180.164.3.199 - - [10/May/2023:11:52:14 +0800] "GET /xingrg/all/function/internal_message.html?_=1683690734005&CODE_STATE=getMsg HTTP/1.1" 200 27
61.170.232.87 - - [10/May/2023:11:52:15 +0800] "GET /xingrg/kc/buy/cgsh_order_operate.html?command=get_materiel&rest_code=00106&code=00101007085&supplier_code=00100328&order_time=2023-05-10 HTTP/1.1" 200 413
116.227.208.255 - - [10/May/2023:11:52:16 +0800] "POST /xingrg/kc/mdqp/pssh_order_operate.html HTTP/1.1" 200 37
101.83.240.55 - - [10/May/2023:11:52:18 +0800] "GET /xingrg/all/function/internal_message.html?_=1683690831512&CODE_STATE=getMsg HTTP/1.1" 200 27
116.238.139.35 - - [10/May/2023:11:52:18 +0800] "POST /xingrg/kc/buy/cgsh_order_operate.html HTTP/1.1" 200 12
116.227.208.255 - - [10/May/2023:11:52:19 +0800] "POST /xingrg/kc/mdqp/pssh_order_operate.html HTTP/1.1" 200 12
116.238.139.35 - - [10/May/2023:11:52:20 +0800] "GET /xingrg/all/function/internal_message.html?_=1683690671613&CODE_STATE=getMsg HTTP/1.1" 200 27
124.79.74.67 - - [10/May/2023:11:52:20 +0800] "GET /xingrg/all/function/internal_message.html?_=1683690745619&CODE_STATE=getMsg HTTP/1.1" 200 27
116.238.139.35 - - [10/May/2023:11:52:21 +0800] "GET /xingrg/kc/buy/cgsh_order_info.html?code=212023051003493 HTTP/1.1" 200 66136
116.227.208.255 - - [10/May/2023:11:52:21 +0800] "GET /xingrg/kc/mdqp/pssh_order_info.html?code=312023050800187 HTTP/1.1" 200 14392
116.227.208.255 - - [10/May/2023:11:52:21 +0800] "GET /xingrg/javascript/jquery_tools/jquery-1.4.2.min.js HTTP/1.1" 404 1094
116.238.139.35 - - [10/May/2023:11:52:21 +0800] "GET /xingrg/javascript/easyui/themes/default/validatebox.css HTTP/1.1" 404 1104
116.227.208.255 - - [10/May/2023:11:52:22 +0800] "GET /xingrg/javascript/easyui/themes/icons/uncheck_new.png HTTP/1.1" 200 3197
116.227.208.255 - - [10/May/2023:11:52:22 +0800] "GET /xingrg/javascript/easyui/themes/default/validatebox.css HTTP/1.1" 404 1104
218.81.69.210 - - [10/May/2023:11:52:22 +0800] "GET /xingrg/all/function/internal_message.html?_=1683690746604&CODE_STATE=getMsg HTTP/1.1" 200 27
116.227.208.255 - - [10/May/2023:11:52:22 +0800] "POST /xingrg/kc/mdqp/pssh_order_operate.html HTTP/1.1" 200 550
180.164.3.199 - - [10/May/2023:11:52:22 +0800] "GET /xingrg/kc/buy/cgsh_order_operate.html?command=get_materiel&rest_code=00108&code=00101010220&supplier_code=00100329&order_time=2023-05-10 HTTP/1.1" 200 431
116.238.139.35 - - [10/May/2023:11:52:22 +0800] "POST /xingrg/kc/buy/cgsh_order_operate.html HTTP/1.1" 200 607
101.229.22.40 - - [10/May/2023:11:52:23 +0800] "GET /xingrg/all/function/internal_message.html?_=1683690742059&CODE_STATE=getMsg HTTP/1.1" 200 27
116.238.139.35 - - [10/May/2023:11:52:24 +0800] "GET /xingrg/kc/print/load_data.html?order_code=212023051003493&kc_code=cgsh&condition= HTTP/1.1" 200 702
116.227.208.255 - - [10/May/2023:11:52:24 +0800] "GET /xingrg/kc/print/load_config.html?kc_code=pssh HTTP/1.1" 200 2362
114.83.221.46 - - [10/May/2023:11:52:25 +0800] "GET /xingrg/all/function/internal_message.html?_=1683690743735&CODE_STATE=getMsg HTTP/1.1" 200 27
116.227.208.255 - - [10/May/2023:11:52:25 +0800] "GET /xingrg/kc/print/load_data.html?order_code=312023050800187&kc_code=pssh&condition= HTTP/1.1" 200 688
116.228.172.94 - - [10/May/2023:11:52:25 +0800] "GET /xingrg/all/function/internal_message.html?_=1683690553671&CODE_STATE=getMsg HTTP/1.1" 200 27
222.67.238.82 - - [10/May/2023:11:52:26 +0800] "GET /xingrg/all/function/internal_message.html?_=1683690267092&CODE_STATE=getMsg HTTP/1.1" 200 27
116.227.208.255 - - [10/May/2023:11:52:29 +0800] "POST /xingrg/kc/mdqp/pssh_list_operate.html HTTP/1.1" 200 769
61.170.232.87 - - [10/May/2023:11:52:29 +0800] "POST /xingrg/kc/buy/cgsh_order_operate.html HTTP/1.1" 200 37
116.227.208.255 - - [10/May/2023:11:52:30 +0800] "POST /xingrg/kc/mdqp/pssh_list_operate.html HTTP/1.1" 200 814
180.162.115.227 - - [10/May/2023:11:52:30 +0800] "GET /xingrg/all/function/internal_message.html?_=1683689591546&CODE_STATE=getMsg HTTP/1.1" 200 27
116.227.208.255 - - [10/May/2023:11:52:32 +0800] "GET /xingrg/kc/mdqp/pssh_order_info.html?code=312023050800186 HTTP/1.1" 200 17307
116.227.208.255 - - [10/May/2023:11:52:32 +0800] "GET /xingrg/javascript/jquery_tools/jquery-1.4.2.min.js HTTP/1.1" 404 1094
116.227.208.255 - - [10/May/2023:11:52:32 +0800] "GET /xingrg/javascript/easyui/themes/default/validatebox.css HTTP/1.1" 404 1104
116.227.208.255 - - [10/May/2023:11:52:33 +0800] "POST /xingrg/kc/mdqp/pssh_order_operate.html HTTP/1.1" 200 5259
116.238.139.35 - - [10/May/2023:11:52:33 +0800] "GET /xingrg/kc/buy/cgsh_order_add.html HTTP/1.1" 200 71233
116.238.139.35 - - [10/May/2023:11:52:34 +0800] "POST /xingrg/kc/buy/cgsh_order_operate.html HTTP/1.1" 200 8245
116.238.139.35 - - [10/May/2023:11:52:34 +0800] "GET /xingrg/javascript/easyui/themes/default/validatebox.css HTTP/1.1" 404 1104
61.170.232.87 - - [10/May/2023:11:52:35 +0800] "GET /xingrg/all/function/internal_message.html?_=1683690757364&CODE_STATE=getMsg HTTP/1.1" 200 27
116.235.240.234 - - [10/May/2023:11:52:36 +0800] "GET /xingrg/all/function/internal_message.html?_=1683690764582&CODE_STATE=getMsg HTTP/1.1" 302 -
114.85.113.108 - - [10/May/2023:11:52:37 +0800] "GET /xingrg/all/function/internal_message.html?_=1683690757237&CODE_STATE=getMsg HTTP/1.1" 200 27
61.170.232.87 - - [10/May/2023:11:52:38 +0800] "POST /xingrg/kc/buy/cgsh_order_operate.html HTTP/1.1" 200 12
116.227.208.255 - - [10/May/2023:11:52:38 +0800] "POST /xingrg/kc/mdqp/pssh_order_operate.html HTTP/1.1" 200 37
58.40.7.146 - - [10/May/2023:11:52:38 +0800] "GET /xingrg/check_reg.html?_=1683690758891 HTTP/1.1" 302 -
116.224.158.100 - - [10/May/2023:11:52:39 +0800] "GET /xingrg/all/function/internal_message.html?_=1683690758948&CODE_STATE=getMsg HTTP/1.1" 200 27
61.170.232.87 - - [10/May/2023:11:52:42 +0800] "GET /xingrg/kc/buy/cgsh_order_info.html?code=212023051003494 HTTP/1.1" 200 66084
61.170.232.87 - - [10/May/2023:11:52:43 +0800] "GET /xingrg/javascript/easyui/themes/default/validatebox.css HTTP/1.1" 404 1104
116.227.208.255 - - [10/May/2023:11:52:43 +0800] "POST /xingrg/kc/mdqp/pssh_order_operate.html HTTP/1.1" 200 12
61.170.232.87 - - [10/May/2023:11:52:44 +0800] "POST /xingrg/services/DataTransmitService HTTP/1.1" 200 524
61.170.232.87 - - [10/May/2023:11:52:44 +0800] "POST /xingrg/kc/buy/cgsh_order_operate.html HTTP/1.1" 200 608
116.224.158.100 - - [10/May/2023:11:52:45 +0800] "GET /xingrg/all/function/internal_message.html?_=1683690601872&CODE_STATE=getMsg HTTP/1.1" 200 27
116.227.208.255 - - [10/May/2023:11:52:45 +0800] "GET /xingrg/kc/mdqp/pssh_order_info.html?code=312023050800186 HTTP/1.1" 200 14396
116.227.208.255 - - [10/May/2023:11:52:45 +0800] "GET /xingrg/javascript/jquery_tools/jquery-1.4.2.min.js HTTP/1.1" 404 1094
116.227.208.255 - - [10/May/2023:11:52:45 +0800] "GET /xingrg/javascript/easyui/themes/default/validatebox.css HTTP/1.1" 404 1104
116.238.139.35 - - [10/May/2023:11:52:46 +0800] "GET /xingrg/kc/buy/cgsh_order_operate.html?command=get_materiel&rest_code=00150&code=00101010938&supplier_code=00100570&order_time=2023-05-10 HTTP/1.1" 200 404
116.227.208.255 - - [10/May/2023:11:52:46 +0800] "POST /xingrg/kc/mdqp/pssh_order_operate.html HTTP/1.1" 200 5259
116.227.208.255 - - [10/May/2023:11:52:48 +0800] "GET /xingrg/kc/print/load_data.html?order_code=312023050800186&kc_code=pssh&condition= HTTP/1.1" 200 2291
61.170.232.87 - - [10/May/2023:11:52:49 +0800] "POST /xingrg/services/DataTransmitService HTTP/1.1" 200 501
114.85.113.108 - - [10/May/2023:11:52:52 +0800] "GET /xingrg/javascript/jquery_easy_ui/themes/default/images/tree_checkbox_1.gif HTTP/1.1" 200 174
114.85.113.108 - - [10/May/2023:11:52:52 +0800] "GET /xingrg/javascript/jquery_easy_ui/themes/default/images/tree_checkbox_2.gif HTTP/1.1" 200 181
116.227.208.255 - - [10/May/2023:11:52:52 +0800] "POST /xingrg/kc/mdqp/pssh_list_operate.html HTTP/1.1" 200 814
116.238.139.35 - - [10/May/2023:11:52:53 +0800] "GET /xingrg/check_reg.html?_=1683690704202 HTTP/1.1" 200 22
180.169.147.146 - - [10/May/2023:11:52:53 +0800] "GET /xingrg/all/function/internal_message.html?_=1683690772836&CODE_STATE=getMsg HTTP/1.1" 200 27
114.85.113.108 - - [10/May/2023:11:52:54 +0800] "POST /xingrg/dwr/call/plaincall/AjaxReportQueryService.refreshCache.dwr HTTP/1.1" 200 78
116.227.208.255 - - [10/May/2023:11:52:55 +0800] "POST /xingrg/kc/mdqp/pssh_list_operate.html HTTP/1.1" 200 5531
114.85.113.108 - - [10/May/2023:11:52:55 +0800] "POST /xingrg/all/report/load_report_page.html HTTP/1.1" 200 8928
114.85.113.108 - - [10/May/2023:11:52:55 +0800] "GET /xingrg/servlets/image?cache=0.651397465323155&image=px HTTP/1.1" 200 807
116.227.208.255 - - [10/May/2023:11:52:56 +0800] "POST /xingrg/kc/mdqp/pssh_list_operate.html HTTP/1.1" 200 794
180.164.3.199 - - [10/May/2023:11:52:56 +0800] "GET /xingrg/kc/buy/cgsh_order_operate.html?command=get_materiel&rest_code=00108&code=00101010669&supplier_code=00100329&order_time=2023-05-10 HTTP/1.1" 200 424
116.227.208.255 - - [10/May/2023:11:52:57 +0800] "POST /xingrg/kc/mdqp/pssh_list_operate.html HTTP/1.1" 200 5531
116.227.208.255 - - [10/May/2023:11:52:57 +0800] "GET /xingrg/kc/mdqp/pssh_order_info.html?code=312023050800185 HTTP/1.1" 200 17307
116.227.208.255 - - [10/May/2023:11:52:57 +0800] "GET /xingrg/javascript/jquery_tools/jquery-1.4.2.min.js HTTP/1.1" 404 1094
116.227.208.255 - - [10/May/2023:11:52:58 +0800] "GET /xingrg/javascript/easyui/themes/default/validatebox.css HTTP/1.1" 404 1104
116.227.208.255 - - [10/May/2023:11:52:58 +0800] "POST /xingrg/kc/mdqp/pssh_order_operate.html HTTP/1.1" 200 7531
116.238.139.35 - - [10/May/2023:11:52:59 +0800] "GET /xingrg/kc/buy/cgsh_order_operate.html?command=get_materiel&rest_code=00150&code=00101010936&supplier_code=00100570&order_time=2023-05-10 HTTP/1.1" 200 403
180.162.115.227 - - [10/May/2023:11:52:59 +0800] "GET /xingrg/javascript/easyui/plugins/jquery.draggable.js HTTP/1.1" 304 -
180.162.115.227 - - [10/May/2023:11:52:59 +0800] "GET /xingrg/css/images/panel_loading.gif HTTP/1.1" 304 -
180.162.115.227 - - [10/May/2023:11:52:59 +0800] "GET /xingrg/javascript/easyui/plugins/jquery.droppable.js HTTP/1.1" 304 -
180.162.115.227 - - [10/May/2023:11:52:59 +0800] "GET /xingrg/javascript/easyui/themes/default/tree.css HTTP/1.1" 404 1090
180.162.115.227 - - [10/May/2023:11:52:59 +0800] "GET /xingrg/javascript/easyui/plugins/jquery.tree.js HTTP/1.1" 304 -
180.162.115.227 - - [10/May/2023:11:52:59 +0800] "POST /xingrg/all/common/load_tree.html?tree=supplier_tree_json&isDelete=1 HTTP/1.1" 200 73603
114.85.113.108 - - [10/May/2023:11:53:00 +0800] "GET /xingrg/all/report/report_query.html?isQuery=1&fileName=kc/buy/wlcg_cate_hz.xml&queryString=(CONVERT(char(10)%252Ca.order_time%252C%2520120)%253E%253D'2023-03-01')%2520and%2520(CONVERT(char(10)%252Ca.order_time%252C%2520120)%253C%253D'2023-03-31')%2520and%2520(a.supplier_code%2520in%2520('00100176'))%2520and%2520(a.number%253E0%2520and%2520a.supplier_code%253D'00100176')&queryText=%25E3%2580%2590%25E9%2587%2587%25E8%25B4%25AD%25E6%2597%25A5%25E6%259C%259F%253A2023-03-01%2520%25E8%2587%25B3%25202023-03-31%25E3%2580%2591%2520%25E5%25B9%25B6%25E4%25B8%2594%2520%2520%25E3%2580%2590%25E4%25BE%259B%25E5%25BA%2594%25E5%2595%2586%2520%253D%2520%25E8%2582%2589%25E9%25AA%25A8.%25E7%258C%25AA%25E8%2584%2591(%25E5%2586%25AF%25E5%25B1%2585%25E4%25B8%25AD)%25E3%2580%2591%2520%25E5%25B9%25B6%25E4%25B8%2594%2520%25E3%2580%2590%25E4%25BE%259B%25E5%25BA%2594%25E5%2595%2586%253D%25E8%2582%2589%25E9%25AA%25A8.%25E7%258C%25AA%25E8%2584%2591(%25E5%2586%25AF%25E5%25B1%2585%25E4%25B8%25AD)%25E3%2580%2591 HTTP/1.1" 200 54492
114.85.113.108 - - [10/May/2023:11:53:00 +0800] "GET /xingrg/dwr/interface/AjaxReportQueryService.js HTTP/1.1" 200 13203
114.85.113.108 - - [10/May/2023:11:53:00 +0800] "GET /xingrg/dwr/engine.js HTTP/1.1" 200 43631
180.162.115.227 - - [10/May/2023:11:53:01 +0800] "GET /xingrg/javascript/easyui/themes/default/images/tree_arrows.gif HTTP/1.1" 304 -
180.162.115.227 - - [10/May/2023:11:53:01 +0800] "GET /xingrg/javascript/easyui/themes/default/images/tree_folder_open.gif HTTP/1.1" 304 -
180.162.115.227 - - [10/May/2023:11:53:01 +0800] "GET /xingrg/javascript/easyui/themes/default/images/tree_folder.gif HTTP/1.1" 304 -
180.162.115.227 - - [10/May/2023:11:53:01 +0800] "GET /xingrg/javascript/easyui/themes/default/images/tree_file.gif HTTP/1.1" 304 -
114.85.113.108 - - [10/May/2023:11:53:02 +0800] "POST /xingrg/all/report/load_report_page.html HTTP/1.1" 200 8716
114.85.113.108 - - [10/May/2023:11:53:02 +0800] "GET /xingrg/servlets/image?cache=0.9903242163823438&image=px HTTP/1.1" 200 807
116.227.208.255 - - [10/May/2023:11:53:05 +0800] "POST /xingrg/kc/mdqp/pssh_order_operate.html HTTP/1.1" 200 37
116.227.208.255 - - [10/May/2023:11:53:05 +0800] "GET /xingrg/all/function/internal_message.html?_=1683690835823&CODE_STATE=getMsg HTTP/1.1" 200 27
180.164.3.199 - - [10/May/2023:11:53:07 +0800] "POST /xingrg/kc/buy/cgsh_order_operate.html HTTP/1.1" 200 37
116.227.208.255 - - [10/May/2023:11:53:11 +0800] "POST /xingrg/kc/mdqp/pssh_order_operate.html HTTP/1.1" 200 12
116.238.139.35 - - [10/May/2023:11:53:11 +0800] "POST /xingrg/kc/buy/cgsh_order_operate.html HTTP/1.1" 200 37
180.164.3.199 - - [10/May/2023:11:53:11 +0800] "POST /xingrg/kc/buy/cgsh_order_operate.html HTTP/1.1" 200 2663
180.164.3.199 - - [10/May/2023:11:53:13 +0800] "GET /xingrg/kc/print/load_data.html?order_code=212023051003495&kc_code=cgsh&condition= HTTP/1.1" 200 691
116.227.208.255 - - [10/May/2023:11:53:13 +0800] "GET /xingrg/kc/mdqp/pssh_order_info.html?code=312023050800185 HTTP/1.1" 200 14396
116.227.208.255 - - [10/May/2023:11:53:13 +0800] "GET /xingrg/javascript/jquery_tools/jquery-1.4.2.min.js HTTP/1.1" 404 1094
116.227.208.255 - - [10/May/2023:11:53:14 +0800] "GET /xingrg/javascript/easyui/themes/default/validatebox.css HTTP/1.1" 404 1104
116.227.208.255 - - [10/May/2023:11:53:14 +0800] "POST /xingrg/kc/mdqp/pssh_order_operate.html HTTP/1.1" 200 7531
180.164.3.199 - - [10/May/2023:11:53:14 +0800] "GET /xingrg/all/function/internal_message.html?_=1683690794010&CODE_STATE=getMsg HTTP/1.1" 200 27
180.164.3.199 - - [10/May/2023:11:53:14 +0800] "GET /xingrg/check_reg.html?_=1683690794013 HTTP/1.1" 200 22
116.227.208.255 - - [10/May/2023:11:53:16 +0800] "GET /xingrg/kc/print/load_data.html?order_code=312023050800185&kc_code=pssh&condition= HTTP/1.1" 200 3207
101.83.240.55 - - [10/May/2023:11:53:18 +0800] "GET /xingrg/check_reg.html?_=1683690891499 HTTP/1.1" 200 22
101.83.240.55 - - [10/May/2023:11:53:18 +0800] "GET /xingrg/all/function/internal_message.html?_=1683690891501&CODE_STATE=getMsg HTTP/1.1" 200 27
180.164.3.199 - - [10/May/2023:11:53:18 +0800] "GET /xingrg/kc/buy/cgsh_order_add.html HTTP/1.1" 200 71269
180.164.3.199 - - [10/May/2023:11:53:18 +0800] "POST /xingrg/kc/buy/cgsh_order_operate.html HTTP/1.1" 200 8245
180.164.3.199 - - [10/May/2023:11:53:18 +0800] "GET /xingrg/javascript/easyui/themes/default/validatebox.css HTTP/1.1" 404 1104
116.238.139.35 - - [10/May/2023:11:53:19 +0800] "POST /xingrg/kc/buy/cgsh_order_operate.html HTTP/1.1" 200 12
114.85.113.108 - - [10/May/2023:11:53:19 +0800] "POST /xingrg/all/report/load_report_page.html HTTP/1.1" 200 16376
114.85.113.108 - - [10/May/2023:11:53:19 +0800] "GET /xingrg/servlets/image?cache=0.6659011405263855&image=px HTTP/1.1" 200 807
124.79.74.67 - - [10/May/2023:11:53:20 +0800] "GET /xingrg/all/function/internal_message.html?_=1683690805617&CODE_STATE=getMsg HTTP/1.1" 200 27
218.81.69.210 - - [10/May/2023:11:53:22 +0800] "GET /xingrg/all/function/internal_message.html?_=1683690806629&CODE_STATE=getMsg HTTP/1.1" 200 27
116.238.139.35 - - [10/May/2023:11:53:22 +0800] "GET /xingrg/all/function/internal_message.html?_=1683690733155&CODE_STATE=getMsg HTTP/1.1" 200 27
116.238.139.35 - - [10/May/2023:11:53:22 +0800] "GET /xingrg/kc/buy/cgsh_order_info.html?code=212023051003496 HTTP/1.1" 200 66148
114.85.113.108 - - [10/May/2023:11:53:22 +0800] "GET /xingrg/javascript/jquery_easy_ui/themes/default/images/button_plain_hover.png HTTP/1.1" 200 252
116.238.139.35 - - [10/May/2023:11:53:23 +0800] "GET /xingrg/javascript/easyui/themes/default/validatebox.css HTTP/1.1" 404 1104
101.229.22.40 - - [10/May/2023:11:53:23 +0800] "GET /xingrg/all/function/internal_message.html?_=1683690802059&CODE_STATE=getMsg HTTP/1.1" 200 27
116.238.139.35 - - [10/May/2023:11:53:24 +0800] "POST /xingrg/kc/buy/cgsh_order_operate.html HTTP/1.1" 200 1210
114.83.221.46 - - [10/May/2023:11:53:25 +0800] "GET /xingrg/all/function/internal_message.html?_=1683690803704&CODE_STATE=getMsg HTTP/1.1" 200 27
116.228.172.94 - - [10/May/2023:11:53:25 +0800] "GET /xingrg/all/function/internal_message.html?_=1683690613658&CODE_STATE=getMsg HTTP/1.1" 200 27
116.238.139.35 - - [10/May/2023:11:53:25 +0800] "GET /xingrg/kc/print/load_data.html?order_code=212023051003496&kc_code=cgsh&condition= HTTP/1.1" 200 962
114.85.113.108 - - [10/May/2023:11:53:26 +0800] "POST /xingrg/all/report/report_print.html HTTP/1.1" 302 -
114.85.113.108 - - [10/May/2023:11:53:26 +0800] "GET /xingrg/servlets/html?sysBaseUrl=http%3A%2F%2F180.169.147.146%3A18081%2Fxingrg%2F&costTime=1126×tamp=1683690806823 HTTP/1.1" 200 17814
114.85.113.108 - - [10/May/2023:11:53:26 +0800] "GET /xingrg/servlets/image?image=px HTTP/1.1" 200 807
222.67.238.82 - - [10/May/2023:11:53:26 +0800] "GET /xingrg/all/function/internal_message.html?_=1683690327091&CODE_STATE=getMsg HTTP/1.1" 200 27
114.85.113.108 - - [10/May/2023:11:53:27 +0800] "GET /favicon.ico HTTP/1.1" 404 -
116.224.158.100 - - [10/May/2023:11:53:27 +0800] "GET /xingrg/check_reg.html?_=1683690806992 HTTP/1.1" 200 22
114.83.221.46 - - [10/May/2023:11:53:28 +0800] "GET /xingrg/check_reg.html?_=1683690807094 HTTP/1.1" 200 22
180.162.115.227 - - [10/May/2023:11:53:30 +0800] "GET /xingrg/all/function/internal_message.html?_=1683689651516&CODE_STATE=getMsg HTTP/1.1" 200 27
116.238.139.35 - - [10/May/2023:11:53:31 +0800] "GET /xingrg/kc/buy/cgsh_order_add.html HTTP/1.1" 200 71233
116.238.139.35 - - [10/May/2023:11:53:32 +0800] "POST /xingrg/kc/buy/cgsh_order_operate.html HTTP/1.1" 200 8245
180.164.3.199 - - [10/May/2023:11:53:32 +0800] "GET /xingrg/kc/buy/cgsh_order_operate.html?command=get_materiel&rest_code=00108&code=00101004046&supplier_code=00100312&order_time=2023-05-10 HTTP/1.1" 200 418
116.238.139.35 - - [10/May/2023:11:53:32 +0800] "GET /xingrg/javascript/easyui/themes/default/validatebox.css HTTP/1.1" 404 1104
61.170.232.87 - - [10/May/2023:11:53:35 +0800] "GET /xingrg/all/function/internal_message.html?_=1683690817341&CODE_STATE=getMsg HTTP/1.1" 200 27
114.85.113.108 - - [10/May/2023:11:53:37 +0800] "GET /xingrg/all/function/internal_message.html?_=1683690817239&CODE_STATE=getMsg HTTP/1.1" 200 27
61.170.232.87 - - [10/May/2023:11:53:39 +0800] "GET /xingrg/kc/print/load_data.html?order_code=212023051003494&kc_code=cgsh&condition= HTTP/1.1" 200 700
116.224.158.100 - - [10/May/2023:11:53:39 +0800] "GET /xingrg/all/function/internal_message.html?_=1683690818917&CODE_STATE=getMsg HTTP/1.1" 200 27
116.238.139.35 - - [10/May/2023:11:53:41 +0800] "GET /xingrg/kc/buy/cgsh_order_operate.html?command=get_materiel&rest_code=00150&code=00101010281&supplier_code=00100331&order_time=2023-05-10 HTTP/1.1" 200 414
180.164.3.199 - - [10/May/2023:11:53:45 +0800] "GET /xingrg/kc/buy/cgsh_order_operate.html?command=get_materiel&rest_code=00108&code=00101004071&supplier_code=00100312&order_time=2023-05-10 HTTP/1.1" 200 409
116.224.158.100 - - [10/May/2023:11:53:45 +0800] "GET /xingrg/all/function/internal_message.html?_=1683690661909&CODE_STATE=getMsg HTTP/1.1" 200 27
114.85.113.108 - - [10/May/2023:11:53:48 +0800] "GET /xingrg/login.html HTTP/1.1" 200 7641
114.85.113.108 - - [10/May/2023:11:53:48 +0800] "GET /favicon.ico HTTP/1.1" 404 -
61.170.232.87 - - [10/May/2023:11:53:50 +0800] "GET /xingrg/kc/buy/cgsh_order_add.html HTTP/1.1" 200 71171
61.170.232.87 - - [10/May/2023:11:53:50 +0800] "POST /xingrg/kc/buy/cgsh_order_operate.html HTTP/1.1" 200 8245
61.170.232.87 - - [10/May/2023:11:53:50 +0800] "GET /xingrg/javascript/easyui/themes/default/validatebox.css HTTP/1.1" 404 1104
61.170.232.87 - - [10/May/2023:11:53:52 +0800] "GET /xingrg/javascript/easyui/themes/default/tree.css HTTP/1.1" 404 1090
61.170.232.87 - - [10/May/2023:11:53:53 +0800] "POST /xingrg/all/common/load_tree.html?tree=supplier_tree_json&isDelete=1 HTTP/1.1" 200 73603
180.169.147.146 - - [10/May/2023:11:53:53 +0800] "GET /xingrg/all/function/internal_message.html?_=1683690832845&CODE_STATE=getMsg HTTP/1.1" 200 27
116.238.139.35 - - [10/May/2023:11:53:55 +0800] "POST /xingrg/kc/buy/cgsh_order_operate.html HTTP/1.1" 200 37
116.235.240.234 - - [10/May/2023:11:53:55 +0800] "GET /xingrg/check_reg.html?_=1683690845785 HTTP/1.1" 200 22
180.164.3.199 - - [10/May/2023:11:53:57 +0800] "GET /xingrg/kc/buy/cgsh_order_operate.html?command=get_materiel&rest_code=00108&code=00101004010&supplier_code=00100312&order_time=2023-05-10 HTTP/1.1" 200 409
114.85.113.108 - - [10/May/2023:11:54:02 +0800] "POST /xingrg/login.do HTTP/1.1" 302 -
114.85.113.108 - - [10/May/2023:11:54:02 +0800] "GET /xingrg/index.html?sysBaseUrl=http%3A%2F%2F180.169.147.146%3A18081%2Fxingrg%2F&costTime=1169×tamp=1683690842693 HTTP/1.1" 200 17179
116.238.139.35 - - [10/May/2023:11:54:03 +0800] "POST /xingrg/kc/buy/cgsh_order_operate.html HTTP/1.1" 200 12
114.85.113.108 - - [10/May/2023:11:54:03 +0800] "GET /favicon.ico HTTP/1.1" 404 -
114.85.113.108 - - [10/May/2023:11:54:03 +0800] "GET /xingrg/all/function/internal_message.html?_=1683690842535&CODE_STATE=count HTTP/1.1" 200 11
114.85.113.108 - - [10/May/2023:11:54:03 +0800] "GET /xingrg/check_reg.html?_=1683690842538 HTTP/1.1" 200 22
114.85.113.108 - - [10/May/2023:11:54:03 +0800] "POST /xingrg/all/common/load_tree.html?tree=area_rest_tree_json&manage=1 HTTP/1.1" 200 351
114.85.113.108 - - [10/May/2023:11:54:03 +0800] "POST /xingrg/load_menu.html HTTP/1.1" 200 5138
116.238.139.35 - - [10/May/2023:11:54:05 +0800] "GET /xingrg/kc/buy/cgsh_order_info.html?code=212023051003497 HTTP/1.1" 200 66148
116.227.208.255 - - [10/May/2023:11:54:05 +0800] "GET /xingrg/all/function/internal_message.html?_=1683690895813&CODE_STATE=getMsg HTTP/1.1" 200 27
116.238.139.35 - - [10/May/2023:11:54:05 +0800] "GET /xingrg/javascript/easyui/themes/default/validatebox.css HTTP/1.1" 404 1104
116.238.139.35 - - [10/May/2023:11:54:06 +0800] "POST /xingrg/kc/buy/cgsh_order_operate.html HTTP/1.1" 200 609
114.85.113.108 - - [10/May/2023:11:54:07 +0800] "GET /xingrg/kc/buy/cgsh_order_list.html HTTP/1.1" 200 55401
116.238.139.35 - - [10/May/2023:11:54:08 +0800] "GET /xingrg/kc/print/load_data.html?order_code=212023051003497&kc_code=cgsh&condition= HTTP/1.1" 200 734
114.85.113.108 - - [10/May/2023:11:54:10 +0800] "GET /xingrg/kc/report/report_main.html HTTP/1.1" 200 7340
180.164.3.199 - - [10/May/2023:11:54:10 +0800] "GET /xingrg/kc/buy/cgsh_order_operate.html?command=get_materiel&rest_code=00108&code=00101005015&supplier_code=00100312&order_time=2023-05-10 HTTP/1.1" 200 409
114.85.113.108 - - [10/May/2023:11:54:10 +0800] "POST /xingrg/kc/buy/cgsh_list_operate.html HTTP/1.1" 200 986
114.85.113.108 - - [10/May/2023:11:54:11 +0800] "GET /xingrg/all/report/report_query.html?fileName=kc/buy/gys_amount.xml&rh=99999 HTTP/1.1" 200 52006
114.85.113.108 - - [10/May/2023:11:54:11 +0800] "GET /xingrg/dwr/interface/AjaxReportQueryService.js HTTP/1.1" 200 13203
114.85.113.108 - - [10/May/2023:11:54:11 +0800] "GET /xingrg/dwr/engine.js HTTP/1.1" 200 43631
114.85.113.108 - - [10/May/2023:11:54:12 +0800] "POST /xingrg/dwr/call/plaincall/AjaxReportQueryService.getFixDate.dwr HTTP/1.1" 200 111
114.85.113.108 - - [10/May/2023:11:54:12 +0800] "POST /xingrg/dwr/call/plaincall/AjaxReportQueryService.getInitString.dwr HTTP/1.1" 200 486
114.85.113.108 - - [10/May/2023:11:54:12 +0800] "POST /xingrg/all/common/load_tree.html?tree=materiel_sort_tree_json HTTP/1.1" 200 9500
114.85.113.108 - - [10/May/2023:11:54:13 +0800] "POST /xingrg/all/common/load_tree.html?tree=supplier_tree_json&manage=1 HTTP/1.1" 200 75535
180.164.3.199 - - [10/May/2023:11:54:14 +0800] "GET /xingrg/all/function/internal_message.html?_=1683690854019&CODE_STATE=getMsg HTTP/1.1" 200 27
116.238.139.35 - - [10/May/2023:11:54:14 +0800] "GET /xingrg/kc/buy/cgsh_order_add.html HTTP/1.1" 200 71233
116.238.139.35 - - [10/May/2023:11:54:15 +0800] "POST /xingrg/kc/buy/cgsh_order_operate.html HTTP/1.1" 200 8245
116.238.139.35 - - [10/May/2023:11:54:15 +0800] "GET /xingrg/javascript/easyui/themes/default/validatebox.css HTTP/1.1" 404 1104
101.83.240.55 - - [10/May/2023:11:54:18 +0800] "GET /xingrg/all/function/internal_message.html?_=1683690951507&CODE_STATE=getMsg HTTP/1.1" 200 27
120.253.135.82 - - [10/May/2023:11:54:19 +0800] "GET /xingrg/check_reg.html?_=1683690696313 HTTP/1.1" 200 22
124.79.74.67 - - [10/May/2023:11:54:20 +0800] "GET /xingrg/all/function/internal_message.html?_=1683690865631&CODE_STATE=getMsg HTTP/1.1" 200 27
124.79.74.67 - - [10/May/2023:11:54:20 +0800] "GET /xingrg/check_reg.html?_=1683690865632 HTTP/1.1" 200 22
180.164.3.199 - - [10/May/2023:11:54:21 +0800] "POST /xingrg/kc/buy/cgsh_order_operate.html HTTP/1.1" 200 37
218.81.69.210 - - [10/May/2023:11:54:22 +0800] "GET /xingrg/all/function/internal_message.html?_=1683690866627&CODE_STATE=getMsg HTTP/1.1" 200 27
116.238.139.35 - - [10/May/2023:11:54:22 +0800] "GET /xingrg/all/function/internal_message.html?_=1683690793169&CODE_STATE=getMsg HTTP/1.1" 200 27
61.170.232.87 - - [10/May/2023:11:54:23 +0800] "GET /xingrg/kc/buy/cgsh_order_operate.html?command=get_materiel&rest_code=00106&code=00101002047&supplier_code=00100442&order_time=2023-05-10 HTTP/1.1" 200 419
180.164.3.199 - - [10/May/2023:11:54:23 +0800] "POST /xingrg/kc/buy/cgsh_order_operate.html HTTP/1.1" 200 4430
101.229.22.40 - - [10/May/2023:11:54:23 +0800] "GET /xingrg/all/function/internal_message.html?_=1683690862059&CODE_STATE=getMsg HTTP/1.1" 200 27
180.164.3.199 - - [10/May/2023:11:54:24 +0800] "GET /xingrg/kc/print/load_data.html?order_code=212023051003498&kc_code=cgsh&condition= HTTP/1.1" 200 1363
116.238.139.35 - - [10/May/2023:11:54:25 +0800] "GET /xingrg/kc/buy/cgsh_order_operate.html?command=get_materiel&rest_code=00150&code=00101013106&supplier_code=00100337&order_time=2023-05-10 HTTP/1.1" 200 432
114.83.221.46 - - [10/May/2023:11:54:25 +0800] "GET /xingrg/all/function/internal_message.html?_=1683690863689&CODE_STATE=getMsg HTTP/1.1" 200 27
116.228.172.94 - - [10/May/2023:11:54:25 +0800] "GET /xingrg/all/function/internal_message.html?_=1683690673637&CODE_STATE=getMsg HTTP/1.1" 200 27
222.67.238.82 - - [10/May/2023:11:54:26 +0800] "GET /xingrg/all/function/internal_message.html?_=1683690387091&CODE_STATE=getMsg HTTP/1.1" 200 27
180.164.3.199 - - [10/May/2023:11:54:29 +0800] "GET /xingrg/kc/buy/cgsh_order_add.html HTTP/1.1" 200 71269
180.164.3.199 - - [10/May/2023:11:54:29 +0800] "POST /xingrg/kc/buy/cgsh_order_operate.html HTTP/1.1" 200 8245
180.164.3.199 - - [10/May/2023:11:54:29 +0800] "GET /xingrg/javascript/easyui/themes/default/validatebox.css HTTP/1.1" 404 1104
180.162.115.227 - - [10/May/2023:11:54:30 +0800] "GET /xingrg/all/function/internal_message.html?_=1683689711543&CODE_STATE=getMsg HTTP/1.1" 200 27
116.238.139.35 - - [10/May/2023:11:54:35 +0800] "GET /xingrg/kc/buy/cgsh_order_operate.html?command=get_materiel&rest_code=00150&code=00101019958&supplier_code=00100337&order_time=2023-05-10 HTTP/1.1" 200 430
61.170.232.87 - - [10/May/2023:11:54:35 +0800] "GET /xingrg/all/function/internal_message.html?_=1683690877325&CODE_STATE=getMsg HTTP/1.1" 200 27
116.238.139.35 - - [10/May/2023:11:54:37 +0800] "POST /xingrg/all/common/load_select.html HTTP/1.1" 200 25
180.162.115.227 - - [10/May/2023:11:54:39 +0800] "GET /xingrg/javascript/auto/indicator.gif HTTP/1.1" 404 1066
116.224.158.100 - - [10/May/2023:11:54:39 +0800] "GET /xingrg/all/function/internal_message.html?_=1683690878894&CODE_STATE=getMsg HTTP/1.1" 200 27
114.85.113.108 - - [10/May/2023:11:54:40 +0800] "POST /xingrg/dwr/call/plaincall/AjaxReportQueryService.refreshCache.dwr HTTP/1.1" 200 78
116.238.139.35 - - [10/May/2023:11:54:41 +0800] "GET /xingrg/kc/buy/cgsh_order_operate.html?command=get_materiel_price&rest_code=00150&code=00101019958&unit_code=00100156&supplier_code=00100337&order_time=2023-05-10 HTTP/1.1" 200 27
114.85.113.108 - - [10/May/2023:11:54:41 +0800] "POST /xingrg/all/report/load_report_page.html HTTP/1.1" 200 8936
114.85.113.108 - - [10/May/2023:11:54:41 +0800] "GET /xingrg/servlets/image?cache=0.7313924438135082&image=px HTTP/1.1" 200 807
180.164.3.199 - - [10/May/2023:11:54:41 +0800] "GET /xingrg/kc/buy/cgsh_order_operate.html?command=get_materiel&rest_code=00108&code=00101002017&supplier_code=00100337&order_time=2023-05-10 HTTP/1.1" 200 409
116.224.158.100 - - [10/May/2023:11:54:45 +0800] "GET /xingrg/all/function/internal_message.html?_=1683690721908&CODE_STATE=getMsg HTTP/1.1" 200 27
61.170.232.87 - - [10/May/2023:11:54:48 +0800] "GET /xingrg/kc/buy/cgsh_order_operate.html?command=get_materiel&rest_code=00106&code=00101001060&supplier_code=00100442&order_time=2023-05-10 HTTP/1.1" 200 421
114.85.113.108 - - [10/May/2023:11:54:50 +0800] "GET /xingrg/all/report/report_query.html?isQuery=1&fileName=kc/buy/wlcg_cate_hz.xml&queryString=(CONVERT(char(10)%252Ca.order_time%252C%2520120)%253E%253D'2023-04-01')%2520and%2520(CONVERT(char(10)%252Ca.order_time%252C%2520120)%253C%253D'2023-04-30')%2520and%2520(a.supplier_code%2520in%2520('00100176'))%2520and%2520(a.number%253E0%2520and%2520a.supplier_code%253D'00100176')&queryText=%25E3%2580%2590%25E9%2587%2587%25E8%25B4%25AD%25E6%2597%25A5%25E6%259C%259F%253A2023-04-01%2520%25E8%2587%25B3%25202023-04-30%25E3%2580%2591%2520%25E5%25B9%25B6%25E4%25B8%2594%2520%2520%25E3%2580%2590%25E4%25BE%259B%25E5%25BA%2594%25E5%2595%2586%2520%253D%2520%25E8%2582%2589%25E9%25AA%25A8.%25E7%258C%25AA%25E8%2584%2591(%25E5%2586%25AF%25E5%25B1%2585%25E4%25B8%25AD)%25E3%2580%2591%2520%25E5%25B9%25B6%25E4%25B8%2594%2520%25E3%2580%2590%25E4%25BE%259B%25E5%25BA%2594%25E5%2595%2586%253D%25E8%2582%2589%25E9%25AA%25A8.%25E7%258C%25AA%25E8%2584%2591(%25E5%2586%25AF%25E5%25B1%2585%25E4%25B8%25AD)%25E3%2580%2591 HTTP/1.1" 200 54492
114.85.113.108 - - [10/May/2023:11:54:50 +0800] "GET /xingrg/dwr/interface/AjaxReportQueryService.js HTTP/1.1" 200 13203
114.85.113.108 - - [10/May/2023:11:54:50 +0800] "GET /xingrg/dwr/engine.js HTTP/1.1" 200 43631
180.169.147.146 - - [10/May/2023:11:54:53 +0800] "GET /xingrg/all/function/internal_message.html?_=1683690892845&CODE_STATE=getMsg HTTP/1.1" 200 27
180.169.147.146 - - [10/May/2023:11:54:53 +0800] "GET /xingrg/check_reg.html?_=1683690892847 HTTP/1.1" 200 22
114.85.113.108 - - [10/May/2023:11:54:53 +0800] "POST /xingrg/all/report/load_report_page.html HTTP/1.1" 200 8716
114.85.113.108 - - [10/May/2023:11:54:53 +0800] "GET /xingrg/servlets/image?cache=0.6817180467528153&image=px HTTP/1.1" 200 807
116.238.139.35 - - [10/May/2023:11:54:54 +0800] "GET /xingrg/kc/buy/cgsh_order_operate.html?command=get_materiel&rest_code=00150&code=00101019013&supplier_code=00100337&order_time=2023-05-10 HTTP/1.1" 200 452
180.164.3.199 - - [10/May/2023:11:54:55 +0800] "GET /xingrg/kc/buy/cgsh_order_operate.html?command=get_materiel&rest_code=00108&code=00101013222&supplier_code=00100337&order_time=2023-05-10 HTTP/1.1" 200 409
114.85.113.108 - - [10/May/2023:11:54:58 +0800] "POST /xingrg/all/report/load_report_page.html HTTP/1.1" 200 19729
114.85.113.108 - - [10/May/2023:11:54:58 +0800] "GET /xingrg/servlets/image?cache=0.531195747509048&image=px HTTP/1.1" 200 807
114.85.113.108 - - [10/May/2023:11:55:03 +0800] "GET /xingrg/all/function/internal_message.html?_=1683690902549&CODE_STATE=getMsg HTTP/1.1" 200 27
114.85.113.108 - - [10/May/2023:11:55:03 +0800] "POST /xingrg/all/report/report_print.html HTTP/1.1" 302 -
114.85.113.108 - - [10/May/2023:11:55:03 +0800] "GET /xingrg/servlets/html?sysBaseUrl=http%3A%2F%2F180.169.147.146%3A18081%2Fxingrg%2F&costTime=1077×tamp=1683690903292 HTTP/1.1" 200 20938
114.85.113.108 - - [10/May/2023:11:55:03 +0800] "GET /xingrg/servlets/image?image=px HTTP/1.1" 200 807
114.85.113.108 - - [10/May/2023:11:55:03 +0800] "GET /favicon.ico HTTP/1.1" 404 -
180.164.3.199 - - [10/May/2023:11:55:03 +0800] "GET /xingrg/kc/buy/cgsh_order_operate.html?command=get_materiel&rest_code=00108&code=00101013281&supplier_code=00100337&order_time=2023-05-10 HTTP/1.1" 200 407
116.238.139.35 - - [10/May/2023:11:55:04 +0800] "GET /xingrg/kc/buy/cgsh_order_operate.html?command=get_materiel&rest_code=00150&code=00101008253&supplier_code=00100337&order_time=2023-05-10 HTTP/1.1" 200 416
116.227.208.255 - - [10/May/2023:11:55:05 +0800] "GET /xingrg/check_reg.html?_=1683690955791 HTTP/1.1" 200 22
116.227.208.255 - - [10/May/2023:11:55:05 +0800] "GET /xingrg/all/function/internal_message.html?_=1683690955795&CODE_STATE=getMsg HTTP/1.1" 200 27
180.164.3.199 - - [10/May/2023:11:55:14 +0800] "POST /xingrg/kc/buy/cgsh_order_operate.html HTTP/1.1" 200 37
101.83.240.55 - - [10/May/2023:11:55:18 +0800] "GET /xingrg/all/function/internal_message.html?_=1683691011495&CODE_STATE=getMsg HTTP/1.1" 200 27
172.20.0.100 - - [10/May/2023:11:55:19 +0800] "GET /xingrg/check_reg.html?_=1683690926806 HTTP/1.1" 302 -
116.238.139.35 - - [10/May/2023:11:55:19 +0800] "POST /xingrg/kc/buy/cgsh_order_operate.html HTTP/1.1" 200 37
61.170.232.87 - - [10/May/2023:11:55:19 +0800] "GET /xingrg/kc/buy/cgsh_order_operate.html?command=get_materiel&rest_code=00106&code=00101002007&supplier_code=00100442&order_time=2023-05-10 HTTP/1.1" 200 409
180.164.3.199 - - [10/May/2023:11:55:19 +0800] "POST /xingrg/kc/buy/cgsh_order_operate.html HTTP/1.1" 200 3239
116.228.172.94 - - [10/May/2023:11:55:20 +0800] "GET /xingrg/check_reg.html?_=1683690728514 HTTP/1.1" 200 22
124.79.74.67 - - [10/May/2023:11:55:20 +0800] "GET /xingrg/all/function/internal_message.html?_=1683690925630&CODE_STATE=getMsg HTTP/1.1" 200 27
218.81.69.210 - - [10/May/2023:11:55:22 +0800] "GET /xingrg/all/function/internal_message.html?_=1683690926624&CODE_STATE=getMsg HTTP/1.1" 200 27
116.238.139.35 - - [10/May/2023:11:55:22 +0800] "GET /xingrg/all/function/internal_message.html?_=1683690853182&CODE_STATE=getMsg HTTP/1.1" 200 27
180.164.3.199 - - [10/May/2023:11:55:22 +0800] "GET /xingrg/kc/print/load_data.html?order_code=212023051003499&kc_code=cgsh&condition= HTTP/1.1" 200 903
101.229.22.40 - - [10/May/2023:11:55:23 +0800] "GET /xingrg/check_reg.html?_=1683690922059 HTTP/1.1" 200 22
101.229.22.40 - - [10/May/2023:11:55:23 +0800] "GET /xingrg/all/function/internal_message.html?_=1683690922061&CODE_STATE=getMsg HTTP/1.1" 200 27
180.162.115.227 - - [10/May/2023:11:55:24 +0800] "GET /xingrg/system/info/materiel_import.html?isSelect=1&singleSelect=false HTTP/1.1" 200 5600
180.162.115.227 - - [10/May/2023:11:55:24 +0800] "GET /xingrg/css/xtree.css HTTP/1.1" 304 -
180.162.115.227 - - [10/May/2023:11:55:24 +0800] "GET /xingrg/javascript/jquery_ui/themes/base/base.css HTTP/1.1" 304 -
180.162.115.227 - - [10/May/2023:11:55:25 +0800] "GET /xingrg/javascript/jquery_easy_ui/themes/default/images/button_a_bg.gif HTTP/1.1" 304 -
180.162.115.227 - - [10/May/2023:11:55:25 +0800] "GET /xingrg/javascript/jquery_easy_ui/themes/default/images/button_span_bg.gif HTTP/1.1" 304 -
180.162.115.227 - - [10/May/2023:11:55:25 +0800] "GET /xingrg/javascript/jquery_easy_ui/themes/icons/check_new.png HTTP/1.1" 304 -
180.162.115.227 - - [10/May/2023:11:55:25 +0800] "GET /xingrg/javascript/jquery_easy_ui/themes/icons/search.png HTTP/1.1" 304 -
180.162.115.227 - - [10/May/2023:11:55:25 +0800] "GET /xingrg/javascript/jquery_easy_ui/themes/icons/edit_add.png HTTP/1.1" 304 -
180.162.115.227 - - [10/May/2023:11:55:25 +0800] "GET /xingrg/javascript/jquery_easy_ui/themes/default/images/datagrid_header_bg.gif HTTP/1.1" 304 -
180.162.115.227 - - [10/May/2023:11:55:25 +0800] "GET /xingrg/javascript/jquery_easy_ui/themes/default/images/pagination_prev.gif HTTP/1.1" 304 -
180.162.115.227 - - [10/May/2023:11:55:25 +0800] "GET /xingrg/javascript/jquery_easy_ui/themes/default/images/pagination_first.gif HTTP/1.1" 304 -
180.162.115.227 - - [10/May/2023:11:55:25 +0800] "GET /xingrg/javascript/jquery_easy_ui/themes/default/images/pagination_next.gif HTTP/1.1" 304 -
180.162.115.227 - - [10/May/2023:11:55:25 +0800] "GET /xingrg/javascript/jquery_easy_ui/themes/default/images/pagination_last.gif HTTP/1.1" 304 -
180.162.115.227 - - [10/May/2023:11:55:25 +0800] "GET /xingrg/javascript/jquery_easy_ui/themes/default/images/pagination_load.png HTTP/1.1" 304 -
180.162.115.227 - - [10/May/2023:11:55:25 +0800] "GET /favicon.ico HTTP/1.1" 404 -
180.162.115.227 - - [10/May/2023:11:55:25 +0800] "POST /xingrg/all/common/load_tree.html?tree=materiel_sort_tree_json HTTP/1.1" 200 9500
114.83.221.46 - - [10/May/2023:11:55:25 +0800] "GET /xingrg/all/function/internal_message.html?_=1683690923660&CODE_STATE=getMsg HTTP/1.1" 200 27
116.228.172.94 - - [10/May/2023:11:55:25 +0800] "GET /xingrg/all/function/internal_message.html?_=1683690733616&CODE_STATE=getMsg HTTP/1.1" 200 27
222.67.238.82 - - [10/May/2023:11:55:26 +0800] "GET /xingrg/all/function/internal_message.html?_=1683690447125&CODE_STATE=getMsg HTTP/1.1" 200 27
222.67.238.82 - - [10/May/2023:11:55:26 +0800] "GET /xingrg/check_reg.html?_=1683690447126 HTTP/1.1" 200 22
116.238.139.35 - - [10/May/2023:11:55:27 +0800] "POST /xingrg/kc/buy/cgsh_order_operate.html HTTP/1.1" 200 12
180.164.3.199 - - [10/May/2023:11:55:28 +0800] "GET /xingrg/kc/buy/cgsh_order_add.html HTTP/1.1" 200 71269
180.164.3.199 - - [10/May/2023:11:55:29 +0800] "POST /xingrg/kc/buy/cgsh_order_operate.html HTTP/1.1" 200 8245
180.164.3.199 - - [10/May/2023:11:55:29 +0800] "GET /xingrg/javascript/easyui/themes/default/validatebox.css HTTP/1.1" 404 1104
116.238.139.35 - - [10/May/2023:11:55:29 +0800] "GET /xingrg/kc/buy/cgsh_order_info.html?code=212023051003500 HTTP/1.1" 200 66148
116.238.139.35 - - [10/May/2023:11:55:30 +0800] "GET /xingrg/javascript/easyui/themes/default/validatebox.css HTTP/1.1" 404 1104
180.162.115.227 - - [10/May/2023:11:55:30 +0800] "GET /xingrg/all/function/internal_message.html?_=1683689771525&CODE_STATE=getMsg HTTP/1.1" 200 27
116.238.139.35 - - [10/May/2023:11:55:31 +0800] "POST /xingrg/kc/buy/cgsh_order_operate.html HTTP/1.1" 200 2404
116.238.139.35 - - [10/May/2023:11:55:33 +0800] "GET /xingrg/kc/print/load_data.html?order_code=212023051003500&kc_code=cgsh&condition= HTTP/1.1" 200 1433
180.162.115.227 - - [10/May/2023:11:55:35 +0800] "GET /xingrg/javascript/jquery_easy_ui/themes/default/images/button_plain_hover.png HTTP/1.1" 304 -
114.83.221.46 - - [10/May/2023:11:55:37 +0800] "GET /xingrg/kc/buy/cgsh_order_list.html HTTP/1.1" 200 55401
116.238.139.35 - - [10/May/2023:11:55:39 +0800] "GET /xingrg/kc/buy/cgsh_order_add.html HTTP/1.1" 200 71233
116.224.158.100 - - [10/May/2023:11:55:39 +0800] "GET /xingrg/all/function/internal_message.html?_=1683690938874&CODE_STATE=getMsg HTTP/1.1" 200 27
116.238.139.35 - - [10/May/2023:11:55:40 +0800] "POST /xingrg/kc/buy/cgsh_order_operate.html HTTP/1.1" 200 8245
116.238.139.35 - - [10/May/2023:11:55:40 +0800] "GET /xingrg/javascript/easyui/themes/default/validatebox.css HTTP/1.1" 404 1104
61.170.232.87 - - [10/May/2023:11:55:40 +0800] "POST /xingrg/kc/buy/cgsh_order_operate.html HTTP/1.1" 200 37
114.83.221.46 - - [10/May/2023:11:55:42 +0800] "POST /xingrg/kc/buy/cgsh_list_operate.html HTTP/1.1" 200 986
114.83.221.46 - - [10/May/2023:11:55:45 +0800] "GET /xingrg/kc/buy/cgsh_order_add.html HTTP/1.1" 200 71265
116.224.158.100 - - [10/May/2023:11:55:45 +0800] "GET /xingrg/check_reg.html?_=1683690781909 HTTP/1.1" 200 22
116.224.158.100 - - [10/May/2023:11:55:45 +0800] "GET /xingrg/all/function/internal_message.html?_=1683690781912&CODE_STATE=getMsg HTTP/1.1" 200 27
114.83.221.46 - - [10/May/2023:11:55:45 +0800] "POST /xingrg/kc/buy/cgsh_order_operate.html HTTP/1.1" 200 8245
114.83.221.46 - - [10/May/2023:11:55:45 +0800] "GET /xingrg/javascript/easyui/themes/default/validatebox.css HTTP/1.1" 404 1104
180.164.3.199 - - [10/May/2023:11:55:47 +0800] "GET /xingrg/kc/buy/cgsh_order_operate.html?command=get_materiel&rest_code=00108&code=00101001008&supplier_code=00100482&order_time=2023-05-10 HTTP/1.1" 200 415
116.238.139.35 - - [10/May/2023:11:55:49 +0800] "GET /xingrg/kc/buy/cgsh_order_operate.html?command=get_materiel&rest_code=00150&code=00102002167&supplier_code=00100494&order_time=2023-05-10 HTTP/1.1" 200 409
61.170.232.87 - - [10/May/2023:11:55:50 +0800] "POST /xingrg/kc/buy/cgsh_order_operate.html HTTP/1.1" 200 12
61.170.232.87 - - [10/May/2023:11:55:52 +0800] "GET /xingrg/kc/buy/cgsh_order_info.html?code=212023051003501 HTTP/1.1" 200 66082
61.170.232.87 - - [10/May/2023:11:55:52 +0800] "GET /xingrg/javascript/easyui/themes/default/validatebox.css HTTP/1.1" 404 1104
180.169.147.146 - - [10/May/2023:11:55:53 +0800] "GET /xingrg/all/function/internal_message.html?_=1683690952838&CODE_STATE=getMsg HTTP/1.1" 200 27
61.170.232.87 - - [10/May/2023:11:55:53 +0800] "POST /xingrg/kc/buy/cgsh_order_operate.html HTTP/1.1" 200 1806
61.170.232.87 - - [10/May/2023:11:55:56 +0800] "GET /xingrg/kc/print/load_data.html?order_code=212023051003501&kc_code=cgsh&condition= HTTP/1.1" 200 1175
114.83.221.46 - - [10/May/2023:11:55:58 +0800] "GET /xingrg/kc/buy/cgsh_order_operate.html?command=get_materiel&rest_code=00149&code=00101020124&supplier_code=00100329&order_time=2023-05-10 HTTP/1.1" 200 425
114.85.113.108 - - [10/May/2023:11:56:03 +0800] "GET /xingrg/all/function/internal_message.html?_=1683690962547&CODE_STATE=getMsg HTTP/1.1" 200 27
116.227.208.255 - - [10/May/2023:11:56:05 +0800] "GET /xingrg/all/function/internal_message.html?_=1683691015809&CODE_STATE=getMsg HTTP/1.1" 200 27
116.238.139.35 - - [10/May/2023:11:56:06 +0800] "POST /xingrg/kc/buy/cgsh_order_operate.html HTTP/1.1" 200 37
180.164.3.199 - - [10/May/2023:11:56:06 +0800] "POST /xingrg/kc/buy/cgsh_order_operate.html HTTP/1.1" 200 64
61.170.232.87 - - [10/May/2023:11:56:07 +0800] "GET /xingrg/kc/buy/cgsh_order_add.html HTTP/1.1" 200 8212
61.170.232.87 - - [10/May/2023:11:56:08 +0800] "GET /xingrg/kc/buy/cgsh_order_add.html HTTP/1.1" 200 71171
61.170.232.87 - - [10/May/2023:11:56:08 +0800] "POST /xingrg/kc/buy/cgsh_order_operate.html HTTP/1.1" 200 8245
61.170.232.87 - - [10/May/2023:11:56:08 +0800] "GET /xingrg/javascript/easyui/themes/default/validatebox.css HTTP/1.1" 404 1104
61.170.232.87 - - [10/May/2023:11:56:09 +0800] "GET /xingrg/javascript/easyui/themes/default/tree.css HTTP/1.1" 404 1090
61.170.232.87 - - [10/May/2023:11:56:11 +0800] "POST /xingrg/all/common/load_tree.html?tree=supplier_tree_json&isDelete=1 HTTP/1.1" 200 73603
180.164.3.199 - - [10/May/2023:11:56:14 +0800] "GET /xingrg/all/function/internal_message.html?_=1683690974049&CODE_STATE=getMsg HTTP/1.1" 200 27
180.164.3.199 - - [10/May/2023:11:56:15 +0800] "POST /xingrg/kc/buy/cgsh_order_operate.html HTTP/1.1" 200 37
116.238.139.35 - - [10/May/2023:11:56:17 +0800] "POST /xingrg/kc/buy/cgsh_order_operate.html HTTP/1.1" 200 12
101.83.240.55 - - [10/May/2023:11:56:18 +0800] "GET /xingrg/all/function/internal_message.html?_=1683691071506&CODE_STATE=getMsg HTTP/1.1" 200 27
180.164.3.199 - - [10/May/2023:11:56:18 +0800] "POST /xingrg/kc/buy/cgsh_order_operate.html HTTP/1.1" 200 2662
114.83.221.46 - - [10/May/2023:11:56:18 +0800] "GET /xingrg/kc/buy/cgsh_order_operate.html?command=get_materiel&rest_code=00149&code=00101010714&supplier_code=00100329&order_time=2023-05-10 HTTP/1.1" 200 433
116.238.139.35 - - [10/May/2023:11:56:20 +0800] "GET /xingrg/kc/buy/cgsh_order_info.html?code=212023051003502 HTTP/1.1" 200 66146
180.164.3.199 - - [10/May/2023:11:56:20 +0800] "GET /xingrg/kc/print/load_data.html?order_code=212023051003504&kc_code=cgsh&condition= HTTP/1.1" 200 694
124.79.74.67 - - [10/May/2023:11:56:20 +0800] "GET /xingrg/all/function/internal_message.html?_=1683690985628&CODE_STATE=getMsg HTTP/1.1" 200 27
116.238.139.35 - - [10/May/2023:11:56:20 +0800] "GET /xingrg/javascript/easyui/themes/default/validatebox.css HTTP/1.1" 404 1104
218.81.69.210 - - [10/May/2023:11:56:22 +0800] "GET /xingrg/all/function/internal_message.html?_=1683690986623&CODE_STATE=getMsg HTTP/1.1" 200 27
218.81.69.210 - - [10/May/2023:11:56:22 +0800] "GET /xingrg/check_reg.html?_=1683690986623 HTTP/1.1" 200 22
116.238.139.35 - - [10/May/2023:11:56:22 +0800] "POST /xingrg/kc/buy/cgsh_order_operate.html HTTP/1.1" 200 602
116.238.139.35 - - [10/May/2023:11:56:22 +0800] "GET /xingrg/all/function/internal_message.html?_=1683690913235&CODE_STATE=getMsg HTTP/1.1" 200 27
101.229.22.40 - - [10/May/2023:11:56:23 +0800] "GET /xingrg/all/function/internal_message.html?_=1683690982061&CODE_STATE=getMsg HTTP/1.1" 200 27
116.238.139.35 - - [10/May/2023:11:56:24 +0800] "GET /xingrg/kc/print/load_data.html?order_code=212023051003502&kc_code=cgsh&condition= HTTP/1.1" 200 714
116.228.172.94 - - [10/May/2023:11:56:25 +0800] "GET /xingrg/all/function/internal_message.html?_=1683690793601&CODE_STATE=getMsg HTTP/1.1" 200 27
180.164.3.199 - - [10/May/2023:11:56:25 +0800] "GET /xingrg/kc/buy/cgsh_order_add.html HTTP/1.1" 200 71269
180.164.3.199 - - [10/May/2023:11:56:26 +0800] "GET /xingrg/javascript/easyui/themes/default/validatebox.css HTTP/1.1" 404 1104
180.164.3.199 - - [10/May/2023:11:56:26 +0800] "POST /xingrg/kc/buy/cgsh_order_operate.html HTTP/1.1" 200 8245
222.67.238.82 - - [10/May/2023:11:56:26 +0800] "GET /xingrg/all/function/internal_message.html?_=1683690507131&CODE_STATE=getMsg HTTP/1.1" 200 27
116.238.139.35 - - [10/May/2023:11:56:30 +0800] "GET /xingrg/kc/buy/cgsh_order_add.html HTTP/1.1" 200 71233
180.162.115.227 - - [10/May/2023:11:56:30 +0800] "GET /xingrg/check_reg.html?_=1683689831539 HTTP/1.1" 200 22
180.162.115.227 - - [10/May/2023:11:56:30 +0800] "GET /xingrg/all/function/internal_message.html?_=1683689831542&CODE_STATE=getMsg HTTP/1.1" 200 27
116.238.139.35 - - [10/May/2023:11:56:31 +0800] "POST /xingrg/kc/buy/cgsh_order_operate.html HTTP/1.1" 200 8245
116.238.139.35 - - [10/May/2023:11:56:31 +0800] "GET /xingrg/javascript/easyui/themes/default/validatebox.css HTTP/1.1" 404 1104
114.83.221.46 - - [10/May/2023:11:56:31 +0800] "POST /xingrg/kc/buy/cgsh_order_operate.html HTTP/1.1" 200 37
61.170.232.87 - - [10/May/2023:11:56:34 +0800] "GET /xingrg/kc/buy/cgsh_order_operate.html?command=get_materiel&rest_code=00106&code=00101010079&supplier_code=00100336&order_time=2023-05-10 HTTP/1.1" 200 413
180.164.3.199 - - [10/May/2023:11:56:34 +0800] "GET /xingrg/kc/buy/cgsh_order_operate.html?command=get_materiel&rest_code=00108&code=00102002167&supplier_code=00100494&order_time=2023-05-10 HTTP/1.1" 200 409
61.170.232.87 - - [10/May/2023:11:56:35 +0800] "GET /xingrg/all/function/internal_message.html?_=1683690997361&CODE_STATE=getMsg HTTP/1.1" 200 27
61.170.232.87 - - [10/May/2023:11:56:35 +0800] "GET /xingrg/check_reg.html?_=1683690997454 HTTP/1.1" 200 22
114.83.221.46 - - [10/May/2023:11:56:39 +0800] "POST /xingrg/kc/buy/cgsh_order_operate.html HTTP/1.1" 200 12
116.224.158.100 - - [10/May/2023:11:56:39 +0800] "GET /xingrg/all/function/internal_message.html?_=1683690998842&CODE_STATE=getMsg HTTP/1.1" 200 27
218.81.69.210 - - [10/May/2023:11:56:41 +0800] "GET /xingrg/check_reg.html?_=1683691003253 HTTP/1.1" 200 22
116.238.139.35 - - [10/May/2023:11:56:41 +0800] "GET /xingrg/kc/buy/cgsh_order_operate.html?command=get_materiel&rest_code=00150&code=00101010097&supplier_code=00100327&order_time=2023-05-10 HTTP/1.1" 200 432
114.83.221.46 - - [10/May/2023:11:56:41 +0800] "GET /xingrg/kc/buy/cgsh_order_info.html?code=212023051003505 HTTP/1.1" 200 66178
114.83.221.46 - - [10/May/2023:11:56:42 +0800] "GET /xingrg/javascript/easyui/themes/default/validatebox.css HTTP/1.1" 404 1104
114.83.221.46 - - [10/May/2023:11:56:43 +0800] "POST /xingrg/kc/buy/cgsh_order_operate.html HTTP/1.1" 200 1221
116.224.158.100 - - [10/May/2023:11:56:45 +0800] "GET /xingrg/all/function/internal_message.html?_=1683690841904&CODE_STATE=getMsg HTTP/1.1" 200 27
114.83.221.46 - - [10/May/2023:11:56:52 +0800] "GET /xingrg/kc/print/load_data.html?order_code=212023051003505&kc_code=cgsh&condition= HTTP/1.1" 200 2278
180.169.147.146 - - [10/May/2023:11:56:53 +0800] "GET /xingrg/all/function/internal_message.html?_=1683691012854&CODE_STATE=getMsg HTTP/1.1" 200 27
180.164.3.199 - - [10/May/2023:11:56:53 +0800] "POST /xingrg/kc/buy/cgsh_order_operate.html HTTP/1.1" 200 37
116.238.139.35 - - [10/May/2023:11:56:55 +0800] "GET /xingrg/kc/buy/cgsh_order_operate.html?command=get_materiel&rest_code=00150&code=00101008555&supplier_code=00100327&order_time=2023-05-10 HTTP/1.1" 200 425
180.164.3.199 - - [10/May/2023:11:56:56 +0800] "POST /xingrg/kc/buy/cgsh_order_operate.html HTTP/1.1" 200 2652
61.170.232.87 - - [10/May/2023:11:56:57 +0800] "POST /xingrg/kc/buy/cgsh_order_operate.html HTTP/1.1" 200 88
180.164.3.199 - - [10/May/2023:11:56:58 +0800] "GET /xingrg/kc/print/load_data.html?order_code=212023051003506&kc_code=cgsh&condition= HTTP/1.1" 200 664
114.83.221.46 - - [10/May/2023:11:56:59 +0800] "GET /xingrg/login.html HTTP/1.1" 200 7641
114.83.221.46 - - [10/May/2023:11:56:59 +0800] "GET /favicon.ico HTTP/1.1" 404 -
61.170.232.87 - - [10/May/2023:11:57:04 +0800] "POST /xingrg/kc/buy/cgsh_order_operate.html HTTP/1.1" 200 37
180.164.3.199 - - [10/May/2023:11:57:04 +0800] "GET /xingrg/kc/buy/cgsh_order_add.html HTTP/1.1" 200 71269
180.164.3.199 - - [10/May/2023:11:57:05 +0800] "POST /xingrg/kc/buy/cgsh_order_operate.html HTTP/1.1" 200 8245
180.164.3.199 - - [10/May/2023:11:57:05 +0800] "GET /xingrg/javascript/easyui/themes/default/validatebox.css HTTP/1.1" 404 1104
116.227.208.255 - - [10/May/2023:11:57:05 +0800] "GET /xingrg/all/function/internal_message.html?_=1683691075806&CODE_STATE=getMsg HTTP/1.1" 200 27
114.83.221.46 - - [10/May/2023:11:57:06 +0800] "POST /xingrg/login.do HTTP/1.1" 302 -
114.83.221.46 - - [10/May/2023:11:57:06 +0800] "GET /xingrg/index.html?sysBaseUrl=http%3A%2F%2F180.169.147.146%3A18081%2Fxingrg%2F&costTime=996×tamp=1683691026127 HTTP/1.1" 200 17179
114.83.221.46 - - [10/May/2023:11:57:06 +0800] "GET /favicon.ico HTTP/1.1" 404 -
