124.79.74.67 - - [10/May/2023:10:40:20 +0800] "GET /xingrg/all/function/internal_message.html?_=1683686425476&CODE_STATE=getMsg HTTP/1.1" 200 27
218.81.69.210 - - [10/May/2023:10:40:22 +0800] "GET /xingrg/all/function/internal_message.html?_=1683686426464&CODE_STATE=getMsg HTTP/1.1" 200 27
101.229.22.40 - - [10/May/2023:10:40:23 +0800] "GET /xingrg/all/function/internal_message.html?_=1683686421921&CODE_STATE=getMsg HTTP/1.1" 200 27
101.229.22.40 - - [10/May/2023:10:40:23 +0800] "GET /xingrg/check_reg.html?_=1683686421924 HTTP/1.1" 200 22
222.67.238.82 - - [10/May/2023:10:40:26 +0800] "GET /xingrg/all/function/internal_message.html?_=1683685946952&CODE_STATE=getMsg HTTP/1.1" 200 27
222.67.238.82 - - [10/May/2023:10:40:26 +0800] "GET /xingrg/check_reg.html?_=1683685946953 HTTP/1.1" 200 22
114.83.221.46 - - [10/May/2023:10:40:26 +0800] "GET /xingrg/all/function/internal_message.html?_=1683686425222&CODE_STATE=getMsg HTTP/1.1" 200 27
116.224.158.100 - - [10/May/2023:10:40:27 +0800] "GET /xingrg/all/function/internal_message.html?_=1683686426833&CODE_STATE=getMsg HTTP/1.1" 200 27
61.170.232.87 - - [10/May/2023:10:40:29 +0800] "GET /xingrg/kc/buy/cgsh_order_operate.html?command=get_materiel&rest_code=00106&code=00101006113&supplier_code=00100015&order_time=2023-05-10 HTTP/1.1" 200 413
116.227.208.255 - - [10/May/2023:10:40:30 +0800] "GET /xingrg/all/function/internal_message.html?_=1683686481183&CODE_STATE=getMsg HTTP/1.1" 200 27
116.238.139.35 - - [10/May/2023:10:40:33 +0800] "GET /xingrg/check_reg.html?_=1683686364727 HTTP/1.1" 200 22
116.238.139.35 - - [10/May/2023:10:40:33 +0800] "GET /xingrg/all/function/internal_message.html?_=1683686364846&CODE_STATE=getMsg HTTP/1.1" 200 27
180.164.3.199 - - [10/May/2023:10:40:34 +0800] "GET /xingrg/kc/buy/cgsh_order_operate.html?command=get_materiel&rest_code=00108&code=00101008036&supplier_code=00100007&order_time=2023-05-10 HTTP/1.1" 200 408
114.85.113.108 - - [10/May/2023:10:40:37 +0800] "GET /xingrg/all/function/internal_message.html?_=1683686437147&CODE_STATE=getMsg HTTP/1.1" 200 27
61.170.232.87 - - [10/May/2023:10:40:40 +0800] "GET /xingrg/kc/buy/cgsh_order_operate.html?command=get_materiel&rest_code=00106&code=00101006109&supplier_code=00100015&order_time=2023-05-10 HTTP/1.1" 200 409
116.228.172.94 - - [10/May/2023:10:40:42 +0800] "GET /xingrg/all/function/internal_message.html?_=1683686250403&CODE_STATE=getMsg HTTP/1.1" 200 27
116.227.208.255 - - [10/May/2023:10:40:44 +0800] "POST /xingrg/services/DataTransmitService HTTP/1.1" 200 501
180.164.3.199 - - [10/May/2023:10:40:44 +0800] "GET /xingrg/kc/buy/cgsh_order_operate.html?command=get_materiel&rest_code=00108&code=00101008350&supplier_code=00100007&order_time=2023-05-10 HTTP/1.1" 200 408
116.224.158.100 - - [10/May/2023:10:40:45 +0800] "GET /xingrg/all/function/internal_message.html?_=1683686281789&CODE_STATE=getMsg HTTP/1.1" 200 27
116.224.158.100 - - [10/May/2023:10:40:45 +0800] "GET /xingrg/check_reg.html?_=1683686281792 HTTP/1.1" 200 22
61.170.232.87 - - [10/May/2023:10:40:48 +0800] "GET /xingrg/kc/buy/cgsh_order_operate.html?command=get_materiel&rest_code=00106&code=00101006111&supplier_code=00100015&order_time=2023-05-10 HTTP/1.1" 200 409
116.228.172.94 - - [10/May/2023:10:40:52 +0800] "POST /xingrg/dwr/call/plaincall/AjaxCheckService.setItemNumber.dwr HTTP/1.1" 200 76
116.228.172.94 - - [10/May/2023:10:40:54 +0800] "POST /xingrg/dwr/call/plaincall/AjaxCheckService.setItemNumber.dwr HTTP/1.1" 200 76
61.170.232.87 - - [10/May/2023:10:40:55 +0800] "GET /xingrg/all/function/internal_message.html?_=1683686454210&CODE_STATE=getMsg HTTP/1.1" 200 27
180.164.3.199 - - [10/May/2023:10:40:59 +0800] "GET /xingrg/all/function/internal_message.html?_=1683686458323&CODE_STATE=getMsg HTTP/1.1" 200 27
61.170.232.87 - - [10/May/2023:10:41:02 +0800] "GET /xingrg/kc/buy/cgsh_order_operate.html?command=get_materiel&rest_code=00106&code=00101006123&supplier_code=00100015&order_time=2023-05-10 HTTP/1.1" 200 409
116.228.172.94 - - [10/May/2023:10:41:07 +0800] "POST /xingrg/dwr/call/plaincall/AjaxCheckService.setItemNumber.dwr HTTP/1.1" 200 76
114.85.99.208 - - [10/May/2023:10:41:11 +0800] "GET /xingrg/all/function/internal_message.html?_=1683686472971&CODE_STATE=getMsg HTTP/1.1" 200 27
116.227.208.255 - - [10/May/2023:10:41:12 +0800] "POST /xingrg/services/DataTransmitService HTTP/1.1" 200 501
116.227.208.255 - - [10/May/2023:10:41:14 +0800] "POST /xingrg/services/DataTransmitService HTTP/1.1" 200 501
116.227.208.255 - - [10/May/2023:10:41:14 +0800] "POST /xingrg/services/DataTransmitService HTTP/1.1" 200 501
116.228.172.94 - - [10/May/2023:10:41:16 +0800] "POST /xingrg/dwr/call/plaincall/AjaxCheckService.setItemNumber.dwr HTTP/1.1" 200 76
124.79.74.67 - - [10/May/2023:10:41:20 +0800] "GET /xingrg/all/function/internal_message.html?_=1683686485475&CODE_STATE=getMsg HTTP/1.1" 200 27
218.81.69.210 - - [10/May/2023:10:41:22 +0800] "GET /xingrg/all/function/internal_message.html?_=1683686486462&CODE_STATE=getMsg HTTP/1.1" 200 27
218.81.69.210 - - [10/May/2023:10:41:22 +0800] "GET /xingrg/check_reg.html?_=1683686486463 HTTP/1.1" 200 22
101.229.22.40 - - [10/May/2023:10:41:23 +0800] "GET /xingrg/all/function/internal_message.html?_=1683686481924&CODE_STATE=getMsg HTTP/1.1" 200 27
116.227.208.255 - - [10/May/2023:10:41:23 +0800] "POST /xingrg/services/DataTransmitService HTTP/1.1" 200 501
116.227.208.255 - - [10/May/2023:10:41:26 +0800] "POST /xingrg/services/DataTransmitService HTTP/1.1" 200 501
222.67.238.82 - - [10/May/2023:10:41:26 +0800] "GET /xingrg/all/function/internal_message.html?_=1683686006966&CODE_STATE=getMsg HTTP/1.1" 200 27
114.83.221.46 - - [10/May/2023:10:41:26 +0800] "GET /xingrg/all/function/internal_message.html?_=1683686485201&CODE_STATE=getMsg HTTP/1.1" 200 27
116.224.158.100 - - [10/May/2023:10:41:27 +0800] "GET /xingrg/all/function/internal_message.html?_=1683686486832&CODE_STATE=getMsg HTTP/1.1" 200 27
116.227.208.255 - - [10/May/2023:10:41:29 +0800] "POST /xingrg/services/DataTransmitService HTTP/1.1" 200 501
116.227.208.255 - - [10/May/2023:10:41:30 +0800] "POST /xingrg/services/DataTransmitService HTTP/1.1" 200 412
116.227.208.255 - - [10/May/2023:10:41:30 +0800] "GET /xingrg/all/function/internal_message.html?_=1683686541164&CODE_STATE=getMsg HTTP/1.1" 200 27
116.228.172.94 - - [10/May/2023:10:41:31 +0800] "POST /xingrg/dwr/call/plaincall/AjaxCheckService.setItemNumber.dwr HTTP/1.1" 200 76
116.238.139.35 - - [10/May/2023:10:41:34 +0800] "GET /xingrg/all/function/internal_message.html?_=1683686424860&CODE_STATE=getMsg HTTP/1.1" 200 27
116.228.172.94 - - [10/May/2023:10:41:34 +0800] "POST /xingrg/dwr/call/plaincall/AjaxCheckService.setItemNumber.dwr HTTP/1.1" 200 76
61.170.232.87 - - [10/May/2023:10:41:35 +0800] "POST /xingrg/kc/buy/cgsh_order_operate.html HTTP/1.1" 200 37
218.81.69.210 - - [10/May/2023:10:41:36 +0800] "GET /xingrg/kc/buy/cgsh_order_operate.html?command=get_materiel&rest_code=00148&code=00101008096&supplier_code=00100008&order_time=2023-05-10 HTTP/1.1" 200 412
114.85.113.108 - - [10/May/2023:10:41:37 +0800] "GET /xingrg/all/function/internal_message.html?_=1683686497147&CODE_STATE=getMsg HTTP/1.1" 200 27
114.85.113.108 - - [10/May/2023:10:41:37 +0800] "GET /xingrg/check_reg.html?_=1683686497149 HTTP/1.1" 200 22
180.164.3.199 - - [10/May/2023:10:41:38 +0800] "GET /xingrg/kc/buy/cgsh_order_operate.html?command=get_materiel&rest_code=00108&code=00101008370&supplier_code=00100007&order_time=2023-05-10 HTTP/1.1" 200 412
218.81.69.210 - - [10/May/2023:10:41:41 +0800] "GET /xingrg/check_reg.html?_=1683686503455 HTTP/1.1" 200 22
116.228.172.94 - - [10/May/2023:10:41:42 +0800] "GET /xingrg/all/function/internal_message.html?_=1683686310385&CODE_STATE=getMsg HTTP/1.1" 200 27
61.170.232.87 - - [10/May/2023:10:41:43 +0800] "POST /xingrg/kc/buy/cgsh_order_operate.html HTTP/1.1" 200 12
116.238.139.35 - - [10/May/2023:10:41:44 +0800] "GET /xingrg/check_reg.html?_=1683686503284 HTTP/1.1" 302 -
116.228.172.94 - - [10/May/2023:10:41:45 +0800] "POST /xingrg/dwr/call/plaincall/AjaxCheckService.setItemNumber.dwr HTTP/1.1" 200 76
116.224.158.100 - - [10/May/2023:10:41:45 +0800] "GET /xingrg/all/function/internal_message.html?_=1683686341799&CODE_STATE=getMsg HTTP/1.1" 200 27
61.170.232.87 - - [10/May/2023:10:41:46 +0800] "GET /xingrg/kc/buy/cgsh_order_info.html?code=212023051003392 HTTP/1.1" 200 66088
61.170.232.87 - - [10/May/2023:10:41:47 +0800] "GET /xingrg/javascript/easyui/themes/default/validatebox.css HTTP/1.1" 404 1104
116.228.172.94 - - [10/May/2023:10:41:48 +0800] "POST /xingrg/dwr/call/plaincall/AjaxCheckService.setItemNumber.dwr HTTP/1.1" 200 76
61.170.232.87 - - [10/May/2023:10:41:48 +0800] "POST /xingrg/kc/buy/cgsh_order_operate.html HTTP/1.1" 200 2967
61.170.232.87 - - [10/May/2023:10:41:51 +0800] "GET /xingrg/kc/print/load_data.html?order_code=212023051003392&kc_code=cgsh&condition= HTTP/1.1" 200 1689
218.81.69.210 - - [10/May/2023:10:41:51 +0800] "GET /xingrg/kc/buy/cgsh_order_operate.html?command=get_materiel&rest_code=00148&code=00101008283&supplier_code=00100008&order_time=2023-05-10 HTTP/1.1" 200 408
180.164.3.199 - - [10/May/2023:10:41:51 +0800] "GET /xingrg/kc/buy/cgsh_order_operate.html?command=get_materiel&rest_code=00108&code=00101016018&supplier_code=00100007&order_time=2023-05-10 HTTP/1.1" 200 424
180.164.3.199 - - [10/May/2023:10:41:53 +0800] "POST /xingrg/all/common/load_select.html HTTP/1.1" 200 25
61.170.232.87 - - [10/May/2023:10:41:55 +0800] "GET /xingrg/all/function/internal_message.html?_=1683686514172&CODE_STATE=getMsg HTTP/1.1" 200 27
61.170.232.87 - - [10/May/2023:10:41:57 +0800] "GET /xingrg/kc/print/load_data.html?order_code=212023051003392&kc_code=cgsh HTTP/1.1" 200 1689
180.164.3.199 - - [10/May/2023:10:41:59 +0800] "GET /xingrg/all/function/internal_message.html?_=1683686518319&CODE_STATE=getMsg HTTP/1.1" 200 27
180.164.3.199 - - [10/May/2023:10:41:59 +0800] "GET /xingrg/kc/buy/cgsh_order_operate.html?command=get_materiel_price&rest_code=00108&code=00101016018&unit_code=00100139&supplier_code=00100007&order_time=2023-05-10 HTTP/1.1" 200 27
218.81.69.210 - - [10/May/2023:10:42:03 +0800] "GET /xingrg/kc/buy/cgsh_order_operate.html?command=get_materiel&rest_code=00148&code=00101008038&supplier_code=00100008&order_time=2023-05-10 HTTP/1.1" 200 412
116.228.172.94 - - [10/May/2023:10:42:07 +0800] "POST /xingrg/dwr/call/plaincall/AjaxCheckService.setItemNumber.dwr HTTP/1.1" 200 76
180.164.3.199 - - [10/May/2023:10:42:10 +0800] "GET /xingrg/kc/buy/cgsh_order_operate.html?command=get_materiel&rest_code=00108&code=00101008290&supplier_code=00100007&order_time=2023-05-10 HTTP/1.1" 200 416
114.85.99.208 - - [10/May/2023:10:42:11 +0800] "GET /xingrg/all/function/internal_message.html?_=1683686532956&CODE_STATE=getMsg HTTP/1.1" 200 27
116.228.172.94 - - [10/May/2023:10:42:19 +0800] "POST /xingrg/dwr/call/plaincall/AjaxCheckService.setItemNumber.dwr HTTP/1.1" 200 77
180.164.3.199 - - [10/May/2023:10:42:20 +0800] "GET /xingrg/kc/buy/cgsh_order_operate.html?command=get_materiel&rest_code=00108&code=00101008355&supplier_code=00100007&order_time=2023-05-10 HTTP/1.1" 200 408
124.79.74.67 - - [10/May/2023:10:42:20 +0800] "GET /xingrg/all/function/internal_message.html?_=1683686545476&CODE_STATE=getMsg HTTP/1.1" 200 27
61.170.232.87 - - [10/May/2023:10:42:21 +0800] "GET /xingrg/kc/buy/cgsh_order_add.html HTTP/1.1" 200 71177
116.228.172.94 - - [10/May/2023:10:42:21 +0800] "POST /xingrg/dwr/call/plaincall/AjaxCheckService.setItemNumber.dwr HTTP/1.1" 200 77
61.170.232.87 - - [10/May/2023:10:42:21 +0800] "POST /xingrg/kc/buy/cgsh_order_operate.html HTTP/1.1" 200 8245
61.170.232.87 - - [10/May/2023:10:42:21 +0800] "GET /xingrg/javascript/easyui/themes/default/validatebox.css HTTP/1.1" 404 1104
218.81.69.210 - - [10/May/2023:10:42:22 +0800] "GET /xingrg/all/function/internal_message.html?_=1683686546477&CODE_STATE=getMsg HTTP/1.1" 200 27
61.170.232.87 - - [10/May/2023:10:42:22 +0800] "GET /xingrg/javascript/easyui/themes/default/tree.css HTTP/1.1" 404 1090
101.229.22.40 - - [10/May/2023:10:42:23 +0800] "GET /xingrg/all/function/internal_message.html?_=1683686541924&CODE_STATE=getMsg HTTP/1.1" 200 27
61.170.232.87 - - [10/May/2023:10:42:23 +0800] "POST /xingrg/all/common/load_tree.html?tree=supplier_tree_json&isDelete=1 HTTP/1.1" 200 73603
116.228.172.94 - - [10/May/2023:10:42:23 +0800] "POST /xingrg/dwr/call/plaincall/AjaxCheckService.setItemNumber.dwr HTTP/1.1" 200 77
124.79.74.67 - - [10/May/2023:10:42:24 +0800] "GET /xingrg/kc/mdqp/qp_main.html HTTP/1.1" 200 10633
124.79.74.67 - - [10/May/2023:10:42:25 +0800] "GET /xingrg/images/yd/bt.gif HTTP/1.1" 404 1040
222.67.238.82 - - [10/May/2023:10:42:26 +0800] "GET /xingrg/all/function/internal_message.html?_=1683686066964&CODE_STATE=getMsg HTTP/1.1" 200 27
114.83.221.46 - - [10/May/2023:10:42:26 +0800] "GET /xingrg/all/function/internal_message.html?_=1683686545174&CODE_STATE=getMsg HTTP/1.1" 200 27
116.224.158.100 - - [10/May/2023:10:42:27 +0800] "GET /xingrg/all/function/internal_message.html?_=1683686546831&CODE_STATE=getMsg HTTP/1.1" 200 27
124.79.74.67 - - [10/May/2023:10:42:29 +0800] "GET /xingrg/kc/mdqp/qqps_order_list.html HTTP/1.1" 200 9222
124.79.74.67 - - [10/May/2023:10:42:29 +0800] "GET /xingrg/dwr/interface/AjaxQqpsService.js HTTP/1.1" 200 16326
124.79.74.67 - - [10/May/2023:10:42:29 +0800] "GET /xingrg/dwr/interface/AjaxReportQueryService.js HTTP/1.1" 200 13203
124.79.74.67 - - [10/May/2023:10:42:29 +0800] "GET /xingrg/dwr/engine.js HTTP/1.1" 200 43631
116.227.208.255 - - [10/May/2023:10:42:30 +0800] "GET /xingrg/all/function/internal_message.html?_=1683686601143&CODE_STATE=getMsg HTTP/1.1" 200 27
124.79.74.67 - - [10/May/2023:10:42:31 +0800] "GET /xingrg/kc/mdqp/qqps_order_add.html HTTP/1.1" 200 28229
124.79.74.67 - - [10/May/2023:10:42:31 +0800] "GET /xingrg/dwr/interface/AjaxComOrderService.js HTTP/1.1" 200 18264
124.79.74.67 - - [10/May/2023:10:42:31 +0800] "GET /xingrg/dwr/interface/AjaxQqpsService.js HTTP/1.1" 200 16326
124.79.74.67 - - [10/May/2023:10:42:31 +0800] "GET /xingrg/dwr/engine.js HTTP/1.1" 200 43631
124.79.74.67 - - [10/May/2023:10:42:31 +0800] "GET /xingrg/words/20230509115522_words.js HTTP/1.1" 304 -
116.228.172.94 - - [10/May/2023:10:42:33 +0800] "POST /xingrg/dwr/call/plaincall/AjaxCheckService.setItemNumber.dwr HTTP/1.1" 200 77
116.238.139.35 - - [10/May/2023:10:42:34 +0800] "GET /xingrg/all/function/internal_message.html?_=1683686484873&CODE_STATE=getMsg HTTP/1.1" 200 27
180.164.3.199 - - [10/May/2023:10:42:34 +0800] "GET /xingrg/kc/buy/cgsh_order_operate.html?command=get_materiel&rest_code=00108&code=00101008321&supplier_code=00100007&order_time=2023-05-10 HTTP/1.1" 200 412
124.79.74.67 - - [10/May/2023:10:42:36 +0800] "GET /xingrg/javascript/auto/indicator.gif HTTP/1.1" 404 1066
114.85.113.108 - - [10/May/2023:10:42:37 +0800] "GET /xingrg/all/function/internal_message.html?_=1683686557147&CODE_STATE=getMsg HTTP/1.1" 200 27
58.40.7.146 - - [10/May/2023:10:42:39 +0800] "GET /xingrg/check_reg.html?_=1683686559169 HTTP/1.1" 302 -
218.81.69.210 - - [10/May/2023:10:42:40 +0800] "GET /xingrg/kc/buy/cgsh_order_operate.html?command=get_materiel&rest_code=00148&code=00101008163&supplier_code=00100008&order_time=2023-05-10 HTTP/1.1" 200 409
116.228.172.94 - - [10/May/2023:10:42:42 +0800] "GET /xingrg/all/function/internal_message.html?_=1683686370371&CODE_STATE=getMsg HTTP/1.1" 200 27
61.170.232.87 - - [10/May/2023:10:42:44 +0800] "GET /xingrg/kc/buy/cgsh_order_operate.html?command=get_materiel&rest_code=00106&code=00101001111&supplier_code=00100032&order_time=2023-05-10 HTTP/1.1" 200 409
116.224.158.100 - - [10/May/2023:10:42:45 +0800] "GET /xingrg/all/function/internal_message.html?_=1683686401800&CODE_STATE=getMsg HTTP/1.1" 200 27
124.79.74.67 - - [10/May/2023:10:42:46 +0800] "POST /xingrg/dwr/call/plaincall/AjaxQqpsService.saveOrder.dwr HTTP/1.1" 200 78
116.228.172.94 - - [10/May/2023:10:42:46 +0800] "POST /xingrg/dwr/call/plaincall/AjaxCheckService.setItemNumber.dwr HTTP/1.1" 200 77
124.79.74.67 - - [10/May/2023:10:42:49 +0800] "POST /xingrg/dwr/call/plaincall/AjaxQqpsService.getMaterielByCode.dwr HTTP/1.1" 200 2793
180.164.3.199 - - [10/May/2023:10:42:53 +0800] "GET /xingrg/kc/buy/cgsh_order_operate.html?command=get_materiel&rest_code=00108&code=00101008101&supplier_code=00100007&order_time=2023-05-10 HTTP/1.1" 200 412
61.170.232.87 - - [10/May/2023:10:42:55 +0800] "GET /xingrg/all/function/internal_message.html?_=1683686574154&CODE_STATE=getMsg HTTP/1.1" 200 27
180.164.3.199 - - [10/May/2023:10:42:59 +0800] "GET /xingrg/all/function/internal_message.html?_=1683686578311&CODE_STATE=getMsg HTTP/1.1" 200 27
218.81.69.210 - - [10/May/2023:10:43:00 +0800] "GET /xingrg/kc/buy/cgsh_order_operate.html?command=get_materiel&rest_code=00148&code=00101008224&supplier_code=00100008&order_time=2023-05-10 HTTP/1.1" 200 416
61.170.232.87 - - [10/May/2023:10:43:01 +0800] "GET /xingrg/kc/buy/cgsh_order_operate.html?command=get_materiel&rest_code=00106&code=00101016105&supplier_code=00100032&order_time=2023-05-10 HTTP/1.1" 200 409
124.79.74.67 - - [10/May/2023:10:43:02 +0800] "POST /xingrg/dwr/call/plaincall/AjaxQqpsService.saveMaterielItem.dwr HTTP/1.1" 200 78
124.79.74.67 - - [10/May/2023:10:43:05 +0800] "POST /xingrg/dwr/call/plaincall/AjaxQqpsService.removeMaterielItem.dwr HTTP/1.1" 200 78
180.164.3.199 - - [10/May/2023:10:43:07 +0800] "GET /xingrg/kc/buy/cgsh_order_operate.html?command=get_materiel&rest_code=00108&code=00101008264&supplier_code=00100007&order_time=2023-05-10 HTTP/1.1" 200 412
124.79.74.67 - - [10/May/2023:10:43:08 +0800] "POST /xingrg/dwr/call/plaincall/AjaxQqpsService.checkOrder.dwr HTTP/1.1" 200 78
116.228.172.94 - - [10/May/2023:10:43:09 +0800] "POST /xingrg/dwr/call/plaincall/AjaxCheckService.checkOrder.dwr HTTP/1.1" 200 79
124.79.74.67 - - [10/May/2023:10:43:10 +0800] "GET /xingrg/kc/mdqp/qqps_order_info.html?code=302023051000151 HTTP/1.1" 200 26630
124.79.74.67 - - [10/May/2023:10:43:10 +0800] "GET /xingrg/dwr/interface/AjaxComOrderService.js HTTP/1.1" 200 18264
124.79.74.67 - - [10/May/2023:10:43:10 +0800] "GET /xingrg/dwr/interface/AjaxQqpsService.js HTTP/1.1" 200 16326
124.79.74.67 - - [10/May/2023:10:43:10 +0800] "GET /xingrg/dwr/engine.js HTTP/1.1" 200 43631
114.85.99.208 - - [10/May/2023:10:43:11 +0800] "GET /xingrg/all/function/internal_message.html?_=1683686592927&CODE_STATE=getMsg HTTP/1.1" 200 27
116.228.172.94 - - [10/May/2023:10:43:11 +0800] "GET /xingrg/kc/base/check_order_info.html?code=452023050900040 HTTP/1.1" 200 22858
116.228.172.94 - - [10/May/2023:10:43:11 +0800] "GET /xingrg/dwr/interface/AjaxComOrderService.js HTTP/1.1" 200 18264
116.228.172.94 - - [10/May/2023:10:43:11 +0800] "GET /xingrg/dwr/interface/AjaxCheckService.js HTTP/1.1" 200 14003
116.228.172.94 - - [10/May/2023:10:43:11 +0800] "GET /xingrg/dwr/engine.js HTTP/1.1" 200 43631
124.79.74.67 - - [10/May/2023:10:43:11 +0800] "POST /xingrg/dwr/call/plaincall/AjaxQqpsService.loadMaterielItems.dwr HTTP/1.1" 200 412
116.228.172.94 - - [10/May/2023:10:43:12 +0800] "POST /xingrg/dwr/call/plaincall/AjaxCheckService.loadOrderItems.dwr HTTP/1.1" 200 9042
180.164.3.199 - - [10/May/2023:10:43:16 +0800] "GET /xingrg/kc/buy/cgsh_order_operate.html?command=get_materiel&rest_code=00108&code=00101008599&supplier_code=00100007&order_time=2023-05-10 HTTP/1.1" 200 405
116.228.172.94 - - [10/May/2023:10:43:17 +0800] "GET /xingrg/kc/base/check_order_list.html?isBack=1 HTTP/1.1" 200 16221
116.228.172.94 - - [10/May/2023:10:43:17 +0800] "POST /xingrg/kc/base/check_list_operate.html HTTP/1.1" 200 1557
116.228.172.94 - - [10/May/2023:10:43:19 +0800] "GET /xingrg/kc/base/check_order_info.html?code=452023050900046 HTTP/1.1" 200 25415
116.228.172.94 - - [10/May/2023:10:43:19 +0800] "GET /xingrg/dwr/interface/AjaxComOrderService.js HTTP/1.1" 200 18264
116.228.172.94 - - [10/May/2023:10:43:19 +0800] "GET /xingrg/dwr/interface/AjaxCheckService.js HTTP/1.1" 200 14003
116.228.172.94 - - [10/May/2023:10:43:19 +0800] "GET /xingrg/dwr/engine.js HTTP/1.1" 200 43631
116.228.172.94 - - [10/May/2023:10:43:20 +0800] "POST /xingrg/dwr/call/plaincall/AjaxCheckService.loadOrderItems.dwr HTTP/1.1" 200 29811
124.79.74.67 - - [10/May/2023:10:43:20 +0800] "GET /xingrg/all/function/internal_message.html?_=1683686605497&CODE_STATE=getMsg HTTP/1.1" 200 27
218.81.69.210 - - [10/May/2023:10:43:22 +0800] "GET /xingrg/all/function/internal_message.html?_=1683686606501&CODE_STATE=getMsg HTTP/1.1" 200 27
101.229.22.40 - - [10/May/2023:10:43:23 +0800] "GET /xingrg/all/function/internal_message.html?_=1683686601925&CODE_STATE=getMsg HTTP/1.1" 200 27
61.170.232.87 - - [10/May/2023:10:43:26 +0800] "POST /xingrg/kc/buy/cgsh_order_operate.html HTTP/1.1" 200 37
222.67.238.82 - - [10/May/2023:10:43:26 +0800] "GET /xingrg/all/function/internal_message.html?_=1683686126958&CODE_STATE=getMsg HTTP/1.1" 200 27
114.83.221.46 - - [10/May/2023:10:43:26 +0800] "GET /xingrg/all/function/internal_message.html?_=1683686605157&CODE_STATE=getMsg HTTP/1.1" 200 27
116.224.158.100 - - [10/May/2023:10:43:27 +0800] "GET /xingrg/check_reg.html?_=1683686606831 HTTP/1.1" 200 22
116.224.158.100 - - [10/May/2023:10:43:27 +0800] "GET /xingrg/all/function/internal_message.html?_=1683686606833&CODE_STATE=getMsg HTTP/1.1" 200 27
114.83.221.46 - - [10/May/2023:10:43:28 +0800] "GET /xingrg/check_reg.html?_=1683686606844 HTTP/1.1" 200 22
116.227.208.255 - - [10/May/2023:10:43:30 +0800] "GET /xingrg/check_reg.html?_=1683686660908 HTTP/1.1" 200 22
116.227.208.255 - - [10/May/2023:10:43:30 +0800] "GET /xingrg/all/function/internal_message.html?_=1683686661125&CODE_STATE=getMsg HTTP/1.1" 200 27
180.164.3.199 - - [10/May/2023:10:43:30 +0800] "GET /xingrg/kc/buy/cgsh_order_operate.html?command=get_materiel&rest_code=00108&code=00101008038&supplier_code=00100007&order_time=2023-05-10 HTTP/1.1" 200 412
116.238.139.35 - - [10/May/2023:10:43:34 +0800] "GET /xingrg/all/function/internal_message.html?_=1683686544907&CODE_STATE=getMsg HTTP/1.1" 200 27
114.85.113.108 - - [10/May/2023:10:43:37 +0800] "GET /xingrg/all/function/internal_message.html?_=1683686617146&CODE_STATE=getMsg HTTP/1.1" 200 27
61.170.232.87 - - [10/May/2023:10:43:38 +0800] "POST /xingrg/kc/buy/cgsh_order_operate.html HTTP/1.1" 200 12
180.164.3.199 - - [10/May/2023:10:43:41 +0800] "GET /xingrg/kc/buy/cgsh_order_operate.html?command=get_materiel&rest_code=00108&code=00101008182&supplier_code=00100007&order_time=2023-05-10 HTTP/1.1" 200 412
61.170.232.87 - - [10/May/2023:10:43:41 +0800] "GET /xingrg/kc/buy/cgsh_order_info.html?code=212023051003393 HTTP/1.1" 200 66090
116.228.172.94 - - [10/May/2023:10:43:42 +0800] "GET /xingrg/all/function/internal_message.html?_=1683686430359&CODE_STATE=getMsg HTTP/1.1" 200 27
61.170.232.87 - - [10/May/2023:10:43:42 +0800] "GET /xingrg/javascript/easyui/themes/default/validatebox.css HTTP/1.1" 404 1104
61.170.232.87 - - [10/May/2023:10:43:44 +0800] "POST /xingrg/kc/buy/cgsh_order_operate.html HTTP/1.1" 200 1191
116.224.158.100 - - [10/May/2023:10:43:45 +0800] "GET /xingrg/all/function/internal_message.html?_=1683686461801&CODE_STATE=getMsg HTTP/1.1" 200 27
61.170.232.87 - - [10/May/2023:10:43:47 +0800] "GET /xingrg/kc/print/load_data.html?order_code=212023051003393&kc_code=cgsh&condition= HTTP/1.1" 200 948
180.164.3.199 - - [10/May/2023:10:43:52 +0800] "GET /xingrg/kc/buy/cgsh_order_operate.html?command=get_materiel&rest_code=00108&code=00101008354&supplier_code=00100007&order_time=2023-05-10 HTTP/1.1" 200 412
61.170.232.87 - - [10/May/2023:10:43:53 +0800] "GET /xingrg/kc/print/load_data.html?order_code=212023051003393&kc_code=cgsh HTTP/1.1" 200 948
116.235.240.234 - - [10/May/2023:10:43:54 +0800] "GET /xingrg/check_reg.html?_=1683686644504 HTTP/1.1" 200 22
61.170.232.87 - - [10/May/2023:10:43:55 +0800] "GET /xingrg/all/function/internal_message.html?_=1683686634140&CODE_STATE=getMsg HTTP/1.1" 200 27
180.164.3.199 - - [10/May/2023:10:43:59 +0800] "GET /xingrg/check_reg.html?_=1683686638323 HTTP/1.1" 200 22
180.164.3.199 - - [10/May/2023:10:43:59 +0800] "GET /xingrg/all/function/internal_message.html?_=1683686638321&CODE_STATE=getMsg HTTP/1.1" 200 27
180.164.3.199 - - [10/May/2023:10:44:04 +0800] "GET /xingrg/kc/buy/cgsh_order_operate.html?command=get_materiel&rest_code=00108&code=00101008283&supplier_code=00100007&order_time=2023-05-10 HTTP/1.1" 200 408
114.85.99.208 - - [10/May/2023:10:44:11 +0800] "GET /xingrg/all/function/internal_message.html?_=1683686652922&CODE_STATE=getMsg HTTP/1.1" 200 27
180.164.3.199 - - [10/May/2023:10:44:16 +0800] "GET /xingrg/kc/buy/cgsh_order_operate.html?command=get_materiel&rest_code=00108&code=00101008285&supplier_code=00100007&order_time=2023-05-10 HTTP/1.1" 200 413
120.253.135.82 - - [10/May/2023:10:44:18 +0800] "GET /xingrg/check_reg.html?_=1683686495953 HTTP/1.1" 200 22
116.228.172.94 - - [10/May/2023:10:44:19 +0800] "POST /xingrg/dwr/call/plaincall/AjaxCheckService.setItemNumber.dwr HTTP/1.1" 200 76
124.79.74.67 - - [10/May/2023:10:44:20 +0800] "GET /xingrg/all/function/internal_message.html?_=1683686665498&CODE_STATE=getMsg HTTP/1.1" 200 27
124.79.74.67 - - [10/May/2023:10:44:20 +0800] "GET /xingrg/check_reg.html?_=1683686665500 HTTP/1.1" 200 22
218.81.69.210 - - [10/May/2023:10:44:22 +0800] "GET /xingrg/all/function/internal_message.html?_=1683686666499&CODE_STATE=getMsg HTTP/1.1" 200 27
101.229.22.40 - - [10/May/2023:10:44:23 +0800] "GET /xingrg/all/function/internal_message.html?_=1683686661952&CODE_STATE=getMsg HTTP/1.1" 200 27
222.67.238.82 - - [10/May/2023:10:44:26 +0800] "GET /xingrg/all/function/internal_message.html?_=1683686186956&CODE_STATE=getMsg HTTP/1.1" 200 27
114.83.221.46 - - [10/May/2023:10:44:26 +0800] "GET /xingrg/all/function/internal_message.html?_=1683686665136&CODE_STATE=getMsg HTTP/1.1" 200 27
116.224.158.100 - - [10/May/2023:10:44:27 +0800] "GET /xingrg/all/function/internal_message.html?_=1683686666832&CODE_STATE=getMsg HTTP/1.1" 200 27
116.228.172.94 - - [10/May/2023:10:44:27 +0800] "POST /xingrg/dwr/call/plaincall/AjaxCheckService.setItemNumber.dwr HTTP/1.1" 200 76
180.164.3.199 - - [10/May/2023:10:44:28 +0800] "GET /xingrg/kc/buy/cgsh_order_operate.html?command=get_materiel&rest_code=00108&code=00101008403&supplier_code=00100007&order_time=2023-05-10 HTTP/1.1" 200 412
116.227.208.255 - - [10/May/2023:10:44:30 +0800] "GET /xingrg/all/function/internal_message.html?_=1683686721105&CODE_STATE=getMsg HTTP/1.1" 200 27
116.228.172.94 - - [10/May/2023:10:44:32 +0800] "POST /xingrg/dwr/call/plaincall/AjaxCheckService.setItemNumber.dwr HTTP/1.1" 200 76
116.238.139.35 - - [10/May/2023:10:44:34 +0800] "GET /xingrg/all/function/internal_message.html?_=1683686604916&CODE_STATE=getMsg HTTP/1.1" 200 27
116.228.172.94 - - [10/May/2023:10:44:35 +0800] "GET /xingrg/check_reg.html?_=1683686483796 HTTP/1.1" 200 22
114.85.113.108 - - [10/May/2023:10:44:37 +0800] "GET /xingrg/all/function/internal_message.html?_=1683686677149&CODE_STATE=getMsg HTTP/1.1" 200 27
124.79.240.114 - - [10/May/2023:10:44:38 +0800] "POST /xingrg/services/DataTransmitService HTTP/1.1" 200 524
124.79.240.114 - - [10/May/2023:10:44:40 +0800] "POST /xingrg/services/DataTransmitService HTTP/1.1" 200 2315
124.79.240.114 - - [10/May/2023:10:44:42 +0800] "POST /xingrg/services/DataTransmitService HTTP/1.1" 200 179912
116.228.172.94 - - [10/May/2023:10:44:42 +0800] "GET /xingrg/all/function/internal_message.html?_=1683686490347&CODE_STATE=getMsg HTTP/1.1" 200 27
116.228.172.94 - - [10/May/2023:10:44:43 +0800] "POST /xingrg/dwr/call/plaincall/AjaxCheckService.setItemNumber.dwr HTTP/1.1" 200 76
180.164.3.199 - - [10/May/2023:10:44:43 +0800] "GET /xingrg/kc/buy/cgsh_order_operate.html?command=get_materiel&rest_code=00108&code=00101008694&supplier_code=00100007&order_time=2023-05-10 HTTP/1.1" 200 420
116.224.158.100 - - [10/May/2023:10:44:45 +0800] "GET /xingrg/all/function/internal_message.html?_=1683686521802&CODE_STATE=getMsg HTTP/1.1" 200 27
116.228.172.94 - - [10/May/2023:10:44:50 +0800] "POST /xingrg/dwr/call/plaincall/AjaxCheckService.setItemNumber.dwr HTTP/1.1" 200 76
180.163.28.143 - - [10/May/2023:10:44:55 +0800] "GET /xingrg/all/function/internal_message.html?_=1683686634140&CODE_STATE=getMsg HTTP/1.1" 302 -
180.163.28.143 - - [10/May/2023:10:44:55 +0800] "GET /xingrg/login.html HTTP/1.1" 200 7641
61.170.232.87 - - [10/May/2023:10:44:55 +0800] "GET /xingrg/all/function/internal_message.html?_=1683686694122&CODE_STATE=getMsg HTTP/1.1" 200 27
116.228.172.94 - - [10/May/2023:10:44:58 +0800] "POST /xingrg/dwr/call/plaincall/AjaxCheckService.setItemNumber.dwr HTTP/1.1" 200 76
180.164.3.199 - - [10/May/2023:10:44:59 +0800] "GET /xingrg/all/function/internal_message.html?_=1683686698319&CODE_STATE=getMsg HTTP/1.1" 200 27
180.164.3.199 - - [10/May/2023:10:45:05 +0800] "GET /xingrg/kc/buy/cgsh_order_operate.html?command=get_materiel&rest_code=00108&code=00101008377&supplier_code=00100007&order_time=2023-05-10 HTTP/1.1" 200 409
58.40.7.146 - - [10/May/2023:10:45:06 +0800] "POST /xingrg/services/DataTransmitService HTTP/1.1" 200 524
180.164.3.199 - - [10/May/2023:10:45:07 +0800] "POST /xingrg/kc/buy/cgsh_order_operate.html HTTP/1.1" 200 2065
116.228.172.94 - - [10/May/2023:10:45:08 +0800] "POST /xingrg/dwr/call/plaincall/AjaxCheckService.setItemNumber.dwr HTTP/1.1" 200 76
114.85.99.208 - - [10/May/2023:10:45:11 +0800] "GET /xingrg/all/function/internal_message.html?_=1683686712903&CODE_STATE=getMsg HTTP/1.1" 200 27
114.85.99.208 - - [10/May/2023:10:45:11 +0800] "GET /xingrg/check_reg.html?_=1683686713061 HTTP/1.1" 200 22
180.164.3.199 - - [10/May/2023:10:45:13 +0800] "GET /xingrg/kc/buy/cgsh_order_operate.html?command=get_materiel&rest_code=00108&code=00101008353&supplier_code=00100007&order_time=2023-05-10 HTTP/1.1" 200 408
116.228.172.94 - - [10/May/2023:10:45:14 +0800] "POST /xingrg/dwr/call/plaincall/AjaxCheckService.setItemNumber.dwr HTTP/1.1" 200 76
172.20.0.100 - - [10/May/2023:10:45:20 +0800] "GET /xingrg/check_reg.html?_=1683686727104 HTTP/1.1" 302 -
124.79.74.67 - - [10/May/2023:10:45:20 +0800] "GET /xingrg/all/function/internal_message.html?_=1683686725492&CODE_STATE=getMsg HTTP/1.1" 200 27
218.81.69.210 - - [10/May/2023:10:45:22 +0800] "GET /xingrg/all/function/internal_message.html?_=1683686726497&CODE_STATE=getMsg HTTP/1.1" 200 27
101.229.22.40 - - [10/May/2023:10:45:23 +0800] "GET /xingrg/check_reg.html?_=1683686721952 HTTP/1.1" 200 22
101.229.22.40 - - [10/May/2023:10:45:23 +0800] "GET /xingrg/all/function/internal_message.html?_=1683686721955&CODE_STATE=getMsg HTTP/1.1" 200 27
116.228.172.94 - - [10/May/2023:10:45:24 +0800] "POST /xingrg/dwr/call/plaincall/AjaxCheckService.setItemNumber.dwr HTTP/1.1" 200 76
180.164.3.199 - - [10/May/2023:10:45:24 +0800] "GET /xingrg/kc/buy/cgsh_order_operate.html?command=get_materiel&rest_code=00108&code=00101008136&supplier_code=00100007&order_time=2023-05-10 HTTP/1.1" 200 413
222.67.238.82 - - [10/May/2023:10:45:26 +0800] "GET /xingrg/check_reg.html?_=1683686246961 HTTP/1.1" 200 22
222.67.238.82 - - [10/May/2023:10:45:26 +0800] "GET /xingrg/all/function/internal_message.html?_=1683686246961&CODE_STATE=getMsg HTTP/1.1" 200 27
114.83.221.46 - - [10/May/2023:10:45:26 +0800] "GET /xingrg/all/function/internal_message.html?_=1683686725121&CODE_STATE=getMsg HTTP/1.1" 200 27
116.224.158.100 - - [10/May/2023:10:45:27 +0800] "GET /xingrg/all/function/internal_message.html?_=1683686726832&CODE_STATE=getMsg HTTP/1.1" 200 27
116.228.172.94 - - [10/May/2023:10:45:30 +0800] "POST /xingrg/dwr/call/plaincall/AjaxCheckService.setItemNumber.dwr HTTP/1.1" 200 77
116.227.208.255 - - [10/May/2023:10:45:30 +0800] "GET /xingrg/all/function/internal_message.html?_=1683686781078&CODE_STATE=getMsg HTTP/1.1" 200 27
116.238.139.35 - - [10/May/2023:10:45:33 +0800] "GET /xingrg/check_reg.html?_=1683686664745 HTTP/1.1" 200 22
116.238.139.35 - - [10/May/2023:10:45:34 +0800] "GET /xingrg/all/function/internal_message.html?_=1683686664929&CODE_STATE=getMsg HTTP/1.1" 200 27
180.164.3.199 - - [10/May/2023:10:45:34 +0800] "GET /xingrg/kc/buy/cgsh_order_operate.html?command=get_materiel&rest_code=00108&code=00101008257&supplier_code=00100007&order_time=2023-05-10 HTTP/1.1" 200 416
218.81.69.210 - - [10/May/2023:10:45:35 +0800] "GET /xingrg/kc/buy/cgsh_order_operate.html?command=get_materiel&rest_code=00148&code=00101008003&supplier_code=00100008&order_time=2023-05-10 HTTP/1.1" 200 408
114.85.113.108 - - [10/May/2023:10:45:37 +0800] "GET /xingrg/all/function/internal_message.html?_=1683686737150&CODE_STATE=getMsg HTTP/1.1" 200 27
116.224.158.100 - - [10/May/2023:10:45:38 +0800] "POST /xingrg/kc/base/wldb_order_operate.html HTTP/1.1" 200 37
116.224.158.100 - - [10/May/2023:10:45:39 +0800] "POST /xingrg/kc/base/wldb_order_operate.html HTTP/1.1" 200 4235
116.228.172.94 - - [10/May/2023:10:45:39 +0800] "POST /xingrg/dwr/call/plaincall/AjaxCheckService.setItemNumber.dwr HTTP/1.1" 200 77
116.224.158.100 - - [10/May/2023:10:45:40 +0800] "GET /xingrg/kc/base/wldb_order_info.html?code=422023051000739 HTTP/1.1" 200 30396
116.224.158.100 - - [10/May/2023:10:45:40 +0800] "GET /xingrg/javascript/easyui/themes/default/validatebox.css HTTP/1.1" 404 1104
116.224.158.100 - - [10/May/2023:10:45:41 +0800] "POST /xingrg/kc/base/wldb_order_operate.html HTTP/1.1" 200 4235
116.228.172.94 - - [10/May/2023:10:45:42 +0800] "GET /xingrg/all/function/internal_message.html?_=1683686550341&CODE_STATE=getMsg HTTP/1.1" 200 27
114.85.99.208 - - [10/May/2023:10:45:43 +0800] "GET /xingrg/kc/base/wldb_order_list.html HTTP/1.1" 200 19098
114.85.99.208 - - [10/May/2023:10:45:44 +0800] "POST /xingrg/kc/base/wldb_list_operate.html HTTP/1.1" 200 928
218.81.69.210 - - [10/May/2023:10:45:44 +0800] "GET /xingrg/kc/buy/cgsh_order_operate.html?command=get_materiel&rest_code=00148&code=00101008126&supplier_code=00100008&order_time=2023-05-10 HTTP/1.1" 200 412
114.85.99.208 - - [10/May/2023:10:45:44 +0800] "GET /xingrg/kc/base/wldb_order_add.html HTTP/1.1" 200 30377
114.85.99.208 - - [10/May/2023:10:45:45 +0800] "POST /xingrg/kc/base/wldb_order_operate.html HTTP/1.1" 200 6806
114.85.99.208 - - [10/May/2023:10:45:45 +0800] "GET /xingrg/all/common/auto_word.html?type=base&rest_code=00102 HTTP/1.1" 200 1857
114.85.99.208 - - [10/May/2023:10:45:45 +0800] "GET /xingrg/javascript/easyui/themes/default/validatebox.css HTTP/1.1" 404 1104
114.85.99.208 - - [10/May/2023:10:45:45 +0800] "GET /xingrg/all/common/auto_word.html?type=base&rest_code=00102 HTTP/1.1" 200 1857
116.224.158.100 - - [10/May/2023:10:45:45 +0800] "GET /xingrg/check_reg.html?_=1683686581860 HTTP/1.1" 200 22
116.224.158.100 - - [10/May/2023:10:45:45 +0800] "GET /xingrg/all/function/internal_message.html?_=1683686581867&CODE_STATE=getMsg HTTP/1.1" 200 27
114.85.99.208 - - [10/May/2023:10:45:47 +0800] "POST /xingrg/all/common/load_combo.html?type=base HTTP/1.1" 200 3321
114.85.99.208 - - [10/May/2023:10:45:49 +0800] "POST /xingrg/all/common/load_combo.html?type=base HTTP/1.1" 200 3321
114.85.99.208 - - [10/May/2023:10:45:53 +0800] "GET /xingrg/javascript/auto/indicator.gif HTTP/1.1" 404 1066
114.85.99.208 - - [10/May/2023:10:45:54 +0800] "GET /xingrg/kc/base/wldb_order_operate.html?command=get_materiel&rest_code=00102&base_code=0010476&code=00101013093 HTTP/1.1" 200 450
61.170.232.87 - - [10/May/2023:10:45:55 +0800] "GET /xingrg/all/function/internal_message.html?_=1683686754106&CODE_STATE=getMsg HTTP/1.1" 200 27
180.164.3.199 - - [10/May/2023:10:45:59 +0800] "GET /xingrg/all/function/internal_message.html?_=1683686758321&CODE_STATE=getMsg HTTP/1.1" 200 27
116.228.172.94 - - [10/May/2023:10:46:00 +0800] "POST /xingrg/dwr/call/plaincall/AjaxCheckService.setItemNumber.dwr HTTP/1.1" 200 77
180.164.3.199 - - [10/May/2023:10:46:00 +0800] "GET /xingrg/kc/buy/cgsh_order_operate.html?command=get_materiel&rest_code=00108&code=00101008215&supplier_code=00100007&order_time=2023-05-10 HTTP/1.1" 200 413
114.85.99.208 - - [10/May/2023:10:46:01 +0800] "GET /xingrg/kc/base/wldb_order_operate.html?command=get_materiel&rest_code=00102&base_code=0010476&code=00101019134 HTTP/1.1" 200 480
114.85.99.208 - - [10/May/2023:10:46:08 +0800] "GET /xingrg/kc/base/wldb_order_operate.html?command=get_materiel&rest_code=00102&base_code=0010476&code=00101019405 HTTP/1.1" 200 482
180.164.3.199 - - [10/May/2023:10:46:09 +0800] "GET /xingrg/kc/buy/cgsh_order_operate.html?command=get_materiel&rest_code=00108&code=00101008286&supplier_code=00100007&order_time=2023-05-10 HTTP/1.1" 200 408
116.224.158.100 - - [10/May/2023:10:46:10 +0800] "POST /xingrg/kc/base/wldb_list_operate.html HTTP/1.1" 200 2950
114.85.99.208 - - [10/May/2023:10:46:11 +0800] "GET /xingrg/all/function/internal_message.html?_=1683686772912&CODE_STATE=getMsg HTTP/1.1" 200 27
114.85.99.208 - - [10/May/2023:10:46:13 +0800] "GET /xingrg/kc/base/wldb_order_operate.html?command=get_materiel&rest_code=00102&base_code=0010476&code=00101019066 HTTP/1.1" 200 455
116.228.172.94 - - [10/May/2023:10:46:13 +0800] "POST /xingrg/dwr/call/plaincall/AjaxCheckService.setItemNumber.dwr HTTP/1.1" 200 77
180.164.3.199 - - [10/May/2023:10:46:14 +0800] "POST /xingrg/kc/buy/cgsh_order_operate.html HTTP/1.1" 200 2065
116.224.158.100 - - [10/May/2023:10:46:15 +0800] "POST /xingrg/kc/base/wldb_list_operate.html HTTP/1.1" 200 642
114.85.99.208 - - [10/May/2023:10:46:18 +0800] "GET /xingrg/kc/base/wldb_order_operate.html?command=get_materiel&rest_code=00102&base_code=0010476&code=00101019295 HTTP/1.1" 200 474
116.224.158.100 - - [10/May/2023:10:46:18 +0800] "GET /xingrg/kc/base/wldb_order_info.html?code=422023051000738 HTTP/1.1" 200 30396
116.224.158.100 - - [10/May/2023:10:46:19 +0800] "GET /xingrg/javascript/easyui/themes/default/validatebox.css HTTP/1.1" 404 1104
116.224.158.100 - - [10/May/2023:10:46:19 +0800] "POST /xingrg/kc/base/wldb_order_operate.html HTTP/1.1" 200 5691
124.79.74.67 - - [10/May/2023:10:46:20 +0800] "GET /xingrg/all/function/internal_message.html?_=1683686785492&CODE_STATE=getMsg HTTP/1.1" 200 27
116.228.172.94 - - [10/May/2023:10:46:20 +0800] "POST /xingrg/dwr/call/plaincall/AjaxCheckService.setItemNumber.dwr HTTP/1.1" 200 77
114.85.99.208 - - [10/May/2023:10:46:21 +0800] "GET /xingrg/kc/base/wldb_order_operate.html?command=get_materiel&rest_code=00102&base_code=0010476&code=00101019438 HTTP/1.1" 200 461
218.81.69.210 - - [10/May/2023:10:46:22 +0800] "GET /xingrg/check_reg.html?_=1683686786496 HTTP/1.1" 200 22
218.81.69.210 - - [10/May/2023:10:46:22 +0800] "GET /xingrg/all/function/internal_message.html?_=1683686786497&CODE_STATE=getMsg HTTP/1.1" 200 27
180.164.3.199 - - [10/May/2023:10:46:22 +0800] "GET /xingrg/kc/buy/cgsh_order_operate.html?command=get_materiel&rest_code=00108&code=00101008437&supplier_code=00100007&order_time=2023-05-10 HTTP/1.1" 200 410
101.229.22.40 - - [10/May/2023:10:46:23 +0800] "GET /xingrg/all/function/internal_message.html?_=1683686781954&CODE_STATE=getMsg HTTP/1.1" 200 27
222.67.238.82 - - [10/May/2023:10:46:26 +0800] "GET /xingrg/all/function/internal_message.html?_=1683686306955&CODE_STATE=getMsg HTTP/1.1" 200 27
114.83.221.46 - - [10/May/2023:10:46:26 +0800] "GET /xingrg/all/function/internal_message.html?_=1683686785105&CODE_STATE=getMsg HTTP/1.1" 200 27
116.228.172.94 - - [10/May/2023:10:46:27 +0800] "POST /xingrg/dwr/call/plaincall/AjaxCheckService.setItemNumber.dwr HTTP/1.1" 200 77
116.224.158.100 - - [10/May/2023:10:46:27 +0800] "GET /xingrg/all/function/internal_message.html?_=1683686786831&CODE_STATE=getMsg HTTP/1.1" 200 27
116.227.208.255 - - [10/May/2023:10:46:30 +0800] "GET /xingrg/all/function/internal_message.html?_=1683686841075&CODE_STATE=getMsg HTTP/1.1" 200 27
116.224.158.100 - - [10/May/2023:10:46:31 +0800] "GET /xingrg/kc/base/wldb_order_operate.html?command=get_materiel&rest_code=00105&base_code=0010507&code=00101016020 HTTP/1.1" 200 448
116.238.139.35 - - [10/May/2023:10:46:34 +0800] "GET /xingrg/all/function/internal_message.html?_=1683686724944&CODE_STATE=getMsg HTTP/1.1" 200 27
116.228.172.94 - - [10/May/2023:10:46:34 +0800] "POST /xingrg/dwr/call/plaincall/AjaxCheckService.setItemNumber.dwr HTTP/1.1" 200 77
114.85.99.208 - - [10/May/2023:10:46:34 +0800] "POST /xingrg/kc/base/wldb_order_operate.html HTTP/1.1" 200 37
61.170.232.87 - - [10/May/2023:10:46:35 +0800] "GET /xingrg/check_reg.html?_=1683686794091 HTTP/1.1" 200 22
114.85.113.108 - - [10/May/2023:10:46:37 +0800] "GET /xingrg/all/function/internal_message.html?_=1683686797149&CODE_STATE=getMsg HTTP/1.1" 200 27
114.85.113.108 - - [10/May/2023:10:46:37 +0800] "GET /xingrg/check_reg.html?_=1683686797151 HTTP/1.1" 200 22
218.81.69.210 - - [10/May/2023:10:46:41 +0800] "GET /xingrg/check_reg.html?_=1683686803431 HTTP/1.1" 200 22
218.81.69.210 - - [10/May/2023:10:46:41 +0800] "GET /xingrg/kc/buy/cgsh_order_operate.html?command=get_materiel&rest_code=00148&code=00101008141&supplier_code=00100008&order_time=2023-05-10 HTTP/1.1" 200 412
116.228.172.94 - - [10/May/2023:10:46:42 +0800] "GET /xingrg/all/function/internal_message.html?_=1683686610337&CODE_STATE=getMsg HTTP/1.1" 200 27
114.85.99.208 - - [10/May/2023:10:46:42 +0800] "POST /xingrg/kc/base/wldb_order_operate.html HTTP/1.1" 200 12
114.85.99.208 - - [10/May/2023:10:46:42 +0800] "POST /xingrg/kc/base/wldb_order_operate.html HTTP/1.1" 200 4712
180.164.3.199 - - [10/May/2023:10:46:43 +0800] "GET /xingrg/kc/buy/cgsh_order_operate.html?command=get_materiel&rest_code=00108&code=00101008272&supplier_code=00100007&order_time=2023-05-10 HTTP/1.1" 200 412
116.224.158.100 - - [10/May/2023:10:46:43 +0800] "POST /xingrg/kc/base/wldb_order_operate.html HTTP/1.1" 200 37
116.228.172.94 - - [10/May/2023:10:46:44 +0800] "POST /xingrg/dwr/call/plaincall/AjaxCheckService.setItemNumber.dwr HTTP/1.1" 200 77
116.238.139.35 - - [10/May/2023:10:46:44 +0800] "GET /xingrg/check_reg.html?_=1683686803263 HTTP/1.1" 302 -
116.224.158.100 - - [10/May/2023:10:46:44 +0800] "POST /xingrg/kc/base/wldb_order_operate.html HTTP/1.1" 200 6173
116.224.158.100 - - [10/May/2023:10:46:45 +0800] "GET /xingrg/kc/base/wldb_order_info.html?code=422023051000738 HTTP/1.1" 200 30396
116.224.158.100 - - [10/May/2023:10:46:45 +0800] "GET /xingrg/all/function/internal_message.html?_=1683686641992&CODE_STATE=getMsg HTTP/1.1" 200 27
116.224.158.100 - - [10/May/2023:10:46:45 +0800] "GET /xingrg/javascript/easyui/themes/default/validatebox.css HTTP/1.1" 404 1104
116.224.158.100 - - [10/May/2023:10:46:46 +0800] "POST /xingrg/kc/base/wldb_order_operate.html HTTP/1.1" 200 6173
114.85.99.208 - - [10/May/2023:10:46:46 +0800] "GET /xingrg/kc/base/wldb_order_info.html?code=422023051000740 HTTP/1.1" 200 26254
114.85.99.208 - - [10/May/2023:10:46:46 +0800] "GET /xingrg/javascript/easyui/themes/default/validatebox.css HTTP/1.1" 404 1104
114.85.99.208 - - [10/May/2023:10:46:47 +0800] "POST /xingrg/kc/base/wldb_order_operate.html HTTP/1.1" 200 2951
116.228.172.94 - - [10/May/2023:10:46:49 +0800] "POST /xingrg/dwr/call/plaincall/AjaxCheckService.setItemNumber.dwr HTTP/1.1" 200 77
114.85.99.208 - - [10/May/2023:10:46:49 +0800] "GET /xingrg/kc/base/wldb_order_add.html HTTP/1.1" 200 30377
114.85.99.208 - - [10/May/2023:10:46:49 +0800] "POST /xingrg/kc/base/wldb_order_operate.html HTTP/1.1" 200 6806
114.85.99.208 - - [10/May/2023:10:46:49 +0800] "GET /xingrg/javascript/easyui/themes/default/validatebox.css HTTP/1.1" 404 1104
114.85.99.208 - - [10/May/2023:10:46:51 +0800] "POST /xingrg/all/common/load_combo.html?type=base HTTP/1.1" 200 3321
180.164.3.199 - - [10/May/2023:10:46:51 +0800] "GET /xingrg/kc/buy/cgsh_order_operate.html?command=get_materiel&rest_code=00108&code=00101008137&supplier_code=00100007&order_time=2023-05-10 HTTP/1.1" 200 408
218.81.69.210 - - [10/May/2023:10:46:52 +0800] "GET /xingrg/kc/buy/cgsh_order_operate.html?command=get_materiel&rest_code=00148&code=00101008355&supplier_code=00100008&order_time=2023-05-10 HTTP/1.1" 200 408
114.85.99.208 - - [10/May/2023:10:46:53 +0800] "POST /xingrg/all/common/load_combo.html?type=base HTTP/1.1" 200 3321
61.170.232.87 - - [10/May/2023:10:46:55 +0800] "GET /xingrg/all/function/internal_message.html?_=1683686814077&CODE_STATE=getMsg HTTP/1.1" 200 27
114.85.99.208 - - [10/May/2023:10:46:58 +0800] "GET /xingrg/kc/base/wldb_order_operate.html?command=get_materiel&rest_code=00102&base_code=0010476&code=00101019015 HTTP/1.1" 200 450
116.228.172.94 - - [10/May/2023:10:46:58 +0800] "POST /xingrg/dwr/call/plaincall/AjaxCheckService.setItemNumber.dwr HTTP/1.1" 200 77
180.164.3.199 - - [10/May/2023:10:46:59 +0800] "GET /xingrg/all/function/internal_message.html?_=1683686818323&CODE_STATE=getMsg HTTP/1.1" 200 27
180.164.3.199 - - [10/May/2023:10:47:00 +0800] "GET /xingrg/kc/buy/cgsh_order_operate.html?command=get_materiel&rest_code=00108&code=00101008192&supplier_code=00100007&order_time=2023-05-10 HTTP/1.1" 200 417
114.85.99.208 - - [10/May/2023:10:47:01 +0800] "GET /xingrg/kc/base/wldb_order_operate.html?command=get_materiel&rest_code=00102&base_code=0010476&code=00101019391 HTTP/1.1" 200 485
180.164.3.199 - - [10/May/2023:10:47:05 +0800] "POST /xingrg/kc/buy/cgsh_order_operate.html HTTP/1.1" 200 2065
116.228.172.94 - - [10/May/2023:10:47:05 +0800] "POST /xingrg/dwr/call/plaincall/AjaxCheckService.setItemNumber.dwr HTTP/1.1" 200 77
114.85.99.208 - - [10/May/2023:10:47:05 +0800] "GET /xingrg/kc/base/wldb_order_operate.html?command=get_materiel&rest_code=00102&base_code=0010476&code=00101019185 HTTP/1.1" 200 468
116.224.158.100 - - [10/May/2023:10:47:08 +0800] "POST /xingrg/kc/base/wldb_order_operate.html HTTP/1.1" 200 37
116.228.172.94 - - [10/May/2023:10:47:08 +0800] "POST /xingrg/dwr/call/plaincall/AjaxCheckService.setItemNumber.dwr HTTP/1.1" 200 77
116.224.158.100 - - [10/May/2023:10:47:08 +0800] "POST /xingrg/kc/base/wldb_order_operate.html HTTP/1.1" 200 6173
116.224.158.100 - - [10/May/2023:10:47:09 +0800] "GET /xingrg/kc/base/wldb_order_info.html?code=422023051000738 HTTP/1.1" 200 30396
116.224.158.100 - - [10/May/2023:10:47:09 +0800] "GET /xingrg/javascript/easyui/themes/default/validatebox.css HTTP/1.1" 404 1104
180.164.3.199 - - [10/May/2023:10:47:10 +0800] "GET /xingrg/kc/buy/cgsh_order_operate.html?command=get_materiel&rest_code=00108&code=00101008229&supplier_code=00100007&order_time=2023-05-10 HTTP/1.1" 200 420
116.224.158.100 - - [10/May/2023:10:47:10 +0800] "POST /xingrg/kc/base/wldb_order_operate.html HTTP/1.1" 200 6173
114.85.99.208 - - [10/May/2023:10:47:11 +0800] "GET /xingrg/all/function/internal_message.html?_=1683686832889&CODE_STATE=getMsg HTTP/1.1" 200 27
114.85.99.208 - - [10/May/2023:10:47:14 +0800] "GET /xingrg/kc/base/wldb_order_operate.html?command=get_materiel&rest_code=00102&base_code=0010476&code=00101019527 HTTP/1.1" 200 474
116.228.172.94 - - [10/May/2023:10:47:16 +0800] "POST /xingrg/dwr/call/plaincall/AjaxCheckService.setItemNumber.dwr HTTP/1.1" 200 77
124.79.74.67 - - [10/May/2023:10:47:20 +0800] "GET /xingrg/all/function/internal_message.html?_=1683686845492&CODE_STATE=getMsg HTTP/1.1" 200 27
218.81.69.210 - - [10/May/2023:10:47:22 +0800] "GET /xingrg/all/function/internal_message.html?_=1683686846495&CODE_STATE=getMsg HTTP/1.1" 200 27
180.164.3.199 - - [10/May/2023:10:47:22 +0800] "GET /xingrg/kc/buy/cgsh_order_operate.html?command=get_materiel&rest_code=00108&code=00101008331&supplier_code=00100007&order_time=2023-05-10 HTTP/1.1" 200 416
101.229.22.40 - - [10/May/2023:10:47:23 +0800] "GET /xingrg/all/function/internal_message.html?_=1683686841954&CODE_STATE=getMsg HTTP/1.1" 200 27
114.85.99.208 - - [10/May/2023:10:47:23 +0800] "GET /xingrg/kc/base/wldb_order_operate.html?command=get_materiel&rest_code=00102&base_code=0010476&code=00101019183 HTTP/1.1" 200 449
222.67.238.82 - - [10/May/2023:10:47:26 +0800] "GET /xingrg/all/function/internal_message.html?_=1683686366954&CODE_STATE=getMsg HTTP/1.1" 200 27
114.83.221.46 - - [10/May/2023:10:47:26 +0800] "GET /xingrg/all/function/internal_message.html?_=1683686845101&CODE_STATE=getMsg HTTP/1.1" 200 27
116.224.158.100 - - [10/May/2023:10:47:27 +0800] "GET /xingrg/all/function/internal_message.html?_=1683686846830&CODE_STATE=getMsg HTTP/1.1" 200 27
114.85.99.208 - - [10/May/2023:10:47:28 +0800] "GET /xingrg/kc/base/wldb_order_operate.html?command=get_materiel&rest_code=00102&base_code=0010476&code=00101019400 HTTP/1.1" 200 465
116.228.172.94 - - [10/May/2023:10:47:29 +0800] "POST /xingrg/dwr/call/plaincall/AjaxCheckService.setItemNumber.dwr HTTP/1.1" 200 77
116.227.208.255 - - [10/May/2023:10:47:30 +0800] "GET /xingrg/all/function/internal_message.html?_=1683686901063&CODE_STATE=getMsg HTTP/1.1" 200 27
116.224.158.100 - - [10/May/2023:10:47:31 +0800] "GET /xingrg/kc/base/wldb_order_add.html HTTP/1.1" 200 30381
116.224.158.100 - - [10/May/2023:10:47:31 +0800] "POST /xingrg/kc/base/wldb_order_operate.html HTTP/1.1" 200 6806
116.224.158.100 - - [10/May/2023:10:47:31 +0800] "GET /xingrg/javascript/easyui/themes/default/validatebox.css HTTP/1.1" 404 1104
114.85.99.208 - - [10/May/2023:10:47:32 +0800] "GET /xingrg/kc/base/wldb_order_operate.html?command=get_materiel&rest_code=00102&base_code=0010476&code=00101019222 HTTP/1.1" 200 453
180.164.3.199 - - [10/May/2023:10:47:32 +0800] "GET /xingrg/kc/buy/cgsh_order_operate.html?command=get_materiel&rest_code=00108&code=00101008077&supplier_code=00100007&order_time=2023-05-10 HTTP/1.1" 200 416
116.238.139.35 - - [10/May/2023:10:47:34 +0800] "GET /xingrg/all/function/internal_message.html?_=1683686784956&CODE_STATE=getMsg HTTP/1.1" 200 27
116.228.172.94 - - [10/May/2023:10:47:37 +0800] "POST /xingrg/dwr/call/plaincall/AjaxCheckService.setItemNumber.dwr HTTP/1.1" 200 77
114.85.113.108 - - [10/May/2023:10:47:37 +0800] "GET /xingrg/all/function/internal_message.html?_=1683686857152&CODE_STATE=getMsg HTTP/1.1" 200 27
114.85.99.208 - - [10/May/2023:10:47:39 +0800] "GET /xingrg/kc/base/wldb_order_operate.html?command=get_materiel&rest_code=00102&base_code=0010476&code=00101019199 HTTP/1.1" 200 472
58.40.7.146 - - [10/May/2023:10:47:39 +0800] "GET /xingrg/check_reg.html?_=1683686859149 HTTP/1.1" 302 -
116.228.172.94 - - [10/May/2023:10:47:42 +0800] "POST /xingrg/dwr/call/plaincall/AjaxCheckService.setItemNumber.dwr HTTP/1.1" 200 77
