116.238.139.35 - - [10/May/2023:12:02:40 +0800] "POST /xingrg/kc/buy/cgsh_order_operate.html HTTP/1.1" 200 2651
124.79.74.67 - - [10/May/2023:12:02:42 +0800] "GET /xingrg/kc/buy/cgsh_order_operate.html?command=get_materiel&rest_code=00156&code=00101007082&supplier_code=00100012&order_time=2023-05-10 HTTP/1.1" 200 427
61.170.232.87 - - [10/May/2023:12:02:43 +0800] "GET /xingrg/kc/buy/cgsh_order_operate.html?command=get_materiel&rest_code=00106&code=00101006347&supplier_code=00100505&order_time=2023-05-10 HTTP/1.1" 200 410
114.83.221.46 - - [10/May/2023:12:02:43 +0800] "GET /xingrg/kc/buy/cgsh_order_operate.html?command=get_materiel&rest_code=00149&code=00101004067&supplier_code=00100312&order_time=2023-05-10 HTTP/1.1" 200 413
180.164.3.199 - - [10/May/2023:12:02:43 +0800] "GET /xingrg/kc/base/wldb_order_list.html HTTP/1.1" 200 19108
180.164.3.199 - - [10/May/2023:12:02:44 +0800] "POST /xingrg/kc/base/wldb_list_operate.html HTTP/1.1" 200 928
116.224.158.100 - - [10/May/2023:12:02:45 +0800] "GET /xingrg/all/function/internal_message.html?_=1683691201902&CODE_STATE=getMsg HTTP/1.1" 200 27
114.83.221.46 - - [10/May/2023:12:02:51 +0800] "GET /xingrg/kc/buy/cgsh_order_operate.html?command=get_materiel&rest_code=00149&code=00101005072&supplier_code=00100312&order_time=2023-05-10 HTTP/1.1" 200 417
116.238.139.35 - - [10/May/2023:12:02:53 +0800] "GET /xingrg/check_reg.html?_=1683691304217 HTTP/1.1" 200 22
61.170.232.87 - - [10/May/2023:12:02:57 +0800] "POST /xingrg/kc/buy/cgsh_order_operate.html HTTP/1.1" 200 37
116.238.139.35 - - [10/May/2023:12:02:57 +0800] "POST /xingrg/kc/buy/cgsh_order_operate.html HTTP/1.1" 200 37
124.79.74.67 - - [10/May/2023:12:02:58 +0800] "GET /xingrg/kc/buy/cgsh_order_operate.html?command=get_materiel&rest_code=00156&code=00101012032&supplier_code=00100012&order_time=2023-05-10 HTTP/1.1" 200 416
180.169.147.146 - - [10/May/2023:12:02:58 +0800] "GET /xingrg/all/function/internal_message.html?_=1683691372852&CODE_STATE=getMsg HTTP/1.1" 200 27
114.83.221.46 - - [10/May/2023:12:03:02 +0800] "POST /xingrg/kc/buy/cgsh_order_operate.html HTTP/1.1" 200 37
61.170.232.87 - - [10/May/2023:12:03:03 +0800] "GET /xingrg/all/function/internal_message.html?_=1683691381687&CODE_STATE=getMsg HTTP/1.1" 200 27
116.227.208.255 - - [10/May/2023:12:03:05 +0800] "GET /xingrg/all/function/internal_message.html?_=1683691435799&CODE_STATE=getMsg HTTP/1.1" 200 27
114.83.221.46 - - [10/May/2023:12:03:06 +0800] "GET /xingrg/all/function/internal_message.html?_=1683691385182&CODE_STATE=getMsg HTTP/1.1" 200 27
61.170.232.87 - - [10/May/2023:12:03:07 +0800] "POST /xingrg/kc/buy/cgsh_order_operate.html HTTP/1.1" 200 12
124.79.74.67 - - [10/May/2023:12:03:11 +0800] "GET /xingrg/kc/buy/cgsh_order_operate.html?command=get_materiel&rest_code=00156&code=00101007109&supplier_code=00100012&order_time=2023-05-10 HTTP/1.1" 200 408
114.83.221.46 - - [10/May/2023:12:03:12 +0800] "POST /xingrg/kc/buy/cgsh_order_operate.html HTTP/1.1" 200 12
180.164.3.199 - - [10/May/2023:12:03:14 +0800] "GET /xingrg/check_reg.html?_=1683691394012 HTTP/1.1" 200 22
180.164.3.199 - - [10/May/2023:12:03:14 +0800] "GET /xingrg/all/function/internal_message.html?_=1683691394015&CODE_STATE=getMsg HTTP/1.1" 200 27
116.238.139.35 - - [10/May/2023:12:03:15 +0800] "POST /xingrg/kc/buy/cgsh_order_operate.html HTTP/1.1" 200 12
101.83.240.55 - - [10/May/2023:12:03:18 +0800] "GET /xingrg/check_reg.html?_=1683691491508 HTTP/1.1" 200 22
101.83.240.55 - - [10/May/2023:12:03:18 +0800] "GET /xingrg/all/function/internal_message.html?_=1683691491509&CODE_STATE=getMsg HTTP/1.1" 200 27
61.170.232.87 - - [10/May/2023:12:03:18 +0800] "GET /xingrg/kc/buy/cgsh_order_info.html?code=212023051003526 HTTP/1.1" 200 66082
114.83.221.46 - - [10/May/2023:12:03:18 +0800] "GET /xingrg/kc/buy/cgsh_order_info.html?code=212023051003527 HTTP/1.1" 200 66178
61.170.232.87 - - [10/May/2023:12:03:18 +0800] "GET /xingrg/javascript/easyui/themes/default/validatebox.css HTTP/1.1" 404 1104
114.83.221.46 - - [10/May/2023:12:03:18 +0800] "GET /xingrg/javascript/easyui/themes/default/validatebox.css HTTP/1.1" 404 1104
114.83.221.46 - - [10/May/2023:12:03:19 +0800] "GET /xingrg/kc/print/load_data.html?order_code=212023051003527&kc_code=cgsh&condition= HTTP/1.1" 200 1182
116.238.139.35 - - [10/May/2023:12:03:19 +0800] "GET /xingrg/kc/buy/cgsh_order_info.html?code=212023051003525 HTTP/1.1" 200 66138
114.83.221.46 - - [10/May/2023:12:03:19 +0800] "POST /xingrg/kc/buy/cgsh_order_operate.html HTTP/1.1" 200 1811
116.238.139.35 - - [10/May/2023:12:03:20 +0800] "GET /xingrg/javascript/easyui/themes/default/validatebox.css HTTP/1.1" 404 1104
61.170.232.87 - - [10/May/2023:12:03:20 +0800] "POST /xingrg/kc/buy/cgsh_order_operate.html HTTP/1.1" 200 604
116.238.139.35 - - [10/May/2023:12:03:21 +0800] "POST /xingrg/kc/buy/cgsh_order_operate.html HTTP/1.1" 200 601
124.79.74.67 - - [10/May/2023:12:03:22 +0800] "GET /xingrg/kc/buy/cgsh_order_operate.html?command=get_materiel&rest_code=00156&code=00101006029&supplier_code=00100012&order_time=2023-05-10 HTTP/1.1" 200 409
114.83.221.46 - - [10/May/2023:12:03:22 +0800] "GET /xingrg/kc/print/load_data.html?order_code=212023051003527&kc_code=cgsh&condition= HTTP/1.1" 200 1182
218.81.69.210 - - [10/May/2023:12:03:22 +0800] "GET /xingrg/all/function/internal_message.html?_=1683691406626&CODE_STATE=getMsg HTTP/1.1" 200 27
116.238.139.35 - - [10/May/2023:12:03:22 +0800] "GET /xingrg/all/function/internal_message.html?_=1683691333371&CODE_STATE=getMsg HTTP/1.1" 200 27
61.170.232.87 - - [10/May/2023:12:03:23 +0800] "GET /xingrg/kc/print/load_data.html?order_code=212023051003526&kc_code=cgsh&condition= HTTP/1.1" 200 693
101.229.22.40 - - [10/May/2023:12:03:23 +0800] "GET /xingrg/all/function/internal_message.html?_=1683691402076&CODE_STATE=getMsg HTTP/1.1" 200 27
116.238.139.35 - - [10/May/2023:12:03:23 +0800] "GET /xingrg/kc/print/load_data.html?order_code=212023051003525&kc_code=cgsh&condition= HTTP/1.1" 200 705
116.228.172.94 - - [10/May/2023:12:03:25 +0800] "GET /xingrg/all/function/internal_message.html?_=1683691213490&CODE_STATE=getMsg HTTP/1.1" 200 27
124.79.74.67 - - [10/May/2023:12:03:26 +0800] "GET /xingrg/all/function/internal_message.html?_=1683691410860&CODE_STATE=getMsg HTTP/1.1" 200 27
124.79.74.67 - - [10/May/2023:12:03:26 +0800] "GET /xingrg/check_reg.html?_=1683691410862 HTTP/1.1" 200 22
114.83.221.46 - - [10/May/2023:12:03:26 +0800] "GET /xingrg/kc/buy/cgsh_order_add.html HTTP/1.1" 200 71265
222.67.238.82 - - [10/May/2023:12:03:26 +0800] "GET /xingrg/all/function/internal_message.html?_=1683690927127&CODE_STATE=getMsg HTTP/1.1" 200 27
114.83.221.46 - - [10/May/2023:12:03:27 +0800] "POST /xingrg/kc/buy/cgsh_order_operate.html HTTP/1.1" 200 8245
114.83.221.46 - - [10/May/2023:12:03:27 +0800] "GET /xingrg/javascript/easyui/themes/default/validatebox.css HTTP/1.1" 404 1104
116.224.158.100 - - [10/May/2023:12:03:27 +0800] "GET /xingrg/check_reg.html?_=1683691406961 HTTP/1.1" 200 22
114.85.113.108 - - [10/May/2023:12:03:28 +0800] "GET /xingrg/all/function/internal_message.html?_=1683691407663&CODE_STATE=getMsg HTTP/1.1" 200 27
61.170.232.87 - - [10/May/2023:12:03:29 +0800] "GET /xingrg/kc/buy/cgsh_order_add.html HTTP/1.1" 200 71171
61.170.232.87 - - [10/May/2023:12:03:29 +0800] "POST /xingrg/kc/buy/cgsh_order_operate.html HTTP/1.1" 200 8245
61.170.232.87 - - [10/May/2023:12:03:29 +0800] "GET /xingrg/javascript/easyui/themes/default/validatebox.css HTTP/1.1" 404 1104
180.162.115.227 - - [10/May/2023:12:03:30 +0800] "GET /xingrg/all/function/internal_message.html?_=1683690251516&CODE_STATE=getMsg HTTP/1.1" 200 27
180.162.115.227 - - [10/May/2023:12:03:31 +0800] "GET /xingrg/kc/buy/cgsh_order_operate.html?command=get_materiel&rest_code=00143&code=00102009637&supplier_code=00100207&order_time=2023-05-10 HTTP/1.1" 200 422
61.170.232.87 - - [10/May/2023:12:03:31 +0800] "GET /xingrg/javascript/easyui/themes/default/tree.css HTTP/1.1" 404 1090
61.170.232.87 - - [10/May/2023:12:03:32 +0800] "POST /xingrg/all/common/load_tree.html?tree=supplier_tree_json&isDelete=1 HTTP/1.1" 200 73603
116.238.139.35 - - [10/May/2023:12:03:33 +0800] "GET /xingrg/kc/buy/cgsh_order_add.html HTTP/1.1" 200 71233
116.238.139.35 - - [10/May/2023:12:03:34 +0800] "POST /xingrg/kc/buy/cgsh_order_operate.html HTTP/1.1" 200 8245
116.238.139.35 - - [10/May/2023:12:03:34 +0800] "GET /xingrg/javascript/easyui/themes/default/validatebox.css HTTP/1.1" 404 1104
114.83.221.46 - - [10/May/2023:12:03:34 +0800] "GET /xingrg/kc/buy/cgsh_order_operate.html?command=get_materiel&rest_code=00149&code=00101002002&supplier_code=00100087&order_time=2023-05-10 HTTP/1.1" 200 420
61.170.232.87 - - [10/May/2023:12:03:36 +0800] "GET /xingrg/all/function/internal_message.html?_=1683691417625&CODE_STATE=getMsg HTTP/1.1" 200 27
116.224.158.100 - - [10/May/2023:12:03:39 +0800] "GET /xingrg/all/function/internal_message.html?_=1683691418684&CODE_STATE=getMsg HTTP/1.1" 200 27
116.224.158.100 - - [10/May/2023:12:03:45 +0800] "GET /xingrg/all/function/internal_message.html?_=1683691261903&CODE_STATE=getMsg HTTP/1.1" 200 27
124.79.74.67 - - [10/May/2023:12:03:54 +0800] "POST /xingrg/kc/buy/cgsh_order_operate.html HTTP/1.1" 200 37
114.83.221.46 - - [10/May/2023:12:03:54 +0800] "POST /xingrg/kc/buy/cgsh_order_operate.html HTTP/1.1" 200 64
116.235.240.234 - - [10/May/2023:12:03:55 +0800] "GET /xingrg/check_reg.html?_=1683691445791 HTTP/1.1" 200 22
124.79.74.67 - - [10/May/2023:12:03:56 +0800] "POST /xingrg/kc/buy/cgsh_order_operate.html HTTP/1.1" 200 5640
116.238.139.35 - - [10/May/2023:12:03:56 +0800] "GET /xingrg/kc/buy/cgsh_order_operate.html?command=get_materiel&rest_code=00150&code=00101001232&supplier_code=00100314&order_time=2023-05-10 HTTP/1.1" 200 413
61.170.232.87 - - [10/May/2023:12:03:57 +0800] "GET /xingrg/kc/buy/cgsh_order_operate.html?command=get_materiel&rest_code=00106&code=00101007147&supplier_code=00100325&order_time=2023-05-10 HTTP/1.1" 200 425
124.79.74.67 - - [10/May/2023:12:03:57 +0800] "GET /xingrg/kc/print/load_config.html?kc_code=cgsh HTTP/1.1" 200 1925
124.79.74.67 - - [10/May/2023:12:03:58 +0800] "GET /xingrg/kc/print/load_data.html?order_code=212023051003528&kc_code=cgsh&condition= HTTP/1.1" 200 1910
61.170.232.87 - - [10/May/2023:12:04:03 +0800] "GET /xingrg/check_reg.html?_=1683691441687 HTTP/1.1" 200 22
61.170.232.87 - - [10/May/2023:12:04:03 +0800] "GET /xingrg/all/function/internal_message.html?_=1683691441692&CODE_STATE=getMsg HTTP/1.1" 200 27
116.227.208.255 - - [10/May/2023:12:04:05 +0800] "GET /xingrg/all/function/internal_message.html?_=1683691495803&CODE_STATE=getMsg HTTP/1.1" 200 27
124.79.74.67 - - [10/May/2023:12:04:10 +0800] "GET /xingrg/kc/buy/cgsh_order_add.html HTTP/1.1" 200 71256
124.79.74.67 - - [10/May/2023:12:04:10 +0800] "POST /xingrg/kc/buy/cgsh_order_operate.html HTTP/1.1" 200 8245
124.79.74.67 - - [10/May/2023:12:04:10 +0800] "GET /xingrg/javascript/easyui/themes/default/validatebox.css HTTP/1.1" 404 1104
124.79.74.67 - - [10/May/2023:12:04:10 +0800] "GET /xingrg/all/common/auto_word.html?type=employee&rest_code=00156 HTTP/1.1" 200 97
124.79.74.67 - - [10/May/2023:12:04:11 +0800] "GET /xingrg/all/common/auto_word.html?type=employee&rest_code=00156 HTTP/1.1" 200 97
116.238.139.35 - - [10/May/2023:12:04:12 +0800] "POST /xingrg/kc/buy/cgsh_order_operate.html HTTP/1.1" 200 37
180.164.3.199 - - [10/May/2023:12:04:14 +0800] "GET /xingrg/all/function/internal_message.html?_=1683691454001&CODE_STATE=getMsg HTTP/1.1" 200 27
124.79.74.67 - - [10/May/2023:12:04:15 +0800] "GET /xingrg/javascript/jquery_tools/images/prev.gif HTTP/1.1" 404 1086
124.79.74.67 - - [10/May/2023:12:04:15 +0800] "GET /xingrg/javascript/jquery_tools/images/next.gif HTTP/1.1" 404 1086
101.83.240.55 - - [10/May/2023:12:04:18 +0800] "GET /xingrg/all/function/internal_message.html?_=1683691551495&CODE_STATE=getMsg HTTP/1.1" 200 27
120.253.135.82 - - [10/May/2023:12:04:19 +0800] "GET /xingrg/check_reg.html?_=1683691296323 HTTP/1.1" 200 22
114.83.221.46 - - [10/May/2023:12:04:19 +0800] "POST /xingrg/kc/buy/cgsh_order_operate.html HTTP/1.1" 200 37
218.81.69.210 - - [10/May/2023:12:04:22 +0800] "GET /xingrg/all/function/internal_message.html?_=1683691466624&CODE_STATE=getMsg HTTP/1.1" 200 27
116.238.139.35 - - [10/May/2023:12:04:22 +0800] "GET /xingrg/all/function/internal_message.html?_=1683691393583&CODE_STATE=getMsg HTTP/1.1" 200 27
124.79.74.67 - - [10/May/2023:12:04:23 +0800] "GET /xingrg/kc/buy/cgsh_order_operate.html?command=get_materiel&rest_code=00156&code=00101008261&supplier_code=00100007&order_time=2023-05-10 HTTP/1.1" 200 408
101.229.22.40 - - [10/May/2023:12:04:23 +0800] "GET /xingrg/all/function/internal_message.html?_=1683691462077&CODE_STATE=getMsg HTTP/1.1" 200 27
116.238.139.35 - - [10/May/2023:12:04:24 +0800] "POST /xingrg/kc/buy/cgsh_order_operate.html HTTP/1.1" 200 12
116.228.172.94 - - [10/May/2023:12:04:25 +0800] "GET /xingrg/all/function/internal_message.html?_=1683691273466&CODE_STATE=getMsg HTTP/1.1" 200 27
124.79.74.67 - - [10/May/2023:12:04:26 +0800] "GET /xingrg/all/function/internal_message.html?_=1683691470865&CODE_STATE=getMsg HTTP/1.1" 200 27
222.67.238.82 - - [10/May/2023:12:04:26 +0800] "GET /xingrg/all/function/internal_message.html?_=1683690987127&CODE_STATE=getMsg HTTP/1.1" 200 27
114.83.221.46 - - [10/May/2023:12:04:26 +0800] "POST /xingrg/kc/buy/cgsh_order_operate.html HTTP/1.1" 200 12
116.238.139.35 - - [10/May/2023:12:04:27 +0800] "GET /xingrg/kc/buy/cgsh_order_info.html?code=212023051003530 HTTP/1.1" 200 66148
114.85.113.108 - - [10/May/2023:12:04:28 +0800] "GET /xingrg/all/function/internal_message.html?_=1683691467662&CODE_STATE=getMsg HTTP/1.1" 200 27
116.238.139.35 - - [10/May/2023:12:04:28 +0800] "GET /xingrg/javascript/easyui/themes/default/validatebox.css HTTP/1.1" 404 1104
114.83.221.46 - - [10/May/2023:12:04:29 +0800] "GET /xingrg/kc/buy/cgsh_order_info.html?code=212023051003531 HTTP/1.1" 200 66174
114.83.221.46 - - [10/May/2023:12:04:29 +0800] "GET /xingrg/javascript/easyui/themes/default/validatebox.css HTTP/1.1" 404 1104
116.238.139.35 - - [10/May/2023:12:04:30 +0800] "POST /xingrg/kc/buy/cgsh_order_operate.html HTTP/1.1" 200 607
180.162.115.227 - - [10/May/2023:12:04:30 +0800] "GET /xingrg/all/function/internal_message.html?_=1683690311514&CODE_STATE=getMsg HTTP/1.1" 200 27
114.83.221.46 - - [10/May/2023:12:04:31 +0800] "POST /xingrg/kc/buy/cgsh_order_operate.html HTTP/1.1" 200 618
116.238.139.35 - - [10/May/2023:12:04:32 +0800] "GET /xingrg/kc/print/load_data.html?order_code=212023051003530&kc_code=cgsh&condition= HTTP/1.1" 200 732
114.83.221.46 - - [10/May/2023:12:04:34 +0800] "GET /xingrg/kc/print/load_data.html?order_code=212023051003531&kc_code=cgsh&condition= HTTP/1.1" 200 771
124.79.74.67 - - [10/May/2023:12:04:36 +0800] "GET /xingrg/kc/buy/cgsh_order_operate.html?command=get_materiel&rest_code=00156&code=00101008207&supplier_code=00100007&order_time=2023-05-10 HTTP/1.1" 200 408
116.224.158.100 - - [10/May/2023:12:04:39 +0800] "GET /xingrg/all/function/internal_message.html?_=1683691478653&CODE_STATE=getMsg HTTP/1.1" 200 27
116.238.139.35 - - [10/May/2023:12:04:41 +0800] "GET /xingrg/javascript/jquery_easy_ui/themes/default/images/button_a_bg.gif HTTP/1.1" 304 -
116.238.139.35 - - [10/May/2023:12:04:41 +0800] "GET /xingrg/javascript/jquery_easy_ui/themes/icons/ok.png HTTP/1.1" 304 -
116.238.139.35 - - [10/May/2023:12:04:41 +0800] "GET /xingrg/javascript/jquery_easy_ui/themes/default/images/button_span_bg.gif HTTP/1.1" 304 -
116.238.139.35 - - [10/May/2023:12:04:41 +0800] "GET /xingrg/javascript/jquery_easy_ui/themes/default/images/panel_tools.gif HTTP/1.1" 304 -
116.238.139.35 - - [10/May/2023:12:04:41 +0800] "GET /xingrg/javascript/jquery_easy_ui/themes/default/images/panel_title.png HTTP/1.1" 304 -
114.83.221.46 - - [10/May/2023:12:04:41 +0800] "GET /xingrg/kc/buy/cgsh_order_add.html HTTP/1.1" 200 71265
114.83.221.46 - - [10/May/2023:12:04:41 +0800] "POST /xingrg/kc/buy/cgsh_order_operate.html HTTP/1.1" 200 8245
114.83.221.46 - - [10/May/2023:12:04:42 +0800] "GET /xingrg/javascript/easyui/themes/default/validatebox.css HTTP/1.1" 404 1104
61.170.232.87 - - [10/May/2023:12:04:42 +0800] "POST /xingrg/kc/buy/cgsh_order_operate.html HTTP/1.1" 200 37
116.238.139.35 - - [10/May/2023:12:04:43 +0800] "POST /xingrg/all/user/operate.html HTTP/1.1" 200 36
116.224.158.100 - - [10/May/2023:12:04:45 +0800] "GET /xingrg/all/function/internal_message.html?_=1683691321902&CODE_STATE=getMsg HTTP/1.1" 200 27
116.238.139.35 - - [10/May/2023:12:04:45 +0800] "GET /xingrg/index.html?sysBaseUrl=http%3A%2F%2F180.169.147.146%3A18081%2Fxingrg%2F&costTime=1053×tamp=1683689572944 HTTP/1.1" 200 17177
116.238.139.35 - - [10/May/2023:12:04:46 +0800] "GET /xingrg/javascript/jquery_easy_ui/themes/default/easyui.css HTTP/1.1" 304 -
116.238.139.35 - - [10/May/2023:12:04:46 +0800] "GET /xingrg/javascript/jquery_easy_ui/themes/icon.css HTTP/1.1" 304 -
116.238.139.35 - - [10/May/2023:12:04:46 +0800] "GET /xingrg/css/form.css HTTP/1.1" 304 -
116.238.139.35 - - [10/May/2023:12:04:46 +0800] "GET /xingrg/javascript/jquery-1.4.2.min.js HTTP/1.1" 304 -
116.238.139.35 - - [10/May/2023:12:04:46 +0800] "GET /xingrg/javascript/jquery_easy_ui/jquery.easyui.min.js HTTP/1.1" 304 -
116.238.139.35 - - [10/May/2023:12:04:46 +0800] "GET /xingrg/javascript/jquery_easy_ui/easyui-lang-zh_CN.js HTTP/1.1" 304 -
116.238.139.35 - - [10/May/2023:12:04:46 +0800] "GET /xingrg/javascript/jquery.form.js HTTP/1.1" 304 -
116.238.139.35 - - [10/May/2023:12:04:46 +0800] "GET /xingrg/javascript/jquery.utils.js HTTP/1.1" 304 -
116.238.139.35 - - [10/May/2023:12:04:46 +0800] "GET /xingrg/javascript/jquery.timers.js HTTP/1.1" 304 -
116.238.139.35 - - [10/May/2023:12:04:46 +0800] "GET /xingrg/images/blue/jxLogo.png HTTP/1.1" 304 -
116.238.139.35 - - [10/May/2023:12:04:46 +0800] "GET /xingrg/images/blue/navBackgound.jpg HTTP/1.1" 304 -
116.238.139.35 - - [10/May/2023:12:04:46 +0800] "GET /xingrg/javascript/jquery_easy_ui/themes/icons/settle_new.png HTTP/1.1" 304 -
116.238.139.35 - - [10/May/2023:12:04:46 +0800] "GET /xingrg/images/blue/pingpu.png HTTP/1.1" 304 -
116.238.139.35 - - [10/May/2023:12:04:46 +0800] "GET /xingrg/javascript/jquery_easy_ui/themes/default/images/tabs_leftarrow.png HTTP/1.1" 304 -
116.238.139.35 - - [10/May/2023:12:04:46 +0800] "GET /xingrg/javascript/jquery_easy_ui/themes/default/images/tabs_rightarrow.png HTTP/1.1" 304 -
116.238.139.35 - - [10/May/2023:12:04:46 +0800] "GET /xingrg/javascript/jquery_easy_ui/themes/default/images/panel_tool_collapse.gif HTTP/1.1" 304 -
116.238.139.35 - - [10/May/2023:12:04:46 +0800] "GET /xingrg/check_reg.html?_=1683691417126 HTTP/1.1" 200 22
116.238.139.35 - - [10/May/2023:12:04:46 +0800] "GET /xingrg/all/function/internal_message.html?_=1683691417125&CODE_STATE=count HTTP/1.1" 200 11
116.238.139.35 - - [10/May/2023:12:04:46 +0800] "POST /xingrg/load_menu.html HTTP/1.1" 200 5138
116.238.139.35 - - [10/May/2023:12:04:46 +0800] "POST /xingrg/all/common/load_tree.html?tree=area_rest_tree_json&manage=1 HTTP/1.1" 200 476
61.170.232.87 - - [10/May/2023:12:04:48 +0800] "POST /xingrg/kc/buy/cgsh_order_operate.html HTTP/1.1" 200 12
61.170.232.87 - - [10/May/2023:12:04:50 +0800] "GET /xingrg/kc/buy/cgsh_order_info.html?code=212023051003532 HTTP/1.1" 200 66084
61.170.232.87 - - [10/May/2023:12:04:51 +0800] "GET /xingrg/javascript/easyui/themes/default/validatebox.css HTTP/1.1" 404 1104
61.170.232.87 - - [10/May/2023:12:04:52 +0800] "POST /xingrg/kc/buy/cgsh_order_operate.html HTTP/1.1" 200 614
116.238.139.35 - - [10/May/2023:12:04:52 +0800] "GET /xingrg/kc/buy/cgsh_order_list.html HTTP/1.1" 200 55399
116.238.139.35 - - [10/May/2023:12:04:54 +0800] "POST /xingrg/kc/buy/cgsh_list_operate.html HTTP/1.1" 200 986
61.170.232.87 - - [10/May/2023:12:04:55 +0800] "GET /xingrg/kc/print/load_data.html?order_code=212023051003532&kc_code=cgsh&condition= HTTP/1.1" 200 723
116.238.139.35 - - [10/May/2023:12:04:55 +0800] "GET /xingrg/kc/buy/cgsh_order_add.html HTTP/1.1" 200 70787
116.238.139.35 - - [10/May/2023:12:04:56 +0800] "POST /xingrg/kc/buy/cgsh_order_operate.html HTTP/1.1" 200 8245
116.238.139.35 - - [10/May/2023:12:04:56 +0800] "GET /xingrg/all/common/auto_word.html?type=employee&rest_code=00151 HTTP/1.1" 200 293
116.238.139.35 - - [10/May/2023:12:04:56 +0800] "GET /xingrg/javascript/easyui/themes/default/validatebox.css HTTP/1.1" 404 1104
116.238.139.35 - - [10/May/2023:12:04:56 +0800] "GET /xingrg/all/common/auto_word.html?type=employee&rest_code=00151 HTTP/1.1" 200 293
116.238.139.35 - - [10/May/2023:12:04:57 +0800] "GET /xingrg/javascript/auto/indicator.gif HTTP/1.1" 404 1066
61.170.232.87 - - [10/May/2023:12:05:03 +0800] "GET /xingrg/all/function/internal_message.html?_=1683691501677&CODE_STATE=getMsg HTTP/1.1" 200 27
61.170.232.87 - - [10/May/2023:12:05:05 +0800] "GET /xingrg/kc/buy/cgsh_order_add.html HTTP/1.1" 200 71171
116.227.208.255 - - [10/May/2023:12:05:05 +0800] "GET /xingrg/check_reg.html?_=1683691555798 HTTP/1.1" 200 22
116.227.208.255 - - [10/May/2023:12:05:05 +0800] "GET /xingrg/all/function/internal_message.html?_=1683691555803&CODE_STATE=getMsg HTTP/1.1" 200 27
61.170.232.87 - - [10/May/2023:12:05:05 +0800] "POST /xingrg/kc/buy/cgsh_order_operate.html HTTP/1.1" 200 8245
61.170.232.87 - - [10/May/2023:12:05:05 +0800] "GET /xingrg/javascript/easyui/themes/default/validatebox.css HTTP/1.1" 404 1104
116.238.139.35 - - [10/May/2023:12:05:06 +0800] "GET /xingrg/kc/buy/cgsh_order_operate.html?command=get_materiel&rest_code=00151&code=00101001213&supplier_code=00100325&order_time=2023-05-10 HTTP/1.1" 200 438
114.83.221.46 - - [10/May/2023:12:05:06 +0800] "GET /xingrg/all/function/internal_message.html?_=1683691505203&CODE_STATE=getMsg HTTP/1.1" 200 27
61.170.232.87 - - [10/May/2023:12:05:07 +0800] "GET /xingrg/javascript/easyui/themes/default/tree.css HTTP/1.1" 404 1090
61.170.232.87 - - [10/May/2023:12:05:08 +0800] "POST /xingrg/all/common/load_tree.html?tree=supplier_tree_json&isDelete=1 HTTP/1.1" 200 73603
124.79.73.36 - - [10/May/2023:12:05:14 +0800] "POST /xingrg/services/DataTransmitService HTTP/1.1" 200 524
180.164.3.199 - - [10/May/2023:12:05:14 +0800] "GET /xingrg/all/function/internal_message.html?_=1683691513979&CODE_STATE=getMsg HTTP/1.1" 200 27
124.79.73.36 - - [10/May/2023:12:05:15 +0800] "POST /xingrg/services/DataTransmitService HTTP/1.1" 200 2055
101.83.240.55 - - [10/May/2023:12:05:18 +0800] "GET /xingrg/all/function/internal_message.html?_=1683691611506&CODE_STATE=getMsg HTTP/1.1" 200 27
172.20.0.100 - - [10/May/2023:12:05:19 +0800] "GET /xingrg/check_reg.html?_=1683691526754 HTTP/1.1" 302 -
116.228.172.94 - - [10/May/2023:12:05:20 +0800] "GET /xingrg/check_reg.html?_=1683691328513 HTTP/1.1" 200 22
218.81.69.210 - - [10/May/2023:12:05:22 +0800] "GET /xingrg/all/function/internal_message.html?_=1683691526624&CODE_STATE=getMsg HTTP/1.1" 200 27
101.229.22.40 - - [10/May/2023:12:05:23 +0800] "GET /xingrg/all/function/internal_message.html?_=1683691522075&CODE_STATE=getMsg HTTP/1.1" 200 27
101.229.22.40 - - [10/May/2023:12:05:23 +0800] "GET /xingrg/check_reg.html?_=1683691522080 HTTP/1.1" 200 22
116.228.172.94 - - [10/May/2023:12:05:25 +0800] "GET /xingrg/all/function/internal_message.html?_=1683691333446&CODE_STATE=getMsg HTTP/1.1" 200 27
124.79.74.67 - - [10/May/2023:12:05:26 +0800] "GET /xingrg/all/function/internal_message.html?_=1683691530877&CODE_STATE=getMsg HTTP/1.1" 200 27
222.67.238.82 - - [10/May/2023:12:05:26 +0800] "GET /xingrg/check_reg.html?_=1683691047125 HTTP/1.1" 200 22
222.67.238.82 - - [10/May/2023:12:05:26 +0800] "GET /xingrg/all/function/internal_message.html?_=1683691047127&CODE_STATE=getMsg HTTP/1.1" 200 27
114.85.113.108 - - [10/May/2023:12:05:28 +0800] "GET /xingrg/all/function/internal_message.html?_=1683691527664&CODE_STATE=getMsg HTTP/1.1" 200 27
61.170.232.87 - - [10/May/2023:12:05:28 +0800] "GET /xingrg/kc/buy/cgsh_order_operate.html?command=get_materiel&rest_code=00106&code=00101006012&supplier_code=00100323&order_time=2023-05-10 HTTP/1.1" 200 419
180.162.115.227 - - [10/May/2023:12:05:30 +0800] "GET /xingrg/all/function/internal_message.html?_=1683690371512&CODE_STATE=getMsg HTTP/1.1" 200 27
180.162.115.227 - - [10/May/2023:12:05:33 +0800] "POST /xingrg/kc/buy/cgsh_order_operate.html HTTP/1.1" 200 37
124.79.74.67 - - [10/May/2023:12:05:33 +0800] "GET /xingrg/kc/buy/cgsh_order_operate.html?command=get_materiel&rest_code=00156&code=00101008358&supplier_code=00100007&order_time=2023-05-10 HTTP/1.1" 200 412
116.238.139.35 - - [10/May/2023:12:05:33 +0800] "GET /xingrg/kc/buy/cgsh_order_operate.html?command=get_materiel&rest_code=00151&code=00101010035&supplier_code=00100325&order_time=2023-05-10 HTTP/1.1" 200 414
180.162.115.227 - - [10/May/2023:12:05:35 +0800] "POST /xingrg/kc/buy/cgsh_order_operate.html HTTP/1.1" 200 2667
61.170.232.87 - - [10/May/2023:12:05:36 +0800] "GET /xingrg/all/function/internal_message.html?_=1683691537630&CODE_STATE=getMsg HTTP/1.1" 200 27
116.224.158.100 - - [10/May/2023:12:05:39 +0800] "GET /xingrg/all/function/internal_message.html?_=1683691538628&CODE_STATE=getMsg HTTP/1.1" 200 27
114.85.99.208 - - [10/May/2023:12:05:40 +0800] "POST /xingrg/services/DataTransmitService HTTP/1.1" 200 524
124.79.74.67 - - [10/May/2023:12:05:41 +0800] "GET /xingrg/kc/buy/cgsh_order_operate.html?command=get_materiel&rest_code=00156&code=00101008087&supplier_code=00100007&order_time=2023-05-10 HTTP/1.1" 200 412
114.85.99.208 - - [10/May/2023:12:05:41 +0800] "POST /xingrg/services/DataTransmitService HTTP/1.1" 200 501
116.224.158.100 - - [10/May/2023:12:05:45 +0800] "GET /xingrg/all/function/internal_message.html?_=1683691381907&CODE_STATE=getMsg HTTP/1.1" 200 27
116.224.158.100 - - [10/May/2023:12:05:45 +0800] "GET /xingrg/check_reg.html?_=1683691381929 HTTP/1.1" 200 22
116.238.139.35 - - [10/May/2023:12:05:46 +0800] "GET /xingrg/all/function/internal_message.html?_=1683691477139&CODE_STATE=getMsg HTTP/1.1" 200 27
124.79.74.67 - - [10/May/2023:12:05:49 +0800] "GET /xingrg/kc/buy/cgsh_order_operate.html?command=get_materiel&rest_code=00156&code=00101008355&supplier_code=00100007&order_time=2023-05-10 HTTP/1.1" 200 408
61.170.232.87 - - [10/May/2023:12:05:55 +0800] "GET /xingrg/kc/buy/cgsh_order_operate.html?command=get_materiel&rest_code=00106&code=00101010785&supplier_code=00100323&order_time=2023-05-10 HTTP/1.1" 200 461
124.79.74.67 - - [10/May/2023:12:05:56 +0800] "GET /xingrg/kc/buy/cgsh_order_operate.html?command=get_materiel&rest_code=00156&code=00101008331&supplier_code=00100007&order_time=2023-05-10 HTTP/1.1" 200 416
61.170.232.87 - - [10/May/2023:12:06:03 +0800] "GET /xingrg/all/function/internal_message.html?_=1683691561680&CODE_STATE=getMsg HTTP/1.1" 200 27
124.79.74.67 - - [10/May/2023:12:06:05 +0800] "GET /xingrg/kc/buy/cgsh_order_operate.html?command=get_materiel&rest_code=00156&code=00101008372&supplier_code=00100007&order_time=2023-05-10 HTTP/1.1" 200 408
116.227.208.255 - - [10/May/2023:12:06:05 +0800] "GET /xingrg/all/function/internal_message.html?_=1683691615802&CODE_STATE=getMsg HTTP/1.1" 200 27
114.83.221.46 - - [10/May/2023:12:06:06 +0800] "GET /xingrg/all/function/internal_message.html?_=1683691565178&CODE_STATE=getMsg HTTP/1.1" 200 27
124.79.74.67 - - [10/May/2023:12:06:13 +0800] "GET /xingrg/kc/buy/cgsh_order_operate.html?command=get_materiel&rest_code=00156&code=00101008359&supplier_code=00100007&order_time=2023-05-10 HTTP/1.1" 200 408
180.164.3.199 - - [10/May/2023:12:06:14 +0800] "GET /xingrg/all/function/internal_message.html?_=1683691573962&CODE_STATE=getMsg HTTP/1.1" 200 27
101.83.240.55 - - [10/May/2023:12:06:18 +0800] "GET /xingrg/all/function/internal_message.html?_=1683691671495&CODE_STATE=getMsg HTTP/1.1" 200 27
61.170.232.87 - - [10/May/2023:12:06:19 +0800] "GET /xingrg/kc/buy/cgsh_order_operate.html?command=get_materiel&rest_code=00106&code=00101007057&supplier_code=00100323&order_time=2023-05-10 HTTP/1.1" 200 413
218.81.69.210 - - [10/May/2023:12:06:22 +0800] "GET /xingrg/all/function/internal_message.html?_=1683691586625&CODE_STATE=getMsg HTTP/1.1" 200 27
218.81.69.210 - - [10/May/2023:12:06:22 +0800] "GET /xingrg/check_reg.html?_=1683691586627 HTTP/1.1" 200 22
101.229.22.40 - - [10/May/2023:12:06:23 +0800] "GET /xingrg/all/function/internal_message.html?_=1683691582078&CODE_STATE=getMsg HTTP/1.1" 200 27
116.228.172.94 - - [10/May/2023:12:06:25 +0800] "GET /xingrg/all/function/internal_message.html?_=1683691393423&CODE_STATE=getMsg HTTP/1.1" 200 27
114.83.221.46 - - [10/May/2023:12:06:26 +0800] "GET /xingrg/kc/buy/cgsh_order_add.html HTTP/1.1" 200 71265
124.79.74.67 - - [10/May/2023:12:06:26 +0800] "GET /xingrg/all/function/internal_message.html?_=1683691590869&CODE_STATE=getMsg HTTP/1.1" 200 27
116.238.139.35 - - [10/May/2023:12:06:26 +0800] "GET /xingrg/kc/buy/cgsh_order_operate.html?command=get_materiel&rest_code=00151&code=00101001249&supplier_code=00100325&order_time=2023-05-10 HTTP/1.1" 200 438
114.83.221.46 - - [10/May/2023:12:06:26 +0800] "POST /xingrg/kc/buy/cgsh_order_operate.html HTTP/1.1" 200 8245
114.83.221.46 - - [10/May/2023:12:06:26 +0800] "GET /xingrg/javascript/easyui/themes/default/validatebox.css HTTP/1.1" 404 1104
222.67.238.82 - - [10/May/2023:12:06:26 +0800] "GET /xingrg/all/function/internal_message.html?_=1683691107126&CODE_STATE=getMsg HTTP/1.1" 200 27
114.85.113.108 - - [10/May/2023:12:06:28 +0800] "GET /xingrg/all/function/internal_message.html?_=1683691587663&CODE_STATE=getMsg HTTP/1.1" 200 27
180.162.115.227 - - [10/May/2023:12:06:30 +0800] "GET /xingrg/check_reg.html?_=1683690431528 HTTP/1.1" 200 22
180.162.115.227 - - [10/May/2023:12:06:30 +0800] "GET /xingrg/all/function/internal_message.html?_=1683690431525&CODE_STATE=getMsg HTTP/1.1" 200 27
61.170.232.87 - - [10/May/2023:12:06:35 +0800] "GET /xingrg/check_reg.html?_=1683691597456 HTTP/1.1" 200 22
61.170.232.87 - - [10/May/2023:12:06:36 +0800] "GET /xingrg/all/function/internal_message.html?_=1683691597615&CODE_STATE=getMsg HTTP/1.1" 200 27
116.238.139.35 - - [10/May/2023:12:06:36 +0800] "GET /xingrg/kc/buy/cgsh_order_operate.html?command=get_materiel&rest_code=00151&code=00101010152&supplier_code=00100325&order_time=2023-05-10 HTTP/1.1" 200 413
116.224.158.100 - - [10/May/2023:12:06:39 +0800] "GET /xingrg/all/function/internal_message.html?_=1683691598609&CODE_STATE=getMsg HTTP/1.1" 200 27
218.81.69.210 - - [10/May/2023:12:06:41 +0800] "GET /xingrg/check_reg.html?_=1683691603208 HTTP/1.1" 200 22
116.224.158.100 - - [10/May/2023:12:06:45 +0800] "GET /xingrg/all/function/internal_message.html?_=1683691441898&CODE_STATE=getMsg HTTP/1.1" 200 27
116.238.139.35 - - [10/May/2023:12:06:46 +0800] "GET /xingrg/all/function/internal_message.html?_=1683691537153&CODE_STATE=getMsg HTTP/1.1" 200 27
116.238.139.35 - - [10/May/2023:12:06:50 +0800] "GET /xingrg/kc/buy/cgsh_order_operate.html?command=get_materiel&rest_code=00151&code=00101006291&supplier_code=00100325&order_time=2023-05-10 HTTP/1.1" 200 417
114.85.99.208 - - [10/May/2023:12:06:50 +0800] "GET /xingrg/login.html HTTP/1.1" 200 7641
114.85.99.208 - - [10/May/2023:12:06:51 +0800] "GET /favicon.ico HTTP/1.1" 404 -
114.85.99.208 - - [10/May/2023:12:06:55 +0800] "POST /xingrg/login.do HTTP/1.1" 302 -
61.170.232.87 - - [10/May/2023:12:06:55 +0800] "GET /xingrg/kc/buy/cgsh_order_operate.html?command=get_materiel&rest_code=00106&code=00101008680&supplier_code=00100323&order_time=2023-05-10 HTTP/1.1" 200 414
114.85.99.208 - - [10/May/2023:12:06:55 +0800] "GET /xingrg/index.html?sysBaseUrl=http%3A%2F%2F180.169.147.146%3A18081%2Fxingrg%2F&costTime=1255×tamp=1683691615212 HTTP/1.1" 200 17503
114.85.99.208 - - [10/May/2023:12:06:55 +0800] "GET /favicon.ico HTTP/1.1" 404 -
114.85.99.208 - - [10/May/2023:12:06:56 +0800] "POST /xingrg/all/common/load_tree.html?tree=area_rest_tree_json&manage=1 HTTP/1.1" 200 3499
114.85.99.208 - - [10/May/2023:12:06:56 +0800] "GET /xingrg/check_reg.html?_=1683691621692 HTTP/1.1" 200 22
114.85.99.208 - - [10/May/2023:12:06:56 +0800] "GET /xingrg/all/function/internal_message.html?_=1683691621691&CODE_STATE=count HTTP/1.1" 200 11
114.85.99.208 - - [10/May/2023:12:06:56 +0800] "POST /xingrg/load_menu.html HTTP/1.1" 200 11443
114.85.99.208 - - [10/May/2023:12:06:59 +0800] "GET /xingrg/kc/info/info_main.html HTTP/1.1" 200 6010
114.85.99.208 - - [10/May/2023:12:06:59 +0800] "GET /xingrg/images/blue/cldwgl.gif HTTP/1.1" 200 2487
114.85.99.208 - - [10/May/2023:12:06:59 +0800] "GET /xingrg/images/blue/clxx.gif HTTP/1.1" 200 1916
114.85.99.208 - - [10/May/2023:12:06:59 +0800] "GET /xingrg/images/blue/ckxx.gif HTTP/1.1" 200 2041
114.85.99.208 - - [10/May/2023:12:06:59 +0800] "GET /xingrg/images/blue/gysxxgl.gif HTTP/1.1" 200 1945
114.85.99.208 - - [10/May/2023:12:06:59 +0800] "GET /xingrg/images/blue/gyslbgl.gif HTTP/1.1" 200 1480
114.85.99.208 - - [10/May/2023:12:06:59 +0800] "GET /xingrg/images/blue/gyscljg.gif HTTP/1.1" 200 2081
114.85.99.208 - - [10/May/2023:12:07:00 +0800] "GET /xingrg/system/info/materiel_manager.html HTTP/1.1" 200 19497
114.85.99.208 - - [10/May/2023:12:07:00 +0800] "GET /xingrg/css/xtree.css HTTP/1.1" 200 880
114.85.99.208 - - [10/May/2023:12:07:00 +0800] "GET /xingrg/javascript/jquery_ui/themes/base/base.css HTTP/1.1" 200 28568
114.85.99.208 - - [10/May/2023:12:07:00 +0800] "GET /xingrg/dwr/interface/AjaxBaseInfoService.js HTTP/1.1" 200 21363
114.85.99.208 - - [10/May/2023:12:07:00 +0800] "GET /xingrg/dwr/interface/AjaxComOrderService.js HTTP/1.1" 200 18264
114.85.99.208 - - [10/May/2023:12:07:01 +0800] "GET /xingrg/dwr/util.js HTTP/1.1" 200 35990
114.85.99.208 - - [10/May/2023:12:07:01 +0800] "GET /xingrg/dwr/engine.js HTTP/1.1" 200 43631
114.85.99.208 - - [10/May/2023:12:07:01 +0800] "GET /xingrg/javascript/Grid.js HTTP/1.1" 200 58908
114.85.99.208 - - [10/May/2023:12:07:01 +0800] "GET /xingrg/javascript/xtree.js HTTP/1.1" 200 26582
114.85.99.208 - - [10/May/2023:12:07:01 +0800] "GET /xingrg/images/xtree/openfoldericon.png HTTP/1.1" 200 232
114.85.99.208 - - [10/May/2023:12:07:01 +0800] "GET /xingrg/javascript/jquery_easy_ui/themes/icons/import_new.png HTTP/1.1" 200 1247
114.85.99.208 - - [10/May/2023:12:07:01 +0800] "GET /xingrg/javascript/jquery_easy_ui/themes/icons/print_new.png HTTP/1.1" 200 3580
116.238.139.35 - - [10/May/2023:12:07:01 +0800] "GET /xingrg/kc/buy/cgsh_order_operate.html?command=get_materiel&rest_code=00151&code=00101010683&supplier_code=00100325&order_time=2023-05-10 HTTP/1.1" 200 421
114.85.99.208 - - [10/May/2023:12:07:01 +0800] "GET /xingrg/images/blue/wait.gif HTTP/1.1" 200 1100
114.85.99.208 - - [10/May/2023:12:07:01 +0800] "POST /xingrg/dwr/call/plaincall/AjaxBaseInfoService.getSubMaterielSorts.dwr HTTP/1.1" 200 219
114.85.99.208 - - [10/May/2023:12:07:01 +0800] "GET /xingrg/images/xtree/Lplus.png HTTP/1.1" 200 224
114.85.99.208 - - [10/May/2023:12:07:01 +0800] "GET /xingrg/images/xtree/foldericon.png HTTP/1.1" 200 229
114.85.99.208 - - [10/May/2023:12:07:01 +0800] "GET /xingrg/images/xtree/Tplus.png HTTP/1.1" 200 222
114.83.221.46 - - [10/May/2023:12:07:02 +0800] "GET /xingrg/kc/buy/cgsh_order_operate.html?command=get_materiel&rest_code=00149&code=00101001140&supplier_code=00100319&order_time=2023-05-10 HTTP/1.1" 200 417
114.85.99.208 - - [10/May/2023:12:07:02 +0800] "POST /xingrg/dwr/call/plaincall/AjaxBaseInfoService.getMateriels.dwr HTTP/1.1" 200 2930
61.170.232.87 - - [10/May/2023:12:07:03 +0800] "GET /xingrg/all/function/internal_message.html?_=1683691621683&CODE_STATE=getMsg HTTP/1.1" 200 27
114.85.99.208 - - [10/May/2023:12:07:05 +0800] "POST /xingrg/dwr/call/plaincall/AjaxBaseInfoService.getSubMaterielSorts.dwr HTTP/1.1" 200 4044
114.85.99.208 - - [10/May/2023:12:07:05 +0800] "GET /xingrg/images/xtree/I.png HTTP/1.1" 200 148
114.85.99.208 - - [10/May/2023:12:07:05 +0800] "GET /xingrg/images/xtree/L.png HTTP/1.1" 200 153
114.85.99.208 - - [10/May/2023:12:07:05 +0800] "GET /xingrg/images/xtree/file.png HTTP/1.1" 200 251
114.85.99.208 - - [10/May/2023:12:07:05 +0800] "GET /xingrg/images/xtree/T.png HTTP/1.1" 200 152
114.85.99.208 - - [10/May/2023:12:07:05 +0800] "GET /xingrg/images/xtree/Tminus.png HTTP/1.1" 200 207
116.227.208.255 - - [10/May/2023:12:07:05 +0800] "GET /xingrg/all/function/internal_message.html?_=1683691675792&CODE_STATE=getMsg HTTP/1.1" 200 27
114.85.99.208 - - [10/May/2023:12:07:05 +0800] "POST /xingrg/dwr/call/plaincall/AjaxBaseInfoService.getMateriels.dwr HTTP/1.1" 200 2928
114.85.99.208 - - [10/May/2023:12:07:06 +0800] "POST /xingrg/dwr/call/plaincall/AjaxBaseInfoService.getMateriels.dwr HTTP/1.1" 200 2928
114.83.221.46 - - [10/May/2023:12:07:06 +0800] "GET /xingrg/check_reg.html?_=1683691624895 HTTP/1.1" 200 22
114.83.221.46 - - [10/May/2023:12:07:06 +0800] "GET /xingrg/all/function/internal_message.html?_=1683691625163&CODE_STATE=getMsg HTTP/1.1" 200 27
114.85.99.208 - - [10/May/2023:12:07:07 +0800] "POST /xingrg/dwr/call/plaincall/AjaxBaseInfoService.getMateriels.dwr HTTP/1.1" 200 3232
114.85.99.208 - - [10/May/2023:12:07:09 +0800] "GET /xingrg/system/info/materiel_info.html?code=00101019&isAdd=1 HTTP/1.1" 200 37235
114.85.99.208 - - [10/May/2023:12:07:09 +0800] "GET /xingrg/dwr/interface/AjaxGetFirstChart.js HTTP/1.1" 200 631
114.85.99.208 - - [10/May/2023:12:07:09 +0800] "GET /xingrg/dwr/engine.js HTTP/1.1" 200 43631
114.85.99.208 - - [10/May/2023:12:07:09 +0800] "GET /xingrg/javascript/checkform.js HTTP/1.1" 200 18351
114.85.99.208 - - [10/May/2023:12:07:09 +0800] "GET /favicon.ico HTTP/1.1" 404 -
114.85.99.208 - - [10/May/2023:12:07:10 +0800] "POST /xingrg/all/common/load_tree.html?tree=area_rest_tree_json HTTP/1.1" 200 3499
114.85.99.208 - - [10/May/2023:12:07:10 +0800] "POST /xingrg/dwr/call/plaincall/AjaxBaseInfoService.getMaterielInfo.dwr HTTP/1.1" 200 210
114.85.99.208 - - [10/May/2023:12:07:10 +0800] "POST /xingrg/all/common/load_tree.html?tree=area_rest_tree_json&defaultRests=undefined HTTP/1.1" 200 3499
180.164.3.199 - - [10/May/2023:12:07:14 +0800] "GET /xingrg/all/function/internal_message.html?_=1683691633944&CODE_STATE=getMsg HTTP/1.1" 200 27
116.238.139.35 - - [10/May/2023:12:07:15 +0800] "GET /xingrg/kc/buy/cgsh_order_operate.html?command=get_materiel&rest_code=00151&code=00101010376&supplier_code=00100325&order_time=2023-05-10 HTTP/1.1" 200 420
114.85.99.208 - - [10/May/2023:12:07:17 +0800] "POST /xingrg/dwr/call/plaincall/AjaxGetFirstChart.getFirstChart.dwr HTTP/1.1" 200 79
101.83.240.55 - - [10/May/2023:12:07:18 +0800] "GET /xingrg/all/function/internal_message.html?_=1683691731507&CODE_STATE=getMsg HTTP/1.1" 200 27
114.85.99.208 - - [10/May/2023:12:07:18 +0800] "POST /xingrg/dwr/call/plaincall/AjaxBaseInfoService.changeUnitGroup.dwr HTTP/1.1" 200 243
61.170.232.87 - - [10/May/2023:12:07:19 +0800] "GET /xingrg/kc/buy/cgsh_order_operate.html?command=get_materiel&rest_code=00106&code=00101001310&supplier_code=00100323&order_time=2023-05-10 HTTP/1.1" 200 405
114.83.221.46 - - [10/May/2023:12:07:19 +0800] "GET /xingrg/kc/buy/cgsh_order_operate.html?command=get_materiel&rest_code=00149&code=00101001125&supplier_code=00100319&order_time=2023-05-10 HTTP/1.1" 200 416
218.81.69.210 - - [10/May/2023:12:07:22 +0800] "GET /xingrg/all/function/internal_message.html?_=1683691646651&CODE_STATE=getMsg HTTP/1.1" 200 27
101.229.22.40 - - [10/May/2023:12:07:23 +0800] "GET /xingrg/all/function/internal_message.html?_=1683691642078&CODE_STATE=getMsg HTTP/1.1" 200 27
114.85.99.208 - - [10/May/2023:12:07:25 +0800] "POST /xingrg/dwr/call/plaincall/AjaxBaseInfoService.saveMateriel.dwr HTTP/1.1" 200 109
116.228.172.94 - - [10/May/2023:12:07:25 +0800] "GET /xingrg/all/function/internal_message.html?_=1683691453401&CODE_STATE=getMsg HTTP/1.1" 200 27
114.85.99.208 - - [10/May/2023:12:07:25 +0800] "POST /xingrg/dwr/call/plaincall/AjaxBaseInfoService.getMateriels.dwr HTTP/1.1" 200 3232
124.79.74.67 - - [10/May/2023:12:07:26 +0800] "GET /xingrg/all/function/internal_message.html?_=1683691650871&CODE_STATE=getMsg HTTP/1.1" 200 27
61.170.232.87 - - [10/May/2023:12:07:26 +0800] "POST /xingrg/all/common/load_select.html HTTP/1.1" 200 25
222.67.238.82 - - [10/May/2023:12:07:26 +0800] "GET /xingrg/all/function/internal_message.html?_=1683691167124&CODE_STATE=getMsg HTTP/1.1" 200 27
124.79.74.67 - - [10/May/2023:12:07:28 +0800] "GET /xingrg/kc/buy/cgsh_order_operate.html?command=get_materiel&rest_code=00156&code=00101008283&supplier_code=00100007&order_time=2023-05-10 HTTP/1.1" 200 408
114.85.113.108 - - [10/May/2023:12:07:28 +0800] "GET /xingrg/all/function/internal_message.html?_=1683691647665&CODE_STATE=getMsg HTTP/1.1" 200 27
114.85.113.108 - - [10/May/2023:12:07:28 +0800] "GET /xingrg/check_reg.html?_=1683691647667 HTTP/1.1" 200 22
114.85.99.208 - - [10/May/2023:12:07:29 +0800] "GET /xingrg/system/info/materiel_info.html?code=00101019&isAdd=1 HTTP/1.1" 200 37235
114.85.99.208 - - [10/May/2023:12:07:29 +0800] "GET /xingrg/dwr/interface/AjaxBaseInfoService.js HTTP/1.1" 200 21363
114.85.99.208 - - [10/May/2023:12:07:29 +0800] "GET /xingrg/dwr/interface/AjaxGetFirstChart.js HTTP/1.1" 200 631
114.85.99.208 - - [10/May/2023:12:07:29 +0800] "GET /xingrg/dwr/interface/AjaxComOrderService.js HTTP/1.1" 200 18264
114.85.99.208 - - [10/May/2023:12:07:29 +0800] "GET /xingrg/dwr/engine.js HTTP/1.1" 200 43631
114.85.99.208 - - [10/May/2023:12:07:30 +0800] "POST /xingrg/all/common/load_tree.html?tree=area_rest_tree_json HTTP/1.1" 200 3499
114.85.99.208 - - [10/May/2023:12:07:30 +0800] "POST /xingrg/dwr/call/plaincall/AjaxBaseInfoService.getMaterielInfo.dwr HTTP/1.1" 200 210
114.85.99.208 - - [10/May/2023:12:07:30 +0800] "POST /xingrg/all/common/load_tree.html?tree=area_rest_tree_json&defaultRests=undefined HTTP/1.1" 200 3499
180.162.115.227 - - [10/May/2023:12:07:30 +0800] "GET /xingrg/all/function/internal_message.html?_=1683690491530&CODE_STATE=getMsg HTTP/1.1" 200 27
116.238.139.35 - - [10/May/2023:12:07:30 +0800] "GET /xingrg/kc/buy/cgsh_order_operate.html?command=get_materiel&rest_code=00151&code=00101010237&supplier_code=00100325&order_time=2023-05-10 HTTP/1.1" 200 412
61.170.232.87 - - [10/May/2023:12:07:31 +0800] "GET /xingrg/kc/buy/cgsh_order_operate.html?command=get_materiel_price&rest_code=00106&code=00101001310&unit_code=00100017&supplier_code=00100323&order_time=2023-05-10 HTTP/1.1" 200 27
61.170.232.87 - - [10/May/2023:12:07:36 +0800] "GET /xingrg/all/function/internal_message.html?_=1683691657600&CODE_STATE=getMsg HTTP/1.1" 200 27
58.40.7.146 - - [10/May/2023:12:07:38 +0800] "GET /xingrg/check_reg.html?_=1683691658828 HTTP/1.1" 302 -
116.224.158.100 - - [10/May/2023:12:07:39 +0800] "GET /xingrg/all/function/internal_message.html?_=1683691658584&CODE_STATE=getMsg HTTP/1.1" 200 27
114.85.99.208 - - [10/May/2023:12:07:39 +0800] "POST /xingrg/dwr/call/plaincall/AjaxBaseInfoService.getMateriels.dwr HTTP/1.1" 200 1911
124.79.74.67 - - [10/May/2023:12:07:40 +0800] "GET /xingrg/kc/buy/cgsh_order_operate.html?command=get_materiel&rest_code=00156&code=00101008268&supplier_code=00100007&order_time=2023-05-10 HTTP/1.1" 200 408
116.238.139.35 - - [10/May/2023:12:07:44 +0800] "POST /xingrg/kc/buy/cgsh_order_operate.html HTTP/1.1" 200 37
116.224.158.100 - - [10/May/2023:12:07:45 +0800] "GET /xingrg/all/function/internal_message.html?_=1683691501898&CODE_STATE=getMsg HTTP/1.1" 200 27
116.238.139.35 - - [10/May/2023:12:07:46 +0800] "GET /xingrg/all/function/internal_message.html?_=1683691597166&CODE_STATE=getMsg HTTP/1.1" 200 27
116.238.139.35 - - [10/May/2023:12:07:46 +0800] "POST /xingrg/kc/buy/cgsh_order_operate.html HTTP/1.1" 200 6321
124.79.74.67 - - [10/May/2023:12:07:46 +0800] "GET /xingrg/kc/buy/cgsh_order_operate.html?command=get_materiel&rest_code=00156&code=00101008694&supplier_code=00100007&order_time=2023-05-10 HTTP/1.1" 200 420
114.83.221.46 - - [10/May/2023:12:07:51 +0800] "POST /xingrg/kc/buy/cgsh_order_operate.html HTTP/1.1" 200 37
114.83.221.46 - - [10/May/2023:12:07:59 +0800] "POST /xingrg/kc/buy/cgsh_order_operate.html HTTP/1.1" 200 12
61.170.232.87 - - [10/May/2023:12:08:02 +0800] "POST /xingrg/kc/buy/cgsh_order_operate.html HTTP/1.1" 200 37
180.163.29.79 - - [10/May/2023:12:08:03 +0800] "GET /xingrg/all/function/internal_message.html?_=1683691621683&CODE_STATE=getMsg HTTP/1.1" 302 -
180.163.29.79 - - [10/May/2023:12:08:03 +0800] "GET /xingrg/login.html HTTP/1.1" 200 7641
61.170.232.87 - - [10/May/2023:12:08:03 +0800] "GET /xingrg/all/function/internal_message.html?_=1683691681682&CODE_STATE=getMsg HTTP/1.1" 200 27
114.83.221.46 - - [10/May/2023:12:08:04 +0800] "GET /xingrg/kc/buy/cgsh_order_info.html?code=212023051003535 HTTP/1.1" 200 66178
114.83.221.46 - - [10/May/2023:12:08:04 +0800] "GET /xingrg/words/20230510120725_words.js HTTP/1.1" 200 963395
114.83.221.46 - - [10/May/2023:12:08:04 +0800] "GET /xingrg/javascript/easyui/themes/default/validatebox.css HTTP/1.1" 404 1104
124.79.74.67 - - [10/May/2023:12:08:04 +0800] "GET /xingrg/kc/buy/cgsh_order_operate.html?command=get_materiel&rest_code=00156&code=00101008318&supplier_code=00100007&order_time=2023-05-10 HTTP/1.1" 200 408
114.83.221.46 - - [10/May/2023:12:08:05 +0800] "POST /xingrg/kc/buy/cgsh_order_operate.html HTTP/1.1" 200 1213
116.227.208.255 - - [10/May/2023:12:08:05 +0800] "GET /xingrg/all/function/internal_message.html?_=1683691735806&CODE_STATE=getMsg HTTP/1.1" 200 27
114.83.221.46 - - [10/May/2023:12:08:06 +0800] "GET /xingrg/all/function/internal_message.html?_=1683691685138&CODE_STATE=getMsg HTTP/1.1" 200 27
114.83.221.46 - - [10/May/2023:12:08:07 +0800] "GET /xingrg/kc/print/load_data.html?order_code=212023051003535&kc_code=cgsh&condition= HTTP/1.1" 200 952
61.170.232.87 - - [10/May/2023:12:08:10 +0800] "POST /xingrg/kc/buy/cgsh_order_operate.html HTTP/1.1" 200 12
114.83.221.46 - - [10/May/2023:12:08:11 +0800] "GET /xingrg/kc/buy/cgsh_order_add.html HTTP/1.1" 200 71265
114.83.221.46 - - [10/May/2023:12:08:11 +0800] "GET /xingrg/words/20230510120725_words.js HTTP/1.1" 304 -
114.83.221.46 - - [10/May/2023:12:08:11 +0800] "POST /xingrg/kc/buy/cgsh_order_operate.html HTTP/1.1" 200 8245
114.83.221.46 - - [10/May/2023:12:08:11 +0800] "GET /xingrg/javascript/easyui/themes/default/validatebox.css HTTP/1.1" 404 1104
61.170.232.87 - - [10/May/2023:12:08:12 +0800] "GET /xingrg/kc/buy/cgsh_order_info.html?code=212023051003536 HTTP/1.1" 200 66083
61.170.232.87 - - [10/May/2023:12:08:12 +0800] "GET /xingrg/words/20230510120725_words.js HTTP/1.1" 200 963395
61.170.232.87 - - [10/May/2023:12:08:12 +0800] "GET /xingrg/javascript/easyui/themes/default/validatebox.css HTTP/1.1" 404 1104
61.170.232.87 - - [10/May/2023:12:08:13 +0800] "POST /xingrg/kc/buy/cgsh_order_operate.html HTTP/1.1" 200 3026
124.79.74.67 - - [10/May/2023:12:08:14 +0800] "GET /xingrg/kc/buy/cgsh_order_operate.html?command=get_materiel&rest_code=00156&code=00101008312&supplier_code=00100007&order_time=2023-05-10 HTTP/1.1" 200 412
180.164.3.199 - - [10/May/2023:12:08:14 +0800] "GET /xingrg/all/function/internal_message.html?_=1683691693934&CODE_STATE=getMsg HTTP/1.1" 200 27
180.164.3.199 - - [10/May/2023:12:08:14 +0800] "GET /xingrg/check_reg.html?_=1683691694029 HTTP/1.1" 200 22
101.83.240.55 - - [10/May/2023:12:08:18 +0800] "GET /xingrg/all/function/internal_message.html?_=1683691791499&CODE_STATE=getMsg HTTP/1.1" 200 27
101.83.240.55 - - [10/May/2023:12:08:18 +0800] "GET /xingrg/check_reg.html?_=1683691791501 HTTP/1.1" 200 22
114.83.221.46 - - [10/May/2023:12:08:18 +0800] "GET /xingrg/kc/buy/cgsh_order_operate.html?command=get_materiel&rest_code=00149&code=00101019978&supplier_code=00100337&order_time=2023-05-10 HTTP/1.1" 200 398
124.79.74.67 - - [10/May/2023:12:08:20 +0800] "GET /xingrg/kc/buy/cgsh_order_operate.html?command=get_materiel&rest_code=00156&code=00101008141&supplier_code=00100007&order_time=2023-05-10 HTTP/1.1" 200 412
218.81.69.210 - - [10/May/2023:12:08:22 +0800] "GET /xingrg/all/function/internal_message.html?_=1683691706649&CODE_STATE=getMsg HTTP/1.1" 200 27
101.229.22.40 - - [10/May/2023:12:08:23 +0800] "GET /xingrg/all/function/internal_message.html?_=1683691702078&CODE_STATE=getMsg HTTP/1.1" 200 27
116.228.172.94 - - [10/May/2023:12:08:25 +0800] "GET /xingrg/all/function/internal_message.html?_=1683691513385&CODE_STATE=getMsg HTTP/1.1" 200 27
124.79.74.67 - - [10/May/2023:12:08:26 +0800] "GET /xingrg/all/function/internal_message.html?_=1683691710873&CODE_STATE=getMsg HTTP/1.1" 200 27
124.79.74.67 - - [10/May/2023:12:08:26 +0800] "GET /xingrg/check_reg.html?_=1683691710875 HTTP/1.1" 200 22
222.67.238.82 - - [10/May/2023:12:08:26 +0800] "GET /xingrg/all/function/internal_message.html?_=1683691227123&CODE_STATE=getMsg HTTP/1.1" 200 27
124.79.74.67 - - [10/May/2023:12:08:27 +0800] "GET /xingrg/kc/buy/cgsh_order_operate.html?command=get_materiel&rest_code=00156&code=00101008185&supplier_code=00100007&order_time=2023-05-10 HTTP/1.1" 200 408
61.170.232.87 - - [10/May/2023:12:08:27 +0800] "GET /xingrg/kc/print/load_data.html?order_code=212023051003536&kc_code=cgsh&condition= HTTP/1.1" 200 1665
116.224.158.100 - - [10/May/2023:12:08:27 +0800] "GET /xingrg/check_reg.html?_=1683691706973 HTTP/1.1" 200 22
114.85.113.108 - - [10/May/2023:12:08:28 +0800] "GET /xingrg/all/function/internal_message.html?_=1683691707665&CODE_STATE=getMsg HTTP/1.1" 200 27
116.238.139.35 - - [10/May/2023:12:08:29 +0800] "GET /xingrg/kc/buy/cgsh_order_add.html HTTP/1.1" 200 70787
116.238.139.35 - - [10/May/2023:12:08:29 +0800] "GET /xingrg/words/20230510120725_words.js HTTP/1.1" 200 963395
116.238.139.35 - - [10/May/2023:12:08:30 +0800] "POST /xingrg/kc/buy/cgsh_order_operate.html HTTP/1.1" 200 8245
116.238.139.35 - - [10/May/2023:12:08:30 +0800] "GET /xingrg/javascript/easyui/themes/default/validatebox.css HTTP/1.1" 404 1104
114.83.221.46 - - [10/May/2023:12:08:30 +0800] "GET /xingrg/kc/buy/cgsh_order_operate.html?command=get_materiel&rest_code=00149&code=00101013162&supplier_code=00100337&order_time=2023-05-10 HTTP/1.1" 200 414
180.162.115.227 - - [10/May/2023:12:08:30 +0800] "GET /xingrg/all/function/internal_message.html?_=1683690551522&CODE_STATE=getMsg HTTP/1.1" 200 27
