218.81.69.210 - - [10/May/2023:08:51:51 +0800] "GET /xingrg/servlets/image?cache=0.5027003266007002&image=px HTTP/1.1" 200 807
116.238.139.35 - - [10/May/2023:08:51:51 +0800] "GET /xingrg/all/function/internal_message.html?_=1683679842024&CODE_STATE=getMsg HTTP/1.1" 200 27
116.224.158.100 - - [10/May/2023:08:51:53 +0800] "POST /xingrg/services/DataTransmitService HTTP/1.1" 200 524
116.224.158.100 - - [10/May/2023:08:51:53 +0800] "GET /xingrg/all/function/internal_message.html?_=1683679913122&CODE_STATE=getMsg HTTP/1.1" 200 27
116.224.158.100 - - [10/May/2023:08:51:58 +0800] "GET /xingrg/kc/buy/cgsh_order_operate.html?command=get_materiel&rest_code=00105&code=00101008185&supplier_code=00100203&order_time=2023-05-10 HTTP/1.1" 200 408
116.227.208.255 - - [10/May/2023:08:52:01 +0800] "GET /xingrg/kc/buy/cgsh_order_operate.html?command=get_materiel&rest_code=00155&code=00101011005&supplier_code=00100037&order_time=2023-05-10 HTTP/1.1" 200 428
116.227.208.255 - - [10/May/2023:08:52:09 +0800] "GET /xingrg/check_reg.html?_=1683679979452 HTTP/1.1" 200 22
116.227.208.255 - - [10/May/2023:08:52:09 +0800] "GET /xingrg/all/function/internal_message.html?_=1683679979490&CODE_STATE=getMsg HTTP/1.1" 200 27
218.81.69.210 - - [10/May/2023:08:52:10 +0800] "POST /xingrg/all/report/load_report_page.html HTTP/1.1" 200 36605
218.81.69.210 - - [10/May/2023:08:52:10 +0800] "GET /xingrg/servlets/image?cache=0.47111659470373246&image=px HTTP/1.1" 200 807
116.224.158.100 - - [10/May/2023:08:52:12 +0800] "GET /xingrg/kc/buy/cgsh_order_operate.html?command=get_materiel&rest_code=00105&code=00101008323&supplier_code=00100203&order_time=2023-05-10 HTTP/1.1" 200 408
218.81.69.210 - - [10/May/2023:08:52:14 +0800] "POST /xingrg/all/report/load_report_page.html HTTP/1.1" 200 36589
218.81.69.210 - - [10/May/2023:08:52:14 +0800] "GET /xingrg/servlets/image?cache=0.7057303255854971&image=px HTTP/1.1" 200 807
218.81.69.210 - - [10/May/2023:08:52:18 +0800] "POST /xingrg/all/report/report_print.html HTTP/1.1" 302 -
218.81.69.210 - - [10/May/2023:08:52:18 +0800] "GET /xingrg/servlets/html?sysBaseUrl=http%3A%2F%2F180.169.147.146%3A18081%2Fxingrg%2F&costTime=913×tamp=1683679938167 HTTP/1.1" 200 36501
218.81.69.210 - - [10/May/2023:08:52:18 +0800] "GET /xingrg/servlets/image?image=px HTTP/1.1" 200 807
218.81.69.210 - - [10/May/2023:08:52:18 +0800] "GET /favicon.ico HTTP/1.1" 404 -
218.81.69.210 - - [10/May/2023:08:52:21 +0800] "GET /xingrg/all/function/internal_message.html?_=1683679946288&CODE_STATE=getMsg HTTP/1.1" 200 27
116.224.158.100 - - [10/May/2023:08:52:23 +0800] "GET /xingrg/kc/buy/cgsh_order_operate.html?command=get_materiel&rest_code=00105&code=00102025030&supplier_code=00100203&order_time=2023-05-10 HTTP/1.1" 200 412
116.224.158.100 - - [10/May/2023:08:52:32 +0800] "GET /xingrg/kc/buy/cgsh_order_operate.html?command=get_materiel&rest_code=00105&code=00101008132&supplier_code=00100203&order_time=2023-05-10 HTTP/1.1" 200 408
114.85.113.108 - - [10/May/2023:08:52:37 +0800] "GET /xingrg/all/function/internal_message.html?_=1683679957015&CODE_STATE=getMsg HTTP/1.1" 200 27
116.224.158.100 - - [10/May/2023:08:52:43 +0800] "GET /xingrg/kc/buy/cgsh_order_operate.html?command=get_materiel&rest_code=00105&code=00101008027&supplier_code=00100203&order_time=2023-05-10 HTTP/1.1" 200 408
116.224.158.100 - - [10/May/2023:08:52:45 +0800] "GET /xingrg/all/function/internal_message.html?_=1683679801609&CODE_STATE=getMsg HTTP/1.1" 200 27
116.238.139.35 - - [10/May/2023:08:52:51 +0800] "GET /xingrg/all/function/internal_message.html?_=1683679902053&CODE_STATE=getMsg HTTP/1.1" 200 27
116.224.158.100 - - [10/May/2023:08:52:54 +0800] "GET /xingrg/check_reg.html?_=1683679973155 HTTP/1.1" 200 22
116.224.158.100 - - [10/May/2023:08:52:54 +0800] "GET /xingrg/all/function/internal_message.html?_=1683679973157&CODE_STATE=getMsg HTTP/1.1" 200 27
116.224.158.100 - - [10/May/2023:08:53:03 +0800] "GET /xingrg/kc/buy/cgsh_order_operate.html?command=get_materiel&rest_code=00105&code=00101008224&supplier_code=00100203&order_time=2023-05-10 HTTP/1.1" 200 416
116.238.139.35 - - [10/May/2023:08:53:06 +0800] "GET /xingrg/kc/buy/cgsh_order_add.html HTTP/1.1" 200 70787
116.238.139.35 - - [10/May/2023:08:53:06 +0800] "POST /xingrg/kc/buy/cgsh_order_operate.html HTTP/1.1" 200 8245
116.238.139.35 - - [10/May/2023:08:53:06 +0800] "GET /xingrg/javascript/easyui/themes/default/validatebox.css HTTP/1.1" 404 1104
116.227.208.255 - - [10/May/2023:08:53:09 +0800] "GET /xingrg/all/function/internal_message.html?_=1683680039504&CODE_STATE=getMsg HTTP/1.1" 200 27
116.224.158.100 - - [10/May/2023:08:53:11 +0800] "GET /xingrg/kc/buy/cgsh_order_operate.html?command=get_materiel&rest_code=00105&code=00101008003&supplier_code=00100203&order_time=2023-05-10 HTTP/1.1" 200 408
218.81.69.210 - - [10/May/2023:08:53:22 +0800] "GET /xingrg/all/function/internal_message.html?_=1683680006299&CODE_STATE=getMsg HTTP/1.1" 200 27
116.224.158.100 - - [10/May/2023:08:53:25 +0800] "GET /xingrg/kc/buy/cgsh_order_operate.html?command=get_materiel&rest_code=00105&code=00101008296&supplier_code=00100203&order_time=2023-05-10 HTTP/1.1" 200 416
116.238.139.35 - - [10/May/2023:08:53:30 +0800] "GET /xingrg/kc/buy/cgsh_order_operate.html?command=get_materiel&rest_code=00151&code=00101008261&supplier_code=00100008&order_time=2023-05-10 HTTP/1.1" 200 408
116.224.158.100 - - [10/May/2023:08:53:31 +0800] "POST /xingrg/kc/buy/cgsh_order_operate.html HTTP/1.1" 200 2065
116.224.158.100 - - [10/May/2023:08:53:33 +0800] "POST /xingrg/kc/buy/cgsh_order_operate.html HTTP/1.1" 200 2065
116.227.208.255 - - [10/May/2023:08:53:34 +0800] "GET /xingrg/kc/buy/cgsh_order_operate.html?command=get_materiel&rest_code=00155&code=00101009057&supplier_code=00100037&order_time=2023-05-10 HTTP/1.1" 200 408
114.85.113.108 - - [10/May/2023:08:53:37 +0800] "GET /xingrg/all/function/internal_message.html?_=1683680017017&CODE_STATE=getMsg HTTP/1.1" 200 27
116.238.139.35 - - [10/May/2023:08:53:42 +0800] "GET /xingrg/kc/buy/cgsh_order_operate.html?command=get_materiel&rest_code=00151&code=00101008350&supplier_code=00100008&order_time=2023-05-10 HTTP/1.1" 200 408
116.224.158.100 - - [10/May/2023:08:53:42 +0800] "GET /xingrg/kc/buy/cgsh_order_operate.html?command=get_materiel&rest_code=00105&code=00101008004&supplier_code=00100203&order_time=2023-05-10 HTTP/1.1" 200 416
116.224.158.100 - - [10/May/2023:08:53:45 +0800] "GET /xingrg/all/function/internal_message.html?_=1683679861616&CODE_STATE=getMsg HTTP/1.1" 200 27
116.224.158.100 - - [10/May/2023:08:53:50 +0800] "GET /xingrg/kc/buy/cgsh_order_operate.html?command=get_materiel&rest_code=00105&code=00101008276&supplier_code=00100203&order_time=2023-05-10 HTTP/1.1" 200 412
116.238.139.35 - - [10/May/2023:08:53:51 +0800] "GET /xingrg/all/function/internal_message.html?_=1683679962066&CODE_STATE=getMsg HTTP/1.1" 200 27
116.238.139.35 - - [10/May/2023:08:53:52 +0800] "GET /xingrg/kc/buy/cgsh_order_operate.html?command=get_materiel&rest_code=00151&code=00101008049&supplier_code=00100008&order_time=2023-05-10 HTTP/1.1" 200 408
116.224.158.100 - - [10/May/2023:08:53:54 +0800] "GET /xingrg/all/function/internal_message.html?_=1683680033137&CODE_STATE=getMsg HTTP/1.1" 200 27
120.253.135.82 - - [10/May/2023:08:53:57 +0800] "GET /xingrg/check_reg.html?_=1683679874630 HTTP/1.1" 200 22
116.227.208.255 - - [10/May/2023:08:53:59 +0800] "GET /xingrg/kc/buy/cgsh_order_operate.html?command=get_materiel&rest_code=00155&code=00101013168&supplier_code=00100037&order_time=2023-05-10 HTTP/1.1" 200 413
116.238.139.35 - - [10/May/2023:08:54:00 +0800] "GET /xingrg/kc/buy/cgsh_order_operate.html?command=get_materiel&rest_code=00151&code=00101008351&supplier_code=00100008&order_time=2023-05-10 HTTP/1.1" 200 408
116.224.158.100 - - [10/May/2023:08:54:01 +0800] "GET /xingrg/kc/buy/cgsh_order_operate.html?command=get_materiel&rest_code=00105&code=00101008305&supplier_code=00100203&order_time=2023-05-10 HTTP/1.1" 200 412
116.238.139.35 - - [10/May/2023:08:54:08 +0800] "GET /xingrg/kc/buy/cgsh_order_operate.html?command=get_materiel&rest_code=00151&code=00101008186&supplier_code=00100008&order_time=2023-05-10 HTTP/1.1" 200 408
116.227.208.255 - - [10/May/2023:08:54:09 +0800] "GET /xingrg/all/function/internal_message.html?_=1683680099495&CODE_STATE=getMsg HTTP/1.1" 200 27
116.227.208.255 - - [10/May/2023:08:54:09 +0800] "GET /xingrg/kc/buy/cgsh_order_operate.html?command=get_materiel&rest_code=00155&code=00101012032&supplier_code=00100037&order_time=2023-05-10 HTTP/1.1" 200 416
116.224.158.100 - - [10/May/2023:08:54:14 +0800] "GET /xingrg/kc/buy/cgsh_order_operate.html?command=get_materiel&rest_code=00105&code=00101008297&supplier_code=00100203&order_time=2023-05-10 HTTP/1.1" 200 412
116.238.139.35 - - [10/May/2023:08:54:20 +0800] "GET /xingrg/kc/buy/cgsh_order_operate.html?command=get_materiel&rest_code=00151&code=00101008017&supplier_code=00100008&order_time=2023-05-10 HTTP/1.1" 200 416
116.227.208.255 - - [10/May/2023:08:54:20 +0800] "GET /xingrg/kc/buy/cgsh_order_operate.html?command=get_materiel&rest_code=00155&code=00101008163&supplier_code=00100037&order_time=2023-05-10 HTTP/1.1" 200 409
218.81.69.210 - - [10/May/2023:08:54:21 +0800] "GET /xingrg/all/function/internal_message.html?_=1683680066295&CODE_STATE=getMsg HTTP/1.1" 200 27
116.224.158.100 - - [10/May/2023:08:54:26 +0800] "GET /xingrg/kc/buy/cgsh_order_operate.html?command=get_materiel&rest_code=00105&code=00101008350&supplier_code=00100203&order_time=2023-05-10 HTTP/1.1" 200 408
116.235.240.234 - - [10/May/2023:08:54:29 +0800] "GET /xingrg/login.html HTTP/1.1" 200 7641
116.235.240.234 - - [10/May/2023:08:54:29 +0800] "GET /favicon.ico HTTP/1.1" 404 -
116.238.139.35 - - [10/May/2023:08:54:31 +0800] "GET /xingrg/kc/buy/cgsh_order_operate.html?command=get_materiel&rest_code=00151&code=00101008338&supplier_code=00100008&order_time=2023-05-10 HTTP/1.1" 200 408
114.85.113.108 - - [10/May/2023:08:54:37 +0800] "GET /xingrg/all/function/internal_message.html?_=1683680077017&CODE_STATE=getMsg HTTP/1.1" 200 27
116.235.240.234 - - [10/May/2023:08:54:38 +0800] "POST /xingrg/login.do HTTP/1.1" 302 -
116.235.240.234 - - [10/May/2023:08:54:38 +0800] "GET /xingrg/index.html?sysBaseUrl=http%3A%2F%2F180.169.147.146%3A18081%2Fxingrg%2F&costTime=1045×tamp=1683680078053 HTTP/1.1" 200 17179
116.235.240.234 - - [10/May/2023:08:54:38 +0800] "GET /xingrg/javascript/jquery_easy_ui/themes/default/easyui.css HTTP/1.1" 304 -
116.235.240.234 - - [10/May/2023:08:54:38 +0800] "GET /xingrg/javascript/jquery.form.js HTTP/1.1" 304 -
116.235.240.234 - - [10/May/2023:08:54:38 +0800] "GET /xingrg/css/form.css HTTP/1.1" 304 -
116.235.240.234 - - [10/May/2023:08:54:38 +0800] "GET /xingrg/javascript/jquery_easy_ui/themes/icon.css HTTP/1.1" 304 -
116.235.240.234 - - [10/May/2023:08:54:38 +0800] "GET /xingrg/javascript/jquery-1.4.2.min.js HTTP/1.1" 304 -
116.235.240.234 - - [10/May/2023:08:54:38 +0800] "GET /xingrg/javascript/jquery_easy_ui/jquery.easyui.min.js HTTP/1.1" 304 -
116.235.240.234 - - [10/May/2023:08:54:38 +0800] "GET /xingrg/javascript/jquery_easy_ui/easyui-lang-zh_CN.js HTTP/1.1" 304 -
116.235.240.234 - - [10/May/2023:08:54:38 +0800] "GET /xingrg/javascript/jquery.timers.js HTTP/1.1" 304 -
116.235.240.234 - - [10/May/2023:08:54:38 +0800] "GET /xingrg/javascript/jquery.utils.js HTTP/1.1" 304 -
116.235.240.234 - - [10/May/2023:08:54:38 +0800] "GET /favicon.ico HTTP/1.1" 404 -
116.235.240.234 - - [10/May/2023:08:54:38 +0800] "GET /xingrg/all/function/internal_message.html?_=1683680086297&CODE_STATE=count HTTP/1.1" 200 11
116.235.240.234 - - [10/May/2023:08:54:38 +0800] "GET /xingrg/check_reg.html?_=1683680086298 HTTP/1.1" 200 22
116.235.240.234 - - [10/May/2023:08:54:38 +0800] "POST /xingrg/all/common/load_tree.html?tree=area_rest_tree_json&manage=1 HTTP/1.1" 200 479
116.235.240.234 - - [10/May/2023:08:54:38 +0800] "POST /xingrg/load_menu.html HTTP/1.1" 200 5138
116.224.158.100 - - [10/May/2023:08:54:39 +0800] "GET /xingrg/kc/buy/cgsh_order_operate.html?command=get_materiel&rest_code=00105&code=00101008036&supplier_code=00100203&order_time=2023-05-10 HTTP/1.1" 200 408
116.235.240.234 - - [10/May/2023:08:54:40 +0800] "GET /xingrg/kc/report/report_main.html HTTP/1.1" 200 7340
116.235.240.234 - - [10/May/2023:08:54:40 +0800] "GET /xingrg/css/blue.css HTTP/1.1" 304 -
116.235.240.234 - - [10/May/2023:08:54:40 +0800] "GET /xingrg/javascript/jquery_ui/themes/humanity/humanity.css HTTP/1.1" 304 -
116.235.240.234 - - [10/May/2023:08:54:40 +0800] "GET /xingrg/javascript/pic_change.js HTTP/1.1" 304 -
116.235.240.234 - - [10/May/2023:08:54:40 +0800] "GET /xingrg/javascript/myfunction.js HTTP/1.1" 304 -
116.235.240.234 - - [10/May/2023:08:54:40 +0800] "GET /xingrg/javascript/json2.js HTTP/1.1" 304 -
116.235.240.234 - - [10/May/2023:08:54:41 +0800] "GET /xingrg/all/report/report_query.html?fileName=kc/buy/wlcg_mx.xml HTTP/1.1" 200 51648
116.235.240.234 - - [10/May/2023:08:54:41 +0800] "GET /xingrg/javascript/multi_select/jqueryMultiSelect.css HTTP/1.1" 304 -
116.235.240.234 - - [10/May/2023:08:54:41 +0800] "GET /xingrg/dwr/interface/AjaxReportQueryService.js HTTP/1.1" 200 13203
116.235.240.234 - - [10/May/2023:08:54:41 +0800] "GET /xingrg/javascript/calendar/timePicker.css HTTP/1.1" 304 -
116.235.240.234 - - [10/May/2023:08:54:41 +0800] "GET /xingrg/javascript/bigrid/fix.css HTTP/1.1" 304 -
116.235.240.234 - - [10/May/2023:08:54:41 +0800] "GET /xingrg/dwr/util.js HTTP/1.1" 304 -
116.235.240.234 - - [10/May/2023:08:54:41 +0800] "GET /xingrg/javascript/jqueryMultiSelect.js HTTP/1.1" 304 -
116.235.240.234 - - [10/May/2023:08:54:41 +0800] "GET /xingrg/javascript/Calendar.js HTTP/1.1" 304 -
116.235.240.234 - - [10/May/2023:08:54:41 +0800] "GET /xingrg/dwr/engine.js HTTP/1.1" 200 43631
116.235.240.234 - - [10/May/2023:08:54:41 +0800] "GET /xingrg/javascript/bigrid/fix.js HTTP/1.1" 304 -
116.235.240.234 - - [10/May/2023:08:54:41 +0800] "GET /xingrg/javascript/calendar/jquery.timePicker.min.js HTTP/1.1" 304 -
116.235.240.234 - - [10/May/2023:08:54:42 +0800] "POST /xingrg/dwr/call/plaincall/AjaxReportQueryService.getFixDate.dwr HTTP/1.1" 200 111
116.235.240.234 - - [10/May/2023:08:54:42 +0800] "POST /xingrg/dwr/call/plaincall/AjaxReportQueryService.getInitString.dwr HTTP/1.1" 200 34597
116.235.240.234 - - [10/May/2023:08:54:43 +0800] "POST /xingrg/dwr/call/plaincall/AjaxReportQueryService.getInitString.dwr HTTP/1.1" 200 1023
116.235.240.234 - - [10/May/2023:08:54:43 +0800] "POST /xingrg/dwr/call/plaincall/AjaxReportQueryService.getInitString.dwr HTTP/1.1" 200 125
116.238.139.35 - - [10/May/2023:08:54:43 +0800] "GET /xingrg/kc/buy/cgsh_order_operate.html?command=get_materiel&rest_code=00151&code=00101008224&supplier_code=00100008&order_time=2023-05-10 HTTP/1.1" 200 416
116.224.158.100 - - [10/May/2023:08:54:45 +0800] "GET /xingrg/all/function/internal_message.html?_=1683679921626&CODE_STATE=getMsg HTTP/1.1" 200 27
116.238.139.35 - - [10/May/2023:08:54:51 +0800] "GET /xingrg/all/function/internal_message.html?_=1683680022092&CODE_STATE=getMsg HTTP/1.1" 200 27
116.224.158.100 - - [10/May/2023:08:54:53 +0800] "GET /xingrg/all/function/internal_message.html?_=1683680093104&CODE_STATE=getMsg HTTP/1.1" 200 27
116.238.139.35 - - [10/May/2023:08:54:53 +0800] "GET /xingrg/kc/buy/cgsh_order_operate.html?command=get_materiel&rest_code=00151&code=00101008083&supplier_code=00100008&order_time=2023-05-10 HTTP/1.1" 200 428
116.235.240.234 - - [10/May/2023:08:54:54 +0800] "POST /xingrg/dwr/call/plaincall/AjaxReportQueryService.refreshCache.dwr HTTP/1.1" 200 78
116.238.139.35 - - [10/May/2023:08:54:55 +0800] "POST /xingrg/all/common/load_select.html HTTP/1.1" 200 25
116.235.240.234 - - [10/May/2023:08:54:58 +0800] "POST /xingrg/all/report/load_report_page.html HTTP/1.1" 200 168271
116.235.240.234 - - [10/May/2023:08:54:58 +0800] "GET /xingrg/images/blue/button/back2.gif HTTP/1.1" 304 -
116.235.240.234 - - [10/May/2023:08:54:58 +0800] "GET /xingrg/images/blue/button/back.gif HTTP/1.1" 304 -
116.235.240.234 - - [10/May/2023:08:54:58 +0800] "GET /xingrg/servlets/image?cache=0.7741922421618856&image=px HTTP/1.1" 200 807
116.238.139.35 - - [10/May/2023:08:55:00 +0800] "GET /xingrg/kc/buy/cgsh_order_operate.html?command=get_materiel_price&rest_code=00151&code=00101008083&unit_code=00100026&supplier_code=00100008&order_time=2023-05-10 HTTP/1.1" 200 27
116.227.208.255 - - [10/May/2023:08:55:09 +0800] "GET /xingrg/all/function/internal_message.html?_=1683680159474&CODE_STATE=getMsg HTTP/1.1" 200 27
116.227.208.255 - - [10/May/2023:08:55:14 +0800] "POST /xingrg/kc/buy/cgsh_order_operate.html HTTP/1.1" 200 37
116.227.208.255 - - [10/May/2023:08:55:16 +0800] "POST /xingrg/kc/buy/cgsh_order_operate.html HTTP/1.1" 200 11613
116.238.139.35 - - [10/May/2023:08:55:16 +0800] "GET /xingrg/kc/buy/cgsh_order_operate.html?command=get_materiel&rest_code=00151&code=00101008141&supplier_code=00100008&order_time=2023-05-10 HTTP/1.1" 200 412
116.235.240.234 - - [10/May/2023:08:55:17 +0800] "POST /xingrg/all/report/report_print.html HTTP/1.1" 200 38957
116.224.158.100 - - [10/May/2023:08:55:18 +0800] "POST /xingrg/kc/buy/cgsh_order_operate.html HTTP/1.1" 200 2065
116.224.158.100 - - [10/May/2023:08:55:19 +0800] "POST /xingrg/kc/buy/cgsh_order_operate.html HTTP/1.1" 200 2065
172.20.0.100 - - [10/May/2023:08:55:20 +0800] "GET /xingrg/check_reg.html?_=1683680127582 HTTP/1.1" 200 22
218.81.69.210 - - [10/May/2023:08:55:21 +0800] "GET /xingrg/all/function/internal_message.html?_=1683680126293&CODE_STATE=getMsg HTTP/1.1" 200 27
116.238.139.35 - - [10/May/2023:08:55:28 +0800] "GET /xingrg/kc/buy/cgsh_order_operate.html?command=get_materiel&rest_code=00151&code=00101008126&supplier_code=00100008&order_time=2023-05-10 HTTP/1.1" 200 412
116.224.158.100 - - [10/May/2023:08:55:31 +0800] "GET /xingrg/kc/buy/cgsh_order_operate.html?command=get_materiel&rest_code=00105&code=00101008356&supplier_code=00100203&order_time=2023-05-10 HTTP/1.1" 200 408
116.238.139.35 - - [10/May/2023:08:55:37 +0800] "GET /xingrg/kc/buy/cgsh_order_operate.html?command=get_materiel&rest_code=00151&code=00101008024&supplier_code=00100008&order_time=2023-05-10 HTTP/1.1" 200 408
114.85.113.108 - - [10/May/2023:08:55:37 +0800] "GET /xingrg/all/function/internal_message.html?_=1683680137017&CODE_STATE=getMsg HTTP/1.1" 200 27
116.224.158.100 - - [10/May/2023:08:55:45 +0800] "GET /xingrg/check_reg.html?_=1683679981615 HTTP/1.1" 200 22
116.224.158.100 - - [10/May/2023:08:55:45 +0800] "GET /xingrg/all/function/internal_message.html?_=1683679981618&CODE_STATE=getMsg HTTP/1.1" 200 27
116.238.139.35 - - [10/May/2023:08:55:47 +0800] "GET /xingrg/kc/buy/cgsh_order_operate.html?command=get_materiel&rest_code=00151&code=00101008356&supplier_code=00100008&order_time=2023-05-10 HTTP/1.1" 200 408
116.224.158.100 - - [10/May/2023:08:55:50 +0800] "GET /xingrg/kc/buy/cgsh_order_operate.html?command=get_materiel&rest_code=00105&code=00101008114&supplier_code=00100203&order_time=2023-05-10 HTTP/1.1" 200 413
116.238.139.35 - - [10/May/2023:08:55:51 +0800] "GET /xingrg/all/function/internal_message.html?_=1683680082178&CODE_STATE=getMsg HTTP/1.1" 200 27
116.224.158.100 - - [10/May/2023:08:55:53 +0800] "GET /xingrg/all/function/internal_message.html?_=1683680153083&CODE_STATE=getMsg HTTP/1.1" 200 27
116.238.139.35 - - [10/May/2023:08:55:55 +0800] "GET /xingrg/kc/buy/cgsh_order_operate.html?command=get_materiel&rest_code=00151&code=00101008300&supplier_code=00100008&order_time=2023-05-10 HTTP/1.1" 200 412
116.224.158.100 - - [10/May/2023:08:55:59 +0800] "GET /xingrg/kc/buy/cgsh_order_operate.html?command=get_materiel&rest_code=00105&code=00101008405&supplier_code=00100203&order_time=2023-05-10 HTTP/1.1" 200 413
116.227.208.255 - - [10/May/2023:08:56:01 +0800] "GET /xingrg/kc/print/load_data.html?order_code=212023051003345&kc_code=cgsh&condition= HTTP/1.1" 200 4162
116.238.139.35 - - [10/May/2023:08:56:06 +0800] "GET /xingrg/kc/buy/cgsh_order_operate.html?command=get_materiel&rest_code=00151&code=00101008137&supplier_code=00100008&order_time=2023-05-10 HTTP/1.1" 200 408
116.227.208.255 - - [10/May/2023:08:56:09 +0800] "GET /xingrg/all/function/internal_message.html?_=1683680219458&CODE_STATE=getMsg HTTP/1.1" 200 27
116.224.158.100 - - [10/May/2023:08:56:09 +0800] "GET /xingrg/kc/buy/cgsh_order_operate.html?command=get_materiel&rest_code=00105&code=00101008155&supplier_code=00100203&order_time=2023-05-10 HTTP/1.1" 200 408
116.238.139.35 - - [10/May/2023:08:56:13 +0800] "GET /xingrg/kc/buy/cgsh_order_operate.html?command=get_materiel&rest_code=00151&code=00101008362&supplier_code=00100008&order_time=2023-05-10 HTTP/1.1" 200 408
218.81.69.210 - - [10/May/2023:08:56:21 +0800] "GET /xingrg/check_reg.html?_=1683680186292 HTTP/1.1" 200 22
218.81.69.210 - - [10/May/2023:08:56:22 +0800] "GET /xingrg/all/function/internal_message.html?_=1683680186293&CODE_STATE=getMsg HTTP/1.1" 200 27
116.238.139.35 - - [10/May/2023:08:56:23 +0800] "GET /xingrg/kc/buy/cgsh_order_operate.html?command=get_materiel&rest_code=00151&code=00101008360&supplier_code=00100008&order_time=2023-05-10 HTTP/1.1" 200 412
116.224.158.100 - - [10/May/2023:08:56:23 +0800] "GET /xingrg/kc/buy/cgsh_order_operate.html?command=get_materiel&rest_code=00105&code=00101008502&supplier_code=00100203&order_time=2023-05-10 HTTP/1.1" 200 412
116.227.208.255 - - [10/May/2023:08:56:28 +0800] "GET /xingrg/kc/buy/cgsh_order_add.html HTTP/1.1" 200 71224
116.227.208.255 - - [10/May/2023:08:56:28 +0800] "POST /xingrg/kc/buy/cgsh_order_operate.html HTTP/1.1" 200 8245
116.227.208.255 - - [10/May/2023:08:56:28 +0800] "GET /xingrg/javascript/easyui/themes/default/validatebox.css HTTP/1.1" 404 1104
116.224.158.100 - - [10/May/2023:08:56:30 +0800] "GET /xingrg/kc/buy/cgsh_order_operate.html?command=get_materiel&rest_code=00105&code=00101008246&supplier_code=00100203&order_time=2023-05-10 HTTP/1.1" 200 408
116.238.139.35 - - [10/May/2023:08:56:33 +0800] "GET /xingrg/kc/buy/cgsh_order_operate.html?command=get_materiel&rest_code=00151&code=00101008077&supplier_code=00100008&order_time=2023-05-10 HTTP/1.1" 200 416
116.224.158.100 - - [10/May/2023:08:56:37 +0800] "GET /xingrg/kc/buy/cgsh_order_operate.html?command=get_materiel&rest_code=00105&code=00101008087&supplier_code=00100203&order_time=2023-05-10 HTTP/1.1" 200 412
114.85.113.108 - - [10/May/2023:08:56:37 +0800] "GET /xingrg/all/function/internal_message.html?_=1683680197017&CODE_STATE=getMsg HTTP/1.1" 200 27
114.85.113.108 - - [10/May/2023:08:56:37 +0800] "GET /xingrg/check_reg.html?_=1683680197020 HTTP/1.1" 200 22
116.227.208.255 - - [10/May/2023:08:56:39 +0800] "GET /xingrg/kc/buy/cgsh_order_operate.html?command=get_materiel&rest_code=00155&code=00101007076&supplier_code=00100002&order_time=2023-05-10 HTTP/1.1" 200 409
218.81.69.210 - - [10/May/2023:08:56:41 +0800] "GET /xingrg/check_reg.html?_=1683680203739 HTTP/1.1" 200 22
116.238.139.35 - - [10/May/2023:08:56:42 +0800] "GET /xingrg/kc/buy/cgsh_order_operate.html?command=get_materiel&rest_code=00151&code=00101008223&supplier_code=00100008&order_time=2023-05-10 HTTP/1.1" 200 412
116.224.158.100 - - [10/May/2023:08:56:45 +0800] "GET /xingrg/all/function/internal_message.html?_=1683680041625&CODE_STATE=getMsg HTTP/1.1" 200 27
116.227.208.255 - - [10/May/2023:08:56:46 +0800] "GET /xingrg/kc/buy/cgsh_order_operate.html?command=get_materiel&rest_code=00155&code=00101007072&supplier_code=00100002&order_time=2023-05-10 HTTP/1.1" 200 413
116.224.158.100 - - [10/May/2023:08:56:50 +0800] "GET /xingrg/kc/buy/cgsh_order_operate.html?command=get_materiel&rest_code=00105&code=00101008201&supplier_code=00100203&order_time=2023-05-10 HTTP/1.1" 200 412
116.238.139.35 - - [10/May/2023:08:56:50 +0800] "GET /xingrg/check_reg.html?_=1683680141721 HTTP/1.1" 200 22
116.238.139.35 - - [10/May/2023:08:56:51 +0800] "GET /xingrg/all/function/internal_message.html?_=1683680142184&CODE_STATE=getMsg HTTP/1.1" 200 27
116.224.158.100 - - [10/May/2023:08:56:54 +0800] "GET /xingrg/all/function/internal_message.html?_=1683680213257&CODE_STATE=getMsg HTTP/1.1" 200 27
116.227.208.255 - - [10/May/2023:08:56:54 +0800] "GET /xingrg/kc/buy/cgsh_order_operate.html?command=get_materiel&rest_code=00155&code=00101007071&supplier_code=00100002&order_time=2023-05-10 HTTP/1.1" 200 417
116.238.139.35 - - [10/May/2023:08:57:00 +0800] "GET /xingrg/kc/buy/cgsh_order_operate.html?command=get_materiel&rest_code=00151&code=00101008343&supplier_code=00100008&order_time=2023-05-10 HTTP/1.1" 200 414
116.224.158.100 - - [10/May/2023:08:57:03 +0800] "GET /xingrg/kc/buy/cgsh_order_operate.html?command=get_materiel&rest_code=00105&code=00101008118&supplier_code=00100203&order_time=2023-05-10 HTTP/1.1" 200 418
116.227.208.255 - - [10/May/2023:08:57:08 +0800] "GET /xingrg/check_reg.html?_=1683680279440 HTTP/1.1" 200 22
116.227.208.255 - - [10/May/2023:08:57:09 +0800] "GET /xingrg/all/function/internal_message.html?_=1683680279444&CODE_STATE=getMsg HTTP/1.1" 200 27
116.238.139.35 - - [10/May/2023:08:57:11 +0800] "POST /xingrg/kc/buy/cgsh_order_operate.html HTTP/1.1" 200 37
116.227.208.255 - - [10/May/2023:08:57:14 +0800] "POST /xingrg/kc/buy/cgsh_order_operate.html HTTP/1.1" 200 37
116.238.139.35 - - [10/May/2023:08:57:14 +0800] "POST /xingrg/kc/buy/cgsh_order_operate.html HTTP/1.1" 200 14067
116.224.158.100 - - [10/May/2023:08:57:15 +0800] "GET /xingrg/kc/buy/cgsh_order_operate.html?command=get_materiel&rest_code=00105&code=00101008357&supplier_code=00100203&order_time=2023-05-10 HTTP/1.1" 200 408
116.227.208.255 - - [10/May/2023:08:57:16 +0800] "POST /xingrg/kc/buy/cgsh_order_operate.html HTTP/1.1" 200 3849
116.227.208.255 - - [10/May/2023:08:57:19 +0800] "GET /xingrg/kc/print/load_data.html?order_code=212023051003347&kc_code=cgsh&condition= HTTP/1.1" 200 1211
218.81.69.210 - - [10/May/2023:08:57:21 +0800] "GET /xingrg/all/function/internal_message.html?_=1683680246291&CODE_STATE=getMsg HTTP/1.1" 200 27
116.238.139.35 - - [10/May/2023:08:57:22 +0800] "GET /xingrg/kc/buy/cgsh_order_operate.html?command=get_materiel&rest_code=00151&code=00101008357&supplier_code=00100008&order_time=2023-05-10 HTTP/1.1" 200 408
116.227.208.255 - - [10/May/2023:08:57:26 +0800] "GET /xingrg/kc/print/load_data.html?order_code=212023051003347&kc_code=cgsh HTTP/1.1" 200 1211
116.238.139.35 - - [10/May/2023:08:57:30 +0800] "GET /xingrg/kc/buy/cgsh_order_operate.html?command=get_materiel&rest_code=00151&code=00101008042&supplier_code=00100008&order_time=2023-05-10 HTTP/1.1" 200 416
114.85.113.108 - - [10/May/2023:08:57:37 +0800] "GET /xingrg/all/function/internal_message.html?_=1683680257018&CODE_STATE=getMsg HTTP/1.1" 200 27
116.227.208.255 - - [10/May/2023:08:57:39 +0800] "GET /xingrg/kc/buy/cgsh_order_add.html HTTP/1.1" 200 71224
116.227.208.255 - - [10/May/2023:08:57:39 +0800] "POST /xingrg/kc/buy/cgsh_order_operate.html HTTP/1.1" 200 8245
116.227.208.255 - - [10/May/2023:08:57:39 +0800] "GET /xingrg/javascript/easyui/themes/default/validatebox.css HTTP/1.1" 404 1104
116.224.158.100 - - [10/May/2023:08:57:45 +0800] "GET /xingrg/all/function/internal_message.html?_=1683680101614&CODE_STATE=getMsg HTTP/1.1" 200 27
116.224.158.100 - - [10/May/2023:08:57:48 +0800] "POST /xingrg/kc/buy/cgsh_order_operate.html HTTP/1.1" 200 37
116.238.139.35 - - [10/May/2023:08:57:48 +0800] "GET /xingrg/kc/buy/cgsh_order_operate.html?command=get_materiel&rest_code=00151&code=00101008131&supplier_code=00100008&order_time=2023-05-10 HTTP/1.1" 200 409
116.227.208.255 - - [10/May/2023:08:57:49 +0800] "GET /xingrg/kc/buy/cgsh_order_operate.html?command=get_materiel&rest_code=00155&code=00101006124&supplier_code=00100012&order_time=2023-05-10 HTTP/1.1" 200 409
116.238.139.35 - - [10/May/2023:08:57:51 +0800] "GET /xingrg/all/function/internal_message.html?_=1683680202199&CODE_STATE=getMsg HTTP/1.1" 200 27
116.224.158.100 - - [10/May/2023:08:57:53 +0800] "GET /xingrg/check_reg.html?_=1683680273051 HTTP/1.1" 200 22
116.224.158.100 - - [10/May/2023:08:57:53 +0800] "POST /xingrg/kc/buy/cgsh_order_operate.html HTTP/1.1" 200 31631
116.224.158.100 - - [10/May/2023:08:57:54 +0800] "GET /xingrg/all/function/internal_message.html?_=1683680273292&CODE_STATE=getMsg HTTP/1.1" 200 27
116.227.208.255 - - [10/May/2023:08:57:58 +0800] "GET /xingrg/kc/buy/cgsh_order_operate.html?command=get_materiel&rest_code=00155&code=00101006055&supplier_code=00100012&order_time=2023-05-10 HTTP/1.1" 200 409
116.227.208.255 - - [10/May/2023:08:58:06 +0800] "GET /xingrg/kc/buy/cgsh_order_operate.html?command=get_materiel&rest_code=00155&code=00101006065&supplier_code=00100012&order_time=2023-05-10 HTTP/1.1" 200 409
116.227.208.255 - - [10/May/2023:08:58:08 +0800] "GET /xingrg/all/function/internal_message.html?_=1683680339434&CODE_STATE=getMsg HTTP/1.1" 200 27
116.238.139.35 - - [10/May/2023:08:58:19 +0800] "POST /xingrg/kc/buy/cgsh_order_operate.html HTTP/1.1" 200 37
218.81.69.210 - - [10/May/2023:08:58:22 +0800] "GET /xingrg/all/function/internal_message.html?_=1683680306289&CODE_STATE=getMsg HTTP/1.1" 200 27
116.227.208.255 - - [10/May/2023:08:58:22 +0800] "GET /xingrg/kc/buy/cgsh_order_operate.html?command=get_materiel&rest_code=00155&code=00101006111&supplier_code=00100012&order_time=2023-05-10 HTTP/1.1" 200 23
116.238.139.35 - - [10/May/2023:08:58:22 +0800] "POST /xingrg/kc/buy/cgsh_order_operate.html HTTP/1.1" 200 17046
116.227.208.255 - - [10/May/2023:08:58:29 +0800] "GET /xingrg/index.html?sysBaseUrl=http%3A%2F%2F180.169.147.146%3A18081%2Fxingrg%2F&costTime=1277×tamp=1606817596806 HTTP/1.1" 200 17179
116.238.139.35 - - [10/May/2023:08:58:30 +0800] "GET /xingrg/kc/buy/cgsh_order_operate.html?command=get_materiel&rest_code=00151&code=00101008108&supplier_code=00100008&order_time=2023-05-10 HTTP/1.1" 200 412
116.227.208.255 - - [10/May/2023:08:58:30 +0800] "GET /xingrg/check_reg.html?_=1683680360903 HTTP/1.1" 200 22
116.227.208.255 - - [10/May/2023:08:58:30 +0800] "GET /xingrg/all/function/internal_message.html?_=1683680360901&CODE_STATE=count HTTP/1.1" 200 11
116.227.208.255 - - [10/May/2023:08:58:30 +0800] "POST /xingrg/all/common/load_tree.html?tree=area_rest_tree_json&manage=1 HTTP/1.1" 200 479
116.227.208.255 - - [10/May/2023:08:58:30 +0800] "GET /favicon.ico HTTP/1.1" 404 -
116.227.208.255 - - [10/May/2023:08:58:30 +0800] "POST /xingrg/load_menu.html HTTP/1.1" 200 5138
114.85.113.108 - - [10/May/2023:08:58:37 +0800] "GET /xingrg/all/function/internal_message.html?_=1683680317019&CODE_STATE=getMsg HTTP/1.1" 200 27
116.227.208.255 - - [10/May/2023:08:58:39 +0800] "GET /xingrg/kc/buy/cgsh_order_list.html HTTP/1.1" 200 55401
116.238.139.35 - - [10/May/2023:08:58:42 +0800] "GET /xingrg/kc/buy/cgsh_order_operate.html?command=get_materiel&rest_code=00151&code=00101008318&supplier_code=00100008&order_time=2023-05-10 HTTP/1.1" 200 408
116.224.158.100 - - [10/May/2023:08:58:45 +0800] "GET /xingrg/all/function/internal_message.html?_=1683680161622&CODE_STATE=getMsg HTTP/1.1" 200 27
116.227.208.255 - - [10/May/2023:08:58:45 +0800] "POST /xingrg/kc/buy/cgsh_list_operate.html HTTP/1.1" 200 2730
116.238.139.35 - - [10/May/2023:08:58:48 +0800] "GET /xingrg/kc/buy/cgsh_order_operate.html?command=get_materiel&rest_code=00151&code=00101008264&supplier_code=00100008&order_time=2023-05-10 HTTP/1.1" 200 412
116.227.208.255 - - [10/May/2023:08:58:50 +0800] "GET /xingrg/kc/buy/cgsh_order_add.html HTTP/1.1" 200 71224
116.227.208.255 - - [10/May/2023:08:58:50 +0800] "POST /xingrg/kc/buy/cgsh_order_operate.html HTTP/1.1" 200 8245
116.227.208.255 - - [10/May/2023:08:58:50 +0800] "GET /xingrg/javascript/easyui/themes/default/validatebox.css HTTP/1.1" 404 1104
116.227.208.255 - - [10/May/2023:08:58:50 +0800] "GET /xingrg/all/common/auto_word.html?type=employee&rest_code=00155 HTTP/1.1" 200 205
116.227.208.255 - - [10/May/2023:08:58:50 +0800] "GET /xingrg/all/common/auto_word.html?type=employee&rest_code=00155 HTTP/1.1" 200 205
116.238.139.35 - - [10/May/2023:08:58:51 +0800] "GET /xingrg/all/function/internal_message.html?_=1683680262212&CODE_STATE=getMsg HTTP/1.1" 200 27
116.227.208.255 - - [10/May/2023:08:58:51 +0800] "GET /xingrg/javascript/auto/indicator.gif HTTP/1.1" 404 1066
116.224.158.100 - - [10/May/2023:08:58:54 +0800] "GET /xingrg/all/function/internal_message.html?_=1683680333402&CODE_STATE=getMsg HTTP/1.1" 200 27
116.227.208.255 - - [10/May/2023:08:58:54 +0800] "GET /xingrg/javascript/jquery_tools/images/prev.gif HTTP/1.1" 404 1086
116.227.208.255 - - [10/May/2023:08:58:54 +0800] "GET /xingrg/javascript/jquery_tools/images/next.gif HTTP/1.1" 404 1086
120.253.135.82 - - [10/May/2023:08:58:57 +0800] "GET /xingrg/check_reg.html?_=1683680174634 HTTP/1.1" 200 22
116.238.139.35 - - [10/May/2023:08:59:00 +0800] "GET /xingrg/kc/buy/cgsh_order_operate.html?command=get_materiel&rest_code=00151&code=00101008371&supplier_code=00100008&order_time=2023-05-10 HTTP/1.1" 200 412
116.227.208.255 - - [10/May/2023:08:59:01 +0800] "GET /xingrg/kc/buy/cgsh_order_operate.html?command=get_materiel&rest_code=00155&code=00101006124&supplier_code=00100012&order_time=2023-05-10 HTTP/1.1" 200 409
116.238.139.35 - - [10/May/2023:08:59:07 +0800] "POST /xingrg/services/DataTransmitService HTTP/1.1" 200 524
116.238.139.35 - - [10/May/2023:08:59:08 +0800] "GET /xingrg/kc/buy/cgsh_order_operate.html?command=get_materiel&rest_code=00151&code=00101008441&supplier_code=00100008&order_time=2023-05-10 HTTP/1.1" 200 420
116.227.208.255 - - [10/May/2023:08:59:13 +0800] "GET /xingrg/kc/buy/cgsh_order_operate.html?command=get_materiel&rest_code=00155&code=00101006055&supplier_code=00100012&order_time=2023-05-10 HTTP/1.1" 200 409
116.238.139.35 - - [10/May/2023:08:59:17 +0800] "POST /xingrg/kc/buy/cgsh_order_operate.html HTTP/1.1" 200 37
116.238.139.35 - - [10/May/2023:08:59:19 +0800] "POST /xingrg/kc/buy/cgsh_order_operate.html HTTP/1.1" 200 20050
116.227.208.255 - - [10/May/2023:08:59:20 +0800] "GET /xingrg/kc/buy/cgsh_order_operate.html?command=get_materiel&rest_code=00155&code=00101006065&supplier_code=00100012&order_time=2023-05-10 HTTP/1.1" 200 409
218.81.69.210 - - [10/May/2023:08:59:21 +0800] "GET /xingrg/all/function/internal_message.html?_=1683680366287&CODE_STATE=getMsg HTTP/1.1" 200 27
116.238.139.35 - - [10/May/2023:08:59:27 +0800] "GET /xingrg/kc/buy/cgsh_order_operate.html?command=get_materiel&rest_code=00151&code=00101008095&supplier_code=00100008&order_time=2023-05-10 HTTP/1.1" 200 412
116.227.208.255 - - [10/May/2023:08:59:28 +0800] "GET /xingrg/kc/buy/cgsh_order_operate.html?command=get_materiel&rest_code=00155&code=00101006111&supplier_code=00100012&order_time=2023-05-10 HTTP/1.1" 200 409
116.227.208.255 - - [10/May/2023:08:59:30 +0800] "GET /xingrg/all/function/internal_message.html?_=1683680420916&CODE_STATE=getMsg HTTP/1.1" 200 27
116.238.139.35 - - [10/May/2023:08:59:36 +0800] "GET /xingrg/kc/buy/cgsh_order_operate.html?command=get_materiel&rest_code=00151&code=00101008110&supplier_code=00100008&order_time=2023-05-10 HTTP/1.1" 200 408
114.85.113.108 - - [10/May/2023:08:59:37 +0800] "GET /xingrg/all/function/internal_message.html?_=1683680377021&CODE_STATE=getMsg HTTP/1.1" 200 27
116.227.208.255 - - [10/May/2023:08:59:39 +0800] "GET /xingrg/kc/buy/cgsh_order_operate.html?command=get_materiel&rest_code=00155&code=00101006130&supplier_code=00100012&order_time=2023-05-10 HTTP/1.1" 200 427
116.224.158.100 - - [10/May/2023:08:59:45 +0800] "GET /xingrg/all/function/internal_message.html?_=1683680221638&CODE_STATE=getMsg HTTP/1.1" 200 27
116.238.139.35 - - [10/May/2023:08:59:45 +0800] "GET /xingrg/kc/buy/cgsh_order_operate.html?command=get_materiel&rest_code=00151&code=00101008283&supplier_code=00100008&order_time=2023-05-10 HTTP/1.1" 200 408
116.227.208.255 - - [10/May/2023:08:59:51 +0800] "POST /xingrg/kc/buy/cgsh_order_operate.html HTTP/1.1" 200 37
116.238.139.35 - - [10/May/2023:08:59:51 +0800] "GET /xingrg/all/function/internal_message.html?_=1683680322225&CODE_STATE=getMsg HTTP/1.1" 200 27
116.224.158.100 - - [10/May/2023:08:59:54 +0800] "GET /xingrg/all/function/internal_message.html?_=1683680393254&CODE_STATE=getMsg HTTP/1.1" 200 27
116.227.208.255 - - [10/May/2023:08:59:56 +0800] "POST /xingrg/kc/buy/cgsh_order_operate.html HTTP/1.1" 200 2065
116.238.139.35 - - [10/May/2023:08:59:56 +0800] "POST /xingrg/kc/buy/cgsh_order_operate.html HTTP/1.1" 200 37
116.227.208.255 - - [10/May/2023:08:59:57 +0800] "GET /xingrg/kc/print/load_config.html?kc_code=cgsh HTTP/1.1" 200 1925
116.227.208.255 - - [10/May/2023:08:59:57 +0800] "GET /xingrg/kc/print/load_data.html?order_code=212023051003349&kc_code=cgsh&condition= HTTP/1.1" 200 1682
116.227.208.255 - - [10/May/2023:09:00:02 +0800] "GET /xingrg/kc/print/load_data.html?order_code=212023051003349&kc_code=cgsh HTTP/1.1" 200 1682
116.227.208.255 - - [10/May/2023:09:00:15 +0800] "GET /xingrg/kc/buy/cgsh_order_add.html HTTP/1.1" 200 71224
116.227.208.255 - - [10/May/2023:09:00:16 +0800] "POST /xingrg/kc/buy/cgsh_order_operate.html HTTP/1.1" 200 8245
116.227.208.255 - - [10/May/2023:09:00:16 +0800] "GET /xingrg/javascript/easyui/themes/default/validatebox.css HTTP/1.1" 404 1104
172.20.0.100 - - [10/May/2023:09:00:20 +0800] "GET /xingrg/check_reg.html?_=1683680427556 HTTP/1.1" 200 22
218.81.69.210 - - [10/May/2023:09:00:21 +0800] "GET /xingrg/all/function/internal_message.html?_=1683680426285&CODE_STATE=getMsg HTTP/1.1" 200 27
116.227.208.255 - - [10/May/2023:09:00:27 +0800] "GET /xingrg/kc/buy/cgsh_order_operate.html?command=get_materiel&rest_code=00155&code=00101008261&supplier_code=00100005&order_time=2023-05-10 HTTP/1.1" 200 408
116.227.208.255 - - [10/May/2023:09:00:30 +0800] "GET /xingrg/all/function/internal_message.html?_=1683680480903&CODE_STATE=getMsg HTTP/1.1" 200 27
116.227.208.255 - - [10/May/2023:09:00:36 +0800] "GET /xingrg/kc/buy/cgsh_order_operate.html?command=get_materiel&rest_code=00155&code=00101008149&supplier_code=00100005&order_time=2023-05-10 HTTP/1.1" 200 408
114.85.113.108 - - [10/May/2023:09:00:37 +0800] "GET /xingrg/all/function/internal_message.html?_=1683680437019&CODE_STATE=getMsg HTTP/1.1" 200 27
116.224.158.100 - - [10/May/2023:09:00:45 +0800] "GET /xingrg/all/function/internal_message.html?_=1683680281646&CODE_STATE=getMsg HTTP/1.1" 200 27
116.224.158.100 - - [10/May/2023:09:00:45 +0800] "GET /xingrg/check_reg.html?_=1683680281649 HTTP/1.1" 200 22
116.227.208.255 - - [10/May/2023:09:00:45 +0800] "GET /xingrg/kc/buy/cgsh_order_operate.html?command=get_materiel&rest_code=00155&code=00101008084&supplier_code=00100005&order_time=2023-05-10 HTTP/1.1" 200 412
116.224.158.100 - - [10/May/2023:09:00:54 +0800] "GET /xingrg/all/function/internal_message.html?_=1683680453227&CODE_STATE=getMsg HTTP/1.1" 200 27
116.227.208.255 - - [10/May/2023:09:00:55 +0800] "GET /xingrg/kc/buy/cgsh_order_operate.html?command=get_materiel&rest_code=00155&code=00101008087&supplier_code=00100005&order_time=2023-05-10 HTTP/1.1" 200 412
116.227.208.255 - - [10/May/2023:09:01:03 +0800] "GET /xingrg/kc/buy/cgsh_order_operate.html?command=get_materiel&rest_code=00155&code=00101008132&supplier_code=00100005&order_time=2023-05-10 HTTP/1.1" 200 408
116.227.208.255 - - [10/May/2023:09:01:10 +0800] "GET /xingrg/kc/buy/cgsh_order_operate.html?command=get_materiel&rest_code=00155&code=00101008080&supplier_code=00100005&order_time=2023-05-10 HTTP/1.1" 200 416
116.227.208.255 - - [10/May/2023:09:01:17 +0800] "GET /xingrg/kc/buy/cgsh_order_operate.html?command=get_materiel&rest_code=00155&code=00101008331&supplier_code=00100005&order_time=2023-05-10 HTTP/1.1" 200 416
218.81.69.210 - - [10/May/2023:09:01:22 +0800] "GET /xingrg/all/function/internal_message.html?_=1683680486283&CODE_STATE=getMsg HTTP/1.1" 200 27
218.81.69.210 - - [10/May/2023:09:01:22 +0800] "GET /xingrg/check_reg.html?_=1683680486284 HTTP/1.1" 200 22
116.227.208.255 - - [10/May/2023:09:01:24 +0800] "GET /xingrg/kc/buy/cgsh_order_operate.html?command=get_materiel&rest_code=00155&code=00101008185&supplier_code=00100005&order_time=2023-05-10 HTTP/1.1" 200 408
180.169.147.146 - - [10/May/2023:09:01:25 +0800] "GET /favicon.ico HTTP/1.1" 404 -
116.227.208.255 - - [10/May/2023:09:01:30 +0800] "GET /xingrg/all/function/internal_message.html?_=1683680540911&CODE_STATE=getMsg HTTP/1.1" 200 27
116.227.208.255 - - [10/May/2023:09:01:32 +0800] "GET /xingrg/kc/buy/cgsh_order_operate.html?command=get_materiel&rest_code=00155&code=00101008354&supplier_code=00100005&order_time=2023-05-10 HTTP/1.1" 200 412
114.85.113.108 - - [10/May/2023:09:01:37 +0800] "GET /xingrg/all/function/internal_message.html?_=1683680497018&CODE_STATE=getMsg HTTP/1.1" 200 27
114.85.113.108 - - [10/May/2023:09:01:37 +0800] "GET /xingrg/check_reg.html?_=1683680497021 HTTP/1.1" 200 22
116.227.208.255 - - [10/May/2023:09:01:39 +0800] "GET /xingrg/kc/buy/cgsh_order_operate.html?command=get_materiel&rest_code=00155&code=00101008125&supplier_code=00100005&order_time=2023-05-10 HTTP/1.1" 200 413
218.81.69.210 - - [10/May/2023:09:01:41 +0800] "GET /xingrg/check_reg.html?_=1683680503718 HTTP/1.1" 200 22
116.224.158.100 - - [10/May/2023:09:01:45 +0800] "GET /xingrg/all/function/internal_message.html?_=1683680341635&CODE_STATE=getMsg HTTP/1.1" 200 27
116.224.158.100 - - [10/May/2023:09:01:54 +0800] "GET /xingrg/all/function/internal_message.html?_=1683680513330&CODE_STATE=getMsg HTTP/1.1" 200 27
116.227.208.255 - - [10/May/2023:09:01:54 +0800] "GET /xingrg/kc/buy/cgsh_order_operate.html?command=get_materiel&rest_code=00155&code=00101008010&supplier_code=00100005&order_time=2023-05-10 HTTP/1.1" 200 412
116.227.208.255 - - [10/May/2023:09:02:03 +0800] "GET /xingrg/kc/buy/cgsh_order_operate.html?command=get_materiel&rest_code=00155&code=00101008096&supplier_code=00100005&order_time=2023-05-10 HTTP/1.1" 200 412
116.227.208.255 - - [10/May/2023:09:02:09 +0800] "GET /xingrg/kc/buy/cgsh_order_operate.html?command=get_materiel&rest_code=00155&code=00101008290&supplier_code=00100005&order_time=2023-05-10 HTTP/1.1" 200 416
116.227.208.255 - - [10/May/2023:09:02:18 +0800] "GET /xingrg/kc/buy/cgsh_order_operate.html?command=get_materiel&rest_code=00155&code=00101008101&supplier_code=00100005&order_time=2023-05-10 HTTP/1.1" 200 412
218.81.69.210 - - [10/May/2023:09:02:22 +0800] "GET /xingrg/all/function/internal_message.html?_=1683680546298&CODE_STATE=getMsg HTTP/1.1" 200 27
116.227.208.255 - - [10/May/2023:09:02:24 +0800] "GET /xingrg/kc/buy/cgsh_order_operate.html?command=get_materiel&rest_code=00155&code=00101008361&supplier_code=00100005&order_time=2023-05-10 HTTP/1.1" 200 408
116.227.208.255 - - [10/May/2023:09:02:30 +0800] "GET /xingrg/all/function/internal_message.html?_=1683680600934&CODE_STATE=getMsg HTTP/1.1" 200 27
116.227.208.255 - - [10/May/2023:09:02:31 +0800] "GET /xingrg/kc/buy/cgsh_order_operate.html?command=get_materiel&rest_code=00155&code=00101008144&supplier_code=00100005&order_time=2023-05-10 HTTP/1.1" 200 412
114.85.113.108 - - [10/May/2023:09:02:37 +0800] "GET /xingrg/all/function/internal_message.html?_=1683680557023&CODE_STATE=getMsg HTTP/1.1" 200 27
116.227.208.255 - - [10/May/2023:09:02:37 +0800] "GET /xingrg/kc/buy/cgsh_order_operate.html?command=get_materiel&rest_code=00155&code=00101008264&supplier_code=00100005&order_time=2023-05-10 HTTP/1.1" 200 412
116.227.208.255 - - [10/May/2023:09:02:45 +0800] "GET /xingrg/kc/buy/cgsh_order_operate.html?command=get_materiel&rest_code=00155&code=00101008024&supplier_code=00100005&order_time=2023-05-10 HTTP/1.1" 200 408
116.224.158.100 - - [10/May/2023:09:02:45 +0800] "GET /xingrg/all/function/internal_message.html?_=1683680401644&CODE_STATE=getMsg HTTP/1.1" 200 27
116.227.208.255 - - [10/May/2023:09:02:51 +0800] "GET /xingrg/kc/buy/cgsh_order_operate.html?command=get_materiel&rest_code=00155&code=00101008356&supplier_code=00100005&order_time=2023-05-10 HTTP/1.1" 200 408
116.227.208.255 - - [10/May/2023:09:02:53 +0800] "POST /xingrg/kc/buy/cgsh_order_operate.html HTTP/1.1" 200 2065
116.224.158.100 - - [10/May/2023:09:02:53 +0800] "GET /xingrg/check_reg.html?_=1683680573074 HTTP/1.1" 200 22
116.224.158.100 - - [10/May/2023:09:02:54 +0800] "GET /xingrg/all/function/internal_message.html?_=1683680573196&CODE_STATE=getMsg HTTP/1.1" 200 27
116.227.208.255 - - [10/May/2023:09:02:59 +0800] "GET /xingrg/kc/buy/cgsh_order_operate.html?command=get_materiel&rest_code=00155&code=00101008272&supplier_code=00100005&order_time=2023-05-10 HTTP/1.1" 200 412
116.227.208.255 - - [10/May/2023:09:03:05 +0800] "GET /xingrg/kc/buy/cgsh_order_operate.html?command=get_materiel&rest_code=00155&code=00101008137&supplier_code=00100005&order_time=2023-05-10 HTTP/1.1" 200 408
116.227.208.255 - - [10/May/2023:09:03:12 +0800] "GET /xingrg/kc/buy/cgsh_order_operate.html?command=get_materiel&rest_code=00155&code=00101008360&supplier_code=00100005&order_time=2023-05-10 HTTP/1.1" 200 412
114.83.221.46 - - [10/May/2023:09:03:17 +0800] "GET /xingrg/login.html HTTP/1.1" 200 7641
114.83.221.46 - - [10/May/2023:09:03:18 +0800] "GET /favicon.ico HTTP/1.1" 404 -
116.227.208.255 - - [10/May/2023:09:03:19 +0800] "GET /xingrg/kc/buy/cgsh_order_operate.html?command=get_materiel&rest_code=00155&code=00101008196&supplier_code=00100005&order_time=2023-05-10 HTTP/1.1" 200 416
218.81.69.210 - - [10/May/2023:09:03:22 +0800] "GET /xingrg/all/function/internal_message.html?_=1683680606296&CODE_STATE=getMsg HTTP/1.1" 200 27
116.227.208.255 - - [10/May/2023:09:03:26 +0800] "GET /xingrg/kc/buy/cgsh_order_operate.html?command=get_materiel&rest_code=00155&code=00101008136&supplier_code=00100005&order_time=2023-05-10 HTTP/1.1" 200 413
114.83.221.46 - - [10/May/2023:09:03:27 +0800] "POST /xingrg/login.do HTTP/1.1" 302 -
114.83.221.46 - - [10/May/2023:09:03:27 +0800] "POST /xingrg/login.do HTTP/1.1" 302 -
116.227.208.255 - - [10/May/2023:09:03:27 +0800] "POST /xingrg/kc/buy/cgsh_order_operate.html HTTP/1.1" 200 2065
114.83.221.46 - - [10/May/2023:09:03:28 +0800] "GET /xingrg/index.html?sysBaseUrl=http%3A%2F%2F180.169.147.146%3A18081%2Fxingrg%2F&costTime=1827×tamp=1683680607898 HTTP/1.1" 200 17179
114.83.221.46 - - [10/May/2023:09:03:28 +0800] "GET /favicon.ico HTTP/1.1" 404 -
114.83.221.46 - - [10/May/2023:09:03:28 +0800] "GET /xingrg/check_reg.html?_=1683680606485 HTTP/1.1" 200 22
114.83.221.46 - - [10/May/2023:09:03:28 +0800] "GET /xingrg/all/function/internal_message.html?_=1683680606485&CODE_STATE=count HTTP/1.1" 200 11
114.83.221.46 - - [10/May/2023:09:03:28 +0800] "POST /xingrg/all/common/load_tree.html?tree=area_rest_tree_json&manage=1 HTTP/1.1" 200 351
114.83.221.46 - - [10/May/2023:09:03:28 +0800] "POST /xingrg/load_menu.html HTTP/1.1" 200 5138
116.227.208.255 - - [10/May/2023:09:03:30 +0800] "GET /xingrg/check_reg.html?_=1683680660942 HTTP/1.1" 200 22
116.227.208.255 - - [10/May/2023:09:03:30 +0800] "GET /xingrg/all/function/internal_message.html?_=1683680660944&CODE_STATE=getMsg HTTP/1.1" 200 27
114.83.221.46 - - [10/May/2023:09:03:31 +0800] "GET /xingrg/kc/buy/cgsh_order_list.html HTTP/1.1" 200 55401
114.83.221.46 - - [10/May/2023:09:03:33 +0800] "POST /xingrg/kc/buy/cgsh_list_operate.html HTTP/1.1" 200 986
116.227.208.255 - - [10/May/2023:09:03:34 +0800] "GET /xingrg/kc/buy/cgsh_order_operate.html?command=get_materiel&rest_code=00155&code=00101008197&supplier_code=00100005&order_time=2023-05-10 HTTP/1.1" 200 416
114.85.113.108 - - [10/May/2023:09:03:37 +0800] "GET /xingrg/all/function/internal_message.html?_=1683680617023&CODE_STATE=getMsg HTTP/1.1" 200 27
116.227.208.255 - - [10/May/2023:09:03:42 +0800] "GET /xingrg/kc/buy/cgsh_order_operate.html?command=get_materiel&rest_code=00155&code=00101008238&supplier_code=00100005&order_time=2023-05-10 HTTP/1.1" 200 416
114.83.221.46 - - [10/May/2023:09:03:42 +0800] "GET /xingrg/kc/buy/cgsh_order_add.html HTTP/1.1" 200 71265
114.83.221.46 - - [10/May/2023:09:03:43 +0800] "GET /xingrg/words/20230509115522_words.js HTTP/1.1" 304 -
114.83.221.46 - - [10/May/2023:09:03:43 +0800] "POST /xingrg/kc/buy/cgsh_order_operate.html HTTP/1.1" 200 8245
114.83.221.46 - - [10/May/2023:09:03:43 +0800] "GET /xingrg/javascript/easyui/themes/default/validatebox.css HTTP/1.1" 404 1104
114.83.221.46 - - [10/May/2023:09:03:43 +0800] "GET /xingrg/all/common/auto_word.html?type=employee&rest_code=00149 HTTP/1.1" 200 197
114.83.221.46 - - [10/May/2023:09:03:43 +0800] "GET /xingrg/all/common/auto_word.html?type=employee&rest_code=00149 HTTP/1.1" 200 197
116.224.158.100 - - [10/May/2023:09:03:45 +0800] "GET /xingrg/all/function/internal_message.html?_=1683680461644&CODE_STATE=getMsg HTTP/1.1" 200 27
116.227.208.255 - - [10/May/2023:09:03:51 +0800] "GET /xingrg/kc/buy/cgsh_order_operate.html?command=get_materiel&rest_code=00155&code=00101008006&supplier_code=00100005&order_time=2023-05-10 HTTP/1.1" 200 416
114.83.221.46 - - [10/May/2023:09:03:51 +0800] "GET /xingrg/javascript/auto/indicator.gif HTTP/1.1" 404 1066
114.83.221.46 - - [10/May/2023:09:03:52 +0800] "GET /xingrg/javascript/jquery_tools/images/prev.gif HTTP/1.1" 404 1086
114.83.221.46 - - [10/May/2023:09:03:52 +0800] "GET /xingrg/javascript/jquery_tools/images/next.gif HTTP/1.1" 404 1086
116.224.158.100 - - [10/May/2023:09:03:54 +0800] "GET /xingrg/all/function/internal_message.html?_=1683680633178&CODE_STATE=getMsg HTTP/1.1" 200 27
120.253.135.82 - - [10/May/2023:09:03:57 +0800] "GET /xingrg/check_reg.html?_=1683680474642 HTTP/1.1" 200 22
116.227.208.255 - - [10/May/2023:09:03:57 +0800] "GET /xingrg/kc/buy/cgsh_order_operate.html?command=get_materiel&rest_code=00155&code=00101008352&supplier_code=00100005&order_time=2023-05-10 HTTP/1.1" 200 412
114.83.221.46 - - [10/May/2023:09:04:00 +0800] "GET /xingrg/kc/buy/cgsh_order_operate.html?command=get_materiel&rest_code=00149&code=00101008323&supplier_code=00100008&order_time=2023-05-10 HTTP/1.1" 200 408
116.227.208.255 - - [10/May/2023:09:04:06 +0800] "GET /xingrg/kc/buy/cgsh_order_operate.html?command=get_materiel&rest_code=00155&code=00101008274&supplier_code=00100005&order_time=2023-05-10 HTTP/1.1" 200 412
116.227.208.255 - - [10/May/2023:09:04:08 +0800] "POST /xingrg/kc/buy/cgsh_order_operate.html HTTP/1.1" 200 2065
