120.253.135.82 - - [10/May/2023:10:18:35 +0800] "GET /xingrg/kc/buy/cgsh_order_list.html HTTP/1.1" 200 55395
120.253.135.82 - - [10/May/2023:10:18:35 +0800] "GET /xingrg/css/base.css HTTP/1.1" 304 -
120.253.135.82 - - [10/May/2023:10:18:35 +0800] "GET /xingrg/css/site.css HTTP/1.1" 304 -
120.253.135.82 - - [10/May/2023:10:18:35 +0800] "GET /xingrg/javascript/jquery_tools/datebox.css HTTP/1.1" 304 -
120.253.135.82 - - [10/May/2023:10:18:35 +0800] "GET /xingrg/javascript/easyui/themes/default/easyui.css HTTP/1.1" 304 -
120.253.135.82 - - [10/May/2023:10:18:35 +0800] "GET /xingrg/javascript/easyui/themes/icon.css HTTP/1.1" 304 -
120.253.135.82 - - [10/May/2023:10:18:35 +0800] "GET /xingrg/javascript/auto/jquery.autocomplete.css HTTP/1.1" 304 -
120.253.135.82 - - [10/May/2023:10:18:35 +0800] "GET /xingrg/javascript/jquery_tools/fix.css HTTP/1.1" 304 -
120.253.135.82 - - [10/May/2023:10:18:35 +0800] "GET /xingrg/javascript/jquery_tools/table.css HTTP/1.1" 304 -
120.253.135.82 - - [10/May/2023:10:18:35 +0800] "GET /xingrg/javascript/jquery_tools/jquery.tools.min.js HTTP/1.1" 304 -
120.253.135.82 - - [10/May/2023:10:18:35 +0800] "GET /xingrg/javascript/jquery_tools/jquery.tools.hotkey.js HTTP/1.1" 304 -
120.253.135.82 - - [10/May/2023:10:18:35 +0800] "GET /xingrg/javascript/jquery_tools/jquery.tools.extend.js HTTP/1.1" 304 -
120.253.135.82 - - [10/May/2023:10:18:35 +0800] "GET /xingrg/javascript/jquery_tools/jquery.tools.table.js HTTP/1.1" 304 -
120.253.135.82 - - [10/May/2023:10:18:35 +0800] "GET /xingrg/javascript/auto/jquery.autocomplete.js HTTP/1.1" 304 -
120.253.135.82 - - [10/May/2023:10:18:35 +0800] "GET /xingrg/javascript/jquery_tools/list_manager.js HTTP/1.1" 304 -
120.253.135.82 - - [10/May/2023:10:18:35 +0800] "GET /xingrg/javascript/easyui/easyloader.js HTTP/1.1" 304 -
120.253.135.82 - - [10/May/2023:10:18:35 +0800] "GET /xingrg/javascript/jquery.cookie.js HTTP/1.1" 304 -
120.253.135.82 - - [10/May/2023:10:18:35 +0800] "GET /xingrg/javascript/print/LodopFuncs.js HTTP/1.1" 304 -
61.170.232.87 - - [10/May/2023:10:18:35 +0800] "GET /xingrg/all/function/internal_message.html?_=1683685114124&CODE_STATE=getMsg HTTP/1.1" 200 27
116.224.158.100 - - [10/May/2023:10:18:36 +0800] "GET /xingrg/kc/base/wldb_order_operate.html?command=get_materiel&rest_code=00105&base_code=0010507&code=00101019175 HTTP/1.1" 200 439
114.85.113.108 - - [10/May/2023:10:18:37 +0800] "GET /xingrg/all/function/internal_message.html?_=1683685117117&CODE_STATE=getMsg HTTP/1.1" 200 27
116.235.240.234 - - [10/May/2023:10:18:38 +0800] "POST /xingrg/services/DataTransmitService HTTP/1.1" 200 524
218.81.69.210 - - [10/May/2023:10:18:38 +0800] "POST /xingrg/services/DataTransmitService HTTP/1.1" 200 524
124.79.73.36 - - [10/May/2023:10:18:38 +0800] "POST /xingrg/services/DataTransmitService HTTP/1.1" 200 501
120.253.135.82 - - [10/May/2023:10:18:39 +0800] "POST /xingrg/kc/pszx/mdps_list_operate.html HTTP/1.1" 200 868
218.81.69.210 - - [10/May/2023:10:18:39 +0800] "POST /xingrg/services/DataTransmitService HTTP/1.1" 200 2175
116.235.240.234 - - [10/May/2023:10:18:39 +0800] "POST /xingrg/services/DataTransmitService HTTP/1.1" 200 2339
120.253.135.82 - - [10/May/2023:10:18:40 +0800] "GET /xingrg/javascript/easyui/plugins/jquery.parser.js HTTP/1.1" 304 -
218.81.69.210 - - [10/May/2023:10:18:41 +0800] "POST /xingrg/services/DataTransmitService HTTP/1.1" 200 2563
120.253.135.82 - - [10/May/2023:10:18:43 +0800] "POST /xingrg/kc/buy/cgsh_list_operate.html HTTP/1.1" 200 986
116.224.158.100 - - [10/May/2023:10:18:43 +0800] "GET /xingrg/kc/buy/cgsh_order_add.html HTTP/1.1" 200 71259
218.81.69.210 - - [10/May/2023:10:18:43 +0800] "POST /xingrg/services/DataTransmitService HTTP/1.1" 200 192828
116.224.158.100 - - [10/May/2023:10:18:44 +0800] "POST /xingrg/kc/buy/cgsh_order_operate.html HTTP/1.1" 200 8245
116.224.158.100 - - [10/May/2023:10:18:44 +0800] "GET /xingrg/javascript/easyui/themes/default/validatebox.css HTTP/1.1" 404 1104
116.224.158.100 - - [10/May/2023:10:18:45 +0800] "GET /xingrg/all/function/internal_message.html?_=1683684961756&CODE_STATE=getMsg HTTP/1.1" 200 27
120.253.135.82 - - [10/May/2023:10:18:45 +0800] "GET /xingrg/kc/buy/cgsh_order_add.html HTTP/1.1" 200 70241
120.253.135.82 - - [10/May/2023:10:18:45 +0800] "GET /xingrg/javascript/pic_change.js HTTP/1.1" 304 -
120.253.135.82 - - [10/May/2023:10:18:45 +0800] "GET /xingrg/javascript/jquery_tools/order_manager.js HTTP/1.1" 304 -
120.253.135.82 - - [10/May/2023:10:18:45 +0800] "GET /xingrg/javascript/convert.js HTTP/1.1" 304 -
120.253.135.82 - - [10/May/2023:10:18:45 +0800] "GET /xingrg/javascript/json2.js HTTP/1.1" 304 -
120.253.135.82 - - [10/May/2023:10:18:45 +0800] "GET /xingrg/javascript/print/kc_print.js HTTP/1.1" 304 -
120.253.135.82 - - [10/May/2023:10:18:45 +0800] "GET /xingrg/words/20230509115522_words.js HTTP/1.1" 200 963341
120.253.135.82 - - [10/May/2023:10:18:46 +0800] "GET /xingrg/javascript/easyui/themes/icons/template_new.png HTTP/1.1" 304 -
120.253.135.82 - - [10/May/2023:10:18:46 +0800] "POST /xingrg/kc/buy/cgsh_order_operate.html HTTP/1.1" 200 8245
120.253.135.82 - - [10/May/2023:10:18:47 +0800] "GET /xingrg/javascript/easyui/themes/default/validatebox.css HTTP/1.1" 404 1104
120.253.135.82 - - [10/May/2023:10:18:47 +0800] "GET /xingrg/javascript/easyui/plugins/jquery.validatebox.js HTTP/1.1" 304 -
120.253.135.82 - - [10/May/2023:10:18:47 +0800] "GET /xingrg/javascript/easyui/plugins/jquery.numberbox.js HTTP/1.1" 304 -
120.253.135.82 - - [10/May/2023:10:18:47 +0800] "GET /xingrg/all/common/auto_word.html?type=employee&rest_code=00101 HTTP/1.1" 200 927
120.253.135.82 - - [10/May/2023:10:18:47 +0800] "GET /xingrg/all/common/auto_word.html?type=employee&rest_code=00101 HTTP/1.1" 200 927
120.253.135.82 - - [10/May/2023:10:18:48 +0800] "GET /xingrg/javascript/auto/indicator.gif HTTP/1.1" 404 1066
120.253.135.82 - - [10/May/2023:10:18:50 +0800] "GET /xingrg/kc/pszx/mdps_order_add.html HTTP/1.1" 200 29101
120.253.135.82 - - [10/May/2023:10:18:50 +0800] "POST /xingrg/kc/pszx/mdps_order_operate.html HTTP/1.1" 200 7126
120.253.135.82 - - [10/May/2023:10:18:51 +0800] "GET /xingrg/javascript/jquery_tools/images/next.gif HTTP/1.1" 404 1086
120.253.135.82 - - [10/May/2023:10:18:51 +0800] "GET /xingrg/javascript/jquery_tools/images/prev.gif HTTP/1.1" 404 1086
120.253.135.82 - - [10/May/2023:10:18:51 +0800] "GET /xingrg/javascript/easyui/themes/default/validatebox.css HTTP/1.1" 404 1104
116.224.158.100 - - [10/May/2023:10:18:52 +0800] "GET /xingrg/all/function/internal_message.html?_=1683685131899&CODE_STATE=getMsg HTTP/1.1" 200 27
116.235.240.234 - - [10/May/2023:10:18:54 +0800] "GET /xingrg/check_reg.html?_=1683685144481 HTTP/1.1" 200 22
124.79.73.36 - - [10/May/2023:10:18:57 +0800] "POST /xingrg/services/DataTransmitService HTTP/1.1" 200 501
124.79.73.36 - - [10/May/2023:10:18:58 +0800] "POST /xingrg/services/DataTransmitService HTTP/1.1" 200 501
180.164.3.199 - - [10/May/2023:10:18:59 +0800] "GET /xingrg/check_reg.html?_=1683685138318 HTTP/1.1" 200 22
180.164.3.199 - - [10/May/2023:10:18:59 +0800] "GET /xingrg/all/function/internal_message.html?_=1683685138321&CODE_STATE=getMsg HTTP/1.1" 200 27
124.79.73.36 - - [10/May/2023:10:18:59 +0800] "POST /xingrg/services/DataTransmitService HTTP/1.1" 200 501
124.79.73.36 - - [10/May/2023:10:19:00 +0800] "POST /xingrg/services/DataTransmitService HTTP/1.1" 200 501
120.253.135.82 - - [10/May/2023:10:19:00 +0800] "GET /xingrg/kc/buy/cgsh_order_operate.html?command=get_materiel&rest_code=00101&code=00102006553&supplier_code=00100257&order_time=2023-05-10 HTTP/1.1" 200 429
124.79.73.36 - - [10/May/2023:10:19:01 +0800] "POST /xingrg/services/DataTransmitService HTTP/1.1" 200 501
124.79.73.36 - - [10/May/2023:10:19:02 +0800] "POST /xingrg/services/DataTransmitService HTTP/1.1" 200 501
124.79.73.36 - - [10/May/2023:10:19:03 +0800] "POST /xingrg/services/DataTransmitService HTTP/1.1" 200 412
120.253.135.82 - - [10/May/2023:10:19:04 +0800] "POST /xingrg/all/common/load_combo.html?type=base HTTP/1.1" 200 1169
120.253.135.82 - - [10/May/2023:10:19:13 +0800] "GET /xingrg/kc/pszx/mdps_order_operate.html?command=get_materiel&pszx_code=00101&rest_code=00153&base_code=0010250&code=00102002230 HTTP/1.1" 200 426
120.253.135.82 - - [10/May/2023:10:19:18 +0800] "GET /xingrg/check_reg.html?_=1683684995923 HTTP/1.1" 200 22
116.238.139.35 - - [10/May/2023:10:19:20 +0800] "GET /xingrg/all/function/internal_message.html?_=1683685091035&CODE_STATE=getMsg HTTP/1.1" 200 27
120.253.135.82 - - [10/May/2023:10:19:20 +0800] "POST /xingrg/kc/buy/cgsh_order_operate.html HTTP/1.1" 200 37
218.81.69.210 - - [10/May/2023:10:19:22 +0800] "GET /xingrg/all/function/internal_message.html?_=1683685166447&CODE_STATE=getMsg HTTP/1.1" 200 27
101.229.22.40 - - [10/May/2023:10:19:23 +0800] "GET /xingrg/all/function/internal_message.html?_=1683685161909&CODE_STATE=getMsg HTTP/1.1" 200 27
222.67.238.82 - - [10/May/2023:10:19:26 +0800] "GET /xingrg/all/function/internal_message.html?_=1683684686910&CODE_STATE=getMsg HTTP/1.1" 200 27
120.253.135.82 - - [10/May/2023:10:19:27 +0800] "POST /xingrg/kc/buy/cgsh_order_operate.html HTTP/1.1" 200 12
114.83.221.46 - - [10/May/2023:10:19:27 +0800] "GET /xingrg/all/function/internal_message.html?_=1683685165648&CODE_STATE=getMsg HTTP/1.1" 200 27
120.253.135.82 - - [10/May/2023:10:19:28 +0800] "GET /xingrg/all/function/internal_message.html?_=1683685095202&CODE_STATE=getMsg HTTP/1.1" 200 27
116.224.158.100 - - [10/May/2023:10:19:29 +0800] "GET /xingrg/kc/buy/cgsh_order_operate.html?command=get_materiel&rest_code=00105&code=00101007048&supplier_code=00100002&order_time=2023-05-10 HTTP/1.1" 200 408
120.253.135.82 - - [10/May/2023:10:19:30 +0800] "GET /xingrg/kc/buy/cgsh_order_info.html?code=212023051003382 HTTP/1.1" 200 65153
120.253.135.82 - - [10/May/2023:10:19:30 +0800] "GET /xingrg/javascript/easyui/themes/default/validatebox.css HTTP/1.1" 404 1104
116.227.208.255 - - [10/May/2023:10:19:30 +0800] "GET /xingrg/all/function/internal_message.html?_=1683685220929&CODE_STATE=getMsg HTTP/1.1" 200 27
120.253.135.82 - - [10/May/2023:10:19:31 +0800] "POST /xingrg/kc/buy/cgsh_order_operate.html HTTP/1.1" 200 610
120.253.135.82 - - [10/May/2023:10:19:31 +0800] "GET /xingrg/kc/pszx/mdps_order_operate.html?command=get_materiel&pszx_code=00101&rest_code=00153&base_code=0010250&code=00102001018 HTTP/1.1" 200 414
61.170.232.87 - - [10/May/2023:10:19:35 +0800] "GET /xingrg/all/function/internal_message.html?_=1683685174110&CODE_STATE=getMsg HTTP/1.1" 200 27
114.85.113.108 - - [10/May/2023:10:19:37 +0800] "GET /xingrg/all/function/internal_message.html?_=1683685177116&CODE_STATE=getMsg HTTP/1.1" 200 27
120.253.135.82 - - [10/May/2023:10:19:42 +0800] "GET /xingrg/kc/print/load_config.html?kc_code=cgsh HTTP/1.1" 200 1925
120.253.135.82 - - [10/May/2023:10:19:43 +0800] "GET /xingrg/kc/print/load_data.html?order_code=212023051003382&kc_code=cgsh&condition= HTTP/1.1" 200 708
116.224.158.100 - - [10/May/2023:10:19:45 +0800] "GET /xingrg/all/function/internal_message.html?_=1683685021754&CODE_STATE=getMsg HTTP/1.1" 200 27
120.253.135.82 - - [10/May/2023:10:19:47 +0800] "POST /xingrg/kc/pszx/mdps_order_operate.html HTTP/1.1" 200 37
120.253.135.82 - - [10/May/2023:10:19:49 +0800] "GET /xingrg/kc/pszx/mdps_order_info.html?code=312023051000206 HTTP/1.1" 200 23976
120.253.135.82 - - [10/May/2023:10:19:50 +0800] "GET /xingrg/javascript/easyui/themes/default/validatebox.css HTTP/1.1" 404 1104
120.253.135.82 - - [10/May/2023:10:19:51 +0800] "POST /xingrg/kc/pszx/mdps_order_operate.html HTTP/1.1" 200 2759
116.224.158.100 - - [10/May/2023:10:19:52 +0800] "GET /xingrg/all/function/internal_message.html?_=1683685191869&CODE_STATE=getMsg HTTP/1.1" 200 27
180.164.3.199 - - [10/May/2023:10:19:59 +0800] "GET /xingrg/all/function/internal_message.html?_=1683685198334&CODE_STATE=getMsg HTTP/1.1" 200 27
120.253.135.82 - - [10/May/2023:10:20:17 +0800] "POST /xingrg/kc/pszx/mdps_order_operate.html HTTP/1.1" 200 37
120.253.135.82 - - [10/May/2023:10:20:18 +0800] "GET /xingrg/kc/pszx/mdps_order_info.html?code=312023051000206 HTTP/1.1" 200 23976
120.253.135.82 - - [10/May/2023:10:20:19 +0800] "GET /xingrg/javascript/easyui/themes/default/validatebox.css HTTP/1.1" 404 1104
120.253.135.82 - - [10/May/2023:10:20:19 +0800] "POST /xingrg/kc/pszx/mdps_order_operate.html HTTP/1.1" 200 2759
116.238.139.35 - - [10/May/2023:10:20:20 +0800] "GET /xingrg/all/function/internal_message.html?_=1683685151054&CODE_STATE=getMsg HTTP/1.1" 200 27
172.20.0.100 - - [10/May/2023:10:20:20 +0800] "GET /xingrg/check_reg.html?_=1683685227204 HTTP/1.1" 200 22
218.81.69.210 - - [10/May/2023:10:20:22 +0800] "GET /xingrg/all/function/internal_message.html?_=1683685226444&CODE_STATE=getMsg HTTP/1.1" 200 27
222.67.238.82 - - [10/May/2023:10:20:22 +0800] "GET /xingrg/kc/buy/cgsh_order_add.html HTTP/1.1" 200 71177
222.67.238.82 - - [10/May/2023:10:20:23 +0800] "POST /xingrg/kc/buy/cgsh_order_operate.html HTTP/1.1" 200 8245
222.67.238.82 - - [10/May/2023:10:20:23 +0800] "GET /xingrg/javascript/easyui/themes/default/validatebox.css HTTP/1.1" 404 1104
101.229.22.40 - - [10/May/2023:10:20:23 +0800] "GET /xingrg/check_reg.html?_=1683685221909 HTTP/1.1" 200 22
101.229.22.40 - - [10/May/2023:10:20:23 +0800] "GET /xingrg/all/function/internal_message.html?_=1683685221911&CODE_STATE=getMsg HTTP/1.1" 200 27
116.224.158.100 - - [10/May/2023:10:20:26 +0800] "GET /xingrg/kc/base/wldb_order_operate.html?command=get_materiel&rest_code=00105&base_code=0010507&code=00101019438 HTTP/1.1" 200 462
222.67.238.82 - - [10/May/2023:10:20:26 +0800] "GET /xingrg/check_reg.html?_=1683684746936 HTTP/1.1" 200 22
222.67.238.82 - - [10/May/2023:10:20:26 +0800] "GET /xingrg/all/function/internal_message.html?_=1683684746938&CODE_STATE=getMsg HTTP/1.1" 200 27
120.253.135.82 - - [10/May/2023:10:20:27 +0800] "POST /xingrg/kc/pszx/mdps_list_operate.html HTTP/1.1" 200 1687
114.83.221.46 - - [10/May/2023:10:20:27 +0800] "GET /xingrg/all/function/internal_message.html?_=1683685225623&CODE_STATE=getMsg HTTP/1.1" 200 27
120.253.135.82 - - [10/May/2023:10:20:28 +0800] "GET /xingrg/all/function/internal_message.html?_=1683685155236&CODE_STATE=getMsg HTTP/1.1" 200 27
120.253.135.82 - - [10/May/2023:10:20:29 +0800] "POST /xingrg/kc/pszx/mdps_list_operate.html HTTP/1.1" 200 279
116.227.208.255 - - [10/May/2023:10:20:30 +0800] "GET /xingrg/all/function/internal_message.html?_=1683685280926&CODE_STATE=getMsg HTTP/1.1" 200 27
61.170.232.87 - - [10/May/2023:10:20:35 +0800] "GET /xingrg/all/function/internal_message.html?_=1683685234098&CODE_STATE=getMsg HTTP/1.1" 200 27
116.224.158.100 - - [10/May/2023:10:20:37 +0800] "POST /xingrg/kc/buy/cgsh_order_operate.html HTTP/1.1" 200 37
114.85.113.108 - - [10/May/2023:10:20:37 +0800] "GET /xingrg/all/function/internal_message.html?_=1683685237115&CODE_STATE=getMsg HTTP/1.1" 200 27
116.224.158.100 - - [10/May/2023:10:20:40 +0800] "POST /xingrg/kc/buy/cgsh_order_operate.html HTTP/1.1" 200 2652
116.224.158.100 - - [10/May/2023:10:20:41 +0800] "GET /xingrg/kc/base/wldb_order_operate.html?command=get_materiel&rest_code=00105&base_code=0010507&code=00101016076 HTTP/1.1" 200 477
116.224.158.100 - - [10/May/2023:10:20:43 +0800] "GET /xingrg/kc/print/load_data.html?order_code=212023051003383&kc_code=cgsh&condition= HTTP/1.1" 200 728
222.67.238.82 - - [10/May/2023:10:20:43 +0800] "GET /xingrg/kc/buy/cgsh_order_operate.html?command=get_materiel&rest_code=00141&code=00101007071&supplier_code=00100004&order_time=2023-05-10 HTTP/1.1" 200 417
116.224.158.100 - - [10/May/2023:10:20:45 +0800] "GET /xingrg/all/function/internal_message.html?_=1683685081759&CODE_STATE=getMsg HTTP/1.1" 200 27
116.224.158.100 - - [10/May/2023:10:20:45 +0800] "GET /xingrg/check_reg.html?_=1683685081762 HTTP/1.1" 200 22
116.224.158.100 - - [10/May/2023:10:20:50 +0800] "GET /xingrg/kc/base/wldb_order_operate.html?command=get_materiel&rest_code=00105&base_code=0010507&code=00101019185 HTTP/1.1" 200 469
120.253.135.82 - - [10/May/2023:10:20:51 +0800] "GET /xingrg/kc/buy/cgsh_order_add.html HTTP/1.1" 200 70241
120.253.135.82 - - [10/May/2023:10:20:52 +0800] "POST /xingrg/kc/buy/cgsh_order_operate.html HTTP/1.1" 200 8245
120.253.135.82 - - [10/May/2023:10:20:52 +0800] "GET /xingrg/javascript/easyui/themes/default/validatebox.css HTTP/1.1" 404 1104
116.224.158.100 - - [10/May/2023:10:20:52 +0800] "GET /xingrg/all/function/internal_message.html?_=1683685251814&CODE_STATE=getMsg HTTP/1.1" 200 27
180.164.3.199 - - [10/May/2023:10:20:59 +0800] "GET /xingrg/all/function/internal_message.html?_=1683685258333&CODE_STATE=getMsg HTTP/1.1" 200 27
116.238.139.35 - - [10/May/2023:10:20:59 +0800] "GET /xingrg/kc/mdqp/qqps_order_list.html HTTP/1.1" 200 9222
116.238.139.35 - - [10/May/2023:10:20:59 +0800] "GET /xingrg/dwr/interface/AjaxQqpsService.js HTTP/1.1" 200 16326
116.238.139.35 - - [10/May/2023:10:20:59 +0800] "GET /xingrg/dwr/interface/AjaxReportQueryService.js HTTP/1.1" 200 13203
116.238.139.35 - - [10/May/2023:10:20:59 +0800] "GET /xingrg/dwr/engine.js HTTP/1.1" 200 43631
116.238.139.35 - - [10/May/2023:10:21:00 +0800] "GET /xingrg/javascript/jquery_easy_ui/themes/default/images/button_plain_hover.png HTTP/1.1" 200 252
222.67.238.82 - - [10/May/2023:10:21:02 +0800] "GET /xingrg/kc/buy/cgsh_order_operate.html?command=get_materiel&rest_code=00141&code=00101007077&supplier_code=00100004&order_time=2023-05-10 HTTP/1.1" 200 415
116.238.139.35 - - [10/May/2023:10:21:02 +0800] "GET /xingrg/kc/mdqp/qqps_order_add.html HTTP/1.1" 200 28250
116.238.139.35 - - [10/May/2023:10:21:02 +0800] "GET /xingrg/dwr/interface/AjaxComOrderService.js HTTP/1.1" 200 18264
116.238.139.35 - - [10/May/2023:10:21:02 +0800] "GET /xingrg/javascript/tools/jquery.qtip-1.0.0-rc3.min.js HTTP/1.1" 200 38404
116.238.139.35 - - [10/May/2023:10:21:02 +0800] "GET /xingrg/dwr/interface/AjaxQqpsService.js HTTP/1.1" 200 16326
116.238.139.35 - - [10/May/2023:10:21:02 +0800] "GET /xingrg/javascript/Grid.js HTTP/1.1" 200 58908
116.238.139.35 - - [10/May/2023:10:21:02 +0800] "GET /xingrg/javascript/AjaxInfoList.js HTTP/1.1" 200 3774
116.238.139.35 - - [10/May/2023:10:21:02 +0800] "GET /xingrg/dwr/engine.js HTTP/1.1" 200 43631
116.238.139.35 - - [10/May/2023:10:21:02 +0800] "GET /xingrg/javascript/jquery_easy_ui/themes/default/images/menu_downarrow.png HTTP/1.1" 200 173
116.238.139.35 - - [10/May/2023:10:21:02 +0800] "GET /xingrg/javascript/jquery_easy_ui/themes/icons/template_new.png HTTP/1.1" 200 3956
116.238.139.35 - - [10/May/2023:10:21:02 +0800] "GET /xingrg/javascript/jquery_easy_ui/themes/icons/copy_new.png HTTP/1.1" 200 815
116.238.139.35 - - [10/May/2023:10:21:02 +0800] "GET /xingrg/javascript/jquery_easy_ui/themes/icons/print.png HTTP/1.1" 200 1057
116.238.139.35 - - [10/May/2023:10:21:02 +0800] "GET /xingrg/javascript/jquery_easy_ui/themes/icons/back_new.png HTTP/1.1" 200 3414
116.238.139.35 - - [10/May/2023:10:21:02 +0800] "GET /xingrg/javascript/jquery_easy_ui/themes/default/images/combo_arrow_dot.gif HTTP/1.1" 200 79
61.170.232.87 - - [10/May/2023:10:21:02 +0800] "POST /xingrg/services/DataTransmitService HTTP/1.1" 200 501
116.238.139.35 - - [10/May/2023:10:21:02 +0800] "GET /xingrg/images/blue/button/kc_tab_edit.gif HTTP/1.1" 200 551
116.238.139.35 - - [10/May/2023:10:21:02 +0800] "GET /xingrg/images/blue/button/kc_tab_add.gif HTTP/1.1" 200 375
116.238.139.35 - - [10/May/2023:10:21:02 +0800] "GET /xingrg/images/blue/button/kc_tab_del.gif HTTP/1.1" 200 383
116.238.139.35 - - [10/May/2023:10:21:02 +0800] "GET /xingrg/images/blue/button/kc_tab_save.gif HTTP/1.1" 200 777
116.238.139.35 - - [10/May/2023:10:21:02 +0800] "GET /xingrg/images/blue/kc_tab_left.gif HTTP/1.1" 200 188
116.238.139.35 - - [10/May/2023:10:21:02 +0800] "GET /xingrg/images/blue/kc_tab_mid.gif HTTP/1.1" 200 44
116.238.139.35 - - [10/May/2023:10:21:02 +0800] "GET /xingrg/images/blue/kc_tab_right.gif HTTP/1.1" 200 643
116.238.139.35 - - [10/May/2023:10:21:02 +0800] "GET /xingrg/images/blue/kc_tab2_left.gif HTTP/1.1" 200 625
116.238.139.35 - - [10/May/2023:10:21:02 +0800] "GET /xingrg/images/blue/kc_tab2_right.gif HTTP/1.1" 200 192
61.170.232.87 - - [10/May/2023:10:21:04 +0800] "POST /xingrg/services/DataTransmitService HTTP/1.1" 200 501
116.238.139.35 - - [10/May/2023:10:21:10 +0800] "GET /xingrg/images/blue/wait.gif HTTP/1.1" 200 1100
116.224.158.100 - - [10/May/2023:10:21:11 +0800] "GET /xingrg/kc/base/wldb_order_operate.html?command=get_materiel&rest_code=00105&base_code=0010507&code=00101019391 HTTP/1.1" 200 485
116.238.139.35 - - [10/May/2023:10:21:12 +0800] "POST /xingrg/dwr/call/plaincall/AjaxQqpsService.saveOrder.dwr HTTP/1.1" 200 78
116.238.139.35 - - [10/May/2023:10:21:13 +0800] "GET /xingrg/javascript/auto/indicator.gif HTTP/1.1" 404 1066
120.253.135.82 - - [10/May/2023:10:21:18 +0800] "GET /xingrg/kc/buy/cgsh_order_operate.html?command=get_materiel&rest_code=00101&code=00102002084&supplier_code=00100399&order_time=2023-05-10 HTTP/1.1" 200 412
116.238.139.35 - - [10/May/2023:10:21:20 +0800] "GET /xingrg/all/function/internal_message.html?_=1683685211063&CODE_STATE=getMsg HTTP/1.1" 200 27
116.224.158.100 - - [10/May/2023:10:21:20 +0800] "GET /xingrg/kc/buy/cgsh_order_add.html HTTP/1.1" 200 71259
116.224.158.100 - - [10/May/2023:10:21:21 +0800] "GET /xingrg/javascript/easyui/themes/default/validatebox.css HTTP/1.1" 404 1104
116.224.158.100 - - [10/May/2023:10:21:21 +0800] "POST /xingrg/kc/buy/cgsh_order_operate.html HTTP/1.1" 200 8245
116.224.158.100 - - [10/May/2023:10:21:21 +0800] "GET /xingrg/kc/base/wldb_order_operate.html?command=get_materiel&rest_code=00105&base_code=0010507&code=00101019258 HTTP/1.1" 200 483
116.238.139.35 - - [10/May/2023:10:21:22 +0800] "POST /xingrg/dwr/call/plaincall/AjaxQqpsService.getMaterielByCode.dwr HTTP/1.1" 200 3934
218.81.69.210 - - [10/May/2023:10:21:22 +0800] "GET /xingrg/all/function/internal_message.html?_=1683685286442&CODE_STATE=getMsg HTTP/1.1" 200 27
218.81.69.210 - - [10/May/2023:10:21:22 +0800] "GET /xingrg/check_reg.html?_=1683685286444 HTTP/1.1" 200 22
101.229.22.40 - - [10/May/2023:10:21:23 +0800] "GET /xingrg/all/function/internal_message.html?_=1683685281897&CODE_STATE=getMsg HTTP/1.1" 200 27
116.238.139.35 - - [10/May/2023:10:21:26 +0800] "POST /xingrg/dwr/call/plaincall/AjaxQqpsService.saveMaterielItem.dwr HTTP/1.1" 200 78
222.67.238.82 - - [10/May/2023:10:21:26 +0800] "GET /xingrg/all/function/internal_message.html?_=1683684806926&CODE_STATE=getMsg HTTP/1.1" 200 27
114.83.221.46 - - [10/May/2023:10:21:27 +0800] "GET /xingrg/all/function/internal_message.html?_=1683685285594&CODE_STATE=getMsg HTTP/1.1" 200 27
120.253.135.82 - - [10/May/2023:10:21:28 +0800] "GET /xingrg/all/function/internal_message.html?_=1683685215245&CODE_STATE=getMsg HTTP/1.1" 200 27
116.227.208.255 - - [10/May/2023:10:21:30 +0800] "GET /xingrg/all/function/internal_message.html?_=1683685340923&CODE_STATE=getMsg HTTP/1.1" 200 27
116.238.139.35 - - [10/May/2023:10:21:32 +0800] "POST /xingrg/dwr/call/plaincall/AjaxQqpsService.getMaterielByCode.dwr HTTP/1.1" 200 3939
61.170.232.87 - - [10/May/2023:10:21:35 +0800] "GET /xingrg/all/function/internal_message.html?_=1683685294070&CODE_STATE=getMsg HTTP/1.1" 200 27
120.253.135.82 - - [10/May/2023:10:21:35 +0800] "GET /xingrg/kc/buy/cgsh_order_operate.html?command=get_materiel&rest_code=00101&code=00102002831&supplier_code=00100399&order_time=2023-05-10 HTTP/1.1" 200 440
61.170.232.87 - - [10/May/2023:10:21:35 +0800] "GET /xingrg/check_reg.html?_=1683685294136 HTTP/1.1" 200 22
116.238.139.35 - - [10/May/2023:10:21:36 +0800] "POST /xingrg/dwr/call/plaincall/AjaxQqpsService.saveMaterielItem.dwr HTTP/1.1" 200 78
61.170.232.87 - - [10/May/2023:10:21:37 +0800] "POST /xingrg/services/DataTransmitService HTTP/1.1" 200 501
114.85.113.108 - - [10/May/2023:10:21:37 +0800] "GET /xingrg/all/function/internal_message.html?_=1683685297113&CODE_STATE=getMsg HTTP/1.1" 200 27
114.85.113.108 - - [10/May/2023:10:21:37 +0800] "GET /xingrg/check_reg.html?_=1683685297116 HTTP/1.1" 200 22
116.224.158.100 - - [10/May/2023:10:21:39 +0800] "GET /xingrg/kc/base/wldb_order_operate.html?command=get_materiel&rest_code=00105&base_code=0010507&code=00101019222 HTTP/1.1" 200 454
218.81.69.210 - - [10/May/2023:10:21:41 +0800] "GET /xingrg/check_reg.html?_=1683685303429 HTTP/1.1" 200 22
116.238.139.35 - - [10/May/2023:10:21:41 +0800] "POST /xingrg/dwr/call/plaincall/AjaxQqpsService.getMaterielByCode.dwr HTTP/1.1" 200 3946
116.238.139.35 - - [10/May/2023:10:21:44 +0800] "POST /xingrg/dwr/call/plaincall/AjaxQqpsService.saveMaterielItem.dwr HTTP/1.1" 200 78
222.67.238.82 - - [10/May/2023:10:21:44 +0800] "GET /xingrg/kc/buy/cgsh_order_operate.html?command=get_materiel&rest_code=00141&code=00101007210&supplier_code=00100004&order_time=2023-05-10 HTTP/1.1" 200 408
116.224.158.100 - - [10/May/2023:10:21:45 +0800] "GET /xingrg/all/function/internal_message.html?_=1683685141757&CODE_STATE=getMsg HTTP/1.1" 200 27
120.253.135.82 - - [10/May/2023:10:21:46 +0800] "GET /xingrg/kc/buy/cgsh_order_operate.html?command=get_materiel&rest_code=00101&code=00102002134&supplier_code=00100399&order_time=2023-05-10 HTTP/1.1" 200 409
116.238.139.35 - - [10/May/2023:10:21:47 +0800] "POST /xingrg/dwr/call/plaincall/AjaxQqpsService.checkOrder.dwr HTTP/1.1" 200 78
116.238.139.35 - - [10/May/2023:10:21:49 +0800] "GET /xingrg/kc/mdqp/qqps_order_info.html?code=302023051000150 HTTP/1.1" 200 26657
116.238.139.35 - - [10/May/2023:10:21:49 +0800] "GET /xingrg/dwr/interface/AjaxQqpsService.js HTTP/1.1" 200 16326
116.238.139.35 - - [10/May/2023:10:21:49 +0800] "GET /xingrg/dwr/interface/AjaxComOrderService.js HTTP/1.1" 200 18264
116.238.139.35 - - [10/May/2023:10:21:49 +0800] "GET /xingrg/dwr/engine.js HTTP/1.1" 200 43631
116.238.139.35 - - [10/May/2023:10:21:50 +0800] "POST /xingrg/dwr/call/plaincall/AjaxQqpsService.loadMaterielItems.dwr HTTP/1.1" 200 1046
116.224.158.100 - - [10/May/2023:10:21:50 +0800] "GET /xingrg/kc/base/wldb_order_operate.html?command=get_materiel&rest_code=00105&base_code=0010507&code=00101019183 HTTP/1.1" 200 449
116.224.158.100 - - [10/May/2023:10:21:52 +0800] "GET /xingrg/all/function/internal_message.html?_=1683685311797&CODE_STATE=getMsg HTTP/1.1" 200 27
180.164.3.199 - - [10/May/2023:10:21:59 +0800] "GET /xingrg/all/function/internal_message.html?_=1683685318332&CODE_STATE=getMsg HTTP/1.1" 200 27
222.67.238.82 - - [10/May/2023:10:22:00 +0800] "POST /xingrg/kc/buy/cgsh_order_operate.html HTTP/1.1" 200 37
116.224.158.100 - - [10/May/2023:10:22:05 +0800] "POST /xingrg/kc/base/wldb_order_operate.html HTTP/1.1" 200 37
116.224.158.100 - - [10/May/2023:10:22:06 +0800] "POST /xingrg/kc/base/wldb_order_operate.html HTTP/1.1" 200 5691
116.224.158.100 - - [10/May/2023:10:22:06 +0800] "GET /xingrg/kc/base/wldb_order_info.html?code=422023051000738 HTTP/1.1" 200 30396
116.224.158.100 - - [10/May/2023:10:22:07 +0800] "GET /xingrg/javascript/easyui/themes/default/validatebox.css HTTP/1.1" 404 1104
120.253.135.82 - - [10/May/2023:10:22:07 +0800] "POST /xingrg/kc/buy/cgsh_order_operate.html HTTP/1.1" 200 37
116.224.158.100 - - [10/May/2023:10:22:07 +0800] "GET /xingrg/kc/buy/cgsh_order_operate.html?command=get_materiel&rest_code=00105&code=00101006109&supplier_code=00100012&order_time=2023-05-10 HTTP/1.1" 200 409
116.224.158.100 - - [10/May/2023:10:22:08 +0800] "POST /xingrg/kc/base/wldb_order_operate.html HTTP/1.1" 200 5691
222.67.238.82 - - [10/May/2023:10:22:14 +0800] "POST /xingrg/kc/buy/cgsh_order_operate.html HTTP/1.1" 200 12
120.253.135.82 - - [10/May/2023:10:22:19 +0800] "POST /xingrg/kc/buy/cgsh_order_operate.html HTTP/1.1" 200 12
116.238.139.35 - - [10/May/2023:10:22:19 +0800] "GET /xingrg/check_reg.html?_=1683685270769 HTTP/1.1" 200 22
116.238.139.35 - - [10/May/2023:10:22:20 +0800] "GET /xingrg/all/function/internal_message.html?_=1683685271076&CODE_STATE=getMsg HTTP/1.1" 200 27
222.67.238.82 - - [10/May/2023:10:22:21 +0800] "GET /xingrg/kc/buy/cgsh_order_info.html?code=212023051003384 HTTP/1.1" 200 66086
222.67.238.82 - - [10/May/2023:10:22:21 +0800] "GET /xingrg/javascript/easyui/themes/default/validatebox.css HTTP/1.1" 404 1104
218.81.69.210 - - [10/May/2023:10:22:22 +0800] "GET /xingrg/all/function/internal_message.html?_=1683685346442&CODE_STATE=getMsg HTTP/1.1" 200 27
120.253.135.82 - - [10/May/2023:10:22:22 +0800] "GET /xingrg/kc/buy/cgsh_order_info.html?code=212023051003385 HTTP/1.1" 200 65140
61.170.232.87 - - [10/May/2023:10:22:22 +0800] "POST /xingrg/services/DataTransmitService HTTP/1.1" 200 501
120.253.135.82 - - [10/May/2023:10:22:23 +0800] "GET /xingrg/javascript/easyui/themes/default/validatebox.css HTTP/1.1" 404 1104
222.67.238.82 - - [10/May/2023:10:22:23 +0800] "POST /xingrg/kc/buy/cgsh_order_operate.html HTTP/1.1" 200 1792
101.229.22.40 - - [10/May/2023:10:22:23 +0800] "GET /xingrg/all/function/internal_message.html?_=1683685341897&CODE_STATE=getMsg HTTP/1.1" 200 27
120.253.135.82 - - [10/May/2023:10:22:23 +0800] "POST /xingrg/kc/buy/cgsh_order_operate.html HTTP/1.1" 200 2413
222.67.238.82 - - [10/May/2023:10:22:24 +0800] "GET /xingrg/kc/print/load_data.html?order_code=212023051003384&kc_code=cgsh&condition= HTTP/1.1" 200 1210
61.170.232.87 - - [10/May/2023:10:22:25 +0800] "POST /xingrg/services/DataTransmitService HTTP/1.1" 200 501
120.253.135.82 - - [10/May/2023:10:22:26 +0800] "GET /xingrg/kc/print/load_data.html?order_code=212023051003385&kc_code=cgsh&condition= HTTP/1.1" 200 1392
61.170.232.87 - - [10/May/2023:10:22:26 +0800] "POST /xingrg/services/DataTransmitService HTTP/1.1" 200 501
222.67.238.82 - - [10/May/2023:10:22:26 +0800] "GET /xingrg/all/function/internal_message.html?_=1683684866950&CODE_STATE=getMsg HTTP/1.1" 200 27
114.83.221.46 - - [10/May/2023:10:22:27 +0800] "GET /xingrg/all/function/internal_message.html?_=1683685345587&CODE_STATE=getMsg HTTP/1.1" 200 27
116.224.158.100 - - [10/May/2023:10:22:27 +0800] "GET /xingrg/kc/buy/cgsh_order_operate.html?command=get_materiel&rest_code=00105&code=00101006193&supplier_code=00100012&order_time=2023-05-10 HTTP/1.1" 200 409
120.253.135.82 - - [10/May/2023:10:22:28 +0800] "GET /xingrg/all/function/internal_message.html?_=1683685275258&CODE_STATE=getMsg HTTP/1.1" 200 27
116.227.208.255 - - [10/May/2023:10:22:30 +0800] "GET /xingrg/all/function/internal_message.html?_=1683685400922&CODE_STATE=getMsg HTTP/1.1" 200 27
61.170.232.87 - - [10/May/2023:10:22:35 +0800] "GET /xingrg/all/function/internal_message.html?_=1683685354046&CODE_STATE=getMsg HTTP/1.1" 200 27
114.85.113.108 - - [10/May/2023:10:22:37 +0800] "GET /xingrg/all/function/internal_message.html?_=1683685357121&CODE_STATE=getMsg HTTP/1.1" 200 27
58.40.7.146 - - [10/May/2023:10:22:38 +0800] "GET /xingrg/check_reg.html?_=1683685358615 HTTP/1.1" 302 -
58.40.7.146 - - [10/May/2023:10:22:38 +0800] "GET /xingrg/login.html HTTP/1.1" 200 7641
61.170.232.87 - - [10/May/2023:10:22:39 +0800] "POST /xingrg/services/DataTransmitService HTTP/1.1" 200 501
61.170.232.87 - - [10/May/2023:10:22:41 +0800] "POST /xingrg/services/DataTransmitService HTTP/1.1" 200 501
61.170.232.87 - - [10/May/2023:10:22:43 +0800] "POST /xingrg/services/DataTransmitService HTTP/1.1" 200 501
61.170.232.87 - - [10/May/2023:10:22:44 +0800] "POST /xingrg/services/DataTransmitService HTTP/1.1" 200 412
116.224.158.100 - - [10/May/2023:10:22:45 +0800] "GET /xingrg/all/function/internal_message.html?_=1683685201763&CODE_STATE=getMsg HTTP/1.1" 200 27
116.224.158.100 - - [10/May/2023:10:22:52 +0800] "GET /xingrg/all/function/internal_message.html?_=1683685371827&CODE_STATE=getMsg HTTP/1.1" 200 27
114.85.99.208 - - [10/May/2023:10:22:54 +0800] "GET /xingrg/javascript/easyui/themes/default/tree.css HTTP/1.1" 404 1090
116.224.158.100 - - [10/May/2023:10:22:54 +0800] "GET /xingrg/check_reg.html?_=1683685373273 HTTP/1.1" 200 22
114.85.99.208 - - [10/May/2023:10:22:54 +0800] "POST /xingrg/all/common/load_tree.html?tree=supplier_tree_json&isDelete=1 HTTP/1.1" 200 73603
180.164.3.199 - - [10/May/2023:10:22:59 +0800] "GET /xingrg/all/function/internal_message.html?_=1683685378319&CODE_STATE=getMsg HTTP/1.1" 200 27
116.224.158.100 - - [10/May/2023:10:22:59 +0800] "GET /xingrg/kc/buy/cgsh_order_operate.html?command=get_materiel&rest_code=00105&code=00101006062&supplier_code=00100012&order_time=2023-05-10 HTTP/1.1" 200 409
114.85.99.208 - - [10/May/2023:10:23:14 +0800] "GET /xingrg/kc/buy/cgsh_order_operate.html?command=get_materiel&rest_code=00102&code=00101002027&supplier_code=00100400&order_time=2023-05-10 HTTP/1.1" 200 413
116.238.139.35 - - [10/May/2023:10:23:20 +0800] "GET /xingrg/all/function/internal_message.html?_=1683685331089&CODE_STATE=getMsg HTTP/1.1" 200 27
218.81.69.210 - - [10/May/2023:10:23:22 +0800] "GET /xingrg/all/function/internal_message.html?_=1683685406440&CODE_STATE=getMsg HTTP/1.1" 200 27
101.229.22.40 - - [10/May/2023:10:23:23 +0800] "GET /xingrg/all/function/internal_message.html?_=1683685401897&CODE_STATE=getMsg HTTP/1.1" 200 27
222.67.238.82 - - [10/May/2023:10:23:26 +0800] "GET /xingrg/all/function/internal_message.html?_=1683684926939&CODE_STATE=getMsg HTTP/1.1" 200 27
114.83.221.46 - - [10/May/2023:10:23:27 +0800] "GET /xingrg/all/function/internal_message.html?_=1683685405560&CODE_STATE=getMsg HTTP/1.1" 200 27
114.85.99.208 - - [10/May/2023:10:23:27 +0800] "GET /xingrg/kc/buy/cgsh_order_operate.html?command=get_materiel&rest_code=00102&code=00101002022&supplier_code=00100400&order_time=2023-05-10 HTTP/1.1" 200 409
114.83.221.46 - - [10/May/2023:10:23:28 +0800] "GET /xingrg/check_reg.html?_=1683685406784 HTTP/1.1" 200 22
120.253.135.82 - - [10/May/2023:10:23:28 +0800] "GET /xingrg/check_reg.html?_=1683685335198 HTTP/1.1" 200 22
120.253.135.82 - - [10/May/2023:10:23:29 +0800] "GET /xingrg/all/function/internal_message.html?_=1683685335277&CODE_STATE=getMsg HTTP/1.1" 200 27
116.227.208.255 - - [10/May/2023:10:23:30 +0800] "GET /xingrg/all/function/internal_message.html?_=1683685460915&CODE_STATE=getMsg HTTP/1.1" 200 27
116.227.208.255 - - [10/May/2023:10:23:30 +0800] "GET /xingrg/check_reg.html?_=1683685460920 HTTP/1.1" 200 22
61.170.232.87 - - [10/May/2023:10:23:35 +0800] "GET /xingrg/all/function/internal_message.html?_=1683685414021&CODE_STATE=getMsg HTTP/1.1" 200 27
116.224.158.100 - - [10/May/2023:10:23:37 +0800] "POST /xingrg/kc/buy/cgsh_order_operate.html HTTP/1.1" 200 37
114.85.113.108 - - [10/May/2023:10:23:37 +0800] "GET /xingrg/all/function/internal_message.html?_=1683685417119&CODE_STATE=getMsg HTTP/1.1" 200 27
61.170.232.87 - - [10/May/2023:10:23:39 +0800] "POST /xingrg/kc/buy/cgsh_order_operate.html HTTP/1.1" 200 37
114.85.99.208 - - [10/May/2023:10:23:39 +0800] "GET /xingrg/kc/buy/cgsh_order_operate.html?command=get_materiel&rest_code=00102&code=00101001069&supplier_code=00100400&order_time=2023-05-10 HTTP/1.1" 200 409
116.224.158.100 - - [10/May/2023:10:23:39 +0800] "POST /xingrg/kc/buy/cgsh_order_operate.html HTTP/1.1" 200 4417
116.224.158.100 - - [10/May/2023:10:23:41 +0800] "GET /xingrg/kc/print/load_data.html?order_code=212023051003386&kc_code=cgsh&condition= HTTP/1.1" 200 1423
120.253.135.82 - - [10/May/2023:10:23:42 +0800] "GET /xingrg/kc/pszx/mdps_order_list.html?orderType=0 HTTP/1.1" 200 21032
120.253.135.82 - - [10/May/2023:10:23:43 +0800] "POST /xingrg/kc/pszx/mdps_list_operate.html HTTP/1.1" 200 5236
61.170.232.87 - - [10/May/2023:10:23:43 +0800] "POST /xingrg/kc/buy/cgsh_order_operate.html HTTP/1.1" 200 27473
116.224.158.100 - - [10/May/2023:10:23:45 +0800] "GET /xingrg/all/function/internal_message.html?_=1683685261752&CODE_STATE=getMsg HTTP/1.1" 200 27
120.253.135.82 - - [10/May/2023:10:23:47 +0800] "GET /xingrg/kc/pszx/mdps_order_add.html HTTP/1.1" 200 29101
120.253.135.82 - - [10/May/2023:10:23:47 +0800] "GET /xingrg/javascript/myfunction.js HTTP/1.1" 304 -
120.253.135.82 - - [10/May/2023:10:23:47 +0800] "POST /xingrg/kc/pszx/mdps_order_operate.html HTTP/1.1" 200 7126
120.253.135.82 - - [10/May/2023:10:23:47 +0800] "GET /xingrg/all/common/auto_word.html?type=base&rest_code=00101 HTTP/1.1" 200 671
120.253.135.82 - - [10/May/2023:10:23:47 +0800] "GET /xingrg/javascript/easyui/themes/default/validatebox.css HTTP/1.1" 404 1104
116.224.158.100 - - [10/May/2023:10:23:52 +0800] "GET /xingrg/all/function/internal_message.html?_=1683685431749&CODE_STATE=getMsg HTTP/1.1" 200 27
116.235.240.234 - - [10/May/2023:10:23:54 +0800] "GET /xingrg/check_reg.html?_=1683685444480 HTTP/1.1" 200 22
114.85.99.208 - - [10/May/2023:10:23:55 +0800] "GET /xingrg/kc/buy/cgsh_order_operate.html?command=get_materiel&rest_code=00102&code=00101005037&supplier_code=00100400&order_time=2023-05-10 HTTP/1.1" 200 409
120.253.135.82 - - [10/May/2023:10:23:58 +0800] "GET /xingrg/kc/pszx/mdps_order_operate.html?command=get_materiel&pszx_code=00101&rest_code=00111&base_code=0010250&code=00102006553 HTTP/1.1" 200 429
180.164.3.199 - - [10/May/2023:10:23:59 +0800] "GET /xingrg/check_reg.html?_=1683685438324 HTTP/1.1" 200 22
180.164.3.199 - - [10/May/2023:10:23:59 +0800] "GET /xingrg/all/function/internal_message.html?_=1683685438326&CODE_STATE=getMsg HTTP/1.1" 200 27
120.253.135.82 - - [10/May/2023:10:24:04 +0800] "POST /xingrg/kc/pszx/mdps_order_operate.html HTTP/1.1" 200 37
114.85.99.208 - - [10/May/2023:10:24:07 +0800] "GET /xingrg/kc/buy/cgsh_order_operate.html?command=get_materiel&rest_code=00102&code=00101004089&supplier_code=00100400&order_time=2023-05-10 HTTP/1.1" 200 406
120.253.135.82 - - [10/May/2023:10:24:11 +0800] "POST /xingrg/kc/pszx/mdps_order_operate.html HTTP/1.1" 200 12
120.253.135.82 - - [10/May/2023:10:24:13 +0800] "GET /xingrg/kc/pszx/mdps_order_info.html?code=312023051000207 HTTP/1.1" 200 19632
120.253.135.82 - - [10/May/2023:10:24:14 +0800] "GET /xingrg/javascript/easyui/themes/default/validatebox.css HTTP/1.1" 404 1104
120.253.135.82 - - [10/May/2023:10:24:14 +0800] "POST /xingrg/kc/pszx/mdps_order_operate.html HTTP/1.1" 200 492
120.253.135.82 - - [10/May/2023:10:24:15 +0800] "POST /xingrg/kc/pszx/mdps_list_operate.html HTTP/1.1" 200 1687
120.253.135.82 - - [10/May/2023:10:24:15 +0800] "GET /xingrg/kc/pszx/mdqp_order_list.html?state=10 HTTP/1.1" 200 10719
120.253.135.82 - - [10/May/2023:10:24:15 +0800] "GET /xingrg/dwr/interface/AjaxQqpsService.js HTTP/1.1" 200 16326
120.253.135.82 - - [10/May/2023:10:24:15 +0800] "GET /xingrg/dwr/interface/AjaxReportQueryService.js HTTP/1.1" 200 13203
120.253.135.82 - - [10/May/2023:10:24:15 +0800] "GET /xingrg/dwr/engine.js HTTP/1.1" 200 43631
120.253.135.82 - - [10/May/2023:10:24:15 +0800] "GET /xingrg/kc/print/load_config.html?kc_code=mdps HTTP/1.1" 200 2390
120.253.135.82 - - [10/May/2023:10:24:16 +0800] "GET /xingrg/kc/print/load_data.html?order_code=312023051000207&kc_code=mdps&condition= HTTP/1.1" 200 728
120.253.135.82 - - [10/May/2023:10:24:18 +0800] "GET /xingrg/check_reg.html?_=1683685295929 HTTP/1.1" 200 22
120.253.135.82 - - [10/May/2023:10:24:19 +0800] "GET /xingrg/kc/pszx/mdqp_order_info.html?code=302023051000150 HTTP/1.1" 200 13350
120.253.135.82 - - [10/May/2023:10:24:19 +0800] "GET /xingrg/dwr/interface/AjaxComOrderService.js HTTP/1.1" 200 18264
120.253.135.82 - - [10/May/2023:10:24:19 +0800] "GET /xingrg/dwr/interface/AjaxQqpsService.js HTTP/1.1" 200 16326
120.253.135.82 - - [10/May/2023:10:24:19 +0800] "GET /xingrg/dwr/engine.js HTTP/1.1" 200 43631
116.238.139.35 - - [10/May/2023:10:24:20 +0800] "GET /xingrg/all/function/internal_message.html?_=1683685391104&CODE_STATE=getMsg HTTP/1.1" 200 27
61.170.232.87 - - [10/May/2023:10:24:21 +0800] "POST /xingrg/kc/buy/cgsh_order_operate.html HTTP/1.1" 200 37
218.81.69.210 - - [10/May/2023:10:24:22 +0800] "GET /xingrg/all/function/internal_message.html?_=1683685466439&CODE_STATE=getMsg HTTP/1.1" 200 27
120.253.135.82 - - [10/May/2023:10:24:22 +0800] "POST /xingrg/dwr/call/plaincall/AjaxQqpsService.loadMaterielItems.dwr HTTP/1.1" 200 1046
101.229.22.40 - - [10/May/2023:10:24:23 +0800] "GET /xingrg/all/function/internal_message.html?_=1683685461897&CODE_STATE=getMsg HTTP/1.1" 200 27
114.85.99.208 - - [10/May/2023:10:24:25 +0800] "GET /xingrg/kc/buy/cgsh_order_operate.html?command=get_materiel&rest_code=00102&code=00101004030&supplier_code=00100400&order_time=2023-05-10 HTTP/1.1" 200 23
61.170.232.87 - - [10/May/2023:10:24:25 +0800] "POST /xingrg/kc/buy/cgsh_order_operate.html HTTP/1.1" 200 27472
120.253.135.82 - - [10/May/2023:10:24:25 +0800] "GET /xingrg/kc/pszx/mdps_order_add.html HTTP/1.1" 200 29101
120.253.135.82 - - [10/May/2023:10:24:26 +0800] "POST /xingrg/kc/pszx/mdps_order_operate.html HTTP/1.1" 200 7126
120.253.135.82 - - [10/May/2023:10:24:26 +0800] "GET /xingrg/javascript/easyui/themes/default/validatebox.css HTTP/1.1" 404 1104
222.67.238.82 - - [10/May/2023:10:24:26 +0800] "GET /xingrg/all/function/internal_message.html?_=1683684986936&CODE_STATE=getMsg HTTP/1.1" 200 27
114.83.221.46 - - [10/May/2023:10:24:27 +0800] "GET /xingrg/all/function/internal_message.html?_=1683685465536&CODE_STATE=getMsg HTTP/1.1" 200 27
116.227.208.255 - - [10/May/2023:10:24:27 +0800] "GET /xingrg/kc/report/report_main.html HTTP/1.1" 200 7340
116.227.208.255 - - [10/May/2023:10:24:28 +0800] "GET /xingrg/all/report/report_query.html?fileName=kc/buy/gys_amount.xml&rh=99999 HTTP/1.1" 200 52006
116.227.208.255 - - [10/May/2023:10:24:28 +0800] "GET /xingrg/dwr/interface/AjaxReportQueryService.js HTTP/1.1" 200 13203
116.227.208.255 - - [10/May/2023:10:24:28 +0800] "GET /xingrg/dwr/engine.js HTTP/1.1" 200 43631
116.227.208.255 - - [10/May/2023:10:24:28 +0800] "GET /xingrg/dwr/util.js HTTP/1.1" 304 -
116.227.208.255 - - [10/May/2023:10:24:28 +0800] "POST /xingrg/dwr/call/plaincall/AjaxReportQueryService.getFixDate.dwr HTTP/1.1" 200 111
120.253.135.82 - - [10/May/2023:10:24:29 +0800] "GET /xingrg/all/function/internal_message.html?_=1683685395286&CODE_STATE=getMsg HTTP/1.1" 200 27
116.227.208.255 - - [10/May/2023:10:24:29 +0800] "POST /xingrg/dwr/call/plaincall/AjaxReportQueryService.getInitString.dwr HTTP/1.1" 200 1062
116.227.208.255 - - [10/May/2023:10:24:29 +0800] "POST /xingrg/all/common/load_tree.html?tree=materiel_sort_tree_json HTTP/1.1" 200 9500
116.227.208.255 - - [10/May/2023:10:24:29 +0800] "POST /xingrg/all/common/load_tree.html?tree=supplier_tree_json&manage=1 HTTP/1.1" 200 75535
116.227.208.255 - - [10/May/2023:10:24:31 +0800] "GET /xingrg/all/function/internal_message.html?_=1683685521441&CODE_STATE=getMsg HTTP/1.1" 200 27
120.253.135.82 - - [10/May/2023:10:24:31 +0800] "GET /xingrg/kc/pszx/mdqp_order_list.html?isBack=1 HTTP/1.1" 302 -
120.253.135.82 - - [10/May/2023:10:24:31 +0800] "GET /xingrg/images/yd/bt.gif HTTP/1.1" 404 1040
120.253.135.82 - - [10/May/2023:10:24:31 +0800] "GET /xingrg/images/yd/bt2.gif HTTP/1.1" 404 1042
120.253.135.82 - - [10/May/2023:10:24:32 +0800] "GET /xingrg/kc/pszx/mdqp_order_list.html?state=10 HTTP/1.1" 200 10719
120.253.135.82 - - [10/May/2023:10:24:32 +0800] "GET /xingrg/dwr/interface/AjaxQqpsService.js HTTP/1.1" 200 16326
120.253.135.82 - - [10/May/2023:10:24:32 +0800] "GET /xingrg/dwr/engine.js HTTP/1.1" 200 43631
120.253.135.82 - - [10/May/2023:10:24:32 +0800] "GET /xingrg/dwr/interface/AjaxReportQueryService.js HTTP/1.1" 200 13203
116.227.208.255 - - [10/May/2023:10:24:33 +0800] "POST /xingrg/dwr/call/plaincall/AjaxReportQueryService.getFixDate.dwr HTTP/1.1" 200 111
120.253.135.82 - - [10/May/2023:10:24:34 +0800] "GET /xingrg/kc/pszx/mdps_order_operate.html?command=get_materiel&pszx_code=00101&rest_code=00105&base_code=0010250&code=00102002084 HTTP/1.1" 200 431
61.170.232.87 - - [10/May/2023:10:24:35 +0800] "GET /xingrg/all/function/internal_message.html?_=1683685473994&CODE_STATE=getMsg HTTP/1.1" 200 27
61.170.232.87 - - [10/May/2023:10:24:36 +0800] "POST /xingrg/kc/buy/cgsh_order_operate.html HTTP/1.1" 200 37
114.85.113.108 - - [10/May/2023:10:24:37 +0800] "GET /xingrg/all/function/internal_message.html?_=1683685477120&CODE_STATE=getMsg HTTP/1.1" 200 27
116.227.208.255 - - [10/May/2023:10:24:38 +0800] "POST /xingrg/dwr/call/plaincall/AjaxReportQueryService.refreshCache.dwr HTTP/1.1" 200 78
120.253.135.82 - - [10/May/2023:10:24:43 +0800] "POST /xingrg/kc/pszx/mdps_order_operate.html HTTP/1.1" 200 37
116.224.158.100 - - [10/May/2023:10:24:45 +0800] "GET /xingrg/all/function/internal_message.html?_=1683685321758&CODE_STATE=getMsg HTTP/1.1" 200 27
120.253.135.82 - - [10/May/2023:10:24:47 +0800] "GET /xingrg/kc/pszx/jzcl_ps.html HTTP/1.1" 200 7683
114.85.99.208 - - [10/May/2023:10:24:47 +0800] "POST /xingrg/kc/buy/cgsh_order_operate.html HTTP/1.1" 200 37
120.253.135.82 - - [10/May/2023:10:24:48 +0800] "POST /xingrg/all/common/load_tree.html?tree=area_rest_tree_json HTTP/1.1" 200 3499
120.253.135.82 - - [10/May/2023:10:24:48 +0800] "POST /xingrg/kc/pszx/jzcl_ps_operate.html HTTP/1.1" 200 474
120.253.135.82 - - [10/May/2023:10:24:48 +0800] "POST /xingrg/kc/pszx/jzcl_ps_operate.html HTTP/1.1" 200 474
114.85.99.208 - - [10/May/2023:10:24:50 +0800] "POST /xingrg/kc/buy/cgsh_order_operate.html HTTP/1.1" 200 5014
116.224.158.100 - - [10/May/2023:10:24:52 +0800] "GET /xingrg/all/function/internal_message.html?_=1683685491719&CODE_STATE=getMsg HTTP/1.1" 200 27
180.164.3.199 - - [10/May/2023:10:24:59 +0800] "GET /xingrg/all/function/internal_message.html?_=1683685498317&CODE_STATE=getMsg HTTP/1.1" 200 27
61.170.232.87 - - [10/May/2023:10:24:59 +0800] "POST /xingrg/kc/buy/cgsh_order_operate.html HTTP/1.1" 200 12
116.227.208.255 - - [10/May/2023:10:24:59 +0800] "POST /xingrg/all/report/load_report_page.html HTTP/1.1" 200 8909
116.227.208.255 - - [10/May/2023:10:24:59 +0800] "GET /xingrg/servlets/image?cache=0.8937635450242829&image=px HTTP/1.1" 200 807
120.253.135.82 - - [10/May/2023:10:25:00 +0800] "POST /xingrg/kc/pszx/jzcl_ps_operate.html HTTP/1.1" 200 4
120.253.135.82 - - [10/May/2023:10:25:01 +0800] "POST /xingrg/kc/pszx/jzcl_ps_operate.html HTTP/1.1" 200 21
120.253.135.82 - - [10/May/2023:10:25:02 +0800] "GET /xingrg/kc/pszx/mdps_order_list.html HTTP/1.1" 200 21032
61.170.232.87 - - [10/May/2023:10:25:03 +0800] "GET /xingrg/kc/buy/cgsh_order_info.html?code=212023051003351 HTTP/1.1" 200 66088
61.170.232.87 - - [10/May/2023:10:25:04 +0800] "GET /xingrg/javascript/easyui/themes/default/validatebox.css HTTP/1.1" 404 1104
61.170.232.87 - - [10/May/2023:10:25:06 +0800] "POST /xingrg/kc/buy/cgsh_order_operate.html HTTP/1.1" 200 25417
120.253.135.82 - - [10/May/2023:10:25:06 +0800] "POST /xingrg/kc/pszx/mdps_order_operate.html HTTP/1.1" 200 12
120.253.135.82 - - [10/May/2023:10:25:06 +0800] "POST /xingrg/kc/pszx/mdps_list_operate.html HTTP/1.1" 200 5236
114.85.99.208 - - [10/May/2023:10:25:07 +0800] "GET /xingrg/login.html HTTP/1.1" 200 7641
114.85.99.208 - - [10/May/2023:10:25:07 +0800] "GET /favicon.ico HTTP/1.1" 404 -
120.253.135.82 - - [10/May/2023:10:25:09 +0800] "GET /xingrg/kc/pszx/mdps_order_info.html?code=312023051000208 HTTP/1.1" 200 19632
120.253.135.82 - - [10/May/2023:10:25:09 +0800] "GET /xingrg/javascript/easyui/themes/default/validatebox.css HTTP/1.1" 404 1104
120.253.135.82 - - [10/May/2023:10:25:10 +0800] "POST /xingrg/kc/pszx/mdps_order_operate.html HTTP/1.1" 200 492
61.170.232.87 - - [10/May/2023:10:25:10 +0800] "GET /xingrg/kc/print/load_config.html?kc_code=cgsh HTTP/1.1" 200 1925
114.85.99.208 - - [10/May/2023:10:25:10 +0800] "POST /xingrg/login.do HTTP/1.1" 302 -
114.85.99.208 - - [10/May/2023:10:25:11 +0800] "GET /xingrg/index.html?sysBaseUrl=http%3A%2F%2F180.169.147.146%3A18081%2Fxingrg%2F&costTime=2429×tamp=1683685510879 HTTP/1.1" 200 17173
114.85.99.208 - - [10/May/2023:10:25:11 +0800] "GET /favicon.ico HTTP/1.1" 404 -
114.85.99.208 - - [10/May/2023:10:25:11 +0800] "GET /xingrg/check_reg.html?_=1683685513074 HTTP/1.1" 200 22
114.85.99.208 - - [10/May/2023:10:25:11 +0800] "GET /xingrg/all/function/internal_message.html?_=1683685513073&CODE_STATE=count HTTP/1.1" 200 11
114.85.99.208 - - [10/May/2023:10:25:11 +0800] "POST /xingrg/all/common/load_tree.html?tree=area_rest_tree_json&manage=1 HTTP/1.1" 200 342
114.85.99.208 - - [10/May/2023:10:25:11 +0800] "POST /xingrg/load_menu.html HTTP/1.1" 200 5138
61.170.232.87 - - [10/May/2023:10:25:12 +0800] "GET /xingrg/kc/print/load_data.html?order_code=212023051003351&kc_code=cgsh&condition= HTTP/1.1" 200 10132
120.253.135.82 - - [10/May/2023:10:25:12 +0800] "GET /xingrg/kc/print/load_data.html?order_code=312023051000208&kc_code=mdps&condition= HTTP/1.1" 200 705
116.224.158.100 - - [10/May/2023:10:25:13 +0800] "GET /xingrg/kc/base/wldb_order_add.html HTTP/1.1" 200 30381
116.224.158.100 - - [10/May/2023:10:25:13 +0800] "GET /xingrg/javascript/easyui/themes/default/validatebox.css HTTP/1.1" 404 1104
116.224.158.100 - - [10/May/2023:10:25:13 +0800] "POST /xingrg/kc/base/wldb_order_operate.html HTTP/1.1" 200 6806
114.85.99.208 - - [10/May/2023:10:25:14 +0800] "GET /xingrg/kc/buy/cgsh_order_list.html HTTP/1.1" 200 55395
120.253.135.82 - - [10/May/2023:10:25:16 +0800] "GET /xingrg/kc/pszx/mdps_order_info.html?code=312023051000200 HTTP/1.1" 200 23978
120.253.135.82 - - [10/May/2023:10:25:16 +0800] "GET /xingrg/javascript/easyui/themes/default/validatebox.css HTTP/1.1" 404 1104
120.253.135.82 - - [10/May/2023:10:25:17 +0800] "POST /xingrg/kc/pszx/mdps_order_operate.html HTTP/1.1" 200 6301
120.253.135.82 - - [10/May/2023:10:25:18 +0800] "GET /xingrg/kc/pszx/mdps_order_add.html HTTP/1.1" 200 29101
120.253.135.82 - - [10/May/2023:10:25:18 +0800] "POST /xingrg/kc/pszx/mdps_order_operate.html HTTP/1.1" 200 7126
120.253.135.82 - - [10/May/2023:10:25:19 +0800] "GET /xingrg/javascript/easyui/themes/default/validatebox.css HTTP/1.1" 404 1104
114.85.99.208 - - [10/May/2023:10:25:20 +0800] "POST /xingrg/kc/buy/cgsh_list_operate.html HTTP/1.1" 200 1846
116.238.139.35 - - [10/May/2023:10:25:20 +0800] "GET /xingrg/all/function/internal_message.html?_=1683685451130&CODE_STATE=getMsg HTTP/1.1" 200 27
172.20.0.100 - - [10/May/2023:10:25:20 +0800] "GET /xingrg/check_reg.html?_=1683685527177 HTTP/1.1" 200 22
120.253.135.82 - - [10/May/2023:10:25:22 +0800] "POST /xingrg/kc/pszx/mdps_list_operate.html HTTP/1.1" 200 2808
218.81.69.210 - - [10/May/2023:10:25:22 +0800] "GET /xingrg/all/function/internal_message.html?_=1683685526438&CODE_STATE=getMsg HTTP/1.1" 200 27
