116.238.139.35 - - [10/May/2023:09:35:28 +0800] "GET /xingrg/javascript/easyui/themes/icons/uncheck_new.png HTTP/1.1" 200 3197
116.238.139.35 - - [10/May/2023:09:35:28 +0800] "GET /xingrg/javascript/easyui/themes/default/validatebox.css HTTP/1.1" 404 1104
114.83.221.46 - - [10/May/2023:09:35:28 +0800] "GET /xingrg/all/function/internal_message.html?_=1683682526532&CODE_STATE=getMsg HTTP/1.1" 200 27
116.238.139.35 - - [10/May/2023:09:35:28 +0800] "POST /xingrg/kc/mdqp/pssh_order_operate.html HTTP/1.1" 200 540
114.85.99.208 - - [10/May/2023:09:35:29 +0800] "GET /xingrg/all/function/internal_message.html?_=1683682530677&CODE_STATE=getMsg HTTP/1.1" 200 27
116.227.208.255 - - [10/May/2023:09:35:30 +0800] "GET /xingrg/all/function/internal_message.html?_=1683682580927&CODE_STATE=getMsg HTTP/1.1" 200 27
116.238.139.35 - - [10/May/2023:09:35:30 +0800] "GET /xingrg/kc/print/load_data.html?order_code=312023050700179&kc_code=pssh&condition= HTTP/1.1" 200 699
114.85.113.108 - - [10/May/2023:09:35:37 +0800] "GET /xingrg/all/function/internal_message.html?_=1683682537063&CODE_STATE=getMsg HTTP/1.1" 200 27
180.164.3.199 - - [10/May/2023:09:35:38 +0800] "GET /xingrg/kc/buy/cgsh_order_operate.html?command=get_materiel&rest_code=00108&code=00101011001&supplier_code=00100593&order_time=2023-05-10 HTTP/1.1" 200 423
114.83.221.46 - - [10/May/2023:09:35:45 +0800] "POST /xingrg/services/DataTransmitService HTTP/1.1" 200 501
116.224.158.100 - - [10/May/2023:09:35:45 +0800] "GET /xingrg/check_reg.html?_=1683682381702 HTTP/1.1" 200 22
116.224.158.100 - - [10/May/2023:09:35:45 +0800] "GET /xingrg/all/function/internal_message.html?_=1683682381705&CODE_STATE=getMsg HTTP/1.1" 200 27
114.83.221.46 - - [10/May/2023:09:35:46 +0800] "POST /xingrg/services/DataTransmitService HTTP/1.1" 200 501
114.83.221.46 - - [10/May/2023:09:35:47 +0800] "POST /xingrg/services/DataTransmitService HTTP/1.1" 200 501
116.224.158.100 - - [10/May/2023:09:35:53 +0800] "GET /xingrg/all/function/internal_message.html?_=1683682552820&CODE_STATE=getMsg HTTP/1.1" 200 27
114.83.221.46 - - [10/May/2023:09:35:55 +0800] "POST /xingrg/services/DataTransmitService HTTP/1.1" 200 501
114.83.221.46 - - [10/May/2023:09:35:56 +0800] "POST /xingrg/services/DataTransmitService HTTP/1.1" 200 501
114.83.221.46 - - [10/May/2023:09:35:57 +0800] "POST /xingrg/services/DataTransmitService HTTP/1.1" 200 501
114.83.221.46 - - [10/May/2023:09:35:58 +0800] "POST /xingrg/services/DataTransmitService HTTP/1.1" 200 412
180.164.3.199 - - [10/May/2023:09:35:59 +0800] "GET /xingrg/all/function/internal_message.html?_=1683682558337&CODE_STATE=getMsg HTTP/1.1" 200 27
116.238.139.35 - - [10/May/2023:09:36:00 +0800] "GET /xingrg/kc/mdqp/pssh_order_list.html HTTP/1.1" 200 17886
116.238.139.35 - - [10/May/2023:09:36:01 +0800] "POST /xingrg/kc/mdqp/pssh_list_operate.html HTTP/1.1" 200 5438
116.235.240.234 - - [10/May/2023:09:36:02 +0800] "POST /xingrg/services/DataTransmitService HTTP/1.1" 200 524
116.235.240.234 - - [10/May/2023:09:36:03 +0800] "POST /xingrg/services/DataTransmitService HTTP/1.1" 200 412
116.238.139.35 - - [10/May/2023:09:36:06 +0800] "POST /xingrg/kc/mdqp/pssh_list_operate.html HTTP/1.1" 200 252
116.235.240.234 - - [10/May/2023:09:36:06 +0800] "POST /xingrg/services/DataTransmitService HTTP/1.1" 200 524
116.235.240.234 - - [10/May/2023:09:36:07 +0800] "POST /xingrg/services/DataTransmitService HTTP/1.1" 200 412
116.238.139.35 - - [10/May/2023:09:36:08 +0800] "GET /xingrg/kc/mdqp/pssh_order_info.html?code=312023050700173 HTTP/1.1" 200 17299
116.238.139.35 - - [10/May/2023:09:36:08 +0800] "GET /xingrg/javascript/jquery_tools/jquery-1.4.2.min.js HTTP/1.1" 404 1094
116.238.139.35 - - [10/May/2023:09:36:08 +0800] "GET /xingrg/javascript/easyui/themes/default/validatebox.css HTTP/1.1" 404 1104
116.238.139.35 - - [10/May/2023:09:36:08 +0800] "POST /xingrg/kc/mdqp/pssh_order_operate.html HTTP/1.1" 200 524
116.235.240.234 - - [10/May/2023:09:36:08 +0800] "POST /xingrg/services/DataTransmitService HTTP/1.1" 200 524
116.235.240.234 - - [10/May/2023:09:36:09 +0800] "POST /xingrg/services/DataTransmitService HTTP/1.1" 200 412
116.238.139.35 - - [10/May/2023:09:36:10 +0800] "GET /xingrg/all/function/internal_message.html?_=1683682501248&CODE_STATE=getMsg HTTP/1.1" 200 27
116.238.139.35 - - [10/May/2023:09:36:11 +0800] "POST /xingrg/all/common/load_combo.html?type=employee HTTP/1.1" 200 280
116.235.240.234 - - [10/May/2023:09:36:11 +0800] "POST /xingrg/services/DataTransmitService HTTP/1.1" 200 524
116.235.240.234 - - [10/May/2023:09:36:12 +0800] "POST /xingrg/services/DataTransmitService HTTP/1.1" 200 412
116.235.240.234 - - [10/May/2023:09:36:15 +0800] "POST /xingrg/services/DataTransmitService HTTP/1.1" 200 524
116.238.139.35 - - [10/May/2023:09:36:16 +0800] "POST /xingrg/kc/mdqp/pssh_order_operate.html HTTP/1.1" 200 37
116.235.240.234 - - [10/May/2023:09:36:16 +0800] "POST /xingrg/services/DataTransmitService HTTP/1.1" 200 2339
116.235.240.234 - - [10/May/2023:09:36:18 +0800] "POST /xingrg/services/DataTransmitService HTTP/1.1" 200 195812
116.238.139.35 - - [10/May/2023:09:36:20 +0800] "POST /xingrg/kc/mdqp/pssh_order_operate.html HTTP/1.1" 200 12
116.238.139.35 - - [10/May/2023:09:36:21 +0800] "GET /xingrg/kc/mdqp/pssh_order_info.html?code=312023050700173 HTTP/1.1" 200 14396
116.238.139.35 - - [10/May/2023:09:36:21 +0800] "GET /xingrg/javascript/jquery_tools/jquery-1.4.2.min.js HTTP/1.1" 404 1094
116.238.139.35 - - [10/May/2023:09:36:21 +0800] "GET /xingrg/javascript/easyui/themes/default/validatebox.css HTTP/1.1" 404 1104
116.238.139.35 - - [10/May/2023:09:36:22 +0800] "POST /xingrg/kc/mdqp/pssh_order_operate.html HTTP/1.1" 200 524
218.81.69.210 - - [10/May/2023:09:36:22 +0800] "GET /xingrg/check_reg.html?_=1683682586373 HTTP/1.1" 200 22
218.81.69.210 - - [10/May/2023:09:36:22 +0800] "GET /xingrg/all/function/internal_message.html?_=1683682586374&CODE_STATE=getMsg HTTP/1.1" 200 27
101.229.22.40 - - [10/May/2023:09:36:23 +0800] "GET /xingrg/all/function/internal_message.html?_=1683682581843&CODE_STATE=getMsg HTTP/1.1" 200 27
116.238.139.35 - - [10/May/2023:09:36:23 +0800] "POST /xingrg/kc/mdqp/pssh_list_operate.html HTTP/1.1" 200 2603
116.238.139.35 - - [10/May/2023:09:36:25 +0800] "GET /xingrg/kc/mdqp/qqps_order_list.html HTTP/1.1" 200 9222
116.238.139.35 - - [10/May/2023:09:36:26 +0800] "GET /xingrg/dwr/interface/AjaxReportQueryService.js HTTP/1.1" 200 13203
116.238.139.35 - - [10/May/2023:09:36:26 +0800] "GET /xingrg/dwr/interface/AjaxQqpsService.js HTTP/1.1" 200 16326
116.238.139.35 - - [10/May/2023:09:36:26 +0800] "GET /xingrg/javascript/ToolTips.js HTTP/1.1" 200 5615
116.238.139.35 - - [10/May/2023:09:36:26 +0800] "GET /xingrg/dwr/util.js HTTP/1.1" 200 35990
116.238.139.35 - - [10/May/2023:09:36:26 +0800] "GET /xingrg/javascript/Calendar.js HTTP/1.1" 200 31561
116.238.139.35 - - [10/May/2023:09:36:26 +0800] "GET /xingrg/javascript/myfunction.js HTTP/1.1" 200 24559
116.238.139.35 - - [10/May/2023:09:36:26 +0800] "GET /xingrg/dwr/engine.js HTTP/1.1" 200 43631
116.238.139.35 - - [10/May/2023:09:36:26 +0800] "GET /xingrg/javascript/jquery_easy_ui/themes/icons/edit_add_new.png HTTP/1.1" 200 2997
116.238.139.35 - - [10/May/2023:09:36:26 +0800] "GET /xingrg/javascript/jquery_easy_ui/themes/icons/uncheck_new.png HTTP/1.1" 200 3197
116.238.139.35 - - [10/May/2023:09:36:26 +0800] "GET /xingrg/javascript/jquery_easy_ui/themes/icons/cance_new.png HTTP/1.1" 200 3986
222.67.238.82 - - [10/May/2023:09:36:26 +0800] "GET /xingrg/all/function/internal_message.html?_=1683682106819&CODE_STATE=getMsg HTTP/1.1" 200 27
116.238.139.35 - - [10/May/2023:09:36:27 +0800] "GET /xingrg/kc/mdqp/pssh_order_list.html HTTP/1.1" 200 17886
116.238.139.35 - - [10/May/2023:09:36:27 +0800] "POST /xingrg/kc/mdqp/pssh_list_operate.html HTTP/1.1" 200 5469
114.83.221.46 - - [10/May/2023:09:36:28 +0800] "GET /xingrg/all/function/internal_message.html?_=1683682586517&CODE_STATE=getMsg HTTP/1.1" 200 27
114.85.99.208 - - [10/May/2023:09:36:29 +0800] "GET /xingrg/check_reg.html?_=1683682590666 HTTP/1.1" 200 22
114.85.99.208 - - [10/May/2023:09:36:29 +0800] "GET /xingrg/all/function/internal_message.html?_=1683682590669&CODE_STATE=getMsg HTTP/1.1" 200 27
116.227.208.255 - - [10/May/2023:09:36:30 +0800] "GET /xingrg/all/function/internal_message.html?_=1683682640925&CODE_STATE=getMsg HTTP/1.1" 200 27
116.238.139.35 - - [10/May/2023:09:36:30 +0800] "POST /xingrg/kc/mdqp/pssh_list_operate.html HTTP/1.1" 200 252
116.238.139.35 - - [10/May/2023:09:36:32 +0800] "POST /xingrg/kc/mdqp/pssh_list_operate.html HTTP/1.1" 200 368
116.238.139.35 - - [10/May/2023:09:36:34 +0800] "GET /xingrg/kc/mdqp/pssh_order_info.html?code=312023051000201 HTTP/1.1" 200 17314
116.238.139.35 - - [10/May/2023:09:36:34 +0800] "GET /xingrg/javascript/jquery_tools/jquery-1.4.2.min.js HTTP/1.1" 404 1094
116.238.139.35 - - [10/May/2023:09:36:35 +0800] "GET /xingrg/javascript/easyui/themes/default/validatebox.css HTTP/1.1" 404 1104
116.238.139.35 - - [10/May/2023:09:36:35 +0800] "POST /xingrg/kc/mdqp/pssh_order_operate.html HTTP/1.1" 200 1059
114.85.113.108 - - [10/May/2023:09:36:37 +0800] "GET /xingrg/all/function/internal_message.html?_=1683682597064&CODE_STATE=getMsg HTTP/1.1" 200 27
114.85.113.108 - - [10/May/2023:09:36:37 +0800] "GET /xingrg/check_reg.html?_=1683682597067 HTTP/1.1" 200 22
116.238.139.35 - - [10/May/2023:09:36:40 +0800] "POST /xingrg/kc/mdqp/pssh_order_operate.html HTTP/1.1" 200 37
116.238.139.35 - - [10/May/2023:09:36:40 +0800] "POST /xingrg/kc/mdqp/pssh_order_operate.html HTTP/1.1" 200 104
218.81.69.210 - - [10/May/2023:09:36:41 +0800] "GET /xingrg/check_reg.html?_=1683682603593 HTTP/1.1" 200 22
116.224.158.100 - - [10/May/2023:09:36:45 +0800] "GET /xingrg/all/function/internal_message.html?_=1683682441692&CODE_STATE=getMsg HTTP/1.1" 200 27
116.238.139.35 - - [10/May/2023:09:36:46 +0800] "POST /xingrg/kc/mdqp/pssh_order_operate.html HTTP/1.1" 200 37
116.238.139.35 - - [10/May/2023:09:36:46 +0800] "POST /xingrg/kc/mdqp/pssh_order_operate.html HTTP/1.1" 200 104
116.224.158.100 - - [10/May/2023:09:36:53 +0800] "GET /xingrg/all/function/internal_message.html?_=1683682612790&CODE_STATE=getMsg HTTP/1.1" 200 27
116.238.139.35 - - [10/May/2023:09:36:56 +0800] "POST /xingrg/all/user/operate.html HTTP/1.1" 200 36
116.238.139.35 - - [10/May/2023:09:36:57 +0800] "GET /xingrg/index.html?sysBaseUrl=http%3A%2F%2F180.169.147.146%3A18081%2Fxingrg%2F&costTime=1723×tamp=1683677948745 HTTP/1.1" 200 17177
116.238.139.35 - - [10/May/2023:09:36:57 +0800] "GET /xingrg/javascript/jquery_easy_ui/themes/default/easyui.css HTTP/1.1" 304 -
116.238.139.35 - - [10/May/2023:09:36:57 +0800] "GET /xingrg/javascript/jquery_easy_ui/themes/icon.css HTTP/1.1" 304 -
116.238.139.35 - - [10/May/2023:09:36:57 +0800] "GET /xingrg/css/form.css HTTP/1.1" 304 -
116.238.139.35 - - [10/May/2023:09:36:57 +0800] "GET /xingrg/javascript/jquery-1.4.2.min.js HTTP/1.1" 304 -
116.238.139.35 - - [10/May/2023:09:36:57 +0800] "GET /xingrg/javascript/jquery_easy_ui/jquery.easyui.min.js HTTP/1.1" 304 -
116.238.139.35 - - [10/May/2023:09:36:57 +0800] "GET /xingrg/javascript/jquery_easy_ui/easyui-lang-zh_CN.js HTTP/1.1" 304 -
116.238.139.35 - - [10/May/2023:09:36:57 +0800] "GET /xingrg/javascript/jquery.form.js HTTP/1.1" 304 -
116.238.139.35 - - [10/May/2023:09:36:57 +0800] "GET /xingrg/javascript/jquery.utils.js HTTP/1.1" 304 -
116.238.139.35 - - [10/May/2023:09:36:57 +0800] "GET /xingrg/javascript/jquery.timers.js HTTP/1.1" 304 -
116.238.139.35 - - [10/May/2023:09:36:57 +0800] "GET /xingrg/images/blue/jxLogo.png HTTP/1.1" 304 -
116.238.139.35 - - [10/May/2023:09:36:57 +0800] "GET /xingrg/images/blue/navBackgound.jpg HTTP/1.1" 304 -
116.238.139.35 - - [10/May/2023:09:36:57 +0800] "GET /xingrg/javascript/jquery_easy_ui/themes/icons/settle_new.png HTTP/1.1" 304 -
116.238.139.35 - - [10/May/2023:09:36:57 +0800] "GET /xingrg/images/blue/pingpu.png HTTP/1.1" 304 -
116.238.139.35 - - [10/May/2023:09:36:57 +0800] "GET /xingrg/javascript/jquery_easy_ui/themes/default/images/tabs_leftarrow.png HTTP/1.1" 304 -
116.238.139.35 - - [10/May/2023:09:36:57 +0800] "GET /xingrg/javascript/jquery_easy_ui/themes/default/images/tabs_rightarrow.png HTTP/1.1" 304 -
116.238.139.35 - - [10/May/2023:09:36:57 +0800] "GET /xingrg/javascript/jquery_easy_ui/themes/default/images/panel_tool_collapse.gif HTTP/1.1" 304 -
116.238.139.35 - - [10/May/2023:09:36:57 +0800] "GET /xingrg/all/function/internal_message.html?_=1683682548681&CODE_STATE=count HTTP/1.1" 200 11
116.238.139.35 - - [10/May/2023:09:36:57 +0800] "GET /xingrg/check_reg.html?_=1683682548682 HTTP/1.1" 200 22
116.238.139.35 - - [10/May/2023:09:36:57 +0800] "POST /xingrg/all/common/load_tree.html?tree=area_rest_tree_json&manage=1 HTTP/1.1" 200 476
116.238.139.35 - - [10/May/2023:09:36:57 +0800] "POST /xingrg/load_menu.html HTTP/1.1" 200 5138
180.164.3.199 - - [10/May/2023:09:36:59 +0800] "GET /xingrg/all/function/internal_message.html?_=1683682618327&CODE_STATE=getMsg HTTP/1.1" 200 27
116.238.139.35 - - [10/May/2023:09:37:01 +0800] "GET /xingrg/kc/mdqp/pssh_order_list.html HTTP/1.1" 200 17437
116.238.139.35 - - [10/May/2023:09:37:01 +0800] "POST /xingrg/kc/mdqp/pssh_list_operate.html HTTP/1.1" 200 5392
116.238.139.35 - - [10/May/2023:09:37:03 +0800] "POST /xingrg/kc/mdqp/pssh_list_operate.html HTTP/1.1" 200 358
116.238.139.35 - - [10/May/2023:09:37:05 +0800] "GET /xingrg/kc/mdqp/pssh_order_info.html?code=312023050900190 HTTP/1.1" 200 17270
116.238.139.35 - - [10/May/2023:09:37:05 +0800] "GET /xingrg/javascript/jquery_tools/jquery-1.4.2.min.js HTTP/1.1" 404 1094
116.238.139.35 - - [10/May/2023:09:37:05 +0800] "GET /xingrg/javascript/easyui/themes/default/validatebox.css HTTP/1.1" 404 1104
116.238.139.35 - - [10/May/2023:09:37:05 +0800] "GET /xingrg/all/common/auto_word.html?type=base&rest_code=00151&rest_code=00151 HTTP/1.1" 200 1315
116.238.139.35 - - [10/May/2023:09:37:05 +0800] "POST /xingrg/kc/mdqp/pssh_order_operate.html HTTP/1.1" 200 1060
116.238.139.35 - - [10/May/2023:09:37:07 +0800] "GET /xingrg/javascript/auto/indicator.gif HTTP/1.1" 404 1066
116.238.139.35 - - [10/May/2023:09:37:10 +0800] "POST /xingrg/all/common/load_combo.html?type=employee HTTP/1.1" 200 532
116.238.139.35 - - [10/May/2023:09:37:14 +0800] "POST /xingrg/kc/mdqp/pssh_order_operate.html HTTP/1.1" 200 37
116.238.139.35 - - [10/May/2023:09:37:17 +0800] "POST /xingrg/kc/mdqp/pssh_order_operate.html HTTP/1.1" 200 12
116.238.139.35 - - [10/May/2023:09:37:19 +0800] "GET /xingrg/kc/mdqp/pssh_order_info.html?code=312023050900190 HTTP/1.1" 200 14392
116.238.139.35 - - [10/May/2023:09:37:19 +0800] "GET /xingrg/javascript/jquery_tools/jquery-1.4.2.min.js HTTP/1.1" 404 1094
116.238.139.35 - - [10/May/2023:09:37:19 +0800] "GET /xingrg/javascript/easyui/themes/default/validatebox.css HTTP/1.1" 404 1104
116.238.139.35 - - [10/May/2023:09:37:19 +0800] "POST /xingrg/kc/mdqp/pssh_order_operate.html HTTP/1.1" 200 1060
116.238.139.35 - - [10/May/2023:09:37:21 +0800] "GET /xingrg/kc/print/load_data.html?order_code=312023050900190&kc_code=pssh&condition= HTTP/1.1" 200 855
218.81.69.210 - - [10/May/2023:09:37:22 +0800] "GET /xingrg/all/function/internal_message.html?_=1683682646372&CODE_STATE=getMsg HTTP/1.1" 200 27
101.229.22.40 - - [10/May/2023:09:37:23 +0800] "GET /xingrg/all/function/internal_message.html?_=1683682641843&CODE_STATE=getMsg HTTP/1.1" 200 27
222.67.238.82 - - [10/May/2023:09:37:26 +0800] "GET /xingrg/all/function/internal_message.html?_=1683682166819&CODE_STATE=getMsg HTTP/1.1" 200 27
114.83.221.46 - - [10/May/2023:09:37:28 +0800] "GET /xingrg/all/function/internal_message.html?_=1683682646494&CODE_STATE=getMsg HTTP/1.1" 200 27
114.85.99.208 - - [10/May/2023:09:37:29 +0800] "GET /xingrg/all/function/internal_message.html?_=1683682650664&CODE_STATE=getMsg HTTP/1.1" 200 27
116.227.208.255 - - [10/May/2023:09:37:30 +0800] "GET /xingrg/all/function/internal_message.html?_=1683682700930&CODE_STATE=getMsg HTTP/1.1" 200 27
114.85.113.108 - - [10/May/2023:09:37:37 +0800] "GET /xingrg/all/function/internal_message.html?_=1683682657064&CODE_STATE=getMsg HTTP/1.1" 200 27
58.40.7.146 - - [10/May/2023:09:37:38 +0800] "GET /xingrg/check_reg.html?_=1683682658771 HTTP/1.1" 302 -
116.235.240.234 - - [10/May/2023:09:37:39 +0800] "GET /xingrg/kc/buy/cgsh_order_operate.html?command=get_materiel&rest_code=00146&code=00101008137&supplier_code=00100005&order_time=2023-05-10 HTTP/1.1" 200 408
116.235.240.234 - - [10/May/2023:09:37:42 +0800] "POST /xingrg/services/DataTransmitService HTTP/1.1" 200 524
116.235.240.234 - - [10/May/2023:09:37:43 +0800] "POST /xingrg/services/DataTransmitService HTTP/1.1" 200 2339
116.224.158.100 - - [10/May/2023:09:37:45 +0800] "GET /xingrg/all/function/internal_message.html?_=1683682501700&CODE_STATE=getMsg HTTP/1.1" 200 27
116.224.158.100 - - [10/May/2023:09:37:53 +0800] "GET /xingrg/all/function/internal_message.html?_=1683682672773&CODE_STATE=getMsg HTTP/1.1" 200 27
116.224.158.100 - - [10/May/2023:09:37:53 +0800] "GET /xingrg/check_reg.html?_=1683682673119 HTTP/1.1" 200 22
116.238.139.35 - - [10/May/2023:09:37:57 +0800] "GET /xingrg/all/function/internal_message.html?_=1683682608685&CODE_STATE=getMsg HTTP/1.1" 200 27
180.164.3.199 - - [10/May/2023:09:37:59 +0800] "GET /xingrg/all/function/internal_message.html?_=1683682678320&CODE_STATE=getMsg HTTP/1.1" 200 27
116.235.240.234 - - [10/May/2023:09:38:00 +0800] "POST /xingrg/services/DataTransmitService HTTP/1.1" 200 524
116.235.240.234 - - [10/May/2023:09:38:01 +0800] "POST /xingrg/services/DataTransmitService HTTP/1.1" 200 2339
116.235.240.234 - - [10/May/2023:09:38:20 +0800] "GET /xingrg/kc/buy/cgsh_order_operate.html?command=get_materiel&rest_code=00146&code=00101008502&supplier_code=00100005&order_time=2023-05-10 HTTP/1.1" 200 412
218.81.69.210 - - [10/May/2023:09:38:22 +0800] "GET /xingrg/all/function/internal_message.html?_=1683682706371&CODE_STATE=getMsg HTTP/1.1" 200 27
101.229.22.40 - - [10/May/2023:09:38:23 +0800] "GET /xingrg/all/function/internal_message.html?_=1683682701843&CODE_STATE=getMsg HTTP/1.1" 200 27
116.235.240.234 - - [10/May/2023:09:38:23 +0800] "POST /xingrg/services/DataTransmitService HTTP/1.1" 200 524
116.235.240.234 - - [10/May/2023:09:38:25 +0800] "POST /xingrg/services/DataTransmitService HTTP/1.1" 200 2339
222.67.238.82 - - [10/May/2023:09:38:26 +0800] "GET /xingrg/all/function/internal_message.html?_=1683682226819&CODE_STATE=getMsg HTTP/1.1" 200 27
114.83.221.46 - - [10/May/2023:09:38:28 +0800] "GET /xingrg/all/function/internal_message.html?_=1683682706463&CODE_STATE=getMsg HTTP/1.1" 200 27
114.83.221.46 - - [10/May/2023:09:38:28 +0800] "GET /xingrg/check_reg.html?_=1683682706607 HTTP/1.1" 200 22
114.85.99.208 - - [10/May/2023:09:38:29 +0800] "GET /xingrg/all/function/internal_message.html?_=1683682710673&CODE_STATE=getMsg HTTP/1.1" 200 27
116.227.208.255 - - [10/May/2023:09:38:30 +0800] "GET /xingrg/check_reg.html?_=1683682760928 HTTP/1.1" 200 22
116.227.208.255 - - [10/May/2023:09:38:30 +0800] "GET /xingrg/all/function/internal_message.html?_=1683682760938&CODE_STATE=getMsg HTTP/1.1" 200 27
114.85.113.108 - - [10/May/2023:09:38:37 +0800] "GET /xingrg/all/function/internal_message.html?_=1683682717067&CODE_STATE=getMsg HTTP/1.1" 200 27
116.235.240.234 - - [10/May/2023:09:38:40 +0800] "POST /xingrg/services/DataTransmitService HTTP/1.1" 200 524
116.235.240.234 - - [10/May/2023:09:38:42 +0800] "POST /xingrg/services/DataTransmitService HTTP/1.1" 200 2339
116.224.158.100 - - [10/May/2023:09:38:45 +0800] "GET /xingrg/all/function/internal_message.html?_=1683682561690&CODE_STATE=getMsg HTTP/1.1" 200 27
116.235.240.234 - - [10/May/2023:09:38:46 +0800] "GET /xingrg/kc/buy/cgsh_order_operate.html?command=get_materiel&rest_code=00146&code=00101008357&supplier_code=00100005&order_time=2023-05-10 HTTP/1.1" 200 408
116.224.158.100 - - [10/May/2023:09:38:53 +0800] "GET /xingrg/all/function/internal_message.html?_=1683682732749&CODE_STATE=getMsg HTTP/1.1" 200 27
116.235.240.234 - - [10/May/2023:09:38:54 +0800] "GET /xingrg/check_reg.html?_=1683682744431 HTTP/1.1" 200 22
116.235.240.234 - - [10/May/2023:09:38:54 +0800] "POST /xingrg/services/DataTransmitService HTTP/1.1" 200 524
116.235.240.234 - - [10/May/2023:09:38:56 +0800] "POST /xingrg/services/DataTransmitService HTTP/1.1" 200 2339
116.238.139.35 - - [10/May/2023:09:38:57 +0800] "GET /xingrg/all/function/internal_message.html?_=1683682668707&CODE_STATE=getMsg HTTP/1.1" 200 27
180.164.3.199 - - [10/May/2023:09:38:59 +0800] "GET /xingrg/check_reg.html?_=1683682738325 HTTP/1.1" 200 22
180.164.3.199 - - [10/May/2023:09:38:59 +0800] "GET /xingrg/all/function/internal_message.html?_=1683682738328&CODE_STATE=getMsg HTTP/1.1" 200 27
116.235.240.234 - - [10/May/2023:09:39:11 +0800] "GET /xingrg/kc/buy/cgsh_order_operate.html?command=get_materiel&rest_code=00146&code=00101008144&supplier_code=00100005&order_time=2023-05-10 HTTP/1.1" 200 412
116.235.240.234 - - [10/May/2023:09:39:12 +0800] "POST /xingrg/services/DataTransmitService HTTP/1.1" 200 524
218.81.69.210 - - [10/May/2023:09:39:22 +0800] "GET /xingrg/all/function/internal_message.html?_=1683682766369&CODE_STATE=getMsg HTTP/1.1" 200 27
101.229.22.40 - - [10/May/2023:09:39:23 +0800] "GET /xingrg/all/function/internal_message.html?_=1683682761842&CODE_STATE=getMsg HTTP/1.1" 200 27
222.67.238.82 - - [10/May/2023:09:39:26 +0800] "GET /xingrg/all/function/internal_message.html?_=1683682286822&CODE_STATE=getMsg HTTP/1.1" 200 27
114.83.221.46 - - [10/May/2023:09:39:28 +0800] "GET /xingrg/all/function/internal_message.html?_=1683682766445&CODE_STATE=getMsg HTTP/1.1" 200 27
114.85.99.208 - - [10/May/2023:09:39:29 +0800] "GET /xingrg/all/function/internal_message.html?_=1683682770671&CODE_STATE=getMsg HTTP/1.1" 200 27
116.227.208.255 - - [10/May/2023:09:39:30 +0800] "GET /xingrg/all/function/internal_message.html?_=1683682820926&CODE_STATE=getMsg HTTP/1.1" 200 27
114.85.113.108 - - [10/May/2023:09:39:37 +0800] "GET /xingrg/all/function/internal_message.html?_=1683682777067&CODE_STATE=getMsg HTTP/1.1" 200 27
116.224.158.100 - - [10/May/2023:09:39:45 +0800] "GET /xingrg/all/function/internal_message.html?_=1683682621698&CODE_STATE=getMsg HTTP/1.1" 200 27
116.224.158.100 - - [10/May/2023:09:39:53 +0800] "GET /xingrg/all/function/internal_message.html?_=1683682792753&CODE_STATE=getMsg HTTP/1.1" 200 27
116.238.139.35 - - [10/May/2023:09:39:57 +0800] "GET /xingrg/all/function/internal_message.html?_=1683682728713&CODE_STATE=getMsg HTTP/1.1" 200 27
180.164.3.199 - - [10/May/2023:09:39:59 +0800] "GET /xingrg/all/function/internal_message.html?_=1683682798324&CODE_STATE=getMsg HTTP/1.1" 200 27
116.235.240.234 - - [10/May/2023:09:40:18 +0800] "GET /xingrg/kc/buy/cgsh_order_operate.html?command=get_materiel&rest_code=00146&code=00101008043&supplier_code=00100005&order_time=2023-05-10 HTTP/1.1" 200 416
172.20.0.100 - - [10/May/2023:09:40:20 +0800] "GET /xingrg/check_reg.html?_=1683682827377 HTTP/1.1" 200 22
218.81.69.210 - - [10/May/2023:09:40:22 +0800] "GET /xingrg/all/function/internal_message.html?_=1683682826368&CODE_STATE=getMsg HTTP/1.1" 200 27
101.229.22.40 - - [10/May/2023:09:40:23 +0800] "GET /xingrg/check_reg.html?_=1683682821842 HTTP/1.1" 200 22
101.229.22.40 - - [10/May/2023:09:40:23 +0800] "GET /xingrg/all/function/internal_message.html?_=1683682821845&CODE_STATE=getMsg HTTP/1.1" 200 27
222.67.238.82 - - [10/May/2023:09:40:26 +0800] "GET /xingrg/check_reg.html?_=1683682346821 HTTP/1.1" 200 22
222.67.238.82 - - [10/May/2023:09:40:26 +0800] "GET /xingrg/all/function/internal_message.html?_=1683682346823&CODE_STATE=getMsg HTTP/1.1" 200 27
114.83.221.46 - - [10/May/2023:09:40:28 +0800] "GET /xingrg/all/function/internal_message.html?_=1683682826433&CODE_STATE=getMsg HTTP/1.1" 200 27
114.85.99.208 - - [10/May/2023:09:40:29 +0800] "GET /xingrg/all/function/internal_message.html?_=1683682830664&CODE_STATE=getMsg HTTP/1.1" 200 27
116.227.208.255 - - [10/May/2023:09:40:30 +0800] "GET /xingrg/all/function/internal_message.html?_=1683682880932&CODE_STATE=getMsg HTTP/1.1" 200 27
114.85.113.108 - - [10/May/2023:09:40:37 +0800] "GET /xingrg/all/function/internal_message.html?_=1683682837065&CODE_STATE=getMsg HTTP/1.1" 200 27
116.224.158.100 - - [10/May/2023:09:40:45 +0800] "GET /xingrg/all/function/internal_message.html?_=1683682681689&CODE_STATE=getMsg HTTP/1.1" 200 27
116.224.158.100 - - [10/May/2023:09:40:45 +0800] "GET /xingrg/check_reg.html?_=1683682681692 HTTP/1.1" 200 22
116.235.240.234 - - [10/May/2023:09:40:46 +0800] "GET /xingrg/kc/buy/cgsh_order_operate.html?command=get_materiel&rest_code=00146&code=00101008176&supplier_code=00100005&order_time=2023-05-10 HTTP/1.1" 200 413
180.171.122.0 - - [10/May/2023:09:40:50 +0800] "POST /xingrg/services/DataTransmitService HTTP/1.1" 200 524
116.235.240.234 - - [10/May/2023:09:40:50 +0800] "POST /xingrg/services/DataTransmitService HTTP/1.1" 200 501
116.224.158.100 - - [10/May/2023:09:40:53 +0800] "GET /xingrg/all/function/internal_message.html?_=1683682852725&CODE_STATE=getMsg HTTP/1.1" 200 27
116.238.139.35 - - [10/May/2023:09:40:57 +0800] "GET /xingrg/all/function/internal_message.html?_=1683682788733&CODE_STATE=getMsg HTTP/1.1" 200 27
180.164.3.199 - - [10/May/2023:09:40:59 +0800] "GET /xingrg/all/function/internal_message.html?_=1683682858332&CODE_STATE=getMsg HTTP/1.1" 200 27
116.235.240.234 - - [10/May/2023:09:40:59 +0800] "GET /xingrg/kc/buy/cgsh_order_operate.html?command=get_materiel&rest_code=00146&code=00101008132&supplier_code=00100005&order_time=2023-05-10 HTTP/1.1" 200 408
218.81.69.210 - - [10/May/2023:09:41:22 +0800] "GET /xingrg/all/function/internal_message.html?_=1683682886369&CODE_STATE=getMsg HTTP/1.1" 200 27
218.81.69.210 - - [10/May/2023:09:41:22 +0800] "GET /xingrg/check_reg.html?_=1683682886371 HTTP/1.1" 200 22
101.229.22.40 - - [10/May/2023:09:41:23 +0800] "GET /xingrg/all/function/internal_message.html?_=1683682881830&CODE_STATE=getMsg HTTP/1.1" 200 27
222.67.238.82 - - [10/May/2023:09:41:26 +0800] "GET /xingrg/all/function/internal_message.html?_=1683682406821&CODE_STATE=getMsg HTTP/1.1" 200 27
114.83.221.46 - - [10/May/2023:09:41:28 +0800] "GET /xingrg/all/function/internal_message.html?_=1683682886417&CODE_STATE=getMsg HTTP/1.1" 200 27
114.85.99.208 - - [10/May/2023:09:41:29 +0800] "GET /xingrg/all/function/internal_message.html?_=1683682890669&CODE_STATE=getMsg HTTP/1.1" 200 27
114.85.99.208 - - [10/May/2023:09:41:29 +0800] "GET /xingrg/check_reg.html?_=1683682890672 HTTP/1.1" 200 22
116.227.208.255 - - [10/May/2023:09:41:30 +0800] "GET /xingrg/all/function/internal_message.html?_=1683682940911&CODE_STATE=getMsg HTTP/1.1" 200 27
114.85.113.108 - - [10/May/2023:09:41:37 +0800] "GET /xingrg/all/function/internal_message.html?_=1683682897065&CODE_STATE=getMsg HTTP/1.1" 200 27
114.85.113.108 - - [10/May/2023:09:41:37 +0800] "GET /xingrg/check_reg.html?_=1683682897066 HTTP/1.1" 200 22
218.81.69.210 - - [10/May/2023:09:41:41 +0800] "GET /xingrg/check_reg.html?_=1683682903571 HTTP/1.1" 200 22
116.235.240.234 - - [10/May/2023:09:41:42 +0800] "POST /xingrg/services/DataTransmitService HTTP/1.1" 200 524
116.235.240.234 - - [10/May/2023:09:41:44 +0800] "POST /xingrg/services/DataTransmitService HTTP/1.1" 200 412
116.224.158.100 - - [10/May/2023:09:41:45 +0800] "GET /xingrg/all/function/internal_message.html?_=1683682741700&CODE_STATE=getMsg HTTP/1.1" 200 27
116.224.158.100 - - [10/May/2023:09:41:53 +0800] "GET /xingrg/all/function/internal_message.html?_=1683682912700&CODE_STATE=getMsg HTTP/1.1" 200 27
116.238.139.35 - - [10/May/2023:09:41:57 +0800] "GET /xingrg/check_reg.html?_=1683682848681 HTTP/1.1" 200 22
116.238.139.35 - - [10/May/2023:09:41:57 +0800] "GET /xingrg/all/function/internal_message.html?_=1683682848747&CODE_STATE=getMsg HTTP/1.1" 200 27
180.164.3.199 - - [10/May/2023:09:41:59 +0800] "GET /xingrg/all/function/internal_message.html?_=1683682918333&CODE_STATE=getMsg HTTP/1.1" 200 27
116.235.240.234 - - [10/May/2023:09:42:05 +0800] "POST /xingrg/services/DataTransmitService HTTP/1.1" 200 524
116.235.240.234 - - [10/May/2023:09:42:06 +0800] "POST /xingrg/services/DataTransmitService HTTP/1.1" 200 412
116.235.240.234 - - [10/May/2023:09:42:09 +0800] "POST /xingrg/services/DataTransmitService HTTP/1.1" 200 524
116.235.240.234 - - [10/May/2023:09:42:10 +0800] "POST /xingrg/services/DataTransmitService HTTP/1.1" 200 2339
116.235.240.234 - - [10/May/2023:09:42:15 +0800] "POST /xingrg/services/DataTransmitService HTTP/1.1" 200 524
116.235.240.234 - - [10/May/2023:09:42:16 +0800] "POST /xingrg/services/DataTransmitService HTTP/1.1" 200 412
116.235.240.234 - - [10/May/2023:09:42:18 +0800] "POST /xingrg/services/DataTransmitService HTTP/1.1" 200 524
116.235.240.234 - - [10/May/2023:09:42:19 +0800] "POST /xingrg/services/DataTransmitService HTTP/1.1" 200 412
218.81.69.210 - - [10/May/2023:09:42:22 +0800] "GET /xingrg/all/function/internal_message.html?_=1683682946370&CODE_STATE=getMsg HTTP/1.1" 200 27
116.235.240.234 - - [10/May/2023:09:42:22 +0800] "GET /xingrg/kc/buy/cgsh_order_operate.html?command=get_materiel&rest_code=00146&code=00101008080&supplier_code=00100005&order_time=2023-05-10 HTTP/1.1" 200 416
101.229.22.40 - - [10/May/2023:09:42:23 +0800] "GET /xingrg/all/function/internal_message.html?_=1683682941829&CODE_STATE=getMsg HTTP/1.1" 200 27
222.67.238.82 - - [10/May/2023:09:42:26 +0800] "GET /xingrg/all/function/internal_message.html?_=1683682466820&CODE_STATE=getMsg HTTP/1.1" 200 27
114.83.221.46 - - [10/May/2023:09:42:28 +0800] "GET /xingrg/all/function/internal_message.html?_=1683682946395&CODE_STATE=getMsg HTTP/1.1" 200 27
114.85.99.208 - - [10/May/2023:09:42:29 +0800] "GET /xingrg/all/function/internal_message.html?_=1683682950668&CODE_STATE=getMsg HTTP/1.1" 200 27
116.227.208.255 - - [10/May/2023:09:42:30 +0800] "GET /xingrg/all/function/internal_message.html?_=1683683000927&CODE_STATE=getMsg HTTP/1.1" 200 27
116.235.240.234 - - [10/May/2023:09:42:30 +0800] "POST /xingrg/services/DataTransmitService HTTP/1.1" 200 524
116.235.240.234 - - [10/May/2023:09:42:31 +0800] "POST /xingrg/services/DataTransmitService HTTP/1.1" 200 412
116.235.240.234 - - [10/May/2023:09:42:33 +0800] "GET /xingrg/kc/buy/cgsh_order_operate.html?command=get_materiel&rest_code=00146&code=00101008331&supplier_code=00100005&order_time=2023-05-10 HTTP/1.1" 200 416
114.85.113.108 - - [10/May/2023:09:42:37 +0800] "GET /xingrg/all/function/internal_message.html?_=1683682957065&CODE_STATE=getMsg HTTP/1.1" 200 27
58.40.7.146 - - [10/May/2023:09:42:38 +0800] "GET /xingrg/check_reg.html?_=1683682958749 HTTP/1.1" 302 -
116.224.158.100 - - [10/May/2023:09:42:45 +0800] "GET /xingrg/all/function/internal_message.html?_=1683682801689&CODE_STATE=getMsg HTTP/1.1" 200 27
116.235.240.234 - - [10/May/2023:09:42:47 +0800] "GET /xingrg/kc/buy/cgsh_order_operate.html?command=get_materiel&rest_code=00146&code=00101008350&supplier_code=00100005&order_time=2023-05-10 HTTP/1.1" 200 408
116.235.240.234 - - [10/May/2023:09:42:48 +0800] "POST /xingrg/services/DataTransmitService HTTP/1.1" 200 524
116.235.240.234 - - [10/May/2023:09:42:49 +0800] "POST /xingrg/services/DataTransmitService HTTP/1.1" 200 412
116.235.240.234 - - [10/May/2023:09:42:49 +0800] "POST /xingrg/services/DataTransmitService HTTP/1.1" 200 524
116.235.240.234 - - [10/May/2023:09:42:50 +0800] "POST /xingrg/services/DataTransmitService HTTP/1.1" 200 412
116.235.240.234 - - [10/May/2023:09:42:51 +0800] "POST /xingrg/services/DataTransmitService HTTP/1.1" 200 524
116.235.240.234 - - [10/May/2023:09:42:52 +0800] "POST /xingrg/services/DataTransmitService HTTP/1.1" 200 412
116.224.158.100 - - [10/May/2023:09:42:53 +0800] "GET /xingrg/all/function/internal_message.html?_=1683682972669&CODE_STATE=getMsg HTTP/1.1" 200 27
116.224.158.100 - - [10/May/2023:09:42:53 +0800] "GET /xingrg/check_reg.html?_=1683682973143 HTTP/1.1" 200 22
116.235.240.234 - - [10/May/2023:09:42:55 +0800] "POST /xingrg/services/DataTransmitService HTTP/1.1" 200 524
116.235.240.234 - - [10/May/2023:09:42:56 +0800] "POST /xingrg/services/DataTransmitService HTTP/1.1" 200 412
116.238.139.35 - - [10/May/2023:09:42:57 +0800] "GET /xingrg/all/function/internal_message.html?_=1683682908754&CODE_STATE=getMsg HTTP/1.1" 200 27
116.235.240.234 - - [10/May/2023:09:42:58 +0800] "POST /xingrg/services/DataTransmitService HTTP/1.1" 200 524
180.164.3.199 - - [10/May/2023:09:42:59 +0800] "GET /xingrg/all/function/internal_message.html?_=1683682978318&CODE_STATE=getMsg HTTP/1.1" 200 27
116.235.240.234 - - [10/May/2023:09:42:59 +0800] "POST /xingrg/services/DataTransmitService HTTP/1.1" 200 412
116.235.240.234 - - [10/May/2023:09:43:00 +0800] "POST /xingrg/services/DataTransmitService HTTP/1.1" 200 524
116.235.240.234 - - [10/May/2023:09:43:01 +0800] "POST /xingrg/services/DataTransmitService HTTP/1.1" 200 2339
116.235.240.234 - - [10/May/2023:09:43:09 +0800] "POST /xingrg/services/DataTransmitService HTTP/1.1" 200 524
116.235.240.234 - - [10/May/2023:09:43:10 +0800] "POST /xingrg/services/DataTransmitService HTTP/1.1" 200 2339
116.235.240.234 - - [10/May/2023:09:43:10 +0800] "POST /xingrg/services/DataTransmitService HTTP/1.1" 200 524
116.235.240.234 - - [10/May/2023:09:43:11 +0800] "POST /xingrg/services/DataTransmitService HTTP/1.1" 200 412
116.235.240.234 - - [10/May/2023:09:43:11 +0800] "POST /xingrg/services/DataTransmitService HTTP/1.1" 200 524
116.235.240.234 - - [10/May/2023:09:43:12 +0800] "POST /xingrg/services/DataTransmitService HTTP/1.1" 200 412
218.81.69.210 - - [10/May/2023:09:43:22 +0800] "GET /xingrg/all/function/internal_message.html?_=1683683006368&CODE_STATE=getMsg HTTP/1.1" 200 27
101.229.22.40 - - [10/May/2023:09:43:23 +0800] "GET /xingrg/all/function/internal_message.html?_=1683683001835&CODE_STATE=getMsg HTTP/1.1" 200 27
116.235.240.234 - - [10/May/2023:09:43:23 +0800] "GET /xingrg/kc/buy/cgsh_order_operate.html?command=get_materiel&rest_code=00146&code=00101008244&supplier_code=00100005&order_time=2023-05-10 HTTP/1.1" 200 408
222.67.238.82 - - [10/May/2023:09:43:26 +0800] "GET /xingrg/all/function/internal_message.html?_=1683682526850&CODE_STATE=getMsg HTTP/1.1" 200 27
114.83.221.46 - - [10/May/2023:09:43:28 +0800] "GET /xingrg/all/function/internal_message.html?_=1683683006382&CODE_STATE=getMsg HTTP/1.1" 200 27
114.83.221.46 - - [10/May/2023:09:43:28 +0800] "GET /xingrg/check_reg.html?_=1683683006635 HTTP/1.1" 200 22
114.85.99.208 - - [10/May/2023:09:43:29 +0800] "GET /xingrg/all/function/internal_message.html?_=1683683010665&CODE_STATE=getMsg HTTP/1.1" 200 27
116.227.208.255 - - [10/May/2023:09:43:30 +0800] "GET /xingrg/all/function/internal_message.html?_=1683683060921&CODE_STATE=getMsg HTTP/1.1" 200 27
116.227.208.255 - - [10/May/2023:09:43:30 +0800] "GET /xingrg/check_reg.html?_=1683683060923 HTTP/1.1" 200 22
124.79.240.114 - - [10/May/2023:09:43:33 +0800] "POST /xingrg/services/DataTransmitService HTTP/1.1" 200 524
124.79.240.114 - - [10/May/2023:09:43:36 +0800] "POST /xingrg/services/DataTransmitService HTTP/1.1" 200 501
114.85.113.108 - - [10/May/2023:09:43:37 +0800] "GET /xingrg/all/function/internal_message.html?_=1683683017064&CODE_STATE=getMsg HTTP/1.1" 200 27
116.235.240.234 - - [10/May/2023:09:43:41 +0800] "POST /xingrg/services/DataTransmitService HTTP/1.1" 200 524
116.235.240.234 - - [10/May/2023:09:43:42 +0800] "POST /xingrg/services/DataTransmitService HTTP/1.1" 200 412
116.235.240.234 - - [10/May/2023:09:43:44 +0800] "GET /xingrg/kc/buy/cgsh_order_operate.html?command=get_materiel&rest_code=00146&code=00101008185&supplier_code=00100005&order_time=2023-05-10 HTTP/1.1" 200 408
116.235.240.234 - - [10/May/2023:09:43:45 +0800] "POST /xingrg/services/DataTransmitService HTTP/1.1" 200 524
116.224.158.100 - - [10/May/2023:09:43:45 +0800] "GET /xingrg/all/function/internal_message.html?_=1683682861690&CODE_STATE=getMsg HTTP/1.1" 200 27
116.235.240.234 - - [10/May/2023:09:43:45 +0800] "POST /xingrg/services/DataTransmitService HTTP/1.1" 200 412
116.224.158.100 - - [10/May/2023:09:43:53 +0800] "GET /xingrg/all/function/internal_message.html?_=1683683032639&CODE_STATE=getMsg HTTP/1.1" 200 27
116.235.240.234 - - [10/May/2023:09:43:54 +0800] "GET /xingrg/check_reg.html?_=1683683044437 HTTP/1.1" 200 22
116.238.139.35 - - [10/May/2023:09:43:57 +0800] "GET /xingrg/all/function/internal_message.html?_=1683682968767&CODE_STATE=getMsg HTTP/1.1" 200 27
180.164.3.199 - - [10/May/2023:09:43:59 +0800] "GET /xingrg/all/function/internal_message.html?_=1683683038324&CODE_STATE=getMsg HTTP/1.1" 200 27
180.164.3.199 - - [10/May/2023:09:43:59 +0800] "GET /xingrg/check_reg.html?_=1683683038325 HTTP/1.1" 200 22
116.235.240.234 - - [10/May/2023:09:44:11 +0800] "GET /xingrg/kc/buy/cgsh_order_operate.html?command=get_materiel&rest_code=00146&code=00101008354&supplier_code=00100005&order_time=2023-05-10 HTTP/1.1" 200 412
116.235.240.234 - - [10/May/2023:09:44:19 +0800] "POST /xingrg/services/DataTransmitService HTTP/1.1" 200 524
116.235.240.234 - - [10/May/2023:09:44:20 +0800] "POST /xingrg/services/DataTransmitService HTTP/1.1" 200 412
218.81.69.210 - - [10/May/2023:09:44:22 +0800] "GET /xingrg/all/function/internal_message.html?_=1683683066367&CODE_STATE=getMsg HTTP/1.1" 200 27
101.229.22.40 - - [10/May/2023:09:44:23 +0800] "GET /xingrg/all/function/internal_message.html?_=1683683061836&CODE_STATE=getMsg HTTP/1.1" 200 27
222.67.238.82 - - [10/May/2023:09:44:26 +0800] "GET /xingrg/all/function/internal_message.html?_=1683682586848&CODE_STATE=getMsg HTTP/1.1" 200 27
114.83.221.46 - - [10/May/2023:09:44:28 +0800] "GET /xingrg/all/function/internal_message.html?_=1683683066361&CODE_STATE=getMsg HTTP/1.1" 200 27
114.85.99.208 - - [10/May/2023:09:44:29 +0800] "GET /xingrg/all/function/internal_message.html?_=1683683070688&CODE_STATE=getMsg HTTP/1.1" 200 27
116.227.208.255 - - [10/May/2023:09:44:30 +0800] "GET /xingrg/all/function/internal_message.html?_=1683683120913&CODE_STATE=getMsg HTTP/1.1" 200 27
116.235.240.234 - - [10/May/2023:09:44:37 +0800] "GET /xingrg/kc/buy/cgsh_order_operate.html?command=get_materiel&rest_code=00146&code=00101008125&supplier_code=00100005&order_time=2023-05-10 HTTP/1.1" 200 413
114.85.113.108 - - [10/May/2023:09:44:37 +0800] "GET /xingrg/all/function/internal_message.html?_=1683683077070&CODE_STATE=getMsg HTTP/1.1" 200 27
116.238.139.35 - - [10/May/2023:09:44:38 +0800] "GET /xingrg/kc/buy/cgsh_order_list.html HTTP/1.1" 200 55399
116.238.139.35 - - [10/May/2023:09:44:40 +0800] "POST /xingrg/kc/buy/cgsh_list_operate.html HTTP/1.1" 200 986
116.235.240.234 - - [10/May/2023:09:44:41 +0800] "POST /xingrg/services/DataTransmitService HTTP/1.1" 200 524
116.235.240.234 - - [10/May/2023:09:44:42 +0800] "POST /xingrg/services/DataTransmitService HTTP/1.1" 200 412
116.238.139.35 - - [10/May/2023:09:44:44 +0800] "GET /xingrg/kc/buy/cgsh_order_add.html HTTP/1.1" 200 70787
116.238.139.35 - - [10/May/2023:09:44:44 +0800] "GET /xingrg/javascript/easyui/themes/default/validatebox.css HTTP/1.1" 404 1104
116.238.139.35 - - [10/May/2023:09:44:44 +0800] "POST /xingrg/kc/buy/cgsh_order_operate.html HTTP/1.1" 200 8245
116.224.158.100 - - [10/May/2023:09:44:45 +0800] "GET /xingrg/all/function/internal_message.html?_=1683682921694&CODE_STATE=getMsg HTTP/1.1" 200 27
116.224.158.100 - - [10/May/2023:09:44:53 +0800] "GET /xingrg/all/function/internal_message.html?_=1683683092610&CODE_STATE=getMsg HTTP/1.1" 200 27
116.235.240.234 - - [10/May/2023:09:44:57 +0800] "GET /xingrg/kc/buy/cgsh_order_operate.html?command=get_materiel&rest_code=00146&code=00101008038&supplier_code=00100005&order_time=2023-05-10 HTTP/1.1" 200 412
116.238.139.35 - - [10/May/2023:09:44:57 +0800] "GET /xingrg/all/function/internal_message.html?_=1683683028781&CODE_STATE=getMsg HTTP/1.1" 200 27
180.164.3.199 - - [10/May/2023:09:44:59 +0800] "GET /xingrg/all/function/internal_message.html?_=1683683098325&CODE_STATE=getMsg HTTP/1.1" 200 27
116.238.139.35 - - [10/May/2023:09:45:05 +0800] "GET /xingrg/kc/buy/cgsh_order_operate.html?command=get_materiel&rest_code=00151&code=00101016030&supplier_code=00100096&order_time=2023-05-10 HTTP/1.1" 200 412
116.235.240.234 - - [10/May/2023:09:45:13 +0800] "GET /xingrg/kc/buy/cgsh_order_operate.html?command=get_materiel&rest_code=00146&code=00101008358&supplier_code=00100005&order_time=2023-05-10 HTTP/1.1" 200 412
116.238.139.35 - - [10/May/2023:09:45:14 +0800] "POST /xingrg/all/user/operate.html HTTP/1.1" 200 36
116.238.139.35 - - [10/May/2023:09:45:15 +0800] "GET /xingrg/index.html?sysBaseUrl=http%3A%2F%2F180.169.147.146%3A18081%2Fxingrg%2F&costTime=1723×tamp=1683677948745 HTTP/1.1" 200 17179
116.238.139.35 - - [10/May/2023:09:45:15 +0800] "GET /xingrg/javascript/jquery_easy_ui/themes/default/easyui.css HTTP/1.1" 304 -
116.238.139.35 - - [10/May/2023:09:45:15 +0800] "GET /xingrg/javascript/jquery_easy_ui/themes/icon.css HTTP/1.1" 304 -
116.238.139.35 - - [10/May/2023:09:45:15 +0800] "GET /xingrg/css/form.css HTTP/1.1" 304 -
116.238.139.35 - - [10/May/2023:09:45:15 +0800] "GET /xingrg/javascript/jquery-1.4.2.min.js HTTP/1.1" 304 -
116.238.139.35 - - [10/May/2023:09:45:15 +0800] "GET /xingrg/javascript/jquery_easy_ui/jquery.easyui.min.js HTTP/1.1" 304 -
116.238.139.35 - - [10/May/2023:09:45:15 +0800] "GET /xingrg/javascript/jquery_easy_ui/easyui-lang-zh_CN.js HTTP/1.1" 304 -
116.238.139.35 - - [10/May/2023:09:45:15 +0800] "GET /xingrg/javascript/jquery.form.js HTTP/1.1" 304 -
116.238.139.35 - - [10/May/2023:09:45:15 +0800] "GET /xingrg/javascript/jquery.utils.js HTTP/1.1" 304 -
116.238.139.35 - - [10/May/2023:09:45:15 +0800] "GET /xingrg/javascript/jquery.timers.js HTTP/1.1" 304 -
116.238.139.35 - - [10/May/2023:09:45:15 +0800] "GET /xingrg/images/blue/jxLogo.png HTTP/1.1" 304 -
116.238.139.35 - - [10/May/2023:09:45:15 +0800] "GET /xingrg/images/blue/navBackgound.jpg HTTP/1.1" 304 -
116.238.139.35 - - [10/May/2023:09:45:15 +0800] "GET /xingrg/javascript/jquery_easy_ui/themes/icons/settle_new.png HTTP/1.1" 304 -
116.238.139.35 - - [10/May/2023:09:45:15 +0800] "GET /xingrg/images/blue/pingpu.png HTTP/1.1" 304 -
116.238.139.35 - - [10/May/2023:09:45:15 +0800] "GET /xingrg/javascript/jquery_easy_ui/themes/default/images/tabs_leftarrow.png HTTP/1.1" 304 -
116.238.139.35 - - [10/May/2023:09:45:15 +0800] "GET /xingrg/javascript/jquery_easy_ui/themes/default/images/tabs_rightarrow.png HTTP/1.1" 304 -
116.238.139.35 - - [10/May/2023:09:45:15 +0800] "GET /xingrg/javascript/jquery_easy_ui/themes/default/images/panel_tool_collapse.gif HTTP/1.1" 304 -
116.238.139.35 - - [10/May/2023:09:45:15 +0800] "GET /xingrg/all/function/internal_message.html?_=1683683046528&CODE_STATE=count HTTP/1.1" 200 11
116.238.139.35 - - [10/May/2023:09:45:15 +0800] "GET /xingrg/check_reg.html?_=1683683046529 HTTP/1.1" 200 22
116.238.139.35 - - [10/May/2023:09:45:15 +0800] "POST /xingrg/all/common/load_tree.html?tree=area_rest_tree_json&manage=1 HTTP/1.1" 200 476
116.238.139.35 - - [10/May/2023:09:45:15 +0800] "POST /xingrg/load_menu.html HTTP/1.1" 200 5138
172.20.0.100 - - [10/May/2023:09:45:20 +0800] "GET /xingrg/check_reg.html?_=1683683127352 HTTP/1.1" 200 22
116.238.139.35 - - [10/May/2023:09:45:21 +0800] "GET /xingrg/kc/buy/cgsh_order_list.html HTTP/1.1" 200 55401
218.81.69.210 - - [10/May/2023:09:45:22 +0800] "GET /xingrg/all/function/internal_message.html?_=1683683126364&CODE_STATE=getMsg HTTP/1.1" 200 27
180.164.3.199 - - [10/May/2023:09:45:22 +0800] "GET /xingrg/kc/buy/cgsh_order_operate.html?command=get_materiel&rest_code=00108&code=00101012032&supplier_code=00100593&order_time=2023-05-10 HTTP/1.1" 200 416
101.229.22.40 - - [10/May/2023:09:45:23 +0800] "GET /xingrg/all/function/internal_message.html?_=1683683121836&CODE_STATE=getMsg HTTP/1.1" 200 27
101.229.22.40 - - [10/May/2023:09:45:23 +0800] "GET /xingrg/check_reg.html?_=1683683121839 HTTP/1.1" 200 22
116.238.139.35 - - [10/May/2023:09:45:23 +0800] "POST /xingrg/kc/buy/cgsh_list_operate.html HTTP/1.1" 200 986
116.238.139.35 - - [10/May/2023:09:45:24 +0800] "GET /xingrg/kc/buy/cgsh_order_add.html HTTP/1.1" 200 71233
116.238.139.35 - - [10/May/2023:09:45:25 +0800] "POST /xingrg/kc/buy/cgsh_order_operate.html HTTP/1.1" 200 8245
116.238.139.35 - - [10/May/2023:09:45:25 +0800] "GET /xingrg/javascript/easyui/themes/default/validatebox.css HTTP/1.1" 404 1104
116.235.240.234 - - [10/May/2023:09:45:26 +0800] "GET /xingrg/kc/buy/cgsh_order_operate.html?command=get_materiel&rest_code=00146&code=00101008355&supplier_code=00100005&order_time=2023-05-10 HTTP/1.1" 200 408
222.67.238.82 - - [10/May/2023:09:45:26 +0800] "GET /xingrg/check_reg.html?_=1683682646847 HTTP/1.1" 200 22
222.67.238.82 - - [10/May/2023:09:45:26 +0800] "GET /xingrg/all/function/internal_message.html?_=1683682646848&CODE_STATE=getMsg HTTP/1.1" 200 27
116.238.139.35 - - [10/May/2023:09:45:27 +0800] "GET /xingrg/javascript/auto/indicator.gif HTTP/1.1" 404 1066
116.235.240.234 - - [10/May/2023:09:45:27 +0800] "POST /xingrg/services/DataTransmitService HTTP/1.1" 200 524
114.83.221.46 - - [10/May/2023:09:45:28 +0800] "GET /xingrg/all/function/internal_message.html?_=1683683126334&CODE_STATE=getMsg HTTP/1.1" 200 27
116.235.240.234 - - [10/May/2023:09:45:28 +0800] "POST /xingrg/services/DataTransmitService HTTP/1.1" 200 412
114.85.99.208 - - [10/May/2023:09:45:29 +0800] "GET /xingrg/all/function/internal_message.html?_=1683683130682&CODE_STATE=getMsg HTTP/1.1" 200 27
116.235.240.234 - - [10/May/2023:09:45:30 +0800] "POST /xingrg/kc/buy/cgsh_order_operate.html HTTP/1.1" 200 2065
116.235.240.234 - - [10/May/2023:09:45:30 +0800] "POST /xingrg/services/DataTransmitService HTTP/1.1" 200 524
116.227.208.255 - - [10/May/2023:09:45:30 +0800] "GET /xingrg/all/function/internal_message.html?_=1683683180923&CODE_STATE=getMsg HTTP/1.1" 200 27
116.235.240.234 - - [10/May/2023:09:45:31 +0800] "POST /xingrg/services/DataTransmitService HTTP/1.1" 200 412
116.235.240.234 - - [10/May/2023:09:45:31 +0800] "POST /xingrg/services/DataTransmitService HTTP/1.1" 200 524
116.235.240.234 - - [10/May/2023:09:45:32 +0800] "POST /xingrg/services/DataTransmitService HTTP/1.1" 200 412
180.164.3.199 - - [10/May/2023:09:45:33 +0800] "GET /xingrg/kc/buy/cgsh_order_operate.html?command=get_materiel&rest_code=00108&code=00101011013&supplier_code=00100593&order_time=2023-05-10 HTTP/1.1" 200 413
116.238.139.35 - - [10/May/2023:09:45:35 +0800] "GET /xingrg/kc/buy/cgsh_order_operate.html?command=get_materiel&rest_code=00150&code=00101016030&supplier_code=00100096&order_time=2023-05-10 HTTP/1.1" 200 412
116.235.240.234 - - [10/May/2023:09:45:35 +0800] "POST /xingrg/services/DataTransmitService HTTP/1.1" 200 524
116.235.240.234 - - [10/May/2023:09:45:36 +0800] "POST /xingrg/services/DataTransmitService HTTP/1.1" 200 412
114.85.113.108 - - [10/May/2023:09:45:37 +0800] "GET /xingrg/all/function/internal_message.html?_=1683683137085&CODE_STATE=getMsg HTTP/1.1" 200 27
116.235.240.234 - - [10/May/2023:09:45:38 +0800] "POST /xingrg/services/DataTransmitService HTTP/1.1" 200 524
116.235.240.234 - - [10/May/2023:09:45:38 +0800] "GET /xingrg/kc/buy/cgsh_order_operate.html?command=get_materiel&rest_code=00146&code=00101008004&supplier_code=00100005&order_time=2023-05-10 HTTP/1.1" 200 416
116.235.240.234 - - [10/May/2023:09:45:39 +0800] "POST /xingrg/services/DataTransmitService HTTP/1.1" 200 2339
116.238.139.35 - - [10/May/2023:09:45:44 +0800] "GET /xingrg/kc/buy/cgsh_order_operate.html?command=get_materiel&rest_code=00150&code=00101016025&supplier_code=00100096&order_time=2023-05-10 HTTP/1.1" 200 408
116.224.158.100 - - [10/May/2023:09:45:45 +0800] "GET /xingrg/check_reg.html?_=1683682981693 HTTP/1.1" 200 22
116.224.158.100 - - [10/May/2023:09:45:45 +0800] "GET /xingrg/all/function/internal_message.html?_=1683682981694&CODE_STATE=getMsg HTTP/1.1" 200 27
101.229.22.40 - - [10/May/2023:09:45:47 +0800] "GET /xingrg/kc/buy/cgsh_order_list.html HTTP/1.1" 200 55401
180.164.3.199 - - [10/May/2023:09:45:49 +0800] "GET /xingrg/kc/buy/cgsh_order_operate.html?command=get_materiel&rest_code=00108&code=00101011005&supplier_code=00100593&order_time=2023-05-10 HTTP/1.1" 200 428
116.235.240.234 - - [10/May/2023:09:45:51 +0800] "POST /xingrg/services/DataTransmitService HTTP/1.1" 200 524
101.229.22.40 - - [10/May/2023:09:45:51 +0800] "POST /xingrg/kc/buy/cgsh_list_operate.html HTTP/1.1" 200 1869
116.224.158.100 - - [10/May/2023:09:45:53 +0800] "GET /xingrg/all/function/internal_message.html?_=1683683152589&CODE_STATE=getMsg HTTP/1.1" 200 27
116.238.139.35 - - [10/May/2023:09:45:57 +0800] "GET /xingrg/kc/buy/cgsh_order_operate.html?command=get_materiel&rest_code=00150&code=00101007061&supplier_code=00100096&order_time=2023-05-10 HTTP/1.1" 200 411
180.164.3.199 - - [10/May/2023:09:45:59 +0800] "GET /xingrg/all/function/internal_message.html?_=1683683158321&CODE_STATE=getMsg HTTP/1.1" 200 27
180.164.3.199 - - [10/May/2023:09:46:09 +0800] "GET /xingrg/kc/buy/cgsh_order_operate.html?command=get_materiel&rest_code=00108&code=00101011004&supplier_code=00100593&order_time=2023-05-10 HTTP/1.1" 200 412
116.235.240.234 - - [10/May/2023:09:46:09 +0800] "GET /xingrg/kc/buy/cgsh_order_operate.html?command=get_materiel&rest_code=00146&code=00101008067&supplier_code=00100005&order_time=2023-05-10 HTTP/1.1" 200 416
116.238.139.35 - - [10/May/2023:09:46:11 +0800] "GET /xingrg/kc/buy/cgsh_order_operate.html?command=get_materiel&rest_code=00150&code=00101037251&supplier_code=00100096&order_time=2023-05-10 HTTP/1.1" 200 433
116.238.139.35 - - [10/May/2023:09:46:15 +0800] "GET /xingrg/all/function/internal_message.html?_=1683683106532&CODE_STATE=getMsg HTTP/1.1" 200 27
180.164.3.199 - - [10/May/2023:09:46:18 +0800] "GET /xingrg/kc/buy/cgsh_order_operate.html?command=get_materiel&rest_code=00108&code=00101009011&supplier_code=00100593&order_time=2023-05-10 HTTP/1.1" 200 417
218.81.69.210 - - [10/May/2023:09:46:22 +0800] "GET /xingrg/all/function/internal_message.html?_=1683683186362&CODE_STATE=getMsg HTTP/1.1" 200 27
218.81.69.210 - - [10/May/2023:09:46:22 +0800] "GET /xingrg/check_reg.html?_=1683683186363 HTTP/1.1" 200 22
