101.229.22.40 - - [10/May/2023:09:53:12 +0800] "GET /xingrg/kc/buy/cgsh_order_operate.html?command=get_materiel&rest_code=00142&code=00101008199&supplier_code=00100161&order_time=2023-05-10 HTTP/1.1" 200 408
116.235.240.234 - - [10/May/2023:09:53:13 +0800] "GET /xingrg/kc/buy/cgsh_order_operate.html?command=get_materiel&rest_code=00146&code=00101009011&supplier_code=00100005&order_time=2023-05-10 HTTP/1.1" 200 416
116.238.139.35 - - [10/May/2023:09:53:17 +0800] "POST /xingrg/kc/buy/cgsh_order_operate.html HTTP/1.1" 200 12
222.67.238.82 - - [10/May/2023:09:53:18 +0800] "GET /xingrg/kc/print/load_data.html?order_code=212023051003370&kc_code=cgsh&condition= HTTP/1.1" 200 729
116.238.139.35 - - [10/May/2023:09:53:20 +0800] "GET /xingrg/kc/buy/cgsh_order_info.html?code=212023051003371 HTTP/1.1" 200 65689
116.238.139.35 - - [10/May/2023:09:53:20 +0800] "GET /xingrg/javascript/easyui/themes/default/validatebox.css HTTP/1.1" 404 1104
116.238.139.35 - - [10/May/2023:09:53:21 +0800] "POST /xingrg/kc/buy/cgsh_order_operate.html HTTP/1.1" 200 6568
218.81.69.210 - - [10/May/2023:09:53:22 +0800] "GET /xingrg/all/function/internal_message.html?_=1683683606393&CODE_STATE=getMsg HTTP/1.1" 200 27
101.229.22.40 - - [10/May/2023:09:53:23 +0800] "GET /xingrg/all/function/internal_message.html?_=1683683601855&CODE_STATE=getMsg HTTP/1.1" 200 27
116.238.139.35 - - [10/May/2023:09:53:23 +0800] "GET /xingrg/kc/print/load_data.html?order_code=212023051003371&kc_code=cgsh&condition= HTTP/1.1" 200 2999
116.235.240.234 - - [10/May/2023:09:53:24 +0800] "GET /xingrg/kc/buy/cgsh_order_operate.html?command=get_materiel&rest_code=00146&code=00101009015&supplier_code=00100005&order_time=2023-05-10 HTTP/1.1" 200 416
116.238.139.35 - - [10/May/2023:09:53:25 +0800] "GET /xingrg/all/function/internal_message.html?_=1683683536298&CODE_STATE=getMsg HTTP/1.1" 200 27
222.67.238.82 - - [10/May/2023:09:53:26 +0800] "GET /xingrg/all/function/internal_message.html?_=1683683126877&CODE_STATE=getMsg HTTP/1.1" 200 27
116.235.240.234 - - [10/May/2023:09:53:27 +0800] "POST /xingrg/kc/buy/cgsh_order_operate.html HTTP/1.1" 200 2065
114.83.221.46 - - [10/May/2023:09:53:27 +0800] "GET /xingrg/all/function/internal_message.html?_=1683683606160&CODE_STATE=getMsg HTTP/1.1" 200 27
114.83.221.46 - - [10/May/2023:09:53:28 +0800] "GET /xingrg/check_reg.html?_=1683683606663 HTTP/1.1" 200 22
116.227.208.255 - - [10/May/2023:09:53:30 +0800] "GET /xingrg/check_reg.html?_=1683683660925 HTTP/1.1" 200 22
116.227.208.255 - - [10/May/2023:09:53:30 +0800] "GET /xingrg/all/function/internal_message.html?_=1683683660927&CODE_STATE=getMsg HTTP/1.1" 200 27
116.224.158.100 - - [10/May/2023:09:53:34 +0800] "POST /xingrg/dwr/call/plaincall/AjaxQqpsService.getMaterielByCode.dwr HTTP/1.1" 200 2807
101.229.22.40 - - [10/May/2023:09:53:34 +0800] "GET /xingrg/kc/buy/cgsh_order_operate.html?command=get_materiel&rest_code=00142&code=00101008371&supplier_code=00100161&order_time=2023-05-10 HTTP/1.1" 200 412
116.224.158.100 - - [10/May/2023:09:53:35 +0800] "POST /xingrg/dwr/call/plaincall/AjaxQqpsService.saveMaterielItem.dwr HTTP/1.1" 200 79
116.235.240.234 - - [10/May/2023:09:53:36 +0800] "GET /xingrg/kc/buy/cgsh_order_operate.html?command=get_materiel&rest_code=00146&code=00101009004&supplier_code=00100005&order_time=2023-05-10 HTTP/1.1" 200 409
114.85.113.108 - - [10/May/2023:09:53:37 +0800] "GET /xingrg/all/function/internal_message.html?_=1683683617091&CODE_STATE=getMsg HTTP/1.1" 200 27
101.229.22.40 - - [10/May/2023:09:53:44 +0800] "GET /xingrg/kc/buy/cgsh_order_operate.html?command=get_materiel&rest_code=00142&code=00101008355&supplier_code=00100161&order_time=2023-05-10 HTTP/1.1" 200 408
116.224.158.100 - - [10/May/2023:09:53:45 +0800] "GET /xingrg/all/function/internal_message.html?_=1683683461723&CODE_STATE=getMsg HTTP/1.1" 200 27
116.235.240.234 - - [10/May/2023:09:53:46 +0800] "GET /xingrg/kc/buy/cgsh_order_operate.html?command=get_materiel&rest_code=00146&code=00101008704&supplier_code=00100005&order_time=2023-05-10 HTTP/1.1" 200 409
116.224.158.100 - - [10/May/2023:09:53:53 +0800] "GET /xingrg/all/function/internal_message.html?_=1683683632433&CODE_STATE=getMsg HTTP/1.1" 200 27
116.235.240.234 - - [10/May/2023:09:53:54 +0800] "GET /xingrg/check_reg.html?_=1683683644451 HTTP/1.1" 200 22
116.224.158.100 - - [10/May/2023:09:53:55 +0800] "POST /xingrg/dwr/call/plaincall/AjaxQqpsService.getMaterielByCode.dwr HTTP/1.1" 200 2816
116.224.158.100 - - [10/May/2023:09:53:56 +0800] "POST /xingrg/dwr/call/plaincall/AjaxQqpsService.saveMaterielItem.dwr HTTP/1.1" 200 79
180.164.3.199 - - [10/May/2023:09:53:59 +0800] "GET /xingrg/check_reg.html?_=1683683638326 HTTP/1.1" 200 22
180.164.3.199 - - [10/May/2023:09:53:59 +0800] "GET /xingrg/all/function/internal_message.html?_=1683683638327&CODE_STATE=getMsg HTTP/1.1" 200 27
222.67.238.82 - - [10/May/2023:09:54:01 +0800] "GET /xingrg/kc/buy/cgsh_order_add.html HTTP/1.1" 200 71177
222.67.238.82 - - [10/May/2023:09:54:02 +0800] "POST /xingrg/kc/buy/cgsh_order_operate.html HTTP/1.1" 200 8245
222.67.238.82 - - [10/May/2023:09:54:02 +0800] "GET /xingrg/javascript/easyui/themes/default/validatebox.css HTTP/1.1" 404 1104
116.235.240.234 - - [10/May/2023:09:54:02 +0800] "GET /xingrg/kc/buy/cgsh_order_operate.html?command=get_materiel&rest_code=00146&code=00101008123&supplier_code=00100005&order_time=2023-05-10 HTTP/1.1" 200 412
101.229.22.40 - - [10/May/2023:09:54:05 +0800] "GET /xingrg/kc/buy/cgsh_order_operate.html?command=get_materiel&rest_code=00142&code=00101008372&supplier_code=00100161&order_time=2023-05-10 HTTP/1.1" 200 408
116.235.240.234 - - [10/May/2023:09:54:14 +0800] "GET /xingrg/kc/buy/cgsh_order_operate.html?command=get_materiel&rest_code=00146&code=00101008679&supplier_code=00100005&order_time=2023-05-10 HTTP/1.1" 200 413
222.67.238.82 - - [10/May/2023:09:54:16 +0800] "GET /xingrg/kc/buy/cgsh_order_operate.html?command=get_materiel&rest_code=00141&code=00101008185&supplier_code=00100007&order_time=2023-05-10 HTTP/1.1" 200 408
116.224.158.100 - - [10/May/2023:09:54:17 +0800] "POST /xingrg/dwr/call/plaincall/AjaxQqpsService.getMaterielByCode.dwr HTTP/1.1" 200 2738
218.81.69.210 - - [10/May/2023:09:54:22 +0800] "GET /xingrg/all/function/internal_message.html?_=1683683666391&CODE_STATE=getMsg HTTP/1.1" 200 27
101.229.22.40 - - [10/May/2023:09:54:23 +0800] "GET /xingrg/all/function/internal_message.html?_=1683683661865&CODE_STATE=getMsg HTTP/1.1" 200 27
116.238.139.35 - - [10/May/2023:09:54:25 +0800] "GET /xingrg/check_reg.html?_=1683683596255 HTTP/1.1" 200 22
116.238.139.35 - - [10/May/2023:09:54:25 +0800] "GET /xingrg/all/function/internal_message.html?_=1683683596313&CODE_STATE=getMsg HTTP/1.1" 200 27
101.229.22.40 - - [10/May/2023:09:54:26 +0800] "GET /xingrg/kc/buy/cgsh_order_operate.html?command=get_materiel&rest_code=00142&code=00101008024&supplier_code=00100161&order_time=2023-05-10 HTTP/1.1" 200 408
222.67.238.82 - - [10/May/2023:09:54:26 +0800] "GET /xingrg/all/function/internal_message.html?_=1683683186865&CODE_STATE=getMsg HTTP/1.1" 200 27
114.83.221.46 - - [10/May/2023:09:54:27 +0800] "GET /xingrg/all/function/internal_message.html?_=1683683666132&CODE_STATE=getMsg HTTP/1.1" 200 27
116.238.139.35 - - [10/May/2023:09:54:27 +0800] "POST /xingrg/services/DataTransmitService HTTP/1.1" 200 524
116.227.208.255 - - [10/May/2023:09:54:30 +0800] "GET /xingrg/all/function/internal_message.html?_=1683683720914&CODE_STATE=getMsg HTTP/1.1" 200 27
116.238.139.35 - - [10/May/2023:09:54:30 +0800] "POST /xingrg/services/DataTransmitService HTTP/1.1" 200 2079
116.235.240.234 - - [10/May/2023:09:54:36 +0800] "POST /xingrg/kc/buy/cgsh_order_operate.html HTTP/1.1" 200 37
114.85.113.108 - - [10/May/2023:09:54:37 +0800] "GET /xingrg/all/function/internal_message.html?_=1683683677088&CODE_STATE=getMsg HTTP/1.1" 200 27
222.67.238.82 - - [10/May/2023:09:54:37 +0800] "GET /xingrg/kc/buy/cgsh_order_operate.html?command=get_materiel&rest_code=00141&code=00101008096&supplier_code=00100007&order_time=2023-05-10 HTTP/1.1" 200 412
101.229.22.40 - - [10/May/2023:09:54:38 +0800] "GET /xingrg/kc/buy/cgsh_order_operate.html?command=get_materiel&rest_code=00142&code=00101008356&supplier_code=00100161&order_time=2023-05-10 HTTP/1.1" 200 408
116.235.240.234 - - [10/May/2023:09:54:39 +0800] "POST /xingrg/kc/buy/cgsh_order_operate.html HTTP/1.1" 200 36357
116.224.158.100 - - [10/May/2023:09:54:40 +0800] "POST /xingrg/dwr/call/plaincall/AjaxQqpsService.saveMaterielItem.dwr HTTP/1.1" 200 79
116.235.240.234 - - [10/May/2023:09:54:42 +0800] "GET /xingrg/kc/print/load_data.html?order_code=212023051003372&kc_code=cgsh&condition= HTTP/1.1" 200 13455
116.224.158.100 - - [10/May/2023:09:54:45 +0800] "GET /xingrg/all/function/internal_message.html?_=1683683521716&CODE_STATE=getMsg HTTP/1.1" 200 27
222.67.238.82 - - [10/May/2023:09:54:46 +0800] "GET /xingrg/kc/buy/cgsh_order_operate.html?command=get_materiel&rest_code=00141&code=00101008355&supplier_code=00100007&order_time=2023-05-10 HTTP/1.1" 200 408
101.229.22.40 - - [10/May/2023:09:54:53 +0800] "GET /xingrg/kc/buy/cgsh_order_operate.html?command=get_materiel&rest_code=00142&code=00101008286&supplier_code=00100161&order_time=2023-05-10 HTTP/1.1" 200 408
116.224.158.100 - - [10/May/2023:09:54:53 +0800] "GET /xingrg/all/function/internal_message.html?_=1683683692413&CODE_STATE=getMsg HTTP/1.1" 200 27
222.67.238.82 - - [10/May/2023:09:54:54 +0800] "GET /xingrg/kc/buy/cgsh_order_operate.html?command=get_materiel&rest_code=00141&code=00101008264&supplier_code=00100007&order_time=2023-05-10 HTTP/1.1" 200 412
116.224.158.100 - - [10/May/2023:09:54:57 +0800] "POST /xingrg/dwr/call/plaincall/AjaxQqpsService.getMaterielByCode.dwr HTTP/1.1" 200 2779
180.164.3.199 - - [10/May/2023:09:54:59 +0800] "GET /xingrg/all/function/internal_message.html?_=1683683698322&CODE_STATE=getMsg HTTP/1.1" 200 27
116.224.158.100 - - [10/May/2023:09:54:59 +0800] "POST /xingrg/dwr/call/plaincall/AjaxQqpsService.saveMaterielItem.dwr HTTP/1.1" 200 79
222.67.238.82 - - [10/May/2023:09:55:04 +0800] "GET /xingrg/kc/buy/cgsh_order_operate.html?command=get_materiel&rest_code=00141&code=00101008079&supplier_code=00100007&order_time=2023-05-10 HTTP/1.1" 200 416
116.235.240.234 - - [10/May/2023:09:55:06 +0800] "GET /xingrg/kc/buy/cgsh_order_add.html HTTP/1.1" 200 71177
116.235.240.234 - - [10/May/2023:09:55:07 +0800] "POST /xingrg/kc/buy/cgsh_order_operate.html HTTP/1.1" 200 8245
116.235.240.234 - - [10/May/2023:09:55:07 +0800] "GET /xingrg/javascript/easyui/themes/default/validatebox.css HTTP/1.1" 404 1104
124.79.73.36 - - [10/May/2023:09:55:08 +0800] "POST /xingrg/services/DataTransmitService HTTP/1.1" 401 565
124.79.73.36 - - [10/May/2023:09:55:09 +0800] "POST /xingrg/services/DataTransmitService HTTP/1.1" 200 478
124.79.73.36 - - [10/May/2023:09:55:09 +0800] "POST /xingrg/services/DataTransmitService HTTP/1.1" 200 1319
124.79.73.36 - - [10/May/2023:09:55:09 +0800] "POST /xingrg/services/DataTransmitService HTTP/1.1" 200 478
124.79.73.36 - - [10/May/2023:09:55:09 +0800] "POST /xingrg/services/DataTransmitService HTTP/1.1" 200 1319
124.79.73.36 - - [10/May/2023:09:55:09 +0800] "POST /xingrg/services/DataTransmitService HTTP/1.1" 200 524
124.79.73.36 - - [10/May/2023:09:55:10 +0800] "POST /xingrg/services/DataTransmitService HTTP/1.1" 200 2055
124.79.73.36 - - [10/May/2023:09:55:11 +0800] "POST /xingrg/services/DataTransmitService HTTP/1.1" 200 103556
222.67.238.82 - - [10/May/2023:09:55:13 +0800] "GET /xingrg/kc/buy/cgsh_order_operate.html?command=get_materiel&rest_code=00141&code=00101008357&supplier_code=00100007&order_time=2023-05-10 HTTP/1.1" 200 408
101.229.22.40 - - [10/May/2023:09:55:14 +0800] "GET /xingrg/kc/buy/cgsh_order_operate.html?command=get_materiel&rest_code=00142&code=00101008353&supplier_code=00100161&order_time=2023-05-10 HTTP/1.1" 200 408
172.20.0.100 - - [10/May/2023:09:55:20 +0800] "GET /xingrg/check_reg.html?_=1683683727300 HTTP/1.1" 200 22
222.67.238.82 - - [10/May/2023:09:55:21 +0800] "GET /xingrg/kc/buy/cgsh_order_operate.html?command=get_materiel&rest_code=00141&code=00101008069&supplier_code=00100007&order_time=2023-05-10 HTTP/1.1" 200 412
218.81.69.210 - - [10/May/2023:09:55:22 +0800] "GET /xingrg/all/function/internal_message.html?_=1683683726389&CODE_STATE=getMsg HTTP/1.1" 200 27
101.229.22.40 - - [10/May/2023:09:55:23 +0800] "GET /xingrg/check_reg.html?_=1683683721868 HTTP/1.1" 200 22
101.229.22.40 - - [10/May/2023:09:55:23 +0800] "GET /xingrg/all/function/internal_message.html?_=1683683721871&CODE_STATE=getMsg HTTP/1.1" 200 27
116.238.139.35 - - [10/May/2023:09:55:25 +0800] "GET /xingrg/all/function/internal_message.html?_=1683683656325&CODE_STATE=getMsg HTTP/1.1" 200 27
222.67.238.82 - - [10/May/2023:09:55:26 +0800] "GET /xingrg/all/function/internal_message.html?_=1683683246874&CODE_STATE=getMsg HTTP/1.1" 200 27
222.67.238.82 - - [10/May/2023:09:55:26 +0800] "GET /xingrg/check_reg.html?_=1683683246875 HTTP/1.1" 200 22
116.235.240.234 - - [10/May/2023:09:55:27 +0800] "GET /xingrg/kc/buy/cgsh_order_operate.html?command=get_materiel&rest_code=00146&code=00101006127&supplier_code=00100012&order_time=2023-05-10 HTTP/1.1" 200 423
114.83.221.46 - - [10/May/2023:09:55:27 +0800] "GET /xingrg/all/function/internal_message.html?_=1683683726117&CODE_STATE=getMsg HTTP/1.1" 200 27
222.67.238.82 - - [10/May/2023:09:55:28 +0800] "GET /xingrg/kc/buy/cgsh_order_operate.html?command=get_materiel&rest_code=00141&code=00101008131&supplier_code=00100007&order_time=2023-05-10 HTTP/1.1" 200 409
101.229.22.40 - - [10/May/2023:09:55:29 +0800] "GET /xingrg/kc/buy/cgsh_order_operate.html?command=get_materiel&rest_code=00142&code=00101008351&supplier_code=00100161&order_time=2023-05-10 HTTP/1.1" 200 408
116.227.208.255 - - [10/May/2023:09:55:30 +0800] "GET /xingrg/all/function/internal_message.html?_=1683683780929&CODE_STATE=getMsg HTTP/1.1" 200 27
124.79.73.36 - - [10/May/2023:09:55:35 +0800] "POST /xingrg/services/DataTransmitService HTTP/1.1" 200 45454
124.79.73.36 - - [10/May/2023:09:55:35 +0800] "POST /xingrg/services/DataTransmitService HTTP/1.1" 200 19237
114.85.113.108 - - [10/May/2023:09:55:37 +0800] "GET /xingrg/all/function/internal_message.html?_=1683683737088&CODE_STATE=getMsg HTTP/1.1" 200 27
101.229.22.40 - - [10/May/2023:09:55:43 +0800] "GET /xingrg/kc/buy/cgsh_order_operate.html?command=get_materiel&rest_code=00142&code=00101008264&supplier_code=00100161&order_time=2023-05-10 HTTP/1.1" 200 412
116.224.158.100 - - [10/May/2023:09:55:45 +0800] "GET /xingrg/all/function/internal_message.html?_=1683683581726&CODE_STATE=getMsg HTTP/1.1" 200 27
116.224.158.100 - - [10/May/2023:09:55:45 +0800] "GET /xingrg/check_reg.html?_=1683683581729 HTTP/1.1" 200 22
116.235.240.234 - - [10/May/2023:09:55:47 +0800] "GET /xingrg/kc/buy/cgsh_order_operate.html?command=get_materiel&rest_code=00146&code=00101006084&supplier_code=00100012&order_time=2023-05-10 HTTP/1.1" 200 413
124.79.73.36 - - [10/May/2023:09:55:48 +0800] "POST /xingrg/services/DataTransmitService HTTP/1.1" 200 524
222.67.238.82 - - [10/May/2023:09:55:51 +0800] "GET /xingrg/kc/buy/cgsh_order_operate.html?command=get_materiel&rest_code=00141&code=00101008005&supplier_code=00100007&order_time=2023-05-10 HTTP/1.1" 200 412
116.224.158.100 - - [10/May/2023:09:55:53 +0800] "GET /xingrg/all/function/internal_message.html?_=1683683752394&CODE_STATE=getMsg HTTP/1.1" 200 27
101.229.22.40 - - [10/May/2023:09:55:55 +0800] "GET /xingrg/kc/buy/cgsh_order_operate.html?command=get_materiel&rest_code=00142&code=00101008283&supplier_code=00100161&order_time=2023-05-10 HTTP/1.1" 200 408
180.164.3.199 - - [10/May/2023:09:55:59 +0800] "GET /xingrg/all/function/internal_message.html?_=1683683758329&CODE_STATE=getMsg HTTP/1.1" 200 27
222.67.238.82 - - [10/May/2023:09:56:06 +0800] "GET /xingrg/kc/buy/cgsh_order_operate.html?command=get_materiel&rest_code=00141&code=00101008353&supplier_code=00100007&order_time=2023-05-10 HTTP/1.1" 200 408
116.235.240.234 - - [10/May/2023:09:56:08 +0800] "GET /xingrg/kc/buy/cgsh_order_operate.html?command=get_materiel&rest_code=00146&code=00101006025&supplier_code=00100012&order_time=2023-05-10 HTTP/1.1" 200 417
101.229.22.40 - - [10/May/2023:09:56:10 +0800] "GET /xingrg/kc/buy/cgsh_order_operate.html?command=get_materiel&rest_code=00142&code=00101008298&supplier_code=00100161&order_time=2023-05-10 HTTP/1.1" 200 413
222.67.238.82 - - [10/May/2023:09:56:16 +0800] "GET /xingrg/kc/buy/cgsh_order_operate.html?command=get_materiel&rest_code=00141&code=00101008213&supplier_code=00100007&order_time=2023-05-10 HTTP/1.1" 200 412
116.235.240.234 - - [10/May/2023:09:56:21 +0800] "GET /xingrg/kc/buy/cgsh_order_operate.html?command=get_materiel&rest_code=00146&code=00101006111&supplier_code=00100012&order_time=2023-05-10 HTTP/1.1" 200 409
218.81.69.210 - - [10/May/2023:09:56:22 +0800] "GET /xingrg/check_reg.html?_=1683683786388 HTTP/1.1" 200 22
218.81.69.210 - - [10/May/2023:09:56:22 +0800] "GET /xingrg/all/function/internal_message.html?_=1683683786387&CODE_STATE=getMsg HTTP/1.1" 200 27
101.229.22.40 - - [10/May/2023:09:56:22 +0800] "GET /xingrg/kc/buy/cgsh_order_operate.html?command=get_materiel&rest_code=00142&code=00101008300&supplier_code=00100161&order_time=2023-05-10 HTTP/1.1" 200 412
101.229.22.40 - - [10/May/2023:09:56:23 +0800] "GET /xingrg/all/function/internal_message.html?_=1683683781861&CODE_STATE=getMsg HTTP/1.1" 200 27
116.238.139.35 - - [10/May/2023:09:56:25 +0800] "GET /xingrg/all/function/internal_message.html?_=1683683716340&CODE_STATE=getMsg HTTP/1.1" 200 27
222.67.238.82 - - [10/May/2023:09:56:25 +0800] "GET /xingrg/kc/buy/cgsh_order_operate.html?command=get_materiel&rest_code=00141&code=00101008144&supplier_code=00100007&order_time=2023-05-10 HTTP/1.1" 200 412
222.67.238.82 - - [10/May/2023:09:56:26 +0800] "GET /xingrg/all/function/internal_message.html?_=1683683306887&CODE_STATE=getMsg HTTP/1.1" 200 27
114.83.221.46 - - [10/May/2023:09:56:27 +0800] "GET /xingrg/all/function/internal_message.html?_=1683683786087&CODE_STATE=getMsg HTTP/1.1" 200 27
114.85.99.208 - - [10/May/2023:09:56:29 +0800] "POST /xingrg/services/DataTransmitService HTTP/1.1" 200 524
124.79.73.36 - - [10/May/2023:09:56:29 +0800] "POST /xingrg/services/DataTransmitService HTTP/1.1" 200 501
116.227.208.255 - - [10/May/2023:09:56:30 +0800] "GET /xingrg/all/function/internal_message.html?_=1683683840921&CODE_STATE=getMsg HTTP/1.1" 200 27
114.85.99.208 - - [10/May/2023:09:56:30 +0800] "POST /xingrg/services/DataTransmitService HTTP/1.1" 200 2399
116.235.240.234 - - [10/May/2023:09:56:34 +0800] "POST /xingrg/kc/buy/cgsh_order_operate.html HTTP/1.1" 200 37
124.79.73.36 - - [10/May/2023:09:56:34 +0800] "POST /xingrg/services/DataTransmitService HTTP/1.1" 200 524
124.79.73.36 - - [10/May/2023:09:56:35 +0800] "POST /xingrg/services/DataTransmitService HTTP/1.1" 200 2055
124.79.73.36 - - [10/May/2023:09:56:35 +0800] "POST /xingrg/services/DataTransmitService HTTP/1.1" 200 524
222.67.238.82 - - [10/May/2023:09:56:35 +0800] "GET /xingrg/kc/buy/cgsh_order_operate.html?command=get_materiel&rest_code=00141&code=00101008331&supplier_code=00100007&order_time=2023-05-10 HTTP/1.1" 200 416
116.235.240.234 - - [10/May/2023:09:56:37 +0800] "POST /xingrg/kc/buy/cgsh_order_operate.html HTTP/1.1" 200 4448
114.85.113.108 - - [10/May/2023:09:56:37 +0800] "GET /xingrg/all/function/internal_message.html?_=1683683797087&CODE_STATE=getMsg HTTP/1.1" 200 27
114.85.113.108 - - [10/May/2023:09:56:37 +0800] "GET /xingrg/check_reg.html?_=1683683797088 HTTP/1.1" 200 22
101.229.22.40 - - [10/May/2023:09:56:40 +0800] "GET /xingrg/kc/buy/cgsh_order_operate.html?command=get_materiel&rest_code=00142&code=00101015070&supplier_code=00100161&order_time=2023-05-10 HTTP/1.1" 200 413
116.235.240.234 - - [10/May/2023:09:56:40 +0800] "GET /xingrg/kc/print/load_data.html?order_code=212023051003373&kc_code=cgsh&condition= HTTP/1.1" 200 1470
218.81.69.210 - - [10/May/2023:09:56:41 +0800] "GET /xingrg/check_reg.html?_=1683683803503 HTTP/1.1" 200 22
116.224.158.100 - - [10/May/2023:09:56:45 +0800] "GET /xingrg/all/function/internal_message.html?_=1683683641714&CODE_STATE=getMsg HTTP/1.1" 200 27
222.67.238.82 - - [10/May/2023:09:56:46 +0800] "GET /xingrg/kc/buy/cgsh_order_operate.html?command=get_materiel&rest_code=00141&code=00101008119&supplier_code=00100007&order_time=2023-05-10 HTTP/1.1" 200 412
116.235.240.234 - - [10/May/2023:09:56:51 +0800] "GET /xingrg/kc/buy/cgsh_order_add.html HTTP/1.1" 200 71177
116.235.240.234 - - [10/May/2023:09:56:53 +0800] "POST /xingrg/kc/buy/cgsh_order_operate.html HTTP/1.1" 200 8245
116.235.240.234 - - [10/May/2023:09:56:53 +0800] "GET /xingrg/javascript/easyui/themes/default/validatebox.css HTTP/1.1" 404 1104
116.224.158.100 - - [10/May/2023:09:56:53 +0800] "GET /xingrg/all/function/internal_message.html?_=1683683812360&CODE_STATE=getMsg HTTP/1.1" 200 27
222.67.238.82 - - [10/May/2023:09:56:57 +0800] "GET /xingrg/kc/buy/cgsh_order_operate.html?command=get_materiel&rest_code=00141&code=00101008095&supplier_code=00100007&order_time=2023-05-10 HTTP/1.1" 200 412
124.79.73.36 - - [10/May/2023:09:56:58 +0800] "POST /xingrg/services/DataTransmitService HTTP/1.1" 200 501
101.229.22.40 - - [10/May/2023:09:56:58 +0800] "GET /xingrg/kc/buy/cgsh_order_operate.html?command=get_materiel&rest_code=00142&code=00101008459&supplier_code=00100161&order_time=2023-05-10 HTTP/1.1" 200 409
180.164.3.199 - - [10/May/2023:09:56:59 +0800] "GET /xingrg/all/function/internal_message.html?_=1683683818327&CODE_STATE=getMsg HTTP/1.1" 200 27
101.229.22.40 - - [10/May/2023:09:57:03 +0800] "POST /xingrg/kc/buy/cgsh_order_operate.html HTTP/1.1" 200 2065
116.235.240.234 - - [10/May/2023:09:57:09 +0800] "GET /xingrg/kc/buy/cgsh_order_operate.html?command=get_materiel&rest_code=00146&code=00101002027&supplier_code=00100199&order_time=2023-05-10 HTTP/1.1" 200 413
222.67.238.82 - - [10/May/2023:09:57:09 +0800] "GET /xingrg/kc/buy/cgsh_order_operate.html?command=get_materiel&rest_code=00141&code=00101008356&supplier_code=00100007&order_time=2023-05-10 HTTP/1.1" 200 408
101.229.22.40 - - [10/May/2023:09:57:11 +0800] "GET /xingrg/kc/buy/cgsh_order_operate.html?command=get_materiel&rest_code=00142&code=00101012029&supplier_code=00100161&order_time=2023-05-10 HTTP/1.1" 200 412
222.67.238.82 - - [10/May/2023:09:57:17 +0800] "GET /xingrg/kc/buy/cgsh_order_operate.html?command=get_materiel&rest_code=00141&code=00101008137&supplier_code=00100007&order_time=2023-05-10 HTTP/1.1" 200 408
116.238.139.35 - - [10/May/2023:09:57:19 +0800] "POST /xingrg/all/user/operate.html HTTP/1.1" 200 36
116.238.139.35 - - [10/May/2023:09:57:19 +0800] "GET /xingrg/index.html?sysBaseUrl=http%3A%2F%2F180.169.147.146%3A18081%2Fxingrg%2F&costTime=1723×tamp=1683677948745 HTTP/1.1" 200 17179
116.238.139.35 - - [10/May/2023:09:57:19 +0800] "GET /xingrg/javascript/jquery_easy_ui/themes/default/easyui.css HTTP/1.1" 304 -
116.238.139.35 - - [10/May/2023:09:57:19 +0800] "GET /xingrg/javascript/jquery_easy_ui/themes/icon.css HTTP/1.1" 304 -
116.238.139.35 - - [10/May/2023:09:57:19 +0800] "GET /xingrg/css/form.css HTTP/1.1" 304 -
116.238.139.35 - - [10/May/2023:09:57:19 +0800] "GET /xingrg/javascript/jquery-1.4.2.min.js HTTP/1.1" 304 -
116.238.139.35 - - [10/May/2023:09:57:19 +0800] "GET /xingrg/javascript/jquery_easy_ui/jquery.easyui.min.js HTTP/1.1" 304 -
116.238.139.35 - - [10/May/2023:09:57:19 +0800] "GET /xingrg/javascript/jquery_easy_ui/easyui-lang-zh_CN.js HTTP/1.1" 304 -
116.238.139.35 - - [10/May/2023:09:57:19 +0800] "GET /xingrg/javascript/jquery.form.js HTTP/1.1" 304 -
116.238.139.35 - - [10/May/2023:09:57:19 +0800] "GET /xingrg/javascript/jquery.utils.js HTTP/1.1" 304 -
116.238.139.35 - - [10/May/2023:09:57:19 +0800] "GET /xingrg/javascript/jquery.timers.js HTTP/1.1" 304 -
116.238.139.35 - - [10/May/2023:09:57:19 +0800] "GET /xingrg/images/blue/navBackgound.jpg HTTP/1.1" 304 -
116.238.139.35 - - [10/May/2023:09:57:19 +0800] "GET /xingrg/images/blue/jxLogo.png HTTP/1.1" 304 -
116.238.139.35 - - [10/May/2023:09:57:19 +0800] "GET /xingrg/javascript/jquery_easy_ui/themes/icons/settle_new.png HTTP/1.1" 304 -
116.238.139.35 - - [10/May/2023:09:57:19 +0800] "GET /xingrg/images/blue/pingpu.png HTTP/1.1" 304 -
116.238.139.35 - - [10/May/2023:09:57:19 +0800] "GET /xingrg/javascript/jquery_easy_ui/themes/default/images/tabs_leftarrow.png HTTP/1.1" 304 -
116.238.139.35 - - [10/May/2023:09:57:19 +0800] "GET /xingrg/javascript/jquery_easy_ui/themes/default/images/tabs_rightarrow.png HTTP/1.1" 304 -
116.238.139.35 - - [10/May/2023:09:57:19 +0800] "GET /xingrg/javascript/jquery_easy_ui/themes/default/images/panel_tool_collapse.gif HTTP/1.1" 304 -
116.238.139.35 - - [10/May/2023:09:57:19 +0800] "GET /xingrg/all/function/internal_message.html?_=1683683770748&CODE_STATE=count HTTP/1.1" 200 11
116.238.139.35 - - [10/May/2023:09:57:19 +0800] "GET /xingrg/check_reg.html?_=1683683770749 HTTP/1.1" 200 22
116.238.139.35 - - [10/May/2023:09:57:19 +0800] "POST /xingrg/all/common/load_tree.html?tree=area_rest_tree_json&manage=1 HTTP/1.1" 200 476
116.238.139.35 - - [10/May/2023:09:57:20 +0800] "POST /xingrg/load_menu.html HTTP/1.1" 200 5138
101.229.22.40 - - [10/May/2023:09:57:20 +0800] "GET /xingrg/kc/buy/cgsh_order_operate.html?command=get_materiel&rest_code=00142&code=00101012024&supplier_code=00100161&order_time=2023-05-10 HTTP/1.1" 200 408
218.81.69.210 - - [10/May/2023:09:57:22 +0800] "GET /xingrg/all/function/internal_message.html?_=1683683846385&CODE_STATE=getMsg HTTP/1.1" 200 27
101.229.22.40 - - [10/May/2023:09:57:23 +0800] "GET /xingrg/all/function/internal_message.html?_=1683683841934&CODE_STATE=getMsg HTTP/1.1" 200 27
116.238.139.35 - - [10/May/2023:09:57:23 +0800] "GET /xingrg/kc/base/yddb_order_list.html HTTP/1.1" 200 16710
116.238.139.35 - - [10/May/2023:09:57:24 +0800] "POST /xingrg/kc/base/yddb_list_operate.html HTTP/1.1" 200 1346
222.67.238.82 - - [10/May/2023:09:57:25 +0800] "GET /xingrg/kc/buy/cgsh_order_operate.html?command=get_materiel&rest_code=00141&code=00101008077&supplier_code=00100007&order_time=2023-05-10 HTTP/1.1" 200 416
222.67.238.82 - - [10/May/2023:09:57:26 +0800] "GET /xingrg/all/function/internal_message.html?_=1683683366878&CODE_STATE=getMsg HTTP/1.1" 200 27
114.83.221.46 - - [10/May/2023:09:57:27 +0800] "GET /xingrg/all/function/internal_message.html?_=1683683846084&CODE_STATE=getMsg HTTP/1.1" 200 27
116.238.139.35 - - [10/May/2023:09:57:28 +0800] "POST /xingrg/kc/base/yddb_list_operate.html HTTP/1.1" 200 1341
101.229.22.40 - - [10/May/2023:09:57:30 +0800] "GET /xingrg/kc/buy/cgsh_order_operate.html?command=get_materiel&rest_code=00142&code=00101012059&supplier_code=00100161&order_time=2023-05-10 HTTP/1.1" 200 412
116.227.208.255 - - [10/May/2023:09:57:30 +0800] "GET /xingrg/all/function/internal_message.html?_=1683683900910&CODE_STATE=getMsg HTTP/1.1" 200 27
222.67.238.82 - - [10/May/2023:09:57:33 +0800] "GET /xingrg/kc/buy/cgsh_order_operate.html?command=get_materiel&rest_code=00141&code=00101008558&supplier_code=00100007&order_time=2023-05-10 HTTP/1.1" 200 409
222.67.238.82 - - [10/May/2023:09:57:36 +0800] "POST /xingrg/kc/buy/cgsh_order_operate.html HTTP/1.1" 200 2065
124.79.73.36 - - [10/May/2023:09:57:36 +0800] "POST /xingrg/services/DataTransmitService HTTP/1.1" 200 524
114.85.113.108 - - [10/May/2023:09:57:37 +0800] "GET /xingrg/all/function/internal_message.html?_=1683683857087&CODE_STATE=getMsg HTTP/1.1" 200 27
58.40.7.146 - - [10/May/2023:09:57:38 +0800] "GET /xingrg/check_reg.html?_=1683683858667 HTTP/1.1" 302 -
116.235.240.234 - - [10/May/2023:09:57:38 +0800] "GET /xingrg/kc/buy/cgsh_order_operate.html?command=get_materiel&rest_code=00146&code=00101002007&supplier_code=00100199&order_time=2023-05-10 HTTP/1.1" 200 409
101.229.22.40 - - [10/May/2023:09:57:41 +0800] "GET /xingrg/kc/buy/cgsh_order_operate.html?command=get_materiel&rest_code=00142&code=00101016053&supplier_code=00100161&order_time=2023-05-10 HTTP/1.1" 200 408
222.67.238.82 - - [10/May/2023:09:57:42 +0800] "GET /xingrg/kc/buy/cgsh_order_operate.html?command=get_materiel&rest_code=00141&code=00101008150&supplier_code=00100007&order_time=2023-05-10 HTTP/1.1" 200 409
116.224.158.100 - - [10/May/2023:09:57:45 +0800] "GET /xingrg/all/function/internal_message.html?_=1683683701724&CODE_STATE=getMsg HTTP/1.1" 200 27
222.67.238.82 - - [10/May/2023:09:57:51 +0800] "GET /xingrg/kc/buy/cgsh_order_operate.html?command=get_materiel&rest_code=00141&code=00101008706&supplier_code=00100007&order_time=2023-05-10 HTTP/1.1" 200 413
116.224.158.100 - - [10/May/2023:09:57:53 +0800] "GET /xingrg/all/function/internal_message.html?_=1683683872331&CODE_STATE=getMsg HTTP/1.1" 200 27
116.224.158.100 - - [10/May/2023:09:57:54 +0800] "GET /xingrg/check_reg.html?_=1683683873160 HTTP/1.1" 200 22
101.229.22.40 - - [10/May/2023:09:57:59 +0800] "POST /xingrg/kc/buy/cgsh_order_operate.html HTTP/1.1" 200 37
180.164.3.199 - - [10/May/2023:09:57:59 +0800] "GET /xingrg/all/function/internal_message.html?_=1683683878329&CODE_STATE=getMsg HTTP/1.1" 200 27
101.229.22.40 - - [10/May/2023:09:58:01 +0800] "POST /xingrg/kc/buy/cgsh_order_operate.html HTTP/1.1" 200 15619
222.67.238.82 - - [10/May/2023:09:58:02 +0800] "GET /xingrg/kc/buy/cgsh_order_operate.html?command=get_materiel&rest_code=00141&code=00101008229&supplier_code=00100007&order_time=2023-05-10 HTTP/1.1" 200 420
124.79.73.36 - - [10/May/2023:09:58:02 +0800] "POST /xingrg/services/DataTransmitService HTTP/1.1" 200 501
124.79.73.36 - - [10/May/2023:09:58:07 +0800] "POST /xingrg/services/DataTransmitService HTTP/1.1" 200 501
101.229.22.40 - - [10/May/2023:09:58:08 +0800] "POST /xingrg/kc/buy/cgsh_order_operate.html HTTP/1.1" 200 37
101.229.22.40 - - [10/May/2023:09:58:11 +0800] "POST /xingrg/kc/buy/cgsh_order_operate.html HTTP/1.1" 200 15619
116.238.139.35 - - [10/May/2023:09:58:19 +0800] "GET /xingrg/all/function/internal_message.html?_=1683683830750&CODE_STATE=getMsg HTTP/1.1" 200 27
101.229.22.40 - - [10/May/2023:09:58:20 +0800] "POST /xingrg/kc/buy/cgsh_order_operate.html HTTP/1.1" 200 37
218.81.69.210 - - [10/May/2023:09:58:22 +0800] "GET /xingrg/all/function/internal_message.html?_=1683683906410&CODE_STATE=getMsg HTTP/1.1" 200 27
101.229.22.40 - - [10/May/2023:09:58:23 +0800] "GET /xingrg/all/function/internal_message.html?_=1683683901912&CODE_STATE=getMsg HTTP/1.1" 200 27
101.229.22.40 - - [10/May/2023:09:58:24 +0800] "POST /xingrg/kc/buy/cgsh_order_operate.html HTTP/1.1" 200 15619
222.67.238.82 - - [10/May/2023:09:58:26 +0800] "GET /xingrg/all/function/internal_message.html?_=1683683426920&CODE_STATE=getMsg HTTP/1.1" 200 27
222.67.238.82 - - [10/May/2023:09:58:27 +0800] "GET /xingrg/kc/buy/cgsh_order_operate.html?command=get_materiel&rest_code=00141&code=00101008041&supplier_code=00100007&order_time=2023-05-10 HTTP/1.1" 200 408
114.83.221.46 - - [10/May/2023:09:58:27 +0800] "GET /xingrg/all/function/internal_message.html?_=1683683906055&CODE_STATE=getMsg HTTP/1.1" 200 27
114.83.221.46 - - [10/May/2023:09:58:28 +0800] "GET /xingrg/check_reg.html?_=1683683906689 HTTP/1.1" 200 22
116.227.208.255 - - [10/May/2023:09:58:30 +0800] "GET /xingrg/check_reg.html?_=1683683960936 HTTP/1.1" 200 22
116.227.208.255 - - [10/May/2023:09:58:30 +0800] "GET /xingrg/all/function/internal_message.html?_=1683683960931&CODE_STATE=getMsg HTTP/1.1" 200 27
222.67.238.82 - - [10/May/2023:09:58:30 +0800] "POST /xingrg/kc/buy/cgsh_order_operate.html HTTP/1.1" 200 2065
101.229.22.40 - - [10/May/2023:09:58:32 +0800] "POST /xingrg/kc/buy/cgsh_order_operate.html HTTP/1.1" 200 37
101.229.22.40 - - [10/May/2023:09:58:35 +0800] "POST /xingrg/kc/buy/cgsh_order_operate.html HTTP/1.1" 200 15619
116.235.240.234 - - [10/May/2023:09:58:36 +0800] "GET /xingrg/kc/buy/cgsh_order_operate.html?command=get_materiel&rest_code=00146&code=00101001052&supplier_code=00100199&order_time=2023-05-10 HTTP/1.1" 200 411
114.85.113.108 - - [10/May/2023:09:58:37 +0800] "GET /xingrg/all/function/internal_message.html?_=1683683917086&CODE_STATE=getMsg HTTP/1.1" 200 27
222.67.238.82 - - [10/May/2023:09:58:39 +0800] "GET /xingrg/kc/buy/cgsh_order_operate.html?command=get_materiel&rest_code=00141&code=00101008286&supplier_code=00100007&order_time=2023-05-10 HTTP/1.1" 200 408
116.224.158.100 - - [10/May/2023:09:58:45 +0800] "GET /xingrg/all/function/internal_message.html?_=1683683761717&CODE_STATE=getMsg HTTP/1.1" 200 27
101.229.22.40 - - [10/May/2023:09:58:47 +0800] "POST /xingrg/kc/buy/cgsh_list_operate.html HTTP/1.1" 200 2301
116.224.158.100 - - [10/May/2023:09:58:53 +0800] "GET /xingrg/all/function/internal_message.html?_=1683683932306&CODE_STATE=getMsg HTTP/1.1" 200 27
116.235.240.234 - - [10/May/2023:09:58:54 +0800] "GET /xingrg/check_reg.html?_=1683683944452 HTTP/1.1" 200 22
180.164.3.199 - - [10/May/2023:09:58:59 +0800] "GET /xingrg/check_reg.html?_=1683683938325 HTTP/1.1" 200 22
180.164.3.199 - - [10/May/2023:09:58:59 +0800] "GET /xingrg/all/function/internal_message.html?_=1683683938328&CODE_STATE=getMsg HTTP/1.1" 200 27
116.238.139.35 - - [10/May/2023:09:59:06 +0800] "GET /xingrg/kc/mdqp/pssh_order_list.html HTTP/1.1" 200 17886
116.238.139.35 - - [10/May/2023:09:59:06 +0800] "POST /xingrg/kc/mdqp/pssh_list_operate.html HTTP/1.1" 200 5469
116.238.139.35 - - [10/May/2023:09:59:09 +0800] "POST /xingrg/kc/mdqp/pssh_list_operate.html HTTP/1.1" 200 252
101.229.22.40 - - [10/May/2023:09:59:11 +0800] "GET /xingrg/kc/buy/cgsh_order_add.html HTTP/1.1" 200 70296
101.229.22.40 - - [10/May/2023:09:59:11 +0800] "POST /xingrg/kc/buy/cgsh_order_operate.html HTTP/1.1" 200 8245
101.229.22.40 - - [10/May/2023:09:59:12 +0800] "GET /xingrg/javascript/easyui/themes/default/validatebox.css HTTP/1.1" 404 1104
116.235.240.234 - - [10/May/2023:09:59:12 +0800] "POST /xingrg/kc/buy/cgsh_order_operate.html HTTP/1.1" 200 37
116.238.139.35 - - [10/May/2023:09:59:12 +0800] "POST /xingrg/kc/mdqp/pssh_list_operate.html HTTP/1.1" 200 368
116.238.139.35 - - [10/May/2023:09:59:14 +0800] "GET /xingrg/kc/mdqp/pssh_order_info.html?code=312023051000201 HTTP/1.1" 200 17314
116.238.139.35 - - [10/May/2023:09:59:14 +0800] "GET /xingrg/javascript/jquery_tools/jquery-1.4.2.min.js HTTP/1.1" 404 1094
116.238.139.35 - - [10/May/2023:09:59:15 +0800] "GET /xingrg/javascript/easyui/themes/default/validatebox.css HTTP/1.1" 404 1104
116.238.139.35 - - [10/May/2023:09:59:15 +0800] "POST /xingrg/kc/mdqp/pssh_order_operate.html HTTP/1.1" 200 1059
116.238.139.35 - - [10/May/2023:09:59:19 +0800] "GET /xingrg/all/function/internal_message.html?_=1683683890763&CODE_STATE=getMsg HTTP/1.1" 200 27
116.238.139.35 - - [10/May/2023:09:59:20 +0800] "POST /xingrg/kc/mdqp/pssh_order_operate.html HTTP/1.1" 200 37
116.238.139.35 - - [10/May/2023:09:59:20 +0800] "POST /xingrg/kc/mdqp/pssh_order_operate.html HTTP/1.1" 200 104
218.81.69.210 - - [10/May/2023:09:59:22 +0800] "GET /xingrg/all/function/internal_message.html?_=1683683966395&CODE_STATE=getMsg HTTP/1.1" 200 27
101.229.22.40 - - [10/May/2023:09:59:23 +0800] "GET /xingrg/all/function/internal_message.html?_=1683683961897&CODE_STATE=getMsg HTTP/1.1" 200 27
116.235.240.234 - - [10/May/2023:09:59:25 +0800] "POST /xingrg/kc/buy/cgsh_order_operate.html HTTP/1.1" 200 3844
222.67.238.82 - - [10/May/2023:09:59:26 +0800] "GET /xingrg/kc/buy/cgsh_order_operate.html?command=get_materiel&rest_code=00141&code=00101008036&supplier_code=00100007&order_time=2023-05-10 HTTP/1.1" 200 408
222.67.238.82 - - [10/May/2023:09:59:26 +0800] "GET /xingrg/all/function/internal_message.html?_=1683683486877&CODE_STATE=getMsg HTTP/1.1" 200 27
114.83.221.46 - - [10/May/2023:09:59:27 +0800] "GET /xingrg/all/function/internal_message.html?_=1683683966034&CODE_STATE=getMsg HTTP/1.1" 200 27
101.229.22.40 - - [10/May/2023:09:59:30 +0800] "GET /xingrg/kc/buy/cgsh_order_operate.html?command=get_materiel&rest_code=00142&code=00101011001&supplier_code=00100311&order_time=2023-05-10 HTTP/1.1" 200 423
116.235.240.234 - - [10/May/2023:09:59:30 +0800] "GET /xingrg/kc/print/load_data.html?order_code=212023051003375&kc_code=cgsh&condition= HTTP/1.1" 200 1127
116.227.208.255 - - [10/May/2023:09:59:30 +0800] "GET /xingrg/all/function/internal_message.html?_=1683684020922&CODE_STATE=getMsg HTTP/1.1" 200 27
116.224.158.100 - - [10/May/2023:09:59:35 +0800] "POST /xingrg/services/DataTransmitService HTTP/1.1" 200 524
124.79.73.36 - - [10/May/2023:09:59:35 +0800] "POST /xingrg/services/DataTransmitService HTTP/1.1" 200 501
222.67.238.82 - - [10/May/2023:09:59:36 +0800] "GET /xingrg/kc/buy/cgsh_order_operate.html?command=get_materiel&rest_code=00141&code=00101008098&supplier_code=00100007&order_time=2023-05-10 HTTP/1.1" 200 412
114.85.113.108 - - [10/May/2023:09:59:37 +0800] "GET /xingrg/all/function/internal_message.html?_=1683683977093&CODE_STATE=getMsg HTTP/1.1" 200 27
116.224.158.100 - - [10/May/2023:09:59:45 +0800] "GET /xingrg/all/function/internal_message.html?_=1683683821717&CODE_STATE=getMsg HTTP/1.1" 200 27
222.67.238.82 - - [10/May/2023:09:59:46 +0800] "GET /xingrg/kc/buy/cgsh_order_operate.html?command=get_materiel&rest_code=00141&code=00101009030&supplier_code=00100007&order_time=2023-05-10 HTTP/1.1" 200 412
101.229.22.40 - - [10/May/2023:09:59:46 +0800] "GET /xingrg/kc/buy/cgsh_order_operate.html?command=get_materiel&rest_code=00142&code=00101011005&supplier_code=00100311&order_time=2023-05-10 HTTP/1.1" 200 428
116.224.158.100 - - [10/May/2023:09:59:53 +0800] "GET /xingrg/all/function/internal_message.html?_=1683683992278&CODE_STATE=getMsg HTTP/1.1" 200 27
101.229.22.40 - - [10/May/2023:09:59:57 +0800] "GET /xingrg/kc/buy/cgsh_order_operate.html?command=get_materiel&rest_code=00142&code=00101016011&supplier_code=00100311&order_time=2023-05-10 HTTP/1.1" 200 408
180.164.3.199 - - [10/May/2023:09:59:59 +0800] "GET /xingrg/all/function/internal_message.html?_=1683683998315&CODE_STATE=getMsg HTTP/1.1" 200 27
222.67.238.82 - - [10/May/2023:10:00:09 +0800] "GET /xingrg/kc/buy/cgsh_order_operate.html?command=get_materiel&rest_code=00141&code=00101008132&supplier_code=00100007&order_time=2023-05-10 HTTP/1.1" 200 408
116.238.139.35 - - [10/May/2023:10:00:19 +0800] "GET /xingrg/all/function/internal_message.html?_=1683683950783&CODE_STATE=getMsg HTTP/1.1" 200 27
172.20.0.100 - - [10/May/2023:10:00:20 +0800] "GET /xingrg/check_reg.html?_=1683684027276 HTTP/1.1" 200 22
218.81.69.210 - - [10/May/2023:10:00:22 +0800] "GET /xingrg/all/function/internal_message.html?_=1683684026394&CODE_STATE=getMsg HTTP/1.1" 200 27
222.67.238.82 - - [10/May/2023:10:00:22 +0800] "GET /xingrg/kc/buy/cgsh_order_operate.html?command=get_materiel&rest_code=00141&code=00101008323&supplier_code=00100007&order_time=2023-05-10 HTTP/1.1" 200 408
101.229.22.40 - - [10/May/2023:10:00:23 +0800] "GET /xingrg/check_reg.html?_=1683684021878 HTTP/1.1" 200 22
101.229.22.40 - - [10/May/2023:10:00:23 +0800] "GET /xingrg/all/function/internal_message.html?_=1683684021880&CODE_STATE=getMsg HTTP/1.1" 200 27
114.85.99.208 - - [10/May/2023:10:00:26 +0800] "GET /favicon.ico HTTP/1.1" 404 -
222.67.238.82 - - [10/May/2023:10:00:26 +0800] "GET /xingrg/check_reg.html?_=1683683546943 HTTP/1.1" 200 22
222.67.238.82 - - [10/May/2023:10:00:26 +0800] "GET /xingrg/all/function/internal_message.html?_=1683683546944&CODE_STATE=getMsg HTTP/1.1" 200 27
114.83.221.46 - - [10/May/2023:10:00:27 +0800] "GET /xingrg/all/function/internal_message.html?_=1683684026007&CODE_STATE=getMsg HTTP/1.1" 200 27
116.227.208.255 - - [10/May/2023:10:00:30 +0800] "GET /xingrg/all/function/internal_message.html?_=1683684080914&CODE_STATE=getMsg HTTP/1.1" 200 27
114.85.113.108 - - [10/May/2023:10:00:37 +0800] "GET /xingrg/all/function/internal_message.html?_=1683684037092&CODE_STATE=getMsg HTTP/1.1" 200 27
114.85.99.208 - - [10/May/2023:10:00:39 +0800] "GET /favicon.ico HTTP/1.1" 404 -
124.79.73.36 - - [10/May/2023:10:00:41 +0800] "POST /xingrg/services/DataTransmitService HTTP/1.1" 200 501
116.224.158.100 - - [10/May/2023:10:00:45 +0800] "GET /xingrg/all/function/internal_message.html?_=1683683881718&CODE_STATE=getMsg HTTP/1.1" 200 27
116.224.158.100 - - [10/May/2023:10:00:45 +0800] "GET /xingrg/check_reg.html?_=1683683881721 HTTP/1.1" 200 22
124.79.73.36 - - [10/May/2023:10:00:46 +0800] "POST /xingrg/services/DataTransmitService HTTP/1.1" 200 501
124.79.73.36 - - [10/May/2023:10:00:47 +0800] "POST /xingrg/services/DataTransmitService HTTP/1.1" 200 501
124.79.73.36 - - [10/May/2023:10:00:50 +0800] "POST /xingrg/services/DataTransmitService HTTP/1.1" 200 501
101.229.22.40 - - [10/May/2023:10:00:51 +0800] "POST /xingrg/kc/buy/cgsh_order_operate.html HTTP/1.1" 200 37
116.224.158.100 - - [10/May/2023:10:00:53 +0800] "GET /xingrg/all/function/internal_message.html?_=1683684052250&CODE_STATE=getMsg HTTP/1.1" 200 27
101.229.22.40 - - [10/May/2023:10:00:53 +0800] "POST /xingrg/kc/buy/cgsh_order_operate.html HTTP/1.1" 200 3844
124.79.73.36 - - [10/May/2023:10:00:53 +0800] "POST /xingrg/services/DataTransmitService HTTP/1.1" 200 501
124.79.73.36 - - [10/May/2023:10:00:57 +0800] "POST /xingrg/services/DataTransmitService HTTP/1.1" 200 501
124.79.73.36 - - [10/May/2023:10:00:58 +0800] "POST /xingrg/services/DataTransmitService HTTP/1.1" 200 412
180.164.3.199 - - [10/May/2023:10:00:59 +0800] "GET /xingrg/all/function/internal_message.html?_=1683684058323&CODE_STATE=getMsg HTTP/1.1" 200 27
101.229.22.40 - - [10/May/2023:10:00:59 +0800] "POST /xingrg/kc/buy/cgsh_order_operate.html HTTP/1.1" 200 37
101.229.22.40 - - [10/May/2023:10:01:01 +0800] "POST /xingrg/kc/buy/cgsh_order_operate.html HTTP/1.1" 200 3844
101.229.22.40 - - [10/May/2023:10:01:07 +0800] "POST /xingrg/kc/buy/cgsh_order_operate.html HTTP/1.1" 200 37
101.229.22.40 - - [10/May/2023:10:01:09 +0800] "POST /xingrg/kc/buy/cgsh_order_operate.html HTTP/1.1" 200 3844
116.238.139.35 - - [10/May/2023:10:01:19 +0800] "GET /xingrg/all/function/internal_message.html?_=1683684010791&CODE_STATE=getMsg HTTP/1.1" 200 27
218.81.69.210 - - [10/May/2023:10:01:22 +0800] "GET /xingrg/check_reg.html?_=1683684086420 HTTP/1.1" 200 22
218.81.69.210 - - [10/May/2023:10:01:22 +0800] "GET /xingrg/all/function/internal_message.html?_=1683684086421&CODE_STATE=getMsg HTTP/1.1" 200 27
101.229.22.40 - - [10/May/2023:10:01:23 +0800] "GET /xingrg/all/function/internal_message.html?_=1683684081875&CODE_STATE=getMsg HTTP/1.1" 200 27
222.67.238.82 - - [10/May/2023:10:01:26 +0800] "GET /xingrg/all/function/internal_message.html?_=1683683606916&CODE_STATE=getMsg HTTP/1.1" 200 27
114.83.221.46 - - [10/May/2023:10:01:27 +0800] "GET /xingrg/all/function/internal_message.html?_=1683684085995&CODE_STATE=getMsg HTTP/1.1" 200 27
114.83.221.46 - - [10/May/2023:10:01:29 +0800] "GET /xingrg/kc/buy/cgsh_order_add.html HTTP/1.1" 200 71265
114.83.221.46 - - [10/May/2023:10:01:29 +0800] "POST /xingrg/kc/buy/cgsh_order_operate.html HTTP/1.1" 200 8245
114.83.221.46 - - [10/May/2023:10:01:30 +0800] "GET /xingrg/javascript/easyui/themes/default/validatebox.css HTTP/1.1" 404 1104
116.227.208.255 - - [10/May/2023:10:01:30 +0800] "GET /xingrg/all/function/internal_message.html?_=1683684140926&CODE_STATE=getMsg HTTP/1.1" 200 27
114.85.113.108 - - [10/May/2023:10:01:37 +0800] "GET /xingrg/all/function/internal_message.html?_=1683684097095&CODE_STATE=getMsg HTTP/1.1" 200 27
114.85.113.108 - - [10/May/2023:10:01:37 +0800] "GET /xingrg/check_reg.html?_=1683684097097 HTTP/1.1" 200 22
101.229.22.40 - - [10/May/2023:10:01:39 +0800] "POST /xingrg/kc/buy/cgsh_list_operate.html HTTP/1.1" 200 2743
218.81.69.210 - - [10/May/2023:10:01:41 +0800] "GET /xingrg/check_reg.html?_=1683684103517 HTTP/1.1" 200 22
116.224.158.100 - - [10/May/2023:10:01:45 +0800] "GET /xingrg/all/function/internal_message.html?_=1683683941728&CODE_STATE=getMsg HTTP/1.1" 200 27
114.83.221.46 - - [10/May/2023:10:01:52 +0800] "GET /xingrg/kc/buy/cgsh_order_operate.html?command=get_materiel&rest_code=00149&code=00101009109&supplier_code=00100201&order_time=2023-05-10 HTTP/1.1" 200 415
116.224.158.100 - - [10/May/2023:10:01:53 +0800] "GET /xingrg/all/function/internal_message.html?_=1683684112231&CODE_STATE=getMsg HTTP/1.1" 200 27
180.164.3.199 - - [10/May/2023:10:01:59 +0800] "GET /xingrg/all/function/internal_message.html?_=1683684118333&CODE_STATE=getMsg HTTP/1.1" 200 27
114.83.221.46 - - [10/May/2023:10:02:05 +0800] "GET /xingrg/kc/buy/cgsh_order_operate.html?command=get_materiel&rest_code=00149&code=00101009062&supplier_code=00100201&order_time=2023-05-10 HTTP/1.1" 200 412
114.83.221.46 - - [10/May/2023:10:02:16 +0800] "GET /xingrg/kc/buy/cgsh_order_operate.html?command=get_materiel&rest_code=00149&code=00101009011&supplier_code=00100201&order_time=2023-05-10 HTTP/1.1" 200 418
116.238.139.35 - - [10/May/2023:10:02:19 +0800] "GET /xingrg/check_reg.html?_=1683684070752 HTTP/1.1" 200 22
116.238.139.35 - - [10/May/2023:10:02:19 +0800] "GET /xingrg/all/function/internal_message.html?_=1683684070805&CODE_STATE=getMsg HTTP/1.1" 200 27
218.81.69.210 - - [10/May/2023:10:02:22 +0800] "GET /xingrg/all/function/internal_message.html?_=1683684146419&CODE_STATE=getMsg HTTP/1.1" 200 27
101.229.22.40 - - [10/May/2023:10:02:23 +0800] "GET /xingrg/all/function/internal_message.html?_=1683684141874&CODE_STATE=getMsg HTTP/1.1" 200 27
222.67.238.82 - - [10/May/2023:10:02:26 +0800] "GET /xingrg/all/function/internal_message.html?_=1683683666891&CODE_STATE=getMsg HTTP/1.1" 200 27
114.83.221.46 - - [10/May/2023:10:02:27 +0800] "GET /xingrg/all/function/internal_message.html?_=1683684145991&CODE_STATE=getMsg HTTP/1.1" 200 27
116.227.208.255 - - [10/May/2023:10:02:30 +0800] "GET /xingrg/all/function/internal_message.html?_=1683684200915&CODE_STATE=getMsg HTTP/1.1" 200 27
114.83.221.46 - - [10/May/2023:10:02:31 +0800] "GET /xingrg/kc/buy/cgsh_order_operate.html?command=get_materiel&rest_code=00149&code=00101009122&supplier_code=00100201&order_time=2023-05-10 HTTP/1.1" 200 405
114.85.113.108 - - [10/May/2023:10:02:37 +0800] "GET /xingrg/all/function/internal_message.html?_=1683684157094&CODE_STATE=getMsg HTTP/1.1" 200 27
58.40.7.146 - - [10/May/2023:10:02:38 +0800] "GET /xingrg/check_reg.html?_=1683684158654 HTTP/1.1" 302 -
116.224.158.100 - - [10/May/2023:10:02:45 +0800] "GET /xingrg/all/function/internal_message.html?_=1683684001717&CODE_STATE=getMsg HTTP/1.1" 200 27
114.83.221.46 - - [10/May/2023:10:02:45 +0800] "GET /xingrg/kc/buy/cgsh_order_operate.html?command=get_materiel&rest_code=00149&code=00101009031&supplier_code=00100201&order_time=2023-05-10 HTTP/1.1" 200 408
116.224.158.100 - - [10/May/2023:10:02:53 +0800] "GET /xingrg/all/function/internal_message.html?_=1683684172200&CODE_STATE=getMsg HTTP/1.1" 200 27
116.224.158.100 - - [10/May/2023:10:02:54 +0800] "GET /xingrg/check_reg.html?_=1683684173171 HTTP/1.1" 200 22
116.224.158.100 - - [10/May/2023:10:02:58 +0800] "GET /xingrg/index.html?sysBaseUrl=http%3A%2F%2F180.169.147.146%3A18081%2Fxingrg%2F&costTime=35×tamp=1585363447539 HTTP/1.1" 302 -
116.224.158.100 - - [10/May/2023:10:02:58 +0800] "GET /xingrg/login.html HTTP/1.1" 200 7641
180.164.3.199 - - [10/May/2023:10:02:59 +0800] "GET /xingrg/all/function/internal_message.html?_=1683684178335&CODE_STATE=getMsg HTTP/1.1" 200 27
116.224.158.100 - - [10/May/2023:10:02:59 +0800] "GET /favicon.ico HTTP/1.1" 404 -
114.83.221.46 - - [10/May/2023:10:03:00 +0800] "GET /xingrg/kc/buy/cgsh_order_operate.html?command=get_materiel&rest_code=00149&code=00101009051&supplier_code=00100201&order_time=2023-05-10 HTTP/1.1" 200 408
114.83.221.46 - - [10/May/2023:10:03:11 +0800] "POST /xingrg/kc/buy/cgsh_order_operate.html HTTP/1.1" 200 37
116.238.139.35 - - [10/May/2023:10:03:19 +0800] "GET /xingrg/all/function/internal_message.html?_=1683684130823&CODE_STATE=getMsg HTTP/1.1" 200 27
114.83.221.46 - - [10/May/2023:10:03:20 +0800] "POST /xingrg/kc/buy/cgsh_order_operate.html HTTP/1.1" 200 12
218.81.69.210 - - [10/May/2023:10:03:22 +0800] "GET /xingrg/all/function/internal_message.html?_=1683684206418&CODE_STATE=getMsg HTTP/1.1" 200 27
114.83.221.46 - - [10/May/2023:10:03:22 +0800] "GET /xingrg/kc/buy/cgsh_order_info.html?code=212023051003377 HTTP/1.1" 200 66174
114.83.221.46 - - [10/May/2023:10:03:22 +0800] "GET /xingrg/javascript/easyui/themes/default/validatebox.css HTTP/1.1" 404 1104
101.229.22.40 - - [10/May/2023:10:03:23 +0800] "GET /xingrg/all/function/internal_message.html?_=1683684201874&CODE_STATE=getMsg HTTP/1.1" 200 27
114.83.221.46 - - [10/May/2023:10:03:23 +0800] "POST /xingrg/kc/buy/cgsh_order_operate.html HTTP/1.1" 200 3549
222.67.238.82 - - [10/May/2023:10:03:26 +0800] "GET /xingrg/all/function/internal_message.html?_=1683683726879&CODE_STATE=getMsg HTTP/1.1" 200 27
114.83.221.46 - - [10/May/2023:10:03:27 +0800] "GET /xingrg/all/function/internal_message.html?_=1683684206060&CODE_STATE=getMsg HTTP/1.1" 200 27
114.83.221.46 - - [10/May/2023:10:03:28 +0800] "GET /xingrg/check_reg.html?_=1683684206705 HTTP/1.1" 200 22
116.227.208.255 - - [10/May/2023:10:03:30 +0800] "GET /xingrg/all/function/internal_message.html?_=1683684260929&CODE_STATE=getMsg HTTP/1.1" 200 27
116.227.208.255 - - [10/May/2023:10:03:30 +0800] "GET /xingrg/check_reg.html?_=1683684260933 HTTP/1.1" 200 22
114.83.221.46 - - [10/May/2023:10:03:32 +0800] "GET /xingrg/kc/print/load_data.html?order_code=212023051003377&kc_code=cgsh&condition= HTTP/1.1" 200 1823
218.81.69.210 - - [10/May/2023:10:03:36 +0800] "POST /xingrg/services/DataTransmitService HTTP/1.1" 200 524
114.85.113.108 - - [10/May/2023:10:03:37 +0800] "GET /xingrg/all/function/internal_message.html?_=1683684217096&CODE_STATE=getMsg HTTP/1.1" 200 27
114.83.221.46 - - [10/May/2023:10:03:38 +0800] "GET /xingrg/kc/buy/cgsh_order_add.html HTTP/1.1" 200 71265
114.83.221.46 - - [10/May/2023:10:03:38 +0800] "POST /xingrg/kc/buy/cgsh_order_operate.html HTTP/1.1" 200 8245
114.83.221.46 - - [10/May/2023:10:03:38 +0800] "GET /xingrg/javascript/easyui/themes/default/validatebox.css HTTP/1.1" 404 1104
116.224.158.100 - - [10/May/2023:10:03:45 +0800] "GET /xingrg/all/function/internal_message.html?_=1683684061718&CODE_STATE=getMsg HTTP/1.1" 200 27
116.224.158.100 - - [10/May/2023:10:03:53 +0800] "GET /xingrg/all/function/internal_message.html?_=1683684232182&CODE_STATE=getMsg HTTP/1.1" 200 27
