61.170.232.87 - - [10/May/2023:11:47:00 +0800] "POST /xingrg/kc/buy/cgsh_order_operate.html HTTP/1.1" 200 612
116.238.139.35 - - [10/May/2023:11:47:00 +0800] "GET /xingrg/javascript/easyui/themes/default/validatebox.css HTTP/1.1" 404 1104
180.164.3.199 - - [10/May/2023:11:47:01 +0800] "GET /xingrg/kc/buy/cgsh_order_add.html HTTP/1.1" 200 71269
116.238.139.35 - - [10/May/2023:11:47:01 +0800] "POST /xingrg/kc/buy/cgsh_order_operate.html HTTP/1.1" 200 614
180.164.3.199 - - [10/May/2023:11:47:01 +0800] "POST /xingrg/kc/buy/cgsh_order_operate.html HTTP/1.1" 200 8245
180.164.3.199 - - [10/May/2023:11:47:01 +0800] "GET /xingrg/javascript/easyui/themes/default/validatebox.css HTTP/1.1" 404 1104
116.238.139.35 - - [10/May/2023:11:47:03 +0800] "GET /xingrg/kc/print/load_data.html?order_code=212023051003484&kc_code=cgsh&condition= HTTP/1.1" 200 796
61.170.232.87 - - [10/May/2023:11:47:03 +0800] "GET /xingrg/kc/print/load_data.html?order_code=212023051003483&kc_code=cgsh&condition= HTTP/1.1" 200 759
116.227.208.255 - - [10/May/2023:11:47:05 +0800] "GET /xingrg/all/function/internal_message.html?_=1683690475804&CODE_STATE=getMsg HTTP/1.1" 200 27
61.170.232.87 - - [10/May/2023:11:47:10 +0800] "GET /xingrg/kc/buy/cgsh_order_add.html HTTP/1.1" 200 71171
61.170.232.87 - - [10/May/2023:11:47:10 +0800] "POST /xingrg/kc/buy/cgsh_order_operate.html HTTP/1.1" 200 8245
61.170.232.87 - - [10/May/2023:11:47:10 +0800] "GET /xingrg/javascript/easyui/themes/default/validatebox.css HTTP/1.1" 404 1104
116.238.139.35 - - [10/May/2023:11:47:11 +0800] "GET /xingrg/all/function/internal_message.html?_=1683690362013&CODE_STATE=getMsg HTTP/1.1" 200 27
116.238.139.35 - - [10/May/2023:11:47:11 +0800] "GET /xingrg/kc/buy/cgsh_order_add.html HTTP/1.1" 200 71233
116.238.139.35 - - [10/May/2023:11:47:11 +0800] "POST /xingrg/kc/buy/cgsh_order_operate.html HTTP/1.1" 200 8245
116.238.139.35 - - [10/May/2023:11:47:12 +0800] "GET /xingrg/javascript/easyui/themes/default/validatebox.css HTTP/1.1" 404 1104
61.170.232.87 - - [10/May/2023:11:47:12 +0800] "GET /xingrg/javascript/easyui/themes/default/tree.css HTTP/1.1" 404 1090
61.170.232.87 - - [10/May/2023:11:47:12 +0800] "POST /xingrg/all/common/load_tree.html?tree=supplier_tree_json&isDelete=1 HTTP/1.1" 200 73603
180.164.3.199 - - [10/May/2023:11:47:14 +0800] "GET /xingrg/all/function/internal_message.html?_=1683690434011&CODE_STATE=getMsg HTTP/1.1" 200 27
101.83.240.55 - - [10/May/2023:11:47:18 +0800] "GET /xingrg/all/function/internal_message.html?_=1683690531497&CODE_STATE=getMsg HTTP/1.1" 200 27
124.79.74.67 - - [10/May/2023:11:47:20 +0800] "GET /xingrg/all/function/internal_message.html?_=1683690445625&CODE_STATE=getMsg HTTP/1.1" 200 27
218.81.69.210 - - [10/May/2023:11:47:22 +0800] "GET /xingrg/all/function/internal_message.html?_=1683690446594&CODE_STATE=getMsg HTTP/1.1" 200 27
101.229.22.40 - - [10/May/2023:11:47:23 +0800] "GET /xingrg/all/function/internal_message.html?_=1683690442057&CODE_STATE=getMsg HTTP/1.1" 200 27
218.81.69.210 - - [10/May/2023:11:47:24 +0800] "GET /xingrg/all/function/internal_message.html?_=1683690444865&CODE_STATE=getMsg HTTP/1.1" 200 27
114.83.221.46 - - [10/May/2023:11:47:25 +0800] "GET /xingrg/all/function/internal_message.html?_=1683690443849&CODE_STATE=getMsg HTTP/1.1" 200 27
116.228.172.94 - - [10/May/2023:11:47:25 +0800] "GET /xingrg/all/function/internal_message.html?_=1683690253746&CODE_STATE=getMsg HTTP/1.1" 200 27
222.67.238.82 - - [10/May/2023:11:47:26 +0800] "GET /xingrg/all/function/internal_message.html?_=1683689967091&CODE_STATE=getMsg HTTP/1.1" 200 27
61.170.232.87 - - [10/May/2023:11:47:29 +0800] "GET /xingrg/kc/buy/cgsh_order_operate.html?command=get_materiel&rest_code=00106&code=00101002006&supplier_code=00100091&order_time=2023-05-10 HTTP/1.1" 200 414
61.170.232.87 - - [10/May/2023:11:47:35 +0800] "GET /xingrg/all/function/internal_message.html?_=1683690457459&CODE_STATE=getMsg HTTP/1.1" 200 27
116.235.240.234 - - [10/May/2023:11:47:36 +0800] "GET /xingrg/all/function/internal_message.html?_=1683690464513&CODE_STATE=getMsg HTTP/1.1" 302 -
114.85.113.108 - - [10/May/2023:11:47:37 +0800] "GET /xingrg/all/function/internal_message.html?_=1683690457240&CODE_STATE=getMsg HTTP/1.1" 200 27
58.40.7.146 - - [10/May/2023:11:47:38 +0800] "GET /xingrg/check_reg.html?_=1683690458915 HTTP/1.1" 302 -
116.224.158.100 - - [10/May/2023:11:47:39 +0800] "GET /xingrg/all/function/internal_message.html?_=1683690459073&CODE_STATE=getMsg HTTP/1.1" 200 27
116.238.139.35 - - [10/May/2023:11:47:43 +0800] "POST /xingrg/services/DataTransmitService HTTP/1.1" 200 524
116.224.158.100 - - [10/May/2023:11:47:45 +0800] "GET /xingrg/all/function/internal_message.html?_=1683690301889&CODE_STATE=getMsg HTTP/1.1" 200 27
116.238.139.35 - - [10/May/2023:11:47:45 +0800] "POST /xingrg/services/DataTransmitService HTTP/1.1" 200 2079
61.170.232.87 - - [10/May/2023:11:47:46 +0800] "POST /xingrg/kc/buy/cgsh_order_operate.html HTTP/1.1" 200 37
116.238.139.35 - - [10/May/2023:11:47:47 +0800] "POST /xingrg/services/DataTransmitService HTTP/1.1" 200 121504
116.238.139.35 - - [10/May/2023:11:47:53 +0800] "GET /xingrg/check_reg.html?_=1683690404202 HTTP/1.1" 200 22
180.169.147.146 - - [10/May/2023:11:47:53 +0800] "GET /xingrg/all/function/internal_message.html?_=1683690472846&CODE_STATE=getMsg HTTP/1.1" 200 27
61.170.232.87 - - [10/May/2023:11:47:53 +0800] "POST /xingrg/kc/buy/cgsh_order_operate.html HTTP/1.1" 200 12
116.238.139.35 - - [10/May/2023:11:48:00 +0800] "GET /xingrg/kc/buy/cgsh_order_operate.html?command=get_materiel&rest_code=00150&code=00101003064&supplier_code=00100610&order_time=2023-05-10 HTTP/1.1" 200 414
61.170.232.87 - - [10/May/2023:11:48:00 +0800] "GET /xingrg/kc/buy/cgsh_order_info.html?code=212023051003486 HTTP/1.1" 200 66084
61.170.232.87 - - [10/May/2023:11:48:00 +0800] "GET /xingrg/javascript/easyui/themes/default/validatebox.css HTTP/1.1" 404 1104
61.170.232.87 - - [10/May/2023:11:48:01 +0800] "POST /xingrg/kc/buy/cgsh_order_operate.html HTTP/1.1" 200 611
116.227.208.255 - - [10/May/2023:11:48:05 +0800] "GET /xingrg/all/function/internal_message.html?_=1683690535801&CODE_STATE=getMsg HTTP/1.1" 200 27
61.170.232.87 - - [10/May/2023:11:48:09 +0800] "GET /xingrg/kc/print/load_data.html?order_code=212023051003486&kc_code=cgsh&condition= HTTP/1.1" 200 769
116.238.139.35 - - [10/May/2023:11:48:11 +0800] "GET /xingrg/all/function/internal_message.html?_=1683690422026&CODE_STATE=getMsg HTTP/1.1" 200 27
116.238.139.35 - - [10/May/2023:11:48:11 +0800] "POST /xingrg/kc/buy/cgsh_order_operate.html HTTP/1.1" 200 37
180.164.3.199 - - [10/May/2023:11:48:14 +0800] "GET /xingrg/check_reg.html?_=1683690494008 HTTP/1.1" 200 22
180.164.3.199 - - [10/May/2023:11:48:14 +0800] "GET /xingrg/all/function/internal_message.html?_=1683690494010&CODE_STATE=getMsg HTTP/1.1" 200 27
101.83.240.55 - - [10/May/2023:11:48:18 +0800] "GET /xingrg/all/function/internal_message.html?_=1683690591498&CODE_STATE=getMsg HTTP/1.1" 200 27
101.83.240.55 - - [10/May/2023:11:48:18 +0800] "GET /xingrg/check_reg.html?_=1683690591499 HTTP/1.1" 200 22
116.238.139.35 - - [10/May/2023:11:48:19 +0800] "POST /xingrg/kc/buy/cgsh_order_operate.html HTTP/1.1" 200 12
124.79.74.67 - - [10/May/2023:11:48:20 +0800] "GET /xingrg/all/function/internal_message.html?_=1683690505623&CODE_STATE=getMsg HTTP/1.1" 200 27
218.81.69.210 - - [10/May/2023:11:48:22 +0800] "GET /xingrg/all/function/internal_message.html?_=1683690506593&CODE_STATE=getMsg HTTP/1.1" 200 27
116.238.139.35 - - [10/May/2023:11:48:22 +0800] "GET /xingrg/kc/buy/cgsh_order_info.html?code=212023051003487 HTTP/1.1" 200 66150
116.238.139.35 - - [10/May/2023:11:48:22 +0800] "GET /xingrg/javascript/easyui/themes/default/validatebox.css HTTP/1.1" 404 1104
101.229.22.40 - - [10/May/2023:11:48:23 +0800] "GET /xingrg/all/function/internal_message.html?_=1683690502057&CODE_STATE=getMsg HTTP/1.1" 200 27
116.238.139.35 - - [10/May/2023:11:48:24 +0800] "POST /xingrg/kc/buy/cgsh_order_operate.html HTTP/1.1" 200 611
218.81.69.210 - - [10/May/2023:11:48:24 +0800] "GET /xingrg/all/function/internal_message.html?_=1683690504856&CODE_STATE=getMsg HTTP/1.1" 200 27
114.83.221.46 - - [10/May/2023:11:48:25 +0800] "GET /xingrg/all/function/internal_message.html?_=1683690503827&CODE_STATE=getMsg HTTP/1.1" 200 27
116.228.172.94 - - [10/May/2023:11:48:25 +0800] "GET /xingrg/all/function/internal_message.html?_=1683690313721&CODE_STATE=getMsg HTTP/1.1" 200 27
116.238.139.35 - - [10/May/2023:11:48:26 +0800] "GET /xingrg/kc/print/load_data.html?order_code=212023051003487&kc_code=cgsh&condition= HTTP/1.1" 200 736
222.67.238.82 - - [10/May/2023:11:48:26 +0800] "GET /xingrg/all/function/internal_message.html?_=1683690027106&CODE_STATE=getMsg HTTP/1.1" 200 27
116.224.158.100 - - [10/May/2023:11:48:27 +0800] "GET /xingrg/check_reg.html?_=1683690507021 HTTP/1.1" 200 22
114.83.221.46 - - [10/May/2023:11:48:28 +0800] "GET /xingrg/check_reg.html?_=1683690507075 HTTP/1.1" 200 22
61.170.232.87 - - [10/May/2023:11:48:33 +0800] "GET /xingrg/kc/buy/cgsh_order_add.html HTTP/1.1" 200 71171
116.238.139.35 - - [10/May/2023:11:48:33 +0800] "GET /xingrg/kc/buy/cgsh_order_add.html HTTP/1.1" 200 71233
61.170.232.87 - - [10/May/2023:11:48:33 +0800] "POST /xingrg/kc/buy/cgsh_order_operate.html HTTP/1.1" 200 8245
61.170.232.87 - - [10/May/2023:11:48:33 +0800] "GET /xingrg/javascript/easyui/themes/default/validatebox.css HTTP/1.1" 404 1104
116.238.139.35 - - [10/May/2023:11:48:33 +0800] "POST /xingrg/kc/buy/cgsh_order_operate.html HTTP/1.1" 200 8245
116.238.139.35 - - [10/May/2023:11:48:34 +0800] "GET /xingrg/javascript/easyui/themes/default/validatebox.css HTTP/1.1" 404 1104
61.170.232.87 - - [10/May/2023:11:48:35 +0800] "GET /xingrg/javascript/easyui/themes/default/tree.css HTTP/1.1" 404 1090
116.235.240.234 - - [10/May/2023:11:48:35 +0800] "GET /xingrg/check_reg.html?_=1683690524028 HTTP/1.1" 302 -
61.170.232.87 - - [10/May/2023:11:48:35 +0800] "GET /xingrg/all/function/internal_message.html?_=1683690517436&CODE_STATE=getMsg HTTP/1.1" 200 27
116.235.240.234 - - [10/May/2023:11:48:36 +0800] "GET /xingrg/all/function/internal_message.html?_=1683690524527&CODE_STATE=getMsg HTTP/1.1" 302 -
61.170.232.87 - - [10/May/2023:11:48:36 +0800] "POST /xingrg/all/common/load_tree.html?tree=supplier_tree_json&isDelete=1 HTTP/1.1" 200 73603
114.85.113.108 - - [10/May/2023:11:48:37 +0800] "GET /xingrg/all/function/internal_message.html?_=1683690517241&CODE_STATE=getMsg HTTP/1.1" 200 27
116.224.158.100 - - [10/May/2023:11:48:39 +0800] "GET /xingrg/all/function/internal_message.html?_=1683690519046&CODE_STATE=getMsg HTTP/1.1" 200 27
116.224.158.100 - - [10/May/2023:11:48:45 +0800] "GET /xingrg/all/function/internal_message.html?_=1683690361876&CODE_STATE=getMsg HTTP/1.1" 200 27
116.238.139.35 - - [10/May/2023:11:48:45 +0800] "GET /xingrg/kc/buy/cgsh_order_operate.html?command=get_materiel&rest_code=00150&code=00101010514&supplier_code=00100323&order_time=2023-05-10 HTTP/1.1" 200 428
116.238.139.35 - - [10/May/2023:11:48:46 +0800] "POST /xingrg/all/common/load_select.html HTTP/1.1" 200 25
180.169.147.146 - - [10/May/2023:11:48:53 +0800] "GET /xingrg/all/function/internal_message.html?_=1683690532838&CODE_STATE=getMsg HTTP/1.1" 200 27
116.238.139.35 - - [10/May/2023:11:48:54 +0800] "GET /xingrg/kc/buy/cgsh_order_operate.html?command=get_materiel_price&rest_code=00150&code=00101010514&unit_code=00100032&supplier_code=00100323&order_time=2023-05-10 HTTP/1.1" 200 29
116.235.240.234 - - [10/May/2023:11:48:55 +0800] "GET /xingrg/check_reg.html?_=1683690545776 HTTP/1.1" 200 22
116.238.139.35 - - [10/May/2023:11:48:56 +0800] "POST /xingrg/services/DataTransmitService HTTP/1.1" 200 524
116.238.139.35 - - [10/May/2023:11:48:59 +0800] "POST /xingrg/services/DataTransmitService HTTP/1.1" 200 2079
116.238.139.35 - - [10/May/2023:11:48:59 +0800] "GET /xingrg/kc/buy/cgsh_order_operate.html?command=get_materiel&rest_code=00150&code=00101001035&supplier_code=00100323&order_time=2023-05-10 HTTP/1.1" 200 413
61.170.232.87 - - [10/May/2023:11:49:00 +0800] "GET /xingrg/kc/buy/cgsh_order_operate.html?command=get_materiel&rest_code=00106&code=00101012086&supplier_code=00100327&order_time=2023-05-10 HTTP/1.1" 200 420
116.238.139.35 - - [10/May/2023:11:49:02 +0800] "POST /xingrg/services/DataTransmitService HTTP/1.1" 200 524
124.79.73.36 - - [10/May/2023:11:49:03 +0800] "POST /xingrg/services/DataTransmitService HTTP/1.1" 200 524
116.238.139.35 - - [10/May/2023:11:49:05 +0800] "POST /xingrg/services/DataTransmitService HTTP/1.1" 200 2079
116.227.208.255 - - [10/May/2023:11:49:05 +0800] "GET /xingrg/all/function/internal_message.html?_=1683690595803&CODE_STATE=getMsg HTTP/1.1" 200 27
116.238.139.35 - - [10/May/2023:11:49:11 +0800] "GET /xingrg/all/function/internal_message.html?_=1683690482040&CODE_STATE=getMsg HTTP/1.1" 200 27
180.164.3.199 - - [10/May/2023:11:49:14 +0800] "GET /xingrg/all/function/internal_message.html?_=1683690554005&CODE_STATE=getMsg HTTP/1.1" 200 27
116.238.139.35 - - [10/May/2023:11:49:17 +0800] "GET /xingrg/kc/buy/cgsh_order_operate.html?command=get_materiel&rest_code=00150&code=00101001080&supplier_code=00100323&order_time=2023-05-10 HTTP/1.1" 200 419
180.162.115.227 - - [10/May/2023:11:49:17 +0800] "GET /xingrg HTTP/1.1" 302 -
180.162.115.227 - - [10/May/2023:11:49:17 +0800] "GET /xingrg/ HTTP/1.1" 304 -
101.83.240.55 - - [10/May/2023:11:49:18 +0800] "GET /xingrg/all/function/internal_message.html?_=1683690651506&CODE_STATE=getMsg HTTP/1.1" 200 27
61.170.232.87 - - [10/May/2023:11:49:18 +0800] "GET /xingrg/kc/buy/cgsh_order_operate.html?command=get_materiel&rest_code=00106&code=00101010569&supplier_code=00100327&order_time=2023-05-10 HTTP/1.1" 200 411
120.253.135.82 - - [10/May/2023:11:49:19 +0800] "GET /xingrg/check_reg.html?_=1683690396310 HTTP/1.1" 200 22
124.79.74.67 - - [10/May/2023:11:49:20 +0800] "GET /xingrg/check_reg.html?_=1683690565622 HTTP/1.1" 200 22
124.79.74.67 - - [10/May/2023:11:49:20 +0800] "GET /xingrg/all/function/internal_message.html?_=1683690565625&CODE_STATE=getMsg HTTP/1.1" 200 27
180.162.115.227 - - [10/May/2023:11:49:21 +0800] "GET /xingrg/index.html HTTP/1.1" 302 -
180.162.115.227 - - [10/May/2023:11:49:21 +0800] "GET /xingrg/login.html HTTP/1.1" 200 7641
180.162.115.227 - - [10/May/2023:11:49:21 +0800] "GET /xingrg/images/blue/jxLogo.png HTTP/1.1" 304 -
218.81.69.210 - - [10/May/2023:11:49:22 +0800] "GET /xingrg/all/function/internal_message.html?_=1683690566592&CODE_STATE=getMsg HTTP/1.1" 200 27
101.229.22.40 - - [10/May/2023:11:49:23 +0800] "GET /xingrg/all/function/internal_message.html?_=1683690562056&CODE_STATE=getMsg HTTP/1.1" 200 27
180.162.115.227 - - [10/May/2023:11:49:23 +0800] "GET /xingrg/images/blue/login_bg.png HTTP/1.1" 304 -
180.162.115.227 - - [10/May/2023:11:49:23 +0800] "GET /xingrg/images/blue/hj.png HTTP/1.1" 304 -
180.162.115.227 - - [10/May/2023:11:49:23 +0800] "GET /xingrg/images/blue/srbg.png HTTP/1.1" 304 -
180.162.115.227 - - [10/May/2023:11:49:24 +0800] "GET /favicon.ico HTTP/1.1" 404 -
114.83.221.46 - - [10/May/2023:11:49:25 +0800] "GET /xingrg/all/function/internal_message.html?_=1683690563800&CODE_STATE=getMsg HTTP/1.1" 200 27
116.228.172.94 - - [10/May/2023:11:49:25 +0800] "GET /xingrg/all/function/internal_message.html?_=1683690373708&CODE_STATE=getMsg HTTP/1.1" 200 27
222.67.238.82 - - [10/May/2023:11:49:26 +0800] "GET /xingrg/all/function/internal_message.html?_=1683690087104&CODE_STATE=getMsg HTTP/1.1" 200 27
180.162.115.227 - - [10/May/2023:11:49:26 +0800] "GET /favicon.ico HTTP/1.1" 404 -
116.238.139.35 - - [10/May/2023:11:49:30 +0800] "GET /xingrg/kc/buy/cgsh_order_operate.html?command=get_materiel&rest_code=00150&code=00101001261&supplier_code=00100323&order_time=2023-05-10 HTTP/1.1" 200 412
61.170.232.87 - - [10/May/2023:11:49:34 +0800] "GET /xingrg/kc/buy/cgsh_order_operate.html?command=get_materiel&rest_code=00106&code=00101010792&supplier_code=00100327&order_time=2023-05-10 HTTP/1.1" 200 410
61.170.232.87 - - [10/May/2023:11:49:35 +0800] "GET /xingrg/all/function/internal_message.html?_=1683690577433&CODE_STATE=getMsg HTTP/1.1" 200 27
116.235.240.234 - - [10/May/2023:11:49:36 +0800] "GET /xingrg/all/function/internal_message.html?_=1683690584544&CODE_STATE=getMsg HTTP/1.1" 302 -
114.85.113.108 - - [10/May/2023:11:49:37 +0800] "GET /xingrg/all/function/internal_message.html?_=1683690577241&CODE_STATE=getMsg HTTP/1.1" 200 27
116.224.158.100 - - [10/May/2023:11:49:39 +0800] "GET /xingrg/all/function/internal_message.html?_=1683690579017&CODE_STATE=getMsg HTTP/1.1" 200 27
116.224.158.100 - - [10/May/2023:11:49:45 +0800] "GET /xingrg/all/function/internal_message.html?_=1683690421884&CODE_STATE=getMsg HTTP/1.1" 200 27
61.170.232.87 - - [10/May/2023:11:49:51 +0800] "POST /xingrg/kc/buy/cgsh_order_operate.html HTTP/1.1" 200 37
116.238.139.35 - - [10/May/2023:11:49:51 +0800] "GET /xingrg/kc/buy/cgsh_order_operate.html?command=get_materiel&rest_code=00150&code=00101010214&supplier_code=00100323&order_time=2023-05-10 HTTP/1.1" 200 414
180.164.3.199 - - [10/May/2023:11:49:51 +0800] "GET /xingrg/kc/buy/cgsh_order_operate.html?command=get_materiel&rest_code=00108&code=00101010097&supplier_code=00100327&order_time=2023-05-10 HTTP/1.1" 200 432
180.162.115.227 - - [10/May/2023:11:49:53 +0800] "POST /xingrg/login.do HTTP/1.1" 200 2421
180.162.115.227 - - [10/May/2023:11:49:53 +0800] "GET /xingrg/css/blue.css HTTP/1.1" 304 -
180.162.115.227 - - [10/May/2023:11:49:53 +0800] "GET /xingrg/javascript/myfunction.js HTTP/1.1" 304 -
180.162.115.227 - - [10/May/2023:11:49:53 +0800] "GET /xingrg/images/blue/pic_top.gif HTTP/1.1" 304 -
180.162.115.227 - - [10/May/2023:11:49:53 +0800] "GET /xingrg/images/blue/pic_notice.jpg HTTP/1.1" 304 -
180.162.115.227 - - [10/May/2023:11:49:53 +0800] "GET /xingrg/images/blue/error_buttom.gif HTTP/1.1" 304 -
180.162.115.227 - - [10/May/2023:11:49:53 +0800] "GET /xingrg/images/blue/error_mid.gif HTTP/1.1" 304 -
180.162.115.227 - - [10/May/2023:11:49:53 +0800] "GET /xingrg/images/blue/error_top.gif HTTP/1.1" 304 -
180.162.115.227 - - [10/May/2023:11:49:53 +0800] "GET /favicon.ico HTTP/1.1" 404 -
180.169.147.146 - - [10/May/2023:11:49:53 +0800] "GET /xingrg/all/function/internal_message.html?_=1683690592864&CODE_STATE=getMsg HTTP/1.1" 200 27
180.169.147.146 - - [10/May/2023:11:49:53 +0800] "GET /xingrg/check_reg.html?_=1683690592866 HTTP/1.1" 200 22
124.79.73.36 - - [10/May/2023:11:50:04 +0800] "POST /xingrg/services/DataTransmitService HTTP/1.1" 200 501
116.238.139.35 - - [10/May/2023:11:50:04 +0800] "GET /xingrg/kc/buy/cgsh_order_operate.html?command=get_materiel&rest_code=00150&code=00101008203&supplier_code=00100323&order_time=2023-05-10 HTTP/1.1" 200 408
61.170.232.87 - - [10/May/2023:11:50:04 +0800] "POST /xingrg/kc/buy/cgsh_order_operate.html HTTP/1.1" 200 12
116.227.208.255 - - [10/May/2023:11:50:05 +0800] "GET /xingrg/check_reg.html?_=1683690655794 HTTP/1.1" 200 22
116.227.208.255 - - [10/May/2023:11:50:05 +0800] "GET /xingrg/all/function/internal_message.html?_=1683690655796&CODE_STATE=getMsg HTTP/1.1" 200 27
61.170.232.87 - - [10/May/2023:11:50:08 +0800] "GET /xingrg/kc/buy/cgsh_order_info.html?code=212023051003488 HTTP/1.1" 200 66080
61.170.232.87 - - [10/May/2023:11:50:08 +0800] "GET /xingrg/javascript/easyui/themes/default/validatebox.css HTTP/1.1" 404 1104
61.170.232.87 - - [10/May/2023:11:50:10 +0800] "POST /xingrg/kc/buy/cgsh_order_operate.html HTTP/1.1" 200 1785
116.238.139.35 - - [10/May/2023:11:50:11 +0800] "GET /xingrg/all/function/internal_message.html?_=1683690542061&CODE_STATE=getMsg HTTP/1.1" 200 27
116.227.208.255 - - [10/May/2023:11:50:12 +0800] "GET /xingrg/kc/buy/cgsh_order_add.html HTTP/1.1" 200 71224
116.227.208.255 - - [10/May/2023:11:50:13 +0800] "POST /xingrg/kc/buy/cgsh_order_operate.html HTTP/1.1" 200 8245
116.227.208.255 - - [10/May/2023:11:50:13 +0800] "GET /xingrg/javascript/easyui/themes/default/validatebox.css HTTP/1.1" 404 1104
116.227.208.255 - - [10/May/2023:11:50:13 +0800] "GET /xingrg/all/common/auto_word.html?type=employee&rest_code=00155 HTTP/1.1" 200 205
116.227.208.255 - - [10/May/2023:11:50:13 +0800] "GET /xingrg/all/common/auto_word.html?type=employee&rest_code=00155 HTTP/1.1" 200 205
61.170.232.87 - - [10/May/2023:11:50:13 +0800] "GET /xingrg/kc/print/load_data.html?order_code=212023051003488&kc_code=cgsh&condition= HTTP/1.1" 200 1154
116.227.208.255 - - [10/May/2023:11:50:14 +0800] "GET /xingrg/javascript/auto/indicator.gif HTTP/1.1" 404 1066
180.164.3.199 - - [10/May/2023:11:50:14 +0800] "GET /xingrg/all/function/internal_message.html?_=1683690614014&CODE_STATE=getMsg HTTP/1.1" 200 27
116.227.208.255 - - [10/May/2023:11:50:15 +0800] "GET /xingrg/javascript/jquery_tools/images/prev.gif HTTP/1.1" 404 1086
116.227.208.255 - - [10/May/2023:11:50:15 +0800] "GET /xingrg/javascript/jquery_tools/images/next.gif HTTP/1.1" 404 1086
101.83.240.55 - - [10/May/2023:11:50:18 +0800] "GET /xingrg/all/function/internal_message.html?_=1683690711519&CODE_STATE=getMsg HTTP/1.1" 200 27
172.20.0.100 - - [10/May/2023:11:50:19 +0800] "GET /xingrg/check_reg.html?_=1683690626827 HTTP/1.1" 302 -
116.228.172.94 - - [10/May/2023:11:50:20 +0800] "GET /xingrg/check_reg.html?_=1683690428501 HTTP/1.1" 200 22
124.79.74.67 - - [10/May/2023:11:50:20 +0800] "GET /xingrg/all/function/internal_message.html?_=1683690625623&CODE_STATE=getMsg HTTP/1.1" 200 27
218.81.69.210 - - [10/May/2023:11:50:22 +0800] "GET /xingrg/all/function/internal_message.html?_=1683690626590&CODE_STATE=getMsg HTTP/1.1" 200 27
101.229.22.40 - - [10/May/2023:11:50:23 +0800] "GET /xingrg/check_reg.html?_=1683690622056 HTTP/1.1" 200 22
101.229.22.40 - - [10/May/2023:11:50:23 +0800] "GET /xingrg/all/function/internal_message.html?_=1683690622059&CODE_STATE=getMsg HTTP/1.1" 200 27
114.83.221.46 - - [10/May/2023:11:50:25 +0800] "GET /xingrg/all/function/internal_message.html?_=1683690623770&CODE_STATE=getMsg HTTP/1.1" 200 27
116.228.172.94 - - [10/May/2023:11:50:25 +0800] "GET /xingrg/all/function/internal_message.html?_=1683690433696&CODE_STATE=getMsg HTTP/1.1" 200 27
61.170.232.87 - - [10/May/2023:11:50:26 +0800] "GET /xingrg/kc/buy/cgsh_order_add.html HTTP/1.1" 200 71171
222.67.238.82 - - [10/May/2023:11:50:26 +0800] "GET /xingrg/check_reg.html?_=1683690147102 HTTP/1.1" 200 22
222.67.238.82 - - [10/May/2023:11:50:26 +0800] "GET /xingrg/all/function/internal_message.html?_=1683690147104&CODE_STATE=getMsg HTTP/1.1" 200 27
61.170.232.87 - - [10/May/2023:11:50:26 +0800] "POST /xingrg/kc/buy/cgsh_order_operate.html HTTP/1.1" 200 8245
61.170.232.87 - - [10/May/2023:11:50:26 +0800] "GET /xingrg/javascript/easyui/themes/default/validatebox.css HTTP/1.1" 404 1104
61.170.232.87 - - [10/May/2023:11:50:28 +0800] "GET /xingrg/javascript/easyui/themes/default/tree.css HTTP/1.1" 404 1090
116.227.208.255 - - [10/May/2023:11:50:28 +0800] "GET /xingrg/kc/buy/cgsh_order_operate.html?command=get_materiel&rest_code=00155&code=00101028005&supplier_code=00100017&order_time=2023-05-10 HTTP/1.1" 200 436
180.164.3.199 - - [10/May/2023:11:50:28 +0800] "POST /xingrg/kc/buy/cgsh_order_operate.html HTTP/1.1" 200 37
61.170.232.87 - - [10/May/2023:11:50:29 +0800] "POST /xingrg/all/common/load_tree.html?tree=supplier_tree_json&isDelete=1 HTTP/1.1" 200 73603
116.238.139.35 - - [10/May/2023:11:50:30 +0800] "GET /xingrg/kc/buy/cgsh_order_operate.html?command=get_materiel&rest_code=00150&code=00101007047&supplier_code=00100323&order_time=2023-05-10 HTTP/1.1" 200 409
180.164.3.199 - - [10/May/2023:11:50:31 +0800] "POST /xingrg/kc/buy/cgsh_order_operate.html HTTP/1.1" 200 2669
61.170.232.87 - - [10/May/2023:11:50:35 +0800] "GET /xingrg/all/function/internal_message.html?_=1683690637415&CODE_STATE=getMsg HTTP/1.1" 200 27
116.235.240.234 - - [10/May/2023:11:50:36 +0800] "GET /xingrg/all/function/internal_message.html?_=1683690644554&CODE_STATE=getMsg HTTP/1.1" 302 -
114.85.113.108 - - [10/May/2023:11:50:37 +0800] "GET /xingrg/all/function/internal_message.html?_=1683690637240&CODE_STATE=getMsg HTTP/1.1" 200 27
116.224.158.100 - - [10/May/2023:11:50:39 +0800] "GET /xingrg/all/function/internal_message.html?_=1683690638992&CODE_STATE=getMsg HTTP/1.1" 200 27
116.238.139.35 - - [10/May/2023:11:50:42 +0800] "GET /xingrg/kc/buy/cgsh_order_operate.html?command=get_materiel&rest_code=00150&code=00101010309&supplier_code=00100323&order_time=2023-05-10 HTTP/1.1" 200 423
116.227.208.255 - - [10/May/2023:11:50:43 +0800] "GET /xingrg/kc/buy/cgsh_order_operate.html?command=get_materiel&rest_code=00155&code=00101028016&supplier_code=00100017&order_time=2023-05-10 HTTP/1.1" 200 447
116.224.158.100 - - [10/May/2023:11:50:45 +0800] "GET /xingrg/check_reg.html?_=1683690481873 HTTP/1.1" 200 22
116.224.158.100 - - [10/May/2023:11:50:45 +0800] "GET /xingrg/all/function/internal_message.html?_=1683690481876&CODE_STATE=getMsg HTTP/1.1" 200 27
180.164.3.199 - - [10/May/2023:11:50:50 +0800] "GET /xingrg/kc/print/load_data.html?order_code=212023051003489&kc_code=cgsh&condition= HTTP/1.1" 200 690
180.169.147.146 - - [10/May/2023:11:50:53 +0800] "GET /xingrg/all/function/internal_message.html?_=1683690652846&CODE_STATE=getMsg HTTP/1.1" 200 27
116.227.208.255 - - [10/May/2023:11:50:55 +0800] "GET /xingrg/kc/buy/cgsh_order_operate.html?command=get_materiel&rest_code=00155&code=00101029011&supplier_code=00100017&order_time=2023-05-10 HTTP/1.1" 200 459
180.164.3.199 - - [10/May/2023:11:51:02 +0800] "GET /xingrg/kc/buy/cgsh_order_add.html HTTP/1.1" 200 71269
180.164.3.199 - - [10/May/2023:11:51:02 +0800] "POST /xingrg/kc/buy/cgsh_order_operate.html HTTP/1.1" 200 8245
180.164.3.199 - - [10/May/2023:11:51:02 +0800] "GET /xingrg/javascript/easyui/themes/default/validatebox.css HTTP/1.1" 404 1104
116.238.139.35 - - [10/May/2023:11:51:05 +0800] "POST /xingrg/kc/buy/cgsh_order_operate.html HTTP/1.1" 200 37
116.227.208.255 - - [10/May/2023:11:51:05 +0800] "GET /xingrg/all/function/internal_message.html?_=1683690715805&CODE_STATE=getMsg HTTP/1.1" 200 27
180.162.115.227 - - [10/May/2023:11:51:07 +0800] "GET /xingrg HTTP/1.1" 302 -
180.162.115.227 - - [10/May/2023:11:51:08 +0800] "GET /xingrg/index.html HTTP/1.1" 302 -
180.162.115.227 - - [10/May/2023:11:51:08 +0800] "GET /xingrg/login.html HTTP/1.1" 200 7641
180.162.115.227 - - [10/May/2023:11:51:08 +0800] "GET /favicon.ico HTTP/1.1" 404 -
180.162.115.227 - - [10/May/2023:11:51:08 +0800] "GET /favicon.ico HTTP/1.1" 404 -
116.227.208.255 - - [10/May/2023:11:51:08 +0800] "GET /xingrg/kc/buy/cgsh_order_operate.html?command=get_materiel&rest_code=00155&code=00101029002&supplier_code=00100017&order_time=2023-05-10 HTTP/1.1" 200 450
116.238.139.35 - - [10/May/2023:11:51:11 +0800] "GET /xingrg/all/function/internal_message.html?_=1683690602067&CODE_STATE=getMsg HTTP/1.1" 200 27
180.164.3.199 - - [10/May/2023:11:51:14 +0800] "GET /xingrg/all/function/internal_message.html?_=1683690674005&CODE_STATE=getMsg HTTP/1.1" 200 27
180.164.3.199 - - [10/May/2023:11:51:16 +0800] "GET /xingrg/kc/buy/cgsh_order_operate.html?command=get_materiel&rest_code=00108&code=00101001140&supplier_code=00100090&order_time=2023-05-10 HTTP/1.1" 200 417
101.83.240.55 - - [10/May/2023:11:51:18 +0800] "GET /xingrg/all/function/internal_message.html?_=1683690771505&CODE_STATE=getMsg HTTP/1.1" 200 27
116.238.139.35 - - [10/May/2023:11:51:18 +0800] "POST /xingrg/kc/buy/cgsh_order_operate.html HTTP/1.1" 200 12
116.227.208.255 - - [10/May/2023:11:51:19 +0800] "GET /xingrg/kc/buy/cgsh_order_operate.html?command=get_materiel&rest_code=00155&code=00101028011&supplier_code=00100017&order_time=2023-05-10 HTTP/1.1" 200 454
124.79.74.67 - - [10/May/2023:11:51:20 +0800] "GET /xingrg/all/function/internal_message.html?_=1683690685621&CODE_STATE=getMsg HTTP/1.1" 200 27
218.81.69.210 - - [10/May/2023:11:51:22 +0800] "GET /xingrg/all/function/internal_message.html?_=1683690686605&CODE_STATE=getMsg HTTP/1.1" 200 27
218.81.69.210 - - [10/May/2023:11:51:22 +0800] "GET /xingrg/check_reg.html?_=1683690686606 HTTP/1.1" 200 22
101.229.22.40 - - [10/May/2023:11:51:23 +0800] "GET /xingrg/all/function/internal_message.html?_=1683690682058&CODE_STATE=getMsg HTTP/1.1" 200 27
116.238.139.35 - - [10/May/2023:11:51:23 +0800] "GET /xingrg/kc/buy/cgsh_order_info.html?code=212023051003490 HTTP/1.1" 200 66149
116.238.139.35 - - [10/May/2023:11:51:24 +0800] "GET /xingrg/javascript/easyui/themes/default/validatebox.css HTTP/1.1" 404 1104
114.83.221.46 - - [10/May/2023:11:51:25 +0800] "GET /xingrg/all/function/internal_message.html?_=1683690683749&CODE_STATE=getMsg HTTP/1.1" 200 27
116.228.172.94 - - [10/May/2023:11:51:25 +0800] "GET /xingrg/all/function/internal_message.html?_=1683690493674&CODE_STATE=getMsg HTTP/1.1" 200 27
116.238.139.35 - - [10/May/2023:11:51:25 +0800] "POST /xingrg/kc/buy/cgsh_order_operate.html HTTP/1.1" 200 4168
222.67.238.82 - - [10/May/2023:11:51:26 +0800] "GET /xingrg/all/function/internal_message.html?_=1683690207095&CODE_STATE=getMsg HTTP/1.1" 200 27
116.238.139.35 - - [10/May/2023:11:51:28 +0800] "GET /xingrg/kc/print/load_data.html?order_code=212023051003490&kc_code=cgsh&condition= HTTP/1.1" 200 2104
180.162.115.227 - - [10/May/2023:11:51:29 +0800] "POST /xingrg/login.do HTTP/1.1" 302 -
180.162.115.227 - - [10/May/2023:11:51:29 +0800] "GET /xingrg/javascript/jquery_easy_ui/themes/default/easyui.css HTTP/1.1" 304 -
180.162.115.227 - - [10/May/2023:11:51:29 +0800] "GET /xingrg/index.html?sysBaseUrl=http%3A%2F%2F180.169.147.146%3A18081%2Fxingrg%2F&costTime=1779×tamp=1683690689533 HTTP/1.1" 200 17179
180.162.115.227 - - [10/May/2023:11:51:29 +0800] "GET /xingrg/javascript/jquery_easy_ui/themes/icon.css HTTP/1.1" 304 -
180.162.115.227 - - [10/May/2023:11:51:29 +0800] "GET /xingrg/javascript/jquery-1.4.2.min.js HTTP/1.1" 304 -
180.162.115.227 - - [10/May/2023:11:51:29 +0800] "GET /xingrg/css/form.css HTTP/1.1" 304 -
180.162.115.227 - - [10/May/2023:11:51:29 +0800] "GET /xingrg/javascript/jquery_easy_ui/easyui-lang-zh_CN.js HTTP/1.1" 304 -
180.162.115.227 - - [10/May/2023:11:51:29 +0800] "GET /xingrg/javascript/jquery_easy_ui/jquery.easyui.min.js HTTP/1.1" 304 -
180.162.115.227 - - [10/May/2023:11:51:29 +0800] "GET /xingrg/javascript/jquery.form.js HTTP/1.1" 304 -
180.162.115.227 - - [10/May/2023:11:51:29 +0800] "GET /xingrg/javascript/jquery.utils.js HTTP/1.1" 304 -
180.162.115.227 - - [10/May/2023:11:51:29 +0800] "GET /xingrg/javascript/jquery.timers.js HTTP/1.1" 304 -
180.162.115.227 - - [10/May/2023:11:51:29 +0800] "GET /favicon.ico HTTP/1.1" 404 -
180.162.115.227 - - [10/May/2023:11:51:30 +0800] "GET /xingrg/javascript/jquery_easy_ui/themes/icons/settle_new.png HTTP/1.1" 304 -
180.162.115.227 - - [10/May/2023:11:51:30 +0800] "GET /xingrg/images/blue/navBackgound.jpg HTTP/1.1" 304 -
180.162.115.227 - - [10/May/2023:11:51:30 +0800] "GET /xingrg/all/function/internal_message.html?_=1683689531523&CODE_STATE=count HTTP/1.1" 200 11
180.162.115.227 - - [10/May/2023:11:51:30 +0800] "GET /xingrg/check_reg.html?_=1683689531524 HTTP/1.1" 200 22
180.162.115.227 - - [10/May/2023:11:51:30 +0800] "GET /xingrg/images/blue/pingpu.png HTTP/1.1" 304 -
180.162.115.227 - - [10/May/2023:11:51:30 +0800] "GET /xingrg/javascript/jquery_easy_ui/themes/default/images/tabs_leftarrow.png HTTP/1.1" 304 -
180.162.115.227 - - [10/May/2023:11:51:30 +0800] "POST /xingrg/all/common/load_tree.html?tree=area_rest_tree_json&manage=1 HTTP/1.1" 200 351
180.162.115.227 - - [10/May/2023:11:51:30 +0800] "GET /xingrg/javascript/jquery_easy_ui/themes/default/images/tabs_rightarrow.png HTTP/1.1" 304 -
180.162.115.227 - - [10/May/2023:11:51:30 +0800] "GET /xingrg/javascript/jquery_easy_ui/themes/default/images/panel_tool_collapse.gif HTTP/1.1" 304 -
180.162.115.227 - - [10/May/2023:11:51:30 +0800] "POST /xingrg/load_menu.html HTTP/1.1" 200 5138
180.162.115.227 - - [10/May/2023:11:51:30 +0800] "GET /xingrg/javascript/jquery_easy_ui/themes/default/images/tree_arrows.gif HTTP/1.1" 304 -
180.162.115.227 - - [10/May/2023:11:51:30 +0800] "GET /xingrg/javascript/jquery_easy_ui/themes/default/images/tree_folder_open.gif HTTP/1.1" 304 -
180.162.115.227 - - [10/May/2023:11:51:30 +0800] "GET /xingrg/javascript/jquery_easy_ui/themes/icons/search_new.png HTTP/1.1" 304 -
180.162.115.227 - - [10/May/2023:11:51:30 +0800] "GET /xingrg/javascript/jquery_easy_ui/themes/default/images/tree_folder.gif HTTP/1.1" 304 -
180.162.115.227 - - [10/May/2023:11:51:30 +0800] "GET /xingrg/javascript/jquery_easy_ui/themes/icons/storage_new.png HTTP/1.1" 304 -
180.162.115.227 - - [10/May/2023:11:51:30 +0800] "GET /xingrg/javascript/jquery_easy_ui/themes/icons/forms_new.png HTTP/1.1" 304 -
180.164.3.199 - - [10/May/2023:11:51:30 +0800] "GET /xingrg/kc/buy/cgsh_order_operate.html?command=get_materiel&rest_code=00108&code=00101001125&supplier_code=00100090&order_time=2023-05-10 HTTP/1.1" 200 417
180.162.115.227 - - [10/May/2023:11:51:30 +0800] "GET /xingrg/javascript/jquery_easy_ui/themes/default/images/tree_file.gif HTTP/1.1" 304 -
116.227.208.255 - - [10/May/2023:11:51:33 +0800] "GET /xingrg/kc/buy/cgsh_order_operate.html?command=get_materiel&rest_code=00155&code=00101029003&supplier_code=00100017&order_time=2023-05-10 HTTP/1.1" 200 454
180.162.115.227 - - [10/May/2023:11:51:35 +0800] "GET /xingrg/javascript/jquery_easy_ui/themes/default/images/tabs_close.gif HTTP/1.1" 304 -
180.162.115.227 - - [10/May/2023:11:51:35 +0800] "GET /xingrg/kc/buy/buy_main.html HTTP/1.1" 200 12412
180.162.115.227 - - [10/May/2023:11:51:35 +0800] "GET /xingrg/css/new_ie.css HTTP/1.1" 404 1036
180.162.115.227 - - [10/May/2023:11:51:35 +0800] "GET /xingrg/javascript/pic_change.js HTTP/1.1" 304 -
180.162.115.227 - - [10/May/2023:11:51:35 +0800] "GET /xingrg/javascript/jquery_ui/themes/humanity/humanity.css HTTP/1.1" 304 -
180.162.115.227 - - [10/May/2023:11:51:35 +0800] "GET /xingrg/javascript/ToolTips.js HTTP/1.1" 304 -
180.162.115.227 - - [10/May/2023:11:51:35 +0800] "GET /xingrg/javascript/jquery_ui/jquery-ui.min.js HTTP/1.1" 304 -
180.162.115.227 - - [10/May/2023:11:51:35 +0800] "GET /xingrg/images/blue/button/cgxqd.gif HTTP/1.1" 304 -
180.162.115.227 - - [10/May/2023:11:51:35 +0800] "GET /xingrg/images/blue/button/cgydd.gif HTTP/1.1" 304 -
180.162.115.227 - - [10/May/2023:11:51:35 +0800] "GET /xingrg/images/blue/button/cgshd.gif HTTP/1.1" 304 -
180.162.115.227 - - [10/May/2023:11:51:35 +0800] "GET /xingrg/images/blue/button/cgfkd.gif HTTP/1.1" 304 -
180.162.115.227 - - [10/May/2023:11:51:35 +0800] "GET /xingrg/images/blue/button/kc.gif HTTP/1.1" 304 -
180.162.115.227 - - [10/May/2023:11:51:35 +0800] "GET /xingrg/images/blue/button/ckthd.gif HTTP/1.1" 304 -
180.162.115.227 - - [10/May/2023:11:51:35 +0800] "GET /xingrg/images/blue/pic_form2.gif HTTP/1.1" 304 -
180.162.115.227 - - [10/May/2023:11:51:35 +0800] "GET /xingrg/javascript/jquery_ui/themes/humanity/images/ui-bg_inset-soft_100_f4f0ec_1x100.png HTTP/1.1" 304 -
180.162.115.227 - - [10/May/2023:11:51:35 +0800] "GET /xingrg/images/blue/button/right_ah.jpg HTTP/1.1" 304 -
180.162.115.227 - - [10/May/2023:11:51:35 +0800] "GET /xingrg/images/blue/button/down_ah.jpg HTTP/1.1" 304 -
180.162.115.227 - - [10/May/2023:11:51:35 +0800] "GET /xingrg/images/blue/bg_dotted.jpg HTTP/1.1" 304 -
180.162.115.227 - - [10/May/2023:11:51:35 +0800] "GET /xingrg/javascript/jquery_ui/themes/humanity/images/ui-iconsnew.jpg HTTP/1.1" 304 -
180.162.115.227 - - [10/May/2023:11:51:35 +0800] "GET /xingrg/javascript/jquery_ui/themes/humanity/images/ui-icons_ffffff_256x240.png HTTP/1.1" 304 -
180.162.115.227 - - [10/May/2023:11:51:35 +0800] "GET /xingrg/javascript/jquery_ui/themes/humanity/images/ui-icons_c47a23_256x240.png HTTP/1.1" 304 -
180.162.115.227 - - [10/May/2023:11:51:35 +0800] "GET /xingrg/javascript/jquery_ui/themes/humanity/images/ui-bg_glass_70_ede4d4_1x400.png HTTP/1.1" 304 -
180.162.115.227 - - [10/May/2023:11:51:35 +0800] "GET /xingrg/images/yd/bt.gif HTTP/1.1" 404 1040
61.170.232.87 - - [10/May/2023:11:51:35 +0800] "GET /xingrg/all/function/internal_message.html?_=1683690697395&CODE_STATE=getMsg HTTP/1.1" 200 27
61.170.232.87 - - [10/May/2023:11:51:35 +0800] "GET /xingrg/check_reg.html?_=1683690697461 HTTP/1.1" 200 22
116.235.240.234 - - [10/May/2023:11:51:36 +0800] "GET /xingrg/all/function/internal_message.html?_=1683690704570&CODE_STATE=getMsg HTTP/1.1" 302 -
114.85.113.108 - - [10/May/2023:11:51:37 +0800] "GET /xingrg/all/function/internal_message.html?_=1683690697241&CODE_STATE=getMsg HTTP/1.1" 200 27
114.85.113.108 - - [10/May/2023:11:51:37 +0800] "GET /xingrg/check_reg.html?_=1683690697243 HTTP/1.1" 200 22
180.162.115.227 - - [10/May/2023:11:51:39 +0800] "GET /xingrg/kc/buy/cgsh_order_list.html HTTP/1.1" 200 55401
180.162.115.227 - - [10/May/2023:11:51:39 +0800] "GET /xingrg/css/base.css HTTP/1.1" 304 -
180.162.115.227 - - [10/May/2023:11:51:39 +0800] "GET /xingrg/css/site.css HTTP/1.1" 304 -
180.162.115.227 - - [10/May/2023:11:51:39 +0800] "GET /xingrg/javascript/jquery_tools/datebox.css HTTP/1.1" 304 -
180.162.115.227 - - [10/May/2023:11:51:39 +0800] "GET /xingrg/javascript/easyui/themes/default/easyui.css HTTP/1.1" 304 -
180.162.115.227 - - [10/May/2023:11:51:39 +0800] "GET /xingrg/javascript/easyui/themes/icon.css HTTP/1.1" 304 -
180.162.115.227 - - [10/May/2023:11:51:39 +0800] "GET /xingrg/javascript/auto/jquery.autocomplete.css HTTP/1.1" 304 -
180.162.115.227 - - [10/May/2023:11:51:39 +0800] "GET /xingrg/javascript/jquery_tools/fix.css HTTP/1.1" 304 -
180.162.115.227 - - [10/May/2023:11:51:39 +0800] "GET /xingrg/javascript/jquery_tools/table.css HTTP/1.1" 304 -
180.162.115.227 - - [10/May/2023:11:51:39 +0800] "GET /xingrg/javascript/jquery_tools/jquery.tools.min.js HTTP/1.1" 304 -
180.162.115.227 - - [10/May/2023:11:51:39 +0800] "GET /xingrg/javascript/jquery_tools/jquery.tools.extend.js HTTP/1.1" 304 -
180.162.115.227 - - [10/May/2023:11:51:39 +0800] "GET /xingrg/javascript/jquery_tools/jquery.tools.hotkey.js HTTP/1.1" 304 -
180.162.115.227 - - [10/May/2023:11:51:39 +0800] "GET /xingrg/javascript/jquery_tools/jquery.tools.table.js HTTP/1.1" 304 -
180.162.115.227 - - [10/May/2023:11:51:39 +0800] "GET /xingrg/javascript/jquery_tools/list_manager.js HTTP/1.1" 304 -
180.162.115.227 - - [10/May/2023:11:51:39 +0800] "GET /xingrg/javascript/auto/jquery.autocomplete.js HTTP/1.1" 304 -
180.162.115.227 - - [10/May/2023:11:51:39 +0800] "GET /xingrg/javascript/easyui/easyloader.js HTTP/1.1" 304 -
180.162.115.227 - - [10/May/2023:11:51:39 +0800] "GET /xingrg/javascript/jquery.cookie.js HTTP/1.1" 304 -
180.162.115.227 - - [10/May/2023:11:51:39 +0800] "GET /xingrg/javascript/print/LodopFuncs.js HTTP/1.1" 304 -
116.224.158.100 - - [10/May/2023:11:51:39 +0800] "GET /xingrg/all/function/internal_message.html?_=1683690698969&CODE_STATE=getMsg HTTP/1.1" 200 27
218.81.69.210 - - [10/May/2023:11:51:41 +0800] "GET /xingrg/check_reg.html?_=1683690703247 HTTP/1.1" 200 22
180.162.115.227 - - [10/May/2023:11:51:43 +0800] "GET /xingrg/javascript/easyui/themes/icons/field_new.png HTTP/1.1" 304 -
180.162.115.227 - - [10/May/2023:11:51:43 +0800] "GET /xingrg/javascript/easyui/themes/icons/import_new.png HTTP/1.1" 304 -
180.162.115.227 - - [10/May/2023:11:51:43 +0800] "GET /xingrg/javascript/easyui/themes/icons/check_new.png HTTP/1.1" 304 -
180.162.115.227 - - [10/May/2023:11:51:43 +0800] "GET /xingrg/javascript/easyui/themes/icons/cance_new.png HTTP/1.1" 304 -
180.162.115.227 - - [10/May/2023:11:51:43 +0800] "GET /xingrg/javascript/easyui/themes/icons/edit_add_new.png HTTP/1.1" 304 -
180.162.115.227 - - [10/May/2023:11:51:43 +0800] "GET /xingrg/javascript/easyui/plugins/jquery.parser.js HTTP/1.1" 304 -
180.162.115.227 - - [10/May/2023:11:51:43 +0800] "GET /xingrg/images/control/ajaxLoader.gif HTTP/1.1" 304 -
116.238.139.35 - - [10/May/2023:11:51:44 +0800] "GET /xingrg/kc/buy/cgsh_order_add.html HTTP/1.1" 200 71233
116.238.139.35 - - [10/May/2023:11:51:45 +0800] "POST /xingrg/kc/buy/cgsh_order_operate.html HTTP/1.1" 200 8245
116.224.158.100 - - [10/May/2023:11:51:45 +0800] "GET /xingrg/all/function/internal_message.html?_=1683690541882&CODE_STATE=getMsg HTTP/1.1" 200 27
116.238.139.35 - - [10/May/2023:11:51:45 +0800] "GET /xingrg/javascript/easyui/themes/default/validatebox.css HTTP/1.1" 404 1104
180.164.3.199 - - [10/May/2023:11:51:47 +0800] "POST /xingrg/kc/buy/cgsh_order_operate.html HTTP/1.1" 200 37
116.227.208.255 - - [10/May/2023:11:51:47 +0800] "GET /xingrg/kc/buy/cgsh_order_operate.html?command=get_materiel&rest_code=00155&code=00101026016&supplier_code=00100017&order_time=2023-05-10 HTTP/1.1" 200 442
114.85.113.108 - - [10/May/2023:11:51:48 +0800] "GET /xingrg/kc/report/report_main.html HTTP/1.1" 200 7340
114.85.113.108 - - [10/May/2023:11:51:48 +0800] "GET /xingrg/css/blue.css HTTP/1.1" 200 15949
114.85.113.108 - - [10/May/2023:11:51:48 +0800] "GET /xingrg/javascript/jquery_ui/themes/humanity/humanity.css HTTP/1.1" 200 27801
114.85.113.108 - - [10/May/2023:11:51:48 +0800] "GET /xingrg/javascript/myfunction.js HTTP/1.1" 200 24559
114.85.113.108 - - [10/May/2023:11:51:48 +0800] "GET /xingrg/javascript/jquery_easy_ui/themes/icons/back_new.png HTTP/1.1" 200 3414
180.164.3.199 - - [10/May/2023:11:51:48 +0800] "POST /xingrg/kc/buy/cgsh_order_operate.html HTTP/1.1" 200 3263
180.162.115.227 - - [10/May/2023:11:51:49 +0800] "POST /xingrg/kc/buy/cgsh_list_operate.html HTTP/1.1" 200 1875
180.164.3.199 - - [10/May/2023:11:51:50 +0800] "GET /xingrg/kc/print/load_data.html?order_code=212023051003491&kc_code=cgsh&condition= HTTP/1.1" 200 989
114.85.113.108 - - [10/May/2023:11:51:51 +0800] "GET /xingrg/all/report/report_query.html?fileName=kc/buy/gys_amount.xml&rh=99999 HTTP/1.1" 200 52006
114.85.113.108 - - [10/May/2023:11:51:51 +0800] "GET /xingrg/javascript/multi_select/jqueryMultiSelect.css HTTP/1.1" 200 951
114.85.113.108 - - [10/May/2023:11:51:51 +0800] "GET /xingrg/javascript/calendar/timePicker.css HTTP/1.1" 200 523
114.85.113.108 - - [10/May/2023:11:51:51 +0800] "GET /xingrg/javascript/bigrid/fix.css HTTP/1.1" 200 1702
114.85.113.108 - - [10/May/2023:11:51:51 +0800] "GET /xingrg/dwr/interface/AjaxReportQueryService.js HTTP/1.1" 200 13203
114.85.113.108 - - [10/May/2023:11:51:51 +0800] "GET /xingrg/dwr/engine.js HTTP/1.1" 200 43631
114.85.113.108 - - [10/May/2023:11:51:51 +0800] "GET /xingrg/dwr/util.js HTTP/1.1" 200 35990
114.85.113.108 - - [10/May/2023:11:51:51 +0800] "GET /xingrg/javascript/calendar/jquery.timePicker.min.js HTTP/1.1" 200 2997
114.85.113.108 - - [10/May/2023:11:51:51 +0800] "GET /xingrg/javascript/bigrid/fix.js HTTP/1.1" 200 6439
114.85.113.108 - - [10/May/2023:11:51:51 +0800] "GET /xingrg/javascript/Calendar.js HTTP/1.1" 200 31561
114.85.113.108 - - [10/May/2023:11:51:51 +0800] "GET /xingrg/javascript/jqueryMultiSelect.js HTTP/1.1" 200 11866
114.85.113.108 - - [10/May/2023:11:51:51 +0800] "GET /xingrg/images/control/loading.gif HTTP/1.1" 200 13463
114.85.113.108 - - [10/May/2023:11:51:51 +0800] "GET /xingrg/images/blue/button/advanceover.gif HTTP/1.1" 200 1347
114.85.113.108 - - [10/May/2023:11:51:51 +0800] "GET /xingrg/images/blue/button/advance2over.gif HTTP/1.1" 200 1336
114.85.113.108 - - [10/May/2023:11:51:51 +0800] "GET /xingrg/images/blue/button/back2over.gif HTTP/1.1" 200 1335
114.85.113.108 - - [10/May/2023:11:51:51 +0800] "GET /xingrg/images/blue/button/backover.gif HTTP/1.1" 200 1348
114.85.113.108 - - [10/May/2023:11:51:51 +0800] "GET /xingrg/javascript/jquery_easy_ui/themes/icons/help.png HTTP/1.1" 200 1187
114.85.113.108 - - [10/May/2023:11:51:51 +0800] "GET /xingrg/javascript/jquery_easy_ui/themes/default/images/menu_downarrow.png HTTP/1.1" 200 173
114.85.113.108 - - [10/May/2023:11:51:51 +0800] "GET /xingrg/javascript/jquery_easy_ui/themes/default/images/button_a_bg.gif HTTP/1.1" 200 1194
114.85.113.108 - - [10/May/2023:11:51:51 +0800] "GET /xingrg/javascript/jquery_easy_ui/themes/default/images/menu.gif HTTP/1.1" 200 834
114.85.113.108 - - [10/May/2023:11:51:51 +0800] "GET /xingrg/javascript/jquery_easy_ui/themes/icons/print.png HTTP/1.1" 200 1057
114.85.113.108 - - [10/May/2023:11:51:51 +0800] "GET /xingrg/javascript/jquery_easy_ui/themes/default/images/menu_rightarrow.png HTTP/1.1" 200 3617
114.85.113.108 - - [10/May/2023:11:51:51 +0800] "GET /xingrg/javascript/jquery_easy_ui/themes/icons/pencil.png HTTP/1.1" 200 713
114.85.113.108 - - [10/May/2023:11:51:51 +0800] "POST /xingrg/dwr/call/plaincall/AjaxReportQueryService.getFixDate.dwr HTTP/1.1" 200 111
114.85.113.108 - - [10/May/2023:11:51:51 +0800] "GET /xingrg/javascript/jquery_easy_ui/themes/default/images/combo_arrow_dot.gif HTTP/1.1" 200 79
114.85.113.108 - - [10/May/2023:11:51:52 +0800] "POST /xingrg/dwr/call/plaincall/AjaxReportQueryService.getInitString.dwr HTTP/1.1" 200 486
114.85.113.108 - - [10/May/2023:11:51:52 +0800] "POST /xingrg/all/common/load_tree.html?tree=materiel_sort_tree_json HTTP/1.1" 200 9500
114.85.113.108 - - [10/May/2023:11:51:52 +0800] "GET /xingrg/javascript/multi_select/dropdown.gif HTTP/1.1" 200 61
114.85.113.108 - - [10/May/2023:11:51:52 +0800] "POST /xingrg/all/common/load_tree.html?tree=supplier_tree_json&manage=1 HTTP/1.1" 200 75535
114.85.113.108 - - [10/May/2023:11:51:53 +0800] "GET /xingrg/javascript/jquery_easy_ui/themes/default/images/tree_checkbox_0.gif HTTP/1.1" 200 168
180.169.147.146 - - [10/May/2023:11:51:53 +0800] "GET /xingrg/all/function/internal_message.html?_=1683690712833&CODE_STATE=getMsg HTTP/1.1" 200 27
180.162.115.227 - - [10/May/2023:11:51:55 +0800] "GET /xingrg/javascript/easyui/themes/default/images/button_plain_hover.png HTTP/1.1" 304 -
180.164.3.199 - - [10/May/2023:11:51:55 +0800] "GET /xingrg/kc/buy/cgsh_order_add.html HTTP/1.1" 200 71269
180.164.3.199 - - [10/May/2023:11:51:56 +0800] "POST /xingrg/kc/buy/cgsh_order_operate.html HTTP/1.1" 200 8245
180.164.3.199 - - [10/May/2023:11:51:56 +0800] "GET /xingrg/javascript/easyui/themes/default/validatebox.css HTTP/1.1" 404 1104
116.227.208.255 - - [10/May/2023:11:51:57 +0800] "POST /xingrg/kc/buy/cgsh_order_operate.html HTTP/1.1" 200 37
180.162.115.227 - - [10/May/2023:11:51:57 +0800] "GET /xingrg/kc/buy/cgsh_order_add.html HTTP/1.1" 200 70258
180.162.115.227 - - [10/May/2023:11:51:57 +0800] "GET /xingrg/javascript/jquery_tools/order_manager.js HTTP/1.1" 304 -
180.162.115.227 - - [10/May/2023:11:51:57 +0800] "GET /xingrg/javascript/convert.js HTTP/1.1" 304 -
180.162.115.227 - - [10/May/2023:11:51:57 +0800] "GET /xingrg/javascript/json2.js HTTP/1.1" 304 -
180.162.115.227 - - [10/May/2023:11:51:57 +0800] "GET /xingrg/javascript/print/kc_print.js HTTP/1.1" 304 -
180.162.115.227 - - [10/May/2023:11:51:57 +0800] "GET /xingrg/words/20230509115522_words.js HTTP/1.1" 200 963341
180.162.115.227 - - [10/May/2023:11:51:57 +0800] "GET /xingrg/javascript/easyui/themes/icons/ok.png HTTP/1.1" 304 -
180.162.115.227 - - [10/May/2023:11:51:57 +0800] "GET /xingrg/javascript/easyui/themes/icons/template_new.png HTTP/1.1" 304 -
180.162.115.227 - - [10/May/2023:11:51:57 +0800] "GET /xingrg/javascript/easyui/themes/icons/copy_new.png HTTP/1.1" 304 -
180.162.115.227 - - [10/May/2023:11:51:57 +0800] "GET /xingrg/javascript/easyui/themes/icons/print.png HTTP/1.1" 304 -
180.162.115.227 - - [10/May/2023:11:51:57 +0800] "GET /xingrg/javascript/easyui/themes/icons/cancel.png HTTP/1.1" 304 -
180.162.115.227 - - [10/May/2023:11:51:57 +0800] "GET /xingrg/javascript/easyui/themes/default/images/menu_downarrow.png HTTP/1.1" 304 -
180.162.115.227 - - [10/May/2023:11:51:57 +0800] "GET /xingrg/javascript/easyui/themes/default/validatebox.css HTTP/1.1" 404 1104
180.162.115.227 - - [10/May/2023:11:51:57 +0800] "GET /xingrg/javascript/easyui/plugins/jquery.validatebox.js HTTP/1.1" 304 -
180.162.115.227 - - [10/May/2023:11:51:57 +0800] "GET /xingrg/javascript/easyui/plugins/jquery.numberbox.js HTTP/1.1" 304 -
180.162.115.227 - - [10/May/2023:11:51:57 +0800] "POST /xingrg/kc/buy/cgsh_order_operate.html HTTP/1.1" 200 8245
180.162.115.227 - - [10/May/2023:11:51:58 +0800] "GET /xingrg/all/common/auto_word.html?type=employee&rest_code=00143 HTTP/1.1" 200 55
180.162.115.227 - - [10/May/2023:11:51:58 +0800] "GET /xingrg/javascript/easyui/themes/icons/edit_remove.png HTTP/1.1" 304 -
180.162.115.227 - - [10/May/2023:11:51:58 +0800] "GET /xingrg/all/common/auto_word.html?type=employee&rest_code=00143 HTTP/1.1" 200 55
116.227.208.255 - - [10/May/2023:11:51:59 +0800] "POST /xingrg/kc/buy/cgsh_order_operate.html HTTP/1.1" 200 6424
116.238.139.35 - - [10/May/2023:11:51:59 +0800] "GET /xingrg/kc/buy/cgsh_order_operate.html?command=get_materiel&rest_code=00150&code=00101002022&supplier_code=00100151&order_time=2023-05-10 HTTP/1.1" 200 409
116.227.208.255 - - [10/May/2023:11:52:00 +0800] "GET /xingrg/kc/print/load_config.html?kc_code=cgsh HTTP/1.1" 200 1925
116.227.208.255 - - [10/May/2023:11:52:00 +0800] "GET /xingrg/kc/print/load_data.html?order_code=212023051003492&kc_code=cgsh&condition= HTTP/1.1" 200 2310
116.227.208.255 - - [10/May/2023:11:52:05 +0800] "GET /xingrg/all/function/internal_message.html?_=1683690775784&CODE_STATE=getMsg HTTP/1.1" 200 27
116.227.208.255 - - [10/May/2023:11:52:06 +0800] "GET /xingrg/kc/mdqp/pssh_order_list.html HTTP/1.1" 200 17888
116.227.208.255 - - [10/May/2023:11:52:06 +0800] "POST /xingrg/kc/mdqp/pssh_list_operate.html HTTP/1.1" 200 5481
116.227.208.255 - - [10/May/2023:11:52:07 +0800] "POST /xingrg/kc/mdqp/pssh_list_operate.html HTTP/1.1" 200 271
116.227.208.255 - - [10/May/2023:11:52:08 +0800] "GET /xingrg/kc/mdqp/pssh_order_info.html?code=312023050800187 HTTP/1.1" 200 17303
116.227.208.255 - - [10/May/2023:11:52:08 +0800] "GET /xingrg/javascript/jquery_tools/jquery-1.4.2.min.js HTTP/1.1" 404 1094
116.227.208.255 - - [10/May/2023:11:52:09 +0800] "GET /xingrg/javascript/easyui/themes/default/validatebox.css HTTP/1.1" 404 1104
116.227.208.255 - - [10/May/2023:11:52:09 +0800] "GET /xingrg/all/common/auto_word.html?type=base&rest_code=00155&rest_code=00155 HTTP/1.1" 200 1857
116.227.208.255 - - [10/May/2023:11:52:09 +0800] "POST /xingrg/kc/mdqp/pssh_order_operate.html HTTP/1.1" 200 550
116.238.139.35 - - [10/May/2023:11:52:10 +0800] "POST /xingrg/kc/buy/cgsh_order_operate.html HTTP/1.1" 200 37
