172.20.0.100 - - [08/May/2023:11:02:41 +0800] "GET /xingrg/all/function/internal_message.html?_=1683514951027&CODE_STATE=getMsg HTTP/1.1" 200 27
116.224.106.218 - - [08/May/2023:11:02:43 +0800] "GET /xingrg/check_reg.html?_=1683514960097 HTTP/1.1" 200 22
116.224.158.100 - - [08/May/2023:11:02:47 +0800] "GET /xingrg/all/function/internal_message.html?_=1683514804336&CODE_STATE=getMsg HTTP/1.1" 200 27
180.169.147.146 - - [08/May/2023:11:02:47 +0800] "GET /xingrg/check_reg.html?_=1683514967372 HTTP/1.1" 200 22
180.169.147.146 - - [08/May/2023:11:02:47 +0800] "GET /xingrg/all/function/internal_message.html?_=1683514967373&CODE_STATE=getMsg HTTP/1.1" 200 27
116.237.75.226 - - [08/May/2023:11:02:48 +0800] "GET /xingrg/kc/base/wldb_order_operate.html?command=get_materiel&rest_code=00106&base_code=0010396&code=00101019183 HTTP/1.1" 200 449
124.79.240.114 - - [08/May/2023:11:02:51 +0800] "GET /xingrg/all/function/internal_message.html?_=1683515247184&CODE_STATE=getMsg HTTP/1.1" 200 27
124.78.71.183 - - [08/May/2023:11:02:52 +0800] "GET /xingrg/kc/buy/cgsh_order_operate.html?command=get_materiel&rest_code=00141&code=00101019492&supplier_code=00100030&order_time=2023-05-08 HTTP/1.1" 200 457
116.237.75.226 - - [08/May/2023:11:02:56 +0800] "GET /xingrg/all/function/internal_message.html?_=1683514975928&CODE_STATE=getMsg HTTP/1.1" 200 27
180.169.147.146 - - [08/May/2023:11:02:56 +0800] "GET /xingrg/all/function/internal_message.html?_=1683514976499&CODE_STATE=getMsg HTTP/1.1" 200 27
180.169.147.146 - - [08/May/2023:11:02:58 +0800] "GET /xingrg/all/function/internal_message.html?_=1683514978871&CODE_STATE=getMsg HTTP/1.1" 200 27
116.237.75.226 - - [08/May/2023:11:02:59 +0800] "GET /xingrg/kc/base/wldb_order_operate.html?command=get_materiel&rest_code=00106&base_code=0010396&code=00101016044 HTTP/1.1" 200 466
116.238.139.35 - - [08/May/2023:11:02:59 +0800] "GET /xingrg/check_reg.html?_=1683514978591 HTTP/1.1" 200 22
116.238.139.35 - - [08/May/2023:11:02:59 +0800] "GET /xingrg/all/function/internal_message.html?_=1683514978594&CODE_STATE=getMsg HTTP/1.1" 200 27
116.237.75.226 - - [08/May/2023:11:03:08 +0800] "GET /xingrg/kc/buy/cgsh_order_add.html HTTP/1.1" 200 71177
116.237.75.226 - - [08/May/2023:11:03:08 +0800] "POST /xingrg/kc/base/wldb_order_operate.html HTTP/1.1" 200 37
116.237.75.226 - - [08/May/2023:11:03:09 +0800] "GET /xingrg/javascript/easyui/themes/default/validatebox.css HTTP/1.1" 404 1104
116.237.75.226 - - [08/May/2023:11:03:09 +0800] "POST /xingrg/kc/buy/cgsh_order_operate.html HTTP/1.1" 200 8245
116.237.75.226 - - [08/May/2023:11:03:09 +0800] "POST /xingrg/kc/base/wldb_order_operate.html HTTP/1.1" 200 7213
116.237.75.226 - - [08/May/2023:11:03:10 +0800] "GET /xingrg/kc/base/wldb_order_info.html?code=422023050800581 HTTP/1.1" 200 30396
116.237.75.226 - - [08/May/2023:11:03:11 +0800] "GET /xingrg/javascript/easyui/themes/default/tree.css HTTP/1.1" 404 1090
116.237.75.226 - - [08/May/2023:11:03:11 +0800] "GET /xingrg/javascript/easyui/themes/default/validatebox.css HTTP/1.1" 404 1104
124.78.71.183 - - [08/May/2023:11:03:11 +0800] "GET /xingrg/all/function/internal_message.html?_=1683514513024&CODE_STATE=getMsg HTTP/1.1" 200 27
116.237.75.226 - - [08/May/2023:11:03:11 +0800] "POST /xingrg/all/common/load_tree.html?tree=supplier_tree_json&isDelete=1 HTTP/1.1" 200 73603
116.237.75.226 - - [08/May/2023:11:03:12 +0800] "POST /xingrg/kc/base/wldb_order_operate.html HTTP/1.1" 200 7213
114.83.223.118 - - [08/May/2023:11:03:13 +0800] "GET /xingrg/all/function/internal_message.html?_=1683514993227&CODE_STATE=getMsg HTTP/1.1" 200 27
120.253.135.82 - - [08/May/2023:11:03:14 +0800] "GET /xingrg/all/function/internal_message.html?_=1683515131613&CODE_STATE=getMsg HTTP/1.1" 302 -
120.253.135.82 - - [08/May/2023:11:03:14 +0800] "GET /xingrg/check_reg.html?_=1683515131614 HTTP/1.1" 302 -
120.253.135.82 - - [08/May/2023:11:03:14 +0800] "GET /xingrg/login.html HTTP/1.1" 200 7641
120.253.135.82 - - [08/May/2023:11:03:14 +0800] "GET /xingrg/login.html HTTP/1.1" 200 7641
116.237.75.226 - - [08/May/2023:11:03:16 +0800] "GET /xingrg/kc/base/wldb_order_add.html HTTP/1.1" 200 30381
116.237.75.226 - - [08/May/2023:11:03:16 +0800] "POST /xingrg/kc/base/wldb_order_operate.html HTTP/1.1" 200 6806
116.237.75.226 - - [08/May/2023:11:03:16 +0800] "GET /xingrg/javascript/easyui/themes/default/validatebox.css HTTP/1.1" 404 1104
116.235.240.234 - - [08/May/2023:11:03:19 +0800] "GET /xingrg/all/function/internal_message.html?_=1683515000870&CODE_STATE=getMsg HTTP/1.1" 200 27
116.237.75.226 - - [08/May/2023:11:03:20 +0800] "POST /xingrg/all/common/load_combo.html?type=base HTTP/1.1" 200 3227
124.78.71.183 - - [08/May/2023:11:03:21 +0800] "GET /xingrg/kc/buy/cgsh_order_operate.html?command=get_materiel&rest_code=00141&code=00101016083&supplier_code=00100030&order_time=2023-05-08 HTTP/1.1" 200 447
180.163.30.85 - - [08/May/2023:11:03:22 +0800] "GET /xingrg/kc/print/load_data.html?order_code=212023050802616&kc_code=cgsh&condition= HTTP/1.1" 302 -
180.163.30.85 - - [08/May/2023:11:03:22 +0800] "GET /xingrg/login.html HTTP/1.1" 200 7641
116.238.139.35 - - [08/May/2023:11:03:25 +0800] "GET /xingrg/all/function/internal_message.html?_=1683514938607&CODE_STATE=getMsg HTTP/1.1" 200 27
120.253.135.82 - - [08/May/2023:11:03:26 +0800] "GET /xingrg/all/function/internal_message.html?_=1683514842855&CODE_STATE=getMsg HTTP/1.1" 200 27
116.237.75.226 - - [08/May/2023:11:03:26 +0800] "GET /xingrg/kc/buy/cgsh_order_operate.html?command=get_materiel&rest_code=00106&code=00101007033&supplier_code=00100002&order_time=2023-05-08 HTTP/1.1" 200 419
116.237.75.226 - - [08/May/2023:11:03:26 +0800] "POST /xingrg/all/common/load_combo.html?type=base HTTP/1.1" 200 3227
116.224.158.100 - - [08/May/2023:11:03:26 +0800] "GET /xingrg/all/function/internal_message.html?_=1683515005705&CODE_STATE=getMsg HTTP/1.1" 200 27
180.164.3.199 - - [08/May/2023:11:03:27 +0800] "GET /xingrg/all/function/internal_message.html?_=1683515006691&CODE_STATE=getMsg HTTP/1.1" 200 27
116.224.158.100 - - [08/May/2023:11:03:29 +0800] "GET /xingrg/check_reg.html?_=1683515007850 HTTP/1.1" 200 22
180.171.122.0 - - [08/May/2023:11:03:29 +0800] "GET /xingrg/all/function/internal_message.html?_=1683515009307&CODE_STATE=getMsg HTTP/1.1" 200 27
116.224.106.218 - - [08/May/2023:11:03:30 +0800] "GET /xingrg/all/function/internal_message.html?_=1683515006852&CODE_STATE=getMsg HTTP/1.1" 200 27
180.171.122.0 - - [08/May/2023:11:03:30 +0800] "GET /xingrg/all/function/internal_message.html?_=1683515336956&CODE_STATE=getMsg HTTP/1.1" 200 27
116.227.208.255 - - [08/May/2023:11:03:33 +0800] "GET /xingrg/all/function/internal_message.html?_=1683515068212&CODE_STATE=getMsg HTTP/1.1" 200 27
180.174.237.47 - - [08/May/2023:11:03:34 +0800] "GET /xingrg/check_reg.html?_=1683515015151 HTTP/1.1" 200 22
116.237.75.226 - - [08/May/2023:11:03:37 +0800] "GET /xingrg/check_reg.html?_=1683515017488 HTTP/1.1" 200 22
116.237.75.226 - - [08/May/2023:11:03:37 +0800] "GET /xingrg/all/function/internal_message.html?_=1683515017492&CODE_STATE=getMsg HTTP/1.1" 200 27
124.78.71.183 - - [08/May/2023:11:03:39 +0800] "POST /xingrg/kc/buy/cgsh_order_operate.html HTTP/1.1" 200 37
172.20.0.100 - - [08/May/2023:11:03:41 +0800] "GET /xingrg/all/function/internal_message.html?_=1683515011015&CODE_STATE=getMsg HTTP/1.1" 200 27
116.237.75.226 - - [08/May/2023:11:03:45 +0800] "GET /xingrg/kc/base/wldb_order_operate.html?command=get_materiel&rest_code=00106&base_code=0010396&code=00101019071 HTTP/1.1" 200 471
116.224.158.100 - - [08/May/2023:11:03:47 +0800] "GET /xingrg/all/function/internal_message.html?_=1683514864337&CODE_STATE=getMsg HTTP/1.1" 200 27
180.169.147.146 - - [08/May/2023:11:03:47 +0800] "GET /xingrg/all/function/internal_message.html?_=1683515027379&CODE_STATE=getMsg HTTP/1.1" 200 27
116.235.240.234 - - [08/May/2023:11:03:48 +0800] "POST /xingrg/kc/buy/cgsh_order_operate.html HTTP/1.1" 200 37
124.78.71.183 - - [08/May/2023:11:03:50 +0800] "POST /xingrg/kc/buy/cgsh_order_operate.html HTTP/1.1" 200 12
124.79.240.114 - - [08/May/2023:11:03:51 +0800] "GET /xingrg/all/function/internal_message.html?_=1683515307199&CODE_STATE=getMsg HTTP/1.1" 200 27
124.79.240.114 - - [08/May/2023:11:03:51 +0800] "GET /xingrg/check_reg.html?_=1683515307200 HTTP/1.1" 200 22
116.235.240.234 - - [08/May/2023:11:03:53 +0800] "POST /xingrg/kc/buy/cgsh_order_operate.html HTTP/1.1" 200 28091
124.78.71.183 - - [08/May/2023:11:03:53 +0800] "GET /xingrg/kc/buy/cgsh_order_info.html?code=212023050802617 HTTP/1.1" 200 66086
124.78.71.183 - - [08/May/2023:11:03:53 +0800] "GET /xingrg/javascript/easyui/themes/default/validatebox.css HTTP/1.1" 404 1104
124.78.71.183 - - [08/May/2023:11:03:54 +0800] "POST /xingrg/kc/buy/cgsh_order_operate.html HTTP/1.1" 200 1239
116.237.75.226 - - [08/May/2023:11:03:56 +0800] "GET /xingrg/all/function/internal_message.html?_=1683515035914&CODE_STATE=getMsg HTTP/1.1" 200 27
116.235.240.234 - - [08/May/2023:11:03:56 +0800] "GET /xingrg/kc/print/load_config.html?kc_code=cgsh HTTP/1.1" 200 1925
180.169.147.146 - - [08/May/2023:11:03:56 +0800] "GET /xingrg/all/function/internal_message.html?_=1683515036493&CODE_STATE=getMsg HTTP/1.1" 200 27
116.237.75.226 - - [08/May/2023:11:03:56 +0800] "GET /xingrg/kc/base/wldb_order_operate.html?command=get_materiel&rest_code=00106&base_code=0010396&code=00101019405 HTTP/1.1" 200 482
116.235.240.234 - - [08/May/2023:11:03:57 +0800] "GET /xingrg/kc/print/load_data.html?order_code=212023050802580&kc_code=cgsh&condition= HTTP/1.1" 200 10344
180.169.147.146 - - [08/May/2023:11:03:58 +0800] "GET /xingrg/all/function/internal_message.html?_=1683515038856&CODE_STATE=getMsg HTTP/1.1" 200 27
180.169.147.146 - - [08/May/2023:11:03:58 +0800] "GET /xingrg/check_reg.html?_=1683515038921 HTTP/1.1" 200 22
116.238.139.35 - - [08/May/2023:11:03:59 +0800] "GET /xingrg/all/function/internal_message.html?_=1683515038589&CODE_STATE=getMsg HTTP/1.1" 200 27
124.78.71.183 - - [08/May/2023:11:04:00 +0800] "GET /xingrg/kc/print/load_data.html?order_code=212023050802617&kc_code=cgsh&condition= HTTP/1.1" 200 1024
116.235.240.234 - - [08/May/2023:11:04:07 +0800] "GET /xingrg/kc/buy/cgsh_order_add.html HTTP/1.1" 200 71177
116.235.240.234 - - [08/May/2023:11:04:08 +0800] "POST /xingrg/kc/buy/cgsh_order_operate.html HTTP/1.1" 200 8245
116.235.240.234 - - [08/May/2023:11:04:08 +0800] "GET /xingrg/javascript/easyui/themes/default/validatebox.css HTTP/1.1" 404 1104
124.78.71.183 - - [08/May/2023:11:04:11 +0800] "GET /xingrg/all/function/internal_message.html?_=1683514572976&CODE_STATE=getMsg HTTP/1.1" 200 27
114.83.223.118 - - [08/May/2023:11:04:13 +0800] "GET /xingrg/all/function/internal_message.html?_=1683515053204&CODE_STATE=getMsg HTTP/1.1" 200 27
116.235.240.234 - - [08/May/2023:11:04:14 +0800] "GET /xingrg/javascript/jquery_tools/images/prev.gif HTTP/1.1" 404 1086
116.235.240.234 - - [08/May/2023:11:04:14 +0800] "GET /xingrg/javascript/jquery_tools/images/next.gif HTTP/1.1" 404 1086
120.253.135.82 - - [08/May/2023:11:04:14 +0800] "GET /xingrg/all/function/internal_message.html?_=1683515191615&CODE_STATE=getMsg HTTP/1.1" 302 -
120.253.135.82 - - [08/May/2023:11:04:14 +0800] "GET /xingrg/login.html HTTP/1.1" 200 7641
116.237.75.226 - - [08/May/2023:11:04:16 +0800] "GET /xingrg/kc/base/wldb_order_operate.html?command=get_materiel&rest_code=00106&base_code=0010396&code=00101019243 HTTP/1.1" 200 466
116.235.240.234 - - [08/May/2023:11:04:19 +0800] "GET /xingrg/all/function/internal_message.html?_=1683515060875&CODE_STATE=getMsg HTTP/1.1" 200 27
116.235.240.234 - - [08/May/2023:11:04:24 +0800] "GET /xingrg/kc/buy/cgsh_order_operate.html?command=get_materiel&rest_code=00146&code=00101010161&supplier_code=00100041&order_time=2023-05-08 HTTP/1.1" 200 409
116.238.139.35 - - [08/May/2023:11:04:25 +0800] "GET /xingrg/all/function/internal_message.html?_=1683514998621&CODE_STATE=getMsg HTTP/1.1" 200 27
120.253.135.82 - - [08/May/2023:11:04:26 +0800] "GET /xingrg/all/function/internal_message.html?_=1683514902871&CODE_STATE=getMsg HTTP/1.1" 200 27
116.224.158.100 - - [08/May/2023:11:04:26 +0800] "GET /xingrg/all/function/internal_message.html?_=1683515065684&CODE_STATE=getMsg HTTP/1.1" 200 27
180.164.3.199 - - [08/May/2023:11:04:27 +0800] "GET /xingrg/all/function/internal_message.html?_=1683515066698&CODE_STATE=getMsg HTTP/1.1" 200 27
180.171.122.0 - - [08/May/2023:11:04:29 +0800] "GET /xingrg/all/function/internal_message.html?_=1683515069289&CODE_STATE=getMsg HTTP/1.1" 200 27
116.224.106.218 - - [08/May/2023:11:04:30 +0800] "GET /xingrg/all/function/internal_message.html?_=1683515066836&CODE_STATE=getMsg HTTP/1.1" 200 27
180.171.122.0 - - [08/May/2023:11:04:30 +0800] "GET /xingrg/check_reg.html?_=1683515070163 HTTP/1.1" 200 22
180.171.122.0 - - [08/May/2023:11:04:30 +0800] "GET /xingrg/all/function/internal_message.html?_=1683515396945&CODE_STATE=getMsg HTTP/1.1" 200 27
116.227.208.255 - - [08/May/2023:11:04:33 +0800] "GET /xingrg/all/function/internal_message.html?_=1683515128219&CODE_STATE=getMsg HTTP/1.1" 200 27
116.237.75.226 - - [08/May/2023:11:04:35 +0800] "GET /xingrg/kc/base/wldb_order_operate.html?command=get_materiel&rest_code=00106&base_code=0010396&code=00101019359 HTTP/1.1" 200 461
116.237.75.226 - - [08/May/2023:11:04:37 +0800] "GET /xingrg/all/function/internal_message.html?_=1683515077476&CODE_STATE=getMsg HTTP/1.1" 200 27
124.78.71.183 - - [08/May/2023:11:04:37 +0800] "GET /xingrg/kc/mdqp/qp_main.html HTTP/1.1" 200 10633
124.78.71.183 - - [08/May/2023:11:04:38 +0800] "GET /xingrg/images/yd/bt.gif HTTP/1.1" 404 1040
124.78.71.183 - - [08/May/2023:11:04:40 +0800] "GET /xingrg/kc/mdqp/pssh_order_list.html HTTP/1.1" 200 17844
124.78.71.183 - - [08/May/2023:11:04:41 +0800] "POST /xingrg/kc/mdqp/pssh_list_operate.html HTTP/1.1" 200 5223
116.235.240.234 - - [08/May/2023:11:04:41 +0800] "GET /xingrg/kc/buy/cgsh_order_operate.html?command=get_materiel&rest_code=00146&code=00101005037&supplier_code=00100041&order_time=2023-05-08 HTTP/1.1" 200 409
172.20.0.100 - - [08/May/2023:11:04:41 +0800] "GET /xingrg/all/function/internal_message.html?_=1683515071016&CODE_STATE=getMsg HTTP/1.1" 200 27
172.20.0.100 - - [08/May/2023:11:04:41 +0800] "GET /xingrg/check_reg.html?_=1683515071020 HTTP/1.1" 200 22
116.237.75.226 - - [08/May/2023:11:04:41 +0800] "GET /xingrg/kc/buy/cgsh_order_operate.html?command=get_materiel&rest_code=00106&code=00101007076&supplier_code=00100002&order_time=2023-05-08 HTTP/1.1" 200 409
116.224.158.100 - - [08/May/2023:11:04:47 +0800] "GET /xingrg/all/function/internal_message.html?_=1683514924346&CODE_STATE=getMsg HTTP/1.1" 200 27
180.169.147.146 - - [08/May/2023:11:04:47 +0800] "GET /xingrg/all/function/internal_message.html?_=1683515087395&CODE_STATE=getMsg HTTP/1.1" 200 27
116.235.240.234 - - [08/May/2023:11:04:51 +0800] "GET /xingrg/kc/buy/cgsh_order_operate.html?command=get_materiel&rest_code=00146&code=00101018019&supplier_code=00100041&order_time=2023-05-08 HTTP/1.1" 200 421
124.79.240.114 - - [08/May/2023:11:04:51 +0800] "GET /xingrg/all/function/internal_message.html?_=1683515367197&CODE_STATE=getMsg HTTP/1.1" 200 27
116.237.75.226 - - [08/May/2023:11:04:53 +0800] "GET /xingrg/kc/buy/cgsh_order_operate.html?command=get_materiel&rest_code=00106&code=00101007049&supplier_code=00100002&order_time=2023-05-08 HTTP/1.1" 200 409
116.237.75.226 - - [08/May/2023:11:04:56 +0800] "GET /xingrg/all/function/internal_message.html?_=1683515096025&CODE_STATE=getMsg HTTP/1.1" 200 27
180.169.147.146 - - [08/May/2023:11:04:56 +0800] "GET /xingrg/all/function/internal_message.html?_=1683515096507&CODE_STATE=getMsg HTTP/1.1" 200 27
180.169.147.146 - - [08/May/2023:11:04:58 +0800] "GET /xingrg/all/function/internal_message.html?_=1683515098827&CODE_STATE=getMsg HTTP/1.1" 200 27
116.238.139.35 - - [08/May/2023:11:04:59 +0800] "GET /xingrg/all/function/internal_message.html?_=1683515098590&CODE_STATE=getMsg HTTP/1.1" 200 27
116.237.75.226 - - [08/May/2023:11:05:01 +0800] "GET /xingrg/kc/buy/cgsh_order_operate.html?command=get_materiel&rest_code=00106&code=00101007038&supplier_code=00100002&order_time=2023-05-08 HTTP/1.1" 200 422
116.235.240.234 - - [08/May/2023:11:05:01 +0800] "GET /xingrg/kc/buy/cgsh_order_operate.html?command=get_materiel&rest_code=00146&code=00101018011&supplier_code=00100041&order_time=2023-05-08 HTTP/1.1" 200 413
124.78.71.183 - - [08/May/2023:11:05:11 +0800] "GET /xingrg/all/function/internal_message.html?_=1683514632819&CODE_STATE=getMsg HTTP/1.1" 200 27
124.78.71.183 - - [08/May/2023:11:05:12 +0800] "GET /xingrg/check_reg.html?_=1683514633959 HTTP/1.1" 200 22
114.83.223.118 - - [08/May/2023:11:05:13 +0800] "GET /xingrg/all/function/internal_message.html?_=1683515113182&CODE_STATE=getMsg HTTP/1.1" 200 27
120.253.135.82 - - [08/May/2023:11:05:14 +0800] "GET /xingrg/all/function/internal_message.html?_=1683515251618&CODE_STATE=getMsg HTTP/1.1" 302 -
120.253.135.82 - - [08/May/2023:11:05:14 +0800] "GET /xingrg/login.html HTTP/1.1" 200 7641
116.235.240.234 - - [08/May/2023:11:05:14 +0800] "GET /xingrg/kc/buy/cgsh_order_operate.html?command=get_materiel&rest_code=00146&code=00101001075&supplier_code=00100041&order_time=2023-05-08 HTTP/1.1" 200 409
116.237.75.226 - - [08/May/2023:11:05:15 +0800] "GET /xingrg/kc/buy/cgsh_order_operate.html?command=get_materiel&rest_code=00106&code=00101007048&supplier_code=00100002&order_time=2023-05-08 HTTP/1.1" 200 410
116.235.240.234 - - [08/May/2023:11:05:18 +0800] "GET /xingrg/check_reg.html?_=1683515120532 HTTP/1.1" 200 22
116.235.240.234 - - [08/May/2023:11:05:19 +0800] "GET /xingrg/all/function/internal_message.html?_=1683515120888&CODE_STATE=getMsg HTTP/1.1" 200 27
116.238.139.35 - - [08/May/2023:11:05:25 +0800] "GET /xingrg/all/function/internal_message.html?_=1683515058679&CODE_STATE=getMsg HTTP/1.1" 200 27
120.253.135.82 - - [08/May/2023:11:05:26 +0800] "GET /xingrg/all/function/internal_message.html?_=1683514962882&CODE_STATE=getMsg HTTP/1.1" 200 27
116.224.158.100 - - [08/May/2023:11:05:26 +0800] "GET /xingrg/all/function/internal_message.html?_=1683515125683&CODE_STATE=getMsg HTTP/1.1" 200 27
116.235.240.234 - - [08/May/2023:11:05:27 +0800] "GET /xingrg/kc/buy/cgsh_order_operate.html?command=get_materiel&rest_code=00146&code=00101003025&supplier_code=00100041&order_time=2023-05-08 HTTP/1.1" 200 409
180.164.3.199 - - [08/May/2023:11:05:27 +0800] "GET /xingrg/all/function/internal_message.html?_=1683515126692&CODE_STATE=getMsg HTTP/1.1" 200 27
180.171.122.0 - - [08/May/2023:11:05:29 +0800] "GET /xingrg/all/function/internal_message.html?_=1683515129272&CODE_STATE=getMsg HTTP/1.1" 200 27
116.224.106.218 - - [08/May/2023:11:05:30 +0800] "GET /xingrg/all/function/internal_message.html?_=1683515126820&CODE_STATE=getMsg HTTP/1.1" 200 27
180.171.122.0 - - [08/May/2023:11:05:30 +0800] "GET /xingrg/all/function/internal_message.html?_=1683515456955&CODE_STATE=getMsg HTTP/1.1" 200 27
116.227.208.255 - - [08/May/2023:11:05:33 +0800] "GET /xingrg/all/function/internal_message.html?_=1683515188215&CODE_STATE=getMsg HTTP/1.1" 200 27
116.237.75.226 - - [08/May/2023:11:05:35 +0800] "POST /xingrg/kc/buy/cgsh_order_operate.html HTTP/1.1" 200 37
116.237.75.226 - - [08/May/2023:11:05:37 +0800] "GET /xingrg/all/function/internal_message.html?_=1683515137476&CODE_STATE=getMsg HTTP/1.1" 200 27
116.235.240.234 - - [08/May/2023:11:05:40 +0800] "POST /xingrg/kc/buy/cgsh_order_operate.html HTTP/1.1" 200 37
172.20.0.100 - - [08/May/2023:11:05:41 +0800] "GET /xingrg/all/function/internal_message.html?_=1683515131020&CODE_STATE=getMsg HTTP/1.1" 200 27
116.235.240.234 - - [08/May/2023:11:05:43 +0800] "POST /xingrg/kc/buy/cgsh_order_operate.html HTTP/1.1" 200 5612
116.235.240.234 - - [08/May/2023:11:05:46 +0800] "GET /xingrg/kc/print/load_data.html?order_code=212023050802619&kc_code=cgsh&condition= HTTP/1.1" 200 1821
116.237.75.226 - - [08/May/2023:11:05:47 +0800] "POST /xingrg/kc/buy/cgsh_order_operate.html HTTP/1.1" 200 12
116.224.158.100 - - [08/May/2023:11:05:47 +0800] "GET /xingrg/check_reg.html?_=1683514984335 HTTP/1.1" 200 22
116.224.158.100 - - [08/May/2023:11:05:47 +0800] "GET /xingrg/all/function/internal_message.html?_=1683514984338&CODE_STATE=getMsg HTTP/1.1" 200 27
180.169.147.146 - - [08/May/2023:11:05:47 +0800] "GET /xingrg/all/function/internal_message.html?_=1683515147390&CODE_STATE=getMsg HTTP/1.1" 200 27
116.237.75.226 - - [08/May/2023:11:05:50 +0800] "GET /xingrg/kc/buy/cgsh_order_info.html?code=212023050802618 HTTP/1.1" 200 66088
116.237.75.226 - - [08/May/2023:11:05:50 +0800] "GET /xingrg/javascript/easyui/themes/default/validatebox.css HTTP/1.1" 404 1104
116.237.75.226 - - [08/May/2023:11:05:51 +0800] "POST /xingrg/kc/buy/cgsh_order_operate.html HTTP/1.1" 200 2974
124.79.240.114 - - [08/May/2023:11:05:51 +0800] "GET /xingrg/all/function/internal_message.html?_=1683515427196&CODE_STATE=getMsg HTTP/1.1" 200 27
116.235.240.234 - - [08/May/2023:11:05:53 +0800] "GET /xingrg/kc/buy/cgsh_order_add.html HTTP/1.1" 200 71177
172.20.0.100 - - [08/May/2023:11:05:54 +0800] "GET /xingrg/check_reg.html?_=1683515155235 HTTP/1.1" 302 -
116.235.240.234 - - [08/May/2023:11:05:54 +0800] "POST /xingrg/kc/buy/cgsh_order_operate.html HTTP/1.1" 200 8245
116.235.240.234 - - [08/May/2023:11:05:54 +0800] "GET /xingrg/javascript/easyui/themes/default/validatebox.css HTTP/1.1" 404 1104
116.237.75.226 - - [08/May/2023:11:05:56 +0800] "GET /xingrg/all/function/internal_message.html?_=1683515156008&CODE_STATE=getMsg HTTP/1.1" 200 27
180.169.147.146 - - [08/May/2023:11:05:56 +0800] "GET /xingrg/all/function/internal_message.html?_=1683515156501&CODE_STATE=getMsg HTTP/1.1" 200 27
180.169.147.146 - - [08/May/2023:11:05:58 +0800] "GET /xingrg/all/function/internal_message.html?_=1683515158811&CODE_STATE=getMsg HTTP/1.1" 200 27
116.238.139.35 - - [08/May/2023:11:05:59 +0800] "GET /xingrg/all/function/internal_message.html?_=1683515158592&CODE_STATE=getMsg HTTP/1.1" 200 27
116.237.75.226 - - [08/May/2023:11:06:00 +0800] "GET /xingrg/kc/print/load_data.html?order_code=212023050802618&kc_code=cgsh&condition= HTTP/1.1" 200 1676
116.237.75.226 - - [08/May/2023:11:06:03 +0800] "POST /xingrg/kc/base/wldb_order_operate.html HTTP/1.1" 200 37
116.237.75.226 - - [08/May/2023:11:06:04 +0800] "POST /xingrg/kc/base/wldb_order_operate.html HTTP/1.1" 200 4221
116.237.75.226 - - [08/May/2023:11:06:07 +0800] "GET /xingrg/kc/print/load_data.html?order_code=212023050802618&kc_code=cgsh HTTP/1.1" 200 1676
116.235.240.234 - - [08/May/2023:11:06:08 +0800] "GET /xingrg/kc/buy/cgsh_order_operate.html?command=get_materiel&rest_code=00146&code=00101012025&supplier_code=00100033&order_time=2023-05-08 HTTP/1.1" 200 412
124.78.71.183 - - [08/May/2023:11:06:11 +0800] "GET /xingrg/all/function/internal_message.html?_=1683514692796&CODE_STATE=getMsg HTTP/1.1" 200 27
114.83.223.118 - - [08/May/2023:11:06:13 +0800] "GET /xingrg/all/function/internal_message.html?_=1683515173167&CODE_STATE=getMsg HTTP/1.1" 200 27
120.253.135.82 - - [08/May/2023:11:06:14 +0800] "GET /xingrg/all/function/internal_message.html?_=1683515311659&CODE_STATE=getMsg HTTP/1.1" 302 -
120.253.135.82 - - [08/May/2023:11:06:14 +0800] "GET /xingrg/login.html HTTP/1.1" 200 7641
116.235.240.234 - - [08/May/2023:11:06:19 +0800] "GET /xingrg/all/function/internal_message.html?_=1683515180901&CODE_STATE=getMsg HTTP/1.1" 200 27
116.235.240.234 - - [08/May/2023:11:06:22 +0800] "GET /xingrg/kc/buy/cgsh_order_operate.html?command=get_materiel&rest_code=00146&code=00101016080&supplier_code=00100033&order_time=2023-05-08 HTTP/1.1" 200 408
120.253.135.82 - - [08/May/2023:11:06:25 +0800] "GET /xingrg/check_reg.html?_=1683515022209 HTTP/1.1" 200 22
116.238.139.35 - - [08/May/2023:11:06:25 +0800] "GET /xingrg/all/function/internal_message.html?_=1683515118696&CODE_STATE=getMsg HTTP/1.1" 200 27
120.253.135.82 - - [08/May/2023:11:06:26 +0800] "GET /xingrg/all/function/internal_message.html?_=1683515022896&CODE_STATE=getMsg HTTP/1.1" 200 27
116.224.158.100 - - [08/May/2023:11:06:26 +0800] "GET /xingrg/all/function/internal_message.html?_=1683515185657&CODE_STATE=getMsg HTTP/1.1" 200 27
180.164.3.199 - - [08/May/2023:11:06:27 +0800] "GET /xingrg/all/function/internal_message.html?_=1683515186698&CODE_STATE=getMsg HTTP/1.1" 200 27
180.164.3.199 - - [08/May/2023:11:06:27 +0800] "GET /xingrg/check_reg.html?_=1683515186699 HTTP/1.1" 200 22
180.171.122.0 - - [08/May/2023:11:06:29 +0800] "GET /xingrg/all/function/internal_message.html?_=1683515189256&CODE_STATE=getMsg HTTP/1.1" 200 27
116.224.106.218 - - [08/May/2023:11:06:30 +0800] "GET /xingrg/all/function/internal_message.html?_=1683515186811&CODE_STATE=getMsg HTTP/1.1" 200 27
180.171.122.0 - - [08/May/2023:11:06:30 +0800] "GET /xingrg/all/function/internal_message.html?_=1683515516951&CODE_STATE=getMsg HTTP/1.1" 200 27
180.171.122.0 - - [08/May/2023:11:06:30 +0800] "GET /xingrg/check_reg.html?_=1683515516952 HTTP/1.1" 200 22
116.227.208.255 - - [08/May/2023:11:06:33 +0800] "GET /xingrg/all/function/internal_message.html?_=1683515248218&CODE_STATE=getMsg HTTP/1.1" 200 27
116.237.75.226 - - [08/May/2023:11:06:33 +0800] "GET /xingrg/kc/buy/cgsh_order_add.html HTTP/1.1" 200 71177
116.235.240.234 - - [08/May/2023:11:06:33 +0800] "GET /xingrg/kc/buy/cgsh_order_operate.html?command=get_materiel&rest_code=00146&code=00101016025&supplier_code=00100033&order_time=2023-05-08 HTTP/1.1" 200 408
116.237.75.226 - - [08/May/2023:11:06:34 +0800] "POST /xingrg/kc/buy/cgsh_order_operate.html HTTP/1.1" 200 8245
116.237.75.226 - - [08/May/2023:11:06:34 +0800] "GET /xingrg/javascript/easyui/themes/default/validatebox.css HTTP/1.1" 404 1104
116.237.75.226 - - [08/May/2023:11:06:34 +0800] "GET /xingrg/javascript/easyui/themes/default/tree.css HTTP/1.1" 404 1090
124.78.71.183 - - [08/May/2023:11:06:34 +0800] "POST /xingrg/kc/mdqp/pssh_list_operate.html HTTP/1.1" 200 752
116.237.75.226 - - [08/May/2023:11:06:35 +0800] "POST /xingrg/all/common/load_tree.html?tree=supplier_tree_json&isDelete=1 HTTP/1.1" 200 73603
124.78.71.183 - - [08/May/2023:11:06:36 +0800] "GET /xingrg/kc/mdqp/pssh_order_info.html?code=312023050600134 HTTP/1.1" 200 17303
124.78.71.183 - - [08/May/2023:11:06:36 +0800] "GET /xingrg/javascript/jquery_tools/jquery-1.4.2.min.js HTTP/1.1" 404 1094
124.78.71.183 - - [08/May/2023:11:06:36 +0800] "GET /xingrg/javascript/easyui/themes/icons/back_new.png HTTP/1.1" 200 3414
124.78.71.183 - - [08/May/2023:11:06:36 +0800] "GET /xingrg/javascript/easyui/themes/default/validatebox.css HTTP/1.1" 404 1104
124.78.71.183 - - [08/May/2023:11:06:36 +0800] "GET /xingrg/all/common/auto_word.html?type=base&rest_code=00141&rest_code=00141 HTTP/1.1" 200 1799
124.78.71.183 - - [08/May/2023:11:06:36 +0800] "POST /xingrg/kc/mdqp/pssh_order_operate.html HTTP/1.1" 200 7311
172.20.0.100 - - [08/May/2023:11:06:41 +0800] "GET /xingrg/all/function/internal_message.html?_=1683515191023&CODE_STATE=getMsg HTTP/1.1" 200 27
116.224.158.100 - - [08/May/2023:11:06:47 +0800] "GET /xingrg/all/function/internal_message.html?_=1683515044344&CODE_STATE=getMsg HTTP/1.1" 200 27
180.169.147.146 - - [08/May/2023:11:06:47 +0800] "GET /xingrg/all/function/internal_message.html?_=1683515207384&CODE_STATE=getMsg HTTP/1.1" 200 27
116.237.75.226 - - [08/May/2023:11:06:48 +0800] "GET /xingrg/kc/buy/cgsh_order_operate.html?command=get_materiel&rest_code=00106&code=00101012025&supplier_code=00100032&order_time=2023-05-08 HTTP/1.1" 200 412
116.235.240.234 - - [08/May/2023:11:06:51 +0800] "GET /xingrg/kc/buy/cgsh_order_operate.html?command=get_materiel&rest_code=00146&code=00101016057&supplier_code=00100033&order_time=2023-05-08 HTTP/1.1" 200 409
124.79.240.114 - - [08/May/2023:11:06:51 +0800] "GET /xingrg/all/function/internal_message.html?_=1683515487193&CODE_STATE=getMsg HTTP/1.1" 200 27
116.237.75.226 - - [08/May/2023:11:06:56 +0800] "GET /xingrg/all/function/internal_message.html?_=1683515215991&CODE_STATE=getMsg HTTP/1.1" 200 27
180.169.147.146 - - [08/May/2023:11:06:56 +0800] "GET /xingrg/all/function/internal_message.html?_=1683515216499&CODE_STATE=getMsg HTTP/1.1" 200 27
180.169.147.146 - - [08/May/2023:11:06:56 +0800] "GET /xingrg/check_reg.html?_=1683515216501 HTTP/1.1" 200 22
116.237.75.226 - - [08/May/2023:11:06:56 +0800] "GET /xingrg/check_reg.html?_=1683515216606 HTTP/1.1" 200 22
180.169.147.146 - - [08/May/2023:11:06:58 +0800] "GET /xingrg/all/function/internal_message.html?_=1683515218796&CODE_STATE=getMsg HTTP/1.1" 200 27
116.238.139.35 - - [08/May/2023:11:06:59 +0800] "GET /xingrg/all/function/internal_message.html?_=1683515218582&CODE_STATE=getMsg HTTP/1.1" 200 27
116.237.75.226 - - [08/May/2023:11:07:00 +0800] "GET /xingrg/kc/buy/cgsh_order_operate.html?command=get_materiel&rest_code=00106&code=00101016030&supplier_code=00100032&order_time=2023-05-08 HTTP/1.1" 200 412
116.235.240.234 - - [08/May/2023:11:07:08 +0800] "GET /xingrg/kc/buy/cgsh_order_operate.html?command=get_materiel&rest_code=00146&code=00101011007&supplier_code=00100033&order_time=2023-05-08 HTTP/1.1" 200 414
116.237.75.226 - - [08/May/2023:11:07:10 +0800] "GET /xingrg/kc/buy/cgsh_order_operate.html?command=get_materiel&rest_code=00106&code=00101016017&supplier_code=00100032&order_time=2023-05-08 HTTP/1.1" 200 408
124.78.71.183 - - [08/May/2023:11:07:11 +0800] "GET /xingrg/all/function/internal_message.html?_=1683514752771&CODE_STATE=getMsg HTTP/1.1" 200 27
114.83.223.118 - - [08/May/2023:11:07:13 +0800] "GET /xingrg/all/function/internal_message.html?_=1683515233133&CODE_STATE=getMsg HTTP/1.1" 200 27
120.253.135.82 - - [08/May/2023:11:07:14 +0800] "GET /xingrg/all/function/internal_message.html?_=1683515371635&CODE_STATE=getMsg HTTP/1.1" 302 -
120.253.135.82 - - [08/May/2023:11:07:15 +0800] "GET /xingrg/login.html HTTP/1.1" 200 7641
114.83.223.118 - - [08/May/2023:11:07:15 +0800] "GET /xingrg/check_reg.html?_=1683515235166 HTTP/1.1" 200 22
116.237.75.226 - - [08/May/2023:11:07:17 +0800] "GET /xingrg/kc/buy/cgsh_order_operate.html?command=get_materiel&rest_code=00106&code=00101012070&supplier_code=00100032&order_time=2023-05-08 HTTP/1.1" 200 412
116.235.240.234 - - [08/May/2023:11:07:19 +0800] "GET /xingrg/all/function/internal_message.html?_=1683515240916&CODE_STATE=getMsg HTTP/1.1" 200 27
116.235.240.234 - - [08/May/2023:11:07:22 +0800] "POST /xingrg/kc/buy/cgsh_order_operate.html HTTP/1.1" 200 37
116.238.139.35 - - [08/May/2023:11:07:24 +0800] "GET /xingrg/check_reg.html?_=1683515177577 HTTP/1.1" 200 22
116.238.139.35 - - [08/May/2023:11:07:25 +0800] "GET /xingrg/all/function/internal_message.html?_=1683515178708&CODE_STATE=getMsg HTTP/1.1" 200 27
120.253.135.82 - - [08/May/2023:11:07:26 +0800] "GET /xingrg/all/function/internal_message.html?_=1683515082911&CODE_STATE=getMsg HTTP/1.1" 200 27
116.224.158.100 - - [08/May/2023:11:07:26 +0800] "GET /xingrg/all/function/internal_message.html?_=1683515245638&CODE_STATE=getMsg HTTP/1.1" 200 27
124.78.71.183 - - [08/May/2023:11:07:27 +0800] "GET /xingrg/css/images/panel_loading.gif HTTP/1.1" 200 1737
124.78.71.183 - - [08/May/2023:11:07:27 +0800] "POST /xingrg/all/common/load_combo.html?type=employee HTTP/1.1" 200 362
180.164.3.199 - - [08/May/2023:11:07:27 +0800] "GET /xingrg/all/function/internal_message.html?_=1683515246697&CODE_STATE=getMsg HTTP/1.1" 200 27
116.237.75.226 - - [08/May/2023:11:07:29 +0800] "GET /xingrg/kc/buy/cgsh_order_operate.html?command=get_materiel&rest_code=00106&code=00101001111&supplier_code=00100032&order_time=2023-05-08 HTTP/1.1" 200 409
180.171.122.0 - - [08/May/2023:11:07:29 +0800] "GET /xingrg/all/function/internal_message.html?_=1683515249240&CODE_STATE=getMsg HTTP/1.1" 200 27
116.235.240.234 - - [08/May/2023:11:07:29 +0800] "POST /xingrg/kc/buy/cgsh_order_operate.html HTTP/1.1" 200 5007
116.224.106.218 - - [08/May/2023:11:07:30 +0800] "GET /xingrg/all/function/internal_message.html?_=1683515246795&CODE_STATE=getMsg HTTP/1.1" 200 27
180.171.122.0 - - [08/May/2023:11:07:30 +0800] "GET /xingrg/all/function/internal_message.html?_=1683515576950&CODE_STATE=getMsg HTTP/1.1" 200 27
124.78.71.183 - - [08/May/2023:11:07:32 +0800] "POST /xingrg/kc/mdqp/pssh_order_operate.html HTTP/1.1" 200 37
116.227.208.255 - - [08/May/2023:11:07:33 +0800] "GET /xingrg/all/function/internal_message.html?_=1683515308218&CODE_STATE=getMsg HTTP/1.1" 200 27
116.227.208.255 - - [08/May/2023:11:07:33 +0800] "GET /xingrg/check_reg.html?_=1683515308222 HTTP/1.1" 200 22
116.235.240.234 - - [08/May/2023:11:07:33 +0800] "GET /xingrg/kc/print/load_data.html?order_code=212023050802620&kc_code=cgsh&condition= HTTP/1.1" 200 1595
180.164.3.199 - - [08/May/2023:11:07:34 +0800] "GET /xingrg/login.html HTTP/1.1" 200 7641
180.164.3.199 - - [08/May/2023:11:07:36 +0800] "GET /favicon.ico HTTP/1.1" 404 -
124.78.71.183 - - [08/May/2023:11:07:36 +0800] "POST /xingrg/kc/mdqp/pssh_order_operate.html HTTP/1.1" 200 12
116.237.75.226 - - [08/May/2023:11:07:39 +0800] "GET /xingrg/kc/buy/cgsh_order_operate.html?command=get_materiel&rest_code=00106&code=00101012026&supplier_code=00100032&order_time=2023-05-08 HTTP/1.1" 200 408
116.235.240.234 - - [08/May/2023:11:07:40 +0800] "GET /xingrg/kc/buy/cgsh_order_add.html HTTP/1.1" 200 71177
116.235.240.234 - - [08/May/2023:11:07:40 +0800] "POST /xingrg/kc/buy/cgsh_order_operate.html HTTP/1.1" 200 8245
116.235.240.234 - - [08/May/2023:11:07:40 +0800] "GET /xingrg/javascript/easyui/themes/default/validatebox.css HTTP/1.1" 404 1104
172.20.0.100 - - [08/May/2023:11:07:41 +0800] "GET /xingrg/all/function/internal_message.html?_=1683515251031&CODE_STATE=getMsg HTTP/1.1" 200 27
116.224.106.218 - - [08/May/2023:11:07:43 +0800] "GET /xingrg/check_reg.html?_=1683515260073 HTTP/1.1" 200 22
124.78.71.183 - - [08/May/2023:11:07:46 +0800] "GET /xingrg/kc/mdqp/pssh_order_info.html?code=312023050600134 HTTP/1.1" 200 14392
124.78.71.183 - - [08/May/2023:11:07:46 +0800] "GET /xingrg/javascript/jquery_tools/jquery-1.4.2.min.js HTTP/1.1" 404 1094
124.78.71.183 - - [08/May/2023:11:07:46 +0800] "GET /xingrg/javascript/easyui/themes/default/validatebox.css HTTP/1.1" 404 1104
124.78.71.183 - - [08/May/2023:11:07:46 +0800] "POST /xingrg/kc/mdqp/pssh_order_operate.html HTTP/1.1" 200 7311
116.224.158.100 - - [08/May/2023:11:07:47 +0800] "GET /xingrg/all/function/internal_message.html?_=1683515104333&CODE_STATE=getMsg HTTP/1.1" 200 27
180.169.147.146 - - [08/May/2023:11:07:47 +0800] "GET /xingrg/check_reg.html?_=1683515267378 HTTP/1.1" 200 22
180.169.147.146 - - [08/May/2023:11:07:47 +0800] "GET /xingrg/all/function/internal_message.html?_=1683515267380&CODE_STATE=getMsg HTTP/1.1" 200 27
124.78.71.183 - - [08/May/2023:11:07:47 +0800] "GET /xingrg/kc/print/load_config.html?kc_code=pssh HTTP/1.1" 200 2362
124.78.71.183 - - [08/May/2023:11:07:48 +0800] "GET /xingrg/kc/print/load_data.html?order_code=312023050600134&kc_code=pssh&condition= HTTP/1.1" 200 2941
116.237.75.226 - - [08/May/2023:11:07:50 +0800] "GET /xingrg/kc/buy/cgsh_order_operate.html?command=get_materiel&rest_code=00106&code=00101016105&supplier_code=00100032&order_time=2023-05-08 HTTP/1.1" 200 409
124.79.240.114 - - [08/May/2023:11:07:51 +0800] "GET /xingrg/all/function/internal_message.html?_=1683515547192&CODE_STATE=getMsg HTTP/1.1" 200 27
116.237.75.226 - - [08/May/2023:11:07:56 +0800] "GET /xingrg/all/function/internal_message.html?_=1683515275977&CODE_STATE=getMsg HTTP/1.1" 200 27
180.163.30.85 - - [08/May/2023:11:07:56 +0800] "GET /xingrg/check_reg.html?_=1683515216606 HTTP/1.1" 302 -
180.163.30.85 - - [08/May/2023:11:07:56 +0800] "GET /xingrg/login.html HTTP/1.1" 200 7641
180.169.147.146 - - [08/May/2023:11:07:56 +0800] "GET /xingrg/all/function/internal_message.html?_=1683515276497&CODE_STATE=getMsg HTTP/1.1" 200 27
180.169.147.146 - - [08/May/2023:11:07:58 +0800] "GET /xingrg/all/function/internal_message.html?_=1683515278781&CODE_STATE=getMsg HTTP/1.1" 200 27
180.164.3.199 - - [08/May/2023:11:07:59 +0800] "POST /xingrg/login.do HTTP/1.1" 302 -
180.164.3.199 - - [08/May/2023:11:07:59 +0800] "GET /xingrg/index.html?sysBaseUrl=http%3A%2F%2F180.169.147.146%3A18081%2Fxingrg%2F&costTime=1144×tamp=1683515279241 HTTP/1.1" 200 17423
116.238.139.35 - - [08/May/2023:11:07:59 +0800] "GET /xingrg/all/function/internal_message.html?_=1683515278583&CODE_STATE=getMsg HTTP/1.1" 200 27
116.238.139.35 - - [08/May/2023:11:07:59 +0800] "GET /xingrg/check_reg.html?_=1683515278586 HTTP/1.1" 200 22
180.164.3.199 - - [08/May/2023:11:07:59 +0800] "GET /favicon.ico HTTP/1.1" 404 -
180.164.3.199 - - [08/May/2023:11:07:59 +0800] "POST /xingrg/all/common/load_tree.html?tree=area_rest_tree_json&manage=1 HTTP/1.1" 200 482
180.164.3.199 - - [08/May/2023:11:08:00 +0800] "GET /xingrg/check_reg.html?_=1683515279972 HTTP/1.1" 200 22
180.164.3.199 - - [08/May/2023:11:08:00 +0800] "GET /xingrg/all/function/internal_message.html?_=1683515279969&CODE_STATE=count HTTP/1.1" 200 11
180.164.3.199 - - [08/May/2023:11:08:00 +0800] "POST /xingrg/load_menu.html HTTP/1.1" 200 9959
116.235.240.234 - - [08/May/2023:11:08:00 +0800] "GET /xingrg/kc/buy/cgsh_order_operate.html?command=get_materiel&rest_code=00146&code=00101009050&supplier_code=00100023&order_time=2023-05-08 HTTP/1.1" 200 410
116.237.75.226 - - [08/May/2023:11:08:02 +0800] "GET /xingrg/kc/buy/cgsh_order_operate.html?command=get_materiel&rest_code=00106&code=00101019224&supplier_code=00100032&order_time=2023-05-08 HTTP/1.1" 200 410
124.78.71.183 - - [08/May/2023:11:08:02 +0800] "POST /xingrg/kc/mdqp/pssh_list_operate.html HTTP/1.1" 200 785
124.78.71.183 - - [08/May/2023:11:08:03 +0800] "GET /xingrg/kc/mdqp/pssh_order_info.html?code=312023050600138 HTTP/1.1" 200 17303
124.78.71.183 - - [08/May/2023:11:08:03 +0800] "GET /xingrg/javascript/jquery_tools/jquery-1.4.2.min.js HTTP/1.1" 404 1094
124.78.71.183 - - [08/May/2023:11:08:03 +0800] "GET /xingrg/javascript/easyui/themes/default/validatebox.css HTTP/1.1" 404 1104
124.78.71.183 - - [08/May/2023:11:08:03 +0800] "POST /xingrg/kc/mdqp/pssh_order_operate.html HTTP/1.1" 200 11818
124.78.71.183 - - [08/May/2023:11:08:07 +0800] "POST /xingrg/all/common/load_combo.html?type=employee HTTP/1.1" 200 362
124.78.71.183 - - [08/May/2023:11:08:11 +0800] "GET /xingrg/all/function/internal_message.html?_=1683514812758&CODE_STATE=getMsg HTTP/1.1" 200 27
114.83.223.118 - - [08/May/2023:11:08:13 +0800] "GET /xingrg/all/function/internal_message.html?_=1683515293110&CODE_STATE=getMsg HTTP/1.1" 200 27
116.237.75.226 - - [08/May/2023:11:08:14 +0800] "POST /xingrg/kc/buy/cgsh_order_operate.html HTTP/1.1" 200 37
120.253.135.82 - - [08/May/2023:11:08:14 +0800] "GET /xingrg/all/function/internal_message.html?_=1683515431632&CODE_STATE=getMsg HTTP/1.1" 302 -
120.253.135.82 - - [08/May/2023:11:08:14 +0800] "GET /xingrg/check_reg.html?_=1683515431632 HTTP/1.1" 302 -
120.253.135.82 - - [08/May/2023:11:08:14 +0800] "GET /xingrg/login.html HTTP/1.1" 200 7641
120.253.135.82 - - [08/May/2023:11:08:14 +0800] "GET /xingrg/login.html HTTP/1.1" 200 7641
124.78.71.183 - - [08/May/2023:11:08:16 +0800] "POST /xingrg/kc/mdqp/pssh_order_operate.html HTTP/1.1" 200 37
116.235.240.234 - - [08/May/2023:11:08:19 +0800] "GET /xingrg/all/function/internal_message.html?_=1683515300929&CODE_STATE=getMsg HTTP/1.1" 200 27
124.78.71.183 - - [08/May/2023:11:08:21 +0800] "POST /xingrg/kc/mdqp/pssh_order_operate.html HTTP/1.1" 200 12
124.78.71.183 - - [08/May/2023:11:08:22 +0800] "GET /xingrg/kc/mdqp/pssh_order_info.html?code=312023050600138 HTTP/1.1" 200 14392
124.78.71.183 - - [08/May/2023:11:08:22 +0800] "GET /xingrg/javascript/jquery_tools/jquery-1.4.2.min.js HTTP/1.1" 404 1094
124.78.71.183 - - [08/May/2023:11:08:23 +0800] "GET /xingrg/javascript/easyui/themes/default/validatebox.css HTTP/1.1" 404 1104
124.78.71.183 - - [08/May/2023:11:08:23 +0800] "POST /xingrg/kc/mdqp/pssh_order_operate.html HTTP/1.1" 200 11818
124.78.71.183 - - [08/May/2023:11:08:24 +0800] "GET /xingrg/kc/print/load_data.html?order_code=312023050600138&kc_code=pssh&condition= HTTP/1.1" 200 4698
116.238.139.35 - - [08/May/2023:11:08:25 +0800] "GET /xingrg/all/function/internal_message.html?_=1683515238722&CODE_STATE=getMsg HTTP/1.1" 200 27
120.253.135.82 - - [08/May/2023:11:08:26 +0800] "GET /xingrg/all/function/internal_message.html?_=1683515142928&CODE_STATE=getMsg HTTP/1.1" 200 27
116.224.158.100 - - [08/May/2023:11:08:26 +0800] "GET /xingrg/all/function/internal_message.html?_=1683515305615&CODE_STATE=getMsg HTTP/1.1" 200 27
116.237.75.226 - - [08/May/2023:11:08:27 +0800] "POST /xingrg/kc/buy/cgsh_order_operate.html HTTP/1.1" 200 12
180.164.3.199 - - [08/May/2023:11:08:27 +0800] "GET /xingrg/all/function/internal_message.html?_=1683515306686&CODE_STATE=getMsg HTTP/1.1" 200 27
116.224.158.100 - - [08/May/2023:11:08:29 +0800] "GET /xingrg/check_reg.html?_=1683515307850 HTTP/1.1" 200 22
180.171.122.0 - - [08/May/2023:11:08:29 +0800] "GET /xingrg/all/function/internal_message.html?_=1683515309224&CODE_STATE=getMsg HTTP/1.1" 200 27
116.224.106.218 - - [08/May/2023:11:08:30 +0800] "GET /xingrg/all/function/internal_message.html?_=1683515306769&CODE_STATE=getMsg HTTP/1.1" 200 27
180.171.122.0 - - [08/May/2023:11:08:30 +0800] "GET /xingrg/all/function/internal_message.html?_=1683515636949&CODE_STATE=getMsg HTTP/1.1" 200 27
116.235.240.234 - - [08/May/2023:11:08:32 +0800] "GET /xingrg/kc/buy/cgsh_order_operate.html?command=get_materiel&rest_code=00146&code=00101009062&supplier_code=00100023&order_time=2023-05-08 HTTP/1.1" 200 412
116.227.208.255 - - [08/May/2023:11:08:33 +0800] "GET /xingrg/all/function/internal_message.html?_=1683515368214&CODE_STATE=getMsg HTTP/1.1" 200 27
180.174.237.47 - - [08/May/2023:11:08:34 +0800] "GET /xingrg/check_reg.html?_=1683515315152 HTTP/1.1" 200 22
116.237.75.226 - - [08/May/2023:11:08:37 +0800] "GET /xingrg/kc/buy/cgsh_order_info.html?code=212023050802621 HTTP/1.1" 200 66090
116.237.75.226 - - [08/May/2023:11:08:37 +0800] "GET /xingrg/javascript/easyui/themes/default/validatebox.css HTTP/1.1" 404 1104
116.237.75.226 - - [08/May/2023:11:08:38 +0800] "POST /xingrg/kc/buy/cgsh_order_operate.html HTTP/1.1" 200 4726
116.237.75.226 - - [08/May/2023:11:08:40 +0800] "GET /xingrg/kc/print/load_data.html?order_code=212023050802621&kc_code=cgsh&condition= HTTP/1.1" 200 2281
172.20.0.100 - - [08/May/2023:11:08:41 +0800] "GET /xingrg/all/function/internal_message.html?_=1683515311017&CODE_STATE=getMsg HTTP/1.1" 200 27
116.237.75.226 - - [08/May/2023:11:08:47 +0800] "GET /xingrg/kc/print/load_data.html?order_code=212023050802621&kc_code=cgsh HTTP/1.1" 200 2281
116.224.158.100 - - [08/May/2023:11:08:47 +0800] "GET /xingrg/all/function/internal_message.html?_=1683515164335&CODE_STATE=getMsg HTTP/1.1" 200 27
180.169.147.146 - - [08/May/2023:11:08:47 +0800] "GET /xingrg/all/function/internal_message.html?_=1683515327389&CODE_STATE=getMsg HTTP/1.1" 200 27
116.237.75.226 - - [08/May/2023:11:08:50 +0800] "GET /xingrg/check_reg.html?_=1683515330802 HTTP/1.1" 200 22
116.237.75.226 - - [08/May/2023:11:08:50 +0800] "GET /xingrg/all/function/internal_message.html?_=1683515330802&CODE_STATE=getMsg HTTP/1.1" 200 27
116.237.75.226 - - [08/May/2023:11:08:50 +0800] "GET /xingrg/kc/base/wldb_order_info.html?code=422023050800582 HTTP/1.1" 200 30396
116.235.240.234 - - [08/May/2023:11:08:51 +0800] "GET /xingrg/kc/buy/cgsh_order_operate.html?command=get_materiel&rest_code=00146&code=00101009011&supplier_code=00100023&order_time=2023-05-08 HTTP/1.1" 200 416
116.237.75.226 - - [08/May/2023:11:08:51 +0800] "GET /xingrg/javascript/easyui/themes/default/validatebox.css HTTP/1.1" 404 1104
124.79.240.114 - - [08/May/2023:11:08:51 +0800] "GET /xingrg/all/function/internal_message.html?_=1683515607190&CODE_STATE=getMsg HTTP/1.1" 200 27
124.79.240.114 - - [08/May/2023:11:08:51 +0800] "GET /xingrg/check_reg.html?_=1683515607191 HTTP/1.1" 200 22
116.237.75.226 - - [08/May/2023:11:08:51 +0800] "POST /xingrg/kc/base/wldb_order_operate.html HTTP/1.1" 200 4221
180.169.147.146 - - [08/May/2023:11:08:56 +0800] "GET /xingrg/all/function/internal_message.html?_=1683515336509&CODE_STATE=getMsg HTTP/1.1" 200 27
116.237.75.226 - - [08/May/2023:11:08:57 +0800] "GET /xingrg/kc/base/base_main.html HTTP/1.1" 200 12142
180.169.147.146 - - [08/May/2023:11:08:58 +0800] "GET /xingrg/all/function/internal_message.html?_=1683515338765&CODE_STATE=getMsg HTTP/1.1" 200 27
180.169.147.146 - - [08/May/2023:11:08:58 +0800] "GET /xingrg/check_reg.html?_=1683515338891 HTTP/1.1" 200 22
180.163.28.114 - - [08/May/2023:11:08:59 +0800] "GET /xingrg/kc/buy/cgsh_order_operate.html?command=get_materiel&rest_code=00106&code=00101019224&supplier_code=00100032&order_time=2023-05-08 HTTP/1.1" 302 -
180.163.28.114 - - [08/May/2023:11:08:59 +0800] "GET /xingrg/login.html HTTP/1.1" 200 7641
116.237.75.226 - - [08/May/2023:11:08:59 +0800] "GET /xingrg/all/function/internal_message.html?_=1683515338908&CODE_STATE=getMsg HTTP/1.1" 200 27
116.238.139.35 - - [08/May/2023:11:08:59 +0800] "GET /xingrg/all/function/internal_message.html?_=1683515338586&CODE_STATE=getMsg HTTP/1.1" 200 27
180.164.3.199 - - [08/May/2023:11:09:00 +0800] "GET /xingrg/all/function/internal_message.html?_=1683515339992&CODE_STATE=getMsg HTTP/1.1" 200 27
116.237.75.226 - - [08/May/2023:11:09:01 +0800] "GET /xingrg/kc/base/wldb_order_list.html HTTP/1.1" 200 19098
116.237.75.226 - - [08/May/2023:11:09:02 +0800] "POST /xingrg/kc/base/wldb_list_operate.html HTTP/1.1" 200 2560
116.235.240.234 - - [08/May/2023:11:09:07 +0800] "GET /xingrg/kc/buy/cgsh_order_operate.html?command=get_materiel&rest_code=00146&code=00101009161&supplier_code=00100023&order_time=2023-05-08 HTTP/1.1" 200 417
124.78.71.183 - - [08/May/2023:11:09:11 +0800] "GET /xingrg/all/function/internal_message.html?_=1683514872724&CODE_STATE=getMsg HTTP/1.1" 200 27
114.83.223.118 - - [08/May/2023:11:09:13 +0800] "GET /xingrg/all/function/internal_message.html?_=1683515353084&CODE_STATE=getMsg HTTP/1.1" 200 27
120.253.135.82 - - [08/May/2023:11:09:14 +0800] "GET /xingrg/all/function/internal_message.html?_=1683515491643&CODE_STATE=getMsg HTTP/1.1" 302 -
120.253.135.82 - - [08/May/2023:11:09:14 +0800] "GET /xingrg/login.html HTTP/1.1" 200 7641
116.235.240.234 - - [08/May/2023:11:09:19 +0800] "GET /xingrg/all/function/internal_message.html?_=1683515360943&CODE_STATE=getMsg HTTP/1.1" 200 27
116.238.139.35 - - [08/May/2023:11:09:25 +0800] "GET /xingrg/all/function/internal_message.html?_=1683515298736&CODE_STATE=getMsg HTTP/1.1" 200 27
120.253.135.82 - - [08/May/2023:11:09:26 +0800] "GET /xingrg/all/function/internal_message.html?_=1683515202937&CODE_STATE=getMsg HTTP/1.1" 200 27
116.235.240.234 - - [08/May/2023:11:09:26 +0800] "GET /xingrg/kc/buy/cgsh_order_operate.html?command=get_materiel&rest_code=00146&code=00101009118&supplier_code=00100023&order_time=2023-05-08 HTTP/1.1" 200 406
116.224.158.100 - - [08/May/2023:11:09:26 +0800] "GET /xingrg/all/function/internal_message.html?_=1683515365583&CODE_STATE=getMsg HTTP/1.1" 200 27
180.164.3.199 - - [08/May/2023:11:09:27 +0800] "GET /xingrg/all/function/internal_message.html?_=1683515366691&CODE_STATE=getMsg HTTP/1.1" 200 27
180.171.122.0 - - [08/May/2023:11:09:29 +0800] "GET /xingrg/all/function/internal_message.html?_=1683515369209&CODE_STATE=getMsg HTTP/1.1" 200 27
116.224.106.218 - - [08/May/2023:11:09:30 +0800] "GET /xingrg/all/function/internal_message.html?_=1683515366757&CODE_STATE=getMsg HTTP/1.1" 200 27
180.171.122.0 - - [08/May/2023:11:09:30 +0800] "GET /xingrg/check_reg.html?_=1683515370148 HTTP/1.1" 200 22
180.171.122.0 - - [08/May/2023:11:09:30 +0800] "GET /xingrg/all/function/internal_message.html?_=1683515696938&CODE_STATE=getMsg HTTP/1.1" 200 27
116.227.208.255 - - [08/May/2023:11:09:33 +0800] "GET /xingrg/all/function/internal_message.html?_=1683515428215&CODE_STATE=getMsg HTTP/1.1" 200 27
116.235.240.234 - - [08/May/2023:11:09:41 +0800] "POST /xingrg/kc/buy/cgsh_order_operate.html HTTP/1.1" 200 37
172.20.0.100 - - [08/May/2023:11:09:41 +0800] "GET /xingrg/all/function/internal_message.html?_=1683515371022&CODE_STATE=getMsg HTTP/1.1" 200 27
172.20.0.100 - - [08/May/2023:11:09:41 +0800] "GET /xingrg/check_reg.html?_=1683515371025 HTTP/1.1" 200 22
116.224.158.100 - - [08/May/2023:11:09:47 +0800] "GET /xingrg/all/function/internal_message.html?_=1683515224345&CODE_STATE=getMsg HTTP/1.1" 200 27
180.169.147.146 - - [08/May/2023:11:09:47 +0800] "GET /xingrg/all/function/internal_message.html?_=1683515387390&CODE_STATE=getMsg HTTP/1.1" 200 27
116.237.75.226 - - [08/May/2023:11:09:50 +0800] "GET /xingrg/all/function/internal_message.html?_=1683515390800&CODE_STATE=getMsg HTTP/1.1" 200 27
124.79.240.114 - - [08/May/2023:11:09:51 +0800] "GET /xingrg/all/function/internal_message.html?_=1683515667189&CODE_STATE=getMsg HTTP/1.1" 200 27
116.235.240.234 - - [08/May/2023:11:09:52 +0800] "POST /xingrg/kc/buy/cgsh_order_operate.html HTTP/1.1" 200 5018
116.235.240.234 - - [08/May/2023:11:09:55 +0800] "GET /xingrg/kc/print/load_data.html?order_code=212023050802622&kc_code=cgsh&condition= HTTP/1.1" 200 1585
180.169.147.146 - - [08/May/2023:11:09:56 +0800] "GET /xingrg/all/function/internal_message.html?_=1683515396500&CODE_STATE=getMsg HTTP/1.1" 200 27
180.169.147.146 - - [08/May/2023:11:09:58 +0800] "GET /xingrg/all/function/internal_message.html?_=1683515398751&CODE_STATE=getMsg HTTP/1.1" 200 27
116.237.75.226 - - [08/May/2023:11:09:59 +0800] "GET /xingrg/all/function/internal_message.html?_=1683515398891&CODE_STATE=getMsg HTTP/1.1" 200 27
116.238.139.35 - - [08/May/2023:11:09:59 +0800] "GET /xingrg/all/function/internal_message.html?_=1683515398587&CODE_STATE=getMsg HTTP/1.1" 200 27
180.164.3.199 - - [08/May/2023:11:10:00 +0800] "GET /xingrg/all/function/internal_message.html?_=1683515399981&CODE_STATE=getMsg HTTP/1.1" 200 27
124.78.71.183 - - [08/May/2023:11:10:11 +0800] "GET /xingrg/all/function/internal_message.html?_=1683514932701&CODE_STATE=getMsg HTTP/1.1" 200 27
124.78.71.183 - - [08/May/2023:11:10:12 +0800] "GET /xingrg/check_reg.html?_=1683514933945 HTTP/1.1" 200 22
114.83.223.118 - - [08/May/2023:11:10:13 +0800] "GET /xingrg/all/function/internal_message.html?_=1683515413060&CODE_STATE=getMsg HTTP/1.1" 200 27
