116.224.158.100 - - [08/May/2023:09:16:29 +0800] "GET /xingrg/all/function/internal_message.html?_=1683508588267&CODE_STATE=getMsg HTTP/1.1" 200 27
116.238.139.35 - - [08/May/2023:09:16:29 +0800] "GET /xingrg/kc/buy/cgsh_order_operate.html?command=get_materiel&rest_code=00151&code=00101008352&supplier_code=00100008&order_time=2023-05-08 HTTP/1.1" 200 412
180.171.122.0 - - [08/May/2023:09:16:30 +0800] "GET /xingrg/all/function/internal_message.html?_=1683508590323&CODE_STATE=getMsg HTTP/1.1" 200 27
116.224.106.218 - - [08/May/2023:09:16:32 +0800] "GET /xingrg/all/function/internal_message.html?_=1683508588772&CODE_STATE=getMsg HTTP/1.1" 200 27
180.169.147.146 - - [08/May/2023:09:16:32 +0800] "GET /xingrg/all/function/internal_message.html?_=1683508592349&CODE_STATE=getMsg HTTP/1.1" 200 27
116.227.208.255 - - [08/May/2023:09:16:33 +0800] "GET /xingrg/all/function/internal_message.html?_=1683508648348&CODE_STATE=getMsg HTTP/1.1" 200 27
114.83.223.118 - - [08/May/2023:09:16:34 +0800] "GET /xingrg/kc/buy/cgsh_order_operate.html?command=get_materiel&rest_code=00149&code=00101009016&supplier_code=00100201&order_time=2023-05-08 HTTP/1.1" 200 412
116.238.139.35 - - [08/May/2023:09:16:39 +0800] "GET /xingrg/kc/buy/cgsh_order_operate.html?command=get_materiel&rest_code=00151&code=00101008271&supplier_code=00100008&order_time=2023-05-08 HTTP/1.1" 200 408
120.253.135.82 - - [08/May/2023:09:16:39 +0800] "GET /xingrg/kc/pszx/mdqp_order_list.html?state=10 HTTP/1.1" 200 10275
120.253.135.82 - - [08/May/2023:09:16:39 +0800] "GET /xingrg/dwr/interface/AjaxQqpsService.js HTTP/1.1" 200 16326
120.253.135.82 - - [08/May/2023:09:16:39 +0800] "GET /xingrg/dwr/interface/AjaxReportQueryService.js HTTP/1.1" 200 13203
120.253.135.82 - - [08/May/2023:09:16:39 +0800] "GET /xingrg/dwr/engine.js HTTP/1.1" 200 43631
116.238.139.35 - - [08/May/2023:09:16:40 +0800] "POST /xingrg/kc/buy/cgsh_order_operate.html HTTP/1.1" 200 2065
116.238.139.35 - - [08/May/2023:09:16:41 +0800] "GET /xingrg/all/function/internal_message.html?_=1683508600152&CODE_STATE=getMsg HTTP/1.1" 200 27
120.253.135.82 - - [08/May/2023:09:16:42 +0800] "GET /xingrg/all/function/internal_message.html?_=1683508438843&CODE_STATE=getMsg HTTP/1.1" 200 27
180.169.147.146 - - [08/May/2023:09:16:42 +0800] "GET /xingrg/all/function/internal_message.html?_=1683508599564&CODE_STATE=getMsg HTTP/1.1" 302 -
116.224.158.100 - - [08/May/2023:09:16:42 +0800] "GET /xingrg/kc/buy/cgsh_order_operate.html?command=get_materiel&rest_code=00105&code=00102003131&supplier_code=00100212&order_time=2023-05-08 HTTP/1.1" 200 414
116.224.158.100 - - [08/May/2023:09:16:46 +0800] "GET /xingrg/all/function/internal_message.html?_=1683508443473&CODE_STATE=getMsg HTTP/1.1" 200 27
114.83.223.118 - - [08/May/2023:09:16:46 +0800] "POST /xingrg/kc/buy/cgsh_order_operate.html HTTP/1.1" 200 37
116.238.139.35 - - [08/May/2023:09:16:48 +0800] "GET /xingrg/kc/buy/cgsh_order_operate.html?command=get_materiel&rest_code=00151&code=00101008353&supplier_code=00100008&order_time=2023-05-08 HTTP/1.1" 200 408
124.79.240.114 - - [08/May/2023:09:16:51 +0800] "GET /xingrg/all/function/internal_message.html?_=1683508887096&CODE_STATE=getMsg HTTP/1.1" 200 27
114.83.223.118 - - [08/May/2023:09:16:54 +0800] "POST /xingrg/kc/buy/cgsh_order_operate.html HTTP/1.1" 200 12
120.253.135.82 - - [08/May/2023:09:16:54 +0800] "GET /xingrg/kc/pszx/mdps_order_list.html?orderType=0 HTTP/1.1" 200 21032
120.253.135.82 - - [08/May/2023:09:16:54 +0800] "GET /xingrg/css/site.css HTTP/1.1" 304 -
120.253.135.82 - - [08/May/2023:09:16:54 +0800] "GET /xingrg/css/base.css HTTP/1.1" 304 -
120.253.135.82 - - [08/May/2023:09:16:54 +0800] "GET /xingrg/javascript/jquery_tools/datebox.css HTTP/1.1" 304 -
120.253.135.82 - - [08/May/2023:09:16:54 +0800] "GET /xingrg/javascript/jquery_tools/jquery.tools.extend.js HTTP/1.1" 304 -
120.253.135.82 - - [08/May/2023:09:16:54 +0800] "GET /xingrg/javascript/jquery_tools/jquery.tools.min.js HTTP/1.1" 304 -
120.253.135.82 - - [08/May/2023:09:16:54 +0800] "GET /xingrg/javascript/easyui/themes/default/easyui.css HTTP/1.1" 304 -
120.253.135.82 - - [08/May/2023:09:16:54 +0800] "GET /xingrg/javascript/jquery_tools/jquery.tools.table.js HTTP/1.1" 304 -
120.253.135.82 - - [08/May/2023:09:16:54 +0800] "GET /xingrg/javascript/easyui/themes/icon.css HTTP/1.1" 304 -
120.253.135.82 - - [08/May/2023:09:16:54 +0800] "GET /xingrg/javascript/jquery_tools/fix.css HTTP/1.1" 304 -
120.253.135.82 - - [08/May/2023:09:16:54 +0800] "GET /xingrg/javascript/jquery_tools/table.css HTTP/1.1" 304 -
120.253.135.82 - - [08/May/2023:09:16:54 +0800] "GET /xingrg/javascript/auto/jquery.autocomplete.css HTTP/1.1" 304 -
120.253.135.82 - - [08/May/2023:09:16:54 +0800] "GET /xingrg/javascript/auto/jquery.autocomplete.js HTTP/1.1" 304 -
120.253.135.82 - - [08/May/2023:09:16:54 +0800] "GET /xingrg/javascript/jquery_tools/jquery.tools.hotkey.js HTTP/1.1" 304 -
120.253.135.82 - - [08/May/2023:09:16:54 +0800] "GET /xingrg/javascript/jquery_tools/list_manager.js HTTP/1.1" 304 -
120.253.135.82 - - [08/May/2023:09:16:54 +0800] "GET /xingrg/javascript/easyui/easyloader.js HTTP/1.1" 304 -
120.253.135.82 - - [08/May/2023:09:16:54 +0800] "GET /xingrg/javascript/jquery.cookie.js HTTP/1.1" 304 -
120.253.135.82 - - [08/May/2023:09:16:54 +0800] "GET /xingrg/javascript/print/LodopFuncs.js HTTP/1.1" 304 -
120.253.135.82 - - [08/May/2023:09:16:55 +0800] "GET /xingrg/javascript/easyui/themes/icons/edit_add_new.png HTTP/1.1" 304 -
120.253.135.82 - - [08/May/2023:09:16:55 +0800] "GET /xingrg/javascript/easyui/themes/icons/cance_new.png HTTP/1.1" 304 -
120.253.135.82 - - [08/May/2023:09:16:55 +0800] "GET /xingrg/javascript/easyui/themes/icons/check_new.png HTTP/1.1" 304 -
120.253.135.82 - - [08/May/2023:09:16:55 +0800] "GET /xingrg/javascript/easyui/themes/icons/uncheck_new.png HTTP/1.1" 304 -
120.253.135.82 - - [08/May/2023:09:16:55 +0800] "GET /xingrg/javascript/easyui/themes/icons/field_new.png HTTP/1.1" 304 -
120.253.135.82 - - [08/May/2023:09:16:55 +0800] "GET /xingrg/javascript/easyui/themes/icons/import_new.png HTTP/1.1" 304 -
120.253.135.82 - - [08/May/2023:09:16:55 +0800] "GET /xingrg/javascript/jquery_easy_ui/themes/icons/area.png HTTP/1.1" 304 -
120.253.135.82 - - [08/May/2023:09:16:55 +0800] "GET /xingrg/javascript/jquery_easy_ui/themes/icons/manage.png HTTP/1.1" 304 -
120.253.135.82 - - [08/May/2023:09:16:55 +0800] "GET /xingrg/javascript/easyui/plugins/jquery.parser.js HTTP/1.1" 304 -
120.253.135.82 - - [08/May/2023:09:16:55 +0800] "GET /xingrg/images/control/ajaxLoader.gif HTTP/1.1" 304 -
116.238.139.35 - - [08/May/2023:09:16:55 +0800] "GET /xingrg/check_reg.html?_=1683508548680 HTTP/1.1" 200 22
116.238.139.35 - - [08/May/2023:09:16:55 +0800] "GET /xingrg/all/function/internal_message.html?_=1683508548947&CODE_STATE=getMsg HTTP/1.1" 200 27
120.253.135.82 - - [08/May/2023:09:16:56 +0800] "POST /xingrg/kc/pszx/mdps_list_operate.html HTTP/1.1" 200 5368
114.83.223.118 - - [08/May/2023:09:16:57 +0800] "GET /xingrg/kc/buy/cgsh_order_info.html?code=212023050802585 HTTP/1.1" 200 66174
114.83.223.118 - - [08/May/2023:09:16:57 +0800] "GET /xingrg/javascript/easyui/themes/default/validatebox.css HTTP/1.1" 404 1104
116.238.139.35 - - [08/May/2023:09:16:57 +0800] "GET /xingrg/kc/buy/cgsh_order_operate.html?command=get_materiel&rest_code=00151&code=00101008100&supplier_code=00100008&order_time=2023-05-08 HTTP/1.1" 200 408
114.83.223.118 - - [08/May/2023:09:16:58 +0800] "POST /xingrg/kc/buy/cgsh_order_operate.html HTTP/1.1" 200 2381
120.253.135.82 - - [08/May/2023:09:16:58 +0800] "GET /xingrg/javascript/auto/indicator.gif HTTP/1.1" 404 1066
114.83.223.118 - - [08/May/2023:09:17:01 +0800] "GET /xingrg/kc/print/load_data.html?order_code=212023050802585&kc_code=cgsh&condition= HTTP/1.1" 200 1382
120.253.135.82 - - [08/May/2023:09:17:04 +0800] "POST /xingrg/kc/pszx/mdps_list_operate.html HTTP/1.1" 200 2057
116.238.139.35 - - [08/May/2023:09:17:04 +0800] "GET /xingrg/kc/buy/cgsh_order_operate.html?command=get_materiel&rest_code=00151&code=00101008042&supplier_code=00100008&order_time=2023-05-08 HTTP/1.1" 200 416
120.253.135.82 - - [08/May/2023:09:17:05 +0800] "POST /xingrg/kc/pszx/mdps_list_operate.html HTTP/1.1" 200 591
120.253.135.82 - - [08/May/2023:09:17:07 +0800] "GET /xingrg/kc/pszx/mdps_order_info.html?code=312023050800181 HTTP/1.1" 200 23976
180.171.122.0 - - [08/May/2023:09:17:07 +0800] "GET /xingrg/kc/buy/cgsh_order_add.html HTTP/1.1" 200 71133
120.253.135.82 - - [08/May/2023:09:17:07 +0800] "GET /xingrg/javascript/jquery_tools/order_manager.js HTTP/1.1" 304 -
120.253.135.82 - - [08/May/2023:09:17:07 +0800] "GET /xingrg/javascript/convert.js HTTP/1.1" 304 -
120.253.135.82 - - [08/May/2023:09:17:07 +0800] "GET /xingrg/javascript/json2.js HTTP/1.1" 304 -
120.253.135.82 - - [08/May/2023:09:17:07 +0800] "GET /xingrg/javascript/print/kc_print.js HTTP/1.1" 304 -
120.253.135.82 - - [08/May/2023:09:17:07 +0800] "GET /xingrg/words/20230506143020_words.js HTTP/1.1" 304 -
120.253.135.82 - - [08/May/2023:09:17:07 +0800] "GET /xingrg/javascript/easyui/themes/icons/copy_new.png HTTP/1.1" 304 -
120.253.135.82 - - [08/May/2023:09:17:07 +0800] "GET /xingrg/javascript/easyui/themes/icons/ok.png HTTP/1.1" 304 -
120.253.135.82 - - [08/May/2023:09:17:07 +0800] "GET /xingrg/javascript/easyui/themes/icons/print.png HTTP/1.1" 304 -
120.253.135.82 - - [08/May/2023:09:17:07 +0800] "GET /xingrg/javascript/easyui/themes/icons/cancel.png HTTP/1.1" 304 -
120.253.135.82 - - [08/May/2023:09:17:07 +0800] "GET /xingrg/javascript/easyui/themes/default/images/menu_downarrow.png HTTP/1.1" 304 -
120.253.135.82 - - [08/May/2023:09:17:07 +0800] "GET /xingrg/javascript/easyui/themes/default/validatebox.css HTTP/1.1" 404 1104
120.253.135.82 - - [08/May/2023:09:17:07 +0800] "GET /xingrg/javascript/easyui/plugins/jquery.validatebox.js HTTP/1.1" 304 -
180.171.122.0 - - [08/May/2023:09:17:07 +0800] "POST /xingrg/kc/buy/cgsh_order_operate.html HTTP/1.1" 200 8245
120.253.135.82 - - [08/May/2023:09:17:07 +0800] "GET /xingrg/javascript/easyui/plugins/jquery.numberbox.js HTTP/1.1" 304 -
180.171.122.0 - - [08/May/2023:09:17:07 +0800] "GET /xingrg/javascript/easyui/themes/default/validatebox.css HTTP/1.1" 404 1104
120.253.135.82 - - [08/May/2023:09:17:08 +0800] "GET /xingrg/all/common/auto_word.html?type=base&rest_code=00101 HTTP/1.1" 200 671
120.253.135.82 - - [08/May/2023:09:17:08 +0800] "POST /xingrg/kc/pszx/mdps_order_operate.html HTTP/1.1" 200 4413
180.174.237.47 - - [08/May/2023:09:17:08 +0800] "GET /xingrg/check_reg.html?_=1683508628194 HTTP/1.1" 302 -
120.253.135.82 - - [08/May/2023:09:17:08 +0800] "GET /xingrg/javascript/easyui/themes/icons/edit_remove.png HTTP/1.1" 304 -
120.253.135.82 - - [08/May/2023:09:17:12 +0800] "GET /xingrg/javascript/easyui/themes/default/images/button_plain_hover.png HTTP/1.1" 304 -
120.253.135.82 - - [08/May/2023:09:17:14 +0800] "GET /xingrg/all/function/internal_message.html?_=1683508771184&CODE_STATE=getMsg HTTP/1.1" 302 -
120.253.135.82 - - [08/May/2023:09:17:14 +0800] "GET /xingrg/login.html HTTP/1.1" 200 7641
116.238.139.35 - - [08/May/2023:09:17:15 +0800] "GET /xingrg/kc/buy/cgsh_order_operate.html?command=get_materiel&rest_code=00151&code=00101008085&supplier_code=00100008&order_time=2023-05-08 HTTP/1.1" 200 412
120.253.135.82 - - [08/May/2023:09:17:15 +0800] "POST /xingrg/kc/pszx/mdps_order_operate.html HTTP/1.1" 200 37
114.83.223.118 - - [08/May/2023:09:17:15 +0800] "GET /xingrg/all/function/internal_message.html?_=1683508635023&CODE_STATE=getMsg HTTP/1.1" 200 27
114.83.223.118 - - [08/May/2023:09:17:15 +0800] "GET /xingrg/check_reg.html?_=1683508635173 HTTP/1.1" 200 22
116.235.240.234 - - [08/May/2023:09:17:16 +0800] "GET /xingrg/all/function/internal_message.html?_=1683508638240&CODE_STATE=getMsg HTTP/1.1" 200 27
116.224.158.100 - - [08/May/2023:09:17:17 +0800] "GET /xingrg/kc/mdqp/pssh_order_list.html?isBack=1 HTTP/1.1" 200 17928
120.253.135.82 - - [08/May/2023:09:17:20 +0800] "POST /xingrg/kc/pszx/mdps_order_operate.html HTTP/1.1" 200 12
116.224.158.100 - - [08/May/2023:09:17:20 +0800] "POST /xingrg/kc/mdqp/pssh_list_operate.html HTTP/1.1" 200 5400
180.171.122.0 - - [08/May/2023:09:17:22 +0800] "GET /xingrg/all/function/internal_message.html?_=1683508968635&CODE_STATE=getMsg HTTP/1.1" 200 27
120.253.135.82 - - [08/May/2023:09:17:22 +0800] "GET /xingrg/kc/pszx/mdps_order_info.html?code=312023050800181 HTTP/1.1" 200 19636
120.253.135.82 - - [08/May/2023:09:17:22 +0800] "GET /xingrg/javascript/easyui/themes/default/validatebox.css HTTP/1.1" 404 1104
120.253.135.82 - - [08/May/2023:09:17:23 +0800] "POST /xingrg/kc/pszx/mdps_order_operate.html HTTP/1.1" 200 2616
180.171.122.0 - - [08/May/2023:09:17:25 +0800] "GET /xingrg/kc/buy/cgsh_order_operate.html?command=get_materiel&rest_code=00111&code=00101002027&supplier_code=00100199&order_time=2023-05-08 HTTP/1.1" 200 413
120.253.135.82 - - [08/May/2023:09:17:26 +0800] "POST /xingrg/kc/pszx/mdps_list_operate.html HTTP/1.1" 200 208
120.253.135.82 - - [08/May/2023:09:17:27 +0800] "GET /xingrg/kc/pszx/mdps_order_info.html?code=312023050800182 HTTP/1.1" 200 23976
120.253.135.82 - - [08/May/2023:09:17:28 +0800] "GET /xingrg/javascript/easyui/themes/default/validatebox.css HTTP/1.1" 404 1104
116.238.139.35 - - [08/May/2023:09:17:28 +0800] "GET /xingrg/kc/buy/cgsh_order_operate.html?command=get_materiel&rest_code=00151&code=00101008014&supplier_code=00100008&order_time=2023-05-08 HTTP/1.1" 200 423
120.253.135.82 - - [08/May/2023:09:17:28 +0800] "POST /xingrg/kc/pszx/mdps_order_operate.html HTTP/1.1" 200 2292
116.224.158.100 - - [08/May/2023:09:17:28 +0800] "POST /xingrg/kc/mdqp/pssh_list_operate.html HTTP/1.1" 200 257
116.224.158.100 - - [08/May/2023:09:17:29 +0800] "POST /xingrg/kc/mdqp/pssh_list_operate.html HTTP/1.1" 200 814
116.224.158.100 - - [08/May/2023:09:17:29 +0800] "GET /xingrg/all/function/internal_message.html?_=1683508648277&CODE_STATE=getMsg HTTP/1.1" 200 27
116.224.158.100 - - [08/May/2023:09:17:29 +0800] "GET /xingrg/kc/mdqp/pssh_order_info.html?code=312023050700169 HTTP/1.1" 200 17266
116.224.158.100 - - [08/May/2023:09:17:29 +0800] "GET /xingrg/javascript/jquery_tools/jquery-1.4.2.min.js HTTP/1.1" 404 1094
116.224.158.100 - - [08/May/2023:09:17:30 +0800] "GET /xingrg/javascript/easyui/themes/default/validatebox.css HTTP/1.1" 404 1104
116.224.158.100 - - [08/May/2023:09:17:30 +0800] "POST /xingrg/kc/mdqp/pssh_order_operate.html HTTP/1.1" 200 526
180.171.122.0 - - [08/May/2023:09:17:30 +0800] "GET /xingrg/all/function/internal_message.html?_=1683508650324&CODE_STATE=getMsg HTTP/1.1" 200 27
120.253.135.82 - - [08/May/2023:09:17:31 +0800] "POST /xingrg/kc/pszx/mdps_order_operate.html HTTP/1.1" 200 37
116.224.106.218 - - [08/May/2023:09:17:32 +0800] "GET /xingrg/all/function/internal_message.html?_=1683508648761&CODE_STATE=getMsg HTTP/1.1" 200 27
180.169.147.146 - - [08/May/2023:09:17:32 +0800] "GET /xingrg/all/function/internal_message.html?_=1683508652360&CODE_STATE=getMsg HTTP/1.1" 200 27
116.227.208.255 - - [08/May/2023:09:17:33 +0800] "GET /xingrg/check_reg.html?_=1683508708219 HTTP/1.1" 200 22
116.227.208.255 - - [08/May/2023:09:17:33 +0800] "GET /xingrg/all/function/internal_message.html?_=1683508708342&CODE_STATE=getMsg HTTP/1.1" 200 27
120.253.135.82 - - [08/May/2023:09:17:35 +0800] "POST /xingrg/kc/pszx/mdps_order_operate.html HTTP/1.1" 200 12
120.253.135.82 - - [08/May/2023:09:17:37 +0800] "GET /xingrg/kc/pszx/mdps_order_info.html?code=312023050800182 HTTP/1.1" 200 19636
120.253.135.82 - - [08/May/2023:09:17:37 +0800] "GET /xingrg/javascript/easyui/themes/default/validatebox.css HTTP/1.1" 404 1104
120.253.135.82 - - [08/May/2023:09:17:38 +0800] "POST /xingrg/kc/pszx/mdps_order_operate.html HTTP/1.1" 200 513
116.224.158.100 - - [08/May/2023:09:17:38 +0800] "GET /xingrg/kc/buy/cgsh_order_operate.html?command=get_materiel&rest_code=00105&code=00102009913&supplier_code=00100212&order_time=2023-05-08 HTTP/1.1" 200 420
120.253.135.82 - - [08/May/2023:09:17:39 +0800] "POST /xingrg/kc/pszx/mdps_list_operate.html HTTP/1.1" 200 868
116.238.139.35 - - [08/May/2023:09:17:41 +0800] "GET /xingrg/all/function/internal_message.html?_=1683508660124&CODE_STATE=getMsg HTTP/1.1" 200 27
120.253.135.82 - - [08/May/2023:09:17:41 +0800] "GET /xingrg/check_reg.html?_=1683508498731 HTTP/1.1" 200 22
120.253.135.82 - - [08/May/2023:09:17:42 +0800] "GET /xingrg/all/function/internal_message.html?_=1683508498856&CODE_STATE=getMsg HTTP/1.1" 200 27
180.169.147.146 - - [08/May/2023:09:17:42 +0800] "GET /xingrg/all/function/internal_message.html?_=1683508659537&CODE_STATE=getMsg HTTP/1.1" 302 -
116.224.106.218 - - [08/May/2023:09:17:43 +0800] "GET /xingrg/check_reg.html?_=1683508660446 HTTP/1.1" 200 22
116.224.158.100 - - [08/May/2023:09:17:46 +0800] "GET /xingrg/all/function/internal_message.html?_=1683508503452&CODE_STATE=getMsg HTTP/1.1" 200 27
120.253.135.82 - - [08/May/2023:09:17:46 +0800] "GET /xingrg/kc/pszx/mdqp_order_list.html?state=10 HTTP/1.1" 200 10275
120.253.135.82 - - [08/May/2023:09:17:46 +0800] "GET /xingrg/dwr/interface/AjaxReportQueryService.js HTTP/1.1" 200 13203
120.253.135.82 - - [08/May/2023:09:17:46 +0800] "GET /xingrg/dwr/interface/AjaxQqpsService.js HTTP/1.1" 200 16326
120.253.135.82 - - [08/May/2023:09:17:46 +0800] "GET /xingrg/dwr/engine.js HTTP/1.1" 200 43631
124.79.240.114 - - [08/May/2023:09:17:51 +0800] "GET /xingrg/all/function/internal_message.html?_=1683508947095&CODE_STATE=getMsg HTTP/1.1" 200 27
116.224.158.100 - - [08/May/2023:09:17:52 +0800] "POST /xingrg/kc/buy/cgsh_order_operate.html HTTP/1.1" 200 37
116.238.139.35 - - [08/May/2023:09:17:55 +0800] "GET /xingrg/all/function/internal_message.html?_=1683508608960&CODE_STATE=getMsg HTTP/1.1" 200 27
116.224.158.100 - - [08/May/2023:09:17:58 +0800] "POST /xingrg/kc/buy/cgsh_order_operate.html HTTP/1.1" 200 3258
116.224.158.100 - - [08/May/2023:09:18:00 +0800] "GET /xingrg/kc/print/load_data.html?order_code=212023050802586&kc_code=cgsh&condition= HTTP/1.1" 200 884
116.224.158.100 - - [08/May/2023:09:18:03 +0800] "POST /xingrg/kc/mdqp/pssh_order_operate.html HTTP/1.1" 200 37
116.224.158.100 - - [08/May/2023:09:18:06 +0800] "GET /xingrg/kc/buy/cgsh_order_add.html HTTP/1.1" 200 71259
116.224.158.100 - - [08/May/2023:09:18:06 +0800] "GET /xingrg/javascript/easyui/themes/default/validatebox.css HTTP/1.1" 404 1104
116.224.158.100 - - [08/May/2023:09:18:06 +0800] "POST /xingrg/kc/buy/cgsh_order_operate.html HTTP/1.1" 200 8245
116.224.158.100 - - [08/May/2023:09:18:07 +0800] "POST /xingrg/kc/mdqp/pssh_order_operate.html HTTP/1.1" 200 12
116.224.158.100 - - [08/May/2023:09:18:08 +0800] "GET /xingrg/kc/mdqp/pssh_order_list.html HTTP/1.1" 200 17928
116.224.158.100 - - [08/May/2023:09:18:08 +0800] "POST /xingrg/kc/mdqp/pssh_list_operate.html HTTP/1.1" 200 5431
116.224.158.100 - - [08/May/2023:09:18:09 +0800] "GET /xingrg/kc/mdqp/pssh_order_info.html?code=312023050700169 HTTP/1.1" 200 14382
116.224.158.100 - - [08/May/2023:09:18:09 +0800] "GET /xingrg/javascript/jquery_tools/jquery-1.4.2.min.js HTTP/1.1" 404 1094
116.224.158.100 - - [08/May/2023:09:18:09 +0800] "GET /xingrg/javascript/easyui/themes/default/validatebox.css HTTP/1.1" 404 1104
116.224.158.100 - - [08/May/2023:09:18:09 +0800] "POST /xingrg/kc/mdqp/pssh_order_operate.html HTTP/1.1" 200 526
116.224.158.100 - - [08/May/2023:09:18:11 +0800] "POST /xingrg/kc/mdqp/pssh_list_operate.html HTTP/1.1" 200 362
116.224.158.100 - - [08/May/2023:09:18:13 +0800] "GET /xingrg/kc/mdqp/pssh_order_info.html?code=312023050600123 HTTP/1.1" 200 17295
116.224.158.100 - - [08/May/2023:09:18:13 +0800] "GET /xingrg/javascript/jquery_tools/jquery-1.4.2.min.js HTTP/1.1" 404 1094
116.224.158.100 - - [08/May/2023:09:18:13 +0800] "GET /xingrg/javascript/easyui/themes/icons/back_new.png HTTP/1.1" 304 -
116.224.158.100 - - [08/May/2023:09:18:13 +0800] "GET /xingrg/javascript/easyui/themes/default/validatebox.css HTTP/1.1" 404 1104
116.224.158.100 - - [08/May/2023:09:18:13 +0800] "GET /xingrg/all/common/auto_word.html?type=base&rest_code=00105&rest_code=00105 HTTP/1.1" 200 1907
116.224.158.100 - - [08/May/2023:09:18:13 +0800] "POST /xingrg/kc/mdqp/pssh_order_operate.html HTTP/1.1" 200 1057
120.253.135.82 - - [08/May/2023:09:18:14 +0800] "GET /xingrg/all/function/internal_message.html?_=1683508831115&CODE_STATE=getMsg HTTP/1.1" 302 -
120.253.135.82 - - [08/May/2023:09:18:14 +0800] "GET /xingrg/check_reg.html?_=1683508831117 HTTP/1.1" 302 -
120.253.135.82 - - [08/May/2023:09:18:14 +0800] "GET /xingrg/login.html HTTP/1.1" 200 7641
120.253.135.82 - - [08/May/2023:09:18:14 +0800] "GET /xingrg/login.html HTTP/1.1" 200 7641
116.224.158.100 - - [08/May/2023:09:18:15 +0800] "GET /xingrg/javascript/jquery_tools/images/prev.gif HTTP/1.1" 404 1086
116.224.158.100 - - [08/May/2023:09:18:15 +0800] "GET /xingrg/javascript/jquery_tools/images/next.gif HTTP/1.1" 404 1086
114.83.223.118 - - [08/May/2023:09:18:15 +0800] "GET /xingrg/all/function/internal_message.html?_=1683508695005&CODE_STATE=getMsg HTTP/1.1" 200 27
116.235.240.234 - - [08/May/2023:09:18:16 +0800] "GET /xingrg/check_reg.html?_=1683508698155 HTTP/1.1" 200 22
116.235.240.234 - - [08/May/2023:09:18:16 +0800] "GET /xingrg/all/function/internal_message.html?_=1683508698278&CODE_STATE=getMsg HTTP/1.1" 200 27
116.224.158.100 - - [08/May/2023:09:18:18 +0800] "POST /xingrg/all/common/load_combo.html?type=employee HTTP/1.1" 200 356
180.169.147.146 - - [08/May/2023:09:18:18 +0800] "POST /xingrg/dwr/call/plaincall/AjaxReportQueryService.refreshCache.dwr HTTP/1.1" 200 78
180.169.147.146 - - [08/May/2023:09:18:20 +0800] "POST /xingrg/all/report/load_report_page.html HTTP/1.1" 200 51010
180.169.147.146 - - [08/May/2023:09:18:20 +0800] "GET /xingrg/servlets/image?cache=0.4493003111384637&image=px HTTP/1.1" 200 807
116.224.158.100 - - [08/May/2023:09:18:21 +0800] "POST /xingrg/kc/mdqp/pssh_order_operate.html HTTP/1.1" 200 37
180.171.122.0 - - [08/May/2023:09:18:22 +0800] "GET /xingrg/all/function/internal_message.html?_=1683509028645&CODE_STATE=getMsg HTTP/1.1" 200 27
180.171.122.0 - - [08/May/2023:09:18:22 +0800] "GET /xingrg/check_reg.html?_=1683509028647 HTTP/1.1" 200 22
116.224.158.100 - - [08/May/2023:09:18:23 +0800] "POST /xingrg/kc/mdqp/pssh_order_operate.html HTTP/1.1" 200 1057
116.224.158.100 - - [08/May/2023:09:18:24 +0800] "GET /xingrg/kc/print/load_data.html?order_code=312023050700169&kc_code=pssh&condition= HTTP/1.1" 200 648
180.171.122.0 - - [08/May/2023:09:18:30 +0800] "GET /xingrg/all/function/internal_message.html?_=1683508710330&CODE_STATE=getMsg HTTP/1.1" 200 27
116.224.106.218 - - [08/May/2023:09:18:32 +0800] "GET /xingrg/all/function/internal_message.html?_=1683508708732&CODE_STATE=getMsg HTTP/1.1" 200 27
180.169.147.146 - - [08/May/2023:09:18:32 +0800] "GET /xingrg/all/function/internal_message.html?_=1683508712358&CODE_STATE=getMsg HTTP/1.1" 200 27
116.238.139.35 - - [08/May/2023:09:18:33 +0800] "POST /xingrg/kc/buy/cgsh_order_operate.html HTTP/1.1" 200 37
116.227.208.255 - - [08/May/2023:09:18:33 +0800] "GET /xingrg/all/function/internal_message.html?_=1683508768324&CODE_STATE=getMsg HTTP/1.1" 200 27
116.224.158.100 - - [08/May/2023:09:18:36 +0800] "POST /xingrg/kc/mdqp/pssh_order_operate.html HTTP/1.1" 200 37
116.224.158.100 - - [08/May/2023:09:18:39 +0800] "POST /xingrg/kc/mdqp/pssh_order_operate.html HTTP/1.1" 200 12
116.238.139.35 - - [08/May/2023:09:18:41 +0800] "GET /xingrg/all/function/internal_message.html?_=1683508720110&CODE_STATE=getMsg HTTP/1.1" 200 27
120.253.135.82 - - [08/May/2023:09:18:42 +0800] "GET /xingrg/all/function/internal_message.html?_=1683508558878&CODE_STATE=getMsg HTTP/1.1" 200 27
180.169.147.146 - - [08/May/2023:09:18:42 +0800] "GET /xingrg/all/function/internal_message.html?_=1683508719518&CODE_STATE=getMsg HTTP/1.1" 302 -
116.238.139.35 - - [08/May/2023:09:18:45 +0800] "POST /xingrg/kc/buy/cgsh_order_operate.html HTTP/1.1" 200 12
116.224.158.100 - - [08/May/2023:09:18:46 +0800] "GET /xingrg/all/function/internal_message.html?_=1683508563429&CODE_STATE=getMsg HTTP/1.1" 200 27
116.224.158.100 - - [08/May/2023:09:18:46 +0800] "GET /xingrg/check_reg.html?_=1683508563816 HTTP/1.1" 200 22
116.238.139.35 - - [08/May/2023:09:18:48 +0800] "GET /xingrg/kc/buy/cgsh_order_info.html?code=212023050802583 HTTP/1.1" 200 65683
116.238.139.35 - - [08/May/2023:09:18:49 +0800] "GET /xingrg/javascript/easyui/themes/default/validatebox.css HTTP/1.1" 404 1104
116.224.158.100 - - [08/May/2023:09:18:49 +0800] "GET /xingrg/kc/mdqp/pssh_order_info.html?code=312023050600123 HTTP/1.1" 200 14384
116.224.158.100 - - [08/May/2023:09:18:49 +0800] "GET /xingrg/javascript/jquery_tools/jquery-1.4.2.min.js HTTP/1.1" 404 1094
116.224.158.100 - - [08/May/2023:09:18:49 +0800] "GET /xingrg/javascript/easyui/themes/default/validatebox.css HTTP/1.1" 404 1104
116.224.158.100 - - [08/May/2023:09:18:49 +0800] "POST /xingrg/kc/mdqp/pssh_order_operate.html HTTP/1.1" 200 1057
116.238.139.35 - - [08/May/2023:09:18:50 +0800] "POST /xingrg/kc/buy/cgsh_order_operate.html HTTP/1.1" 200 12578
116.224.158.100 - - [08/May/2023:09:18:51 +0800] "GET /xingrg/kc/print/load_config.html?kc_code=pssh HTTP/1.1" 200 2362
116.224.158.100 - - [08/May/2023:09:18:51 +0800] "GET /xingrg/kc/print/load_data.html?order_code=312023050600123&kc_code=pssh&condition= HTTP/1.1" 200 832
124.79.240.114 - - [08/May/2023:09:18:51 +0800] "GET /xingrg/check_reg.html?_=1683509007093 HTTP/1.1" 200 22
124.79.240.114 - - [08/May/2023:09:18:51 +0800] "GET /xingrg/all/function/internal_message.html?_=1683509007094&CODE_STATE=getMsg HTTP/1.1" 200 27
116.238.139.35 - - [08/May/2023:09:18:52 +0800] "GET /xingrg/kc/print/load_config.html?kc_code=cgsh HTTP/1.1" 200 1925
116.238.139.35 - - [08/May/2023:09:18:52 +0800] "GET /xingrg/kc/print/load_data.html?order_code=212023050802583&kc_code=cgsh&condition= HTTP/1.1" 200 5327
116.238.139.35 - - [08/May/2023:09:18:56 +0800] "GET /xingrg/all/function/internal_message.html?_=1683508668975&CODE_STATE=getMsg HTTP/1.1" 200 27
116.224.158.100 - - [08/May/2023:09:18:58 +0800] "POST /xingrg/kc/mdqp/pssh_list_operate.html HTTP/1.1" 200 814
116.224.158.100 - - [08/May/2023:09:19:05 +0800] "POST /xingrg/kc/mdqp/pssh_list_operate.html HTTP/1.1" 200 814
114.83.223.118 - - [08/May/2023:09:19:05 +0800] "GET /xingrg/kc/buy/cgsh_order_add.html HTTP/1.1" 200 71265
114.83.223.118 - - [08/May/2023:09:19:05 +0800] "POST /xingrg/kc/buy/cgsh_order_operate.html HTTP/1.1" 200 8245
114.83.223.118 - - [08/May/2023:09:19:05 +0800] "GET /xingrg/javascript/easyui/themes/default/validatebox.css HTTP/1.1" 404 1104
116.224.158.100 - - [08/May/2023:09:19:07 +0800] "GET /xingrg/kc/mdqp/pssh_order_list.html HTTP/1.1" 200 17928
116.224.158.100 - - [08/May/2023:09:19:07 +0800] "POST /xingrg/kc/mdqp/pssh_list_operate.html HTTP/1.1" 200 5456
116.224.158.100 - - [08/May/2023:09:19:10 +0800] "POST /xingrg/kc/mdqp/pssh_list_operate.html HTTP/1.1" 200 794
116.224.158.100 - - [08/May/2023:09:19:11 +0800] "GET /xingrg/kc/mdqp/pssh_order_info.html?code=312023050600122 HTTP/1.1" 200 17297
116.224.158.100 - - [08/May/2023:09:19:11 +0800] "GET /xingrg/javascript/jquery_tools/jquery-1.4.2.min.js HTTP/1.1" 404 1094
116.224.158.100 - - [08/May/2023:09:19:12 +0800] "GET /xingrg/javascript/easyui/themes/default/validatebox.css HTTP/1.1" 404 1104
116.224.158.100 - - [08/May/2023:09:19:12 +0800] "POST /xingrg/kc/mdqp/pssh_order_operate.html HTTP/1.1" 200 7929
120.253.135.82 - - [08/May/2023:09:19:14 +0800] "GET /xingrg/all/function/internal_message.html?_=1683508891120&CODE_STATE=getMsg HTTP/1.1" 302 -
120.253.135.82 - - [08/May/2023:09:19:14 +0800] "GET /xingrg/login.html HTTP/1.1" 200 7641
116.224.158.100 - - [08/May/2023:09:19:14 +0800] "GET /xingrg/kc/base/base_main.html HTTP/1.1" 200 12142
116.224.158.100 - - [08/May/2023:09:19:14 +0800] "GET /xingrg/images/blue/button/wlsy.gif HTTP/1.1" 304 -
116.224.158.100 - - [08/May/2023:09:19:14 +0800] "GET /xingrg/images/blue/button/ckpd.gif HTTP/1.1" 304 -
116.224.158.100 - - [08/May/2023:09:19:14 +0800] "GET /xingrg/images/blue/button/ckdb.gif HTTP/1.1" 304 -
116.224.158.100 - - [08/May/2023:09:19:14 +0800] "GET /xingrg/images/blue/button/yddb.gif HTTP/1.1" 304 -
116.224.158.100 - - [08/May/2023:09:19:14 +0800] "GET /xingrg/images/blue/button/left_ah.jpg HTTP/1.1" 304 -
116.224.158.100 - - [08/May/2023:09:19:14 +0800] "GET /xingrg/images/blue/button/bottom_left.jpg HTTP/1.1" 304 -
116.224.158.100 - - [08/May/2023:09:19:14 +0800] "GET /xingrg/images/blue/button/bottom_right.jpg HTTP/1.1" 304 -
116.224.158.100 - - [08/May/2023:09:19:14 +0800] "GET /xingrg/images/blue/button/down.jpg HTTP/1.1" 304 -
116.224.158.100 - - [08/May/2023:09:19:14 +0800] "GET /xingrg/images/blue/button/top_right.jpg HTTP/1.1" 304 -
116.224.158.100 - - [08/May/2023:09:19:14 +0800] "GET /xingrg/images/blue/button/top_left.jpg HTTP/1.1" 304 -
114.83.223.118 - - [08/May/2023:09:19:15 +0800] "GET /xingrg/all/function/internal_message.html?_=1683508754998&CODE_STATE=getMsg HTTP/1.1" 200 27
116.224.158.100 - - [08/May/2023:09:19:16 +0800] "GET /xingrg/kc/base/wldb_order_list.html HTTP/1.1" 200 19098
116.224.158.100 - - [08/May/2023:09:19:16 +0800] "POST /xingrg/all/common/load_combo.html?type=employee HTTP/1.1" 200 356
116.235.240.234 - - [08/May/2023:09:19:16 +0800] "GET /xingrg/all/function/internal_message.html?_=1683508758294&CODE_STATE=getMsg HTTP/1.1" 200 27
116.224.158.100 - - [08/May/2023:09:19:17 +0800] "POST /xingrg/kc/base/wldb_list_operate.html HTTP/1.1" 200 928
114.83.223.118 - - [08/May/2023:09:19:17 +0800] "GET /xingrg/kc/buy/cgsh_order_operate.html?command=get_materiel&rest_code=00149&code=00101011003&supplier_code=00100051&order_time=2023-05-08 HTTP/1.1" 200 413
116.224.158.100 - - [08/May/2023:09:19:19 +0800] "GET /xingrg/kc/base/wldb_order_add.html HTTP/1.1" 200 30381
116.224.158.100 - - [08/May/2023:09:19:19 +0800] "POST /xingrg/kc/base/wldb_order_operate.html HTTP/1.1" 200 6806
116.224.158.100 - - [08/May/2023:09:19:19 +0800] "GET /xingrg/all/common/auto_word.html?type=base&rest_code=00105 HTTP/1.1" 200 1907
116.224.158.100 - - [08/May/2023:09:19:19 +0800] "GET /xingrg/all/common/auto_word.html?type=base&rest_code=00105 HTTP/1.1" 200 1907
116.224.158.100 - - [08/May/2023:09:19:20 +0800] "GET /xingrg/javascript/easyui/themes/default/validatebox.css HTTP/1.1" 404 1104
116.224.158.100 - - [08/May/2023:09:19:21 +0800] "POST /xingrg/kc/mdqp/pssh_order_operate.html HTTP/1.1" 200 37
180.171.122.0 - - [08/May/2023:09:19:22 +0800] "GET /xingrg/all/function/internal_message.html?_=1683509088647&CODE_STATE=getMsg HTTP/1.1" 200 27
116.224.158.100 - - [08/May/2023:09:19:22 +0800] "GET /xingrg/javascript/auto/indicator.gif HTTP/1.1" 404 1066
120.253.135.82 - - [08/May/2023:09:19:23 +0800] "GET /xingrg/kc/pszx/mdqp_order_list.html?state=10 HTTP/1.1" 200 10275
120.253.135.82 - - [08/May/2023:09:19:23 +0800] "GET /xingrg/dwr/interface/AjaxQqpsService.js HTTP/1.1" 200 16326
120.253.135.82 - - [08/May/2023:09:19:23 +0800] "GET /xingrg/dwr/interface/AjaxReportQueryService.js HTTP/1.1" 200 13203
120.253.135.82 - - [08/May/2023:09:19:23 +0800] "GET /xingrg/dwr/engine.js HTTP/1.1" 200 43631
180.171.122.0 - - [08/May/2023:09:19:24 +0800] "POST /xingrg/services/DataTransmitService HTTP/1.1" 200 524
120.253.135.82 - - [08/May/2023:09:19:25 +0800] "GET /xingrg/kc/pszx/mdps_order_list.html?orderType=0 HTTP/1.1" 200 21032
120.253.135.82 - - [08/May/2023:09:19:25 +0800] "POST /xingrg/kc/pszx/mdps_list_operate.html HTTP/1.1" 200 5368
116.224.158.100 - - [08/May/2023:09:19:28 +0800] "POST /xingrg/kc/mdqp/pssh_order_operate.html HTTP/1.1" 200 7929
116.224.158.100 - - [08/May/2023:09:19:29 +0800] "GET /xingrg/all/function/internal_message.html?_=1683508768284&CODE_STATE=getMsg HTTP/1.1" 200 27
180.171.122.0 - - [08/May/2023:09:19:30 +0800] "GET /xingrg/all/function/internal_message.html?_=1683508770328&CODE_STATE=getMsg HTTP/1.1" 200 27
180.171.122.0 - - [08/May/2023:09:19:30 +0800] "GET /xingrg/check_reg.html?_=1683508770332 HTTP/1.1" 200 22
120.253.135.82 - - [08/May/2023:09:19:31 +0800] "GET /xingrg/kc/pszx/mdqp_order_list.html?state=10 HTTP/1.1" 200 10275
120.253.135.82 - - [08/May/2023:09:19:31 +0800] "GET /xingrg/dwr/interface/AjaxReportQueryService.js HTTP/1.1" 200 13203
120.253.135.82 - - [08/May/2023:09:19:31 +0800] "GET /xingrg/dwr/interface/AjaxQqpsService.js HTTP/1.1" 200 16326
120.253.135.82 - - [08/May/2023:09:19:31 +0800] "GET /xingrg/dwr/engine.js HTTP/1.1" 200 43631
116.224.106.218 - - [08/May/2023:09:19:32 +0800] "GET /xingrg/all/function/internal_message.html?_=1683508768716&CODE_STATE=getMsg HTTP/1.1" 200 27
180.169.147.146 - - [08/May/2023:09:19:32 +0800] "GET /xingrg/all/function/internal_message.html?_=1683508772346&CODE_STATE=getMsg HTTP/1.1" 200 27
180.169.147.146 - - [08/May/2023:09:19:32 +0800] "GET /xingrg/check_reg.html?_=1683508772354 HTTP/1.1" 200 22
114.83.223.118 - - [08/May/2023:09:19:32 +0800] "GET /xingrg/kc/buy/cgsh_order_operate.html?command=get_materiel&rest_code=00149&code=00101011005&supplier_code=00100051&order_time=2023-05-08 HTTP/1.1" 200 428
116.227.208.255 - - [08/May/2023:09:19:33 +0800] "GET /xingrg/all/function/internal_message.html?_=1683508828306&CODE_STATE=getMsg HTTP/1.1" 200 27
116.224.158.100 - - [08/May/2023:09:19:34 +0800] "POST /xingrg/kc/mdqp/pssh_order_operate.html HTTP/1.1" 200 37
120.253.135.82 - - [08/May/2023:09:19:35 +0800] "GET /xingrg/kc/pszx/mdth_order_list.html HTTP/1.1" 200 18456
120.253.135.82 - - [08/May/2023:09:19:36 +0800] "POST /xingrg/kc/pszx/mdth_order_new_list.html HTTP/1.1" 200 4721
116.224.158.100 - - [08/May/2023:09:19:38 +0800] "POST /xingrg/kc/mdqp/pssh_order_operate.html HTTP/1.1" 200 12
116.224.158.100 - - [08/May/2023:09:19:39 +0800] "GET /xingrg/kc/mdqp/pssh_order_info.html?code=312023050600122 HTTP/1.1" 200 14386
116.224.158.100 - - [08/May/2023:09:19:39 +0800] "GET /xingrg/javascript/jquery_tools/jquery-1.4.2.min.js HTTP/1.1" 404 1094
116.224.158.100 - - [08/May/2023:09:19:40 +0800] "GET /xingrg/javascript/easyui/themes/default/validatebox.css HTTP/1.1" 404 1104
116.224.158.100 - - [08/May/2023:09:19:40 +0800] "POST /xingrg/kc/mdqp/pssh_order_operate.html HTTP/1.1" 200 7929
116.238.139.35 - - [08/May/2023:09:19:41 +0800] "GET /xingrg/check_reg.html?_=1683508780116 HTTP/1.1" 200 22
116.238.139.35 - - [08/May/2023:09:19:41 +0800] "GET /xingrg/all/function/internal_message.html?_=1683508780120&CODE_STATE=getMsg HTTP/1.1" 200 27
120.253.135.82 - - [08/May/2023:09:19:41 +0800] "GET /xingrg/kc/pszx/mdqp_order_list.html?state=10 HTTP/1.1" 200 10275
120.253.135.82 - - [08/May/2023:09:19:41 +0800] "GET /xingrg/dwr/interface/AjaxQqpsService.js HTTP/1.1" 200 16326
120.253.135.82 - - [08/May/2023:09:19:41 +0800] "GET /xingrg/dwr/interface/AjaxReportQueryService.js HTTP/1.1" 200 13203
120.253.135.82 - - [08/May/2023:09:19:41 +0800] "GET /xingrg/dwr/engine.js HTTP/1.1" 200 43631
116.224.158.100 - - [08/May/2023:09:19:41 +0800] "GET /xingrg/kc/print/load_data.html?order_code=312023050600122&kc_code=pssh&condition= HTTP/1.1" 200 3241
120.253.135.82 - - [08/May/2023:09:19:42 +0800] "GET /xingrg/all/function/internal_message.html?_=1683508618883&CODE_STATE=getMsg HTTP/1.1" 200 27
180.169.147.146 - - [08/May/2023:09:19:42 +0800] "GET /xingrg/all/function/internal_message.html?_=1683508779494&CODE_STATE=getMsg HTTP/1.1" 302 -
120.253.135.82 - - [08/May/2023:09:19:44 +0800] "GET /xingrg/kc/pszx/mdps_order_list.html?orderType=0 HTTP/1.1" 200 21032
120.253.135.82 - - [08/May/2023:09:19:44 +0800] "POST /xingrg/kc/pszx/mdps_list_operate.html HTTP/1.1" 200 5368
116.224.158.100 - - [08/May/2023:09:19:46 +0800] "GET /xingrg/all/function/internal_message.html?_=1683508623409&CODE_STATE=getMsg HTTP/1.1" 200 27
116.224.158.100 - - [08/May/2023:09:19:46 +0800] "GET /xingrg/kc/base/wldb_order_operate.html?command=get_materiel&rest_code=00105&base_code=0010513&code=00101013099 HTTP/1.1" 200 432
124.79.240.114 - - [08/May/2023:09:19:51 +0800] "GET /xingrg/all/function/internal_message.html?_=1683509067091&CODE_STATE=getMsg HTTP/1.1" 200 27
116.238.139.35 - - [08/May/2023:09:19:56 +0800] "GET /xingrg/all/function/internal_message.html?_=1683508729023&CODE_STATE=getMsg HTTP/1.1" 200 27
120.253.135.82 - - [08/May/2023:09:20:02 +0800] "GET /xingrg/kc/pszx/mdqp_order_list.html?state=10 HTTP/1.1" 200 10275
120.253.135.82 - - [08/May/2023:09:20:02 +0800] "GET /xingrg/dwr/interface/AjaxReportQueryService.js HTTP/1.1" 200 13203
120.253.135.82 - - [08/May/2023:09:20:02 +0800] "GET /xingrg/dwr/interface/AjaxQqpsService.js HTTP/1.1" 200 16326
120.253.135.82 - - [08/May/2023:09:20:02 +0800] "GET /xingrg/dwr/engine.js HTTP/1.1" 200 43631
116.224.158.100 - - [08/May/2023:09:20:02 +0800] "GET /xingrg/kc/base/wldb_order_operate.html?command=get_materiel&rest_code=00105&base_code=0010513&code=00101013073 HTTP/1.1" 200 433
120.253.135.82 - - [08/May/2023:09:20:05 +0800] "GET /xingrg/kc/pszx/mdth_order_list.html HTTP/1.1" 200 18456
120.253.135.82 - - [08/May/2023:09:20:05 +0800] "POST /xingrg/kc/pszx/mdth_order_new_list.html HTTP/1.1" 200 4721
120.253.135.82 - - [08/May/2023:09:20:10 +0800] "GET /xingrg/kc/pszx/mdqp_order_list.html?state=10 HTTP/1.1" 200 10275
120.253.135.82 - - [08/May/2023:09:20:10 +0800] "GET /xingrg/dwr/interface/AjaxQqpsService.js HTTP/1.1" 200 16326
120.253.135.82 - - [08/May/2023:09:20:10 +0800] "GET /xingrg/dwr/interface/AjaxReportQueryService.js HTTP/1.1" 200 13203
120.253.135.82 - - [08/May/2023:09:20:10 +0800] "GET /xingrg/dwr/engine.js HTTP/1.1" 200 43631
120.253.135.82 - - [08/May/2023:09:20:14 +0800] "GET /xingrg/all/function/internal_message.html?_=1683508951132&CODE_STATE=getMsg HTTP/1.1" 302 -
120.253.135.82 - - [08/May/2023:09:20:14 +0800] "GET /xingrg/login.html HTTP/1.1" 200 7641
114.83.223.118 - - [08/May/2023:09:20:15 +0800] "GET /xingrg/all/function/internal_message.html?_=1683508814972&CODE_STATE=getMsg HTTP/1.1" 200 27
116.224.158.100 - - [08/May/2023:09:20:16 +0800] "POST /xingrg/kc/base/wldb_order_operate.html HTTP/1.1" 200 37
116.235.240.234 - - [08/May/2023:09:20:16 +0800] "GET /xingrg/all/function/internal_message.html?_=1683508818328&CODE_STATE=getMsg HTTP/1.1" 200 27
116.224.158.100 - - [08/May/2023:09:20:17 +0800] "POST /xingrg/kc/base/wldb_order_operate.html HTTP/1.1" 200 2652
116.224.158.100 - - [08/May/2023:09:20:17 +0800] "GET /xingrg/kc/base/wldb_order_info.html?code=422023050800568 HTTP/1.1" 200 30389
116.224.158.100 - - [08/May/2023:09:20:18 +0800] "GET /xingrg/javascript/easyui/themes/default/validatebox.css HTTP/1.1" 404 1104
116.224.158.100 - - [08/May/2023:09:20:19 +0800] "POST /xingrg/kc/base/wldb_order_operate.html HTTP/1.1" 200 2652
120.253.135.82 - - [08/May/2023:09:20:21 +0800] "GET /xingrg/kc/pszx/mdps_order_list.html?orderType=0 HTTP/1.1" 200 21032
120.253.135.82 - - [08/May/2023:09:20:21 +0800] "POST /xingrg/kc/pszx/mdps_list_operate.html HTTP/1.1" 200 5368
180.171.122.0 - - [08/May/2023:09:20:22 +0800] "GET /xingrg/all/function/internal_message.html?_=1683509148644&CODE_STATE=getMsg HTTP/1.1" 200 27
120.253.135.82 - - [08/May/2023:09:20:28 +0800] "GET /xingrg/kc/pszx/jzcl_ps.html HTTP/1.1" 200 7683
120.253.135.82 - - [08/May/2023:09:20:28 +0800] "GET /xingrg/javascript/step/step.css HTTP/1.1" 304 -
120.253.135.82 - - [08/May/2023:09:20:28 +0800] "GET /xingrg/css/table.css HTTP/1.1" 304 -
120.253.135.82 - - [08/May/2023:09:20:28 +0800] "GET /xingrg/javascript/tools/jquery.qtip-1.0.0-rc3.min.js HTTP/1.1" 304 -
120.253.135.82 - - [08/May/2023:09:20:28 +0800] "GET /xingrg/javascript/step/images/navCurrentBtn.gif HTTP/1.1" 304 -
120.253.135.82 - - [08/May/2023:09:20:28 +0800] "GET /xingrg/javascript/jquery_easy_ui/themes/default/images/button_a_bg.gif HTTP/1.1" 304 -
120.253.135.82 - - [08/May/2023:09:20:28 +0800] "GET /xingrg/javascript/jquery_easy_ui/themes/default/images/button_span_bg.gif HTTP/1.1" 304 -
120.253.135.82 - - [08/May/2023:09:20:28 +0800] "GET /xingrg/javascript/jquery_easy_ui/themes/icons/search.png HTTP/1.1" 304 -
120.253.135.82 - - [08/May/2023:09:20:28 +0800] "GET /xingrg/javascript/jquery_easy_ui/themes/default/images/combo_arrow_dot.gif HTTP/1.1" 304 -
120.253.135.82 - - [08/May/2023:09:20:28 +0800] "GET /xingrg/javascript/jquery_easy_ui/themes/default/images/calendar_prevmonth.gif HTTP/1.1" 304 -
120.253.135.82 - - [08/May/2023:09:20:28 +0800] "GET /xingrg/javascript/jquery_easy_ui/themes/default/images/calendar_nextmonth.gif HTTP/1.1" 304 -
120.253.135.82 - - [08/May/2023:09:20:28 +0800] "GET /xingrg/javascript/jquery_easy_ui/themes/default/images/calendar_prevyear.gif HTTP/1.1" 304 -
120.253.135.82 - - [08/May/2023:09:20:28 +0800] "GET /xingrg/javascript/jquery_easy_ui/themes/default/images/calendar_nextyear.gif HTTP/1.1" 304 -
120.253.135.82 - - [08/May/2023:09:20:29 +0800] "GET /xingrg/javascript/jquery_easy_ui/themes/default/images/datagrid_header_bg.gif HTTP/1.1" 304 -
120.253.135.82 - - [08/May/2023:09:20:29 +0800] "GET /xingrg/javascript/jquery_easy_ui/themes/default/images/pagination_loading.gif HTTP/1.1" 304 -
120.253.135.82 - - [08/May/2023:09:20:29 +0800] "POST /xingrg/all/common/load_tree.html?tree=area_rest_tree_json HTTP/1.1" 200 3499
120.253.135.82 - - [08/May/2023:09:20:29 +0800] "GET /xingrg/javascript/jquery_easy_ui/themes/default/images/tree_checkbox_0.gif HTTP/1.1" 304 -
116.224.158.100 - - [08/May/2023:09:20:29 +0800] "GET /xingrg/all/function/internal_message.html?_=1683508828257&CODE_STATE=getMsg HTTP/1.1" 200 27
120.253.135.82 - - [08/May/2023:09:20:29 +0800] "POST /xingrg/kc/pszx/jzcl_ps_operate.html HTTP/1.1" 200 21
120.253.135.82 - - [08/May/2023:09:20:29 +0800] "POST /xingrg/kc/pszx/jzcl_ps_operate.html HTTP/1.1" 200 21
180.171.122.0 - - [08/May/2023:09:20:30 +0800] "GET /xingrg/all/function/internal_message.html?_=1683508830334&CODE_STATE=getMsg HTTP/1.1" 200 27
120.253.135.82 - - [08/May/2023:09:20:30 +0800] "GET /xingrg/javascript/jquery_easy_ui/themes/icons/rest.png HTTP/1.1" 304 -
116.224.158.100 - - [08/May/2023:09:20:31 +0800] "GET /xingrg/kc/base/wldb_order_add.html HTTP/1.1" 200 30381
180.169.147.146 - - [08/May/2023:09:20:31 +0800] "GET /xingrg/check_reg.html?_=1683508828676 HTTP/1.1" 302 -
116.224.158.100 - - [08/May/2023:09:20:31 +0800] "POST /xingrg/kc/base/wldb_order_operate.html HTTP/1.1" 200 6806
116.224.158.100 - - [08/May/2023:09:20:31 +0800] "GET /xingrg/javascript/easyui/themes/default/validatebox.css HTTP/1.1" 404 1104
116.224.106.218 - - [08/May/2023:09:20:32 +0800] "GET /xingrg/all/function/internal_message.html?_=1683508828703&CODE_STATE=getMsg HTTP/1.1" 200 27
120.253.135.82 - - [08/May/2023:09:20:32 +0800] "GET /xingrg/kc/pszx/mdqp_order_list.html?state=10 HTTP/1.1" 200 10275
120.253.135.82 - - [08/May/2023:09:20:32 +0800] "GET /xingrg/dwr/interface/AjaxReportQueryService.js HTTP/1.1" 200 13203
120.253.135.82 - - [08/May/2023:09:20:32 +0800] "GET /xingrg/dwr/interface/AjaxQqpsService.js HTTP/1.1" 200 16326
120.253.135.82 - - [08/May/2023:09:20:32 +0800] "GET /xingrg/dwr/engine.js HTTP/1.1" 200 43631
180.169.147.146 - - [08/May/2023:09:20:32 +0800] "GET /xingrg/all/function/internal_message.html?_=1683508832368&CODE_STATE=getMsg HTTP/1.1" 200 27
114.83.223.118 - - [08/May/2023:09:20:32 +0800] "POST /xingrg/kc/buy/cgsh_order_operate.html HTTP/1.1" 200 37
116.227.208.255 - - [08/May/2023:09:20:33 +0800] "GET /xingrg/all/function/internal_message.html?_=1683508888290&CODE_STATE=getMsg HTTP/1.1" 200 27
120.253.135.82 - - [08/May/2023:09:20:37 +0800] "GET /xingrg/kc/pszx/mdth_order_list.html HTTP/1.1" 200 18456
120.253.135.82 - - [08/May/2023:09:20:37 +0800] "POST /xingrg/kc/pszx/mdth_order_new_list.html HTTP/1.1" 200 4721
116.224.158.100 - - [08/May/2023:09:20:40 +0800] "GET /xingrg/javascript/jquery_tools/images/next.gif HTTP/1.1" 404 1086
116.224.158.100 - - [08/May/2023:09:20:40 +0800] "GET /xingrg/javascript/jquery_tools/images/prev.gif HTTP/1.1" 404 1086
114.83.223.118 - - [08/May/2023:09:20:40 +0800] "POST /xingrg/kc/buy/cgsh_order_operate.html HTTP/1.1" 200 12
120.253.135.82 - - [08/May/2023:09:20:40 +0800] "GET /xingrg/kc/pszx/mdqp_order_list.html?state=10 HTTP/1.1" 200 10275
120.253.135.82 - - [08/May/2023:09:20:40 +0800] "GET /xingrg/dwr/interface/AjaxQqpsService.js HTTP/1.1" 200 16326
120.253.135.82 - - [08/May/2023:09:20:40 +0800] "GET /xingrg/dwr/interface/AjaxReportQueryService.js HTTP/1.1" 200 13203
120.253.135.82 - - [08/May/2023:09:20:40 +0800] "GET /xingrg/dwr/engine.js HTTP/1.1" 200 43631
116.238.139.35 - - [08/May/2023:09:20:41 +0800] "GET /xingrg/all/function/internal_message.html?_=1683508840123&CODE_STATE=getMsg HTTP/1.1" 200 27
120.253.135.82 - - [08/May/2023:09:20:42 +0800] "GET /xingrg/all/function/internal_message.html?_=1683508678897&CODE_STATE=getMsg HTTP/1.1" 200 27
180.169.147.146 - - [08/May/2023:09:20:42 +0800] "GET /xingrg/all/function/internal_message.html?_=1683508839467&CODE_STATE=getMsg HTTP/1.1" 302 -
114.83.223.118 - - [08/May/2023:09:20:42 +0800] "GET /xingrg/kc/buy/cgsh_order_info.html?code=212023050802587 HTTP/1.1" 200 66174
114.83.223.118 - - [08/May/2023:09:20:43 +0800] "GET /xingrg/javascript/easyui/themes/default/validatebox.css HTTP/1.1" 404 1104
120.253.135.82 - - [08/May/2023:09:20:43 +0800] "GET /xingrg/kc/pszx/jzcl_ps.html HTTP/1.1" 200 7683
120.253.135.82 - - [08/May/2023:09:20:43 +0800] "POST /xingrg/all/common/load_tree.html?tree=area_rest_tree_json HTTP/1.1" 200 3499
114.83.223.118 - - [08/May/2023:09:20:43 +0800] "POST /xingrg/kc/buy/cgsh_order_operate.html HTTP/1.1" 200 1197
120.253.135.82 - - [08/May/2023:09:20:44 +0800] "POST /xingrg/kc/pszx/jzcl_ps_operate.html HTTP/1.1" 200 21
120.253.135.82 - - [08/May/2023:09:20:44 +0800] "POST /xingrg/kc/pszx/jzcl_ps_operate.html HTTP/1.1" 200 21
116.224.158.100 - - [08/May/2023:09:20:45 +0800] "GET /xingrg/kc/report/report_main.html HTTP/1.1" 200 7340
116.224.158.100 - - [08/May/2023:09:20:45 +0800] "GET /xingrg/javascript/jquery_ui/themes/humanity/humanity.css HTTP/1.1" 304 -
114.83.223.118 - - [08/May/2023:09:20:46 +0800] "GET /xingrg/kc/print/load_data.html?order_code=212023050802587&kc_code=cgsh&condition= HTTP/1.1" 200 948
116.224.158.100 - - [08/May/2023:09:20:46 +0800] "GET /xingrg/all/function/internal_message.html?_=1683508683386&CODE_STATE=getMsg HTTP/1.1" 200 27
116.224.158.100 - - [08/May/2023:09:20:46 +0800] "GET /xingrg/kc/base/kc_stocks.html HTTP/1.1" 200 16506
116.224.158.100 - - [08/May/2023:09:20:46 +0800] "GET /xingrg/javascript/easyui/themes/sunny/easyui.css HTTP/1.1" 304 -
116.224.158.100 - - [08/May/2023:09:20:46 +0800] "GET /xingrg/javascript/easyui/themes/icons/print_new.png HTTP/1.1" 304 -
116.224.158.100 - - [08/May/2023:09:20:46 +0800] "GET /xingrg/javascript/easyui/themes/icons/filter_new.png HTTP/1.1" 304 -
116.224.158.100 - - [08/May/2023:09:20:46 +0800] "GET /xingrg/javascript/easyui/themes/icons/refresh_new.png HTTP/1.1" 304 -
116.224.158.100 - - [08/May/2023:09:20:46 +0800] "GET /xingrg/javascript/easyui/themes/default/tree.css HTTP/1.1" 404 1090
116.224.158.100 - - [08/May/2023:09:20:46 +0800] "GET /xingrg/all/common/auto_word.html?type=base&rest_code=00105 HTTP/1.1" 200 1907
116.224.158.100 - - [08/May/2023:09:20:46 +0800] "POST /xingrg/all/common/load_tree.html?tree=materiel_sort_tree_json HTTP/1.1" 200 9500
116.224.158.100 - - [08/May/2023:09:20:47 +0800] "GET /xingrg/javascript/easyui/themes/sunny/images/tree_arrows.gif HTTP/1.1" 304 -
116.224.158.100 - - [08/May/2023:09:20:47 +0800] "GET /xingrg/javascript/easyui/themes/sunny/images/tree_folder_open.gif HTTP/1.1" 304 -
116.224.158.100 - - [08/May/2023:09:20:47 +0800] "GET /xingrg/javascript/easyui/themes/sunny/images/tree_folder.gif HTTP/1.1" 304 -
116.224.158.100 - - [08/May/2023:09:20:47 +0800] "GET /xingrg/javascript/easyui/themes/sunny/images/tree_file.gif HTTP/1.1" 304 -
116.224.158.100 - - [08/May/2023:09:20:49 +0800] "POST /xingrg/all/common/load_combo.html?type=base HTTP/1.1" 200 3409
116.224.158.100 - - [08/May/2023:09:20:49 +0800] "GET /xingrg/kc/base/wldb_order_operate.html?command=get_materiel&rest_code=00105&base_code=0010513&code=00101018012 HTTP/1.1" 200 462
120.253.135.82 - - [08/May/2023:09:20:50 +0800] "GET /xingrg/kc/pszx/mdqp_order_list.html?state=10 HTTP/1.1" 200 10275
120.253.135.82 - - [08/May/2023:09:20:50 +0800] "GET /xingrg/dwr/interface/AjaxQqpsService.js HTTP/1.1" 200 16326
120.253.135.82 - - [08/May/2023:09:20:50 +0800] "GET /xingrg/dwr/interface/AjaxReportQueryService.js HTTP/1.1" 200 13203
120.253.135.82 - - [08/May/2023:09:20:50 +0800] "GET /xingrg/dwr/engine.js HTTP/1.1" 200 43631
124.79.240.114 - - [08/May/2023:09:20:51 +0800] "GET /xingrg/all/function/internal_message.html?_=1683509127090&CODE_STATE=getMsg HTTP/1.1" 200 27
116.224.158.100 - - [08/May/2023:09:20:51 +0800] "POST /xingrg/kc/base/stock_operate.html HTTP/1.1" 200 4337
116.224.158.100 - - [08/May/2023:09:20:51 +0800] "GET /xingrg/javascript/jquery_tools/fix_table.js HTTP/1.1" 304 -
120.253.135.82 - - [08/May/2023:09:20:52 +0800] "GET /xingrg/kc/pszx/mdqp_order_list.html?state=10 HTTP/1.1" 200 10275
120.253.135.82 - - [08/May/2023:09:20:52 +0800] "GET /xingrg/dwr/interface/AjaxQqpsService.js HTTP/1.1" 200 16326
120.253.135.82 - - [08/May/2023:09:20:52 +0800] "GET /xingrg/dwr/interface/AjaxReportQueryService.js HTTP/1.1" 200 13203
120.253.135.82 - - [08/May/2023:09:20:52 +0800] "GET /xingrg/dwr/engine.js HTTP/1.1" 200 43631
172.20.0.100 - - [08/May/2023:09:20:54 +0800] "GET /xingrg/check_reg.html?_=1683508855661 HTTP/1.1" 302 -
120.253.135.82 - - [08/May/2023:09:20:55 +0800] "GET /xingrg/kc/pszx/mdps_order_list.html?orderType=0 HTTP/1.1" 200 21032
116.238.139.35 - - [08/May/2023:09:20:56 +0800] "GET /xingrg/all/function/internal_message.html?_=1683508789033&CODE_STATE=getMsg HTTP/1.1" 200 27
120.253.135.82 - - [08/May/2023:09:20:56 +0800] "POST /xingrg/kc/pszx/mdps_list_operate.html HTTP/1.1" 200 5368
120.253.135.82 - - [08/May/2023:09:20:59 +0800] "GET /xingrg/kc/pszx/mdqp_order_list.html?state=10 HTTP/1.1" 200 10275
120.253.135.82 - - [08/May/2023:09:20:59 +0800] "GET /xingrg/dwr/interface/AjaxQqpsService.js HTTP/1.1" 200 16326
