180.164.3.199 - - [08/May/2023:11:21:27 +0800] "GET /xingrg/check_reg.html?_=1683516086697 HTTP/1.1" 200 22
180.164.3.199 - - [08/May/2023:11:21:27 +0800] "GET /xingrg/all/function/internal_message.html?_=1683516086700&CODE_STATE=getMsg HTTP/1.1" 200 27
180.171.122.0 - - [08/May/2023:11:21:29 +0800] "GET /xingrg/all/function/internal_message.html?_=1683516088973&CODE_STATE=getMsg HTTP/1.1" 200 27
120.253.135.82 - - [08/May/2023:11:21:29 +0800] "POST /xingrg/all/common/load_select.html HTTP/1.1" 200 25
116.224.106.218 - - [08/May/2023:11:21:30 +0800] "GET /xingrg/all/function/internal_message.html?_=1683516086567&CODE_STATE=getMsg HTTP/1.1" 200 27
180.171.122.0 - - [08/May/2023:11:21:30 +0800] "GET /xingrg/all/function/internal_message.html?_=1683516416960&CODE_STATE=getMsg HTTP/1.1" 200 27
180.171.122.0 - - [08/May/2023:11:21:30 +0800] "GET /xingrg/check_reg.html?_=1683516416962 HTTP/1.1" 200 22
116.227.208.255 - - [08/May/2023:11:21:33 +0800] "GET /xingrg/all/function/internal_message.html?_=1683516148212&CODE_STATE=getMsg HTTP/1.1" 200 27
124.79.240.114 - - [08/May/2023:11:21:34 +0800] "POST /xingrg/services/DataTransmitService HTTP/1.1" 200 524
124.79.240.114 - - [08/May/2023:11:21:35 +0800] "POST /xingrg/services/DataTransmitService HTTP/1.1" 200 501
124.79.240.114 - - [08/May/2023:11:21:35 +0800] "POST /xingrg/services/DataTransmitService HTTP/1.1" 200 501
120.253.135.82 - - [08/May/2023:11:21:36 +0800] "GET /xingrg/kc/pszx/mdps_order_operate.html?command=get_materiel_price&pszx_code=00101&rest_code=00150&base_code=0010570&code=00101025089&unit_code=00100188&order_time=2023-05-08 HTTP/1.1" 200 35
124.79.240.114 - - [08/May/2023:11:21:36 +0800] "POST /xingrg/services/DataTransmitService HTTP/1.1" 200 501
124.79.240.114 - - [08/May/2023:11:21:36 +0800] "POST /xingrg/services/DataTransmitService HTTP/1.1" 200 501
124.79.240.114 - - [08/May/2023:11:21:37 +0800] "POST /xingrg/services/DataTransmitService HTTP/1.1" 200 501
124.79.240.114 - - [08/May/2023:11:21:39 +0800] "POST /xingrg/services/DataTransmitService HTTP/1.1" 200 412
172.20.0.100 - - [08/May/2023:11:21:41 +0800] "GET /xingrg/all/function/internal_message.html?_=1683516091017&CODE_STATE=getMsg HTTP/1.1" 200 27
116.224.158.100 - - [08/May/2023:11:21:47 +0800] "GET /xingrg/all/function/internal_message.html?_=1683515944370&CODE_STATE=getMsg HTTP/1.1" 200 27
180.169.147.146 - - [08/May/2023:11:21:47 +0800] "GET /xingrg/all/function/internal_message.html?_=1683516107389&CODE_STATE=getMsg HTTP/1.1" 200 27
120.253.135.82 - - [08/May/2023:11:21:50 +0800] "POST /xingrg/kc/pszx/mdps_order_operate.html HTTP/1.1" 200 37
120.253.135.82 - - [08/May/2023:11:21:51 +0800] "GET /xingrg/kc/pszx/mdps_order_info.html?code=312023050700179 HTTP/1.1" 200 23982
124.79.240.114 - - [08/May/2023:11:21:51 +0800] "GET /xingrg/all/function/internal_message.html?_=1683516387214&CODE_STATE=getMsg HTTP/1.1" 200 27
120.253.135.82 - - [08/May/2023:11:21:52 +0800] "GET /xingrg/javascript/easyui/themes/default/validatebox.css HTTP/1.1" 404 1104
120.253.135.82 - - [08/May/2023:11:21:52 +0800] "POST /xingrg/kc/pszx/mdps_order_operate.html HTTP/1.1" 200 2293
116.235.240.234 - - [08/May/2023:11:21:54 +0800] "POST /xingrg/services/DataTransmitService HTTP/1.1" 200 524
116.235.240.234 - - [08/May/2023:11:21:55 +0800] "POST /xingrg/services/DataTransmitService HTTP/1.1" 200 412
180.169.147.146 - - [08/May/2023:11:21:56 +0800] "GET /xingrg/all/function/internal_message.html?_=1683516116499&CODE_STATE=getMsg HTTP/1.1" 200 27
180.169.147.146 - - [08/May/2023:11:21:56 +0800] "GET /xingrg/check_reg.html?_=1683516116505 HTTP/1.1" 200 22
116.237.75.226 - - [08/May/2023:11:21:56 +0800] "GET /xingrg/check_reg.html?_=1683516116536 HTTP/1.1" 200 22
180.163.29.79 - - [08/May/2023:11:21:58 +0800] "GET /xingrg/all/function/internal_message.html?_=1683516058642&CODE_STATE=getMsg HTTP/1.1" 302 -
180.163.29.79 - - [08/May/2023:11:21:58 +0800] "GET /xingrg/login.html HTTP/1.1" 200 7641
120.253.135.82 - - [08/May/2023:11:21:58 +0800] "GET /xingrg/kc/pszx/mdps_order_info.html?code=312023050700179 HTTP/1.1" 200 23982
180.169.147.146 - - [08/May/2023:11:21:58 +0800] "GET /xingrg/all/function/internal_message.html?_=1683516118498&CODE_STATE=getMsg HTTP/1.1" 200 27
116.237.75.226 - - [08/May/2023:11:21:58 +0800] "GET /xingrg/all/function/internal_message.html?_=1683516118615&CODE_STATE=getMsg HTTP/1.1" 200 27
120.253.135.82 - - [08/May/2023:11:21:59 +0800] "GET /xingrg/javascript/easyui/themes/default/validatebox.css HTTP/1.1" 404 1104
120.253.135.82 - - [08/May/2023:11:21:59 +0800] "POST /xingrg/kc/pszx/mdps_order_operate.html HTTP/1.1" 200 2293
116.238.139.35 - - [08/May/2023:11:21:59 +0800] "GET /xingrg/all/function/internal_message.html?_=1683516118593&CODE_STATE=getMsg HTTP/1.1" 200 27
180.164.3.199 - - [08/May/2023:11:22:00 +0800] "GET /xingrg/all/function/internal_message.html?_=1683516119991&CODE_STATE=getMsg HTTP/1.1" 200 27
120.253.135.82 - - [08/May/2023:11:22:01 +0800] "POST /xingrg/kc/pszx/mdps_list_operate.html HTTP/1.1" 200 2068
180.169.147.146 - - [08/May/2023:11:22:02 +0800] "POST /xingrg/kc/buy/cgsh_order_operate.html HTTP/1.1" 200 37
180.169.147.146 - - [08/May/2023:11:22:04 +0800] "POST /xingrg/kc/buy/cgsh_order_operate.html HTTP/1.1" 200 3836
180.169.147.146 - - [08/May/2023:11:22:05 +0800] "GET /xingrg/kc/print/load_config.html?kc_code=cgsh HTTP/1.1" 200 1925
120.253.135.82 - - [08/May/2023:11:22:05 +0800] "POST /xingrg/kc/pszx/mdps_list_operate.html HTTP/1.1" 200 211
180.169.147.146 - - [08/May/2023:11:22:05 +0800] "GET /xingrg/kc/print/load_data.html?order_code=212023050802623&kc_code=cgsh&condition= HTTP/1.1" 200 1183
120.253.135.82 - - [08/May/2023:11:22:06 +0800] "GET /xingrg/kc/pszx/mdps_order_info.html?code=312023050700179 HTTP/1.1" 200 23982
120.253.135.82 - - [08/May/2023:11:22:06 +0800] "GET /xingrg/javascript/easyui/themes/default/validatebox.css HTTP/1.1" 404 1104
120.253.135.82 - - [08/May/2023:11:22:07 +0800] "POST /xingrg/kc/pszx/mdps_order_operate.html HTTP/1.1" 200 2293
120.253.135.82 - - [08/May/2023:11:22:09 +0800] "POST /xingrg/kc/pszx/mdps_list_operate.html HTTP/1.1" 200 2068
124.78.71.183 - - [08/May/2023:11:22:10 +0800] "GET /xingrg/all/function/internal_message.html?_=1683515652426&CODE_STATE=getMsg HTTP/1.1" 200 27
180.164.3.199 - - [08/May/2023:11:22:12 +0800] "GET /xingrg/kc/buy/cgsh_order_operate.html?command=get_materiel&rest_code=00108&code=00102001071&supplier_code=00100075&order_time=2023-05-08 HTTP/1.1" 200 413
114.83.223.118 - - [08/May/2023:11:22:13 +0800] "GET /xingrg/all/function/internal_message.html?_=1683516132849&CODE_STATE=getMsg HTTP/1.1" 200 27
120.253.135.82 - - [08/May/2023:11:22:14 +0800] "GET /xingrg/all/function/internal_message.html?_=1683516271698&CODE_STATE=getMsg HTTP/1.1" 302 -
120.253.135.82 - - [08/May/2023:11:22:15 +0800] "GET /xingrg/login.html HTTP/1.1" 200 7641
180.169.147.146 - - [08/May/2023:11:22:15 +0800] "GET /xingrg/kc/buy/cgsh_order_add.html HTTP/1.1" 200 71180
180.169.147.146 - - [08/May/2023:11:22:15 +0800] "GET /xingrg/javascript/easyui/themes/default/validatebox.css HTTP/1.1" 404 1104
180.169.147.146 - - [08/May/2023:11:22:15 +0800] "POST /xingrg/kc/buy/cgsh_order_operate.html HTTP/1.1" 200 8245
114.83.223.118 - - [08/May/2023:11:22:15 +0800] "GET /xingrg/check_reg.html?_=1683516135163 HTTP/1.1" 200 22
116.235.240.234 - - [08/May/2023:11:22:19 +0800] "GET /xingrg/all/function/internal_message.html?_=1683516141399&CODE_STATE=getMsg HTTP/1.1" 200 27
116.238.139.35 - - [08/May/2023:11:22:24 +0800] "GET /xingrg/check_reg.html?_=1683516077739 HTTP/1.1" 200 22
116.238.139.35 - - [08/May/2023:11:22:26 +0800] "GET /xingrg/all/function/internal_message.html?_=1683516079037&CODE_STATE=getMsg HTTP/1.1" 200 27
180.169.147.146 - - [08/May/2023:11:22:26 +0800] "GET /xingrg/kc/buy/cgsh_order_operate.html?command=get_materiel&rest_code=00147&code=00101016053&supplier_code=00100242&order_time=2023-05-08 HTTP/1.1" 200 408
120.253.135.82 - - [08/May/2023:11:22:26 +0800] "GET /xingrg/all/function/internal_message.html?_=1683515983113&CODE_STATE=getMsg HTTP/1.1" 200 27
116.224.158.100 - - [08/May/2023:11:22:26 +0800] "GET /xingrg/all/function/internal_message.html?_=1683516145275&CODE_STATE=getMsg HTTP/1.1" 200 27
180.164.3.199 - - [08/May/2023:11:22:27 +0800] "GET /xingrg/all/function/internal_message.html?_=1683516146703&CODE_STATE=getMsg HTTP/1.1" 200 27
180.164.3.199 - - [08/May/2023:11:22:28 +0800] "GET /xingrg/kc/buy/cgsh_order_operate.html?command=get_materiel&rest_code=00108&code=00102003086&supplier_code=00100075&order_time=2023-05-08 HTTP/1.1" 200 409
180.171.122.0 - - [08/May/2023:11:22:29 +0800] "GET /xingrg/all/function/internal_message.html?_=1683516148959&CODE_STATE=getMsg HTTP/1.1" 200 27
116.224.106.218 - - [08/May/2023:11:22:30 +0800] "GET /xingrg/all/function/internal_message.html?_=1683516146539&CODE_STATE=getMsg HTTP/1.1" 200 27
180.171.122.0 - - [08/May/2023:11:22:30 +0800] "GET /xingrg/all/function/internal_message.html?_=1683516476958&CODE_STATE=getMsg HTTP/1.1" 200 27
116.227.208.255 - - [08/May/2023:11:22:33 +0800] "GET /xingrg/all/function/internal_message.html?_=1683516208204&CODE_STATE=getMsg HTTP/1.1" 200 27
116.227.208.255 - - [08/May/2023:11:22:33 +0800] "GET /xingrg/check_reg.html?_=1683516208205 HTTP/1.1" 200 22
180.169.147.146 - - [08/May/2023:11:22:34 +0800] "GET /xingrg/kc/buy/cgsh_order_operate.html?command=get_materiel&rest_code=00147&code=00101016025&supplier_code=00100242&order_time=2023-05-08 HTTP/1.1" 200 408
180.164.3.199 - - [08/May/2023:11:22:39 +0800] "POST /xingrg/kc/buy/cgsh_order_operate.html HTTP/1.1" 200 37
172.20.0.100 - - [08/May/2023:11:22:41 +0800] "GET /xingrg/all/function/internal_message.html?_=1683516151020&CODE_STATE=getMsg HTTP/1.1" 200 27
180.164.3.199 - - [08/May/2023:11:22:41 +0800] "POST /xingrg/kc/buy/cgsh_order_operate.html HTTP/1.1" 200 3245
180.169.147.146 - - [08/May/2023:11:22:42 +0800] "GET /xingrg/kc/buy/cgsh_order_operate.html?command=get_materiel&rest_code=00147&code=00101011003&supplier_code=00100242&order_time=2023-05-08 HTTP/1.1" 200 412
116.224.106.218 - - [08/May/2023:11:22:43 +0800] "GET /xingrg/check_reg.html?_=1683516160036 HTTP/1.1" 200 22
180.164.3.199 - - [08/May/2023:11:22:45 +0800] "GET /xingrg/kc/print/load_data.html?order_code=212023050802624&kc_code=cgsh&condition= HTTP/1.1" 200 924
116.224.158.100 - - [08/May/2023:11:22:47 +0800] "GET /xingrg/all/function/internal_message.html?_=1683516004359&CODE_STATE=getMsg HTTP/1.1" 200 27
180.169.147.146 - - [08/May/2023:11:22:47 +0800] "GET /xingrg/all/function/internal_message.html?_=1683516167386&CODE_STATE=getMsg HTTP/1.1" 200 27
180.169.147.146 - - [08/May/2023:11:22:47 +0800] "GET /xingrg/check_reg.html?_=1683516167388 HTTP/1.1" 200 22
124.79.240.114 - - [08/May/2023:11:22:51 +0800] "GET /xingrg/all/function/internal_message.html?_=1683516447212&CODE_STATE=getMsg HTTP/1.1" 200 27
180.169.147.146 - - [08/May/2023:11:22:56 +0800] "GET /xingrg/kc/buy/cgsh_order_operate.html?command=get_materiel&rest_code=00147&code=00101012051&supplier_code=00100242&order_time=2023-05-08 HTTP/1.1" 200 408
180.169.147.146 - - [08/May/2023:11:22:56 +0800] "GET /xingrg/all/function/internal_message.html?_=1683516176503&CODE_STATE=getMsg HTTP/1.1" 200 27
180.169.147.146 - - [08/May/2023:11:22:58 +0800] "GET /xingrg/all/function/internal_message.html?_=1683516178487&CODE_STATE=getMsg HTTP/1.1" 200 27
116.237.75.226 - - [08/May/2023:11:22:58 +0800] "GET /xingrg/all/function/internal_message.html?_=1683516178599&CODE_STATE=getMsg HTTP/1.1" 200 27
116.238.139.35 - - [08/May/2023:11:22:59 +0800] "GET /xingrg/all/function/internal_message.html?_=1683516178595&CODE_STATE=getMsg HTTP/1.1" 200 27
116.238.139.35 - - [08/May/2023:11:22:59 +0800] "GET /xingrg/check_reg.html?_=1683516178599 HTTP/1.1" 200 22
180.164.3.199 - - [08/May/2023:11:23:00 +0800] "GET /xingrg/all/function/internal_message.html?_=1683516179985&CODE_STATE=getMsg HTTP/1.1" 200 27
180.164.3.199 - - [08/May/2023:11:23:00 +0800] "GET /xingrg/check_reg.html?_=1683516179989 HTTP/1.1" 200 22
180.169.147.146 - - [08/May/2023:11:23:03 +0800] "GET /xingrg/kc/buy/cgsh_order_operate.html?command=get_materiel&rest_code=00147&code=00101019940&supplier_code=00100242&order_time=2023-05-08 HTTP/1.1" 200 409
180.169.147.146 - - [08/May/2023:11:23:08 +0800] "GET /xingrg/kc/buy/cgsh_order_operate.html?command=get_materiel&rest_code=00147&code=00101012019&supplier_code=00100242&order_time=2023-05-08 HTTP/1.1" 200 412
124.78.71.183 - - [08/May/2023:11:23:10 +0800] "GET /xingrg/all/function/internal_message.html?_=1683515712394&CODE_STATE=getMsg HTTP/1.1" 200 27
114.83.223.118 - - [08/May/2023:11:23:13 +0800] "GET /xingrg/all/function/internal_message.html?_=1683516192834&CODE_STATE=getMsg HTTP/1.1" 200 27
120.253.135.82 - - [08/May/2023:11:23:15 +0800] "GET /xingrg/check_reg.html?_=1683516331706 HTTP/1.1" 302 -
120.253.135.82 - - [08/May/2023:11:23:15 +0800] "GET /xingrg/all/function/internal_message.html?_=1683516331705&CODE_STATE=getMsg HTTP/1.1" 302 -
120.253.135.82 - - [08/May/2023:11:23:15 +0800] "GET /xingrg/login.html HTTP/1.1" 200 7641
120.253.135.82 - - [08/May/2023:11:23:15 +0800] "GET /xingrg/login.html HTTP/1.1" 200 7641
180.169.147.146 - - [08/May/2023:11:23:17 +0800] "POST /xingrg/kc/buy/cgsh_order_operate.html HTTP/1.1" 200 37
116.235.240.234 - - [08/May/2023:11:23:19 +0800] "GET /xingrg/all/function/internal_message.html?_=1683516201541&CODE_STATE=getMsg HTTP/1.1" 200 27
180.169.147.146 - - [08/May/2023:11:23:23 +0800] "POST /xingrg/kc/buy/cgsh_order_operate.html HTTP/1.1" 200 5003
180.169.147.146 - - [08/May/2023:11:23:25 +0800] "GET /xingrg/kc/print/load_data.html?order_code=212023050802625&kc_code=cgsh&condition= HTTP/1.1" 200 1531
116.238.139.35 - - [08/May/2023:11:23:26 +0800] "GET /xingrg/all/function/internal_message.html?_=1683516139052&CODE_STATE=getMsg HTTP/1.1" 200 27
120.253.135.82 - - [08/May/2023:11:23:26 +0800] "GET /xingrg/all/function/internal_message.html?_=1683516043128&CODE_STATE=getMsg HTTP/1.1" 200 27
116.224.158.100 - - [08/May/2023:11:23:26 +0800] "GET /xingrg/all/function/internal_message.html?_=1683516205253&CODE_STATE=getMsg HTTP/1.1" 200 27
180.164.3.199 - - [08/May/2023:11:23:27 +0800] "GET /xingrg/all/function/internal_message.html?_=1683516206709&CODE_STATE=getMsg HTTP/1.1" 200 27
116.224.158.100 - - [08/May/2023:11:23:28 +0800] "GET /xingrg/check_reg.html?_=1683516207770 HTTP/1.1" 200 22
180.171.122.0 - - [08/May/2023:11:23:29 +0800] "GET /xingrg/all/function/internal_message.html?_=1683516208944&CODE_STATE=getMsg HTTP/1.1" 200 27
180.169.147.146 - - [08/May/2023:11:23:29 +0800] "GET /xingrg/kc/buy/cgsh_order_add.html HTTP/1.1" 200 71180
116.224.106.218 - - [08/May/2023:11:23:30 +0800] "GET /xingrg/all/function/internal_message.html?_=1683516206509&CODE_STATE=getMsg HTTP/1.1" 200 27
180.169.147.146 - - [08/May/2023:11:23:30 +0800] "POST /xingrg/kc/buy/cgsh_order_operate.html HTTP/1.1" 200 8245
180.169.147.146 - - [08/May/2023:11:23:30 +0800] "GET /xingrg/javascript/easyui/themes/default/validatebox.css HTTP/1.1" 404 1104
180.171.122.0 - - [08/May/2023:11:23:30 +0800] "GET /xingrg/all/function/internal_message.html?_=1683516536950&CODE_STATE=getMsg HTTP/1.1" 200 27
116.227.208.255 - - [08/May/2023:11:23:33 +0800] "GET /xingrg/all/function/internal_message.html?_=1683516268210&CODE_STATE=getMsg HTTP/1.1" 200 27
180.174.237.47 - - [08/May/2023:11:23:34 +0800] "GET /xingrg/check_reg.html?_=1683516215119 HTTP/1.1" 200 22
172.20.0.100 - - [08/May/2023:11:23:41 +0800] "GET /xingrg/all/function/internal_message.html?_=1683516211022&CODE_STATE=getMsg HTTP/1.1" 200 27
180.169.147.146 - - [08/May/2023:11:23:44 +0800] "GET /xingrg/kc/buy/cgsh_order_operate.html?command=get_materiel&rest_code=00147&code=00101011005&supplier_code=00100242&order_time=2023-05-08 HTTP/1.1" 200 428
116.224.158.100 - - [08/May/2023:11:23:47 +0800] "GET /xingrg/all/function/internal_message.html?_=1683516064369&CODE_STATE=getMsg HTTP/1.1" 200 27
180.169.147.146 - - [08/May/2023:11:23:47 +0800] "GET /xingrg/all/function/internal_message.html?_=1683516227385&CODE_STATE=getMsg HTTP/1.1" 200 27
124.79.240.114 - - [08/May/2023:11:23:51 +0800] "GET /xingrg/all/function/internal_message.html?_=1683516507212&CODE_STATE=getMsg HTTP/1.1" 200 27
124.79.240.114 - - [08/May/2023:11:23:51 +0800] "GET /xingrg/check_reg.html?_=1683516507213 HTTP/1.1" 200 22
180.169.147.146 - - [08/May/2023:11:23:56 +0800] "GET /xingrg/all/function/internal_message.html?_=1683516236507&CODE_STATE=getMsg HTTP/1.1" 200 27
180.169.147.146 - - [08/May/2023:11:23:58 +0800] "GET /xingrg/all/function/internal_message.html?_=1683516238476&CODE_STATE=getMsg HTTP/1.1" 200 27
116.237.75.226 - - [08/May/2023:11:23:58 +0800] "GET /xingrg/all/function/internal_message.html?_=1683516238584&CODE_STATE=getMsg HTTP/1.1" 200 27
180.169.147.146 - - [08/May/2023:11:23:58 +0800] "GET /xingrg/check_reg.html?_=1683516238859 HTTP/1.1" 200 22
116.238.139.35 - - [08/May/2023:11:23:59 +0800] "GET /xingrg/all/function/internal_message.html?_=1683516238600&CODE_STATE=getMsg HTTP/1.1" 200 27
180.164.3.199 - - [08/May/2023:11:24:00 +0800] "GET /xingrg/all/function/internal_message.html?_=1683516240015&CODE_STATE=getMsg HTTP/1.1" 200 27
124.78.71.183 - - [08/May/2023:11:24:10 +0800] "GET /xingrg/all/function/internal_message.html?_=1683515772373&CODE_STATE=getMsg HTTP/1.1" 200 27
114.83.223.118 - - [08/May/2023:11:24:13 +0800] "GET /xingrg/all/function/internal_message.html?_=1683516252831&CODE_STATE=getMsg HTTP/1.1" 200 27
120.253.135.82 - - [08/May/2023:11:24:15 +0800] "GET /xingrg/all/function/internal_message.html?_=1683516391714&CODE_STATE=getMsg HTTP/1.1" 302 -
120.253.135.82 - - [08/May/2023:11:24:15 +0800] "GET /xingrg/login.html HTTP/1.1" 200 7641
116.235.240.234 - - [08/May/2023:11:24:19 +0800] "GET /xingrg/all/function/internal_message.html?_=1683516261553&CODE_STATE=getMsg HTTP/1.1" 200 27
180.169.147.146 - - [08/May/2023:11:24:22 +0800] "GET /xingrg/kc/buy/cgsh_order_operate.html?command=get_materiel&rest_code=00147&code=00101012059&supplier_code=00100242&order_time=2023-05-08 HTTP/1.1" 200 413
116.238.139.35 - - [08/May/2023:11:24:26 +0800] "GET /xingrg/all/function/internal_message.html?_=1683516199065&CODE_STATE=getMsg HTTP/1.1" 200 27
120.253.135.82 - - [08/May/2023:11:24:26 +0800] "GET /xingrg/all/function/internal_message.html?_=1683516103157&CODE_STATE=getMsg HTTP/1.1" 200 27
116.224.158.100 - - [08/May/2023:11:24:26 +0800] "GET /xingrg/all/function/internal_message.html?_=1683516265226&CODE_STATE=getMsg HTTP/1.1" 200 27
180.164.3.199 - - [08/May/2023:11:24:27 +0800] "GET /xingrg/all/function/internal_message.html?_=1683516266683&CODE_STATE=getMsg HTTP/1.1" 200 27
180.171.122.0 - - [08/May/2023:11:24:29 +0800] "GET /xingrg/all/function/internal_message.html?_=1683516268929&CODE_STATE=getMsg HTTP/1.1" 200 27
180.169.147.146 - - [08/May/2023:11:24:29 +0800] "GET /xingrg/kc/buy/cgsh_order_operate.html?command=get_materiel&rest_code=00147&code=00101012003&supplier_code=00100242&order_time=2023-05-08 HTTP/1.1" 200 413
116.224.106.218 - - [08/May/2023:11:24:29 +0800] "GET /xingrg/all/function/internal_message.html?_=1683516266494&CODE_STATE=getMsg HTTP/1.1" 200 27
180.171.122.0 - - [08/May/2023:11:24:30 +0800] "GET /xingrg/check_reg.html?_=1683516270101 HTTP/1.1" 200 22
180.171.122.0 - - [08/May/2023:11:24:30 +0800] "GET /xingrg/all/function/internal_message.html?_=1683516596948&CODE_STATE=getMsg HTTP/1.1" 200 27
116.227.208.255 - - [08/May/2023:11:24:33 +0800] "GET /xingrg/all/function/internal_message.html?_=1683516328223&CODE_STATE=getMsg HTTP/1.1" 200 27
180.169.147.146 - - [08/May/2023:11:24:41 +0800] "GET /xingrg/kc/buy/cgsh_order_operate.html?command=get_materiel&rest_code=00147&code=00101016105&supplier_code=00100242&order_time=2023-05-08 HTTP/1.1" 200 409
172.20.0.100 - - [08/May/2023:11:24:41 +0800] "GET /xingrg/all/function/internal_message.html?_=1683516271026&CODE_STATE=getMsg HTTP/1.1" 200 27
172.20.0.100 - - [08/May/2023:11:24:41 +0800] "GET /xingrg/check_reg.html?_=1683516271028 HTTP/1.1" 200 22
116.224.158.100 - - [08/May/2023:11:24:47 +0800] "GET /xingrg/all/function/internal_message.html?_=1683516124359&CODE_STATE=getMsg HTTP/1.1" 200 27
180.169.147.146 - - [08/May/2023:11:24:47 +0800] "GET /xingrg/all/function/internal_message.html?_=1683516287382&CODE_STATE=getMsg HTTP/1.1" 200 27
124.79.240.114 - - [08/May/2023:11:24:51 +0800] "GET /xingrg/all/function/internal_message.html?_=1683516567210&CODE_STATE=getMsg HTTP/1.1" 200 27
180.169.147.146 - - [08/May/2023:11:24:56 +0800] "GET /xingrg/all/function/internal_message.html?_=1683516296499&CODE_STATE=getMsg HTTP/1.1" 200 27
180.169.147.146 - - [08/May/2023:11:24:57 +0800] "GET /xingrg/kc/buy/cgsh_order_operate.html?command=get_materiel&rest_code=00147&code=00101020221&supplier_code=00100242&order_time=2023-05-08 HTTP/1.1" 200 464
180.169.147.146 - - [08/May/2023:11:24:58 +0800] "GET /xingrg/all/function/internal_message.html?_=1683516298444&CODE_STATE=getMsg HTTP/1.1" 200 27
180.163.28.68 - - [08/May/2023:11:24:58 +0800] "GET /xingrg/all/function/internal_message.html?_=1683516238584&CODE_STATE=getMsg HTTP/1.1" 302 -
180.163.28.68 - - [08/May/2023:11:24:58 +0800] "GET /xingrg/login.html HTTP/1.1" 200 7641
116.237.75.226 - - [08/May/2023:11:24:58 +0800] "GET /xingrg/all/function/internal_message.html?_=1683516298569&CODE_STATE=getMsg HTTP/1.1" 200 27
116.238.139.35 - - [08/May/2023:11:24:59 +0800] "GET /xingrg/all/function/internal_message.html?_=1683516298604&CODE_STATE=getMsg HTTP/1.1" 200 27
124.78.71.183 - - [08/May/2023:11:25:10 +0800] "GET /xingrg/all/function/internal_message.html?_=1683515832348&CODE_STATE=getMsg HTTP/1.1" 200 27
124.78.71.183 - - [08/May/2023:11:25:12 +0800] "GET /xingrg/check_reg.html?_=1683515833891 HTTP/1.1" 200 22
114.83.223.118 - - [08/May/2023:11:25:13 +0800] "GET /xingrg/all/function/internal_message.html?_=1683516312812&CODE_STATE=getMsg HTTP/1.1" 200 27
120.253.135.82 - - [08/May/2023:11:25:15 +0800] "GET /xingrg/all/function/internal_message.html?_=1683516451730&CODE_STATE=getMsg HTTP/1.1" 302 -
120.253.135.82 - - [08/May/2023:11:25:15 +0800] "GET /xingrg/login.html HTTP/1.1" 200 7641
116.235.240.234 - - [08/May/2023:11:25:19 +0800] "GET /xingrg/check_reg.html?_=1683516321057 HTTP/1.1" 200 22
116.235.240.234 - - [08/May/2023:11:25:19 +0800] "GET /xingrg/all/function/internal_message.html?_=1683516321568&CODE_STATE=getMsg HTTP/1.1" 200 27
116.238.139.35 - - [08/May/2023:11:25:26 +0800] "GET /xingrg/all/function/internal_message.html?_=1683516259125&CODE_STATE=getMsg HTTP/1.1" 200 27
120.253.135.82 - - [08/May/2023:11:25:26 +0800] "GET /xingrg/all/function/internal_message.html?_=1683516163169&CODE_STATE=getMsg HTTP/1.1" 200 27
116.224.158.100 - - [08/May/2023:11:25:26 +0800] "GET /xingrg/all/function/internal_message.html?_=1683516325204&CODE_STATE=getMsg HTTP/1.1" 200 27
180.164.3.199 - - [08/May/2023:11:25:27 +0800] "GET /xingrg/all/function/internal_message.html?_=1683516326697&CODE_STATE=getMsg HTTP/1.1" 200 27
180.171.122.0 - - [08/May/2023:11:25:29 +0800] "GET /xingrg/all/function/internal_message.html?_=1683516328900&CODE_STATE=getMsg HTTP/1.1" 200 27
116.224.106.218 - - [08/May/2023:11:25:29 +0800] "GET /xingrg/all/function/internal_message.html?_=1683516326479&CODE_STATE=getMsg HTTP/1.1" 200 27
180.171.122.0 - - [08/May/2023:11:25:30 +0800] "GET /xingrg/all/function/internal_message.html?_=1683516656948&CODE_STATE=getMsg HTTP/1.1" 200 27
116.227.208.255 - - [08/May/2023:11:25:33 +0800] "GET /xingrg/all/function/internal_message.html?_=1683516388222&CODE_STATE=getMsg HTTP/1.1" 200 27
172.20.0.100 - - [08/May/2023:11:25:41 +0800] "GET /xingrg/all/function/internal_message.html?_=1683516331013&CODE_STATE=getMsg HTTP/1.1" 200 27
116.224.158.100 - - [08/May/2023:11:25:47 +0800] "GET /xingrg/check_reg.html?_=1683516184361 HTTP/1.1" 200 22
116.224.158.100 - - [08/May/2023:11:25:47 +0800] "GET /xingrg/all/function/internal_message.html?_=1683516184364&CODE_STATE=getMsg HTTP/1.1" 200 27
180.169.147.146 - - [08/May/2023:11:25:47 +0800] "GET /xingrg/all/function/internal_message.html?_=1683516347384&CODE_STATE=getMsg HTTP/1.1" 200 27
124.79.240.114 - - [08/May/2023:11:25:51 +0800] "GET /xingrg/all/function/internal_message.html?_=1683516627225&CODE_STATE=getMsg HTTP/1.1" 200 27
172.20.0.100 - - [08/May/2023:11:25:53 +0800] "GET /xingrg/check_reg.html?_=1683516355134 HTTP/1.1" 302 -
180.169.147.146 - - [08/May/2023:11:25:56 +0800] "GET /xingrg/all/function/internal_message.html?_=1683516356509&CODE_STATE=getMsg HTTP/1.1" 200 27
180.169.147.146 - - [08/May/2023:11:25:58 +0800] "GET /xingrg/all/function/internal_message.html?_=1683516358430&CODE_STATE=getMsg HTTP/1.1" 200 27
116.237.75.226 - - [08/May/2023:11:25:58 +0800] "GET /xingrg/all/function/internal_message.html?_=1683516358555&CODE_STATE=getMsg HTTP/1.1" 200 27
116.238.139.35 - - [08/May/2023:11:25:59 +0800] "GET /xingrg/all/function/internal_message.html?_=1683516358604&CODE_STATE=getMsg HTTP/1.1" 200 27
124.78.71.183 - - [08/May/2023:11:26:10 +0800] "GET /xingrg/all/function/internal_message.html?_=1683515892320&CODE_STATE=getMsg HTTP/1.1" 200 27
114.83.223.118 - - [08/May/2023:11:26:13 +0800] "GET /xingrg/all/function/internal_message.html?_=1683516372789&CODE_STATE=getMsg HTTP/1.1" 200 27
120.253.135.82 - - [08/May/2023:11:26:15 +0800] "GET /xingrg/all/function/internal_message.html?_=1683516511737&CODE_STATE=getMsg HTTP/1.1" 302 -
120.253.135.82 - - [08/May/2023:11:26:15 +0800] "GET /xingrg/login.html HTTP/1.1" 200 7641
116.235.240.234 - - [08/May/2023:11:26:19 +0800] "GET /xingrg/all/function/internal_message.html?_=1683516381580&CODE_STATE=getMsg HTTP/1.1" 200 27
120.253.135.82 - - [08/May/2023:11:26:25 +0800] "GET /xingrg/check_reg.html?_=1683516222248 HTTP/1.1" 200 22
116.238.139.35 - - [08/May/2023:11:26:26 +0800] "GET /xingrg/all/function/internal_message.html?_=1683516319138&CODE_STATE=getMsg HTTP/1.1" 200 27
116.224.158.100 - - [08/May/2023:11:26:26 +0800] "GET /xingrg/all/function/internal_message.html?_=1683516385180&CODE_STATE=getMsg HTTP/1.1" 200 27
120.253.135.82 - - [08/May/2023:11:26:26 +0800] "GET /xingrg/all/function/internal_message.html?_=1683516223183&CODE_STATE=getMsg HTTP/1.1" 200 27
180.164.3.199 - - [08/May/2023:11:26:26 +0800] "GET /xingrg/kc/base/yddb_order_list.html HTTP/1.1" 200 16714
180.164.3.199 - - [08/May/2023:11:26:27 +0800] "GET /xingrg/javascript/jquery_tools/list_manager.js HTTP/1.1" 200 3652
180.164.3.199 - - [08/May/2023:11:26:27 +0800] "GET /xingrg/images/control/ajaxLoader.gif HTTP/1.1" 200 4659
180.164.3.199 - - [08/May/2023:11:26:27 +0800] "POST /xingrg/kc/base/yddb_list_operate.html HTTP/1.1" 200 636
180.164.3.199 - - [08/May/2023:11:26:27 +0800] "GET /xingrg/all/function/internal_message.html?_=1683516386693&CODE_STATE=getMsg HTTP/1.1" 200 27
180.164.3.199 - - [08/May/2023:11:26:27 +0800] "GET /xingrg/check_reg.html?_=1683516386694 HTTP/1.1" 200 22
180.171.122.0 - - [08/May/2023:11:26:29 +0800] "GET /xingrg/all/function/internal_message.html?_=1683516388884&CODE_STATE=getMsg HTTP/1.1" 200 27
116.224.106.218 - - [08/May/2023:11:26:29 +0800] "GET /xingrg/all/function/internal_message.html?_=1683516386464&CODE_STATE=getMsg HTTP/1.1" 200 27
180.164.3.199 - - [08/May/2023:11:26:30 +0800] "POST /xingrg/kc/base/yddb_list_operate.html HTTP/1.1" 200 4458
180.171.122.0 - - [08/May/2023:11:26:30 +0800] "GET /xingrg/check_reg.html?_=1683516716968 HTTP/1.1" 200 22
180.171.122.0 - - [08/May/2023:11:26:30 +0800] "GET /xingrg/all/function/internal_message.html?_=1683516716965&CODE_STATE=getMsg HTTP/1.1" 200 27
180.164.3.199 - - [08/May/2023:11:26:31 +0800] "POST /xingrg/kc/base/yddb_list_operate.html HTTP/1.1" 200 273
116.227.208.255 - - [08/May/2023:11:26:33 +0800] "GET /xingrg/all/function/internal_message.html?_=1683516448219&CODE_STATE=getMsg HTTP/1.1" 200 27
180.164.3.199 - - [08/May/2023:11:26:33 +0800] "GET /xingrg/kc/base/yddb_order_info.html?code=482023050700032 HTTP/1.1" 200 31922
180.164.3.199 - - [08/May/2023:11:26:33 +0800] "GET /xingrg/css/blue.css HTTP/1.1" 200 15949
180.164.3.199 - - [08/May/2023:11:26:33 +0800] "GET /xingrg/dwr/interface/AjaxComOrderService.js HTTP/1.1" 200 18264
180.164.3.199 - - [08/May/2023:11:26:33 +0800] "GET /xingrg/javascript/myfunction.js HTTP/1.1" 200 24559
180.164.3.199 - - [08/May/2023:11:26:33 +0800] "GET /xingrg/javascript/jquery_easy_ui/themes/default/easyui.css HTTP/1.1" 200 26500
180.164.3.199 - - [08/May/2023:11:26:33 +0800] "GET /xingrg/dwr/interface/AjaxYddbService.js HTTP/1.1" 200 13201
180.164.3.199 - - [08/May/2023:11:26:33 +0800] "GET /xingrg/javascript/Calendar.js HTTP/1.1" 200 31561
180.164.3.199 - - [08/May/2023:11:26:33 +0800] "GET /xingrg/dwr/engine.js HTTP/1.1" 200 43631
180.164.3.199 - - [08/May/2023:11:26:33 +0800] "GET /xingrg/dwr/util.js HTTP/1.1" 200 35990
180.164.3.199 - - [08/May/2023:11:26:33 +0800] "GET /xingrg/javascript/jquery_easy_ui/themes/icon.css HTTP/1.1" 200 3949
180.164.3.199 - - [08/May/2023:11:26:33 +0800] "GET /xingrg/javascript/checkform.js HTTP/1.1" 200 18351
180.164.3.199 - - [08/May/2023:11:26:33 +0800] "GET /xingrg/javascript/AjaxInfoList.js HTTP/1.1" 200 3774
180.164.3.199 - - [08/May/2023:11:26:33 +0800] "GET /xingrg/javascript/Grid.js HTTP/1.1" 200 58908
180.164.3.199 - - [08/May/2023:11:26:34 +0800] "GET /xingrg/javascript/ToolTips.js HTTP/1.1" 200 5615
180.164.3.199 - - [08/May/2023:11:26:34 +0800] "GET /xingrg/javascript/jquery_easy_ui/themes/icons/edit_add_new.png HTTP/1.1" 200 2997
180.164.3.199 - - [08/May/2023:11:26:34 +0800] "GET /xingrg/javascript/jquery_easy_ui/themes/icons/print.png HTTP/1.1" 200 1057
180.164.3.199 - - [08/May/2023:11:26:34 +0800] "GET /xingrg/javascript/jquery_easy_ui/themes/default/images/menu_downarrow.png HTTP/1.1" 200 173
180.164.3.199 - - [08/May/2023:11:26:34 +0800] "GET /xingrg/javascript/jquery_easy_ui/themes/icons/back_new.png HTTP/1.1" 200 3414
180.164.3.199 - - [08/May/2023:11:26:34 +0800] "GET /xingrg/images/blue/wait.gif HTTP/1.1" 200 1100
180.164.3.199 - - [08/May/2023:11:26:34 +0800] "GET /xingrg/images/blue/kc_tab_left.gif HTTP/1.1" 200 188
180.164.3.199 - - [08/May/2023:11:26:34 +0800] "GET /xingrg/images/blue/kc_tab_mid.gif HTTP/1.1" 200 44
180.164.3.199 - - [08/May/2023:11:26:34 +0800] "GET /xingrg/images/blue/kc_tab_right.gif HTTP/1.1" 200 643
180.164.3.199 - - [08/May/2023:11:26:34 +0800] "POST /xingrg/dwr/call/plaincall/AjaxYddbService.loadMaterielItems.dwr HTTP/1.1" 200 697
180.164.3.199 - - [08/May/2023:11:26:35 +0800] "GET /xingrg/javascript/jquery_easy_ui/themes/default/images/button_plain_hover.png HTTP/1.1" 200 252
180.164.3.199 - - [08/May/2023:11:26:35 +0800] "GET /xingrg/kc/base/yddb_order_list.html?isBack=1 HTTP/1.1" 200 16714
180.164.3.199 - - [08/May/2023:11:26:36 +0800] "POST /xingrg/kc/base/yddb_list_operate.html HTTP/1.1" 200 636
172.20.0.100 - - [08/May/2023:11:26:41 +0800] "GET /xingrg/all/function/internal_message.html?_=1683516391016&CODE_STATE=getMsg HTTP/1.1" 200 27
116.224.158.100 - - [08/May/2023:11:26:47 +0800] "GET /xingrg/all/function/internal_message.html?_=1683516244370&CODE_STATE=getMsg HTTP/1.1" 200 27
180.169.147.146 - - [08/May/2023:11:26:47 +0800] "GET /xingrg/all/function/internal_message.html?_=1683516407379&CODE_STATE=getMsg HTTP/1.1" 200 27
124.79.240.114 - - [08/May/2023:11:26:51 +0800] "GET /xingrg/all/function/internal_message.html?_=1683516687222&CODE_STATE=getMsg HTTP/1.1" 200 27
180.169.147.146 - - [08/May/2023:11:26:56 +0800] "GET /xingrg/check_reg.html?_=1683516416507 HTTP/1.1" 200 22
180.169.147.146 - - [08/May/2023:11:26:56 +0800] "GET /xingrg/all/function/internal_message.html?_=1683516416509&CODE_STATE=getMsg HTTP/1.1" 200 27
116.237.75.226 - - [08/May/2023:11:26:56 +0800] "GET /xingrg/check_reg.html?_=1683516416519 HTTP/1.1" 200 22
180.163.29.217 - - [08/May/2023:11:26:58 +0800] "GET /xingrg/all/function/internal_message.html?_=1683516358555&CODE_STATE=getMsg HTTP/1.1" 302 -
180.163.29.217 - - [08/May/2023:11:26:58 +0800] "GET /xingrg/login.html HTTP/1.1" 200 7641
180.169.147.146 - - [08/May/2023:11:26:58 +0800] "GET /xingrg/all/function/internal_message.html?_=1683516418408&CODE_STATE=getMsg HTTP/1.1" 200 27
116.237.75.226 - - [08/May/2023:11:26:58 +0800] "GET /xingrg/all/function/internal_message.html?_=1683516418537&CODE_STATE=getMsg HTTP/1.1" 200 27
116.238.139.35 - - [08/May/2023:11:26:59 +0800] "GET /xingrg/all/function/internal_message.html?_=1683516418603&CODE_STATE=getMsg HTTP/1.1" 200 27
124.78.71.183 - - [08/May/2023:11:27:10 +0800] "GET /xingrg/all/function/internal_message.html?_=1683515952302&CODE_STATE=getMsg HTTP/1.1" 200 27
114.83.223.118 - - [08/May/2023:11:27:13 +0800] "GET /xingrg/all/function/internal_message.html?_=1683516432773&CODE_STATE=getMsg HTTP/1.1" 200 27
120.253.135.82 - - [08/May/2023:11:27:15 +0800] "GET /xingrg/all/function/internal_message.html?_=1683516571720&CODE_STATE=getMsg HTTP/1.1" 302 -
120.253.135.82 - - [08/May/2023:11:27:15 +0800] "GET /xingrg/login.html HTTP/1.1" 200 7641
114.83.223.118 - - [08/May/2023:11:27:15 +0800] "GET /xingrg/check_reg.html?_=1683516435172 HTTP/1.1" 200 22
116.235.240.234 - - [08/May/2023:11:27:19 +0800] "GET /xingrg/all/function/internal_message.html?_=1683516441592&CODE_STATE=getMsg HTTP/1.1" 200 27
101.93.223.213 - - [08/May/2023:11:27:22 +0800] "POST /xingrg/services/DataTransmitService HTTP/1.1" 200 524
101.93.223.213 - - [08/May/2023:11:27:24 +0800] "POST /xingrg/services/DataTransmitService HTTP/1.1" 200 412
116.238.139.35 - - [08/May/2023:11:27:24 +0800] "GET /xingrg/check_reg.html?_=1683516377802 HTTP/1.1" 200 22
116.238.139.35 - - [08/May/2023:11:27:26 +0800] "GET /xingrg/all/function/internal_message.html?_=1683516379152&CODE_STATE=getMsg HTTP/1.1" 200 27
116.224.158.100 - - [08/May/2023:11:27:26 +0800] "GET /xingrg/all/function/internal_message.html?_=1683516445148&CODE_STATE=getMsg HTTP/1.1" 200 27
120.253.135.82 - - [08/May/2023:11:27:26 +0800] "GET /xingrg/all/function/internal_message.html?_=1683516283196&CODE_STATE=getMsg HTTP/1.1" 200 27
180.164.3.199 - - [08/May/2023:11:27:27 +0800] "GET /xingrg/all/function/internal_message.html?_=1683516446686&CODE_STATE=getMsg HTTP/1.1" 200 27
180.171.122.0 - - [08/May/2023:11:27:29 +0800] "GET /xingrg/all/function/internal_message.html?_=1683516448868&CODE_STATE=getMsg HTTP/1.1" 200 27
116.224.106.218 - - [08/May/2023:11:27:29 +0800] "GET /xingrg/all/function/internal_message.html?_=1683516446457&CODE_STATE=getMsg HTTP/1.1" 200 27
180.171.122.0 - - [08/May/2023:11:27:30 +0800] "GET /xingrg/all/function/internal_message.html?_=1683516776953&CODE_STATE=getMsg HTTP/1.1" 200 27
116.227.208.255 - - [08/May/2023:11:27:33 +0800] "GET /xingrg/check_reg.html?_=1683516508220 HTTP/1.1" 200 22
116.227.208.255 - - [08/May/2023:11:27:33 +0800] "GET /xingrg/all/function/internal_message.html?_=1683516508223&CODE_STATE=getMsg HTTP/1.1" 200 27
172.20.0.100 - - [08/May/2023:11:27:41 +0800] "GET /xingrg/all/function/internal_message.html?_=1683516451020&CODE_STATE=getMsg HTTP/1.1" 200 27
116.224.106.218 - - [08/May/2023:11:27:43 +0800] "GET /xingrg/check_reg.html?_=1683516460018 HTTP/1.1" 200 22
116.224.158.100 - - [08/May/2023:11:27:47 +0800] "GET /xingrg/all/function/internal_message.html?_=1683516304361&CODE_STATE=getMsg HTTP/1.1" 200 27
180.169.147.146 - - [08/May/2023:11:27:47 +0800] "GET /xingrg/all/function/internal_message.html?_=1683516467396&CODE_STATE=getMsg HTTP/1.1" 200 27
180.169.147.146 - - [08/May/2023:11:27:47 +0800] "GET /xingrg/check_reg.html?_=1683516467397 HTTP/1.1" 200 22
124.79.240.114 - - [08/May/2023:11:27:51 +0800] "GET /xingrg/all/function/internal_message.html?_=1683516747221&CODE_STATE=getMsg HTTP/1.1" 200 27
218.81.77.21 - - [08/May/2023:11:27:53 +0800] "POST /xingrg/services/DataTransmitService HTTP/1.1" 200 524
218.81.77.21 - - [08/May/2023:11:27:54 +0800] "POST /xingrg/services/DataTransmitService HTTP/1.1" 200 501
180.169.147.146 - - [08/May/2023:11:27:56 +0800] "GET /xingrg/all/function/internal_message.html?_=1683516476496&CODE_STATE=getMsg HTTP/1.1" 200 27
180.169.147.146 - - [08/May/2023:11:27:58 +0800] "GET /xingrg/all/function/internal_message.html?_=1683516478380&CODE_STATE=getMsg HTTP/1.1" 200 27
116.237.75.226 - - [08/May/2023:11:27:58 +0800] "GET /xingrg/all/function/internal_message.html?_=1683516478514&CODE_STATE=getMsg HTTP/1.1" 200 27
116.238.139.35 - - [08/May/2023:11:27:59 +0800] "GET /xingrg/check_reg.html?_=1683516478603 HTTP/1.1" 200 22
116.238.139.35 - - [08/May/2023:11:27:59 +0800] "GET /xingrg/all/function/internal_message.html?_=1683516478605&CODE_STATE=getMsg HTTP/1.1" 200 27
124.78.71.183 - - [08/May/2023:11:28:10 +0800] "GET /xingrg/all/function/internal_message.html?_=1683516012271&CODE_STATE=getMsg HTTP/1.1" 200 27
114.83.223.118 - - [08/May/2023:11:28:13 +0800] "GET /xingrg/all/function/internal_message.html?_=1683516492764&CODE_STATE=getMsg HTTP/1.1" 200 27
120.253.135.82 - - [08/May/2023:11:28:15 +0800] "GET /xingrg/all/function/internal_message.html?_=1683516631721&CODE_STATE=getMsg HTTP/1.1" 302 -
120.253.135.82 - - [08/May/2023:11:28:15 +0800] "GET /xingrg/check_reg.html?_=1683516631721 HTTP/1.1" 302 -
120.253.135.82 - - [08/May/2023:11:28:15 +0800] "GET /xingrg/login.html HTTP/1.1" 200 7641
120.253.135.82 - - [08/May/2023:11:28:15 +0800] "GET /xingrg/login.html HTTP/1.1" 200 7641
116.235.240.234 - - [08/May/2023:11:28:20 +0800] "GET /xingrg/all/function/internal_message.html?_=1683516501740&CODE_STATE=getMsg HTTP/1.1" 200 27
116.238.139.35 - - [08/May/2023:11:28:26 +0800] "GET /xingrg/all/function/internal_message.html?_=1683516439166&CODE_STATE=getMsg HTTP/1.1" 200 27
116.224.158.100 - - [08/May/2023:11:28:26 +0800] "GET /xingrg/all/function/internal_message.html?_=1683516505116&CODE_STATE=getMsg HTTP/1.1" 200 27
120.253.135.82 - - [08/May/2023:11:28:26 +0800] "GET /xingrg/all/function/internal_message.html?_=1683516343210&CODE_STATE=getMsg HTTP/1.1" 200 27
180.164.3.199 - - [08/May/2023:11:28:27 +0800] "GET /xingrg/all/function/internal_message.html?_=1683516506702&CODE_STATE=getMsg HTTP/1.1" 200 27
116.224.158.100 - - [08/May/2023:11:28:28 +0800] "GET /xingrg/check_reg.html?_=1683516507748 HTTP/1.1" 200 22
180.171.122.0 - - [08/May/2023:11:28:29 +0800] "GET /xingrg/all/function/internal_message.html?_=1683516508838&CODE_STATE=getMsg HTTP/1.1" 200 27
116.224.106.218 - - [08/May/2023:11:28:29 +0800] "GET /xingrg/all/function/internal_message.html?_=1683516506434&CODE_STATE=getMsg HTTP/1.1" 200 27
180.171.122.0 - - [08/May/2023:11:28:30 +0800] "GET /xingrg/all/function/internal_message.html?_=1683516836956&CODE_STATE=getMsg HTTP/1.1" 200 27
116.227.208.255 - - [08/May/2023:11:28:33 +0800] "GET /xingrg/all/function/internal_message.html?_=1683516568218&CODE_STATE=getMsg HTTP/1.1" 200 27
180.174.237.47 - - [08/May/2023:11:28:34 +0800] "GET /xingrg/check_reg.html?_=1683516515106 HTTP/1.1" 200 22
172.20.0.100 - - [08/May/2023:11:28:41 +0800] "GET /xingrg/all/function/internal_message.html?_=1683516511022&CODE_STATE=getMsg HTTP/1.1" 200 27
116.224.158.100 - - [08/May/2023:11:28:47 +0800] "GET /xingrg/all/function/internal_message.html?_=1683516364370&CODE_STATE=getMsg HTTP/1.1" 200 27
180.169.147.146 - - [08/May/2023:11:28:47 +0800] "GET /xingrg/all/function/internal_message.html?_=1683516527385&CODE_STATE=getMsg HTTP/1.1" 200 27
124.79.240.114 - - [08/May/2023:11:28:51 +0800] "GET /xingrg/check_reg.html?_=1683516807218 HTTP/1.1" 200 22
124.79.240.114 - - [08/May/2023:11:28:51 +0800] "GET /xingrg/all/function/internal_message.html?_=1683516807219&CODE_STATE=getMsg HTTP/1.1" 200 27
180.169.147.146 - - [08/May/2023:11:28:56 +0800] "GET /xingrg/all/function/internal_message.html?_=1683516536496&CODE_STATE=getMsg HTTP/1.1" 200 27
180.163.28.68 - - [08/May/2023:11:28:58 +0800] "GET /xingrg/all/function/internal_message.html?_=1683516478514&CODE_STATE=getMsg HTTP/1.1" 302 -
180.163.28.68 - - [08/May/2023:11:28:58 +0800] "GET /xingrg/login.html HTTP/1.1" 200 7641
180.169.147.146 - - [08/May/2023:11:28:58 +0800] "GET /xingrg/all/function/internal_message.html?_=1683516538353&CODE_STATE=getMsg HTTP/1.1" 200 27
116.237.75.226 - - [08/May/2023:11:28:58 +0800] "GET /xingrg/all/function/internal_message.html?_=1683516538486&CODE_STATE=getMsg HTTP/1.1" 200 27
180.169.147.146 - - [08/May/2023:11:28:58 +0800] "GET /xingrg/check_reg.html?_=1683516538837 HTTP/1.1" 200 22
116.238.139.35 - - [08/May/2023:11:28:59 +0800] "GET /xingrg/all/function/internal_message.html?_=1683516538603&CODE_STATE=getMsg HTTP/1.1" 200 27
124.78.71.183 - - [08/May/2023:11:29:10 +0800] "GET /xingrg/all/function/internal_message.html?_=1683516072240&CODE_STATE=getMsg HTTP/1.1" 200 27
114.83.223.118 - - [08/May/2023:11:29:13 +0800] "GET /xingrg/all/function/internal_message.html?_=1683516552742&CODE_STATE=getMsg HTTP/1.1" 200 27
120.253.135.82 - - [08/May/2023:11:29:15 +0800] "GET /xingrg/all/function/internal_message.html?_=1683516691767&CODE_STATE=getMsg HTTP/1.1" 302 -
120.253.135.82 - - [08/May/2023:11:29:15 +0800] "GET /xingrg/login.html HTTP/1.1" 200 7641
116.235.240.234 - - [08/May/2023:11:29:20 +0800] "GET /xingrg/all/function/internal_message.html?_=1683516561745&CODE_STATE=getMsg HTTP/1.1" 200 27
116.224.158.100 - - [08/May/2023:11:29:26 +0800] "GET /xingrg/all/function/internal_message.html?_=1683516565097&CODE_STATE=getMsg HTTP/1.1" 200 27
116.238.139.35 - - [08/May/2023:11:29:26 +0800] "GET /xingrg/all/function/internal_message.html?_=1683516499179&CODE_STATE=getMsg HTTP/1.1" 200 27
120.253.135.82 - - [08/May/2023:11:29:26 +0800] "GET /xingrg/all/function/internal_message.html?_=1683516403226&CODE_STATE=getMsg HTTP/1.1" 200 27
180.164.3.199 - - [08/May/2023:11:29:27 +0800] "GET /xingrg/all/function/internal_message.html?_=1683516566700&CODE_STATE=getMsg HTTP/1.1" 200 27
180.171.122.0 - - [08/May/2023:11:29:29 +0800] "GET /xingrg/all/function/internal_message.html?_=1683516568824&CODE_STATE=getMsg HTTP/1.1" 200 27
116.224.106.218 - - [08/May/2023:11:29:29 +0800] "GET /xingrg/all/function/internal_message.html?_=1683516566407&CODE_STATE=getMsg HTTP/1.1" 200 27
180.171.122.0 - - [08/May/2023:11:29:30 +0800] "GET /xingrg/check_reg.html?_=1683516570101 HTTP/1.1" 200 22
180.171.122.0 - - [08/May/2023:11:29:30 +0800] "GET /xingrg/all/function/internal_message.html?_=1683516896944&CODE_STATE=getMsg HTTP/1.1" 200 27
116.227.208.255 - - [08/May/2023:11:29:33 +0800] "GET /xingrg/all/function/internal_message.html?_=1683516628219&CODE_STATE=getMsg HTTP/1.1" 200 27
172.20.0.100 - - [08/May/2023:11:29:41 +0800] "GET /xingrg/all/function/internal_message.html?_=1683516571026&CODE_STATE=getMsg HTTP/1.1" 200 27
172.20.0.100 - - [08/May/2023:11:29:41 +0800] "GET /xingrg/check_reg.html?_=1683516571029 HTTP/1.1" 200 22
116.224.158.100 - - [08/May/2023:11:29:47 +0800] "GET /xingrg/all/function/internal_message.html?_=1683516424360&CODE_STATE=getMsg HTTP/1.1" 200 27
180.169.147.146 - - [08/May/2023:11:29:47 +0800] "GET /xingrg/all/function/internal_message.html?_=1683516587378&CODE_STATE=getMsg HTTP/1.1" 200 27
124.79.240.114 - - [08/May/2023:11:29:51 +0800] "GET /xingrg/all/function/internal_message.html?_=1683516867218&CODE_STATE=getMsg HTTP/1.1" 200 27
180.169.147.146 - - [08/May/2023:11:29:56 +0800] "GET /xingrg/all/function/internal_message.html?_=1683516596510&CODE_STATE=getMsg HTTP/1.1" 200 27
180.169.147.146 - - [08/May/2023:11:29:58 +0800] "GET /xingrg/all/function/internal_message.html?_=1683516598333&CODE_STATE=getMsg HTTP/1.1" 200 27
116.237.75.226 - - [08/May/2023:11:29:58 +0800] "GET /xingrg/all/function/internal_message.html?_=1683516598472&CODE_STATE=getMsg HTTP/1.1" 200 27
116.238.139.35 - - [08/May/2023:11:29:59 +0800] "GET /xingrg/all/function/internal_message.html?_=1683516598603&CODE_STATE=getMsg HTTP/1.1" 200 27
116.224.158.100 - - [08/May/2023:11:30:09 +0800] "GET /xingrg/kc/buy/cgsh_order_add.html HTTP/1.1" 200 71259
116.224.158.100 - - [08/May/2023:11:30:10 +0800] "GET /xingrg/javascript/easyui/themes/default/validatebox.css HTTP/1.1" 404 1104
116.224.158.100 - - [08/May/2023:11:30:10 +0800] "POST /xingrg/kc/buy/cgsh_order_operate.html HTTP/1.1" 200 8245
124.78.71.183 - - [08/May/2023:11:30:10 +0800] "GET /xingrg/all/function/internal_message.html?_=1683516132216&CODE_STATE=getMsg HTTP/1.1" 200 27
124.78.71.183 - - [08/May/2023:11:30:12 +0800] "GET /xingrg/check_reg.html?_=1683516133866 HTTP/1.1" 200 22
167.248.133.51 - - [08/May/2023:11:30:12 +0800] "GET / HTTP/1.1" 404 -
114.83.223.118 - - [08/May/2023:11:30:13 +0800] "GET /xingrg/all/function/internal_message.html?_=1683516612714&CODE_STATE=getMsg HTTP/1.1" 200 27
167.248.133.51 - - [08/May/2023:11:30:13 +0800] "PRI * HTTP/2.0" 505 -
120.253.135.82 - - [08/May/2023:11:30:15 +0800] "GET /xingrg/all/function/internal_message.html?_=1683516751730&CODE_STATE=getMsg HTTP/1.1" 302 -
120.253.135.82 - - [08/May/2023:11:30:15 +0800] "GET /xingrg/login.html HTTP/1.1" 200 7641
116.224.158.100 - - [08/May/2023:11:30:17 +0800] "GET /xingrg/kc/buy/cgsh_order_operate.html?command=get_materiel&rest_code=00105&code=00101018008&supplier_code=&order_time=2023-05-08 HTTP/1.1" 200 415
124.78.71.183 - - [08/May/2023:11:30:18 +0800] "POST /xingrg/kc/mdqp/pssh_list_operate.html HTTP/1.1" 200 1580
116.235.240.234 - - [08/May/2023:11:30:19 +0800] "GET /xingrg/check_reg.html?_=1683516621190 HTTP/1.1" 200 22
124.78.71.183 - - [08/May/2023:11:30:19 +0800] "POST /xingrg/kc/mdqp/pssh_list_operate.html HTTP/1.1" 200 1580
124.78.71.183 - - [08/May/2023:11:30:19 +0800] "POST /xingrg/kc/mdqp/pssh_list_operate.html HTTP/1.1" 200 1580
116.235.240.234 - - [08/May/2023:11:30:20 +0800] "GET /xingrg/all/function/internal_message.html?_=1683516621758&CODE_STATE=getMsg HTTP/1.1" 200 27
116.224.158.100 - - [08/May/2023:11:30:26 +0800] "GET /xingrg/all/function/internal_message.html?_=1683516625099&CODE_STATE=getMsg HTTP/1.1" 200 27
116.238.139.35 - - [08/May/2023:11:30:26 +0800] "GET /xingrg/all/function/internal_message.html?_=1683516559241&CODE_STATE=getMsg HTTP/1.1" 200 27
120.253.135.82 - - [08/May/2023:11:30:26 +0800] "GET /xingrg/all/function/internal_message.html?_=1683516463239&CODE_STATE=getMsg HTTP/1.1" 200 27
180.164.3.199 - - [08/May/2023:11:30:27 +0800] "GET /xingrg/all/function/internal_message.html?_=1683516626696&CODE_STATE=getMsg HTTP/1.1" 200 27
180.171.122.0 - - [08/May/2023:11:30:29 +0800] "GET /xingrg/all/function/internal_message.html?_=1683516628822&CODE_STATE=getMsg HTTP/1.1" 200 27
116.224.106.218 - - [08/May/2023:11:30:29 +0800] "GET /xingrg/all/function/internal_message.html?_=1683516626394&CODE_STATE=getMsg HTTP/1.1" 200 27
180.171.122.0 - - [08/May/2023:11:30:30 +0800] "GET /xingrg/all/function/internal_message.html?_=1683516956945&CODE_STATE=getMsg HTTP/1.1" 200 27
116.227.208.255 - - [08/May/2023:11:30:33 +0800] "GET /xingrg/all/function/internal_message.html?_=1683516688210&CODE_STATE=getMsg HTTP/1.1" 200 27
124.78.71.183 - - [08/May/2023:11:30:39 +0800] "GET /xingrg/kc/mdqp/qp_main.html HTTP/1.1" 200 10633
124.78.71.183 - - [08/May/2023:11:30:40 +0800] "GET /xingrg/images/yd/bt.gif HTTP/1.1" 404 1040
124.78.71.183 - - [08/May/2023:11:30:40 +0800] "GET /xingrg/kc/mdqp/pssh_order_list.html HTTP/1.1" 200 17844
124.78.71.183 - - [08/May/2023:11:30:41 +0800] "POST /xingrg/kc/mdqp/pssh_list_operate.html HTTP/1.1" 200 5273
172.20.0.100 - - [08/May/2023:11:30:41 +0800] "GET /xingrg/all/function/internal_message.html?_=1683516631016&CODE_STATE=getMsg HTTP/1.1" 200 27
124.78.71.183 - - [08/May/2023:11:30:46 +0800] "POST /xingrg/kc/mdqp/pssh_list_operate.html HTTP/1.1" 200 363
116.224.158.100 - - [08/May/2023:11:30:47 +0800] "GET /xingrg/all/function/internal_message.html?_=1683516484361&CODE_STATE=getMsg HTTP/1.1" 200 27
116.224.158.100 - - [08/May/2023:11:30:47 +0800] "GET /xingrg/check_reg.html?_=1683516484365 HTTP/1.1" 200 22
180.169.147.146 - - [08/May/2023:11:30:47 +0800] "GET /xingrg/all/function/internal_message.html?_=1683516647387&CODE_STATE=getMsg HTTP/1.1" 200 27
124.78.71.183 - - [08/May/2023:11:30:47 +0800] "GET /xingrg/kc/mdqp/pssh_order_info.html?code=312023050600135 HTTP/1.1" 200 17301
124.78.71.183 - - [08/May/2023:11:30:47 +0800] "GET /xingrg/javascript/jquery_tools/jquery-1.4.2.min.js HTTP/1.1" 404 1094
124.78.71.183 - - [08/May/2023:11:30:48 +0800] "GET /xingrg/javascript/easyui/themes/default/validatebox.css HTTP/1.1" 404 1104
124.78.71.183 - - [08/May/2023:11:30:48 +0800] "POST /xingrg/kc/mdqp/pssh_order_operate.html HTTP/1.1" 200 1085
124.78.71.183 - - [08/May/2023:11:30:50 +0800] "POST /xingrg/all/common/load_combo.html?type=employee HTTP/1.1" 200 362
124.79.240.114 - - [08/May/2023:11:30:51 +0800] "GET /xingrg/all/function/internal_message.html?_=1683516927216&CODE_STATE=getMsg HTTP/1.1" 200 27
124.78.71.183 - - [08/May/2023:11:30:53 +0800] "POST /xingrg/kc/mdqp/pssh_order_operate.html HTTP/1.1" 200 37
172.20.0.100 - - [08/May/2023:11:30:53 +0800] "GET /xingrg/check_reg.html?_=1683516655135 HTTP/1.1" 302 -
124.78.71.183 - - [08/May/2023:11:30:56 +0800] "POST /xingrg/kc/mdqp/pssh_order_operate.html HTTP/1.1" 200 12
180.169.147.146 - - [08/May/2023:11:30:56 +0800] "GET /xingrg/all/function/internal_message.html?_=1683516656514&CODE_STATE=getMsg HTTP/1.1" 200 27
180.169.147.146 - - [08/May/2023:11:30:58 +0800] "GET /xingrg/all/function/internal_message.html?_=1683516658303&CODE_STATE=getMsg HTTP/1.1" 200 27
116.237.75.226 - - [08/May/2023:11:30:58 +0800] "GET /xingrg/all/function/internal_message.html?_=1683516658457&CODE_STATE=getMsg HTTP/1.1" 200 27
116.238.139.35 - - [08/May/2023:11:30:59 +0800] "GET /xingrg/all/function/internal_message.html?_=1683516658602&CODE_STATE=getMsg HTTP/1.1" 200 27
124.78.71.183 - - [08/May/2023:11:31:02 +0800] "GET /xingrg/kc/mdqp/pssh_order_info.html?code=312023050600135 HTTP/1.1" 200 14390
124.78.71.183 - - [08/May/2023:11:31:02 +0800] "GET /xingrg/javascript/jquery_tools/jquery-1.4.2.min.js HTTP/1.1" 404 1094
124.78.71.183 - - [08/May/2023:11:31:02 +0800] "GET /xingrg/javascript/easyui/themes/default/validatebox.css HTTP/1.1" 404 1104
