116.235.240.234 - - [08/May/2023:10:46:06 +0800] "GET /xingrg/all/common/auto_word.html?type=base&rest_code=00146 HTTP/1.1" 200 1799
116.235.240.234 - - [08/May/2023:10:46:06 +0800] "GET /xingrg/all/common/auto_word.html?type=base&rest_code=00146 HTTP/1.1" 200 1799
116.235.240.234 - - [08/May/2023:10:46:06 +0800] "GET /xingrg/javascript/easyui/themes/default/validatebox.css HTTP/1.1" 404 1104
124.78.71.183 - - [08/May/2023:10:46:11 +0800] "GET /xingrg/all/function/internal_message.html?_=1683513493236&CODE_STATE=getMsg HTTP/1.1" 200 27
114.83.223.118 - - [08/May/2023:10:46:14 +0800] "GET /xingrg/all/function/internal_message.html?_=1683513973541&CODE_STATE=getMsg HTTP/1.1" 200 27
120.253.135.82 - - [08/May/2023:10:46:14 +0800] "GET /xingrg/all/function/internal_message.html?_=1683514111528&CODE_STATE=getMsg HTTP/1.1" 302 -
120.253.135.82 - - [08/May/2023:10:46:14 +0800] "GET /xingrg/login.html HTTP/1.1" 200 7641
116.235.240.234 - - [08/May/2023:10:46:18 +0800] "GET /xingrg/all/function/internal_message.html?_=1683513980159&CODE_STATE=getMsg HTTP/1.1" 200 27
180.169.147.146 - - [08/May/2023:10:46:19 +0800] "GET /xingrg/all/function/internal_message.html?_=1683513979003&CODE_STATE=getMsg HTTP/1.1" 200 27
116.238.139.35 - - [08/May/2023:10:46:25 +0800] "GET /xingrg/all/function/internal_message.html?_=1683513918237&CODE_STATE=getMsg HTTP/1.1" 200 27
120.253.135.82 - - [08/May/2023:10:46:25 +0800] "GET /xingrg/check_reg.html?_=1683513822194 HTTP/1.1" 200 22
120.253.135.82 - - [08/May/2023:10:46:25 +0800] "GET /xingrg/all/function/internal_message.html?_=1683513822624&CODE_STATE=getMsg HTTP/1.1" 200 27
116.224.158.100 - - [08/May/2023:10:46:27 +0800] "GET /xingrg/all/function/internal_message.html?_=1683513986191&CODE_STATE=getMsg HTTP/1.1" 200 27
180.164.3.199 - - [08/May/2023:10:46:27 +0800] "GET /xingrg/all/function/internal_message.html?_=1683513986697&CODE_STATE=getMsg HTTP/1.1" 200 27
180.164.3.199 - - [08/May/2023:10:46:27 +0800] "GET /xingrg/check_reg.html?_=1683513986699 HTTP/1.1" 200 22
180.171.122.0 - - [08/May/2023:10:46:29 +0800] "GET /xingrg/all/function/internal_message.html?_=1683513989612&CODE_STATE=getMsg HTTP/1.1" 200 27
116.224.106.218 - - [08/May/2023:10:46:30 +0800] "GET /xingrg/all/function/internal_message.html?_=1683513987162&CODE_STATE=getMsg HTTP/1.1" 200 27
180.171.122.0 - - [08/May/2023:10:46:30 +0800] "GET /xingrg/all/function/internal_message.html?_=1683514316941&CODE_STATE=getMsg HTTP/1.1" 200 27
180.171.122.0 - - [08/May/2023:10:46:30 +0800] "GET /xingrg/check_reg.html?_=1683514316945 HTTP/1.1" 200 22
116.227.208.255 - - [08/May/2023:10:46:33 +0800] "GET /xingrg/all/function/internal_message.html?_=1683514048222&CODE_STATE=getMsg HTTP/1.1" 200 27
116.235.240.234 - - [08/May/2023:10:46:33 +0800] "GET /xingrg/kc/base/wldb_order_operate.html?command=get_materiel&rest_code=00146&base_code=&code=00101029073 HTTP/1.1" 200 489
116.238.139.35 - - [08/May/2023:10:46:38 +0800] "GET /xingrg/all/function/internal_message.html?_=1683513997597&CODE_STATE=getMsg HTTP/1.1" 200 27
116.224.158.100 - - [08/May/2023:10:46:47 +0800] "GET /xingrg/all/function/internal_message.html?_=1683513844523&CODE_STATE=getMsg HTTP/1.1" 200 27
116.235.240.234 - - [08/May/2023:10:46:50 +0800] "POST /xingrg/kc/buy/cgsh_list_operate.html HTTP/1.1" 200 1867
124.79.240.114 - - [08/May/2023:10:46:51 +0800] "GET /xingrg/all/function/internal_message.html?_=1683514287167&CODE_STATE=getMsg HTTP/1.1" 200 27
116.237.75.226 - - [08/May/2023:10:46:56 +0800] "GET /xingrg/all/function/internal_message.html?_=1683514016246&CODE_STATE=getMsg HTTP/1.1" 200 27
180.169.147.146 - - [08/May/2023:10:46:56 +0800] "GET /xingrg/check_reg.html?_=1683514013781 HTTP/1.1" 200 22
180.169.147.146 - - [08/May/2023:10:46:56 +0800] "GET /xingrg/all/function/internal_message.html?_=1683514013783&CODE_STATE=getMsg HTTP/1.1" 200 27
116.237.75.226 - - [08/May/2023:10:46:56 +0800] "GET /xingrg/check_reg.html?_=1683514016673 HTTP/1.1" 200 22
180.169.147.146 - - [08/May/2023:10:46:58 +0800] "GET /xingrg/all/function/internal_message.html?_=1683514018854&CODE_STATE=getMsg HTTP/1.1" 200 27
116.238.139.35 - - [08/May/2023:10:46:59 +0800] "POST /xingrg/all/user/operate.html HTTP/1.1" 200 36
116.238.139.35 - - [08/May/2023:10:46:59 +0800] "GET /xingrg/javascript/jquery_easy_ui/themes/default/easyui.css HTTP/1.1" 304 -
116.238.139.35 - - [08/May/2023:10:47:00 +0800] "GET /xingrg/javascript/jquery_easy_ui/themes/icon.css HTTP/1.1" 304 -
116.238.139.35 - - [08/May/2023:10:47:00 +0800] "GET /xingrg/css/form.css HTTP/1.1" 304 -
116.238.139.35 - - [08/May/2023:10:47:00 +0800] "GET /xingrg/javascript/jquery-1.4.2.min.js HTTP/1.1" 304 -
116.238.139.35 - - [08/May/2023:10:47:00 +0800] "GET /xingrg/javascript/jquery_easy_ui/jquery.easyui.min.js HTTP/1.1" 304 -
116.238.139.35 - - [08/May/2023:10:47:00 +0800] "GET /xingrg/javascript/jquery_easy_ui/easyui-lang-zh_CN.js HTTP/1.1" 304 -
116.238.139.35 - - [08/May/2023:10:47:00 +0800] "GET /xingrg/javascript/jquery.form.js HTTP/1.1" 304 -
116.238.139.35 - - [08/May/2023:10:47:00 +0800] "GET /xingrg/javascript/jquery.utils.js HTTP/1.1" 304 -
116.238.139.35 - - [08/May/2023:10:47:00 +0800] "GET /xingrg/javascript/jquery.timers.js HTTP/1.1" 304 -
116.238.139.35 - - [08/May/2023:10:47:00 +0800] "GET /xingrg/index.html?sysBaseUrl=http%3A%2F%2F180.169.147.146%3A18081%2Fxingrg%2F&costTime=2854×tamp=1683512257475 HTTP/1.1" 200 17179
116.238.139.35 - - [08/May/2023:10:47:00 +0800] "GET /xingrg/images/blue/jxLogo.png HTTP/1.1" 304 -
116.238.139.35 - - [08/May/2023:10:47:00 +0800] "GET /xingrg/images/blue/navBackgound.jpg HTTP/1.1" 304 -
116.238.139.35 - - [08/May/2023:10:47:00 +0800] "GET /xingrg/javascript/jquery_easy_ui/themes/icons/settle_new.png HTTP/1.1" 304 -
116.238.139.35 - - [08/May/2023:10:47:00 +0800] "GET /xingrg/all/function/internal_message.html?_=1683514019395&CODE_STATE=count HTTP/1.1" 200 11
116.238.139.35 - - [08/May/2023:10:47:00 +0800] "GET /xingrg/javascript/jquery_easy_ui/themes/default/images/tabs_leftarrow.png HTTP/1.1" 304 -
116.238.139.35 - - [08/May/2023:10:47:00 +0800] "GET /xingrg/check_reg.html?_=1683514019396 HTTP/1.1" 200 22
116.238.139.35 - - [08/May/2023:10:47:00 +0800] "GET /xingrg/javascript/jquery_easy_ui/themes/default/images/panel_tool_collapse.gif HTTP/1.1" 304 -
116.238.139.35 - - [08/May/2023:10:47:00 +0800] "GET /xingrg/javascript/jquery_easy_ui/themes/default/images/tabs_rightarrow.png HTTP/1.1" 304 -
116.238.139.35 - - [08/May/2023:10:47:00 +0800] "GET /xingrg/images/blue/pingpu.png HTTP/1.1" 304 -
116.238.139.35 - - [08/May/2023:10:47:00 +0800] "POST /xingrg/all/common/load_tree.html?tree=area_rest_tree_json&manage=1 HTTP/1.1" 200 476
116.238.139.35 - - [08/May/2023:10:47:01 +0800] "POST /xingrg/load_menu.html HTTP/1.1" 200 5138
180.169.147.146 - - [08/May/2023:10:47:03 +0800] "POST /xingrg/kc/buy/cgsh_list_operate.html HTTP/1.1" 200 4
116.238.139.35 - - [08/May/2023:10:47:04 +0800] "GET /xingrg/kc/base/wldb_order_list.html HTTP/1.1" 200 19104
116.238.139.35 - - [08/May/2023:10:47:06 +0800] "POST /xingrg/kc/base/wldb_list_operate.html HTTP/1.1" 200 928
116.238.139.35 - - [08/May/2023:10:47:08 +0800] "GET /xingrg/kc/base/wldb_order_add.html HTTP/1.1" 200 30387
116.238.139.35 - - [08/May/2023:10:47:08 +0800] "POST /xingrg/kc/base/wldb_order_operate.html HTTP/1.1" 200 6806
116.238.139.35 - - [08/May/2023:10:47:08 +0800] "GET /xingrg/all/common/auto_word.html?type=base&rest_code=00150 HTTP/1.1" 200 1853
116.238.139.35 - - [08/May/2023:10:47:08 +0800] "GET /xingrg/all/common/auto_word.html?type=base&rest_code=00150 HTTP/1.1" 200 1853
116.238.139.35 - - [08/May/2023:10:47:08 +0800] "GET /xingrg/javascript/easyui/themes/default/validatebox.css HTTP/1.1" 404 1104
124.78.71.183 - - [08/May/2023:10:47:11 +0800] "GET /xingrg/all/function/internal_message.html?_=1683513553216&CODE_STATE=getMsg HTTP/1.1" 200 27
116.238.139.35 - - [08/May/2023:10:47:14 +0800] "GET /xingrg/javascript/auto/indicator.gif HTTP/1.1" 404 1066
114.83.223.118 - - [08/May/2023:10:47:14 +0800] "GET /xingrg/all/function/internal_message.html?_=1683514033512&CODE_STATE=getMsg HTTP/1.1" 200 27
120.253.135.82 - - [08/May/2023:10:47:14 +0800] "GET /xingrg/all/function/internal_message.html?_=1683514171528&CODE_STATE=getMsg HTTP/1.1" 302 -
120.253.135.82 - - [08/May/2023:10:47:14 +0800] "GET /xingrg/login.html HTTP/1.1" 200 7641
114.83.223.118 - - [08/May/2023:10:47:15 +0800] "GET /xingrg/check_reg.html?_=1683514035175 HTTP/1.1" 200 22
116.235.240.234 - - [08/May/2023:10:47:18 +0800] "GET /xingrg/all/function/internal_message.html?_=1683514040206&CODE_STATE=getMsg HTTP/1.1" 200 27
180.169.147.146 - - [08/May/2023:10:47:19 +0800] "GET /xingrg/all/function/internal_message.html?_=1683514038988&CODE_STATE=getMsg HTTP/1.1" 200 27
180.169.147.146 - - [08/May/2023:10:47:19 +0800] "GET /xingrg/check_reg.html?_=1683514039284 HTTP/1.1" 200 22
116.238.139.35 - - [08/May/2023:10:47:21 +0800] "GET /xingrg/kc/base/wldb_order_operate.html?command=get_materiel&rest_code=00150&base_code=0010445&code=00101019373 HTTP/1.1" 200 466
116.238.139.35 - - [08/May/2023:10:47:24 +0800] "GET /xingrg/check_reg.html?_=1683513977371 HTTP/1.1" 200 22
116.238.139.35 - - [08/May/2023:10:47:25 +0800] "GET /xingrg/all/function/internal_message.html?_=1683513978250&CODE_STATE=getMsg HTTP/1.1" 200 27
120.253.135.82 - - [08/May/2023:10:47:25 +0800] "GET /xingrg/all/function/internal_message.html?_=1683513882639&CODE_STATE=getMsg HTTP/1.1" 200 27
116.224.158.100 - - [08/May/2023:10:47:27 +0800] "GET /xingrg/all/function/internal_message.html?_=1683514046159&CODE_STATE=getMsg HTTP/1.1" 200 27
180.164.3.199 - - [08/May/2023:10:47:27 +0800] "GET /xingrg/all/function/internal_message.html?_=1683514046696&CODE_STATE=getMsg HTTP/1.1" 200 27
180.171.122.0 - - [08/May/2023:10:47:29 +0800] "GET /xingrg/all/function/internal_message.html?_=1683514049597&CODE_STATE=getMsg HTTP/1.1" 200 27
116.224.106.218 - - [08/May/2023:10:47:30 +0800] "GET /xingrg/all/function/internal_message.html?_=1683514047141&CODE_STATE=getMsg HTTP/1.1" 200 27
180.171.122.0 - - [08/May/2023:10:47:30 +0800] "GET /xingrg/all/function/internal_message.html?_=1683514376951&CODE_STATE=getMsg HTTP/1.1" 200 27
116.235.240.234 - - [08/May/2023:10:47:31 +0800] "GET /xingrg/kc/mdqp/pssh_order_list.html HTTP/1.1" 200 17844
116.235.240.234 - - [08/May/2023:10:47:32 +0800] "POST /xingrg/kc/mdqp/pssh_list_operate.html HTTP/1.1" 200 5309
116.238.139.35 - - [08/May/2023:10:47:32 +0800] "POST /xingrg/kc/base/wldb_order_operate.html HTTP/1.1" 200 37
116.227.208.255 - - [08/May/2023:10:47:33 +0800] "GET /xingrg/check_reg.html?_=1683514108214 HTTP/1.1" 200 22
116.227.208.255 - - [08/May/2023:10:47:33 +0800] "GET /xingrg/all/function/internal_message.html?_=1683514108216&CODE_STATE=getMsg HTTP/1.1" 200 27
116.235.240.234 - - [08/May/2023:10:47:35 +0800] "POST /xingrg/kc/mdqp/pssh_list_operate.html HTTP/1.1" 200 288
116.224.106.218 - - [08/May/2023:10:47:43 +0800] "GET /xingrg/check_reg.html?_=1683514060151 HTTP/1.1" 200 22
116.238.139.35 - - [08/May/2023:10:47:47 +0800] "POST /xingrg/kc/base/wldb_order_operate.html HTTP/1.1" 200 12
116.238.139.35 - - [08/May/2023:10:47:47 +0800] "POST /xingrg/kc/base/wldb_order_operate.html HTTP/1.1" 200 2208
116.224.158.100 - - [08/May/2023:10:47:47 +0800] "GET /xingrg/all/function/internal_message.html?_=1683513904502&CODE_STATE=getMsg HTTP/1.1" 200 27
116.238.139.35 - - [08/May/2023:10:47:51 +0800] "GET /xingrg/kc/base/wldb_order_info.html?code=422023050800578 HTTP/1.1" 200 26262
124.79.240.114 - - [08/May/2023:10:47:51 +0800] "GET /xingrg/all/function/internal_message.html?_=1683514347191&CODE_STATE=getMsg HTTP/1.1" 200 27
116.238.139.35 - - [08/May/2023:10:47:52 +0800] "GET /xingrg/javascript/easyui/themes/default/validatebox.css HTTP/1.1" 404 1104
116.238.139.35 - - [08/May/2023:10:47:52 +0800] "POST /xingrg/kc/base/wldb_order_operate.html HTTP/1.1" 200 502
116.235.240.234 - - [08/May/2023:10:47:55 +0800] "GET /xingrg/kc/buy/cgsh_order_list.html HTTP/1.1" 200 55401
180.169.147.146 - - [08/May/2023:10:47:56 +0800] "GET /xingrg/all/function/internal_message.html?_=1683514076493&CODE_STATE=getMsg HTTP/1.1" 200 27
116.237.75.226 - - [08/May/2023:10:47:56 +0800] "GET /xingrg/all/function/internal_message.html?_=1683514076221&CODE_STATE=getMsg HTTP/1.1" 200 27
180.163.29.217 - - [08/May/2023:10:47:56 +0800] "GET /xingrg/check_reg.html?_=1683514016673 HTTP/1.1" 302 -
180.163.29.217 - - [08/May/2023:10:47:56 +0800] "GET /xingrg/login.html HTTP/1.1" 200 7641
116.235.240.234 - - [08/May/2023:10:47:59 +0800] "POST /xingrg/kc/buy/cgsh_list_operate.html HTTP/1.1" 200 1867
116.238.139.35 - - [08/May/2023:10:48:00 +0800] "GET /xingrg/all/function/internal_message.html?_=1683514079518&CODE_STATE=getMsg HTTP/1.1" 200 27
116.235.240.234 - - [08/May/2023:10:48:02 +0800] "POST /xingrg/kc/buy/cgsh_list_operate.html HTTP/1.1" 200 565
116.235.240.234 - - [08/May/2023:10:48:04 +0800] "GET /xingrg/kc/buy/cgsh_order_info.html?code=212023050802580 HTTP/1.1" 200 71186
116.235.240.234 - - [08/May/2023:10:48:05 +0800] "GET /xingrg/javascript/easyui/themes/default/validatebox.css HTTP/1.1" 404 1104
116.235.240.234 - - [08/May/2023:10:48:05 +0800] "POST /xingrg/kc/buy/cgsh_order_operate.html HTTP/1.1" 200 21583
124.78.71.183 - - [08/May/2023:10:48:11 +0800] "GET /xingrg/all/function/internal_message.html?_=1683513613188&CODE_STATE=getMsg HTTP/1.1" 200 27
114.83.223.118 - - [08/May/2023:10:48:14 +0800] "GET /xingrg/all/function/internal_message.html?_=1683514093497&CODE_STATE=getMsg HTTP/1.1" 200 27
120.253.135.82 - - [08/May/2023:10:48:14 +0800] "GET /xingrg/check_reg.html?_=1683514231538 HTTP/1.1" 302 -
120.253.135.82 - - [08/May/2023:10:48:14 +0800] "GET /xingrg/all/function/internal_message.html?_=1683514231536&CODE_STATE=getMsg HTTP/1.1" 302 -
120.253.135.82 - - [08/May/2023:10:48:15 +0800] "GET /xingrg/login.html HTTP/1.1" 200 7641
120.253.135.82 - - [08/May/2023:10:48:15 +0800] "GET /xingrg/login.html HTTP/1.1" 200 7641
116.235.240.234 - - [08/May/2023:10:48:17 +0800] "GET /xingrg/check_reg.html?_=1683514098900 HTTP/1.1" 200 22
116.235.240.234 - - [08/May/2023:10:48:18 +0800] "GET /xingrg/all/function/internal_message.html?_=1683514100305&CODE_STATE=getMsg HTTP/1.1" 200 27
180.169.147.146 - - [08/May/2023:10:48:19 +0800] "GET /xingrg/all/function/internal_message.html?_=1683514098977&CODE_STATE=getMsg HTTP/1.1" 200 27
116.238.139.35 - - [08/May/2023:10:48:25 +0800] "GET /xingrg/all/function/internal_message.html?_=1683514038263&CODE_STATE=getMsg HTTP/1.1" 200 27
120.253.135.82 - - [08/May/2023:10:48:25 +0800] "GET /xingrg/all/function/internal_message.html?_=1683513942651&CODE_STATE=getMsg HTTP/1.1" 200 27
116.224.158.100 - - [08/May/2023:10:48:27 +0800] "GET /xingrg/all/function/internal_message.html?_=1683514106137&CODE_STATE=getMsg HTTP/1.1" 200 27
180.164.3.199 - - [08/May/2023:10:48:27 +0800] "GET /xingrg/all/function/internal_message.html?_=1683514106695&CODE_STATE=getMsg HTTP/1.1" 200 27
116.224.158.100 - - [08/May/2023:10:48:29 +0800] "GET /xingrg/check_reg.html?_=1683514107937 HTTP/1.1" 200 22
180.171.122.0 - - [08/May/2023:10:48:29 +0800] "GET /xingrg/all/function/internal_message.html?_=1683514109584&CODE_STATE=getMsg HTTP/1.1" 200 27
116.224.106.218 - - [08/May/2023:10:48:30 +0800] "GET /xingrg/all/function/internal_message.html?_=1683514107127&CODE_STATE=getMsg HTTP/1.1" 200 27
180.171.122.0 - - [08/May/2023:10:48:30 +0800] "GET /xingrg/all/function/internal_message.html?_=1683514436947&CODE_STATE=getMsg HTTP/1.1" 200 27
180.169.147.146 - - [08/May/2023:10:48:32 +0800] "POST /xingrg/kc/buy/cgsh_list_operate.html HTTP/1.1" 200 4897
116.227.208.255 - - [08/May/2023:10:48:33 +0800] "GET /xingrg/all/function/internal_message.html?_=1683514168217&CODE_STATE=getMsg HTTP/1.1" 200 27
180.174.237.47 - - [08/May/2023:10:48:34 +0800] "GET /xingrg/check_reg.html?_=1683514115177 HTTP/1.1" 200 22
116.224.158.100 - - [08/May/2023:10:48:47 +0800] "GET /xingrg/all/function/internal_message.html?_=1683513964491&CODE_STATE=getMsg HTTP/1.1" 200 27
124.79.240.114 - - [08/May/2023:10:48:51 +0800] "GET /xingrg/all/function/internal_message.html?_=1683514407189&CODE_STATE=getMsg HTTP/1.1" 200 27
124.79.240.114 - - [08/May/2023:10:48:51 +0800] "GET /xingrg/check_reg.html?_=1683514407190 HTTP/1.1" 200 22
116.237.75.226 - - [08/May/2023:10:48:56 +0800] "GET /xingrg/all/function/internal_message.html?_=1683514136199&CODE_STATE=getMsg HTTP/1.1" 200 27
180.169.147.146 - - [08/May/2023:10:48:56 +0800] "GET /xingrg/all/function/internal_message.html?_=1683514136500&CODE_STATE=getMsg HTTP/1.1" 200 27
180.169.147.146 - - [08/May/2023:10:48:58 +0800] "GET /xingrg/all/function/internal_message.html?_=1683514138858&CODE_STATE=getMsg HTTP/1.1" 200 27
180.169.147.146 - - [08/May/2023:10:48:58 +0800] "GET /xingrg/check_reg.html?_=1683514138892 HTTP/1.1" 200 22
116.238.139.35 - - [08/May/2023:10:49:00 +0800] "GET /xingrg/all/function/internal_message.html?_=1683514139413&CODE_STATE=getMsg HTTP/1.1" 200 27
124.78.71.183 - - [08/May/2023:10:49:11 +0800] "GET /xingrg/all/function/internal_message.html?_=1683513673170&CODE_STATE=getMsg HTTP/1.1" 200 27
114.83.223.118 - - [08/May/2023:10:49:14 +0800] "GET /xingrg/all/function/internal_message.html?_=1683514153472&CODE_STATE=getMsg HTTP/1.1" 200 27
120.253.135.82 - - [08/May/2023:10:49:14 +0800] "GET /xingrg/all/function/internal_message.html?_=1683514291539&CODE_STATE=getMsg HTTP/1.1" 302 -
120.253.135.82 - - [08/May/2023:10:49:14 +0800] "GET /xingrg/login.html HTTP/1.1" 200 7641
116.235.240.234 - - [08/May/2023:10:49:18 +0800] "GET /xingrg/all/function/internal_message.html?_=1683514160312&CODE_STATE=getMsg HTTP/1.1" 200 27
180.169.147.146 - - [08/May/2023:10:49:19 +0800] "GET /xingrg/all/function/internal_message.html?_=1683514158982&CODE_STATE=getMsg HTTP/1.1" 200 27
116.238.139.35 - - [08/May/2023:10:49:25 +0800] "GET /xingrg/all/function/internal_message.html?_=1683514098277&CODE_STATE=getMsg HTTP/1.1" 200 27
120.253.135.82 - - [08/May/2023:10:49:25 +0800] "GET /xingrg/all/function/internal_message.html?_=1683514002669&CODE_STATE=getMsg HTTP/1.1" 200 27
116.224.158.100 - - [08/May/2023:10:49:27 +0800] "GET /xingrg/all/function/internal_message.html?_=1683514166107&CODE_STATE=getMsg HTTP/1.1" 200 27
180.164.3.199 - - [08/May/2023:10:49:27 +0800] "GET /xingrg/all/function/internal_message.html?_=1683514166685&CODE_STATE=getMsg HTTP/1.1" 200 27
180.171.122.0 - - [08/May/2023:10:49:29 +0800] "GET /xingrg/all/function/internal_message.html?_=1683514169570&CODE_STATE=getMsg HTTP/1.1" 200 27
180.171.122.0 - - [08/May/2023:10:49:30 +0800] "GET /xingrg/check_reg.html?_=1683514170213 HTTP/1.1" 200 22
116.224.106.218 - - [08/May/2023:10:49:30 +0800] "GET /xingrg/all/function/internal_message.html?_=1683514167113&CODE_STATE=getMsg HTTP/1.1" 200 27
180.171.122.0 - - [08/May/2023:10:49:30 +0800] "GET /xingrg/all/function/internal_message.html?_=1683514496946&CODE_STATE=getMsg HTTP/1.1" 200 27
116.227.208.255 - - [08/May/2023:10:49:33 +0800] "GET /xingrg/all/function/internal_message.html?_=1683514228220&CODE_STATE=getMsg HTTP/1.1" 200 27
116.235.240.234 - - [08/May/2023:10:49:34 +0800] "POST /xingrg/kc/buy/cgsh_order_operate.html HTTP/1.1" 200 2065
172.20.0.100 - - [08/May/2023:10:49:36 +0800] "GET /xingrg/index.html?sysBaseUrl=http%3A%2F%2F172.17.0.8%3A18081%2Fxingrg%2F&costTime=213×tamp=1585200360465 HTTP/1.1" 302 -
172.20.0.100 - - [08/May/2023:10:49:37 +0800] "GET /xingrg/login.html HTTP/1.1" 200 7636
172.20.0.100 - - [08/May/2023:10:49:37 +0800] "GET /favicon.ico HTTP/1.1" 404 -
172.20.0.100 - - [08/May/2023:10:49:40 +0800] "POST /xingrg/login.do HTTP/1.1" 302 -
172.20.0.100 - - [08/May/2023:10:49:40 +0800] "GET /xingrg/index.html?sysBaseUrl=http%3A%2F%2F172.20.0.8%3A18081%2Fxingrg%2F&costTime=1152×tamp=1683514180643 HTTP/1.1" 200 17448
172.20.0.100 - - [08/May/2023:10:49:41 +0800] "GET /favicon.ico HTTP/1.1" 404 -
180.169.147.146 - - [08/May/2023:10:49:41 +0800] "POST /xingrg/kc/buy/cgsh_list_operate.html HTTP/1.1" 200 4
172.20.0.100 - - [08/May/2023:10:49:41 +0800] "POST /xingrg/all/common/load_tree.html?tree=area_rest_tree_json&manage=1 HTTP/1.1" 200 3499
172.20.0.100 - - [08/May/2023:10:49:41 +0800] "GET /xingrg/check_reg.html?_=1683514171013 HTTP/1.1" 200 22
172.20.0.100 - - [08/May/2023:10:49:41 +0800] "GET /xingrg/all/function/internal_message.html?_=1683514171013&CODE_STATE=count HTTP/1.1" 200 11
172.20.0.100 - - [08/May/2023:10:49:41 +0800] "POST /xingrg/load_menu.html HTTP/1.1" 200 11529
116.235.240.234 - - [08/May/2023:10:49:43 +0800] "GET /xingrg/kc/buy/cgsh_order_operate.html?command=get_materiel&rest_code=00146&code=00101008036&supplier_code=00100005&order_time=2023-05-08 HTTP/1.1" 200 408
172.20.0.100 - - [08/May/2023:10:49:43 +0800] "POST /xingrg/load_menu.html HTTP/1.1" 200 10512
116.224.158.100 - - [08/May/2023:10:49:47 +0800] "GET /xingrg/all/function/internal_message.html?_=1683514024480&CODE_STATE=getMsg HTTP/1.1" 200 27
172.20.0.100 - - [08/May/2023:10:49:48 +0800] "GET /xingrg/system/rest/list_page.html?p=category HTTP/1.1" 200 12998
172.20.0.100 - - [08/May/2023:10:49:49 +0800] "GET /xingrg/system/rest/query_items.html?_=1683514178315&table=category&key= HTTP/1.1" 200 5538
124.79.240.114 - - [08/May/2023:10:49:51 +0800] "GET /xingrg/all/function/internal_message.html?_=1683514467190&CODE_STATE=getMsg HTTP/1.1" 200 27
116.237.75.226 - - [08/May/2023:10:49:56 +0800] "GET /xingrg/all/function/internal_message.html?_=1683514196185&CODE_STATE=getMsg HTTP/1.1" 200 27
180.169.147.146 - - [08/May/2023:10:49:56 +0800] "GET /xingrg/all/function/internal_message.html?_=1683514196508&CODE_STATE=getMsg HTTP/1.1" 200 27
172.20.0.100 - - [08/May/2023:10:49:57 +0800] "GET /xingrg/system/rest/get_item.html?table=category&id=39&_=1683514184624 HTTP/1.1" 200 269
116.238.139.35 - - [08/May/2023:10:50:00 +0800] "GET /xingrg/all/function/internal_message.html?_=1683514199405&CODE_STATE=getMsg HTTP/1.1" 200 27
172.20.0.100 - - [08/May/2023:10:50:01 +0800] "POST /xingrg/system/rest/edit_item.html HTTP/1.1" 200 2
172.20.0.100 - - [08/May/2023:10:50:01 +0800] "GET /xingrg/system/rest/get_item.html?table=category&id=39&_=1683514190423 HTTP/1.1" 200 269
116.238.139.35 - - [08/May/2023:10:50:02 +0800] "GET /xingrg/kc/base/wldb_order_add.html HTTP/1.1" 200 30387
116.238.139.35 - - [08/May/2023:10:50:02 +0800] "POST /xingrg/kc/base/wldb_order_operate.html HTTP/1.1" 200 6806
116.238.139.35 - - [08/May/2023:10:50:02 +0800] "GET /xingrg/javascript/easyui/themes/default/validatebox.css HTTP/1.1" 404 1104
172.20.0.100 - - [08/May/2023:10:50:02 +0800] "GET /xingrg/system/rest/query_items.html?_=1683514191973&table=category&key= HTTP/1.1" 200 5538
116.235.240.234 - - [08/May/2023:10:50:04 +0800] "GET /xingrg/kc/buy/cgsh_order_operate.html?command=get_materiel&rest_code=00146&code=00101008350&supplier_code=00100005&order_time=2023-05-08 HTTP/1.1" 200 408
172.20.0.100 - - [08/May/2023:10:50:10 +0800] "GET /xingrg/system/rest/get_item.html?table=category&id=38&_=1683514199855 HTTP/1.1" 200 269
124.78.71.183 - - [08/May/2023:10:50:11 +0800] "GET /xingrg/all/function/internal_message.html?_=1683513733147&CODE_STATE=getMsg HTTP/1.1" 200 27
124.78.71.183 - - [08/May/2023:10:50:12 +0800] "GET /xingrg/check_reg.html?_=1683513734002 HTTP/1.1" 200 22
114.83.223.118 - - [08/May/2023:10:50:14 +0800] "GET /xingrg/all/function/internal_message.html?_=1683514213443&CODE_STATE=getMsg HTTP/1.1" 200 27
172.20.0.100 - - [08/May/2023:10:50:14 +0800] "GET /xingrg/system/rest/get_item.html?table=category&id=39&_=1683514202710 HTTP/1.1" 200 269
120.253.135.82 - - [08/May/2023:10:50:14 +0800] "GET /xingrg/all/function/internal_message.html?_=1683514351564&CODE_STATE=getMsg HTTP/1.1" 302 -
120.253.135.82 - - [08/May/2023:10:50:15 +0800] "GET /xingrg/login.html HTTP/1.1" 200 7641
116.235.240.234 - - [08/May/2023:10:50:18 +0800] "GET /xingrg/all/function/internal_message.html?_=1683514220325&CODE_STATE=getMsg HTTP/1.1" 200 27
172.20.0.100 - - [08/May/2023:10:50:18 +0800] "GET /xingrg/system/rest/get_item.html?table=category&id=35&_=1683514206475 HTTP/1.1" 200 269
180.169.147.146 - - [08/May/2023:10:50:19 +0800] "GET /xingrg/all/function/internal_message.html?_=1683514218972&CODE_STATE=getMsg HTTP/1.1" 200 27
172.20.0.100 - - [08/May/2023:10:50:21 +0800] "GET /xingrg/system/rest/get_item.html?table=category&id=31&_=1683514210742 HTTP/1.1" 200 272
116.238.139.35 - - [08/May/2023:10:50:25 +0800] "GET /xingrg/all/function/internal_message.html?_=1683514158339&CODE_STATE=getMsg HTTP/1.1" 200 27
120.253.135.82 - - [08/May/2023:10:50:25 +0800] "GET /xingrg/all/function/internal_message.html?_=1683514062678&CODE_STATE=getMsg HTTP/1.1" 200 27
116.224.158.100 - - [08/May/2023:10:50:27 +0800] "GET /xingrg/all/function/internal_message.html?_=1683514226076&CODE_STATE=getMsg HTTP/1.1" 200 27
180.164.3.199 - - [08/May/2023:10:50:27 +0800] "GET /xingrg/all/function/internal_message.html?_=1683514226700&CODE_STATE=getMsg HTTP/1.1" 200 27
172.20.0.100 - - [08/May/2023:10:50:27 +0800] "GET /xingrg/system/rest/list_page.html?p=down HTTP/1.1" 200 20275
116.235.240.234 - - [08/May/2023:10:50:28 +0800] "GET /xingrg/kc/buy/cgsh_order_operate.html?command=get_materiel&rest_code=00146&code=00101008168&supplier_code=00100005&order_time=2023-05-08 HTTP/1.1" 200 413
172.20.0.100 - - [08/May/2023:10:50:28 +0800] "GET /xingrg/system/rest/query_items.html?_=1683514217445&table=down&tcode=&key= HTTP/1.1" 200 5699
180.171.122.0 - - [08/May/2023:10:50:29 +0800] "GET /xingrg/all/function/internal_message.html?_=1683514229542&CODE_STATE=getMsg HTTP/1.1" 200 27
116.224.106.218 - - [08/May/2023:10:50:30 +0800] "GET /xingrg/all/function/internal_message.html?_=1683514227101&CODE_STATE=getMsg HTTP/1.1" 200 27
180.171.122.0 - - [08/May/2023:10:50:30 +0800] "GET /xingrg/all/function/internal_message.html?_=1683514556957&CODE_STATE=getMsg HTTP/1.1" 200 27
116.227.208.255 - - [08/May/2023:10:50:33 +0800] "GET /xingrg/all/function/internal_message.html?_=1683514288229&CODE_STATE=getMsg HTTP/1.1" 200 27
116.238.139.35 - - [08/May/2023:10:50:35 +0800] "GET /xingrg/kc/base/wldb_order_operate.html?command=get_materiel&rest_code=00150&base_code=0010445&code=00101019391 HTTP/1.1" 200 485
116.235.240.234 - - [08/May/2023:10:50:41 +0800] "GET /xingrg/kc/buy/cgsh_order_operate.html?command=get_materiel&rest_code=00146&code=00101008223&supplier_code=00100005&order_time=2023-05-08 HTTP/1.1" 200 414
172.20.0.100 - - [08/May/2023:10:50:41 +0800] "GET /xingrg/all/function/internal_message.html?_=1683514231018&CODE_STATE=getMsg HTTP/1.1" 200 27
116.238.139.35 - - [08/May/2023:10:50:41 +0800] "GET /xingrg/kc/base/wldb_order_operate.html?command=get_materiel&rest_code=00150&base_code=0010445&code=00101019071 HTTP/1.1" 200 471
116.224.158.100 - - [08/May/2023:10:50:47 +0800] "GET /xingrg/check_reg.html?_=1683514084349 HTTP/1.1" 200 22
116.224.158.100 - - [08/May/2023:10:50:47 +0800] "GET /xingrg/all/function/internal_message.html?_=1683514084469&CODE_STATE=getMsg HTTP/1.1" 200 27
116.238.139.35 - - [08/May/2023:10:50:48 +0800] "GET /xingrg/kc/base/wldb_order_operate.html?command=get_materiel&rest_code=00150&base_code=0010445&code=00101019535 HTTP/1.1" 200 477
124.79.240.114 - - [08/May/2023:10:50:51 +0800] "GET /xingrg/all/function/internal_message.html?_=1683514527189&CODE_STATE=getMsg HTTP/1.1" 200 27
172.20.0.100 - - [08/May/2023:10:50:54 +0800] "GET /xingrg/check_reg.html?_=1683514255280 HTTP/1.1" 302 -
116.238.139.35 - - [08/May/2023:10:50:54 +0800] "GET /xingrg/kc/base/wldb_order_operate.html?command=get_materiel&rest_code=00150&base_code=0010445&code=00101019438 HTTP/1.1" 200 460
116.237.75.226 - - [08/May/2023:10:50:56 +0800] "GET /xingrg/all/function/internal_message.html?_=1683514256155&CODE_STATE=getMsg HTTP/1.1" 200 27
180.169.147.146 - - [08/May/2023:10:50:56 +0800] "GET /xingrg/all/function/internal_message.html?_=1683514256496&CODE_STATE=getMsg HTTP/1.1" 200 27
116.238.139.35 - - [08/May/2023:10:51:00 +0800] "GET /xingrg/all/function/internal_message.html?_=1683514259415&CODE_STATE=getMsg HTTP/1.1" 200 27
116.238.139.35 - - [08/May/2023:10:51:00 +0800] "GET /xingrg/kc/base/wldb_order_operate.html?command=get_materiel&rest_code=00150&base_code=0010445&code=00101019253 HTTP/1.1" 200 482
116.235.240.234 - - [08/May/2023:10:51:00 +0800] "POST /xingrg/kc/buy/cgsh_order_operate.html HTTP/1.1" 200 2065
116.238.139.35 - - [08/May/2023:10:51:06 +0800] "GET /xingrg/kc/base/wldb_order_operate.html?command=get_materiel&rest_code=00150&base_code=0010445&code=00101019164 HTTP/1.1" 200 466
116.235.240.234 - - [08/May/2023:10:51:09 +0800] "GET /xingrg/kc/buy/cgsh_order_operate.html?command=get_materiel&rest_code=00146&code=00101008114&supplier_code=00100005&order_time=2023-05-08 HTTP/1.1" 200 413
124.78.71.183 - - [08/May/2023:10:51:11 +0800] "GET /xingrg/all/function/internal_message.html?_=1683513793123&CODE_STATE=getMsg HTTP/1.1" 200 27
116.238.139.35 - - [08/May/2023:10:51:12 +0800] "GET /xingrg/kc/base/wldb_order_operate.html?command=get_materiel&rest_code=00150&base_code=0010445&code=00101019169 HTTP/1.1" 200 477
114.83.223.118 - - [08/May/2023:10:51:14 +0800] "GET /xingrg/all/function/internal_message.html?_=1683514273421&CODE_STATE=getMsg HTTP/1.1" 200 27
120.253.135.82 - - [08/May/2023:10:51:14 +0800] "GET /xingrg/all/function/internal_message.html?_=1683514411582&CODE_STATE=getMsg HTTP/1.1" 302 -
120.253.135.82 - - [08/May/2023:10:51:14 +0800] "GET /xingrg/login.html HTTP/1.1" 200 7641
116.235.240.234 - - [08/May/2023:10:51:18 +0800] "GET /xingrg/all/function/internal_message.html?_=1683514280340&CODE_STATE=getMsg HTTP/1.1" 200 27
180.169.147.146 - - [08/May/2023:10:51:19 +0800] "GET /xingrg/all/function/internal_message.html?_=1683514278956&CODE_STATE=getMsg HTTP/1.1" 200 27
116.235.240.234 - - [08/May/2023:10:51:19 +0800] "GET /xingrg/kc/buy/cgsh_order_operate.html?command=get_materiel&rest_code=00146&code=00101020397&supplier_code=00100005&order_time=2023-05-08 HTTP/1.1" 200 412
116.238.139.35 - - [08/May/2023:10:51:22 +0800] "GET /xingrg/kc/base/wldb_order_operate.html?command=get_materiel&rest_code=00150&base_code=0010445&code=00101019258 HTTP/1.1" 200 483
120.253.135.82 - - [08/May/2023:10:51:25 +0800] "GET /xingrg/check_reg.html?_=1683514122197 HTTP/1.1" 200 22
116.238.139.35 - - [08/May/2023:10:51:25 +0800] "GET /xingrg/all/function/internal_message.html?_=1683514218353&CODE_STATE=getMsg HTTP/1.1" 200 27
120.253.135.82 - - [08/May/2023:10:51:25 +0800] "GET /xingrg/all/function/internal_message.html?_=1683514122693&CODE_STATE=getMsg HTTP/1.1" 200 27
116.224.158.100 - - [08/May/2023:10:51:27 +0800] "GET /xingrg/all/function/internal_message.html?_=1683514286051&CODE_STATE=getMsg HTTP/1.1" 200 27
180.164.3.199 - - [08/May/2023:10:51:27 +0800] "GET /xingrg/check_reg.html?_=1683514286700 HTTP/1.1" 200 22
180.164.3.199 - - [08/May/2023:10:51:27 +0800] "GET /xingrg/all/function/internal_message.html?_=1683514286702&CODE_STATE=getMsg HTTP/1.1" 200 27
180.171.122.0 - - [08/May/2023:10:51:29 +0800] "GET /xingrg/all/function/internal_message.html?_=1683514289527&CODE_STATE=getMsg HTTP/1.1" 200 27
116.238.139.35 - - [08/May/2023:10:51:30 +0800] "GET /xingrg/kc/base/wldb_order_operate.html?command=get_materiel&rest_code=00150&base_code=0010445&code=00101010522 HTTP/1.1" 200 443
116.224.106.218 - - [08/May/2023:10:51:30 +0800] "GET /xingrg/all/function/internal_message.html?_=1683514287086&CODE_STATE=getMsg HTTP/1.1" 200 27
180.171.122.0 - - [08/May/2023:10:51:30 +0800] "GET /xingrg/check_reg.html?_=1683514616959 HTTP/1.1" 200 22
180.171.122.0 - - [08/May/2023:10:51:30 +0800] "GET /xingrg/all/function/internal_message.html?_=1683514616960&CODE_STATE=getMsg HTTP/1.1" 200 27
116.227.208.255 - - [08/May/2023:10:51:33 +0800] "GET /xingrg/all/function/internal_message.html?_=1683514348208&CODE_STATE=getMsg HTTP/1.1" 200 27
172.20.0.100 - - [08/May/2023:10:51:41 +0800] "GET /xingrg/all/function/internal_message.html?_=1683514291015&CODE_STATE=getMsg HTTP/1.1" 200 27
116.224.158.100 - - [08/May/2023:10:51:47 +0800] "GET /xingrg/all/function/internal_message.html?_=1683514144459&CODE_STATE=getMsg HTTP/1.1" 200 27
116.238.139.35 - - [08/May/2023:10:51:47 +0800] "POST /xingrg/kc/base/wldb_order_operate.html HTTP/1.1" 200 37
116.238.139.35 - - [08/May/2023:10:51:48 +0800] "POST /xingrg/kc/base/wldb_order_operate.html HTTP/1.1" 200 6243
116.235.240.234 - - [08/May/2023:10:51:50 +0800] "POST /xingrg/kc/buy/cgsh_order_operate.html HTTP/1.1" 200 37
124.79.240.114 - - [08/May/2023:10:51:51 +0800] "GET /xingrg/all/function/internal_message.html?_=1683514587186&CODE_STATE=getMsg HTTP/1.1" 200 27
116.238.139.35 - - [08/May/2023:10:51:55 +0800] "POST /xingrg/kc/base/wldb_order_operate.html HTTP/1.1" 200 12
116.237.75.226 - - [08/May/2023:10:51:56 +0800] "GET /xingrg/all/function/internal_message.html?_=1683514316126&CODE_STATE=getMsg HTTP/1.1" 200 27
180.169.147.146 - - [08/May/2023:10:51:56 +0800] "GET /xingrg/all/function/internal_message.html?_=1683514316502&CODE_STATE=getMsg HTTP/1.1" 200 27
180.169.147.146 - - [08/May/2023:10:51:56 +0800] "GET /xingrg/check_reg.html?_=1683514316504 HTTP/1.1" 200 22
116.237.75.226 - - [08/May/2023:10:51:56 +0800] "GET /xingrg/check_reg.html?_=1683514316660 HTTP/1.1" 200 22
116.238.139.35 - - [08/May/2023:10:51:57 +0800] "GET /xingrg/kc/base/wldb_order_info.html?code=422023050800579 HTTP/1.1" 200 26266
116.238.139.35 - - [08/May/2023:10:51:57 +0800] "GET /xingrg/javascript/easyui/themes/default/validatebox.css HTTP/1.1" 404 1104
116.238.139.35 - - [08/May/2023:10:51:58 +0800] "POST /xingrg/kc/base/wldb_order_operate.html HTTP/1.1" 200 4445
116.238.139.35 - - [08/May/2023:10:52:00 +0800] "GET /xingrg/check_reg.html?_=1683514319406 HTTP/1.1" 200 22
116.238.139.35 - - [08/May/2023:10:52:00 +0800] "GET /xingrg/all/function/internal_message.html?_=1683514319411&CODE_STATE=getMsg HTTP/1.1" 200 27
116.238.139.35 - - [08/May/2023:10:52:00 +0800] "GET /xingrg/kc/base/wldb_order_add.html HTTP/1.1" 200 30387
116.238.139.35 - - [08/May/2023:10:52:00 +0800] "POST /xingrg/kc/base/wldb_order_operate.html HTTP/1.1" 200 6806
116.238.139.35 - - [08/May/2023:10:52:00 +0800] "GET /xingrg/javascript/easyui/themes/default/validatebox.css HTTP/1.1" 404 1104
116.238.139.35 - - [08/May/2023:10:52:08 +0800] "GET /xingrg/kc/base/wldb_order_operate.html?command=get_materiel&rest_code=00150&base_code=0010445&code=00101016028 HTTP/1.1" 200 434
124.78.71.183 - - [08/May/2023:10:52:11 +0800] "GET /xingrg/all/function/internal_message.html?_=1683513853096&CODE_STATE=getMsg HTTP/1.1" 200 27
114.83.223.118 - - [08/May/2023:10:52:14 +0800] "GET /xingrg/all/function/internal_message.html?_=1683514333403&CODE_STATE=getMsg HTTP/1.1" 200 27
120.253.135.82 - - [08/May/2023:10:52:14 +0800] "GET /xingrg/all/function/internal_message.html?_=1683514471562&CODE_STATE=getMsg HTTP/1.1" 302 -
120.253.135.82 - - [08/May/2023:10:52:14 +0800] "GET /xingrg/login.html HTTP/1.1" 200 7641
114.83.223.118 - - [08/May/2023:10:52:15 +0800] "GET /xingrg/check_reg.html?_=1683514335175 HTTP/1.1" 200 22
180.169.147.146 - - [08/May/2023:10:52:19 +0800] "GET /xingrg/all/function/internal_message.html?_=1683514338939&CODE_STATE=getMsg HTTP/1.1" 200 27
180.169.147.146 - - [08/May/2023:10:52:19 +0800] "GET /xingrg/check_reg.html?_=1683514339261 HTTP/1.1" 200 22
116.238.139.35 - - [08/May/2023:10:52:24 +0800] "GET /xingrg/check_reg.html?_=1683514277427 HTTP/1.1" 200 22
116.238.139.35 - - [08/May/2023:10:52:25 +0800] "GET /xingrg/all/function/internal_message.html?_=1683514278365&CODE_STATE=getMsg HTTP/1.1" 200 27
120.253.135.82 - - [08/May/2023:10:52:25 +0800] "GET /xingrg/all/function/internal_message.html?_=1683514182706&CODE_STATE=getMsg HTTP/1.1" 200 27
116.224.158.100 - - [08/May/2023:10:52:27 +0800] "GET /xingrg/all/function/internal_message.html?_=1683514346031&CODE_STATE=getMsg HTTP/1.1" 200 27
180.164.3.199 - - [08/May/2023:10:52:27 +0800] "GET /xingrg/all/function/internal_message.html?_=1683514346701&CODE_STATE=getMsg HTTP/1.1" 200 27
180.171.122.0 - - [08/May/2023:10:52:29 +0800] "GET /xingrg/all/function/internal_message.html?_=1683514349538&CODE_STATE=getMsg HTTP/1.1" 200 27
116.224.106.218 - - [08/May/2023:10:52:30 +0800] "GET /xingrg/all/function/internal_message.html?_=1683514347072&CODE_STATE=getMsg HTTP/1.1" 200 27
180.171.122.0 - - [08/May/2023:10:52:30 +0800] "GET /xingrg/all/function/internal_message.html?_=1683514676954&CODE_STATE=getMsg HTTP/1.1" 200 27
116.227.208.255 - - [08/May/2023:10:52:33 +0800] "GET /xingrg/all/function/internal_message.html?_=1683514408223&CODE_STATE=getMsg HTTP/1.1" 200 27
116.227.208.255 - - [08/May/2023:10:52:33 +0800] "GET /xingrg/check_reg.html?_=1683514408226 HTTP/1.1" 200 22
116.238.139.35 - - [08/May/2023:10:52:37 +0800] "GET /xingrg/kc/base/wldb_order_operate.html?command=get_materiel&rest_code=00150&base_code=0010445&code=00101019079 HTTP/1.1" 200 479
172.20.0.100 - - [08/May/2023:10:52:41 +0800] "GET /xingrg/all/function/internal_message.html?_=1683514351028&CODE_STATE=getMsg HTTP/1.1" 200 27
116.224.106.218 - - [08/May/2023:10:52:43 +0800] "GET /xingrg/check_reg.html?_=1683514360131 HTTP/1.1" 200 22
116.238.139.35 - - [08/May/2023:10:52:46 +0800] "POST /xingrg/kc/base/wldb_order_operate.html HTTP/1.1" 200 37
116.224.158.100 - - [08/May/2023:10:52:47 +0800] "GET /xingrg/all/function/internal_message.html?_=1683514204429&CODE_STATE=getMsg HTTP/1.1" 200 27
124.79.240.114 - - [08/May/2023:10:52:51 +0800] "GET /xingrg/all/function/internal_message.html?_=1683514647185&CODE_STATE=getMsg HTTP/1.1" 200 27
116.238.139.35 - - [08/May/2023:10:52:52 +0800] "POST /xingrg/kc/base/wldb_order_operate.html HTTP/1.1" 200 12
116.238.139.35 - - [08/May/2023:10:52:52 +0800] "POST /xingrg/kc/base/wldb_order_operate.html HTTP/1.1" 200 4718
116.238.139.35 - - [08/May/2023:10:52:54 +0800] "GET /xingrg/kc/base/wldb_order_info.html?code=422023050800580 HTTP/1.1" 200 26265
116.238.139.35 - - [08/May/2023:10:52:54 +0800] "GET /xingrg/javascript/easyui/themes/default/validatebox.css HTTP/1.1" 404 1104
116.238.139.35 - - [08/May/2023:10:52:54 +0800] "POST /xingrg/kc/base/wldb_order_operate.html HTTP/1.1" 200 2956
180.163.30.27 - - [08/May/2023:10:52:56 +0800] "GET /xingrg/check_reg.html?_=1683514316660 HTTP/1.1" 302 -
116.237.75.226 - - [08/May/2023:10:52:56 +0800] "GET /xingrg/all/function/internal_message.html?_=1683514376099&CODE_STATE=getMsg HTTP/1.1" 200 27
180.163.30.27 - - [08/May/2023:10:52:56 +0800] "GET /xingrg/login.html HTTP/1.1" 200 7641
180.169.147.146 - - [08/May/2023:10:52:56 +0800] "GET /xingrg/all/function/internal_message.html?_=1683514376502&CODE_STATE=getMsg HTTP/1.1" 200 27
116.238.139.35 - - [08/May/2023:10:52:59 +0800] "POST /xingrg/all/user/operate.html HTTP/1.1" 200 36
116.238.139.35 - - [08/May/2023:10:52:59 +0800] "GET /xingrg/index.html?sysBaseUrl=http%3A%2F%2F180.169.147.146%3A18081%2Fxingrg%2F&costTime=2854×tamp=1683512257475 HTTP/1.1" 200 17177
116.238.139.35 - - [08/May/2023:10:52:59 +0800] "GET /xingrg/javascript/jquery_easy_ui/themes/default/easyui.css HTTP/1.1" 304 -
116.238.139.35 - - [08/May/2023:10:52:59 +0800] "GET /xingrg/javascript/jquery_easy_ui/themes/icon.css HTTP/1.1" 304 -
116.238.139.35 - - [08/May/2023:10:52:59 +0800] "GET /xingrg/css/form.css HTTP/1.1" 304 -
116.238.139.35 - - [08/May/2023:10:52:59 +0800] "GET /xingrg/javascript/jquery-1.4.2.min.js HTTP/1.1" 304 -
116.238.139.35 - - [08/May/2023:10:52:59 +0800] "GET /xingrg/javascript/jquery_easy_ui/jquery.easyui.min.js HTTP/1.1" 304 -
116.238.139.35 - - [08/May/2023:10:52:59 +0800] "GET /xingrg/javascript/jquery_easy_ui/easyui-lang-zh_CN.js HTTP/1.1" 304 -
116.238.139.35 - - [08/May/2023:10:52:59 +0800] "GET /xingrg/javascript/jquery.form.js HTTP/1.1" 304 -
116.238.139.35 - - [08/May/2023:10:52:59 +0800] "GET /xingrg/javascript/jquery.utils.js HTTP/1.1" 304 -
116.238.139.35 - - [08/May/2023:10:52:59 +0800] "GET /xingrg/javascript/jquery.timers.js HTTP/1.1" 304 -
116.238.139.35 - - [08/May/2023:10:52:59 +0800] "GET /xingrg/images/blue/jxLogo.png HTTP/1.1" 304 -
116.238.139.35 - - [08/May/2023:10:52:59 +0800] "GET /xingrg/javascript/jquery_easy_ui/themes/icons/settle_new.png HTTP/1.1" 304 -
116.238.139.35 - - [08/May/2023:10:52:59 +0800] "GET /xingrg/images/blue/navBackgound.jpg HTTP/1.1" 304 -
116.238.139.35 - - [08/May/2023:10:52:59 +0800] "GET /xingrg/all/function/internal_message.html?_=1683514378568&CODE_STATE=count HTTP/1.1" 200 11
116.238.139.35 - - [08/May/2023:10:52:59 +0800] "GET /xingrg/check_reg.html?_=1683514378569 HTTP/1.1" 200 22
116.238.139.35 - - [08/May/2023:10:52:59 +0800] "GET /xingrg/images/blue/pingpu.png HTTP/1.1" 304 -
116.238.139.35 - - [08/May/2023:10:52:59 +0800] "GET /xingrg/javascript/jquery_easy_ui/themes/default/images/tabs_leftarrow.png HTTP/1.1" 304 -
116.238.139.35 - - [08/May/2023:10:52:59 +0800] "GET /xingrg/javascript/jquery_easy_ui/themes/default/images/panel_tool_collapse.gif HTTP/1.1" 304 -
116.238.139.35 - - [08/May/2023:10:52:59 +0800] "GET /xingrg/javascript/jquery_easy_ui/themes/default/images/tabs_rightarrow.png HTTP/1.1" 304 -
116.238.139.35 - - [08/May/2023:10:52:59 +0800] "POST /xingrg/all/common/load_tree.html?tree=area_rest_tree_json&manage=1 HTTP/1.1" 200 476
116.238.139.35 - - [08/May/2023:10:52:59 +0800] "POST /xingrg/load_menu.html HTTP/1.1" 200 5138
116.238.139.35 - - [08/May/2023:10:53:08 +0800] "GET /xingrg/kc/base/yddb_order_list.html HTTP/1.1" 200 16708
124.78.71.183 - - [08/May/2023:10:53:11 +0800] "GET /xingrg/all/function/internal_message.html?_=1683513913078&CODE_STATE=getMsg HTTP/1.1" 200 27
116.238.139.35 - - [08/May/2023:10:53:12 +0800] "POST /xingrg/kc/base/yddb_list_operate.html HTTP/1.1" 200 636
116.238.139.35 - - [08/May/2023:10:53:12 +0800] "GET /xingrg/kc/buy/cgsh_order_list.html HTTP/1.1" 200 8212
116.238.139.35 - - [08/May/2023:10:53:13 +0800] "GET /xingrg/kc/base/yddb_order_add.html HTTP/1.1" 200 29953
116.238.139.35 - - [08/May/2023:10:53:13 +0800] "GET /xingrg/dwr/interface/AjaxComOrderService.js HTTP/1.1" 200 18264
116.238.139.35 - - [08/May/2023:10:53:13 +0800] "GET /xingrg/dwr/interface/AjaxYddbService.js HTTP/1.1" 200 13201
116.238.139.35 - - [08/May/2023:10:53:13 +0800] "GET /xingrg/dwr/util.js HTTP/1.1" 304 -
116.238.139.35 - - [08/May/2023:10:53:13 +0800] "GET /xingrg/dwr/engine.js HTTP/1.1" 200 43631
114.83.223.118 - - [08/May/2023:10:53:14 +0800] "GET /xingrg/all/function/internal_message.html?_=1683514393392&CODE_STATE=getMsg HTTP/1.1" 200 27
120.253.135.82 - - [08/May/2023:10:53:14 +0800] "GET /xingrg/all/function/internal_message.html?_=1683514531557&CODE_STATE=getMsg HTTP/1.1" 302 -
120.253.135.82 - - [08/May/2023:10:53:14 +0800] "GET /xingrg/check_reg.html?_=1683514531558 HTTP/1.1" 302 -
120.253.135.82 - - [08/May/2023:10:53:14 +0800] "GET /xingrg/login.html HTTP/1.1" 200 7641
120.253.135.82 - - [08/May/2023:10:53:14 +0800] "GET /xingrg/login.html HTTP/1.1" 200 7641
116.238.139.35 - - [08/May/2023:10:53:15 +0800] "POST /xingrg/dwr/call/plaincall/AjaxYddbService.getRestBases.dwr HTTP/1.1" 200 1649
180.169.147.146 - - [08/May/2023:10:53:19 +0800] "GET /xingrg/all/function/internal_message.html?_=1683514398927&CODE_STATE=getMsg HTTP/1.1" 200 27
116.238.139.35 - - [08/May/2023:10:53:24 +0800] "POST /xingrg/dwr/call/plaincall/AjaxYddbService.saveOrder.dwr HTTP/1.1" 200 78
116.238.139.35 - - [08/May/2023:10:53:24 +0800] "GET /xingrg/images/yd/bt.gif HTTP/1.1" 404 1040
116.238.139.35 - - [08/May/2023:10:53:25 +0800] "GET /xingrg/all/function/internal_message.html?_=1683514338379&CODE_STATE=getMsg HTTP/1.1" 200 27
120.253.135.82 - - [08/May/2023:10:53:25 +0800] "GET /xingrg/all/function/internal_message.html?_=1683514242720&CODE_STATE=getMsg HTTP/1.1" 200 27
116.224.158.100 - - [08/May/2023:10:53:27 +0800] "GET /xingrg/all/function/internal_message.html?_=1683514406001&CODE_STATE=getMsg HTTP/1.1" 200 27
180.164.3.199 - - [08/May/2023:10:53:27 +0800] "GET /xingrg/all/function/internal_message.html?_=1683514406694&CODE_STATE=getMsg HTTP/1.1" 200 27
116.224.158.100 - - [08/May/2023:10:53:29 +0800] "GET /xingrg/check_reg.html?_=1683514407905 HTTP/1.1" 200 22
180.171.122.0 - - [08/May/2023:10:53:29 +0800] "GET /xingrg/all/function/internal_message.html?_=1683514409522&CODE_STATE=getMsg HTTP/1.1" 200 27
116.224.106.218 - - [08/May/2023:10:53:30 +0800] "GET /xingrg/all/function/internal_message.html?_=1683514407046&CODE_STATE=getMsg HTTP/1.1" 200 27
180.171.122.0 - - [08/May/2023:10:53:30 +0800] "GET /xingrg/all/function/internal_message.html?_=1683514736945&CODE_STATE=getMsg HTTP/1.1" 200 27
116.238.139.35 - - [08/May/2023:10:53:31 +0800] "POST /xingrg/dwr/call/plaincall/AjaxComOrderService.getMaterielSearchList.dwr HTTP/1.1" 200 8751
116.238.139.35 - - [08/May/2023:10:53:32 +0800] "POST /xingrg/dwr/call/plaincall/AjaxComOrderService.getMaterielSearchList.dwr HTTP/1.1" 200 698
116.227.208.255 - - [08/May/2023:10:53:33 +0800] "GET /xingrg/all/function/internal_message.html?_=1683514468221&CODE_STATE=getMsg HTTP/1.1" 200 27
116.235.240.234 - - [08/May/2023:10:53:34 +0800] "POST /xingrg/kc/buy/cgsh_order_operate.html HTTP/1.1" 200 28091
180.174.237.47 - - [08/May/2023:10:53:34 +0800] "GET /xingrg/check_reg.html?_=1683514415172 HTTP/1.1" 200 22
116.238.139.35 - - [08/May/2023:10:53:36 +0800] "POST /xingrg/dwr/call/plaincall/AjaxYddbService.getMaterielByMap.dwr HTTP/1.1" 200 2333
116.238.139.35 - - [08/May/2023:10:53:38 +0800] "POST /xingrg/dwr/call/plaincall/AjaxYddbService.saveMaterielItem.dwr HTTP/1.1" 200 78
172.20.0.100 - - [08/May/2023:10:53:41 +0800] "GET /xingrg/all/function/internal_message.html?_=1683514411016&CODE_STATE=getMsg HTTP/1.1" 200 27
116.238.139.35 - - [08/May/2023:10:53:44 +0800] "POST /xingrg/dwr/call/plaincall/AjaxYddbService.checkOrder.dwr HTTP/1.1" 200 280
116.224.158.100 - - [08/May/2023:10:53:47 +0800] "GET /xingrg/all/function/internal_message.html?_=1683514264419&CODE_STATE=getMsg HTTP/1.1" 200 27
124.79.240.114 - - [08/May/2023:10:53:51 +0800] "GET /xingrg/check_reg.html?_=1683514707200 HTTP/1.1" 200 22
124.79.240.114 - - [08/May/2023:10:53:51 +0800] "GET /xingrg/all/function/internal_message.html?_=1683514707198&CODE_STATE=getMsg HTTP/1.1" 200 27
116.238.139.35 - - [08/May/2023:10:53:53 +0800] "POST /xingrg/dwr/call/plaincall/AjaxYddbService.saveOrder.dwr HTTP/1.1" 200 78
116.237.75.226 - - [08/May/2023:10:53:56 +0800] "GET /xingrg/all/function/internal_message.html?_=1683514436084&CODE_STATE=getMsg HTTP/1.1" 200 27
180.169.147.146 - - [08/May/2023:10:53:56 +0800] "GET /xingrg/all/function/internal_message.html?_=1683514436502&CODE_STATE=getMsg HTTP/1.1" 200 27
116.238.139.35 - - [08/May/2023:10:53:59 +0800] "GET /xingrg/all/function/internal_message.html?_=1683514438581&CODE_STATE=getMsg HTTP/1.1" 200 27
116.238.139.35 - - [08/May/2023:10:54:10 +0800] "POST /xingrg/dwr/call/plaincall/AjaxYddbService.checkOrder.dwr HTTP/1.1" 200 78
124.78.71.183 - - [08/May/2023:10:54:11 +0800] "GET /xingrg/all/function/internal_message.html?_=1683513973060&CODE_STATE=getMsg HTTP/1.1" 200 27
114.83.223.118 - - [08/May/2023:10:54:14 +0800] "GET /xingrg/all/function/internal_message.html?_=1683514453381&CODE_STATE=getMsg HTTP/1.1" 200 27
120.253.135.82 - - [08/May/2023:10:54:14 +0800] "GET /xingrg/all/function/internal_message.html?_=1683514591567&CODE_STATE=getMsg HTTP/1.1" 302 -
120.253.135.82 - - [08/May/2023:10:54:15 +0800] "GET /xingrg/login.html HTTP/1.1" 200 7641
116.238.139.35 - - [08/May/2023:10:54:17 +0800] "GET /xingrg/dwr/interface/AjaxYddbService.js HTTP/1.1" 200 13201
116.238.139.35 - - [08/May/2023:10:54:17 +0800] "GET /xingrg/dwr/interface/AjaxComOrderService.js HTTP/1.1" 200 18264
116.238.139.35 - - [08/May/2023:10:54:17 +0800] "GET /xingrg/dwr/engine.js HTTP/1.1" 200 43631
116.238.139.35 - - [08/May/2023:10:54:18 +0800] "GET /xingrg/kc/base/yddb_order_info.html?code=482023050800036 HTTP/1.1" 200 31308
116.238.139.35 - - [08/May/2023:10:54:18 +0800] "POST /xingrg/dwr/call/plaincall/AjaxYddbService.checkOrder.dwr HTTP/1.1" 200 207
116.235.240.234 - - [08/May/2023:10:54:18 +0800] "GET /xingrg/all/function/internal_message.html?_=1683514460380&CODE_STATE=getMsg HTTP/1.1" 200 27
180.169.147.146 - - [08/May/2023:10:54:19 +0800] "GET /xingrg/all/function/internal_message.html?_=1683514458903&CODE_STATE=getMsg HTTP/1.1" 200 27
116.238.139.35 - - [08/May/2023:10:54:19 +0800] "POST /xingrg/dwr/call/plaincall/AjaxYddbService.loadMaterielItems.dwr HTTP/1.1" 200 430
116.238.139.35 - - [08/May/2023:10:54:22 +0800] "POST /xingrg/dwr/call/plaincall/AjaxYddbService.saveOrder.dwr HTTP/1.1" 200 78
116.238.139.35 - - [08/May/2023:10:54:25 +0800] "GET /xingrg/all/function/internal_message.html?_=1683514398392&CODE_STATE=getMsg HTTP/1.1" 200 27
120.253.135.82 - - [08/May/2023:10:54:25 +0800] "GET /xingrg/all/function/internal_message.html?_=1683514302736&CODE_STATE=getMsg HTTP/1.1" 200 27
116.224.158.100 - - [08/May/2023:10:54:27 +0800] "GET /xingrg/all/function/internal_message.html?_=1683514465969&CODE_STATE=getMsg HTTP/1.1" 200 27
116.238.139.35 - - [08/May/2023:10:54:27 +0800] "POST /xingrg/dwr/call/plaincall/AjaxYddbService.objCheckOrder.dwr HTTP/1.1" 200 78
180.164.3.199 - - [08/May/2023:10:54:27 +0800] "GET /xingrg/all/function/internal_message.html?_=1683514466698&CODE_STATE=getMsg HTTP/1.1" 200 27
116.238.139.35 - - [08/May/2023:10:54:28 +0800] "GET /xingrg/kc/base/yddb_order_info.html?code=482023050800036 HTTP/1.1" 200 31429
116.238.139.35 - - [08/May/2023:10:54:28 +0800] "GET /xingrg/dwr/interface/AjaxComOrderService.js HTTP/1.1" 200 18264
116.238.139.35 - - [08/May/2023:10:54:28 +0800] "GET /xingrg/dwr/interface/AjaxYddbService.js HTTP/1.1" 200 13201
116.238.139.35 - - [08/May/2023:10:54:28 +0800] "GET /xingrg/dwr/engine.js HTTP/1.1" 200 43631
116.238.139.35 - - [08/May/2023:10:54:29 +0800] "POST /xingrg/dwr/call/plaincall/AjaxYddbService.loadMaterielItems.dwr HTTP/1.1" 200 430
180.171.122.0 - - [08/May/2023:10:54:29 +0800] "GET /xingrg/all/function/internal_message.html?_=1683514469507&CODE_STATE=getMsg HTTP/1.1" 200 27
