116.224.158.100 - - [08/May/2023:09:47:28 +0800] "GET /xingrg/all/function/internal_message.html?_=1683510447564&CODE_STATE=getMsg HTTP/1.1" 200 27
180.164.3.199 - - [08/May/2023:09:47:29 +0800] "GET /xingrg/kc/buy/cgsh_order_operate.html?command=get_materiel&rest_code=00108&code=00101008270&supplier_code=00100007&order_time=2023-05-08 HTTP/1.1" 200 412
116.224.106.218 - - [08/May/2023:09:47:31 +0800] "GET /xingrg/all/function/internal_message.html?_=1683510448256&CODE_STATE=getMsg HTTP/1.1" 200 27
116.227.208.255 - - [08/May/2023:09:47:33 +0800] "GET /xingrg/all/function/internal_message.html?_=1683510508213&CODE_STATE=getMsg HTTP/1.1" 200 27
116.227.208.255 - - [08/May/2023:09:47:33 +0800] "GET /xingrg/check_reg.html?_=1683510508217 HTTP/1.1" 200 22
116.238.139.35 - - [08/May/2023:09:47:34 +0800] "POST /xingrg/all/user/operate.html HTTP/1.1" 200 36
116.238.139.35 - - [08/May/2023:09:47:34 +0800] "GET /xingrg/index.html?sysBaseUrl=http%3A%2F%2F180.169.147.146%3A18081%2Fxingrg%2F&costTime=1974×tamp=1683510431211 HTTP/1.1" 200 17179
116.238.139.35 - - [08/May/2023:09:47:34 +0800] "GET /xingrg/javascript/jquery_easy_ui/themes/default/easyui.css HTTP/1.1" 304 -
116.238.139.35 - - [08/May/2023:09:47:34 +0800] "GET /xingrg/javascript/jquery_easy_ui/themes/icon.css HTTP/1.1" 304 -
116.238.139.35 - - [08/May/2023:09:47:34 +0800] "GET /xingrg/css/form.css HTTP/1.1" 304 -
116.238.139.35 - - [08/May/2023:09:47:34 +0800] "GET /xingrg/javascript/jquery-1.4.2.min.js HTTP/1.1" 304 -
116.238.139.35 - - [08/May/2023:09:47:34 +0800] "GET /xingrg/javascript/jquery_easy_ui/jquery.easyui.min.js HTTP/1.1" 304 -
116.238.139.35 - - [08/May/2023:09:47:34 +0800] "GET /xingrg/javascript/jquery_easy_ui/easyui-lang-zh_CN.js HTTP/1.1" 304 -
116.238.139.35 - - [08/May/2023:09:47:34 +0800] "GET /xingrg/javascript/jquery.form.js HTTP/1.1" 304 -
116.238.139.35 - - [08/May/2023:09:47:34 +0800] "GET /xingrg/javascript/jquery.utils.js HTTP/1.1" 304 -
116.238.139.35 - - [08/May/2023:09:47:34 +0800] "GET /xingrg/javascript/jquery.timers.js HTTP/1.1" 304 -
116.238.139.35 - - [08/May/2023:09:47:34 +0800] "GET /xingrg/images/blue/jxLogo.png HTTP/1.1" 304 -
116.238.139.35 - - [08/May/2023:09:47:34 +0800] "GET /xingrg/images/blue/navBackgound.jpg HTTP/1.1" 304 -
116.238.139.35 - - [08/May/2023:09:47:34 +0800] "GET /xingrg/javascript/jquery_easy_ui/themes/icons/settle_new.png HTTP/1.1" 304 -
116.238.139.35 - - [08/May/2023:09:47:34 +0800] "GET /xingrg/check_reg.html?_=1683510453907 HTTP/1.1" 200 22
116.238.139.35 - - [08/May/2023:09:47:34 +0800] "GET /xingrg/all/function/internal_message.html?_=1683510453905&CODE_STATE=count HTTP/1.1" 200 11
116.238.139.35 - - [08/May/2023:09:47:34 +0800] "GET /xingrg/javascript/jquery_easy_ui/themes/default/images/tabs_leftarrow.png HTTP/1.1" 304 -
116.238.139.35 - - [08/May/2023:09:47:34 +0800] "GET /xingrg/javascript/jquery_easy_ui/themes/default/images/panel_tool_collapse.gif HTTP/1.1" 304 -
116.238.139.35 - - [08/May/2023:09:47:34 +0800] "GET /xingrg/javascript/jquery_easy_ui/themes/default/images/tabs_rightarrow.png HTTP/1.1" 304 -
116.238.139.35 - - [08/May/2023:09:47:34 +0800] "GET /xingrg/images/blue/pingpu.png HTTP/1.1" 304 -
116.238.139.35 - - [08/May/2023:09:47:35 +0800] "POST /xingrg/load_menu.html HTTP/1.1" 200 5138
116.238.139.35 - - [08/May/2023:09:47:35 +0800] "POST /xingrg/all/common/load_tree.html?tree=area_rest_tree_json&manage=1 HTTP/1.1" 200 476
101.229.22.40 - - [08/May/2023:09:47:36 +0800] "GET /xingrg/all/function/internal_message.html?_=1683510455441&CODE_STATE=getMsg HTTP/1.1" 200 27
116.238.139.35 - - [08/May/2023:09:47:37 +0800] "GET /xingrg/kc/buy/cgsh_order_list.html HTTP/1.1" 200 55401
180.164.3.199 - - [08/May/2023:09:47:39 +0800] "GET /xingrg/kc/buy/cgsh_order_operate.html?command=get_materiel&rest_code=00108&code=00101008350&supplier_code=00100007&order_time=2023-05-08 HTTP/1.1" 200 408
116.238.139.35 - - [08/May/2023:09:47:40 +0800] "POST /xingrg/kc/buy/cgsh_list_operate.html HTTP/1.1" 200 986
180.169.147.146 - - [08/May/2023:09:47:41 +0800] "GET /xingrg/all/function/internal_message.html?_=1683510458973&CODE_STATE=getMsg HTTP/1.1" 302 -
116.238.139.35 - - [08/May/2023:09:47:42 +0800] "GET /xingrg/kc/buy/cgsh_order_add.html HTTP/1.1" 200 71221
116.238.139.35 - - [08/May/2023:09:47:42 +0800] "POST /xingrg/kc/buy/cgsh_order_operate.html HTTP/1.1" 200 8245
116.238.139.35 - - [08/May/2023:09:47:42 +0800] "GET /xingrg/javascript/easyui/themes/default/validatebox.css HTTP/1.1" 404 1104
116.238.139.35 - - [08/May/2023:09:47:42 +0800] "GET /xingrg/all/common/auto_word.html?type=employee&rest_code=00150 HTTP/1.1" 200 159
116.238.139.35 - - [08/May/2023:09:47:42 +0800] "GET /xingrg/all/common/auto_word.html?type=employee&rest_code=00150 HTTP/1.1" 200 159
116.224.106.218 - - [08/May/2023:09:47:43 +0800] "GET /xingrg/check_reg.html?_=1683510460333 HTTP/1.1" 200 22
116.238.139.35 - - [08/May/2023:09:47:43 +0800] "GET /xingrg/javascript/auto/indicator.gif HTTP/1.1" 404 1066
116.224.158.100 - - [08/May/2023:09:47:45 +0800] "GET /xingrg/all/function/internal_message.html?_=1683510302975&CODE_STATE=getMsg HTTP/1.1" 200 27
180.174.237.47 - - [08/May/2023:09:47:46 +0800] "GET /xingrg/all/function/internal_message.html?_=1683510466631&CODE_STATE=getMsg HTTP/1.1" 200 27
124.79.240.114 - - [08/May/2023:09:47:51 +0800] "GET /xingrg/all/function/internal_message.html?_=1683510747109&CODE_STATE=getMsg HTTP/1.1" 200 27
116.238.139.35 - - [08/May/2023:09:47:53 +0800] "GET /xingrg/kc/buy/cgsh_order_operate.html?command=get_materiel&rest_code=00150&code=00101011007&supplier_code=00100047&order_time=2023-05-08 HTTP/1.1" 200 414
180.164.3.199 - - [08/May/2023:09:47:56 +0800] "GET /xingrg/kc/buy/cgsh_order_operate.html?command=get_materiel&rest_code=00108&code=00101008415&supplier_code=00100007&order_time=2023-05-08 HTTP/1.1" 200 412
180.164.3.199 - - [08/May/2023:09:48:01 +0800] "POST /xingrg/kc/buy/cgsh_order_operate.html HTTP/1.1" 200 2065
116.238.139.35 - - [08/May/2023:09:48:09 +0800] "POST /xingrg/kc/buy/cgsh_order_operate.html HTTP/1.1" 200 37
180.164.3.199 - - [08/May/2023:09:48:09 +0800] "GET /xingrg/kc/buy/cgsh_order_operate.html?command=get_materiel&rest_code=00108&code=00101010136&supplier_code=00100007&order_time=2023-05-08 HTTP/1.1" 200 408
120.253.135.82 - - [08/May/2023:09:48:14 +0800] "GET /xingrg/all/function/internal_message.html?_=1683510631348&CODE_STATE=getMsg HTTP/1.1" 302 -
120.253.135.82 - - [08/May/2023:09:48:14 +0800] "GET /xingrg/check_reg.html?_=1683510631348 HTTP/1.1" 302 -
120.253.135.82 - - [08/May/2023:09:48:14 +0800] "GET /xingrg/login.html HTTP/1.1" 200 7641
120.253.135.82 - - [08/May/2023:09:48:14 +0800] "GET /xingrg/login.html HTTP/1.1" 200 7641
114.83.223.118 - - [08/May/2023:09:48:15 +0800] "GET /xingrg/all/function/internal_message.html?_=1683510494610&CODE_STATE=getMsg HTTP/1.1" 200 27
116.235.240.234 - - [08/May/2023:09:48:16 +0800] "GET /xingrg/check_reg.html?_=1683510498286 HTTP/1.1" 200 22
116.235.240.234 - - [08/May/2023:09:48:17 +0800] "GET /xingrg/all/function/internal_message.html?_=1683510498828&CODE_STATE=getMsg HTTP/1.1" 200 27
116.238.139.35 - - [08/May/2023:09:48:18 +0800] "POST /xingrg/kc/buy/cgsh_order_operate.html HTTP/1.1" 200 12
180.164.3.199 - - [08/May/2023:09:48:19 +0800] "GET /xingrg/kc/buy/cgsh_order_operate.html?command=get_materiel&rest_code=00108&code=00101008321&supplier_code=00100007&order_time=2023-05-08 HTTP/1.1" 200 412
116.238.139.35 - - [08/May/2023:09:48:21 +0800] "GET /xingrg/kc/buy/cgsh_order_info.html?code=212023050802602 HTTP/1.1" 200 66130
116.235.240.234 - - [08/May/2023:09:48:21 +0800] "POST /xingrg/services/DataTransmitService HTTP/1.1" 200 501
116.238.139.35 - - [08/May/2023:09:48:21 +0800] "GET /xingrg/javascript/easyui/themes/default/validatebox.css HTTP/1.1" 404 1104
180.171.122.0 - - [08/May/2023:09:48:22 +0800] "GET /xingrg/check_reg.html?_=1683510828642 HTTP/1.1" 200 22
180.171.122.0 - - [08/May/2023:09:48:22 +0800] "GET /xingrg/all/function/internal_message.html?_=1683510828644&CODE_STATE=getMsg HTTP/1.1" 200 27
116.238.139.35 - - [08/May/2023:09:48:22 +0800] "POST /xingrg/kc/buy/cgsh_order_operate.html HTTP/1.1" 200 608
116.238.139.35 - - [08/May/2023:09:48:23 +0800] "GET /xingrg/kc/print/load_config.html?kc_code=cgsh HTTP/1.1" 200 1925
116.238.139.35 - - [08/May/2023:09:48:23 +0800] "GET /xingrg/all/function/internal_message.html?_=1683510436793&CODE_STATE=getMsg HTTP/1.1" 200 27
116.238.139.35 - - [08/May/2023:09:48:24 +0800] "GET /xingrg/kc/print/load_data.html?order_code=212023050802602&kc_code=cgsh&condition= HTTP/1.1" 200 754
180.164.3.199 - - [08/May/2023:09:48:27 +0800] "GET /xingrg/kc/buy/cgsh_order_operate.html?command=get_materiel&rest_code=00108&code=00101008126&supplier_code=00100007&order_time=2023-05-08 HTTP/1.1" 200 412
180.164.3.199 - - [08/May/2023:09:48:27 +0800] "GET /xingrg/all/function/internal_message.html?_=1683510506731&CODE_STATE=getMsg HTTP/1.1" 200 27
116.238.139.35 - - [08/May/2023:09:48:28 +0800] "GET /xingrg/kc/buy/cgsh_order_add.html HTTP/1.1" 200 71221
116.224.158.100 - - [08/May/2023:09:48:28 +0800] "GET /xingrg/all/function/internal_message.html?_=1683510507543&CODE_STATE=getMsg HTTP/1.1" 200 27
116.238.139.35 - - [08/May/2023:09:48:28 +0800] "POST /xingrg/kc/buy/cgsh_order_operate.html HTTP/1.1" 200 8245
116.238.139.35 - - [08/May/2023:09:48:28 +0800] "GET /xingrg/javascript/easyui/themes/default/validatebox.css HTTP/1.1" 404 1104
116.224.158.100 - - [08/May/2023:09:48:29 +0800] "GET /xingrg/check_reg.html?_=1683510508203 HTTP/1.1" 200 22
116.224.106.218 - - [08/May/2023:09:48:31 +0800] "GET /xingrg/all/function/internal_message.html?_=1683510508226&CODE_STATE=getMsg HTTP/1.1" 200 27
116.235.240.234 - - [08/May/2023:09:48:32 +0800] "POST /xingrg/services/DataTransmitService HTTP/1.1" 200 524
116.227.208.255 - - [08/May/2023:09:48:33 +0800] "GET /xingrg/all/function/internal_message.html?_=1683510568218&CODE_STATE=getMsg HTTP/1.1" 200 27
116.235.240.234 - - [08/May/2023:09:48:33 +0800] "POST /xingrg/services/DataTransmitService HTTP/1.1" 200 412
116.238.139.35 - - [08/May/2023:09:48:35 +0800] "GET /xingrg/all/function/internal_message.html?_=1683510514217&CODE_STATE=getMsg HTTP/1.1" 200 27
180.164.3.199 - - [08/May/2023:09:48:35 +0800] "GET /xingrg/kc/buy/cgsh_order_operate.html?command=get_materiel&rest_code=00108&code=00101008271&supplier_code=00100007&order_time=2023-05-08 HTTP/1.1" 200 408
116.235.240.234 - - [08/May/2023:09:48:35 +0800] "POST /xingrg/services/DataTransmitService HTTP/1.1" 200 524
116.235.240.234 - - [08/May/2023:09:48:36 +0800] "POST /xingrg/services/DataTransmitService HTTP/1.1" 200 412
101.229.22.40 - - [08/May/2023:09:48:36 +0800] "GET /xingrg/all/function/internal_message.html?_=1683510515441&CODE_STATE=getMsg HTTP/1.1" 200 27
101.229.22.40 - - [08/May/2023:09:48:36 +0800] "GET /xingrg/check_reg.html?_=1683510515445 HTTP/1.1" 200 22
116.235.240.234 - - [08/May/2023:09:48:37 +0800] "POST /xingrg/services/DataTransmitService HTTP/1.1" 200 524
116.235.240.234 - - [08/May/2023:09:48:38 +0800] "POST /xingrg/services/DataTransmitService HTTP/1.1" 200 412
116.235.240.234 - - [08/May/2023:09:48:39 +0800] "POST /xingrg/services/DataTransmitService HTTP/1.1" 200 524
116.238.139.35 - - [08/May/2023:09:48:39 +0800] "GET /xingrg/kc/buy/cgsh_order_operate.html?command=get_materiel&rest_code=00150&code=00101031001&supplier_code=00100064&order_time=2023-05-08 HTTP/1.1" 200 419
116.235.240.234 - - [08/May/2023:09:48:40 +0800] "POST /xingrg/services/DataTransmitService HTTP/1.1" 200 412
116.235.240.234 - - [08/May/2023:09:48:41 +0800] "POST /xingrg/services/DataTransmitService HTTP/1.1" 200 524
180.169.147.146 - - [08/May/2023:09:48:41 +0800] "GET /xingrg/all/function/internal_message.html?_=1683510518951&CODE_STATE=getMsg HTTP/1.1" 302 -
116.235.240.234 - - [08/May/2023:09:48:42 +0800] "POST /xingrg/services/DataTransmitService HTTP/1.1" 200 2335
116.224.158.100 - - [08/May/2023:09:48:45 +0800] "GET /xingrg/all/function/internal_message.html?_=1683510362960&CODE_STATE=getMsg HTTP/1.1" 200 27
116.224.158.100 - - [08/May/2023:09:48:46 +0800] "GET /xingrg/check_reg.html?_=1683510363697 HTTP/1.1" 200 22
180.174.237.47 - - [08/May/2023:09:48:46 +0800] "GET /xingrg/all/function/internal_message.html?_=1683510526615&CODE_STATE=getMsg HTTP/1.1" 200 27
116.238.139.35 - - [08/May/2023:09:48:48 +0800] "POST /xingrg/kc/buy/cgsh_order_operate.html HTTP/1.1" 200 37
180.164.3.199 - - [08/May/2023:09:48:48 +0800] "GET /xingrg/kc/buy/cgsh_order_operate.html?command=get_materiel&rest_code=00108&code=00101008061&supplier_code=00100007&order_time=2023-05-08 HTTP/1.1" 200 422
124.79.240.114 - - [08/May/2023:09:48:51 +0800] "GET /xingrg/all/function/internal_message.html?_=1683510807110&CODE_STATE=getMsg HTTP/1.1" 200 27
124.79.240.114 - - [08/May/2023:09:48:51 +0800] "GET /xingrg/check_reg.html?_=1683510807111 HTTP/1.1" 200 22
116.238.139.35 - - [08/May/2023:09:48:54 +0800] "POST /xingrg/kc/buy/cgsh_order_operate.html HTTP/1.1" 200 12
180.164.3.199 - - [08/May/2023:09:48:55 +0800] "POST /xingrg/kc/buy/cgsh_order_operate.html HTTP/1.1" 200 2065
180.164.3.199 - - [08/May/2023:09:49:01 +0800] "GET /xingrg/kc/buy/cgsh_order_operate.html?command=get_materiel&rest_code=00108&code=00101008229&supplier_code=00100007&order_time=2023-05-08 HTTP/1.1" 200 420
116.235.240.234 - - [08/May/2023:09:49:01 +0800] "POST /xingrg/services/DataTransmitService HTTP/1.1" 200 524
124.78.71.183 - - [08/May/2023:09:49:05 +0800] "GET /xingrg/check_reg.html?_=1683510066463 HTTP/1.1" 302 -
116.238.139.35 - - [08/May/2023:09:49:05 +0800] "GET /xingrg/kc/buy/cgsh_order_info.html?code=212023050802603 HTTP/1.1" 200 66130
116.238.139.35 - - [08/May/2023:09:49:05 +0800] "GET /xingrg/javascript/easyui/themes/default/validatebox.css HTTP/1.1" 404 1104
116.238.139.35 - - [08/May/2023:09:49:06 +0800] "POST /xingrg/kc/buy/cgsh_order_operate.html HTTP/1.1" 200 615
116.238.139.35 - - [08/May/2023:09:49:08 +0800] "GET /xingrg/kc/print/load_data.html?order_code=212023050802603&kc_code=cgsh&condition= HTTP/1.1" 200 751
120.253.135.82 - - [08/May/2023:09:49:14 +0800] "GET /xingrg/all/function/internal_message.html?_=1683510691264&CODE_STATE=getMsg HTTP/1.1" 302 -
120.253.135.82 - - [08/May/2023:09:49:14 +0800] "GET /xingrg/login.html HTTP/1.1" 200 7641
114.83.223.118 - - [08/May/2023:09:49:15 +0800] "GET /xingrg/all/function/internal_message.html?_=1683510554600&CODE_STATE=getMsg HTTP/1.1" 200 27
116.238.139.35 - - [08/May/2023:09:49:16 +0800] "GET /xingrg/kc/base/wldb_order_list.html HTTP/1.1" 200 19104
116.238.139.35 - - [08/May/2023:09:49:17 +0800] "POST /xingrg/kc/base/wldb_list_operate.html HTTP/1.1" 200 928
116.235.240.234 - - [08/May/2023:09:49:17 +0800] "GET /xingrg/all/function/internal_message.html?_=1683510558841&CODE_STATE=getMsg HTTP/1.1" 200 27
116.238.139.35 - - [08/May/2023:09:49:18 +0800] "GET /xingrg/kc/base/wldb_order_add.html HTTP/1.1" 200 30387
116.238.139.35 - - [08/May/2023:09:49:18 +0800] "POST /xingrg/kc/base/wldb_order_operate.html HTTP/1.1" 200 6806
116.238.139.35 - - [08/May/2023:09:49:18 +0800] "GET /xingrg/all/common/auto_word.html?type=base&rest_code=00150 HTTP/1.1" 200 1853
116.238.139.35 - - [08/May/2023:09:49:18 +0800] "GET /xingrg/all/common/auto_word.html?type=base&rest_code=00150 HTTP/1.1" 200 1853
116.238.139.35 - - [08/May/2023:09:49:18 +0800] "GET /xingrg/javascript/easyui/themes/default/validatebox.css HTTP/1.1" 404 1104
180.171.122.0 - - [08/May/2023:09:49:22 +0800] "GET /xingrg/all/function/internal_message.html?_=1683510888634&CODE_STATE=getMsg HTTP/1.1" 200 27
180.164.3.199 - - [08/May/2023:09:49:23 +0800] "GET /xingrg/kc/buy/cgsh_order_operate.html?command=get_materiel&rest_code=00108&code=00101008150&supplier_code=00100007&order_time=2023-05-08 HTTP/1.1" 200 409
116.238.139.35 - - [08/May/2023:09:49:23 +0800] "GET /xingrg/all/function/internal_message.html?_=1683510496860&CODE_STATE=getMsg HTTP/1.1" 200 27
180.164.3.199 - - [08/May/2023:09:49:27 +0800] "GET /xingrg/all/function/internal_message.html?_=1683510566731&CODE_STATE=getMsg HTTP/1.1" 200 27
116.238.139.35 - - [08/May/2023:09:49:28 +0800] "GET /xingrg/kc/base/wldb_order_operate.html?command=get_materiel&rest_code=00150&base_code=0010450&code=00101002038 HTTP/1.1" 200 438
116.224.158.100 - - [08/May/2023:09:49:28 +0800] "GET /xingrg/all/function/internal_message.html?_=1683510567524&CODE_STATE=getMsg HTTP/1.1" 200 27
116.224.106.218 - - [08/May/2023:09:49:31 +0800] "GET /xingrg/all/function/internal_message.html?_=1683510568210&CODE_STATE=getMsg HTTP/1.1" 200 27
180.164.3.199 - - [08/May/2023:09:49:32 +0800] "GET /xingrg/kc/buy/cgsh_order_operate.html?command=get_materiel&rest_code=00108&code=00101008168&supplier_code=00100007&order_time=2023-05-08 HTTP/1.1" 200 413
116.227.208.255 - - [08/May/2023:09:49:33 +0800] "GET /xingrg/all/function/internal_message.html?_=1683510628205&CODE_STATE=getMsg HTTP/1.1" 200 27
180.164.3.199 - - [08/May/2023:09:49:34 +0800] "POST /xingrg/kc/buy/cgsh_order_operate.html HTTP/1.1" 200 2065
116.238.139.35 - - [08/May/2023:09:49:35 +0800] "GET /xingrg/all/function/internal_message.html?_=1683510574197&CODE_STATE=getMsg HTTP/1.1" 200 27
101.229.22.40 - - [08/May/2023:09:49:36 +0800] "GET /xingrg/all/function/internal_message.html?_=1683510575445&CODE_STATE=getMsg HTTP/1.1" 200 27
180.164.3.199 - - [08/May/2023:09:49:39 +0800] "GET /xingrg/kc/buy/cgsh_order_operate.html?command=get_materiel&rest_code=00108&code=00101008331&supplier_code=00100007&order_time=2023-05-08 HTTP/1.1" 200 416
180.169.147.146 - - [08/May/2023:09:49:41 +0800] "GET /xingrg/all/function/internal_message.html?_=1683510578928&CODE_STATE=getMsg HTTP/1.1" 302 -
116.224.158.100 - - [08/May/2023:09:49:45 +0800] "GET /xingrg/all/function/internal_message.html?_=1683510422933&CODE_STATE=getMsg HTTP/1.1" 200 27
180.174.237.47 - - [08/May/2023:09:49:46 +0800] "GET /xingrg/all/function/internal_message.html?_=1683510586588&CODE_STATE=getMsg HTTP/1.1" 200 27
116.238.139.35 - - [08/May/2023:09:49:46 +0800] "GET /xingrg/kc/base/wldb_order_operate.html?command=get_materiel&rest_code=00150&base_code=0010450&code=00101004101 HTTP/1.1" 200 435
124.79.240.114 - - [08/May/2023:09:49:51 +0800] "GET /xingrg/all/function/internal_message.html?_=1683510867108&CODE_STATE=getMsg HTTP/1.1" 200 27
180.164.3.199 - - [08/May/2023:09:49:54 +0800] "GET /xingrg/kc/buy/cgsh_order_operate.html?command=get_materiel&rest_code=00108&code=00101008131&supplier_code=00100007&order_time=2023-05-08 HTTP/1.1" 200 409
116.238.139.35 - - [08/May/2023:09:49:59 +0800] "GET /xingrg/kc/base/wldb_order_operate.html?command=get_materiel&rest_code=00150&base_code=0010450&code=00101004038 HTTP/1.1" 200 431
180.164.3.199 - - [08/May/2023:09:50:06 +0800] "GET /xingrg/kc/buy/cgsh_order_operate.html?command=get_materiel&rest_code=00108&code=00101008095&supplier_code=00100007&order_time=2023-05-08 HTTP/1.1" 200 412
116.238.139.35 - - [08/May/2023:09:50:08 +0800] "GET /xingrg/kc/base/wldb_order_operate.html?command=get_materiel&rest_code=00150&base_code=0010450&code=00101004051 HTTP/1.1" 200 431
116.235.240.234 - - [08/May/2023:09:50:11 +0800] "POST /xingrg/services/DataTransmitService HTTP/1.1" 200 501
116.235.240.234 - - [08/May/2023:09:50:13 +0800] "POST /xingrg/services/DataTransmitService HTTP/1.1" 200 501
120.253.135.82 - - [08/May/2023:09:50:14 +0800] "GET /xingrg/all/function/internal_message.html?_=1683510751301&CODE_STATE=getMsg HTTP/1.1" 302 -
120.253.135.82 - - [08/May/2023:09:50:14 +0800] "GET /xingrg/login.html HTTP/1.1" 200 7641
114.83.223.118 - - [08/May/2023:09:50:15 +0800] "GET /xingrg/all/function/internal_message.html?_=1683510614574&CODE_STATE=getMsg HTTP/1.1" 200 27
116.235.240.234 - - [08/May/2023:09:50:17 +0800] "GET /xingrg/all/function/internal_message.html?_=1683510618855&CODE_STATE=getMsg HTTP/1.1" 200 27
116.238.139.35 - - [08/May/2023:09:50:18 +0800] "GET /xingrg/kc/base/wldb_order_operate.html?command=get_materiel&rest_code=00150&base_code=0010450&code=00101001016 HTTP/1.1" 200 434
180.171.122.0 - - [08/May/2023:09:50:22 +0800] "GET /xingrg/all/function/internal_message.html?_=1683510948649&CODE_STATE=getMsg HTTP/1.1" 200 27
116.238.139.35 - - [08/May/2023:09:50:23 +0800] "GET /xingrg/all/function/internal_message.html?_=1683510556867&CODE_STATE=getMsg HTTP/1.1" 200 27
116.238.139.35 - - [08/May/2023:09:50:27 +0800] "GET /xingrg/kc/base/wldb_order_operate.html?command=get_materiel&rest_code=00150&base_code=0010450&code=00101010616 HTTP/1.1" 200 431
180.164.3.199 - - [08/May/2023:09:50:27 +0800] "GET /xingrg/all/function/internal_message.html?_=1683510626712&CODE_STATE=getMsg HTTP/1.1" 200 27
116.224.158.100 - - [08/May/2023:09:50:28 +0800] "GET /xingrg/all/function/internal_message.html?_=1683510627500&CODE_STATE=getMsg HTTP/1.1" 200 27
180.169.147.146 - - [08/May/2023:09:50:31 +0800] "GET /xingrg/check_reg.html?_=1683510628572 HTTP/1.1" 302 -
116.224.106.218 - - [08/May/2023:09:50:31 +0800] "GET /xingrg/all/function/internal_message.html?_=1683510628193&CODE_STATE=getMsg HTTP/1.1" 200 27
116.227.208.255 - - [08/May/2023:09:50:33 +0800] "GET /xingrg/all/function/internal_message.html?_=1683510688217&CODE_STATE=getMsg HTTP/1.1" 200 27
116.238.139.35 - - [08/May/2023:09:50:33 +0800] "GET /xingrg/kc/base/wldb_order_operate.html?command=get_materiel&rest_code=00150&base_code=0010450&code=00101004094 HTTP/1.1" 200 432
116.238.139.35 - - [08/May/2023:09:50:35 +0800] "GET /xingrg/all/function/internal_message.html?_=1683510634170&CODE_STATE=getMsg HTTP/1.1" 200 27
101.229.22.40 - - [08/May/2023:09:50:36 +0800] "GET /xingrg/all/function/internal_message.html?_=1683510635445&CODE_STATE=getMsg HTTP/1.1" 200 27
180.169.147.146 - - [08/May/2023:09:50:41 +0800] "GET /xingrg/all/function/internal_message.html?_=1683510638908&CODE_STATE=getMsg HTTP/1.1" 302 -
116.238.139.35 - - [08/May/2023:09:50:42 +0800] "POST /xingrg/kc/base/wldb_order_operate.html HTTP/1.1" 200 37
116.238.139.35 - - [08/May/2023:09:50:43 +0800] "POST /xingrg/kc/base/wldb_order_operate.html HTTP/1.1" 200 5022
116.224.158.100 - - [08/May/2023:09:50:45 +0800] "GET /xingrg/all/function/internal_message.html?_=1683510482923&CODE_STATE=getMsg HTTP/1.1" 200 27
180.174.237.47 - - [08/May/2023:09:50:46 +0800] "GET /xingrg/all/function/internal_message.html?_=1683510646567&CODE_STATE=getMsg HTTP/1.1" 200 27
124.79.240.114 - - [08/May/2023:09:50:51 +0800] "GET /xingrg/all/function/internal_message.html?_=1683510927124&CODE_STATE=getMsg HTTP/1.1" 200 27
172.20.0.100 - - [08/May/2023:09:50:54 +0800] "GET /xingrg/check_reg.html?_=1683510655548 HTTP/1.1" 302 -
116.238.139.35 - - [08/May/2023:09:50:55 +0800] "POST /xingrg/kc/base/wldb_order_operate.html HTTP/1.1" 200 12
116.238.139.35 - - [08/May/2023:09:50:58 +0800] "GET /xingrg/kc/base/wldb_order_info.html?code=422023050800572 HTTP/1.1" 200 26266
116.238.139.35 - - [08/May/2023:09:50:58 +0800] "GET /xingrg/javascript/easyui/themes/default/validatebox.css HTTP/1.1" 404 1104
116.238.139.35 - - [08/May/2023:09:50:58 +0800] "POST /xingrg/kc/base/wldb_order_operate.html HTTP/1.1" 200 3248
116.235.240.234 - - [08/May/2023:09:50:59 +0800] "POST /xingrg/services/DataTransmitService HTTP/1.1" 200 501
116.238.139.35 - - [08/May/2023:09:51:01 +0800] "GET /xingrg/kc/base/wldb_order_add.html HTTP/1.1" 200 30387
180.164.3.199 - - [08/May/2023:09:51:01 +0800] "POST /xingrg/kc/buy/cgsh_order_operate.html HTTP/1.1" 200 37
116.238.139.35 - - [08/May/2023:09:51:02 +0800] "POST /xingrg/kc/base/wldb_order_operate.html HTTP/1.1" 200 6806
116.238.139.35 - - [08/May/2023:09:51:02 +0800] "GET /xingrg/javascript/easyui/themes/default/validatebox.css HTTP/1.1" 404 1104
180.164.3.199 - - [08/May/2023:09:51:05 +0800] "POST /xingrg/kc/buy/cgsh_order_operate.html HTTP/1.1" 200 30462
180.164.3.199 - - [08/May/2023:09:51:07 +0800] "GET /xingrg/kc/print/load_config.html?kc_code=cgsh HTTP/1.1" 200 1925
180.164.3.199 - - [08/May/2023:09:51:07 +0800] "GET /xingrg/kc/print/load_data.html?order_code=212023050802604&kc_code=cgsh&condition= HTTP/1.1" 200 11257
120.253.135.82 - - [08/May/2023:09:51:14 +0800] "GET /xingrg/all/function/internal_message.html?_=1683510811268&CODE_STATE=getMsg HTTP/1.1" 302 -
120.253.135.82 - - [08/May/2023:09:51:14 +0800] "GET /xingrg/login.html HTTP/1.1" 200 7641
114.83.223.118 - - [08/May/2023:09:51:15 +0800] "GET /xingrg/all/function/internal_message.html?_=1683510674550&CODE_STATE=getMsg HTTP/1.1" 200 27
116.235.240.234 - - [08/May/2023:09:51:17 +0800] "GET /xingrg/all/function/internal_message.html?_=1683510678887&CODE_STATE=getMsg HTTP/1.1" 200 27
180.164.3.199 - - [08/May/2023:09:51:17 +0800] "GET /xingrg/kc/buy/cgsh_order_add.html HTTP/1.1" 200 71269
180.164.3.199 - - [08/May/2023:09:51:17 +0800] "GET /xingrg/css/base.css HTTP/1.1" 200 2811
180.164.3.199 - - [08/May/2023:09:51:17 +0800] "GET /xingrg/javascript/jquery_tools/datebox.css HTTP/1.1" 200 2597
180.164.3.199 - - [08/May/2023:09:51:17 +0800] "GET /xingrg/javascript/auto/jquery.autocomplete.css HTTP/1.1" 200 587
180.164.3.199 - - [08/May/2023:09:51:17 +0800] "GET /xingrg/javascript/jquery_tools/fix.css HTTP/1.1" 200 1702
180.164.3.199 - - [08/May/2023:09:51:17 +0800] "GET /xingrg/javascript/easyui/themes/icon.css HTTP/1.1" 200 4483
180.164.3.199 - - [08/May/2023:09:51:17 +0800] "GET /xingrg/css/site.css HTTP/1.1" 200 7541
180.164.3.199 - - [08/May/2023:09:51:17 +0800] "GET /xingrg/javascript/easyui/themes/default/easyui.css HTTP/1.1" 200 30432
180.164.3.199 - - [08/May/2023:09:51:17 +0800] "GET /xingrg/javascript/jquery_tools/jquery.tools.min.js HTTP/1.1" 200 138801
180.164.3.199 - - [08/May/2023:09:51:17 +0800] "GET /xingrg/javascript/jquery_tools/table.css HTTP/1.1" 200 1032
180.164.3.199 - - [08/May/2023:09:51:17 +0800] "GET /xingrg/javascript/pic_change.js HTTP/1.1" 200 4739
180.164.3.199 - - [08/May/2023:09:51:17 +0800] "GET /xingrg/javascript/jquery_tools/jquery.tools.extend.js HTTP/1.1" 200 15385
180.164.3.199 - - [08/May/2023:09:51:17 +0800] "GET /xingrg/javascript/jquery_tools/jquery.tools.hotkey.js HTTP/1.1" 200 3242
180.164.3.199 - - [08/May/2023:09:51:17 +0800] "GET /xingrg/javascript/jquery_tools/jquery.tools.table.js HTTP/1.1" 200 6994
180.164.3.199 - - [08/May/2023:09:51:17 +0800] "GET /xingrg/javascript/auto/jquery.autocomplete.js HTTP/1.1" 200 21624
180.164.3.199 - - [08/May/2023:09:51:17 +0800] "GET /xingrg/javascript/easyui/easyloader.js HTTP/1.1" 200 5975
180.164.3.199 - - [08/May/2023:09:51:17 +0800] "GET /xingrg/javascript/jquery.utils.js HTTP/1.1" 200 11805
180.164.3.199 - - [08/May/2023:09:51:17 +0800] "GET /xingrg/javascript/jquery_tools/order_manager.js HTTP/1.1" 200 11183
180.164.3.199 - - [08/May/2023:09:51:17 +0800] "GET /xingrg/javascript/convert.js HTTP/1.1" 200 1239
180.164.3.199 - - [08/May/2023:09:51:17 +0800] "GET /xingrg/javascript/json2.js HTTP/1.1" 200 11259
180.164.3.199 - - [08/May/2023:09:51:17 +0800] "GET /xingrg/javascript/jquery.cookie.js HTTP/1.1" 200 5513
180.164.3.199 - - [08/May/2023:09:51:17 +0800] "GET /xingrg/javascript/print/LodopFuncs.js HTTP/1.1" 200 5121
180.164.3.199 - - [08/May/2023:09:51:17 +0800] "GET /xingrg/javascript/print/kc_print.js HTTP/1.1" 200 11415
180.164.3.199 - - [08/May/2023:09:51:18 +0800] "GET /xingrg/words/20230506143020_words.js HTTP/1.1" 200 963062
180.164.3.199 - - [08/May/2023:09:51:18 +0800] "GET /xingrg/javascript/easyui/plugins/jquery.parser.js HTTP/1.1" 200 1142
180.164.3.199 - - [08/May/2023:09:51:18 +0800] "POST /xingrg/kc/buy/cgsh_order_operate.html HTTP/1.1" 200 8245
180.164.3.199 - - [08/May/2023:09:51:18 +0800] "GET /xingrg/javascript/easyui/themes/default/validatebox.css HTTP/1.1" 404 1104
180.164.3.199 - - [08/May/2023:09:51:18 +0800] "GET /xingrg/javascript/easyui/plugins/jquery.validatebox.js HTTP/1.1" 200 6103
180.164.3.199 - - [08/May/2023:09:51:18 +0800] "GET /xingrg/javascript/easyui/plugins/jquery.numberbox.js HTTP/1.1" 200 5213
180.164.3.199 - - [08/May/2023:09:51:18 +0800] "GET /xingrg/all/common/auto_word.html?type=employee&rest_code=00108 HTTP/1.1" 200 101
180.164.3.199 - - [08/May/2023:09:51:18 +0800] "GET /xingrg/all/common/auto_word.html?type=employee&rest_code=00108 HTTP/1.1" 200 101
116.238.139.35 - - [08/May/2023:09:51:20 +0800] "GET /xingrg/kc/base/wldb_order_operate.html?command=get_materiel&rest_code=00150&base_code=0010446&code=00102002138 HTTP/1.1" 200 433
180.164.3.199 - - [08/May/2023:09:51:22 +0800] "GET /xingrg/javascript/jquery_easy_ui/themes/default/images/tabs_active.png HTTP/1.1" 200 2894
180.171.122.0 - - [08/May/2023:09:51:22 +0800] "GET /xingrg/all/function/internal_message.html?_=1683511008652&CODE_STATE=getMsg HTTP/1.1" 200 27
116.238.139.35 - - [08/May/2023:09:51:23 +0800] "GET /xingrg/all/function/internal_message.html?_=1683510616927&CODE_STATE=getMsg HTTP/1.1" 200 27
180.164.3.199 - - [08/May/2023:09:51:27 +0800] "GET /xingrg/check_reg.html?_=1683510686691 HTTP/1.1" 200 22
180.164.3.199 - - [08/May/2023:09:51:27 +0800] "GET /xingrg/all/function/internal_message.html?_=1683510686693&CODE_STATE=getMsg HTTP/1.1" 200 27
116.224.158.100 - - [08/May/2023:09:51:28 +0800] "GET /xingrg/all/function/internal_message.html?_=1683510687480&CODE_STATE=getMsg HTTP/1.1" 200 27
116.238.139.35 - - [08/May/2023:09:51:30 +0800] "GET /xingrg/kc/base/wldb_order_operate.html?command=get_materiel&rest_code=00150&base_code=0010446&code=00102004026 HTTP/1.1" 200 442
116.224.106.218 - - [08/May/2023:09:51:31 +0800] "GET /xingrg/all/function/internal_message.html?_=1683510688180&CODE_STATE=getMsg HTTP/1.1" 200 27
180.164.3.199 - - [08/May/2023:09:51:32 +0800] "GET /xingrg/kc/buy/cgsh_order_operate.html?command=get_materiel&rest_code=00108&code=00101006055&supplier_code=00100012&order_time=2023-05-08 HTTP/1.1" 200 409
116.227.208.255 - - [08/May/2023:09:51:33 +0800] "GET /xingrg/all/function/internal_message.html?_=1683510748221&CODE_STATE=getMsg HTTP/1.1" 200 27
124.79.240.114 - - [08/May/2023:09:51:34 +0800] "POST /xingrg/services/DataTransmitService HTTP/1.1" 200 524
116.235.240.234 - - [08/May/2023:09:51:34 +0800] "POST /xingrg/services/DataTransmitService HTTP/1.1" 200 501
116.238.139.35 - - [08/May/2023:09:51:35 +0800] "GET /xingrg/all/function/internal_message.html?_=1683510694151&CODE_STATE=getMsg HTTP/1.1" 200 27
101.229.22.40 - - [08/May/2023:09:51:36 +0800] "GET /xingrg/all/function/internal_message.html?_=1683510695446&CODE_STATE=getMsg HTTP/1.1" 200 27
116.235.240.234 - - [08/May/2023:09:51:38 +0800] "POST /xingrg/services/DataTransmitService HTTP/1.1" 200 501
116.235.240.234 - - [08/May/2023:09:51:38 +0800] "POST /xingrg/services/DataTransmitService HTTP/1.1" 200 501
180.169.147.146 - - [08/May/2023:09:51:41 +0800] "GET /xingrg/all/function/internal_message.html?_=1683510698904&CODE_STATE=getMsg HTTP/1.1" 302 -
116.224.158.100 - - [08/May/2023:09:51:45 +0800] "GET /xingrg/all/function/internal_message.html?_=1683510542895&CODE_STATE=getMsg HTTP/1.1" 200 27
180.174.237.47 - - [08/May/2023:09:51:46 +0800] "GET /xingrg/all/function/internal_message.html?_=1683510706558&CODE_STATE=getMsg HTTP/1.1" 200 27
180.174.237.47 - - [08/May/2023:09:51:46 +0800] "GET /xingrg/check_reg.html?_=1683510706653 HTTP/1.1" 200 22
116.238.139.35 - - [08/May/2023:09:51:49 +0800] "GET /xingrg/kc/base/wldb_order_operate.html?command=get_materiel&rest_code=00150&base_code=0010446&code=00102002557 HTTP/1.1" 200 444
116.235.240.234 - - [08/May/2023:09:51:50 +0800] "POST /xingrg/services/DataTransmitService HTTP/1.1" 200 501
116.235.240.234 - - [08/May/2023:09:51:51 +0800] "POST /xingrg/services/DataTransmitService HTTP/1.1" 200 501
124.79.240.114 - - [08/May/2023:09:51:51 +0800] "GET /xingrg/all/function/internal_message.html?_=1683510987122&CODE_STATE=getMsg HTTP/1.1" 200 27
116.235.240.234 - - [08/May/2023:09:51:53 +0800] "POST /xingrg/services/DataTransmitService HTTP/1.1" 200 501
116.235.240.234 - - [08/May/2023:09:51:54 +0800] "POST /xingrg/services/DataTransmitService HTTP/1.1" 200 412
180.164.3.199 - - [08/May/2023:09:51:59 +0800] "GET /xingrg/kc/buy/cgsh_order_operate.html?command=get_materiel&rest_code=00108&code=00101001075&supplier_code=00100012&order_time=2023-05-08 HTTP/1.1" 200 409
116.238.139.35 - - [08/May/2023:09:52:01 +0800] "POST /xingrg/kc/base/wldb_order_operate.html HTTP/1.1" 200 37
116.238.139.35 - - [08/May/2023:09:52:08 +0800] "POST /xingrg/kc/base/wldb_order_operate.html HTTP/1.1" 200 12
116.238.139.35 - - [08/May/2023:09:52:08 +0800] "POST /xingrg/kc/base/wldb_order_operate.html HTTP/1.1" 200 3143
116.238.139.35 - - [08/May/2023:09:52:09 +0800] "GET /xingrg/kc/base/wldb_order_info.html?code=422023050800573 HTTP/1.1" 200 26265
180.164.3.199 - - [08/May/2023:09:52:09 +0800] "GET /xingrg/kc/buy/cgsh_order_operate.html?command=get_materiel&rest_code=00108&code=00101002027&supplier_code=00100012&order_time=2023-05-08 HTTP/1.1" 200 413
116.238.139.35 - - [08/May/2023:09:52:09 +0800] "GET /xingrg/javascript/easyui/themes/default/validatebox.css HTTP/1.1" 404 1104
116.238.139.35 - - [08/May/2023:09:52:10 +0800] "POST /xingrg/kc/base/wldb_order_operate.html HTTP/1.1" 200 1415
116.238.139.35 - - [08/May/2023:09:52:12 +0800] "GET /xingrg/kc/base/wldb_order_add.html HTTP/1.1" 200 30387
116.238.139.35 - - [08/May/2023:09:52:12 +0800] "POST /xingrg/kc/base/wldb_order_operate.html HTTP/1.1" 200 6806
116.238.139.35 - - [08/May/2023:09:52:12 +0800] "GET /xingrg/javascript/easyui/themes/default/validatebox.css HTTP/1.1" 404 1104
120.253.135.82 - - [08/May/2023:09:52:14 +0800] "GET /xingrg/all/function/internal_message.html?_=1683510871278&CODE_STATE=getMsg HTTP/1.1" 302 -
120.253.135.82 - - [08/May/2023:09:52:14 +0800] "GET /xingrg/login.html HTTP/1.1" 200 7641
114.83.223.118 - - [08/May/2023:09:52:15 +0800] "GET /xingrg/all/function/internal_message.html?_=1683510734537&CODE_STATE=getMsg HTTP/1.1" 200 27
114.83.223.118 - - [08/May/2023:09:52:15 +0800] "GET /xingrg/check_reg.html?_=1683510735203 HTTP/1.1" 200 22
116.235.240.234 - - [08/May/2023:09:52:17 +0800] "GET /xingrg/all/function/internal_message.html?_=1683510738897&CODE_STATE=getMsg HTTP/1.1" 200 27
180.164.3.199 - - [08/May/2023:09:52:20 +0800] "POST /xingrg/kc/buy/cgsh_order_operate.html HTTP/1.1" 200 37
180.171.122.0 - - [08/May/2023:09:52:22 +0800] "GET /xingrg/all/function/internal_message.html?_=1683511068652&CODE_STATE=getMsg HTTP/1.1" 200 27
180.164.3.199 - - [08/May/2023:09:52:22 +0800] "POST /xingrg/kc/buy/cgsh_order_operate.html HTTP/1.1" 200 4420
116.238.139.35 - - [08/May/2023:09:52:23 +0800] "GET /xingrg/check_reg.html?_=1683510676794 HTTP/1.1" 200 22
180.164.3.199 - - [08/May/2023:09:52:23 +0800] "GET /xingrg/kc/print/load_data.html?order_code=212023050802605&kc_code=cgsh&condition= HTTP/1.1" 200 1441
116.238.139.35 - - [08/May/2023:09:52:24 +0800] "GET /xingrg/all/function/internal_message.html?_=1683510676989&CODE_STATE=getMsg HTTP/1.1" 200 27
180.164.3.199 - - [08/May/2023:09:52:27 +0800] "GET /xingrg/all/function/internal_message.html?_=1683510746695&CODE_STATE=getMsg HTTP/1.1" 200 27
116.224.158.100 - - [08/May/2023:09:52:28 +0800] "GET /xingrg/all/function/internal_message.html?_=1683510747456&CODE_STATE=getMsg HTTP/1.1" 200 27
180.164.3.199 - - [08/May/2023:09:52:29 +0800] "GET /xingrg/kc/buy/cgsh_order_add.html HTTP/1.1" 200 71269
180.164.3.199 - - [08/May/2023:09:52:29 +0800] "POST /xingrg/kc/buy/cgsh_order_operate.html HTTP/1.1" 200 8245
180.164.3.199 - - [08/May/2023:09:52:29 +0800] "GET /xingrg/javascript/easyui/themes/default/validatebox.css HTTP/1.1" 404 1104
116.224.106.218 - - [08/May/2023:09:52:31 +0800] "GET /xingrg/all/function/internal_message.html?_=1683510748164&CODE_STATE=getMsg HTTP/1.1" 200 27
116.238.139.35 - - [08/May/2023:09:52:31 +0800] "GET /xingrg/kc/base/wldb_order_operate.html?command=get_materiel&rest_code=00150&base_code=0010445&code=00101019071 HTTP/1.1" 200 471
116.227.208.255 - - [08/May/2023:09:52:33 +0800] "GET /xingrg/check_reg.html?_=1683510808215 HTTP/1.1" 200 22
116.227.208.255 - - [08/May/2023:09:52:33 +0800] "GET /xingrg/all/function/internal_message.html?_=1683510808219&CODE_STATE=getMsg HTTP/1.1" 200 27
116.238.139.35 - - [08/May/2023:09:52:34 +0800] "GET /xingrg/check_reg.html?_=1683510753914 HTTP/1.1" 200 22
116.238.139.35 - - [08/May/2023:09:52:35 +0800] "GET /xingrg/all/function/internal_message.html?_=1683510754133&CODE_STATE=getMsg HTTP/1.1" 200 27
101.229.22.40 - - [08/May/2023:09:52:36 +0800] "GET /xingrg/all/function/internal_message.html?_=1683510755446&CODE_STATE=getMsg HTTP/1.1" 200 27
116.238.139.35 - - [08/May/2023:09:52:37 +0800] "GET /xingrg/kc/base/wldb_order_operate.html?command=get_materiel&rest_code=00150&base_code=0010445&code=00101019438 HTTP/1.1" 200 460
180.169.147.146 - - [08/May/2023:09:52:41 +0800] "GET /xingrg/all/function/internal_message.html?_=1683510758877&CODE_STATE=getMsg HTTP/1.1" 302 -
116.238.139.35 - - [08/May/2023:09:52:43 +0800] "GET /xingrg/kc/base/wldb_order_operate.html?command=get_materiel&rest_code=00150&base_code=0010445&code=00101016094 HTTP/1.1" 200 469
116.224.106.218 - - [08/May/2023:09:52:43 +0800] "GET /xingrg/check_reg.html?_=1683510760326 HTTP/1.1" 200 22
180.164.3.199 - - [08/May/2023:09:52:44 +0800] "GET /xingrg/kc/buy/cgsh_order_operate.html?command=get_materiel&rest_code=00108&code=00101007048&supplier_code=00100002&order_time=2023-05-08 HTTP/1.1" 200 408
116.224.158.100 - - [08/May/2023:09:52:45 +0800] "GET /xingrg/all/function/internal_message.html?_=1683510602881&CODE_STATE=getMsg HTTP/1.1" 200 27
180.174.237.47 - - [08/May/2023:09:52:46 +0800] "GET /xingrg/all/function/internal_message.html?_=1683510766538&CODE_STATE=getMsg HTTP/1.1" 200 27
124.79.240.114 - - [08/May/2023:09:52:51 +0800] "GET /xingrg/all/function/internal_message.html?_=1683511047129&CODE_STATE=getMsg HTTP/1.1" 200 27
180.164.3.199 - - [08/May/2023:09:52:57 +0800] "GET /xingrg/kc/buy/cgsh_order_operate.html?command=get_materiel&rest_code=00108&code=00101007049&supplier_code=00100002&order_time=2023-05-08 HTTP/1.1" 200 409
116.238.139.35 - - [08/May/2023:09:53:09 +0800] "GET /xingrg/kc/base/wldb_order_operate.html?command=get_materiel&rest_code=00150&base_code=0010445&code=00101019427 HTTP/1.1" 200 446
116.238.139.35 - - [08/May/2023:09:53:14 +0800] "GET /xingrg/kc/base/wldb_order_operate.html?command=get_materiel&rest_code=00150&base_code=0010445&code=00101019056 HTTP/1.1" 200 477
120.253.135.82 - - [08/May/2023:09:53:14 +0800] "GET /xingrg/check_reg.html?_=1683510931278 HTTP/1.1" 302 -
120.253.135.82 - - [08/May/2023:09:53:14 +0800] "GET /xingrg/all/function/internal_message.html?_=1683510931276&CODE_STATE=getMsg HTTP/1.1" 302 -
120.253.135.82 - - [08/May/2023:09:53:14 +0800] "GET /xingrg/login.html HTTP/1.1" 200 7641
120.253.135.82 - - [08/May/2023:09:53:14 +0800] "GET /xingrg/login.html HTTP/1.1" 200 7641
114.83.223.118 - - [08/May/2023:09:53:15 +0800] "GET /xingrg/all/function/internal_message.html?_=1683510794524&CODE_STATE=getMsg HTTP/1.1" 200 27
116.235.240.234 - - [08/May/2023:09:53:16 +0800] "GET /xingrg/check_reg.html?_=1683510798311 HTTP/1.1" 200 22
180.164.3.199 - - [08/May/2023:09:53:17 +0800] "POST /xingrg/kc/buy/cgsh_order_operate.html HTTP/1.1" 200 37
116.235.240.234 - - [08/May/2023:09:53:17 +0800] "GET /xingrg/all/function/internal_message.html?_=1683510798913&CODE_STATE=getMsg HTTP/1.1" 200 27
180.164.3.199 - - [08/May/2023:09:53:21 +0800] "POST /xingrg/kc/buy/cgsh_order_operate.html HTTP/1.1" 200 3240
180.171.122.0 - - [08/May/2023:09:53:22 +0800] "GET /xingrg/check_reg.html?_=1683511128651 HTTP/1.1" 200 22
180.171.122.0 - - [08/May/2023:09:53:22 +0800] "GET /xingrg/all/function/internal_message.html?_=1683511128656&CODE_STATE=getMsg HTTP/1.1" 200 27
116.238.139.35 - - [08/May/2023:09:53:22 +0800] "POST /xingrg/kc/base/wldb_order_operate.html HTTP/1.1" 200 37
180.164.3.199 - - [08/May/2023:09:53:23 +0800] "GET /xingrg/kc/print/load_data.html?order_code=212023050802606&kc_code=cgsh&condition= HTTP/1.1" 200 971
116.238.139.35 - - [08/May/2023:09:53:24 +0800] "GET /xingrg/all/function/internal_message.html?_=1683510737002&CODE_STATE=getMsg HTTP/1.1" 200 27
116.238.139.35 - - [08/May/2023:09:53:24 +0800] "POST /xingrg/kc/base/wldb_order_operate.html HTTP/1.1" 200 4200
180.164.3.199 - - [08/May/2023:09:53:27 +0800] "GET /xingrg/all/function/internal_message.html?_=1683510806697&CODE_STATE=getMsg HTTP/1.1" 200 27
116.224.158.100 - - [08/May/2023:09:53:28 +0800] "GET /xingrg/all/function/internal_message.html?_=1683510807425&CODE_STATE=getMsg HTTP/1.1" 200 27
116.224.158.100 - - [08/May/2023:09:53:29 +0800] "GET /xingrg/check_reg.html?_=1683510808175 HTTP/1.1" 200 22
180.164.3.199 - - [08/May/2023:09:53:30 +0800] "GET /xingrg/kc/buy/cgsh_order_add.html HTTP/1.1" 200 71269
180.164.3.199 - - [08/May/2023:09:53:30 +0800] "POST /xingrg/kc/buy/cgsh_order_operate.html HTTP/1.1" 200 8245
180.164.3.199 - - [08/May/2023:09:53:30 +0800] "GET /xingrg/javascript/easyui/themes/default/validatebox.css HTTP/1.1" 404 1104
116.224.106.218 - - [08/May/2023:09:53:31 +0800] "GET /xingrg/all/function/internal_message.html?_=1683510808143&CODE_STATE=getMsg HTTP/1.1" 200 27
116.227.208.255 - - [08/May/2023:09:53:33 +0800] "GET /xingrg/all/function/internal_message.html?_=1683510868211&CODE_STATE=getMsg HTTP/1.1" 200 27
116.238.139.35 - - [08/May/2023:09:53:34 +0800] "POST /xingrg/kc/base/wldb_order_operate.html HTTP/1.1" 200 12
116.238.139.35 - - [08/May/2023:09:53:36 +0800] "GET /xingrg/kc/base/wldb_order_info.html?code=422023050800574 HTTP/1.1" 200 26266
101.229.22.40 - - [08/May/2023:09:53:36 +0800] "GET /xingrg/check_reg.html?_=1683510815447 HTTP/1.1" 200 22
101.229.22.40 - - [08/May/2023:09:53:36 +0800] "GET /xingrg/all/function/internal_message.html?_=1683510815449&CODE_STATE=getMsg HTTP/1.1" 200 27
116.238.139.35 - - [08/May/2023:09:53:36 +0800] "GET /xingrg/javascript/easyui/themes/default/validatebox.css HTTP/1.1" 404 1104
116.238.139.35 - - [08/May/2023:09:53:36 +0800] "POST /xingrg/kc/base/wldb_order_operate.html HTTP/1.1" 200 2450
180.169.147.146 - - [08/May/2023:09:53:41 +0800] "GET /xingrg/all/function/internal_message.html?_=1683510818857&CODE_STATE=getMsg HTTP/1.1" 302 -
116.224.158.100 - - [08/May/2023:09:53:45 +0800] "GET /xingrg/all/function/internal_message.html?_=1683510662894&CODE_STATE=getMsg HTTP/1.1" 200 27
180.174.237.47 - - [08/May/2023:09:53:46 +0800] "GET /xingrg/all/function/internal_message.html?_=1683510826512&CODE_STATE=getMsg HTTP/1.1" 200 27
116.224.158.100 - - [08/May/2023:09:53:46 +0800] "GET /xingrg/check_reg.html?_=1683510663701 HTTP/1.1" 200 22
116.238.139.35 - - [08/May/2023:09:53:49 +0800] "POST /xingrg/kc/base/wldb_order_operate.html HTTP/1.1" 200 12
124.79.240.114 - - [08/May/2023:09:53:51 +0800] "GET /xingrg/check_reg.html?_=1683511107126 HTTP/1.1" 200 22
124.79.240.114 - - [08/May/2023:09:53:51 +0800] "GET /xingrg/all/function/internal_message.html?_=1683511107133&CODE_STATE=getMsg HTTP/1.1" 200 27
116.238.139.35 - - [08/May/2023:09:53:53 +0800] "GET /xingrg/kc/base/wldb_order_info.html?code=422023050800574 HTTP/1.1" 200 30402
116.238.139.35 - - [08/May/2023:09:53:54 +0800] "GET /xingrg/javascript/easyui/themes/default/validatebox.css HTTP/1.1" 404 1104
116.238.139.35 - - [08/May/2023:09:53:55 +0800] "POST /xingrg/kc/base/wldb_order_operate.html HTTP/1.1" 200 4200
116.238.139.35 - - [08/May/2023:09:54:00 +0800] "GET /xingrg/kc/base/wldb_order_operate.html?command=get_materiel&rest_code=00150&base_code=0010445&code=00101019521 HTTP/1.1" 200 431
124.78.71.183 - - [08/May/2023:09:54:05 +0800] "GET /xingrg/check_reg.html?_=1683510366471 HTTP/1.1" 302 -
116.238.139.35 - - [08/May/2023:09:54:05 +0800] "GET /xingrg/kc/base/wldb_order_operate.html?command=get_materiel&rest_code=00150&base_code=0010445&code=00101019096 HTTP/1.1" 200 437
120.253.135.82 - - [08/May/2023:09:54:14 +0800] "GET /xingrg/all/function/internal_message.html?_=1683510991286&CODE_STATE=getMsg HTTP/1.1" 302 -
120.253.135.82 - - [08/May/2023:09:54:14 +0800] "GET /xingrg/login.html HTTP/1.1" 200 7641
114.83.223.118 - - [08/May/2023:09:54:15 +0800] "GET /xingrg/all/function/internal_message.html?_=1683510854503&CODE_STATE=getMsg HTTP/1.1" 200 27
116.235.240.234 - - [08/May/2023:09:54:17 +0800] "GET /xingrg/all/function/internal_message.html?_=1683510858926&CODE_STATE=getMsg HTTP/1.1" 200 27
180.171.122.0 - - [08/May/2023:09:54:22 +0800] "GET /xingrg/all/function/internal_message.html?_=1683511188658&CODE_STATE=getMsg HTTP/1.1" 200 27
116.238.139.35 - - [08/May/2023:09:54:24 +0800] "GET /xingrg/all/function/internal_message.html?_=1683510797015&CODE_STATE=getMsg HTTP/1.1" 200 27
116.238.139.35 - - [08/May/2023:09:54:26 +0800] "POST /xingrg/kc/base/wldb_order_operate.html HTTP/1.1" 200 37
180.164.3.199 - - [08/May/2023:09:54:27 +0800] "GET /xingrg/all/function/internal_message.html?_=1683510866689&CODE_STATE=getMsg HTTP/1.1" 200 27
116.224.158.100 - - [08/May/2023:09:54:28 +0800] "GET /xingrg/all/function/internal_message.html?_=1683510867405&CODE_STATE=getMsg HTTP/1.1" 200 27
116.224.106.218 - - [08/May/2023:09:54:31 +0800] "GET /xingrg/all/function/internal_message.html?_=1683510868129&CODE_STATE=getMsg HTTP/1.1" 200 27
116.227.208.255 - - [08/May/2023:09:54:33 +0800] "GET /xingrg/all/function/internal_message.html?_=1683510928201&CODE_STATE=getMsg HTTP/1.1" 200 27
116.238.139.35 - - [08/May/2023:09:54:33 +0800] "POST /xingrg/kc/base/wldb_order_operate.html HTTP/1.1" 200 12
116.238.139.35 - - [08/May/2023:09:54:33 +0800] "POST /xingrg/kc/base/wldb_order_operate.html HTTP/1.1" 200 5144
116.238.139.35 - - [08/May/2023:09:54:34 +0800] "GET /xingrg/kc/base/wldb_order_info.html?code=422023050800574 HTTP/1.1" 200 26266
116.238.139.35 - - [08/May/2023:09:54:34 +0800] "GET /xingrg/javascript/easyui/themes/default/validatebox.css HTTP/1.1" 404 1104
116.238.139.35 - - [08/May/2023:09:54:35 +0800] "GET /xingrg/all/function/internal_message.html?_=1683510874138&CODE_STATE=getMsg HTTP/1.1" 200 27
116.238.139.35 - - [08/May/2023:09:54:35 +0800] "POST /xingrg/kc/base/wldb_order_operate.html HTTP/1.1" 200 3372
101.229.22.40 - - [08/May/2023:09:54:36 +0800] "GET /xingrg/all/function/internal_message.html?_=1683510875475&CODE_STATE=getMsg HTTP/1.1" 200 27
180.169.147.146 - - [08/May/2023:09:54:41 +0800] "GET /xingrg/all/function/internal_message.html?_=1683510878834&CODE_STATE=getMsg HTTP/1.1" 302 -
116.224.158.100 - - [08/May/2023:09:54:45 +0800] "GET /xingrg/all/function/internal_message.html?_=1683510722880&CODE_STATE=getMsg HTTP/1.1" 200 27
180.174.237.47 - - [08/May/2023:09:54:46 +0800] "GET /xingrg/all/function/internal_message.html?_=1683510886487&CODE_STATE=getMsg HTTP/1.1" 200 27
124.79.240.114 - - [08/May/2023:09:54:51 +0800] "GET /xingrg/all/function/internal_message.html?_=1683511167119&CODE_STATE=getMsg HTTP/1.1" 200 27
124.78.71.183 - - [08/May/2023:09:55:09 +0800] "GET /xingrg/kc/buy/buy_main.html HTTP/1.1" 302 -
124.78.71.183 - - [08/May/2023:09:55:09 +0800] "GET /xingrg/login.html HTTP/1.1" 200 7641
124.78.71.183 - - [08/May/2023:09:55:09 +0800] "GET /xingrg/login.html HTTP/1.1" 200 7641
124.78.71.183 - - [08/May/2023:09:55:09 +0800] "GET /favicon.ico HTTP/1.1" 404 -
124.78.71.183 - - [08/May/2023:09:55:12 +0800] "POST /xingrg/login.do HTTP/1.1" 302 -
124.78.71.183 - - [08/May/2023:09:55:12 +0800] "GET /xingrg/index.html?sysBaseUrl=http%3A%2F%2F180.169.147.146%3A18081%2Fxingrg%2F&costTime=1461×tamp=1683510912316 HTTP/1.1" 200 17179
124.78.71.183 - - [08/May/2023:09:55:12 +0800] "GET /favicon.ico HTTP/1.1" 404 -
124.78.71.183 - - [08/May/2023:09:55:12 +0800] "GET /xingrg/check_reg.html?_=1683510434037 HTTP/1.1" 200 22
124.78.71.183 - - [08/May/2023:09:55:12 +0800] "GET /xingrg/all/function/internal_message.html?_=1683510434037&CODE_STATE=count HTTP/1.1" 200 11
124.78.71.183 - - [08/May/2023:09:55:12 +0800] "POST /xingrg/all/common/load_tree.html?tree=area_rest_tree_json&manage=1 HTTP/1.1" 200 351
124.78.71.183 - - [08/May/2023:09:55:13 +0800] "POST /xingrg/load_menu.html HTTP/1.1" 200 5138
120.253.135.82 - - [08/May/2023:09:55:14 +0800] "GET /xingrg/all/function/internal_message.html?_=1683511051298&CODE_STATE=getMsg HTTP/1.1" 302 -
120.253.135.82 - - [08/May/2023:09:55:14 +0800] "GET /xingrg/login.html HTTP/1.1" 200 7641
114.83.223.118 - - [08/May/2023:09:55:15 +0800] "GET /xingrg/all/function/internal_message.html?_=1683510914474&CODE_STATE=getMsg HTTP/1.1" 200 27
116.235.240.234 - - [08/May/2023:09:55:17 +0800] "GET /xingrg/all/function/internal_message.html?_=1683510918938&CODE_STATE=getMsg HTTP/1.1" 200 27
124.78.71.183 - - [08/May/2023:09:55:20 +0800] "GET /xingrg/kc/buy/buy_main.html HTTP/1.1" 200 12412
124.78.71.183 - - [08/May/2023:09:55:20 +0800] "GET /xingrg/css/new_ie.css HTTP/1.1" 404 1036
124.78.71.183 - - [08/May/2023:09:55:21 +0800] "GET /xingrg/images/yd/bt.gif HTTP/1.1" 404 1040
180.171.122.0 - - [08/May/2023:09:55:22 +0800] "GET /xingrg/all/function/internal_message.html?_=1683511248645&CODE_STATE=getMsg HTTP/1.1" 200 27
124.78.71.183 - - [08/May/2023:09:55:22 +0800] "GET /xingrg/kc/buy/cgsh_order_list.html HTTP/1.1" 200 55401
116.238.139.35 - - [08/May/2023:09:55:24 +0800] "GET /xingrg/all/function/internal_message.html?_=1683510857076&CODE_STATE=getMsg HTTP/1.1" 200 27
124.78.71.183 - - [08/May/2023:09:55:25 +0800] "POST /xingrg/kc/buy/cgsh_list_operate.html HTTP/1.1" 200 986
180.164.3.199 - - [08/May/2023:09:55:27 +0800] "GET /xingrg/all/function/internal_message.html?_=1683510926690&CODE_STATE=getMsg HTTP/1.1" 200 27
116.224.158.100 - - [08/May/2023:09:55:28 +0800] "GET /xingrg/all/function/internal_message.html?_=1683510927381&CODE_STATE=getMsg HTTP/1.1" 200 27
180.169.147.146 - - [08/May/2023:09:55:31 +0800] "GET /xingrg/check_reg.html?_=1683510928565 HTTP/1.1" 302 -
116.224.106.218 - - [08/May/2023:09:55:31 +0800] "GET /xingrg/all/function/internal_message.html?_=1683510928113&CODE_STATE=getMsg HTTP/1.1" 200 27
116.227.208.255 - - [08/May/2023:09:55:33 +0800] "GET /xingrg/all/function/internal_message.html?_=1683510988220&CODE_STATE=getMsg HTTP/1.1" 200 27
