116.238.139.35 - - [08/May/2023:08:56:39 +0800] "GET /xingrg/kc/print/load_data.html?order_code=212023050802574&kc_code=cgsh&condition= HTTP/1.1" 200 2508
114.83.223.118 - - [08/May/2023:08:56:42 +0800] "GET /xingrg/kc/buy/cgsh_order_operate.html?command=get_materiel&rest_code=00149&code=00101008038&supplier_code=00100008&order_time=2023-05-08 HTTP/1.1" 200 412
180.169.147.146 - - [08/May/2023:08:56:42 +0800] "GET /xingrg/all/function/internal_message.html?_=1683507399922&CODE_STATE=getMsg HTTP/1.1" 302 -
116.238.139.35 - - [08/May/2023:08:56:44 +0800] "GET /xingrg/kc/buy/cgsh_order_operate.html?command=get_materiel&rest_code=00150&code=00101008331&supplier_code=00100008&order_time=2023-05-08 HTTP/1.1" 200 416
116.224.158.100 - - [08/May/2023:08:56:46 +0800] "GET /xingrg/all/function/internal_message.html?_=1683507243845&CODE_STATE=getMsg HTTP/1.1" 200 27
116.238.139.35 - - [08/May/2023:08:56:48 +0800] "GET /xingrg/all/function/internal_message.html?_=1683507407134&CODE_STATE=getMsg HTTP/1.1" 200 27
116.238.139.35 - - [08/May/2023:08:56:48 +0800] "GET /xingrg/kc/buy/cgsh_order_add.html HTTP/1.1" 200 71233
116.238.139.35 - - [08/May/2023:08:56:48 +0800] "POST /xingrg/kc/buy/cgsh_order_operate.html HTTP/1.1" 200 8245
116.238.139.35 - - [08/May/2023:08:56:48 +0800] "GET /xingrg/javascript/easyui/themes/default/validatebox.css HTTP/1.1" 404 1104
180.171.122.0 - - [08/May/2023:08:56:50 +0800] "GET /xingrg/kc/buy/cgsh_order_operate.html?command=get_materiel&rest_code=00111&code=00101008355&supplier_code=00100005&order_time=2023-05-08 HTTP/1.1" 200 408
124.79.240.114 - - [08/May/2023:08:56:51 +0800] "GET /xingrg/all/function/internal_message.html?_=1683507687057&CODE_STATE=getMsg HTTP/1.1" 200 27
116.238.139.35 - - [08/May/2023:08:56:52 +0800] "GET /xingrg/javascript/jquery_easy_ui/themes/default/images/button_a_bg.gif HTTP/1.1" 304 -
116.238.139.35 - - [08/May/2023:08:56:52 +0800] "GET /xingrg/javascript/jquery_easy_ui/themes/default/images/button_span_bg.gif HTTP/1.1" 304 -
116.238.139.35 - - [08/May/2023:08:56:52 +0800] "GET /xingrg/javascript/jquery_easy_ui/themes/icons/ok.png HTTP/1.1" 304 -
116.238.139.35 - - [08/May/2023:08:56:52 +0800] "GET /xingrg/javascript/jquery_easy_ui/themes/default/images/panel_title.png HTTP/1.1" 304 -
116.238.139.35 - - [08/May/2023:08:56:52 +0800] "GET /xingrg/javascript/jquery_easy_ui/themes/default/images/panel_tools.gif HTTP/1.1" 304 -
116.224.158.100 - - [08/May/2023:08:56:52 +0800] "GET /xingrg/kc/buy/cgsh_order_operate.html?command=get_materiel&rest_code=00105&code=00101016030&supplier_code=00100034&order_time=2023-05-08 HTTP/1.1" 200 412
116.238.139.35 - - [08/May/2023:08:56:52 +0800] "GET /xingrg/kc/buy/cgsh_order_operate.html?command=get_materiel&rest_code=00150&code=00101008185&supplier_code=00100008&order_time=2023-05-08 HTTP/1.1" 200 408
116.238.139.35 - - [08/May/2023:08:56:54 +0800] "POST /xingrg/all/user/operate.html HTTP/1.1" 200 36
116.238.139.35 - - [08/May/2023:08:56:55 +0800] "GET /xingrg/index.html?sysBaseUrl=http%3A%2F%2F180.169.147.146%3A18081%2Fxingrg%2F&costTime=957×tamp=1683507141937 HTTP/1.1" 200 17177
116.238.139.35 - - [08/May/2023:08:56:55 +0800] "GET /xingrg/javascript/jquery_easy_ui/themes/default/easyui.css HTTP/1.1" 304 -
116.238.139.35 - - [08/May/2023:08:56:55 +0800] "GET /xingrg/javascript/jquery_easy_ui/themes/icon.css HTTP/1.1" 304 -
116.238.139.35 - - [08/May/2023:08:56:55 +0800] "GET /xingrg/css/form.css HTTP/1.1" 304 -
116.238.139.35 - - [08/May/2023:08:56:55 +0800] "GET /xingrg/javascript/jquery-1.4.2.min.js HTTP/1.1" 304 -
116.238.139.35 - - [08/May/2023:08:56:55 +0800] "GET /xingrg/javascript/jquery_easy_ui/jquery.easyui.min.js HTTP/1.1" 304 -
116.238.139.35 - - [08/May/2023:08:56:55 +0800] "GET /xingrg/javascript/jquery_easy_ui/easyui-lang-zh_CN.js HTTP/1.1" 304 -
116.238.139.35 - - [08/May/2023:08:56:55 +0800] "GET /xingrg/javascript/jquery.form.js HTTP/1.1" 304 -
116.238.139.35 - - [08/May/2023:08:56:55 +0800] "GET /xingrg/javascript/jquery.utils.js HTTP/1.1" 304 -
116.238.139.35 - - [08/May/2023:08:56:55 +0800] "GET /xingrg/javascript/jquery.timers.js HTTP/1.1" 304 -
116.238.139.35 - - [08/May/2023:08:56:55 +0800] "GET /xingrg/images/blue/navBackgound.jpg HTTP/1.1" 304 -
116.238.139.35 - - [08/May/2023:08:56:55 +0800] "GET /xingrg/images/blue/jxLogo.png HTTP/1.1" 304 -
116.238.139.35 - - [08/May/2023:08:56:55 +0800] "GET /xingrg/javascript/jquery_easy_ui/themes/icons/settle_new.png HTTP/1.1" 304 -
116.238.139.35 - - [08/May/2023:08:56:55 +0800] "GET /xingrg/javascript/jquery_easy_ui/themes/default/images/tabs_leftarrow.png HTTP/1.1" 304 -
116.238.139.35 - - [08/May/2023:08:56:55 +0800] "GET /xingrg/javascript/jquery_easy_ui/themes/default/images/panel_tool_collapse.gif HTTP/1.1" 304 -
116.238.139.35 - - [08/May/2023:08:56:55 +0800] "GET /xingrg/images/blue/pingpu.png HTTP/1.1" 304 -
116.238.139.35 - - [08/May/2023:08:56:55 +0800] "GET /xingrg/javascript/jquery_easy_ui/themes/default/images/tabs_rightarrow.png HTTP/1.1" 304 -
116.238.139.35 - - [08/May/2023:08:56:55 +0800] "GET /xingrg/check_reg.html?_=1683507348561 HTTP/1.1" 200 22
116.238.139.35 - - [08/May/2023:08:56:55 +0800] "GET /xingrg/all/function/internal_message.html?_=1683507348560&CODE_STATE=count HTTP/1.1" 200 11
116.238.139.35 - - [08/May/2023:08:56:55 +0800] "POST /xingrg/all/common/load_tree.html?tree=area_rest_tree_json&manage=1 HTTP/1.1" 200 476
116.238.139.35 - - [08/May/2023:08:56:55 +0800] "POST /xingrg/load_menu.html HTTP/1.1" 200 5138
116.238.139.35 - - [08/May/2023:08:56:59 +0800] "GET /xingrg/kc/buy/cgsh_order_list.html HTTP/1.1" 200 55399
116.224.158.100 - - [08/May/2023:08:56:59 +0800] "GET /xingrg/kc/buy/cgsh_order_operate.html?command=get_materiel&rest_code=00105&code=00101012051&supplier_code=00100034&order_time=2023-05-08 HTTP/1.1" 200 408
114.83.223.118 - - [08/May/2023:08:56:59 +0800] "GET /xingrg/kc/buy/cgsh_order_operate.html?command=get_materiel&rest_code=00149&code=00101008163&supplier_code=00100008&order_time=2023-05-08 HTTP/1.1" 200 409
180.171.122.0 - - [08/May/2023:08:56:59 +0800] "GET /xingrg/kc/buy/cgsh_order_operate.html?command=get_materiel&rest_code=00111&code=00101008199&supplier_code=00100005&order_time=2023-05-08 HTTP/1.1" 200 408
116.238.139.35 - - [08/May/2023:08:57:00 +0800] "GET /xingrg/kc/buy/cgsh_order_operate.html?command=get_materiel&rest_code=00150&code=00101008612&supplier_code=00100008&order_time=2023-05-08 HTTP/1.1" 200 420
116.238.139.35 - - [08/May/2023:08:57:00 +0800] "POST /xingrg/kc/buy/cgsh_list_operate.html HTTP/1.1" 200 986
116.238.139.35 - - [08/May/2023:08:57:02 +0800] "GET /xingrg/kc/buy/cgsh_order_add.html HTTP/1.1" 200 70787
116.238.139.35 - - [08/May/2023:08:57:02 +0800] "POST /xingrg/kc/buy/cgsh_order_operate.html HTTP/1.1" 200 8245
116.238.139.35 - - [08/May/2023:08:57:02 +0800] "GET /xingrg/all/common/auto_word.html?type=employee&rest_code=00151 HTTP/1.1" 200 293
116.238.139.35 - - [08/May/2023:08:57:02 +0800] "GET /xingrg/javascript/easyui/themes/default/validatebox.css HTTP/1.1" 404 1104
116.238.139.35 - - [08/May/2023:08:57:02 +0800] "GET /xingrg/all/common/auto_word.html?type=employee&rest_code=00151 HTTP/1.1" 200 293
116.238.139.35 - - [08/May/2023:08:57:03 +0800] "GET /xingrg/javascript/auto/indicator.gif HTTP/1.1" 404 1066
120.253.135.82 - - [08/May/2023:08:57:04 +0800] "GET /xingrg/all/function/internal_message.html?_=1683507261017&CODE_STATE=getMsg HTTP/1.1" 200 27
116.238.139.35 - - [08/May/2023:08:57:07 +0800] "GET /xingrg/kc/buy/cgsh_order_operate.html?command=get_materiel&rest_code=00150&code=00101008163&supplier_code=00100008&order_time=2023-05-08 HTTP/1.1" 200 409
180.171.122.0 - - [08/May/2023:08:57:09 +0800] "GET /xingrg/kc/buy/cgsh_order_operate.html?command=get_materiel&rest_code=00111&code=00101008210&supplier_code=00100005&order_time=2023-05-08 HTTP/1.1" 200 408
114.83.223.118 - - [08/May/2023:08:57:13 +0800] "GET /xingrg/all/function/internal_message.html?_=1683507432230&CODE_STATE=getMsg HTTP/1.1" 200 27
120.253.135.82 - - [08/May/2023:08:57:14 +0800] "GET /xingrg/all/function/internal_message.html?_=1683507571027&CODE_STATE=getMsg HTTP/1.1" 302 -
120.253.135.82 - - [08/May/2023:08:57:14 +0800] "GET /xingrg/login.html HTTP/1.1" 200 7641
114.83.223.118 - - [08/May/2023:08:57:14 +0800] "GET /xingrg/kc/buy/cgsh_order_operate.html?command=get_materiel&rest_code=00149&code=00101008224&supplier_code=00100008&order_time=2023-05-08 HTTP/1.1" 200 416
116.238.139.35 - - [08/May/2023:08:57:14 +0800] "GET /xingrg/kc/buy/cgsh_order_operate.html?command=get_materiel&rest_code=00151&code=00101016033&supplier_code=00100096&order_time=2023-05-08 HTTP/1.1" 200 412
180.171.122.0 - - [08/May/2023:08:57:18 +0800] "GET /xingrg/kc/buy/cgsh_order_operate.html?command=get_materiel&rest_code=00111&code=00101008321&supplier_code=00100005&order_time=2023-05-08 HTTP/1.1" 200 412
116.238.139.35 - - [08/May/2023:08:57:21 +0800] "GET /xingrg/kc/buy/cgsh_order_operate.html?command=get_materiel&rest_code=00150&code=00101008658&supplier_code=00100008&order_time=2023-05-08 HTTP/1.1" 200 408
116.235.240.234 - - [08/May/2023:08:57:28 +0800] "GET /xingrg/all/function/internal_message.html?_=1683507450057&CODE_STATE=getMsg HTTP/1.1" 200 27
116.224.158.100 - - [08/May/2023:08:57:29 +0800] "GET /xingrg/all/function/internal_message.html?_=1683507448245&CODE_STATE=getMsg HTTP/1.1" 200 27
180.171.122.0 - - [08/May/2023:08:57:30 +0800] "GET /xingrg/all/function/internal_message.html?_=1683507450303&CODE_STATE=getMsg HTTP/1.1" 200 27
116.224.106.218 - - [08/May/2023:08:57:32 +0800] "GET /xingrg/all/function/internal_message.html?_=1683507449120&CODE_STATE=getMsg HTTP/1.1" 200 27
116.227.208.255 - - [08/May/2023:08:57:33 +0800] "GET /xingrg/check_reg.html?_=1683507508203 HTTP/1.1" 200 22
116.227.208.255 - - [08/May/2023:08:57:33 +0800] "GET /xingrg/all/function/internal_message.html?_=1683507508706&CODE_STATE=getMsg HTTP/1.1" 200 27
116.238.139.35 - - [08/May/2023:08:57:34 +0800] "GET /xingrg/javascript/jquery_easy_ui/themes/default/images/tabs_active.png HTTP/1.1" 304 -
116.224.158.100 - - [08/May/2023:08:57:34 +0800] "POST /xingrg/kc/buy/cgsh_order_operate.html HTTP/1.1" 200 37
180.171.122.0 - - [08/May/2023:08:57:35 +0800] "GET /xingrg/kc/buy/cgsh_order_operate.html?command=get_materiel&rest_code=00111&code=00101008261&supplier_code=00100005&order_time=2023-05-08 HTTP/1.1" 200 408
114.83.223.118 - - [08/May/2023:08:57:38 +0800] "GET /xingrg/kc/buy/cgsh_order_operate.html?command=get_materiel&rest_code=00149&code=00101013175&supplier_code=00100008&order_time=2023-05-08 HTTP/1.1" 200 412
120.253.135.82 - - [08/May/2023:08:57:40 +0800] "GET /xingrg/check_reg.html?_=1683507297508 HTTP/1.1" 200 22
180.169.147.146 - - [08/May/2023:08:57:42 +0800] "GET /xingrg/all/function/internal_message.html?_=1683507459904&CODE_STATE=getMsg HTTP/1.1" 302 -
116.224.106.218 - - [08/May/2023:08:57:43 +0800] "GET /xingrg/check_reg.html?_=1683507460510 HTTP/1.1" 200 22
116.238.139.35 - - [08/May/2023:08:57:44 +0800] "GET /xingrg/kc/buy/cgsh_order_operate.html?command=get_materiel&rest_code=00151&code=00101006184&supplier_code=00100096&order_time=2023-05-08 HTTP/1.1" 200 408
116.224.158.100 - - [08/May/2023:08:57:45 +0800] "POST /xingrg/kc/buy/cgsh_order_operate.html HTTP/1.1" 200 4418
116.224.158.100 - - [08/May/2023:08:57:46 +0800] "GET /xingrg/all/function/internal_message.html?_=1683507303828&CODE_STATE=getMsg HTTP/1.1" 200 27
116.224.158.100 - - [08/May/2023:08:57:46 +0800] "GET /xingrg/kc/print/load_data.html?order_code=212023050802575&kc_code=cgsh&condition= HTTP/1.1" 200 1375
116.238.139.35 - - [08/May/2023:08:57:48 +0800] "GET /xingrg/all/function/internal_message.html?_=1683507467138&CODE_STATE=getMsg HTTP/1.1" 200 27
116.238.139.35 - - [08/May/2023:08:57:48 +0800] "GET /xingrg/kc/buy/cgsh_order_operate.html?command=get_materiel&rest_code=00150&code=00101008558&supplier_code=00100008&order_time=2023-05-08 HTTP/1.1" 200 409
180.171.122.0 - - [08/May/2023:08:57:48 +0800] "GET /xingrg/kc/buy/cgsh_order_operate.html?command=get_materiel&rest_code=00111&code=00101008096&supplier_code=00100005&order_time=2023-05-08 HTTP/1.1" 200 412
114.83.223.118 - - [08/May/2023:08:57:50 +0800] "POST /xingrg/kc/buy/cgsh_order_operate.html HTTP/1.1" 200 2065
124.79.240.114 - - [08/May/2023:08:57:51 +0800] "GET /xingrg/all/function/internal_message.html?_=1683507747057&CODE_STATE=getMsg HTTP/1.1" 200 27
116.238.139.35 - - [08/May/2023:08:57:55 +0800] "GET /xingrg/all/function/internal_message.html?_=1683507408565&CODE_STATE=getMsg HTTP/1.1" 200 27
180.171.122.0 - - [08/May/2023:08:57:57 +0800] "GET /xingrg/kc/buy/cgsh_order_operate.html?command=get_materiel&rest_code=00111&code=00101008283&supplier_code=00100005&order_time=2023-05-08 HTTP/1.1" 200 408
116.238.139.35 - - [08/May/2023:08:57:58 +0800] "GET /xingrg/kc/buy/cgsh_order_operate.html?command=get_materiel&rest_code=00151&code=00101006065&supplier_code=00100096&order_time=2023-05-08 HTTP/1.1" 200 411
114.83.223.118 - - [08/May/2023:08:57:59 +0800] "GET /xingrg/kc/buy/cgsh_order_operate.html?command=get_materiel&rest_code=00149&code=00101008361&supplier_code=00100008&order_time=2023-05-08 HTTP/1.1" 200 408
116.238.139.35 - - [08/May/2023:08:58:02 +0800] "GET /xingrg/kc/buy/cgsh_order_operate.html?command=get_materiel&rest_code=00150&code=00101008361&supplier_code=00100008&order_time=2023-05-08 HTTP/1.1" 200 408
120.253.135.82 - - [08/May/2023:08:58:04 +0800] "GET /xingrg/all/function/internal_message.html?_=1683507321017&CODE_STATE=getMsg HTTP/1.1" 200 27
180.171.122.0 - - [08/May/2023:08:58:06 +0800] "GET /xingrg/kc/buy/cgsh_order_operate.html?command=get_materiel&rest_code=00111&code=00101008403&supplier_code=00100005&order_time=2023-05-08 HTTP/1.1" 200 412
116.238.139.35 - - [08/May/2023:08:58:09 +0800] "GET /xingrg/kc/buy/cgsh_order_operate.html?command=get_materiel&rest_code=00151&code=00101006058&supplier_code=00100096&order_time=2023-05-08 HTTP/1.1" 200 413
116.238.139.35 - - [08/May/2023:08:58:11 +0800] "GET /xingrg/kc/buy/cgsh_order_operate.html?command=get_materiel&rest_code=00150&code=00101008355&supplier_code=00100008&order_time=2023-05-08 HTTP/1.1" 200 408
114.83.223.118 - - [08/May/2023:08:58:13 +0800] "GET /xingrg/all/function/internal_message.html?_=1683507492218&CODE_STATE=getMsg HTTP/1.1" 200 27
120.253.135.82 - - [08/May/2023:08:58:14 +0800] "GET /xingrg/check_reg.html?_=1683507631037 HTTP/1.1" 302 -
120.253.135.82 - - [08/May/2023:08:58:14 +0800] "GET /xingrg/all/function/internal_message.html?_=1683507631018&CODE_STATE=getMsg HTTP/1.1" 302 -
120.253.135.82 - - [08/May/2023:08:58:14 +0800] "GET /xingrg/login.html HTTP/1.1" 200 7641
120.253.135.82 - - [08/May/2023:08:58:14 +0800] "GET /xingrg/login.html HTTP/1.1" 200 7641
114.83.223.118 - - [08/May/2023:08:58:17 +0800] "GET /xingrg/kc/buy/cgsh_order_operate.html?command=get_materiel&rest_code=00149&code=00101008355&supplier_code=00100008&order_time=2023-05-08 HTTP/1.1" 200 408
116.238.139.35 - - [08/May/2023:08:58:24 +0800] "GET /xingrg/kc/buy/cgsh_order_operate.html?command=get_materiel&rest_code=00150&code=00101008004&supplier_code=00100008&order_time=2023-05-08 HTTP/1.1" 200 416
180.171.122.0 - - [08/May/2023:08:58:26 +0800] "GET /xingrg/kc/buy/cgsh_order_operate.html?command=get_materiel&rest_code=00111&code=00101008353&supplier_code=00100005&order_time=2023-05-08 HTTP/1.1" 200 408
116.235.240.234 - - [08/May/2023:08:58:28 +0800] "GET /xingrg/all/function/internal_message.html?_=1683507510067&CODE_STATE=getMsg HTTP/1.1" 200 27
116.224.158.100 - - [08/May/2023:08:58:29 +0800] "GET /xingrg/all/function/internal_message.html?_=1683507508246&CODE_STATE=getMsg HTTP/1.1" 200 27
116.224.158.100 - - [08/May/2023:08:58:29 +0800] "GET /xingrg/check_reg.html?_=1683507508252 HTTP/1.1" 200 22
180.171.122.0 - - [08/May/2023:08:58:30 +0800] "GET /xingrg/all/function/internal_message.html?_=1683507510295&CODE_STATE=getMsg HTTP/1.1" 200 27
116.224.106.218 - - [08/May/2023:08:58:32 +0800] "GET /xingrg/all/function/internal_message.html?_=1683507509092&CODE_STATE=getMsg HTTP/1.1" 200 27
116.227.208.255 - - [08/May/2023:08:58:33 +0800] "GET /xingrg/all/function/internal_message.html?_=1683507568683&CODE_STATE=getMsg HTTP/1.1" 200 27
116.238.139.35 - - [08/May/2023:08:58:36 +0800] "GET /xingrg/kc/buy/cgsh_order_operate.html?command=get_materiel&rest_code=00150&code=00101008264&supplier_code=00100008&order_time=2023-05-08 HTTP/1.1" 200 412
114.83.223.118 - - [08/May/2023:08:58:37 +0800] "GET /xingrg/kc/buy/cgsh_order_operate.html?command=get_materiel&rest_code=00149&code=00101008144&supplier_code=00100008&order_time=2023-05-08 HTTP/1.1" 200 412
116.238.139.35 - - [08/May/2023:08:58:37 +0800] "GET /xingrg/kc/buy/cgsh_order_operate.html?command=get_materiel&rest_code=00151&code=00101007083&supplier_code=00100096&order_time=2023-05-08 HTTP/1.1" 200 423
180.171.122.0 - - [08/May/2023:08:58:40 +0800] "GET /xingrg/kc/buy/cgsh_order_operate.html?command=get_materiel&rest_code=00111&code=00101008213&supplier_code=00100005&order_time=2023-05-08 HTTP/1.1" 200 412
180.169.147.146 - - [08/May/2023:08:58:42 +0800] "GET /xingrg/all/function/internal_message.html?_=1683507519894&CODE_STATE=getMsg HTTP/1.1" 302 -
116.224.158.100 - - [08/May/2023:08:58:46 +0800] "GET /xingrg/all/function/internal_message.html?_=1683507363813&CODE_STATE=getMsg HTTP/1.1" 200 27
116.224.158.100 - - [08/May/2023:08:58:46 +0800] "GET /xingrg/check_reg.html?_=1683507363877 HTTP/1.1" 200 22
116.238.139.35 - - [08/May/2023:08:58:46 +0800] "GET /xingrg/kc/buy/cgsh_order_operate.html?command=get_materiel&rest_code=00150&code=00101008321&supplier_code=00100008&order_time=2023-05-08 HTTP/1.1" 200 412
116.238.139.35 - - [08/May/2023:08:58:48 +0800] "GET /xingrg/all/function/internal_message.html?_=1683507527147&CODE_STATE=getMsg HTTP/1.1" 200 27
116.238.139.35 - - [08/May/2023:08:58:50 +0800] "GET /xingrg/kc/buy/cgsh_order_operate.html?command=get_materiel&rest_code=00151&code=00101007061&supplier_code=00100096&order_time=2023-05-08 HTTP/1.1" 200 411
124.79.240.114 - - [08/May/2023:08:58:51 +0800] "GET /xingrg/all/function/internal_message.html?_=1683507807072&CODE_STATE=getMsg HTTP/1.1" 200 27
124.79.240.114 - - [08/May/2023:08:58:51 +0800] "GET /xingrg/check_reg.html?_=1683507807074 HTTP/1.1" 200 22
180.171.122.0 - - [08/May/2023:08:58:54 +0800] "GET /xingrg/kc/buy/cgsh_order_operate.html?command=get_materiel&rest_code=00111&code=00101008357&supplier_code=00100005&order_time=2023-05-08 HTTP/1.1" 200 408
116.238.139.35 - - [08/May/2023:08:58:55 +0800] "GET /xingrg/all/function/internal_message.html?_=1683507468577&CODE_STATE=getMsg HTTP/1.1" 200 27
116.238.139.35 - - [08/May/2023:08:58:59 +0800] "GET /xingrg/kc/buy/cgsh_order_operate.html?command=get_materiel&rest_code=00150&code=00101008562&supplier_code=00100008&order_time=2023-05-08 HTTP/1.1" 200 409
114.83.223.118 - - [08/May/2023:08:58:59 +0800] "GET /xingrg/kc/buy/cgsh_order_operate.html?command=get_materiel&rest_code=00149&code=00101008356&supplier_code=00100008&order_time=2023-05-08 HTTP/1.1" 200 408
120.253.135.82 - - [08/May/2023:08:59:04 +0800] "GET /xingrg/all/function/internal_message.html?_=1683507381031&CODE_STATE=getMsg HTTP/1.1" 200 27
116.227.208.255 - - [08/May/2023:08:59:06 +0800] "POST /xingrg/services/DataTransmitService HTTP/1.1" 200 524
116.238.139.35 - - [08/May/2023:08:59:07 +0800] "GET /xingrg/kc/buy/cgsh_order_operate.html?command=get_materiel&rest_code=00151&code=00101006013&supplier_code=00100096&order_time=2023-05-08 HTTP/1.1" 200 409
116.238.139.35 - - [08/May/2023:08:59:11 +0800] "GET /xingrg/kc/buy/cgsh_order_operate.html?command=get_materiel&rest_code=00150&code=00101008356&supplier_code=00100008&order_time=2023-05-08 HTTP/1.1" 200 408
114.83.223.118 - - [08/May/2023:08:59:12 +0800] "GET /xingrg/kc/buy/cgsh_order_operate.html?command=get_materiel&rest_code=00149&code=00101008205&supplier_code=00100008&order_time=2023-05-08 HTTP/1.1" 200 412
114.83.223.118 - - [08/May/2023:08:59:13 +0800] "GET /xingrg/all/function/internal_message.html?_=1683507552214&CODE_STATE=getMsg HTTP/1.1" 200 27
120.253.135.82 - - [08/May/2023:08:59:14 +0800] "GET /xingrg/all/function/internal_message.html?_=1683507691022&CODE_STATE=getMsg HTTP/1.1" 302 -
120.253.135.82 - - [08/May/2023:08:59:14 +0800] "GET /xingrg/login.html HTTP/1.1" 200 7641
114.83.223.118 - - [08/May/2023:08:59:15 +0800] "POST /xingrg/kc/buy/cgsh_order_operate.html HTTP/1.1" 200 2065
180.171.122.0 - - [08/May/2023:08:59:15 +0800] "GET /xingrg/kc/buy/cgsh_order_operate.html?command=get_materiel&rest_code=00111&code=00101008038&supplier_code=00100005&order_time=2023-05-08 HTTP/1.1" 200 412
116.238.139.35 - - [08/May/2023:08:59:17 +0800] "GET /xingrg/kc/buy/cgsh_order_operate.html?command=get_materiel&rest_code=00151&code=00101006006&supplier_code=00100096&order_time=2023-05-08 HTTP/1.1" 200 410
114.83.223.118 - - [08/May/2023:08:59:23 +0800] "GET /xingrg/kc/buy/cgsh_order_operate.html?command=get_materiel&rest_code=00149&code=00101008439&supplier_code=00100008&order_time=2023-05-08 HTTP/1.1" 200 413
116.238.139.35 - - [08/May/2023:08:59:25 +0800] "GET /xingrg/kc/buy/cgsh_order_operate.html?command=get_materiel&rest_code=00150&code=00101008042&supplier_code=00100008&order_time=2023-05-08 HTTP/1.1" 200 416
116.235.240.234 - - [08/May/2023:08:59:27 +0800] "GET /xingrg/check_reg.html?_=1683507568695 HTTP/1.1" 200 22
116.235.240.234 - - [08/May/2023:08:59:28 +0800] "GET /xingrg/all/function/internal_message.html?_=1683507570080&CODE_STATE=getMsg HTTP/1.1" 200 27
116.224.158.100 - - [08/May/2023:08:59:29 +0800] "GET /xingrg/all/function/internal_message.html?_=1683507568255&CODE_STATE=getMsg HTTP/1.1" 200 27
180.171.122.0 - - [08/May/2023:08:59:30 +0800] "GET /xingrg/check_reg.html?_=1683507570304 HTTP/1.1" 200 22
180.171.122.0 - - [08/May/2023:08:59:30 +0800] "GET /xingrg/all/function/internal_message.html?_=1683507570307&CODE_STATE=getMsg HTTP/1.1" 200 27
116.224.106.218 - - [08/May/2023:08:59:32 +0800] "GET /xingrg/all/function/internal_message.html?_=1683507569064&CODE_STATE=getMsg HTTP/1.1" 200 27
116.227.208.255 - - [08/May/2023:08:59:33 +0800] "GET /xingrg/all/function/internal_message.html?_=1683507628660&CODE_STATE=getMsg HTTP/1.1" 200 27
116.238.139.35 - - [08/May/2023:08:59:34 +0800] "GET /xingrg/kc/buy/cgsh_order_operate.html?command=get_materiel&rest_code=00150&code=00101008137&supplier_code=00100008&order_time=2023-05-08 HTTP/1.1" 200 408
116.238.139.35 - - [08/May/2023:08:59:36 +0800] "POST /xingrg/kc/buy/cgsh_order_operate.html HTTP/1.1" 200 2065
116.238.139.35 - - [08/May/2023:08:59:41 +0800] "GET /xingrg/kc/buy/cgsh_order_operate.html?command=get_materiel&rest_code=00150&code=00101008077&supplier_code=00100008&order_time=2023-05-08 HTTP/1.1" 200 416
180.169.147.146 - - [08/May/2023:08:59:42 +0800] "GET /xingrg/all/function/internal_message.html?_=1683507579885&CODE_STATE=getMsg HTTP/1.1" 302 -
116.238.139.35 - - [08/May/2023:08:59:46 +0800] "POST /xingrg/kc/buy/cgsh_order_operate.html HTTP/1.1" 200 37
116.224.158.100 - - [08/May/2023:08:59:46 +0800] "GET /xingrg/all/function/internal_message.html?_=1683507423796&CODE_STATE=getMsg HTTP/1.1" 200 27
116.238.139.35 - - [08/May/2023:08:59:48 +0800] "GET /xingrg/all/function/internal_message.html?_=1683507587136&CODE_STATE=getMsg HTTP/1.1" 200 27
114.83.223.118 - - [08/May/2023:08:59:48 +0800] "GET /xingrg/kc/buy/cgsh_order_operate.html?command=get_materiel&rest_code=00149&code=00101008077&supplier_code=00100008&order_time=2023-05-08 HTTP/1.1" 200 416
124.79.240.114 - - [08/May/2023:08:59:51 +0800] "GET /xingrg/all/function/internal_message.html?_=1683507867057&CODE_STATE=getMsg HTTP/1.1" 200 27
116.238.139.35 - - [08/May/2023:08:59:52 +0800] "POST /xingrg/kc/buy/cgsh_order_operate.html HTTP/1.1" 200 12
116.238.139.35 - - [08/May/2023:08:59:54 +0800] "GET /xingrg/kc/buy/cgsh_order_info.html?code=212023050802576 HTTP/1.1" 200 65689
116.238.139.35 - - [08/May/2023:08:59:55 +0800] "GET /xingrg/javascript/easyui/themes/default/validatebox.css HTTP/1.1" 404 1104
116.238.139.35 - - [08/May/2023:08:59:55 +0800] "GET /xingrg/kc/buy/cgsh_order_operate.html?command=get_materiel&rest_code=00150&code=00101008223&supplier_code=00100008&order_time=2023-05-08 HTTP/1.1" 200 412
116.238.139.35 - - [08/May/2023:08:59:55 +0800] "GET /xingrg/all/function/internal_message.html?_=1683507528592&CODE_STATE=getMsg HTTP/1.1" 200 27
116.238.139.35 - - [08/May/2023:08:59:56 +0800] "POST /xingrg/kc/buy/cgsh_order_operate.html HTTP/1.1" 200 4762
116.238.139.35 - - [08/May/2023:08:59:58 +0800] "GET /xingrg/kc/print/load_data.html?order_code=212023050802576&kc_code=cgsh&condition= HTTP/1.1" 200 2290
114.83.223.118 - - [08/May/2023:09:00:00 +0800] "GET /xingrg/kc/buy/cgsh_order_operate.html?command=get_materiel&rest_code=00149&code=00101008223&supplier_code=00100008&order_time=2023-05-08 HTTP/1.1" 200 412
116.238.139.35 - - [08/May/2023:09:00:02 +0800] "GET /xingrg/kc/buy/cgsh_order_operate.html?command=get_materiel&rest_code=00150&code=00101008069&supplier_code=00100008&order_time=2023-05-08 HTTP/1.1" 200 412
120.253.135.82 - - [08/May/2023:09:00:04 +0800] "GET /xingrg/all/function/internal_message.html?_=1683507441287&CODE_STATE=getMsg HTTP/1.1" 200 27
116.238.139.35 - - [08/May/2023:09:00:09 +0800] "GET /xingrg/kc/buy/cgsh_order_operate.html?command=get_materiel&rest_code=00150&code=00101008286&supplier_code=00100008&order_time=2023-05-08 HTTP/1.1" 200 408
116.238.139.35 - - [08/May/2023:09:00:11 +0800] "POST /xingrg/kc/buy/cgsh_order_operate.html HTTP/1.1" 200 2065
114.83.223.118 - - [08/May/2023:09:00:13 +0800] "GET /xingrg/all/function/internal_message.html?_=1683507612210&CODE_STATE=getMsg HTTP/1.1" 200 27
120.253.135.82 - - [08/May/2023:09:00:14 +0800] "GET /xingrg/all/function/internal_message.html?_=1683507751026&CODE_STATE=getMsg HTTP/1.1" 302 -
120.253.135.82 - - [08/May/2023:09:00:14 +0800] "GET /xingrg/login.html HTTP/1.1" 200 7641
180.171.122.0 - - [08/May/2023:09:00:16 +0800] "GET /xingrg/kc/buy/cgsh_order_operate.html?command=get_materiel&rest_code=00111&code=00101008126&supplier_code=00100005&order_time=2023-05-08 HTTP/1.1" 200 412
116.238.139.35 - - [08/May/2023:09:00:16 +0800] "GET /xingrg/kc/buy/cgsh_order_operate.html?command=get_materiel&rest_code=00150&code=00101008131&supplier_code=00100008&order_time=2023-05-08 HTTP/1.1" 200 409
114.83.223.118 - - [08/May/2023:09:00:18 +0800] "GET /xingrg/kc/buy/cgsh_order_operate.html?command=get_materiel&rest_code=00149&code=00101008357&supplier_code=00100008&order_time=2023-05-08 HTTP/1.1" 200 408
116.238.139.35 - - [08/May/2023:09:00:24 +0800] "GET /xingrg/kc/buy/cgsh_order_operate.html?command=get_materiel&rest_code=00150&code=00101008694&supplier_code=00100008&order_time=2023-05-08 HTTP/1.1" 200 420
180.171.122.0 - - [08/May/2023:09:00:26 +0800] "GET /xingrg/kc/buy/cgsh_order_operate.html?command=get_materiel&rest_code=00111&code=00101008010&supplier_code=00100005&order_time=2023-05-08 HTTP/1.1" 200 412
116.235.240.234 - - [08/May/2023:09:00:28 +0800] "GET /xingrg/all/function/internal_message.html?_=1683507630094&CODE_STATE=getMsg HTTP/1.1" 200 27
116.224.158.100 - - [08/May/2023:09:00:29 +0800] "GET /xingrg/all/function/internal_message.html?_=1683507628257&CODE_STATE=getMsg HTTP/1.1" 200 27
116.238.139.35 - - [08/May/2023:09:00:30 +0800] "GET /xingrg/kc/buy/cgsh_order_operate.html?command=get_materiel&rest_code=00150&code=00101008318&supplier_code=00100008&order_time=2023-05-08 HTTP/1.1" 200 408
180.171.122.0 - - [08/May/2023:09:00:30 +0800] "GET /xingrg/all/function/internal_message.html?_=1683507630307&CODE_STATE=getMsg HTTP/1.1" 200 27
180.169.147.146 - - [08/May/2023:09:00:31 +0800] "GET /xingrg/check_reg.html?_=1683507628711 HTTP/1.1" 302 -
116.224.106.218 - - [08/May/2023:09:00:32 +0800] "GET /xingrg/all/function/internal_message.html?_=1683507629052&CODE_STATE=getMsg HTTP/1.1" 200 27
116.227.208.255 - - [08/May/2023:09:00:33 +0800] "GET /xingrg/all/function/internal_message.html?_=1683507688640&CODE_STATE=getMsg HTTP/1.1" 200 27
116.238.139.35 - - [08/May/2023:09:00:36 +0800] "GET /xingrg/kc/buy/cgsh_order_operate.html?command=get_materiel&rest_code=00150&code=00101008005&supplier_code=00100008&order_time=2023-05-08 HTTP/1.1" 200 412
180.169.147.146 - - [08/May/2023:09:00:42 +0800] "GET /xingrg/all/function/internal_message.html?_=1683507639856&CODE_STATE=getMsg HTTP/1.1" 302 -
114.83.223.118 - - [08/May/2023:09:00:43 +0800] "POST /xingrg/kc/buy/cgsh_order_operate.html HTTP/1.1" 200 2065
116.238.139.35 - - [08/May/2023:09:00:44 +0800] "GET /xingrg/kc/buy/cgsh_order_operate.html?command=get_materiel&rest_code=00150&code=00101008353&supplier_code=00100008&order_time=2023-05-08 HTTP/1.1" 200 408
116.238.139.35 - - [08/May/2023:09:00:46 +0800] "POST /xingrg/kc/buy/cgsh_order_operate.html HTTP/1.1" 200 2065
116.224.158.100 - - [08/May/2023:09:00:46 +0800] "GET /xingrg/all/function/internal_message.html?_=1683507483766&CODE_STATE=getMsg HTTP/1.1" 200 27
116.237.75.226 - - [08/May/2023:09:00:47 +0800] "POST /xingrg/services/DataTransmitService HTTP/1.1" 200 524
116.238.139.35 - - [08/May/2023:09:00:48 +0800] "GET /xingrg/all/function/internal_message.html?_=1683507647147&CODE_STATE=getMsg HTTP/1.1" 200 27
116.238.139.35 - - [08/May/2023:09:00:48 +0800] "GET /xingrg/check_reg.html?_=1683507647154 HTTP/1.1" 200 22
180.171.122.0 - - [08/May/2023:09:00:48 +0800] "GET /xingrg/kc/buy/cgsh_order_operate.html?command=get_materiel&rest_code=00111&code=00101008351&supplier_code=00100005&order_time=2023-05-08 HTTP/1.1" 200 408
124.79.240.114 - - [08/May/2023:09:00:51 +0800] "GET /xingrg/all/function/internal_message.html?_=1683507927071&CODE_STATE=getMsg HTTP/1.1" 200 27
116.238.139.35 - - [08/May/2023:09:00:55 +0800] "GET /xingrg/all/function/internal_message.html?_=1683507588641&CODE_STATE=getMsg HTTP/1.1" 200 27
114.83.223.118 - - [08/May/2023:09:00:59 +0800] "GET /xingrg/kc/buy/cgsh_order_operate.html?command=get_materiel&rest_code=00149&code=00101008069&supplier_code=00100008&order_time=2023-05-08 HTTP/1.1" 200 412
180.171.122.0 - - [08/May/2023:09:00:59 +0800] "GET /xingrg/kc/buy/cgsh_order_operate.html?command=get_materiel&rest_code=00111&code=00101008155&supplier_code=00100005&order_time=2023-05-08 HTTP/1.1" 200 408
180.171.122.0 - - [08/May/2023:09:01:03 +0800] "POST /xingrg/kc/buy/cgsh_order_operate.html HTTP/1.1" 200 2065
120.253.135.82 - - [08/May/2023:09:01:04 +0800] "GET /xingrg/all/function/internal_message.html?_=1683507501292&CODE_STATE=getMsg HTTP/1.1" 200 27
114.83.223.118 - - [08/May/2023:09:01:13 +0800] "GET /xingrg/all/function/internal_message.html?_=1683507672221&CODE_STATE=getMsg HTTP/1.1" 200 27
114.83.223.118 - - [08/May/2023:09:01:13 +0800] "GET /xingrg/check_reg.html?_=1683507672225 HTTP/1.1" 200 22
120.253.135.82 - - [08/May/2023:09:01:14 +0800] "GET /xingrg/all/function/internal_message.html?_=1683507811034&CODE_STATE=getMsg HTTP/1.1" 302 -
120.253.135.82 - - [08/May/2023:09:01:14 +0800] "GET /xingrg/login.html HTTP/1.1" 200 7641
114.83.223.118 - - [08/May/2023:09:01:14 +0800] "GET /xingrg/kc/buy/cgsh_order_operate.html?command=get_materiel&rest_code=00149&code=00101008286&supplier_code=00100008&order_time=2023-05-08 HTTP/1.1" 200 408
180.171.122.0 - - [08/May/2023:09:01:15 +0800] "GET /xingrg/kc/buy/cgsh_order_operate.html?command=get_materiel&rest_code=00111&code=00101008370&supplier_code=00100005&order_time=2023-05-08 HTTP/1.1" 200 412
116.235.240.234 - - [08/May/2023:09:01:28 +0800] "GET /xingrg/all/function/internal_message.html?_=1683507690107&CODE_STATE=getMsg HTTP/1.1" 200 27
116.224.158.100 - - [08/May/2023:09:01:29 +0800] "GET /xingrg/all/function/internal_message.html?_=1683507688244&CODE_STATE=getMsg HTTP/1.1" 200 27
180.171.122.0 - - [08/May/2023:09:01:30 +0800] "GET /xingrg/all/function/internal_message.html?_=1683507690309&CODE_STATE=getMsg HTTP/1.1" 200 27
116.224.106.218 - - [08/May/2023:09:01:32 +0800] "GET /xingrg/all/function/internal_message.html?_=1683507689022&CODE_STATE=getMsg HTTP/1.1" 200 27
116.227.208.255 - - [08/May/2023:09:01:33 +0800] "GET /xingrg/all/function/internal_message.html?_=1683507748626&CODE_STATE=getMsg HTTP/1.1" 200 27
114.83.223.118 - - [08/May/2023:09:01:39 +0800] "GET /xingrg/kc/buy/cgsh_order_operate.html?command=get_materiel&rest_code=00149&code=00101008036&supplier_code=00100008&order_time=2023-05-08 HTTP/1.1" 200 409
116.237.75.226 - - [08/May/2023:09:01:42 +0800] "GET /xingrg/login.html HTTP/1.1" 200 7641
180.171.122.0 - - [08/May/2023:09:01:42 +0800] "GET /xingrg/kc/buy/cgsh_order_operate.html?command=get_materiel&rest_code=00111&code=00101008083&supplier_code=00100005&order_time=2023-05-08 HTTP/1.1" 200 428
180.169.147.146 - - [08/May/2023:09:01:42 +0800] "GET /xingrg/all/function/internal_message.html?_=1683507699837&CODE_STATE=getMsg HTTP/1.1" 302 -
116.237.75.226 - - [08/May/2023:09:01:46 +0800] "GET /favicon.ico HTTP/1.1" 404 -
116.224.158.100 - - [08/May/2023:09:01:46 +0800] "GET /xingrg/all/function/internal_message.html?_=1683507543755&CODE_STATE=getMsg HTTP/1.1" 200 27
180.171.122.0 - - [08/May/2023:09:01:46 +0800] "POST /xingrg/all/common/load_select.html HTTP/1.1" 200 25
116.238.139.35 - - [08/May/2023:09:01:48 +0800] "GET /xingrg/all/function/internal_message.html?_=1683507707164&CODE_STATE=getMsg HTTP/1.1" 200 27
116.235.240.234 - - [08/May/2023:09:01:48 +0800] "GET /xingrg/kc/buy/cgsh_order_list.html HTTP/1.1" 200 55401
116.235.240.234 - - [08/May/2023:09:01:48 +0800] "GET /xingrg/css/site.css HTTP/1.1" 304 -
116.235.240.234 - - [08/May/2023:09:01:48 +0800] "GET /xingrg/javascript/jquery_tools/list_manager.js HTTP/1.1" 304 -
116.235.240.234 - - [08/May/2023:09:01:48 +0800] "GET /xingrg/css/base.css HTTP/1.1" 304 -
116.235.240.234 - - [08/May/2023:09:01:48 +0800] "GET /xingrg/javascript/jquery_tools/datebox.css HTTP/1.1" 304 -
116.235.240.234 - - [08/May/2023:09:01:48 +0800] "GET /xingrg/javascript/easyui/themes/default/easyui.css HTTP/1.1" 304 -
116.235.240.234 - - [08/May/2023:09:01:48 +0800] "GET /xingrg/javascript/easyui/themes/icon.css HTTP/1.1" 304 -
116.235.240.234 - - [08/May/2023:09:01:48 +0800] "GET /xingrg/javascript/jquery_tools/jquery.tools.table.js HTTP/1.1" 304 -
116.235.240.234 - - [08/May/2023:09:01:48 +0800] "GET /xingrg/javascript/jquery_tools/table.css HTTP/1.1" 304 -
116.235.240.234 - - [08/May/2023:09:01:48 +0800] "GET /xingrg/javascript/jquery_tools/fix.css HTTP/1.1" 304 -
116.235.240.234 - - [08/May/2023:09:01:48 +0800] "GET /xingrg/javascript/jquery_tools/jquery.tools.hotkey.js HTTP/1.1" 304 -
116.235.240.234 - - [08/May/2023:09:01:48 +0800] "GET /xingrg/javascript/jquery_tools/jquery.tools.min.js HTTP/1.1" 304 -
116.235.240.234 - - [08/May/2023:09:01:48 +0800] "GET /xingrg/javascript/easyui/easyloader.js HTTP/1.1" 304 -
116.235.240.234 - - [08/May/2023:09:01:48 +0800] "GET /xingrg/javascript/jquery_tools/jquery.tools.extend.js HTTP/1.1" 304 -
116.235.240.234 - - [08/May/2023:09:01:48 +0800] "GET /xingrg/javascript/jquery.cookie.js HTTP/1.1" 304 -
116.235.240.234 - - [08/May/2023:09:01:48 +0800] "GET /xingrg/javascript/easyui/plugins/jquery.parser.js HTTP/1.1" 304 -
116.235.240.234 - - [08/May/2023:09:01:50 +0800] "POST /xingrg/kc/buy/cgsh_list_operate.html HTTP/1.1" 200 986
124.79.240.114 - - [08/May/2023:09:01:51 +0800] "GET /xingrg/all/function/internal_message.html?_=1683507987070&CODE_STATE=getMsg HTTP/1.1" 200 27
180.171.122.0 - - [08/May/2023:09:01:52 +0800] "GET /xingrg/kc/buy/cgsh_order_operate.html?command=get_materiel_price&rest_code=00111&code=00101008083&unit_code=00100026&supplier_code=00100005&order_time=2023-05-08 HTTP/1.1" 200 27
116.237.75.226 - - [08/May/2023:09:01:54 +0800] "POST /xingrg/login.do HTTP/1.1" 302 -
116.235.240.234 - - [08/May/2023:09:01:54 +0800] "GET /xingrg/kc/buy/cgsh_order_add.html HTTP/1.1" 200 71177
116.235.240.234 - - [08/May/2023:09:01:54 +0800] "GET /xingrg/javascript/jquery_tools/order_manager.js HTTP/1.1" 304 -
116.235.240.234 - - [08/May/2023:09:01:54 +0800] "GET /xingrg/javascript/convert.js HTTP/1.1" 304 -
116.235.240.234 - - [08/May/2023:09:01:54 +0800] "GET /xingrg/javascript/json2.js HTTP/1.1" 304 -
116.237.75.226 - - [08/May/2023:09:01:54 +0800] "POST /xingrg/login.do HTTP/1.1" 302 -
116.235.240.234 - - [08/May/2023:09:01:54 +0800] "POST /xingrg/kc/buy/cgsh_order_operate.html HTTP/1.1" 200 8245
116.237.75.226 - - [08/May/2023:09:01:54 +0800] "GET /xingrg/index.html?sysBaseUrl=http%3A%2F%2F180.169.147.146%3A18081%2Fxingrg%2F&costTime=2591×tamp=1683507714436 HTTP/1.1" 200 17173
116.235.240.234 - - [08/May/2023:09:01:54 +0800] "GET /xingrg/javascript/easyui/themes/default/validatebox.css HTTP/1.1" 404 1104
116.235.240.234 - - [08/May/2023:09:01:54 +0800] "GET /xingrg/javascript/easyui/plugins/jquery.validatebox.js HTTP/1.1" 304 -
116.235.240.234 - - [08/May/2023:09:01:54 +0800] "GET /xingrg/all/common/auto_word.html?type=employee&rest_code=00146 HTTP/1.1" 200 101
116.235.240.234 - - [08/May/2023:09:01:54 +0800] "GET /xingrg/javascript/easyui/plugins/jquery.numberbox.js HTTP/1.1" 304 -
116.235.240.234 - - [08/May/2023:09:01:54 +0800] "GET /xingrg/all/common/auto_word.html?type=employee&rest_code=00146 HTTP/1.1" 200 101
116.238.139.35 - - [08/May/2023:09:01:55 +0800] "GET /xingrg/check_reg.html?_=1683507648565 HTTP/1.1" 200 22
116.238.139.35 - - [08/May/2023:09:01:55 +0800] "GET /xingrg/all/function/internal_message.html?_=1683507648649&CODE_STATE=getMsg HTTP/1.1" 200 27
116.237.75.226 - - [08/May/2023:09:01:56 +0800] "GET /favicon.ico HTTP/1.1" 404 -
116.237.75.226 - - [08/May/2023:09:01:56 +0800] "POST /xingrg/all/common/load_tree.html?tree=area_rest_tree_json&manage=1 HTTP/1.1" 200 342
116.237.75.226 - - [08/May/2023:09:01:56 +0800] "GET /xingrg/check_reg.html?_=1683507716584 HTTP/1.1" 200 22
116.237.75.226 - - [08/May/2023:09:01:56 +0800] "GET /xingrg/all/function/internal_message.html?_=1683507716583&CODE_STATE=count HTTP/1.1" 200 11
116.237.75.226 - - [08/May/2023:09:01:57 +0800] "POST /xingrg/load_menu.html HTTP/1.1" 200 5138
116.237.75.226 - - [08/May/2023:09:01:58 +0800] "GET /xingrg/kc/buy/buy_main.html HTTP/1.1" 200 12412
116.237.75.226 - - [08/May/2023:09:01:58 +0800] "GET /xingrg/css/new_ie.css HTTP/1.1" 404 1036
116.235.240.234 - - [08/May/2023:09:01:59 +0800] "GET /xingrg/javascript/auto/indicator.gif HTTP/1.1" 404 1066
116.237.75.226 - - [08/May/2023:09:01:59 +0800] "GET /xingrg/images/yd/bt.gif HTTP/1.1" 404 1040
114.83.223.118 - - [08/May/2023:09:01:59 +0800] "GET /xingrg/kc/buy/cgsh_order_operate.html?command=get_materiel&rest_code=00149&code=00101008131&supplier_code=00100008&order_time=2023-05-08 HTTP/1.1" 200 409
116.237.75.226 - - [08/May/2023:09:02:00 +0800] "GET /xingrg/kc/buy/cgsh_order_list.html HTTP/1.1" 200 55395
116.235.240.234 - - [08/May/2023:09:02:03 +0800] "GET /xingrg/javascript/jquery_tools/images/prev.gif HTTP/1.1" 404 1086
116.235.240.234 - - [08/May/2023:09:02:03 +0800] "GET /xingrg/javascript/jquery_tools/images/next.gif HTTP/1.1" 404 1086
116.237.75.226 - - [08/May/2023:09:02:04 +0800] "POST /xingrg/kc/buy/cgsh_list_operate.html HTTP/1.1" 200 986
120.253.135.82 - - [08/May/2023:09:02:04 +0800] "GET /xingrg/all/function/internal_message.html?_=1683507561556&CODE_STATE=getMsg HTTP/1.1" 200 27
116.237.75.226 - - [08/May/2023:09:02:06 +0800] "GET /xingrg/kc/buy/cgsh_order_add.html HTTP/1.1" 200 71177
116.237.75.226 - - [08/May/2023:09:02:06 +0800] "GET /xingrg/words/20230506143020_words.js HTTP/1.1" 304 -
116.237.75.226 - - [08/May/2023:09:02:07 +0800] "GET /xingrg/javascript/easyui/themes/default/validatebox.css HTTP/1.1" 404 1104
116.237.75.226 - - [08/May/2023:09:02:07 +0800] "GET /xingrg/all/common/auto_word.html?type=employee&rest_code=00106 HTTP/1.1" 200 205
116.237.75.226 - - [08/May/2023:09:02:07 +0800] "GET /xingrg/all/common/auto_word.html?type=employee&rest_code=00106 HTTP/1.1" 200 205
116.237.75.226 - - [08/May/2023:09:02:07 +0800] "POST /xingrg/kc/buy/cgsh_order_operate.html HTTP/1.1" 200 8245
116.237.75.226 - - [08/May/2023:09:02:09 +0800] "GET /xingrg/javascript/easyui/themes/default/tree.css HTTP/1.1" 404 1090
116.237.75.226 - - [08/May/2023:09:02:10 +0800] "POST /xingrg/all/common/load_tree.html?tree=supplier_tree_json&isDelete=1 HTTP/1.1" 200 73603
114.83.223.118 - - [08/May/2023:09:02:13 +0800] "GET /xingrg/all/function/internal_message.html?_=1683507732250&CODE_STATE=getMsg HTTP/1.1" 200 27
180.171.122.0 - - [08/May/2023:09:02:13 +0800] "GET /xingrg/kc/buy/cgsh_order_operate.html?command=get_materiel&rest_code=00111&code=00101008095&supplier_code=00100005&order_time=2023-05-08 HTTP/1.1" 200 412
120.253.135.82 - - [08/May/2023:09:02:14 +0800] "GET /xingrg/all/function/internal_message.html?_=1683507871036&CODE_STATE=getMsg HTTP/1.1" 302 -
120.253.135.82 - - [08/May/2023:09:02:14 +0800] "GET /xingrg/login.html HTTP/1.1" 200 7641
114.83.223.118 - - [08/May/2023:09:02:19 +0800] "GET /xingrg/kc/buy/cgsh_order_operate.html?command=get_materiel&rest_code=00149&code=00101008108&supplier_code=00100008&order_time=2023-05-08 HTTP/1.1" 200 412
180.171.122.0 - - [08/May/2023:09:02:21 +0800] "GET /xingrg/kc/buy/cgsh_order_operate.html?command=get_materiel&rest_code=00111&code=00101008674&supplier_code=00100005&order_time=2023-05-08 HTTP/1.1" 200 412
116.237.75.226 - - [08/May/2023:09:02:25 +0800] "GET /xingrg/javascript/auto/indicator.gif HTTP/1.1" 404 1066
114.83.223.118 - - [08/May/2023:09:02:26 +0800] "POST /xingrg/kc/buy/cgsh_order_operate.html HTTP/1.1" 200 2065
116.235.240.234 - - [08/May/2023:09:02:28 +0800] "GET /xingrg/all/function/internal_message.html?_=1683507750121&CODE_STATE=getMsg HTTP/1.1" 200 27
116.224.158.100 - - [08/May/2023:09:02:29 +0800] "GET /xingrg/all/function/internal_message.html?_=1683507748244&CODE_STATE=getMsg HTTP/1.1" 200 27
180.171.122.0 - - [08/May/2023:09:02:30 +0800] "GET /xingrg/all/function/internal_message.html?_=1683507750301&CODE_STATE=getMsg HTTP/1.1" 200 27
116.237.75.226 - - [08/May/2023:09:02:31 +0800] "GET /xingrg/kc/buy/cgsh_order_operate.html?command=get_materiel&rest_code=00106&code=00101008234&supplier_code=00100007&order_time=2023-05-08 HTTP/1.1" 200 408
116.224.106.218 - - [08/May/2023:09:02:32 +0800] "GET /xingrg/all/function/internal_message.html?_=1683507749006&CODE_STATE=getMsg HTTP/1.1" 200 27
116.227.208.255 - - [08/May/2023:09:02:33 +0800] "GET /xingrg/check_reg.html?_=1683507808213 HTTP/1.1" 200 22
114.83.223.118 - - [08/May/2023:09:02:33 +0800] "GET /xingrg/kc/buy/cgsh_order_operate.html?command=get_materiel&rest_code=00149&code=00101008318&supplier_code=00100008&order_time=2023-05-08 HTTP/1.1" 200 408
116.227.208.255 - - [08/May/2023:09:02:33 +0800] "GET /xingrg/all/function/internal_message.html?_=1683507808608&CODE_STATE=getMsg HTTP/1.1" 200 27
120.253.135.82 - - [08/May/2023:09:02:40 +0800] "GET /xingrg/check_reg.html?_=1683507597513 HTTP/1.1" 200 22
180.169.147.146 - - [08/May/2023:09:02:42 +0800] "GET /xingrg/all/function/internal_message.html?_=1683507759811&CODE_STATE=getMsg HTTP/1.1" 302 -
116.224.106.218 - - [08/May/2023:09:02:43 +0800] "GET /xingrg/check_reg.html?_=1683507760489 HTTP/1.1" 200 22
116.237.75.226 - - [08/May/2023:09:02:46 +0800] "GET /xingrg/kc/buy/cgsh_order_operate.html?command=get_materiel&rest_code=00106&code=00101008155&supplier_code=00100007&order_time=2023-05-08 HTTP/1.1" 200 408
116.224.158.100 - - [08/May/2023:09:02:46 +0800] "GET /xingrg/all/function/internal_message.html?_=1683507603725&CODE_STATE=getMsg HTTP/1.1" 200 27
114.83.223.118 - - [08/May/2023:09:02:47 +0800] "GET /xingrg/kc/buy/cgsh_order_operate.html?command=get_materiel&rest_code=00149&code=00101008353&supplier_code=00100008&order_time=2023-05-08 HTTP/1.1" 200 408
116.238.139.35 - - [08/May/2023:09:02:48 +0800] "GET /xingrg/all/function/internal_message.html?_=1683507767148&CODE_STATE=getMsg HTTP/1.1" 200 27
124.79.240.114 - - [08/May/2023:09:02:51 +0800] "GET /xingrg/all/function/internal_message.html?_=1683508047094&CODE_STATE=getMsg HTTP/1.1" 200 27
116.237.75.226 - - [08/May/2023:09:02:54 +0800] "GET /xingrg/kc/buy/cgsh_order_operate.html?command=get_materiel&rest_code=00106&code=00101008283&supplier_code=00100007&order_time=2023-05-08 HTTP/1.1" 200 408
116.238.139.35 - - [08/May/2023:09:02:55 +0800] "GET /xingrg/all/function/internal_message.html?_=1683507708664&CODE_STATE=getMsg HTTP/1.1" 200 27
116.237.75.226 - - [08/May/2023:09:02:56 +0800] "GET /xingrg/all/function/internal_message.html?_=1683507776630&CODE_STATE=getMsg HTTP/1.1" 200 27
180.171.122.0 - - [08/May/2023:09:02:58 +0800] "POST /xingrg/kc/buy/cgsh_order_operate.html HTTP/1.1" 200 2065
120.253.135.82 - - [08/May/2023:09:03:04 +0800] "GET /xingrg/all/function/internal_message.html?_=1683507621570&CODE_STATE=getMsg HTTP/1.1" 200 27
116.237.75.226 - - [08/May/2023:09:03:04 +0800] "GET /xingrg/kc/buy/cgsh_order_operate.html?command=get_materiel&rest_code=00106&code=00101008110&supplier_code=00100007&order_time=2023-05-08 HTTP/1.1" 200 408
180.171.122.0 - - [08/May/2023:09:03:07 +0800] "GET /xingrg/kc/buy/cgsh_order_operate.html?command=get_materiel&rest_code=00111&code=00101008131&supplier_code=00100005&order_time=2023-05-08 HTTP/1.1" 200 409
114.83.223.118 - - [08/May/2023:09:03:13 +0800] "GET /xingrg/all/function/internal_message.html?_=1683507792237&CODE_STATE=getMsg HTTP/1.1" 200 27
120.253.135.82 - - [08/May/2023:09:03:14 +0800] "GET /xingrg/check_reg.html?_=1683507931046 HTTP/1.1" 302 -
120.253.135.82 - - [08/May/2023:09:03:14 +0800] "GET /xingrg/all/function/internal_message.html?_=1683507931045&CODE_STATE=getMsg HTTP/1.1" 302 -
120.253.135.82 - - [08/May/2023:09:03:14 +0800] "GET /xingrg/login.html HTTP/1.1" 200 7641
120.253.135.82 - - [08/May/2023:09:03:14 +0800] "GET /xingrg/login.html HTTP/1.1" 200 7641
116.237.75.226 - - [08/May/2023:09:03:18 +0800] "GET /xingrg/kc/buy/cgsh_order_operate.html?command=get_materiel&rest_code=00106&code=00101008038&supplier_code=00100007&order_time=2023-05-08 HTTP/1.1" 200 412
114.83.223.118 - - [08/May/2023:09:03:28 +0800] "GET /xingrg/kc/buy/cgsh_order_operate.html?command=get_materiel&rest_code=00149&code=00101008213&supplier_code=00100008&order_time=2023-05-08 HTTP/1.1" 200 412
116.235.240.234 - - [08/May/2023:09:03:28 +0800] "GET /xingrg/all/function/internal_message.html?_=1683507810136&CODE_STATE=getMsg HTTP/1.1" 200 27
116.224.158.100 - - [08/May/2023:09:03:29 +0800] "GET /xingrg/check_reg.html?_=1683507808261 HTTP/1.1" 200 22
116.224.158.100 - - [08/May/2023:09:03:29 +0800] "GET /xingrg/all/function/internal_message.html?_=1683507808257&CODE_STATE=getMsg HTTP/1.1" 200 27
180.171.122.0 - - [08/May/2023:09:03:30 +0800] "GET /xingrg/all/function/internal_message.html?_=1683507810306&CODE_STATE=getMsg HTTP/1.1" 200 27
116.238.139.35 - - [08/May/2023:09:03:31 +0800] "GET /xingrg/kc/buy/cgsh_order_operate.html?command=get_materiel&rest_code=00150&code=00101008213&supplier_code=00100008&order_time=2023-05-08 HTTP/1.1" 200 412
116.237.75.226 - - [08/May/2023:09:03:32 +0800] "GET /xingrg/kc/buy/cgsh_order_operate.html?command=get_materiel&rest_code=00106&code=00101008163&supplier_code=00100007&order_time=2023-05-08 HTTP/1.1" 200 409
116.224.106.218 - - [08/May/2023:09:03:32 +0800] "GET /xingrg/all/function/internal_message.html?_=1683507808981&CODE_STATE=getMsg HTTP/1.1" 200 27
116.227.208.255 - - [08/May/2023:09:03:33 +0800] "GET /xingrg/all/function/internal_message.html?_=1683507868585&CODE_STATE=getMsg HTTP/1.1" 200 27
114.83.223.118 - - [08/May/2023:09:03:35 +0800] "POST /xingrg/kc/buy/cgsh_order_operate.html HTTP/1.1" 200 2065
116.237.75.226 - - [08/May/2023:09:03:40 +0800] "GET /xingrg/kc/buy/cgsh_order_operate.html?command=get_materiel&rest_code=00106&code=00101008144&supplier_code=00100007&order_time=2023-05-08 HTTP/1.1" 200 412
116.238.139.35 - - [08/May/2023:09:03:40 +0800] "GET /xingrg/kc/buy/cgsh_order_operate.html?command=get_materiel&rest_code=00150&code=00101008291&supplier_code=00100008&order_time=2023-05-08 HTTP/1.1" 200 408
180.169.147.146 - - [08/May/2023:09:03:42 +0800] "GET /xingrg/all/function/internal_message.html?_=1683507819789&CODE_STATE=getMsg HTTP/1.1" 302 -
114.83.223.118 - - [08/May/2023:09:03:43 +0800] "GET /xingrg/kc/buy/cgsh_order_operate.html?command=get_materiel&rest_code=00149&code=00101008095&supplier_code=00100008&order_time=2023-05-08 HTTP/1.1" 200 412
116.224.158.100 - - [08/May/2023:09:03:46 +0800] "GET /xingrg/all/function/internal_message.html?_=1683507663697&CODE_STATE=getMsg HTTP/1.1" 200 27
116.224.158.100 - - [08/May/2023:09:03:46 +0800] "GET /xingrg/check_reg.html?_=1683507663857 HTTP/1.1" 200 22
116.238.139.35 - - [08/May/2023:09:03:48 +0800] "GET /xingrg/all/function/internal_message.html?_=1683507827140&CODE_STATE=getMsg HTTP/1.1" 200 27
180.171.122.0 - - [08/May/2023:09:03:49 +0800] "GET /xingrg/kc/buy/cgsh_order_operate.html?command=get_materiel&rest_code=00111&code=00101008356&supplier_code=00100005&order_time=2023-05-08 HTTP/1.1" 200 408
116.237.75.226 - - [08/May/2023:09:03:50 +0800] "GET /xingrg/kc/buy/cgsh_order_operate.html?command=get_materiel&rest_code=00106&code=00101008264&supplier_code=00100007&order_time=2023-05-08 HTTP/1.1" 200 412
124.79.240.114 - - [08/May/2023:09:03:51 +0800] "GET /xingrg/check_reg.html?_=1683508107093 HTTP/1.1" 200 22
124.79.240.114 - - [08/May/2023:09:03:51 +0800] "GET /xingrg/all/function/internal_message.html?_=1683508107092&CODE_STATE=getMsg HTTP/1.1" 200 27
116.238.139.35 - - [08/May/2023:09:03:52 +0800] "GET /xingrg/kc/buy/cgsh_order_operate.html?command=get_materiel&rest_code=00150&code=00101015074&supplier_code=00100008&order_time=2023-05-08 HTTP/1.1" 200 408
114.83.223.118 - - [08/May/2023:09:03:55 +0800] "GET /xingrg/kc/buy/cgsh_order_operate.html?command=get_materiel&rest_code=00149&code=00101008674&supplier_code=00100008&order_time=2023-05-08 HTTP/1.1" 200 412
116.238.139.35 - - [08/May/2023:09:03:55 +0800] "GET /xingrg/all/function/internal_message.html?_=1683507768676&CODE_STATE=getMsg HTTP/1.1" 200 27
