124.79.240.114 - - [05/May/2023:10:16:13 +0800] "GET /xingrg/javascript/jquery_easy_ui/themes/default/images/panel_tool_expand.gif HTTP/1.1" 304 -
124.79.240.114 - - [05/May/2023:10:16:13 +0800] "GET /xingrg/javascript/jquery_easy_ui/themes/default/images/panel_tool_collapse.gif HTTP/1.1" 304 -
124.79.240.114 - - [05/May/2023:10:16:13 +0800] "GET /xingrg/javascript/jquery_easy_ui/themes/default/images/tabs_rightarrow.png HTTP/1.1" 304 -
124.79.240.114 - - [05/May/2023:10:16:13 +0800] "GET /xingrg/javascript/jquery_easy_ui/themes/default/images/tabs_leftarrow.png HTTP/1.1" 304 -
124.79.240.114 - - [05/May/2023:10:16:13 +0800] "GET /xingrg/javascript/jquery_easy_ui/themes/icons/settle_new.png HTTP/1.1" 304 -
124.79.240.114 - - [05/May/2023:10:16:13 +0800] "GET /xingrg/images/blue/pingpu.png HTTP/1.1" 304 -
124.79.240.114 - - [05/May/2023:10:16:13 +0800] "GET /xingrg/images/blue/navBackgound.jpg HTTP/1.1" 304 -
124.79.240.114 - - [05/May/2023:10:16:13 +0800] "POST /xingrg/all/common/load_tree.html?tree=area_rest_tree_json&manage=1 HTTP/1.1" 200 591
124.79.240.114 - - [05/May/2023:10:16:13 +0800] "POST /xingrg/load_menu.html HTTP/1.1" 200 9959
124.77.244.62 - - [05/May/2023:10:16:13 +0800] "GET /xingrg/javascript/easyui/plugins/jquery.parser.js HTTP/1.1" 304 -
120.253.135.82 - - [05/May/2023:10:16:13 +0800] "POST /xingrg/kc/pszx/mdps_order_operate.html HTTP/1.1" 200 7126
120.253.135.82 - - [05/May/2023:10:16:13 +0800] "GET /xingrg/javascript/easyui/themes/default/validatebox.css HTTP/1.1" 404 1104
114.85.115.171 - - [05/May/2023:10:16:14 +0800] "GET /xingrg/kc/buy/cgsh_order_operate.html?command=get_materiel&rest_code=00102&code=00101001069&supplier_code=00100400&order_time=2023-05-05 HTTP/1.1" 200 409
124.77.244.62 - - [05/May/2023:10:16:15 +0800] "POST /xingrg/kc/buy/cgsh_list_operate.html HTTP/1.1" 200 986
180.171.122.0 - - [05/May/2023:10:16:16 +0800] "GET /xingrg/all/function/internal_message.html?_=1683252973737&CODE_STATE=getMsg HTTP/1.1" 200 27
124.79.240.114 - - [05/May/2023:10:16:16 +0800] "GET /xingrg/kc/base/check_order_list.html HTTP/1.1" 200 16484
124.79.240.114 - - [05/May/2023:10:16:16 +0800] "POST /xingrg/kc/base/check_list_operate.html HTTP/1.1" 200 781
116.224.106.218 - - [05/May/2023:10:16:17 +0800] "GET /xingrg/all/function/internal_message.html?_=1683252976215&CODE_STATE=getMsg HTTP/1.1" 200 27
124.77.244.62 - - [05/May/2023:10:16:17 +0800] "GET /xingrg/kc/buy/cgsh_order_add.html HTTP/1.1" 200 71115
124.77.244.62 - - [05/May/2023:10:16:17 +0800] "GET /xingrg/javascript/pic_change.js HTTP/1.1" 304 -
124.77.244.62 - - [05/May/2023:10:16:17 +0800] "GET /xingrg/javascript/convert.js HTTP/1.1" 304 -
124.77.244.62 - - [05/May/2023:10:16:17 +0800] "GET /xingrg/javascript/json2.js HTTP/1.1" 304 -
124.77.244.62 - - [05/May/2023:10:16:17 +0800] "GET /xingrg/javascript/jquery_tools/order_manager.js HTTP/1.1" 304 -
124.77.244.62 - - [05/May/2023:10:16:17 +0800] "GET /xingrg/javascript/print/kc_print.js HTTP/1.1" 304 -
124.77.244.62 - - [05/May/2023:10:16:17 +0800] "GET /xingrg/words/20230505092225_words.js HTTP/1.1" 200 962951
124.77.244.62 - - [05/May/2023:10:16:18 +0800] "POST /xingrg/kc/buy/cgsh_order_operate.html HTTP/1.1" 200 8245
180.164.3.199 - - [05/May/2023:10:16:18 +0800] "GET /xingrg/all/function/internal_message.html?_=1683252977633&CODE_STATE=getMsg HTTP/1.1" 200 27
124.77.244.62 - - [05/May/2023:10:16:18 +0800] "GET /xingrg/javascript/easyui/themes/default/validatebox.css HTTP/1.1" 404 1104
124.77.244.62 - - [05/May/2023:10:16:18 +0800] "GET /xingrg/javascript/easyui/plugins/jquery.validatebox.js HTTP/1.1" 304 -
180.164.3.199 - - [05/May/2023:10:16:18 +0800] "GET /xingrg/check_reg.html?_=1683252977635 HTTP/1.1" 200 22
124.77.244.62 - - [05/May/2023:10:16:18 +0800] "GET /xingrg/javascript/easyui/plugins/jquery.numberbox.js HTTP/1.1" 304 -
124.77.244.62 - - [05/May/2023:10:16:18 +0800] "GET /xingrg/all/common/auto_word.html?type=employee&rest_code=00146 HTTP/1.1" 200 101
124.77.244.62 - - [05/May/2023:10:16:18 +0800] "GET /xingrg/all/common/auto_word.html?type=employee&rest_code=00146 HTTP/1.1" 200 101
180.171.122.0 - - [05/May/2023:10:16:19 +0800] "POST /xingrg/kc/buy/cgsh_order_operate.html HTTP/1.1" 200 75
120.253.135.82 - - [05/May/2023:10:16:20 +0800] "GET /xingrg/javascript/jquery_tools/images/prev.gif HTTP/1.1" 404 1086
120.253.135.82 - - [05/May/2023:10:16:20 +0800] "GET /xingrg/javascript/jquery_tools/images/next.gif HTTP/1.1" 404 1086
114.85.115.171 - - [05/May/2023:10:16:24 +0800] "GET /xingrg/kc/buy/cgsh_order_operate.html?command=get_materiel&rest_code=00102&code=00101010161&supplier_code=00100400&order_time=2023-05-05 HTTP/1.1" 200 409
124.77.244.62 - - [05/May/2023:10:16:25 +0800] "GET /xingrg/javascript/auto/indicator.gif HTTP/1.1" 404 1066
124.79.240.114 - - [05/May/2023:10:16:26 +0800] "POST /xingrg/kc/base/check_list_operate.html HTTP/1.1" 200 5523
101.83.240.57 - - [05/May/2023:10:16:27 +0800] "GET /xingrg/all/function/internal_message.html?_=1683252985796&CODE_STATE=getMsg HTTP/1.1" 200 27
58.40.7.146 - - [05/May/2023:10:16:30 +0800] "GET /xingrg/check_reg.html?_=1683252994891 HTTP/1.1" 200 22
58.40.7.146 - - [05/May/2023:10:16:30 +0800] "GET /xingrg/all/function/internal_message.html?_=1683252994894&CODE_STATE=getMsg HTTP/1.1" 200 27
124.77.244.62 - - [05/May/2023:10:16:31 +0800] "GET /xingrg/javascript/jquery_tools/images/prev.gif HTTP/1.1" 404 1086
124.77.244.62 - - [05/May/2023:10:16:31 +0800] "GET /xingrg/javascript/jquery_tools/images/next.gif HTTP/1.1" 404 1086
124.79.240.114 - - [05/May/2023:10:16:32 +0800] "GET /xingrg/all/function/internal_message.html?_=1683253266620&CODE_STATE=getMsg HTTP/1.1" 200 27
124.79.240.114 - - [05/May/2023:10:16:36 +0800] "POST /xingrg/kc/base/check_list_operate.html HTTP/1.1" 200 9186
114.85.115.171 - - [05/May/2023:10:16:36 +0800] "GET /xingrg/check_reg.html?_=1683253003611 HTTP/1.1" 200 22
114.85.115.171 - - [05/May/2023:10:16:36 +0800] "GET /xingrg/all/function/internal_message.html?_=1683253003614&CODE_STATE=getMsg HTTP/1.1" 200 27
116.238.139.35 - - [05/May/2023:10:16:37 +0800] "GET /xingrg/all/function/internal_message.html?_=1683252996862&CODE_STATE=getMsg HTTP/1.1" 200 27
114.85.115.171 - - [05/May/2023:10:16:38 +0800] "POST /xingrg/kc/buy/cgsh_order_operate.html HTTP/1.1" 200 37
124.77.244.62 - - [05/May/2023:10:16:41 +0800] "GET /xingrg/kc/buy/cgsh_order_operate.html?command=get_materiel&rest_code=00146&code=00101008155&supplier_code=00100005&order_time=2023-05-05 HTTP/1.1" 200 408
124.79.240.114 - - [05/May/2023:10:16:43 +0800] "GET /xingrg/kc/base/check_order_info.html?code=452023043000649 HTTP/1.1" 200 23124
180.171.122.0 - - [05/May/2023:10:16:43 +0800] "POST /xingrg/kc/buy/cgsh_order_operate.html HTTP/1.1" 200 88
124.79.240.114 - - [05/May/2023:10:16:43 +0800] "GET /xingrg/dwr/interface/AjaxComOrderService.js HTTP/1.1" 200 18264
124.79.240.114 - - [05/May/2023:10:16:43 +0800] "GET /xingrg/dwr/interface/AjaxCheckService.js HTTP/1.1" 200 14003
124.79.240.114 - - [05/May/2023:10:16:43 +0800] "GET /xingrg/dwr/util.js HTTP/1.1" 304 -
124.79.240.114 - - [05/May/2023:10:16:43 +0800] "GET /xingrg/dwr/engine.js HTTP/1.1" 200 43631
120.253.135.82 - - [05/May/2023:10:16:43 +0800] "POST /xingrg/all/common/load_combo.html?type=base HTTP/1.1" 200 1169
124.79.240.114 - - [05/May/2023:10:16:44 +0800] "POST /xingrg/dwr/call/plaincall/AjaxCheckService.loadOrderItems.dwr HTTP/1.1" 200 3967
124.79.240.114 - - [05/May/2023:10:16:44 +0800] "GET /xingrg/all/function/internal_message.html?_=1683253003887&CODE_STATE=getMsg HTTP/1.1" 200 27
180.157.253.215 - - [05/May/2023:10:16:48 +0800] "GET /xingrg/all/function/internal_message.html?_=1683253010744&CODE_STATE=getMsg HTTP/1.1" 200 27
114.85.115.171 - - [05/May/2023:10:16:48 +0800] "POST /xingrg/kc/buy/cgsh_order_operate.html HTTP/1.1" 200 12
180.169.147.146 - - [05/May/2023:10:16:49 +0800] "GET /xingrg/all/function/internal_message.html?_=1683253010072&CODE_STATE=getMsg HTTP/1.1" 200 27
180.169.147.146 - - [05/May/2023:10:16:49 +0800] "GET /xingrg/check_reg.html?_=1683253010086 HTTP/1.1" 200 22
124.78.159.37 - - [05/May/2023:10:16:52 +0800] "GET /xingrg/kc/buy/cgsh_order_add.html HTTP/1.1" 200 71115
124.78.159.37 - - [05/May/2023:10:16:52 +0800] "GET /xingrg/words/20230505092225_words.js HTTP/1.1" 200 962951
124.78.159.37 - - [05/May/2023:10:16:53 +0800] "POST /xingrg/kc/buy/cgsh_order_operate.html HTTP/1.1" 200 8245
124.78.159.37 - - [05/May/2023:10:16:53 +0800] "GET /xingrg/javascript/easyui/themes/default/validatebox.css HTTP/1.1" 404 1104
120.253.135.82 - - [05/May/2023:10:16:53 +0800] "GET /xingrg/kc/pszx/mdps_order_operate.html?command=get_materiel&pszx_code=00101&rest_code=00151&base_code=0010250&code=00102002685 HTTP/1.1" 200 457
124.78.159.37 - - [05/May/2023:10:16:54 +0800] "GET /xingrg/javascript/easyui/themes/default/tree.css HTTP/1.1" 404 1090
124.78.159.37 - - [05/May/2023:10:16:54 +0800] "POST /xingrg/all/common/load_tree.html?tree=supplier_tree_json&isDelete=1 HTTP/1.1" 200 73481
120.253.135.82 - - [05/May/2023:10:16:56 +0800] "GET /xingrg/all/function/internal_message.html?_=1683252851656&CODE_STATE=getMsg HTTP/1.1" 200 27
114.85.115.171 - - [05/May/2023:10:16:58 +0800] "GET /xingrg/kc/buy/cgsh_order_info.html?code=212023050501497 HTTP/1.1" 200 66055
114.85.115.171 - - [05/May/2023:10:16:58 +0800] "GET /xingrg/words/20230505092225_words.js HTTP/1.1" 200 962951
114.85.115.171 - - [05/May/2023:10:16:58 +0800] "GET /xingrg/javascript/easyui/themes/default/validatebox.css HTTP/1.1" 404 1104
114.85.115.171 - - [05/May/2023:10:16:59 +0800] "POST /xingrg/kc/buy/cgsh_order_operate.html HTTP/1.1" 200 2378
124.77.244.62 - - [05/May/2023:10:17:00 +0800] "GET /xingrg/all/function/internal_message.html?_=1683253037875&CODE_STATE=getMsg HTTP/1.1" 200 27
116.227.208.255 - - [05/May/2023:10:17:00 +0800] "GET /xingrg/all/function/internal_message.html?_=1683253077246&CODE_STATE=getMsg HTTP/1.1" 200 27
120.253.135.82 - - [05/May/2023:10:17:04 +0800] "GET /xingrg/kc/pszx/mdps_order_operate.html?command=get_materiel&pszx_code=00101&rest_code=00151&base_code=0010250&code=00102002197 HTTP/1.1" 200 459
124.78.159.37 - - [05/May/2023:10:17:04 +0800] "GET /xingrg/all/function/internal_message.html?_=1683253020660&CODE_STATE=getMsg HTTP/1.1" 200 27
180.163.28.114 - - [05/May/2023:10:17:04 +0800] "GET /xingrg/all/function/internal_message.html?_=1683252960676&CODE_STATE=getMsg HTTP/1.1" 302 -
180.163.28.114 - - [05/May/2023:10:17:04 +0800] "GET /xingrg/login.html HTTP/1.1" 200 7641
114.85.115.171 - - [05/May/2023:10:17:05 +0800] "GET /xingrg/all/function/internal_message.html?_=1683253025415&CODE_STATE=getMsg HTTP/1.1" 200 27
114.85.115.171 - - [05/May/2023:10:17:06 +0800] "GET /xingrg/kc/print/load_data.html?order_code=212023050501497&kc_code=cgsh&condition= HTTP/1.1" 200 1348
120.253.135.82 - - [05/May/2023:10:17:06 +0800] "POST /xingrg/all/common/load_select.html HTTP/1.1" 200 25
116.224.158.100 - - [05/May/2023:10:17:07 +0800] "GET /xingrg/all/function/internal_message.html?_=1683253029451&CODE_STATE=getMsg HTTP/1.1" 200 27
116.224.158.100 - - [05/May/2023:10:17:07 +0800] "GET /xingrg/all/function/internal_message.html?_=1683253029771&CODE_STATE=getMsg HTTP/1.1" 200 27
120.253.135.82 - - [05/May/2023:10:17:08 +0800] "GET /xingrg/kc/pszx/mdps_order_operate.html?command=get_materiel_price&pszx_code=00101&rest_code=00151&base_code=0010250&code=00102002197&unit_code=00100018&order_time=2023-05-06 HTTP/1.1" 200 35
180.169.147.146 - - [05/May/2023:10:17:09 +0800] "GET /xingrg/all/function/internal_message.html?_=1683253029822&CODE_STATE=getMsg HTTP/1.1" 200 27
180.169.147.146 - - [05/May/2023:10:17:09 +0800] "GET /xingrg/check_reg.html?_=1683253029826 HTTP/1.1" 200 22
120.253.135.82 - - [05/May/2023:10:17:10 +0800] "GET /xingrg/check_reg.html?_=1683253167542 HTTP/1.1" 200 22
120.253.135.82 - - [05/May/2023:10:17:10 +0800] "GET /xingrg/all/function/internal_message.html?_=1683253167542&CODE_STATE=getMsg HTTP/1.1" 200 27
124.78.71.183 - - [05/May/2023:10:17:11 +0800] "GET /xingrg/all/function/internal_message.html?_=1683252555451&CODE_STATE=getMsg HTTP/1.1" 200 27
180.171.122.0 - - [05/May/2023:10:17:11 +0800] "POST /xingrg/kc/buy/cgsh_order_operate.html HTTP/1.1" 200 37
116.238.139.35 - - [05/May/2023:10:17:11 +0800] "GET /xingrg/check_reg.html?_=1683252968021 HTTP/1.1" 200 22
124.78.71.183 - - [05/May/2023:10:17:12 +0800] "GET /xingrg/check_reg.html?_=1683252556476 HTTP/1.1" 200 22
116.238.139.35 - - [05/May/2023:10:17:12 +0800] "GET /xingrg/all/function/internal_message.html?_=1683252969076&CODE_STATE=getMsg HTTP/1.1" 200 27
124.79.240.114 - - [05/May/2023:10:17:13 +0800] "GET /xingrg/all/function/internal_message.html?_=1683253032514&CODE_STATE=getMsg HTTP/1.1" 200 27
180.171.122.0 - - [05/May/2023:10:17:13 +0800] "POST /xingrg/kc/buy/cgsh_order_operate.html HTTP/1.1" 200 8047
124.77.244.62 - - [05/May/2023:10:17:14 +0800] "GET /xingrg/kc/buy/cgsh_order_operate.html?command=get_materiel&rest_code=00146&code=00101008003&supplier_code=00100005&order_time=2023-05-05 HTTP/1.1" 200 410
58.40.7.146 - - [05/May/2023:10:17:14 +0800] "POST /xingrg/kc/buy/cgsh_list_operate.html HTTP/1.1" 200 10989
180.171.122.0 - - [05/May/2023:10:17:16 +0800] "GET /xingrg/all/function/internal_message.html?_=1683253033709&CODE_STATE=getMsg HTTP/1.1" 200 27
116.224.106.218 - - [05/May/2023:10:17:17 +0800] "GET /xingrg/all/function/internal_message.html?_=1683253036188&CODE_STATE=getMsg HTTP/1.1" 200 27
124.78.159.37 - - [05/May/2023:10:17:18 +0800] "GET /xingrg/kc/buy/cgsh_order_operate.html?command=get_materiel&rest_code=00106&code=00101008147&supplier_code=00100009&order_time=2023-05-05 HTTP/1.1" 200 416
180.164.3.199 - - [05/May/2023:10:17:18 +0800] "GET /xingrg/all/function/internal_message.html?_=1683253037644&CODE_STATE=getMsg HTTP/1.1" 200 27
101.83.240.57 - - [05/May/2023:10:17:27 +0800] "GET /xingrg/all/function/internal_message.html?_=1683253045766&CODE_STATE=getMsg HTTP/1.1" 200 27
58.40.7.146 - - [05/May/2023:10:17:30 +0800] "GET /xingrg/all/function/internal_message.html?_=1683253054875&CODE_STATE=getMsg HTTP/1.1" 200 27
124.78.159.37 - - [05/May/2023:10:17:31 +0800] "POST /xingrg/kc/buy/cgsh_order_operate.html HTTP/1.1" 200 37
124.77.244.62 - - [05/May/2023:10:17:32 +0800] "GET /xingrg/kc/buy/cgsh_order_operate.html?command=get_materiel&rest_code=00146&code=00101008126&supplier_code=00100005&order_time=2023-05-05 HTTP/1.1" 200 412
124.79.240.114 - - [05/May/2023:10:17:32 +0800] "GET /xingrg/all/function/internal_message.html?_=1683253326616&CODE_STATE=getMsg HTTP/1.1" 200 27
116.224.106.218 - - [05/May/2023:10:17:33 +0800] "GET /xingrg/check_reg.html?_=1683253051900 HTTP/1.1" 200 22
120.253.135.82 - - [05/May/2023:10:17:34 +0800] "POST /xingrg/kc/pszx/mdps_order_operate.html HTTP/1.1" 200 37
120.253.135.82 - - [05/May/2023:10:17:36 +0800] "GET /xingrg/kc/pszx/mdps_order_info.html?code=312023050500109 HTTP/1.1" 200 23982
114.85.115.171 - - [05/May/2023:10:17:36 +0800] "GET /xingrg/all/function/internal_message.html?_=1683253063613&CODE_STATE=getMsg HTTP/1.1" 200 27
120.253.135.82 - - [05/May/2023:10:17:37 +0800] "GET /xingrg/javascript/easyui/themes/default/validatebox.css HTTP/1.1" 404 1104
116.238.139.35 - - [05/May/2023:10:17:37 +0800] "GET /xingrg/all/function/internal_message.html?_=1683253056863&CODE_STATE=getMsg HTTP/1.1" 200 27
124.78.159.37 - - [05/May/2023:10:17:38 +0800] "POST /xingrg/kc/buy/cgsh_order_operate.html HTTP/1.1" 200 12
120.253.135.82 - - [05/May/2023:10:17:38 +0800] "POST /xingrg/kc/pszx/mdps_order_operate.html HTTP/1.1" 200 2797
124.78.159.37 - - [05/May/2023:10:17:42 +0800] "GET /xingrg/kc/buy/cgsh_order_info.html?code=212023050501500 HTTP/1.1" 200 66030
124.77.244.62 - - [05/May/2023:10:17:43 +0800] "GET /xingrg/kc/buy/cgsh_order_operate.html?command=get_materiel&rest_code=00146&code=00101008361&supplier_code=00100005&order_time=2023-05-05 HTTP/1.1" 200 408
124.78.159.37 - - [05/May/2023:10:17:43 +0800] "GET /xingrg/javascript/easyui/themes/default/validatebox.css HTTP/1.1" 404 1104
124.78.159.37 - - [05/May/2023:10:17:44 +0800] "POST /xingrg/kc/buy/cgsh_order_operate.html HTTP/1.1" 200 610
124.79.240.114 - - [05/May/2023:10:17:44 +0800] "GET /xingrg/all/function/internal_message.html?_=1683253063878&CODE_STATE=getMsg HTTP/1.1" 200 27
116.227.208.255 - - [05/May/2023:10:17:44 +0800] "POST /xingrg/kc/buy/cgsh_list_operate.html HTTP/1.1" 200 348
116.227.208.255 - - [05/May/2023:10:17:45 +0800] "GET /xingrg/kc/buy/cgsh_order_info.html?code=212023050501477 HTTP/1.1" 200 71171
116.227.208.255 - - [05/May/2023:10:17:46 +0800] "GET /xingrg/words/20230505092225_words.js HTTP/1.1" 200 962951
116.227.208.255 - - [05/May/2023:10:17:46 +0800] "GET /xingrg/javascript/easyui/themes/default/validatebox.css HTTP/1.1" 404 1104
116.227.208.255 - - [05/May/2023:10:17:47 +0800] "POST /xingrg/kc/buy/cgsh_order_operate.html HTTP/1.1" 200 3840
124.78.159.37 - - [05/May/2023:10:17:47 +0800] "GET /xingrg/kc/print/load_data.html?order_code=212023050501500&kc_code=cgsh&condition= HTTP/1.1" 200 775
180.157.253.215 - - [05/May/2023:10:17:48 +0800] "GET /xingrg/all/function/internal_message.html?_=1683253070743&CODE_STATE=getMsg HTTP/1.1" 200 27
180.169.147.146 - - [05/May/2023:10:17:49 +0800] "GET /xingrg/all/function/internal_message.html?_=1683253070064&CODE_STATE=getMsg HTTP/1.1" 200 27
116.227.208.255 - - [05/May/2023:10:17:55 +0800] "GET /xingrg/kc/buy/cgsh_order_operate.html?command=get_materiel&rest_code=00155&code=00101006376&supplier_code=00100012&order_time=2023-05-05 HTTP/1.1" 200 394
120.253.135.82 - - [05/May/2023:10:17:56 +0800] "POST /xingrg/kc/pszx/mdps_list_operate.html HTTP/1.1" 200 2436
120.253.135.82 - - [05/May/2023:10:17:56 +0800] "GET /xingrg/all/function/internal_message.html?_=1683252911670&CODE_STATE=getMsg HTTP/1.1" 200 27
116.238.139.35 - - [05/May/2023:10:17:57 +0800] "POST /xingrg/services/DataTransmitService HTTP/1.1" 200 524
120.253.135.82 - - [05/May/2023:10:17:59 +0800] "POST /xingrg/kc/pszx/mdps_list_operate.html HTTP/1.1" 200 294
124.77.244.62 - - [05/May/2023:10:18:00 +0800] "GET /xingrg/all/function/internal_message.html?_=1683253097889&CODE_STATE=getMsg HTTP/1.1" 200 27
116.227.208.255 - - [05/May/2023:10:18:00 +0800] "GET /xingrg/all/function/internal_message.html?_=1683253137213&CODE_STATE=getMsg HTTP/1.1" 200 27
120.253.135.82 - - [05/May/2023:10:18:00 +0800] "GET /xingrg/kc/pszx/mdps_order_info.html?code=312023050500109 HTTP/1.1" 200 23982
120.253.135.82 - - [05/May/2023:10:18:01 +0800] "GET /xingrg/javascript/easyui/themes/default/validatebox.css HTTP/1.1" 404 1104
124.77.244.62 - - [05/May/2023:10:18:01 +0800] "GET /xingrg/kc/buy/cgsh_order_operate.html?command=get_materiel&rest_code=00146&code=00101008321&supplier_code=00100005&order_time=2023-05-05 HTTP/1.1" 200 412
120.253.135.82 - - [05/May/2023:10:18:01 +0800] "POST /xingrg/kc/pszx/mdps_order_operate.html HTTP/1.1" 200 2797
120.253.135.82 - - [05/May/2023:10:18:03 +0800] "POST /xingrg/kc/pszx/mdps_list_operate.html HTTP/1.1" 200 2436
180.163.30.76 - - [05/May/2023:10:18:04 +0800] "GET /xingrg/all/function/internal_message.html?_=1683253020660&CODE_STATE=getMsg HTTP/1.1" 302 -
180.163.30.76 - - [05/May/2023:10:18:04 +0800] "GET /xingrg/login.html HTTP/1.1" 200 7641
124.78.159.37 - - [05/May/2023:10:18:04 +0800] "GET /xingrg/all/function/internal_message.html?_=1683253080658&CODE_STATE=getMsg HTTP/1.1" 200 27
114.85.115.171 - - [05/May/2023:10:18:05 +0800] "GET /xingrg/all/function/internal_message.html?_=1683253085385&CODE_STATE=getMsg HTTP/1.1" 200 27
116.227.208.255 - - [05/May/2023:10:18:06 +0800] "POST /xingrg/kc/buy/cgsh_order_operate.html HTTP/1.1" 200 37
116.224.158.100 - - [05/May/2023:10:18:07 +0800] "GET /xingrg/all/function/internal_message.html?_=1683253089478&CODE_STATE=getMsg HTTP/1.1" 200 27
116.224.158.100 - - [05/May/2023:10:18:07 +0800] "GET /xingrg/all/function/internal_message.html?_=1683253089798&CODE_STATE=getMsg HTTP/1.1" 200 27
116.227.208.255 - - [05/May/2023:10:18:09 +0800] "POST /xingrg/kc/buy/cgsh_order_operate.html HTTP/1.1" 200 3834
180.169.147.146 - - [05/May/2023:10:18:09 +0800] "GET /xingrg/all/function/internal_message.html?_=1683253089829&CODE_STATE=getMsg HTTP/1.1" 200 27
120.253.135.82 - - [05/May/2023:10:18:10 +0800] "GET /xingrg/all/function/internal_message.html?_=1683253227541&CODE_STATE=getMsg HTTP/1.1" 200 27
124.78.71.183 - - [05/May/2023:10:18:11 +0800] "GET /xingrg/all/function/internal_message.html?_=1683252615420&CODE_STATE=getMsg HTTP/1.1" 200 27
116.238.139.35 - - [05/May/2023:10:18:12 +0800] "GET /xingrg/all/function/internal_message.html?_=1683253029090&CODE_STATE=getMsg HTTP/1.1" 200 27
124.79.240.114 - - [05/May/2023:10:18:13 +0800] "GET /xingrg/all/function/internal_message.html?_=1683253092530&CODE_STATE=getMsg HTTP/1.1" 200 27
124.77.244.62 - - [05/May/2023:10:18:13 +0800] "GET /xingrg/kc/buy/cgsh_order_operate.html?command=get_materiel&rest_code=00146&code=00101008270&supplier_code=00100005&order_time=2023-05-05 HTTP/1.1" 200 412
180.163.29.103 - - [05/May/2023:10:18:15 +0800] "GET /xingrg/kc/buy/cgsh_order_operate.html?command=get_materiel&rest_code=00106&code=00101008147&supplier_code=00100009&order_time=2023-05-05 HTTP/1.1" 302 -
180.163.29.103 - - [05/May/2023:10:18:15 +0800] "GET /xingrg/login.html HTTP/1.1" 200 7641
180.171.122.0 - - [05/May/2023:10:18:16 +0800] "GET /xingrg/all/function/internal_message.html?_=1683253093685&CODE_STATE=getMsg HTTP/1.1" 200 27
116.224.106.218 - - [05/May/2023:10:18:17 +0800] "GET /xingrg/all/function/internal_message.html?_=1683253096170&CODE_STATE=getMsg HTTP/1.1" 200 27
101.83.240.57 - - [05/May/2023:10:18:17 +0800] "GET /xingrg/check_reg.html?_=1683253095967 HTTP/1.1" 200 22
180.164.3.199 - - [05/May/2023:10:18:18 +0800] "GET /xingrg/all/function/internal_message.html?_=1683253097637&CODE_STATE=getMsg HTTP/1.1" 200 27
101.83.240.57 - - [05/May/2023:10:18:27 +0800] "GET /xingrg/all/function/internal_message.html?_=1683253105752&CODE_STATE=getMsg HTTP/1.1" 200 27
58.40.7.146 - - [05/May/2023:10:18:30 +0800] "GET /xingrg/all/function/internal_message.html?_=1683253114870&CODE_STATE=getMsg HTTP/1.1" 200 27
124.79.240.114 - - [05/May/2023:10:18:32 +0800] "GET /xingrg/all/function/internal_message.html?_=1683253386626&CODE_STATE=getMsg HTTP/1.1" 200 27
124.77.244.62 - - [05/May/2023:10:18:33 +0800] "GET /xingrg/kc/buy/cgsh_order_operate.html?command=get_materiel&rest_code=00146&code=00101008502&supplier_code=00100005&order_time=2023-05-05 HTTP/1.1" 200 412
114.85.115.171 - - [05/May/2023:10:18:36 +0800] "GET /xingrg/all/function/internal_message.html?_=1683253123611&CODE_STATE=getMsg HTTP/1.1" 200 27
116.238.139.35 - - [05/May/2023:10:18:37 +0800] "GET /xingrg/all/function/internal_message.html?_=1683253116863&CODE_STATE=getMsg HTTP/1.1" 200 27
124.79.240.114 - - [05/May/2023:10:18:44 +0800] "GET /xingrg/all/function/internal_message.html?_=1683253123875&CODE_STATE=getMsg HTTP/1.1" 200 27
124.79.240.114 - - [05/May/2023:10:18:44 +0800] "GET /xingrg/check_reg.html?_=1683253123881 HTTP/1.1" 200 22
124.77.244.62 - - [05/May/2023:10:18:46 +0800] "GET /xingrg/kc/buy/cgsh_order_operate.html?command=get_materiel&rest_code=00146&code=00101008084&supplier_code=00100005&order_time=2023-05-05 HTTP/1.1" 200 412
180.157.253.215 - - [05/May/2023:10:18:48 +0800] "GET /xingrg/all/function/internal_message.html?_=1683253130744&CODE_STATE=getMsg HTTP/1.1" 200 27
180.169.147.146 - - [05/May/2023:10:18:49 +0800] "GET /xingrg/all/function/internal_message.html?_=1683253130063&CODE_STATE=getMsg HTTP/1.1" 200 27
120.253.135.82 - - [05/May/2023:10:18:56 +0800] "GET /xingrg/check_reg.html?_=1683252971344 HTTP/1.1" 200 22
120.253.135.82 - - [05/May/2023:10:18:56 +0800] "GET /xingrg/all/function/internal_message.html?_=1683252971683&CODE_STATE=getMsg HTTP/1.1" 200 27
124.77.244.62 - - [05/May/2023:10:18:59 +0800] "GET /xingrg/kc/buy/cgsh_order_operate.html?command=get_materiel&rest_code=00146&code=00101008027&supplier_code=00100005&order_time=2023-05-05 HTTP/1.1" 200 408
124.77.244.62 - - [05/May/2023:10:19:00 +0800] "GET /xingrg/all/function/internal_message.html?_=1683253157903&CODE_STATE=getMsg HTTP/1.1" 200 27
116.227.208.255 - - [05/May/2023:10:19:00 +0800] "GET /xingrg/all/function/internal_message.html?_=1683253197199&CODE_STATE=getMsg HTTP/1.1" 200 27
116.227.208.255 - - [05/May/2023:10:19:01 +0800] "GET /xingrg/check_reg.html?_=1683253198135 HTTP/1.1" 200 22
124.78.159.37 - - [05/May/2023:10:19:03 +0800] "GET /xingrg/check_reg.html?_=1683253139848 HTTP/1.1" 200 22
124.78.159.37 - - [05/May/2023:10:19:04 +0800] "GET /xingrg/all/function/internal_message.html?_=1683253140633&CODE_STATE=getMsg HTTP/1.1" 200 27
114.85.115.171 - - [05/May/2023:10:19:05 +0800] "GET /xingrg/all/function/internal_message.html?_=1683253145375&CODE_STATE=getMsg HTTP/1.1" 200 27
116.224.158.100 - - [05/May/2023:10:19:07 +0800] "GET /xingrg/all/function/internal_message.html?_=1683253149479&CODE_STATE=getMsg HTTP/1.1" 200 27
116.224.158.100 - - [05/May/2023:10:19:07 +0800] "GET /xingrg/all/function/internal_message.html?_=1683253149798&CODE_STATE=getMsg HTTP/1.1" 200 27
180.169.147.146 - - [05/May/2023:10:19:09 +0800] "GET /xingrg/all/function/internal_message.html?_=1683253149806&CODE_STATE=getMsg HTTP/1.1" 200 27
120.253.135.82 - - [05/May/2023:10:19:10 +0800] "GET /xingrg/all/function/internal_message.html?_=1683253287544&CODE_STATE=getMsg HTTP/1.1" 200 27
124.78.71.183 - - [05/May/2023:10:19:11 +0800] "GET /xingrg/all/function/internal_message.html?_=1683252675396&CODE_STATE=getMsg HTTP/1.1" 200 27
116.238.139.35 - - [05/May/2023:10:19:12 +0800] "GET /xingrg/all/function/internal_message.html?_=1683253089104&CODE_STATE=getMsg HTTP/1.1" 200 27
124.79.240.114 - - [05/May/2023:10:19:13 +0800] "GET /xingrg/all/function/internal_message.html?_=1683253152535&CODE_STATE=getMsg HTTP/1.1" 200 27
180.171.122.0 - - [05/May/2023:10:19:16 +0800] "GET /xingrg/all/function/internal_message.html?_=1683253153670&CODE_STATE=getMsg HTTP/1.1" 200 27
116.224.106.218 - - [05/May/2023:10:19:17 +0800] "GET /xingrg/all/function/internal_message.html?_=1683253156155&CODE_STATE=getMsg HTTP/1.1" 200 27
180.164.3.199 - - [05/May/2023:10:19:18 +0800] "GET /xingrg/all/function/internal_message.html?_=1683253157629&CODE_STATE=getMsg HTTP/1.1" 200 27
124.77.244.62 - - [05/May/2023:10:19:22 +0800] "GET /xingrg/kc/buy/cgsh_order_operate.html?command=get_materiel&rest_code=00146&code=00101008132&supplier_code=00100005&order_time=2023-05-05 HTTP/1.1" 200 408
101.83.240.57 - - [05/May/2023:10:19:27 +0800] "GET /xingrg/all/function/internal_message.html?_=1683253165736&CODE_STATE=getMsg HTTP/1.1" 200 27
124.79.240.114 - - [05/May/2023:10:19:32 +0800] "GET /xingrg/check_reg.html?_=1683253446632 HTTP/1.1" 200 22
124.79.240.114 - - [05/May/2023:10:19:32 +0800] "GET /xingrg/all/function/internal_message.html?_=1683253446634&CODE_STATE=getMsg HTTP/1.1" 200 27
124.77.244.62 - - [05/May/2023:10:19:34 +0800] "GET /xingrg/kc/buy/cgsh_order_operate.html?command=get_materiel&rest_code=00146&code=00101016147&supplier_code=00100005&order_time=2023-05-05 HTTP/1.1" 200 408
114.85.115.171 - - [05/May/2023:10:19:36 +0800] "GET /xingrg/all/function/internal_message.html?_=1683253183615&CODE_STATE=getMsg HTTP/1.1" 200 27
116.238.139.35 - - [05/May/2023:10:19:37 +0800] "GET /xingrg/all/function/internal_message.html?_=1683253176864&CODE_STATE=getMsg HTTP/1.1" 200 27
124.79.240.114 - - [05/May/2023:10:19:44 +0800] "GET /xingrg/all/function/internal_message.html?_=1683253183872&CODE_STATE=getMsg HTTP/1.1" 200 27
180.157.253.215 - - [05/May/2023:10:19:48 +0800] "GET /xingrg/all/function/internal_message.html?_=1683253190745&CODE_STATE=getMsg HTTP/1.1" 200 27
180.157.253.215 - - [05/May/2023:10:19:48 +0800] "GET /xingrg/check_reg.html?_=1683253190749 HTTP/1.1" 200 22
180.169.147.146 - - [05/May/2023:10:19:49 +0800] "GET /xingrg/all/function/internal_message.html?_=1683253190073&CODE_STATE=getMsg HTTP/1.1" 200 27
124.77.244.62 - - [05/May/2023:10:19:50 +0800] "GET /xingrg/kc/buy/cgsh_order_operate.html?command=get_materiel&rest_code=00146&code=00101008185&supplier_code=00100005&order_time=2023-05-05 HTTP/1.1" 200 408
116.232.39.77 - - [05/May/2023:10:19:56 +0800] "GET /favicon.ico HTTP/1.1" 404 -
120.253.135.82 - - [05/May/2023:10:19:56 +0800] "GET /xingrg/all/function/internal_message.html?_=1683253031696&CODE_STATE=getMsg HTTP/1.1" 200 27
116.227.208.255 - - [05/May/2023:10:20:00 +0800] "GET /xingrg/all/function/internal_message.html?_=1683253257174&CODE_STATE=getMsg HTTP/1.1" 200 27
124.77.244.62 - - [05/May/2023:10:20:00 +0800] "GET /xingrg/all/function/internal_message.html?_=1683253217916&CODE_STATE=getMsg HTTP/1.1" 200 27
124.78.159.37 - - [05/May/2023:10:20:04 +0800] "GET /xingrg/all/function/internal_message.html?_=1683253200615&CODE_STATE=getMsg HTTP/1.1" 200 27
114.85.115.171 - - [05/May/2023:10:20:05 +0800] "GET /xingrg/all/function/internal_message.html?_=1683253205362&CODE_STATE=getMsg HTTP/1.1" 200 27
114.85.115.171 - - [05/May/2023:10:20:05 +0800] "GET /xingrg/check_reg.html?_=1683253205414 HTTP/1.1" 200 22
116.224.158.100 - - [05/May/2023:10:20:07 +0800] "GET /xingrg/all/function/internal_message.html?_=1683253209480&CODE_STATE=getMsg HTTP/1.1" 200 27
116.224.158.100 - - [05/May/2023:10:20:07 +0800] "GET /xingrg/check_reg.html?_=1683253209485 HTTP/1.1" 200 22
116.224.158.100 - - [05/May/2023:10:20:07 +0800] "GET /xingrg/check_reg.html?_=1683253209800 HTTP/1.1" 200 22
116.224.158.100 - - [05/May/2023:10:20:07 +0800] "GET /xingrg/all/function/internal_message.html?_=1683253209803&CODE_STATE=getMsg HTTP/1.1" 200 27
180.169.147.146 - - [05/May/2023:10:20:09 +0800] "GET /xingrg/all/function/internal_message.html?_=1683253209816&CODE_STATE=getMsg HTTP/1.1" 200 27
120.253.135.82 - - [05/May/2023:10:20:10 +0800] "GET /xingrg/all/function/internal_message.html?_=1683253347586&CODE_STATE=getMsg HTTP/1.1" 200 27
124.77.244.62 - - [05/May/2023:10:20:11 +0800] "GET /xingrg/kc/buy/cgsh_order_operate.html?command=get_materiel&rest_code=00146&code=00101008038&supplier_code=00100005&order_time=2023-05-05 HTTP/1.1" 200 412
124.78.71.183 - - [05/May/2023:10:20:11 +0800] "GET /xingrg/all/function/internal_message.html?_=1683252735366&CODE_STATE=getMsg HTTP/1.1" 200 27
116.238.139.35 - - [05/May/2023:10:20:12 +0800] "GET /xingrg/all/function/internal_message.html?_=1683253149140&CODE_STATE=getMsg HTTP/1.1" 200 27
124.79.240.114 - - [05/May/2023:10:20:13 +0800] "GET /xingrg/all/function/internal_message.html?_=1683253212517&CODE_STATE=getMsg HTTP/1.1" 200 27
180.171.122.0 - - [05/May/2023:10:20:16 +0800] "GET /xingrg/all/function/internal_message.html?_=1683253213650&CODE_STATE=getMsg HTTP/1.1" 200 27
116.224.106.218 - - [05/May/2023:10:20:17 +0800] "GET /xingrg/all/function/internal_message.html?_=1683253216130&CODE_STATE=getMsg HTTP/1.1" 200 27
180.164.3.199 - - [05/May/2023:10:20:18 +0800] "GET /xingrg/all/function/internal_message.html?_=1683253217633&CODE_STATE=getMsg HTTP/1.1" 200 27
124.77.244.62 - - [05/May/2023:10:20:25 +0800] "GET /xingrg/kc/buy/cgsh_order_operate.html?command=get_materiel&rest_code=00146&code=00101008264&supplier_code=00100005&order_time=2023-05-05 HTTP/1.1" 200 412
101.83.240.57 - - [05/May/2023:10:20:27 +0800] "GET /xingrg/all/function/internal_message.html?_=1683253225706&CODE_STATE=getMsg HTTP/1.1" 200 27
124.79.240.114 - - [05/May/2023:10:20:32 +0800] "GET /xingrg/all/function/internal_message.html?_=1683253506618&CODE_STATE=getMsg HTTP/1.1" 200 27
114.85.115.171 - - [05/May/2023:10:20:36 +0800] "GET /xingrg/all/function/internal_message.html?_=1683253243614&CODE_STATE=getMsg HTTP/1.1" 200 27
124.77.244.62 - - [05/May/2023:10:20:37 +0800] "GET /xingrg/kc/buy/cgsh_order_operate.html?command=get_materiel&rest_code=00146&code=00101008356&supplier_code=00100005&order_time=2023-05-05 HTTP/1.1" 200 408
116.238.139.35 - - [05/May/2023:10:20:37 +0800] "GET /xingrg/check_reg.html?_=1683253236866 HTTP/1.1" 200 22
116.238.139.35 - - [05/May/2023:10:20:37 +0800] "GET /xingrg/all/function/internal_message.html?_=1683253236869&CODE_STATE=getMsg HTTP/1.1" 200 27
172.20.0.100 - - [05/May/2023:10:20:40 +0800] "GET /xingrg/check_reg.html?_=1683253253230 HTTP/1.1" 200 22
124.79.240.114 - - [05/May/2023:10:20:44 +0800] "GET /xingrg/all/function/internal_message.html?_=1683253243876&CODE_STATE=getMsg HTTP/1.1" 200 27
180.157.253.215 - - [05/May/2023:10:20:48 +0800] "GET /xingrg/all/function/internal_message.html?_=1683253250747&CODE_STATE=getMsg HTTP/1.1" 200 27
180.169.147.146 - - [05/May/2023:10:20:49 +0800] "GET /xingrg/all/function/internal_message.html?_=1683253250066&CODE_STATE=getMsg HTTP/1.1" 200 27
120.253.135.82 - - [05/May/2023:10:20:56 +0800] "GET /xingrg/all/function/internal_message.html?_=1683253091710&CODE_STATE=getMsg HTTP/1.1" 200 27
124.78.71.183 - - [05/May/2023:10:20:57 +0800] "GET /xingrg/kc/buy/cgsh_order_add.html HTTP/1.1" 200 71115
124.78.71.183 - - [05/May/2023:10:20:58 +0800] "GET /xingrg/javascript/easyui/themes/default/validatebox.css HTTP/1.1" 404 1104
124.78.71.183 - - [05/May/2023:10:20:58 +0800] "POST /xingrg/kc/buy/cgsh_order_operate.html HTTP/1.1" 200 8245
180.171.122.0 - - [05/May/2023:10:20:58 +0800] "GET /xingrg/check_reg.html?_=1683253256082 HTTP/1.1" 200 22
124.77.244.62 - - [05/May/2023:10:21:00 +0800] "GET /xingrg/check_reg.html?_=1683253277866 HTTP/1.1" 200 22
116.227.208.255 - - [05/May/2023:10:21:00 +0800] "GET /xingrg/all/function/internal_message.html?_=1683253317164&CODE_STATE=getMsg HTTP/1.1" 200 27
124.77.244.62 - - [05/May/2023:10:21:00 +0800] "GET /xingrg/all/function/internal_message.html?_=1683253277931&CODE_STATE=getMsg HTTP/1.1" 200 27
124.78.159.37 - - [05/May/2023:10:21:04 +0800] "GET /xingrg/all/function/internal_message.html?_=1683253260586&CODE_STATE=getMsg HTTP/1.1" 200 27
124.77.244.62 - - [05/May/2023:10:21:05 +0800] "GET /xingrg/kc/buy/cgsh_order_operate.html?command=get_materiel&rest_code=00146&code=00101008137&supplier_code=00100005&order_time=2023-05-05 HTTP/1.1" 200 408
114.85.115.171 - - [05/May/2023:10:21:05 +0800] "GET /xingrg/all/function/internal_message.html?_=1683253265348&CODE_STATE=getMsg HTTP/1.1" 200 27
116.224.158.100 - - [05/May/2023:10:21:07 +0800] "GET /xingrg/all/function/internal_message.html?_=1683253269486&CODE_STATE=getMsg HTTP/1.1" 200 27
116.224.158.100 - - [05/May/2023:10:21:07 +0800] "GET /xingrg/all/function/internal_message.html?_=1683253269797&CODE_STATE=getMsg HTTP/1.1" 200 27
180.169.147.146 - - [05/May/2023:10:21:09 +0800] "GET /xingrg/all/function/internal_message.html?_=1683253269824&CODE_STATE=getMsg HTTP/1.1" 200 27
120.253.135.82 - - [05/May/2023:10:21:10 +0800] "GET /xingrg/all/function/internal_message.html?_=1683253407553&CODE_STATE=getMsg HTTP/1.1" 200 27
124.78.71.183 - - [05/May/2023:10:21:11 +0800] "GET /xingrg/all/function/internal_message.html?_=1683252795369&CODE_STATE=getMsg HTTP/1.1" 200 27
116.238.139.35 - - [05/May/2023:10:21:12 +0800] "GET /xingrg/all/function/internal_message.html?_=1683253209146&CODE_STATE=getMsg HTTP/1.1" 200 27
124.79.240.114 - - [05/May/2023:10:21:13 +0800] "GET /xingrg/check_reg.html?_=1683253272518 HTTP/1.1" 200 22
124.79.240.114 - - [05/May/2023:10:21:13 +0800] "GET /xingrg/all/function/internal_message.html?_=1683253272522&CODE_STATE=getMsg HTTP/1.1" 200 27
124.78.71.183 - - [05/May/2023:10:21:14 +0800] "GET /xingrg/kc/buy/cgsh_order_operate.html?command=get_materiel&rest_code=00141&code=00101007071&supplier_code=00100004&order_time=2023-05-05 HTTP/1.1" 200 417
180.171.122.0 - - [05/May/2023:10:21:16 +0800] "GET /xingrg/all/function/internal_message.html?_=1683253273635&CODE_STATE=getMsg HTTP/1.1" 200 27
180.171.122.0 - - [05/May/2023:10:21:17 +0800] "GET /xingrg/check_reg.html?_=1683253274355 HTTP/1.1" 200 22
124.77.244.62 - - [05/May/2023:10:21:17 +0800] "GET /xingrg/kc/buy/cgsh_order_operate.html?command=get_materiel&rest_code=00146&code=00101008069&supplier_code=00100005&order_time=2023-05-05 HTTP/1.1" 200 412
116.224.106.218 - - [05/May/2023:10:21:17 +0800] "GET /xingrg/all/function/internal_message.html?_=1683253276111&CODE_STATE=getMsg HTTP/1.1" 200 27
180.164.3.199 - - [05/May/2023:10:21:18 +0800] "GET /xingrg/all/function/internal_message.html?_=1683253277641&CODE_STATE=getMsg HTTP/1.1" 200 27
180.164.3.199 - - [05/May/2023:10:21:18 +0800] "GET /xingrg/check_reg.html?_=1683253277644 HTTP/1.1" 200 22
124.78.71.183 - - [05/May/2023:10:21:24 +0800] "GET /xingrg/kc/buy/cgsh_order_operate.html?command=get_materiel&rest_code=00141&code=00101007038&supplier_code=00100004&order_time=2023-05-05 HTTP/1.1" 200 420
101.83.240.57 - - [05/May/2023:10:21:27 +0800] "GET /xingrg/all/function/internal_message.html?_=1683253285690&CODE_STATE=getMsg HTTP/1.1" 200 27
124.79.240.114 - - [05/May/2023:10:21:32 +0800] "GET /xingrg/all/function/internal_message.html?_=1683253566618&CODE_STATE=getMsg HTTP/1.1" 200 27
124.78.71.183 - - [05/May/2023:10:21:35 +0800] "POST /xingrg/kc/buy/cgsh_order_operate.html HTTP/1.1" 200 37
114.85.115.171 - - [05/May/2023:10:21:36 +0800] "GET /xingrg/all/function/internal_message.html?_=1683253303611&CODE_STATE=getMsg HTTP/1.1" 200 27
114.85.115.171 - - [05/May/2023:10:21:36 +0800] "GET /xingrg/check_reg.html?_=1683253303614 HTTP/1.1" 200 22
124.77.244.62 - - [05/May/2023:10:21:37 +0800] "GET /xingrg/kc/buy/cgsh_order_operate.html?command=get_materiel&rest_code=00146&code=00101008286&supplier_code=00100005&order_time=2023-05-05 HTTP/1.1" 200 408
116.238.139.35 - - [05/May/2023:10:21:37 +0800] "GET /xingrg/all/function/internal_message.html?_=1683253296870&CODE_STATE=getMsg HTTP/1.1" 200 27
124.78.71.183 - - [05/May/2023:10:21:42 +0800] "POST /xingrg/kc/buy/cgsh_order_operate.html HTTP/1.1" 200 12
124.78.71.183 - - [05/May/2023:10:21:43 +0800] "GET /xingrg/kc/buy/cgsh_order_info.html?code=212023050501501 HTTP/1.1" 200 66024
124.78.71.183 - - [05/May/2023:10:21:44 +0800] "GET /xingrg/javascript/easyui/themes/default/validatebox.css HTTP/1.1" 404 1104
124.79.240.114 - - [05/May/2023:10:21:44 +0800] "GET /xingrg/all/function/internal_message.html?_=1683253303874&CODE_STATE=getMsg HTTP/1.1" 200 27
124.78.71.183 - - [05/May/2023:10:21:45 +0800] "POST /xingrg/kc/buy/cgsh_order_operate.html HTTP/1.1" 200 1204
180.157.253.215 - - [05/May/2023:10:21:48 +0800] "GET /xingrg/all/function/internal_message.html?_=1683253310746&CODE_STATE=getMsg HTTP/1.1" 200 27
124.78.71.183 - - [05/May/2023:10:21:48 +0800] "GET /xingrg/kc/print/load_data.html?order_code=212023050501501&kc_code=cgsh&condition= HTTP/1.1" 200 986
180.169.147.146 - - [05/May/2023:10:21:49 +0800] "GET /xingrg/all/function/internal_message.html?_=1683253310057&CODE_STATE=getMsg HTTP/1.1" 200 27
180.169.147.146 - - [05/May/2023:10:21:49 +0800] "GET /xingrg/check_reg.html?_=1683253310109 HTTP/1.1" 200 22
116.227.208.255 - - [05/May/2023:10:21:50 +0800] "POST /xingrg/services/DataTransmitService HTTP/1.1" 200 524
124.78.71.183 - - [05/May/2023:10:21:52 +0800] "GET /xingrg/kc/buy/cgsh_order_add.html HTTP/1.1" 200 71115
124.78.71.183 - - [05/May/2023:10:21:53 +0800] "POST /xingrg/kc/buy/cgsh_order_operate.html HTTP/1.1" 200 8245
124.78.71.183 - - [05/May/2023:10:21:53 +0800] "GET /xingrg/javascript/easyui/themes/default/validatebox.css HTTP/1.1" 404 1104
120.253.135.82 - - [05/May/2023:10:21:56 +0800] "GET /xingrg/all/function/internal_message.html?_=1683253151787&CODE_STATE=getMsg HTTP/1.1" 200 27
116.227.208.255 - - [05/May/2023:10:22:00 +0800] "GET /xingrg/all/function/internal_message.html?_=1683253377153&CODE_STATE=getMsg HTTP/1.1" 200 27
124.77.244.62 - - [05/May/2023:10:22:00 +0800] "GET /xingrg/all/function/internal_message.html?_=1683253338018&CODE_STATE=getMsg HTTP/1.1" 200 27
124.78.71.183 - - [05/May/2023:10:22:02 +0800] "GET /xingrg/kc/buy/cgsh_order_operate.html?command=get_materiel&rest_code=00141&code=00101008706&supplier_code=00100450&order_time=2023-05-05 HTTP/1.1" 200 413
124.77.244.62 - - [05/May/2023:10:22:03 +0800] "GET /xingrg/kc/buy/cgsh_order_operate.html?command=get_materiel&rest_code=00146&code=00101008131&supplier_code=00100005&order_time=2023-05-05 HTTP/1.1" 200 409
180.163.28.68 - - [05/May/2023:10:22:04 +0800] "GET /xingrg/all/function/internal_message.html?_=1683253260586&CODE_STATE=getMsg HTTP/1.1" 302 -
180.163.28.68 - - [05/May/2023:10:22:04 +0800] "GET /xingrg/login.html HTTP/1.1" 200 7641
124.78.159.37 - - [05/May/2023:10:22:04 +0800] "GET /xingrg/all/function/internal_message.html?_=1683253320574&CODE_STATE=getMsg HTTP/1.1" 200 27
114.85.115.171 - - [05/May/2023:10:22:05 +0800] "GET /xingrg/all/function/internal_message.html?_=1683253325340&CODE_STATE=getMsg HTTP/1.1" 200 27
116.224.158.100 - - [05/May/2023:10:22:07 +0800] "GET /xingrg/all/function/internal_message.html?_=1683253329485&CODE_STATE=getMsg HTTP/1.1" 200 27
116.224.158.100 - - [05/May/2023:10:22:07 +0800] "GET /xingrg/all/function/internal_message.html?_=1683253329798&CODE_STATE=getMsg HTTP/1.1" 200 27
180.169.147.146 - - [05/May/2023:10:22:09 +0800] "GET /xingrg/all/function/internal_message.html?_=1683253329830&CODE_STATE=getMsg HTTP/1.1" 200 27
180.169.147.146 - - [05/May/2023:10:22:09 +0800] "GET /xingrg/check_reg.html?_=1683253329837 HTTP/1.1" 200 22
120.253.135.82 - - [05/May/2023:10:22:10 +0800] "GET /xingrg/all/function/internal_message.html?_=1683253467558&CODE_STATE=getMsg HTTP/1.1" 200 27
120.253.135.82 - - [05/May/2023:10:22:10 +0800] "GET /xingrg/check_reg.html?_=1683253467560 HTTP/1.1" 200 22
124.78.71.183 - - [05/May/2023:10:22:11 +0800] "GET /xingrg/all/function/internal_message.html?_=1683252855350&CODE_STATE=getMsg HTTP/1.1" 200 27
116.238.139.35 - - [05/May/2023:10:22:11 +0800] "GET /xingrg/check_reg.html?_=1683253268048 HTTP/1.1" 200 22
124.78.71.183 - - [05/May/2023:10:22:12 +0800] "GET /xingrg/check_reg.html?_=1683252856509 HTTP/1.1" 200 22
116.238.139.35 - - [05/May/2023:10:22:12 +0800] "GET /xingrg/all/function/internal_message.html?_=1683253269160&CODE_STATE=getMsg HTTP/1.1" 200 27
124.79.240.114 - - [05/May/2023:10:22:13 +0800] "GET /xingrg/all/function/internal_message.html?_=1683253332521&CODE_STATE=getMsg HTTP/1.1" 200 27
124.78.71.183 - - [05/May/2023:10:22:15 +0800] "GET /xingrg/kc/buy/cgsh_order_operate.html?command=get_materiel&rest_code=00141&code=00101008106&supplier_code=00100450&order_time=2023-05-05 HTTP/1.1" 200 412
124.77.244.62 - - [05/May/2023:10:22:16 +0800] "GET /xingrg/kc/buy/cgsh_order_operate.html?command=get_materiel&rest_code=00146&code=00101008296&supplier_code=00100005&order_time=2023-05-05 HTTP/1.1" 200 416
180.171.122.0 - - [05/May/2023:10:22:16 +0800] "GET /xingrg/all/function/internal_message.html?_=1683253333609&CODE_STATE=getMsg HTTP/1.1" 200 27
116.224.106.218 - - [05/May/2023:10:22:17 +0800] "GET /xingrg/all/function/internal_message.html?_=1683253336094&CODE_STATE=getMsg HTTP/1.1" 200 27
180.164.3.199 - - [05/May/2023:10:22:18 +0800] "GET /xingrg/all/function/internal_message.html?_=1683253337646&CODE_STATE=getMsg HTTP/1.1" 200 27
124.77.244.62 - - [05/May/2023:10:22:20 +0800] "POST /xingrg/kc/buy/cgsh_order_operate.html HTTP/1.1" 200 2065
124.78.71.183 - - [05/May/2023:10:22:25 +0800] "GET /xingrg/kc/buy/cgsh_order_operate.html?command=get_materiel&rest_code=00141&code=00102014088&supplier_code=00100450&order_time=2023-05-05 HTTP/1.1" 200 426
101.83.240.57 - - [05/May/2023:10:22:27 +0800] "GET /xingrg/all/function/internal_message.html?_=1683253345672&CODE_STATE=getMsg HTTP/1.1" 200 27
124.77.244.62 - - [05/May/2023:10:22:31 +0800] "GET /xingrg/kc/buy/cgsh_order_operate.html?command=get_materiel&rest_code=00146&code=00101008318&supplier_code=00100005&order_time=2023-05-05 HTTP/1.1" 200 408
124.79.240.114 - - [05/May/2023:10:22:32 +0800] "GET /xingrg/all/function/internal_message.html?_=1683253626623&CODE_STATE=getMsg HTTP/1.1" 200 27
116.224.106.218 - - [05/May/2023:10:22:33 +0800] "GET /xingrg/check_reg.html?_=1683253351883 HTTP/1.1" 200 22
124.78.71.183 - - [05/May/2023:10:22:33 +0800] "GET /xingrg/kc/buy/cgsh_order_operate.html?command=get_materiel&rest_code=00141&code=00101008568&supplier_code=00100450&order_time=2023-05-05 HTTP/1.1" 200 413
114.85.115.171 - - [05/May/2023:10:22:36 +0800] "GET /xingrg/all/function/internal_message.html?_=1683253363613&CODE_STATE=getMsg HTTP/1.1" 200 27
116.238.139.35 - - [05/May/2023:10:22:37 +0800] "GET /xingrg/all/function/internal_message.html?_=1683253356871&CODE_STATE=getMsg HTTP/1.1" 200 27
124.77.244.62 - - [05/May/2023:10:22:42 +0800] "GET /xingrg/kc/buy/cgsh_order_operate.html?command=get_materiel&rest_code=00146&code=00101008005&supplier_code=00100005&order_time=2023-05-05 HTTP/1.1" 200 414
124.78.71.183 - - [05/May/2023:10:22:43 +0800] "GET /xingrg/kc/buy/cgsh_order_operate.html?command=get_materiel&rest_code=00141&code=00101008593&supplier_code=00100450&order_time=2023-05-05 HTTP/1.1" 200 418
124.79.240.114 - - [05/May/2023:10:22:44 +0800] "GET /xingrg/all/function/internal_message.html?_=1683253363876&CODE_STATE=getMsg HTTP/1.1" 200 27
180.157.253.215 - - [05/May/2023:10:22:48 +0800] "GET /xingrg/all/function/internal_message.html?_=1683253370746&CODE_STATE=getMsg HTTP/1.1" 200 27
180.169.147.146 - - [05/May/2023:10:22:49 +0800] "GET /xingrg/all/function/internal_message.html?_=1683253370061&CODE_STATE=getMsg HTTP/1.1" 200 27
124.78.71.183 - - [05/May/2023:10:22:51 +0800] "GET /xingrg/kc/buy/cgsh_order_operate.html?command=get_materiel&rest_code=00141&code=00101009079&supplier_code=00100450&order_time=2023-05-05 HTTP/1.1" 200 409
120.253.135.82 - - [05/May/2023:10:22:56 +0800] "GET /xingrg/all/function/internal_message.html?_=1683253211801&CODE_STATE=getMsg HTTP/1.1" 200 27
124.77.244.62 - - [05/May/2023:10:22:58 +0800] "GET /xingrg/kc/buy/cgsh_order_operate.html?command=get_materiel&rest_code=00146&code=00101008353&supplier_code=00100005&order_time=2023-05-05 HTTP/1.1" 200 408
116.227.208.255 - - [05/May/2023:10:23:00 +0800] "GET /xingrg/all/function/internal_message.html?_=1683253437145&CODE_STATE=getMsg HTTP/1.1" 200 27
124.77.244.62 - - [05/May/2023:10:23:00 +0800] "GET /xingrg/all/function/internal_message.html?_=1683253398019&CODE_STATE=getMsg HTTP/1.1" 200 27
124.78.159.37 - - [05/May/2023:10:23:04 +0800] "GET /xingrg/all/function/internal_message.html?_=1683253380548&CODE_STATE=getMsg HTTP/1.1" 200 27
114.85.115.171 - - [05/May/2023:10:23:05 +0800] "GET /xingrg/all/function/internal_message.html?_=1683253385326&CODE_STATE=getMsg HTTP/1.1" 200 27
124.78.71.183 - - [05/May/2023:10:23:06 +0800] "POST /xingrg/kc/buy/cgsh_order_operate.html HTTP/1.1" 200 37
116.224.158.100 - - [05/May/2023:10:23:07 +0800] "GET /xingrg/all/function/internal_message.html?_=1683253389485&CODE_STATE=getMsg HTTP/1.1" 200 27
116.224.158.100 - - [05/May/2023:10:23:07 +0800] "GET /xingrg/all/function/internal_message.html?_=1683253389801&CODE_STATE=getMsg HTTP/1.1" 200 27
180.169.147.146 - - [05/May/2023:10:23:09 +0800] "GET /xingrg/all/function/internal_message.html?_=1683253389816&CODE_STATE=getMsg HTTP/1.1" 200 27
120.253.135.82 - - [05/May/2023:10:23:10 +0800] "GET /xingrg/all/function/internal_message.html?_=1683253527576&CODE_STATE=getMsg HTTP/1.1" 200 27
124.78.71.183 - - [05/May/2023:10:23:11 +0800] "GET /xingrg/all/function/internal_message.html?_=1683252915309&CODE_STATE=getMsg HTTP/1.1" 200 27
124.78.71.183 - - [05/May/2023:10:23:12 +0800] "POST /xingrg/kc/buy/cgsh_order_operate.html HTTP/1.1" 200 12
116.238.139.35 - - [05/May/2023:10:23:12 +0800] "GET /xingrg/all/function/internal_message.html?_=1683253329173&CODE_STATE=getMsg HTTP/1.1" 200 27
124.79.240.114 - - [05/May/2023:10:23:13 +0800] "GET /xingrg/all/function/internal_message.html?_=1683253392517&CODE_STATE=getMsg HTTP/1.1" 200 27
124.78.71.183 - - [05/May/2023:10:23:15 +0800] "GET /xingrg/kc/buy/cgsh_order_info.html?code=212023050501502 HTTP/1.1" 200 66036
124.78.71.183 - - [05/May/2023:10:23:15 +0800] "GET /xingrg/javascript/easyui/themes/default/validatebox.css HTTP/1.1" 404 1104
124.78.71.183 - - [05/May/2023:10:23:16 +0800] "POST /xingrg/kc/buy/cgsh_order_operate.html HTTP/1.1" 200 3573
180.171.122.0 - - [05/May/2023:10:23:16 +0800] "GET /xingrg/all/function/internal_message.html?_=1683253393580&CODE_STATE=getMsg HTTP/1.1" 200 27
116.224.106.218 - - [05/May/2023:10:23:17 +0800] "GET /xingrg/all/function/internal_message.html?_=1683253396070&CODE_STATE=getMsg HTTP/1.1" 200 27
101.83.240.57 - - [05/May/2023:10:23:17 +0800] "GET /xingrg/check_reg.html?_=1683253395956 HTTP/1.1" 200 22
180.164.3.199 - - [05/May/2023:10:23:18 +0800] "GET /xingrg/all/function/internal_message.html?_=1683253397636&CODE_STATE=getMsg HTTP/1.1" 200 27
124.78.71.183 - - [05/May/2023:10:23:19 +0800] "GET /xingrg/kc/print/load_data.html?order_code=212023050501502&kc_code=cgsh&condition= HTTP/1.1" 200 1854
114.85.115.171 - - [05/May/2023:10:23:21 +0800] "GET /xingrg/kc/buy/cgsh_order_add.html HTTP/1.1" 200 71150
114.85.115.171 - - [05/May/2023:10:23:21 +0800] "GET /xingrg/words/20230505092225_words.js HTTP/1.1" 304 -
114.85.115.171 - - [05/May/2023:10:23:21 +0800] "POST /xingrg/kc/buy/cgsh_order_operate.html HTTP/1.1" 200 8245
114.85.115.171 - - [05/May/2023:10:23:21 +0800] "GET /xingrg/javascript/easyui/themes/default/validatebox.css HTTP/1.1" 404 1104
124.78.71.183 - - [05/May/2023:10:23:23 +0800] "GET /xingrg/kc/buy/cgsh_order_add.html HTTP/1.1" 200 71115
124.78.71.183 - - [05/May/2023:10:23:23 +0800] "POST /xingrg/kc/buy/cgsh_order_operate.html HTTP/1.1" 200 8245
124.78.71.183 - - [05/May/2023:10:23:23 +0800] "GET /xingrg/javascript/easyui/themes/default/validatebox.css HTTP/1.1" 404 1104
124.77.244.62 - - [05/May/2023:10:23:25 +0800] "GET /xingrg/kc/buy/cgsh_order_operate.html?command=get_materiel&rest_code=00146&code=00101008103&supplier_code=00100005&order_time=2023-05-05 HTTP/1.1" 200 417
101.83.240.57 - - [05/May/2023:10:23:27 +0800] "GET /xingrg/all/function/internal_message.html?_=1683253405653&CODE_STATE=getMsg HTTP/1.1" 200 27
114.85.115.171 - - [05/May/2023:10:23:29 +0800] "POST /xingrg/kc/buy/cgsh_list_operate.html HTTP/1.1" 200 986
