120.253.135.82 - - [05/May/2023:06:49:38 +0800] "POST /xingrg/kc/pszx/mdps_order_operate.html HTTP/1.1" 200 37
120.253.135.82 - - [05/May/2023:06:49:39 +0800] "GET /xingrg/kc/pszx/mdps_order_info.html?code=312023050500104 HTTP/1.1" 200 23978
120.253.135.82 - - [05/May/2023:06:49:40 +0800] "GET /xingrg/javascript/easyui/themes/default/validatebox.css HTTP/1.1" 404 1104
120.253.135.82 - - [05/May/2023:06:49:40 +0800] "POST /xingrg/kc/pszx/mdps_order_operate.html HTTP/1.1" 200 10903
124.79.240.114 - - [05/May/2023:06:49:44 +0800] "GET /xingrg/all/function/internal_message.html?_=1683240583886&CODE_STATE=getMsg HTTP/1.1" 302 -
116.238.139.35 - - [05/May/2023:06:49:56 +0800] "GET /xingrg/all/function/internal_message.html?_=1683240595579&CODE_STATE=getMsg HTTP/1.1" 200 27
124.79.240.114 - - [05/May/2023:06:50:17 +0800] "GET /xingrg/all/function/internal_message.html?_=1683240616723&CODE_STATE=getMsg HTTP/1.1" 302 -
180.164.3.199 - - [05/May/2023:06:50:18 +0800] "GET /xingrg/all/function/internal_message.html?_=1683240617626&CODE_STATE=getMsg HTTP/1.1" 200 27
116.224.106.218 - - [05/May/2023:06:50:21 +0800] "GET /xingrg/all/function/internal_message.html?_=1683240619982&CODE_STATE=getMsg HTTP/1.1" 200 27
120.253.135.82 - - [05/May/2023:06:50:22 +0800] "GET /xingrg/all/function/internal_message.html?_=1683240457251&CODE_STATE=getMsg HTTP/1.1" 200 27
180.171.122.0 - - [05/May/2023:06:50:32 +0800] "GET /xingrg/all/function/internal_message.html?_=1683240630008&CODE_STATE=getMsg HTTP/1.1" 200 27
124.77.244.62 - - [05/May/2023:06:50:34 +0800] "GET /xingrg/check_reg.html?_=1683240651106 HTTP/1.1" 200 22
124.77.244.62 - - [05/May/2023:06:50:34 +0800] "GET /xingrg/all/function/internal_message.html?_=1683240651192&CODE_STATE=getMsg HTTP/1.1" 200 27
124.79.240.114 - - [05/May/2023:06:50:44 +0800] "GET /xingrg/all/function/internal_message.html?_=1683240643877&CODE_STATE=getMsg HTTP/1.1" 302 -
116.238.139.35 - - [05/May/2023:06:50:56 +0800] "GET /xingrg/all/function/internal_message.html?_=1683240655581&CODE_STATE=getMsg HTTP/1.1" 200 27
116.238.139.35 - - [05/May/2023:06:50:56 +0800] "GET /xingrg/check_reg.html?_=1683240655585 HTTP/1.1" 200 22
124.79.240.114 - - [05/May/2023:06:51:17 +0800] "GET /xingrg/all/function/internal_message.html?_=1683240676717&CODE_STATE=getMsg HTTP/1.1" 302 -
180.164.3.199 - - [05/May/2023:06:51:18 +0800] "GET /xingrg/all/function/internal_message.html?_=1683240677631&CODE_STATE=getMsg HTTP/1.1" 200 27
180.164.3.199 - - [05/May/2023:06:51:18 +0800] "GET /xingrg/check_reg.html?_=1683240677634 HTTP/1.1" 200 22
116.224.106.218 - - [05/May/2023:06:51:21 +0800] "GET /xingrg/all/function/internal_message.html?_=1683240679965&CODE_STATE=getMsg HTTP/1.1" 200 27
120.253.135.82 - - [05/May/2023:06:51:22 +0800] "GET /xingrg/all/function/internal_message.html?_=1683240517266&CODE_STATE=getMsg HTTP/1.1" 200 27
180.171.122.0 - - [05/May/2023:06:51:32 +0800] "GET /xingrg/all/function/internal_message.html?_=1683240690010&CODE_STATE=getMsg HTTP/1.1" 200 27
124.77.244.62 - - [05/May/2023:06:51:34 +0800] "GET /xingrg/all/function/internal_message.html?_=1683240711206&CODE_STATE=getMsg HTTP/1.1" 200 27
124.79.240.114 - - [05/May/2023:06:51:44 +0800] "GET /xingrg/all/function/internal_message.html?_=1683240703869&CODE_STATE=getMsg HTTP/1.1" 302 -
116.238.139.35 - - [05/May/2023:06:51:56 +0800] "GET /xingrg/all/function/internal_message.html?_=1683240715587&CODE_STATE=getMsg HTTP/1.1" 200 27
124.77.244.62 - - [05/May/2023:06:52:10 +0800] "POST /xingrg/services/DataTransmitService HTTP/1.1" 200 524
124.77.244.62 - - [05/May/2023:06:52:11 +0800] "POST /xingrg/services/DataTransmitService HTTP/1.1" 200 412
124.79.240.114 - - [05/May/2023:06:52:17 +0800] "GET /xingrg/all/function/internal_message.html?_=1683240736723&CODE_STATE=getMsg HTTP/1.1" 302 -
180.164.3.199 - - [05/May/2023:06:52:18 +0800] "GET /xingrg/all/function/internal_message.html?_=1683240737649&CODE_STATE=getMsg HTTP/1.1" 200 27
116.224.106.218 - - [05/May/2023:06:52:21 +0800] "GET /xingrg/all/function/internal_message.html?_=1683240739953&CODE_STATE=getMsg HTTP/1.1" 200 27
120.253.135.82 - - [05/May/2023:06:52:22 +0800] "GET /xingrg/all/function/internal_message.html?_=1683240577482&CODE_STATE=getMsg HTTP/1.1" 200 27
180.171.122.0 - - [05/May/2023:06:52:32 +0800] "GET /xingrg/all/function/internal_message.html?_=1683240750009&CODE_STATE=getMsg HTTP/1.1" 200 27
116.224.106.218 - - [05/May/2023:06:52:33 +0800] "GET /xingrg/check_reg.html?_=1683240752408 HTTP/1.1" 200 22
124.77.244.62 - - [05/May/2023:06:52:34 +0800] "GET /xingrg/all/function/internal_message.html?_=1683240771220&CODE_STATE=getMsg HTTP/1.1" 200 27
124.79.240.114 - - [05/May/2023:06:52:44 +0800] "GET /xingrg/all/function/internal_message.html?_=1683240763881&CODE_STATE=getMsg HTTP/1.1" 302 -
116.238.139.35 - - [05/May/2023:06:52:56 +0800] "GET /xingrg/all/function/internal_message.html?_=1683240775588&CODE_STATE=getMsg HTTP/1.1" 200 27
124.79.240.114 - - [05/May/2023:06:53:17 +0800] "GET /xingrg/check_reg.html?_=1683240796717 HTTP/1.1" 302 -
124.79.240.114 - - [05/May/2023:06:53:17 +0800] "GET /xingrg/all/function/internal_message.html?_=1683240796721&CODE_STATE=getMsg HTTP/1.1" 302 -
180.164.3.199 - - [05/May/2023:06:53:18 +0800] "GET /xingrg/all/function/internal_message.html?_=1683240797649&CODE_STATE=getMsg HTTP/1.1" 200 27
120.253.135.82 - - [05/May/2023:06:53:20 +0800] "GET /xingrg/check_reg.html?_=1683240635330 HTTP/1.1" 200 22
116.224.106.218 - - [05/May/2023:06:53:21 +0800] "GET /xingrg/all/function/internal_message.html?_=1683240799926&CODE_STATE=getMsg HTTP/1.1" 200 27
120.253.135.82 - - [05/May/2023:06:53:22 +0800] "GET /xingrg/all/function/internal_message.html?_=1683240637705&CODE_STATE=getMsg HTTP/1.1" 200 27
180.171.122.0 - - [05/May/2023:06:53:32 +0800] "GET /xingrg/all/function/internal_message.html?_=1683240810009&CODE_STATE=getMsg HTTP/1.1" 200 27
124.77.244.62 - - [05/May/2023:06:53:34 +0800] "GET /xingrg/all/function/internal_message.html?_=1683240831405&CODE_STATE=getMsg HTTP/1.1" 200 27
120.253.135.82 - - [05/May/2023:06:53:38 +0800] "POST /xingrg/all/common/load_select.html HTTP/1.1" 200 25
120.253.135.82 - - [05/May/2023:06:53:40 +0800] "GET /xingrg/kc/pszx/mdps_order_operate.html?command=get_materiel_price&pszx_code=00101&rest_code=00156&base_code=0010246&code=00101029097&unit_code=00100157&order_time=2023-05-06 HTTP/1.1" 200 34
124.79.240.114 - - [05/May/2023:06:53:44 +0800] "GET /xingrg/all/function/internal_message.html?_=1683240823876&CODE_STATE=getMsg HTTP/1.1" 302 -
124.79.240.114 - - [05/May/2023:06:53:44 +0800] "GET /xingrg/check_reg.html?_=1683240823880 HTTP/1.1" 302 -
120.253.135.82 - - [05/May/2023:06:53:45 +0800] "POST /xingrg/all/common/load_select.html HTTP/1.1" 200 25
120.253.135.82 - - [05/May/2023:06:53:47 +0800] "GET /xingrg/kc/pszx/mdps_order_operate.html?command=get_materiel_price&pszx_code=00101&rest_code=00156&base_code=0010246&code=00101029096&unit_code=00100157&order_time=2023-05-06 HTTP/1.1" 200 34
116.238.139.35 - - [05/May/2023:06:53:56 +0800] "GET /xingrg/all/function/internal_message.html?_=1683240835606&CODE_STATE=getMsg HTTP/1.1" 200 27
120.253.135.82 - - [05/May/2023:06:54:02 +0800] "GET /xingrg/kc/pszx/mdps_order_operate.html?command=get_materiel&pszx_code=00101&rest_code=00156&base_code=0010246&code=00101013239 HTTP/1.1" 200 434
124.79.240.114 - - [05/May/2023:06:54:17 +0800] "GET /xingrg/all/function/internal_message.html?_=1683240856726&CODE_STATE=getMsg HTTP/1.1" 302 -
180.164.3.199 - - [05/May/2023:06:54:18 +0800] "GET /xingrg/all/function/internal_message.html?_=1683240857647&CODE_STATE=getMsg HTTP/1.1" 200 27
116.224.106.218 - - [05/May/2023:06:54:21 +0800] "GET /xingrg/all/function/internal_message.html?_=1683240859911&CODE_STATE=getMsg HTTP/1.1" 200 27
120.253.135.82 - - [05/May/2023:06:54:22 +0800] "GET /xingrg/all/function/internal_message.html?_=1683240697712&CODE_STATE=getMsg HTTP/1.1" 200 27
120.253.135.82 - - [05/May/2023:06:54:25 +0800] "POST /xingrg/kc/pszx/mdps_order_operate.html HTTP/1.1" 200 37
124.79.73.41 - - [05/May/2023:06:54:26 +0800] "POST /xingrg/services/DataTransmitService HTTP/1.1" 200 524
120.253.135.82 - - [05/May/2023:06:54:27 +0800] "GET /xingrg/kc/pszx/mdps_order_info.html?code=312023050500104 HTTP/1.1" 200 23978
120.253.135.82 - - [05/May/2023:06:54:28 +0800] "GET /xingrg/javascript/easyui/themes/default/validatebox.css HTTP/1.1" 404 1104
120.253.135.82 - - [05/May/2023:06:54:28 +0800] "POST /xingrg/kc/pszx/mdps_order_operate.html HTTP/1.1" 200 10902
120.253.135.82 - - [05/May/2023:06:54:31 +0800] "POST /xingrg/kc/pszx/mdps_list_operate.html HTTP/1.1" 200 2434
180.171.122.0 - - [05/May/2023:06:54:32 +0800] "GET /xingrg/all/function/internal_message.html?_=1683240870018&CODE_STATE=getMsg HTTP/1.1" 200 27
180.171.122.0 - - [05/May/2023:06:54:32 +0800] "GET /xingrg/check_reg.html?_=1683240870012 HTTP/1.1" 200 22
120.253.135.82 - - [05/May/2023:06:54:33 +0800] "POST /xingrg/kc/pszx/mdps_list_operate.html HTTP/1.1" 200 201
124.77.244.62 - - [05/May/2023:06:54:34 +0800] "GET /xingrg/all/function/internal_message.html?_=1683240891419&CODE_STATE=getMsg HTTP/1.1" 200 27
120.253.135.82 - - [05/May/2023:06:54:35 +0800] "POST /xingrg/kc/pszx/mdps_list_operate.html HTTP/1.1" 200 632
120.253.135.82 - - [05/May/2023:06:54:36 +0800] "POST /xingrg/kc/pszx/mdps_list_operate.html HTTP/1.1" 200 527
124.79.240.114 - - [05/May/2023:06:54:44 +0800] "GET /xingrg/all/function/internal_message.html?_=1683240883880&CODE_STATE=getMsg HTTP/1.1" 302 -
116.238.139.35 - - [05/May/2023:06:54:56 +0800] "GET /xingrg/all/function/internal_message.html?_=1683240895590&CODE_STATE=getMsg HTTP/1.1" 200 27
120.253.135.82 - - [05/May/2023:06:55:12 +0800] "GET /xingrg/kc/pszx/mdqp_order_list.html?state=10 HTTP/1.1" 200 11112
120.253.135.82 - - [05/May/2023:06:55:12 +0800] "GET /xingrg/dwr/interface/AjaxQqpsService.js HTTP/1.1" 200 16326
120.253.135.82 - - [05/May/2023:06:55:12 +0800] "GET /xingrg/dwr/interface/AjaxReportQueryService.js HTTP/1.1" 200 13203
120.253.135.82 - - [05/May/2023:06:55:12 +0800] "GET /xingrg/dwr/engine.js HTTP/1.1" 200 43631
120.253.135.82 - - [05/May/2023:06:55:15 +0800] "GET /xingrg/kc/pszx/mdqp_order_info.html?code=302023050400060 HTTP/1.1" 200 13346
120.253.135.82 - - [05/May/2023:06:55:16 +0800] "GET /xingrg/dwr/interface/AjaxComOrderService.js HTTP/1.1" 200 18264
120.253.135.82 - - [05/May/2023:06:55:16 +0800] "GET /xingrg/dwr/interface/AjaxQqpsService.js HTTP/1.1" 200 16326
120.253.135.82 - - [05/May/2023:06:55:16 +0800] "GET /xingrg/dwr/engine.js HTTP/1.1" 200 43631
120.253.135.82 - - [05/May/2023:06:55:17 +0800] "POST /xingrg/dwr/call/plaincall/AjaxQqpsService.loadMaterielItems.dwr HTTP/1.1" 200 2784
124.79.240.114 - - [05/May/2023:06:55:17 +0800] "GET /xingrg/all/function/internal_message.html?_=1683240916717&CODE_STATE=getMsg HTTP/1.1" 302 -
180.164.3.199 - - [05/May/2023:06:55:18 +0800] "GET /xingrg/all/function/internal_message.html?_=1683240917634&CODE_STATE=getMsg HTTP/1.1" 200 27
120.253.135.82 - - [05/May/2023:06:55:19 +0800] "GET /xingrg/images/yd/bt.gif HTTP/1.1" 404 1040
120.253.135.82 - - [05/May/2023:06:55:19 +0800] "GET /xingrg/images/yd/bt2.gif HTTP/1.1" 404 1042
116.224.106.218 - - [05/May/2023:06:55:21 +0800] "GET /xingrg/all/function/internal_message.html?_=1683240919880&CODE_STATE=getMsg HTTP/1.1" 200 27
120.253.135.82 - - [05/May/2023:06:55:22 +0800] "GET /xingrg/all/function/internal_message.html?_=1683240757822&CODE_STATE=getMsg HTTP/1.1" 200 27
120.253.135.82 - - [05/May/2023:06:55:23 +0800] "GET /xingrg/kc/pszx/mdqp_order_list.html?isBack=1 HTTP/1.1" 302 -
120.253.135.82 - - [05/May/2023:06:55:24 +0800] "GET /xingrg/kc/pszx/mdqp_order_list.html?state=10 HTTP/1.1" 200 11112
120.253.135.82 - - [05/May/2023:06:55:24 +0800] "GET /xingrg/dwr/interface/AjaxReportQueryService.js HTTP/1.1" 200 13203
120.253.135.82 - - [05/May/2023:06:55:24 +0800] "GET /xingrg/dwr/interface/AjaxQqpsService.js HTTP/1.1" 200 16326
120.253.135.82 - - [05/May/2023:06:55:24 +0800] "GET /xingrg/dwr/engine.js HTTP/1.1" 200 43631
120.253.135.82 - - [05/May/2023:06:55:26 +0800] "GET /xingrg/kc/pszx/mdqp_order_info.html?code=302023050400059 HTTP/1.1" 200 13346
120.253.135.82 - - [05/May/2023:06:55:26 +0800] "GET /xingrg/dwr/interface/AjaxComOrderService.js HTTP/1.1" 200 18264
120.253.135.82 - - [05/May/2023:06:55:26 +0800] "GET /xingrg/dwr/interface/AjaxQqpsService.js HTTP/1.1" 200 16326
120.253.135.82 - - [05/May/2023:06:55:26 +0800] "GET /xingrg/dwr/engine.js HTTP/1.1" 200 43631
120.253.135.82 - - [05/May/2023:06:55:27 +0800] "POST /xingrg/dwr/call/plaincall/AjaxQqpsService.loadMaterielItems.dwr HTTP/1.1" 200 1654
120.253.135.82 - - [05/May/2023:06:55:30 +0800] "GET /xingrg/kc/pszx/mdqp_order_list.html?isBack=1 HTTP/1.1" 302 -
120.253.135.82 - - [05/May/2023:06:55:30 +0800] "GET /xingrg/images/yd/bt.gif HTTP/1.1" 404 1040
120.253.135.82 - - [05/May/2023:06:55:30 +0800] "GET /xingrg/images/yd/bt2.gif HTTP/1.1" 404 1042
120.253.135.82 - - [05/May/2023:06:55:30 +0800] "GET /xingrg/kc/pszx/mdqp_order_list.html?state=10 HTTP/1.1" 200 11112
120.253.135.82 - - [05/May/2023:06:55:30 +0800] "GET /xingrg/dwr/interface/AjaxQqpsService.js HTTP/1.1" 200 16326
120.253.135.82 - - [05/May/2023:06:55:30 +0800] "GET /xingrg/dwr/interface/AjaxReportQueryService.js HTTP/1.1" 200 13203
120.253.135.82 - - [05/May/2023:06:55:30 +0800] "GET /xingrg/dwr/engine.js HTTP/1.1" 200 43631
180.171.122.0 - - [05/May/2023:06:55:32 +0800] "GET /xingrg/all/function/internal_message.html?_=1683240930003&CODE_STATE=getMsg HTTP/1.1" 200 27
120.253.135.82 - - [05/May/2023:06:55:34 +0800] "GET /xingrg/kc/pszx/jzcl_ps.html HTTP/1.1" 200 7683
124.77.244.62 - - [05/May/2023:06:55:34 +0800] "GET /xingrg/check_reg.html?_=1683240951279 HTTP/1.1" 200 22
120.253.135.82 - - [05/May/2023:06:55:34 +0800] "POST /xingrg/all/common/load_tree.html?tree=area_rest_tree_json HTTP/1.1" 200 3499
124.77.244.62 - - [05/May/2023:06:55:34 +0800] "GET /xingrg/all/function/internal_message.html?_=1683240951434&CODE_STATE=getMsg HTTP/1.1" 200 27
120.253.135.82 - - [05/May/2023:06:55:34 +0800] "POST /xingrg/kc/pszx/jzcl_ps_operate.html HTTP/1.1" 200 930
120.253.135.82 - - [05/May/2023:06:55:35 +0800] "POST /xingrg/kc/pszx/jzcl_ps_operate.html HTTP/1.1" 200 930
124.79.240.114 - - [05/May/2023:06:55:44 +0800] "GET /xingrg/all/function/internal_message.html?_=1683240943872&CODE_STATE=getMsg HTTP/1.1" 302 -
120.253.135.82 - - [05/May/2023:06:55:50 +0800] "POST /xingrg/kc/pszx/jzcl_ps_operate.html HTTP/1.1" 200 4
116.238.139.35 - - [05/May/2023:06:55:56 +0800] "GET /xingrg/all/function/internal_message.html?_=1683240955591&CODE_STATE=getMsg HTTP/1.1" 200 27
116.238.139.35 - - [05/May/2023:06:55:56 +0800] "GET /xingrg/check_reg.html?_=1683240955593 HTTP/1.1" 200 22
120.253.135.82 - - [05/May/2023:06:56:03 +0800] "POST /xingrg/kc/pszx/jzcl_ps_operate.html HTTP/1.1" 200 21
120.253.135.82 - - [05/May/2023:06:56:03 +0800] "GET /xingrg/kc/pszx/mdps_order_list.html HTTP/1.1" 200 21032
120.253.135.82 - - [05/May/2023:06:56:04 +0800] "POST /xingrg/kc/pszx/mdps_list_operate.html HTTP/1.1" 200 5250
120.253.135.82 - - [05/May/2023:06:56:11 +0800] "POST /xingrg/kc/pszx/mdps_list_operate.html HTTP/1.1" 200 2059
124.79.240.114 - - [05/May/2023:06:56:17 +0800] "GET /xingrg/all/function/internal_message.html?_=1683240976726&CODE_STATE=getMsg HTTP/1.1" 302 -
180.164.3.199 - - [05/May/2023:06:56:18 +0800] "GET /xingrg/all/function/internal_message.html?_=1683240977644&CODE_STATE=getMsg HTTP/1.1" 200 27
180.164.3.199 - - [05/May/2023:06:56:18 +0800] "GET /xingrg/check_reg.html?_=1683240977645 HTTP/1.1" 200 22
116.224.106.218 - - [05/May/2023:06:56:21 +0800] "GET /xingrg/all/function/internal_message.html?_=1683240979865&CODE_STATE=getMsg HTTP/1.1" 200 27
120.253.135.82 - - [05/May/2023:06:56:22 +0800] "GET /xingrg/all/function/internal_message.html?_=1683240817832&CODE_STATE=getMsg HTTP/1.1" 200 27
120.253.135.82 - - [05/May/2023:06:56:25 +0800] "POST /xingrg/kc/pszx/mdps_list_operate.html HTTP/1.1" 200 615
120.253.135.82 - - [05/May/2023:06:56:26 +0800] "GET /xingrg/kc/pszx/mdps_order_info.html?code=312023050500105 HTTP/1.1" 200 23976
120.253.135.82 - - [05/May/2023:06:56:27 +0800] "GET /xingrg/javascript/easyui/themes/default/validatebox.css HTTP/1.1" 404 1104
120.253.135.82 - - [05/May/2023:06:56:27 +0800] "POST /xingrg/kc/pszx/mdps_order_operate.html HTTP/1.1" 200 6298
120.253.135.82 - - [05/May/2023:06:56:30 +0800] "POST /xingrg/kc/pszx/mdps_order_operate.html HTTP/1.1" 200 37
120.253.135.82 - - [05/May/2023:06:56:31 +0800] "GET /xingrg/kc/pszx/mdps_order_info.html?code=312023050500105 HTTP/1.1" 200 23976
120.253.135.82 - - [05/May/2023:06:56:32 +0800] "GET /xingrg/javascript/easyui/themes/default/validatebox.css HTTP/1.1" 404 1104
180.171.122.0 - - [05/May/2023:06:56:32 +0800] "GET /xingrg/all/function/internal_message.html?_=1683240990007&CODE_STATE=getMsg HTTP/1.1" 200 27
120.253.135.82 - - [05/May/2023:06:56:33 +0800] "POST /xingrg/kc/pszx/mdps_order_operate.html HTTP/1.1" 200 6369
124.77.244.62 - - [05/May/2023:06:56:34 +0800] "GET /xingrg/all/function/internal_message.html?_=1683241011445&CODE_STATE=getMsg HTTP/1.1" 200 27
124.79.240.114 - - [05/May/2023:06:56:44 +0800] "GET /xingrg/all/function/internal_message.html?_=1683241003887&CODE_STATE=getMsg HTTP/1.1" 302 -
120.253.135.82 - - [05/May/2023:06:56:53 +0800] "POST /xingrg/kc/pszx/mdps_list_operate.html HTTP/1.1" 200 571
120.253.135.82 - - [05/May/2023:06:56:54 +0800] "GET /xingrg/kc/pszx/mdps_order_info.html?code=312023050500106 HTTP/1.1" 200 23976
120.253.135.82 - - [05/May/2023:06:56:55 +0800] "GET /xingrg/javascript/easyui/themes/default/validatebox.css HTTP/1.1" 404 1104
120.253.135.82 - - [05/May/2023:06:56:55 +0800] "POST /xingrg/kc/pszx/mdps_order_operate.html HTTP/1.1" 200 4340
116.238.139.35 - - [05/May/2023:06:56:56 +0800] "GET /xingrg/all/function/internal_message.html?_=1683241015595&CODE_STATE=getMsg HTTP/1.1" 200 27
120.253.135.82 - - [05/May/2023:06:56:58 +0800] "POST /xingrg/kc/pszx/mdps_order_operate.html HTTP/1.1" 200 37
120.253.135.82 - - [05/May/2023:06:57:00 +0800] "GET /xingrg/kc/pszx/mdps_order_info.html?code=312023050500106 HTTP/1.1" 200 23976
120.253.135.82 - - [05/May/2023:06:57:01 +0800] "GET /xingrg/javascript/easyui/themes/default/validatebox.css HTTP/1.1" 404 1104
120.253.135.82 - - [05/May/2023:06:57:01 +0800] "POST /xingrg/kc/pszx/mdps_order_operate.html HTTP/1.1" 200 4376
124.79.240.114 - - [05/May/2023:06:57:17 +0800] "GET /xingrg/all/function/internal_message.html?_=1683241036724&CODE_STATE=getMsg HTTP/1.1" 302 -
180.164.3.199 - - [05/May/2023:06:57:18 +0800] "GET /xingrg/all/function/internal_message.html?_=1683241037640&CODE_STATE=getMsg HTTP/1.1" 200 27
116.224.106.218 - - [05/May/2023:06:57:21 +0800] "GET /xingrg/all/function/internal_message.html?_=1683241039850&CODE_STATE=getMsg HTTP/1.1" 200 27
120.253.135.82 - - [05/May/2023:06:57:22 +0800] "GET /xingrg/all/function/internal_message.html?_=1683240877846&CODE_STATE=getMsg HTTP/1.1" 200 27
180.171.122.0 - - [05/May/2023:06:57:32 +0800] "GET /xingrg/all/function/internal_message.html?_=1683241050011&CODE_STATE=getMsg HTTP/1.1" 200 27
116.224.106.218 - - [05/May/2023:06:57:33 +0800] "GET /xingrg/check_reg.html?_=1683241052386 HTTP/1.1" 200 22
124.77.244.62 - - [05/May/2023:06:57:34 +0800] "GET /xingrg/all/function/internal_message.html?_=1683241071460&CODE_STATE=getMsg HTTP/1.1" 200 27
124.79.240.114 - - [05/May/2023:06:57:44 +0800] "GET /xingrg/all/function/internal_message.html?_=1683241063884&CODE_STATE=getMsg HTTP/1.1" 302 -
116.238.139.35 - - [05/May/2023:06:57:56 +0800] "GET /xingrg/all/function/internal_message.html?_=1683241075593&CODE_STATE=getMsg HTTP/1.1" 200 27
120.253.135.82 - - [05/May/2023:06:58:11 +0800] "POST /xingrg/kc/pszx/mdps_order_operate.html HTTP/1.1" 200 37
120.253.135.82 - - [05/May/2023:06:58:12 +0800] "GET /xingrg/kc/pszx/mdps_order_info.html?code=312023050500106 HTTP/1.1" 200 23976
120.253.135.82 - - [05/May/2023:06:58:13 +0800] "GET /xingrg/javascript/easyui/themes/default/validatebox.css HTTP/1.1" 404 1104
120.253.135.82 - - [05/May/2023:06:58:13 +0800] "POST /xingrg/kc/pszx/mdps_order_operate.html HTTP/1.1" 200 4376
120.253.135.82 - - [05/May/2023:06:58:16 +0800] "POST /xingrg/kc/pszx/mdps_list_operate.html HTTP/1.1" 200 2059
124.79.240.114 - - [05/May/2023:06:58:17 +0800] "GET /xingrg/all/function/internal_message.html?_=1683241096722&CODE_STATE=getMsg HTTP/1.1" 302 -
124.79.240.114 - - [05/May/2023:06:58:17 +0800] "GET /xingrg/check_reg.html?_=1683241096718 HTTP/1.1" 302 -
180.164.3.199 - - [05/May/2023:06:58:18 +0800] "GET /xingrg/all/function/internal_message.html?_=1683241097641&CODE_STATE=getMsg HTTP/1.1" 200 27
120.253.135.82 - - [05/May/2023:06:58:18 +0800] "GET /xingrg/kc/pszx/mdps_order_add.html HTTP/1.1" 200 29101
120.253.135.82 - - [05/May/2023:06:58:18 +0800] "POST /xingrg/kc/pszx/mdps_order_operate.html HTTP/1.1" 200 7126
120.253.135.82 - - [05/May/2023:06:58:18 +0800] "GET /xingrg/javascript/easyui/themes/default/validatebox.css HTTP/1.1" 404 1104
120.253.135.82 - - [05/May/2023:06:58:20 +0800] "GET /xingrg/check_reg.html?_=1683240935332 HTTP/1.1" 200 22
116.224.106.218 - - [05/May/2023:06:58:21 +0800] "GET /xingrg/all/function/internal_message.html?_=1683241099832&CODE_STATE=getMsg HTTP/1.1" 200 27
120.253.135.82 - - [05/May/2023:06:58:22 +0800] "GET /xingrg/all/function/internal_message.html?_=1683240937860&CODE_STATE=getMsg HTTP/1.1" 200 27
120.253.135.82 - - [05/May/2023:06:58:28 +0800] "POST /xingrg/all/common/load_combo.html?type=base HTTP/1.1" 200 1169
180.171.122.0 - - [05/May/2023:06:58:32 +0800] "GET /xingrg/all/function/internal_message.html?_=1683241110001&CODE_STATE=getMsg HTTP/1.1" 200 27
124.77.244.62 - - [05/May/2023:06:58:34 +0800] "GET /xingrg/all/function/internal_message.html?_=1683241131642&CODE_STATE=getMsg HTTP/1.1" 200 27
124.79.240.114 - - [05/May/2023:06:58:44 +0800] "GET /xingrg/check_reg.html?_=1683241123884 HTTP/1.1" 302 -
124.79.240.114 - - [05/May/2023:06:58:44 +0800] "GET /xingrg/all/function/internal_message.html?_=1683241123889&CODE_STATE=getMsg HTTP/1.1" 302 -
120.253.135.82 - - [05/May/2023:06:58:48 +0800] "GET /xingrg/kc/pszx/mdps_order_operate.html?command=get_materiel&pszx_code=00101&rest_code=00103&base_code=0010570&code=00101026179 HTTP/1.1" 200 452
120.253.135.82 - - [05/May/2023:06:58:49 +0800] "POST /xingrg/all/common/load_select.html HTTP/1.1" 200 25
120.253.135.82 - - [05/May/2023:06:58:51 +0800] "GET /xingrg/kc/pszx/mdps_order_operate.html?command=get_materiel_price&pszx_code=00101&rest_code=00103&base_code=0010570&code=00101026179&unit_code=00100189&order_time=2023-05-06 HTTP/1.1" 200 36
116.238.139.35 - - [05/May/2023:06:58:56 +0800] "GET /xingrg/all/function/internal_message.html?_=1683241135595&CODE_STATE=getMsg HTTP/1.1" 200 27
120.253.135.82 - - [05/May/2023:06:58:58 +0800] "POST /xingrg/kc/pszx/mdps_order_operate.html HTTP/1.1" 200 37
120.253.135.82 - - [05/May/2023:06:59:00 +0800] "GET /xingrg/kc/pszx/mdps_order_info.html?code=312023050500107 HTTP/1.1" 200 23974
120.253.135.82 - - [05/May/2023:06:59:00 +0800] "GET /xingrg/javascript/easyui/themes/default/validatebox.css HTTP/1.1" 404 1104
120.253.135.82 - - [05/May/2023:06:59:01 +0800] "POST /xingrg/kc/pszx/mdps_order_operate.html HTTP/1.1" 200 2304
120.253.135.82 - - [05/May/2023:06:59:02 +0800] "POST /xingrg/kc/pszx/mdps_list_operate.html HTTP/1.1" 200 2425
120.253.135.82 - - [05/May/2023:06:59:04 +0800] "POST /xingrg/kc/pszx/mdps_list_operate.html HTTP/1.1" 200 571
120.253.135.82 - - [05/May/2023:06:59:07 +0800] "GET /xingrg/kc/pszx/mdps_order_info.html?code=312023050500106 HTTP/1.1" 200 23976
120.253.135.82 - - [05/May/2023:06:59:08 +0800] "GET /xingrg/javascript/easyui/themes/default/validatebox.css HTTP/1.1" 404 1104
120.253.135.82 - - [05/May/2023:06:59:08 +0800] "POST /xingrg/kc/pszx/mdps_order_operate.html HTTP/1.1" 200 4376
120.253.135.82 - - [05/May/2023:06:59:17 +0800] "POST /xingrg/kc/pszx/mdps_order_operate.html HTTP/1.1" 200 37
124.79.240.114 - - [05/May/2023:06:59:17 +0800] "GET /xingrg/all/function/internal_message.html?_=1683241156735&CODE_STATE=getMsg HTTP/1.1" 302 -
180.164.3.199 - - [05/May/2023:06:59:18 +0800] "GET /xingrg/all/function/internal_message.html?_=1683241157640&CODE_STATE=getMsg HTTP/1.1" 200 27
120.253.135.82 - - [05/May/2023:06:59:18 +0800] "GET /xingrg/kc/pszx/mdps_order_info.html?code=312023050500106 HTTP/1.1" 200 23976
120.253.135.82 - - [05/May/2023:06:59:19 +0800] "GET /xingrg/javascript/easyui/themes/default/validatebox.css HTTP/1.1" 404 1104
120.253.135.82 - - [05/May/2023:06:59:19 +0800] "POST /xingrg/kc/pszx/mdps_order_operate.html HTTP/1.1" 200 3859
116.224.106.218 - - [05/May/2023:06:59:21 +0800] "GET /xingrg/all/function/internal_message.html?_=1683241159814&CODE_STATE=getMsg HTTP/1.1" 200 27
120.253.135.82 - - [05/May/2023:06:59:21 +0800] "POST /xingrg/kc/pszx/mdps_list_operate.html HTTP/1.1" 200 2425
120.253.135.82 - - [05/May/2023:06:59:22 +0800] "GET /xingrg/all/function/internal_message.html?_=1683240997874&CODE_STATE=getMsg HTTP/1.1" 200 27
120.253.135.82 - - [05/May/2023:06:59:28 +0800] "POST /xingrg/kc/pszx/mdps_list_operate.html HTTP/1.1" 200 479
120.253.135.82 - - [05/May/2023:06:59:30 +0800] "POST /xingrg/kc/pszx/mdps_list_operate.html HTTP/1.1" 200 615
180.171.122.0 - - [05/May/2023:06:59:32 +0800] "GET /xingrg/all/function/internal_message.html?_=1683241170005&CODE_STATE=getMsg HTTP/1.1" 200 27
180.171.122.0 - - [05/May/2023:06:59:32 +0800] "GET /xingrg/check_reg.html?_=1683241170013 HTTP/1.1" 200 22
124.77.244.62 - - [05/May/2023:06:59:34 +0800] "GET /xingrg/all/function/internal_message.html?_=1683241191644&CODE_STATE=getMsg HTTP/1.1" 200 27
120.253.135.82 - - [05/May/2023:06:59:36 +0800] "POST /xingrg/kc/pszx/mdps_list_operate.html HTTP/1.1" 200 218
120.253.135.82 - - [05/May/2023:06:59:43 +0800] "GET /xingrg/kc/pszx/mdps_order_info.html?code=312023050500105 HTTP/1.1" 200 23976
120.253.135.82 - - [05/May/2023:06:59:44 +0800] "GET /xingrg/javascript/easyui/themes/default/validatebox.css HTTP/1.1" 404 1104
124.79.240.114 - - [05/May/2023:06:59:44 +0800] "GET /xingrg/all/function/internal_message.html?_=1683241183886&CODE_STATE=getMsg HTTP/1.1" 302 -
120.253.135.82 - - [05/May/2023:06:59:44 +0800] "POST /xingrg/kc/pszx/mdps_order_operate.html HTTP/1.1" 200 6369
120.253.135.82 - - [05/May/2023:06:59:50 +0800] "POST /xingrg/kc/pszx/mdps_list_operate.html HTTP/1.1" 200 2425
120.253.135.82 - - [05/May/2023:06:59:51 +0800] "POST /xingrg/kc/pszx/mdps_list_operate.html HTTP/1.1" 200 479
120.253.135.82 - - [05/May/2023:06:59:55 +0800] "POST /xingrg/kc/pszx/mdps_list_operate.html HTTP/1.1" 200 615
116.238.139.35 - - [05/May/2023:06:59:56 +0800] "GET /xingrg/all/function/internal_message.html?_=1683241195606&CODE_STATE=getMsg HTTP/1.1" 200 27
120.253.135.82 - - [05/May/2023:06:59:58 +0800] "GET /xingrg/kc/pszx/mdps_order_info.html?code=312023050500106 HTTP/1.1" 200 23976
120.253.135.82 - - [05/May/2023:06:59:59 +0800] "GET /xingrg/javascript/easyui/themes/default/validatebox.css HTTP/1.1" 404 1104
120.253.135.82 - - [05/May/2023:06:59:59 +0800] "POST /xingrg/kc/pszx/mdps_order_operate.html HTTP/1.1" 200 3859
120.253.135.82 - - [05/May/2023:07:00:01 +0800] "POST /xingrg/kc/pszx/mdps_list_operate.html HTTP/1.1" 200 2425
180.164.3.199 - - [05/May/2023:07:00:18 +0800] "GET /xingrg/all/function/internal_message.html?_=1683241217628&CODE_STATE=getMsg HTTP/1.1" 200 27
116.224.106.218 - - [05/May/2023:07:00:21 +0800] "GET /xingrg/all/function/internal_message.html?_=1683241219800&CODE_STATE=getMsg HTTP/1.1" 200 27
120.253.135.82 - - [05/May/2023:07:00:23 +0800] "GET /xingrg/all/function/internal_message.html?_=1683241058123&CODE_STATE=getMsg HTTP/1.1" 200 27
180.171.122.0 - - [05/May/2023:07:00:32 +0800] "GET /xingrg/all/function/internal_message.html?_=1683241230013&CODE_STATE=getMsg HTTP/1.1" 200 27
124.79.240.114 - - [05/May/2023:07:00:44 +0800] "GET /xingrg/all/function/internal_message.html?_=1683241243885&CODE_STATE=getMsg HTTP/1.1" 302 -
116.238.139.35 - - [05/May/2023:07:00:56 +0800] "GET /xingrg/check_reg.html?_=1683241255593 HTTP/1.1" 200 22
116.238.139.35 - - [05/May/2023:07:00:56 +0800] "GET /xingrg/all/function/internal_message.html?_=1683241255597&CODE_STATE=getMsg HTTP/1.1" 200 27
120.253.135.82 - - [05/May/2023:07:01:00 +0800] "GET /xingrg/kc/report/report_main.html HTTP/1.1" 200 8599
120.253.135.82 - - [05/May/2023:07:01:00 +0800] "GET /xingrg/javascript/jquery_ui/themes/humanity/humanity.css HTTP/1.1" 200 27801
120.253.135.82 - - [05/May/2023:07:01:01 +0800] "GET /xingrg/kc/base/kc_stocks.html HTTP/1.1" 200 16506
120.253.135.82 - - [05/May/2023:07:01:01 +0800] "GET /xingrg/javascript/easyui/themes/sunny/easyui.css HTTP/1.1" 200 34304
120.253.135.82 - - [05/May/2023:07:01:01 +0800] "GET /xingrg/javascript/easyui/themes/icons/print_new.png HTTP/1.1" 200 3580
120.253.135.82 - - [05/May/2023:07:01:02 +0800] "GET /xingrg/javascript/easyui/themes/icons/refresh_new.png HTTP/1.1" 200 685
120.253.135.82 - - [05/May/2023:07:01:02 +0800] "GET /xingrg/javascript/easyui/themes/icons/filter_new.png HTTP/1.1" 200 795
120.253.135.82 - - [05/May/2023:07:01:02 +0800] "GET /xingrg/javascript/easyui/plugins/jquery.draggable.js HTTP/1.1" 200 6121
120.253.135.82 - - [05/May/2023:07:01:02 +0800] "GET /xingrg/javascript/easyui/plugins/jquery.droppable.js HTTP/1.1" 200 1167
120.253.135.82 - - [05/May/2023:07:01:02 +0800] "GET /xingrg/javascript/easyui/plugins/jquery.tree.js HTTP/1.1" 200 20874
120.253.135.82 - - [05/May/2023:07:01:02 +0800] "GET /xingrg/javascript/easyui/themes/default/tree.css HTTP/1.1" 404 1090
120.253.135.82 - - [05/May/2023:07:01:02 +0800] "POST /xingrg/all/common/load_tree.html?tree=materiel_sort_tree_json HTTP/1.1" 200 9500
120.253.135.82 - - [05/May/2023:07:01:02 +0800] "GET /xingrg/javascript/easyui/themes/sunny/images/tree_arrows.gif HTTP/1.1" 200 617
120.253.135.82 - - [05/May/2023:07:01:02 +0800] "GET /xingrg/javascript/easyui/themes/sunny/images/tree_folder_open.gif HTTP/1.1" 200 956
120.253.135.82 - - [05/May/2023:07:01:02 +0800] "GET /xingrg/javascript/easyui/themes/sunny/images/tree_folder.gif HTTP/1.1" 200 952
120.253.135.82 - - [05/May/2023:07:01:02 +0800] "GET /xingrg/javascript/easyui/themes/sunny/images/tree_file.gif HTTP/1.1" 200 118
120.253.135.82 - - [05/May/2023:07:01:03 +0800] "POST /xingrg/all/common/load_combo.html?type=base HTTP/1.1" 200 1169
124.79.240.114 - - [05/May/2023:07:01:17 +0800] "GET /xingrg/all/function/internal_message.html?_=1683241276718&CODE_STATE=getMsg HTTP/1.1" 302 -
180.164.3.199 - - [05/May/2023:07:01:18 +0800] "GET /xingrg/all/function/internal_message.html?_=1683241277641&CODE_STATE=getMsg HTTP/1.1" 200 27
180.164.3.199 - - [05/May/2023:07:01:18 +0800] "GET /xingrg/check_reg.html?_=1683241277644 HTTP/1.1" 200 22
116.224.106.218 - - [05/May/2023:07:01:21 +0800] "GET /xingrg/all/function/internal_message.html?_=1683241279781&CODE_STATE=getMsg HTTP/1.1" 200 27
120.253.135.82 - - [05/May/2023:07:01:23 +0800] "GET /xingrg/all/function/internal_message.html?_=1683241118358&CODE_STATE=getMsg HTTP/1.1" 200 27
180.171.122.0 - - [05/May/2023:07:01:32 +0800] "GET /xingrg/all/function/internal_message.html?_=1683241290002&CODE_STATE=getMsg HTTP/1.1" 200 27
124.79.240.114 - - [05/May/2023:07:01:44 +0800] "GET /xingrg/all/function/internal_message.html?_=1683241303882&CODE_STATE=getMsg HTTP/1.1" 302 -
116.238.139.35 - - [05/May/2023:07:01:56 +0800] "GET /xingrg/all/function/internal_message.html?_=1683241315608&CODE_STATE=getMsg HTTP/1.1" 200 27
124.79.240.114 - - [05/May/2023:07:02:17 +0800] "GET /xingrg/all/function/internal_message.html?_=1683241336732&CODE_STATE=getMsg HTTP/1.1" 302 -
180.164.3.199 - - [05/May/2023:07:02:18 +0800] "GET /xingrg/all/function/internal_message.html?_=1683241337640&CODE_STATE=getMsg HTTP/1.1" 200 27
116.224.106.218 - - [05/May/2023:07:02:20 +0800] "GET /xingrg/all/function/internal_message.html?_=1683241339761&CODE_STATE=getMsg HTTP/1.1" 200 27
120.253.135.82 - - [05/May/2023:07:02:23 +0800] "GET /xingrg/all/function/internal_message.html?_=1683241178366&CODE_STATE=getMsg HTTP/1.1" 200 27
120.253.135.82 - - [05/May/2023:07:02:32 +0800] "POST /xingrg/kc/base/stock_operate.html HTTP/1.1" 200 1468
120.253.135.82 - - [05/May/2023:07:02:32 +0800] "GET /xingrg/javascript/jquery_tools/fix_table.js HTTP/1.1" 200 6528
180.171.122.0 - - [05/May/2023:07:02:32 +0800] "GET /xingrg/all/function/internal_message.html?_=1683241350005&CODE_STATE=getMsg HTTP/1.1" 200 27
116.224.106.218 - - [05/May/2023:07:02:33 +0800] "GET /xingrg/check_reg.html?_=1683241352363 HTTP/1.1" 200 22
124.79.240.114 - - [05/May/2023:07:02:44 +0800] "GET /xingrg/all/function/internal_message.html?_=1683241363883&CODE_STATE=getMsg HTTP/1.1" 302 -
116.238.139.35 - - [05/May/2023:07:02:56 +0800] "GET /xingrg/all/function/internal_message.html?_=1683241375595&CODE_STATE=getMsg HTTP/1.1" 200 27
120.253.135.82 - - [05/May/2023:07:03:02 +0800] "POST /xingrg/kc/base/stock_operate.html HTTP/1.1" 200 1461
124.79.240.114 - - [05/May/2023:07:03:17 +0800] "GET /xingrg/check_reg.html?_=1683241396715 HTTP/1.1" 302 -
124.79.240.114 - - [05/May/2023:07:03:17 +0800] "GET /xingrg/all/function/internal_message.html?_=1683241396719&CODE_STATE=getMsg HTTP/1.1" 302 -
180.164.3.199 - - [05/May/2023:07:03:18 +0800] "GET /xingrg/all/function/internal_message.html?_=1683241397631&CODE_STATE=getMsg HTTP/1.1" 200 27
120.253.135.82 - - [05/May/2023:07:03:20 +0800] "GET /xingrg/check_reg.html?_=1683241235342 HTTP/1.1" 200 22
116.224.106.218 - - [05/May/2023:07:03:20 +0800] "GET /xingrg/all/function/internal_message.html?_=1683241399749&CODE_STATE=getMsg HTTP/1.1" 200 27
120.253.135.82 - - [05/May/2023:07:03:23 +0800] "GET /xingrg/all/function/internal_message.html?_=1683241238620&CODE_STATE=getMsg HTTP/1.1" 200 27
120.253.135.82 - - [05/May/2023:07:03:24 +0800] "POST /xingrg/kc/base/stock_operate.html HTTP/1.1" 200 1457
120.253.135.82 - - [05/May/2023:07:03:32 +0800] "POST /xingrg/kc/base/stock_operate.html HTTP/1.1" 200 1731
180.171.122.0 - - [05/May/2023:07:03:32 +0800] "GET /xingrg/all/function/internal_message.html?_=1683241410009&CODE_STATE=getMsg HTTP/1.1" 200 27
124.79.240.114 - - [05/May/2023:07:03:44 +0800] "GET /xingrg/all/function/internal_message.html?_=1683241423880&CODE_STATE=getMsg HTTP/1.1" 302 -
124.79.240.114 - - [05/May/2023:07:03:44 +0800] "GET /xingrg/check_reg.html?_=1683241423885 HTTP/1.1" 302 -
116.238.139.35 - - [05/May/2023:07:03:56 +0800] "GET /xingrg/all/function/internal_message.html?_=1683241435595&CODE_STATE=getMsg HTTP/1.1" 200 27
124.79.240.114 - - [05/May/2023:07:04:17 +0800] "GET /xingrg/all/function/internal_message.html?_=1683241456728&CODE_STATE=getMsg HTTP/1.1" 302 -
180.164.3.199 - - [05/May/2023:07:04:18 +0800] "GET /xingrg/all/function/internal_message.html?_=1683241457644&CODE_STATE=getMsg HTTP/1.1" 200 27
116.224.106.218 - - [05/May/2023:07:04:20 +0800] "GET /xingrg/all/function/internal_message.html?_=1683241459731&CODE_STATE=getMsg HTTP/1.1" 200 27
120.253.135.82 - - [05/May/2023:07:04:23 +0800] "GET /xingrg/all/function/internal_message.html?_=1683241298628&CODE_STATE=getMsg HTTP/1.1" 200 27
180.171.122.0 - - [05/May/2023:07:04:32 +0800] "GET /xingrg/check_reg.html?_=1683241470005 HTTP/1.1" 200 22
180.171.122.0 - - [05/May/2023:07:04:32 +0800] "GET /xingrg/all/function/internal_message.html?_=1683241469999&CODE_STATE=getMsg HTTP/1.1" 200 27
124.79.240.114 - - [05/May/2023:07:04:44 +0800] "GET /xingrg/all/function/internal_message.html?_=1683241483879&CODE_STATE=getMsg HTTP/1.1" 302 -
120.253.135.82 - - [05/May/2023:07:04:54 +0800] "POST /xingrg/kc/base/stock_operate.html HTTP/1.1" 200 1460
116.238.139.35 - - [05/May/2023:07:04:56 +0800] "GET /xingrg/all/function/internal_message.html?_=1683241495606&CODE_STATE=getMsg HTTP/1.1" 200 27
120.253.135.82 - - [05/May/2023:07:05:00 +0800] "POST /xingrg/kc/base/stock_operate.html HTTP/1.1" 200 1456
124.79.240.114 - - [05/May/2023:07:05:17 +0800] "GET /xingrg/all/function/internal_message.html?_=1683241516717&CODE_STATE=getMsg HTTP/1.1" 302 -
180.164.3.199 - - [05/May/2023:07:05:18 +0800] "GET /xingrg/all/function/internal_message.html?_=1683241517638&CODE_STATE=getMsg HTTP/1.1" 200 27
116.224.106.218 - - [05/May/2023:07:05:20 +0800] "GET /xingrg/all/function/internal_message.html?_=1683241519706&CODE_STATE=getMsg HTTP/1.1" 200 27
120.253.135.82 - - [05/May/2023:07:05:23 +0800] "GET /xingrg/all/function/internal_message.html?_=1683241358641&CODE_STATE=getMsg HTTP/1.1" 200 27
120.253.135.82 - - [05/May/2023:07:05:31 +0800] "POST /xingrg/kc/base/stock_operate.html HTTP/1.1" 200 1731
180.171.122.0 - - [05/May/2023:07:05:32 +0800] "GET /xingrg/all/function/internal_message.html?_=1683241530010&CODE_STATE=getMsg HTTP/1.1" 200 27
120.253.135.82 - - [05/May/2023:07:05:39 +0800] "POST /xingrg/kc/base/stock_operate.html HTTP/1.1" 200 1754
124.79.240.114 - - [05/May/2023:07:05:44 +0800] "GET /xingrg/all/function/internal_message.html?_=1683241543884&CODE_STATE=getMsg HTTP/1.1" 302 -
116.238.139.35 - - [05/May/2023:07:05:56 +0800] "GET /xingrg/check_reg.html?_=1683241555608 HTTP/1.1" 200 22
116.238.139.35 - - [05/May/2023:07:05:56 +0800] "GET /xingrg/all/function/internal_message.html?_=1683241555612&CODE_STATE=getMsg HTTP/1.1" 200 27
124.79.240.114 - - [05/May/2023:07:06:17 +0800] "GET /xingrg/all/function/internal_message.html?_=1683241576724&CODE_STATE=getMsg HTTP/1.1" 302 -
180.164.3.199 - - [05/May/2023:07:06:18 +0800] "GET /xingrg/all/function/internal_message.html?_=1683241577627&CODE_STATE=getMsg HTTP/1.1" 200 27
180.164.3.199 - - [05/May/2023:07:06:18 +0800] "GET /xingrg/check_reg.html?_=1683241577630 HTTP/1.1" 200 22
116.224.106.218 - - [05/May/2023:07:06:20 +0800] "GET /xingrg/all/function/internal_message.html?_=1683241579690&CODE_STATE=getMsg HTTP/1.1" 200 27
120.253.135.82 - - [05/May/2023:07:06:23 +0800] "GET /xingrg/all/function/internal_message.html?_=1683241418654&CODE_STATE=getMsg HTTP/1.1" 200 27
120.253.135.82 - - [05/May/2023:07:06:29 +0800] "POST /xingrg/kc/base/stock_operate.html HTTP/1.1" 200 1468
180.171.122.0 - - [05/May/2023:07:06:32 +0800] "GET /xingrg/all/function/internal_message.html?_=1683241590024&CODE_STATE=getMsg HTTP/1.1" 200 27
124.79.240.114 - - [05/May/2023:07:06:44 +0800] "GET /xingrg/all/function/internal_message.html?_=1683241603885&CODE_STATE=getMsg HTTP/1.1" 302 -
116.238.139.35 - - [05/May/2023:07:06:56 +0800] "GET /xingrg/all/function/internal_message.html?_=1683241615598&CODE_STATE=getMsg HTTP/1.1" 200 27
120.253.135.82 - - [05/May/2023:07:06:58 +0800] "POST /xingrg/kc/base/stock_operate.html HTTP/1.1" 200 1482
124.79.240.114 - - [05/May/2023:07:07:17 +0800] "GET /xingrg/all/function/internal_message.html?_=1683241636716&CODE_STATE=getMsg HTTP/1.1" 302 -
180.164.3.199 - - [05/May/2023:07:07:18 +0800] "GET /xingrg/all/function/internal_message.html?_=1683241637642&CODE_STATE=getMsg HTTP/1.1" 200 27
116.224.106.218 - - [05/May/2023:07:07:20 +0800] "GET /xingrg/all/function/internal_message.html?_=1683241639673&CODE_STATE=getMsg HTTP/1.1" 200 27
120.253.135.82 - - [05/May/2023:07:07:23 +0800] "GET /xingrg/all/function/internal_message.html?_=1683241478668&CODE_STATE=getMsg HTTP/1.1" 200 27
180.171.122.0 - - [05/May/2023:07:07:32 +0800] "GET /xingrg/all/function/internal_message.html?_=1683241650024&CODE_STATE=getMsg HTTP/1.1" 200 27
116.224.106.218 - - [05/May/2023:07:07:33 +0800] "GET /xingrg/check_reg.html?_=1683241652349 HTTP/1.1" 200 22
124.79.240.114 - - [05/May/2023:07:07:44 +0800] "GET /xingrg/all/function/internal_message.html?_=1683241663888&CODE_STATE=getMsg HTTP/1.1" 302 -
116.232.39.77 - - [05/May/2023:07:07:45 +0800] "POST /xingrg/services/DataTransmitService HTTP/1.1" 200 524
116.238.139.35 - - [05/May/2023:07:07:56 +0800] "GET /xingrg/all/function/internal_message.html?_=1683241675609&CODE_STATE=getMsg HTTP/1.1" 200 27
124.79.240.114 - - [05/May/2023:07:08:17 +0800] "GET /xingrg/check_reg.html?_=1683241696735 HTTP/1.1" 302 -
124.79.240.114 - - [05/May/2023:07:08:17 +0800] "GET /xingrg/all/function/internal_message.html?_=1683241696740&CODE_STATE=getMsg HTTP/1.1" 302 -
180.164.3.199 - - [05/May/2023:07:08:18 +0800] "GET /xingrg/all/function/internal_message.html?_=1683241697634&CODE_STATE=getMsg HTTP/1.1" 200 27
120.253.135.82 - - [05/May/2023:07:08:20 +0800] "GET /xingrg/check_reg.html?_=1683241535343 HTTP/1.1" 200 22
116.224.106.218 - - [05/May/2023:07:08:20 +0800] "GET /xingrg/all/function/internal_message.html?_=1683241699643&CODE_STATE=getMsg HTTP/1.1" 200 27
120.253.135.82 - - [05/May/2023:07:08:23 +0800] "GET /xingrg/all/function/internal_message.html?_=1683241538682&CODE_STATE=getMsg HTTP/1.1" 200 27
180.171.122.0 - - [05/May/2023:07:08:32 +0800] "GET /xingrg/all/function/internal_message.html?_=1683241710028&CODE_STATE=getMsg HTTP/1.1" 200 27
120.253.135.82 - - [05/May/2023:07:08:33 +0800] "POST /xingrg/kc/base/stock_operate.html HTTP/1.1" 200 1484
124.79.240.114 - - [05/May/2023:07:08:44 +0800] "GET /xingrg/all/function/internal_message.html?_=1683241723873&CODE_STATE=getMsg HTTP/1.1" 302 -
124.79.240.114 - - [05/May/2023:07:08:44 +0800] "GET /xingrg/check_reg.html?_=1683241723878 HTTP/1.1" 302 -
116.238.139.35 - - [05/May/2023:07:08:56 +0800] "GET /xingrg/all/function/internal_message.html?_=1683241735608&CODE_STATE=getMsg HTTP/1.1" 200 27
124.79.240.114 - - [05/May/2023:07:09:17 +0800] "GET /xingrg/all/function/internal_message.html?_=1683241756716&CODE_STATE=getMsg HTTP/1.1" 302 -
180.164.3.199 - - [05/May/2023:07:09:18 +0800] "GET /xingrg/all/function/internal_message.html?_=1683241757639&CODE_STATE=getMsg HTTP/1.1" 200 27
116.224.106.218 - - [05/May/2023:07:09:20 +0800] "GET /xingrg/all/function/internal_message.html?_=1683241759623&CODE_STATE=getMsg HTTP/1.1" 200 27
120.253.135.82 - - [05/May/2023:07:09:23 +0800] "GET /xingrg/all/function/internal_message.html?_=1683241598695&CODE_STATE=getMsg HTTP/1.1" 200 27
180.171.122.0 - - [05/May/2023:07:09:32 +0800] "GET /xingrg/check_reg.html?_=1683241770040 HTTP/1.1" 200 22
180.171.122.0 - - [05/May/2023:07:09:32 +0800] "GET /xingrg/all/function/internal_message.html?_=1683241770033&CODE_STATE=getMsg HTTP/1.1" 200 27
124.79.240.114 - - [05/May/2023:07:09:44 +0800] "GET /xingrg/all/function/internal_message.html?_=1683241783874&CODE_STATE=getMsg HTTP/1.1" 302 -
116.238.139.35 - - [05/May/2023:07:09:56 +0800] "GET /xingrg/all/function/internal_message.html?_=1683241795609&CODE_STATE=getMsg HTTP/1.1" 200 27
120.253.135.82 - - [05/May/2023:07:10:08 +0800] "POST /xingrg/kc/base/stock_operate.html HTTP/1.1" 200 2024
124.79.240.114 - - [05/May/2023:07:10:17 +0800] "GET /xingrg/all/function/internal_message.html?_=1683241816736&CODE_STATE=getMsg HTTP/1.1" 302 -
180.164.3.199 - - [05/May/2023:07:10:18 +0800] "GET /xingrg/all/function/internal_message.html?_=1683241817635&CODE_STATE=getMsg HTTP/1.1" 200 27
116.224.106.218 - - [05/May/2023:07:10:20 +0800] "GET /xingrg/all/function/internal_message.html?_=1683241819597&CODE_STATE=getMsg HTTP/1.1" 200 27
120.253.135.82 - - [05/May/2023:07:10:23 +0800] "GET /xingrg/all/function/internal_message.html?_=1683241658709&CODE_STATE=getMsg HTTP/1.1" 200 27
180.171.122.0 - - [05/May/2023:07:10:32 +0800] "GET /xingrg/all/function/internal_message.html?_=1683241830024&CODE_STATE=getMsg HTTP/1.1" 200 27
124.79.240.114 - - [05/May/2023:07:10:44 +0800] "GET /xingrg/all/function/internal_message.html?_=1683241843877&CODE_STATE=getMsg HTTP/1.1" 302 -
116.238.139.35 - - [05/May/2023:07:10:56 +0800] "GET /xingrg/all/function/internal_message.html?_=1683241855608&CODE_STATE=getMsg HTTP/1.1" 200 27
116.238.139.35 - - [05/May/2023:07:10:56 +0800] "GET /xingrg/check_reg.html?_=1683241855613 HTTP/1.1" 200 22
124.79.240.114 - - [05/May/2023:07:11:17 +0800] "GET /xingrg/all/function/internal_message.html?_=1683241876736&CODE_STATE=getMsg HTTP/1.1" 302 -
180.164.3.199 - - [05/May/2023:07:11:18 +0800] "GET /xingrg/check_reg.html?_=1683241877642 HTTP/1.1" 200 22
180.164.3.199 - - [05/May/2023:07:11:18 +0800] "GET /xingrg/all/function/internal_message.html?_=1683241877645&CODE_STATE=getMsg HTTP/1.1" 200 27
116.224.106.218 - - [05/May/2023:07:11:20 +0800] "GET /xingrg/all/function/internal_message.html?_=1683241879584&CODE_STATE=getMsg HTTP/1.1" 200 27
120.253.135.82 - - [05/May/2023:07:11:23 +0800] "GET /xingrg/all/function/internal_message.html?_=1683241718723&CODE_STATE=getMsg HTTP/1.1" 200 27
180.171.122.0 - - [05/May/2023:07:11:32 +0800] "GET /xingrg/all/function/internal_message.html?_=1683241890028&CODE_STATE=getMsg HTTP/1.1" 200 27
124.79.240.114 - - [05/May/2023:07:11:44 +0800] "GET /xingrg/all/function/internal_message.html?_=1683241903870&CODE_STATE=getMsg HTTP/1.1" 302 -
116.238.139.35 - - [05/May/2023:07:11:56 +0800] "GET /xingrg/all/function/internal_message.html?_=1683241915607&CODE_STATE=getMsg HTTP/1.1" 200 27
124.79.240.114 - - [05/May/2023:07:12:17 +0800] "GET /xingrg/all/function/internal_message.html?_=1683241936724&CODE_STATE=getMsg HTTP/1.1" 302 -
180.164.3.199 - - [05/May/2023:07:12:18 +0800] "GET /xingrg/all/function/internal_message.html?_=1683241937637&CODE_STATE=getMsg HTTP/1.1" 200 27
116.224.106.218 - - [05/May/2023:07:12:20 +0800] "GET /xingrg/all/function/internal_message.html?_=1683241939567&CODE_STATE=getMsg HTTP/1.1" 200 27
120.253.135.82 - - [05/May/2023:07:12:23 +0800] "GET /xingrg/all/function/internal_message.html?_=1683241778984&CODE_STATE=getMsg HTTP/1.1" 200 27
180.171.122.0 - - [05/May/2023:07:12:32 +0800] "GET /xingrg/all/function/internal_message.html?_=1683241950033&CODE_STATE=getMsg HTTP/1.1" 200 27
116.224.106.218 - - [05/May/2023:07:12:33 +0800] "GET /xingrg/check_reg.html?_=1683241952335 HTTP/1.1" 200 22
124.79.240.114 - - [05/May/2023:07:12:44 +0800] "GET /xingrg/all/function/internal_message.html?_=1683241963881&CODE_STATE=getMsg HTTP/1.1" 302 -
116.238.139.35 - - [05/May/2023:07:12:56 +0800] "GET /xingrg/all/function/internal_message.html?_=1683241975607&CODE_STATE=getMsg HTTP/1.1" 200 27
124.79.240.114 - - [05/May/2023:07:13:17 +0800] "GET /xingrg/all/function/internal_message.html?_=1683241996737&CODE_STATE=getMsg HTTP/1.1" 302 -
124.79.240.114 - - [05/May/2023:07:13:17 +0800] "GET /xingrg/check_reg.html?_=1683241996742 HTTP/1.1" 302 -
180.164.3.199 - - [05/May/2023:07:13:18 +0800] "GET /xingrg/all/function/internal_message.html?_=1683241997631&CODE_STATE=getMsg HTTP/1.1" 200 27
120.253.135.82 - - [05/May/2023:07:13:20 +0800] "GET /xingrg/check_reg.html?_=1683241835354 HTTP/1.1" 200 22
116.224.106.218 - - [05/May/2023:07:13:20 +0800] "GET /xingrg/all/function/internal_message.html?_=1683241999557&CODE_STATE=getMsg HTTP/1.1" 200 27
120.253.135.82 - - [05/May/2023:07:13:23 +0800] "GET /xingrg/all/function/internal_message.html?_=1683241838983&CODE_STATE=getMsg HTTP/1.1" 200 27
180.171.122.0 - - [05/May/2023:07:13:32 +0800] "GET /xingrg/all/function/internal_message.html?_=1683242010037&CODE_STATE=getMsg HTTP/1.1" 200 27
124.79.240.114 - - [05/May/2023:07:13:44 +0800] "GET /xingrg/check_reg.html?_=1683242023883 HTTP/1.1" 302 -
124.79.240.114 - - [05/May/2023:07:13:44 +0800] "GET /xingrg/all/function/internal_message.html?_=1683242023888&CODE_STATE=getMsg HTTP/1.1" 302 -
124.78.159.37 - - [05/May/2023:07:13:51 +0800] "POST /xingrg/services/DataTransmitService HTTP/1.1" 200 524
116.238.139.35 - - [05/May/2023:07:13:56 +0800] "GET /xingrg/all/function/internal_message.html?_=1683242035611&CODE_STATE=getMsg HTTP/1.1" 200 27
124.79.240.114 - - [05/May/2023:07:14:17 +0800] "GET /xingrg/all/function/internal_message.html?_=1683242056728&CODE_STATE=getMsg HTTP/1.1" 302 -
180.164.3.199 - - [05/May/2023:07:14:18 +0800] "GET /xingrg/all/function/internal_message.html?_=1683242057639&CODE_STATE=getMsg HTTP/1.1" 200 27
116.224.106.218 - - [05/May/2023:07:14:20 +0800] "GET /xingrg/all/function/internal_message.html?_=1683242059542&CODE_STATE=getMsg HTTP/1.1" 200 27
120.253.135.82 - - [05/May/2023:07:14:23 +0800] "GET /xingrg/all/function/internal_message.html?_=1683241898997&CODE_STATE=getMsg HTTP/1.1" 200 27
180.171.122.0 - - [05/May/2023:07:14:32 +0800] "GET /xingrg/check_reg.html?_=1683242070033 HTTP/1.1" 200 22
180.171.122.0 - - [05/May/2023:07:14:32 +0800] "GET /xingrg/all/function/internal_message.html?_=1683242070026&CODE_STATE=getMsg HTTP/1.1" 200 27
114.85.115.171 - - [05/May/2023:07:14:34 +0800] "GET /xingrg/all/function/internal_message.html?_=1683242074270&CODE_STATE=getMsg HTTP/1.1" 302 -
114.85.115.171 - - [05/May/2023:07:14:34 +0800] "GET /xingrg/check_reg.html?_=1683242074273 HTTP/1.1" 302 -
114.85.115.171 - - [05/May/2023:07:14:34 +0800] "GET /xingrg/login.html HTTP/1.1" 200 7641
114.85.115.171 - - [05/May/2023:07:14:34 +0800] "GET /xingrg/login.html HTTP/1.1" 200 7641
124.79.240.114 - - [05/May/2023:07:14:44 +0800] "GET /xingrg/all/function/internal_message.html?_=1683242083891&CODE_STATE=getMsg HTTP/1.1" 302 -
116.238.139.35 - - [05/May/2023:07:14:56 +0800] "GET /xingrg/all/function/internal_message.html?_=1683242095611&CODE_STATE=getMsg HTTP/1.1" 200 27
124.79.240.114 - - [05/May/2023:07:15:17 +0800] "GET /xingrg/all/function/internal_message.html?_=1683242116722&CODE_STATE=getMsg HTTP/1.1" 302 -
180.164.3.199 - - [05/May/2023:07:15:18 +0800] "GET /xingrg/all/function/internal_message.html?_=1683242117631&CODE_STATE=getMsg HTTP/1.1" 200 27
116.224.106.218 - - [05/May/2023:07:15:20 +0800] "GET /xingrg/all/function/internal_message.html?_=1683242119528&CODE_STATE=getMsg HTTP/1.1" 200 27
120.253.135.82 - - [05/May/2023:07:15:23 +0800] "GET /xingrg/javascript/easyui/themes/sunny/images/ui-bg_gloss-wave_70_ffdd57_500x100.png HTTP/1.1" 200 3830
120.253.135.82 - - [05/May/2023:07:15:24 +0800] "GET /xingrg/all/function/internal_message.html?_=1683241959011&CODE_STATE=getMsg HTTP/1.1" 200 27
120.253.135.82 - - [05/May/2023:07:15:24 +0800] "GET /xingrg/javascript/easyui/themes/sunny/images/ui-bg_gloss-wave_60_fece2f_500x100.png HTTP/1.1" 200 3512
