116.224.158.100 - - [05/May/2023:11:15:07 +0800] "GET /xingrg/kc/base/wldb_order_operate.html?command=get_materiel&rest_code=00105&base_code=0010507&code=00101010057 HTTP/1.1" 200 438
124.78.71.183 - - [05/May/2023:11:15:10 +0800] "GET /xingrg/all/function/internal_message.html?_=1683256034185&CODE_STATE=getMsg HTTP/1.1" 200 27
120.253.135.82 - - [05/May/2023:11:15:11 +0800] "GET /xingrg/all/function/internal_message.html?_=1683256647817&CODE_STATE=getMsg HTTP/1.1" 200 27
116.238.139.35 - - [05/May/2023:11:15:13 +0800] "GET /xingrg/all/function/internal_message.html?_=1683256450059&CODE_STATE=getMsg HTTP/1.1" 200 27
116.224.106.218 - - [05/May/2023:11:15:16 +0800] "GET /xingrg/all/function/internal_message.html?_=1683256515190&CODE_STATE=getMsg HTTP/1.1" 200 27
116.232.39.77 - - [05/May/2023:11:15:16 +0800] "POST /xingrg/services/DataTransmitService HTTP/1.1" 200 524
180.171.122.0 - - [05/May/2023:11:15:17 +0800] "GET /xingrg/kc/buy/cgsh_order_operate.html?command=get_materiel&rest_code=00111&code=00101001045&supplier_code=00100439&order_time=2023-05-05 HTTP/1.1" 200 423
116.232.39.77 - - [05/May/2023:11:15:18 +0800] "POST /xingrg/services/DataTransmitService HTTP/1.1" 200 501
180.164.3.199 - - [05/May/2023:11:15:18 +0800] "GET /xingrg/all/function/internal_message.html?_=1683256517642&CODE_STATE=getMsg HTTP/1.1" 200 27
124.79.240.114 - - [05/May/2023:11:15:19 +0800] "GET /xingrg/all/function/internal_message.html?_=1683256518439&CODE_STATE=getMsg HTTP/1.1" 200 27
116.224.158.100 - - [05/May/2023:11:15:22 +0800] "POST /xingrg/kc/base/wldb_order_operate.html HTTP/1.1" 200 37
116.224.158.100 - - [05/May/2023:11:15:22 +0800] "POST /xingrg/kc/base/wldb_order_operate.html HTTP/1.1" 200 8123
116.224.158.100 - - [05/May/2023:11:15:24 +0800] "GET /xingrg/kc/base/wldb_order_info.html?code=422023050500337 HTTP/1.1" 200 30396
116.224.158.100 - - [05/May/2023:11:15:24 +0800] "GET /xingrg/all/function/internal_message.html?_=1683256362127&CODE_STATE=getMsg HTTP/1.1" 200 27
101.229.22.40 - - [05/May/2023:11:15:24 +0800] "GET /xingrg/all/function/internal_message.html?_=1683256524582&CODE_STATE=getMsg HTTP/1.1" 200 27
116.224.158.100 - - [05/May/2023:11:15:24 +0800] "GET /xingrg/javascript/easyui/themes/default/validatebox.css HTTP/1.1" 404 1104
116.224.158.100 - - [05/May/2023:11:15:25 +0800] "POST /xingrg/kc/base/wldb_order_operate.html HTTP/1.1" 200 8123
180.169.147.146 - - [05/May/2023:11:15:29 +0800] "GET /xingrg/all/function/internal_message.html?_=1683256529438&CODE_STATE=getMsg HTTP/1.1" 200 27
116.224.106.218 - - [05/May/2023:11:15:29 +0800] "GET /xingrg/kc/buy/cgsh_order_operate.html?command=get_materiel&rest_code=00145&code=00101020380&supplier_code=00100152&order_time=2023-05-04 HTTP/1.1" 200 421
124.79.240.114 - - [05/May/2023:11:15:32 +0800] "GET /xingrg/all/function/internal_message.html?_=1683256806683&CODE_STATE=getMsg HTTP/1.1" 200 27
114.85.115.171 - - [05/May/2023:11:15:36 +0800] "GET /xingrg/all/function/internal_message.html?_=1683256543669&CODE_STATE=getMsg HTTP/1.1" 200 27
116.238.139.35 - - [05/May/2023:11:15:37 +0800] "GET /xingrg/all/function/internal_message.html?_=1683256536907&CODE_STATE=getMsg HTTP/1.1" 200 27
116.238.139.35 - - [05/May/2023:11:15:37 +0800] "GET /xingrg/check_reg.html?_=1683256536908 HTTP/1.1" 200 22
172.20.0.100 - - [05/May/2023:11:15:40 +0800] "GET /xingrg/check_reg.html?_=1683256552970 HTTP/1.1" 302 -
124.79.240.114 - - [05/May/2023:11:15:44 +0800] "GET /xingrg/all/function/internal_message.html?_=1683256543880&CODE_STATE=getMsg HTTP/1.1" 200 27
180.157.253.215 - - [05/May/2023:11:15:48 +0800] "GET /xingrg/all/function/internal_message.html?_=1683256550799&CODE_STATE=getMsg HTTP/1.1" 200 27
180.171.122.0 - - [05/May/2023:11:15:49 +0800] "POST /xingrg/kc/buy/cgsh_order_operate.html HTTP/1.1" 200 37
180.169.147.146 - - [05/May/2023:11:15:49 +0800] "GET /xingrg/all/function/internal_message.html?_=1683256550141&CODE_STATE=getMsg HTTP/1.1" 200 27
180.171.122.0 - - [05/May/2023:11:15:52 +0800] "POST /xingrg/kc/buy/cgsh_order_operate.html HTTP/1.1" 200 2668
180.169.147.146 - - [05/May/2023:11:15:52 +0800] "GET /xingrg/all/function/internal_message.html?_=1683256549735&CODE_STATE=getMsg HTTP/1.1" 200 27
116.224.158.100 - - [05/May/2023:11:15:53 +0800] "GET /xingrg/kc/base/wldb_order_add.html HTTP/1.1" 200 30381
180.171.122.0 - - [05/May/2023:11:15:53 +0800] "GET /xingrg/all/function/internal_message.html?_=1683256550656&CODE_STATE=getMsg HTTP/1.1" 200 27
116.224.158.100 - - [05/May/2023:11:15:53 +0800] "POST /xingrg/kc/base/wldb_order_operate.html HTTP/1.1" 200 6806
116.224.158.100 - - [05/May/2023:11:15:53 +0800] "GET /xingrg/javascript/easyui/themes/default/validatebox.css HTTP/1.1" 404 1104
180.171.122.0 - - [05/May/2023:11:15:53 +0800] "GET /xingrg/kc/print/load_data.html?order_code=212023050501539&kc_code=cgsh&condition= HTTP/1.1" 200 696
120.253.135.82 - - [05/May/2023:11:15:58 +0800] "GET /xingrg/all/function/internal_message.html?_=1683256393518&CODE_STATE=getMsg HTTP/1.1" 200 27
180.171.122.0 - - [05/May/2023:11:15:58 +0800] "GET /xingrg/check_reg.html?_=1683256555937 HTTP/1.1" 200 22
116.227.208.255 - - [05/May/2023:11:15:59 +0800] "GET /xingrg/all/function/internal_message.html?_=1683256616624&CODE_STATE=getMsg HTTP/1.1" 200 27
124.77.244.62 - - [05/May/2023:11:16:00 +0800] "GET /xingrg/check_reg.html?_=1683256578398 HTTP/1.1" 200 22
172.20.0.100 - - [05/May/2023:11:16:00 +0800] "GET /xingrg/all/function/internal_message.html?_=1683256553474&CODE_STATE=getMsg HTTP/1.1" 200 27
124.77.244.62 - - [05/May/2023:11:16:03 +0800] "GET /xingrg/all/function/internal_message.html?_=1683256580720&CODE_STATE=getMsg HTTP/1.1" 200 27
124.78.159.37 - - [05/May/2023:11:16:03 +0800] "GET /xingrg/all/function/internal_message.html?_=1683256559715&CODE_STATE=getMsg HTTP/1.1" 200 27
116.224.106.218 - - [05/May/2023:11:16:03 +0800] "GET /xingrg/kc/buy/cgsh_order_operate.html?command=get_materiel&rest_code=00145&code=00101041019&supplier_code=00100152&order_time=2023-05-04 HTTP/1.1" 200 457
114.85.115.171 - - [05/May/2023:11:16:04 +0800] "GET /xingrg/all/function/internal_message.html?_=1683256564377&CODE_STATE=getMsg HTTP/1.1" 200 27
116.224.158.100 - - [05/May/2023:11:16:06 +0800] "GET /xingrg/all/function/internal_message.html?_=1683256568761&CODE_STATE=getMsg HTTP/1.1" 200 27
124.78.71.183 - - [05/May/2023:11:16:10 +0800] "GET /xingrg/all/function/internal_message.html?_=1683256094161&CODE_STATE=getMsg HTTP/1.1" 200 27
120.253.135.82 - - [05/May/2023:11:16:11 +0800] "GET /xingrg/all/function/internal_message.html?_=1683256707822&CODE_STATE=getMsg HTTP/1.1" 200 27
116.238.139.35 - - [05/May/2023:11:16:13 +0800] "GET /xingrg/all/function/internal_message.html?_=1683256510066&CODE_STATE=getMsg HTTP/1.1" 200 27
116.224.106.218 - - [05/May/2023:11:16:16 +0800] "GET /xingrg/all/function/internal_message.html?_=1683256575172&CODE_STATE=getMsg HTTP/1.1" 200 27
180.164.3.199 - - [05/May/2023:11:16:18 +0800] "GET /xingrg/check_reg.html?_=1683256577636 HTTP/1.1" 200 22
180.164.3.199 - - [05/May/2023:11:16:18 +0800] "GET /xingrg/all/function/internal_message.html?_=1683256577638&CODE_STATE=getMsg HTTP/1.1" 200 27
124.79.240.114 - - [05/May/2023:11:16:19 +0800] "GET /xingrg/all/function/internal_message.html?_=1683256578422&CODE_STATE=getMsg HTTP/1.1" 200 27
116.224.158.100 - - [05/May/2023:11:16:24 +0800] "GET /xingrg/all/function/internal_message.html?_=1683256422096&CODE_STATE=getMsg HTTP/1.1" 200 27
101.229.22.40 - - [05/May/2023:11:16:24 +0800] "GET /xingrg/check_reg.html?_=1683256584581 HTTP/1.1" 200 22
101.229.22.40 - - [05/May/2023:11:16:24 +0800] "GET /xingrg/all/function/internal_message.html?_=1683256584584&CODE_STATE=getMsg HTTP/1.1" 200 27
180.169.147.146 - - [05/May/2023:11:16:29 +0800] "GET /xingrg/all/function/internal_message.html?_=1683256589430&CODE_STATE=getMsg HTTP/1.1" 200 27
124.79.240.114 - - [05/May/2023:11:16:32 +0800] "GET /xingrg/all/function/internal_message.html?_=1683256866677&CODE_STATE=getMsg HTTP/1.1" 200 27
114.85.115.171 - - [05/May/2023:11:16:36 +0800] "GET /xingrg/all/function/internal_message.html?_=1683256603687&CODE_STATE=getMsg HTTP/1.1" 200 27
114.85.115.171 - - [05/May/2023:11:16:36 +0800] "GET /xingrg/check_reg.html?_=1683256603690 HTTP/1.1" 200 22
116.238.139.35 - - [05/May/2023:11:16:37 +0800] "GET /xingrg/all/function/internal_message.html?_=1683256596910&CODE_STATE=getMsg HTTP/1.1" 200 27
124.79.240.114 - - [05/May/2023:11:16:44 +0800] "GET /xingrg/all/function/internal_message.html?_=1683256603880&CODE_STATE=getMsg HTTP/1.1" 200 27
116.224.158.100 - - [05/May/2023:11:16:47 +0800] "GET /xingrg/kc/base/wldb_order_operate.html?command=get_materiel&rest_code=00105&base_code=0010507&code=00101019058 HTTP/1.1" 200 452
180.157.253.215 - - [05/May/2023:11:16:48 +0800] "GET /xingrg/all/function/internal_message.html?_=1683256610801&CODE_STATE=getMsg HTTP/1.1" 200 27
180.169.147.146 - - [05/May/2023:11:16:49 +0800] "GET /xingrg/all/function/internal_message.html?_=1683256610131&CODE_STATE=getMsg HTTP/1.1" 200 27
180.169.147.146 - - [05/May/2023:11:16:49 +0800] "GET /xingrg/check_reg.html?_=1683256610130 HTTP/1.1" 200 22
180.169.147.146 - - [05/May/2023:11:16:52 +0800] "GET /xingrg/all/function/internal_message.html?_=1683256609734&CODE_STATE=getMsg HTTP/1.1" 200 27
180.171.122.0 - - [05/May/2023:11:16:53 +0800] "GET /xingrg/all/function/internal_message.html?_=1683256610640&CODE_STATE=getMsg HTTP/1.1" 200 27
120.253.135.82 - - [05/May/2023:11:16:58 +0800] "GET /xingrg/all/function/internal_message.html?_=1683256453604&CODE_STATE=getMsg HTTP/1.1" 200 27
116.227.208.255 - - [05/May/2023:11:16:59 +0800] "GET /xingrg/all/function/internal_message.html?_=1683256676617&CODE_STATE=getMsg HTTP/1.1" 200 27
172.20.0.100 - - [05/May/2023:11:17:00 +0800] "GET /xingrg/all/function/internal_message.html?_=1683256613476&CODE_STATE=getMsg HTTP/1.1" 200 27
124.77.244.62 - - [05/May/2023:11:17:03 +0800] "GET /xingrg/all/function/internal_message.html?_=1683256640858&CODE_STATE=getMsg HTTP/1.1" 200 27
180.163.29.103 - - [05/May/2023:11:17:03 +0800] "GET /xingrg/all/function/internal_message.html?_=1683256559715&CODE_STATE=getMsg HTTP/1.1" 302 -
180.163.29.103 - - [05/May/2023:11:17:03 +0800] "GET /xingrg/login.html HTTP/1.1" 200 7641
124.78.159.37 - - [05/May/2023:11:17:03 +0800] "GET /xingrg/all/function/internal_message.html?_=1683256619687&CODE_STATE=getMsg HTTP/1.1" 200 27
116.224.106.218 - - [05/May/2023:11:17:04 +0800] "GET /xingrg/kc/buy/cgsh_order_operate.html?command=get_materiel&rest_code=00145&code=00101020382&supplier_code=00100152&order_time=2023-05-04 HTTP/1.1" 200 419
114.85.115.171 - - [05/May/2023:11:17:04 +0800] "GET /xingrg/all/function/internal_message.html?_=1683256624358&CODE_STATE=getMsg HTTP/1.1" 200 27
116.224.158.100 - - [05/May/2023:11:17:06 +0800] "GET /xingrg/all/function/internal_message.html?_=1683256628730&CODE_STATE=getMsg HTTP/1.1" 200 27
124.78.71.183 - - [05/May/2023:11:17:10 +0800] "GET /xingrg/all/function/internal_message.html?_=1683256154129&CODE_STATE=getMsg HTTP/1.1" 200 27
120.253.135.82 - - [05/May/2023:11:17:11 +0800] "GET /xingrg/all/function/internal_message.html?_=1683256767826&CODE_STATE=getMsg HTTP/1.1" 200 27
120.253.135.82 - - [05/May/2023:11:17:11 +0800] "GET /xingrg/check_reg.html?_=1683256767827 HTTP/1.1" 200 22
116.238.139.35 - - [05/May/2023:11:17:12 +0800] "GET /xingrg/check_reg.html?_=1683256568276 HTTP/1.1" 200 22
124.78.71.183 - - [05/May/2023:11:17:12 +0800] "GET /xingrg/check_reg.html?_=1683256156637 HTTP/1.1" 200 22
116.238.139.35 - - [05/May/2023:11:17:13 +0800] "GET /xingrg/all/function/internal_message.html?_=1683256570080&CODE_STATE=getMsg HTTP/1.1" 200 27
116.224.106.218 - - [05/May/2023:11:17:16 +0800] "GET /xingrg/all/function/internal_message.html?_=1683256635143&CODE_STATE=getMsg HTTP/1.1" 200 27
180.164.3.199 - - [05/May/2023:11:17:18 +0800] "GET /xingrg/all/function/internal_message.html?_=1683256637624&CODE_STATE=getMsg HTTP/1.1" 200 27
124.79.240.114 - - [05/May/2023:11:17:19 +0800] "GET /xingrg/all/function/internal_message.html?_=1683256638406&CODE_STATE=getMsg HTTP/1.1" 200 27
124.79.240.114 - - [05/May/2023:11:17:20 +0800] "GET /xingrg/check_reg.html?_=1683256639158 HTTP/1.1" 200 22
116.224.158.100 - - [05/May/2023:11:17:24 +0800] "GET /xingrg/all/function/internal_message.html?_=1683256482142&CODE_STATE=getMsg HTTP/1.1" 200 27
101.229.22.40 - - [05/May/2023:11:17:24 +0800] "GET /xingrg/all/function/internal_message.html?_=1683256644609&CODE_STATE=getMsg HTTP/1.1" 200 27
116.224.158.100 - - [05/May/2023:11:17:26 +0800] "GET /xingrg/kc/base/wldb_order_operate.html?command=get_materiel&rest_code=00105&base_code=0010507&code=00101019496 HTTP/1.1" 200 471
180.169.147.146 - - [05/May/2023:11:17:29 +0800] "GET /xingrg/all/function/internal_message.html?_=1683256649438&CODE_STATE=getMsg HTTP/1.1" 200 27
124.79.240.114 - - [05/May/2023:11:17:32 +0800] "GET /xingrg/all/function/internal_message.html?_=1683256926681&CODE_STATE=getMsg HTTP/1.1" 200 27
116.224.106.218 - - [05/May/2023:11:17:33 +0800] "GET /xingrg/check_reg.html?_=1683256651779 HTTP/1.1" 200 22
116.224.158.100 - - [05/May/2023:11:17:35 +0800] "POST /xingrg/kc/base/wldb_order_operate.html HTTP/1.1" 200 37
116.224.158.100 - - [05/May/2023:11:17:36 +0800] "POST /xingrg/kc/base/wldb_order_operate.html HTTP/1.1" 200 4202
114.85.115.171 - - [05/May/2023:11:17:36 +0800] "GET /xingrg/all/function/internal_message.html?_=1683256663691&CODE_STATE=getMsg HTTP/1.1" 200 27
116.224.158.100 - - [05/May/2023:11:17:37 +0800] "GET /xingrg/kc/base/wldb_order_info.html?code=422023050500338 HTTP/1.1" 200 30396
116.238.139.35 - - [05/May/2023:11:17:37 +0800] "GET /xingrg/all/function/internal_message.html?_=1683256656909&CODE_STATE=getMsg HTTP/1.1" 200 27
116.224.158.100 - - [05/May/2023:11:17:37 +0800] "GET /xingrg/javascript/easyui/themes/default/validatebox.css HTTP/1.1" 404 1104
116.224.158.100 - - [05/May/2023:11:17:38 +0800] "POST /xingrg/kc/base/wldb_order_operate.html HTTP/1.1" 200 4202
124.79.240.114 - - [05/May/2023:11:17:44 +0800] "GET /xingrg/all/function/internal_message.html?_=1683256663880&CODE_STATE=getMsg HTTP/1.1" 200 27
180.157.253.215 - - [05/May/2023:11:17:48 +0800] "GET /xingrg/all/function/internal_message.html?_=1683256670797&CODE_STATE=getMsg HTTP/1.1" 200 27
180.169.147.146 - - [05/May/2023:11:17:49 +0800] "GET /xingrg/all/function/internal_message.html?_=1683256670131&CODE_STATE=getMsg HTTP/1.1" 200 27
116.224.158.100 - - [05/May/2023:11:17:50 +0800] "GET /xingrg/javascript/jquery_easy_ui/themes/icons/rest.png HTTP/1.1" 304 -
116.224.158.100 - - [05/May/2023:11:17:50 +0800] "GET /xingrg/javascript/jquery_easy_ui/themes/icons/area.png HTTP/1.1" 304 -
180.169.147.146 - - [05/May/2023:11:17:52 +0800] "GET /xingrg/all/function/internal_message.html?_=1683256669749&CODE_STATE=getMsg HTTP/1.1" 200 27
180.169.147.146 - - [05/May/2023:11:17:52 +0800] "GET /xingrg/check_reg.html?_=1683256669751 HTTP/1.1" 200 22
180.171.122.0 - - [05/May/2023:11:17:53 +0800] "GET /xingrg/all/function/internal_message.html?_=1683256670625&CODE_STATE=getMsg HTTP/1.1" 200 27
116.224.158.100 - - [05/May/2023:11:17:56 +0800] "GET /xingrg/kc/buy/buy_main.html HTTP/1.1" 200 12412
116.224.158.100 - - [05/May/2023:11:17:56 +0800] "GET /xingrg/css/new_ie.css HTTP/1.1" 404 1036
116.224.158.100 - - [05/May/2023:11:17:57 +0800] "GET /xingrg/images/yd/bt.gif HTTP/1.1" 404 1040
120.253.135.82 - - [05/May/2023:11:17:58 +0800] "GET /xingrg/all/function/internal_message.html?_=1683256513608&CODE_STATE=getMsg HTTP/1.1" 200 27
116.224.158.100 - - [05/May/2023:11:17:59 +0800] "GET /xingrg/kc/buy/cgsh_order_list.html HTTP/1.1" 200 55333
116.227.208.255 - - [05/May/2023:11:17:59 +0800] "GET /xingrg/all/function/internal_message.html?_=1683256736621&CODE_STATE=getMsg HTTP/1.1" 200 27
172.20.0.100 - - [05/May/2023:11:18:00 +0800] "GET /xingrg/all/function/internal_message.html?_=1683256673483&CODE_STATE=getMsg HTTP/1.1" 200 27
124.77.244.62 - - [05/May/2023:11:18:03 +0800] "GET /xingrg/all/function/internal_message.html?_=1683256700873&CODE_STATE=getMsg HTTP/1.1" 200 27
124.78.159.37 - - [05/May/2023:11:18:03 +0800] "GET /xingrg/all/function/internal_message.html?_=1683256679659&CODE_STATE=getMsg HTTP/1.1" 200 27
116.224.158.100 - - [05/May/2023:11:18:06 +0800] "GET /xingrg/all/function/internal_message.html?_=1683256688705&CODE_STATE=getMsg HTTP/1.1" 200 27
180.157.253.215 - - [05/May/2023:11:18:06 +0800] "POST /xingrg/services/DataTransmitService HTTP/1.1" 200 524
180.157.253.215 - - [05/May/2023:11:18:07 +0800] "POST /xingrg/services/DataTransmitService HTTP/1.1" 200 412
124.78.71.183 - - [05/May/2023:11:18:10 +0800] "GET /xingrg/all/function/internal_message.html?_=1683256214111&CODE_STATE=getMsg HTTP/1.1" 200 27
120.253.135.82 - - [05/May/2023:11:18:11 +0800] "GET /xingrg/all/function/internal_message.html?_=1683256827832&CODE_STATE=getMsg HTTP/1.1" 200 27
116.238.139.35 - - [05/May/2023:11:18:13 +0800] "GET /xingrg/all/function/internal_message.html?_=1683256630094&CODE_STATE=getMsg HTTP/1.1" 200 27
120.253.135.82 - - [05/May/2023:11:18:14 +0800] "GET /xingrg/kc/pszx/mdqp_order_list.html?state=10 HTTP/1.1" 200 10275
120.253.135.82 - - [05/May/2023:11:18:14 +0800] "GET /xingrg/dwr/interface/AjaxQqpsService.js HTTP/1.1" 200 16326
120.253.135.82 - - [05/May/2023:11:18:14 +0800] "GET /xingrg/dwr/interface/AjaxReportQueryService.js HTTP/1.1" 200 13203
120.253.135.82 - - [05/May/2023:11:18:14 +0800] "GET /xingrg/dwr/engine.js HTTP/1.1" 200 43631
116.224.106.218 - - [05/May/2023:11:18:16 +0800] "GET /xingrg/all/function/internal_message.html?_=1683256695117&CODE_STATE=getMsg HTTP/1.1" 200 27
120.253.135.82 - - [05/May/2023:11:18:18 +0800] "GET /xingrg/kc/pszx/mdqp_order_list.html?state=10 HTTP/1.1" 200 10275
120.253.135.82 - - [05/May/2023:11:18:18 +0800] "GET /xingrg/dwr/interface/AjaxQqpsService.js HTTP/1.1" 200 16326
120.253.135.82 - - [05/May/2023:11:18:18 +0800] "GET /xingrg/dwr/interface/AjaxReportQueryService.js HTTP/1.1" 200 13203
120.253.135.82 - - [05/May/2023:11:18:18 +0800] "GET /xingrg/dwr/engine.js HTTP/1.1" 200 43631
180.164.3.199 - - [05/May/2023:11:18:18 +0800] "GET /xingrg/all/function/internal_message.html?_=1683256697627&CODE_STATE=getMsg HTTP/1.1" 200 27
124.79.240.114 - - [05/May/2023:11:18:19 +0800] "GET /xingrg/all/function/internal_message.html?_=1683256698391&CODE_STATE=getMsg HTTP/1.1" 200 27
116.224.106.218 - - [05/May/2023:11:18:24 +0800] "GET /xingrg/kc/buy/cgsh_order_operate.html?command=get_materiel&rest_code=00145&code=00101020381&supplier_code=00100152&order_time=2023-05-04 HTTP/1.1" 200 417
116.224.158.100 - - [05/May/2023:11:18:24 +0800] "GET /xingrg/check_reg.html?_=1683256541890 HTTP/1.1" 200 22
116.224.158.100 - - [05/May/2023:11:18:24 +0800] "GET /xingrg/all/function/internal_message.html?_=1683256542137&CODE_STATE=getMsg HTTP/1.1" 200 27
101.229.22.40 - - [05/May/2023:11:18:24 +0800] "GET /xingrg/all/function/internal_message.html?_=1683256704609&CODE_STATE=getMsg HTTP/1.1" 200 27
180.169.147.146 - - [05/May/2023:11:18:29 +0800] "GET /xingrg/check_reg.html?_=1683256709434 HTTP/1.1" 200 22
180.169.147.146 - - [05/May/2023:11:18:29 +0800] "GET /xingrg/all/function/internal_message.html?_=1683256709439&CODE_STATE=getMsg HTTP/1.1" 200 27
124.79.240.114 - - [05/May/2023:11:18:32 +0800] "GET /xingrg/all/function/internal_message.html?_=1683256986671&CODE_STATE=getMsg HTTP/1.1" 200 27
114.85.115.171 - - [05/May/2023:11:18:36 +0800] "GET /xingrg/all/function/internal_message.html?_=1683256723690&CODE_STATE=getMsg HTTP/1.1" 200 27
116.224.158.100 - - [05/May/2023:11:18:37 +0800] "POST /xingrg/kc/buy/cgsh_list_operate.html HTTP/1.1" 200 5841
116.238.139.35 - - [05/May/2023:11:18:37 +0800] "GET /xingrg/all/function/internal_message.html?_=1683256716907&CODE_STATE=getMsg HTTP/1.1" 200 27
124.79.240.114 - - [05/May/2023:11:18:44 +0800] "GET /xingrg/all/function/internal_message.html?_=1683256723888&CODE_STATE=getMsg HTTP/1.1" 200 27
124.79.240.114 - - [05/May/2023:11:18:44 +0800] "GET /xingrg/check_reg.html?_=1683256723886 HTTP/1.1" 200 22
180.157.253.215 - - [05/May/2023:11:18:48 +0800] "GET /xingrg/all/function/internal_message.html?_=1683256730797&CODE_STATE=getMsg HTTP/1.1" 200 27
180.169.147.146 - - [05/May/2023:11:18:49 +0800] "GET /xingrg/all/function/internal_message.html?_=1683256730132&CODE_STATE=getMsg HTTP/1.1" 200 27
180.169.147.146 - - [05/May/2023:11:18:52 +0800] "GET /xingrg/all/function/internal_message.html?_=1683256729734&CODE_STATE=getMsg HTTP/1.1" 200 27
180.171.122.0 - - [05/May/2023:11:18:53 +0800] "GET /xingrg/all/function/internal_message.html?_=1683256730610&CODE_STATE=getMsg HTTP/1.1" 200 27
120.253.135.82 - - [05/May/2023:11:18:56 +0800] "GET /xingrg/check_reg.html?_=1683256571796 HTTP/1.1" 200 22
120.253.135.82 - - [05/May/2023:11:18:58 +0800] "GET /xingrg/all/function/internal_message.html?_=1683256573621&CODE_STATE=getMsg HTTP/1.1" 200 27
116.227.208.255 - - [05/May/2023:11:18:59 +0800] "GET /xingrg/all/function/internal_message.html?_=1683256796629&CODE_STATE=getMsg HTTP/1.1" 200 27
172.20.0.100 - - [05/May/2023:11:19:00 +0800] "GET /xingrg/check_reg.html?_=1683256733485 HTTP/1.1" 200 22
172.20.0.100 - - [05/May/2023:11:19:00 +0800] "GET /xingrg/all/function/internal_message.html?_=1683256733487&CODE_STATE=getMsg HTTP/1.1" 200 27
116.227.208.255 - - [05/May/2023:11:19:01 +0800] "GET /xingrg/check_reg.html?_=1683256797955 HTTP/1.1" 200 22
180.163.29.79 - - [05/May/2023:11:19:03 +0800] "GET /xingrg/all/function/internal_message.html?_=1683256679659&CODE_STATE=getMsg HTTP/1.1" 302 -
180.163.29.79 - - [05/May/2023:11:19:03 +0800] "GET /xingrg/login.html HTTP/1.1" 200 7641
124.77.244.62 - - [05/May/2023:11:19:03 +0800] "GET /xingrg/all/function/internal_message.html?_=1683256761025&CODE_STATE=getMsg HTTP/1.1" 200 27
124.78.159.37 - - [05/May/2023:11:19:03 +0800] "GET /xingrg/all/function/internal_message.html?_=1683256739647&CODE_STATE=getMsg HTTP/1.1" 200 27
124.78.159.37 - - [05/May/2023:11:19:03 +0800] "GET /xingrg/check_reg.html?_=1683256739720 HTTP/1.1" 200 22
116.224.158.100 - - [05/May/2023:11:19:06 +0800] "GET /xingrg/all/function/internal_message.html?_=1683256748679&CODE_STATE=getMsg HTTP/1.1" 200 27
124.78.71.183 - - [05/May/2023:11:19:10 +0800] "GET /xingrg/all/function/internal_message.html?_=1683256274092&CODE_STATE=getMsg HTTP/1.1" 200 27
120.253.135.82 - - [05/May/2023:11:19:11 +0800] "GET /xingrg/all/function/internal_message.html?_=1683256887848&CODE_STATE=getMsg HTTP/1.1" 200 27
116.224.158.100 - - [05/May/2023:11:19:13 +0800] "POST /xingrg/kc/buy/cgsh_list_operate.html HTTP/1.1" 200 3747
116.238.139.35 - - [05/May/2023:11:19:13 +0800] "GET /xingrg/all/function/internal_message.html?_=1683256690107&CODE_STATE=getMsg HTTP/1.1" 200 27
116.224.106.218 - - [05/May/2023:11:19:16 +0800] "GET /xingrg/all/function/internal_message.html?_=1683256755105&CODE_STATE=getMsg HTTP/1.1" 200 27
180.164.3.199 - - [05/May/2023:11:19:18 +0800] "GET /xingrg/all/function/internal_message.html?_=1683256757632&CODE_STATE=getMsg HTTP/1.1" 200 27
124.79.240.114 - - [05/May/2023:11:19:19 +0800] "GET /xingrg/all/function/internal_message.html?_=1683256758375&CODE_STATE=getMsg HTTP/1.1" 200 27
116.224.158.100 - - [05/May/2023:11:19:24 +0800] "GET /xingrg/all/function/internal_message.html?_=1683256602125&CODE_STATE=getMsg HTTP/1.1" 200 27
101.229.22.40 - - [05/May/2023:11:19:24 +0800] "GET /xingrg/all/function/internal_message.html?_=1683256764609&CODE_STATE=getMsg HTTP/1.1" 200 27
180.169.147.146 - - [05/May/2023:11:19:29 +0800] "GET /xingrg/all/function/internal_message.html?_=1683256769428&CODE_STATE=getMsg HTTP/1.1" 200 27
124.79.240.114 - - [05/May/2023:11:19:32 +0800] "GET /xingrg/all/function/internal_message.html?_=1683257046676&CODE_STATE=getMsg HTTP/1.1" 200 27
124.79.240.114 - - [05/May/2023:11:19:32 +0800] "GET /xingrg/check_reg.html?_=1683257046677 HTTP/1.1" 200 22
116.224.158.100 - - [05/May/2023:11:19:32 +0800] "POST /xingrg/kc/buy/cgsh_list_operate.html HTTP/1.1" 200 280
114.85.115.171 - - [05/May/2023:11:19:36 +0800] "GET /xingrg/all/function/internal_message.html?_=1683256783690&CODE_STATE=getMsg HTTP/1.1" 200 27
116.238.139.35 - - [05/May/2023:11:19:37 +0800] "GET /xingrg/all/function/internal_message.html?_=1683256776906&CODE_STATE=getMsg HTTP/1.1" 200 27
116.224.158.100 - - [05/May/2023:11:19:40 +0800] "POST /xingrg/kc/buy/cgsh_list_operate.html HTTP/1.1" 200 4
124.79.240.114 - - [05/May/2023:11:19:44 +0800] "GET /xingrg/all/function/internal_message.html?_=1683256783883&CODE_STATE=getMsg HTTP/1.1" 200 27
180.169.147.146 - - [05/May/2023:11:19:47 +0800] "GET /xingrg/check_reg.html?_=1683256784420 HTTP/1.1" 200 22
180.157.253.215 - - [05/May/2023:11:19:48 +0800] "GET /xingrg/all/function/internal_message.html?_=1683256790798&CODE_STATE=getMsg HTTP/1.1" 200 27
180.157.253.215 - - [05/May/2023:11:19:48 +0800] "GET /xingrg/check_reg.html?_=1683256790802 HTTP/1.1" 200 22
116.227.208.255 - - [05/May/2023:11:19:48 +0800] "GET /xingrg/kc/buy/cgsh_order_add.html HTTP/1.1" 200 71162
116.227.208.255 - - [05/May/2023:11:19:49 +0800] "GET /xingrg/words/20230505092225_words.js HTTP/1.1" 304 -
116.227.208.255 - - [05/May/2023:11:19:49 +0800] "POST /xingrg/kc/buy/cgsh_order_operate.html HTTP/1.1" 200 8245
116.227.208.255 - - [05/May/2023:11:19:49 +0800] "GET /xingrg/javascript/easyui/themes/default/validatebox.css HTTP/1.1" 404 1104
180.169.147.146 - - [05/May/2023:11:19:49 +0800] "GET /xingrg/all/function/internal_message.html?_=1683256790159&CODE_STATE=getMsg HTTP/1.1" 200 27
180.169.147.146 - - [05/May/2023:11:19:52 +0800] "GET /xingrg/all/function/internal_message.html?_=1683256789749&CODE_STATE=getMsg HTTP/1.1" 200 27
180.171.122.0 - - [05/May/2023:11:19:53 +0800] "GET /xingrg/all/function/internal_message.html?_=1683256790580&CODE_STATE=getMsg HTTP/1.1" 200 27
180.171.122.0 - - [05/May/2023:11:19:53 +0800] "GET /xingrg/check_reg.html?_=1683256790802 HTTP/1.1" 200 22
116.227.208.255 - - [05/May/2023:11:19:56 +0800] "GET /xingrg/kc/buy/cgsh_order_operate.html?command=get_materiel&rest_code=00155&code=00101001037&supplier_code=00100090&order_time=2023-05-05 HTTP/1.1" 200 418
120.253.135.82 - - [05/May/2023:11:19:58 +0800] "GET /xingrg/all/function/internal_message.html?_=1683256633635&CODE_STATE=getMsg HTTP/1.1" 200 27
116.227.208.255 - - [05/May/2023:11:19:59 +0800] "GET /xingrg/all/function/internal_message.html?_=1683256856637&CODE_STATE=getMsg HTTP/1.1" 200 27
172.20.0.100 - - [05/May/2023:11:20:00 +0800] "GET /xingrg/all/function/internal_message.html?_=1683256793474&CODE_STATE=getMsg HTTP/1.1" 200 27
116.224.158.100 - - [05/May/2023:11:20:03 +0800] "POST /xingrg/kc/buy/cgsh_list_operate.html HTTP/1.1" 200 5841
180.163.29.217 - - [05/May/2023:11:20:03 +0800] "GET /xingrg/all/function/internal_message.html?_=1683256739647&CODE_STATE=getMsg HTTP/1.1" 302 -
180.163.29.217 - - [05/May/2023:11:20:03 +0800] "GET /xingrg/login.html HTTP/1.1" 200 7641
124.77.244.62 - - [05/May/2023:11:20:03 +0800] "GET /xingrg/all/function/internal_message.html?_=1683256821039&CODE_STATE=getMsg HTTP/1.1" 200 27
124.78.159.37 - - [05/May/2023:11:20:03 +0800] "GET /xingrg/all/function/internal_message.html?_=1683256799626&CODE_STATE=getMsg HTTP/1.1" 200 27
116.224.158.100 - - [05/May/2023:11:20:06 +0800] "GET /xingrg/all/function/internal_message.html?_=1683256808656&CODE_STATE=getMsg HTTP/1.1" 200 27
116.227.208.255 - - [05/May/2023:11:20:07 +0800] "GET /xingrg/kc/buy/cgsh_order_operate.html?command=get_materiel&rest_code=00155&code=00101001140&supplier_code=00100090&order_time=2023-05-05 HTTP/1.1" 200 417
116.224.158.100 - - [05/May/2023:11:20:07 +0800] "GET /xingrg/check_reg.html?_=1683256809616 HTTP/1.1" 200 22
124.78.71.183 - - [05/May/2023:11:20:10 +0800] "GET /xingrg/all/function/internal_message.html?_=1683256334073&CODE_STATE=getMsg HTTP/1.1" 200 27
120.253.135.82 - - [05/May/2023:11:20:11 +0800] "GET /xingrg/all/function/internal_message.html?_=1683256947847&CODE_STATE=getMsg HTTP/1.1" 200 27
116.238.139.35 - - [05/May/2023:11:20:13 +0800] "GET /xingrg/all/function/internal_message.html?_=1683256750140&CODE_STATE=getMsg HTTP/1.1" 200 27
116.227.208.255 - - [05/May/2023:11:20:15 +0800] "POST /xingrg/kc/buy/cgsh_order_operate.html HTTP/1.1" 200 37
116.224.106.218 - - [05/May/2023:11:20:16 +0800] "GET /xingrg/all/function/internal_message.html?_=1683256815087&CODE_STATE=getMsg HTTP/1.1" 200 27
116.227.208.255 - - [05/May/2023:11:20:16 +0800] "POST /xingrg/kc/buy/cgsh_order_operate.html HTTP/1.1" 200 3264
116.227.208.255 - - [05/May/2023:11:20:18 +0800] "GET /xingrg/kc/print/load_data.html?order_code=212023050501540&kc_code=cgsh&condition= HTTP/1.1" 200 991
180.164.3.199 - - [05/May/2023:11:20:18 +0800] "GET /xingrg/all/function/internal_message.html?_=1683256817643&CODE_STATE=getMsg HTTP/1.1" 200 27
124.79.240.114 - - [05/May/2023:11:20:19 +0800] "GET /xingrg/all/function/internal_message.html?_=1683256818363&CODE_STATE=getMsg HTTP/1.1" 200 27
116.227.208.255 - - [05/May/2023:11:20:21 +0800] "GET /xingrg/kc/print/load_data.html?order_code=212023050501540&kc_code=cgsh HTTP/1.1" 200 991
116.224.158.100 - - [05/May/2023:11:20:24 +0800] "GET /xingrg/all/function/internal_message.html?_=1683256662099&CODE_STATE=getMsg HTTP/1.1" 200 27
101.229.22.40 - - [05/May/2023:11:20:24 +0800] "GET /xingrg/all/function/internal_message.html?_=1683256824612&CODE_STATE=getMsg HTTP/1.1" 200 27
116.227.208.255 - - [05/May/2023:11:20:25 +0800] "GET /xingrg/kc/buy/cgsh_order_add.html HTTP/1.1" 200 71162
116.227.208.255 - - [05/May/2023:11:20:25 +0800] "POST /xingrg/kc/buy/cgsh_order_operate.html HTTP/1.1" 200 8245
116.227.208.255 - - [05/May/2023:11:20:25 +0800] "GET /xingrg/javascript/easyui/themes/default/validatebox.css HTTP/1.1" 404 1104
180.169.147.146 - - [05/May/2023:11:20:29 +0800] "GET /xingrg/all/function/internal_message.html?_=1683256829445&CODE_STATE=getMsg HTTP/1.1" 200 27
124.79.240.114 - - [05/May/2023:11:20:32 +0800] "GET /xingrg/all/function/internal_message.html?_=1683257106678&CODE_STATE=getMsg HTTP/1.1" 200 27
114.85.115.171 - - [05/May/2023:11:20:36 +0800] "GET /xingrg/all/function/internal_message.html?_=1683256843692&CODE_STATE=getMsg HTTP/1.1" 200 27
116.238.139.35 - - [05/May/2023:11:20:37 +0800] "GET /xingrg/all/function/internal_message.html?_=1683256836905&CODE_STATE=getMsg HTTP/1.1" 200 27
116.238.139.35 - - [05/May/2023:11:20:37 +0800] "GET /xingrg/check_reg.html?_=1683256836906 HTTP/1.1" 200 22
172.20.0.100 - - [05/May/2023:11:20:40 +0800] "GET /xingrg/check_reg.html?_=1683256852973 HTTP/1.1" 302 -
124.79.240.114 - - [05/May/2023:11:20:44 +0800] "GET /xingrg/all/function/internal_message.html?_=1683256843884&CODE_STATE=getMsg HTTP/1.1" 200 27
116.227.208.255 - - [05/May/2023:11:20:44 +0800] "GET /xingrg/kc/buy/cgsh_order_operate.html?command=get_materiel&rest_code=00155&code=00101002038&supplier_code=00100087&order_time=2023-05-05 HTTP/1.1" 200 416
180.157.253.215 - - [05/May/2023:11:20:48 +0800] "GET /xingrg/all/function/internal_message.html?_=1683256850802&CODE_STATE=getMsg HTTP/1.1" 200 27
180.169.147.146 - - [05/May/2023:11:20:49 +0800] "GET /xingrg/all/function/internal_message.html?_=1683256850162&CODE_STATE=getMsg HTTP/1.1" 200 27
180.169.147.146 - - [05/May/2023:11:20:52 +0800] "GET /xingrg/all/function/internal_message.html?_=1683256849734&CODE_STATE=getMsg HTTP/1.1" 200 27
180.171.122.0 - - [05/May/2023:11:20:53 +0800] "GET /xingrg/all/function/internal_message.html?_=1683256850552&CODE_STATE=getMsg HTTP/1.1" 200 27
120.253.135.82 - - [05/May/2023:11:20:58 +0800] "GET /xingrg/all/function/internal_message.html?_=1683256693649&CODE_STATE=getMsg HTTP/1.1" 200 27
116.227.208.255 - - [05/May/2023:11:20:58 +0800] "POST /xingrg/kc/buy/cgsh_order_operate.html HTTP/1.1" 200 37
180.171.122.0 - - [05/May/2023:11:20:58 +0800] "GET /xingrg/check_reg.html?_=1683256855917 HTTP/1.1" 200 22
116.227.208.255 - - [05/May/2023:11:20:59 +0800] "GET /xingrg/all/function/internal_message.html?_=1683256916611&CODE_STATE=getMsg HTTP/1.1" 200 27
116.227.208.255 - - [05/May/2023:11:21:00 +0800] "POST /xingrg/kc/buy/cgsh_order_operate.html HTTP/1.1" 200 2667
172.20.0.100 - - [05/May/2023:11:21:00 +0800] "GET /xingrg/all/function/internal_message.html?_=1683256853476&CODE_STATE=getMsg HTTP/1.1" 200 27
124.77.244.62 - - [05/May/2023:11:21:00 +0800] "GET /xingrg/check_reg.html?_=1683256878536 HTTP/1.1" 200 22
116.227.208.255 - - [05/May/2023:11:21:01 +0800] "GET /xingrg/kc/print/load_data.html?order_code=212023050501541&kc_code=cgsh&condition= HTTP/1.1" 200 742
124.77.244.62 - - [05/May/2023:11:21:03 +0800] "GET /xingrg/all/function/internal_message.html?_=1683256881053&CODE_STATE=getMsg HTTP/1.1" 200 27
124.78.159.37 - - [05/May/2023:11:21:03 +0800] "GET /xingrg/all/function/internal_message.html?_=1683256859610&CODE_STATE=getMsg HTTP/1.1" 200 27
116.227.208.255 - - [05/May/2023:11:21:05 +0800] "GET /xingrg/kc/buy/cgsh_order_add.html HTTP/1.1" 200 71162
116.227.208.255 - - [05/May/2023:11:21:05 +0800] "POST /xingrg/kc/buy/cgsh_order_operate.html HTTP/1.1" 200 8245
116.227.208.255 - - [05/May/2023:11:21:05 +0800] "GET /xingrg/javascript/easyui/themes/default/validatebox.css HTTP/1.1" 404 1104
116.224.158.100 - - [05/May/2023:11:21:06 +0800] "GET /xingrg/all/function/internal_message.html?_=1683256868625&CODE_STATE=getMsg HTTP/1.1" 200 27
124.78.71.183 - - [05/May/2023:11:21:10 +0800] "GET /xingrg/all/function/internal_message.html?_=1683256394054&CODE_STATE=getMsg HTTP/1.1" 200 27
120.253.135.82 - - [05/May/2023:11:21:11 +0800] "GET /xingrg/all/function/internal_message.html?_=1683257007862&CODE_STATE=getMsg HTTP/1.1" 200 27
116.238.139.35 - - [05/May/2023:11:21:13 +0800] "GET /xingrg/all/function/internal_message.html?_=1683256810149&CODE_STATE=getMsg HTTP/1.1" 200 27
116.227.208.255 - - [05/May/2023:11:21:15 +0800] "GET /xingrg/kc/buy/cgsh_order_operate.html?command=get_materiel&rest_code=00155&code=00101015100&supplier_code=00100327&order_time=2023-05-05 HTTP/1.1" 200 426
116.224.106.218 - - [05/May/2023:11:21:16 +0800] "GET /xingrg/all/function/internal_message.html?_=1683256875062&CODE_STATE=getMsg HTTP/1.1" 200 27
180.164.3.199 - - [05/May/2023:11:21:18 +0800] "GET /xingrg/check_reg.html?_=1683256877640 HTTP/1.1" 200 22
180.164.3.199 - - [05/May/2023:11:21:18 +0800] "GET /xingrg/all/function/internal_message.html?_=1683256877643&CODE_STATE=getMsg HTTP/1.1" 200 27
124.79.240.114 - - [05/May/2023:11:21:19 +0800] "GET /xingrg/all/function/internal_message.html?_=1683256878351&CODE_STATE=getMsg HTTP/1.1" 200 27
116.227.208.255 - - [05/May/2023:11:21:21 +0800] "GET /xingrg/kc/buy/cgsh_order_operate.html?command=get_materiel&rest_code=00155&code=00101008145&supplier_code=00100327&order_time=2023-05-05 HTTP/1.1" 200 417
116.224.158.100 - - [05/May/2023:11:21:24 +0800] "GET /xingrg/all/function/internal_message.html?_=1683256722093&CODE_STATE=getMsg HTTP/1.1" 200 27
101.229.22.40 - - [05/May/2023:11:21:24 +0800] "GET /xingrg/check_reg.html?_=1683256884612 HTTP/1.1" 200 22
101.229.22.40 - - [05/May/2023:11:21:24 +0800] "GET /xingrg/all/function/internal_message.html?_=1683256884614&CODE_STATE=getMsg HTTP/1.1" 200 27
180.169.147.146 - - [05/May/2023:11:21:29 +0800] "GET /xingrg/all/function/internal_message.html?_=1683256889437&CODE_STATE=getMsg HTTP/1.1" 200 27
116.227.208.255 - - [05/May/2023:11:21:29 +0800] "GET /xingrg/kc/buy/cgsh_order_operate.html?command=get_materiel&rest_code=00155&code=00101008402&supplier_code=00100327&order_time=2023-05-05 HTTP/1.1" 200 410
180.171.122.0 - - [05/May/2023:11:21:31 +0800] "POST /xingrg/kc/buy/cgsh_list_operate.html HTTP/1.1" 200 574
124.79.240.114 - - [05/May/2023:11:21:32 +0800] "GET /xingrg/all/function/internal_message.html?_=1683257166688&CODE_STATE=getMsg HTTP/1.1" 200 27
180.171.122.0 - - [05/May/2023:11:21:33 +0800] "POST /xingrg/kc/buy/cgsh_list_operate.html HTTP/1.1" 200 202
116.227.208.255 - - [05/May/2023:11:21:36 +0800] "GET /xingrg/kc/buy/cgsh_order_operate.html?command=get_materiel&rest_code=00155&code=00101008555&supplier_code=00100327&order_time=2023-05-05 HTTP/1.1" 200 425
114.85.115.171 - - [05/May/2023:11:21:36 +0800] "GET /xingrg/check_reg.html?_=1683256903692 HTTP/1.1" 200 22
114.85.115.171 - - [05/May/2023:11:21:36 +0800] "GET /xingrg/all/function/internal_message.html?_=1683256903690&CODE_STATE=getMsg HTTP/1.1" 200 27
116.238.139.35 - - [05/May/2023:11:21:37 +0800] "GET /xingrg/all/function/internal_message.html?_=1683256896910&CODE_STATE=getMsg HTTP/1.1" 200 27
116.227.208.255 - - [05/May/2023:11:21:43 +0800] "POST /xingrg/kc/buy/cgsh_order_operate.html HTTP/1.1" 200 37
124.79.240.114 - - [05/May/2023:11:21:44 +0800] "GET /xingrg/all/function/internal_message.html?_=1683256903886&CODE_STATE=getMsg HTTP/1.1" 200 27
116.227.208.255 - - [05/May/2023:11:21:45 +0800] "POST /xingrg/kc/buy/cgsh_order_operate.html HTTP/1.1" 200 4463
180.157.253.215 - - [05/May/2023:11:21:48 +0800] "GET /xingrg/all/function/internal_message.html?_=1683256910802&CODE_STATE=getMsg HTTP/1.1" 200 27
116.227.208.255 - - [05/May/2023:11:21:48 +0800] "GET /xingrg/kc/print/load_data.html?order_code=212023050501542&kc_code=cgsh&condition= HTTP/1.1" 200 1385
180.169.147.146 - - [05/May/2023:11:21:49 +0800] "GET /xingrg/check_reg.html?_=1683256910178 HTTP/1.1" 200 22
180.169.147.146 - - [05/May/2023:11:21:49 +0800] "GET /xingrg/all/function/internal_message.html?_=1683256910182&CODE_STATE=getMsg HTTP/1.1" 200 27
116.227.208.255 - - [05/May/2023:11:21:52 +0800] "GET /xingrg/kc/buy/cgsh_order_add.html HTTP/1.1" 200 71162
116.227.208.255 - - [05/May/2023:11:21:52 +0800] "POST /xingrg/kc/buy/cgsh_order_operate.html HTTP/1.1" 200 8245
180.169.147.146 - - [05/May/2023:11:21:52 +0800] "GET /xingrg/all/function/internal_message.html?_=1683256909749&CODE_STATE=getMsg HTTP/1.1" 200 27
116.227.208.255 - - [05/May/2023:11:21:52 +0800] "GET /xingrg/javascript/easyui/themes/default/validatebox.css HTTP/1.1" 404 1104
180.171.122.0 - - [05/May/2023:11:21:53 +0800] "GET /xingrg/all/function/internal_message.html?_=1683256910536&CODE_STATE=getMsg HTTP/1.1" 200 27
120.253.135.82 - - [05/May/2023:11:21:58 +0800] "GET /xingrg/all/function/internal_message.html?_=1683256753732&CODE_STATE=getMsg HTTP/1.1" 200 27
116.227.208.255 - - [05/May/2023:11:21:59 +0800] "GET /xingrg/all/function/internal_message.html?_=1683256976612&CODE_STATE=getMsg HTTP/1.1" 200 27
172.20.0.100 - - [05/May/2023:11:22:00 +0800] "GET /xingrg/all/function/internal_message.html?_=1683256913480&CODE_STATE=getMsg HTTP/1.1" 200 27
116.227.208.255 - - [05/May/2023:11:22:01 +0800] "GET /xingrg/kc/buy/cgsh_order_operate.html?command=get_materiel&rest_code=00155&code=00101006001&supplier_code=00100574&order_time=2023-05-05 HTTP/1.1" 200 428
180.163.28.55 - - [05/May/2023:11:22:03 +0800] "GET /xingrg/all/function/internal_message.html?_=1683256859610&CODE_STATE=getMsg HTTP/1.1" 302 -
180.163.28.55 - - [05/May/2023:11:22:03 +0800] "GET /xingrg/login.html HTTP/1.1" 200 7641
124.77.244.62 - - [05/May/2023:11:22:03 +0800] "GET /xingrg/all/function/internal_message.html?_=1683256941067&CODE_STATE=getMsg HTTP/1.1" 200 27
124.78.159.37 - - [05/May/2023:11:22:03 +0800] "GET /xingrg/all/function/internal_message.html?_=1683256919583&CODE_STATE=getMsg HTTP/1.1" 200 27
180.171.122.0 - - [05/May/2023:11:22:06 +0800] "GET /xingrg/kc/buy/cgsh_order_add.html HTTP/1.1" 200 71071
180.171.122.0 - - [05/May/2023:11:22:06 +0800] "POST /xingrg/kc/buy/cgsh_order_operate.html HTTP/1.1" 200 8245
180.171.122.0 - - [05/May/2023:11:22:06 +0800] "GET /xingrg/javascript/easyui/themes/default/validatebox.css HTTP/1.1" 404 1104
116.224.158.100 - - [05/May/2023:11:22:06 +0800] "GET /xingrg/all/function/internal_message.html?_=1683256928594&CODE_STATE=getMsg HTTP/1.1" 200 27
124.78.71.183 - - [05/May/2023:11:22:10 +0800] "GET /xingrg/all/function/internal_message.html?_=1683256454052&CODE_STATE=getMsg HTTP/1.1" 200 27
116.227.208.255 - - [05/May/2023:11:22:10 +0800] "POST /xingrg/kc/buy/cgsh_order_operate.html HTTP/1.1" 200 37
120.253.135.82 - - [05/May/2023:11:22:11 +0800] "GET /xingrg/all/function/internal_message.html?_=1683257067853&CODE_STATE=getMsg HTTP/1.1" 200 27
120.253.135.82 - - [05/May/2023:11:22:11 +0800] "GET /xingrg/check_reg.html?_=1683257067854 HTTP/1.1" 200 22
116.227.208.255 - - [05/May/2023:11:22:12 +0800] "POST /xingrg/kc/buy/cgsh_order_operate.html HTTP/1.1" 200 2674
116.238.139.35 - - [05/May/2023:11:22:12 +0800] "GET /xingrg/check_reg.html?_=1683256868300 HTTP/1.1" 200 22
124.78.71.183 - - [05/May/2023:11:22:12 +0800] "GET /xingrg/check_reg.html?_=1683256456666 HTTP/1.1" 200 22
116.227.208.255 - - [05/May/2023:11:22:13 +0800] "GET /xingrg/kc/print/load_data.html?order_code=212023050501543&kc_code=cgsh&condition= HTTP/1.1" 200 701
116.238.139.35 - - [05/May/2023:11:22:13 +0800] "GET /xingrg/all/function/internal_message.html?_=1683256870163&CODE_STATE=getMsg HTTP/1.1" 200 27
116.224.106.218 - - [05/May/2023:11:22:16 +0800] "GET /xingrg/all/function/internal_message.html?_=1683256935037&CODE_STATE=getMsg HTTP/1.1" 200 27
116.227.208.255 - - [05/May/2023:11:22:16 +0800] "GET /xingrg/kc/buy/cgsh_order_add.html HTTP/1.1" 200 71162
116.227.208.255 - - [05/May/2023:11:22:17 +0800] "POST /xingrg/kc/buy/cgsh_order_operate.html HTTP/1.1" 200 8245
116.227.208.255 - - [05/May/2023:11:22:17 +0800] "GET /xingrg/javascript/easyui/themes/default/validatebox.css HTTP/1.1" 404 1104
180.164.3.199 - - [05/May/2023:11:22:18 +0800] "GET /xingrg/all/function/internal_message.html?_=1683256937633&CODE_STATE=getMsg HTTP/1.1" 200 27
124.79.240.114 - - [05/May/2023:11:22:19 +0800] "GET /xingrg/all/function/internal_message.html?_=1683256938348&CODE_STATE=getMsg HTTP/1.1" 200 27
116.224.106.218 - - [05/May/2023:11:22:19 +0800] "POST /xingrg/kc/buy/cgsh_order_operate.html HTTP/1.1" 200 37
124.79.240.114 - - [05/May/2023:11:22:20 +0800] "GET /xingrg/check_reg.html?_=1683256939160 HTTP/1.1" 200 22
116.224.158.100 - - [05/May/2023:11:22:24 +0800] "GET /xingrg/all/function/internal_message.html?_=1683256782082&CODE_STATE=getMsg HTTP/1.1" 200 27
101.229.22.40 - - [05/May/2023:11:22:24 +0800] "GET /xingrg/all/function/internal_message.html?_=1683256944613&CODE_STATE=getMsg HTTP/1.1" 200 27
180.171.122.0 - - [05/May/2023:11:22:26 +0800] "GET /xingrg/kc/buy/cgsh_order_operate.html?command=get_materiel&rest_code=00111&code=00101010439&supplier_code=00100004&order_time= HTTP/1.1" 200 428
116.224.106.218 - - [05/May/2023:11:22:26 +0800] "POST /xingrg/kc/buy/cgsh_order_operate.html HTTP/1.1" 200 4533
180.169.147.146 - - [05/May/2023:11:22:29 +0800] "GET /xingrg/all/function/internal_message.html?_=1683256949438&CODE_STATE=getMsg HTTP/1.1" 200 27
124.79.240.114 - - [05/May/2023:11:22:32 +0800] "GET /xingrg/all/function/internal_message.html?_=1683257226682&CODE_STATE=getMsg HTTP/1.1" 200 27
116.224.106.218 - - [05/May/2023:11:22:33 +0800] "GET /xingrg/check_reg.html?_=1683256951804 HTTP/1.1" 200 22
114.85.115.171 - - [05/May/2023:11:22:36 +0800] "GET /xingrg/all/function/internal_message.html?_=1683256963690&CODE_STATE=getMsg HTTP/1.1" 200 27
116.238.139.35 - - [05/May/2023:11:22:37 +0800] "GET /xingrg/all/function/internal_message.html?_=1683256956910&CODE_STATE=getMsg HTTP/1.1" 200 27
116.224.106.218 - - [05/May/2023:11:22:40 +0800] "POST /xingrg/kc/buy/cgsh_order_operate.html HTTP/1.1" 200 37
124.79.240.114 - - [05/May/2023:11:22:44 +0800] "GET /xingrg/all/function/internal_message.html?_=1683256963892&CODE_STATE=getMsg HTTP/1.1" 200 27
180.157.253.215 - - [05/May/2023:11:22:48 +0800] "GET /xingrg/all/function/internal_message.html?_=1683256970800&CODE_STATE=getMsg HTTP/1.1" 200 27
180.169.147.146 - - [05/May/2023:11:22:49 +0800] "GET /xingrg/all/function/internal_message.html?_=1683256970176&CODE_STATE=getMsg HTTP/1.1" 200 27
180.171.122.0 - - [05/May/2023:11:22:50 +0800] "POST /xingrg/kc/buy/cgsh_order_operate.html HTTP/1.1" 200 37
116.224.106.218 - - [05/May/2023:11:22:51 +0800] "POST /xingrg/kc/buy/cgsh_order_operate.html HTTP/1.1" 200 12
180.171.122.0 - - [05/May/2023:11:22:52 +0800] "POST /xingrg/kc/buy/cgsh_order_operate.html HTTP/1.1" 200 2668
180.169.147.146 - - [05/May/2023:11:22:52 +0800] "GET /xingrg/all/function/internal_message.html?_=1683256969748&CODE_STATE=getMsg HTTP/1.1" 200 27
180.169.147.146 - - [05/May/2023:11:22:52 +0800] "GET /xingrg/check_reg.html?_=1683256969750 HTTP/1.1" 200 22
180.171.122.0 - - [05/May/2023:11:22:53 +0800] "GET /xingrg/all/function/internal_message.html?_=1683256970524&CODE_STATE=getMsg HTTP/1.1" 200 27
116.227.208.255 - - [05/May/2023:11:22:53 +0800] "GET /xingrg/kc/buy/cgsh_order_operate.html?command=get_materiel&rest_code=00155&code=00101008730&supplier_code=00100331&order_time=2023-05-05 HTTP/1.1" 200 399
116.224.106.218 - - [05/May/2023:11:22:53 +0800] "GET /xingrg/kc/buy/cgsh_order_info.html?code=212023050501544 HTTP/1.1" 200 65214
116.224.106.218 - - [05/May/2023:11:22:54 +0800] "GET /xingrg/words/20230505092225_words.js HTTP/1.1" 200 962951
116.224.106.218 - - [05/May/2023:11:22:54 +0800] "GET /xingrg/javascript/easyui/themes/default/validatebox.css HTTP/1.1" 404 1104
116.224.106.218 - - [05/May/2023:11:22:55 +0800] "POST /xingrg/kc/buy/cgsh_order_operate.html HTTP/1.1" 200 2483
180.171.122.0 - - [05/May/2023:11:22:56 +0800] "GET /xingrg/kc/print/load_data.html?order_code=212023050501545&kc_code=cgsh&condition= HTTP/1.1" 200 732
120.253.135.82 - - [05/May/2023:11:22:58 +0800] "GET /xingrg/all/function/internal_message.html?_=1683256813738&CODE_STATE=getMsg HTTP/1.1" 200 27
116.227.208.255 - - [05/May/2023:11:22:59 +0800] "GET /xingrg/all/function/internal_message.html?_=1683257036610&CODE_STATE=getMsg HTTP/1.1" 200 27
116.224.106.218 - - [05/May/2023:11:23:00 +0800] "GET /xingrg/kc/print/load_config.html?kc_code=cgsh HTTP/1.1" 200 1925
172.20.0.100 - - [05/May/2023:11:23:00 +0800] "GET /xingrg/all/function/internal_message.html?_=1683256973482&CODE_STATE=getMsg HTTP/1.1" 200 27
116.227.208.255 - - [05/May/2023:11:23:01 +0800] "POST /xingrg/kc/buy/cgsh_order_operate.html HTTP/1.1" 200 37
116.224.106.218 - - [05/May/2023:11:23:01 +0800] "GET /xingrg/kc/print/load_data.html?order_code=212023050501544&kc_code=cgsh&condition= HTTP/1.1" 200 1482
124.77.244.62 - - [05/May/2023:11:23:03 +0800] "GET /xingrg/all/function/internal_message.html?_=1683257001081&CODE_STATE=getMsg HTTP/1.1" 200 27
124.78.159.37 - - [05/May/2023:11:23:03 +0800] "GET /xingrg/all/function/internal_message.html?_=1683256979556&CODE_STATE=getMsg HTTP/1.1" 200 27
116.227.208.255 - - [05/May/2023:11:23:04 +0800] "POST /xingrg/kc/buy/cgsh_order_operate.html HTTP/1.1" 200 2656
116.227.208.255 - - [05/May/2023:11:23:05 +0800] "GET /xingrg/kc/print/load_data.html?order_code=212023050501546&kc_code=cgsh&condition= HTTP/1.1" 200 671
116.224.158.100 - - [05/May/2023:11:23:06 +0800] "GET /xingrg/all/function/internal_message.html?_=1683256988567&CODE_STATE=getMsg HTTP/1.1" 200 27
116.227.208.255 - - [05/May/2023:11:23:09 +0800] "GET /xingrg/kc/buy/cgsh_order_add.html HTTP/1.1" 200 71162
124.78.71.183 - - [05/May/2023:11:23:09 +0800] "GET /xingrg/all/function/internal_message.html?_=1683256514028&CODE_STATE=getMsg HTTP/1.1" 200 27
116.227.208.255 - - [05/May/2023:11:23:10 +0800] "POST /xingrg/kc/buy/cgsh_order_operate.html HTTP/1.1" 200 8245
116.227.208.255 - - [05/May/2023:11:23:10 +0800] "GET /xingrg/javascript/easyui/themes/default/validatebox.css HTTP/1.1" 404 1104
120.253.135.82 - - [05/May/2023:11:23:11 +0800] "GET /xingrg/all/function/internal_message.html?_=1683257127853&CODE_STATE=getMsg HTTP/1.1" 200 27
116.238.139.35 - - [05/May/2023:11:23:14 +0800] "GET /xingrg/all/function/internal_message.html?_=1683256930176&CODE_STATE=getMsg HTTP/1.1" 200 27
116.238.139.35 - - [05/May/2023:11:23:14 +0800] "GET /xingrg/kc/buy/cgsh_order_add.html HTTP/1.1" 200 70713
116.238.139.35 - - [05/May/2023:11:23:14 +0800] "GET /xingrg/words/20230505092225_words.js HTTP/1.1" 304 -
116.238.139.35 - - [05/May/2023:11:23:15 +0800] "POST /xingrg/kc/buy/cgsh_order_operate.html HTTP/1.1" 200 8245
116.238.139.35 - - [05/May/2023:11:23:15 +0800] "GET /xingrg/javascript/easyui/themes/default/validatebox.css HTTP/1.1" 404 1104
116.224.106.218 - - [05/May/2023:11:23:16 +0800] "GET /xingrg/all/function/internal_message.html?_=1683256995009&CODE_STATE=getMsg HTTP/1.1" 200 27
116.227.208.255 - - [05/May/2023:11:23:17 +0800] "GET /xingrg/kc/buy/cgsh_order_operate.html?command=get_materiel&rest_code=00155&code=00101005015&supplier_code=00100312&order_time=2023-05-05 HTTP/1.1" 200 409
180.164.3.199 - - [05/May/2023:11:23:18 +0800] "GET /xingrg/all/function/internal_message.html?_=1683256997641&CODE_STATE=getMsg HTTP/1.1" 200 27
124.79.240.114 - - [05/May/2023:11:23:19 +0800] "GET /xingrg/all/function/internal_message.html?_=1683256998332&CODE_STATE=getMsg HTTP/1.1" 200 27
116.227.208.255 - - [05/May/2023:11:23:24 +0800] "POST /xingrg/kc/buy/cgsh_order_operate.html HTTP/1.1" 200 37
116.224.158.100 - - [05/May/2023:11:23:24 +0800] "GET /xingrg/check_reg.html?_=1683256841871 HTTP/1.1" 200 22
116.224.158.100 - - [05/May/2023:11:23:24 +0800] "GET /xingrg/all/function/internal_message.html?_=1683256842061&CODE_STATE=getMsg HTTP/1.1" 200 27
101.229.22.40 - - [05/May/2023:11:23:24 +0800] "GET /xingrg/all/function/internal_message.html?_=1683257004613&CODE_STATE=getMsg HTTP/1.1" 200 27
116.227.208.255 - - [05/May/2023:11:23:25 +0800] "POST /xingrg/kc/buy/cgsh_order_operate.html HTTP/1.1" 200 2656
116.238.139.35 - - [05/May/2023:11:23:26 +0800] "GET /xingrg/kc/buy/cgsh_order_operate.html?command=get_materiel&rest_code=00151&code=00101010079&supplier_code=00100336&order_time=2023-05-05 HTTP/1.1" 200 413
116.227.208.255 - - [05/May/2023:11:23:26 +0800] "GET /xingrg/kc/print/load_data.html?order_code=212023050501547&kc_code=cgsh&condition= HTTP/1.1" 200 684
180.169.147.146 - - [05/May/2023:11:23:29 +0800] "GET /xingrg/check_reg.html?_=1683257009433 HTTP/1.1" 200 22
