180.163.28.55 - - [01/May/2023:09:14:11 +0800] "GET /xingrg/all/function/internal_message.html?_=1682903590262&CODE_STATE=getMsg HTTP/1.1" 302 -
180.163.28.55 - - [01/May/2023:09:14:11 +0800] "GET /xingrg/login.html HTTP/1.1" 200 7641
124.78.159.54 - - [01/May/2023:09:14:11 +0800] "GET /xingrg/check_reg.html?_=1682903650280 HTTP/1.1" 200 22
124.78.159.54 - - [01/May/2023:09:14:11 +0800] "GET /xingrg/all/function/internal_message.html?_=1682903650284&CODE_STATE=getMsg HTTP/1.1" 200 27
114.83.217.213 - - [01/May/2023:09:14:11 +0800] "POST /xingrg/dwr/call/plaincall/AjaxCheckService.setItemNumber.dwr HTTP/1.1" 200 78
124.77.244.62 - - [01/May/2023:09:14:12 +0800] "GET /xingrg/all/function/internal_message.html?_=1682903654089&CODE_STATE=getMsg HTTP/1.1" 200 27
114.83.217.213 - - [01/May/2023:09:14:13 +0800] "POST /xingrg/dwr/call/plaincall/AjaxCheckService.setItemNumber.dwr HTTP/1.1" 200 78
180.169.147.146 - - [01/May/2023:09:14:14 +0800] "GET /xingrg/all/function/internal_message.html?_=1682903653872&CODE_STATE=getMsg HTTP/1.1" 200 27
116.224.158.100 - - [01/May/2023:09:14:14 +0800] "GET /xingrg/all/function/internal_message.html?_=1682903493403&CODE_STATE=getMsg HTTP/1.1" 200 27
114.83.217.213 - - [01/May/2023:09:14:18 +0800] "POST /xingrg/dwr/call/plaincall/AjaxCheckService.setItemNumber.dwr HTTP/1.1" 200 78
116.227.208.255 - - [01/May/2023:09:14:18 +0800] "GET /xingrg/kc/buy/cgsh_order_operate.html?command=get_materiel&rest_code=00155&code=00101008080&supplier_code=00100005&order_time=2023-05-01 HTTP/1.1" 200 416
114.83.217.213 - - [01/May/2023:09:14:18 +0800] "POST /xingrg/dwr/call/plaincall/AjaxCheckService.setItemNumber.dwr HTTP/1.1" 200 78
124.78.159.54 - - [01/May/2023:09:14:19 +0800] "GET /xingrg/kc/buy/cgsh_order_operate.html?command=get_materiel&rest_code=00106&code=00101008215&supplier_code=00100007&order_time=2023-05-01 HTTP/1.1" 200 413
114.83.217.213 - - [01/May/2023:09:14:19 +0800] "POST /xingrg/dwr/call/plaincall/AjaxCheckService.setItemNumber.dwr HTTP/1.1" 200 78
114.83.217.213 - - [01/May/2023:09:14:19 +0800] "POST /xingrg/dwr/call/plaincall/AjaxCheckService.setItemNumber.dwr HTTP/1.1" 200 78
114.83.217.213 - - [01/May/2023:09:14:20 +0800] "POST /xingrg/dwr/call/plaincall/AjaxCheckService.setItemNumber.dwr HTTP/1.1" 200 78
114.83.217.213 - - [01/May/2023:09:14:20 +0800] "POST /xingrg/dwr/call/plaincall/AjaxCheckService.setItemNumber.dwr HTTP/1.1" 200 78
114.83.217.213 - - [01/May/2023:09:14:20 +0800] "GET /xingrg/all/function/internal_message.html?_=1682903660671&CODE_STATE=getMsg HTTP/1.1" 200 27
114.83.217.213 - - [01/May/2023:09:14:21 +0800] "POST /xingrg/dwr/call/plaincall/AjaxCheckService.setItemNumber.dwr HTTP/1.1" 200 78
114.83.217.213 - - [01/May/2023:09:14:22 +0800] "POST /xingrg/dwr/call/plaincall/AjaxCheckService.setItemNumber.dwr HTTP/1.1" 200 78
114.83.217.213 - - [01/May/2023:09:14:22 +0800] "POST /xingrg/dwr/call/plaincall/AjaxCheckService.setItemNumber.dwr HTTP/1.1" 200 78
114.83.217.213 - - [01/May/2023:09:14:22 +0800] "POST /xingrg/dwr/call/plaincall/AjaxCheckService.setItemNumber.dwr HTTP/1.1" 200 78
114.83.217.213 - - [01/May/2023:09:14:23 +0800] "POST /xingrg/dwr/call/plaincall/AjaxCheckService.setItemNumber.dwr HTTP/1.1" 200 78
114.83.217.213 - - [01/May/2023:09:14:24 +0800] "POST /xingrg/dwr/call/plaincall/AjaxCheckService.setItemNumber.dwr HTTP/1.1" 200 78
116.238.139.35 - - [01/May/2023:09:14:25 +0800] "GET /xingrg/all/function/internal_message.html?_=1682903665272&CODE_STATE=getMsg HTTP/1.1" 200 27
116.227.208.255 - - [01/May/2023:09:14:27 +0800] "GET /xingrg/kc/buy/cgsh_order_operate.html?command=get_materiel&rest_code=00155&code=00101008355&supplier_code=00100005&order_time=2023-05-01 HTTP/1.1" 200 408
114.83.217.213 - - [01/May/2023:09:14:27 +0800] "POST /xingrg/dwr/call/plaincall/AjaxCheckService.setItemNumber.dwr HTTP/1.1" 200 78
116.224.158.100 - - [01/May/2023:09:14:29 +0800] "GET /xingrg/all/function/internal_message.html?_=1682903669732&CODE_STATE=getMsg HTTP/1.1" 200 27
124.78.159.54 - - [01/May/2023:09:14:30 +0800] "GET /xingrg/kc/buy/cgsh_order_operate.html?command=get_materiel&rest_code=00106&code=00101008132&supplier_code=00100007&order_time=2023-05-01 HTTP/1.1" 200 408
120.253.135.82 - - [01/May/2023:09:14:33 +0800] "POST /xingrg/kc/pszx/mdps_list_operate.html HTTP/1.1" 200 3180
120.253.135.82 - - [01/May/2023:09:14:34 +0800] "POST /xingrg/kc/pszx/mdps_list_operate.html HTTP/1.1" 200 205
116.227.208.255 - - [01/May/2023:09:14:35 +0800] "GET /xingrg/kc/buy/cgsh_order_operate.html?command=get_materiel&rest_code=00155&code=00101008061&supplier_code=00100005&order_time=2023-05-01 HTTP/1.1" 200 422
120.253.135.82 - - [01/May/2023:09:14:36 +0800] "GET /xingrg/kc/pszx/mdps_order_info.html?code=312023042800550 HTTP/1.1" 200 23978
120.253.135.82 - - [01/May/2023:09:14:36 +0800] "GET /xingrg/javascript/easyui/themes/default/validatebox.css HTTP/1.1" 404 1104
120.253.135.82 - - [01/May/2023:09:14:36 +0800] "GET /xingrg/all/function/internal_message.html?_=1682903513998&CODE_STATE=getMsg HTTP/1.1" 200 27
120.253.135.82 - - [01/May/2023:09:14:36 +0800] "POST /xingrg/kc/pszx/mdps_order_operate.html HTTP/1.1" 200 2284
124.78.159.54 - - [01/May/2023:09:14:38 +0800] "GET /xingrg/kc/buy/cgsh_order_operate.html?command=get_materiel&rest_code=00106&code=00101008185&supplier_code=00100007&order_time=2023-05-01 HTTP/1.1" 200 408
116.227.208.255 - - [01/May/2023:09:14:39 +0800] "GET /xingrg/all/function/internal_message.html?_=1682903741449&CODE_STATE=getMsg HTTP/1.1" 200 27
172.20.0.100 - - [01/May/2023:09:14:41 +0800] "GET /xingrg/check_reg.html?_=1682903682266 HTTP/1.1" 302 -
116.227.208.255 - - [01/May/2023:09:14:42 +0800] "GET /xingrg/kc/buy/cgsh_order_operate.html?command=get_materiel&rest_code=00155&code=00101008196&supplier_code=00100005&order_time=2023-05-01 HTTP/1.1" 200 416
124.79.240.114 - - [01/May/2023:09:14:42 +0800] "GET /xingrg/all/function/internal_message.html?_=1682903956136&CODE_STATE=getMsg HTTP/1.1" 200 27
124.78.71.183 - - [01/May/2023:09:14:48 +0800] "GET /xingrg/check_reg.html?_=1682903689864 HTTP/1.1" 302 -
116.227.208.255 - - [01/May/2023:09:14:49 +0800] "GET /xingrg/kc/buy/cgsh_order_operate.html?command=get_materiel&rest_code=00155&code=00101008114&supplier_code=00100005&order_time=2023-05-01 HTTP/1.1" 200 412
180.171.122.0 - - [01/May/2023:09:14:51 +0800] "GET /xingrg/all/function/internal_message.html?_=1682903691098&CODE_STATE=getMsg HTTP/1.1" 200 27
124.78.159.54 - - [01/May/2023:09:14:53 +0800] "POST /xingrg/kc/buy/cgsh_order_operate.html HTTP/1.1" 200 2065
116.227.208.255 - - [01/May/2023:09:14:55 +0800] "GET /xingrg/kc/buy/cgsh_order_operate.html?command=get_materiel&rest_code=00155&code=00101008229&supplier_code=00100005&order_time=2023-05-01 HTTP/1.1" 200 420
116.238.139.35 - - [01/May/2023:09:14:56 +0800] "GET /xingrg/all/function/internal_message.html?_=1682903637207&CODE_STATE=getMsg HTTP/1.1" 200 27
114.83.217.213 - - [01/May/2023:09:14:58 +0800] "POST /xingrg/dwr/call/plaincall/AjaxCheckService.checkOrder.dwr HTTP/1.1" 200 80
124.78.159.54 - - [01/May/2023:09:14:58 +0800] "GET /xingrg/kc/buy/cgsh_order_operate.html?command=get_materiel&rest_code=00106&code=00101008224&supplier_code=00100007&order_time=2023-05-01 HTTP/1.1" 200 416
114.83.217.213 - - [01/May/2023:09:15:00 +0800] "GET /xingrg/kc/base/check_order_info.html?code=452023043000605 HTTP/1.1" 200 22860
114.83.217.213 - - [01/May/2023:09:15:00 +0800] "GET /xingrg/dwr/interface/AjaxComOrderService.js HTTP/1.1" 200 18264
114.83.217.213 - - [01/May/2023:09:15:00 +0800] "GET /xingrg/dwr/interface/AjaxCheckService.js HTTP/1.1" 200 14003
114.83.217.213 - - [01/May/2023:09:15:00 +0800] "GET /xingrg/dwr/engine.js HTTP/1.1" 200 43631
124.79.240.114 - - [01/May/2023:09:15:00 +0800] "GET /xingrg/all/function/internal_message.html?_=1682903699014&CODE_STATE=getMsg HTTP/1.1" 302 -
114.83.217.213 - - [01/May/2023:09:15:00 +0800] "POST /xingrg/dwr/call/plaincall/AjaxCheckService.loadOrderItems.dwr HTTP/1.1" 200 65537
58.39.109.224 - - [01/May/2023:09:15:01 +0800] "GET /xingrg/all/function/internal_message.html?_=1682903703397&CODE_STATE=getMsg HTTP/1.1" 200 27
58.39.109.224 - - [01/May/2023:09:15:01 +0800] "GET /xingrg/check_reg.html?_=1682903703397 HTTP/1.1" 200 22
218.81.73.202 - - [01/May/2023:09:15:02 +0800] "GET /xingrg/all/function/internal_message.html?_=1682903703868&CODE_STATE=getMsg HTTP/1.1" 200 27
116.227.208.255 - - [01/May/2023:09:15:08 +0800] "POST /xingrg/kc/buy/cgsh_order_operate.html HTTP/1.1" 200 37
116.227.208.255 - - [01/May/2023:09:15:10 +0800] "POST /xingrg/kc/buy/cgsh_order_operate.html HTTP/1.1" 200 12742
124.78.159.54 - - [01/May/2023:09:15:11 +0800] "GET /xingrg/all/function/internal_message.html?_=1682903710262&CODE_STATE=getMsg HTTP/1.1" 200 27
124.78.159.54 - - [01/May/2023:09:15:11 +0800] "GET /xingrg/kc/buy/cgsh_order_operate.html?command=get_materiel&rest_code=00106&code=00101008370&supplier_code=00100007&order_time=2023-05-01 HTTP/1.1" 200 412
124.77.244.62 - - [01/May/2023:09:15:12 +0800] "GET /xingrg/all/function/internal_message.html?_=1682903714112&CODE_STATE=getMsg HTTP/1.1" 200 27
116.227.208.255 - - [01/May/2023:09:15:13 +0800] "GET /xingrg/kc/print/load_data.html?order_code=212023050100023&kc_code=cgsh&condition= HTTP/1.1" 200 4555
120.253.135.82 - - [01/May/2023:09:15:13 +0800] "POST /xingrg/kc/pszx/mdps_order_operate.html HTTP/1.1" 200 37
114.83.217.213 - - [01/May/2023:09:15:14 +0800] "GET /xingrg/kc/base/check_order_list.html?isBack=1 HTTP/1.1" 200 16223
180.169.147.146 - - [01/May/2023:09:15:14 +0800] "GET /xingrg/check_reg.html?_=1682903713713 HTTP/1.1" 200 22
180.169.147.146 - - [01/May/2023:09:15:14 +0800] "GET /xingrg/all/function/internal_message.html?_=1682903713868&CODE_STATE=getMsg HTTP/1.1" 200 27
114.83.217.213 - - [01/May/2023:09:15:14 +0800] "POST /xingrg/kc/base/check_list_operate.html HTTP/1.1" 200 2241
116.224.158.100 - - [01/May/2023:09:15:14 +0800] "GET /xingrg/all/function/internal_message.html?_=1682903553405&CODE_STATE=getMsg HTTP/1.1" 200 27
116.224.158.100 - - [01/May/2023:09:15:14 +0800] "GET /xingrg/check_reg.html?_=1682903553409 HTTP/1.1" 200 22
116.224.120.182 - - [01/May/2023:09:15:18 +0800] "GET /xingrg/check_reg.html?_=1682903720249 HTTP/1.1" 302 -
116.227.208.255 - - [01/May/2023:09:15:19 +0800] "GET /xingrg/kc/print/load_data.html?order_code=212023050100023&kc_code=cgsh HTTP/1.1" 200 4555
120.253.135.82 - - [01/May/2023:09:15:19 +0800] "GET /xingrg/kc/pszx/mdps_order_info.html?code=312023042800550 HTTP/1.1" 200 23984
120.253.135.82 - - [01/May/2023:09:15:19 +0800] "GET /xingrg/javascript/easyui/themes/default/validatebox.css HTTP/1.1" 404 1104
114.83.217.213 - - [01/May/2023:09:15:20 +0800] "GET /xingrg/check_reg.html?_=1682903720106 HTTP/1.1" 200 22
120.253.135.82 - - [01/May/2023:09:15:20 +0800] "POST /xingrg/kc/pszx/mdps_order_operate.html HTTP/1.1" 200 2285
114.83.217.213 - - [01/May/2023:09:15:20 +0800] "GET /xingrg/all/function/internal_message.html?_=1682903720748&CODE_STATE=getMsg HTTP/1.1" 200 27
114.83.217.213 - - [01/May/2023:09:15:21 +0800] "GET /xingrg/kc/base/check_order_info.html?code=452023043000612 HTTP/1.1" 200 26562
114.83.217.213 - - [01/May/2023:09:15:21 +0800] "GET /xingrg/dwr/interface/AjaxComOrderService.js HTTP/1.1" 200 18264
114.83.217.213 - - [01/May/2023:09:15:21 +0800] "GET /xingrg/dwr/interface/AjaxCheckService.js HTTP/1.1" 200 14003
114.83.217.213 - - [01/May/2023:09:15:21 +0800] "GET /xingrg/dwr/engine.js HTTP/1.1" 200 43631
114.83.217.213 - - [01/May/2023:09:15:22 +0800] "POST /xingrg/dwr/call/plaincall/AjaxCheckService.loadOrderItems.dwr HTTP/1.1" 200 55499
120.253.135.82 - - [01/May/2023:09:15:23 +0800] "POST /xingrg/kc/pszx/mdps_list_operate.html HTTP/1.1" 200 3189
116.238.139.35 - - [01/May/2023:09:15:25 +0800] "GET /xingrg/all/function/internal_message.html?_=1682903725244&CODE_STATE=getMsg HTTP/1.1" 200 27
120.253.135.82 - - [01/May/2023:09:15:28 +0800] "POST /xingrg/kc/pszx/mdps_list_operate.html HTTP/1.1" 200 205
116.224.158.100 - - [01/May/2023:09:15:29 +0800] "GET /xingrg/all/function/internal_message.html?_=1682903729703&CODE_STATE=getMsg HTTP/1.1" 200 27
120.253.135.82 - - [01/May/2023:09:15:29 +0800] "GET /xingrg/kc/pszx/mdps_order_info.html?code=312023042800550 HTTP/1.1" 200 23984
120.253.135.82 - - [01/May/2023:09:15:30 +0800] "GET /xingrg/javascript/easyui/themes/default/validatebox.css HTTP/1.1" 404 1104
120.253.135.82 - - [01/May/2023:09:15:30 +0800] "POST /xingrg/kc/pszx/mdps_order_operate.html HTTP/1.1" 200 2285
120.253.135.82 - - [01/May/2023:09:15:32 +0800] "GET /xingrg/kc/print/load_config.html?kc_code=mdps HTTP/1.1" 200 2390
120.253.135.82 - - [01/May/2023:09:15:32 +0800] "GET /xingrg/kc/print/load_data.html?order_code=312023042800550&kc_code=mdps&condition= HTTP/1.1" 200 691
218.81.73.202 - - [01/May/2023:09:15:33 +0800] "POST /xingrg/dwr/call/plaincall/AjaxCheckService.checkOrder.dwr HTTP/1.1" 200 79
114.83.217.213 - - [01/May/2023:09:15:33 +0800] "POST /xingrg/dwr/call/plaincall/AjaxCheckService.setItemNumber.dwr HTTP/1.1" 200 76
218.81.73.202 - - [01/May/2023:09:15:34 +0800] "GET /xingrg/kc/base/check_order_info.html?code=452023043000572 HTTP/1.1" 200 22854
218.81.73.202 - - [01/May/2023:09:15:34 +0800] "GET /xingrg/dwr/interface/AjaxComOrderService.js HTTP/1.1" 200 18264
218.81.73.202 - - [01/May/2023:09:15:34 +0800] "GET /xingrg/dwr/interface/AjaxCheckService.js HTTP/1.1" 200 14003
218.81.73.202 - - [01/May/2023:09:15:34 +0800] "GET /xingrg/dwr/engine.js HTTP/1.1" 200 43631
218.81.73.202 - - [01/May/2023:09:15:35 +0800] "POST /xingrg/dwr/call/plaincall/AjaxCheckService.loadOrderItems.dwr HTTP/1.1" 200 24994
120.253.135.82 - - [01/May/2023:09:15:36 +0800] "GET /xingrg/all/function/internal_message.html?_=1682903574013&CODE_STATE=getMsg HTTP/1.1" 200 27
116.227.208.255 - - [01/May/2023:09:15:39 +0800] "GET /xingrg/all/function/internal_message.html?_=1682903801455&CODE_STATE=getMsg HTTP/1.1" 200 27
116.227.208.255 - - [01/May/2023:09:15:39 +0800] "GET /xingrg/check_reg.html?_=1682903801467 HTTP/1.1" 200 22
218.81.73.202 - - [01/May/2023:09:15:41 +0800] "POST /xingrg/kc/base/check_list_operate.html HTTP/1.1" 200 2553
124.79.240.114 - - [01/May/2023:09:15:42 +0800] "GET /xingrg/all/function/internal_message.html?_=1682904016135&CODE_STATE=getMsg HTTP/1.1" 200 27
124.79.240.114 - - [01/May/2023:09:15:42 +0800] "GET /xingrg/check_reg.html?_=1682904016136 HTTP/1.1" 200 22
218.81.73.202 - - [01/May/2023:09:15:43 +0800] "GET /xingrg/kc/base/check_order_info.html?code=452023043000574 HTTP/1.1" 200 26514
218.81.73.202 - - [01/May/2023:09:15:44 +0800] "GET /xingrg/dwr/interface/AjaxComOrderService.js HTTP/1.1" 200 18264
218.81.73.202 - - [01/May/2023:09:15:44 +0800] "GET /xingrg/dwr/interface/AjaxCheckService.js HTTP/1.1" 200 14003
218.81.73.202 - - [01/May/2023:09:15:44 +0800] "GET /xingrg/dwr/engine.js HTTP/1.1" 200 43631
218.81.73.202 - - [01/May/2023:09:15:44 +0800] "POST /xingrg/dwr/call/plaincall/AjaxCheckService.loadOrderItems.dwr HTTP/1.1" 200 131938
180.171.122.0 - - [01/May/2023:09:15:51 +0800] "GET /xingrg/check_reg.html?_=1682903751101 HTTP/1.1" 200 22
180.171.122.0 - - [01/May/2023:09:15:51 +0800] "GET /xingrg/all/function/internal_message.html?_=1682903751098&CODE_STATE=getMsg HTTP/1.1" 200 27
218.81.73.202 - - [01/May/2023:09:15:53 +0800] "POST /xingrg/dwr/call/plaincall/AjaxCheckService.setItemNumber.dwr HTTP/1.1" 200 76
218.81.73.202 - - [01/May/2023:09:15:54 +0800] "POST /xingrg/dwr/call/plaincall/AjaxCheckService.setItemNumber.dwr HTTP/1.1" 200 76
116.238.139.35 - - [01/May/2023:09:15:56 +0800] "GET /xingrg/all/function/internal_message.html?_=1682903697299&CODE_STATE=getMsg HTTP/1.1" 200 27
218.81.73.202 - - [01/May/2023:09:15:58 +0800] "POST /xingrg/dwr/call/plaincall/AjaxCheckService.setItemNumber.dwr HTTP/1.1" 200 76
218.81.73.202 - - [01/May/2023:09:15:59 +0800] "POST /xingrg/dwr/call/plaincall/AjaxCheckService.setItemNumber.dwr HTTP/1.1" 200 76
218.81.73.202 - - [01/May/2023:09:16:00 +0800] "POST /xingrg/dwr/call/plaincall/AjaxCheckService.setItemNumber.dwr HTTP/1.1" 200 76
124.79.240.114 - - [01/May/2023:09:16:00 +0800] "GET /xingrg/all/function/internal_message.html?_=1682903759019&CODE_STATE=getMsg HTTP/1.1" 302 -
124.78.159.54 - - [01/May/2023:09:16:00 +0800] "POST /xingrg/kc/buy/cgsh_order_operate.html HTTP/1.1" 200 2065
58.39.109.224 - - [01/May/2023:09:16:01 +0800] "GET /xingrg/all/function/internal_message.html?_=1682903763390&CODE_STATE=getMsg HTTP/1.1" 200 27
218.81.73.202 - - [01/May/2023:09:16:01 +0800] "GET /xingrg/check_reg.html?_=1682903762791 HTTP/1.1" 200 22
218.81.73.202 - - [01/May/2023:09:16:01 +0800] "POST /xingrg/dwr/call/plaincall/AjaxCheckService.setItemNumber.dwr HTTP/1.1" 200 76
218.81.73.202 - - [01/May/2023:09:16:01 +0800] "POST /xingrg/dwr/call/plaincall/AjaxCheckService.setItemNumber.dwr HTTP/1.1" 200 76
218.81.73.202 - - [01/May/2023:09:16:02 +0800] "POST /xingrg/dwr/call/plaincall/AjaxCheckService.setItemNumber.dwr HTTP/1.1" 200 76
218.81.73.202 - - [01/May/2023:09:16:03 +0800] "GET /xingrg/all/function/internal_message.html?_=1682903764324&CODE_STATE=getMsg HTTP/1.1" 200 27
218.81.73.202 - - [01/May/2023:09:16:03 +0800] "POST /xingrg/dwr/call/plaincall/AjaxCheckService.setItemNumber.dwr HTTP/1.1" 200 76
114.83.217.213 - - [01/May/2023:09:16:03 +0800] "POST /xingrg/dwr/call/plaincall/AjaxCheckService.setItemNumber.dwr HTTP/1.1" 200 76
218.81.73.202 - - [01/May/2023:09:16:04 +0800] "POST /xingrg/dwr/call/plaincall/AjaxCheckService.setItemNumber.dwr HTTP/1.1" 200 77
218.81.73.202 - - [01/May/2023:09:16:04 +0800] "POST /xingrg/dwr/call/plaincall/AjaxCheckService.setItemNumber.dwr HTTP/1.1" 200 77
218.81.73.202 - - [01/May/2023:09:16:05 +0800] "POST /xingrg/dwr/call/plaincall/AjaxCheckService.setItemNumber.dwr HTTP/1.1" 200 77
218.81.73.202 - - [01/May/2023:09:16:05 +0800] "POST /xingrg/dwr/call/plaincall/AjaxCheckService.setItemNumber.dwr HTTP/1.1" 200 77
218.81.73.202 - - [01/May/2023:09:16:06 +0800] "POST /xingrg/dwr/call/plaincall/AjaxCheckService.setItemNumber.dwr HTTP/1.1" 200 77
180.169.147.146 - - [01/May/2023:09:16:06 +0800] "POST /xingrg/dwr/call/plaincall/AjaxReportQueryService.refreshCache.dwr HTTP/1.1" 200 79
218.81.73.202 - - [01/May/2023:09:16:06 +0800] "POST /xingrg/dwr/call/plaincall/AjaxCheckService.setItemNumber.dwr HTTP/1.1" 200 77
124.78.159.54 - - [01/May/2023:09:16:07 +0800] "GET /xingrg/kc/buy/cgsh_order_operate.html?command=get_materiel&rest_code=00106&code=00101008295&supplier_code=00100007&order_time=2023-05-01 HTTP/1.1" 200 412
218.81.73.202 - - [01/May/2023:09:16:08 +0800] "POST /xingrg/dwr/call/plaincall/AjaxCheckService.setItemNumber.dwr HTTP/1.1" 200 77
218.81.73.202 - - [01/May/2023:09:16:09 +0800] "POST /xingrg/dwr/call/plaincall/AjaxCheckService.setItemNumber.dwr HTTP/1.1" 200 77
180.169.147.146 - - [01/May/2023:09:16:09 +0800] "POST /xingrg/all/report/load_report_page.html HTTP/1.1" 200 51269
218.81.73.202 - - [01/May/2023:09:16:09 +0800] "POST /xingrg/dwr/call/plaincall/AjaxCheckService.setItemNumber.dwr HTTP/1.1" 200 77
180.169.147.146 - - [01/May/2023:09:16:09 +0800] "GET /xingrg/servlets/image?cache=0.6693903261799978&image=px HTTP/1.1" 200 807
218.81.73.202 - - [01/May/2023:09:16:10 +0800] "POST /xingrg/dwr/call/plaincall/AjaxCheckService.setItemNumber.dwr HTTP/1.1" 200 77
124.78.159.54 - - [01/May/2023:09:16:11 +0800] "GET /xingrg/all/function/internal_message.html?_=1682903770258&CODE_STATE=getMsg HTTP/1.1" 200 27
114.83.217.213 - - [01/May/2023:09:16:11 +0800] "POST /xingrg/dwr/call/plaincall/AjaxCheckService.setItemRemark.dwr HTTP/1.1" 200 76
124.77.244.62 - - [01/May/2023:09:16:12 +0800] "GET /xingrg/all/function/internal_message.html?_=1682903774115&CODE_STATE=getMsg HTTP/1.1" 200 27
180.169.147.146 - - [01/May/2023:09:16:14 +0800] "GET /xingrg/all/function/internal_message.html?_=1682903773849&CODE_STATE=getMsg HTTP/1.1" 200 27
116.224.158.100 - - [01/May/2023:09:16:14 +0800] "GET /xingrg/all/function/internal_message.html?_=1682903613408&CODE_STATE=getMsg HTTP/1.1" 200 27
218.81.73.202 - - [01/May/2023:09:16:16 +0800] "POST /xingrg/dwr/call/plaincall/AjaxCheckService.setItemNumber.dwr HTTP/1.1" 200 77
114.83.217.213 - - [01/May/2023:09:16:18 +0800] "POST /xingrg/dwr/call/plaincall/AjaxCheckService.setItemNumber.dwr HTTP/1.1" 200 76
218.81.73.202 - - [01/May/2023:09:16:19 +0800] "POST /xingrg/dwr/call/plaincall/AjaxCheckService.setItemNumber.dwr HTTP/1.1" 200 77
124.78.159.54 - - [01/May/2023:09:16:19 +0800] "GET /xingrg/kc/buy/cgsh_order_operate.html?command=get_materiel&rest_code=00106&code=00101008353&supplier_code=00100007&order_time=2023-05-01 HTTP/1.1" 200 408
114.83.217.213 - - [01/May/2023:09:16:20 +0800] "GET /xingrg/all/function/internal_message.html?_=1682903780624&CODE_STATE=getMsg HTTP/1.1" 200 27
218.81.73.202 - - [01/May/2023:09:16:23 +0800] "POST /xingrg/dwr/call/plaincall/AjaxCheckService.setItemNumber.dwr HTTP/1.1" 200 77
218.81.73.202 - - [01/May/2023:09:16:24 +0800] "POST /xingrg/dwr/call/plaincall/AjaxCheckService.setItemNumber.dwr HTTP/1.1" 200 77
218.81.73.202 - - [01/May/2023:09:16:25 +0800] "POST /xingrg/dwr/call/plaincall/AjaxCheckService.setItemNumber.dwr HTTP/1.1" 200 77
116.238.139.35 - - [01/May/2023:09:16:25 +0800] "GET /xingrg/all/function/internal_message.html?_=1682903785214&CODE_STATE=getMsg HTTP/1.1" 200 27
218.81.73.202 - - [01/May/2023:09:16:26 +0800] "POST /xingrg/dwr/call/plaincall/AjaxCheckService.setItemNumber.dwr HTTP/1.1" 200 77
116.224.158.100 - - [01/May/2023:09:16:26 +0800] "GET /xingrg/check_reg.html?_=1682903787411 HTTP/1.1" 200 22
218.81.73.202 - - [01/May/2023:09:16:27 +0800] "POST /xingrg/dwr/call/plaincall/AjaxCheckService.setItemNumber.dwr HTTP/1.1" 200 77
218.81.73.202 - - [01/May/2023:09:16:27 +0800] "POST /xingrg/dwr/call/plaincall/AjaxCheckService.setItemNumber.dwr HTTP/1.1" 200 77
180.169.147.146 - - [01/May/2023:09:16:28 +0800] "POST /xingrg/dwr/call/plaincall/AjaxReportQueryService.refreshCache.dwr HTTP/1.1" 200 79
218.81.73.202 - - [01/May/2023:09:16:28 +0800] "POST /xingrg/dwr/call/plaincall/AjaxCheckService.setItemNumber.dwr HTTP/1.1" 200 77
116.224.158.100 - - [01/May/2023:09:16:29 +0800] "GET /xingrg/all/function/internal_message.html?_=1682903789671&CODE_STATE=getMsg HTTP/1.1" 200 27
218.81.73.202 - - [01/May/2023:09:16:30 +0800] "POST /xingrg/dwr/call/plaincall/AjaxCheckService.setItemNumber.dwr HTTP/1.1" 200 77
218.81.73.202 - - [01/May/2023:09:16:30 +0800] "POST /xingrg/dwr/call/plaincall/AjaxCheckService.setItemNumber.dwr HTTP/1.1" 200 77
218.81.73.202 - - [01/May/2023:09:16:30 +0800] "POST /xingrg/dwr/call/plaincall/AjaxCheckService.setItemNumber.dwr HTTP/1.1" 200 77
180.169.147.146 - - [01/May/2023:09:16:31 +0800] "POST /xingrg/all/report/load_report_page.html HTTP/1.1" 200 51360
180.169.147.146 - - [01/May/2023:09:16:31 +0800] "GET /xingrg/servlets/image?cache=0.9406300368863971&image=px HTTP/1.1" 200 807
218.81.73.202 - - [01/May/2023:09:16:31 +0800] "POST /xingrg/dwr/call/plaincall/AjaxCheckService.setItemNumber.dwr HTTP/1.1" 200 77
124.78.159.54 - - [01/May/2023:09:16:33 +0800] "GET /xingrg/kc/buy/cgsh_order_operate.html?command=get_materiel&rest_code=00106&code=00101013179&supplier_code=00100007&order_time=2023-05-01 HTTP/1.1" 200 412
180.171.122.0 - - [01/May/2023:09:16:33 +0800] "GET /xingrg/kc/buy/cgsh_order_add.html HTTP/1.1" 200 71023
180.171.122.0 - - [01/May/2023:09:16:33 +0800] "POST /xingrg/kc/buy/cgsh_order_operate.html HTTP/1.1" 200 8245
180.171.122.0 - - [01/May/2023:09:16:33 +0800] "GET /xingrg/javascript/easyui/themes/default/validatebox.css HTTP/1.1" 404 1104
120.253.135.82 - - [01/May/2023:09:16:34 +0800] "GET /xingrg/check_reg.html?_=1682903631270 HTTP/1.1" 200 22
120.253.135.82 - - [01/May/2023:09:16:36 +0800] "GET /xingrg/all/function/internal_message.html?_=1682903634027&CODE_STATE=getMsg HTTP/1.1" 200 27
218.81.73.202 - - [01/May/2023:09:16:39 +0800] "POST /xingrg/dwr/call/plaincall/AjaxCheckService.setItemNumber.dwr HTTP/1.1" 200 77
116.227.208.255 - - [01/May/2023:09:16:39 +0800] "GET /xingrg/all/function/internal_message.html?_=1682903861448&CODE_STATE=getMsg HTTP/1.1" 200 27
180.169.147.146 - - [01/May/2023:09:16:40 +0800] "POST /xingrg/dwr/call/plaincall/AjaxReportQueryService.refreshCache.dwr HTTP/1.1" 200 79
218.81.73.202 - - [01/May/2023:09:16:41 +0800] "POST /xingrg/dwr/call/plaincall/AjaxCheckService.setItemNumber.dwr HTTP/1.1" 200 77
124.79.240.114 - - [01/May/2023:09:16:42 +0800] "GET /xingrg/all/function/internal_message.html?_=1682904076134&CODE_STATE=getMsg HTTP/1.1" 200 27
218.81.73.202 - - [01/May/2023:09:16:43 +0800] "POST /xingrg/dwr/call/plaincall/AjaxCheckService.setItemNumber.dwr HTTP/1.1" 200 77
124.78.159.54 - - [01/May/2023:09:16:43 +0800] "GET /xingrg/kc/buy/cgsh_order_operate.html?command=get_materiel&rest_code=00106&code=00101008283&supplier_code=00100007&order_time=2023-05-01 HTTP/1.1" 200 408
180.169.147.146 - - [01/May/2023:09:16:43 +0800] "POST /xingrg/all/report/load_report_page.html HTTP/1.1" 200 51360
180.169.147.146 - - [01/May/2023:09:16:43 +0800] "GET /xingrg/servlets/image?cache=0.7773362691954583&image=px HTTP/1.1" 200 807
114.83.217.213 - - [01/May/2023:09:16:43 +0800] "POST /xingrg/dwr/call/plaincall/AjaxCheckService.setItemRemark.dwr HTTP/1.1" 200 76
218.81.73.202 - - [01/May/2023:09:16:43 +0800] "POST /xingrg/dwr/call/plaincall/AjaxCheckService.setItemNumber.dwr HTTP/1.1" 200 77
218.81.73.202 - - [01/May/2023:09:16:44 +0800] "POST /xingrg/dwr/call/plaincall/AjaxCheckService.setItemNumber.dwr HTTP/1.1" 200 77
218.81.73.202 - - [01/May/2023:09:16:45 +0800] "POST /xingrg/dwr/call/plaincall/AjaxCheckService.setItemNumber.dwr HTTP/1.1" 200 77
218.81.73.202 - - [01/May/2023:09:16:46 +0800] "POST /xingrg/dwr/call/plaincall/AjaxCheckService.setItemNumber.dwr HTTP/1.1" 200 77
218.81.73.202 - - [01/May/2023:09:16:47 +0800] "POST /xingrg/dwr/call/plaincall/AjaxCheckService.setItemNumber.dwr HTTP/1.1" 200 77
218.81.73.202 - - [01/May/2023:09:16:48 +0800] "POST /xingrg/dwr/call/plaincall/AjaxCheckService.setItemNumber.dwr HTTP/1.1" 200 77
114.83.217.213 - - [01/May/2023:09:16:49 +0800] "POST /xingrg/dwr/call/plaincall/AjaxCheckService.setItemNumber.dwr HTTP/1.1" 200 76
218.81.73.202 - - [01/May/2023:09:16:49 +0800] "POST /xingrg/dwr/call/plaincall/AjaxCheckService.setItemNumber.dwr HTTP/1.1" 200 77
180.171.122.0 - - [01/May/2023:09:16:51 +0800] "GET /xingrg/all/function/internal_message.html?_=1682903811107&CODE_STATE=getMsg HTTP/1.1" 200 27
114.83.217.213 - - [01/May/2023:09:16:54 +0800] "POST /xingrg/dwr/call/plaincall/AjaxCheckService.setItemRemark.dwr HTTP/1.1" 200 76
124.78.159.54 - - [01/May/2023:09:16:55 +0800] "GET /xingrg/kc/buy/cgsh_order_operate.html?command=get_materiel&rest_code=00106&code=00101008285&supplier_code=00100007&order_time=2023-05-01 HTTP/1.1" 200 413
116.238.139.35 - - [01/May/2023:09:16:56 +0800] "GET /xingrg/all/function/internal_message.html?_=1682903757313&CODE_STATE=getMsg HTTP/1.1" 200 27
114.83.217.213 - - [01/May/2023:09:16:57 +0800] "POST /xingrg/dwr/call/plaincall/AjaxCheckService.setItemNumber.dwr HTTP/1.1" 200 76
114.83.217.213 - - [01/May/2023:09:16:59 +0800] "POST /xingrg/dwr/call/plaincall/AjaxCheckService.setItemNumber.dwr HTTP/1.1" 200 76
124.78.159.54 - - [01/May/2023:09:16:59 +0800] "POST /xingrg/kc/buy/cgsh_order_operate.html HTTP/1.1" 200 2065
124.79.240.114 - - [01/May/2023:09:17:00 +0800] "GET /xingrg/check_reg.html?_=1682903819016 HTTP/1.1" 302 -
124.79.240.114 - - [01/May/2023:09:17:00 +0800] "GET /xingrg/all/function/internal_message.html?_=1682903819021&CODE_STATE=getMsg HTTP/1.1" 302 -
58.39.109.224 - - [01/May/2023:09:17:01 +0800] "GET /xingrg/all/function/internal_message.html?_=1682903823389&CODE_STATE=getMsg HTTP/1.1" 200 27
218.81.73.202 - - [01/May/2023:09:17:02 +0800] "POST /xingrg/dwr/call/plaincall/AjaxCheckService.setItemNumber.dwr HTTP/1.1" 200 77
218.81.73.202 - - [01/May/2023:09:17:02 +0800] "POST /xingrg/dwr/call/plaincall/AjaxCheckService.setItemNumber.dwr HTTP/1.1" 200 77
218.81.73.202 - - [01/May/2023:09:17:03 +0800] "GET /xingrg/all/function/internal_message.html?_=1682903824375&CODE_STATE=getMsg HTTP/1.1" 200 27
114.83.217.213 - - [01/May/2023:09:17:03 +0800] "POST /xingrg/dwr/call/plaincall/AjaxCheckService.setItemNumber.dwr HTTP/1.1" 200 77
218.81.73.202 - - [01/May/2023:09:17:03 +0800] "POST /xingrg/dwr/call/plaincall/AjaxCheckService.setItemNumber.dwr HTTP/1.1" 200 77
218.81.73.202 - - [01/May/2023:09:17:04 +0800] "POST /xingrg/dwr/call/plaincall/AjaxCheckService.setItemNumber.dwr HTTP/1.1" 200 77
218.81.73.202 - - [01/May/2023:09:17:04 +0800] "POST /xingrg/dwr/call/plaincall/AjaxCheckService.setItemNumber.dwr HTTP/1.1" 200 77
124.78.159.54 - - [01/May/2023:09:17:05 +0800] "GET /xingrg/kc/buy/cgsh_order_operate.html?command=get_materiel&rest_code=00106&code=00101011013&supplier_code=00100007&order_time=2023-05-01 HTTP/1.1" 200 413
58.221.95.50 - - [01/May/2023:09:17:05 +0800] "GET /xingrg/check_reg.html?_=1682903826201 HTTP/1.1" 302 -
218.81.73.202 - - [01/May/2023:09:17:05 +0800] "POST /xingrg/dwr/call/plaincall/AjaxCheckService.setItemNumber.dwr HTTP/1.1" 200 77
116.238.139.35 - - [01/May/2023:09:17:05 +0800] "GET /xingrg/check_reg.html?_=1682903825363 HTTP/1.1" 200 22
218.81.73.202 - - [01/May/2023:09:17:06 +0800] "POST /xingrg/dwr/call/plaincall/AjaxCheckService.setItemNumber.dwr HTTP/1.1" 200 77
218.81.73.202 - - [01/May/2023:09:17:07 +0800] "POST /xingrg/dwr/call/plaincall/AjaxCheckService.setItemNumber.dwr HTTP/1.1" 200 77
114.83.217.213 - - [01/May/2023:09:17:07 +0800] "POST /xingrg/dwr/call/plaincall/AjaxCheckService.setItemRemark.dwr HTTP/1.1" 200 77
218.81.73.202 - - [01/May/2023:09:17:07 +0800] "POST /xingrg/dwr/call/plaincall/AjaxCheckService.setItemNumber.dwr HTTP/1.1" 200 77
218.81.73.202 - - [01/May/2023:09:17:08 +0800] "POST /xingrg/dwr/call/plaincall/AjaxCheckService.setItemNumber.dwr HTTP/1.1" 200 77
218.81.73.202 - - [01/May/2023:09:17:08 +0800] "POST /xingrg/dwr/call/plaincall/AjaxCheckService.setItemNumber.dwr HTTP/1.1" 200 77
218.81.73.202 - - [01/May/2023:09:17:09 +0800] "POST /xingrg/dwr/call/plaincall/AjaxCheckService.setItemNumber.dwr HTTP/1.1" 200 77
218.81.73.202 - - [01/May/2023:09:17:09 +0800] "POST /xingrg/dwr/call/plaincall/AjaxCheckService.setItemNumber.dwr HTTP/1.1" 200 77
124.78.159.54 - - [01/May/2023:09:17:11 +0800] "GET /xingrg/all/function/internal_message.html?_=1682903830271&CODE_STATE=getMsg HTTP/1.1" 200 27
124.77.244.62 - - [01/May/2023:09:17:12 +0800] "GET /xingrg/all/function/internal_message.html?_=1682903834135&CODE_STATE=getMsg HTTP/1.1" 200 27
114.83.217.213 - - [01/May/2023:09:17:13 +0800] "POST /xingrg/dwr/call/plaincall/AjaxCheckService.setItemNumber.dwr HTTP/1.1" 200 77
180.169.147.146 - - [01/May/2023:09:17:14 +0800] "GET /xingrg/all/function/internal_message.html?_=1682903833831&CODE_STATE=getMsg HTTP/1.1" 200 27
116.224.158.100 - - [01/May/2023:09:17:14 +0800] "GET /xingrg/all/function/internal_message.html?_=1682903673418&CODE_STATE=getMsg HTTP/1.1" 200 27
180.163.30.85 - - [01/May/2023:09:17:16 +0800] "GET /xingrg/kc/buy/cgsh_order_operate.html?command=get_materiel&rest_code=00106&code=00101008353&supplier_code=00100007&order_time=2023-05-01 HTTP/1.1" 302 -
180.163.30.85 - - [01/May/2023:09:17:16 +0800] "GET /xingrg/login.html HTTP/1.1" 200 7641
114.83.217.213 - - [01/May/2023:09:17:17 +0800] "POST /xingrg/dwr/call/plaincall/AjaxCheckService.setItemRemark.dwr HTTP/1.1" 200 77
218.81.73.202 - - [01/May/2023:09:17:17 +0800] "POST /xingrg/dwr/call/plaincall/AjaxCheckService.setItemNumber.dwr HTTP/1.1" 200 77
124.78.159.54 - - [01/May/2023:09:17:18 +0800] "POST /xingrg/kc/buy/cgsh_order_operate.html HTTP/1.1" 200 37
114.83.217.213 - - [01/May/2023:09:17:20 +0800] "GET /xingrg/all/function/internal_message.html?_=1682903840598&CODE_STATE=getMsg HTTP/1.1" 200 27
218.81.73.202 - - [01/May/2023:09:17:21 +0800] "POST /xingrg/dwr/call/plaincall/AjaxCheckService.setItemNumber.dwr HTTP/1.1" 200 77
218.81.73.202 - - [01/May/2023:09:17:21 +0800] "POST /xingrg/dwr/call/plaincall/AjaxCheckService.setItemNumber.dwr HTTP/1.1" 200 77
124.78.159.54 - - [01/May/2023:09:17:23 +0800] "POST /xingrg/kc/buy/cgsh_order_operate.html HTTP/1.1" 200 29873
114.83.217.213 - - [01/May/2023:09:17:24 +0800] "POST /xingrg/dwr/call/plaincall/AjaxCheckService.setItemNumber.dwr HTTP/1.1" 200 77
116.238.139.35 - - [01/May/2023:09:17:25 +0800] "GET /xingrg/all/function/internal_message.html?_=1682903845193&CODE_STATE=getMsg HTTP/1.1" 200 27
218.81.73.202 - - [01/May/2023:09:17:26 +0800] "POST /xingrg/dwr/call/plaincall/AjaxCheckService.setItemNumber.dwr HTTP/1.1" 200 77
218.81.73.202 - - [01/May/2023:09:17:27 +0800] "POST /xingrg/dwr/call/plaincall/AjaxCheckService.setItemNumber.dwr HTTP/1.1" 200 77
218.81.73.202 - - [01/May/2023:09:17:28 +0800] "POST /xingrg/dwr/call/plaincall/AjaxCheckService.setItemNumber.dwr HTTP/1.1" 200 77
218.81.73.202 - - [01/May/2023:09:17:29 +0800] "POST /xingrg/dwr/call/plaincall/AjaxCheckService.setItemNumber.dwr HTTP/1.1" 200 77
116.224.158.100 - - [01/May/2023:09:17:29 +0800] "GET /xingrg/all/function/internal_message.html?_=1682903849645&CODE_STATE=getMsg HTTP/1.1" 200 27
218.81.73.202 - - [01/May/2023:09:17:30 +0800] "POST /xingrg/dwr/call/plaincall/AjaxCheckService.setItemNumber.dwr HTTP/1.1" 200 77
218.81.73.202 - - [01/May/2023:09:17:31 +0800] "POST /xingrg/dwr/call/plaincall/AjaxCheckService.setItemNumber.dwr HTTP/1.1" 200 77
218.81.73.202 - - [01/May/2023:09:17:32 +0800] "POST /xingrg/dwr/call/plaincall/AjaxCheckService.setItemNumber.dwr HTTP/1.1" 200 77
114.83.217.213 - - [01/May/2023:09:17:32 +0800] "POST /xingrg/dwr/call/plaincall/AjaxCheckService.setItemNumber.dwr HTTP/1.1" 200 77
218.81.73.202 - - [01/May/2023:09:17:33 +0800] "POST /xingrg/dwr/call/plaincall/AjaxCheckService.setItemNumber.dwr HTTP/1.1" 200 77
218.81.73.202 - - [01/May/2023:09:17:34 +0800] "POST /xingrg/dwr/call/plaincall/AjaxCheckService.setItemNumber.dwr HTTP/1.1" 200 77
218.81.73.202 - - [01/May/2023:09:17:34 +0800] "POST /xingrg/dwr/call/plaincall/AjaxCheckService.setItemNumber.dwr HTTP/1.1" 200 77
218.81.73.202 - - [01/May/2023:09:17:35 +0800] "POST /xingrg/dwr/call/plaincall/AjaxCheckService.setItemNumber.dwr HTTP/1.1" 200 77
218.81.73.202 - - [01/May/2023:09:17:35 +0800] "POST /xingrg/dwr/call/plaincall/AjaxCheckService.setItemNumber.dwr HTTP/1.1" 200 77
218.81.73.202 - - [01/May/2023:09:17:36 +0800] "POST /xingrg/dwr/call/plaincall/AjaxCheckService.setItemNumber.dwr HTTP/1.1" 200 77
120.253.135.82 - - [01/May/2023:09:17:36 +0800] "GET /xingrg/all/function/internal_message.html?_=1682903694039&CODE_STATE=getMsg HTTP/1.1" 200 27
218.81.73.202 - - [01/May/2023:09:17:37 +0800] "POST /xingrg/dwr/call/plaincall/AjaxCheckService.setItemNumber.dwr HTTP/1.1" 200 77
218.81.73.202 - - [01/May/2023:09:17:37 +0800] "POST /xingrg/dwr/call/plaincall/AjaxCheckService.setItemNumber.dwr HTTP/1.1" 200 77
114.83.217.213 - - [01/May/2023:09:17:37 +0800] "POST /xingrg/dwr/call/plaincall/AjaxCheckService.setItemRemark.dwr HTTP/1.1" 200 77
218.81.73.202 - - [01/May/2023:09:17:38 +0800] "POST /xingrg/dwr/call/plaincall/AjaxCheckService.setItemNumber.dwr HTTP/1.1" 200 77
218.81.73.202 - - [01/May/2023:09:17:38 +0800] "POST /xingrg/dwr/call/plaincall/AjaxCheckService.setItemNumber.dwr HTTP/1.1" 200 77
116.227.208.255 - - [01/May/2023:09:17:39 +0800] "GET /xingrg/all/function/internal_message.html?_=1682903921439&CODE_STATE=getMsg HTTP/1.1" 200 27
218.81.73.202 - - [01/May/2023:09:17:39 +0800] "POST /xingrg/dwr/call/plaincall/AjaxCheckService.setItemNumber.dwr HTTP/1.1" 200 77
218.81.73.202 - - [01/May/2023:09:17:40 +0800] "POST /xingrg/dwr/call/plaincall/AjaxCheckService.setItemNumber.dwr HTTP/1.1" 200 77
124.79.240.114 - - [01/May/2023:09:17:42 +0800] "GET /xingrg/all/function/internal_message.html?_=1682904136133&CODE_STATE=getMsg HTTP/1.1" 200 27
180.171.122.0 - - [01/May/2023:09:17:45 +0800] "GET /xingrg/kc/buy/cgsh_order_operate.html?command=get_materiel&rest_code=00111&code=00101006130&supplier_code=00100012&order_time=2023-05-01 HTTP/1.1" 200 427
180.171.122.0 - - [01/May/2023:09:17:51 +0800] "GET /xingrg/all/function/internal_message.html?_=1682903871107&CODE_STATE=getMsg HTTP/1.1" 200 27
218.81.73.202 - - [01/May/2023:09:17:55 +0800] "POST /xingrg/dwr/call/plaincall/AjaxCheckService.setItemNumber.dwr HTTP/1.1" 200 77
116.238.139.35 - - [01/May/2023:09:17:56 +0800] "GET /xingrg/check_reg.html?_=1682903816708 HTTP/1.1" 200 22
218.81.73.202 - - [01/May/2023:09:17:56 +0800] "POST /xingrg/dwr/call/plaincall/AjaxCheckService.setItemNumber.dwr HTTP/1.1" 200 77
116.238.139.35 - - [01/May/2023:09:17:56 +0800] "GET /xingrg/all/function/internal_message.html?_=1682903817327&CODE_STATE=getMsg HTTP/1.1" 200 27
218.81.73.202 - - [01/May/2023:09:17:56 +0800] "POST /xingrg/dwr/call/plaincall/AjaxCheckService.setItemNumber.dwr HTTP/1.1" 200 77
218.81.73.202 - - [01/May/2023:09:17:59 +0800] "POST /xingrg/dwr/call/plaincall/AjaxCheckService.setItemNumber.dwr HTTP/1.1" 200 77
124.79.240.114 - - [01/May/2023:09:18:00 +0800] "GET /xingrg/all/function/internal_message.html?_=1682903879015&CODE_STATE=getMsg HTTP/1.1" 302 -
218.81.73.202 - - [01/May/2023:09:18:01 +0800] "POST /xingrg/dwr/call/plaincall/AjaxCheckService.setItemNumber.dwr HTTP/1.1" 200 77
58.39.109.224 - - [01/May/2023:09:18:01 +0800] "GET /xingrg/all/function/internal_message.html?_=1682903883382&CODE_STATE=getMsg HTTP/1.1" 200 27
180.163.28.68 - - [01/May/2023:09:18:02 +0800] "GET /xingrg/kc/buy/cgsh_order_operate.html?command=get_materiel&rest_code=00106&code=00101011013&supplier_code=00100007&order_time=2023-05-01 HTTP/1.1" 302 -
180.163.28.68 - - [01/May/2023:09:18:02 +0800] "GET /xingrg/login.html HTTP/1.1" 200 7641
218.81.73.202 - - [01/May/2023:09:18:02 +0800] "POST /xingrg/dwr/call/plaincall/AjaxCheckService.setItemNumber.dwr HTTP/1.1" 200 77
218.81.73.202 - - [01/May/2023:09:18:03 +0800] "GET /xingrg/all/function/internal_message.html?_=1682903884589&CODE_STATE=getMsg HTTP/1.1" 200 27
218.81.73.202 - - [01/May/2023:09:18:03 +0800] "POST /xingrg/dwr/call/plaincall/AjaxCheckService.setItemNumber.dwr HTTP/1.1" 200 77
218.81.73.202 - - [01/May/2023:09:18:04 +0800] "POST /xingrg/dwr/call/plaincall/AjaxCheckService.setItemNumber.dwr HTTP/1.1" 200 77
218.81.73.202 - - [01/May/2023:09:18:05 +0800] "POST /xingrg/dwr/call/plaincall/AjaxCheckService.setItemNumber.dwr HTTP/1.1" 200 77
124.77.244.62 - - [01/May/2023:09:18:05 +0800] "GET /xingrg/check_reg.html?_=1682903887264 HTTP/1.1" 200 22
218.81.73.202 - - [01/May/2023:09:18:06 +0800] "POST /xingrg/dwr/call/plaincall/AjaxCheckService.setItemNumber.dwr HTTP/1.1" 200 77
114.83.217.213 - - [01/May/2023:09:18:07 +0800] "POST /xingrg/dwr/call/plaincall/AjaxCheckService.setItemNumber.dwr HTTP/1.1" 200 77
218.81.73.202 - - [01/May/2023:09:18:07 +0800] "POST /xingrg/dwr/call/plaincall/AjaxCheckService.setItemNumber.dwr HTTP/1.1" 200 77
218.81.73.202 - - [01/May/2023:09:18:08 +0800] "POST /xingrg/dwr/call/plaincall/AjaxCheckService.setItemNumber.dwr HTTP/1.1" 200 77
180.171.122.0 - - [01/May/2023:09:18:09 +0800] "GET /xingrg/kc/buy/cgsh_order_operate.html?command=get_materiel&rest_code=00111&code=00101006124&supplier_code=00100012&order_time=2023-05-01 HTTP/1.1" 200 409
218.81.73.202 - - [01/May/2023:09:18:09 +0800] "POST /xingrg/dwr/call/plaincall/AjaxCheckService.setItemNumber.dwr HTTP/1.1" 200 77
124.78.159.54 - - [01/May/2023:09:18:11 +0800] "GET /xingrg/all/function/internal_message.html?_=1682903890288&CODE_STATE=getMsg HTTP/1.1" 200 27
218.81.73.202 - - [01/May/2023:09:18:11 +0800] "POST /xingrg/dwr/call/plaincall/AjaxCheckService.setItemNumber.dwr HTTP/1.1" 200 77
180.169.147.146 - - [01/May/2023:09:18:11 +0800] "POST /xingrg/all/report/report_print.html HTTP/1.1" 200 7680
218.81.73.202 - - [01/May/2023:09:18:11 +0800] "POST /xingrg/dwr/call/plaincall/AjaxCheckService.setItemNumber.dwr HTTP/1.1" 200 77
218.81.73.202 - - [01/May/2023:09:18:12 +0800] "POST /xingrg/dwr/call/plaincall/AjaxCheckService.setItemNumber.dwr HTTP/1.1" 200 77
124.77.244.62 - - [01/May/2023:09:18:12 +0800] "GET /xingrg/all/function/internal_message.html?_=1682903894142&CODE_STATE=getMsg HTTP/1.1" 200 27
218.81.73.202 - - [01/May/2023:09:18:13 +0800] "POST /xingrg/dwr/call/plaincall/AjaxCheckService.setItemNumber.dwr HTTP/1.1" 200 77
218.81.73.202 - - [01/May/2023:09:18:14 +0800] "POST /xingrg/dwr/call/plaincall/AjaxCheckService.setItemNumber.dwr HTTP/1.1" 200 77
180.169.147.146 - - [01/May/2023:09:18:14 +0800] "GET /xingrg/all/function/internal_message.html?_=1682903893827&CODE_STATE=getMsg HTTP/1.1" 200 27
116.224.158.100 - - [01/May/2023:09:18:14 +0800] "GET /xingrg/all/function/internal_message.html?_=1682903733408&CODE_STATE=getMsg HTTP/1.1" 200 27
218.81.73.202 - - [01/May/2023:09:18:15 +0800] "POST /xingrg/dwr/call/plaincall/AjaxCheckService.setItemNumber.dwr HTTP/1.1" 200 77
114.83.217.213 - - [01/May/2023:09:18:15 +0800] "POST /xingrg/dwr/call/plaincall/AjaxCheckService.setItemRemark.dwr HTTP/1.1" 200 77
218.81.73.202 - - [01/May/2023:09:18:16 +0800] "POST /xingrg/dwr/call/plaincall/AjaxCheckService.setItemNumber.dwr HTTP/1.1" 200 77
218.81.73.202 - - [01/May/2023:09:18:17 +0800] "POST /xingrg/dwr/call/plaincall/AjaxCheckService.setItemNumber.dwr HTTP/1.1" 200 77
218.81.73.202 - - [01/May/2023:09:18:18 +0800] "POST /xingrg/dwr/call/plaincall/AjaxCheckService.setItemNumber.dwr HTTP/1.1" 200 77
218.81.73.202 - - [01/May/2023:09:18:19 +0800] "POST /xingrg/dwr/call/plaincall/AjaxCheckService.setItemNumber.dwr HTTP/1.1" 200 78
218.81.73.202 - - [01/May/2023:09:18:20 +0800] "POST /xingrg/dwr/call/plaincall/AjaxCheckService.setItemNumber.dwr HTTP/1.1" 200 78
114.83.217.213 - - [01/May/2023:09:18:20 +0800] "GET /xingrg/all/function/internal_message.html?_=1682903900680&CODE_STATE=getMsg HTTP/1.1" 200 27
114.83.217.213 - - [01/May/2023:09:18:21 +0800] "POST /xingrg/dwr/call/plaincall/AjaxCheckService.setItemNumber.dwr HTTP/1.1" 200 77
218.81.73.202 - - [01/May/2023:09:18:21 +0800] "POST /xingrg/dwr/call/plaincall/AjaxCheckService.setItemNumber.dwr HTTP/1.1" 200 78
116.238.139.35 - - [01/May/2023:09:18:25 +0800] "GET /xingrg/all/function/internal_message.html?_=1682903905166&CODE_STATE=getMsg HTTP/1.1" 200 27
180.171.122.0 - - [01/May/2023:09:18:26 +0800] "GET /xingrg/kc/buy/cgsh_order_operate.html?command=get_materiel&rest_code=00111&code=00101006184&supplier_code=00100012&order_time=2023-05-01 HTTP/1.1" 200 408
114.83.217.213 - - [01/May/2023:09:18:27 +0800] "POST /xingrg/dwr/call/plaincall/AjaxCheckService.setItemNumber.dwr HTTP/1.1" 200 77
116.224.158.100 - - [01/May/2023:09:18:29 +0800] "GET /xingrg/all/function/internal_message.html?_=1682903909619&CODE_STATE=getMsg HTTP/1.1" 200 27
218.81.73.202 - - [01/May/2023:09:18:29 +0800] "POST /xingrg/dwr/call/plaincall/AjaxCheckService.setItemNumber.dwr HTTP/1.1" 200 78
218.81.73.202 - - [01/May/2023:09:18:30 +0800] "POST /xingrg/dwr/call/plaincall/AjaxCheckService.setItemNumber.dwr HTTP/1.1" 200 78
218.81.73.202 - - [01/May/2023:09:18:33 +0800] "POST /xingrg/dwr/call/plaincall/AjaxCheckService.setItemNumber.dwr HTTP/1.1" 200 78
218.81.73.202 - - [01/May/2023:09:18:35 +0800] "POST /xingrg/dwr/call/plaincall/AjaxCheckService.setItemNumber.dwr HTTP/1.1" 200 78
120.253.135.82 - - [01/May/2023:09:18:36 +0800] "GET /xingrg/all/function/internal_message.html?_=1682903754054&CODE_STATE=getMsg HTTP/1.1" 200 27
114.83.217.213 - - [01/May/2023:09:18:37 +0800] "POST /xingrg/dwr/call/plaincall/AjaxCheckService.setItemNumber.dwr HTTP/1.1" 200 77
218.81.73.202 - - [01/May/2023:09:18:37 +0800] "POST /xingrg/dwr/call/plaincall/AjaxCheckService.setItemNumber.dwr HTTP/1.1" 200 78
218.81.73.202 - - [01/May/2023:09:18:38 +0800] "POST /xingrg/dwr/call/plaincall/AjaxCheckService.setItemNumber.dwr HTTP/1.1" 200 78
116.227.208.255 - - [01/May/2023:09:18:39 +0800] "GET /xingrg/all/function/internal_message.html?_=1682903981449&CODE_STATE=getMsg HTTP/1.1" 200 27
218.81.73.202 - - [01/May/2023:09:18:39 +0800] "POST /xingrg/dwr/call/plaincall/AjaxCheckService.setItemNumber.dwr HTTP/1.1" 200 78
218.81.73.202 - - [01/May/2023:09:18:40 +0800] "POST /xingrg/dwr/call/plaincall/AjaxCheckService.setItemNumber.dwr HTTP/1.1" 200 78
218.81.73.202 - - [01/May/2023:09:18:41 +0800] "POST /xingrg/dwr/call/plaincall/AjaxCheckService.setItemNumber.dwr HTTP/1.1" 200 78
124.79.240.114 - - [01/May/2023:09:18:42 +0800] "GET /xingrg/all/function/internal_message.html?_=1682904196132&CODE_STATE=getMsg HTTP/1.1" 200 27
218.81.73.202 - - [01/May/2023:09:18:42 +0800] "POST /xingrg/dwr/call/plaincall/AjaxCheckService.setItemNumber.dwr HTTP/1.1" 200 78
114.83.217.213 - - [01/May/2023:09:18:43 +0800] "POST /xingrg/dwr/call/plaincall/AjaxCheckService.setItemRemark.dwr HTTP/1.1" 200 77
218.81.73.202 - - [01/May/2023:09:18:43 +0800] "POST /xingrg/dwr/call/plaincall/AjaxCheckService.setItemNumber.dwr HTTP/1.1" 200 78
218.81.73.202 - - [01/May/2023:09:18:44 +0800] "POST /xingrg/dwr/call/plaincall/AjaxCheckService.setItemNumber.dwr HTTP/1.1" 200 78
218.81.73.202 - - [01/May/2023:09:18:44 +0800] "POST /xingrg/dwr/call/plaincall/AjaxCheckService.setItemNumber.dwr HTTP/1.1" 200 78
218.81.73.202 - - [01/May/2023:09:18:47 +0800] "POST /xingrg/dwr/call/plaincall/AjaxCheckService.setItemNumber.dwr HTTP/1.1" 200 78
218.81.73.202 - - [01/May/2023:09:18:48 +0800] "POST /xingrg/dwr/call/plaincall/AjaxCheckService.setItemNumber.dwr HTTP/1.1" 200 78
114.83.217.213 - - [01/May/2023:09:18:48 +0800] "POST /xingrg/dwr/call/plaincall/AjaxCheckService.setItemNumber.dwr HTTP/1.1" 200 77
180.171.122.0 - - [01/May/2023:09:18:50 +0800] "GET /xingrg/kc/buy/cgsh_order_operate.html?command=get_materiel&rest_code=00111&code=00101006115&supplier_code=00100012&order_time=2023-05-01 HTTP/1.1" 200 409
114.83.217.213 - - [01/May/2023:09:18:51 +0800] "POST /xingrg/dwr/call/plaincall/AjaxCheckService.setItemNumber.dwr HTTP/1.1" 200 77
180.171.122.0 - - [01/May/2023:09:18:51 +0800] "GET /xingrg/all/function/internal_message.html?_=1682903931111&CODE_STATE=getMsg HTTP/1.1" 200 27
218.81.73.202 - - [01/May/2023:09:18:54 +0800] "POST /xingrg/dwr/call/plaincall/AjaxCheckService.setItemNumber.dwr HTTP/1.1" 200 78
218.81.73.202 - - [01/May/2023:09:18:55 +0800] "POST /xingrg/dwr/call/plaincall/AjaxCheckService.setItemNumber.dwr HTTP/1.1" 200 78
180.169.147.146 - - [01/May/2023:09:18:55 +0800] "GET /xingrg/kc/report/report_main.html HTTP/1.1" 200 8599
116.238.139.35 - - [01/May/2023:09:18:56 +0800] "GET /xingrg/all/function/internal_message.html?_=1682903877340&CODE_STATE=getMsg HTTP/1.1" 200 27
218.81.73.202 - - [01/May/2023:09:18:57 +0800] "POST /xingrg/dwr/call/plaincall/AjaxCheckService.setItemNumber.dwr HTTP/1.1" 200 78
114.83.217.213 - - [01/May/2023:09:18:57 +0800] "POST /xingrg/dwr/call/plaincall/AjaxCheckService.setItemRemark.dwr HTTP/1.1" 200 77
218.81.73.202 - - [01/May/2023:09:18:57 +0800] "POST /xingrg/dwr/call/plaincall/AjaxCheckService.setItemNumber.dwr HTTP/1.1" 200 78
218.81.73.202 - - [01/May/2023:09:18:57 +0800] "POST /xingrg/dwr/call/plaincall/AjaxCheckService.setItemNumber.dwr HTTP/1.1" 200 78
218.81.73.202 - - [01/May/2023:09:18:58 +0800] "POST /xingrg/dwr/call/plaincall/AjaxCheckService.setItemNumber.dwr HTTP/1.1" 200 78
218.81.73.202 - - [01/May/2023:09:18:58 +0800] "POST /xingrg/dwr/call/plaincall/AjaxCheckService.setItemNumber.dwr HTTP/1.1" 200 78
180.169.147.146 - - [01/May/2023:09:18:59 +0800] "GET /xingrg/all/report/report_query.html?fileName=kc/buy/wlcg_cate_hz_rest.xml&autoQuery=1 HTTP/1.1" 200 53789
180.169.147.146 - - [01/May/2023:09:18:59 +0800] "GET /xingrg/dwr/interface/AjaxReportQueryService.js HTTP/1.1" 200 13203
180.169.147.146 - - [01/May/2023:09:18:59 +0800] "GET /xingrg/dwr/engine.js HTTP/1.1" 200 43631
180.169.147.146 - - [01/May/2023:09:18:59 +0800] "POST /xingrg/dwr/call/plaincall/AjaxReportQueryService.getFixDate.dwr HTTP/1.1" 200 111
218.81.73.202 - - [01/May/2023:09:18:59 +0800] "POST /xingrg/dwr/call/plaincall/AjaxCheckService.setItemNumber.dwr HTTP/1.1" 200 78
180.169.147.146 - - [01/May/2023:09:19:00 +0800] "POST /xingrg/all/common/load_tree.html?tree=area_rest_tree_json&manage=1 HTTP/1.1" 200 3499
124.79.240.114 - - [01/May/2023:09:19:00 +0800] "GET /xingrg/all/function/internal_message.html?_=1682903939015&CODE_STATE=getMsg HTTP/1.1" 302 -
180.169.147.146 - - [01/May/2023:09:19:00 +0800] "POST /xingrg/all/common/load_tree.html?tree=supplier_tree_json&manage=1 HTTP/1.1" 200 75302
180.169.147.146 - - [01/May/2023:09:19:00 +0800] "POST /xingrg/all/common/load_tree.html?tree=materiel_sort_tree_json HTTP/1.1" 200 9500
58.39.109.224 - - [01/May/2023:09:19:01 +0800] "GET /xingrg/all/function/internal_message.html?_=1682903943399&CODE_STATE=getMsg HTTP/1.1" 200 27
218.81.73.202 - - [01/May/2023:09:19:01 +0800] "POST /xingrg/dwr/call/plaincall/AjaxCheckService.setItemNumber.dwr HTTP/1.1" 200 78
218.81.73.202 - - [01/May/2023:09:19:01 +0800] "POST /xingrg/dwr/call/plaincall/AjaxCheckService.setItemNumber.dwr HTTP/1.1" 200 78
218.81.73.202 - - [01/May/2023:09:19:02 +0800] "POST /xingrg/dwr/call/plaincall/AjaxCheckService.setItemNumber.dwr HTTP/1.1" 200 78
218.81.73.202 - - [01/May/2023:09:19:03 +0800] "GET /xingrg/all/function/internal_message.html?_=1682903945017&CODE_STATE=getMsg HTTP/1.1" 200 27
218.81.73.202 - - [01/May/2023:09:19:04 +0800] "POST /xingrg/dwr/call/plaincall/AjaxCheckService.setItemNumber.dwr HTTP/1.1" 200 78
114.83.217.213 - - [01/May/2023:09:19:04 +0800] "POST /xingrg/dwr/call/plaincall/AjaxCheckService.setItemNumber.dwr HTTP/1.1" 200 77
180.169.147.146 - - [01/May/2023:09:19:04 +0800] "POST /xingrg/all/report/load_report_page.html HTTP/1.1" 200 10893
180.169.147.146 - - [01/May/2023:09:19:04 +0800] "GET /xingrg/servlets/image?cache=0.9844271831370014&image=px HTTP/1.1" 200 807
218.81.73.202 - - [01/May/2023:09:19:05 +0800] "POST /xingrg/dwr/call/plaincall/AjaxCheckService.setItemNumber.dwr HTTP/1.1" 200 78
218.81.73.202 - - [01/May/2023:09:19:05 +0800] "POST /xingrg/dwr/call/plaincall/AjaxCheckService.setItemNumber.dwr HTTP/1.1" 200 78
