124.79.240.114 - - [01/May/2023:09:06:00 +0800] "GET /xingrg/all/function/internal_message.html?_=1682903159019&CODE_STATE=getMsg HTTP/1.1" 302 -
218.81.73.202 - - [01/May/2023:09:06:01 +0800] "POST /xingrg/dwr/call/plaincall/AjaxCheckService.setItemNumber.dwr HTTP/1.1" 200 77
218.81.73.202 - - [01/May/2023:09:06:01 +0800] "GET /xingrg/check_reg.html?_=1682903162646 HTTP/1.1" 200 22
58.39.109.224 - - [01/May/2023:09:06:01 +0800] "GET /xingrg/all/function/internal_message.html?_=1682903163389&CODE_STATE=getMsg HTTP/1.1" 200 27
218.81.73.202 - - [01/May/2023:09:06:02 +0800] "GET /xingrg/all/function/internal_message.html?_=1682903163656&CODE_STATE=getMsg HTTP/1.1" 200 27
218.81.73.202 - - [01/May/2023:09:06:02 +0800] "POST /xingrg/dwr/call/plaincall/AjaxCheckService.setItemNumber.dwr HTTP/1.1" 200 77
218.81.73.202 - - [01/May/2023:09:06:04 +0800] "POST /xingrg/dwr/call/plaincall/AjaxCheckService.setItemNumber.dwr HTTP/1.1" 200 77
124.78.159.54 - - [01/May/2023:09:06:05 +0800] "GET /xingrg/javascript/auto/indicator.gif HTTP/1.1" 404 1066
218.81.73.202 - - [01/May/2023:09:06:05 +0800] "POST /xingrg/dwr/call/plaincall/AjaxCheckService.setItemNumber.dwr HTTP/1.1" 200 77
218.81.73.202 - - [01/May/2023:09:06:06 +0800] "POST /xingrg/dwr/call/plaincall/AjaxCheckService.setItemNumber.dwr HTTP/1.1" 200 77
218.81.73.202 - - [01/May/2023:09:06:08 +0800] "POST /xingrg/dwr/call/plaincall/AjaxCheckService.setItemNumber.dwr HTTP/1.1" 200 77
218.81.73.202 - - [01/May/2023:09:06:09 +0800] "POST /xingrg/dwr/call/plaincall/AjaxCheckService.setItemNumber.dwr HTTP/1.1" 200 77
218.81.73.202 - - [01/May/2023:09:06:10 +0800] "POST /xingrg/dwr/call/plaincall/AjaxCheckService.setItemNumber.dwr HTTP/1.1" 200 77
124.78.159.54 - - [01/May/2023:09:06:10 +0800] "GET /xingrg/kc/buy/cgsh_order_operate.html?command=get_materiel&rest_code=00106&code=00101008091&supplier_code=00100007&order_time=2023-05-01 HTTP/1.1" 200 412
180.163.29.103 - - [01/May/2023:09:06:11 +0800] "GET /xingrg/all/function/internal_message.html?_=1682903110251&CODE_STATE=getMsg HTTP/1.1" 302 -
124.78.159.54 - - [01/May/2023:09:06:11 +0800] "GET /xingrg/all/function/internal_message.html?_=1682903170261&CODE_STATE=getMsg HTTP/1.1" 200 27
180.163.29.103 - - [01/May/2023:09:06:11 +0800] "GET /xingrg/login.html HTTP/1.1" 200 7641
218.81.73.202 - - [01/May/2023:09:06:11 +0800] "POST /xingrg/dwr/call/plaincall/AjaxCheckService.setItemNumber.dwr HTTP/1.1" 200 77
218.81.73.202 - - [01/May/2023:09:06:12 +0800] "POST /xingrg/dwr/call/plaincall/AjaxCheckService.setItemNumber.dwr HTTP/1.1" 200 77
124.77.244.62 - - [01/May/2023:09:06:12 +0800] "GET /xingrg/all/function/internal_message.html?_=1682903173980&CODE_STATE=getMsg HTTP/1.1" 200 27
218.81.73.202 - - [01/May/2023:09:06:13 +0800] "POST /xingrg/dwr/call/plaincall/AjaxCheckService.setItemNumber.dwr HTTP/1.1" 200 77
218.81.73.202 - - [01/May/2023:09:06:14 +0800] "POST /xingrg/dwr/call/plaincall/AjaxCheckService.setItemNumber.dwr HTTP/1.1" 200 77
116.224.158.100 - - [01/May/2023:09:06:14 +0800] "GET /xingrg/all/function/internal_message.html?_=1682903013406&CODE_STATE=getMsg HTTP/1.1" 200 27
180.169.147.146 - - [01/May/2023:09:06:14 +0800] "GET /xingrg/all/function/internal_message.html?_=1682903173891&CODE_STATE=getMsg HTTP/1.1" 200 27
218.81.73.202 - - [01/May/2023:09:06:15 +0800] "POST /xingrg/dwr/call/plaincall/AjaxCheckService.setItemNumber.dwr HTTP/1.1" 200 77
218.81.73.202 - - [01/May/2023:09:06:16 +0800] "POST /xingrg/dwr/call/plaincall/AjaxCheckService.setItemNumber.dwr HTTP/1.1" 200 77
180.169.147.146 - - [01/May/2023:09:06:20 +0800] "POST /xingrg/dwr/call/plaincall/AjaxReportQueryService.refreshCache.dwr HTTP/1.1" 200 78
180.169.147.146 - - [01/May/2023:09:06:22 +0800] "POST /xingrg/all/report/load_report_page.html HTTP/1.1" 200 51126
180.169.147.146 - - [01/May/2023:09:06:22 +0800] "GET /xingrg/servlets/image?cache=0.7156231237744676&image=px HTTP/1.1" 200 807
218.81.73.202 - - [01/May/2023:09:06:23 +0800] "POST /xingrg/dwr/call/plaincall/AjaxCheckService.setItemNumber.dwr HTTP/1.1" 200 77
124.78.159.54 - - [01/May/2023:09:06:23 +0800] "GET /xingrg/kc/buy/cgsh_order_operate.html?command=get_materiel&rest_code=00106&code=00101008234&supplier_code=00100007&order_time=2023-05-01 HTTP/1.1" 200 408
218.81.73.202 - - [01/May/2023:09:06:23 +0800] "POST /xingrg/dwr/call/plaincall/AjaxCheckService.setItemNumber.dwr HTTP/1.1" 200 77
218.81.73.202 - - [01/May/2023:09:06:24 +0800] "POST /xingrg/dwr/call/plaincall/AjaxCheckService.setItemNumber.dwr HTTP/1.1" 200 77
218.81.73.202 - - [01/May/2023:09:06:25 +0800] "POST /xingrg/dwr/call/plaincall/AjaxCheckService.setItemNumber.dwr HTTP/1.1" 200 77
116.238.139.35 - - [01/May/2023:09:06:25 +0800] "GET /xingrg/all/function/internal_message.html?_=1682903185279&CODE_STATE=getMsg HTTP/1.1" 200 27
116.224.158.100 - - [01/May/2023:09:06:26 +0800] "GET /xingrg/check_reg.html?_=1682903187420 HTTP/1.1" 200 22
116.224.158.100 - - [01/May/2023:09:06:29 +0800] "GET /xingrg/all/function/internal_message.html?_=1682903189898&CODE_STATE=getMsg HTTP/1.1" 200 27
116.238.139.35 - - [01/May/2023:09:06:30 +0800] "POST /xingrg/kc/buy/cgsh_order_operate.html HTTP/1.1" 200 37
124.78.159.54 - - [01/May/2023:09:06:32 +0800] "GET /xingrg/kc/buy/cgsh_order_operate.html?command=get_materiel&rest_code=00106&code=00101008155&supplier_code=00100007&order_time=2023-05-01 HTTP/1.1" 200 408
120.253.135.82 - - [01/May/2023:09:06:33 +0800] "GET /xingrg/check_reg.html?_=1682903031171 HTTP/1.1" 200 22
180.169.147.146 - - [01/May/2023:09:06:34 +0800] "POST /xingrg/dwr/call/plaincall/AjaxReportQueryService.refreshCache.dwr HTTP/1.1" 200 78
218.81.73.202 - - [01/May/2023:09:06:34 +0800] "POST /xingrg/dwr/call/plaincall/AjaxCheckService.setItemNumber.dwr HTTP/1.1" 200 77
120.253.135.82 - - [01/May/2023:09:06:36 +0800] "GET /xingrg/all/function/internal_message.html?_=1682903033797&CODE_STATE=getMsg HTTP/1.1" 200 27
218.81.73.202 - - [01/May/2023:09:06:37 +0800] "POST /xingrg/dwr/call/plaincall/AjaxCheckService.setItemNumber.dwr HTTP/1.1" 200 77
218.81.73.202 - - [01/May/2023:09:06:37 +0800] "POST /xingrg/dwr/call/plaincall/AjaxCheckService.setItemNumber.dwr HTTP/1.1" 200 77
218.81.73.202 - - [01/May/2023:09:06:38 +0800] "POST /xingrg/dwr/call/plaincall/AjaxCheckService.setItemNumber.dwr HTTP/1.1" 200 77
116.227.208.255 - - [01/May/2023:09:06:39 +0800] "GET /xingrg/all/function/internal_message.html?_=1682903261450&CODE_STATE=getMsg HTTP/1.1" 200 27
124.78.159.54 - - [01/May/2023:09:06:41 +0800] "GET /xingrg/kc/buy/cgsh_order_operate.html?command=get_materiel&rest_code=00106&code=00101008354&supplier_code=00100007&order_time=2023-05-01 HTTP/1.1" 200 412
218.81.73.202 - - [01/May/2023:09:06:41 +0800] "POST /xingrg/dwr/call/plaincall/AjaxCheckService.setItemNumber.dwr HTTP/1.1" 200 77
218.81.73.202 - - [01/May/2023:09:06:41 +0800] "POST /xingrg/dwr/call/plaincall/AjaxCheckService.setItemNumber.dwr HTTP/1.1" 200 77
218.81.73.202 - - [01/May/2023:09:06:42 +0800] "POST /xingrg/dwr/call/plaincall/AjaxCheckService.setItemNumber.dwr HTTP/1.1" 200 77
124.79.240.114 - - [01/May/2023:09:06:42 +0800] "GET /xingrg/all/function/internal_message.html?_=1682903476135&CODE_STATE=getMsg HTTP/1.1" 200 27
180.163.28.109 - - [01/May/2023:09:06:43 +0800] "GET /xingrg/kc/buy/cgsh_order_add.html HTTP/1.1" 302 -
218.81.73.202 - - [01/May/2023:09:06:43 +0800] "POST /xingrg/dwr/call/plaincall/AjaxCheckService.setItemNumber.dwr HTTP/1.1" 200 77
180.163.28.109 - - [01/May/2023:09:06:43 +0800] "GET /xingrg/login.html HTTP/1.1" 200 7641
218.81.73.202 - - [01/May/2023:09:06:44 +0800] "POST /xingrg/dwr/call/plaincall/AjaxCheckService.setItemNumber.dwr HTTP/1.1" 200 77
218.81.73.202 - - [01/May/2023:09:06:44 +0800] "POST /xingrg/dwr/call/plaincall/AjaxCheckService.setItemNumber.dwr HTTP/1.1" 200 77
218.81.73.202 - - [01/May/2023:09:06:45 +0800] "POST /xingrg/dwr/call/plaincall/AjaxCheckService.setItemNumber.dwr HTTP/1.1" 200 77
116.238.139.35 - - [01/May/2023:09:06:46 +0800] "POST /xingrg/kc/buy/cgsh_order_operate.html HTTP/1.1" 200 12
180.169.147.146 - - [01/May/2023:09:06:46 +0800] "POST /xingrg/all/report/load_report_page.html HTTP/1.1" 200 51471
218.81.73.202 - - [01/May/2023:09:06:46 +0800] "POST /xingrg/dwr/call/plaincall/AjaxCheckService.setItemNumber.dwr HTTP/1.1" 200 78
180.169.147.146 - - [01/May/2023:09:06:46 +0800] "GET /xingrg/servlets/image?cache=0.5905879003954404&image=px HTTP/1.1" 200 807
218.81.73.202 - - [01/May/2023:09:06:47 +0800] "POST /xingrg/dwr/call/plaincall/AjaxCheckService.setItemNumber.dwr HTTP/1.1" 200 78
218.81.73.202 - - [01/May/2023:09:06:49 +0800] "POST /xingrg/dwr/call/plaincall/AjaxCheckService.setItemNumber.dwr HTTP/1.1" 200 78
116.238.139.35 - - [01/May/2023:09:06:49 +0800] "GET /xingrg/kc/buy/cgsh_order_info.html?code=212023050100008 HTTP/1.1" 200 66020
218.81.73.202 - - [01/May/2023:09:06:49 +0800] "POST /xingrg/dwr/call/plaincall/AjaxCheckService.setItemNumber.dwr HTTP/1.1" 200 78
116.238.139.35 - - [01/May/2023:09:06:49 +0800] "GET /xingrg/javascript/easyui/themes/default/validatebox.css HTTP/1.1" 404 1104
116.238.139.35 - - [01/May/2023:09:06:50 +0800] "POST /xingrg/kc/buy/cgsh_order_operate.html HTTP/1.1" 200 37336
180.171.122.0 - - [01/May/2023:09:06:51 +0800] "GET /xingrg/all/function/internal_message.html?_=1682903211100&CODE_STATE=getMsg HTTP/1.1" 200 27
124.78.159.54 - - [01/May/2023:09:06:51 +0800] "GET /xingrg/kc/buy/cgsh_order_operate.html?command=get_materiel&rest_code=00106&code=00101008110&supplier_code=00100007&order_time=2023-05-01 HTTP/1.1" 200 408
218.81.73.202 - - [01/May/2023:09:06:52 +0800] "POST /xingrg/dwr/call/plaincall/AjaxCheckService.setItemNumber.dwr HTTP/1.1" 200 78
116.238.139.35 - - [01/May/2023:09:06:52 +0800] "GET /xingrg/kc/print/load_config.html?kc_code=cgsh HTTP/1.1" 200 1925
180.169.147.146 - - [01/May/2023:09:06:52 +0800] "POST /xingrg/all/report/report_print.html HTTP/1.1" 200 7168
116.238.139.35 - - [01/May/2023:09:06:52 +0800] "GET /xingrg/kc/print/load_data.html?order_code=212023050100008&kc_code=cgsh&condition= HTTP/1.1" 200 14638
116.238.139.35 - - [01/May/2023:09:06:56 +0800] "GET /xingrg/all/function/internal_message.html?_=1682903156886&CODE_STATE=getMsg HTTP/1.1" 200 27
218.81.73.202 - - [01/May/2023:09:06:56 +0800] "POST /xingrg/dwr/call/plaincall/AjaxCheckService.setItemNumber.dwr HTTP/1.1" 200 78
218.81.73.202 - - [01/May/2023:09:06:57 +0800] "POST /xingrg/dwr/call/plaincall/AjaxCheckService.setItemNumber.dwr HTTP/1.1" 200 78
218.81.73.202 - - [01/May/2023:09:06:58 +0800] "POST /xingrg/dwr/call/plaincall/AjaxCheckService.setItemNumber.dwr HTTP/1.1" 200 78
116.238.139.35 - - [01/May/2023:09:06:59 +0800] "GET /xingrg/kc/buy/cgsh_order_add.html HTTP/1.1" 200 71111
124.78.159.54 - - [01/May/2023:09:06:59 +0800] "GET /xingrg/kc/buy/cgsh_order_operate.html?command=get_materiel&rest_code=00106&code=00101008038&supplier_code=00100007&order_time=2023-05-01 HTTP/1.1" 200 412
218.81.73.202 - - [01/May/2023:09:06:59 +0800] "POST /xingrg/dwr/call/plaincall/AjaxCheckService.setItemNumber.dwr HTTP/1.1" 200 78
116.238.139.35 - - [01/May/2023:09:07:00 +0800] "GET /xingrg/javascript/easyui/themes/default/validatebox.css HTTP/1.1" 404 1104
116.238.139.35 - - [01/May/2023:09:07:00 +0800] "POST /xingrg/kc/buy/cgsh_order_operate.html HTTP/1.1" 200 8245
124.79.240.114 - - [01/May/2023:09:07:00 +0800] "GET /xingrg/check_reg.html?_=1682903219012 HTTP/1.1" 302 -
124.79.240.114 - - [01/May/2023:09:07:00 +0800] "GET /xingrg/all/function/internal_message.html?_=1682903219017&CODE_STATE=getMsg HTTP/1.1" 302 -
218.81.73.202 - - [01/May/2023:09:07:00 +0800] "POST /xingrg/dwr/call/plaincall/AjaxCheckService.setItemNumber.dwr HTTP/1.1" 200 78
58.39.109.224 - - [01/May/2023:09:07:01 +0800] "GET /xingrg/all/function/internal_message.html?_=1682903223379&CODE_STATE=getMsg HTTP/1.1" 200 27
218.81.73.202 - - [01/May/2023:09:07:02 +0800] "GET /xingrg/all/function/internal_message.html?_=1682903223770&CODE_STATE=getMsg HTTP/1.1" 200 27
218.81.73.202 - - [01/May/2023:09:07:02 +0800] "POST /xingrg/dwr/call/plaincall/AjaxCheckService.setItemNumber.dwr HTTP/1.1" 200 78
218.81.73.202 - - [01/May/2023:09:07:03 +0800] "POST /xingrg/dwr/call/plaincall/AjaxCheckService.setItemNumber.dwr HTTP/1.1" 200 78
58.221.95.50 - - [01/May/2023:09:07:05 +0800] "GET /xingrg/check_reg.html?_=1682903226226 HTTP/1.1" 302 -
116.238.139.35 - - [01/May/2023:09:07:05 +0800] "GET /xingrg/check_reg.html?_=1682903225348 HTTP/1.1" 200 22
218.81.73.202 - - [01/May/2023:09:07:06 +0800] "POST /xingrg/dwr/call/plaincall/AjaxCheckService.setItemNumber.dwr HTTP/1.1" 200 78
218.81.73.202 - - [01/May/2023:09:07:07 +0800] "POST /xingrg/dwr/call/plaincall/AjaxCheckService.setItemNumber.dwr HTTP/1.1" 200 78
116.238.139.35 - - [01/May/2023:09:07:08 +0800] "GET /xingrg/kc/buy/cgsh_order_operate.html?command=get_materiel&rest_code=00150&code=00101005037&supplier_code=00100400&order_time=2023-05-01 HTTP/1.1" 200 409
218.81.73.202 - - [01/May/2023:09:07:08 +0800] "POST /xingrg/dwr/call/plaincall/AjaxCheckService.setItemNumber.dwr HTTP/1.1" 200 78
116.227.208.255 - - [01/May/2023:09:07:09 +0800] "GET /xingrg/kc/buy/cgsh_order_operate.html?command=get_materiel&rest_code=00155&code=00101006006&supplier_code=00100012&order_time=2023-05-01 HTTP/1.1" 200 409
124.78.159.54 - - [01/May/2023:09:07:09 +0800] "GET /xingrg/kc/buy/cgsh_order_operate.html?command=get_materiel&rest_code=00106&code=00101008163&supplier_code=00100007&order_time=2023-05-01 HTTP/1.1" 200 409
218.81.73.202 - - [01/May/2023:09:07:09 +0800] "POST /xingrg/dwr/call/plaincall/AjaxCheckService.setItemNumber.dwr HTTP/1.1" 200 78
218.81.73.202 - - [01/May/2023:09:07:09 +0800] "POST /xingrg/dwr/call/plaincall/AjaxCheckService.setItemNumber.dwr HTTP/1.1" 200 78
124.78.159.54 - - [01/May/2023:09:07:11 +0800] "GET /xingrg/all/function/internal_message.html?_=1682903230259&CODE_STATE=getMsg HTTP/1.1" 200 27
218.81.73.202 - - [01/May/2023:09:07:12 +0800] "POST /xingrg/dwr/call/plaincall/AjaxCheckService.setItemNumber.dwr HTTP/1.1" 200 78
124.77.244.62 - - [01/May/2023:09:07:12 +0800] "GET /xingrg/all/function/internal_message.html?_=1682903234002&CODE_STATE=getMsg HTTP/1.1" 200 27
218.81.73.202 - - [01/May/2023:09:07:13 +0800] "POST /xingrg/dwr/call/plaincall/AjaxCheckService.setItemNumber.dwr HTTP/1.1" 200 78
180.169.147.146 - - [01/May/2023:09:07:14 +0800] "GET /xingrg/all/function/internal_message.html?_=1682903233889&CODE_STATE=getMsg HTTP/1.1" 200 27
116.224.158.100 - - [01/May/2023:09:07:14 +0800] "GET /xingrg/all/function/internal_message.html?_=1682903073411&CODE_STATE=getMsg HTTP/1.1" 200 27
218.81.73.202 - - [01/May/2023:09:07:15 +0800] "POST /xingrg/dwr/call/plaincall/AjaxCheckService.setItemNumber.dwr HTTP/1.1" 200 78
218.81.73.202 - - [01/May/2023:09:07:15 +0800] "POST /xingrg/dwr/call/plaincall/AjaxCheckService.setItemNumber.dwr HTTP/1.1" 200 78
116.238.139.35 - - [01/May/2023:09:07:16 +0800] "POST /xingrg/kc/buy/cgsh_order_operate.html HTTP/1.1" 200 37
124.78.159.54 - - [01/May/2023:09:07:19 +0800] "GET /xingrg/kc/buy/cgsh_order_operate.html?command=get_materiel&rest_code=00106&code=00101008355&supplier_code=00100007&order_time=2023-05-01 HTTP/1.1" 200 408
218.81.73.202 - - [01/May/2023:09:07:20 +0800] "POST /xingrg/dwr/call/plaincall/AjaxCheckService.setItemNumber.dwr HTTP/1.1" 200 78
218.81.73.202 - - [01/May/2023:09:07:21 +0800] "POST /xingrg/dwr/call/plaincall/AjaxCheckService.setItemNumber.dwr HTTP/1.1" 200 78
218.81.73.202 - - [01/May/2023:09:07:22 +0800] "POST /xingrg/dwr/call/plaincall/AjaxCheckService.setItemNumber.dwr HTTP/1.1" 200 78
116.227.208.255 - - [01/May/2023:09:07:23 +0800] "POST /xingrg/kc/buy/cgsh_order_operate.html HTTP/1.1" 200 37
218.81.73.202 - - [01/May/2023:09:07:24 +0800] "POST /xingrg/dwr/call/plaincall/AjaxCheckService.setItemNumber.dwr HTTP/1.1" 200 78
116.227.208.255 - - [01/May/2023:09:07:24 +0800] "POST /xingrg/kc/buy/cgsh_order_operate.html HTTP/1.1" 200 4419
218.81.73.202 - - [01/May/2023:09:07:25 +0800] "POST /xingrg/dwr/call/plaincall/AjaxCheckService.setItemNumber.dwr HTTP/1.1" 200 78
116.238.139.35 - - [01/May/2023:09:07:25 +0800] "GET /xingrg/all/function/internal_message.html?_=1682903245245&CODE_STATE=getMsg HTTP/1.1" 200 27
116.227.208.255 - - [01/May/2023:09:07:26 +0800] "GET /xingrg/kc/print/load_data.html?order_code=212023050100018&kc_code=cgsh&condition= HTTP/1.1" 200 1441
116.238.139.35 - - [01/May/2023:09:07:27 +0800] "POST /xingrg/kc/buy/cgsh_order_operate.html HTTP/1.1" 200 12
124.78.159.54 - - [01/May/2023:09:07:28 +0800] "GET /xingrg/kc/buy/cgsh_order_operate.html?command=get_materiel&rest_code=00106&code=00101008144&supplier_code=00100007&order_time=2023-05-01 HTTP/1.1" 200 412
116.224.158.100 - - [01/May/2023:09:07:29 +0800] "GET /xingrg/all/function/internal_message.html?_=1682903249876&CODE_STATE=getMsg HTTP/1.1" 200 27
116.227.208.255 - - [01/May/2023:09:07:29 +0800] "GET /xingrg/kc/print/load_data.html?order_code=212023050100018&kc_code=cgsh HTTP/1.1" 200 1441
218.81.73.202 - - [01/May/2023:09:07:29 +0800] "POST /xingrg/dwr/call/plaincall/AjaxCheckService.setItemNumber.dwr HTTP/1.1" 200 78
116.238.139.35 - - [01/May/2023:09:07:31 +0800] "GET /xingrg/kc/buy/cgsh_order_info.html?code=212023050100017 HTTP/1.1" 200 66018
116.238.139.35 - - [01/May/2023:09:07:31 +0800] "GET /xingrg/javascript/easyui/themes/default/validatebox.css HTTP/1.1" 404 1104
116.238.139.35 - - [01/May/2023:09:07:32 +0800] "POST /xingrg/kc/buy/cgsh_order_operate.html HTTP/1.1" 200 603
120.253.135.82 - - [01/May/2023:09:07:36 +0800] "GET /xingrg/all/function/internal_message.html?_=1682903093810&CODE_STATE=getMsg HTTP/1.1" 200 27
124.78.159.54 - - [01/May/2023:09:07:39 +0800] "GET /xingrg/kc/buy/cgsh_order_operate.html?command=get_materiel&rest_code=00106&code=00101008264&supplier_code=00100007&order_time=2023-05-01 HTTP/1.1" 200 412
116.238.139.35 - - [01/May/2023:09:07:39 +0800] "GET /xingrg/kc/print/load_data.html?order_code=212023050100017&kc_code=cgsh&condition= HTTP/1.1" 200 695
116.227.208.255 - - [01/May/2023:09:07:39 +0800] "GET /xingrg/all/function/internal_message.html?_=1682903321442&CODE_STATE=getMsg HTTP/1.1" 200 27
124.79.240.114 - - [01/May/2023:09:07:42 +0800] "GET /xingrg/all/function/internal_message.html?_=1682903536135&CODE_STATE=getMsg HTTP/1.1" 200 27
116.238.139.35 - - [01/May/2023:09:07:44 +0800] "GET /xingrg/kc/buy/cgsh_order_add.html HTTP/1.1" 200 71111
116.238.139.35 - - [01/May/2023:09:07:44 +0800] "POST /xingrg/kc/buy/cgsh_order_operate.html HTTP/1.1" 200 8245
116.238.139.35 - - [01/May/2023:09:07:44 +0800] "GET /xingrg/javascript/easyui/themes/default/validatebox.css HTTP/1.1" 404 1104
124.78.159.54 - - [01/May/2023:09:07:47 +0800] "GET /xingrg/kc/buy/cgsh_order_operate.html?command=get_materiel&rest_code=00106&code=00101008356&supplier_code=00100007&order_time=2023-05-01 HTTP/1.1" 200 408
180.171.122.0 - - [01/May/2023:09:07:51 +0800] "GET /xingrg/all/function/internal_message.html?_=1682903271082&CODE_STATE=getMsg HTTP/1.1" 200 27
116.238.139.35 - - [01/May/2023:09:07:52 +0800] "GET /xingrg/kc/buy/cgsh_order_operate.html?command=get_materiel&rest_code=00150&code=00101009004&supplier_code=00100151&order_time=2023-05-01 HTTP/1.1" 200 409
116.238.139.35 - - [01/May/2023:09:07:56 +0800] "GET /xingrg/check_reg.html?_=1682903216630 HTTP/1.1" 200 22
116.238.139.35 - - [01/May/2023:09:07:56 +0800] "GET /xingrg/all/function/internal_message.html?_=1682903216971&CODE_STATE=getMsg HTTP/1.1" 200 27
124.79.240.114 - - [01/May/2023:09:08:00 +0800] "GET /xingrg/all/function/internal_message.html?_=1682903279010&CODE_STATE=getMsg HTTP/1.1" 302 -
58.39.109.224 - - [01/May/2023:09:08:01 +0800] "GET /xingrg/all/function/internal_message.html?_=1682903283385&CODE_STATE=getMsg HTTP/1.1" 200 27
124.78.159.54 - - [01/May/2023:09:08:01 +0800] "GET /xingrg/kc/buy/cgsh_order_operate.html?command=get_materiel&rest_code=00106&code=00101008360&supplier_code=00100007&order_time=2023-05-01 HTTP/1.1" 200 412
218.81.73.202 - - [01/May/2023:09:08:02 +0800] "GET /xingrg/all/function/internal_message.html?_=1682903283743&CODE_STATE=getMsg HTTP/1.1" 200 27
124.77.244.62 - - [01/May/2023:09:08:05 +0800] "GET /xingrg/check_reg.html?_=1682903287252 HTTP/1.1" 200 22
124.78.159.54 - - [01/May/2023:09:08:11 +0800] "GET /xingrg/all/function/internal_message.html?_=1682903290258&CODE_STATE=getMsg HTTP/1.1" 200 27
124.77.244.62 - - [01/May/2023:09:08:12 +0800] "GET /xingrg/all/function/internal_message.html?_=1682903294007&CODE_STATE=getMsg HTTP/1.1" 200 27
116.238.139.35 - - [01/May/2023:09:08:13 +0800] "POST /xingrg/kc/buy/cgsh_order_operate.html HTTP/1.1" 200 37
180.169.147.146 - - [01/May/2023:09:08:14 +0800] "GET /xingrg/all/function/internal_message.html?_=1682903293863&CODE_STATE=getMsg HTTP/1.1" 200 27
116.224.158.100 - - [01/May/2023:09:08:14 +0800] "GET /xingrg/all/function/internal_message.html?_=1682903133405&CODE_STATE=getMsg HTTP/1.1" 200 27
124.78.159.54 - - [01/May/2023:09:08:15 +0800] "GET /xingrg/kc/buy/cgsh_order_operate.html?command=get_materiel&rest_code=00106&code=00101008439&supplier_code=00100007&order_time=2023-05-01 HTTP/1.1" 200 413
116.238.139.35 - - [01/May/2023:09:08:20 +0800] "POST /xingrg/kc/buy/cgsh_order_operate.html HTTP/1.1" 200 12
116.238.139.35 - - [01/May/2023:09:08:22 +0800] "GET /xingrg/kc/buy/cgsh_order_info.html?code=212023050100019 HTTP/1.1" 200 66010
116.238.139.35 - - [01/May/2023:09:08:22 +0800] "GET /xingrg/javascript/easyui/themes/default/validatebox.css HTTP/1.1" 404 1104
116.238.139.35 - - [01/May/2023:09:08:23 +0800] "POST /xingrg/kc/buy/cgsh_order_operate.html HTTP/1.1" 200 602
116.238.139.35 - - [01/May/2023:09:08:25 +0800] "GET /xingrg/kc/print/load_data.html?order_code=212023050100019&kc_code=cgsh&condition= HTTP/1.1" 200 681
116.238.139.35 - - [01/May/2023:09:08:25 +0800] "GET /xingrg/all/function/internal_message.html?_=1682903305385&CODE_STATE=getMsg HTTP/1.1" 200 27
116.224.158.100 - - [01/May/2023:09:08:29 +0800] "GET /xingrg/all/function/internal_message.html?_=1682903309857&CODE_STATE=getMsg HTTP/1.1" 200 27
124.78.159.54 - - [01/May/2023:09:08:30 +0800] "GET /xingrg/kc/buy/cgsh_order_operate.html?command=get_materiel&rest_code=00106&code=00101008357&supplier_code=00100007&order_time=2023-05-01 HTTP/1.1" 200 408
120.253.135.82 - - [01/May/2023:09:08:36 +0800] "GET /xingrg/all/function/internal_message.html?_=1682903153824&CODE_STATE=getMsg HTTP/1.1" 200 27
116.227.208.255 - - [01/May/2023:09:08:39 +0800] "GET /xingrg/all/function/internal_message.html?_=1682903381440&CODE_STATE=getMsg HTTP/1.1" 200 27
124.78.159.54 - - [01/May/2023:09:08:42 +0800] "GET /xingrg/kc/buy/cgsh_order_operate.html?command=get_materiel&rest_code=00106&code=00101008230&supplier_code=00100007&order_time=2023-05-01 HTTP/1.1" 200 408
180.171.122.0 - - [01/May/2023:09:08:42 +0800] "POST /xingrg/kc/buy/cgsh_order_operate.html HTTP/1.1" 200 37
124.79.240.114 - - [01/May/2023:09:08:42 +0800] "GET /xingrg/all/function/internal_message.html?_=1682903596135&CODE_STATE=getMsg HTTP/1.1" 200 27
180.171.122.0 - - [01/May/2023:09:08:51 +0800] "GET /xingrg/all/function/internal_message.html?_=1682903331092&CODE_STATE=getMsg HTTP/1.1" 200 27
180.171.122.0 - - [01/May/2023:09:08:52 +0800] "POST /xingrg/kc/buy/cgsh_order_operate.html HTTP/1.1" 200 33935
124.78.159.54 - - [01/May/2023:09:08:53 +0800] "GET /xingrg/kc/buy/cgsh_order_operate.html?command=get_materiel&rest_code=00106&code=00101008069&supplier_code=00100007&order_time=2023-05-01 HTTP/1.1" 200 412
116.238.139.35 - - [01/May/2023:09:08:56 +0800] "GET /xingrg/all/function/internal_message.html?_=1682903276987&CODE_STATE=getMsg HTTP/1.1" 200 27
124.79.240.114 - - [01/May/2023:09:09:00 +0800] "GET /xingrg/all/function/internal_message.html?_=1682903339013&CODE_STATE=getMsg HTTP/1.1" 302 -
58.39.109.224 - - [01/May/2023:09:09:01 +0800] "GET /xingrg/all/function/internal_message.html?_=1682903343393&CODE_STATE=getMsg HTTP/1.1" 200 27
218.81.73.202 - - [01/May/2023:09:09:02 +0800] "GET /xingrg/all/function/internal_message.html?_=1682903343719&CODE_STATE=getMsg HTTP/1.1" 200 27
124.78.159.54 - - [01/May/2023:09:09:03 +0800] "GET /xingrg/kc/buy/cgsh_order_operate.html?command=get_materiel&rest_code=00106&code=00101008286&supplier_code=00100007&order_time=2023-05-01 HTTP/1.1" 200 408
180.169.147.146 - - [01/May/2023:09:09:03 +0800] "POST /xingrg/dwr/call/plaincall/AjaxReportQueryService.refreshCache.dwr HTTP/1.1" 200 78
180.169.147.146 - - [01/May/2023:09:09:05 +0800] "POST /xingrg/all/report/load_report_page.html HTTP/1.1" 200 51517
180.169.147.146 - - [01/May/2023:09:09:06 +0800] "GET /xingrg/servlets/image?cache=0.17142871434734364&image=px HTTP/1.1" 200 807
124.78.159.54 - - [01/May/2023:09:09:11 +0800] "GET /xingrg/check_reg.html?_=1682903350259 HTTP/1.1" 200 22
124.78.159.54 - - [01/May/2023:09:09:11 +0800] "GET /xingrg/all/function/internal_message.html?_=1682903350266&CODE_STATE=getMsg HTTP/1.1" 200 27
180.163.30.100 - - [01/May/2023:09:09:11 +0800] "GET /xingrg/all/function/internal_message.html?_=1682903290258&CODE_STATE=getMsg HTTP/1.1" 302 -
180.163.30.100 - - [01/May/2023:09:09:11 +0800] "GET /xingrg/login.html HTTP/1.1" 200 7641
124.77.244.62 - - [01/May/2023:09:09:12 +0800] "GET /xingrg/all/function/internal_message.html?_=1682903354021&CODE_STATE=getMsg HTTP/1.1" 200 27
116.224.158.100 - - [01/May/2023:09:09:14 +0800] "GET /xingrg/all/function/internal_message.html?_=1682903193408&CODE_STATE=getMsg HTTP/1.1" 200 27
180.169.147.146 - - [01/May/2023:09:09:14 +0800] "GET /xingrg/all/function/internal_message.html?_=1682903353940&CODE_STATE=getMsg HTTP/1.1" 200 27
124.78.159.54 - - [01/May/2023:09:09:16 +0800] "GET /xingrg/kc/buy/cgsh_order_operate.html?command=get_materiel&rest_code=00106&code=00101008036&supplier_code=00100007&order_time=2023-05-01 HTTP/1.1" 200 408
180.169.147.146 - - [01/May/2023:09:09:16 +0800] "POST /xingrg/dwr/call/plaincall/AjaxReportQueryService.refreshCache.dwr HTTP/1.1" 200 78
180.171.122.0 - - [01/May/2023:09:09:17 +0800] "GET /xingrg/kc/buy/cgsh_order_operate.html?command=get_materiel&rest_code=00111&code=00101008270&supplier_code=00100005&order_time=2023-05-01 HTTP/1.1" 200 412
180.169.147.146 - - [01/May/2023:09:09:18 +0800] "POST /xingrg/all/report/load_report_page.html HTTP/1.1" 200 51459
180.169.147.146 - - [01/May/2023:09:09:18 +0800] "GET /xingrg/servlets/image?cache=0.8570592442173693&image=px HTTP/1.1" 200 807
116.238.139.35 - - [01/May/2023:09:09:25 +0800] "GET /xingrg/all/function/internal_message.html?_=1682903365366&CODE_STATE=getMsg HTTP/1.1" 200 27
180.169.147.146 - - [01/May/2023:09:09:26 +0800] "POST /xingrg/dwr/call/plaincall/AjaxReportQueryService.refreshCache.dwr HTTP/1.1" 200 78
124.78.159.54 - - [01/May/2023:09:09:27 +0800] "POST /xingrg/kc/buy/cgsh_order_operate.html HTTP/1.1" 200 37
180.169.147.146 - - [01/May/2023:09:09:28 +0800] "POST /xingrg/all/report/load_report_page.html HTTP/1.1" 200 51517
180.169.147.146 - - [01/May/2023:09:09:29 +0800] "GET /xingrg/servlets/image?cache=0.25020956483633194&image=px HTTP/1.1" 200 807
116.224.158.100 - - [01/May/2023:09:09:29 +0800] "GET /xingrg/all/function/internal_message.html?_=1682903369824&CODE_STATE=getMsg HTTP/1.1" 200 27
124.78.159.54 - - [01/May/2023:09:09:32 +0800] "POST /xingrg/kc/buy/cgsh_order_operate.html HTTP/1.1" 200 12686
218.81.73.202 - - [01/May/2023:09:09:36 +0800] "POST /xingrg/dwr/call/plaincall/AjaxCheckService.setItemNumber.dwr HTTP/1.1" 200 78
120.253.135.82 - - [01/May/2023:09:09:36 +0800] "GET /xingrg/all/function/internal_message.html?_=1682903213933&CODE_STATE=getMsg HTTP/1.1" 200 27
180.169.147.146 - - [01/May/2023:09:09:36 +0800] "POST /xingrg/dwr/call/plaincall/AjaxReportQueryService.refreshCache.dwr HTTP/1.1" 200 78
180.169.147.146 - - [01/May/2023:09:09:39 +0800] "POST /xingrg/all/report/load_report_page.html HTTP/1.1" 200 51459
180.169.147.146 - - [01/May/2023:09:09:39 +0800] "GET /xingrg/servlets/image?cache=0.2590831637701667&image=px HTTP/1.1" 200 807
116.227.208.255 - - [01/May/2023:09:09:39 +0800] "GET /xingrg/all/function/internal_message.html?_=1682903441441&CODE_STATE=getMsg HTTP/1.1" 200 27
172.20.0.100 - - [01/May/2023:09:09:41 +0800] "GET /xingrg/check_reg.html?_=1682903382266 HTTP/1.1" 302 -
124.79.240.114 - - [01/May/2023:09:09:42 +0800] "GET /xingrg/all/function/internal_message.html?_=1682903656136&CODE_STATE=getMsg HTTP/1.1" 200 27
124.78.71.183 - - [01/May/2023:09:09:48 +0800] "GET /xingrg/check_reg.html?_=1682903389889 HTTP/1.1" 302 -
180.169.147.146 - - [01/May/2023:09:09:49 +0800] "POST /xingrg/dwr/call/plaincall/AjaxReportQueryService.refreshCache.dwr HTTP/1.1" 200 79
124.78.159.54 - - [01/May/2023:09:09:51 +0800] "GET /xingrg/kc/buy/cgsh_order_operate.html?command=get_materiel&rest_code=00106&code=00101008108&supplier_code=00100007&order_time=2023-05-01 HTTP/1.1" 200 412
180.171.122.0 - - [01/May/2023:09:09:51 +0800] "GET /xingrg/all/function/internal_message.html?_=1682903391079&CODE_STATE=getMsg HTTP/1.1" 200 27
180.169.147.146 - - [01/May/2023:09:09:52 +0800] "POST /xingrg/all/report/load_report_page.html HTTP/1.1" 200 51489
180.169.147.146 - - [01/May/2023:09:09:52 +0800] "GET /xingrg/servlets/image?cache=0.06916592236011887&image=px HTTP/1.1" 200 807
116.238.139.35 - - [01/May/2023:09:09:56 +0800] "GET /xingrg/all/function/internal_message.html?_=1682903337000&CODE_STATE=getMsg HTTP/1.1" 200 27
124.79.240.114 - - [01/May/2023:09:10:00 +0800] "GET /xingrg/all/function/internal_message.html?_=1682903399017&CODE_STATE=getMsg HTTP/1.1" 302 -
58.39.109.224 - - [01/May/2023:09:10:01 +0800] "GET /xingrg/check_reg.html?_=1682903403390 HTTP/1.1" 200 22
58.39.109.224 - - [01/May/2023:09:10:01 +0800] "GET /xingrg/all/function/internal_message.html?_=1682903403392&CODE_STATE=getMsg HTTP/1.1" 200 27
218.81.73.202 - - [01/May/2023:09:10:02 +0800] "GET /xingrg/all/function/internal_message.html?_=1682903403923&CODE_STATE=getMsg HTTP/1.1" 200 27
124.78.159.54 - - [01/May/2023:09:10:05 +0800] "GET /xingrg/kc/buy/cgsh_order_operate.html?command=get_materiel&rest_code=00106&code=00101008352&supplier_code=00100007&order_time=2023-05-01 HTTP/1.1" 200 412
114.83.217.213 - - [01/May/2023:09:10:08 +0800] "GET /xingrg/login.html HTTP/1.1" 200 7641
114.83.217.213 - - [01/May/2023:09:10:08 +0800] "GET /favicon.ico HTTP/1.1" 404 -
116.238.139.35 - - [01/May/2023:09:10:10 +0800] "GET /xingrg/kc/buy/cgsh_order_add.html HTTP/1.1" 200 71111
116.238.139.35 - - [01/May/2023:09:10:10 +0800] "POST /xingrg/kc/buy/cgsh_order_operate.html HTTP/1.1" 200 8245
116.238.139.35 - - [01/May/2023:09:10:10 +0800] "GET /xingrg/javascript/easyui/themes/default/validatebox.css HTTP/1.1" 404 1104
124.78.159.54 - - [01/May/2023:09:10:11 +0800] "GET /xingrg/all/function/internal_message.html?_=1682903410296&CODE_STATE=getMsg HTTP/1.1" 200 27
124.77.244.62 - - [01/May/2023:09:10:12 +0800] "GET /xingrg/all/function/internal_message.html?_=1682903414043&CODE_STATE=getMsg HTTP/1.1" 200 27
180.163.30.85 - - [01/May/2023:09:10:13 +0800] "GET /xingrg/kc/buy/cgsh_order_operate.html?command=get_materiel&rest_code=00106&code=00101008036&supplier_code=00100007&order_time=2023-05-01 HTTP/1.1" 302 -
180.163.30.85 - - [01/May/2023:09:10:13 +0800] "GET /xingrg/login.html HTTP/1.1" 200 7641
180.169.147.146 - - [01/May/2023:09:10:14 +0800] "GET /xingrg/check_reg.html?_=1682903413700 HTTP/1.1" 200 22
116.224.158.100 - - [01/May/2023:09:10:14 +0800] "GET /xingrg/check_reg.html?_=1682903253418 HTTP/1.1" 200 22
116.224.158.100 - - [01/May/2023:09:10:14 +0800] "GET /xingrg/all/function/internal_message.html?_=1682903253421&CODE_STATE=getMsg HTTP/1.1" 200 27
180.169.147.146 - - [01/May/2023:09:10:14 +0800] "GET /xingrg/all/function/internal_message.html?_=1682903413933&CODE_STATE=getMsg HTTP/1.1" 200 27
124.78.159.54 - - [01/May/2023:09:10:17 +0800] "GET /xingrg/kc/buy/cgsh_order_operate.html?command=get_materiel&rest_code=00106&code=00101008005&supplier_code=00100007&order_time=2023-05-01 HTTP/1.1" 200 412
116.224.120.182 - - [01/May/2023:09:10:18 +0800] "GET /xingrg/check_reg.html?_=1682903420278 HTTP/1.1" 302 -
114.83.217.213 - - [01/May/2023:09:10:19 +0800] "POST /xingrg/login.do HTTP/1.1" 302 -
114.83.217.213 - - [01/May/2023:09:10:19 +0800] "GET /xingrg/index.html?sysBaseUrl=http%3A%2F%2F180.169.147.146%3A18081%2Fxingrg%2F&costTime=1593×tamp=1682903419357 HTTP/1.1" 200 17179
114.83.217.213 - - [01/May/2023:09:10:19 +0800] "GET /favicon.ico HTTP/1.1" 404 -
114.83.217.213 - - [01/May/2023:09:10:20 +0800] "GET /xingrg/check_reg.html?_=1682903420079 HTTP/1.1" 200 22
114.83.217.213 - - [01/May/2023:09:10:20 +0800] "GET /xingrg/all/function/internal_message.html?_=1682903420079&CODE_STATE=count HTTP/1.1" 200 11
114.83.217.213 - - [01/May/2023:09:10:20 +0800] "POST /xingrg/load_menu.html HTTP/1.1" 200 5138
114.83.217.213 - - [01/May/2023:09:10:20 +0800] "POST /xingrg/all/common/load_tree.html?tree=area_rest_tree_json&manage=1 HTTP/1.1" 200 351
116.238.139.35 - - [01/May/2023:09:10:21 +0800] "GET /xingrg/kc/buy/cgsh_order_operate.html?command=get_materiel&rest_code=00150&code=00101020087&supplier_code=00100151&order_time=2023-05-01 HTTP/1.1" 200 409
218.81.73.202 - - [01/May/2023:09:10:25 +0800] "POST /xingrg/dwr/call/plaincall/AjaxCheckService.checkOrder.dwr HTTP/1.1" 200 80
124.78.159.54 - - [01/May/2023:09:10:25 +0800] "GET /xingrg/kc/buy/cgsh_order_operate.html?command=get_materiel&rest_code=00106&code=00101011001&supplier_code=00100007&order_time=2023-05-01 HTTP/1.1" 200 423
116.238.139.35 - - [01/May/2023:09:10:25 +0800] "GET /xingrg/all/function/internal_message.html?_=1682903425342&CODE_STATE=getMsg HTTP/1.1" 200 27
218.81.73.202 - - [01/May/2023:09:10:26 +0800] "GET /xingrg/kc/base/check_order_info.html?code=452023043000565 HTTP/1.1" 200 22854
218.81.73.202 - - [01/May/2023:09:10:26 +0800] "GET /xingrg/dwr/interface/AjaxComOrderService.js HTTP/1.1" 200 18264
218.81.73.202 - - [01/May/2023:09:10:26 +0800] "GET /xingrg/dwr/interface/AjaxCheckService.js HTTP/1.1" 200 14003
218.81.73.202 - - [01/May/2023:09:10:26 +0800] "GET /xingrg/dwr/engine.js HTTP/1.1" 200 43631
124.78.159.54 - - [01/May/2023:09:10:27 +0800] "POST /xingrg/kc/buy/cgsh_order_operate.html HTTP/1.1" 200 2065
218.81.73.202 - - [01/May/2023:09:10:28 +0800] "POST /xingrg/dwr/call/plaincall/AjaxCheckService.loadOrderItems.dwr HTTP/1.1" 200 60112
116.224.158.100 - - [01/May/2023:09:10:29 +0800] "GET /xingrg/all/function/internal_message.html?_=1682903429807&CODE_STATE=getMsg HTTP/1.1" 200 27
124.78.159.54 - - [01/May/2023:09:10:33 +0800] "GET /xingrg/kc/buy/cgsh_order_operate.html?command=get_materiel&rest_code=00106&code=00101008312&supplier_code=00100007&order_time=2023-05-01 HTTP/1.1" 200 412
120.253.135.82 - - [01/May/2023:09:10:36 +0800] "GET /xingrg/all/function/internal_message.html?_=1682903273944&CODE_STATE=getMsg HTTP/1.1" 200 27
116.238.139.35 - - [01/May/2023:09:10:37 +0800] "POST /xingrg/kc/buy/cgsh_order_operate.html HTTP/1.1" 200 37
116.227.208.255 - - [01/May/2023:09:10:39 +0800] "GET /xingrg/all/function/internal_message.html?_=1682903501442&CODE_STATE=getMsg HTTP/1.1" 200 27
116.227.208.255 - - [01/May/2023:09:10:39 +0800] "GET /xingrg/check_reg.html?_=1682903501445 HTTP/1.1" 200 22
180.171.122.0 - - [01/May/2023:09:10:40 +0800] "POST /xingrg/kc/buy/cgsh_order_operate.html HTTP/1.1" 200 37
218.81.73.202 - - [01/May/2023:09:10:41 +0800] "POST /xingrg/kc/base/check_list_operate.html HTTP/1.1" 200 3213
124.79.240.114 - - [01/May/2023:09:10:42 +0800] "GET /xingrg/all/function/internal_message.html?_=1682903716141&CODE_STATE=getMsg HTTP/1.1" 200 27
124.79.240.114 - - [01/May/2023:09:10:42 +0800] "GET /xingrg/check_reg.html?_=1682903716142 HTTP/1.1" 200 22
124.78.159.54 - - [01/May/2023:09:10:42 +0800] "GET /xingrg/kc/buy/cgsh_order_operate.html?command=get_materiel&rest_code=00106&code=00101008134&supplier_code=00100007&order_time=2023-05-01 HTTP/1.1" 200 412
218.81.73.202 - - [01/May/2023:09:10:43 +0800] "GET /xingrg/kc/base/check_order_info.html?code=452023043000573 HTTP/1.1" 200 26514
218.81.73.202 - - [01/May/2023:09:10:43 +0800] "GET /xingrg/dwr/interface/AjaxComOrderService.js HTTP/1.1" 200 18264
218.81.73.202 - - [01/May/2023:09:10:43 +0800] "GET /xingrg/dwr/interface/AjaxCheckService.js HTTP/1.1" 200 14003
218.81.73.202 - - [01/May/2023:09:10:43 +0800] "GET /xingrg/dwr/engine.js HTTP/1.1" 200 43631
180.171.122.0 - - [01/May/2023:09:10:43 +0800] "POST /xingrg/kc/buy/cgsh_order_operate.html HTTP/1.1" 200 33943
114.83.217.213 - - [01/May/2023:09:10:43 +0800] "GET /xingrg/kc/base/check_order_list.html HTTP/1.1" 200 16223
218.81.73.202 - - [01/May/2023:09:10:43 +0800] "POST /xingrg/dwr/call/plaincall/AjaxCheckService.loadOrderItems.dwr HTTP/1.1" 200 8757
114.83.217.213 - - [01/May/2023:09:10:43 +0800] "POST /xingrg/kc/base/check_list_operate.html HTTP/1.1" 200 2577
218.81.73.202 - - [01/May/2023:09:10:49 +0800] "POST /xingrg/dwr/call/plaincall/AjaxCheckService.setItemNumber.dwr HTTP/1.1" 200 76
114.83.217.213 - - [01/May/2023:09:10:49 +0800] "GET /xingrg/kc/base/check_order_info.html?code=452023043000605 HTTP/1.1" 200 26562
114.83.217.213 - - [01/May/2023:09:10:49 +0800] "GET /xingrg/dwr/interface/AjaxComOrderService.js HTTP/1.1" 200 18264
114.83.217.213 - - [01/May/2023:09:10:49 +0800] "GET /xingrg/dwr/interface/AjaxCheckService.js HTTP/1.1" 200 14003
114.83.217.213 - - [01/May/2023:09:10:49 +0800] "GET /xingrg/dwr/engine.js HTTP/1.1" 200 43631
114.83.217.213 - - [01/May/2023:09:10:49 +0800] "GET /xingrg/dwr/util.js HTTP/1.1" 200 35990
218.81.73.202 - - [01/May/2023:09:10:50 +0800] "POST /xingrg/dwr/call/plaincall/AjaxCheckService.setItemNumber.dwr HTTP/1.1" 200 76
114.83.217.213 - - [01/May/2023:09:10:50 +0800] "POST /xingrg/dwr/call/plaincall/AjaxCheckService.loadOrderItems.dwr HTTP/1.1" 200 146387
218.81.73.202 - - [01/May/2023:09:10:50 +0800] "POST /xingrg/dwr/call/plaincall/AjaxCheckService.setItemNumber.dwr HTTP/1.1" 200 76
218.81.73.202 - - [01/May/2023:09:10:51 +0800] "POST /xingrg/dwr/call/plaincall/AjaxCheckService.setItemNumber.dwr HTTP/1.1" 200 76
180.171.122.0 - - [01/May/2023:09:10:51 +0800] "GET /xingrg/all/function/internal_message.html?_=1682903451079&CODE_STATE=getMsg HTTP/1.1" 200 27
180.171.122.0 - - [01/May/2023:09:10:51 +0800] "GET /xingrg/check_reg.html?_=1682903451082 HTTP/1.1" 200 22
218.81.73.202 - - [01/May/2023:09:10:52 +0800] "POST /xingrg/dwr/call/plaincall/AjaxCheckService.setItemNumber.dwr HTTP/1.1" 200 76
124.78.159.54 - - [01/May/2023:09:10:52 +0800] "GET /xingrg/kc/buy/cgsh_order_operate.html?command=get_materiel&rest_code=00106&code=00101008415&supplier_code=00100007&order_time=2023-05-01 HTTP/1.1" 200 412
218.81.73.202 - - [01/May/2023:09:10:53 +0800] "POST /xingrg/dwr/call/plaincall/AjaxCheckService.setItemNumber.dwr HTTP/1.1" 200 76
218.81.73.202 - - [01/May/2023:09:10:54 +0800] "POST /xingrg/dwr/call/plaincall/AjaxCheckService.setItemNumber.dwr HTTP/1.1" 200 76
180.171.122.0 - - [01/May/2023:09:10:54 +0800] "GET /xingrg/kc/print/load_config.html?kc_code=cgsh HTTP/1.1" 200 1925
218.81.73.202 - - [01/May/2023:09:10:54 +0800] "POST /xingrg/dwr/call/plaincall/AjaxCheckService.setItemNumber.dwr HTTP/1.1" 200 76
180.171.122.0 - - [01/May/2023:09:10:55 +0800] "GET /xingrg/kc/print/load_data.html?order_code=212023050100011&kc_code=cgsh&condition= HTTP/1.1" 200 12504
218.81.73.202 - - [01/May/2023:09:10:55 +0800] "POST /xingrg/dwr/call/plaincall/AjaxCheckService.setItemNumber.dwr HTTP/1.1" 200 76
218.81.73.202 - - [01/May/2023:09:10:56 +0800] "POST /xingrg/dwr/call/plaincall/AjaxCheckService.setItemNumber.dwr HTTP/1.1" 200 77
116.238.139.35 - - [01/May/2023:09:10:56 +0800] "GET /xingrg/all/function/internal_message.html?_=1682903397013&CODE_STATE=getMsg HTTP/1.1" 200 27
218.81.73.202 - - [01/May/2023:09:10:56 +0800] "POST /xingrg/dwr/call/plaincall/AjaxCheckService.setItemNumber.dwr HTTP/1.1" 200 77
218.81.73.202 - - [01/May/2023:09:10:57 +0800] "POST /xingrg/dwr/call/plaincall/AjaxCheckService.setItemNumber.dwr HTTP/1.1" 200 77
116.238.139.35 - - [01/May/2023:09:11:00 +0800] "POST /xingrg/kc/buy/cgsh_order_operate.html HTTP/1.1" 200 12
124.79.240.114 - - [01/May/2023:09:11:00 +0800] "GET /xingrg/all/function/internal_message.html?_=1682903459019&CODE_STATE=getMsg HTTP/1.1" 302 -
218.81.73.202 - - [01/May/2023:09:11:01 +0800] "GET /xingrg/check_reg.html?_=1682903462642 HTTP/1.1" 200 22
58.39.109.224 - - [01/May/2023:09:11:01 +0800] "GET /xingrg/all/function/internal_message.html?_=1682903463390&CODE_STATE=getMsg HTTP/1.1" 200 27
124.78.159.54 - - [01/May/2023:09:11:02 +0800] "GET /xingrg/kc/buy/cgsh_order_operate.html?command=get_materiel&rest_code=00106&code=00101008125&supplier_code=00100007&order_time=2023-05-01 HTTP/1.1" 200 413
218.81.73.202 - - [01/May/2023:09:11:02 +0800] "GET /xingrg/all/function/internal_message.html?_=1682903463909&CODE_STATE=getMsg HTTP/1.1" 200 27
114.83.217.213 - - [01/May/2023:09:11:03 +0800] "POST /xingrg/dwr/call/plaincall/AjaxCheckService.setItemNumber.dwr HTTP/1.1" 200 76
114.83.217.213 - - [01/May/2023:09:11:05 +0800] "POST /xingrg/dwr/call/plaincall/AjaxCheckService.setItemNumber.dwr HTTP/1.1" 200 76
114.83.217.213 - - [01/May/2023:09:11:05 +0800] "POST /xingrg/dwr/call/plaincall/AjaxCheckService.setItemNumber.dwr HTTP/1.1" 200 76
114.83.217.213 - - [01/May/2023:09:11:06 +0800] "POST /xingrg/dwr/call/plaincall/AjaxCheckService.setItemNumber.dwr HTTP/1.1" 200 76
114.83.217.213 - - [01/May/2023:09:11:06 +0800] "POST /xingrg/dwr/call/plaincall/AjaxCheckService.setItemNumber.dwr HTTP/1.1" 200 76
114.83.217.213 - - [01/May/2023:09:11:06 +0800] "POST /xingrg/dwr/call/plaincall/AjaxCheckService.setItemNumber.dwr HTTP/1.1" 200 76
114.83.217.213 - - [01/May/2023:09:11:07 +0800] "POST /xingrg/dwr/call/plaincall/AjaxCheckService.setItemNumber.dwr HTTP/1.1" 200 76
114.83.217.213 - - [01/May/2023:09:11:08 +0800] "POST /xingrg/dwr/call/plaincall/AjaxCheckService.setItemNumber.dwr HTTP/1.1" 200 76
114.83.217.213 - - [01/May/2023:09:11:08 +0800] "POST /xingrg/dwr/call/plaincall/AjaxCheckService.setItemNumber.dwr HTTP/1.1" 200 76
114.83.217.213 - - [01/May/2023:09:11:09 +0800] "POST /xingrg/dwr/call/plaincall/AjaxCheckService.setItemNumber.dwr HTTP/1.1" 200 77
114.83.217.213 - - [01/May/2023:09:11:09 +0800] "POST /xingrg/dwr/call/plaincall/AjaxCheckService.setItemNumber.dwr HTTP/1.1" 200 77
114.83.217.213 - - [01/May/2023:09:11:09 +0800] "POST /xingrg/dwr/call/plaincall/AjaxCheckService.setItemNumber.dwr HTTP/1.1" 200 77
114.83.217.213 - - [01/May/2023:09:11:10 +0800] "POST /xingrg/dwr/call/plaincall/AjaxCheckService.setItemNumber.dwr HTTP/1.1" 200 77
124.78.159.54 - - [01/May/2023:09:11:11 +0800] "GET /xingrg/all/function/internal_message.html?_=1682903470268&CODE_STATE=getMsg HTTP/1.1" 200 27
114.83.217.213 - - [01/May/2023:09:11:11 +0800] "POST /xingrg/dwr/call/plaincall/AjaxCheckService.setItemNumber.dwr HTTP/1.1" 200 77
114.83.217.213 - - [01/May/2023:09:11:11 +0800] "POST /xingrg/dwr/call/plaincall/AjaxCheckService.setItemNumber.dwr HTTP/1.1" 200 77
114.83.217.213 - - [01/May/2023:09:11:12 +0800] "POST /xingrg/dwr/call/plaincall/AjaxCheckService.setItemNumber.dwr HTTP/1.1" 200 77
124.77.244.62 - - [01/May/2023:09:11:12 +0800] "GET /xingrg/all/function/internal_message.html?_=1682903474047&CODE_STATE=getMsg HTTP/1.1" 200 27
114.83.217.213 - - [01/May/2023:09:11:13 +0800] "POST /xingrg/dwr/call/plaincall/AjaxCheckService.setItemNumber.dwr HTTP/1.1" 200 77
114.83.217.213 - - [01/May/2023:09:11:13 +0800] "POST /xingrg/dwr/call/plaincall/AjaxCheckService.setItemNumber.dwr HTTP/1.1" 200 77
116.238.139.35 - - [01/May/2023:09:11:13 +0800] "GET /xingrg/kc/buy/cgsh_order_info.html?code=212023050100021 HTTP/1.1" 200 66010
114.83.217.213 - - [01/May/2023:09:11:14 +0800] "POST /xingrg/dwr/call/plaincall/AjaxCheckService.setItemNumber.dwr HTTP/1.1" 200 77
116.238.139.35 - - [01/May/2023:09:11:14 +0800] "GET /xingrg/javascript/easyui/themes/default/validatebox.css HTTP/1.1" 404 1104
114.83.217.213 - - [01/May/2023:09:11:14 +0800] "POST /xingrg/dwr/call/plaincall/AjaxCheckService.setItemNumber.dwr HTTP/1.1" 200 77
124.78.159.54 - - [01/May/2023:09:11:14 +0800] "POST /xingrg/kc/buy/cgsh_order_operate.html HTTP/1.1" 200 37
116.224.158.100 - - [01/May/2023:09:11:14 +0800] "GET /xingrg/all/function/internal_message.html?_=1682903313407&CODE_STATE=getMsg HTTP/1.1" 200 27
180.169.147.146 - - [01/May/2023:09:11:14 +0800] "GET /xingrg/all/function/internal_message.html?_=1682903473929&CODE_STATE=getMsg HTTP/1.1" 200 27
116.238.139.35 - - [01/May/2023:09:11:14 +0800] "POST /xingrg/kc/buy/cgsh_order_operate.html HTTP/1.1" 200 604
114.83.217.213 - - [01/May/2023:09:11:15 +0800] "POST /xingrg/dwr/call/plaincall/AjaxCheckService.setItemNumber.dwr HTTP/1.1" 200 77
114.83.217.213 - - [01/May/2023:09:11:15 +0800] "POST /xingrg/dwr/call/plaincall/AjaxCheckService.setItemNumber.dwr HTTP/1.1" 200 77
114.83.217.213 - - [01/May/2023:09:11:16 +0800] "POST /xingrg/dwr/call/plaincall/AjaxCheckService.setItemNumber.dwr HTTP/1.1" 200 77
116.238.139.35 - - [01/May/2023:09:11:16 +0800] "GET /xingrg/kc/print/load_data.html?order_code=212023050100021&kc_code=cgsh&condition= HTTP/1.1" 200 684
114.83.217.213 - - [01/May/2023:09:11:16 +0800] "POST /xingrg/dwr/call/plaincall/AjaxCheckService.setItemNumber.dwr HTTP/1.1" 200 77
114.83.217.213 - - [01/May/2023:09:11:17 +0800] "POST /xingrg/dwr/call/plaincall/AjaxCheckService.setItemNumber.dwr HTTP/1.1" 200 77
114.83.217.213 - - [01/May/2023:09:11:18 +0800] "POST /xingrg/dwr/call/plaincall/AjaxCheckService.setItemNumber.dwr HTTP/1.1" 200 77
114.83.217.213 - - [01/May/2023:09:11:19 +0800] "POST /xingrg/dwr/call/plaincall/AjaxCheckService.setItemNumber.dwr HTTP/1.1" 200 77
114.83.217.213 - - [01/May/2023:09:11:19 +0800] "POST /xingrg/dwr/call/plaincall/AjaxCheckService.setItemNumber.dwr HTTP/1.1" 200 77
124.78.159.54 - - [01/May/2023:09:11:19 +0800] "POST /xingrg/kc/buy/cgsh_order_operate.html HTTP/1.1" 200 17434
114.83.217.213 - - [01/May/2023:09:11:20 +0800] "GET /xingrg/all/function/internal_message.html?_=1682903480281&CODE_STATE=getMsg HTTP/1.1" 200 27
114.83.217.213 - - [01/May/2023:09:11:20 +0800] "POST /xingrg/dwr/call/plaincall/AjaxCheckService.setItemNumber.dwr HTTP/1.1" 200 77
114.83.217.213 - - [01/May/2023:09:11:21 +0800] "POST /xingrg/dwr/call/plaincall/AjaxCheckService.setItemNumber.dwr HTTP/1.1" 200 77
114.83.217.213 - - [01/May/2023:09:11:21 +0800] "POST /xingrg/dwr/call/plaincall/AjaxCheckService.setItemNumber.dwr HTTP/1.1" 200 77
114.83.217.213 - - [01/May/2023:09:11:22 +0800] "POST /xingrg/dwr/call/plaincall/AjaxCheckService.setItemNumber.dwr HTTP/1.1" 200 77
116.238.139.35 - - [01/May/2023:09:11:25 +0800] "GET /xingrg/all/function/internal_message.html?_=1682903485322&CODE_STATE=getMsg HTTP/1.1" 200 27
116.224.158.100 - - [01/May/2023:09:11:26 +0800] "GET /xingrg/check_reg.html?_=1682903487419 HTTP/1.1" 200 22
218.81.73.202 - - [01/May/2023:09:11:28 +0800] "POST /xingrg/dwr/call/plaincall/AjaxCheckService.checkOrder.dwr HTTP/1.1" 200 79
114.83.217.213 - - [01/May/2023:09:11:28 +0800] "POST /xingrg/dwr/call/plaincall/AjaxCheckService.setItemNumber.dwr HTTP/1.1" 200 77
114.83.217.213 - - [01/May/2023:09:11:28 +0800] "POST /xingrg/dwr/call/plaincall/AjaxCheckService.setItemNumber.dwr HTTP/1.1" 200 77
114.83.217.213 - - [01/May/2023:09:11:28 +0800] "POST /xingrg/dwr/call/plaincall/AjaxCheckService.setItemNumber.dwr HTTP/1.1" 200 77
114.83.217.213 - - [01/May/2023:09:11:28 +0800] "POST /xingrg/dwr/call/plaincall/AjaxCheckService.setItemNumber.dwr HTTP/1.1" 200 77
114.83.217.213 - - [01/May/2023:09:11:28 +0800] "POST /xingrg/dwr/call/plaincall/AjaxCheckService.setItemNumber.dwr HTTP/1.1" 200 77
114.83.217.213 - - [01/May/2023:09:11:28 +0800] "POST /xingrg/dwr/call/plaincall/AjaxCheckService.setItemNumber.dwr HTTP/1.1" 200 77
114.83.217.213 - - [01/May/2023:09:11:28 +0800] "POST /xingrg/dwr/call/plaincall/AjaxCheckService.setItemNumber.dwr HTTP/1.1" 200 77
114.83.217.213 - - [01/May/2023:09:11:28 +0800] "POST /xingrg/dwr/call/plaincall/AjaxCheckService.setItemNumber.dwr HTTP/1.1" 200 77
114.83.217.213 - - [01/May/2023:09:11:28 +0800] "POST /xingrg/dwr/call/plaincall/AjaxCheckService.setItemNumber.dwr HTTP/1.1" 200 77
114.83.217.213 - - [01/May/2023:09:11:28 +0800] "POST /xingrg/dwr/call/plaincall/AjaxCheckService.setItemNumber.dwr HTTP/1.1" 200 77
116.224.158.100 - - [01/May/2023:09:11:29 +0800] "GET /xingrg/all/function/internal_message.html?_=1682903489788&CODE_STATE=getMsg HTTP/1.1" 200 27
218.81.73.202 - - [01/May/2023:09:11:29 +0800] "GET /xingrg/kc/base/check_order_info.html?code=452023043000573 HTTP/1.1" 200 22854
218.81.73.202 - - [01/May/2023:09:11:29 +0800] "GET /xingrg/dwr/interface/AjaxComOrderService.js HTTP/1.1" 200 18264
218.81.73.202 - - [01/May/2023:09:11:29 +0800] "GET /xingrg/dwr/interface/AjaxCheckService.js HTTP/1.1" 200 14003
218.81.73.202 - - [01/May/2023:09:11:29 +0800] "GET /xingrg/dwr/engine.js HTTP/1.1" 200 43631
180.163.28.114 - - [01/May/2023:09:11:30 +0800] "GET /xingrg/kc/buy/cgsh_order_operate.html?command=get_materiel&rest_code=00106&code=00101008312&supplier_code=00100007&order_time=2023-05-01 HTTP/1.1" 302 -
180.163.28.114 - - [01/May/2023:09:11:30 +0800] "GET /xingrg/login.html HTTP/1.1" 200 7641
114.83.217.213 - - [01/May/2023:09:11:30 +0800] "POST /xingrg/dwr/call/plaincall/AjaxCheckService.setItemNumber.dwr HTTP/1.1" 200 77
218.81.73.202 - - [01/May/2023:09:11:30 +0800] "POST /xingrg/dwr/call/plaincall/AjaxCheckService.loadOrderItems.dwr HTTP/1.1" 200 4112
124.78.159.54 - - [01/May/2023:09:11:32 +0800] "GET /xingrg/kc/buy/cgsh_order_operate.html?command=get_materiel&rest_code=00106&code=00101008248&supplier_code=00100007&order_time=2023-05-01 HTTP/1.1" 200 412
120.253.135.82 - - [01/May/2023:09:11:33 +0800] "GET /xingrg/check_reg.html?_=1682903331166 HTTP/1.1" 200 22
124.77.244.62 - - [01/May/2023:09:11:35 +0800] "GET /xingrg/login.html HTTP/1.1" 200 7641
124.77.244.62 - - [01/May/2023:09:11:35 +0800] "GET /favicon.ico HTTP/1.1" 404 -
