116.227.208.255 - - [01/May/2023:08:41:49 +0800] "GET /xingrg/kc/buy/cgsh_order_list.html HTTP/1.1" 200 55291
218.81.73.202 - - [01/May/2023:08:41:49 +0800] "GET /xingrg/login.html HTTP/1.1" 200 7641
218.81.73.202 - - [01/May/2023:08:41:50 +0800] "GET /favicon.ico HTTP/1.1" 404 -
180.171.122.0 - - [01/May/2023:08:41:50 +0800] "GET /xingrg/kc/buy/cgsh_order_operate.html?command=get_materiel&rest_code=00111&code=00101007061&supplier_code=00100004&order_time=2023-05-01 HTTP/1.1" 200 409
116.238.139.35 - - [01/May/2023:08:41:57 +0800] "GET /xingrg/all/function/internal_message.html?_=1682901716560&CODE_STATE=getMsg HTTP/1.1" 302 -
218.81.73.202 - - [01/May/2023:08:41:59 +0800] "POST /xingrg/login.do HTTP/1.1" 302 -
218.81.73.202 - - [01/May/2023:08:41:59 +0800] "GET /xingrg/index.html?sysBaseUrl=http%3A%2F%2F180.169.147.146%3A18081%2Fxingrg%2F&costTime=1372×tamp=1682901719255 HTTP/1.1" 200 17179
218.81.73.202 - - [01/May/2023:08:41:59 +0800] "GET /xingrg/check_reg.html?_=1682901721080 HTTP/1.1" 200 22
218.81.73.202 - - [01/May/2023:08:41:59 +0800] "POST /xingrg/all/common/load_tree.html?tree=area_rest_tree_json&manage=1 HTTP/1.1" 200 476
218.81.73.202 - - [01/May/2023:08:41:59 +0800] "GET /favicon.ico HTTP/1.1" 404 -
218.81.73.202 - - [01/May/2023:08:41:59 +0800] "GET /xingrg/all/function/internal_message.html?_=1682901721078&CODE_STATE=count HTTP/1.1" 200 11
218.81.73.202 - - [01/May/2023:08:41:59 +0800] "POST /xingrg/load_menu.html HTTP/1.1" 200 5138
124.79.240.114 - - [01/May/2023:08:42:00 +0800] "GET /xingrg/check_reg.html?_=1682901719016 HTTP/1.1" 302 -
124.79.240.114 - - [01/May/2023:08:42:00 +0800] "GET /xingrg/all/function/internal_message.html?_=1682901719010&CODE_STATE=getMsg HTTP/1.1" 302 -
116.238.139.35 - - [01/May/2023:08:42:00 +0800] "POST /xingrg/kc/buy/cgsh_order_operate.html HTTP/1.1" 200 12
58.39.109.224 - - [01/May/2023:08:42:01 +0800] "GET /xingrg/all/function/internal_message.html?_=1682901723396&CODE_STATE=getMsg HTTP/1.1" 200 27
218.81.73.202 - - [01/May/2023:08:42:01 +0800] "GET /xingrg/kc/base/base_main.html HTTP/1.1" 200 12142
116.227.208.255 - - [01/May/2023:08:42:02 +0800] "POST /xingrg/kc/buy/cgsh_list_operate.html HTTP/1.1" 200 986
116.238.139.35 - - [01/May/2023:08:42:03 +0800] "GET /xingrg/kc/buy/cgsh_order_info.html?code=212023050100005 HTTP/1.1" 200 66026
116.238.139.35 - - [01/May/2023:08:42:03 +0800] "GET /xingrg/javascript/easyui/themes/default/validatebox.css HTTP/1.1" 404 1104
58.221.95.50 - - [01/May/2023:08:42:05 +0800] "GET /xingrg/check_reg.html?_=1682901726308 HTTP/1.1" 302 -
116.238.139.35 - - [01/May/2023:08:42:05 +0800] "POST /xingrg/kc/buy/cgsh_order_operate.html HTTP/1.1" 200 8353
218.81.73.202 - - [01/May/2023:08:42:06 +0800] "POST /xingrg/all/user/operate.html HTTP/1.1" 200 36
116.238.139.35 - - [01/May/2023:08:42:07 +0800] "GET /xingrg/kc/print/load_config.html?kc_code=cgsh HTTP/1.1" 200 1925
218.81.73.202 - - [01/May/2023:08:42:07 +0800] "GET /xingrg/index.html?sysBaseUrl=http%3A%2F%2F180.169.147.146%3A18081%2Fxingrg%2F&costTime=1372×tamp=1682901719255 HTTP/1.1" 200 17177
218.81.73.202 - - [01/May/2023:08:42:07 +0800] "GET /xingrg/javascript/jquery_easy_ui/themes/default/easyui.css HTTP/1.1" 304 -
218.81.73.202 - - [01/May/2023:08:42:07 +0800] "GET /xingrg/javascript/jquery_easy_ui/themes/icon.css HTTP/1.1" 304 -
218.81.73.202 - - [01/May/2023:08:42:07 +0800] "GET /xingrg/css/form.css HTTP/1.1" 304 -
218.81.73.202 - - [01/May/2023:08:42:07 +0800] "GET /xingrg/javascript/jquery-1.4.2.min.js HTTP/1.1" 304 -
218.81.73.202 - - [01/May/2023:08:42:07 +0800] "GET /xingrg/javascript/jquery.form.js HTTP/1.1" 304 -
218.81.73.202 - - [01/May/2023:08:42:07 +0800] "GET /xingrg/javascript/jquery.utils.js HTTP/1.1" 304 -
218.81.73.202 - - [01/May/2023:08:42:07 +0800] "GET /xingrg/javascript/jquery.timers.js HTTP/1.1" 304 -
218.81.73.202 - - [01/May/2023:08:42:07 +0800] "GET /xingrg/images/blue/jxLogo.png HTTP/1.1" 304 -
218.81.73.202 - - [01/May/2023:08:42:07 +0800] "GET /xingrg/javascript/jquery_easy_ui/jquery.easyui.min.js HTTP/1.1" 304 -
218.81.73.202 - - [01/May/2023:08:42:07 +0800] "GET /xingrg/javascript/jquery_easy_ui/easyui-lang-zh_CN.js HTTP/1.1" 304 -
218.81.73.202 - - [01/May/2023:08:42:07 +0800] "GET /xingrg/javascript/jquery_easy_ui/themes/icons/settle_new.png HTTP/1.1" 304 -
218.81.73.202 - - [01/May/2023:08:42:07 +0800] "GET /xingrg/images/blue/navBackgound.jpg HTTP/1.1" 304 -
218.81.73.202 - - [01/May/2023:08:42:07 +0800] "GET /xingrg/images/blue/pingpu.png HTTP/1.1" 304 -
218.81.73.202 - - [01/May/2023:08:42:07 +0800] "GET /xingrg/javascript/jquery_easy_ui/themes/default/images/tabs_rightarrow.png HTTP/1.1" 304 -
218.81.73.202 - - [01/May/2023:08:42:07 +0800] "GET /xingrg/check_reg.html?_=1682901728774 HTTP/1.1" 200 22
218.81.73.202 - - [01/May/2023:08:42:07 +0800] "GET /xingrg/all/function/internal_message.html?_=1682901728772&CODE_STATE=count HTTP/1.1" 200 11
218.81.73.202 - - [01/May/2023:08:42:07 +0800] "GET /xingrg/javascript/jquery_easy_ui/themes/default/images/panel_tool_collapse.gif HTTP/1.1" 304 -
218.81.73.202 - - [01/May/2023:08:42:07 +0800] "POST /xingrg/all/common/load_tree.html?tree=area_rest_tree_json&manage=1 HTTP/1.1" 200 476
218.81.73.202 - - [01/May/2023:08:42:07 +0800] "GET /xingrg/javascript/jquery_easy_ui/themes/default/images/tabs_leftarrow.png HTTP/1.1" 304 -
218.81.73.202 - - [01/May/2023:08:42:07 +0800] "POST /xingrg/load_menu.html HTTP/1.1" 200 5138
116.238.139.35 - - [01/May/2023:08:42:07 +0800] "GET /xingrg/kc/print/load_data.html?order_code=212023050100005&kc_code=cgsh&condition= HTTP/1.1" 200 3656
124.77.244.62 - - [01/May/2023:08:42:12 +0800] "GET /xingrg/all/function/internal_message.html?_=1682901733660&CODE_STATE=getMsg HTTP/1.1" 200 27
180.171.122.0 - - [01/May/2023:08:42:12 +0800] "GET /xingrg/kc/buy/cgsh_order_operate.html?command=get_materiel&rest_code=00111&code=00101007048&supplier_code=00100004&order_time=2023-05-01 HTTP/1.1" 200 408
116.227.208.255 - - [01/May/2023:08:42:20 +0800] "GET /xingrg/kc/buy/cgsh_order_add.html HTTP/1.1" 200 71114
116.238.139.35 - - [01/May/2023:08:42:20 +0800] "GET /xingrg/kc/base/check_order_list.html HTTP/1.1" 200 16223
116.227.208.255 - - [01/May/2023:08:42:20 +0800] "GET /xingrg/words/20230430132105_words.js HTTP/1.1" 304 -
116.227.208.255 - - [01/May/2023:08:42:21 +0800] "POST /xingrg/kc/buy/cgsh_order_operate.html HTTP/1.1" 200 8245
116.238.139.35 - - [01/May/2023:08:42:21 +0800] "POST /xingrg/kc/base/check_list_operate.html HTTP/1.1" 200 3312
116.227.208.255 - - [01/May/2023:08:42:21 +0800] "GET /xingrg/javascript/easyui/themes/default/validatebox.css HTTP/1.1" 404 1104
116.227.208.255 - - [01/May/2023:08:42:21 +0800] "GET /xingrg/all/common/auto_word.html?type=employee&rest_code=00155 HTTP/1.1" 200 205
116.227.208.255 - - [01/May/2023:08:42:21 +0800] "GET /xingrg/all/common/auto_word.html?type=employee&rest_code=00155 HTTP/1.1" 200 205
116.238.139.35 - - [01/May/2023:08:42:25 +0800] "GET /xingrg/kc/base/check_order_info.html?code=452023043000477 HTTP/1.1" 200 26490
116.238.139.35 - - [01/May/2023:08:42:25 +0800] "GET /xingrg/css/blue.css HTTP/1.1" 304 -
116.238.139.35 - - [01/May/2023:08:42:25 +0800] "GET /xingrg/css/table.css HTTP/1.1" 304 -
116.238.139.35 - - [01/May/2023:08:42:25 +0800] "GET /xingrg/dwr/interface/AjaxComOrderService.js HTTP/1.1" 200 18264
116.238.139.35 - - [01/May/2023:08:42:25 +0800] "GET /xingrg/dwr/interface/AjaxCheckService.js HTTP/1.1" 200 14003
116.238.139.35 - - [01/May/2023:08:42:25 +0800] "GET /xingrg/javascript/AjaxInfoList.js HTTP/1.1" 304 -
116.238.139.35 - - [01/May/2023:08:42:25 +0800] "GET /xingrg/dwr/util.js HTTP/1.1" 200 35990
116.238.139.35 - - [01/May/2023:08:42:25 +0800] "GET /xingrg/javascript/Calendar.js HTTP/1.1" 304 -
116.238.139.35 - - [01/May/2023:08:42:25 +0800] "GET /xingrg/javascript/myfunction.js HTTP/1.1" 304 -
116.238.139.35 - - [01/May/2023:08:42:25 +0800] "GET /xingrg/dwr/engine.js HTTP/1.1" 200 43631
116.238.139.35 - - [01/May/2023:08:42:25 +0800] "GET /xingrg/javascript/jquery_easy_ui/themes/icons/check_new.png HTTP/1.1" 304 -
116.238.139.35 - - [01/May/2023:08:42:25 +0800] "GET /xingrg/javascript/jquery_easy_ui/themes/icons/cance_new.png HTTP/1.1" 304 -
116.238.139.35 - - [01/May/2023:08:42:25 +0800] "GET /xingrg/javascript/jquery_easy_ui/themes/default/images/menu_downarrow.png HTTP/1.1" 304 -
116.238.139.35 - - [01/May/2023:08:42:25 +0800] "GET /xingrg/javascript/jquery_easy_ui/themes/icons/print.png HTTP/1.1" 304 -
116.238.139.35 - - [01/May/2023:08:42:25 +0800] "GET /xingrg/javascript/jquery_easy_ui/themes/icons/back_new.png HTTP/1.1" 304 -
116.238.139.35 - - [01/May/2023:08:42:26 +0800] "POST /xingrg/dwr/call/plaincall/AjaxCheckService.loadOrderItems.dwr HTTP/1.1" 200 54953
116.238.139.35 - - [01/May/2023:08:42:26 +0800] "GET /xingrg/javascript/jquery_easy_ui/themes/icons/no.png HTTP/1.1" 304 -
116.227.208.255 - - [01/May/2023:08:42:26 +0800] "GET /xingrg/javascript/auto/indicator.gif HTTP/1.1" 404 1066
116.238.139.35 - - [01/May/2023:08:42:33 +0800] "POST /xingrg/dwr/call/plaincall/AjaxCheckService.setItemNumber.dwr HTTP/1.1" 200 76
116.238.139.35 - - [01/May/2023:08:42:34 +0800] "POST /xingrg/dwr/call/plaincall/AjaxCheckService.setItemNumber.dwr HTTP/1.1" 200 76
120.253.135.82 - - [01/May/2023:08:42:35 +0800] "GET /xingrg/all/function/internal_message.html?_=1682901592940&CODE_STATE=getMsg HTTP/1.1" 200 27
116.227.208.255 - - [01/May/2023:08:42:36 +0800] "GET /xingrg/javascript/jquery_tools/images/next.gif HTTP/1.1" 404 1086
116.227.208.255 - - [01/May/2023:08:42:36 +0800] "GET /xingrg/javascript/jquery_tools/images/prev.gif HTTP/1.1" 404 1086
116.238.139.35 - - [01/May/2023:08:42:36 +0800] "POST /xingrg/dwr/call/plaincall/AjaxCheckService.setItemNumber.dwr HTTP/1.1" 200 76
116.238.139.35 - - [01/May/2023:08:42:38 +0800] "POST /xingrg/dwr/call/plaincall/AjaxCheckService.setItemNumber.dwr HTTP/1.1" 200 76
116.227.208.255 - - [01/May/2023:08:42:39 +0800] "GET /xingrg/all/function/internal_message.html?_=1682901821452&CODE_STATE=getMsg HTTP/1.1" 200 27
116.238.139.35 - - [01/May/2023:08:42:40 +0800] "POST /xingrg/dwr/call/plaincall/AjaxCheckService.setItemNumber.dwr HTTP/1.1" 200 76
116.238.139.35 - - [01/May/2023:08:42:42 +0800] "POST /xingrg/dwr/call/plaincall/AjaxCheckService.setItemNumber.dwr HTTP/1.1" 200 76
180.171.122.0 - - [01/May/2023:08:42:42 +0800] "GET /xingrg/kc/buy/cgsh_order_operate.html?command=get_materiel&rest_code=00111&code=00101007077&supplier_code=00100004&order_time=2023-05-01 HTTP/1.1" 200 415
124.79.240.114 - - [01/May/2023:08:42:42 +0800] "GET /xingrg/all/function/internal_message.html?_=1682902036343&CODE_STATE=getMsg HTTP/1.1" 200 27
116.238.139.35 - - [01/May/2023:08:42:44 +0800] "GET /xingrg/all/function/internal_message.html?_=1682901704885&CODE_STATE=getMsg HTTP/1.1" 200 27
116.227.208.255 - - [01/May/2023:08:42:44 +0800] "GET /xingrg/kc/buy/cgsh_order_operate.html?command=get_materiel&rest_code=00155&code=00101016040&supplier_code=00100584&order_time=2023-05-01 HTTP/1.1" 200 437
180.171.122.0 - - [01/May/2023:08:42:46 +0800] "GET /xingrg/all/function/internal_message.html?_=1682901766268&CODE_STATE=getMsg HTTP/1.1" 200 27
116.238.139.35 - - [01/May/2023:08:42:46 +0800] "POST /xingrg/dwr/call/plaincall/AjaxCheckService.setItemNumber.dwr HTTP/1.1" 200 76
116.238.139.35 - - [01/May/2023:08:42:50 +0800] "POST /xingrg/dwr/call/plaincall/AjaxCheckService.setItemNumber.dwr HTTP/1.1" 200 76
116.238.139.35 - - [01/May/2023:08:42:56 +0800] "POST /xingrg/dwr/call/plaincall/AjaxCheckService.setItemNumber.dwr HTTP/1.1" 200 76
116.227.208.255 - - [01/May/2023:08:42:57 +0800] "GET /xingrg/kc/buy/cgsh_order_operate.html?command=get_materiel&rest_code=00155&code=00101016037&supplier_code=00100584&order_time=2023-05-01 HTTP/1.1" 200 432
116.238.139.35 - - [01/May/2023:08:42:57 +0800] "GET /xingrg/all/function/internal_message.html?_=1682901776559&CODE_STATE=getMsg HTTP/1.1" 302 -
116.238.139.35 - - [01/May/2023:08:42:58 +0800] "POST /xingrg/dwr/call/plaincall/AjaxCheckService.setItemNumber.dwr HTTP/1.1" 200 77
124.79.240.114 - - [01/May/2023:08:43:00 +0800] "GET /xingrg/all/function/internal_message.html?_=1682901779017&CODE_STATE=getMsg HTTP/1.1" 302 -
58.39.109.224 - - [01/May/2023:08:43:01 +0800] "GET /xingrg/all/function/internal_message.html?_=1682901783392&CODE_STATE=getMsg HTTP/1.1" 200 27
116.238.139.35 - - [01/May/2023:08:43:03 +0800] "POST /xingrg/dwr/call/plaincall/AjaxCheckService.setItemNumber.dwr HTTP/1.1" 200 77
116.238.139.35 - - [01/May/2023:08:43:05 +0800] "POST /xingrg/dwr/call/plaincall/AjaxCheckService.setItemNumber.dwr HTTP/1.1" 200 77
124.77.244.62 - - [01/May/2023:08:43:05 +0800] "GET /xingrg/check_reg.html?_=1682901787230 HTTP/1.1" 200 22
218.81.73.202 - - [01/May/2023:08:43:07 +0800] "GET /xingrg/all/function/internal_message.html?_=1682901788788&CODE_STATE=getMsg HTTP/1.1" 200 27
116.238.139.35 - - [01/May/2023:08:43:07 +0800] "POST /xingrg/dwr/call/plaincall/AjaxCheckService.setItemNumber.dwr HTTP/1.1" 200 77
116.227.208.255 - - [01/May/2023:08:43:08 +0800] "GET /xingrg/kc/buy/cgsh_order_operate.html?command=get_materiel&rest_code=00155&code=00101016097&supplier_code=00100584&order_time=2023-05-01 HTTP/1.1" 200 450
116.238.139.35 - - [01/May/2023:08:43:10 +0800] "POST /xingrg/dwr/call/plaincall/AjaxCheckService.setItemNumber.dwr HTTP/1.1" 200 77
124.77.244.62 - - [01/May/2023:08:43:12 +0800] "GET /xingrg/all/function/internal_message.html?_=1682901793668&CODE_STATE=getMsg HTTP/1.1" 200 27
116.238.139.35 - - [01/May/2023:08:43:15 +0800] "POST /xingrg/dwr/call/plaincall/AjaxCheckService.setItemNumber.dwr HTTP/1.1" 200 77
116.238.139.35 - - [01/May/2023:08:43:17 +0800] "POST /xingrg/dwr/call/plaincall/AjaxCheckService.setItemNumber.dwr HTTP/1.1" 200 77
116.238.139.35 - - [01/May/2023:08:43:18 +0800] "POST /xingrg/dwr/call/plaincall/AjaxCheckService.setItemNumber.dwr HTTP/1.1" 200 77
180.171.122.0 - - [01/May/2023:08:43:19 +0800] "POST /xingrg/kc/buy/cgsh_order_operate.html HTTP/1.1" 200 37
180.171.122.0 - - [01/May/2023:08:43:22 +0800] "POST /xingrg/kc/buy/cgsh_order_operate.html HTTP/1.1" 200 5617
180.171.122.0 - - [01/May/2023:08:43:23 +0800] "GET /xingrg/kc/print/load_config.html?kc_code=cgsh HTTP/1.1" 200 1925
180.171.122.0 - - [01/May/2023:08:43:24 +0800] "GET /xingrg/kc/print/load_data.html?order_code=212023050100006&kc_code=cgsh&condition= HTTP/1.1" 200 1857
116.238.139.35 - - [01/May/2023:08:43:35 +0800] "POST /xingrg/dwr/call/plaincall/AjaxCheckService.setItemNumber.dwr HTTP/1.1" 200 77
120.253.135.82 - - [01/May/2023:08:43:35 +0800] "GET /xingrg/all/function/internal_message.html?_=1682901652954&CODE_STATE=getMsg HTTP/1.1" 200 27
116.238.139.35 - - [01/May/2023:08:43:37 +0800] "POST /xingrg/dwr/call/plaincall/AjaxCheckService.setItemNumber.dwr HTTP/1.1" 200 77
116.227.208.255 - - [01/May/2023:08:43:39 +0800] "GET /xingrg/all/function/internal_message.html?_=1682901881436&CODE_STATE=getMsg HTTP/1.1" 200 27
116.238.139.35 - - [01/May/2023:08:43:41 +0800] "POST /xingrg/dwr/call/plaincall/AjaxCheckService.setItemNumber.dwr HTTP/1.1" 200 77
124.79.240.114 - - [01/May/2023:08:43:42 +0800] "GET /xingrg/all/function/internal_message.html?_=1682902096316&CODE_STATE=getMsg HTTP/1.1" 200 27
116.238.139.35 - - [01/May/2023:08:43:44 +0800] "GET /xingrg/all/function/internal_message.html?_=1682901764899&CODE_STATE=getMsg HTTP/1.1" 200 27
116.238.139.35 - - [01/May/2023:08:43:44 +0800] "POST /xingrg/dwr/call/plaincall/AjaxCheckService.setItemNumber.dwr HTTP/1.1" 200 77
180.171.122.0 - - [01/May/2023:08:43:46 +0800] "GET /xingrg/all/function/internal_message.html?_=1682901826287&CODE_STATE=getMsg HTTP/1.1" 200 27
116.238.139.35 - - [01/May/2023:08:43:47 +0800] "POST /xingrg/dwr/call/plaincall/AjaxCheckService.setItemNumber.dwr HTTP/1.1" 200 77
218.81.73.202 - - [01/May/2023:08:43:47 +0800] "GET /xingrg/kc/base/base_main.html HTTP/1.1" 200 12142
222.64.56.9 - - [01/May/2023:08:43:48 +0800] "POST /xingrg/services/DataTransmitService HTTP/1.1" 200 524
218.81.73.202 - - [01/May/2023:08:43:48 +0800] "GET /xingrg/kc/base/check_order_list.html HTTP/1.1" 200 16221
116.224.158.100 - - [01/May/2023:08:43:49 +0800] "POST /xingrg/services/DataTransmitService HTTP/1.1" 200 524
218.81.73.202 - - [01/May/2023:08:43:49 +0800] "POST /xingrg/kc/base/check_list_operate.html HTTP/1.1" 200 1887
116.238.139.35 - - [01/May/2023:08:43:49 +0800] "POST /xingrg/dwr/call/plaincall/AjaxCheckService.setItemNumber.dwr HTTP/1.1" 200 77
218.81.73.202 - - [01/May/2023:08:43:52 +0800] "GET /xingrg/kc/base/check_order_info.html?code=452023043000559 HTTP/1.1" 200 25212
218.81.73.202 - - [01/May/2023:08:43:52 +0800] "GET /xingrg/dwr/interface/AjaxComOrderService.js HTTP/1.1" 200 18264
218.81.73.202 - - [01/May/2023:08:43:52 +0800] "GET /xingrg/dwr/interface/AjaxCheckService.js HTTP/1.1" 200 14003
218.81.73.202 - - [01/May/2023:08:43:52 +0800] "GET /xingrg/dwr/util.js HTTP/1.1" 200 35990
218.81.73.202 - - [01/May/2023:08:43:52 +0800] "GET /xingrg/dwr/engine.js HTTP/1.1" 200 43631
218.81.73.202 - - [01/May/2023:08:43:53 +0800] "POST /xingrg/dwr/call/plaincall/AjaxCheckService.loadOrderItems.dwr HTTP/1.1" 200 152616
116.238.139.35 - - [01/May/2023:08:43:57 +0800] "GET /xingrg/all/function/internal_message.html?_=1682901836567&CODE_STATE=getMsg HTTP/1.1" 302 -
218.81.73.202 - - [01/May/2023:08:43:58 +0800] "GET /xingrg/kc/buy/buy_main.html HTTP/1.1" 200 12412
124.79.240.114 - - [01/May/2023:08:44:00 +0800] "GET /xingrg/all/function/internal_message.html?_=1682901839012&CODE_STATE=getMsg HTTP/1.1" 302 -
218.81.73.202 - - [01/May/2023:08:44:00 +0800] "GET /xingrg/css/new_ie.css HTTP/1.1" 404 1036
116.238.139.35 - - [01/May/2023:08:44:00 +0800] "POST /xingrg/dwr/call/plaincall/AjaxCheckService.setItemNumber.dwr HTTP/1.1" 200 77
58.39.109.224 - - [01/May/2023:08:44:01 +0800] "GET /xingrg/all/function/internal_message.html?_=1682901843390&CODE_STATE=getMsg HTTP/1.1" 200 27
218.81.73.202 - - [01/May/2023:08:44:01 +0800] "GET /xingrg/kc/base/base_main.html HTTP/1.1" 200 12142
218.81.73.202 - - [01/May/2023:08:44:03 +0800] "GET /xingrg/kc/base/check_order_list.html HTTP/1.1" 200 16221
218.81.73.202 - - [01/May/2023:08:44:03 +0800] "POST /xingrg/kc/base/check_list_operate.html HTTP/1.1" 200 1887
218.81.73.202 - - [01/May/2023:08:44:07 +0800] "GET /xingrg/kc/base/check_order_info.html?code=452023043000559 HTTP/1.1" 200 25212
218.81.73.202 - - [01/May/2023:08:44:07 +0800] "GET /xingrg/dwr/interface/AjaxComOrderService.js HTTP/1.1" 200 18264
218.81.73.202 - - [01/May/2023:08:44:07 +0800] "GET /xingrg/dwr/interface/AjaxCheckService.js HTTP/1.1" 200 14003
218.81.73.202 - - [01/May/2023:08:44:07 +0800] "GET /xingrg/dwr/engine.js HTTP/1.1" 200 43631
218.81.73.202 - - [01/May/2023:08:44:07 +0800] "GET /xingrg/all/function/internal_message.html?_=1682901848819&CODE_STATE=getMsg HTTP/1.1" 200 27
116.238.139.35 - - [01/May/2023:08:44:08 +0800] "POST /xingrg/dwr/call/plaincall/AjaxCheckService.setItemNumber.dwr HTTP/1.1" 200 77
218.81.73.202 - - [01/May/2023:08:44:08 +0800] "POST /xingrg/dwr/call/plaincall/AjaxCheckService.loadOrderItems.dwr HTTP/1.1" 200 152616
180.171.122.0 - - [01/May/2023:08:44:09 +0800] "GET /xingrg/kc/buy/cgsh_order_add.html HTTP/1.1" 200 71023
180.171.122.0 - - [01/May/2023:08:44:09 +0800] "POST /xingrg/kc/buy/cgsh_order_operate.html HTTP/1.1" 200 8245
180.171.122.0 - - [01/May/2023:08:44:09 +0800] "GET /xingrg/javascript/easyui/themes/default/validatebox.css HTTP/1.1" 404 1104
116.238.139.35 - - [01/May/2023:08:44:11 +0800] "POST /xingrg/dwr/call/plaincall/AjaxCheckService.setItemNumber.dwr HTTP/1.1" 200 77
124.77.244.62 - - [01/May/2023:08:44:12 +0800] "GET /xingrg/all/function/internal_message.html?_=1682901853680&CODE_STATE=getMsg HTTP/1.1" 200 27
218.81.73.202 - - [01/May/2023:08:44:12 +0800] "GET /xingrg/kc/print/load_config.html?_=1682901853765&kc_code=check HTTP/1.1" 200 2488
218.81.73.202 - - [01/May/2023:08:44:13 +0800] "GET /xingrg/kc/print/load_data.html?_=1682901853882&order_code=452023043000559&kc_code=check HTTP/1.1" 200 39906
116.238.139.35 - - [01/May/2023:08:44:15 +0800] "POST /xingrg/dwr/call/plaincall/AjaxCheckService.setItemNumber.dwr HTTP/1.1" 200 77
116.238.139.35 - - [01/May/2023:08:44:17 +0800] "POST /xingrg/dwr/call/plaincall/AjaxCheckService.setItemNumber.dwr HTTP/1.1" 200 77
116.238.139.35 - - [01/May/2023:08:44:20 +0800] "POST /xingrg/dwr/call/plaincall/AjaxCheckService.setItemNumber.dwr HTTP/1.1" 200 77
116.238.139.35 - - [01/May/2023:08:44:23 +0800] "POST /xingrg/dwr/call/plaincall/AjaxCheckService.setItemNumber.dwr HTTP/1.1" 200 77
116.238.139.35 - - [01/May/2023:08:44:26 +0800] "POST /xingrg/dwr/call/plaincall/AjaxCheckService.setItemNumber.dwr HTTP/1.1" 200 77
116.238.139.35 - - [01/May/2023:08:44:28 +0800] "POST /xingrg/dwr/call/plaincall/AjaxCheckService.setItemNumber.dwr HTTP/1.1" 200 77
116.238.139.35 - - [01/May/2023:08:44:29 +0800] "POST /xingrg/dwr/call/plaincall/AjaxCheckService.setItemNumber.dwr HTTP/1.1" 200 77
116.238.139.35 - - [01/May/2023:08:44:30 +0800] "POST /xingrg/dwr/call/plaincall/AjaxCheckService.setItemNumber.dwr HTTP/1.1" 200 77
116.238.139.35 - - [01/May/2023:08:44:34 +0800] "POST /xingrg/dwr/call/plaincall/AjaxCheckService.setItemNumber.dwr HTTP/1.1" 200 77
120.253.135.82 - - [01/May/2023:08:44:35 +0800] "GET /xingrg/all/function/internal_message.html?_=1682901713077&CODE_STATE=getMsg HTTP/1.1" 200 27
116.227.208.255 - - [01/May/2023:08:44:39 +0800] "GET /xingrg/all/function/internal_message.html?_=1682901941444&CODE_STATE=getMsg HTTP/1.1" 200 27
116.238.139.35 - - [01/May/2023:08:44:39 +0800] "POST /xingrg/dwr/call/plaincall/AjaxCheckService.setItemNumber.dwr HTTP/1.1" 200 77
172.20.0.100 - - [01/May/2023:08:44:41 +0800] "GET /xingrg/check_reg.html?_=1682901882400 HTTP/1.1" 302 -
124.79.240.114 - - [01/May/2023:08:44:42 +0800] "GET /xingrg/all/function/internal_message.html?_=1682902156290&CODE_STATE=getMsg HTTP/1.1" 200 27
116.238.139.35 - - [01/May/2023:08:44:42 +0800] "POST /xingrg/dwr/call/plaincall/AjaxCheckService.setItemNumber.dwr HTTP/1.1" 200 77
116.238.139.35 - - [01/May/2023:08:44:43 +0800] "POST /xingrg/dwr/call/plaincall/AjaxCheckService.setItemNumber.dwr HTTP/1.1" 200 77
116.238.139.35 - - [01/May/2023:08:44:44 +0800] "GET /xingrg/all/function/internal_message.html?_=1682901824912&CODE_STATE=getMsg HTTP/1.1" 200 27
116.238.139.35 - - [01/May/2023:08:44:45 +0800] "POST /xingrg/dwr/call/plaincall/AjaxCheckService.setItemNumber.dwr HTTP/1.1" 200 77
180.171.122.0 - - [01/May/2023:08:44:46 +0800] "GET /xingrg/check_reg.html?_=1682901886273 HTTP/1.1" 200 22
180.171.122.0 - - [01/May/2023:08:44:46 +0800] "GET /xingrg/all/function/internal_message.html?_=1682901886276&CODE_STATE=getMsg HTTP/1.1" 200 27
124.78.71.183 - - [01/May/2023:08:44:48 +0800] "GET /xingrg/check_reg.html?_=1682901890017 HTTP/1.1" 302 -
116.238.139.35 - - [01/May/2023:08:44:49 +0800] "POST /xingrg/dwr/call/plaincall/AjaxCheckService.setItemNumber.dwr HTTP/1.1" 200 77
116.238.139.35 - - [01/May/2023:08:44:50 +0800] "POST /xingrg/dwr/call/plaincall/AjaxCheckService.setItemNumber.dwr HTTP/1.1" 200 77
116.238.139.35 - - [01/May/2023:08:44:51 +0800] "POST /xingrg/dwr/call/plaincall/AjaxCheckService.setItemNumber.dwr HTTP/1.1" 200 77
116.238.139.35 - - [01/May/2023:08:44:54 +0800] "POST /xingrg/dwr/call/plaincall/AjaxCheckService.setItemNumber.dwr HTTP/1.1" 200 77
116.238.139.35 - - [01/May/2023:08:44:55 +0800] "POST /xingrg/dwr/call/plaincall/AjaxCheckService.setItemNumber.dwr HTTP/1.1" 200 77
116.238.139.35 - - [01/May/2023:08:44:57 +0800] "GET /xingrg/all/function/internal_message.html?_=1682901896569&CODE_STATE=getMsg HTTP/1.1" 302 -
124.79.240.114 - - [01/May/2023:08:45:00 +0800] "GET /xingrg/all/function/internal_message.html?_=1682901899007&CODE_STATE=getMsg HTTP/1.1" 302 -
58.39.109.224 - - [01/May/2023:08:45:01 +0800] "GET /xingrg/check_reg.html?_=1682901903388 HTTP/1.1" 200 22
58.39.109.224 - - [01/May/2023:08:45:01 +0800] "GET /xingrg/all/function/internal_message.html?_=1682901903390&CODE_STATE=getMsg HTTP/1.1" 200 27
124.77.244.62 - - [01/May/2023:08:45:12 +0800] "GET /xingrg/all/function/internal_message.html?_=1682901913708&CODE_STATE=getMsg HTTP/1.1" 200 27
116.224.120.182 - - [01/May/2023:08:45:18 +0800] "GET /xingrg/check_reg.html?_=1682901920342 HTTP/1.1" 302 -
218.81.73.202 - - [01/May/2023:08:45:30 +0800] "GET /xingrg/login.html HTTP/1.1" 200 7641
218.81.73.202 - - [01/May/2023:08:45:31 +0800] "GET /favicon.ico HTTP/1.1" 404 -
120.253.135.82 - - [01/May/2023:08:45:35 +0800] "GET /xingrg/all/function/internal_message.html?_=1682901773091&CODE_STATE=getMsg HTTP/1.1" 200 27
218.81.73.202 - - [01/May/2023:08:45:37 +0800] "POST /xingrg/login.do HTTP/1.1" 302 -
218.81.73.202 - - [01/May/2023:08:45:37 +0800] "GET /xingrg/index.html?sysBaseUrl=http%3A%2F%2F180.169.147.146%3A18081%2Fxingrg%2F&costTime=960×tamp=1682901937866 HTTP/1.1" 200 17179
218.81.73.202 - - [01/May/2023:08:45:38 +0800] "GET /favicon.ico HTTP/1.1" 404 -
218.81.73.202 - - [01/May/2023:08:45:38 +0800] "POST /xingrg/all/common/load_tree.html?tree=area_rest_tree_json&manage=1 HTTP/1.1" 200 476
218.81.73.202 - - [01/May/2023:08:45:38 +0800] "GET /xingrg/all/function/internal_message.html?_=1682901939834&CODE_STATE=count HTTP/1.1" 200 11
218.81.73.202 - - [01/May/2023:08:45:38 +0800] "GET /xingrg/check_reg.html?_=1682901939836 HTTP/1.1" 200 22
218.81.73.202 - - [01/May/2023:08:45:38 +0800] "POST /xingrg/load_menu.html HTTP/1.1" 200 5138
116.227.208.255 - - [01/May/2023:08:45:39 +0800] "GET /xingrg/check_reg.html?_=1682902001445 HTTP/1.1" 200 22
116.227.208.255 - - [01/May/2023:08:45:39 +0800] "GET /xingrg/all/function/internal_message.html?_=1682902001450&CODE_STATE=getMsg HTTP/1.1" 200 27
218.81.73.202 - - [01/May/2023:08:45:41 +0800] "GET /xingrg/kc/base/base_main.html HTTP/1.1" 200 12142
124.79.240.114 - - [01/May/2023:08:45:42 +0800] "GET /xingrg/check_reg.html?_=1682902216133 HTTP/1.1" 200 22
124.79.240.114 - - [01/May/2023:08:45:42 +0800] "GET /xingrg/all/function/internal_message.html?_=1682902216269&CODE_STATE=getMsg HTTP/1.1" 200 27
218.81.73.202 - - [01/May/2023:08:45:42 +0800] "GET /xingrg/kc/base/check_order_list.html HTTP/1.1" 200 16223
218.81.73.202 - - [01/May/2023:08:45:43 +0800] "POST /xingrg/kc/base/check_list_operate.html HTTP/1.1" 200 4528
116.238.139.35 - - [01/May/2023:08:45:44 +0800] "GET /xingrg/check_reg.html?_=1682901884801 HTTP/1.1" 200 22
116.238.139.35 - - [01/May/2023:08:45:44 +0800] "GET /xingrg/all/function/internal_message.html?_=1682901884926&CODE_STATE=getMsg HTTP/1.1" 200 27
180.171.122.0 - - [01/May/2023:08:45:46 +0800] "GET /xingrg/all/function/internal_message.html?_=1682901946278&CODE_STATE=getMsg HTTP/1.1" 200 27
180.171.122.0 - - [01/May/2023:08:45:47 +0800] "GET /xingrg/kc/buy/cgsh_order_operate.html?command=get_materiel&rest_code=00111&code=00101008199&supplier_code=00100005&order_time=2023-05-01 HTTP/1.1" 200 408
218.81.73.202 - - [01/May/2023:08:45:53 +0800] "POST /xingrg/all/user/operate.html HTTP/1.1" 200 36
218.81.73.202 - - [01/May/2023:08:45:53 +0800] "GET /xingrg/index.html?sysBaseUrl=http%3A%2F%2F180.169.147.146%3A18081%2Fxingrg%2F&costTime=960×tamp=1682901937866 HTTP/1.1" 200 17177
218.81.73.202 - - [01/May/2023:08:45:53 +0800] "GET /xingrg/javascript/jquery_easy_ui/themes/default/easyui.css HTTP/1.1" 304 -
218.81.73.202 - - [01/May/2023:08:45:53 +0800] "GET /xingrg/javascript/jquery_easy_ui/themes/icon.css HTTP/1.1" 304 -
218.81.73.202 - - [01/May/2023:08:45:53 +0800] "GET /xingrg/css/form.css HTTP/1.1" 304 -
218.81.73.202 - - [01/May/2023:08:45:53 +0800] "GET /xingrg/javascript/jquery.form.js HTTP/1.1" 304 -
218.81.73.202 - - [01/May/2023:08:45:53 +0800] "GET /xingrg/javascript/jquery.utils.js HTTP/1.1" 304 -
218.81.73.202 - - [01/May/2023:08:45:53 +0800] "GET /xingrg/javascript/jquery.timers.js HTTP/1.1" 304 -
218.81.73.202 - - [01/May/2023:08:45:53 +0800] "GET /xingrg/javascript/jquery-1.4.2.min.js HTTP/1.1" 304 -
218.81.73.202 - - [01/May/2023:08:45:53 +0800] "GET /xingrg/javascript/jquery_easy_ui/jquery.easyui.min.js HTTP/1.1" 304 -
218.81.73.202 - - [01/May/2023:08:45:53 +0800] "GET /xingrg/javascript/jquery_easy_ui/easyui-lang-zh_CN.js HTTP/1.1" 304 -
218.81.73.202 - - [01/May/2023:08:45:53 +0800] "GET /xingrg/images/blue/jxLogo.png HTTP/1.1" 304 -
218.81.73.202 - - [01/May/2023:08:45:54 +0800] "GET /xingrg/images/blue/navBackgound.jpg HTTP/1.1" 304 -
218.81.73.202 - - [01/May/2023:08:45:54 +0800] "GET /xingrg/javascript/jquery_easy_ui/themes/icons/settle_new.png HTTP/1.1" 304 -
218.81.73.202 - - [01/May/2023:08:45:54 +0800] "GET /xingrg/all/function/internal_message.html?_=1682901955588&CODE_STATE=count HTTP/1.1" 200 11
218.81.73.202 - - [01/May/2023:08:45:54 +0800] "GET /xingrg/check_reg.html?_=1682901955590 HTTP/1.1" 200 22
218.81.73.202 - - [01/May/2023:08:45:54 +0800] "GET /xingrg/javascript/jquery_easy_ui/themes/default/images/tabs_leftarrow.png HTTP/1.1" 304 -
218.81.73.202 - - [01/May/2023:08:45:54 +0800] "GET /xingrg/javascript/jquery_easy_ui/themes/default/images/tabs_rightarrow.png HTTP/1.1" 304 -
218.81.73.202 - - [01/May/2023:08:45:54 +0800] "GET /xingrg/images/blue/pingpu.png HTTP/1.1" 304 -
218.81.73.202 - - [01/May/2023:08:45:54 +0800] "GET /xingrg/javascript/jquery_easy_ui/themes/default/images/panel_tool_collapse.gif HTTP/1.1" 304 -
218.81.73.202 - - [01/May/2023:08:45:54 +0800] "POST /xingrg/all/common/load_tree.html?tree=area_rest_tree_json&manage=1 HTTP/1.1" 200 476
218.81.73.202 - - [01/May/2023:08:45:54 +0800] "POST /xingrg/load_menu.html HTTP/1.1" 200 5138
218.81.73.202 - - [01/May/2023:08:45:55 +0800] "GET /xingrg/kc/base/base_main.html HTTP/1.1" 200 12142
218.81.73.202 - - [01/May/2023:08:45:56 +0800] "GET /xingrg/kc/base/check_order_list.html HTTP/1.1" 200 16221
116.238.139.35 - - [01/May/2023:08:45:57 +0800] "GET /xingrg/all/function/internal_message.html?_=1682901956568&CODE_STATE=getMsg HTTP/1.1" 302 -
116.238.139.35 - - [01/May/2023:08:45:57 +0800] "GET /xingrg/check_reg.html?_=1682901956569 HTTP/1.1" 302 -
218.81.73.202 - - [01/May/2023:08:45:57 +0800] "POST /xingrg/kc/base/check_list_operate.html HTTP/1.1" 200 1887
218.81.73.202 - - [01/May/2023:08:45:59 +0800] "GET /xingrg/kc/base/check_order_info.html?code=452023043000559 HTTP/1.1" 200 25212
218.81.73.202 - - [01/May/2023:08:45:59 +0800] "GET /xingrg/dwr/interface/AjaxComOrderService.js HTTP/1.1" 200 18264
218.81.73.202 - - [01/May/2023:08:45:59 +0800] "GET /xingrg/dwr/interface/AjaxCheckService.js HTTP/1.1" 200 14003
218.81.73.202 - - [01/May/2023:08:45:59 +0800] "GET /xingrg/dwr/engine.js HTTP/1.1" 200 43631
124.79.240.114 - - [01/May/2023:08:46:00 +0800] "GET /xingrg/all/function/internal_message.html?_=1682901959022&CODE_STATE=getMsg HTTP/1.1" 302 -
218.81.73.202 - - [01/May/2023:08:46:00 +0800] "POST /xingrg/dwr/call/plaincall/AjaxCheckService.loadOrderItems.dwr HTTP/1.1" 200 152616
58.39.109.224 - - [01/May/2023:08:46:01 +0800] "GET /xingrg/all/function/internal_message.html?_=1682901963390&CODE_STATE=getMsg HTTP/1.1" 200 27
218.81.73.202 - - [01/May/2023:08:46:06 +0800] "GET /xingrg/kc/print/load_config.html?_=1682901968050&kc_code=check HTTP/1.1" 200 2488
218.81.73.202 - - [01/May/2023:08:46:07 +0800] "GET /xingrg/kc/print/load_data.html?_=1682901968204&order_code=452023043000559&kc_code=check HTTP/1.1" 200 39906
124.77.244.62 - - [01/May/2023:08:46:12 +0800] "GET /xingrg/all/function/internal_message.html?_=1682901973709&CODE_STATE=getMsg HTTP/1.1" 200 27
116.227.208.255 - - [01/May/2023:08:46:21 +0800] "POST /xingrg/kc/buy/cgsh_order_operate.html HTTP/1.1" 200 37
180.171.122.0 - - [01/May/2023:08:46:21 +0800] "GET /xingrg/kc/buy/cgsh_order_operate.html?command=get_materiel&rest_code=00111&code=00101008210&supplier_code=00100005&order_time=2023-05-01 HTTP/1.1" 200 408
116.227.208.255 - - [01/May/2023:08:46:23 +0800] "POST /xingrg/kc/buy/cgsh_order_operate.html HTTP/1.1" 200 3908
116.227.208.255 - - [01/May/2023:08:46:24 +0800] "GET /xingrg/kc/print/load_config.html?kc_code=cgsh HTTP/1.1" 200 1925
116.227.208.255 - - [01/May/2023:08:46:25 +0800] "GET /xingrg/kc/print/load_data.html?order_code=212023050100007&kc_code=cgsh&condition= HTTP/1.1" 200 1194
116.238.139.35 - - [01/May/2023:08:46:31 +0800] "POST /xingrg/dwr/call/plaincall/AjaxCheckService.setItemNumber.dwr HTTP/1.1" 200 77
180.171.122.0 - - [01/May/2023:08:46:32 +0800] "GET /xingrg/kc/buy/cgsh_order_operate.html?command=get_materiel&rest_code=00111&code=00101008321&supplier_code=00100005&order_time=2023-05-01 HTTP/1.1" 200 412
116.238.139.35 - - [01/May/2023:08:46:32 +0800] "POST /xingrg/dwr/call/plaincall/AjaxCheckService.setItemNumber.dwr HTTP/1.1" 200 77
120.253.135.82 - - [01/May/2023:08:46:33 +0800] "GET /xingrg/check_reg.html?_=1682901830841 HTTP/1.1" 200 22
120.253.135.82 - - [01/May/2023:08:46:35 +0800] "GET /xingrg/all/function/internal_message.html?_=1682901833103&CODE_STATE=getMsg HTTP/1.1" 200 27
116.238.139.35 - - [01/May/2023:08:46:37 +0800] "POST /xingrg/dwr/call/plaincall/AjaxCheckService.setItemNumber.dwr HTTP/1.1" 200 77
116.227.208.255 - - [01/May/2023:08:46:38 +0800] "GET /xingrg/kc/buy/cgsh_order_add.html HTTP/1.1" 200 71114
116.227.208.255 - - [01/May/2023:08:46:39 +0800] "POST /xingrg/kc/buy/cgsh_order_operate.html HTTP/1.1" 200 8245
116.227.208.255 - - [01/May/2023:08:46:39 +0800] "GET /xingrg/javascript/easyui/themes/default/validatebox.css HTTP/1.1" 404 1104
116.227.208.255 - - [01/May/2023:08:46:39 +0800] "GET /xingrg/all/function/internal_message.html?_=1682902061450&CODE_STATE=getMsg HTTP/1.1" 200 27
116.238.139.35 - - [01/May/2023:08:46:40 +0800] "POST /xingrg/dwr/call/plaincall/AjaxCheckService.setItemNumber.dwr HTTP/1.1" 200 77
116.238.139.35 - - [01/May/2023:08:46:41 +0800] "POST /xingrg/dwr/call/plaincall/AjaxCheckService.setItemNumber.dwr HTTP/1.1" 200 77
116.238.139.35 - - [01/May/2023:08:46:42 +0800] "POST /xingrg/dwr/call/plaincall/AjaxCheckService.setItemNumber.dwr HTTP/1.1" 200 77
124.79.240.114 - - [01/May/2023:08:46:42 +0800] "GET /xingrg/all/function/internal_message.html?_=1682902276249&CODE_STATE=getMsg HTTP/1.1" 200 27
116.238.139.35 - - [01/May/2023:08:46:44 +0800] "POST /xingrg/dwr/call/plaincall/AjaxCheckService.setItemNumber.dwr HTTP/1.1" 200 77
116.238.139.35 - - [01/May/2023:08:46:44 +0800] "GET /xingrg/all/function/internal_message.html?_=1682901944939&CODE_STATE=getMsg HTTP/1.1" 200 27
180.171.122.0 - - [01/May/2023:08:46:46 +0800] "GET /xingrg/all/function/internal_message.html?_=1682902006283&CODE_STATE=getMsg HTTP/1.1" 200 27
116.224.120.182 - - [01/May/2023:08:46:49 +0800] "POST /xingrg/services/DataTransmitService HTTP/1.1" 200 524
180.171.122.0 - - [01/May/2023:08:46:51 +0800] "GET /xingrg/kc/buy/cgsh_order_operate.html?command=get_materiel&rest_code=00111&code=00101008005&supplier_code=00100005&order_time=2023-05-01 HTTP/1.1" 200 412
116.238.139.35 - - [01/May/2023:08:46:54 +0800] "POST /xingrg/dwr/call/plaincall/AjaxCheckService.setItemNumber.dwr HTTP/1.1" 200 77
116.238.139.35 - - [01/May/2023:08:46:56 +0800] "POST /xingrg/dwr/call/plaincall/AjaxCheckService.setItemNumber.dwr HTTP/1.1" 200 77
116.238.139.35 - - [01/May/2023:08:46:57 +0800] "GET /xingrg/all/function/internal_message.html?_=1682902016556&CODE_STATE=getMsg HTTP/1.1" 302 -
116.238.139.35 - - [01/May/2023:08:46:58 +0800] "GET /xingrg/kc/buy/cgsh_order_list.html HTTP/1.1" 302 -
116.238.139.35 - - [01/May/2023:08:46:58 +0800] "GET /xingrg/login.html HTTP/1.1" 200 7641
116.238.139.35 - - [01/May/2023:08:46:58 +0800] "GET /xingrg/login.html HTTP/1.1" 200 7641
116.238.139.35 - - [01/May/2023:08:46:58 +0800] "GET /favicon.ico HTTP/1.1" 404 -
124.79.240.114 - - [01/May/2023:08:47:00 +0800] "GET /xingrg/check_reg.html?_=1682902019010 HTTP/1.1" 302 -
124.79.240.114 - - [01/May/2023:08:47:00 +0800] "GET /xingrg/all/function/internal_message.html?_=1682902019016&CODE_STATE=getMsg HTTP/1.1" 302 -
116.238.139.35 - - [01/May/2023:08:47:01 +0800] "POST /xingrg/login.do HTTP/1.1" 302 -
116.238.139.35 - - [01/May/2023:08:47:01 +0800] "GET /xingrg/index.html?sysBaseUrl=http%3A%2F%2F180.169.147.146%3A18081%2Fxingrg%2F&costTime=1042×tamp=1682902021148 HTTP/1.1" 200 17177
58.39.109.224 - - [01/May/2023:08:47:01 +0800] "GET /xingrg/all/function/internal_message.html?_=1682902023382&CODE_STATE=getMsg HTTP/1.1" 200 27
116.238.139.35 - - [01/May/2023:08:47:01 +0800] "GET /xingrg/check_reg.html?_=1682902021034 HTTP/1.1" 200 22
116.238.139.35 - - [01/May/2023:08:47:01 +0800] "GET /favicon.ico HTTP/1.1" 404 -
116.238.139.35 - - [01/May/2023:08:47:01 +0800] "POST /xingrg/all/common/load_tree.html?tree=area_rest_tree_json&manage=1 HTTP/1.1" 200 476
116.238.139.35 - - [01/May/2023:08:47:01 +0800] "GET /xingrg/all/function/internal_message.html?_=1682902021033&CODE_STATE=count HTTP/1.1" 200 11
116.238.139.35 - - [01/May/2023:08:47:01 +0800] "POST /xingrg/load_menu.html HTTP/1.1" 200 5138
116.238.139.35 - - [01/May/2023:08:47:03 +0800] "POST /xingrg/dwr/call/plaincall/AjaxCheckService.setItemNumber.dwr HTTP/1.1" 200 77
58.221.95.50 - - [01/May/2023:08:47:05 +0800] "GET /xingrg/check_reg.html?_=1682902026288 HTTP/1.1" 302 -
116.238.139.35 - - [01/May/2023:08:47:05 +0800] "POST /xingrg/all/user/operate.html HTTP/1.1" 200 36
116.238.139.35 - - [01/May/2023:08:47:05 +0800] "GET /xingrg/index.html?sysBaseUrl=http%3A%2F%2F180.169.147.146%3A18081%2Fxingrg%2F&costTime=1042×tamp=1682902021148 HTTP/1.1" 200 17179
116.238.139.35 - - [01/May/2023:08:47:05 +0800] "GET /xingrg/javascript/jquery_easy_ui/themes/default/easyui.css HTTP/1.1" 304 -
116.238.139.35 - - [01/May/2023:08:47:05 +0800] "GET /xingrg/javascript/jquery_easy_ui/themes/icon.css HTTP/1.1" 304 -
116.238.139.35 - - [01/May/2023:08:47:05 +0800] "GET /xingrg/css/form.css HTTP/1.1" 304 -
116.238.139.35 - - [01/May/2023:08:47:05 +0800] "GET /xingrg/javascript/jquery-1.4.2.min.js HTTP/1.1" 304 -
116.238.139.35 - - [01/May/2023:08:47:05 +0800] "GET /xingrg/javascript/jquery_easy_ui/jquery.easyui.min.js HTTP/1.1" 304 -
116.238.139.35 - - [01/May/2023:08:47:05 +0800] "GET /xingrg/javascript/jquery_easy_ui/easyui-lang-zh_CN.js HTTP/1.1" 304 -
116.238.139.35 - - [01/May/2023:08:47:05 +0800] "GET /xingrg/javascript/jquery.form.js HTTP/1.1" 304 -
116.238.139.35 - - [01/May/2023:08:47:05 +0800] "GET /xingrg/javascript/jquery.utils.js HTTP/1.1" 304 -
116.238.139.35 - - [01/May/2023:08:47:05 +0800] "GET /xingrg/javascript/jquery.timers.js HTTP/1.1" 304 -
116.238.139.35 - - [01/May/2023:08:47:05 +0800] "GET /xingrg/images/blue/jxLogo.png HTTP/1.1" 304 -
116.238.139.35 - - [01/May/2023:08:47:05 +0800] "GET /xingrg/images/blue/navBackgound.jpg HTTP/1.1" 304 -
116.238.139.35 - - [01/May/2023:08:47:05 +0800] "GET /xingrg/javascript/jquery_easy_ui/themes/icons/settle_new.png HTTP/1.1" 304 -
116.238.139.35 - - [01/May/2023:08:47:05 +0800] "GET /xingrg/all/function/internal_message.html?_=1682902025319&CODE_STATE=count HTTP/1.1" 200 11
116.238.139.35 - - [01/May/2023:08:47:05 +0800] "GET /xingrg/javascript/jquery_easy_ui/themes/default/images/tabs_leftarrow.png HTTP/1.1" 304 -
116.238.139.35 - - [01/May/2023:08:47:05 +0800] "GET /xingrg/check_reg.html?_=1682902025320 HTTP/1.1" 200 22
116.238.139.35 - - [01/May/2023:08:47:05 +0800] "GET /xingrg/javascript/jquery_easy_ui/themes/default/images/panel_tool_collapse.gif HTTP/1.1" 304 -
116.238.139.35 - - [01/May/2023:08:47:05 +0800] "GET /xingrg/javascript/jquery_easy_ui/themes/default/images/tabs_rightarrow.png HTTP/1.1" 304 -
116.238.139.35 - - [01/May/2023:08:47:05 +0800] "GET /xingrg/images/blue/pingpu.png HTTP/1.1" 304 -
116.238.139.35 - - [01/May/2023:08:47:05 +0800] "POST /xingrg/all/common/load_tree.html?tree=area_rest_tree_json&manage=1 HTTP/1.1" 200 476
116.238.139.35 - - [01/May/2023:08:47:05 +0800] "POST /xingrg/load_menu.html HTTP/1.1" 200 5138
116.238.139.35 - - [01/May/2023:08:47:06 +0800] "POST /xingrg/dwr/call/plaincall/AjaxCheckService.setItemNumber.dwr HTTP/1.1" 200 77
116.238.139.35 - - [01/May/2023:08:47:08 +0800] "GET /xingrg/kc/buy/cgsh_order_list.html HTTP/1.1" 200 55291
116.238.139.35 - - [01/May/2023:08:47:08 +0800] "POST /xingrg/dwr/call/plaincall/AjaxCheckService.setItemNumber.dwr HTTP/1.1" 200 77
116.238.139.35 - - [01/May/2023:08:47:10 +0800] "POST /xingrg/kc/buy/cgsh_list_operate.html HTTP/1.1" 200 986
116.238.139.35 - - [01/May/2023:08:47:10 +0800] "POST /xingrg/dwr/call/plaincall/AjaxCheckService.setItemNumber.dwr HTTP/1.1" 200 77
124.77.244.62 - - [01/May/2023:08:47:12 +0800] "GET /xingrg/all/function/internal_message.html?_=1682902033728&CODE_STATE=getMsg HTTP/1.1" 200 27
116.238.139.35 - - [01/May/2023:08:47:12 +0800] "POST /xingrg/dwr/call/plaincall/AjaxCheckService.setItemNumber.dwr HTTP/1.1" 200 77
180.171.122.0 - - [01/May/2023:08:47:12 +0800] "GET /xingrg/kc/buy/cgsh_order_operate.html?command=get_materiel&rest_code=00111&code=00101008355&supplier_code=00100005&order_time=2023-05-01 HTTP/1.1" 200 408
116.238.139.35 - - [01/May/2023:08:47:13 +0800] "GET /xingrg/kc/buy/cgsh_order_add.html HTTP/1.1" 200 71111
116.238.139.35 - - [01/May/2023:08:47:13 +0800] "GET /xingrg/words/20230430132105_words.js HTTP/1.1" 304 -
116.238.139.35 - - [01/May/2023:08:47:13 +0800] "POST /xingrg/dwr/call/plaincall/AjaxCheckService.setItemNumber.dwr HTTP/1.1" 200 77
116.238.139.35 - - [01/May/2023:08:47:13 +0800] "POST /xingrg/kc/buy/cgsh_order_operate.html HTTP/1.1" 200 8245
116.238.139.35 - - [01/May/2023:08:47:13 +0800] "GET /xingrg/javascript/easyui/themes/default/validatebox.css HTTP/1.1" 404 1104
116.238.139.35 - - [01/May/2023:08:47:13 +0800] "GET /xingrg/all/common/auto_word.html?type=employee&rest_code=00150 HTTP/1.1" 200 159
116.238.139.35 - - [01/May/2023:08:47:13 +0800] "GET /xingrg/all/common/auto_word.html?type=employee&rest_code=00150 HTTP/1.1" 200 159
116.238.139.35 - - [01/May/2023:08:47:15 +0800] "GET /xingrg/javascript/auto/indicator.gif HTTP/1.1" 404 1066
116.238.139.35 - - [01/May/2023:08:47:23 +0800] "POST /xingrg/dwr/call/plaincall/AjaxCheckService.setItemNumber.dwr HTTP/1.1" 200 77
180.171.122.0 - - [01/May/2023:08:47:24 +0800] "GET /xingrg/kc/buy/cgsh_order_operate.html?command=get_materiel&rest_code=00111&code=00101008261&supplier_code=00100005&order_time=2023-05-01 HTTP/1.1" 200 408
116.238.139.35 - - [01/May/2023:08:47:25 +0800] "GET /xingrg/kc/buy/cgsh_order_operate.html?command=get_materiel&rest_code=00150&code=00101008091&supplier_code=00100008&order_time=2023-05-01 HTTP/1.1" 200 412
116.238.139.35 - - [01/May/2023:08:47:34 +0800] "POST /xingrg/dwr/call/plaincall/AjaxCheckService.setItemNumber.dwr HTTP/1.1" 200 77
116.238.139.35 - - [01/May/2023:08:47:34 +0800] "GET /xingrg/kc/buy/cgsh_order_operate.html?command=get_materiel&rest_code=00150&code=00101008261&supplier_code=00100008&order_time=2023-05-01 HTTP/1.1" 200 408
218.81.73.202 - - [01/May/2023:08:47:34 +0800] "GET /xingrg/all/function/internal_message.html?_=1682902055896&CODE_STATE=getMsg HTTP/1.1" 200 27
116.238.139.35 - - [01/May/2023:08:47:35 +0800] "GET /xingrg/javascript/jquery_easy_ui/themes/default/images/button_plain_hover.png HTTP/1.1" 304 -
116.238.139.35 - - [01/May/2023:08:47:35 +0800] "GET /xingrg/javascript/jquery_easy_ui/themes/default/images/button_plain_hover.png HTTP/1.1" 304 -
120.253.135.82 - - [01/May/2023:08:47:35 +0800] "GET /xingrg/all/function/internal_message.html?_=1682901893120&CODE_STATE=getMsg HTTP/1.1" 200 27
116.227.208.255 - - [01/May/2023:08:47:39 +0800] "GET /xingrg/all/function/internal_message.html?_=1682902121451&CODE_STATE=getMsg HTTP/1.1" 200 27
180.171.122.0 - - [01/May/2023:08:47:41 +0800] "GET /xingrg/kc/buy/cgsh_order_operate.html?command=get_materiel&rest_code=00111&code=00101008379&supplier_code=00100005&order_time=2023-05-01 HTTP/1.1" 200 408
124.79.240.114 - - [01/May/2023:08:47:42 +0800] "GET /xingrg/all/function/internal_message.html?_=1682902336228&CODE_STATE=getMsg HTTP/1.1" 200 27
116.238.139.35 - - [01/May/2023:08:47:44 +0800] "GET /xingrg/all/function/internal_message.html?_=1682902004953&CODE_STATE=getMsg HTTP/1.1" 200 27
116.238.139.35 - - [01/May/2023:08:47:45 +0800] "GET /xingrg/kc/buy/cgsh_order_operate.html?command=get_materiel&rest_code=00150&code=00101008210&supplier_code=00100008&order_time=2023-05-01 HTTP/1.1" 200 408
180.171.122.0 - - [01/May/2023:08:47:46 +0800] "GET /xingrg/all/function/internal_message.html?_=1682902066282&CODE_STATE=getMsg HTTP/1.1" 200 27
116.238.139.35 - - [01/May/2023:08:47:49 +0800] "POST /xingrg/dwr/call/plaincall/AjaxCheckService.checkOrder.dwr HTTP/1.1" 200 79
116.238.139.35 - - [01/May/2023:08:47:50 +0800] "GET /xingrg/kc/base/check_order_info.html?code=452023043000477 HTTP/1.1" 200 22876
116.238.139.35 - - [01/May/2023:08:47:50 +0800] "GET /xingrg/dwr/interface/AjaxComOrderService.js HTTP/1.1" 200 18264
116.238.139.35 - - [01/May/2023:08:47:50 +0800] "GET /xingrg/dwr/interface/AjaxCheckService.js HTTP/1.1" 200 14003
116.238.139.35 - - [01/May/2023:08:47:50 +0800] "GET /xingrg/dwr/engine.js HTTP/1.1" 200 43631
116.238.139.35 - - [01/May/2023:08:47:51 +0800] "GET /xingrg/javascript/jquery_easy_ui/themes/icons/exam_new.png HTTP/1.1" 304 -
116.238.139.35 - - [01/May/2023:08:47:51 +0800] "POST /xingrg/dwr/call/plaincall/AjaxCheckService.loadOrderItems.dwr HTTP/1.1" 200 24331
116.238.139.35 - - [01/May/2023:08:47:54 +0800] "GET /xingrg/kc/base/check_order_list.html?isBack=1 HTTP/1.1" 200 16223
116.238.139.35 - - [01/May/2023:08:47:54 +0800] "POST /xingrg/kc/base/check_list_operate.html HTTP/1.1" 200 2961
116.238.139.35 - - [01/May/2023:08:47:58 +0800] "GET /xingrg/kc/base/check_order_info.html?code=452023043000493 HTTP/1.1" 200 26490
116.238.139.35 - - [01/May/2023:08:47:58 +0800] "GET /xingrg/dwr/interface/AjaxCheckService.js HTTP/1.1" 200 14003
116.238.139.35 - - [01/May/2023:08:47:58 +0800] "GET /xingrg/dwr/interface/AjaxComOrderService.js HTTP/1.1" 200 18264
116.238.139.35 - - [01/May/2023:08:47:58 +0800] "GET /xingrg/dwr/engine.js HTTP/1.1" 200 43631
180.171.122.0 - - [01/May/2023:08:47:58 +0800] "GET /xingrg/kc/buy/cgsh_order_operate.html?command=get_materiel&rest_code=00111&code=00101008361&supplier_code=00100005&order_time=2023-05-01 HTTP/1.1" 200 408
116.238.139.35 - - [01/May/2023:08:47:59 +0800] "GET /xingrg/kc/buy/cgsh_order_operate.html?command=get_materiel&rest_code=00150&code=00101008257&supplier_code=00100008&order_time=2023-05-01 HTTP/1.1" 200 416
116.238.139.35 - - [01/May/2023:08:47:59 +0800] "POST /xingrg/dwr/call/plaincall/AjaxCheckService.loadOrderItems.dwr HTTP/1.1" 200 11726
124.79.240.114 - - [01/May/2023:08:48:00 +0800] "GET /xingrg/all/function/internal_message.html?_=1682902079012&CODE_STATE=getMsg HTTP/1.1" 302 -
58.39.109.224 - - [01/May/2023:08:48:01 +0800] "GET /xingrg/all/function/internal_message.html?_=1682902083389&CODE_STATE=getMsg HTTP/1.1" 200 27
116.238.139.35 - - [01/May/2023:08:48:03 +0800] "POST /xingrg/dwr/call/plaincall/AjaxCheckService.setItemNumber.dwr HTTP/1.1" 200 76
116.238.139.35 - - [01/May/2023:08:48:04 +0800] "POST /xingrg/dwr/call/plaincall/AjaxCheckService.setItemNumber.dwr HTTP/1.1" 200 76
116.238.139.35 - - [01/May/2023:08:48:05 +0800] "POST /xingrg/dwr/call/plaincall/AjaxCheckService.setItemNumber.dwr HTTP/1.1" 200 76
116.238.139.35 - - [01/May/2023:08:48:05 +0800] "GET /xingrg/all/function/internal_message.html?_=1682902085337&CODE_STATE=getMsg HTTP/1.1" 200 27
124.77.244.62 - - [01/May/2023:08:48:05 +0800] "GET /xingrg/check_reg.html?_=1682902087230 HTTP/1.1" 200 22
116.238.139.35 - - [01/May/2023:08:48:06 +0800] "POST /xingrg/dwr/call/plaincall/AjaxCheckService.setItemNumber.dwr HTTP/1.1" 200 76
116.238.139.35 - - [01/May/2023:08:48:07 +0800] "GET /xingrg/kc/buy/cgsh_order_operate.html?command=get_materiel&rest_code=00150&code=00101008080&supplier_code=00100008&order_time=2023-05-01 HTTP/1.1" 200 416
116.238.139.35 - - [01/May/2023:08:48:07 +0800] "POST /xingrg/dwr/call/plaincall/AjaxCheckService.setItemNumber.dwr HTTP/1.1" 200 76
116.238.139.35 - - [01/May/2023:08:48:11 +0800] "POST /xingrg/dwr/call/plaincall/AjaxCheckService.setItemNumber.dwr HTTP/1.1" 200 76
180.171.122.0 - - [01/May/2023:08:48:11 +0800] "GET /xingrg/kc/buy/cgsh_order_operate.html?command=get_materiel&rest_code=00111&code=00101008059&supplier_code=00100005&order_time=2023-05-01 HTTP/1.1" 200 408
124.77.244.62 - - [01/May/2023:08:48:12 +0800] "GET /xingrg/all/function/internal_message.html?_=1682902093735&CODE_STATE=getMsg HTTP/1.1" 200 27
116.238.139.35 - - [01/May/2023:08:48:15 +0800] "GET /xingrg/kc/buy/cgsh_order_operate.html?command=get_materiel&rest_code=00150&code=00101008331&supplier_code=00100008&order_time=2023-05-01 HTTP/1.1" 200 416
116.238.139.35 - - [01/May/2023:08:48:18 +0800] "POST /xingrg/dwr/call/plaincall/AjaxCheckService.setItemNumber.dwr HTTP/1.1" 200 76
116.238.139.35 - - [01/May/2023:08:48:20 +0800] "POST /xingrg/dwr/call/plaincall/AjaxCheckService.setItemNumber.dwr HTTP/1.1" 200 76
116.238.139.35 - - [01/May/2023:08:48:25 +0800] "GET /xingrg/kc/buy/cgsh_order_operate.html?command=get_materiel&rest_code=00150&code=00101008185&supplier_code=00100008&order_time=2023-05-01 HTTP/1.1" 200 408
180.171.122.0 - - [01/May/2023:08:48:27 +0800] "GET /xingrg/kc/buy/cgsh_order_operate.html?command=get_materiel&rest_code=00111&code=00101008352&supplier_code=00100005&order_time=2023-05-01 HTTP/1.1" 200 412
116.238.139.35 - - [01/May/2023:08:48:27 +0800] "POST /xingrg/dwr/call/plaincall/AjaxCheckService.setItemNumber.dwr HTTP/1.1" 200 76
218.81.73.202 - - [01/May/2023:08:48:34 +0800] "GET /xingrg/all/function/internal_message.html?_=1682902115866&CODE_STATE=getMsg HTTP/1.1" 200 27
116.238.139.35 - - [01/May/2023:08:48:34 +0800] "GET /xingrg/kc/buy/cgsh_order_operate.html?command=get_materiel&rest_code=00150&code=00101008612&supplier_code=00100008&order_time=2023-05-01 HTTP/1.1" 200 420
120.253.135.82 - - [01/May/2023:08:48:35 +0800] "GET /xingrg/all/function/internal_message.html?_=1682901953131&CODE_STATE=getMsg HTTP/1.1" 200 27
116.227.208.255 - - [01/May/2023:08:48:39 +0800] "GET /xingrg/all/function/internal_message.html?_=1682902181448&CODE_STATE=getMsg HTTP/1.1" 200 27
