180.169.147.146 - - [01/May/2023:09:22:18 +0800] "GET /xingrg/javascript/easyui/themes/default/validatebox.css HTTP/1.1" 404 1104
180.169.147.146 - - [01/May/2023:09:22:19 +0800] "POST /xingrg/kc/buy/cgsh_order_operate.html HTTP/1.1" 200 1797
114.83.217.213 - - [01/May/2023:09:22:20 +0800] "POST /xingrg/dwr/call/plaincall/AjaxCheckService.setItemNumber.dwr HTTP/1.1" 200 77
114.83.217.213 - - [01/May/2023:09:22:20 +0800] "POST /xingrg/dwr/call/plaincall/AjaxCheckService.setItemNumber.dwr HTTP/1.1" 200 77
114.83.217.213 - - [01/May/2023:09:22:20 +0800] "GET /xingrg/all/function/internal_message.html?_=1682904140683&CODE_STATE=getMsg HTTP/1.1" 200 27
114.83.217.213 - - [01/May/2023:09:22:21 +0800] "POST /xingrg/dwr/call/plaincall/AjaxCheckService.setItemNumber.dwr HTTP/1.1" 200 77
116.238.139.35 - - [01/May/2023:09:22:25 +0800] "GET /xingrg/all/function/internal_message.html?_=1682904145083&CODE_STATE=getMsg HTTP/1.1" 200 27
124.78.159.54 - - [01/May/2023:09:22:28 +0800] "POST /xingrg/kc/buy/cgsh_order_operate.html HTTP/1.1" 200 37
116.224.158.100 - - [01/May/2023:09:22:29 +0800] "GET /xingrg/all/function/internal_message.html?_=1682904149544&CODE_STATE=getMsg HTTP/1.1" 200 27
114.83.217.213 - - [01/May/2023:09:22:33 +0800] "POST /xingrg/dwr/call/plaincall/AjaxCheckService.setItemNumber.dwr HTTP/1.1" 200 77
180.169.147.146 - - [01/May/2023:09:22:34 +0800] "GET /xingrg/kc/buy/cgsh_order_info.html?isLook=1&code=212023042308310 HTTP/1.1" 200 66266
180.169.147.146 - - [01/May/2023:09:22:35 +0800] "GET /favicon.ico HTTP/1.1" 404 -
180.169.147.146 - - [01/May/2023:09:22:35 +0800] "GET /xingrg/javascript/easyui/themes/default/validatebox.css HTTP/1.1" 404 1104
180.169.147.146 - - [01/May/2023:09:22:36 +0800] "POST /xingrg/kc/buy/cgsh_order_operate.html HTTP/1.1" 200 2388
120.253.135.82 - - [01/May/2023:09:22:37 +0800] "GET /xingrg/all/function/internal_message.html?_=1682903994217&CODE_STATE=getMsg HTTP/1.1" 200 27
116.227.208.255 - - [01/May/2023:09:22:39 +0800] "GET /xingrg/all/function/internal_message.html?_=1682904221440&CODE_STATE=getMsg HTTP/1.1" 200 27
114.83.217.213 - - [01/May/2023:09:22:41 +0800] "POST /xingrg/dwr/call/plaincall/AjaxCheckService.setItemRemark.dwr HTTP/1.1" 200 77
116.227.208.255 - - [01/May/2023:09:22:42 +0800] "POST /xingrg/kc/buy/cgsh_list_operate.html HTTP/1.1" 200 6205
124.79.240.114 - - [01/May/2023:09:22:42 +0800] "GET /xingrg/all/function/internal_message.html?_=1682904436157&CODE_STATE=getMsg HTTP/1.1" 200 27
180.169.147.146 - - [01/May/2023:09:22:43 +0800] "GET /xingrg/kc/buy/cgsh_order_info.html?isLook=1&code=212023042207680 HTTP/1.1" 200 66307
180.169.147.146 - - [01/May/2023:09:22:43 +0800] "GET /favicon.ico HTTP/1.1" 404 -
180.169.147.146 - - [01/May/2023:09:22:43 +0800] "GET /xingrg/javascript/easyui/themes/default/validatebox.css HTTP/1.1" 404 1104
180.169.147.146 - - [01/May/2023:09:22:44 +0800] "POST /xingrg/kc/buy/cgsh_order_operate.html HTTP/1.1" 200 2989
116.227.208.255 - - [01/May/2023:09:22:48 +0800] "POST /xingrg/kc/buy/cgsh_list_operate.html HTTP/1.1" 200 8788
114.83.217.213 - - [01/May/2023:09:22:49 +0800] "POST /xingrg/dwr/call/plaincall/AjaxCheckService.setItemNumber.dwr HTTP/1.1" 200 77
180.171.122.0 - - [01/May/2023:09:22:50 +0800] "GET /xingrg/all/function/internal_message.html?_=1682904381098&CODE_STATE=getMsg HTTP/1.1" 200 27
116.227.208.255 - - [01/May/2023:09:22:50 +0800] "POST /xingrg/kc/buy/cgsh_list_operate.html HTTP/1.1" 200 507
180.171.122.0 - - [01/May/2023:09:22:51 +0800] "GET /xingrg/all/function/internal_message.html?_=1682904171104&CODE_STATE=getMsg HTTP/1.1" 200 27
124.79.240.114 - - [01/May/2023:09:22:52 +0800] "POST /xingrg/dwr/call/plaincall/AjaxCheckService.setItemNumber.dwr HTTP/1.1" 200 76
116.227.208.255 - - [01/May/2023:09:22:52 +0800] "GET /xingrg/kc/buy/cgsh_order_info.html?code=212023043011015 HTTP/1.1" 200 66021
116.227.208.255 - - [01/May/2023:09:22:53 +0800] "GET /xingrg/javascript/easyui/themes/default/validatebox.css HTTP/1.1" 404 1104
124.79.240.114 - - [01/May/2023:09:22:54 +0800] "POST /xingrg/dwr/call/plaincall/AjaxCheckService.setItemNumber.dwr HTTP/1.1" 200 76
116.227.208.255 - - [01/May/2023:09:22:54 +0800] "POST /xingrg/kc/buy/cgsh_order_operate.html HTTP/1.1" 200 2981
116.227.208.255 - - [01/May/2023:09:22:54 +0800] "POST /xingrg/kc/buy/cgsh_list_operate.html HTTP/1.1" 200 8788
116.238.139.35 - - [01/May/2023:09:22:56 +0800] "GET /xingrg/check_reg.html?_=1682904116787 HTTP/1.1" 200 22
116.227.208.255 - - [01/May/2023:09:22:56 +0800] "GET /xingrg/kc/print/load_data.html?order_code=212023043011015&kc_code=cgsh HTTP/1.1" 200 1657
116.238.139.35 - - [01/May/2023:09:22:56 +0800] "GET /xingrg/all/function/internal_message.html?_=1682904117472&CODE_STATE=getMsg HTTP/1.1" 200 27
114.83.217.213 - - [01/May/2023:09:22:57 +0800] "POST /xingrg/dwr/call/plaincall/AjaxCheckService.setItemNumber.dwr HTTP/1.1" 200 77
124.79.240.114 - - [01/May/2023:09:22:58 +0800] "POST /xingrg/dwr/call/plaincall/AjaxCheckService.setItemNumber.dwr HTTP/1.1" 200 76
124.79.240.114 - - [01/May/2023:09:23:00 +0800] "GET /xingrg/all/function/internal_message.html?_=1682904179013&CODE_STATE=getMsg HTTP/1.1" 302 -
124.79.74.67 - - [01/May/2023:09:23:00 +0800] "GET /xingrg/all/function/internal_message.html?_=1682904182892&CODE_STATE=getMsg HTTP/1.1" 200 27
58.39.109.224 - - [01/May/2023:09:23:01 +0800] "GET /xingrg/all/function/internal_message.html?_=1682904183397&CODE_STATE=getMsg HTTP/1.1" 200 27
124.79.240.114 - - [01/May/2023:09:23:01 +0800] "POST /xingrg/dwr/call/plaincall/AjaxCheckService.setItemNumber.dwr HTTP/1.1" 200 76
114.83.217.213 - - [01/May/2023:09:23:02 +0800] "POST /xingrg/dwr/call/plaincall/AjaxCheckService.setItemRemark.dwr HTTP/1.1" 200 77
124.79.74.67 - - [01/May/2023:09:23:03 +0800] "GET /xingrg/kc/base/check_order_list.html?isBack=1 HTTP/1.1" 200 16223
124.79.74.67 - - [01/May/2023:09:23:03 +0800] "POST /xingrg/kc/base/check_list_operate.html HTTP/1.1" 200 4555
218.81.73.202 - - [01/May/2023:09:23:03 +0800] "GET /xingrg/all/function/internal_message.html?_=1682904184924&CODE_STATE=getMsg HTTP/1.1" 200 27
124.77.244.62 - - [01/May/2023:09:23:05 +0800] "GET /xingrg/check_reg.html?_=1682904187271 HTTP/1.1" 200 22
124.79.240.114 - - [01/May/2023:09:23:06 +0800] "POST /xingrg/dwr/call/plaincall/AjaxCheckService.setItemNumber.dwr HTTP/1.1" 200 77
120.253.135.82 - - [01/May/2023:09:23:09 +0800] "POST /xingrg/kc/buy/cgsh_order_operate.html HTTP/1.1" 200 37
114.83.217.213 - - [01/May/2023:09:23:09 +0800] "POST /xingrg/dwr/call/plaincall/AjaxCheckService.setItemNumber.dwr HTTP/1.1" 200 77
124.79.240.114 - - [01/May/2023:09:23:10 +0800] "POST /xingrg/dwr/call/plaincall/AjaxCheckService.setItemNumber.dwr HTTP/1.1" 200 77
114.83.217.213 - - [01/May/2023:09:23:11 +0800] "POST /xingrg/dwr/call/plaincall/AjaxCheckService.setItemNumber.dwr HTTP/1.1" 200 77
114.83.217.213 - - [01/May/2023:09:23:12 +0800] "POST /xingrg/dwr/call/plaincall/AjaxCheckService.setItemNumber.dwr HTTP/1.1" 200 77
124.77.244.62 - - [01/May/2023:09:23:12 +0800] "GET /xingrg/all/function/internal_message.html?_=1682904194212&CODE_STATE=getMsg HTTP/1.1" 200 27
114.83.217.213 - - [01/May/2023:09:23:13 +0800] "POST /xingrg/dwr/call/plaincall/AjaxCheckService.setItemNumber.dwr HTTP/1.1" 200 77
124.79.240.114 - - [01/May/2023:09:23:13 +0800] "POST /xingrg/dwr/call/plaincall/AjaxCheckService.setItemNumber.dwr HTTP/1.1" 200 77
114.83.217.213 - - [01/May/2023:09:23:13 +0800] "POST /xingrg/dwr/call/plaincall/AjaxCheckService.setItemNumber.dwr HTTP/1.1" 200 77
180.163.28.68 - - [01/May/2023:09:23:14 +0800] "GET /xingrg/kc/buy/cgsh_order_operate.html?command=get_materiel&rest_code=00106&code=00101008041&supplier_code=00100007&order_time=2023-05-01 HTTP/1.1" 302 -
180.163.28.68 - - [01/May/2023:09:23:14 +0800] "GET /xingrg/login.html HTTP/1.1" 200 7641
114.83.217.213 - - [01/May/2023:09:23:14 +0800] "POST /xingrg/dwr/call/plaincall/AjaxCheckService.setItemNumber.dwr HTTP/1.1" 200 77
180.169.147.146 - - [01/May/2023:09:23:14 +0800] "GET /xingrg/all/function/internal_message.html?_=1682904193763&CODE_STATE=getMsg HTTP/1.1" 200 27
116.224.158.100 - - [01/May/2023:09:23:14 +0800] "GET /xingrg/all/function/internal_message.html?_=1682904033405&CODE_STATE=getMsg HTTP/1.1" 200 27
114.83.217.213 - - [01/May/2023:09:23:14 +0800] "POST /xingrg/dwr/call/plaincall/AjaxCheckService.setItemNumber.dwr HTTP/1.1" 200 77
124.79.240.114 - - [01/May/2023:09:23:15 +0800] "POST /xingrg/dwr/call/plaincall/AjaxCheckService.setItemNumber.dwr HTTP/1.1" 200 77
116.227.208.255 - - [01/May/2023:09:23:16 +0800] "GET /xingrg/kc/buy/cgsh_order_list.html HTTP/1.1" 200 55291
116.227.208.255 - - [01/May/2023:09:23:17 +0800] "POST /xingrg/kc/buy/cgsh_list_operate.html HTTP/1.1" 200 6
114.83.217.213 - - [01/May/2023:09:23:18 +0800] "POST /xingrg/dwr/call/plaincall/AjaxCheckService.setItemNumber.dwr HTTP/1.1" 200 77
124.79.74.67 - - [01/May/2023:09:23:19 +0800] "GET /xingrg/kc/base/check_order_info.html?code=452023043000500 HTTP/1.1" 200 26478
124.79.74.67 - - [01/May/2023:09:23:19 +0800] "GET /xingrg/dwr/interface/AjaxComOrderService.js HTTP/1.1" 200 18264
124.79.74.67 - - [01/May/2023:09:23:19 +0800] "GET /xingrg/dwr/interface/AjaxCheckService.js HTTP/1.1" 200 14003
124.79.74.67 - - [01/May/2023:09:23:19 +0800] "GET /xingrg/dwr/engine.js HTTP/1.1" 200 43631
114.83.217.213 - - [01/May/2023:09:23:20 +0800] "GET /xingrg/all/function/internal_message.html?_=1682904200668&CODE_STATE=getMsg HTTP/1.1" 200 27
124.79.74.67 - - [01/May/2023:09:23:20 +0800] "POST /xingrg/dwr/call/plaincall/AjaxCheckService.loadOrderItems.dwr HTTP/1.1" 200 9979
114.83.217.213 - - [01/May/2023:09:23:24 +0800] "POST /xingrg/dwr/call/plaincall/AjaxCheckService.setItemRemark.dwr HTTP/1.1" 200 77
116.238.139.35 - - [01/May/2023:09:23:25 +0800] "GET /xingrg/all/function/internal_message.html?_=1682904205068&CODE_STATE=getMsg HTTP/1.1" 200 27
120.253.135.82 - - [01/May/2023:09:23:26 +0800] "POST /xingrg/kc/buy/cgsh_order_operate.html HTTP/1.1" 200 12
124.79.74.67 - - [01/May/2023:09:23:26 +0800] "GET /xingrg/kc/base/check_order_list.html?isBack=1 HTTP/1.1" 200 16223
124.79.74.67 - - [01/May/2023:09:23:27 +0800] "POST /xingrg/kc/base/check_list_operate.html HTTP/1.1" 200 4555
116.224.158.100 - - [01/May/2023:09:23:29 +0800] "GET /xingrg/all/function/internal_message.html?_=1682904209524&CODE_STATE=getMsg HTTP/1.1" 200 27
124.79.74.67 - - [01/May/2023:09:23:29 +0800] "GET /xingrg/kc/base/check_order_info.html?code=452023043000492 HTTP/1.1" 200 26478
124.79.74.67 - - [01/May/2023:09:23:29 +0800] "GET /xingrg/dwr/interface/AjaxComOrderService.js HTTP/1.1" 200 18264
124.79.74.67 - - [01/May/2023:09:23:29 +0800] "GET /xingrg/dwr/interface/AjaxCheckService.js HTTP/1.1" 200 14003
124.79.74.67 - - [01/May/2023:09:23:29 +0800] "GET /xingrg/dwr/engine.js HTTP/1.1" 200 43631
120.253.135.82 - - [01/May/2023:09:23:29 +0800] "GET /xingrg/kc/buy/cgsh_order_info.html?code=212023050100025 HTTP/1.1" 200 65033
120.253.135.82 - - [01/May/2023:09:23:30 +0800] "GET /xingrg/javascript/easyui/themes/default/validatebox.css HTTP/1.1" 404 1104
124.79.74.67 - - [01/May/2023:09:23:30 +0800] "POST /xingrg/dwr/call/plaincall/AjaxCheckService.loadOrderItems.dwr HTTP/1.1" 200 6785
120.253.135.82 - - [01/May/2023:09:23:31 +0800] "POST /xingrg/kc/buy/cgsh_order_operate.html HTTP/1.1" 200 621
124.79.74.67 - - [01/May/2023:09:23:32 +0800] "GET /xingrg/kc/base/check_order_list.html?isBack=1 HTTP/1.1" 200 16223
124.79.74.67 - - [01/May/2023:09:23:32 +0800] "POST /xingrg/kc/base/check_list_operate.html HTTP/1.1" 200 4555
114.83.217.213 - - [01/May/2023:09:23:33 +0800] "POST /xingrg/dwr/call/plaincall/AjaxCheckService.setItemNumber.dwr HTTP/1.1" 200 77
116.227.208.255 - - [01/May/2023:09:23:33 +0800] "POST /xingrg/kc/buy/cgsh_list_operate.html HTTP/1.1" 200 4022
114.83.217.213 - - [01/May/2023:09:23:33 +0800] "POST /xingrg/dwr/call/plaincall/AjaxCheckService.setItemNumber.dwr HTTP/1.1" 200 77
120.253.135.82 - - [01/May/2023:09:23:37 +0800] "GET /xingrg/all/function/internal_message.html?_=1682904054230&CODE_STATE=getMsg HTTP/1.1" 200 27
180.171.122.0 - - [01/May/2023:09:23:37 +0800] "GET /xingrg/kc/buy/cgsh_order_add.html HTTP/1.1" 200 71023
180.171.122.0 - - [01/May/2023:09:23:37 +0800] "POST /xingrg/kc/buy/cgsh_order_operate.html HTTP/1.1" 200 8245
180.171.122.0 - - [01/May/2023:09:23:37 +0800] "GET /xingrg/javascript/easyui/themes/default/validatebox.css HTTP/1.1" 404 1104
116.227.208.255 - - [01/May/2023:09:23:39 +0800] "GET /xingrg/all/function/internal_message.html?_=1682904281444&CODE_STATE=getMsg HTTP/1.1" 200 27
124.79.240.114 - - [01/May/2023:09:23:42 +0800] "GET /xingrg/all/function/internal_message.html?_=1682904496149&CODE_STATE=getMsg HTTP/1.1" 200 27
124.79.240.114 - - [01/May/2023:09:23:43 +0800] "POST /xingrg/dwr/call/plaincall/AjaxCheckService.checkOrder.dwr HTTP/1.1" 200 79
114.83.217.213 - - [01/May/2023:09:23:43 +0800] "POST /xingrg/dwr/call/plaincall/AjaxCheckService.setItemNumber.dwr HTTP/1.1" 200 77
124.79.74.67 - - [01/May/2023:09:23:43 +0800] "GET /xingrg/kc/base/check_order_info.html?code=452023043000487 HTTP/1.1" 200 26478
124.79.74.67 - - [01/May/2023:09:23:43 +0800] "GET /xingrg/dwr/interface/AjaxComOrderService.js HTTP/1.1" 200 18264
124.79.74.67 - - [01/May/2023:09:23:43 +0800] "GET /xingrg/dwr/interface/AjaxCheckService.js HTTP/1.1" 200 14003
124.79.74.67 - - [01/May/2023:09:23:43 +0800] "GET /xingrg/dwr/engine.js HTTP/1.1" 200 43631
124.79.74.67 - - [01/May/2023:09:23:44 +0800] "POST /xingrg/dwr/call/plaincall/AjaxCheckService.loadOrderItems.dwr HTTP/1.1" 200 24588
124.79.240.114 - - [01/May/2023:09:23:45 +0800] "GET /xingrg/kc/base/check_order_info.html?code=452023043000649 HTTP/1.1" 200 22864
124.79.240.114 - - [01/May/2023:09:23:45 +0800] "GET /xingrg/dwr/interface/AjaxComOrderService.js HTTP/1.1" 200 18264
124.79.240.114 - - [01/May/2023:09:23:45 +0800] "GET /xingrg/dwr/interface/AjaxCheckService.js HTTP/1.1" 200 14003
124.79.240.114 - - [01/May/2023:09:23:45 +0800] "GET /xingrg/dwr/engine.js HTTP/1.1" 200 43631
124.79.240.114 - - [01/May/2023:09:23:45 +0800] "GET /xingrg/javascript/jquery_easy_ui/themes/icons/exam_new.png HTTP/1.1" 200 756
124.79.240.114 - - [01/May/2023:09:23:46 +0800] "POST /xingrg/dwr/call/plaincall/AjaxCheckService.loadOrderItems.dwr HTTP/1.1" 200 3967
114.83.217.213 - - [01/May/2023:09:23:47 +0800] "POST /xingrg/dwr/call/plaincall/AjaxCheckService.setItemRemark.dwr HTTP/1.1" 200 77
124.79.240.114 - - [01/May/2023:09:23:47 +0800] "GET /xingrg/kc/base/check_order_list.html?isBack=1 HTTP/1.1" 200 16223
124.79.240.114 - - [01/May/2023:09:23:47 +0800] "POST /xingrg/kc/base/check_list_operate.html HTTP/1.1" 200 4609
124.79.240.114 - - [01/May/2023:09:23:49 +0800] "GET /xingrg/kc/base/check_order_info.html?code=452023043000699 HTTP/1.1" 200 26557
124.79.240.114 - - [01/May/2023:09:23:49 +0800] "GET /xingrg/dwr/interface/AjaxCheckService.js HTTP/1.1" 200 14003
124.79.240.114 - - [01/May/2023:09:23:49 +0800] "GET /xingrg/dwr/interface/AjaxComOrderService.js HTTP/1.1" 200 18264
124.79.240.114 - - [01/May/2023:09:23:49 +0800] "GET /xingrg/dwr/engine.js HTTP/1.1" 200 43631
180.171.122.0 - - [01/May/2023:09:23:50 +0800] "GET /xingrg/all/function/internal_message.html?_=1682904441087&CODE_STATE=getMsg HTTP/1.1" 200 27
124.79.240.114 - - [01/May/2023:09:23:50 +0800] "POST /xingrg/dwr/call/plaincall/AjaxCheckService.loadOrderItems.dwr HTTP/1.1" 200 6883
180.171.122.0 - - [01/May/2023:09:23:51 +0800] "GET /xingrg/all/function/internal_message.html?_=1682904231110&CODE_STATE=getMsg HTTP/1.1" 200 27
124.79.74.67 - - [01/May/2023:09:23:51 +0800] "POST /xingrg/dwr/call/plaincall/AjaxCheckService.setItemNumber.dwr HTTP/1.1" 200 76
114.83.217.213 - - [01/May/2023:09:23:53 +0800] "POST /xingrg/dwr/call/plaincall/AjaxCheckService.setItemNumber.dwr HTTP/1.1" 200 77
124.79.74.67 - - [01/May/2023:09:23:53 +0800] "POST /xingrg/dwr/call/plaincall/AjaxCheckService.setItemNumber.dwr HTTP/1.1" 200 76
124.79.74.67 - - [01/May/2023:09:23:54 +0800] "POST /xingrg/dwr/call/plaincall/AjaxCheckService.setItemNumber.dwr HTTP/1.1" 200 76
124.79.74.67 - - [01/May/2023:09:23:55 +0800] "POST /xingrg/dwr/call/plaincall/AjaxCheckService.setItemNumber.dwr HTTP/1.1" 200 76
124.79.74.67 - - [01/May/2023:09:23:55 +0800] "POST /xingrg/dwr/call/plaincall/AjaxCheckService.setItemNumber.dwr HTTP/1.1" 200 76
124.79.74.67 - - [01/May/2023:09:23:56 +0800] "POST /xingrg/dwr/call/plaincall/AjaxCheckService.setItemNumber.dwr HTTP/1.1" 200 76
116.238.139.35 - - [01/May/2023:09:23:56 +0800] "GET /xingrg/all/function/internal_message.html?_=1682904177485&CODE_STATE=getMsg HTTP/1.1" 200 27
124.79.74.67 - - [01/May/2023:09:23:57 +0800] "POST /xingrg/dwr/call/plaincall/AjaxCheckService.setItemNumber.dwr HTTP/1.1" 200 76
124.79.74.67 - - [01/May/2023:09:23:57 +0800] "POST /xingrg/dwr/call/plaincall/AjaxCheckService.setItemNumber.dwr HTTP/1.1" 200 76
124.79.74.67 - - [01/May/2023:09:23:58 +0800] "POST /xingrg/dwr/call/plaincall/AjaxCheckService.setItemNumber.dwr HTTP/1.1" 200 76
124.79.240.114 - - [01/May/2023:09:23:58 +0800] "POST /xingrg/kc/report/common_data.html?type=materiel_category_tree HTTP/1.1" 200 3921
124.79.74.67 - - [01/May/2023:09:23:58 +0800] "POST /xingrg/dwr/call/plaincall/AjaxCheckService.setItemNumber.dwr HTTP/1.1" 200 77
114.83.217.213 - - [01/May/2023:09:23:59 +0800] "POST /xingrg/dwr/call/plaincall/AjaxCheckService.setItemRemark.dwr HTTP/1.1" 200 77
124.79.74.67 - - [01/May/2023:09:23:59 +0800] "POST /xingrg/dwr/call/plaincall/AjaxCheckService.setItemNumber.dwr HTTP/1.1" 200 77
124.79.74.67 - - [01/May/2023:09:24:00 +0800] "POST /xingrg/dwr/call/plaincall/AjaxCheckService.setItemNumber.dwr HTTP/1.1" 200 77
124.79.240.114 - - [01/May/2023:09:24:00 +0800] "GET /xingrg/all/function/internal_message.html?_=1682904239021&CODE_STATE=getMsg HTTP/1.1" 302 -
124.79.74.67 - - [01/May/2023:09:24:00 +0800] "GET /xingrg/all/function/internal_message.html?_=1682904242895&CODE_STATE=getMsg HTTP/1.1" 200 27
124.79.74.67 - - [01/May/2023:09:24:00 +0800] "POST /xingrg/dwr/call/plaincall/AjaxCheckService.setItemNumber.dwr HTTP/1.1" 200 77
58.39.109.224 - - [01/May/2023:09:24:01 +0800] "GET /xingrg/all/function/internal_message.html?_=1682904243397&CODE_STATE=getMsg HTTP/1.1" 200 27
124.79.74.67 - - [01/May/2023:09:24:01 +0800] "POST /xingrg/dwr/call/plaincall/AjaxCheckService.setItemNumber.dwr HTTP/1.1" 200 77
124.79.74.67 - - [01/May/2023:09:24:02 +0800] "POST /xingrg/dwr/call/plaincall/AjaxCheckService.setItemNumber.dwr HTTP/1.1" 200 77
218.81.73.202 - - [01/May/2023:09:24:03 +0800] "GET /xingrg/all/function/internal_message.html?_=1682904244901&CODE_STATE=getMsg HTTP/1.1" 200 27
124.79.240.114 - - [01/May/2023:09:24:03 +0800] "POST /xingrg/dwr/call/plaincall/AjaxCheckService.importOrderItems.dwr HTTP/1.1" 200 78
124.79.74.67 - - [01/May/2023:09:24:03 +0800] "POST /xingrg/dwr/call/plaincall/AjaxCheckService.setItemNumber.dwr HTTP/1.1" 200 77
124.79.74.67 - - [01/May/2023:09:24:04 +0800] "POST /xingrg/dwr/call/plaincall/AjaxCheckService.setItemNumber.dwr HTTP/1.1" 200 77
124.79.74.67 - - [01/May/2023:09:24:04 +0800] "POST /xingrg/dwr/call/plaincall/AjaxCheckService.setItemNumber.dwr HTTP/1.1" 200 77
114.83.217.213 - - [01/May/2023:09:24:05 +0800] "POST /xingrg/dwr/call/plaincall/AjaxCheckService.setItemNumber.dwr HTTP/1.1" 200 77
124.79.240.114 - - [01/May/2023:09:24:05 +0800] "POST /xingrg/dwr/call/plaincall/AjaxCheckService.loadOrderItems.dwr HTTP/1.1" 200 6883
124.79.74.67 - - [01/May/2023:09:24:05 +0800] "POST /xingrg/dwr/call/plaincall/AjaxCheckService.setItemNumber.dwr HTTP/1.1" 200 77
124.79.74.67 - - [01/May/2023:09:24:06 +0800] "POST /xingrg/dwr/call/plaincall/AjaxCheckService.setItemNumber.dwr HTTP/1.1" 200 77
124.79.74.67 - - [01/May/2023:09:24:07 +0800] "POST /xingrg/dwr/call/plaincall/AjaxCheckService.setItemNumber.dwr HTTP/1.1" 200 77
180.171.122.0 - - [01/May/2023:09:24:08 +0800] "GET /xingrg/kc/buy/cgsh_order_operate.html?command=get_materiel&rest_code=00111&code=00101012029&supplier_code=00100037&order_time=2023-05-01 HTTP/1.1" 200 412
124.79.74.67 - - [01/May/2023:09:24:08 +0800] "POST /xingrg/dwr/call/plaincall/AjaxCheckService.setItemNumber.dwr HTTP/1.1" 200 77
124.79.74.67 - - [01/May/2023:09:24:09 +0800] "POST /xingrg/dwr/call/plaincall/AjaxCheckService.setItemNumber.dwr HTTP/1.1" 200 77
124.79.74.67 - - [01/May/2023:09:24:10 +0800] "POST /xingrg/dwr/call/plaincall/AjaxCheckService.setItemNumber.dwr HTTP/1.1" 200 77
124.79.74.67 - - [01/May/2023:09:24:11 +0800] "POST /xingrg/dwr/call/plaincall/AjaxCheckService.setItemNumber.dwr HTTP/1.1" 200 77
124.79.74.67 - - [01/May/2023:09:24:11 +0800] "POST /xingrg/dwr/call/plaincall/AjaxCheckService.setItemNumber.dwr HTTP/1.1" 200 77
124.77.244.62 - - [01/May/2023:09:24:12 +0800] "GET /xingrg/all/function/internal_message.html?_=1682904254224&CODE_STATE=getMsg HTTP/1.1" 200 27
124.79.74.67 - - [01/May/2023:09:24:12 +0800] "POST /xingrg/dwr/call/plaincall/AjaxCheckService.setItemNumber.dwr HTTP/1.1" 200 77
124.79.74.67 - - [01/May/2023:09:24:13 +0800] "POST /xingrg/dwr/call/plaincall/AjaxCheckService.setItemNumber.dwr HTTP/1.1" 200 77
124.79.74.67 - - [01/May/2023:09:24:14 +0800] "POST /xingrg/dwr/call/plaincall/AjaxCheckService.setItemNumber.dwr HTTP/1.1" 200 77
180.169.147.146 - - [01/May/2023:09:24:14 +0800] "GET /xingrg/all/function/internal_message.html?_=1682904253752&CODE_STATE=getMsg HTTP/1.1" 200 27
116.224.158.100 - - [01/May/2023:09:24:14 +0800] "GET /xingrg/all/function/internal_message.html?_=1682904093429&CODE_STATE=getMsg HTTP/1.1" 200 27
124.79.74.67 - - [01/May/2023:09:24:15 +0800] "POST /xingrg/dwr/call/plaincall/AjaxCheckService.setItemNumber.dwr HTTP/1.1" 200 77
116.224.158.100 - - [01/May/2023:09:24:15 +0800] "GET /xingrg/javascript/jquery_easy_ui/themes/icons/rest.png HTTP/1.1" 304 -
116.224.158.100 - - [01/May/2023:09:24:15 +0800] "GET /xingrg/javascript/jquery_easy_ui/themes/icons/area.png HTTP/1.1" 304 -
124.79.74.67 - - [01/May/2023:09:24:16 +0800] "POST /xingrg/dwr/call/plaincall/AjaxCheckService.setItemNumber.dwr HTTP/1.1" 200 77
124.79.74.67 - - [01/May/2023:09:24:17 +0800] "POST /xingrg/dwr/call/plaincall/AjaxCheckService.setItemNumber.dwr HTTP/1.1" 200 77
124.79.240.114 - - [01/May/2023:09:24:17 +0800] "POST /xingrg/dwr/call/plaincall/AjaxCheckService.setItemNumber.dwr HTTP/1.1" 200 76
124.79.74.67 - - [01/May/2023:09:24:18 +0800] "POST /xingrg/dwr/call/plaincall/AjaxCheckService.setItemNumber.dwr HTTP/1.1" 200 77
124.79.240.114 - - [01/May/2023:09:24:18 +0800] "POST /xingrg/dwr/call/plaincall/AjaxCheckService.setItemNumber.dwr HTTP/1.1" 200 76
124.79.74.67 - - [01/May/2023:09:24:19 +0800] "POST /xingrg/dwr/call/plaincall/AjaxCheckService.setItemNumber.dwr HTTP/1.1" 200 77
124.79.74.67 - - [01/May/2023:09:24:19 +0800] "POST /xingrg/dwr/call/plaincall/AjaxCheckService.setItemNumber.dwr HTTP/1.1" 200 77
124.79.74.67 - - [01/May/2023:09:24:19 +0800] "POST /xingrg/dwr/call/plaincall/AjaxCheckService.setItemNumber.dwr HTTP/1.1" 200 77
114.83.217.213 - - [01/May/2023:09:24:20 +0800] "POST /xingrg/dwr/call/plaincall/AjaxCheckService.setItemNumber.dwr HTTP/1.1" 200 77
124.79.74.67 - - [01/May/2023:09:24:20 +0800] "POST /xingrg/dwr/call/plaincall/AjaxCheckService.setItemNumber.dwr HTTP/1.1" 200 77
114.83.217.213 - - [01/May/2023:09:24:20 +0800] "GET /xingrg/all/function/internal_message.html?_=1682904260645&CODE_STATE=getMsg HTTP/1.1" 200 27
124.79.74.67 - - [01/May/2023:09:24:20 +0800] "POST /xingrg/dwr/call/plaincall/AjaxCheckService.setItemNumber.dwr HTTP/1.1" 200 77
180.171.122.0 - - [01/May/2023:09:24:23 +0800] "POST /xingrg/all/user/operate.html HTTP/1.1" 200 36
180.171.122.0 - - [01/May/2023:09:24:24 +0800] "GET /xingrg/index.html?sysBaseUrl=http%3A%2F%2F180.169.147.146%3A18081%2Fxingrg%2F&costTime=1438×tamp=1682903985416 HTTP/1.1" 200 17503
180.171.122.0 - - [01/May/2023:09:24:24 +0800] "GET /xingrg/javascript/jquery_easy_ui/themes/default/easyui.css HTTP/1.1" 304 -
180.171.122.0 - - [01/May/2023:09:24:24 +0800] "GET /xingrg/javascript/jquery_easy_ui/themes/icon.css HTTP/1.1" 304 -
180.171.122.0 - - [01/May/2023:09:24:24 +0800] "GET /xingrg/css/form.css HTTP/1.1" 304 -
180.171.122.0 - - [01/May/2023:09:24:24 +0800] "GET /xingrg/javascript/jquery-1.4.2.min.js HTTP/1.1" 304 -
180.171.122.0 - - [01/May/2023:09:24:24 +0800] "GET /xingrg/javascript/jquery_easy_ui/jquery.easyui.min.js HTTP/1.1" 304 -
180.171.122.0 - - [01/May/2023:09:24:24 +0800] "GET /xingrg/javascript/jquery_easy_ui/easyui-lang-zh_CN.js HTTP/1.1" 304 -
180.171.122.0 - - [01/May/2023:09:24:24 +0800] "GET /xingrg/javascript/jquery.form.js HTTP/1.1" 304 -
180.171.122.0 - - [01/May/2023:09:24:24 +0800] "GET /xingrg/kc/buy/cgsh_order_operate.html?command=get_materiel&rest_code=00111&code=00101012003&supplier_code=00100037&order_time=2023-05-01 HTTP/1.1" 200 413
180.171.122.0 - - [01/May/2023:09:24:24 +0800] "GET /xingrg/javascript/jquery.utils.js HTTP/1.1" 304 -
180.171.122.0 - - [01/May/2023:09:24:24 +0800] "GET /xingrg/javascript/jquery.timers.js HTTP/1.1" 304 -
180.171.122.0 - - [01/May/2023:09:24:24 +0800] "GET /xingrg/images/blue/jxLogo.png HTTP/1.1" 304 -
180.171.122.0 - - [01/May/2023:09:24:24 +0800] "GET /xingrg/javascript/jquery_easy_ui/themes/icons/settle_new.png HTTP/1.1" 304 -
180.171.122.0 - - [01/May/2023:09:24:24 +0800] "GET /xingrg/images/blue/navBackgound.jpg HTTP/1.1" 304 -
180.171.122.0 - - [01/May/2023:09:24:24 +0800] "GET /xingrg/check_reg.html?_=1682904475377 HTTP/1.1" 200 22
180.171.122.0 - - [01/May/2023:09:24:24 +0800] "GET /xingrg/javascript/jquery_easy_ui/themes/default/images/panel_tool_collapse.gif HTTP/1.1" 304 -
180.171.122.0 - - [01/May/2023:09:24:24 +0800] "GET /xingrg/javascript/jquery_easy_ui/themes/default/images/panel_tool_expand.gif HTTP/1.1" 304 -
180.171.122.0 - - [01/May/2023:09:24:24 +0800] "GET /xingrg/all/function/internal_message.html?_=1682904475376&CODE_STATE=count HTTP/1.1" 200 11
180.171.122.0 - - [01/May/2023:09:24:24 +0800] "GET /xingrg/javascript/jquery_easy_ui/themes/default/images/tabs_rightarrow.png HTTP/1.1" 304 -
180.171.122.0 - - [01/May/2023:09:24:24 +0800] "GET /xingrg/javascript/jquery_easy_ui/themes/default/images/tabs_leftarrow.png HTTP/1.1" 304 -
180.171.122.0 - - [01/May/2023:09:24:24 +0800] "POST /xingrg/all/common/load_tree.html?tree=area_rest_tree_json&manage=1 HTTP/1.1" 200 591
180.171.122.0 - - [01/May/2023:09:24:24 +0800] "GET /xingrg/images/blue/pingpu.png HTTP/1.1" 304 -
180.171.122.0 - - [01/May/2023:09:24:24 +0800] "POST /xingrg/load_menu.html HTTP/1.1" 200 9959
124.79.74.67 - - [01/May/2023:09:24:25 +0800] "GET /xingrg/kc/base/check_order_list.html?isBack=1 HTTP/1.1" 200 16223
116.238.139.35 - - [01/May/2023:09:24:25 +0800] "GET /xingrg/all/function/internal_message.html?_=1682904265040&CODE_STATE=getMsg HTTP/1.1" 200 27
124.79.74.67 - - [01/May/2023:09:24:25 +0800] "POST /xingrg/kc/base/check_list_operate.html HTTP/1.1" 200 4555
180.171.122.0 - - [01/May/2023:09:24:26 +0800] "GET /xingrg/kc/report/report_main.html HTTP/1.1" 200 7340
180.171.122.0 - - [01/May/2023:09:24:26 +0800] "GET /xingrg/css/blue.css HTTP/1.1" 200 15949
180.171.122.0 - - [01/May/2023:09:24:26 +0800] "GET /xingrg/javascript/jquery_ui/themes/humanity/humanity.css HTTP/1.1" 200 27801
180.171.122.0 - - [01/May/2023:09:24:26 +0800] "GET /xingrg/javascript/pic_change.js HTTP/1.1" 200 4739
180.171.122.0 - - [01/May/2023:09:24:26 +0800] "GET /xingrg/javascript/myfunction.js HTTP/1.1" 200 24559
180.171.122.0 - - [01/May/2023:09:24:26 +0800] "GET /xingrg/javascript/json2.js HTTP/1.1" 200 11259
180.171.122.0 - - [01/May/2023:09:24:26 +0800] "GET /xingrg/javascript/jquery_easy_ui/themes/icons/back_new.png HTTP/1.1" 200 3414
116.238.139.35 - - [01/May/2023:09:24:26 +0800] "GET /xingrg/kc/buy/cgsh_order_add.html HTTP/1.1" 200 71111
116.238.139.35 - - [01/May/2023:09:24:27 +0800] "POST /xingrg/kc/buy/cgsh_order_operate.html HTTP/1.1" 200 8245
116.238.139.35 - - [01/May/2023:09:24:27 +0800] "GET /xingrg/javascript/easyui/themes/default/validatebox.css HTTP/1.1" 404 1104
180.171.122.0 - - [01/May/2023:09:24:27 +0800] "GET /xingrg/kc/base/kc_stocks.html HTTP/1.1" 200 16506
180.171.122.0 - - [01/May/2023:09:24:27 +0800] "GET /xingrg/javascript/easyui/themes/sunny/easyui.css HTTP/1.1" 200 34304
180.171.122.0 - - [01/May/2023:09:24:27 +0800] "GET /xingrg/javascript/convert.js HTTP/1.1" 200 1239
180.171.122.0 - - [01/May/2023:09:24:27 +0800] "GET /xingrg/javascript/print/LodopFuncs.js HTTP/1.1" 200 5121
114.83.217.213 - - [01/May/2023:09:24:28 +0800] "POST /xingrg/dwr/call/plaincall/AjaxCheckService.setItemRemark.dwr HTTP/1.1" 200 77
180.171.122.0 - - [01/May/2023:09:24:28 +0800] "GET /xingrg/javascript/easyui/themes/icons/filter_new.png HTTP/1.1" 200 795
180.171.122.0 - - [01/May/2023:09:24:28 +0800] "GET /xingrg/javascript/easyui/themes/icons/import_new.png HTTP/1.1" 200 1247
180.171.122.0 - - [01/May/2023:09:24:28 +0800] "GET /xingrg/javascript/easyui/themes/icons/refresh_new.png HTTP/1.1" 200 685
180.171.122.0 - - [01/May/2023:09:24:28 +0800] "GET /xingrg/javascript/easyui/themes/icons/print_new.png HTTP/1.1" 200 3580
180.171.122.0 - - [01/May/2023:09:24:28 +0800] "GET /xingrg/javascript/easyui/plugins/jquery.draggable.js HTTP/1.1" 200 6121
180.171.122.0 - - [01/May/2023:09:24:28 +0800] "GET /xingrg/javascript/easyui/plugins/jquery.droppable.js HTTP/1.1" 200 1167
180.171.122.0 - - [01/May/2023:09:24:28 +0800] "GET /xingrg/javascript/easyui/themes/default/tree.css HTTP/1.1" 404 1090
180.171.122.0 - - [01/May/2023:09:24:28 +0800] "GET /xingrg/javascript/easyui/plugins/jquery.tree.js HTTP/1.1" 200 20874
180.171.122.0 - - [01/May/2023:09:24:28 +0800] "GET /xingrg/all/common/auto_word.html?type=base&rest_code=00111 HTTP/1.1" 200 1753
180.171.122.0 - - [01/May/2023:09:24:28 +0800] "POST /xingrg/all/common/load_tree.html?tree=materiel_sort_tree_json HTTP/1.1" 200 9500
180.171.122.0 - - [01/May/2023:09:24:28 +0800] "GET /xingrg/javascript/easyui/themes/sunny/images/tree_folder.gif HTTP/1.1" 200 952
180.171.122.0 - - [01/May/2023:09:24:28 +0800] "GET /xingrg/javascript/easyui/themes/sunny/images/tree_file.gif HTTP/1.1" 200 118
180.171.122.0 - - [01/May/2023:09:24:28 +0800] "GET /xingrg/javascript/easyui/themes/sunny/images/tree_arrows.gif HTTP/1.1" 200 617
180.171.122.0 - - [01/May/2023:09:24:28 +0800] "GET /xingrg/javascript/easyui/themes/sunny/images/tree_folder_open.gif HTTP/1.1" 200 956
116.224.158.100 - - [01/May/2023:09:24:29 +0800] "GET /xingrg/all/function/internal_message.html?_=1682904269492&CODE_STATE=getMsg HTTP/1.1" 200 27
124.79.74.67 - - [01/May/2023:09:24:34 +0800] "GET /xingrg/kc/base/check_order_info.html?code=452023043000484 HTTP/1.1" 200 26478
124.79.74.67 - - [01/May/2023:09:24:34 +0800] "GET /xingrg/dwr/interface/AjaxComOrderService.js HTTP/1.1" 200 18264
124.79.74.67 - - [01/May/2023:09:24:34 +0800] "GET /xingrg/dwr/interface/AjaxCheckService.js HTTP/1.1" 200 14003
124.79.74.67 - - [01/May/2023:09:24:34 +0800] "GET /xingrg/dwr/engine.js HTTP/1.1" 200 43631
124.79.74.67 - - [01/May/2023:09:24:35 +0800] "POST /xingrg/dwr/call/plaincall/AjaxCheckService.loadOrderItems.dwr HTTP/1.1" 200 24823
120.253.135.82 - - [01/May/2023:09:24:37 +0800] "GET /xingrg/all/function/internal_message.html?_=1682904114348&CODE_STATE=getMsg HTTP/1.1" 200 27
116.238.139.35 - - [01/May/2023:09:24:37 +0800] "GET /xingrg/kc/buy/cgsh_order_operate.html?command=get_materiel&rest_code=00150&code=00101009109&supplier_code=00100022&order_time=2023-05-01 HTTP/1.1" 200 413
180.171.122.0 - - [01/May/2023:09:24:37 +0800] "POST /xingrg/kc/base/stock_operate.html HTTP/1.1" 200 1478
180.171.122.0 - - [01/May/2023:09:24:37 +0800] "GET /xingrg/javascript/jquery_tools/fix_table.js HTTP/1.1" 200 6528
114.83.217.213 - - [01/May/2023:09:24:37 +0800] "POST /xingrg/dwr/call/plaincall/AjaxCheckService.setItemNumber.dwr HTTP/1.1" 200 77
180.171.122.0 - - [01/May/2023:09:24:38 +0800] "GET /xingrg/kc/buy/cgsh_order_operate.html?command=get_materiel&rest_code=00111&code=00101013067&supplier_code=00100037&order_time=2023-05-01 HTTP/1.1" 200 439
180.171.122.0 - - [01/May/2023:09:24:39 +0800] "GET /xingrg/kc/base/stock_detail.html?m=00101028013 HTTP/1.1" 200 7323
116.227.208.255 - - [01/May/2023:09:24:39 +0800] "GET /xingrg/all/function/internal_message.html?_=1682904341439&CODE_STATE=getMsg HTTP/1.1" 200 27
180.171.122.0 - - [01/May/2023:09:24:39 +0800] "GET /xingrg/javascript/jquery_easy_ui/themes/icons/search.png HTTP/1.1" 200 813
180.171.122.0 - - [01/May/2023:09:24:39 +0800] "GET /xingrg/javascript/jquery_easy_ui/themes/default/images/menu_downarrow.png HTTP/1.1" 200 173
180.171.122.0 - - [01/May/2023:09:24:39 +0800] "GET /xingrg/javascript/jquery_easy_ui/themes/icons/print.png HTTP/1.1" 200 1057
180.171.122.0 - - [01/May/2023:09:24:39 +0800] "GET /xingrg/javascript/jquery_easy_ui/themes/default/images/menu.gif HTTP/1.1" 200 834
180.171.122.0 - - [01/May/2023:09:24:39 +0800] "GET /xingrg/javascript/jquery_easy_ui/themes/default/images/calendar_prevmonth.gif HTTP/1.1" 200 66
180.171.122.0 - - [01/May/2023:09:24:39 +0800] "GET /xingrg/javascript/jquery_easy_ui/themes/default/images/calendar_nextmonth.gif HTTP/1.1" 200 64
180.171.122.0 - - [01/May/2023:09:24:39 +0800] "GET /xingrg/javascript/jquery_easy_ui/themes/default/images/calendar_prevyear.gif HTTP/1.1" 200 76
180.171.122.0 - - [01/May/2023:09:24:39 +0800] "GET /xingrg/javascript/jquery_easy_ui/themes/default/images/calendar_nextyear.gif HTTP/1.1" 200 75
172.20.0.100 - - [01/May/2023:09:24:41 +0800] "GET /xingrg/check_reg.html?_=1682904282212 HTTP/1.1" 302 -
124.79.240.114 - - [01/May/2023:09:24:42 +0800] "GET /xingrg/all/function/internal_message.html?_=1682904556167&CODE_STATE=getMsg HTTP/1.1" 200 27
180.171.122.0 - - [01/May/2023:09:24:45 +0800] "GET /xingrg/kc/base/stock_operate.html?_=1682904496233&command=get_report_file&start_day=20230401 HTTP/1.1" 200 53
180.171.122.0 - - [01/May/2023:09:24:45 +0800] "GET /xingrg/all/report/report_query.html?isQuery=1&onlyBody=1&rh=2000&fileName=kc/base/kc_stock_detail_new.xml&queryString=(1=1)&queryText=&tableQueryString=init_table$sp1$$sp$crk_table$sp1$order_day%20between%2020230401%20and%2020230531&varString=start_day:20230401,materiel_code:00101028013,cost_id:4270,end_date:20230331 HTTP/1.1" 200 48701
180.171.122.0 - - [01/May/2023:09:24:45 +0800] "GET /xingrg/javascript/multi_select/jqueryMultiSelect.css HTTP/1.1" 200 951
180.171.122.0 - - [01/May/2023:09:24:45 +0800] "GET /xingrg/javascript/calendar/timePicker.css HTTP/1.1" 200 523
180.171.122.0 - - [01/May/2023:09:24:45 +0800] "GET /xingrg/javascript/bigrid/fix.css HTTP/1.1" 200 1702
180.171.122.0 - - [01/May/2023:09:24:45 +0800] "GET /xingrg/dwr/interface/AjaxReportQueryService.js HTTP/1.1" 200 13203
180.171.122.0 - - [01/May/2023:09:24:45 +0800] "GET /xingrg/dwr/engine.js HTTP/1.1" 200 43631
180.171.122.0 - - [01/May/2023:09:24:45 +0800] "GET /xingrg/dwr/util.js HTTP/1.1" 200 35990
180.171.122.0 - - [01/May/2023:09:24:45 +0800] "GET /xingrg/javascript/jqueryMultiSelect.js HTTP/1.1" 200 11866
180.171.122.0 - - [01/May/2023:09:24:45 +0800] "GET /xingrg/javascript/Calendar.js HTTP/1.1" 200 31561
180.171.122.0 - - [01/May/2023:09:24:45 +0800] "GET /xingrg/javascript/calendar/jquery.timePicker.min.js HTTP/1.1" 200 2997
180.171.122.0 - - [01/May/2023:09:24:45 +0800] "GET /xingrg/javascript/bigrid/fix.js HTTP/1.1" 200 6439
180.171.122.0 - - [01/May/2023:09:24:45 +0800] "GET /xingrg/images/control/loading.gif HTTP/1.1" 200 13463
180.171.122.0 - - [01/May/2023:09:24:45 +0800] "GET /xingrg/images/blue/button/advanceover.gif HTTP/1.1" 200 1347
180.171.122.0 - - [01/May/2023:09:24:45 +0800] "GET /xingrg/images/blue/button/advance2over.gif HTTP/1.1" 200 1336
180.171.122.0 - - [01/May/2023:09:24:45 +0800] "GET /xingrg/images/blue/button/back2over.gif HTTP/1.1" 200 1335
180.171.122.0 - - [01/May/2023:09:24:45 +0800] "GET /xingrg/images/blue/button/backover.gif HTTP/1.1" 200 1348
180.171.122.0 - - [01/May/2023:09:24:45 +0800] "GET /xingrg/javascript/jquery_easy_ui/themes/icons/help.png HTTP/1.1" 200 1187
180.171.122.0 - - [01/May/2023:09:24:47 +0800] "POST /xingrg/all/report/load_report_page.html HTTP/1.1" 200 20237
180.171.122.0 - - [01/May/2023:09:24:47 +0800] "GET /xingrg/servlets/image?cache=0.4729105443003264&image=px HTTP/1.1" 200 807
124.78.71.183 - - [01/May/2023:09:24:48 +0800] "GET /xingrg/check_reg.html?_=1682904289814 HTTP/1.1" 302 -
180.171.122.0 - - [01/May/2023:09:24:51 +0800] "GET /xingrg/kc/buy/cgsh_order_operate.html?command=get_materiel&rest_code=00111&code=00101011005&supplier_code=00100037&order_time=2023-05-01 HTTP/1.1" 200 408
180.171.122.0 - - [01/May/2023:09:24:51 +0800] "GET /xingrg/all/function/internal_message.html?_=1682904291141&CODE_STATE=getMsg HTTP/1.1" 200 27
218.81.73.202 - - [01/May/2023:09:24:54 +0800] "POST /xingrg/dwr/call/plaincall/AjaxCheckService.checkOrder.dwr HTTP/1.1" 200 80
124.79.74.67 - - [01/May/2023:09:24:54 +0800] "POST /xingrg/dwr/call/plaincall/AjaxCheckService.setItemNumber.dwr HTTP/1.1" 200 76
124.79.74.67 - - [01/May/2023:09:24:54 +0800] "POST /xingrg/dwr/call/plaincall/AjaxCheckService.setItemNumber.dwr HTTP/1.1" 200 77
124.79.74.67 - - [01/May/2023:09:24:54 +0800] "POST /xingrg/dwr/call/plaincall/AjaxCheckService.setItemNumber.dwr HTTP/1.1" 200 76
114.83.217.213 - - [01/May/2023:09:24:54 +0800] "POST /xingrg/dwr/call/plaincall/AjaxCheckService.setItemRemark.dwr HTTP/1.1" 200 77
124.79.74.67 - - [01/May/2023:09:24:54 +0800] "POST /xingrg/dwr/call/plaincall/AjaxCheckService.setItemNumber.dwr HTTP/1.1" 200 76
124.79.74.67 - - [01/May/2023:09:24:54 +0800] "POST /xingrg/dwr/call/plaincall/AjaxCheckService.setItemNumber.dwr HTTP/1.1" 200 76
114.83.217.213 - - [01/May/2023:09:24:54 +0800] "POST /xingrg/dwr/call/plaincall/AjaxCheckService.setItemNumber.dwr HTTP/1.1" 200 77
124.79.74.67 - - [01/May/2023:09:24:54 +0800] "POST /xingrg/dwr/call/plaincall/AjaxCheckService.setItemNumber.dwr HTTP/1.1" 200 76
124.79.74.67 - - [01/May/2023:09:24:54 +0800] "POST /xingrg/dwr/call/plaincall/AjaxCheckService.setItemNumber.dwr HTTP/1.1" 200 76
124.79.74.67 - - [01/May/2023:09:24:55 +0800] "POST /xingrg/dwr/call/plaincall/AjaxCheckService.setItemNumber.dwr HTTP/1.1" 200 76
124.79.74.67 - - [01/May/2023:09:24:55 +0800] "POST /xingrg/dwr/call/plaincall/AjaxCheckService.setItemNumber.dwr HTTP/1.1" 200 76
124.79.74.67 - - [01/May/2023:09:24:55 +0800] "POST /xingrg/dwr/call/plaincall/AjaxCheckService.setItemNumber.dwr HTTP/1.1" 200 76
124.79.74.67 - - [01/May/2023:09:24:56 +0800] "POST /xingrg/dwr/call/plaincall/AjaxCheckService.setItemNumber.dwr HTTP/1.1" 200 77
124.79.74.67 - - [01/May/2023:09:24:56 +0800] "POST /xingrg/dwr/call/plaincall/AjaxCheckService.setItemNumber.dwr HTTP/1.1" 200 77
124.79.74.67 - - [01/May/2023:09:24:56 +0800] "POST /xingrg/dwr/call/plaincall/AjaxCheckService.setItemNumber.dwr HTTP/1.1" 200 77
124.79.74.67 - - [01/May/2023:09:24:56 +0800] "POST /xingrg/dwr/call/plaincall/AjaxCheckService.setItemNumber.dwr HTTP/1.1" 200 77
218.81.73.202 - - [01/May/2023:09:24:56 +0800] "GET /xingrg/kc/base/check_order_info.html?code=452023043000574 HTTP/1.1" 200 22854
218.81.73.202 - - [01/May/2023:09:24:56 +0800] "GET /xingrg/dwr/interface/AjaxComOrderService.js HTTP/1.1" 200 18264
218.81.73.202 - - [01/May/2023:09:24:56 +0800] "GET /xingrg/dwr/interface/AjaxCheckService.js HTTP/1.1" 200 14003
218.81.73.202 - - [01/May/2023:09:24:56 +0800] "GET /xingrg/dwr/engine.js HTTP/1.1" 200 43631
116.238.139.35 - - [01/May/2023:09:24:56 +0800] "GET /xingrg/all/function/internal_message.html?_=1682904237500&CODE_STATE=getMsg HTTP/1.1" 200 27
124.79.74.67 - - [01/May/2023:09:24:56 +0800] "POST /xingrg/dwr/call/plaincall/AjaxCheckService.setItemNumber.dwr HTTP/1.1" 200 77
124.79.74.67 - - [01/May/2023:09:24:57 +0800] "POST /xingrg/dwr/call/plaincall/AjaxCheckService.setItemNumber.dwr HTTP/1.1" 200 77
124.79.74.67 - - [01/May/2023:09:24:57 +0800] "POST /xingrg/dwr/call/plaincall/AjaxCheckService.setItemNumber.dwr HTTP/1.1" 200 77
124.79.74.67 - - [01/May/2023:09:24:57 +0800] "POST /xingrg/dwr/call/plaincall/AjaxCheckService.setItemNumber.dwr HTTP/1.1" 200 77
124.79.74.67 - - [01/May/2023:09:24:57 +0800] "POST /xingrg/dwr/call/plaincall/AjaxCheckService.setItemNumber.dwr HTTP/1.1" 200 77
124.79.74.67 - - [01/May/2023:09:24:57 +0800] "POST /xingrg/dwr/call/plaincall/AjaxCheckService.setItemNumber.dwr HTTP/1.1" 200 77
124.79.74.67 - - [01/May/2023:09:24:57 +0800] "POST /xingrg/dwr/call/plaincall/AjaxCheckService.setItemNumber.dwr HTTP/1.1" 200 77
124.79.74.67 - - [01/May/2023:09:24:58 +0800] "POST /xingrg/dwr/call/plaincall/AjaxCheckService.setItemNumber.dwr HTTP/1.1" 200 77
124.79.74.67 - - [01/May/2023:09:24:58 +0800] "POST /xingrg/dwr/call/plaincall/AjaxCheckService.setItemNumber.dwr HTTP/1.1" 200 77
124.79.74.67 - - [01/May/2023:09:24:58 +0800] "POST /xingrg/dwr/call/plaincall/AjaxCheckService.setItemNumber.dwr HTTP/1.1" 200 77
124.79.74.67 - - [01/May/2023:09:24:58 +0800] "POST /xingrg/dwr/call/plaincall/AjaxCheckService.setItemNumber.dwr HTTP/1.1" 200 77
124.79.74.67 - - [01/May/2023:09:24:59 +0800] "POST /xingrg/dwr/call/plaincall/AjaxCheckService.setItemNumber.dwr HTTP/1.1" 200 77
124.79.74.67 - - [01/May/2023:09:24:59 +0800] "POST /xingrg/dwr/call/plaincall/AjaxCheckService.setItemNumber.dwr HTTP/1.1" 200 77
124.79.74.67 - - [01/May/2023:09:24:59 +0800] "POST /xingrg/dwr/call/plaincall/AjaxCheckService.setItemNumber.dwr HTTP/1.1" 200 77
124.79.74.67 - - [01/May/2023:09:24:59 +0800] "POST /xingrg/dwr/call/plaincall/AjaxCheckService.setItemNumber.dwr HTTP/1.1" 200 77
124.79.74.67 - - [01/May/2023:09:24:59 +0800] "POST /xingrg/dwr/call/plaincall/AjaxCheckService.setItemNumber.dwr HTTP/1.1" 200 77
218.81.73.202 - - [01/May/2023:09:24:59 +0800] "POST /xingrg/dwr/call/plaincall/AjaxCheckService.loadOrderItems.dwr HTTP/1.1" 200 59293
124.79.74.67 - - [01/May/2023:09:24:59 +0800] "POST /xingrg/dwr/call/plaincall/AjaxCheckService.setItemNumber.dwr HTTP/1.1" 200 77
124.79.74.67 - - [01/May/2023:09:24:59 +0800] "POST /xingrg/dwr/call/plaincall/AjaxCheckService.setItemNumber.dwr HTTP/1.1" 200 77
124.79.74.67 - - [01/May/2023:09:24:59 +0800] "POST /xingrg/dwr/call/plaincall/AjaxCheckService.setItemNumber.dwr HTTP/1.1" 200 77
124.79.74.67 - - [01/May/2023:09:25:00 +0800] "POST /xingrg/dwr/call/plaincall/AjaxCheckService.setItemNumber.dwr HTTP/1.1" 200 77
124.79.74.67 - - [01/May/2023:09:25:00 +0800] "POST /xingrg/dwr/call/plaincall/AjaxCheckService.setItemNumber.dwr HTTP/1.1" 200 77
124.79.240.114 - - [01/May/2023:09:25:00 +0800] "GET /xingrg/all/function/internal_message.html?_=1682904299008&CODE_STATE=getMsg HTTP/1.1" 302 -
124.79.74.67 - - [01/May/2023:09:25:00 +0800] "GET /xingrg/all/function/internal_message.html?_=1682904302927&CODE_STATE=getMsg HTTP/1.1" 200 27
124.79.74.67 - - [01/May/2023:09:25:00 +0800] "GET /xingrg/check_reg.html?_=1682904302929 HTTP/1.1" 200 22
124.79.74.67 - - [01/May/2023:09:25:00 +0800] "POST /xingrg/dwr/call/plaincall/AjaxCheckService.setItemNumber.dwr HTTP/1.1" 200 77
124.79.74.67 - - [01/May/2023:09:25:01 +0800] "POST /xingrg/dwr/call/plaincall/AjaxCheckService.setItemNumber.dwr HTTP/1.1" 200 77
58.39.109.224 - - [01/May/2023:09:25:01 +0800] "GET /xingrg/check_reg.html?_=1682904303396 HTTP/1.1" 200 22
58.39.109.224 - - [01/May/2023:09:25:01 +0800] "GET /xingrg/all/function/internal_message.html?_=1682904303397&CODE_STATE=getMsg HTTP/1.1" 200 27
124.79.74.67 - - [01/May/2023:09:25:01 +0800] "POST /xingrg/dwr/call/plaincall/AjaxCheckService.setItemNumber.dwr HTTP/1.1" 200 77
114.83.217.213 - - [01/May/2023:09:25:02 +0800] "POST /xingrg/dwr/call/plaincall/AjaxCheckService.setItemRemark.dwr HTTP/1.1" 200 77
218.81.73.202 - - [01/May/2023:09:25:03 +0800] "GET /xingrg/all/function/internal_message.html?_=1682904304965&CODE_STATE=getMsg HTTP/1.1" 200 27
180.171.122.0 - - [01/May/2023:09:25:05 +0800] "GET /xingrg/kc/buy/cgsh_order_operate.html?command=get_materiel&rest_code=00111&code=00101012051&supplier_code=00100037&order_time=2023-05-01 HTTP/1.1" 200 408
114.83.217.213 - - [01/May/2023:09:25:06 +0800] "POST /xingrg/dwr/call/plaincall/AjaxCheckService.setItemNumber.dwr HTTP/1.1" 200 77
124.79.74.67 - - [01/May/2023:09:25:07 +0800] "GET /xingrg/kc/base/check_order_list.html?isBack=1 HTTP/1.1" 200 16223
124.79.74.67 - - [01/May/2023:09:25:07 +0800] "POST /xingrg/kc/base/check_list_operate.html HTTP/1.1" 200 4555
114.83.217.213 - - [01/May/2023:09:25:08 +0800] "POST /xingrg/dwr/call/plaincall/AjaxCheckService.setItemNumber.dwr HTTP/1.1" 200 77
218.81.73.202 - - [01/May/2023:09:25:09 +0800] "POST /xingrg/kc/base/check_list_operate.html HTTP/1.1" 200 2223
124.79.74.67 - - [01/May/2023:09:25:10 +0800] "GET /xingrg/kc/base/check_order_info.html?code=452023043000478 HTTP/1.1" 200 26478
124.79.74.67 - - [01/May/2023:09:25:10 +0800] "GET /xingrg/dwr/interface/AjaxComOrderService.js HTTP/1.1" 200 18264
124.79.74.67 - - [01/May/2023:09:25:10 +0800] "GET /xingrg/dwr/interface/AjaxCheckService.js HTTP/1.1" 200 14003
124.79.74.67 - - [01/May/2023:09:25:10 +0800] "GET /xingrg/dwr/engine.js HTTP/1.1" 200 43631
114.83.217.213 - - [01/May/2023:09:25:10 +0800] "POST /xingrg/dwr/call/plaincall/AjaxCheckService.setItemNumber.dwr HTTP/1.1" 200 77
218.81.73.202 - - [01/May/2023:09:25:10 +0800] "GET /xingrg/kc/base/check_order_info.html?code=452023043000561 HTTP/1.1" 200 26514
218.81.73.202 - - [01/May/2023:09:25:10 +0800] "GET /xingrg/dwr/interface/AjaxComOrderService.js HTTP/1.1" 200 18264
218.81.73.202 - - [01/May/2023:09:25:10 +0800] "GET /xingrg/dwr/interface/AjaxCheckService.js HTTP/1.1" 200 14003
218.81.73.202 - - [01/May/2023:09:25:10 +0800] "GET /xingrg/dwr/engine.js HTTP/1.1" 200 43631
124.79.74.67 - - [01/May/2023:09:25:11 +0800] "POST /xingrg/dwr/call/plaincall/AjaxCheckService.loadOrderItems.dwr HTTP/1.1" 200 153136
218.81.73.202 - - [01/May/2023:09:25:11 +0800] "POST /xingrg/dwr/call/plaincall/AjaxCheckService.loadOrderItems.dwr HTTP/1.1" 200 47835
116.238.139.35 - - [01/May/2023:09:25:12 +0800] "GET /xingrg/kc/buy/cgsh_order_operate.html?command=get_materiel&rest_code=00150&code=00101009062&supplier_code=00100022&order_time=2023-05-01 HTTP/1.1" 200 412
124.77.244.62 - - [01/May/2023:09:25:12 +0800] "GET /xingrg/all/function/internal_message.html?_=1682904314247&CODE_STATE=getMsg HTTP/1.1" 200 27
180.169.147.146 - - [01/May/2023:09:25:14 +0800] "GET /xingrg/check_reg.html?_=1682904313717 HTTP/1.1" 200 22
180.169.147.146 - - [01/May/2023:09:25:14 +0800] "GET /xingrg/all/function/internal_message.html?_=1682904313719&CODE_STATE=getMsg HTTP/1.1" 200 27
116.224.158.100 - - [01/May/2023:09:25:14 +0800] "GET /xingrg/check_reg.html?_=1682904153429 HTTP/1.1" 200 22
116.224.158.100 - - [01/May/2023:09:25:14 +0800] "GET /xingrg/all/function/internal_message.html?_=1682904153433&CODE_STATE=getMsg HTTP/1.1" 200 27
114.83.217.213 - - [01/May/2023:09:25:15 +0800] "POST /xingrg/dwr/call/plaincall/AjaxCheckService.setItemRemark.dwr HTTP/1.1" 200 77
218.81.73.202 - - [01/May/2023:09:25:16 +0800] "POST /xingrg/dwr/call/plaincall/AjaxCheckService.setItemNumber.dwr HTTP/1.1" 200 76
124.79.74.67 - - [01/May/2023:09:25:18 +0800] "POST /xingrg/dwr/call/plaincall/AjaxCheckService.setItemNumber.dwr HTTP/1.1" 200 76
124.79.74.67 - - [01/May/2023:09:25:18 +0800] "POST /xingrg/dwr/call/plaincall/AjaxCheckService.setItemNumber.dwr HTTP/1.1" 200 76
116.224.120.182 - - [01/May/2023:09:25:18 +0800] "GET /xingrg/check_reg.html?_=1682904320221 HTTP/1.1" 302 -
124.79.74.67 - - [01/May/2023:09:25:18 +0800] "POST /xingrg/dwr/call/plaincall/AjaxCheckService.setItemNumber.dwr HTTP/1.1" 200 76
124.79.74.67 - - [01/May/2023:09:25:19 +0800] "POST /xingrg/dwr/call/plaincall/AjaxCheckService.setItemNumber.dwr HTTP/1.1" 200 76
114.83.217.213 - - [01/May/2023:09:25:20 +0800] "GET /xingrg/check_reg.html?_=1682904320150 HTTP/1.1" 200 22
114.83.217.213 - - [01/May/2023:09:25:20 +0800] "POST /xingrg/dwr/call/plaincall/AjaxCheckService.setItemNumber.dwr HTTP/1.1" 200 77
116.238.139.35 - - [01/May/2023:09:25:20 +0800] "GET /xingrg/kc/buy/cgsh_order_operate.html?command=get_materiel&rest_code=00150&code=00101009011&supplier_code=00100022&order_time=2023-05-01 HTTP/1.1" 200 416
114.83.217.213 - - [01/May/2023:09:25:20 +0800] "GET /xingrg/all/function/internal_message.html?_=1682904320648&CODE_STATE=getMsg HTTP/1.1" 200 27
124.79.74.67 - - [01/May/2023:09:25:20 +0800] "POST /xingrg/dwr/call/plaincall/AjaxCheckService.setItemNumber.dwr HTTP/1.1" 200 76
114.83.217.213 - - [01/May/2023:09:25:20 +0800] "POST /xingrg/dwr/call/plaincall/AjaxCheckService.setItemNumber.dwr HTTP/1.1" 200 77
124.79.74.67 - - [01/May/2023:09:25:21 +0800] "POST /xingrg/dwr/call/plaincall/AjaxCheckService.setItemNumber.dwr HTTP/1.1" 200 76
114.83.217.213 - - [01/May/2023:09:25:21 +0800] "POST /xingrg/dwr/call/plaincall/AjaxCheckService.setItemNumber.dwr HTTP/1.1" 200 77
218.81.73.202 - - [01/May/2023:09:25:21 +0800] "POST /xingrg/dwr/call/plaincall/AjaxCheckService.setItemRemark.dwr HTTP/1.1" 200 76
114.83.217.213 - - [01/May/2023:09:25:22 +0800] "POST /xingrg/dwr/call/plaincall/AjaxCheckService.setItemNumber.dwr HTTP/1.1" 200 77
124.79.74.67 - - [01/May/2023:09:25:22 +0800] "POST /xingrg/dwr/call/plaincall/AjaxCheckService.setItemNumber.dwr HTTP/1.1" 200 76
114.83.217.213 - - [01/May/2023:09:25:22 +0800] "POST /xingrg/dwr/call/plaincall/AjaxCheckService.setItemNumber.dwr HTTP/1.1" 200 77
114.83.217.213 - - [01/May/2023:09:25:22 +0800] "POST /xingrg/dwr/call/plaincall/AjaxCheckService.setItemNumber.dwr HTTP/1.1" 200 77
124.79.74.67 - - [01/May/2023:09:25:23 +0800] "POST /xingrg/dwr/call/plaincall/AjaxCheckService.setItemNumber.dwr HTTP/1.1" 200 76
124.79.74.67 - - [01/May/2023:09:25:23 +0800] "POST /xingrg/dwr/call/plaincall/AjaxCheckService.setItemNumber.dwr HTTP/1.1" 200 76
114.83.217.213 - - [01/May/2023:09:25:23 +0800] "POST /xingrg/dwr/call/plaincall/AjaxCheckService.setItemNumber.dwr HTTP/1.1" 200 77
124.79.74.67 - - [01/May/2023:09:25:24 +0800] "POST /xingrg/dwr/call/plaincall/AjaxCheckService.setItemNumber.dwr HTTP/1.1" 200 77
