114.83.220.145 - - [29/Apr/2023:09:23:53 +0800] "GET /xingrg/kc/buy/cgsh_order_operate.html?command=get_materiel&rest_code=00149&code=00101020052&supplier_code=00100008&order_time=2023-04-29 HTTP/1.1" 200 419
116.238.139.35 - - [29/Apr/2023:09:23:53 +0800] "GET /xingrg/all/function/internal_message.html?_=1682731433036&CODE_STATE=getMsg HTTP/1.1" 200 27
180.171.122.0 - - [29/Apr/2023:09:23:53 +0800] "GET /xingrg/kc/buy/cgsh_order_operate.html?command=get_materiel&rest_code=00111&code=00101011005&supplier_code=00100037&order_time=2023-04-29 HTTP/1.1" 200 429
116.238.139.35 - - [29/Apr/2023:09:23:54 +0800] "GET /xingrg/check_reg.html?_=1682731374681 HTTP/1.1" 200 22
116.238.139.35 - - [29/Apr/2023:09:23:55 +0800] "GET /xingrg/all/function/internal_message.html?_=1682731374960&CODE_STATE=getMsg HTTP/1.1" 200 27
114.83.220.145 - - [29/Apr/2023:09:23:55 +0800] "GET /xingrg/all/function/internal_message.html?_=1682731432799&CODE_STATE=getMsg HTTP/1.1" 200 27
114.83.220.145 - - [29/Apr/2023:09:23:56 +0800] "POST /xingrg/kc/buy/cgsh_order_operate.html HTTP/1.1" 200 2065
58.40.7.146 - - [29/Apr/2023:09:23:57 +0800] "GET /xingrg/all/function/internal_message.html?_=1682731437247&CODE_STATE=getMsg HTTP/1.1" 200 27
180.171.122.0 - - [29/Apr/2023:09:23:58 +0800] "GET /xingrg/all/function/internal_message.html?_=1682731435555&CODE_STATE=getMsg HTTP/1.1" 200 27
116.238.139.35 - - [29/Apr/2023:09:23:58 +0800] "GET /xingrg/kc/buy/cgsh_order_operate.html?command=get_materiel&rest_code=00150&code=00101008318&supplier_code=00100008&order_time=2023-04-29 HTTP/1.1" 200 408
124.77.241.237 - - [29/Apr/2023:09:24:00 +0800] "GET /xingrg/check_reg.html?_=1682731462369 HTTP/1.1" 200 22
114.83.220.145 - - [29/Apr/2023:09:24:01 +0800] "GET /xingrg/kc/buy/cgsh_order_operate.html?command=get_materiel&rest_code=00149&code=00101008332&supplier_code=00100008&order_time=2023-04-29 HTTP/1.1" 200 412
116.238.139.35 - - [29/Apr/2023:09:24:07 +0800] "POST /xingrg/kc/buy/cgsh_order_operate.html HTTP/1.1" 200 37
116.238.139.35 - - [29/Apr/2023:09:24:10 +0800] "POST /xingrg/kc/buy/cgsh_order_operate.html HTTP/1.1" 200 22798
114.83.220.145 - - [29/Apr/2023:09:24:11 +0800] "GET /xingrg/kc/buy/cgsh_order_operate.html?command=get_materiel&rest_code=00149&code=00101008239&supplier_code=00100008&order_time=2023-04-29 HTTP/1.1" 200 416
58.221.95.50 - - [29/Apr/2023:09:24:12 +0800] "GET /xingrg/all/function/internal_message.html?_=1682731452539&CODE_STATE=getMsg HTTP/1.1" 200 27
116.224.158.100 - - [29/Apr/2023:09:24:12 +0800] "GET /xingrg/all/function/internal_message.html?_=1682731292116&CODE_STATE=getMsg HTTP/1.1" 200 27
116.224.158.100 - - [29/Apr/2023:09:24:13 +0800] "POST /xingrg/kc/buy/cgsh_list_operate.html HTTP/1.1" 200 6039
180.171.122.0 - - [29/Apr/2023:09:24:17 +0800] "GET /xingrg/check_reg.html?_=1682731608622 HTTP/1.1" 302 -
180.171.122.0 - - [29/Apr/2023:09:24:19 +0800] "GET /xingrg/kc/buy/cgsh_order_operate.html?command=get_materiel&rest_code=00111&code=00101007109&supplier_code=00100037&order_time=2023-04-29 HTTP/1.1" 200 408
116.224.120.182 - - [29/Apr/2023:09:24:22 +0800] "GET /xingrg/all/function/internal_message.html?_=1682731462912&CODE_STATE=getMsg HTTP/1.1" 200 27
116.224.120.182 - - [29/Apr/2023:09:24:22 +0800] "GET /xingrg/check_reg.html?_=1682731462916 HTTP/1.1" 200 22
114.83.220.145 - - [29/Apr/2023:09:24:22 +0800] "GET /xingrg/kc/buy/cgsh_order_operate.html?command=get_materiel&rest_code=00149&code=00101008224&supplier_code=00100008&order_time=2023-04-29 HTTP/1.1" 200 416
116.224.106.218 - - [29/Apr/2023:09:24:24 +0800] "GET /xingrg/all/function/internal_message.html?_=1682731462134&CODE_STATE=getMsg HTTP/1.1" 200 27
116.224.158.100 - - [29/Apr/2023:09:24:31 +0800] "GET /xingrg/all/function/internal_message.html?_=1682731472351&CODE_STATE=getMsg HTTP/1.1" 200 27
114.83.220.145 - - [29/Apr/2023:09:24:33 +0800] "GET /xingrg/kc/buy/cgsh_order_operate.html?command=get_materiel&rest_code=00149&code=00101008072&supplier_code=00100008&order_time=2023-04-29 HTTP/1.1" 200 408
116.238.139.35 - - [29/Apr/2023:09:24:34 +0800] "GET /xingrg/kc/buy/cgsh_order_operate.html?command=get_materiel&rest_code=00150&code=00101008352&supplier_code=00100008&order_time=2023-04-29 HTTP/1.1" 200 412
101.93.220.215 - - [29/Apr/2023:09:24:37 +0800] "POST /xingrg/services/DataTransmitService HTTP/1.1" 200 524
180.171.122.0 - - [29/Apr/2023:09:24:39 +0800] "POST /xingrg/kc/buy/cgsh_order_operate.html HTTP/1.1" 200 2065
116.227.208.255 - - [29/Apr/2023:09:24:39 +0800] "GET /xingrg/all/function/internal_message.html?_=1682731545521&CODE_STATE=getMsg HTTP/1.1" 200 27
124.77.241.237 - - [29/Apr/2023:09:24:40 +0800] "GET /xingrg/all/function/internal_message.html?_=1682731502316&CODE_STATE=getMsg HTTP/1.1" 200 27
172.20.0.100 - - [29/Apr/2023:09:24:44 +0800] "GET /xingrg/all/function/internal_message.html?_=1682731483783&CODE_STATE=getMsg HTTP/1.1" 302 -
114.83.220.145 - - [29/Apr/2023:09:24:45 +0800] "POST /xingrg/kc/buy/cgsh_order_operate.html HTTP/1.1" 200 2065
120.253.135.82 - - [29/Apr/2023:09:24:46 +0800] "GET /xingrg/all/function/internal_message.html?_=1682731325044&CODE_STATE=getMsg HTTP/1.1" 200 27
116.238.139.35 - - [29/Apr/2023:09:24:46 +0800] "GET /xingrg/kc/buy/cgsh_order_operate.html?command=get_materiel&rest_code=00150&code=00101008005&supplier_code=00100008&order_time=2023-04-29 HTTP/1.1" 200 412
116.224.120.182 - - [29/Apr/2023:09:24:49 +0800] "GET /xingrg/all/function/internal_message.html?_=1682731511568&CODE_STATE=getMsg HTTP/1.1" 200 27
116.238.139.35 - - [29/Apr/2023:09:24:53 +0800] "GET /xingrg/all/function/internal_message.html?_=1682731493039&CODE_STATE=getMsg HTTP/1.1" 200 27
114.83.220.145 - - [29/Apr/2023:09:24:53 +0800] "GET /xingrg/kc/buy/cgsh_order_operate.html?command=get_materiel&rest_code=00149&code=00101008144&supplier_code=00100008&order_time=2023-04-29 HTTP/1.1" 200 412
116.238.139.35 - - [29/Apr/2023:09:24:55 +0800] "GET /xingrg/all/function/internal_message.html?_=1682731434974&CODE_STATE=getMsg HTTP/1.1" 200 27
114.83.220.145 - - [29/Apr/2023:09:24:55 +0800] "GET /xingrg/all/function/internal_message.html?_=1682731492813&CODE_STATE=getMsg HTTP/1.1" 200 27
116.238.139.35 - - [29/Apr/2023:09:24:55 +0800] "GET /xingrg/kc/buy/cgsh_order_operate.html?command=get_materiel&rest_code=00150&code=00101008271&supplier_code=00100008&order_time=2023-04-29 HTTP/1.1" 200 408
58.40.7.146 - - [29/Apr/2023:09:24:57 +0800] "GET /xingrg/all/function/internal_message.html?_=1682731497232&CODE_STATE=getMsg HTTP/1.1" 200 27
180.171.122.0 - - [29/Apr/2023:09:24:58 +0800] "GET /xingrg/all/function/internal_message.html?_=1682731495535&CODE_STATE=getMsg HTTP/1.1" 200 27
172.20.0.100 - - [29/Apr/2023:09:25:00 +0800] "GET /xingrg/check_reg.html?_=1682731515757 HTTP/1.1" 302 -
124.78.159.81 - - [29/Apr/2023:09:25:02 +0800] "POST /xingrg/kc/buy/cgsh_order_operate.html HTTP/1.1" 200 29228
114.83.220.145 - - [29/Apr/2023:09:25:03 +0800] "GET /xingrg/kc/buy/cgsh_order_operate.html?command=get_materiel&rest_code=00149&code=00101008024&supplier_code=00100008&order_time=2023-04-29 HTTP/1.1" 200 408
114.83.220.145 - - [29/Apr/2023:09:25:11 +0800] "GET /xingrg/kc/buy/cgsh_order_operate.html?command=get_materiel&rest_code=00149&code=00101008356&supplier_code=00100008&order_time=2023-04-29 HTTP/1.1" 200 408
58.221.95.50 - - [29/Apr/2023:09:25:12 +0800] "GET /xingrg/all/function/internal_message.html?_=1682731512527&CODE_STATE=getMsg HTTP/1.1" 200 27
116.224.158.100 - - [29/Apr/2023:09:25:12 +0800] "GET /xingrg/all/function/internal_message.html?_=1682731352115&CODE_STATE=getMsg HTTP/1.1" 200 27
116.224.158.100 - - [29/Apr/2023:09:25:12 +0800] "GET /xingrg/check_reg.html?_=1682731352116 HTTP/1.1" 200 22
124.78.159.81 - - [29/Apr/2023:09:25:16 +0800] "GET /xingrg/all/function/internal_message.html?_=1682731515106&CODE_STATE=getMsg HTTP/1.1" 200 27
124.78.159.81 - - [29/Apr/2023:09:25:17 +0800] "GET /xingrg/check_reg.html?_=1682731515202 HTTP/1.1" 200 22
116.224.120.182 - - [29/Apr/2023:09:25:22 +0800] "GET /xingrg/all/function/internal_message.html?_=1682731522911&CODE_STATE=getMsg HTTP/1.1" 200 27
116.224.106.218 - - [29/Apr/2023:09:25:24 +0800] "GET /xingrg/all/function/internal_message.html?_=1682731522117&CODE_STATE=getMsg HTTP/1.1" 200 27
114.83.220.145 - - [29/Apr/2023:09:25:24 +0800] "GET /xingrg/kc/buy/cgsh_order_operate.html?command=get_materiel&rest_code=00149&code=00101008300&supplier_code=00100008&order_time=2023-04-29 HTTP/1.1" 200 412
124.78.159.81 - - [29/Apr/2023:09:25:26 +0800] "GET /xingrg/kc/buy/cgsh_order_operate.html?command=get_materiel&rest_code=00106&code=00101008049&supplier_code=00100007&order_time=2023-04-29 HTTP/1.1" 200 408
116.224.158.100 - - [29/Apr/2023:09:25:31 +0800] "GET /xingrg/check_reg.html?_=1682731532348 HTTP/1.1" 200 22
116.224.158.100 - - [29/Apr/2023:09:25:31 +0800] "GET /xingrg/all/function/internal_message.html?_=1682731532350&CODE_STATE=getMsg HTTP/1.1" 200 27
116.238.139.35 - - [29/Apr/2023:09:25:36 +0800] "POST /xingrg/kc/buy/cgsh_order_operate.html HTTP/1.1" 200 37
116.238.139.35 - - [29/Apr/2023:09:25:38 +0800] "POST /xingrg/kc/buy/cgsh_order_operate.html HTTP/1.1" 200 24571
124.78.159.81 - - [29/Apr/2023:09:25:39 +0800] "GET /xingrg/kc/buy/cgsh_order_operate.html?command=get_materiel&rest_code=00106&code=00101008126&supplier_code=00100007&order_time=2023-04-29 HTTP/1.1" 200 412
116.227.208.255 - - [29/Apr/2023:09:25:39 +0800] "GET /xingrg/all/function/internal_message.html?_=1682731605491&CODE_STATE=getMsg HTTP/1.1" 200 27
114.83.220.145 - - [29/Apr/2023:09:25:39 +0800] "GET /xingrg/kc/buy/cgsh_order_operate.html?command=get_materiel&rest_code=00149&code=00101008205&supplier_code=00100008&order_time=2023-04-29 HTTP/1.1" 200 412
124.77.241.237 - - [29/Apr/2023:09:25:40 +0800] "GET /xingrg/all/function/internal_message.html?_=1682731562331&CODE_STATE=getMsg HTTP/1.1" 200 27
116.224.106.218 - - [29/Apr/2023:09:25:43 +0800] "GET /xingrg/check_reg.html?_=1682731541715 HTTP/1.1" 200 22
172.20.0.100 - - [29/Apr/2023:09:25:44 +0800] "GET /xingrg/all/function/internal_message.html?_=1682731543772&CODE_STATE=getMsg HTTP/1.1" 302 -
120.253.135.82 - - [29/Apr/2023:09:25:46 +0800] "GET /xingrg/all/function/internal_message.html?_=1682731385162&CODE_STATE=getMsg HTTP/1.1" 200 27
124.78.159.81 - - [29/Apr/2023:09:25:47 +0800] "GET /xingrg/kc/buy/cgsh_order_operate.html?command=get_materiel&rest_code=00106&code=00101008321&supplier_code=00100007&order_time=2023-04-29 HTTP/1.1" 200 412
116.224.120.182 - - [29/Apr/2023:09:25:49 +0800] "GET /xingrg/all/function/internal_message.html?_=1682731571563&CODE_STATE=getMsg HTTP/1.1" 200 27
218.81.76.134 - - [29/Apr/2023:09:25:53 +0800] "POST /xingrg/services/DataTransmitService HTTP/1.1" 200 524
116.238.139.35 - - [29/Apr/2023:09:25:53 +0800] "GET /xingrg/all/function/internal_message.html?_=1682731553038&CODE_STATE=getMsg HTTP/1.1" 200 27
116.238.139.35 - - [29/Apr/2023:09:25:53 +0800] "GET /xingrg/check_reg.html?_=1682731553039 HTTP/1.1" 200 22
116.238.139.35 - - [29/Apr/2023:09:25:55 +0800] "GET /xingrg/all/function/internal_message.html?_=1682731494986&CODE_STATE=getMsg HTTP/1.1" 200 27
114.83.220.145 - - [29/Apr/2023:09:25:55 +0800] "GET /xingrg/all/function/internal_message.html?_=1682731552809&CODE_STATE=getMsg HTTP/1.1" 200 27
58.40.7.146 - - [29/Apr/2023:09:25:57 +0800] "GET /xingrg/all/function/internal_message.html?_=1682731557204&CODE_STATE=getMsg HTTP/1.1" 200 27
180.171.122.0 - - [29/Apr/2023:09:25:58 +0800] "GET /xingrg/all/function/internal_message.html?_=1682731555505&CODE_STATE=getMsg HTTP/1.1" 200 27
114.83.220.145 - - [29/Apr/2023:09:25:58 +0800] "POST /xingrg/services/DataTransmitService HTTP/1.1" 200 524
124.78.159.81 - - [29/Apr/2023:09:25:59 +0800] "GET /xingrg/kc/buy/cgsh_order_operate.html?command=get_materiel&rest_code=00106&code=00101008207&supplier_code=00100007&order_time=2023-04-29 HTTP/1.1" 200 408
114.83.220.145 - - [29/Apr/2023:09:25:59 +0800] "POST /xingrg/services/DataTransmitService HTTP/1.1" 200 2063
114.83.220.145 - - [29/Apr/2023:09:26:00 +0800] "POST /xingrg/services/DataTransmitService HTTP/1.1" 200 2455
114.83.220.145 - - [29/Apr/2023:09:26:00 +0800] "POST /xingrg/services/DataTransmitService HTTP/1.1" 200 1447
120.253.135.82 - - [29/Apr/2023:09:26:01 +0800] "GET /xingrg/check_reg.html?_=1682731399780 HTTP/1.1" 200 22
124.78.159.81 - - [29/Apr/2023:09:26:01 +0800] "POST /xingrg/kc/buy/cgsh_order_operate.html HTTP/1.1" 200 2065
114.83.220.145 - - [29/Apr/2023:09:26:02 +0800] "POST /xingrg/services/DataTransmitService HTTP/1.1" 200 168552
124.78.159.81 - - [29/Apr/2023:09:26:08 +0800] "GET /xingrg/kc/buy/cgsh_order_operate.html?command=get_materiel&rest_code=00106&code=00101011005&supplier_code=00100007&order_time=2023-04-29 HTTP/1.1" 200 429
58.221.95.50 - - [29/Apr/2023:09:26:12 +0800] "GET /xingrg/all/function/internal_message.html?_=1682731572526&CODE_STATE=getMsg HTTP/1.1" 200 27
114.83.220.145 - - [29/Apr/2023:09:26:12 +0800] "POST /xingrg/kc/buy/cgsh_order_operate.html HTTP/1.1" 200 2065
116.224.158.100 - - [29/Apr/2023:09:26:12 +0800] "GET /xingrg/all/function/internal_message.html?_=1682731412114&CODE_STATE=getMsg HTTP/1.1" 200 27
124.78.159.81 - - [29/Apr/2023:09:26:16 +0800] "GET /xingrg/all/function/internal_message.html?_=1682731575096&CODE_STATE=getMsg HTTP/1.1" 200 27
218.81.76.134 - - [29/Apr/2023:09:26:18 +0800] "GET /xingrg/check_reg.html?_=1682731577984 HTTP/1.1" 200 22
124.78.159.81 - - [29/Apr/2023:09:26:18 +0800] "GET /xingrg/kc/buy/cgsh_order_operate.html?command=get_materiel&rest_code=00106&code=00101008350&supplier_code=00100007&order_time=2023-04-29 HTTP/1.1" 200 408
114.83.220.145 - - [29/Apr/2023:09:26:21 +0800] "GET /xingrg/kc/buy/cgsh_order_operate.html?command=get_materiel&rest_code=00149&code=00101008439&supplier_code=00100008&order_time=2023-04-29 HTTP/1.1" 200 413
116.224.120.182 - - [29/Apr/2023:09:26:22 +0800] "GET /xingrg/all/function/internal_message.html?_=1682731582914&CODE_STATE=getMsg HTTP/1.1" 200 27
58.40.7.146 - - [29/Apr/2023:09:26:22 +0800] "GET /xingrg/check_reg.html?_=1682731582719 HTTP/1.1" 200 22
116.224.106.218 - - [29/Apr/2023:09:26:24 +0800] "GET /xingrg/all/function/internal_message.html?_=1682731582105&CODE_STATE=getMsg HTTP/1.1" 200 27
116.224.158.100 - - [29/Apr/2023:09:26:31 +0800] "GET /xingrg/all/function/internal_message.html?_=1682731592337&CODE_STATE=getMsg HTTP/1.1" 200 27
114.83.220.145 - - [29/Apr/2023:09:26:35 +0800] "GET /xingrg/kc/buy/cgsh_order_operate.html?command=get_materiel&rest_code=00149&code=00101008137&supplier_code=00100008&order_time=2023-04-29 HTTP/1.1" 200 408
116.227.208.255 - - [29/Apr/2023:09:26:39 +0800] "GET /xingrg/all/function/internal_message.html?_=1682731665479&CODE_STATE=getMsg HTTP/1.1" 200 27
124.77.241.237 - - [29/Apr/2023:09:26:41 +0800] "GET /xingrg/all/function/internal_message.html?_=1682731623000&CODE_STATE=getMsg HTTP/1.1" 200 27
180.171.122.0 - - [29/Apr/2023:09:26:42 +0800] "POST /xingrg/services/DataTransmitService HTTP/1.1" 200 524
172.20.0.100 - - [29/Apr/2023:09:26:44 +0800] "GET /xingrg/all/function/internal_message.html?_=1682731603773&CODE_STATE=getMsg HTTP/1.1" 302 -
172.20.0.100 - - [29/Apr/2023:09:26:44 +0800] "GET /xingrg/check_reg.html?_=1682731603775 HTTP/1.1" 302 -
120.253.135.82 - - [29/Apr/2023:09:26:46 +0800] "GET /xingrg/all/function/internal_message.html?_=1682731445176&CODE_STATE=getMsg HTTP/1.1" 200 27
116.224.120.182 - - [29/Apr/2023:09:26:49 +0800] "GET /xingrg/all/function/internal_message.html?_=1682731631562&CODE_STATE=getMsg HTTP/1.1" 200 27
124.78.159.81 - - [29/Apr/2023:09:26:50 +0800] "GET /xingrg/kc/buy/cgsh_order_operate.html?command=get_materiel&rest_code=00106&code=00101008209&supplier_code=00100007&order_time=2023-04-29 HTTP/1.1" 200 409
116.238.139.35 - - [29/Apr/2023:09:26:53 +0800] "GET /xingrg/all/function/internal_message.html?_=1682731613040&CODE_STATE=getMsg HTTP/1.1" 200 27
116.238.139.35 - - [29/Apr/2023:09:26:55 +0800] "GET /xingrg/all/function/internal_message.html?_=1682731555106&CODE_STATE=getMsg HTTP/1.1" 200 27
114.83.220.145 - - [29/Apr/2023:09:26:55 +0800] "GET /xingrg/all/function/internal_message.html?_=1682731612819&CODE_STATE=getMsg HTTP/1.1" 200 27
58.40.7.146 - - [29/Apr/2023:09:26:57 +0800] "GET /xingrg/all/function/internal_message.html?_=1682731617178&CODE_STATE=getMsg HTTP/1.1" 200 27
180.171.122.0 - - [29/Apr/2023:09:26:58 +0800] "GET /xingrg/all/function/internal_message.html?_=1682731615481&CODE_STATE=getMsg HTTP/1.1" 200 27
180.171.122.0 - - [29/Apr/2023:09:27:02 +0800] "POST /xingrg/services/DataTransmitService HTTP/1.1" 200 501
124.78.159.81 - - [29/Apr/2023:09:27:02 +0800] "POST /xingrg/kc/buy/cgsh_order_operate.html HTTP/1.1" 200 37
180.171.122.0 - - [29/Apr/2023:09:27:03 +0800] "POST /xingrg/services/DataTransmitService HTTP/1.1" 200 501
124.78.159.81 - - [29/Apr/2023:09:27:04 +0800] "POST /xingrg/kc/buy/cgsh_order_operate.html HTTP/1.1" 200 34553
114.83.220.145 - - [29/Apr/2023:09:27:09 +0800] "GET /xingrg/kc/buy/cgsh_order_operate.html?command=get_materiel&rest_code=00149&code=00101008059&supplier_code=00100008&order_time=2023-04-29 HTTP/1.1" 200 408
58.221.95.50 - - [29/Apr/2023:09:27:12 +0800] "GET /xingrg/check_reg.html?_=1682731632531 HTTP/1.1" 200 22
58.221.95.50 - - [29/Apr/2023:09:27:12 +0800] "GET /xingrg/all/function/internal_message.html?_=1682731632533&CODE_STATE=getMsg HTTP/1.1" 200 27
116.224.158.100 - - [29/Apr/2023:09:27:12 +0800] "GET /xingrg/all/function/internal_message.html?_=1682731472111&CODE_STATE=getMsg HTTP/1.1" 200 27
180.171.122.0 - - [29/Apr/2023:09:27:12 +0800] "POST /xingrg/services/DataTransmitService HTTP/1.1" 200 501
124.78.159.81 - - [29/Apr/2023:09:27:16 +0800] "GET /xingrg/all/function/internal_message.html?_=1682731635094&CODE_STATE=getMsg HTTP/1.1" 200 27
124.78.159.81 - - [29/Apr/2023:09:27:21 +0800] "GET /xingrg/kc/buy/cgsh_order_operate.html?command=get_materiel&rest_code=00106&code=00101008223&supplier_code=00100007&order_time=2023-04-29 HTTP/1.1" 200 412
114.83.220.145 - - [29/Apr/2023:09:27:21 +0800] "GET /xingrg/kc/buy/cgsh_order_operate.html?command=get_materiel&rest_code=00149&code=00101008077&supplier_code=00100008&order_time=2023-04-29 HTTP/1.1" 200 416
116.224.120.182 - - [29/Apr/2023:09:27:22 +0800] "GET /xingrg/all/function/internal_message.html?_=1682731642916&CODE_STATE=getMsg HTTP/1.1" 200 27
180.171.122.0 - - [29/Apr/2023:09:27:23 +0800] "POST /xingrg/services/DataTransmitService HTTP/1.1" 200 501
116.224.106.218 - - [29/Apr/2023:09:27:24 +0800] "GET /xingrg/all/function/internal_message.html?_=1682731642089&CODE_STATE=getMsg HTTP/1.1" 200 27
180.171.122.0 - - [29/Apr/2023:09:27:24 +0800] "POST /xingrg/services/DataTransmitService HTTP/1.1" 200 501
180.171.122.0 - - [29/Apr/2023:09:27:25 +0800] "POST /xingrg/services/DataTransmitService HTTP/1.1" 200 501
180.171.122.0 - - [29/Apr/2023:09:27:29 +0800] "POST /xingrg/services/DataTransmitService HTTP/1.1" 200 501
180.171.122.0 - - [29/Apr/2023:09:27:30 +0800] "POST /xingrg/services/DataTransmitService HTTP/1.1" 200 501
180.171.122.0 - - [29/Apr/2023:09:27:31 +0800] "POST /xingrg/services/DataTransmitService HTTP/1.1" 200 501
116.224.158.100 - - [29/Apr/2023:09:27:31 +0800] "GET /xingrg/all/function/internal_message.html?_=1682731652337&CODE_STATE=getMsg HTTP/1.1" 200 27
180.171.122.0 - - [29/Apr/2023:09:27:31 +0800] "POST /xingrg/services/DataTransmitService HTTP/1.1" 200 412
114.83.220.145 - - [29/Apr/2023:09:27:33 +0800] "GET /xingrg/kc/buy/cgsh_order_operate.html?command=get_materiel&rest_code=00149&code=00101008223&supplier_code=00100008&order_time=2023-04-29 HTTP/1.1" 200 412
114.83.220.145 - - [29/Apr/2023:09:27:37 +0800] "POST /xingrg/kc/buy/cgsh_order_operate.html HTTP/1.1" 200 2065
116.227.208.255 - - [29/Apr/2023:09:27:39 +0800] "GET /xingrg/all/function/internal_message.html?_=1682731725472&CODE_STATE=getMsg HTTP/1.1" 200 27
116.227.208.255 - - [29/Apr/2023:09:27:40 +0800] "GET /xingrg/check_reg.html?_=1682731726078 HTTP/1.1" 200 22
124.77.241.237 - - [29/Apr/2023:09:27:41 +0800] "GET /xingrg/all/function/internal_message.html?_=1682731683013&CODE_STATE=getMsg HTTP/1.1" 200 27
172.20.0.100 - - [29/Apr/2023:09:27:44 +0800] "GET /xingrg/all/function/internal_message.html?_=1682731663778&CODE_STATE=getMsg HTTP/1.1" 302 -
114.83.220.145 - - [29/Apr/2023:09:27:45 +0800] "GET /xingrg/kc/buy/cgsh_order_operate.html?command=get_materiel&rest_code=00149&code=00101008304&supplier_code=00100008&order_time=2023-04-29 HTTP/1.1" 200 412
120.253.135.82 - - [29/Apr/2023:09:27:46 +0800] "GET /xingrg/all/function/internal_message.html?_=1682731505191&CODE_STATE=getMsg HTTP/1.1" 200 27
124.78.159.81 - - [29/Apr/2023:09:27:47 +0800] "POST /xingrg/kc/buy/cgsh_order_operate.html HTTP/1.1" 200 2065
116.238.139.35 - - [29/Apr/2023:09:27:53 +0800] "GET /xingrg/all/function/internal_message.html?_=1682731673039&CODE_STATE=getMsg HTTP/1.1" 200 27
114.83.220.145 - - [29/Apr/2023:09:27:55 +0800] "GET /xingrg/check_reg.html?_=1682731672816 HTTP/1.1" 200 22
114.83.220.145 - - [29/Apr/2023:09:27:55 +0800] "GET /xingrg/all/function/internal_message.html?_=1682731672821&CODE_STATE=getMsg HTTP/1.1" 200 27
58.40.7.146 - - [29/Apr/2023:09:27:57 +0800] "GET /xingrg/all/function/internal_message.html?_=1682731677164&CODE_STATE=getMsg HTTP/1.1" 200 27
180.171.122.0 - - [29/Apr/2023:09:27:58 +0800] "GET /xingrg/all/function/internal_message.html?_=1682731675451&CODE_STATE=getMsg HTTP/1.1" 200 27
116.238.139.35 - - [29/Apr/2023:09:27:58 +0800] "GET /xingrg/login.html HTTP/1.1" 200 7641
116.238.139.35 - - [29/Apr/2023:09:27:58 +0800] "GET /xingrg/images/blue/jxLogo.png HTTP/1.1" 304 -
116.238.139.35 - - [29/Apr/2023:09:27:58 +0800] "GET /xingrg/images/blue/login_bg.png HTTP/1.1" 304 -
116.238.139.35 - - [29/Apr/2023:09:27:58 +0800] "GET /xingrg/images/blue/hj.png HTTP/1.1" 304 -
116.238.139.35 - - [29/Apr/2023:09:27:58 +0800] "GET /xingrg/images/blue/srbg.png HTTP/1.1" 304 -
116.238.139.35 - - [29/Apr/2023:09:27:59 +0800] "GET /favicon.ico HTTP/1.1" 404 -
124.78.159.81 - - [29/Apr/2023:09:28:00 +0800] "GET /xingrg/kc/buy/cgsh_order_operate.html?command=get_materiel&rest_code=00106&code=00101008095&supplier_code=00100007&order_time=2023-04-29 HTTP/1.1" 200 412
116.238.139.35 - - [29/Apr/2023:09:28:04 +0800] "POST /xingrg/login.do HTTP/1.1" 302 -
116.238.139.35 - - [29/Apr/2023:09:28:04 +0800] "GET /xingrg/index.html?sysBaseUrl=http%3A%2F%2F180.169.147.146%3A18081%2Fxingrg%2F&costTime=808×tamp=1682731684585 HTTP/1.1" 200 17179
116.238.139.35 - - [29/Apr/2023:09:28:04 +0800] "GET /xingrg/javascript/jquery_easy_ui/themes/default/easyui.css HTTP/1.1" 304 -
116.238.139.35 - - [29/Apr/2023:09:28:04 +0800] "GET /xingrg/javascript/jquery_easy_ui/themes/icon.css HTTP/1.1" 304 -
116.238.139.35 - - [29/Apr/2023:09:28:04 +0800] "GET /xingrg/javascript/jquery.timers.js HTTP/1.1" 304 -
116.238.139.35 - - [29/Apr/2023:09:28:04 +0800] "GET /xingrg/javascript/jquery-1.4.2.min.js HTTP/1.1" 304 -
116.238.139.35 - - [29/Apr/2023:09:28:04 +0800] "GET /xingrg/javascript/jquery.form.js HTTP/1.1" 304 -
116.238.139.35 - - [29/Apr/2023:09:28:04 +0800] "GET /xingrg/javascript/jquery.utils.js HTTP/1.1" 304 -
116.238.139.35 - - [29/Apr/2023:09:28:04 +0800] "GET /xingrg/javascript/jquery_easy_ui/easyui-lang-zh_CN.js HTTP/1.1" 304 -
116.238.139.35 - - [29/Apr/2023:09:28:04 +0800] "GET /xingrg/javascript/jquery_easy_ui/jquery.easyui.min.js HTTP/1.1" 304 -
116.238.139.35 - - [29/Apr/2023:09:28:04 +0800] "GET /xingrg/css/form.css HTTP/1.1" 304 -
116.238.139.35 - - [29/Apr/2023:09:28:04 +0800] "GET /xingrg/images/blue/navBackgound.jpg HTTP/1.1" 304 -
116.238.139.35 - - [29/Apr/2023:09:28:04 +0800] "GET /xingrg/javascript/jquery_easy_ui/themes/icons/settle_new.png HTTP/1.1" 304 -
116.238.139.35 - - [29/Apr/2023:09:28:04 +0800] "GET /favicon.ico HTTP/1.1" 404 -
116.238.139.35 - - [29/Apr/2023:09:28:04 +0800] "GET /xingrg/images/blue/pingpu.png HTTP/1.1" 304 -
116.238.139.35 - - [29/Apr/2023:09:28:04 +0800] "GET /xingrg/javascript/jquery_easy_ui/themes/default/images/tabs_rightarrow.png HTTP/1.1" 304 -
116.238.139.35 - - [29/Apr/2023:09:28:04 +0800] "GET /xingrg/javascript/jquery_easy_ui/themes/default/images/tabs_leftarrow.png HTTP/1.1" 304 -
116.238.139.35 - - [29/Apr/2023:09:28:04 +0800] "GET /xingrg/javascript/jquery_easy_ui/themes/default/images/panel_tool_collapse.gif HTTP/1.1" 304 -
116.238.139.35 - - [29/Apr/2023:09:28:04 +0800] "GET /xingrg/check_reg.html?_=1682731627604 HTTP/1.1" 200 22
116.238.139.35 - - [29/Apr/2023:09:28:04 +0800] "GET /xingrg/all/function/internal_message.html?_=1682731627603&CODE_STATE=count HTTP/1.1" 200 11
116.238.139.35 - - [29/Apr/2023:09:28:04 +0800] "POST /xingrg/all/common/load_tree.html?tree=area_rest_tree_json&manage=1 HTTP/1.1" 200 476
116.238.139.35 - - [29/Apr/2023:09:28:05 +0800] "GET /xingrg/javascript/jquery_easy_ui/themes/default/images/tree_arrows.gif HTTP/1.1" 304 -
116.238.139.35 - - [29/Apr/2023:09:28:05 +0800] "POST /xingrg/load_menu.html HTTP/1.1" 200 5138
116.238.139.35 - - [29/Apr/2023:09:28:05 +0800] "GET /xingrg/javascript/jquery_easy_ui/themes/icons/search_new.png HTTP/1.1" 304 -
116.238.139.35 - - [29/Apr/2023:09:28:05 +0800] "GET /xingrg/javascript/jquery_easy_ui/themes/default/images/tree_folder_open.gif HTTP/1.1" 304 -
116.238.139.35 - - [29/Apr/2023:09:28:05 +0800] "GET /xingrg/javascript/jquery_easy_ui/themes/icons/forms_new.png HTTP/1.1" 304 -
116.238.139.35 - - [29/Apr/2023:09:28:05 +0800] "GET /xingrg/javascript/jquery_easy_ui/themes/default/images/tree_folder.gif HTTP/1.1" 304 -
116.238.139.35 - - [29/Apr/2023:09:28:05 +0800] "GET /xingrg/javascript/jquery_easy_ui/themes/icons/storage_new.png HTTP/1.1" 304 -
116.238.139.35 - - [29/Apr/2023:09:28:05 +0800] "GET /xingrg/javascript/jquery_easy_ui/themes/default/images/tree_file.gif HTTP/1.1" 304 -
116.238.139.35 - - [29/Apr/2023:09:28:07 +0800] "GET /xingrg/javascript/jquery_easy_ui/themes/default/images/tabs_close.gif HTTP/1.1" 304 -
116.238.139.35 - - [29/Apr/2023:09:28:08 +0800] "GET /xingrg/kc/buy/cgsh_order_list.html HTTP/1.1" 200 55291
116.238.139.35 - - [29/Apr/2023:09:28:08 +0800] "GET /xingrg/javascript/jquery_tools/datebox.css HTTP/1.1" 304 -
116.238.139.35 - - [29/Apr/2023:09:28:08 +0800] "GET /xingrg/css/site.css HTTP/1.1" 304 -
116.238.139.35 - - [29/Apr/2023:09:28:08 +0800] "GET /xingrg/css/base.css HTTP/1.1" 304 -
116.238.139.35 - - [29/Apr/2023:09:28:08 +0800] "GET /xingrg/javascript/easyui/themes/default/easyui.css HTTP/1.1" 304 -
116.238.139.35 - - [29/Apr/2023:09:28:08 +0800] "GET /xingrg/javascript/easyui/themes/icon.css HTTP/1.1" 304 -
116.238.139.35 - - [29/Apr/2023:09:28:08 +0800] "GET /xingrg/javascript/jquery_tools/table.css HTTP/1.1" 304 -
116.238.139.35 - - [29/Apr/2023:09:28:08 +0800] "GET /xingrg/javascript/auto/jquery.autocomplete.css HTTP/1.1" 304 -
116.238.139.35 - - [29/Apr/2023:09:28:08 +0800] "GET /xingrg/javascript/jquery_tools/fix.css HTTP/1.1" 304 -
116.238.139.35 - - [29/Apr/2023:09:28:08 +0800] "GET /xingrg/javascript/jquery_tools/jquery.tools.table.js HTTP/1.1" 304 -
116.238.139.35 - - [29/Apr/2023:09:28:08 +0800] "GET /xingrg/javascript/jquery_tools/jquery.tools.extend.js HTTP/1.1" 304 -
116.238.139.35 - - [29/Apr/2023:09:28:08 +0800] "GET /xingrg/javascript/easyui/easyloader.js HTTP/1.1" 304 -
116.238.139.35 - - [29/Apr/2023:09:28:08 +0800] "GET /xingrg/javascript/jquery_tools/jquery.tools.hotkey.js HTTP/1.1" 304 -
116.238.139.35 - - [29/Apr/2023:09:28:08 +0800] "GET /xingrg/javascript/auto/jquery.autocomplete.js HTTP/1.1" 304 -
116.238.139.35 - - [29/Apr/2023:09:28:08 +0800] "GET /xingrg/javascript/jquery.cookie.js HTTP/1.1" 304 -
116.238.139.35 - - [29/Apr/2023:09:28:08 +0800] "GET /xingrg/javascript/jquery_tools/list_manager.js HTTP/1.1" 304 -
116.238.139.35 - - [29/Apr/2023:09:28:08 +0800] "GET /xingrg/javascript/print/LodopFuncs.js HTTP/1.1" 304 -
116.238.139.35 - - [29/Apr/2023:09:28:08 +0800] "GET /xingrg/javascript/jquery_tools/jquery.tools.min.js HTTP/1.1" 304 -
116.238.139.35 - - [29/Apr/2023:09:28:08 +0800] "GET /xingrg/javascript/easyui/themes/icons/cance_new.png HTTP/1.1" 304 -
116.238.139.35 - - [29/Apr/2023:09:28:08 +0800] "GET /xingrg/javascript/easyui/themes/icons/edit_add_new.png HTTP/1.1" 304 -
116.238.139.35 - - [29/Apr/2023:09:28:08 +0800] "GET /xingrg/javascript/easyui/themes/icons/check_new.png HTTP/1.1" 304 -
116.238.139.35 - - [29/Apr/2023:09:28:08 +0800] "GET /xingrg/javascript/easyui/themes/icons/import_new.png HTTP/1.1" 304 -
116.238.139.35 - - [29/Apr/2023:09:28:08 +0800] "GET /xingrg/javascript/easyui/themes/icons/field_new.png HTTP/1.1" 304 -
116.238.139.35 - - [29/Apr/2023:09:28:08 +0800] "GET /xingrg/javascript/easyui/plugins/jquery.parser.js HTTP/1.1" 304 -
116.238.139.35 - - [29/Apr/2023:09:28:08 +0800] "GET /xingrg/images/control/ajaxLoader.gif HTTP/1.1" 304 -
116.238.139.35 - - [29/Apr/2023:09:28:08 +0800] "GET /xingrg/javascript/jquery_easy_ui/themes/icons/area.png HTTP/1.1" 304 -
116.238.139.35 - - [29/Apr/2023:09:28:08 +0800] "GET /xingrg/javascript/jquery_easy_ui/themes/icons/rest.png HTTP/1.1" 304 -
124.78.159.81 - - [29/Apr/2023:09:28:08 +0800] "GET /xingrg/kc/buy/cgsh_order_operate.html?command=get_materiel&rest_code=00106&code=00101008041&supplier_code=00100007&order_time=2023-04-29 HTTP/1.1" 200 408
116.238.139.35 - - [29/Apr/2023:09:28:11 +0800] "POST /xingrg/kc/buy/cgsh_list_operate.html HTTP/1.1" 200 1887
58.221.95.50 - - [29/Apr/2023:09:28:12 +0800] "GET /xingrg/all/function/internal_message.html?_=1682731692525&CODE_STATE=getMsg HTTP/1.1" 200 27
116.224.158.100 - - [29/Apr/2023:09:28:12 +0800] "GET /xingrg/all/function/internal_message.html?_=1682731532110&CODE_STATE=getMsg HTTP/1.1" 200 27
116.238.139.35 - - [29/Apr/2023:09:28:13 +0800] "POST /xingrg/kc/buy/cgsh_list_operate.html HTTP/1.1" 200 571
116.238.139.35 - - [29/Apr/2023:09:28:14 +0800] "GET /xingrg/kc/buy/cgsh_order_info.html?code=212023042910258 HTTP/1.1" 200 71132
116.238.139.35 - - [29/Apr/2023:09:28:14 +0800] "GET /xingrg/javascript/pic_change.js HTTP/1.1" 304 -
116.238.139.35 - - [29/Apr/2023:09:28:14 +0800] "GET /xingrg/javascript/jquery_tools/order_manager.js HTTP/1.1" 304 -
116.238.139.35 - - [29/Apr/2023:09:28:14 +0800] "GET /xingrg/javascript/json2.js HTTP/1.1" 304 -
116.238.139.35 - - [29/Apr/2023:09:28:14 +0800] "GET /xingrg/javascript/convert.js HTTP/1.1" 304 -
116.238.139.35 - - [29/Apr/2023:09:28:14 +0800] "GET /xingrg/javascript/print/kc_print.js HTTP/1.1" 304 -
116.238.139.35 - - [29/Apr/2023:09:28:14 +0800] "GET /xingrg/words/20230428173213_words.js HTTP/1.1" 304 -
116.238.139.35 - - [29/Apr/2023:09:28:15 +0800] "GET /xingrg/javascript/easyui/themes/icons/template_new.png HTTP/1.1" 304 -
116.238.139.35 - - [29/Apr/2023:09:28:15 +0800] "GET /xingrg/javascript/easyui/themes/icons/print.png HTTP/1.1" 304 -
116.238.139.35 - - [29/Apr/2023:09:28:15 +0800] "GET /xingrg/javascript/easyui/themes/icons/copy_new.png HTTP/1.1" 304 -
116.238.139.35 - - [29/Apr/2023:09:28:15 +0800] "GET /xingrg/javascript/easyui/themes/icons/ok.png HTTP/1.1" 304 -
116.238.139.35 - - [29/Apr/2023:09:28:15 +0800] "GET /xingrg/javascript/easyui/themes/default/images/menu_downarrow.png HTTP/1.1" 304 -
116.238.139.35 - - [29/Apr/2023:09:28:15 +0800] "GET /xingrg/javascript/easyui/themes/icons/cancel.png HTTP/1.1" 304 -
116.238.139.35 - - [29/Apr/2023:09:28:15 +0800] "GET /xingrg/javascript/easyui/plugins/jquery.validatebox.js HTTP/1.1" 304 -
116.238.139.35 - - [29/Apr/2023:09:28:15 +0800] "GET /xingrg/javascript/easyui/themes/default/validatebox.css HTTP/1.1" 404 1104
116.238.139.35 - - [29/Apr/2023:09:28:15 +0800] "GET /xingrg/javascript/easyui/plugins/jquery.numberbox.js HTTP/1.1" 304 -
116.238.139.35 - - [29/Apr/2023:09:28:15 +0800] "GET /xingrg/all/common/auto_word.html?type=employee&rest_code=00150 HTTP/1.1" 200 159
116.238.139.35 - - [29/Apr/2023:09:28:15 +0800] "GET /xingrg/all/common/auto_word.html?type=employee&rest_code=00150 HTTP/1.1" 200 159
116.238.139.35 - - [29/Apr/2023:09:28:15 +0800] "POST /xingrg/kc/buy/cgsh_order_operate.html HTTP/1.1" 200 24571
116.238.139.35 - - [29/Apr/2023:09:28:16 +0800] "GET /xingrg/javascript/easyui/themes/icons/edit_remove.png HTTP/1.1" 304 -
124.78.159.81 - - [29/Apr/2023:09:28:16 +0800] "GET /xingrg/all/function/internal_message.html?_=1682731695057&CODE_STATE=getMsg HTTP/1.1" 200 27
114.83.220.145 - - [29/Apr/2023:09:28:19 +0800] "GET /xingrg/kc/buy/cgsh_order_operate.html?command=get_materiel&rest_code=00149&code=00101008029&supplier_code=00100008&order_time=2023-04-29 HTTP/1.1" 200 417
180.171.122.0 - - [29/Apr/2023:09:28:19 +0800] "GET /xingrg/check_reg.html?_=1682731696289 HTTP/1.1" 200 22
116.224.106.218 - - [29/Apr/2023:09:28:24 +0800] "GET /xingrg/all/function/internal_message.html?_=1682731702073&CODE_STATE=getMsg HTTP/1.1" 200 27
116.238.139.35 - - [29/Apr/2023:09:28:26 +0800] "GET /xingrg/javascript/auto/indicator.gif HTTP/1.1" 404 1066
114.83.220.145 - - [29/Apr/2023:09:28:26 +0800] "GET /xingrg/kc/buy/cgsh_order_operate.html?command=get_materiel&rest_code=00149&code=00101008042&supplier_code=00100008&order_time=2023-04-29 HTTP/1.1" 200 416
124.78.159.81 - - [29/Apr/2023:09:28:29 +0800] "GET /xingrg/kc/buy/cgsh_order_operate.html?command=get_materiel&rest_code=00106&code=00101008168&supplier_code=00100007&order_time=2023-04-29 HTTP/1.1" 200 413
116.238.139.35 - - [29/Apr/2023:09:28:30 +0800] "GET /xingrg/kc/buy/cgsh_order_operate.html?command=get_materiel&rest_code=00150&code=00101008353&supplier_code=00100008&order_time=2023-04-29 HTTP/1.1" 200 408
116.224.158.100 - - [29/Apr/2023:09:28:31 +0800] "GET /xingrg/all/function/internal_message.html?_=1682731712338&CODE_STATE=getMsg HTTP/1.1" 200 27
124.78.159.81 - - [29/Apr/2023:09:28:32 +0800] "POST /xingrg/kc/buy/cgsh_order_operate.html HTTP/1.1" 200 2065
116.227.208.255 - - [29/Apr/2023:09:28:39 +0800] "GET /xingrg/all/function/internal_message.html?_=1682731785462&CODE_STATE=getMsg HTTP/1.1" 200 27
124.78.159.81 - - [29/Apr/2023:09:28:39 +0800] "GET /xingrg/kc/buy/cgsh_order_operate.html?command=get_materiel&rest_code=00106&code=00101008150&supplier_code=00100007&order_time=2023-04-29 HTTP/1.1" 200 409
124.77.241.237 - - [29/Apr/2023:09:28:41 +0800] "GET /xingrg/all/function/internal_message.html?_=1682731743647&CODE_STATE=getMsg HTTP/1.1" 200 27
172.20.0.100 - - [29/Apr/2023:09:28:44 +0800] "GET /xingrg/all/function/internal_message.html?_=1682731723781&CODE_STATE=getMsg HTTP/1.1" 302 -
120.253.135.82 - - [29/Apr/2023:09:28:47 +0800] "GET /xingrg/all/function/internal_message.html?_=1682731565317&CODE_STATE=getMsg HTTP/1.1" 200 27
116.224.120.182 - - [29/Apr/2023:09:28:49 +0800] "GET /xingrg/check_reg.html?_=1682731751559 HTTP/1.1" 200 22
114.83.220.145 - - [29/Apr/2023:09:28:49 +0800] "POST /xingrg/kc/buy/cgsh_order_operate.html HTTP/1.1" 200 37
116.238.139.35 - - [29/Apr/2023:09:28:49 +0800] "GET /xingrg/kc/buy/cgsh_order_operate.html?command=get_materiel&rest_code=00150&code=00101008359&supplier_code=00100008&order_time=2023-04-29 HTTP/1.1" 200 408
124.78.159.81 - - [29/Apr/2023:09:28:51 +0800] "GET /xingrg/kc/buy/cgsh_order_operate.html?command=get_materiel&rest_code=00106&code=00101008061&supplier_code=00100007&order_time=2023-04-29 HTTP/1.1" 200 422
114.83.220.145 - - [29/Apr/2023:09:28:52 +0800] "POST /xingrg/kc/buy/cgsh_order_operate.html HTTP/1.1" 200 20461
116.238.139.35 - - [29/Apr/2023:09:28:53 +0800] "GET /xingrg/all/function/internal_message.html?_=1682731733039&CODE_STATE=getMsg HTTP/1.1" 200 27
114.83.220.145 - - [29/Apr/2023:09:28:55 +0800] "GET /xingrg/all/function/internal_message.html?_=1682731732822&CODE_STATE=getMsg HTTP/1.1" 200 27
58.40.7.146 - - [29/Apr/2023:09:28:57 +0800] "GET /xingrg/all/function/internal_message.html?_=1682731737135&CODE_STATE=getMsg HTTP/1.1" 200 27
180.171.122.0 - - [29/Apr/2023:09:28:58 +0800] "GET /xingrg/all/function/internal_message.html?_=1682731735421&CODE_STATE=getMsg HTTP/1.1" 200 27
180.171.122.0 - - [29/Apr/2023:09:29:00 +0800] "POST /xingrg/kc/buy/cgsh_order_operate.html HTTP/1.1" 200 37
124.77.241.237 - - [29/Apr/2023:09:29:00 +0800] "GET /xingrg/check_reg.html?_=1682731762370 HTTP/1.1" 200 22
116.238.139.35 - - [29/Apr/2023:09:29:04 +0800] "GET /xingrg/all/function/internal_message.html?_=1682731687616&CODE_STATE=getMsg HTTP/1.1" 200 27
180.171.122.0 - - [29/Apr/2023:09:29:08 +0800] "POST /xingrg/kc/buy/cgsh_order_operate.html HTTP/1.1" 200 2065
114.83.220.145 - - [29/Apr/2023:09:29:08 +0800] "GET /xingrg/kc/buy/cgsh_order_operate.html?command=get_materiel&rest_code=00149&code=00101008357&supplier_code=00100008&order_time=2023-04-29 HTTP/1.1" 200 408
116.238.139.35 - - [29/Apr/2023:09:29:08 +0800] "GET /xingrg/kc/buy/cgsh_order_operate.html?command=get_materiel&rest_code=00150&code=00101008291&supplier_code=00100008&order_time=2023-04-29 HTTP/1.1" 200 408
124.78.159.81 - - [29/Apr/2023:09:29:08 +0800] "POST /xingrg/kc/buy/cgsh_order_operate.html HTTP/1.1" 200 37
58.221.95.50 - - [29/Apr/2023:09:29:12 +0800] "GET /xingrg/all/function/internal_message.html?_=1682731752539&CODE_STATE=getMsg HTTP/1.1" 200 27
116.224.158.100 - - [29/Apr/2023:09:29:12 +0800] "GET /xingrg/all/function/internal_message.html?_=1682731592110&CODE_STATE=getMsg HTTP/1.1" 200 27
180.171.122.0 - - [29/Apr/2023:09:29:17 +0800] "GET /xingrg/check_reg.html?_=1682731908619 HTTP/1.1" 302 -
114.83.220.145 - - [29/Apr/2023:09:29:20 +0800] "GET /xingrg/kc/buy/cgsh_order_operate.html?command=get_materiel&rest_code=00149&code=00101008069&supplier_code=00100008&order_time=2023-04-29 HTTP/1.1" 200 412
116.238.139.35 - - [29/Apr/2023:09:29:21 +0800] "GET /xingrg/kc/buy/cgsh_order_operate.html?command=get_materiel&rest_code=00150&code=00101008312&supplier_code=00100008&order_time=2023-04-29 HTTP/1.1" 200 412
116.224.120.182 - - [29/Apr/2023:09:29:22 +0800] "GET /xingrg/check_reg.html?_=1682731762918 HTTP/1.1" 200 22
116.224.106.218 - - [29/Apr/2023:09:29:24 +0800] "GET /xingrg/all/function/internal_message.html?_=1682731762057&CODE_STATE=getMsg HTTP/1.1" 200 27
116.224.158.100 - - [29/Apr/2023:09:29:31 +0800] "GET /xingrg/all/function/internal_message.html?_=1682731772338&CODE_STATE=getMsg HTTP/1.1" 200 27
180.171.122.0 - - [29/Apr/2023:09:29:32 +0800] "GET /xingrg/kc/print/load_data.html?order_code=212023042910260&kc_code=cgsh&condition= HTTP/1.1" 200 4816
114.83.220.145 - - [29/Apr/2023:09:29:33 +0800] "GET /xingrg/kc/buy/cgsh_order_operate.html?command=get_materiel&rest_code=00149&code=00101008286&supplier_code=00100008&order_time=2023-04-29 HTTP/1.1" 200 408
116.238.139.35 - - [29/Apr/2023:09:29:35 +0800] "GET /xingrg/kc/buy/cgsh_order_operate.html?command=get_materiel&rest_code=00150&code=00101008275&supplier_code=00100008&order_time=2023-04-29 HTTP/1.1" 200 416
116.238.139.35 - - [29/Apr/2023:09:29:36 +0800] "GET /xingrg/javascript/easyui/themes/default/images/button_plain_hover.png HTTP/1.1" 304 -
116.227.208.255 - - [29/Apr/2023:09:29:39 +0800] "GET /xingrg/all/function/internal_message.html?_=1682731845445&CODE_STATE=getMsg HTTP/1.1" 200 27
124.77.241.237 - - [29/Apr/2023:09:29:41 +0800] "GET /xingrg/all/function/internal_message.html?_=1682731803649&CODE_STATE=getMsg HTTP/1.1" 200 27
180.171.122.0 - - [29/Apr/2023:09:29:43 +0800] "GET /xingrg/kc/buy/cgsh_order_add.html HTTP/1.1" 200 71023
180.171.122.0 - - [29/Apr/2023:09:29:43 +0800] "POST /xingrg/kc/buy/cgsh_order_operate.html HTTP/1.1" 200 8245
180.171.122.0 - - [29/Apr/2023:09:29:43 +0800] "GET /xingrg/javascript/easyui/themes/default/validatebox.css HTTP/1.1" 404 1104
172.20.0.100 - - [29/Apr/2023:09:29:44 +0800] "GET /xingrg/all/function/internal_message.html?_=1682731783782&CODE_STATE=getMsg HTTP/1.1" 302 -
116.238.139.35 - - [29/Apr/2023:09:29:45 +0800] "POST /xingrg/kc/buy/cgsh_order_operate.html HTTP/1.1" 200 37
114.83.220.145 - - [29/Apr/2023:09:29:46 +0800] "POST /xingrg/services/DataTransmitService HTTP/1.1" 401 565
114.83.220.145 - - [29/Apr/2023:09:29:46 +0800] "POST /xingrg/services/DataTransmitService HTTP/1.1" 200 478
114.83.220.145 - - [29/Apr/2023:09:29:46 +0800] "POST /xingrg/services/DataTransmitService HTTP/1.1" 200 1319
114.83.220.145 - - [29/Apr/2023:09:29:46 +0800] "POST /xingrg/services/DataTransmitService HTTP/1.1" 200 478
114.83.220.145 - - [29/Apr/2023:09:29:46 +0800] "POST /xingrg/services/DataTransmitService HTTP/1.1" 200 1319
114.83.220.145 - - [29/Apr/2023:09:29:46 +0800] "POST /xingrg/services/DataTransmitService HTTP/1.1" 200 524
120.253.135.82 - - [29/Apr/2023:09:29:47 +0800] "GET /xingrg/all/function/internal_message.html?_=1682731625327&CODE_STATE=getMsg HTTP/1.1" 200 27
114.83.220.145 - - [29/Apr/2023:09:29:47 +0800] "POST /xingrg/services/DataTransmitService HTTP/1.1" 200 2063
114.83.220.145 - - [29/Apr/2023:09:29:47 +0800] "POST /xingrg/services/DataTransmitService HTTP/1.1" 200 45454
114.83.220.145 - - [29/Apr/2023:09:29:47 +0800] "POST /xingrg/services/DataTransmitService HTTP/1.1" 200 19237
116.238.139.35 - - [29/Apr/2023:09:29:47 +0800] "POST /xingrg/kc/buy/cgsh_order_operate.html HTTP/1.1" 200 27527
114.83.220.145 - - [29/Apr/2023:09:29:49 +0800] "GET /xingrg/kc/buy/cgsh_order_operate.html?command=get_materiel&rest_code=00149&code=00101008036&supplier_code=00100008&order_time=2023-04-29 HTTP/1.1" 200 408
114.83.220.145 - - [29/Apr/2023:09:29:51 +0800] "POST /xingrg/services/DataTransmitService HTTP/1.1" 200 524
114.83.220.145 - - [29/Apr/2023:09:29:52 +0800] "POST /xingrg/services/DataTransmitService HTTP/1.1" 200 2063
116.238.139.35 - - [29/Apr/2023:09:29:53 +0800] "GET /xingrg/all/function/internal_message.html?_=1682731793053&CODE_STATE=getMsg HTTP/1.1" 200 27
114.83.220.145 - - [29/Apr/2023:09:29:55 +0800] "GET /xingrg/all/function/internal_message.html?_=1682731792829&CODE_STATE=getMsg HTTP/1.1" 200 27
58.40.7.146 - - [29/Apr/2023:09:29:57 +0800] "GET /xingrg/all/function/internal_message.html?_=1682731797123&CODE_STATE=getMsg HTTP/1.1" 200 27
114.83.220.145 - - [29/Apr/2023:09:29:57 +0800] "POST /xingrg/kc/buy/cgsh_order_operate.html HTTP/1.1" 200 2065
180.171.122.0 - - [29/Apr/2023:09:29:58 +0800] "GET /xingrg/all/function/internal_message.html?_=1682731795407&CODE_STATE=getMsg HTTP/1.1" 200 27
172.20.0.100 - - [29/Apr/2023:09:30:00 +0800] "GET /xingrg/check_reg.html?_=1682731815732 HTTP/1.1" 302 -
116.238.139.35 - - [29/Apr/2023:09:30:03 +0800] "GET /xingrg/kc/buy/cgsh_order_operate.html?command=get_materiel&rest_code=00150&code=00101009015&supplier_code=00100008&order_time=2023-04-29 HTTP/1.1" 200 416
116.238.139.35 - - [29/Apr/2023:09:30:04 +0800] "GET /xingrg/all/function/internal_message.html?_=1682731747630&CODE_STATE=getMsg HTTP/1.1" 200 27
124.78.159.81 - - [29/Apr/2023:09:30:07 +0800] "POST /xingrg/services/DataTransmitService HTTP/1.1" 200 524
114.83.220.145 - - [29/Apr/2023:09:30:07 +0800] "GET /xingrg/kc/buy/cgsh_order_operate.html?command=get_materiel&rest_code=00149&code=00101008131&supplier_code=00100008&order_time=2023-04-29 HTTP/1.1" 200 409
58.221.95.50 - - [29/Apr/2023:09:30:12 +0800] "GET /xingrg/all/function/internal_message.html?_=1682731812529&CODE_STATE=getMsg HTTP/1.1" 200 27
116.224.158.100 - - [29/Apr/2023:09:30:12 +0800] "GET /xingrg/all/function/internal_message.html?_=1682731652125&CODE_STATE=getMsg HTTP/1.1" 200 27
116.224.158.100 - - [29/Apr/2023:09:30:12 +0800] "GET /xingrg/check_reg.html?_=1682731652128 HTTP/1.1" 200 22
116.238.139.35 - - [29/Apr/2023:09:30:19 +0800] "GET /xingrg/kc/buy/cgsh_order_operate.html?command=get_materiel&rest_code=00150&code=00101008150&supplier_code=00100008&order_time=2023-04-29 HTTP/1.1" 200 409
116.224.106.218 - - [29/Apr/2023:09:30:24 +0800] "GET /xingrg/all/function/internal_message.html?_=1682731822040&CODE_STATE=getMsg HTTP/1.1" 200 27
114.83.220.145 - - [29/Apr/2023:09:30:26 +0800] "GET /xingrg/kc/buy/cgsh_order_operate.html?command=get_materiel&rest_code=00149&code=00101008233&supplier_code=00100008&order_time=2023-04-29 HTTP/1.1" 200 408
180.171.122.0 - - [29/Apr/2023:09:30:26 +0800] "GET /xingrg/kc/buy/cgsh_order_operate.html?command=get_materiel&rest_code=00111&code=00101006038&supplier_code=00100012&order_time=2023-04-29 HTTP/1.1" 200 421
116.238.139.35 - - [29/Apr/2023:09:30:28 +0800] "GET /xingrg/kc/buy/cgsh_order_operate.html?command=get_materiel&rest_code=00150&code=00101008165&supplier_code=00100008&order_time=2023-04-29 HTTP/1.1" 200 416
116.224.158.100 - - [29/Apr/2023:09:30:31 +0800] "GET /xingrg/check_reg.html?_=1682731832341 HTTP/1.1" 200 22
116.224.158.100 - - [29/Apr/2023:09:30:31 +0800] "GET /xingrg/all/function/internal_message.html?_=1682731832344&CODE_STATE=getMsg HTTP/1.1" 200 27
114.83.220.145 - - [29/Apr/2023:09:30:35 +0800] "GET /xingrg/kc/buy/cgsh_order_operate.html?command=get_materiel&rest_code=00149&code=00101008318&supplier_code=00100008&order_time=2023-04-29 HTTP/1.1" 200 408
180.171.122.0 - - [29/Apr/2023:09:30:36 +0800] "GET /xingrg/kc/buy/cgsh_order_operate.html?command=get_materiel&rest_code=00111&code=00101011001&supplier_code=00100012&order_time=2023-04-29 HTTP/1.1" 200 423
116.238.139.35 - - [29/Apr/2023:09:30:38 +0800] "GET /xingrg/kc/buy/cgsh_order_operate.html?command=get_materiel&rest_code=00150&code=00101008095&supplier_code=00100008&order_time=2023-04-29 HTTP/1.1" 200 412
116.227.208.255 - - [29/Apr/2023:09:30:39 +0800] "GET /xingrg/all/function/internal_message.html?_=1682731905427&CODE_STATE=getMsg HTTP/1.1" 200 27
124.77.241.237 - - [29/Apr/2023:09:30:42 +0800] "GET /xingrg/all/function/internal_message.html?_=1682731863661&CODE_STATE=getMsg HTTP/1.1" 200 27
116.224.106.218 - - [29/Apr/2023:09:30:43 +0800] "GET /xingrg/check_reg.html?_=1682731841721 HTTP/1.1" 200 22
172.20.0.100 - - [29/Apr/2023:09:30:44 +0800] "GET /xingrg/all/function/internal_message.html?_=1682731843767&CODE_STATE=getMsg HTTP/1.1" 302 -
180.171.122.0 - - [29/Apr/2023:09:30:46 +0800] "GET /xingrg/kc/buy/cgsh_order_operate.html?command=get_materiel&rest_code=00111&code=00101006026&supplier_code=00100012&order_time=2023-04-29 HTTP/1.1" 200 409
120.253.135.82 - - [29/Apr/2023:09:30:47 +0800] "GET /xingrg/all/function/internal_message.html?_=1682731685475&CODE_STATE=getMsg HTTP/1.1" 200 27
114.83.220.145 - - [29/Apr/2023:09:30:49 +0800] "GET /xingrg/kc/buy/cgsh_order_operate.html?command=get_materiel&rest_code=00149&code=00101008350&supplier_code=00100008&order_time=2023-04-29 HTTP/1.1" 200 408
116.238.139.35 - - [29/Apr/2023:09:30:53 +0800] "GET /xingrg/check_reg.html?_=1682731853050 HTTP/1.1" 200 22
116.238.139.35 - - [29/Apr/2023:09:30:53 +0800] "GET /xingrg/all/function/internal_message.html?_=1682731853054&CODE_STATE=getMsg HTTP/1.1" 200 27
180.171.122.0 - - [29/Apr/2023:09:30:54 +0800] "GET /xingrg/kc/buy/cgsh_order_operate.html?command=get_materiel&rest_code=00111&code=00101006111&supplier_code=00100012&order_time=2023-04-29 HTTP/1.1" 200 409
114.83.220.145 - - [29/Apr/2023:09:30:55 +0800] "GET /xingrg/all/function/internal_message.html?_=1682731852847&CODE_STATE=getMsg HTTP/1.1" 200 27
116.238.139.35 - - [29/Apr/2023:09:30:56 +0800] "GET /xingrg/kc/buy/cgsh_order_operate.html?command=get_materiel&rest_code=00150&code=00101008110&supplier_code=00100008&order_time=2023-04-29 HTTP/1.1" 200 408
58.40.7.146 - - [29/Apr/2023:09:30:57 +0800] "GET /xingrg/all/function/internal_message.html?_=1682731857110&CODE_STATE=getMsg HTTP/1.1" 200 27
180.171.122.0 - - [29/Apr/2023:09:30:58 +0800] "GET /xingrg/all/function/internal_message.html?_=1682731855399&CODE_STATE=getMsg HTTP/1.1" 200 27
114.83.220.145 - - [29/Apr/2023:09:31:00 +0800] "GET /xingrg/kc/buy/cgsh_order_operate.html?command=get_materiel&rest_code=00149&code=00101008005&supplier_code=00100008&order_time=2023-04-29 HTTP/1.1" 200 412
120.253.135.82 - - [29/Apr/2023:09:31:01 +0800] "GET /xingrg/check_reg.html?_=1682731699788 HTTP/1.1" 200 22
58.39.110.58 - - [29/Apr/2023:09:31:02 +0800] "GET /favicon.ico HTTP/1.1" 404 -
116.238.139.35 - - [29/Apr/2023:09:31:04 +0800] "GET /xingrg/all/function/internal_message.html?_=1682731807645&CODE_STATE=getMsg HTTP/1.1" 200 27
116.238.139.35 - - [29/Apr/2023:09:31:05 +0800] "POST /xingrg/kc/buy/cgsh_order_operate.html HTTP/1.1" 200 37
114.83.220.145 - - [29/Apr/2023:09:31:05 +0800] "POST /xingrg/kc/buy/cgsh_order_operate.html HTTP/1.1" 200 2065
180.171.122.0 - - [29/Apr/2023:09:31:06 +0800] "GET /xingrg/kc/buy/cgsh_order_operate.html?command=get_materiel&rest_code=00111&code=00101006027&supplier_code=00100012&order_time=2023-04-29 HTTP/1.1" 200 409
116.238.139.35 - - [29/Apr/2023:09:31:06 +0800] "POST /xingrg/kc/buy/cgsh_order_operate.html HTTP/1.1" 200 30484
114.83.220.145 - - [29/Apr/2023:09:31:10 +0800] "GET /xingrg/kc/buy/cgsh_order_operate.html?command=get_materiel&rest_code=00149&code=00101008674&supplier_code=00100008&order_time=2023-04-29 HTTP/1.1" 200 412
58.221.95.50 - - [29/Apr/2023:09:31:12 +0800] "GET /xingrg/all/function/internal_message.html?_=1682731872526&CODE_STATE=getMsg HTTP/1.1" 200 27
116.224.158.100 - - [29/Apr/2023:09:31:12 +0800] "GET /xingrg/all/function/internal_message.html?_=1682731712111&CODE_STATE=getMsg HTTP/1.1" 200 27
218.81.76.134 - - [29/Apr/2023:09:31:18 +0800] "GET /xingrg/check_reg.html?_=1682731877996 HTTP/1.1" 200 22
114.83.220.145 - - [29/Apr/2023:09:31:20 +0800] "GET /xingrg/kc/buy/cgsh_order_operate.html?command=get_materiel&rest_code=00149&code=00101008275&supplier_code=00100008&order_time=2023-04-29 HTTP/1.1" 200 416
180.171.122.0 - - [29/Apr/2023:09:31:21 +0800] "GET /xingrg/kc/buy/cgsh_order_operate.html?command=get_materiel&rest_code=00111&code=00101008131&supplier_code=00100012&order_time=2023-04-29 HTTP/1.1" 200 409
58.40.7.146 - - [29/Apr/2023:09:31:22 +0800] "GET /xingrg/check_reg.html?_=1682731882721 HTTP/1.1" 200 22
116.224.106.218 - - [29/Apr/2023:09:31:24 +0800] "GET /xingrg/all/function/internal_message.html?_=1682731882034&CODE_STATE=getMsg HTTP/1.1" 200 27
180.171.122.0 - - [29/Apr/2023:09:31:26 +0800] "GET /xingrg/kc/buy/cgsh_order_operate.html?command=get_materiel&rest_code=00111&code=00101006055&supplier_code=00100012&order_time=2023-04-29 HTTP/1.1" 200 409
