180.171.122.0 - - [29/Apr/2023:09:13:58 +0800] "GET /xingrg/all/function/internal_message.html?_=1682730835766&CODE_STATE=getMsg HTTP/1.1" 200 27
116.238.139.35 - - [29/Apr/2023:09:13:59 +0800] "POST /xingrg/kc/buy/cgsh_list_operate.html HTTP/1.1" 200 986
124.77.241.237 - - [29/Apr/2023:09:14:00 +0800] "GET /xingrg/check_reg.html?_=1682730862357 HTTP/1.1" 200 22
116.238.139.35 - - [29/Apr/2023:09:14:01 +0800] "GET /xingrg/kc/buy/cgsh_order_add.html HTTP/1.1" 200 71123
116.238.139.35 - - [29/Apr/2023:09:14:01 +0800] "POST /xingrg/kc/buy/cgsh_order_operate.html HTTP/1.1" 200 8245
116.238.139.35 - - [29/Apr/2023:09:14:02 +0800] "GET /xingrg/javascript/easyui/themes/default/validatebox.css HTTP/1.1" 404 1104
116.227.208.255 - - [29/Apr/2023:09:14:02 +0800] "POST /xingrg/kc/base/stock_operate.html HTTP/1.1" 200 2650
116.238.139.35 - - [29/Apr/2023:09:14:03 +0800] "GET /xingrg/javascript/auto/indicator.gif HTTP/1.1" 404 1066
124.78.159.81 - - [29/Apr/2023:09:14:04 +0800] "GET /xingrg/kc/buy/cgsh_order_operate.html?command=get_materiel&rest_code=00106&code=00101008415&supplier_code=00100007&order_time=2023-04-29 HTTP/1.1" 200 412
116.227.208.255 - - [29/Apr/2023:09:14:04 +0800] "GET /xingrg/kc/base/stock_detail.html?m=00101016019 HTTP/1.1" 200 7401
116.227.208.255 - - [29/Apr/2023:09:14:05 +0800] "GET /xingrg/kc/base/stock_operate.html?_=1682730911470&command=get_report_file&start_day=20230401 HTTP/1.1" 200 53
116.227.208.255 - - [29/Apr/2023:09:14:05 +0800] "GET /xingrg/all/report/report_query.html?isQuery=1&onlyBody=1&rh=2000&fileName=kc/base/kc_stock_detail_new.xml&queryString=(1=1)&queryText=&tableQueryString=init_table$sp1$$sp$crk_table$sp1$order_day%20between%2020230401%20and%2020230430&varString=start_day:20230401,materiel_code:00101016019,cost_id:4257,end_date:20230331 HTTP/1.1" 200 48701
116.227.208.255 - - [29/Apr/2023:09:14:05 +0800] "GET /xingrg/dwr/interface/AjaxReportQueryService.js HTTP/1.1" 200 13203
116.227.208.255 - - [29/Apr/2023:09:14:05 +0800] "GET /xingrg/dwr/engine.js HTTP/1.1" 200 43631
116.227.208.255 - - [29/Apr/2023:09:14:05 +0800] "GET /xingrg/dwr/util.js HTTP/1.1" 304 -
116.227.208.255 - - [29/Apr/2023:09:14:07 +0800] "POST /xingrg/all/report/load_report_page.html HTTP/1.1" 200 69224
116.227.208.255 - - [29/Apr/2023:09:14:07 +0800] "GET /xingrg/servlets/image?cache=0.48233567496221597&image=px HTTP/1.1" 200 807
58.221.95.50 - - [29/Apr/2023:09:14:12 +0800] "GET /xingrg/all/function/internal_message.html?_=1682730852521&CODE_STATE=getMsg HTTP/1.1" 200 27
116.224.158.100 - - [29/Apr/2023:09:14:12 +0800] "GET /xingrg/all/function/internal_message.html?_=1682730692124&CODE_STATE=getMsg HTTP/1.1" 200 27
116.227.208.255 - - [29/Apr/2023:09:14:13 +0800] "GET /xingrg/kc/guide/show_order.html?code=212023041705700&type=21 HTTP/1.1" 302 -
124.78.159.81 - - [29/Apr/2023:09:14:13 +0800] "GET /xingrg/kc/buy/cgsh_order_operate.html?command=get_materiel&rest_code=00106&code=00101008125&supplier_code=00100007&order_time=2023-04-29 HTTP/1.1" 200 413
116.227.208.255 - - [29/Apr/2023:09:14:14 +0800] "GET /xingrg/kc/buy/cgsh_order_info.html?code=212023041705700&sysBaseUrl=http%3A%2F%2F180.169.147.146%3A18081%2Fxingrg%2F&costTime=0×tamp=1682730853430 HTTP/1.1" 200 66025
116.227.208.255 - - [29/Apr/2023:09:14:14 +0800] "GET /favicon.ico HTTP/1.1" 404 -
116.227.208.255 - - [29/Apr/2023:09:14:14 +0800] "GET /xingrg/javascript/easyui/themes/default/validatebox.css HTTP/1.1" 404 1104
116.227.208.255 - - [29/Apr/2023:09:14:15 +0800] "POST /xingrg/kc/buy/cgsh_order_operate.html HTTP/1.1" 200 5415
124.78.159.81 - - [29/Apr/2023:09:14:17 +0800] "GET /xingrg/all/function/internal_message.html?_=1682730855155&CODE_STATE=getMsg HTTP/1.1" 200 27
180.171.122.0 - - [29/Apr/2023:09:14:17 +0800] "GET /xingrg/check_reg.html?_=1682731008643 HTTP/1.1" 302 -
116.224.120.182 - - [29/Apr/2023:09:14:22 +0800] "GET /xingrg/check_reg.html?_=1682730862923 HTTP/1.1" 200 22
116.224.120.182 - - [29/Apr/2023:09:14:22 +0800] "GET /xingrg/all/function/internal_message.html?_=1682730862928&CODE_STATE=getMsg HTTP/1.1" 200 27
116.224.106.218 - - [29/Apr/2023:09:14:24 +0800] "GET /xingrg/all/function/internal_message.html?_=1682730862291&CODE_STATE=getMsg HTTP/1.1" 200 27
124.78.159.81 - - [29/Apr/2023:09:14:24 +0800] "GET /xingrg/kc/buy/cgsh_order_operate.html?command=get_materiel&rest_code=00106&code=00101008312&supplier_code=00100007&order_time=2023-04-29 HTTP/1.1" 200 412
120.253.135.82 - - [29/Apr/2023:09:14:28 +0800] "GET /xingrg/kc/buy/cgsh_order_operate.html?command=get_materiel&rest_code=00101&code=00101033005&supplier_code=&order_time=2023-04-29 HTTP/1.1" 200 430
116.238.139.35 - - [29/Apr/2023:09:14:30 +0800] "GET /xingrg/kc/buy/cgsh_order_operate.html?command=get_materiel&rest_code=00150&code=00101008175&supplier_code=00100008&order_time=2023-04-29 HTTP/1.1" 200 412
116.224.158.100 - - [29/Apr/2023:09:14:31 +0800] "GET /xingrg/all/function/internal_message.html?_=1682730872483&CODE_STATE=getMsg HTTP/1.1" 200 27
124.78.159.81 - - [29/Apr/2023:09:14:37 +0800] "POST /xingrg/kc/buy/cgsh_order_operate.html HTTP/1.1" 200 2065
124.77.241.237 - - [29/Apr/2023:09:14:37 +0800] "GET /xingrg/all/function/internal_message.html?_=1682730899607&CODE_STATE=getMsg HTTP/1.1" 200 27
116.227.208.255 - - [29/Apr/2023:09:14:39 +0800] "GET /xingrg/all/function/internal_message.html?_=1682730945714&CODE_STATE=getMsg HTTP/1.1" 200 27
172.20.0.100 - - [29/Apr/2023:09:14:44 +0800] "GET /xingrg/all/function/internal_message.html?_=1682730883772&CODE_STATE=getMsg HTTP/1.1" 302 -
124.78.159.81 - - [29/Apr/2023:09:14:46 +0800] "POST /xingrg/kc/buy/cgsh_order_operate.html HTTP/1.1" 200 37
120.253.135.82 - - [29/Apr/2023:09:14:46 +0800] "GET /xingrg/all/function/internal_message.html?_=1682730724514&CODE_STATE=getMsg HTTP/1.1" 200 27
116.238.139.35 - - [29/Apr/2023:09:14:46 +0800] "GET /xingrg/kc/buy/cgsh_order_operate.html?command=get_materiel&rest_code=00150&code=00101008091&supplier_code=00100008&order_time=2023-04-29 HTTP/1.1" 200 412
120.253.135.82 - - [29/Apr/2023:09:14:47 +0800] "GET /xingrg/kc/buy/cgsh_order_operate.html?command=get_materiel&rest_code=00101&code=00101033003&supplier_code=&order_time=2023-04-29 HTTP/1.1" 200 430
124.78.159.81 - - [29/Apr/2023:09:14:48 +0800] "POST /xingrg/kc/buy/cgsh_order_operate.html HTTP/1.1" 200 19775
116.224.120.182 - - [29/Apr/2023:09:14:49 +0800] "GET /xingrg/all/function/internal_message.html?_=1682730911555&CODE_STATE=getMsg HTTP/1.1" 200 27
116.238.139.35 - - [29/Apr/2023:09:14:53 +0800] "GET /xingrg/all/function/internal_message.html?_=1682730893028&CODE_STATE=getMsg HTTP/1.1" 200 27
116.238.139.35 - - [29/Apr/2023:09:14:54 +0800] "GET /xingrg/all/function/internal_message.html?_=1682730834774&CODE_STATE=getMsg HTTP/1.1" 200 27
124.78.159.81 - - [29/Apr/2023:09:14:56 +0800] "GET /xingrg/kc/buy/cgsh_order_operate.html?command=get_materiel&rest_code=00106&code=00101008215&supplier_code=00100007&order_time=2023-04-29 HTTP/1.1" 200 413
58.40.7.146 - - [29/Apr/2023:09:14:57 +0800] "GET /xingrg/all/function/internal_message.html?_=1682730897459&CODE_STATE=getMsg HTTP/1.1" 200 27
180.171.122.0 - - [29/Apr/2023:09:14:58 +0800] "GET /xingrg/all/function/internal_message.html?_=1682730895740&CODE_STATE=getMsg HTTP/1.1" 200 27
116.238.139.35 - - [29/Apr/2023:09:14:59 +0800] "GET /xingrg/kc/buy/cgsh_order_operate.html?command=get_materiel&rest_code=00150&code=00101008261&supplier_code=00100008&order_time=2023-04-29 HTTP/1.1" 200 408
172.20.0.100 - - [29/Apr/2023:09:15:00 +0800] "GET /xingrg/check_reg.html?_=1682730915809 HTTP/1.1" 302 -
120.253.135.82 - - [29/Apr/2023:09:15:05 +0800] "GET /xingrg/kc/buy/cgsh_order_operate.html?command=get_materiel&rest_code=00101&code=00101033002&supplier_code=&order_time=2023-04-29 HTTP/1.1" 200 431
124.78.159.81 - - [29/Apr/2023:09:15:07 +0800] "GET /xingrg/kc/buy/cgsh_order_operate.html?command=get_materiel&rest_code=00106&code=00101008027&supplier_code=00100007&order_time=2023-04-29 HTTP/1.1" 200 408
58.221.95.50 - - [29/Apr/2023:09:15:12 +0800] "GET /xingrg/all/function/internal_message.html?_=1682730912539&CODE_STATE=getMsg HTTP/1.1" 200 27
116.224.158.100 - - [29/Apr/2023:09:15:12 +0800] "GET /xingrg/all/function/internal_message.html?_=1682730752121&CODE_STATE=getMsg HTTP/1.1" 200 27
116.224.158.100 - - [29/Apr/2023:09:15:12 +0800] "GET /xingrg/check_reg.html?_=1682730752123 HTTP/1.1" 200 22
124.78.159.81 - - [29/Apr/2023:09:15:14 +0800] "GET /xingrg/kc/buy/cgsh_order_operate.html?command=get_materiel&rest_code=00106&code=00101008185&supplier_code=00100007&order_time=2023-04-29 HTTP/1.1" 200 408
124.78.159.81 - - [29/Apr/2023:09:15:16 +0800] "GET /xingrg/all/function/internal_message.html?_=1682730915157&CODE_STATE=getMsg HTTP/1.1" 200 27
124.78.159.81 - - [29/Apr/2023:09:15:17 +0800] "GET /xingrg/check_reg.html?_=1682730915195 HTTP/1.1" 200 22
124.78.159.81 - - [29/Apr/2023:09:15:22 +0800] "GET /xingrg/kc/buy/cgsh_order_operate.html?command=get_materiel&rest_code=00106&code=00101008096&supplier_code=00100007&order_time=2023-04-29 HTTP/1.1" 200 413
116.224.120.182 - - [29/Apr/2023:09:15:22 +0800] "GET /xingrg/all/function/internal_message.html?_=1682730922925&CODE_STATE=getMsg HTTP/1.1" 200 27
116.224.106.218 - - [29/Apr/2023:09:15:24 +0800] "GET /xingrg/all/function/internal_message.html?_=1682730922275&CODE_STATE=getMsg HTTP/1.1" 200 27
124.78.159.81 - - [29/Apr/2023:09:15:24 +0800] "POST /xingrg/kc/buy/cgsh_order_operate.html HTTP/1.1" 200 2065
124.78.159.81 - - [29/Apr/2023:09:15:29 +0800] "GET /xingrg/kc/buy/cgsh_order_operate.html?command=get_materiel&rest_code=00106&code=00101008224&supplier_code=00100007&order_time=2023-04-29 HTTP/1.1" 200 416
116.224.158.100 - - [29/Apr/2023:09:15:31 +0800] "GET /xingrg/check_reg.html?_=1682730932322 HTTP/1.1" 200 22
116.224.158.100 - - [29/Apr/2023:09:15:31 +0800] "GET /xingrg/all/function/internal_message.html?_=1682730932414&CODE_STATE=getMsg HTTP/1.1" 200 27
124.78.159.81 - - [29/Apr/2023:09:15:37 +0800] "GET /xingrg/kc/buy/cgsh_order_operate.html?command=get_materiel&rest_code=00106&code=00101008361&supplier_code=00100007&order_time=2023-04-29 HTTP/1.1" 200 408
124.77.241.237 - - [29/Apr/2023:09:15:37 +0800] "GET /xingrg/all/function/internal_message.html?_=1682730959621&CODE_STATE=getMsg HTTP/1.1" 200 27
116.227.208.255 - - [29/Apr/2023:09:15:39 +0800] "GET /xingrg/all/function/internal_message.html?_=1682731005665&CODE_STATE=getMsg HTTP/1.1" 200 27
116.224.106.218 - - [29/Apr/2023:09:15:43 +0800] "GET /xingrg/check_reg.html?_=1682730941702 HTTP/1.1" 200 22
172.20.0.100 - - [29/Apr/2023:09:15:44 +0800] "GET /xingrg/all/function/internal_message.html?_=1682730943778&CODE_STATE=getMsg HTTP/1.1" 302 -
124.78.159.81 - - [29/Apr/2023:09:15:44 +0800] "GET /xingrg/kc/buy/cgsh_order_operate.html?command=get_materiel&rest_code=00106&code=00101008300&supplier_code=00100007&order_time=2023-04-29 HTTP/1.1" 200 412
120.253.135.82 - - [29/Apr/2023:09:15:46 +0800] "GET /xingrg/all/function/internal_message.html?_=1682730784617&CODE_STATE=getMsg HTTP/1.1" 200 27
116.224.120.182 - - [29/Apr/2023:09:15:49 +0800] "GET /xingrg/all/function/internal_message.html?_=1682730971569&CODE_STATE=getMsg HTTP/1.1" 200 27
124.78.159.81 - - [29/Apr/2023:09:15:51 +0800] "GET /xingrg/kc/buy/cgsh_order_operate.html?command=get_materiel&rest_code=00106&code=00101008439&supplier_code=00100007&order_time=2023-04-29 HTTP/1.1" 200 413
116.238.139.35 - - [29/Apr/2023:09:15:53 +0800] "GET /xingrg/all/function/internal_message.html?_=1682730953029&CODE_STATE=getMsg HTTP/1.1" 200 27
116.238.139.35 - - [29/Apr/2023:09:15:53 +0800] "GET /xingrg/check_reg.html?_=1682730953031 HTTP/1.1" 200 22
116.238.139.35 - - [29/Apr/2023:09:15:54 +0800] "GET /xingrg/all/function/internal_message.html?_=1682730894789&CODE_STATE=getMsg HTTP/1.1" 200 27
58.40.7.146 - - [29/Apr/2023:09:15:57 +0800] "GET /xingrg/all/function/internal_message.html?_=1682730957428&CODE_STATE=getMsg HTTP/1.1" 200 27
180.171.122.0 - - [29/Apr/2023:09:15:58 +0800] "GET /xingrg/all/function/internal_message.html?_=1682730955722&CODE_STATE=getMsg HTTP/1.1" 200 27
120.253.135.82 - - [29/Apr/2023:09:16:01 +0800] "GET /xingrg/check_reg.html?_=1682730799769 HTTP/1.1" 200 22
116.238.139.35 - - [29/Apr/2023:09:16:05 +0800] "GET /xingrg/kc/buy/cgsh_order_operate.html?command=get_materiel&rest_code=00150&code=00101008037&supplier_code=00100008&order_time=2023-04-29 HTTP/1.1" 200 415
124.78.159.81 - - [29/Apr/2023:09:16:11 +0800] "GET /xingrg/kc/buy/cgsh_order_operate.html?command=get_materiel&rest_code=00106&code=00101008131&supplier_code=00100007&order_time=2023-04-29 HTTP/1.1" 200 409
58.221.95.50 - - [29/Apr/2023:09:16:12 +0800] "GET /xingrg/all/function/internal_message.html?_=1682730972532&CODE_STATE=getMsg HTTP/1.1" 200 27
116.224.158.100 - - [29/Apr/2023:09:16:12 +0800] "GET /xingrg/all/function/internal_message.html?_=1682730812121&CODE_STATE=getMsg HTTP/1.1" 200 27
124.78.159.81 - - [29/Apr/2023:09:16:16 +0800] "POST /xingrg/kc/buy/cgsh_order_operate.html HTTP/1.1" 200 2065
124.78.159.81 - - [29/Apr/2023:09:16:16 +0800] "GET /xingrg/all/function/internal_message.html?_=1682730975120&CODE_STATE=getMsg HTTP/1.1" 200 27
218.81.76.134 - - [29/Apr/2023:09:16:18 +0800] "GET /xingrg/check_reg.html?_=1682730978021 HTTP/1.1" 200 22
116.224.120.182 - - [29/Apr/2023:09:16:22 +0800] "GET /xingrg/all/function/internal_message.html?_=1682730982917&CODE_STATE=getMsg HTTP/1.1" 200 27
58.40.7.146 - - [29/Apr/2023:09:16:22 +0800] "GET /xingrg/check_reg.html?_=1682730982713 HTTP/1.1" 200 22
116.224.106.218 - - [29/Apr/2023:09:16:24 +0800] "GET /xingrg/all/function/internal_message.html?_=1682730982249&CODE_STATE=getMsg HTTP/1.1" 200 27
116.238.139.35 - - [29/Apr/2023:09:16:30 +0800] "GET /xingrg/kc/buy/cgsh_order_operate.html?command=get_materiel&rest_code=00150&code=00101008331&supplier_code=00100008&order_time=2023-04-29 HTTP/1.1" 200 416
116.224.158.100 - - [29/Apr/2023:09:16:31 +0800] "GET /xingrg/all/function/internal_message.html?_=1682730992399&CODE_STATE=getMsg HTTP/1.1" 200 27
124.77.241.237 - - [29/Apr/2023:09:16:38 +0800] "GET /xingrg/all/function/internal_message.html?_=1682731020282&CODE_STATE=getMsg HTTP/1.1" 200 27
116.227.208.255 - - [29/Apr/2023:09:16:39 +0800] "GET /xingrg/all/function/internal_message.html?_=1682731065646&CODE_STATE=getMsg HTTP/1.1" 200 27
124.78.159.81 - - [29/Apr/2023:09:16:41 +0800] "GET /xingrg/kc/buy/cgsh_order_operate.html?command=get_materiel&rest_code=00106&code=00101008213&supplier_code=00100007&order_time=2023-04-29 HTTP/1.1" 200 412
116.238.139.35 - - [29/Apr/2023:09:16:43 +0800] "GET /xingrg/kc/buy/cgsh_order_operate.html?command=get_materiel&rest_code=00150&code=00101008185&supplier_code=00100008&order_time=2023-04-29 HTTP/1.1" 200 408
172.20.0.100 - - [29/Apr/2023:09:16:44 +0800] "GET /xingrg/all/function/internal_message.html?_=1682731003780&CODE_STATE=getMsg HTTP/1.1" 302 -
172.20.0.100 - - [29/Apr/2023:09:16:44 +0800] "GET /xingrg/check_reg.html?_=1682731003782 HTTP/1.1" 302 -
120.253.135.82 - - [29/Apr/2023:09:16:46 +0800] "GET /xingrg/all/function/internal_message.html?_=1682730844619&CODE_STATE=getMsg HTTP/1.1" 200 27
116.224.120.182 - - [29/Apr/2023:09:16:49 +0800] "GET /xingrg/all/function/internal_message.html?_=1682731031568&CODE_STATE=getMsg HTTP/1.1" 200 27
124.78.159.81 - - [29/Apr/2023:09:16:49 +0800] "GET /xingrg/kc/buy/cgsh_order_operate.html?command=get_materiel&rest_code=00106&code=00101011013&supplier_code=00100007&order_time=2023-04-29 HTTP/1.1" 200 413
116.238.139.35 - - [29/Apr/2023:09:16:53 +0800] "GET /xingrg/all/function/internal_message.html?_=1682731013029&CODE_STATE=getMsg HTTP/1.1" 200 27
116.238.139.35 - - [29/Apr/2023:09:16:54 +0800] "GET /xingrg/all/function/internal_message.html?_=1682730954802&CODE_STATE=getMsg HTTP/1.1" 200 27
116.238.139.35 - - [29/Apr/2023:09:16:55 +0800] "GET /xingrg/kc/buy/cgsh_order_operate.html?command=get_materiel&rest_code=00150&code=00101008612&supplier_code=00100008&order_time=2023-04-29 HTTP/1.1" 200 420
58.40.7.146 - - [29/Apr/2023:09:16:57 +0800] "GET /xingrg/all/function/internal_message.html?_=1682731017400&CODE_STATE=getMsg HTTP/1.1" 200 27
180.171.122.0 - - [29/Apr/2023:09:16:58 +0800] "GET /xingrg/all/function/internal_message.html?_=1682731015699&CODE_STATE=getMsg HTTP/1.1" 200 27
124.78.159.81 - - [29/Apr/2023:09:16:59 +0800] "GET /xingrg/kc/buy/cgsh_order_operate.html?command=get_materiel&rest_code=00106&code=00101008285&supplier_code=00100007&order_time=2023-04-29 HTTP/1.1" 200 413
124.78.159.81 - - [29/Apr/2023:09:17:03 +0800] "POST /xingrg/kc/buy/cgsh_order_operate.html HTTP/1.1" 200 2065
116.238.139.35 - - [29/Apr/2023:09:17:05 +0800] "GET /xingrg/kc/buy/cgsh_order_operate.html?command=get_materiel&rest_code=00150&code=00101008096&supplier_code=00100008&order_time=2023-04-29 HTTP/1.1" 200 412
58.221.95.50 - - [29/Apr/2023:09:17:12 +0800] "GET /xingrg/check_reg.html?_=1682731032522 HTTP/1.1" 200 22
58.221.95.50 - - [29/Apr/2023:09:17:12 +0800] "GET /xingrg/all/function/internal_message.html?_=1682731032524&CODE_STATE=getMsg HTTP/1.1" 200 27
116.224.158.100 - - [29/Apr/2023:09:17:12 +0800] "GET /xingrg/all/function/internal_message.html?_=1682730872120&CODE_STATE=getMsg HTTP/1.1" 200 27
116.238.139.35 - - [29/Apr/2023:09:17:14 +0800] "GET /xingrg/kc/buy/cgsh_order_operate.html?command=get_materiel&rest_code=00150&code=00101008038&supplier_code=00100008&order_time=2023-04-29 HTTP/1.1" 200 412
124.78.159.81 - - [29/Apr/2023:09:17:16 +0800] "GET /xingrg/all/function/internal_message.html?_=1682731035104&CODE_STATE=getMsg HTTP/1.1" 200 27
124.78.159.81 - - [29/Apr/2023:09:17:19 +0800] "GET /xingrg/kc/buy/cgsh_order_operate.html?command=get_materiel&rest_code=00106&code=00101008248&supplier_code=00100007&order_time=2023-04-29 HTTP/1.1" 200 412
116.224.120.182 - - [29/Apr/2023:09:17:22 +0800] "GET /xingrg/all/function/internal_message.html?_=1682731042913&CODE_STATE=getMsg HTTP/1.1" 200 27
116.238.139.35 - - [29/Apr/2023:09:17:24 +0800] "GET /xingrg/kc/buy/cgsh_order_operate.html?command=get_materiel&rest_code=00150&code=00101008163&supplier_code=00100008&order_time=2023-04-29 HTTP/1.1" 200 409
116.224.106.218 - - [29/Apr/2023:09:17:24 +0800] "GET /xingrg/all/function/internal_message.html?_=1682731042233&CODE_STATE=getMsg HTTP/1.1" 200 27
116.224.158.100 - - [29/Apr/2023:09:17:31 +0800] "GET /xingrg/all/function/internal_message.html?_=1682731052379&CODE_STATE=getMsg HTTP/1.1" 200 27
124.78.159.81 - - [29/Apr/2023:09:17:32 +0800] "POST /xingrg/kc/buy/cgsh_order_operate.html HTTP/1.1" 200 37
124.77.241.237 - - [29/Apr/2023:09:17:38 +0800] "GET /xingrg/all/function/internal_message.html?_=1682731080288&CODE_STATE=getMsg HTTP/1.1" 200 27
116.227.208.255 - - [29/Apr/2023:09:17:39 +0800] "GET /xingrg/all/function/internal_message.html?_=1682731125629&CODE_STATE=getMsg HTTP/1.1" 200 27
116.227.208.255 - - [29/Apr/2023:09:17:40 +0800] "GET /xingrg/check_reg.html?_=1682731126096 HTTP/1.1" 200 22
172.20.0.100 - - [29/Apr/2023:09:17:44 +0800] "GET /xingrg/all/function/internal_message.html?_=1682731063783&CODE_STATE=getMsg HTTP/1.1" 302 -
120.253.135.82 - - [29/Apr/2023:09:17:46 +0800] "GET /xingrg/all/function/internal_message.html?_=1682730904633&CODE_STATE=getMsg HTTP/1.1" 200 27
116.224.120.182 - - [29/Apr/2023:09:17:49 +0800] "GET /xingrg/all/function/internal_message.html?_=1682731091566&CODE_STATE=getMsg HTTP/1.1" 200 27
116.238.139.35 - - [29/Apr/2023:09:17:53 +0800] "GET /xingrg/kc/buy/cgsh_order_operate.html?command=get_materiel&rest_code=00150&code=00101008224&supplier_code=00100008&order_time=2023-04-29 HTTP/1.1" 200 416
116.238.139.35 - - [29/Apr/2023:09:17:53 +0800] "GET /xingrg/all/function/internal_message.html?_=1682731073028&CODE_STATE=getMsg HTTP/1.1" 200 27
116.238.139.35 - - [29/Apr/2023:09:17:54 +0800] "GET /xingrg/all/function/internal_message.html?_=1682731014816&CODE_STATE=getMsg HTTP/1.1" 200 27
58.40.7.146 - - [29/Apr/2023:09:17:57 +0800] "GET /xingrg/all/function/internal_message.html?_=1682731077386&CODE_STATE=getMsg HTTP/1.1" 200 27
180.171.122.0 - - [29/Apr/2023:09:17:58 +0800] "GET /xingrg/all/function/internal_message.html?_=1682731075669&CODE_STATE=getMsg HTTP/1.1" 200 27
180.171.122.0 - - [29/Apr/2023:09:18:03 +0800] "GET /xingrg/kc/buy/cgsh_order_operate.html?command=get_materiel&rest_code=00111&code=00101009056&supplier_code=00100037&order_time=2023-04-29 HTTP/1.1" 200 413
58.221.95.50 - - [29/Apr/2023:09:18:12 +0800] "GET /xingrg/all/function/internal_message.html?_=1682731092536&CODE_STATE=getMsg HTTP/1.1" 200 27
116.224.158.100 - - [29/Apr/2023:09:18:12 +0800] "GET /xingrg/all/function/internal_message.html?_=1682730932110&CODE_STATE=getMsg HTTP/1.1" 200 27
180.171.122.0 - - [29/Apr/2023:09:18:13 +0800] "GET /xingrg/kc/buy/cgsh_order_operate.html?command=get_materiel&rest_code=00111&code=00101015044&supplier_code=00100037&order_time=2023-04-29 HTTP/1.1" 200 408
180.171.122.0 - - [29/Apr/2023:09:18:19 +0800] "GET /xingrg/check_reg.html?_=1682731096263 HTTP/1.1" 200 22
116.224.120.182 - - [29/Apr/2023:09:18:22 +0800] "GET /xingrg/all/function/internal_message.html?_=1682731102901&CODE_STATE=getMsg HTTP/1.1" 200 27
116.224.106.218 - - [29/Apr/2023:09:18:24 +0800] "GET /xingrg/all/function/internal_message.html?_=1682731102218&CODE_STATE=getMsg HTTP/1.1" 200 27
116.224.158.100 - - [29/Apr/2023:09:18:31 +0800] "GET /xingrg/all/function/internal_message.html?_=1682731112352&CODE_STATE=getMsg HTTP/1.1" 200 27
124.77.241.237 - - [29/Apr/2023:09:18:39 +0800] "GET /xingrg/all/function/internal_message.html?_=1682731140955&CODE_STATE=getMsg HTTP/1.1" 200 27
116.227.208.255 - - [29/Apr/2023:09:18:39 +0800] "GET /xingrg/all/function/internal_message.html?_=1682731185613&CODE_STATE=getMsg HTTP/1.1" 200 27
172.20.0.100 - - [29/Apr/2023:09:18:44 +0800] "GET /xingrg/all/function/internal_message.html?_=1682731123769&CODE_STATE=getMsg HTTP/1.1" 302 -
116.238.139.35 - - [29/Apr/2023:09:18:45 +0800] "GET /xingrg/kc/buy/cgsh_order_operate.html?command=get_materiel&rest_code=00150&code=00101015128&supplier_code=00100008&order_time=2023-04-29 HTTP/1.1" 200 421
120.253.135.82 - - [29/Apr/2023:09:18:46 +0800] "GET /xingrg/all/function/internal_message.html?_=1682730964741&CODE_STATE=getMsg HTTP/1.1" 200 27
116.224.120.182 - - [29/Apr/2023:09:18:49 +0800] "GET /xingrg/check_reg.html?_=1682731151564 HTTP/1.1" 200 22
116.224.120.182 - - [29/Apr/2023:09:18:49 +0800] "GET /xingrg/all/function/internal_message.html?_=1682731151566&CODE_STATE=getMsg HTTP/1.1" 200 27
116.238.139.35 - - [29/Apr/2023:09:18:53 +0800] "GET /xingrg/all/function/internal_message.html?_=1682731133028&CODE_STATE=getMsg HTTP/1.1" 200 27
116.238.139.35 - - [29/Apr/2023:09:18:54 +0800] "GET /xingrg/check_reg.html?_=1682731074678 HTTP/1.1" 200 22
116.238.139.35 - - [29/Apr/2023:09:18:54 +0800] "GET /xingrg/all/function/internal_message.html?_=1682731074830&CODE_STATE=getMsg HTTP/1.1" 200 27
58.40.7.146 - - [29/Apr/2023:09:18:57 +0800] "GET /xingrg/all/function/internal_message.html?_=1682731137373&CODE_STATE=getMsg HTTP/1.1" 200 27
180.171.122.0 - - [29/Apr/2023:09:18:58 +0800] "GET /xingrg/all/function/internal_message.html?_=1682731135651&CODE_STATE=getMsg HTTP/1.1" 200 27
116.238.139.35 - - [29/Apr/2023:09:18:59 +0800] "GET /xingrg/kc/buy/cgsh_order_operate.html?command=get_materiel&rest_code=00150&code=00101008512&supplier_code=00100008&order_time=2023-04-29 HTTP/1.1" 200 413
124.77.241.237 - - [29/Apr/2023:09:19:00 +0800] "GET /xingrg/check_reg.html?_=1682731162364 HTTP/1.1" 200 22
116.238.139.35 - - [29/Apr/2023:09:19:10 +0800] "GET /xingrg/kc/buy/cgsh_order_operate.html?command=get_materiel&rest_code=00150&code=00101008370&supplier_code=00100008&order_time=2023-04-29 HTTP/1.1" 200 412
58.221.95.50 - - [29/Apr/2023:09:19:12 +0800] "GET /xingrg/all/function/internal_message.html?_=1682731152536&CODE_STATE=getMsg HTTP/1.1" 200 27
116.224.158.100 - - [29/Apr/2023:09:19:12 +0800] "GET /xingrg/all/function/internal_message.html?_=1682730992124&CODE_STATE=getMsg HTTP/1.1" 200 27
180.171.122.0 - - [29/Apr/2023:09:19:17 +0800] "GET /xingrg/check_reg.html?_=1682731308638 HTTP/1.1" 302 -
116.224.120.182 - - [29/Apr/2023:09:19:22 +0800] "GET /xingrg/all/function/internal_message.html?_=1682731162915&CODE_STATE=getMsg HTTP/1.1" 200 27
116.224.120.182 - - [29/Apr/2023:09:19:22 +0800] "GET /xingrg/check_reg.html?_=1682731162920 HTTP/1.1" 200 22
116.224.106.218 - - [29/Apr/2023:09:19:24 +0800] "GET /xingrg/all/function/internal_message.html?_=1682731162206&CODE_STATE=getMsg HTTP/1.1" 200 27
116.224.158.100 - - [29/Apr/2023:09:19:31 +0800] "GET /xingrg/all/function/internal_message.html?_=1682731172322&CODE_STATE=getMsg HTTP/1.1" 200 27
124.77.241.237 - - [29/Apr/2023:09:19:39 +0800] "GET /xingrg/all/function/internal_message.html?_=1682731200955&CODE_STATE=getMsg HTTP/1.1" 200 27
116.227.208.255 - - [29/Apr/2023:09:19:39 +0800] "GET /xingrg/all/function/internal_message.html?_=1682731245599&CODE_STATE=getMsg HTTP/1.1" 200 27
172.20.0.100 - - [29/Apr/2023:09:19:44 +0800] "GET /xingrg/all/function/internal_message.html?_=1682731183771&CODE_STATE=getMsg HTTP/1.1" 302 -
120.253.135.82 - - [29/Apr/2023:09:19:46 +0800] "GET /xingrg/all/function/internal_message.html?_=1682731024754&CODE_STATE=getMsg HTTP/1.1" 200 27
116.224.120.182 - - [29/Apr/2023:09:19:49 +0800] "GET /xingrg/all/function/internal_message.html?_=1682731211561&CODE_STATE=getMsg HTTP/1.1" 200 27
114.83.220.145 - - [29/Apr/2023:09:19:53 +0800] "GET /xingrg/login.html HTTP/1.1" 200 7641
116.238.139.35 - - [29/Apr/2023:09:19:53 +0800] "GET /xingrg/all/function/internal_message.html?_=1682731193029&CODE_STATE=getMsg HTTP/1.1" 200 27
116.238.139.35 - - [29/Apr/2023:09:19:54 +0800] "GET /xingrg/all/function/internal_message.html?_=1682731134911&CODE_STATE=getMsg HTTP/1.1" 200 27
114.83.220.145 - - [29/Apr/2023:09:19:56 +0800] "GET /favicon.ico HTTP/1.1" 404 -
58.40.7.146 - - [29/Apr/2023:09:19:57 +0800] "GET /xingrg/all/function/internal_message.html?_=1682731197361&CODE_STATE=getMsg HTTP/1.1" 200 27
180.171.122.0 - - [29/Apr/2023:09:19:58 +0800] "GET /xingrg/all/function/internal_message.html?_=1682731195660&CODE_STATE=getMsg HTTP/1.1" 200 27
116.238.139.35 - - [29/Apr/2023:09:20:00 +0800] "GET /xingrg/kc/buy/cgsh_order_operate.html?command=get_materiel&rest_code=00150&code=00101008101&supplier_code=00100008&order_time=2023-04-29 HTTP/1.1" 200 412
172.20.0.100 - - [29/Apr/2023:09:20:00 +0800] "GET /xingrg/check_reg.html?_=1682731215784 HTTP/1.1" 302 -
58.221.95.50 - - [29/Apr/2023:09:20:12 +0800] "GET /xingrg/all/function/internal_message.html?_=1682731212535&CODE_STATE=getMsg HTTP/1.1" 200 27
116.224.158.100 - - [29/Apr/2023:09:20:12 +0800] "GET /xingrg/check_reg.html?_=1682731052123 HTTP/1.1" 200 22
116.224.158.100 - - [29/Apr/2023:09:20:12 +0800] "GET /xingrg/all/function/internal_message.html?_=1682731052124&CODE_STATE=getMsg HTTP/1.1" 200 27
116.238.139.35 - - [29/Apr/2023:09:20:14 +0800] "GET /xingrg/kc/buy/cgsh_order_operate.html?command=get_materiel&rest_code=00150&code=00101008361&supplier_code=00100008&order_time=2023-04-29 HTTP/1.1" 200 408
116.238.139.35 - - [29/Apr/2023:09:20:21 +0800] "GET /xingrg/kc/buy/cgsh_order_operate.html?command=get_materiel&rest_code=00150&code=00101008355&supplier_code=00100008&order_time=2023-04-29 HTTP/1.1" 200 408
114.83.220.145 - - [29/Apr/2023:09:20:21 +0800] "POST /xingrg/login.do HTTP/1.1" 302 -
114.83.220.145 - - [29/Apr/2023:09:20:21 +0800] "GET /xingrg/index.html?sysBaseUrl=http%3A%2F%2F180.169.147.146%3A18081%2Fxingrg%2F&costTime=824×tamp=1682731221506 HTTP/1.1" 200 17179
114.83.220.145 - - [29/Apr/2023:09:20:21 +0800] "GET /favicon.ico HTTP/1.1" 404 -
114.83.220.145 - - [29/Apr/2023:09:20:22 +0800] "GET /xingrg/check_reg.html?_=1682731219282 HTTP/1.1" 200 22
114.83.220.145 - - [29/Apr/2023:09:20:22 +0800] "POST /xingrg/all/common/load_tree.html?tree=area_rest_tree_json&manage=1 HTTP/1.1" 200 351
114.83.220.145 - - [29/Apr/2023:09:20:22 +0800] "GET /xingrg/all/function/internal_message.html?_=1682731219282&CODE_STATE=count HTTP/1.1" 200 11
114.83.220.145 - - [29/Apr/2023:09:20:22 +0800] "POST /xingrg/load_menu.html HTTP/1.1" 200 5138
116.224.120.182 - - [29/Apr/2023:09:20:22 +0800] "GET /xingrg/all/function/internal_message.html?_=1682731222923&CODE_STATE=getMsg HTTP/1.1" 200 27
116.224.106.218 - - [29/Apr/2023:09:20:24 +0800] "GET /xingrg/all/function/internal_message.html?_=1682731222190&CODE_STATE=getMsg HTTP/1.1" 200 27
114.83.220.145 - - [29/Apr/2023:09:20:24 +0800] "GET /xingrg/kc/buy/cgsh_order_list.html HTTP/1.1" 200 55291
114.83.220.145 - - [29/Apr/2023:09:20:27 +0800] "POST /xingrg/kc/buy/cgsh_list_operate.html HTTP/1.1" 200 986
116.238.139.35 - - [29/Apr/2023:09:20:31 +0800] "GET /xingrg/kc/buy/cgsh_order_operate.html?command=get_materiel&rest_code=00150&code=00101008004&supplier_code=00100008&order_time=2023-04-29 HTTP/1.1" 200 416
116.224.158.100 - - [29/Apr/2023:09:20:31 +0800] "GET /xingrg/check_reg.html?_=1682731232324 HTTP/1.1" 200 22
116.224.158.100 - - [29/Apr/2023:09:20:31 +0800] "GET /xingrg/all/function/internal_message.html?_=1682731232329&CODE_STATE=getMsg HTTP/1.1" 200 27
114.83.220.145 - - [29/Apr/2023:09:20:32 +0800] "GET /xingrg/kc/buy/cgsh_order_add.html HTTP/1.1" 200 71155
114.83.220.145 - - [29/Apr/2023:09:20:32 +0800] "GET /xingrg/words/20230428173213_words.js HTTP/1.1" 200 962418
114.83.220.145 - - [29/Apr/2023:09:20:33 +0800] "POST /xingrg/kc/buy/cgsh_order_operate.html HTTP/1.1" 200 8245
114.83.220.145 - - [29/Apr/2023:09:20:33 +0800] "GET /xingrg/javascript/easyui/themes/default/validatebox.css HTTP/1.1" 404 1104
114.83.220.145 - - [29/Apr/2023:09:20:33 +0800] "GET /xingrg/all/common/auto_word.html?type=employee&rest_code=00149 HTTP/1.1" 200 197
114.83.220.145 - - [29/Apr/2023:09:20:33 +0800] "GET /xingrg/all/common/auto_word.html?type=employee&rest_code=00149 HTTP/1.1" 200 197
114.83.220.145 - - [29/Apr/2023:09:20:34 +0800] "GET /xingrg/javascript/auto/indicator.gif HTTP/1.1" 404 1066
114.83.220.145 - - [29/Apr/2023:09:20:35 +0800] "GET /xingrg/javascript/jquery_tools/images/prev.gif HTTP/1.1" 404 1086
114.83.220.145 - - [29/Apr/2023:09:20:35 +0800] "GET /xingrg/javascript/jquery_tools/images/next.gif HTTP/1.1" 404 1086
124.77.241.237 - - [29/Apr/2023:09:20:39 +0800] "GET /xingrg/all/function/internal_message.html?_=1682731260968&CODE_STATE=getMsg HTTP/1.1" 200 27
116.227.208.255 - - [29/Apr/2023:09:20:39 +0800] "GET /xingrg/all/function/internal_message.html?_=1682731305584&CODE_STATE=getMsg HTTP/1.1" 200 27
116.238.139.35 - - [29/Apr/2023:09:20:41 +0800] "GET /xingrg/kc/buy/cgsh_order_operate.html?command=get_materiel&rest_code=00150&code=00101008264&supplier_code=00100008&order_time=2023-04-29 HTTP/1.1" 200 412
114.83.220.145 - - [29/Apr/2023:09:20:42 +0800] "GET /xingrg/kc/buy/cgsh_order_operate.html?command=get_materiel&rest_code=00149&code=00101008091&supplier_code=00100008&order_time=2023-04-29 HTTP/1.1" 200 412
116.224.106.218 - - [29/Apr/2023:09:20:43 +0800] "GET /xingrg/check_reg.html?_=1682731241709 HTTP/1.1" 200 22
172.20.0.100 - - [29/Apr/2023:09:20:44 +0800] "GET /xingrg/all/function/internal_message.html?_=1682731243776&CODE_STATE=getMsg HTTP/1.1" 302 -
120.253.135.82 - - [29/Apr/2023:09:20:46 +0800] "GET /xingrg/all/function/internal_message.html?_=1682731084885&CODE_STATE=getMsg HTTP/1.1" 200 27
116.224.120.182 - - [29/Apr/2023:09:20:49 +0800] "GET /xingrg/all/function/internal_message.html?_=1682731271560&CODE_STATE=getMsg HTTP/1.1" 200 27
116.238.139.35 - - [29/Apr/2023:09:20:49 +0800] "GET /xingrg/kc/buy/cgsh_order_operate.html?command=get_materiel&rest_code=00150&code=00101008024&supplier_code=00100008&order_time=2023-04-29 HTTP/1.1" 200 408
116.238.139.35 - - [29/Apr/2023:09:20:53 +0800] "GET /xingrg/all/function/internal_message.html?_=1682731253036&CODE_STATE=getMsg HTTP/1.1" 200 27
116.238.139.35 - - [29/Apr/2023:09:20:53 +0800] "GET /xingrg/check_reg.html?_=1682731253040 HTTP/1.1" 200 22
114.83.220.145 - - [29/Apr/2023:09:20:54 +0800] "GET /xingrg/kc/buy/cgsh_order_operate.html?command=get_materiel&rest_code=00149&code=00101008415&supplier_code=00100008&order_time=2023-04-29 HTTP/1.1" 200 412
116.238.139.35 - - [29/Apr/2023:09:20:54 +0800] "GET /xingrg/all/function/internal_message.html?_=1682731194919&CODE_STATE=getMsg HTTP/1.1" 200 27
58.40.7.146 - - [29/Apr/2023:09:20:57 +0800] "GET /xingrg/all/function/internal_message.html?_=1682731257333&CODE_STATE=getMsg HTTP/1.1" 200 27
180.171.122.0 - - [29/Apr/2023:09:20:58 +0800] "GET /xingrg/all/function/internal_message.html?_=1682731255634&CODE_STATE=getMsg HTTP/1.1" 200 27
120.253.135.82 - - [29/Apr/2023:09:21:01 +0800] "GET /xingrg/check_reg.html?_=1682731099778 HTTP/1.1" 200 22
116.238.139.35 - - [29/Apr/2023:09:21:02 +0800] "POST /xingrg/kc/buy/cgsh_order_operate.html HTTP/1.1" 200 37
116.238.139.35 - - [29/Apr/2023:09:21:03 +0800] "POST /xingrg/kc/buy/cgsh_order_operate.html HTTP/1.1" 200 13923
114.83.220.145 - - [29/Apr/2023:09:21:03 +0800] "GET /xingrg/kc/buy/cgsh_order_operate.html?command=get_materiel&rest_code=00149&code=00101008125&supplier_code=00100008&order_time=2023-04-29 HTTP/1.1" 200 413
180.171.122.0 - - [29/Apr/2023:09:21:07 +0800] "GET /xingrg/kc/buy/cgsh_order_operate.html?command=get_materiel&rest_code=00111&code=00101016105&supplier_code=00100037&order_time=2023-04-29 HTTP/1.1" 200 409
116.238.139.35 - - [29/Apr/2023:09:21:11 +0800] "GET /xingrg/kc/buy/cgsh_order_operate.html?command=get_materiel&rest_code=00150&code=00101008356&supplier_code=00100008&order_time=2023-04-29 HTTP/1.1" 200 408
114.83.220.145 - - [29/Apr/2023:09:21:11 +0800] "GET /xingrg/kc/buy/cgsh_order_operate.html?command=get_materiel&rest_code=00149&code=00101008331&supplier_code=00100008&order_time=2023-04-29 HTTP/1.1" 200 416
58.221.95.50 - - [29/Apr/2023:09:21:12 +0800] "GET /xingrg/all/function/internal_message.html?_=1682731272525&CODE_STATE=getMsg HTTP/1.1" 200 27
116.224.158.100 - - [29/Apr/2023:09:21:12 +0800] "GET /xingrg/all/function/internal_message.html?_=1682731112122&CODE_STATE=getMsg HTTP/1.1" 200 27
218.81.76.134 - - [29/Apr/2023:09:21:18 +0800] "GET /xingrg/check_reg.html?_=1682731278007 HTTP/1.1" 200 22
114.83.220.145 - - [29/Apr/2023:09:21:22 +0800] "GET /xingrg/all/function/internal_message.html?_=1682731279296&CODE_STATE=getMsg HTTP/1.1" 200 27
116.224.120.182 - - [29/Apr/2023:09:21:22 +0800] "GET /xingrg/all/function/internal_message.html?_=1682731282918&CODE_STATE=getMsg HTTP/1.1" 200 27
58.40.7.146 - - [29/Apr/2023:09:21:22 +0800] "GET /xingrg/check_reg.html?_=1682731282725 HTTP/1.1" 200 22
116.224.106.218 - - [29/Apr/2023:09:21:24 +0800] "GET /xingrg/all/function/internal_message.html?_=1682731282177&CODE_STATE=getMsg HTTP/1.1" 200 27
116.238.139.35 - - [29/Apr/2023:09:21:24 +0800] "GET /xingrg/kc/buy/cgsh_order_operate.html?command=get_materiel&rest_code=00150&code=00101008301&supplier_code=00100008&order_time=2023-04-29 HTTP/1.1" 200 422
114.83.220.145 - - [29/Apr/2023:09:21:24 +0800] "GET /xingrg/kc/buy/cgsh_order_operate.html?command=get_materiel&rest_code=00149&code=00101008349&supplier_code=00100008&order_time=2023-04-29 HTTP/1.1" 200 414
116.224.158.100 - - [29/Apr/2023:09:21:31 +0800] "GET /xingrg/all/function/internal_message.html?_=1682731292328&CODE_STATE=getMsg HTTP/1.1" 200 27
114.83.220.145 - - [29/Apr/2023:09:21:37 +0800] "GET /xingrg/kc/buy/cgsh_order_operate.html?command=get_materiel&rest_code=00149&code=00101008350&supplier_code=00100008&order_time=2023-04-29 HTTP/1.1" 200 408
180.171.122.0 - - [29/Apr/2023:09:21:39 +0800] "GET /xingrg/kc/buy/cgsh_order_operate.html?command=get_materiel&rest_code=00111&code=00101008137&supplier_code=00100037&order_time=2023-04-29 HTTP/1.1" 200 408
116.227.208.255 - - [29/Apr/2023:09:21:39 +0800] "GET /xingrg/all/function/internal_message.html?_=1682731365562&CODE_STATE=getMsg HTTP/1.1" 200 27
124.77.241.237 - - [29/Apr/2023:09:21:39 +0800] "GET /xingrg/all/function/internal_message.html?_=1682731321621&CODE_STATE=getMsg HTTP/1.1" 200 27
116.238.139.35 - - [29/Apr/2023:09:21:41 +0800] "GET /xingrg/kc/buy/cgsh_order_operate.html?command=get_materiel&rest_code=00150&code=00101008137&supplier_code=00100008&order_time=2023-04-29 HTTP/1.1" 200 408
172.20.0.100 - - [29/Apr/2023:09:21:44 +0800] "GET /xingrg/all/function/internal_message.html?_=1682731303777&CODE_STATE=getMsg HTTP/1.1" 302 -
172.20.0.100 - - [29/Apr/2023:09:21:44 +0800] "GET /xingrg/check_reg.html?_=1682731303779 HTTP/1.1" 302 -
120.253.135.82 - - [29/Apr/2023:09:21:46 +0800] "GET /xingrg/all/function/internal_message.html?_=1682731144890&CODE_STATE=getMsg HTTP/1.1" 200 27
116.224.120.182 - - [29/Apr/2023:09:21:49 +0800] "GET /xingrg/all/function/internal_message.html?_=1682731331557&CODE_STATE=getMsg HTTP/1.1" 200 27
116.238.139.35 - - [29/Apr/2023:09:21:50 +0800] "GET /xingrg/kc/buy/cgsh_order_operate.html?command=get_materiel&rest_code=00150&code=00101008360&supplier_code=00100008&order_time=2023-04-29 HTTP/1.1" 200 412
180.171.122.0 - - [29/Apr/2023:09:21:52 +0800] "GET /xingrg/kc/buy/cgsh_order_operate.html?command=get_materiel&rest_code=00111&code=00101019670&supplier_code=00100037&order_time=2023-04-29 HTTP/1.1" 200 435
116.238.139.35 - - [29/Apr/2023:09:21:53 +0800] "GET /xingrg/all/function/internal_message.html?_=1682731313037&CODE_STATE=getMsg HTTP/1.1" 200 27
114.83.220.145 - - [29/Apr/2023:09:21:54 +0800] "GET /xingrg/kc/buy/cgsh_order_operate.html?command=get_materiel&rest_code=00149&code=00101008185&supplier_code=00100008&order_time=2023-04-29 HTTP/1.1" 200 408
116.238.139.35 - - [29/Apr/2023:09:21:54 +0800] "GET /xingrg/all/function/internal_message.html?_=1682731254933&CODE_STATE=getMsg HTTP/1.1" 200 27
58.40.7.146 - - [29/Apr/2023:09:21:57 +0800] "GET /xingrg/all/function/internal_message.html?_=1682731317305&CODE_STATE=getMsg HTTP/1.1" 200 27
116.238.139.35 - - [29/Apr/2023:09:21:58 +0800] "GET /xingrg/kc/buy/cgsh_order_operate.html?command=get_materiel&rest_code=00150&code=00101008077&supplier_code=00100008&order_time=2023-04-29 HTTP/1.1" 200 416
180.171.122.0 - - [29/Apr/2023:09:21:58 +0800] "GET /xingrg/all/function/internal_message.html?_=1682731315611&CODE_STATE=getMsg HTTP/1.1" 200 27
116.238.139.35 - - [29/Apr/2023:09:22:09 +0800] "POST /xingrg/kc/buy/cgsh_order_operate.html HTTP/1.1" 200 37
114.83.220.145 - - [29/Apr/2023:09:22:12 +0800] "GET /xingrg/kc/buy/cgsh_order_operate.html?command=get_materiel&rest_code=00149&code=00101008038&supplier_code=00100008&order_time=2023-04-29 HTTP/1.1" 200 23
116.238.139.35 - - [29/Apr/2023:09:22:12 +0800] "POST /xingrg/kc/buy/cgsh_order_operate.html HTTP/1.1" 200 16890
58.221.95.50 - - [29/Apr/2023:09:22:12 +0800] "GET /xingrg/check_reg.html?_=1682731332519 HTTP/1.1" 200 22
58.221.95.50 - - [29/Apr/2023:09:22:12 +0800] "GET /xingrg/all/function/internal_message.html?_=1682731332521&CODE_STATE=getMsg HTTP/1.1" 200 27
116.224.158.100 - - [29/Apr/2023:09:22:12 +0800] "GET /xingrg/all/function/internal_message.html?_=1682731172121&CODE_STATE=getMsg HTTP/1.1" 200 27
180.171.122.0 - - [29/Apr/2023:09:22:13 +0800] "GET /xingrg/kc/buy/cgsh_order_operate.html?command=get_materiel&rest_code=00111&code=00101019156&supplier_code=00100037&order_time=2023-04-29 HTTP/1.1" 200 412
114.83.220.145 - - [29/Apr/2023:09:22:21 +0800] "POST /xingrg/kc/buy/cgsh_order_operate.html HTTP/1.1" 200 37
116.224.120.182 - - [29/Apr/2023:09:22:22 +0800] "GET /xingrg/all/function/internal_message.html?_=1682731342912&CODE_STATE=getMsg HTTP/1.1" 200 27
124.78.66.30 - - [29/Apr/2023:09:22:23 +0800] "GET /favicon.ico HTTP/1.1" 404 -
116.224.106.218 - - [29/Apr/2023:09:22:24 +0800] "GET /xingrg/all/function/internal_message.html?_=1682731342161&CODE_STATE=getMsg HTTP/1.1" 200 27
116.238.139.35 - - [29/Apr/2023:09:22:26 +0800] "GET /xingrg/kc/buy/cgsh_order_operate.html?command=get_materiel&rest_code=00150&code=00101008223&supplier_code=00100008&order_time=2023-04-29 HTTP/1.1" 200 412
116.224.158.100 - - [29/Apr/2023:09:22:30 +0800] "GET /xingrg/kc/buy/cgsh_order_list.html HTTP/1.1" 200 55285
116.224.158.100 - - [29/Apr/2023:09:22:31 +0800] "GET /xingrg/all/function/internal_message.html?_=1682731352330&CODE_STATE=getMsg HTTP/1.1" 200 27
116.238.139.35 - - [29/Apr/2023:09:22:34 +0800] "GET /xingrg/kc/buy/cgsh_order_operate.html?command=get_materiel&rest_code=00150&code=00101008079&supplier_code=00100008&order_time=2023-04-29 HTTP/1.1" 200 416
180.171.122.0 - - [29/Apr/2023:09:22:34 +0800] "GET /xingrg/kc/buy/cgsh_order_operate.html?command=get_materiel&rest_code=00111&code=00101008332&supplier_code=00100037&order_time=2023-04-29 HTTP/1.1" 200 412
116.224.158.100 - - [29/Apr/2023:09:22:36 +0800] "POST /xingrg/kc/buy/cgsh_list_operate.html HTTP/1.1" 200 2698
116.227.208.255 - - [29/Apr/2023:09:22:39 +0800] "GET /xingrg/all/function/internal_message.html?_=1682731425541&CODE_STATE=getMsg HTTP/1.1" 200 27
124.77.241.237 - - [29/Apr/2023:09:22:39 +0800] "GET /xingrg/all/function/internal_message.html?_=1682731381634&CODE_STATE=getMsg HTTP/1.1" 200 27
116.227.208.255 - - [29/Apr/2023:09:22:40 +0800] "GET /xingrg/check_reg.html?_=1682731426090 HTTP/1.1" 200 22
180.171.122.0 - - [29/Apr/2023:09:22:41 +0800] "GET /xingrg/kc/buy/cgsh_order_operate.html?command=get_materiel&rest_code=00111&code=00101020131&supplier_code=00100037&order_time=2023-04-29 HTTP/1.1" 200 416
124.79.240.114 - - [29/Apr/2023:09:22:43 +0800] "POST /xingrg/services/DataTransmitService HTTP/1.1" 200 524
114.83.220.145 - - [29/Apr/2023:09:22:43 +0800] "GET /xingrg/all/function/internal_message.html?_=1682731360569&CODE_STATE=getMsg HTTP/1.1" 200 27
114.83.220.145 - - [29/Apr/2023:09:22:44 +0800] "POST /xingrg/kc/buy/cgsh_order_operate.html HTTP/1.1" 200 6792
172.20.0.100 - - [29/Apr/2023:09:22:44 +0800] "GET /xingrg/all/function/internal_message.html?_=1682731363780&CODE_STATE=getMsg HTTP/1.1" 302 -
120.253.135.82 - - [29/Apr/2023:09:22:46 +0800] "GET /xingrg/all/function/internal_message.html?_=1682731204904&CODE_STATE=getMsg HTTP/1.1" 200 27
114.83.220.145 - - [29/Apr/2023:09:22:47 +0800] "GET /xingrg/login.html HTTP/1.1" 200 7641
114.83.220.145 - - [29/Apr/2023:09:22:47 +0800] "GET /favicon.ico HTTP/1.1" 404 -
116.224.158.100 - - [29/Apr/2023:09:22:48 +0800] "GET /xingrg/javascript/easyui/themes/default/tree.css HTTP/1.1" 404 1090
116.224.158.100 - - [29/Apr/2023:09:22:49 +0800] "POST /xingrg/all/common/load_tree.html?tree=supplier_tree_json&manage=1 HTTP/1.1" 200 75302
116.224.120.182 - - [29/Apr/2023:09:22:49 +0800] "GET /xingrg/all/function/internal_message.html?_=1682731391570&CODE_STATE=getMsg HTTP/1.1" 200 27
116.238.139.35 - - [29/Apr/2023:09:22:50 +0800] "GET /xingrg/kc/buy/cgsh_order_operate.html?command=get_materiel&rest_code=00150&code=00101008357&supplier_code=00100008&order_time=2023-04-29 HTTP/1.1" 200 408
180.171.122.0 - - [29/Apr/2023:09:22:50 +0800] "GET /xingrg/kc/buy/cgsh_order_operate.html?command=get_materiel&rest_code=00111&code=00101019381&supplier_code=00100037&order_time=2023-04-29 HTTP/1.1" 200 413
116.224.158.100 - - [29/Apr/2023:09:22:50 +0800] "GET /xingrg/javascript/easyui/themes/default/images/tree_file.gif HTTP/1.1" 304 -
116.224.158.100 - - [29/Apr/2023:09:22:50 +0800] "GET /xingrg/javascript/easyui/themes/default/images/tree_folder.gif HTTP/1.1" 304 -
116.224.158.100 - - [29/Apr/2023:09:22:52 +0800] "GET /xingrg/javascript/auto/indicator.gif HTTP/1.1" 404 1066
116.238.139.35 - - [29/Apr/2023:09:22:53 +0800] "GET /xingrg/all/function/internal_message.html?_=1682731373036&CODE_STATE=getMsg HTTP/1.1" 200 27
116.238.139.35 - - [29/Apr/2023:09:22:55 +0800] "GET /xingrg/all/function/internal_message.html?_=1682731314946&CODE_STATE=getMsg HTTP/1.1" 200 27
114.83.220.145 - - [29/Apr/2023:09:22:55 +0800] "POST /xingrg/login.do HTTP/1.1" 302 -
114.83.220.145 - - [29/Apr/2023:09:22:55 +0800] "GET /xingrg/index.html?sysBaseUrl=http%3A%2F%2F180.169.147.146%3A18081%2Fxingrg%2F&costTime=859×tamp=1682731375184 HTTP/1.1" 200 17179
114.83.220.145 - - [29/Apr/2023:09:22:55 +0800] "GET /favicon.ico HTTP/1.1" 404 -
114.83.220.145 - - [29/Apr/2023:09:22:55 +0800] "GET /xingrg/all/function/internal_message.html?_=1682731372789&CODE_STATE=count HTTP/1.1" 200 11
114.83.220.145 - - [29/Apr/2023:09:22:55 +0800] "GET /xingrg/check_reg.html?_=1682731372791 HTTP/1.1" 200 22
114.83.220.145 - - [29/Apr/2023:09:22:55 +0800] "POST /xingrg/all/common/load_tree.html?tree=area_rest_tree_json&manage=1 HTTP/1.1" 200 351
114.83.220.145 - - [29/Apr/2023:09:22:55 +0800] "POST /xingrg/load_menu.html HTTP/1.1" 200 5138
58.40.7.146 - - [29/Apr/2023:09:22:57 +0800] "GET /xingrg/all/function/internal_message.html?_=1682731377275&CODE_STATE=getMsg HTTP/1.1" 200 27
116.238.139.35 - - [29/Apr/2023:09:22:57 +0800] "GET /xingrg/kc/buy/cgsh_order_operate.html?command=get_materiel&rest_code=00150&code=00101008069&supplier_code=00100008&order_time=2023-04-29 HTTP/1.1" 200 412
114.83.220.145 - - [29/Apr/2023:09:22:58 +0800] "GET /xingrg/kc/buy/cgsh_order_list.html HTTP/1.1" 200 55291
180.171.122.0 - - [29/Apr/2023:09:22:58 +0800] "GET /xingrg/all/function/internal_message.html?_=1682731375583&CODE_STATE=getMsg HTTP/1.1" 200 27
116.224.158.100 - - [29/Apr/2023:09:22:59 +0800] "POST /xingrg/kc/buy/cgsh_list_operate.html HTTP/1.1" 200 6039
114.83.220.145 - - [29/Apr/2023:09:23:01 +0800] "POST /xingrg/kc/buy/cgsh_list_operate.html HTTP/1.1" 200 1867
116.238.139.35 - - [29/Apr/2023:09:23:06 +0800] "POST /xingrg/kc/buy/cgsh_order_operate.html HTTP/1.1" 200 37
116.238.139.35 - - [29/Apr/2023:09:23:09 +0800] "POST /xingrg/kc/buy/cgsh_order_operate.html HTTP/1.1" 200 19850
114.83.220.145 - - [29/Apr/2023:09:23:09 +0800] "POST /xingrg/kc/buy/cgsh_list_operate.html HTTP/1.1" 200 1244
180.171.122.0 - - [29/Apr/2023:09:23:10 +0800] "GET /xingrg/kc/buy/cgsh_order_operate.html?command=get_materiel&rest_code=00111&code=00101019504&supplier_code=00100037&order_time=2023-04-29 HTTP/1.1" 200 449
58.221.95.50 - - [29/Apr/2023:09:23:12 +0800] "GET /xingrg/all/function/internal_message.html?_=1682731392527&CODE_STATE=getMsg HTTP/1.1" 200 27
116.224.158.100 - - [29/Apr/2023:09:23:12 +0800] "GET /xingrg/all/function/internal_message.html?_=1682731232119&CODE_STATE=getMsg HTTP/1.1" 200 27
114.83.220.145 - - [29/Apr/2023:09:23:13 +0800] "GET /xingrg/kc/buy/cgsh_order_info.html?code=212023042910259 HTTP/1.1" 200 71164
114.83.220.145 - - [29/Apr/2023:09:23:14 +0800] "GET /xingrg/javascript/easyui/themes/default/validatebox.css HTTP/1.1" 404 1104
114.83.220.145 - - [29/Apr/2023:09:23:14 +0800] "GET /xingrg/all/common/auto_word.html?type=employee&rest_code=00149 HTTP/1.1" 200 197
114.83.220.145 - - [29/Apr/2023:09:23:14 +0800] "GET /xingrg/all/common/auto_word.html?type=employee&rest_code=00149 HTTP/1.1" 200 197
114.83.220.145 - - [29/Apr/2023:09:23:15 +0800] "POST /xingrg/kc/buy/cgsh_order_operate.html HTTP/1.1" 200 6792
116.238.139.35 - - [29/Apr/2023:09:23:17 +0800] "GET /xingrg/kc/buy/cgsh_order_operate.html?command=get_materiel&rest_code=00150&code=00101008286&supplier_code=00100008&order_time=2023-04-29 HTTP/1.1" 200 408
180.171.122.0 - - [29/Apr/2023:09:23:19 +0800] "GET /xingrg/check_reg.html?_=1682731396301 HTTP/1.1" 200 22
114.83.220.145 - - [29/Apr/2023:09:23:21 +0800] "GET /xingrg/javascript/auto/indicator.gif HTTP/1.1" 404 1066
116.224.120.182 - - [29/Apr/2023:09:23:22 +0800] "GET /xingrg/all/function/internal_message.html?_=1682731402904&CODE_STATE=getMsg HTTP/1.1" 200 27
116.224.106.218 - - [29/Apr/2023:09:23:24 +0800] "GET /xingrg/all/function/internal_message.html?_=1682731402146&CODE_STATE=getMsg HTTP/1.1" 200 27
114.83.220.145 - - [29/Apr/2023:09:23:26 +0800] "GET /xingrg/kc/buy/cgsh_order_operate.html?command=get_materiel&rest_code=00149&code=00101008038&supplier_code=00100008&order_time=2023-04-29 HTTP/1.1" 200 412
180.171.122.0 - - [29/Apr/2023:09:23:27 +0800] "GET /xingrg/kc/buy/cgsh_order_operate.html?command=get_materiel&rest_code=00111&code=00101019433&supplier_code=00100037&order_time=2023-04-29 HTTP/1.1" 200 451
116.238.139.35 - - [29/Apr/2023:09:23:28 +0800] "GET /xingrg/kc/buy/cgsh_order_operate.html?command=get_materiel&rest_code=00150&code=00101008036&supplier_code=00100008&order_time=2023-04-29 HTTP/1.1" 200 408
116.224.158.100 - - [29/Apr/2023:09:23:31 +0800] "POST /xingrg/kc/buy/cgsh_list_operate.html HTTP/1.1" 200 6153
116.224.158.100 - - [29/Apr/2023:09:23:31 +0800] "GET /xingrg/all/function/internal_message.html?_=1682731412390&CODE_STATE=getMsg HTTP/1.1" 200 27
116.238.139.35 - - [29/Apr/2023:09:23:37 +0800] "GET /xingrg/kc/buy/cgsh_order_operate.html?command=get_materiel&rest_code=00150&code=00101008131&supplier_code=00100008&order_time=2023-04-29 HTTP/1.1" 200 409
116.227.208.255 - - [29/Apr/2023:09:23:39 +0800] "GET /xingrg/all/function/internal_message.html?_=1682731485522&CODE_STATE=getMsg HTTP/1.1" 200 27
124.77.241.237 - - [29/Apr/2023:09:23:40 +0800] "GET /xingrg/all/function/internal_message.html?_=1682731442316&CODE_STATE=getMsg HTTP/1.1" 200 27
114.83.220.145 - - [29/Apr/2023:09:23:43 +0800] "GET /xingrg/kc/buy/cgsh_order_operate.html?command=get_materiel&rest_code=00149&code=00101008358&supplier_code=00100008&order_time=2023-04-29 HTTP/1.1" 200 412
172.20.0.100 - - [29/Apr/2023:09:23:44 +0800] "GET /xingrg/all/function/internal_message.html?_=1682731423781&CODE_STATE=getMsg HTTP/1.1" 302 -
120.253.135.82 - - [29/Apr/2023:09:23:46 +0800] "GET /xingrg/all/function/internal_message.html?_=1682731265032&CODE_STATE=getMsg HTTP/1.1" 200 27
116.238.139.35 - - [29/Apr/2023:09:23:48 +0800] "GET /xingrg/kc/buy/cgsh_order_operate.html?command=get_materiel&rest_code=00150&code=00101008694&supplier_code=00100008&order_time=2023-04-29 HTTP/1.1" 200 420
116.224.120.182 - - [29/Apr/2023:09:23:49 +0800] "GET /xingrg/check_reg.html?_=1682731451568 HTTP/1.1" 200 22
116.224.120.182 - - [29/Apr/2023:09:23:49 +0800] "GET /xingrg/all/function/internal_message.html?_=1682731451570&CODE_STATE=getMsg HTTP/1.1" 200 27
