120.253.135.82 - - [27/Apr/2023:12:43:21 +0800] "GET /xingrg/kc/pszx/mdps_order_info.html?code=312023042700532 HTTP/1.1" 200 23978
61.170.234.7 - - [27/Apr/2023:12:43:21 +0800] "GET /xingrg/javascript/easyui/themes/default/validatebox.css HTTP/1.1" 404 1104
120.253.135.82 - - [27/Apr/2023:12:43:22 +0800] "GET /xingrg/javascript/easyui/themes/default/validatebox.css HTTP/1.1" 404 1104
180.152.240.159 - - [27/Apr/2023:12:43:22 +0800] "GET /xingrg/kc/buy/cgsh_order_operate.html?command=get_materiel&rest_code=00102&code=00101010563&supplier_code=00100323&order_time=2023-04-26 HTTP/1.1" 200 410
120.253.135.82 - - [27/Apr/2023:12:43:22 +0800] "POST /xingrg/kc/pszx/mdps_order_operate.html HTTP/1.1" 200 2293
61.170.234.7 - - [27/Apr/2023:12:43:23 +0800] "POST /xingrg/kc/buy/cgsh_order_operate.html HTTP/1.1" 200 1813
120.253.135.82 - - [27/Apr/2023:12:43:24 +0800] "GET /xingrg/kc/print/load_data.html?order_code=312023042700532&kc_code=mdps&condition= HTTP/1.1" 200 713
61.170.234.7 - - [27/Apr/2023:12:43:25 +0800] "GET /xingrg/kc/print/load_data.html?order_code=212023042709551&kc_code=cgsh&condition= HTTP/1.1" 200 1173
180.169.147.146 - - [27/Apr/2023:12:43:28 +0800] "GET /xingrg/all/function/internal_message.html?_=1682570608778&CODE_STATE=getMsg HTTP/1.1" 200 27
180.169.147.146 - - [27/Apr/2023:12:43:28 +0800] "GET /xingrg/kc/buy/cgsh_order_operate.html?command=get_materiel&rest_code=00147&code=00101008272&supplier_code=00100007&order_time=2023-04-27 HTTP/1.1" 200 412
120.253.135.82 - - [27/Apr/2023:12:43:30 +0800] "POST /xingrg/kc/pszx/mdps_list_operate.html HTTP/1.1" 200 3923
61.170.234.7 - - [27/Apr/2023:12:43:31 +0800] "GET /xingrg/kc/buy/cgsh_order_add.html HTTP/1.1" 200 71061
61.170.234.7 - - [27/Apr/2023:12:43:31 +0800] "POST /xingrg/kc/buy/cgsh_order_operate.html HTTP/1.1" 200 8245
120.253.135.82 - - [27/Apr/2023:12:43:31 +0800] "POST /xingrg/kc/pszx/mdps_list_operate.html HTTP/1.1" 200 628
61.170.234.7 - - [27/Apr/2023:12:43:31 +0800] "GET /xingrg/javascript/easyui/themes/default/validatebox.css HTTP/1.1" 404 1104
120.253.135.82 - - [27/Apr/2023:12:43:32 +0800] "GET /xingrg/kc/pszx/mdps_order_info.html?code=312023042700534 HTTP/1.1" 200 23978
61.170.234.7 - - [27/Apr/2023:12:43:33 +0800] "GET /xingrg/javascript/easyui/themes/default/tree.css HTTP/1.1" 404 1090
116.224.106.218 - - [27/Apr/2023:12:43:33 +0800] "GET /xingrg/all/function/internal_message.html?_=1682570611364&CODE_STATE=getMsg HTTP/1.1" 200 27
120.253.135.82 - - [27/Apr/2023:12:43:33 +0800] "GET /xingrg/javascript/easyui/themes/default/validatebox.css HTTP/1.1" 404 1104
61.170.234.7 - - [27/Apr/2023:12:43:33 +0800] "POST /xingrg/all/common/load_tree.html?tree=supplier_tree_json&isDelete=1 HTTP/1.1" 200 73370
120.253.135.82 - - [27/Apr/2023:12:43:34 +0800] "POST /xingrg/kc/pszx/mdps_order_operate.html HTTP/1.1" 200 5343
101.229.22.234 - - [27/Apr/2023:12:43:34 +0800] "GET /xingrg/all/function/internal_message.html?_=1682570612597&CODE_STATE=getMsg HTTP/1.1" 200 27
101.229.22.234 - - [27/Apr/2023:12:43:34 +0800] "GET /xingrg/check_reg.html?_=1682570612598 HTTP/1.1" 200 22
180.152.240.159 - - [27/Apr/2023:12:43:34 +0800] "GET /xingrg/kc/buy/cgsh_order_operate.html?command=get_materiel&rest_code=00102&code=00101006185&supplier_code=00100323&order_time=2023-04-26 HTTP/1.1" 200 419
114.83.221.131 - - [27/Apr/2023:12:43:37 +0800] "GET /xingrg/all/function/internal_message.html?_=1682570710117&CODE_STATE=getMsg HTTP/1.1" 200 27
114.83.221.131 - - [27/Apr/2023:12:43:37 +0800] "GET /xingrg/check_reg.html?_=1682570710119 HTTP/1.1" 200 22
120.253.135.82 - - [27/Apr/2023:12:43:40 +0800] "GET /xingrg/kc/print/load_data.html?order_code=312023042700534&kc_code=mdps&condition= HTTP/1.1" 200 2129
180.152.240.159 - - [27/Apr/2023:12:43:42 +0800] "GET /xingrg/all/function/internal_message.html?_=1682570634294&CODE_STATE=getMsg HTTP/1.1" 200 27
180.164.3.199 - - [27/Apr/2023:12:43:43 +0800] "GET /xingrg/all/function/internal_message.html?_=1682570622376&CODE_STATE=getMsg HTTP/1.1" 200 27
61.170.234.7 - - [27/Apr/2023:12:43:43 +0800] "GET /xingrg/all/function/internal_message.html?_=1682570625195&CODE_STATE=getMsg HTTP/1.1" 200 27
180.152.240.159 - - [27/Apr/2023:12:43:45 +0800] "POST /xingrg/kc/buy/cgsh_order_operate.html HTTP/1.1" 200 37
116.224.158.100 - - [27/Apr/2023:12:43:50 +0800] "GET /xingrg/all/function/internal_message.html?_=1682570630542&CODE_STATE=getMsg HTTP/1.1" 200 27
120.253.135.82 - - [27/Apr/2023:12:43:50 +0800] "GET /xingrg/all/function/internal_message.html?_=1682570469929&CODE_STATE=getMsg HTTP/1.1" 200 27
120.253.135.82 - - [27/Apr/2023:12:43:50 +0800] "POST /xingrg/kc/pszx/mdps_list_operate.html HTTP/1.1" 200 3923
180.169.147.146 - - [27/Apr/2023:12:43:51 +0800] "GET /xingrg/all/function/internal_message.html?_=1682570631285&CODE_STATE=getMsg HTTP/1.1" 302 -
124.79.74.67 - - [27/Apr/2023:12:43:51 +0800] "GET /xingrg/all/function/internal_message.html?_=1682570634332&CODE_STATE=getMsg HTTP/1.1" 200 27
120.253.135.82 - - [27/Apr/2023:12:43:51 +0800] "POST /xingrg/kc/pszx/mdps_list_operate.html HTTP/1.1" 200 311
116.238.139.35 - - [27/Apr/2023:12:43:52 +0800] "GET /xingrg/all/function/internal_message.html?_=1682570632513&CODE_STATE=getMsg HTTP/1.1" 200 27
120.253.135.82 - - [27/Apr/2023:12:43:53 +0800] "GET /xingrg/kc/pszx/mdps_order_info.html?code=312023042700535 HTTP/1.1" 200 23978
120.253.135.82 - - [27/Apr/2023:12:43:53 +0800] "GET /xingrg/javascript/easyui/themes/default/validatebox.css HTTP/1.1" 404 1104
116.227.208.255 - - [27/Apr/2023:12:43:54 +0800] "GET /xingrg/all/function/internal_message.html?_=1682570704153&CODE_STATE=getMsg HTTP/1.1" 200 27
180.152.240.159 - - [27/Apr/2023:12:43:54 +0800] "POST /xingrg/kc/buy/cgsh_order_operate.html HTTP/1.1" 200 12
120.253.135.82 - - [27/Apr/2023:12:43:54 +0800] "POST /xingrg/kc/pszx/mdps_order_operate.html HTTP/1.1" 200 2841
180.169.147.146 - - [27/Apr/2023:12:43:56 +0800] "GET /xingrg/kc/buy/cgsh_order_operate.html?command=get_materiel&rest_code=00147&code=00101008036&supplier_code=00100007&order_time=2023-04-27 HTTP/1.1" 200 408
180.152.240.159 - - [27/Apr/2023:12:43:57 +0800] "GET /xingrg/kc/buy/cgsh_order_info.html?code=212023042709552 HTTP/1.1" 200 66020
180.152.240.159 - - [27/Apr/2023:12:43:57 +0800] "GET /xingrg/javascript/easyui/themes/default/validatebox.css HTTP/1.1" 404 1104
120.253.135.82 - - [27/Apr/2023:12:43:57 +0800] "GET /xingrg/kc/print/load_data.html?order_code=312023042700535&kc_code=mdps&condition= HTTP/1.1" 200 976
180.152.240.159 - - [27/Apr/2023:12:43:59 +0800] "POST /xingrg/kc/buy/cgsh_order_operate.html HTTP/1.1" 200 3630
180.169.147.146 - - [27/Apr/2023:12:44:00 +0800] "GET /xingrg/all/function/internal_message.html?_=1682570631916&CODE_STATE=getMsg HTTP/1.1" 200 27
180.152.240.159 - - [27/Apr/2023:12:44:01 +0800] "GET /xingrg/kc/print/load_data.html?order_code=212023042709552&kc_code=cgsh&condition= HTTP/1.1" 200 1898
120.253.135.82 - - [27/Apr/2023:12:44:02 +0800] "GET /xingrg/all/function/internal_message.html?_=1682570779007&CODE_STATE=getMsg HTTP/1.1" 200 27
120.253.135.82 - - [27/Apr/2023:12:44:03 +0800] "POST /xingrg/kc/pszx/mdps_list_operate.html HTTP/1.1" 200 3923
120.253.135.82 - - [27/Apr/2023:12:44:04 +0800] "POST /xingrg/kc/pszx/mdps_list_operate.html HTTP/1.1" 200 275
120.253.135.82 - - [27/Apr/2023:12:44:06 +0800] "GET /xingrg/kc/pszx/mdps_order_info.html?code=312023042700536 HTTP/1.1" 200 23978
180.152.240.159 - - [27/Apr/2023:12:44:06 +0800] "GET /xingrg/kc/buy/cgsh_order_add.html HTTP/1.1" 200 71108
180.152.240.159 - - [27/Apr/2023:12:44:06 +0800] "POST /xingrg/kc/buy/cgsh_order_operate.html HTTP/1.1" 200 8245
180.152.240.159 - - [27/Apr/2023:12:44:06 +0800] "GET /xingrg/javascript/easyui/themes/default/validatebox.css HTTP/1.1" 404 1104
120.253.135.82 - - [27/Apr/2023:12:44:06 +0800] "GET /xingrg/javascript/easyui/themes/default/validatebox.css HTTP/1.1" 404 1104
120.253.135.82 - - [27/Apr/2023:12:44:06 +0800] "POST /xingrg/kc/pszx/mdps_order_operate.html HTTP/1.1" 200 2774
180.169.147.146 - - [27/Apr/2023:12:44:06 +0800] "GET /xingrg/kc/buy/cgsh_order_operate.html?command=get_materiel&rest_code=00147&code=00101008350&supplier_code=00100007&order_time=2023-04-27 HTTP/1.1" 200 408
61.170.234.7 - - [27/Apr/2023:12:44:08 +0800] "GET /xingrg/kc/buy/cgsh_order_operate.html?command=get_materiel&rest_code=00106&code=00101010616&supplier_code=00100566&order_time=2023-04-27 HTTP/1.1" 200 409
120.253.135.82 - - [27/Apr/2023:12:44:09 +0800] "GET /xingrg/kc/print/load_data.html?order_code=312023042700536&kc_code=mdps&condition= HTTP/1.1" 200 917
180.162.115.227 - - [27/Apr/2023:12:44:11 +0800] "GET /xingrg/all/function/internal_message.html?_=1682569510023&CODE_STATE=getMsg HTTP/1.1" 200 27
116.230.117.27 - - [27/Apr/2023:12:44:17 +0800] "GET /xingrg/all/function/internal_message.html?_=1682570671962&CODE_STATE=getMsg HTTP/1.1" 200 27
120.253.135.82 - - [27/Apr/2023:12:44:18 +0800] "POST /xingrg/kc/pszx/mdps_list_operate.html HTTP/1.1" 200 3923
101.83.241.98 - - [27/Apr/2023:12:44:18 +0800] "GET /xingrg/all/function/internal_message.html?_=1682570657460&CODE_STATE=getMsg HTTP/1.1" 200 27
101.83.241.98 - - [27/Apr/2023:12:44:18 +0800] "GET /xingrg/check_reg.html?_=1682570657464 HTTP/1.1" 200 22
180.163.29.79 - - [27/Apr/2023:12:44:19 +0800] "GET /xingrg/all/function/internal_message.html?_=1682570598395&CODE_STATE=getMsg HTTP/1.1" 302 -
61.170.234.7 - - [27/Apr/2023:12:44:19 +0800] "GET /xingrg/all/function/internal_message.html?_=1682570658402&CODE_STATE=getMsg HTTP/1.1" 200 27
180.163.29.79 - - [27/Apr/2023:12:44:19 +0800] "GET /xingrg/login.html HTTP/1.1" 200 7641
180.163.30.85 - - [27/Apr/2023:12:44:19 +0800] "GET /xingrg/check_reg.html?_=1682570598401 HTTP/1.1" 302 -
180.169.147.146 - - [27/Apr/2023:12:44:19 +0800] "POST /xingrg/kc/buy/cgsh_order_operate.html HTTP/1.1" 200 37
180.163.30.85 - - [27/Apr/2023:12:44:19 +0800] "GET /xingrg/login.html HTTP/1.1" 200 7641
120.253.135.82 - - [27/Apr/2023:12:44:19 +0800] "POST /xingrg/kc/pszx/mdps_list_operate.html HTTP/1.1" 200 202
120.253.135.82 - - [27/Apr/2023:12:44:20 +0800] "GET /xingrg/kc/pszx/mdps_order_info.html?code=312023042700537 HTTP/1.1" 200 23978
120.253.135.82 - - [27/Apr/2023:12:44:21 +0800] "GET /xingrg/javascript/easyui/themes/default/validatebox.css HTTP/1.1" 404 1104
120.253.135.82 - - [27/Apr/2023:12:44:21 +0800] "POST /xingrg/kc/pszx/mdps_order_operate.html HTTP/1.1" 200 2276
61.170.234.7 - - [27/Apr/2023:12:44:22 +0800] "POST /xingrg/kc/buy/cgsh_order_operate.html HTTP/1.1" 200 37
180.169.147.146 - - [27/Apr/2023:12:44:22 +0800] "POST /xingrg/kc/buy/cgsh_order_operate.html HTTP/1.1" 200 28102
120.253.135.82 - - [27/Apr/2023:12:44:24 +0800] "GET /xingrg/kc/print/load_data.html?order_code=312023042700537&kc_code=mdps&condition= HTTP/1.1" 200 690
180.169.147.146 - - [27/Apr/2023:12:44:26 +0800] "GET /xingrg/kc/print/load_data.html?order_code=212023042709553&kc_code=cgsh&condition= HTTP/1.1" 200 10362
180.169.147.146 - - [27/Apr/2023:12:44:28 +0800] "GET /xingrg/check_reg.html?_=1682570668771 HTTP/1.1" 200 22
180.169.147.146 - - [27/Apr/2023:12:44:28 +0800] "GET /xingrg/all/function/internal_message.html?_=1682570668773&CODE_STATE=getMsg HTTP/1.1" 200 27
61.170.234.7 - - [27/Apr/2023:12:44:29 +0800] "POST /xingrg/kc/buy/cgsh_order_operate.html HTTP/1.1" 200 12
120.253.135.82 - - [27/Apr/2023:12:44:29 +0800] "POST /xingrg/kc/pszx/mdps_list_operate.html HTTP/1.1" 200 3923
120.253.135.82 - - [27/Apr/2023:12:44:30 +0800] "POST /xingrg/kc/pszx/mdps_list_operate.html HTTP/1.1" 200 367
61.170.234.7 - - [27/Apr/2023:12:44:31 +0800] "GET /xingrg/kc/buy/cgsh_order_info.html?code=212023042709554 HTTP/1.1" 200 65974
61.170.234.7 - - [27/Apr/2023:12:44:31 +0800] "GET /xingrg/javascript/easyui/themes/default/validatebox.css HTTP/1.1" 404 1104
120.253.135.82 - - [27/Apr/2023:12:44:31 +0800] "GET /xingrg/kc/pszx/mdps_order_info.html?code=312023042700538 HTTP/1.1" 200 23978
120.253.135.82 - - [27/Apr/2023:12:44:32 +0800] "GET /xingrg/javascript/easyui/themes/default/validatebox.css HTTP/1.1" 404 1104
61.170.234.7 - - [27/Apr/2023:12:44:32 +0800] "POST /xingrg/kc/buy/cgsh_order_operate.html HTTP/1.1" 200 608
120.253.135.82 - - [27/Apr/2023:12:44:32 +0800] "POST /xingrg/kc/pszx/mdps_order_operate.html HTTP/1.1" 200 3272
116.224.106.218 - - [27/Apr/2023:12:44:33 +0800] "GET /xingrg/all/function/internal_message.html?_=1682570671351&CODE_STATE=getMsg HTTP/1.1" 200 27
101.229.22.234 - - [27/Apr/2023:12:44:34 +0800] "GET /xingrg/all/function/internal_message.html?_=1682570672594&CODE_STATE=getMsg HTTP/1.1" 200 27
61.170.234.7 - - [27/Apr/2023:12:44:34 +0800] "GET /xingrg/kc/print/load_data.html?order_code=212023042709554&kc_code=cgsh&condition= HTTP/1.1" 200 704
114.83.221.131 - - [27/Apr/2023:12:44:37 +0800] "GET /xingrg/all/function/internal_message.html?_=1682570770105&CODE_STATE=getMsg HTTP/1.1" 200 27
180.169.147.146 - - [27/Apr/2023:12:44:38 +0800] "GET /xingrg/kc/mdqp/qqps_order_list.html HTTP/1.1" 200 9222
180.169.147.146 - - [27/Apr/2023:12:44:38 +0800] "GET /xingrg/dwr/interface/AjaxQqpsService.js HTTP/1.1" 200 16326
180.169.147.146 - - [27/Apr/2023:12:44:38 +0800] "GET /xingrg/dwr/interface/AjaxReportQueryService.js HTTP/1.1" 200 13203
180.169.147.146 - - [27/Apr/2023:12:44:38 +0800] "GET /xingrg/dwr/engine.js HTTP/1.1" 200 43631
180.169.147.146 - - [27/Apr/2023:12:44:38 +0800] "GET /xingrg/dwr/util.js HTTP/1.1" 304 -
180.169.147.146 - - [27/Apr/2023:12:44:39 +0800] "GET /xingrg/kc/mdqp/qqps_order_add.html HTTP/1.1" 200 28074
180.169.147.146 - - [27/Apr/2023:12:44:39 +0800] "GET /xingrg/dwr/interface/AjaxComOrderService.js HTTP/1.1" 200 18264
180.169.147.146 - - [27/Apr/2023:12:44:39 +0800] "GET /xingrg/dwr/interface/AjaxQqpsService.js HTTP/1.1" 200 16326
180.169.147.146 - - [27/Apr/2023:12:44:39 +0800] "GET /xingrg/dwr/engine.js HTTP/1.1" 200 43631
120.253.135.82 - - [27/Apr/2023:12:44:40 +0800] "GET /xingrg/kc/pszx/mdps_order_operate.html?command=get_materiel&pszx_code=00101&rest_code=00147&base_code=0010246&code=00101019114 HTTP/1.1" 200 471
61.170.234.7 - - [27/Apr/2023:12:44:40 +0800] "GET /xingrg/kc/buy/cgsh_order_add.html HTTP/1.1" 200 71061
61.170.234.7 - - [27/Apr/2023:12:44:41 +0800] "POST /xingrg/kc/buy/cgsh_order_operate.html HTTP/1.1" 200 8245
61.170.234.7 - - [27/Apr/2023:12:44:41 +0800] "GET /xingrg/javascript/easyui/themes/default/validatebox.css HTTP/1.1" 404 1104
180.152.240.159 - - [27/Apr/2023:12:44:42 +0800] "GET /xingrg/all/function/internal_message.html?_=1682570694294&CODE_STATE=getMsg HTTP/1.1" 200 27
61.170.234.7 - - [27/Apr/2023:12:44:42 +0800] "GET /xingrg/javascript/easyui/themes/default/tree.css HTTP/1.1" 404 1090
120.253.135.82 - - [27/Apr/2023:12:44:43 +0800] "POST /xingrg/all/common/load_select.html HTTP/1.1" 200 25
61.170.234.7 - - [27/Apr/2023:12:44:43 +0800] "POST /xingrg/all/common/load_tree.html?tree=supplier_tree_json&isDelete=1 HTTP/1.1" 200 73370
180.164.3.199 - - [27/Apr/2023:12:44:43 +0800] "GET /xingrg/all/function/internal_message.html?_=1682570682352&CODE_STATE=getMsg HTTP/1.1" 200 27
61.170.234.7 - - [27/Apr/2023:12:44:44 +0800] "GET /xingrg/all/function/internal_message.html?_=1682570686508&CODE_STATE=getMsg HTTP/1.1" 200 27
120.253.135.82 - - [27/Apr/2023:12:44:45 +0800] "GET /xingrg/kc/pszx/mdps_order_operate.html?command=get_materiel_price&pszx_code=00101&rest_code=00147&base_code=0010246&code=00101019114&unit_code=00100154&order_time=2023-04-28 HTTP/1.1" 200 33
180.169.147.146 - - [27/Apr/2023:12:44:46 +0800] "POST /xingrg/dwr/call/plaincall/AjaxQqpsService.saveOrder.dwr HTTP/1.1" 200 78
180.169.147.146 - - [27/Apr/2023:12:44:48 +0800] "POST /xingrg/dwr/call/plaincall/AjaxQqpsService.getMaterielByCode.dwr HTTP/1.1" 200 2793
120.253.135.82 - - [27/Apr/2023:12:44:49 +0800] "GET /xingrg/check_reg.html?_=1682570529287 HTTP/1.1" 200 22
116.224.158.100 - - [27/Apr/2023:12:44:50 +0800] "GET /xingrg/all/function/internal_message.html?_=1682570690519&CODE_STATE=getMsg HTTP/1.1" 200 27
180.169.147.146 - - [27/Apr/2023:12:44:51 +0800] "GET /xingrg/all/function/internal_message.html?_=1682570691278&CODE_STATE=getMsg HTTP/1.1" 302 -
124.79.74.67 - - [27/Apr/2023:12:44:51 +0800] "GET /xingrg/all/function/internal_message.html?_=1682570694335&CODE_STATE=getMsg HTTP/1.1" 200 27
120.253.135.82 - - [27/Apr/2023:12:44:52 +0800] "GET /xingrg/all/function/internal_message.html?_=1682570531362&CODE_STATE=getMsg HTTP/1.1" 200 27
180.169.147.146 - - [27/Apr/2023:12:44:52 +0800] "POST /xingrg/dwr/call/plaincall/AjaxQqpsService.saveMaterielItem.dwr HTTP/1.1" 200 78
116.238.139.35 - - [27/Apr/2023:12:44:52 +0800] "GET /xingrg/all/function/internal_message.html?_=1682570692497&CODE_STATE=getMsg HTTP/1.1" 200 27
120.253.135.82 - - [27/Apr/2023:12:44:53 +0800] "POST /xingrg/kc/pszx/mdps_order_operate.html HTTP/1.1" 200 37
180.169.147.146 - - [27/Apr/2023:12:44:53 +0800] "GET /xingrg/kc/mdqp/qqps_order_list.html?isBack=1 HTTP/1.1" 200 9651
180.169.147.146 - - [27/Apr/2023:12:44:53 +0800] "GET /xingrg/dwr/interface/AjaxQqpsService.js HTTP/1.1" 200 16326
180.169.147.146 - - [27/Apr/2023:12:44:53 +0800] "GET /xingrg/dwr/interface/AjaxReportQueryService.js HTTP/1.1" 200 13203
180.169.147.146 - - [27/Apr/2023:12:44:53 +0800] "GET /xingrg/dwr/engine.js HTTP/1.1" 200 43631
116.224.158.100 - - [27/Apr/2023:12:44:53 +0800] "GET /xingrg/check_reg.html?_=1682570693799 HTTP/1.1" 200 22
120.253.135.82 - - [27/Apr/2023:12:44:54 +0800] "GET /xingrg/kc/pszx/mdps_order_info.html?code=312023042700538 HTTP/1.1" 200 23978
116.227.208.255 - - [27/Apr/2023:12:44:54 +0800] "GET /xingrg/all/function/internal_message.html?_=1682570764144&CODE_STATE=getMsg HTTP/1.1" 200 27
120.253.135.82 - - [27/Apr/2023:12:44:54 +0800] "GET /xingrg/javascript/easyui/themes/default/validatebox.css HTTP/1.1" 404 1104
120.253.135.82 - - [27/Apr/2023:12:44:55 +0800] "POST /xingrg/kc/pszx/mdps_order_operate.html HTTP/1.1" 200 3294
116.238.139.35 - - [27/Apr/2023:12:44:55 +0800] "GET /xingrg/check_reg.html?_=1682570695634 HTTP/1.1" 200 22
58.221.95.50 - - [27/Apr/2023:12:44:56 +0800] "GET /xingrg/check_reg.html?_=1682570697329 HTTP/1.1" 200 22
180.169.147.146 - - [27/Apr/2023:12:44:58 +0800] "POST /xingrg/dwr/call/plaincall/AjaxQqpsService.checkOrders.dwr HTTP/1.1" 200 78
120.253.135.82 - - [27/Apr/2023:12:44:58 +0800] "POST /xingrg/kc/pszx/mdps_list_operate.html HTTP/1.1" 200 3923
120.253.135.82 - - [27/Apr/2023:12:44:59 +0800] "POST /xingrg/kc/pszx/mdps_list_operate.html HTTP/1.1" 200 372
120.253.135.82 - - [27/Apr/2023:12:45:00 +0800] "GET /xingrg/kc/pszx/mdps_order_info.html?code=312023042700538 HTTP/1.1" 200 23978
180.164.3.199 - - [27/Apr/2023:12:45:00 +0800] "GET /xingrg/check_reg.html?_=1682570699666 HTTP/1.1" 200 22
120.253.135.82 - - [27/Apr/2023:12:45:01 +0800] "GET /xingrg/javascript/easyui/themes/default/validatebox.css HTTP/1.1" 404 1104
120.253.135.82 - - [27/Apr/2023:12:45:01 +0800] "POST /xingrg/kc/pszx/mdps_order_operate.html HTTP/1.1" 200 3294
120.253.135.82 - - [27/Apr/2023:12:45:02 +0800] "GET /xingrg/all/function/internal_message.html?_=1682570839011&CODE_STATE=getMsg HTTP/1.1" 200 27
120.253.135.82 - - [27/Apr/2023:12:45:02 +0800] "GET /xingrg/check_reg.html?_=1682570839012 HTTP/1.1" 200 22
120.253.135.82 - - [27/Apr/2023:12:45:03 +0800] "GET /xingrg/kc/print/load_data.html?order_code=312023042700538&kc_code=mdps&condition= HTTP/1.1" 200 1156
120.253.135.82 - - [27/Apr/2023:12:45:09 +0800] "POST /xingrg/kc/pszx/mdps_list_operate.html HTTP/1.1" 200 3923
180.162.115.227 - - [27/Apr/2023:12:45:11 +0800] "GET /xingrg/all/function/internal_message.html?_=1682569570018&CODE_STATE=getMsg HTTP/1.1" 200 27
61.170.234.7 - - [27/Apr/2023:12:45:12 +0800] "GET /xingrg/kc/buy/cgsh_order_operate.html?command=get_materiel&rest_code=00106&code=00101004017&supplier_code=00100579&order_time=2023-04-27 HTTP/1.1" 200 413
116.230.117.27 - - [27/Apr/2023:12:45:16 +0800] "GET /xingrg/check_reg.html?_=1682570730719 HTTP/1.1" 200 22
172.20.0.100 - - [27/Apr/2023:12:45:17 +0800] "GET /xingrg/check_reg.html?_=1682570727165 HTTP/1.1" 200 22
116.230.117.27 - - [27/Apr/2023:12:45:17 +0800] "GET /xingrg/all/function/internal_message.html?_=1682570731977&CODE_STATE=getMsg HTTP/1.1" 200 27
101.83.241.98 - - [27/Apr/2023:12:45:18 +0800] "GET /xingrg/all/function/internal_message.html?_=1682570717455&CODE_STATE=getMsg HTTP/1.1" 200 27
180.163.29.103 - - [27/Apr/2023:12:45:19 +0800] "GET /xingrg/all/function/internal_message.html?_=1682570658402&CODE_STATE=getMsg HTTP/1.1" 302 -
61.170.234.7 - - [27/Apr/2023:12:45:19 +0800] "GET /xingrg/all/function/internal_message.html?_=1682570718408&CODE_STATE=getMsg HTTP/1.1" 200 27
180.163.29.103 - - [27/Apr/2023:12:45:19 +0800] "GET /xingrg/login.html HTTP/1.1" 200 7641
180.169.147.146 - - [27/Apr/2023:12:45:28 +0800] "GET /xingrg/all/function/internal_message.html?_=1682570728771&CODE_STATE=getMsg HTTP/1.1" 200 27
61.170.234.7 - - [27/Apr/2023:12:45:29 +0800] "POST /xingrg/kc/buy/cgsh_order_operate.html HTTP/1.1" 200 37
180.169.147.146 - - [27/Apr/2023:12:45:31 +0800] "GET /xingrg/kc/mdqp/qqps_order_list.html?isBack=1 HTTP/1.1" 200 9677
180.169.147.146 - - [27/Apr/2023:12:45:31 +0800] "GET /xingrg/dwr/interface/AjaxQqpsService.js HTTP/1.1" 200 16326
180.169.147.146 - - [27/Apr/2023:12:45:31 +0800] "GET /xingrg/dwr/interface/AjaxReportQueryService.js HTTP/1.1" 200 13203
180.169.147.146 - - [27/Apr/2023:12:45:31 +0800] "GET /xingrg/dwr/engine.js HTTP/1.1" 200 43631
116.224.106.218 - - [27/Apr/2023:12:45:33 +0800] "GET /xingrg/all/function/internal_message.html?_=1682570731336&CODE_STATE=getMsg HTTP/1.1" 200 27
116.224.106.218 - - [27/Apr/2023:12:45:33 +0800] "GET /xingrg/check_reg.html?_=1682570731760 HTTP/1.1" 200 22
101.229.22.234 - - [27/Apr/2023:12:45:34 +0800] "GET /xingrg/all/function/internal_message.html?_=1682570732578&CODE_STATE=getMsg HTTP/1.1" 200 27
61.170.234.7 - - [27/Apr/2023:12:45:36 +0800] "POST /xingrg/kc/buy/cgsh_order_operate.html HTTP/1.1" 200 12
114.83.221.131 - - [27/Apr/2023:12:45:37 +0800] "GET /xingrg/all/function/internal_message.html?_=1682570830108&CODE_STATE=getMsg HTTP/1.1" 200 27
61.170.234.7 - - [27/Apr/2023:12:45:38 +0800] "GET /xingrg/kc/buy/cgsh_order_info.html?code=212023042709555 HTTP/1.1" 200 65969
61.170.234.7 - - [27/Apr/2023:12:45:38 +0800] "GET /xingrg/javascript/easyui/themes/default/validatebox.css HTTP/1.1" 404 1104
61.170.234.7 - - [27/Apr/2023:12:45:39 +0800] "POST /xingrg/kc/buy/cgsh_order_operate.html HTTP/1.1" 200 611
61.170.234.7 - - [27/Apr/2023:12:45:42 +0800] "GET /xingrg/kc/print/load_data.html?order_code=212023042709555&kc_code=cgsh&condition= HTTP/1.1" 200 694
180.152.240.159 - - [27/Apr/2023:12:45:42 +0800] "GET /xingrg/all/function/internal_message.html?_=1682570754295&CODE_STATE=getMsg HTTP/1.1" 200 27
180.164.3.199 - - [27/Apr/2023:12:45:43 +0800] "GET /xingrg/all/function/internal_message.html?_=1682570742338&CODE_STATE=getMsg HTTP/1.1" 200 27
61.170.234.7 - - [27/Apr/2023:12:45:44 +0800] "GET /xingrg/all/function/internal_message.html?_=1682570746500&CODE_STATE=getMsg HTTP/1.1" 200 27
61.170.234.7 - - [27/Apr/2023:12:45:47 +0800] "GET /xingrg/kc/buy/cgsh_order_add.html HTTP/1.1" 200 71061
61.170.234.7 - - [27/Apr/2023:12:45:48 +0800] "POST /xingrg/kc/buy/cgsh_order_operate.html HTTP/1.1" 200 8245
61.170.234.7 - - [27/Apr/2023:12:45:48 +0800] "GET /xingrg/javascript/easyui/themes/default/validatebox.css HTTP/1.1" 404 1104
61.170.234.7 - - [27/Apr/2023:12:45:49 +0800] "GET /xingrg/javascript/easyui/themes/default/tree.css HTTP/1.1" 404 1090
61.170.234.7 - - [27/Apr/2023:12:45:50 +0800] "POST /xingrg/all/common/load_tree.html?tree=supplier_tree_json&isDelete=1 HTTP/1.1" 200 73370
116.224.158.100 - - [27/Apr/2023:12:45:50 +0800] "GET /xingrg/all/function/internal_message.html?_=1682570750494&CODE_STATE=getMsg HTTP/1.1" 200 27
180.169.147.146 - - [27/Apr/2023:12:45:51 +0800] "GET /xingrg/all/function/internal_message.html?_=1682570751289&CODE_STATE=getMsg HTTP/1.1" 302 -
124.79.74.67 - - [27/Apr/2023:12:45:51 +0800] "GET /xingrg/all/function/internal_message.html?_=1682570754340&CODE_STATE=getMsg HTTP/1.1" 200 27
120.253.135.82 - - [27/Apr/2023:12:45:52 +0800] "GET /xingrg/all/function/internal_message.html?_=1682570591449&CODE_STATE=getMsg HTTP/1.1" 200 27
116.238.139.35 - - [27/Apr/2023:12:45:52 +0800] "GET /xingrg/all/function/internal_message.html?_=1682570752469&CODE_STATE=getMsg HTTP/1.1" 200 27
116.227.208.255 - - [27/Apr/2023:12:45:54 +0800] "GET /xingrg/all/function/internal_message.html?_=1682570824152&CODE_STATE=getMsg HTTP/1.1" 200 27
180.169.147.146 - - [27/Apr/2023:12:46:00 +0800] "GET /xingrg/check_reg.html?_=1682570751766 HTTP/1.1" 200 22
180.169.147.146 - - [27/Apr/2023:12:46:00 +0800] "GET /xingrg/all/function/internal_message.html?_=1682570751938&CODE_STATE=getMsg HTTP/1.1" 200 27
120.253.135.82 - - [27/Apr/2023:12:46:02 +0800] "GET /xingrg/all/function/internal_message.html?_=1682570899016&CODE_STATE=getMsg HTTP/1.1" 200 27
61.170.234.7 - - [27/Apr/2023:12:46:10 +0800] "GET /xingrg/kc/buy/cgsh_order_operate.html?command=get_materiel&rest_code=00106&code=00101002006&supplier_code=00100091&order_time=2023-04-27 HTTP/1.1" 200 414
180.162.115.227 - - [27/Apr/2023:12:46:11 +0800] "GET /xingrg/all/function/internal_message.html?_=1682569630018&CODE_STATE=getMsg HTTP/1.1" 200 27
116.230.117.27 - - [27/Apr/2023:12:46:17 +0800] "GET /xingrg/all/function/internal_message.html?_=1682570791990&CODE_STATE=getMsg HTTP/1.1" 200 27
101.83.241.98 - - [27/Apr/2023:12:46:18 +0800] "GET /xingrg/all/function/internal_message.html?_=1682570777474&CODE_STATE=getMsg HTTP/1.1" 200 27
180.163.28.143 - - [27/Apr/2023:12:46:19 +0800] "GET /xingrg/all/function/internal_message.html?_=1682570718408&CODE_STATE=getMsg HTTP/1.1" 302 -
61.170.234.7 - - [27/Apr/2023:12:46:19 +0800] "GET /xingrg/all/function/internal_message.html?_=1682570778394&CODE_STATE=getMsg HTTP/1.1" 200 27
180.163.28.143 - - [27/Apr/2023:12:46:19 +0800] "GET /xingrg/login.html HTTP/1.1" 200 7641
61.170.234.7 - - [27/Apr/2023:12:46:24 +0800] "POST /xingrg/kc/buy/cgsh_order_operate.html HTTP/1.1" 200 37
180.169.147.146 - - [27/Apr/2023:12:46:28 +0800] "GET /xingrg/all/function/internal_message.html?_=1682570788767&CODE_STATE=getMsg HTTP/1.1" 200 27
61.170.234.7 - - [27/Apr/2023:12:46:30 +0800] "POST /xingrg/kc/buy/cgsh_order_operate.html HTTP/1.1" 200 12
61.170.234.7 - - [27/Apr/2023:12:46:32 +0800] "GET /xingrg/kc/buy/cgsh_order_info.html?code=212023042709556 HTTP/1.1" 200 65974
116.224.106.218 - - [27/Apr/2023:12:46:33 +0800] "GET /xingrg/all/function/internal_message.html?_=1682570791309&CODE_STATE=getMsg HTTP/1.1" 200 27
61.170.234.7 - - [27/Apr/2023:12:46:33 +0800] "GET /xingrg/javascript/easyui/themes/default/validatebox.css HTTP/1.1" 404 1104
61.170.234.7 - - [27/Apr/2023:12:46:33 +0800] "POST /xingrg/kc/buy/cgsh_order_operate.html HTTP/1.1" 200 611
101.229.22.234 - - [27/Apr/2023:12:46:34 +0800] "GET /xingrg/all/function/internal_message.html?_=1682570792576&CODE_STATE=getMsg HTTP/1.1" 200 27
61.170.234.7 - - [27/Apr/2023:12:46:36 +0800] "GET /xingrg/kc/print/load_data.html?order_code=212023042709556&kc_code=cgsh&condition= HTTP/1.1" 200 769
114.83.221.131 - - [27/Apr/2023:12:46:37 +0800] "GET /xingrg/all/function/internal_message.html?_=1682570890111&CODE_STATE=getMsg HTTP/1.1" 200 27
180.152.240.159 - - [27/Apr/2023:12:46:42 +0800] "GET /xingrg/check_reg.html?_=1682570814281 HTTP/1.1" 200 22
180.152.240.159 - - [27/Apr/2023:12:46:42 +0800] "GET /xingrg/all/function/internal_message.html?_=1682570814282&CODE_STATE=getMsg HTTP/1.1" 200 27
61.170.234.7 - - [27/Apr/2023:12:46:42 +0800] "GET /xingrg/kc/buy/cgsh_order_add.html HTTP/1.1" 200 71061
61.170.234.7 - - [27/Apr/2023:12:46:42 +0800] "POST /xingrg/kc/buy/cgsh_order_operate.html HTTP/1.1" 200 8245
61.170.234.7 - - [27/Apr/2023:12:46:42 +0800] "GET /xingrg/javascript/easyui/themes/default/validatebox.css HTTP/1.1" 404 1104
180.164.3.199 - - [27/Apr/2023:12:46:43 +0800] "GET /xingrg/all/function/internal_message.html?_=1682570802322&CODE_STATE=getMsg HTTP/1.1" 200 27
61.170.234.7 - - [27/Apr/2023:12:46:43 +0800] "GET /xingrg/check_reg.html?_=1682570805199 HTTP/1.1" 200 22
61.170.234.7 - - [27/Apr/2023:12:46:44 +0800] "GET /xingrg/javascript/easyui/themes/default/tree.css HTTP/1.1" 404 1090
61.170.234.7 - - [27/Apr/2023:12:46:44 +0800] "GET /xingrg/all/function/internal_message.html?_=1682570806474&CODE_STATE=getMsg HTTP/1.1" 200 27
61.170.234.7 - - [27/Apr/2023:12:46:45 +0800] "POST /xingrg/all/common/load_tree.html?tree=supplier_tree_json&isDelete=1 HTTP/1.1" 200 73370
116.224.158.100 - - [27/Apr/2023:12:46:50 +0800] "GET /xingrg/all/function/internal_message.html?_=1682570810475&CODE_STATE=getMsg HTTP/1.1" 200 27
180.169.147.146 - - [27/Apr/2023:12:46:51 +0800] "GET /xingrg/all/function/internal_message.html?_=1682570811287&CODE_STATE=getMsg HTTP/1.1" 302 -
124.79.74.67 - - [27/Apr/2023:12:46:51 +0800] "GET /xingrg/all/function/internal_message.html?_=1682570814340&CODE_STATE=getMsg HTTP/1.1" 200 27
124.79.74.67 - - [27/Apr/2023:12:46:51 +0800] "GET /xingrg/check_reg.html?_=1682570814343 HTTP/1.1" 200 22
120.253.135.82 - - [27/Apr/2023:12:46:52 +0800] "GET /xingrg/all/function/internal_message.html?_=1682570651452&CODE_STATE=getMsg HTTP/1.1" 200 27
116.238.139.35 - - [27/Apr/2023:12:46:52 +0800] "GET /xingrg/all/function/internal_message.html?_=1682570812442&CODE_STATE=getMsg HTTP/1.1" 200 27
116.227.208.255 - - [27/Apr/2023:12:46:54 +0800] "GET /xingrg/all/function/internal_message.html?_=1682570884146&CODE_STATE=getMsg HTTP/1.1" 200 27
180.169.147.146 - - [27/Apr/2023:12:47:00 +0800] "GET /xingrg/all/function/internal_message.html?_=1682570811922&CODE_STATE=getMsg HTTP/1.1" 200 27
120.253.135.82 - - [27/Apr/2023:12:47:02 +0800] "GET /xingrg/all/function/internal_message.html?_=1682570959020&CODE_STATE=getMsg HTTP/1.1" 200 27
180.162.115.227 - - [27/Apr/2023:12:47:11 +0800] "GET /xingrg/all/function/internal_message.html?_=1682569690016&CODE_STATE=getMsg HTTP/1.1" 200 27
180.162.115.227 - - [27/Apr/2023:12:47:11 +0800] "GET /xingrg/check_reg.html?_=1682569690013 HTTP/1.1" 200 22
116.230.117.27 - - [27/Apr/2023:12:47:17 +0800] "GET /xingrg/all/function/internal_message.html?_=1682570852003&CODE_STATE=getMsg HTTP/1.1" 200 27
101.83.241.98 - - [27/Apr/2023:12:47:18 +0800] "GET /xingrg/all/function/internal_message.html?_=1682570837479&CODE_STATE=getMsg HTTP/1.1" 200 27
61.170.234.7 - - [27/Apr/2023:12:47:19 +0800] "GET /xingrg/all/function/internal_message.html?_=1682570838400&CODE_STATE=getMsg HTTP/1.1" 200 27
180.163.29.217 - - [27/Apr/2023:12:47:19 +0800] "GET /xingrg/all/function/internal_message.html?_=1682570778394&CODE_STATE=getMsg HTTP/1.1" 302 -
180.163.29.217 - - [27/Apr/2023:12:47:19 +0800] "GET /xingrg/login.html HTTP/1.1" 200 7641
180.169.147.146 - - [27/Apr/2023:12:47:28 +0800] "GET /xingrg/all/function/internal_message.html?_=1682570848765&CODE_STATE=getMsg HTTP/1.1" 200 27
116.224.106.218 - - [27/Apr/2023:12:47:32 +0800] "GET /xingrg/all/function/internal_message.html?_=1682570851281&CODE_STATE=getMsg HTTP/1.1" 200 27
101.229.22.234 - - [27/Apr/2023:12:47:34 +0800] "GET /xingrg/all/function/internal_message.html?_=1682570852574&CODE_STATE=getMsg HTTP/1.1" 200 27
114.83.221.131 - - [27/Apr/2023:12:47:37 +0800] "GET /xingrg/all/function/internal_message.html?_=1682570950125&CODE_STATE=getMsg HTTP/1.1" 200 27
180.152.240.159 - - [27/Apr/2023:12:47:42 +0800] "GET /xingrg/all/function/internal_message.html?_=1682570874286&CODE_STATE=getMsg HTTP/1.1" 200 27
180.164.3.199 - - [27/Apr/2023:12:47:43 +0800] "GET /xingrg/all/function/internal_message.html?_=1682570862306&CODE_STATE=getMsg HTTP/1.1" 200 27
61.170.234.7 - - [27/Apr/2023:12:47:44 +0800] "GET /xingrg/all/function/internal_message.html?_=1682570866463&CODE_STATE=getMsg HTTP/1.1" 200 27
61.170.234.7 - - [27/Apr/2023:12:47:48 +0800] "GET /xingrg/kc/buy/cgsh_order_operate.html?command=get_materiel&rest_code=00106&code=00101003006&supplier_code=00100092&order_time=2023-04-27 HTTP/1.1" 200 413
116.224.158.100 - - [27/Apr/2023:12:47:50 +0800] "GET /xingrg/all/function/internal_message.html?_=1682570870453&CODE_STATE=getMsg HTTP/1.1" 200 27
124.79.74.67 - - [27/Apr/2023:12:47:51 +0800] "GET /xingrg/all/function/internal_message.html?_=1682570874342&CODE_STATE=getMsg HTTP/1.1" 200 27
180.169.147.146 - - [27/Apr/2023:12:47:51 +0800] "GET /xingrg/check_reg.html?_=1682570871305 HTTP/1.1" 302 -
180.169.147.146 - - [27/Apr/2023:12:47:51 +0800] "GET /xingrg/all/function/internal_message.html?_=1682570871303&CODE_STATE=getMsg HTTP/1.1" 302 -
120.253.135.82 - - [27/Apr/2023:12:47:52 +0800] "GET /xingrg/all/function/internal_message.html?_=1682570711531&CODE_STATE=getMsg HTTP/1.1" 200 27
116.238.139.35 - - [27/Apr/2023:12:47:52 +0800] "GET /xingrg/all/function/internal_message.html?_=1682570872437&CODE_STATE=getMsg HTTP/1.1" 200 27
116.227.208.255 - - [27/Apr/2023:12:47:54 +0800] "GET /xingrg/all/function/internal_message.html?_=1682570944155&CODE_STATE=getMsg HTTP/1.1" 200 27
116.227.208.255 - - [27/Apr/2023:12:47:54 +0800] "GET /xingrg/check_reg.html?_=1682570944156 HTTP/1.1" 200 22
180.169.147.146 - - [27/Apr/2023:12:48:00 +0800] "GET /xingrg/all/function/internal_message.html?_=1682570871905&CODE_STATE=getMsg HTTP/1.1" 200 27
120.253.135.82 - - [27/Apr/2023:12:48:02 +0800] "GET /xingrg/all/function/internal_message.html?_=1682571019025&CODE_STATE=getMsg HTTP/1.1" 200 27
61.170.234.7 - - [27/Apr/2023:12:48:08 +0800] "POST /xingrg/kc/buy/cgsh_order_operate.html HTTP/1.1" 200 37
180.162.115.227 - - [27/Apr/2023:12:48:11 +0800] "GET /xingrg/all/function/internal_message.html?_=1682569750021&CODE_STATE=getMsg HTTP/1.1" 200 27
61.170.234.7 - - [27/Apr/2023:12:48:15 +0800] "POST /xingrg/kc/buy/cgsh_order_operate.html HTTP/1.1" 200 12
61.170.234.7 - - [27/Apr/2023:12:48:17 +0800] "GET /xingrg/kc/buy/cgsh_order_info.html?code=212023042709557 HTTP/1.1" 200 65972
61.170.234.7 - - [27/Apr/2023:12:48:17 +0800] "GET /xingrg/javascript/easyui/themes/default/validatebox.css HTTP/1.1" 404 1104
116.230.117.27 - - [27/Apr/2023:12:48:17 +0800] "GET /xingrg/all/function/internal_message.html?_=1682570912033&CODE_STATE=getMsg HTTP/1.1" 200 27
61.170.234.7 - - [27/Apr/2023:12:48:18 +0800] "POST /xingrg/kc/buy/cgsh_order_operate.html HTTP/1.1" 200 612
101.83.241.98 - - [27/Apr/2023:12:48:18 +0800] "GET /xingrg/all/function/internal_message.html?_=1682570897465&CODE_STATE=getMsg HTTP/1.1" 200 27
61.170.234.7 - - [27/Apr/2023:12:48:19 +0800] "GET /xingrg/all/function/internal_message.html?_=1682570898405&CODE_STATE=getMsg HTTP/1.1" 200 27
61.170.234.7 - - [27/Apr/2023:12:48:19 +0800] "GET /xingrg/check_reg.html?_=1682570898409 HTTP/1.1" 200 22
61.170.234.7 - - [27/Apr/2023:12:48:21 +0800] "GET /xingrg/kc/print/load_data.html?order_code=212023042709557&kc_code=cgsh&condition= HTTP/1.1" 200 762
61.170.234.7 - - [27/Apr/2023:12:48:26 +0800] "GET /xingrg/kc/buy/cgsh_order_add.html HTTP/1.1" 200 71061
61.170.234.7 - - [27/Apr/2023:12:48:26 +0800] "POST /xingrg/kc/buy/cgsh_order_operate.html HTTP/1.1" 200 8245
61.170.234.7 - - [27/Apr/2023:12:48:26 +0800] "GET /xingrg/javascript/easyui/themes/default/validatebox.css HTTP/1.1" 404 1104
180.169.147.146 - - [27/Apr/2023:12:48:28 +0800] "GET /xingrg/all/function/internal_message.html?_=1682570908770&CODE_STATE=getMsg HTTP/1.1" 200 27
61.170.234.7 - - [27/Apr/2023:12:48:28 +0800] "GET /xingrg/javascript/easyui/themes/default/tree.css HTTP/1.1" 404 1090
61.170.234.7 - - [27/Apr/2023:12:48:29 +0800] "POST /xingrg/all/common/load_tree.html?tree=supplier_tree_json&isDelete=1 HTTP/1.1" 200 73370
116.224.106.218 - - [27/Apr/2023:12:48:32 +0800] "GET /xingrg/all/function/internal_message.html?_=1682570911266&CODE_STATE=getMsg HTTP/1.1" 200 27
101.229.22.234 - - [27/Apr/2023:12:48:34 +0800] "GET /xingrg/all/function/internal_message.html?_=1682570912575&CODE_STATE=getMsg HTTP/1.1" 200 27
101.229.22.234 - - [27/Apr/2023:12:48:34 +0800] "GET /xingrg/check_reg.html?_=1682570912578 HTTP/1.1" 200 22
114.83.221.131 - - [27/Apr/2023:12:48:37 +0800] "GET /xingrg/check_reg.html?_=1682571010124 HTTP/1.1" 200 22
114.83.221.131 - - [27/Apr/2023:12:48:37 +0800] "GET /xingrg/all/function/internal_message.html?_=1682571010126&CODE_STATE=getMsg HTTP/1.1" 200 27
180.152.240.159 - - [27/Apr/2023:12:48:42 +0800] "GET /xingrg/all/function/internal_message.html?_=1682570934287&CODE_STATE=getMsg HTTP/1.1" 200 27
180.164.3.199 - - [27/Apr/2023:12:48:43 +0800] "GET /xingrg/all/function/internal_message.html?_=1682570922290&CODE_STATE=getMsg HTTP/1.1" 200 27
61.170.234.7 - - [27/Apr/2023:12:48:44 +0800] "GET /xingrg/all/function/internal_message.html?_=1682570926443&CODE_STATE=getMsg HTTP/1.1" 200 27
61.170.234.7 - - [27/Apr/2023:12:48:44 +0800] "GET /xingrg/kc/buy/cgsh_order_operate.html?command=get_materiel&rest_code=00106&code=00101004124&supplier_code=00100086&order_time=2023-04-27 HTTP/1.1" 200 412
120.253.135.82 - - [27/Apr/2023:12:48:49 +0800] "GET /xingrg/kc/pszx/mdqp_order_list.html?state=10 HTTP/1.1" 200 11120
120.253.135.82 - - [27/Apr/2023:12:48:49 +0800] "GET /xingrg/dwr/interface/AjaxQqpsService.js HTTP/1.1" 200 16326
120.253.135.82 - - [27/Apr/2023:12:48:49 +0800] "GET /xingrg/dwr/interface/AjaxReportQueryService.js HTTP/1.1" 200 13203
120.253.135.82 - - [27/Apr/2023:12:48:49 +0800] "GET /xingrg/dwr/engine.js HTTP/1.1" 200 43631
116.224.158.100 - - [27/Apr/2023:12:48:50 +0800] "GET /xingrg/all/function/internal_message.html?_=1682570930434&CODE_STATE=getMsg HTTP/1.1" 200 27
180.169.147.146 - - [27/Apr/2023:12:48:51 +0800] "GET /xingrg/all/function/internal_message.html?_=1682570931278&CODE_STATE=getMsg HTTP/1.1" 302 -
124.79.74.67 - - [27/Apr/2023:12:48:51 +0800] "GET /xingrg/all/function/internal_message.html?_=1682570934344&CODE_STATE=getMsg HTTP/1.1" 200 27
120.253.135.82 - - [27/Apr/2023:12:48:52 +0800] "GET /xingrg/all/function/internal_message.html?_=1682570771542&CODE_STATE=getMsg HTTP/1.1" 200 27
120.253.135.82 - - [27/Apr/2023:12:48:52 +0800] "GET /xingrg/kc/pszx/mdqp_order_info.html?code=302023042700484 HTTP/1.1" 200 13350
120.253.135.82 - - [27/Apr/2023:12:48:52 +0800] "GET /xingrg/dwr/interface/AjaxComOrderService.js HTTP/1.1" 200 18264
120.253.135.82 - - [27/Apr/2023:12:48:52 +0800] "GET /xingrg/dwr/interface/AjaxQqpsService.js HTTP/1.1" 200 16326
120.253.135.82 - - [27/Apr/2023:12:48:52 +0800] "GET /xingrg/dwr/engine.js HTTP/1.1" 200 43631
116.238.139.35 - - [27/Apr/2023:12:48:52 +0800] "GET /xingrg/all/function/internal_message.html?_=1682570932432&CODE_STATE=getMsg HTTP/1.1" 200 27
120.253.135.82 - - [27/Apr/2023:12:48:53 +0800] "POST /xingrg/dwr/call/plaincall/AjaxQqpsService.loadMaterielItems.dwr HTTP/1.1" 200 336
116.227.208.255 - - [27/Apr/2023:12:48:54 +0800] "GET /xingrg/all/function/internal_message.html?_=1682571004154&CODE_STATE=getMsg HTTP/1.1" 200 27
120.253.135.82 - - [27/Apr/2023:12:48:55 +0800] "GET /xingrg/kc/pszx/mdqp_order_list.html?isBack=1 HTTP/1.1" 302 -
120.253.135.82 - - [27/Apr/2023:12:48:56 +0800] "GET /xingrg/kc/pszx/mdqp_order_list.html?state=10 HTTP/1.1" 200 11120
120.253.135.82 - - [27/Apr/2023:12:48:56 +0800] "GET /xingrg/dwr/interface/AjaxQqpsService.js HTTP/1.1" 200 16326
120.253.135.82 - - [27/Apr/2023:12:48:56 +0800] "GET /xingrg/dwr/interface/AjaxReportQueryService.js HTTP/1.1" 200 13203
120.253.135.82 - - [27/Apr/2023:12:48:56 +0800] "GET /xingrg/dwr/engine.js HTTP/1.1" 200 43631
120.253.135.82 - - [27/Apr/2023:12:48:57 +0800] "GET /xingrg/kc/pszx/mdqp_order_info.html?code=302023042700483 HTTP/1.1" 200 13350
120.253.135.82 - - [27/Apr/2023:12:48:58 +0800] "GET /xingrg/dwr/interface/AjaxQqpsService.js HTTP/1.1" 200 16326
120.253.135.82 - - [27/Apr/2023:12:48:58 +0800] "GET /xingrg/dwr/interface/AjaxComOrderService.js HTTP/1.1" 200 18264
120.253.135.82 - - [27/Apr/2023:12:48:58 +0800] "GET /xingrg/dwr/engine.js HTTP/1.1" 200 43631
120.253.135.82 - - [27/Apr/2023:12:48:58 +0800] "POST /xingrg/dwr/call/plaincall/AjaxQqpsService.loadMaterielItems.dwr HTTP/1.1" 200 585
61.170.234.7 - - [27/Apr/2023:12:48:59 +0800] "POST /xingrg/kc/buy/cgsh_order_operate.html HTTP/1.1" 200 37
180.169.147.146 - - [27/Apr/2023:12:49:00 +0800] "GET /xingrg/all/function/internal_message.html?_=1682570931873&CODE_STATE=getMsg HTTP/1.1" 200 27
180.169.147.146 - - [27/Apr/2023:12:49:00 +0800] "GET /xingrg/kc/buy/buy_main.html HTTP/1.1" 200 12412
180.169.147.146 - - [27/Apr/2023:12:49:00 +0800] "GET /xingrg/css/new_ie.css HTTP/1.1" 404 1036
180.169.147.146 - - [27/Apr/2023:12:49:00 +0800] "GET /xingrg/images/yd/bt.gif HTTP/1.1" 404 1040
180.169.147.146 - - [27/Apr/2023:12:49:02 +0800] "GET /xingrg/kc/buy/cgsh_order_list.html HTTP/1.1" 200 55291
120.253.135.82 - - [27/Apr/2023:12:49:02 +0800] "GET /xingrg/all/function/internal_message.html?_=1682571079030&CODE_STATE=getMsg HTTP/1.1" 200 27
120.253.135.82 - - [27/Apr/2023:12:49:05 +0800] "GET /xingrg/kc/pszx/mdqp_order_list.html?isBack=1 HTTP/1.1" 302 -
120.253.135.82 - - [27/Apr/2023:12:49:05 +0800] "GET /xingrg/kc/pszx/mdqp_order_list.html?state=10 HTTP/1.1" 200 11120
120.253.135.82 - - [27/Apr/2023:12:49:05 +0800] "GET /xingrg/dwr/interface/AjaxQqpsService.js HTTP/1.1" 200 16326
120.253.135.82 - - [27/Apr/2023:12:49:05 +0800] "GET /xingrg/dwr/interface/AjaxReportQueryService.js HTTP/1.1" 200 13203
120.253.135.82 - - [27/Apr/2023:12:49:05 +0800] "GET /xingrg/dwr/engine.js HTTP/1.1" 200 43631
61.170.234.7 - - [27/Apr/2023:12:49:07 +0800] "POST /xingrg/kc/buy/cgsh_order_operate.html HTTP/1.1" 200 12
61.170.234.7 - - [27/Apr/2023:12:49:10 +0800] "GET /xingrg/kc/buy/cgsh_order_info.html?code=212023042709558 HTTP/1.1" 200 65974
61.170.234.7 - - [27/Apr/2023:12:49:10 +0800] "GET /xingrg/javascript/easyui/themes/default/validatebox.css HTTP/1.1" 404 1104
180.162.115.227 - - [27/Apr/2023:12:49:11 +0800] "GET /xingrg/all/function/internal_message.html?_=1682569810021&CODE_STATE=getMsg HTTP/1.1" 200 27
116.238.139.35 - - [27/Apr/2023:12:49:11 +0800] "GET /xingrg/kc/buy/cgsh_order_list.html HTTP/1.1" 200 55291
61.170.234.7 - - [27/Apr/2023:12:49:11 +0800] "POST /xingrg/kc/buy/cgsh_order_operate.html HTTP/1.1" 200 610
116.238.139.35 - - [27/Apr/2023:12:49:13 +0800] "POST /xingrg/kc/buy/cgsh_list_operate.html HTTP/1.1" 200 986
116.238.139.35 - - [27/Apr/2023:12:49:15 +0800] "GET /xingrg/kc/buy/cgsh_order_add.html HTTP/1.1" 200 71111
116.238.139.35 - - [27/Apr/2023:12:49:15 +0800] "GET /xingrg/words/20230427101544_words.js HTTP/1.1" 304 -
61.170.234.7 - - [27/Apr/2023:12:49:15 +0800] "GET /xingrg/kc/print/load_data.html?order_code=212023042709558&kc_code=cgsh&condition= HTTP/1.1" 200 765
116.238.139.35 - - [27/Apr/2023:12:49:15 +0800] "POST /xingrg/kc/buy/cgsh_order_operate.html HTTP/1.1" 200 8245
116.238.139.35 - - [27/Apr/2023:12:49:15 +0800] "GET /xingrg/javascript/easyui/themes/default/validatebox.css HTTP/1.1" 404 1104
180.169.147.146 - - [27/Apr/2023:12:49:17 +0800] "POST /xingrg/kc/buy/cgsh_list_operate.html HTTP/1.1" 200 3997
116.230.117.27 - - [27/Apr/2023:12:49:17 +0800] "GET /xingrg/all/function/internal_message.html?_=1682570972046&CODE_STATE=getMsg HTTP/1.1" 200 27
101.83.241.98 - - [27/Apr/2023:12:49:18 +0800] "GET /xingrg/all/function/internal_message.html?_=1682570957468&CODE_STATE=getMsg HTTP/1.1" 200 27
101.83.241.98 - - [27/Apr/2023:12:49:18 +0800] "GET /xingrg/check_reg.html?_=1682570957472 HTTP/1.1" 200 22
180.163.28.109 - - [27/Apr/2023:12:49:19 +0800] "GET /xingrg/check_reg.html?_=1682570898409 HTTP/1.1" 302 -
61.170.234.7 - - [27/Apr/2023:12:49:19 +0800] "GET /xingrg/all/function/internal_message.html?_=1682570958416&CODE_STATE=getMsg HTTP/1.1" 200 27
180.163.28.109 - - [27/Apr/2023:12:49:19 +0800] "GET /xingrg/login.html HTTP/1.1" 200 7641
61.170.234.7 - - [27/Apr/2023:12:49:19 +0800] "GET /xingrg/kc/buy/cgsh_order_add.html HTTP/1.1" 200 71061
61.170.234.7 - - [27/Apr/2023:12:49:20 +0800] "POST /xingrg/kc/buy/cgsh_order_operate.html HTTP/1.1" 200 8245
61.170.234.7 - - [27/Apr/2023:12:49:20 +0800] "GET /xingrg/javascript/easyui/themes/default/validatebox.css HTTP/1.1" 404 1104
180.169.147.146 - - [27/Apr/2023:12:49:21 +0800] "GET /xingrg/kc/buy/cgsh_order_add.html HTTP/1.1" 200 71070
180.169.147.146 - - [27/Apr/2023:12:49:21 +0800] "GET /xingrg/words/20230427101544_words.js HTTP/1.1" 304 -
180.169.147.146 - - [27/Apr/2023:12:49:21 +0800] "POST /xingrg/kc/buy/cgsh_order_operate.html HTTP/1.1" 200 8245
61.170.234.7 - - [27/Apr/2023:12:49:21 +0800] "GET /xingrg/javascript/easyui/themes/default/tree.css HTTP/1.1" 404 1090
180.169.147.146 - - [27/Apr/2023:12:49:21 +0800] "GET /xingrg/javascript/easyui/themes/default/validatebox.css HTTP/1.1" 404 1104
61.170.234.7 - - [27/Apr/2023:12:49:21 +0800] "POST /xingrg/all/common/load_tree.html?tree=supplier_tree_json&isDelete=1 HTTP/1.1" 200 73370
180.169.147.146 - - [27/Apr/2023:12:49:22 +0800] "GET /xingrg/javascript/auto/indicator.gif HTTP/1.1" 404 1066
116.230.117.27 - - [27/Apr/2023:12:49:23 +0800] "POST /xingrg/services/DataTransmitService HTTP/1.1" 200 524
180.169.147.146 - - [27/Apr/2023:12:49:23 +0800] "GET /xingrg/javascript/jquery_tools/images/next.gif HTTP/1.1" 404 1086
180.169.147.146 - - [27/Apr/2023:12:49:23 +0800] "GET /xingrg/javascript/jquery_tools/images/prev.gif HTTP/1.1" 404 1086
180.169.147.146 - - [27/Apr/2023:12:49:28 +0800] "GET /xingrg/all/function/internal_message.html?_=1682570968772&CODE_STATE=getMsg HTTP/1.1" 200 27
180.169.147.146 - - [27/Apr/2023:12:49:28 +0800] "GET /xingrg/check_reg.html?_=1682570968774 HTTP/1.1" 200 22
116.238.139.35 - - [27/Apr/2023:12:49:30 +0800] "GET /xingrg/kc/buy/cgsh_order_operate.html?command=get_materiel&rest_code=00150&code=00101028005&supplier_code=00100018&order_time=2023-04-27 HTTP/1.1" 200 434
116.230.117.27 - - [27/Apr/2023:12:49:31 +0800] "POST /xingrg/services/DataTransmitService HTTP/1.1" 200 501
116.230.117.27 - - [27/Apr/2023:12:49:32 +0800] "POST /xingrg/services/DataTransmitService HTTP/1.1" 200 501
116.224.106.218 - - [27/Apr/2023:12:49:32 +0800] "GET /xingrg/all/function/internal_message.html?_=1682570971251&CODE_STATE=getMsg HTTP/1.1" 200 27
101.229.22.234 - - [27/Apr/2023:12:49:34 +0800] "GET /xingrg/all/function/internal_message.html?_=1682570972577&CODE_STATE=getMsg HTTP/1.1" 200 27
116.230.117.27 - - [27/Apr/2023:12:49:34 +0800] "POST /xingrg/services/DataTransmitService HTTP/1.1" 200 501
116.230.117.27 - - [27/Apr/2023:12:49:36 +0800] "POST /xingrg/services/DataTransmitService HTTP/1.1" 200 501
114.83.221.131 - - [27/Apr/2023:12:49:37 +0800] "GET /xingrg/all/function/internal_message.html?_=1682571070124&CODE_STATE=getMsg HTTP/1.1" 200 27
116.230.117.27 - - [27/Apr/2023:12:49:37 +0800] "POST /xingrg/services/DataTransmitService HTTP/1.1" 200 501
116.230.117.27 - - [27/Apr/2023:12:49:38 +0800] "POST /xingrg/services/DataTransmitService HTTP/1.1" 200 501
116.230.117.27 - - [27/Apr/2023:12:49:39 +0800] "POST /xingrg/services/DataTransmitService HTTP/1.1" 200 501
116.230.117.27 - - [27/Apr/2023:12:49:39 +0800] "POST /xingrg/services/DataTransmitService HTTP/1.1" 200 501
116.230.117.27 - - [27/Apr/2023:12:49:39 +0800] "POST /xingrg/services/DataTransmitService HTTP/1.1" 200 412
180.152.240.159 - - [27/Apr/2023:12:49:42 +0800] "GET /xingrg/all/function/internal_message.html?_=1682570994280&CODE_STATE=getMsg HTTP/1.1" 200 27
180.164.3.199 - - [27/Apr/2023:12:49:43 +0800] "GET /xingrg/all/function/internal_message.html?_=1682570982270&CODE_STATE=getMsg HTTP/1.1" 200 27
61.170.234.7 - - [27/Apr/2023:12:49:44 +0800] "GET /xingrg/all/function/internal_message.html?_=1682570986420&CODE_STATE=getMsg HTTP/1.1" 200 27
116.238.139.35 - - [27/Apr/2023:12:49:45 +0800] "GET /xingrg/kc/buy/cgsh_order_operate.html?command=get_materiel&rest_code=00150&code=00101029115&supplier_code=00100018&order_time=2023-04-27 HTTP/1.1" 200 435
61.170.234.7 - - [27/Apr/2023:12:49:49 +0800] "GET /xingrg/kc/buy/cgsh_order_operate.html?command=get_materiel&rest_code=00106&code=00101002042&supplier_code=00100088&order_time=2023-04-27 HTTP/1.1" 200 416
120.253.135.82 - - [27/Apr/2023:12:49:49 +0800] "GET /xingrg/check_reg.html?_=1682570829293 HTTP/1.1" 200 22
116.224.158.100 - - [27/Apr/2023:12:49:50 +0800] "GET /xingrg/all/function/internal_message.html?_=1682570990416&CODE_STATE=getMsg HTTP/1.1" 200 27
180.169.147.146 - - [27/Apr/2023:12:49:51 +0800] "GET /xingrg/all/function/internal_message.html?_=1682570991286&CODE_STATE=getMsg HTTP/1.1" 302 -
124.79.74.67 - - [27/Apr/2023:12:49:51 +0800] "GET /xingrg/all/function/internal_message.html?_=1682570994347&CODE_STATE=getMsg HTTP/1.1" 200 27
120.253.135.82 - - [27/Apr/2023:12:49:52 +0800] "GET /xingrg/all/function/internal_message.html?_=1682570831555&CODE_STATE=getMsg HTTP/1.1" 200 27
116.238.139.35 - - [27/Apr/2023:12:49:52 +0800] "GET /xingrg/all/function/internal_message.html?_=1682570992410&CODE_STATE=getMsg HTTP/1.1" 200 27
116.224.158.100 - - [27/Apr/2023:12:49:53 +0800] "GET /xingrg/check_reg.html?_=1682570993781 HTTP/1.1" 200 22
116.227.208.255 - - [27/Apr/2023:12:49:54 +0800] "GET /xingrg/all/function/internal_message.html?_=1682571064158&CODE_STATE=getMsg HTTP/1.1" 200 27
116.238.139.35 - - [27/Apr/2023:12:49:55 +0800] "POST /xingrg/kc/buy/cgsh_order_operate.html HTTP/1.1" 200 37
58.221.95.50 - - [27/Apr/2023:12:49:56 +0800] "GET /xingrg/check_reg.html?_=1682570997307 HTTP/1.1" 200 22
180.169.147.146 - - [27/Apr/2023:12:50:00 +0800] "GET /xingrg/all/function/internal_message.html?_=1682570991856&CODE_STATE=getMsg HTTP/1.1" 200 27
180.164.3.199 - - [27/Apr/2023:12:50:00 +0800] "GET /xingrg/check_reg.html?_=1682570999663 HTTP/1.1" 200 22
116.238.139.35 - - [27/Apr/2023:12:50:02 +0800] "POST /xingrg/kc/buy/cgsh_order_operate.html HTTP/1.1" 200 12
120.253.135.82 - - [27/Apr/2023:12:50:02 +0800] "GET /xingrg/all/function/internal_message.html?_=1682571139033&CODE_STATE=getMsg HTTP/1.1" 200 27
120.253.135.82 - - [27/Apr/2023:12:50:02 +0800] "GET /xingrg/check_reg.html?_=1682571139034 HTTP/1.1" 200 22
116.238.139.35 - - [27/Apr/2023:12:50:04 +0800] "GET /xingrg/kc/buy/cgsh_order_info.html?code=212023042709559 HTTP/1.1" 200 66018
