116.230.117.27 - - [27/Apr/2023:10:48:24 +0800] "GET /xingrg/javascript/jquery_tools/jquery.tools.hotkey.js HTTP/1.1" 304 -
116.230.117.27 - - [27/Apr/2023:10:48:24 +0800] "GET /xingrg/javascript/jquery_tools/jquery.tools.extend.js HTTP/1.1" 304 -
116.230.117.27 - - [27/Apr/2023:10:48:24 +0800] "GET /xingrg/javascript/jquery_tools/list_manager.js HTTP/1.1" 304 -
116.230.117.27 - - [27/Apr/2023:10:48:24 +0800] "GET /xingrg/javascript/easyui/easyloader.js HTTP/1.1" 304 -
116.230.117.27 - - [27/Apr/2023:10:48:24 +0800] "GET /xingrg/javascript/jquery_tools/table.css HTTP/1.1" 304 -
116.230.117.27 - - [27/Apr/2023:10:48:24 +0800] "GET /xingrg/javascript/jquery.cookie.js HTTP/1.1" 304 -
116.230.117.27 - - [27/Apr/2023:10:48:24 +0800] "GET /xingrg/javascript/auto/jquery.autocomplete.js HTTP/1.1" 304 -
116.230.117.27 - - [27/Apr/2023:10:48:24 +0800] "GET /xingrg/javascript/print/LodopFuncs.js HTTP/1.1" 304 -
116.230.117.27 - - [27/Apr/2023:10:48:25 +0800] "GET /xingrg/javascript/easyui/plugins/jquery.parser.js HTTP/1.1" 304 -
180.171.122.0 - - [27/Apr/2023:10:48:27 +0800] "POST /xingrg/services/DataTransmitService HTTP/1.1" 200 501
116.230.117.27 - - [27/Apr/2023:10:48:28 +0800] "POST /xingrg/kc/buy/cgsh_list_operate.html HTTP/1.1" 200 1869
180.169.147.146 - - [27/Apr/2023:10:48:28 +0800] "GET /xingrg/all/function/internal_message.html?_=1682563708775&CODE_STATE=getMsg HTTP/1.1" 200 27
116.230.117.27 - - [27/Apr/2023:10:48:31 +0800] "POST /xingrg/kc/buy/cgsh_list_operate.html HTTP/1.1" 200 564
116.230.117.27 - - [27/Apr/2023:10:48:33 +0800] "GET /xingrg/kc/buy/cgsh_order_info.html?code=212023042709487 HTTP/1.1" 200 71076
116.230.117.27 - - [27/Apr/2023:10:48:33 +0800] "GET /xingrg/javascript/pic_change.js HTTP/1.1" 304 -
116.230.117.27 - - [27/Apr/2023:10:48:33 +0800] "GET /xingrg/javascript/convert.js HTTP/1.1" 304 -
116.230.117.27 - - [27/Apr/2023:10:48:33 +0800] "GET /xingrg/javascript/jquery_tools/order_manager.js HTTP/1.1" 304 -
116.230.117.27 - - [27/Apr/2023:10:48:33 +0800] "GET /xingrg/javascript/json2.js HTTP/1.1" 304 -
116.230.117.27 - - [27/Apr/2023:10:48:33 +0800] "GET /xingrg/javascript/print/kc_print.js HTTP/1.1" 304 -
116.230.117.27 - - [27/Apr/2023:10:48:33 +0800] "GET /xingrg/words/20230427101544_words.js HTTP/1.1" 304 -
101.229.22.234 - - [27/Apr/2023:10:48:33 +0800] "GET /xingrg/check_reg.html?_=1682563712373 HTTP/1.1" 200 22
101.229.22.234 - - [27/Apr/2023:10:48:33 +0800] "GET /xingrg/all/function/internal_message.html?_=1682563712376&CODE_STATE=getMsg HTTP/1.1" 200 27
116.230.117.27 - - [27/Apr/2023:10:48:34 +0800] "GET /xingrg/javascript/easyui/themes/default/validatebox.css HTTP/1.1" 404 1104
116.230.117.27 - - [27/Apr/2023:10:48:34 +0800] "GET /xingrg/javascript/easyui/plugins/jquery.validatebox.js HTTP/1.1" 304 -
116.230.117.27 - - [27/Apr/2023:10:48:34 +0800] "GET /xingrg/javascript/easyui/plugins/jquery.numberbox.js HTTP/1.1" 304 -
116.230.117.27 - - [27/Apr/2023:10:48:34 +0800] "GET /xingrg/all/common/auto_word.html?type=employee&rest_code=00146 HTTP/1.1" 200 101
116.230.117.27 - - [27/Apr/2023:10:48:34 +0800] "GET /xingrg/all/common/auto_word.html?type=employee&rest_code=00146 HTTP/1.1" 200 101
116.224.106.218 - - [27/Apr/2023:10:48:34 +0800] "GET /xingrg/all/function/internal_message.html?_=1682563713201&CODE_STATE=getMsg HTTP/1.1" 200 27
180.152.240.159 - - [27/Apr/2023:10:48:34 +0800] "GET /xingrg/login.html HTTP/1.1" 200 7641
116.230.117.27 - - [27/Apr/2023:10:48:34 +0800] "POST /xingrg/kc/buy/cgsh_order_operate.html HTTP/1.1" 200 26319
180.152.240.159 - - [27/Apr/2023:10:48:35 +0800] "GET /favicon.ico HTTP/1.1" 404 -
180.152.240.159 - - [27/Apr/2023:10:48:40 +0800] "POST /xingrg/login.do HTTP/1.1" 302 -
180.152.240.159 - - [27/Apr/2023:10:48:40 +0800] "GET /xingrg/index.html?sysBaseUrl=http%3A%2F%2F180.169.147.146%3A18081%2Fxingrg%2F&costTime=849×tamp=1682563720403 HTTP/1.1" 200 17173
180.152.240.159 - - [27/Apr/2023:10:48:40 +0800] "GET /favicon.ico HTTP/1.1" 404 -
180.152.240.159 - - [27/Apr/2023:10:48:40 +0800] "GET /xingrg/all/function/internal_message.html?_=1682563732214&CODE_STATE=count HTTP/1.1" 200 11
180.152.240.159 - - [27/Apr/2023:10:48:40 +0800] "GET /xingrg/check_reg.html?_=1682563732215 HTTP/1.1" 200 22
180.152.240.159 - - [27/Apr/2023:10:48:40 +0800] "POST /xingrg/all/common/load_tree.html?tree=area_rest_tree_json&manage=1 HTTP/1.1" 200 342
180.152.240.159 - - [27/Apr/2023:10:48:40 +0800] "POST /xingrg/load_menu.html HTTP/1.1" 200 5138
116.230.117.27 - - [27/Apr/2023:10:48:45 +0800] "GET /xingrg/javascript/auto/indicator.gif HTTP/1.1" 404 1066
180.164.3.199 - - [27/Apr/2023:10:48:45 +0800] "GET /xingrg/all/function/internal_message.html?_=1682563724354&CODE_STATE=getMsg HTTP/1.1" 200 27
116.230.117.27 - - [27/Apr/2023:10:48:50 +0800] "GET /xingrg/kc/buy/cgsh_order_operate.html?command=get_materiel&rest_code=00146&code=00101008114&supplier_code=00100005&order_time=2023-04-27 HTTP/1.1" 200 412
180.169.147.146 - - [27/Apr/2023:10:48:51 +0800] "GET /xingrg/all/function/internal_message.html?_=1682563731292&CODE_STATE=getMsg HTTP/1.1" 302 -
116.224.158.100 - - [27/Apr/2023:10:48:53 +0800] "GET /xingrg/all/function/internal_message.html?_=1682563733290&CODE_STATE=getMsg HTTP/1.1" 200 27
116.227.208.255 - - [27/Apr/2023:10:48:54 +0800] "GET /xingrg/all/function/internal_message.html?_=1682563804152&CODE_STATE=getMsg HTTP/1.1" 200 27
116.238.139.35 - - [27/Apr/2023:10:48:54 +0800] "GET /xingrg/all/function/internal_message.html?_=1682563734422&CODE_STATE=getMsg HTTP/1.1" 200 27
180.152.240.159 - - [27/Apr/2023:10:48:57 +0800] "GET /xingrg/all/function/internal_message.html?_=1682563739366&CODE_STATE=getMsg HTTP/1.1" 302 -
180.152.240.159 - - [27/Apr/2023:10:48:58 +0800] "GET /xingrg/kc/buy/cgsh_order_list.html HTTP/1.1" 200 55285
180.152.240.159 - - [27/Apr/2023:10:48:59 +0800] "GET /xingrg/check_reg.html?_=1682563741324 HTTP/1.1" 302 -
180.152.240.159 - - [27/Apr/2023:10:49:00 +0800] "POST /xingrg/kc/buy/cgsh_list_operate.html HTTP/1.1" 200 986
116.230.117.27 - - [27/Apr/2023:10:49:04 +0800] "GET /xingrg/kc/buy/cgsh_order_operate.html?command=get_materiel&rest_code=00146&code=00101008350&supplier_code=00100005&order_time=2023-04-27 HTTP/1.1" 200 408
124.78.66.30 - - [27/Apr/2023:10:49:09 +0800] "GET /xingrg/all/function/internal_message.html?_=1682563277180&CODE_STATE=getMsg HTTP/1.1" 200 27
124.79.240.114 - - [27/Apr/2023:10:49:14 +0800] "POST /xingrg/services/DataTransmitService HTTP/1.1" 200 524
124.79.240.114 - - [27/Apr/2023:10:49:15 +0800] "POST /xingrg/services/DataTransmitService HTTP/1.1" 200 412
116.230.117.27 - - [27/Apr/2023:10:49:15 +0800] "GET /xingrg/kc/buy/cgsh_order_operate.html?command=get_materiel&rest_code=00146&code=00101009044&supplier_code=00100005&order_time=2023-04-27 HTTP/1.1" 200 413
61.170.234.7 - - [27/Apr/2023:10:49:17 +0800] "GET /xingrg/all/function/internal_message.html?_=1682563756946&CODE_STATE=getMsg HTTP/1.1" 200 27
180.169.147.146 - - [27/Apr/2023:10:49:17 +0800] "GET /xingrg/all/function/internal_message.html?_=1682563749252&CODE_STATE=getMsg HTTP/1.1" 200 27
101.83.241.98 - - [27/Apr/2023:10:49:18 +0800] "GET /xingrg/all/function/internal_message.html?_=1682563757057&CODE_STATE=getMsg HTTP/1.1" 200 27
101.83.241.98 - - [27/Apr/2023:10:49:18 +0800] "GET /xingrg/check_reg.html?_=1682563757065 HTTP/1.1" 200 22
116.230.117.27 - - [27/Apr/2023:10:49:21 +0800] "GET /xingrg/all/function/internal_message.html?_=1682563775026&CODE_STATE=getMsg HTTP/1.1" 200 27
180.169.147.146 - - [27/Apr/2023:10:49:28 +0800] "GET /xingrg/all/function/internal_message.html?_=1682563768763&CODE_STATE=getMsg HTTP/1.1" 200 27
180.169.147.146 - - [27/Apr/2023:10:49:28 +0800] "GET /xingrg/check_reg.html?_=1682563768764 HTTP/1.1" 200 22
180.152.240.159 - - [27/Apr/2023:10:49:30 +0800] "GET /xingrg/kc/buy/cgsh_order_add.html HTTP/1.1" 200 71108
180.152.240.159 - - [27/Apr/2023:10:49:30 +0800] "GET /xingrg/words/20230427101544_words.js HTTP/1.1" 304 -
180.152.240.159 - - [27/Apr/2023:10:49:30 +0800] "POST /xingrg/kc/buy/cgsh_order_operate.html HTTP/1.1" 200 8245
180.152.240.159 - - [27/Apr/2023:10:49:30 +0800] "GET /xingrg/javascript/easyui/themes/default/validatebox.css HTTP/1.1" 404 1104
180.152.240.159 - - [27/Apr/2023:10:49:30 +0800] "GET /xingrg/all/common/auto_word.html?type=employee&rest_code=00102 HTTP/1.1" 200 189
180.152.240.159 - - [27/Apr/2023:10:49:30 +0800] "GET /xingrg/all/common/auto_word.html?type=employee&rest_code=00102 HTTP/1.1" 200 189
116.230.117.27 - - [27/Apr/2023:10:49:30 +0800] "GET /xingrg/kc/buy/cgsh_order_operate.html?command=get_materiel&rest_code=00146&code=00101008558&supplier_code=00100005&order_time=2023-04-27 HTTP/1.1" 200 409
180.152.240.159 - - [27/Apr/2023:10:49:31 +0800] "GET /xingrg/javascript/auto/indicator.gif HTTP/1.1" 404 1066
180.152.240.159 - - [27/Apr/2023:10:49:32 +0800] "GET /xingrg/javascript/jquery_tools/images/next.gif HTTP/1.1" 404 1086
180.152.240.159 - - [27/Apr/2023:10:49:32 +0800] "GET /xingrg/javascript/jquery_tools/images/prev.gif HTTP/1.1" 404 1086
101.229.22.234 - - [27/Apr/2023:10:49:33 +0800] "GET /xingrg/all/function/internal_message.html?_=1682563772376&CODE_STATE=getMsg HTTP/1.1" 200 27
116.224.106.218 - - [27/Apr/2023:10:49:34 +0800] "GET /xingrg/all/function/internal_message.html?_=1682563773229&CODE_STATE=getMsg HTTP/1.1" 200 27
180.152.240.159 - - [27/Apr/2023:10:49:40 +0800] "GET /xingrg/all/function/internal_message.html?_=1682563792229&CODE_STATE=getMsg HTTP/1.1" 200 27
120.253.135.82 - - [27/Apr/2023:10:49:42 +0800] "GET /xingrg/check_reg.html?_=1682563619121 HTTP/1.1" 200 22
180.164.3.199 - - [27/Apr/2023:10:49:45 +0800] "GET /xingrg/all/function/internal_message.html?_=1682563784332&CODE_STATE=getMsg HTTP/1.1" 200 27
180.169.147.146 - - [27/Apr/2023:10:49:47 +0800] "GET /favicon.ico HTTP/1.1" 404 -
180.169.147.146 - - [27/Apr/2023:10:49:51 +0800] "GET /xingrg/all/function/internal_message.html?_=1682563791288&CODE_STATE=getMsg HTTP/1.1" 302 -
116.230.117.27 - - [27/Apr/2023:10:49:53 +0800] "POST /xingrg/kc/buy/cgsh_order_operate.html HTTP/1.1" 200 2065
116.224.158.100 - - [27/Apr/2023:10:49:53 +0800] "GET /xingrg/all/function/internal_message.html?_=1682563793264&CODE_STATE=getMsg HTTP/1.1" 200 27
116.224.158.100 - - [27/Apr/2023:10:49:54 +0800] "GET /xingrg/check_reg.html?_=1682563794254 HTTP/1.1" 200 22
116.227.208.255 - - [27/Apr/2023:10:49:54 +0800] "GET /xingrg/all/function/internal_message.html?_=1682563864150&CODE_STATE=getMsg HTTP/1.1" 200 27
116.238.139.35 - - [27/Apr/2023:10:49:54 +0800] "GET /xingrg/all/function/internal_message.html?_=1682563794407&CODE_STATE=getMsg HTTP/1.1" 200 27
116.238.139.35 - - [27/Apr/2023:10:49:55 +0800] "GET /xingrg/check_reg.html?_=1682563795533 HTTP/1.1" 200 22
58.221.95.50 - - [27/Apr/2023:10:49:56 +0800] "GET /xingrg/check_reg.html?_=1682563797622 HTTP/1.1" 200 22
180.152.240.159 - - [27/Apr/2023:10:49:57 +0800] "GET /xingrg/all/function/internal_message.html?_=1682563799346&CODE_STATE=getMsg HTTP/1.1" 302 -
180.164.3.199 - - [27/Apr/2023:10:50:00 +0800] "GET /xingrg/check_reg.html?_=1682563799660 HTTP/1.1" 200 22
116.230.117.27 - - [27/Apr/2023:10:50:02 +0800] "GET /xingrg/kc/buy/cgsh_order_operate.html?command=get_materiel&rest_code=00146&code=00101008706&supplier_code=00100005&order_time=2023-04-27 HTTP/1.1" 200 413
180.152.240.159 - - [27/Apr/2023:10:50:03 +0800] "GET /xingrg/kc/buy/cgsh_order_operate.html?command=get_materiel&rest_code=00102&code=00101013196&supplier_code=00100337&order_time=2023-04-25 HTTP/1.1" 200 410
124.78.66.30 - - [27/Apr/2023:10:50:09 +0800] "GET /xingrg/all/function/internal_message.html?_=1682563337175&CODE_STATE=getMsg HTTP/1.1" 200 27
180.152.240.159 - - [27/Apr/2023:10:50:13 +0800] "GET /xingrg/kc/buy/cgsh_order_operate.html?command=get_materiel&rest_code=00102&code=00101013071&supplier_code=00100337&order_time=2023-04-25 HTTP/1.1" 200 418
61.170.234.7 - - [27/Apr/2023:10:50:17 +0800] "GET /xingrg/all/function/internal_message.html?_=1682563816934&CODE_STATE=getMsg HTTP/1.1" 200 27
172.20.0.100 - - [27/Apr/2023:10:50:17 +0800] "GET /xingrg/check_reg.html?_=1682563827638 HTTP/1.1" 200 22
180.169.147.146 - - [27/Apr/2023:10:50:17 +0800] "GET /xingrg/all/function/internal_message.html?_=1682563809250&CODE_STATE=getMsg HTTP/1.1" 200 27
116.230.117.27 - - [27/Apr/2023:10:50:18 +0800] "GET /xingrg/kc/buy/cgsh_order_operate.html?command=get_materiel&rest_code=00146&code=00101008353&supplier_code=00100005&order_time=2023-04-27 HTTP/1.1" 200 408
101.83.241.98 - - [27/Apr/2023:10:50:18 +0800] "GET /xingrg/all/function/internal_message.html?_=1682563817071&CODE_STATE=getMsg HTTP/1.1" 200 27
116.230.117.27 - - [27/Apr/2023:10:50:21 +0800] "GET /xingrg/all/function/internal_message.html?_=1682563835032&CODE_STATE=getMsg HTTP/1.1" 200 27
180.152.240.159 - - [27/Apr/2023:10:50:27 +0800] "POST /xingrg/kc/buy/cgsh_order_operate.html HTTP/1.1" 200 37
180.169.147.146 - - [27/Apr/2023:10:50:28 +0800] "GET /xingrg/all/function/internal_message.html?_=1682563828770&CODE_STATE=getMsg HTTP/1.1" 200 27
116.230.117.27 - - [27/Apr/2023:10:50:29 +0800] "GET /xingrg/kc/buy/cgsh_order_operate.html?command=get_materiel&rest_code=00146&code=00101008704&supplier_code=00100005&order_time=2023-04-27 HTTP/1.1" 200 409
116.224.106.218 - - [27/Apr/2023:10:50:33 +0800] "GET /xingrg/check_reg.html?_=1682563831841 HTTP/1.1" 200 22
101.83.241.98 - - [27/Apr/2023:10:50:33 +0800] "GET /xingrg/images/yd/bt.gif HTTP/1.1" 404 1040
101.83.241.98 - - [27/Apr/2023:10:50:33 +0800] "GET /xingrg/images/yd/bt2.gif HTTP/1.1" 404 1042
101.229.22.234 - - [27/Apr/2023:10:50:33 +0800] "GET /xingrg/all/function/internal_message.html?_=1682563832377&CODE_STATE=getMsg HTTP/1.1" 200 27
180.152.240.159 - - [27/Apr/2023:10:50:34 +0800] "POST /xingrg/kc/buy/cgsh_order_operate.html HTTP/1.1" 200 12
116.224.106.218 - - [27/Apr/2023:10:50:34 +0800] "GET /xingrg/all/function/internal_message.html?_=1682563833200&CODE_STATE=getMsg HTTP/1.1" 200 27
180.152.240.159 - - [27/Apr/2023:10:50:37 +0800] "GET /xingrg/kc/buy/cgsh_order_info.html?code=212023042709488 HTTP/1.1" 200 66019
180.152.240.159 - - [27/Apr/2023:10:50:37 +0800] "GET /xingrg/javascript/easyui/themes/default/validatebox.css HTTP/1.1" 404 1104
180.152.240.159 - - [27/Apr/2023:10:50:38 +0800] "POST /xingrg/kc/buy/cgsh_order_operate.html HTTP/1.1" 200 1201
180.152.240.159 - - [27/Apr/2023:10:50:40 +0800] "GET /xingrg/all/function/internal_message.html?_=1682563852230&CODE_STATE=getMsg HTTP/1.1" 200 27
116.230.117.27 - - [27/Apr/2023:10:50:41 +0800] "GET /xingrg/kc/buy/cgsh_order_operate.html?command=get_materiel&rest_code=00146&code=00101013114&supplier_code=00100005&order_time=2023-04-27 HTTP/1.1" 200 409
180.164.3.199 - - [27/Apr/2023:10:50:45 +0800] "GET /xingrg/all/function/internal_message.html?_=1682563844308&CODE_STATE=getMsg HTTP/1.1" 200 27
180.152.240.159 - - [27/Apr/2023:10:50:46 +0800] "GET /xingrg/kc/print/load_config.html?kc_code=cgsh HTTP/1.1" 200 1925
116.224.158.100 - - [27/Apr/2023:10:50:46 +0800] "GET /xingrg/kc/base/wldb_order_list.html HTTP/1.1" 200 19098
180.152.240.159 - - [27/Apr/2023:10:50:47 +0800] "GET /xingrg/kc/print/load_data.html?order_code=212023042709488&kc_code=cgsh&condition= HTTP/1.1" 200 932
116.224.158.100 - - [27/Apr/2023:10:50:47 +0800] "POST /xingrg/kc/base/wldb_list_operate.html HTTP/1.1" 200 928
116.224.158.100 - - [27/Apr/2023:10:50:48 +0800] "GET /xingrg/kc/base/wldb_order_add.html HTTP/1.1" 200 30381
116.224.158.100 - - [27/Apr/2023:10:50:48 +0800] "POST /xingrg/kc/base/wldb_order_operate.html HTTP/1.1" 200 6806
180.169.147.146 - - [27/Apr/2023:10:50:51 +0800] "GET /xingrg/all/function/internal_message.html?_=1682563851280&CODE_STATE=getMsg HTTP/1.1" 302 -
116.224.158.100 - - [27/Apr/2023:10:50:51 +0800] "GET /xingrg/all/common/auto_word.html?type=base&rest_code=00105 HTTP/1.1" 200 1907
116.224.158.100 - - [27/Apr/2023:10:50:51 +0800] "GET /xingrg/javascript/easyui/themes/default/validatebox.css HTTP/1.1" 404 1104
116.224.158.100 - - [27/Apr/2023:10:50:51 +0800] "GET /xingrg/all/common/auto_word.html?type=base&rest_code=00105 HTTP/1.1" 200 1907
180.152.240.159 - - [27/Apr/2023:10:50:51 +0800] "GET /xingrg/kc/buy/cgsh_order_add.html HTTP/1.1" 200 71108
180.152.240.159 - - [27/Apr/2023:10:50:52 +0800] "POST /xingrg/kc/buy/cgsh_order_operate.html HTTP/1.1" 200 8245
180.152.240.159 - - [27/Apr/2023:10:50:52 +0800] "GET /xingrg/javascript/easyui/themes/default/validatebox.css HTTP/1.1" 404 1104
116.224.158.100 - - [27/Apr/2023:10:50:52 +0800] "POST /xingrg/all/common/load_combo.html?type=base HTTP/1.1" 200 3409
116.230.117.27 - - [27/Apr/2023:10:50:52 +0800] "GET /xingrg/kc/buy/cgsh_order_operate.html?command=get_materiel&rest_code=00146&code=00101008563&supplier_code=00100005&order_time=2023-04-27 HTTP/1.1" 200 413
116.224.158.100 - - [27/Apr/2023:10:50:53 +0800] "GET /xingrg/all/function/internal_message.html?_=1682563853255&CODE_STATE=getMsg HTTP/1.1" 200 27
116.227.208.255 - - [27/Apr/2023:10:50:54 +0800] "GET /xingrg/all/function/internal_message.html?_=1682563924158&CODE_STATE=getMsg HTTP/1.1" 200 27
116.238.139.35 - - [27/Apr/2023:10:50:54 +0800] "GET /xingrg/all/function/internal_message.html?_=1682563854386&CODE_STATE=getMsg HTTP/1.1" 200 27
116.224.158.100 - - [27/Apr/2023:10:50:55 +0800] "GET /xingrg/javascript/auto/indicator.gif HTTP/1.1" 404 1066
116.230.117.27 - - [27/Apr/2023:10:50:55 +0800] "POST /xingrg/kc/buy/cgsh_order_operate.html HTTP/1.1" 200 2065
180.152.240.159 - - [27/Apr/2023:10:50:57 +0800] "GET /xingrg/all/function/internal_message.html?_=1682563859324&CODE_STATE=getMsg HTTP/1.1" 302 -
116.224.158.100 - - [27/Apr/2023:10:50:57 +0800] "GET /xingrg/kc/base/wldb_order_operate.html?command=get_materiel&rest_code=00105&base_code=0010507&code=00101013011 HTTP/1.1" 200 451
116.230.117.27 - - [27/Apr/2023:10:51:08 +0800] "GET /xingrg/kc/buy/cgsh_order_operate.html?command=get_materiel&rest_code=00146&code=00101008095&supplier_code=00100005&order_time=2023-04-27 HTTP/1.1" 200 412
180.171.122.0 - - [27/Apr/2023:10:51:08 +0800] "GET /xingrg/kc/buy/cgsh_order_operate.html?command=get_materiel&rest_code=00111&code=00101001111&supplier_code=00100042&order_time=2023-04-27 HTTP/1.1" 200 409
124.78.66.30 - - [27/Apr/2023:10:51:09 +0800] "GET /xingrg/all/function/internal_message.html?_=1682563397171&CODE_STATE=getMsg HTTP/1.1" 200 27
61.170.234.7 - - [27/Apr/2023:10:51:14 +0800] "GET /xingrg/check_reg.html?_=1682563873646 HTTP/1.1" 200 22
180.152.240.159 - - [27/Apr/2023:10:51:16 +0800] "GET /xingrg/kc/buy/cgsh_order_operate.html?command=get_materiel&rest_code=00102&code=00102002167&supplier_code=00100494&order_time=2023-04-25 HTTP/1.1" 200 409
61.170.234.7 - - [27/Apr/2023:10:51:17 +0800] "GET /xingrg/all/function/internal_message.html?_=1682563876913&CODE_STATE=getMsg HTTP/1.1" 200 27
116.230.117.27 - - [27/Apr/2023:10:51:17 +0800] "GET /xingrg/kc/buy/cgsh_order_operate.html?command=get_materiel&rest_code=00146&code=00101008110&supplier_code=00100005&order_time=2023-04-27 HTTP/1.1" 200 408
180.169.147.146 - - [27/Apr/2023:10:51:17 +0800] "GET /xingrg/check_reg.html?_=1682563869248 HTTP/1.1" 200 22
180.169.147.146 - - [27/Apr/2023:10:51:17 +0800] "GET /xingrg/all/function/internal_message.html?_=1682563869250&CODE_STATE=getMsg HTTP/1.1" 200 27
101.83.241.98 - - [27/Apr/2023:10:51:18 +0800] "GET /xingrg/all/function/internal_message.html?_=1682563877075&CODE_STATE=getMsg HTTP/1.1" 200 27
116.230.117.27 - - [27/Apr/2023:10:51:21 +0800] "GET /xingrg/all/function/internal_message.html?_=1682563895045&CODE_STATE=getMsg HTTP/1.1" 200 27
116.230.117.27 - - [27/Apr/2023:10:51:28 +0800] "GET /xingrg/kc/buy/cgsh_order_operate.html?command=get_materiel&rest_code=00146&code=00101008223&supplier_code=00100005&order_time=2023-04-27 HTTP/1.1" 200 412
180.169.147.146 - - [27/Apr/2023:10:51:28 +0800] "GET /xingrg/all/function/internal_message.html?_=1682563888767&CODE_STATE=getMsg HTTP/1.1" 200 27
180.171.122.0 - - [27/Apr/2023:10:51:30 +0800] "GET /xingrg/check_reg.html?_=1682563888599 HTTP/1.1" 200 22
101.229.22.234 - - [27/Apr/2023:10:51:33 +0800] "GET /xingrg/all/function/internal_message.html?_=1682563892377&CODE_STATE=getMsg HTTP/1.1" 200 27
116.224.106.218 - - [27/Apr/2023:10:51:34 +0800] "GET /xingrg/all/function/internal_message.html?_=1682563893186&CODE_STATE=getMsg HTTP/1.1" 200 27
180.152.240.159 - - [27/Apr/2023:10:51:40 +0800] "GET /xingrg/all/function/internal_message.html?_=1682563912231&CODE_STATE=getMsg HTTP/1.1" 200 27
116.230.117.27 - - [27/Apr/2023:10:51:42 +0800] "GET /xingrg/kc/buy/cgsh_order_operate.html?command=get_materiel&rest_code=00146&code=00101008168&supplier_code=00100005&order_time=2023-04-27 HTTP/1.1" 200 413
180.157.255.106 - - [27/Apr/2023:10:51:45 +0800] "POST /xingrg/services/DataTransmitService HTTP/1.1" 200 524
180.164.3.199 - - [27/Apr/2023:10:51:45 +0800] "GET /xingrg/all/function/internal_message.html?_=1682563904280&CODE_STATE=getMsg HTTP/1.1" 200 27
180.171.122.0 - - [27/Apr/2023:10:51:45 +0800] "GET /xingrg/kc/buy/cgsh_order_operate.html?command=get_materiel&rest_code=00111&code=00101001060&supplier_code=00100042&order_time=2023-04-27 HTTP/1.1" 200 419
180.169.147.146 - - [27/Apr/2023:10:51:51 +0800] "GET /xingrg/all/function/internal_message.html?_=1682563911286&CODE_STATE=getMsg HTTP/1.1" 302 -
116.224.158.100 - - [27/Apr/2023:10:51:53 +0800] "GET /xingrg/all/function/internal_message.html?_=1682563913260&CODE_STATE=getMsg HTTP/1.1" 200 27
116.227.208.255 - - [27/Apr/2023:10:51:54 +0800] "GET /xingrg/all/function/internal_message.html?_=1682563984158&CODE_STATE=getMsg HTTP/1.1" 200 27
116.238.139.35 - - [27/Apr/2023:10:51:54 +0800] "GET /xingrg/all/function/internal_message.html?_=1682563914356&CODE_STATE=getMsg HTTP/1.1" 200 27
180.152.240.159 - - [27/Apr/2023:10:51:57 +0800] "GET /xingrg/all/function/internal_message.html?_=1682563919309&CODE_STATE=getMsg HTTP/1.1" 302 -
180.171.122.0 - - [27/Apr/2023:10:51:59 +0800] "GET /xingrg/kc/buy/cgsh_order_operate.html?command=get_materiel&rest_code=00111&code=00101010161&supplier_code=00100042&order_time=2023-04-27 HTTP/1.1" 200 409
116.230.117.27 - - [27/Apr/2023:10:52:05 +0800] "GET /xingrg/kc/buy/cgsh_order_operate.html?command=get_materiel&rest_code=00146&code=00101009004&supplier_code=00100005&order_time=2023-04-27 HTTP/1.1" 200 409
180.152.240.159 - - [27/Apr/2023:10:52:07 +0800] "GET /xingrg/kc/buy/cgsh_order_list.html HTTP/1.1" 302 -
180.152.240.159 - - [27/Apr/2023:10:52:07 +0800] "GET /xingrg/login.html HTTP/1.1" 200 7641
180.152.240.159 - - [27/Apr/2023:10:52:07 +0800] "GET /xingrg/login.html HTTP/1.1" 200 7641
180.152.240.159 - - [27/Apr/2023:10:52:07 +0800] "GET /xingrg/images/blue/jxLogo.png HTTP/1.1" 200 6156
180.152.240.159 - - [27/Apr/2023:10:52:07 +0800] "GET /xingrg/images/blue/login_bg.png HTTP/1.1" 200 22101
180.152.240.159 - - [27/Apr/2023:10:52:07 +0800] "GET /xingrg/images/blue/hj.png HTTP/1.1" 200 1014
180.152.240.159 - - [27/Apr/2023:10:52:07 +0800] "GET /xingrg/images/blue/srbg.png HTTP/1.1" 200 138
180.152.240.159 - - [27/Apr/2023:10:52:07 +0800] "GET /favicon.ico HTTP/1.1" 404 -
116.230.117.27 - - [27/Apr/2023:10:52:08 +0800] "POST /xingrg/kc/buy/cgsh_order_operate.html HTTP/1.1" 200 2065
124.78.66.30 - - [27/Apr/2023:10:52:09 +0800] "GET /xingrg/all/function/internal_message.html?_=1682563457180&CODE_STATE=getMsg HTTP/1.1" 200 27
180.152.240.159 - - [27/Apr/2023:10:52:10 +0800] "POST /xingrg/login.do HTTP/1.1" 302 -
180.152.240.159 - - [27/Apr/2023:10:52:10 +0800] "GET /xingrg/index.html?sysBaseUrl=http%3A%2F%2F180.169.147.146%3A18081%2Fxingrg%2F&costTime=800×tamp=1682563930428 HTTP/1.1" 200 17173
180.152.240.159 - - [27/Apr/2023:10:52:10 +0800] "GET /xingrg/javascript/jquery_easy_ui/themes/default/easyui.css HTTP/1.1" 200 26500
180.152.240.159 - - [27/Apr/2023:10:52:10 +0800] "GET /xingrg/javascript/jquery_easy_ui/themes/icon.css HTTP/1.1" 200 3949
180.152.240.159 - - [27/Apr/2023:10:52:10 +0800] "GET /xingrg/css/form.css HTTP/1.1" 200 893
180.152.240.159 - - [27/Apr/2023:10:52:10 +0800] "GET /xingrg/javascript/jquery_easy_ui/jquery.easyui.min.js HTTP/1.1" 200 213662
180.152.240.159 - - [27/Apr/2023:10:52:10 +0800] "GET /xingrg/javascript/jquery-1.4.2.min.js HTTP/1.1" 200 72205
180.152.240.159 - - [27/Apr/2023:10:52:10 +0800] "GET /xingrg/javascript/jquery_easy_ui/easyui-lang-zh_CN.js HTTP/1.1" 200 1900
180.152.240.159 - - [27/Apr/2023:10:52:10 +0800] "GET /xingrg/javascript/jquery.form.js HTTP/1.1" 200 23110
180.152.240.159 - - [27/Apr/2023:10:52:10 +0800] "GET /xingrg/javascript/jquery.utils.js HTTP/1.1" 200 11805
180.152.240.159 - - [27/Apr/2023:10:52:10 +0800] "GET /xingrg/javascript/jquery.timers.js HTTP/1.1" 200 3532
180.152.240.159 - - [27/Apr/2023:10:52:10 +0800] "GET /favicon.ico HTTP/1.1" 404 -
180.152.240.159 - - [27/Apr/2023:10:52:10 +0800] "GET /xingrg/javascript/jquery_easy_ui/themes/icons/settle_new.png HTTP/1.1" 200 826
180.152.240.159 - - [27/Apr/2023:10:52:10 +0800] "GET /xingrg/images/blue/navBackgound.jpg HTTP/1.1" 200 12378
180.152.240.159 - - [27/Apr/2023:10:52:10 +0800] "GET /xingrg/all/function/internal_message.html?_=1682563932825&CODE_STATE=count HTTP/1.1" 200 11
180.152.240.159 - - [27/Apr/2023:10:52:10 +0800] "GET /xingrg/javascript/jquery_easy_ui/themes/default/images/tabs_leftarrow.png HTTP/1.1" 200 389
180.152.240.159 - - [27/Apr/2023:10:52:10 +0800] "GET /xingrg/javascript/jquery_easy_ui/themes/default/images/panel_tool_collapse.gif HTTP/1.1" 200 246
180.152.240.159 - - [27/Apr/2023:10:52:10 +0800] "GET /xingrg/check_reg.html?_=1682563932825 HTTP/1.1" 200 22
180.152.240.159 - - [27/Apr/2023:10:52:10 +0800] "GET /xingrg/images/blue/pingpu.png HTTP/1.1" 200 231
180.152.240.159 - - [27/Apr/2023:10:52:10 +0800] "GET /xingrg/javascript/jquery_easy_ui/themes/default/images/tabs_rightarrow.png HTTP/1.1" 200 395
180.152.240.159 - - [27/Apr/2023:10:52:10 +0800] "POST /xingrg/all/common/load_tree.html?tree=area_rest_tree_json&manage=1 HTTP/1.1" 200 342
180.152.240.159 - - [27/Apr/2023:10:52:10 +0800] "POST /xingrg/load_menu.html HTTP/1.1" 200 5138
180.152.240.159 - - [27/Apr/2023:10:52:10 +0800] "GET /xingrg/javascript/jquery_easy_ui/themes/default/images/tree_folder_open.gif HTTP/1.1" 200 956
180.152.240.159 - - [27/Apr/2023:10:52:10 +0800] "GET /xingrg/javascript/jquery_easy_ui/themes/icons/search_new.png HTTP/1.1" 200 586
180.152.240.159 - - [27/Apr/2023:10:52:10 +0800] "GET /xingrg/javascript/jquery_easy_ui/themes/default/images/tree_folder.gif HTTP/1.1" 200 952
180.152.240.159 - - [27/Apr/2023:10:52:10 +0800] "GET /xingrg/javascript/jquery_easy_ui/themes/icons/storage_new.png HTTP/1.1" 200 853
180.152.240.159 - - [27/Apr/2023:10:52:10 +0800] "GET /xingrg/javascript/jquery_easy_ui/themes/icons/forms_new.png HTTP/1.1" 200 350
180.152.240.159 - - [27/Apr/2023:10:52:10 +0800] "GET /xingrg/javascript/jquery_easy_ui/themes/default/images/tree_arrows.gif HTTP/1.1" 200 1043
180.152.240.159 - - [27/Apr/2023:10:52:10 +0800] "GET /xingrg/javascript/jquery_easy_ui/themes/default/images/tree_file.gif HTTP/1.1" 200 118
180.171.122.0 - - [27/Apr/2023:10:52:13 +0800] "GET /xingrg/kc/buy/cgsh_order_operate.html?command=get_materiel&rest_code=00111&code=00101005037&supplier_code=00100042&order_time=2023-04-27 HTTP/1.1" 200 409
61.170.234.7 - - [27/Apr/2023:10:52:17 +0800] "GET /xingrg/all/function/internal_message.html?_=1682563936885&CODE_STATE=getMsg HTTP/1.1" 200 27
180.169.147.146 - - [27/Apr/2023:10:52:17 +0800] "GET /xingrg/all/function/internal_message.html?_=1682563929248&CODE_STATE=getMsg HTTP/1.1" 200 27
101.83.241.98 - - [27/Apr/2023:10:52:18 +0800] "GET /xingrg/all/function/internal_message.html?_=1682563937071&CODE_STATE=getMsg HTTP/1.1" 200 27
116.230.117.27 - - [27/Apr/2023:10:52:18 +0800] "GET /xingrg/kc/buy/cgsh_order_operate.html?command=get_materiel&rest_code=00146&code=00101009079&supplier_code=00100005&order_time=2023-04-27 HTTP/1.1" 200 409
180.152.240.159 - - [27/Apr/2023:10:52:20 +0800] "GET /xingrg/kc/buy/cgsh_order_operate.html?command=get_materiel&rest_code=00102&code=00102002326&supplier_code=00100494&order_time=2023-04-25 HTTP/1.1" 200 412
116.230.117.27 - - [27/Apr/2023:10:52:21 +0800] "GET /xingrg/all/function/internal_message.html?_=1682563955068&CODE_STATE=getMsg HTTP/1.1" 200 27
180.171.122.0 - - [27/Apr/2023:10:52:21 +0800] "GET /xingrg/kc/buy/cgsh_order_operate.html?command=get_materiel&rest_code=00111&code=00101003025&supplier_code=00100042&order_time=2023-04-27 HTTP/1.1" 200 409
180.152.240.159 - - [27/Apr/2023:10:52:28 +0800] "POST /xingrg/kc/buy/cgsh_order_operate.html HTTP/1.1" 200 37
180.169.147.146 - - [27/Apr/2023:10:52:28 +0800] "GET /xingrg/all/function/internal_message.html?_=1682563948770&CODE_STATE=getMsg HTTP/1.1" 200 27
180.171.122.0 - - [27/Apr/2023:10:52:33 +0800] "GET /xingrg/kc/buy/cgsh_order_operate.html?command=get_materiel&rest_code=00111&code=00101004094&supplier_code=00100042&order_time=2023-04-27 HTTP/1.1" 200 411
101.229.22.234 - - [27/Apr/2023:10:52:33 +0800] "GET /xingrg/all/function/internal_message.html?_=1682563952377&CODE_STATE=getMsg HTTP/1.1" 200 27
180.152.240.159 - - [27/Apr/2023:10:52:34 +0800] "POST /xingrg/kc/buy/cgsh_order_operate.html HTTP/1.1" 200 12
116.230.117.27 - - [27/Apr/2023:10:52:34 +0800] "GET /xingrg/kc/buy/cgsh_order_operate.html?command=get_materiel&rest_code=00146&code=00101009031&supplier_code=00100005&order_time=2023-04-27 HTTP/1.1" 200 408
116.224.106.218 - - [27/Apr/2023:10:52:34 +0800] "GET /xingrg/all/function/internal_message.html?_=1682563953175&CODE_STATE=getMsg HTTP/1.1" 200 27
180.152.240.159 - - [27/Apr/2023:10:52:35 +0800] "GET /xingrg/kc/buy/cgsh_order_info.html?code=212023042709489 HTTP/1.1" 200 66017
180.152.240.159 - - [27/Apr/2023:10:52:36 +0800] "GET /xingrg/javascript/easyui/themes/default/validatebox.css HTTP/1.1" 404 1104
180.152.240.159 - - [27/Apr/2023:10:52:36 +0800] "POST /xingrg/kc/buy/cgsh_order_operate.html HTTP/1.1" 200 1191
180.152.240.159 - - [27/Apr/2023:10:52:38 +0800] "GET /xingrg/kc/print/load_data.html?order_code=212023042709489&kc_code=cgsh&condition= HTTP/1.1" 200 900
180.152.240.159 - - [27/Apr/2023:10:52:40 +0800] "GET /xingrg/all/function/internal_message.html?_=1682563972240&CODE_STATE=getMsg HTTP/1.1" 200 27
180.152.240.159 - - [27/Apr/2023:10:52:43 +0800] "GET /xingrg/kc/buy/cgsh_order_add.html HTTP/1.1" 200 71108
180.152.240.159 - - [27/Apr/2023:10:52:44 +0800] "POST /xingrg/kc/buy/cgsh_order_operate.html HTTP/1.1" 200 8245
180.152.240.159 - - [27/Apr/2023:10:52:44 +0800] "GET /xingrg/javascript/easyui/themes/default/validatebox.css HTTP/1.1" 404 1104
180.164.3.199 - - [27/Apr/2023:10:52:45 +0800] "GET /xingrg/all/function/internal_message.html?_=1682563964261&CODE_STATE=getMsg HTTP/1.1" 200 27
180.171.122.0 - - [27/Apr/2023:10:52:48 +0800] "POST /xingrg/kc/buy/cgsh_order_operate.html HTTP/1.1" 200 37
180.171.122.0 - - [27/Apr/2023:10:52:50 +0800] "POST /xingrg/kc/buy/cgsh_order_operate.html HTTP/1.1" 200 5609
180.169.147.146 - - [27/Apr/2023:10:52:51 +0800] "GET /xingrg/all/function/internal_message.html?_=1682563971294&CODE_STATE=getMsg HTTP/1.1" 302 -
180.169.147.146 - - [27/Apr/2023:10:52:51 +0800] "GET /xingrg/check_reg.html?_=1682563971296 HTTP/1.1" 302 -
180.171.122.0 - - [27/Apr/2023:10:52:51 +0800] "GET /xingrg/kc/print/load_config.html?kc_code=cgsh HTTP/1.1" 200 1925
180.171.122.0 - - [27/Apr/2023:10:52:52 +0800] "GET /xingrg/kc/print/load_data.html?order_code=212023042709490&kc_code=cgsh&condition= HTTP/1.1" 200 1825
116.224.158.100 - - [27/Apr/2023:10:52:53 +0800] "GET /xingrg/all/function/internal_message.html?_=1682563973195&CODE_STATE=getMsg HTTP/1.1" 200 27
180.152.240.159 - - [27/Apr/2023:10:52:54 +0800] "GET /xingrg/kc/buy/cgsh_order_operate.html?command=get_materiel&rest_code=00102&code=00101014078&supplier_code=00100211&order_time=2023-04-25 HTTP/1.1" 200 415
116.227.208.255 - - [27/Apr/2023:10:52:54 +0800] "GET /xingrg/check_reg.html?_=1682564044146 HTTP/1.1" 200 22
116.227.208.255 - - [27/Apr/2023:10:52:54 +0800] "GET /xingrg/all/function/internal_message.html?_=1682564044148&CODE_STATE=getMsg HTTP/1.1" 200 27
116.238.139.35 - - [27/Apr/2023:10:52:54 +0800] "GET /xingrg/all/function/internal_message.html?_=1682563974340&CODE_STATE=getMsg HTTP/1.1" 200 27
116.230.117.27 - - [27/Apr/2023:10:52:56 +0800] "GET /xingrg/kc/buy/cgsh_order_operate.html?command=get_materiel&rest_code=00146&code=00101009118&supplier_code=00100005&order_time=2023-04-27 HTTP/1.1" 200 406
180.171.122.0 - - [27/Apr/2023:10:52:58 +0800] "GET /xingrg/kc/buy/cgsh_order_add.html HTTP/1.1" 200 71023
180.171.122.0 - - [27/Apr/2023:10:52:58 +0800] "POST /xingrg/kc/buy/cgsh_order_operate.html HTTP/1.1" 200 8245
180.171.122.0 - - [27/Apr/2023:10:52:58 +0800] "GET /xingrg/javascript/easyui/themes/default/validatebox.css HTTP/1.1" 404 1104
180.152.240.159 - - [27/Apr/2023:10:53:01 +0800] "POST /xingrg/kc/buy/cgsh_order_operate.html HTTP/1.1" 200 37
180.152.240.159 - - [27/Apr/2023:10:53:08 +0800] "POST /xingrg/kc/buy/cgsh_order_operate.html HTTP/1.1" 200 12
124.78.66.30 - - [27/Apr/2023:10:53:09 +0800] "GET /xingrg/check_reg.html?_=1682563517178 HTTP/1.1" 200 22
124.78.66.30 - - [27/Apr/2023:10:53:09 +0800] "GET /xingrg/all/function/internal_message.html?_=1682563517179&CODE_STATE=getMsg HTTP/1.1" 200 27
180.164.3.199 - - [27/Apr/2023:10:53:10 +0800] "GET /xingrg/javascript/jquery_easy_ui/themes/default/images/tabs_active.png HTTP/1.1" 200 2894
180.152.240.159 - - [27/Apr/2023:10:53:10 +0800] "GET /xingrg/kc/buy/cgsh_order_info.html?code=212023042709491 HTTP/1.1" 200 66015
180.152.240.159 - - [27/Apr/2023:10:53:10 +0800] "GET /xingrg/all/function/internal_message.html?_=1682563992840&CODE_STATE=getMsg HTTP/1.1" 200 27
180.152.240.159 - - [27/Apr/2023:10:53:10 +0800] "GET /xingrg/javascript/easyui/themes/default/validatebox.css HTTP/1.1" 404 1104
180.152.240.159 - - [27/Apr/2023:10:53:11 +0800] "POST /xingrg/kc/buy/cgsh_order_operate.html HTTP/1.1" 200 611
180.152.240.159 - - [27/Apr/2023:10:53:13 +0800] "GET /xingrg/kc/print/load_data.html?order_code=212023042709491&kc_code=cgsh&condition= HTTP/1.1" 200 692
180.171.122.0 - - [27/Apr/2023:10:53:15 +0800] "GET /xingrg/kc/buy/cgsh_order_operate.html?command=get_materiel&rest_code=00111&code=00101009013&supplier_code=00100037&order_time=2023-04-27 HTTP/1.1" 200 421
180.152.240.159 - - [27/Apr/2023:10:53:16 +0800] "GET /xingrg/kc/buy/cgsh_order_add.html HTTP/1.1" 200 71108
180.152.240.159 - - [27/Apr/2023:10:53:17 +0800] "GET /xingrg/javascript/easyui/themes/default/validatebox.css HTTP/1.1" 404 1104
180.152.240.159 - - [27/Apr/2023:10:53:17 +0800] "POST /xingrg/kc/buy/cgsh_order_operate.html HTTP/1.1" 200 8245
61.170.234.7 - - [27/Apr/2023:10:53:17 +0800] "GET /xingrg/all/function/internal_message.html?_=1682563996863&CODE_STATE=getMsg HTTP/1.1" 200 27
180.169.147.146 - - [27/Apr/2023:10:53:17 +0800] "GET /xingrg/all/function/internal_message.html?_=1682563989246&CODE_STATE=getMsg HTTP/1.1" 200 27
101.83.241.98 - - [27/Apr/2023:10:53:18 +0800] "GET /xingrg/all/function/internal_message.html?_=1682563997057&CODE_STATE=getMsg HTTP/1.1" 200 27
116.230.117.27 - - [27/Apr/2023:10:53:21 +0800] "GET /xingrg/check_reg.html?_=1682564014981 HTTP/1.1" 200 22
116.230.117.27 - - [27/Apr/2023:10:53:21 +0800] "GET /xingrg/all/function/internal_message.html?_=1682564015072&CODE_STATE=getMsg HTTP/1.1" 200 27
180.152.240.159 - - [27/Apr/2023:10:53:27 +0800] "GET /xingrg/kc/buy/cgsh_order_operate.html?command=get_materiel&rest_code=00102&code=00101016146&supplier_code=00100338&order_time=2023-04-25 HTTP/1.1" 200 428
180.169.147.146 - - [27/Apr/2023:10:53:28 +0800] "GET /xingrg/all/function/internal_message.html?_=1682564008774&CODE_STATE=getMsg HTTP/1.1" 200 27
180.171.122.0 - - [27/Apr/2023:10:53:28 +0800] "GET /xingrg/kc/buy/cgsh_order_operate.html?command=get_materiel&rest_code=00111&code=00101015046&supplier_code=00100037&order_time=2023-04-27 HTTP/1.1" 200 412
101.229.22.234 - - [27/Apr/2023:10:53:33 +0800] "GET /xingrg/check_reg.html?_=1682564012377 HTTP/1.1" 200 22
101.229.22.234 - - [27/Apr/2023:10:53:33 +0800] "GET /xingrg/all/function/internal_message.html?_=1682564012379&CODE_STATE=getMsg HTTP/1.1" 200 27
116.224.106.218 - - [27/Apr/2023:10:53:34 +0800] "GET /xingrg/all/function/internal_message.html?_=1682564013159&CODE_STATE=getMsg HTTP/1.1" 200 27
180.152.240.159 - - [27/Apr/2023:10:53:35 +0800] "POST /xingrg/kc/buy/cgsh_order_operate.html HTTP/1.1" 200 37
180.171.122.0 - - [27/Apr/2023:10:53:38 +0800] "GET /xingrg/kc/buy/cgsh_order_operate.html?command=get_materiel&rest_code=00111&code=00101008731&supplier_code=00100037&order_time=2023-04-27 HTTP/1.1" 200 398
180.152.240.159 - - [27/Apr/2023:10:53:40 +0800] "GET /xingrg/check_reg.html?_=1682564032218 HTTP/1.1" 200 22
180.152.240.159 - - [27/Apr/2023:10:53:40 +0800] "GET /xingrg/all/function/internal_message.html?_=1682564032221&CODE_STATE=getMsg HTTP/1.1" 200 27
180.152.240.159 - - [27/Apr/2023:10:53:41 +0800] "POST /xingrg/kc/buy/cgsh_order_operate.html HTTP/1.1" 200 12
180.152.240.159 - - [27/Apr/2023:10:53:43 +0800] "GET /xingrg/kc/buy/cgsh_order_info.html?code=212023042709492 HTTP/1.1" 200 66021
180.152.240.159 - - [27/Apr/2023:10:53:43 +0800] "GET /xingrg/javascript/easyui/themes/default/validatebox.css HTTP/1.1" 404 1104
180.152.240.159 - - [27/Apr/2023:10:53:44 +0800] "POST /xingrg/kc/buy/cgsh_order_operate.html HTTP/1.1" 200 611
180.164.3.199 - - [27/Apr/2023:10:53:45 +0800] "GET /xingrg/all/function/internal_message.html?_=1682564024236&CODE_STATE=getMsg HTTP/1.1" 200 27
180.152.240.159 - - [27/Apr/2023:10:53:48 +0800] "GET /xingrg/kc/print/load_data.html?order_code=212023042709492&kc_code=cgsh&condition= HTTP/1.1" 200 712
180.171.122.0 - - [27/Apr/2023:10:53:48 +0800] "GET /xingrg/kc/buy/cgsh_order_operate.html?command=get_materiel&rest_code=00111&code=00101015038&supplier_code=00100037&order_time=2023-04-27 HTTP/1.1" 200 418
180.152.240.159 - - [27/Apr/2023:10:53:51 +0800] "GET /xingrg/kc/buy/cgsh_order_add.html HTTP/1.1" 200 71108
180.152.240.159 - - [27/Apr/2023:10:53:51 +0800] "POST /xingrg/kc/buy/cgsh_order_operate.html HTTP/1.1" 200 8245
180.169.147.146 - - [27/Apr/2023:10:53:51 +0800] "GET /xingrg/all/function/internal_message.html?_=1682564031289&CODE_STATE=getMsg HTTP/1.1" 302 -
180.152.240.159 - - [27/Apr/2023:10:53:51 +0800] "GET /xingrg/javascript/easyui/themes/default/validatebox.css HTTP/1.1" 404 1104
116.224.158.100 - - [27/Apr/2023:10:53:53 +0800] "GET /xingrg/all/function/internal_message.html?_=1682564033175&CODE_STATE=getMsg HTTP/1.1" 200 27
116.227.208.255 - - [27/Apr/2023:10:53:54 +0800] "GET /xingrg/all/function/internal_message.html?_=1682564104162&CODE_STATE=getMsg HTTP/1.1" 200 27
116.238.139.35 - - [27/Apr/2023:10:53:54 +0800] "GET /xingrg/all/function/internal_message.html?_=1682564034324&CODE_STATE=getMsg HTTP/1.1" 200 27
116.230.117.27 - - [27/Apr/2023:10:53:57 +0800] "POST /xingrg/kc/buy/cgsh_order_operate.html HTTP/1.1" 200 37
180.171.122.0 - - [27/Apr/2023:10:53:59 +0800] "GET /xingrg/kc/buy/cgsh_order_operate.html?command=get_materiel&rest_code=00111&code=00101008041&supplier_code=00100037&order_time=2023-04-27 HTTP/1.1" 200 408
116.230.117.27 - - [27/Apr/2023:10:53:59 +0800] "POST /xingrg/kc/buy/cgsh_order_operate.html HTTP/1.1" 200 35752
180.152.240.159 - - [27/Apr/2023:10:54:06 +0800] "GET /xingrg/kc/buy/cgsh_order_operate.html?command=get_materiel&rest_code=00102&code=00101012119&supplier_code=00100581&order_time=2023-04-25 HTTP/1.1" 200 416
124.78.66.30 - - [27/Apr/2023:10:54:09 +0800] "GET /xingrg/all/function/internal_message.html?_=1682563577181&CODE_STATE=getMsg HTTP/1.1" 200 27
116.230.117.27 - - [27/Apr/2023:10:54:09 +0800] "GET /xingrg/login.html HTTP/1.1" 200 7641
116.230.117.27 - - [27/Apr/2023:10:54:10 +0800] "GET /favicon.ico HTTP/1.1" 404 -
180.152.240.159 - - [27/Apr/2023:10:54:10 +0800] "GET /xingrg/all/function/internal_message.html?_=1682564052846&CODE_STATE=getMsg HTTP/1.1" 200 27
124.78.66.30 - - [27/Apr/2023:10:54:11 +0800] "POST /xingrg/services/DataTransmitService HTTP/1.1" 200 524
116.230.117.27 - - [27/Apr/2023:10:54:13 +0800] "POST /xingrg/login.do HTTP/1.1" 302 -
116.230.117.27 - - [27/Apr/2023:10:54:13 +0800] "GET /xingrg/index.html?sysBaseUrl=http%3A%2F%2F180.169.147.146%3A18081%2Fxingrg%2F&costTime=1221×tamp=1682564053183 HTTP/1.1" 200 17179
116.230.117.27 - - [27/Apr/2023:10:54:13 +0800] "GET /xingrg/javascript/jquery_easy_ui/themes/default/easyui.css HTTP/1.1" 304 -
116.230.117.27 - - [27/Apr/2023:10:54:13 +0800] "GET /xingrg/javascript/jquery.timers.js HTTP/1.1" 304 -
116.230.117.27 - - [27/Apr/2023:10:54:13 +0800] "GET /xingrg/javascript/jquery-1.4.2.min.js HTTP/1.1" 304 -
116.230.117.27 - - [27/Apr/2023:10:54:13 +0800] "GET /xingrg/css/form.css HTTP/1.1" 304 -
116.230.117.27 - - [27/Apr/2023:10:54:13 +0800] "GET /xingrg/javascript/jquery_easy_ui/jquery.easyui.min.js HTTP/1.1" 304 -
116.230.117.27 - - [27/Apr/2023:10:54:13 +0800] "GET /xingrg/javascript/jquery_easy_ui/easyui-lang-zh_CN.js HTTP/1.1" 304 -
116.230.117.27 - - [27/Apr/2023:10:54:13 +0800] "GET /xingrg/javascript/jquery.form.js HTTP/1.1" 304 -
116.230.117.27 - - [27/Apr/2023:10:54:13 +0800] "GET /xingrg/javascript/jquery_easy_ui/themes/icon.css HTTP/1.1" 304 -
116.230.117.27 - - [27/Apr/2023:10:54:13 +0800] "GET /xingrg/javascript/jquery.utils.js HTTP/1.1" 304 -
180.152.240.159 - - [27/Apr/2023:10:54:13 +0800] "POST /xingrg/kc/buy/cgsh_order_operate.html HTTP/1.1" 200 37
116.230.117.27 - - [27/Apr/2023:10:54:13 +0800] "GET /favicon.ico HTTP/1.1" 404 -
116.230.117.27 - - [27/Apr/2023:10:54:13 +0800] "GET /xingrg/all/function/internal_message.html?_=1682564067456&CODE_STATE=count HTTP/1.1" 200 11
116.230.117.27 - - [27/Apr/2023:10:54:13 +0800] "GET /xingrg/check_reg.html?_=1682564067457 HTTP/1.1" 200 22
116.230.117.27 - - [27/Apr/2023:10:54:13 +0800] "POST /xingrg/all/common/load_tree.html?tree=area_rest_tree_json&manage=1 HTTP/1.1" 200 479
116.230.117.27 - - [27/Apr/2023:10:54:13 +0800] "POST /xingrg/load_menu.html HTTP/1.1" 200 5138
61.170.234.7 - - [27/Apr/2023:10:54:17 +0800] "GET /xingrg/all/function/internal_message.html?_=1682564056833&CODE_STATE=getMsg HTTP/1.1" 200 27
180.169.147.146 - - [27/Apr/2023:10:54:17 +0800] "GET /xingrg/all/function/internal_message.html?_=1682564049244&CODE_STATE=getMsg HTTP/1.1" 200 27
116.230.117.27 - - [27/Apr/2023:10:54:18 +0800] "GET /xingrg/kc/buy/cgsh_order_list.html HTTP/1.1" 200 55291
116.230.117.27 - - [27/Apr/2023:10:54:18 +0800] "GET /xingrg/css/base.css HTTP/1.1" 304 -
116.230.117.27 - - [27/Apr/2023:10:54:18 +0800] "GET /xingrg/css/site.css HTTP/1.1" 304 -
116.230.117.27 - - [27/Apr/2023:10:54:18 +0800] "GET /xingrg/javascript/jquery_tools/datebox.css HTTP/1.1" 304 -
116.230.117.27 - - [27/Apr/2023:10:54:18 +0800] "GET /xingrg/javascript/easyui/themes/default/easyui.css HTTP/1.1" 304 -
116.230.117.27 - - [27/Apr/2023:10:54:18 +0800] "GET /xingrg/javascript/easyui/themes/icon.css HTTP/1.1" 304 -
116.230.117.27 - - [27/Apr/2023:10:54:18 +0800] "GET /xingrg/javascript/jquery_tools/fix.css HTTP/1.1" 304 -
116.230.117.27 - - [27/Apr/2023:10:54:18 +0800] "GET /xingrg/javascript/auto/jquery.autocomplete.css HTTP/1.1" 304 -
116.230.117.27 - - [27/Apr/2023:10:54:18 +0800] "GET /xingrg/javascript/jquery_tools/table.css HTTP/1.1" 304 -
116.230.117.27 - - [27/Apr/2023:10:54:18 +0800] "GET /xingrg/javascript/jquery_tools/jquery.tools.hotkey.js HTTP/1.1" 304 -
116.230.117.27 - - [27/Apr/2023:10:54:18 +0800] "GET /xingrg/javascript/jquery_tools/list_manager.js HTTP/1.1" 304 -
116.230.117.27 - - [27/Apr/2023:10:54:18 +0800] "GET /xingrg/javascript/jquery_tools/jquery.tools.table.js HTTP/1.1" 304 -
116.230.117.27 - - [27/Apr/2023:10:54:18 +0800] "GET /xingrg/javascript/auto/jquery.autocomplete.js HTTP/1.1" 304 -
116.230.117.27 - - [27/Apr/2023:10:54:18 +0800] "GET /xingrg/javascript/jquery_tools/jquery.tools.min.js HTTP/1.1" 304 -
116.230.117.27 - - [27/Apr/2023:10:54:18 +0800] "GET /xingrg/javascript/print/LodopFuncs.js HTTP/1.1" 304 -
116.230.117.27 - - [27/Apr/2023:10:54:18 +0800] "GET /xingrg/javascript/easyui/easyloader.js HTTP/1.1" 304 -
116.230.117.27 - - [27/Apr/2023:10:54:18 +0800] "GET /xingrg/javascript/jquery_tools/jquery.tools.extend.js HTTP/1.1" 304 -
116.230.117.27 - - [27/Apr/2023:10:54:18 +0800] "GET /xingrg/javascript/jquery.cookie.js HTTP/1.1" 304 -
101.83.241.98 - - [27/Apr/2023:10:54:18 +0800] "GET /xingrg/all/function/internal_message.html?_=1682564057065&CODE_STATE=getMsg HTTP/1.1" 200 27
101.83.241.98 - - [27/Apr/2023:10:54:18 +0800] "GET /xingrg/check_reg.html?_=1682564057083 HTTP/1.1" 200 22
116.230.117.27 - - [27/Apr/2023:10:54:18 +0800] "GET /xingrg/javascript/easyui/plugins/jquery.parser.js HTTP/1.1" 304 -
180.152.240.159 - - [27/Apr/2023:10:54:20 +0800] "POST /xingrg/kc/buy/cgsh_order_operate.html HTTP/1.1" 200 12
180.152.240.159 - - [27/Apr/2023:10:54:22 +0800] "GET /xingrg/kc/buy/cgsh_order_info.html?code=212023042709493 HTTP/1.1" 200 66021
180.152.240.159 - - [27/Apr/2023:10:54:22 +0800] "GET /xingrg/javascript/easyui/themes/default/validatebox.css HTTP/1.1" 404 1104
116.230.117.27 - - [27/Apr/2023:10:54:23 +0800] "POST /xingrg/kc/buy/cgsh_list_operate.html HTTP/1.1" 200 1869
180.152.240.159 - - [27/Apr/2023:10:54:23 +0800] "POST /xingrg/kc/buy/cgsh_order_operate.html HTTP/1.1" 200 610
180.152.240.159 - - [27/Apr/2023:10:54:25 +0800] "GET /xingrg/kc/print/load_data.html?order_code=212023042709493&kc_code=cgsh&condition= HTTP/1.1" 200 692
180.169.147.146 - - [27/Apr/2023:10:54:28 +0800] "GET /xingrg/check_reg.html?_=1682564068771 HTTP/1.1" 200 22
180.169.147.146 - - [27/Apr/2023:10:54:28 +0800] "GET /xingrg/all/function/internal_message.html?_=1682564068772&CODE_STATE=getMsg HTTP/1.1" 200 27
180.152.240.159 - - [27/Apr/2023:10:54:28 +0800] "GET /xingrg/kc/buy/cgsh_order_add.html HTTP/1.1" 200 71108
180.152.240.159 - - [27/Apr/2023:10:54:29 +0800] "POST /xingrg/kc/buy/cgsh_order_operate.html HTTP/1.1" 200 8245
180.152.240.159 - - [27/Apr/2023:10:54:29 +0800] "GET /xingrg/javascript/easyui/themes/default/validatebox.css HTTP/1.1" 404 1104
101.229.22.234 - - [27/Apr/2023:10:54:33 +0800] "GET /xingrg/all/function/internal_message.html?_=1682564072379&CODE_STATE=getMsg HTTP/1.1" 200 27
116.224.106.218 - - [27/Apr/2023:10:54:34 +0800] "GET /xingrg/all/function/internal_message.html?_=1682564073145&CODE_STATE=getMsg HTTP/1.1" 200 27
180.152.240.159 - - [27/Apr/2023:10:54:37 +0800] "GET /xingrg/kc/buy/cgsh_order_operate.html?command=get_materiel&rest_code=00102&code=00101006001&supplier_code=00100574&order_time=2023-04-25 HTTP/1.1" 200 428
116.230.117.27 - - [27/Apr/2023:10:54:39 +0800] "POST /xingrg/kc/buy/cgsh_list_operate.html HTTP/1.1" 200 564
180.152.240.159 - - [27/Apr/2023:10:54:40 +0800] "GET /xingrg/all/function/internal_message.html?_=1682564092228&CODE_STATE=getMsg HTTP/1.1" 200 27
116.230.117.27 - - [27/Apr/2023:10:54:41 +0800] "GET /xingrg/kc/buy/cgsh_order_info.html?code=212023042709487 HTTP/1.1" 200 71076
116.230.117.27 - - [27/Apr/2023:10:54:41 +0800] "GET /xingrg/javascript/pic_change.js HTTP/1.1" 304 -
116.230.117.27 - - [27/Apr/2023:10:54:41 +0800] "GET /xingrg/javascript/jquery_tools/order_manager.js HTTP/1.1" 304 -
116.230.117.27 - - [27/Apr/2023:10:54:41 +0800] "GET /xingrg/javascript/json2.js HTTP/1.1" 304 -
116.230.117.27 - - [27/Apr/2023:10:54:41 +0800] "GET /xingrg/javascript/convert.js HTTP/1.1" 304 -
116.230.117.27 - - [27/Apr/2023:10:54:41 +0800] "GET /xingrg/javascript/print/kc_print.js HTTP/1.1" 304 -
116.230.117.27 - - [27/Apr/2023:10:54:41 +0800] "GET /xingrg/words/20230427101544_words.js HTTP/1.1" 304 -
116.230.117.27 - - [27/Apr/2023:10:54:41 +0800] "GET /xingrg/javascript/easyui/themes/default/validatebox.css HTTP/1.1" 404 1104
116.230.117.27 - - [27/Apr/2023:10:54:41 +0800] "GET /xingrg/javascript/easyui/plugins/jquery.validatebox.js HTTP/1.1" 304 -
116.230.117.27 - - [27/Apr/2023:10:54:41 +0800] "GET /xingrg/javascript/easyui/plugins/jquery.numberbox.js HTTP/1.1" 304 -
116.230.117.27 - - [27/Apr/2023:10:54:41 +0800] "GET /xingrg/all/common/auto_word.html?type=employee&rest_code=00146 HTTP/1.1" 200 101
116.230.117.27 - - [27/Apr/2023:10:54:41 +0800] "GET /xingrg/all/common/auto_word.html?type=employee&rest_code=00146 HTTP/1.1" 200 101
116.230.117.27 - - [27/Apr/2023:10:54:42 +0800] "POST /xingrg/kc/buy/cgsh_order_operate.html HTTP/1.1" 200 35752
116.230.117.27 - - [27/Apr/2023:10:54:44 +0800] "GET /xingrg/kc/print/load_config.html?kc_code=cgsh HTTP/1.1" 200 1925
180.164.3.199 - - [27/Apr/2023:10:54:45 +0800] "GET /xingrg/all/function/internal_message.html?_=1682564084220&CODE_STATE=getMsg HTTP/1.1" 200 27
180.152.240.159 - - [27/Apr/2023:10:54:47 +0800] "POST /xingrg/kc/buy/cgsh_order_operate.html HTTP/1.1" 200 37
116.230.117.27 - - [27/Apr/2023:10:54:47 +0800] "GET /xingrg/kc/print/load_data.html?order_code=212023042709487&kc_code=cgsh&condition= HTTP/1.1" 200 13218
180.169.147.146 - - [27/Apr/2023:10:54:51 +0800] "GET /xingrg/all/function/internal_message.html?_=1682564091281&CODE_STATE=getMsg HTTP/1.1" 302 -
116.224.158.100 - - [27/Apr/2023:10:54:53 +0800] "GET /xingrg/all/function/internal_message.html?_=1682564093155&CODE_STATE=getMsg HTTP/1.1" 200 27
180.152.240.159 - - [27/Apr/2023:10:54:53 +0800] "POST /xingrg/kc/buy/cgsh_order_operate.html HTTP/1.1" 200 12
116.224.158.100 - - [27/Apr/2023:10:54:54 +0800] "GET /xingrg/check_reg.html?_=1682564094250 HTTP/1.1" 200 22
116.227.208.255 - - [27/Apr/2023:10:54:54 +0800] "GET /xingrg/all/function/internal_message.html?_=1682564164154&CODE_STATE=getMsg HTTP/1.1" 200 27
116.238.139.35 - - [27/Apr/2023:10:54:54 +0800] "GET /xingrg/all/function/internal_message.html?_=1682564094311&CODE_STATE=getMsg HTTP/1.1" 200 27
180.152.240.159 - - [27/Apr/2023:10:54:55 +0800] "GET /xingrg/kc/buy/cgsh_order_info.html?code=212023042709494 HTTP/1.1" 200 66023
116.238.139.35 - - [27/Apr/2023:10:54:55 +0800] "GET /xingrg/check_reg.html?_=1682564095542 HTTP/1.1" 200 22
180.152.240.159 - - [27/Apr/2023:10:54:56 +0800] "GET /xingrg/javascript/easyui/themes/default/validatebox.css HTTP/1.1" 404 1104
