180.152.240.159 - - [27/Apr/2023:10:54:57 +0800] "POST /xingrg/kc/buy/cgsh_order_operate.html HTTP/1.1" 200 624
58.221.95.50 - - [27/Apr/2023:10:54:57 +0800] "GET /xingrg/check_reg.html?_=1682564097613 HTTP/1.1" 200 22
180.152.240.159 - - [27/Apr/2023:10:54:58 +0800] "GET /xingrg/kc/print/load_data.html?order_code=212023042709494&kc_code=cgsh&condition= HTTP/1.1" 200 724
180.164.3.199 - - [27/Apr/2023:10:55:00 +0800] "GET /xingrg/check_reg.html?_=1682564099655 HTTP/1.1" 200 22
180.152.240.159 - - [27/Apr/2023:10:55:01 +0800] "GET /xingrg/kc/buy/cgsh_order_add.html HTTP/1.1" 200 71108
180.152.240.159 - - [27/Apr/2023:10:55:02 +0800] "POST /xingrg/kc/buy/cgsh_order_operate.html HTTP/1.1" 200 8245
180.152.240.159 - - [27/Apr/2023:10:55:02 +0800] "GET /xingrg/javascript/easyui/themes/default/validatebox.css HTTP/1.1" 404 1104
180.171.122.0 - - [27/Apr/2023:10:55:05 +0800] "GET /xingrg/kc/buy/cgsh_order_operate.html?command=get_materiel&rest_code=00111&code=00101004069&supplier_code=00100037&order_time=2023-04-27 HTTP/1.1" 200 418
124.78.66.30 - - [27/Apr/2023:10:55:09 +0800] "GET /xingrg/all/function/internal_message.html?_=1682563637195&CODE_STATE=getMsg HTTP/1.1" 200 27
180.152.240.159 - - [27/Apr/2023:10:55:09 +0800] "GET /xingrg/kc/buy/cgsh_order_operate.html?command=get_materiel&rest_code=00102&code=00101007032&supplier_code=00100328&order_time=2023-04-25 HTTP/1.1" 200 413
180.152.240.159 - - [27/Apr/2023:10:55:10 +0800] "GET /xingrg/all/function/internal_message.html?_=1682564112845&CODE_STATE=getMsg HTTP/1.1" 200 27
116.230.117.27 - - [27/Apr/2023:10:55:13 +0800] "GET /xingrg/all/function/internal_message.html?_=1682564127472&CODE_STATE=getMsg HTTP/1.1" 200 27
61.170.234.7 - - [27/Apr/2023:10:55:17 +0800] "GET /xingrg/all/function/internal_message.html?_=1682564116804&CODE_STATE=getMsg HTTP/1.1" 200 27
172.20.0.100 - - [27/Apr/2023:10:55:17 +0800] "GET /xingrg/check_reg.html?_=1682564127639 HTTP/1.1" 200 22
180.169.147.146 - - [27/Apr/2023:10:55:17 +0800] "GET /xingrg/all/function/internal_message.html?_=1682564109243&CODE_STATE=getMsg HTTP/1.1" 200 27
101.83.241.98 - - [27/Apr/2023:10:55:18 +0800] "GET /xingrg/all/function/internal_message.html?_=1682564117083&CODE_STATE=getMsg HTTP/1.1" 200 27
180.152.240.159 - - [27/Apr/2023:10:55:21 +0800] "POST /xingrg/kc/buy/cgsh_order_operate.html HTTP/1.1" 200 37
180.171.122.0 - - [27/Apr/2023:10:55:23 +0800] "GET /xingrg/kc/buy/cgsh_order_operate.html?command=get_materiel&rest_code=00111&code=00101009122&supplier_code=00100037&order_time=2023-04-27 HTTP/1.1" 200 405
124.78.66.30 - - [27/Apr/2023:10:55:24 +0800] "POST /xingrg/services/DataTransmitService HTTP/1.1" 200 501
180.152.240.159 - - [27/Apr/2023:10:55:27 +0800] "POST /xingrg/kc/buy/cgsh_order_operate.html HTTP/1.1" 200 12
180.169.147.146 - - [27/Apr/2023:10:55:28 +0800] "GET /xingrg/all/function/internal_message.html?_=1682564128774&CODE_STATE=getMsg HTTP/1.1" 200 27
180.152.240.159 - - [27/Apr/2023:10:55:29 +0800] "GET /xingrg/kc/buy/cgsh_order_info.html?code=212023042709495 HTTP/1.1" 200 66021
180.152.240.159 - - [27/Apr/2023:10:55:29 +0800] "GET /xingrg/javascript/easyui/themes/default/validatebox.css HTTP/1.1" 404 1104
180.152.240.159 - - [27/Apr/2023:10:55:30 +0800] "POST /xingrg/kc/buy/cgsh_order_operate.html HTTP/1.1" 200 608
180.152.240.159 - - [27/Apr/2023:10:55:32 +0800] "GET /xingrg/kc/print/load_data.html?order_code=212023042709495&kc_code=cgsh&condition= HTTP/1.1" 200 700
116.224.106.218 - - [27/Apr/2023:10:55:33 +0800] "GET /xingrg/check_reg.html?_=1682564131833 HTTP/1.1" 200 22
101.229.22.234 - - [27/Apr/2023:10:55:33 +0800] "GET /xingrg/all/function/internal_message.html?_=1682564132379&CODE_STATE=getMsg HTTP/1.1" 200 27
116.224.106.218 - - [27/Apr/2023:10:55:34 +0800] "GET /xingrg/all/function/internal_message.html?_=1682564133117&CODE_STATE=getMsg HTTP/1.1" 200 27
180.152.240.159 - - [27/Apr/2023:10:55:35 +0800] "GET /xingrg/kc/buy/cgsh_order_add.html HTTP/1.1" 200 71108
180.152.240.159 - - [27/Apr/2023:10:55:35 +0800] "POST /xingrg/kc/buy/cgsh_order_operate.html HTTP/1.1" 200 8245
180.152.240.159 - - [27/Apr/2023:10:55:35 +0800] "GET /xingrg/javascript/easyui/themes/default/validatebox.css HTTP/1.1" 404 1104
180.152.240.159 - - [27/Apr/2023:10:55:40 +0800] "GET /xingrg/all/function/internal_message.html?_=1682564152221&CODE_STATE=getMsg HTTP/1.1" 200 27
180.152.240.159 - - [27/Apr/2023:10:55:43 +0800] "GET /xingrg/kc/buy/cgsh_order_operate.html?command=get_materiel&rest_code=00102&code=00101019489&supplier_code=00100323&order_time=2023-04-25 HTTP/1.1" 200 410
180.164.3.199 - - [27/Apr/2023:10:55:45 +0800] "GET /xingrg/all/function/internal_message.html?_=1682564144193&CODE_STATE=getMsg HTTP/1.1" 200 27
180.152.240.159 - - [27/Apr/2023:10:55:50 +0800] "POST /xingrg/kc/buy/cgsh_order_operate.html HTTP/1.1" 200 37
180.169.147.146 - - [27/Apr/2023:10:55:51 +0800] "GET /xingrg/all/function/internal_message.html?_=1682564151297&CODE_STATE=getMsg HTTP/1.1" 302 -
116.224.158.100 - - [27/Apr/2023:10:55:53 +0800] "GET /xingrg/all/function/internal_message.html?_=1682564153135&CODE_STATE=getMsg HTTP/1.1" 200 27
116.227.208.255 - - [27/Apr/2023:10:55:54 +0800] "GET /xingrg/all/function/internal_message.html?_=1682564224157&CODE_STATE=getMsg HTTP/1.1" 200 27
116.238.139.35 - - [27/Apr/2023:10:55:54 +0800] "GET /xingrg/all/function/internal_message.html?_=1682564154294&CODE_STATE=getMsg HTTP/1.1" 200 27
101.83.241.98 - - [27/Apr/2023:10:55:54 +0800] "POST /xingrg/dwr/call/plaincall/AjaxQqpsService.uncheckOrder.dwr HTTP/1.1" 200 78
101.83.241.98 - - [27/Apr/2023:10:55:56 +0800] "GET /xingrg/kc/mdqp/qqps_order_info.html?code=302023042700480 HTTP/1.1" 200 28560
101.83.241.98 - - [27/Apr/2023:10:55:56 +0800] "GET /xingrg/javascript/auto/jquery.autocomplete.css HTTP/1.1" 304 -
101.83.241.98 - - [27/Apr/2023:10:55:56 +0800] "GET /xingrg/css/blue.css HTTP/1.1" 304 -
101.83.241.98 - - [27/Apr/2023:10:55:56 +0800] "GET /xingrg/javascript/jquery_easy_ui/themes/icon.css HTTP/1.1" 304 -
101.83.241.98 - - [27/Apr/2023:10:55:56 +0800] "GET /xingrg/javascript/jquery-1.4.2.min.js HTTP/1.1" 304 -
101.83.241.98 - - [27/Apr/2023:10:55:56 +0800] "GET /xingrg/javascript/jquery.utils.js HTTP/1.1" 304 -
101.83.241.98 - - [27/Apr/2023:10:55:56 +0800] "GET /xingrg/javascript/pic_change.js HTTP/1.1" 304 -
101.83.241.98 - - [27/Apr/2023:10:55:56 +0800] "GET /xingrg/javascript/jquery_easy_ui/jquery.easyui.min.js HTTP/1.1" 304 -
101.83.241.98 - - [27/Apr/2023:10:55:56 +0800] "GET /xingrg/javascript/jquery_easy_ui/easyui-lang-zh_CN.js HTTP/1.1" 304 -
101.83.241.98 - - [27/Apr/2023:10:55:56 +0800] "GET /xingrg/javascript/auto/jquery.autocomplete.js HTTP/1.1" 304 -
101.83.241.98 - - [27/Apr/2023:10:55:56 +0800] "GET /xingrg/javascript/tools/jquery.qtip-1.0.0-rc3.min.js HTTP/1.1" 304 -
101.83.241.98 - - [27/Apr/2023:10:55:56 +0800] "GET /xingrg/dwr/interface/AjaxComOrderService.js HTTP/1.1" 200 18264
101.83.241.98 - - [27/Apr/2023:10:55:56 +0800] "GET /xingrg/dwr/util.js HTTP/1.1" 304 -
101.83.241.98 - - [27/Apr/2023:10:55:56 +0800] "GET /xingrg/javascript/Calendar.js HTTP/1.1" 304 -
101.83.241.98 - - [27/Apr/2023:10:55:56 +0800] "GET /xingrg/javascript/myfunction.js HTTP/1.1" 304 -
101.83.241.98 - - [27/Apr/2023:10:55:56 +0800] "GET /xingrg/javascript/AjaxInfoList.js HTTP/1.1" 304 -
101.83.241.98 - - [27/Apr/2023:10:55:56 +0800] "GET /xingrg/dwr/interface/AjaxQqpsService.js HTTP/1.1" 200 16326
101.83.241.98 - - [27/Apr/2023:10:55:56 +0800] "GET /xingrg/dwr/engine.js HTTP/1.1" 200 43631
101.83.241.98 - - [27/Apr/2023:10:55:56 +0800] "GET /xingrg/javascript/Grid.js HTTP/1.1" 304 -
101.83.241.98 - - [27/Apr/2023:10:55:56 +0800] "GET /xingrg/javascript/ToolTips.js HTTP/1.1" 304 -
101.83.241.98 - - [27/Apr/2023:10:55:56 +0800] "GET /xingrg/javascript/print/kc_print.js HTTP/1.1" 304 -
101.83.241.98 - - [27/Apr/2023:10:55:56 +0800] "GET /xingrg/javascript/print/LodopFuncs.js HTTP/1.1" 304 -
101.83.241.98 - - [27/Apr/2023:10:55:56 +0800] "GET /xingrg/javascript/jquery_easy_ui/themes/icon.css HTTP/1.1" 304 -
101.83.241.98 - - [27/Apr/2023:10:55:56 +0800] "GET /xingrg/javascript/jquery_easy_ui/themes/default/easyui.css HTTP/1.1" 304 -
101.83.241.98 - - [27/Apr/2023:10:55:57 +0800] "GET /xingrg/words/20230427101544_words.js HTTP/1.1" 304 -
101.83.241.98 - - [27/Apr/2023:10:55:57 +0800] "GET /xingrg/images/blue/button/kc_tab_add.gif HTTP/1.1" 304 -
101.83.241.98 - - [27/Apr/2023:10:55:57 +0800] "GET /xingrg/images/blue/button/kc_tab_save.gif HTTP/1.1" 304 -
101.83.241.98 - - [27/Apr/2023:10:55:57 +0800] "GET /xingrg/images/blue/button/kc_tab_edit.gif HTTP/1.1" 304 -
101.83.241.98 - - [27/Apr/2023:10:55:57 +0800] "GET /xingrg/images/blue/button/kc_tab_del.gif HTTP/1.1" 304 -
101.83.241.98 - - [27/Apr/2023:10:55:57 +0800] "GET /xingrg/images/blue/wait.gif HTTP/1.1" 304 -
101.83.241.98 - - [27/Apr/2023:10:55:57 +0800] "POST /xingrg/dwr/call/plaincall/AjaxQqpsService.loadMaterielItems.dwr HTTP/1.1" 200 9335
180.152.240.159 - - [27/Apr/2023:10:55:59 +0800] "POST /xingrg/kc/buy/cgsh_order_operate.html HTTP/1.1" 200 12
180.152.240.159 - - [27/Apr/2023:10:56:00 +0800] "GET /xingrg/kc/buy/cgsh_order_info.html?code=212023042709496 HTTP/1.1" 200 66020
180.152.240.159 - - [27/Apr/2023:10:56:01 +0800] "GET /xingrg/javascript/easyui/themes/default/validatebox.css HTTP/1.1" 404 1104
180.152.240.159 - - [27/Apr/2023:10:56:01 +0800] "POST /xingrg/kc/buy/cgsh_order_operate.html HTTP/1.1" 200 604
180.152.240.159 - - [27/Apr/2023:10:56:03 +0800] "GET /xingrg/kc/print/load_data.html?order_code=212023042709496&kc_code=cgsh&condition= HTTP/1.1" 200 701
101.83.241.98 - - [27/Apr/2023:10:56:05 +0800] "POST /xingrg/dwr/call/plaincall/AjaxQqpsService.getMaterielByCode.dwr HTTP/1.1" 200 2814
180.152.240.159 - - [27/Apr/2023:10:56:06 +0800] "GET /xingrg/kc/buy/cgsh_order_add.html HTTP/1.1" 200 71108
180.152.240.159 - - [27/Apr/2023:10:56:06 +0800] "POST /xingrg/kc/buy/cgsh_order_operate.html HTTP/1.1" 200 8245
180.152.240.159 - - [27/Apr/2023:10:56:06 +0800] "GET /xingrg/javascript/easyui/themes/default/validatebox.css HTTP/1.1" 404 1104
101.83.241.98 - - [27/Apr/2023:10:56:08 +0800] "POST /xingrg/dwr/call/plaincall/AjaxQqpsService.saveMaterielItem.dwr HTTP/1.1" 200 78
180.171.122.0 - - [27/Apr/2023:10:56:08 +0800] "GET /xingrg/kc/buy/cgsh_order_operate.html?command=get_materiel&rest_code=00111&code=00101007109&supplier_code=00100037&order_time=2023-04-27 HTTP/1.1" 200 408
124.78.66.30 - - [27/Apr/2023:10:56:09 +0800] "GET /xingrg/all/function/internal_message.html?_=1682563697200&CODE_STATE=getMsg HTTP/1.1" 200 27
180.152.240.159 - - [27/Apr/2023:10:56:10 +0800] "GET /xingrg/all/function/internal_message.html?_=1682564172838&CODE_STATE=getMsg HTTP/1.1" 200 27
180.152.240.159 - - [27/Apr/2023:10:56:12 +0800] "GET /xingrg/kc/buy/cgsh_order_operate.html?command=get_materiel&rest_code=00102&code=00101002002&supplier_code=00100087&order_time=2023-04-25 HTTP/1.1" 200 420
116.230.117.27 - - [27/Apr/2023:10:56:13 +0800] "GET /xingrg/all/function/internal_message.html?_=1682564187500&CODE_STATE=getMsg HTTP/1.1" 200 27
61.170.234.7 - - [27/Apr/2023:10:56:14 +0800] "GET /xingrg/check_reg.html?_=1682564173644 HTTP/1.1" 200 22
180.171.122.0 - - [27/Apr/2023:10:56:16 +0800] "GET /xingrg/kc/buy/cgsh_order_operate.html?command=get_materiel&rest_code=00111&code=00101012040&supplier_code=00100037&order_time=2023-04-27 HTTP/1.1" 200 433
61.170.234.7 - - [27/Apr/2023:10:56:17 +0800] "GET /xingrg/all/function/internal_message.html?_=1682564176784&CODE_STATE=getMsg HTTP/1.1" 200 27
180.169.147.146 - - [27/Apr/2023:10:56:17 +0800] "GET /xingrg/all/function/internal_message.html?_=1682564169241&CODE_STATE=getMsg HTTP/1.1" 200 27
180.169.147.146 - - [27/Apr/2023:10:56:17 +0800] "GET /xingrg/check_reg.html?_=1682564169242 HTTP/1.1" 200 22
101.83.241.98 - - [27/Apr/2023:10:56:18 +0800] "GET /xingrg/all/function/internal_message.html?_=1682564177093&CODE_STATE=getMsg HTTP/1.1" 200 27
180.171.122.0 - - [27/Apr/2023:10:56:27 +0800] "GET /xingrg/kc/buy/cgsh_order_operate.html?command=get_materiel&rest_code=00111&code=00101012029&supplier_code=00100037&order_time=2023-04-27 HTTP/1.1" 200 414
180.169.147.146 - - [27/Apr/2023:10:56:28 +0800] "GET /xingrg/all/function/internal_message.html?_=1682564188769&CODE_STATE=getMsg HTTP/1.1" 200 27
180.171.122.0 - - [27/Apr/2023:10:56:30 +0800] "GET /xingrg/check_reg.html?_=1682564188585 HTTP/1.1" 200 22
101.229.22.234 - - [27/Apr/2023:10:56:33 +0800] "GET /xingrg/all/function/internal_message.html?_=1682564192379&CODE_STATE=getMsg HTTP/1.1" 200 27
116.224.106.218 - - [27/Apr/2023:10:56:34 +0800] "GET /xingrg/all/function/internal_message.html?_=1682564193101&CODE_STATE=getMsg HTTP/1.1" 200 27
180.152.240.159 - - [27/Apr/2023:10:56:35 +0800] "POST /xingrg/kc/buy/cgsh_order_operate.html HTTP/1.1" 200 37
180.152.240.159 - - [27/Apr/2023:10:56:40 +0800] "GET /xingrg/all/function/internal_message.html?_=1682564212218&CODE_STATE=getMsg HTTP/1.1" 200 27
180.152.240.159 - - [27/Apr/2023:10:56:40 +0800] "POST /xingrg/kc/buy/cgsh_order_operate.html HTTP/1.1" 200 12
180.152.240.159 - - [27/Apr/2023:10:56:42 +0800] "GET /xingrg/kc/buy/cgsh_order_info.html?code=212023042709497 HTTP/1.1" 200 66017
180.152.240.159 - - [27/Apr/2023:10:56:42 +0800] "GET /xingrg/javascript/easyui/themes/default/validatebox.css HTTP/1.1" 404 1104
180.152.240.159 - - [27/Apr/2023:10:56:43 +0800] "POST /xingrg/kc/buy/cgsh_order_operate.html HTTP/1.1" 200 1223
180.152.240.159 - - [27/Apr/2023:10:56:44 +0800] "GET /xingrg/kc/print/load_data.html?order_code=212023042709497&kc_code=cgsh&condition= HTTP/1.1" 200 999
180.164.3.199 - - [27/Apr/2023:10:56:45 +0800] "GET /xingrg/all/function/internal_message.html?_=1682564204175&CODE_STATE=getMsg HTTP/1.1" 200 27
180.152.240.159 - - [27/Apr/2023:10:56:47 +0800] "GET /xingrg/kc/buy/cgsh_order_add.html HTTP/1.1" 200 71108
180.152.240.159 - - [27/Apr/2023:10:56:48 +0800] "POST /xingrg/kc/buy/cgsh_order_operate.html HTTP/1.1" 200 8245
180.152.240.159 - - [27/Apr/2023:10:56:48 +0800] "GET /xingrg/javascript/easyui/themes/default/validatebox.css HTTP/1.1" 404 1104
180.169.147.146 - - [27/Apr/2023:10:56:51 +0800] "GET /xingrg/all/function/internal_message.html?_=1682564211297&CODE_STATE=getMsg HTTP/1.1" 302 -
116.224.158.100 - - [27/Apr/2023:10:56:53 +0800] "GET /xingrg/all/function/internal_message.html?_=1682564213113&CODE_STATE=getMsg HTTP/1.1" 200 27
116.227.208.255 - - [27/Apr/2023:10:56:54 +0800] "GET /xingrg/all/function/internal_message.html?_=1682564284149&CODE_STATE=getMsg HTTP/1.1" 200 27
116.238.139.35 - - [27/Apr/2023:10:56:54 +0800] "GET /xingrg/all/function/internal_message.html?_=1682564214279&CODE_STATE=getMsg HTTP/1.1" 200 27
180.152.240.159 - - [27/Apr/2023:10:56:55 +0800] "GET /xingrg/kc/buy/cgsh_order_operate.html?command=get_materiel&rest_code=00102&code=00101004046&supplier_code=00100312&order_time=2023-04-25 HTTP/1.1" 200 417
180.152.240.159 - - [27/Apr/2023:10:57:03 +0800] "GET /xingrg/kc/buy/cgsh_order_operate.html?command=get_materiel&rest_code=00102&code=00101004067&supplier_code=00100312&order_time=2023-04-25 HTTP/1.1" 200 413
124.78.66.30 - - [27/Apr/2023:10:57:09 +0800] "GET /xingrg/all/function/internal_message.html?_=1682563757199&CODE_STATE=getMsg HTTP/1.1" 200 27
180.152.240.159 - - [27/Apr/2023:10:57:09 +0800] "GET /xingrg/kc/buy/cgsh_order_operate.html?command=get_materiel&rest_code=00102&code=00101004061&supplier_code=00100312&order_time=2023-04-25 HTTP/1.1" 200 411
180.152.240.159 - - [27/Apr/2023:10:57:10 +0800] "GET /xingrg/check_reg.html?_=1682564232847 HTTP/1.1" 200 22
180.152.240.159 - - [27/Apr/2023:10:57:10 +0800] "GET /xingrg/all/function/internal_message.html?_=1682564232853&CODE_STATE=getMsg HTTP/1.1" 200 27
116.230.117.27 - - [27/Apr/2023:10:57:13 +0800] "GET /xingrg/all/function/internal_message.html?_=1682564247514&CODE_STATE=getMsg HTTP/1.1" 200 27
180.163.30.85 - - [27/Apr/2023:10:57:14 +0800] "GET /xingrg/check_reg.html?_=1682564173644 HTTP/1.1" 302 -
180.163.30.85 - - [27/Apr/2023:10:57:14 +0800] "GET /xingrg/login.html HTTP/1.1" 200 7641
180.152.240.159 - - [27/Apr/2023:10:57:16 +0800] "GET /xingrg/kc/buy/cgsh_order_operate.html?command=get_materiel&rest_code=00102&code=00101004049&supplier_code=00100312&order_time=2023-04-25 HTTP/1.1" 200 415
61.170.234.7 - - [27/Apr/2023:10:57:17 +0800] "GET /xingrg/all/function/internal_message.html?_=1682564236756&CODE_STATE=getMsg HTTP/1.1" 200 27
180.169.147.146 - - [27/Apr/2023:10:57:17 +0800] "GET /xingrg/all/function/internal_message.html?_=1682564229266&CODE_STATE=getMsg HTTP/1.1" 200 27
101.83.241.98 - - [27/Apr/2023:10:57:18 +0800] "GET /xingrg/all/function/internal_message.html?_=1682564237097&CODE_STATE=getMsg HTTP/1.1" 200 27
180.152.240.159 - - [27/Apr/2023:10:57:21 +0800] "GET /xingrg/javascript/jquery_easy_ui/themes/icons/rest.png HTTP/1.1" 200 695
180.152.240.159 - - [27/Apr/2023:10:57:21 +0800] "GET /xingrg/javascript/jquery_easy_ui/themes/icons/area.png HTTP/1.1" 200 262
180.152.240.159 - - [27/Apr/2023:10:57:24 +0800] "GET /xingrg/kc/buy/cgsh_order_operate.html?command=get_materiel&rest_code=00102&code=00101004050&supplier_code=00100312&order_time=2023-04-25 HTTP/1.1" 200 410
180.152.240.159 - - [27/Apr/2023:10:57:24 +0800] "GET /xingrg/javascript/jquery_easy_ui/themes/default/images/tabs_close.gif HTTP/1.1" 200 829
180.152.240.159 - - [27/Apr/2023:10:57:25 +0800] "GET /xingrg/kc/buy/cgsh_order_list.html HTTP/1.1" 200 55285
180.152.240.159 - - [27/Apr/2023:10:57:25 +0800] "GET /xingrg/css/base.css HTTP/1.1" 200 2811
180.152.240.159 - - [27/Apr/2023:10:57:25 +0800] "GET /xingrg/css/site.css HTTP/1.1" 200 7541
180.152.240.159 - - [27/Apr/2023:10:57:25 +0800] "GET /xingrg/javascript/jquery_tools/datebox.css HTTP/1.1" 200 2597
180.152.240.159 - - [27/Apr/2023:10:57:25 +0800] "GET /xingrg/javascript/jquery_tools/fix.css HTTP/1.1" 200 1702
180.152.240.159 - - [27/Apr/2023:10:57:25 +0800] "GET /xingrg/javascript/auto/jquery.autocomplete.css HTTP/1.1" 200 587
180.152.240.159 - - [27/Apr/2023:10:57:25 +0800] "GET /xingrg/javascript/easyui/themes/default/easyui.css HTTP/1.1" 200 30432
180.152.240.159 - - [27/Apr/2023:10:57:25 +0800] "GET /xingrg/javascript/easyui/themes/icon.css HTTP/1.1" 200 4483
180.152.240.159 - - [27/Apr/2023:10:57:25 +0800] "GET /xingrg/javascript/jquery_tools/table.css HTTP/1.1" 200 1032
180.152.240.159 - - [27/Apr/2023:10:57:25 +0800] "GET /xingrg/javascript/jquery_tools/jquery.tools.min.js HTTP/1.1" 200 138801
180.152.240.159 - - [27/Apr/2023:10:57:25 +0800] "GET /xingrg/javascript/jquery_tools/jquery.tools.extend.js HTTP/1.1" 200 15385
180.152.240.159 - - [27/Apr/2023:10:57:25 +0800] "GET /xingrg/javascript/jquery_tools/jquery.tools.hotkey.js HTTP/1.1" 200 3242
180.152.240.159 - - [27/Apr/2023:10:57:25 +0800] "GET /xingrg/javascript/jquery_tools/jquery.tools.table.js HTTP/1.1" 200 6994
180.152.240.159 - - [27/Apr/2023:10:57:25 +0800] "GET /xingrg/javascript/jquery_tools/list_manager.js HTTP/1.1" 200 3652
180.152.240.159 - - [27/Apr/2023:10:57:25 +0800] "GET /xingrg/javascript/auto/jquery.autocomplete.js HTTP/1.1" 200 21624
180.152.240.159 - - [27/Apr/2023:10:57:25 +0800] "GET /xingrg/javascript/easyui/easyloader.js HTTP/1.1" 200 5975
180.152.240.159 - - [27/Apr/2023:10:57:25 +0800] "GET /xingrg/javascript/jquery.cookie.js HTTP/1.1" 200 5513
180.152.240.159 - - [27/Apr/2023:10:57:25 +0800] "GET /xingrg/javascript/print/LodopFuncs.js HTTP/1.1" 200 5121
180.152.240.159 - - [27/Apr/2023:10:57:25 +0800] "GET /xingrg/javascript/easyui/themes/icons/import_new.png HTTP/1.1" 200 1247
180.152.240.159 - - [27/Apr/2023:10:57:25 +0800] "GET /xingrg/javascript/easyui/themes/icons/check_new.png HTTP/1.1" 200 3224
180.152.240.159 - - [27/Apr/2023:10:57:25 +0800] "GET /xingrg/javascript/easyui/themes/icons/edit_add_new.png HTTP/1.1" 200 2997
180.152.240.159 - - [27/Apr/2023:10:57:25 +0800] "GET /xingrg/javascript/easyui/themes/icons/cance_new.png HTTP/1.1" 200 3986
180.152.240.159 - - [27/Apr/2023:10:57:25 +0800] "GET /xingrg/javascript/easyui/themes/icons/field_new.png HTTP/1.1" 200 1097
180.152.240.159 - - [27/Apr/2023:10:57:25 +0800] "GET /xingrg/javascript/easyui/plugins/jquery.parser.js HTTP/1.1" 200 1142
180.152.240.159 - - [27/Apr/2023:10:57:25 +0800] "GET /xingrg/images/control/ajaxLoader.gif HTTP/1.1" 200 4659
180.152.240.159 - - [27/Apr/2023:10:57:26 +0800] "POST /xingrg/kc/buy/cgsh_list_operate.html HTTP/1.1" 200 986
180.169.147.146 - - [27/Apr/2023:10:57:28 +0800] "GET /xingrg/all/function/internal_message.html?_=1682564248772&CODE_STATE=getMsg HTTP/1.1" 200 27
180.152.240.159 - - [27/Apr/2023:10:57:31 +0800] "GET /xingrg/kc/buy/cgsh_order_operate.html?command=get_materiel&rest_code=00102&code=00101001029&supplier_code=00100312&order_time=2023-04-25 HTTP/1.1" 200 417
101.229.22.234 - - [27/Apr/2023:10:57:33 +0800] "GET /xingrg/all/function/internal_message.html?_=1682564252380&CODE_STATE=getMsg HTTP/1.1" 200 27
116.224.106.218 - - [27/Apr/2023:10:57:34 +0800] "GET /xingrg/all/function/internal_message.html?_=1682564253087&CODE_STATE=getMsg HTTP/1.1" 200 27
180.152.240.159 - - [27/Apr/2023:10:57:39 +0800] "GET /xingrg/kc/buy/cgsh_order_operate.html?command=get_materiel&rest_code=00102&code=00101001156&supplier_code=00100312&order_time=2023-04-25 HTTP/1.1" 200 409
180.152.240.159 - - [27/Apr/2023:10:57:40 +0800] "GET /xingrg/all/function/internal_message.html?_=1682564272251&CODE_STATE=getMsg HTTP/1.1" 200 27
180.171.122.0 - - [27/Apr/2023:10:57:41 +0800] "GET /xingrg/kc/buy/cgsh_order_operate.html?command=get_materiel&rest_code=00111&code=00101013225&supplier_code=00100037&order_time=2023-04-27 HTTP/1.1" 200 447
180.164.3.199 - - [27/Apr/2023:10:57:45 +0800] "GET /xingrg/all/function/internal_message.html?_=1682564264147&CODE_STATE=getMsg HTTP/1.1" 200 27
180.152.240.159 - - [27/Apr/2023:10:57:45 +0800] "GET /xingrg/kc/buy/cgsh_order_operate.html?command=get_materiel&rest_code=00102&code=00101005041&supplier_code=00100312&order_time=2023-04-25 HTTP/1.1" 200 410
180.171.122.0 - - [27/Apr/2023:10:57:50 +0800] "GET /xingrg/kc/buy/cgsh_order_operate.html?command=get_materiel&rest_code=00111&code=00101019435&supplier_code=00100037&order_time=2023-04-27 HTTP/1.1" 200 417
180.169.147.146 - - [27/Apr/2023:10:57:51 +0800] "GET /xingrg/check_reg.html?_=1682564271311 HTTP/1.1" 302 -
180.169.147.146 - - [27/Apr/2023:10:57:51 +0800] "GET /xingrg/all/function/internal_message.html?_=1682564271318&CODE_STATE=getMsg HTTP/1.1" 302 -
116.224.158.100 - - [27/Apr/2023:10:57:53 +0800] "GET /xingrg/all/function/internal_message.html?_=1682564273095&CODE_STATE=getMsg HTTP/1.1" 200 27
180.152.240.159 - - [27/Apr/2023:10:57:53 +0800] "GET /xingrg/kc/buy/cgsh_order_operate.html?command=get_materiel&rest_code=00102&code=00101005017&supplier_code=00100312&order_time=2023-04-25 HTTP/1.1" 200 409
116.227.208.255 - - [27/Apr/2023:10:57:54 +0800] "GET /xingrg/check_reg.html?_=1682564344153 HTTP/1.1" 200 22
116.227.208.255 - - [27/Apr/2023:10:57:54 +0800] "GET /xingrg/all/function/internal_message.html?_=1682564344157&CODE_STATE=getMsg HTTP/1.1" 200 27
116.238.139.35 - - [27/Apr/2023:10:57:54 +0800] "GET /xingrg/all/function/internal_message.html?_=1682564274262&CODE_STATE=getMsg HTTP/1.1" 200 27
180.152.240.159 - - [27/Apr/2023:10:58:08 +0800] "POST /xingrg/kc/buy/cgsh_order_operate.html HTTP/1.1" 200 37
124.78.66.30 - - [27/Apr/2023:10:58:09 +0800] "GET /xingrg/all/function/internal_message.html?_=1682563817197&CODE_STATE=getMsg HTTP/1.1" 200 27
124.78.66.30 - - [27/Apr/2023:10:58:09 +0800] "GET /xingrg/check_reg.html?_=1682563817199 HTTP/1.1" 200 22
180.152.240.159 - - [27/Apr/2023:10:58:10 +0800] "GET /xingrg/all/function/internal_message.html?_=1682564292828&CODE_STATE=getMsg HTTP/1.1" 200 27
116.230.117.27 - - [27/Apr/2023:10:58:13 +0800] "GET /xingrg/all/function/internal_message.html?_=1682564307527&CODE_STATE=getMsg HTTP/1.1" 200 27
180.152.240.159 - - [27/Apr/2023:10:58:14 +0800] "POST /xingrg/kc/buy/cgsh_order_operate.html HTTP/1.1" 200 12
180.171.122.0 - - [27/Apr/2023:10:58:15 +0800] "GET /xingrg/kc/buy/cgsh_order_operate.html?command=get_materiel&rest_code=00111&code=00101011001&supplier_code=00100037&order_time=2023-04-27 HTTP/1.1" 200 423
180.152.240.159 - - [27/Apr/2023:10:58:16 +0800] "GET /xingrg/kc/buy/cgsh_order_info.html?code=212023042709498 HTTP/1.1" 200 66021
180.152.240.159 - - [27/Apr/2023:10:58:16 +0800] "GET /xingrg/javascript/easyui/themes/default/validatebox.css HTTP/1.1" 404 1104
61.170.234.7 - - [27/Apr/2023:10:58:17 +0800] "GET /xingrg/all/function/internal_message.html?_=1682564296742&CODE_STATE=getMsg HTTP/1.1" 200 27
180.152.240.159 - - [27/Apr/2023:10:58:17 +0800] "POST /xingrg/kc/buy/cgsh_order_operate.html HTTP/1.1" 200 5358
180.169.147.146 - - [27/Apr/2023:10:58:17 +0800] "GET /xingrg/all/function/internal_message.html?_=1682564289264&CODE_STATE=getMsg HTTP/1.1" 200 27
101.83.241.98 - - [27/Apr/2023:10:58:18 +0800] "GET /xingrg/all/function/internal_message.html?_=1682564297084&CODE_STATE=getMsg HTTP/1.1" 200 27
180.152.240.159 - - [27/Apr/2023:10:58:18 +0800] "GET /xingrg/kc/print/load_data.html?order_code=212023042709498&kc_code=cgsh&condition= HTTP/1.1" 200 2517
180.152.240.159 - - [27/Apr/2023:10:58:22 +0800] "GET /xingrg/kc/buy/cgsh_order_add.html HTTP/1.1" 200 71108
180.152.240.159 - - [27/Apr/2023:10:58:22 +0800] "POST /xingrg/kc/buy/cgsh_order_operate.html HTTP/1.1" 200 8245
180.152.240.159 - - [27/Apr/2023:10:58:22 +0800] "GET /xingrg/javascript/easyui/themes/default/validatebox.css HTTP/1.1" 404 1104
180.169.147.146 - - [27/Apr/2023:10:58:28 +0800] "GET /xingrg/all/function/internal_message.html?_=1682564308770&CODE_STATE=getMsg HTTP/1.1" 200 27
180.152.240.159 - - [27/Apr/2023:10:58:30 +0800] "GET /xingrg/kc/buy/cgsh_order_operate.html?command=get_materiel&rest_code=00102&code=00101005038&supplier_code=00100316&order_time=2023-04-25 HTTP/1.1" 200 412
101.229.22.234 - - [27/Apr/2023:10:58:33 +0800] "GET /xingrg/check_reg.html?_=1682564312407 HTTP/1.1" 200 22
101.229.22.234 - - [27/Apr/2023:10:58:33 +0800] "GET /xingrg/all/function/internal_message.html?_=1682564312409&CODE_STATE=getMsg HTTP/1.1" 200 27
116.224.106.218 - - [27/Apr/2023:10:58:34 +0800] "GET /xingrg/all/function/internal_message.html?_=1682564313073&CODE_STATE=getMsg HTTP/1.1" 200 27
101.83.241.98 - - [27/Apr/2023:10:58:38 +0800] "POST /xingrg/dwr/call/plaincall/AjaxQqpsService.getMaterielByCode.dwr HTTP/1.1" 200 2744
180.152.240.159 - - [27/Apr/2023:10:58:39 +0800] "POST /xingrg/kc/buy/cgsh_order_operate.html HTTP/1.1" 200 37
180.152.240.159 - - [27/Apr/2023:10:58:40 +0800] "GET /xingrg/check_reg.html?_=1682564332225 HTTP/1.1" 200 22
180.152.240.159 - - [27/Apr/2023:10:58:40 +0800] "GET /xingrg/all/function/internal_message.html?_=1682564332228&CODE_STATE=getMsg HTTP/1.1" 200 27
101.83.241.98 - - [27/Apr/2023:10:58:41 +0800] "POST /xingrg/dwr/call/plaincall/AjaxQqpsService.saveMaterielItem.dwr HTTP/1.1" 200 78
180.164.3.199 - - [27/Apr/2023:10:58:45 +0800] "GET /xingrg/all/function/internal_message.html?_=1682564324128&CODE_STATE=getMsg HTTP/1.1" 200 27
180.152.240.159 - - [27/Apr/2023:10:58:45 +0800] "POST /xingrg/kc/buy/cgsh_order_operate.html HTTP/1.1" 200 12
180.152.240.159 - - [27/Apr/2023:10:58:48 +0800] "GET /xingrg/kc/buy/cgsh_order_info.html?code=212023042709499 HTTP/1.1" 200 66021
180.152.240.159 - - [27/Apr/2023:10:58:48 +0800] "GET /xingrg/javascript/easyui/themes/default/validatebox.css HTTP/1.1" 404 1104
180.152.240.159 - - [27/Apr/2023:10:58:49 +0800] "POST /xingrg/kc/buy/cgsh_order_operate.html HTTP/1.1" 200 610
180.152.240.159 - - [27/Apr/2023:10:58:50 +0800] "GET /xingrg/kc/print/load_data.html?order_code=212023042709499&kc_code=cgsh&condition= HTTP/1.1" 200 713
180.169.147.146 - - [27/Apr/2023:10:58:51 +0800] "GET /xingrg/all/function/internal_message.html?_=1682564331293&CODE_STATE=getMsg HTTP/1.1" 302 -
116.224.158.100 - - [27/Apr/2023:10:58:53 +0800] "GET /xingrg/all/function/internal_message.html?_=1682564333071&CODE_STATE=getMsg HTTP/1.1" 200 27
116.227.208.255 - - [27/Apr/2023:10:58:54 +0800] "GET /xingrg/all/function/internal_message.html?_=1682564404147&CODE_STATE=getMsg HTTP/1.1" 200 27
116.238.139.35 - - [27/Apr/2023:10:58:54 +0800] "GET /xingrg/all/function/internal_message.html?_=1682564334246&CODE_STATE=getMsg HTTP/1.1" 200 27
180.152.240.159 - - [27/Apr/2023:10:58:54 +0800] "GET /xingrg/kc/buy/cgsh_order_add.html HTTP/1.1" 200 71108
180.152.240.159 - - [27/Apr/2023:10:58:55 +0800] "POST /xingrg/kc/buy/cgsh_order_operate.html HTTP/1.1" 200 8245
180.152.240.159 - - [27/Apr/2023:10:58:55 +0800] "GET /xingrg/javascript/easyui/themes/default/validatebox.css HTTP/1.1" 404 1104
101.83.241.98 - - [27/Apr/2023:10:59:06 +0800] "POST /xingrg/dwr/call/plaincall/AjaxQqpsService.checkOrder.dwr HTTP/1.1" 200 78
180.152.240.159 - - [27/Apr/2023:10:59:07 +0800] "GET /xingrg/kc/buy/cgsh_order_operate.html?command=get_materiel&rest_code=00102&code=00101002006&supplier_code=00100091&order_time=2023-04-25 HTTP/1.1" 200 414
101.83.241.98 - - [27/Apr/2023:10:59:08 +0800] "GET /xingrg/kc/mdqp/qqps_order_info.html?code=302023042700480 HTTP/1.1" 200 26801
101.83.241.98 - - [27/Apr/2023:10:59:08 +0800] "GET /xingrg/dwr/interface/AjaxComOrderService.js HTTP/1.1" 200 18264
101.83.241.98 - - [27/Apr/2023:10:59:08 +0800] "GET /xingrg/dwr/interface/AjaxQqpsService.js HTTP/1.1" 200 16326
101.83.241.98 - - [27/Apr/2023:10:59:08 +0800] "GET /xingrg/dwr/engine.js HTTP/1.1" 200 43631
101.83.241.98 - - [27/Apr/2023:10:59:09 +0800] "POST /xingrg/dwr/call/plaincall/AjaxQqpsService.loadMaterielItems.dwr HTTP/1.1" 200 9925
124.78.66.30 - - [27/Apr/2023:10:59:09 +0800] "GET /xingrg/all/function/internal_message.html?_=1682563877197&CODE_STATE=getMsg HTTP/1.1" 200 27
180.152.240.159 - - [27/Apr/2023:10:59:10 +0800] "GET /xingrg/all/function/internal_message.html?_=1682564352840&CODE_STATE=getMsg HTTP/1.1" 200 27
116.230.117.27 - - [27/Apr/2023:10:59:13 +0800] "GET /xingrg/check_reg.html?_=1682564367469 HTTP/1.1" 200 22
116.230.117.27 - - [27/Apr/2023:10:59:13 +0800] "GET /xingrg/all/function/internal_message.html?_=1682564367541&CODE_STATE=getMsg HTTP/1.1" 200 27
180.152.240.159 - - [27/Apr/2023:10:59:15 +0800] "POST /xingrg/kc/buy/cgsh_order_operate.html HTTP/1.1" 200 37
61.170.234.7 - - [27/Apr/2023:10:59:17 +0800] "GET /xingrg/all/function/internal_message.html?_=1682564356713&CODE_STATE=getMsg HTTP/1.1" 200 27
180.169.147.146 - - [27/Apr/2023:10:59:17 +0800] "GET /xingrg/all/function/internal_message.html?_=1682564349278&CODE_STATE=getMsg HTTP/1.1" 200 27
101.83.241.98 - - [27/Apr/2023:10:59:18 +0800] "GET /xingrg/all/function/internal_message.html?_=1682564357100&CODE_STATE=getMsg HTTP/1.1" 200 27
101.83.241.98 - - [27/Apr/2023:10:59:18 +0800] "GET /xingrg/check_reg.html?_=1682564357104 HTTP/1.1" 200 22
180.152.240.159 - - [27/Apr/2023:10:59:21 +0800] "POST /xingrg/kc/buy/cgsh_order_operate.html HTTP/1.1" 200 12
180.152.240.159 - - [27/Apr/2023:10:59:22 +0800] "GET /xingrg/kc/buy/cgsh_order_info.html?code=212023042709500 HTTP/1.1" 200 66021
180.152.240.159 - - [27/Apr/2023:10:59:23 +0800] "GET /xingrg/javascript/easyui/themes/default/validatebox.css HTTP/1.1" 404 1104
180.152.240.159 - - [27/Apr/2023:10:59:24 +0800] "POST /xingrg/kc/buy/cgsh_order_operate.html HTTP/1.1" 200 611
180.152.240.159 - - [27/Apr/2023:10:59:25 +0800] "GET /xingrg/kc/print/load_data.html?order_code=212023042709500&kc_code=cgsh&condition= HTTP/1.1" 200 769
180.152.240.159 - - [27/Apr/2023:10:59:28 +0800] "GET /xingrg/kc/buy/cgsh_order_add.html HTTP/1.1" 200 71108
180.152.240.159 - - [27/Apr/2023:10:59:28 +0800] "POST /xingrg/kc/buy/cgsh_order_operate.html HTTP/1.1" 200 8245
180.152.240.159 - - [27/Apr/2023:10:59:28 +0800] "GET /xingrg/javascript/easyui/themes/default/validatebox.css HTTP/1.1" 404 1104
180.169.147.146 - - [27/Apr/2023:10:59:28 +0800] "GET /xingrg/all/function/internal_message.html?_=1682564368769&CODE_STATE=getMsg HTTP/1.1" 200 27
180.169.147.146 - - [27/Apr/2023:10:59:28 +0800] "GET /xingrg/check_reg.html?_=1682564368771 HTTP/1.1" 200 22
180.163.30.85 - - [27/Apr/2023:10:59:32 +0800] "GET /xingrg/all/function/internal_message.html?_=1682564296742&CODE_STATE=getMsg HTTP/1.1" 302 -
180.163.30.85 - - [27/Apr/2023:10:59:32 +0800] "GET /xingrg/login.html HTTP/1.1" 200 7641
101.229.22.234 - - [27/Apr/2023:10:59:33 +0800] "GET /xingrg/all/function/internal_message.html?_=1682564372393&CODE_STATE=getMsg HTTP/1.1" 200 27
116.224.106.218 - - [27/Apr/2023:10:59:34 +0800] "GET /xingrg/all/function/internal_message.html?_=1682564373057&CODE_STATE=getMsg HTTP/1.1" 200 27
180.152.240.159 - - [27/Apr/2023:10:59:35 +0800] "GET /xingrg/kc/buy/cgsh_order_operate.html?command=get_materiel&rest_code=00102&code=00101001019&supplier_code=00100430&order_time=2023-04-25 HTTP/1.1" 200 416
120.253.135.82 - - [27/Apr/2023:10:59:39 +0800] "GET /xingrg/check_reg.html?_=1682564219130 HTTP/1.1" 200 22
180.152.240.159 - - [27/Apr/2023:10:59:40 +0800] "GET /xingrg/all/function/internal_message.html?_=1682564392219&CODE_STATE=getMsg HTTP/1.1" 200 27
180.164.3.199 - - [27/Apr/2023:10:59:45 +0800] "GET /xingrg/all/function/internal_message.html?_=1682564384102&CODE_STATE=getMsg HTTP/1.1" 200 27
180.152.240.159 - - [27/Apr/2023:10:59:45 +0800] "GET /xingrg/kc/buy/cgsh_order_operate.html?command=get_materiel&rest_code=00102&code=00101005073&supplier_code=00100430&order_time=2023-04-25 HTTP/1.1" 200 410
180.169.147.146 - - [27/Apr/2023:10:59:51 +0800] "GET /xingrg/all/function/internal_message.html?_=1682564391298&CODE_STATE=getMsg HTTP/1.1" 302 -
116.224.158.100 - - [27/Apr/2023:10:59:53 +0800] "GET /xingrg/all/function/internal_message.html?_=1682564393048&CODE_STATE=getMsg HTTP/1.1" 200 27
116.224.158.100 - - [27/Apr/2023:10:59:54 +0800] "GET /xingrg/check_reg.html?_=1682564394232 HTTP/1.1" 200 22
116.227.208.255 - - [27/Apr/2023:10:59:54 +0800] "GET /xingrg/all/function/internal_message.html?_=1682564464152&CODE_STATE=getMsg HTTP/1.1" 200 27
116.238.139.35 - - [27/Apr/2023:10:59:54 +0800] "GET /xingrg/all/function/internal_message.html?_=1682564394230&CODE_STATE=getMsg HTTP/1.1" 200 27
116.238.139.35 - - [27/Apr/2023:10:59:55 +0800] "GET /xingrg/check_reg.html?_=1682564395545 HTTP/1.1" 200 22
180.152.240.159 - - [27/Apr/2023:10:59:59 +0800] "GET /xingrg/kc/buy/cgsh_order_operate.html?command=get_materiel&rest_code=00102&code=00101014083&supplier_code=00100430&order_time=2023-04-25 HTTP/1.1" 200 411
58.221.95.50 - - [27/Apr/2023:10:59:59 +0800] "GET /xingrg/check_reg.html?_=1682564397611 HTTP/1.1" 200 22
180.164.3.199 - - [27/Apr/2023:11:00:00 +0800] "GET /xingrg/check_reg.html?_=1682564399663 HTTP/1.1" 200 22
180.152.240.159 - - [27/Apr/2023:11:00:07 +0800] "GET /xingrg/kc/buy/cgsh_order_operate.html?command=get_materiel&rest_code=00102&code=00101001039&supplier_code=00100430&order_time=2023-04-25 HTTP/1.1" 200 424
124.78.66.30 - - [27/Apr/2023:11:00:09 +0800] "GET /xingrg/all/function/internal_message.html?_=1682563937200&CODE_STATE=getMsg HTTP/1.1" 200 27
180.152.240.159 - - [27/Apr/2023:11:00:10 +0800] "GET /xingrg/all/function/internal_message.html?_=1682564412838&CODE_STATE=getMsg HTTP/1.1" 200 27
116.230.117.27 - - [27/Apr/2023:11:00:13 +0800] "GET /xingrg/all/function/internal_message.html?_=1682564427555&CODE_STATE=getMsg HTTP/1.1" 200 27
180.152.240.159 - - [27/Apr/2023:11:00:15 +0800] "POST /xingrg/kc/buy/cgsh_order_operate.html HTTP/1.1" 200 37
180.163.30.85 - - [27/Apr/2023:11:00:17 +0800] "GET /xingrg/all/function/internal_message.html?_=1682564356713&CODE_STATE=getMsg HTTP/1.1" 302 -
180.163.30.85 - - [27/Apr/2023:11:00:17 +0800] "GET /xingrg/login.html HTTP/1.1" 200 7641
61.170.234.7 - - [27/Apr/2023:11:00:17 +0800] "GET /xingrg/all/function/internal_message.html?_=1682564416684&CODE_STATE=getMsg HTTP/1.1" 200 27
172.20.0.100 - - [27/Apr/2023:11:00:17 +0800] "GET /xingrg/check_reg.html?_=1682564427613 HTTP/1.1" 200 22
180.169.147.146 - - [27/Apr/2023:11:00:17 +0800] "GET /xingrg/all/function/internal_message.html?_=1682564409277&CODE_STATE=getMsg HTTP/1.1" 200 27
101.83.241.98 - - [27/Apr/2023:11:00:18 +0800] "GET /xingrg/all/function/internal_message.html?_=1682564417093&CODE_STATE=getMsg HTTP/1.1" 200 27
180.152.240.159 - - [27/Apr/2023:11:00:23 +0800] "POST /xingrg/kc/buy/cgsh_order_operate.html HTTP/1.1" 200 12
180.152.240.159 - - [27/Apr/2023:11:00:25 +0800] "GET /xingrg/kc/buy/cgsh_order_info.html?code=212023042709501 HTTP/1.1" 200 66009
180.152.240.159 - - [27/Apr/2023:11:00:25 +0800] "GET /xingrg/javascript/easyui/themes/default/validatebox.css HTTP/1.1" 404 1104
180.152.240.159 - - [27/Apr/2023:11:00:26 +0800] "POST /xingrg/kc/buy/cgsh_order_operate.html HTTP/1.1" 200 1811
180.169.147.146 - - [27/Apr/2023:11:00:28 +0800] "GET /xingrg/all/function/internal_message.html?_=1682564428769&CODE_STATE=getMsg HTTP/1.1" 200 27
180.152.240.159 - - [27/Apr/2023:11:00:29 +0800] "GET /xingrg/kc/print/load_data.html?order_code=212023042709501&kc_code=cgsh&condition= HTTP/1.1" 200 1149
180.152.240.159 - - [27/Apr/2023:11:00:32 +0800] "GET /xingrg/kc/buy/cgsh_order_add.html HTTP/1.1" 200 71108
180.152.240.159 - - [27/Apr/2023:11:00:33 +0800] "POST /xingrg/kc/buy/cgsh_order_operate.html HTTP/1.1" 200 8245
180.152.240.159 - - [27/Apr/2023:11:00:33 +0800] "GET /xingrg/javascript/easyui/themes/default/validatebox.css HTTP/1.1" 404 1104
116.224.106.218 - - [27/Apr/2023:11:00:33 +0800] "GET /xingrg/check_reg.html?_=1682564431810 HTTP/1.1" 200 22
101.229.22.234 - - [27/Apr/2023:11:00:33 +0800] "GET /xingrg/all/function/internal_message.html?_=1682564432394&CODE_STATE=getMsg HTTP/1.1" 200 27
116.224.106.218 - - [27/Apr/2023:11:00:34 +0800] "GET /xingrg/all/function/internal_message.html?_=1682564433041&CODE_STATE=getMsg HTTP/1.1" 200 27
180.152.240.159 - - [27/Apr/2023:11:00:40 +0800] "GET /xingrg/all/function/internal_message.html?_=1682564452231&CODE_STATE=getMsg HTTP/1.1" 200 27
180.164.3.199 - - [27/Apr/2023:11:00:45 +0800] "GET /xingrg/all/function/internal_message.html?_=1682564444094&CODE_STATE=getMsg HTTP/1.1" 200 27
180.169.147.146 - - [27/Apr/2023:11:00:51 +0800] "GET /xingrg/all/function/internal_message.html?_=1682564451289&CODE_STATE=getMsg HTTP/1.1" 302 -
116.224.158.100 - - [27/Apr/2023:11:00:52 +0800] "GET /xingrg/all/function/internal_message.html?_=1682564453017&CODE_STATE=getMsg HTTP/1.1" 200 27
116.227.208.255 - - [27/Apr/2023:11:00:54 +0800] "GET /xingrg/all/function/internal_message.html?_=1682564524152&CODE_STATE=getMsg HTTP/1.1" 200 27
116.238.139.35 - - [27/Apr/2023:11:00:54 +0800] "GET /xingrg/all/function/internal_message.html?_=1682564454218&CODE_STATE=getMsg HTTP/1.1" 200 27
180.152.240.159 - - [27/Apr/2023:11:01:07 +0800] "GET /xingrg/kc/buy/cgsh_order_operate.html?command=get_materiel&rest_code=00102&code=00101001232&supplier_code=00100314&order_time=2023-04-25 HTTP/1.1" 200 413
124.78.66.30 - - [27/Apr/2023:11:01:09 +0800] "GET /xingrg/all/function/internal_message.html?_=1682563997199&CODE_STATE=getMsg HTTP/1.1" 200 27
180.152.240.159 - - [27/Apr/2023:11:01:10 +0800] "GET /xingrg/all/function/internal_message.html?_=1682564472831&CODE_STATE=getMsg HTTP/1.1" 200 27
116.230.117.27 - - [27/Apr/2023:11:01:13 +0800] "GET /xingrg/all/function/internal_message.html?_=1682564487569&CODE_STATE=getMsg HTTP/1.1" 200 27
61.170.234.7 - - [27/Apr/2023:11:01:14 +0800] "GET /xingrg/check_reg.html?_=1682564473661 HTTP/1.1" 200 22
180.163.30.100 - - [27/Apr/2023:11:01:17 +0800] "GET /xingrg/all/function/internal_message.html?_=1682564416684&CODE_STATE=getMsg HTTP/1.1" 302 -
180.163.30.100 - - [27/Apr/2023:11:01:17 +0800] "GET /xingrg/login.html HTTP/1.1" 200 7641
61.170.234.7 - - [27/Apr/2023:11:01:17 +0800] "GET /xingrg/all/function/internal_message.html?_=1682564476663&CODE_STATE=getMsg HTTP/1.1" 200 27
180.152.240.159 - - [27/Apr/2023:11:01:17 +0800] "GET /xingrg/kc/buy/cgsh_order_operate.html?command=get_materiel&rest_code=00102&code=00101001167&supplier_code=00100314&order_time=2023-04-25 HTTP/1.1" 200 413
180.169.147.146 - - [27/Apr/2023:11:01:17 +0800] "GET /xingrg/check_reg.html?_=1682564469275 HTTP/1.1" 200 22
180.169.147.146 - - [27/Apr/2023:11:01:17 +0800] "GET /xingrg/all/function/internal_message.html?_=1682564469277&CODE_STATE=getMsg HTTP/1.1" 200 27
101.83.241.98 - - [27/Apr/2023:11:01:18 +0800] "GET /xingrg/all/function/internal_message.html?_=1682564477097&CODE_STATE=getMsg HTTP/1.1" 200 27
180.152.240.159 - - [27/Apr/2023:11:01:26 +0800] "POST /xingrg/kc/buy/cgsh_order_operate.html HTTP/1.1" 200 37
180.169.147.146 - - [27/Apr/2023:11:01:28 +0800] "GET /xingrg/all/function/internal_message.html?_=1682564488762&CODE_STATE=getMsg HTTP/1.1" 200 27
180.171.122.0 - - [27/Apr/2023:11:01:30 +0800] "GET /xingrg/check_reg.html?_=1682564488569 HTTP/1.1" 200 22
180.152.240.159 - - [27/Apr/2023:11:01:33 +0800] "POST /xingrg/kc/buy/cgsh_order_operate.html HTTP/1.1" 200 12
101.229.22.234 - - [27/Apr/2023:11:01:33 +0800] "GET /xingrg/all/function/internal_message.html?_=1682564492394&CODE_STATE=getMsg HTTP/1.1" 200 27
180.152.240.159 - - [27/Apr/2023:11:01:34 +0800] "GET /xingrg/kc/buy/cgsh_order_info.html?code=212023042709502 HTTP/1.1" 200 66019
116.224.106.218 - - [27/Apr/2023:11:01:34 +0800] "GET /xingrg/all/function/internal_message.html?_=1682564493013&CODE_STATE=getMsg HTTP/1.1" 200 27
180.152.240.159 - - [27/Apr/2023:11:01:35 +0800] "GET /xingrg/javascript/easyui/themes/default/validatebox.css HTTP/1.1" 404 1104
180.152.240.159 - - [27/Apr/2023:11:01:35 +0800] "POST /xingrg/kc/buy/cgsh_order_operate.html HTTP/1.1" 200 1206
180.152.240.159 - - [27/Apr/2023:11:01:37 +0800] "GET /xingrg/kc/print/load_data.html?order_code=212023042709502&kc_code=cgsh&condition= HTTP/1.1" 200 932
180.152.240.159 - - [27/Apr/2023:11:01:40 +0800] "GET /xingrg/all/function/internal_message.html?_=1682564512219&CODE_STATE=getMsg HTTP/1.1" 200 27
180.152.240.159 - - [27/Apr/2023:11:01:41 +0800] "GET /xingrg/kc/buy/cgsh_order_add.html HTTP/1.1" 200 71108
180.152.240.159 - - [27/Apr/2023:11:01:41 +0800] "POST /xingrg/kc/buy/cgsh_order_operate.html HTTP/1.1" 200 8245
180.152.240.159 - - [27/Apr/2023:11:01:41 +0800] "GET /xingrg/javascript/easyui/themes/default/validatebox.css HTTP/1.1" 404 1104
180.164.3.199 - - [27/Apr/2023:11:01:45 +0800] "GET /xingrg/all/function/internal_message.html?_=1682564504074&CODE_STATE=getMsg HTTP/1.1" 200 27
180.152.240.159 - - [27/Apr/2023:11:01:50 +0800] "GET /xingrg/kc/buy/cgsh_order_operate.html?command=get_materiel&rest_code=00102&code=00101001140&supplier_code=00100090&order_time=2023-04-25 HTTP/1.1" 200 415
180.169.147.146 - - [27/Apr/2023:11:01:51 +0800] "GET /xingrg/all/function/internal_message.html?_=1682564511281&CODE_STATE=getMsg HTTP/1.1" 302 -
116.224.158.100 - - [27/Apr/2023:11:01:52 +0800] "GET /xingrg/all/function/internal_message.html?_=1682564512990&CODE_STATE=getMsg HTTP/1.1" 200 27
116.238.139.35 - - [27/Apr/2023:11:01:54 +0800] "GET /xingrg/all/function/internal_message.html?_=1682564514192&CODE_STATE=getMsg HTTP/1.1" 200 27
116.227.208.255 - - [27/Apr/2023:11:01:54 +0800] "GET /xingrg/all/function/internal_message.html?_=1682564584141&CODE_STATE=getMsg HTTP/1.1" 200 27
58.40.7.146 - - [27/Apr/2023:11:01:57 +0800] "GET /favicon.ico HTTP/1.1" 404 -
180.152.240.159 - - [27/Apr/2023:11:01:57 +0800] "GET /xingrg/kc/buy/cgsh_order_operate.html?command=get_materiel&rest_code=00102&code=00101004065&supplier_code=00100090&order_time=2023-04-25 HTTP/1.1" 200 413
116.230.117.27 - - [27/Apr/2023:11:02:02 +0800] "GET /xingrg/kc/buy/cgsh_order_add.html HTTP/1.1" 200 71067
116.230.117.27 - - [27/Apr/2023:11:02:02 +0800] "POST /xingrg/kc/buy/cgsh_order_operate.html HTTP/1.1" 200 8245
116.230.117.27 - - [27/Apr/2023:11:02:02 +0800] "GET /xingrg/javascript/easyui/themes/default/validatebox.css HTTP/1.1" 404 1104
180.152.240.159 - - [27/Apr/2023:11:02:06 +0800] "POST /xingrg/kc/buy/cgsh_order_operate.html HTTP/1.1" 200 37
116.230.117.27 - - [27/Apr/2023:11:02:07 +0800] "GET /xingrg/javascript/auto/indicator.gif HTTP/1.1" 404 1066
124.78.66.30 - - [27/Apr/2023:11:02:09 +0800] "GET /xingrg/all/function/internal_message.html?_=1682564057198&CODE_STATE=getMsg HTTP/1.1" 200 27
180.152.240.159 - - [27/Apr/2023:11:02:10 +0800] "GET /xingrg/all/function/internal_message.html?_=1682564532843&CODE_STATE=getMsg HTTP/1.1" 200 27
180.152.240.159 - - [27/Apr/2023:11:02:10 +0800] "GET /xingrg/check_reg.html?_=1682564532844 HTTP/1.1" 200 22
180.152.240.159 - - [27/Apr/2023:11:02:12 +0800] "POST /xingrg/kc/buy/cgsh_order_operate.html HTTP/1.1" 200 12
116.230.117.27 - - [27/Apr/2023:11:02:13 +0800] "GET /xingrg/javascript/jquery_tools/images/prev.gif HTTP/1.1" 404 1086
116.230.117.27 - - [27/Apr/2023:11:02:13 +0800] "GET /xingrg/javascript/jquery_tools/images/next.gif HTTP/1.1" 404 1086
116.230.117.27 - - [27/Apr/2023:11:02:13 +0800] "GET /xingrg/all/function/internal_message.html?_=1682564547606&CODE_STATE=getMsg HTTP/1.1" 200 27
180.152.240.159 - - [27/Apr/2023:11:02:14 +0800] "GET /xingrg/kc/buy/cgsh_order_info.html?code=212023042709503 HTTP/1.1" 200 66021
180.152.240.159 - - [27/Apr/2023:11:02:14 +0800] "GET /xingrg/javascript/easyui/themes/default/validatebox.css HTTP/1.1" 404 1104
180.152.240.159 - - [27/Apr/2023:11:02:15 +0800] "POST /xingrg/kc/buy/cgsh_order_operate.html HTTP/1.1" 200 1209
61.170.234.7 - - [27/Apr/2023:11:02:17 +0800] "GET /xingrg/all/function/internal_message.html?_=1682564536635&CODE_STATE=getMsg HTTP/1.1" 200 27
180.152.240.159 - - [27/Apr/2023:11:02:17 +0800] "GET /xingrg/kc/print/load_data.html?order_code=212023042709503&kc_code=cgsh&condition= HTTP/1.1" 200 1001
180.169.147.146 - - [27/Apr/2023:11:02:17 +0800] "GET /xingrg/all/function/internal_message.html?_=1682564529274&CODE_STATE=getMsg HTTP/1.1" 200 27
101.83.241.98 - - [27/Apr/2023:11:02:18 +0800] "GET /xingrg/all/function/internal_message.html?_=1682564537097&CODE_STATE=getMsg HTTP/1.1" 200 27
180.152.240.159 - - [27/Apr/2023:11:02:21 +0800] "GET /xingrg/kc/buy/cgsh_order_add.html HTTP/1.1" 200 71108
180.152.240.159 - - [27/Apr/2023:11:02:21 +0800] "POST /xingrg/kc/buy/cgsh_order_operate.html HTTP/1.1" 200 8245
180.152.240.159 - - [27/Apr/2023:11:02:21 +0800] "GET /xingrg/javascript/easyui/themes/default/validatebox.css HTTP/1.1" 404 1104
116.230.117.27 - - [27/Apr/2023:11:02:23 +0800] "GET /xingrg/kc/buy/cgsh_order_operate.html?command=get_materiel&rest_code=00146&code=00101009050&supplier_code=00100023&order_time=2023-04-27 HTTP/1.1" 200 408
180.169.147.146 - - [27/Apr/2023:11:02:28 +0800] "GET /xingrg/all/function/internal_message.html?_=1682564548773&CODE_STATE=getMsg HTTP/1.1" 200 27
180.163.28.68 - - [27/Apr/2023:11:02:29 +0800] "GET /xingrg/check_reg.html?_=1682564473661 HTTP/1.1" 302 -
180.163.28.68 - - [27/Apr/2023:11:02:29 +0800] "GET /xingrg/login.html HTTP/1.1" 200 7641
180.152.240.159 - - [27/Apr/2023:11:02:32 +0800] "GET /xingrg/kc/buy/cgsh_order_operate.html?command=get_materiel&rest_code=00102&code=00101001045&supplier_code=00100439&order_time=2023-04-25 HTTP/1.1" 200 421
101.229.22.234 - - [27/Apr/2023:11:02:33 +0800] "GET /xingrg/all/function/internal_message.html?_=1682564552393&CODE_STATE=getMsg HTTP/1.1" 200 27
116.224.106.218 - - [27/Apr/2023:11:02:34 +0800] "GET /xingrg/all/function/internal_message.html?_=1682564552994&CODE_STATE=getMsg HTTP/1.1" 200 27
180.152.240.159 - - [27/Apr/2023:11:02:40 +0800] "GET /xingrg/all/function/internal_message.html?_=1682564572257&CODE_STATE=getMsg HTTP/1.1" 200 27
180.152.240.159 - - [27/Apr/2023:11:02:42 +0800] "POST /xingrg/kc/buy/cgsh_order_operate.html HTTP/1.1" 200 37
116.230.117.27 - - [27/Apr/2023:11:02:42 +0800] "GET /xingrg/kc/buy/cgsh_order_operate.html?command=get_materiel&rest_code=00146&code=00101009062&supplier_code=00100023&order_time=2023-04-27 HTTP/1.1" 200 414
180.164.3.199 - - [27/Apr/2023:11:02:45 +0800] "GET /xingrg/all/function/internal_message.html?_=1682564564053&CODE_STATE=getMsg HTTP/1.1" 200 27
101.83.241.98 - - [27/Apr/2023:11:02:45 +0800] "GET /xingrg/kc/buy/cgsh_order_list.html HTTP/1.1" 200 55291
180.152.240.159 - - [27/Apr/2023:11:02:49 +0800] "POST /xingrg/kc/buy/cgsh_order_operate.html HTTP/1.1" 200 12
101.83.241.98 - - [27/Apr/2023:11:02:50 +0800] "POST /xingrg/kc/buy/cgsh_list_operate.html HTTP/1.1" 200 986
180.152.240.159 - - [27/Apr/2023:11:02:51 +0800] "GET /xingrg/kc/buy/cgsh_order_info.html?code=212023042709504 HTTP/1.1" 200 66021
180.152.240.159 - - [27/Apr/2023:11:02:51 +0800] "GET /xingrg/javascript/easyui/themes/default/validatebox.css HTTP/1.1" 404 1104
180.169.147.146 - - [27/Apr/2023:11:02:51 +0800] "GET /xingrg/all/function/internal_message.html?_=1682564571288&CODE_STATE=getMsg HTTP/1.1" 302 -
180.169.147.146 - - [27/Apr/2023:11:02:51 +0800] "GET /xingrg/check_reg.html?_=1682564571289 HTTP/1.1" 302 -
101.83.241.98 - - [27/Apr/2023:11:02:52 +0800] "GET /xingrg/kc/buy/cgsh_order_add.html HTTP/1.1" 200 71155
180.152.240.159 - - [27/Apr/2023:11:02:52 +0800] "POST /xingrg/kc/buy/cgsh_order_operate.html HTTP/1.1" 200 619
101.83.241.98 - - [27/Apr/2023:11:02:52 +0800] "GET /xingrg/words/20230427101544_words.js HTTP/1.1" 304 -
101.83.241.98 - - [27/Apr/2023:11:02:52 +0800] "POST /xingrg/kc/buy/cgsh_order_operate.html HTTP/1.1" 200 8245
101.83.241.98 - - [27/Apr/2023:11:02:52 +0800] "GET /xingrg/javascript/easyui/themes/default/validatebox.css HTTP/1.1" 404 1104
116.224.158.100 - - [27/Apr/2023:11:02:52 +0800] "GET /xingrg/all/function/internal_message.html?_=1682564572965&CODE_STATE=getMsg HTTP/1.1" 200 27
116.238.139.35 - - [27/Apr/2023:11:02:54 +0800] "GET /xingrg/all/function/internal_message.html?_=1682564574177&CODE_STATE=getMsg HTTP/1.1" 200 27
116.227.208.255 - - [27/Apr/2023:11:02:54 +0800] "GET /xingrg/all/function/internal_message.html?_=1682564644153&CODE_STATE=getMsg HTTP/1.1" 200 27
116.227.208.255 - - [27/Apr/2023:11:02:54 +0800] "GET /xingrg/check_reg.html?_=1682564644154 HTTP/1.1" 200 22
180.152.240.159 - - [27/Apr/2023:11:02:54 +0800] "GET /xingrg/kc/print/load_data.html?order_code=212023042709504&kc_code=cgsh&condition= HTTP/1.1" 200 723
