120.253.135.82 - - [27/Apr/2023:05:48:35 +0800] "GET /xingrg/javascript/easyui/themes/default/easyui.css HTTP/1.1" 304 -
120.253.135.82 - - [27/Apr/2023:05:48:35 +0800] "GET /xingrg/css/base.css HTTP/1.1" 304 -
120.253.135.82 - - [27/Apr/2023:05:48:35 +0800] "GET /xingrg/javascript/jquery_tools/datebox.css HTTP/1.1" 304 -
120.253.135.82 - - [27/Apr/2023:05:48:35 +0800] "GET /xingrg/javascript/jquery_tools/table.css HTTP/1.1" 304 -
120.253.135.82 - - [27/Apr/2023:05:48:35 +0800] "GET /xingrg/javascript/easyui/themes/icon.css HTTP/1.1" 304 -
120.253.135.82 - - [27/Apr/2023:05:48:35 +0800] "GET /xingrg/javascript/jquery_tools/jquery.tools.min.js HTTP/1.1" 304 -
120.253.135.82 - - [27/Apr/2023:05:48:35 +0800] "GET /xingrg/javascript/jquery_tools/fix.css HTTP/1.1" 304 -
120.253.135.82 - - [27/Apr/2023:05:48:35 +0800] "GET /xingrg/javascript/auto/jquery.autocomplete.css HTTP/1.1" 304 -
120.253.135.82 - - [27/Apr/2023:05:48:35 +0800] "GET /xingrg/javascript/jquery_tools/jquery.tools.extend.js HTTP/1.1" 304 -
120.253.135.82 - - [27/Apr/2023:05:48:35 +0800] "GET /xingrg/javascript/jquery_tools/jquery.tools.hotkey.js HTTP/1.1" 304 -
120.253.135.82 - - [27/Apr/2023:05:48:35 +0800] "GET /xingrg/javascript/jquery_tools/jquery.tools.table.js HTTP/1.1" 304 -
120.253.135.82 - - [27/Apr/2023:05:48:35 +0800] "GET /xingrg/javascript/jquery_tools/list_manager.js HTTP/1.1" 304 -
120.253.135.82 - - [27/Apr/2023:05:48:35 +0800] "GET /xingrg/javascript/easyui/easyloader.js HTTP/1.1" 304 -
120.253.135.82 - - [27/Apr/2023:05:48:35 +0800] "GET /xingrg/javascript/jquery.cookie.js HTTP/1.1" 304 -
120.253.135.82 - - [27/Apr/2023:05:48:35 +0800] "POST /xingrg/kc/pszx/jzcl_ps_operate.html HTTP/1.1" 200 7064
120.253.135.82 - - [27/Apr/2023:05:48:35 +0800] "GET /xingrg/javascript/easyui/plugins/jquery.parser.js HTTP/1.1" 304 -
120.253.135.82 - - [27/Apr/2023:05:48:35 +0800] "POST /xingrg/kc/pszx/mdps_list_operate.html HTTP/1.1" 200 5214
120.253.135.82 - - [27/Apr/2023:05:48:37 +0800] "GET /xingrg/kc/pszx/jzcl_ps.html HTTP/1.1" 200 7683
120.253.135.82 - - [27/Apr/2023:05:48:38 +0800] "POST /xingrg/all/common/load_tree.html?tree=area_rest_tree_json HTTP/1.1" 200 3499
120.253.135.82 - - [27/Apr/2023:05:48:38 +0800] "POST /xingrg/kc/pszx/jzcl_ps_operate.html HTTP/1.1" 200 7064
120.253.135.82 - - [27/Apr/2023:05:48:38 +0800] "POST /xingrg/kc/pszx/jzcl_ps_operate.html HTTP/1.1" 200 7064
116.224.106.218 - - [27/Apr/2023:05:48:39 +0800] "GET /xingrg/all/function/internal_message.html?_=1682545718281&CODE_STATE=getMsg HTTP/1.1" 200 27
120.253.135.82 - - [27/Apr/2023:05:48:43 +0800] "GET /xingrg/all/function/internal_message.html?_=1682545562440&CODE_STATE=getMsg HTTP/1.1" 200 27
120.253.135.82 - - [27/Apr/2023:05:48:46 +0800] "POST /xingrg/kc/pszx/jzcl_ps_operate.html HTTP/1.1" 200 4
120.253.135.82 - - [27/Apr/2023:05:48:49 +0800] "GET /xingrg/kc/pszx/mdps_order_list.html HTTP/1.1" 200 21032
120.253.135.82 - - [27/Apr/2023:05:48:49 +0800] "POST /xingrg/kc/pszx/jzcl_ps_operate.html HTTP/1.1" 200 6672
120.253.135.82 - - [27/Apr/2023:05:48:49 +0800] "POST /xingrg/kc/pszx/mdps_list_operate.html HTTP/1.1" 200 5214
180.169.147.146 - - [27/Apr/2023:05:48:51 +0800] "GET /xingrg/all/function/internal_message.html?_=1682545731290&CODE_STATE=getMsg HTTP/1.1" 302 -
120.253.135.82 - - [27/Apr/2023:05:48:55 +0800] "GET /xingrg/kc/pszx/mdqp_order_list.html?state=10 HTTP/1.1" 200 16511
120.253.135.82 - - [27/Apr/2023:05:48:55 +0800] "GET /xingrg/dwr/interface/AjaxQqpsService.js HTTP/1.1" 200 16326
120.253.135.82 - - [27/Apr/2023:05:48:55 +0800] "GET /xingrg/dwr/interface/AjaxReportQueryService.js HTTP/1.1" 200 13203
120.253.135.82 - - [27/Apr/2023:05:48:55 +0800] "GET /xingrg/dwr/engine.js HTTP/1.1" 200 43631
172.20.0.100 - - [27/Apr/2023:05:49:04 +0800] "GET /xingrg/all/function/internal_message.html?_=1682545753326&CODE_STATE=getMsg HTTP/1.1" 200 27
120.253.135.82 - - [27/Apr/2023:05:49:11 +0800] "GET /xingrg/kc/pszx/mdps_order_list.html?orderType=0 HTTP/1.1" 200 21032
120.253.135.82 - - [27/Apr/2023:05:49:12 +0800] "POST /xingrg/kc/pszx/mdps_list_operate.html HTTP/1.1" 200 5214
120.253.135.82 - - [27/Apr/2023:05:49:15 +0800] "GET /xingrg/javascript/auto/indicator.gif HTTP/1.1" 404 1066
116.230.117.27 - - [27/Apr/2023:05:49:23 +0800] "GET /xingrg/all/function/internal_message.html?_=1682545776519&CODE_STATE=getMsg HTTP/1.1" 200 27
120.253.135.82 - - [27/Apr/2023:05:49:29 +0800] "POST /xingrg/kc/pszx/mdps_list_operate.html HTTP/1.1" 200 2435
180.171.122.0 - - [27/Apr/2023:05:49:30 +0800] "GET /xingrg/all/function/internal_message.html?_=1682545768242&CODE_STATE=getMsg HTTP/1.1" 200 27
120.253.135.82 - - [27/Apr/2023:05:49:30 +0800] "POST /xingrg/kc/pszx/mdps_list_operate.html HTTP/1.1" 200 290
120.253.135.82 - - [27/Apr/2023:05:49:31 +0800] "POST /xingrg/kc/pszx/mdps_list_operate.html HTTP/1.1" 200 611
120.253.135.82 - - [27/Apr/2023:05:49:32 +0800] "POST /xingrg/kc/pszx/mdps_list_operate.html HTTP/1.1" 200 606
116.224.106.218 - - [27/Apr/2023:05:49:39 +0800] "GET /xingrg/all/function/internal_message.html?_=1682545778255&CODE_STATE=getMsg HTTP/1.1" 200 27
120.253.135.82 - - [27/Apr/2023:05:49:43 +0800] "GET /xingrg/all/function/internal_message.html?_=1682545622453&CODE_STATE=getMsg HTTP/1.1" 200 27
180.169.147.146 - - [27/Apr/2023:05:49:51 +0800] "GET /xingrg/all/function/internal_message.html?_=1682545791288&CODE_STATE=getMsg HTTP/1.1" 302 -
58.221.95.50 - - [27/Apr/2023:05:49:57 +0800] "GET /xingrg/check_reg.html?_=1682545798452 HTTP/1.1" 200 22
172.20.0.100 - - [27/Apr/2023:05:50:04 +0800] "GET /xingrg/all/function/internal_message.html?_=1682545813324&CODE_STATE=getMsg HTTP/1.1" 200 27
172.20.0.100 - - [27/Apr/2023:05:50:04 +0800] "GET /xingrg/check_reg.html?_=1682545813325 HTTP/1.1" 200 22
116.230.117.27 - - [27/Apr/2023:05:50:23 +0800] "GET /xingrg/all/function/internal_message.html?_=1682545836527&CODE_STATE=getMsg HTTP/1.1" 200 27
180.171.122.0 - - [27/Apr/2023:05:50:30 +0800] "GET /xingrg/all/function/internal_message.html?_=1682545828242&CODE_STATE=getMsg HTTP/1.1" 200 27
116.224.106.218 - - [27/Apr/2023:05:50:34 +0800] "GET /xingrg/check_reg.html?_=1682545832575 HTTP/1.1" 200 22
120.253.135.82 - - [27/Apr/2023:05:50:39 +0800] "POST /xingrg/kc/pszx/mdps_list_operate.html HTTP/1.1" 200 2796
116.224.106.218 - - [27/Apr/2023:05:50:39 +0800] "GET /xingrg/all/function/internal_message.html?_=1682545838223&CODE_STATE=getMsg HTTP/1.1" 200 27
120.253.135.82 - - [27/Apr/2023:05:50:41 +0800] "POST /xingrg/kc/pszx/mdps_list_operate.html HTTP/1.1" 200 633
120.253.135.82 - - [27/Apr/2023:05:50:43 +0800] "GET /xingrg/all/function/internal_message.html?_=1682545682462&CODE_STATE=getMsg HTTP/1.1" 200 27
180.169.147.146 - - [27/Apr/2023:05:50:51 +0800] "GET /xingrg/all/function/internal_message.html?_=1682545851291&CODE_STATE=getMsg HTTP/1.1" 302 -
172.20.0.100 - - [27/Apr/2023:05:51:04 +0800] "GET /xingrg/all/function/internal_message.html?_=1682545873324&CODE_STATE=getMsg HTTP/1.1" 200 27
116.230.117.27 - - [27/Apr/2023:05:51:23 +0800] "GET /xingrg/all/function/internal_message.html?_=1682545896801&CODE_STATE=getMsg HTTP/1.1" 200 27
180.171.122.0 - - [27/Apr/2023:05:51:24 +0800] "POST /xingrg/services/DataTransmitService HTTP/1.1" 200 524
120.253.135.82 - - [27/Apr/2023:05:51:26 +0800] "POST /xingrg/kc/pszx/mdps_list_operate.html HTTP/1.1" 200 3557
180.171.122.0 - - [27/Apr/2023:05:51:30 +0800] "GET /xingrg/all/function/internal_message.html?_=1682545888256&CODE_STATE=getMsg HTTP/1.1" 200 27
180.171.122.0 - - [27/Apr/2023:05:51:30 +0800] "GET /xingrg/check_reg.html?_=1682545888259 HTTP/1.1" 200 22
120.253.135.82 - - [27/Apr/2023:05:51:35 +0800] "POST /xingrg/kc/pszx/mdps_list_operate.html HTTP/1.1" 200 503
120.253.135.82 - - [27/Apr/2023:05:51:39 +0800] "POST /xingrg/kc/pszx/mdps_list_operate.html HTTP/1.1" 200 447
116.224.106.218 - - [27/Apr/2023:05:51:39 +0800] "GET /xingrg/all/function/internal_message.html?_=1682545898209&CODE_STATE=getMsg HTTP/1.1" 200 27
120.253.135.82 - - [27/Apr/2023:05:51:40 +0800] "GET /xingrg/kc/pszx/mdps_order_info.html?code=312023042700525 HTTP/1.1" 200 23978
120.253.135.82 - - [27/Apr/2023:05:51:40 +0800] "GET /xingrg/javascript/jquery_tools/order_manager.js HTTP/1.1" 304 -
120.253.135.82 - - [27/Apr/2023:05:51:40 +0800] "GET /xingrg/javascript/convert.js HTTP/1.1" 304 -
120.253.135.82 - - [27/Apr/2023:05:51:40 +0800] "GET /xingrg/javascript/json2.js HTTP/1.1" 304 -
120.253.135.82 - - [27/Apr/2023:05:51:40 +0800] "GET /xingrg/words/20230425123415_words.js HTTP/1.1" 304 -
120.253.135.82 - - [27/Apr/2023:05:51:41 +0800] "GET /xingrg/javascript/easyui/themes/default/validatebox.css HTTP/1.1" 404 1104
120.253.135.82 - - [27/Apr/2023:05:51:41 +0800] "GET /xingrg/javascript/easyui/plugins/jquery.validatebox.js HTTP/1.1" 304 -
120.253.135.82 - - [27/Apr/2023:05:51:41 +0800] "GET /xingrg/javascript/easyui/plugins/jquery.numberbox.js HTTP/1.1" 304 -
120.253.135.82 - - [27/Apr/2023:05:51:41 +0800] "GET /xingrg/all/common/auto_word.html?type=base&rest_code=00101 HTTP/1.1" 200 671
120.253.135.82 - - [27/Apr/2023:05:51:41 +0800] "POST /xingrg/kc/pszx/mdps_order_operate.html HTTP/1.1" 200 3778
120.253.135.82 - - [27/Apr/2023:05:51:43 +0800] "GET /xingrg/all/function/internal_message.html?_=1682545742476&CODE_STATE=getMsg HTTP/1.1" 200 27
120.253.135.82 - - [27/Apr/2023:05:51:45 +0800] "POST /xingrg/kc/pszx/mdps_order_operate.html HTTP/1.1" 200 37
120.253.135.82 - - [27/Apr/2023:05:51:46 +0800] "GET /xingrg/kc/pszx/mdps_order_info.html?code=312023042700525 HTTP/1.1" 200 23978
120.253.135.82 - - [27/Apr/2023:05:51:47 +0800] "GET /xingrg/javascript/easyui/themes/default/validatebox.css HTTP/1.1" 404 1104
120.253.135.82 - - [27/Apr/2023:05:51:47 +0800] "POST /xingrg/kc/pszx/mdps_order_operate.html HTTP/1.1" 200 3810
180.169.147.146 - - [27/Apr/2023:05:51:51 +0800] "GET /xingrg/all/function/internal_message.html?_=1682545911286&CODE_STATE=getMsg HTTP/1.1" 302 -
116.230.117.27 - - [27/Apr/2023:05:51:56 +0800] "GET /xingrg/check_reg.html?_=1682545929555 HTTP/1.1" 200 22
172.20.0.100 - - [27/Apr/2023:05:52:04 +0800] "GET /xingrg/all/function/internal_message.html?_=1682545933338&CODE_STATE=getMsg HTTP/1.1" 200 27
120.253.135.82 - - [27/Apr/2023:05:52:04 +0800] "POST /xingrg/kc/pszx/mdps_order_operate.html HTTP/1.1" 200 37
120.253.135.82 - - [27/Apr/2023:05:52:05 +0800] "GET /xingrg/kc/pszx/mdps_order_info.html?code=312023042700525 HTTP/1.1" 200 23978
120.253.135.82 - - [27/Apr/2023:05:52:06 +0800] "GET /xingrg/javascript/easyui/themes/default/validatebox.css HTTP/1.1" 404 1104
120.253.135.82 - - [27/Apr/2023:05:52:06 +0800] "POST /xingrg/kc/pszx/mdps_order_operate.html HTTP/1.1" 200 3297
120.253.135.82 - - [27/Apr/2023:05:52:09 +0800] "POST /xingrg/kc/pszx/mdps_order_operate.html HTTP/1.1" 200 37
120.253.135.82 - - [27/Apr/2023:05:52:10 +0800] "GET /xingrg/kc/pszx/mdps_order_info.html?code=312023042700525 HTTP/1.1" 200 23978
120.253.135.82 - - [27/Apr/2023:05:52:11 +0800] "GET /xingrg/javascript/easyui/themes/default/validatebox.css HTTP/1.1" 404 1104
120.253.135.82 - - [27/Apr/2023:05:52:11 +0800] "POST /xingrg/kc/pszx/mdps_order_operate.html HTTP/1.1" 200 3297
120.253.135.82 - - [27/Apr/2023:05:52:16 +0800] "GET /xingrg/kc/pszx/mdps_order_info.html?code=312023042700525 HTTP/1.1" 200 23978
120.253.135.82 - - [27/Apr/2023:05:52:17 +0800] "GET /xingrg/javascript/easyui/themes/default/validatebox.css HTTP/1.1" 404 1104
120.253.135.82 - - [27/Apr/2023:05:52:17 +0800] "POST /xingrg/kc/pszx/mdps_order_operate.html HTTP/1.1" 200 3297
120.253.135.82 - - [27/Apr/2023:05:52:19 +0800] "POST /xingrg/kc/pszx/mdps_list_operate.html HTTP/1.1" 200 3557
120.253.135.82 - - [27/Apr/2023:05:52:21 +0800] "POST /xingrg/kc/pszx/mdps_list_operate.html HTTP/1.1" 200 363
120.253.135.82 - - [27/Apr/2023:05:52:22 +0800] "GET /xingrg/kc/pszx/mdps_order_info.html?code=312023042700525 HTTP/1.1" 200 23978
120.253.135.82 - - [27/Apr/2023:05:52:23 +0800] "GET /xingrg/javascript/easyui/themes/default/validatebox.css HTTP/1.1" 404 1104
120.253.135.82 - - [27/Apr/2023:05:52:23 +0800] "POST /xingrg/kc/pszx/mdps_order_operate.html HTTP/1.1" 200 3297
116.230.117.27 - - [27/Apr/2023:05:52:23 +0800] "GET /xingrg/all/function/internal_message.html?_=1682545956802&CODE_STATE=getMsg HTTP/1.1" 200 27
120.253.135.82 - - [27/Apr/2023:05:52:25 +0800] "GET /xingrg/kc/print/load_config.html?kc_code=mdps HTTP/1.1" 200 2390
120.253.135.82 - - [27/Apr/2023:05:52:26 +0800] "GET /xingrg/kc/print/load_data.html?order_code=312023042700525&kc_code=mdps&condition= HTTP/1.1" 200 1163
180.171.122.0 - - [27/Apr/2023:05:52:30 +0800] "GET /xingrg/all/function/internal_message.html?_=1682545948243&CODE_STATE=getMsg HTTP/1.1" 200 27
116.224.106.218 - - [27/Apr/2023:05:52:39 +0800] "GET /xingrg/all/function/internal_message.html?_=1682545958197&CODE_STATE=getMsg HTTP/1.1" 200 27
120.253.135.82 - - [27/Apr/2023:05:52:43 +0800] "GET /xingrg/check_reg.html?_=1682545802426 HTTP/1.1" 200 22
120.253.135.82 - - [27/Apr/2023:05:52:43 +0800] "GET /xingrg/all/function/internal_message.html?_=1682545802489&CODE_STATE=getMsg HTTP/1.1" 200 27
180.169.147.146 - - [27/Apr/2023:05:52:51 +0800] "GET /xingrg/all/function/internal_message.html?_=1682545971303&CODE_STATE=getMsg HTTP/1.1" 302 -
180.169.147.146 - - [27/Apr/2023:05:52:51 +0800] "GET /xingrg/check_reg.html?_=1682545971301 HTTP/1.1" 302 -
172.20.0.100 - - [27/Apr/2023:05:53:04 +0800] "GET /xingrg/all/function/internal_message.html?_=1682545993337&CODE_STATE=getMsg HTTP/1.1" 200 27
116.230.117.27 - - [27/Apr/2023:05:53:23 +0800] "GET /xingrg/all/function/internal_message.html?_=1682546016816&CODE_STATE=getMsg HTTP/1.1" 200 27
180.171.122.0 - - [27/Apr/2023:05:53:30 +0800] "GET /xingrg/all/function/internal_message.html?_=1682546008243&CODE_STATE=getMsg HTTP/1.1" 200 27
116.224.106.218 - - [27/Apr/2023:05:53:39 +0800] "GET /xingrg/all/function/internal_message.html?_=1682546018183&CODE_STATE=getMsg HTTP/1.1" 200 27
120.253.135.82 - - [27/Apr/2023:05:53:43 +0800] "GET /xingrg/all/function/internal_message.html?_=1682545862504&CODE_STATE=getMsg HTTP/1.1" 200 27
180.169.147.146 - - [27/Apr/2023:05:53:51 +0800] "GET /xingrg/all/function/internal_message.html?_=1682546031298&CODE_STATE=getMsg HTTP/1.1" 302 -
120.253.135.82 - - [27/Apr/2023:05:54:03 +0800] "POST /xingrg/kc/pszx/mdps_list_operate.html HTTP/1.1" 200 3557
172.20.0.100 - - [27/Apr/2023:05:54:04 +0800] "GET /xingrg/all/function/internal_message.html?_=1682546053335&CODE_STATE=getMsg HTTP/1.1" 200 27
116.230.117.27 - - [27/Apr/2023:05:54:24 +0800] "GET /xingrg/all/function/internal_message.html?_=1682546077062&CODE_STATE=getMsg HTTP/1.1" 200 27
180.171.122.0 - - [27/Apr/2023:05:54:30 +0800] "GET /xingrg/all/function/internal_message.html?_=1682546068243&CODE_STATE=getMsg HTTP/1.1" 200 27
120.253.135.82 - - [27/Apr/2023:05:54:35 +0800] "POST /xingrg/kc/pszx/mdps_list_operate.html HTTP/1.1" 200 3135
120.253.135.82 - - [27/Apr/2023:05:54:36 +0800] "POST /xingrg/kc/pszx/mdps_list_operate.html HTTP/1.1" 200 208
120.253.135.82 - - [27/Apr/2023:05:54:38 +0800] "POST /xingrg/kc/pszx/mdps_list_operate.html HTTP/1.1" 200 202
116.224.106.218 - - [27/Apr/2023:05:54:39 +0800] "GET /xingrg/all/function/internal_message.html?_=1682546078167&CODE_STATE=getMsg HTTP/1.1" 200 27
120.253.135.82 - - [27/Apr/2023:05:54:43 +0800] "GET /xingrg/all/function/internal_message.html?_=1682545922516&CODE_STATE=getMsg HTTP/1.1" 200 27
180.169.147.146 - - [27/Apr/2023:05:54:51 +0800] "GET /xingrg/all/function/internal_message.html?_=1682546091301&CODE_STATE=getMsg HTTP/1.1" 302 -
58.221.95.50 - - [27/Apr/2023:05:54:57 +0800] "GET /xingrg/check_reg.html?_=1682546098427 HTTP/1.1" 200 22
172.20.0.100 - - [27/Apr/2023:05:55:04 +0800] "GET /xingrg/check_reg.html?_=1682546113334 HTTP/1.1" 200 22
172.20.0.100 - - [27/Apr/2023:05:55:04 +0800] "GET /xingrg/all/function/internal_message.html?_=1682546113335&CODE_STATE=getMsg HTTP/1.1" 200 27
120.253.135.82 - - [27/Apr/2023:05:55:09 +0800] "POST /xingrg/kc/pszx/mdps_list_operate.html HTTP/1.1" 200 3498
120.253.135.82 - - [27/Apr/2023:05:55:11 +0800] "POST /xingrg/kc/pszx/mdps_list_operate.html HTTP/1.1" 200 596
120.253.135.82 - - [27/Apr/2023:05:55:13 +0800] "POST /xingrg/kc/pszx/mdps_list_operate.html HTTP/1.1" 200 640
116.230.117.27 - - [27/Apr/2023:05:55:24 +0800] "GET /xingrg/all/function/internal_message.html?_=1682546137077&CODE_STATE=getMsg HTTP/1.1" 200 27
180.171.122.0 - - [27/Apr/2023:05:55:30 +0800] "GET /xingrg/all/function/internal_message.html?_=1682546128245&CODE_STATE=getMsg HTTP/1.1" 200 27
116.224.106.218 - - [27/Apr/2023:05:55:34 +0800] "GET /xingrg/check_reg.html?_=1682546132566 HTTP/1.1" 200 22
116.224.106.218 - - [27/Apr/2023:05:55:39 +0800] "GET /xingrg/all/function/internal_message.html?_=1682546138140&CODE_STATE=getMsg HTTP/1.1" 200 27
120.253.135.82 - - [27/Apr/2023:05:55:43 +0800] "GET /xingrg/all/function/internal_message.html?_=1682545982553&CODE_STATE=getMsg HTTP/1.1" 200 27
180.169.147.146 - - [27/Apr/2023:05:55:51 +0800] "GET /xingrg/all/function/internal_message.html?_=1682546151294&CODE_STATE=getMsg HTTP/1.1" 302 -
172.20.0.100 - - [27/Apr/2023:05:56:04 +0800] "GET /xingrg/all/function/internal_message.html?_=1682546173333&CODE_STATE=getMsg HTTP/1.1" 200 27
116.230.117.27 - - [27/Apr/2023:05:56:24 +0800] "GET /xingrg/all/function/internal_message.html?_=1682546197323&CODE_STATE=getMsg HTTP/1.1" 200 27
180.171.122.0 - - [27/Apr/2023:05:56:30 +0800] "GET /xingrg/all/function/internal_message.html?_=1682546188245&CODE_STATE=getMsg HTTP/1.1" 200 27
180.171.122.0 - - [27/Apr/2023:05:56:30 +0800] "GET /xingrg/check_reg.html?_=1682546188252 HTTP/1.1" 200 22
116.224.106.218 - - [27/Apr/2023:05:56:39 +0800] "GET /xingrg/all/function/internal_message.html?_=1682546198124&CODE_STATE=getMsg HTTP/1.1" 200 27
120.253.135.82 - - [27/Apr/2023:05:56:43 +0800] "GET /xingrg/all/function/internal_message.html?_=1682546042559&CODE_STATE=getMsg HTTP/1.1" 200 27
180.169.147.146 - - [27/Apr/2023:05:56:51 +0800] "GET /xingrg/all/function/internal_message.html?_=1682546211296&CODE_STATE=getMsg HTTP/1.1" 302 -
116.230.117.27 - - [27/Apr/2023:05:56:56 +0800] "GET /xingrg/check_reg.html?_=1682546229555 HTTP/1.1" 200 22
172.20.0.100 - - [27/Apr/2023:05:57:04 +0800] "GET /xingrg/all/function/internal_message.html?_=1682546233331&CODE_STATE=getMsg HTTP/1.1" 200 27
120.253.135.82 - - [27/Apr/2023:05:57:15 +0800] "POST /xingrg/kc/pszx/mdps_list_operate.html HTTP/1.1" 200 1688
120.253.135.82 - - [27/Apr/2023:05:57:16 +0800] "POST /xingrg/kc/pszx/mdps_list_operate.html HTTP/1.1" 200 201
120.253.135.82 - - [27/Apr/2023:05:57:17 +0800] "GET /xingrg/kc/pszx/mdps_order_info.html?code=312023042700526 HTTP/1.1" 200 23978
120.253.135.82 - - [27/Apr/2023:05:57:18 +0800] "GET /xingrg/javascript/easyui/themes/default/validatebox.css HTTP/1.1" 404 1104
120.253.135.82 - - [27/Apr/2023:05:57:18 +0800] "POST /xingrg/kc/pszx/mdps_order_operate.html HTTP/1.1" 200 2269
120.253.135.82 - - [27/Apr/2023:05:57:21 +0800] "POST /xingrg/kc/pszx/mdps_order_operate.html HTTP/1.1" 200 37
120.253.135.82 - - [27/Apr/2023:05:57:22 +0800] "GET /xingrg/kc/pszx/mdps_order_info.html?code=312023042700526 HTTP/1.1" 200 23978
120.253.135.82 - - [27/Apr/2023:05:57:23 +0800] "GET /xingrg/javascript/easyui/themes/default/validatebox.css HTTP/1.1" 404 1104
120.253.135.82 - - [27/Apr/2023:05:57:23 +0800] "POST /xingrg/kc/pszx/mdps_order_operate.html HTTP/1.1" 200 2278
116.230.117.27 - - [27/Apr/2023:05:57:24 +0800] "GET /xingrg/all/function/internal_message.html?_=1682546257338&CODE_STATE=getMsg HTTP/1.1" 200 27
180.171.122.0 - - [27/Apr/2023:05:57:30 +0800] "GET /xingrg/all/function/internal_message.html?_=1682546248251&CODE_STATE=getMsg HTTP/1.1" 200 27
116.224.106.218 - - [27/Apr/2023:05:57:39 +0800] "GET /xingrg/all/function/internal_message.html?_=1682546258111&CODE_STATE=getMsg HTTP/1.1" 200 27
120.253.135.82 - - [27/Apr/2023:05:57:43 +0800] "GET /xingrg/check_reg.html?_=1682546102447 HTTP/1.1" 200 22
120.253.135.82 - - [27/Apr/2023:05:57:43 +0800] "GET /xingrg/all/function/internal_message.html?_=1682546102573&CODE_STATE=getMsg HTTP/1.1" 200 27
120.253.135.82 - - [27/Apr/2023:05:57:49 +0800] "POST /xingrg/kc/pszx/mdps_list_operate.html HTTP/1.1" 200 1688
180.169.147.146 - - [27/Apr/2023:05:57:51 +0800] "GET /xingrg/all/function/internal_message.html?_=1682546271298&CODE_STATE=getMsg HTTP/1.1" 302 -
180.169.147.146 - - [27/Apr/2023:05:57:51 +0800] "GET /xingrg/check_reg.html?_=1682546271300 HTTP/1.1" 302 -
120.253.135.82 - - [27/Apr/2023:05:57:52 +0800] "GET /xingrg/kc/pszx/mdqp_order_list.html?state=10 HTTP/1.1" 200 16511
120.253.135.82 - - [27/Apr/2023:05:57:52 +0800] "GET /xingrg/dwr/interface/AjaxQqpsService.js HTTP/1.1" 200 16326
120.253.135.82 - - [27/Apr/2023:05:57:52 +0800] "GET /xingrg/dwr/interface/AjaxReportQueryService.js HTTP/1.1" 200 13203
120.253.135.82 - - [27/Apr/2023:05:57:52 +0800] "GET /xingrg/dwr/engine.js HTTP/1.1" 200 43631
120.253.135.82 - - [27/Apr/2023:05:57:58 +0800] "GET /xingrg/kc/pszx/mdqp_order_info.html?code=302023042600470 HTTP/1.1" 200 13350
120.253.135.82 - - [27/Apr/2023:05:57:58 +0800] "GET /xingrg/dwr/interface/AjaxQqpsService.js HTTP/1.1" 200 16326
120.253.135.82 - - [27/Apr/2023:05:57:58 +0800] "GET /xingrg/dwr/interface/AjaxComOrderService.js HTTP/1.1" 200 18264
120.253.135.82 - - [27/Apr/2023:05:57:58 +0800] "GET /xingrg/dwr/engine.js HTTP/1.1" 200 43631
120.253.135.82 - - [27/Apr/2023:05:57:59 +0800] "POST /xingrg/dwr/call/plaincall/AjaxQqpsService.loadMaterielItems.dwr HTTP/1.1" 200 2096
172.20.0.100 - - [27/Apr/2023:05:58:04 +0800] "GET /xingrg/all/function/internal_message.html?_=1682546293330&CODE_STATE=getMsg HTTP/1.1" 200 27
120.253.135.82 - - [27/Apr/2023:05:58:10 +0800] "GET /xingrg/kc/pszx/mdqp_order_list.html?isBack=1 HTTP/1.1" 302 -
120.253.135.82 - - [27/Apr/2023:05:58:10 +0800] "GET /xingrg/kc/pszx/mdqp_order_list.html?state=10 HTTP/1.1" 200 16511
120.253.135.82 - - [27/Apr/2023:05:58:10 +0800] "GET /xingrg/dwr/interface/AjaxQqpsService.js HTTP/1.1" 200 16326
120.253.135.82 - - [27/Apr/2023:05:58:10 +0800] "GET /xingrg/dwr/engine.js HTTP/1.1" 200 43631
120.253.135.82 - - [27/Apr/2023:05:58:10 +0800] "GET /xingrg/dwr/interface/AjaxReportQueryService.js HTTP/1.1" 200 13203
120.253.135.82 - - [27/Apr/2023:05:58:12 +0800] "GET /xingrg/kc/pszx/mdqp_order_info.html?code=302023042600471 HTTP/1.1" 200 13350
120.253.135.82 - - [27/Apr/2023:05:58:12 +0800] "GET /xingrg/dwr/interface/AjaxComOrderService.js HTTP/1.1" 200 18264
120.253.135.82 - - [27/Apr/2023:05:58:12 +0800] "GET /xingrg/dwr/engine.js HTTP/1.1" 200 43631
120.253.135.82 - - [27/Apr/2023:05:58:12 +0800] "GET /xingrg/dwr/interface/AjaxQqpsService.js HTTP/1.1" 200 16326
120.253.135.82 - - [27/Apr/2023:05:58:13 +0800] "POST /xingrg/dwr/call/plaincall/AjaxQqpsService.loadMaterielItems.dwr HTTP/1.1" 200 662
120.253.135.82 - - [27/Apr/2023:05:58:18 +0800] "GET /xingrg/kc/pszx/mdqp_order_list.html?isBack=1 HTTP/1.1" 302 -
120.253.135.82 - - [27/Apr/2023:05:58:19 +0800] "GET /xingrg/kc/pszx/mdqp_order_list.html?state=10 HTTP/1.1" 200 16511
120.253.135.82 - - [27/Apr/2023:05:58:19 +0800] "GET /xingrg/dwr/interface/AjaxQqpsService.js HTTP/1.1" 200 16326
120.253.135.82 - - [27/Apr/2023:05:58:19 +0800] "GET /xingrg/dwr/interface/AjaxReportQueryService.js HTTP/1.1" 200 13203
120.253.135.82 - - [27/Apr/2023:05:58:19 +0800] "GET /xingrg/dwr/engine.js HTTP/1.1" 200 43631
120.253.135.82 - - [27/Apr/2023:05:58:21 +0800] "GET /xingrg/kc/pszx/mdqp_order_info.html?code=302023042600472 HTTP/1.1" 200 13350
120.253.135.82 - - [27/Apr/2023:05:58:21 +0800] "GET /xingrg/dwr/interface/AjaxComOrderService.js HTTP/1.1" 200 18264
120.253.135.82 - - [27/Apr/2023:05:58:21 +0800] "GET /xingrg/dwr/engine.js HTTP/1.1" 200 43631
120.253.135.82 - - [27/Apr/2023:05:58:21 +0800] "GET /xingrg/dwr/interface/AjaxQqpsService.js HTTP/1.1" 200 16326
120.253.135.82 - - [27/Apr/2023:05:58:21 +0800] "POST /xingrg/dwr/call/plaincall/AjaxQqpsService.loadMaterielItems.dwr HTTP/1.1" 200 1745
116.230.117.27 - - [27/Apr/2023:05:58:24 +0800] "GET /xingrg/all/function/internal_message.html?_=1682546317352&CODE_STATE=getMsg HTTP/1.1" 200 27
180.171.122.0 - - [27/Apr/2023:05:58:30 +0800] "GET /xingrg/all/function/internal_message.html?_=1682546308250&CODE_STATE=getMsg HTTP/1.1" 200 27
120.253.135.82 - - [27/Apr/2023:05:58:31 +0800] "GET /xingrg/kc/pszx/mdqp_order_list.html?isBack=1 HTTP/1.1" 302 -
120.253.135.82 - - [27/Apr/2023:05:58:31 +0800] "GET /xingrg/kc/pszx/mdqp_order_list.html?state=10 HTTP/1.1" 200 16511
120.253.135.82 - - [27/Apr/2023:05:58:32 +0800] "GET /xingrg/dwr/interface/AjaxReportQueryService.js HTTP/1.1" 200 13203
120.253.135.82 - - [27/Apr/2023:05:58:32 +0800] "GET /xingrg/dwr/engine.js HTTP/1.1" 200 43631
120.253.135.82 - - [27/Apr/2023:05:58:32 +0800] "GET /xingrg/dwr/interface/AjaxQqpsService.js HTTP/1.1" 200 16326
120.253.135.82 - - [27/Apr/2023:05:58:33 +0800] "GET /xingrg/kc/pszx/mdqp_order_info.html?code=302023042600473 HTTP/1.1" 200 13350
120.253.135.82 - - [27/Apr/2023:05:58:33 +0800] "GET /xingrg/dwr/interface/AjaxComOrderService.js HTTP/1.1" 200 18264
120.253.135.82 - - [27/Apr/2023:05:58:33 +0800] "GET /xingrg/dwr/engine.js HTTP/1.1" 200 43631
120.253.135.82 - - [27/Apr/2023:05:58:33 +0800] "GET /xingrg/dwr/interface/AjaxQqpsService.js HTTP/1.1" 200 16326
120.253.135.82 - - [27/Apr/2023:05:58:34 +0800] "POST /xingrg/dwr/call/plaincall/AjaxQqpsService.loadMaterielItems.dwr HTTP/1.1" 200 3086
116.224.106.218 - - [27/Apr/2023:05:58:39 +0800] "GET /xingrg/all/function/internal_message.html?_=1682546318094&CODE_STATE=getMsg HTTP/1.1" 200 27
120.253.135.82 - - [27/Apr/2023:05:58:42 +0800] "GET /xingrg/kc/pszx/mdqp_order_list.html?isBack=1 HTTP/1.1" 302 -
120.253.135.82 - - [27/Apr/2023:05:58:42 +0800] "GET /xingrg/kc/pszx/mdqp_order_list.html?state=10 HTTP/1.1" 200 16511
120.253.135.82 - - [27/Apr/2023:05:58:42 +0800] "GET /xingrg/dwr/interface/AjaxQqpsService.js HTTP/1.1" 200 16326
120.253.135.82 - - [27/Apr/2023:05:58:42 +0800] "GET /xingrg/dwr/engine.js HTTP/1.1" 200 43631
120.253.135.82 - - [27/Apr/2023:05:58:42 +0800] "GET /xingrg/dwr/interface/AjaxReportQueryService.js HTTP/1.1" 200 13203
120.253.135.82 - - [27/Apr/2023:05:58:43 +0800] "GET /xingrg/all/function/internal_message.html?_=1682546162586&CODE_STATE=getMsg HTTP/1.1" 200 27
120.253.135.82 - - [27/Apr/2023:05:58:45 +0800] "GET /xingrg/kc/pszx/mdqp_order_info.html?code=302023042600469 HTTP/1.1" 200 13350
120.253.135.82 - - [27/Apr/2023:05:58:45 +0800] "GET /xingrg/dwr/interface/AjaxComOrderService.js HTTP/1.1" 200 18264
120.253.135.82 - - [27/Apr/2023:05:58:45 +0800] "GET /xingrg/dwr/engine.js HTTP/1.1" 200 43631
120.253.135.82 - - [27/Apr/2023:05:58:45 +0800] "GET /xingrg/dwr/interface/AjaxQqpsService.js HTTP/1.1" 200 16326
120.253.135.82 - - [27/Apr/2023:05:58:45 +0800] "POST /xingrg/dwr/call/plaincall/AjaxQqpsService.loadMaterielItems.dwr HTTP/1.1" 200 616
120.253.135.82 - - [27/Apr/2023:05:58:50 +0800] "GET /xingrg/kc/pszx/mdqp_order_list.html?isBack=1 HTTP/1.1" 302 -
120.253.135.82 - - [27/Apr/2023:05:58:50 +0800] "GET /xingrg/images/yd/bt.gif HTTP/1.1" 404 1040
120.253.135.82 - - [27/Apr/2023:05:58:50 +0800] "GET /xingrg/images/yd/bt2.gif HTTP/1.1" 404 1042
120.253.135.82 - - [27/Apr/2023:05:58:51 +0800] "GET /xingrg/kc/pszx/mdqp_order_list.html?state=10 HTTP/1.1" 200 16511
120.253.135.82 - - [27/Apr/2023:05:58:51 +0800] "GET /xingrg/dwr/interface/AjaxQqpsService.js HTTP/1.1" 200 16326
120.253.135.82 - - [27/Apr/2023:05:58:51 +0800] "GET /xingrg/dwr/interface/AjaxReportQueryService.js HTTP/1.1" 200 13203
120.253.135.82 - - [27/Apr/2023:05:58:51 +0800] "GET /xingrg/dwr/engine.js HTTP/1.1" 200 43631
180.169.147.146 - - [27/Apr/2023:05:58:51 +0800] "GET /xingrg/all/function/internal_message.html?_=1682546331302&CODE_STATE=getMsg HTTP/1.1" 302 -
120.253.135.82 - - [27/Apr/2023:05:58:55 +0800] "GET /xingrg/kc/pszx/jzcl_ps.html HTTP/1.1" 200 7683
120.253.135.82 - - [27/Apr/2023:05:58:56 +0800] "POST /xingrg/all/common/load_tree.html?tree=area_rest_tree_json HTTP/1.1" 200 3499
120.253.135.82 - - [27/Apr/2023:05:58:56 +0800] "POST /xingrg/kc/pszx/jzcl_ps_operate.html HTTP/1.1" 200 6672
120.253.135.82 - - [27/Apr/2023:05:58:56 +0800] "POST /xingrg/kc/pszx/jzcl_ps_operate.html HTTP/1.1" 200 6672
172.20.0.100 - - [27/Apr/2023:05:59:04 +0800] "GET /xingrg/all/function/internal_message.html?_=1682546353328&CODE_STATE=getMsg HTTP/1.1" 200 27
120.253.135.82 - - [27/Apr/2023:05:59:05 +0800] "POST /xingrg/kc/pszx/jzcl_ps_operate.html HTTP/1.1" 200 4
120.253.135.82 - - [27/Apr/2023:05:59:24 +0800] "GET /xingrg/kc/pszx/mdps_order_list.html HTTP/1.1" 200 21032
116.230.117.27 - - [27/Apr/2023:05:59:24 +0800] "GET /xingrg/all/function/internal_message.html?_=1682546377596&CODE_STATE=getMsg HTTP/1.1" 200 27
120.253.135.82 - - [27/Apr/2023:05:59:24 +0800] "POST /xingrg/kc/pszx/jzcl_ps_operate.html HTTP/1.1" 200 6279
120.253.135.82 - - [27/Apr/2023:05:59:24 +0800] "POST /xingrg/kc/pszx/mdps_list_operate.html HTTP/1.1" 200 5223
180.171.122.0 - - [27/Apr/2023:05:59:30 +0800] "GET /xingrg/all/function/internal_message.html?_=1682546368249&CODE_STATE=getMsg HTTP/1.1" 200 27
116.224.106.218 - - [27/Apr/2023:05:59:39 +0800] "GET /xingrg/all/function/internal_message.html?_=1682546378080&CODE_STATE=getMsg HTTP/1.1" 200 27
120.253.135.82 - - [27/Apr/2023:05:59:43 +0800] "GET /xingrg/all/function/internal_message.html?_=1682546222600&CODE_STATE=getMsg HTTP/1.1" 200 27
120.253.135.82 - - [27/Apr/2023:05:59:44 +0800] "GET /xingrg/kc/pszx/mdqp_order_list.html?state=10 HTTP/1.1" 200 16369
120.253.135.82 - - [27/Apr/2023:05:59:44 +0800] "GET /xingrg/dwr/interface/AjaxQqpsService.js HTTP/1.1" 200 16326
120.253.135.82 - - [27/Apr/2023:05:59:44 +0800] "GET /xingrg/dwr/interface/AjaxReportQueryService.js HTTP/1.1" 200 13203
120.253.135.82 - - [27/Apr/2023:05:59:44 +0800] "GET /xingrg/dwr/engine.js HTTP/1.1" 200 43631
180.169.147.146 - - [27/Apr/2023:05:59:51 +0800] "GET /xingrg/all/function/internal_message.html?_=1682546391289&CODE_STATE=getMsg HTTP/1.1" 302 -
120.253.135.82 - - [27/Apr/2023:05:59:51 +0800] "GET /xingrg/kc/pszx/mdps_order_list.html?orderType=0 HTTP/1.1" 200 21032
120.253.135.82 - - [27/Apr/2023:05:59:51 +0800] "POST /xingrg/kc/pszx/mdps_list_operate.html HTTP/1.1" 200 5223
58.221.95.50 - - [27/Apr/2023:05:59:57 +0800] "GET /xingrg/check_reg.html?_=1682546398407 HTTP/1.1" 200 22
120.253.135.82 - - [27/Apr/2023:06:00:01 +0800] "POST /xingrg/kc/pszx/mdps_list_operate.html HTTP/1.1" 200 3928
120.253.135.82 - - [27/Apr/2023:06:00:04 +0800] "POST /xingrg/kc/pszx/mdps_list_operate.html HTTP/1.1" 200 209
120.253.135.82 - - [27/Apr/2023:06:00:11 +0800] "POST /xingrg/kc/pszx/mdps_list_operate.html HTTP/1.1" 200 363
120.253.135.82 - - [27/Apr/2023:06:00:15 +0800] "POST /xingrg/kc/pszx/mdps_list_operate.html HTTP/1.1" 200 278
120.253.135.82 - - [27/Apr/2023:06:00:22 +0800] "POST /xingrg/kc/pszx/mdps_list_operate.html HTTP/1.1" 200 593
116.230.117.27 - - [27/Apr/2023:06:00:24 +0800] "GET /xingrg/all/function/internal_message.html?_=1682546437597&CODE_STATE=getMsg HTTP/1.1" 200 27
120.253.135.82 - - [27/Apr/2023:06:00:24 +0800] "GET /xingrg/kc/pszx/mdps_order_info.html?code=312023042600514 HTTP/1.1" 200 23978
120.253.135.82 - - [27/Apr/2023:06:00:25 +0800] "GET /xingrg/javascript/easyui/themes/default/validatebox.css HTTP/1.1" 404 1104
120.253.135.82 - - [27/Apr/2023:06:00:25 +0800] "POST /xingrg/kc/pszx/mdps_order_operate.html HTTP/1.1" 200 7742
180.171.122.0 - - [27/Apr/2023:06:00:30 +0800] "GET /xingrg/all/function/internal_message.html?_=1682546428249&CODE_STATE=getMsg HTTP/1.1" 200 27
116.224.106.218 - - [27/Apr/2023:06:00:34 +0800] "GET /xingrg/check_reg.html?_=1682546432558 HTTP/1.1" 200 22
116.224.106.218 - - [27/Apr/2023:06:00:39 +0800] "GET /xingrg/all/function/internal_message.html?_=1682546438069&CODE_STATE=getMsg HTTP/1.1" 200 27
120.253.135.82 - - [27/Apr/2023:06:00:40 +0800] "GET /xingrg/kc/pszx/mdps_order_info.html?code=312023042700527 HTTP/1.1" 200 23978
120.253.135.82 - - [27/Apr/2023:06:00:40 +0800] "GET /xingrg/javascript/easyui/themes/default/validatebox.css HTTP/1.1" 404 1104
120.253.135.82 - - [27/Apr/2023:06:00:41 +0800] "POST /xingrg/kc/pszx/mdps_order_operate.html HTTP/1.1" 200 2757
120.253.135.82 - - [27/Apr/2023:06:00:43 +0800] "GET /xingrg/all/function/internal_message.html?_=1682546282613&CODE_STATE=getMsg HTTP/1.1" 200 27
120.253.135.82 - - [27/Apr/2023:06:00:50 +0800] "POST /xingrg/kc/pszx/mdps_list_operate.html HTTP/1.1" 200 3928
180.169.147.146 - - [27/Apr/2023:06:00:51 +0800] "GET /xingrg/all/function/internal_message.html?_=1682546451282&CODE_STATE=getMsg HTTP/1.1" 302 -
120.253.135.82 - - [27/Apr/2023:06:00:51 +0800] "POST /xingrg/kc/pszx/mdps_list_operate.html HTTP/1.1" 200 593
120.253.135.82 - - [27/Apr/2023:06:00:59 +0800] "GET /xingrg/kc/pszx/mdps_order_info.html?code=312023042600514 HTTP/1.1" 200 23978
120.253.135.82 - - [27/Apr/2023:06:00:59 +0800] "GET /xingrg/javascript/easyui/themes/default/validatebox.css HTTP/1.1" 404 1104
120.253.135.82 - - [27/Apr/2023:06:00:59 +0800] "POST /xingrg/kc/pszx/mdps_order_operate.html HTTP/1.1" 200 7742
120.253.135.82 - - [27/Apr/2023:06:01:04 +0800] "POST /xingrg/kc/pszx/mdps_list_operate.html HTTP/1.1" 200 3928
120.253.135.82 - - [27/Apr/2023:06:01:05 +0800] "POST /xingrg/kc/pszx/mdps_list_operate.html HTTP/1.1" 200 278
120.253.135.82 - - [27/Apr/2023:06:01:06 +0800] "GET /xingrg/kc/pszx/mdps_order_info.html?code=312023042700527 HTTP/1.1" 200 23978
120.253.135.82 - - [27/Apr/2023:06:01:07 +0800] "GET /xingrg/javascript/easyui/themes/default/validatebox.css HTTP/1.1" 404 1104
120.253.135.82 - - [27/Apr/2023:06:01:07 +0800] "POST /xingrg/kc/pszx/mdps_order_operate.html HTTP/1.1" 200 2757
120.253.135.82 - - [27/Apr/2023:06:01:11 +0800] "POST /xingrg/kc/pszx/mdps_list_operate.html HTTP/1.1" 200 3928
120.253.135.82 - - [27/Apr/2023:06:01:13 +0800] "POST /xingrg/kc/pszx/mdps_list_operate.html HTTP/1.1" 200 593
120.253.135.82 - - [27/Apr/2023:06:01:14 +0800] "GET /xingrg/kc/pszx/mdps_order_info.html?code=312023042600514 HTTP/1.1" 200 23978
120.253.135.82 - - [27/Apr/2023:06:01:15 +0800] "GET /xingrg/javascript/easyui/themes/default/validatebox.css HTTP/1.1" 404 1104
120.253.135.82 - - [27/Apr/2023:06:01:15 +0800] "POST /xingrg/kc/pszx/mdps_order_operate.html HTTP/1.1" 200 7742
116.230.117.27 - - [27/Apr/2023:06:01:24 +0800] "GET /xingrg/all/function/internal_message.html?_=1682546497845&CODE_STATE=getMsg HTTP/1.1" 200 27
180.171.122.0 - - [27/Apr/2023:06:01:30 +0800] "GET /xingrg/all/function/internal_message.html?_=1682546488248&CODE_STATE=getMsg HTTP/1.1" 200 27
180.171.122.0 - - [27/Apr/2023:06:01:30 +0800] "GET /xingrg/check_reg.html?_=1682546488249 HTTP/1.1" 200 22
120.253.135.82 - - [27/Apr/2023:06:01:38 +0800] "GET /xingrg/kc/pszx/mdps_order_operate.html?command=get_materiel&pszx_code=00101&rest_code=00141&base_code=0010250&code=00102015006 HTTP/1.1" 200 439
116.224.106.218 - - [27/Apr/2023:06:01:39 +0800] "GET /xingrg/all/function/internal_message.html?_=1682546498053&CODE_STATE=getMsg HTTP/1.1" 200 27
120.253.135.82 - - [27/Apr/2023:06:01:44 +0800] "GET /xingrg/all/function/internal_message.html?_=1682546343734&CODE_STATE=getMsg HTTP/1.1" 200 27
120.253.135.82 - - [27/Apr/2023:06:01:45 +0800] "POST /xingrg/kc/pszx/mdps_order_operate.html HTTP/1.1" 200 37
120.253.135.82 - - [27/Apr/2023:06:01:47 +0800] "GET /xingrg/kc/pszx/mdps_order_info.html?code=312023042600514 HTTP/1.1" 200 23978
120.253.135.82 - - [27/Apr/2023:06:01:47 +0800] "GET /xingrg/javascript/easyui/themes/default/validatebox.css HTTP/1.1" 404 1104
120.253.135.82 - - [27/Apr/2023:06:01:48 +0800] "POST /xingrg/kc/pszx/mdps_order_operate.html HTTP/1.1" 200 8252
120.253.135.82 - - [27/Apr/2023:06:01:49 +0800] "POST /xingrg/kc/pszx/mdps_list_operate.html HTTP/1.1" 200 3928
120.253.135.82 - - [27/Apr/2023:06:01:50 +0800] "POST /xingrg/kc/pszx/mdps_list_operate.html HTTP/1.1" 200 278
180.169.147.146 - - [27/Apr/2023:06:01:51 +0800] "GET /xingrg/all/function/internal_message.html?_=1682546511292&CODE_STATE=getMsg HTTP/1.1" 302 -
120.253.135.82 - - [27/Apr/2023:06:01:52 +0800] "GET /xingrg/kc/pszx/mdps_order_info.html?code=312023042700527 HTTP/1.1" 200 23978
120.253.135.82 - - [27/Apr/2023:06:01:52 +0800] "GET /xingrg/javascript/easyui/themes/default/validatebox.css HTTP/1.1" 404 1104
120.253.135.82 - - [27/Apr/2023:06:01:52 +0800] "POST /xingrg/kc/pszx/mdps_order_operate.html HTTP/1.1" 200 2757
116.230.117.27 - - [27/Apr/2023:06:01:56 +0800] "GET /xingrg/check_reg.html?_=1682546529560 HTTP/1.1" 200 22
120.253.135.82 - - [27/Apr/2023:06:01:56 +0800] "POST /xingrg/kc/pszx/mdps_order_operate.html HTTP/1.1" 200 12
120.253.135.82 - - [27/Apr/2023:06:01:57 +0800] "POST /xingrg/kc/pszx/mdps_list_operate.html HTTP/1.1" 200 3557
120.253.135.82 - - [27/Apr/2023:06:01:58 +0800] "POST /xingrg/kc/pszx/mdps_list_operate.html HTTP/1.1" 200 593
120.253.135.82 - - [27/Apr/2023:06:02:02 +0800] "GET /xingrg/kc/pszx/mdps_order_info.html?code=312023042600514 HTTP/1.1" 200 23978
120.253.135.82 - - [27/Apr/2023:06:02:02 +0800] "GET /xingrg/javascript/easyui/themes/default/validatebox.css HTTP/1.1" 404 1104
120.253.135.82 - - [27/Apr/2023:06:02:03 +0800] "POST /xingrg/kc/pszx/mdps_order_operate.html HTTP/1.1" 200 8252
120.253.135.82 - - [27/Apr/2023:06:02:05 +0800] "POST /xingrg/kc/pszx/mdps_list_operate.html HTTP/1.1" 200 3557
120.253.135.82 - - [27/Apr/2023:06:02:07 +0800] "POST /xingrg/kc/pszx/mdps_list_operate.html HTTP/1.1" 200 593
120.253.135.82 - - [27/Apr/2023:06:02:08 +0800] "GET /xingrg/kc/pszx/mdps_order_info.html?code=312023042600514 HTTP/1.1" 200 23978
120.253.135.82 - - [27/Apr/2023:06:02:08 +0800] "GET /xingrg/javascript/easyui/themes/default/validatebox.css HTTP/1.1" 404 1104
120.253.135.82 - - [27/Apr/2023:06:02:08 +0800] "POST /xingrg/kc/pszx/mdps_order_operate.html HTTP/1.1" 200 8252
120.253.135.82 - - [27/Apr/2023:06:02:12 +0800] "GET /xingrg/kc/print/load_data.html?order_code=312023042600514&kc_code=mdps&condition= HTTP/1.1" 200 3385
116.230.117.27 - - [27/Apr/2023:06:02:24 +0800] "GET /xingrg/all/function/internal_message.html?_=1682546557858&CODE_STATE=getMsg HTTP/1.1" 200 27
120.253.135.82 - - [27/Apr/2023:06:02:25 +0800] "POST /xingrg/kc/pszx/mdps_list_operate.html HTTP/1.1" 200 3557
180.171.122.0 - - [27/Apr/2023:06:02:30 +0800] "GET /xingrg/all/function/internal_message.html?_=1682546548247&CODE_STATE=getMsg HTTP/1.1" 200 27
116.224.106.218 - - [27/Apr/2023:06:02:39 +0800] "GET /xingrg/all/function/internal_message.html?_=1682546558039&CODE_STATE=getMsg HTTP/1.1" 200 27
120.253.135.82 - - [27/Apr/2023:06:02:43 +0800] "GET /xingrg/check_reg.html?_=1682546402505 HTTP/1.1" 200 22
120.253.135.82 - - [27/Apr/2023:06:02:44 +0800] "GET /xingrg/all/function/internal_message.html?_=1682546403748&CODE_STATE=getMsg HTTP/1.1" 200 27
180.169.147.146 - - [27/Apr/2023:06:02:51 +0800] "GET /xingrg/check_reg.html?_=1682546571293 HTTP/1.1" 302 -
180.169.147.146 - - [27/Apr/2023:06:02:51 +0800] "GET /xingrg/all/function/internal_message.html?_=1682546571291&CODE_STATE=getMsg HTTP/1.1" 302 -
116.230.117.27 - - [27/Apr/2023:06:03:24 +0800] "GET /xingrg/all/function/internal_message.html?_=1682546617874&CODE_STATE=getMsg HTTP/1.1" 200 27
180.171.122.0 - - [27/Apr/2023:06:03:30 +0800] "GET /xingrg/all/function/internal_message.html?_=1682546608246&CODE_STATE=getMsg HTTP/1.1" 200 27
116.224.106.218 - - [27/Apr/2023:06:03:39 +0800] "GET /xingrg/all/function/internal_message.html?_=1682546618023&CODE_STATE=getMsg HTTP/1.1" 200 27
120.253.135.82 - - [27/Apr/2023:06:03:44 +0800] "GET /xingrg/all/function/internal_message.html?_=1682546463783&CODE_STATE=getMsg HTTP/1.1" 200 27
120.253.135.82 - - [27/Apr/2023:06:03:45 +0800] "GET /xingrg/kc/pszx/mdqp_order_list.html?state=10 HTTP/1.1" 200 16369
120.253.135.82 - - [27/Apr/2023:06:03:45 +0800] "GET /xingrg/dwr/interface/AjaxQqpsService.js HTTP/1.1" 200 16326
120.253.135.82 - - [27/Apr/2023:06:03:45 +0800] "GET /xingrg/dwr/interface/AjaxReportQueryService.js HTTP/1.1" 200 13203
120.253.135.82 - - [27/Apr/2023:06:03:45 +0800] "GET /xingrg/dwr/engine.js HTTP/1.1" 200 43631
180.169.147.146 - - [27/Apr/2023:06:03:51 +0800] "GET /xingrg/all/function/internal_message.html?_=1682546631284&CODE_STATE=getMsg HTTP/1.1" 302 -
116.230.117.27 - - [27/Apr/2023:06:04:25 +0800] "GET /xingrg/all/function/internal_message.html?_=1682546678130&CODE_STATE=getMsg HTTP/1.1" 200 27
180.171.122.0 - - [27/Apr/2023:06:04:30 +0800] "GET /xingrg/all/function/internal_message.html?_=1682546668273&CODE_STATE=getMsg HTTP/1.1" 200 27
116.224.106.218 - - [27/Apr/2023:06:04:39 +0800] "GET /xingrg/all/function/internal_message.html?_=1682546678007&CODE_STATE=getMsg HTTP/1.1" 200 27
120.253.135.82 - - [27/Apr/2023:06:04:44 +0800] "GET /xingrg/all/function/internal_message.html?_=1682546523846&CODE_STATE=getMsg HTTP/1.1" 200 27
180.169.147.146 - - [27/Apr/2023:06:04:51 +0800] "GET /xingrg/all/function/internal_message.html?_=1682546691289&CODE_STATE=getMsg HTTP/1.1" 302 -
58.221.95.50 - - [27/Apr/2023:06:04:57 +0800] "GET /xingrg/check_reg.html?_=1682546698389 HTTP/1.1" 200 22
116.230.117.27 - - [27/Apr/2023:06:05:25 +0800] "GET /xingrg/all/function/internal_message.html?_=1682546738133&CODE_STATE=getMsg HTTP/1.1" 200 27
180.171.122.0 - - [27/Apr/2023:06:05:30 +0800] "GET /xingrg/all/function/internal_message.html?_=1682546728272&CODE_STATE=getMsg HTTP/1.1" 200 27
116.224.106.218 - - [27/Apr/2023:06:05:34 +0800] "GET /xingrg/check_reg.html?_=1682546732545 HTTP/1.1" 200 22
116.224.106.218 - - [27/Apr/2023:06:05:39 +0800] "GET /xingrg/all/function/internal_message.html?_=1682546737997&CODE_STATE=getMsg HTTP/1.1" 200 27
120.253.135.82 - - [27/Apr/2023:06:05:44 +0800] "GET /xingrg/all/function/internal_message.html?_=1682546583851&CODE_STATE=getMsg HTTP/1.1" 200 27
180.169.147.146 - - [27/Apr/2023:06:05:51 +0800] "GET /xingrg/all/function/internal_message.html?_=1682546751285&CODE_STATE=getMsg HTTP/1.1" 302 -
116.230.117.27 - - [27/Apr/2023:06:06:25 +0800] "GET /xingrg/all/function/internal_message.html?_=1682546798391&CODE_STATE=getMsg HTTP/1.1" 200 27
120.253.135.82 - - [27/Apr/2023:06:06:27 +0800] "GET /xingrg/kc/pszx/jzcl_ps.html HTTP/1.1" 200 7683
120.253.135.82 - - [27/Apr/2023:06:06:27 +0800] "POST /xingrg/all/common/load_tree.html?tree=area_rest_tree_json HTTP/1.1" 200 3499
120.253.135.82 - - [27/Apr/2023:06:06:28 +0800] "POST /xingrg/kc/pszx/jzcl_ps_operate.html HTTP/1.1" 200 6279
120.253.135.82 - - [27/Apr/2023:06:06:28 +0800] "POST /xingrg/kc/pszx/jzcl_ps_operate.html HTTP/1.1" 200 6279
180.171.122.0 - - [27/Apr/2023:06:06:30 +0800] "GET /xingrg/all/function/internal_message.html?_=1682546788271&CODE_STATE=getMsg HTTP/1.1" 200 27
180.171.122.0 - - [27/Apr/2023:06:06:30 +0800] "GET /xingrg/check_reg.html?_=1682546788273 HTTP/1.1" 200 22
116.224.106.218 - - [27/Apr/2023:06:06:39 +0800] "GET /xingrg/all/function/internal_message.html?_=1682546797980&CODE_STATE=getMsg HTTP/1.1" 200 27
120.253.135.82 - - [27/Apr/2023:06:06:44 +0800] "GET /xingrg/all/function/internal_message.html?_=1682546643917&CODE_STATE=getMsg HTTP/1.1" 200 27
180.169.147.146 - - [27/Apr/2023:06:06:51 +0800] "GET /xingrg/all/function/internal_message.html?_=1682546811298&CODE_STATE=getMsg HTTP/1.1" 302 -
120.253.135.82 - - [27/Apr/2023:06:06:51 +0800] "POST /xingrg/kc/pszx/jzcl_ps_operate.html HTTP/1.1" 200 4
120.253.135.82 - - [27/Apr/2023:06:06:55 +0800] "GET /xingrg/kc/pszx/mdps_order_list.html HTTP/1.1" 200 21032
120.253.135.82 - - [27/Apr/2023:06:06:55 +0800] "POST /xingrg/kc/pszx/jzcl_ps_operate.html HTTP/1.1" 200 4506
120.253.135.82 - - [27/Apr/2023:06:06:55 +0800] "POST /xingrg/kc/pszx/mdps_list_operate.html HTTP/1.1" 200 5308
116.230.117.27 - - [27/Apr/2023:06:06:56 +0800] "GET /xingrg/check_reg.html?_=1682546829575 HTTP/1.1" 200 22
116.230.117.27 - - [27/Apr/2023:06:07:02 +0800] "POST /xingrg/services/DataTransmitService HTTP/1.1" 200 524
116.230.117.27 - - [27/Apr/2023:06:07:03 +0800] "POST /xingrg/services/DataTransmitService HTTP/1.1" 200 412
120.253.135.82 - - [27/Apr/2023:06:07:04 +0800] "POST /xingrg/kc/pszx/mdps_list_operate.html HTTP/1.1" 200 2807
120.253.135.82 - - [27/Apr/2023:06:07:06 +0800] "POST /xingrg/kc/pszx/mdps_list_operate.html HTTP/1.1" 200 624
120.253.135.82 - - [27/Apr/2023:06:07:07 +0800] "GET /xingrg/kc/pszx/mdps_order_info.html?code=312023042700528 HTTP/1.1" 200 23978
120.253.135.82 - - [27/Apr/2023:06:07:07 +0800] "GET /xingrg/javascript/easyui/themes/default/validatebox.css HTTP/1.1" 404 1104
120.253.135.82 - - [27/Apr/2023:06:07:07 +0800] "POST /xingrg/kc/pszx/mdps_order_operate.html HTTP/1.1" 200 6801
120.253.135.82 - - [27/Apr/2023:06:07:10 +0800] "POST /xingrg/kc/pszx/mdps_order_operate.html HTTP/1.1" 200 37
120.253.135.82 - - [27/Apr/2023:06:07:12 +0800] "GET /xingrg/kc/pszx/mdps_order_info.html?code=312023042700528 HTTP/1.1" 200 23978
120.253.135.82 - - [27/Apr/2023:06:07:12 +0800] "GET /xingrg/javascript/easyui/themes/default/validatebox.css HTTP/1.1" 404 1104
120.253.135.82 - - [27/Apr/2023:06:07:12 +0800] "POST /xingrg/kc/pszx/mdps_order_operate.html HTTP/1.1" 200 6880
120.253.135.82 - - [27/Apr/2023:06:07:21 +0800] "POST /xingrg/all/common/load_select.html HTTP/1.1" 200 25
120.253.135.82 - - [27/Apr/2023:06:07:23 +0800] "GET /xingrg/kc/pszx/mdps_order_operate.html?command=get_materiel_price&pszx_code=00101&rest_code=00104&base_code=0010246&code=00101019400&unit_code=00100111&order_time=2023-04-28 HTTP/1.1" 200 35
116.230.117.27 - - [27/Apr/2023:06:07:25 +0800] "GET /xingrg/all/function/internal_message.html?_=1682546858397&CODE_STATE=getMsg HTTP/1.1" 200 27
180.171.122.0 - - [27/Apr/2023:06:07:30 +0800] "GET /xingrg/all/function/internal_message.html?_=1682546848273&CODE_STATE=getMsg HTTP/1.1" 200 27
120.253.135.82 - - [27/Apr/2023:06:07:36 +0800] "POST /xingrg/all/common/load_select.html HTTP/1.1" 200 25
120.253.135.82 - - [27/Apr/2023:06:07:37 +0800] "GET /xingrg/kc/pszx/mdps_order_operate.html?command=get_materiel_price&pszx_code=00101&rest_code=00104&base_code=0010246&code=00101019184&unit_code=00100037&order_time=2023-04-28 HTTP/1.1" 200 35
116.224.106.218 - - [27/Apr/2023:06:07:39 +0800] "GET /xingrg/all/function/internal_message.html?_=1682546857964&CODE_STATE=getMsg HTTP/1.1" 200 27
120.253.135.82 - - [27/Apr/2023:06:07:43 +0800] "GET /xingrg/check_reg.html?_=1682546702512 HTTP/1.1" 200 22
120.253.135.82 - - [27/Apr/2023:06:07:44 +0800] "GET /xingrg/all/function/internal_message.html?_=1682546703925&CODE_STATE=getMsg HTTP/1.1" 200 27
180.169.147.146 - - [27/Apr/2023:06:07:51 +0800] "GET /xingrg/check_reg.html?_=1682546871299 HTTP/1.1" 302 -
180.169.147.146 - - [27/Apr/2023:06:07:51 +0800] "GET /xingrg/all/function/internal_message.html?_=1682546871301&CODE_STATE=getMsg HTTP/1.1" 302 -
120.253.135.82 - - [27/Apr/2023:06:07:54 +0800] "GET /xingrg/kc/pszx/mdps_order_operate.html?command=get_materiel&pszx_code=00101&rest_code=00104&base_code=0010246&code=00101019222 HTTP/1.1" 200 453
120.253.135.82 - - [27/Apr/2023:06:07:55 +0800] "POST /xingrg/all/common/load_select.html HTTP/1.1" 200 25
120.253.135.82 - - [27/Apr/2023:06:07:57 +0800] "GET /xingrg/kc/pszx/mdps_order_operate.html?command=get_materiel_price&pszx_code=00101&rest_code=00104&base_code=0010246&code=00101019222&unit_code=00100130&order_time=2023-04-28 HTTP/1.1" 200 34
120.253.135.82 - - [27/Apr/2023:06:08:06 +0800] "POST /xingrg/kc/pszx/mdps_order_operate.html HTTP/1.1" 200 37
120.253.135.82 - - [27/Apr/2023:06:08:07 +0800] "GET /xingrg/kc/pszx/mdps_order_info.html?code=312023042700528 HTTP/1.1" 200 23978
120.253.135.82 - - [27/Apr/2023:06:08:08 +0800] "GET /xingrg/javascript/easyui/themes/default/validatebox.css HTTP/1.1" 404 1104
120.253.135.82 - - [27/Apr/2023:06:08:08 +0800] "POST /xingrg/kc/pszx/mdps_order_operate.html HTTP/1.1" 200 6882
116.230.117.27 - - [27/Apr/2023:06:08:25 +0800] "GET /xingrg/all/function/internal_message.html?_=1682546918408&CODE_STATE=getMsg HTTP/1.1" 200 27
180.171.122.0 - - [27/Apr/2023:06:08:30 +0800] "GET /xingrg/all/function/internal_message.html?_=1682546908274&CODE_STATE=getMsg HTTP/1.1" 200 27
120.253.135.82 - - [27/Apr/2023:06:08:36 +0800] "POST /xingrg/kc/pszx/mdps_order_operate.html HTTP/1.1" 200 37
120.253.135.82 - - [27/Apr/2023:06:08:39 +0800] "GET /xingrg/kc/pszx/mdps_order_info.html?code=312023042700528 HTTP/1.1" 200 23978
116.224.106.218 - - [27/Apr/2023:06:08:39 +0800] "GET /xingrg/all/function/internal_message.html?_=1682546917951&CODE_STATE=getMsg HTTP/1.1" 200 27
120.253.135.82 - - [27/Apr/2023:06:08:39 +0800] "GET /xingrg/javascript/easyui/themes/default/validatebox.css HTTP/1.1" 404 1104
120.253.135.82 - - [27/Apr/2023:06:08:40 +0800] "POST /xingrg/kc/pszx/mdps_order_operate.html HTTP/1.1" 200 6882
120.253.135.82 - - [27/Apr/2023:06:08:43 +0800] "POST /xingrg/kc/pszx/mdps_list_operate.html HTTP/1.1" 200 593
120.253.135.82 - - [27/Apr/2023:06:08:44 +0800] "GET /xingrg/all/function/internal_message.html?_=1682546763938&CODE_STATE=getMsg HTTP/1.1" 200 27
120.253.135.82 - - [27/Apr/2023:06:08:44 +0800] "GET /xingrg/kc/pszx/mdps_order_info.html?code=312023042700529 HTTP/1.1" 200 23978
120.253.135.82 - - [27/Apr/2023:06:08:45 +0800] "GET /xingrg/javascript/easyui/themes/default/validatebox.css HTTP/1.1" 404 1104
120.253.135.82 - - [27/Apr/2023:06:08:45 +0800] "POST /xingrg/kc/pszx/mdps_order_operate.html HTTP/1.1" 200 4717
120.253.135.82 - - [27/Apr/2023:06:08:46 +0800] "POST /xingrg/all/common/load_combo.html?type=base HTTP/1.1" 200 1169
180.169.147.146 - - [27/Apr/2023:06:08:51 +0800] "GET /xingrg/all/function/internal_message.html?_=1682546931297&CODE_STATE=getMsg HTTP/1.1" 302 -
120.253.135.82 - - [27/Apr/2023:06:08:51 +0800] "POST /xingrg/kc/pszx/mdps_order_operate.html HTTP/1.1" 200 37
120.253.135.82 - - [27/Apr/2023:06:08:53 +0800] "GET /xingrg/kc/pszx/mdps_order_info.html?code=312023042700529 HTTP/1.1" 200 23978
120.253.135.82 - - [27/Apr/2023:06:08:53 +0800] "GET /xingrg/javascript/easyui/themes/default/validatebox.css HTTP/1.1" 404 1104
