124.79.74.67 - - [27/Apr/2023:09:45:30 +0800] "GET /xingrg/all/function/internal_message.html?_=1682559932487&CODE_STATE=getMsg HTTP/1.1" 200 27
180.169.147.146 - - [27/Apr/2023:09:45:30 +0800] "POST /xingrg/all/common/load_tree.html?tree=area_rest_tree_json HTTP/1.1" 200 3499
180.169.147.146 - - [27/Apr/2023:09:45:30 +0800] "POST /xingrg/dwr/call/plaincall/AjaxBaseInfoService.getMaterielInfo.dwr HTTP/1.1" 200 210
180.169.147.146 - - [27/Apr/2023:09:45:30 +0800] "POST /xingrg/all/common/load_tree.html?tree=area_rest_tree_json&defaultRests=undefined HTTP/1.1" 200 3499
116.224.106.218 - - [27/Apr/2023:09:45:33 +0800] "GET /xingrg/check_reg.html?_=1682559931998 HTTP/1.1" 200 22
116.224.106.218 - - [27/Apr/2023:09:45:35 +0800] "GET /xingrg/all/function/internal_message.html?_=1682559934293&CODE_STATE=getMsg HTTP/1.1" 200 27
116.230.117.27 - - [27/Apr/2023:09:45:42 +0800] "GET /xingrg/all/function/internal_message.html?_=1682559955655&CODE_STATE=getMsg HTTP/1.1" 200 27
116.238.139.35 - - [27/Apr/2023:09:45:47 +0800] "GET /xingrg/all/function/internal_message.html?_=1682559947221&CODE_STATE=getMsg HTTP/1.1" 200 27
180.169.147.146 - - [27/Apr/2023:09:45:51 +0800] "GET /xingrg/all/function/internal_message.html?_=1682559951287&CODE_STATE=getMsg HTTP/1.1" 302 -
116.224.158.100 - - [27/Apr/2023:09:45:54 +0800] "GET /xingrg/all/function/internal_message.html?_=1682559954373&CODE_STATE=getMsg HTTP/1.1" 200 27
116.227.208.255 - - [27/Apr/2023:09:45:54 +0800] "GET /xingrg/all/function/internal_message.html?_=1682560024156&CODE_STATE=getMsg HTTP/1.1" 200 27
180.152.240.159 - - [27/Apr/2023:09:45:58 +0800] "GET /xingrg/all/function/internal_message.html?_=1682559960371&CODE_STATE=getMsg HTTP/1.1" 302 -
124.79.240.114 - - [27/Apr/2023:09:46:02 +0800] "GET /xingrg/check_reg.html?_=1682560234140 HTTP/1.1" 200 22
124.79.240.114 - - [27/Apr/2023:09:46:02 +0800] "GET /xingrg/all/function/internal_message.html?_=1682560234141&CODE_STATE=getMsg HTTP/1.1" 200 27
180.169.147.146 - - [27/Apr/2023:09:46:05 +0800] "POST /xingrg/dwr/call/plaincall/AjaxGetFirstChart.getFirstChart.dwr HTTP/1.1" 200 80
180.169.147.146 - - [27/Apr/2023:09:46:09 +0800] "POST /xingrg/dwr/call/plaincall/AjaxBaseInfoService.changeUnitGroup.dwr HTTP/1.1" 200 311
61.170.234.7 - - [27/Apr/2023:09:46:14 +0800] "GET /xingrg/check_reg.html?_=1682559973600 HTTP/1.1" 200 22
61.170.234.7 - - [27/Apr/2023:09:46:14 +0800] "GET /xingrg/all/function/internal_message.html?_=1682559973605&CODE_STATE=getMsg HTTP/1.1" 200 27
180.169.147.146 - - [27/Apr/2023:09:46:16 +0800] "POST /xingrg/dwr/call/plaincall/AjaxBaseInfoService.saveMateriel.dwr HTTP/1.1" 200 109
180.169.147.146 - - [27/Apr/2023:09:46:16 +0800] "POST /xingrg/dwr/call/plaincall/AjaxBaseInfoService.getMateriels.dwr HTTP/1.1" 200 3001
101.83.241.98 - - [27/Apr/2023:09:46:18 +0800] "GET /xingrg/all/function/internal_message.html?_=1682559976828&CODE_STATE=getMsg HTTP/1.1" 200 27
180.169.147.146 - - [27/Apr/2023:09:46:21 +0800] "GET /xingrg/system/info/materiel_info.html?code=00101020&isAdd=1 HTTP/1.1" 200 37235
180.169.147.146 - - [27/Apr/2023:09:46:21 +0800] "GET /xingrg/dwr/interface/AjaxBaseInfoService.js HTTP/1.1" 200 21363
180.169.147.146 - - [27/Apr/2023:09:46:21 +0800] "GET /xingrg/dwr/interface/AjaxGetFirstChart.js HTTP/1.1" 200 631
180.169.147.146 - - [27/Apr/2023:09:46:21 +0800] "GET /xingrg/dwr/interface/AjaxComOrderService.js HTTP/1.1" 200 18264
180.169.147.146 - - [27/Apr/2023:09:46:21 +0800] "GET /xingrg/dwr/engine.js HTTP/1.1" 200 43631
180.169.147.146 - - [27/Apr/2023:09:46:22 +0800] "POST /xingrg/all/common/load_tree.html?tree=area_rest_tree_json HTTP/1.1" 200 3499
180.169.147.146 - - [27/Apr/2023:09:46:22 +0800] "POST /xingrg/dwr/call/plaincall/AjaxBaseInfoService.getMaterielInfo.dwr HTTP/1.1" 200 210
180.169.147.146 - - [27/Apr/2023:09:46:28 +0800] "GET /xingrg/all/function/internal_message.html?_=1682559988785&CODE_STATE=getMsg HTTP/1.1" 200 27
124.79.74.67 - - [27/Apr/2023:09:46:30 +0800] "GET /xingrg/all/function/internal_message.html?_=1682559992486&CODE_STATE=getMsg HTTP/1.1" 200 27
116.224.106.218 - - [27/Apr/2023:09:46:35 +0800] "GET /xingrg/all/function/internal_message.html?_=1682559994277&CODE_STATE=getMsg HTTP/1.1" 200 27
116.230.117.27 - - [27/Apr/2023:09:46:41 +0800] "GET /xingrg/all/function/internal_message.html?_=1682560015659&CODE_STATE=getMsg HTTP/1.1" 200 27
116.238.139.35 - - [27/Apr/2023:09:46:47 +0800] "GET /xingrg/all/function/internal_message.html?_=1682560007223&CODE_STATE=getMsg HTTP/1.1" 200 27
180.169.147.146 - - [27/Apr/2023:09:46:51 +0800] "GET /xingrg/all/function/internal_message.html?_=1682560011291&CODE_STATE=getMsg HTTP/1.1" 302 -
116.224.158.100 - - [27/Apr/2023:09:46:54 +0800] "GET /xingrg/all/function/internal_message.html?_=1682560014374&CODE_STATE=getMsg HTTP/1.1" 200 27
116.227.208.255 - - [27/Apr/2023:09:46:54 +0800] "GET /xingrg/all/function/internal_message.html?_=1682560084148&CODE_STATE=getMsg HTTP/1.1" 200 27
180.152.240.159 - - [27/Apr/2023:09:46:58 +0800] "GET /xingrg/all/function/internal_message.html?_=1682560020356&CODE_STATE=getMsg HTTP/1.1" 302 -
124.79.240.114 - - [27/Apr/2023:09:47:02 +0800] "GET /xingrg/all/function/internal_message.html?_=1682560294139&CODE_STATE=getMsg HTTP/1.1" 200 27
61.170.234.7 - - [27/Apr/2023:09:47:14 +0800] "GET /xingrg/all/function/internal_message.html?_=1682560033591&CODE_STATE=getMsg HTTP/1.1" 200 27
180.163.30.76 - - [27/Apr/2023:09:47:14 +0800] "GET /xingrg/all/function/internal_message.html?_=1682559973605&CODE_STATE=getMsg HTTP/1.1" 302 -
180.163.30.76 - - [27/Apr/2023:09:47:14 +0800] "GET /xingrg/login.html HTTP/1.1" 200 7641
116.238.139.35 - - [27/Apr/2023:09:47:17 +0800] "GET /xingrg/kc/buy/cgsh_order_list.html HTTP/1.1" 200 55289
101.83.241.98 - - [27/Apr/2023:09:47:18 +0800] "GET /xingrg/all/function/internal_message.html?_=1682560036835&CODE_STATE=getMsg HTTP/1.1" 200 27
116.238.139.35 - - [27/Apr/2023:09:47:19 +0800] "POST /xingrg/kc/buy/cgsh_list_operate.html HTTP/1.1" 200 986
116.238.139.35 - - [27/Apr/2023:09:47:25 +0800] "GET /xingrg/kc/buy/cgsh_order_add.html HTTP/1.1" 200 70665
116.238.139.35 - - [27/Apr/2023:09:47:25 +0800] "GET /xingrg/words/20230427094616_words.js HTTP/1.1" 200 961749
116.238.139.35 - - [27/Apr/2023:09:47:25 +0800] "GET /xingrg/javascript/easyui/themes/default/validatebox.css HTTP/1.1" 404 1104
116.238.139.35 - - [27/Apr/2023:09:47:25 +0800] "POST /xingrg/kc/buy/cgsh_order_operate.html HTTP/1.1" 200 8245
180.169.147.146 - - [27/Apr/2023:09:47:28 +0800] "GET /xingrg/all/function/internal_message.html?_=1682560048768&CODE_STATE=getMsg HTTP/1.1" 200 27
116.238.139.35 - - [27/Apr/2023:09:47:28 +0800] "GET /xingrg/javascript/auto/indicator.gif HTTP/1.1" 404 1066
124.79.74.67 - - [27/Apr/2023:09:47:30 +0800] "GET /xingrg/all/function/internal_message.html?_=1682560052485&CODE_STATE=getMsg HTTP/1.1" 200 27
116.224.106.218 - - [27/Apr/2023:09:47:35 +0800] "GET /xingrg/all/function/internal_message.html?_=1682560054266&CODE_STATE=getMsg HTTP/1.1" 200 27
116.238.139.35 - - [27/Apr/2023:09:47:36 +0800] "GET /xingrg/kc/buy/cgsh_order_operate.html?command=get_materiel&rest_code=00151&code=00101009031&supplier_code=00100022&order_time=2023-04-27 HTTP/1.1" 200 408
116.230.117.27 - - [27/Apr/2023:09:47:37 +0800] "POST /xingrg/services/DataTransmitService HTTP/1.1" 200 501
116.230.117.27 - - [27/Apr/2023:09:47:39 +0800] "POST /xingrg/services/DataTransmitService HTTP/1.1" 200 501
116.230.117.27 - - [27/Apr/2023:09:47:40 +0800] "GET /xingrg/check_reg.html?_=1682560073844 HTTP/1.1" 200 22
116.230.117.27 - - [27/Apr/2023:09:47:42 +0800] "GET /xingrg/all/function/internal_message.html?_=1682560075675&CODE_STATE=getMsg HTTP/1.1" 200 27
116.238.139.35 - - [27/Apr/2023:09:47:47 +0800] "GET /xingrg/all/function/internal_message.html?_=1682560067229&CODE_STATE=getMsg HTTP/1.1" 200 27
180.169.147.146 - - [27/Apr/2023:09:47:51 +0800] "GET /xingrg/check_reg.html?_=1682560071280 HTTP/1.1" 302 -
180.169.147.146 - - [27/Apr/2023:09:47:51 +0800] "GET /xingrg/all/function/internal_message.html?_=1682560071281&CODE_STATE=getMsg HTTP/1.1" 302 -
116.224.158.100 - - [27/Apr/2023:09:47:54 +0800] "GET /xingrg/all/function/internal_message.html?_=1682560074375&CODE_STATE=getMsg HTTP/1.1" 200 27
116.227.208.255 - - [27/Apr/2023:09:47:54 +0800] "GET /xingrg/all/function/internal_message.html?_=1682560144148&CODE_STATE=getMsg HTTP/1.1" 200 27
116.227.208.255 - - [27/Apr/2023:09:47:54 +0800] "GET /xingrg/check_reg.html?_=1682560144149 HTTP/1.1" 200 22
180.152.240.159 - - [27/Apr/2023:09:47:58 +0800] "GET /xingrg/all/function/internal_message.html?_=1682560080337&CODE_STATE=getMsg HTTP/1.1" 302 -
116.238.139.35 - - [27/Apr/2023:09:47:59 +0800] "GET /xingrg/kc/buy/cgsh_order_operate.html?command=get_materiel&rest_code=00151&code=00101009051&supplier_code=00100022&order_time=2023-04-27 HTTP/1.1" 200 408
124.79.240.114 - - [27/Apr/2023:09:48:02 +0800] "GET /xingrg/all/function/internal_message.html?_=1682560354137&CODE_STATE=getMsg HTTP/1.1" 200 27
116.230.117.27 - - [27/Apr/2023:09:48:03 +0800] "POST /xingrg/services/DataTransmitService HTTP/1.1" 200 501
116.238.139.35 - - [27/Apr/2023:09:48:08 +0800] "GET /xingrg/kc/buy/cgsh_order_operate.html?command=get_materiel&rest_code=00151&code=00101009053&supplier_code=00100022&order_time=2023-04-27 HTTP/1.1" 200 408
61.170.234.7 - - [27/Apr/2023:09:48:14 +0800] "GET /xingrg/all/function/internal_message.html?_=1682560093598&CODE_STATE=getMsg HTTP/1.1" 200 27
101.83.241.98 - - [27/Apr/2023:09:48:18 +0800] "GET /xingrg/all/function/internal_message.html?_=1682560096828&CODE_STATE=getMsg HTTP/1.1" 200 27
116.238.139.35 - - [27/Apr/2023:09:48:19 +0800] "GET /xingrg/kc/buy/cgsh_order_operate.html?command=get_materiel&rest_code=00151&code=00101009116&supplier_code=00100022&order_time=2023-04-27 HTTP/1.1" 200 412
180.164.3.199 - - [27/Apr/2023:09:48:21 +0800] "GET /favicon.ico HTTP/1.1" 404 -
116.230.117.27 - - [27/Apr/2023:09:48:27 +0800] "POST /xingrg/services/DataTransmitService HTTP/1.1" 200 501
180.169.147.146 - - [27/Apr/2023:09:48:28 +0800] "GET /xingrg/all/function/internal_message.html?_=1682560108772&CODE_STATE=getMsg HTTP/1.1" 200 27
116.230.117.27 - - [27/Apr/2023:09:48:29 +0800] "POST /xingrg/services/DataTransmitService HTTP/1.1" 200 501
116.230.117.27 - - [27/Apr/2023:09:48:30 +0800] "POST /xingrg/services/DataTransmitService HTTP/1.1" 200 501
124.79.74.67 - - [27/Apr/2023:09:48:30 +0800] "GET /xingrg/all/function/internal_message.html?_=1682560112485&CODE_STATE=getMsg HTTP/1.1" 200 27
116.224.106.218 - - [27/Apr/2023:09:48:35 +0800] "GET /xingrg/all/function/internal_message.html?_=1682560114251&CODE_STATE=getMsg HTTP/1.1" 200 27
116.230.117.27 - - [27/Apr/2023:09:48:38 +0800] "POST /xingrg/services/DataTransmitService HTTP/1.1" 200 501
116.230.117.27 - - [27/Apr/2023:09:48:39 +0800] "POST /xingrg/services/DataTransmitService HTTP/1.1" 200 501
116.230.117.27 - - [27/Apr/2023:09:48:40 +0800] "POST /xingrg/services/DataTransmitService HTTP/1.1" 200 501
116.230.117.27 - - [27/Apr/2023:09:48:41 +0800] "POST /xingrg/services/DataTransmitService HTTP/1.1" 200 412
116.230.117.27 - - [27/Apr/2023:09:48:42 +0800] "GET /xingrg/all/function/internal_message.html?_=1682560135686&CODE_STATE=getMsg HTTP/1.1" 200 27
116.238.139.35 - - [27/Apr/2023:09:48:47 +0800] "GET /xingrg/all/function/internal_message.html?_=1682560127234&CODE_STATE=getMsg HTTP/1.1" 200 27
116.238.139.35 - - [27/Apr/2023:09:48:47 +0800] "GET /xingrg/check_reg.html?_=1682560127238 HTTP/1.1" 200 22
180.169.147.146 - - [27/Apr/2023:09:48:51 +0800] "GET /xingrg/all/function/internal_message.html?_=1682560131291&CODE_STATE=getMsg HTTP/1.1" 302 -
61.170.234.7 - - [27/Apr/2023:09:48:53 +0800] "POST /xingrg/kc/buy/cgsh_list_operate.html HTTP/1.1" 200 562
116.224.158.100 - - [27/Apr/2023:09:48:54 +0800] "GET /xingrg/all/function/internal_message.html?_=1682560134376&CODE_STATE=getMsg HTTP/1.1" 200 27
116.227.208.255 - - [27/Apr/2023:09:48:54 +0800] "GET /xingrg/all/function/internal_message.html?_=1682560204160&CODE_STATE=getMsg HTTP/1.1" 200 27
61.170.234.7 - - [27/Apr/2023:09:48:57 +0800] "GET /xingrg/kc/buy/cgsh_order_info.html?code=212023042709444 HTTP/1.1" 200 71076
61.170.234.7 - - [27/Apr/2023:09:48:57 +0800] "GET /xingrg/words/20230427094616_words.js HTTP/1.1" 200 961749
61.170.234.7 - - [27/Apr/2023:09:48:57 +0800] "GET /xingrg/javascript/easyui/themes/default/validatebox.css HTTP/1.1" 404 1104
61.170.234.7 - - [27/Apr/2023:09:48:57 +0800] "GET /xingrg/all/common/auto_word.html?type=employee&rest_code=00106 HTTP/1.1" 200 205
61.170.234.7 - - [27/Apr/2023:09:48:57 +0800] "GET /xingrg/all/common/auto_word.html?type=employee&rest_code=00106 HTTP/1.1" 200 205
180.152.240.159 - - [27/Apr/2023:09:48:58 +0800] "GET /xingrg/all/function/internal_message.html?_=1682560140315&CODE_STATE=getMsg HTTP/1.1" 302 -
61.170.234.7 - - [27/Apr/2023:09:48:58 +0800] "POST /xingrg/kc/buy/cgsh_order_operate.html HTTP/1.1" 200 5596
180.152.240.159 - - [27/Apr/2023:09:48:59 +0800] "GET /xingrg/check_reg.html?_=1682560141514 HTTP/1.1" 302 -
116.230.117.27 - - [27/Apr/2023:09:49:01 +0800] "POST /xingrg/services/DataTransmitService HTTP/1.1" 200 524
124.79.240.114 - - [27/Apr/2023:09:49:02 +0800] "GET /xingrg/all/function/internal_message.html?_=1682560414138&CODE_STATE=getMsg HTTP/1.1" 200 27
61.170.234.7 - - [27/Apr/2023:09:49:07 +0800] "GET /xingrg/javascript/auto/indicator.gif HTTP/1.1" 404 1066
61.170.234.7 - - [27/Apr/2023:09:49:13 +0800] "GET /xingrg/kc/buy/cgsh_order_operate.html?command=get_materiel&rest_code=00106&code=00101008355&supplier_code=00100007&order_time=2023-04-27 HTTP/1.1" 200 408
61.170.234.7 - - [27/Apr/2023:09:49:14 +0800] "GET /xingrg/all/function/internal_message.html?_=1682560153604&CODE_STATE=getMsg HTTP/1.1" 200 27
101.83.241.98 - - [27/Apr/2023:09:49:18 +0800] "GET /xingrg/all/function/internal_message.html?_=1682560156849&CODE_STATE=getMsg HTTP/1.1" 200 27
101.83.241.98 - - [27/Apr/2023:09:49:18 +0800] "GET /xingrg/check_reg.html?_=1682560156854 HTTP/1.1" 200 22
116.230.117.27 - - [27/Apr/2023:09:49:19 +0800] "POST /xingrg/services/DataTransmitService HTTP/1.1" 200 501
61.170.234.7 - - [27/Apr/2023:09:49:22 +0800] "GET /xingrg/kc/buy/cgsh_order_operate.html?command=get_materiel&rest_code=00106&code=00101008144&supplier_code=00100007&order_time=2023-04-27 HTTP/1.1" 200 412
180.169.147.146 - - [27/Apr/2023:09:49:28 +0800] "GET /xingrg/check_reg.html?_=1682560168763 HTTP/1.1" 200 22
180.169.147.146 - - [27/Apr/2023:09:49:28 +0800] "GET /xingrg/all/function/internal_message.html?_=1682560168765&CODE_STATE=getMsg HTTP/1.1" 200 27
124.79.74.67 - - [27/Apr/2023:09:49:30 +0800] "GET /xingrg/all/function/internal_message.html?_=1682560172483&CODE_STATE=getMsg HTTP/1.1" 200 27
124.79.74.67 - - [27/Apr/2023:09:49:30 +0800] "GET /xingrg/check_reg.html?_=1682560172485 HTTP/1.1" 200 22
116.238.139.35 - - [27/Apr/2023:09:49:31 +0800] "POST /xingrg/kc/buy/cgsh_order_operate.html HTTP/1.1" 200 37
116.224.106.218 - - [27/Apr/2023:09:49:35 +0800] "GET /xingrg/all/function/internal_message.html?_=1682560174221&CODE_STATE=getMsg HTTP/1.1" 200 27
116.238.139.35 - - [27/Apr/2023:09:49:39 +0800] "POST /xingrg/kc/buy/cgsh_order_operate.html HTTP/1.1" 200 12
116.230.117.27 - - [27/Apr/2023:09:49:42 +0800] "GET /xingrg/all/function/internal_message.html?_=1682560195700&CODE_STATE=getMsg HTTP/1.1" 200 27
116.238.139.35 - - [27/Apr/2023:09:49:43 +0800] "GET /xingrg/kc/buy/cgsh_order_info.html?code=212023042709458 HTTP/1.1" 200 65565
116.238.139.35 - - [27/Apr/2023:09:49:44 +0800] "GET /xingrg/words/20230427094616_words.js HTTP/1.1" 304 -
116.238.139.35 - - [27/Apr/2023:09:49:44 +0800] "GET /xingrg/javascript/easyui/themes/default/validatebox.css HTTP/1.1" 404 1104
116.238.139.35 - - [27/Apr/2023:09:49:45 +0800] "POST /xingrg/kc/buy/cgsh_order_operate.html HTTP/1.1" 200 2385
116.238.139.35 - - [27/Apr/2023:09:49:46 +0800] "GET /xingrg/kc/print/load_data.html?order_code=212023042709458&kc_code=cgsh&condition= HTTP/1.1" 200 1422
116.238.139.35 - - [27/Apr/2023:09:49:47 +0800] "GET /xingrg/all/function/internal_message.html?_=1682560187368&CODE_STATE=getMsg HTTP/1.1" 200 27
180.169.147.146 - - [27/Apr/2023:09:49:51 +0800] "GET /xingrg/all/function/internal_message.html?_=1682560191289&CODE_STATE=getMsg HTTP/1.1" 302 -
116.238.139.35 - - [27/Apr/2023:09:49:52 +0800] "GET /xingrg/kc/buy/cgsh_order_add.html HTTP/1.1" 200 70665
116.238.139.35 - - [27/Apr/2023:09:49:52 +0800] "POST /xingrg/kc/buy/cgsh_order_operate.html HTTP/1.1" 200 8245
116.238.139.35 - - [27/Apr/2023:09:49:52 +0800] "GET /xingrg/javascript/easyui/themes/default/validatebox.css HTTP/1.1" 404 1104
116.224.158.100 - - [27/Apr/2023:09:49:54 +0800] "GET /xingrg/check_reg.html?_=1682560194377 HTTP/1.1" 200 22
116.224.158.100 - - [27/Apr/2023:09:49:54 +0800] "GET /xingrg/all/function/internal_message.html?_=1682560194380&CODE_STATE=getMsg HTTP/1.1" 200 27
116.227.208.255 - - [27/Apr/2023:09:49:54 +0800] "GET /xingrg/all/function/internal_message.html?_=1682560264163&CODE_STATE=getMsg HTTP/1.1" 200 27
116.238.139.35 - - [27/Apr/2023:09:49:55 +0800] "POST /xingrg/all/user/operate.html HTTP/1.1" 200 36
116.238.139.35 - - [27/Apr/2023:09:49:55 +0800] "GET /xingrg/index.html?sysBaseUrl=http%3A%2F%2F180.169.147.146%3A18081%2Fxingrg%2F&costTime=805×tamp=1682557659985 HTTP/1.1" 200 17179
116.238.139.35 - - [27/Apr/2023:09:49:55 +0800] "GET /xingrg/javascript/jquery_easy_ui/themes/default/easyui.css HTTP/1.1" 304 -
116.238.139.35 - - [27/Apr/2023:09:49:55 +0800] "GET /xingrg/javascript/jquery_easy_ui/themes/icon.css HTTP/1.1" 304 -
116.238.139.35 - - [27/Apr/2023:09:49:55 +0800] "GET /xingrg/css/form.css HTTP/1.1" 304 -
116.238.139.35 - - [27/Apr/2023:09:49:55 +0800] "GET /xingrg/javascript/jquery-1.4.2.min.js HTTP/1.1" 304 -
116.238.139.35 - - [27/Apr/2023:09:49:55 +0800] "GET /xingrg/javascript/jquery_easy_ui/jquery.easyui.min.js HTTP/1.1" 304 -
116.238.139.35 - - [27/Apr/2023:09:49:55 +0800] "GET /xingrg/javascript/jquery_easy_ui/easyui-lang-zh_CN.js HTTP/1.1" 304 -
116.238.139.35 - - [27/Apr/2023:09:49:55 +0800] "GET /xingrg/javascript/jquery.form.js HTTP/1.1" 304 -
116.238.139.35 - - [27/Apr/2023:09:49:55 +0800] "GET /xingrg/javascript/jquery.utils.js HTTP/1.1" 304 -
116.238.139.35 - - [27/Apr/2023:09:49:55 +0800] "GET /xingrg/javascript/jquery.timers.js HTTP/1.1" 304 -
116.238.139.35 - - [27/Apr/2023:09:49:55 +0800] "GET /xingrg/images/blue/jxLogo.png HTTP/1.1" 304 -
116.238.139.35 - - [27/Apr/2023:09:49:55 +0800] "GET /xingrg/javascript/jquery_easy_ui/themes/icons/settle_new.png HTTP/1.1" 304 -
116.238.139.35 - - [27/Apr/2023:09:49:55 +0800] "GET /xingrg/images/blue/navBackgound.jpg HTTP/1.1" 304 -
116.238.139.35 - - [27/Apr/2023:09:49:55 +0800] "GET /xingrg/all/function/internal_message.html?_=1682560195486&CODE_STATE=count HTTP/1.1" 200 11
116.238.139.35 - - [27/Apr/2023:09:49:55 +0800] "GET /xingrg/check_reg.html?_=1682560195487 HTTP/1.1" 200 22
116.238.139.35 - - [27/Apr/2023:09:49:55 +0800] "GET /xingrg/javascript/jquery_easy_ui/themes/default/images/tabs_rightarrow.png HTTP/1.1" 304 -
116.238.139.35 - - [27/Apr/2023:09:49:55 +0800] "GET /xingrg/images/blue/pingpu.png HTTP/1.1" 304 -
116.238.139.35 - - [27/Apr/2023:09:49:55 +0800] "GET /xingrg/javascript/jquery_easy_ui/themes/default/images/tabs_leftarrow.png HTTP/1.1" 304 -
116.238.139.35 - - [27/Apr/2023:09:49:55 +0800] "GET /xingrg/javascript/jquery_easy_ui/themes/default/images/panel_tool_collapse.gif HTTP/1.1" 304 -
116.238.139.35 - - [27/Apr/2023:09:49:55 +0800] "POST /xingrg/all/common/load_tree.html?tree=area_rest_tree_json&manage=1 HTTP/1.1" 200 476
116.238.139.35 - - [27/Apr/2023:09:49:55 +0800] "POST /xingrg/load_menu.html HTTP/1.1" 200 5138
58.221.95.50 - - [27/Apr/2023:09:49:57 +0800] "GET /xingrg/check_reg.html?_=1682560197785 HTTP/1.1" 200 22
180.164.3.199 - - [27/Apr/2023:09:49:57 +0800] "GET /xingrg/login.html HTTP/1.1" 200 7641
180.164.3.199 - - [27/Apr/2023:09:49:57 +0800] "GET /xingrg/images/blue/jxLogo.png HTTP/1.1" 200 6156
180.164.3.199 - - [27/Apr/2023:09:49:57 +0800] "GET /xingrg/images/blue/login_bg.png HTTP/1.1" 200 22101
180.164.3.199 - - [27/Apr/2023:09:49:57 +0800] "GET /xingrg/images/blue/srbg.png HTTP/1.1" 200 138
180.164.3.199 - - [27/Apr/2023:09:49:57 +0800] "GET /xingrg/images/blue/hj.png HTTP/1.1" 200 1014
180.164.3.199 - - [27/Apr/2023:09:49:57 +0800] "GET /favicon.ico HTTP/1.1" 404 -
180.152.240.159 - - [27/Apr/2023:09:49:58 +0800] "GET /xingrg/all/function/internal_message.html?_=1682560200312&CODE_STATE=getMsg HTTP/1.1" 302 -
116.238.139.35 - - [27/Apr/2023:09:49:58 +0800] "GET /xingrg/kc/buy/cgsh_order_list.html HTTP/1.1" 200 55291
116.238.139.35 - - [27/Apr/2023:09:50:00 +0800] "POST /xingrg/kc/buy/cgsh_list_operate.html HTTP/1.1" 200 986
180.164.3.199 - - [27/Apr/2023:09:50:00 +0800] "POST /xingrg/login.do HTTP/1.1" 302 -
180.164.3.199 - - [27/Apr/2023:09:50:00 +0800] "GET /xingrg/index.html?sysBaseUrl=http%3A%2F%2F180.169.147.146%3A18081%2Fxingrg%2F&costTime=1120×tamp=1682560200357 HTTP/1.1" 200 17183
180.164.3.199 - - [27/Apr/2023:09:50:00 +0800] "GET /xingrg/javascript/jquery_easy_ui/themes/default/easyui.css HTTP/1.1" 200 26500
180.164.3.199 - - [27/Apr/2023:09:50:00 +0800] "GET /xingrg/javascript/jquery_easy_ui/themes/icon.css HTTP/1.1" 200 3949
180.164.3.199 - - [27/Apr/2023:09:50:00 +0800] "GET /xingrg/css/form.css HTTP/1.1" 200 893
180.164.3.199 - - [27/Apr/2023:09:50:00 +0800] "GET /xingrg/javascript/jquery.form.js HTTP/1.1" 200 23110
180.164.3.199 - - [27/Apr/2023:09:50:00 +0800] "GET /xingrg/javascript/jquery_easy_ui/jquery.easyui.min.js HTTP/1.1" 200 213662
180.164.3.199 - - [27/Apr/2023:09:50:00 +0800] "GET /xingrg/javascript/jquery-1.4.2.min.js HTTP/1.1" 200 72205
180.164.3.199 - - [27/Apr/2023:09:50:00 +0800] "GET /xingrg/javascript/jquery_easy_ui/easyui-lang-zh_CN.js HTTP/1.1" 200 1900
180.164.3.199 - - [27/Apr/2023:09:50:00 +0800] "GET /xingrg/javascript/jquery.timers.js HTTP/1.1" 200 3532
180.164.3.199 - - [27/Apr/2023:09:50:00 +0800] "GET /xingrg/javascript/jquery.utils.js HTTP/1.1" 200 11805
180.164.3.199 - - [27/Apr/2023:09:50:00 +0800] "GET /favicon.ico HTTP/1.1" 404 -
180.164.3.199 - - [27/Apr/2023:09:50:00 +0800] "GET /xingrg/javascript/jquery_easy_ui/themes/icons/settle_new.png HTTP/1.1" 200 826
180.164.3.199 - - [27/Apr/2023:09:50:00 +0800] "GET /xingrg/images/blue/navBackgound.jpg HTTP/1.1" 200 12378
180.164.3.199 - - [27/Apr/2023:09:50:00 +0800] "POST /xingrg/all/common/load_tree.html?tree=area_rest_tree_json&manage=1 HTTP/1.1" 200 357
180.164.3.199 - - [27/Apr/2023:09:50:00 +0800] "GET /xingrg/images/blue/pingpu.png HTTP/1.1" 200 231
180.164.3.199 - - [27/Apr/2023:09:50:00 +0800] "GET /xingrg/all/function/internal_message.html?_=1682560199641&CODE_STATE=count HTTP/1.1" 200 11
180.164.3.199 - - [27/Apr/2023:09:50:00 +0800] "GET /xingrg/javascript/jquery_easy_ui/themes/default/images/tabs_leftarrow.png HTTP/1.1" 200 389
180.164.3.199 - - [27/Apr/2023:09:50:00 +0800] "GET /xingrg/javascript/jquery_easy_ui/themes/default/images/tabs_rightarrow.png HTTP/1.1" 200 395
180.164.3.199 - - [27/Apr/2023:09:50:00 +0800] "GET /xingrg/check_reg.html?_=1682560199642 HTTP/1.1" 200 22
180.164.3.199 - - [27/Apr/2023:09:50:00 +0800] "GET /xingrg/javascript/jquery_easy_ui/themes/default/images/panel_tool_collapse.gif HTTP/1.1" 200 246
180.164.3.199 - - [27/Apr/2023:09:50:01 +0800] "POST /xingrg/load_menu.html HTTP/1.1" 200 5138
180.164.3.199 - - [27/Apr/2023:09:50:01 +0800] "GET /xingrg/javascript/jquery_easy_ui/themes/default/images/tree_arrows.gif HTTP/1.1" 200 1043
180.164.3.199 - - [27/Apr/2023:09:50:01 +0800] "GET /xingrg/javascript/jquery_easy_ui/themes/default/images/tree_folder_open.gif HTTP/1.1" 200 956
180.164.3.199 - - [27/Apr/2023:09:50:01 +0800] "GET /xingrg/javascript/jquery_easy_ui/themes/icons/search_new.png HTTP/1.1" 200 586
180.164.3.199 - - [27/Apr/2023:09:50:01 +0800] "GET /xingrg/javascript/jquery_easy_ui/themes/default/images/tree_folder.gif HTTP/1.1" 200 952
180.164.3.199 - - [27/Apr/2023:09:50:01 +0800] "GET /xingrg/javascript/jquery_easy_ui/themes/icons/storage_new.png HTTP/1.1" 200 853
180.164.3.199 - - [27/Apr/2023:09:50:01 +0800] "GET /xingrg/javascript/jquery_easy_ui/themes/icons/forms_new.png HTTP/1.1" 200 350
180.164.3.199 - - [27/Apr/2023:09:50:01 +0800] "GET /xingrg/javascript/jquery_easy_ui/themes/default/images/tree_file.gif HTTP/1.1" 200 118
116.238.139.35 - - [27/Apr/2023:09:50:01 +0800] "GET /xingrg/kc/buy/cgsh_order_add.html HTTP/1.1" 200 71111
116.238.139.35 - - [27/Apr/2023:09:50:01 +0800] "POST /xingrg/kc/buy/cgsh_order_operate.html HTTP/1.1" 200 8245
116.238.139.35 - - [27/Apr/2023:09:50:01 +0800] "GET /xingrg/javascript/easyui/themes/default/validatebox.css HTTP/1.1" 404 1104
124.79.240.114 - - [27/Apr/2023:09:50:02 +0800] "GET /xingrg/all/function/internal_message.html?_=1682560474137&CODE_STATE=getMsg HTTP/1.1" 200 27
116.238.139.35 - - [27/Apr/2023:09:50:03 +0800] "GET /xingrg/javascript/auto/indicator.gif HTTP/1.1" 404 1066
180.164.3.199 - - [27/Apr/2023:09:50:05 +0800] "GET /xingrg/javascript/jquery_easy_ui/themes/default/images/tabs_close.gif HTTP/1.1" 200 829
180.164.3.199 - - [27/Apr/2023:09:50:06 +0800] "GET /xingrg/kc/buy/cgsh_order_list.html HTTP/1.1" 200 55295
180.164.3.199 - - [27/Apr/2023:09:50:06 +0800] "GET /xingrg/css/base.css HTTP/1.1" 200 2811
180.164.3.199 - - [27/Apr/2023:09:50:06 +0800] "GET /xingrg/css/site.css HTTP/1.1" 200 7541
180.164.3.199 - - [27/Apr/2023:09:50:06 +0800] "GET /xingrg/javascript/jquery_tools/datebox.css HTTP/1.1" 200 2597
180.164.3.199 - - [27/Apr/2023:09:50:06 +0800] "GET /xingrg/javascript/easyui/themes/icon.css HTTP/1.1" 200 4483
180.164.3.199 - - [27/Apr/2023:09:50:06 +0800] "GET /xingrg/javascript/easyui/themes/default/easyui.css HTTP/1.1" 200 30432
180.164.3.199 - - [27/Apr/2023:09:50:06 +0800] "GET /xingrg/javascript/auto/jquery.autocomplete.css HTTP/1.1" 200 587
180.164.3.199 - - [27/Apr/2023:09:50:06 +0800] "GET /xingrg/javascript/jquery_tools/fix.css HTTP/1.1" 200 1702
180.164.3.199 - - [27/Apr/2023:09:50:06 +0800] "GET /xingrg/javascript/jquery_tools/table.css HTTP/1.1" 200 1032
180.164.3.199 - - [27/Apr/2023:09:50:06 +0800] "GET /xingrg/javascript/jquery_tools/jquery.tools.hotkey.js HTTP/1.1" 200 3242
180.164.3.199 - - [27/Apr/2023:09:50:06 +0800] "GET /xingrg/javascript/jquery_tools/jquery.tools.min.js HTTP/1.1" 200 138801
180.164.3.199 - - [27/Apr/2023:09:50:06 +0800] "GET /xingrg/javascript/jquery_tools/jquery.tools.extend.js HTTP/1.1" 200 15385
180.164.3.199 - - [27/Apr/2023:09:50:06 +0800] "GET /xingrg/javascript/jquery_tools/jquery.tools.table.js HTTP/1.1" 200 6994
180.164.3.199 - - [27/Apr/2023:09:50:06 +0800] "GET /xingrg/javascript/jquery_tools/list_manager.js HTTP/1.1" 200 3652
180.164.3.199 - - [27/Apr/2023:09:50:06 +0800] "GET /xingrg/javascript/auto/jquery.autocomplete.js HTTP/1.1" 200 21624
180.164.3.199 - - [27/Apr/2023:09:50:06 +0800] "GET /xingrg/javascript/jquery.cookie.js HTTP/1.1" 200 5513
180.164.3.199 - - [27/Apr/2023:09:50:06 +0800] "GET /xingrg/javascript/easyui/easyloader.js HTTP/1.1" 200 5975
180.164.3.199 - - [27/Apr/2023:09:50:06 +0800] "GET /xingrg/javascript/print/LodopFuncs.js HTTP/1.1" 200 5121
180.164.3.199 - - [27/Apr/2023:09:50:07 +0800] "GET /xingrg/javascript/easyui/themes/icons/edit_add_new.png HTTP/1.1" 200 2997
180.164.3.199 - - [27/Apr/2023:09:50:07 +0800] "GET /xingrg/javascript/easyui/themes/icons/cance_new.png HTTP/1.1" 200 3986
180.164.3.199 - - [27/Apr/2023:09:50:07 +0800] "GET /xingrg/javascript/easyui/themes/icons/check_new.png HTTP/1.1" 200 3224
180.164.3.199 - - [27/Apr/2023:09:50:07 +0800] "GET /xingrg/javascript/easyui/themes/icons/field_new.png HTTP/1.1" 200 1097
180.164.3.199 - - [27/Apr/2023:09:50:07 +0800] "GET /xingrg/javascript/easyui/themes/icons/import_new.png HTTP/1.1" 200 1247
180.164.3.199 - - [27/Apr/2023:09:50:07 +0800] "GET /xingrg/javascript/easyui/plugins/jquery.parser.js HTTP/1.1" 200 1142
180.164.3.199 - - [27/Apr/2023:09:50:07 +0800] "GET /xingrg/images/control/ajaxLoader.gif HTTP/1.1" 200 4659
116.238.139.35 - - [27/Apr/2023:09:50:10 +0800] "GET /xingrg/kc/buy/cgsh_order_operate.html?command=get_materiel&rest_code=00150&code=00101009109&supplier_code=00100022&order_time=2023-04-27 HTTP/1.1" 200 413
61.170.234.7 - - [27/Apr/2023:09:50:14 +0800] "GET /xingrg/all/function/internal_message.html?_=1682560213594&CODE_STATE=getMsg HTTP/1.1" 200 27
172.20.0.100 - - [27/Apr/2023:09:50:18 +0800] "GET /xingrg/check_reg.html?_=1682560227910 HTTP/1.1" 200 22
101.83.241.98 - - [27/Apr/2023:09:50:18 +0800] "GET /xingrg/all/function/internal_message.html?_=1682560216843&CODE_STATE=getMsg HTTP/1.1" 200 27
180.163.28.143 - - [27/Apr/2023:09:50:19 +0800] "GET /xingrg/kc/buy/cgsh_order_operate.html?command=get_materiel&rest_code=00106&code=00101008144&supplier_code=00100007&order_time=2023-04-27 HTTP/1.1" 302 -
180.163.28.143 - - [27/Apr/2023:09:50:19 +0800] "GET /xingrg/login.html HTTP/1.1" 200 7641
116.238.139.35 - - [27/Apr/2023:09:50:23 +0800] "GET /xingrg/kc/buy/cgsh_order_operate.html?command=get_materiel&rest_code=00150&code=00101009062&supplier_code=00100022&order_time=2023-04-27 HTTP/1.1" 200 412
180.169.147.146 - - [27/Apr/2023:09:50:28 +0800] "GET /xingrg/all/function/internal_message.html?_=1682560228768&CODE_STATE=getMsg HTTP/1.1" 200 27
124.79.74.67 - - [27/Apr/2023:09:50:30 +0800] "GET /xingrg/all/function/internal_message.html?_=1682560232487&CODE_STATE=getMsg HTTP/1.1" 200 27
116.224.106.218 - - [27/Apr/2023:09:50:33 +0800] "GET /xingrg/check_reg.html?_=1682560231977 HTTP/1.1" 200 22
116.224.106.218 - - [27/Apr/2023:09:50:35 +0800] "GET /xingrg/all/function/internal_message.html?_=1682560234196&CODE_STATE=getMsg HTTP/1.1" 200 27
180.164.3.199 - - [27/Apr/2023:09:50:39 +0800] "POST /xingrg/kc/buy/cgsh_list_operate.html HTTP/1.1" 200 6062
116.230.117.27 - - [27/Apr/2023:09:50:42 +0800] "GET /xingrg/all/function/internal_message.html?_=1682560256153&CODE_STATE=getMsg HTTP/1.1" 200 27
180.164.3.199 - - [27/Apr/2023:09:50:44 +0800] "GET /xingrg/javascript/easyui/themes/default/images/button_plain_hover.png HTTP/1.1" 200 144
101.83.241.98 - - [27/Apr/2023:09:50:46 +0800] "GET /xingrg/kc/buy/cgsh_order_add.html HTTP/1.1" 200 71155
101.83.241.98 - - [27/Apr/2023:09:50:46 +0800] "GET /xingrg/words/20230427094616_words.js HTTP/1.1" 200 961749
101.83.241.98 - - [27/Apr/2023:09:50:47 +0800] "GET /xingrg/javascript/easyui/themes/default/validatebox.css HTTP/1.1" 404 1104
101.83.241.98 - - [27/Apr/2023:09:50:47 +0800] "POST /xingrg/kc/buy/cgsh_order_operate.html HTTP/1.1" 200 8245
180.169.147.146 - - [27/Apr/2023:09:50:51 +0800] "GET /xingrg/all/function/internal_message.html?_=1682560251279&CODE_STATE=getMsg HTTP/1.1" 302 -
116.238.139.35 - - [27/Apr/2023:09:50:52 +0800] "GET /xingrg/kc/buy/cgsh_order_operate.html?command=get_materiel&rest_code=00150&code=00101009122&supplier_code=00100022&order_time=2023-04-27 HTTP/1.1" 200 405
116.224.158.100 - - [27/Apr/2023:09:50:54 +0800] "GET /xingrg/all/function/internal_message.html?_=1682560254380&CODE_STATE=getMsg HTTP/1.1" 200 27
116.227.208.255 - - [27/Apr/2023:09:50:54 +0800] "GET /xingrg/all/function/internal_message.html?_=1682560324158&CODE_STATE=getMsg HTTP/1.1" 200 27
116.238.139.35 - - [27/Apr/2023:09:50:55 +0800] "GET /xingrg/all/function/internal_message.html?_=1682560255490&CODE_STATE=getMsg HTTP/1.1" 200 27
180.152.240.159 - - [27/Apr/2023:09:50:58 +0800] "GET /xingrg/all/function/internal_message.html?_=1682560260288&CODE_STATE=getMsg HTTP/1.1" 302 -
180.164.3.199 - - [27/Apr/2023:09:51:00 +0800] "GET /xingrg/all/function/internal_message.html?_=1682560259640&CODE_STATE=getMsg HTTP/1.1" 200 27
124.79.240.114 - - [27/Apr/2023:09:51:02 +0800] "GET /xingrg/all/function/internal_message.html?_=1682560534136&CODE_STATE=getMsg HTTP/1.1" 200 27
116.238.139.35 - - [27/Apr/2023:09:51:02 +0800] "GET /xingrg/kc/buy/cgsh_order_operate.html?command=get_materiel&rest_code=00150&code=00101009011&supplier_code=00100022&order_time=2023-04-27 HTTP/1.1" 200 416
124.79.240.114 - - [27/Apr/2023:09:51:02 +0800] "GET /xingrg/check_reg.html?_=1682560534137 HTTP/1.1" 200 22
101.83.241.98 - - [27/Apr/2023:09:51:08 +0800] "GET /xingrg/kc/buy/cgsh_order_operate.html?command=get_materiel&rest_code=00149&code=00101006074&supplier_code=00100012&order_time=2023-04-27 HTTP/1.1" 200 420
116.238.139.35 - - [27/Apr/2023:09:51:12 +0800] "GET /xingrg/kc/buy/cgsh_order_operate.html?command=get_materiel&rest_code=00150&code=00101009066&supplier_code=00100022&order_time=2023-04-27 HTTP/1.1" 200 416
180.163.30.27 - - [27/Apr/2023:09:51:14 +0800] "GET /xingrg/all/function/internal_message.html?_=1682560213594&CODE_STATE=getMsg HTTP/1.1" 302 -
180.163.30.27 - - [27/Apr/2023:09:51:14 +0800] "GET /xingrg/login.html HTTP/1.1" 200 7641
61.170.234.7 - - [27/Apr/2023:09:51:14 +0800] "GET /xingrg/all/function/internal_message.html?_=1682560273599&CODE_STATE=getMsg HTTP/1.1" 200 27
61.170.234.7 - - [27/Apr/2023:09:51:14 +0800] "GET /xingrg/check_reg.html?_=1682560273602 HTTP/1.1" 200 22
101.83.241.98 - - [27/Apr/2023:09:51:18 +0800] "GET /xingrg/all/function/internal_message.html?_=1682560276869&CODE_STATE=getMsg HTTP/1.1" 200 27
101.83.241.98 - - [27/Apr/2023:09:51:20 +0800] "GET /xingrg/kc/buy/cgsh_order_operate.html?command=get_materiel&rest_code=00149&code=00101006087&supplier_code=00100012&order_time=2023-04-27 HTTP/1.1" 200 409
116.238.139.35 - - [27/Apr/2023:09:51:28 +0800] "GET /xingrg/kc/buy/cgsh_order_operate.html?command=get_materiel&rest_code=00150&code=00101009079&supplier_code=00100022&order_time=2023-04-27 HTTP/1.1" 200 409
180.169.147.146 - - [27/Apr/2023:09:51:28 +0800] "GET /xingrg/all/function/internal_message.html?_=1682560288759&CODE_STATE=getMsg HTTP/1.1" 200 27
124.79.74.67 - - [27/Apr/2023:09:51:30 +0800] "GET /xingrg/all/function/internal_message.html?_=1682560292514&CODE_STATE=getMsg HTTP/1.1" 200 27
116.224.106.218 - - [27/Apr/2023:09:51:35 +0800] "GET /xingrg/all/function/internal_message.html?_=1682560294178&CODE_STATE=getMsg HTTP/1.1" 200 27
101.83.241.98 - - [27/Apr/2023:09:51:35 +0800] "GET /xingrg/kc/buy/cgsh_order_operate.html?command=get_materiel&rest_code=00149&code=00101006056&supplier_code=00100012&order_time=2023-04-27 HTTP/1.1" 200 413
61.170.234.7 - - [27/Apr/2023:09:51:37 +0800] "GET /xingrg/kc/buy/cgsh_order_operate.html?command=get_materiel&rest_code=00106&code=00101008264&supplier_code=00100007&order_time=2023-04-27 HTTP/1.1" 200 412
116.238.139.35 - - [27/Apr/2023:09:51:37 +0800] "GET /xingrg/kc/buy/cgsh_order_operate.html?command=get_materiel&rest_code=00150&code=00101009004&supplier_code=00100022&order_time=2023-04-27 HTTP/1.1" 200 409
116.230.117.27 - - [27/Apr/2023:09:51:42 +0800] "GET /xingrg/all/function/internal_message.html?_=1682560316164&CODE_STATE=getMsg HTTP/1.1" 200 27
116.238.139.35 - - [27/Apr/2023:09:51:44 +0800] "GET /xingrg/kc/buy/cgsh_order_operate.html?command=get_materiel&rest_code=00150&code=00101009031&supplier_code=00100022&order_time=2023-04-27 HTTP/1.1" 200 408
180.164.3.199 - - [27/Apr/2023:09:51:45 +0800] "POST /xingrg/kc/buy/cgsh_list_operate.html HTTP/1.1" 200 4
61.170.234.7 - - [27/Apr/2023:09:51:46 +0800] "GET /xingrg/kc/buy/cgsh_order_operate.html?command=get_materiel&rest_code=00106&code=00101008356&supplier_code=00100007&order_time=2023-04-27 HTTP/1.1" 200 408
61.170.234.7 - - [27/Apr/2023:09:51:49 +0800] "POST /xingrg/kc/buy/cgsh_order_operate.html HTTP/1.1" 200 2065
180.169.147.146 - - [27/Apr/2023:09:51:51 +0800] "GET /xingrg/all/function/internal_message.html?_=1682560311299&CODE_STATE=getMsg HTTP/1.1" 302 -
61.170.234.7 - - [27/Apr/2023:09:51:54 +0800] "GET /xingrg/kc/buy/cgsh_order_operate.html?command=get_materiel&rest_code=00106&code=00101008360&supplier_code=00100007&order_time=2023-04-27 HTTP/1.1" 200 412
116.224.158.100 - - [27/Apr/2023:09:51:54 +0800] "GET /xingrg/all/function/internal_message.html?_=1682560314383&CODE_STATE=getMsg HTTP/1.1" 200 27
116.227.208.255 - - [27/Apr/2023:09:51:54 +0800] "GET /xingrg/all/function/internal_message.html?_=1682560384150&CODE_STATE=getMsg HTTP/1.1" 200 27
116.238.139.35 - - [27/Apr/2023:09:51:55 +0800] "GET /xingrg/all/function/internal_message.html?_=1682560315495&CODE_STATE=getMsg HTTP/1.1" 200 27
180.152.240.159 - - [27/Apr/2023:09:51:58 +0800] "GET /xingrg/all/function/internal_message.html?_=1682560320279&CODE_STATE=getMsg HTTP/1.1" 302 -
101.83.241.98 - - [27/Apr/2023:09:51:59 +0800] "GET /xingrg/kc/buy/cgsh_order_operate.html?command=get_materiel&rest_code=00149&code=00101006130&supplier_code=00100012&order_time=2023-04-27 HTTP/1.1" 200 427
180.164.3.199 - - [27/Apr/2023:09:52:00 +0800] "GET /xingrg/all/function/internal_message.html?_=1682560319647&CODE_STATE=getMsg HTTP/1.1" 200 27
124.79.240.114 - - [27/Apr/2023:09:52:02 +0800] "GET /xingrg/all/function/internal_message.html?_=1682560594135&CODE_STATE=getMsg HTTP/1.1" 200 27
61.170.234.7 - - [27/Apr/2023:09:52:03 +0800] "GET /xingrg/kc/buy/cgsh_order_operate.html?command=get_materiel&rest_code=00106&code=00101008439&supplier_code=00100007&order_time=2023-04-27 HTTP/1.1" 200 413
180.164.3.199 - - [27/Apr/2023:09:52:06 +0800] "POST /xingrg/kc/buy/cgsh_list_operate.html HTTP/1.1" 200 6044
61.170.234.7 - - [27/Apr/2023:09:52:10 +0800] "GET /xingrg/kc/buy/cgsh_order_operate.html?command=get_materiel&rest_code=00106&code=00101008069&supplier_code=00100007&order_time=2023-04-27 HTTP/1.1" 200 412
101.83.241.98 - - [27/Apr/2023:09:52:14 +0800] "GET /xingrg/kc/buy/cgsh_order_operate.html?command=get_materiel&rest_code=00149&code=00101006112&supplier_code=00100012&order_time=2023-04-27 HTTP/1.1" 200 409
61.170.234.7 - - [27/Apr/2023:09:52:14 +0800] "GET /xingrg/all/function/internal_message.html?_=1682560333592&CODE_STATE=getMsg HTTP/1.1" 200 27
101.83.241.98 - - [27/Apr/2023:09:52:18 +0800] "GET /xingrg/all/function/internal_message.html?_=1682560336851&CODE_STATE=getMsg HTTP/1.1" 200 27
61.170.234.7 - - [27/Apr/2023:09:52:21 +0800] "GET /xingrg/kc/buy/cgsh_order_operate.html?command=get_materiel&rest_code=00106&code=00101008286&supplier_code=00100007&order_time=2023-04-27 HTTP/1.1" 200 408
180.169.147.146 - - [27/Apr/2023:09:52:28 +0800] "GET /xingrg/all/function/internal_message.html?_=1682560348763&CODE_STATE=getMsg HTTP/1.1" 200 27
124.79.74.67 - - [27/Apr/2023:09:52:30 +0800] "GET /xingrg/all/function/internal_message.html?_=1682560352514&CODE_STATE=getMsg HTTP/1.1" 200 27
61.170.234.7 - - [27/Apr/2023:09:52:31 +0800] "GET /xingrg/kc/buy/cgsh_order_operate.html?command=get_materiel&rest_code=00106&code=00101008036&supplier_code=00100007&order_time=2023-04-27 HTTP/1.1" 200 408
61.170.234.7 - - [27/Apr/2023:09:52:34 +0800] "POST /xingrg/kc/buy/cgsh_order_operate.html HTTP/1.1" 200 2065
116.224.106.218 - - [27/Apr/2023:09:52:35 +0800] "GET /xingrg/all/function/internal_message.html?_=1682560354164&CODE_STATE=getMsg HTTP/1.1" 200 27
116.230.117.27 - - [27/Apr/2023:09:52:40 +0800] "GET /xingrg/check_reg.html?_=1682560374149 HTTP/1.1" 200 22
61.170.234.7 - - [27/Apr/2023:09:52:42 +0800] "GET /xingrg/kc/buy/cgsh_order_operate.html?command=get_materiel&rest_code=00106&code=00101008318&supplier_code=00100007&order_time=2023-04-27 HTTP/1.1" 200 408
116.230.117.27 - - [27/Apr/2023:09:52:42 +0800] "GET /xingrg/all/function/internal_message.html?_=1682560376177&CODE_STATE=getMsg HTTP/1.1" 200 27
180.169.147.146 - - [27/Apr/2023:09:52:51 +0800] "GET /xingrg/check_reg.html?_=1682560371287 HTTP/1.1" 302 -
180.169.147.146 - - [27/Apr/2023:09:52:51 +0800] "GET /xingrg/all/function/internal_message.html?_=1682560371288&CODE_STATE=getMsg HTTP/1.1" 302 -
116.224.158.100 - - [27/Apr/2023:09:52:54 +0800] "GET /xingrg/all/function/internal_message.html?_=1682560374369&CODE_STATE=getMsg HTTP/1.1" 200 27
116.227.208.255 - - [27/Apr/2023:09:52:54 +0800] "GET /xingrg/check_reg.html?_=1682560444147 HTTP/1.1" 200 22
116.227.208.255 - - [27/Apr/2023:09:52:54 +0800] "GET /xingrg/all/function/internal_message.html?_=1682560444149&CODE_STATE=getMsg HTTP/1.1" 200 27
116.238.139.35 - - [27/Apr/2023:09:52:55 +0800] "POST /xingrg/kc/buy/cgsh_order_operate.html HTTP/1.1" 200 37
180.152.240.159 - - [27/Apr/2023:09:52:58 +0800] "GET /xingrg/all/function/internal_message.html?_=1682560380252&CODE_STATE=getMsg HTTP/1.1" 302 -
180.164.3.199 - - [27/Apr/2023:09:53:00 +0800] "GET /xingrg/all/function/internal_message.html?_=1682560379655&CODE_STATE=getMsg HTTP/1.1" 200 27
124.79.240.114 - - [27/Apr/2023:09:53:02 +0800] "GET /xingrg/all/function/internal_message.html?_=1682560654133&CODE_STATE=getMsg HTTP/1.1" 200 27
101.83.241.98 - - [27/Apr/2023:09:53:02 +0800] "POST /xingrg/kc/buy/cgsh_order_operate.html HTTP/1.1" 200 37
61.170.234.7 - - [27/Apr/2023:09:53:02 +0800] "GET /xingrg/kc/buy/cgsh_order_operate.html?command=get_materiel&rest_code=00106&code=00101008005&supplier_code=00100007&order_time=2023-04-27 HTTP/1.1" 200 412
116.238.139.35 - - [27/Apr/2023:09:53:08 +0800] "POST /xingrg/kc/buy/cgsh_order_operate.html HTTP/1.1" 200 12
180.163.28.68 - - [27/Apr/2023:09:53:10 +0800] "GET /xingrg/kc/buy/cgsh_order_operate.html?command=get_materiel&rest_code=00106&code=00101008069&supplier_code=00100007&order_time=2023-04-27 HTTP/1.1" 302 -
180.163.28.68 - - [27/Apr/2023:09:53:10 +0800] "GET /xingrg/login.html HTTP/1.1" 200 7641
61.170.234.7 - - [27/Apr/2023:09:53:13 +0800] "GET /xingrg/kc/buy/cgsh_order_operate.html?command=get_materiel&rest_code=00106&code=00101008213&supplier_code=00100007&order_time=2023-04-27 HTTP/1.1" 200 412
101.83.241.98 - - [27/Apr/2023:09:53:13 +0800] "POST /xingrg/kc/buy/cgsh_order_operate.html HTTP/1.1" 200 12
61.170.234.7 - - [27/Apr/2023:09:53:14 +0800] "GET /xingrg/all/function/internal_message.html?_=1682560393606&CODE_STATE=getMsg HTTP/1.1" 200 27
101.83.241.98 - - [27/Apr/2023:09:53:18 +0800] "GET /xingrg/all/function/internal_message.html?_=1682560396870&CODE_STATE=getMsg HTTP/1.1" 200 27
101.83.241.98 - - [27/Apr/2023:09:53:19 +0800] "GET /xingrg/kc/print/load_data.html?order_code=212023042709460&kc_code=cgsh&condition= HTTP/1.1" 200 1723
101.83.241.98 - - [27/Apr/2023:09:53:21 +0800] "GET /xingrg/kc/buy/cgsh_order_info.html?code=212023042709460 HTTP/1.1" 200 66064
101.83.241.98 - - [27/Apr/2023:09:53:21 +0800] "GET /xingrg/words/20230427094616_words.js HTTP/1.1" 304 -
101.83.241.98 - - [27/Apr/2023:09:53:22 +0800] "GET /xingrg/javascript/easyui/themes/default/validatebox.css HTTP/1.1" 404 1104
116.238.139.35 - - [27/Apr/2023:09:53:22 +0800] "GET /xingrg/kc/buy/cgsh_order_info.html?code=212023042709459 HTTP/1.1" 200 66018
61.170.234.7 - - [27/Apr/2023:09:53:22 +0800] "GET /xingrg/kc/buy/cgsh_order_operate.html?command=get_materiel&rest_code=00106&code=00101008312&supplier_code=00100007&order_time=2023-04-27 HTTP/1.1" 200 412
116.238.139.35 - - [27/Apr/2023:09:53:22 +0800] "GET /xingrg/words/20230427094616_words.js HTTP/1.1" 304 -
116.238.139.35 - - [27/Apr/2023:09:53:22 +0800] "GET /xingrg/javascript/easyui/themes/default/validatebox.css HTTP/1.1" 404 1104
101.83.241.98 - - [27/Apr/2023:09:53:23 +0800] "POST /xingrg/kc/buy/cgsh_order_operate.html HTTP/1.1" 200 2997
116.238.139.35 - - [27/Apr/2023:09:53:23 +0800] "POST /xingrg/kc/buy/cgsh_order_operate.html HTTP/1.1" 200 5315
180.169.147.146 - - [27/Apr/2023:09:53:28 +0800] "GET /xingrg/all/function/internal_message.html?_=1682560408762&CODE_STATE=getMsg HTTP/1.1" 200 27
124.79.74.67 - - [27/Apr/2023:09:53:30 +0800] "GET /xingrg/all/function/internal_message.html?_=1682560412513&CODE_STATE=getMsg HTTP/1.1" 200 27
61.170.234.7 - - [27/Apr/2023:09:53:30 +0800] "GET /xingrg/kc/buy/cgsh_order_operate.html?command=get_materiel&rest_code=00106&code=00101008134&supplier_code=00100007&order_time=2023-04-27 HTTP/1.1" 200 412
116.224.106.218 - - [27/Apr/2023:09:53:35 +0800] "GET /xingrg/all/function/internal_message.html?_=1682560414151&CODE_STATE=getMsg HTTP/1.1" 200 27
61.170.234.7 - - [27/Apr/2023:09:53:41 +0800] "POST /xingrg/kc/buy/cgsh_order_operate.html HTTP/1.1" 200 2065
116.230.117.27 - - [27/Apr/2023:09:53:42 +0800] "GET /xingrg/all/function/internal_message.html?_=1682560436192&CODE_STATE=getMsg HTTP/1.1" 200 27
180.164.3.199 - - [27/Apr/2023:09:53:44 +0800] "POST /xingrg/kc/buy/cgsh_list_operate.html HTTP/1.1" 200 4
101.83.241.98 - - [27/Apr/2023:09:53:47 +0800] "GET /xingrg/kc/buy/cgsh_order_add.html HTTP/1.1" 200 71155
101.83.241.98 - - [27/Apr/2023:09:53:47 +0800] "GET /xingrg/javascript/easyui/themes/default/validatebox.css HTTP/1.1" 404 1104
101.83.241.98 - - [27/Apr/2023:09:53:47 +0800] "POST /xingrg/kc/buy/cgsh_order_operate.html HTTP/1.1" 200 8245
61.170.234.7 - - [27/Apr/2023:09:53:49 +0800] "GET /xingrg/kc/buy/cgsh_order_operate.html?command=get_materiel&rest_code=00106&code=00101008125&supplier_code=00100007&order_time=2023-04-27 HTTP/1.1" 200 413
180.169.147.146 - - [27/Apr/2023:09:53:51 +0800] "GET /xingrg/all/function/internal_message.html?_=1682560431292&CODE_STATE=getMsg HTTP/1.1" 302 -
180.164.3.199 - - [27/Apr/2023:09:53:53 +0800] "POST /xingrg/kc/buy/cgsh_list_operate.html HTTP/1.1" 200 2333
116.224.158.100 - - [27/Apr/2023:09:53:54 +0800] "GET /xingrg/all/function/internal_message.html?_=1682560434370&CODE_STATE=getMsg HTTP/1.1" 200 27
116.227.208.255 - - [27/Apr/2023:09:53:54 +0800] "GET /xingrg/all/function/internal_message.html?_=1682560504156&CODE_STATE=getMsg HTTP/1.1" 200 27
116.238.139.35 - - [27/Apr/2023:09:53:55 +0800] "GET /xingrg/all/function/internal_message.html?_=1682560435499&CODE_STATE=getMsg HTTP/1.1" 200 27
116.238.139.35 - - [27/Apr/2023:09:53:56 +0800] "GET /xingrg/kc/print/load_data.html?order_code=212023042709459&kc_code=cgsh&condition= HTTP/1.1" 200 2515
180.152.240.159 - - [27/Apr/2023:09:53:58 +0800] "GET /xingrg/all/function/internal_message.html?_=1682560440238&CODE_STATE=getMsg HTTP/1.1" 302 -
180.152.240.159 - - [27/Apr/2023:09:53:59 +0800] "GET /xingrg/check_reg.html?_=1682560441498 HTTP/1.1" 302 -
180.164.3.199 - - [27/Apr/2023:09:54:00 +0800] "GET /xingrg/all/function/internal_message.html?_=1682560439782&CODE_STATE=getMsg HTTP/1.1" 200 27
124.79.240.114 - - [27/Apr/2023:09:54:02 +0800] "GET /xingrg/all/function/internal_message.html?_=1682560714147&CODE_STATE=getMsg HTTP/1.1" 200 27
101.83.241.98 - - [27/Apr/2023:09:54:03 +0800] "GET /xingrg/kc/buy/cgsh_order_operate.html?command=get_materiel&rest_code=00149&code=00101012029&supplier_code=00100036&order_time=2023-04-27 HTTP/1.1" 200 412
61.170.234.7 - - [27/Apr/2023:09:54:08 +0800] "GET /xingrg/kc/buy/cgsh_order_operate.html?command=get_materiel&rest_code=00106&code=00101008350&supplier_code=00100007&order_time=2023-04-27 HTTP/1.1" 200 408
116.238.139.35 - - [27/Apr/2023:09:54:14 +0800] "GET /xingrg/kc/buy/cgsh_order_add.html HTTP/1.1" 200 71111
61.170.234.7 - - [27/Apr/2023:09:54:14 +0800] "GET /xingrg/all/function/internal_message.html?_=1682560453603&CODE_STATE=getMsg HTTP/1.1" 200 27
116.238.139.35 - - [27/Apr/2023:09:54:14 +0800] "GET /xingrg/words/20230427094616_words.js HTTP/1.1" 304 -
116.238.139.35 - - [27/Apr/2023:09:54:14 +0800] "GET /xingrg/javascript/easyui/themes/default/validatebox.css HTTP/1.1" 404 1104
116.238.139.35 - - [27/Apr/2023:09:54:14 +0800] "POST /xingrg/kc/buy/cgsh_order_operate.html HTTP/1.1" 200 8245
180.163.30.27 - - [27/Apr/2023:09:54:17 +0800] "GET /xingrg/kc/buy/cgsh_order_operate.html?command=get_materiel&rest_code=00106&code=00101008312&supplier_code=00100007&order_time=2023-04-27 HTTP/1.1" 302 -
180.163.30.27 - - [27/Apr/2023:09:54:17 +0800] "GET /xingrg/login.html HTTP/1.1" 200 7641
101.83.241.98 - - [27/Apr/2023:09:54:18 +0800] "GET /xingrg/all/function/internal_message.html?_=1682560456926&CODE_STATE=getMsg HTTP/1.1" 200 27
101.83.241.98 - - [27/Apr/2023:09:54:18 +0800] "GET /xingrg/check_reg.html?_=1682560456927 HTTP/1.1" 200 22
61.170.234.7 - - [27/Apr/2023:09:54:26 +0800] "POST /xingrg/kc/buy/cgsh_order_operate.html HTTP/1.1" 200 37
180.164.3.199 - - [27/Apr/2023:09:54:28 +0800] "POST /xingrg/kc/buy/cgsh_list_operate.html HTTP/1.1" 200 4
180.169.147.146 - - [27/Apr/2023:09:54:28 +0800] "GET /xingrg/all/function/internal_message.html?_=1682560468776&CODE_STATE=getMsg HTTP/1.1" 200 27
180.169.147.146 - - [27/Apr/2023:09:54:28 +0800] "GET /xingrg/check_reg.html?_=1682560468777 HTTP/1.1" 200 22
116.238.139.35 - - [27/Apr/2023:09:54:30 +0800] "GET /xingrg/kc/buy/cgsh_order_operate.html?command=get_materiel&rest_code=00150&code=00101020109&supplier_code=00100151&order_time=2023-04-27 HTTP/1.1" 200 413
124.79.74.67 - - [27/Apr/2023:09:54:30 +0800] "GET /xingrg/check_reg.html?_=1682560472512 HTTP/1.1" 200 22
124.79.74.67 - - [27/Apr/2023:09:54:30 +0800] "GET /xingrg/all/function/internal_message.html?_=1682560472514&CODE_STATE=getMsg HTTP/1.1" 200 27
180.164.3.199 - - [27/Apr/2023:09:54:32 +0800] "POST /xingrg/kc/buy/cgsh_list_operate.html HTTP/1.1" 200 986
116.224.106.218 - - [27/Apr/2023:09:54:35 +0800] "GET /xingrg/all/function/internal_message.html?_=1682560474137&CODE_STATE=getMsg HTTP/1.1" 200 27
61.170.234.7 - - [27/Apr/2023:09:54:37 +0800] "POST /xingrg/kc/buy/cgsh_order_operate.html HTTP/1.1" 200 15057
116.230.117.27 - - [27/Apr/2023:09:54:42 +0800] "GET /xingrg/all/function/internal_message.html?_=1682560496204&CODE_STATE=getMsg HTTP/1.1" 200 27
101.83.241.98 - - [27/Apr/2023:09:54:43 +0800] "GET /xingrg/kc/buy/cgsh_order_operate.html?command=get_materiel&rest_code=00149&code=00101012051&supplier_code=00100036&order_time=2023-04-27 HTTP/1.1" 200 408
180.163.30.27 - - [27/Apr/2023:09:54:44 +0800] "GET /xingrg/kc/buy/cgsh_order_operate.html?command=get_materiel&rest_code=00106&code=00101008125&supplier_code=00100007&order_time=2023-04-27 HTTP/1.1" 302 -
180.163.30.27 - - [27/Apr/2023:09:54:44 +0800] "GET /xingrg/login.html HTTP/1.1" 200 7641
116.238.139.35 - - [27/Apr/2023:09:54:48 +0800] "POST /xingrg/services/DataTransmitService HTTP/1.1" 200 524
180.169.147.146 - - [27/Apr/2023:09:54:51 +0800] "GET /xingrg/all/function/internal_message.html?_=1682560491292&CODE_STATE=getMsg HTTP/1.1" 302 -
