180.152.240.159 - - [27/Apr/2023:11:02:58 +0800] "GET /xingrg/kc/buy/cgsh_order_add.html HTTP/1.1" 200 71108
180.152.240.159 - - [27/Apr/2023:11:02:59 +0800] "POST /xingrg/kc/buy/cgsh_order_operate.html HTTP/1.1" 200 8245
180.152.240.159 - - [27/Apr/2023:11:02:59 +0800] "GET /xingrg/javascript/easyui/themes/default/validatebox.css HTTP/1.1" 404 1104
180.152.240.159 - - [27/Apr/2023:11:03:06 +0800] "GET /xingrg/kc/buy/cgsh_order_operate.html?command=get_materiel&rest_code=00102&code=00101001135&supplier_code=00100313&order_time=2023-04-25 HTTP/1.1" 200 415
101.83.241.98 - - [27/Apr/2023:11:03:07 +0800] "GET /xingrg/kc/buy/cgsh_order_operate.html?command=get_materiel&rest_code=00149&code=00101006334&supplier_code=00100558&order_time=2023-04-27 HTTP/1.1" 200 414
124.78.66.30 - - [27/Apr/2023:11:03:09 +0800] "GET /xingrg/all/function/internal_message.html?_=1682564117198&CODE_STATE=getMsg HTTP/1.1" 200 27
124.78.66.30 - - [27/Apr/2023:11:03:09 +0800] "GET /xingrg/check_reg.html?_=1682564117196 HTTP/1.1" 200 22
180.152.240.159 - - [27/Apr/2023:11:03:10 +0800] "GET /xingrg/all/function/internal_message.html?_=1682564592837&CODE_STATE=getMsg HTTP/1.1" 200 27
116.230.117.27 - - [27/Apr/2023:11:03:13 +0800] "GET /xingrg/all/function/internal_message.html?_=1682564607611&CODE_STATE=getMsg HTTP/1.1" 200 27
180.163.29.103 - - [27/Apr/2023:11:03:17 +0800] "GET /xingrg/all/function/internal_message.html?_=1682564536635&CODE_STATE=getMsg HTTP/1.1" 302 -
61.170.234.7 - - [27/Apr/2023:11:03:17 +0800] "GET /xingrg/all/function/internal_message.html?_=1682564596608&CODE_STATE=getMsg HTTP/1.1" 200 27
180.163.29.103 - - [27/Apr/2023:11:03:17 +0800] "GET /xingrg/login.html HTTP/1.1" 200 7641
180.169.147.146 - - [27/Apr/2023:11:03:17 +0800] "GET /xingrg/all/function/internal_message.html?_=1682564589273&CODE_STATE=getMsg HTTP/1.1" 200 27
101.83.241.98 - - [27/Apr/2023:11:03:18 +0800] "GET /xingrg/all/function/internal_message.html?_=1682564597141&CODE_STATE=getMsg HTTP/1.1" 200 27
180.152.240.159 - - [27/Apr/2023:11:03:19 +0800] "GET /xingrg/kc/buy/cgsh_order_operate.html?command=get_materiel&rest_code=00102&code=00101001027&supplier_code=00100313&order_time=2023-04-25 HTTP/1.1" 200 415
180.152.240.159 - - [27/Apr/2023:11:03:26 +0800] "GET /xingrg/kc/buy/cgsh_order_operate.html?command=get_materiel&rest_code=00102&code=00101001016&supplier_code=00100313&order_time=2023-04-25 HTTP/1.1" 200 413
116.230.117.27 - - [27/Apr/2023:11:03:26 +0800] "GET /xingrg/kc/buy/cgsh_order_operate.html?command=get_materiel&rest_code=00146&code=00101009011&supplier_code=00100023&order_time=2023-04-27 HTTP/1.1" 200 416
101.83.241.98 - - [27/Apr/2023:11:03:28 +0800] "GET /xingrg/kc/buy/cgsh_order_operate.html?command=get_materiel&rest_code=00149&code=00101006284&supplier_code=00100558&order_time=2023-04-27 HTTP/1.1" 200 418
180.169.147.146 - - [27/Apr/2023:11:03:28 +0800] "GET /xingrg/all/function/internal_message.html?_=1682564608764&CODE_STATE=getMsg HTTP/1.1" 200 27
180.152.240.159 - - [27/Apr/2023:11:03:33 +0800] "GET /xingrg/kc/buy/cgsh_order_operate.html?command=get_materiel&rest_code=00102&code=00101001194&supplier_code=00100313&order_time=2023-04-25 HTTP/1.1" 200 415
101.229.22.234 - - [27/Apr/2023:11:03:33 +0800] "GET /xingrg/all/function/internal_message.html?_=1682564612393&CODE_STATE=getMsg HTTP/1.1" 200 27
101.229.22.234 - - [27/Apr/2023:11:03:33 +0800] "GET /xingrg/check_reg.html?_=1682564612396 HTTP/1.1" 200 22
116.224.106.218 - - [27/Apr/2023:11:03:34 +0800] "GET /xingrg/all/function/internal_message.html?_=1682564612977&CODE_STATE=getMsg HTTP/1.1" 200 27
116.230.117.27 - - [27/Apr/2023:11:03:39 +0800] "POST /xingrg/kc/buy/cgsh_order_operate.html HTTP/1.1" 200 37
180.152.240.159 - - [27/Apr/2023:11:03:40 +0800] "GET /xingrg/check_reg.html?_=1682564632230 HTTP/1.1" 200 22
180.152.240.159 - - [27/Apr/2023:11:03:40 +0800] "GET /xingrg/all/function/internal_message.html?_=1682564632231&CODE_STATE=getMsg HTTP/1.1" 200 27
101.83.241.98 - - [27/Apr/2023:11:03:41 +0800] "GET /xingrg/kc/buy/cgsh_order_operate.html?command=get_materiel&rest_code=00149&code=00102026001&supplier_code=00100558&order_time=2023-04-27 HTTP/1.1" 200 409
180.152.240.159 - - [27/Apr/2023:11:03:41 +0800] "GET /xingrg/kc/buy/cgsh_order_operate.html?command=get_materiel&rest_code=00102&code=00101008477&supplier_code=00100313&order_time=2023-04-25 HTTP/1.1" 200 422
116.230.117.27 - - [27/Apr/2023:11:03:42 +0800] "POST /xingrg/kc/buy/cgsh_order_operate.html HTTP/1.1" 200 3839
116.238.139.35 - - [27/Apr/2023:11:03:43 +0800] "GET /xingrg/kc/base/wldb_order_list.html HTTP/1.1" 200 19104
180.152.240.159 - - [27/Apr/2023:11:03:43 +0800] "GET /xingrg/javascript/easyui/themes/default/images/button_plain_hover.png HTTP/1.1" 200 144
116.238.139.35 - - [27/Apr/2023:11:03:44 +0800] "POST /xingrg/kc/base/wldb_list_operate.html HTTP/1.1" 200 928
180.164.3.199 - - [27/Apr/2023:11:03:45 +0800] "GET /xingrg/all/function/internal_message.html?_=1682564624038&CODE_STATE=getMsg HTTP/1.1" 200 27
116.238.139.35 - - [27/Apr/2023:11:03:45 +0800] "GET /xingrg/kc/base/wldb_order_add.html HTTP/1.1" 200 30387
116.238.139.35 - - [27/Apr/2023:11:03:45 +0800] "GET /xingrg/words/20230427101544_words.js HTTP/1.1" 200 962046
116.238.139.35 - - [27/Apr/2023:11:03:45 +0800] "POST /xingrg/kc/base/wldb_order_operate.html HTTP/1.1" 200 6806
116.238.139.35 - - [27/Apr/2023:11:03:45 +0800] "GET /xingrg/all/common/auto_word.html?type=base&rest_code=00150 HTTP/1.1" 200 1853
116.238.139.35 - - [27/Apr/2023:11:03:45 +0800] "GET /xingrg/all/common/auto_word.html?type=base&rest_code=00150 HTTP/1.1" 200 1853
116.238.139.35 - - [27/Apr/2023:11:03:46 +0800] "GET /xingrg/javascript/easyui/themes/default/validatebox.css HTTP/1.1" 404 1104
116.230.117.27 - - [27/Apr/2023:11:03:46 +0800] "GET /xingrg/kc/print/load_data.html?order_code=212023042709505&kc_code=cgsh&condition= HTTP/1.1" 200 1150
180.152.240.159 - - [27/Apr/2023:11:03:47 +0800] "GET /xingrg/kc/buy/cgsh_order_operate.html?command=get_materiel&rest_code=00102&code=00101004131&supplier_code=00100313&order_time=2023-04-25 HTTP/1.1" 200 395
180.169.147.146 - - [27/Apr/2023:11:03:51 +0800] "GET /xingrg/all/function/internal_message.html?_=1682564631275&CODE_STATE=getMsg HTTP/1.1" 302 -
116.224.158.100 - - [27/Apr/2023:11:03:52 +0800] "GET /xingrg/all/function/internal_message.html?_=1682564632938&CODE_STATE=getMsg HTTP/1.1" 200 27
180.152.240.159 - - [27/Apr/2023:11:03:53 +0800] "GET /xingrg/kc/buy/cgsh_order_operate.html?command=get_materiel&rest_code=00102&code=00101005002&supplier_code=00100313&order_time=2023-04-25 HTTP/1.1" 200 413
116.238.139.35 - - [27/Apr/2023:11:03:54 +0800] "GET /xingrg/all/function/internal_message.html?_=1682564634162&CODE_STATE=getMsg HTTP/1.1" 200 27
116.227.208.255 - - [27/Apr/2023:11:03:54 +0800] "GET /xingrg/all/function/internal_message.html?_=1682564704153&CODE_STATE=getMsg HTTP/1.1" 200 27
101.83.241.98 - - [27/Apr/2023:11:03:58 +0800] "POST /xingrg/kc/buy/cgsh_order_operate.html HTTP/1.1" 200 37
116.230.117.27 - - [27/Apr/2023:11:03:58 +0800] "GET /xingrg/kc/buy/cgsh_order_add.html HTTP/1.1" 200 71067
116.230.117.27 - - [27/Apr/2023:11:03:59 +0800] "POST /xingrg/kc/buy/cgsh_order_operate.html HTTP/1.1" 200 8245
116.230.117.27 - - [27/Apr/2023:11:03:59 +0800] "GET /xingrg/javascript/easyui/themes/default/validatebox.css HTTP/1.1" 404 1104
180.152.240.159 - - [27/Apr/2023:11:04:01 +0800] "GET /xingrg/kc/buy/cgsh_order_operate.html?command=get_materiel&rest_code=00102&code=00101004010&supplier_code=00100313&order_time=2023-04-25 HTTP/1.1" 200 409
101.83.241.98 - - [27/Apr/2023:11:04:06 +0800] "POST /xingrg/kc/buy/cgsh_order_operate.html HTTP/1.1" 200 12
180.152.240.159 - - [27/Apr/2023:11:04:07 +0800] "GET /xingrg/kc/buy/cgsh_order_operate.html?command=get_materiel&rest_code=00102&code=00102026001&supplier_code=00100313&order_time=2023-04-25 HTTP/1.1" 200 409
101.83.241.98 - - [27/Apr/2023:11:04:08 +0800] "GET /xingrg/kc/buy/cgsh_order_info.html?code=212023042709506 HTTP/1.1" 200 66062
124.78.66.30 - - [27/Apr/2023:11:04:09 +0800] "GET /xingrg/all/function/internal_message.html?_=1682564177198&CODE_STATE=getMsg HTTP/1.1" 200 27
101.83.241.98 - - [27/Apr/2023:11:04:09 +0800] "GET /xingrg/javascript/easyui/themes/default/validatebox.css HTTP/1.1" 404 1104
101.83.241.98 - - [27/Apr/2023:11:04:10 +0800] "POST /xingrg/kc/buy/cgsh_order_operate.html HTTP/1.1" 200 1797
180.152.240.159 - - [27/Apr/2023:11:04:10 +0800] "GET /xingrg/all/function/internal_message.html?_=1682564652847&CODE_STATE=getMsg HTTP/1.1" 200 27
116.230.117.27 - - [27/Apr/2023:11:04:13 +0800] "GET /xingrg/check_reg.html?_=1682564667473 HTTP/1.1" 200 22
116.230.117.27 - - [27/Apr/2023:11:04:13 +0800] "GET /xingrg/all/function/internal_message.html?_=1682564667624&CODE_STATE=getMsg HTTP/1.1" 200 27
101.83.241.98 - - [27/Apr/2023:11:04:13 +0800] "GET /xingrg/kc/print/load_data.html?order_code=212023042709506&kc_code=cgsh&condition= HTTP/1.1" 200 1160
180.152.240.159 - - [27/Apr/2023:11:04:16 +0800] "GET /xingrg/kc/buy/cgsh_order_operate.html?command=get_materiel&rest_code=00102&code=00101008195&supplier_code=00100313&order_time=2023-04-25 HTTP/1.1" 200 424
61.170.234.7 - - [27/Apr/2023:11:04:17 +0800] "GET /xingrg/all/function/internal_message.html?_=1682564656579&CODE_STATE=getMsg HTTP/1.1" 200 27
180.163.28.109 - - [27/Apr/2023:11:04:17 +0800] "GET /xingrg/all/function/internal_message.html?_=1682564596608&CODE_STATE=getMsg HTTP/1.1" 302 -
180.163.28.109 - - [27/Apr/2023:11:04:17 +0800] "GET /xingrg/login.html HTTP/1.1" 200 7641
116.238.139.35 - - [27/Apr/2023:11:04:17 +0800] "GET /xingrg/kc/base/wldb_order_operate.html?command=get_materiel&rest_code=00150&base_code=0010445&code=00101019457 HTTP/1.1" 200 475
180.169.147.146 - - [27/Apr/2023:11:04:17 +0800] "GET /xingrg/all/function/internal_message.html?_=1682564649271&CODE_STATE=getMsg HTTP/1.1" 200 27
101.83.241.98 - - [27/Apr/2023:11:04:18 +0800] "GET /xingrg/check_reg.html?_=1682564657111 HTTP/1.1" 200 22
101.83.241.98 - - [27/Apr/2023:11:04:18 +0800] "GET /xingrg/all/function/internal_message.html?_=1682564657119&CODE_STATE=getMsg HTTP/1.1" 200 27
180.169.147.146 - - [27/Apr/2023:11:04:28 +0800] "GET /xingrg/all/function/internal_message.html?_=1682564668773&CODE_STATE=getMsg HTTP/1.1" 200 27
180.169.147.146 - - [27/Apr/2023:11:04:28 +0800] "GET /xingrg/check_reg.html?_=1682564668777 HTTP/1.1" 200 22
180.152.240.159 - - [27/Apr/2023:11:04:29 +0800] "POST /xingrg/kc/buy/cgsh_order_operate.html HTTP/1.1" 200 37
116.230.117.27 - - [27/Apr/2023:11:04:30 +0800] "GET /xingrg/kc/buy/cgsh_order_operate.html?command=get_materiel&rest_code=00146&code=00101016080&supplier_code=00100033&order_time=2023-04-27 HTTP/1.1" 200 408
101.229.22.234 - - [27/Apr/2023:11:04:33 +0800] "GET /xingrg/all/function/internal_message.html?_=1682564672396&CODE_STATE=getMsg HTTP/1.1" 200 27
116.224.106.218 - - [27/Apr/2023:11:04:34 +0800] "GET /xingrg/all/function/internal_message.html?_=1682564672963&CODE_STATE=getMsg HTTP/1.1" 200 27
180.152.240.159 - - [27/Apr/2023:11:04:35 +0800] "GET /xingrg/kc/buy/cgsh_order_add.html HTTP/1.1" 200 71102
180.152.240.159 - - [27/Apr/2023:11:04:35 +0800] "GET /xingrg/javascript/jquery_tools/order_manager.js HTTP/1.1" 200 11183
180.152.240.159 - - [27/Apr/2023:11:04:35 +0800] "GET /xingrg/javascript/pic_change.js HTTP/1.1" 200 4739
180.152.240.159 - - [27/Apr/2023:11:04:35 +0800] "GET /xingrg/javascript/convert.js HTTP/1.1" 200 1239
180.152.240.159 - - [27/Apr/2023:11:04:35 +0800] "GET /xingrg/javascript/json2.js HTTP/1.1" 200 11259
180.152.240.159 - - [27/Apr/2023:11:04:35 +0800] "GET /xingrg/javascript/print/kc_print.js HTTP/1.1" 200 11415
180.152.240.159 - - [27/Apr/2023:11:04:35 +0800] "GET /xingrg/words/20230427101544_words.js HTTP/1.1" 200 962046
180.152.240.159 - - [27/Apr/2023:11:04:35 +0800] "GET /xingrg/javascript/easyui/themes/icons/ok.png HTTP/1.1" 200 883
180.152.240.159 - - [27/Apr/2023:11:04:35 +0800] "GET /xingrg/javascript/easyui/themes/icons/print.png HTTP/1.1" 200 1057
180.152.240.159 - - [27/Apr/2023:11:04:35 +0800] "GET /xingrg/javascript/easyui/themes/icons/copy_new.png HTTP/1.1" 200 815
180.152.240.159 - - [27/Apr/2023:11:04:35 +0800] "GET /xingrg/javascript/easyui/themes/icons/cancel.png HTTP/1.1" 200 1133
180.152.240.159 - - [27/Apr/2023:11:04:35 +0800] "GET /xingrg/javascript/easyui/themes/default/images/menu_downarrow.png HTTP/1.1" 200 173
180.152.240.159 - - [27/Apr/2023:11:04:35 +0800] "GET /xingrg/javascript/easyui/themes/icons/template_new.png HTTP/1.1" 200 3956
180.152.240.159 - - [27/Apr/2023:11:04:35 +0800] "POST /xingrg/kc/buy/cgsh_order_operate.html HTTP/1.1" 200 8245
180.152.240.159 - - [27/Apr/2023:11:04:35 +0800] "GET /xingrg/javascript/easyui/themes/default/validatebox.css HTTP/1.1" 404 1104
180.152.240.159 - - [27/Apr/2023:11:04:35 +0800] "GET /xingrg/javascript/easyui/plugins/jquery.validatebox.js HTTP/1.1" 200 6103
180.152.240.159 - - [27/Apr/2023:11:04:35 +0800] "GET /xingrg/javascript/easyui/themes/icons/edit_remove.png HTTP/1.1" 200 625
180.152.240.159 - - [27/Apr/2023:11:04:35 +0800] "GET /xingrg/javascript/easyui/plugins/jquery.numberbox.js HTTP/1.1" 200 5213
180.152.240.159 - - [27/Apr/2023:11:04:35 +0800] "GET /xingrg/all/common/auto_word.html?type=employee&rest_code=00102 HTTP/1.1" 200 189
180.152.240.159 - - [27/Apr/2023:11:04:35 +0800] "GET /xingrg/all/common/auto_word.html?type=employee&rest_code=00102 HTTP/1.1" 200 189
180.152.240.159 - - [27/Apr/2023:11:04:35 +0800] "POST /xingrg/kc/buy/cgsh_order_operate.html HTTP/1.1" 200 12
116.238.139.35 - - [27/Apr/2023:11:04:35 +0800] "GET /xingrg/kc/base/wldb_order_operate.html?command=get_materiel&rest_code=00150&base_code=0010445&code=00101016029 HTTP/1.1" 200 460
180.152.240.159 - - [27/Apr/2023:11:04:38 +0800] "GET /xingrg/kc/buy/cgsh_order_info.html?code=212023042709507 HTTP/1.1" 200 66021
180.152.240.159 - - [27/Apr/2023:11:04:38 +0800] "GET /xingrg/javascript/easyui/themes/default/validatebox.css HTTP/1.1" 404 1104
180.152.240.159 - - [27/Apr/2023:11:04:39 +0800] "POST /xingrg/kc/buy/cgsh_order_operate.html HTTP/1.1" 200 5977
120.253.135.82 - - [27/Apr/2023:11:04:39 +0800] "GET /xingrg/check_reg.html?_=1682564519130 HTTP/1.1" 200 22
180.152.240.159 - - [27/Apr/2023:11:04:40 +0800] "GET /xingrg/all/function/internal_message.html?_=1682564692257&CODE_STATE=getMsg HTTP/1.1" 200 27
180.152.240.159 - - [27/Apr/2023:11:04:42 +0800] "GET /xingrg/kc/print/load_data.html?order_code=212023042709507&kc_code=cgsh&condition= HTTP/1.1" 200 2773
180.152.240.159 - - [27/Apr/2023:11:04:42 +0800] "GET /xingrg/javascript/auto/indicator.gif HTTP/1.1" 404 1066
116.238.139.35 - - [27/Apr/2023:11:04:43 +0800] "GET /xingrg/kc/base/wldb_order_operate.html?command=get_materiel&rest_code=00150&base_code=0010445&code=00101019390 HTTP/1.1" 200 469
180.164.3.199 - - [27/Apr/2023:11:04:45 +0800] "GET /xingrg/all/function/internal_message.html?_=1682564684018&CODE_STATE=getMsg HTTP/1.1" 200 27
116.230.117.27 - - [27/Apr/2023:11:04:47 +0800] "GET /xingrg/kc/buy/cgsh_order_operate.html?command=get_materiel&rest_code=00146&code=00101016025&supplier_code=00100033&order_time=2023-04-27 HTTP/1.1" 200 408
116.238.139.35 - - [27/Apr/2023:11:04:49 +0800] "GET /xingrg/kc/base/wldb_order_operate.html?command=get_materiel&rest_code=00150&base_code=0010445&code=00101019185 HTTP/1.1" 200 469
180.169.147.146 - - [27/Apr/2023:11:04:51 +0800] "GET /xingrg/all/function/internal_message.html?_=1682564691282&CODE_STATE=getMsg HTTP/1.1" 302 -
116.224.158.100 - - [27/Apr/2023:11:04:52 +0800] "GET /xingrg/all/function/internal_message.html?_=1682564692915&CODE_STATE=getMsg HTTP/1.1" 200 27
116.224.158.100 - - [27/Apr/2023:11:04:54 +0800] "GET /xingrg/check_reg.html?_=1682564694203 HTTP/1.1" 200 22
116.238.139.35 - - [27/Apr/2023:11:04:54 +0800] "GET /xingrg/all/function/internal_message.html?_=1682564694145&CODE_STATE=getMsg HTTP/1.1" 200 27
116.227.208.255 - - [27/Apr/2023:11:04:54 +0800] "GET /xingrg/all/function/internal_message.html?_=1682564764153&CODE_STATE=getMsg HTTP/1.1" 200 27
116.238.139.35 - - [27/Apr/2023:11:04:54 +0800] "GET /xingrg/kc/base/wldb_order_operate.html?command=get_materiel&rest_code=00150&base_code=0010445&code=00101019637 HTTP/1.1" 200 449
116.238.139.35 - - [27/Apr/2023:11:04:55 +0800] "GET /xingrg/check_reg.html?_=1682564695544 HTTP/1.1" 200 22
116.230.117.27 - - [27/Apr/2023:11:04:59 +0800] "GET /xingrg/kc/buy/cgsh_order_operate.html?command=get_materiel&rest_code=00146&code=00101012046&supplier_code=00100033&order_time=2023-04-27 HTTP/1.1" 200 417
58.221.95.50 - - [27/Apr/2023:11:04:59 +0800] "GET /xingrg/check_reg.html?_=1682564697599 HTTP/1.1" 200 22
180.164.3.199 - - [27/Apr/2023:11:05:00 +0800] "GET /xingrg/check_reg.html?_=1682564699648 HTTP/1.1" 200 22
116.238.139.35 - - [27/Apr/2023:11:05:01 +0800] "GET /xingrg/kc/base/wldb_order_operate.html?command=get_materiel&rest_code=00150&base_code=0010445&code=00101027001 HTTP/1.1" 200 471
124.78.66.30 - - [27/Apr/2023:11:05:09 +0800] "GET /xingrg/all/function/internal_message.html?_=1682564237198&CODE_STATE=getMsg HTTP/1.1" 200 27
116.238.139.35 - - [27/Apr/2023:11:05:09 +0800] "POST /xingrg/kc/base/wldb_order_operate.html HTTP/1.1" 200 37
116.230.117.27 - - [27/Apr/2023:11:05:10 +0800] "GET /xingrg/kc/buy/cgsh_order_operate.html?command=get_materiel&rest_code=00146&code=00101012003&supplier_code=00100033&order_time=2023-04-27 HTTP/1.1" 200 413
180.152.240.159 - - [27/Apr/2023:11:05:10 +0800] "GET /xingrg/all/function/internal_message.html?_=1682564712842&CODE_STATE=getMsg HTTP/1.1" 200 27
116.230.117.27 - - [27/Apr/2023:11:05:13 +0800] "GET /xingrg/all/function/internal_message.html?_=1682564727639&CODE_STATE=getMsg HTTP/1.1" 200 27
116.238.139.35 - - [27/Apr/2023:11:05:15 +0800] "POST /xingrg/kc/base/wldb_order_operate.html HTTP/1.1" 200 12
116.238.139.35 - - [27/Apr/2023:11:05:15 +0800] "POST /xingrg/kc/base/wldb_order_operate.html HTTP/1.1" 200 4196
61.170.234.7 - - [27/Apr/2023:11:05:17 +0800] "GET /xingrg/all/function/internal_message.html?_=1682564716550&CODE_STATE=getMsg HTTP/1.1" 200 27
172.20.0.100 - - [27/Apr/2023:11:05:17 +0800] "GET /xingrg/check_reg.html?_=1682564727587 HTTP/1.1" 200 22
180.169.147.146 - - [27/Apr/2023:11:05:17 +0800] "GET /xingrg/all/function/internal_message.html?_=1682564709270&CODE_STATE=getMsg HTTP/1.1" 200 27
101.83.241.98 - - [27/Apr/2023:11:05:18 +0800] "GET /xingrg/all/function/internal_message.html?_=1682564717122&CODE_STATE=getMsg HTTP/1.1" 200 27
116.238.139.35 - - [27/Apr/2023:11:05:20 +0800] "GET /xingrg/kc/base/wldb_order_info.html?code=422023042702158 HTTP/1.1" 200 26266
116.238.139.35 - - [27/Apr/2023:11:05:21 +0800] "GET /xingrg/javascript/easyui/themes/default/validatebox.css HTTP/1.1" 404 1104
116.238.139.35 - - [27/Apr/2023:11:05:21 +0800] "POST /xingrg/kc/base/wldb_order_operate.html HTTP/1.1" 200 2447
180.152.240.159 - - [27/Apr/2023:11:05:22 +0800] "GET /xingrg/kc/buy/cgsh_order_operate.html?command=get_materiel&rest_code=00102&code=00101016030&supplier_code=00100096&order_time=2023-04-27 HTTP/1.1" 200 412
116.230.117.27 - - [27/Apr/2023:11:05:27 +0800] "GET /xingrg/kc/buy/cgsh_order_operate.html?command=get_materiel&rest_code=00146&code=00101016105&supplier_code=00100033&order_time=2023-04-27 HTTP/1.1" 200 409
116.238.139.35 - - [27/Apr/2023:11:05:28 +0800] "GET /xingrg/kc/base/wldb_order_add.html HTTP/1.1" 200 30387
116.238.139.35 - - [27/Apr/2023:11:05:28 +0800] "POST /xingrg/kc/base/wldb_order_operate.html HTTP/1.1" 200 6806
116.238.139.35 - - [27/Apr/2023:11:05:28 +0800] "GET /xingrg/javascript/easyui/themes/default/validatebox.css HTTP/1.1" 404 1104
180.169.147.146 - - [27/Apr/2023:11:05:28 +0800] "GET /xingrg/all/function/internal_message.html?_=1682564728768&CODE_STATE=getMsg HTTP/1.1" 200 27
180.152.240.159 - - [27/Apr/2023:11:05:32 +0800] "GET /xingrg/kc/buy/cgsh_order_operate.html?command=get_materiel&rest_code=00102&code=00101012025&supplier_code=00100096&order_time=2023-04-27 HTTP/1.1" 200 413
116.224.106.218 - - [27/Apr/2023:11:05:33 +0800] "GET /xingrg/check_reg.html?_=1682564731802 HTTP/1.1" 200 22
101.229.22.234 - - [27/Apr/2023:11:05:33 +0800] "GET /xingrg/all/function/internal_message.html?_=1682564732396&CODE_STATE=getMsg HTTP/1.1" 200 27
116.224.106.218 - - [27/Apr/2023:11:05:34 +0800] "GET /xingrg/all/function/internal_message.html?_=1682564732944&CODE_STATE=getMsg HTTP/1.1" 200 27
116.238.139.35 - - [27/Apr/2023:11:05:37 +0800] "GET /xingrg/kc/base/wldb_order_operate.html?command=get_materiel&rest_code=00150&base_code=0010447&code=00101014075 HTTP/1.1" 200 453
180.152.240.159 - - [27/Apr/2023:11:05:40 +0800] "GET /xingrg/all/function/internal_message.html?_=1682564752241&CODE_STATE=getMsg HTTP/1.1" 200 27
116.230.117.27 - - [27/Apr/2023:11:05:43 +0800] "GET /xingrg/kc/buy/cgsh_order_operate.html?command=get_materiel&rest_code=00146&code=00101019435&supplier_code=00100033&order_time=2023-04-27 HTTP/1.1" 200 417
180.164.3.199 - - [27/Apr/2023:11:05:45 +0800] "GET /xingrg/all/function/internal_message.html?_=1682564744004&CODE_STATE=getMsg HTTP/1.1" 200 27
180.152.240.159 - - [27/Apr/2023:11:05:48 +0800] "GET /xingrg/kc/buy/cgsh_order_operate.html?command=get_materiel&rest_code=00102&code=00101007068&supplier_code=00100096&order_time=2023-04-27 HTTP/1.1" 200 411
101.83.241.98 - - [27/Apr/2023:11:05:49 +0800] "POST /xingrg/services/DataTransmitService HTTP/1.1" 200 524
116.238.139.35 - - [27/Apr/2023:11:05:49 +0800] "GET /xingrg/kc/base/wldb_order_operate.html?command=get_materiel&rest_code=00150&base_code=0010447&code=00101014041 HTTP/1.1" 200 436
101.83.241.98 - - [27/Apr/2023:11:05:50 +0800] "POST /xingrg/services/DataTransmitService HTTP/1.1" 200 412
180.169.147.146 - - [27/Apr/2023:11:05:51 +0800] "GET /xingrg/all/function/internal_message.html?_=1682564751294&CODE_STATE=getMsg HTTP/1.1" 302 -
116.224.158.100 - - [27/Apr/2023:11:05:52 +0800] "GET /xingrg/all/function/internal_message.html?_=1682564752891&CODE_STATE=getMsg HTTP/1.1" 200 27
116.238.139.35 - - [27/Apr/2023:11:05:54 +0800] "POST /xingrg/kc/base/wldb_order_operate.html HTTP/1.1" 200 37
116.238.139.35 - - [27/Apr/2023:11:05:54 +0800] "GET /xingrg/all/function/internal_message.html?_=1682564754130&CODE_STATE=getMsg HTTP/1.1" 200 27
116.227.208.255 - - [27/Apr/2023:11:05:54 +0800] "GET /xingrg/all/function/internal_message.html?_=1682564824142&CODE_STATE=getMsg HTTP/1.1" 200 27
116.238.139.35 - - [27/Apr/2023:11:06:00 +0800] "POST /xingrg/kc/base/wldb_order_operate.html HTTP/1.1" 200 12
116.238.139.35 - - [27/Apr/2023:11:06:00 +0800] "POST /xingrg/kc/base/wldb_order_operate.html HTTP/1.1" 200 2680
116.230.117.27 - - [27/Apr/2023:11:06:00 +0800] "POST /xingrg/kc/buy/cgsh_order_operate.html HTTP/1.1" 200 37
116.238.139.35 - - [27/Apr/2023:11:06:01 +0800] "GET /xingrg/kc/base/wldb_order_info.html?code=422023042702159 HTTP/1.1" 200 26268
116.238.139.35 - - [27/Apr/2023:11:06:02 +0800] "GET /xingrg/javascript/easyui/themes/default/validatebox.css HTTP/1.1" 404 1104
116.238.139.35 - - [27/Apr/2023:11:06:02 +0800] "POST /xingrg/kc/base/wldb_order_operate.html HTTP/1.1" 200 965
116.230.117.27 - - [27/Apr/2023:11:06:04 +0800] "POST /xingrg/kc/buy/cgsh_order_operate.html HTTP/1.1" 200 5607
116.238.139.35 - - [27/Apr/2023:11:06:04 +0800] "GET /xingrg/kc/base/wldb_order_add.html HTTP/1.1" 200 30387
116.238.139.35 - - [27/Apr/2023:11:06:04 +0800] "POST /xingrg/kc/base/wldb_order_operate.html HTTP/1.1" 200 6806
116.238.139.35 - - [27/Apr/2023:11:06:05 +0800] "GET /xingrg/javascript/easyui/themes/default/validatebox.css HTTP/1.1" 404 1104
116.230.117.27 - - [27/Apr/2023:11:06:07 +0800] "GET /xingrg/kc/print/load_data.html?order_code=212023042709508&kc_code=cgsh&condition= HTTP/1.1" 200 1834
124.78.66.30 - - [27/Apr/2023:11:06:09 +0800] "GET /xingrg/all/function/internal_message.html?_=1682564297197&CODE_STATE=getMsg HTTP/1.1" 200 27
180.152.240.159 - - [27/Apr/2023:11:06:10 +0800] "GET /xingrg/all/function/internal_message.html?_=1682564772834&CODE_STATE=getMsg HTTP/1.1" 200 27
116.230.117.27 - - [27/Apr/2023:11:06:13 +0800] "GET /xingrg/kc/buy/cgsh_order_add.html HTTP/1.1" 200 71067
116.230.117.27 - - [27/Apr/2023:11:06:13 +0800] "POST /xingrg/kc/buy/cgsh_order_operate.html HTTP/1.1" 200 8245
116.230.117.27 - - [27/Apr/2023:11:06:13 +0800] "GET /xingrg/javascript/easyui/themes/default/validatebox.css HTTP/1.1" 404 1104
116.230.117.27 - - [27/Apr/2023:11:06:13 +0800] "GET /xingrg/all/function/internal_message.html?_=1682564787652&CODE_STATE=getMsg HTTP/1.1" 200 27
61.170.234.7 - - [27/Apr/2023:11:06:14 +0800] "GET /xingrg/check_reg.html?_=1682564773651 HTTP/1.1" 200 22
180.152.240.159 - - [27/Apr/2023:11:06:15 +0800] "GET /xingrg/kc/buy/cgsh_order_operate.html?command=get_materiel&rest_code=00102&code=00101006181&supplier_code=00100096&order_time=2023-04-27 HTTP/1.1" 200 411
61.170.234.7 - - [27/Apr/2023:11:06:17 +0800] "GET /xingrg/all/function/internal_message.html?_=1682564776525&CODE_STATE=getMsg HTTP/1.1" 200 27
180.169.147.146 - - [27/Apr/2023:11:06:17 +0800] "GET /xingrg/all/function/internal_message.html?_=1682564769268&CODE_STATE=getMsg HTTP/1.1" 200 27
180.169.147.146 - - [27/Apr/2023:11:06:17 +0800] "GET /xingrg/check_reg.html?_=1682564769269 HTTP/1.1" 200 22
101.83.241.98 - - [27/Apr/2023:11:06:18 +0800] "GET /xingrg/all/function/internal_message.html?_=1682564777113&CODE_STATE=getMsg HTTP/1.1" 200 27
116.238.139.35 - - [27/Apr/2023:11:06:23 +0800] "GET /xingrg/kc/base/wldb_order_operate.html?command=get_materiel&rest_code=00150&base_code=0010445&code=00101019187 HTTP/1.1" 200 479
116.230.117.27 - - [27/Apr/2023:11:06:27 +0800] "GET /xingrg/kc/buy/cgsh_order_operate.html?command=get_materiel&rest_code=00146&code=00101001160&supplier_code=00100041&order_time=2023-04-27 HTTP/1.1" 200 410
180.169.147.146 - - [27/Apr/2023:11:06:28 +0800] "GET /xingrg/all/function/internal_message.html?_=1682564788760&CODE_STATE=getMsg HTTP/1.1" 200 27
116.238.139.35 - - [27/Apr/2023:11:06:30 +0800] "GET /xingrg/kc/base/wldb_order_operate.html?command=get_materiel&rest_code=00150&base_code=0010445&code=00101019391 HTTP/1.1" 200 485
101.229.22.234 - - [27/Apr/2023:11:06:33 +0800] "GET /xingrg/all/function/internal_message.html?_=1682564792395&CODE_STATE=getMsg HTTP/1.1" 200 27
116.224.106.218 - - [27/Apr/2023:11:06:34 +0800] "GET /xingrg/all/function/internal_message.html?_=1682564792929&CODE_STATE=getMsg HTTP/1.1" 200 27
180.152.240.159 - - [27/Apr/2023:11:06:40 +0800] "GET /xingrg/all/function/internal_message.html?_=1682564812236&CODE_STATE=getMsg HTTP/1.1" 200 27
180.164.3.199 - - [27/Apr/2023:11:06:45 +0800] "GET /xingrg/all/function/internal_message.html?_=1682564803990&CODE_STATE=getMsg HTTP/1.1" 200 27
116.238.139.35 - - [27/Apr/2023:11:06:45 +0800] "GET /xingrg/kc/base/wldb_order_operate.html?command=get_materiel&rest_code=00150&base_code=0010445&code=00101019133 HTTP/1.1" 200 480
116.230.117.27 - - [27/Apr/2023:11:06:46 +0800] "GET /xingrg/kc/buy/cgsh_order_operate.html?command=get_materiel&rest_code=00146&code=00101010161&supplier_code=00100041&order_time=2023-04-27 HTTP/1.1" 200 409
116.238.139.35 - - [27/Apr/2023:11:06:51 +0800] "GET /xingrg/kc/base/wldb_order_operate.html?command=get_materiel&rest_code=00150&base_code=0010445&code=00101019253 HTTP/1.1" 200 481
180.169.147.146 - - [27/Apr/2023:11:06:51 +0800] "GET /xingrg/all/function/internal_message.html?_=1682564811286&CODE_STATE=getMsg HTTP/1.1" 302 -
116.224.158.100 - - [27/Apr/2023:11:06:52 +0800] "GET /xingrg/all/function/internal_message.html?_=1682564812870&CODE_STATE=getMsg HTTP/1.1" 200 27
180.152.240.159 - - [27/Apr/2023:11:06:53 +0800] "GET /xingrg/kc/buy/cgsh_order_operate.html?command=get_materiel&rest_code=00102&code=00101006025&supplier_code=00100096&order_time=2023-04-27 HTTP/1.1" 200 417
116.238.139.35 - - [27/Apr/2023:11:06:54 +0800] "GET /xingrg/all/function/internal_message.html?_=1682564814133&CODE_STATE=getMsg HTTP/1.1" 200 27
116.227.208.255 - - [27/Apr/2023:11:06:54 +0800] "GET /xingrg/all/function/internal_message.html?_=1682564884149&CODE_STATE=getMsg HTTP/1.1" 200 27
180.171.122.0 - - [27/Apr/2023:11:06:54 +0800] "GET /xingrg/check_reg.html?_=1682564788552 HTTP/1.1" 200 22
116.238.139.35 - - [27/Apr/2023:11:06:57 +0800] "GET /xingrg/kc/base/wldb_order_operate.html?command=get_materiel&rest_code=00150&base_code=0010445&code=00101019535 HTTP/1.1" 200 476
116.230.117.27 - - [27/Apr/2023:11:07:03 +0800] "GET /xingrg/kc/buy/cgsh_order_operate.html?command=get_materiel&rest_code=00146&code=00101001032&supplier_code=00100041&order_time=2023-04-27 HTTP/1.1" 200 413
124.78.66.30 - - [27/Apr/2023:11:07:09 +0800] "GET /xingrg/all/function/internal_message.html?_=1682564357222&CODE_STATE=getMsg HTTP/1.1" 200 27
180.152.240.159 - - [27/Apr/2023:11:07:10 +0800] "GET /xingrg/all/function/internal_message.html?_=1682564832834&CODE_STATE=getMsg HTTP/1.1" 200 27
180.152.240.159 - - [27/Apr/2023:11:07:10 +0800] "GET /xingrg/check_reg.html?_=1682564832837 HTTP/1.1" 200 22
116.230.117.27 - - [27/Apr/2023:11:07:13 +0800] "GET /xingrg/all/function/internal_message.html?_=1682564847665&CODE_STATE=getMsg HTTP/1.1" 200 27
116.230.117.27 - - [27/Apr/2023:11:07:15 +0800] "GET /xingrg/kc/buy/cgsh_order_operate.html?command=get_materiel&rest_code=00146&code=00101018019&supplier_code=00100041&order_time=2023-04-27 HTTP/1.1" 200 421
61.170.234.7 - - [27/Apr/2023:11:07:17 +0800] "GET /xingrg/all/function/internal_message.html?_=1682564836498&CODE_STATE=getMsg HTTP/1.1" 200 27
180.169.147.146 - - [27/Apr/2023:11:07:17 +0800] "GET /xingrg/all/function/internal_message.html?_=1682564829267&CODE_STATE=getMsg HTTP/1.1" 200 27
101.83.241.98 - - [27/Apr/2023:11:07:18 +0800] "GET /xingrg/all/function/internal_message.html?_=1682564837121&CODE_STATE=getMsg HTTP/1.1" 200 27
116.230.117.27 - - [27/Apr/2023:11:07:28 +0800] "GET /xingrg/kc/buy/cgsh_order_operate.html?command=get_materiel&rest_code=00146&code=00101006067&supplier_code=00100041&order_time=2023-04-27 HTTP/1.1" 200 409
180.169.147.146 - - [27/Apr/2023:11:07:28 +0800] "GET /xingrg/all/function/internal_message.html?_=1682564848772&CODE_STATE=getMsg HTTP/1.1" 200 27
101.229.22.234 - - [27/Apr/2023:11:07:33 +0800] "GET /xingrg/all/function/internal_message.html?_=1682564852397&CODE_STATE=getMsg HTTP/1.1" 200 27
116.224.106.218 - - [27/Apr/2023:11:07:34 +0800] "GET /xingrg/all/function/internal_message.html?_=1682564852910&CODE_STATE=getMsg HTTP/1.1" 200 27
180.152.240.159 - - [27/Apr/2023:11:07:36 +0800] "GET /xingrg/kc/buy/cgsh_order_operate.html?command=get_materiel&rest_code=00102&code=00101006065&supplier_code=00100096&order_time=2023-04-27 HTTP/1.1" 200 411
180.152.240.159 - - [27/Apr/2023:11:07:40 +0800] "GET /xingrg/all/function/internal_message.html?_=1682564872223&CODE_STATE=getMsg HTTP/1.1" 200 27
180.164.3.199 - - [27/Apr/2023:11:07:45 +0800] "GET /xingrg/all/function/internal_message.html?_=1682564863969&CODE_STATE=getMsg HTTP/1.1" 200 27
180.152.240.159 - - [27/Apr/2023:11:07:48 +0800] "GET /xingrg/kc/buy/cgsh_order_operate.html?command=get_materiel&rest_code=00102&code=00101006055&supplier_code=00100096&order_time=2023-04-27 HTTP/1.1" 200 411
116.230.117.27 - - [27/Apr/2023:11:07:48 +0800] "GET /xingrg/kc/buy/cgsh_order_operate.html?command=get_materiel&rest_code=00146&code=00101001075&supplier_code=00100041&order_time=2023-04-27 HTTP/1.1" 200 409
180.169.147.146 - - [27/Apr/2023:11:07:51 +0800] "GET /xingrg/check_reg.html?_=1682564871307 HTTP/1.1" 302 -
180.169.147.146 - - [27/Apr/2023:11:07:51 +0800] "GET /xingrg/all/function/internal_message.html?_=1682564871303&CODE_STATE=getMsg HTTP/1.1" 302 -
116.224.158.100 - - [27/Apr/2023:11:07:52 +0800] "GET /xingrg/all/function/internal_message.html?_=1682564872847&CODE_STATE=getMsg HTTP/1.1" 200 27
116.238.139.35 - - [27/Apr/2023:11:07:54 +0800] "GET /xingrg/all/function/internal_message.html?_=1682564874103&CODE_STATE=getMsg HTTP/1.1" 200 27
116.227.208.255 - - [27/Apr/2023:11:07:54 +0800] "GET /xingrg/all/function/internal_message.html?_=1682564944153&CODE_STATE=getMsg HTTP/1.1" 200 27
116.227.208.255 - - [27/Apr/2023:11:07:54 +0800] "GET /xingrg/check_reg.html?_=1682564944157 HTTP/1.1" 200 22
116.230.117.27 - - [27/Apr/2023:11:08:00 +0800] "GET /xingrg/kc/buy/cgsh_order_operate.html?command=get_materiel&rest_code=00146&code=00101002027&supplier_code=00100041&order_time=2023-04-27 HTTP/1.1" 200 413
180.152.240.159 - - [27/Apr/2023:11:08:01 +0800] "GET /xingrg/kc/buy/cgsh_order_operate.html?command=get_materiel&rest_code=00102&code=00101007061&supplier_code=00100096&order_time=2023-04-27 HTTP/1.1" 200 411
124.78.66.30 - - [27/Apr/2023:11:08:09 +0800] "GET /xingrg/all/function/internal_message.html?_=1682564417234&CODE_STATE=getMsg HTTP/1.1" 200 27
124.78.66.30 - - [27/Apr/2023:11:08:09 +0800] "GET /xingrg/check_reg.html?_=1682564417236 HTTP/1.1" 200 22
180.152.240.159 - - [27/Apr/2023:11:08:10 +0800] "GET /xingrg/all/function/internal_message.html?_=1682564892830&CODE_STATE=getMsg HTTP/1.1" 200 27
116.230.117.27 - - [27/Apr/2023:11:08:13 +0800] "GET /xingrg/all/function/internal_message.html?_=1682564907679&CODE_STATE=getMsg HTTP/1.1" 200 27
180.152.240.159 - - [27/Apr/2023:11:08:14 +0800] "GET /xingrg/kc/buy/cgsh_order_list.html HTTP/1.1" 200 55285
116.230.117.27 - - [27/Apr/2023:11:08:16 +0800] "POST /xingrg/kc/buy/cgsh_order_operate.html HTTP/1.1" 200 37
61.170.234.7 - - [27/Apr/2023:11:08:17 +0800] "GET /xingrg/all/function/internal_message.html?_=1682564896477&CODE_STATE=getMsg HTTP/1.1" 200 27
180.152.240.159 - - [27/Apr/2023:11:08:17 +0800] "GET /xingrg/kc/buy/cgsh_order_operate.html?command=get_materiel&rest_code=00102&code=00101007049&supplier_code=00100096&order_time=2023-04-27 HTTP/1.1" 200 409
180.169.147.146 - - [27/Apr/2023:11:08:17 +0800] "GET /xingrg/all/function/internal_message.html?_=1682564889266&CODE_STATE=getMsg HTTP/1.1" 200 27
180.152.240.159 - - [27/Apr/2023:11:08:17 +0800] "POST /xingrg/kc/buy/cgsh_list_operate.html HTTP/1.1" 200 986
101.83.241.98 - - [27/Apr/2023:11:08:18 +0800] "GET /xingrg/all/function/internal_message.html?_=1682564897124&CODE_STATE=getMsg HTTP/1.1" 200 27
116.230.117.27 - - [27/Apr/2023:11:08:18 +0800] "POST /xingrg/kc/buy/cgsh_order_operate.html HTTP/1.1" 200 6207
180.152.240.159 - - [27/Apr/2023:11:08:20 +0800] "GET /xingrg/kc/buy/cgsh_order_add.html HTTP/1.1" 200 71108
180.152.240.159 - - [27/Apr/2023:11:08:20 +0800] "POST /xingrg/kc/buy/cgsh_order_operate.html HTTP/1.1" 200 8245
180.152.240.159 - - [27/Apr/2023:11:08:20 +0800] "GET /xingrg/javascript/easyui/themes/default/validatebox.css HTTP/1.1" 404 1104
116.230.117.27 - - [27/Apr/2023:11:08:22 +0800] "GET /xingrg/kc/print/load_data.html?order_code=212023042709509&kc_code=cgsh&condition= HTTP/1.1" 200 2048
180.169.147.146 - - [27/Apr/2023:11:08:28 +0800] "GET /xingrg/all/function/internal_message.html?_=1682564908767&CODE_STATE=getMsg HTTP/1.1" 200 27
180.152.240.159 - - [27/Apr/2023:11:08:32 +0800] "POST /xingrg/kc/buy/cgsh_order_operate.html HTTP/1.1" 200 37
101.229.22.234 - - [27/Apr/2023:11:08:33 +0800] "GET /xingrg/check_reg.html?_=1682564912396 HTTP/1.1" 200 22
101.229.22.234 - - [27/Apr/2023:11:08:34 +0800] "GET /xingrg/all/function/internal_message.html?_=1682564912398&CODE_STATE=getMsg HTTP/1.1" 200 27
116.224.106.218 - - [27/Apr/2023:11:08:34 +0800] "GET /xingrg/all/function/internal_message.html?_=1682564912897&CODE_STATE=getMsg HTTP/1.1" 200 27
180.152.240.159 - - [27/Apr/2023:11:08:40 +0800] "POST /xingrg/kc/buy/cgsh_order_operate.html HTTP/1.1" 200 12
180.152.240.159 - - [27/Apr/2023:11:08:40 +0800] "GET /xingrg/all/function/internal_message.html?_=1682564932224&CODE_STATE=getMsg HTTP/1.1" 200 27
180.152.240.159 - - [27/Apr/2023:11:08:40 +0800] "GET /xingrg/check_reg.html?_=1682564932227 HTTP/1.1" 200 22
180.152.240.159 - - [27/Apr/2023:11:08:43 +0800] "GET /xingrg/kc/buy/cgsh_order_info.html?code=212023042709510 HTTP/1.1" 200 65999
180.152.240.159 - - [27/Apr/2023:11:08:43 +0800] "GET /xingrg/javascript/easyui/themes/default/validatebox.css HTTP/1.1" 404 1104
180.152.240.159 - - [27/Apr/2023:11:08:44 +0800] "POST /xingrg/kc/buy/cgsh_order_operate.html HTTP/1.1" 200 5324
180.164.3.199 - - [27/Apr/2023:11:08:45 +0800] "GET /xingrg/all/function/internal_message.html?_=1682564923950&CODE_STATE=getMsg HTTP/1.1" 200 27
180.169.147.146 - - [27/Apr/2023:11:08:51 +0800] "GET /xingrg/all/function/internal_message.html?_=1682564931282&CODE_STATE=getMsg HTTP/1.1" 302 -
116.224.158.100 - - [27/Apr/2023:11:08:52 +0800] "GET /xingrg/all/function/internal_message.html?_=1682564932821&CODE_STATE=getMsg HTTP/1.1" 200 27
116.238.139.35 - - [27/Apr/2023:11:08:54 +0800] "GET /xingrg/all/function/internal_message.html?_=1682564934075&CODE_STATE=getMsg HTTP/1.1" 200 27
116.227.208.255 - - [27/Apr/2023:11:08:54 +0800] "GET /xingrg/all/function/internal_message.html?_=1682565004155&CODE_STATE=getMsg HTTP/1.1" 200 27
116.230.117.27 - - [27/Apr/2023:11:09:08 +0800] "GET /xingrg/kc/buy/cgsh_order_add.html HTTP/1.1" 200 71067
124.78.66.30 - - [27/Apr/2023:11:09:09 +0800] "GET /xingrg/all/function/internal_message.html?_=1682564477225&CODE_STATE=getMsg HTTP/1.1" 200 27
116.230.117.27 - - [27/Apr/2023:11:09:09 +0800] "POST /xingrg/kc/buy/cgsh_order_operate.html HTTP/1.1" 200 8245
116.230.117.27 - - [27/Apr/2023:11:09:09 +0800] "GET /xingrg/javascript/easyui/themes/default/validatebox.css HTTP/1.1" 404 1104
180.152.240.159 - - [27/Apr/2023:11:09:10 +0800] "GET /xingrg/all/function/internal_message.html?_=1682564952844&CODE_STATE=getMsg HTTP/1.1" 200 27
116.230.117.27 - - [27/Apr/2023:11:09:13 +0800] "GET /xingrg/check_reg.html?_=1682564967490 HTTP/1.1" 200 22
116.230.117.27 - - [27/Apr/2023:11:09:13 +0800] "GET /xingrg/all/function/internal_message.html?_=1682564967692&CODE_STATE=getMsg HTTP/1.1" 200 27
180.163.29.79 - - [27/Apr/2023:11:09:17 +0800] "GET /xingrg/all/function/internal_message.html?_=1682564896477&CODE_STATE=getMsg HTTP/1.1" 302 -
180.163.29.79 - - [27/Apr/2023:11:09:17 +0800] "GET /xingrg/login.html HTTP/1.1" 200 7641
61.170.234.7 - - [27/Apr/2023:11:09:17 +0800] "GET /xingrg/all/function/internal_message.html?_=1682564956463&CODE_STATE=getMsg HTTP/1.1" 200 27
180.169.147.146 - - [27/Apr/2023:11:09:17 +0800] "GET /xingrg/all/function/internal_message.html?_=1682564949264&CODE_STATE=getMsg HTTP/1.1" 200 27
101.83.241.98 - - [27/Apr/2023:11:09:18 +0800] "GET /xingrg/check_reg.html?_=1682564957129 HTTP/1.1" 200 22
101.83.241.98 - - [27/Apr/2023:11:09:18 +0800] "GET /xingrg/all/function/internal_message.html?_=1682564957133&CODE_STATE=getMsg HTTP/1.1" 200 27
116.230.117.27 - - [27/Apr/2023:11:09:25 +0800] "GET /xingrg/kc/buy/cgsh_order_operate.html?command=get_materiel&rest_code=00146&code=00101002027&supplier_code=00100199&order_time=2023-04-27 HTTP/1.1" 200 413
180.169.147.146 - - [27/Apr/2023:11:09:28 +0800] "GET /xingrg/all/function/internal_message.html?_=1682564968763&CODE_STATE=getMsg HTTP/1.1" 200 27
180.169.147.146 - - [27/Apr/2023:11:09:28 +0800] "GET /xingrg/check_reg.html?_=1682564968765 HTTP/1.1" 200 22
101.229.22.234 - - [27/Apr/2023:11:09:33 +0800] "GET /xingrg/all/function/internal_message.html?_=1682564972397&CODE_STATE=getMsg HTTP/1.1" 200 27
116.224.106.218 - - [27/Apr/2023:11:09:34 +0800] "GET /xingrg/all/function/internal_message.html?_=1682564972881&CODE_STATE=getMsg HTTP/1.1" 200 27
116.230.117.27 - - [27/Apr/2023:11:09:39 +0800] "GET /xingrg/kc/buy/cgsh_order_operate.html?command=get_materiel&rest_code=00146&code=00101002007&supplier_code=00100199&order_time=2023-04-27 HTTP/1.1" 200 409
120.253.135.82 - - [27/Apr/2023:11:09:39 +0800] "GET /xingrg/check_reg.html?_=1682564819140 HTTP/1.1" 200 22
180.152.240.159 - - [27/Apr/2023:11:09:40 +0800] "GET /xingrg/all/function/internal_message.html?_=1682564992232&CODE_STATE=getMsg HTTP/1.1" 200 27
180.164.3.199 - - [27/Apr/2023:11:09:45 +0800] "GET /xingrg/all/function/internal_message.html?_=1682564983946&CODE_STATE=getMsg HTTP/1.1" 200 27
180.169.147.146 - - [27/Apr/2023:11:09:51 +0800] "GET /xingrg/all/function/internal_message.html?_=1682564991288&CODE_STATE=getMsg HTTP/1.1" 302 -
116.224.158.100 - - [27/Apr/2023:11:09:52 +0800] "GET /xingrg/all/function/internal_message.html?_=1682564992797&CODE_STATE=getMsg HTTP/1.1" 200 27
116.224.158.100 - - [27/Apr/2023:11:09:54 +0800] "GET /xingrg/check_reg.html?_=1682564994176 HTTP/1.1" 200 22
116.238.139.35 - - [27/Apr/2023:11:09:54 +0800] "GET /xingrg/all/function/internal_message.html?_=1682564994049&CODE_STATE=getMsg HTTP/1.1" 200 27
116.227.208.255 - - [27/Apr/2023:11:09:54 +0800] "GET /xingrg/all/function/internal_message.html?_=1682565064156&CODE_STATE=getMsg HTTP/1.1" 200 27
116.230.117.27 - - [27/Apr/2023:11:09:55 +0800] "GET /xingrg/kc/buy/cgsh_order_operate.html?command=get_materiel&rest_code=00146&code=00101002041&supplier_code=00100199&order_time=2023-04-27 HTTP/1.1" 200 411
116.238.139.35 - - [27/Apr/2023:11:09:55 +0800] "GET /xingrg/check_reg.html?_=1682564995554 HTTP/1.1" 200 22
58.221.95.50 - - [27/Apr/2023:11:09:56 +0800] "GET /xingrg/check_reg.html?_=1682564997593 HTTP/1.1" 200 22
180.164.3.199 - - [27/Apr/2023:11:10:00 +0800] "GET /xingrg/check_reg.html?_=1682564999657 HTTP/1.1" 200 22
116.230.117.27 - - [27/Apr/2023:11:10:10 +0800] "GET /xingrg/kc/buy/cgsh_order_operate.html?command=get_materiel&rest_code=00146&code=00101001069&supplier_code=00100199&order_time=2023-04-27 HTTP/1.1" 200 409
180.152.240.159 - - [27/Apr/2023:11:10:10 +0800] "GET /xingrg/all/function/internal_message.html?_=1682565012834&CODE_STATE=getMsg HTTP/1.1" 200 27
116.230.117.27 - - [27/Apr/2023:11:10:13 +0800] "GET /xingrg/all/function/internal_message.html?_=1682565027706&CODE_STATE=getMsg HTTP/1.1" 200 27
116.238.139.35 - - [27/Apr/2023:11:10:14 +0800] "GET /xingrg/kc/base/wldb_order_operate.html?command=get_materiel&rest_code=00150&base_code=0010445&code=00101019071 HTTP/1.1" 200 471
180.163.29.79 - - [27/Apr/2023:11:10:17 +0800] "GET /xingrg/all/function/internal_message.html?_=1682564956463&CODE_STATE=getMsg HTTP/1.1" 302 -
61.170.234.7 - - [27/Apr/2023:11:10:17 +0800] "GET /xingrg/all/function/internal_message.html?_=1682565016442&CODE_STATE=getMsg HTTP/1.1" 200 27
180.163.29.79 - - [27/Apr/2023:11:10:17 +0800] "GET /xingrg/login.html HTTP/1.1" 200 7641
61.170.234.7 - - [27/Apr/2023:11:10:17 +0800] "GET /favicon.ico HTTP/1.1" 404 -
172.20.0.100 - - [27/Apr/2023:11:10:17 +0800] "GET /xingrg/check_reg.html?_=1682565027561 HTTP/1.1" 200 22
180.169.147.146 - - [27/Apr/2023:11:10:17 +0800] "GET /xingrg/all/function/internal_message.html?_=1682565009278&CODE_STATE=getMsg HTTP/1.1" 200 27
101.83.241.98 - - [27/Apr/2023:11:10:18 +0800] "GET /xingrg/all/function/internal_message.html?_=1682565017127&CODE_STATE=getMsg HTTP/1.1" 200 27
116.238.139.35 - - [27/Apr/2023:11:10:22 +0800] "GET /xingrg/kc/base/wldb_order_operate.html?command=get_materiel&rest_code=00150&base_code=0010445&code=00101019164 HTTP/1.1" 200 466
61.170.234.7 - - [27/Apr/2023:11:10:25 +0800] "GET /xingrg/login.html?r=1 HTTP/1.1" 200 7641
61.170.234.7 - - [27/Apr/2023:11:10:25 +0800] "GET /xingrg/images/blue/jxLogo.png HTTP/1.1" 304 -
61.170.234.7 - - [27/Apr/2023:11:10:25 +0800] "GET /xingrg/images/blue/login_bg.png HTTP/1.1" 304 -
61.170.234.7 - - [27/Apr/2023:11:10:25 +0800] "GET /xingrg/images/blue/hj.png HTTP/1.1" 304 -
61.170.234.7 - - [27/Apr/2023:11:10:25 +0800] "GET /xingrg/images/blue/srbg.png HTTP/1.1" 304 -
61.170.234.7 - - [27/Apr/2023:11:10:25 +0800] "GET /favicon.ico HTTP/1.1" 404 -
180.169.147.146 - - [27/Apr/2023:11:10:28 +0800] "GET /xingrg/all/function/internal_message.html?_=1682565028774&CODE_STATE=getMsg HTTP/1.1" 200 27
116.238.139.35 - - [27/Apr/2023:11:10:29 +0800] "GET /xingrg/kc/base/wldb_order_operate.html?command=get_materiel&rest_code=00150&base_code=0010445&code=00101016094 HTTP/1.1" 200 469
101.229.22.234 - - [27/Apr/2023:11:10:34 +0800] "GET /xingrg/all/function/internal_message.html?_=1682565032397&CODE_STATE=getMsg HTTP/1.1" 200 27
116.224.106.218 - - [27/Apr/2023:11:10:34 +0800] "GET /xingrg/check_reg.html?_=1682565031993 HTTP/1.1" 200 22
116.224.106.218 - - [27/Apr/2023:11:10:34 +0800] "GET /xingrg/all/function/internal_message.html?_=1682565032875&CODE_STATE=getMsg HTTP/1.1" 200 27
116.238.139.35 - - [27/Apr/2023:11:10:35 +0800] "GET /xingrg/kc/base/wldb_order_operate.html?command=get_materiel&rest_code=00150&base_code=0010445&code=00101019400 HTTP/1.1" 200 465
61.170.234.7 - - [27/Apr/2023:11:10:35 +0800] "POST /xingrg/login.do HTTP/1.1" 302 -
61.170.234.7 - - [27/Apr/2023:11:10:35 +0800] "GET /xingrg/index.html?sysBaseUrl=http%3A%2F%2F180.169.147.146%3A18081%2Fxingrg%2F&costTime=867×tamp=1682565035879 HTTP/1.1" 200 17173
61.170.234.7 - - [27/Apr/2023:11:10:35 +0800] "GET /xingrg/javascript/jquery_easy_ui/themes/default/easyui.css HTTP/1.1" 304 -
61.170.234.7 - - [27/Apr/2023:11:10:35 +0800] "GET /xingrg/javascript/jquery_easy_ui/themes/icon.css HTTP/1.1" 304 -
61.170.234.7 - - [27/Apr/2023:11:10:35 +0800] "GET /xingrg/css/form.css HTTP/1.1" 304 -
61.170.234.7 - - [27/Apr/2023:11:10:35 +0800] "GET /xingrg/javascript/jquery_easy_ui/jquery.easyui.min.js HTTP/1.1" 304 -
61.170.234.7 - - [27/Apr/2023:11:10:35 +0800] "GET /xingrg/javascript/jquery-1.4.2.min.js HTTP/1.1" 304 -
61.170.234.7 - - [27/Apr/2023:11:10:35 +0800] "GET /xingrg/javascript/jquery_easy_ui/easyui-lang-zh_CN.js HTTP/1.1" 304 -
61.170.234.7 - - [27/Apr/2023:11:10:35 +0800] "GET /xingrg/javascript/jquery.form.js HTTP/1.1" 304 -
61.170.234.7 - - [27/Apr/2023:11:10:35 +0800] "GET /xingrg/javascript/jquery.utils.js HTTP/1.1" 304 -
61.170.234.7 - - [27/Apr/2023:11:10:35 +0800] "GET /xingrg/javascript/jquery.timers.js HTTP/1.1" 304 -
61.170.234.7 - - [27/Apr/2023:11:10:36 +0800] "GET /favicon.ico HTTP/1.1" 404 -
61.170.234.7 - - [27/Apr/2023:11:10:36 +0800] "GET /xingrg/javascript/jquery_easy_ui/themes/icons/settle_new.png HTTP/1.1" 304 -
61.170.234.7 - - [27/Apr/2023:11:10:36 +0800] "GET /xingrg/images/blue/navBackgound.jpg HTTP/1.1" 304 -
61.170.234.7 - - [27/Apr/2023:11:10:36 +0800] "GET /xingrg/all/function/internal_message.html?_=1682565038510&CODE_STATE=count HTTP/1.1" 200 11
61.170.234.7 - - [27/Apr/2023:11:10:36 +0800] "GET /xingrg/check_reg.html?_=1682565038511 HTTP/1.1" 200 22
61.170.234.7 - - [27/Apr/2023:11:10:36 +0800] "GET /xingrg/images/blue/pingpu.png HTTP/1.1" 304 -
61.170.234.7 - - [27/Apr/2023:11:10:36 +0800] "GET /xingrg/javascript/jquery_easy_ui/themes/default/images/tabs_leftarrow.png HTTP/1.1" 304 -
61.170.234.7 - - [27/Apr/2023:11:10:36 +0800] "GET /xingrg/javascript/jquery_easy_ui/themes/default/images/tabs_rightarrow.png HTTP/1.1" 304 -
61.170.234.7 - - [27/Apr/2023:11:10:36 +0800] "GET /xingrg/javascript/jquery_easy_ui/themes/default/images/panel_tool_collapse.gif HTTP/1.1" 304 -
61.170.234.7 - - [27/Apr/2023:11:10:36 +0800] "POST /xingrg/all/common/load_tree.html?tree=area_rest_tree_json&manage=1 HTTP/1.1" 200 342
61.170.234.7 - - [27/Apr/2023:11:10:36 +0800] "POST /xingrg/load_menu.html HTTP/1.1" 200 5138
61.170.234.7 - - [27/Apr/2023:11:10:36 +0800] "GET /xingrg/javascript/jquery_easy_ui/themes/default/images/tree_arrows.gif HTTP/1.1" 304 -
61.170.234.7 - - [27/Apr/2023:11:10:36 +0800] "GET /xingrg/javascript/jquery_easy_ui/themes/default/images/tree_folder_open.gif HTTP/1.1" 304 -
61.170.234.7 - - [27/Apr/2023:11:10:36 +0800] "GET /xingrg/javascript/jquery_easy_ui/themes/icons/search_new.png HTTP/1.1" 304 -
61.170.234.7 - - [27/Apr/2023:11:10:36 +0800] "GET /xingrg/javascript/jquery_easy_ui/themes/default/images/tree_folder.gif HTTP/1.1" 304 -
61.170.234.7 - - [27/Apr/2023:11:10:36 +0800] "GET /xingrg/javascript/jquery_easy_ui/themes/icons/storage_new.png HTTP/1.1" 304 -
61.170.234.7 - - [27/Apr/2023:11:10:36 +0800] "GET /xingrg/javascript/jquery_easy_ui/themes/icons/forms_new.png HTTP/1.1" 304 -
61.170.234.7 - - [27/Apr/2023:11:10:36 +0800] "GET /xingrg/javascript/jquery_easy_ui/themes/default/images/tree_file.gif HTTP/1.1" 304 -
61.170.234.7 - - [27/Apr/2023:11:10:38 +0800] "GET /xingrg/javascript/jquery_easy_ui/themes/default/images/tabs_close.gif HTTP/1.1" 304 -
61.170.234.7 - - [27/Apr/2023:11:10:38 +0800] "GET /xingrg/kc/base/base_main.html HTTP/1.1" 200 12142
61.170.234.7 - - [27/Apr/2023:11:10:38 +0800] "GET /xingrg/css/blue.css HTTP/1.1" 304 -
61.170.234.7 - - [27/Apr/2023:11:10:38 +0800] "GET /xingrg/javascript/pic_change.js HTTP/1.1" 304 -
61.170.234.7 - - [27/Apr/2023:11:10:38 +0800] "GET /xingrg/javascript/myfunction.js HTTP/1.1" 304 -
61.170.234.7 - - [27/Apr/2023:11:10:38 +0800] "GET /xingrg/images/blue/button/wlsy.gif HTTP/1.1" 200 2536
61.170.234.7 - - [27/Apr/2023:11:10:38 +0800] "GET /xingrg/images/blue/button/ckpd.gif HTTP/1.1" 200 2051
61.170.234.7 - - [27/Apr/2023:11:10:38 +0800] "GET /xingrg/images/blue/button/kc.gif HTTP/1.1" 304 -
61.170.234.7 - - [27/Apr/2023:11:10:38 +0800] "GET /xingrg/images/blue/button/ckdb.gif HTTP/1.1" 200 1950
61.170.234.7 - - [27/Apr/2023:11:10:38 +0800] "GET /xingrg/images/blue/button/yddb.gif HTTP/1.1" 200 2040
61.170.234.7 - - [27/Apr/2023:11:10:38 +0800] "GET /xingrg/images/blue/pic_form2.gif HTTP/1.1" 304 -
61.170.234.7 - - [27/Apr/2023:11:10:38 +0800] "GET /xingrg/images/blue/bg_dotted.jpg HTTP/1.1" 304 -
61.170.234.7 - - [27/Apr/2023:11:10:38 +0800] "GET /xingrg/images/blue/button/top_left.jpg HTTP/1.1" 200 1632
61.170.234.7 - - [27/Apr/2023:11:10:38 +0800] "GET /xingrg/images/blue/button/top_right.jpg HTTP/1.1" 200 1708
61.170.234.7 - - [27/Apr/2023:11:10:38 +0800] "GET /xingrg/images/blue/button/down.jpg HTTP/1.1" 200 1560
61.170.234.7 - - [27/Apr/2023:11:10:38 +0800] "GET /xingrg/images/blue/button/right_ah.jpg HTTP/1.1" 304 -
61.170.234.7 - - [27/Apr/2023:11:10:38 +0800] "GET /xingrg/images/blue/button/left_ah.jpg HTTP/1.1" 200 1643
61.170.234.7 - - [27/Apr/2023:11:10:38 +0800] "GET /xingrg/images/blue/button/bottom_left.jpg HTTP/1.1" 200 1524
61.170.234.7 - - [27/Apr/2023:11:10:38 +0800] "GET /xingrg/images/blue/button/bottom_right.jpg HTTP/1.1" 200 1436
61.170.234.7 - - [27/Apr/2023:11:10:40 +0800] "GET /xingrg/kc/base/wldb_order_list.html HTTP/1.1" 200 19098
