116.230.117.27 - - [26/Apr/2023:09:36:00 +0800] "GET /xingrg/javascript/jquery_tools/table.css HTTP/1.1" 304 -
116.230.117.27 - - [26/Apr/2023:09:36:00 +0800] "GET /xingrg/javascript/jquery_tools/jquery.tools.min.js HTTP/1.1" 304 -
116.230.117.27 - - [26/Apr/2023:09:36:00 +0800] "GET /xingrg/javascript/jquery_tools/jquery.tools.extend.js HTTP/1.1" 304 -
116.230.117.27 - - [26/Apr/2023:09:36:00 +0800] "GET /xingrg/javascript/jquery_tools/jquery.tools.hotkey.js HTTP/1.1" 304 -
116.230.117.27 - - [26/Apr/2023:09:36:00 +0800] "GET /xingrg/javascript/auto/jquery.autocomplete.js HTTP/1.1" 304 -
116.230.117.27 - - [26/Apr/2023:09:36:00 +0800] "GET /xingrg/javascript/easyui/easyloader.js HTTP/1.1" 304 -
116.230.117.27 - - [26/Apr/2023:09:36:00 +0800] "GET /xingrg/javascript/jquery.cookie.js HTTP/1.1" 304 -
116.230.117.27 - - [26/Apr/2023:09:36:00 +0800] "GET /xingrg/javascript/print/LodopFuncs.js HTTP/1.1" 304 -
116.230.117.27 - - [26/Apr/2023:09:36:00 +0800] "GET /xingrg/javascript/jquery_tools/jquery.tools.table.js HTTP/1.1" 304 -
116.230.117.27 - - [26/Apr/2023:09:36:00 +0800] "GET /xingrg/javascript/easyui/plugins/jquery.parser.js HTTP/1.1" 304 -
180.169.147.146 - - [26/Apr/2023:09:36:05 +0800] "GET /xingrg/all/function/internal_message.html?_=1682472965101&CODE_STATE=getMsg HTTP/1.1" 200 27
180.171.122.0 - - [26/Apr/2023:09:36:06 +0800] "GET /xingrg/check_reg.html?_=1682472964809 HTTP/1.1" 200 22
180.171.122.0 - - [26/Apr/2023:09:36:06 +0800] "GET /xingrg/all/function/internal_message.html?_=1682472964967&CODE_STATE=getMsg HTTP/1.1" 200 27
116.224.158.100 - - [26/Apr/2023:09:36:06 +0800] "GET /xingrg/all/function/internal_message.html?_=1682472968518&CODE_STATE=getMsg HTTP/1.1" 200 27
116.230.117.27 - - [26/Apr/2023:09:36:07 +0800] "POST /xingrg/kc/buy/cgsh_list_operate.html HTTP/1.1" 200 4398
124.78.64.125 - - [26/Apr/2023:09:36:07 +0800] "GET /xingrg/kc/buy/cgsh_order_operate.html?command=get_materiel&rest_code=00141&code=00101015060&supplier_code=00100007&order_time=2023-04-26 HTTP/1.1" 200 413
180.152.240.159 - - [26/Apr/2023:09:36:11 +0800] "POST /xingrg/kc/buy/cgsh_order_operate.html HTTP/1.1" 200 12
180.152.240.159 - - [26/Apr/2023:09:36:13 +0800] "GET /xingrg/kc/buy/cgsh_order_info.html?code=212023042609067 HTTP/1.1" 200 65928
180.152.240.159 - - [26/Apr/2023:09:36:14 +0800] "GET /xingrg/javascript/easyui/themes/default/validatebox.css HTTP/1.1" 404 1104
180.152.240.159 - - [26/Apr/2023:09:36:15 +0800] "POST /xingrg/kc/buy/cgsh_order_operate.html HTTP/1.1" 200 4157
116.227.208.255 - - [26/Apr/2023:09:36:15 +0800] "GET /xingrg/all/function/internal_message.html?_=1682473041829&CODE_STATE=getMsg HTTP/1.1" 200 27
180.152.240.159 - - [26/Apr/2023:09:36:16 +0800] "GET /xingrg/kc/print/load_config.html?kc_code=cgsh HTTP/1.1" 200 1925
124.78.64.125 - - [26/Apr/2023:09:36:17 +0800] "GET /xingrg/kc/buy/cgsh_order_operate.html?command=get_materiel&rest_code=00141&code=00101008655&supplier_code=00100007&order_time=2023-04-26 HTTP/1.1" 200 409
180.152.240.159 - - [26/Apr/2023:09:36:17 +0800] "GET /xingrg/kc/print/load_data.html?order_code=212023042609067&kc_code=cgsh&condition= HTTP/1.1" 200 2009
124.78.64.125 - - [26/Apr/2023:09:36:19 +0800] "POST /xingrg/kc/buy/cgsh_order_operate.html HTTP/1.1" 200 2065
124.78.64.125 - - [26/Apr/2023:09:36:20 +0800] "GET /xingrg/all/function/internal_message.html?_=1682472509128&CODE_STATE=getMsg HTTP/1.1" 200 27
116.230.117.27 - - [26/Apr/2023:09:36:20 +0800] "GET /xingrg/login.html HTTP/1.1" 200 7641
116.230.117.27 - - [26/Apr/2023:09:36:20 +0800] "GET /favicon.ico HTTP/1.1" 404 -
124.78.64.125 - - [26/Apr/2023:09:36:21 +0800] "GET /favicon.ico HTTP/1.1" 404 -
222.69.131.221 - - [26/Apr/2023:09:36:23 +0800] "GET /xingrg/all/function/internal_message.html?_=1682472982282&CODE_STATE=getMsg HTTP/1.1" 200 27
116.230.117.27 - - [26/Apr/2023:09:36:23 +0800] "POST /xingrg/login.do HTTP/1.1" 302 -
116.230.117.27 - - [26/Apr/2023:09:36:23 +0800] "GET /xingrg/index.html?sysBaseUrl=http%3A%2F%2F180.169.147.146%3A18081%2Fxingrg%2F&costTime=855×tamp=1682472983258 HTTP/1.1" 200 17179
116.230.117.27 - - [26/Apr/2023:09:36:23 +0800] "GET /xingrg/javascript/jquery_easy_ui/themes/default/easyui.css HTTP/1.1" 304 -
116.230.117.27 - - [26/Apr/2023:09:36:23 +0800] "GET /xingrg/javascript/jquery_easy_ui/jquery.easyui.min.js HTTP/1.1" 304 -
116.230.117.27 - - [26/Apr/2023:09:36:23 +0800] "GET /xingrg/javascript/jquery_easy_ui/themes/icon.css HTTP/1.1" 304 -
116.230.117.27 - - [26/Apr/2023:09:36:23 +0800] "GET /xingrg/css/form.css HTTP/1.1" 304 -
116.230.117.27 - - [26/Apr/2023:09:36:23 +0800] "GET /xingrg/javascript/jquery-1.4.2.min.js HTTP/1.1" 304 -
116.230.117.27 - - [26/Apr/2023:09:36:23 +0800] "GET /xingrg/javascript/jquery.form.js HTTP/1.1" 304 -
116.230.117.27 - - [26/Apr/2023:09:36:23 +0800] "GET /xingrg/javascript/jquery_easy_ui/easyui-lang-zh_CN.js HTTP/1.1" 304 -
116.230.117.27 - - [26/Apr/2023:09:36:23 +0800] "GET /xingrg/javascript/jquery.utils.js HTTP/1.1" 304 -
116.230.117.27 - - [26/Apr/2023:09:36:23 +0800] "GET /xingrg/javascript/jquery.timers.js HTTP/1.1" 304 -
116.230.117.27 - - [26/Apr/2023:09:36:23 +0800] "GET /favicon.ico HTTP/1.1" 404 -
116.230.117.27 - - [26/Apr/2023:09:36:23 +0800] "GET /xingrg/check_reg.html?_=1682472993128 HTTP/1.1" 200 22
116.230.117.27 - - [26/Apr/2023:09:36:23 +0800] "GET /xingrg/all/function/internal_message.html?_=1682472993127&CODE_STATE=count HTTP/1.1" 200 11
116.230.117.27 - - [26/Apr/2023:09:36:23 +0800] "POST /xingrg/all/common/load_tree.html?tree=area_rest_tree_json&manage=1 HTTP/1.1" 200 479
116.230.117.27 - - [26/Apr/2023:09:36:23 +0800] "POST /xingrg/load_menu.html HTTP/1.1" 200 5138
120.253.135.82 - - [26/Apr/2023:09:36:25 +0800] "GET /xingrg/all/function/internal_message.html?_=1682473120971&CODE_STATE=getMsg HTTP/1.1" 200 27
124.78.64.125 - - [26/Apr/2023:09:36:25 +0800] "GET /xingrg/kc/buy/cgsh_order_operate.html?command=get_materiel&rest_code=00141&code=00101008069&supplier_code=00100007&order_time=2023-04-26 HTTP/1.1" 200 412
116.230.117.27 - - [26/Apr/2023:09:36:27 +0800] "GET /xingrg/kc/buy/cgsh_order_list.html HTTP/1.1" 200 55220
116.230.117.27 - - [26/Apr/2023:09:36:28 +0800] "GET /xingrg/css/base.css HTTP/1.1" 304 -
116.230.117.27 - - [26/Apr/2023:09:36:28 +0800] "GET /xingrg/css/site.css HTTP/1.1" 304 -
116.230.117.27 - - [26/Apr/2023:09:36:28 +0800] "GET /xingrg/javascript/easyui/themes/default/easyui.css HTTP/1.1" 304 -
116.230.117.27 - - [26/Apr/2023:09:36:28 +0800] "GET /xingrg/javascript/jquery_tools/datebox.css HTTP/1.1" 304 -
116.230.117.27 - - [26/Apr/2023:09:36:28 +0800] "GET /xingrg/javascript/easyui/themes/icon.css HTTP/1.1" 304 -
116.230.117.27 - - [26/Apr/2023:09:36:28 +0800] "GET /xingrg/javascript/auto/jquery.autocomplete.css HTTP/1.1" 304 -
116.230.117.27 - - [26/Apr/2023:09:36:28 +0800] "GET /xingrg/javascript/jquery_tools/fix.css HTTP/1.1" 304 -
116.230.117.27 - - [26/Apr/2023:09:36:28 +0800] "GET /xingrg/javascript/jquery_tools/table.css HTTP/1.1" 304 -
116.230.117.27 - - [26/Apr/2023:09:36:28 +0800] "GET /xingrg/javascript/jquery_tools/jquery.tools.min.js HTTP/1.1" 304 -
116.230.117.27 - - [26/Apr/2023:09:36:28 +0800] "GET /xingrg/javascript/jquery_tools/jquery.tools.extend.js HTTP/1.1" 304 -
116.230.117.27 - - [26/Apr/2023:09:36:28 +0800] "GET /xingrg/javascript/jquery_tools/jquery.tools.hotkey.js HTTP/1.1" 304 -
116.230.117.27 - - [26/Apr/2023:09:36:28 +0800] "GET /xingrg/javascript/auto/jquery.autocomplete.js HTTP/1.1" 304 -
116.230.117.27 - - [26/Apr/2023:09:36:28 +0800] "GET /xingrg/javascript/jquery.cookie.js HTTP/1.1" 304 -
116.230.117.27 - - [26/Apr/2023:09:36:28 +0800] "GET /xingrg/javascript/easyui/easyloader.js HTTP/1.1" 304 -
116.230.117.27 - - [26/Apr/2023:09:36:28 +0800] "GET /xingrg/javascript/print/LodopFuncs.js HTTP/1.1" 304 -
116.230.117.27 - - [26/Apr/2023:09:36:28 +0800] "GET /xingrg/javascript/jquery_tools/list_manager.js HTTP/1.1" 304 -
116.230.117.27 - - [26/Apr/2023:09:36:28 +0800] "GET /xingrg/javascript/jquery_tools/jquery.tools.table.js HTTP/1.1" 304 -
116.230.117.27 - - [26/Apr/2023:09:36:28 +0800] "GET /xingrg/javascript/easyui/plugins/jquery.parser.js HTTP/1.1" 304 -
180.152.240.159 - - [26/Apr/2023:09:36:29 +0800] "GET /xingrg/kc/buy/cgsh_order_add.html HTTP/1.1" 200 71031
180.152.240.159 - - [26/Apr/2023:09:36:29 +0800] "POST /xingrg/kc/buy/cgsh_order_operate.html HTTP/1.1" 200 8245
180.152.240.159 - - [26/Apr/2023:09:36:29 +0800] "GET /xingrg/javascript/easyui/themes/default/validatebox.css HTTP/1.1" 404 1104
124.78.64.125 - - [26/Apr/2023:09:36:30 +0800] "GET /xingrg/login.html HTTP/1.1" 200 7641
180.152.240.159 - - [26/Apr/2023:09:36:30 +0800] "GET /xingrg/javascript/easyui/plugins/jquery.draggable.js HTTP/1.1" 200 6121
124.78.64.125 - - [26/Apr/2023:09:36:30 +0800] "GET /xingrg/images/blue/jxLogo.png HTTP/1.1" 200 6156
180.152.240.159 - - [26/Apr/2023:09:36:30 +0800] "GET /xingrg/css/images/panel_loading.gif HTTP/1.1" 200 1737
180.152.240.159 - - [26/Apr/2023:09:36:30 +0800] "GET /xingrg/javascript/easyui/plugins/jquery.droppable.js HTTP/1.1" 200 1167
180.152.240.159 - - [26/Apr/2023:09:36:30 +0800] "GET /xingrg/javascript/easyui/plugins/jquery.tree.js HTTP/1.1" 200 20874
180.152.240.159 - - [26/Apr/2023:09:36:30 +0800] "GET /xingrg/javascript/easyui/themes/default/tree.css HTTP/1.1" 404 1090
124.78.64.125 - - [26/Apr/2023:09:36:30 +0800] "GET /xingrg/images/blue/login_bg.png HTTP/1.1" 200 22101
124.78.64.125 - - [26/Apr/2023:09:36:30 +0800] "GET /xingrg/images/blue/srbg.png HTTP/1.1" 200 138
124.78.64.125 - - [26/Apr/2023:09:36:30 +0800] "GET /xingrg/images/blue/hj.png HTTP/1.1" 200 1014
124.78.64.125 - - [26/Apr/2023:09:36:30 +0800] "GET /favicon.ico HTTP/1.1" 404 -
180.152.240.159 - - [26/Apr/2023:09:36:31 +0800] "POST /xingrg/all/common/load_tree.html?tree=supplier_tree_json&isDelete=1 HTTP/1.1" 200 73239
116.230.117.27 - - [26/Apr/2023:09:36:31 +0800] "POST /xingrg/kc/buy/cgsh_list_operate.html HTTP/1.1" 200 1869
180.164.3.199 - - [26/Apr/2023:09:36:32 +0800] "GET /xingrg/all/function/internal_message.html?_=1682472991798&CODE_STATE=getMsg HTTP/1.1" 200 27
180.152.240.159 - - [26/Apr/2023:09:36:32 +0800] "GET /xingrg/javascript/easyui/themes/default/images/tree_folder.gif HTTP/1.1" 200 952
180.152.240.159 - - [26/Apr/2023:09:36:32 +0800] "GET /xingrg/javascript/easyui/themes/default/images/tree_folder_open.gif HTTP/1.1" 200 956
180.152.240.159 - - [26/Apr/2023:09:36:32 +0800] "GET /xingrg/javascript/easyui/themes/default/images/tree_file.gif HTTP/1.1" 200 118
180.152.240.159 - - [26/Apr/2023:09:36:32 +0800] "GET /xingrg/javascript/easyui/themes/default/images/tree_arrows.gif HTTP/1.1" 200 617
172.20.0.100 - - [26/Apr/2023:09:36:34 +0800] "GET /xingrg/all/function/internal_message.html?_=1682472977777&CODE_STATE=getMsg HTTP/1.1" 200 27
180.152.240.159 - - [26/Apr/2023:09:36:34 +0800] "GET /xingrg/all/function/internal_message.html?_=1682472996336&CODE_STATE=getMsg HTTP/1.1" 200 27
124.79.240.114 - - [26/Apr/2023:09:36:35 +0800] "GET /xingrg/check_reg.html?_=1682473267622 HTTP/1.1" 200 22
124.79.240.114 - - [26/Apr/2023:09:36:35 +0800] "GET /xingrg/all/function/internal_message.html?_=1682473267623&CODE_STATE=getMsg HTTP/1.1" 200 27
124.79.74.67 - - [26/Apr/2023:09:36:38 +0800] "GET /xingrg/all/function/internal_message.html?_=1682472998141&CODE_STATE=getMsg HTTP/1.1" 200 27
124.79.74.67 - - [26/Apr/2023:09:36:38 +0800] "GET /xingrg/check_reg.html?_=1682472998142 HTTP/1.1" 200 22
116.230.117.27 - - [26/Apr/2023:09:36:38 +0800] "GET /xingrg/kc/buy/cgsh_order_add.html HTTP/1.1" 200 70996
116.230.117.27 - - [26/Apr/2023:09:36:38 +0800] "GET /xingrg/javascript/pic_change.js HTTP/1.1" 304 -
116.230.117.27 - - [26/Apr/2023:09:36:38 +0800] "GET /xingrg/javascript/json2.js HTTP/1.1" 304 -
116.230.117.27 - - [26/Apr/2023:09:36:38 +0800] "GET /xingrg/javascript/convert.js HTTP/1.1" 304 -
116.230.117.27 - - [26/Apr/2023:09:36:38 +0800] "GET /xingrg/javascript/jquery_tools/order_manager.js HTTP/1.1" 304 -
116.230.117.27 - - [26/Apr/2023:09:36:38 +0800] "GET /xingrg/javascript/print/kc_print.js HTTP/1.1" 304 -
116.230.117.27 - - [26/Apr/2023:09:36:38 +0800] "GET /xingrg/words/20230425123415_words.js HTTP/1.1" 304 -
116.230.117.27 - - [26/Apr/2023:09:36:38 +0800] "POST /xingrg/kc/buy/cgsh_order_operate.html HTTP/1.1" 200 8245
116.230.117.27 - - [26/Apr/2023:09:36:38 +0800] "GET /xingrg/javascript/easyui/themes/default/validatebox.css HTTP/1.1" 404 1104
116.230.117.27 - - [26/Apr/2023:09:36:38 +0800] "GET /xingrg/javascript/easyui/plugins/jquery.validatebox.js HTTP/1.1" 304 -
116.230.117.27 - - [26/Apr/2023:09:36:38 +0800] "GET /xingrg/all/common/auto_word.html?type=employee&rest_code=00146 HTTP/1.1" 200 101
116.230.117.27 - - [26/Apr/2023:09:36:38 +0800] "GET /xingrg/javascript/easyui/plugins/jquery.numberbox.js HTTP/1.1" 304 -
116.230.117.27 - - [26/Apr/2023:09:36:38 +0800] "GET /xingrg/all/common/auto_word.html?type=employee&rest_code=00146 HTTP/1.1" 200 101
124.79.240.114 - - [26/Apr/2023:09:36:42 +0800] "GET /xingrg/all/function/internal_message.html?_=1682473002698&CODE_STATE=getMsg HTTP/1.1" 200 27
116.238.139.35 - - [26/Apr/2023:09:36:43 +0800] "GET /xingrg/all/function/internal_message.html?_=1682473003465&CODE_STATE=getMsg HTTP/1.1" 200 27
116.224.158.100 - - [26/Apr/2023:09:36:46 +0800] "GET /xingrg/all/function/internal_message.html?_=1682472846073&CODE_STATE=getMsg HTTP/1.1" 200 27
116.230.117.27 - - [26/Apr/2023:09:36:49 +0800] "GET /xingrg/javascript/auto/indicator.gif HTTP/1.1" 404 1066
116.230.117.27 - - [26/Apr/2023:09:36:55 +0800] "GET /xingrg/javascript/jquery_tools/images/next.gif HTTP/1.1" 404 1086
116.230.117.27 - - [26/Apr/2023:09:36:55 +0800] "GET /xingrg/javascript/jquery_tools/images/prev.gif HTTP/1.1" 404 1086
116.238.139.35 - - [26/Apr/2023:09:36:55 +0800] "GET /xingrg/all/function/internal_message.html?_=1682472948399&CODE_STATE=getMsg HTTP/1.1" 200 27
101.229.22.234 - - [26/Apr/2023:09:36:55 +0800] "GET /xingrg/all/function/internal_message.html?_=1682473015053&CODE_STATE=getMsg HTTP/1.1" 200 27
124.78.64.125 - - [26/Apr/2023:09:36:56 +0800] "GET /xingrg/kc/buy/cgsh_order_operate.html?command=get_materiel&rest_code=00141&code=00101013115&supplier_code=00100007&order_time=2023-04-26 HTTP/1.1" 200 413
124.78.64.125 - - [26/Apr/2023:09:36:58 +0800] "POST /xingrg/kc/buy/cgsh_order_operate.html HTTP/1.1" 200 2065
124.78.64.125 - - [26/Apr/2023:09:36:58 +0800] "POST /xingrg/login.do HTTP/1.1" 302 -
124.78.64.125 - - [26/Apr/2023:09:36:58 +0800] "GET /xingrg/index.html?sysBaseUrl=http%3A%2F%2F180.169.147.146%3A18081%2Fxingrg%2F&costTime=829×tamp=1682473018685 HTTP/1.1" 200 17503
124.78.64.125 - - [26/Apr/2023:09:36:58 +0800] "GET /xingrg/javascript/jquery_easy_ui/themes/default/easyui.css HTTP/1.1" 200 26500
124.78.64.125 - - [26/Apr/2023:09:36:58 +0800] "GET /xingrg/javascript/jquery_easy_ui/themes/icon.css HTTP/1.1" 200 3949
124.78.64.125 - - [26/Apr/2023:09:36:58 +0800] "GET /xingrg/css/form.css HTTP/1.1" 200 893
124.78.64.125 - - [26/Apr/2023:09:36:58 +0800] "GET /xingrg/javascript/jquery-1.4.2.min.js HTTP/1.1" 200 72205
124.78.64.125 - - [26/Apr/2023:09:36:58 +0800] "GET /xingrg/javascript/jquery_easy_ui/jquery.easyui.min.js HTTP/1.1" 200 213662
124.78.64.125 - - [26/Apr/2023:09:36:58 +0800] "GET /xingrg/javascript/jquery_easy_ui/easyui-lang-zh_CN.js HTTP/1.1" 200 1900
124.78.64.125 - - [26/Apr/2023:09:36:58 +0800] "GET /xingrg/javascript/jquery.form.js HTTP/1.1" 200 23110
124.78.64.125 - - [26/Apr/2023:09:36:58 +0800] "GET /xingrg/javascript/jquery.utils.js HTTP/1.1" 200 11805
124.78.64.125 - - [26/Apr/2023:09:36:58 +0800] "GET /xingrg/javascript/jquery.timers.js HTTP/1.1" 200 3532
124.78.64.125 - - [26/Apr/2023:09:36:58 +0800] "GET /favicon.ico HTTP/1.1" 404 -
124.78.64.125 - - [26/Apr/2023:09:36:58 +0800] "GET /xingrg/javascript/jquery_easy_ui/themes/icons/settle_new.png HTTP/1.1" 200 826
124.78.64.125 - - [26/Apr/2023:09:36:58 +0800] "GET /xingrg/images/blue/navBackgound.jpg HTTP/1.1" 200 12378
124.78.64.125 - - [26/Apr/2023:09:36:59 +0800] "GET /xingrg/all/function/internal_message.html?_=1682473017307&CODE_STATE=count HTTP/1.1" 200 11
124.78.64.125 - - [26/Apr/2023:09:36:59 +0800] "GET /xingrg/images/blue/pingpu.png HTTP/1.1" 200 231
124.78.64.125 - - [26/Apr/2023:09:36:59 +0800] "GET /xingrg/check_reg.html?_=1682473017308 HTTP/1.1" 200 22
124.78.64.125 - - [26/Apr/2023:09:36:59 +0800] "GET /xingrg/javascript/jquery_easy_ui/themes/default/images/tabs_leftarrow.png HTTP/1.1" 200 389
124.78.64.125 - - [26/Apr/2023:09:36:59 +0800] "GET /xingrg/javascript/jquery_easy_ui/themes/default/images/tabs_rightarrow.png HTTP/1.1" 200 395
124.78.64.125 - - [26/Apr/2023:09:36:59 +0800] "GET /xingrg/javascript/jquery_easy_ui/themes/default/images/panel_tool_collapse.gif HTTP/1.1" 200 246
124.78.64.125 - - [26/Apr/2023:09:36:59 +0800] "GET /xingrg/javascript/jquery_easy_ui/themes/default/images/panel_tool_expand.gif HTTP/1.1" 200 247
124.78.64.125 - - [26/Apr/2023:09:36:59 +0800] "POST /xingrg/all/common/load_tree.html?tree=area_rest_tree_json&manage=1 HTTP/1.1" 200 3499
124.78.64.125 - - [26/Apr/2023:09:36:59 +0800] "POST /xingrg/load_menu.html HTTP/1.1" 200 11443
124.78.64.125 - - [26/Apr/2023:09:36:59 +0800] "GET /xingrg/javascript/jquery_easy_ui/themes/default/images/tree_arrows.gif HTTP/1.1" 200 1043
124.78.64.125 - - [26/Apr/2023:09:36:59 +0800] "GET /xingrg/javascript/jquery_easy_ui/themes/icons/search_new.png HTTP/1.1" 200 586
124.78.64.125 - - [26/Apr/2023:09:36:59 +0800] "GET /xingrg/javascript/jquery_easy_ui/themes/default/images/tree_folder_open.gif HTTP/1.1" 200 956
124.78.64.125 - - [26/Apr/2023:09:36:59 +0800] "GET /xingrg/javascript/jquery_easy_ui/themes/icons/delivery_new.png HTTP/1.1" 200 700
124.78.64.125 - - [26/Apr/2023:09:36:59 +0800] "GET /xingrg/javascript/jquery_easy_ui/themes/icons/checkout_new.png HTTP/1.1" 200 744
124.78.64.125 - - [26/Apr/2023:09:36:59 +0800] "GET /xingrg/javascript/jquery_easy_ui/themes/icons/storage_new.png HTTP/1.1" 200 853
124.78.64.125 - - [26/Apr/2023:09:36:59 +0800] "GET /xingrg/javascript/jquery_easy_ui/themes/icons/forms_new.png HTTP/1.1" 200 350
124.78.64.125 - - [26/Apr/2023:09:36:59 +0800] "GET /xingrg/javascript/jquery_easy_ui/themes/icons/setting_new.png HTTP/1.1" 200 450
124.78.64.125 - - [26/Apr/2023:09:36:59 +0800] "GET /xingrg/javascript/jquery_easy_ui/themes/default/images/tree_file.gif HTTP/1.1" 200 118
124.78.64.125 - - [26/Apr/2023:09:36:59 +0800] "GET /xingrg/javascript/jquery_easy_ui/themes/icons/systemset_new.png HTTP/1.1" 200 606
124.78.64.125 - - [26/Apr/2023:09:36:59 +0800] "GET /xingrg/javascript/jquery_easy_ui/themes/default/images/tree_folder.gif HTTP/1.1" 200 952
116.224.106.218 - - [26/Apr/2023:09:36:59 +0800] "GET /xingrg/all/function/internal_message.html?_=1682473018362&CODE_STATE=getMsg HTTP/1.1" 200 27
180.152.240.159 - - [26/Apr/2023:09:37:00 +0800] "GET /xingrg/kc/buy/cgsh_order_operate.html?command=get_materiel&rest_code=00102&code=00101009109&supplier_code=00100022&order_time=2023-04-26 HTTP/1.1" 200 414
124.78.64.125 - - [26/Apr/2023:09:37:04 +0800] "GET /xingrg/javascript/jquery_easy_ui/themes/icons/manage.png HTTP/1.1" 200 696
124.78.64.125 - - [26/Apr/2023:09:37:04 +0800] "GET /xingrg/javascript/jquery_easy_ui/themes/icons/rest.png HTTP/1.1" 200 695
124.78.64.125 - - [26/Apr/2023:09:37:04 +0800] "GET /xingrg/javascript/jquery_easy_ui/themes/icons/ok.png HTTP/1.1" 200 883
124.78.64.125 - - [26/Apr/2023:09:37:04 +0800] "GET /xingrg/javascript/jquery_easy_ui/themes/icons/area.png HTTP/1.1" 200 262
124.78.64.125 - - [26/Apr/2023:09:37:04 +0800] "GET /xingrg/javascript/jquery_easy_ui/themes/default/images/button_span_bg.gif HTTP/1.1" 200 2061
124.78.64.125 - - [26/Apr/2023:09:37:04 +0800] "GET /xingrg/javascript/jquery_easy_ui/themes/default/images/button_a_bg.gif HTTP/1.1" 200 1194
124.78.64.125 - - [26/Apr/2023:09:37:04 +0800] "GET /xingrg/javascript/jquery_easy_ui/themes/default/images/panel_tools.gif HTTP/1.1" 200 737
124.78.64.125 - - [26/Apr/2023:09:37:04 +0800] "GET /xingrg/javascript/jquery_easy_ui/themes/default/images/panel_title.png HTTP/1.1" 200 266
116.230.117.27 - - [26/Apr/2023:09:37:04 +0800] "GET /xingrg/kc/buy/cgsh_order_operate.html?command=get_materiel&rest_code=00146&code=00101002007&supplier_code=00100199&order_time=2023-04-26 HTTP/1.1" 200 409
124.78.64.125 - - [26/Apr/2023:09:37:04 +0800] "GET /xingrg/kc/buy/cgsh_order_operate.html?command=get_materiel&rest_code=00141&code=00101008176&supplier_code=00100007&order_time=2023-04-26 HTTP/1.1" 200 413
180.169.147.146 - - [26/Apr/2023:09:37:05 +0800] "GET /xingrg/check_reg.html?_=1682473025106 HTTP/1.1" 200 22
180.169.147.146 - - [26/Apr/2023:09:37:05 +0800] "GET /xingrg/all/function/internal_message.html?_=1682473025102&CODE_STATE=getMsg HTTP/1.1" 200 27
180.171.122.0 - - [26/Apr/2023:09:37:06 +0800] "GET /xingrg/all/function/internal_message.html?_=1682473024951&CODE_STATE=getMsg HTTP/1.1" 200 27
116.224.158.100 - - [26/Apr/2023:09:37:06 +0800] "GET /xingrg/all/function/internal_message.html?_=1682473028519&CODE_STATE=getMsg HTTP/1.1" 200 27
124.78.64.125 - - [26/Apr/2023:09:37:07 +0800] "GET /xingrg/images/control/ajaxLoader.gif HTTP/1.1" 200 4659
124.78.64.125 - - [26/Apr/2023:09:37:07 +0800] "POST /xingrg/all/user/operate.html HTTP/1.1" 200 36
124.78.64.125 - - [26/Apr/2023:09:37:07 +0800] "GET /xingrg/index.html?sysBaseUrl=http%3A%2F%2F180.169.147.146%3A18081%2Fxingrg%2F&costTime=829×tamp=1682473018685 HTTP/1.1" 200 17509
124.78.64.125 - - [26/Apr/2023:09:37:07 +0800] "GET /xingrg/javascript/jquery_easy_ui/themes/default/easyui.css HTTP/1.1" 304 -
124.78.64.125 - - [26/Apr/2023:09:37:07 +0800] "GET /xingrg/javascript/jquery_easy_ui/themes/icon.css HTTP/1.1" 304 -
124.78.64.125 - - [26/Apr/2023:09:37:07 +0800] "GET /xingrg/css/form.css HTTP/1.1" 304 -
124.78.64.125 - - [26/Apr/2023:09:37:07 +0800] "GET /xingrg/javascript/jquery-1.4.2.min.js HTTP/1.1" 304 -
124.78.64.125 - - [26/Apr/2023:09:37:08 +0800] "GET /xingrg/javascript/jquery_easy_ui/jquery.easyui.min.js HTTP/1.1" 304 -
124.78.64.125 - - [26/Apr/2023:09:37:08 +0800] "GET /xingrg/javascript/jquery_easy_ui/easyui-lang-zh_CN.js HTTP/1.1" 304 -
124.78.64.125 - - [26/Apr/2023:09:37:08 +0800] "GET /xingrg/javascript/jquery.form.js HTTP/1.1" 304 -
124.78.64.125 - - [26/Apr/2023:09:37:08 +0800] "GET /xingrg/javascript/jquery.utils.js HTTP/1.1" 304 -
124.78.64.125 - - [26/Apr/2023:09:37:08 +0800] "GET /xingrg/javascript/jquery.timers.js HTTP/1.1" 304 -
124.78.64.125 - - [26/Apr/2023:09:37:08 +0800] "GET /xingrg/images/blue/jxLogo.png HTTP/1.1" 304 -
124.78.64.125 - - [26/Apr/2023:09:37:08 +0800] "GET /xingrg/javascript/jquery_easy_ui/themes/icons/settle_new.png HTTP/1.1" 304 -
124.78.64.125 - - [26/Apr/2023:09:37:08 +0800] "GET /xingrg/images/blue/navBackgound.jpg HTTP/1.1" 304 -
124.78.64.125 - - [26/Apr/2023:09:37:08 +0800] "GET /xingrg/all/function/internal_message.html?_=1682473026322&CODE_STATE=count HTTP/1.1" 200 11
124.78.64.125 - - [26/Apr/2023:09:37:08 +0800] "GET /xingrg/javascript/jquery_easy_ui/themes/default/images/panel_tool_expand.gif HTTP/1.1" 304 -
124.78.64.125 - - [26/Apr/2023:09:37:08 +0800] "GET /xingrg/javascript/jquery_easy_ui/themes/default/images/tabs_rightarrow.png HTTP/1.1" 304 -
124.78.64.125 - - [26/Apr/2023:09:37:08 +0800] "GET /xingrg/javascript/jquery_easy_ui/themes/default/images/panel_tool_collapse.gif HTTP/1.1" 304 -
124.78.64.125 - - [26/Apr/2023:09:37:08 +0800] "GET /xingrg/javascript/jquery_easy_ui/themes/default/images/tabs_leftarrow.png HTTP/1.1" 304 -
124.78.64.125 - - [26/Apr/2023:09:37:08 +0800] "GET /xingrg/images/blue/pingpu.png HTTP/1.1" 304 -
124.78.64.125 - - [26/Apr/2023:09:37:08 +0800] "GET /xingrg/check_reg.html?_=1682473026323 HTTP/1.1" 200 22
124.78.64.125 - - [26/Apr/2023:09:37:08 +0800] "POST /xingrg/all/common/load_tree.html?tree=area_rest_tree_json&manage=1 HTTP/1.1" 200 3499
124.78.64.125 - - [26/Apr/2023:09:37:08 +0800] "POST /xingrg/load_menu.html HTTP/1.1" 200 9959
124.78.64.125 - - [26/Apr/2023:09:37:10 +0800] "GET /xingrg/kc/cost/cost_list.html HTTP/1.1" 200 6093
124.78.64.125 - - [26/Apr/2023:09:37:10 +0800] "GET /xingrg/javascript/jquery_easy_ui/themes/default/images/tabs_close.gif HTTP/1.1" 200 829
124.78.64.125 - - [26/Apr/2023:09:37:10 +0800] "GET /xingrg/css/blue.css HTTP/1.1" 200 15949
124.78.64.125 - - [26/Apr/2023:09:37:10 +0800] "GET /xingrg/javascript/step/step.css HTTP/1.1" 200 999
124.78.64.125 - - [26/Apr/2023:09:37:10 +0800] "GET /xingrg/css/table.css HTTP/1.1" 200 3684
124.78.64.125 - - [26/Apr/2023:09:37:10 +0800] "GET /xingrg/dwr/interface/AjaxReportQueryService.js HTTP/1.1" 200 13203
124.78.64.125 - - [26/Apr/2023:09:37:10 +0800] "GET /xingrg/dwr/util.js HTTP/1.1" 200 35990
124.78.64.125 - - [26/Apr/2023:09:37:10 +0800] "GET /xingrg/dwr/engine.js HTTP/1.1" 200 43631
124.78.64.125 - - [26/Apr/2023:09:37:10 +0800] "GET /xingrg/javascript/myfunction.js HTTP/1.1" 200 24559
124.78.64.125 - - [26/Apr/2023:09:37:10 +0800] "GET /xingrg/javascript/jquery_easy_ui/themes/default/images/datagrid_header_bg.gif HTTP/1.1" 200 97
124.78.64.125 - - [26/Apr/2023:09:37:10 +0800] "GET /xingrg/javascript/jquery_easy_ui/themes/icons/pencil.png HTTP/1.1" 200 713
124.78.64.125 - - [26/Apr/2023:09:37:10 +0800] "GET /xingrg/javascript/jquery_easy_ui/themes/icons/edit_remove.png HTTP/1.1" 200 625
124.78.64.125 - - [26/Apr/2023:09:37:10 +0800] "GET /xingrg/javascript/jquery_easy_ui/themes/default/images/pagination_loading.gif HTTP/1.1" 200 1737
124.78.64.125 - - [26/Apr/2023:09:37:10 +0800] "GET /xingrg/javascript/jquery_easy_ui/themes/icons/edit_add.png HTTP/1.1" 200 1088
124.78.64.125 - - [26/Apr/2023:09:37:10 +0800] "GET /xingrg/kc/cost/cost_operate.html?_=1682473028811&command=load_cost_list HTTP/1.1" 200 10331
124.78.64.125 - - [26/Apr/2023:09:37:13 +0800] "GET /xingrg/javascript/jquery_easy_ui/themes/default/images/button_plain_hover.png HTTP/1.1" 200 252
116.227.208.255 - - [26/Apr/2023:09:37:15 +0800] "GET /xingrg/all/function/internal_message.html?_=1682473101807&CODE_STATE=getMsg HTTP/1.1" 200 27
180.152.240.159 - - [26/Apr/2023:09:37:17 +0800] "GET /xingrg/kc/buy/cgsh_order_operate.html?command=get_materiel&rest_code=00102&code=00101009049&supplier_code=00100022&order_time=2023-04-26 HTTP/1.1" 200 416
116.238.139.35 - - [26/Apr/2023:09:37:20 +0800] "GET /xingrg/kc/buy/cgsh_order_operate.html?command=get_materiel&rest_code=00150&code=00101008161&supplier_code=00100008&order_time=2023-04-26 HTTP/1.1" 200 409
124.78.64.125 - - [26/Apr/2023:09:37:20 +0800] "GET /xingrg/all/function/internal_message.html?_=1682472569177&CODE_STATE=getMsg HTTP/1.1" 200 27
222.69.131.221 - - [26/Apr/2023:09:37:23 +0800] "GET /xingrg/all/function/internal_message.html?_=1682473042289&CODE_STATE=getMsg HTTP/1.1" 200 27
116.230.117.27 - - [26/Apr/2023:09:37:23 +0800] "GET /xingrg/all/function/internal_message.html?_=1682473053135&CODE_STATE=getMsg HTTP/1.1" 200 27
120.253.135.82 - - [26/Apr/2023:09:37:25 +0800] "GET /xingrg/all/function/internal_message.html?_=1682473181011&CODE_STATE=getMsg HTTP/1.1" 200 27
180.152.240.159 - - [26/Apr/2023:09:37:26 +0800] "GET /xingrg/kc/buy/cgsh_order_operate.html?command=get_materiel&rest_code=00102&code=00101009062&supplier_code=00100022&order_time=2023-04-26 HTTP/1.1" 200 414
180.164.3.199 - - [26/Apr/2023:09:37:32 +0800] "GET /xingrg/all/function/internal_message.html?_=1682473051788&CODE_STATE=getMsg HTTP/1.1" 200 27
101.229.22.234 - - [26/Apr/2023:09:37:33 +0800] "POST /xingrg/kc/base/wldb_order_operate.html HTTP/1.1" 200 37
101.229.22.234 - - [26/Apr/2023:09:37:34 +0800] "POST /xingrg/kc/base/wldb_order_operate.html HTTP/1.1" 200 7498
172.20.0.100 - - [26/Apr/2023:09:37:34 +0800] "GET /xingrg/all/function/internal_message.html?_=1682473037780&CODE_STATE=getMsg HTTP/1.1" 200 27
180.152.240.159 - - [26/Apr/2023:09:37:34 +0800] "GET /xingrg/all/function/internal_message.html?_=1682473056338&CODE_STATE=getMsg HTTP/1.1" 200 27
116.238.139.35 - - [26/Apr/2023:09:37:35 +0800] "GET /xingrg/kc/buy/cgsh_order_operate.html?command=get_materiel&rest_code=00150&code=00101008103&supplier_code=00100008&order_time=2023-04-26 HTTP/1.1" 200 417
124.79.240.114 - - [26/Apr/2023:09:37:35 +0800] "GET /xingrg/all/function/internal_message.html?_=1682473327621&CODE_STATE=getMsg HTTP/1.1" 200 27
124.79.74.67 - - [26/Apr/2023:09:37:38 +0800] "GET /xingrg/all/function/internal_message.html?_=1682473058139&CODE_STATE=getMsg HTTP/1.1" 200 27
180.169.147.146 - - [26/Apr/2023:09:37:40 +0800] "GET /favicon.ico HTTP/1.1" 404 -
101.229.22.234 - - [26/Apr/2023:09:37:41 +0800] "POST /xingrg/kc/base/wldb_order_operate.html HTTP/1.1" 200 12
124.79.240.114 - - [26/Apr/2023:09:37:42 +0800] "GET /xingrg/all/function/internal_message.html?_=1682473062697&CODE_STATE=getMsg HTTP/1.1" 200 27
101.229.22.234 - - [26/Apr/2023:09:37:43 +0800] "GET /xingrg/kc/base/wldb_order_info.html?code=422023042602076 HTTP/1.1" 200 26269
101.229.22.234 - - [26/Apr/2023:09:37:43 +0800] "GET /xingrg/javascript/easyui/themes/default/validatebox.css HTTP/1.1" 404 1104
101.229.22.234 - - [26/Apr/2023:09:37:43 +0800] "POST /xingrg/kc/base/wldb_order_operate.html HTTP/1.1" 200 5668
116.238.139.35 - - [26/Apr/2023:09:37:43 +0800] "GET /xingrg/all/function/internal_message.html?_=1682473063440&CODE_STATE=getMsg HTTP/1.1" 200 27
180.152.240.159 - - [26/Apr/2023:09:37:45 +0800] "GET /xingrg/kc/buy/cgsh_order_operate.html?command=get_materiel&rest_code=00102&code=00101009010&supplier_code=00100022&order_time=2023-04-26 HTTP/1.1" 200 412
116.224.158.100 - - [26/Apr/2023:09:37:46 +0800] "GET /xingrg/all/function/internal_message.html?_=1682472906071&CODE_STATE=getMsg HTTP/1.1" 200 27
101.229.22.234 - - [26/Apr/2023:09:37:46 +0800] "POST /xingrg/kc/base/wldb_list_operate.html HTTP/1.1" 200 928
116.230.117.27 - - [26/Apr/2023:09:37:47 +0800] "GET /xingrg/kc/buy/cgsh_order_operate.html?command=get_materiel&rest_code=00146&code=00101002027&supplier_code=00100199&order_time=2023-04-26 HTTP/1.1" 200 413
124.78.64.125 - - [26/Apr/2023:09:37:47 +0800] "GET /xingrg/kc/buy/cgsh_order_operate.html?command=get_materiel&rest_code=00141&code=00101008331&supplier_code=00100007&order_time=2023-04-26 HTTP/1.1" 200 416
124.78.64.125 - - [26/Apr/2023:09:37:49 +0800] "POST /xingrg/kc/cost/cost_operate.html HTTP/1.1" 200 4
101.229.22.234 - - [26/Apr/2023:09:37:50 +0800] "POST /xingrg/kc/base/wldb_list_operate.html HTTP/1.1" 200 6253
101.229.22.234 - - [26/Apr/2023:09:37:52 +0800] "POST /xingrg/kc/base/wldb_list_operate.html HTTP/1.1" 200 6253
116.238.139.35 - - [26/Apr/2023:09:37:54 +0800] "GET /xingrg/check_reg.html?_=1682473007947 HTTP/1.1" 200 22
116.238.139.35 - - [26/Apr/2023:09:37:55 +0800] "GET /xingrg/all/function/internal_message.html?_=1682473008412&CODE_STATE=getMsg HTTP/1.1" 200 27
101.229.22.234 - - [26/Apr/2023:09:37:55 +0800] "GET /xingrg/all/function/internal_message.html?_=1682473075056&CODE_STATE=getMsg HTTP/1.1" 200 27
124.78.64.125 - - [26/Apr/2023:09:37:57 +0800] "GET /xingrg/kc/buy/cgsh_order_operate.html?command=get_materiel&rest_code=00141&code=00101008207&supplier_code=00100007&order_time=2023-04-26 HTTP/1.1" 200 408
180.152.240.159 - - [26/Apr/2023:09:37:58 +0800] "GET /xingrg/kc/buy/cgsh_order_operate.html?command=get_materiel&rest_code=00102&code=00101009160&supplier_code=00100022&order_time=2023-04-26 HTTP/1.1" 200 415
116.224.106.218 - - [26/Apr/2023:09:37:59 +0800] "GET /xingrg/all/function/internal_message.html?_=1682473078345&CODE_STATE=getMsg HTTP/1.1" 200 27
116.230.117.27 - - [26/Apr/2023:09:38:00 +0800] "GET /xingrg/kc/buy/cgsh_order_operate.html?command=get_materiel&rest_code=00146&code=00101004040&supplier_code=00100199&order_time=2023-04-26 HTTP/1.1" 200 412
180.169.147.146 - - [26/Apr/2023:09:38:05 +0800] "GET /xingrg/all/function/internal_message.html?_=1682473085109&CODE_STATE=getMsg HTTP/1.1" 200 27
124.78.64.125 - - [26/Apr/2023:09:38:06 +0800] "GET /xingrg/kc/buy/cgsh_order_operate.html?command=get_materiel&rest_code=00141&code=00101008199&supplier_code=00100007&order_time=2023-04-26 HTTP/1.1" 200 408
180.171.122.0 - - [26/Apr/2023:09:38:06 +0800] "GET /xingrg/all/function/internal_message.html?_=1682473084937&CODE_STATE=getMsg HTTP/1.1" 200 27
116.224.158.100 - - [26/Apr/2023:09:38:06 +0800] "GET /xingrg/all/function/internal_message.html?_=1682473088505&CODE_STATE=getMsg HTTP/1.1" 200 27
116.227.208.255 - - [26/Apr/2023:09:38:15 +0800] "GET /xingrg/all/function/internal_message.html?_=1682473161786&CODE_STATE=getMsg HTTP/1.1" 200 27
124.78.64.125 - - [26/Apr/2023:09:38:19 +0800] "POST /xingrg/kc/buy/cgsh_order_operate.html HTTP/1.1" 200 2065
124.78.64.125 - - [26/Apr/2023:09:38:20 +0800] "GET /xingrg/all/function/internal_message.html?_=1682472629066&CODE_STATE=getMsg HTTP/1.1" 200 27
116.230.117.27 - - [26/Apr/2023:09:38:20 +0800] "POST /xingrg/kc/buy/cgsh_order_operate.html HTTP/1.1" 200 37
180.164.3.199 - - [26/Apr/2023:09:38:21 +0800] "POST /xingrg/kc/buy/cgsh_list_operate.html HTTP/1.1" 200 4
222.69.131.221 - - [26/Apr/2023:09:38:23 +0800] "GET /xingrg/all/function/internal_message.html?_=1682473102284&CODE_STATE=getMsg HTTP/1.1" 200 27
222.69.131.221 - - [26/Apr/2023:09:38:23 +0800] "GET /xingrg/check_reg.html?_=1682473102289 HTTP/1.1" 200 22
116.230.117.27 - - [26/Apr/2023:09:38:23 +0800] "GET /xingrg/all/function/internal_message.html?_=1682473113150&CODE_STATE=getMsg HTTP/1.1" 200 27
116.230.117.27 - - [26/Apr/2023:09:38:24 +0800] "POST /xingrg/kc/buy/cgsh_order_operate.html HTTP/1.1" 200 3841
120.253.135.82 - - [26/Apr/2023:09:38:25 +0800] "GET /xingrg/all/function/internal_message.html?_=1682473240987&CODE_STATE=getMsg HTTP/1.1" 200 27
120.253.135.82 - - [26/Apr/2023:09:38:25 +0800] "GET /xingrg/check_reg.html?_=1682473240988 HTTP/1.1" 200 22
124.78.64.125 - - [26/Apr/2023:09:38:25 +0800] "GET /xingrg/kc/buy/cgsh_order_operate.html?command=get_materiel&rest_code=00141&code=00101008087&supplier_code=00100007&order_time=2023-04-26 HTTP/1.1" 200 412
116.238.139.35 - - [26/Apr/2023:09:38:27 +0800] "GET /xingrg/kc/buy/cgsh_order_operate.html?command=get_materiel&rest_code=00150&code=00101008308&supplier_code=00100008&order_time=2023-04-26 HTTP/1.1" 200 420
116.230.117.27 - - [26/Apr/2023:09:38:28 +0800] "GET /xingrg/kc/print/load_config.html?kc_code=cgsh HTTP/1.1" 200 1925
116.230.117.27 - - [26/Apr/2023:09:38:29 +0800] "GET /xingrg/kc/print/load_data.html?order_code=212023042609068&kc_code=cgsh&condition= HTTP/1.1" 200 1126
180.164.3.199 - - [26/Apr/2023:09:38:32 +0800] "GET /xingrg/all/function/internal_message.html?_=1682473111772&CODE_STATE=getMsg HTTP/1.1" 200 27
172.20.0.100 - - [26/Apr/2023:09:38:34 +0800] "GET /xingrg/all/function/internal_message.html?_=1682473097770&CODE_STATE=getMsg HTTP/1.1" 200 27
180.152.240.159 - - [26/Apr/2023:09:38:34 +0800] "GET /xingrg/all/function/internal_message.html?_=1682473116335&CODE_STATE=getMsg HTTP/1.1" 200 27
180.171.122.0 - - [26/Apr/2023:09:38:35 +0800] "GET /xingrg/kc/buy/cgsh_order_add.html HTTP/1.1" 200 70952
124.79.240.114 - - [26/Apr/2023:09:38:35 +0800] "GET /xingrg/all/function/internal_message.html?_=1682473387619&CODE_STATE=getMsg HTTP/1.1" 200 27
180.171.122.0 - - [26/Apr/2023:09:38:36 +0800] "POST /xingrg/kc/buy/cgsh_order_operate.html HTTP/1.1" 200 8245
180.171.122.0 - - [26/Apr/2023:09:38:36 +0800] "GET /xingrg/javascript/easyui/themes/default/validatebox.css HTTP/1.1" 404 1104
124.78.64.125 - - [26/Apr/2023:09:38:37 +0800] "GET /xingrg/kc/buy/cgsh_order_operate.html?command=get_materiel&rest_code=00141&code=00101008355&supplier_code=00100007&order_time=2023-04-26 HTTP/1.1" 200 408
124.79.74.67 - - [26/Apr/2023:09:38:38 +0800] "GET /xingrg/all/function/internal_message.html?_=1682473118138&CODE_STATE=getMsg HTTP/1.1" 200 27
124.79.240.114 - - [26/Apr/2023:09:38:42 +0800] "GET /xingrg/check_reg.html?_=1682473122697 HTTP/1.1" 200 22
124.79.240.114 - - [26/Apr/2023:09:38:42 +0800] "GET /xingrg/all/function/internal_message.html?_=1682473122703&CODE_STATE=getMsg HTTP/1.1" 200 27
116.238.139.35 - - [26/Apr/2023:09:38:43 +0800] "GET /xingrg/all/function/internal_message.html?_=1682473123424&CODE_STATE=getMsg HTTP/1.1" 200 27
116.238.139.35 - - [26/Apr/2023:09:38:45 +0800] "POST /xingrg/kc/buy/cgsh_order_operate.html HTTP/1.1" 200 37
116.224.158.100 - - [26/Apr/2023:09:38:46 +0800] "GET /xingrg/all/function/internal_message.html?_=1682472966069&CODE_STATE=getMsg HTTP/1.1" 200 27
180.171.122.0 - - [26/Apr/2023:09:38:47 +0800] "GET /xingrg/kc/buy/cgsh_order_operate.html?command=get_materiel&rest_code=00111&code=00101012003&supplier_code=00100037&order_time=2023-04-26 HTTP/1.1" 200 413
124.78.64.125 - - [26/Apr/2023:09:38:47 +0800] "GET /xingrg/kc/buy/cgsh_order_operate.html?command=get_materiel&rest_code=00141&code=00101008059&supplier_code=00100007&order_time=2023-04-26 HTTP/1.1" 200 408
116.238.139.35 - - [26/Apr/2023:09:38:55 +0800] "GET /xingrg/all/function/internal_message.html?_=1682473068427&CODE_STATE=getMsg HTTP/1.1" 200 27
101.229.22.234 - - [26/Apr/2023:09:38:55 +0800] "GET /xingrg/all/function/internal_message.html?_=1682473135050&CODE_STATE=getMsg HTTP/1.1" 200 27
120.253.135.82 - - [26/Apr/2023:09:38:58 +0800] "GET /xingrg/kc/pszx/mdqp_order_list.html?state=10 HTTP/1.1" 200 11112
120.253.135.82 - - [26/Apr/2023:09:38:58 +0800] "GET /xingrg/dwr/interface/AjaxQqpsService.js HTTP/1.1" 200 16326
120.253.135.82 - - [26/Apr/2023:09:38:58 +0800] "GET /xingrg/dwr/interface/AjaxReportQueryService.js HTTP/1.1" 200 13203
120.253.135.82 - - [26/Apr/2023:09:38:58 +0800] "GET /xingrg/dwr/engine.js HTTP/1.1" 200 43631
116.224.106.218 - - [26/Apr/2023:09:38:59 +0800] "GET /xingrg/all/function/internal_message.html?_=1682473138329&CODE_STATE=getMsg HTTP/1.1" 200 27
116.238.139.35 - - [26/Apr/2023:09:39:03 +0800] "GET /xingrg/check_reg.html?_=1682473143161 HTTP/1.1" 200 22
124.78.64.125 - - [26/Apr/2023:09:39:04 +0800] "POST /xingrg/kc/buy/cgsh_order_operate.html HTTP/1.1" 200 37
116.238.139.35 - - [26/Apr/2023:09:39:04 +0800] "POST /xingrg/kc/buy/cgsh_order_operate.html HTTP/1.1" 200 39324
120.253.135.82 - - [26/Apr/2023:09:39:04 +0800] "GET /xingrg/kc/pszx/mdqp_order_info.html?code=302023042600460 HTTP/1.1" 200 13338
120.253.135.82 - - [26/Apr/2023:09:39:04 +0800] "GET /xingrg/javascript/tools/jquery.qtip-1.0.0-rc3.min.js HTTP/1.1" 304 -
120.253.135.82 - - [26/Apr/2023:09:39:04 +0800] "GET /xingrg/dwr/interface/AjaxQqpsService.js HTTP/1.1" 200 16326
120.253.135.82 - - [26/Apr/2023:09:39:04 +0800] "GET /xingrg/dwr/interface/AjaxComOrderService.js HTTP/1.1" 200 18264
120.253.135.82 - - [26/Apr/2023:09:39:04 +0800] "GET /xingrg/dwr/engine.js HTTP/1.1" 200 43631
120.253.135.82 - - [26/Apr/2023:09:39:04 +0800] "GET /xingrg/javascript/checkform.js HTTP/1.1" 304 -
120.253.135.82 - - [26/Apr/2023:09:39:04 +0800] "GET /xingrg/javascript/AjaxInfoList.js HTTP/1.1" 304 -
120.253.135.82 - - [26/Apr/2023:09:39:04 +0800] "GET /xingrg/javascript/ToolTips.js HTTP/1.1" 304 -
120.253.135.82 - - [26/Apr/2023:09:39:04 +0800] "GET /xingrg/javascript/Grid.js HTTP/1.1" 304 -
180.169.147.146 - - [26/Apr/2023:09:39:05 +0800] "GET /xingrg/all/function/internal_message.html?_=1682473145115&CODE_STATE=getMsg HTTP/1.1" 200 27
120.253.135.82 - - [26/Apr/2023:09:39:05 +0800] "GET /xingrg/images/blue/button/kc_tab_edit.gif HTTP/1.1" 304 -
120.253.135.82 - - [26/Apr/2023:09:39:05 +0800] "GET /xingrg/images/blue/button/kc_tab_save.gif HTTP/1.1" 304 -
120.253.135.82 - - [26/Apr/2023:09:39:05 +0800] "GET /xingrg/images/blue/kc_tab_right.gif HTTP/1.1" 304 -
120.253.135.82 - - [26/Apr/2023:09:39:05 +0800] "GET /xingrg/images/blue/kc_tab_left.gif HTTP/1.1" 304 -
120.253.135.82 - - [26/Apr/2023:09:39:05 +0800] "GET /xingrg/images/blue/kc_tab_mid.gif HTTP/1.1" 304 -
120.253.135.82 - - [26/Apr/2023:09:39:05 +0800] "GET /xingrg/images/blue/kc_tab2_left.gif HTTP/1.1" 304 -
120.253.135.82 - - [26/Apr/2023:09:39:05 +0800] "GET /xingrg/images/blue/kc_tab2_right.gif HTTP/1.1" 304 -
120.253.135.82 - - [26/Apr/2023:09:39:05 +0800] "GET /xingrg/images/blue/wait.gif HTTP/1.1" 304 -
120.253.135.82 - - [26/Apr/2023:09:39:05 +0800] "POST /xingrg/dwr/call/plaincall/AjaxQqpsService.loadMaterielItems.dwr HTTP/1.1" 200 369
180.171.122.0 - - [26/Apr/2023:09:39:05 +0800] "GET /xingrg/kc/buy/cgsh_order_operate.html?command=get_materiel&rest_code=00111&code=00101013067&supplier_code=00100037&order_time=2023-04-26 HTTP/1.1" 200 437
180.171.122.0 - - [26/Apr/2023:09:39:06 +0800] "GET /xingrg/all/function/internal_message.html?_=1682473144919&CODE_STATE=getMsg HTTP/1.1" 200 27
116.224.158.100 - - [26/Apr/2023:09:39:06 +0800] "GET /xingrg/all/function/internal_message.html?_=1682473148505&CODE_STATE=getMsg HTTP/1.1" 200 27
116.224.158.100 - - [26/Apr/2023:09:39:06 +0800] "GET /xingrg/check_reg.html?_=1682473148511 HTTP/1.1" 200 22
124.78.64.125 - - [26/Apr/2023:09:39:06 +0800] "POST /xingrg/kc/buy/cgsh_order_operate.html HTTP/1.1" 200 29866
120.253.135.82 - - [26/Apr/2023:09:39:07 +0800] "GET /xingrg/javascript/jquery_easy_ui/themes/default/images/button_plain_hover.png HTTP/1.1" 304 -
120.253.135.82 - - [26/Apr/2023:09:39:07 +0800] "GET /xingrg/kc/pszx/mdqp_order_list.html?isBack=1 HTTP/1.1" 302 -
120.253.135.82 - - [26/Apr/2023:09:39:07 +0800] "GET /xingrg/kc/pszx/mdqp_order_list.html?state=10 HTTP/1.1" 200 11112
120.253.135.82 - - [26/Apr/2023:09:39:07 +0800] "GET /xingrg/dwr/interface/AjaxQqpsService.js HTTP/1.1" 200 16326
120.253.135.82 - - [26/Apr/2023:09:39:07 +0800] "GET /xingrg/dwr/interface/AjaxReportQueryService.js HTTP/1.1" 200 13203
120.253.135.82 - - [26/Apr/2023:09:39:07 +0800] "GET /xingrg/dwr/engine.js HTTP/1.1" 200 43631
180.164.3.199 - - [26/Apr/2023:09:39:11 +0800] "POST /xingrg/kc/buy/cgsh_list_operate.html HTTP/1.1" 200 6046
120.253.135.82 - - [26/Apr/2023:09:39:13 +0800] "GET /xingrg/kc/buy/cgsh_order_list.html HTTP/1.1" 200 55214
124.78.64.125 - - [26/Apr/2023:09:39:13 +0800] "GET /xingrg/kc/print/load_data.html?order_code=212023042609069&kc_code=cgsh&condition= HTTP/1.1" 200 11021
120.253.135.82 - - [26/Apr/2023:09:39:15 +0800] "POST /xingrg/kc/buy/cgsh_list_operate.html HTTP/1.1" 200 986
116.227.208.255 - - [26/Apr/2023:09:39:15 +0800] "GET /xingrg/all/function/internal_message.html?_=1682473221763&CODE_STATE=getMsg HTTP/1.1" 200 27
180.171.122.0 - - [26/Apr/2023:09:39:17 +0800] "GET /xingrg/kc/buy/cgsh_order_operate.html?command=get_materiel&rest_code=00111&code=00101011004&supplier_code=00100037&order_time=2023-04-26 HTTP/1.1" 200 412
120.253.135.82 - - [26/Apr/2023:09:39:17 +0800] "GET /xingrg/kc/buy/cgsh_order_add.html HTTP/1.1" 200 70060
120.253.135.82 - - [26/Apr/2023:09:39:18 +0800] "POST /xingrg/kc/buy/cgsh_order_operate.html HTTP/1.1" 200 8245
120.253.135.82 - - [26/Apr/2023:09:39:18 +0800] "GET /xingrg/all/common/auto_word.html?type=employee&rest_code=00101 HTTP/1.1" 200 927
120.253.135.82 - - [26/Apr/2023:09:39:18 +0800] "GET /xingrg/all/common/auto_word.html?type=employee&rest_code=00101 HTTP/1.1" 200 927
120.253.135.82 - - [26/Apr/2023:09:39:18 +0800] "GET /xingrg/javascript/easyui/themes/default/validatebox.css HTTP/1.1" 404 1104
124.78.64.125 - - [26/Apr/2023:09:39:20 +0800] "GET /xingrg/all/function/internal_message.html?_=1682472689046&CODE_STATE=getMsg HTTP/1.1" 200 27
124.78.64.125 - - [26/Apr/2023:09:39:20 +0800] "GET /xingrg/check_reg.html?_=1682472689405 HTTP/1.1" 200 22
222.69.131.221 - - [26/Apr/2023:09:39:23 +0800] "GET /xingrg/all/function/internal_message.html?_=1682473162285&CODE_STATE=getMsg HTTP/1.1" 200 27
116.230.117.27 - - [26/Apr/2023:09:39:23 +0800] "GET /xingrg/all/function/internal_message.html?_=1682473173185&CODE_STATE=getMsg HTTP/1.1" 200 27
124.78.64.125 - - [26/Apr/2023:09:39:24 +0800] "GET /xingrg/kc/buy/buy_main.html HTTP/1.1" 200 12412
124.78.64.125 - - [26/Apr/2023:09:39:24 +0800] "GET /xingrg/css/new_ie.css HTTP/1.1" 404 1036
120.253.135.82 - - [26/Apr/2023:09:39:25 +0800] "GET /xingrg/all/function/internal_message.html?_=1682473300986&CODE_STATE=getMsg HTTP/1.1" 200 27
124.78.64.125 - - [26/Apr/2023:09:39:25 +0800] "GET /xingrg/images/yd/bt.gif HTTP/1.1" 404 1040
124.78.64.125 - - [26/Apr/2023:09:39:26 +0800] "GET /xingrg/kc/buy/cgsh_order_list.html HTTP/1.1" 200 55220
124.78.64.125 - - [26/Apr/2023:09:39:30 +0800] "POST /xingrg/kc/buy/cgsh_list_operate.html HTTP/1.1" 200 1869
180.171.122.0 - - [26/Apr/2023:09:39:31 +0800] "GET /xingrg/kc/buy/cgsh_order_operate.html?command=get_materiel&rest_code=00111&code=00101009050&supplier_code=00100037&order_time=2023-04-26 HTTP/1.1" 200 408
180.164.3.199 - - [26/Apr/2023:09:39:32 +0800] "GET /xingrg/all/function/internal_message.html?_=1682473171762&CODE_STATE=getMsg HTTP/1.1" 200 27
172.20.0.100 - - [26/Apr/2023:09:39:34 +0800] "GET /xingrg/all/function/internal_message.html?_=1682473157773&CODE_STATE=getMsg HTTP/1.1" 200 27
180.152.240.159 - - [26/Apr/2023:09:39:34 +0800] "GET /xingrg/check_reg.html?_=1682473176326 HTTP/1.1" 200 22
180.152.240.159 - - [26/Apr/2023:09:39:34 +0800] "GET /xingrg/all/function/internal_message.html?_=1682473176329&CODE_STATE=getMsg HTTP/1.1" 200 27
124.79.240.114 - - [26/Apr/2023:09:39:35 +0800] "GET /xingrg/all/function/internal_message.html?_=1682473447617&CODE_STATE=getMsg HTTP/1.1" 200 27
124.79.74.67 - - [26/Apr/2023:09:39:38 +0800] "GET /xingrg/all/function/internal_message.html?_=1682473178163&CODE_STATE=getMsg HTTP/1.1" 200 27
116.230.117.27 - - [26/Apr/2023:09:39:38 +0800] "GET /xingrg/kc/buy/cgsh_order_add.html HTTP/1.1" 200 70996
116.230.117.27 - - [26/Apr/2023:09:39:39 +0800] "POST /xingrg/kc/buy/cgsh_order_operate.html HTTP/1.1" 200 8245
116.230.117.27 - - [26/Apr/2023:09:39:39 +0800] "GET /xingrg/javascript/easyui/themes/default/validatebox.css HTTP/1.1" 404 1104
124.79.240.114 - - [26/Apr/2023:09:39:42 +0800] "GET /xingrg/all/function/internal_message.html?_=1682473182697&CODE_STATE=getMsg HTTP/1.1" 200 27
116.238.139.35 - - [26/Apr/2023:09:39:43 +0800] "GET /xingrg/all/function/internal_message.html?_=1682473183411&CODE_STATE=getMsg HTTP/1.1" 200 27
116.224.158.100 - - [26/Apr/2023:09:39:46 +0800] "GET /xingrg/all/function/internal_message.html?_=1682473026066&CODE_STATE=getMsg HTTP/1.1" 200 27
180.171.122.0 - - [26/Apr/2023:09:39:48 +0800] "GET /xingrg/kc/buy/cgsh_order_operate.html?command=get_materiel&rest_code=00111&code=00101019435&supplier_code=00100037&order_time=2023-04-26 HTTP/1.1" 200 417
116.238.139.35 - - [26/Apr/2023:09:39:55 +0800] "GET /xingrg/all/function/internal_message.html?_=1682473128440&CODE_STATE=getMsg HTTP/1.1" 200 27
101.229.22.234 - - [26/Apr/2023:09:39:55 +0800] "GET /xingrg/all/function/internal_message.html?_=1682473195050&CODE_STATE=getMsg HTTP/1.1" 200 27
180.171.122.0 - - [26/Apr/2023:09:39:56 +0800] "GET /xingrg/kc/buy/cgsh_order_operate.html?command=get_materiel&rest_code=00111&code=00101019247&supplier_code=00100037&order_time=2023-04-26 HTTP/1.1" 200 436
180.171.122.0 - - [26/Apr/2023:09:39:58 +0800] "POST /xingrg/all/common/load_select.html HTTP/1.1" 200 25
116.224.106.218 - - [26/Apr/2023:09:39:59 +0800] "GET /xingrg/all/function/internal_message.html?_=1682473198320&CODE_STATE=getMsg HTTP/1.1" 200 27
58.221.95.50 - - [26/Apr/2023:09:40:01 +0800] "GET /xingrg/check_reg.html?_=1682473201578 HTTP/1.1" 200 22
180.171.122.0 - - [26/Apr/2023:09:40:03 +0800] "GET /xingrg/kc/buy/cgsh_order_operate.html?command=get_materiel_price&rest_code=00111&code=00101019247&unit_code=00100188&supplier_code=00100037&order_time=2023-04-26 HTTP/1.1" 200 28
180.169.147.146 - - [26/Apr/2023:09:40:05 +0800] "GET /xingrg/all/function/internal_message.html?_=1682473205096&CODE_STATE=getMsg HTTP/1.1" 200 27
180.171.122.0 - - [26/Apr/2023:09:40:06 +0800] "GET /xingrg/all/function/internal_message.html?_=1682473204890&CODE_STATE=getMsg HTTP/1.1" 200 27
116.224.158.100 - - [26/Apr/2023:09:40:06 +0800] "GET /xingrg/all/function/internal_message.html?_=1682473208505&CODE_STATE=getMsg HTTP/1.1" 200 27
116.230.117.27 - - [26/Apr/2023:09:40:10 +0800] "GET /xingrg/kc/buy/cgsh_order_operate.html?command=get_materiel&rest_code=00146&code=00101006127&supplier_code=00100012&order_time=2023-04-26 HTTP/1.1" 200 423
116.227.208.255 - - [26/Apr/2023:09:40:15 +0800] "GET /xingrg/all/function/internal_message.html?_=1682473281741&CODE_STATE=getMsg HTTP/1.1" 200 27
116.227.208.255 - - [26/Apr/2023:09:40:16 +0800] "GET /xingrg/check_reg.html?_=1682473281850 HTTP/1.1" 200 22
124.78.64.125 - - [26/Apr/2023:09:40:20 +0800] "GET /xingrg/all/function/internal_message.html?_=1682472749102&CODE_STATE=getMsg HTTP/1.1" 200 27
222.69.131.221 - - [26/Apr/2023:09:40:23 +0800] "GET /xingrg/all/function/internal_message.html?_=1682473222290&CODE_STATE=getMsg HTTP/1.1" 200 27
116.230.117.27 - - [26/Apr/2023:09:40:23 +0800] "GET /xingrg/all/function/internal_message.html?_=1682473233193&CODE_STATE=getMsg HTTP/1.1" 200 27
120.253.135.82 - - [26/Apr/2023:09:40:25 +0800] "GET /xingrg/all/function/internal_message.html?_=1682473361004&CODE_STATE=getMsg HTTP/1.1" 200 27
180.171.122.0 - - [26/Apr/2023:09:40:30 +0800] "GET /xingrg/kc/buy/cgsh_order_operate.html?command=get_materiel&rest_code=00111&code=00101013225&supplier_code=00100037&order_time=2023-04-26 HTTP/1.1" 200 430
180.164.3.199 - - [26/Apr/2023:09:40:32 +0800] "GET /xingrg/all/function/internal_message.html?_=1682473231734&CODE_STATE=getMsg HTTP/1.1" 200 27
116.230.117.27 - - [26/Apr/2023:09:40:32 +0800] "GET /xingrg/kc/buy/cgsh_order_operate.html?command=get_materiel&rest_code=00146&code=00101006065&supplier_code=00100012&order_time=2023-04-26 HTTP/1.1" 200 409
180.171.122.0 - - [26/Apr/2023:09:40:34 +0800] "POST /xingrg/all/common/load_select.html HTTP/1.1" 200 25
172.20.0.100 - - [26/Apr/2023:09:40:34 +0800] "GET /xingrg/all/function/internal_message.html?_=1682473217777&CODE_STATE=getMsg HTTP/1.1" 200 27
172.20.0.100 - - [26/Apr/2023:09:40:34 +0800] "GET /xingrg/check_reg.html?_=1682473217779 HTTP/1.1" 200 22
180.152.240.159 - - [26/Apr/2023:09:40:34 +0800] "GET /xingrg/all/function/internal_message.html?_=1682473236336&CODE_STATE=getMsg HTTP/1.1" 200 27
