180.171.122.0 - - [26/Apr/2023:09:11:06 +0800] "GET /xingrg/all/function/internal_message.html?_=1682471464763&CODE_STATE=count HTTP/1.1" 200 11
180.171.122.0 - - [26/Apr/2023:09:11:06 +0800] "GET /xingrg/check_reg.html?_=1682471464764 HTTP/1.1" 200 22
180.171.122.0 - - [26/Apr/2023:09:11:06 +0800] "GET /xingrg/javascript/jquery_easy_ui/themes/default/images/tabs_rightarrow.png HTTP/1.1" 304 -
180.171.122.0 - - [26/Apr/2023:09:11:06 +0800] "GET /xingrg/images/blue/pingpu.png HTTP/1.1" 304 -
180.171.122.0 - - [26/Apr/2023:09:11:06 +0800] "GET /xingrg/javascript/jquery_easy_ui/themes/default/images/tabs_leftarrow.png HTTP/1.1" 304 -
180.171.122.0 - - [26/Apr/2023:09:11:06 +0800] "GET /xingrg/javascript/jquery_easy_ui/themes/default/images/panel_tool_collapse.gif HTTP/1.1" 304 -
180.171.122.0 - - [26/Apr/2023:09:11:06 +0800] "POST /xingrg/all/common/load_tree.html?tree=area_rest_tree_json&manage=1 HTTP/1.1" 200 342
180.171.122.0 - - [26/Apr/2023:09:11:06 +0800] "POST /xingrg/load_menu.html HTTP/1.1" 200 5138
116.224.158.100 - - [26/Apr/2023:09:11:06 +0800] "GET /xingrg/all/function/internal_message.html?_=1682471468474&CODE_STATE=getMsg HTTP/1.1" 200 27
116.230.117.27 - - [26/Apr/2023:09:11:11 +0800] "GET /xingrg/all/function/internal_message.html?_=1682471481317&CODE_STATE=getMsg HTTP/1.1" 200 27
116.230.117.27 - - [26/Apr/2023:09:11:13 +0800] "GET /xingrg/kc/buy/cgsh_order_operate.html?command=get_materiel&rest_code=00146&code=00101008283&supplier_code=00100005&order_time=2023-04-26 HTTP/1.1" 200 408
116.227.208.255 - - [26/Apr/2023:09:11:14 +0800] "GET /xingrg/kc/base/wldb_order_list.html HTTP/1.1" 200 19104
116.227.208.255 - - [26/Apr/2023:09:11:14 +0800] "POST /xingrg/kc/base/wldb_list_operate.html HTTP/1.1" 200 928
116.227.208.255 - - [26/Apr/2023:09:11:15 +0800] "GET /xingrg/kc/base/wldb_order_add.html HTTP/1.1" 200 30387
116.227.208.255 - - [26/Apr/2023:09:11:16 +0800] "POST /xingrg/kc/base/wldb_order_operate.html HTTP/1.1" 200 6806
116.227.208.255 - - [26/Apr/2023:09:11:16 +0800] "GET /xingrg/all/common/auto_word.html?type=base&rest_code=00155 HTTP/1.1" 200 1857
116.227.208.255 - - [26/Apr/2023:09:11:16 +0800] "GET /xingrg/all/common/auto_word.html?type=base&rest_code=00155 HTTP/1.1" 200 1857
116.227.208.255 - - [26/Apr/2023:09:11:16 +0800] "GET /xingrg/javascript/easyui/themes/default/validatebox.css HTTP/1.1" 404 1104
116.238.139.35 - - [26/Apr/2023:09:11:16 +0800] "GET /xingrg/kc/buy/cgsh_order_operate.html?command=get_materiel&rest_code=00150&code=00101008344&supplier_code=00100008&order_time=2023-04-26 HTTP/1.1" 200 412
116.227.208.255 - - [26/Apr/2023:09:11:16 +0800] "GET /xingrg/all/function/internal_message.html?_=1682471542165&CODE_STATE=getMsg HTTP/1.1" 200 27
101.229.22.234 - - [26/Apr/2023:09:11:16 +0800] "GET /xingrg/all/function/internal_message.html?_=1682471475770&CODE_STATE=getMsg HTTP/1.1" 200 27
101.229.22.234 - - [26/Apr/2023:09:11:16 +0800] "GET /xingrg/check_reg.html?_=1682471475773 HTTP/1.1" 200 22
101.229.22.234 - - [26/Apr/2023:09:11:20 +0800] "POST /xingrg/all/common/load_select.html HTTP/1.1" 200 25
116.227.208.255 - - [26/Apr/2023:09:11:25 +0800] "GET /xingrg/kc/base/wldb_order_operate.html?command=get_materiel&rest_code=00155&base_code=0010756&code=00101029011 HTTP/1.1" 200 480
116.238.139.35 - - [26/Apr/2023:09:11:26 +0800] "GET /xingrg/kc/buy/cgsh_order_operate.html?command=get_materiel&rest_code=00150&code=00101009015&supplier_code=00100008&order_time=2023-04-26 HTTP/1.1" 200 416
116.230.117.27 - - [26/Apr/2023:09:11:28 +0800] "GET /xingrg/kc/buy/cgsh_order_operate.html?command=get_materiel&rest_code=00146&code=00101009011&supplier_code=00100005&order_time=2023-04-26 HTTP/1.1" 200 416
116.227.208.255 - - [26/Apr/2023:09:11:28 +0800] "GET /xingrg/kc/base/wldb_order_operate.html?command=get_materiel&rest_code=00155&base_code=0010756&code=00101028011 HTTP/1.1" 200 477
116.224.158.100 - - [26/Apr/2023:09:11:32 +0800] "GET /xingrg/kc/buy/cgsh_order_add.html HTTP/1.1" 200 71078
180.164.3.199 - - [26/Apr/2023:09:11:32 +0800] "GET /xingrg/all/function/internal_message.html?_=1682471491999&CODE_STATE=getMsg HTTP/1.1" 200 27
116.224.158.100 - - [26/Apr/2023:09:11:32 +0800] "GET /xingrg/javascript/easyui/themes/default/validatebox.css HTTP/1.1" 404 1104
116.224.158.100 - - [26/Apr/2023:09:11:32 +0800] "POST /xingrg/kc/buy/cgsh_order_operate.html HTTP/1.1" 200 8245
172.20.0.100 - - [26/Apr/2023:09:11:34 +0800] "GET /xingrg/all/function/internal_message.html?_=1682471477769&CODE_STATE=getMsg HTTP/1.1" 200 27
116.227.208.255 - - [26/Apr/2023:09:11:34 +0800] "GET /xingrg/kc/base/wldb_order_operate.html?command=get_materiel&rest_code=00155&base_code=0010756&code=00101027001 HTTP/1.1" 200 472
124.79.240.114 - - [26/Apr/2023:09:11:35 +0800] "GET /xingrg/check_reg.html?_=1682471767569 HTTP/1.1" 200 22
124.79.240.114 - - [26/Apr/2023:09:11:35 +0800] "GET /xingrg/all/function/internal_message.html?_=1682471767571&CODE_STATE=getMsg HTTP/1.1" 200 27
124.79.74.67 - - [26/Apr/2023:09:11:38 +0800] "GET /xingrg/check_reg.html?_=1682471498089 HTTP/1.1" 200 22
124.79.74.67 - - [26/Apr/2023:09:11:38 +0800] "GET /xingrg/all/function/internal_message.html?_=1682471498092&CODE_STATE=getMsg HTTP/1.1" 200 27
180.152.240.159 - - [26/Apr/2023:09:11:38 +0800] "GET /xingrg/all/function/internal_message.html?_=1682471500370&CODE_STATE=getMsg HTTP/1.1" 302 -
116.238.139.35 - - [26/Apr/2023:09:11:38 +0800] "GET /xingrg/kc/buy/cgsh_order_operate.html?command=get_materiel&rest_code=00150&code=00101008165&supplier_code=00100008&order_time=2023-04-26 HTTP/1.1" 200 417
116.227.208.255 - - [26/Apr/2023:09:11:41 +0800] "GET /xingrg/kc/base/wldb_order_operate.html?command=get_materiel&rest_code=00155&base_code=0010756&code=00101029025 HTTP/1.1" 200 464
101.229.22.234 - - [26/Apr/2023:09:11:42 +0800] "POST /xingrg/all/common/load_select.html HTTP/1.1" 200 25
116.224.158.100 - - [26/Apr/2023:09:11:42 +0800] "GET /xingrg/kc/buy/cgsh_order_operate.html?command=get_materiel&rest_code=00105&code=00101007048&supplier_code=00100002&order_time=2023-04-26 HTTP/1.1" 200 408
116.230.117.27 - - [26/Apr/2023:09:11:43 +0800] "GET /xingrg/kc/buy/cgsh_order_operate.html?command=get_materiel&rest_code=00146&code=00101009015&supplier_code=00100005&order_time=2023-04-26 HTTP/1.1" 200 416
116.238.139.35 - - [26/Apr/2023:09:11:44 +0800] "GET /xingrg/all/function/internal_message.html?_=1682471503852&CODE_STATE=getMsg HTTP/1.1" 200 27
116.224.158.100 - - [26/Apr/2023:09:11:46 +0800] "GET /xingrg/all/function/internal_message.html?_=1682471346035&CODE_STATE=getMsg HTTP/1.1" 200 27
116.227.208.255 - - [26/Apr/2023:09:11:47 +0800] "GET /xingrg/kc/base/wldb_order_operate.html?command=get_materiel&rest_code=00155&base_code=0010756&code=00101029073 HTTP/1.1" 200 492
222.69.131.221 - - [26/Apr/2023:09:11:47 +0800] "GET /xingrg/all/function/internal_message.html?_=1682471506589&CODE_STATE=getMsg HTTP/1.1" 200 27
116.238.139.35 - - [26/Apr/2023:09:11:48 +0800] "GET /xingrg/kc/buy/cgsh_order_operate.html?command=get_materiel&rest_code=00150&code=00101008150&supplier_code=00100008&order_time=2023-04-26 HTTP/1.1" 200 409
116.224.158.100 - - [26/Apr/2023:09:11:51 +0800] "POST /xingrg/kc/buy/cgsh_order_operate.html HTTP/1.1" 200 37
101.229.22.234 - - [26/Apr/2023:09:11:52 +0800] "GET /xingrg/kc/base/wldb_order_operate.html?command=get_materiel&rest_code=00142&base_code=0010197&code=00102002881 HTTP/1.1" 200 472
116.224.158.100 - - [26/Apr/2023:09:11:53 +0800] "POST /xingrg/kc/buy/cgsh_order_operate.html HTTP/1.1" 200 2652
116.238.139.35 - - [26/Apr/2023:09:11:54 +0800] "GET /xingrg/all/function/internal_message.html?_=1682471447575&CODE_STATE=getMsg HTTP/1.1" 200 27
116.227.208.255 - - [26/Apr/2023:09:11:54 +0800] "POST /xingrg/kc/base/wldb_order_operate.html HTTP/1.1" 200 37
116.227.208.255 - - [26/Apr/2023:09:11:55 +0800] "POST /xingrg/kc/base/wldb_order_operate.html HTTP/1.1" 200 4259
116.224.158.100 - - [26/Apr/2023:09:11:55 +0800] "GET /xingrg/kc/print/load_data.html?order_code=212023042609055&kc_code=cgsh&condition= HTTP/1.1" 200 728
116.238.139.35 - - [26/Apr/2023:09:11:58 +0800] "GET /xingrg/kc/buy/cgsh_order_operate.html?command=get_materiel&rest_code=00150&code=00101008061&supplier_code=00100008&order_time=2023-04-26 HTTP/1.1" 200 422
116.224.106.218 - - [26/Apr/2023:09:12:00 +0800] "GET /xingrg/all/function/internal_message.html?_=1682471518811&CODE_STATE=getMsg HTTP/1.1" 200 27
116.227.208.255 - - [26/Apr/2023:09:12:01 +0800] "POST /xingrg/kc/base/wldb_order_operate.html HTTP/1.1" 200 12
116.227.208.255 - - [26/Apr/2023:09:12:02 +0800] "GET /xingrg/kc/base/wldb_order_info.html?code=422023042602064 HTTP/1.1" 200 26261
116.227.208.255 - - [26/Apr/2023:09:12:02 +0800] "GET /xingrg/javascript/easyui/themes/default/validatebox.css HTTP/1.1" 404 1104
116.227.208.255 - - [26/Apr/2023:09:12:02 +0800] "POST /xingrg/kc/base/wldb_order_operate.html HTTP/1.1" 200 2499
180.169.147.146 - - [26/Apr/2023:09:12:05 +0800] "GET /xingrg/all/function/internal_message.html?_=1682471525099&CODE_STATE=getMsg HTTP/1.1" 200 27
180.169.147.146 - - [26/Apr/2023:09:12:05 +0800] "GET /xingrg/check_reg.html?_=1682471525103 HTTP/1.1" 200 22
180.171.122.0 - - [26/Apr/2023:09:12:06 +0800] "GET /xingrg/all/function/internal_message.html?_=1682471524779&CODE_STATE=getMsg HTTP/1.1" 200 27
116.224.158.100 - - [26/Apr/2023:09:12:06 +0800] "GET /xingrg/all/function/internal_message.html?_=1682471528492&CODE_STATE=getMsg HTTP/1.1" 200 27
116.238.139.35 - - [26/Apr/2023:09:12:06 +0800] "POST /xingrg/kc/buy/cgsh_order_operate.html HTTP/1.1" 200 37
116.230.117.27 - - [26/Apr/2023:09:12:08 +0800] "GET /xingrg/check_reg.html?_=1682471537931 HTTP/1.1" 200 22
116.238.139.35 - - [26/Apr/2023:09:12:08 +0800] "POST /xingrg/kc/buy/cgsh_order_operate.html HTTP/1.1" 200 30438
116.227.208.255 - - [26/Apr/2023:09:12:09 +0800] "GET /xingrg/kc/base/wldb_order_add.html HTTP/1.1" 200 30387
116.227.208.255 - - [26/Apr/2023:09:12:09 +0800] "POST /xingrg/kc/base/wldb_order_operate.html HTTP/1.1" 200 6806
116.227.208.255 - - [26/Apr/2023:09:12:09 +0800] "GET /xingrg/javascript/easyui/themes/default/validatebox.css HTTP/1.1" 404 1104
116.230.117.27 - - [26/Apr/2023:09:12:09 +0800] "GET /xingrg/kc/buy/cgsh_order_operate.html?command=get_materiel&rest_code=00146&code=00101008010&supplier_code=00100005&order_time=2023-04-26 HTTP/1.1" 200 23
101.229.22.234 - - [26/Apr/2023:09:12:11 +0800] "POST /xingrg/kc/base/wldb_order_operate.html HTTP/1.1" 200 37
101.229.22.234 - - [26/Apr/2023:09:12:12 +0800] "POST /xingrg/kc/base/wldb_order_operate.html HTTP/1.1" 200 5719
101.229.22.234 - - [26/Apr/2023:09:12:12 +0800] "GET /xingrg/kc/base/wldb_order_info.html?code=422023042602065 HTTP/1.1" 200 30406
180.171.122.0 - - [26/Apr/2023:09:12:13 +0800] "GET /xingrg/kc/buy/buy_main.html HTTP/1.1" 200 12412
180.171.122.0 - - [26/Apr/2023:09:12:13 +0800] "GET /xingrg/css/new_ie.css HTTP/1.1" 404 1036
101.229.22.234 - - [26/Apr/2023:09:12:13 +0800] "GET /xingrg/javascript/easyui/themes/default/validatebox.css HTTP/1.1" 404 1104
180.171.122.0 - - [26/Apr/2023:09:12:14 +0800] "GET /xingrg/images/yd/bt.gif HTTP/1.1" 404 1040
101.229.22.234 - - [26/Apr/2023:09:12:14 +0800] "POST /xingrg/kc/base/wldb_order_operate.html HTTP/1.1" 200 5719
180.171.122.0 - - [26/Apr/2023:09:12:14 +0800] "GET /xingrg/kc/buy/cgsh_order_list.html HTTP/1.1" 200 55214
116.230.117.27 - - [26/Apr/2023:09:12:15 +0800] "GET /xingrg/all/function/internal_message.html?_=1682471544548&CODE_STATE=getMsg HTTP/1.1" 200 27
116.238.139.35 - - [26/Apr/2023:09:12:15 +0800] "GET /xingrg/kc/buy/cgsh_order_operate.html?command=get_materiel&rest_code=00150&code=00101008095&supplier_code=00100008&order_time=2023-04-26 HTTP/1.1" 200 412
116.227.208.255 - - [26/Apr/2023:09:12:16 +0800] "GET /xingrg/all/function/internal_message.html?_=1682471602147&CODE_STATE=getMsg HTTP/1.1" 200 27
101.229.22.234 - - [26/Apr/2023:09:12:16 +0800] "GET /xingrg/all/function/internal_message.html?_=1682471535770&CODE_STATE=getMsg HTTP/1.1" 200 27
172.20.0.100 - - [26/Apr/2023:09:12:18 +0800] "GET /xingrg/all/report/report_query.html?isQuery=1&fileName=kc/base/crk_detail_by_small.xml&rh=99999&queryString=&queryText=%25E3%2580%2590%25E4%25BB%2593%25E5%25BA%2593%25E5%2590%258D%25E7%25A7%25B0%253A%25E9%25A3%259F%25E5%2593%2581%25E4%25BB%2593%25E5%25BA%2593%25E3%2580%2591%25E3%2580%2590%25E4%25B8%259A%25E5%258A%25A1%25E7%25B1%25BB%25E5%259E%258B%25EF%25BC%259A%25E9%2585%258D%25E9%2580%2581%25E5%2587%25BA%25E5%25BA%2593%25E3%2580%2591%2520%253F%253F%253F%253F%253F2023-03-01%253F%253F2023-03-31&tableQueryString=crk_table%2524sp1%2524order_day%2520between%252020230301%2520and%252020230331%2520and%2520(base_code%253D'0010246')%2520and%2520(src_order_type%2520in%2520(31))%2520and%2520(is_rk%2520in%2520(0)) HTTP/1.1" 200 53695
116.227.208.255 - - [26/Apr/2023:09:12:19 +0800] "GET /xingrg/kc/base/wldb_order_operate.html?command=get_materiel&rest_code=00155&base_code=0010739&code=00101019373 HTTP/1.1" 200 466
172.20.0.100 - - [26/Apr/2023:09:12:19 +0800] "GET /xingrg/dwr/interface/AjaxReportQueryService.js HTTP/1.1" 200 13203
172.20.0.100 - - [26/Apr/2023:09:12:19 +0800] "GET /xingrg/dwr/engine.js HTTP/1.1" 200 43631
172.20.0.100 - - [26/Apr/2023:09:12:21 +0800] "POST /xingrg/all/report/load_report_page.html HTTP/1.1" 200 63108
172.20.0.100 - - [26/Apr/2023:09:12:21 +0800] "GET /xingrg/servlets/image?cache=0.03245427607549578&image=px HTTP/1.1" 200 807
116.230.117.27 - - [26/Apr/2023:09:12:22 +0800] "POST /xingrg/kc/buy/cgsh_order_operate.html HTTP/1.1" 200 37
172.20.0.100 - - [26/Apr/2023:09:12:22 +0800] "GET /xingrg/all/report/report_query.html?isQuery=1&fileName=kc/base/crk_detail_by_materiel.xml&queryString=&queryText=%25E3%2580%2590%25E4%25BB%2593%25E5%25BA%2593%25E5%2590%258D%25E7%25A7%25B0%253A%25E9%25A3%259F%25E5%2593%2581%25E4%25BB%2593%25E5%25BA%2593%25E3%2580%2591%25E3%2580%2590%25E4%25B8%259A%25E5%258A%25A1%25E7%25B1%25BB%25E5%259E%258B%25EF%25BC%259A%25E9%2585%258D%25E9%2580%2581%25E5%2587%25BA%25E5%25BA%2593%25E3%2580%2591%2520%253F%253F%253F%253F%253F2023-03-01%253F%253F2023-03-31&tableQueryString=crk_table%2524sp1%2524order_day%2520between%252020230301%2520and%252020230331%2520and%2520(base_code%253D'0010246')%2520and%2520(src_order_type%2520in%2520(31))%2520and%2520(is_rk%2520in%2520(0))%2520and%2520(m.sort_code%253D'00101005') HTTP/1.1" 200 53722
172.20.0.100 - - [26/Apr/2023:09:12:23 +0800] "GET /xingrg/dwr/interface/AjaxReportQueryService.js HTTP/1.1" 200 13203
172.20.0.100 - - [26/Apr/2023:09:12:23 +0800] "GET /xingrg/dwr/engine.js HTTP/1.1" 200 43631
172.20.0.100 - - [26/Apr/2023:09:12:24 +0800] "POST /xingrg/all/report/load_report_page.html HTTP/1.1" 200 16026
172.20.0.100 - - [26/Apr/2023:09:12:24 +0800] "GET /xingrg/servlets/image?cache=0.06262994135140909&image=px HTTP/1.1" 200 807
116.238.139.35 - - [26/Apr/2023:09:12:24 +0800] "GET /xingrg/kc/buy/cgsh_order_operate.html?command=get_materiel&rest_code=00150&code=00101008110&supplier_code=00100008&order_time=2023-04-26 HTTP/1.1" 200 408
116.230.117.27 - - [26/Apr/2023:09:12:25 +0800] "POST /xingrg/kc/buy/cgsh_order_operate.html HTTP/1.1" 200 26898
172.20.0.100 - - [26/Apr/2023:09:12:25 +0800] "GET /xingrg/all/report/report_query.html?isQuery=1&fileName=kc/base/crk_detail_by_list.xml&queryString=&queryText=%25E3%2580%2590%25E4%25BB%2593%25E5%25BA%2593%25E5%2590%258D%25E7%25A7%25B0%253A%25E9%25A3%259F%25E5%2593%2581%25E4%25BB%2593%25E5%25BA%2593%25E3%2580%2591%25E3%2580%2590%25E4%25B8%259A%25E5%258A%25A1%25E7%25B1%25BB%25E5%259E%258B%25EF%25BC%259A%25E9%2585%258D%25E9%2580%2581%25E5%2587%25BA%25E5%25BA%2593%25E3%2580%2591%2520%253F%253F%253F%253F%253F2023-03-01%253F%253F2023-03-31&tableQueryString=crk_table%2524sp1%2524order_day%2520between%252020230301%2520and%252020230331%2520and%2520(base_code%253D'0010246')%2520and%2520(src_order_type%2520in%2520(31))%2520and%2520(is_rk%2520in%2520(0))%2520and%2520(m.sort_code%253D'00101005')%2520and%2520(a.materiel_code%253D'00101005081') HTTP/1.1" 200 50963
172.20.0.100 - - [26/Apr/2023:09:12:26 +0800] "GET /xingrg/dwr/interface/AjaxReportQueryService.js HTTP/1.1" 200 13203
172.20.0.100 - - [26/Apr/2023:09:12:26 +0800] "GET /xingrg/dwr/engine.js HTTP/1.1" 200 43631
172.20.0.100 - - [26/Apr/2023:09:12:27 +0800] "POST /xingrg/all/report/load_report_page.html HTTP/1.1" 200 15995
172.20.0.100 - - [26/Apr/2023:09:12:27 +0800] "GET /xingrg/servlets/image?cache=0.7467358062325303&image=px HTTP/1.1" 200 807
172.20.0.100 - - [26/Apr/2023:09:12:30 +0800] "GET /xingrg/kc/guide/show_order.html?code=312023030200034&type=31 HTTP/1.1" 302 -
180.171.122.0 - - [26/Apr/2023:09:12:30 +0800] "POST /xingrg/kc/buy/cgsh_list_operate.html HTTP/1.1" 200 3549
172.20.0.100 - - [26/Apr/2023:09:12:30 +0800] "GET /xingrg/kc/pszx/mdps_order_info.html?code=312023030200034&sysBaseUrl=http%3A%2F%2F172.20.0.8%3A18081%2Fxingrg%2F&costTime=0×tamp=1682471550005 HTTP/1.1" 200 19608
172.20.0.100 - - [26/Apr/2023:09:12:30 +0800] "GET /favicon.ico HTTP/1.1" 404 -
172.20.0.100 - - [26/Apr/2023:09:12:30 +0800] "GET /xingrg/words/20230425123415_words.js HTTP/1.1" 200 961629
116.227.208.255 - - [26/Apr/2023:09:12:31 +0800] "GET /xingrg/kc/base/wldb_order_operate.html?command=get_materiel&rest_code=00155&base_code=0010739&code=00101019358 HTTP/1.1" 200 460
172.20.0.100 - - [26/Apr/2023:09:12:31 +0800] "GET /xingrg/javascript/easyui/themes/default/validatebox.css HTTP/1.1" 404 1104
172.20.0.100 - - [26/Apr/2023:09:12:31 +0800] "POST /xingrg/kc/pszx/mdps_order_operate.html HTTP/1.1" 200 1949
180.164.3.199 - - [26/Apr/2023:09:12:32 +0800] "GET /xingrg/all/function/internal_message.html?_=1682471551986&CODE_STATE=getMsg HTTP/1.1" 200 27
172.20.0.100 - - [26/Apr/2023:09:12:34 +0800] "GET /xingrg/all/function/internal_message.html?_=1682471537779&CODE_STATE=getMsg HTTP/1.1" 200 27
124.79.240.114 - - [26/Apr/2023:09:12:35 +0800] "GET /xingrg/all/function/internal_message.html?_=1682471827569&CODE_STATE=getMsg HTTP/1.1" 200 27
180.171.122.0 - - [26/Apr/2023:09:12:35 +0800] "GET /xingrg/kc/buy/cgsh_order_add.html HTTP/1.1" 200 70952
180.171.122.0 - - [26/Apr/2023:09:12:36 +0800] "POST /xingrg/kc/buy/cgsh_order_operate.html HTTP/1.1" 200 8245
180.171.122.0 - - [26/Apr/2023:09:12:36 +0800] "GET /xingrg/javascript/easyui/themes/default/validatebox.css HTTP/1.1" 404 1104
124.79.74.67 - - [26/Apr/2023:09:12:38 +0800] "GET /xingrg/all/function/internal_message.html?_=1682471558076&CODE_STATE=getMsg HTTP/1.1" 200 27
180.152.240.159 - - [26/Apr/2023:09:12:38 +0800] "GET /xingrg/all/function/internal_message.html?_=1682471560351&CODE_STATE=getMsg HTTP/1.1" 302 -
116.238.139.35 - - [26/Apr/2023:09:12:44 +0800] "GET /xingrg/all/function/internal_message.html?_=1682471563838&CODE_STATE=getMsg HTTP/1.1" 200 27
116.227.208.255 - - [26/Apr/2023:09:12:45 +0800] "POST /xingrg/kc/base/wldb_order_operate.html HTTP/1.1" 200 37
116.224.158.100 - - [26/Apr/2023:09:12:46 +0800] "GET /xingrg/all/function/internal_message.html?_=1682471406034&CODE_STATE=getMsg HTTP/1.1" 200 27
222.69.131.221 - - [26/Apr/2023:09:12:47 +0800] "GET /xingrg/all/function/internal_message.html?_=1682471566602&CODE_STATE=getMsg HTTP/1.1" 200 27
116.230.117.27 - - [26/Apr/2023:09:12:48 +0800] "GET /xingrg/login.html HTTP/1.1" 200 7641
116.230.117.27 - - [26/Apr/2023:09:12:48 +0800] "GET /favicon.ico HTTP/1.1" 404 -
116.238.139.35 - - [26/Apr/2023:09:12:50 +0800] "GET /xingrg/kc/buy/cgsh_order_operate.html?command=get_materiel&rest_code=00150&code=00101008283&supplier_code=00100008&order_time=2023-04-26 HTTP/1.1" 200 408
116.230.117.27 - - [26/Apr/2023:09:12:51 +0800] "POST /xingrg/login.do HTTP/1.1" 302 -
116.230.117.27 - - [26/Apr/2023:09:12:51 +0800] "GET /xingrg/index.html?sysBaseUrl=http%3A%2F%2F180.169.147.146%3A18081%2Fxingrg%2F&costTime=1192×tamp=1682471571103 HTTP/1.1" 200 17179
116.230.117.27 - - [26/Apr/2023:09:12:51 +0800] "GET /xingrg/javascript/jquery_easy_ui/themes/default/easyui.css HTTP/1.1" 304 -
116.230.117.27 - - [26/Apr/2023:09:12:51 +0800] "GET /xingrg/javascript/jquery_easy_ui/themes/icon.css HTTP/1.1" 304 -
116.230.117.27 - - [26/Apr/2023:09:12:51 +0800] "GET /xingrg/javascript/jquery_easy_ui/easyui-lang-zh_CN.js HTTP/1.1" 304 -
116.230.117.27 - - [26/Apr/2023:09:12:51 +0800] "GET /xingrg/css/form.css HTTP/1.1" 304 -
116.230.117.27 - - [26/Apr/2023:09:12:51 +0800] "GET /xingrg/javascript/jquery-1.4.2.min.js HTTP/1.1" 304 -
116.230.117.27 - - [26/Apr/2023:09:12:51 +0800] "GET /xingrg/javascript/jquery_easy_ui/jquery.easyui.min.js HTTP/1.1" 304 -
116.230.117.27 - - [26/Apr/2023:09:12:51 +0800] "GET /xingrg/javascript/jquery.timers.js HTTP/1.1" 304 -
116.230.117.27 - - [26/Apr/2023:09:12:51 +0800] "GET /xingrg/javascript/jquery.utils.js HTTP/1.1" 304 -
116.230.117.27 - - [26/Apr/2023:09:12:51 +0800] "GET /xingrg/javascript/jquery.form.js HTTP/1.1" 304 -
116.227.208.255 - - [26/Apr/2023:09:12:51 +0800] "POST /xingrg/kc/base/wldb_order_operate.html HTTP/1.1" 200 12
116.230.117.27 - - [26/Apr/2023:09:12:51 +0800] "GET /favicon.ico HTTP/1.1" 404 -
116.227.208.255 - - [26/Apr/2023:09:12:51 +0800] "POST /xingrg/kc/base/wldb_order_operate.html HTTP/1.1" 200 2700
116.230.117.27 - - [26/Apr/2023:09:12:51 +0800] "POST /xingrg/all/common/load_tree.html?tree=area_rest_tree_json&manage=1 HTTP/1.1" 200 479
116.230.117.27 - - [26/Apr/2023:09:12:51 +0800] "GET /xingrg/all/function/internal_message.html?_=1682471581095&CODE_STATE=count HTTP/1.1" 200 11
116.230.117.27 - - [26/Apr/2023:09:12:51 +0800] "GET /xingrg/check_reg.html?_=1682471581096 HTTP/1.1" 200 22
116.230.117.27 - - [26/Apr/2023:09:12:51 +0800] "POST /xingrg/load_menu.html HTTP/1.1" 200 5138
116.227.208.255 - - [26/Apr/2023:09:12:52 +0800] "GET /xingrg/kc/base/wldb_order_info.html?code=422023042602066 HTTP/1.1" 200 26263
116.227.208.255 - - [26/Apr/2023:09:12:52 +0800] "GET /xingrg/javascript/easyui/themes/default/validatebox.css HTTP/1.1" 404 1104
116.227.208.255 - - [26/Apr/2023:09:12:52 +0800] "POST /xingrg/kc/base/wldb_order_operate.html HTTP/1.1" 200 984
116.227.208.255 - - [26/Apr/2023:09:12:54 +0800] "GET /xingrg/kc/base/wldb_order_add.html HTTP/1.1" 200 30387
116.238.139.35 - - [26/Apr/2023:09:12:54 +0800] "GET /xingrg/check_reg.html?_=1682471507535 HTTP/1.1" 200 22
116.238.139.35 - - [26/Apr/2023:09:12:54 +0800] "GET /xingrg/all/function/internal_message.html?_=1682471507590&CODE_STATE=getMsg HTTP/1.1" 200 27
116.227.208.255 - - [26/Apr/2023:09:12:54 +0800] "POST /xingrg/kc/base/wldb_order_operate.html HTTP/1.1" 200 6806
116.227.208.255 - - [26/Apr/2023:09:12:54 +0800] "GET /xingrg/javascript/easyui/themes/default/validatebox.css HTTP/1.1" 404 1104
116.230.117.27 - - [26/Apr/2023:09:12:55 +0800] "GET /xingrg/kc/buy/cgsh_order_list.html HTTP/1.1" 200 55220
116.230.117.27 - - [26/Apr/2023:09:12:55 +0800] "GET /xingrg/css/site.css HTTP/1.1" 304 -
116.230.117.27 - - [26/Apr/2023:09:12:55 +0800] "GET /xingrg/javascript/jquery_tools/datebox.css HTTP/1.1" 304 -
116.230.117.27 - - [26/Apr/2023:09:12:55 +0800] "GET /xingrg/javascript/easyui/themes/icon.css HTTP/1.1" 304 -
116.230.117.27 - - [26/Apr/2023:09:12:55 +0800] "GET /xingrg/javascript/jquery_tools/fix.css HTTP/1.1" 304 -
116.230.117.27 - - [26/Apr/2023:09:12:55 +0800] "GET /xingrg/javascript/easyui/themes/default/easyui.css HTTP/1.1" 304 -
116.230.117.27 - - [26/Apr/2023:09:12:55 +0800] "GET /xingrg/javascript/auto/jquery.autocomplete.css HTTP/1.1" 304 -
116.230.117.27 - - [26/Apr/2023:09:12:55 +0800] "GET /xingrg/css/base.css HTTP/1.1" 304 -
116.230.117.27 - - [26/Apr/2023:09:12:55 +0800] "GET /xingrg/javascript/jquery_tools/list_manager.js HTTP/1.1" 304 -
116.230.117.27 - - [26/Apr/2023:09:12:55 +0800] "GET /xingrg/javascript/jquery_tools/jquery.tools.table.js HTTP/1.1" 304 -
116.230.117.27 - - [26/Apr/2023:09:12:55 +0800] "GET /xingrg/javascript/jquery_tools/jquery.tools.hotkey.js HTTP/1.1" 304 -
116.230.117.27 - - [26/Apr/2023:09:12:55 +0800] "GET /xingrg/javascript/easyui/easyloader.js HTTP/1.1" 304 -
116.230.117.27 - - [26/Apr/2023:09:12:55 +0800] "GET /xingrg/javascript/jquery_tools/jquery.tools.extend.js HTTP/1.1" 304 -
116.230.117.27 - - [26/Apr/2023:09:12:55 +0800] "GET /xingrg/javascript/jquery.cookie.js HTTP/1.1" 304 -
116.230.117.27 - - [26/Apr/2023:09:12:55 +0800] "GET /xingrg/javascript/jquery_tools/table.css HTTP/1.1" 304 -
116.230.117.27 - - [26/Apr/2023:09:12:55 +0800] "GET /xingrg/javascript/print/LodopFuncs.js HTTP/1.1" 304 -
116.230.117.27 - - [26/Apr/2023:09:12:55 +0800] "GET /xingrg/javascript/auto/jquery.autocomplete.js HTTP/1.1" 304 -
116.230.117.27 - - [26/Apr/2023:09:12:55 +0800] "GET /xingrg/javascript/jquery_tools/jquery.tools.min.js HTTP/1.1" 304 -
116.230.117.27 - - [26/Apr/2023:09:12:55 +0800] "GET /xingrg/javascript/easyui/plugins/jquery.parser.js HTTP/1.1" 304 -
116.224.106.218 - - [26/Apr/2023:09:13:00 +0800] "GET /xingrg/all/function/internal_message.html?_=1682471578795&CODE_STATE=getMsg HTTP/1.1" 200 27
116.227.208.255 - - [26/Apr/2023:09:13:00 +0800] "GET /xingrg/kc/base/wldb_order_operate.html?command=get_materiel&rest_code=00155&base_code=0010740&code=00102021018 HTTP/1.1" 200 446
116.238.139.35 - - [26/Apr/2023:09:13:01 +0800] "POST /xingrg/kc/buy/cgsh_order_operate.html HTTP/1.1" 200 37
116.230.117.27 - - [26/Apr/2023:09:13:01 +0800] "POST /xingrg/kc/buy/cgsh_list_operate.html HTTP/1.1" 200 1867
116.238.139.35 - - [26/Apr/2023:09:13:02 +0800] "POST /xingrg/kc/buy/cgsh_order_operate.html HTTP/1.1" 200 33388
116.230.117.27 - - [26/Apr/2023:09:13:05 +0800] "POST /xingrg/kc/buy/cgsh_list_operate.html HTTP/1.1" 200 568
180.169.147.146 - - [26/Apr/2023:09:13:05 +0800] "GET /xingrg/all/function/internal_message.html?_=1682471585111&CODE_STATE=getMsg HTTP/1.1" 200 27
180.171.122.0 - - [26/Apr/2023:09:13:05 +0800] "GET /xingrg/javascript/auto/indicator.gif HTTP/1.1" 404 1066
180.171.122.0 - - [26/Apr/2023:09:13:06 +0800] "GET /xingrg/all/function/internal_message.html?_=1682471584775&CODE_STATE=getMsg HTTP/1.1" 200 27
116.224.158.100 - - [26/Apr/2023:09:13:06 +0800] "GET /xingrg/all/function/internal_message.html?_=1682471588490&CODE_STATE=getMsg HTTP/1.1" 200 27
180.171.122.0 - - [26/Apr/2023:09:13:06 +0800] "GET /xingrg/javascript/jquery_tools/images/next.gif HTTP/1.1" 404 1086
180.171.122.0 - - [26/Apr/2023:09:13:06 +0800] "GET /xingrg/javascript/jquery_tools/images/prev.gif HTTP/1.1" 404 1086
116.230.117.27 - - [26/Apr/2023:09:13:06 +0800] "GET /xingrg/kc/buy/cgsh_order_info.html?code=212023042609056 HTTP/1.1" 200 71005
116.230.117.27 - - [26/Apr/2023:09:13:06 +0800] "GET /xingrg/javascript/pic_change.js HTTP/1.1" 304 -
116.230.117.27 - - [26/Apr/2023:09:13:06 +0800] "GET /xingrg/javascript/convert.js HTTP/1.1" 304 -
116.230.117.27 - - [26/Apr/2023:09:13:06 +0800] "GET /xingrg/javascript/jquery_tools/order_manager.js HTTP/1.1" 304 -
116.230.117.27 - - [26/Apr/2023:09:13:06 +0800] "GET /xingrg/javascript/json2.js HTTP/1.1" 304 -
116.230.117.27 - - [26/Apr/2023:09:13:06 +0800] "GET /xingrg/javascript/print/kc_print.js HTTP/1.1" 304 -
116.230.117.27 - - [26/Apr/2023:09:13:06 +0800] "GET /xingrg/words/20230425123415_words.js HTTP/1.1" 304 -
116.230.117.27 - - [26/Apr/2023:09:13:07 +0800] "GET /xingrg/javascript/easyui/themes/default/validatebox.css HTTP/1.1" 404 1104
116.230.117.27 - - [26/Apr/2023:09:13:07 +0800] "GET /xingrg/javascript/easyui/plugins/jquery.validatebox.js HTTP/1.1" 304 -
116.230.117.27 - - [26/Apr/2023:09:13:07 +0800] "GET /xingrg/javascript/easyui/plugins/jquery.numberbox.js HTTP/1.1" 304 -
116.230.117.27 - - [26/Apr/2023:09:13:07 +0800] "GET /xingrg/all/common/auto_word.html?type=employee&rest_code=00146 HTTP/1.1" 200 101
116.230.117.27 - - [26/Apr/2023:09:13:07 +0800] "GET /xingrg/all/common/auto_word.html?type=employee&rest_code=00146 HTTP/1.1" 200 101
116.230.117.27 - - [26/Apr/2023:09:13:08 +0800] "POST /xingrg/kc/buy/cgsh_order_operate.html HTTP/1.1" 200 26898
116.238.139.35 - - [26/Apr/2023:09:13:09 +0800] "GET /xingrg/kc/buy/cgsh_order_operate.html?command=get_materiel&rest_code=00150&code=00101008229&supplier_code=00100008&order_time=2023-04-26 HTTP/1.1" 200 420
116.230.117.27 - - [26/Apr/2023:09:13:14 +0800] "GET /xingrg/javascript/auto/indicator.gif HTTP/1.1" 404 1066
116.227.208.255 - - [26/Apr/2023:09:13:16 +0800] "GET /xingrg/all/function/internal_message.html?_=1682471662132&CODE_STATE=getMsg HTTP/1.1" 200 27
101.229.22.234 - - [26/Apr/2023:09:13:16 +0800] "GET /xingrg/all/function/internal_message.html?_=1682471595769&CODE_STATE=getMsg HTTP/1.1" 200 27
116.227.208.255 - - [26/Apr/2023:09:13:17 +0800] "GET /xingrg/kc/base/wldb_order_operate.html?command=get_materiel&rest_code=00155&base_code=0010740&code=00101017003 HTTP/1.1" 200 448
116.230.117.27 - - [26/Apr/2023:09:13:19 +0800] "GET /xingrg/kc/buy/cgsh_order_operate.html?command=get_materiel&rest_code=00146&code=00101008010&supplier_code=00100005&order_time=2023-04-26 HTTP/1.1" 200 412
116.238.139.35 - - [26/Apr/2023:09:13:23 +0800] "GET /xingrg/kc/buy/cgsh_order_operate.html?command=get_materiel&rest_code=00150&code=00101008041&supplier_code=00100008&order_time=2023-04-26 HTTP/1.1" 200 408
116.238.139.35 - - [26/Apr/2023:09:13:32 +0800] "GET /xingrg/kc/buy/cgsh_order_operate.html?command=get_materiel&rest_code=00150&code=00101008072&supplier_code=00100008&order_time=2023-04-26 HTTP/1.1" 200 408
180.164.3.199 - - [26/Apr/2023:09:13:32 +0800] "GET /xingrg/all/function/internal_message.html?_=1682471611983&CODE_STATE=getMsg HTTP/1.1" 200 27
172.20.0.100 - - [26/Apr/2023:09:13:34 +0800] "GET /xingrg/all/function/internal_message.html?_=1682471597771&CODE_STATE=getMsg HTTP/1.1" 200 27
124.79.240.114 - - [26/Apr/2023:09:13:35 +0800] "GET /xingrg/all/function/internal_message.html?_=1682471887567&CODE_STATE=getMsg HTTP/1.1" 200 27
116.230.117.27 - - [26/Apr/2023:09:13:36 +0800] "GET /xingrg/kc/buy/cgsh_order_operate.html?command=get_materiel&rest_code=00146&code=00101008196&supplier_code=00100005&order_time=2023-04-26 HTTP/1.1" 200 416
124.79.74.67 - - [26/Apr/2023:09:13:38 +0800] "GET /xingrg/all/function/internal_message.html?_=1682471618077&CODE_STATE=getMsg HTTP/1.1" 200 27
180.152.240.159 - - [26/Apr/2023:09:13:38 +0800] "GET /xingrg/all/function/internal_message.html?_=1682471620340&CODE_STATE=getMsg HTTP/1.1" 302 -
124.78.64.125 - - [26/Apr/2023:09:13:44 +0800] "POST /xingrg/services/DataTransmitService HTTP/1.1" 200 524
116.238.139.35 - - [26/Apr/2023:09:13:44 +0800] "GET /xingrg/all/function/internal_message.html?_=1682471623822&CODE_STATE=getMsg HTTP/1.1" 200 27
116.224.158.100 - - [26/Apr/2023:09:13:46 +0800] "GET /xingrg/all/function/internal_message.html?_=1682471466033&CODE_STATE=getMsg HTTP/1.1" 200 27
222.69.131.221 - - [26/Apr/2023:09:13:47 +0800] "GET /xingrg/all/function/internal_message.html?_=1682471626598&CODE_STATE=getMsg HTTP/1.1" 200 27
116.227.208.255 - - [26/Apr/2023:09:13:48 +0800] "GET /xingrg/kc/base/wldb_order_operate.html?command=get_materiel&rest_code=00155&base_code=0010740&code=00102002029 HTTP/1.1" 200 469
116.238.139.35 - - [26/Apr/2023:09:13:49 +0800] "GET /xingrg/kc/buy/cgsh_order_operate.html?command=get_materiel&rest_code=00150&code=00101008358&supplier_code=00100008&order_time=2023-04-26 HTTP/1.1" 200 412
116.230.117.27 - - [26/Apr/2023:09:13:51 +0800] "GET /xingrg/all/function/internal_message.html?_=1682471641109&CODE_STATE=getMsg HTTP/1.1" 200 27
116.230.117.27 - - [26/Apr/2023:09:13:53 +0800] "GET /xingrg/kc/buy/cgsh_order_operate.html?command=get_materiel&rest_code=00146&code=00101008114&supplier_code=00100005&order_time=2023-04-26 HTTP/1.1" 200 412
116.238.139.35 - - [26/Apr/2023:09:13:54 +0800] "GET /xingrg/all/function/internal_message.html?_=1682471567604&CODE_STATE=getMsg HTTP/1.1" 200 27
116.238.139.35 - - [26/Apr/2023:09:13:59 +0800] "GET /xingrg/kc/buy/cgsh_order_operate.html?command=get_materiel&rest_code=00150&code=00101008224&supplier_code=00100008&order_time=2023-04-26 HTTP/1.1" 200 416
116.224.106.218 - - [26/Apr/2023:09:14:00 +0800] "GET /xingrg/all/function/internal_message.html?_=1682471638779&CODE_STATE=getMsg HTTP/1.1" 200 27
116.238.139.35 - - [26/Apr/2023:09:14:03 +0800] "GET /xingrg/check_reg.html?_=1682471643158 HTTP/1.1" 200 22
116.227.208.255 - - [26/Apr/2023:09:14:03 +0800] "POST /xingrg/kc/base/wldb_order_operate.html HTTP/1.1" 200 37
116.230.117.27 - - [26/Apr/2023:09:14:04 +0800] "GET /xingrg/kc/buy/cgsh_order_operate.html?command=get_materiel&rest_code=00146&code=00101008175&supplier_code=00100005&order_time=2023-04-26 HTTP/1.1" 200 412
180.169.147.146 - - [26/Apr/2023:09:14:05 +0800] "GET /xingrg/all/function/internal_message.html?_=1682471645104&CODE_STATE=getMsg HTTP/1.1" 200 27
180.171.122.0 - - [26/Apr/2023:09:14:06 +0800] "GET /xingrg/all/function/internal_message.html?_=1682471644773&CODE_STATE=getMsg HTTP/1.1" 200 27
116.224.158.100 - - [26/Apr/2023:09:14:06 +0800] "GET /xingrg/check_reg.html?_=1682471648489 HTTP/1.1" 200 22
116.224.158.100 - - [26/Apr/2023:09:14:06 +0800] "GET /xingrg/all/function/internal_message.html?_=1682471648492&CODE_STATE=getMsg HTTP/1.1" 200 27
116.230.117.27 - - [26/Apr/2023:09:14:08 +0800] "POST /xingrg/kc/buy/cgsh_order_operate.html HTTP/1.1" 200 2065
116.238.139.35 - - [26/Apr/2023:09:14:09 +0800] "POST /xingrg/kc/buy/cgsh_order_operate.html HTTP/1.1" 200 37
116.227.208.255 - - [26/Apr/2023:09:14:10 +0800] "POST /xingrg/kc/base/wldb_order_operate.html HTTP/1.1" 200 12
116.227.208.255 - - [26/Apr/2023:09:14:10 +0800] "POST /xingrg/kc/base/wldb_order_operate.html HTTP/1.1" 200 3194
116.227.208.255 - - [26/Apr/2023:09:14:11 +0800] "GET /xingrg/kc/base/wldb_order_info.html?code=422023042602067 HTTP/1.1" 200 26267
116.238.139.35 - - [26/Apr/2023:09:14:11 +0800] "POST /xingrg/kc/buy/cgsh_order_operate.html HTTP/1.1" 200 36357
116.227.208.255 - - [26/Apr/2023:09:14:11 +0800] "GET /xingrg/javascript/easyui/themes/default/validatebox.css HTTP/1.1" 404 1104
116.227.208.255 - - [26/Apr/2023:09:14:11 +0800] "POST /xingrg/kc/base/wldb_order_operate.html HTTP/1.1" 200 1467
116.227.208.255 - - [26/Apr/2023:09:14:13 +0800] "GET /xingrg/kc/base/wldb_order_add.html HTTP/1.1" 200 30387
101.229.22.234 - - [26/Apr/2023:09:14:13 +0800] "POST /xingrg/kc/base/wldb_order_operate.html HTTP/1.1" 200 37
116.227.208.255 - - [26/Apr/2023:09:14:13 +0800] "POST /xingrg/kc/base/wldb_order_operate.html HTTP/1.1" 200 6806
116.227.208.255 - - [26/Apr/2023:09:14:14 +0800] "GET /xingrg/javascript/easyui/themes/default/validatebox.css HTTP/1.1" 404 1104
116.227.208.255 - - [26/Apr/2023:09:14:16 +0800] "GET /xingrg/all/function/internal_message.html?_=1682471722114&CODE_STATE=getMsg HTTP/1.1" 200 27
101.229.22.234 - - [26/Apr/2023:09:14:16 +0800] "GET /xingrg/all/function/internal_message.html?_=1682471655776&CODE_STATE=getMsg HTTP/1.1" 200 27
116.230.117.27 - - [26/Apr/2023:09:14:17 +0800] "GET /xingrg/kc/buy/cgsh_order_operate.html?command=get_materiel&rest_code=00146&code=00101008356&supplier_code=00100005&order_time=2023-04-26 HTTP/1.1" 200 408
124.78.64.125 - - [26/Apr/2023:09:14:17 +0800] "GET /xingrg/kc/buy/cgsh_order_add.html HTTP/1.1" 302 -
124.78.64.125 - - [26/Apr/2023:09:14:17 +0800] "GET /xingrg/login.html HTTP/1.1" 200 7641
124.78.64.125 - - [26/Apr/2023:09:14:17 +0800] "GET /xingrg/login.html HTTP/1.1" 200 7641
124.78.64.125 - - [26/Apr/2023:09:14:17 +0800] "GET /favicon.ico HTTP/1.1" 404 -
101.229.22.234 - - [26/Apr/2023:09:14:20 +0800] "POST /xingrg/kc/base/wldb_order_operate.html HTTP/1.1" 200 12
124.78.64.125 - - [26/Apr/2023:09:14:20 +0800] "POST /xingrg/login.do HTTP/1.1" 302 -
124.78.64.125 - - [26/Apr/2023:09:14:20 +0800] "GET /xingrg/index.html?sysBaseUrl=http%3A%2F%2F180.169.147.146%3A18081%2Fxingrg%2F&costTime=1430×tamp=1682471660409 HTTP/1.1" 200 17179
101.229.22.234 - - [26/Apr/2023:09:14:20 +0800] "POST /xingrg/kc/base/wldb_order_operate.html HTTP/1.1" 200 5718
124.78.64.125 - - [26/Apr/2023:09:14:20 +0800] "GET /favicon.ico HTTP/1.1" 404 -
124.78.64.125 - - [26/Apr/2023:09:14:20 +0800] "GET /xingrg/all/function/internal_message.html?_=1682471189350&CODE_STATE=count HTTP/1.1" 200 11
124.78.64.125 - - [26/Apr/2023:09:14:20 +0800] "GET /xingrg/check_reg.html?_=1682471189350 HTTP/1.1" 200 22
124.78.64.125 - - [26/Apr/2023:09:14:20 +0800] "POST /xingrg/all/common/load_tree.html?tree=area_rest_tree_json&manage=1 HTTP/1.1" 200 351
124.78.64.125 - - [26/Apr/2023:09:14:20 +0800] "POST /xingrg/load_menu.html HTTP/1.1" 200 5138
116.227.208.255 - - [26/Apr/2023:09:14:20 +0800] "GET /xingrg/kc/base/wldb_order_operate.html?command=get_materiel&rest_code=00155&base_code=0010740&code=00102002679 HTTP/1.1" 200 458
101.229.22.234 - - [26/Apr/2023:09:14:22 +0800] "GET /xingrg/kc/base/wldb_order_info.html?code=422023042602065 HTTP/1.1" 200 26272
124.78.64.125 - - [26/Apr/2023:09:14:22 +0800] "GET /xingrg/kc/buy/buy_main.html HTTP/1.1" 200 12412
124.78.64.125 - - [26/Apr/2023:09:14:22 +0800] "GET /xingrg/css/new_ie.css HTTP/1.1" 404 1036
101.229.22.234 - - [26/Apr/2023:09:14:22 +0800] "GET /xingrg/javascript/easyui/themes/default/validatebox.css HTTP/1.1" 404 1104
101.229.22.234 - - [26/Apr/2023:09:14:22 +0800] "POST /xingrg/kc/base/wldb_order_operate.html HTTP/1.1" 200 3935
124.78.64.125 - - [26/Apr/2023:09:14:23 +0800] "GET /xingrg/images/yd/bt.gif HTTP/1.1" 404 1040
124.78.64.125 - - [26/Apr/2023:09:14:24 +0800] "GET /xingrg/kc/buy/cgsh_order_list.html HTTP/1.1" 200 55220
116.227.208.255 - - [26/Apr/2023:09:14:24 +0800] "GET /xingrg/kc/base/wldb_order_operate.html?command=get_materiel&rest_code=00155&base_code=0010740&code=00102002347 HTTP/1.1" 200 457
124.78.64.125 - - [26/Apr/2023:09:14:26 +0800] "POST /xingrg/kc/buy/cgsh_list_operate.html HTTP/1.1" 200 986
116.230.117.27 - - [26/Apr/2023:09:14:28 +0800] "GET /xingrg/kc/buy/cgsh_order_operate.html?command=get_materiel&rest_code=00146&code=00101008223&supplier_code=00100005&order_time=2023-04-26 HTTP/1.1" 200 412
124.78.64.125 - - [26/Apr/2023:09:14:28 +0800] "GET /xingrg/kc/buy/cgsh_order_add.html HTTP/1.1" 200 70996
124.78.64.125 - - [26/Apr/2023:09:14:28 +0800] "GET /xingrg/words/20230425123415_words.js HTTP/1.1" 304 -
124.78.64.125 - - [26/Apr/2023:09:14:29 +0800] "POST /xingrg/kc/buy/cgsh_order_operate.html HTTP/1.1" 200 8245
124.78.64.125 - - [26/Apr/2023:09:14:29 +0800] "GET /xingrg/javascript/easyui/themes/default/validatebox.css HTTP/1.1" 404 1104
124.78.64.125 - - [26/Apr/2023:09:14:29 +0800] "GET /xingrg/all/common/auto_word.html?type=employee&rest_code=00141 HTTP/1.1" 200 201
124.78.64.125 - - [26/Apr/2023:09:14:29 +0800] "GET /xingrg/all/common/auto_word.html?type=employee&rest_code=00141 HTTP/1.1" 200 201
124.78.64.125 - - [26/Apr/2023:09:14:29 +0800] "GET /xingrg/javascript/auto/indicator.gif HTTP/1.1" 404 1066
101.229.22.234 - - [26/Apr/2023:09:14:30 +0800] "POST /xingrg/kc/base/wldb_list_operate.html HTTP/1.1" 200 6251
124.78.64.125 - - [26/Apr/2023:09:14:31 +0800] "GET /xingrg/javascript/jquery_tools/images/next.gif HTTP/1.1" 404 1086
124.78.64.125 - - [26/Apr/2023:09:14:31 +0800] "GET /xingrg/javascript/jquery_tools/images/prev.gif HTTP/1.1" 404 1086
180.152.240.159 - - [26/Apr/2023:09:14:31 +0800] "GET /xingrg/kc/buy/cgsh_order_list.html HTTP/1.1" 302 -
180.152.240.159 - - [26/Apr/2023:09:14:31 +0800] "GET /xingrg/login.html HTTP/1.1" 200 7641
180.152.240.159 - - [26/Apr/2023:09:14:31 +0800] "GET /xingrg/login.html HTTP/1.1" 200 7641
180.152.240.159 - - [26/Apr/2023:09:14:31 +0800] "GET /xingrg/images/blue/jxLogo.png HTTP/1.1" 200 6156
180.152.240.159 - - [26/Apr/2023:09:14:31 +0800] "GET /xingrg/images/blue/srbg.png HTTP/1.1" 200 138
180.152.240.159 - - [26/Apr/2023:09:14:31 +0800] "GET /xingrg/images/blue/hj.png HTTP/1.1" 200 1014
180.152.240.159 - - [26/Apr/2023:09:14:31 +0800] "GET /xingrg/images/blue/login_bg.png HTTP/1.1" 200 22101
180.152.240.159 - - [26/Apr/2023:09:14:31 +0800] "GET /favicon.ico HTTP/1.1" 404 -
180.164.3.199 - - [26/Apr/2023:09:14:32 +0800] "GET /xingrg/all/function/internal_message.html?_=1682471671971&CODE_STATE=getMsg HTTP/1.1" 200 27
116.227.208.255 - - [26/Apr/2023:09:14:32 +0800] "GET /xingrg/kc/base/wldb_order_operate.html?command=get_materiel&rest_code=00155&base_code=0010740&code=00102004026 HTTP/1.1" 200 441
180.152.240.159 - - [26/Apr/2023:09:14:33 +0800] "POST /xingrg/login.do HTTP/1.1" 302 -
180.152.240.159 - - [26/Apr/2023:09:14:34 +0800] "GET /xingrg/index.html?sysBaseUrl=http%3A%2F%2F180.169.147.146%3A18081%2Fxingrg%2F&costTime=801×tamp=1682471673972 HTTP/1.1" 200 17173
180.152.240.159 - - [26/Apr/2023:09:14:34 +0800] "GET /xingrg/javascript/jquery_easy_ui/themes/default/easyui.css HTTP/1.1" 200 26500
180.152.240.159 - - [26/Apr/2023:09:14:34 +0800] "GET /xingrg/javascript/jquery_easy_ui/themes/icon.css HTTP/1.1" 200 3949
180.152.240.159 - - [26/Apr/2023:09:14:34 +0800] "GET /xingrg/css/form.css HTTP/1.1" 200 893
180.152.240.159 - - [26/Apr/2023:09:14:34 +0800] "GET /xingrg/javascript/jquery_easy_ui/easyui-lang-zh_CN.js HTTP/1.1" 200 1900
180.152.240.159 - - [26/Apr/2023:09:14:34 +0800] "GET /xingrg/javascript/jquery.form.js HTTP/1.1" 200 23110
180.152.240.159 - - [26/Apr/2023:09:14:34 +0800] "GET /xingrg/javascript/jquery_easy_ui/jquery.easyui.min.js HTTP/1.1" 200 213662
180.152.240.159 - - [26/Apr/2023:09:14:34 +0800] "GET /xingrg/javascript/jquery-1.4.2.min.js HTTP/1.1" 200 72205
180.152.240.159 - - [26/Apr/2023:09:14:34 +0800] "GET /xingrg/javascript/jquery.utils.js HTTP/1.1" 200 11805
180.152.240.159 - - [26/Apr/2023:09:14:34 +0800] "GET /xingrg/javascript/jquery.timers.js HTTP/1.1" 200 3532
180.152.240.159 - - [26/Apr/2023:09:14:34 +0800] "GET /favicon.ico HTTP/1.1" 404 -
180.152.240.159 - - [26/Apr/2023:09:14:34 +0800] "GET /xingrg/images/blue/navBackgound.jpg HTTP/1.1" 200 12378
180.152.240.159 - - [26/Apr/2023:09:14:34 +0800] "GET /xingrg/javascript/jquery_easy_ui/themes/icons/settle_new.png HTTP/1.1" 200 826
180.152.240.159 - - [26/Apr/2023:09:14:34 +0800] "GET /xingrg/check_reg.html?_=1682471676312 HTTP/1.1" 200 22
180.152.240.159 - - [26/Apr/2023:09:14:34 +0800] "GET /xingrg/all/function/internal_message.html?_=1682471676312&CODE_STATE=count HTTP/1.1" 200 11
180.152.240.159 - - [26/Apr/2023:09:14:34 +0800] "GET /xingrg/images/blue/pingpu.png HTTP/1.1" 200 231
180.152.240.159 - - [26/Apr/2023:09:14:34 +0800] "GET /xingrg/javascript/jquery_easy_ui/themes/default/images/tabs_leftarrow.png HTTP/1.1" 200 389
180.152.240.159 - - [26/Apr/2023:09:14:34 +0800] "GET /xingrg/javascript/jquery_easy_ui/themes/default/images/tabs_rightarrow.png HTTP/1.1" 200 395
180.152.240.159 - - [26/Apr/2023:09:14:34 +0800] "GET /xingrg/javascript/jquery_easy_ui/themes/default/images/panel_tool_collapse.gif HTTP/1.1" 200 246
172.20.0.100 - - [26/Apr/2023:09:14:34 +0800] "GET /xingrg/all/function/internal_message.html?_=1682471657782&CODE_STATE=getMsg HTTP/1.1" 200 27
180.152.240.159 - - [26/Apr/2023:09:14:34 +0800] "POST /xingrg/all/common/load_tree.html?tree=area_rest_tree_json&manage=1 HTTP/1.1" 200 342
180.152.240.159 - - [26/Apr/2023:09:14:34 +0800] "POST /xingrg/load_menu.html HTTP/1.1" 200 5138
180.152.240.159 - - [26/Apr/2023:09:14:34 +0800] "GET /xingrg/javascript/jquery_easy_ui/themes/icons/forms_new.png HTTP/1.1" 200 350
180.152.240.159 - - [26/Apr/2023:09:14:34 +0800] "GET /xingrg/javascript/jquery_easy_ui/themes/default/images/tree_arrows.gif HTTP/1.1" 200 1043
180.152.240.159 - - [26/Apr/2023:09:14:34 +0800] "GET /xingrg/javascript/jquery_easy_ui/themes/default/images/tree_folder.gif HTTP/1.1" 200 952
180.152.240.159 - - [26/Apr/2023:09:14:34 +0800] "GET /xingrg/javascript/jquery_easy_ui/themes/icons/storage_new.png HTTP/1.1" 200 853
180.152.240.159 - - [26/Apr/2023:09:14:34 +0800] "GET /xingrg/javascript/jquery_easy_ui/themes/default/images/tree_file.gif HTTP/1.1" 200 118
180.152.240.159 - - [26/Apr/2023:09:14:34 +0800] "GET /xingrg/javascript/jquery_easy_ui/themes/default/images/tree_folder_open.gif HTTP/1.1" 200 956
180.152.240.159 - - [26/Apr/2023:09:14:34 +0800] "GET /xingrg/javascript/jquery_easy_ui/themes/icons/search_new.png HTTP/1.1" 200 586
124.79.240.114 - - [26/Apr/2023:09:14:35 +0800] "GET /xingrg/all/function/internal_message.html?_=1682471947566&CODE_STATE=getMsg HTTP/1.1" 200 27
116.227.208.255 - - [26/Apr/2023:09:14:37 +0800] "GET /xingrg/kc/base/wldb_order_operate.html?command=get_materiel&rest_code=00155&base_code=0010740&code=00102004030 HTTP/1.1" 200 442
124.79.74.67 - - [26/Apr/2023:09:14:38 +0800] "GET /xingrg/all/function/internal_message.html?_=1682471678078&CODE_STATE=getMsg HTTP/1.1" 200 27
116.230.117.27 - - [26/Apr/2023:09:14:40 +0800] "GET /xingrg/kc/buy/cgsh_order_operate.html?command=get_materiel&rest_code=00146&code=00101008674&supplier_code=00100005&order_time=2023-04-26 HTTP/1.1" 200 412
116.238.139.35 - - [26/Apr/2023:09:14:44 +0800] "GET /xingrg/all/function/internal_message.html?_=1682471683798&CODE_STATE=getMsg HTTP/1.1" 200 27
116.224.158.100 - - [26/Apr/2023:09:14:46 +0800] "GET /xingrg/all/function/internal_message.html?_=1682471526034&CODE_STATE=getMsg HTTP/1.1" 200 27
222.69.131.221 - - [26/Apr/2023:09:14:47 +0800] "GET /xingrg/all/function/internal_message.html?_=1682471686614&CODE_STATE=getMsg HTTP/1.1" 200 27
124.78.64.125 - - [26/Apr/2023:09:14:50 +0800] "GET /xingrg/kc/buy/cgsh_order_operate.html?command=get_materiel&rest_code=00141&code=00102009716&supplier_code=00100430&order_time=2023-04-26 HTTP/1.1" 200 416
116.230.117.27 - - [26/Apr/2023:09:14:51 +0800] "GET /xingrg/all/function/internal_message.html?_=1682471701124&CODE_STATE=getMsg HTTP/1.1" 200 27
116.227.208.255 - - [26/Apr/2023:09:14:52 +0800] "GET /xingrg/kc/base/wldb_order_operate.html?command=get_materiel&rest_code=00155&base_code=0010740&code=00102004006 HTTP/1.1" 200 442
116.230.117.27 - - [26/Apr/2023:09:14:53 +0800] "GET /xingrg/kc/buy/cgsh_order_operate.html?command=get_materiel&rest_code=00146&code=00101008563&supplier_code=00100005&order_time=2023-04-26 HTTP/1.1" 200 413
116.238.139.35 - - [26/Apr/2023:09:14:54 +0800] "GET /xingrg/all/function/internal_message.html?_=1682471627786&CODE_STATE=getMsg HTTP/1.1" 200 27
116.224.106.218 - - [26/Apr/2023:09:15:00 +0800] "GET /xingrg/all/function/internal_message.html?_=1682471698763&CODE_STATE=getMsg HTTP/1.1" 200 27
124.78.64.125 - - [26/Apr/2023:09:15:01 +0800] "GET /xingrg/kc/buy/cgsh_order_operate.html?command=get_materiel&rest_code=00141&code=00102010318&supplier_code=00100430&order_time=2023-04-26 HTTP/1.1" 200 408
58.221.95.50 - - [26/Apr/2023:09:15:01 +0800] "GET /xingrg/check_reg.html?_=1682471701646 HTTP/1.1" 200 22
180.169.147.146 - - [26/Apr/2023:09:15:05 +0800] "GET /xingrg/all/function/internal_message.html?_=1682471705105&CODE_STATE=getMsg HTTP/1.1" 200 27
116.230.117.27 - - [26/Apr/2023:09:15:05 +0800] "GET /xingrg/kc/buy/cgsh_order_operate.html?command=get_materiel&rest_code=00146&code=00101008439&supplier_code=00100005&order_time=2023-04-26 HTTP/1.1" 200 413
180.171.122.0 - - [26/Apr/2023:09:15:06 +0800] "GET /xingrg/all/function/internal_message.html?_=1682471704767&CODE_STATE=getMsg HTTP/1.1" 200 27
116.224.158.100 - - [26/Apr/2023:09:15:06 +0800] "GET /xingrg/all/function/internal_message.html?_=1682471708492&CODE_STATE=getMsg HTTP/1.1" 200 27
116.230.117.27 - - [26/Apr/2023:09:15:08 +0800] "POST /xingrg/kc/buy/cgsh_order_operate.html HTTP/1.1" 200 2065
124.78.64.125 - - [26/Apr/2023:09:15:11 +0800] "GET /xingrg/kc/buy/cgsh_order_operate.html?command=get_materiel&rest_code=00141&code=00102013024&supplier_code=00100430&order_time=2023-04-26 HTTP/1.1" 200 413
116.227.208.255 - - [26/Apr/2023:09:15:15 +0800] "GET /xingrg/check_reg.html?_=1682471781862 HTTP/1.1" 200 22
116.227.208.255 - - [26/Apr/2023:09:15:16 +0800] "GET /xingrg/all/function/internal_message.html?_=1682471782101&CODE_STATE=getMsg HTTP/1.1" 200 27
101.229.22.234 - - [26/Apr/2023:09:15:16 +0800] "GET /xingrg/all/function/internal_message.html?_=1682471715779&CODE_STATE=getMsg HTTP/1.1" 200 27
180.171.122.0 - - [26/Apr/2023:09:15:17 +0800] "GET /xingrg/kc/buy/cgsh_order_operate.html?command=get_materiel&rest_code=00111&code=00101019631&supplier_code=00100005&order_time=2023-04-26 HTTP/1.1" 200 409
116.238.139.35 - - [26/Apr/2023:09:15:17 +0800] "GET /xingrg/kc/buy/cgsh_order_operate.html?command=get_materiel&rest_code=00150&code=00101008312&supplier_code=00100008&order_time=2023-04-26 HTTP/1.1" 200 412
116.230.117.27 - - [26/Apr/2023:09:15:18 +0800] "GET /xingrg/kc/buy/cgsh_order_operate.html?command=get_materiel&rest_code=00146&code=00101008060&supplier_code=00100005&order_time=2023-04-26 HTTP/1.1" 200 416
116.227.208.255 - - [26/Apr/2023:09:15:19 +0800] "GET /xingrg/kc/base/wldb_order_operate.html?command=get_materiel&rest_code=00155&base_code=0010740&code=00102001054 HTTP/1.1" 200 448
124.78.64.125 - - [26/Apr/2023:09:15:20 +0800] "GET /xingrg/all/function/internal_message.html?_=1682471249368&CODE_STATE=getMsg HTTP/1.1" 200 27
222.69.131.221 - - [26/Apr/2023:09:15:25 +0800] "GET /xingrg/kc/buy/cgsh_order_add.html HTTP/1.1" 200 71084
222.69.131.221 - - [26/Apr/2023:09:15:25 +0800] "POST /xingrg/kc/buy/cgsh_order_operate.html HTTP/1.1" 200 8245
222.69.131.221 - - [26/Apr/2023:09:15:25 +0800] "GET /xingrg/javascript/easyui/themes/default/validatebox.css HTTP/1.1" 404 1104
116.227.208.255 - - [26/Apr/2023:09:15:26 +0800] "GET /xingrg/kc/base/wldb_order_operate.html?command=get_materiel&rest_code=00155&base_code=0010740&code=00102024027 HTTP/1.1" 200 440
116.227.208.255 - - [26/Apr/2023:09:15:30 +0800] "GET /xingrg/kc/base/wldb_order_operate.html?command=get_materiel&rest_code=00155&base_code=0010740&code=00102002138 HTTP/1.1" 200 434
124.78.64.125 - - [26/Apr/2023:09:15:31 +0800] "GET /xingrg/kc/buy/cgsh_order_operate.html?command=get_materiel&rest_code=00141&code=00102016242&supplier_code=00100430&order_time=2023-04-26 HTTP/1.1" 200 412
116.230.117.27 - - [26/Apr/2023:09:15:31 +0800] "GET /xingrg/kc/buy/cgsh_order_operate.html?command=get_materiel&rest_code=00146&code=00101008005&supplier_code=00100005&order_time=2023-04-26 HTTP/1.1" 200 412
180.164.3.199 - - [26/Apr/2023:09:15:32 +0800] "GET /xingrg/all/function/internal_message.html?_=1682471731970&CODE_STATE=getMsg HTTP/1.1" 200 27
