172.20.0.100 - - [26/Apr/2023:09:21:34 +0800] "GET /xingrg/all/function/internal_message.html?_=1682472077766&CODE_STATE=getMsg HTTP/1.1" 200 27
180.152.240.159 - - [26/Apr/2023:09:21:34 +0800] "GET /xingrg/all/function/internal_message.html?_=1682472096319&CODE_STATE=getMsg HTTP/1.1" 200 27
180.171.122.0 - - [26/Apr/2023:09:21:34 +0800] "POST /xingrg/kc/buy/cgsh_order_operate.html HTTP/1.1" 200 2065
124.79.240.114 - - [26/Apr/2023:09:21:35 +0800] "GET /xingrg/all/function/internal_message.html?_=1682472367599&CODE_STATE=getMsg HTTP/1.1" 200 27
124.79.240.114 - - [26/Apr/2023:09:21:35 +0800] "GET /xingrg/check_reg.html?_=1682472367601 HTTP/1.1" 200 22
124.79.74.67 - - [26/Apr/2023:09:21:38 +0800] "GET /xingrg/check_reg.html?_=1682472098113 HTTP/1.1" 200 22
124.79.74.67 - - [26/Apr/2023:09:21:38 +0800] "GET /xingrg/all/function/internal_message.html?_=1682472098116&CODE_STATE=getMsg HTTP/1.1" 200 27
180.171.122.0 - - [26/Apr/2023:09:21:42 +0800] "GET /xingrg/kc/buy/cgsh_order_operate.html?command=get_materiel&rest_code=00111&code=00101008296&supplier_code=00100005&order_time=2023-04-26 HTTP/1.1" 200 416
116.238.139.35 - - [26/Apr/2023:09:21:43 +0800] "GET /xingrg/all/function/internal_message.html?_=1682472103698&CODE_STATE=getMsg HTTP/1.1" 200 27
124.78.64.125 - - [26/Apr/2023:09:21:45 +0800] "POST /xingrg/kc/buy/cgsh_order_operate.html HTTP/1.1" 200 37
116.224.158.100 - - [26/Apr/2023:09:21:46 +0800] "GET /xingrg/all/function/internal_message.html?_=1682471946045&CODE_STATE=getMsg HTTP/1.1" 200 27
124.78.64.125 - - [26/Apr/2023:09:21:52 +0800] "POST /xingrg/kc/buy/cgsh_order_operate.html HTTP/1.1" 200 12
180.171.122.0 - - [26/Apr/2023:09:21:53 +0800] "GET /xingrg/kc/buy/cgsh_order_operate.html?command=get_materiel&rest_code=00111&code=00101008132&supplier_code=00100005&order_time=2023-04-26 HTTP/1.1" 200 408
116.238.139.35 - - [26/Apr/2023:09:21:54 +0800] "GET /xingrg/all/function/internal_message.html?_=1682472047945&CODE_STATE=getMsg HTTP/1.1" 200 27
101.229.22.234 - - [26/Apr/2023:09:21:55 +0800] "GET /xingrg/all/function/internal_message.html?_=1682472115022&CODE_STATE=getMsg HTTP/1.1" 200 27
116.230.117.27 - - [26/Apr/2023:09:21:58 +0800] "GET /xingrg/all/function/internal_message.html?_=1682472127597&CODE_STATE=getMsg HTTP/1.1" 200 27
116.224.106.218 - - [26/Apr/2023:09:22:00 +0800] "GET /xingrg/all/function/internal_message.html?_=1682472118635&CODE_STATE=getMsg HTTP/1.1" 200 27
180.171.122.0 - - [26/Apr/2023:09:22:03 +0800] "GET /xingrg/kc/buy/cgsh_order_operate.html?command=get_materiel&rest_code=00111&code=00101008176&supplier_code=00100005&order_time=2023-04-26 HTTP/1.1" 200 413
180.169.147.146 - - [26/Apr/2023:09:22:05 +0800] "GET /xingrg/check_reg.html?_=1682472125099 HTTP/1.1" 200 22
180.169.147.146 - - [26/Apr/2023:09:22:05 +0800] "GET /xingrg/all/function/internal_message.html?_=1682472125107&CODE_STATE=getMsg HTTP/1.1" 200 27
116.224.158.100 - - [26/Apr/2023:09:22:06 +0800] "GET /xingrg/all/function/internal_message.html?_=1682472128492&CODE_STATE=getMsg HTTP/1.1" 200 27
180.171.122.0 - - [26/Apr/2023:09:22:06 +0800] "GET /xingrg/all/function/internal_message.html?_=1682472125238&CODE_STATE=getMsg HTTP/1.1" 200 27
180.171.122.0 - - [26/Apr/2023:09:22:12 +0800] "GET /xingrg/kc/buy/cgsh_order_operate.html?command=get_materiel&rest_code=00111&code=00101008077&supplier_code=00100005&order_time=2023-04-26 HTTP/1.1" 200 416
116.227.208.255 - - [26/Apr/2023:09:22:16 +0800] "GET /xingrg/all/function/internal_message.html?_=1682472202001&CODE_STATE=getMsg HTTP/1.1" 200 27
222.69.131.221 - - [26/Apr/2023:09:22:23 +0800] "GET /xingrg/all/function/internal_message.html?_=1682472142233&CODE_STATE=getMsg HTTP/1.1" 200 27
180.171.122.0 - - [26/Apr/2023:09:22:30 +0800] "GET /xingrg/kc/buy/cgsh_order_operate.html?command=get_materiel&rest_code=00111&code=00101008172&supplier_code=00100005&order_time=2023-04-26 HTTP/1.1" 200 412
180.164.3.199 - - [26/Apr/2023:09:22:32 +0800] "GET /xingrg/all/function/internal_message.html?_=1682472151926&CODE_STATE=getMsg HTTP/1.1" 200 27
180.171.122.0 - - [26/Apr/2023:09:22:33 +0800] "POST /xingrg/kc/buy/cgsh_order_operate.html HTTP/1.1" 200 2065
172.20.0.100 - - [26/Apr/2023:09:22:34 +0800] "GET /xingrg/all/function/internal_message.html?_=1682472137770&CODE_STATE=getMsg HTTP/1.1" 200 27
180.152.240.159 - - [26/Apr/2023:09:22:34 +0800] "GET /xingrg/all/function/internal_message.html?_=1682472156321&CODE_STATE=getMsg HTTP/1.1" 200 27
124.79.240.114 - - [26/Apr/2023:09:22:35 +0800] "GET /xingrg/all/function/internal_message.html?_=1682472427584&CODE_STATE=getMsg HTTP/1.1" 200 27
124.79.74.67 - - [26/Apr/2023:09:22:38 +0800] "GET /xingrg/all/function/internal_message.html?_=1682472158115&CODE_STATE=getMsg HTTP/1.1" 200 27
116.227.208.255 - - [26/Apr/2023:09:22:39 +0800] "POST /xingrg/kc/base/wldb_order_operate.html HTTP/1.1" 200 1710
116.227.208.255 - - [26/Apr/2023:09:22:41 +0800] "GET /xingrg/kc/base/wldb_order_operate.html?command=get_materiel&rest_code=00155&base_code=0010739&code=00101008316 HTTP/1.1" 200 435
116.238.139.35 - - [26/Apr/2023:09:22:43 +0800] "GET /xingrg/all/function/internal_message.html?_=1682472163695&CODE_STATE=getMsg HTTP/1.1" 200 27
116.224.158.100 - - [26/Apr/2023:09:22:46 +0800] "GET /xingrg/all/function/internal_message.html?_=1682472006044&CODE_STATE=getMsg HTTP/1.1" 200 27
124.78.64.125 - - [26/Apr/2023:09:22:47 +0800] "GET /xingrg/kc/buy/cgsh_order_info.html?code=212023042609061 HTTP/1.1" 200 65899
124.78.64.125 - - [26/Apr/2023:09:22:48 +0800] "GET /xingrg/javascript/easyui/themes/default/validatebox.css HTTP/1.1" 404 1104
116.227.208.255 - - [26/Apr/2023:09:22:48 +0800] "GET /xingrg/kc/base/wldb_order_operate.html?command=get_materiel&rest_code=00155&base_code=0010739&code=00101014080 HTTP/1.1" 200 441
124.78.64.125 - - [26/Apr/2023:09:22:48 +0800] "POST /xingrg/kc/buy/cgsh_order_operate.html HTTP/1.1" 200 615
124.78.64.125 - - [26/Apr/2023:09:22:50 +0800] "GET /xingrg/kc/print/load_data.html?order_code=212023042609061&kc_code=cgsh&condition= HTTP/1.1" 200 751
116.227.208.255 - - [26/Apr/2023:09:22:54 +0800] "GET /xingrg/kc/base/wldb_order_operate.html?command=get_materiel&rest_code=00155&base_code=0010739&code=00101013084 HTTP/1.1" 200 429
116.238.139.35 - - [26/Apr/2023:09:22:54 +0800] "GET /xingrg/check_reg.html?_=1682472107727 HTTP/1.1" 200 22
116.238.139.35 - - [26/Apr/2023:09:22:54 +0800] "GET /xingrg/all/function/internal_message.html?_=1682472107959&CODE_STATE=getMsg HTTP/1.1" 200 27
101.229.22.234 - - [26/Apr/2023:09:22:55 +0800] "GET /xingrg/all/function/internal_message.html?_=1682472175016&CODE_STATE=getMsg HTTP/1.1" 200 27
116.230.117.27 - - [26/Apr/2023:09:22:57 +0800] "GET /xingrg/check_reg.html?_=1682472187475 HTTP/1.1" 200 22
116.230.117.27 - - [26/Apr/2023:09:22:58 +0800] "GET /xingrg/all/function/internal_message.html?_=1682472187611&CODE_STATE=getMsg HTTP/1.1" 200 27
116.224.106.218 - - [26/Apr/2023:09:23:00 +0800] "GET /xingrg/all/function/internal_message.html?_=1682472178621&CODE_STATE=getMsg HTTP/1.1" 200 27
180.169.147.146 - - [26/Apr/2023:09:23:05 +0800] "GET /xingrg/all/function/internal_message.html?_=1682472185097&CODE_STATE=getMsg HTTP/1.1" 200 27
116.224.158.100 - - [26/Apr/2023:09:23:06 +0800] "GET /xingrg/all/function/internal_message.html?_=1682472188478&CODE_STATE=getMsg HTTP/1.1" 200 27
180.171.122.0 - - [26/Apr/2023:09:23:06 +0800] "GET /xingrg/all/function/internal_message.html?_=1682472185218&CODE_STATE=getMsg HTTP/1.1" 200 27
116.227.208.255 - - [26/Apr/2023:09:23:10 +0800] "POST /xingrg/kc/base/wldb_order_operate.html HTTP/1.1" 200 37
116.227.208.255 - - [26/Apr/2023:09:23:16 +0800] "GET /xingrg/all/function/internal_message.html?_=1682472261998&CODE_STATE=getMsg HTTP/1.1" 200 27
116.227.208.255 - - [26/Apr/2023:09:23:17 +0800] "POST /xingrg/kc/base/wldb_order_operate.html HTTP/1.1" 200 12
116.227.208.255 - - [26/Apr/2023:09:23:17 +0800] "POST /xingrg/kc/base/wldb_order_operate.html HTTP/1.1" 200 12634
116.227.208.255 - - [26/Apr/2023:09:23:18 +0800] "GET /xingrg/kc/base/wldb_order_info.html?code=422023042602071 HTTP/1.1" 200 26268
116.227.208.255 - - [26/Apr/2023:09:23:18 +0800] "GET /xingrg/javascript/easyui/themes/default/validatebox.css HTTP/1.1" 404 1104
116.227.208.255 - - [26/Apr/2023:09:23:19 +0800] "POST /xingrg/kc/base/wldb_order_operate.html HTTP/1.1" 200 10695
120.253.135.82 - - [26/Apr/2023:09:23:19 +0800] "GET /xingrg/login.html HTTP/1.1" 200 7641
116.227.208.255 - - [26/Apr/2023:09:23:20 +0800] "GET /xingrg/kc/base/wldb_order_add.html HTTP/1.1" 200 30387
124.78.64.125 - - [26/Apr/2023:09:23:20 +0800] "GET /xingrg/all/function/internal_message.html?_=1682471729384&CODE_STATE=getMsg HTTP/1.1" 200 27
116.227.208.255 - - [26/Apr/2023:09:23:21 +0800] "POST /xingrg/kc/base/wldb_order_operate.html HTTP/1.1" 200 6806
116.227.208.255 - - [26/Apr/2023:09:23:21 +0800] "GET /xingrg/javascript/easyui/themes/default/validatebox.css HTTP/1.1" 404 1104
120.253.135.82 - - [26/Apr/2023:09:23:22 +0800] "GET /favicon.ico HTTP/1.1" 404 -
222.69.131.221 - - [26/Apr/2023:09:23:23 +0800] "GET /xingrg/check_reg.html?_=1682472202229 HTTP/1.1" 200 22
222.69.131.221 - - [26/Apr/2023:09:23:23 +0800] "GET /xingrg/all/function/internal_message.html?_=1682472202233&CODE_STATE=getMsg HTTP/1.1" 200 27
120.253.135.82 - - [26/Apr/2023:09:23:24 +0800] "POST /xingrg/login.do HTTP/1.1" 302 -
120.253.135.82 - - [26/Apr/2023:09:23:24 +0800] "GET /xingrg/index.html?sysBaseUrl=http%3A%2F%2F180.169.147.146%3A18081%2Fxingrg%2F&costTime=805×tamp=1682472204296 HTTP/1.1" 200 17173
120.253.135.82 - - [26/Apr/2023:09:23:25 +0800] "GET /xingrg/all/function/internal_message.html?_=1682472340902&CODE_STATE=count HTTP/1.1" 200 11
120.253.135.82 - - [26/Apr/2023:09:23:25 +0800] "GET /xingrg/check_reg.html?_=1682472340902 HTTP/1.1" 200 22
120.253.135.82 - - [26/Apr/2023:09:23:25 +0800] "POST /xingrg/all/common/load_tree.html?tree=area_rest_tree_json&manage=1 HTTP/1.1" 200 344
120.253.135.82 - - [26/Apr/2023:09:23:25 +0800] "POST /xingrg/load_menu.html HTTP/1.1" 200 6743
120.253.135.82 - - [26/Apr/2023:09:23:29 +0800] "GET /xingrg/kc/pszx/mdps_order_list.html?orderType=0 HTTP/1.1" 200 21032
120.253.135.82 - - [26/Apr/2023:09:23:30 +0800] "POST /xingrg/kc/pszx/mdps_list_operate.html HTTP/1.1" 200 5333
180.164.3.199 - - [26/Apr/2023:09:23:32 +0800] "GET /xingrg/all/function/internal_message.html?_=1682472211918&CODE_STATE=getMsg HTTP/1.1" 200 27
116.227.208.255 - - [26/Apr/2023:09:23:33 +0800] "GET /xingrg/kc/base/wldb_order_operate.html?command=get_materiel&rest_code=00155&base_code=0010739&code=00101019368 HTTP/1.1" 200 466
172.20.0.100 - - [26/Apr/2023:09:23:34 +0800] "GET /xingrg/all/function/internal_message.html?_=1682472197774&CODE_STATE=getMsg HTTP/1.1" 200 27
180.152.240.159 - - [26/Apr/2023:09:23:34 +0800] "GET /xingrg/all/function/internal_message.html?_=1682472216343&CODE_STATE=getMsg HTTP/1.1" 200 27
124.79.240.114 - - [26/Apr/2023:09:23:35 +0800] "GET /xingrg/all/function/internal_message.html?_=1682472487598&CODE_STATE=getMsg HTTP/1.1" 200 27
120.253.135.82 - - [26/Apr/2023:09:23:36 +0800] "POST /xingrg/kc/pszx/mdps_list_operate.html HTTP/1.1" 200 630
116.227.208.255 - - [26/Apr/2023:09:23:37 +0800] "GET /xingrg/kc/base/wldb_order_operate.html?command=get_materiel&rest_code=00155&base_code=0010739&code=00101019816 HTTP/1.1" 200 447
124.79.74.67 - - [26/Apr/2023:09:23:38 +0800] "GET /xingrg/all/function/internal_message.html?_=1682472218115&CODE_STATE=getMsg HTTP/1.1" 200 27
120.253.135.82 - - [26/Apr/2023:09:23:38 +0800] "GET /xingrg/kc/pszx/mdps_order_info.html?code=312023042600501 HTTP/1.1" 200 23976
120.253.135.82 - - [26/Apr/2023:09:23:38 +0800] "GET /xingrg/words/20230425123415_words.js HTTP/1.1" 304 -
120.253.135.82 - - [26/Apr/2023:09:23:38 +0800] "GET /xingrg/javascript/easyui/themes/default/validatebox.css HTTP/1.1" 404 1104
120.253.135.82 - - [26/Apr/2023:09:23:38 +0800] "GET /xingrg/all/common/auto_word.html?type=base&rest_code=00101 HTTP/1.1" 200 671
120.253.135.82 - - [26/Apr/2023:09:23:38 +0800] "POST /xingrg/kc/pszx/mdps_order_operate.html HTTP/1.1" 200 11992
116.227.208.255 - - [26/Apr/2023:09:23:41 +0800] "GET /xingrg/kc/base/wldb_order_operate.html?command=get_materiel&rest_code=00155&base_code=0010739&code=00101019216 HTTP/1.1" 200 479
116.238.139.35 - - [26/Apr/2023:09:23:43 +0800] "GET /xingrg/all/function/internal_message.html?_=1682472223682&CODE_STATE=getMsg HTTP/1.1" 200 27
116.224.158.100 - - [26/Apr/2023:09:23:46 +0800] "GET /xingrg/all/function/internal_message.html?_=1682472066047&CODE_STATE=getMsg HTTP/1.1" 200 27
116.227.208.255 - - [26/Apr/2023:09:23:48 +0800] "GET /xingrg/kc/base/wldb_order_operate.html?command=get_materiel&rest_code=00155&base_code=0010739&code=00101013011 HTTP/1.1" 200 452
116.238.139.35 - - [26/Apr/2023:09:23:54 +0800] "GET /xingrg/all/function/internal_message.html?_=1682472167972&CODE_STATE=getMsg HTTP/1.1" 200 27
101.229.22.234 - - [26/Apr/2023:09:23:55 +0800] "GET /xingrg/all/function/internal_message.html?_=1682472235027&CODE_STATE=getMsg HTTP/1.1" 200 27
116.230.117.27 - - [26/Apr/2023:09:23:58 +0800] "GET /xingrg/all/function/internal_message.html?_=1682472247625&CODE_STATE=getMsg HTTP/1.1" 200 27
116.227.208.255 - - [26/Apr/2023:09:23:58 +0800] "POST /xingrg/kc/base/wldb_order_operate.html HTTP/1.1" 200 37
116.227.208.255 - - [26/Apr/2023:09:23:59 +0800] "POST /xingrg/kc/base/wldb_order_operate.html HTTP/1.1" 200 3690
116.224.106.218 - - [26/Apr/2023:09:24:00 +0800] "GET /xingrg/all/function/internal_message.html?_=1682472238605&CODE_STATE=getMsg HTTP/1.1" 200 27
116.238.139.35 - - [26/Apr/2023:09:24:03 +0800] "GET /xingrg/check_reg.html?_=1682472243152 HTTP/1.1" 200 22
180.169.147.146 - - [26/Apr/2023:09:24:05 +0800] "GET /xingrg/all/function/internal_message.html?_=1682472245115&CODE_STATE=getMsg HTTP/1.1" 200 27
116.224.158.100 - - [26/Apr/2023:09:24:06 +0800] "GET /xingrg/all/function/internal_message.html?_=1682472248480&CODE_STATE=getMsg HTTP/1.1" 200 27
116.224.158.100 - - [26/Apr/2023:09:24:06 +0800] "GET /xingrg/check_reg.html?_=1682472248483 HTTP/1.1" 200 22
180.171.122.0 - - [26/Apr/2023:09:24:06 +0800] "GET /xingrg/all/function/internal_message.html?_=1682472245197&CODE_STATE=getMsg HTTP/1.1" 200 27
116.227.208.255 - - [26/Apr/2023:09:24:07 +0800] "POST /xingrg/kc/base/wldb_order_operate.html HTTP/1.1" 200 12
116.227.208.255 - - [26/Apr/2023:09:24:09 +0800] "GET /xingrg/kc/base/wldb_order_info.html?code=422023042602072 HTTP/1.1" 200 26266
116.227.208.255 - - [26/Apr/2023:09:24:09 +0800] "GET /xingrg/javascript/easyui/themes/default/validatebox.css HTTP/1.1" 404 1104
116.227.208.255 - - [26/Apr/2023:09:24:09 +0800] "POST /xingrg/kc/base/wldb_order_operate.html HTTP/1.1" 200 1950
180.171.122.0 - - [26/Apr/2023:09:24:09 +0800] "POST /xingrg/kc/buy/cgsh_order_operate.html HTTP/1.1" 200 37
116.227.208.255 - - [26/Apr/2023:09:24:10 +0800] "GET /xingrg/kc/base/wldb_order_add.html HTTP/1.1" 200 30387
116.227.208.255 - - [26/Apr/2023:09:24:11 +0800] "POST /xingrg/kc/base/wldb_order_operate.html HTTP/1.1" 200 6806
116.227.208.255 - - [26/Apr/2023:09:24:11 +0800] "GET /xingrg/javascript/easyui/themes/default/validatebox.css HTTP/1.1" 404 1104
180.171.122.0 - - [26/Apr/2023:09:24:12 +0800] "POST /xingrg/kc/buy/cgsh_order_operate.html HTTP/1.1" 200 35200
180.171.122.0 - - [26/Apr/2023:09:24:14 +0800] "GET /xingrg/kc/print/load_data.html?order_code=212023042609062&kc_code=cgsh&condition= HTTP/1.1" 200 13025
116.227.208.255 - - [26/Apr/2023:09:24:16 +0800] "GET /xingrg/all/function/internal_message.html?_=1682472321985&CODE_STATE=getMsg HTTP/1.1" 200 27
124.78.64.125 - - [26/Apr/2023:09:24:20 +0800] "GET /xingrg/all/function/internal_message.html?_=1682471789360&CODE_STATE=getMsg HTTP/1.1" 200 27
124.78.64.125 - - [26/Apr/2023:09:24:20 +0800] "GET /xingrg/check_reg.html?_=1682471789359 HTTP/1.1" 200 22
222.69.131.221 - - [26/Apr/2023:09:24:23 +0800] "GET /xingrg/all/function/internal_message.html?_=1682472262233&CODE_STATE=getMsg HTTP/1.1" 200 27
120.253.135.82 - - [26/Apr/2023:09:24:25 +0800] "GET /xingrg/all/function/internal_message.html?_=1682472400910&CODE_STATE=getMsg HTTP/1.1" 200 27
180.171.122.0 - - [26/Apr/2023:09:24:25 +0800] "GET /xingrg/kc/buy/cgsh_order_add.html HTTP/1.1" 200 70952
180.171.122.0 - - [26/Apr/2023:09:24:26 +0800] "POST /xingrg/kc/buy/cgsh_order_operate.html HTTP/1.1" 200 8245
180.171.122.0 - - [26/Apr/2023:09:24:26 +0800] "GET /xingrg/javascript/easyui/themes/default/validatebox.css HTTP/1.1" 404 1104
116.227.208.255 - - [26/Apr/2023:09:24:31 +0800] "GET /xingrg/kc/base/wldb_order_operate.html?command=get_materiel&rest_code=00155&base_code=0010740&code=00102002448 HTTP/1.1" 200 440
180.164.3.199 - - [26/Apr/2023:09:24:32 +0800] "GET /xingrg/all/function/internal_message.html?_=1682472271919&CODE_STATE=getMsg HTTP/1.1" 200 27
172.20.0.100 - - [26/Apr/2023:09:24:34 +0800] "GET /xingrg/all/function/internal_message.html?_=1682472257778&CODE_STATE=getMsg HTTP/1.1" 200 27
180.152.240.159 - - [26/Apr/2023:09:24:34 +0800] "GET /xingrg/check_reg.html?_=1682472276339 HTTP/1.1" 200 22
180.152.240.159 - - [26/Apr/2023:09:24:34 +0800] "GET /xingrg/all/function/internal_message.html?_=1682472276344&CODE_STATE=getMsg HTTP/1.1" 200 27
116.227.208.255 - - [26/Apr/2023:09:24:35 +0800] "GET /xingrg/kc/base/wldb_order_operate.html?command=get_materiel&rest_code=00155&base_code=0010740&code=00102002204 HTTP/1.1" 200 448
124.79.240.114 - - [26/Apr/2023:09:24:35 +0800] "GET /xingrg/all/function/internal_message.html?_=1682472547597&CODE_STATE=getMsg HTTP/1.1" 200 27
124.79.74.67 - - [26/Apr/2023:09:24:38 +0800] "GET /xingrg/all/function/internal_message.html?_=1682472278115&CODE_STATE=getMsg HTTP/1.1" 200 27
101.229.22.234 - - [26/Apr/2023:09:24:38 +0800] "GET /xingrg/kc/base/wldb_order_list.html HTTP/1.1" 200 19104
101.229.22.234 - - [26/Apr/2023:09:24:39 +0800] "POST /xingrg/kc/base/wldb_list_operate.html HTTP/1.1" 200 928
101.229.22.234 - - [26/Apr/2023:09:24:41 +0800] "GET /xingrg/kc/base/wldb_order_add.html HTTP/1.1" 200 30391
101.229.22.234 - - [26/Apr/2023:09:24:41 +0800] "POST /xingrg/kc/base/wldb_order_operate.html HTTP/1.1" 200 6806
101.229.22.234 - - [26/Apr/2023:09:24:41 +0800] "GET /xingrg/javascript/easyui/themes/default/validatebox.css HTTP/1.1" 404 1104
116.227.208.255 - - [26/Apr/2023:09:24:43 +0800] "POST /xingrg/kc/base/wldb_order_operate.html HTTP/1.1" 200 37
116.238.139.35 - - [26/Apr/2023:09:24:43 +0800] "GET /xingrg/all/function/internal_message.html?_=1682472283667&CODE_STATE=getMsg HTTP/1.1" 200 27
101.229.22.234 - - [26/Apr/2023:09:24:44 +0800] "GET /xingrg/javascript/auto/indicator.gif HTTP/1.1" 404 1066
116.224.158.100 - - [26/Apr/2023:09:24:46 +0800] "GET /xingrg/all/function/internal_message.html?_=1682472126046&CODE_STATE=getMsg HTTP/1.1" 200 27
116.227.208.255 - - [26/Apr/2023:09:24:48 +0800] "POST /xingrg/kc/base/wldb_order_operate.html HTTP/1.1" 200 12
116.227.208.255 - - [26/Apr/2023:09:24:48 +0800] "POST /xingrg/kc/base/wldb_order_operate.html HTTP/1.1" 200 2676
116.227.208.255 - - [26/Apr/2023:09:24:49 +0800] "GET /xingrg/kc/base/wldb_order_info.html?code=422023042602073 HTTP/1.1" 200 26265
116.227.208.255 - - [26/Apr/2023:09:24:49 +0800] "GET /xingrg/javascript/easyui/themes/default/validatebox.css HTTP/1.1" 404 1104
116.227.208.255 - - [26/Apr/2023:09:24:50 +0800] "POST /xingrg/kc/base/wldb_order_operate.html HTTP/1.1" 200 958
116.227.208.255 - - [26/Apr/2023:09:24:51 +0800] "GET /xingrg/kc/base/wldb_order_add.html HTTP/1.1" 200 30387
116.227.208.255 - - [26/Apr/2023:09:24:51 +0800] "POST /xingrg/kc/base/wldb_order_operate.html HTTP/1.1" 200 6806
116.227.208.255 - - [26/Apr/2023:09:24:51 +0800] "GET /xingrg/javascript/easyui/themes/default/validatebox.css HTTP/1.1" 404 1104
116.238.139.35 - - [26/Apr/2023:09:24:54 +0800] "GET /xingrg/all/function/internal_message.html?_=1682472227986&CODE_STATE=getMsg HTTP/1.1" 200 27
101.229.22.234 - - [26/Apr/2023:09:24:55 +0800] "GET /xingrg/all/function/internal_message.html?_=1682472295029&CODE_STATE=getMsg HTTP/1.1" 200 27
116.230.117.27 - - [26/Apr/2023:09:24:58 +0800] "GET /xingrg/all/function/internal_message.html?_=1682472307639&CODE_STATE=getMsg HTTP/1.1" 200 27
116.227.208.255 - - [26/Apr/2023:09:24:58 +0800] "GET /xingrg/kc/base/wldb_order_operate.html?command=get_materiel&rest_code=00155&base_code=0010739&code=00101019132 HTTP/1.1" 200 473
116.224.106.218 - - [26/Apr/2023:09:25:00 +0800] "GET /xingrg/all/function/internal_message.html?_=1682472298593&CODE_STATE=getMsg HTTP/1.1" 200 27
58.221.95.50 - - [26/Apr/2023:09:25:01 +0800] "GET /xingrg/check_reg.html?_=1682472301628 HTTP/1.1" 200 22
116.227.208.255 - - [26/Apr/2023:09:25:01 +0800] "GET /xingrg/kc/base/wldb_order_operate.html?command=get_materiel&rest_code=00155&base_code=0010739&code=00101019015 HTTP/1.1" 200 450
180.169.147.146 - - [26/Apr/2023:09:25:05 +0800] "GET /xingrg/all/function/internal_message.html?_=1682472305100&CODE_STATE=getMsg HTTP/1.1" 200 27
180.171.122.0 - - [26/Apr/2023:09:25:06 +0800] "GET /xingrg/all/function/internal_message.html?_=1682472305186&CODE_STATE=getMsg HTTP/1.1" 200 27
116.224.158.100 - - [26/Apr/2023:09:25:06 +0800] "GET /xingrg/all/function/internal_message.html?_=1682472308484&CODE_STATE=getMsg HTTP/1.1" 200 27
116.227.208.255 - - [26/Apr/2023:09:25:08 +0800] "GET /xingrg/kc/base/wldb_order_operate.html?command=get_materiel&rest_code=00155&base_code=0010739&code=00101019079 HTTP/1.1" 200 479
124.78.64.125 - - [26/Apr/2023:09:25:09 +0800] "GET /xingrg/kc/buy/buy_main.html HTTP/1.1" 200 12412
124.78.64.125 - - [26/Apr/2023:09:25:09 +0800] "GET /xingrg/css/new_ie.css HTTP/1.1" 404 1036
124.78.64.125 - - [26/Apr/2023:09:25:10 +0800] "GET /xingrg/images/yd/bt.gif HTTP/1.1" 404 1040
124.78.64.125 - - [26/Apr/2023:09:25:11 +0800] "GET /xingrg/kc/buy/cgsh_order_list.html HTTP/1.1" 200 55220
124.78.64.125 - - [26/Apr/2023:09:25:13 +0800] "POST /xingrg/kc/buy/cgsh_list_operate.html HTTP/1.1" 200 986
101.229.22.234 - - [26/Apr/2023:09:25:14 +0800] "GET /xingrg/javascript/jquery_tools/images/next.gif HTTP/1.1" 404 1086
101.229.22.234 - - [26/Apr/2023:09:25:14 +0800] "GET /xingrg/javascript/jquery_tools/images/prev.gif HTTP/1.1" 404 1086
116.227.208.255 - - [26/Apr/2023:09:25:15 +0800] "GET /xingrg/check_reg.html?_=1682472381854 HTTP/1.1" 200 22
116.227.208.255 - - [26/Apr/2023:09:25:16 +0800] "GET /xingrg/all/function/internal_message.html?_=1682472382000&CODE_STATE=getMsg HTTP/1.1" 200 27
180.171.122.0 - - [26/Apr/2023:09:25:17 +0800] "GET /xingrg/kc/buy/cgsh_order_operate.html?command=get_materiel&rest_code=00111&code=00101006175&supplier_code=00100012&order_time=2023-04-26 HTTP/1.1" 200 414
116.227.208.255 - - [26/Apr/2023:09:25:20 +0800] "GET /xingrg/kc/base/wldb_order_operate.html?command=get_materiel&rest_code=00155&base_code=0010739&code=00101019422 HTTP/1.1" 200 474
124.78.64.125 - - [26/Apr/2023:09:25:20 +0800] "GET /xingrg/all/function/internal_message.html?_=1682471849352&CODE_STATE=getMsg HTTP/1.1" 200 27
124.78.64.125 - - [26/Apr/2023:09:25:21 +0800] "GET /xingrg/kc/buy/cgsh_order_add.html HTTP/1.1" 200 70996
124.78.64.125 - - [26/Apr/2023:09:25:22 +0800] "POST /xingrg/kc/buy/cgsh_order_operate.html HTTP/1.1" 200 8245
124.78.64.125 - - [26/Apr/2023:09:25:22 +0800] "GET /xingrg/javascript/easyui/themes/default/validatebox.css HTTP/1.1" 404 1104
222.69.131.221 - - [26/Apr/2023:09:25:23 +0800] "GET /xingrg/all/function/internal_message.html?_=1682472322237&CODE_STATE=getMsg HTTP/1.1" 200 27
120.253.135.82 - - [26/Apr/2023:09:25:25 +0800] "GET /xingrg/all/function/internal_message.html?_=1682472460916&CODE_STATE=getMsg HTTP/1.1" 200 27
116.227.208.255 - - [26/Apr/2023:09:25:25 +0800] "GET /xingrg/kc/base/wldb_order_operate.html?command=get_materiel&rest_code=00155&base_code=0010739&code=00101019074 HTTP/1.1" 200 470
180.171.122.0 - - [26/Apr/2023:09:25:27 +0800] "POST /xingrg/all/common/load_select.html HTTP/1.1" 200 12
101.229.22.234 - - [26/Apr/2023:09:25:29 +0800] "GET /xingrg/kc/base/wldb_order_operate.html?command=get_materiel&rest_code=00142&base_code=0010193&code=00102002455 HTTP/1.1" 200 441
180.164.3.199 - - [26/Apr/2023:09:25:32 +0800] "GET /xingrg/all/function/internal_message.html?_=1682472331901&CODE_STATE=getMsg HTTP/1.1" 200 27
180.152.240.159 - - [26/Apr/2023:09:25:34 +0800] "GET /xingrg/all/function/internal_message.html?_=1682472336321&CODE_STATE=getMsg HTTP/1.1" 200 27
172.20.0.100 - - [26/Apr/2023:09:25:34 +0800] "GET /xingrg/check_reg.html?_=1682472317784 HTTP/1.1" 200 22
172.20.0.100 - - [26/Apr/2023:09:25:34 +0800] "GET /xingrg/all/function/internal_message.html?_=1682472317788&CODE_STATE=getMsg HTTP/1.1" 200 27
180.171.122.0 - - [26/Apr/2023:09:25:35 +0800] "GET /xingrg/kc/buy/cgsh_order_operate.html?command=get_materiel_price&rest_code=00111&code=00101006175&unit_code=00100001&supplier_code=00100012&order_time=2023-04-26 HTTP/1.1" 200 27
124.79.240.114 - - [26/Apr/2023:09:25:35 +0800] "GET /xingrg/all/function/internal_message.html?_=1682472607595&CODE_STATE=getMsg HTTP/1.1" 200 27
116.224.106.218 - - [26/Apr/2023:09:25:37 +0800] "GET /xingrg/check_reg.html?_=1682472335755 HTTP/1.1" 200 22
124.79.74.67 - - [26/Apr/2023:09:25:38 +0800] "GET /xingrg/all/function/internal_message.html?_=1682472338115&CODE_STATE=getMsg HTTP/1.1" 200 27
116.227.208.255 - - [26/Apr/2023:09:25:42 +0800] "GET /xingrg/kc/base/wldb_order_operate.html?command=get_materiel&rest_code=00155&base_code=0010739&code=00101019129 HTTP/1.1" 200 470
116.238.139.35 - - [26/Apr/2023:09:25:43 +0800] "GET /xingrg/all/function/internal_message.html?_=1682472343652&CODE_STATE=getMsg HTTP/1.1" 200 27
172.20.0.100 - - [26/Apr/2023:09:25:45 +0800] "GET /xingrg/check_reg.html?_=1682472352430 HTTP/1.1" 302 -
116.224.158.100 - - [26/Apr/2023:09:25:46 +0800] "GET /xingrg/check_reg.html?_=1682472186044 HTTP/1.1" 200 22
116.224.158.100 - - [26/Apr/2023:09:25:46 +0800] "GET /xingrg/all/function/internal_message.html?_=1682472186045&CODE_STATE=getMsg HTTP/1.1" 200 27
180.164.3.199 - - [26/Apr/2023:09:25:46 +0800] "GET /xingrg/check_reg.html?_=1682472346552 HTTP/1.1" 200 22
116.238.139.35 - - [26/Apr/2023:09:25:54 +0800] "GET /xingrg/all/function/internal_message.html?_=1682472288089&CODE_STATE=getMsg HTTP/1.1" 200 27
101.229.22.234 - - [26/Apr/2023:09:25:55 +0800] "GET /xingrg/all/function/internal_message.html?_=1682472355036&CODE_STATE=getMsg HTTP/1.1" 200 27
101.229.22.234 - - [26/Apr/2023:09:25:55 +0800] "GET /xingrg/check_reg.html?_=1682472355039 HTTP/1.1" 200 22
116.230.117.27 - - [26/Apr/2023:09:25:58 +0800] "GET /xingrg/all/function/internal_message.html?_=1682472367698&CODE_STATE=getMsg HTTP/1.1" 200 27
116.224.106.218 - - [26/Apr/2023:09:26:00 +0800] "GET /xingrg/all/function/internal_message.html?_=1682472358566&CODE_STATE=getMsg HTTP/1.1" 200 27
180.171.122.0 - - [26/Apr/2023:09:26:03 +0800] "GET /xingrg/kc/buy/cgsh_order_operate.html?command=get_materiel&rest_code=00111&code=00101006174&supplier_code=00100012&order_time=2023-04-26 HTTP/1.1" 200 414
116.227.208.255 - - [26/Apr/2023:09:26:04 +0800] "GET /xingrg/kc/base/wldb_order_operate.html?command=get_materiel&rest_code=00155&base_code=0010739&code=00101019187 HTTP/1.1" 200 479
180.169.147.146 - - [26/Apr/2023:09:26:05 +0800] "GET /xingrg/all/function/internal_message.html?_=1682472365094&CODE_STATE=getMsg HTTP/1.1" 200 27
180.171.122.0 - - [26/Apr/2023:09:26:06 +0800] "GET /xingrg/check_reg.html?_=1682472364788 HTTP/1.1" 200 22
180.171.122.0 - - [26/Apr/2023:09:26:06 +0800] "GET /xingrg/all/function/internal_message.html?_=1682472365163&CODE_STATE=getMsg HTTP/1.1" 200 27
116.224.158.100 - - [26/Apr/2023:09:26:06 +0800] "GET /xingrg/all/function/internal_message.html?_=1682472368485&CODE_STATE=getMsg HTTP/1.1" 200 27
116.227.208.255 - - [26/Apr/2023:09:26:16 +0800] "GET /xingrg/all/function/internal_message.html?_=1682472441992&CODE_STATE=getMsg HTTP/1.1" 200 27
120.253.135.82 - - [26/Apr/2023:09:26:16 +0800] "POST /xingrg/kc/pszx/mdps_list_operate.html HTTP/1.1" 200 652
120.253.135.82 - - [26/Apr/2023:09:26:16 +0800] "GET /xingrg/kc/pszx/mdps_order_info.html?code=312023042600502 HTTP/1.1" 200 23976
120.253.135.82 - - [26/Apr/2023:09:26:16 +0800] "GET /xingrg/javascript/easyui/themes/default/validatebox.css HTTP/1.1" 404 1104
120.253.135.82 - - [26/Apr/2023:09:26:17 +0800] "GET /xingrg/all/common/auto_word.html?type=base&rest_code=00101 HTTP/1.1" 200 671
120.253.135.82 - - [26/Apr/2023:09:26:17 +0800] "POST /xingrg/kc/pszx/mdps_order_operate.html HTTP/1.1" 200 4903
124.78.64.125 - - [26/Apr/2023:09:26:20 +0800] "GET /xingrg/all/function/internal_message.html?_=1682471909329&CODE_STATE=getMsg HTTP/1.1" 200 27
116.227.208.255 - - [26/Apr/2023:09:26:21 +0800] "GET /xingrg/kc/base/wldb_order_operate.html?command=get_materiel&rest_code=00155&base_code=0010739&code=00101019448 HTTP/1.1" 200 484
222.69.131.221 - - [26/Apr/2023:09:26:23 +0800] "GET /xingrg/all/function/internal_message.html?_=1682472382250&CODE_STATE=getMsg HTTP/1.1" 200 27
120.253.135.82 - - [26/Apr/2023:09:26:25 +0800] "GET /xingrg/all/function/internal_message.html?_=1682472520919&CODE_STATE=getMsg HTTP/1.1" 200 27
180.164.3.199 - - [26/Apr/2023:09:26:32 +0800] "GET /xingrg/all/function/internal_message.html?_=1682472391884&CODE_STATE=getMsg HTTP/1.1" 200 27
172.20.0.100 - - [26/Apr/2023:09:26:34 +0800] "GET /xingrg/all/function/internal_message.html?_=1682472377774&CODE_STATE=getMsg HTTP/1.1" 200 27
180.152.240.159 - - [26/Apr/2023:09:26:34 +0800] "GET /xingrg/all/function/internal_message.html?_=1682472396342&CODE_STATE=getMsg HTTP/1.1" 200 27
124.79.240.114 - - [26/Apr/2023:09:26:35 +0800] "GET /xingrg/all/function/internal_message.html?_=1682472667594&CODE_STATE=getMsg HTTP/1.1" 200 27
124.79.240.114 - - [26/Apr/2023:09:26:35 +0800] "GET /xingrg/check_reg.html?_=1682472667595 HTTP/1.1" 200 22
116.227.208.255 - - [26/Apr/2023:09:26:37 +0800] "GET /xingrg/kc/base/wldb_order_operate.html?command=get_materiel&rest_code=00155&base_code=0010739&code=00101020397 HTTP/1.1" 200 433
124.79.74.67 - - [26/Apr/2023:09:26:38 +0800] "GET /xingrg/check_reg.html?_=1682472398116 HTTP/1.1" 200 22
124.79.74.67 - - [26/Apr/2023:09:26:38 +0800] "GET /xingrg/all/function/internal_message.html?_=1682472398119&CODE_STATE=getMsg HTTP/1.1" 200 27
116.227.208.255 - - [26/Apr/2023:09:26:42 +0800] "GET /xingrg/kc/base/wldb_order_operate.html?command=get_materiel&rest_code=00155&base_code=0010739&code=00101010522 HTTP/1.1" 200 444
116.238.139.35 - - [26/Apr/2023:09:26:43 +0800] "GET /xingrg/all/function/internal_message.html?_=1682472403642&CODE_STATE=getMsg HTTP/1.1" 200 27
116.224.158.100 - - [26/Apr/2023:09:26:46 +0800] "GET /xingrg/all/function/internal_message.html?_=1682472246043&CODE_STATE=getMsg HTTP/1.1" 200 27
116.238.139.35 - - [26/Apr/2023:09:26:54 +0800] "GET /xingrg/all/function/internal_message.html?_=1682472348091&CODE_STATE=getMsg HTTP/1.1" 200 27
101.229.22.234 - - [26/Apr/2023:09:26:55 +0800] "GET /xingrg/all/function/internal_message.html?_=1682472415034&CODE_STATE=getMsg HTTP/1.1" 200 27
180.171.122.0 - - [26/Apr/2023:09:26:56 +0800] "GET /xingrg/kc/buy/cgsh_order_operate.html?command=get_materiel&rest_code=00111&code=00101006299&supplier_code=00100012&order_time=2023-04-26 HTTP/1.1" 200 418
116.230.117.27 - - [26/Apr/2023:09:26:58 +0800] "GET /xingrg/all/function/internal_message.html?_=1682472427713&CODE_STATE=getMsg HTTP/1.1" 200 27
116.224.106.218 - - [26/Apr/2023:09:27:00 +0800] "GET /xingrg/all/function/internal_message.html?_=1682472418551&CODE_STATE=getMsg HTTP/1.1" 200 27
124.78.64.125 - - [26/Apr/2023:09:27:03 +0800] "GET /xingrg/kc/buy/cgsh_order_operate.html?command=get_materiel&rest_code=00141&code=00101016025&supplier_code=00100036&order_time=2023-04-26 HTTP/1.1" 200 408
180.169.147.146 - - [26/Apr/2023:09:27:05 +0800] "GET /xingrg/all/function/internal_message.html?_=1682472425098&CODE_STATE=getMsg HTTP/1.1" 200 27
180.169.147.146 - - [26/Apr/2023:09:27:05 +0800] "GET /xingrg/check_reg.html?_=1682472425100 HTTP/1.1" 200 22
180.171.122.0 - - [26/Apr/2023:09:27:06 +0800] "GET /xingrg/all/function/internal_message.html?_=1682472425144&CODE_STATE=getMsg HTTP/1.1" 200 27
116.224.158.100 - - [26/Apr/2023:09:27:06 +0800] "GET /xingrg/all/function/internal_message.html?_=1682472428486&CODE_STATE=getMsg HTTP/1.1" 200 27
116.227.208.255 - - [26/Apr/2023:09:27:06 +0800] "POST /xingrg/kc/base/wldb_order_operate.html HTTP/1.1" 200 37
101.229.22.234 - - [26/Apr/2023:09:27:10 +0800] "GET /xingrg/kc/base/wldb_order_operate.html?command=get_materiel&rest_code=00142&base_code=0010193&code=00102004006 HTTP/1.1" 200 444
124.78.64.125 - - [26/Apr/2023:09:27:11 +0800] "GET /xingrg/kc/buy/cgsh_order_operate.html?command=get_materiel&rest_code=00141&code=00101011005&supplier_code=00100036&order_time=2023-04-26 HTTP/1.1" 200 428
116.227.208.255 - - [26/Apr/2023:09:27:13 +0800] "POST /xingrg/kc/base/wldb_order_operate.html HTTP/1.1" 200 12
116.227.208.255 - - [26/Apr/2023:09:27:13 +0800] "POST /xingrg/kc/base/wldb_order_operate.html HTTP/1.1" 200 9695
116.227.208.255 - - [26/Apr/2023:09:27:14 +0800] "GET /xingrg/kc/base/wldb_order_info.html?code=422023042602074 HTTP/1.1" 200 26268
116.227.208.255 - - [26/Apr/2023:09:27:14 +0800] "GET /xingrg/javascript/easyui/themes/default/validatebox.css HTTP/1.1" 404 1104
116.227.208.255 - - [26/Apr/2023:09:27:14 +0800] "POST /xingrg/kc/base/wldb_order_operate.html HTTP/1.1" 200 7802
116.227.208.255 - - [26/Apr/2023:09:27:16 +0800] "GET /xingrg/kc/base/wldb_order_add.html HTTP/1.1" 200 30387
116.227.208.255 - - [26/Apr/2023:09:27:16 +0800] "POST /xingrg/kc/base/wldb_order_operate.html HTTP/1.1" 200 6806
116.227.208.255 - - [26/Apr/2023:09:27:17 +0800] "GET /xingrg/javascript/easyui/themes/default/validatebox.css HTTP/1.1" 404 1104
124.78.64.125 - - [26/Apr/2023:09:27:19 +0800] "GET /xingrg/kc/buy/cgsh_order_operate.html?command=get_materiel&rest_code=00141&code=00101012059&supplier_code=00100036&order_time=2023-04-26 HTTP/1.1" 200 413
124.78.64.125 - - [26/Apr/2023:09:27:20 +0800] "GET /xingrg/all/function/internal_message.html?_=1682471969344&CODE_STATE=getMsg HTTP/1.1" 200 27
101.229.22.234 - - [26/Apr/2023:09:27:23 +0800] "GET /xingrg/kc/base/wldb_order_operate.html?command=get_materiel&rest_code=00142&base_code=0010193&code=00102002511 HTTP/1.1" 200 435
222.69.131.221 - - [26/Apr/2023:09:27:23 +0800] "GET /xingrg/all/function/internal_message.html?_=1682472442250&CODE_STATE=getMsg HTTP/1.1" 200 27
180.171.122.0 - - [26/Apr/2023:09:27:23 +0800] "GET /xingrg/kc/buy/cgsh_order_operate.html?command=get_materiel&rest_code=00111&code=00101006025&supplier_code=00100012&order_time=2023-04-26 HTTP/1.1" 200 417
120.253.135.82 - - [26/Apr/2023:09:27:25 +0800] "GET /xingrg/all/function/internal_message.html?_=1682472580925&CODE_STATE=getMsg HTTP/1.1" 200 27
124.78.64.125 - - [26/Apr/2023:09:27:25 +0800] "GET /xingrg/kc/buy/cgsh_order_operate.html?command=get_materiel&rest_code=00141&code=00101016030&supplier_code=00100036&order_time=2023-04-26 HTTP/1.1" 200 412
120.253.135.82 - - [26/Apr/2023:09:27:27 +0800] "POST /xingrg/kc/pszx/mdps_list_operate.html HTTP/1.1" 200 5333
120.253.135.82 - - [26/Apr/2023:09:27:28 +0800] "POST /xingrg/kc/pszx/mdps_list_operate.html HTTP/1.1" 200 218
120.253.135.82 - - [26/Apr/2023:09:27:29 +0800] "GET /xingrg/kc/pszx/mdps_order_info.html?code=312023042600503 HTTP/1.1" 200 23974
116.227.208.255 - - [26/Apr/2023:09:27:29 +0800] "GET /xingrg/kc/base/wldb_order_operate.html?command=get_materiel&rest_code=00155&base_code=0010740&code=00102002610 HTTP/1.1" 200 442
120.253.135.82 - - [26/Apr/2023:09:27:29 +0800] "GET /xingrg/javascript/easyui/themes/default/validatebox.css HTTP/1.1" 404 1104
120.253.135.82 - - [26/Apr/2023:09:27:29 +0800] "GET /xingrg/all/common/auto_word.html?type=base&rest_code=00101 HTTP/1.1" 200 671
120.253.135.82 - - [26/Apr/2023:09:27:30 +0800] "POST /xingrg/kc/pszx/mdps_order_operate.html HTTP/1.1" 200 2303
180.164.3.199 - - [26/Apr/2023:09:27:32 +0800] "GET /xingrg/all/function/internal_message.html?_=1682472451883&CODE_STATE=getMsg HTTP/1.1" 200 27
124.78.64.125 - - [26/Apr/2023:09:27:33 +0800] "GET /xingrg/kc/buy/cgsh_order_operate.html?command=get_materiel&rest_code=00141&code=00101012025&supplier_code=00100036&order_time=2023-04-26 HTTP/1.1" 200 412
172.20.0.100 - - [26/Apr/2023:09:27:34 +0800] "GET /xingrg/all/function/internal_message.html?_=1682472437777&CODE_STATE=getMsg HTTP/1.1" 200 27
180.152.240.159 - - [26/Apr/2023:09:27:34 +0800] "GET /xingrg/all/function/internal_message.html?_=1682472456323&CODE_STATE=getMsg HTTP/1.1" 200 27
124.79.240.114 - - [26/Apr/2023:09:27:35 +0800] "GET /xingrg/all/function/internal_message.html?_=1682472727592&CODE_STATE=getMsg HTTP/1.1" 200 27
116.227.208.255 - - [26/Apr/2023:09:27:36 +0800] "POST /xingrg/kc/base/wldb_order_operate.html HTTP/1.1" 200 37
124.79.74.67 - - [26/Apr/2023:09:27:38 +0800] "GET /xingrg/all/function/internal_message.html?_=1682472458103&CODE_STATE=getMsg HTTP/1.1" 200 27
180.171.122.0 - - [26/Apr/2023:09:27:38 +0800] "GET /xingrg/kc/buy/cgsh_order_operate.html?command=get_materiel&rest_code=00111&code=00101018011&supplier_code=00100012&order_time=2023-04-26 HTTP/1.1" 200 413
116.227.208.255 - - [26/Apr/2023:09:27:43 +0800] "POST /xingrg/kc/base/wldb_order_operate.html HTTP/1.1" 200 12
116.227.208.255 - - [26/Apr/2023:09:27:43 +0800] "POST /xingrg/kc/base/wldb_order_operate.html HTTP/1.1" 200 3159
124.78.64.125 - - [26/Apr/2023:09:27:43 +0800] "GET /xingrg/kc/buy/cgsh_order_operate.html?command=get_materiel&rest_code=00141&code=00101011013&supplier_code=00100036&order_time=2023-04-26 HTTP/1.1" 200 413
116.238.139.35 - - [26/Apr/2023:09:27:43 +0800] "GET /xingrg/all/function/internal_message.html?_=1682472463628&CODE_STATE=getMsg HTTP/1.1" 200 27
116.227.208.255 - - [26/Apr/2023:09:27:45 +0800] "GET /xingrg/kc/base/wldb_order_info.html?code=422023042602075 HTTP/1.1" 200 26265
116.227.208.255 - - [26/Apr/2023:09:27:45 +0800] "GET /xingrg/javascript/easyui/themes/default/validatebox.css HTTP/1.1" 404 1104
116.227.208.255 - - [26/Apr/2023:09:27:45 +0800] "POST /xingrg/kc/base/wldb_order_operate.html HTTP/1.1" 200 1431
116.224.158.100 - - [26/Apr/2023:09:27:46 +0800] "GET /xingrg/all/function/internal_message.html?_=1682472306067&CODE_STATE=getMsg HTTP/1.1" 200 27
180.171.122.0 - - [26/Apr/2023:09:27:48 +0800] "GET /xingrg/kc/buy/cgsh_order_operate.html?command=get_materiel&rest_code=00111&code=00101006026&supplier_code=00100012&order_time=2023-04-26 HTTP/1.1" 200 409
120.253.135.82 - - [26/Apr/2023:09:27:50 +0800] "POST /xingrg/kc/pszx/mdps_list_operate.html HTTP/1.1" 200 5333
116.227.208.255 - - [26/Apr/2023:09:27:51 +0800] "GET /xingrg/kc/buy/cgsh_order_list.html HTTP/1.1" 200 55220
124.78.64.125 - - [26/Apr/2023:09:27:53 +0800] "POST /xingrg/kc/buy/cgsh_order_operate.html HTTP/1.1" 200 37
120.253.135.82 - - [26/Apr/2023:09:27:53 +0800] "POST /xingrg/kc/pszx/mdps_list_operate.html HTTP/1.1" 200 617
120.253.135.82 - - [26/Apr/2023:09:27:54 +0800] "GET /xingrg/kc/pszx/mdps_order_info.html?code=312023042600504 HTTP/1.1" 200 23972
120.253.135.82 - - [26/Apr/2023:09:27:54 +0800] "GET /xingrg/javascript/easyui/themes/default/validatebox.css HTTP/1.1" 404 1104
120.253.135.82 - - [26/Apr/2023:09:27:54 +0800] "GET /xingrg/all/common/auto_word.html?type=base&rest_code=00101 HTTP/1.1" 200 671
116.238.139.35 - - [26/Apr/2023:09:27:54 +0800] "GET /xingrg/check_reg.html?_=1682472407839 HTTP/1.1" 200 22
120.253.135.82 - - [26/Apr/2023:09:27:54 +0800] "POST /xingrg/kc/pszx/mdps_order_operate.html HTTP/1.1" 200 13385
116.238.139.35 - - [26/Apr/2023:09:27:55 +0800] "GET /xingrg/all/function/internal_message.html?_=1682472408105&CODE_STATE=getMsg HTTP/1.1" 200 27
101.229.22.234 - - [26/Apr/2023:09:27:55 +0800] "GET /xingrg/all/function/internal_message.html?_=1682472475039&CODE_STATE=getMsg HTTP/1.1" 200 27
116.227.208.255 - - [26/Apr/2023:09:27:56 +0800] "POST /xingrg/kc/buy/cgsh_list_operate.html HTTP/1.1" 200 146
116.230.117.27 - - [26/Apr/2023:09:27:57 +0800] "GET /xingrg/check_reg.html?_=1682472487481 HTTP/1.1" 200 22
116.230.117.27 - - [26/Apr/2023:09:27:58 +0800] "GET /xingrg/all/function/internal_message.html?_=1682472487789&CODE_STATE=getMsg HTTP/1.1" 200 27
116.224.106.218 - - [26/Apr/2023:09:28:00 +0800] "GET /xingrg/all/function/internal_message.html?_=1682472478536&CODE_STATE=getMsg HTTP/1.1" 200 27
180.171.122.0 - - [26/Apr/2023:09:28:01 +0800] "GET /xingrg/kc/buy/cgsh_order_operate.html?command=get_materiel&rest_code=00111&code=00101006111&supplier_code=00100012&order_time=2023-04-26 HTTP/1.1" 200 409
116.227.208.255 - - [26/Apr/2023:09:28:01 +0800] "POST /xingrg/kc/buy/cgsh_list_operate.html HTTP/1.1" 200 146
180.169.147.146 - - [26/Apr/2023:09:28:05 +0800] "GET /xingrg/all/function/internal_message.html?_=1682472485097&CODE_STATE=getMsg HTTP/1.1" 200 27
124.78.64.125 - - [26/Apr/2023:09:28:05 +0800] "POST /xingrg/kc/buy/cgsh_order_operate.html HTTP/1.1" 200 12
180.171.122.0 - - [26/Apr/2023:09:28:06 +0800] "GET /xingrg/all/function/internal_message.html?_=1682472485125&CODE_STATE=getMsg HTTP/1.1" 200 27
116.224.158.100 - - [26/Apr/2023:09:28:06 +0800] "GET /xingrg/all/function/internal_message.html?_=1682472488487&CODE_STATE=getMsg HTTP/1.1" 200 27
124.78.64.125 - - [26/Apr/2023:09:28:07 +0800] "GET /xingrg/kc/buy/cgsh_order_info.html?code=212023042609063 HTTP/1.1" 200 65907
124.78.64.125 - - [26/Apr/2023:09:28:07 +0800] "GET /xingrg/javascript/easyui/themes/default/validatebox.css HTTP/1.1" 404 1104
124.78.64.125 - - [26/Apr/2023:09:28:08 +0800] "POST /xingrg/kc/buy/cgsh_order_operate.html HTTP/1.1" 200 3563
124.78.64.125 - - [26/Apr/2023:09:28:10 +0800] "GET /xingrg/kc/print/load_data.html?order_code=212023042609063&kc_code=cgsh&condition= HTTP/1.1" 200 1909
124.78.64.125 - - [26/Apr/2023:09:28:13 +0800] "GET /xingrg/kc/buy/cgsh_order_add.html HTTP/1.1" 200 70996
124.78.64.125 - - [26/Apr/2023:09:28:14 +0800] "POST /xingrg/kc/buy/cgsh_order_operate.html HTTP/1.1" 200 8245
124.78.64.125 - - [26/Apr/2023:09:28:14 +0800] "GET /xingrg/javascript/easyui/themes/default/validatebox.css HTTP/1.1" 404 1104
116.227.208.255 - - [26/Apr/2023:09:28:16 +0800] "GET /xingrg/all/function/internal_message.html?_=1682472562004&CODE_STATE=getMsg HTTP/1.1" 200 27
101.229.22.234 - - [26/Apr/2023:09:28:19 +0800] "GET /xingrg/kc/base/wldb_order_operate.html?command=get_materiel&rest_code=00142&base_code=0010193&code=00102001111 HTTP/1.1" 200 439
124.78.64.125 - - [26/Apr/2023:09:28:20 +0800] "GET /xingrg/all/function/internal_message.html?_=1682472029324&CODE_STATE=getMsg HTTP/1.1" 200 27
222.69.131.221 - - [26/Apr/2023:09:28:23 +0800] "GET /xingrg/check_reg.html?_=1682472502256 HTTP/1.1" 200 22
222.69.131.221 - - [26/Apr/2023:09:28:23 +0800] "GET /xingrg/all/function/internal_message.html?_=1682472502261&CODE_STATE=getMsg HTTP/1.1" 200 27
124.79.240.114 - - [26/Apr/2023:09:28:24 +0800] "GET /xingrg/login.html HTTP/1.1" 200 7641
124.79.240.114 - - [26/Apr/2023:09:28:24 +0800] "GET /favicon.ico HTTP/1.1" 404 -
120.253.135.82 - - [26/Apr/2023:09:28:25 +0800] "GET /xingrg/all/function/internal_message.html?_=1682472640930&CODE_STATE=getMsg HTTP/1.1" 200 27
120.253.135.82 - - [26/Apr/2023:09:28:25 +0800] "GET /xingrg/check_reg.html?_=1682472640937 HTTP/1.1" 200 22
101.229.22.234 - - [26/Apr/2023:09:28:29 +0800] "GET /xingrg/kc/base/wldb_order_operate.html?command=get_materiel&rest_code=00142&base_code=0010193&code=00102001031 HTTP/1.1" 200 440
180.164.3.199 - - [26/Apr/2023:09:28:32 +0800] "GET /xingrg/all/function/internal_message.html?_=1682472511889&CODE_STATE=getMsg HTTP/1.1" 200 27
124.78.64.125 - - [26/Apr/2023:09:28:32 +0800] "GET /xingrg/kc/buy/cgsh_order_operate.html?command=get_materiel&rest_code=00141&code=00101006129&supplier_code=00100012&order_time=2023-04-26 HTTP/1.1" 200 431
172.20.0.100 - - [26/Apr/2023:09:28:34 +0800] "GET /xingrg/all/function/internal_message.html?_=1682472497779&CODE_STATE=getMsg HTTP/1.1" 200 27
180.152.240.159 - - [26/Apr/2023:09:28:34 +0800] "GET /xingrg/all/function/internal_message.html?_=1682472516331&CODE_STATE=getMsg HTTP/1.1" 200 27
124.79.240.114 - - [26/Apr/2023:09:28:35 +0800] "POST /xingrg/login.do HTTP/1.1" 302 -
124.79.240.114 - - [26/Apr/2023:09:28:35 +0800] "GET /xingrg/index.html?sysBaseUrl=http%3A%2F%2F180.169.147.146%3A18081%2Fxingrg%2F&costTime=975×tamp=1682472515516 HTTP/1.1" 200 17503
124.79.240.114 - - [26/Apr/2023:09:28:35 +0800] "GET /xingrg/check_reg.html?_=1682472515705 HTTP/1.1" 200 22
124.79.240.114 - - [26/Apr/2023:09:28:35 +0800] "GET /xingrg/all/function/internal_message.html?_=1682472515702&CODE_STATE=count HTTP/1.1" 200 11
124.79.240.114 - - [26/Apr/2023:09:28:35 +0800] "POST /xingrg/all/common/load_tree.html?tree=area_rest_tree_json&manage=1 HTTP/1.1" 200 591
124.79.240.114 - - [26/Apr/2023:09:28:35 +0800] "GET /favicon.ico HTTP/1.1" 404 -
124.79.240.114 - - [26/Apr/2023:09:28:35 +0800] "POST /xingrg/load_menu.html HTTP/1.1" 200 11564
124.79.240.114 - - [26/Apr/2023:09:28:35 +0800] "GET /xingrg/all/function/internal_message.html?_=1682472787591&CODE_STATE=getMsg HTTP/1.1" 200 27
120.253.135.82 - - [26/Apr/2023:09:28:37 +0800] "POST /xingrg/all/common/load_select.html HTTP/1.1" 200 25
124.79.74.67 - - [26/Apr/2023:09:28:38 +0800] "GET /xingrg/all/function/internal_message.html?_=1682472518131&CODE_STATE=getMsg HTTP/1.1" 200 27
124.79.240.114 - - [26/Apr/2023:09:28:38 +0800] "GET /xingrg/kc/buy/cgsh_order_list.html HTTP/1.1" 200 55469
120.253.135.82 - - [26/Apr/2023:09:28:40 +0800] "GET /xingrg/kc/pszx/mdps_order_operate.html?command=get_materiel_price&pszx_code=00101&rest_code=00105&base_code=0010246&code=00101020144&unit_code=00100008&order_time=2023-04-27 HTTP/1.1" 200 33
124.79.240.114 - - [26/Apr/2023:09:28:41 +0800] "POST /xingrg/kc/buy/cgsh_list_operate.html HTTP/1.1" 200 986
124.79.240.114 - - [26/Apr/2023:09:28:42 +0800] "POST /xingrg/all/user/operate.html HTTP/1.1" 200 36
124.79.240.114 - - [26/Apr/2023:09:28:42 +0800] "GET /xingrg/index.html?sysBaseUrl=http%3A%2F%2F180.169.147.146%3A18081%2Fxingrg%2F&costTime=975×tamp=1682472515516 HTTP/1.1" 200 17509
124.79.240.114 - - [26/Apr/2023:09:28:42 +0800] "GET /xingrg/javascript/jquery_easy_ui/themes/default/easyui.css HTTP/1.1" 304 -
124.79.240.114 - - [26/Apr/2023:09:28:42 +0800] "GET /xingrg/javascript/jquery_easy_ui/themes/icon.css HTTP/1.1" 304 -
124.79.240.114 - - [26/Apr/2023:09:28:42 +0800] "GET /xingrg/css/form.css HTTP/1.1" 304 -
124.79.240.114 - - [26/Apr/2023:09:28:42 +0800] "GET /xingrg/javascript/jquery-1.4.2.min.js HTTP/1.1" 304 -
124.79.240.114 - - [26/Apr/2023:09:28:42 +0800] "GET /xingrg/javascript/jquery_easy_ui/jquery.easyui.min.js HTTP/1.1" 304 -
124.79.240.114 - - [26/Apr/2023:09:28:42 +0800] "GET /xingrg/javascript/jquery_easy_ui/easyui-lang-zh_CN.js HTTP/1.1" 304 -
124.79.240.114 - - [26/Apr/2023:09:28:42 +0800] "GET /xingrg/javascript/jquery.form.js HTTP/1.1" 304 -
124.79.240.114 - - [26/Apr/2023:09:28:42 +0800] "GET /xingrg/javascript/jquery.utils.js HTTP/1.1" 304 -
124.79.240.114 - - [26/Apr/2023:09:28:42 +0800] "GET /xingrg/javascript/jquery.timers.js HTTP/1.1" 304 -
124.79.240.114 - - [26/Apr/2023:09:28:42 +0800] "GET /xingrg/images/blue/jxLogo.png HTTP/1.1" 304 -
124.79.240.114 - - [26/Apr/2023:09:28:42 +0800] "GET /xingrg/all/function/internal_message.html?_=1682472522682&CODE_STATE=count HTTP/1.1" 200 11
124.79.240.114 - - [26/Apr/2023:09:28:42 +0800] "GET /xingrg/check_reg.html?_=1682472522684 HTTP/1.1" 200 22
124.79.240.114 - - [26/Apr/2023:09:28:42 +0800] "GET /xingrg/javascript/jquery_easy_ui/themes/default/images/panel_tool_collapse.gif HTTP/1.1" 304 -
124.79.240.114 - - [26/Apr/2023:09:28:42 +0800] "GET /xingrg/javascript/jquery_easy_ui/themes/default/images/tabs_rightarrow.png HTTP/1.1" 304 -
124.79.240.114 - - [26/Apr/2023:09:28:42 +0800] "GET /xingrg/javascript/jquery_easy_ui/themes/default/images/tabs_leftarrow.png HTTP/1.1" 304 -
124.79.240.114 - - [26/Apr/2023:09:28:42 +0800] "GET /xingrg/images/blue/pingpu.png HTTP/1.1" 304 -
124.79.240.114 - - [26/Apr/2023:09:28:42 +0800] "GET /xingrg/javascript/jquery_easy_ui/themes/icons/settle_new.png HTTP/1.1" 304 -
124.79.240.114 - - [26/Apr/2023:09:28:42 +0800] "GET /xingrg/images/blue/navBackgound.jpg HTTP/1.1" 304 -
124.79.240.114 - - [26/Apr/2023:09:28:42 +0800] "GET /xingrg/javascript/jquery_easy_ui/themes/default/images/panel_tool_expand.gif HTTP/1.1" 304 -
124.79.240.114 - - [26/Apr/2023:09:28:42 +0800] "POST /xingrg/all/common/load_tree.html?tree=area_rest_tree_json&manage=1 HTTP/1.1" 200 591
124.79.240.114 - - [26/Apr/2023:09:28:42 +0800] "POST /xingrg/load_menu.html HTTP/1.1" 200 9959
124.78.64.125 - - [26/Apr/2023:09:28:42 +0800] "GET /xingrg/kc/buy/cgsh_order_operate.html?command=get_materiel&rest_code=00141&code=00101006193&supplier_code=00100012&order_time=2023-04-26 HTTP/1.1" 200 409
116.238.139.35 - - [26/Apr/2023:09:28:43 +0800] "GET /xingrg/all/function/internal_message.html?_=1682472523616&CODE_STATE=getMsg HTTP/1.1" 200 27
120.253.135.82 - - [26/Apr/2023:09:28:44 +0800] "GET /xingrg/kc/pszx/mdps_order_operate.html?command=get_materiel_price&pszx_code=00101&rest_code=00105&base_code=0010246&code=00101020144&unit_code=00100009&order_time=2023-04-27 HTTP/1.1" 200 35
124.79.240.114 - - [26/Apr/2023:09:28:45 +0800] "GET /xingrg/kc/buy/cgsh_order_list.html HTTP/1.1" 200 55475
116.224.158.100 - - [26/Apr/2023:09:28:46 +0800] "GET /xingrg/all/function/internal_message.html?_=1682472366065&CODE_STATE=getMsg HTTP/1.1" 200 27
180.171.122.0 - - [26/Apr/2023:09:28:46 +0800] "GET /xingrg/kc/buy/cgsh_order_operate.html?command=get_materiel&rest_code=00111&code=00101006130&supplier_code=00100012&order_time=2023-04-26 HTTP/1.1" 200 427
124.79.240.114 - - [26/Apr/2023:09:28:47 +0800] "POST /xingrg/kc/buy/cgsh_list_operate.html HTTP/1.1" 200 986
101.229.22.234 - - [26/Apr/2023:09:28:48 +0800] "GET /xingrg/kc/base/wldb_order_operate.html?command=get_materiel&rest_code=00142&base_code=0010193&code=00102002170 HTTP/1.1" 200 431
