180.171.122.0 - - [26/Apr/2023:08:43:28 +0800] "POST /xingrg/all/common/load_select.html HTTP/1.1" 200 25
180.164.3.199 - - [26/Apr/2023:08:43:32 +0800] "GET /xingrg/all/function/internal_message.html?_=1682469812226&CODE_STATE=getMsg HTTP/1.1" 200 27
116.224.158.100 - - [26/Apr/2023:08:43:33 +0800] "POST /xingrg/kc/buy/cgsh_order_operate.html HTTP/1.1" 200 37
116.224.158.100 - - [26/Apr/2023:08:43:35 +0800] "POST /xingrg/kc/buy/cgsh_order_operate.html HTTP/1.1" 200 4416
116.227.208.255 - - [26/Apr/2023:08:43:35 +0800] "GET /xingrg/kc/buy/cgsh_order_operate.html?command=get_materiel&rest_code=00155&code=00101016030&supplier_code=00100037&order_time=2023-04-26 HTTP/1.1" 200 412
180.171.122.0 - - [26/Apr/2023:08:43:35 +0800] "GET /xingrg/kc/buy/cgsh_order_operate.html?command=get_materiel_price&rest_code=00111&code=00101029002&unit_code=00100157&supplier_code=00100017&order_time=2023-04-26 HTTP/1.1" 200 29
116.224.158.100 - - [26/Apr/2023:08:43:36 +0800] "GET /xingrg/kc/print/load_config.html?kc_code=cgsh HTTP/1.1" 200 1925
180.152.240.159 - - [26/Apr/2023:08:43:38 +0800] "GET /xingrg/all/function/internal_message.html?_=1682469820890&CODE_STATE=getMsg HTTP/1.1" 302 -
116.238.139.35 - - [26/Apr/2023:08:43:38 +0800] "POST /xingrg/kc/buy/cgsh_order_operate.html HTTP/1.1" 200 37
116.224.158.100 - - [26/Apr/2023:08:43:39 +0800] "GET /xingrg/kc/print/load_data.html?order_code=212023042609036&kc_code=cgsh&condition= HTTP/1.1" 200 1367
116.227.208.255 - - [26/Apr/2023:08:43:43 +0800] "GET /xingrg/kc/buy/cgsh_order_operate.html?command=get_materiel&rest_code=00155&code=00101012032&supplier_code=00100037&order_time=2023-04-26 HTTP/1.1" 200 416
180.171.122.0 - - [26/Apr/2023:08:43:44 +0800] "POST /xingrg/all/common/load_select.html HTTP/1.1" 200 25
116.238.139.35 - - [26/Apr/2023:08:43:44 +0800] "GET /xingrg/all/function/internal_message.html?_=1682469824288&CODE_STATE=getMsg HTTP/1.1" 200 27
116.224.158.100 - - [26/Apr/2023:08:43:45 +0800] "GET /xingrg/all/function/internal_message.html?_=1682469827828&CODE_STATE=getMsg HTTP/1.1" 200 27
116.224.158.100 - - [26/Apr/2023:08:43:45 +0800] "GET /xingrg/check_reg.html?_=1682469827831 HTTP/1.1" 200 22
116.224.158.100 - - [26/Apr/2023:08:43:46 +0800] "GET /xingrg/kc/buy/cgsh_order_add.html HTTP/1.1" 200 71078
116.238.139.35 - - [26/Apr/2023:08:43:46 +0800] "POST /xingrg/kc/buy/cgsh_order_operate.html HTTP/1.1" 200 12
116.224.158.100 - - [26/Apr/2023:08:43:46 +0800] "GET /xingrg/all/function/internal_message.html?_=1682469665986&CODE_STATE=getMsg HTTP/1.1" 200 27
116.224.158.100 - - [26/Apr/2023:08:43:46 +0800] "GET /xingrg/javascript/easyui/themes/default/validatebox.css HTTP/1.1" 404 1104
116.224.158.100 - - [26/Apr/2023:08:43:46 +0800] "POST /xingrg/kc/buy/cgsh_order_operate.html HTTP/1.1" 200 8245
116.227.208.255 - - [26/Apr/2023:08:43:50 +0800] "GET /xingrg/kc/buy/cgsh_order_operate.html?command=get_materiel&rest_code=00155&code=00101011004&supplier_code=00100037&order_time=2023-04-26 HTTP/1.1" 200 412
180.171.122.0 - - [26/Apr/2023:08:43:53 +0800] "GET /xingrg/all/function/internal_message.html?_=1682469832165&CODE_STATE=getMsg HTTP/1.1" 200 27
116.227.208.255 - - [26/Apr/2023:08:43:56 +0800] "GET /xingrg/kc/buy/cgsh_order_operate.html?command=get_materiel&rest_code=00155&code=00101011005&supplier_code=00100037&order_time=2023-04-26 HTTP/1.1" 200 428
116.224.158.100 - - [26/Apr/2023:08:43:58 +0800] "GET /xingrg/kc/buy/cgsh_order_operate.html?command=get_materiel&rest_code=00105&code=00101002027&supplier_code=00100397&order_time=2023-04-26 HTTP/1.1" 200 413
116.224.106.218 - - [26/Apr/2023:08:44:00 +0800] "GET /xingrg/all/function/internal_message.html?_=1682469839267&CODE_STATE=getMsg HTTP/1.1" 200 27
116.238.139.35 - - [26/Apr/2023:08:44:01 +0800] "GET /xingrg/all/function/internal_message.html?_=1682469774948&CODE_STATE=getMsg HTTP/1.1" 200 27
116.238.139.35 - - [26/Apr/2023:08:44:01 +0800] "GET /xingrg/kc/buy/cgsh_order_info.html?code=212023042609037 HTTP/1.1" 200 65955
116.238.139.35 - - [26/Apr/2023:08:44:01 +0800] "GET /xingrg/javascript/jquery_easy_ui/themes/icons/rest.png HTTP/1.1" 304 -
116.238.139.35 - - [26/Apr/2023:08:44:01 +0800] "GET /xingrg/javascript/jquery_easy_ui/themes/icons/area.png HTTP/1.1" 304 -
116.238.139.35 - - [26/Apr/2023:08:44:02 +0800] "GET /xingrg/javascript/easyui/themes/default/validatebox.css HTTP/1.1" 404 1104
116.238.139.35 - - [26/Apr/2023:08:44:03 +0800] "POST /xingrg/kc/buy/cgsh_order_operate.html HTTP/1.1" 200 4742
116.238.139.35 - - [26/Apr/2023:08:44:03 +0800] "GET /xingrg/check_reg.html?_=1682469843121 HTTP/1.1" 200 22
116.238.139.35 - - [26/Apr/2023:08:44:04 +0800] "GET /xingrg/kc/print/load_config.html?kc_code=cgsh HTTP/1.1" 200 1925
116.238.139.35 - - [26/Apr/2023:08:44:05 +0800] "GET /xingrg/kc/print/load_data.html?order_code=212023042609037&kc_code=cgsh&condition= HTTP/1.1" 200 2276
116.224.158.100 - - [26/Apr/2023:08:44:08 +0800] "GET /xingrg/kc/buy/cgsh_order_operate.html?command=get_materiel&rest_code=00105&code=00101001023&supplier_code=00100397&order_time=2023-04-26 HTTP/1.1" 200 413
116.230.117.27 - - [26/Apr/2023:08:44:09 +0800] "GET /xingrg/all/function/internal_message.html?_=1682469858812&CODE_STATE=getMsg HTTP/1.1" 200 27
116.227.208.255 - - [26/Apr/2023:08:44:16 +0800] "GET /xingrg/all/function/internal_message.html?_=1682469922303&CODE_STATE=getMsg HTTP/1.1" 200 27
180.171.122.0 - - [26/Apr/2023:08:44:20 +0800] "GET /xingrg/kc/buy/cgsh_order_operate.html?command=get_materiel&rest_code=00111&code=00101029017&supplier_code=00100017&order_time=2023-04-26 HTTP/1.1" 200 447
180.171.122.0 - - [26/Apr/2023:08:44:22 +0800] "POST /xingrg/all/common/load_select.html HTTP/1.1" 200 25
116.224.158.100 - - [26/Apr/2023:08:44:24 +0800] "GET /xingrg/kc/buy/cgsh_order_operate.html?command=get_materiel&rest_code=00105&code=00101003025&supplier_code=00100397&order_time=2023-04-26 HTTP/1.1" 200 409
116.238.139.35 - - [26/Apr/2023:08:44:25 +0800] "GET /xingrg/kc/buy/cgsh_order_add.html HTTP/1.1" 200 71052
116.238.139.35 - - [26/Apr/2023:08:44:26 +0800] "POST /xingrg/kc/buy/cgsh_order_operate.html HTTP/1.1" 200 8245
116.238.139.35 - - [26/Apr/2023:08:44:26 +0800] "GET /xingrg/javascript/easyui/themes/default/validatebox.css HTTP/1.1" 404 1104
180.171.122.0 - - [26/Apr/2023:08:44:27 +0800] "GET /xingrg/kc/buy/cgsh_order_operate.html?command=get_materiel_price&rest_code=00111&code=00101029017&unit_code=00100179&supplier_code=00100017&order_time=2023-04-26 HTTP/1.1" 200 29
180.164.3.199 - - [26/Apr/2023:08:44:32 +0800] "GET /xingrg/all/function/internal_message.html?_=1682469872201&CODE_STATE=getMsg HTTP/1.1" 200 27
116.224.158.100 - - [26/Apr/2023:08:44:34 +0800] "POST /xingrg/kc/buy/cgsh_order_operate.html HTTP/1.1" 200 37
116.227.208.255 - - [26/Apr/2023:08:44:36 +0800] "GET /xingrg/kc/buy/cgsh_order_operate.html?command=get_materiel&rest_code=00155&code=00101019969&supplier_code=00100037&order_time=2023-04-26 HTTP/1.1" 200 414
116.238.139.35 - - [26/Apr/2023:08:44:37 +0800] "GET /xingrg/kc/buy/cgsh_order_operate.html?command=get_materiel&rest_code=00150&code=00101008323&supplier_code=00100008&order_time=2023-04-26 HTTP/1.1" 200 408
180.152.240.159 - - [26/Apr/2023:08:44:38 +0800] "GET /xingrg/all/function/internal_message.html?_=1682469880861&CODE_STATE=getMsg HTTP/1.1" 302 -
116.238.139.35 - - [26/Apr/2023:08:44:44 +0800] "GET /xingrg/all/function/internal_message.html?_=1682469884262&CODE_STATE=getMsg HTTP/1.1" 200 27
116.224.158.100 - - [26/Apr/2023:08:44:46 +0800] "GET /xingrg/all/function/internal_message.html?_=1682469725984&CODE_STATE=getMsg HTTP/1.1" 200 27
116.238.139.35 - - [26/Apr/2023:08:44:49 +0800] "GET /xingrg/kc/buy/cgsh_order_operate.html?command=get_materiel&rest_code=00150&code=00101008261&supplier_code=00100008&order_time=2023-04-26 HTTP/1.1" 200 408
180.171.122.0 - - [26/Apr/2023:08:44:53 +0800] "GET /xingrg/all/function/internal_message.html?_=1682469892168&CODE_STATE=getMsg HTTP/1.1" 200 27
180.171.122.0 - - [26/Apr/2023:08:44:54 +0800] "POST /xingrg/services/DataTransmitService HTTP/1.1" 200 524
116.224.106.218 - - [26/Apr/2023:08:45:00 +0800] "GET /xingrg/all/function/internal_message.html?_=1682469899255&CODE_STATE=getMsg HTTP/1.1" 200 27
58.221.95.50 - - [26/Apr/2023:08:45:01 +0800] "GET /xingrg/check_reg.html?_=1682469901739 HTTP/1.1" 200 22
116.238.139.35 - - [26/Apr/2023:08:45:01 +0800] "GET /xingrg/all/function/internal_message.html?_=1682469834962&CODE_STATE=getMsg HTTP/1.1" 200 27
180.171.122.0 - - [26/Apr/2023:08:45:02 +0800] "GET /xingrg/kc/buy/cgsh_order_operate.html?command=get_materiel&rest_code=00111&code=00101029022&supplier_code=00100017&order_time=2023-04-26 HTTP/1.1" 200 452
180.171.122.0 - - [26/Apr/2023:08:45:03 +0800] "POST /xingrg/all/common/load_select.html HTTP/1.1" 200 25
116.238.139.35 - - [26/Apr/2023:08:45:03 +0800] "GET /xingrg/kc/buy/cgsh_order_operate.html?command=get_materiel&rest_code=00150&code=00101008016&supplier_code=00100008&order_time=2023-04-26 HTTP/1.1" 200 416
101.229.22.234 - - [26/Apr/2023:08:45:09 +0800] "GET /favicon.ico HTTP/1.1" 404 -
101.229.22.234 - - [26/Apr/2023:08:45:09 +0800] "GET /xingrg/login.html HTTP/1.1" 200 7641
101.229.22.234 - - [26/Apr/2023:08:45:09 +0800] "GET /xingrg/images/blue/jxLogo.png HTTP/1.1" 304 -
116.230.117.27 - - [26/Apr/2023:08:45:09 +0800] "GET /xingrg/all/function/internal_message.html?_=1682469919261&CODE_STATE=getMsg HTTP/1.1" 200 27
101.229.22.234 - - [26/Apr/2023:08:45:10 +0800] "GET /xingrg/images/blue/login_bg.png HTTP/1.1" 304 -
101.229.22.234 - - [26/Apr/2023:08:45:10 +0800] "GET /xingrg/images/blue/hj.png HTTP/1.1" 304 -
101.229.22.234 - - [26/Apr/2023:08:45:10 +0800] "GET /xingrg/images/blue/srbg.png HTTP/1.1" 304 -
180.171.122.0 - - [26/Apr/2023:08:45:10 +0800] "GET /xingrg/kc/buy/cgsh_order_operate.html?command=get_materiel_price&rest_code=00111&code=00101029022&unit_code=00100157&supplier_code=00100017&order_time=2023-04-26 HTTP/1.1" 200 29
101.229.22.234 - - [26/Apr/2023:08:45:10 +0800] "GET /favicon.ico HTTP/1.1" 404 -
116.238.139.35 - - [26/Apr/2023:08:45:13 +0800] "GET /xingrg/kc/buy/cgsh_order_operate.html?command=get_materiel&rest_code=00150&code=00101008372&supplier_code=00100008&order_time=2023-04-26 HTTP/1.1" 200 408
116.227.208.255 - - [26/Apr/2023:08:45:15 +0800] "GET /xingrg/check_reg.html?_=1682469981842 HTTP/1.1" 200 22
116.227.208.255 - - [26/Apr/2023:08:45:16 +0800] "GET /xingrg/all/function/internal_message.html?_=1682469982286&CODE_STATE=getMsg HTTP/1.1" 200 27
116.224.158.100 - - [26/Apr/2023:08:45:21 +0800] "POST /xingrg/kc/buy/cgsh_order_operate.html HTTP/1.1" 200 3842
116.238.139.35 - - [26/Apr/2023:08:45:22 +0800] "GET /xingrg/kc/buy/cgsh_order_operate.html?command=get_materiel&rest_code=00150&code=00101008331&supplier_code=00100008&order_time=2023-04-26 HTTP/1.1" 200 416
180.171.122.0 - - [26/Apr/2023:08:45:26 +0800] "GET /xingrg/kc/buy/cgsh_order_operate.html?command=get_materiel&rest_code=00111&code=00101029003&supplier_code=00100017&order_time=2023-04-26 HTTP/1.1" 200 454
180.171.122.0 - - [26/Apr/2023:08:45:28 +0800] "POST /xingrg/all/common/load_select.html HTTP/1.1" 200 25
116.224.158.100 - - [26/Apr/2023:08:45:28 +0800] "GET /xingrg/kc/print/load_data.html?order_code=212023042609038&kc_code=cgsh&condition= HTTP/1.1" 200 1118
180.164.3.199 - - [26/Apr/2023:08:45:32 +0800] "GET /xingrg/all/function/internal_message.html?_=1682469932195&CODE_STATE=getMsg HTTP/1.1" 200 27
180.171.122.0 - - [26/Apr/2023:08:45:34 +0800] "GET /xingrg/kc/buy/cgsh_order_operate.html?command=get_materiel_price&rest_code=00111&code=00101029003&unit_code=00100179&supplier_code=00100017&order_time=2023-04-26 HTTP/1.1" 200 29
116.224.106.218 - - [26/Apr/2023:08:45:37 +0800] "GET /xingrg/check_reg.html?_=1682469935824 HTTP/1.1" 200 22
180.152.240.159 - - [26/Apr/2023:08:45:38 +0800] "GET /xingrg/all/function/internal_message.html?_=1682469940832&CODE_STATE=getMsg HTTP/1.1" 302 -
180.152.240.159 - - [26/Apr/2023:08:45:39 +0800] "GET /xingrg/check_reg.html?_=1682469941281 HTTP/1.1" 302 -
116.238.139.35 - - [26/Apr/2023:08:45:39 +0800] "GET /xingrg/kc/buy/cgsh_order_operate.html?command=get_materiel&rest_code=00150&code=00101008244&supplier_code=00100008&order_time=2023-04-26 HTTP/1.1" 200 408
116.224.158.100 - - [26/Apr/2023:08:45:41 +0800] "GET /xingrg/kc/buy/cgsh_order_add.html HTTP/1.1" 200 71078
116.224.158.100 - - [26/Apr/2023:08:45:41 +0800] "GET /xingrg/javascript/easyui/themes/default/validatebox.css HTTP/1.1" 404 1104
116.224.158.100 - - [26/Apr/2023:08:45:41 +0800] "POST /xingrg/kc/buy/cgsh_order_operate.html HTTP/1.1" 200 8245
116.238.139.35 - - [26/Apr/2023:08:45:44 +0800] "GET /xingrg/all/function/internal_message.html?_=1682469944249&CODE_STATE=getMsg HTTP/1.1" 200 27
116.227.208.255 - - [26/Apr/2023:08:45:44 +0800] "POST /xingrg/kc/buy/cgsh_order_operate.html HTTP/1.1" 200 2065
172.20.0.100 - - [26/Apr/2023:08:45:45 +0800] "GET /xingrg/check_reg.html?_=1682469952411 HTTP/1.1" 302 -
116.224.158.100 - - [26/Apr/2023:08:45:45 +0800] "GET /xingrg/all/function/internal_message.html?_=1682469947845&CODE_STATE=getMsg HTTP/1.1" 200 27
116.224.158.100 - - [26/Apr/2023:08:45:46 +0800] "GET /xingrg/check_reg.html?_=1682469785984 HTTP/1.1" 200 22
116.224.158.100 - - [26/Apr/2023:08:45:46 +0800] "GET /xingrg/all/function/internal_message.html?_=1682469785986&CODE_STATE=getMsg HTTP/1.1" 200 27
180.164.3.199 - - [26/Apr/2023:08:45:46 +0800] "GET /xingrg/check_reg.html?_=1682469946545 HTTP/1.1" 200 22
116.238.139.35 - - [26/Apr/2023:08:45:49 +0800] "GET /xingrg/kc/buy/cgsh_order_operate.html?command=get_materiel&rest_code=00150&code=00101008185&supplier_code=00100008&order_time=2023-04-26 HTTP/1.1" 200 408
180.171.122.0 - - [26/Apr/2023:08:45:53 +0800] "GET /xingrg/all/function/internal_message.html?_=1682469952160&CODE_STATE=getMsg HTTP/1.1" 200 27
116.238.139.35 - - [26/Apr/2023:08:45:54 +0800] "GET /xingrg/check_reg.html?_=1682469888042 HTTP/1.1" 200 22
116.238.139.35 - - [26/Apr/2023:08:45:57 +0800] "GET /xingrg/kc/buy/cgsh_order_operate.html?command=get_materiel&rest_code=00150&code=00101008010&supplier_code=00100008&order_time=2023-04-26 HTTP/1.1" 200 412
116.224.106.218 - - [26/Apr/2023:08:46:00 +0800] "GET /xingrg/all/function/internal_message.html?_=1682469959227&CODE_STATE=getMsg HTTP/1.1" 200 27
116.238.139.35 - - [26/Apr/2023:08:46:01 +0800] "GET /xingrg/all/function/internal_message.html?_=1682469894977&CODE_STATE=getMsg HTTP/1.1" 200 27
124.79.240.114 - - [26/Apr/2023:08:46:04 +0800] "GET /favicon.ico HTTP/1.1" 404 -
124.79.240.114 - - [26/Apr/2023:08:46:04 +0800] "GET /xingrg/login.html HTTP/1.1" 200 7641
116.224.158.100 - - [26/Apr/2023:08:46:04 +0800] "GET /xingrg/kc/buy/cgsh_order_operate.html?command=get_materiel&rest_code=00105&code=00101008080&supplier_code=00100203&order_time=2023-04-26 HTTP/1.1" 200 416
116.238.139.35 - - [26/Apr/2023:08:46:05 +0800] "GET /xingrg/kc/buy/cgsh_order_operate.html?command=get_materiel&rest_code=00150&code=00101008026&supplier_code=00100008&order_time=2023-04-26 HTTP/1.1" 200 409
116.230.117.27 - - [26/Apr/2023:08:46:09 +0800] "GET /xingrg/all/function/internal_message.html?_=1682469979277&CODE_STATE=getMsg HTTP/1.1" 200 27
116.227.208.255 - - [26/Apr/2023:08:46:10 +0800] "POST /xingrg/kc/buy/cgsh_order_operate.html HTTP/1.1" 200 37
124.79.240.114 - - [26/Apr/2023:08:46:10 +0800] "GET /favicon.ico HTTP/1.1" 404 -
116.238.139.35 - - [26/Apr/2023:08:46:13 +0800] "GET /xingrg/kc/buy/cgsh_order_operate.html?command=get_materiel&rest_code=00150&code=00101008096&supplier_code=00100008&order_time=2023-04-26 HTTP/1.1" 200 413
101.229.22.234 - - [26/Apr/2023:08:46:16 +0800] "POST /xingrg/login.do HTTP/1.1" 302 -
101.229.22.234 - - [26/Apr/2023:08:46:16 +0800] "GET /xingrg/index.html?sysBaseUrl=http%3A%2F%2F180.169.147.146%3A18081%2Fxingrg%2F&costTime=877×tamp=1682469976068 HTTP/1.1" 200 17179
101.229.22.234 - - [26/Apr/2023:08:46:16 +0800] "GET /xingrg/javascript/jquery_easy_ui/themes/default/easyui.css HTTP/1.1" 304 -
101.229.22.234 - - [26/Apr/2023:08:46:16 +0800] "GET /xingrg/javascript/jquery_easy_ui/themes/icon.css HTTP/1.1" 304 -
101.229.22.234 - - [26/Apr/2023:08:46:16 +0800] "GET /xingrg/css/form.css HTTP/1.1" 304 -
101.229.22.234 - - [26/Apr/2023:08:46:16 +0800] "GET /xingrg/javascript/jquery-1.4.2.min.js HTTP/1.1" 304 -
101.229.22.234 - - [26/Apr/2023:08:46:16 +0800] "GET /xingrg/javascript/jquery_easy_ui/jquery.easyui.min.js HTTP/1.1" 304 -
101.229.22.234 - - [26/Apr/2023:08:46:16 +0800] "GET /xingrg/javascript/jquery_easy_ui/easyui-lang-zh_CN.js HTTP/1.1" 304 -
101.229.22.234 - - [26/Apr/2023:08:46:16 +0800] "GET /xingrg/javascript/jquery.utils.js HTTP/1.1" 304 -
101.229.22.234 - - [26/Apr/2023:08:46:16 +0800] "GET /xingrg/javascript/jquery.form.js HTTP/1.1" 304 -
101.229.22.234 - - [26/Apr/2023:08:46:16 +0800] "GET /xingrg/javascript/jquery.timers.js HTTP/1.1" 304 -
101.229.22.234 - - [26/Apr/2023:08:46:16 +0800] "GET /favicon.ico HTTP/1.1" 404 -
116.227.208.255 - - [26/Apr/2023:08:46:16 +0800] "GET /xingrg/all/function/internal_message.html?_=1682470042269&CODE_STATE=getMsg HTTP/1.1" 200 27
101.229.22.234 - - [26/Apr/2023:08:46:16 +0800] "GET /xingrg/javascript/jquery_easy_ui/themes/icons/settle_new.png HTTP/1.1" 304 -
101.229.22.234 - - [26/Apr/2023:08:46:16 +0800] "GET /xingrg/images/blue/navBackgound.jpg HTTP/1.1" 304 -
101.229.22.234 - - [26/Apr/2023:08:46:16 +0800] "POST /xingrg/all/common/load_tree.html?tree=area_rest_tree_json&manage=1 HTTP/1.1" 200 351
116.227.208.255 - - [26/Apr/2023:08:46:16 +0800] "POST /xingrg/kc/buy/cgsh_order_operate.html HTTP/1.1" 200 8578
101.229.22.234 - - [26/Apr/2023:08:46:16 +0800] "GET /xingrg/all/function/internal_message.html?_=1682469975727&CODE_STATE=count HTTP/1.1" 200 11
101.229.22.234 - - [26/Apr/2023:08:46:16 +0800] "GET /xingrg/check_reg.html?_=1682469975728 HTTP/1.1" 200 22
101.229.22.234 - - [26/Apr/2023:08:46:16 +0800] "GET /xingrg/images/blue/pingpu.png HTTP/1.1" 304 -
101.229.22.234 - - [26/Apr/2023:08:46:16 +0800] "GET /xingrg/javascript/jquery_easy_ui/themes/default/images/tabs_leftarrow.png HTTP/1.1" 304 -
101.229.22.234 - - [26/Apr/2023:08:46:16 +0800] "GET /xingrg/javascript/jquery_easy_ui/themes/default/images/panel_tool_collapse.gif HTTP/1.1" 304 -
101.229.22.234 - - [26/Apr/2023:08:46:16 +0800] "GET /xingrg/javascript/jquery_easy_ui/themes/default/images/tabs_rightarrow.png HTTP/1.1" 304 -
101.229.22.234 - - [26/Apr/2023:08:46:16 +0800] "POST /xingrg/load_menu.html HTTP/1.1" 200 5138
101.229.22.234 - - [26/Apr/2023:08:46:16 +0800] "GET /xingrg/javascript/jquery_easy_ui/themes/icons/search_new.png HTTP/1.1" 304 -
101.229.22.234 - - [26/Apr/2023:08:46:16 +0800] "GET /xingrg/javascript/jquery_easy_ui/themes/default/images/tree_arrows.gif HTTP/1.1" 304 -
101.229.22.234 - - [26/Apr/2023:08:46:16 +0800] "GET /xingrg/javascript/jquery_easy_ui/themes/default/images/tree_folder_open.gif HTTP/1.1" 304 -
101.229.22.234 - - [26/Apr/2023:08:46:16 +0800] "GET /xingrg/javascript/jquery_easy_ui/themes/default/images/tree_folder.gif HTTP/1.1" 304 -
101.229.22.234 - - [26/Apr/2023:08:46:16 +0800] "GET /xingrg/javascript/jquery_easy_ui/themes/icons/storage_new.png HTTP/1.1" 304 -
101.229.22.234 - - [26/Apr/2023:08:46:16 +0800] "GET /xingrg/javascript/jquery_easy_ui/themes/icons/forms_new.png HTTP/1.1" 304 -
101.229.22.234 - - [26/Apr/2023:08:46:16 +0800] "GET /xingrg/javascript/jquery_easy_ui/themes/default/images/tree_file.gif HTTP/1.1" 304 -
116.224.158.100 - - [26/Apr/2023:08:46:17 +0800] "GET /xingrg/kc/buy/cgsh_order_operate.html?command=get_materiel&rest_code=00105&code=00101008010&supplier_code=00100203&order_time=2023-04-26 HTTP/1.1" 200 412
116.227.208.255 - - [26/Apr/2023:08:46:18 +0800] "GET /xingrg/kc/print/load_data.html?order_code=212023042609039&kc_code=cgsh&condition= HTTP/1.1" 200 2963
101.229.22.234 - - [26/Apr/2023:08:46:21 +0800] "GET /xingrg/javascript/jquery_easy_ui/themes/icons/area.png HTTP/1.1" 304 -
101.229.22.234 - - [26/Apr/2023:08:46:21 +0800] "GET /xingrg/javascript/jquery_easy_ui/themes/icons/rest.png HTTP/1.1" 304 -
124.79.240.114 - - [26/Apr/2023:08:46:22 +0800] "POST /xingrg/login.do HTTP/1.1" 200 2421
124.79.240.114 - - [26/Apr/2023:08:46:22 +0800] "GET /xingrg/images/blue/pic_top.gif HTTP/1.1" 200 3656
124.79.240.114 - - [26/Apr/2023:08:46:22 +0800] "GET /xingrg/images/blue/pic_notice.jpg HTTP/1.1" 200 3583
124.79.240.114 - - [26/Apr/2023:08:46:23 +0800] "GET /xingrg/images/blue/error_buttom.gif HTTP/1.1" 200 1750
124.79.240.114 - - [26/Apr/2023:08:46:23 +0800] "GET /xingrg/images/blue/error_mid.gif HTTP/1.1" 200 215
124.79.240.114 - - [26/Apr/2023:08:46:23 +0800] "GET /xingrg/images/blue/error_top.gif HTTP/1.1" 200 1790
116.227.208.255 - - [26/Apr/2023:08:46:25 +0800] "GET /xingrg/kc/buy/cgsh_order_add.html HTTP/1.1" 200 71043
124.79.240.114 - - [26/Apr/2023:08:46:25 +0800] "GET /favicon.ico HTTP/1.1" 404 -
124.79.240.114 - - [26/Apr/2023:08:46:25 +0800] "GET /xingrg/login.html HTTP/1.1" 200 7641
124.79.240.114 - - [26/Apr/2023:08:46:25 +0800] "GET /favicon.ico HTTP/1.1" 404 -
116.227.208.255 - - [26/Apr/2023:08:46:25 +0800] "POST /xingrg/kc/buy/cgsh_order_operate.html HTTP/1.1" 200 8245
116.227.208.255 - - [26/Apr/2023:08:46:25 +0800] "GET /xingrg/javascript/easyui/themes/default/validatebox.css HTTP/1.1" 404 1104
180.171.122.0 - - [26/Apr/2023:08:46:26 +0800] "POST /xingrg/kc/buy/cgsh_order_operate.html HTTP/1.1" 200 37
101.229.22.234 - - [26/Apr/2023:08:46:26 +0800] "GET /xingrg/javascript/jquery_easy_ui/themes/default/images/tabs_close.gif HTTP/1.1" 304 -
116.238.139.35 - - [26/Apr/2023:08:46:26 +0800] "GET /xingrg/kc/buy/cgsh_order_operate.html?command=get_materiel&rest_code=00150&code=00101008163&supplier_code=00100008&order_time=2023-04-26 HTTP/1.1" 200 408
101.229.22.234 - - [26/Apr/2023:08:46:27 +0800] "GET /xingrg/kc/buy/cgsh_order_list.html HTTP/1.1" 200 55220
101.229.22.234 - - [26/Apr/2023:08:46:27 +0800] "GET /xingrg/css/base.css HTTP/1.1" 304 -
101.229.22.234 - - [26/Apr/2023:08:46:27 +0800] "GET /xingrg/css/site.css HTTP/1.1" 304 -
101.229.22.234 - - [26/Apr/2023:08:46:27 +0800] "GET /xingrg/javascript/jquery_tools/datebox.css HTTP/1.1" 304 -
101.229.22.234 - - [26/Apr/2023:08:46:27 +0800] "GET /xingrg/javascript/easyui/themes/default/easyui.css HTTP/1.1" 304 -
101.229.22.234 - - [26/Apr/2023:08:46:27 +0800] "GET /xingrg/javascript/easyui/themes/icon.css HTTP/1.1" 304 -
101.229.22.234 - - [26/Apr/2023:08:46:27 +0800] "GET /xingrg/javascript/auto/jquery.autocomplete.css HTTP/1.1" 304 -
101.229.22.234 - - [26/Apr/2023:08:46:27 +0800] "GET /xingrg/javascript/jquery_tools/fix.css HTTP/1.1" 304 -
101.229.22.234 - - [26/Apr/2023:08:46:27 +0800] "GET /xingrg/javascript/jquery_tools/table.css HTTP/1.1" 304 -
101.229.22.234 - - [26/Apr/2023:08:46:27 +0800] "GET /xingrg/javascript/jquery_tools/jquery.tools.min.js HTTP/1.1" 304 -
101.229.22.234 - - [26/Apr/2023:08:46:27 +0800] "GET /xingrg/javascript/jquery_tools/jquery.tools.extend.js HTTP/1.1" 304 -
101.229.22.234 - - [26/Apr/2023:08:46:27 +0800] "GET /xingrg/javascript/jquery_tools/jquery.tools.hotkey.js HTTP/1.1" 304 -
101.229.22.234 - - [26/Apr/2023:08:46:27 +0800] "GET /xingrg/javascript/jquery_tools/jquery.tools.table.js HTTP/1.1" 304 -
101.229.22.234 - - [26/Apr/2023:08:46:27 +0800] "GET /xingrg/javascript/jquery_tools/list_manager.js HTTP/1.1" 304 -
101.229.22.234 - - [26/Apr/2023:08:46:27 +0800] "GET /xingrg/javascript/auto/jquery.autocomplete.js HTTP/1.1" 304 -
101.229.22.234 - - [26/Apr/2023:08:46:27 +0800] "GET /xingrg/javascript/easyui/easyloader.js HTTP/1.1" 304 -
101.229.22.234 - - [26/Apr/2023:08:46:27 +0800] "GET /xingrg/javascript/jquery.cookie.js HTTP/1.1" 304 -
101.229.22.234 - - [26/Apr/2023:08:46:27 +0800] "GET /xingrg/javascript/print/LodopFuncs.js HTTP/1.1" 304 -
116.224.158.100 - - [26/Apr/2023:08:46:27 +0800] "GET /xingrg/kc/buy/cgsh_order_operate.html?command=get_materiel&rest_code=00105&code=00101008026&supplier_code=00100203&order_time=2023-04-26 HTTP/1.1" 200 409
101.229.22.234 - - [26/Apr/2023:08:46:27 +0800] "GET /xingrg/javascript/easyui/themes/icons/edit_add_new.png HTTP/1.1" 304 -
101.229.22.234 - - [26/Apr/2023:08:46:27 +0800] "GET /xingrg/javascript/easyui/themes/icons/cance_new.png HTTP/1.1" 304 -
101.229.22.234 - - [26/Apr/2023:08:46:27 +0800] "GET /xingrg/javascript/easyui/themes/icons/field_new.png HTTP/1.1" 304 -
101.229.22.234 - - [26/Apr/2023:08:46:27 +0800] "GET /xingrg/javascript/easyui/themes/icons/check_new.png HTTP/1.1" 304 -
101.229.22.234 - - [26/Apr/2023:08:46:27 +0800] "GET /xingrg/javascript/easyui/themes/icons/import_new.png HTTP/1.1" 304 -
101.229.22.234 - - [26/Apr/2023:08:46:28 +0800] "GET /xingrg/javascript/easyui/plugins/jquery.parser.js HTTP/1.1" 304 -
101.229.22.234 - - [26/Apr/2023:08:46:28 +0800] "GET /xingrg/images/control/ajaxLoader.gif HTTP/1.1" 304 -
180.171.122.0 - - [26/Apr/2023:08:46:28 +0800] "POST /xingrg/kc/buy/cgsh_order_operate.html HTTP/1.1" 200 5172
101.229.22.234 - - [26/Apr/2023:08:46:30 +0800] "POST /xingrg/kc/buy/cgsh_list_operate.html HTTP/1.1" 200 986
180.171.122.0 - - [26/Apr/2023:08:46:30 +0800] "GET /xingrg/kc/print/load_data.html?order_code=212023042609040&kc_code=cgsh&condition= HTTP/1.1" 200 1790
101.229.22.234 - - [26/Apr/2023:08:46:31 +0800] "GET /xingrg/javascript/easyui/themes/default/images/button_plain_hover.png HTTP/1.1" 304 -
101.229.22.234 - - [26/Apr/2023:08:46:32 +0800] "GET /xingrg/kc/buy/cgsh_order_add.html HTTP/1.1" 200 70115
101.229.22.234 - - [26/Apr/2023:08:46:32 +0800] "GET /xingrg/javascript/pic_change.js HTTP/1.1" 304 -
101.229.22.234 - - [26/Apr/2023:08:46:32 +0800] "GET /xingrg/javascript/jquery_tools/order_manager.js HTTP/1.1" 304 -
101.229.22.234 - - [26/Apr/2023:08:46:32 +0800] "GET /xingrg/javascript/json2.js HTTP/1.1" 304 -
101.229.22.234 - - [26/Apr/2023:08:46:32 +0800] "GET /xingrg/javascript/convert.js HTTP/1.1" 304 -
101.229.22.234 - - [26/Apr/2023:08:46:32 +0800] "GET /xingrg/javascript/print/kc_print.js HTTP/1.1" 304 -
101.229.22.234 - - [26/Apr/2023:08:46:32 +0800] "GET /xingrg/words/20230425123415_words.js HTTP/1.1" 200 961629
180.164.3.199 - - [26/Apr/2023:08:46:32 +0800] "GET /xingrg/all/function/internal_message.html?_=1682469992185&CODE_STATE=getMsg HTTP/1.1" 200 27
101.229.22.234 - - [26/Apr/2023:08:46:32 +0800] "GET /xingrg/javascript/easyui/themes/icons/copy_new.png HTTP/1.1" 304 -
101.229.22.234 - - [26/Apr/2023:08:46:32 +0800] "GET /xingrg/javascript/easyui/themes/icons/template_new.png HTTP/1.1" 304 -
101.229.22.234 - - [26/Apr/2023:08:46:32 +0800] "GET /xingrg/javascript/easyui/themes/icons/ok.png HTTP/1.1" 304 -
101.229.22.234 - - [26/Apr/2023:08:46:32 +0800] "GET /xingrg/javascript/easyui/themes/icons/print.png HTTP/1.1" 304 -
101.229.22.234 - - [26/Apr/2023:08:46:32 +0800] "GET /xingrg/javascript/easyui/themes/default/images/menu_downarrow.png HTTP/1.1" 304 -
101.229.22.234 - - [26/Apr/2023:08:46:32 +0800] "GET /xingrg/javascript/easyui/themes/icons/cancel.png HTTP/1.1" 304 -
101.229.22.234 - - [26/Apr/2023:08:46:32 +0800] "POST /xingrg/kc/buy/cgsh_order_operate.html HTTP/1.1" 200 8245
101.229.22.234 - - [26/Apr/2023:08:46:33 +0800] "GET /xingrg/javascript/easyui/themes/default/validatebox.css HTTP/1.1" 404 1104
101.229.22.234 - - [26/Apr/2023:08:46:33 +0800] "GET /xingrg/javascript/easyui/plugins/jquery.validatebox.js HTTP/1.1" 304 -
101.229.22.234 - - [26/Apr/2023:08:46:33 +0800] "GET /xingrg/all/common/auto_word.html?type=employee&rest_code=00142 HTTP/1.1" 200 105
101.229.22.234 - - [26/Apr/2023:08:46:33 +0800] "GET /xingrg/all/common/auto_word.html?type=employee&rest_code=00142 HTTP/1.1" 200 105
101.229.22.234 - - [26/Apr/2023:08:46:33 +0800] "GET /xingrg/javascript/easyui/themes/icons/edit_remove.png HTTP/1.1" 304 -
101.229.22.234 - - [26/Apr/2023:08:46:33 +0800] "GET /xingrg/javascript/easyui/plugins/jquery.numberbox.js HTTP/1.1" 304 -
116.227.208.255 - - [26/Apr/2023:08:46:35 +0800] "GET /xingrg/kc/buy/cgsh_order_operate.html?command=get_materiel&rest_code=00155&code=00101006124&supplier_code=00100012&order_time=2023-04-26 HTTP/1.1" 200 409
124.79.240.114 - - [26/Apr/2023:08:46:35 +0800] "POST /xingrg/login.do HTTP/1.1" 302 -
124.79.240.114 - - [26/Apr/2023:08:46:35 +0800] "GET /xingrg/index.html?sysBaseUrl=http%3A%2F%2F180.169.147.146%3A18081%2Fxingrg%2F&costTime=799×tamp=1682469995426 HTTP/1.1" 200 17179
124.79.240.114 - - [26/Apr/2023:08:46:35 +0800] "GET /favicon.ico HTTP/1.1" 404 -
101.229.22.234 - - [26/Apr/2023:08:46:35 +0800] "GET /xingrg/javascript/auto/indicator.gif HTTP/1.1" 404 1066
124.79.240.114 - - [26/Apr/2023:08:46:35 +0800] "GET /xingrg/check_reg.html?_=1682470267535 HTTP/1.1" 200 22
124.79.240.114 - - [26/Apr/2023:08:46:35 +0800] "GET /xingrg/all/function/internal_message.html?_=1682470267534&CODE_STATE=count HTTP/1.1" 200 11
124.79.240.114 - - [26/Apr/2023:08:46:35 +0800] "POST /xingrg/all/common/load_tree.html?tree=area_rest_tree_json&manage=1 HTTP/1.1" 200 351
124.79.240.114 - - [26/Apr/2023:08:46:36 +0800] "POST /xingrg/load_menu.html HTTP/1.1" 200 5138
222.69.131.221 - - [26/Apr/2023:08:46:37 +0800] "GET /xingrg/login.html HTTP/1.1" 200 7641
222.69.131.221 - - [26/Apr/2023:08:46:38 +0800] "GET /favicon.ico HTTP/1.1" 404 -
116.224.158.100 - - [26/Apr/2023:08:46:38 +0800] "GET /xingrg/kc/buy/cgsh_order_operate.html?command=get_materiel&rest_code=00105&code=00101008355&supplier_code=00100203&order_time=2023-04-26 HTTP/1.1" 200 408
180.152.240.159 - - [26/Apr/2023:08:46:38 +0800] "GET /xingrg/all/function/internal_message.html?_=1682470000827&CODE_STATE=getMsg HTTP/1.1" 302 -
116.227.208.255 - - [26/Apr/2023:08:46:42 +0800] "GET /xingrg/kc/buy/cgsh_order_operate.html?command=get_materiel&rest_code=00155&code=00101006055&supplier_code=00100012&order_time=2023-04-26 HTTP/1.1" 200 409
180.171.122.0 - - [26/Apr/2023:08:46:42 +0800] "GET /xingrg/kc/buy/cgsh_order_add.html HTTP/1.1" 200 70952
180.171.122.0 - - [26/Apr/2023:08:46:43 +0800] "POST /xingrg/kc/buy/cgsh_order_operate.html HTTP/1.1" 200 8245
180.171.122.0 - - [26/Apr/2023:08:46:43 +0800] "GET /xingrg/javascript/easyui/themes/default/validatebox.css HTTP/1.1" 404 1104
222.69.131.221 - - [26/Apr/2023:08:46:44 +0800] "POST /xingrg/login.do HTTP/1.1" 302 -
116.238.139.35 - - [26/Apr/2023:08:46:44 +0800] "GET /xingrg/all/function/internal_message.html?_=1682470004241&CODE_STATE=getMsg HTTP/1.1" 200 27
222.69.131.221 - - [26/Apr/2023:08:46:44 +0800] "GET /xingrg/index.html?sysBaseUrl=http%3A%2F%2F180.169.147.146%3A18081%2Fxingrg%2F&costTime=860×tamp=1682470004451 HTTP/1.1" 200 17179
222.69.131.221 - - [26/Apr/2023:08:46:45 +0800] "GET /favicon.ico HTTP/1.1" 404 -
116.224.158.100 - - [26/Apr/2023:08:46:45 +0800] "GET /xingrg/all/function/internal_message.html?_=1682470007857&CODE_STATE=getMsg HTTP/1.1" 200 27
222.69.131.221 - - [26/Apr/2023:08:46:46 +0800] "POST /xingrg/all/common/load_tree.html?tree=area_rest_tree_json&manage=1 HTTP/1.1" 200 351
222.69.131.221 - - [26/Apr/2023:08:46:46 +0800] "GET /xingrg/check_reg.html?_=1682470005254 HTTP/1.1" 200 22
222.69.131.221 - - [26/Apr/2023:08:46:46 +0800] "GET /xingrg/all/function/internal_message.html?_=1682470005254&CODE_STATE=count HTTP/1.1" 200 11
116.224.158.100 - - [26/Apr/2023:08:46:46 +0800] "GET /xingrg/all/function/internal_message.html?_=1682469845985&CODE_STATE=getMsg HTTP/1.1" 200 27
222.69.131.221 - - [26/Apr/2023:08:46:46 +0800] "POST /xingrg/load_menu.html HTTP/1.1" 200 5138
116.238.139.35 - - [26/Apr/2023:08:46:46 +0800] "GET /xingrg/kc/buy/cgsh_order_operate.html?command=get_materiel&rest_code=00150&code=00101008338&supplier_code=00100008&order_time=2023-04-26 HTTP/1.1" 200 408
116.227.208.255 - - [26/Apr/2023:08:46:50 +0800] "GET /xingrg/kc/buy/cgsh_order_operate.html?command=get_materiel&rest_code=00155&code=00101006113&supplier_code=00100012&order_time=2023-04-26 HTTP/1.1" 200 413
180.171.122.0 - - [26/Apr/2023:08:46:53 +0800] "GET /xingrg/all/function/internal_message.html?_=1682470012172&CODE_STATE=getMsg HTTP/1.1" 200 27
180.171.122.0 - - [26/Apr/2023:08:46:53 +0800] "GET /xingrg/check_reg.html?_=1682470012175 HTTP/1.1" 200 22
116.238.139.35 - - [26/Apr/2023:08:46:54 +0800] "GET /xingrg/kc/buy/cgsh_order_operate.html?command=get_materiel&rest_code=00150&code=00101008658&supplier_code=00100008&order_time=2023-04-26 HTTP/1.1" 200 408
116.227.208.255 - - [26/Apr/2023:08:46:58 +0800] "GET /xingrg/kc/buy/cgsh_order_operate.html?command=get_materiel&rest_code=00155&code=00101006065&supplier_code=00100012&order_time=2023-04-26 HTTP/1.1" 200 409
180.171.122.0 - - [26/Apr/2023:08:47:00 +0800] "GET /xingrg/kc/buy/cgsh_order_operate.html?command=get_materiel&rest_code=00111&code=00101001295&supplier_code=00100439&order_time=2023-04-26 HTTP/1.1" 200 436
116.224.106.218 - - [26/Apr/2023:08:47:00 +0800] "GET /xingrg/all/function/internal_message.html?_=1682470019211&CODE_STATE=getMsg HTTP/1.1" 200 27
116.238.139.35 - - [26/Apr/2023:08:47:01 +0800] "GET /xingrg/all/function/internal_message.html?_=1682469954989&CODE_STATE=getMsg HTTP/1.1" 200 27
116.238.139.35 - - [26/Apr/2023:08:47:02 +0800] "GET /xingrg/kc/buy/cgsh_order_operate.html?command=get_materiel&rest_code=00150&code=00101008558&supplier_code=00100008&order_time=2023-04-26 HTTP/1.1" 200 409
116.224.158.100 - - [26/Apr/2023:08:47:03 +0800] "GET /xingrg/kc/buy/cgsh_order_operate.html?command=get_materiel&rest_code=00105&code=00101008372&supplier_code=00100203&order_time=2023-04-26 HTTP/1.1" 200 408
222.69.131.221 - - [26/Apr/2023:08:47:06 +0800] "GET /xingrg/kc/buy/cgsh_order_list.html HTTP/1.1" 200 55220
116.227.208.255 - - [26/Apr/2023:08:47:06 +0800] "GET /xingrg/kc/buy/cgsh_order_operate.html?command=get_materiel&rest_code=00155&code=00101006130&supplier_code=00100012&order_time=2023-04-26 HTTP/1.1" 200 427
116.230.117.27 - - [26/Apr/2023:08:47:07 +0800] "GET /xingrg/check_reg.html?_=1682470037029 HTTP/1.1" 200 22
222.69.131.221 - - [26/Apr/2023:08:47:09 +0800] "POST /xingrg/kc/buy/cgsh_list_operate.html HTTP/1.1" 200 986
116.230.117.27 - - [26/Apr/2023:08:47:09 +0800] "GET /xingrg/all/function/internal_message.html?_=1682470039291&CODE_STATE=getMsg HTTP/1.1" 200 27
116.238.139.35 - - [26/Apr/2023:08:47:10 +0800] "GET /xingrg/kc/buy/cgsh_order_operate.html?command=get_materiel&rest_code=00150&code=00101008141&supplier_code=00100008&order_time=2023-04-26 HTTP/1.1" 200 412
222.69.131.221 - - [26/Apr/2023:08:47:11 +0800] "GET /xingrg/kc/buy/cgsh_order_add.html HTTP/1.1" 200 71084
222.69.131.221 - - [26/Apr/2023:08:47:12 +0800] "GET /xingrg/words/20230425123415_words.js HTTP/1.1" 304 -
222.69.131.221 - - [26/Apr/2023:08:47:12 +0800] "POST /xingrg/kc/buy/cgsh_order_operate.html HTTP/1.1" 200 8245
222.69.131.221 - - [26/Apr/2023:08:47:12 +0800] "GET /xingrg/javascript/easyui/themes/default/validatebox.css HTTP/1.1" 404 1104
222.69.131.221 - - [26/Apr/2023:08:47:12 +0800] "GET /xingrg/all/common/auto_word.html?type=employee&rest_code=00149 HTTP/1.1" 200 197
222.69.131.221 - - [26/Apr/2023:08:47:12 +0800] "GET /xingrg/all/common/auto_word.html?type=employee&rest_code=00149 HTTP/1.1" 200 197
116.224.158.100 - - [26/Apr/2023:08:47:13 +0800] "GET /xingrg/kc/buy/cgsh_order_operate.html?command=get_materiel&rest_code=00105&code=00101008196&supplier_code=00100203&order_time=2023-04-26 HTTP/1.1" 200 416
222.69.131.221 - - [26/Apr/2023:08:47:13 +0800] "GET /xingrg/javascript/auto/indicator.gif HTTP/1.1" 404 1066
116.227.208.255 - - [26/Apr/2023:08:47:16 +0800] "GET /xingrg/all/function/internal_message.html?_=1682470102250&CODE_STATE=getMsg HTTP/1.1" 200 27
116.227.208.255 - - [26/Apr/2023:08:47:16 +0800] "POST /xingrg/kc/buy/cgsh_order_operate.html HTTP/1.1" 200 37
101.229.22.234 - - [26/Apr/2023:08:47:16 +0800] "GET /xingrg/all/function/internal_message.html?_=1682470035741&CODE_STATE=getMsg HTTP/1.1" 200 27
116.227.208.255 - - [26/Apr/2023:08:47:17 +0800] "POST /xingrg/kc/buy/cgsh_order_operate.html HTTP/1.1" 200 5033
101.229.22.234 - - [26/Apr/2023:08:47:18 +0800] "GET /xingrg/kc/buy/cgsh_order_operate.html?command=get_materiel&rest_code=00142&code=00101008368&supplier_code=00100161&order_time=2023-04-26 HTTP/1.1" 200 408
116.227.208.255 - - [26/Apr/2023:08:47:19 +0800] "GET /xingrg/kc/print/load_data.html?order_code=212023042609041&kc_code=cgsh&condition= HTTP/1.1" 200 1687
116.227.208.255 - - [26/Apr/2023:08:47:25 +0800] "GET /xingrg/kc/print/load_data.html?order_code=212023042609041&kc_code=cgsh HTTP/1.1" 200 1687
116.238.139.35 - - [26/Apr/2023:08:47:25 +0800] "GET /xingrg/kc/buy/cgsh_order_operate.html?command=get_materiel&rest_code=00150&code=00101008361&supplier_code=00100008&order_time=2023-04-26 HTTP/1.1" 200 408
222.69.131.221 - - [26/Apr/2023:08:47:26 +0800] "GET /xingrg/kc/buy/cgsh_order_operate.html?command=get_materiel&rest_code=00149&code=00101008219&supplier_code=00100008&order_time=2023-04-26 HTTP/1.1" 200 412
101.229.22.234 - - [26/Apr/2023:08:47:30 +0800] "GET /xingrg/kc/buy/cgsh_order_operate.html?command=get_materiel&rest_code=00142&code=00101008005&supplier_code=00100161&order_time=2023-04-26 HTTP/1.1" 200 412
180.164.3.199 - - [26/Apr/2023:08:47:32 +0800] "GET /xingrg/all/function/internal_message.html?_=1682470052178&CODE_STATE=getMsg HTTP/1.1" 200 27
124.79.240.114 - - [26/Apr/2023:08:47:35 +0800] "GET /xingrg/all/function/internal_message.html?_=1682470327540&CODE_STATE=getMsg HTTP/1.1" 200 27
116.227.208.255 - - [26/Apr/2023:08:47:37 +0800] "GET /xingrg/kc/buy/cgsh_order_add.html HTTP/1.1" 200 71043
116.227.208.255 - - [26/Apr/2023:08:47:38 +0800] "POST /xingrg/kc/buy/cgsh_order_operate.html HTTP/1.1" 200 8245
116.227.208.255 - - [26/Apr/2023:08:47:38 +0800] "GET /xingrg/javascript/easyui/themes/default/validatebox.css HTTP/1.1" 404 1104
180.152.240.159 - - [26/Apr/2023:08:47:38 +0800] "GET /xingrg/all/function/internal_message.html?_=1682470060800&CODE_STATE=getMsg HTTP/1.1" 302 -
116.238.139.35 - - [26/Apr/2023:08:47:39 +0800] "GET /xingrg/kc/buy/cgsh_order_operate.html?command=get_materiel&rest_code=00150&code=00101008144&supplier_code=00100008&order_time=2023-04-26 HTTP/1.1" 200 412
101.229.22.234 - - [26/Apr/2023:08:47:40 +0800] "GET /xingrg/kc/buy/cgsh_order_operate.html?command=get_materiel&rest_code=00142&code=00101008268&supplier_code=00100161&order_time=2023-04-26 HTTP/1.1" 200 408
116.238.139.35 - - [26/Apr/2023:08:47:44 +0800] "GET /xingrg/all/function/internal_message.html?_=1682470064225&CODE_STATE=getMsg HTTP/1.1" 200 27
222.69.131.221 - - [26/Apr/2023:08:47:44 +0800] "GET /xingrg/kc/buy/cgsh_order_operate.html?command=get_materiel&rest_code=00149&code=00101008257&supplier_code=00100008&order_time=2023-04-26 HTTP/1.1" 200 416
180.171.122.0 - - [26/Apr/2023:08:47:44 +0800] "GET /xingrg/kc/buy/cgsh_order_operate.html?command=get_materiel&rest_code=00111&code=00101001045&supplier_code=00100439&order_time=2023-04-26 HTTP/1.1" 200 421
116.224.158.100 - - [26/Apr/2023:08:47:45 +0800] "GET /xingrg/all/function/internal_message.html?_=1682470067838&CODE_STATE=getMsg HTTP/1.1" 200 27
116.224.158.100 - - [26/Apr/2023:08:47:46 +0800] "GET /xingrg/all/function/internal_message.html?_=1682469905983&CODE_STATE=getMsg HTTP/1.1" 200 27
222.69.131.221 - - [26/Apr/2023:08:47:46 +0800] "GET /xingrg/all/function/internal_message.html?_=1682470065314&CODE_STATE=getMsg HTTP/1.1" 200 27
116.227.208.255 - - [26/Apr/2023:08:47:46 +0800] "GET /xingrg/kc/buy/cgsh_order_operate.html?command=get_materiel&rest_code=00155&code=00101007061&supplier_code=00100002&order_time=2023-04-26 HTTP/1.1" 200 409
116.238.139.35 - - [26/Apr/2023:08:47:46 +0800] "GET /xingrg/kc/buy/cgsh_order_operate.html?command=get_materiel&rest_code=00150&code=00101008264&supplier_code=00100008&order_time=2023-04-26 HTTP/1.1" 200 412
116.224.158.100 - - [26/Apr/2023:08:47:49 +0800] "GET /xingrg/kc/buy/cgsh_order_operate.html?command=get_materiel&rest_code=00105&code=00101008069&supplier_code=00100203&order_time=2023-04-26 HTTP/1.1" 200 412
101.229.22.234 - - [26/Apr/2023:08:47:52 +0800] "GET /xingrg/kc/buy/cgsh_order_operate.html?command=get_materiel&rest_code=00142&code=00101008059&supplier_code=00100161&order_time=2023-04-26 HTTP/1.1" 200 408
180.171.122.0 - - [26/Apr/2023:08:47:53 +0800] "GET /xingrg/all/function/internal_message.html?_=1682470072167&CODE_STATE=getMsg HTTP/1.1" 200 27
124.79.240.114 - - [26/Apr/2023:08:47:54 +0800] "GET /xingrg/kc/base/check_order_list.html HTTP/1.1" 200 16223
124.79.240.114 - - [26/Apr/2023:08:47:54 +0800] "POST /xingrg/kc/base/check_list_operate.html HTTP/1.1" 200 781
116.227.208.255 - - [26/Apr/2023:08:47:55 +0800] "GET /xingrg/kc/buy/cgsh_order_operate.html?command=get_materiel&rest_code=00155&code=00101007072&supplier_code=00100002&order_time=2023-04-26 HTTP/1.1" 200 413
124.79.240.114 - - [26/Apr/2023:08:47:56 +0800] "GET /xingrg/kc/report/report_main.html HTTP/1.1" 200 7340
124.79.240.114 - - [26/Apr/2023:08:47:58 +0800] "GET /xingrg/all/report/report_query.html?fileName=kc/buy/gys_amount.xml&rh=99999 HTTP/1.1" 200 52006
124.79.240.114 - - [26/Apr/2023:08:47:58 +0800] "GET /xingrg/dwr/util.js HTTP/1.1" 304 -
124.79.240.114 - - [26/Apr/2023:08:47:58 +0800] "GET /xingrg/dwr/interface/AjaxReportQueryService.js HTTP/1.1" 200 13203
124.79.240.114 - - [26/Apr/2023:08:47:58 +0800] "GET /xingrg/dwr/engine.js HTTP/1.1" 200 43631
124.79.240.114 - - [26/Apr/2023:08:47:58 +0800] "POST /xingrg/dwr/call/plaincall/AjaxReportQueryService.getFixDate.dwr HTTP/1.1" 200 111
116.238.139.35 - - [26/Apr/2023:08:47:59 +0800] "GET /xingrg/kc/buy/cgsh_order_operate.html?command=get_materiel&rest_code=00150&code=00101008209&supplier_code=00100008&order_time=2023-04-26 HTTP/1.1" 200 409
124.79.240.114 - - [26/Apr/2023:08:47:59 +0800] "POST /xingrg/dwr/call/plaincall/AjaxReportQueryService.getInitString.dwr HTTP/1.1" 200 1023
124.79.240.114 - - [26/Apr/2023:08:47:59 +0800] "POST /xingrg/all/common/load_tree.html?tree=supplier_tree_json&manage=1 HTTP/1.1" 200 75171
124.79.240.114 - - [26/Apr/2023:08:47:59 +0800] "POST /xingrg/all/common/load_tree.html?tree=materiel_sort_tree_json HTTP/1.1" 200 9500
222.69.131.221 - - [26/Apr/2023:08:47:59 +0800] "GET /xingrg/kc/buy/cgsh_order_operate.html?command=get_materiel&rest_code=00149&code=00101008331&supplier_code=00100008&order_time=2023-04-26 HTTP/1.1" 200 416
116.224.106.218 - - [26/Apr/2023:08:48:00 +0800] "GET /xingrg/all/function/internal_message.html?_=1682470079195&CODE_STATE=getMsg HTTP/1.1" 200 27
116.227.208.255 - - [26/Apr/2023:08:48:01 +0800] "GET /xingrg/kc/buy/cgsh_order_operate.html?command=get_materiel&rest_code=00155&code=00101007077&supplier_code=00100002&order_time=2023-04-26 HTTP/1.1" 200 415
116.238.139.35 - - [26/Apr/2023:08:48:01 +0800] "GET /xingrg/all/function/internal_message.html?_=1682470015025&CODE_STATE=getMsg HTTP/1.1" 200 27
101.229.22.234 - - [26/Apr/2023:08:48:02 +0800] "GET /xingrg/kc/buy/cgsh_order_operate.html?command=get_materiel&rest_code=00142&code=00101008361&supplier_code=00100161&order_time=2023-04-26 HTTP/1.1" 200 408
180.171.122.0 - - [26/Apr/2023:08:48:02 +0800] "GET /xingrg/kc/buy/cgsh_order_operate.html?command=get_materiel&rest_code=00111&code=00102026001&supplier_code=00100439&order_time=2023-04-26 HTTP/1.1" 200 409
124.79.240.114 - - [26/Apr/2023:08:48:04 +0800] "POST /xingrg/dwr/call/plaincall/AjaxReportQueryService.getFixDate.dwr HTTP/1.1" 200 111
116.224.158.100 - - [26/Apr/2023:08:48:04 +0800] "GET /xingrg/kc/buy/cgsh_order_operate.html?command=get_materiel&rest_code=00105&code=00101008352&supplier_code=00100203&order_time=2023-04-26 HTTP/1.1" 200 412
116.230.117.27 - - [26/Apr/2023:08:48:09 +0800] "GET /xingrg/all/function/internal_message.html?_=1682470099304&CODE_STATE=getMsg HTTP/1.1" 200 27
116.227.208.255 - - [26/Apr/2023:08:48:13 +0800] "POST /xingrg/kc/buy/cgsh_order_operate.html HTTP/1.1" 200 37
101.229.22.234 - - [26/Apr/2023:08:48:14 +0800] "GET /xingrg/kc/buy/cgsh_order_operate.html?command=get_materiel&rest_code=00142&code=00101008372&supplier_code=00100161&order_time=2023-04-26 HTTP/1.1" 200 408
222.69.131.221 - - [26/Apr/2023:08:48:14 +0800] "GET /xingrg/kc/buy/cgsh_order_operate.html?command=get_materiel&rest_code=00149&code=00101008185&supplier_code=00100008&order_time=2023-04-26 HTTP/1.1" 200 408
116.227.208.255 - - [26/Apr/2023:08:48:15 +0800] "POST /xingrg/kc/buy/cgsh_order_operate.html HTTP/1.1" 200 3840
116.227.208.255 - - [26/Apr/2023:08:48:16 +0800] "GET /xingrg/all/function/internal_message.html?_=1682470162235&CODE_STATE=getMsg HTTP/1.1" 200 27
101.229.22.234 - - [26/Apr/2023:08:48:16 +0800] "GET /xingrg/all/function/internal_message.html?_=1682470095758&CODE_STATE=getMsg HTTP/1.1" 200 27
116.238.139.35 - - [26/Apr/2023:08:48:16 +0800] "POST /xingrg/kc/buy/cgsh_order_operate.html HTTP/1.1" 200 88
116.227.208.255 - - [26/Apr/2023:08:48:17 +0800] "GET /xingrg/kc/print/load_data.html?order_code=212023042609042&kc_code=cgsh&condition= HTTP/1.1" 200 1204
116.224.158.100 - - [26/Apr/2023:08:48:20 +0800] "GET /xingrg/kc/buy/cgsh_order_operate.html?command=get_materiel&rest_code=00105&code=00101008353&supplier_code=00100203&order_time=2023-04-26 HTTP/1.1" 200 408
116.227.208.255 - - [26/Apr/2023:08:48:20 +0800] "GET /xingrg/kc/print/load_data.html?order_code=212023042609042&kc_code=cgsh HTTP/1.1" 200 1204
116.238.139.35 - - [26/Apr/2023:08:48:25 +0800] "POST /xingrg/kc/buy/cgsh_order_operate.html HTTP/1.1" 200 37
116.238.139.35 - - [26/Apr/2023:08:48:27 +0800] "POST /xingrg/kc/buy/cgsh_order_operate.html HTTP/1.1" 200 13878
101.229.22.234 - - [26/Apr/2023:08:48:27 +0800] "GET /xingrg/kc/buy/cgsh_order_operate.html?command=get_materiel&rest_code=00142&code=00101008024&supplier_code=00100161&order_time=2023-04-26 HTTP/1.1" 200 408
116.224.158.100 - - [26/Apr/2023:08:48:29 +0800] "GET /xingrg/kc/buy/cgsh_order_operate.html?command=get_materiel&rest_code=00105&code=00101008185&supplier_code=00100203&order_time=2023-04-26 HTTP/1.1" 200 408
222.69.131.221 - - [26/Apr/2023:08:48:30 +0800] "GET /xingrg/kc/buy/cgsh_order_operate.html?command=get_materiel&rest_code=00149&code=00101008354&supplier_code=00100008&order_time=2023-04-26 HTTP/1.1" 200 412
180.164.3.199 - - [26/Apr/2023:08:48:32 +0800] "GET /xingrg/all/function/internal_message.html?_=1682470112164&CODE_STATE=getMsg HTTP/1.1" 200 27
116.227.208.255 - - [26/Apr/2023:08:48:34 +0800] "GET /xingrg/kc/buy/cgsh_order_add.html HTTP/1.1" 200 71043
116.227.208.255 - - [26/Apr/2023:08:48:34 +0800] "POST /xingrg/kc/buy/cgsh_order_operate.html HTTP/1.1" 200 8245
116.227.208.255 - - [26/Apr/2023:08:48:34 +0800] "GET /xingrg/javascript/easyui/themes/default/validatebox.css HTTP/1.1" 404 1104
124.79.240.114 - - [26/Apr/2023:08:48:35 +0800] "GET /xingrg/all/function/internal_message.html?_=1682470387537&CODE_STATE=getMsg HTTP/1.1" 200 27
180.171.122.0 - - [26/Apr/2023:08:48:37 +0800] "GET /xingrg/kc/buy/cgsh_order_operate.html?command=get_materiel&rest_code=00111&code=00101001117&supplier_code=00100439&order_time=2023-04-26 HTTP/1.1" 200 422
101.229.22.234 - - [26/Apr/2023:08:48:38 +0800] "GET /xingrg/kc/buy/cgsh_order_operate.html?command=get_materiel&rest_code=00142&code=00101008356&supplier_code=00100161&order_time=2023-04-26 HTTP/1.1" 200 408
180.152.240.159 - - [26/Apr/2023:08:48:38 +0800] "GET /xingrg/all/function/internal_message.html?_=1682470120801&CODE_STATE=getMsg HTTP/1.1" 302 -
116.238.139.35 - - [26/Apr/2023:08:48:41 +0800] "GET /xingrg/kc/buy/cgsh_order_operate.html?command=get_materiel&rest_code=00150&code=00101008321&supplier_code=00100008&order_time=2023-04-26 HTTP/1.1" 200 412
116.224.158.100 - - [26/Apr/2023:08:48:42 +0800] "GET /xingrg/kc/buy/cgsh_order_operate.html?command=get_materiel&rest_code=00105&code=00101015066&supplier_code=00100203&order_time=2023-04-26 HTTP/1.1" 200 413
116.227.208.255 - - [26/Apr/2023:08:48:44 +0800] "GET /xingrg/kc/buy/cgsh_order_operate.html?command=get_materiel&rest_code=00155&code=00101008072&supplier_code=00100005&order_time=2023-04-26 HTTP/1.1" 200 408
116.238.139.35 - - [26/Apr/2023:08:48:44 +0800] "GET /xingrg/all/function/internal_message.html?_=1682470124215&CODE_STATE=getMsg HTTP/1.1" 200 27
116.224.158.100 - - [26/Apr/2023:08:48:45 +0800] "GET /xingrg/all/function/internal_message.html?_=1682470127771&CODE_STATE=getMsg HTTP/1.1" 200 27
116.224.158.100 - - [26/Apr/2023:08:48:45 +0800] "GET /xingrg/check_reg.html?_=1682470127830 HTTP/1.1" 200 22
222.69.131.221 - - [26/Apr/2023:08:48:46 +0800] "GET /xingrg/all/function/internal_message.html?_=1682470125301&CODE_STATE=getMsg HTTP/1.1" 200 27
116.224.158.100 - - [26/Apr/2023:08:48:46 +0800] "GET /xingrg/all/function/internal_message.html?_=1682469965983&CODE_STATE=getMsg HTTP/1.1" 200 27
116.224.158.100 - - [26/Apr/2023:08:48:49 +0800] "GET /xingrg/kc/buy/cgsh_order_operate.html?command=get_materiel&rest_code=00105&code=00101009056&supplier_code=00100203&order_time=2023-04-26 HTTP/1.1" 200 413
180.171.122.0 - - [26/Apr/2023:08:48:52 +0800] "POST /xingrg/kc/buy/cgsh_order_operate.html HTTP/1.1" 200 37
116.227.208.255 - - [26/Apr/2023:08:48:54 +0800] "GET /xingrg/kc/buy/cgsh_order_operate.html?command=get_materiel&rest_code=00155&code=00101008199&supplier_code=00100005&order_time=2023-04-26 HTTP/1.1" 200 408
180.171.122.0 - - [26/Apr/2023:08:48:55 +0800] "POST /xingrg/kc/buy/cgsh_order_operate.html HTTP/1.1" 200 3863
101.229.22.234 - - [26/Apr/2023:08:48:55 +0800] "GET /xingrg/kc/buy/cgsh_order_operate.html?command=get_materiel&rest_code=00142&code=00101008286&supplier_code=00100161&order_time=2023-04-26 HTTP/1.1" 200 408
116.224.158.100 - - [26/Apr/2023:08:48:56 +0800] "GET /xingrg/kc/buy/cgsh_order_operate.html?command=get_materiel&rest_code=00105&code=00101015038&supplier_code=00100203&order_time=2023-04-26 HTTP/1.1" 200 418
180.171.122.0 - - [26/Apr/2023:08:48:57 +0800] "GET /xingrg/kc/print/load_data.html?order_code=212023042609045&kc_code=cgsh&condition= HTTP/1.1" 200 1158
116.224.106.218 - - [26/Apr/2023:08:49:00 +0800] "GET /xingrg/all/function/internal_message.html?_=1682470139184&CODE_STATE=getMsg HTTP/1.1" 200 27
116.238.139.35 - - [26/Apr/2023:08:49:01 +0800] "GET /xingrg/all/function/internal_message.html?_=1682470075033&CODE_STATE=getMsg HTTP/1.1" 200 27
