180.163.29.79 - - [26/Apr/2023:10:39:30 +0800] "GET /xingrg/login.html HTTP/1.1" 200 7641
180.164.3.199 - - [26/Apr/2023:10:39:31 +0800] "GET /xingrg/all/function/internal_message.html?_=1682476770855&CODE_STATE=getMsg HTTP/1.1" 200 27
120.253.135.82 - - [26/Apr/2023:10:39:31 +0800] "POST /xingrg/kc/pszx/jzcl_ps_operate.html HTTP/1.1" 200 397
120.253.135.82 - - [26/Apr/2023:10:39:31 +0800] "GET /xingrg/kc/pszx/mdps_order_list.html HTTP/1.1" 200 21032
180.169.147.146 - - [26/Apr/2023:10:39:32 +0800] "POST /xingrg/kc/buy/cgsh_list_operate.html HTTP/1.1" 200 6212
120.253.135.82 - - [26/Apr/2023:10:39:32 +0800] "POST /xingrg/kc/pszx/mdps_list_operate.html HTTP/1.1" 200 5274
124.78.153.117 - - [26/Apr/2023:10:39:33 +0800] "GET /xingrg/kc/buy/cgsh_order_operate.html?command=get_materiel&rest_code=00106&code=00101020082&supplier_code=00100032&order_time=2023-04-26 HTTP/1.1" 200 409
172.20.0.100 - - [26/Apr/2023:10:39:34 +0800] "GET /xingrg/all/function/internal_message.html?_=1682476757779&CODE_STATE=getMsg HTTP/1.1" 302 -
180.152.240.159 - - [26/Apr/2023:10:39:34 +0800] "GET /xingrg/all/function/internal_message.html?_=1682476776322&CODE_STATE=getMsg HTTP/1.1" 200 27
180.152.240.159 - - [26/Apr/2023:10:39:34 +0800] "GET /xingrg/check_reg.html?_=1682476776326 HTTP/1.1" 200 22
124.79.240.114 - - [26/Apr/2023:10:39:36 +0800] "GET /xingrg/all/function/internal_message.html?_=1682477047691&CODE_STATE=getMsg HTTP/1.1" 200 27
116.230.117.27 - - [26/Apr/2023:10:39:36 +0800] "GET /xingrg/all/function/internal_message.html?_=1682476786161&CODE_STATE=getMsg HTTP/1.1" 200 27
124.78.153.117 - - [26/Apr/2023:10:39:36 +0800] "GET /xingrg/kc/base/wldb_order_operate.html?command=get_materiel&rest_code=00106&base_code=0010396&code=00101019306 HTTP/1.1" 200 479
124.79.74.67 - - [26/Apr/2023:10:39:38 +0800] "GET /xingrg/all/function/internal_message.html?_=1682476778298&CODE_STATE=getMsg HTTP/1.1" 200 27
116.238.139.35 - - [26/Apr/2023:10:39:41 +0800] "GET /xingrg/kc/buy/cgsh_order_operate.html?command=get_materiel&rest_code=00150&code=00101028005&supplier_code=00100018&order_time=2023-04-26 HTTP/1.1" 200 434
116.238.139.35 - - [26/Apr/2023:10:39:42 +0800] "GET /xingrg/all/function/internal_message.html?_=1682476782452&CODE_STATE=getMsg HTTP/1.1" 200 27
124.79.240.114 - - [26/Apr/2023:10:39:42 +0800] "GET /xingrg/all/function/internal_message.html?_=1682476782693&CODE_STATE=getMsg HTTP/1.1" 200 27
124.78.153.117 - - [26/Apr/2023:10:39:43 +0800] "GET /xingrg/all/function/internal_message.html?_=1682476785274&CODE_STATE=getMsg HTTP/1.1" 200 27
116.227.208.255 - - [26/Apr/2023:10:39:44 +0800] "GET /xingrg/all/function/internal_message.html?_=1682476784112&CODE_STATE=getMsg HTTP/1.1" 200 27
180.169.147.146 - - [26/Apr/2023:10:39:44 +0800] "POST /xingrg/kc/buy/cgsh_list_operate.html HTTP/1.1" 200 199
124.78.153.117 - - [26/Apr/2023:10:39:45 +0800] "GET /xingrg/kc/buy/cgsh_order_operate.html?command=get_materiel&rest_code=00106&code=00101016105&supplier_code=00100032&order_time=2023-04-26 HTTP/1.1" 200 409
116.224.158.100 - - [26/Apr/2023:10:39:46 +0800] "GET /xingrg/all/function/internal_message.html?_=1682476626166&CODE_STATE=getMsg HTTP/1.1" 200 27
180.169.147.146 - - [26/Apr/2023:10:39:47 +0800] "GET /xingrg/kc/buy/cgsh_order_info.html?code=212023042509027 HTTP/1.1" 200 71083
180.169.147.146 - - [26/Apr/2023:10:39:47 +0800] "GET /xingrg/javascript/easyui/themes/default/validatebox.css HTTP/1.1" 404 1104
180.169.147.146 - - [26/Apr/2023:10:39:48 +0800] "POST /xingrg/kc/buy/cgsh_order_operate.html HTTP/1.1" 200 2659
124.78.153.117 - - [26/Apr/2023:10:39:49 +0800] "POST /xingrg/kc/base/wldb_order_operate.html HTTP/1.1" 200 37
124.78.153.117 - - [26/Apr/2023:10:39:49 +0800] "GET /xingrg/check_reg.html?_=1682476789570 HTTP/1.1" 200 22
124.78.153.117 - - [26/Apr/2023:10:39:49 +0800] "POST /xingrg/kc/base/wldb_order_operate.html HTTP/1.1" 200 4723
124.78.153.117 - - [26/Apr/2023:10:39:50 +0800] "GET /xingrg/kc/base/wldb_order_info.html?code=422023042602079 HTTP/1.1" 200 30395
124.78.153.117 - - [26/Apr/2023:10:39:50 +0800] "GET /xingrg/javascript/easyui/themes/default/validatebox.css HTTP/1.1" 404 1104
180.169.147.146 - - [26/Apr/2023:10:39:51 +0800] "GET /xingrg/all/function/internal_message.html?_=1682476783527&CODE_STATE=getMsg HTTP/1.1" 200 27
124.78.153.117 - - [26/Apr/2023:10:39:51 +0800] "POST /xingrg/kc/base/wldb_order_operate.html HTTP/1.1" 200 4723
58.40.7.146 - - [26/Apr/2023:10:39:52 +0800] "GET /xingrg/all/function/internal_message.html?_=1682476792651&CODE_STATE=getMsg HTTP/1.1" 200 27
124.78.153.117 - - [26/Apr/2023:10:39:52 +0800] "GET /xingrg/kc/buy/cgsh_order_operate.html?command=get_materiel&rest_code=00106&code=00101010248&supplier_code=00100032&order_time=2023-04-26 HTTP/1.1" 200 430
180.169.147.146 - - [26/Apr/2023:10:39:53 +0800] "GET /xingrg/javascript/auto/indicator.gif HTTP/1.1" 404 1066
124.78.153.117 - - [26/Apr/2023:10:39:54 +0800] "GET /xingrg/kc/base/wldb_order_add.html HTTP/1.1" 200 30381
124.78.153.117 - - [26/Apr/2023:10:39:55 +0800] "POST /xingrg/kc/base/wldb_order_operate.html HTTP/1.1" 200 6806
124.78.153.117 - - [26/Apr/2023:10:39:55 +0800] "GET /xingrg/javascript/easyui/themes/default/validatebox.css HTTP/1.1" 404 1104
101.229.22.234 - - [26/Apr/2023:10:39:56 +0800] "GET /xingrg/all/function/internal_message.html?_=1682476795123&CODE_STATE=getMsg HTTP/1.1" 200 27
124.78.153.117 - - [26/Apr/2023:10:39:56 +0800] "POST /xingrg/all/common/load_combo.html?type=base HTTP/1.1" 200 3227
180.163.29.79 - - [26/Apr/2023:10:39:57 +0800] "GET /xingrg/all/function/internal_message.html?_=1682476737696&CODE_STATE=getMsg HTTP/1.1" 302 -
180.163.29.79 - - [26/Apr/2023:10:39:57 +0800] "GET /xingrg/login.html HTTP/1.1" 200 7641
124.78.153.117 - - [26/Apr/2023:10:39:57 +0800] "GET /xingrg/all/function/internal_message.html?_=1682476797707&CODE_STATE=getMsg HTTP/1.1" 200 27
116.224.106.218 - - [26/Apr/2023:10:39:58 +0800] "GET /xingrg/all/function/internal_message.html?_=1682476797278&CODE_STATE=getMsg HTTP/1.1" 200 27
124.78.153.117 - - [26/Apr/2023:10:39:59 +0800] "POST /xingrg/all/common/load_combo.html?type=base HTTP/1.1" 200 3227
58.221.95.50 - - [26/Apr/2023:10:40:01 +0800] "GET /xingrg/check_reg.html?_=1682476801407 HTTP/1.1" 200 22
180.169.147.146 - - [26/Apr/2023:10:40:03 +0800] "POST /xingrg/kc/buy/cgsh_order_operate.html HTTP/1.1" 200 37
116.238.139.35 - - [26/Apr/2023:10:40:04 +0800] "GET /xingrg/kc/buy/cgsh_order_operate.html?command=get_materiel&rest_code=00150&code=00101027016&supplier_code=00100018&order_time=2023-04-26 HTTP/1.1" 200 443
180.169.147.146 - - [26/Apr/2023:10:40:05 +0800] "GET /xingrg/all/function/internal_message.html?_=1682476805098&CODE_STATE=getMsg HTTP/1.1" 200 27
180.171.122.0 - - [26/Apr/2023:10:40:05 +0800] "GET /xingrg/all/function/internal_message.html?_=1682476803803&CODE_STATE=getMsg HTTP/1.1" 200 27
172.20.0.100 - - [26/Apr/2023:10:40:05 +0800] "GET /xingrg/check_reg.html?_=1682476812423 HTTP/1.1" 200 22
172.20.0.100 - - [26/Apr/2023:10:40:05 +0800] "GET /xingrg/all/function/internal_message.html?_=1682476812424&CODE_STATE=getMsg HTTP/1.1" 200 27
120.253.135.82 - - [26/Apr/2023:10:40:05 +0800] "POST /xingrg/kc/pszx/mdps_list_operate.html HTTP/1.1" 200 3502
116.224.158.100 - - [26/Apr/2023:10:40:06 +0800] "GET /xingrg/all/function/internal_message.html?_=1682476808264&CODE_STATE=getMsg HTTP/1.1" 200 27
120.253.135.82 - - [26/Apr/2023:10:40:07 +0800] "POST /xingrg/kc/pszx/mdps_list_operate.html HTTP/1.1" 200 205
120.253.135.82 - - [26/Apr/2023:10:40:08 +0800] "GET /xingrg/kc/pszx/mdps_order_info.html?code=312023042500488 HTTP/1.1" 200 23978
120.253.135.82 - - [26/Apr/2023:10:40:09 +0800] "GET /xingrg/javascript/easyui/themes/default/validatebox.css HTTP/1.1" 404 1104
116.238.139.35 - - [26/Apr/2023:10:40:09 +0800] "GET /xingrg/all/function/internal_message.html?_=1682476742453&CODE_STATE=getMsg HTTP/1.1" 200 27
120.253.135.82 - - [26/Apr/2023:10:40:09 +0800] "POST /xingrg/kc/pszx/mdps_order_operate.html HTTP/1.1" 200 2280
124.78.153.117 - - [26/Apr/2023:10:40:14 +0800] "GET /xingrg/kc/base/wldb_order_operate.html?command=get_materiel&rest_code=00106&base_code=0010396&code=00101019448 HTTP/1.1" 200 484
101.229.22.234 - - [26/Apr/2023:10:40:22 +0800] "GET /xingrg/kc/buy/cgsh_order_operate.html?command=get_materiel&rest_code=00142&code=00102002452&supplier_code=00100182&order_time=2023-04-26 HTTP/1.1" 200 23
120.253.135.82 - - [26/Apr/2023:10:40:22 +0800] "POST /xingrg/kc/pszx/mdps_list_operate.html HTTP/1.1" 200 2796
116.227.208.255 - - [26/Apr/2023:10:40:22 +0800] "GET /xingrg/all/function/internal_message.html?_=1682476888416&CODE_STATE=getMsg HTTP/1.1" 200 27
116.227.208.255 - - [26/Apr/2023:10:40:22 +0800] "GET /xingrg/check_reg.html?_=1682476888420 HTTP/1.1" 200 22
116.238.139.35 - - [26/Apr/2023:10:40:22 +0800] "POST /xingrg/kc/buy/cgsh_order_operate.html HTTP/1.1" 200 37
180.169.147.146 - - [26/Apr/2023:10:40:22 +0800] "POST /xingrg/kc/buy/cgsh_order_operate.html HTTP/1.1" 200 2656
222.69.131.221 - - [26/Apr/2023:10:40:23 +0800] "GET /xingrg/all/function/internal_message.html?_=1682476822525&CODE_STATE=getMsg HTTP/1.1" 200 27
120.253.135.82 - - [26/Apr/2023:10:40:24 +0800] "POST /xingrg/kc/pszx/mdps_list_operate.html HTTP/1.1" 200 633
124.78.153.117 - - [26/Apr/2023:10:40:27 +0800] "POST /xingrg/kc/buy/cgsh_order_operate.html HTTP/1.1" 200 88
120.253.135.82 - - [26/Apr/2023:10:40:27 +0800] "GET /xingrg/kc/pszx/mdps_order_info.html?code=312023042600523 HTTP/1.1" 200 23976
120.253.135.82 - - [26/Apr/2023:10:40:28 +0800] "GET /xingrg/javascript/easyui/themes/default/validatebox.css HTTP/1.1" 404 1104
120.253.135.82 - - [26/Apr/2023:10:40:28 +0800] "POST /xingrg/kc/pszx/mdps_order_operate.html HTTP/1.1" 200 4810
180.164.3.199 - - [26/Apr/2023:10:40:31 +0800] "GET /xingrg/all/function/internal_message.html?_=1682476830835&CODE_STATE=getMsg HTTP/1.1" 200 27
101.229.22.234 - - [26/Apr/2023:10:40:34 +0800] "POST /xingrg/kc/buy/cgsh_order_operate.html HTTP/1.1" 200 37
172.20.0.100 - - [26/Apr/2023:10:40:34 +0800] "GET /xingrg/check_reg.html?_=1682476817767 HTTP/1.1" 302 -
172.20.0.100 - - [26/Apr/2023:10:40:34 +0800] "GET /xingrg/all/function/internal_message.html?_=1682476817770&CODE_STATE=getMsg HTTP/1.1" 302 -
180.152.240.159 - - [26/Apr/2023:10:40:34 +0800] "GET /xingrg/all/function/internal_message.html?_=1682476836337&CODE_STATE=getMsg HTTP/1.1" 200 27
124.79.240.114 - - [26/Apr/2023:10:40:36 +0800] "GET /xingrg/all/function/internal_message.html?_=1682477107689&CODE_STATE=getMsg HTTP/1.1" 200 27
101.229.22.234 - - [26/Apr/2023:10:40:36 +0800] "POST /xingrg/kc/buy/cgsh_order_operate.html HTTP/1.1" 200 3268
116.230.117.27 - - [26/Apr/2023:10:40:36 +0800] "GET /xingrg/all/function/internal_message.html?_=1682476846176&CODE_STATE=getMsg HTTP/1.1" 200 27
116.224.106.218 - - [26/Apr/2023:10:40:36 +0800] "GET /xingrg/check_reg.html?_=1682476835517 HTTP/1.1" 200 22
124.79.74.67 - - [26/Apr/2023:10:40:38 +0800] "GET /xingrg/all/function/internal_message.html?_=1682476838297&CODE_STATE=getMsg HTTP/1.1" 200 27
124.78.153.117 - - [26/Apr/2023:10:40:38 +0800] "POST /xingrg/kc/buy/cgsh_order_operate.html HTTP/1.1" 200 88
116.238.139.35 - - [26/Apr/2023:10:40:38 +0800] "POST /xingrg/kc/buy/cgsh_order_operate.html HTTP/1.1" 200 12
124.78.153.117 - - [26/Apr/2023:10:40:38 +0800] "GET /xingrg/kc/base/wldb_order_operate.html?command=get_materiel&rest_code=00106&base_code=0010396&code=00101019536 HTTP/1.1" 200 471
116.238.139.35 - - [26/Apr/2023:10:40:40 +0800] "GET /xingrg/kc/buy/cgsh_order_info.html?code=212023042609092 HTTP/1.1" 200 66034
116.238.139.35 - - [26/Apr/2023:10:40:41 +0800] "GET /xingrg/javascript/easyui/themes/default/validatebox.css HTTP/1.1" 404 1104
116.238.139.35 - - [26/Apr/2023:10:40:42 +0800] "POST /xingrg/kc/buy/cgsh_order_operate.html HTTP/1.1" 200 1242
120.253.135.82 - - [26/Apr/2023:10:40:42 +0800] "POST /xingrg/kc/pszx/mdps_list_operate.html HTTP/1.1" 200 2796
116.238.139.35 - - [26/Apr/2023:10:40:42 +0800] "GET /xingrg/all/function/internal_message.html?_=1682476842437&CODE_STATE=getMsg HTTP/1.1" 200 27
124.79.240.114 - - [26/Apr/2023:10:40:42 +0800] "GET /xingrg/all/function/internal_message.html?_=1682476842702&CODE_STATE=getMsg HTTP/1.1" 200 27
101.229.22.234 - - [26/Apr/2023:10:40:43 +0800] "POST /xingrg/kc/buy/cgsh_order_operate.html HTTP/1.1" 200 37
120.253.135.82 - - [26/Apr/2023:10:40:43 +0800] "POST /xingrg/kc/pszx/mdps_list_operate.html HTTP/1.1" 200 218
124.78.153.117 - - [26/Apr/2023:10:40:43 +0800] "GET /xingrg/check_reg.html?_=1682476845286 HTTP/1.1" 200 22
124.78.153.117 - - [26/Apr/2023:10:40:43 +0800] "GET /xingrg/all/function/internal_message.html?_=1682476845289&CODE_STATE=getMsg HTTP/1.1" 200 27
116.227.208.255 - - [26/Apr/2023:10:40:44 +0800] "GET /xingrg/all/function/internal_message.html?_=1682476844115&CODE_STATE=getMsg HTTP/1.1" 200 27
120.253.135.82 - - [26/Apr/2023:10:40:45 +0800] "GET /xingrg/kc/pszx/mdps_order_info.html?code=312023042600503 HTTP/1.1" 200 23974
120.253.135.82 - - [26/Apr/2023:10:40:45 +0800] "GET /xingrg/javascript/easyui/themes/default/validatebox.css HTTP/1.1" 404 1104
120.253.135.82 - - [26/Apr/2023:10:40:46 +0800] "POST /xingrg/kc/pszx/mdps_order_operate.html HTTP/1.1" 200 2303
116.224.158.100 - - [26/Apr/2023:10:40:46 +0800] "GET /xingrg/check_reg.html?_=1682476686164 HTTP/1.1" 200 22
116.224.158.100 - - [26/Apr/2023:10:40:46 +0800] "GET /xingrg/all/function/internal_message.html?_=1682476686166&CODE_STATE=getMsg HTTP/1.1" 200 27
180.164.3.199 - - [26/Apr/2023:10:40:46 +0800] "GET /xingrg/check_reg.html?_=1682476846544 HTTP/1.1" 200 22
124.78.153.117 - - [26/Apr/2023:10:40:47 +0800] "POST /xingrg/kc/buy/cgsh_order_operate.html HTTP/1.1" 200 37
101.229.22.234 - - [26/Apr/2023:10:40:47 +0800] "POST /xingrg/kc/buy/cgsh_order_operate.html HTTP/1.1" 200 3268
116.238.139.35 - - [26/Apr/2023:10:40:47 +0800] "GET /xingrg/kc/print/load_data.html?order_code=212023042609092&kc_code=cgsh&condition= HTTP/1.1" 200 1054
120.253.135.82 - - [26/Apr/2023:10:40:48 +0800] "POST /xingrg/kc/pszx/mdps_list_operate.html HTTP/1.1" 200 2796
124.78.153.117 - - [26/Apr/2023:10:40:49 +0800] "POST /xingrg/kc/buy/cgsh_order_operate.html HTTP/1.1" 200 6793
120.253.135.82 - - [26/Apr/2023:10:40:50 +0800] "POST /xingrg/kc/pszx/mdps_list_operate.html HTTP/1.1" 200 652
180.169.147.146 - - [26/Apr/2023:10:40:50 +0800] "GET /xingrg/all/function/internal_message.html?_=1682476843504&CODE_STATE=getMsg HTTP/1.1" 200 27
120.253.135.82 - - [26/Apr/2023:10:40:51 +0800] "GET /xingrg/kc/pszx/mdps_order_info.html?code=312023042600502 HTTP/1.1" 200 23976
120.253.135.82 - - [26/Apr/2023:10:40:52 +0800] "GET /xingrg/javascript/easyui/themes/default/validatebox.css HTTP/1.1" 404 1104
58.40.7.146 - - [26/Apr/2023:10:40:52 +0800] "GET /xingrg/all/function/internal_message.html?_=1682476852653&CODE_STATE=getMsg HTTP/1.1" 200 27
120.253.135.82 - - [26/Apr/2023:10:40:52 +0800] "POST /xingrg/kc/pszx/mdps_order_operate.html HTTP/1.1" 200 4904
101.229.22.234 - - [26/Apr/2023:10:40:56 +0800] "GET /xingrg/all/function/internal_message.html?_=1682476855125&CODE_STATE=getMsg HTTP/1.1" 200 27
101.229.22.234 - - [26/Apr/2023:10:40:56 +0800] "GET /xingrg/check_reg.html?_=1682476855128 HTTP/1.1" 200 22
116.238.139.35 - - [26/Apr/2023:10:40:56 +0800] "GET /xingrg/kc/buy/cgsh_order_add.html HTTP/1.1" 200 71123
116.238.139.35 - - [26/Apr/2023:10:40:57 +0800] "POST /xingrg/kc/buy/cgsh_order_operate.html HTTP/1.1" 200 8245
116.238.139.35 - - [26/Apr/2023:10:40:57 +0800] "GET /xingrg/javascript/easyui/themes/default/validatebox.css HTTP/1.1" 404 1104
124.78.153.117 - - [26/Apr/2023:10:40:58 +0800] "GET /xingrg/login.html HTTP/1.1" 200 7641
116.224.106.218 - - [26/Apr/2023:10:40:58 +0800] "GET /xingrg/all/function/internal_message.html?_=1682476857249&CODE_STATE=getMsg HTTP/1.1" 200 27
124.78.153.117 - - [26/Apr/2023:10:40:59 +0800] "GET /favicon.ico HTTP/1.1" 404 -
101.229.22.234 - - [26/Apr/2023:10:41:02 +0800] "POST /xingrg/kc/buy/cgsh_list_operate.html HTTP/1.1" 200 2307
124.78.153.117 - - [26/Apr/2023:10:41:02 +0800] "POST /xingrg/login.do HTTP/1.1" 302 -
124.78.153.117 - - [26/Apr/2023:10:41:02 +0800] "GET /xingrg/index.html?sysBaseUrl=http%3A%2F%2F180.169.147.146%3A18081%2Fxingrg%2F&costTime=1232×tamp=1682476862841 HTTP/1.1" 200 17173
124.78.153.117 - - [26/Apr/2023:10:41:03 +0800] "GET /favicon.ico HTTP/1.1" 404 -
120.253.135.82 - - [26/Apr/2023:10:41:03 +0800] "POST /xingrg/kc/pszx/mdps_list_operate.html HTTP/1.1" 200 2796
124.78.153.117 - - [26/Apr/2023:10:41:03 +0800] "GET /xingrg/all/function/internal_message.html?_=1682476863874&CODE_STATE=count HTTP/1.1" 200 11
124.78.153.117 - - [26/Apr/2023:10:41:03 +0800] "GET /xingrg/check_reg.html?_=1682476863877 HTTP/1.1" 200 22
124.78.153.117 - - [26/Apr/2023:10:41:03 +0800] "POST /xingrg/all/common/load_tree.html?tree=area_rest_tree_json&manage=1 HTTP/1.1" 200 342
124.78.153.117 - - [26/Apr/2023:10:41:04 +0800] "POST /xingrg/load_menu.html HTTP/1.1" 200 5138
120.253.135.82 - - [26/Apr/2023:10:41:05 +0800] "POST /xingrg/kc/pszx/mdps_list_operate.html HTTP/1.1" 200 630
180.171.122.0 - - [26/Apr/2023:10:41:05 +0800] "GET /xingrg/all/function/internal_message.html?_=1682476863815&CODE_STATE=getMsg HTTP/1.1" 200 27
180.169.147.146 - - [26/Apr/2023:10:41:05 +0800] "GET /xingrg/all/function/internal_message.html?_=1682476865102&CODE_STATE=getMsg HTTP/1.1" 200 27
172.20.0.100 - - [26/Apr/2023:10:41:05 +0800] "GET /xingrg/all/function/internal_message.html?_=1682476872422&CODE_STATE=getMsg HTTP/1.1" 200 27
180.171.122.0 - - [26/Apr/2023:10:41:06 +0800] "GET /xingrg/check_reg.html?_=1682476864894 HTTP/1.1" 200 22
116.224.158.100 - - [26/Apr/2023:10:41:06 +0800] "GET /xingrg/all/function/internal_message.html?_=1682476868244&CODE_STATE=getMsg HTTP/1.1" 200 27
120.253.135.82 - - [26/Apr/2023:10:41:07 +0800] "POST /xingrg/kc/pszx/mdps_list_operate.html HTTP/1.1" 200 633
120.253.135.82 - - [26/Apr/2023:10:41:08 +0800] "GET /xingrg/kc/pszx/mdps_order_info.html?code=312023042600523 HTTP/1.1" 200 23976
120.253.135.82 - - [26/Apr/2023:10:41:09 +0800] "GET /xingrg/javascript/easyui/themes/default/validatebox.css HTTP/1.1" 404 1104
116.238.139.35 - - [26/Apr/2023:10:41:09 +0800] "GET /xingrg/all/function/internal_message.html?_=1682476802466&CODE_STATE=getMsg HTTP/1.1" 200 27
120.253.135.82 - - [26/Apr/2023:10:41:09 +0800] "POST /xingrg/kc/pszx/mdps_order_operate.html HTTP/1.1" 200 4810
101.229.22.234 - - [26/Apr/2023:10:41:10 +0800] "GET /xingrg/login.html HTTP/1.1" 200 7641
101.229.22.234 - - [26/Apr/2023:10:41:11 +0800] "GET /favicon.ico HTTP/1.1" 404 -
124.78.153.117 - - [26/Apr/2023:10:41:16 +0800] "GET /xingrg/kc/base/wldb_order_operate.html?command=get_materiel&rest_code=00106&base_code=0010396&code=00101019400 HTTP/1.1" 200 465
101.229.22.234 - - [26/Apr/2023:10:41:18 +0800] "POST /xingrg/login.do HTTP/1.1" 302 -
101.229.22.234 - - [26/Apr/2023:10:41:18 +0800] "GET /xingrg/index.html?sysBaseUrl=http%3A%2F%2F180.169.147.146%3A18081%2Fxingrg%2F&costTime=916×tamp=1682476878707 HTTP/1.1" 200 17179
101.229.22.234 - - [26/Apr/2023:10:41:18 +0800] "GET /favicon.ico HTTP/1.1" 404 -
101.229.22.234 - - [26/Apr/2023:10:41:19 +0800] "GET /xingrg/all/function/internal_message.html?_=1682476878136&CODE_STATE=count HTTP/1.1" 200 11
101.229.22.234 - - [26/Apr/2023:10:41:19 +0800] "GET /xingrg/check_reg.html?_=1682476878136 HTTP/1.1" 200 22
101.229.22.234 - - [26/Apr/2023:10:41:19 +0800] "POST /xingrg/all/common/load_tree.html?tree=area_rest_tree_json&manage=1 HTTP/1.1" 200 351
101.229.22.234 - - [26/Apr/2023:10:41:19 +0800] "POST /xingrg/load_menu.html HTTP/1.1" 200 5138
120.253.135.82 - - [26/Apr/2023:10:41:20 +0800] "GET /xingrg/kc/pszx/mdps_order_operate.html?command=get_materiel&pszx_code=00101&rest_code=00103&base_code=0010250&code=00102002361 HTTP/1.1" 200 415
180.157.251.71 - - [26/Apr/2023:10:41:21 +0800] "GET /xingrg/index.html?sysBaseUrl=http%3A%2F%2F180.169.147.146%3A18081%2Fxingrg%2F&costTime=44×tamp=1622098168715 HTTP/1.1" 302 -
180.157.251.71 - - [26/Apr/2023:10:41:21 +0800] "GET /xingrg/login.html HTTP/1.1" 200 7641
180.157.251.71 - - [26/Apr/2023:10:41:21 +0800] "GET /favicon.ico HTTP/1.1" 404 -
116.227.208.255 - - [26/Apr/2023:10:41:22 +0800] "GET /xingrg/all/function/internal_message.html?_=1682476948403&CODE_STATE=getMsg HTTP/1.1" 200 27
101.229.22.234 - - [26/Apr/2023:10:41:23 +0800] "GET /xingrg/kc/buy/cgsh_order_list.html HTTP/1.1" 200 55291
222.69.131.221 - - [26/Apr/2023:10:41:23 +0800] "GET /xingrg/all/function/internal_message.html?_=1682476882524&CODE_STATE=getMsg HTTP/1.1" 200 27
116.238.139.35 - - [26/Apr/2023:10:41:27 +0800] "GET /xingrg/kc/buy/cgsh_order_operate.html?command=get_materiel&rest_code=00150&code=00101029009&supplier_code=00100017&order_time=2023-04-26 HTTP/1.1" 200 477
120.253.135.82 - - [26/Apr/2023:10:41:27 +0800] "POST /xingrg/kc/pszx/mdps_order_operate.html HTTP/1.1" 200 37
180.152.240.159 - - [26/Apr/2023:10:41:27 +0800] "GET /xingrg/kc/base/wldb_order_add.html HTTP/1.1" 200 30377
180.152.240.159 - - [26/Apr/2023:10:41:27 +0800] "POST /xingrg/kc/base/wldb_order_operate.html HTTP/1.1" 200 6806
180.152.240.159 - - [26/Apr/2023:10:41:28 +0800] "GET /xingrg/javascript/easyui/themes/default/validatebox.css HTTP/1.1" 404 1104
120.253.135.82 - - [26/Apr/2023:10:41:28 +0800] "GET /xingrg/kc/pszx/mdps_order_info.html?code=312023042600523 HTTP/1.1" 200 23976
101.229.22.234 - - [26/Apr/2023:10:41:28 +0800] "POST /xingrg/kc/buy/cgsh_list_operate.html HTTP/1.1" 200 2307
180.152.240.159 - - [26/Apr/2023:10:41:28 +0800] "POST /xingrg/all/common/load_combo.html?type=base HTTP/1.1" 200 3321
120.253.135.82 - - [26/Apr/2023:10:41:29 +0800] "GET /xingrg/javascript/easyui/themes/default/validatebox.css HTTP/1.1" 404 1104
120.253.135.82 - - [26/Apr/2023:10:41:30 +0800] "POST /xingrg/kc/pszx/mdps_order_operate.html HTTP/1.1" 200 5289
180.157.251.71 - - [26/Apr/2023:10:41:30 +0800] "POST /xingrg/login.do HTTP/1.1" 302 -
180.157.251.71 - - [26/Apr/2023:10:41:30 +0800] "GET /xingrg/index.html?sysBaseUrl=http%3A%2F%2F180.169.147.146%3A18081%2Fxingrg%2F&costTime=1237×tamp=1682476890523 HTTP/1.1" 200 17179
180.157.251.71 - - [26/Apr/2023:10:41:30 +0800] "GET /favicon.ico HTTP/1.1" 404 -
180.157.251.71 - - [26/Apr/2023:10:41:30 +0800] "GET /xingrg/all/function/internal_message.html?_=1682476897260&CODE_STATE=count HTTP/1.1" 200 11
180.157.251.71 - - [26/Apr/2023:10:41:30 +0800] "GET /xingrg/check_reg.html?_=1682476897260 HTTP/1.1" 200 22
180.157.251.71 - - [26/Apr/2023:10:41:30 +0800] "POST /xingrg/all/common/load_tree.html?tree=area_rest_tree_json&manage=1 HTTP/1.1" 200 351
180.157.251.71 - - [26/Apr/2023:10:41:30 +0800] "POST /xingrg/load_menu.html HTTP/1.1" 200 5138
180.164.3.199 - - [26/Apr/2023:10:41:31 +0800] "GET /xingrg/all/function/internal_message.html?_=1682476890810&CODE_STATE=getMsg HTTP/1.1" 200 27
120.253.135.82 - - [26/Apr/2023:10:41:31 +0800] "POST /xingrg/kc/pszx/mdps_list_operate.html HTTP/1.1" 200 2796
101.229.22.234 - - [26/Apr/2023:10:41:31 +0800] "POST /xingrg/kc/buy/cgsh_list_operate.html HTTP/1.1" 200 288
180.152.240.159 - - [26/Apr/2023:10:41:31 +0800] "POST /xingrg/all/common/load_combo.html?type=base HTTP/1.1" 200 3321
120.253.135.82 - - [26/Apr/2023:10:41:33 +0800] "POST /xingrg/kc/pszx/mdps_list_operate.html HTTP/1.1" 200 630
101.229.22.234 - - [26/Apr/2023:10:41:33 +0800] "GET /xingrg/kc/buy/cgsh_order_info.html?code=212023042609094 HTTP/1.1" 200 70195
101.229.22.234 - - [26/Apr/2023:10:41:33 +0800] "GET /xingrg/javascript/easyui/themes/default/validatebox.css HTTP/1.1" 404 1104
101.229.22.234 - - [26/Apr/2023:10:41:33 +0800] "GET /xingrg/all/common/auto_word.html?type=employee&rest_code=00142 HTTP/1.1" 200 105
101.229.22.234 - - [26/Apr/2023:10:41:33 +0800] "GET /xingrg/all/common/auto_word.html?type=employee&rest_code=00142 HTTP/1.1" 200 105
172.20.0.100 - - [26/Apr/2023:10:41:34 +0800] "GET /xingrg/all/function/internal_message.html?_=1682476877770&CODE_STATE=getMsg HTTP/1.1" 302 -
180.152.240.159 - - [26/Apr/2023:10:41:34 +0800] "GET /xingrg/all/function/internal_message.html?_=1682476896323&CODE_STATE=getMsg HTTP/1.1" 200 27
101.229.22.234 - - [26/Apr/2023:10:41:34 +0800] "POST /xingrg/kc/buy/cgsh_order_operate.html HTTP/1.1" 200 3268
120.253.135.82 - - [26/Apr/2023:10:41:34 +0800] "POST /xingrg/kc/pszx/mdps_list_operate.html HTTP/1.1" 200 652
120.253.135.82 - - [26/Apr/2023:10:41:35 +0800] "GET /xingrg/kc/pszx/mdps_order_info.html?code=312023042600502 HTTP/1.1" 200 23976
124.79.240.114 - - [26/Apr/2023:10:41:36 +0800] "GET /xingrg/all/function/internal_message.html?_=1682477167687&CODE_STATE=getMsg HTTP/1.1" 200 27
124.79.240.114 - - [26/Apr/2023:10:41:36 +0800] "GET /xingrg/check_reg.html?_=1682477167688 HTTP/1.1" 200 22
116.230.117.27 - - [26/Apr/2023:10:41:36 +0800] "GET /xingrg/check_reg.html?_=1682476906093 HTTP/1.1" 200 22
116.230.117.27 - - [26/Apr/2023:10:41:36 +0800] "GET /xingrg/all/function/internal_message.html?_=1682476906204&CODE_STATE=getMsg HTTP/1.1" 200 27
120.253.135.82 - - [26/Apr/2023:10:41:36 +0800] "GET /xingrg/javascript/easyui/themes/default/validatebox.css HTTP/1.1" 404 1104
120.253.135.82 - - [26/Apr/2023:10:41:36 +0800] "POST /xingrg/kc/pszx/mdps_order_operate.html HTTP/1.1" 200 4904
124.79.74.67 - - [26/Apr/2023:10:41:38 +0800] "GET /xingrg/check_reg.html?_=1682476898298 HTTP/1.1" 200 22
124.79.74.67 - - [26/Apr/2023:10:41:38 +0800] "GET /xingrg/all/function/internal_message.html?_=1682476898300&CODE_STATE=getMsg HTTP/1.1" 200 27
124.78.153.117 - - [26/Apr/2023:10:41:38 +0800] "GET /xingrg/kc/buy/buy_main.html HTTP/1.1" 200 12412
124.78.153.117 - - [26/Apr/2023:10:41:38 +0800] "GET /xingrg/css/new_ie.css HTTP/1.1" 404 1036
101.229.22.234 - - [26/Apr/2023:10:41:38 +0800] "GET /xingrg/javascript/auto/indicator.gif HTTP/1.1" 404 1066
120.253.135.82 - - [26/Apr/2023:10:41:39 +0800] "POST /xingrg/kc/pszx/mdps_list_operate.html HTTP/1.1" 200 2796
124.78.153.117 - - [26/Apr/2023:10:41:39 +0800] "GET /xingrg/images/yd/bt.gif HTTP/1.1" 404 1040
180.152.240.159 - - [26/Apr/2023:10:41:40 +0800] "GET /xingrg/kc/base/wldb_order_operate.html?command=get_materiel&rest_code=00102&base_code=0010476&code=00101019079 HTTP/1.1" 200 479
124.78.153.117 - - [26/Apr/2023:10:41:40 +0800] "GET /xingrg/kc/buy/cgsh_order_list.html HTTP/1.1" 200 55285
120.253.135.82 - - [26/Apr/2023:10:41:40 +0800] "POST /xingrg/kc/pszx/mdps_list_operate.html HTTP/1.1" 200 630
120.253.135.82 - - [26/Apr/2023:10:41:42 +0800] "GET /xingrg/kc/pszx/mdps_order_info.html?code=312023042600501 HTTP/1.1" 200 23976
120.253.135.82 - - [26/Apr/2023:10:41:42 +0800] "GET /xingrg/javascript/easyui/themes/default/validatebox.css HTTP/1.1" 404 1104
116.238.139.35 - - [26/Apr/2023:10:41:42 +0800] "GET /xingrg/all/function/internal_message.html?_=1682476902421&CODE_STATE=getMsg HTTP/1.1" 200 27
124.79.240.114 - - [26/Apr/2023:10:41:42 +0800] "GET /xingrg/all/function/internal_message.html?_=1682476902694&CODE_STATE=getMsg HTTP/1.1" 200 27
120.253.135.82 - - [26/Apr/2023:10:41:43 +0800] "POST /xingrg/kc/pszx/mdps_order_operate.html HTTP/1.1" 200 11991
101.229.22.234 - - [26/Apr/2023:10:41:43 +0800] "GET /xingrg/kc/buy/cgsh_order_operate.html?command=get_materiel&rest_code=00142&code=00102002452&supplier_code=00100182&order_time=2023-04-26 HTTP/1.1" 200 413
124.78.153.117 - - [26/Apr/2023:10:41:43 +0800] "GET /xingrg/all/function/internal_message.html?_=1682476905293&CODE_STATE=getMsg HTTP/1.1" 200 27
180.152.240.159 - - [26/Apr/2023:10:41:44 +0800] "GET /xingrg/kc/base/wldb_order_operate.html?command=get_materiel&rest_code=00102&base_code=0010476&code=00101019315 HTTP/1.1" 200 475
124.78.153.117 - - [26/Apr/2023:10:41:44 +0800] "POST /xingrg/kc/buy/cgsh_list_operate.html HTTP/1.1" 200 1870
116.227.208.255 - - [26/Apr/2023:10:41:44 +0800] "GET /xingrg/all/function/internal_message.html?_=1682476904104&CODE_STATE=getMsg HTTP/1.1" 200 27
116.224.158.100 - - [26/Apr/2023:10:41:46 +0800] "GET /xingrg/all/function/internal_message.html?_=1682476746164&CODE_STATE=getMsg HTTP/1.1" 200 27
124.78.153.117 - - [26/Apr/2023:10:41:46 +0800] "POST /xingrg/kc/buy/cgsh_list_operate.html HTTP/1.1" 200 562
124.78.153.117 - - [26/Apr/2023:10:41:48 +0800] "GET /xingrg/kc/buy/cgsh_order_info.html?code=212023042609096 HTTP/1.1" 200 71078
124.78.153.117 - - [26/Apr/2023:10:41:48 +0800] "GET /xingrg/javascript/easyui/themes/default/validatebox.css HTTP/1.1" 404 1104
124.78.153.117 - - [26/Apr/2023:10:41:48 +0800] "GET /xingrg/all/common/auto_word.html?type=employee&rest_code=00106 HTTP/1.1" 200 205
124.78.153.117 - - [26/Apr/2023:10:41:48 +0800] "GET /xingrg/all/common/auto_word.html?type=employee&rest_code=00106 HTTP/1.1" 200 205
180.152.240.159 - - [26/Apr/2023:10:41:48 +0800] "GET /xingrg/kc/base/wldb_order_operate.html?command=get_materiel&rest_code=00102&base_code=0010476&code=00101019195 HTTP/1.1" 200 472
116.238.139.35 - - [26/Apr/2023:10:41:48 +0800] "GET /xingrg/kc/buy/cgsh_order_operate.html?command=get_materiel&rest_code=00150&code=00101029003&supplier_code=00100017&order_time=2023-04-26 HTTP/1.1" 200 454
124.78.153.117 - - [26/Apr/2023:10:41:49 +0800] "POST /xingrg/kc/buy/cgsh_order_operate.html HTTP/1.1" 200 6793
124.78.153.117 - - [26/Apr/2023:10:41:50 +0800] "GET /xingrg/kc/base/wldb_order_operate.html?command=get_materiel&rest_code=00106&base_code=0010396&code=00101019133 HTTP/1.1" 200 480
180.169.147.146 - - [26/Apr/2023:10:41:50 +0800] "GET /xingrg/all/function/internal_message.html?_=1682476903476&CODE_STATE=getMsg HTTP/1.1" 200 27
58.40.7.146 - - [26/Apr/2023:10:41:52 +0800] "GET /xingrg/all/function/internal_message.html?_=1682476912645&CODE_STATE=getMsg HTTP/1.1" 200 27
180.152.240.159 - - [26/Apr/2023:10:41:55 +0800] "GET /xingrg/kc/base/wldb_order_operate.html?command=get_materiel&rest_code=00102&base_code=0010476&code=00101019391 HTTP/1.1" 200 485
116.224.106.218 - - [26/Apr/2023:10:41:58 +0800] "GET /xingrg/all/function/internal_message.html?_=1682476917237&CODE_STATE=getMsg HTTP/1.1" 200 27
180.152.240.159 - - [26/Apr/2023:10:42:01 +0800] "GET /xingrg/kc/base/wldb_order_operate.html?command=get_materiel&rest_code=00102&base_code=0010476&code=00101019187 HTTP/1.1" 200 478
124.78.153.117 - - [26/Apr/2023:10:42:02 +0800] "GET /xingrg/kc/base/wldb_order_operate.html?command=get_materiel&rest_code=00106&base_code=0010396&code=00101019079 HTTP/1.1" 200 478
124.78.153.117 - - [26/Apr/2023:10:42:03 +0800] "GET /xingrg/all/function/internal_message.html?_=1682476923897&CODE_STATE=getMsg HTTP/1.1" 200 27
180.169.147.146 - - [26/Apr/2023:10:42:05 +0800] "POST /xingrg/kc/buy/cgsh_list_operate.html HTTP/1.1" 200 6212
180.171.122.0 - - [26/Apr/2023:10:42:05 +0800] "GET /xingrg/all/function/internal_message.html?_=1682476923787&CODE_STATE=getMsg HTTP/1.1" 200 27
180.169.147.146 - - [26/Apr/2023:10:42:05 +0800] "GET /xingrg/check_reg.html?_=1682476925104 HTTP/1.1" 200 22
180.169.147.146 - - [26/Apr/2023:10:42:05 +0800] "GET /xingrg/all/function/internal_message.html?_=1682476925109&CODE_STATE=getMsg HTTP/1.1" 200 27
172.20.0.100 - - [26/Apr/2023:10:42:05 +0800] "GET /xingrg/all/function/internal_message.html?_=1682476932421&CODE_STATE=getMsg HTTP/1.1" 200 27
116.224.158.100 - - [26/Apr/2023:10:42:06 +0800] "GET /xingrg/all/function/internal_message.html?_=1682476928244&CODE_STATE=getMsg HTTP/1.1" 200 27
116.238.139.35 - - [26/Apr/2023:10:42:09 +0800] "GET /xingrg/check_reg.html?_=1682476862232 HTTP/1.1" 200 22
116.238.139.35 - - [26/Apr/2023:10:42:09 +0800] "GET /xingrg/all/function/internal_message.html?_=1682476862479&CODE_STATE=getMsg HTTP/1.1" 200 27
180.152.240.159 - - [26/Apr/2023:10:42:10 +0800] "GET /xingrg/kc/base/wldb_order_operate.html?command=get_materiel&rest_code=00102&base_code=0010476&code=00101016029 HTTP/1.1" 200 460
101.229.22.234 - - [26/Apr/2023:10:42:11 +0800] "POST /xingrg/kc/buy/cgsh_order_operate.html HTTP/1.1" 200 37
116.238.139.35 - - [26/Apr/2023:10:42:11 +0800] "GET /xingrg/kc/buy/cgsh_order_operate.html?command=get_materiel&rest_code=00150&code=00101029025&supplier_code=00100017&order_time=2023-04-26 HTTP/1.1" 200 464
180.157.251.71 - - [26/Apr/2023:10:42:12 +0800] "GET /xingrg/kc/mdqp/qqps_order_list.html HTTP/1.1" 200 9664
180.157.251.71 - - [26/Apr/2023:10:42:12 +0800] "GET /xingrg/dwr/interface/AjaxQqpsService.js HTTP/1.1" 200 16326
180.157.251.71 - - [26/Apr/2023:10:42:12 +0800] "GET /xingrg/dwr/interface/AjaxReportQueryService.js HTTP/1.1" 200 13203
180.157.251.71 - - [26/Apr/2023:10:42:12 +0800] "GET /xingrg/dwr/engine.js HTTP/1.1" 200 43631
101.229.22.234 - - [26/Apr/2023:10:42:13 +0800] "POST /xingrg/kc/buy/cgsh_order_operate.html HTTP/1.1" 200 3865
180.157.251.71 - - [26/Apr/2023:10:42:13 +0800] "GET /xingrg/kc/mdqp/qqps_order_list.html HTTP/1.1" 200 9664
180.157.251.71 - - [26/Apr/2023:10:42:13 +0800] "GET /xingrg/dwr/interface/AjaxQqpsService.js HTTP/1.1" 200 16326
180.157.251.71 - - [26/Apr/2023:10:42:13 +0800] "GET /xingrg/dwr/interface/AjaxReportQueryService.js HTTP/1.1" 200 13203
180.157.251.71 - - [26/Apr/2023:10:42:13 +0800] "GET /xingrg/dwr/engine.js HTTP/1.1" 200 43631
180.157.251.71 - - [26/Apr/2023:10:42:16 +0800] "GET /xingrg/kc/mdqp/qqps_order_add.html HTTP/1.1" 200 28300
180.157.251.71 - - [26/Apr/2023:10:42:16 +0800] "GET /xingrg/dwr/interface/AjaxComOrderService.js HTTP/1.1" 200 18264
180.157.251.71 - - [26/Apr/2023:10:42:16 +0800] "GET /xingrg/dwr/interface/AjaxQqpsService.js HTTP/1.1" 200 16326
180.157.251.71 - - [26/Apr/2023:10:42:16 +0800] "GET /xingrg/dwr/engine.js HTTP/1.1" 200 43631
101.229.22.234 - - [26/Apr/2023:10:42:19 +0800] "GET /xingrg/all/function/internal_message.html?_=1682476938154&CODE_STATE=getMsg HTTP/1.1" 200 27
124.78.153.117 - - [26/Apr/2023:10:42:19 +0800] "POST /xingrg/kc/base/wldb_order_operate.html HTTP/1.1" 200 37
124.78.153.117 - - [26/Apr/2023:10:42:20 +0800] "POST /xingrg/kc/base/wldb_order_operate.html HTTP/1.1" 200 5760
120.253.135.82 - - [26/Apr/2023:10:42:20 +0800] "POST /xingrg/kc/pszx/mdps_order_operate.html HTTP/1.1" 200 37
124.78.153.117 - - [26/Apr/2023:10:42:21 +0800] "GET /xingrg/kc/base/wldb_order_info.html?code=422023042602080 HTTP/1.1" 200 30396
120.253.135.82 - - [26/Apr/2023:10:42:21 +0800] "GET /xingrg/kc/pszx/mdps_order_info.html?code=312023042600501 HTTP/1.1" 200 23976
124.78.153.117 - - [26/Apr/2023:10:42:22 +0800] "GET /xingrg/javascript/easyui/themes/default/validatebox.css HTTP/1.1" 404 1104
101.229.22.234 - - [26/Apr/2023:10:42:22 +0800] "POST /xingrg/kc/buy/cgsh_order_operate.html HTTP/1.1" 200 37
120.253.135.82 - - [26/Apr/2023:10:42:22 +0800] "GET /xingrg/javascript/easyui/themes/default/validatebox.css HTTP/1.1" 404 1104
116.227.208.255 - - [26/Apr/2023:10:42:22 +0800] "GET /xingrg/all/function/internal_message.html?_=1682477008409&CODE_STATE=getMsg HTTP/1.1" 200 27
124.78.153.117 - - [26/Apr/2023:10:42:22 +0800] "POST /xingrg/kc/base/wldb_order_operate.html HTTP/1.1" 200 5760
124.78.153.117 - - [26/Apr/2023:10:42:23 +0800] "POST /xingrg/kc/buy/cgsh_list_operate.html HTTP/1.1" 200 1870
120.253.135.82 - - [26/Apr/2023:10:42:23 +0800] "POST /xingrg/kc/pszx/mdps_order_operate.html HTTP/1.1" 200 11017
222.69.131.221 - - [26/Apr/2023:10:42:23 +0800] "GET /xingrg/all/function/internal_message.html?_=1682476942531&CODE_STATE=getMsg HTTP/1.1" 200 27
180.157.251.71 - - [26/Apr/2023:10:42:25 +0800] "GET /favicon.ico HTTP/1.1" 404 -
124.78.153.117 - - [26/Apr/2023:10:42:25 +0800] "GET /xingrg/kc/base/base_main.html HTTP/1.1" 200 12142
180.152.240.159 - - [26/Apr/2023:10:42:25 +0800] "POST /xingrg/kc/base/wldb_order_operate.html HTTP/1.1" 200 37
180.152.240.159 - - [26/Apr/2023:10:42:26 +0800] "POST /xingrg/kc/base/wldb_order_operate.html HTTP/1.1" 200 4756
120.253.135.82 - - [26/Apr/2023:10:42:27 +0800] "POST /xingrg/kc/pszx/mdps_list_operate.html HTTP/1.1" 200 2796
124.78.153.117 - - [26/Apr/2023:10:42:27 +0800] "GET /xingrg/kc/base/wldb_order_list.html HTTP/1.1" 200 19098
124.78.153.117 - - [26/Apr/2023:10:42:28 +0800] "POST /xingrg/kc/base/wldb_list_operate.html HTTP/1.1" 200 2560
120.253.135.82 - - [26/Apr/2023:10:42:29 +0800] "POST /xingrg/kc/pszx/mdps_list_operate.html HTTP/1.1" 200 652
180.157.251.71 - - [26/Apr/2023:10:42:29 +0800] "POST /xingrg/dwr/call/plaincall/AjaxQqpsService.saveOrder.dwr HTTP/1.1" 200 78
101.229.22.234 - - [26/Apr/2023:10:42:29 +0800] "POST /xingrg/kc/buy/cgsh_order_operate.html HTTP/1.1" 200 12
124.78.153.117 - - [26/Apr/2023:10:42:30 +0800] "GET /xingrg/kc/buy/buy_main.html HTTP/1.1" 200 12412
124.78.153.117 - - [26/Apr/2023:10:42:30 +0800] "GET /xingrg/css/new_ie.css HTTP/1.1" 404 1036
124.78.153.117 - - [26/Apr/2023:10:42:30 +0800] "GET /xingrg/javascript/jquery_ui/themes/humanity/humanity.css HTTP/1.1" 304 -
124.78.153.117 - - [26/Apr/2023:10:42:30 +0800] "GET /xingrg/javascript/ToolTips.js HTTP/1.1" 304 -
124.78.153.117 - - [26/Apr/2023:10:42:30 +0800] "GET /xingrg/javascript/jquery_ui/jquery-ui.min.js HTTP/1.1" 304 -
124.78.153.117 - - [26/Apr/2023:10:42:30 +0800] "GET /xingrg/images/blue/button/cgshd.gif HTTP/1.1" 304 -
124.78.153.117 - - [26/Apr/2023:10:42:30 +0800] "GET /xingrg/images/blue/button/cgydd.gif HTTP/1.1" 304 -
124.78.153.117 - - [26/Apr/2023:10:42:30 +0800] "GET /xingrg/images/blue/button/cgfkd.gif HTTP/1.1" 304 -
124.78.153.117 - - [26/Apr/2023:10:42:30 +0800] "GET /xingrg/images/blue/button/cgxqd.gif HTTP/1.1" 304 -
124.78.153.117 - - [26/Apr/2023:10:42:30 +0800] "GET /xingrg/images/blue/button/ckthd.gif HTTP/1.1" 304 -
124.78.153.117 - - [26/Apr/2023:10:42:30 +0800] "GET /xingrg/javascript/jquery_ui/themes/humanity/images/ui-bg_inset-soft_100_f4f0ec_1x100.png HTTP/1.1" 304 -
124.78.153.117 - - [26/Apr/2023:10:42:30 +0800] "GET /xingrg/images/blue/button/down_ah.jpg HTTP/1.1" 304 -
124.78.153.117 - - [26/Apr/2023:10:42:30 +0800] "GET /xingrg/javascript/jquery_ui/themes/humanity/images/ui-bg_glass_70_ede4d4_1x400.png HTTP/1.1" 304 -
124.78.153.117 - - [26/Apr/2023:10:42:30 +0800] "GET /xingrg/javascript/jquery_ui/themes/humanity/images/ui-icons_c47a23_256x240.png HTTP/1.1" 304 -
124.78.153.117 - - [26/Apr/2023:10:42:30 +0800] "GET /xingrg/javascript/jquery_ui/themes/humanity/images/ui-icons_ffffff_256x240.png HTTP/1.1" 304 -
124.78.153.117 - - [26/Apr/2023:10:42:30 +0800] "GET /xingrg/javascript/jquery_ui/themes/humanity/images/ui-iconsnew.jpg HTTP/1.1" 304 -
180.157.251.71 - - [26/Apr/2023:10:42:30 +0800] "GET /xingrg/all/function/internal_message.html?_=1682476957273&CODE_STATE=getMsg HTTP/1.1" 200 27
180.164.3.199 - - [26/Apr/2023:10:42:31 +0800] "GET /xingrg/all/function/internal_message.html?_=1682476950808&CODE_STATE=getMsg HTTP/1.1" 200 27
120.253.135.82 - - [26/Apr/2023:10:42:31 +0800] "POST /xingrg/kc/pszx/mdps_list_operate.html HTTP/1.1" 200 633
124.78.153.117 - - [26/Apr/2023:10:42:32 +0800] "GET /xingrg/images/yd/bt.gif HTTP/1.1" 404 1040
101.229.22.234 - - [26/Apr/2023:10:42:32 +0800] "GET /xingrg/kc/buy/cgsh_order_info.html?code=212023042609094 HTTP/1.1" 200 65090
101.229.22.234 - - [26/Apr/2023:10:42:32 +0800] "GET /xingrg/javascript/easyui/themes/default/validatebox.css HTTP/1.1" 404 1104
124.78.153.117 - - [26/Apr/2023:10:42:33 +0800] "GET /xingrg/kc/buy/cgsh_order_list.html HTTP/1.1" 200 55285
180.157.251.71 - - [26/Apr/2023:10:42:33 +0800] "GET /xingrg/javascript/auto/indicator.gif HTTP/1.1" 404 1066
101.229.22.234 - - [26/Apr/2023:10:42:33 +0800] "POST /xingrg/kc/buy/cgsh_order_operate.html HTTP/1.1" 200 1815
172.20.0.100 - - [26/Apr/2023:10:42:34 +0800] "GET /xingrg/all/function/internal_message.html?_=1682476937773&CODE_STATE=getMsg HTTP/1.1" 302 -
180.152.240.159 - - [26/Apr/2023:10:42:34 +0800] "GET /xingrg/all/function/internal_message.html?_=1682476956324&CODE_STATE=getMsg HTTP/1.1" 200 27
120.253.135.82 - - [26/Apr/2023:10:42:35 +0800] "GET /xingrg/kc/pszx/mdps_order_info.html?code=312023042600502 HTTP/1.1" 200 23976
101.229.22.234 - - [26/Apr/2023:10:42:35 +0800] "GET /xingrg/kc/print/load_config.html?kc_code=cgsh HTTP/1.1" 200 1925
116.238.139.35 - - [26/Apr/2023:10:42:36 +0800] "GET /xingrg/kc/buy/cgsh_order_operate.html?command=get_materiel&rest_code=00150&code=00101028012&supplier_code=00100017&order_time=2023-04-26 HTTP/1.1" 200 456
120.253.135.82 - - [26/Apr/2023:10:42:36 +0800] "GET /xingrg/javascript/easyui/themes/default/validatebox.css HTTP/1.1" 404 1104
124.79.240.114 - - [26/Apr/2023:10:42:36 +0800] "GET /xingrg/all/function/internal_message.html?_=1682477227721&CODE_STATE=getMsg HTTP/1.1" 200 27
116.230.117.27 - - [26/Apr/2023:10:42:36 +0800] "GET /xingrg/all/function/internal_message.html?_=1682476966219&CODE_STATE=getMsg HTTP/1.1" 200 27
8.134.81.19 - - [26/Apr/2023:10:42:37 +0800] "GET / HTTP/1.0" 404 -
124.78.153.117 - - [26/Apr/2023:10:42:37 +0800] "POST /xingrg/kc/buy/cgsh_list_operate.html HTTP/1.1" 200 1870
180.152.240.159 - - [26/Apr/2023:10:42:37 +0800] "POST /xingrg/kc/base/wldb_order_operate.html HTTP/1.1" 200 12
101.229.22.234 - - [26/Apr/2023:10:42:37 +0800] "GET /xingrg/kc/print/load_data.html?order_code=212023042609094&kc_code=cgsh&condition= HTTP/1.1" 200 1236
120.253.135.82 - - [26/Apr/2023:10:42:37 +0800] "POST /xingrg/kc/pszx/mdps_order_operate.html HTTP/1.1" 200 4904
124.78.64.125 - - [26/Apr/2023:10:42:37 +0800] "GET /xingrg/check_reg.html?_=1682476486577 HTTP/1.1" 200 22
124.79.74.67 - - [26/Apr/2023:10:42:37 +0800] "GET /xingrg/all/function/internal_message.html?_=1682476958299&CODE_STATE=getMsg HTTP/1.1" 200 27
180.152.240.159 - - [26/Apr/2023:10:42:38 +0800] "GET /xingrg/kc/base/wldb_order_info.html?code=422023042602081 HTTP/1.1" 200 26254
180.152.240.159 - - [26/Apr/2023:10:42:39 +0800] "GET /xingrg/javascript/easyui/themes/default/validatebox.css HTTP/1.1" 404 1104
180.152.240.159 - - [26/Apr/2023:10:42:39 +0800] "POST /xingrg/kc/base/wldb_order_operate.html HTTP/1.1" 200 2996
180.152.240.159 - - [26/Apr/2023:10:42:41 +0800] "GET /xingrg/kc/base/wldb_order_add.html HTTP/1.1" 200 30377
180.152.240.159 - - [26/Apr/2023:10:42:42 +0800] "POST /xingrg/kc/base/wldb_order_operate.html HTTP/1.1" 200 6806
180.152.240.159 - - [26/Apr/2023:10:42:42 +0800] "GET /xingrg/javascript/easyui/themes/default/validatebox.css HTTP/1.1" 404 1104
116.238.139.35 - - [26/Apr/2023:10:42:42 +0800] "GET /xingrg/all/function/internal_message.html?_=1682476962400&CODE_STATE=getMsg HTTP/1.1" 200 27
124.79.240.114 - - [26/Apr/2023:10:42:42 +0800] "GET /xingrg/all/function/internal_message.html?_=1682476962695&CODE_STATE=getMsg HTTP/1.1" 200 27
180.152.240.159 - - [26/Apr/2023:10:42:43 +0800] "POST /xingrg/all/common/load_combo.html?type=base HTTP/1.1" 200 3321
124.78.153.117 - - [26/Apr/2023:10:42:43 +0800] "GET /xingrg/all/function/internal_message.html?_=1682476965290&CODE_STATE=getMsg HTTP/1.1" 200 27
180.157.251.71 - - [26/Apr/2023:10:42:43 +0800] "POST /xingrg/dwr/call/plaincall/AjaxQqpsService.getMaterielByCode.dwr HTTP/1.1" 200 2747
116.227.208.255 - - [26/Apr/2023:10:42:44 +0800] "GET /xingrg/all/function/internal_message.html?_=1682476964127&CODE_STATE=getMsg HTTP/1.1" 200 27
180.152.240.159 - - [26/Apr/2023:10:42:45 +0800] "POST /xingrg/all/common/load_combo.html?type=base HTTP/1.1" 200 3321
116.224.158.100 - - [26/Apr/2023:10:42:46 +0800] "GET /xingrg/all/function/internal_message.html?_=1682476806163&CODE_STATE=getMsg HTTP/1.1" 200 27
120.253.135.82 - - [26/Apr/2023:10:42:48 +0800] "GET /xingrg/kc/pszx/mdps_order_operate.html?command=get_materiel&pszx_code=00101&rest_code=00103&base_code=0010246&code=00101013205 HTTP/1.1" 200 428
180.163.28.114 - - [26/Apr/2023:10:42:48 +0800] "GET /xingrg/all/common/auto_word.html?type=employee&rest_code=00106 HTTP/1.1" 302 -
180.163.28.114 - - [26/Apr/2023:10:42:48 +0800] "GET /xingrg/login.html HTTP/1.1" 200 7641
124.78.64.125 - - [26/Apr/2023:10:42:50 +0800] "POST /xingrg/services/DataTransmitService HTTP/1.1" 200 524
180.152.240.159 - - [26/Apr/2023:10:42:50 +0800] "GET /xingrg/kc/base/wldb_order_operate.html?command=get_materiel&rest_code=00102&base_code=0010476&code=00101019438 HTTP/1.1" 200 462
180.169.147.146 - - [26/Apr/2023:10:42:50 +0800] "GET /xingrg/all/function/internal_message.html?_=1682476963455&CODE_STATE=getMsg HTTP/1.1" 200 27
180.169.147.146 - - [26/Apr/2023:10:42:51 +0800] "GET /xingrg/check_reg.html?_=1682476963549 HTTP/1.1" 200 22
124.78.64.125 - - [26/Apr/2023:10:42:51 +0800] "POST /xingrg/services/DataTransmitService HTTP/1.1" 200 2331
124.78.64.125 - - [26/Apr/2023:10:42:52 +0800] "POST /xingrg/services/DataTransmitService HTTP/1.1" 200 193412
58.40.7.146 - - [26/Apr/2023:10:42:52 +0800] "GET /xingrg/all/function/internal_message.html?_=1682476972650&CODE_STATE=getMsg HTTP/1.1" 200 27
58.40.7.146 - - [26/Apr/2023:10:42:52 +0800] "GET /xingrg/check_reg.html?_=1682476972653 HTTP/1.1" 200 22
180.152.240.159 - - [26/Apr/2023:10:42:54 +0800] "GET /xingrg/kc/base/wldb_order_operate.html?command=get_materiel&rest_code=00102&base_code=0010476&code=00101019295 HTTP/1.1" 200 474
120.253.135.82 - - [26/Apr/2023:10:42:55 +0800] "POST /xingrg/kc/pszx/mdps_order_operate.html HTTP/1.1" 200 37
120.253.135.82 - - [26/Apr/2023:10:42:57 +0800] "GET /xingrg/kc/pszx/mdps_order_info.html?code=312023042600502 HTTP/1.1" 200 23976
120.253.135.82 - - [26/Apr/2023:10:42:58 +0800] "GET /xingrg/javascript/easyui/themes/default/validatebox.css HTTP/1.1" 404 1104
120.253.135.82 - - [26/Apr/2023:10:42:58 +0800] "POST /xingrg/kc/pszx/mdps_order_operate.html HTTP/1.1" 200 5392
116.224.106.218 - - [26/Apr/2023:10:42:58 +0800] "GET /xingrg/all/function/internal_message.html?_=1682476977221&CODE_STATE=getMsg HTTP/1.1" 200 27
116.238.139.35 - - [26/Apr/2023:10:43:01 +0800] "GET /xingrg/kc/buy/cgsh_order_operate.html?command=get_materiel&rest_code=00150&code=00101026016&supplier_code=00100017&order_time=2023-04-26 HTTP/1.1" 200 442
120.253.135.82 - - [26/Apr/2023:10:43:01 +0800] "POST /xingrg/kc/pszx/mdps_list_operate.html HTTP/1.1" 200 2796
120.253.135.82 - - [26/Apr/2023:10:43:03 +0800] "POST /xingrg/kc/pszx/mdps_list_operate.html HTTP/1.1" 200 630
124.78.153.117 - - [26/Apr/2023:10:43:03 +0800] "GET /xingrg/all/function/internal_message.html?_=1682476983882&CODE_STATE=getMsg HTTP/1.1" 200 27
120.253.135.82 - - [26/Apr/2023:10:43:05 +0800] "GET /xingrg/kc/pszx/mdps_order_info.html?code=312023042600501 HTTP/1.1" 200 23976
180.171.122.0 - - [26/Apr/2023:10:43:05 +0800] "GET /xingrg/all/function/internal_message.html?_=1682476983771&CODE_STATE=getMsg HTTP/1.1" 200 27
180.169.147.146 - - [26/Apr/2023:10:43:05 +0800] "GET /xingrg/all/function/internal_message.html?_=1682476985111&CODE_STATE=getMsg HTTP/1.1" 200 27
172.20.0.100 - - [26/Apr/2023:10:43:05 +0800] "GET /xingrg/all/function/internal_message.html?_=1682476992419&CODE_STATE=getMsg HTTP/1.1" 200 27
120.253.135.82 - - [26/Apr/2023:10:43:05 +0800] "GET /xingrg/javascript/easyui/themes/default/validatebox.css HTTP/1.1" 404 1104
120.253.135.82 - - [26/Apr/2023:10:43:05 +0800] "POST /xingrg/kc/pszx/mdps_order_operate.html HTTP/1.1" 200 11017
116.224.158.100 - - [26/Apr/2023:10:43:06 +0800] "GET /xingrg/all/function/internal_message.html?_=1682476988218&CODE_STATE=getMsg HTTP/1.1" 200 27
124.78.153.117 - - [26/Apr/2023:10:43:07 +0800] "POST /xingrg/kc/buy/cgsh_list_operate.html HTTP/1.1" 200 562
180.152.240.159 - - [26/Apr/2023:10:43:08 +0800] "GET /xingrg/kc/base/wldb_order_operate.html?command=get_materiel&rest_code=00102&base_code=0010476&code=00101019183 HTTP/1.1" 200 448
124.78.153.117 - - [26/Apr/2023:10:43:09 +0800] "GET /xingrg/kc/buy/cgsh_order_info.html?code=212023042609096 HTTP/1.1" 200 71078
124.78.153.117 - - [26/Apr/2023:10:43:10 +0800] "GET /xingrg/javascript/easyui/themes/default/validatebox.css HTTP/1.1" 404 1104
8.134.81.19 - - [26/Apr/2023:10:43:10 +0800] "POST /sdk HTTP/1.1" 404 -
8.134.81.19 - - [26/Apr/2023:10:43:10 +0800] "GET /nmaplowercheck1682476990 HTTP/1.1" 404 -
8.134.81.19 - - [26/Apr/2023:10:43:10 +0800] "GET /server-status HTTP/1.1" 404 -
8.134.81.19 - - [26/Apr/2023:10:43:10 +0800] "GET /Portal/Portal.mwsl HTTP/1.1" 404 -
8.134.81.19 - - [26/Apr/2023:10:43:10 +0800] "GET / HTTP/1.1" 404 -
8.134.81.19 - - [26/Apr/2023:10:43:10 +0800] "GET / HTTP/1.1" 404 -
8.134.81.19 - - [26/Apr/2023:10:43:10 +0800] "GET /Portal0000.htm HTTP/1.1" 404 -
8.134.81.19 - - [26/Apr/2023:10:43:10 +0800] "GET /?=PHPE9568F36-D428-11d2-A769-00AA001ACF42 HTTP/1.1" 404 -
8.134.81.19 - - [26/Apr/2023:10:43:10 +0800] "GET /CSS/Miniweb.css HTTP/1.1" 404 -
8.134.81.19 - - [26/Apr/2023:10:43:10 +0800] "GET /s8dM HTTP/1.1" 404 -
8.134.81.19 - - [26/Apr/2023:10:43:10 +0800] "GET /?=PHPB8B5F2A0-3C92-11d3-A3A9-4C7B08C10000 HTTP/1.1" 404 -
8.134.81.19 - - [26/Apr/2023:10:43:10 +0800] "GET /docs/cplugError.html/ HTTP/1.1" 404 -
8.134.81.19 - - [26/Apr/2023:10:43:10 +0800] "GET /pools/default/buckets HTTP/1.1" 404 -
8.134.81.19 - - [26/Apr/2023:10:43:10 +0800] "GET /__Additional HTTP/1.1" 404 -
8.134.81.19 - - [26/Apr/2023:10:43:10 +0800] "GET /HNAP1 HTTP/1.1" 404 -
8.134.81.19 - - [26/Apr/2023:10:43:10 +0800] "GET /readme.txt HTTP/1.1" 404 -
8.134.81.19 - - [26/Apr/2023:10:43:10 +0800] "GET /pools HTTP/1.1" 404 -
8.134.81.19 - - [26/Apr/2023:10:43:10 +0800] "GET /default.asp HTTP/1.1" 404 -
8.134.81.19 - - [26/Apr/2023:10:43:10 +0800] "GET /.git/HEAD HTTP/1.1" 404 -
8.134.81.19 - - [26/Apr/2023:10:43:10 +0800] "GET / HTTP/1.1" 404 -
116.238.139.35 - - [26/Apr/2023:10:43:10 +0800] "GET /xingrg/all/function/internal_message.html?_=1682476923788&CODE_STATE=getMsg HTTP/1.1" 200 27
8.134.81.19 - - [26/Apr/2023:10:43:10 +0800] "GET /main.asp HTTP/1.1" 404 -
124.78.153.117 - - [26/Apr/2023:10:43:10 +0800] "POST /xingrg/kc/buy/cgsh_order_operate.html HTTP/1.1" 200 6793
8.134.81.19 - - [26/Apr/2023:10:43:10 +0800] "HEAD / HTTP/1.1" 404 -
8.134.81.19 - - [26/Apr/2023:10:43:11 +0800] "GET /menu.html HTTP/1.1" 404 -
8.134.81.19 - - [26/Apr/2023:10:43:11 +0800] "GET /localstart.php HTTP/1.1" 404 -
8.134.81.19 - - [26/Apr/2023:10:43:11 +0800] "GET / HTTP/1.1" 404 -
8.134.81.19 - - [26/Apr/2023:10:43:11 +0800] "GET /base.inc HTTP/1.1" 404 -
8.134.81.19 - - [26/Apr/2023:10:43:11 +0800] "GET /favicon.ico HTTP/1.1" 404 -
8.134.81.19 - - [26/Apr/2023:10:43:11 +0800] "GET /start.cfm HTTP/1.1" 404 -
