58.37.5.217 - - [22/Apr/2023:11:33:52 +0800] "POST /xingrg/all/common/load_combo.html?type=base HTTP/1.1" 200 3227
124.79.240.114 - - [22/Apr/2023:11:33:53 +0800] "GET /xingrg/all/function/internal_message.html?_=1682134703692&CODE_STATE=getMsg HTTP/1.1" 200 27
58.37.5.217 - - [22/Apr/2023:11:33:55 +0800] "POST /xingrg/all/common/load_combo.html?type=base HTTP/1.1" 200 3227
116.227.208.255 - - [22/Apr/2023:11:33:56 +0800] "GET /xingrg/all/function/internal_message.html?_=1682134510431&CODE_STATE=getMsg HTTP/1.1" 200 27
180.171.122.0 - - [22/Apr/2023:11:33:56 +0800] "GET /xingrg/all/function/internal_message.html?_=1682134431654&CODE_STATE=getMsg HTTP/1.1" 200 27
58.221.95.50 - - [22/Apr/2023:11:33:58 +0800] "GET /xingrg/check_reg.html?_=1682134439366 HTTP/1.1" 200 22
116.238.139.35 - - [22/Apr/2023:11:33:58 +0800] "GET /xingrg/check_reg.html?_=1682134375693 HTTP/1.1" 200 22
116.224.158.100 - - [22/Apr/2023:11:34:00 +0800] "GET /xingrg/kc/base/wldb_order_operate.html?command=get_materiel&rest_code=00105&base_code=0010507&code=00101016076 HTTP/1.1" 200 477
116.238.139.35 - - [22/Apr/2023:11:34:00 +0800] "GET /xingrg/all/function/internal_message.html?_=1682134377478&CODE_STATE=getMsg HTTP/1.1" 200 27
180.162.111.145 - - [22/Apr/2023:11:34:04 +0800] "GET /xingrg/all/function/internal_message.html?_=1682133308332&CODE_STATE=getMsg HTTP/1.1" 200 27
58.37.5.217 - - [22/Apr/2023:11:34:10 +0800] "POST /xingrg/services/DataTransmitService HTTP/1.1" 200 524
116.224.158.100 - - [22/Apr/2023:11:34:11 +0800] "GET /xingrg/kc/base/wldb_order_operate.html?command=get_materiel&rest_code=00105&base_code=0010507&code=00101019295 HTTP/1.1" 200 477
58.37.5.217 - - [22/Apr/2023:11:34:12 +0800] "POST /xingrg/services/DataTransmitService HTTP/1.1" 200 412
180.164.3.199 - - [22/Apr/2023:11:34:12 +0800] "GET /xingrg/check_reg.html?_=1682134451689 HTTP/1.1" 200 22
180.164.3.199 - - [22/Apr/2023:11:34:12 +0800] "GET /xingrg/all/function/internal_message.html?_=1682134451692&CODE_STATE=getMsg HTTP/1.1" 200 27
101.229.22.234 - - [22/Apr/2023:11:34:16 +0800] "GET /xingrg/all/function/internal_message.html?_=1682134454476&CODE_STATE=getMsg HTTP/1.1" 200 27
114.83.222.182 - - [22/Apr/2023:11:34:18 +0800] "GET /xingrg/all/function/internal_message.html?_=1682134548927&CODE_STATE=getMsg HTTP/1.1" 200 27
58.37.5.217 - - [22/Apr/2023:11:34:20 +0800] "POST /xingrg/kc/base/wldb_order_operate.html HTTP/1.1" 200 37
58.37.5.217 - - [22/Apr/2023:11:34:20 +0800] "POST /xingrg/kc/base/wldb_order_operate.html HTTP/1.1" 200 2665
116.230.112.155 - - [22/Apr/2023:11:34:21 +0800] "GET /xingrg/all/function/internal_message.html?_=1682134483639&CODE_STATE=getMsg HTTP/1.1" 200 27
58.37.5.217 - - [22/Apr/2023:11:34:21 +0800] "GET /xingrg/kc/base/wldb_order_info.html?code=422023042201762 HTTP/1.1" 200 30399
58.37.5.217 - - [22/Apr/2023:11:34:22 +0800] "GET /xingrg/javascript/easyui/themes/default/validatebox.css HTTP/1.1" 404 1104
58.37.5.217 - - [22/Apr/2023:11:34:22 +0800] "POST /xingrg/kc/base/wldb_order_operate.html HTTP/1.1" 200 2665
116.224.106.218 - - [22/Apr/2023:11:34:22 +0800] "GET /xingrg/all/function/internal_message.html?_=1682134460899&CODE_STATE=getMsg HTTP/1.1" 200 27
116.224.106.218 - - [22/Apr/2023:11:34:22 +0800] "GET /xingrg/check_reg.html?_=1682134460901 HTTP/1.1" 200 22
116.224.158.100 - - [22/Apr/2023:11:34:23 +0800] "GET /xingrg/kc/base/wldb_order_operate.html?command=get_materiel&rest_code=00105&base_code=0010507&code=00101019313 HTTP/1.1" 200 455
116.224.158.100 - - [22/Apr/2023:11:34:23 +0800] "GET /xingrg/all/function/internal_message.html?_=1682134303944&CODE_STATE=getMsg HTTP/1.1" 200 27
180.169.147.146 - - [22/Apr/2023:11:34:25 +0800] "GET /xingrg/all/function/internal_message.html?_=1682134461140&CODE_STATE=getMsg HTTP/1.1" 200 27
58.221.95.50 - - [22/Apr/2023:11:34:26 +0800] "GET /xingrg/all/function/internal_message.html?_=1682134468049&CODE_STATE=getMsg HTTP/1.1" 200 27
58.37.5.217 - - [22/Apr/2023:11:34:27 +0800] "GET /xingrg/kc/base/wldb_order_add.html HTTP/1.1" 200 30385
58.37.5.217 - - [22/Apr/2023:11:34:27 +0800] "POST /xingrg/kc/base/wldb_order_operate.html HTTP/1.1" 200 6806
58.37.5.217 - - [22/Apr/2023:11:34:27 +0800] "GET /xingrg/javascript/easyui/themes/default/validatebox.css HTTP/1.1" 404 1104
58.37.5.217 - - [22/Apr/2023:11:34:29 +0800] "POST /xingrg/all/common/load_combo.html?type=base HTTP/1.1" 200 3227
58.37.5.217 - - [22/Apr/2023:11:34:32 +0800] "POST /xingrg/all/common/load_combo.html?type=base HTTP/1.1" 200 3227
114.83.222.244 - - [22/Apr/2023:11:34:33 +0800] "GET /xingrg/login.html HTTP/1.1" 200 7641
114.83.222.244 - - [22/Apr/2023:11:34:33 +0800] "GET /favicon.ico HTTP/1.1" 404 -
116.224.158.100 - - [22/Apr/2023:11:34:35 +0800] "GET /xingrg/kc/base/wldb_order_operate.html?command=get_materiel&rest_code=00105&base_code=0010507&code=00101019222 HTTP/1.1" 200 453
58.37.5.217 - - [22/Apr/2023:11:34:36 +0800] "GET /xingrg/kc/base/wldb_order_operate.html?command=get_materiel&rest_code=00106&base_code=0010397&code=00102002006 HTTP/1.1" 200 468
114.83.222.244 - - [22/Apr/2023:11:34:40 +0800] "POST /xingrg/login.do HTTP/1.1" 302 -
114.83.222.244 - - [22/Apr/2023:11:34:41 +0800] "GET /xingrg/index.html?sysBaseUrl=http%3A%2F%2F180.169.147.146%3A18081%2Fxingrg%2F&costTime=848×tamp=1682134480958 HTTP/1.1" 200 17179
114.83.222.244 - - [22/Apr/2023:11:34:41 +0800] "GET /favicon.ico HTTP/1.1" 404 -
114.83.222.244 - - [22/Apr/2023:11:34:41 +0800] "GET /xingrg/all/function/internal_message.html?_=1682134477315&CODE_STATE=count HTTP/1.1" 200 11
114.83.222.244 - - [22/Apr/2023:11:34:41 +0800] "GET /xingrg/check_reg.html?_=1682134477316 HTTP/1.1" 200 22
114.83.222.244 - - [22/Apr/2023:11:34:41 +0800] "POST /xingrg/all/common/load_tree.html?tree=area_rest_tree_json&manage=1 HTTP/1.1" 200 351
114.83.222.244 - - [22/Apr/2023:11:34:41 +0800] "POST /xingrg/load_menu.html HTTP/1.1" 200 5138
58.37.5.217 - - [22/Apr/2023:11:34:47 +0800] "GET /xingrg/all/function/internal_message.html?_=1682134489535&CODE_STATE=getMsg HTTP/1.1" 200 27
58.37.5.217 - - [22/Apr/2023:11:34:47 +0800] "POST /xingrg/kc/base/wldb_order_operate.html HTTP/1.1" 200 37
114.83.222.244 - - [22/Apr/2023:11:34:48 +0800] "GET /xingrg/kc/mdqp/qqps_order_list.html HTTP/1.1" 200 10488
114.83.222.244 - - [22/Apr/2023:11:34:48 +0800] "GET /xingrg/dwr/interface/AjaxQqpsService.js HTTP/1.1" 200 16326
114.83.222.244 - - [22/Apr/2023:11:34:48 +0800] "GET /xingrg/dwr/interface/AjaxReportQueryService.js HTTP/1.1" 200 13203
114.83.222.244 - - [22/Apr/2023:11:34:48 +0800] "GET /xingrg/dwr/engine.js HTTP/1.1" 200 43631
58.37.5.217 - - [22/Apr/2023:11:34:48 +0800] "POST /xingrg/kc/base/wldb_order_operate.html HTTP/1.1" 200 2695
58.37.5.217 - - [22/Apr/2023:11:34:49 +0800] "GET /xingrg/kc/base/wldb_order_info.html?code=422023042201763 HTTP/1.1" 200 30399
116.224.158.100 - - [22/Apr/2023:11:34:49 +0800] "GET /xingrg/kc/base/wldb_order_operate.html?command=get_materiel&rest_code=00105&base_code=0010507&code=00101016060 HTTP/1.1" 200 466
58.37.5.217 - - [22/Apr/2023:11:34:49 +0800] "GET /xingrg/javascript/easyui/themes/default/validatebox.css HTTP/1.1" 404 1104
58.37.5.217 - - [22/Apr/2023:11:34:50 +0800] "POST /xingrg/kc/base/wldb_order_operate.html HTTP/1.1" 200 2695
114.83.222.244 - - [22/Apr/2023:11:34:51 +0800] "GET /xingrg/kc/mdqp/qqps_order_info.html?code=302023042200395 HTTP/1.1" 200 26801
114.83.222.244 - - [22/Apr/2023:11:34:51 +0800] "GET /xingrg/dwr/interface/AjaxQqpsService.js HTTP/1.1" 200 16326
114.83.222.244 - - [22/Apr/2023:11:34:51 +0800] "GET /xingrg/dwr/interface/AjaxComOrderService.js HTTP/1.1" 200 18264
114.83.222.244 - - [22/Apr/2023:11:34:51 +0800] "GET /xingrg/dwr/engine.js HTTP/1.1" 200 43631
114.83.222.244 - - [22/Apr/2023:11:34:52 +0800] "POST /xingrg/dwr/call/plaincall/AjaxQqpsService.loadMaterielItems.dwr HTTP/1.1" 200 6149
124.79.240.114 - - [22/Apr/2023:11:34:53 +0800] "GET /xingrg/check_reg.html?_=1682134763690 HTTP/1.1" 200 22
124.79.240.114 - - [22/Apr/2023:11:34:53 +0800] "GET /xingrg/all/function/internal_message.html?_=1682134763691&CODE_STATE=getMsg HTTP/1.1" 200 27
114.83.222.244 - - [22/Apr/2023:11:34:54 +0800] "GET /xingrg/kc/mdqp/qqps_order_list.html?isBack=1 HTTP/1.1" 200 10497
114.83.222.244 - - [22/Apr/2023:11:34:54 +0800] "GET /xingrg/dwr/interface/AjaxQqpsService.js HTTP/1.1" 200 16326
114.83.222.244 - - [22/Apr/2023:11:34:54 +0800] "GET /xingrg/dwr/interface/AjaxReportQueryService.js HTTP/1.1" 200 13203
114.83.222.244 - - [22/Apr/2023:11:34:54 +0800] "GET /xingrg/dwr/engine.js HTTP/1.1" 200 43631
116.227.208.255 - - [22/Apr/2023:11:34:56 +0800] "GET /xingrg/all/function/internal_message.html?_=1682134570434&CODE_STATE=getMsg HTTP/1.1" 200 27
180.171.122.0 - - [22/Apr/2023:11:34:56 +0800] "GET /xingrg/all/function/internal_message.html?_=1682134491624&CODE_STATE=getMsg HTTP/1.1" 200 27
114.83.222.244 - - [22/Apr/2023:11:34:56 +0800] "GET /xingrg/kc/mdqp/qqps_order_info.html?code=302023042200393 HTTP/1.1" 200 26801
114.83.222.244 - - [22/Apr/2023:11:34:56 +0800] "GET /xingrg/dwr/interface/AjaxComOrderService.js HTTP/1.1" 200 18264
114.83.222.244 - - [22/Apr/2023:11:34:56 +0800] "GET /xingrg/dwr/interface/AjaxQqpsService.js HTTP/1.1" 200 16326
114.83.222.244 - - [22/Apr/2023:11:34:56 +0800] "GET /xingrg/dwr/engine.js HTTP/1.1" 200 43631
180.171.122.0 - - [22/Apr/2023:11:34:57 +0800] "GET /xingrg/check_reg.html?_=1682134492313 HTTP/1.1" 200 22
114.83.222.244 - - [22/Apr/2023:11:34:57 +0800] "POST /xingrg/dwr/call/plaincall/AjaxQqpsService.loadMaterielItems.dwr HTTP/1.1" 200 2105
116.224.158.100 - - [22/Apr/2023:11:34:59 +0800] "GET /xingrg/kc/base/wldb_order_operate.html?command=get_materiel&rest_code=00105&base_code=0010507&code=00101019133 HTTP/1.1" 200 480
116.238.139.35 - - [22/Apr/2023:11:35:00 +0800] "GET /xingrg/all/function/internal_message.html?_=1682134437493&CODE_STATE=getMsg HTTP/1.1" 200 27
114.83.222.244 - - [22/Apr/2023:11:35:00 +0800] "POST /xingrg/dwr/call/plaincall/AjaxQqpsService.uncheckOrder.dwr HTTP/1.1" 200 78
114.83.222.244 - - [22/Apr/2023:11:35:02 +0800] "GET /xingrg/kc/mdqp/qqps_order_info.html?code=302023042200393 HTTP/1.1" 200 28560
114.83.222.244 - - [22/Apr/2023:11:35:02 +0800] "GET /xingrg/css/blue.css HTTP/1.1" 304 -
114.83.222.244 - - [22/Apr/2023:11:35:02 +0800] "GET /xingrg/javascript/jquery_easy_ui/themes/icon.css HTTP/1.1" 304 -
114.83.222.244 - - [22/Apr/2023:11:35:02 +0800] "GET /xingrg/javascript/auto/jquery.autocomplete.css HTTP/1.1" 304 -
114.83.222.244 - - [22/Apr/2023:11:35:02 +0800] "GET /xingrg/javascript/jquery-1.4.2.min.js HTTP/1.1" 304 -
114.83.222.244 - - [22/Apr/2023:11:35:02 +0800] "GET /xingrg/javascript/jquery_easy_ui/jquery.easyui.min.js HTTP/1.1" 304 -
114.83.222.244 - - [22/Apr/2023:11:35:02 +0800] "GET /xingrg/javascript/jquery_easy_ui/easyui-lang-zh_CN.js HTTP/1.1" 304 -
114.83.222.244 - - [22/Apr/2023:11:35:02 +0800] "GET /xingrg/javascript/auto/jquery.autocomplete.js HTTP/1.1" 304 -
114.83.222.244 - - [22/Apr/2023:11:35:02 +0800] "GET /xingrg/javascript/tools/jquery.qtip-1.0.0-rc3.min.js HTTP/1.1" 304 -
114.83.222.244 - - [22/Apr/2023:11:35:02 +0800] "GET /xingrg/javascript/jquery.utils.js HTTP/1.1" 304 -
114.83.222.244 - - [22/Apr/2023:11:35:02 +0800] "GET /xingrg/javascript/pic_change.js HTTP/1.1" 304 -
114.83.222.244 - - [22/Apr/2023:11:35:02 +0800] "GET /xingrg/dwr/interface/AjaxComOrderService.js HTTP/1.1" 200 18264
114.83.222.244 - - [22/Apr/2023:11:35:02 +0800] "GET /xingrg/dwr/interface/AjaxQqpsService.js HTTP/1.1" 200 16326
114.83.222.244 - - [22/Apr/2023:11:35:02 +0800] "GET /xingrg/dwr/util.js HTTP/1.1" 304 -
114.83.222.244 - - [22/Apr/2023:11:35:02 +0800] "GET /xingrg/dwr/engine.js HTTP/1.1" 200 43631
114.83.222.244 - - [22/Apr/2023:11:35:02 +0800] "GET /xingrg/javascript/AjaxInfoList.js HTTP/1.1" 304 -
114.83.222.244 - - [22/Apr/2023:11:35:02 +0800] "GET /xingrg/javascript/Grid.js HTTP/1.1" 304 -
114.83.222.244 - - [22/Apr/2023:11:35:02 +0800] "GET /xingrg/javascript/Calendar.js HTTP/1.1" 304 -
114.83.222.244 - - [22/Apr/2023:11:35:02 +0800] "GET /xingrg/javascript/myfunction.js HTTP/1.1" 304 -
114.83.222.244 - - [22/Apr/2023:11:35:02 +0800] "GET /xingrg/javascript/ToolTips.js HTTP/1.1" 304 -
114.83.222.244 - - [22/Apr/2023:11:35:02 +0800] "GET /xingrg/javascript/print/kc_print.js HTTP/1.1" 304 -
114.83.222.244 - - [22/Apr/2023:11:35:02 +0800] "GET /xingrg/javascript/print/LodopFuncs.js HTTP/1.1" 304 -
114.83.222.244 - - [22/Apr/2023:11:35:02 +0800] "GET /xingrg/javascript/jquery_easy_ui/themes/icon.css HTTP/1.1" 304 -
114.83.222.244 - - [22/Apr/2023:11:35:02 +0800] "GET /xingrg/javascript/jquery_easy_ui/themes/default/easyui.css HTTP/1.1" 304 -
114.83.222.244 - - [22/Apr/2023:11:35:02 +0800] "GET /xingrg/words/20230421191028_words.js HTTP/1.1" 304 -
114.83.222.244 - - [22/Apr/2023:11:35:02 +0800] "GET /xingrg/javascript/jquery_easy_ui/themes/icons/ok.png HTTP/1.1" 304 -
114.83.222.244 - - [22/Apr/2023:11:35:03 +0800] "GET /xingrg/images/blue/button/kc_tab_add.gif HTTP/1.1" 304 -
114.83.222.244 - - [22/Apr/2023:11:35:03 +0800] "GET /xingrg/images/blue/button/kc_tab_edit.gif HTTP/1.1" 304 -
114.83.222.244 - - [22/Apr/2023:11:35:03 +0800] "GET /xingrg/images/blue/button/kc_tab_save.gif HTTP/1.1" 304 -
114.83.222.244 - - [22/Apr/2023:11:35:03 +0800] "GET /xingrg/images/blue/button/kc_tab_del.gif HTTP/1.1" 304 -
114.83.222.244 - - [22/Apr/2023:11:35:03 +0800] "GET /xingrg/images/blue/wait.gif HTTP/1.1" 304 -
114.83.222.244 - - [22/Apr/2023:11:35:03 +0800] "POST /xingrg/dwr/call/plaincall/AjaxQqpsService.loadMaterielItems.dwr HTTP/1.1" 200 2105
180.162.111.145 - - [22/Apr/2023:11:35:04 +0800] "GET /xingrg/check_reg.html?_=1682133368343 HTTP/1.1" 200 22
180.162.111.145 - - [22/Apr/2023:11:35:04 +0800] "GET /xingrg/all/function/internal_message.html?_=1682133368346&CODE_STATE=getMsg HTTP/1.1" 200 27
114.83.222.244 - - [22/Apr/2023:11:35:05 +0800] "GET /xingrg/images/yd/bt.gif HTTP/1.1" 404 1040
116.224.158.100 - - [22/Apr/2023:11:35:10 +0800] "GET /xingrg/kc/base/wldb_order_operate.html?command=get_materiel&rest_code=00105&base_code=0010507&code=00101019430 HTTP/1.1" 200 477
114.83.222.244 - - [22/Apr/2023:11:35:12 +0800] "GET /xingrg/javascript/auto/indicator.gif HTTP/1.1" 404 1066
180.164.3.199 - - [22/Apr/2023:11:35:12 +0800] "GET /xingrg/all/function/internal_message.html?_=1682134511680&CODE_STATE=getMsg HTTP/1.1" 200 27
101.229.22.234 - - [22/Apr/2023:11:35:16 +0800] "GET /xingrg/all/function/internal_message.html?_=1682134514461&CODE_STATE=getMsg HTTP/1.1" 200 27
114.83.222.244 - - [22/Apr/2023:11:35:16 +0800] "POST /xingrg/dwr/call/plaincall/AjaxQqpsService.getMaterielByCode.dwr HTTP/1.1" 200 2791
114.83.222.182 - - [22/Apr/2023:11:35:18 +0800] "GET /xingrg/all/function/internal_message.html?_=1682134608924&CODE_STATE=getMsg HTTP/1.1" 200 27
114.83.222.244 - - [22/Apr/2023:11:35:19 +0800] "POST /xingrg/dwr/call/plaincall/AjaxQqpsService.saveMaterielItem.dwr HTTP/1.1" 200 78
116.224.158.100 - - [22/Apr/2023:11:35:21 +0800] "GET /xingrg/kc/base/wldb_order_operate.html?command=get_materiel&rest_code=00105&base_code=0010507&code=00101019187 HTTP/1.1" 200 479
116.230.112.155 - - [22/Apr/2023:11:35:21 +0800] "GET /xingrg/all/function/internal_message.html?_=1682134543646&CODE_STATE=getMsg HTTP/1.1" 200 27
116.224.106.218 - - [22/Apr/2023:11:35:22 +0800] "GET /xingrg/all/function/internal_message.html?_=1682134520899&CODE_STATE=getMsg HTTP/1.1" 200 27
116.224.158.100 - - [22/Apr/2023:11:35:23 +0800] "GET /xingrg/all/function/internal_message.html?_=1682134363949&CODE_STATE=getMsg HTTP/1.1" 200 27
180.169.147.146 - - [22/Apr/2023:11:35:25 +0800] "GET /xingrg/all/function/internal_message.html?_=1682134521123&CODE_STATE=getMsg HTTP/1.1" 200 27
58.221.95.50 - - [22/Apr/2023:11:35:26 +0800] "GET /xingrg/all/function/internal_message.html?_=1682134528033&CODE_STATE=getMsg HTTP/1.1" 200 27
114.83.222.244 - - [22/Apr/2023:11:35:32 +0800] "POST /xingrg/dwr/call/plaincall/AjaxQqpsService.getMaterielByCode.dwr HTTP/1.1" 200 2832
116.224.158.100 - - [22/Apr/2023:11:35:34 +0800] "GET /xingrg/kc/base/wldb_order_operate.html?command=get_materiel&rest_code=00105&base_code=0010507&code=00101019469 HTTP/1.1" 200 455
114.83.222.244 - - [22/Apr/2023:11:35:37 +0800] "POST /xingrg/dwr/call/plaincall/AjaxQqpsService.saveMaterielItem.dwr HTTP/1.1" 200 78
114.83.222.244 - - [22/Apr/2023:11:35:41 +0800] "GET /xingrg/all/function/internal_message.html?_=1682134537325&CODE_STATE=getMsg HTTP/1.1" 200 27
116.224.158.100 - - [22/Apr/2023:11:35:45 +0800] "GET /xingrg/kc/base/wldb_order_operate.html?command=get_materiel&rest_code=00105&base_code=0010507&code=00101019535 HTTP/1.1" 200 477
58.37.5.217 - - [22/Apr/2023:11:35:47 +0800] "GET /xingrg/all/function/internal_message.html?_=1682134549516&CODE_STATE=getMsg HTTP/1.1" 200 27
180.169.147.146 - - [22/Apr/2023:11:35:52 +0800] "GET /xingrg/kc/buy/cgsh_order_add.html HTTP/1.1" 200 70898
180.169.147.146 - - [22/Apr/2023:11:35:53 +0800] "POST /xingrg/kc/buy/cgsh_order_operate.html HTTP/1.1" 200 8245
180.169.147.146 - - [22/Apr/2023:11:35:53 +0800] "GET /xingrg/javascript/easyui/themes/default/validatebox.css HTTP/1.1" 404 1104
124.79.240.114 - - [22/Apr/2023:11:35:53 +0800] "GET /xingrg/all/function/internal_message.html?_=1682134823689&CODE_STATE=getMsg HTTP/1.1" 200 27
116.224.158.100 - - [22/Apr/2023:11:35:54 +0800] "GET /xingrg/kc/base/wldb_order_operate.html?command=get_materiel&rest_code=00105&base_code=0010507&code=00101019391 HTTP/1.1" 200 485
116.227.208.255 - - [22/Apr/2023:11:35:56 +0800] "GET /xingrg/check_reg.html?_=1682134630424 HTTP/1.1" 200 22
116.227.208.255 - - [22/Apr/2023:11:35:56 +0800] "GET /xingrg/all/function/internal_message.html?_=1682134630427&CODE_STATE=getMsg HTTP/1.1" 200 27
180.171.122.0 - - [22/Apr/2023:11:35:56 +0800] "GET /xingrg/all/function/internal_message.html?_=1682134551594&CODE_STATE=getMsg HTTP/1.1" 200 27
180.169.147.146 - - [22/Apr/2023:11:35:58 +0800] "GET /xingrg/javascript/jquery_tools/images/prev.gif HTTP/1.1" 404 1086
180.169.147.146 - - [22/Apr/2023:11:35:58 +0800] "GET /xingrg/javascript/jquery_tools/images/next.gif HTTP/1.1" 404 1086
116.238.139.35 - - [22/Apr/2023:11:36:00 +0800] "GET /xingrg/all/function/internal_message.html?_=1682134497506&CODE_STATE=getMsg HTTP/1.1" 200 27
114.83.222.244 - - [22/Apr/2023:11:36:02 +0800] "POST /xingrg/dwr/call/plaincall/AjaxQqpsService.getMaterielByCode.dwr HTTP/1.1" 200 2756
180.162.111.145 - - [22/Apr/2023:11:36:04 +0800] "GET /xingrg/all/function/internal_message.html?_=1682133428336&CODE_STATE=getMsg HTTP/1.1" 200 27
116.224.158.100 - - [22/Apr/2023:11:36:04 +0800] "POST /xingrg/kc/base/wldb_order_operate.html HTTP/1.1" 200 37
116.224.158.100 - - [22/Apr/2023:11:36:05 +0800] "POST /xingrg/kc/base/wldb_order_operate.html HTTP/1.1" 200 9261
116.224.158.100 - - [22/Apr/2023:11:36:05 +0800] "GET /xingrg/kc/base/wldb_order_info.html?code=422023042201764 HTTP/1.1" 200 30396
116.224.158.100 - - [22/Apr/2023:11:36:06 +0800] "GET /xingrg/javascript/easyui/themes/default/validatebox.css HTTP/1.1" 404 1104
116.224.158.100 - - [22/Apr/2023:11:36:06 +0800] "POST /xingrg/kc/base/wldb_order_operate.html HTTP/1.1" 200 9261
180.169.147.146 - - [22/Apr/2023:11:36:07 +0800] "GET /xingrg/kc/buy/cgsh_order_operate.html?command=get_materiel&rest_code=00147&code=00101002022&supplier_code=00100454&order_time=2023-04-22 HTTP/1.1" 200 410
180.164.3.199 - - [22/Apr/2023:11:36:12 +0800] "GET /xingrg/all/function/internal_message.html?_=1682134571668&CODE_STATE=getMsg HTTP/1.1" 200 27
101.229.22.234 - - [22/Apr/2023:11:36:16 +0800] "GET /xingrg/all/function/internal_message.html?_=1682134574459&CODE_STATE=getMsg HTTP/1.1" 200 27
114.83.222.182 - - [22/Apr/2023:11:36:18 +0800] "GET /xingrg/all/function/internal_message.html?_=1682134668910&CODE_STATE=getMsg HTTP/1.1" 200 27
114.83.222.182 - - [22/Apr/2023:11:36:18 +0800] "GET /xingrg/check_reg.html?_=1682134668912 HTTP/1.1" 200 22
114.83.222.244 - - [22/Apr/2023:11:36:21 +0800] "POST /xingrg/dwr/call/plaincall/AjaxQqpsService.saveMaterielItem.dwr HTTP/1.1" 200 78
116.230.112.155 - - [22/Apr/2023:11:36:22 +0800] "GET /xingrg/all/function/internal_message.html?_=1682134604216&CODE_STATE=getMsg HTTP/1.1" 200 27
180.169.147.146 - - [22/Apr/2023:11:36:22 +0800] "GET /xingrg/kc/buy/cgsh_order_operate.html?command=get_materiel&rest_code=00147&code=00101001075&supplier_code=00100454&order_time=2023-04-22 HTTP/1.1" 200 430
116.224.106.218 - - [22/Apr/2023:11:36:22 +0800] "GET /xingrg/all/function/internal_message.html?_=1682134580898&CODE_STATE=getMsg HTTP/1.1" 200 27
116.224.158.100 - - [22/Apr/2023:11:36:23 +0800] "GET /xingrg/kc/base/wldb_order_add.html HTTP/1.1" 200 30381
116.224.158.100 - - [22/Apr/2023:11:36:23 +0800] "POST /xingrg/kc/base/wldb_order_operate.html HTTP/1.1" 200 6806
116.224.158.100 - - [22/Apr/2023:11:36:23 +0800] "GET /xingrg/all/function/internal_message.html?_=1682134424065&CODE_STATE=getMsg HTTP/1.1" 200 27
116.224.158.100 - - [22/Apr/2023:11:36:23 +0800] "GET /xingrg/javascript/easyui/themes/default/validatebox.css HTTP/1.1" 404 1104
180.169.147.146 - - [22/Apr/2023:11:36:25 +0800] "GET /xingrg/all/function/internal_message.html?_=1682134581114&CODE_STATE=getMsg HTTP/1.1" 200 27
180.169.147.146 - - [22/Apr/2023:11:36:26 +0800] "GET /xingrg/check_reg.html?_=1682134581505 HTTP/1.1" 200 22
58.221.95.50 - - [22/Apr/2023:11:36:26 +0800] "GET /xingrg/all/function/internal_message.html?_=1682134588015&CODE_STATE=getMsg HTTP/1.1" 200 27
120.253.135.82 - - [22/Apr/2023:11:36:27 +0800] "GET /xingrg/kc/report/report_main.html HTTP/1.1" 200 8599
120.253.135.82 - - [22/Apr/2023:11:36:29 +0800] "GET /xingrg/kc/base/kc_stocks.html HTTP/1.1" 200 16506
120.253.135.82 - - [22/Apr/2023:11:36:29 +0800] "GET /xingrg/javascript/easyui/themes/default/tree.css HTTP/1.1" 404 1090
120.253.135.82 - - [22/Apr/2023:11:36:30 +0800] "POST /xingrg/all/common/load_tree.html?tree=materiel_sort_tree_json HTTP/1.1" 200 9500
120.253.135.82 - - [22/Apr/2023:11:36:30 +0800] "POST /xingrg/all/common/load_combo.html?type=base HTTP/1.1" 200 1169
180.169.147.146 - - [22/Apr/2023:11:36:35 +0800] "GET /xingrg/kc/buy/cgsh_order_operate.html?command=get_materiel&rest_code=00147&code=00101015054&supplier_code=00100454&order_time=2023-04-22 HTTP/1.1" 200 423
114.83.222.244 - - [22/Apr/2023:11:36:37 +0800] "GET /xingrg/images/yd/bt2.gif HTTP/1.1" 404 1042
114.83.222.244 - - [22/Apr/2023:11:36:39 +0800] "POST /xingrg/dwr/call/plaincall/AjaxQqpsService.saveOrder.dwr HTTP/1.1" 200 78
120.253.135.82 - - [22/Apr/2023:11:36:40 +0800] "POST /xingrg/kc/base/stock_operate.html HTTP/1.1" 200 1466
114.83.222.244 - - [22/Apr/2023:11:36:41 +0800] "GET /xingrg/all/function/internal_message.html?_=1682134597327&CODE_STATE=getMsg HTTP/1.1" 200 27
180.169.147.146 - - [22/Apr/2023:11:36:43 +0800] "GET /xingrg/kc/buy/cgsh_order_operate.html?command=get_materiel&rest_code=00147&code=00101006161&supplier_code=00100454&order_time=2023-04-22 HTTP/1.1" 200 409
120.253.135.82 - - [22/Apr/2023:11:36:43 +0800] "GET /xingrg/kc/base/stock_detail.html?m=00102002258 HTTP/1.1" 200 6433
120.253.135.82 - - [22/Apr/2023:11:36:43 +0800] "GET /xingrg/javascript/jquery_easy_ui/themes/default/images/menu.gif HTTP/1.1" 200 834
120.253.135.82 - - [22/Apr/2023:11:36:46 +0800] "GET /xingrg/kc/base/stock_operate.html?_=1682134444128&command=get_report_file&start_day=20230401 HTTP/1.1" 200 53
120.253.135.82 - - [22/Apr/2023:11:36:46 +0800] "GET /xingrg/all/report/report_query.html?isQuery=1&onlyBody=1&rh=2000&fileName=kc/base/kc_stock_detail_new.xml&queryString=(1=1)&queryText=&tableQueryString=init_table$sp1$$sp$crk_table$sp1$order_day%20between%2020230401%20and%2020230430&varString=start_day:20230401,materiel_code:00102002258,cost_id:4201,end_date:20230228 HTTP/1.1" 200 48701
120.253.135.82 - - [22/Apr/2023:11:36:46 +0800] "GET /xingrg/javascript/calendar/jquery.timePicker.min.js HTTP/1.1" 200 2997
120.253.135.82 - - [22/Apr/2023:11:36:46 +0800] "GET /xingrg/dwr/interface/AjaxReportQueryService.js HTTP/1.1" 200 13203
120.253.135.82 - - [22/Apr/2023:11:36:46 +0800] "GET /xingrg/javascript/bigrid/fix.js HTTP/1.1" 200 6439
120.253.135.82 - - [22/Apr/2023:11:36:46 +0800] "GET /xingrg/javascript/jqueryMultiSelect.js HTTP/1.1" 200 11866
120.253.135.82 - - [22/Apr/2023:11:36:46 +0800] "GET /xingrg/javascript/bigrid/fix.css HTTP/1.1" 200 1702
120.253.135.82 - - [22/Apr/2023:11:36:46 +0800] "GET /xingrg/javascript/calendar/timePicker.css HTTP/1.1" 200 523
120.253.135.82 - - [22/Apr/2023:11:36:46 +0800] "GET /xingrg/dwr/engine.js HTTP/1.1" 200 43631
120.253.135.82 - - [22/Apr/2023:11:36:46 +0800] "GET /xingrg/javascript/multi_select/jqueryMultiSelect.css HTTP/1.1" 200 951
120.253.135.82 - - [22/Apr/2023:11:36:46 +0800] "GET /xingrg/images/blue/button/backover.gif HTTP/1.1" 200 1348
120.253.135.82 - - [22/Apr/2023:11:36:46 +0800] "GET /xingrg/images/blue/button/advance2over.gif HTTP/1.1" 200 1336
120.253.135.82 - - [22/Apr/2023:11:36:46 +0800] "GET /xingrg/images/blue/button/advanceover.gif HTTP/1.1" 200 1347
120.253.135.82 - - [22/Apr/2023:11:36:46 +0800] "GET /xingrg/images/control/loading.gif HTTP/1.1" 200 13463
120.253.135.82 - - [22/Apr/2023:11:36:46 +0800] "GET /xingrg/javascript/jquery_easy_ui/themes/icons/help.png HTTP/1.1" 200 1187
120.253.135.82 - - [22/Apr/2023:11:36:46 +0800] "GET /xingrg/images/blue/button/back2over.gif HTTP/1.1" 200 1335
180.163.29.206 - - [22/Apr/2023:11:36:47 +0800] "GET /xingrg/all/function/internal_message.html?_=1682134549516&CODE_STATE=getMsg HTTP/1.1" 302 -
180.163.29.206 - - [22/Apr/2023:11:36:47 +0800] "GET /xingrg/login.html HTTP/1.1" 200 7641
58.37.5.217 - - [22/Apr/2023:11:36:47 +0800] "GET /xingrg/all/function/internal_message.html?_=1682134609523&CODE_STATE=getMsg HTTP/1.1" 200 27
120.253.135.82 - - [22/Apr/2023:11:36:48 +0800] "POST /xingrg/all/report/load_report_page.html HTTP/1.1" 200 108422
120.253.135.82 - - [22/Apr/2023:11:36:48 +0800] "GET /xingrg/servlets/image?cache=0.19469903224451357&image=px HTTP/1.1" 200 807
58.37.5.217 - - [22/Apr/2023:11:36:48 +0800] "GET /xingrg/check_reg.html?_=1682134610921 HTTP/1.1" 200 22
114.83.222.244 - - [22/Apr/2023:11:36:49 +0800] "POST /xingrg/dwr/call/plaincall/AjaxQqpsService.saveOrder.dwr HTTP/1.1" 200 78
114.83.222.244 - - [22/Apr/2023:11:36:49 +0800] "POST /xingrg/dwr/call/plaincall/AjaxQqpsService.saveMaterielItem.dwr HTTP/1.1" 200 78
120.253.135.82 - - [22/Apr/2023:11:36:51 +0800] "GET /xingrg/check_reg.html?_=1682134609103 HTTP/1.1" 302 -
124.79.240.114 - - [22/Apr/2023:11:36:53 +0800] "GET /xingrg/all/function/internal_message.html?_=1682134883688&CODE_STATE=getMsg HTTP/1.1" 200 27
180.169.147.146 - - [22/Apr/2023:11:36:54 +0800] "GET /xingrg/kc/buy/cgsh_order_operate.html?command=get_materiel&rest_code=00147&code=00101002016&supplier_code=00100454&order_time=2023-04-22 HTTP/1.1" 200 413
120.253.135.82 - - [22/Apr/2023:11:36:55 +0800] "GET /xingrg/kc/base/stock_operate.html?_=1682134453697&command=get_report_file&start_day=20230301 HTTP/1.1" 200 53
120.253.135.82 - - [22/Apr/2023:11:36:55 +0800] "GET /xingrg/all/report/report_query.html?isQuery=1&onlyBody=1&rh=2000&fileName=kc/base/kc_stock_detail_new.xml&queryString=(1=1)&queryText=&tableQueryString=init_table$sp1$$sp$crk_table$sp1$order_day%20between%2020230301%20and%2020230430&varString=start_day:20230301,materiel_code:00102002258,cost_id:4201,end_date:20230228 HTTP/1.1" 200 48701
120.253.135.82 - - [22/Apr/2023:11:36:56 +0800] "GET /xingrg/dwr/interface/AjaxReportQueryService.js HTTP/1.1" 200 13203
120.253.135.82 - - [22/Apr/2023:11:36:56 +0800] "GET /xingrg/dwr/engine.js HTTP/1.1" 200 43631
116.227.208.255 - - [22/Apr/2023:11:36:56 +0800] "GET /xingrg/all/function/internal_message.html?_=1682134690427&CODE_STATE=getMsg HTTP/1.1" 200 27
180.171.122.0 - - [22/Apr/2023:11:36:56 +0800] "GET /xingrg/all/function/internal_message.html?_=1682134611569&CODE_STATE=getMsg HTTP/1.1" 200 27
120.253.135.82 - - [22/Apr/2023:11:36:57 +0800] "POST /xingrg/all/report/load_report_page.html HTTP/1.1" 200 250313
120.253.135.82 - - [22/Apr/2023:11:36:57 +0800] "GET /xingrg/servlets/image?cache=0.4349422163564961&image=px HTTP/1.1" 200 807
114.83.222.244 - - [22/Apr/2023:11:36:58 +0800] "POST /xingrg/dwr/call/plaincall/AjaxQqpsService.saveOrder.dwr HTTP/1.1" 200 79
114.83.222.244 - - [22/Apr/2023:11:36:58 +0800] "POST /xingrg/dwr/call/plaincall/AjaxQqpsService.saveMaterielItem.dwr HTTP/1.1" 200 79
116.238.139.35 - - [22/Apr/2023:11:37:00 +0800] "GET /xingrg/all/function/internal_message.html?_=1682134557630&CODE_STATE=getMsg HTTP/1.1" 200 27
116.230.112.155 - - [22/Apr/2023:11:37:03 +0800] "GET /xingrg/check_reg.html?_=1682134645623 HTTP/1.1" 200 22
180.162.111.145 - - [22/Apr/2023:11:37:04 +0800] "GET /xingrg/all/function/internal_message.html?_=1682133488346&CODE_STATE=getMsg HTTP/1.1" 200 27
120.253.135.82 - - [22/Apr/2023:11:37:06 +0800] "GET /xingrg/kc/guide/show_order.html?code=212023032408811&type=21 HTTP/1.1" 302 -
120.253.135.82 - - [22/Apr/2023:11:37:07 +0800] "GET /xingrg/kc/buy/cgsh_order_info.html?code=212023032408811&sysBaseUrl=http%3A%2F%2F180.169.147.146%3A18081%2Fxingrg%2F&costTime=0×tamp=1682134626449 HTTP/1.1" 200 64859
120.253.135.82 - - [22/Apr/2023:11:37:08 +0800] "GET /xingrg/javascript/easyui/themes/default/validatebox.css HTTP/1.1" 404 1104
120.253.135.82 - - [22/Apr/2023:11:37:08 +0800] "GET /favicon.ico HTTP/1.1" 404 -
120.253.135.82 - - [22/Apr/2023:11:37:09 +0800] "POST /xingrg/kc/buy/cgsh_order_operate.html HTTP/1.1" 200 624
116.224.158.100 - - [22/Apr/2023:11:37:11 +0800] "GET /xingrg/kc/base/wldb_order_operate.html?command=get_materiel&rest_code=00105&base_code=0010508&code=00102002448 HTTP/1.1" 200 440
180.164.3.199 - - [22/Apr/2023:11:37:12 +0800] "GET /xingrg/all/function/internal_message.html?_=1682134631680&CODE_STATE=getMsg HTTP/1.1" 200 27
101.229.22.234 - - [22/Apr/2023:11:37:16 +0800] "GET /xingrg/all/function/internal_message.html?_=1682134634458&CODE_STATE=getMsg HTTP/1.1" 200 27
101.229.22.234 - - [22/Apr/2023:11:37:16 +0800] "GET /xingrg/check_reg.html?_=1682134634461 HTTP/1.1" 200 22
114.83.222.182 - - [22/Apr/2023:11:37:18 +0800] "GET /xingrg/all/function/internal_message.html?_=1682134728918&CODE_STATE=getMsg HTTP/1.1" 200 27
114.83.222.244 - - [22/Apr/2023:11:37:18 +0800] "POST /xingrg/dwr/call/plaincall/AjaxQqpsService.saveMaterielItem.dwr HTTP/1.1" 200 79
116.230.112.155 - - [22/Apr/2023:11:37:22 +0800] "GET /xingrg/all/function/internal_message.html?_=1682134664219&CODE_STATE=getMsg HTTP/1.1" 200 27
116.224.106.218 - - [22/Apr/2023:11:37:22 +0800] "GET /xingrg/all/function/internal_message.html?_=1682134640913&CODE_STATE=getMsg HTTP/1.1" 200 27
116.224.158.100 - - [22/Apr/2023:11:37:23 +0800] "GET /xingrg/check_reg.html?_=1682134483947 HTTP/1.1" 200 22
116.224.158.100 - - [22/Apr/2023:11:37:23 +0800] "GET /xingrg/all/function/internal_message.html?_=1682134484047&CODE_STATE=getMsg HTTP/1.1" 200 27
116.224.158.100 - - [22/Apr/2023:11:37:24 +0800] "GET /xingrg/kc/base/wldb_order_operate.html?command=get_materiel&rest_code=00105&base_code=0010508&code=00102002118 HTTP/1.1" 200 467
180.169.147.146 - - [22/Apr/2023:11:37:25 +0800] "GET /xingrg/all/function/internal_message.html?_=1682134641093&CODE_STATE=getMsg HTTP/1.1" 200 27
58.221.95.50 - - [22/Apr/2023:11:37:26 +0800] "GET /xingrg/all/function/internal_message.html?_=1682134647995&CODE_STATE=getMsg HTTP/1.1" 200 27
114.83.222.244 - - [22/Apr/2023:11:37:29 +0800] "POST /xingrg/dwr/call/plaincall/AjaxQqpsService.checkOrder.dwr HTTP/1.1" 200 79
114.83.222.244 - - [22/Apr/2023:11:37:30 +0800] "GET /xingrg/kc/mdqp/qqps_order_info.html?code=302023042200393 HTTP/1.1" 200 26801
114.83.222.244 - - [22/Apr/2023:11:37:30 +0800] "GET /xingrg/dwr/interface/AjaxComOrderService.js HTTP/1.1" 200 18264
114.83.222.244 - - [22/Apr/2023:11:37:30 +0800] "GET /xingrg/dwr/interface/AjaxQqpsService.js HTTP/1.1" 200 16326
114.83.222.244 - - [22/Apr/2023:11:37:30 +0800] "GET /xingrg/dwr/engine.js HTTP/1.1" 200 43631
114.83.222.244 - - [22/Apr/2023:11:37:31 +0800] "POST /xingrg/dwr/call/plaincall/AjaxQqpsService.loadMaterielItems.dwr HTTP/1.1" 200 2981
114.83.222.244 - - [22/Apr/2023:11:37:41 +0800] "GET /xingrg/all/function/internal_message.html?_=1682134657325&CODE_STATE=getMsg HTTP/1.1" 200 27
114.83.222.244 - - [22/Apr/2023:11:37:41 +0800] "POST /xingrg/services/DataTransmitService HTTP/1.1" 200 524
114.83.222.244 - - [22/Apr/2023:11:37:42 +0800] "POST /xingrg/services/DataTransmitService HTTP/1.1" 200 412
58.37.5.217 - - [22/Apr/2023:11:37:47 +0800] "GET /xingrg/all/function/internal_message.html?_=1682134669470&CODE_STATE=getMsg HTTP/1.1" 200 27
124.79.240.114 - - [22/Apr/2023:11:37:53 +0800] "GET /xingrg/all/function/internal_message.html?_=1682134943687&CODE_STATE=getMsg HTTP/1.1" 200 27
116.227.208.255 - - [22/Apr/2023:11:37:56 +0800] "GET /xingrg/all/function/internal_message.html?_=1682134750419&CODE_STATE=getMsg HTTP/1.1" 200 27
180.171.122.0 - - [22/Apr/2023:11:37:56 +0800] "GET /xingrg/all/function/internal_message.html?_=1682134671553&CODE_STATE=getMsg HTTP/1.1" 200 27
120.253.135.82 - - [22/Apr/2023:11:37:57 +0800] "GET /xingrg/login.html HTTP/1.1" 200 7641
120.253.135.82 - - [22/Apr/2023:11:37:57 +0800] "GET /xingrg/login.html HTTP/1.1" 200 7641
120.253.135.82 - - [22/Apr/2023:11:37:57 +0800] "GET /xingrg/images/blue/jxLogo.png HTTP/1.1" 304 -
120.253.135.82 - - [22/Apr/2023:11:37:57 +0800] "GET /xingrg/images/blue/login_bg.png HTTP/1.1" 304 -
120.253.135.82 - - [22/Apr/2023:11:37:57 +0800] "GET /xingrg/images/blue/hj.png HTTP/1.1" 304 -
120.253.135.82 - - [22/Apr/2023:11:37:57 +0800] "GET /xingrg/images/blue/srbg.png HTTP/1.1" 304 -
120.253.135.82 - - [22/Apr/2023:11:37:58 +0800] "GET /favicon.ico HTTP/1.1" 404 -
120.253.135.82 - - [22/Apr/2023:11:37:58 +0800] "GET /favicon.ico HTTP/1.1" 404 -
116.238.139.35 - - [22/Apr/2023:11:38:00 +0800] "GET /xingrg/all/function/internal_message.html?_=1682134617642&CODE_STATE=getMsg HTTP/1.1" 200 27
116.224.158.100 - - [22/Apr/2023:11:38:01 +0800] "GET /xingrg/kc/base/wldb_order_operate.html?command=get_materiel&rest_code=00105&base_code=0010508&code=00102002204 HTTP/1.1" 200 448
120.253.135.82 - - [22/Apr/2023:11:38:03 +0800] "POST /xingrg/login.do HTTP/1.1" 302 -
120.253.135.82 - - [22/Apr/2023:11:38:03 +0800] "GET /xingrg/index.html?sysBaseUrl=http%3A%2F%2F180.169.147.146%3A18081%2Fxingrg%2F&costTime=906×tamp=1682134683273 HTTP/1.1" 200 17173
120.253.135.82 - - [22/Apr/2023:11:38:03 +0800] "GET /xingrg/javascript/jquery_easy_ui/themes/default/easyui.css HTTP/1.1" 304 -
120.253.135.82 - - [22/Apr/2023:11:38:03 +0800] "GET /xingrg/javascript/jquery.utils.js HTTP/1.1" 304 -
120.253.135.82 - - [22/Apr/2023:11:38:03 +0800] "GET /xingrg/javascript/jquery_easy_ui/easyui-lang-zh_CN.js HTTP/1.1" 304 -
120.253.135.82 - - [22/Apr/2023:11:38:03 +0800] "GET /xingrg/javascript/jquery.form.js HTTP/1.1" 304 -
120.253.135.82 - - [22/Apr/2023:11:38:03 +0800] "GET /xingrg/javascript/jquery_easy_ui/themes/icon.css HTTP/1.1" 304 -
120.253.135.82 - - [22/Apr/2023:11:38:03 +0800] "GET /xingrg/javascript/jquery_easy_ui/jquery.easyui.min.js HTTP/1.1" 304 -
120.253.135.82 - - [22/Apr/2023:11:38:03 +0800] "GET /xingrg/javascript/jquery-1.4.2.min.js HTTP/1.1" 304 -
120.253.135.82 - - [22/Apr/2023:11:38:03 +0800] "GET /xingrg/css/form.css HTTP/1.1" 304 -
120.253.135.82 - - [22/Apr/2023:11:38:03 +0800] "GET /xingrg/javascript/jquery.timers.js HTTP/1.1" 304 -
120.253.135.82 - - [22/Apr/2023:11:38:03 +0800] "GET /xingrg/javascript/jquery_easy_ui/themes/icons/settle_new.png HTTP/1.1" 304 -
120.253.135.82 - - [22/Apr/2023:11:38:03 +0800] "GET /xingrg/images/blue/navBackgound.jpg HTTP/1.1" 304 -
120.253.135.82 - - [22/Apr/2023:11:38:03 +0800] "GET /xingrg/images/blue/pingpu.png HTTP/1.1" 304 -
120.253.135.82 - - [22/Apr/2023:11:38:03 +0800] "GET /xingrg/javascript/jquery_easy_ui/themes/default/images/tabs_leftarrow.png HTTP/1.1" 304 -
120.253.135.82 - - [22/Apr/2023:11:38:03 +0800] "GET /xingrg/javascript/jquery_easy_ui/themes/default/images/tabs_rightarrow.png HTTP/1.1" 304 -
120.253.135.82 - - [22/Apr/2023:11:38:03 +0800] "GET /xingrg/javascript/jquery_easy_ui/themes/default/images/panel_tool_collapse.gif HTTP/1.1" 304 -
120.253.135.82 - - [22/Apr/2023:11:38:03 +0800] "GET /favicon.ico HTTP/1.1" 404 -
120.253.135.82 - - [22/Apr/2023:11:38:03 +0800] "GET /xingrg/check_reg.html?_=1682134521625 HTTP/1.1" 200 22
120.253.135.82 - - [22/Apr/2023:11:38:03 +0800] "GET /xingrg/all/function/internal_message.html?_=1682134521624&CODE_STATE=count HTTP/1.1" 200 11
120.253.135.82 - - [22/Apr/2023:11:38:03 +0800] "POST /xingrg/all/common/load_tree.html?tree=area_rest_tree_json&manage=1 HTTP/1.1" 200 344
120.253.135.82 - - [22/Apr/2023:11:38:03 +0800] "GET /xingrg/javascript/jquery_easy_ui/themes/default/images/tree_arrows.gif HTTP/1.1" 304 -
120.253.135.82 - - [22/Apr/2023:11:38:04 +0800] "POST /xingrg/load_menu.html HTTP/1.1" 200 6743
120.253.135.82 - - [22/Apr/2023:11:38:04 +0800] "GET /xingrg/javascript/jquery_easy_ui/themes/icons/delivery_new.png HTTP/1.1" 304 -
120.253.135.82 - - [22/Apr/2023:11:38:04 +0800] "GET /xingrg/javascript/jquery_easy_ui/themes/default/images/tree_folder_open.gif HTTP/1.1" 304 -
120.253.135.82 - - [22/Apr/2023:11:38:04 +0800] "GET /xingrg/javascript/jquery_easy_ui/themes/icons/search_new.png HTTP/1.1" 304 -
120.253.135.82 - - [22/Apr/2023:11:38:04 +0800] "GET /xingrg/javascript/jquery_easy_ui/themes/icons/storage_new.png HTTP/1.1" 304 -
120.253.135.82 - - [22/Apr/2023:11:38:04 +0800] "GET /xingrg/javascript/jquery_easy_ui/themes/icons/forms_new.png HTTP/1.1" 304 -
120.253.135.82 - - [22/Apr/2023:11:38:04 +0800] "GET /xingrg/javascript/jquery_easy_ui/themes/default/images/tree_file.gif HTTP/1.1" 304 -
120.253.135.82 - - [22/Apr/2023:11:38:04 +0800] "GET /xingrg/javascript/jquery_easy_ui/themes/default/images/tree_folder.gif HTTP/1.1" 304 -
180.162.111.145 - - [22/Apr/2023:11:38:04 +0800] "GET /xingrg/all/function/internal_message.html?_=1682133548340&CODE_STATE=getMsg HTTP/1.1" 200 27
180.169.147.146 - - [22/Apr/2023:11:38:06 +0800] "POST /xingrg/kc/buy/cgsh_order_operate.html HTTP/1.1" 200 37
180.164.3.199 - - [22/Apr/2023:11:38:12 +0800] "GET /xingrg/all/function/internal_message.html?_=1682134691669&CODE_STATE=getMsg HTTP/1.1" 200 27
120.253.135.82 - - [22/Apr/2023:11:38:14 +0800] "GET /xingrg/javascript/jquery_easy_ui/themes/default/images/tabs_close.gif HTTP/1.1" 304 -
120.253.135.82 - - [22/Apr/2023:11:38:14 +0800] "GET /xingrg/kc/pszx/mdps_order_list.html?orderType=0 HTTP/1.1" 200 21032
120.253.135.82 - - [22/Apr/2023:11:38:14 +0800] "GET /xingrg/css/site.css HTTP/1.1" 304 -
120.253.135.82 - - [22/Apr/2023:11:38:14 +0800] "GET /xingrg/css/base.css HTTP/1.1" 304 -
120.253.135.82 - - [22/Apr/2023:11:38:14 +0800] "GET /xingrg/javascript/easyui/themes/default/easyui.css HTTP/1.1" 304 -
120.253.135.82 - - [22/Apr/2023:11:38:14 +0800] "GET /xingrg/javascript/jquery_tools/datebox.css HTTP/1.1" 304 -
120.253.135.82 - - [22/Apr/2023:11:38:14 +0800] "GET /xingrg/javascript/easyui/themes/icon.css HTTP/1.1" 304 -
120.253.135.82 - - [22/Apr/2023:11:38:14 +0800] "GET /xingrg/javascript/jquery_tools/table.css HTTP/1.1" 304 -
120.253.135.82 - - [22/Apr/2023:11:38:14 +0800] "GET /xingrg/javascript/auto/jquery.autocomplete.css HTTP/1.1" 304 -
120.253.135.82 - - [22/Apr/2023:11:38:14 +0800] "GET /xingrg/javascript/jquery_tools/fix.css HTTP/1.1" 304 -
120.253.135.82 - - [22/Apr/2023:11:38:14 +0800] "GET /xingrg/javascript/jquery_tools/jquery.tools.min.js HTTP/1.1" 304 -
120.253.135.82 - - [22/Apr/2023:11:38:14 +0800] "GET /xingrg/javascript/jquery_tools/jquery.tools.hotkey.js HTTP/1.1" 304 -
120.253.135.82 - - [22/Apr/2023:11:38:14 +0800] "GET /xingrg/javascript/jquery_tools/jquery.tools.table.js HTTP/1.1" 304 -
120.253.135.82 - - [22/Apr/2023:11:38:14 +0800] "GET /xingrg/javascript/print/LodopFuncs.js HTTP/1.1" 304 -
120.253.135.82 - - [22/Apr/2023:11:38:14 +0800] "GET /xingrg/javascript/jquery.cookie.js HTTP/1.1" 304 -
120.253.135.82 - - [22/Apr/2023:11:38:14 +0800] "GET /xingrg/javascript/auto/jquery.autocomplete.js HTTP/1.1" 304 -
120.253.135.82 - - [22/Apr/2023:11:38:14 +0800] "GET /xingrg/javascript/easyui/easyloader.js HTTP/1.1" 304 -
120.253.135.82 - - [22/Apr/2023:11:38:14 +0800] "GET /xingrg/javascript/jquery_tools/jquery.tools.extend.js HTTP/1.1" 304 -
120.253.135.82 - - [22/Apr/2023:11:38:14 +0800] "GET /xingrg/javascript/jquery_tools/list_manager.js HTTP/1.1" 304 -
120.253.135.82 - - [22/Apr/2023:11:38:14 +0800] "GET /xingrg/javascript/easyui/themes/icons/edit_add_new.png HTTP/1.1" 304 -
120.253.135.82 - - [22/Apr/2023:11:38:14 +0800] "GET /xingrg/javascript/easyui/themes/icons/uncheck_new.png HTTP/1.1" 304 -
120.253.135.82 - - [22/Apr/2023:11:38:14 +0800] "GET /xingrg/javascript/easyui/themes/icons/cance_new.png HTTP/1.1" 304 -
120.253.135.82 - - [22/Apr/2023:11:38:14 +0800] "GET /xingrg/javascript/easyui/themes/icons/check_new.png HTTP/1.1" 304 -
120.253.135.82 - - [22/Apr/2023:11:38:14 +0800] "GET /xingrg/javascript/easyui/themes/icons/field_new.png HTTP/1.1" 304 -
120.253.135.82 - - [22/Apr/2023:11:38:14 +0800] "GET /xingrg/javascript/easyui/themes/icons/import_new.png HTTP/1.1" 304 -
120.253.135.82 - - [22/Apr/2023:11:38:14 +0800] "GET /xingrg/javascript/easyui/plugins/jquery.parser.js HTTP/1.1" 304 -
120.253.135.82 - - [22/Apr/2023:11:38:14 +0800] "GET /xingrg/images/control/ajaxLoader.gif HTTP/1.1" 304 -
120.253.135.82 - - [22/Apr/2023:11:38:14 +0800] "POST /xingrg/kc/pszx/mdps_list_operate.html HTTP/1.1" 200 5402
101.229.22.234 - - [22/Apr/2023:11:38:16 +0800] "GET /xingrg/all/function/internal_message.html?_=1682134694461&CODE_STATE=getMsg HTTP/1.1" 200 27
180.169.147.146 - - [22/Apr/2023:11:38:16 +0800] "POST /xingrg/kc/buy/cgsh_order_operate.html HTTP/1.1" 200 4423
114.83.222.182 - - [22/Apr/2023:11:38:18 +0800] "GET /xingrg/all/function/internal_message.html?_=1682134788920&CODE_STATE=getMsg HTTP/1.1" 200 27
116.230.112.155 - - [22/Apr/2023:11:38:22 +0800] "GET /xingrg/all/function/internal_message.html?_=1682134724232&CODE_STATE=getMsg HTTP/1.1" 200 27
116.224.106.218 - - [22/Apr/2023:11:38:22 +0800] "GET /xingrg/all/function/internal_message.html?_=1682134700916&CODE_STATE=getMsg HTTP/1.1" 200 27
116.224.158.100 - - [22/Apr/2023:11:38:23 +0800] "GET /xingrg/all/function/internal_message.html?_=1682134544030&CODE_STATE=getMsg HTTP/1.1" 200 27
180.169.147.146 - - [22/Apr/2023:11:38:25 +0800] "GET /xingrg/all/function/internal_message.html?_=1682134701070&CODE_STATE=getMsg HTTP/1.1" 200 27
116.224.158.100 - - [22/Apr/2023:11:38:26 +0800] "GET /xingrg/kc/base/wldb_order_operate.html?command=get_materiel&rest_code=00105&base_code=0010508&code=00102002022 HTTP/1.1" 200 473
58.221.95.50 - - [22/Apr/2023:11:38:26 +0800] "GET /xingrg/all/function/internal_message.html?_=1682134707978&CODE_STATE=getMsg HTTP/1.1" 200 27
120.253.135.82 - - [22/Apr/2023:11:38:29 +0800] "GET /xingrg/javascript/auto/indicator.gif HTTP/1.1" 404 1066
180.169.147.146 - - [22/Apr/2023:11:38:32 +0800] "GET /xingrg/kc/print/load_config.html?kc_code=cgsh HTTP/1.1" 200 1925
180.169.147.146 - - [22/Apr/2023:11:38:33 +0800] "GET /xingrg/kc/print/load_data.html?order_code=212023042207555&kc_code=cgsh&condition= HTTP/1.1" 200 1336
116.224.158.100 - - [22/Apr/2023:11:38:34 +0800] "POST /xingrg/kc/base/wldb_order_operate.html HTTP/1.1" 200 37
116.224.158.100 - - [22/Apr/2023:11:38:35 +0800] "POST /xingrg/kc/base/wldb_order_operate.html HTTP/1.1" 200 3685
116.224.158.100 - - [22/Apr/2023:11:38:35 +0800] "GET /xingrg/kc/base/wldb_order_info.html?code=422023042201765 HTTP/1.1" 200 30395
116.224.158.100 - - [22/Apr/2023:11:38:36 +0800] "GET /xingrg/javascript/easyui/themes/default/validatebox.css HTTP/1.1" 404 1104
116.224.158.100 - - [22/Apr/2023:11:38:37 +0800] "POST /xingrg/kc/base/wldb_order_operate.html HTTP/1.1" 200 3685
101.229.173.194 - - [22/Apr/2023:11:38:40 +0800] "GET /xingrg/check_reg.html?_=1682134723427 HTTP/1.1" 200 22
114.83.222.244 - - [22/Apr/2023:11:38:41 +0800] "GET /xingrg/all/function/internal_message.html?_=1682134717344&CODE_STATE=getMsg HTTP/1.1" 200 27
58.37.5.217 - - [22/Apr/2023:11:38:47 +0800] "GET /xingrg/all/function/internal_message.html?_=1682134729454&CODE_STATE=getMsg HTTP/1.1" 200 27
124.79.240.114 - - [22/Apr/2023:11:38:53 +0800] "GET /xingrg/all/function/internal_message.html?_=1682135003685&CODE_STATE=getMsg HTTP/1.1" 200 27
116.224.158.100 - - [22/Apr/2023:11:38:55 +0800] "GET /xingrg/kc/base/wldb_order_add.html HTTP/1.1" 200 30381
116.224.158.100 - - [22/Apr/2023:11:38:56 +0800] "POST /xingrg/kc/base/wldb_order_operate.html HTTP/1.1" 200 6806
116.227.208.255 - - [22/Apr/2023:11:38:56 +0800] "GET /xingrg/all/function/internal_message.html?_=1682134810425&CODE_STATE=getMsg HTTP/1.1" 200 27
116.224.158.100 - - [22/Apr/2023:11:38:56 +0800] "GET /xingrg/javascript/easyui/themes/default/validatebox.css HTTP/1.1" 404 1104
180.171.122.0 - - [22/Apr/2023:11:38:56 +0800] "GET /xingrg/all/function/internal_message.html?_=1682134731537&CODE_STATE=getMsg HTTP/1.1" 200 27
58.221.95.50 - - [22/Apr/2023:11:38:58 +0800] "GET /xingrg/check_reg.html?_=1682134739353 HTTP/1.1" 200 22
120.253.135.82 - - [22/Apr/2023:11:38:58 +0800] "GET /xingrg/javascript/jquery_easy_ui/themes/icons/area.png HTTP/1.1" 304 -
120.253.135.82 - - [22/Apr/2023:11:38:58 +0800] "GET /xingrg/javascript/jquery_easy_ui/themes/icons/manage.png HTTP/1.1" 304 -
120.253.135.82 - - [22/Apr/2023:11:38:58 +0800] "GET /xingrg/kc/pszx/mdqp_order_list.html?state=10 HTTP/1.1" 200 11523
120.253.135.82 - - [22/Apr/2023:11:38:58 +0800] "GET /xingrg/javascript/pic_change.js HTTP/1.1" 304 -
120.253.135.82 - - [22/Apr/2023:11:38:58 +0800] "GET /xingrg/css/blue.css HTTP/1.1" 304 -
120.253.135.82 - - [22/Apr/2023:11:38:58 +0800] "GET /xingrg/dwr/interface/AjaxQqpsService.js HTTP/1.1" 200 16326
120.253.135.82 - - [22/Apr/2023:11:38:58 +0800] "GET /xingrg/dwr/util.js HTTP/1.1" 304 -
120.253.135.82 - - [22/Apr/2023:11:38:58 +0800] "GET /xingrg/dwr/interface/AjaxReportQueryService.js HTTP/1.1" 200 13203
120.253.135.82 - - [22/Apr/2023:11:38:58 +0800] "GET /xingrg/javascript/myfunction.js HTTP/1.1" 304 -
120.253.135.82 - - [22/Apr/2023:11:38:58 +0800] "GET /xingrg/javascript/Calendar.js HTTP/1.1" 304 -
120.253.135.82 - - [22/Apr/2023:11:38:58 +0800] "GET /xingrg/dwr/engine.js HTTP/1.1" 200 43631
120.253.135.82 - - [22/Apr/2023:11:38:58 +0800] "GET /xingrg/javascript/jquery_easy_ui/themes/icons/uncheck_new.png HTTP/1.1" 304 -
120.253.135.82 - - [22/Apr/2023:11:38:58 +0800] "GET /xingrg/javascript/jquery_easy_ui/themes/icons/check_new.png HTTP/1.1" 304 -
120.253.135.82 - - [22/Apr/2023:11:38:58 +0800] "GET /xingrg/javascript/jquery_easy_ui/themes/icons/back_new.png HTTP/1.1" 304 -
116.238.139.35 - - [22/Apr/2023:11:38:58 +0800] "GET /xingrg/check_reg.html?_=1682134675796 HTTP/1.1" 200 22
116.238.139.35 - - [22/Apr/2023:11:39:00 +0800] "GET /xingrg/all/function/internal_message.html?_=1682134677657&CODE_STATE=getMsg HTTP/1.1" 200 27
120.253.135.82 - - [22/Apr/2023:11:39:03 +0800] "GET /xingrg/kc/buy/cgsh_order_list.html HTTP/1.1" 200 55113
120.253.135.82 - - [22/Apr/2023:11:39:04 +0800] "GET /xingrg/all/function/internal_message.html?_=1682134581832&CODE_STATE=getMsg HTTP/1.1" 200 27
180.162.111.145 - - [22/Apr/2023:11:39:04 +0800] "GET /xingrg/all/function/internal_message.html?_=1682133608360&CODE_STATE=getMsg HTTP/1.1" 200 27
120.253.135.82 - - [22/Apr/2023:11:39:05 +0800] "POST /xingrg/kc/buy/cgsh_list_operate.html HTTP/1.1" 200 986
120.253.135.82 - - [22/Apr/2023:11:39:06 +0800] "GET /xingrg/javascript/easyui/themes/default/images/button_plain_hover.png HTTP/1.1" 304 -
120.253.135.82 - - [22/Apr/2023:11:39:06 +0800] "GET /xingrg/javascript/easyui/themes/default/images/button_plain_hover.png HTTP/1.1" 304 -
120.253.135.82 - - [22/Apr/2023:11:39:08 +0800] "GET /xingrg/kc/buy/cgsh_order_add.html HTTP/1.1" 200 69959
120.253.135.82 - - [22/Apr/2023:11:39:08 +0800] "GET /xingrg/javascript/jquery_tools/order_manager.js HTTP/1.1" 304 -
120.253.135.82 - - [22/Apr/2023:11:39:08 +0800] "GET /xingrg/javascript/json2.js HTTP/1.1" 304 -
120.253.135.82 - - [22/Apr/2023:11:39:08 +0800] "GET /xingrg/javascript/convert.js HTTP/1.1" 304 -
120.253.135.82 - - [22/Apr/2023:11:39:08 +0800] "GET /xingrg/javascript/print/kc_print.js HTTP/1.1" 304 -
120.253.135.82 - - [22/Apr/2023:11:39:08 +0800] "GET /xingrg/words/20230421191028_words.js HTTP/1.1" 304 -
120.253.135.82 - - [22/Apr/2023:11:39:08 +0800] "GET /xingrg/javascript/easyui/themes/icons/copy_new.png HTTP/1.1" 304 -
120.253.135.82 - - [22/Apr/2023:11:39:08 +0800] "GET /xingrg/javascript/easyui/themes/icons/print.png HTTP/1.1" 304 -
120.253.135.82 - - [22/Apr/2023:11:39:08 +0800] "GET /xingrg/javascript/easyui/themes/icons/ok.png HTTP/1.1" 304 -
120.253.135.82 - - [22/Apr/2023:11:39:08 +0800] "GET /xingrg/javascript/easyui/themes/icons/template_new.png HTTP/1.1" 304 -
120.253.135.82 - - [22/Apr/2023:11:39:08 +0800] "GET /xingrg/javascript/easyui/themes/default/images/menu_downarrow.png HTTP/1.1" 304 -
120.253.135.82 - - [22/Apr/2023:11:39:08 +0800] "GET /xingrg/javascript/easyui/themes/icons/cancel.png HTTP/1.1" 304 -
120.253.135.82 - - [22/Apr/2023:11:39:08 +0800] "POST /xingrg/kc/buy/cgsh_order_operate.html HTTP/1.1" 200 8245
120.253.135.82 - - [22/Apr/2023:11:39:08 +0800] "GET /xingrg/javascript/easyui/themes/icons/edit_remove.png HTTP/1.1" 304 -
120.253.135.82 - - [22/Apr/2023:11:39:08 +0800] "GET /xingrg/all/common/auto_word.html?type=employee&rest_code=00101 HTTP/1.1" 200 927
120.253.135.82 - - [22/Apr/2023:11:39:08 +0800] "GET /xingrg/all/common/auto_word.html?type=employee&rest_code=00101 HTTP/1.1" 200 927
120.253.135.82 - - [22/Apr/2023:11:39:08 +0800] "GET /xingrg/javascript/easyui/themes/default/validatebox.css HTTP/1.1" 404 1104
120.253.135.82 - - [22/Apr/2023:11:39:08 +0800] "GET /xingrg/javascript/easyui/plugins/jquery.validatebox.js HTTP/1.1" 304 -
120.253.135.82 - - [22/Apr/2023:11:39:08 +0800] "GET /xingrg/javascript/easyui/plugins/jquery.numberbox.js HTTP/1.1" 304 -
