116.224.106.218 - - [22/Apr/2023:10:02:22 +0800] "GET /xingrg/all/function/internal_message.html?_=1682128940785&CODE_STATE=getMsg HTTP/1.1" 200 27
116.224.158.100 - - [22/Apr/2023:10:02:23 +0800] "GET /xingrg/check_reg.html?_=1682128783788 HTTP/1.1" 200 22
116.224.158.100 - - [22/Apr/2023:10:02:23 +0800] "GET /xingrg/all/function/internal_message.html?_=1682128783791&CODE_STATE=getMsg HTTP/1.1" 200 27
58.221.95.50 - - [22/Apr/2023:10:02:28 +0800] "GET /xingrg/all/function/internal_message.html?_=1682128949679&CODE_STATE=getMsg HTTP/1.1" 200 27
116.238.139.35 - - [22/Apr/2023:10:02:29 +0800] "GET /xingrg/all/function/internal_message.html?_=1682128949263&CODE_STATE=getMsg HTTP/1.1" 200 27
116.230.112.155 - - [22/Apr/2023:10:02:35 +0800] "GET /xingrg/all/function/internal_message.html?_=1682128976952&CODE_STATE=getMsg HTTP/1.1" 200 27
120.253.135.82 - - [22/Apr/2023:10:02:37 +0800] "GET /xingrg/all/function/internal_message.html?_=1682128796429&CODE_STATE=getMsg HTTP/1.1" 200 27
58.37.5.217 - - [22/Apr/2023:10:02:39 +0800] "GET /xingrg/kc/buy/cgsh_order_operate.html?command=get_materiel&rest_code=00106&code=00101006180&supplier_code=00100015&order_time=2023-04-22 HTTP/1.1" 200 424
58.37.5.217 - - [22/Apr/2023:10:02:45 +0800] "GET /xingrg/all/function/internal_message.html?_=1682128967203&CODE_STATE=getMsg HTTP/1.1" 200 27
58.37.5.217 - - [22/Apr/2023:10:02:48 +0800] "GET /xingrg/all/function/internal_message.html?_=1682128971189&CODE_STATE=getMsg HTTP/1.1" 200 27
180.171.122.0 - - [22/Apr/2023:10:02:49 +0800] "GET /xingrg/all/function/internal_message.html?_=1682128964664&CODE_STATE=getMsg HTTP/1.1" 200 27
114.83.222.244 - - [22/Apr/2023:10:02:52 +0800] "GET /xingrg/login.html HTTP/1.1" 200 7641
114.83.222.244 - - [22/Apr/2023:10:02:52 +0800] "GET /favicon.ico HTTP/1.1" 404 -
124.79.240.114 - - [22/Apr/2023:10:02:53 +0800] "GET /xingrg/all/function/internal_message.html?_=1682129243534&CODE_STATE=getMsg HTTP/1.1" 200 27
116.227.208.255 - - [22/Apr/2023:10:02:56 +0800] "GET /xingrg/all/function/internal_message.html?_=1682129050414&CODE_STATE=getMsg HTTP/1.1" 200 27
116.238.139.35 - - [22/Apr/2023:10:02:57 +0800] "GET /xingrg/all/function/internal_message.html?_=1682128914371&CODE_STATE=getMsg HTTP/1.1" 200 27
114.83.222.244 - - [22/Apr/2023:10:02:59 +0800] "POST /xingrg/login.do HTTP/1.1" 302 -
114.83.222.244 - - [22/Apr/2023:10:02:59 +0800] "GET /xingrg/index.html?sysBaseUrl=http%3A%2F%2F180.169.147.146%3A18081%2Fxingrg%2F&costTime=810×tamp=1682128979541 HTTP/1.1" 200 17179
114.83.222.244 - - [22/Apr/2023:10:02:59 +0800] "GET /favicon.ico HTTP/1.1" 404 -
114.83.222.244 - - [22/Apr/2023:10:02:59 +0800] "GET /xingrg/all/function/internal_message.html?_=1682128975854&CODE_STATE=count HTTP/1.1" 200 11
114.83.222.244 - - [22/Apr/2023:10:02:59 +0800] "GET /xingrg/check_reg.html?_=1682128975854 HTTP/1.1" 200 22
114.83.222.244 - - [22/Apr/2023:10:02:59 +0800] "POST /xingrg/all/common/load_tree.html?tree=area_rest_tree_json&manage=1 HTTP/1.1" 200 351
114.83.222.244 - - [22/Apr/2023:10:02:59 +0800] "POST /xingrg/load_menu.html HTTP/1.1" 200 5138
114.85.98.23 - - [22/Apr/2023:10:03:04 +0800] "GET /xingrg/check_reg.html?_=1682128984871 HTTP/1.1" 200 22
114.85.98.23 - - [22/Apr/2023:10:03:04 +0800] "GET /xingrg/all/function/internal_message.html?_=1682128984874&CODE_STATE=getMsg HTTP/1.1" 200 27
114.83.222.244 - - [22/Apr/2023:10:03:06 +0800] "GET /xingrg/kc/mdqp/qqps_order_list.html HTTP/1.1" 200 9222
114.83.222.244 - - [22/Apr/2023:10:03:06 +0800] "GET /xingrg/dwr/interface/AjaxQqpsService.js HTTP/1.1" 200 16326
114.83.222.244 - - [22/Apr/2023:10:03:06 +0800] "GET /xingrg/dwr/interface/AjaxReportQueryService.js HTTP/1.1" 200 13203
114.83.222.244 - - [22/Apr/2023:10:03:06 +0800] "GET /xingrg/dwr/engine.js HTTP/1.1" 200 43631
114.83.222.244 - - [22/Apr/2023:10:03:11 +0800] "GET /xingrg/kc/mdqp/qqps_order_add.html HTTP/1.1" 200 28398
114.83.222.244 - - [22/Apr/2023:10:03:11 +0800] "GET /xingrg/dwr/interface/AjaxComOrderService.js HTTP/1.1" 200 18264
114.83.222.244 - - [22/Apr/2023:10:03:11 +0800] "GET /xingrg/dwr/interface/AjaxQqpsService.js HTTP/1.1" 200 16326
114.83.222.244 - - [22/Apr/2023:10:03:11 +0800] "GET /xingrg/dwr/engine.js HTTP/1.1" 200 43631
180.164.3.199 - - [22/Apr/2023:10:03:12 +0800] "GET /xingrg/all/function/internal_message.html?_=1682128991688&CODE_STATE=getMsg HTTP/1.1" 200 27
101.229.22.234 - - [22/Apr/2023:10:03:15 +0800] "GET /xingrg/all/function/internal_message.html?_=1682128994357&CODE_STATE=getMsg HTTP/1.1" 200 27
114.83.222.182 - - [22/Apr/2023:10:03:18 +0800] "GET /xingrg/all/function/internal_message.html?_=1682129088918&CODE_STATE=getMsg HTTP/1.1" 200 27
116.224.106.218 - - [22/Apr/2023:10:03:22 +0800] "GET /xingrg/all/function/internal_message.html?_=1682129000784&CODE_STATE=getMsg HTTP/1.1" 200 27
116.224.158.100 - - [22/Apr/2023:10:03:23 +0800] "GET /xingrg/all/function/internal_message.html?_=1682128843798&CODE_STATE=getMsg HTTP/1.1" 200 27
114.84.144.20 - - [22/Apr/2023:10:03:24 +0800] "POST /xingrg/services/DataTransmitService HTTP/1.1" 200 524
58.221.95.50 - - [22/Apr/2023:10:03:28 +0800] "GET /xingrg/all/function/internal_message.html?_=1682129009665&CODE_STATE=getMsg HTTP/1.1" 200 27
116.238.139.35 - - [22/Apr/2023:10:03:29 +0800] "GET /xingrg/all/function/internal_message.html?_=1682129009242&CODE_STATE=getMsg HTTP/1.1" 200 27
116.230.112.155 - - [22/Apr/2023:10:03:35 +0800] "GET /xingrg/all/function/internal_message.html?_=1682129036967&CODE_STATE=getMsg HTTP/1.1" 200 27
120.253.135.82 - - [22/Apr/2023:10:03:37 +0800] "GET /xingrg/all/function/internal_message.html?_=1682128856444&CODE_STATE=getMsg HTTP/1.1" 200 27
101.229.173.194 - - [22/Apr/2023:10:03:40 +0800] "GET /xingrg/check_reg.html?_=1682129023302 HTTP/1.1" 200 22
58.37.5.217 - - [22/Apr/2023:10:03:45 +0800] "GET /xingrg/all/function/internal_message.html?_=1682129027218&CODE_STATE=getMsg HTTP/1.1" 200 27
180.163.30.76 - - [22/Apr/2023:10:03:48 +0800] "GET /xingrg/all/function/internal_message.html?_=1682128971189&CODE_STATE=getMsg HTTP/1.1" 302 -
180.163.30.76 - - [22/Apr/2023:10:03:48 +0800] "GET /xingrg/login.html HTTP/1.1" 200 7641
58.37.5.217 - - [22/Apr/2023:10:03:48 +0800] "GET /xingrg/all/function/internal_message.html?_=1682129031184&CODE_STATE=getMsg HTTP/1.1" 200 27
180.171.122.0 - - [22/Apr/2023:10:03:49 +0800] "GET /xingrg/check_reg.html?_=1682129024701 HTTP/1.1" 200 22
180.171.122.0 - - [22/Apr/2023:10:03:49 +0800] "GET /xingrg/all/function/internal_message.html?_=1682129024694&CODE_STATE=getMsg HTTP/1.1" 200 27
124.79.240.114 - - [22/Apr/2023:10:03:53 +0800] "GET /xingrg/all/function/internal_message.html?_=1682129303533&CODE_STATE=getMsg HTTP/1.1" 200 27
116.227.208.255 - - [22/Apr/2023:10:03:56 +0800] "GET /xingrg/all/function/internal_message.html?_=1682129110432&CODE_STATE=getMsg HTTP/1.1" 200 27
116.238.139.35 - - [22/Apr/2023:10:03:56 +0800] "GET /xingrg/check_reg.html?_=1682128973845 HTTP/1.1" 200 22
116.238.139.35 - - [22/Apr/2023:10:03:57 +0800] "GET /xingrg/all/function/internal_message.html?_=1682128974385&CODE_STATE=getMsg HTTP/1.1" 200 27
58.221.95.50 - - [22/Apr/2023:10:03:58 +0800] "GET /xingrg/check_reg.html?_=1682129039577 HTTP/1.1" 200 22
114.83.222.244 - - [22/Apr/2023:10:03:59 +0800] "GET /xingrg/all/function/internal_message.html?_=1682129035910&CODE_STATE=getMsg HTTP/1.1" 200 27
114.85.98.23 - - [22/Apr/2023:10:04:04 +0800] "GET /xingrg/all/function/internal_message.html?_=1682129044872&CODE_STATE=getMsg HTTP/1.1" 200 27
58.37.5.217 - - [22/Apr/2023:10:04:10 +0800] "POST /xingrg/services/DataTransmitService HTTP/1.1" 200 524
180.164.3.199 - - [22/Apr/2023:10:04:12 +0800] "GET /xingrg/check_reg.html?_=1682129051687 HTTP/1.1" 200 22
180.164.3.199 - - [22/Apr/2023:10:04:12 +0800] "GET /xingrg/all/function/internal_message.html?_=1682129051688&CODE_STATE=getMsg HTTP/1.1" 200 27
101.229.22.234 - - [22/Apr/2023:10:04:15 +0800] "GET /xingrg/all/function/internal_message.html?_=1682129054366&CODE_STATE=getMsg HTTP/1.1" 200 27
114.83.222.182 - - [22/Apr/2023:10:04:18 +0800] "GET /xingrg/all/function/internal_message.html?_=1682129148922&CODE_STATE=getMsg HTTP/1.1" 200 27
116.224.106.218 - - [22/Apr/2023:10:04:22 +0800] "GET /xingrg/all/function/internal_message.html?_=1682129060783&CODE_STATE=getMsg HTTP/1.1" 200 27
116.224.106.218 - - [22/Apr/2023:10:04:22 +0800] "GET /xingrg/check_reg.html?_=1682129060785 HTTP/1.1" 200 22
116.224.158.100 - - [22/Apr/2023:10:04:23 +0800] "GET /xingrg/all/function/internal_message.html?_=1682128903787&CODE_STATE=getMsg HTTP/1.1" 200 27
58.221.95.50 - - [22/Apr/2023:10:04:28 +0800] "GET /xingrg/all/function/internal_message.html?_=1682129069647&CODE_STATE=getMsg HTTP/1.1" 200 27
116.238.139.35 - - [22/Apr/2023:10:04:29 +0800] "GET /xingrg/all/function/internal_message.html?_=1682129069228&CODE_STATE=getMsg HTTP/1.1" 200 27
116.230.112.155 - - [22/Apr/2023:10:04:35 +0800] "GET /xingrg/all/function/internal_message.html?_=1682129097160&CODE_STATE=getMsg HTTP/1.1" 200 27
120.253.135.82 - - [22/Apr/2023:10:04:37 +0800] "GET /xingrg/all/function/internal_message.html?_=1682128916457&CODE_STATE=getMsg HTTP/1.1" 200 27
58.37.5.217 - - [22/Apr/2023:10:04:45 +0800] "GET /xingrg/all/function/internal_message.html?_=1682129087203&CODE_STATE=getMsg HTTP/1.1" 200 27
58.37.5.217 - - [22/Apr/2023:10:04:48 +0800] "GET /xingrg/all/function/internal_message.html?_=1682129091188&CODE_STATE=getMsg HTTP/1.1" 200 27
180.171.122.0 - - [22/Apr/2023:10:04:49 +0800] "GET /xingrg/all/function/internal_message.html?_=1682129084700&CODE_STATE=getMsg HTTP/1.1" 200 27
124.79.240.114 - - [22/Apr/2023:10:04:53 +0800] "GET /xingrg/all/function/internal_message.html?_=1682129363531&CODE_STATE=getMsg HTTP/1.1" 200 27
124.79.240.114 - - [22/Apr/2023:10:04:53 +0800] "GET /xingrg/check_reg.html?_=1682129363532 HTTP/1.1" 200 22
116.227.208.255 - - [22/Apr/2023:10:04:56 +0800] "GET /xingrg/all/function/internal_message.html?_=1682129170423&CODE_STATE=getMsg HTTP/1.1" 200 27
116.238.139.35 - - [22/Apr/2023:10:04:57 +0800] "GET /xingrg/all/function/internal_message.html?_=1682129034398&CODE_STATE=getMsg HTTP/1.1" 200 27
114.83.222.244 - - [22/Apr/2023:10:04:59 +0800] "GET /xingrg/all/function/internal_message.html?_=1682129095881&CODE_STATE=getMsg HTTP/1.1" 200 27
114.85.98.23 - - [22/Apr/2023:10:05:04 +0800] "GET /xingrg/all/function/internal_message.html?_=1682129104873&CODE_STATE=getMsg HTTP/1.1" 200 27
180.164.3.199 - - [22/Apr/2023:10:05:12 +0800] "GET /xingrg/all/function/internal_message.html?_=1682129111674&CODE_STATE=getMsg HTTP/1.1" 200 27
101.229.22.234 - - [22/Apr/2023:10:05:15 +0800] "GET /xingrg/all/function/internal_message.html?_=1682129114366&CODE_STATE=getMsg HTTP/1.1" 200 27
58.37.5.217 - - [22/Apr/2023:10:05:18 +0800] "GET /xingrg/kc/buy/buy_main.html HTTP/1.1" 200 12412
58.37.5.217 - - [22/Apr/2023:10:05:18 +0800] "GET /xingrg/css/new_ie.css HTTP/1.1" 404 1036
114.83.222.182 - - [22/Apr/2023:10:05:18 +0800] "GET /xingrg/all/function/internal_message.html?_=1682129208929&CODE_STATE=getMsg HTTP/1.1" 200 27
58.37.5.217 - - [22/Apr/2023:10:05:19 +0800] "GET /xingrg/images/yd/bt.gif HTTP/1.1" 404 1040
58.37.5.217 - - [22/Apr/2023:10:05:20 +0800] "GET /xingrg/kc/buy/cgsh_order_list.html HTTP/1.1" 200 55113
58.37.5.217 - - [22/Apr/2023:10:05:22 +0800] "POST /xingrg/kc/buy/cgsh_list_operate.html HTTP/1.1" 200 986
116.224.106.218 - - [22/Apr/2023:10:05:22 +0800] "GET /xingrg/all/function/internal_message.html?_=1682129120783&CODE_STATE=getMsg HTTP/1.1" 200 27
116.224.158.100 - - [22/Apr/2023:10:05:23 +0800] "GET /xingrg/all/function/internal_message.html?_=1682128963789&CODE_STATE=getMsg HTTP/1.1" 200 27
58.37.5.217 - - [22/Apr/2023:10:05:25 +0800] "GET /xingrg/kc/buy/cgsh_order_add.html HTTP/1.1" 200 70889
58.37.5.217 - - [22/Apr/2023:10:05:25 +0800] "GET /xingrg/javascript/jquery_tools/order_manager.js HTTP/1.1" 304 -
58.37.5.217 - - [22/Apr/2023:10:05:25 +0800] "GET /xingrg/javascript/convert.js HTTP/1.1" 304 -
58.37.5.217 - - [22/Apr/2023:10:05:25 +0800] "GET /xingrg/javascript/print/kc_print.js HTTP/1.1" 304 -
58.37.5.217 - - [22/Apr/2023:10:05:25 +0800] "GET /xingrg/words/20230421191028_words.js HTTP/1.1" 200 961287
58.37.5.217 - - [22/Apr/2023:10:05:25 +0800] "GET /xingrg/javascript/easyui/themes/icons/copy_new.png HTTP/1.1" 304 -
58.37.5.217 - - [22/Apr/2023:10:05:25 +0800] "GET /xingrg/javascript/easyui/themes/icons/template_new.png HTTP/1.1" 200 3956
58.37.5.217 - - [22/Apr/2023:10:05:25 +0800] "GET /xingrg/javascript/easyui/themes/icons/ok.png HTTP/1.1" 200 883
58.37.5.217 - - [22/Apr/2023:10:05:25 +0800] "GET /xingrg/javascript/easyui/themes/icons/print.png HTTP/1.1" 304 -
58.37.5.217 - - [22/Apr/2023:10:05:25 +0800] "GET /xingrg/javascript/easyui/themes/default/images/menu_downarrow.png HTTP/1.1" 304 -
58.37.5.217 - - [22/Apr/2023:10:05:25 +0800] "GET /xingrg/javascript/easyui/themes/icons/cancel.png HTTP/1.1" 304 -
58.37.5.217 - - [22/Apr/2023:10:05:25 +0800] "GET /xingrg/javascript/easyui/themes/default/validatebox.css HTTP/1.1" 404 1104
58.37.5.217 - - [22/Apr/2023:10:05:25 +0800] "GET /xingrg/javascript/easyui/plugins/jquery.validatebox.js HTTP/1.1" 304 -
58.37.5.217 - - [22/Apr/2023:10:05:25 +0800] "POST /xingrg/kc/buy/cgsh_order_operate.html HTTP/1.1" 200 8245
58.37.5.217 - - [22/Apr/2023:10:05:25 +0800] "GET /xingrg/javascript/easyui/plugins/jquery.numberbox.js HTTP/1.1" 304 -
58.37.5.217 - - [22/Apr/2023:10:05:25 +0800] "GET /xingrg/all/common/auto_word.html?type=employee&rest_code=00106 HTTP/1.1" 200 205
58.37.5.217 - - [22/Apr/2023:10:05:25 +0800] "GET /xingrg/all/common/auto_word.html?type=employee&rest_code=00106 HTTP/1.1" 200 205
58.37.5.217 - - [22/Apr/2023:10:05:26 +0800] "GET /xingrg/javascript/easyui/themes/icons/edit_remove.png HTTP/1.1" 304 -
58.37.5.217 - - [22/Apr/2023:10:05:27 +0800] "GET /xingrg/javascript/easyui/plugins/jquery.draggable.js HTTP/1.1" 200 6121
58.37.5.217 - - [22/Apr/2023:10:05:27 +0800] "GET /xingrg/css/images/panel_loading.gif HTTP/1.1" 200 1737
58.37.5.217 - - [22/Apr/2023:10:05:27 +0800] "GET /xingrg/javascript/easyui/plugins/jquery.droppable.js HTTP/1.1" 200 1167
58.37.5.217 - - [22/Apr/2023:10:05:27 +0800] "GET /xingrg/javascript/easyui/themes/default/tree.css HTTP/1.1" 404 1090
58.37.5.217 - - [22/Apr/2023:10:05:27 +0800] "GET /xingrg/javascript/easyui/plugins/jquery.tree.js HTTP/1.1" 200 20874
58.37.5.217 - - [22/Apr/2023:10:05:27 +0800] "POST /xingrg/all/common/load_tree.html?tree=supplier_tree_json&isDelete=1 HTTP/1.1" 200 73015
58.221.95.50 - - [22/Apr/2023:10:05:28 +0800] "GET /xingrg/all/function/internal_message.html?_=1682129129631&CODE_STATE=getMsg HTTP/1.1" 200 27
58.37.5.217 - - [22/Apr/2023:10:05:29 +0800] "GET /xingrg/javascript/easyui/themes/default/images/tree_arrows.gif HTTP/1.1" 200 617
58.37.5.217 - - [22/Apr/2023:10:05:29 +0800] "GET /xingrg/javascript/easyui/themes/default/images/tree_folder_open.gif HTTP/1.1" 200 956
58.37.5.217 - - [22/Apr/2023:10:05:29 +0800] "GET /xingrg/javascript/easyui/themes/default/images/tree_folder.gif HTTP/1.1" 200 952
58.37.5.217 - - [22/Apr/2023:10:05:29 +0800] "GET /xingrg/javascript/easyui/themes/default/images/tree_file.gif HTTP/1.1" 200 118
116.238.139.35 - - [22/Apr/2023:10:05:29 +0800] "GET /xingrg/all/function/internal_message.html?_=1682129129198&CODE_STATE=getMsg HTTP/1.1" 200 27
116.230.112.155 - - [22/Apr/2023:10:05:35 +0800] "GET /xingrg/all/function/internal_message.html?_=1682129157164&CODE_STATE=getMsg HTTP/1.1" 200 27
120.253.135.82 - - [22/Apr/2023:10:05:37 +0800] "GET /xingrg/check_reg.html?_=1682128976413 HTTP/1.1" 200 22
120.253.135.82 - - [22/Apr/2023:10:05:37 +0800] "GET /xingrg/all/function/internal_message.html?_=1682128976469&CODE_STATE=getMsg HTTP/1.1" 200 27
116.238.139.35 - - [22/Apr/2023:10:05:41 +0800] "GET /xingrg/check_reg.html?_=1682129141587 HTTP/1.1" 200 22
58.37.5.217 - - [22/Apr/2023:10:05:43 +0800] "POST /xingrg/kc/buy/cgsh_order_operate.html HTTP/1.1" 200 37
58.37.5.217 - - [22/Apr/2023:10:05:45 +0800] "GET /xingrg/check_reg.html?_=1682129147227 HTTP/1.1" 200 22
58.37.5.217 - - [22/Apr/2023:10:05:45 +0800] "GET /xingrg/all/function/internal_message.html?_=1682129147230&CODE_STATE=getMsg HTTP/1.1" 200 27
58.37.5.217 - - [22/Apr/2023:10:05:47 +0800] "GET /xingrg/javascript/auto/indicator.gif HTTP/1.1" 404 1066
58.37.5.217 - - [22/Apr/2023:10:05:48 +0800] "GET /xingrg/all/function/internal_message.html?_=1682129151195&CODE_STATE=getMsg HTTP/1.1" 200 27
180.171.122.0 - - [22/Apr/2023:10:05:49 +0800] "GET /xingrg/all/function/internal_message.html?_=1682129144687&CODE_STATE=getMsg HTTP/1.1" 200 27
58.37.5.217 - - [22/Apr/2023:10:05:51 +0800] "POST /xingrg/kc/buy/cgsh_order_operate.html HTTP/1.1" 200 12
124.79.240.114 - - [22/Apr/2023:10:05:53 +0800] "GET /xingrg/all/function/internal_message.html?_=1682129423530&CODE_STATE=getMsg HTTP/1.1" 200 27
116.227.208.255 - - [22/Apr/2023:10:05:56 +0800] "GET /xingrg/all/function/internal_message.html?_=1682129230416&CODE_STATE=getMsg HTTP/1.1" 200 27
116.227.208.255 - - [22/Apr/2023:10:05:56 +0800] "GET /xingrg/check_reg.html?_=1682129230417 HTTP/1.1" 200 22
116.238.139.35 - - [22/Apr/2023:10:05:57 +0800] "GET /xingrg/all/function/internal_message.html?_=1682129094412&CODE_STATE=getMsg HTTP/1.1" 200 27
114.83.222.244 - - [22/Apr/2023:10:05:59 +0800] "GET /xingrg/all/function/internal_message.html?_=1682129155871&CODE_STATE=getMsg HTTP/1.1" 200 27
58.37.5.217 - - [22/Apr/2023:10:06:02 +0800] "GET /xingrg/kc/buy/cgsh_order_operate.html?command=get_materiel&rest_code=00106&code=00101028011&supplier_code=00100017&order_time=2023-04-22 HTTP/1.1" 200 452
114.85.98.23 - - [22/Apr/2023:10:06:04 +0800] "GET /xingrg/all/function/internal_message.html?_=1682129164869&CODE_STATE=getMsg HTTP/1.1" 200 27
180.164.3.199 - - [22/Apr/2023:10:06:12 +0800] "GET /xingrg/all/function/internal_message.html?_=1682129171685&CODE_STATE=getMsg HTTP/1.1" 200 27
101.229.22.234 - - [22/Apr/2023:10:06:15 +0800] "GET /xingrg/all/function/internal_message.html?_=1682129174364&CODE_STATE=getMsg HTTP/1.1" 200 27
114.83.222.182 - - [22/Apr/2023:10:06:18 +0800] "GET /xingrg/all/function/internal_message.html?_=1682129268919&CODE_STATE=getMsg HTTP/1.1" 200 27
114.83.222.182 - - [22/Apr/2023:10:06:18 +0800] "GET /xingrg/check_reg.html?_=1682129268921 HTTP/1.1" 200 22
116.224.106.218 - - [22/Apr/2023:10:06:22 +0800] "GET /xingrg/all/function/internal_message.html?_=1682129180783&CODE_STATE=getMsg HTTP/1.1" 200 27
116.224.158.100 - - [22/Apr/2023:10:06:23 +0800] "GET /xingrg/all/function/internal_message.html?_=1682129023789&CODE_STATE=getMsg HTTP/1.1" 200 27
58.221.95.50 - - [22/Apr/2023:10:06:28 +0800] "GET /xingrg/all/function/internal_message.html?_=1682129189617&CODE_STATE=getMsg HTTP/1.1" 200 27
116.238.139.35 - - [22/Apr/2023:10:06:29 +0800] "GET /xingrg/all/function/internal_message.html?_=1682129189172&CODE_STATE=getMsg HTTP/1.1" 200 27
58.37.5.217 - - [22/Apr/2023:10:06:29 +0800] "GET /xingrg/kc/buy/cgsh_order_operate.html?command=get_materiel&rest_code=00106&code=00101029003&supplier_code=00100017&order_time=2023-04-22 HTTP/1.1" 200 454
116.230.112.155 - - [22/Apr/2023:10:06:35 +0800] "GET /xingrg/all/function/internal_message.html?_=1682129217372&CODE_STATE=getMsg HTTP/1.1" 200 27
120.253.135.82 - - [22/Apr/2023:10:06:38 +0800] "GET /xingrg/all/function/internal_message.html?_=1682129036484&CODE_STATE=getMsg HTTP/1.1" 200 27
114.83.222.244 - - [22/Apr/2023:10:06:45 +0800] "POST /xingrg/services/DataTransmitService HTTP/1.1" 200 524
58.37.5.217 - - [22/Apr/2023:10:06:45 +0800] "GET /xingrg/all/function/internal_message.html?_=1682129207231&CODE_STATE=getMsg HTTP/1.1" 200 27
58.37.5.217 - - [22/Apr/2023:10:06:47 +0800] "GET /xingrg/kc/buy/cgsh_order_operate.html?command=get_materiel&rest_code=00106&code=00101029010&supplier_code=00100017&order_time=2023-04-22 HTTP/1.1" 200 439
180.171.122.0 - - [22/Apr/2023:10:06:49 +0800] "GET /xingrg/all/function/internal_message.html?_=1682129204691&CODE_STATE=getMsg HTTP/1.1" 200 27
120.253.135.82 - - [22/Apr/2023:10:06:51 +0800] "GET /xingrg/check_reg.html?_=1682129209372 HTTP/1.1" 302 -
124.79.240.114 - - [22/Apr/2023:10:06:53 +0800] "GET /xingrg/all/function/internal_message.html?_=1682129483545&CODE_STATE=getMsg HTTP/1.1" 200 27
116.227.208.255 - - [22/Apr/2023:10:06:56 +0800] "GET /xingrg/all/function/internal_message.html?_=1682129290433&CODE_STATE=getMsg HTTP/1.1" 200 27
116.238.139.35 - - [22/Apr/2023:10:06:57 +0800] "GET /xingrg/all/function/internal_message.html?_=1682129154530&CODE_STATE=getMsg HTTP/1.1" 200 27
114.83.222.244 - - [22/Apr/2023:10:06:59 +0800] "GET /xingrg/all/function/internal_message.html?_=1682129215881&CODE_STATE=getMsg HTTP/1.1" 200 27
116.230.112.155 - - [22/Apr/2023:10:07:03 +0800] "GET /xingrg/check_reg.html?_=1682129244998 HTTP/1.1" 200 22
114.85.98.23 - - [22/Apr/2023:10:07:04 +0800] "GET /xingrg/all/function/internal_message.html?_=1682129224877&CODE_STATE=getMsg HTTP/1.1" 200 27
180.164.3.199 - - [22/Apr/2023:10:07:12 +0800] "GET /xingrg/all/function/internal_message.html?_=1682129231688&CODE_STATE=getMsg HTTP/1.1" 200 27
101.229.22.234 - - [22/Apr/2023:10:07:15 +0800] "GET /xingrg/all/function/internal_message.html?_=1682129234366&CODE_STATE=getMsg HTTP/1.1" 200 27
101.229.22.234 - - [22/Apr/2023:10:07:15 +0800] "GET /xingrg/check_reg.html?_=1682129234368 HTTP/1.1" 200 22
114.83.222.182 - - [22/Apr/2023:10:07:18 +0800] "GET /xingrg/all/function/internal_message.html?_=1682129328937&CODE_STATE=getMsg HTTP/1.1" 200 27
58.37.5.217 - - [22/Apr/2023:10:07:22 +0800] "POST /xingrg/kc/buy/cgsh_order_operate.html HTTP/1.1" 200 37
116.224.106.218 - - [22/Apr/2023:10:07:22 +0800] "GET /xingrg/all/function/internal_message.html?_=1682129240782&CODE_STATE=getMsg HTTP/1.1" 200 27
116.224.158.100 - - [22/Apr/2023:10:07:23 +0800] "GET /xingrg/check_reg.html?_=1682129083798 HTTP/1.1" 200 22
116.224.158.100 - - [22/Apr/2023:10:07:23 +0800] "GET /xingrg/all/function/internal_message.html?_=1682129083801&CODE_STATE=getMsg HTTP/1.1" 200 27
58.221.95.50 - - [22/Apr/2023:10:07:28 +0800] "GET /xingrg/all/function/internal_message.html?_=1682129249597&CODE_STATE=getMsg HTTP/1.1" 200 27
116.238.139.35 - - [22/Apr/2023:10:07:29 +0800] "GET /xingrg/all/function/internal_message.html?_=1682129249156&CODE_STATE=getMsg HTTP/1.1" 200 27
58.37.5.217 - - [22/Apr/2023:10:07:30 +0800] "POST /xingrg/kc/buy/cgsh_order_operate.html HTTP/1.1" 200 12
58.37.5.217 - - [22/Apr/2023:10:07:32 +0800] "GET /xingrg/kc/buy/cgsh_order_info.html?code=212023042207532 HTTP/1.1" 200 65795
58.37.5.217 - - [22/Apr/2023:10:07:32 +0800] "GET /xingrg/javascript/easyui/themes/default/validatebox.css HTTP/1.1" 404 1104
58.37.5.217 - - [22/Apr/2023:10:07:33 +0800] "POST /xingrg/kc/buy/cgsh_order_operate.html HTTP/1.1" 200 1884
116.230.112.155 - - [22/Apr/2023:10:07:35 +0800] "GET /xingrg/all/function/internal_message.html?_=1682129277379&CODE_STATE=getMsg HTTP/1.1" 200 27
58.37.5.217 - - [22/Apr/2023:10:07:36 +0800] "GET /xingrg/kc/print/load_config.html?kc_code=cgsh HTTP/1.1" 200 1925
58.37.5.217 - - [22/Apr/2023:10:07:37 +0800] "GET /xingrg/kc/print/load_data.html?order_code=212023042207532&kc_code=cgsh&condition= HTTP/1.1" 200 1308
120.253.135.82 - - [22/Apr/2023:10:07:38 +0800] "GET /xingrg/all/function/internal_message.html?_=1682129096498&CODE_STATE=getMsg HTTP/1.1" 200 27
114.83.222.244 - - [22/Apr/2023:10:07:41 +0800] "POST /xingrg/services/DataTransmitService HTTP/1.1" 200 501
180.171.134.219 - - [22/Apr/2023:10:07:42 +0800] "POST /xingrg/services/DataTransmitService HTTP/1.1" 200 524
58.37.5.217 - - [22/Apr/2023:10:07:45 +0800] "GET /xingrg/all/function/internal_message.html?_=1682129267226&CODE_STATE=getMsg HTTP/1.1" 200 27
180.171.122.0 - - [22/Apr/2023:10:07:49 +0800] "GET /xingrg/all/function/internal_message.html?_=1682129264695&CODE_STATE=getMsg HTTP/1.1" 200 27
124.79.240.114 - - [22/Apr/2023:10:07:53 +0800] "GET /xingrg/all/function/internal_message.html?_=1682129543543&CODE_STATE=getMsg HTTP/1.1" 200 27
116.227.208.255 - - [22/Apr/2023:10:07:56 +0800] "GET /xingrg/all/function/internal_message.html?_=1682129350428&CODE_STATE=getMsg HTTP/1.1" 200 27
116.238.139.35 - - [22/Apr/2023:10:07:57 +0800] "GET /xingrg/all/function/internal_message.html?_=1682129214532&CODE_STATE=getMsg HTTP/1.1" 200 27
58.37.5.217 - - [22/Apr/2023:10:07:58 +0800] "GET /xingrg/kc/base/base_main.html HTTP/1.1" 200 12142
58.37.5.217 - - [22/Apr/2023:10:07:58 +0800] "GET /xingrg/images/blue/button/wlsy.gif HTTP/1.1" 200 2536
58.37.5.217 - - [22/Apr/2023:10:07:58 +0800] "GET /xingrg/images/blue/button/yddb.gif HTTP/1.1" 200 2040
58.37.5.217 - - [22/Apr/2023:10:07:58 +0800] "GET /xingrg/images/blue/button/ckdb.gif HTTP/1.1" 200 1950
58.37.5.217 - - [22/Apr/2023:10:07:58 +0800] "GET /xingrg/images/blue/button/ckpd.gif HTTP/1.1" 200 2051
58.37.5.217 - - [22/Apr/2023:10:07:58 +0800] "GET /xingrg/images/blue/button/top_left.jpg HTTP/1.1" 200 1632
58.37.5.217 - - [22/Apr/2023:10:07:58 +0800] "GET /xingrg/images/blue/button/down.jpg HTTP/1.1" 200 1560
58.37.5.217 - - [22/Apr/2023:10:07:58 +0800] "GET /xingrg/images/blue/button/top_right.jpg HTTP/1.1" 200 1708
58.37.5.217 - - [22/Apr/2023:10:07:58 +0800] "GET /xingrg/images/blue/button/left_ah.jpg HTTP/1.1" 200 1643
58.37.5.217 - - [22/Apr/2023:10:07:58 +0800] "GET /xingrg/images/blue/button/bottom_left.jpg HTTP/1.1" 200 1524
58.37.5.217 - - [22/Apr/2023:10:07:58 +0800] "GET /xingrg/images/blue/button/bottom_right.jpg HTTP/1.1" 200 1436
58.37.5.217 - - [22/Apr/2023:10:07:59 +0800] "GET /xingrg/kc/base/wldb_order_list.html HTTP/1.1" 200 19098
114.83.222.244 - - [22/Apr/2023:10:07:59 +0800] "GET /xingrg/check_reg.html?_=1682129275876 HTTP/1.1" 200 22
114.83.222.244 - - [22/Apr/2023:10:07:59 +0800] "GET /xingrg/all/function/internal_message.html?_=1682129275880&CODE_STATE=getMsg HTTP/1.1" 200 27
58.37.5.217 - - [22/Apr/2023:10:08:00 +0800] "POST /xingrg/kc/base/wldb_list_operate.html HTTP/1.1" 200 928
58.37.5.217 - - [22/Apr/2023:10:08:01 +0800] "GET /xingrg/kc/buy/cgsh_order_info.html?code=212023042207531 HTTP/1.1" 200 65805
58.37.5.217 - - [22/Apr/2023:10:08:02 +0800] "GET /xingrg/javascript/easyui/themes/default/validatebox.css HTTP/1.1" 404 1104
58.37.5.217 - - [22/Apr/2023:10:08:02 +0800] "GET /xingrg/kc/buy/buy_main.html HTTP/1.1" 200 12412
58.37.5.217 - - [22/Apr/2023:10:08:02 +0800] "GET /xingrg/css/new_ie.css HTTP/1.1" 404 1036
58.37.5.217 - - [22/Apr/2023:10:08:03 +0800] "POST /xingrg/kc/buy/cgsh_order_operate.html HTTP/1.1" 200 2977
58.37.5.217 - - [22/Apr/2023:10:08:03 +0800] "GET /xingrg/images/yd/bt.gif HTTP/1.1" 404 1040
114.85.98.23 - - [22/Apr/2023:10:08:04 +0800] "GET /xingrg/check_reg.html?_=1682129284867 HTTP/1.1" 200 22
114.85.98.23 - - [22/Apr/2023:10:08:04 +0800] "GET /xingrg/all/function/internal_message.html?_=1682129284874&CODE_STATE=getMsg HTTP/1.1" 200 27
58.37.5.217 - - [22/Apr/2023:10:08:04 +0800] "GET /xingrg/kc/buy/cgsh_order_list.html HTTP/1.1" 200 55113
58.37.5.217 - - [22/Apr/2023:10:08:06 +0800] "POST /xingrg/kc/buy/cgsh_list_operate.html HTTP/1.1" 200 986
58.37.5.217 - - [22/Apr/2023:10:08:06 +0800] "GET /xingrg/kc/print/load_data.html?order_code=212023042207531&kc_code=cgsh&condition= HTTP/1.1" 200 1699
58.37.5.217 - - [22/Apr/2023:10:08:08 +0800] "GET /xingrg/kc/base/base_main.html HTTP/1.1" 200 12142
58.37.5.217 - - [22/Apr/2023:10:08:10 +0800] "GET /xingrg/kc/base/wldb_order_list.html HTTP/1.1" 200 19098
58.37.5.217 - - [22/Apr/2023:10:08:10 +0800] "POST /xingrg/kc/base/wldb_list_operate.html HTTP/1.1" 200 928
180.164.3.199 - - [22/Apr/2023:10:08:12 +0800] "GET /xingrg/all/function/internal_message.html?_=1682129291687&CODE_STATE=getMsg HTTP/1.1" 200 27
58.37.5.217 - - [22/Apr/2023:10:08:12 +0800] "GET /xingrg/kc/print/load_data.html?order_code=212023042207531&kc_code=cgsh HTTP/1.1" 200 1699
101.229.22.234 - - [22/Apr/2023:10:08:15 +0800] "GET /xingrg/all/function/internal_message.html?_=1682129294366&CODE_STATE=getMsg HTTP/1.1" 200 27
114.83.222.182 - - [22/Apr/2023:10:08:18 +0800] "GET /xingrg/all/function/internal_message.html?_=1682129388929&CODE_STATE=getMsg HTTP/1.1" 200 27
58.37.5.217 - - [22/Apr/2023:10:08:19 +0800] "GET /xingrg/kc/buy/buy_main.html HTTP/1.1" 200 12412
58.37.5.217 - - [22/Apr/2023:10:08:19 +0800] "GET /xingrg/css/new_ie.css HTTP/1.1" 404 1036
58.37.5.217 - - [22/Apr/2023:10:08:20 +0800] "GET /xingrg/images/yd/bt.gif HTTP/1.1" 404 1040
58.37.5.217 - - [22/Apr/2023:10:08:21 +0800] "GET /xingrg/kc/buy/cgsh_order_list.html HTTP/1.1" 200 55113
116.224.106.218 - - [22/Apr/2023:10:08:22 +0800] "GET /xingrg/all/function/internal_message.html?_=1682129300796&CODE_STATE=getMsg HTTP/1.1" 200 27
58.37.5.217 - - [22/Apr/2023:10:08:23 +0800] "POST /xingrg/kc/buy/cgsh_list_operate.html HTTP/1.1" 200 986
116.224.158.100 - - [22/Apr/2023:10:08:23 +0800] "GET /xingrg/all/function/internal_message.html?_=1682129143788&CODE_STATE=getMsg HTTP/1.1" 200 27
58.221.95.50 - - [22/Apr/2023:10:08:28 +0800] "GET /xingrg/all/function/internal_message.html?_=1682129309576&CODE_STATE=getMsg HTTP/1.1" 200 27
116.238.139.35 - - [22/Apr/2023:10:08:29 +0800] "GET /xingrg/all/function/internal_message.html?_=1682129309136&CODE_STATE=getMsg HTTP/1.1" 200 27
116.230.112.155 - - [22/Apr/2023:10:08:35 +0800] "GET /xingrg/all/function/internal_message.html?_=1682129337391&CODE_STATE=getMsg HTTP/1.1" 200 27
120.253.135.82 - - [22/Apr/2023:10:08:38 +0800] "GET /xingrg/all/function/internal_message.html?_=1682129156513&CODE_STATE=getMsg HTTP/1.1" 200 27
101.229.173.194 - - [22/Apr/2023:10:08:40 +0800] "GET /xingrg/check_reg.html?_=1682129323300 HTTP/1.1" 200 22
58.37.5.217 - - [22/Apr/2023:10:08:45 +0800] "GET /xingrg/all/function/internal_message.html?_=1682129327232&CODE_STATE=getMsg HTTP/1.1" 200 27
58.37.5.217 - - [22/Apr/2023:10:08:48 +0800] "GET /xingrg/all/function/internal_message.html?_=1682129331207&CODE_STATE=getMsg HTTP/1.1" 200 27
180.171.122.0 - - [22/Apr/2023:10:08:49 +0800] "GET /xingrg/all/function/internal_message.html?_=1682129324699&CODE_STATE=getMsg HTTP/1.1" 200 27
180.171.122.0 - - [22/Apr/2023:10:08:49 +0800] "GET /xingrg/check_reg.html?_=1682129324706 HTTP/1.1" 200 22
124.79.240.114 - - [22/Apr/2023:10:08:53 +0800] "GET /xingrg/all/function/internal_message.html?_=1682129603541&CODE_STATE=getMsg HTTP/1.1" 200 27
116.227.208.255 - - [22/Apr/2023:10:08:56 +0800] "GET /xingrg/all/function/internal_message.html?_=1682129410434&CODE_STATE=getMsg HTTP/1.1" 200 27
116.238.139.35 - - [22/Apr/2023:10:08:56 +0800] "GET /xingrg/check_reg.html?_=1682129273951 HTTP/1.1" 200 22
116.238.139.35 - - [22/Apr/2023:10:08:57 +0800] "GET /xingrg/all/function/internal_message.html?_=1682129274546&CODE_STATE=getMsg HTTP/1.1" 200 27
58.221.95.50 - - [22/Apr/2023:10:08:58 +0800] "GET /xingrg/check_reg.html?_=1682129339565 HTTP/1.1" 200 22
114.83.222.244 - - [22/Apr/2023:10:08:59 +0800] "GET /xingrg/all/function/internal_message.html?_=1682129335898&CODE_STATE=getMsg HTTP/1.1" 200 27
114.85.98.23 - - [22/Apr/2023:10:09:04 +0800] "GET /xingrg/all/function/internal_message.html?_=1682129344869&CODE_STATE=getMsg HTTP/1.1" 200 27
180.164.3.199 - - [22/Apr/2023:10:09:12 +0800] "GET /xingrg/check_reg.html?_=1682129351689 HTTP/1.1" 200 22
180.164.3.199 - - [22/Apr/2023:10:09:12 +0800] "GET /xingrg/all/function/internal_message.html?_=1682129351692&CODE_STATE=getMsg HTTP/1.1" 200 27
101.229.22.234 - - [22/Apr/2023:10:09:15 +0800] "GET /xingrg/all/function/internal_message.html?_=1682129354367&CODE_STATE=getMsg HTTP/1.1" 200 27
114.83.222.182 - - [22/Apr/2023:10:09:18 +0800] "GET /xingrg/all/function/internal_message.html?_=1682129448918&CODE_STATE=getMsg HTTP/1.1" 200 27
116.224.106.218 - - [22/Apr/2023:10:09:22 +0800] "GET /xingrg/all/function/internal_message.html?_=1682129360795&CODE_STATE=getMsg HTTP/1.1" 200 27
116.224.106.218 - - [22/Apr/2023:10:09:22 +0800] "GET /xingrg/check_reg.html?_=1682129360797 HTTP/1.1" 200 22
116.224.158.100 - - [22/Apr/2023:10:09:23 +0800] "GET /xingrg/all/function/internal_message.html?_=1682129203789&CODE_STATE=getMsg HTTP/1.1" 200 27
58.221.95.50 - - [22/Apr/2023:10:09:28 +0800] "GET /xingrg/all/function/internal_message.html?_=1682129369556&CODE_STATE=getMsg HTTP/1.1" 200 27
116.238.139.35 - - [22/Apr/2023:10:09:29 +0800] "GET /xingrg/all/function/internal_message.html?_=1682129369131&CODE_STATE=getMsg HTTP/1.1" 200 27
116.230.112.155 - - [22/Apr/2023:10:09:35 +0800] "GET /xingrg/all/function/internal_message.html?_=1682129397606&CODE_STATE=getMsg HTTP/1.1" 200 27
120.253.135.82 - - [22/Apr/2023:10:09:38 +0800] "GET /xingrg/all/function/internal_message.html?_=1682129216524&CODE_STATE=getMsg HTTP/1.1" 200 27
58.37.5.217 - - [22/Apr/2023:10:09:45 +0800] "GET /xingrg/all/function/internal_message.html?_=1682129387230&CODE_STATE=getMsg HTTP/1.1" 200 27
180.163.28.68 - - [22/Apr/2023:10:09:48 +0800] "GET /xingrg/all/function/internal_message.html?_=1682129331207&CODE_STATE=getMsg HTTP/1.1" 302 -
180.163.28.68 - - [22/Apr/2023:10:09:48 +0800] "GET /xingrg/login.html HTTP/1.1" 200 7641
58.37.5.217 - - [22/Apr/2023:10:09:48 +0800] "GET /xingrg/all/function/internal_message.html?_=1682129391189&CODE_STATE=getMsg HTTP/1.1" 200 27
180.171.122.0 - - [22/Apr/2023:10:09:49 +0800] "GET /xingrg/all/function/internal_message.html?_=1682129384691&CODE_STATE=getMsg HTTP/1.1" 200 27
124.79.240.114 - - [22/Apr/2023:10:09:53 +0800] "GET /xingrg/all/function/internal_message.html?_=1682129663541&CODE_STATE=getMsg HTTP/1.1" 200 27
124.79.240.114 - - [22/Apr/2023:10:09:53 +0800] "GET /xingrg/check_reg.html?_=1682129663540 HTTP/1.1" 200 22
116.227.208.255 - - [22/Apr/2023:10:09:56 +0800] "GET /xingrg/all/function/internal_message.html?_=1682129470423&CODE_STATE=getMsg HTTP/1.1" 200 27
116.238.139.35 - - [22/Apr/2023:10:09:57 +0800] "GET /xingrg/all/function/internal_message.html?_=1682129334560&CODE_STATE=getMsg HTTP/1.1" 200 27
116.227.208.255 - - [22/Apr/2023:10:09:59 +0800] "GET /favicon.ico HTTP/1.1" 404 -
114.83.222.244 - - [22/Apr/2023:10:09:59 +0800] "GET /xingrg/all/function/internal_message.html?_=1682129395907&CODE_STATE=getMsg HTTP/1.1" 200 27
114.85.98.23 - - [22/Apr/2023:10:10:04 +0800] "GET /xingrg/all/function/internal_message.html?_=1682129404872&CODE_STATE=getMsg HTTP/1.1" 200 27
180.164.3.199 - - [22/Apr/2023:10:10:12 +0800] "GET /xingrg/all/function/internal_message.html?_=1682129411691&CODE_STATE=getMsg HTTP/1.1" 200 27
101.229.22.234 - - [22/Apr/2023:10:10:15 +0800] "GET /xingrg/all/function/internal_message.html?_=1682129414366&CODE_STATE=getMsg HTTP/1.1" 200 27
114.83.222.182 - - [22/Apr/2023:10:10:18 +0800] "GET /xingrg/all/function/internal_message.html?_=1682129508931&CODE_STATE=getMsg HTTP/1.1" 200 27
116.224.106.218 - - [22/Apr/2023:10:10:22 +0800] "GET /xingrg/all/function/internal_message.html?_=1682129420796&CODE_STATE=getMsg HTTP/1.1" 200 27
116.224.158.100 - - [22/Apr/2023:10:10:23 +0800] "GET /xingrg/all/function/internal_message.html?_=1682129263789&CODE_STATE=getMsg HTTP/1.1" 200 27
58.221.95.50 - - [22/Apr/2023:10:10:28 +0800] "GET /xingrg/all/function/internal_message.html?_=1682129429540&CODE_STATE=getMsg HTTP/1.1" 200 27
116.238.139.35 - - [22/Apr/2023:10:10:29 +0800] "GET /xingrg/all/function/internal_message.html?_=1682129429121&CODE_STATE=getMsg HTTP/1.1" 200 27
116.230.112.155 - - [22/Apr/2023:10:10:35 +0800] "GET /xingrg/all/function/internal_message.html?_=1682129457606&CODE_STATE=getMsg HTTP/1.1" 200 27
120.253.135.82 - - [22/Apr/2023:10:10:37 +0800] "GET /xingrg/check_reg.html?_=1682129276413 HTTP/1.1" 200 22
120.253.135.82 - - [22/Apr/2023:10:10:38 +0800] "GET /xingrg/all/function/internal_message.html?_=1682129276538&CODE_STATE=getMsg HTTP/1.1" 200 27
120.253.135.82 - - [22/Apr/2023:10:10:40 +0800] "GET /xingrg/javascript/jquery_easy_ui/themes/default/images/tabs_close.gif HTTP/1.1" 304 -
120.253.135.82 - - [22/Apr/2023:10:10:40 +0800] "GET /xingrg/kc/buy/cgsh_order_list.html HTTP/1.1" 200 55113
120.253.135.82 - - [22/Apr/2023:10:10:40 +0800] "GET /xingrg/css/base.css HTTP/1.1" 304 -
120.253.135.82 - - [22/Apr/2023:10:10:40 +0800] "GET /xingrg/javascript/jquery_tools/jquery.tools.hotkey.js HTTP/1.1" 304 -
120.253.135.82 - - [22/Apr/2023:10:10:40 +0800] "GET /xingrg/javascript/jquery_tools/datebox.css HTTP/1.1" 304 -
120.253.135.82 - - [22/Apr/2023:10:10:40 +0800] "GET /xingrg/javascript/easyui/themes/icon.css HTTP/1.1" 304 -
120.253.135.82 - - [22/Apr/2023:10:10:40 +0800] "GET /xingrg/javascript/jquery_tools/table.css HTTP/1.1" 304 -
120.253.135.82 - - [22/Apr/2023:10:10:40 +0800] "GET /xingrg/javascript/jquery_tools/fix.css HTTP/1.1" 304 -
120.253.135.82 - - [22/Apr/2023:10:10:40 +0800] "GET /xingrg/css/site.css HTTP/1.1" 304 -
120.253.135.82 - - [22/Apr/2023:10:10:40 +0800] "GET /xingrg/javascript/jquery_tools/jquery.tools.table.js HTTP/1.1" 304 -
120.253.135.82 - - [22/Apr/2023:10:10:40 +0800] "GET /xingrg/javascript/auto/jquery.autocomplete.css HTTP/1.1" 304 -
120.253.135.82 - - [22/Apr/2023:10:10:40 +0800] "GET /xingrg/javascript/jquery_tools/jquery.tools.min.js HTTP/1.1" 304 -
120.253.135.82 - - [22/Apr/2023:10:10:40 +0800] "GET /xingrg/javascript/easyui/themes/default/easyui.css HTTP/1.1" 304 -
120.253.135.82 - - [22/Apr/2023:10:10:40 +0800] "GET /xingrg/javascript/jquery_tools/jquery.tools.extend.js HTTP/1.1" 304 -
120.253.135.82 - - [22/Apr/2023:10:10:40 +0800] "GET /xingrg/javascript/jquery_tools/list_manager.js HTTP/1.1" 304 -
120.253.135.82 - - [22/Apr/2023:10:10:40 +0800] "GET /xingrg/javascript/auto/jquery.autocomplete.js HTTP/1.1" 304 -
120.253.135.82 - - [22/Apr/2023:10:10:40 +0800] "GET /xingrg/javascript/easyui/easyloader.js HTTP/1.1" 304 -
120.253.135.82 - - [22/Apr/2023:10:10:40 +0800] "GET /xingrg/javascript/jquery.cookie.js HTTP/1.1" 304 -
120.253.135.82 - - [22/Apr/2023:10:10:40 +0800] "GET /xingrg/javascript/print/LodopFuncs.js HTTP/1.1" 304 -
120.253.135.82 - - [22/Apr/2023:10:10:41 +0800] "GET /xingrg/javascript/easyui/themes/icons/edit_add_new.png HTTP/1.1" 304 -
120.253.135.82 - - [22/Apr/2023:10:10:41 +0800] "GET /xingrg/javascript/easyui/themes/icons/cance_new.png HTTP/1.1" 304 -
120.253.135.82 - - [22/Apr/2023:10:10:41 +0800] "GET /xingrg/javascript/easyui/themes/icons/field_new.png HTTP/1.1" 304 -
120.253.135.82 - - [22/Apr/2023:10:10:41 +0800] "GET /xingrg/javascript/easyui/themes/icons/check_new.png HTTP/1.1" 304 -
120.253.135.82 - - [22/Apr/2023:10:10:41 +0800] "GET /xingrg/javascript/easyui/themes/icons/import_new.png HTTP/1.1" 304 -
120.253.135.82 - - [22/Apr/2023:10:10:41 +0800] "GET /xingrg/javascript/easyui/plugins/jquery.parser.js HTTP/1.1" 304 -
120.253.135.82 - - [22/Apr/2023:10:10:41 +0800] "GET /xingrg/images/control/ajaxLoader.gif HTTP/1.1" 304 -
116.238.139.35 - - [22/Apr/2023:10:10:41 +0800] "GET /xingrg/check_reg.html?_=1682129441582 HTTP/1.1" 200 22
120.253.135.82 - - [22/Apr/2023:10:10:42 +0800] "POST /xingrg/kc/buy/cgsh_list_operate.html HTTP/1.1" 200 986
120.253.135.82 - - [22/Apr/2023:10:10:44 +0800] "GET /xingrg/javascript/easyui/themes/default/images/button_plain_hover.png HTTP/1.1" 304 -
58.37.5.217 - - [22/Apr/2023:10:10:45 +0800] "GET /xingrg/check_reg.html?_=1682129447230 HTTP/1.1" 200 22
58.37.5.217 - - [22/Apr/2023:10:10:45 +0800] "GET /xingrg/all/function/internal_message.html?_=1682129447233&CODE_STATE=getMsg HTTP/1.1" 200 27
120.253.135.82 - - [22/Apr/2023:10:10:45 +0800] "GET /xingrg/kc/buy/cgsh_order_add.html HTTP/1.1" 200 69959
120.253.135.82 - - [22/Apr/2023:10:10:45 +0800] "GET /xingrg/javascript/convert.js HTTP/1.1" 304 -
120.253.135.82 - - [22/Apr/2023:10:10:45 +0800] "GET /xingrg/javascript/jquery_tools/order_manager.js HTTP/1.1" 304 -
120.253.135.82 - - [22/Apr/2023:10:10:45 +0800] "GET /xingrg/javascript/json2.js HTTP/1.1" 304 -
120.253.135.82 - - [22/Apr/2023:10:10:45 +0800] "GET /xingrg/javascript/pic_change.js HTTP/1.1" 304 -
120.253.135.82 - - [22/Apr/2023:10:10:45 +0800] "GET /xingrg/javascript/print/kc_print.js HTTP/1.1" 304 -
120.253.135.82 - - [22/Apr/2023:10:10:45 +0800] "GET /xingrg/words/20230421191028_words.js HTTP/1.1" 304 -
120.253.135.82 - - [22/Apr/2023:10:10:46 +0800] "GET /xingrg/javascript/easyui/themes/icons/ok.png HTTP/1.1" 304 -
120.253.135.82 - - [22/Apr/2023:10:10:46 +0800] "GET /xingrg/javascript/easyui/themes/icons/print.png HTTP/1.1" 304 -
120.253.135.82 - - [22/Apr/2023:10:10:46 +0800] "GET /xingrg/javascript/easyui/themes/icons/copy_new.png HTTP/1.1" 304 -
120.253.135.82 - - [22/Apr/2023:10:10:46 +0800] "GET /xingrg/javascript/easyui/themes/icons/template_new.png HTTP/1.1" 304 -
120.253.135.82 - - [22/Apr/2023:10:10:46 +0800] "GET /xingrg/javascript/easyui/themes/default/images/menu_downarrow.png HTTP/1.1" 304 -
120.253.135.82 - - [22/Apr/2023:10:10:46 +0800] "GET /xingrg/javascript/easyui/themes/icons/cancel.png HTTP/1.1" 304 -
120.253.135.82 - - [22/Apr/2023:10:10:46 +0800] "POST /xingrg/kc/buy/cgsh_order_operate.html HTTP/1.1" 200 8245
120.253.135.82 - - [22/Apr/2023:10:10:46 +0800] "GET /xingrg/javascript/easyui/themes/icons/edit_remove.png HTTP/1.1" 304 -
120.253.135.82 - - [22/Apr/2023:10:10:46 +0800] "GET /xingrg/all/common/auto_word.html?type=employee&rest_code=00101 HTTP/1.1" 200 927
120.253.135.82 - - [22/Apr/2023:10:10:46 +0800] "GET /xingrg/all/common/auto_word.html?type=employee&rest_code=00101 HTTP/1.1" 200 927
120.253.135.82 - - [22/Apr/2023:10:10:46 +0800] "GET /xingrg/javascript/easyui/themes/default/validatebox.css HTTP/1.1" 404 1104
120.253.135.82 - - [22/Apr/2023:10:10:46 +0800] "GET /xingrg/javascript/easyui/plugins/jquery.validatebox.js HTTP/1.1" 304 -
120.253.135.82 - - [22/Apr/2023:10:10:46 +0800] "GET /xingrg/javascript/easyui/plugins/jquery.numberbox.js HTTP/1.1" 304 -
116.230.112.155 - - [22/Apr/2023:10:10:47 +0800] "GET /xingrg/kc/buy/cgsh_order_list.html HTTP/1.1" 200 55119
120.253.135.82 - - [22/Apr/2023:10:10:47 +0800] "GET /xingrg/javascript/auto/indicator.gif HTTP/1.1" 404 1066
180.163.30.27 - - [22/Apr/2023:10:10:48 +0800] "GET /xingrg/all/function/internal_message.html?_=1682129391189&CODE_STATE=getMsg HTTP/1.1" 302 -
180.163.30.27 - - [22/Apr/2023:10:10:48 +0800] "GET /xingrg/login.html HTTP/1.1" 200 7641
58.37.5.217 - - [22/Apr/2023:10:10:48 +0800] "GET /xingrg/all/function/internal_message.html?_=1682129451160&CODE_STATE=getMsg HTTP/1.1" 200 27
116.230.112.155 - - [22/Apr/2023:10:10:49 +0800] "POST /xingrg/kc/buy/cgsh_list_operate.html HTTP/1.1" 200 986
180.171.122.0 - - [22/Apr/2023:10:10:49 +0800] "GET /xingrg/all/function/internal_message.html?_=1682129444696&CODE_STATE=getMsg HTTP/1.1" 200 27
124.79.240.114 - - [22/Apr/2023:10:10:53 +0800] "GET /xingrg/all/function/internal_message.html?_=1682129723539&CODE_STATE=getMsg HTTP/1.1" 200 27
116.227.208.255 - - [22/Apr/2023:10:10:56 +0800] "GET /xingrg/check_reg.html?_=1682129530432 HTTP/1.1" 200 22
116.227.208.255 - - [22/Apr/2023:10:10:56 +0800] "GET /xingrg/all/function/internal_message.html?_=1682129530444&CODE_STATE=getMsg HTTP/1.1" 200 27
116.230.112.155 - - [22/Apr/2023:10:10:56 +0800] "GET /xingrg/kc/buy/cgsh_order_add.html HTTP/1.1" 200 70895
116.230.112.155 - - [22/Apr/2023:10:10:56 +0800] "POST /xingrg/kc/buy/cgsh_order_operate.html HTTP/1.1" 200 8245
116.230.112.155 - - [22/Apr/2023:10:10:56 +0800] "GET /xingrg/all/common/auto_word.html?type=employee&rest_code=00146 HTTP/1.1" 200 101
116.230.112.155 - - [22/Apr/2023:10:10:56 +0800] "GET /xingrg/javascript/easyui/themes/default/validatebox.css HTTP/1.1" 404 1104
116.230.112.155 - - [22/Apr/2023:10:10:56 +0800] "GET /xingrg/all/common/auto_word.html?type=employee&rest_code=00146 HTTP/1.1" 200 101
116.238.139.35 - - [22/Apr/2023:10:10:57 +0800] "GET /xingrg/all/function/internal_message.html?_=1682129394573&CODE_STATE=getMsg HTTP/1.1" 200 27
114.83.222.244 - - [22/Apr/2023:10:10:59 +0800] "GET /xingrg/all/function/internal_message.html?_=1682129455899&CODE_STATE=getMsg HTTP/1.1" 200 27
58.37.5.217 - - [22/Apr/2023:10:11:01 +0800] "GET /xingrg/kc/buy/cgsh_order_add.html HTTP/1.1" 200 70895
58.37.5.217 - - [22/Apr/2023:10:11:02 +0800] "POST /xingrg/kc/buy/cgsh_order_operate.html HTTP/1.1" 200 8245
58.37.5.217 - - [22/Apr/2023:10:11:02 +0800] "GET /xingrg/javascript/easyui/themes/default/validatebox.css HTTP/1.1" 404 1104
114.85.98.23 - - [22/Apr/2023:10:11:04 +0800] "GET /xingrg/all/function/internal_message.html?_=1682129464872&CODE_STATE=getMsg HTTP/1.1" 200 27
120.253.135.82 - - [22/Apr/2023:10:11:06 +0800] "GET /xingrg/javascript/jquery_tools/images/prev.gif HTTP/1.1" 404 1086
120.253.135.82 - - [22/Apr/2023:10:11:06 +0800] "GET /xingrg/javascript/jquery_tools/images/next.gif HTTP/1.1" 404 1086
120.253.135.82 - - [22/Apr/2023:10:11:09 +0800] "GET /xingrg/css/images/panel_loading.gif HTTP/1.1" 304 -
120.253.135.82 - - [22/Apr/2023:10:11:09 +0800] "POST /xingrg/all/common/load_combo.html?type=employee HTTP/1.1" 200 1664
58.37.5.217 - - [22/Apr/2023:10:11:10 +0800] "GET /xingrg/javascript/easyui/themes/default/tree.css HTTP/1.1" 404 1090
58.37.5.217 - - [22/Apr/2023:10:11:10 +0800] "POST /xingrg/all/common/load_tree.html?tree=supplier_tree_json&isDelete=1 HTTP/1.1" 200 73015
180.164.3.199 - - [22/Apr/2023:10:11:12 +0800] "GET /xingrg/all/function/internal_message.html?_=1682129471681&CODE_STATE=getMsg HTTP/1.1" 200 27
101.229.22.234 - - [22/Apr/2023:10:11:15 +0800] "GET /xingrg/all/function/internal_message.html?_=1682129474364&CODE_STATE=getMsg HTTP/1.1" 200 27
114.83.222.182 - - [22/Apr/2023:10:11:18 +0800] "GET /xingrg/check_reg.html?_=1682129568918 HTTP/1.1" 200 22
114.83.222.182 - - [22/Apr/2023:10:11:18 +0800] "GET /xingrg/all/function/internal_message.html?_=1682129568919&CODE_STATE=getMsg HTTP/1.1" 200 27
116.224.106.218 - - [22/Apr/2023:10:11:22 +0800] "GET /xingrg/all/function/internal_message.html?_=1682129480794&CODE_STATE=getMsg HTTP/1.1" 200 27
120.253.135.82 - - [22/Apr/2023:10:11:22 +0800] "GET /xingrg/kc/buy/cgsh_order_operate.html?command=get_materiel&rest_code=00101&code=00101016094&supplier_code=00100592&order_time=2023-04-22 HTTP/1.1" 200 467
116.224.158.100 - - [22/Apr/2023:10:11:23 +0800] "GET /xingrg/all/function/internal_message.html?_=1682129323798&CODE_STATE=getMsg HTTP/1.1" 200 27
120.253.135.82 - - [22/Apr/2023:10:11:24 +0800] "POST /xingrg/all/common/load_select.html HTTP/1.1" 200 25
116.230.112.155 - - [22/Apr/2023:10:11:28 +0800] "GET /xingrg/kc/buy/cgsh_order_operate.html?command=get_materiel&rest_code=00146&code=00101008261&supplier_code=00100005&order_time=2023-04-22 HTTP/1.1" 200 408
58.221.95.50 - - [22/Apr/2023:10:11:28 +0800] "GET /xingrg/all/function/internal_message.html?_=1682129489528&CODE_STATE=getMsg HTTP/1.1" 200 27
120.253.135.82 - - [22/Apr/2023:10:11:29 +0800] "GET /xingrg/kc/buy/cgsh_order_operate.html?command=get_materiel_price&rest_code=00101&code=00101016094&unit_code=00100161&supplier_code=00100592&order_time=2023-04-22 HTTP/1.1" 200 29
116.238.139.35 - - [22/Apr/2023:10:11:29 +0800] "GET /xingrg/all/function/internal_message.html?_=1682129489100&CODE_STATE=getMsg HTTP/1.1" 200 27
58.37.5.217 - - [22/Apr/2023:10:11:30 +0800] "GET /xingrg/kc/buy/cgsh_order_operate.html?command=get_materiel&rest_code=00106&code=00101007061&supplier_code=00100002&order_time=2023-04-22 HTTP/1.1" 200 411
58.37.5.217 - - [22/Apr/2023:10:11:32 +0800] "POST /xingrg/services/DataTransmitService HTTP/1.1" 200 524
58.37.5.217 - - [22/Apr/2023:10:11:33 +0800] "POST /xingrg/services/DataTransmitService HTTP/1.1" 200 2655
58.37.5.217 - - [22/Apr/2023:10:11:34 +0800] "POST /xingrg/services/DataTransmitService HTTP/1.1" 200 196144
116.230.112.155 - - [22/Apr/2023:10:11:35 +0800] "GET /xingrg/all/function/internal_message.html?_=1682129517619&CODE_STATE=getMsg HTTP/1.1" 200 27
120.253.135.82 - - [22/Apr/2023:10:11:38 +0800] "GET /xingrg/all/function/internal_message.html?_=1682129336552&CODE_STATE=getMsg HTTP/1.1" 200 27
58.37.5.217 - - [22/Apr/2023:10:11:45 +0800] "GET /xingrg/all/function/internal_message.html?_=1682129507233&CODE_STATE=getMsg HTTP/1.1" 200 27
120.253.135.82 - - [22/Apr/2023:10:11:48 +0800] "POST /xingrg/kc/buy/cgsh_order_operate.html HTTP/1.1" 200 37
180.163.28.68 - - [22/Apr/2023:10:11:48 +0800] "GET /xingrg/all/function/internal_message.html?_=1682129451160&CODE_STATE=getMsg HTTP/1.1" 302 -
180.163.28.68 - - [22/Apr/2023:10:11:48 +0800] "GET /xingrg/login.html HTTP/1.1" 200 7641
58.37.5.217 - - [22/Apr/2023:10:11:48 +0800] "GET /xingrg/all/function/internal_message.html?_=1682129511138&CODE_STATE=getMsg HTTP/1.1" 200 27
58.37.5.217 - - [22/Apr/2023:10:11:48 +0800] "GET /xingrg/check_reg.html?_=1682129511206 HTTP/1.1" 200 22
180.171.122.0 - - [22/Apr/2023:10:11:49 +0800] "GET /xingrg/all/function/internal_message.html?_=1682129504700&CODE_STATE=getMsg HTTP/1.1" 200 27
120.253.135.82 - - [22/Apr/2023:10:11:51 +0800] "GET /xingrg/check_reg.html?_=1682129509348 HTTP/1.1" 302 -
124.79.240.114 - - [22/Apr/2023:10:11:53 +0800] "GET /xingrg/all/function/internal_message.html?_=1682129783563&CODE_STATE=getMsg HTTP/1.1" 200 27
120.253.135.82 - - [22/Apr/2023:10:11:55 +0800] "POST /xingrg/kc/buy/cgsh_order_operate.html HTTP/1.1" 200 2697
116.227.208.255 - - [22/Apr/2023:10:11:56 +0800] "GET /xingrg/all/function/internal_message.html?_=1682129590427&CODE_STATE=getMsg HTTP/1.1" 200 27
120.253.135.82 - - [22/Apr/2023:10:11:56 +0800] "GET /xingrg/kc/print/load_config.html?kc_code=cgsh HTTP/1.1" 200 1925
120.253.135.82 - - [22/Apr/2023:10:11:57 +0800] "GET /xingrg/kc/print/load_data.html?order_code=212023042207533&kc_code=cgsh&condition= HTTP/1.1" 200 718
116.238.139.35 - - [22/Apr/2023:10:11:57 +0800] "GET /xingrg/all/function/internal_message.html?_=1682129454694&CODE_STATE=getMsg HTTP/1.1" 200 27
114.83.222.244 - - [22/Apr/2023:10:11:59 +0800] "GET /xingrg/all/function/internal_message.html?_=1682129515909&CODE_STATE=getMsg HTTP/1.1" 200 27
116.230.112.155 - - [22/Apr/2023:10:12:03 +0800] "GET /xingrg/check_reg.html?_=1682129545005 HTTP/1.1" 200 22
114.85.98.23 - - [22/Apr/2023:10:12:04 +0800] "GET /xingrg/all/function/internal_message.html?_=1682129524865&CODE_STATE=getMsg HTTP/1.1" 200 27
