180.171.122.0 - - [22/Apr/2023:09:06:55 +0800] "GET /xingrg/kc/buy/cgsh_order_operate.html?command=get_materiel&rest_code=00111&code=00101008360&supplier_code=00100005&order_time=2023-04-22 HTTP/1.1" 200 412
116.230.112.155 - - [22/Apr/2023:09:06:56 +0800] "GET /xingrg/all/function/internal_message.html?_=1682125632919&CODE_STATE=getMsg HTTP/1.1" 200 27
58.37.5.217 - - [22/Apr/2023:09:06:59 +0800] "GET /xingrg/kc/buy/cgsh_order_operate.html?command=get_materiel&rest_code=00106&code=00101008185&supplier_code=00100007&order_time=2023-04-22 HTTP/1.1" 200 408
116.230.112.155 - - [22/Apr/2023:09:07:03 +0800] "GET /xingrg/check_reg.html?_=1682125644933 HTTP/1.1" 200 22
180.171.122.0 - - [22/Apr/2023:09:07:07 +0800] "GET /xingrg/kc/buy/cgsh_order_operate.html?command=get_materiel&rest_code=00111&code=00101008155&supplier_code=00100005&order_time=2023-04-22 HTTP/1.1" 200 408
180.157.253.110 - - [22/Apr/2023:09:07:08 +0800] "POST /xingrg/services/DataTransmitService HTTP/1.1" 200 524
114.85.98.23 - - [22/Apr/2023:09:07:10 +0800] "POST /xingrg/services/DataTransmitService HTTP/1.1" 200 524
180.171.122.0 - - [22/Apr/2023:09:07:11 +0800] "GET /xingrg/all/function/internal_message.html?_=1682125626376&CODE_STATE=getMsg HTTP/1.1" 200 27
101.229.22.234 - - [22/Apr/2023:09:07:15 +0800] "POST /xingrg/login.do HTTP/1.1" 302 -
101.229.22.234 - - [22/Apr/2023:09:07:15 +0800] "GET /xingrg/index.html?sysBaseUrl=http%3A%2F%2F180.169.147.146%3A18081%2Fxingrg%2F&costTime=850×tamp=1682125635263 HTTP/1.1" 200 17179
101.229.22.234 - - [22/Apr/2023:09:07:15 +0800] "GET /xingrg/javascript/jquery_easy_ui/themes/default/easyui.css HTTP/1.1" 304 -
101.229.22.234 - - [22/Apr/2023:09:07:15 +0800] "GET /xingrg/javascript/jquery_easy_ui/themes/icon.css HTTP/1.1" 304 -
101.229.22.234 - - [22/Apr/2023:09:07:15 +0800] "GET /xingrg/javascript/jquery.form.js HTTP/1.1" 304 -
101.229.22.234 - - [22/Apr/2023:09:07:15 +0800] "GET /xingrg/javascript/jquery_easy_ui/easyui-lang-zh_CN.js HTTP/1.1" 304 -
101.229.22.234 - - [22/Apr/2023:09:07:15 +0800] "GET /xingrg/javascript/jquery-1.4.2.min.js HTTP/1.1" 304 -
101.229.22.234 - - [22/Apr/2023:09:07:15 +0800] "GET /xingrg/css/form.css HTTP/1.1" 304 -
101.229.22.234 - - [22/Apr/2023:09:07:15 +0800] "GET /xingrg/javascript/jquery_easy_ui/jquery.easyui.min.js HTTP/1.1" 304 -
101.229.22.234 - - [22/Apr/2023:09:07:15 +0800] "GET /xingrg/javascript/jquery.utils.js HTTP/1.1" 304 -
101.229.22.234 - - [22/Apr/2023:09:07:15 +0800] "GET /xingrg/javascript/jquery.timers.js HTTP/1.1" 304 -
101.229.22.234 - - [22/Apr/2023:09:07:15 +0800] "GET /favicon.ico HTTP/1.1" 404 -
101.229.22.234 - - [22/Apr/2023:09:07:15 +0800] "GET /xingrg/javascript/jquery_easy_ui/themes/icons/settle_new.png HTTP/1.1" 304 -
101.229.22.234 - - [22/Apr/2023:09:07:15 +0800] "GET /xingrg/images/blue/navBackgound.jpg HTTP/1.1" 304 -
101.229.22.234 - - [22/Apr/2023:09:07:15 +0800] "POST /xingrg/all/common/load_tree.html?tree=area_rest_tree_json&manage=1 HTTP/1.1" 200 351
101.229.22.234 - - [22/Apr/2023:09:07:15 +0800] "GET /xingrg/all/function/internal_message.html?_=1682125634301&CODE_STATE=count HTTP/1.1" 200 11
101.229.22.234 - - [22/Apr/2023:09:07:15 +0800] "GET /xingrg/check_reg.html?_=1682125634302 HTTP/1.1" 200 22
101.229.22.234 - - [22/Apr/2023:09:07:15 +0800] "GET /xingrg/images/blue/pingpu.png HTTP/1.1" 304 -
101.229.22.234 - - [22/Apr/2023:09:07:15 +0800] "GET /xingrg/javascript/jquery_easy_ui/themes/default/images/tabs_leftarrow.png HTTP/1.1" 304 -
101.229.22.234 - - [22/Apr/2023:09:07:15 +0800] "GET /xingrg/javascript/jquery_easy_ui/themes/default/images/tabs_rightarrow.png HTTP/1.1" 304 -
101.229.22.234 - - [22/Apr/2023:09:07:15 +0800] "GET /xingrg/javascript/jquery_easy_ui/themes/default/images/panel_tool_collapse.gif HTTP/1.1" 304 -
101.229.22.234 - - [22/Apr/2023:09:07:15 +0800] "POST /xingrg/load_menu.html HTTP/1.1" 200 5138
101.229.22.234 - - [22/Apr/2023:09:07:15 +0800] "GET /xingrg/javascript/jquery_easy_ui/themes/default/images/tree_arrows.gif HTTP/1.1" 304 -
101.229.22.234 - - [22/Apr/2023:09:07:15 +0800] "GET /xingrg/javascript/jquery_easy_ui/themes/default/images/tree_folder_open.gif HTTP/1.1" 304 -
101.229.22.234 - - [22/Apr/2023:09:07:15 +0800] "GET /xingrg/javascript/jquery_easy_ui/themes/icons/search_new.png HTTP/1.1" 304 -
101.229.22.234 - - [22/Apr/2023:09:07:15 +0800] "GET /xingrg/javascript/jquery_easy_ui/themes/default/images/tree_folder.gif HTTP/1.1" 304 -
101.229.22.234 - - [22/Apr/2023:09:07:15 +0800] "GET /xingrg/javascript/jquery_easy_ui/themes/icons/storage_new.png HTTP/1.1" 304 -
101.229.22.234 - - [22/Apr/2023:09:07:15 +0800] "GET /xingrg/javascript/jquery_easy_ui/themes/icons/forms_new.png HTTP/1.1" 304 -
101.229.22.234 - - [22/Apr/2023:09:07:15 +0800] "GET /xingrg/javascript/jquery_easy_ui/themes/default/images/tree_file.gif HTTP/1.1" 304 -
58.37.5.217 - - [22/Apr/2023:09:07:17 +0800] "GET /xingrg/kc/buy/cgsh_order_operate.html?command=get_materiel&rest_code=00106&code=00101008186&supplier_code=00100007&order_time=2023-04-22 HTTP/1.1" 200 429
101.229.22.234 - - [22/Apr/2023:09:07:21 +0800] "GET /xingrg/javascript/jquery_easy_ui/themes/icons/area.png HTTP/1.1" 304 -
101.229.22.234 - - [22/Apr/2023:09:07:21 +0800] "GET /xingrg/javascript/jquery_easy_ui/themes/icons/rest.png HTTP/1.1" 304 -
116.224.106.218 - - [22/Apr/2023:09:07:22 +0800] "GET /xingrg/all/function/internal_message.html?_=1682125640721&CODE_STATE=getMsg HTTP/1.1" 200 27
116.224.158.100 - - [22/Apr/2023:09:07:23 +0800] "GET /xingrg/check_reg.html?_=1682125483676 HTTP/1.1" 200 22
116.224.158.100 - - [22/Apr/2023:09:07:23 +0800] "GET /xingrg/all/function/internal_message.html?_=1682125483679&CODE_STATE=getMsg HTTP/1.1" 200 27
180.171.122.0 - - [22/Apr/2023:09:07:24 +0800] "GET /xingrg/kc/buy/cgsh_order_operate.html?command=get_materiel&rest_code=00111&code=00101008353&supplier_code=00100005&order_time=2023-04-22 HTTP/1.1" 200 408
114.83.222.244 - - [22/Apr/2023:09:07:25 +0800] "GET /xingrg/all/function/internal_message.html?_=1682125641638&CODE_STATE=getMsg HTTP/1.1" 200 27
58.221.95.50 - - [22/Apr/2023:09:07:29 +0800] "GET /xingrg/all/function/internal_message.html?_=1682125650670&CODE_STATE=getMsg HTTP/1.1" 200 27
116.238.139.35 - - [22/Apr/2023:09:07:30 +0800] "GET /xingrg/all/function/internal_message.html?_=1682125650129&CODE_STATE=getMsg HTTP/1.1" 200 27
116.230.112.155 - - [22/Apr/2023:09:07:30 +0800] "GET /xingrg/all/function/internal_message.html?_=1682125672195&CODE_STATE=getMsg HTTP/1.1" 200 27
180.171.122.0 - - [22/Apr/2023:09:07:31 +0800] "GET /xingrg/kc/buy/cgsh_order_operate.html?command=get_materiel&rest_code=00111&code=00101008298&supplier_code=00100005&order_time=2023-04-22 HTTP/1.1" 200 432
58.37.5.217 - - [22/Apr/2023:09:07:36 +0800] "GET /xingrg/kc/buy/cgsh_order_operate.html?command=get_materiel&rest_code=00106&code=00101008224&supplier_code=00100007&order_time=2023-04-22 HTTP/1.1" 200 416
114.83.222.244 - - [22/Apr/2023:09:07:37 +0800] "GET /xingrg/kc/buy/cgsh_order_add.html HTTP/1.1" 200 70983
114.83.222.244 - - [22/Apr/2023:09:07:37 +0800] "POST /xingrg/kc/buy/cgsh_order_operate.html HTTP/1.1" 200 8245
114.83.222.244 - - [22/Apr/2023:09:07:37 +0800] "GET /xingrg/javascript/easyui/themes/default/validatebox.css HTTP/1.1" 404 1104
180.171.122.0 - - [22/Apr/2023:09:07:39 +0800] "GET /xingrg/kc/buy/cgsh_order_operate.html?command=get_materiel&rest_code=00111&code=00101008038&supplier_code=00100005&order_time=2023-04-22 HTTP/1.1" 200 412
58.37.5.217 - - [22/Apr/2023:09:07:45 +0800] "GET /xingrg/kc/buy/cgsh_order_operate.html?command=get_materiel&rest_code=00106&code=00101008356&supplier_code=00100007&order_time=2023-04-22 HTTP/1.1" 200 408
114.85.98.23 - - [22/Apr/2023:09:07:46 +0800] "GET /xingrg/all/function/internal_message.html?_=1682125667306&CODE_STATE=getMsg HTTP/1.1" 200 27
58.37.5.217 - - [22/Apr/2023:09:07:47 +0800] "GET /xingrg/all/function/internal_message.html?_=1682125669281&CODE_STATE=getMsg HTTP/1.1" 200 27
116.227.208.255 - - [22/Apr/2023:09:07:51 +0800] "GET /xingrg/all/function/internal_message.html?_=1682125741938&CODE_STATE=getMsg HTTP/1.1" 200 27
124.79.240.114 - - [22/Apr/2023:09:07:53 +0800] "GET /xingrg/all/function/internal_message.html?_=1682125943444&CODE_STATE=getMsg HTTP/1.1" 200 27
116.230.112.155 - - [22/Apr/2023:09:07:56 +0800] "GET /xingrg/all/function/internal_message.html?_=1682125692932&CODE_STATE=getMsg HTTP/1.1" 200 27
58.37.5.217 - - [22/Apr/2023:09:08:00 +0800] "POST /xingrg/kc/buy/cgsh_order_operate.html HTTP/1.1" 200 2065
58.37.5.217 - - [22/Apr/2023:09:08:08 +0800] "GET /xingrg/kc/buy/cgsh_order_operate.html?command=get_materiel&rest_code=00106&code=00101008161&supplier_code=00100007&order_time=2023-04-22 HTTP/1.1" 200 409
180.171.122.0 - - [22/Apr/2023:09:08:11 +0800] "GET /xingrg/check_reg.html?_=1682125686350 HTTP/1.1" 200 22
180.171.122.0 - - [22/Apr/2023:09:08:11 +0800] "GET /xingrg/all/function/internal_message.html?_=1682125686354&CODE_STATE=getMsg HTTP/1.1" 200 27
101.229.22.234 - - [22/Apr/2023:09:08:15 +0800] "GET /xingrg/all/function/internal_message.html?_=1682125694310&CODE_STATE=getMsg HTTP/1.1" 200 27
180.171.122.0 - - [22/Apr/2023:09:08:18 +0800] "GET /xingrg/kc/buy/cgsh_order_operate.html?command=get_materiel&rest_code=00111&code=00101008096&supplier_code=00100005&order_time=2023-04-22 HTTP/1.1" 200 413
116.224.106.218 - - [22/Apr/2023:09:08:22 +0800] "GET /xingrg/all/function/internal_message.html?_=1682125700720&CODE_STATE=getMsg HTTP/1.1" 200 27
116.224.158.100 - - [22/Apr/2023:09:08:23 +0800] "GET /xingrg/all/function/internal_message.html?_=1682125543686&CODE_STATE=getMsg HTTP/1.1" 200 27
114.83.222.244 - - [22/Apr/2023:09:08:25 +0800] "GET /xingrg/all/function/internal_message.html?_=1682125701648&CODE_STATE=getMsg HTTP/1.1" 200 27
180.171.122.0 - - [22/Apr/2023:09:08:26 +0800] "GET /xingrg/kc/buy/cgsh_order_operate.html?command=get_materiel&rest_code=00111&code=00101008095&supplier_code=00100005&order_time=2023-04-22 HTTP/1.1" 200 412
58.221.95.50 - - [22/Apr/2023:09:08:29 +0800] "GET /xingrg/all/function/internal_message.html?_=1682125710650&CODE_STATE=getMsg HTTP/1.1" 200 27
116.238.139.35 - - [22/Apr/2023:09:08:30 +0800] "GET /xingrg/all/function/internal_message.html?_=1682125710115&CODE_STATE=getMsg HTTP/1.1" 200 27
116.230.112.155 - - [22/Apr/2023:09:08:30 +0800] "GET /xingrg/all/function/internal_message.html?_=1682125732210&CODE_STATE=getMsg HTTP/1.1" 200 27
180.171.122.0 - - [22/Apr/2023:09:08:34 +0800] "GET /xingrg/kc/buy/cgsh_order_operate.html?command=get_materiel&rest_code=00111&code=00101008036&supplier_code=00100005&order_time=2023-04-22 HTTP/1.1" 200 408
58.37.5.217 - - [22/Apr/2023:09:08:40 +0800] "GET /xingrg/kc/buy/cgsh_order_operate.html?command=get_materiel&rest_code=00106&code=00101008131&supplier_code=00100007&order_time=2023-04-22 HTTP/1.1" 200 409
101.229.173.194 - - [22/Apr/2023:09:08:40 +0800] "GET /xingrg/check_reg.html?_=1682125723222 HTTP/1.1" 200 22
180.171.122.0 - - [22/Apr/2023:09:08:42 +0800] "GET /xingrg/kc/buy/cgsh_order_operate.html?command=get_materiel&rest_code=00111&code=00101008131&supplier_code=00100005&order_time=2023-04-22 HTTP/1.1" 200 409
114.85.98.23 - - [22/Apr/2023:09:08:46 +0800] "GET /xingrg/all/function/internal_message.html?_=1682125727301&CODE_STATE=getMsg HTTP/1.1" 200 27
58.37.5.217 - - [22/Apr/2023:09:08:47 +0800] "GET /xingrg/all/function/internal_message.html?_=1682125729254&CODE_STATE=getMsg HTTP/1.1" 200 27
180.171.122.0 - - [22/Apr/2023:09:08:50 +0800] "GET /xingrg/kc/buy/cgsh_order_operate.html?command=get_materiel&rest_code=00111&code=00101008286&supplier_code=00100005&order_time=2023-04-22 HTTP/1.1" 200 428
116.227.208.255 - - [22/Apr/2023:09:08:50 +0800] "GET /xingrg/check_reg.html?_=1682125801241 HTTP/1.1" 200 22
116.227.208.255 - - [22/Apr/2023:09:08:51 +0800] "GET /xingrg/all/function/internal_message.html?_=1682125801928&CODE_STATE=getMsg HTTP/1.1" 200 27
180.171.122.0 - - [22/Apr/2023:09:08:52 +0800] "POST /xingrg/kc/buy/cgsh_order_operate.html HTTP/1.1" 200 2065
124.79.240.114 - - [22/Apr/2023:09:08:53 +0800] "GET /xingrg/all/function/internal_message.html?_=1682126003429&CODE_STATE=getMsg HTTP/1.1" 200 27
116.230.112.155 - - [22/Apr/2023:09:08:56 +0800] "GET /xingrg/all/function/internal_message.html?_=1682125752949&CODE_STATE=getMsg HTTP/1.1" 200 27
58.37.5.217 - - [22/Apr/2023:09:08:57 +0800] "POST /xingrg/kc/buy/cgsh_order_operate.html HTTP/1.1" 200 37
58.221.95.50 - - [22/Apr/2023:09:08:58 +0800] "GET /xingrg/check_reg.html?_=1682125739721 HTTP/1.1" 200 22
180.171.122.0 - - [22/Apr/2023:09:08:59 +0800] "GET /xingrg/kc/buy/cgsh_order_operate.html?command=get_materiel&rest_code=00111&code=00101008077&supplier_code=00100005&order_time=2023-04-22 HTTP/1.1" 200 416
58.37.5.217 - - [22/Apr/2023:09:08:59 +0800] "POST /xingrg/kc/buy/cgsh_order_operate.html HTTP/1.1" 200 28059
180.163.30.100 - - [22/Apr/2023:09:09:05 +0800] "GET /xingrg/kc/buy/cgsh_order_operate.html?command=get_materiel&rest_code=00106&code=00101008161&supplier_code=00100007&order_time=2023-04-22 HTTP/1.1" 302 -
180.163.30.100 - - [22/Apr/2023:09:09:05 +0800] "GET /xingrg/login.html HTTP/1.1" 200 7641
180.171.122.0 - - [22/Apr/2023:09:09:07 +0800] "GET /xingrg/kc/buy/cgsh_order_operate.html?command=get_materiel&rest_code=00111&code=00101008355&supplier_code=00100005&order_time=2023-04-22 HTTP/1.1" 200 408
58.37.5.217 - - [22/Apr/2023:09:09:08 +0800] "GET /xingrg/kc/buy/cgsh_order_operate.html?command=get_materiel&rest_code=00106&code=00101008295&supplier_code=00100007&order_time=2023-04-22 HTTP/1.1" 200 412
180.171.122.0 - - [22/Apr/2023:09:09:11 +0800] "GET /xingrg/all/function/internal_message.html?_=1682125746389&CODE_STATE=getMsg HTTP/1.1" 200 27
180.171.122.0 - - [22/Apr/2023:09:09:15 +0800] "GET /xingrg/kc/buy/cgsh_order_operate.html?command=get_materiel&rest_code=00111&code=00101008185&supplier_code=00100005&order_time=2023-04-22 HTTP/1.1" 200 408
101.229.22.234 - - [22/Apr/2023:09:09:15 +0800] "GET /xingrg/all/function/internal_message.html?_=1682125754316&CODE_STATE=getMsg HTTP/1.1" 200 27
116.224.106.218 - - [22/Apr/2023:09:09:22 +0800] "GET /xingrg/all/function/internal_message.html?_=1682125760721&CODE_STATE=getMsg HTTP/1.1" 200 27
116.224.106.218 - - [22/Apr/2023:09:09:22 +0800] "GET /xingrg/check_reg.html?_=1682125760754 HTTP/1.1" 200 22
180.171.122.0 - - [22/Apr/2023:09:09:23 +0800] "GET /xingrg/kc/buy/cgsh_order_operate.html?command=get_materiel&rest_code=00111&code=00101008352&supplier_code=00100005&order_time=2023-04-22 HTTP/1.1" 200 412
116.224.158.100 - - [22/Apr/2023:09:09:23 +0800] "GET /xingrg/all/function/internal_message.html?_=1682125603676&CODE_STATE=getMsg HTTP/1.1" 200 27
114.83.222.244 - - [22/Apr/2023:09:09:25 +0800] "GET /xingrg/all/function/internal_message.html?_=1682125761658&CODE_STATE=getMsg HTTP/1.1" 200 27
114.83.222.244 - - [22/Apr/2023:09:09:25 +0800] "GET /xingrg/check_reg.html?_=1682125761667 HTTP/1.1" 200 22
58.221.95.50 - - [22/Apr/2023:09:09:29 +0800] "GET /xingrg/all/function/internal_message.html?_=1682125770637&CODE_STATE=getMsg HTTP/1.1" 200 27
116.238.139.35 - - [22/Apr/2023:09:09:30 +0800] "GET /xingrg/all/function/internal_message.html?_=1682125770099&CODE_STATE=getMsg HTTP/1.1" 200 27
116.230.112.155 - - [22/Apr/2023:09:09:30 +0800] "GET /xingrg/all/function/internal_message.html?_=1682125792408&CODE_STATE=getMsg HTTP/1.1" 200 27
180.171.122.0 - - [22/Apr/2023:09:09:31 +0800] "GET /xingrg/kc/buy/cgsh_order_operate.html?command=get_materiel&rest_code=00111&code=00101008144&supplier_code=00100005&order_time=2023-04-22 HTTP/1.1" 200 412
180.171.122.0 - - [22/Apr/2023:09:09:33 +0800] "POST /xingrg/kc/buy/cgsh_order_operate.html HTTP/1.1" 200 2065
58.37.5.217 - - [22/Apr/2023:09:09:35 +0800] "GET /xingrg/kc/buy/cgsh_order_operate.html?command=get_materiel&rest_code=00106&code=00101008213&supplier_code=00100007&order_time=2023-04-22 HTTP/1.1" 200 432
180.171.122.0 - - [22/Apr/2023:09:09:39 +0800] "GET /xingrg/kc/buy/cgsh_order_operate.html?command=get_materiel&rest_code=00111&code=00101008163&supplier_code=00100005&order_time=2023-04-22 HTTP/1.1" 200 409
116.238.139.35 - - [22/Apr/2023:09:09:42 +0800] "GET /xingrg/login.html HTTP/1.1" 200 7641
116.238.139.35 - - [22/Apr/2023:09:09:42 +0800] "GET /xingrg/images/blue/jxLogo.png HTTP/1.1" 304 -
116.238.139.35 - - [22/Apr/2023:09:09:42 +0800] "GET /xingrg/images/blue/login_bg.png HTTP/1.1" 304 -
116.238.139.35 - - [22/Apr/2023:09:09:42 +0800] "GET /xingrg/images/blue/hj.png HTTP/1.1" 304 -
116.238.139.35 - - [22/Apr/2023:09:09:42 +0800] "GET /xingrg/images/blue/srbg.png HTTP/1.1" 304 -
116.238.139.35 - - [22/Apr/2023:09:09:42 +0800] "GET /favicon.ico HTTP/1.1" 404 -
116.238.139.35 - - [22/Apr/2023:09:09:45 +0800] "POST /xingrg/login.do HTTP/1.1" 302 -
116.238.139.35 - - [22/Apr/2023:09:09:45 +0800] "GET /xingrg/index.html?sysBaseUrl=http%3A%2F%2F180.169.147.146%3A18081%2Fxingrg%2F&costTime=839×tamp=1682125785806 HTTP/1.1" 200 17179
116.238.139.35 - - [22/Apr/2023:09:09:45 +0800] "GET /xingrg/javascript/jquery_easy_ui/themes/default/easyui.css HTTP/1.1" 304 -
116.238.139.35 - - [22/Apr/2023:09:09:45 +0800] "GET /xingrg/css/form.css HTTP/1.1" 304 -
116.238.139.35 - - [22/Apr/2023:09:09:45 +0800] "GET /xingrg/javascript/jquery-1.4.2.min.js HTTP/1.1" 304 -
116.238.139.35 - - [22/Apr/2023:09:09:45 +0800] "GET /xingrg/javascript/jquery_easy_ui/themes/icon.css HTTP/1.1" 304 -
116.238.139.35 - - [22/Apr/2023:09:09:45 +0800] "GET /xingrg/javascript/jquery.timers.js HTTP/1.1" 304 -
116.238.139.35 - - [22/Apr/2023:09:09:45 +0800] "GET /xingrg/javascript/jquery.form.js HTTP/1.1" 304 -
116.238.139.35 - - [22/Apr/2023:09:09:45 +0800] "GET /xingrg/javascript/jquery_easy_ui/easyui-lang-zh_CN.js HTTP/1.1" 304 -
116.238.139.35 - - [22/Apr/2023:09:09:45 +0800] "GET /xingrg/javascript/jquery_easy_ui/jquery.easyui.min.js HTTP/1.1" 304 -
116.238.139.35 - - [22/Apr/2023:09:09:45 +0800] "GET /xingrg/javascript/jquery.utils.js HTTP/1.1" 304 -
116.238.139.35 - - [22/Apr/2023:09:09:45 +0800] "GET /favicon.ico HTTP/1.1" 404 -
116.238.139.35 - - [22/Apr/2023:09:09:46 +0800] "GET /xingrg/images/blue/navBackgound.jpg HTTP/1.1" 304 -
116.238.139.35 - - [22/Apr/2023:09:09:46 +0800] "GET /xingrg/javascript/jquery_easy_ui/themes/icons/settle_new.png HTTP/1.1" 304 -
116.238.139.35 - - [22/Apr/2023:09:09:46 +0800] "GET /xingrg/images/blue/pingpu.png HTTP/1.1" 304 -
116.238.139.35 - - [22/Apr/2023:09:09:46 +0800] "GET /xingrg/javascript/jquery_easy_ui/themes/default/images/tabs_leftarrow.png HTTP/1.1" 304 -
116.238.139.35 - - [22/Apr/2023:09:09:46 +0800] "GET /xingrg/javascript/jquery_easy_ui/themes/default/images/tabs_rightarrow.png HTTP/1.1" 304 -
116.238.139.35 - - [22/Apr/2023:09:09:46 +0800] "GET /xingrg/javascript/jquery_easy_ui/themes/default/images/panel_tool_collapse.gif HTTP/1.1" 304 -
116.238.139.35 - - [22/Apr/2023:09:09:46 +0800] "POST /xingrg/all/common/load_tree.html?tree=area_rest_tree_json&manage=1 HTTP/1.1" 200 476
116.238.139.35 - - [22/Apr/2023:09:09:46 +0800] "GET /xingrg/all/function/internal_message.html?_=1682125723269&CODE_STATE=count HTTP/1.1" 200 11
116.238.139.35 - - [22/Apr/2023:09:09:46 +0800] "GET /xingrg/check_reg.html?_=1682125723270 HTTP/1.1" 200 22
116.238.139.35 - - [22/Apr/2023:09:09:46 +0800] "POST /xingrg/load_menu.html HTTP/1.1" 200 5138
116.238.139.35 - - [22/Apr/2023:09:09:46 +0800] "GET /xingrg/javascript/jquery_easy_ui/themes/default/images/tree_arrows.gif HTTP/1.1" 304 -
116.238.139.35 - - [22/Apr/2023:09:09:46 +0800] "GET /xingrg/javascript/jquery_easy_ui/themes/default/images/tree_folder_open.gif HTTP/1.1" 304 -
116.238.139.35 - - [22/Apr/2023:09:09:46 +0800] "GET /xingrg/javascript/jquery_easy_ui/themes/icons/search_new.png HTTP/1.1" 304 -
116.238.139.35 - - [22/Apr/2023:09:09:46 +0800] "GET /xingrg/javascript/jquery_easy_ui/themes/default/images/tree_folder.gif HTTP/1.1" 304 -
116.238.139.35 - - [22/Apr/2023:09:09:46 +0800] "GET /xingrg/javascript/jquery_easy_ui/themes/icons/storage_new.png HTTP/1.1" 304 -
116.238.139.35 - - [22/Apr/2023:09:09:46 +0800] "GET /xingrg/javascript/jquery_easy_ui/themes/icons/forms_new.png HTTP/1.1" 304 -
116.238.139.35 - - [22/Apr/2023:09:09:46 +0800] "GET /xingrg/javascript/jquery_easy_ui/themes/default/images/tree_file.gif HTTP/1.1" 304 -
114.85.98.23 - - [22/Apr/2023:09:09:46 +0800] "GET /xingrg/all/function/internal_message.html?_=1682125787309&CODE_STATE=getMsg HTTP/1.1" 200 27
58.37.5.217 - - [22/Apr/2023:09:09:47 +0800] "GET /xingrg/all/function/internal_message.html?_=1682125789251&CODE_STATE=getMsg HTTP/1.1" 200 27
58.37.5.217 - - [22/Apr/2023:09:09:47 +0800] "POST /xingrg/kc/buy/cgsh_order_operate.html HTTP/1.1" 200 37
180.171.122.0 - - [22/Apr/2023:09:09:49 +0800] "GET /xingrg/kc/buy/cgsh_order_operate.html?command=get_materiel&rest_code=00111&code=00101008125&supplier_code=00100005&order_time=2023-04-22 HTTP/1.1" 200 433
116.227.208.255 - - [22/Apr/2023:09:09:51 +0800] "GET /xingrg/all/function/internal_message.html?_=1682125861926&CODE_STATE=getMsg HTTP/1.1" 200 27
116.238.139.35 - - [22/Apr/2023:09:09:52 +0800] "GET /xingrg/javascript/jquery_easy_ui/themes/default/images/tabs_close.gif HTTP/1.1" 304 -
116.238.139.35 - - [22/Apr/2023:09:09:53 +0800] "GET /xingrg/kc/buy/cgsh_order_list.html HTTP/1.1" 200 55119
116.238.139.35 - - [22/Apr/2023:09:09:53 +0800] "GET /xingrg/css/base.css HTTP/1.1" 304 -
116.238.139.35 - - [22/Apr/2023:09:09:53 +0800] "GET /xingrg/css/site.css HTTP/1.1" 304 -
116.238.139.35 - - [22/Apr/2023:09:09:53 +0800] "GET /xingrg/javascript/jquery_tools/jquery.tools.min.js HTTP/1.1" 304 -
116.238.139.35 - - [22/Apr/2023:09:09:53 +0800] "GET /xingrg/javascript/jquery_tools/jquery.tools.table.js HTTP/1.1" 304 -
116.238.139.35 - - [22/Apr/2023:09:09:53 +0800] "GET /xingrg/javascript/auto/jquery.autocomplete.css HTTP/1.1" 304 -
116.238.139.35 - - [22/Apr/2023:09:09:53 +0800] "GET /xingrg/javascript/easyui/themes/icon.css HTTP/1.1" 304 -
116.238.139.35 - - [22/Apr/2023:09:09:53 +0800] "GET /xingrg/javascript/jquery_tools/jquery.tools.extend.js HTTP/1.1" 304 -
116.238.139.35 - - [22/Apr/2023:09:09:53 +0800] "GET /xingrg/javascript/easyui/themes/default/easyui.css HTTP/1.1" 304 -
116.238.139.35 - - [22/Apr/2023:09:09:53 +0800] "GET /xingrg/javascript/jquery_tools/jquery.tools.hotkey.js HTTP/1.1" 304 -
116.238.139.35 - - [22/Apr/2023:09:09:53 +0800] "GET /xingrg/javascript/jquery_tools/datebox.css HTTP/1.1" 304 -
116.238.139.35 - - [22/Apr/2023:09:09:53 +0800] "GET /xingrg/javascript/jquery_tools/fix.css HTTP/1.1" 304 -
116.238.139.35 - - [22/Apr/2023:09:09:53 +0800] "GET /xingrg/javascript/easyui/easyloader.js HTTP/1.1" 304 -
116.238.139.35 - - [22/Apr/2023:09:09:53 +0800] "GET /xingrg/javascript/jquery.cookie.js HTTP/1.1" 304 -
116.238.139.35 - - [22/Apr/2023:09:09:53 +0800] "GET /xingrg/javascript/auto/jquery.autocomplete.js HTTP/1.1" 304 -
116.238.139.35 - - [22/Apr/2023:09:09:53 +0800] "GET /xingrg/javascript/jquery_tools/list_manager.js HTTP/1.1" 304 -
116.238.139.35 - - [22/Apr/2023:09:09:53 +0800] "GET /xingrg/javascript/jquery_tools/table.css HTTP/1.1" 304 -
116.238.139.35 - - [22/Apr/2023:09:09:53 +0800] "GET /xingrg/javascript/print/LodopFuncs.js HTTP/1.1" 304 -
116.238.139.35 - - [22/Apr/2023:09:09:53 +0800] "GET /xingrg/javascript/easyui/themes/icons/edit_add_new.png HTTP/1.1" 304 -
116.238.139.35 - - [22/Apr/2023:09:09:53 +0800] "GET /xingrg/javascript/easyui/themes/icons/cance_new.png HTTP/1.1" 304 -
116.238.139.35 - - [22/Apr/2023:09:09:53 +0800] "GET /xingrg/javascript/easyui/themes/icons/import_new.png HTTP/1.1" 304 -
116.238.139.35 - - [22/Apr/2023:09:09:53 +0800] "GET /xingrg/javascript/easyui/themes/icons/check_new.png HTTP/1.1" 304 -
116.238.139.35 - - [22/Apr/2023:09:09:53 +0800] "GET /xingrg/javascript/easyui/themes/icons/field_new.png HTTP/1.1" 304 -
116.238.139.35 - - [22/Apr/2023:09:09:53 +0800] "GET /xingrg/javascript/easyui/plugins/jquery.parser.js HTTP/1.1" 304 -
116.238.139.35 - - [22/Apr/2023:09:09:53 +0800] "GET /xingrg/images/control/ajaxLoader.gif HTTP/1.1" 304 -
124.79.240.114 - - [22/Apr/2023:09:09:53 +0800] "GET /xingrg/all/function/internal_message.html?_=1682126063443&CODE_STATE=getMsg HTTP/1.1" 200 27
124.79.240.114 - - [22/Apr/2023:09:09:53 +0800] "GET /xingrg/check_reg.html?_=1682126063444 HTTP/1.1" 200 22
116.238.139.35 - - [22/Apr/2023:09:09:55 +0800] "POST /xingrg/kc/buy/cgsh_list_operate.html HTTP/1.1" 200 986
116.230.112.155 - - [22/Apr/2023:09:09:56 +0800] "GET /xingrg/all/function/internal_message.html?_=1682125812959&CODE_STATE=getMsg HTTP/1.1" 200 27
116.238.139.35 - - [22/Apr/2023:09:09:57 +0800] "GET /xingrg/javascript/easyui/themes/default/images/button_plain_hover.png HTTP/1.1" 304 -
116.238.139.35 - - [22/Apr/2023:09:09:58 +0800] "GET /xingrg/kc/buy/cgsh_order_add.html HTTP/1.1" 200 70951
116.238.139.35 - - [22/Apr/2023:09:09:58 +0800] "GET /xingrg/javascript/pic_change.js HTTP/1.1" 304 -
116.238.139.35 - - [22/Apr/2023:09:09:58 +0800] "GET /xingrg/javascript/convert.js HTTP/1.1" 304 -
116.238.139.35 - - [22/Apr/2023:09:09:58 +0800] "GET /xingrg/javascript/print/kc_print.js HTTP/1.1" 304 -
116.238.139.35 - - [22/Apr/2023:09:09:58 +0800] "GET /xingrg/javascript/jquery_tools/order_manager.js HTTP/1.1" 304 -
116.238.139.35 - - [22/Apr/2023:09:09:58 +0800] "GET /xingrg/javascript/json2.js HTTP/1.1" 304 -
116.238.139.35 - - [22/Apr/2023:09:09:58 +0800] "GET /xingrg/words/20230421191028_words.js HTTP/1.1" 200 961287
116.238.139.35 - - [22/Apr/2023:09:09:58 +0800] "GET /xingrg/javascript/easyui/themes/icons/copy_new.png HTTP/1.1" 304 -
116.238.139.35 - - [22/Apr/2023:09:09:58 +0800] "GET /xingrg/javascript/easyui/themes/icons/ok.png HTTP/1.1" 304 -
116.238.139.35 - - [22/Apr/2023:09:09:58 +0800] "GET /xingrg/javascript/easyui/themes/icons/template_new.png HTTP/1.1" 304 -
116.238.139.35 - - [22/Apr/2023:09:09:58 +0800] "GET /xingrg/javascript/easyui/themes/icons/print.png HTTP/1.1" 304 -
116.238.139.35 - - [22/Apr/2023:09:09:58 +0800] "GET /xingrg/javascript/easyui/themes/default/images/menu_downarrow.png HTTP/1.1" 304 -
116.238.139.35 - - [22/Apr/2023:09:09:58 +0800] "GET /xingrg/javascript/easyui/themes/icons/cancel.png HTTP/1.1" 304 -
116.238.139.35 - - [22/Apr/2023:09:09:58 +0800] "POST /xingrg/kc/buy/cgsh_order_operate.html HTTP/1.1" 200 8245
116.238.139.35 - - [22/Apr/2023:09:09:58 +0800] "GET /xingrg/javascript/easyui/themes/icons/edit_remove.png HTTP/1.1" 304 -
116.238.139.35 - - [22/Apr/2023:09:09:58 +0800] "GET /xingrg/all/common/auto_word.html?type=employee&rest_code=00150 HTTP/1.1" 200 159
116.238.139.35 - - [22/Apr/2023:09:09:58 +0800] "GET /xingrg/all/common/auto_word.html?type=employee&rest_code=00150 HTTP/1.1" 200 159
116.238.139.35 - - [22/Apr/2023:09:09:59 +0800] "GET /xingrg/javascript/easyui/themes/default/validatebox.css HTTP/1.1" 404 1104
116.238.139.35 - - [22/Apr/2023:09:09:59 +0800] "GET /xingrg/javascript/easyui/plugins/jquery.validatebox.js HTTP/1.1" 304 -
116.238.139.35 - - [22/Apr/2023:09:09:59 +0800] "GET /xingrg/javascript/easyui/plugins/jquery.numberbox.js HTTP/1.1" 304 -
116.238.139.35 - - [22/Apr/2023:09:10:00 +0800] "GET /xingrg/javascript/auto/indicator.gif HTTP/1.1" 404 1066
116.238.139.35 - - [22/Apr/2023:09:10:10 +0800] "GET /xingrg/kc/buy/cgsh_order_operate.html?command=get_materiel&rest_code=00150&code=00101009109&supplier_code=00100022&order_time=2023-04-22 HTTP/1.1" 200 413
180.171.122.0 - - [22/Apr/2023:09:10:11 +0800] "GET /xingrg/all/function/internal_message.html?_=1682125806359&CODE_STATE=getMsg HTTP/1.1" 200 27
180.171.122.0 - - [22/Apr/2023:09:10:15 +0800] "GET /xingrg/kc/buy/cgsh_order_operate.html?command=get_materiel&rest_code=00111&code=00101008350&supplier_code=00100005&order_time=2023-04-22 HTTP/1.1" 200 427
101.229.22.234 - - [22/Apr/2023:09:10:15 +0800] "GET /xingrg/all/function/internal_message.html?_=1682125814317&CODE_STATE=getMsg HTTP/1.1" 200 27
120.253.135.82 - - [22/Apr/2023:09:10:17 +0800] "GET /xingrg/check_reg.html?_=1682125654922 HTTP/1.1" 200 22
116.238.139.35 - - [22/Apr/2023:09:10:20 +0800] "GET /xingrg/kc/buy/cgsh_order_operate.html?command=get_materiel&rest_code=00150&code=00101009010&supplier_code=00100022&order_time=2023-04-22 HTTP/1.1" 200 412
116.224.106.218 - - [22/Apr/2023:09:10:22 +0800] "GET /xingrg/all/function/internal_message.html?_=1682125820722&CODE_STATE=getMsg HTTP/1.1" 200 27
116.224.158.100 - - [22/Apr/2023:09:10:23 +0800] "GET /xingrg/all/function/internal_message.html?_=1682125663703&CODE_STATE=getMsg HTTP/1.1" 200 27
180.171.122.0 - - [22/Apr/2023:09:10:23 +0800] "GET /xingrg/kc/buy/cgsh_order_operate.html?command=get_materiel&rest_code=00111&code=00101008037&supplier_code=00100005&order_time=2023-04-22 HTTP/1.1" 200 432
114.83.222.244 - - [22/Apr/2023:09:10:25 +0800] "GET /xingrg/all/function/internal_message.html?_=1682125821655&CODE_STATE=getMsg HTTP/1.1" 200 27
180.171.122.0 - - [22/Apr/2023:09:10:27 +0800] "POST /xingrg/kc/buy/cgsh_order_operate.html HTTP/1.1" 200 2065
58.221.95.50 - - [22/Apr/2023:09:10:29 +0800] "GET /xingrg/all/function/internal_message.html?_=1682125830621&CODE_STATE=getMsg HTTP/1.1" 200 27
116.238.139.35 - - [22/Apr/2023:09:10:30 +0800] "GET /xingrg/all/function/internal_message.html?_=1682125830074&CODE_STATE=getMsg HTTP/1.1" 200 27
116.230.112.155 - - [22/Apr/2023:09:10:30 +0800] "GET /xingrg/all/function/internal_message.html?_=1682125852424&CODE_STATE=getMsg HTTP/1.1" 200 27
116.238.139.35 - - [22/Apr/2023:09:10:32 +0800] "GET /xingrg/kc/buy/cgsh_order_operate.html?command=get_materiel&rest_code=00150&code=00101009012&supplier_code=00100022&order_time=2023-04-22 HTTP/1.1" 200 409
180.171.122.0 - - [22/Apr/2023:09:10:32 +0800] "GET /xingrg/kc/buy/cgsh_order_operate.html?command=get_materiel&rest_code=00111&code=00101008080&supplier_code=00100005&order_time=2023-04-22 HTTP/1.1" 200 416
114.83.222.244 - - [22/Apr/2023:09:10:36 +0800] "GET /xingrg/kc/buy/cgsh_order_operate.html?command=get_materiel&rest_code=00149&code=00101004051&supplier_code=00100083&order_time=2023-04-22 HTTP/1.1" 200 429
116.238.139.35 - - [22/Apr/2023:09:10:41 +0800] "GET /xingrg/kc/buy/cgsh_order_operate.html?command=get_materiel&rest_code=00150&code=00101009039&supplier_code=00100022&order_time=2023-04-22 HTTP/1.1" 200 408
180.171.122.0 - - [22/Apr/2023:09:10:41 +0800] "GET /xingrg/kc/buy/cgsh_order_operate.html?command=get_materiel&rest_code=00111&code=00101008244&supplier_code=00100005&order_time=2023-04-22 HTTP/1.1" 200 408
116.238.139.35 - - [22/Apr/2023:09:10:41 +0800] "GET /xingrg/check_reg.html?_=1682125841732 HTTP/1.1" 200 22
114.83.222.244 - - [22/Apr/2023:09:10:46 +0800] "POST /xingrg/kc/buy/cgsh_order_operate.html HTTP/1.1" 200 37
116.238.139.35 - - [22/Apr/2023:09:10:46 +0800] "GET /xingrg/all/function/internal_message.html?_=1682125783275&CODE_STATE=getMsg HTTP/1.1" 200 27
114.85.98.23 - - [22/Apr/2023:09:10:46 +0800] "GET /xingrg/all/function/internal_message.html?_=1682125847308&CODE_STATE=getMsg HTTP/1.1" 200 27
116.238.139.35 - - [22/Apr/2023:09:10:48 +0800] "GET /xingrg/kc/buy/cgsh_order_operate.html?command=get_materiel&rest_code=00150&code=00101009016&supplier_code=00100022&order_time=2023-04-22 HTTP/1.1" 200 412
180.171.122.0 - - [22/Apr/2023:09:10:49 +0800] "GET /xingrg/kc/buy/cgsh_order_operate.html?command=get_materiel&rest_code=00111&code=00101008290&supplier_code=00100005&order_time=2023-04-22 HTTP/1.1" 200 416
116.227.208.255 - - [22/Apr/2023:09:10:51 +0800] "GET /xingrg/all/function/internal_message.html?_=1682125921899&CODE_STATE=getMsg HTTP/1.1" 200 27
124.79.240.114 - - [22/Apr/2023:09:10:53 +0800] "GET /xingrg/all/function/internal_message.html?_=1682126123442&CODE_STATE=getMsg HTTP/1.1" 200 27
114.83.222.244 - - [22/Apr/2023:09:10:54 +0800] "POST /xingrg/kc/buy/cgsh_order_operate.html HTTP/1.1" 200 12
116.238.139.35 - - [22/Apr/2023:09:10:55 +0800] "GET /xingrg/kc/buy/cgsh_order_operate.html?command=get_materiel&rest_code=00150&code=00101009062&supplier_code=00100022&order_time=2023-04-22 HTTP/1.1" 200 412
116.230.112.155 - - [22/Apr/2023:09:10:56 +0800] "GET /xingrg/check_reg.html?_=1682125872851 HTTP/1.1" 200 22
116.230.112.155 - - [22/Apr/2023:09:10:56 +0800] "GET /xingrg/all/function/internal_message.html?_=1682125872973&CODE_STATE=getMsg HTTP/1.1" 200 27
114.83.222.244 - - [22/Apr/2023:09:10:56 +0800] "GET /xingrg/kc/buy/cgsh_order_info.html?code=212023042207495 HTTP/1.1" 200 65890
114.83.222.244 - - [22/Apr/2023:09:10:57 +0800] "GET /xingrg/javascript/easyui/themes/default/validatebox.css HTTP/1.1" 404 1104
180.171.122.0 - - [22/Apr/2023:09:10:57 +0800] "GET /xingrg/kc/buy/cgsh_order_operate.html?command=get_materiel&rest_code=00111&code=00101008069&supplier_code=00100005&order_time=2023-04-22 HTTP/1.1" 200 412
114.83.222.244 - - [22/Apr/2023:09:10:57 +0800] "POST /xingrg/kc/buy/cgsh_order_operate.html HTTP/1.1" 200 606
114.83.222.244 - - [22/Apr/2023:09:10:59 +0800] "GET /xingrg/kc/print/load_data.html?order_code=212023042207495&kc_code=cgsh&condition= HTTP/1.1" 200 715
180.171.122.0 - - [22/Apr/2023:09:11:07 +0800] "POST /xingrg/kc/buy/cgsh_order_operate.html HTTP/1.1" 200 2065
180.171.122.0 - - [22/Apr/2023:09:11:11 +0800] "GET /xingrg/all/function/internal_message.html?_=1682125866350&CODE_STATE=getMsg HTTP/1.1" 200 27
101.229.22.234 - - [22/Apr/2023:09:11:15 +0800] "GET /xingrg/all/function/internal_message.html?_=1682125874314&CODE_STATE=getMsg HTTP/1.1" 200 27
180.171.122.0 - - [22/Apr/2023:09:11:20 +0800] "GET /xingrg/kc/buy/cgsh_order_operate.html?command=get_materiel&rest_code=00111&code=00101008213&supplier_code=00100005&order_time=2023-04-22 HTTP/1.1" 200 432
116.224.106.218 - - [22/Apr/2023:09:11:22 +0800] "GET /xingrg/all/function/internal_message.html?_=1682125880723&CODE_STATE=getMsg HTTP/1.1" 200 27
116.224.158.100 - - [22/Apr/2023:09:11:23 +0800] "GET /xingrg/all/function/internal_message.html?_=1682125723706&CODE_STATE=getMsg HTTP/1.1" 200 27
116.238.139.35 - - [22/Apr/2023:09:11:25 +0800] "GET /xingrg/kc/buy/cgsh_order_operate.html?command=get_materiel&rest_code=00150&code=00101009044&supplier_code=00100022&order_time=2023-04-22 HTTP/1.1" 200 413
114.83.222.244 - - [22/Apr/2023:09:11:25 +0800] "GET /xingrg/all/function/internal_message.html?_=1682125881648&CODE_STATE=getMsg HTTP/1.1" 200 27
58.221.95.50 - - [22/Apr/2023:09:11:29 +0800] "GET /xingrg/all/function/internal_message.html?_=1682125890605&CODE_STATE=getMsg HTTP/1.1" 200 27
116.238.139.35 - - [22/Apr/2023:09:11:30 +0800] "GET /xingrg/all/function/internal_message.html?_=1682125890062&CODE_STATE=getMsg HTTP/1.1" 200 27
180.171.122.0 - - [22/Apr/2023:09:11:30 +0800] "GET /xingrg/kc/buy/cgsh_order_operate.html?command=get_materiel&rest_code=00111&code=00101013032&supplier_code=00100005&order_time=2023-04-22 HTTP/1.1" 200 429
116.230.112.155 - - [22/Apr/2023:09:11:31 +0800] "GET /xingrg/all/function/internal_message.html?_=1682125912620&CODE_STATE=getMsg HTTP/1.1" 200 27
116.238.139.35 - - [22/Apr/2023:09:11:33 +0800] "GET /xingrg/kc/buy/cgsh_order_operate.html?command=get_materiel&rest_code=00150&code=00101009031&supplier_code=00100022&order_time=2023-04-22 HTTP/1.1" 200 408
180.171.122.0 - - [22/Apr/2023:09:11:39 +0800] "GET /xingrg/kc/buy/cgsh_order_operate.html?command=get_materiel&rest_code=00111&code=00101008103&supplier_code=00100005&order_time=2023-04-22 HTTP/1.1" 200 417
116.238.139.35 - - [22/Apr/2023:09:11:42 +0800] "GET /xingrg/kc/buy/cgsh_order_operate.html?command=get_materiel&rest_code=00150&code=00101009004&supplier_code=00100022&order_time=2023-04-22 HTTP/1.1" 200 409
116.238.139.35 - - [22/Apr/2023:09:11:46 +0800] "GET /xingrg/all/function/internal_message.html?_=1682125843289&CODE_STATE=getMsg HTTP/1.1" 200 27
114.83.222.244 - - [22/Apr/2023:09:11:46 +0800] "GET /xingrg/kc/buy/cgsh_order_add.html HTTP/1.1" 200 70983
114.85.98.23 - - [22/Apr/2023:09:11:46 +0800] "GET /xingrg/check_reg.html?_=1682125907309 HTTP/1.1" 200 22
114.85.98.23 - - [22/Apr/2023:09:11:46 +0800] "GET /xingrg/all/function/internal_message.html?_=1682125907311&CODE_STATE=getMsg HTTP/1.1" 200 27
114.83.222.244 - - [22/Apr/2023:09:11:46 +0800] "POST /xingrg/kc/buy/cgsh_order_operate.html HTTP/1.1" 200 8245
114.83.222.244 - - [22/Apr/2023:09:11:46 +0800] "GET /xingrg/javascript/easyui/themes/default/validatebox.css HTTP/1.1" 404 1104
180.171.122.0 - - [22/Apr/2023:09:11:49 +0800] "GET /xingrg/kc/buy/cgsh_order_operate.html?command=get_materiel&rest_code=00111&code=00101008176&supplier_code=00100005&order_time=2023-04-22 HTTP/1.1" 200 413
116.227.208.255 - - [22/Apr/2023:09:11:51 +0800] "GET /xingrg/all/function/internal_message.html?_=1682125981882&CODE_STATE=getMsg HTTP/1.1" 200 27
120.253.135.82 - - [22/Apr/2023:09:11:51 +0800] "GET /xingrg/check_reg.html?_=1682125909538 HTTP/1.1" 302 -
116.238.139.35 - - [22/Apr/2023:09:11:52 +0800] "GET /xingrg/kc/buy/cgsh_order_operate.html?command=get_materiel&rest_code=00150&code=00101009121&supplier_code=00100022&order_time=2023-04-22 HTTP/1.1" 200 425
124.79.240.114 - - [22/Apr/2023:09:11:53 +0800] "GET /xingrg/all/function/internal_message.html?_=1682126183467&CODE_STATE=getMsg HTTP/1.1" 200 27
180.171.122.0 - - [22/Apr/2023:09:11:53 +0800] "POST /xingrg/kc/buy/cgsh_order_operate.html HTTP/1.1" 200 2065
116.230.112.155 - - [22/Apr/2023:09:11:56 +0800] "GET /xingrg/all/function/internal_message.html?_=1682125932986&CODE_STATE=getMsg HTTP/1.1" 200 27
114.83.222.244 - - [22/Apr/2023:09:11:57 +0800] "GET /xingrg/kc/buy/cgsh_order_operate.html?command=get_materiel&rest_code=00149&code=00101016037&supplier_code=00100573&order_time=2023-04-22 HTTP/1.1" 200 450
116.238.139.35 - - [22/Apr/2023:09:12:01 +0800] "POST /xingrg/kc/buy/cgsh_order_operate.html HTTP/1.1" 200 37
116.230.112.155 - - [22/Apr/2023:09:12:03 +0800] "GET /xingrg/check_reg.html?_=1682125944934 HTTP/1.1" 200 22
180.171.122.0 - - [22/Apr/2023:09:12:03 +0800] "GET /xingrg/kc/buy/cgsh_order_operate.html?command=get_materiel&rest_code=00111&code=00101008291&supplier_code=00100005&order_time=2023-04-22 HTTP/1.1" 200 428
116.238.139.35 - - [22/Apr/2023:09:12:08 +0800] "POST /xingrg/kc/buy/cgsh_order_operate.html HTTP/1.1" 200 12
114.83.222.244 - - [22/Apr/2023:09:12:08 +0800] "GET /xingrg/kc/buy/cgsh_order_operate.html?command=get_materiel&rest_code=00149&code=00101016097&supplier_code=00100573&order_time=2023-04-22 HTTP/1.1" 200 470
180.171.122.0 - - [22/Apr/2023:09:12:11 +0800] "GET /xingrg/all/function/internal_message.html?_=1682125926355&CODE_STATE=getMsg HTTP/1.1" 200 27
180.171.122.0 - - [22/Apr/2023:09:12:11 +0800] "GET /xingrg/kc/buy/cgsh_order_operate.html?command=get_materiel&rest_code=00111&code=00101008010&supplier_code=00100005&order_time=2023-04-22 HTTP/1.1" 200 412
116.238.139.35 - - [22/Apr/2023:09:12:12 +0800] "GET /xingrg/kc/buy/cgsh_order_info.html?code=212023042207496 HTTP/1.1" 200 65861
116.238.139.35 - - [22/Apr/2023:09:12:12 +0800] "GET /xingrg/javascript/jquery_easy_ui/themes/icons/area.png HTTP/1.1" 304 -
116.238.139.35 - - [22/Apr/2023:09:12:12 +0800] "GET /xingrg/javascript/jquery_easy_ui/themes/icons/rest.png HTTP/1.1" 304 -
116.238.139.35 - - [22/Apr/2023:09:12:12 +0800] "GET /xingrg/javascript/easyui/themes/default/validatebox.css HTTP/1.1" 404 1104
116.238.139.35 - - [22/Apr/2023:09:12:13 +0800] "POST /xingrg/kc/buy/cgsh_order_operate.html HTTP/1.1" 200 6514
101.229.22.234 - - [22/Apr/2023:09:12:15 +0800] "GET /xingrg/check_reg.html?_=1682125934314 HTTP/1.1" 200 22
101.229.22.234 - - [22/Apr/2023:09:12:15 +0800] "GET /xingrg/all/function/internal_message.html?_=1682125934317&CODE_STATE=getMsg HTTP/1.1" 200 27
116.238.139.35 - - [22/Apr/2023:09:12:16 +0800] "GET /xingrg/kc/print/load_config.html?kc_code=cgsh HTTP/1.1" 200 1925
116.238.139.35 - - [22/Apr/2023:09:12:16 +0800] "GET /xingrg/kc/print/load_data.html?order_code=212023042207496&kc_code=cgsh&condition= HTTP/1.1" 200 3006
114.83.222.244 - - [22/Apr/2023:09:12:17 +0800] "POST /xingrg/all/common/load_select.html HTTP/1.1" 200 25
180.171.122.0 - - [22/Apr/2023:09:12:19 +0800] "GET /xingrg/kc/buy/cgsh_order_operate.html?command=get_materiel&rest_code=00111&code=00101008306&supplier_code=00100005&order_time=2023-04-22 HTTP/1.1" 200 431
58.37.5.217 - - [22/Apr/2023:09:12:21 +0800] "GET /xingrg/check_reg.html?_=1682125943503 HTTP/1.1" 200 22
58.37.5.217 - - [22/Apr/2023:09:12:21 +0800] "GET /xingrg/all/function/internal_message.html?_=1682125943504&CODE_STATE=getMsg HTTP/1.1" 200 27
58.37.5.217 - - [22/Apr/2023:09:12:22 +0800] "POST /xingrg/kc/buy/cgsh_order_operate.html HTTP/1.1" 200 29830
116.224.106.218 - - [22/Apr/2023:09:12:22 +0800] "GET /xingrg/all/function/internal_message.html?_=1682125940722&CODE_STATE=getMsg HTTP/1.1" 200 27
114.83.222.244 - - [22/Apr/2023:09:12:22 +0800] "GET /xingrg/kc/buy/cgsh_order_operate.html?command=get_materiel_price&rest_code=00149&code=00101016097&unit_code=00100163&supplier_code=00100573&order_time=2023-04-22 HTTP/1.1" 200 30
116.224.158.100 - - [22/Apr/2023:09:12:23 +0800] "GET /xingrg/all/function/internal_message.html?_=1682125783706&CODE_STATE=getMsg HTTP/1.1" 200 27
116.224.158.100 - - [22/Apr/2023:09:12:23 +0800] "GET /xingrg/check_reg.html?_=1682125783705 HTTP/1.1" 200 22
114.83.222.244 - - [22/Apr/2023:09:12:25 +0800] "GET /xingrg/all/function/internal_message.html?_=1682125941656&CODE_STATE=getMsg HTTP/1.1" 200 27
58.221.95.50 - - [22/Apr/2023:09:12:29 +0800] "GET /xingrg/all/function/internal_message.html?_=1682125950585&CODE_STATE=getMsg HTTP/1.1" 200 27
116.238.139.35 - - [22/Apr/2023:09:12:30 +0800] "GET /xingrg/all/function/internal_message.html?_=1682125950046&CODE_STATE=getMsg HTTP/1.1" 200 27
116.230.112.155 - - [22/Apr/2023:09:12:31 +0800] "GET /xingrg/all/function/internal_message.html?_=1682125972621&CODE_STATE=getMsg HTTP/1.1" 200 27
58.37.5.217 - - [22/Apr/2023:09:12:33 +0800] "GET /xingrg/kc/buy/cgsh_order_operate.html?command=get_materiel&rest_code=00106&code=00101008298&supplier_code=00100007&order_time=2023-04-22 HTTP/1.1" 200 432
114.83.222.244 - - [22/Apr/2023:09:12:36 +0800] "POST /xingrg/kc/buy/cgsh_order_operate.html HTTP/1.1" 200 37
114.83.222.244 - - [22/Apr/2023:09:12:41 +0800] "POST /xingrg/kc/buy/cgsh_order_operate.html HTTP/1.1" 200 12
58.37.5.217 - - [22/Apr/2023:09:12:42 +0800] "GET /xingrg/kc/buy/cgsh_order_operate.html?command=get_materiel&rest_code=00106&code=00101008285&supplier_code=00100007&order_time=2023-04-22 HTTP/1.1" 200 432
114.83.222.244 - - [22/Apr/2023:09:12:43 +0800] "GET /xingrg/kc/buy/cgsh_order_info.html?code=212023042207497 HTTP/1.1" 200 65892
114.83.222.244 - - [22/Apr/2023:09:12:44 +0800] "GET /xingrg/javascript/easyui/themes/default/validatebox.css HTTP/1.1" 404 1104
114.83.222.244 - - [22/Apr/2023:09:12:45 +0800] "POST /xingrg/kc/buy/cgsh_order_operate.html HTTP/1.1" 200 1243
116.238.139.35 - - [22/Apr/2023:09:12:46 +0800] "GET /xingrg/all/function/internal_message.html?_=1682125903301&CODE_STATE=getMsg HTTP/1.1" 200 27
114.83.222.244 - - [22/Apr/2023:09:12:46 +0800] "GET /xingrg/kc/print/load_data.html?order_code=212023042207497&kc_code=cgsh&condition= HTTP/1.1" 200 979
114.85.98.23 - - [22/Apr/2023:09:12:46 +0800] "GET /xingrg/all/function/internal_message.html?_=1682125967305&CODE_STATE=getMsg HTTP/1.1" 200 27
58.37.5.217 - - [22/Apr/2023:09:12:49 +0800] "GET /xingrg/kc/buy/cgsh_order_operate.html?command=get_materiel&rest_code=00106&code=00101011013&supplier_code=00100007&order_time=2023-04-22 HTTP/1.1" 200 413
116.227.208.255 - - [22/Apr/2023:09:12:51 +0800] "GET /xingrg/all/function/internal_message.html?_=1682126041868&CODE_STATE=getMsg HTTP/1.1" 200 27
124.79.240.114 - - [22/Apr/2023:09:12:53 +0800] "GET /xingrg/all/function/internal_message.html?_=1682126243465&CODE_STATE=getMsg HTTP/1.1" 200 27
116.230.112.155 - - [22/Apr/2023:09:12:56 +0800] "GET /xingrg/all/function/internal_message.html?_=1682125993000&CODE_STATE=getMsg HTTP/1.1" 200 27
58.37.5.217 - - [22/Apr/2023:09:12:59 +0800] "GET /xingrg/kc/buy/cgsh_order_operate.html?command=get_materiel&rest_code=00106&code=00101008277&supplier_code=00100007&order_time=2023-04-22 HTTP/1.1" 200 412
180.171.122.0 - - [22/Apr/2023:09:13:11 +0800] "GET /xingrg/check_reg.html?_=1682125986363 HTTP/1.1" 200 22
180.171.122.0 - - [22/Apr/2023:09:13:11 +0800] "GET /xingrg/all/function/internal_message.html?_=1682125986367&CODE_STATE=getMsg HTTP/1.1" 200 27
58.37.5.217 - - [22/Apr/2023:09:13:12 +0800] "GET /xingrg/kc/buy/cgsh_order_operate.html?command=get_materiel&rest_code=00106&code=00101013179&supplier_code=00100007&order_time=2023-04-22 HTTP/1.1" 200 412
101.229.22.234 - - [22/Apr/2023:09:13:15 +0800] "GET /xingrg/all/function/internal_message.html?_=1682125994317&CODE_STATE=getMsg HTTP/1.1" 200 27
58.37.5.217 - - [22/Apr/2023:09:13:16 +0800] "POST /xingrg/kc/buy/cgsh_order_operate.html HTTP/1.1" 200 2065
58.37.5.217 - - [22/Apr/2023:09:13:21 +0800] "GET /xingrg/all/function/internal_message.html?_=1682126003490&CODE_STATE=getMsg HTTP/1.1" 200 27
116.224.106.218 - - [22/Apr/2023:09:13:22 +0800] "GET /xingrg/all/function/internal_message.html?_=1682126000725&CODE_STATE=getMsg HTTP/1.1" 200 27
116.224.158.100 - - [22/Apr/2023:09:13:23 +0800] "GET /xingrg/all/function/internal_message.html?_=1682125843704&CODE_STATE=getMsg HTTP/1.1" 200 27
114.83.222.244 - - [22/Apr/2023:09:13:25 +0800] "GET /xingrg/all/function/internal_message.html?_=1682126001658&CODE_STATE=getMsg HTTP/1.1" 200 27
58.221.95.50 - - [22/Apr/2023:09:13:29 +0800] "GET /xingrg/all/function/internal_message.html?_=1682126010566&CODE_STATE=getMsg HTTP/1.1" 200 27
180.163.28.109 - - [22/Apr/2023:09:13:30 +0800] "GET /xingrg/kc/buy/cgsh_order_operate.html?command=get_materiel&rest_code=00106&code=00101008298&supplier_code=00100007&order_time=2023-04-22 HTTP/1.1" 302 -
116.238.139.35 - - [22/Apr/2023:09:13:30 +0800] "GET /xingrg/all/function/internal_message.html?_=1682126010024&CODE_STATE=getMsg HTTP/1.1" 200 27
116.238.139.35 - - [22/Apr/2023:09:13:30 +0800] "GET /xingrg/javascript/jquery_easy_ui/themes/default/images/button_a_bg.gif HTTP/1.1" 304 -
116.238.139.35 - - [22/Apr/2023:09:13:30 +0800] "GET /xingrg/javascript/jquery_easy_ui/themes/default/images/button_span_bg.gif HTTP/1.1" 304 -
116.238.139.35 - - [22/Apr/2023:09:13:30 +0800] "GET /xingrg/javascript/jquery_easy_ui/themes/icons/ok.png HTTP/1.1" 304 -
116.238.139.35 - - [22/Apr/2023:09:13:30 +0800] "GET /xingrg/javascript/jquery_easy_ui/themes/default/images/panel_title.png HTTP/1.1" 304 -
116.238.139.35 - - [22/Apr/2023:09:13:30 +0800] "GET /xingrg/javascript/jquery_easy_ui/themes/default/images/panel_tools.gif HTTP/1.1" 304 -
116.230.112.155 - - [22/Apr/2023:09:13:31 +0800] "GET /xingrg/all/function/internal_message.html?_=1682126032636&CODE_STATE=getMsg HTTP/1.1" 200 27
180.163.28.109 - - [22/Apr/2023:09:13:31 +0800] "GET /xingrg/login.html HTTP/1.1" 200 7641
116.238.139.35 - - [22/Apr/2023:09:13:32 +0800] "POST /xingrg/all/user/operate.html HTTP/1.1" 200 36
116.238.139.35 - - [22/Apr/2023:09:13:33 +0800] "GET /xingrg/index.html?sysBaseUrl=http%3A%2F%2F180.169.147.146%3A18081%2Fxingrg%2F&costTime=839×tamp=1682125785806 HTTP/1.1" 200 17177
116.238.139.35 - - [22/Apr/2023:09:13:33 +0800] "GET /xingrg/javascript/jquery_easy_ui/themes/default/easyui.css HTTP/1.1" 304 -
116.238.139.35 - - [22/Apr/2023:09:13:33 +0800] "GET /xingrg/javascript/jquery_easy_ui/themes/icon.css HTTP/1.1" 304 -
116.238.139.35 - - [22/Apr/2023:09:13:33 +0800] "GET /xingrg/css/form.css HTTP/1.1" 304 -
116.238.139.35 - - [22/Apr/2023:09:13:33 +0800] "GET /xingrg/javascript/jquery-1.4.2.min.js HTTP/1.1" 304 -
116.238.139.35 - - [22/Apr/2023:09:13:33 +0800] "GET /xingrg/javascript/jquery_easy_ui/jquery.easyui.min.js HTTP/1.1" 304 -
116.238.139.35 - - [22/Apr/2023:09:13:33 +0800] "GET /xingrg/javascript/jquery_easy_ui/easyui-lang-zh_CN.js HTTP/1.1" 304 -
116.238.139.35 - - [22/Apr/2023:09:13:33 +0800] "GET /xingrg/javascript/jquery.form.js HTTP/1.1" 304 -
116.238.139.35 - - [22/Apr/2023:09:13:33 +0800] "GET /xingrg/javascript/jquery.utils.js HTTP/1.1" 304 -
116.238.139.35 - - [22/Apr/2023:09:13:33 +0800] "GET /xingrg/javascript/jquery.timers.js HTTP/1.1" 304 -
116.238.139.35 - - [22/Apr/2023:09:13:33 +0800] "GET /xingrg/images/blue/jxLogo.png HTTP/1.1" 304 -
116.238.139.35 - - [22/Apr/2023:09:13:33 +0800] "GET /xingrg/images/blue/navBackgound.jpg HTTP/1.1" 304 -
116.238.139.35 - - [22/Apr/2023:09:13:33 +0800] "GET /xingrg/javascript/jquery_easy_ui/themes/icons/settle_new.png HTTP/1.1" 304 -
116.238.139.35 - - [22/Apr/2023:09:13:33 +0800] "GET /xingrg/images/blue/pingpu.png HTTP/1.1" 304 -
116.238.139.35 - - [22/Apr/2023:09:13:33 +0800] "GET /xingrg/javascript/jquery_easy_ui/themes/default/images/tabs_leftarrow.png HTTP/1.1" 304 -
116.238.139.35 - - [22/Apr/2023:09:13:33 +0800] "GET /xingrg/javascript/jquery_easy_ui/themes/default/images/tabs_rightarrow.png HTTP/1.1" 304 -
116.238.139.35 - - [22/Apr/2023:09:13:33 +0800] "GET /xingrg/javascript/jquery_easy_ui/themes/default/images/panel_tool_collapse.gif HTTP/1.1" 304 -
116.238.139.35 - - [22/Apr/2023:09:13:33 +0800] "GET /xingrg/all/function/internal_message.html?_=1682125950616&CODE_STATE=count HTTP/1.1" 200 11
116.238.139.35 - - [22/Apr/2023:09:13:33 +0800] "GET /xingrg/check_reg.html?_=1682125950617 HTTP/1.1" 200 22
116.238.139.35 - - [22/Apr/2023:09:13:33 +0800] "POST /xingrg/all/common/load_tree.html?tree=area_rest_tree_json&manage=1 HTTP/1.1" 200 476
116.238.139.35 - - [22/Apr/2023:09:13:33 +0800] "POST /xingrg/load_menu.html HTTP/1.1" 200 5138
116.238.139.35 - - [22/Apr/2023:09:13:37 +0800] "GET /xingrg/kc/buy/cgsh_order_list.html HTTP/1.1" 200 55117
116.238.139.35 - - [22/Apr/2023:09:13:38 +0800] "POST /xingrg/kc/buy/cgsh_list_operate.html HTTP/1.1" 200 986
101.229.173.194 - - [22/Apr/2023:09:13:40 +0800] "GET /xingrg/check_reg.html?_=1682126023240 HTTP/1.1" 200 22
180.171.122.0 - - [22/Apr/2023:09:13:45 +0800] "GET /xingrg/kc/buy/cgsh_order_operate.html?command=get_materiel&rest_code=00111&code=00101008137&supplier_code=00100005&order_time=2023-04-22 HTTP/1.1" 200 408
