114.84.144.20 - - [22/Apr/2023:09:46:48 +0800] "GET /xingrg/kc/buy/cgsh_order_operate.html?command=get_materiel&rest_code=00141&code=00101006129&supplier_code=00100012&order_time=2023-04-22 HTTP/1.1" 200 431
116.230.112.155 - - [22/Apr/2023:09:46:49 +0800] "POST /xingrg/services/DataTransmitService HTTP/1.1" 200 501
180.171.122.0 - - [22/Apr/2023:09:46:49 +0800] "GET /xingrg/all/function/internal_message.html?_=1682128004670&CODE_STATE=getMsg HTTP/1.1" 200 27
120.253.135.82 - - [22/Apr/2023:09:46:51 +0800] "GET /xingrg/check_reg.html?_=1682128009438 HTTP/1.1" 302 -
124.79.240.114 - - [22/Apr/2023:09:46:53 +0800] "GET /xingrg/all/function/internal_message.html?_=1682128283514&CODE_STATE=getMsg HTTP/1.1" 200 27
180.164.3.199 - - [22/Apr/2023:09:46:53 +0800] "POST /xingrg/kc/buy/cgsh_order_operate.html HTTP/1.1" 200 2065
116.227.208.255 - - [22/Apr/2023:09:46:56 +0800] "GET /xingrg/all/function/internal_message.html?_=1682128090431&CODE_STATE=getMsg HTTP/1.1" 200 27
116.238.139.35 - - [22/Apr/2023:09:46:56 +0800] "GET /xingrg/all/function/internal_message.html?_=1682127953872&CODE_STATE=getMsg HTTP/1.1" 200 27
116.238.139.35 - - [22/Apr/2023:09:46:58 +0800] "POST /xingrg/kc/buy/cgsh_order_operate.html HTTP/1.1" 200 37
114.84.144.20 - - [22/Apr/2023:09:47:00 +0800] "GET /xingrg/kc/buy/cgsh_order_operate.html?command=get_materiel&rest_code=00141&code=00101006056&supplier_code=00100012&order_time=2023-04-22 HTTP/1.1" 200 413
116.230.112.155 - - [22/Apr/2023:09:47:03 +0800] "GET /xingrg/check_reg.html?_=1682128044972 HTTP/1.1" 200 22
114.85.98.23 - - [22/Apr/2023:09:47:04 +0800] "GET /xingrg/all/function/internal_message.html?_=1682128024863&CODE_STATE=getMsg HTTP/1.1" 200 27
116.238.139.35 - - [22/Apr/2023:09:47:06 +0800] "POST /xingrg/kc/buy/cgsh_order_operate.html HTTP/1.1" 200 12
180.164.3.199 - - [22/Apr/2023:09:47:08 +0800] "GET /xingrg/kc/buy/cgsh_order_operate.html?command=get_materiel&rest_code=00108&code=00101008036&supplier_code=00100007&order_time=2023-04-22 HTTP/1.1" 200 408
116.238.139.35 - - [22/Apr/2023:09:47:09 +0800] "GET /xingrg/kc/buy/cgsh_order_info.html?code=212023042207522 HTTP/1.1" 200 65401
116.238.139.35 - - [22/Apr/2023:09:47:09 +0800] "GET /xingrg/javascript/easyui/themes/default/validatebox.css HTTP/1.1" 404 1104
116.238.139.35 - - [22/Apr/2023:09:47:10 +0800] "POST /xingrg/kc/buy/cgsh_order_operate.html HTTP/1.1" 200 5993
114.84.144.20 - - [22/Apr/2023:09:47:11 +0800] "GET /xingrg/kc/buy/cgsh_order_operate.html?command=get_materiel&rest_code=00141&code=00101006109&supplier_code=00100012&order_time=2023-04-22 HTTP/1.1" 200 409
180.164.3.199 - - [22/Apr/2023:09:47:12 +0800] "GET /xingrg/all/function/internal_message.html?_=1682128031672&CODE_STATE=getMsg HTTP/1.1" 200 27
116.238.139.35 - - [22/Apr/2023:09:47:12 +0800] "GET /xingrg/kc/print/load_data.html?order_code=212023042207522&kc_code=cgsh&condition= HTTP/1.1" 200 2794
101.229.22.234 - - [22/Apr/2023:09:47:15 +0800] "GET /xingrg/all/function/internal_message.html?_=1682128034334&CODE_STATE=getMsg HTTP/1.1" 200 27
101.229.22.234 - - [22/Apr/2023:09:47:15 +0800] "GET /xingrg/check_reg.html?_=1682128034335 HTTP/1.1" 200 22
114.83.222.182 - - [22/Apr/2023:09:47:18 +0800] "GET /xingrg/all/function/internal_message.html?_=1682128128935&CODE_STATE=getMsg HTTP/1.1" 200 27
114.84.144.20 - - [22/Apr/2023:09:47:19 +0800] "GET /xingrg/kc/buy/cgsh_order_operate.html?command=get_materiel&rest_code=00141&code=00101006111&supplier_code=00100012&order_time=2023-04-22 HTTP/1.1" 200 409
116.238.139.35 - - [22/Apr/2023:09:47:20 +0800] "GET /xingrg/kc/buy/cgsh_order_add.html HTTP/1.1" 200 70505
116.238.139.35 - - [22/Apr/2023:09:47:20 +0800] "POST /xingrg/kc/buy/cgsh_order_operate.html HTTP/1.1" 200 8245
116.238.139.35 - - [22/Apr/2023:09:47:20 +0800] "GET /xingrg/javascript/easyui/themes/default/validatebox.css HTTP/1.1" 404 1104
180.164.3.199 - - [22/Apr/2023:09:47:21 +0800] "GET /xingrg/kc/buy/cgsh_order_operate.html?command=get_materiel&rest_code=00108&code=00101008377&supplier_code=00100007&order_time=2023-04-22 HTTP/1.1" 200 408
116.224.106.218 - - [22/Apr/2023:09:47:22 +0800] "GET /xingrg/all/function/internal_message.html?_=1682128040764&CODE_STATE=getMsg HTTP/1.1" 200 27
116.230.112.155 - - [22/Apr/2023:09:47:23 +0800] "POST /xingrg/services/DataTransmitService HTTP/1.1" 200 501
116.224.158.100 - - [22/Apr/2023:09:47:23 +0800] "GET /xingrg/all/function/internal_message.html?_=1682127883764&CODE_STATE=getMsg HTTP/1.1" 200 27
116.224.158.100 - - [22/Apr/2023:09:47:23 +0800] "GET /xingrg/check_reg.html?_=1682127883767 HTTP/1.1" 200 22
180.163.28.55 - - [22/Apr/2023:09:47:24 +0800] "GET /xingrg/all/function/internal_message.html?_=1682127987163&CODE_STATE=getMsg HTTP/1.1" 302 -
180.163.28.55 - - [22/Apr/2023:09:47:24 +0800] "GET /xingrg/login.html HTTP/1.1" 200 7641
58.37.5.217 - - [22/Apr/2023:09:47:24 +0800] "GET /xingrg/all/function/internal_message.html?_=1682128047134&CODE_STATE=getMsg HTTP/1.1" 200 27
58.37.5.217 - - [22/Apr/2023:09:47:25 +0800] "GET /xingrg/check_reg.html?_=1682128047229 HTTP/1.1" 200 22
114.83.222.244 - - [22/Apr/2023:09:47:25 +0800] "GET /xingrg/all/function/internal_message.html?_=1682128041149&CODE_STATE=getMsg HTTP/1.1" 200 27
116.230.112.155 - - [22/Apr/2023:09:47:25 +0800] "POST /xingrg/services/DataTransmitService HTTP/1.1" 200 501
116.230.112.155 - - [22/Apr/2023:09:47:26 +0800] "POST /xingrg/services/DataTransmitService HTTP/1.1" 200 501
58.221.95.50 - - [22/Apr/2023:09:47:28 +0800] "GET /xingrg/all/function/internal_message.html?_=1682128049944&CODE_STATE=getMsg HTTP/1.1" 200 27
116.238.139.35 - - [22/Apr/2023:09:47:29 +0800] "GET /xingrg/all/function/internal_message.html?_=1682128049522&CODE_STATE=getMsg HTTP/1.1" 200 27
114.84.144.20 - - [22/Apr/2023:09:47:33 +0800] "POST /xingrg/kc/buy/cgsh_order_operate.html HTTP/1.1" 200 37
116.230.112.155 - - [22/Apr/2023:09:47:34 +0800] "GET /xingrg/all/function/internal_message.html?_=1682128075735&CODE_STATE=getMsg HTTP/1.1" 200 27
180.164.3.199 - - [22/Apr/2023:09:47:35 +0800] "GET /xingrg/kc/buy/cgsh_order_operate.html?command=get_materiel&rest_code=00108&code=00101008437&supplier_code=00100007&order_time=2023-04-22 HTTP/1.1" 200 410
116.238.139.35 - - [22/Apr/2023:09:47:35 +0800] "GET /xingrg/kc/buy/cgsh_order_operate.html?command=get_materiel&rest_code=00151&code=00101008302&supplier_code=00100008&order_time=2023-04-22 HTTP/1.1" 200 412
116.230.112.155 - - [22/Apr/2023:09:47:38 +0800] "POST /xingrg/services/DataTransmitService HTTP/1.1" 200 501
116.230.112.155 - - [22/Apr/2023:09:47:40 +0800] "POST /xingrg/services/DataTransmitService HTTP/1.1" 200 501
58.37.5.217 - - [22/Apr/2023:09:47:41 +0800] "GET /xingrg/kc/report/report_main.html HTTP/1.1" 200 7340
114.84.144.20 - - [22/Apr/2023:09:47:42 +0800] "POST /xingrg/kc/buy/cgsh_order_operate.html HTTP/1.1" 200 12
116.230.112.155 - - [22/Apr/2023:09:47:42 +0800] "POST /xingrg/services/DataTransmitService HTTP/1.1" 200 501
58.37.5.217 - - [22/Apr/2023:09:47:43 +0800] "GET /xingrg/all/report/report_query.html?fileName=kc/buy/wlcg_cate_hz.xml HTTP/1.1" 200 53941
58.37.5.217 - - [22/Apr/2023:09:47:44 +0800] "GET /xingrg/dwr/interface/AjaxReportQueryService.js HTTP/1.1" 200 13203
58.37.5.217 - - [22/Apr/2023:09:47:44 +0800] "GET /xingrg/dwr/util.js HTTP/1.1" 304 -
58.37.5.217 - - [22/Apr/2023:09:47:44 +0800] "GET /xingrg/dwr/engine.js HTTP/1.1" 200 43631
180.164.3.199 - - [22/Apr/2023:09:47:44 +0800] "GET /xingrg/kc/buy/cgsh_order_operate.html?command=get_materiel&rest_code=00108&code=00101008403&supplier_code=00100007&order_time=2023-04-22 HTTP/1.1" 200 431
58.37.5.217 - - [22/Apr/2023:09:47:44 +0800] "POST /xingrg/dwr/call/plaincall/AjaxReportQueryService.getFixDate.dwr HTTP/1.1" 200 111
114.84.144.20 - - [22/Apr/2023:09:47:44 +0800] "GET /xingrg/kc/buy/cgsh_order_info.html?code=212023042207523 HTTP/1.1" 200 65803
116.230.112.155 - - [22/Apr/2023:09:47:44 +0800] "POST /xingrg/services/DataTransmitService HTTP/1.1" 200 412
114.84.144.20 - - [22/Apr/2023:09:47:45 +0800] "GET /xingrg/javascript/easyui/themes/default/validatebox.css HTTP/1.1" 404 1104
58.37.5.217 - - [22/Apr/2023:09:47:45 +0800] "POST /xingrg/all/common/load_tree.html?tree=base_tree_json HTTP/1.1" 200 3760
58.37.5.217 - - [22/Apr/2023:09:47:45 +0800] "POST /xingrg/all/common/load_tree.html?tree=materiel_sort_tree_json HTTP/1.1" 200 9500
58.37.5.217 - - [22/Apr/2023:09:47:45 +0800] "POST /xingrg/all/common/load_tree.html?tree=supplier_tree_json&manage=1 HTTP/1.1" 200 74947
116.238.139.35 - - [22/Apr/2023:09:47:45 +0800] "GET /xingrg/kc/buy/cgsh_order_operate.html?command=get_materiel&rest_code=00151&code=00101008072&supplier_code=00100008&order_time=2023-04-22 HTTP/1.1" 200 408
114.84.144.20 - - [22/Apr/2023:09:47:46 +0800] "POST /xingrg/kc/buy/cgsh_order_operate.html HTTP/1.1" 200 2397
180.164.3.199 - - [22/Apr/2023:09:47:46 +0800] "POST /xingrg/kc/buy/cgsh_order_operate.html HTTP/1.1" 200 2065
114.84.144.20 - - [22/Apr/2023:09:47:47 +0800] "GET /xingrg/kc/print/load_data.html?order_code=212023042207523&kc_code=cgsh&condition= HTTP/1.1" 200 1482
58.37.5.217 - - [22/Apr/2023:09:47:47 +0800] "GET /xingrg/kc/report/report_main.html HTTP/1.1" 200 7340
58.37.5.217 - - [22/Apr/2023:09:47:48 +0800] "GET /xingrg/kc/report/report_main.html HTTP/1.1" 200 7340
180.171.122.0 - - [22/Apr/2023:09:47:49 +0800] "GET /xingrg/all/function/internal_message.html?_=1682128064673&CODE_STATE=getMsg HTTP/1.1" 200 27
58.37.5.217 - - [22/Apr/2023:09:47:50 +0800] "GET /xingrg/all/report/report_query.html?fileName=kc/buy/gys_amount.xml&rh=99999 HTTP/1.1" 200 52006
58.37.5.217 - - [22/Apr/2023:09:47:50 +0800] "GET /xingrg/dwr/interface/AjaxReportQueryService.js HTTP/1.1" 200 13203
58.37.5.217 - - [22/Apr/2023:09:47:50 +0800] "GET /xingrg/dwr/engine.js HTTP/1.1" 200 43631
58.37.5.217 - - [22/Apr/2023:09:47:50 +0800] "POST /xingrg/dwr/call/plaincall/AjaxReportQueryService.getFixDate.dwr HTTP/1.1" 200 111
58.37.5.217 - - [22/Apr/2023:09:47:51 +0800] "POST /xingrg/dwr/call/plaincall/AjaxReportQueryService.getInitString.dwr HTTP/1.1" 200 1023
58.37.5.217 - - [22/Apr/2023:09:47:51 +0800] "POST /xingrg/all/common/load_tree.html?tree=materiel_sort_tree_json HTTP/1.1" 200 9500
58.37.5.217 - - [22/Apr/2023:09:47:51 +0800] "POST /xingrg/all/common/load_tree.html?tree=supplier_tree_json&manage=1 HTTP/1.1" 200 74947
180.164.3.199 - - [22/Apr/2023:09:47:52 +0800] "GET /xingrg/kc/buy/cgsh_order_operate.html?command=get_materiel&rest_code=00108&code=00101008230&supplier_code=00100007&order_time=2023-04-22 HTTP/1.1" 200 408
124.79.240.114 - - [22/Apr/2023:09:47:53 +0800] "GET /xingrg/all/function/internal_message.html?_=1682128343513&CODE_STATE=getMsg HTTP/1.1" 200 27
58.37.5.217 - - [22/Apr/2023:09:47:54 +0800] "POST /xingrg/dwr/call/plaincall/AjaxReportQueryService.getFixDate.dwr HTTP/1.1" 200 111
116.238.139.35 - - [22/Apr/2023:09:47:55 +0800] "GET /xingrg/kc/buy/cgsh_order_operate.html?command=get_materiel&rest_code=00151&code=00101008257&supplier_code=00100008&order_time=2023-04-22 HTTP/1.1" 200 416
116.227.208.255 - - [22/Apr/2023:09:47:56 +0800] "GET /xingrg/all/function/internal_message.html?_=1682128150435&CODE_STATE=getMsg HTTP/1.1" 200 27
116.238.139.35 - - [22/Apr/2023:09:47:56 +0800] "GET /xingrg/all/function/internal_message.html?_=1682128013886&CODE_STATE=getMsg HTTP/1.1" 200 27
180.164.3.199 - - [22/Apr/2023:09:47:59 +0800] "GET /xingrg/kc/buy/cgsh_order_operate.html?command=get_materiel&rest_code=00108&code=00101008213&supplier_code=00100007&order_time=2023-04-22 HTTP/1.1" 200 432
116.238.139.35 - - [22/Apr/2023:09:48:03 +0800] "GET /xingrg/kc/buy/cgsh_order_operate.html?command=get_materiel&rest_code=00151&code=00101008186&supplier_code=00100008&order_time=2023-04-22 HTTP/1.1" 200 427
114.85.98.23 - - [22/Apr/2023:09:48:04 +0800] "GET /xingrg/check_reg.html?_=1682128084884 HTTP/1.1" 200 22
114.85.98.23 - - [22/Apr/2023:09:48:04 +0800] "GET /xingrg/all/function/internal_message.html?_=1682128084881&CODE_STATE=getMsg HTTP/1.1" 200 27
180.171.134.219 - - [22/Apr/2023:09:48:07 +0800] "POST /xingrg/services/DataTransmitService HTTP/1.1" 200 524
180.164.3.199 - - [22/Apr/2023:09:48:08 +0800] "GET /xingrg/kc/buy/cgsh_order_operate.html?command=get_materiel&rest_code=00108&code=00101008163&supplier_code=00100007&order_time=2023-04-22 HTTP/1.1" 200 409
116.238.139.35 - - [22/Apr/2023:09:48:12 +0800] "GET /xingrg/kc/buy/cgsh_order_operate.html?command=get_materiel&rest_code=00151&code=00101008338&supplier_code=00100008&order_time=2023-04-22 HTTP/1.1" 200 408
180.164.3.199 - - [22/Apr/2023:09:48:12 +0800] "GET /xingrg/all/function/internal_message.html?_=1682128091676&CODE_STATE=getMsg HTTP/1.1" 200 27
58.37.5.217 - - [22/Apr/2023:09:48:13 +0800] "POST /xingrg/dwr/call/plaincall/AjaxReportQueryService.refreshCache.dwr HTTP/1.1" 200 78
58.37.5.217 - - [22/Apr/2023:09:48:14 +0800] "POST /xingrg/all/report/load_report_page.html HTTP/1.1" 200 8924
58.37.5.217 - - [22/Apr/2023:09:48:14 +0800] "GET /xingrg/servlets/image?cache=0.3995512456206911&image=px HTTP/1.1" 200 807
101.229.22.234 - - [22/Apr/2023:09:48:15 +0800] "GET /xingrg/all/function/internal_message.html?_=1682128094334&CODE_STATE=getMsg HTTP/1.1" 200 27
180.164.3.199 - - [22/Apr/2023:09:48:15 +0800] "GET /xingrg/kc/buy/cgsh_order_operate.html?command=get_materiel&rest_code=00108&code=00101008354&supplier_code=00100007&order_time=2023-04-22 HTTP/1.1" 200 412
58.37.5.217 - - [22/Apr/2023:09:48:18 +0800] "GET /xingrg/all/report/report_query.html?isQuery=1&fileName=kc/buy/wlcg_cate_hz.xml&queryString=(CONVERT(char(10)%252Ca.order_time%252C%2520120)%253E%253D'2023-03-01')%2520and%2520(CONVERT(char(10)%252Ca.order_time%252C%2520120)%253C%253D'2023-03-31')%2520and%2520(a.supplier_code%2520in%2520('00100007'))%2520and%2520(a.supplier_code%253D'00100007')&queryText=%25E3%2580%2590%25E9%2587%2587%25E8%25B4%25AD%25E6%2597%25A5%25E6%259C%259F%253A2023-03-01%2520%25E8%2587%25B3%25202023-03-31%25E3%2580%2591%2520%25E5%25B9%25B6%25E4%25B8%2594%2520%2520%25E3%2580%2590%25E4%25BE%259B%25E5%25BA%2594%25E5%2595%2586%2520%253D%2520%25E8%2594%25AC%25E8%258F%259C%25EF%25BC%2588%25E6%25AD%25A6%25E9%2587%2591%25E7%25BA%25A2%25EF%25BC%2589%25E3%2580%2591%2520%25E5%25B9%25B6%25E4%25B8%2594%2520%25E3%2580%2590%25E4%25BE%259B%25E5%25BA%2594%25E5%2595%2586%253D%25E8%2594%25AC%25E8%258F%259C%25EF%25BC%2588%25E6%25AD%25A6%25E9%2587%2591%25E7%25BA%25A2%25EF%25BC%2589%25E3%2580%2591 HTTP/1.1" 200 54465
58.37.5.217 - - [22/Apr/2023:09:48:18 +0800] "GET /xingrg/dwr/interface/AjaxReportQueryService.js HTTP/1.1" 200 13203
58.37.5.217 - - [22/Apr/2023:09:48:18 +0800] "GET /xingrg/dwr/engine.js HTTP/1.1" 200 43631
114.83.222.182 - - [22/Apr/2023:09:48:18 +0800] "GET /xingrg/all/function/internal_message.html?_=1682128188933&CODE_STATE=getMsg HTTP/1.1" 200 27
58.37.5.217 - - [22/Apr/2023:09:48:21 +0800] "POST /xingrg/all/report/load_report_page.html HTTP/1.1" 200 8718
58.37.5.217 - - [22/Apr/2023:09:48:21 +0800] "GET /xingrg/servlets/image?cache=0.6513834423587866&image=px HTTP/1.1" 200 807
116.224.106.218 - - [22/Apr/2023:09:48:22 +0800] "GET /xingrg/all/function/internal_message.html?_=1682128100762&CODE_STATE=getMsg HTTP/1.1" 200 27
116.238.139.35 - - [22/Apr/2023:09:48:22 +0800] "GET /xingrg/kc/buy/cgsh_order_operate.html?command=get_materiel&rest_code=00151&code=00101008115&supplier_code=00100008&order_time=2023-04-22 HTTP/1.1" 200 412
116.224.158.100 - - [22/Apr/2023:09:48:23 +0800] "GET /xingrg/all/function/internal_message.html?_=1682127943775&CODE_STATE=getMsg HTTP/1.1" 200 27
58.37.5.217 - - [22/Apr/2023:09:48:24 +0800] "GET /xingrg/all/function/internal_message.html?_=1682128107105&CODE_STATE=getMsg HTTP/1.1" 200 27
114.83.222.244 - - [22/Apr/2023:09:48:25 +0800] "GET /xingrg/all/function/internal_message.html?_=1682128101121&CODE_STATE=getMsg HTTP/1.1" 200 27
180.164.3.199 - - [22/Apr/2023:09:48:25 +0800] "GET /xingrg/kc/buy/cgsh_order_operate.html?command=get_materiel&rest_code=00108&code=00101008032&supplier_code=00100007&order_time=2023-04-22 HTTP/1.1" 200 408
58.37.5.217 - - [22/Apr/2023:09:48:26 +0800] "POST /xingrg/all/report/load_report_page.html HTTP/1.1" 200 117029
58.37.5.217 - - [22/Apr/2023:09:48:26 +0800] "GET /xingrg/servlets/image?cache=0.7115738834272545&image=px HTTP/1.1" 200 807
180.164.3.199 - - [22/Apr/2023:09:48:28 +0800] "POST /xingrg/kc/buy/cgsh_order_operate.html HTTP/1.1" 200 2065
58.221.95.50 - - [22/Apr/2023:09:48:28 +0800] "GET /xingrg/all/function/internal_message.html?_=1682128109934&CODE_STATE=getMsg HTTP/1.1" 200 27
116.238.139.35 - - [22/Apr/2023:09:48:29 +0800] "GET /xingrg/all/function/internal_message.html?_=1682128109511&CODE_STATE=getMsg HTTP/1.1" 200 27
116.238.139.35 - - [22/Apr/2023:09:48:31 +0800] "GET /xingrg/kc/buy/cgsh_order_operate.html?command=get_materiel&rest_code=00151&code=00101008370&supplier_code=00100008&order_time=2023-04-22 HTTP/1.1" 200 432
180.164.3.199 - - [22/Apr/2023:09:48:33 +0800] "GET /xingrg/kc/buy/cgsh_order_operate.html?command=get_materiel&rest_code=00108&code=00101008256&supplier_code=00100007&order_time=2023-04-22 HTTP/1.1" 200 412
116.230.112.155 - - [22/Apr/2023:09:48:34 +0800] "GET /xingrg/all/function/internal_message.html?_=1682128135749&CODE_STATE=getMsg HTTP/1.1" 200 27
58.37.5.217 - - [22/Apr/2023:09:48:34 +0800] "POST /xingrg/all/report/report_print.html HTTP/1.1" 200 38957
58.37.5.217 - - [22/Apr/2023:09:48:34 +0800] "GET /favicon.ico HTTP/1.1" 404 -
116.238.139.35 - - [22/Apr/2023:09:48:40 +0800] "GET /xingrg/kc/buy/cgsh_order_operate.html?command=get_materiel&rest_code=00151&code=00101015006&supplier_code=00100008&order_time=2023-04-22 HTTP/1.1" 200 413
101.229.173.194 - - [22/Apr/2023:09:48:40 +0800] "GET /xingrg/check_reg.html?_=1682128123292 HTTP/1.1" 200 22
114.84.144.20 - - [22/Apr/2023:09:48:42 +0800] "GET /xingrg/check_reg.html?_=1682128120606 HTTP/1.1" 200 22
114.84.144.20 - - [22/Apr/2023:09:48:42 +0800] "GET /xingrg/all/function/internal_message.html?_=1682128120624&CODE_STATE=getMsg HTTP/1.1" 200 27
180.163.30.27 - - [22/Apr/2023:09:48:43 +0800] "GET /xingrg/all/report/report_query.html?fileName=kc/buy/wlcg_cate_hz.xml HTTP/1.1" 302 -
180.163.30.27 - - [22/Apr/2023:09:48:43 +0800] "GET /xingrg/login.html HTTP/1.1" 200 7641
180.164.3.199 - - [22/Apr/2023:09:48:45 +0800] "POST /xingrg/kc/buy/cgsh_order_operate.html HTTP/1.1" 200 37
180.164.3.199 - - [22/Apr/2023:09:48:48 +0800] "POST /xingrg/kc/buy/cgsh_order_operate.html HTTP/1.1" 200 33953
180.171.122.0 - - [22/Apr/2023:09:48:49 +0800] "GET /xingrg/check_reg.html?_=1682128124662 HTTP/1.1" 200 22
180.171.122.0 - - [22/Apr/2023:09:48:49 +0800] "GET /xingrg/all/function/internal_message.html?_=1682128124666&CODE_STATE=getMsg HTTP/1.1" 200 27
180.164.3.199 - - [22/Apr/2023:09:48:49 +0800] "GET /xingrg/kc/print/load_config.html?kc_code=cgsh HTTP/1.1" 200 1925
180.164.3.199 - - [22/Apr/2023:09:48:50 +0800] "GET /xingrg/kc/print/load_data.html?order_code=212023042207521&kc_code=cgsh&condition= HTTP/1.1" 200 12532
116.238.139.35 - - [22/Apr/2023:09:48:51 +0800] "GET /xingrg/kc/buy/cgsh_order_operate.html?command=get_materiel&rest_code=00151&code=00101008286&supplier_code=00100008&order_time=2023-04-22 HTTP/1.1" 200 428
124.79.240.114 - - [22/Apr/2023:09:48:53 +0800] "GET /xingrg/all/function/internal_message.html?_=1682128403511&CODE_STATE=getMsg HTTP/1.1" 200 27
116.227.208.255 - - [22/Apr/2023:09:48:56 +0800] "GET /xingrg/all/function/internal_message.html?_=1682128210422&CODE_STATE=getMsg HTTP/1.1" 200 27
116.238.139.35 - - [22/Apr/2023:09:48:56 +0800] "GET /xingrg/check_reg.html?_=1682128073717 HTTP/1.1" 200 22
116.238.139.35 - - [22/Apr/2023:09:48:56 +0800] "GET /xingrg/all/function/internal_message.html?_=1682128073899&CODE_STATE=getMsg HTTP/1.1" 200 27
58.221.95.50 - - [22/Apr/2023:09:48:58 +0800] "GET /xingrg/check_reg.html?_=1682128139619 HTTP/1.1" 200 22
114.85.98.23 - - [22/Apr/2023:09:49:04 +0800] "GET /xingrg/all/function/internal_message.html?_=1682128144878&CODE_STATE=getMsg HTTP/1.1" 200 27
180.164.3.199 - - [22/Apr/2023:09:49:12 +0800] "GET /xingrg/all/function/internal_message.html?_=1682128151676&CODE_STATE=getMsg HTTP/1.1" 200 27
180.164.3.199 - - [22/Apr/2023:09:49:12 +0800] "GET /xingrg/check_reg.html?_=1682128151679 HTTP/1.1" 200 22
116.238.139.35 - - [22/Apr/2023:09:49:15 +0800] "GET /xingrg/kc/buy/cgsh_order_operate.html?command=get_materiel&rest_code=00151&code=00101008137&supplier_code=00100008&order_time=2023-04-22 HTTP/1.1" 200 408
101.229.22.234 - - [22/Apr/2023:09:49:15 +0800] "GET /xingrg/all/function/internal_message.html?_=1682128154333&CODE_STATE=getMsg HTTP/1.1" 200 27
180.163.28.55 - - [22/Apr/2023:09:49:17 +0800] "GET /xingrg/servlets/image?cache=0.3995512456206911&image=px HTTP/1.1" 200 807
114.83.222.182 - - [22/Apr/2023:09:49:18 +0800] "GET /xingrg/all/function/internal_message.html?_=1682128248930&CODE_STATE=getMsg HTTP/1.1" 200 27
116.224.106.218 - - [22/Apr/2023:09:49:22 +0800] "GET /xingrg/all/function/internal_message.html?_=1682128160764&CODE_STATE=getMsg HTTP/1.1" 200 27
116.224.106.218 - - [22/Apr/2023:09:49:22 +0800] "GET /xingrg/check_reg.html?_=1682128160767 HTTP/1.1" 200 22
116.224.158.100 - - [22/Apr/2023:09:49:23 +0800] "GET /xingrg/all/function/internal_message.html?_=1682128003763&CODE_STATE=getMsg HTTP/1.1" 200 27
58.37.5.217 - - [22/Apr/2023:09:49:24 +0800] "GET /xingrg/all/function/internal_message.html?_=1682128167090&CODE_STATE=getMsg HTTP/1.1" 200 27
180.163.30.100 - - [22/Apr/2023:09:49:25 +0800] "GET /xingrg/all/function/internal_message.html?_=1682128107105&CODE_STATE=getMsg HTTP/1.1" 302 -
114.83.222.244 - - [22/Apr/2023:09:49:25 +0800] "GET /xingrg/all/function/internal_message.html?_=1682128161103&CODE_STATE=getMsg HTTP/1.1" 200 27
180.163.30.100 - - [22/Apr/2023:09:49:25 +0800] "GET /xingrg/login.html HTTP/1.1" 200 7641
180.164.3.199 - - [22/Apr/2023:09:49:25 +0800] "GET /xingrg/kc/buy/cgsh_order_add.html HTTP/1.1" 200 70987
114.83.222.244 - - [22/Apr/2023:09:49:25 +0800] "GET /xingrg/check_reg.html?_=1682128161804 HTTP/1.1" 200 22
180.164.3.199 - - [22/Apr/2023:09:49:26 +0800] "POST /xingrg/kc/buy/cgsh_order_operate.html HTTP/1.1" 200 8245
180.164.3.199 - - [22/Apr/2023:09:49:26 +0800] "GET /xingrg/javascript/easyui/themes/default/validatebox.css HTTP/1.1" 404 1104
116.238.139.35 - - [22/Apr/2023:09:49:27 +0800] "GET /xingrg/kc/buy/cgsh_order_operate.html?command=get_materiel&rest_code=00151&code=00101008283&supplier_code=00100008&order_time=2023-04-22 HTTP/1.1" 200 408
58.221.95.50 - - [22/Apr/2023:09:49:28 +0800] "GET /xingrg/all/function/internal_message.html?_=1682128169931&CODE_STATE=getMsg HTTP/1.1" 200 27
116.238.139.35 - - [22/Apr/2023:09:49:29 +0800] "GET /xingrg/all/function/internal_message.html?_=1682128169499&CODE_STATE=getMsg HTTP/1.1" 200 27
116.230.112.155 - - [22/Apr/2023:09:49:34 +0800] "GET /xingrg/all/function/internal_message.html?_=1682128195973&CODE_STATE=getMsg HTTP/1.1" 200 27
180.164.3.199 - - [22/Apr/2023:09:49:35 +0800] "POST /xingrg/services/DataTransmitService HTTP/1.1" 200 524
58.37.5.217 - - [22/Apr/2023:09:49:36 +0800] "GET /xingrg/kc/buy/buy_main.html HTTP/1.1" 200 12412
58.37.5.217 - - [22/Apr/2023:09:49:36 +0800] "GET /xingrg/css/new_ie.css HTTP/1.1" 404 1036
58.37.5.217 - - [22/Apr/2023:09:49:37 +0800] "GET /xingrg/images/yd/bt.gif HTTP/1.1" 404 1040
180.164.3.199 - - [22/Apr/2023:09:49:38 +0800] "GET /xingrg/kc/buy/cgsh_order_operate.html?command=get_materiel&rest_code=00108&code=00101006129&supplier_code=00100012&order_time=2023-04-22 HTTP/1.1" 200 431
58.37.5.217 - - [22/Apr/2023:09:49:38 +0800] "GET /xingrg/kc/buy/cgsh_order_list.html HTTP/1.1" 200 55113
58.37.5.217 - - [22/Apr/2023:09:49:40 +0800] "POST /xingrg/kc/buy/cgsh_list_operate.html HTTP/1.1" 200 986
114.84.144.20 - - [22/Apr/2023:09:49:42 +0800] "GET /xingrg/all/function/internal_message.html?_=1682128180607&CODE_STATE=getMsg HTTP/1.1" 200 27
116.238.139.35 - - [22/Apr/2023:09:49:45 +0800] "GET /xingrg/kc/buy/cgsh_order_operate.html?command=get_materiel&rest_code=00151&code=00101008096&supplier_code=00100008&order_time=2023-04-22 HTTP/1.1" 200 413
180.171.122.0 - - [22/Apr/2023:09:49:49 +0800] "GET /xingrg/all/function/internal_message.html?_=1682128184664&CODE_STATE=getMsg HTTP/1.1" 200 27
58.37.5.217 - - [22/Apr/2023:09:49:50 +0800] "POST /xingrg/kc/buy/cgsh_list_operate.html HTTP/1.1" 200 6689
180.164.3.199 - - [22/Apr/2023:09:49:51 +0800] "GET /xingrg/kc/buy/cgsh_order_operate.html?command=get_materiel&rest_code=00108&code=00101002027&supplier_code=00100012&order_time=2023-04-22 HTTP/1.1" 200 413
124.79.240.114 - - [22/Apr/2023:09:49:53 +0800] "GET /xingrg/all/function/internal_message.html?_=1682128463511&CODE_STATE=getMsg HTTP/1.1" 200 27
124.79.240.114 - - [22/Apr/2023:09:49:53 +0800] "GET /xingrg/check_reg.html?_=1682128463512 HTTP/1.1" 200 22
58.37.5.217 - - [22/Apr/2023:09:49:54 +0800] "POST /xingrg/kc/buy/cgsh_list_operate.html HTTP/1.1" 200 562
116.227.208.255 - - [22/Apr/2023:09:49:56 +0800] "GET /xingrg/all/function/internal_message.html?_=1682128270434&CODE_STATE=getMsg HTTP/1.1" 200 27
58.37.5.217 - - [22/Apr/2023:09:49:56 +0800] "GET /xingrg/kc/buy/cgsh_order_info.html?code=212023042207492 HTTP/1.1" 200 65805
58.37.5.217 - - [22/Apr/2023:09:49:56 +0800] "GET /xingrg/javascript/easyui/themes/default/validatebox.css HTTP/1.1" 404 1104
116.238.139.35 - - [22/Apr/2023:09:49:56 +0800] "GET /xingrg/all/function/internal_message.html?_=1682128133914&CODE_STATE=getMsg HTTP/1.1" 200 27
58.37.5.217 - - [22/Apr/2023:09:49:57 +0800] "POST /xingrg/kc/buy/cgsh_order_operate.html HTTP/1.1" 200 40772
116.238.139.35 - - [22/Apr/2023:09:50:01 +0800] "GET /xingrg/kc/buy/cgsh_order_operate.html?command=get_materiel&rest_code=00151&code=00101008356&supplier_code=00100008&order_time=2023-04-22 HTTP/1.1" 200 408
114.85.98.23 - - [22/Apr/2023:09:50:04 +0800] "GET /xingrg/all/function/internal_message.html?_=1682128204876&CODE_STATE=getMsg HTTP/1.1" 200 27
180.164.3.199 - - [22/Apr/2023:09:50:04 +0800] "GET /xingrg/kc/buy/cgsh_order_operate.html?command=get_materiel&rest_code=00108&code=00101001075&supplier_code=00100012&order_time=2023-04-22 HTTP/1.1" 200 428
180.164.3.199 - - [22/Apr/2023:09:50:12 +0800] "GET /xingrg/all/function/internal_message.html?_=1682128211674&CODE_STATE=getMsg HTTP/1.1" 200 27
116.238.139.35 - - [22/Apr/2023:09:50:14 +0800] "POST /xingrg/kc/buy/cgsh_order_operate.html HTTP/1.1" 200 37
101.229.22.234 - - [22/Apr/2023:09:50:15 +0800] "GET /xingrg/all/function/internal_message.html?_=1682128214331&CODE_STATE=getMsg HTTP/1.1" 200 27
116.238.139.35 - - [22/Apr/2023:09:50:16 +0800] "POST /xingrg/kc/buy/cgsh_order_operate.html HTTP/1.1" 200 9820
180.164.3.199 - - [22/Apr/2023:09:50:16 +0800] "GET /xingrg/kc/buy/cgsh_order_operate.html?command=get_materiel&rest_code=00108&code=00101010161&supplier_code=00100012&order_time=2023-04-22 HTTP/1.1" 200 428
114.83.222.244 - - [22/Apr/2023:09:50:17 +0800] "POST /xingrg/services/DataTransmitService HTTP/1.1" 200 524
114.83.222.244 - - [22/Apr/2023:09:50:18 +0800] "POST /xingrg/services/DataTransmitService HTTP/1.1" 200 2063
114.83.222.182 - - [22/Apr/2023:09:50:18 +0800] "GET /xingrg/all/function/internal_message.html?_=1682128308930&CODE_STATE=getMsg HTTP/1.1" 200 27
114.83.222.244 - - [22/Apr/2023:09:50:19 +0800] "POST /xingrg/services/DataTransmitService HTTP/1.1" 200 168580
116.224.106.218 - - [22/Apr/2023:09:50:22 +0800] "GET /xingrg/all/function/internal_message.html?_=1682128220768&CODE_STATE=getMsg HTTP/1.1" 200 27
116.224.158.100 - - [22/Apr/2023:09:50:23 +0800] "GET /xingrg/all/function/internal_message.html?_=1682128063763&CODE_STATE=getMsg HTTP/1.1" 200 27
114.83.222.244 - - [22/Apr/2023:09:50:25 +0800] "GET /xingrg/all/function/internal_message.html?_=1682128221117&CODE_STATE=getMsg HTTP/1.1" 200 27
58.37.5.217 - - [22/Apr/2023:09:50:26 +0800] "GET /xingrg/all/function/internal_message.html?_=1682128228874&CODE_STATE=getMsg HTTP/1.1" 200 27
116.238.139.35 - - [22/Apr/2023:09:50:26 +0800] "GET /xingrg/kc/buy/cgsh_order_operate.html?command=get_materiel&rest_code=00151&code=00101008300&supplier_code=00100008&order_time=2023-04-22 HTTP/1.1" 200 431
180.164.3.199 - - [22/Apr/2023:09:50:28 +0800] "GET /xingrg/kc/buy/cgsh_order_operate.html?command=get_materiel&rest_code=00108&code=00101006114&supplier_code=00100012&order_time=2023-04-22 HTTP/1.1" 200 422
58.221.95.50 - - [22/Apr/2023:09:50:28 +0800] "GET /xingrg/all/function/internal_message.html?_=1682128229916&CODE_STATE=getMsg HTTP/1.1" 200 27
116.238.139.35 - - [22/Apr/2023:09:50:29 +0800] "GET /xingrg/all/function/internal_message.html?_=1682128229484&CODE_STATE=getMsg HTTP/1.1" 200 27
116.230.112.155 - - [22/Apr/2023:09:50:34 +0800] "GET /xingrg/all/function/internal_message.html?_=1682128255978&CODE_STATE=getMsg HTTP/1.1" 200 27
116.238.139.35 - - [22/Apr/2023:09:50:41 +0800] "GET /xingrg/check_reg.html?_=1682128241623 HTTP/1.1" 200 22
180.164.3.199 - - [22/Apr/2023:09:50:42 +0800] "GET /xingrg/kc/buy/cgsh_order_operate.html?command=get_materiel&rest_code=00108&code=00101006240&supplier_code=00100012&order_time=2023-04-22 HTTP/1.1" 200 422
116.238.139.35 - - [22/Apr/2023:09:50:44 +0800] "GET /xingrg/kc/buy/cgsh_order_operate.html?command=get_materiel&rest_code=00151&code=00101008362&supplier_code=00100008&order_time=2023-04-22 HTTP/1.1" 200 408
180.171.122.0 - - [22/Apr/2023:09:50:49 +0800] "GET /xingrg/all/function/internal_message.html?_=1682128244668&CODE_STATE=getMsg HTTP/1.1" 200 27
124.79.240.114 - - [22/Apr/2023:09:50:53 +0800] "GET /xingrg/all/function/internal_message.html?_=1682128523510&CODE_STATE=getMsg HTTP/1.1" 200 27
180.164.3.199 - - [22/Apr/2023:09:50:55 +0800] "GET /xingrg/kc/buy/cgsh_order_operate.html?command=get_materiel&rest_code=00108&code=00101006065&supplier_code=00100012&order_time=2023-04-22 HTTP/1.1" 200 409
116.227.208.255 - - [22/Apr/2023:09:50:56 +0800] "GET /xingrg/check_reg.html?_=1682128330421 HTTP/1.1" 200 22
116.227.208.255 - - [22/Apr/2023:09:50:56 +0800] "GET /xingrg/all/function/internal_message.html?_=1682128330423&CODE_STATE=getMsg HTTP/1.1" 200 27
116.238.139.35 - - [22/Apr/2023:09:50:56 +0800] "GET /xingrg/kc/buy/cgsh_order_operate.html?command=get_materiel&rest_code=00151&code=00101008077&supplier_code=00100008&order_time=2023-04-22 HTTP/1.1" 200 416
116.238.139.35 - - [22/Apr/2023:09:50:56 +0800] "GET /xingrg/all/function/internal_message.html?_=1682128193926&CODE_STATE=getMsg HTTP/1.1" 200 27
114.85.98.23 - - [22/Apr/2023:09:51:04 +0800] "GET /xingrg/all/function/internal_message.html?_=1682128264872&CODE_STATE=getMsg HTTP/1.1" 200 27
180.164.3.199 - - [22/Apr/2023:09:51:11 +0800] "GET /xingrg/kc/buy/cgsh_order_operate.html?command=get_materiel&rest_code=00108&code=00101006109&supplier_code=00100012&order_time=2023-04-22 HTTP/1.1" 200 409
180.164.3.199 - - [22/Apr/2023:09:51:12 +0800] "GET /xingrg/all/function/internal_message.html?_=1682128271669&CODE_STATE=getMsg HTTP/1.1" 200 27
101.229.22.234 - - [22/Apr/2023:09:51:15 +0800] "GET /xingrg/all/function/internal_message.html?_=1682128274330&CODE_STATE=getMsg HTTP/1.1" 200 27
114.83.222.182 - - [22/Apr/2023:09:51:18 +0800] "GET /xingrg/check_reg.html?_=1682128368918 HTTP/1.1" 200 22
114.83.222.182 - - [22/Apr/2023:09:51:18 +0800] "GET /xingrg/all/function/internal_message.html?_=1682128368919&CODE_STATE=getMsg HTTP/1.1" 200 27
116.224.106.218 - - [22/Apr/2023:09:51:22 +0800] "GET /xingrg/all/function/internal_message.html?_=1682128280767&CODE_STATE=getMsg HTTP/1.1" 200 27
116.224.158.100 - - [22/Apr/2023:09:51:23 +0800] "GET /xingrg/all/function/internal_message.html?_=1682128123763&CODE_STATE=getMsg HTTP/1.1" 200 27
114.83.222.244 - - [22/Apr/2023:09:51:25 +0800] "GET /xingrg/all/function/internal_message.html?_=1682128281095&CODE_STATE=getMsg HTTP/1.1" 200 27
58.37.5.217 - - [22/Apr/2023:09:51:26 +0800] "GET /xingrg/all/function/internal_message.html?_=1682128288854&CODE_STATE=getMsg HTTP/1.1" 200 27
180.164.3.199 - - [22/Apr/2023:09:51:28 +0800] "POST /xingrg/kc/buy/cgsh_order_operate.html HTTP/1.1" 200 37
58.221.95.50 - - [22/Apr/2023:09:51:28 +0800] "GET /xingrg/all/function/internal_message.html?_=1682128289891&CODE_STATE=getMsg HTTP/1.1" 200 27
116.238.139.35 - - [22/Apr/2023:09:51:29 +0800] "GET /xingrg/all/function/internal_message.html?_=1682128289459&CODE_STATE=getMsg HTTP/1.1" 200 27
180.164.3.199 - - [22/Apr/2023:09:51:30 +0800] "POST /xingrg/kc/buy/cgsh_order_operate.html HTTP/1.1" 200 6832
116.238.139.35 - - [22/Apr/2023:09:51:31 +0800] "GET /xingrg/kc/buy/cgsh_order_operate.html?command=get_materiel&rest_code=00151&code=00101008332&supplier_code=00100008&order_time=2023-04-22 HTTP/1.1" 200 412
180.164.3.199 - - [22/Apr/2023:09:51:32 +0800] "GET /xingrg/kc/print/load_data.html?order_code=212023042207525&kc_code=cgsh&condition= HTTP/1.1" 200 2388
116.230.112.155 - - [22/Apr/2023:09:51:34 +0800] "GET /xingrg/all/function/internal_message.html?_=1682128316190&CODE_STATE=getMsg HTTP/1.1" 200 27
180.164.3.199 - - [22/Apr/2023:09:51:37 +0800] "GET /xingrg/kc/buy/cgsh_order_add.html HTTP/1.1" 200 70987
180.164.3.199 - - [22/Apr/2023:09:51:38 +0800] "GET /xingrg/javascript/easyui/themes/default/validatebox.css HTTP/1.1" 404 1104
180.164.3.199 - - [22/Apr/2023:09:51:38 +0800] "POST /xingrg/kc/buy/cgsh_order_operate.html HTTP/1.1" 200 8245
180.164.3.199 - - [22/Apr/2023:09:51:40 +0800] "GET /xingrg/javascript/jquery_tools/images/prev.gif HTTP/1.1" 404 1086
180.164.3.199 - - [22/Apr/2023:09:51:40 +0800] "GET /xingrg/javascript/jquery_tools/images/next.gif HTTP/1.1" 404 1086
180.171.122.0 - - [22/Apr/2023:09:51:49 +0800] "GET /xingrg/all/function/internal_message.html?_=1682128304672&CODE_STATE=getMsg HTTP/1.1" 200 27
116.238.139.35 - - [22/Apr/2023:09:51:49 +0800] "POST /xingrg/kc/buy/cgsh_order_operate.html HTTP/1.1" 200 37
120.253.135.82 - - [22/Apr/2023:09:51:51 +0800] "GET /xingrg/check_reg.html?_=1682128309418 HTTP/1.1" 302 -
124.79.240.114 - - [22/Apr/2023:09:51:53 +0800] "GET /xingrg/all/function/internal_message.html?_=1682128583509&CODE_STATE=getMsg HTTP/1.1" 200 27
116.238.139.35 - - [22/Apr/2023:09:51:54 +0800] "POST /xingrg/kc/buy/cgsh_order_operate.html HTTP/1.1" 200 12818
116.227.208.255 - - [22/Apr/2023:09:51:56 +0800] "GET /xingrg/all/function/internal_message.html?_=1682128390416&CODE_STATE=getMsg HTTP/1.1" 200 27
116.238.139.35 - - [22/Apr/2023:09:51:56 +0800] "GET /xingrg/all/function/internal_message.html?_=1682128253942&CODE_STATE=getMsg HTTP/1.1" 200 27
180.164.3.199 - - [22/Apr/2023:09:51:57 +0800] "GET /xingrg/kc/buy/cgsh_order_operate.html?command=get_materiel&rest_code=00108&code=00101009037&supplier_code=00100593&order_time=2023-04-22 HTTP/1.1" 200 415
116.230.112.155 - - [22/Apr/2023:09:52:03 +0800] "GET /xingrg/check_reg.html?_=1682128344978 HTTP/1.1" 200 22
114.85.98.23 - - [22/Apr/2023:09:52:04 +0800] "GET /xingrg/all/function/internal_message.html?_=1682128324865&CODE_STATE=getMsg HTTP/1.1" 200 27
180.164.3.199 - - [22/Apr/2023:09:52:12 +0800] "GET /xingrg/all/function/internal_message.html?_=1682128331664&CODE_STATE=getMsg HTTP/1.1" 200 27
101.229.22.234 - - [22/Apr/2023:09:52:15 +0800] "GET /xingrg/all/function/internal_message.html?_=1682128334344&CODE_STATE=getMsg HTTP/1.1" 200 27
101.229.22.234 - - [22/Apr/2023:09:52:15 +0800] "GET /xingrg/check_reg.html?_=1682128334345 HTTP/1.1" 200 22
180.164.3.199 - - [22/Apr/2023:09:52:17 +0800] "GET /xingrg/kc/buy/cgsh_order_operate.html?command=get_materiel&rest_code=00108&code=00101009113&supplier_code=00100593&order_time=2023-04-22 HTTP/1.1" 200 413
116.238.139.35 - - [22/Apr/2023:09:52:18 +0800] "GET /xingrg/kc/buy/cgsh_order_operate.html?command=get_materiel&rest_code=00151&code=00101008318&supplier_code=00100008&order_time=2023-04-22 HTTP/1.1" 200 408
114.83.222.182 - - [22/Apr/2023:09:52:18 +0800] "GET /xingrg/all/function/internal_message.html?_=1682128428927&CODE_STATE=getMsg HTTP/1.1" 200 27
116.224.106.218 - - [22/Apr/2023:09:52:22 +0800] "GET /xingrg/all/function/internal_message.html?_=1682128340766&CODE_STATE=getMsg HTTP/1.1" 200 27
116.224.158.100 - - [22/Apr/2023:09:52:23 +0800] "GET /xingrg/check_reg.html?_=1682128183767 HTTP/1.1" 200 22
116.224.158.100 - - [22/Apr/2023:09:52:23 +0800] "GET /xingrg/all/function/internal_message.html?_=1682128183766&CODE_STATE=getMsg HTTP/1.1" 200 27
58.37.5.217 - - [22/Apr/2023:09:52:24 +0800] "GET /xingrg/check_reg.html?_=1682128347207 HTTP/1.1" 200 22
114.83.222.244 - - [22/Apr/2023:09:52:25 +0800] "GET /xingrg/all/function/internal_message.html?_=1682128341073&CODE_STATE=getMsg HTTP/1.1" 200 27
58.37.5.217 - - [22/Apr/2023:09:52:26 +0800] "GET /xingrg/all/function/internal_message.html?_=1682128348834&CODE_STATE=getMsg HTTP/1.1" 200 27
58.221.95.50 - - [22/Apr/2023:09:52:28 +0800] "GET /xingrg/all/function/internal_message.html?_=1682128349881&CODE_STATE=getMsg HTTP/1.1" 200 27
116.238.139.35 - - [22/Apr/2023:09:52:28 +0800] "GET /xingrg/kc/buy/cgsh_order_operate.html?command=get_materiel&rest_code=00151&code=00101008352&supplier_code=00100008&order_time=2023-04-22 HTTP/1.1" 200 412
116.238.139.35 - - [22/Apr/2023:09:52:29 +0800] "GET /xingrg/all/function/internal_message.html?_=1682128349443&CODE_STATE=getMsg HTTP/1.1" 200 27
114.83.222.244 - - [22/Apr/2023:09:52:31 +0800] "GET /xingrg/kc/buy/cgsh_order_add.html HTTP/1.1" 200 70983
180.164.3.199 - - [22/Apr/2023:09:52:32 +0800] "GET /xingrg/kc/buy/cgsh_order_operate.html?command=get_materiel&rest_code=00108&code=00101015006&supplier_code=00100593&order_time=2023-04-22 HTTP/1.1" 200 413
114.83.222.244 - - [22/Apr/2023:09:52:32 +0800] "GET /xingrg/javascript/easyui/themes/default/validatebox.css HTTP/1.1" 404 1104
114.83.222.244 - - [22/Apr/2023:09:52:32 +0800] "POST /xingrg/kc/buy/cgsh_order_operate.html HTTP/1.1" 200 8245
116.230.112.155 - - [22/Apr/2023:09:52:34 +0800] "GET /xingrg/all/function/internal_message.html?_=1682128376192&CODE_STATE=getMsg HTTP/1.1" 200 27
116.238.139.35 - - [22/Apr/2023:09:52:41 +0800] "GET /xingrg/kc/buy/cgsh_order_operate.html?command=get_materiel&rest_code=00151&code=00101008353&supplier_code=00100008&order_time=2023-04-22 HTTP/1.1" 200 408
180.164.3.199 - - [22/Apr/2023:09:52:41 +0800] "GET /xingrg/kc/buy/cgsh_order_operate.html?command=get_materiel&rest_code=00108&code=00101016053&supplier_code=00100593&order_time=2023-04-22 HTTP/1.1" 200 408
114.83.222.244 - - [22/Apr/2023:09:52:42 +0800] "GET /xingrg/kc/buy/cgsh_order_operate.html?command=get_materiel&rest_code=00149&code=00101011003&supplier_code=00100051&order_time=2023-04-22 HTTP/1.1" 200 413
180.171.122.0 - - [22/Apr/2023:09:52:49 +0800] "GET /xingrg/all/function/internal_message.html?_=1682128364661&CODE_STATE=getMsg HTTP/1.1" 200 27
116.238.139.35 - - [22/Apr/2023:09:52:50 +0800] "POST /xingrg/kc/buy/cgsh_order_operate.html HTTP/1.1" 200 37
116.238.139.35 - - [22/Apr/2023:09:52:52 +0800] "POST /xingrg/kc/buy/cgsh_order_operate.html HTTP/1.1" 200 15206
180.164.3.199 - - [22/Apr/2023:09:52:53 +0800] "GET /xingrg/kc/buy/cgsh_order_operate.html?command=get_materiel&rest_code=00108&code=00101016025&supplier_code=00100593&order_time=2023-04-22 HTTP/1.1" 200 408
124.79.240.114 - - [22/Apr/2023:09:52:53 +0800] "GET /xingrg/all/function/internal_message.html?_=1682128643508&CODE_STATE=getMsg HTTP/1.1" 200 27
116.227.208.255 - - [22/Apr/2023:09:52:56 +0800] "GET /xingrg/all/function/internal_message.html?_=1682128450427&CODE_STATE=getMsg HTTP/1.1" 200 27
116.238.139.35 - - [22/Apr/2023:09:52:56 +0800] "GET /xingrg/all/function/internal_message.html?_=1682128313954&CODE_STATE=getMsg HTTP/1.1" 200 27
180.164.3.199 - - [22/Apr/2023:09:53:00 +0800] "GET /xingrg/kc/buy/cgsh_order_operate.html?command=get_materiel&rest_code=00108&code=00101011013&supplier_code=00100593&order_time=2023-04-22 HTTP/1.1" 200 413
114.85.98.23 - - [22/Apr/2023:09:53:04 +0800] "GET /xingrg/all/function/internal_message.html?_=1682128384878&CODE_STATE=getMsg HTTP/1.1" 200 27
114.85.98.23 - - [22/Apr/2023:09:53:04 +0800] "GET /xingrg/check_reg.html?_=1682128384883 HTTP/1.1" 200 22
180.164.3.199 - - [22/Apr/2023:09:53:08 +0800] "GET /xingrg/kc/buy/cgsh_order_operate.html?command=get_materiel&rest_code=00108&code=00101020082&supplier_code=00100593&order_time=2023-04-22 HTTP/1.1" 200 409
114.83.222.244 - - [22/Apr/2023:09:53:10 +0800] "GET /xingrg/kc/buy/cgsh_order_operate.html?command=get_materiel&rest_code=00149&code=00101011005&supplier_code=00100051&order_time=2023-04-22 HTTP/1.1" 200 427
180.164.3.199 - - [22/Apr/2023:09:53:12 +0800] "GET /xingrg/all/function/internal_message.html?_=1682128391664&CODE_STATE=getMsg HTTP/1.1" 200 27
101.229.22.234 - - [22/Apr/2023:09:53:15 +0800] "GET /xingrg/all/function/internal_message.html?_=1682128394329&CODE_STATE=getMsg HTTP/1.1" 200 27
180.164.3.199 - - [22/Apr/2023:09:53:18 +0800] "POST /xingrg/kc/buy/cgsh_order_operate.html HTTP/1.1" 200 37
114.83.222.182 - - [22/Apr/2023:09:53:18 +0800] "GET /xingrg/all/function/internal_message.html?_=1682128488919&CODE_STATE=getMsg HTTP/1.1" 200 27
180.164.3.199 - - [22/Apr/2023:09:53:20 +0800] "POST /xingrg/kc/buy/cgsh_order_operate.html HTTP/1.1" 200 6196
180.164.3.199 - - [22/Apr/2023:09:53:22 +0800] "GET /xingrg/kc/print/load_data.html?order_code=212023042207526&kc_code=cgsh&condition= HTTP/1.1" 200 2019
116.224.106.218 - - [22/Apr/2023:09:53:22 +0800] "GET /xingrg/all/function/internal_message.html?_=1682128400764&CODE_STATE=getMsg HTTP/1.1" 200 27
116.224.158.100 - - [22/Apr/2023:09:53:23 +0800] "GET /xingrg/all/function/internal_message.html?_=1682128243765&CODE_STATE=getMsg HTTP/1.1" 200 27
114.83.222.244 - - [22/Apr/2023:09:53:25 +0800] "GET /xingrg/all/function/internal_message.html?_=1682128401056&CODE_STATE=getMsg HTTP/1.1" 200 27
58.37.5.217 - - [22/Apr/2023:09:53:26 +0800] "GET /xingrg/all/function/internal_message.html?_=1682128408804&CODE_STATE=getMsg HTTP/1.1" 200 27
180.164.3.199 - - [22/Apr/2023:09:53:27 +0800] "GET /xingrg/kc/buy/cgsh_order_add.html HTTP/1.1" 200 70987
114.83.222.244 - - [22/Apr/2023:09:53:27 +0800] "POST /xingrg/kc/buy/cgsh_order_operate.html HTTP/1.1" 200 37
180.164.3.199 - - [22/Apr/2023:09:53:27 +0800] "POST /xingrg/kc/buy/cgsh_order_operate.html HTTP/1.1" 200 8245
180.164.3.199 - - [22/Apr/2023:09:53:27 +0800] "GET /xingrg/javascript/easyui/themes/default/validatebox.css HTTP/1.1" 404 1104
58.221.95.50 - - [22/Apr/2023:09:53:28 +0800] "GET /xingrg/all/function/internal_message.html?_=1682128409858&CODE_STATE=getMsg HTTP/1.1" 200 27
116.238.139.35 - - [22/Apr/2023:09:53:29 +0800] "GET /xingrg/all/function/internal_message.html?_=1682128409432&CODE_STATE=getMsg HTTP/1.1" 200 27
114.83.222.244 - - [22/Apr/2023:09:53:33 +0800] "POST /xingrg/kc/buy/cgsh_order_operate.html HTTP/1.1" 200 12
116.230.112.155 - - [22/Apr/2023:09:53:34 +0800] "GET /xingrg/all/function/internal_message.html?_=1682128436208&CODE_STATE=getMsg HTTP/1.1" 200 27
114.83.222.244 - - [22/Apr/2023:09:53:35 +0800] "GET /xingrg/kc/buy/cgsh_order_info.html?code=212023042207527 HTTP/1.1" 200 65892
114.83.222.244 - - [22/Apr/2023:09:53:35 +0800] "GET /xingrg/javascript/easyui/themes/default/validatebox.css HTTP/1.1" 404 1104
114.83.222.244 - - [22/Apr/2023:09:53:36 +0800] "POST /xingrg/kc/buy/cgsh_order_operate.html HTTP/1.1" 200 1788
180.164.3.199 - - [22/Apr/2023:09:53:37 +0800] "GET /xingrg/kc/buy/cgsh_order_operate.html?command=get_materiel&rest_code=00108&code=00101007061&supplier_code=00100002&order_time=2023-04-22 HTTP/1.1" 200 409
114.83.222.244 - - [22/Apr/2023:09:53:38 +0800] "GET /xingrg/kc/print/load_data.html?order_code=212023042207527&kc_code=cgsh&condition= HTTP/1.1" 200 1172
101.229.173.194 - - [22/Apr/2023:09:53:40 +0800] "GET /xingrg/check_reg.html?_=1682128423278 HTTP/1.1" 200 22
114.83.222.244 - - [22/Apr/2023:09:53:44 +0800] "GET /xingrg/kc/base/wldb_order_list.html HTTP/1.1" 200 19104
114.83.222.244 - - [22/Apr/2023:09:53:44 +0800] "POST /xingrg/kc/base/wldb_list_operate.html HTTP/1.1" 200 928
114.83.222.244 - - [22/Apr/2023:09:53:45 +0800] "GET /xingrg/kc/base/wldb_order_add.html HTTP/1.1" 200 30387
114.83.222.244 - - [22/Apr/2023:09:53:46 +0800] "POST /xingrg/kc/base/wldb_order_operate.html HTTP/1.1" 200 6806
114.83.222.244 - - [22/Apr/2023:09:53:46 +0800] "GET /xingrg/all/common/auto_word.html?type=base&rest_code=00149 HTTP/1.1" 200 1907
114.83.222.244 - - [22/Apr/2023:09:53:46 +0800] "GET /xingrg/all/common/auto_word.html?type=base&rest_code=00149 HTTP/1.1" 200 1907
114.83.222.244 - - [22/Apr/2023:09:53:46 +0800] "GET /xingrg/javascript/easyui/themes/default/validatebox.css HTTP/1.1" 404 1104
180.164.3.199 - - [22/Apr/2023:09:53:46 +0800] "GET /xingrg/kc/buy/cgsh_order_operate.html?command=get_materiel&rest_code=00108&code=00101007081&supplier_code=00100002&order_time=2023-04-22 HTTP/1.1" 200 413
180.171.122.0 - - [22/Apr/2023:09:53:49 +0800] "GET /xingrg/check_reg.html?_=1682128424673 HTTP/1.1" 200 22
180.171.122.0 - - [22/Apr/2023:09:53:49 +0800] "GET /xingrg/all/function/internal_message.html?_=1682128424665&CODE_STATE=getMsg HTTP/1.1" 200 27
114.83.222.244 - - [22/Apr/2023:09:53:50 +0800] "GET /xingrg/kc/base/check_order_list.html HTTP/1.1" 200 16223
114.83.222.244 - - [22/Apr/2023:09:53:50 +0800] "POST /xingrg/kc/base/check_list_operate.html HTTP/1.1" 200 1566
124.79.240.114 - - [22/Apr/2023:09:53:53 +0800] "GET /xingrg/all/function/internal_message.html?_=1682128703506&CODE_STATE=getMsg HTTP/1.1" 200 27
114.83.222.244 - - [22/Apr/2023:09:53:54 +0800] "GET /xingrg/kc/base/check_order_add.html HTTP/1.1" 200 26520
114.83.222.244 - - [22/Apr/2023:09:53:54 +0800] "GET /xingrg/dwr/interface/AjaxComOrderService.js HTTP/1.1" 200 18264
114.83.222.244 - - [22/Apr/2023:09:53:54 +0800] "GET /xingrg/dwr/interface/AjaxCheckService.js HTTP/1.1" 200 14003
114.83.222.244 - - [22/Apr/2023:09:53:54 +0800] "GET /xingrg/dwr/engine.js HTTP/1.1" 200 43631
180.164.3.199 - - [22/Apr/2023:09:53:55 +0800] "POST /xingrg/kc/buy/cgsh_order_operate.html HTTP/1.1" 200 37
116.227.208.255 - - [22/Apr/2023:09:53:56 +0800] "GET /xingrg/all/function/internal_message.html?_=1682128510425&CODE_STATE=getMsg HTTP/1.1" 200 27
116.238.139.35 - - [22/Apr/2023:09:53:56 +0800] "GET /xingrg/check_reg.html?_=1682128373720 HTTP/1.1" 200 22
116.238.139.35 - - [22/Apr/2023:09:53:56 +0800] "GET /xingrg/all/function/internal_message.html?_=1682128373967&CODE_STATE=getMsg HTTP/1.1" 200 27
114.83.222.244 - - [22/Apr/2023:09:53:57 +0800] "GET /xingrg/dwr/util.js HTTP/1.1" 304 -
180.164.3.199 - - [22/Apr/2023:09:53:58 +0800] "POST /xingrg/kc/buy/cgsh_order_operate.html HTTP/1.1" 200 3243
58.221.95.50 - - [22/Apr/2023:09:53:58 +0800] "GET /xingrg/check_reg.html?_=1682128439599 HTTP/1.1" 200 22
180.164.3.199 - - [22/Apr/2023:09:53:59 +0800] "GET /xingrg/kc/print/load_data.html?order_code=212023042207528&kc_code=cgsh&condition= HTTP/1.1" 200 977
180.164.3.199 - - [22/Apr/2023:09:54:03 +0800] "GET /xingrg/kc/buy/cgsh_order_add.html HTTP/1.1" 200 70987
180.164.3.199 - - [22/Apr/2023:09:54:03 +0800] "POST /xingrg/kc/buy/cgsh_order_operate.html HTTP/1.1" 200 8245
180.164.3.199 - - [22/Apr/2023:09:54:03 +0800] "GET /xingrg/javascript/easyui/themes/default/validatebox.css HTTP/1.1" 404 1104
114.85.98.23 - - [22/Apr/2023:09:54:04 +0800] "GET /xingrg/all/function/internal_message.html?_=1682128444881&CODE_STATE=getMsg HTTP/1.1" 200 27
180.164.3.199 - - [22/Apr/2023:09:54:12 +0800] "GET /xingrg/all/function/internal_message.html?_=1682128451676&CODE_STATE=getMsg HTTP/1.1" 200 27
180.164.3.199 - - [22/Apr/2023:09:54:12 +0800] "GET /xingrg/check_reg.html?_=1682128451680 HTTP/1.1" 200 22
114.83.222.244 - - [22/Apr/2023:09:54:13 +0800] "POST /xingrg/dwr/call/plaincall/AjaxCheckService.saveOrder.dwr HTTP/1.1" 200 78
114.83.222.244 - - [22/Apr/2023:09:54:14 +0800] "POST /xingrg/dwr/call/plaincall/AjaxCheckService.loadOrderItems.dwr HTTP/1.1" 200 367
101.229.22.234 - - [22/Apr/2023:09:54:15 +0800] "GET /xingrg/all/function/internal_message.html?_=1682128454344&CODE_STATE=getMsg HTTP/1.1" 200 27
114.83.222.244 - - [22/Apr/2023:09:54:17 +0800] "POST /xingrg/kc/report/common_data.html?type=materiel_category_tree HTTP/1.1" 200 3921
114.83.222.182 - - [22/Apr/2023:09:54:18 +0800] "GET /xingrg/all/function/internal_message.html?_=1682128548922&CODE_STATE=getMsg HTTP/1.1" 200 27
180.164.3.199 - - [22/Apr/2023:09:54:21 +0800] "GET /xingrg/kc/buy/cgsh_order_operate.html?command=get_materiel&rest_code=00108&code=00101009113&supplier_code=00100602&order_time=2023-04-22 HTTP/1.1" 200 413
116.224.106.218 - - [22/Apr/2023:09:54:22 +0800] "GET /xingrg/all/function/internal_message.html?_=1682128460779&CODE_STATE=getMsg HTTP/1.1" 200 27
116.224.106.218 - - [22/Apr/2023:09:54:22 +0800] "GET /xingrg/check_reg.html?_=1682128460782 HTTP/1.1" 200 22
114.83.222.244 - - [22/Apr/2023:09:54:23 +0800] "POST /xingrg/dwr/call/plaincall/AjaxCheckService.importOrderItems.dwr HTTP/1.1" 200 78
116.224.158.100 - - [22/Apr/2023:09:54:23 +0800] "GET /xingrg/all/function/internal_message.html?_=1682128303774&CODE_STATE=getMsg HTTP/1.1" 200 27
114.83.222.244 - - [22/Apr/2023:09:54:25 +0800] "POST /xingrg/dwr/call/plaincall/AjaxCheckService.loadOrderItems.dwr HTTP/1.1" 200 46339
114.83.222.244 - - [22/Apr/2023:09:54:25 +0800] "GET /xingrg/check_reg.html?_=1682128461829 HTTP/1.1" 200 22
58.37.5.217 - - [22/Apr/2023:09:54:26 +0800] "GET /xingrg/all/function/internal_message.html?_=1682128468789&CODE_STATE=getMsg HTTP/1.1" 200 27
58.221.95.50 - - [22/Apr/2023:09:54:28 +0800] "GET /xingrg/all/function/internal_message.html?_=1682128469844&CODE_STATE=getMsg HTTP/1.1" 200 27
116.238.139.35 - - [22/Apr/2023:09:54:29 +0800] "GET /xingrg/all/function/internal_message.html?_=1682128469406&CODE_STATE=getMsg HTTP/1.1" 200 27
116.230.112.155 - - [22/Apr/2023:09:54:34 +0800] "GET /xingrg/all/function/internal_message.html?_=1682128496412&CODE_STATE=getMsg HTTP/1.1" 200 27
180.164.3.199 - - [22/Apr/2023:09:54:35 +0800] "GET /xingrg/kc/buy/cgsh_order_operate.html?command=get_materiel&rest_code=00108&code=00101008591&supplier_code=00100602&order_time=2023-04-22 HTTP/1.1" 200 410
