58.37.5.217 - - [22/Apr/2023:08:59:44 +0800] "GET /xingrg/all/function/internal_message.html?_=1682125186261&CODE_STATE=getMsg HTTP/1.1" 200 27
58.37.5.217 - - [22/Apr/2023:08:59:49 +0800] "GET /xingrg/kc/buy/cgsh_order_operate.html?command=get_materiel&rest_code=00106&code=00101008246&supplier_code=00100007&order_time=2023-04-22 HTTP/1.1" 200 408
116.227.208.255 - - [22/Apr/2023:08:59:51 +0800] "GET /xingrg/all/function/internal_message.html?_=1682125262073&CODE_STATE=getMsg HTTP/1.1" 200 27
124.79.240.114 - - [22/Apr/2023:08:59:53 +0800] "GET /xingrg/all/function/internal_message.html?_=1682125463438&CODE_STATE=getMsg HTTP/1.1" 200 27
124.79.240.114 - - [22/Apr/2023:08:59:53 +0800] "GET /xingrg/check_reg.html?_=1682125463439 HTTP/1.1" 200 22
58.37.5.217 - - [22/Apr/2023:08:59:57 +0800] "GET /xingrg/kc/buy/cgsh_order_operate.html?command=get_materiel&rest_code=00106&code=00101011005&supplier_code=00100007&order_time=2023-04-22 HTTP/1.1" 200 427
114.83.222.244 - - [22/Apr/2023:08:59:59 +0800] "GET /xingrg/kc/buy/cgsh_order_operate.html?command=get_materiel&rest_code=00149&code=00101008233&supplier_code=00100008&order_time=2023-04-22 HTTP/1.1" 200 408
58.37.5.217 - - [22/Apr/2023:09:00:18 +0800] "GET /xingrg/kc/buy/cgsh_order_operate.html?command=get_materiel&rest_code=00106&code=00101008100&supplier_code=00100007&order_time=2023-04-22 HTTP/1.1" 200 408
116.224.106.218 - - [22/Apr/2023:09:00:22 +0800] "GET /xingrg/all/function/internal_message.html?_=1682125220710&CODE_STATE=getMsg HTTP/1.1" 200 27
114.83.222.244 - - [22/Apr/2023:09:00:22 +0800] "GET /xingrg/kc/buy/cgsh_order_operate.html?command=get_materiel&rest_code=00149&code=00101008296&supplier_code=00100008&order_time=2023-04-22 HTTP/1.1" 200 435
116.224.158.100 - - [22/Apr/2023:09:00:23 +0800] "GET /xingrg/all/function/internal_message.html?_=1682125063677&CODE_STATE=getMsg HTTP/1.1" 200 27
180.163.28.68 - - [22/Apr/2023:09:00:24 +0800] "GET /xingrg/kc/buy/cgsh_order_operate.html?command=get_materiel&rest_code=00106&code=00101008072&supplier_code=00100007&order_time=2023-04-22 HTTP/1.1" 302 -
180.163.28.68 - - [22/Apr/2023:09:00:24 +0800] "GET /xingrg/login.html HTTP/1.1" 200 7641
114.83.222.244 - - [22/Apr/2023:09:00:25 +0800] "GET /xingrg/all/function/internal_message.html?_=1682125221627&CODE_STATE=getMsg HTTP/1.1" 200 27
114.83.222.244 - - [22/Apr/2023:09:00:28 +0800] "POST /xingrg/kc/buy/cgsh_order_operate.html HTTP/1.1" 200 2065
58.221.95.50 - - [22/Apr/2023:09:00:29 +0800] "GET /xingrg/all/function/internal_message.html?_=1682125230789&CODE_STATE=getMsg HTTP/1.1" 200 27
116.230.112.155 - - [22/Apr/2023:09:00:30 +0800] "GET /xingrg/all/function/internal_message.html?_=1682125251602&CODE_STATE=getMsg HTTP/1.1" 200 27
116.238.139.35 - - [22/Apr/2023:09:00:30 +0800] "GET /xingrg/all/function/internal_message.html?_=1682125230232&CODE_STATE=getMsg HTTP/1.1" 200 27
114.83.222.244 - - [22/Apr/2023:09:00:34 +0800] "GET /xingrg/kc/buy/cgsh_order_operate.html?command=get_materiel&rest_code=00149&code=00101008318&supplier_code=00100008&order_time=2023-04-22 HTTP/1.1" 200 408
116.238.139.35 - - [22/Apr/2023:09:00:41 +0800] "GET /xingrg/check_reg.html?_=1682125241773 HTTP/1.1" 200 22
114.83.222.244 - - [22/Apr/2023:09:00:45 +0800] "GET /xingrg/kc/buy/cgsh_order_operate.html?command=get_materiel&rest_code=00149&code=00101008098&supplier_code=00100008&order_time=2023-04-22 HTTP/1.1" 200 412
180.163.28.68 - - [22/Apr/2023:09:00:46 +0800] "GET /xingrg/kc/buy/cgsh_order_operate.html?command=get_materiel&rest_code=00106&code=00101008246&supplier_code=00100007&order_time=2023-04-22 HTTP/1.1" 302 -
180.163.28.68 - - [22/Apr/2023:09:00:46 +0800] "GET /xingrg/login.html HTTP/1.1" 200 7641
116.230.112.155 - - [22/Apr/2023:09:00:48 +0800] "GET /xingrg/login.html HTTP/1.1" 200 7641
116.230.112.155 - - [22/Apr/2023:09:00:49 +0800] "GET /favicon.ico HTTP/1.1" 404 -
116.227.208.255 - - [22/Apr/2023:09:00:51 +0800] "GET /xingrg/all/function/internal_message.html?_=1682125322060&CODE_STATE=getMsg HTTP/1.1" 200 27
124.79.240.114 - - [22/Apr/2023:09:00:53 +0800] "GET /xingrg/all/function/internal_message.html?_=1682125523437&CODE_STATE=getMsg HTTP/1.1" 200 27
58.37.5.217 - - [22/Apr/2023:09:00:56 +0800] "GET /xingrg/all/function/internal_message.html?_=1682125246262&CODE_STATE=getMsg HTTP/1.1" 200 27
58.37.5.217 - - [22/Apr/2023:09:00:56 +0800] "GET /xingrg/check_reg.html?_=1682125246267 HTTP/1.1" 200 22
116.230.112.155 - - [22/Apr/2023:09:00:56 +0800] "POST /xingrg/login.do HTTP/1.1" 302 -
116.230.112.155 - - [22/Apr/2023:09:00:56 +0800] "GET /xingrg/index.html?sysBaseUrl=http%3A%2F%2F180.169.147.146%3A18081%2Fxingrg%2F&costTime=810×tamp=1682125256353 HTTP/1.1" 200 17179
116.230.112.155 - - [22/Apr/2023:09:00:56 +0800] "GET /xingrg/javascript/jquery_easy_ui/themes/default/easyui.css HTTP/1.1" 304 -
116.230.112.155 - - [22/Apr/2023:09:00:56 +0800] "GET /xingrg/css/form.css HTTP/1.1" 304 -
116.230.112.155 - - [22/Apr/2023:09:00:56 +0800] "GET /xingrg/javascript/jquery_easy_ui/themes/icon.css HTTP/1.1" 304 -
116.230.112.155 - - [22/Apr/2023:09:00:56 +0800] "GET /xingrg/javascript/jquery-1.4.2.min.js HTTP/1.1" 304 -
116.230.112.155 - - [22/Apr/2023:09:00:56 +0800] "GET /xingrg/javascript/jquery_easy_ui/jquery.easyui.min.js HTTP/1.1" 304 -
116.230.112.155 - - [22/Apr/2023:09:00:56 +0800] "GET /xingrg/javascript/jquery.timers.js HTTP/1.1" 304 -
116.230.112.155 - - [22/Apr/2023:09:00:56 +0800] "GET /xingrg/javascript/jquery_easy_ui/easyui-lang-zh_CN.js HTTP/1.1" 304 -
116.230.112.155 - - [22/Apr/2023:09:00:56 +0800] "GET /xingrg/javascript/jquery.form.js HTTP/1.1" 304 -
116.230.112.155 - - [22/Apr/2023:09:00:56 +0800] "GET /xingrg/javascript/jquery.utils.js HTTP/1.1" 304 -
116.230.112.155 - - [22/Apr/2023:09:00:56 +0800] "GET /favicon.ico HTTP/1.1" 404 -
116.230.112.155 - - [22/Apr/2023:09:00:56 +0800] "GET /xingrg/all/function/internal_message.html?_=1682125272840&CODE_STATE=count HTTP/1.1" 200 11
116.230.112.155 - - [22/Apr/2023:09:00:56 +0800] "GET /xingrg/check_reg.html?_=1682125272840 HTTP/1.1" 200 22
116.230.112.155 - - [22/Apr/2023:09:00:56 +0800] "POST /xingrg/all/common/load_tree.html?tree=area_rest_tree_json&manage=1 HTTP/1.1" 200 479
116.230.112.155 - - [22/Apr/2023:09:00:56 +0800] "POST /xingrg/load_menu.html HTTP/1.1" 200 5138
116.224.158.100 - - [22/Apr/2023:09:00:58 +0800] "POST /xingrg/services/DataTransmitService HTTP/1.1" 200 524
116.224.158.100 - - [22/Apr/2023:09:00:59 +0800] "POST /xingrg/services/DataTransmitService HTTP/1.1" 200 2319
116.230.112.155 - - [22/Apr/2023:09:01:01 +0800] "GET /xingrg/kc/report/report_main.html HTTP/1.1" 200 7340
116.230.112.155 - - [22/Apr/2023:09:01:01 +0800] "GET /xingrg/javascript/jquery_ui/themes/humanity/humanity.css HTTP/1.1" 304 -
116.230.112.155 - - [22/Apr/2023:09:01:01 +0800] "GET /xingrg/javascript/pic_change.js HTTP/1.1" 304 -
116.230.112.155 - - [22/Apr/2023:09:01:01 +0800] "GET /xingrg/css/blue.css HTTP/1.1" 304 -
116.230.112.155 - - [22/Apr/2023:09:01:01 +0800] "GET /xingrg/javascript/myfunction.js HTTP/1.1" 304 -
116.230.112.155 - - [22/Apr/2023:09:01:01 +0800] "GET /xingrg/javascript/json2.js HTTP/1.1" 304 -
116.230.112.155 - - [22/Apr/2023:09:01:03 +0800] "GET /xingrg/all/report/report_query.html?fileName=kc/buy/wlcg_mx.xml HTTP/1.1" 200 51648
116.230.112.155 - - [22/Apr/2023:09:01:03 +0800] "GET /xingrg/javascript/multi_select/jqueryMultiSelect.css HTTP/1.1" 304 -
116.230.112.155 - - [22/Apr/2023:09:01:03 +0800] "GET /xingrg/javascript/calendar/timePicker.css HTTP/1.1" 304 -
116.230.112.155 - - [22/Apr/2023:09:01:03 +0800] "GET /xingrg/dwr/util.js HTTP/1.1" 304 -
116.230.112.155 - - [22/Apr/2023:09:01:03 +0800] "GET /xingrg/javascript/bigrid/fix.css HTTP/1.1" 304 -
116.230.112.155 - - [22/Apr/2023:09:01:03 +0800] "GET /xingrg/dwr/interface/AjaxReportQueryService.js HTTP/1.1" 200 13203
116.230.112.155 - - [22/Apr/2023:09:01:03 +0800] "GET /xingrg/dwr/engine.js HTTP/1.1" 200 43631
116.230.112.155 - - [22/Apr/2023:09:01:03 +0800] "GET /xingrg/javascript/Calendar.js HTTP/1.1" 304 -
116.230.112.155 - - [22/Apr/2023:09:01:03 +0800] "GET /xingrg/javascript/bigrid/fix.js HTTP/1.1" 304 -
116.230.112.155 - - [22/Apr/2023:09:01:03 +0800] "GET /xingrg/javascript/calendar/jquery.timePicker.min.js HTTP/1.1" 304 -
116.230.112.155 - - [22/Apr/2023:09:01:03 +0800] "GET /xingrg/javascript/jqueryMultiSelect.js HTTP/1.1" 304 -
116.230.112.155 - - [22/Apr/2023:09:01:03 +0800] "POST /xingrg/dwr/call/plaincall/AjaxReportQueryService.getFixDate.dwr HTTP/1.1" 200 111
116.230.112.155 - - [22/Apr/2023:09:01:04 +0800] "POST /xingrg/dwr/call/plaincall/AjaxReportQueryService.getInitString.dwr HTTP/1.1" 200 34324
116.230.112.155 - - [22/Apr/2023:09:01:04 +0800] "POST /xingrg/dwr/call/plaincall/AjaxReportQueryService.getInitString.dwr HTTP/1.1" 200 1023
116.230.112.155 - - [22/Apr/2023:09:01:05 +0800] "POST /xingrg/dwr/call/plaincall/AjaxReportQueryService.getInitString.dwr HTTP/1.1" 200 125
114.83.222.244 - - [22/Apr/2023:09:01:09 +0800] "GET /xingrg/kc/buy/cgsh_order_operate.html?command=get_materiel&rest_code=00149&code=00101008005&supplier_code=00100008&order_time=2023-04-22 HTTP/1.1" 200 412
116.230.112.155 - - [22/Apr/2023:09:01:16 +0800] "GET /xingrg/javascript/multi_select/dropdown_hover.gif HTTP/1.1" 304 -
116.230.112.155 - - [22/Apr/2023:09:01:18 +0800] "POST /xingrg/dwr/call/plaincall/AjaxReportQueryService.refreshCache.dwr HTTP/1.1" 200 78
116.224.106.218 - - [22/Apr/2023:09:01:22 +0800] "GET /xingrg/all/function/internal_message.html?_=1682125280710&CODE_STATE=getMsg HTTP/1.1" 200 27
116.230.112.155 - - [22/Apr/2023:09:01:23 +0800] "POST /xingrg/all/report/load_report_page.html HTTP/1.1" 200 168196
116.230.112.155 - - [22/Apr/2023:09:01:23 +0800] "GET /xingrg/images/blue/button/back2.gif HTTP/1.1" 304 -
116.230.112.155 - - [22/Apr/2023:09:01:23 +0800] "GET /xingrg/images/blue/button/back.gif HTTP/1.1" 304 -
116.230.112.155 - - [22/Apr/2023:09:01:23 +0800] "GET /xingrg/servlets/image?cache=0.12174686122511369&image=px HTTP/1.1" 200 807
116.224.158.100 - - [22/Apr/2023:09:01:23 +0800] "GET /xingrg/all/function/internal_message.html?_=1682125123678&CODE_STATE=getMsg HTTP/1.1" 200 27
114.83.222.244 - - [22/Apr/2023:09:01:25 +0800] "GET /xingrg/all/function/internal_message.html?_=1682125281624&CODE_STATE=getMsg HTTP/1.1" 200 27
58.37.5.217 - - [22/Apr/2023:09:01:25 +0800] "POST /xingrg/kc/buy/cgsh_order_operate.html HTTP/1.1" 200 2065
114.85.98.23 - - [22/Apr/2023:09:01:29 +0800] "GET /xingrg/all/function/internal_message.html?_=1682125289850&CODE_STATE=getMsg HTTP/1.1" 302 -
58.221.95.50 - - [22/Apr/2023:09:01:29 +0800] "GET /xingrg/all/function/internal_message.html?_=1682125290767&CODE_STATE=getMsg HTTP/1.1" 200 27
116.230.112.155 - - [22/Apr/2023:09:01:30 +0800] "GET /xingrg/all/function/internal_message.html?_=1682125311734&CODE_STATE=getMsg HTTP/1.1" 200 27
116.238.139.35 - - [22/Apr/2023:09:01:30 +0800] "GET /xingrg/all/function/internal_message.html?_=1682125290212&CODE_STATE=getMsg HTTP/1.1" 200 27
114.85.98.23 - - [22/Apr/2023:09:01:33 +0800] "GET /xingrg/check_reg.html?_=1682125294657 HTTP/1.1" 302 -
116.230.112.155 - - [22/Apr/2023:09:01:34 +0800] "POST /xingrg/all/report/report_print.html HTTP/1.1" 200 39981
114.83.222.244 - - [22/Apr/2023:09:01:36 +0800] "GET /xingrg/kc/buy/cgsh_order_operate.html?command=get_materiel&rest_code=00149&code=00101008353&supplier_code=00100008&order_time=2023-04-22 HTTP/1.1" 200 408
114.85.98.23 - - [22/Apr/2023:09:01:43 +0800] "GET /xingrg/kc/buy/cgsh_order_list.html HTTP/1.1" 302 -
114.85.98.23 - - [22/Apr/2023:09:01:43 +0800] "GET /xingrg/login.html HTTP/1.1" 200 7641
114.85.98.23 - - [22/Apr/2023:09:01:43 +0800] "GET /xingrg/login.html HTTP/1.1" 200 7641
114.85.98.23 - - [22/Apr/2023:09:01:43 +0800] "GET /xingrg/images/blue/jxLogo.png HTTP/1.1" 200 6156
114.85.98.23 - - [22/Apr/2023:09:01:43 +0800] "GET /xingrg/images/blue/srbg.png HTTP/1.1" 200 138
114.85.98.23 - - [22/Apr/2023:09:01:43 +0800] "GET /xingrg/images/blue/hj.png HTTP/1.1" 200 1014
114.85.98.23 - - [22/Apr/2023:09:01:43 +0800] "GET /xingrg/images/blue/login_bg.png HTTP/1.1" 200 22101
114.85.98.23 - - [22/Apr/2023:09:01:44 +0800] "GET /favicon.ico HTTP/1.1" 404 -
58.37.5.217 - - [22/Apr/2023:09:01:44 +0800] "GET /xingrg/all/function/internal_message.html?_=1682125306410&CODE_STATE=getMsg HTTP/1.1" 200 27
114.85.98.23 - - [22/Apr/2023:09:01:46 +0800] "POST /xingrg/login.do HTTP/1.1" 302 -
114.85.98.23 - - [22/Apr/2023:09:01:46 +0800] "GET /xingrg/index.html?sysBaseUrl=http%3A%2F%2F180.169.147.146%3A18081%2Fxingrg%2F&costTime=801×tamp=1682125306292 HTTP/1.1" 200 17173
114.85.98.23 - - [22/Apr/2023:09:01:46 +0800] "GET /xingrg/javascript/jquery_easy_ui/themes/icon.css HTTP/1.1" 200 3949
114.85.98.23 - - [22/Apr/2023:09:01:46 +0800] "GET /xingrg/javascript/jquery_easy_ui/themes/default/easyui.css HTTP/1.1" 200 26500
114.85.98.23 - - [22/Apr/2023:09:01:46 +0800] "GET /xingrg/css/form.css HTTP/1.1" 200 893
114.85.98.23 - - [22/Apr/2023:09:01:46 +0800] "GET /xingrg/javascript/jquery-1.4.2.min.js HTTP/1.1" 200 72205
114.85.98.23 - - [22/Apr/2023:09:01:46 +0800] "GET /xingrg/javascript/jquery_easy_ui/jquery.easyui.min.js HTTP/1.1" 200 213662
114.85.98.23 - - [22/Apr/2023:09:01:46 +0800] "GET /xingrg/javascript/jquery_easy_ui/easyui-lang-zh_CN.js HTTP/1.1" 200 1900
114.85.98.23 - - [22/Apr/2023:09:01:46 +0800] "GET /xingrg/javascript/jquery.utils.js HTTP/1.1" 200 11805
114.85.98.23 - - [22/Apr/2023:09:01:46 +0800] "GET /xingrg/javascript/jquery.timers.js HTTP/1.1" 200 3532
114.85.98.23 - - [22/Apr/2023:09:01:46 +0800] "GET /xingrg/javascript/jquery.form.js HTTP/1.1" 200 23110
114.85.98.23 - - [22/Apr/2023:09:01:46 +0800] "GET /favicon.ico HTTP/1.1" 404 -
114.85.98.23 - - [22/Apr/2023:09:01:46 +0800] "GET /xingrg/images/blue/navBackgound.jpg HTTP/1.1" 200 12378
114.85.98.23 - - [22/Apr/2023:09:01:46 +0800] "GET /xingrg/javascript/jquery_easy_ui/themes/icons/settle_new.png HTTP/1.1" 200 826
114.85.98.23 - - [22/Apr/2023:09:01:46 +0800] "GET /xingrg/all/function/internal_message.html?_=1682125307291&CODE_STATE=count HTTP/1.1" 200 11
114.85.98.23 - - [22/Apr/2023:09:01:46 +0800] "GET /xingrg/images/blue/pingpu.png HTTP/1.1" 200 231
114.85.98.23 - - [22/Apr/2023:09:01:46 +0800] "GET /xingrg/javascript/jquery_easy_ui/themes/default/images/tabs_leftarrow.png HTTP/1.1" 200 389
114.85.98.23 - - [22/Apr/2023:09:01:46 +0800] "GET /xingrg/check_reg.html?_=1682125307293 HTTP/1.1" 200 22
114.85.98.23 - - [22/Apr/2023:09:01:46 +0800] "GET /xingrg/javascript/jquery_easy_ui/themes/default/images/panel_tool_collapse.gif HTTP/1.1" 200 246
114.85.98.23 - - [22/Apr/2023:09:01:46 +0800] "GET /xingrg/javascript/jquery_easy_ui/themes/default/images/tabs_rightarrow.png HTTP/1.1" 200 395
114.85.98.23 - - [22/Apr/2023:09:01:46 +0800] "POST /xingrg/all/common/load_tree.html?tree=area_rest_tree_json&manage=1 HTTP/1.1" 200 342
114.85.98.23 - - [22/Apr/2023:09:01:46 +0800] "POST /xingrg/load_menu.html HTTP/1.1" 200 5138
114.85.98.23 - - [22/Apr/2023:09:01:46 +0800] "GET /xingrg/javascript/jquery_easy_ui/themes/default/images/tree_arrows.gif HTTP/1.1" 200 1043
114.85.98.23 - - [22/Apr/2023:09:01:46 +0800] "GET /xingrg/javascript/jquery_easy_ui/themes/default/images/tree_file.gif HTTP/1.1" 200 118
114.85.98.23 - - [22/Apr/2023:09:01:46 +0800] "GET /xingrg/javascript/jquery_easy_ui/themes/icons/forms_new.png HTTP/1.1" 200 350
114.85.98.23 - - [22/Apr/2023:09:01:46 +0800] "GET /xingrg/javascript/jquery_easy_ui/themes/icons/search_new.png HTTP/1.1" 200 586
114.85.98.23 - - [22/Apr/2023:09:01:46 +0800] "GET /xingrg/javascript/jquery_easy_ui/themes/default/images/tree_folder_open.gif HTTP/1.1" 200 956
114.85.98.23 - - [22/Apr/2023:09:01:46 +0800] "GET /xingrg/javascript/jquery_easy_ui/themes/default/images/tree_folder.gif HTTP/1.1" 200 952
114.85.98.23 - - [22/Apr/2023:09:01:46 +0800] "GET /xingrg/javascript/jquery_easy_ui/themes/icons/storage_new.png HTTP/1.1" 200 853
58.37.5.217 - - [22/Apr/2023:09:01:50 +0800] "GET /xingrg/kc/buy/cgsh_order_operate.html?command=get_materiel&rest_code=00106&code=00101008169&supplier_code=00100007&order_time=2023-04-22 HTTP/1.1" 200 412
116.227.208.255 - - [22/Apr/2023:09:01:51 +0800] "GET /xingrg/all/function/internal_message.html?_=1682125382042&CODE_STATE=getMsg HTTP/1.1" 200 27
120.253.135.82 - - [22/Apr/2023:09:01:51 +0800] "GET /xingrg/check_reg.html?_=1682125309576 HTTP/1.1" 302 -
114.83.222.244 - - [22/Apr/2023:09:01:51 +0800] "POST /xingrg/kc/buy/cgsh_order_operate.html HTTP/1.1" 200 2065
124.79.240.114 - - [22/Apr/2023:09:01:53 +0800] "GET /xingrg/all/function/internal_message.html?_=1682125583437&CODE_STATE=getMsg HTTP/1.1" 200 27
116.230.112.155 - - [22/Apr/2023:09:01:56 +0800] "GET /xingrg/all/function/internal_message.html?_=1682125332854&CODE_STATE=getMsg HTTP/1.1" 200 27
114.85.98.23 - - [22/Apr/2023:09:01:59 +0800] "GET /xingrg/javascript/jquery_easy_ui/themes/default/images/tabs_close.gif HTTP/1.1" 200 829
114.85.98.23 - - [22/Apr/2023:09:01:59 +0800] "GET /xingrg/kc/buy/cgsh_order_list.html HTTP/1.1" 200 55113
114.85.98.23 - - [22/Apr/2023:09:01:59 +0800] "GET /xingrg/css/base.css HTTP/1.1" 200 2811
114.85.98.23 - - [22/Apr/2023:09:01:59 +0800] "GET /xingrg/css/site.css HTTP/1.1" 200 7541
114.85.98.23 - - [22/Apr/2023:09:01:59 +0800] "GET /xingrg/javascript/jquery_tools/datebox.css HTTP/1.1" 200 2597
114.85.98.23 - - [22/Apr/2023:09:01:59 +0800] "GET /xingrg/javascript/easyui/themes/default/easyui.css HTTP/1.1" 200 30432
114.85.98.23 - - [22/Apr/2023:09:01:59 +0800] "GET /xingrg/javascript/easyui/themes/icon.css HTTP/1.1" 200 4483
114.85.98.23 - - [22/Apr/2023:09:01:59 +0800] "GET /xingrg/javascript/auto/jquery.autocomplete.css HTTP/1.1" 200 587
114.85.98.23 - - [22/Apr/2023:09:01:59 +0800] "GET /xingrg/javascript/jquery_tools/fix.css HTTP/1.1" 200 1702
114.85.98.23 - - [22/Apr/2023:09:01:59 +0800] "GET /xingrg/javascript/jquery_tools/table.css HTTP/1.1" 200 1032
114.85.98.23 - - [22/Apr/2023:09:01:59 +0800] "GET /xingrg/javascript/jquery_tools/jquery.tools.min.js HTTP/1.1" 200 138801
114.85.98.23 - - [22/Apr/2023:09:01:59 +0800] "GET /xingrg/javascript/jquery_tools/jquery.tools.extend.js HTTP/1.1" 200 15385
114.85.98.23 - - [22/Apr/2023:09:01:59 +0800] "GET /xingrg/javascript/jquery_tools/jquery.tools.hotkey.js HTTP/1.1" 200 3242
114.85.98.23 - - [22/Apr/2023:09:01:59 +0800] "GET /xingrg/javascript/jquery_tools/jquery.tools.table.js HTTP/1.1" 200 6994
114.85.98.23 - - [22/Apr/2023:09:01:59 +0800] "GET /xingrg/javascript/jquery_tools/list_manager.js HTTP/1.1" 200 3652
114.85.98.23 - - [22/Apr/2023:09:01:59 +0800] "GET /xingrg/javascript/auto/jquery.autocomplete.js HTTP/1.1" 200 21624
114.85.98.23 - - [22/Apr/2023:09:01:59 +0800] "GET /xingrg/javascript/easyui/easyloader.js HTTP/1.1" 200 5975
114.85.98.23 - - [22/Apr/2023:09:01:59 +0800] "GET /xingrg/javascript/jquery.cookie.js HTTP/1.1" 200 5513
114.85.98.23 - - [22/Apr/2023:09:01:59 +0800] "GET /xingrg/javascript/print/LodopFuncs.js HTTP/1.1" 200 5121
114.83.222.244 - - [22/Apr/2023:09:01:59 +0800] "GET /xingrg/kc/buy/cgsh_order_operate.html?command=get_materiel&rest_code=00149&code=00101008213&supplier_code=00100008&order_time=2023-04-22 HTTP/1.1" 200 432
114.85.98.23 - - [22/Apr/2023:09:02:00 +0800] "GET /xingrg/javascript/easyui/themes/icons/check_new.png HTTP/1.1" 200 3224
114.85.98.23 - - [22/Apr/2023:09:02:00 +0800] "GET /xingrg/javascript/easyui/themes/icons/import_new.png HTTP/1.1" 200 1247
114.85.98.23 - - [22/Apr/2023:09:02:00 +0800] "GET /xingrg/javascript/easyui/themes/icons/field_new.png HTTP/1.1" 200 1097
114.85.98.23 - - [22/Apr/2023:09:02:00 +0800] "GET /xingrg/javascript/easyui/themes/icons/cance_new.png HTTP/1.1" 200 3986
114.85.98.23 - - [22/Apr/2023:09:02:00 +0800] "GET /xingrg/javascript/easyui/themes/icons/edit_add_new.png HTTP/1.1" 200 2997
114.85.98.23 - - [22/Apr/2023:09:02:00 +0800] "GET /xingrg/javascript/easyui/plugins/jquery.parser.js HTTP/1.1" 200 1142
114.85.98.23 - - [22/Apr/2023:09:02:00 +0800] "GET /xingrg/images/control/ajaxLoader.gif HTTP/1.1" 200 4659
114.85.98.23 - - [22/Apr/2023:09:02:01 +0800] "POST /xingrg/kc/buy/cgsh_list_operate.html HTTP/1.1" 200 986
114.85.98.23 - - [22/Apr/2023:09:02:02 +0800] "GET /xingrg/javascript/easyui/themes/default/images/button_plain_hover.png HTTP/1.1" 200 144
114.85.98.23 - - [22/Apr/2023:09:02:03 +0800] "GET /xingrg/kc/buy/cgsh_order_add.html HTTP/1.1" 200 70930
114.85.98.23 - - [22/Apr/2023:09:02:03 +0800] "GET /xingrg/javascript/pic_change.js HTTP/1.1" 200 4739
114.85.98.23 - - [22/Apr/2023:09:02:03 +0800] "GET /xingrg/javascript/convert.js HTTP/1.1" 200 1239
114.85.98.23 - - [22/Apr/2023:09:02:03 +0800] "GET /xingrg/javascript/jquery_tools/order_manager.js HTTP/1.1" 200 11183
114.85.98.23 - - [22/Apr/2023:09:02:03 +0800] "GET /xingrg/javascript/json2.js HTTP/1.1" 200 11259
114.85.98.23 - - [22/Apr/2023:09:02:03 +0800] "GET /xingrg/javascript/print/kc_print.js HTTP/1.1" 200 11415
114.85.98.23 - - [22/Apr/2023:09:02:03 +0800] "GET /xingrg/words/20230421191028_words.js HTTP/1.1" 200 961287
114.85.98.23 - - [22/Apr/2023:09:02:03 +0800] "GET /xingrg/javascript/easyui/themes/icons/ok.png HTTP/1.1" 200 883
114.85.98.23 - - [22/Apr/2023:09:02:03 +0800] "GET /xingrg/javascript/easyui/themes/icons/copy_new.png HTTP/1.1" 200 815
114.85.98.23 - - [22/Apr/2023:09:02:03 +0800] "GET /xingrg/javascript/easyui/themes/icons/cancel.png HTTP/1.1" 200 1133
114.85.98.23 - - [22/Apr/2023:09:02:03 +0800] "GET /xingrg/javascript/easyui/themes/icons/template_new.png HTTP/1.1" 200 3956
114.85.98.23 - - [22/Apr/2023:09:02:03 +0800] "GET /xingrg/javascript/easyui/themes/icons/print.png HTTP/1.1" 200 1057
114.85.98.23 - - [22/Apr/2023:09:02:03 +0800] "GET /xingrg/javascript/easyui/themes/default/images/menu_downarrow.png HTTP/1.1" 200 173
116.230.112.155 - - [22/Apr/2023:09:02:03 +0800] "GET /xingrg/check_reg.html?_=1682125344926 HTTP/1.1" 200 22
114.85.98.23 - - [22/Apr/2023:09:02:03 +0800] "POST /xingrg/kc/buy/cgsh_order_operate.html HTTP/1.1" 200 8245
114.85.98.23 - - [22/Apr/2023:09:02:03 +0800] "GET /xingrg/javascript/easyui/themes/default/validatebox.css HTTP/1.1" 404 1104
114.85.98.23 - - [22/Apr/2023:09:02:03 +0800] "GET /xingrg/javascript/easyui/plugins/jquery.validatebox.js HTTP/1.1" 200 6103
114.85.98.23 - - [22/Apr/2023:09:02:03 +0800] "GET /xingrg/all/common/auto_word.html?type=employee&rest_code=00102 HTTP/1.1" 200 189
114.85.98.23 - - [22/Apr/2023:09:02:03 +0800] "GET /xingrg/javascript/easyui/themes/icons/edit_remove.png HTTP/1.1" 200 625
114.85.98.23 - - [22/Apr/2023:09:02:03 +0800] "GET /xingrg/javascript/easyui/plugins/jquery.numberbox.js HTTP/1.1" 200 5213
114.85.98.23 - - [22/Apr/2023:09:02:03 +0800] "GET /xingrg/all/common/auto_word.html?type=employee&rest_code=00102 HTTP/1.1" 200 189
114.85.98.23 - - [22/Apr/2023:09:02:05 +0800] "GET /xingrg/javascript/easyui/plugins/jquery.draggable.js HTTP/1.1" 200 6121
114.85.98.23 - - [22/Apr/2023:09:02:05 +0800] "GET /xingrg/css/images/panel_loading.gif HTTP/1.1" 200 1737
114.85.98.23 - - [22/Apr/2023:09:02:05 +0800] "GET /xingrg/javascript/easyui/plugins/jquery.droppable.js HTTP/1.1" 200 1167
114.85.98.23 - - [22/Apr/2023:09:02:05 +0800] "GET /xingrg/javascript/easyui/themes/default/tree.css HTTP/1.1" 404 1090
114.85.98.23 - - [22/Apr/2023:09:02:05 +0800] "GET /xingrg/javascript/easyui/plugins/jquery.tree.js HTTP/1.1" 200 20874
114.85.98.23 - - [22/Apr/2023:09:02:06 +0800] "POST /xingrg/all/common/load_tree.html?tree=supplier_tree_json&isDelete=1 HTTP/1.1" 200 73015
58.37.5.217 - - [22/Apr/2023:09:02:07 +0800] "GET /xingrg/kc/buy/cgsh_order_operate.html?command=get_materiel&rest_code=00106&code=00101008024&supplier_code=00100007&order_time=2023-04-22 HTTP/1.1" 200 408
114.85.98.23 - - [22/Apr/2023:09:02:07 +0800] "GET /xingrg/javascript/easyui/themes/default/images/tree_arrows.gif HTTP/1.1" 200 617
114.85.98.23 - - [22/Apr/2023:09:02:07 +0800] "GET /xingrg/javascript/easyui/themes/default/images/tree_folder_open.gif HTTP/1.1" 200 956
114.85.98.23 - - [22/Apr/2023:09:02:07 +0800] "GET /xingrg/javascript/easyui/themes/default/images/tree_folder.gif HTTP/1.1" 200 952
114.85.98.23 - - [22/Apr/2023:09:02:07 +0800] "GET /xingrg/javascript/easyui/themes/default/images/tree_file.gif HTTP/1.1" 200 118
114.83.222.244 - - [22/Apr/2023:09:02:15 +0800] "GET /xingrg/kc/buy/cgsh_order_operate.html?command=get_materiel&rest_code=00149&code=00101008095&supplier_code=00100008&order_time=2023-04-22 HTTP/1.1" 200 412
116.224.106.218 - - [22/Apr/2023:09:02:22 +0800] "GET /xingrg/all/function/internal_message.html?_=1682125340709&CODE_STATE=getMsg HTTP/1.1" 200 27
116.224.158.100 - - [22/Apr/2023:09:02:23 +0800] "GET /xingrg/all/function/internal_message.html?_=1682125183678&CODE_STATE=getMsg HTTP/1.1" 200 27
116.224.158.100 - - [22/Apr/2023:09:02:23 +0800] "GET /xingrg/check_reg.html?_=1682125183682 HTTP/1.1" 200 22
114.85.98.23 - - [22/Apr/2023:09:02:23 +0800] "GET /xingrg/javascript/auto/indicator.gif HTTP/1.1" 404 1066
58.37.5.217 - - [22/Apr/2023:09:02:24 +0800] "GET /xingrg/kc/buy/cgsh_order_operate.html?command=get_materiel&rest_code=00106&code=00101008300&supplier_code=00100007&order_time=2023-04-22 HTTP/1.1" 200 431
114.83.222.244 - - [22/Apr/2023:09:02:25 +0800] "GET /xingrg/all/function/internal_message.html?_=1682125341658&CODE_STATE=getMsg HTTP/1.1" 200 27
114.83.222.244 - - [22/Apr/2023:09:02:26 +0800] "GET /xingrg/kc/buy/cgsh_order_operate.html?command=get_materiel&rest_code=00149&code=00101008674&supplier_code=00100008&order_time=2023-04-22 HTTP/1.1" 200 412
58.221.95.50 - - [22/Apr/2023:09:02:29 +0800] "GET /xingrg/all/function/internal_message.html?_=1682125350750&CODE_STATE=getMsg HTTP/1.1" 200 27
116.230.112.155 - - [22/Apr/2023:09:02:30 +0800] "GET /xingrg/all/function/internal_message.html?_=1682125371737&CODE_STATE=getMsg HTTP/1.1" 200 27
116.238.139.35 - - [22/Apr/2023:09:02:30 +0800] "GET /xingrg/all/function/internal_message.html?_=1682125350187&CODE_STATE=getMsg HTTP/1.1" 200 27
114.85.98.23 - - [22/Apr/2023:09:02:30 +0800] "GET /xingrg/kc/buy/cgsh_order_operate.html?command=get_materiel&rest_code=00102&code=00101010677&supplier_code=00100323&order_time=2023-04-22 HTTP/1.1" 200 431
58.37.5.217 - - [22/Apr/2023:09:02:37 +0800] "GET /xingrg/kc/buy/cgsh_order_operate.html?command=get_materiel&rest_code=00106&code=00101008350&supplier_code=00100007&order_time=2023-04-22 HTTP/1.1" 200 427
114.83.222.244 - - [22/Apr/2023:09:02:40 +0800] "GET /xingrg/kc/buy/cgsh_order_operate.html?command=get_materiel&rest_code=00149&code=00101012064&supplier_code=00100008&order_time=2023-04-22 HTTP/1.1" 200 428
114.83.222.244 - - [22/Apr/2023:09:02:41 +0800] "POST /xingrg/all/common/load_select.html HTTP/1.1" 200 25
58.37.5.217 - - [22/Apr/2023:09:02:44 +0800] "GET /xingrg/all/function/internal_message.html?_=1682125366497&CODE_STATE=getMsg HTTP/1.1" 200 27
58.37.5.217 - - [22/Apr/2023:09:02:44 +0800] "POST /xingrg/kc/buy/cgsh_order_operate.html HTTP/1.1" 200 2065
114.83.222.244 - - [22/Apr/2023:09:02:45 +0800] "GET /xingrg/kc/buy/cgsh_order_operate.html?command=get_materiel_price&rest_code=00149&code=00101012064&unit_code=00100040&supplier_code=00100008&order_time=2023-04-22 HTTP/1.1" 200 27
114.85.98.23 - - [22/Apr/2023:09:02:46 +0800] "GET /xingrg/all/function/internal_message.html?_=1682125367309&CODE_STATE=getMsg HTTP/1.1" 200 27
116.227.208.255 - - [22/Apr/2023:09:02:51 +0800] "GET /xingrg/all/function/internal_message.html?_=1682125442019&CODE_STATE=getMsg HTTP/1.1" 200 27
58.37.5.217 - - [22/Apr/2023:09:02:52 +0800] "POST /xingrg/kc/buy/cgsh_order_operate.html HTTP/1.1" 200 37
124.79.240.114 - - [22/Apr/2023:09:02:53 +0800] "GET /xingrg/all/function/internal_message.html?_=1682125643435&CODE_STATE=getMsg HTTP/1.1" 200 27
114.83.222.244 - - [22/Apr/2023:09:02:53 +0800] "POST /xingrg/kc/buy/cgsh_order_operate.html HTTP/1.1" 200 2065
58.37.5.217 - - [22/Apr/2023:09:02:54 +0800] "POST /xingrg/kc/buy/cgsh_order_operate.html HTTP/1.1" 200 20385
116.230.112.155 - - [22/Apr/2023:09:02:56 +0800] "GET /xingrg/all/function/internal_message.html?_=1682125392864&CODE_STATE=getMsg HTTP/1.1" 200 27
114.83.222.244 - - [22/Apr/2023:09:03:01 +0800] "GET /xingrg/kc/buy/cgsh_order_operate.html?command=get_materiel&rest_code=00149&code=00101009044&supplier_code=00100008&order_time=2023-04-22 HTTP/1.1" 200 413
180.171.122.0 - - [22/Apr/2023:09:03:07 +0800] "GET /xingrg/login.html HTTP/1.1" 200 7641
180.171.122.0 - - [22/Apr/2023:09:03:08 +0800] "GET /favicon.ico HTTP/1.1" 404 -
180.171.122.0 - - [22/Apr/2023:09:03:10 +0800] "POST /xingrg/login.do HTTP/1.1" 302 -
180.171.122.0 - - [22/Apr/2023:09:03:10 +0800] "GET /xingrg/index.html?sysBaseUrl=http%3A%2F%2F180.169.147.146%3A18081%2Fxingrg%2F&costTime=841×tamp=1682125390536 HTTP/1.1" 200 17173
180.171.122.0 - - [22/Apr/2023:09:03:10 +0800] "GET /favicon.ico HTTP/1.1" 404 -
114.83.222.244 - - [22/Apr/2023:09:03:10 +0800] "GET /xingrg/kc/buy/cgsh_order_operate.html?command=get_materiel&rest_code=00149&code=00101015026&supplier_code=00100008&order_time=2023-04-22 HTTP/1.1" 200 412
180.171.122.0 - - [22/Apr/2023:09:03:11 +0800] "POST /xingrg/all/common/load_tree.html?tree=area_rest_tree_json&manage=1 HTTP/1.1" 200 342
180.171.122.0 - - [22/Apr/2023:09:03:11 +0800] "GET /xingrg/all/function/internal_message.html?_=1682125386342&CODE_STATE=count HTTP/1.1" 200 11
180.171.122.0 - - [22/Apr/2023:09:03:11 +0800] "GET /xingrg/check_reg.html?_=1682125386344 HTTP/1.1" 200 22
180.171.122.0 - - [22/Apr/2023:09:03:11 +0800] "POST /xingrg/load_menu.html HTTP/1.1" 200 5138
180.171.122.0 - - [22/Apr/2023:09:03:12 +0800] "GET /xingrg/kc/buy/buy_main.html HTTP/1.1" 200 12412
180.171.122.0 - - [22/Apr/2023:09:03:12 +0800] "GET /xingrg/css/new_ie.css HTTP/1.1" 404 1036
180.171.122.0 - - [22/Apr/2023:09:03:13 +0800] "GET /xingrg/images/yd/bt.gif HTTP/1.1" 404 1040
180.171.122.0 - - [22/Apr/2023:09:03:14 +0800] "GET /xingrg/kc/buy/cgsh_order_list.html HTTP/1.1" 200 55113
180.171.122.0 - - [22/Apr/2023:09:03:16 +0800] "POST /xingrg/kc/buy/cgsh_list_operate.html HTTP/1.1" 200 986
114.83.222.244 - - [22/Apr/2023:09:03:21 +0800] "GET /xingrg/kc/buy/cgsh_order_operate.html?command=get_materiel&rest_code=00149&code=00101008275&supplier_code=00100008&order_time=2023-04-22 HTTP/1.1" 200 416
116.224.106.218 - - [22/Apr/2023:09:03:22 +0800] "GET /xingrg/all/function/internal_message.html?_=1682125400706&CODE_STATE=getMsg HTTP/1.1" 200 27
116.224.158.100 - - [22/Apr/2023:09:03:23 +0800] "GET /xingrg/all/function/internal_message.html?_=1682125243686&CODE_STATE=getMsg HTTP/1.1" 200 27
116.230.112.155 - - [22/Apr/2023:09:03:23 +0800] "POST /xingrg/services/DataTransmitService HTTP/1.1" 200 524
116.230.112.155 - - [22/Apr/2023:09:03:24 +0800] "POST /xingrg/services/DataTransmitService HTTP/1.1" 200 412
114.83.222.244 - - [22/Apr/2023:09:03:25 +0800] "GET /xingrg/all/function/internal_message.html?_=1682125401616&CODE_STATE=getMsg HTTP/1.1" 200 27
58.221.95.50 - - [22/Apr/2023:09:03:29 +0800] "GET /xingrg/all/function/internal_message.html?_=1682125410725&CODE_STATE=getMsg HTTP/1.1" 200 27
116.230.112.155 - - [22/Apr/2023:09:03:30 +0800] "GET /xingrg/all/function/internal_message.html?_=1682125431750&CODE_STATE=getMsg HTTP/1.1" 200 27
116.238.139.35 - - [22/Apr/2023:09:03:30 +0800] "GET /xingrg/all/function/internal_message.html?_=1682125410186&CODE_STATE=getMsg HTTP/1.1" 200 27
101.229.173.194 - - [22/Apr/2023:09:03:40 +0800] "GET /xingrg/check_reg.html?_=1682125423219 HTTP/1.1" 200 22
58.37.5.217 - - [22/Apr/2023:09:03:44 +0800] "GET /xingrg/all/function/internal_message.html?_=1682125426472&CODE_STATE=getMsg HTTP/1.1" 200 27
114.85.98.23 - - [22/Apr/2023:09:03:46 +0800] "GET /xingrg/all/function/internal_message.html?_=1682125427311&CODE_STATE=getMsg HTTP/1.1" 200 27
116.227.208.255 - - [22/Apr/2023:09:03:50 +0800] "GET /xingrg/check_reg.html?_=1682125501250 HTTP/1.1" 200 22
116.227.208.255 - - [22/Apr/2023:09:03:51 +0800] "GET /xingrg/all/function/internal_message.html?_=1682125502017&CODE_STATE=getMsg HTTP/1.1" 200 27
124.79.240.114 - - [22/Apr/2023:09:03:53 +0800] "GET /xingrg/all/function/internal_message.html?_=1682125703434&CODE_STATE=getMsg HTTP/1.1" 200 27
116.230.112.155 - - [22/Apr/2023:09:03:56 +0800] "GET /xingrg/all/function/internal_message.html?_=1682125452881&CODE_STATE=getMsg HTTP/1.1" 200 27
114.83.222.244 - - [22/Apr/2023:09:03:57 +0800] "GET /xingrg/kc/buy/cgsh_order_operate.html?command=get_materiel&rest_code=00149&code=00101013179&supplier_code=00100008&order_time=2023-04-22 HTTP/1.1" 200 412
58.221.95.50 - - [22/Apr/2023:09:03:58 +0800] "GET /xingrg/check_reg.html?_=1682125439730 HTTP/1.1" 200 22
114.83.222.244 - - [22/Apr/2023:09:04:09 +0800] "GET /xingrg/kc/buy/cgsh_order_operate.html?command=get_materiel&rest_code=00149&code=00101009004&supplier_code=00100008&order_time=2023-04-22 HTTP/1.1" 200 408
180.171.122.0 - - [22/Apr/2023:09:04:11 +0800] "GET /xingrg/all/function/internal_message.html?_=1682125446353&CODE_STATE=getMsg HTTP/1.1" 200 27
180.171.122.0 - - [22/Apr/2023:09:04:19 +0800] "GET /xingrg/kc/buy/cgsh_order_add.html HTTP/1.1" 200 70851
180.171.122.0 - - [22/Apr/2023:09:04:19 +0800] "GET /xingrg/words/20230421191028_words.js HTTP/1.1" 304 -
114.83.222.244 - - [22/Apr/2023:09:04:19 +0800] "POST /xingrg/kc/buy/cgsh_order_operate.html HTTP/1.1" 200 2065
180.171.122.0 - - [22/Apr/2023:09:04:19 +0800] "POST /xingrg/kc/buy/cgsh_order_operate.html HTTP/1.1" 200 8245
180.171.122.0 - - [22/Apr/2023:09:04:19 +0800] "GET /xingrg/javascript/easyui/themes/default/validatebox.css HTTP/1.1" 404 1104
180.171.122.0 - - [22/Apr/2023:09:04:19 +0800] "GET /xingrg/all/common/auto_word.html?type=employee&rest_code=00111 HTTP/1.1" 200 155
180.171.122.0 - - [22/Apr/2023:09:04:19 +0800] "GET /xingrg/all/common/auto_word.html?type=employee&rest_code=00111 HTTP/1.1" 200 155
116.224.106.218 - - [22/Apr/2023:09:04:22 +0800] "GET /xingrg/all/function/internal_message.html?_=1682125460710&CODE_STATE=getMsg HTTP/1.1" 200 27
116.224.106.218 - - [22/Apr/2023:09:04:22 +0800] "GET /xingrg/check_reg.html?_=1682125460760 HTTP/1.1" 200 22
116.224.158.100 - - [22/Apr/2023:09:04:23 +0800] "GET /xingrg/all/function/internal_message.html?_=1682125303677&CODE_STATE=getMsg HTTP/1.1" 200 27
114.83.222.244 - - [22/Apr/2023:09:04:25 +0800] "GET /xingrg/all/function/internal_message.html?_=1682125461654&CODE_STATE=getMsg HTTP/1.1" 200 27
114.83.222.244 - - [22/Apr/2023:09:04:25 +0800] "GET /xingrg/check_reg.html?_=1682125461658 HTTP/1.1" 200 22
180.171.122.0 - - [22/Apr/2023:09:04:26 +0800] "GET /xingrg/javascript/auto/indicator.gif HTTP/1.1" 404 1066
114.83.222.244 - - [22/Apr/2023:09:04:26 +0800] "GET /xingrg/kc/buy/cgsh_order_operate.html?command=get_materiel&rest_code=00149&code=00101008167&supplier_code=00100008&order_time=2023-04-22 HTTP/1.1" 200 413
180.171.122.0 - - [22/Apr/2023:09:04:28 +0800] "GET /xingrg/javascript/jquery_tools/images/prev.gif HTTP/1.1" 404 1086
180.171.122.0 - - [22/Apr/2023:09:04:28 +0800] "GET /xingrg/javascript/jquery_tools/images/next.gif HTTP/1.1" 404 1086
58.221.95.50 - - [22/Apr/2023:09:04:29 +0800] "GET /xingrg/all/function/internal_message.html?_=1682125470720&CODE_STATE=getMsg HTTP/1.1" 200 27
116.238.139.35 - - [22/Apr/2023:09:04:30 +0800] "GET /xingrg/all/function/internal_message.html?_=1682125470170&CODE_STATE=getMsg HTTP/1.1" 200 27
116.230.112.155 - - [22/Apr/2023:09:04:30 +0800] "GET /xingrg/all/function/internal_message.html?_=1682125491973&CODE_STATE=getMsg HTTP/1.1" 200 27
114.83.222.244 - - [22/Apr/2023:09:04:37 +0800] "GET /xingrg/kc/buy/cgsh_order_operate.html?command=get_materiel&rest_code=00149&code=00101008150&supplier_code=00100008&order_time=2023-04-22 HTTP/1.1" 200 409
180.171.122.0 - - [22/Apr/2023:09:04:38 +0800] "GET /xingrg/kc/buy/cgsh_order_operate.html?command=get_materiel&rest_code=00111&code=00101002027&supplier_code=00100199&order_time=2023-04-22 HTTP/1.1" 200 413
58.37.5.217 - - [22/Apr/2023:09:04:43 +0800] "POST /xingrg/kc/buy/cgsh_order_operate.html HTTP/1.1" 200 37
114.85.98.23 - - [22/Apr/2023:09:04:46 +0800] "GET /xingrg/all/function/internal_message.html?_=1682125487314&CODE_STATE=getMsg HTTP/1.1" 200 27
58.37.5.217 - - [22/Apr/2023:09:04:47 +0800] "GET /xingrg/all/function/internal_message.html?_=1682125489331&CODE_STATE=getMsg HTTP/1.1" 200 27
58.37.5.217 - - [22/Apr/2023:09:04:48 +0800] "POST /xingrg/kc/buy/cgsh_order_operate.html HTTP/1.1" 200 20385
116.227.208.255 - - [22/Apr/2023:09:04:51 +0800] "GET /xingrg/all/function/internal_message.html?_=1682125561997&CODE_STATE=getMsg HTTP/1.1" 200 27
124.79.240.114 - - [22/Apr/2023:09:04:53 +0800] "GET /xingrg/check_reg.html?_=1682125763434 HTTP/1.1" 200 22
124.79.240.114 - - [22/Apr/2023:09:04:53 +0800] "GET /xingrg/all/function/internal_message.html?_=1682125763433&CODE_STATE=getMsg HTTP/1.1" 200 27
114.83.222.244 - - [22/Apr/2023:09:04:53 +0800] "GET /xingrg/kc/buy/cgsh_order_operate.html?command=get_materiel&rest_code=00149&code=00101008114&supplier_code=00100008&order_time=2023-04-22 HTTP/1.1" 200 413
180.171.122.0 - - [22/Apr/2023:09:04:56 +0800] "GET /xingrg/kc/buy/cgsh_order_operate.html?command=get_materiel&rest_code=00111&code=00101001140&supplier_code=00100199&order_time=2023-04-22 HTTP/1.1" 200 417
116.230.112.155 - - [22/Apr/2023:09:04:56 +0800] "GET /xingrg/all/function/internal_message.html?_=1682125512892&CODE_STATE=getMsg HTTP/1.1" 200 27
180.171.122.0 - - [22/Apr/2023:09:05:08 +0800] "GET /xingrg/kc/buy/cgsh_order_operate.html?command=get_materiel&rest_code=00111&code=00101001125&supplier_code=00100199&order_time=2023-04-22 HTTP/1.1" 200 415
180.171.122.0 - - [22/Apr/2023:09:05:11 +0800] "GET /xingrg/all/function/internal_message.html?_=1682125506348&CODE_STATE=getMsg HTTP/1.1" 200 27
58.37.5.217 - - [22/Apr/2023:09:05:11 +0800] "GET /xingrg/kc/buy/cgsh_order_operate.html?command=get_materiel&rest_code=00106&code=00101008215&supplier_code=00100007&order_time=2023-04-22 HTTP/1.1" 200 413
114.83.222.244 - - [22/Apr/2023:09:05:16 +0800] "GET /xingrg/kc/buy/cgsh_order_operate.html?command=get_materiel&rest_code=00149&code=00101008172&supplier_code=00100008&order_time=2023-04-22 HTTP/1.1" 200 412
120.253.135.82 - - [22/Apr/2023:09:05:21 +0800] "GET /xingrg/check_reg.html?_=1682125354909 HTTP/1.1" 200 22
180.171.122.0 - - [22/Apr/2023:09:05:22 +0800] "POST /xingrg/kc/buy/cgsh_order_operate.html HTTP/1.1" 200 37
116.224.106.218 - - [22/Apr/2023:09:05:22 +0800] "GET /xingrg/all/function/internal_message.html?_=1682125520720&CODE_STATE=getMsg HTTP/1.1" 200 27
116.224.158.100 - - [22/Apr/2023:09:05:23 +0800] "GET /xingrg/all/function/internal_message.html?_=1682125363681&CODE_STATE=getMsg HTTP/1.1" 200 27
180.171.122.0 - - [22/Apr/2023:09:05:24 +0800] "POST /xingrg/kc/buy/cgsh_order_operate.html HTTP/1.1" 200 4448
114.83.222.244 - - [22/Apr/2023:09:05:25 +0800] "GET /xingrg/all/function/internal_message.html?_=1682125521635&CODE_STATE=getMsg HTTP/1.1" 200 27
180.171.122.0 - - [22/Apr/2023:09:05:25 +0800] "GET /xingrg/kc/print/load_config.html?kc_code=cgsh HTTP/1.1" 200 1925
114.83.222.244 - - [22/Apr/2023:09:05:26 +0800] "POST /xingrg/kc/buy/cgsh_order_operate.html HTTP/1.1" 200 2065
180.171.122.0 - - [22/Apr/2023:09:05:26 +0800] "GET /xingrg/kc/print/load_data.html?order_code=212023042207493&kc_code=cgsh&condition= HTTP/1.1" 200 1355
58.221.95.50 - - [22/Apr/2023:09:05:29 +0800] "GET /xingrg/all/function/internal_message.html?_=1682125530693&CODE_STATE=getMsg HTTP/1.1" 200 27
116.238.139.35 - - [22/Apr/2023:09:05:30 +0800] "GET /xingrg/all/function/internal_message.html?_=1682125530157&CODE_STATE=getMsg HTTP/1.1" 200 27
116.230.112.155 - - [22/Apr/2023:09:05:30 +0800] "GET /xingrg/all/function/internal_message.html?_=1682125551980&CODE_STATE=getMsg HTTP/1.1" 200 27
124.79.240.114 - - [22/Apr/2023:09:05:30 +0800] "POST /xingrg/services/DataTransmitService HTTP/1.1" 200 524
180.171.122.0 - - [22/Apr/2023:09:05:33 +0800] "GET /xingrg/kc/buy/cgsh_order_add.html HTTP/1.1" 200 70851
180.171.122.0 - - [22/Apr/2023:09:05:33 +0800] "POST /xingrg/kc/buy/cgsh_order_operate.html HTTP/1.1" 200 8245
180.171.122.0 - - [22/Apr/2023:09:05:33 +0800] "GET /xingrg/javascript/easyui/themes/default/validatebox.css HTTP/1.1" 404 1104
114.83.222.244 - - [22/Apr/2023:09:05:33 +0800] "GET /xingrg/kc/buy/cgsh_order_operate.html?command=get_materiel&rest_code=00149&code=00101008019&supplier_code=00100008&order_time=2023-04-22 HTTP/1.1" 200 416
120.253.135.82 - - [22/Apr/2023:09:05:34 +0800] "GET /xingrg/kc/pszx/mdqp_order_list.html?state=10 HTTP/1.1" 200 10275
120.253.135.82 - - [22/Apr/2023:09:05:35 +0800] "GET /xingrg/dwr/interface/AjaxQqpsService.js HTTP/1.1" 200 16326
120.253.135.82 - - [22/Apr/2023:09:05:35 +0800] "GET /xingrg/dwr/interface/AjaxReportQueryService.js HTTP/1.1" 200 13203
120.253.135.82 - - [22/Apr/2023:09:05:35 +0800] "GET /xingrg/dwr/engine.js HTTP/1.1" 200 43631
116.238.139.35 - - [22/Apr/2023:09:05:41 +0800] "GET /xingrg/check_reg.html?_=1682125541752 HTTP/1.1" 200 22
58.37.5.217 - - [22/Apr/2023:09:05:44 +0800] "GET /xingrg/check_reg.html?_=1682125546266 HTTP/1.1" 200 22
180.171.122.0 - - [22/Apr/2023:09:05:45 +0800] "GET /xingrg/kc/buy/cgsh_order_operate.html?command=get_materiel&rest_code=00111&code=00101008403&supplier_code=00100005&order_time=2023-04-22 HTTP/1.1" 200 431
114.85.98.23 - - [22/Apr/2023:09:05:46 +0800] "GET /xingrg/all/function/internal_message.html?_=1682125547308&CODE_STATE=getMsg HTTP/1.1" 200 27
180.163.29.103 - - [22/Apr/2023:09:05:47 +0800] "GET /xingrg/all/function/internal_message.html?_=1682125489331&CODE_STATE=getMsg HTTP/1.1" 302 -
58.37.5.217 - - [22/Apr/2023:09:05:47 +0800] "GET /xingrg/all/function/internal_message.html?_=1682125549308&CODE_STATE=getMsg HTTP/1.1" 200 27
180.163.29.103 - - [22/Apr/2023:09:05:47 +0800] "GET /xingrg/login.html HTTP/1.1" 200 7641
120.253.135.82 - - [22/Apr/2023:09:05:48 +0800] "GET /xingrg/kc/pszx/mdqp_order_list.html?state=10 HTTP/1.1" 200 10275
120.253.135.82 - - [22/Apr/2023:09:05:48 +0800] "GET /xingrg/dwr/interface/AjaxQqpsService.js HTTP/1.1" 200 16326
120.253.135.82 - - [22/Apr/2023:09:05:48 +0800] "GET /xingrg/dwr/engine.js HTTP/1.1" 200 43631
120.253.135.82 - - [22/Apr/2023:09:05:48 +0800] "GET /xingrg/dwr/interface/AjaxReportQueryService.js HTTP/1.1" 200 13203
114.83.222.244 - - [22/Apr/2023:09:05:49 +0800] "GET /xingrg/kc/buy/cgsh_order_operate.html?command=get_materiel&rest_code=00149&code=00101008060&supplier_code=00100008&order_time=2023-04-22 HTTP/1.1" 200 416
116.227.208.255 - - [22/Apr/2023:09:05:51 +0800] "GET /xingrg/all/function/internal_message.html?_=1682125621972&CODE_STATE=getMsg HTTP/1.1" 200 27
58.37.5.217 - - [22/Apr/2023:09:05:52 +0800] "GET /xingrg/kc/buy/cgsh_order_operate.html?command=get_materiel&rest_code=00106&code=00101008132&supplier_code=00100007&order_time=2023-04-22 HTTP/1.1" 200 408
124.79.240.114 - - [22/Apr/2023:09:05:53 +0800] "GET /xingrg/all/function/internal_message.html?_=1682125823431&CODE_STATE=getMsg HTTP/1.1" 200 27
180.171.122.0 - - [22/Apr/2023:09:05:55 +0800] "GET /xingrg/kc/buy/cgsh_order_operate.html?command=get_materiel&rest_code=00111&code=00101008296&supplier_code=00100005&order_time=2023-04-22 HTTP/1.1" 200 435
116.230.112.155 - - [22/Apr/2023:09:05:56 +0800] "GET /xingrg/check_reg.html?_=1682125572850 HTTP/1.1" 200 22
116.230.112.155 - - [22/Apr/2023:09:05:56 +0800] "GET /xingrg/all/function/internal_message.html?_=1682125572905&CODE_STATE=getMsg HTTP/1.1" 200 27
120.253.135.82 - - [22/Apr/2023:09:05:58 +0800] "GET /xingrg/kc/pszx/mdqp_order_list.html?state=10 HTTP/1.1" 200 10275
120.253.135.82 - - [22/Apr/2023:09:05:58 +0800] "GET /xingrg/dwr/interface/AjaxQqpsService.js HTTP/1.1" 200 16326
120.253.135.82 - - [22/Apr/2023:09:05:58 +0800] "GET /xingrg/dwr/engine.js HTTP/1.1" 200 43631
120.253.135.82 - - [22/Apr/2023:09:05:58 +0800] "GET /xingrg/dwr/interface/AjaxReportQueryService.js HTTP/1.1" 200 13203
114.83.222.244 - - [22/Apr/2023:09:06:00 +0800] "GET /xingrg/kc/buy/cgsh_order_operate.html?command=get_materiel&rest_code=00149&code=00101008001&supplier_code=00100008&order_time=2023-04-22 HTTP/1.1" 200 412
180.171.122.0 - - [22/Apr/2023:09:06:02 +0800] "GET /xingrg/kc/buy/cgsh_order_operate.html?command=get_materiel&rest_code=00111&code=00101008087&supplier_code=00100005&order_time=2023-04-22 HTTP/1.1" 200 412
180.171.122.0 - - [22/Apr/2023:09:06:11 +0800] "GET /xingrg/all/function/internal_message.html?_=1682125566359&CODE_STATE=getMsg HTTP/1.1" 200 27
180.171.122.0 - - [22/Apr/2023:09:06:11 +0800] "GET /xingrg/kc/buy/cgsh_order_operate.html?command=get_materiel&rest_code=00111&code=00101008357&supplier_code=00100005&order_time=2023-04-22 HTTP/1.1" 200 408
114.83.222.244 - - [22/Apr/2023:09:06:20 +0800] "POST /xingrg/kc/buy/cgsh_order_operate.html HTTP/1.1" 200 37
116.224.106.218 - - [22/Apr/2023:09:06:22 +0800] "GET /xingrg/all/function/internal_message.html?_=1682125580718&CODE_STATE=getMsg HTTP/1.1" 200 27
116.224.158.100 - - [22/Apr/2023:09:06:23 +0800] "GET /xingrg/all/function/internal_message.html?_=1682125423687&CODE_STATE=getMsg HTTP/1.1" 200 27
114.83.222.244 - - [22/Apr/2023:09:06:25 +0800] "GET /xingrg/all/function/internal_message.html?_=1682125581635&CODE_STATE=getMsg HTTP/1.1" 200 27
58.37.5.217 - - [22/Apr/2023:09:06:25 +0800] "GET /xingrg/kc/buy/cgsh_order_operate.html?command=get_materiel&rest_code=00106&code=00101008080&supplier_code=00100007&order_time=2023-04-22 HTTP/1.1" 200 416
180.171.122.0 - - [22/Apr/2023:09:06:28 +0800] "GET /xingrg/kc/buy/cgsh_order_operate.html?command=get_materiel&rest_code=00111&code=00101008248&supplier_code=00100005&order_time=2023-04-22 HTTP/1.1" 200 412
58.221.95.50 - - [22/Apr/2023:09:06:29 +0800] "GET /xingrg/all/function/internal_message.html?_=1682125590678&CODE_STATE=getMsg HTTP/1.1" 200 27
116.238.139.35 - - [22/Apr/2023:09:06:30 +0800] "GET /xingrg/all/function/internal_message.html?_=1682125590145&CODE_STATE=getMsg HTTP/1.1" 200 27
116.230.112.155 - - [22/Apr/2023:09:06:30 +0800] "GET /xingrg/all/function/internal_message.html?_=1682125612182&CODE_STATE=getMsg HTTP/1.1" 200 27
114.83.222.244 - - [22/Apr/2023:09:06:31 +0800] "POST /xingrg/kc/buy/cgsh_order_operate.html HTTP/1.1" 200 12
120.253.135.82 - - [22/Apr/2023:09:06:33 +0800] "GET /xingrg/kc/pszx/mdqp_order_list.html?state=10 HTTP/1.1" 200 10275
120.253.135.82 - - [22/Apr/2023:09:06:33 +0800] "GET /xingrg/dwr/interface/AjaxQqpsService.js HTTP/1.1" 200 16326
120.253.135.82 - - [22/Apr/2023:09:06:33 +0800] "GET /xingrg/dwr/interface/AjaxReportQueryService.js HTTP/1.1" 200 13203
120.253.135.82 - - [22/Apr/2023:09:06:33 +0800] "GET /xingrg/dwr/engine.js HTTP/1.1" 200 43631
114.83.222.244 - - [22/Apr/2023:09:06:35 +0800] "GET /xingrg/kc/buy/cgsh_order_info.html?code=212023042207494 HTTP/1.1" 200 65892
114.83.222.244 - - [22/Apr/2023:09:06:35 +0800] "GET /xingrg/javascript/easyui/themes/default/validatebox.css HTTP/1.1" 404 1104
114.83.222.244 - - [22/Apr/2023:09:06:36 +0800] "POST /xingrg/kc/buy/cgsh_order_operate.html HTTP/1.1" 200 36682
180.171.122.0 - - [22/Apr/2023:09:06:37 +0800] "GET /xingrg/kc/buy/cgsh_order_operate.html?command=get_materiel&rest_code=00111&code=00101008356&supplier_code=00100005&order_time=2023-04-22 HTTP/1.1" 200 408
114.83.222.244 - - [22/Apr/2023:09:06:37 +0800] "GET /xingrg/kc/print/load_config.html?kc_code=cgsh HTTP/1.1" 200 1925
114.83.222.244 - - [22/Apr/2023:09:06:38 +0800] "GET /xingrg/kc/print/load_data.html?order_code=212023042207494&kc_code=cgsh&condition= HTTP/1.1" 200 14350
58.37.5.217 - - [22/Apr/2023:09:06:40 +0800] "GET /xingrg/kc/buy/cgsh_order_operate.html?command=get_materiel&rest_code=00106&code=00101008049&supplier_code=00100007&order_time=2023-04-22 HTTP/1.1" 200 408
120.253.135.82 - - [22/Apr/2023:09:06:44 +0800] "GET /xingrg/kc/pszx/mdqp_order_list.html?state=10 HTTP/1.1" 200 10275
120.253.135.82 - - [22/Apr/2023:09:06:44 +0800] "GET /xingrg/dwr/interface/AjaxReportQueryService.js HTTP/1.1" 200 13203
120.253.135.82 - - [22/Apr/2023:09:06:44 +0800] "GET /xingrg/dwr/engine.js HTTP/1.1" 200 43631
120.253.135.82 - - [22/Apr/2023:09:06:44 +0800] "GET /xingrg/dwr/interface/AjaxQqpsService.js HTTP/1.1" 200 16326
58.37.5.217 - - [22/Apr/2023:09:06:45 +0800] "POST /xingrg/kc/buy/cgsh_order_operate.html HTTP/1.1" 200 2065
114.85.98.23 - - [22/Apr/2023:09:06:46 +0800] "GET /xingrg/check_reg.html?_=1682125607306 HTTP/1.1" 200 22
114.85.98.23 - - [22/Apr/2023:09:06:46 +0800] "GET /xingrg/all/function/internal_message.html?_=1682125607311&CODE_STATE=getMsg HTTP/1.1" 200 27
58.37.5.217 - - [22/Apr/2023:09:06:47 +0800] "GET /xingrg/all/function/internal_message.html?_=1682125609289&CODE_STATE=getMsg HTTP/1.1" 200 27
180.171.122.0 - - [22/Apr/2023:09:06:47 +0800] "GET /xingrg/kc/buy/cgsh_order_operate.html?command=get_materiel&rest_code=00111&code=00101008599&supplier_code=00100005&order_time=2023-04-22 HTTP/1.1" 200 405
101.229.22.234 - - [22/Apr/2023:09:06:51 +0800] "GET /favicon.ico HTTP/1.1" 404 -
116.227.208.255 - - [22/Apr/2023:09:06:51 +0800] "GET /xingrg/all/function/internal_message.html?_=1682125681953&CODE_STATE=getMsg HTTP/1.1" 200 27
120.253.135.82 - - [22/Apr/2023:09:06:51 +0800] "GET /xingrg/check_reg.html?_=1682125609559 HTTP/1.1" 302 -
101.229.22.234 - - [22/Apr/2023:09:06:52 +0800] "GET /xingrg/login.html HTTP/1.1" 200 7641
101.229.22.234 - - [22/Apr/2023:09:06:52 +0800] "GET /xingrg/images/blue/jxLogo.png HTTP/1.1" 304 -
101.229.22.234 - - [22/Apr/2023:09:06:53 +0800] "GET /xingrg/images/blue/login_bg.png HTTP/1.1" 304 -
101.229.22.234 - - [22/Apr/2023:09:06:53 +0800] "GET /xingrg/images/blue/srbg.png HTTP/1.1" 304 -
101.229.22.234 - - [22/Apr/2023:09:06:53 +0800] "GET /xingrg/images/blue/hj.png HTTP/1.1" 304 -
124.79.240.114 - - [22/Apr/2023:09:06:53 +0800] "GET /xingrg/all/function/internal_message.html?_=1682125883429&CODE_STATE=getMsg HTTP/1.1" 200 27
101.229.22.234 - - [22/Apr/2023:09:06:53 +0800] "GET /favicon.ico HTTP/1.1" 404 -
