116.238.139.35 - - [21/Apr/2023:10:56:48 +0800] "GET /xingrg/all/function/internal_message.html?_=1682045746558&CODE_STATE=getMsg HTTP/1.1" 200 27
116.238.139.35 - - [21/Apr/2023:10:56:48 +0800] "POST /xingrg/kc/base/wldb_order_operate.html HTTP/1.1" 200 6806
116.238.139.35 - - [21/Apr/2023:10:56:48 +0800] "GET /xingrg/javascript/easyui/themes/default/validatebox.css HTTP/1.1" 404 1104
116.238.139.35 - - [21/Apr/2023:10:56:48 +0800] "GET /xingrg/all/common/auto_word.html?type=base&rest_code=00150 HTTP/1.1" 200 1853
116.238.139.35 - - [21/Apr/2023:10:56:48 +0800] "GET /xingrg/all/common/auto_word.html?type=base&rest_code=00150 HTTP/1.1" 200 1853
116.224.158.100 - - [21/Apr/2023:10:56:49 +0800] "POST /xingrg/dwr/call/plaincall/AjaxQqpsService.checkOrder.dwr HTTP/1.1" 200 78
116.230.112.155 - - [21/Apr/2023:10:56:50 +0800] "GET /xingrg/check_reg.html?_=1682045828466 HTTP/1.1" 200 22
116.230.112.155 - - [21/Apr/2023:10:56:50 +0800] "GET /xingrg/all/function/internal_message.html?_=1682045828793&CODE_STATE=getMsg HTTP/1.1" 200 27
116.238.139.35 - - [21/Apr/2023:10:56:50 +0800] "GET /xingrg/javascript/auto/indicator.gif HTTP/1.1" 404 1066
116.224.158.100 - - [21/Apr/2023:10:56:51 +0800] "GET /xingrg/kc/mdqp/qqps_order_info.html?code=302023042100368 HTTP/1.1" 200 26796
116.224.158.100 - - [21/Apr/2023:10:56:51 +0800] "GET /xingrg/dwr/interface/AjaxComOrderService.js HTTP/1.1" 200 18264
116.224.158.100 - - [21/Apr/2023:10:56:51 +0800] "GET /xingrg/dwr/interface/AjaxQqpsService.js HTTP/1.1" 200 16326
116.224.158.100 - - [21/Apr/2023:10:56:51 +0800] "GET /xingrg/dwr/engine.js HTTP/1.1" 200 43631
116.224.158.100 - - [21/Apr/2023:10:56:52 +0800] "POST /xingrg/dwr/call/plaincall/AjaxQqpsService.loadMaterielItems.dwr HTTP/1.1" 200 860
116.230.112.155 - - [21/Apr/2023:10:56:52 +0800] "POST /xingrg/kc/buy/cgsh_order_operate.html HTTP/1.1" 200 37
58.221.95.50 - - [21/Apr/2023:10:56:54 +0800] "GET /xingrg/all/function/internal_message.html?_=1682045815279&CODE_STATE=getMsg HTTP/1.1" 200 27
116.230.112.155 - - [21/Apr/2023:10:56:55 +0800] "POST /xingrg/kc/buy/cgsh_order_operate.html HTTP/1.1" 200 7377
120.253.135.82 - - [21/Apr/2023:10:56:55 +0800] "GET /xingrg/check_reg.html?_=1682045814041 HTTP/1.1" 302 -
116.227.208.255 - - [21/Apr/2023:10:56:57 +0800] "GET /xingrg/all/function/internal_message.html?_=1682045817126&CODE_STATE=getMsg HTTP/1.1" 200 27
116.238.139.35 - - [21/Apr/2023:10:56:57 +0800] "GET /xingrg/kc/base/wldb_order_operate.html?command=get_materiel&rest_code=00150&base_code=0010446&code=00102002076 HTTP/1.1" 200 432
116.230.112.155 - - [21/Apr/2023:10:56:58 +0800] "GET /xingrg/kc/print/load_data.html?order_code=212023042107145&kc_code=cgsh&condition= HTTP/1.1" 200 2506
180.171.122.0 - - [21/Apr/2023:10:57:00 +0800] "GET /xingrg/all/function/internal_message.html?_=1682045816672&CODE_STATE=getMsg HTTP/1.1" 200 27
116.238.139.35 - - [21/Apr/2023:10:57:04 +0800] "GET /xingrg/kc/base/wldb_order_operate.html?command=get_materiel&rest_code=00150&base_code=0010446&code=00102001105 HTTP/1.1" 200 433
120.253.135.82 - - [21/Apr/2023:10:57:06 +0800] "POST /xingrg/kc/pszx/mdps_list_operate.html HTTP/1.1" 200 3857
114.85.98.23 - - [21/Apr/2023:10:57:06 +0800] "GET /xingrg/all/function/internal_message.html?_=1682045826747&CODE_STATE=getMsg HTTP/1.1" 200 27
116.230.112.155 - - [21/Apr/2023:10:57:07 +0800] "GET /xingrg/all/function/internal_message.html?_=1682045828092&CODE_STATE=getMsg HTTP/1.1" 200 27
116.238.139.35 - - [21/Apr/2023:10:57:09 +0800] "GET /xingrg/kc/base/wldb_order_operate.html?command=get_materiel&rest_code=00150&base_code=0010446&code=00102002448 HTTP/1.1" 200 440
120.253.135.82 - - [21/Apr/2023:10:57:09 +0800] "POST /xingrg/kc/pszx/mdps_list_operate.html HTTP/1.1" 200 3857
120.253.135.82 - - [21/Apr/2023:10:57:09 +0800] "GET /xingrg/kc/pszx/mdqp_order_list.html?state=10 HTTP/1.1" 200 10709
120.253.135.82 - - [21/Apr/2023:10:57:09 +0800] "GET /xingrg/dwr/interface/AjaxQqpsService.js HTTP/1.1" 200 16326
120.253.135.82 - - [21/Apr/2023:10:57:09 +0800] "GET /xingrg/dwr/interface/AjaxReportQueryService.js HTTP/1.1" 200 13203
120.253.135.82 - - [21/Apr/2023:10:57:09 +0800] "GET /xingrg/dwr/engine.js HTTP/1.1" 200 43631
180.169.147.146 - - [21/Apr/2023:10:57:09 +0800] "GET /xingrg/all/function/internal_message.html?_=1682045826242&CODE_STATE=getMsg HTTP/1.1" 200 27
114.83.222.182 - - [21/Apr/2023:10:57:10 +0800] "GET /xingrg/all/function/internal_message.html?_=1682045920001&CODE_STATE=getMsg HTTP/1.1" 200 27
120.253.135.82 - - [21/Apr/2023:10:57:12 +0800] "GET /xingrg/kc/pszx/mdqp_order_info.html?code=302023042100368 HTTP/1.1" 200 13338
120.253.135.82 - - [21/Apr/2023:10:57:12 +0800] "GET /xingrg/dwr/interface/AjaxComOrderService.js HTTP/1.1" 200 18264
120.253.135.82 - - [21/Apr/2023:10:57:12 +0800] "GET /xingrg/dwr/interface/AjaxQqpsService.js HTTP/1.1" 200 16326
120.253.135.82 - - [21/Apr/2023:10:57:12 +0800] "GET /xingrg/dwr/engine.js HTTP/1.1" 200 43631
120.253.135.82 - - [21/Apr/2023:10:57:13 +0800] "GET /xingrg/javascript/Grid.js HTTP/1.1" 304 -
120.253.135.82 - - [21/Apr/2023:10:57:13 +0800] "GET /xingrg/javascript/checkform.js HTTP/1.1" 304 -
120.253.135.82 - - [21/Apr/2023:10:57:13 +0800] "GET /xingrg/javascript/AjaxInfoList.js HTTP/1.1" 304 -
120.253.135.82 - - [21/Apr/2023:10:57:13 +0800] "GET /xingrg/javascript/ToolTips.js HTTP/1.1" 304 -
120.253.135.82 - - [21/Apr/2023:10:57:13 +0800] "GET /xingrg/javascript/jquery_easy_ui/themes/icons/print.png HTTP/1.1" 304 -
120.253.135.82 - - [21/Apr/2023:10:57:13 +0800] "GET /xingrg/javascript/jquery_easy_ui/themes/default/images/menu_downarrow.png HTTP/1.1" 304 -
120.253.135.82 - - [21/Apr/2023:10:57:13 +0800] "GET /xingrg/images/blue/button/kc_tab_save.gif HTTP/1.1" 304 -
120.253.135.82 - - [21/Apr/2023:10:57:13 +0800] "GET /xingrg/images/blue/button/kc_tab_edit.gif HTTP/1.1" 304 -
120.253.135.82 - - [21/Apr/2023:10:57:13 +0800] "GET /xingrg/images/blue/kc_tab_left.gif HTTP/1.1" 304 -
120.253.135.82 - - [21/Apr/2023:10:57:13 +0800] "GET /xingrg/images/blue/kc_tab_right.gif HTTP/1.1" 304 -
120.253.135.82 - - [21/Apr/2023:10:57:13 +0800] "GET /xingrg/images/blue/kc_tab_mid.gif HTTP/1.1" 304 -
120.253.135.82 - - [21/Apr/2023:10:57:13 +0800] "GET /xingrg/images/blue/kc_tab2_left.gif HTTP/1.1" 304 -
120.253.135.82 - - [21/Apr/2023:10:57:13 +0800] "GET /xingrg/images/blue/kc_tab2_right.gif HTTP/1.1" 304 -
120.253.135.82 - - [21/Apr/2023:10:57:13 +0800] "GET /xingrg/images/blue/wait.gif HTTP/1.1" 304 -
120.253.135.82 - - [21/Apr/2023:10:57:13 +0800] "POST /xingrg/dwr/call/plaincall/AjaxQqpsService.loadMaterielItems.dwr HTTP/1.1" 200 860
180.169.147.146 - - [21/Apr/2023:10:57:15 +0800] "GET /xingrg/all/function/internal_message.html?_=1682045835051&CODE_STATE=getMsg HTTP/1.1" 200 27
116.238.139.35 - - [21/Apr/2023:10:57:16 +0800] "GET /xingrg/kc/base/wldb_order_operate.html?command=get_materiel&rest_code=00150&base_code=0010446&code=00102004030 HTTP/1.1" 200 442
120.253.135.82 - - [21/Apr/2023:10:57:17 +0800] "GET /xingrg/javascript/jquery_easy_ui/themes/default/images/button_plain_hover.png HTTP/1.1" 304 -
120.253.135.82 - - [21/Apr/2023:10:57:18 +0800] "GET /xingrg/kc/pszx/mdqp_order_list.html?isBack=1 HTTP/1.1" 302 -
120.253.135.82 - - [21/Apr/2023:10:57:19 +0800] "GET /xingrg/kc/pszx/mdqp_order_list.html?state=10 HTTP/1.1" 200 10709
120.253.135.82 - - [21/Apr/2023:10:57:19 +0800] "GET /xingrg/dwr/interface/AjaxQqpsService.js HTTP/1.1" 200 16326
120.253.135.82 - - [21/Apr/2023:10:57:19 +0800] "GET /xingrg/dwr/interface/AjaxReportQueryService.js HTTP/1.1" 200 13203
120.253.135.82 - - [21/Apr/2023:10:57:19 +0800] "GET /xingrg/dwr/engine.js HTTP/1.1" 200 43631
116.224.106.218 - - [21/Apr/2023:10:57:20 +0800] "GET /xingrg/all/function/internal_message.html?_=1682045839027&CODE_STATE=getMsg HTTP/1.1" 200 27
116.238.139.35 - - [21/Apr/2023:10:57:21 +0800] "GET /xingrg/kc/base/wldb_order_operate.html?command=get_materiel&rest_code=00150&base_code=0010446&code=00102004026 HTTP/1.1" 200 442
116.230.112.155 - - [21/Apr/2023:10:57:22 +0800] "POST /xingrg/kc/base/stock_operate.html HTTP/1.1" 200 2911
120.253.135.82 - - [21/Apr/2023:10:57:24 +0800] "GET /xingrg/kc/pszx/mdqp_order_list.html?state=10 HTTP/1.1" 200 10709
120.253.135.82 - - [21/Apr/2023:10:57:24 +0800] "GET /xingrg/dwr/interface/AjaxQqpsService.js HTTP/1.1" 200 16326
120.253.135.82 - - [21/Apr/2023:10:57:24 +0800] "GET /xingrg/dwr/interface/AjaxReportQueryService.js HTTP/1.1" 200 13203
120.253.135.82 - - [21/Apr/2023:10:57:24 +0800] "GET /xingrg/dwr/engine.js HTTP/1.1" 200 43631
116.230.112.155 - - [21/Apr/2023:10:57:27 +0800] "GET /xingrg/kc/base/stock_detail.html?m=00101034010 HTTP/1.1" 200 7363
180.164.3.199 - - [21/Apr/2023:10:57:28 +0800] "GET /xingrg/all/function/internal_message.html?_=1682045848092&CODE_STATE=getMsg HTTP/1.1" 200 27
120.253.135.82 - - [21/Apr/2023:10:57:29 +0800] "GET /xingrg/javascript/jquery_easy_ui/themes/default/images/tabs_active.png HTTP/1.1" 304 -
61.170.233.130 - - [21/Apr/2023:10:57:29 +0800] "GET /xingrg/all/function/internal_message.html?_=1682045852036&CODE_STATE=getMsg HTTP/1.1" 200 27
180.164.3.199 - - [21/Apr/2023:10:57:29 +0800] "GET /xingrg/check_reg.html?_=1682045849053 HTTP/1.1" 200 22
116.230.112.155 - - [21/Apr/2023:10:57:33 +0800] "GET /xingrg/kc/base/stock_detail.html?m=00101034145 HTTP/1.1" 200 7355
114.84.144.20 - - [21/Apr/2023:10:57:36 +0800] "GET /xingrg/all/function/internal_message.html?_=1682045856397&CODE_STATE=getMsg HTTP/1.1" 200 27
116.230.112.155 - - [21/Apr/2023:10:57:38 +0800] "GET /xingrg/kc/base/stock_operate.html?_=1682045859150&command=get_report_file&start_day=20220601 HTTP/1.1" 200 53
116.230.112.155 - - [21/Apr/2023:10:57:38 +0800] "GET /xingrg/all/report/report_query.html?isQuery=1&onlyBody=1&rh=2000&fileName=kc/base/kc_stock_detail_new.xml&queryString=(1=1)&queryText=&tableQueryString=init_table$sp1$$sp$crk_table$sp1$order_day%20between%2020220601%20and%2020230430&varString=start_day:20220601,materiel_code:00101034145,cost_id:3743,end_date:20220531 HTTP/1.1" 200 48701
116.230.112.155 - - [21/Apr/2023:10:57:38 +0800] "GET /xingrg/dwr/interface/AjaxReportQueryService.js HTTP/1.1" 200 13203
116.230.112.155 - - [21/Apr/2023:10:57:38 +0800] "GET /xingrg/dwr/engine.js HTTP/1.1" 200 43631
116.227.208.255 - - [21/Apr/2023:10:57:38 +0800] "GET /xingrg/check_reg.html?_=1682045931310 HTTP/1.1" 200 22
116.227.208.255 - - [21/Apr/2023:10:57:38 +0800] "GET /xingrg/all/function/internal_message.html?_=1682045931313&CODE_STATE=getMsg HTTP/1.1" 200 27
116.230.112.155 - - [21/Apr/2023:10:57:39 +0800] "POST /xingrg/all/report/load_report_page.html HTTP/1.1" 200 20351
116.230.112.155 - - [21/Apr/2023:10:57:39 +0800] "GET /xingrg/servlets/image?cache=0.20141132136389894&image=px HTTP/1.1" 200 807
116.238.139.35 - - [21/Apr/2023:10:57:42 +0800] "GET /xingrg/all/function/internal_message.html?_=1682045862144&CODE_STATE=getMsg HTTP/1.1" 200 27
116.230.112.155 - - [21/Apr/2023:10:57:44 +0800] "GET /xingrg/kc/guide/show_order.html?code=312022081400302&type=31 HTTP/1.1" 302 -
116.230.112.155 - - [21/Apr/2023:10:57:45 +0800] "GET /xingrg/kc/mdqp/pssh_order_info.html?code=312022081400302&sysBaseUrl=http%3A%2F%2F180.169.147.146%3A18081%2Fxingrg%2F&costTime=25×tamp=1682045864431 HTTP/1.1" 200 14390
116.230.112.155 - - [21/Apr/2023:10:57:45 +0800] "GET /xingrg/javascript/jquery_tools/jquery-1.4.2.min.js HTTP/1.1" 404 1094
116.230.112.155 - - [21/Apr/2023:10:57:45 +0800] "GET /favicon.ico HTTP/1.1" 404 -
116.230.112.155 - - [21/Apr/2023:10:57:45 +0800] "GET /xingrg/javascript/easyui/themes/default/validatebox.css HTTP/1.1" 404 1104
116.230.112.155 - - [21/Apr/2023:10:57:45 +0800] "POST /xingrg/kc/mdqp/pssh_order_operate.html HTTP/1.1" 200 3625
124.79.74.67 - - [21/Apr/2023:10:57:46 +0800] "GET /xingrg/all/function/internal_message.html?_=1682045870007&CODE_STATE=getMsg HTTP/1.1" 200 27
116.224.158.100 - - [21/Apr/2023:10:57:47 +0800] "GET /xingrg/all/function/internal_message.html?_=1682045708188&CODE_STATE=getMsg HTTP/1.1" 200 27
116.238.139.35 - - [21/Apr/2023:10:57:48 +0800] "GET /xingrg/all/function/internal_message.html?_=1682045806570&CODE_STATE=getMsg HTTP/1.1" 200 27
116.230.112.155 - - [21/Apr/2023:10:57:51 +0800] "GET /xingrg/all/function/internal_message.html?_=1682045889015&CODE_STATE=getMsg HTTP/1.1" 200 27
58.221.95.50 - - [21/Apr/2023:10:57:54 +0800] "GET /xingrg/all/function/internal_message.html?_=1682045875252&CODE_STATE=getMsg HTTP/1.1" 200 27
116.227.208.255 - - [21/Apr/2023:10:57:57 +0800] "GET /xingrg/all/function/internal_message.html?_=1682045877131&CODE_STATE=getMsg HTTP/1.1" 200 27
101.229.22.234 - - [21/Apr/2023:10:57:59 +0800] "GET /favicon.ico HTTP/1.1" 404 -
101.229.22.234 - - [21/Apr/2023:10:57:59 +0800] "GET /xingrg/login.html HTTP/1.1" 200 7641
101.229.22.234 - - [21/Apr/2023:10:57:59 +0800] "GET /xingrg/images/blue/jxLogo.png HTTP/1.1" 304 -
101.229.22.234 - - [21/Apr/2023:10:58:00 +0800] "GET /xingrg/images/blue/login_bg.png HTTP/1.1" 304 -
101.229.22.234 - - [21/Apr/2023:10:58:00 +0800] "GET /xingrg/images/blue/hj.png HTTP/1.1" 304 -
101.229.22.234 - - [21/Apr/2023:10:58:00 +0800] "GET /xingrg/images/blue/srbg.png HTTP/1.1" 304 -
180.171.122.0 - - [21/Apr/2023:10:58:00 +0800] "GET /xingrg/all/function/internal_message.html?_=1682045876678&CODE_STATE=getMsg HTTP/1.1" 200 27
101.229.22.234 - - [21/Apr/2023:10:58:01 +0800] "GET /favicon.ico HTTP/1.1" 404 -
114.85.98.23 - - [21/Apr/2023:10:58:06 +0800] "GET /xingrg/all/function/internal_message.html?_=1682045886744&CODE_STATE=getMsg HTTP/1.1" 200 27
116.230.112.155 - - [21/Apr/2023:10:58:07 +0800] "GET /xingrg/all/function/internal_message.html?_=1682045888088&CODE_STATE=getMsg HTTP/1.1" 200 27
101.229.22.234 - - [21/Apr/2023:10:58:08 +0800] "POST /xingrg/login.do HTTP/1.1" 302 -
101.229.22.234 - - [21/Apr/2023:10:58:09 +0800] "GET /xingrg/index.html?sysBaseUrl=http%3A%2F%2F180.169.147.146%3A18081%2Fxingrg%2F&costTime=802×tamp=1682045888982 HTTP/1.1" 200 17179
101.229.22.234 - - [21/Apr/2023:10:58:09 +0800] "GET /xingrg/javascript/jquery_easy_ui/themes/default/easyui.css HTTP/1.1" 304 -
101.229.22.234 - - [21/Apr/2023:10:58:09 +0800] "GET /xingrg/javascript/jquery_easy_ui/themes/icon.css HTTP/1.1" 304 -
101.229.22.234 - - [21/Apr/2023:10:58:09 +0800] "GET /xingrg/css/form.css HTTP/1.1" 304 -
101.229.22.234 - - [21/Apr/2023:10:58:09 +0800] "GET /xingrg/javascript/jquery.form.js HTTP/1.1" 304 -
101.229.22.234 - - [21/Apr/2023:10:58:09 +0800] "GET /xingrg/javascript/jquery.utils.js HTTP/1.1" 304 -
101.229.22.234 - - [21/Apr/2023:10:58:09 +0800] "GET /xingrg/javascript/jquery.timers.js HTTP/1.1" 304 -
101.229.22.234 - - [21/Apr/2023:10:58:09 +0800] "GET /xingrg/javascript/jquery-1.4.2.min.js HTTP/1.1" 304 -
101.229.22.234 - - [21/Apr/2023:10:58:09 +0800] "GET /xingrg/javascript/jquery_easy_ui/easyui-lang-zh_CN.js HTTP/1.1" 304 -
101.229.22.234 - - [21/Apr/2023:10:58:09 +0800] "GET /xingrg/javascript/jquery_easy_ui/jquery.easyui.min.js HTTP/1.1" 304 -
101.229.22.234 - - [21/Apr/2023:10:58:09 +0800] "GET /favicon.ico HTTP/1.1" 404 -
101.229.22.234 - - [21/Apr/2023:10:58:09 +0800] "GET /xingrg/javascript/jquery_easy_ui/themes/icons/settle_new.png HTTP/1.1" 304 -
101.229.22.234 - - [21/Apr/2023:10:58:09 +0800] "GET /xingrg/images/blue/navBackgound.jpg HTTP/1.1" 304 -
101.229.22.234 - - [21/Apr/2023:10:58:09 +0800] "GET /xingrg/check_reg.html?_=1682045889480 HTTP/1.1" 200 22
101.229.22.234 - - [21/Apr/2023:10:58:09 +0800] "GET /xingrg/all/function/internal_message.html?_=1682045889479&CODE_STATE=count HTTP/1.1" 200 11
101.229.22.234 - - [21/Apr/2023:10:58:09 +0800] "GET /xingrg/images/blue/pingpu.png HTTP/1.1" 304 -
101.229.22.234 - - [21/Apr/2023:10:58:09 +0800] "POST /xingrg/all/common/load_tree.html?tree=area_rest_tree_json&manage=1 HTTP/1.1" 200 351
101.229.22.234 - - [21/Apr/2023:10:58:09 +0800] "GET /xingrg/javascript/jquery_easy_ui/themes/default/images/tabs_leftarrow.png HTTP/1.1" 304 -
101.229.22.234 - - [21/Apr/2023:10:58:09 +0800] "GET /xingrg/javascript/jquery_easy_ui/themes/default/images/tabs_rightarrow.png HTTP/1.1" 304 -
101.229.22.234 - - [21/Apr/2023:10:58:09 +0800] "GET /xingrg/javascript/jquery_easy_ui/themes/default/images/panel_tool_collapse.gif HTTP/1.1" 304 -
101.229.22.234 - - [21/Apr/2023:10:58:09 +0800] "POST /xingrg/load_menu.html HTTP/1.1" 200 5138
101.229.22.234 - - [21/Apr/2023:10:58:09 +0800] "GET /xingrg/javascript/jquery_easy_ui/themes/default/images/tree_arrows.gif HTTP/1.1" 304 -
101.229.22.234 - - [21/Apr/2023:10:58:09 +0800] "GET /xingrg/javascript/jquery_easy_ui/themes/icons/search_new.png HTTP/1.1" 304 -
101.229.22.234 - - [21/Apr/2023:10:58:09 +0800] "GET /xingrg/javascript/jquery_easy_ui/themes/default/images/tree_folder_open.gif HTTP/1.1" 304 -
101.229.22.234 - - [21/Apr/2023:10:58:09 +0800] "GET /xingrg/javascript/jquery_easy_ui/themes/default/images/tree_folder.gif HTTP/1.1" 304 -
101.229.22.234 - - [21/Apr/2023:10:58:09 +0800] "GET /xingrg/javascript/jquery_easy_ui/themes/icons/storage_new.png HTTP/1.1" 304 -
101.229.22.234 - - [21/Apr/2023:10:58:09 +0800] "GET /xingrg/javascript/jquery_easy_ui/themes/icons/forms_new.png HTTP/1.1" 304 -
101.229.22.234 - - [21/Apr/2023:10:58:09 +0800] "GET /xingrg/javascript/jquery_easy_ui/themes/default/images/tree_file.gif HTTP/1.1" 304 -
180.169.147.146 - - [21/Apr/2023:10:58:09 +0800] "GET /xingrg/all/function/internal_message.html?_=1682045886242&CODE_STATE=getMsg HTTP/1.1" 200 27
114.83.222.182 - - [21/Apr/2023:10:58:10 +0800] "GET /xingrg/all/function/internal_message.html?_=1682045980015&CODE_STATE=getMsg HTTP/1.1" 200 27
101.229.22.234 - - [21/Apr/2023:10:58:12 +0800] "GET /xingrg/javascript/jquery_easy_ui/themes/icons/area.png HTTP/1.1" 304 -
101.229.22.234 - - [21/Apr/2023:10:58:12 +0800] "GET /xingrg/javascript/jquery_easy_ui/themes/icons/rest.png HTTP/1.1" 304 -
180.169.147.146 - - [21/Apr/2023:10:58:15 +0800] "GET /xingrg/all/function/internal_message.html?_=1682045895063&CODE_STATE=getMsg HTTP/1.1" 200 27
180.169.147.146 - - [21/Apr/2023:10:58:15 +0800] "GET /xingrg/check_reg.html?_=1682045895068 HTTP/1.1" 200 22
116.224.106.218 - - [21/Apr/2023:10:58:20 +0800] "GET /xingrg/all/function/internal_message.html?_=1682045899028&CODE_STATE=getMsg HTTP/1.1" 200 27
101.229.22.234 - - [21/Apr/2023:10:58:26 +0800] "GET /xingrg/javascript/jquery_easy_ui/themes/default/images/tabs_close.gif HTTP/1.1" 304 -
101.229.22.234 - - [21/Apr/2023:10:58:26 +0800] "GET /xingrg/kc/base/wldb_order_list.html HTTP/1.1" 200 19104
101.229.22.234 - - [21/Apr/2023:10:58:26 +0800] "GET /xingrg/css/base.css HTTP/1.1" 304 -
101.229.22.234 - - [21/Apr/2023:10:58:26 +0800] "GET /xingrg/css/site.css HTTP/1.1" 304 -
101.229.22.234 - - [21/Apr/2023:10:58:26 +0800] "GET /xingrg/javascript/jquery_tools/datebox.css HTTP/1.1" 304 -
101.229.22.234 - - [21/Apr/2023:10:58:26 +0800] "GET /xingrg/javascript/easyui/themes/default/easyui.css HTTP/1.1" 304 -
101.229.22.234 - - [21/Apr/2023:10:58:26 +0800] "GET /xingrg/javascript/auto/jquery.autocomplete.css HTTP/1.1" 304 -
101.229.22.234 - - [21/Apr/2023:10:58:26 +0800] "GET /xingrg/javascript/easyui/themes/icon.css HTTP/1.1" 304 -
101.229.22.234 - - [21/Apr/2023:10:58:26 +0800] "GET /xingrg/javascript/jquery_tools/fix.css HTTP/1.1" 304 -
101.229.22.234 - - [21/Apr/2023:10:58:26 +0800] "GET /xingrg/javascript/jquery_tools/jquery.tools.min.js HTTP/1.1" 304 -
101.229.22.234 - - [21/Apr/2023:10:58:26 +0800] "GET /xingrg/javascript/jquery_tools/table.css HTTP/1.1" 304 -
101.229.22.234 - - [21/Apr/2023:10:58:26 +0800] "GET /xingrg/javascript/jquery_tools/jquery.tools.hotkey.js HTTP/1.1" 304 -
101.229.22.234 - - [21/Apr/2023:10:58:26 +0800] "GET /xingrg/javascript/jquery_tools/jquery.tools.extend.js HTTP/1.1" 304 -
101.229.22.234 - - [21/Apr/2023:10:58:26 +0800] "GET /xingrg/javascript/jquery_tools/jquery.tools.table.js HTTP/1.1" 304 -
101.229.22.234 - - [21/Apr/2023:10:58:26 +0800] "GET /xingrg/javascript/jquery_tools/list_manager.js HTTP/1.1" 304 -
101.229.22.234 - - [21/Apr/2023:10:58:26 +0800] "GET /xingrg/javascript/auto/jquery.autocomplete.js HTTP/1.1" 304 -
101.229.22.234 - - [21/Apr/2023:10:58:26 +0800] "GET /xingrg/javascript/easyui/easyloader.js HTTP/1.1" 304 -
101.229.22.234 - - [21/Apr/2023:10:58:26 +0800] "GET /xingrg/javascript/jquery.cookie.js HTTP/1.1" 304 -
101.229.22.234 - - [21/Apr/2023:10:58:26 +0800] "GET /xingrg/javascript/print/LodopFuncs.js HTTP/1.1" 304 -
101.229.22.234 - - [21/Apr/2023:10:58:26 +0800] "GET /xingrg/javascript/easyui/themes/icons/edit_add_new.png HTTP/1.1" 304 -
101.229.22.234 - - [21/Apr/2023:10:58:26 +0800] "GET /xingrg/javascript/easyui/themes/icons/cance_new.png HTTP/1.1" 304 -
101.229.22.234 - - [21/Apr/2023:10:58:26 +0800] "GET /xingrg/javascript/easyui/themes/icons/check_new.png HTTP/1.1" 304 -
101.229.22.234 - - [21/Apr/2023:10:58:26 +0800] "GET /xingrg/javascript/easyui/themes/icons/field_new.png HTTP/1.1" 304 -
101.229.22.234 - - [21/Apr/2023:10:58:26 +0800] "GET /xingrg/javascript/easyui/themes/icons/import_new.png HTTP/1.1" 304 -
101.229.22.234 - - [21/Apr/2023:10:58:26 +0800] "GET /xingrg/javascript/easyui/plugins/jquery.parser.js HTTP/1.1" 304 -
101.229.22.234 - - [21/Apr/2023:10:58:26 +0800] "GET /xingrg/images/control/ajaxLoader.gif HTTP/1.1" 304 -
101.229.22.234 - - [21/Apr/2023:10:58:27 +0800] "POST /xingrg/kc/base/wldb_list_operate.html HTTP/1.1" 200 1783
101.229.22.234 - - [21/Apr/2023:10:58:27 +0800] "GET /xingrg/javascript/easyui/themes/default/images/button_plain_hover.png HTTP/1.1" 304 -
101.229.22.234 - - [21/Apr/2023:10:58:28 +0800] "GET /xingrg/kc/base/wldb_order_add.html HTTP/1.1" 200 30391
101.229.22.234 - - [21/Apr/2023:10:58:28 +0800] "GET /xingrg/javascript/pic_change.js HTTP/1.1" 304 -
101.229.22.234 - - [21/Apr/2023:10:58:28 +0800] "GET /xingrg/javascript/jquery_tools/order_manager.js HTTP/1.1" 304 -
101.229.22.234 - - [21/Apr/2023:10:58:28 +0800] "GET /xingrg/javascript/convert.js HTTP/1.1" 304 -
101.229.22.234 - - [21/Apr/2023:10:58:28 +0800] "GET /xingrg/javascript/json2.js HTTP/1.1" 304 -
101.229.22.234 - - [21/Apr/2023:10:58:28 +0800] "GET /xingrg/javascript/print/kc_print.js HTTP/1.1" 304 -
101.229.22.234 - - [21/Apr/2023:10:58:28 +0800] "GET /xingrg/words/20230420144541_words.js HTTP/1.1" 200 961119
180.164.3.199 - - [21/Apr/2023:10:58:28 +0800] "GET /xingrg/all/function/internal_message.html?_=1682045908073&CODE_STATE=getMsg HTTP/1.1" 200 27
101.229.22.234 - - [21/Apr/2023:10:58:28 +0800] "GET /xingrg/javascript/easyui/themes/icons/template_new.png HTTP/1.1" 304 -
101.229.22.234 - - [21/Apr/2023:10:58:28 +0800] "GET /xingrg/javascript/easyui/themes/icons/ok.png HTTP/1.1" 304 -
101.229.22.234 - - [21/Apr/2023:10:58:28 +0800] "GET /xingrg/javascript/easyui/themes/default/images/menu_downarrow.png HTTP/1.1" 304 -
101.229.22.234 - - [21/Apr/2023:10:58:28 +0800] "GET /xingrg/javascript/easyui/themes/icons/print.png HTTP/1.1" 304 -
101.229.22.234 - - [21/Apr/2023:10:58:28 +0800] "GET /xingrg/javascript/easyui/themes/icons/cancel.png HTTP/1.1" 304 -
61.170.233.130 - - [21/Apr/2023:10:58:29 +0800] "GET /xingrg/all/function/internal_message.html?_=1682045912006&CODE_STATE=getMsg HTTP/1.1" 200 27
101.229.22.234 - - [21/Apr/2023:10:58:29 +0800] "GET /xingrg/all/common/auto_word.html?type=base&rest_code=00142 HTTP/1.1" 200 719
101.229.22.234 - - [21/Apr/2023:10:58:29 +0800] "GET /xingrg/all/common/auto_word.html?type=base&rest_code=00142 HTTP/1.1" 200 719
101.229.22.234 - - [21/Apr/2023:10:58:29 +0800] "GET /xingrg/javascript/easyui/themes/default/validatebox.css HTTP/1.1" 404 1104
101.229.22.234 - - [21/Apr/2023:10:58:29 +0800] "GET /xingrg/javascript/easyui/plugins/jquery.validatebox.js HTTP/1.1" 304 -
101.229.22.234 - - [21/Apr/2023:10:58:29 +0800] "POST /xingrg/kc/base/wldb_order_operate.html HTTP/1.1" 200 6806
101.229.22.234 - - [21/Apr/2023:10:58:29 +0800] "GET /xingrg/javascript/easyui/plugins/jquery.numberbox.js HTTP/1.1" 304 -
101.229.22.234 - - [21/Apr/2023:10:58:29 +0800] "GET /xingrg/javascript/easyui/themes/icons/edit_remove.png HTTP/1.1" 304 -
101.229.22.234 - - [21/Apr/2023:10:58:30 +0800] "GET /xingrg/javascript/auto/indicator.gif HTTP/1.1" 404 1066
180.163.30.76 - - [21/Apr/2023:10:58:30 +0800] "GET /xingrg/all/function/internal_message.html?_=1682045852036&CODE_STATE=getMsg HTTP/1.1" 302 -
180.163.30.76 - - [21/Apr/2023:10:58:30 +0800] "GET /xingrg/login.html HTTP/1.1" 200 7641
116.238.139.35 - - [21/Apr/2023:10:58:36 +0800] "POST /xingrg/kc/base/wldb_order_operate.html HTTP/1.1" 200 37
114.84.144.20 - - [21/Apr/2023:10:58:36 +0800] "GET /xingrg/all/function/internal_message.html?_=1682045916406&CODE_STATE=getMsg HTTP/1.1" 200 27
114.84.144.20 - - [21/Apr/2023:10:58:36 +0800] "GET /xingrg/check_reg.html?_=1682045916408 HTTP/1.1" 200 22
116.227.208.255 - - [21/Apr/2023:10:58:38 +0800] "GET /xingrg/all/function/internal_message.html?_=1682045991324&CODE_STATE=getMsg HTTP/1.1" 200 27
101.229.22.234 - - [21/Apr/2023:10:58:40 +0800] "GET /xingrg/kc/base/wldb_order_operate.html?command=get_materiel&rest_code=00142&base_code=0010186&code=00101040048 HTTP/1.1" 200 434
116.238.139.35 - - [21/Apr/2023:10:58:42 +0800] "GET /xingrg/all/function/internal_message.html?_=1682045922167&CODE_STATE=getMsg HTTP/1.1" 200 27
116.238.139.35 - - [21/Apr/2023:10:58:43 +0800] "POST /xingrg/kc/base/wldb_order_operate.html HTTP/1.1" 200 12
116.238.139.35 - - [21/Apr/2023:10:58:43 +0800] "POST /xingrg/kc/base/wldb_order_operate.html HTTP/1.1" 200 4090
116.238.139.35 - - [21/Apr/2023:10:58:44 +0800] "GET /xingrg/kc/base/wldb_order_info.html?code=422023042101664 HTTP/1.1" 200 26266
116.238.139.35 - - [21/Apr/2023:10:58:45 +0800] "GET /xingrg/javascript/easyui/themes/default/validatebox.css HTTP/1.1" 404 1104
116.238.139.35 - - [21/Apr/2023:10:58:45 +0800] "POST /xingrg/kc/base/wldb_order_operate.html HTTP/1.1" 200 2340
124.79.74.67 - - [21/Apr/2023:10:58:46 +0800] "GET /xingrg/all/function/internal_message.html?_=1682045930006&CODE_STATE=getMsg HTTP/1.1" 200 27
116.224.158.100 - - [21/Apr/2023:10:58:47 +0800] "GET /xingrg/all/function/internal_message.html?_=1682045768176&CODE_STATE=getMsg HTTP/1.1" 200 27
116.238.139.35 - - [21/Apr/2023:10:58:48 +0800] "GET /xingrg/check_reg.html?_=1682045865969 HTTP/1.1" 200 22
116.238.139.35 - - [21/Apr/2023:10:58:48 +0800] "GET /xingrg/all/function/internal_message.html?_=1682045866584&CODE_STATE=getMsg HTTP/1.1" 200 27
116.238.139.35 - - [21/Apr/2023:10:58:51 +0800] "GET /xingrg/kc/base/wldb_order_add.html HTTP/1.1" 200 30387
116.230.112.155 - - [21/Apr/2023:10:58:51 +0800] "GET /xingrg/all/function/internal_message.html?_=1682045949023&CODE_STATE=getMsg HTTP/1.1" 200 27
116.238.139.35 - - [21/Apr/2023:10:58:51 +0800] "POST /xingrg/kc/base/wldb_order_operate.html HTTP/1.1" 200 6806
116.238.139.35 - - [21/Apr/2023:10:58:51 +0800] "GET /xingrg/javascript/easyui/themes/default/validatebox.css HTTP/1.1" 404 1104
101.229.22.234 - - [21/Apr/2023:10:58:53 +0800] "GET /xingrg/kc/base/wldb_order_operate.html?command=get_materiel&rest_code=00142&base_code=0010186&code=00101040082 HTTP/1.1" 200 446
58.221.95.50 - - [21/Apr/2023:10:58:54 +0800] "GET /xingrg/all/function/internal_message.html?_=1682045935229&CODE_STATE=getMsg HTTP/1.1" 200 27
116.227.208.255 - - [21/Apr/2023:10:58:57 +0800] "GET /xingrg/all/function/internal_message.html?_=1682045937129&CODE_STATE=getMsg HTTP/1.1" 200 27
116.238.139.35 - - [21/Apr/2023:10:59:00 +0800] "GET /xingrg/kc/base/wldb_order_operate.html?command=get_materiel&rest_code=00150&base_code=0010445&code=00101013107 HTTP/1.1" 200 432
180.171.122.0 - - [21/Apr/2023:10:59:00 +0800] "GET /xingrg/all/function/internal_message.html?_=1682045936664&CODE_STATE=getMsg HTTP/1.1" 200 27
58.221.95.50 - - [21/Apr/2023:10:59:02 +0800] "GET /xingrg/check_reg.html?_=1682045942840 HTTP/1.1" 200 22
116.238.139.35 - - [21/Apr/2023:10:59:04 +0800] "POST /xingrg/kc/base/wldb_order_operate.html HTTP/1.1" 200 37
61.170.233.130 - - [21/Apr/2023:10:59:04 +0800] "GET /xingrg/check_reg.html?_=1682045946923 HTTP/1.1" 200 22
116.230.112.155 - - [21/Apr/2023:10:59:04 +0800] "GET /xingrg/all/report/report_query.html?fileName=dma/new_5.0/menu/menu_category_hz.xml HTTP/1.1" 200 53064
116.230.112.155 - - [21/Apr/2023:10:59:04 +0800] "GET /xingrg/dwr/interface/AjaxReportQueryService.js HTTP/1.1" 200 13203
116.230.112.155 - - [21/Apr/2023:10:59:04 +0800] "GET /xingrg/dwr/engine.js HTTP/1.1" 200 43631
116.230.112.155 - - [21/Apr/2023:10:59:04 +0800] "POST /xingrg/dwr/call/plaincall/AjaxReportQueryService.getFixDate.dwr HTTP/1.1" 200 111
116.230.112.155 - - [21/Apr/2023:10:59:05 +0800] "POST /xingrg/all/common/load_tree.html?tree=area_station_tree_json&manage=1 HTTP/1.1" 200 1906
116.230.112.155 - - [21/Apr/2023:10:59:06 +0800] "GET /xingrg/all/report/report_query.html?fileName=dma/new_5.0/menu/menu_stca_hz.xml HTTP/1.1" 200 51418
116.230.112.155 - - [21/Apr/2023:10:59:06 +0800] "GET /xingrg/dwr/interface/AjaxReportQueryService.js HTTP/1.1" 200 13203
116.230.112.155 - - [21/Apr/2023:10:59:06 +0800] "GET /xingrg/dwr/engine.js HTTP/1.1" 200 43631
116.230.112.155 - - [21/Apr/2023:10:59:06 +0800] "POST /xingrg/dwr/call/plaincall/AjaxReportQueryService.getFixDate.dwr HTTP/1.1" 200 111
114.85.98.23 - - [21/Apr/2023:10:59:06 +0800] "GET /xingrg/all/function/internal_message.html?_=1682045946723&CODE_STATE=getMsg HTTP/1.1" 200 27
116.230.112.155 - - [21/Apr/2023:10:59:06 +0800] "POST /xingrg/all/common/load_tree.html?tree=area_station_tree_json&manage=1 HTTP/1.1" 200 1906
116.230.112.155 - - [21/Apr/2023:10:59:07 +0800] "GET /xingrg/all/function/internal_message.html?_=1682045948089&CODE_STATE=getMsg HTTP/1.1" 200 27
101.229.22.234 - - [21/Apr/2023:10:59:09 +0800] "GET /xingrg/all/function/internal_message.html?_=1682045949487&CODE_STATE=getMsg HTTP/1.1" 200 27
180.169.147.146 - - [21/Apr/2023:10:59:09 +0800] "GET /xingrg/all/function/internal_message.html?_=1682045946241&CODE_STATE=getMsg HTTP/1.1" 200 27
116.238.139.35 - - [21/Apr/2023:10:59:10 +0800] "POST /xingrg/kc/base/wldb_order_operate.html HTTP/1.1" 200 12
116.238.139.35 - - [21/Apr/2023:10:59:10 +0800] "POST /xingrg/kc/base/wldb_order_operate.html HTTP/1.1" 200 2180
114.83.222.182 - - [21/Apr/2023:10:59:10 +0800] "GET /xingrg/all/function/internal_message.html?_=1682046040011&CODE_STATE=getMsg HTTP/1.1" 200 27
180.169.147.146 - - [21/Apr/2023:10:59:15 +0800] "GET /xingrg/all/function/internal_message.html?_=1682045955059&CODE_STATE=getMsg HTTP/1.1" 200 27
116.230.112.155 - - [21/Apr/2023:10:59:15 +0800] "POST /xingrg/dwr/call/plaincall/AjaxReportQueryService.refreshCache.dwr HTTP/1.1" 200 78
116.230.112.155 - - [21/Apr/2023:10:59:16 +0800] "POST /xingrg/all/report/load_report_page.html HTTP/1.1" 200 58447
116.230.112.155 - - [21/Apr/2023:10:59:16 +0800] "GET /xingrg/servlets/image?cache=0.33064126993815135&image=px HTTP/1.1" 200 807
116.238.139.35 - - [21/Apr/2023:10:59:17 +0800] "GET /xingrg/kc/base/wldb_order_info.html?code=422023042101665 HTTP/1.1" 200 26264
116.238.139.35 - - [21/Apr/2023:10:59:18 +0800] "GET /xingrg/javascript/easyui/themes/default/validatebox.css HTTP/1.1" 404 1104
116.230.112.155 - - [21/Apr/2023:10:59:18 +0800] "GET /xingrg/all/report/report_query.html?isQuery=1&fileName=dma/new_5.0/menu/menu_hz.xml&queryString=(a.sale_day%2520between%252020220401%2520and%252020230421)%2520and%2520(a.sid%2520in%2520(12))%2520and%2520(a.tj_code%253D14)&queryText=%25E3%2580%2590%25E8%2590%25A5%25E4%25B8%259A%25E6%2597%25A5%25E6%259C%259F%253A2022-04-01%2520%25E8%2587%25B3%25202023-04-21%25E3%2580%2591%2520%25E5%25B9%25B6%25E4%25B8%2594%2520%2520%25E3%2580%2590%25E9%2597%25A8%25E5%25BA%2597%25E5%2590%258D%25E7%25A7%25B0%2520%253D%2520%25E6%25B7%25B1%25E6%25B5%25B7%25E6%25B8%2594%25E6%25B8%25AF%25E9%2595%25BF%25E9%2598%25B3%25E8%25B7%25AF%25E3%2580%2591%2520%25E5%25B9%25B6%25E4%25B8%2594%2520%25E3%2580%2590%25E7%25BB%259F%25E8%25AE%25A1%25E7%25B1%25BB%25E5%2588%25AB%2520%253D%2520%25E7%25A4%25BC%25E7%259B%2592%25E3%2580%2591 HTTP/1.1" 200 54116
116.230.112.155 - - [21/Apr/2023:10:59:18 +0800] "GET /xingrg/dwr/engine.js HTTP/1.1" 200 43631
116.238.139.35 - - [21/Apr/2023:10:59:18 +0800] "POST /xingrg/kc/base/wldb_order_operate.html HTTP/1.1" 200 475
116.230.112.155 - - [21/Apr/2023:10:59:18 +0800] "GET /favicon.ico HTTP/1.1" 404 -
116.230.112.155 - - [21/Apr/2023:10:59:19 +0800] "POST /xingrg/all/report/load_report_page.html HTTP/1.1" 200 124014
116.230.112.155 - - [21/Apr/2023:10:59:19 +0800] "GET /xingrg/servlets/image?cache=0.37285190704644766&image=px HTTP/1.1" 200 807
116.224.106.218 - - [21/Apr/2023:10:59:20 +0800] "GET /xingrg/all/function/internal_message.html?_=1682045959027&CODE_STATE=getMsg HTTP/1.1" 200 27
116.224.106.218 - - [21/Apr/2023:10:59:20 +0800] "GET /xingrg/check_reg.html?_=1682045959029 HTTP/1.1" 200 22
180.169.147.146 - - [21/Apr/2023:10:59:23 +0800] "POST /xingrg/kc/buy/cgsh_order_operate.html HTTP/1.1" 200 37
116.238.139.35 - - [21/Apr/2023:10:59:24 +0800] "GET /xingrg/kc/base/wldb_order_add.html HTTP/1.1" 200 30387
116.238.139.35 - - [21/Apr/2023:10:59:25 +0800] "POST /xingrg/kc/base/wldb_order_operate.html HTTP/1.1" 200 6806
116.238.139.35 - - [21/Apr/2023:10:59:25 +0800] "GET /xingrg/javascript/easyui/themes/default/validatebox.css HTTP/1.1" 404 1104
180.169.147.146 - - [21/Apr/2023:10:59:27 +0800] "POST /xingrg/kc/buy/cgsh_order_operate.html HTTP/1.1" 200 6212
180.164.3.199 - - [21/Apr/2023:10:59:28 +0800] "GET /xingrg/all/function/internal_message.html?_=1682045968062&CODE_STATE=getMsg HTTP/1.1" 200 27
180.163.30.100 - - [21/Apr/2023:10:59:29 +0800] "GET /xingrg/all/function/internal_message.html?_=1682045912006&CODE_STATE=getMsg HTTP/1.1" 302 -
180.163.30.100 - - [21/Apr/2023:10:59:29 +0800] "GET /xingrg/login.html HTTP/1.1" 200 7641
61.170.233.130 - - [21/Apr/2023:10:59:29 +0800] "GET /xingrg/all/function/internal_message.html?_=1682045971977&CODE_STATE=getMsg HTTP/1.1" 200 27
124.79.74.67 - - [21/Apr/2023:10:59:32 +0800] "GET /xingrg/kc/buy/buy_main.html HTTP/1.1" 200 12412
124.79.74.67 - - [21/Apr/2023:10:59:32 +0800] "GET /xingrg/css/new_ie.css HTTP/1.1" 404 1036
116.238.139.35 - - [21/Apr/2023:10:59:32 +0800] "GET /xingrg/kc/base/wldb_order_operate.html?command=get_materiel&rest_code=00150&base_code=0010446&code=00102002347 HTTP/1.1" 200 457
124.79.74.67 - - [21/Apr/2023:10:59:34 +0800] "GET /xingrg/kc/buy/cgsh_order_list.html HTTP/1.1" 200 55056
124.79.74.67 - - [21/Apr/2023:10:59:35 +0800] "GET /xingrg/index.html?sysBaseUrl=http%3A%2F%2F180.169.147.146%3A18081%2Fxingrg%2F&costTime=809×tamp=1682044845947 HTTP/1.1" 200 17179
124.79.74.67 - - [21/Apr/2023:10:59:35 +0800] "GET /xingrg/all/function/internal_message.html?_=1682045979690&CODE_STATE=count HTTP/1.1" 200 11
124.79.74.67 - - [21/Apr/2023:10:59:35 +0800] "GET /xingrg/check_reg.html?_=1682045979690 HTTP/1.1" 200 22
124.79.74.67 - - [21/Apr/2023:10:59:35 +0800] "GET /favicon.ico HTTP/1.1" 404 -
124.79.74.67 - - [21/Apr/2023:10:59:35 +0800] "POST /xingrg/all/common/load_tree.html?tree=area_rest_tree_json&manage=1 HTTP/1.1" 200 351
124.79.74.67 - - [21/Apr/2023:10:59:35 +0800] "POST /xingrg/load_menu.html HTTP/1.1" 200 5138
124.79.74.67 - - [21/Apr/2023:10:59:36 +0800] "POST /xingrg/kc/buy/cgsh_list_operate.html HTTP/1.1" 200 986
114.84.144.20 - - [21/Apr/2023:10:59:36 +0800] "GET /xingrg/all/function/internal_message.html?_=1682045976407&CODE_STATE=getMsg HTTP/1.1" 200 27
116.227.208.255 - - [21/Apr/2023:10:59:38 +0800] "GET /xingrg/all/function/internal_message.html?_=1682046051317&CODE_STATE=getMsg HTTP/1.1" 200 27
116.238.139.35 - - [21/Apr/2023:10:59:38 +0800] "GET /xingrg/kc/base/wldb_order_operate.html?command=get_materiel&rest_code=00150&base_code=0010446&code=00102001012 HTTP/1.1" 200 444
116.230.112.155 - - [21/Apr/2023:10:59:39 +0800] "POST /xingrg/dwr/call/plaincall/AjaxReportQueryService.refreshCache.dwr HTTP/1.1" 200 78
116.230.112.155 - - [21/Apr/2023:10:59:40 +0800] "POST /xingrg/all/report/load_report_page.html HTTP/1.1" 200 58422
116.230.112.155 - - [21/Apr/2023:10:59:40 +0800] "GET /xingrg/servlets/image?cache=0.8347085269479901&image=px HTTP/1.1" 200 807
116.230.112.155 - - [21/Apr/2023:10:59:42 +0800] "GET /xingrg/all/report/report_query.html?isQuery=1&fileName=dma/new_5.0/menu/menu_hz.xml&queryString=(a.sale_day%2520between%252020211101%2520and%252020230421)%2520and%2520(a.sid%2520in%2520(12))%2520and%2520(a.tj_code%253D14)&queryText=%25E3%2580%2590%25E8%2590%25A5%25E4%25B8%259A%25E6%2597%25A5%25E6%259C%259F%253A2021-11-01%2520%25E8%2587%25B3%25202023-04-21%25E3%2580%2591%2520%25E5%25B9%25B6%25E4%25B8%2594%2520%2520%25E3%2580%2590%25E9%2597%25A8%25E5%25BA%2597%25E5%2590%258D%25E7%25A7%25B0%2520%253D%2520%25E6%25B7%25B1%25E6%25B5%25B7%25E6%25B8%2594%25E6%25B8%25AF%25E9%2595%25BF%25E9%2598%25B3%25E8%25B7%25AF%25E3%2580%2591%2520%25E5%25B9%25B6%25E4%25B8%2594%2520%25E3%2580%2590%25E7%25BB%259F%25E8%25AE%25A1%25E7%25B1%25BB%25E5%2588%25AB%2520%253D%2520%25E7%25A4%25BC%25E7%259B%2592%25E3%2580%2591 HTTP/1.1" 200 54116
116.230.112.155 - - [21/Apr/2023:10:59:42 +0800] "GET /xingrg/dwr/engine.js HTTP/1.1" 200 43631
116.230.112.155 - - [21/Apr/2023:10:59:42 +0800] "GET /favicon.ico HTTP/1.1" 404 -
116.230.112.155 - - [21/Apr/2023:10:59:43 +0800] "POST /xingrg/all/report/load_report_page.html HTTP/1.1" 200 124017
116.230.112.155 - - [21/Apr/2023:10:59:43 +0800] "GET /xingrg/servlets/image?cache=0.20042748812640176&image=px HTTP/1.1" 200 807
116.238.139.35 - - [21/Apr/2023:10:59:44 +0800] "POST /xingrg/kc/base/wldb_order_operate.html HTTP/1.1" 200 37
116.224.158.100 - - [21/Apr/2023:10:59:47 +0800] "GET /xingrg/all/function/internal_message.html?_=1682045828166&CODE_STATE=getMsg HTTP/1.1" 200 27
116.238.139.35 - - [21/Apr/2023:10:59:48 +0800] "GET /xingrg/all/function/internal_message.html?_=1682045926597&CODE_STATE=getMsg HTTP/1.1" 200 27
116.238.139.35 - - [21/Apr/2023:10:59:49 +0800] "POST /xingrg/kc/base/wldb_order_operate.html HTTP/1.1" 200 12
116.238.139.35 - - [21/Apr/2023:10:59:49 +0800] "POST /xingrg/kc/base/wldb_order_operate.html HTTP/1.1" 200 2689
116.238.139.35 - - [21/Apr/2023:10:59:50 +0800] "GET /xingrg/kc/base/wldb_order_info.html?code=422023042101666 HTTP/1.1" 200 26267
116.238.139.35 - - [21/Apr/2023:10:59:51 +0800] "GET /xingrg/javascript/easyui/themes/default/validatebox.css HTTP/1.1" 404 1104
116.238.139.35 - - [21/Apr/2023:10:59:51 +0800] "POST /xingrg/kc/base/wldb_order_operate.html HTTP/1.1" 200 972
116.230.112.155 - - [21/Apr/2023:10:59:51 +0800] "GET /xingrg/all/function/internal_message.html?_=1682046009257&CODE_STATE=getMsg HTTP/1.1" 200 27
116.238.139.35 - - [21/Apr/2023:10:59:53 +0800] "GET /xingrg/kc/base/wldb_order_add.html HTTP/1.1" 200 30387
116.238.139.35 - - [21/Apr/2023:10:59:53 +0800] "POST /xingrg/kc/base/wldb_order_operate.html HTTP/1.1" 200 6806
116.238.139.35 - - [21/Apr/2023:10:59:53 +0800] "GET /xingrg/javascript/easyui/themes/default/validatebox.css HTTP/1.1" 404 1104
58.221.95.50 - - [21/Apr/2023:10:59:54 +0800] "GET /xingrg/all/function/internal_message.html?_=1682045995207&CODE_STATE=getMsg HTTP/1.1" 200 27
116.227.208.255 - - [21/Apr/2023:10:59:57 +0800] "GET /xingrg/all/function/internal_message.html?_=1682045997124&CODE_STATE=getMsg HTTP/1.1" 200 27
180.171.122.0 - - [21/Apr/2023:11:00:00 +0800] "GET /xingrg/all/function/internal_message.html?_=1682045996663&CODE_STATE=getMsg HTTP/1.1" 200 27
180.163.28.109 - - [21/Apr/2023:11:00:04 +0800] "GET /xingrg/check_reg.html?_=1682045946923 HTTP/1.1" 302 -
180.163.28.109 - - [21/Apr/2023:11:00:04 +0800] "GET /xingrg/login.html HTTP/1.1" 200 7641
116.238.139.35 - - [21/Apr/2023:11:00:04 +0800] "GET /xingrg/kc/base/wldb_order_operate.html?command=get_materiel&rest_code=00150&base_code=0010445&code=00101019551 HTTP/1.1" 200 463
114.85.98.23 - - [21/Apr/2023:11:00:06 +0800] "GET /xingrg/all/function/internal_message.html?_=1682046006703&CODE_STATE=getMsg HTTP/1.1" 200 27
116.230.112.155 - - [21/Apr/2023:11:00:07 +0800] "GET /xingrg/all/function/internal_message.html?_=1682046008091&CODE_STATE=getMsg HTTP/1.1" 200 27
116.230.112.155 - - [21/Apr/2023:11:00:07 +0800] "GET /xingrg/check_reg.html?_=1682046008095 HTTP/1.1" 200 22
101.229.22.234 - - [21/Apr/2023:11:00:09 +0800] "GET /xingrg/all/function/internal_message.html?_=1682046009496&CODE_STATE=getMsg HTTP/1.1" 200 27
180.169.147.146 - - [21/Apr/2023:11:00:09 +0800] "GET /xingrg/all/function/internal_message.html?_=1682046006249&CODE_STATE=getMsg HTTP/1.1" 200 27
114.83.222.182 - - [21/Apr/2023:11:00:10 +0800] "GET /xingrg/all/function/internal_message.html?_=1682046100025&CODE_STATE=getMsg HTTP/1.1" 200 27
116.238.139.35 - - [21/Apr/2023:11:00:11 +0800] "GET /xingrg/kc/base/wldb_order_operate.html?command=get_materiel&rest_code=00150&base_code=0010445&code=00101019503 HTTP/1.1" 200 467
180.169.147.146 - - [21/Apr/2023:11:00:15 +0800] "GET /xingrg/all/function/internal_message.html?_=1682046015058&CODE_STATE=getMsg HTTP/1.1" 200 27
116.238.139.35 - - [21/Apr/2023:11:00:18 +0800] "GET /xingrg/kc/base/wldb_order_operate.html?command=get_materiel&rest_code=00150&base_code=0010445&code=00101016094 HTTP/1.1" 200 469
116.238.139.35 - - [21/Apr/2023:11:00:19 +0800] "POST /xingrg/all/common/load_select.html HTTP/1.1" 200 25
116.224.106.218 - - [21/Apr/2023:11:00:20 +0800] "GET /xingrg/all/function/internal_message.html?_=1682046019032&CODE_STATE=getMsg HTTP/1.1" 200 27
116.238.139.35 - - [21/Apr/2023:11:00:21 +0800] "GET /xingrg/kc/base/wldb_order_operate.html?command=get_materiel_price&rest_code=00150&base_code=0010445&code=00101016094&unit_code=00100161 HTTP/1.1" 200 37
124.79.74.67 - - [21/Apr/2023:11:00:27 +0800] "GET /xingrg/kc/buy/buy_main.html HTTP/1.1" 200 12412
124.79.74.67 - - [21/Apr/2023:11:00:28 +0800] "GET /xingrg/css/new_ie.css HTTP/1.1" 404 1036
180.164.3.199 - - [21/Apr/2023:11:00:28 +0800] "GET /xingrg/all/function/internal_message.html?_=1682046028035&CODE_STATE=getMsg HTTP/1.1" 200 27
116.238.139.35 - - [21/Apr/2023:11:00:28 +0800] "GET /xingrg/kc/base/wldb_order_operate.html?command=get_materiel&rest_code=00150&base_code=0010445&code=00101019258 HTTP/1.1" 200 483
61.170.233.130 - - [21/Apr/2023:11:00:29 +0800] "GET /xingrg/all/function/internal_message.html?_=1682046031948&CODE_STATE=getMsg HTTP/1.1" 200 27
124.79.74.67 - - [21/Apr/2023:11:00:29 +0800] "GET /xingrg/kc/buy/cgsh_order_list.html HTTP/1.1" 200 55056
124.79.74.67 - - [21/Apr/2023:11:00:31 +0800] "POST /xingrg/kc/buy/cgsh_list_operate.html HTTP/1.1" 200 986
124.79.74.67 - - [21/Apr/2023:11:00:33 +0800] "GET /xingrg/kc/buy/cgsh_order_add.html HTTP/1.1" 200 70911
124.79.74.67 - - [21/Apr/2023:11:00:33 +0800] "GET /xingrg/words/20230420144541_words.js HTTP/1.1" 200 961119
124.79.74.67 - - [21/Apr/2023:11:00:33 +0800] "POST /xingrg/kc/buy/cgsh_order_operate.html HTTP/1.1" 200 8245
124.79.74.67 - - [21/Apr/2023:11:00:33 +0800] "GET /xingrg/javascript/easyui/themes/default/validatebox.css HTTP/1.1" 404 1104
124.79.74.67 - - [21/Apr/2023:11:00:33 +0800] "GET /xingrg/all/common/auto_word.html?type=employee&rest_code=00156 HTTP/1.1" 200 97
124.79.74.67 - - [21/Apr/2023:11:00:33 +0800] "GET /xingrg/all/common/auto_word.html?type=employee&rest_code=00156 HTTP/1.1" 200 97
116.238.139.35 - - [21/Apr/2023:11:00:34 +0800] "GET /xingrg/kc/base/wldb_order_operate.html?command=get_materiel&rest_code=00150&base_code=0010445&code=00101019185 HTTP/1.1" 200 468
124.79.74.67 - - [21/Apr/2023:11:00:35 +0800] "GET /xingrg/all/function/internal_message.html?_=1682046039697&CODE_STATE=getMsg HTTP/1.1" 200 27
114.84.144.20 - - [21/Apr/2023:11:00:36 +0800] "GET /xingrg/all/function/internal_message.html?_=1682046036404&CODE_STATE=getMsg HTTP/1.1" 200 27
116.227.208.255 - - [21/Apr/2023:11:00:38 +0800] "GET /xingrg/all/function/internal_message.html?_=1682046111319&CODE_STATE=getMsg HTTP/1.1" 200 27
116.238.139.35 - - [21/Apr/2023:11:00:39 +0800] "GET /xingrg/kc/base/wldb_order_operate.html?command=get_materiel&rest_code=00150&base_code=0010445&code=00101016076 HTTP/1.1" 200 477
124.79.74.67 - - [21/Apr/2023:11:00:39 +0800] "GET /xingrg/javascript/jquery_tools/images/prev.gif HTTP/1.1" 404 1086
124.79.74.67 - - [21/Apr/2023:11:00:39 +0800] "GET /xingrg/javascript/jquery_tools/images/next.gif HTTP/1.1" 404 1086
116.238.139.35 - - [21/Apr/2023:11:00:42 +0800] "GET /xingrg/all/function/internal_message.html?_=1682046042191&CODE_STATE=getMsg HTTP/1.1" 200 27
116.238.139.35 - - [21/Apr/2023:11:00:43 +0800] "GET /xingrg/kc/base/wldb_order_operate.html?command=get_materiel&rest_code=00150&base_code=0010445&code=00101019438 HTTP/1.1" 200 462
180.169.147.146 - - [21/Apr/2023:11:00:44 +0800] "GET /xingrg/kc/print/load_data.html?order_code=212023042107146&kc_code=cgsh&condition= HTTP/1.1" 200 2008
116.224.158.100 - - [21/Apr/2023:11:00:47 +0800] "GET /xingrg/all/function/internal_message.html?_=1682045888158&CODE_STATE=getMsg HTTP/1.1" 200 27
116.238.139.35 - - [21/Apr/2023:11:00:48 +0800] "GET /xingrg/all/function/internal_message.html?_=1682045986611&CODE_STATE=getMsg HTTP/1.1" 200 27
124.79.74.67 - - [21/Apr/2023:11:00:49 +0800] "GET /xingrg/kc/buy/cgsh_order_operate.html?command=get_materiel&rest_code=00156&code=00101006106&supplier_code=00100012&order_time=2023-04-20 HTTP/1.1" 200 421
180.169.147.146 - - [21/Apr/2023:11:00:49 +0800] "GET /xingrg/kc/buy/cgsh_order_add.html HTTP/1.1" 200 70835
180.169.147.146 - - [21/Apr/2023:11:00:50 +0800] "POST /xingrg/kc/buy/cgsh_order_operate.html HTTP/1.1" 200 8245
180.169.147.146 - - [21/Apr/2023:11:00:50 +0800] "GET /xingrg/javascript/easyui/themes/default/validatebox.css HTTP/1.1" 404 1104
116.230.112.155 - - [21/Apr/2023:11:00:51 +0800] "GET /xingrg/all/function/internal_message.html?_=1682046069268&CODE_STATE=getMsg HTTP/1.1" 200 27
116.238.139.35 - - [21/Apr/2023:11:00:51 +0800] "GET /xingrg/kc/base/wldb_order_operate.html?command=get_materiel&rest_code=00150&base_code=0010445&code=00101019391 HTTP/1.1" 200 485
58.221.95.50 - - [21/Apr/2023:11:00:54 +0800] "GET /xingrg/all/function/internal_message.html?_=1682046055189&CODE_STATE=getMsg HTTP/1.1" 200 27
116.227.208.255 - - [21/Apr/2023:11:00:57 +0800] "GET /xingrg/check_reg.html?_=1682046057126 HTTP/1.1" 200 22
116.227.208.255 - - [21/Apr/2023:11:00:57 +0800] "GET /xingrg/all/function/internal_message.html?_=1682046057130&CODE_STATE=getMsg HTTP/1.1" 200 27
116.238.139.35 - - [21/Apr/2023:11:00:58 +0800] "GET /xingrg/kc/base/wldb_order_operate.html?command=get_materiel&rest_code=00150&base_code=0010445&code=00101019222 HTTP/1.1" 200 454
124.79.74.67 - - [21/Apr/2023:11:00:59 +0800] "GET /xingrg/kc/buy/cgsh_order_operate.html?command=get_materiel&rest_code=00156&code=00101001160&supplier_code=00100012&order_time=2023-04-20 HTTP/1.1" 200 408
180.171.122.0 - - [21/Apr/2023:11:01:00 +0800] "GET /xingrg/all/function/internal_message.html?_=1682046056663&CODE_STATE=getMsg HTTP/1.1" 200 27
180.171.122.0 - - [21/Apr/2023:11:01:00 +0800] "GET /xingrg/check_reg.html?_=1682046056665 HTTP/1.1" 200 22
180.169.147.146 - - [21/Apr/2023:11:01:02 +0800] "GET /xingrg/kc/buy/cgsh_order_operate.html?command=get_materiel&rest_code=00147&code=00101011004&supplier_code=00100242&order_time=2023-04-20 HTTP/1.1" 200 412
114.85.98.23 - - [21/Apr/2023:11:01:06 +0800] "GET /xingrg/all/function/internal_message.html?_=1682046066687&CODE_STATE=getMsg HTTP/1.1" 200 27
116.230.112.155 - - [21/Apr/2023:11:01:07 +0800] "GET /xingrg/all/function/internal_message.html?_=1682046068094&CODE_STATE=getMsg HTTP/1.1" 200 27
114.85.98.23 - - [21/Apr/2023:11:01:07 +0800] "GET /xingrg/check_reg.html?_=1682046067664 HTTP/1.1" 200 22
116.238.139.35 - - [21/Apr/2023:11:01:08 +0800] "GET /xingrg/kc/base/wldb_order_operate.html?command=get_materiel&rest_code=00150&base_code=0010445&code=00101019071 HTTP/1.1" 200 471
101.229.22.234 - - [21/Apr/2023:11:01:09 +0800] "GET /xingrg/all/function/internal_message.html?_=1682046069489&CODE_STATE=getMsg HTTP/1.1" 200 27
180.169.147.146 - - [21/Apr/2023:11:01:09 +0800] "GET /xingrg/check_reg.html?_=1682046066258 HTTP/1.1" 200 22
180.169.147.146 - - [21/Apr/2023:11:01:09 +0800] "GET /xingrg/all/function/internal_message.html?_=1682046066259&CODE_STATE=getMsg HTTP/1.1" 200 27
114.83.222.182 - - [21/Apr/2023:11:01:10 +0800] "GET /xingrg/check_reg.html?_=1682046160018 HTTP/1.1" 200 22
114.83.222.182 - - [21/Apr/2023:11:01:10 +0800] "GET /xingrg/all/function/internal_message.html?_=1682046160019&CODE_STATE=getMsg HTTP/1.1" 200 27
124.79.74.67 - - [21/Apr/2023:11:01:10 +0800] "GET /xingrg/kc/buy/cgsh_order_operate.html?command=get_materiel&rest_code=00156&code=00101012032&supplier_code=00100012&order_time=2023-04-20 HTTP/1.1" 200 416
180.169.147.146 - - [21/Apr/2023:11:01:13 +0800] "GET /xingrg/kc/buy/cgsh_order_operate.html?command=get_materiel&rest_code=00147&code=00101011005&supplier_code=00100242&order_time=2023-04-20 HTTP/1.1" 200 428
116.238.139.35 - - [21/Apr/2023:11:01:14 +0800] "GET /xingrg/kc/base/wldb_order_operate.html?command=get_materiel&rest_code=00150&base_code=0010445&code=00101019535 HTTP/1.1" 200 476
180.169.147.146 - - [21/Apr/2023:11:01:15 +0800] "GET /xingrg/all/function/internal_message.html?_=1682046075073&CODE_STATE=getMsg HTTP/1.1" 200 27
114.83.222.244 - - [21/Apr/2023:11:01:15 +0800] "POST /xingrg/services/DataTransmitService HTTP/1.1" 200 524
114.83.222.244 - - [21/Apr/2023:11:01:16 +0800] "POST /xingrg/services/DataTransmitService HTTP/1.1" 200 2063
116.238.139.35 - - [21/Apr/2023:11:01:20 +0800] "GET /xingrg/kc/base/wldb_order_operate.html?command=get_materiel&rest_code=00150&base_code=0010445&code=00101019529 HTTP/1.1" 200 476
116.224.106.218 - - [21/Apr/2023:11:01:20 +0800] "GET /xingrg/all/function/internal_message.html?_=1682046079031&CODE_STATE=getMsg HTTP/1.1" 200 27
124.79.74.67 - - [21/Apr/2023:11:01:22 +0800] "POST /xingrg/kc/buy/cgsh_order_operate.html HTTP/1.1" 200 37
124.79.74.67 - - [21/Apr/2023:11:01:25 +0800] "POST /xingrg/kc/buy/cgsh_order_operate.html HTTP/1.1" 200 3852
116.238.139.35 - - [21/Apr/2023:11:01:26 +0800] "GET /xingrg/kc/base/wldb_order_operate.html?command=get_materiel&rest_code=00150&base_code=0010445&code=00101019249 HTTP/1.1" 200 470
