114.85.98.23 - - [21/Apr/2023:10:11:44 +0800] "GET /xingrg/kc/buy/cgsh_order_operate.html?command=get_materiel&rest_code=00102&code=00101008591&supplier_code=00100008&order_time=2023-04-19 HTTP/1.1" 200 409
172.20.0.100 - - [21/Apr/2023:10:11:45 +0800] "GET /xingrg/check_reg.html?_=1682043118169 HTTP/1.1" 200 22
116.224.158.100 - - [21/Apr/2023:10:11:47 +0800] "GET /xingrg/all/function/internal_message.html?_=1682042947975&CODE_STATE=getMsg HTTP/1.1" 200 27
116.238.139.35 - - [21/Apr/2023:10:11:47 +0800] "GET /xingrg/all/function/internal_message.html?_=1682043045947&CODE_STATE=getMsg HTTP/1.1" 200 27
116.224.158.100 - - [21/Apr/2023:10:11:48 +0800] "GET /xingrg/check_reg.html?_=1682042948665 HTTP/1.1" 200 22
114.83.222.244 - - [21/Apr/2023:10:11:48 +0800] "GET /xingrg/all/function/internal_message.html?_=1682043105875&CODE_STATE=getMsg HTTP/1.1" 200 27
61.170.233.130 - - [21/Apr/2023:10:11:48 +0800] "POST /xingrg/login.do HTTP/1.1" 302 -
61.170.233.130 - - [21/Apr/2023:10:11:49 +0800] "GET /xingrg/index.html?sysBaseUrl=http%3A%2F%2F180.169.147.146%3A18081%2Fxingrg%2F&costTime=794×tamp=1682043108939 HTTP/1.1" 200 17173
61.170.233.130 - - [21/Apr/2023:10:11:49 +0800] "GET /xingrg/javascript/jquery_easy_ui/themes/default/easyui.css HTTP/1.1" 304 -
61.170.233.130 - - [21/Apr/2023:10:11:49 +0800] "GET /xingrg/javascript/jquery_easy_ui/themes/icon.css HTTP/1.1" 304 -
61.170.233.130 - - [21/Apr/2023:10:11:49 +0800] "GET /xingrg/css/form.css HTTP/1.1" 304 -
61.170.233.130 - - [21/Apr/2023:10:11:49 +0800] "GET /xingrg/javascript/jquery-1.4.2.min.js HTTP/1.1" 304 -
61.170.233.130 - - [21/Apr/2023:10:11:49 +0800] "GET /xingrg/javascript/jquery_easy_ui/jquery.easyui.min.js HTTP/1.1" 304 -
61.170.233.130 - - [21/Apr/2023:10:11:49 +0800] "GET /xingrg/javascript/jquery_easy_ui/easyui-lang-zh_CN.js HTTP/1.1" 304 -
61.170.233.130 - - [21/Apr/2023:10:11:49 +0800] "GET /xingrg/javascript/jquery.form.js HTTP/1.1" 304 -
61.170.233.130 - - [21/Apr/2023:10:11:49 +0800] "GET /xingrg/javascript/jquery.utils.js HTTP/1.1" 304 -
61.170.233.130 - - [21/Apr/2023:10:11:49 +0800] "GET /xingrg/javascript/jquery.timers.js HTTP/1.1" 304 -
61.170.233.130 - - [21/Apr/2023:10:11:49 +0800] "GET /favicon.ico HTTP/1.1" 404 -
61.170.233.130 - - [21/Apr/2023:10:11:49 +0800] "GET /xingrg/javascript/jquery_easy_ui/themes/icons/settle_new.png HTTP/1.1" 304 -
61.170.233.130 - - [21/Apr/2023:10:11:49 +0800] "GET /xingrg/images/blue/navBackgound.jpg HTTP/1.1" 304 -
61.170.233.130 - - [21/Apr/2023:10:11:49 +0800] "GET /xingrg/all/function/internal_message.html?_=1682043110685&CODE_STATE=count HTTP/1.1" 200 11
61.170.233.130 - - [21/Apr/2023:10:11:49 +0800] "GET /xingrg/check_reg.html?_=1682043110686 HTTP/1.1" 200 22
61.170.233.130 - - [21/Apr/2023:10:11:49 +0800] "POST /xingrg/all/common/load_tree.html?tree=area_rest_tree_json&manage=1 HTTP/1.1" 200 342
61.170.233.130 - - [21/Apr/2023:10:11:49 +0800] "GET /xingrg/images/blue/pingpu.png HTTP/1.1" 304 -
61.170.233.130 - - [21/Apr/2023:10:11:49 +0800] "GET /xingrg/javascript/jquery_easy_ui/themes/default/images/tabs_leftarrow.png HTTP/1.1" 304 -
61.170.233.130 - - [21/Apr/2023:10:11:49 +0800] "GET /xingrg/javascript/jquery_easy_ui/themes/default/images/panel_tool_collapse.gif HTTP/1.1" 304 -
61.170.233.130 - - [21/Apr/2023:10:11:49 +0800] "GET /xingrg/javascript/jquery_easy_ui/themes/default/images/tabs_rightarrow.png HTTP/1.1" 304 -
61.170.233.130 - - [21/Apr/2023:10:11:49 +0800] "POST /xingrg/load_menu.html HTTP/1.1" 200 5138
114.83.222.244 - - [21/Apr/2023:10:11:49 +0800] "GET /xingrg/check_reg.html?_=1682043106933 HTTP/1.1" 200 22
61.170.233.130 - - [21/Apr/2023:10:11:49 +0800] "GET /xingrg/javascript/jquery_easy_ui/themes/default/images/tree_arrows.gif HTTP/1.1" 304 -
61.170.233.130 - - [21/Apr/2023:10:11:49 +0800] "GET /xingrg/javascript/jquery_easy_ui/themes/default/images/tree_folder_open.gif HTTP/1.1" 304 -
61.170.233.130 - - [21/Apr/2023:10:11:49 +0800] "GET /xingrg/javascript/jquery_easy_ui/themes/icons/search_new.png HTTP/1.1" 304 -
61.170.233.130 - - [21/Apr/2023:10:11:49 +0800] "GET /xingrg/javascript/jquery_easy_ui/themes/icons/storage_new.png HTTP/1.1" 304 -
61.170.233.130 - - [21/Apr/2023:10:11:49 +0800] "GET /xingrg/javascript/jquery_easy_ui/themes/default/images/tree_folder.gif HTTP/1.1" 304 -
61.170.233.130 - - [21/Apr/2023:10:11:49 +0800] "GET /xingrg/javascript/jquery_easy_ui/themes/icons/forms_new.png HTTP/1.1" 304 -
61.170.233.130 - - [21/Apr/2023:10:11:49 +0800] "GET /xingrg/javascript/jquery_easy_ui/themes/default/images/tree_file.gif HTTP/1.1" 304 -
61.170.233.130 - - [21/Apr/2023:10:11:51 +0800] "GET /xingrg/javascript/jquery_easy_ui/themes/default/images/tabs_close.gif HTTP/1.1" 304 -
61.170.233.130 - - [21/Apr/2023:10:11:51 +0800] "GET /xingrg/kc/report/report_main.html HTTP/1.1" 200 7340
114.85.98.23 - - [21/Apr/2023:10:11:51 +0800] "GET /xingrg/kc/buy/cgsh_order_operate.html?command=get_materiel&rest_code=00102&code=00101008140&supplier_code=00100008&order_time=2023-04-19 HTTP/1.1" 200 417
61.170.233.130 - - [21/Apr/2023:10:11:51 +0800] "GET /xingrg/css/blue.css HTTP/1.1" 304 -
61.170.233.130 - - [21/Apr/2023:10:11:51 +0800] "GET /xingrg/javascript/jquery_ui/themes/humanity/humanity.css HTTP/1.1" 304 -
61.170.233.130 - - [21/Apr/2023:10:11:51 +0800] "GET /xingrg/javascript/pic_change.js HTTP/1.1" 304 -
61.170.233.130 - - [21/Apr/2023:10:11:51 +0800] "GET /xingrg/javascript/myfunction.js HTTP/1.1" 304 -
61.170.233.130 - - [21/Apr/2023:10:11:51 +0800] "GET /xingrg/javascript/json2.js HTTP/1.1" 304 -
61.170.233.130 - - [21/Apr/2023:10:11:51 +0800] "GET /xingrg/javascript/jquery_easy_ui/themes/icons/back_new.png HTTP/1.1" 200 3414
61.170.233.130 - - [21/Apr/2023:10:11:52 +0800] "GET /xingrg/all/report/report_query.html?fileName=kc/buy/gys_amount.xml&rh=99999 HTTP/1.1" 200 52006
61.170.233.130 - - [21/Apr/2023:10:11:53 +0800] "GET /xingrg/javascript/calendar/timePicker.css HTTP/1.1" 200 523
61.170.233.130 - - [21/Apr/2023:10:11:53 +0800] "GET /xingrg/dwr/util.js HTTP/1.1" 200 35990
61.170.233.130 - - [21/Apr/2023:10:11:53 +0800] "GET /xingrg/javascript/calendar/jquery.timePicker.min.js HTTP/1.1" 200 2997
61.170.233.130 - - [21/Apr/2023:10:11:53 +0800] "GET /xingrg/javascript/jqueryMultiSelect.js HTTP/1.1" 200 11866
61.170.233.130 - - [21/Apr/2023:10:11:53 +0800] "GET /xingrg/javascript/multi_select/jqueryMultiSelect.css HTTP/1.1" 200 951
61.170.233.130 - - [21/Apr/2023:10:11:53 +0800] "GET /xingrg/dwr/interface/AjaxReportQueryService.js HTTP/1.1" 200 13203
61.170.233.130 - - [21/Apr/2023:10:11:53 +0800] "GET /xingrg/javascript/bigrid/fix.css HTTP/1.1" 200 1702
61.170.233.130 - - [21/Apr/2023:10:11:53 +0800] "GET /xingrg/dwr/engine.js HTTP/1.1" 200 43631
61.170.233.130 - - [21/Apr/2023:10:11:53 +0800] "GET /xingrg/javascript/bigrid/fix.js HTTP/1.1" 200 6439
61.170.233.130 - - [21/Apr/2023:10:11:53 +0800] "GET /xingrg/javascript/Calendar.js HTTP/1.1" 200 31561
61.170.233.130 - - [21/Apr/2023:10:11:53 +0800] "GET /xingrg/images/control/loading.gif HTTP/1.1" 200 13463
61.170.233.130 - - [21/Apr/2023:10:11:53 +0800] "GET /xingrg/images/blue/button/advanceover.gif HTTP/1.1" 200 1347
61.170.233.130 - - [21/Apr/2023:10:11:53 +0800] "GET /xingrg/images/blue/button/advance2over.gif HTTP/1.1" 200 1336
61.170.233.130 - - [21/Apr/2023:10:11:53 +0800] "GET /xingrg/images/blue/button/back2over.gif HTTP/1.1" 200 1335
61.170.233.130 - - [21/Apr/2023:10:11:53 +0800] "GET /xingrg/images/blue/button/backover.gif HTTP/1.1" 200 1348
61.170.233.130 - - [21/Apr/2023:10:11:53 +0800] "GET /xingrg/javascript/jquery_easy_ui/themes/icons/help.png HTTP/1.1" 200 1187
61.170.233.130 - - [21/Apr/2023:10:11:53 +0800] "GET /xingrg/javascript/jquery_easy_ui/themes/default/images/menu_downarrow.png HTTP/1.1" 200 173
61.170.233.130 - - [21/Apr/2023:10:11:53 +0800] "GET /xingrg/javascript/jquery_easy_ui/themes/default/images/button_a_bg.gif HTTP/1.1" 200 1194
61.170.233.130 - - [21/Apr/2023:10:11:53 +0800] "GET /xingrg/javascript/jquery_easy_ui/themes/default/images/menu.gif HTTP/1.1" 200 834
61.170.233.130 - - [21/Apr/2023:10:11:53 +0800] "GET /xingrg/javascript/jquery_easy_ui/themes/icons/print.png HTTP/1.1" 200 1057
61.170.233.130 - - [21/Apr/2023:10:11:53 +0800] "GET /xingrg/javascript/jquery_easy_ui/themes/icons/pencil.png HTTP/1.1" 200 713
61.170.233.130 - - [21/Apr/2023:10:11:53 +0800] "POST /xingrg/dwr/call/plaincall/AjaxReportQueryService.getFixDate.dwr HTTP/1.1" 200 111
61.170.233.130 - - [21/Apr/2023:10:11:53 +0800] "GET /xingrg/javascript/jquery_easy_ui/themes/default/images/menu_rightarrow.png HTTP/1.1" 200 3617
61.170.233.130 - - [21/Apr/2023:10:11:53 +0800] "GET /xingrg/javascript/jquery_easy_ui/themes/default/images/combo_arrow_dot.gif HTTP/1.1" 200 79
61.170.233.130 - - [21/Apr/2023:10:11:53 +0800] "POST /xingrg/dwr/call/plaincall/AjaxReportQueryService.getInitString.dwr HTTP/1.1" 200 1023
61.170.233.130 - - [21/Apr/2023:10:11:53 +0800] "POST /xingrg/all/common/load_tree.html?tree=materiel_sort_tree_json HTTP/1.1" 200 9500
61.170.233.130 - - [21/Apr/2023:10:11:54 +0800] "GET /xingrg/javascript/multi_select/dropdown.gif HTTP/1.1" 200 61
61.170.233.130 - - [21/Apr/2023:10:11:54 +0800] "POST /xingrg/all/common/load_tree.html?tree=supplier_tree_json&manage=1 HTTP/1.1" 200 74700
61.170.233.130 - - [21/Apr/2023:10:11:54 +0800] "GET /xingrg/javascript/jquery_easy_ui/themes/default/images/tree_checkbox_0.gif HTTP/1.1" 200 168
58.221.95.50 - - [21/Apr/2023:10:11:55 +0800] "GET /xingrg/all/function/internal_message.html?_=1682043116086&CODE_STATE=getMsg HTTP/1.1" 200 27
120.253.135.82 - - [21/Apr/2023:10:11:55 +0800] "GET /xingrg/check_reg.html?_=1682043114189 HTTP/1.1" 302 -
116.227.208.255 - - [21/Apr/2023:10:11:57 +0800] "GET /xingrg/all/function/internal_message.html?_=1682043116983&CODE_STATE=getMsg HTTP/1.1" 200 27
180.171.122.0 - - [21/Apr/2023:10:12:00 +0800] "GET /xingrg/all/function/internal_message.html?_=1682043116617&CODE_STATE=getMsg HTTP/1.1" 200 27
114.85.98.23 - - [21/Apr/2023:10:12:01 +0800] "GET /xingrg/all/function/internal_message.html?_=1682043144611&CODE_STATE=getMsg HTTP/1.1" 200 27
114.85.98.23 - - [21/Apr/2023:10:12:02 +0800] "GET /xingrg/kc/buy/cgsh_order_operate.html?command=get_materiel&rest_code=00102&code=00101008261&supplier_code=00100008&order_time=2023-04-19 HTTP/1.1" 200 408
120.253.135.82 - - [21/Apr/2023:10:12:03 +0800] "GET /xingrg/check_reg.html?_=1682042961892 HTTP/1.1" 200 22
61.170.233.130 - - [21/Apr/2023:10:12:07 +0800] "GET /xingrg/all/function/internal_message.html?_=1682043129857&CODE_STATE=getMsg HTTP/1.1" 200 27
180.163.29.219 - - [21/Apr/2023:10:12:07 +0800] "GET /xingrg/all/function/internal_message.html?_=1682043069885&CODE_STATE=getMsg HTTP/1.1" 302 -
180.163.29.219 - - [21/Apr/2023:10:12:07 +0800] "GET /xingrg/login.html HTTP/1.1" 200 7641
114.85.98.23 - - [21/Apr/2023:10:12:07 +0800] "GET /xingrg/all/function/internal_message.html?_=1682043127329&CODE_STATE=getMsg HTTP/1.1" 200 27
116.230.112.155 - - [21/Apr/2023:10:12:08 +0800] "GET /xingrg/kc/buy/cgsh_order_add.html HTTP/1.1" 200 70772
116.230.112.155 - - [21/Apr/2023:10:12:08 +0800] "GET /xingrg/javascript/jquery_tools/order_manager.js HTTP/1.1" 304 -
116.230.112.155 - - [21/Apr/2023:10:12:08 +0800] "GET /xingrg/javascript/json2.js HTTP/1.1" 304 -
116.230.112.155 - - [21/Apr/2023:10:12:08 +0800] "GET /xingrg/javascript/convert.js HTTP/1.1" 304 -
116.230.112.155 - - [21/Apr/2023:10:12:08 +0800] "GET /xingrg/javascript/pic_change.js HTTP/1.1" 304 -
116.230.112.155 - - [21/Apr/2023:10:12:08 +0800] "GET /xingrg/javascript/print/kc_print.js HTTP/1.1" 304 -
116.230.112.155 - - [21/Apr/2023:10:12:08 +0800] "GET /xingrg/words/20230420144541_words.js HTTP/1.1" 304 -
116.230.112.155 - - [21/Apr/2023:10:12:09 +0800] "POST /xingrg/kc/buy/cgsh_order_operate.html HTTP/1.1" 200 8245
116.230.112.155 - - [21/Apr/2023:10:12:09 +0800] "GET /xingrg/all/common/auto_word.html?type=employee&rest_code=00146 HTTP/1.1" 200 101
116.230.112.155 - - [21/Apr/2023:10:12:09 +0800] "GET /xingrg/javascript/easyui/themes/default/validatebox.css HTTP/1.1" 404 1104
116.230.112.155 - - [21/Apr/2023:10:12:09 +0800] "GET /xingrg/javascript/easyui/plugins/jquery.validatebox.js HTTP/1.1" 304 -
116.230.112.155 - - [21/Apr/2023:10:12:09 +0800] "GET /xingrg/javascript/easyui/plugins/jquery.numberbox.js HTTP/1.1" 304 -
116.230.112.155 - - [21/Apr/2023:10:12:09 +0800] "GET /xingrg/all/common/auto_word.html?type=employee&rest_code=00146 HTTP/1.1" 200 101
114.83.222.182 - - [21/Apr/2023:10:12:10 +0800] "GET /xingrg/all/function/internal_message.html?_=1682043220016&CODE_STATE=getMsg HTTP/1.1" 200 27
114.85.98.23 - - [21/Apr/2023:10:12:12 +0800] "GET /xingrg/kc/buy/cgsh_order_operate.html?command=get_materiel&rest_code=00102&code=00101008072&supplier_code=00100008&order_time=2023-04-19 HTTP/1.1" 200 408
114.85.98.23 - - [21/Apr/2023:10:12:15 +0800] "POST /xingrg/kc/buy/cgsh_order_operate.html HTTP/1.1" 200 2065
116.230.112.155 - - [21/Apr/2023:10:12:17 +0800] "GET /xingrg/all/function/internal_message.html?_=1682043155123&CODE_STATE=getMsg HTTP/1.1" 200 27
116.238.139.35 - - [21/Apr/2023:10:12:18 +0800] "GET /xingrg/all/function/internal_message.html?_=1682043138153&CODE_STATE=getMsg HTTP/1.1" 200 27
114.85.98.23 - - [21/Apr/2023:10:12:19 +0800] "GET /xingrg/kc/buy/cgsh_order_operate.html?command=get_materiel&rest_code=00102&code=00101008312&supplier_code=00100008&order_time=2023-04-19 HTTP/1.1" 200 412
116.224.106.218 - - [21/Apr/2023:10:12:20 +0800] "GET /xingrg/all/function/internal_message.html?_=1682043138977&CODE_STATE=getMsg HTTP/1.1" 200 27
61.170.233.130 - - [21/Apr/2023:10:12:20 +0800] "GET /xingrg/javascript/jquery_easy_ui/themes/default/images/tree_checkbox_1.gif HTTP/1.1" 200 174
61.170.233.130 - - [21/Apr/2023:10:12:20 +0800] "GET /xingrg/javascript/jquery_easy_ui/themes/default/images/tree_checkbox_2.gif HTTP/1.1" 200 181
61.170.233.130 - - [21/Apr/2023:10:12:24 +0800] "POST /xingrg/dwr/call/plaincall/AjaxReportQueryService.refreshCache.dwr HTTP/1.1" 200 78
61.170.233.130 - - [21/Apr/2023:10:12:26 +0800] "POST /xingrg/all/report/load_report_page.html HTTP/1.1" 200 8924
61.170.233.130 - - [21/Apr/2023:10:12:26 +0800] "GET /xingrg/servlets/image?cache=0.8220269372943073&image=px HTTP/1.1" 200 807
114.85.98.23 - - [21/Apr/2023:10:12:27 +0800] "GET /xingrg/kc/buy/cgsh_order_operate.html?command=get_materiel&rest_code=00102&code=00101008358&supplier_code=00100008&order_time=2023-04-19 HTTP/1.1" 200 431
180.164.3.199 - - [21/Apr/2023:10:12:29 +0800] "GET /xingrg/all/function/internal_message.html?_=1682043148827&CODE_STATE=getMsg HTTP/1.1" 200 27
180.164.3.199 - - [21/Apr/2023:10:12:29 +0800] "GET /xingrg/check_reg.html?_=1682043149062 HTTP/1.1" 200 22
114.85.98.23 - - [21/Apr/2023:10:12:36 +0800] "GET /xingrg/kc/buy/cgsh_order_operate.html?command=get_materiel&rest_code=00102&code=00101008084&supplier_code=00100008&order_time=2023-04-19 HTTP/1.1" 200 412
116.227.208.255 - - [21/Apr/2023:10:12:38 +0800] "GET /xingrg/all/function/internal_message.html?_=1682043231328&CODE_STATE=getMsg HTTP/1.1" 200 27
116.227.208.255 - - [21/Apr/2023:10:12:38 +0800] "GET /xingrg/check_reg.html?_=1682043231330 HTTP/1.1" 200 22
120.253.135.82 - - [21/Apr/2023:10:12:39 +0800] "GET /xingrg/all/function/internal_message.html?_=1682042997814&CODE_STATE=getMsg HTTP/1.1" 200 27
114.85.98.23 - - [21/Apr/2023:10:12:44 +0800] "GET /xingrg/kc/buy/cgsh_order_operate.html?command=get_materiel&rest_code=00102&code=00101008141&supplier_code=00100008&order_time=2023-04-19 HTTP/1.1" 200 412
116.224.158.100 - - [21/Apr/2023:10:12:47 +0800] "GET /xingrg/all/function/internal_message.html?_=1682043007962&CODE_STATE=getMsg HTTP/1.1" 200 27
116.238.139.35 - - [21/Apr/2023:10:12:47 +0800] "GET /xingrg/all/function/internal_message.html?_=1682043105959&CODE_STATE=getMsg HTTP/1.1" 200 27
114.83.222.244 - - [21/Apr/2023:10:12:48 +0800] "GET /xingrg/all/function/internal_message.html?_=1682043165859&CODE_STATE=getMsg HTTP/1.1" 200 27
61.170.233.130 - - [21/Apr/2023:10:12:49 +0800] "GET /xingrg/all/function/internal_message.html?_=1682043170699&CODE_STATE=getMsg HTTP/1.1" 200 27
114.85.98.23 - - [21/Apr/2023:10:12:51 +0800] "GET /xingrg/kc/buy/cgsh_order_operate.html?command=get_materiel&rest_code=00102&code=00101008087&supplier_code=00100008&order_time=2023-04-19 HTTP/1.1" 200 412
114.85.98.23 - - [21/Apr/2023:10:12:54 +0800] "POST /xingrg/kc/buy/cgsh_order_operate.html HTTP/1.1" 200 2065
58.221.95.50 - - [21/Apr/2023:10:12:55 +0800] "GET /xingrg/all/function/internal_message.html?_=1682043176067&CODE_STATE=getMsg HTTP/1.1" 200 27
116.227.208.255 - - [21/Apr/2023:10:12:57 +0800] "GET /xingrg/all/function/internal_message.html?_=1682043176997&CODE_STATE=getMsg HTTP/1.1" 200 27
114.85.98.23 - - [21/Apr/2023:10:12:59 +0800] "GET /xingrg/kc/buy/cgsh_order_operate.html?command=get_materiel&rest_code=00102&code=00101008355&supplier_code=00100008&order_time=2023-04-19 HTTP/1.1" 200 408
180.171.122.0 - - [21/Apr/2023:10:13:00 +0800] "GET /xingrg/all/function/internal_message.html?_=1682043176617&CODE_STATE=getMsg HTTP/1.1" 200 27
114.85.98.23 - - [21/Apr/2023:10:13:01 +0800] "GET /xingrg/check_reg.html?_=1682043204631 HTTP/1.1" 200 22
114.85.98.23 - - [21/Apr/2023:10:13:01 +0800] "GET /xingrg/all/function/internal_message.html?_=1682043204633&CODE_STATE=getMsg HTTP/1.1" 200 27
114.85.98.23 - - [21/Apr/2023:10:13:06 +0800] "GET /xingrg/kc/buy/cgsh_order_operate.html?command=get_materiel&rest_code=00102&code=00101008270&supplier_code=00100008&order_time=2023-04-19 HTTP/1.1" 200 412
61.170.233.130 - - [21/Apr/2023:10:13:07 +0800] "GET /xingrg/all/function/internal_message.html?_=1682043189829&CODE_STATE=getMsg HTTP/1.1" 200 27
180.163.29.217 - - [21/Apr/2023:10:13:07 +0800] "GET /xingrg/all/function/internal_message.html?_=1682043129857&CODE_STATE=getMsg HTTP/1.1" 302 -
180.163.29.217 - - [21/Apr/2023:10:13:07 +0800] "GET /xingrg/login.html HTTP/1.1" 200 7641
114.85.98.23 - - [21/Apr/2023:10:13:07 +0800] "GET /xingrg/all/function/internal_message.html?_=1682043187322&CODE_STATE=getMsg HTTP/1.1" 200 27
114.83.222.182 - - [21/Apr/2023:10:13:10 +0800] "GET /xingrg/all/function/internal_message.html?_=1682043280014&CODE_STATE=getMsg HTTP/1.1" 200 27
114.85.98.23 - - [21/Apr/2023:10:13:13 +0800] "GET /xingrg/kc/buy/cgsh_order_operate.html?command=get_materiel&rest_code=00102&code=00101008357&supplier_code=00100008&order_time=2023-04-19 HTTP/1.1" 200 408
116.230.112.155 - - [21/Apr/2023:10:13:17 +0800] "GET /xingrg/all/function/internal_message.html?_=1682043215136&CODE_STATE=getMsg HTTP/1.1" 200 27
116.238.139.35 - - [21/Apr/2023:10:13:18 +0800] "GET /xingrg/all/function/internal_message.html?_=1682043198153&CODE_STATE=getMsg HTTP/1.1" 200 27
114.85.98.23 - - [21/Apr/2023:10:13:19 +0800] "GET /xingrg/kc/buy/cgsh_order_operate.html?command=get_materiel&rest_code=00102&code=00101008213&supplier_code=00100008&order_time=2023-04-19 HTTP/1.1" 200 432
116.224.106.218 - - [21/Apr/2023:10:13:20 +0800] "GET /xingrg/all/function/internal_message.html?_=1682043198975&CODE_STATE=getMsg HTTP/1.1" 200 27
114.85.98.23 - - [21/Apr/2023:10:13:27 +0800] "GET /xingrg/kc/buy/cgsh_order_operate.html?command=get_materiel&rest_code=00102&code=00101037177&supplier_code=00100008&order_time=2023-04-19 HTTP/1.1" 200 428
180.164.3.199 - - [21/Apr/2023:10:13:29 +0800] "GET /xingrg/all/function/internal_message.html?_=1682043208820&CODE_STATE=getMsg HTTP/1.1" 200 27
114.85.98.23 - - [21/Apr/2023:10:13:31 +0800] "POST /xingrg/kc/buy/cgsh_order_operate.html HTTP/1.1" 200 2065
114.85.98.23 - - [21/Apr/2023:10:13:37 +0800] "GET /xingrg/kc/buy/cgsh_order_operate.html?command=get_materiel&rest_code=00102&code=00101007044&supplier_code=00100008&order_time=2023-04-19 HTTP/1.1" 200 422
116.227.208.255 - - [21/Apr/2023:10:13:38 +0800] "GET /xingrg/all/function/internal_message.html?_=1682043291322&CODE_STATE=getMsg HTTP/1.1" 200 27
120.253.135.82 - - [21/Apr/2023:10:13:39 +0800] "GET /xingrg/all/function/internal_message.html?_=1682043057829&CODE_STATE=getMsg HTTP/1.1" 200 27
124.79.240.114 - - [21/Apr/2023:10:13:44 +0800] "GET /favicon.ico HTTP/1.1" 404 -
116.224.158.100 - - [21/Apr/2023:10:13:47 +0800] "GET /xingrg/all/function/internal_message.html?_=1682043067951&CODE_STATE=getMsg HTTP/1.1" 200 27
116.238.139.35 - - [21/Apr/2023:10:13:47 +0800] "GET /xingrg/check_reg.html?_=1682043165920 HTTP/1.1" 200 22
116.238.139.35 - - [21/Apr/2023:10:13:47 +0800] "GET /xingrg/all/function/internal_message.html?_=1682043165971&CODE_STATE=getMsg HTTP/1.1" 200 27
114.83.222.244 - - [21/Apr/2023:10:13:48 +0800] "GET /xingrg/all/function/internal_message.html?_=1682043225832&CODE_STATE=getMsg HTTP/1.1" 200 27
61.170.233.130 - - [21/Apr/2023:10:13:49 +0800] "GET /xingrg/all/function/internal_message.html?_=1682043230703&CODE_STATE=getMsg HTTP/1.1" 200 27
114.85.98.23 - - [21/Apr/2023:10:13:54 +0800] "POST /xingrg/kc/buy/cgsh_order_operate.html HTTP/1.1" 200 37
58.221.95.50 - - [21/Apr/2023:10:13:55 +0800] "GET /xingrg/all/function/internal_message.html?_=1682043236050&CODE_STATE=getMsg HTTP/1.1" 200 27
116.227.208.255 - - [21/Apr/2023:10:13:57 +0800] "GET /xingrg/all/function/internal_message.html?_=1682043237003&CODE_STATE=getMsg HTTP/1.1" 200 27
180.171.122.0 - - [21/Apr/2023:10:14:00 +0800] "GET /xingrg/all/function/internal_message.html?_=1682043236617&CODE_STATE=getMsg HTTP/1.1" 200 27
114.85.98.23 - - [21/Apr/2023:10:14:01 +0800] "GET /xingrg/all/function/internal_message.html?_=1682043264603&CODE_STATE=getMsg HTTP/1.1" 200 27
58.221.95.50 - - [21/Apr/2023:10:14:02 +0800] "GET /xingrg/check_reg.html?_=1682043242827 HTTP/1.1" 200 22
61.170.233.130 - - [21/Apr/2023:10:14:04 +0800] "GET /xingrg/check_reg.html?_=1682043247088 HTTP/1.1" 200 22
114.85.98.23 - - [21/Apr/2023:10:14:05 +0800] "POST /xingrg/kc/buy/cgsh_order_operate.html HTTP/1.1" 200 12
61.170.233.130 - - [21/Apr/2023:10:14:06 +0800] "GET /xingrg/all/function/internal_message.html?_=1682043249805&CODE_STATE=getMsg HTTP/1.1" 200 27
180.163.28.55 - - [21/Apr/2023:10:14:07 +0800] "GET /xingrg/all/function/internal_message.html?_=1682043189829&CODE_STATE=getMsg HTTP/1.1" 302 -
114.85.98.23 - - [21/Apr/2023:10:14:07 +0800] "GET /xingrg/kc/buy/cgsh_order_info.html?code=212023042107129 HTTP/1.1" 200 65721
114.85.98.23 - - [21/Apr/2023:10:14:07 +0800] "GET /xingrg/all/function/internal_message.html?_=1682043247292&CODE_STATE=getMsg HTTP/1.1" 200 27
114.85.98.23 - - [21/Apr/2023:10:14:07 +0800] "GET /xingrg/javascript/easyui/themes/default/validatebox.css HTTP/1.1" 404 1104
114.85.98.23 - - [21/Apr/2023:10:14:08 +0800] "POST /xingrg/kc/buy/cgsh_order_operate.html HTTP/1.1" 200 23700
114.85.98.23 - - [21/Apr/2023:10:14:09 +0800] "GET /xingrg/kc/buy/cgsh_order_add.html HTTP/1.1" 200 70813
114.85.98.23 - - [21/Apr/2023:10:14:10 +0800] "POST /xingrg/kc/buy/cgsh_order_operate.html HTTP/1.1" 200 8245
180.163.28.55 - - [21/Apr/2023:10:14:10 +0800] "GET /xingrg/login.html HTTP/1.1" 200 7641
114.85.98.23 - - [21/Apr/2023:10:14:10 +0800] "GET /xingrg/javascript/easyui/themes/default/validatebox.css HTTP/1.1" 404 1104
114.83.222.182 - - [21/Apr/2023:10:14:10 +0800] "GET /xingrg/all/function/internal_message.html?_=1682043340012&CODE_STATE=getMsg HTTP/1.1" 200 27
116.230.112.155 - - [21/Apr/2023:10:14:17 +0800] "GET /xingrg/all/function/internal_message.html?_=1682043275161&CODE_STATE=getMsg HTTP/1.1" 200 27
116.238.139.35 - - [21/Apr/2023:10:14:18 +0800] "GET /xingrg/all/function/internal_message.html?_=1682043258155&CODE_STATE=getMsg HTTP/1.1" 200 27
116.224.106.218 - - [21/Apr/2023:10:14:20 +0800] "GET /xingrg/check_reg.html?_=1682043258975 HTTP/1.1" 200 22
116.224.106.218 - - [21/Apr/2023:10:14:20 +0800] "GET /xingrg/all/function/internal_message.html?_=1682043258977&CODE_STATE=getMsg HTTP/1.1" 200 27
114.85.98.23 - - [21/Apr/2023:10:14:21 +0800] "GET /xingrg/kc/buy/cgsh_order_operate.html?command=get_materiel&rest_code=00102&code=00101008027&supplier_code=00100008&order_time=2023-04-20 HTTP/1.1" 200 427
114.85.98.23 - - [21/Apr/2023:10:14:28 +0800] "GET /xingrg/kc/buy/cgsh_order_operate.html?command=get_materiel&rest_code=00102&code=00101008132&supplier_code=00100008&order_time=2023-04-20 HTTP/1.1" 200 408
180.164.3.199 - - [21/Apr/2023:10:14:29 +0800] "GET /xingrg/all/function/internal_message.html?_=1682043268812&CODE_STATE=getMsg HTTP/1.1" 200 27
114.85.98.23 - - [21/Apr/2023:10:14:35 +0800] "GET /xingrg/kc/buy/cgsh_order_operate.html?command=get_materiel&rest_code=00102&code=00101008350&supplier_code=00100008&order_time=2023-04-20 HTTP/1.1" 200 427
116.227.208.255 - - [21/Apr/2023:10:14:38 +0800] "GET /xingrg/all/function/internal_message.html?_=1682043351318&CODE_STATE=getMsg HTTP/1.1" 200 27
120.253.135.82 - - [21/Apr/2023:10:14:40 +0800] "GET /xingrg/all/function/internal_message.html?_=1682043118061&CODE_STATE=getMsg HTTP/1.1" 200 27
114.85.98.23 - - [21/Apr/2023:10:14:43 +0800] "GET /xingrg/kc/buy/cgsh_order_operate.html?command=get_materiel&rest_code=00102&code=00101008036&supplier_code=00100008&order_time=2023-04-20 HTTP/1.1" 200 408
116.224.158.100 - - [21/Apr/2023:10:14:47 +0800] "GET /xingrg/all/function/internal_message.html?_=1682043127962&CODE_STATE=getMsg HTTP/1.1" 200 27
116.238.139.35 - - [21/Apr/2023:10:14:47 +0800] "GET /xingrg/all/function/internal_message.html?_=1682043225985&CODE_STATE=getMsg HTTP/1.1" 200 27
114.83.222.244 - - [21/Apr/2023:10:14:48 +0800] "GET /xingrg/all/function/internal_message.html?_=1682043285802&CODE_STATE=getMsg HTTP/1.1" 200 27
61.170.233.130 - - [21/Apr/2023:10:14:49 +0800] "GET /xingrg/all/function/internal_message.html?_=1682043290699&CODE_STATE=getMsg HTTP/1.1" 200 27
114.85.98.23 - - [21/Apr/2023:10:14:50 +0800] "GET /xingrg/kc/buy/cgsh_order_operate.html?command=get_materiel&rest_code=00102&code=00101008185&supplier_code=00100008&order_time=2023-04-20 HTTP/1.1" 200 408
58.221.95.50 - - [21/Apr/2023:10:14:55 +0800] "GET /xingrg/all/function/internal_message.html?_=1682043296037&CODE_STATE=getMsg HTTP/1.1" 200 27
116.227.208.255 - - [21/Apr/2023:10:14:57 +0800] "GET /xingrg/all/function/internal_message.html?_=1682043297002&CODE_STATE=getMsg HTTP/1.1" 200 27
180.171.122.0 - - [21/Apr/2023:10:15:00 +0800] "GET /xingrg/all/function/internal_message.html?_=1682043296615&CODE_STATE=getMsg HTTP/1.1" 200 27
114.85.98.23 - - [21/Apr/2023:10:15:01 +0800] "GET /xingrg/all/function/internal_message.html?_=1682043324607&CODE_STATE=getMsg HTTP/1.1" 200 27
180.163.30.85 - - [21/Apr/2023:10:15:04 +0800] "GET /xingrg/check_reg.html?_=1682043247088 HTTP/1.1" 302 -
180.163.30.85 - - [21/Apr/2023:10:15:04 +0800] "GET /xingrg/login.html HTTP/1.1" 200 7641
61.170.233.130 - - [21/Apr/2023:10:15:06 +0800] "GET /xingrg/all/function/internal_message.html?_=1682043309791&CODE_STATE=getMsg HTTP/1.1" 200 27
114.85.98.23 - - [21/Apr/2023:10:15:07 +0800] "GET /xingrg/all/function/internal_message.html?_=1682043307267&CODE_STATE=getMsg HTTP/1.1" 200 27
114.83.222.182 - - [21/Apr/2023:10:15:10 +0800] "GET /xingrg/all/function/internal_message.html?_=1682043400003&CODE_STATE=getMsg HTTP/1.1" 200 27
114.85.98.23 - - [21/Apr/2023:10:15:14 +0800] "GET /xingrg/kc/buy/cgsh_order_operate.html?command=get_materiel&rest_code=00102&code=00101008010&supplier_code=00100008&order_time=2023-04-20 HTTP/1.1" 200 412
116.230.112.155 - - [21/Apr/2023:10:15:17 +0800] "GET /xingrg/all/function/internal_message.html?_=1682043335166&CODE_STATE=getMsg HTTP/1.1" 200 27
116.238.139.35 - - [21/Apr/2023:10:15:18 +0800] "GET /xingrg/check_reg.html?_=1682043318160 HTTP/1.1" 200 22
116.238.139.35 - - [21/Apr/2023:10:15:18 +0800] "GET /xingrg/all/function/internal_message.html?_=1682043318163&CODE_STATE=getMsg HTTP/1.1" 200 27
116.224.106.218 - - [21/Apr/2023:10:15:20 +0800] "GET /xingrg/all/function/internal_message.html?_=1682043318975&CODE_STATE=getMsg HTTP/1.1" 200 27
114.85.98.23 - - [21/Apr/2023:10:15:23 +0800] "GET /xingrg/kc/buy/cgsh_order_operate.html?command=get_materiel&rest_code=00102&code=00101008110&supplier_code=00100008&order_time=2023-04-20 HTTP/1.1" 200 408
116.230.112.155 - - [21/Apr/2023:10:15:27 +0800] "GET /xingrg/javascript/auto/indicator.gif HTTP/1.1" 404 1066
180.164.3.199 - - [21/Apr/2023:10:15:29 +0800] "GET /xingrg/all/function/internal_message.html?_=1682043328798&CODE_STATE=getMsg HTTP/1.1" 200 27
114.85.98.23 - - [21/Apr/2023:10:15:31 +0800] "GET /xingrg/kc/buy/cgsh_order_operate.html?command=get_materiel&rest_code=00102&code=00101008096&supplier_code=00100008&order_time=2023-04-20 HTTP/1.1" 200 413
116.230.112.155 - - [21/Apr/2023:10:15:32 +0800] "GET /xingrg/javascript/jquery_tools/images/prev.gif HTTP/1.1" 404 1086
116.230.112.155 - - [21/Apr/2023:10:15:32 +0800] "GET /xingrg/javascript/jquery_tools/images/next.gif HTTP/1.1" 404 1086
114.85.98.23 - - [21/Apr/2023:10:15:38 +0800] "GET /xingrg/kc/buy/cgsh_order_operate.html?command=get_materiel&rest_code=00102&code=00101008038&supplier_code=00100008&order_time=2023-04-20 HTTP/1.1" 200 412
116.227.208.255 - - [21/Apr/2023:10:15:38 +0800] "GET /xingrg/all/function/internal_message.html?_=1682043411311&CODE_STATE=getMsg HTTP/1.1" 200 27
120.253.135.82 - - [21/Apr/2023:10:15:40 +0800] "GET /xingrg/all/function/internal_message.html?_=1682043178073&CODE_STATE=getMsg HTTP/1.1" 200 27
114.85.98.23 - - [21/Apr/2023:10:15:44 +0800] "GET /xingrg/kc/buy/cgsh_order_operate.html?command=get_materiel&rest_code=00102&code=00101008283&supplier_code=00100008&order_time=2023-04-20 HTTP/1.1" 200 408
114.85.98.23 - - [21/Apr/2023:10:15:45 +0800] "GET /xingrg/kc/base/wldb_order_list.html HTTP/1.1" 200 19098
114.85.98.23 - - [21/Apr/2023:10:15:46 +0800] "POST /xingrg/kc/base/wldb_list_operate.html HTTP/1.1" 200 928
116.224.158.100 - - [21/Apr/2023:10:15:47 +0800] "GET /xingrg/all/function/internal_message.html?_=1682043187939&CODE_STATE=getMsg HTTP/1.1" 200 27
114.85.98.23 - - [21/Apr/2023:10:15:47 +0800] "GET /xingrg/kc/base/wldb_order_add.html HTTP/1.1" 200 30377
116.238.139.35 - - [21/Apr/2023:10:15:47 +0800] "GET /xingrg/all/function/internal_message.html?_=1682043285999&CODE_STATE=getMsg HTTP/1.1" 200 27
114.85.98.23 - - [21/Apr/2023:10:15:48 +0800] "POST /xingrg/kc/base/wldb_order_operate.html HTTP/1.1" 200 6806
114.85.98.23 - - [21/Apr/2023:10:15:48 +0800] "GET /xingrg/all/common/auto_word.html?type=base&rest_code=00102 HTTP/1.1" 200 1857
114.85.98.23 - - [21/Apr/2023:10:15:48 +0800] "GET /xingrg/javascript/easyui/themes/default/validatebox.css HTTP/1.1" 404 1104
114.85.98.23 - - [21/Apr/2023:10:15:48 +0800] "GET /xingrg/all/common/auto_word.html?type=base&rest_code=00102 HTTP/1.1" 200 1857
114.83.222.244 - - [21/Apr/2023:10:15:48 +0800] "GET /xingrg/all/function/internal_message.html?_=1682043345796&CODE_STATE=getMsg HTTP/1.1" 200 27
61.170.233.130 - - [21/Apr/2023:10:15:49 +0800] "GET /xingrg/all/function/internal_message.html?_=1682043350694&CODE_STATE=getMsg HTTP/1.1" 200 27
114.85.98.23 - - [21/Apr/2023:10:15:49 +0800] "POST /xingrg/all/common/load_combo.html?type=base HTTP/1.1" 200 3321
114.85.98.23 - - [21/Apr/2023:10:15:50 +0800] "GET /xingrg/kc/buy/cgsh_order_operate.html?command=get_materiel&rest_code=00102&code=00101008338&supplier_code=00100008&order_time=2023-04-20 HTTP/1.1" 200 408
114.85.98.23 - - [21/Apr/2023:10:15:54 +0800] "GET /xingrg/kc/base/wldb_order_operate.html?command=get_materiel&rest_code=00102&base_code=0010476&code=00101019375 HTTP/1.1" 200 464
58.221.95.50 - - [21/Apr/2023:10:15:55 +0800] "GET /xingrg/all/function/internal_message.html?_=1682043356013&CODE_STATE=getMsg HTTP/1.1" 200 27
116.227.208.255 - - [21/Apr/2023:10:15:57 +0800] "GET /xingrg/all/function/internal_message.html?_=1682043356991&CODE_STATE=getMsg HTTP/1.1" 200 27
116.227.208.255 - - [21/Apr/2023:10:15:57 +0800] "GET /xingrg/check_reg.html?_=1682043356995 HTTP/1.1" 200 22
114.85.98.23 - - [21/Apr/2023:10:15:58 +0800] "GET /xingrg/kc/buy/cgsh_order_operate.html?command=get_materiel&rest_code=00102&code=00101008356&supplier_code=00100008&order_time=2023-04-20 HTTP/1.1" 200 408
114.85.98.23 - - [21/Apr/2023:10:15:59 +0800] "GET /xingrg/kc/base/wldb_order_operate.html?command=get_materiel&rest_code=00102&base_code=0010476&code=00101019287 HTTP/1.1" 200 452
180.171.122.0 - - [21/Apr/2023:10:16:00 +0800] "GET /xingrg/all/function/internal_message.html?_=1682043356615&CODE_STATE=getMsg HTTP/1.1" 200 27
180.171.122.0 - - [21/Apr/2023:10:16:00 +0800] "GET /xingrg/check_reg.html?_=1682043356618 HTTP/1.1" 200 22
114.85.98.23 - - [21/Apr/2023:10:16:01 +0800] "GET /xingrg/all/function/internal_message.html?_=1682043384736&CODE_STATE=getMsg HTTP/1.1" 200 27
116.230.112.155 - - [21/Apr/2023:10:16:03 +0800] "GET /xingrg/kc/buy/cgsh_order_operate.html?command=get_materiel&rest_code=00146&code=00101008261&supplier_code=00100005&order_time=2023-04-21 HTTP/1.1" 200 408
114.85.98.23 - - [21/Apr/2023:10:16:04 +0800] "GET /xingrg/kc/buy/cgsh_order_operate.html?command=get_materiel&rest_code=00102&code=00101008077&supplier_code=00100008&order_time=2023-04-20 HTTP/1.1" 200 416
61.170.233.130 - - [21/Apr/2023:10:16:06 +0800] "GET /xingrg/all/function/internal_message.html?_=1682043369762&CODE_STATE=getMsg HTTP/1.1" 200 27
180.163.29.219 - - [21/Apr/2023:10:16:07 +0800] "GET /xingrg/all/function/internal_message.html?_=1682043309791&CODE_STATE=getMsg HTTP/1.1" 302 -
180.163.29.219 - - [21/Apr/2023:10:16:07 +0800] "GET /xingrg/login.html HTTP/1.1" 200 7641
114.85.98.23 - - [21/Apr/2023:10:16:07 +0800] "GET /xingrg/all/function/internal_message.html?_=1682043367265&CODE_STATE=getMsg HTTP/1.1" 200 27
114.85.98.23 - - [21/Apr/2023:10:16:07 +0800] "GET /xingrg/check_reg.html?_=1682043367766 HTTP/1.1" 200 22
114.85.98.23 - - [21/Apr/2023:10:16:10 +0800] "GET /xingrg/kc/base/wldb_order_operate.html?command=get_materiel&rest_code=00102&base_code=0010476&code=00101019095 HTTP/1.1" 200 464
114.83.222.182 - - [21/Apr/2023:10:16:10 +0800] "GET /xingrg/all/function/internal_message.html?_=1682043460020&CODE_STATE=getMsg HTTP/1.1" 200 27
114.83.222.182 - - [21/Apr/2023:10:16:10 +0800] "GET /xingrg/check_reg.html?_=1682043460021 HTTP/1.1" 200 22
114.85.98.23 - - [21/Apr/2023:10:16:10 +0800] "GET /xingrg/kc/buy/cgsh_order_operate.html?command=get_materiel&rest_code=00102&code=00101008161&supplier_code=00100008&order_time=2023-04-20 HTTP/1.1" 200 409
116.230.112.155 - - [21/Apr/2023:10:16:17 +0800] "GET /xingrg/check_reg.html?_=1682043395174 HTTP/1.1" 200 22
116.230.112.155 - - [21/Apr/2023:10:16:17 +0800] "GET /xingrg/all/function/internal_message.html?_=1682043395178&CODE_STATE=getMsg HTTP/1.1" 200 27
114.85.98.23 - - [21/Apr/2023:10:16:17 +0800] "GET /xingrg/kc/buy/cgsh_order_operate.html?command=get_materiel&rest_code=00102&code=00101008069&supplier_code=00100008&order_time=2023-04-20 HTTP/1.1" 200 412
114.85.98.23 - - [21/Apr/2023:10:16:17 +0800] "GET /xingrg/kc/base/wldb_order_operate.html?command=get_materiel&rest_code=00102&base_code=0010476&code=00101019084 HTTP/1.1" 200 471
116.238.139.35 - - [21/Apr/2023:10:16:18 +0800] "GET /xingrg/all/function/internal_message.html?_=1682043378150&CODE_STATE=getMsg HTTP/1.1" 200 27
116.224.106.218 - - [21/Apr/2023:10:16:20 +0800] "GET /xingrg/all/function/internal_message.html?_=1682043378975&CODE_STATE=getMsg HTTP/1.1" 200 27
114.85.98.23 - - [21/Apr/2023:10:16:23 +0800] "GET /xingrg/kc/buy/cgsh_order_operate.html?command=get_materiel&rest_code=00102&code=00101008286&supplier_code=00100008&order_time=2023-04-20 HTTP/1.1" 200 428
180.164.3.199 - - [21/Apr/2023:10:16:29 +0800] "GET /xingrg/all/function/internal_message.html?_=1682043388775&CODE_STATE=getMsg HTTP/1.1" 200 27
114.85.98.23 - - [21/Apr/2023:10:16:31 +0800] "GET /xingrg/kc/buy/cgsh_order_operate.html?command=get_materiel&rest_code=00102&code=00101008131&supplier_code=00100008&order_time=2023-04-20 HTTP/1.1" 200 409
116.230.112.155 - - [21/Apr/2023:10:16:35 +0800] "GET /xingrg/kc/buy/cgsh_order_operate.html?command=get_materiel&rest_code=00146&code=00101008210&supplier_code=00100005&order_time=2023-04-21 HTTP/1.1" 200 428
114.85.98.23 - - [21/Apr/2023:10:16:38 +0800] "GET /xingrg/kc/buy/cgsh_order_operate.html?command=get_materiel&rest_code=00102&code=00101008005&supplier_code=00100008&order_time=2023-04-20 HTTP/1.1" 200 412
116.227.208.255 - - [21/Apr/2023:10:16:38 +0800] "GET /xingrg/all/function/internal_message.html?_=1682043471325&CODE_STATE=getMsg HTTP/1.1" 200 27
120.253.135.82 - - [21/Apr/2023:10:16:40 +0800] "GET /xingrg/all/function/internal_message.html?_=1682043238323&CODE_STATE=getMsg HTTP/1.1" 200 27
114.85.98.23 - - [21/Apr/2023:10:16:45 +0800] "GET /xingrg/kc/buy/cgsh_order_operate.html?command=get_materiel&rest_code=00102&code=00101008353&supplier_code=00100008&order_time=2023-04-20 HTTP/1.1" 200 408
172.20.0.100 - - [21/Apr/2023:10:16:45 +0800] "GET /xingrg/check_reg.html?_=1682043418142 HTTP/1.1" 200 22
116.224.158.100 - - [21/Apr/2023:10:16:47 +0800] "GET /xingrg/all/function/internal_message.html?_=1682043247924&CODE_STATE=getMsg HTTP/1.1" 200 27
114.85.98.23 - - [21/Apr/2023:10:16:47 +0800] "POST /xingrg/kc/buy/cgsh_order_operate.html HTTP/1.1" 200 2065
116.224.158.100 - - [21/Apr/2023:10:16:47 +0800] "GET /xingrg/kc/buy/cgsh_order_operate.html?command=get_materiel&rest_code=00105&code=00101008248&supplier_code=00100203&order_time=2023-04-21 HTTP/1.1" 200 412
116.238.139.35 - - [21/Apr/2023:10:16:48 +0800] "GET /xingrg/all/function/internal_message.html?_=1682043346015&CODE_STATE=getMsg HTTP/1.1" 200 27
116.224.158.100 - - [21/Apr/2023:10:16:48 +0800] "GET /xingrg/check_reg.html?_=1682043248694 HTTP/1.1" 200 22
114.83.222.244 - - [21/Apr/2023:10:16:48 +0800] "GET /xingrg/all/function/internal_message.html?_=1682043405767&CODE_STATE=getMsg HTTP/1.1" 200 27
61.170.233.130 - - [21/Apr/2023:10:16:49 +0800] "GET /xingrg/check_reg.html?_=1682043410695 HTTP/1.1" 200 22
61.170.233.130 - - [21/Apr/2023:10:16:49 +0800] "GET /xingrg/all/function/internal_message.html?_=1682043410698&CODE_STATE=getMsg HTTP/1.1" 200 27
114.83.222.244 - - [21/Apr/2023:10:16:49 +0800] "GET /xingrg/check_reg.html?_=1682043406926 HTTP/1.1" 200 22
114.85.98.23 - - [21/Apr/2023:10:16:51 +0800] "GET /xingrg/kc/buy/cgsh_order_operate.html?command=get_materiel&rest_code=00102&code=00101008042&supplier_code=00100008&order_time=2023-04-20 HTTP/1.1" 200 416
58.221.95.50 - - [21/Apr/2023:10:16:55 +0800] "GET /xingrg/all/function/internal_message.html?_=1682043415992&CODE_STATE=getMsg HTTP/1.1" 200 27
116.230.112.155 - - [21/Apr/2023:10:16:55 +0800] "GET /xingrg/kc/buy/cgsh_order_operate.html?command=get_materiel&rest_code=00146&code=00101008290&supplier_code=00100005&order_time=2023-04-21 HTTP/1.1" 200 416
120.253.135.82 - - [21/Apr/2023:10:16:55 +0800] "GET /xingrg/check_reg.html?_=1682043414162 HTTP/1.1" 302 -
116.227.208.255 - - [21/Apr/2023:10:16:57 +0800] "GET /xingrg/all/function/internal_message.html?_=1682043416992&CODE_STATE=getMsg HTTP/1.1" 200 27
114.85.98.23 - - [21/Apr/2023:10:16:58 +0800] "GET /xingrg/kc/buy/cgsh_order_operate.html?command=get_materiel&rest_code=00102&code=00101008285&supplier_code=00100008&order_time=2023-04-20 HTTP/1.1" 200 432
180.171.122.0 - - [21/Apr/2023:10:17:00 +0800] "GET /xingrg/all/function/internal_message.html?_=1682043416618&CODE_STATE=getMsg HTTP/1.1" 200 27
114.85.98.23 - - [21/Apr/2023:10:17:01 +0800] "GET /xingrg/all/function/internal_message.html?_=1682043444728&CODE_STATE=getMsg HTTP/1.1" 200 27
120.253.135.82 - - [21/Apr/2023:10:17:04 +0800] "GET /xingrg/check_reg.html?_=1682043261897 HTTP/1.1" 200 22
180.163.28.109 - - [21/Apr/2023:10:17:06 +0800] "GET /xingrg/all/function/internal_message.html?_=1682043369762&CODE_STATE=getMsg HTTP/1.1" 302 -
180.163.28.109 - - [21/Apr/2023:10:17:06 +0800] "GET /xingrg/login.html HTTP/1.1" 200 7641
114.85.98.23 - - [21/Apr/2023:10:17:06 +0800] "GET /xingrg/kc/buy/cgsh_order_operate.html?command=get_materiel&rest_code=00102&code=00101008403&supplier_code=00100008&order_time=2023-04-20 HTTP/1.1" 200 431
61.170.233.130 - - [21/Apr/2023:10:17:06 +0800] "GET /xingrg/all/function/internal_message.html?_=1682043429732&CODE_STATE=getMsg HTTP/1.1" 200 27
114.85.98.23 - - [21/Apr/2023:10:17:07 +0800] "GET /xingrg/all/function/internal_message.html?_=1682043427258&CODE_STATE=getMsg HTTP/1.1" 200 27
116.230.112.155 - - [21/Apr/2023:10:17:08 +0800] "GET /xingrg/kc/buy/cgsh_order_operate.html?command=get_materiel&rest_code=00146&code=00101008126&supplier_code=00100005&order_time=2023-04-21 HTTP/1.1" 200 412
116.224.158.100 - - [21/Apr/2023:10:17:08 +0800] "GET /xingrg/kc/buy/cgsh_order_operate.html?command=get_materiel&rest_code=00105&code=00101008330&supplier_code=00100203&order_time=2023-04-21 HTTP/1.1" 200 408
114.83.222.182 - - [21/Apr/2023:10:17:10 +0800] "GET /xingrg/all/function/internal_message.html?_=1682043520018&CODE_STATE=getMsg HTTP/1.1" 200 27
114.85.98.23 - - [21/Apr/2023:10:17:14 +0800] "GET /xingrg/kc/buy/cgsh_order_operate.html?command=get_materiel&rest_code=00102&code=00101015060&supplier_code=00100008&order_time=2023-04-20 HTTP/1.1" 200 413
116.230.112.155 - - [21/Apr/2023:10:17:17 +0800] "GET /xingrg/all/function/internal_message.html?_=1682043455191&CODE_STATE=getMsg HTTP/1.1" 200 27
116.238.139.35 - - [21/Apr/2023:10:17:18 +0800] "GET /xingrg/all/function/internal_message.html?_=1682043438152&CODE_STATE=getMsg HTTP/1.1" 200 27
116.224.106.218 - - [21/Apr/2023:10:17:20 +0800] "GET /xingrg/all/function/internal_message.html?_=1682043438979&CODE_STATE=getMsg HTTP/1.1" 200 27
116.224.158.100 - - [21/Apr/2023:10:17:23 +0800] "GET /xingrg/kc/buy/cgsh_order_operate.html?command=get_materiel&rest_code=00105&code=00101008027&supplier_code=00100203&order_time=2023-04-21 HTTP/1.1" 200 427
114.85.98.23 - - [21/Apr/2023:10:17:25 +0800] "POST /xingrg/kc/buy/cgsh_order_operate.html HTTP/1.1" 200 2065
180.164.3.199 - - [21/Apr/2023:10:17:29 +0800] "GET /xingrg/all/function/internal_message.html?_=1682043448755&CODE_STATE=getMsg HTTP/1.1" 200 27
180.164.3.199 - - [21/Apr/2023:10:17:29 +0800] "GET /xingrg/check_reg.html?_=1682043449065 HTTP/1.1" 200 22
116.224.158.100 - - [21/Apr/2023:10:17:29 +0800] "POST /xingrg/kc/buy/cgsh_order_operate.html HTTP/1.1" 200 2065
114.85.98.23 - - [21/Apr/2023:10:17:30 +0800] "GET /xingrg/kc/buy/cgsh_order_operate.html?command=get_materiel&rest_code=00102&code=00101008223&supplier_code=00100008&order_time=2023-04-20 HTTP/1.1" 200 412
116.230.112.155 - - [21/Apr/2023:10:17:34 +0800] "GET /xingrg/kc/buy/cgsh_order_operate.html?command=get_materiel&rest_code=00146&code=00101008137&supplier_code=00100005&order_time=2023-04-21 HTTP/1.1" 200 408
114.85.98.23 - - [21/Apr/2023:10:17:37 +0800] "GET /xingrg/kc/buy/cgsh_order_operate.html?command=get_materiel&rest_code=00102&code=00101008172&supplier_code=00100008&order_time=2023-04-20 HTTP/1.1" 200 412
116.227.208.255 - - [21/Apr/2023:10:17:38 +0800] "GET /xingrg/all/function/internal_message.html?_=1682043531326&CODE_STATE=getMsg HTTP/1.1" 200 27
116.227.208.255 - - [21/Apr/2023:10:17:38 +0800] "GET /xingrg/check_reg.html?_=1682043531328 HTTP/1.1" 200 22
116.224.158.100 - - [21/Apr/2023:10:17:41 +0800] "GET /xingrg/kc/buy/cgsh_order_operate.html?command=get_materiel&rest_code=00105&code=00101008132&supplier_code=00100203&order_time=2023-04-21 HTTP/1.1" 200 408
116.224.158.100 - - [21/Apr/2023:10:17:44 +0800] "POST /xingrg/services/DataTransmitService HTTP/1.1" 200 524
116.224.158.100 - - [21/Apr/2023:10:17:47 +0800] "GET /xingrg/all/function/internal_message.html?_=1682043307912&CODE_STATE=getMsg HTTP/1.1" 200 27
116.230.112.155 - - [21/Apr/2023:10:17:47 +0800] "GET /xingrg/kc/buy/cgsh_order_operate.html?command=get_materiel&rest_code=00146&code=00101008270&supplier_code=00100005&order_time=2023-04-21 HTTP/1.1" 200 412
116.238.139.35 - - [21/Apr/2023:10:17:48 +0800] "GET /xingrg/all/function/internal_message.html?_=1682043406026&CODE_STATE=getMsg HTTP/1.1" 200 27
114.83.222.244 - - [21/Apr/2023:10:17:48 +0800] "GET /xingrg/all/function/internal_message.html?_=1682043465746&CODE_STATE=getMsg HTTP/1.1" 200 27
61.170.233.130 - - [21/Apr/2023:10:17:49 +0800] "GET /xingrg/all/function/internal_message.html?_=1682043470692&CODE_STATE=getMsg HTTP/1.1" 200 27
114.85.98.23 - - [21/Apr/2023:10:17:50 +0800] "GET /xingrg/kc/buy/cgsh_order_operate.html?command=get_materiel&rest_code=00102&code=00101008284&supplier_code=00100008&order_time=2023-04-20 HTTP/1.1" 200 412
58.221.95.50 - - [21/Apr/2023:10:17:55 +0800] "GET /xingrg/all/function/internal_message.html?_=1682043475970&CODE_STATE=getMsg HTTP/1.1" 200 27
114.85.98.23 - - [21/Apr/2023:10:17:56 +0800] "GET /xingrg/kc/buy/cgsh_order_operate.html?command=get_materiel&rest_code=00102&code=00101015066&supplier_code=00100008&order_time=2023-04-20 HTTP/1.1" 200 413
116.227.208.255 - - [21/Apr/2023:10:17:57 +0800] "GET /xingrg/all/function/internal_message.html?_=1682043477013&CODE_STATE=getMsg HTTP/1.1" 200 27
114.85.98.23 - - [21/Apr/2023:10:17:59 +0800] "POST /xingrg/kc/buy/cgsh_order_operate.html HTTP/1.1" 200 2065
180.171.122.0 - - [21/Apr/2023:10:18:00 +0800] "GET /xingrg/all/function/internal_message.html?_=1682043476618&CODE_STATE=getMsg HTTP/1.1" 200 27
114.85.98.23 - - [21/Apr/2023:10:18:01 +0800] "GET /xingrg/check_reg.html?_=1682043504658 HTTP/1.1" 200 22
116.230.112.155 - - [21/Apr/2023:10:18:01 +0800] "GET /xingrg/kc/buy/cgsh_order_operate.html?command=get_materiel&rest_code=00146&code=00101008169&supplier_code=00100005&order_time=2023-04-21 HTTP/1.1" 200 412
114.85.98.23 - - [21/Apr/2023:10:18:02 +0800] "GET /xingrg/all/function/internal_message.html?_=1682043506035&CODE_STATE=getMsg HTTP/1.1" 200 27
180.163.28.114 - - [21/Apr/2023:10:18:06 +0800] "GET /xingrg/all/function/internal_message.html?_=1682043429732&CODE_STATE=getMsg HTTP/1.1" 302 -
180.163.28.114 - - [21/Apr/2023:10:18:06 +0800] "GET /xingrg/login.html HTTP/1.1" 200 7641
61.170.233.130 - - [21/Apr/2023:10:18:06 +0800] "GET /xingrg/all/function/internal_message.html?_=1682043489709&CODE_STATE=getMsg HTTP/1.1" 200 27
114.85.98.23 - - [21/Apr/2023:10:18:07 +0800] "GET /xingrg/kc/buy/cgsh_order_operate.html?command=get_materiel&rest_code=00102&code=00101015006&supplier_code=00100008&order_time=2023-04-20 HTTP/1.1" 200 413
114.85.98.23 - - [21/Apr/2023:10:18:07 +0800] "GET /xingrg/all/function/internal_message.html?_=1682043487251&CODE_STATE=getMsg HTTP/1.1" 200 27
114.83.222.182 - - [21/Apr/2023:10:18:10 +0800] "GET /xingrg/all/function/internal_message.html?_=1682043580018&CODE_STATE=getMsg HTTP/1.1" 200 27
114.85.98.23 - - [21/Apr/2023:10:18:15 +0800] "GET /xingrg/kc/buy/cgsh_order_operate.html?command=get_materiel&rest_code=00102&code=00101008168&supplier_code=00100008&order_time=2023-04-20 HTTP/1.1" 200 413
116.224.158.100 - - [21/Apr/2023:10:18:17 +0800] "GET /xingrg/kc/buy/cgsh_order_operate.html?command=get_materiel&rest_code=00105&code=00101008080&supplier_code=00100203&order_time=2023-04-21 HTTP/1.1" 200 416
116.230.112.155 - - [21/Apr/2023:10:18:17 +0800] "GET /xingrg/all/function/internal_message.html?_=1682043515206&CODE_STATE=getMsg HTTP/1.1" 200 27
116.238.139.35 - - [21/Apr/2023:10:18:18 +0800] "GET /xingrg/all/function/internal_message.html?_=1682043498154&CODE_STATE=getMsg HTTP/1.1" 200 27
116.224.106.218 - - [21/Apr/2023:10:18:20 +0800] "GET /xingrg/all/function/internal_message.html?_=1682043498978&CODE_STATE=getMsg HTTP/1.1" 200 27
114.85.98.23 - - [21/Apr/2023:10:18:26 +0800] "GET /xingrg/kc/buy/cgsh_order_operate.html?command=get_materiel&rest_code=00102&code=00101008229&supplier_code=00100008&order_time=2023-04-20 HTTP/1.1" 200 420
116.224.158.100 - - [21/Apr/2023:10:18:28 +0800] "POST /xingrg/services/DataTransmitService HTTP/1.1" 200 501
180.164.3.199 - - [21/Apr/2023:10:18:28 +0800] "GET /xingrg/all/function/internal_message.html?_=1682043508727&CODE_STATE=getMsg HTTP/1.1" 200 27
116.230.112.155 - - [21/Apr/2023:10:18:31 +0800] "GET /xingrg/kc/buy/cgsh_order_operate.html?command=get_materiel&rest_code=00146&code=00101008332&supplier_code=00100005&order_time=2023-04-21 HTTP/1.1" 200 412
116.224.158.100 - - [21/Apr/2023:10:18:32 +0800] "GET /xingrg/kc/buy/cgsh_order_operate.html?command=get_materiel&rest_code=00105&code=00101008244&supplier_code=00100203&order_time=2023-04-21 HTTP/1.1" 200 408
114.85.98.23 - - [21/Apr/2023:10:18:35 +0800] "GET /xingrg/kc/buy/cgsh_order_operate.html?command=get_materiel&rest_code=00102&code=00101008323&supplier_code=00100008&order_time=2023-04-20 HTTP/1.1" 200 428
116.227.208.255 - - [21/Apr/2023:10:18:38 +0800] "GET /xingrg/all/function/internal_message.html?_=1682043591315&CODE_STATE=getMsg HTTP/1.1" 200 27
61.170.233.130 - - [21/Apr/2023:10:18:41 +0800] "GET /xingrg/kc/buy/cgsh_order_operate.html?command=get_materiel&rest_code=00106&code=00101008350&supplier_code=00100007&order_time=2023-04-21 HTTP/1.1" 200 427
114.85.98.23 - - [21/Apr/2023:10:18:43 +0800] "GET /xingrg/kc/buy/cgsh_order_operate.html?command=get_materiel&rest_code=00102&code=00101008261&supplier_code=00100008&order_time=2023-04-20 HTTP/1.1" 200 408
114.83.222.244 - - [21/Apr/2023:10:18:45 +0800] "POST /xingrg/services/DataTransmitService HTTP/1.1" 200 524
114.85.98.23 - - [21/Apr/2023:10:18:45 +0800] "POST /xingrg/kc/buy/cgsh_order_operate.html HTTP/1.1" 200 2065
114.83.222.244 - - [21/Apr/2023:10:18:45 +0800] "POST /xingrg/services/DataTransmitService HTTP/1.1" 200 2063
114.83.222.244 - - [21/Apr/2023:10:18:46 +0800] "POST /xingrg/services/DataTransmitService HTTP/1.1" 200 168580
116.224.158.100 - - [21/Apr/2023:10:18:47 +0800] "GET /xingrg/all/function/internal_message.html?_=1682043367897&CODE_STATE=getMsg HTTP/1.1" 200 27
116.238.139.35 - - [21/Apr/2023:10:18:47 +0800] "GET /xingrg/check_reg.html?_=1682043465924 HTTP/1.1" 200 22
116.238.139.35 - - [21/Apr/2023:10:18:48 +0800] "GET /xingrg/all/function/internal_message.html?_=1682043466040&CODE_STATE=getMsg HTTP/1.1" 200 27
114.83.222.244 - - [21/Apr/2023:10:18:48 +0800] "GET /xingrg/all/function/internal_message.html?_=1682043525736&CODE_STATE=getMsg HTTP/1.1" 200 27
