116.238.139.35 - - [21/Apr/2023:09:45:38 +0800] "POST /xingrg/dwr/call/plaincall/AjaxYddbService.getUnitPrice.dwr HTTP/1.1" 200 88
116.227.208.255 - - [21/Apr/2023:09:45:38 +0800] "GET /xingrg/all/function/internal_message.html?_=1682041611333&CODE_STATE=getMsg HTTP/1.1" 200 27
114.83.222.182 - - [21/Apr/2023:09:45:41 +0800] "GET /xingrg/kc/base/wldb_order_operate.html?command=get_materiel&rest_code=00154&base_code=0010724&code=00101016149 HTTP/1.1" 200 460
116.238.139.35 - - [21/Apr/2023:09:45:43 +0800] "POST /xingrg/dwr/call/plaincall/AjaxYddbService.saveMaterielItem.dwr HTTP/1.1" 200 79
114.83.222.182 - - [21/Apr/2023:09:45:44 +0800] "POST /xingrg/all/common/load_select.html HTTP/1.1" 200 25
116.238.139.35 - - [21/Apr/2023:09:45:45 +0800] "POST /xingrg/dwr/call/plaincall/AjaxComOrderService.getMaterielSearchList.dwr HTTP/1.1" 200 704
180.164.3.199 - - [21/Apr/2023:09:45:45 +0800] "GET /xingrg/kc/buy/cgsh_order_operate.html?command=get_materiel&rest_code=00108&code=00101008247&supplier_code=00100007&order_time=2023-04-21 HTTP/1.1" 200 412
116.238.139.35 - - [21/Apr/2023:09:45:47 +0800] "POST /xingrg/dwr/call/plaincall/AjaxYddbService.getMaterielByMap.dwr HTTP/1.1" 200 3979
116.224.158.100 - - [21/Apr/2023:09:45:47 +0800] "GET /xingrg/all/function/internal_message.html?_=1682041388391&CODE_STATE=getMsg HTTP/1.1" 200 27
114.83.222.182 - - [21/Apr/2023:09:45:48 +0800] "GET /xingrg/kc/base/wldb_order_operate.html?command=get_materiel_price&rest_code=00154&base_code=0010724&code=00101016149&unit_code=00100075 HTTP/1.1" 200 35
114.83.222.244 - - [21/Apr/2023:09:45:49 +0800] "GET /xingrg/all/function/internal_message.html?_=1682041546389&CODE_STATE=getMsg HTTP/1.1" 200 27
116.238.139.35 - - [21/Apr/2023:09:45:49 +0800] "GET /xingrg/all/function/internal_message.html?_=1682041487619&CODE_STATE=getMsg HTTP/1.1" 200 27
116.238.139.35 - - [21/Apr/2023:09:45:52 +0800] "POST /xingrg/dwr/call/plaincall/AjaxYddbService.saveMaterielItem.dwr HTTP/1.1" 200 79
114.85.98.23 - - [21/Apr/2023:09:45:52 +0800] "GET /xingrg/kc/buy/cgsh_order_operate.html?command=get_materiel&rest_code=00102&code=00101031001&supplier_code=00100064&order_time=2023-04-21 HTTP/1.1" 200 419
114.83.222.182 - - [21/Apr/2023:09:45:53 +0800] "GET /xingrg/kc/base/wldb_order_operate.html?command=get_materiel&rest_code=00154&base_code=0010724&code=00101012077 HTTP/1.1" 200 438
116.238.139.35 - - [21/Apr/2023:09:45:54 +0800] "POST /xingrg/dwr/call/plaincall/AjaxComOrderService.getMaterielSearchList.dwr HTTP/1.1" 200 2032
180.164.3.199 - - [21/Apr/2023:09:45:54 +0800] "GET /xingrg/kc/buy/cgsh_order_operate.html?command=get_materiel&rest_code=00108&code=00101008049&supplier_code=00100007&order_time=2023-04-21 HTTP/1.1" 200 408
116.238.139.35 - - [21/Apr/2023:09:45:54 +0800] "POST /xingrg/dwr/call/plaincall/AjaxComOrderService.getMaterielSearchList.dwr HTTP/1.1" 200 2032
58.221.95.50 - - [21/Apr/2023:09:45:55 +0800] "GET /xingrg/all/function/internal_message.html?_=1682041556615&CODE_STATE=getMsg HTTP/1.1" 200 27
116.238.139.35 - - [21/Apr/2023:09:45:56 +0800] "POST /xingrg/dwr/call/plaincall/AjaxYddbService.getMaterielByMap.dwr HTTP/1.1" 200 3993
116.227.208.255 - - [21/Apr/2023:09:45:57 +0800] "GET /xingrg/all/function/internal_message.html?_=1682041556804&CODE_STATE=getMsg HTTP/1.1" 200 27
116.227.208.255 - - [21/Apr/2023:09:45:57 +0800] "GET /xingrg/check_reg.html?_=1682041556807 HTTP/1.1" 200 22
116.238.139.35 - - [21/Apr/2023:09:46:00 +0800] "POST /xingrg/dwr/call/plaincall/AjaxYddbService.saveMaterielItem.dwr HTTP/1.1" 200 79
180.171.122.0 - - [21/Apr/2023:09:46:00 +0800] "GET /xingrg/check_reg.html?_=1682041556569 HTTP/1.1" 200 22
180.171.122.0 - - [21/Apr/2023:09:46:00 +0800] "GET /xingrg/all/function/internal_message.html?_=1682041556571&CODE_STATE=getMsg HTTP/1.1" 200 27
116.238.139.35 - - [21/Apr/2023:09:46:01 +0800] "POST /xingrg/dwr/call/plaincall/AjaxComOrderService.getMaterielSearchList.dwr HTTP/1.1" 200 35720
116.238.139.35 - - [21/Apr/2023:09:46:02 +0800] "POST /xingrg/dwr/call/plaincall/AjaxComOrderService.getMaterielSearchList.dwr HTTP/1.1" 200 1736
114.83.222.182 - - [21/Apr/2023:09:46:03 +0800] "GET /xingrg/kc/base/wldb_order_operate.html?command=get_materiel&rest_code=00154&base_code=0010724&code=00101019536 HTTP/1.1" 200 471
114.85.98.23 - - [21/Apr/2023:09:46:04 +0800] "GET /xingrg/kc/buy/cgsh_order_operate.html?command=get_materiel&rest_code=00102&code=00101031006&supplier_code=00100064&order_time=2023-04-21 HTTP/1.1" 200 417
116.238.139.35 - - [21/Apr/2023:09:46:04 +0800] "POST /xingrg/dwr/call/plaincall/AjaxYddbService.getMaterielByMap.dwr HTTP/1.1" 200 3984
180.164.3.199 - - [21/Apr/2023:09:46:05 +0800] "GET /xingrg/kc/buy/cgsh_order_operate.html?command=get_materiel&rest_code=00108&code=00101008126&supplier_code=00100007&order_time=2023-04-21 HTTP/1.1" 200 412
180.163.30.100 - - [21/Apr/2023:09:46:07 +0800] "GET /xingrg/all/function/internal_message.html?_=1682041510547&CODE_STATE=getMsg HTTP/1.1" 302 -
180.163.30.100 - - [21/Apr/2023:09:46:07 +0800] "GET /xingrg/login.html HTTP/1.1" 200 7641
61.170.233.130 - - [21/Apr/2023:09:46:07 +0800] "GET /xingrg/all/function/internal_message.html?_=1682041570518&CODE_STATE=getMsg HTTP/1.1" 200 27
116.238.139.35 - - [21/Apr/2023:09:46:08 +0800] "POST /xingrg/dwr/call/plaincall/AjaxYddbService.saveMaterielItem.dwr HTTP/1.1" 200 79
116.238.139.35 - - [21/Apr/2023:09:46:10 +0800] "POST /xingrg/dwr/call/plaincall/AjaxComOrderService.getMaterielSearchList.dwr HTTP/1.1" 200 21026
114.83.222.182 - - [21/Apr/2023:09:46:10 +0800] "GET /xingrg/check_reg.html?_=1682041660019 HTTP/1.1" 200 22
114.83.222.182 - - [21/Apr/2023:09:46:10 +0800] "GET /xingrg/all/function/internal_message.html?_=1682041660020&CODE_STATE=getMsg HTTP/1.1" 200 27
116.238.139.35 - - [21/Apr/2023:09:46:11 +0800] "POST /xingrg/dwr/call/plaincall/AjaxComOrderService.getMaterielSearchList.dwr HTTP/1.1" 200 1150
116.238.139.35 - - [21/Apr/2023:09:46:12 +0800] "POST /xingrg/dwr/call/plaincall/AjaxComOrderService.getMaterielSearchList.dwr HTTP/1.1" 200 739
114.85.98.23 - - [21/Apr/2023:09:46:12 +0800] "POST /xingrg/kc/buy/cgsh_order_operate.html HTTP/1.1" 200 37
114.83.222.182 - - [21/Apr/2023:09:46:13 +0800] "GET /xingrg/kc/base/wldb_order_operate.html?command=get_materiel&rest_code=00154&base_code=0010724&code=00101019133 HTTP/1.1" 200 480
180.164.3.199 - - [21/Apr/2023:09:46:14 +0800] "GET /xingrg/kc/buy/cgsh_order_operate.html?command=get_materiel&rest_code=00108&code=00101008355&supplier_code=00100007&order_time=2023-04-21 HTTP/1.1" 200 408
116.238.139.35 - - [21/Apr/2023:09:46:15 +0800] "POST /xingrg/dwr/call/plaincall/AjaxYddbService.getMaterielByMap.dwr HTTP/1.1" 200 4019
116.230.112.155 - - [21/Apr/2023:09:46:18 +0800] "GET /xingrg/all/function/internal_message.html?_=1682041596549&CODE_STATE=getMsg HTTP/1.1" 200 27
116.238.139.35 - - [21/Apr/2023:09:46:19 +0800] "POST /xingrg/dwr/call/plaincall/AjaxYddbService.saveMaterielItem.dwr HTTP/1.1" 200 79
114.85.98.23 - - [21/Apr/2023:09:46:19 +0800] "POST /xingrg/kc/buy/cgsh_order_operate.html HTTP/1.1" 200 12
116.224.106.218 - - [21/Apr/2023:09:46:20 +0800] "GET /xingrg/all/function/internal_message.html?_=1682041578932&CODE_STATE=getMsg HTTP/1.1" 200 27
116.238.139.35 - - [21/Apr/2023:09:46:22 +0800] "POST /xingrg/dwr/call/plaincall/AjaxComOrderService.getMaterielSearchList.dwr HTTP/1.1" 200 8752
116.238.139.35 - - [21/Apr/2023:09:46:22 +0800] "POST /xingrg/dwr/call/plaincall/AjaxComOrderService.getMaterielSearchList.dwr HTTP/1.1" 200 699
180.164.3.199 - - [21/Apr/2023:09:46:22 +0800] "GET /xingrg/kc/buy/cgsh_order_operate.html?command=get_materiel&rest_code=00108&code=00101008141&supplier_code=00100007&order_time=2023-04-21 HTTP/1.1" 200 412
116.238.139.35 - - [21/Apr/2023:09:46:23 +0800] "POST /xingrg/dwr/call/plaincall/AjaxComOrderService.getMaterielSearchList.dwr HTTP/1.1" 200 288
114.85.98.23 - - [21/Apr/2023:09:46:23 +0800] "GET /xingrg/kc/buy/cgsh_order_info.html?code=212023042107116 HTTP/1.1" 200 65713
114.85.98.23 - - [21/Apr/2023:09:46:23 +0800] "GET /xingrg/javascript/easyui/themes/default/validatebox.css HTTP/1.1" 404 1104
114.85.98.23 - - [21/Apr/2023:09:46:24 +0800] "POST /xingrg/kc/buy/cgsh_order_operate.html HTTP/1.1" 200 1207
116.238.139.35 - - [21/Apr/2023:09:46:25 +0800] "POST /xingrg/dwr/call/plaincall/AjaxYddbService.getMaterielByMap.dwr HTTP/1.1" 200 3984
114.83.222.182 - - [21/Apr/2023:09:46:25 +0800] "GET /xingrg/kc/base/wldb_order_operate.html?command=get_materiel&rest_code=00154&base_code=0010724&code=00101019249 HTTP/1.1" 200 470
180.164.3.199 - - [21/Apr/2023:09:46:25 +0800] "POST /xingrg/kc/buy/cgsh_order_operate.html HTTP/1.1" 200 2065
114.85.98.23 - - [21/Apr/2023:09:46:26 +0800] "GET /xingrg/kc/print/load_data.html?order_code=212023042107116&kc_code=cgsh&condition= HTTP/1.1" 200 965
180.164.3.199 - - [21/Apr/2023:09:46:29 +0800] "GET /xingrg/all/function/internal_message.html?_=1682041589051&CODE_STATE=getMsg HTTP/1.1" 200 27
116.238.139.35 - - [21/Apr/2023:09:46:29 +0800] "POST /xingrg/dwr/call/plaincall/AjaxYddbService.saveMaterielItem.dwr HTTP/1.1" 200 79
116.238.139.35 - - [21/Apr/2023:09:46:30 +0800] "POST /xingrg/dwr/call/plaincall/AjaxComOrderService.getMaterielSearchList.dwr HTTP/1.1" 200 26571
116.238.139.35 - - [21/Apr/2023:09:46:32 +0800] "POST /xingrg/dwr/call/plaincall/AjaxComOrderService.getMaterielSearchList.dwr HTTP/1.1" 200 298
114.85.98.23 - - [21/Apr/2023:09:46:32 +0800] "GET /xingrg/kc/buy/cgsh_order_add.html HTTP/1.1" 200 70807
114.85.98.23 - - [21/Apr/2023:09:46:32 +0800] "POST /xingrg/kc/buy/cgsh_order_operate.html HTTP/1.1" 200 8245
114.85.98.23 - - [21/Apr/2023:09:46:32 +0800] "GET /xingrg/javascript/easyui/themes/default/validatebox.css HTTP/1.1" 404 1104
114.83.222.182 - - [21/Apr/2023:09:46:32 +0800] "GET /xingrg/kc/base/wldb_order_operate.html?command=get_materiel&rest_code=00154&base_code=0010724&code=00101019253 HTTP/1.1" 200 482
116.238.139.35 - - [21/Apr/2023:09:46:33 +0800] "POST /xingrg/dwr/call/plaincall/AjaxYddbService.getMaterielByMap.dwr HTTP/1.1" 200 4004
116.238.139.35 - - [21/Apr/2023:09:46:36 +0800] "GET /xingrg/all/function/internal_message.html?_=1682041596682&CODE_STATE=getMsg HTTP/1.1" 200 27
120.253.135.82 - - [21/Apr/2023:09:46:37 +0800] "GET /xingrg/all/function/internal_message.html?_=1682041435495&CODE_STATE=getMsg HTTP/1.1" 200 27
116.238.139.35 - - [21/Apr/2023:09:46:38 +0800] "POST /xingrg/dwr/call/plaincall/AjaxYddbService.saveMaterielItem.dwr HTTP/1.1" 200 79
116.227.208.255 - - [21/Apr/2023:09:46:38 +0800] "GET /xingrg/all/function/internal_message.html?_=1682041671314&CODE_STATE=getMsg HTTP/1.1" 200 27
114.83.222.182 - - [21/Apr/2023:09:46:41 +0800] "GET /xingrg/kc/base/wldb_order_operate.html?command=get_materiel&rest_code=00154&base_code=0010724&code=00101022027 HTTP/1.1" 200 434
172.20.0.100 - - [21/Apr/2023:09:46:45 +0800] "GET /xingrg/check_reg.html?_=1682041618267 HTTP/1.1" 200 22
116.224.158.100 - - [21/Apr/2023:09:46:47 +0800] "GET /xingrg/all/function/internal_message.html?_=1682041448368&CODE_STATE=getMsg HTTP/1.1" 200 27
116.224.158.100 - - [21/Apr/2023:09:46:48 +0800] "GET /xingrg/check_reg.html?_=1682041448638 HTTP/1.1" 200 22
116.238.139.35 - - [21/Apr/2023:09:46:48 +0800] "GET /xingrg/kc/mdqp/pssh_order_list.html HTTP/1.1" 200 17886
116.238.139.35 - - [21/Apr/2023:09:46:48 +0800] "POST /xingrg/kc/mdqp/pssh_list_operate.html HTTP/1.1" 200 5270
114.83.222.182 - - [21/Apr/2023:09:46:49 +0800] "GET /xingrg/kc/base/wldb_order_operate.html?command=get_materiel&rest_code=00154&base_code=0010724&code=00101022026 HTTP/1.1" 200 434
114.83.222.244 - - [21/Apr/2023:09:46:49 +0800] "GET /xingrg/all/function/internal_message.html?_=1682041606363&CODE_STATE=getMsg HTTP/1.1" 200 27
114.83.222.244 - - [21/Apr/2023:09:46:49 +0800] "GET /xingrg/check_reg.html?_=1682041606928 HTTP/1.1" 200 22
116.238.139.35 - - [21/Apr/2023:09:46:49 +0800] "GET /xingrg/all/function/internal_message.html?_=1682041547720&CODE_STATE=getMsg HTTP/1.1" 200 27
120.253.135.82 - - [21/Apr/2023:09:46:50 +0800] "GET /xingrg/kc/pszx/mdqp_order_list.html?isBack=1 HTTP/1.1" 302 -
120.253.135.82 - - [21/Apr/2023:09:46:50 +0800] "GET /xingrg/kc/pszx/mdqp_order_list.html?state=10 HTTP/1.1" 200 11112
120.253.135.82 - - [21/Apr/2023:09:46:50 +0800] "GET /xingrg/dwr/interface/AjaxQqpsService.js HTTP/1.1" 200 16326
120.253.135.82 - - [21/Apr/2023:09:46:50 +0800] "GET /xingrg/dwr/engine.js HTTP/1.1" 200 43631
120.253.135.82 - - [21/Apr/2023:09:46:50 +0800] "GET /xingrg/dwr/interface/AjaxReportQueryService.js HTTP/1.1" 200 13203
116.238.139.35 - - [21/Apr/2023:09:46:50 +0800] "POST /xingrg/kc/mdqp/pssh_list_operate.html HTTP/1.1" 200 266
116.238.139.35 - - [21/Apr/2023:09:46:52 +0800] "GET /xingrg/kc/mdqp/pssh_order_info.html?code=312023042000403 HTTP/1.1" 200 17309
116.238.139.35 - - [21/Apr/2023:09:46:52 +0800] "GET /xingrg/javascript/jquery_tools/jquery-1.4.2.min.js HTTP/1.1" 404 1094
116.238.139.35 - - [21/Apr/2023:09:46:52 +0800] "GET /xingrg/javascript/easyui/themes/icons/back_new.png HTTP/1.1" 304 -
116.238.139.35 - - [21/Apr/2023:09:46:52 +0800] "GET /xingrg/javascript/easyui/themes/default/validatebox.css HTTP/1.1" 404 1104
116.238.139.35 - - [21/Apr/2023:09:46:52 +0800] "GET /xingrg/all/common/auto_word.html?type=base&rest_code=00150&rest_code=00150 HTTP/1.1" 200 1853
116.238.139.35 - - [21/Apr/2023:09:46:52 +0800] "POST /xingrg/kc/mdqp/pssh_order_operate.html HTTP/1.1" 200 552
116.238.139.35 - - [21/Apr/2023:09:46:54 +0800] "POST /xingrg/all/common/load_combo.html?type=employee HTTP/1.1" 200 280
58.221.95.50 - - [21/Apr/2023:09:46:55 +0800] "GET /xingrg/all/function/internal_message.html?_=1682041616591&CODE_STATE=getMsg HTTP/1.1" 200 27
120.253.135.82 - - [21/Apr/2023:09:46:56 +0800] "GET /xingrg/check_reg.html?_=1682041614278 HTTP/1.1" 302 -
116.227.208.255 - - [21/Apr/2023:09:46:57 +0800] "GET /xingrg/all/function/internal_message.html?_=1682041616820&CODE_STATE=getMsg HTTP/1.1" 200 27
116.238.139.35 - - [21/Apr/2023:09:46:58 +0800] "POST /xingrg/kc/mdqp/pssh_order_operate.html HTTP/1.1" 200 37
180.171.122.0 - - [21/Apr/2023:09:47:00 +0800] "GET /xingrg/all/function/internal_message.html?_=1682041616571&CODE_STATE=getMsg HTTP/1.1" 200 27
116.238.139.35 - - [21/Apr/2023:09:47:01 +0800] "POST /xingrg/kc/mdqp/pssh_order_operate.html HTTP/1.1" 200 12
116.238.139.35 - - [21/Apr/2023:09:47:02 +0800] "GET /xingrg/kc/mdqp/pssh_order_info.html?code=312023042000403 HTTP/1.1" 200 14406
116.238.139.35 - - [21/Apr/2023:09:47:02 +0800] "GET /xingrg/javascript/jquery_tools/jquery-1.4.2.min.js HTTP/1.1" 404 1094
116.238.139.35 - - [21/Apr/2023:09:47:02 +0800] "GET /xingrg/javascript/easyui/themes/icons/uncheck_new.png HTTP/1.1" 304 -
116.238.139.35 - - [21/Apr/2023:09:47:02 +0800] "GET /xingrg/javascript/easyui/themes/default/validatebox.css HTTP/1.1" 404 1104
116.238.139.35 - - [21/Apr/2023:09:47:02 +0800] "POST /xingrg/kc/mdqp/pssh_order_operate.html HTTP/1.1" 200 552
120.253.135.82 - - [21/Apr/2023:09:47:02 +0800] "GET /xingrg/check_reg.html?_=1682041460988 HTTP/1.1" 200 22
116.238.139.35 - - [21/Apr/2023:09:47:04 +0800] "GET /xingrg/kc/print/load_config.html?kc_code=pssh HTTP/1.1" 200 2362
116.238.139.35 - - [21/Apr/2023:09:47:04 +0800] "GET /xingrg/kc/print/load_data.html?order_code=312023042000403&kc_code=pssh&condition= HTTP/1.1" 200 702
180.163.29.219 - - [21/Apr/2023:09:47:07 +0800] "GET /xingrg/all/function/internal_message.html?_=1682041570518&CODE_STATE=getMsg HTTP/1.1" 302 -
180.163.29.219 - - [21/Apr/2023:09:47:07 +0800] "GET /xingrg/login.html HTTP/1.1" 200 7641
61.170.233.130 - - [21/Apr/2023:09:47:07 +0800] "GET /xingrg/all/function/internal_message.html?_=1682041630503&CODE_STATE=getMsg HTTP/1.1" 200 27
114.85.98.23 - - [21/Apr/2023:09:47:07 +0800] "GET /xingrg/all/function/internal_message.html?_=1682041627624&CODE_STATE=getMsg HTTP/1.1" 200 27
116.238.139.35 - - [21/Apr/2023:09:47:08 +0800] "GET /xingrg/javascript/jquery_easy_ui/themes/default/images/tabs_active.png HTTP/1.1" 304 -
114.83.222.182 - - [21/Apr/2023:09:47:09 +0800] "GET /xingrg/kc/base/wldb_order_operate.html?command=get_materiel&rest_code=00154&base_code=0010724&code=00101022045 HTTP/1.1" 200 445
114.83.222.182 - - [21/Apr/2023:09:47:10 +0800] "GET /xingrg/all/function/internal_message.html?_=1682041720001&CODE_STATE=getMsg HTTP/1.1" 200 27
116.238.139.35 - - [21/Apr/2023:09:47:11 +0800] "POST /xingrg/kc/mdqp/pssh_list_operate.html HTTP/1.1" 200 767
116.238.139.35 - - [21/Apr/2023:09:47:12 +0800] "GET /xingrg/kc/mdqp/pssh_order_info.html?code=312023042000396 HTTP/1.1" 200 17303
116.238.139.35 - - [21/Apr/2023:09:47:12 +0800] "GET /xingrg/javascript/jquery_tools/jquery-1.4.2.min.js HTTP/1.1" 404 1094
116.238.139.35 - - [21/Apr/2023:09:47:13 +0800] "GET /xingrg/javascript/easyui/themes/default/validatebox.css HTTP/1.1" 404 1104
116.238.139.35 - - [21/Apr/2023:09:47:13 +0800] "POST /xingrg/kc/mdqp/pssh_order_operate.html HTTP/1.1" 200 13847
116.238.139.35 - - [21/Apr/2023:09:47:15 +0800] "POST /xingrg/all/common/load_combo.html?type=employee HTTP/1.1" 200 280
116.238.139.35 - - [21/Apr/2023:09:47:19 +0800] "POST /xingrg/kc/mdqp/pssh_order_operate.html HTTP/1.1" 200 37
116.230.112.155 - - [21/Apr/2023:09:47:19 +0800] "GET /xingrg/all/function/internal_message.html?_=1682041657482&CODE_STATE=getMsg HTTP/1.1" 200 27
116.224.106.218 - - [21/Apr/2023:09:47:20 +0800] "GET /xingrg/all/function/internal_message.html?_=1682041638931&CODE_STATE=getMsg HTTP/1.1" 200 27
116.238.139.35 - - [21/Apr/2023:09:47:23 +0800] "POST /xingrg/kc/mdqp/pssh_order_operate.html HTTP/1.1" 200 12
114.83.222.182 - - [21/Apr/2023:09:47:23 +0800] "GET /xingrg/kc/base/wldb_order_operate.html?command=get_materiel&rest_code=00154&base_code=0010724&code=00101040002 HTTP/1.1" 200 461
116.238.139.35 - - [21/Apr/2023:09:47:24 +0800] "GET /xingrg/kc/mdqp/pssh_order_info.html?code=312023042000396 HTTP/1.1" 200 14400
116.238.139.35 - - [21/Apr/2023:09:47:24 +0800] "GET /xingrg/javascript/jquery_tools/jquery-1.4.2.min.js HTTP/1.1" 404 1094
116.238.139.35 - - [21/Apr/2023:09:47:24 +0800] "GET /xingrg/javascript/easyui/themes/default/validatebox.css HTTP/1.1" 404 1104
116.238.139.35 - - [21/Apr/2023:09:47:25 +0800] "POST /xingrg/kc/mdqp/pssh_order_operate.html HTTP/1.1" 200 13847
116.238.139.35 - - [21/Apr/2023:09:47:27 +0800] "GET /xingrg/kc/print/load_data.html?order_code=312023042000396&kc_code=pssh&condition= HTTP/1.1" 200 5331
114.83.222.182 - - [21/Apr/2023:09:47:28 +0800] "POST /xingrg/all/common/load_select.html HTTP/1.1" 200 25
180.164.3.199 - - [21/Apr/2023:09:47:29 +0800] "GET /xingrg/all/function/internal_message.html?_=1682041649052&CODE_STATE=getMsg HTTP/1.1" 200 27
180.164.3.199 - - [21/Apr/2023:09:47:29 +0800] "GET /xingrg/check_reg.html?_=1682041649054 HTTP/1.1" 200 22
114.83.222.182 - - [21/Apr/2023:09:47:30 +0800] "GET /xingrg/kc/base/wldb_order_operate.html?command=get_materiel_price&rest_code=00154&base_code=0010724&code=00101040002&unit_code=00100619 HTTP/1.1" 200 37
116.238.139.35 - - [21/Apr/2023:09:47:33 +0800] "POST /xingrg/kc/mdqp/pssh_list_operate.html HTTP/1.1" 200 2241
116.238.139.35 - - [21/Apr/2023:09:47:35 +0800] "POST /xingrg/kc/mdqp/pssh_list_operate.html HTTP/1.1" 200 2241
116.238.139.35 - - [21/Apr/2023:09:47:35 +0800] "GET /xingrg/kc/mdqp/qqps_order_list.html HTTP/1.1" 200 9222
116.238.139.35 - - [21/Apr/2023:09:47:35 +0800] "GET /xingrg/dwr/interface/AjaxReportQueryService.js HTTP/1.1" 200 13203
116.238.139.35 - - [21/Apr/2023:09:47:35 +0800] "GET /xingrg/dwr/interface/AjaxQqpsService.js HTTP/1.1" 200 16326
116.238.139.35 - - [21/Apr/2023:09:47:35 +0800] "GET /xingrg/dwr/engine.js HTTP/1.1" 200 43631
116.238.139.35 - - [21/Apr/2023:09:47:35 +0800] "GET /xingrg/javascript/jquery_easy_ui/themes/icons/uncheck_new.png HTTP/1.1" 304 -
116.238.139.35 - - [21/Apr/2023:09:47:35 +0800] "GET /xingrg/kc/mdqp/pssh_order_list.html HTTP/1.1" 200 17886
116.238.139.35 - - [21/Apr/2023:09:47:36 +0800] "POST /xingrg/kc/mdqp/pssh_list_operate.html HTTP/1.1" 200 5332
116.238.139.35 - - [21/Apr/2023:09:47:36 +0800] "GET /xingrg/all/function/internal_message.html?_=1682041656684&CODE_STATE=getMsg HTTP/1.1" 200 27
120.253.135.82 - - [21/Apr/2023:09:47:37 +0800] "GET /xingrg/all/function/internal_message.html?_=1682041495509&CODE_STATE=getMsg HTTP/1.1" 200 27
116.238.139.35 - - [21/Apr/2023:09:47:38 +0800] "POST /xingrg/kc/mdqp/pssh_list_operate.html HTTP/1.1" 200 553
116.227.208.255 - - [21/Apr/2023:09:47:38 +0800] "GET /xingrg/check_reg.html?_=1682041731323 HTTP/1.1" 200 22
116.227.208.255 - - [21/Apr/2023:09:47:38 +0800] "GET /xingrg/all/function/internal_message.html?_=1682041731323&CODE_STATE=getMsg HTTP/1.1" 200 27
116.238.139.35 - - [21/Apr/2023:09:47:40 +0800] "GET /xingrg/kc/mdqp/pssh_order_info.html?code=312023041900385 HTTP/1.1" 200 17278
116.238.139.35 - - [21/Apr/2023:09:47:40 +0800] "GET /xingrg/javascript/jquery_tools/jquery-1.4.2.min.js HTTP/1.1" 404 1094
116.238.139.35 - - [21/Apr/2023:09:47:40 +0800] "GET /xingrg/javascript/easyui/themes/default/validatebox.css HTTP/1.1" 404 1104
116.238.139.35 - - [21/Apr/2023:09:47:40 +0800] "POST /xingrg/kc/mdqp/pssh_order_operate.html HTTP/1.1" 200 2072
114.83.222.182 - - [21/Apr/2023:09:47:44 +0800] "GET /xingrg/kc/base/wldb_order_operate.html?command=get_materiel&rest_code=00154&base_code=0010724&code=00101040001 HTTP/1.1" 200 469
116.224.158.100 - - [21/Apr/2023:09:47:47 +0800] "GET /xingrg/all/function/internal_message.html?_=1682041508347&CODE_STATE=getMsg HTTP/1.1" 200 27
114.83.222.182 - - [21/Apr/2023:09:47:47 +0800] "POST /xingrg/all/common/load_select.html HTTP/1.1" 200 25
114.83.222.244 - - [21/Apr/2023:09:47:49 +0800] "GET /xingrg/all/function/internal_message.html?_=1682041666341&CODE_STATE=getMsg HTTP/1.1" 200 27
114.83.222.182 - - [21/Apr/2023:09:47:49 +0800] "GET /xingrg/kc/base/wldb_order_operate.html?command=get_materiel_price&rest_code=00154&base_code=0010724&code=00101040001&unit_code=00100619 HTTP/1.1" 200 37
116.238.139.35 - - [21/Apr/2023:09:47:49 +0800] "GET /xingrg/all/function/internal_message.html?_=1682041607725&CODE_STATE=getMsg HTTP/1.1" 200 27
58.221.95.50 - - [21/Apr/2023:09:47:55 +0800] "GET /xingrg/all/function/internal_message.html?_=1682041676563&CODE_STATE=getMsg HTTP/1.1" 200 27
116.227.208.255 - - [21/Apr/2023:09:47:57 +0800] "GET /xingrg/all/function/internal_message.html?_=1682041676833&CODE_STATE=getMsg HTTP/1.1" 200 27
180.164.3.199 - - [21/Apr/2023:09:47:59 +0800] "GET /xingrg/kc/buy/cgsh_order_operate.html?command=get_materiel&rest_code=00108&code=00101008211&supplier_code=00100007&order_time=2023-04-21 HTTP/1.1" 200 412
180.171.122.0 - - [21/Apr/2023:09:48:00 +0800] "GET /xingrg/all/function/internal_message.html?_=1682041676596&CODE_STATE=getMsg HTTP/1.1" 200 27
180.163.29.217 - - [21/Apr/2023:09:48:07 +0800] "GET /xingrg/all/function/internal_message.html?_=1682041630503&CODE_STATE=getMsg HTTP/1.1" 302 -
180.163.29.217 - - [21/Apr/2023:09:48:07 +0800] "GET /xingrg/login.html HTTP/1.1" 200 7641
61.170.233.130 - - [21/Apr/2023:09:48:07 +0800] "GET /xingrg/all/function/internal_message.html?_=1682041690473&CODE_STATE=getMsg HTTP/1.1" 200 27
114.85.98.23 - - [21/Apr/2023:09:48:07 +0800] "GET /xingrg/all/function/internal_message.html?_=1682041687592&CODE_STATE=getMsg HTTP/1.1" 200 27
116.238.139.35 - - [21/Apr/2023:09:48:10 +0800] "POST /xingrg/kc/mdqp/pssh_list_operate.html HTTP/1.1" 200 766
114.83.222.182 - - [21/Apr/2023:09:48:10 +0800] "GET /xingrg/all/function/internal_message.html?_=1682041780007&CODE_STATE=getMsg HTTP/1.1" 200 27
116.238.139.35 - - [21/Apr/2023:09:48:11 +0800] "GET /xingrg/kc/mdqp/pssh_order_info.html?code=312023042000397 HTTP/1.1" 200 17303
116.238.139.35 - - [21/Apr/2023:09:48:11 +0800] "GET /xingrg/javascript/jquery_tools/jquery-1.4.2.min.js HTTP/1.1" 404 1094
116.238.139.35 - - [21/Apr/2023:09:48:12 +0800] "GET /xingrg/javascript/easyui/themes/default/validatebox.css HTTP/1.1" 404 1104
116.238.139.35 - - [21/Apr/2023:09:48:12 +0800] "POST /xingrg/kc/mdqp/pssh_order_operate.html HTTP/1.1" 200 4200
180.164.3.199 - - [21/Apr/2023:09:48:14 +0800] "POST /xingrg/services/DataTransmitService HTTP/1.1" 200 524
116.238.139.35 - - [21/Apr/2023:09:48:15 +0800] "POST /xingrg/all/common/load_combo.html?type=employee HTTP/1.1" 200 280
114.83.222.182 - - [21/Apr/2023:09:48:17 +0800] "POST /xingrg/kc/base/wldb_order_operate.html HTTP/1.1" 200 37
116.230.112.155 - - [21/Apr/2023:09:48:19 +0800] "GET /xingrg/all/function/internal_message.html?_=1682041717497&CODE_STATE=getMsg HTTP/1.1" 200 27
116.238.139.35 - - [21/Apr/2023:09:48:19 +0800] "POST /xingrg/kc/mdqp/pssh_order_operate.html HTTP/1.1" 200 37
116.224.106.218 - - [21/Apr/2023:09:48:20 +0800] "GET /xingrg/all/function/internal_message.html?_=1682041698930&CODE_STATE=getMsg HTTP/1.1" 200 27
114.83.222.182 - - [21/Apr/2023:09:48:23 +0800] "POST /xingrg/kc/base/wldb_order_operate.html HTTP/1.1" 200 12
114.83.222.182 - - [21/Apr/2023:09:48:23 +0800] "POST /xingrg/kc/base/wldb_order_operate.html HTTP/1.1" 200 7152
116.238.139.35 - - [21/Apr/2023:09:48:26 +0800] "POST /xingrg/kc/mdqp/pssh_order_operate.html HTTP/1.1" 200 12
114.83.222.182 - - [21/Apr/2023:09:48:27 +0800] "GET /xingrg/kc/base/wldb_order_info.html?code=422023042101657 HTTP/1.1" 200 26265
114.83.222.182 - - [21/Apr/2023:09:48:27 +0800] "GET /xingrg/javascript/easyui/themes/default/validatebox.css HTTP/1.1" 404 1104
114.83.222.182 - - [21/Apr/2023:09:48:27 +0800] "POST /xingrg/kc/base/wldb_order_operate.html HTTP/1.1" 200 5329
116.238.139.35 - - [21/Apr/2023:09:48:28 +0800] "GET /xingrg/kc/mdqp/pssh_order_info.html?code=312023042000397 HTTP/1.1" 200 14400
116.238.139.35 - - [21/Apr/2023:09:48:28 +0800] "GET /xingrg/javascript/jquery_tools/jquery-1.4.2.min.js HTTP/1.1" 404 1094
116.238.139.35 - - [21/Apr/2023:09:48:29 +0800] "GET /xingrg/javascript/easyui/themes/default/validatebox.css HTTP/1.1" 404 1104
116.238.139.35 - - [21/Apr/2023:09:48:29 +0800] "POST /xingrg/kc/mdqp/pssh_order_operate.html HTTP/1.1" 200 4200
180.164.3.199 - - [21/Apr/2023:09:48:29 +0800] "GET /xingrg/all/function/internal_message.html?_=1682041709061&CODE_STATE=getMsg HTTP/1.1" 200 27
116.238.139.35 - - [21/Apr/2023:09:48:31 +0800] "GET /xingrg/kc/print/load_data.html?order_code=312023042000397&kc_code=pssh&condition= HTTP/1.1" 200 1928
114.83.222.182 - - [21/Apr/2023:09:48:35 +0800] "GET /xingrg/kc/buy/cgsh_order_list.html HTTP/1.1" 200 54996
116.238.139.35 - - [21/Apr/2023:09:48:36 +0800] "GET /xingrg/all/function/internal_message.html?_=1682041716673&CODE_STATE=getMsg HTTP/1.1" 200 27
120.253.135.82 - - [21/Apr/2023:09:48:37 +0800] "GET /xingrg/all/function/internal_message.html?_=1682041555522&CODE_STATE=getMsg HTTP/1.1" 200 27
180.164.3.199 - - [21/Apr/2023:09:48:38 +0800] "GET /xingrg/kc/buy/cgsh_order_operate.html?command=get_materiel&rest_code=00108&code=00101008298&supplier_code=00100007&order_time=2023-04-21 HTTP/1.1" 200 432
116.238.139.35 - - [21/Apr/2023:09:48:38 +0800] "POST /xingrg/kc/mdqp/pssh_list_operate.html HTTP/1.1" 200 2241
116.227.208.255 - - [21/Apr/2023:09:48:38 +0800] "GET /xingrg/all/function/internal_message.html?_=1682041791310&CODE_STATE=getMsg HTTP/1.1" 200 27
116.238.139.35 - - [21/Apr/2023:09:48:40 +0800] "GET /xingrg/kc/mdqp/qqps_order_list.html HTTP/1.1" 200 9222
116.238.139.35 - - [21/Apr/2023:09:48:40 +0800] "POST /xingrg/kc/mdqp/pssh_list_operate.html HTTP/1.1" 200 2241
116.238.139.35 - - [21/Apr/2023:09:48:41 +0800] "GET /xingrg/dwr/interface/AjaxQqpsService.js HTTP/1.1" 200 16326
116.238.139.35 - - [21/Apr/2023:09:48:41 +0800] "GET /xingrg/dwr/interface/AjaxReportQueryService.js HTTP/1.1" 200 13203
116.238.139.35 - - [21/Apr/2023:09:48:41 +0800] "GET /xingrg/dwr/engine.js HTTP/1.1" 200 43631
114.83.222.182 - - [21/Apr/2023:09:48:41 +0800] "POST /xingrg/kc/buy/cgsh_list_operate.html HTTP/1.1" 200 2683
116.238.139.35 - - [21/Apr/2023:09:48:41 +0800] "GET /xingrg/kc/mdqp/pssh_order_list.html HTTP/1.1" 200 17886
116.238.139.35 - - [21/Apr/2023:09:48:41 +0800] "POST /xingrg/kc/mdqp/pssh_list_operate.html HTTP/1.1" 200 5363
114.83.222.182 - - [21/Apr/2023:09:48:42 +0800] "GET /xingrg/kc/buy/cgsh_order_add.html HTTP/1.1" 200 69976
114.83.222.182 - - [21/Apr/2023:09:48:43 +0800] "GET /xingrg/javascript/easyui/themes/icons/copy_new.png HTTP/1.1" 200 815
114.83.222.182 - - [21/Apr/2023:09:48:43 +0800] "POST /xingrg/kc/buy/cgsh_order_operate.html HTTP/1.1" 200 8245
114.83.222.182 - - [21/Apr/2023:09:48:43 +0800] "GET /xingrg/javascript/easyui/themes/default/validatebox.css HTTP/1.1" 404 1104
114.83.222.182 - - [21/Apr/2023:09:48:43 +0800] "GET /xingrg/all/common/auto_word.html?type=employee&rest_code=00154 HTTP/1.1" 200 101
114.83.222.182 - - [21/Apr/2023:09:48:43 +0800] "GET /xingrg/all/common/auto_word.html?type=employee&rest_code=00154 HTTP/1.1" 200 101
116.238.139.35 - - [21/Apr/2023:09:48:43 +0800] "POST /xingrg/kc/mdqp/pssh_list_operate.html HTTP/1.1" 200 553
180.164.3.199 - - [21/Apr/2023:09:48:47 +0800] "GET /xingrg/kc/buy/cgsh_order_operate.html?command=get_materiel&rest_code=00108&code=00101008185&supplier_code=00100007&order_time=2023-04-21 HTTP/1.1" 200 408
116.224.158.100 - - [21/Apr/2023:09:48:47 +0800] "GET /xingrg/all/function/internal_message.html?_=1682041568320&CODE_STATE=getMsg HTTP/1.1" 200 27
114.83.222.244 - - [21/Apr/2023:09:48:49 +0800] "GET /xingrg/all/function/internal_message.html?_=1682041726329&CODE_STATE=getMsg HTTP/1.1" 200 27
116.238.139.35 - - [21/Apr/2023:09:48:49 +0800] "POST /xingrg/kc/mdqp/pssh_list_operate.html HTTP/1.1" 200 258
116.238.139.35 - - [21/Apr/2023:09:48:49 +0800] "GET /xingrg/check_reg.html?_=1682041667519 HTTP/1.1" 200 22
116.238.139.35 - - [21/Apr/2023:09:48:49 +0800] "GET /xingrg/all/function/internal_message.html?_=1682041667738&CODE_STATE=getMsg HTTP/1.1" 200 27
116.238.139.35 - - [21/Apr/2023:09:48:52 +0800] "POST /xingrg/kc/mdqp/pssh_list_operate.html HTTP/1.1" 200 766
58.221.95.50 - - [21/Apr/2023:09:48:55 +0800] "GET /xingrg/all/function/internal_message.html?_=1682041736550&CODE_STATE=getMsg HTTP/1.1" 200 27
180.164.3.199 - - [21/Apr/2023:09:48:55 +0800] "GET /xingrg/kc/buy/cgsh_order_operate.html?command=get_materiel&rest_code=00108&code=00101008101&supplier_code=00100007&order_time=2023-04-21 HTTP/1.1" 200 412
116.227.208.255 - - [21/Apr/2023:09:48:57 +0800] "GET /xingrg/all/function/internal_message.html?_=1682041736838&CODE_STATE=getMsg HTTP/1.1" 200 27
116.238.139.35 - - [21/Apr/2023:09:48:58 +0800] "GET /xingrg/kc/mdqp/pssh_order_info.html?code=312023042100408 HTTP/1.1" 200 17303
116.238.139.35 - - [21/Apr/2023:09:48:58 +0800] "GET /xingrg/javascript/jquery_tools/jquery-1.4.2.min.js HTTP/1.1" 404 1094
116.238.139.35 - - [21/Apr/2023:09:48:58 +0800] "GET /xingrg/javascript/easyui/themes/default/validatebox.css HTTP/1.1" 404 1104
116.238.139.35 - - [21/Apr/2023:09:48:58 +0800] "POST /xingrg/kc/mdqp/pssh_order_operate.html HTTP/1.1" 200 533
180.171.122.0 - - [21/Apr/2023:09:49:00 +0800] "GET /xingrg/all/function/internal_message.html?_=1682041736596&CODE_STATE=getMsg HTTP/1.1" 200 27
116.238.139.35 - - [21/Apr/2023:09:49:00 +0800] "POST /xingrg/all/common/load_combo.html?type=employee HTTP/1.1" 200 280
58.221.95.50 - - [21/Apr/2023:09:49:02 +0800] "GET /xingrg/check_reg.html?_=1682041742833 HTTP/1.1" 200 22
114.83.222.182 - - [21/Apr/2023:09:49:03 +0800] "GET /xingrg/kc/buy/cgsh_order_operate.html?command=get_materiel&rest_code=00154&code=00101010161&supplier_code=00100421&order_time=2023-04-21 HTTP/1.1" 200 430
180.164.3.199 - - [21/Apr/2023:09:49:03 +0800] "GET /xingrg/kc/buy/cgsh_order_operate.html?command=get_materiel&rest_code=00108&code=00101008144&supplier_code=00100007&order_time=2023-04-21 HTTP/1.1" 200 412
61.170.233.130 - - [21/Apr/2023:09:49:04 +0800] "GET /xingrg/check_reg.html?_=1682041747185 HTTP/1.1" 200 22
116.238.139.35 - - [21/Apr/2023:09:49:05 +0800] "POST /xingrg/kc/mdqp/pssh_order_operate.html HTTP/1.1" 200 37
180.164.3.199 - - [21/Apr/2023:09:49:05 +0800] "POST /xingrg/kc/buy/cgsh_order_operate.html HTTP/1.1" 200 2065
180.163.30.27 - - [21/Apr/2023:09:49:07 +0800] "GET /xingrg/all/function/internal_message.html?_=1682041690473&CODE_STATE=getMsg HTTP/1.1" 302 -
180.163.30.27 - - [21/Apr/2023:09:49:07 +0800] "GET /xingrg/login.html HTTP/1.1" 200 7641
116.238.139.35 - - [21/Apr/2023:09:49:07 +0800] "POST /xingrg/kc/mdqp/pssh_order_operate.html HTTP/1.1" 200 12
61.170.233.130 - - [21/Apr/2023:09:49:07 +0800] "GET /xingrg/all/function/internal_message.html?_=1682041750453&CODE_STATE=getMsg HTTP/1.1" 200 27
114.85.98.23 - - [21/Apr/2023:09:49:07 +0800] "GET /xingrg/all/function/internal_message.html?_=1682041747566&CODE_STATE=getMsg HTTP/1.1" 200 27
116.238.139.35 - - [21/Apr/2023:09:49:09 +0800] "GET /xingrg/kc/mdqp/pssh_order_info.html?code=312023042100408 HTTP/1.1" 200 14400
116.238.139.35 - - [21/Apr/2023:09:49:09 +0800] "GET /xingrg/javascript/jquery_tools/jquery-1.4.2.min.js HTTP/1.1" 404 1094
116.238.139.35 - - [21/Apr/2023:09:49:09 +0800] "GET /xingrg/javascript/easyui/themes/default/validatebox.css HTTP/1.1" 404 1104
116.238.139.35 - - [21/Apr/2023:09:49:09 +0800] "POST /xingrg/kc/mdqp/pssh_order_operate.html HTTP/1.1" 200 533
180.164.3.199 - - [21/Apr/2023:09:49:10 +0800] "GET /xingrg/kc/buy/cgsh_order_operate.html?command=get_materiel&rest_code=00108&code=00101008213&supplier_code=00100007&order_time=2023-04-21 HTTP/1.1" 200 432
114.83.222.182 - - [21/Apr/2023:09:49:10 +0800] "GET /xingrg/all/function/internal_message.html?_=1682041840019&CODE_STATE=getMsg HTTP/1.1" 200 27
116.238.139.35 - - [21/Apr/2023:09:49:11 +0800] "GET /xingrg/kc/print/load_data.html?order_code=312023042100408&kc_code=pssh&condition= HTTP/1.1" 200 682
116.230.112.155 - - [21/Apr/2023:09:49:17 +0800] "GET /xingrg/check_reg.html?_=1682041774902 HTTP/1.1" 200 22
180.164.3.199 - - [21/Apr/2023:09:49:18 +0800] "GET /xingrg/kc/buy/cgsh_order_operate.html?command=get_materiel&rest_code=00108&code=00101008010&supplier_code=00100007&order_time=2023-04-21 HTTP/1.1" 200 412
116.238.139.35 - - [21/Apr/2023:09:49:19 +0800] "POST /xingrg/kc/mdqp/pssh_list_operate.html HTTP/1.1" 200 257
116.230.112.155 - - [21/Apr/2023:09:49:19 +0800] "GET /xingrg/all/function/internal_message.html?_=1682041777510&CODE_STATE=getMsg HTTP/1.1" 200 27
116.224.106.218 - - [21/Apr/2023:09:49:20 +0800] "GET /xingrg/all/function/internal_message.html?_=1682041758943&CODE_STATE=getMsg HTTP/1.1" 200 27
116.224.106.218 - - [21/Apr/2023:09:49:20 +0800] "GET /xingrg/check_reg.html?_=1682041758946 HTTP/1.1" 200 22
116.238.139.35 - - [21/Apr/2023:09:49:20 +0800] "GET /xingrg/kc/mdqp/pssh_order_info.html?code=312023042000398 HTTP/1.1" 200 17301
116.238.139.35 - - [21/Apr/2023:09:49:20 +0800] "GET /xingrg/javascript/jquery_tools/jquery-1.4.2.min.js HTTP/1.1" 404 1094
116.238.139.35 - - [21/Apr/2023:09:49:21 +0800] "GET /xingrg/javascript/easyui/themes/default/validatebox.css HTTP/1.1" 404 1104
116.238.139.35 - - [21/Apr/2023:09:49:21 +0800] "POST /xingrg/kc/mdqp/pssh_order_operate.html HTTP/1.1" 200 538
116.238.139.35 - - [21/Apr/2023:09:49:23 +0800] "POST /xingrg/all/common/load_combo.html?type=employee HTTP/1.1" 200 280
116.238.139.35 - - [21/Apr/2023:09:49:27 +0800] "POST /xingrg/kc/mdqp/pssh_order_operate.html HTTP/1.1" 200 37
180.164.3.199 - - [21/Apr/2023:09:49:29 +0800] "GET /xingrg/all/function/internal_message.html?_=1682041769051&CODE_STATE=getMsg HTTP/1.1" 200 27
114.83.222.182 - - [21/Apr/2023:09:49:29 +0800] "POST /xingrg/kc/buy/cgsh_order_operate.html HTTP/1.1" 200 37
116.238.139.35 - - [21/Apr/2023:09:49:30 +0800] "POST /xingrg/kc/mdqp/pssh_order_operate.html HTTP/1.1" 200 12
180.164.3.199 - - [21/Apr/2023:09:49:31 +0800] "GET /xingrg/kc/buy/cgsh_order_operate.html?command=get_materiel&rest_code=00108&code=00101008256&supplier_code=00100007&order_time=2023-04-21 HTTP/1.1" 200 413
116.238.139.35 - - [21/Apr/2023:09:49:31 +0800] "GET /xingrg/kc/mdqp/pssh_order_info.html?code=312023042000398 HTTP/1.1" 200 14398
116.238.139.35 - - [21/Apr/2023:09:49:31 +0800] "GET /xingrg/javascript/jquery_tools/jquery-1.4.2.min.js HTTP/1.1" 404 1094
116.238.139.35 - - [21/Apr/2023:09:49:31 +0800] "GET /xingrg/javascript/easyui/themes/default/validatebox.css HTTP/1.1" 404 1104
116.238.139.35 - - [21/Apr/2023:09:49:32 +0800] "POST /xingrg/kc/mdqp/pssh_order_operate.html HTTP/1.1" 200 538
116.238.139.35 - - [21/Apr/2023:09:49:34 +0800] "GET /xingrg/kc/print/load_data.html?order_code=312023042000398&kc_code=pssh&condition= HTTP/1.1" 200 684
116.238.139.35 - - [21/Apr/2023:09:49:36 +0800] "GET /xingrg/all/function/internal_message.html?_=1682041776674&CODE_STATE=getMsg HTTP/1.1" 200 27
116.238.139.35 - - [21/Apr/2023:09:49:36 +0800] "GET /xingrg/check_reg.html?_=1682041776678 HTTP/1.1" 200 22
114.83.222.182 - - [21/Apr/2023:09:49:37 +0800] "POST /xingrg/kc/buy/cgsh_order_operate.html HTTP/1.1" 200 12
120.253.135.82 - - [21/Apr/2023:09:49:37 +0800] "GET /xingrg/all/function/internal_message.html?_=1682041615753&CODE_STATE=getMsg HTTP/1.1" 200 27
116.227.208.255 - - [21/Apr/2023:09:49:38 +0800] "GET /xingrg/all/function/internal_message.html?_=1682041851324&CODE_STATE=getMsg HTTP/1.1" 200 27
116.238.139.35 - - [21/Apr/2023:09:49:39 +0800] "POST /xingrg/kc/mdqp/pssh_list_operate.html HTTP/1.1" 200 2241
180.164.3.199 - - [21/Apr/2023:09:49:40 +0800] "GET /xingrg/kc/buy/cgsh_order_operate.html?command=get_materiel&rest_code=00108&code=00101008285&supplier_code=00100007&order_time=2023-04-21 HTTP/1.1" 200 432
114.83.222.182 - - [21/Apr/2023:09:49:40 +0800] "GET /xingrg/kc/buy/cgsh_order_info.html?code=212023042107117 HTTP/1.1" 200 64880
114.83.222.182 - - [21/Apr/2023:09:49:40 +0800] "GET /xingrg/javascript/easyui/themes/default/validatebox.css HTTP/1.1" 404 1104
116.238.139.35 - - [21/Apr/2023:09:49:41 +0800] "POST /xingrg/kc/mdqp/pssh_list_operate.html HTTP/1.1" 200 2241
116.238.139.35 - - [21/Apr/2023:09:49:41 +0800] "POST /xingrg/kc/mdqp/pssh_list_operate.html HTTP/1.1" 200 2241
114.83.222.182 - - [21/Apr/2023:09:49:41 +0800] "POST /xingrg/kc/buy/cgsh_order_operate.html HTTP/1.1" 200 606
116.238.139.35 - - [21/Apr/2023:09:49:43 +0800] "GET /xingrg/kc/mdqp/qqps_order_list.html HTTP/1.1" 200 9222
116.238.139.35 - - [21/Apr/2023:09:49:43 +0800] "GET /xingrg/dwr/interface/AjaxQqpsService.js HTTP/1.1" 200 16326
116.238.139.35 - - [21/Apr/2023:09:49:43 +0800] "GET /xingrg/dwr/interface/AjaxReportQueryService.js HTTP/1.1" 200 13203
116.238.139.35 - - [21/Apr/2023:09:49:43 +0800] "GET /xingrg/dwr/engine.js HTTP/1.1" 200 43631
116.238.139.35 - - [21/Apr/2023:09:49:44 +0800] "GET /xingrg/kc/mdqp/pssh_order_list.html HTTP/1.1" 200 17886
116.238.139.35 - - [21/Apr/2023:09:49:44 +0800] "POST /xingrg/kc/mdqp/pssh_list_operate.html HTTP/1.1" 200 5425
116.238.139.35 - - [21/Apr/2023:09:49:46 +0800] "POST /xingrg/kc/mdqp/pssh_list_operate.html HTTP/1.1" 200 553
180.164.3.199 - - [21/Apr/2023:09:49:47 +0800] "GET /xingrg/kc/buy/cgsh_order_operate.html?command=get_materiel&rest_code=00108&code=00101008131&supplier_code=00100007&order_time=2023-04-21 HTTP/1.1" 200 409
116.224.158.100 - - [21/Apr/2023:09:49:47 +0800] "GET /xingrg/all/function/internal_message.html?_=1682041628306&CODE_STATE=getMsg HTTP/1.1" 200 27
116.238.139.35 - - [21/Apr/2023:09:49:47 +0800] "GET /xingrg/kc/mdqp/pssh_order_info.html?code=312023041900385 HTTP/1.1" 200 17278
116.238.139.35 - - [21/Apr/2023:09:49:48 +0800] "GET /xingrg/javascript/jquery_tools/jquery-1.4.2.min.js HTTP/1.1" 404 1094
116.238.139.35 - - [21/Apr/2023:09:49:48 +0800] "GET /xingrg/javascript/easyui/themes/default/validatebox.css HTTP/1.1" 404 1104
116.238.139.35 - - [21/Apr/2023:09:49:48 +0800] "POST /xingrg/kc/mdqp/pssh_order_operate.html HTTP/1.1" 200 2072
114.83.222.182 - - [21/Apr/2023:09:49:48 +0800] "GET /xingrg/kc/print/load_config.html?kc_code=cgsh HTTP/1.1" 200 1925
114.83.222.244 - - [21/Apr/2023:09:49:49 +0800] "GET /xingrg/all/function/internal_message.html?_=1682041786302&CODE_STATE=getMsg HTTP/1.1" 200 27
114.83.222.182 - - [21/Apr/2023:09:49:49 +0800] "GET /xingrg/kc/print/load_data.html?order_code=212023042107117&kc_code=cgsh&condition= HTTP/1.1" 200 702
180.164.3.199 - - [21/Apr/2023:09:49:49 +0800] "POST /xingrg/kc/buy/cgsh_order_operate.html HTTP/1.1" 200 2065
116.238.139.35 - - [21/Apr/2023:09:49:49 +0800] "GET /xingrg/all/function/internal_message.html?_=1682041727772&CODE_STATE=getMsg HTTP/1.1" 200 27
116.238.139.35 - - [21/Apr/2023:09:49:52 +0800] "POST /xingrg/all/common/load_combo.html?type=employee HTTP/1.1" 200 280
58.221.95.50 - - [21/Apr/2023:09:49:55 +0800] "GET /xingrg/all/function/internal_message.html?_=1682041796534&CODE_STATE=getMsg HTTP/1.1" 200 27
116.238.139.35 - - [21/Apr/2023:09:49:56 +0800] "POST /xingrg/kc/mdqp/pssh_order_operate.html HTTP/1.1" 200 37
116.227.208.255 - - [21/Apr/2023:09:49:57 +0800] "GET /xingrg/all/function/internal_message.html?_=1682041796858&CODE_STATE=getMsg HTTP/1.1" 200 27
180.164.3.199 - - [21/Apr/2023:09:49:57 +0800] "GET /xingrg/kc/buy/cgsh_order_operate.html?command=get_materiel&rest_code=00108&code=00101008437&supplier_code=00100007&order_time=2023-04-21 HTTP/1.1" 200 410
116.238.139.35 - - [21/Apr/2023:09:49:58 +0800] "POST /xingrg/kc/mdqp/pssh_order_operate.html HTTP/1.1" 200 12
116.238.139.35 - - [21/Apr/2023:09:50:00 +0800] "GET /xingrg/kc/mdqp/pssh_order_info.html?code=312023041900385 HTTP/1.1" 200 14402
116.238.139.35 - - [21/Apr/2023:09:50:00 +0800] "GET /xingrg/javascript/jquery_tools/jquery-1.4.2.min.js HTTP/1.1" 404 1094
180.171.122.0 - - [21/Apr/2023:09:50:00 +0800] "GET /xingrg/all/function/internal_message.html?_=1682041796596&CODE_STATE=getMsg HTTP/1.1" 200 27
116.238.139.35 - - [21/Apr/2023:09:50:00 +0800] "GET /xingrg/javascript/easyui/themes/default/validatebox.css HTTP/1.1" 404 1104
116.238.139.35 - - [21/Apr/2023:09:50:00 +0800] "POST /xingrg/kc/mdqp/pssh_order_operate.html HTTP/1.1" 200 2072
116.238.139.35 - - [21/Apr/2023:09:50:03 +0800] "GET /xingrg/kc/print/load_data.html?order_code=312023041900385&kc_code=pssh&condition= HTTP/1.1" 200 1196
180.163.30.100 - - [21/Apr/2023:09:50:04 +0800] "GET /xingrg/check_reg.html?_=1682041747185 HTTP/1.1" 302 -
180.163.30.100 - - [21/Apr/2023:09:50:04 +0800] "GET /xingrg/login.html HTTP/1.1" 200 7641
114.83.222.244 - - [21/Apr/2023:09:50:06 +0800] "POST /xingrg/services/DataTransmitService HTTP/1.1" 200 524
61.170.233.130 - - [21/Apr/2023:09:50:07 +0800] "GET /xingrg/all/function/internal_message.html?_=1682041810423&CODE_STATE=getMsg HTTP/1.1" 200 27
114.85.98.23 - - [21/Apr/2023:09:50:07 +0800] "GET /xingrg/all/function/internal_message.html?_=1682041807543&CODE_STATE=getMsg HTTP/1.1" 200 27
114.83.222.182 - - [21/Apr/2023:09:50:10 +0800] "GET /xingrg/all/function/internal_message.html?_=1682041900017&CODE_STATE=getMsg HTTP/1.1" 200 27
116.230.112.155 - - [21/Apr/2023:09:50:19 +0800] "GET /xingrg/all/function/internal_message.html?_=1682041837522&CODE_STATE=getMsg HTTP/1.1" 200 27
116.224.106.218 - - [21/Apr/2023:09:50:20 +0800] "GET /xingrg/all/function/internal_message.html?_=1682041818944&CODE_STATE=getMsg HTTP/1.1" 200 27
180.164.3.199 - - [21/Apr/2023:09:50:21 +0800] "GET /xingrg/kc/buy/cgsh_order_operate.html?command=get_materiel&rest_code=00108&code=00101008079&supplier_code=00100007&order_time=2023-04-21 HTTP/1.1" 200 416
180.164.3.199 - - [21/Apr/2023:09:50:29 +0800] "GET /xingrg/all/function/internal_message.html?_=1682041829066&CODE_STATE=getMsg HTTP/1.1" 200 27
180.164.3.199 - - [21/Apr/2023:09:50:29 +0800] "GET /xingrg/kc/buy/cgsh_order_operate.html?command=get_materiel&rest_code=00108&code=00101008558&supplier_code=00100007&order_time=2023-04-21 HTTP/1.1" 200 409
116.238.139.35 - - [21/Apr/2023:09:50:36 +0800] "GET /xingrg/all/function/internal_message.html?_=1682041836683&CODE_STATE=getMsg HTTP/1.1" 200 27
180.164.3.199 - - [21/Apr/2023:09:50:37 +0800] "GET /xingrg/kc/buy/cgsh_order_operate.html?command=get_materiel&rest_code=00108&code=00101008318&supplier_code=00100007&order_time=2023-04-21 HTTP/1.1" 200 408
120.253.135.82 - - [21/Apr/2023:09:50:37 +0800] "GET /xingrg/all/function/internal_message.html?_=1682041675768&CODE_STATE=getMsg HTTP/1.1" 200 27
116.227.208.255 - - [21/Apr/2023:09:50:38 +0800] "GET /xingrg/all/function/internal_message.html?_=1682041911319&CODE_STATE=getMsg HTTP/1.1" 200 27
124.79.240.114 - - [21/Apr/2023:09:50:39 +0800] "POST /xingrg/services/DataTransmitService HTTP/1.1" 200 524
116.224.158.100 - - [21/Apr/2023:09:50:47 +0800] "GET /xingrg/all/function/internal_message.html?_=1682041688294&CODE_STATE=getMsg HTTP/1.1" 200 27
114.83.222.244 - - [21/Apr/2023:09:50:49 +0800] "GET /xingrg/all/function/internal_message.html?_=1682041846280&CODE_STATE=getMsg HTTP/1.1" 200 27
180.164.3.199 - - [21/Apr/2023:09:50:49 +0800] "POST /xingrg/kc/buy/cgsh_order_operate.html HTTP/1.1" 200 37
116.238.139.35 - - [21/Apr/2023:09:50:49 +0800] "GET /xingrg/all/function/internal_message.html?_=1682041787834&CODE_STATE=getMsg HTTP/1.1" 200 27
180.164.3.199 - - [21/Apr/2023:09:50:51 +0800] "POST /xingrg/kc/buy/cgsh_order_operate.html HTTP/1.1" 200 21604
180.164.3.199 - - [21/Apr/2023:09:50:52 +0800] "GET /xingrg/kc/print/load_config.html?kc_code=cgsh HTTP/1.1" 200 1925
180.164.3.199 - - [21/Apr/2023:09:50:53 +0800] "GET /xingrg/kc/print/load_data.html?order_code=212023042107118&kc_code=cgsh&condition= HTTP/1.1" 200 7907
58.221.95.50 - - [21/Apr/2023:09:50:55 +0800] "GET /xingrg/all/function/internal_message.html?_=1682041856511&CODE_STATE=getMsg HTTP/1.1" 200 27
116.227.208.255 - - [21/Apr/2023:09:50:57 +0800] "GET /xingrg/check_reg.html?_=1682041856859 HTTP/1.1" 200 22
116.227.208.255 - - [21/Apr/2023:09:50:57 +0800] "GET /xingrg/all/function/internal_message.html?_=1682041856861&CODE_STATE=getMsg HTTP/1.1" 200 27
180.164.3.199 - - [21/Apr/2023:09:51:00 +0800] "GET /xingrg/kc/buy/cgsh_order_add.html HTTP/1.1" 200 70864
180.164.3.199 - - [21/Apr/2023:09:51:00 +0800] "POST /xingrg/kc/buy/cgsh_order_operate.html HTTP/1.1" 200 8245
180.171.122.0 - - [21/Apr/2023:09:51:00 +0800] "GET /xingrg/check_reg.html?_=1682041856596 HTTP/1.1" 200 22
180.164.3.199 - - [21/Apr/2023:09:51:00 +0800] "GET /xingrg/javascript/easyui/themes/default/validatebox.css HTTP/1.1" 404 1104
180.171.122.0 - - [21/Apr/2023:09:51:00 +0800] "GET /xingrg/all/function/internal_message.html?_=1682041856598&CODE_STATE=getMsg HTTP/1.1" 200 27
180.163.29.212 - - [21/Apr/2023:09:51:07 +0800] "GET /xingrg/all/function/internal_message.html?_=1682041810423&CODE_STATE=getMsg HTTP/1.1" 302 -
180.163.29.212 - - [21/Apr/2023:09:51:07 +0800] "GET /xingrg/login.html HTTP/1.1" 200 7641
61.170.233.130 - - [21/Apr/2023:09:51:07 +0800] "GET /xingrg/all/function/internal_message.html?_=1682041870396&CODE_STATE=getMsg HTTP/1.1" 200 27
114.85.98.23 - - [21/Apr/2023:09:51:07 +0800] "GET /xingrg/all/function/internal_message.html?_=1682041867534&CODE_STATE=getMsg HTTP/1.1" 200 27
114.85.98.23 - - [21/Apr/2023:09:51:07 +0800] "GET /xingrg/check_reg.html?_=1682041867832 HTTP/1.1" 200 22
114.83.222.182 - - [21/Apr/2023:09:51:10 +0800] "GET /xingrg/all/function/internal_message.html?_=1682041960008&CODE_STATE=getMsg HTTP/1.1" 200 27
114.83.222.182 - - [21/Apr/2023:09:51:10 +0800] "GET /xingrg/check_reg.html?_=1682041960009 HTTP/1.1" 200 22
180.164.3.199 - - [21/Apr/2023:09:51:16 +0800] "GET /xingrg/kc/buy/cgsh_order_operate.html?command=get_materiel&rest_code=00108&code=00101007061&supplier_code=00100002&order_time=2023-04-21 HTTP/1.1" 200 409
116.230.112.155 - - [21/Apr/2023:09:51:19 +0800] "GET /xingrg/all/function/internal_message.html?_=1682041897537&CODE_STATE=getMsg HTTP/1.1" 200 27
116.224.106.218 - - [21/Apr/2023:09:51:20 +0800] "GET /xingrg/all/function/internal_message.html?_=1682041878943&CODE_STATE=getMsg HTTP/1.1" 200 27
180.164.3.199 - - [21/Apr/2023:09:51:27 +0800] "GET /xingrg/kc/buy/cgsh_order_operate.html?command=get_materiel&rest_code=00108&code=00101007125&supplier_code=00100002&order_time=2023-04-21 HTTP/1.1" 200 406
180.164.3.199 - - [21/Apr/2023:09:51:29 +0800] "GET /xingrg/all/function/internal_message.html?_=1682041889076&CODE_STATE=getMsg HTTP/1.1" 200 27
180.164.3.199 - - [21/Apr/2023:09:51:36 +0800] "GET /xingrg/kc/buy/cgsh_order_operate.html?command=get_materiel&rest_code=00108&code=00101007032&supplier_code=00100002&order_time=2023-04-21 HTTP/1.1" 200 433
116.238.139.35 - - [21/Apr/2023:09:51:36 +0800] "GET /xingrg/all/function/internal_message.html?_=1682041896684&CODE_STATE=getMsg HTTP/1.1" 200 27
120.253.135.82 - - [21/Apr/2023:09:51:37 +0800] "GET /xingrg/all/function/internal_message.html?_=1682041735998&CODE_STATE=getMsg HTTP/1.1" 200 27
116.227.208.255 - - [21/Apr/2023:09:51:38 +0800] "GET /xingrg/all/function/internal_message.html?_=1682041971308&CODE_STATE=getMsg HTTP/1.1" 200 27
180.164.3.199 - - [21/Apr/2023:09:51:45 +0800] "POST /xingrg/kc/buy/cgsh_order_operate.html HTTP/1.1" 200 37
172.20.0.100 - - [21/Apr/2023:09:51:45 +0800] "GET /xingrg/check_reg.html?_=1682041918242 HTTP/1.1" 200 22
180.164.3.199 - - [21/Apr/2023:09:51:46 +0800] "POST /xingrg/kc/buy/cgsh_order_operate.html HTTP/1.1" 200 3829
116.224.158.100 - - [21/Apr/2023:09:51:47 +0800] "GET /xingrg/all/function/internal_message.html?_=1682041748272&CODE_STATE=getMsg HTTP/1.1" 200 27
116.224.158.100 - - [21/Apr/2023:09:51:48 +0800] "GET /xingrg/check_reg.html?_=1682041748642 HTTP/1.1" 200 22
114.83.222.244 - - [21/Apr/2023:09:51:49 +0800] "GET /xingrg/all/function/internal_message.html?_=1682041906270&CODE_STATE=getMsg HTTP/1.1" 200 27
114.83.222.244 - - [21/Apr/2023:09:51:49 +0800] "GET /xingrg/check_reg.html?_=1682041906933 HTTP/1.1" 200 22
116.238.139.35 - - [21/Apr/2023:09:51:49 +0800] "GET /xingrg/all/function/internal_message.html?_=1682041847842&CODE_STATE=getMsg HTTP/1.1" 200 27
180.164.3.199 - - [21/Apr/2023:09:51:50 +0800] "GET /xingrg/kc/print/load_data.html?order_code=212023042107119&kc_code=cgsh&condition= HTTP/1.1" 200 1193
58.221.95.50 - - [21/Apr/2023:09:51:55 +0800] "GET /xingrg/all/function/internal_message.html?_=1682041916486&CODE_STATE=getMsg HTTP/1.1" 200 27
