120.253.135.82 - - [21/Apr/2023:10:47:46 +0800] "GET /xingrg/check_reg.html?_=1682045104128 HTTP/1.1" 200 22
120.253.135.82 - - [21/Apr/2023:10:47:46 +0800] "GET /xingrg/all/function/internal_message.html?_=1682045104436&CODE_STATE=getMsg HTTP/1.1" 200 27
116.224.158.100 - - [21/Apr/2023:10:47:47 +0800] "GET /xingrg/all/function/internal_message.html?_=1682045108345&CODE_STATE=getMsg HTTP/1.1" 200 27
116.238.139.35 - - [21/Apr/2023:10:47:48 +0800] "GET /xingrg/all/function/internal_message.html?_=1682045206434&CODE_STATE=getMsg HTTP/1.1" 200 27
116.230.112.155 - - [21/Apr/2023:10:47:50 +0800] "GET /xingrg/all/function/internal_message.html?_=1682045288469&CODE_STATE=getMsg HTTP/1.1" 200 27
58.221.95.50 - - [21/Apr/2023:10:47:54 +0800] "GET /xingrg/all/function/internal_message.html?_=1682045275445&CODE_STATE=getMsg HTTP/1.1" 200 27
116.227.208.255 - - [21/Apr/2023:10:47:57 +0800] "GET /xingrg/all/function/internal_message.html?_=1682045277103&CODE_STATE=getMsg HTTP/1.1" 200 27
116.227.208.255 - - [21/Apr/2023:10:47:58 +0800] "POST /xingrg/services/DataTransmitService HTTP/1.1" 200 524
116.227.208.255 - - [21/Apr/2023:10:47:59 +0800] "POST /xingrg/services/DataTransmitService HTTP/1.1" 200 2067
180.171.122.0 - - [21/Apr/2023:10:48:00 +0800] "GET /xingrg/all/function/internal_message.html?_=1682045276666&CODE_STATE=getMsg HTTP/1.1" 200 27
116.227.208.255 - - [21/Apr/2023:10:48:00 +0800] "POST /xingrg/services/DataTransmitService HTTP/1.1" 200 178024
114.85.98.23 - - [21/Apr/2023:10:48:07 +0800] "GET /xingrg/all/function/internal_message.html?_=1682045286842&CODE_STATE=getMsg HTTP/1.1" 200 27
116.230.112.155 - - [21/Apr/2023:10:48:07 +0800] "GET /xingrg/all/function/internal_message.html?_=1682045288087&CODE_STATE=getMsg HTTP/1.1" 200 27
180.169.147.146 - - [21/Apr/2023:10:48:09 +0800] "GET /xingrg/all/function/internal_message.html?_=1682045286230&CODE_STATE=getMsg HTTP/1.1" 200 27
114.83.222.182 - - [21/Apr/2023:10:48:10 +0800] "GET /xingrg/all/function/internal_message.html?_=1682045380020&CODE_STATE=getMsg HTTP/1.1" 200 27
180.169.147.146 - - [21/Apr/2023:10:48:15 +0800] "GET /xingrg/check_reg.html?_=1682045295056 HTTP/1.1" 200 22
180.169.147.146 - - [21/Apr/2023:10:48:15 +0800] "GET /xingrg/all/function/internal_message.html?_=1682045295060&CODE_STATE=getMsg HTTP/1.1" 200 27
116.224.158.100 - - [21/Apr/2023:10:48:17 +0800] "POST /xingrg/kc/buy/cgsh_order_operate.html HTTP/1.1" 200 37
116.238.139.35 - - [21/Apr/2023:10:48:18 +0800] "GET /xingrg/all/function/internal_message.html?_=1682045298179&CODE_STATE=getMsg HTTP/1.1" 200 27
116.224.106.218 - - [21/Apr/2023:10:48:20 +0800] "GET /xingrg/all/function/internal_message.html?_=1682045299023&CODE_STATE=getMsg HTTP/1.1" 200 27
116.224.158.100 - - [21/Apr/2023:10:48:28 +0800] "POST /xingrg/kc/buy/cgsh_order_operate.html HTTP/1.1" 200 44040
180.164.3.199 - - [21/Apr/2023:10:48:28 +0800] "GET /xingrg/all/function/internal_message.html?_=1682045308280&CODE_STATE=getMsg HTTP/1.1" 200 27
180.163.30.100 - - [21/Apr/2023:10:48:29 +0800] "GET /xingrg/all/function/internal_message.html?_=1682045252278&CODE_STATE=getMsg HTTP/1.1" 302 -
180.163.30.100 - - [21/Apr/2023:10:48:29 +0800] "GET /xingrg/login.html HTTP/1.1" 200 7641
61.170.233.130 - - [21/Apr/2023:10:48:29 +0800] "GET /xingrg/all/function/internal_message.html?_=1682045312249&CODE_STATE=getMsg HTTP/1.1" 200 27
120.253.135.82 - - [21/Apr/2023:10:48:33 +0800] "GET /xingrg/kc/pszx/mdqp_order_list.html?state=10 HTTP/1.1" 200 10275
120.253.135.82 - - [21/Apr/2023:10:48:33 +0800] "GET /xingrg/dwr/interface/AjaxQqpsService.js HTTP/1.1" 200 16326
120.253.135.82 - - [21/Apr/2023:10:48:33 +0800] "GET /xingrg/dwr/interface/AjaxReportQueryService.js HTTP/1.1" 200 13203
120.253.135.82 - - [21/Apr/2023:10:48:33 +0800] "GET /xingrg/dwr/engine.js HTTP/1.1" 200 43631
114.84.144.20 - - [21/Apr/2023:10:48:36 +0800] "GET /xingrg/check_reg.html?_=1682045316410 HTTP/1.1" 200 22
114.84.144.20 - - [21/Apr/2023:10:48:36 +0800] "GET /xingrg/all/function/internal_message.html?_=1682045316417&CODE_STATE=getMsg HTTP/1.1" 200 27
116.227.208.255 - - [21/Apr/2023:10:48:38 +0800] "GET /xingrg/all/function/internal_message.html?_=1682045391330&CODE_STATE=getMsg HTTP/1.1" 200 27
120.253.135.82 - - [21/Apr/2023:10:48:38 +0800] "GET /xingrg/kc/buy/cgsh_order_list.html HTTP/1.1" 200 55050
116.230.112.155 - - [21/Apr/2023:10:48:40 +0800] "GET /xingrg/all/report/report_query.html?isQuery=1&fileName=kc/base/crk_detail_by_small.xml&rh=99999&queryString=&queryText=%25E3%2580%2590%25E4%25BB%2593%25E5%25BA%2593%25E5%2590%258D%25E7%25A7%25B0%253A%25E7%25A4%25BC%25E7%259B%2592%25E5%25BA%2593%25E3%2580%2591%25E3%2580%2590%25E4%25B8%259A%25E5%258A%25A1%25E7%25B1%25BB%25E5%259E%258B%25EF%25BC%259A%25E5%2586%2585%25E9%2583%25A8%25E8%25B0%2583%25E5%2587%25BA%25E3%2580%2591%2520%253F%253F%253F%253F%253F2022-10-01%253F%253F2023-04-30%2520%253F%253F%253F%253F%253F%253F%253F%253F%253F%252C%253F%253F%253F%253F%253F%252C%253F%253F%253F%253F%253F%253F%252C%253F%253F%253F%253F%253F%252C%253F%253F%253F%253F%253F%252C%253F%253F%253F%253F%253F%252C%253F%253F%253F%253F%253F%252C%253F%253F%253F%253F%252C%253F%253F%253F%253F%252C%253F%253F%253F%252C%253F%253F%25C2%25B1%252C%253F%253F%253F%253F%252C%253F%253F%253F%253F%252C%253F%253F%253F%252C%253F%253F%253F%253F%253F%253F%253F%253F%252C%253F%253F%253F%253F%253F%252C%253F%253F%252C%253F%253F%253F%252C%253F%253F%253F%253F%253F%252C%253F%253F%253F%253F%253F%252C%253F%253F%253F%253F%252C%253F%253F%253F%252C%253F%253F%253F%253F%252C%253F%253F%253F%253F%252C%253F%253F%253F%253F%252C%253F%253F%253F%253F%252C%253F%253F%253F%252C%253F%253F%253F%252C%253F%253F%253F%253F%252C%253F%253F%253F%253F%252C%253F%253F%253F%253F%253F%252C%253F%253F%253F%253F%253F%253F%252C%253F%253F%253F%253F%253F%252C%253F%253F%253F%253F%253F%252C%253F%253F%253F%253F%253F%252C%253F%25C2%25B1%253F%253F%253F%252C%253F%253F%25D0%25BF%253F%252C%253F%253F%253F%252C%253F%253F%253F%253F%253F%253F&tableQueryString=crk_table%2524sp1%2524order_day%2520between%252020221001%2520and%252020230430%2520and%2520(base_code%253D'0010713')%2520and%2520(src_order_type%2520in%2520(42))%2520and%2520(is_rk%2520in%2520(0)) HTTP/1.1" 200 54198
116.230.112.155 - - [21/Apr/2023:10:48:40 +0800] "GET /xingrg/dwr/interface/AjaxReportQueryService.js HTTP/1.1" 200 13203
116.230.112.155 - - [21/Apr/2023:10:48:40 +0800] "GET /xingrg/dwr/engine.js HTTP/1.1" 200 43631
116.230.112.155 - - [21/Apr/2023:10:48:42 +0800] "POST /xingrg/all/report/load_report_page.html HTTP/1.1" 200 11757
116.230.112.155 - - [21/Apr/2023:10:48:42 +0800] "GET /xingrg/servlets/image?cache=0.39735504387410403&image=px HTTP/1.1" 200 807
124.79.74.67 - - [21/Apr/2023:10:48:46 +0800] "GET /xingrg/all/function/internal_message.html?_=1682045329983&CODE_STATE=getMsg HTTP/1.1" 200 27
120.253.135.82 - - [21/Apr/2023:10:48:46 +0800] "GET /xingrg/all/function/internal_message.html?_=1682045164450&CODE_STATE=getMsg HTTP/1.1" 200 27
180.169.147.146 - - [21/Apr/2023:10:48:47 +0800] "POST /xingrg/kc/buy/cgsh_list_operate.html HTTP/1.1" 200 4
116.230.112.155 - - [21/Apr/2023:10:48:47 +0800] "POST /xingrg/all/report/load_report_page.html HTTP/1.1" 200 31279
116.230.112.155 - - [21/Apr/2023:10:48:47 +0800] "GET /xingrg/servlets/image?cache=0.7794922668067629&image=px HTTP/1.1" 200 807
116.224.158.100 - - [21/Apr/2023:10:48:47 +0800] "GET /xingrg/all/function/internal_message.html?_=1682045168280&CODE_STATE=getMsg HTTP/1.1" 200 27
116.238.139.35 - - [21/Apr/2023:10:48:47 +0800] "GET /xingrg/check_reg.html?_=1682045265952 HTTP/1.1" 200 22
120.253.135.82 - - [21/Apr/2023:10:48:48 +0800] "POST /xingrg/kc/buy/cgsh_list_operate.html HTTP/1.1" 200 986
116.238.139.35 - - [21/Apr/2023:10:48:48 +0800] "GET /xingrg/all/function/internal_message.html?_=1682045266448&CODE_STATE=getMsg HTTP/1.1" 200 27
180.164.3.199 - - [21/Apr/2023:10:48:50 +0800] "POST /xingrg/services/DataTransmitService HTTP/1.1" 200 524
116.230.112.155 - - [21/Apr/2023:10:48:50 +0800] "GET /xingrg/all/function/internal_message.html?_=1682045348482&CODE_STATE=getMsg HTTP/1.1" 200 27
58.221.95.50 - - [21/Apr/2023:10:48:54 +0800] "GET /xingrg/all/function/internal_message.html?_=1682045335432&CODE_STATE=getMsg HTTP/1.1" 200 27
120.253.135.82 - - [21/Apr/2023:10:48:54 +0800] "GET /xingrg/kc/buy/cgsh_order_add.html HTTP/1.1" 200 69896
120.253.135.82 - - [21/Apr/2023:10:48:54 +0800] "GET /xingrg/javascript/easyui/themes/icons/template_new.png HTTP/1.1" 304 -
120.253.135.82 - - [21/Apr/2023:10:48:55 +0800] "POST /xingrg/kc/buy/cgsh_order_operate.html HTTP/1.1" 200 8245
120.253.135.82 - - [21/Apr/2023:10:48:55 +0800] "GET /xingrg/javascript/easyui/themes/default/validatebox.css HTTP/1.1" 404 1104
120.253.135.82 - - [21/Apr/2023:10:48:55 +0800] "GET /xingrg/all/common/auto_word.html?type=employee&rest_code=00101 HTTP/1.1" 200 927
120.253.135.82 - - [21/Apr/2023:10:48:55 +0800] "GET /xingrg/all/common/auto_word.html?type=employee&rest_code=00101 HTTP/1.1" 200 927
116.227.208.255 - - [21/Apr/2023:10:48:57 +0800] "GET /xingrg/all/function/internal_message.html?_=1682045337097&CODE_STATE=getMsg HTTP/1.1" 200 27
180.171.122.0 - - [21/Apr/2023:10:49:00 +0800] "GET /xingrg/all/function/internal_message.html?_=1682045336666&CODE_STATE=getMsg HTTP/1.1" 200 27
58.221.95.50 - - [21/Apr/2023:10:49:02 +0800] "GET /xingrg/check_reg.html?_=1682045342841 HTTP/1.1" 200 22
120.253.135.82 - - [21/Apr/2023:10:49:02 +0800] "POST /xingrg/all/common/load_combo.html?type=employee HTTP/1.1" 200 1664
61.170.233.130 - - [21/Apr/2023:10:49:04 +0800] "GET /xingrg/check_reg.html?_=1682045346967 HTTP/1.1" 200 22
116.230.112.155 - - [21/Apr/2023:10:49:05 +0800] "GET /xingrg/all/report/report_query.html?isQuery=1&fileName=kc/base/crk_detail_by_list.xml&queryString=&queryText=%25E3%2580%2590%25E4%25BB%2593%25E5%25BA%2593%25E5%2590%258D%25E7%25A7%25B0%253A%25E7%25A4%25BC%25E7%259B%2592%25E5%25BA%2593%25E3%2580%2591%25E3%2580%2590%25E4%25B8%259A%25E5%258A%25A1%25E7%25B1%25BB%25E5%259E%258B%25EF%25BC%259A%25E5%2586%2585%25E9%2583%25A8%25E8%25B0%2583%25E5%2587%25BA%25E3%2580%2591%2520%253F%253F%253F%253F%253F2022-10-01%253F%253F2023-04-30%2520%253F%253F%253F%253F%253F%253F%253F%253F%253F%252C%253F%253F%253F%253F%253F%252C%253F%253F%253F%253F%253F%253F%252C%253F%253F%253F%253F%253F%252C%253F%253F%253F%253F%253F%252C%253F%253F%253F%253F%253F%252C%253F%253F%253F%253F%253F%252C%253F%253F%253F%253F%252C%253F%253F%253F%253F%252C%253F%253F%253F%252C%253F%253F%25C2%25B1%252C%253F%253F%253F%253F%252C%253F%253F%253F%253F%252C%253F%253F%253F%252C%253F%253F%253F%253F%253F%253F%253F%253F%252C%253F%253F%253F%253F%253F%252C%253F%253F%252C%253F%253F%253F%252C%253F%253F%253F%253F%253F%252C%253F%253F%253F%253F%253F%252C%253F%253F%253F%253F%252C%253F%253F%253F%252C%253F%253F%253F%253F%252C%253F%253F%253F%253F%252C%253F%253F%253F%253F%252C%253F%253F%253F%253F%252C%253F%253F%253F%252C%253F%253F%253F%252C%253F%253F%253F%253F%252C%253F%253F%253F%253F%252C%253F%253F%253F%253F%253F%252C%253F%253F%253F%253F%253F%253F%252C%253F%253F%253F%253F%253F%252C%253F%253F%253F%253F%253F%252C%253F%253F%253F%253F%253F%252C%253F%25C2%25B1%253F%253F%253F%252C%253F%253F%25D0%25BF%253F%252C%253F%253F%253F%252C%253F%253F%253F%253F%253F%253F&tableQueryString=crk_table%2524sp1%2524order_day%2520between%252020221001%2520and%252020230430%2520and%2520(base_code%253D'0010713')%2520and%2520(src_order_type%2520in%2520(42))%2520and%2520(is_rk%2520in%2520(0))%2520and%2520(a.materiel_code%253D'00101034130') HTTP/1.1" 200 51437
116.230.112.155 - - [21/Apr/2023:10:49:05 +0800] "GET /xingrg/dwr/interface/AjaxReportQueryService.js HTTP/1.1" 200 13203
116.230.112.155 - - [21/Apr/2023:10:49:05 +0800] "GET /xingrg/dwr/engine.js HTTP/1.1" 200 43631
116.230.112.155 - - [21/Apr/2023:10:49:06 +0800] "POST /xingrg/all/report/load_report_page.html HTTP/1.1" 200 16020
116.230.112.155 - - [21/Apr/2023:10:49:06 +0800] "GET /xingrg/servlets/image?cache=0.05070767437279966&image=px HTTP/1.1" 200 807
114.85.98.23 - - [21/Apr/2023:10:49:07 +0800] "GET /xingrg/all/function/internal_message.html?_=1682045346832&CODE_STATE=getMsg HTTP/1.1" 200 27
116.230.112.155 - - [21/Apr/2023:10:49:07 +0800] "GET /xingrg/all/function/internal_message.html?_=1682045348088&CODE_STATE=getMsg HTTP/1.1" 200 27
116.230.112.155 - - [21/Apr/2023:10:49:09 +0800] "GET /xingrg/kc/guide/show_order.html?code=422022101100877&type=42 HTTP/1.1" 302 -
116.230.112.155 - - [21/Apr/2023:10:49:09 +0800] "GET /xingrg/kc/base/wldb_order_info.html?code=422022101100877&sysBaseUrl=http%3A%2F%2F180.169.147.146%3A18081%2Fxingrg%2F&costTime=0×tamp=1682045349453 HTTP/1.1" 200 26520
116.230.112.155 - - [21/Apr/2023:10:49:09 +0800] "GET /xingrg/css/base.css HTTP/1.1" 304 -
116.230.112.155 - - [21/Apr/2023:10:49:09 +0800] "GET /xingrg/css/site.css HTTP/1.1" 304 -
116.230.112.155 - - [21/Apr/2023:10:49:09 +0800] "GET /xingrg/javascript/easyui/themes/default/easyui.css HTTP/1.1" 304 -
116.230.112.155 - - [21/Apr/2023:10:49:09 +0800] "GET /xingrg/javascript/easyui/themes/icon.css HTTP/1.1" 304 -
116.230.112.155 - - [21/Apr/2023:10:49:09 +0800] "GET /xingrg/javascript/jquery_tools/jquery.tools.extend.js HTTP/1.1" 304 -
116.230.112.155 - - [21/Apr/2023:10:49:09 +0800] "GET /xingrg/javascript/jquery_tools/jquery.tools.hotkey.js HTTP/1.1" 304 -
116.230.112.155 - - [21/Apr/2023:10:49:09 +0800] "GET /xingrg/javascript/jquery_tools/fix.css HTTP/1.1" 304 -
116.230.112.155 - - [21/Apr/2023:10:49:09 +0800] "GET /xingrg/javascript/auto/jquery.autocomplete.css HTTP/1.1" 304 -
116.230.112.155 - - [21/Apr/2023:10:49:09 +0800] "GET /xingrg/javascript/jquery_tools/datebox.css HTTP/1.1" 304 -
116.230.112.155 - - [21/Apr/2023:10:49:09 +0800] "GET /xingrg/javascript/jquery_tools/jquery.tools.min.js HTTP/1.1" 304 -
116.230.112.155 - - [21/Apr/2023:10:49:09 +0800] "GET /xingrg/javascript/jquery_tools/table.css HTTP/1.1" 304 -
116.230.112.155 - - [21/Apr/2023:10:49:09 +0800] "GET /xingrg/javascript/jquery_tools/jquery.tools.table.js HTTP/1.1" 304 -
180.169.147.146 - - [21/Apr/2023:10:49:09 +0800] "GET /xingrg/all/function/internal_message.html?_=1682045346229&CODE_STATE=getMsg HTTP/1.1" 200 27
116.230.112.155 - - [21/Apr/2023:10:49:09 +0800] "GET /xingrg/javascript/easyui/easyloader.js HTTP/1.1" 304 -
116.230.112.155 - - [21/Apr/2023:10:49:09 +0800] "GET /xingrg/javascript/auto/jquery.autocomplete.js HTTP/1.1" 304 -
116.230.112.155 - - [21/Apr/2023:10:49:09 +0800] "GET /favicon.ico HTTP/1.1" 404 -
116.230.112.155 - - [21/Apr/2023:10:49:09 +0800] "GET /xingrg/javascript/convert.js HTTP/1.1" 200 1239
116.230.112.155 - - [21/Apr/2023:10:49:09 +0800] "GET /xingrg/javascript/print/kc_print.js HTTP/1.1" 200 11415
116.230.112.155 - - [21/Apr/2023:10:49:09 +0800] "GET /xingrg/javascript/jquery_tools/order_manager.js HTTP/1.1" 200 11183
116.230.112.155 - - [21/Apr/2023:10:49:09 +0800] "GET /xingrg/javascript/print/LodopFuncs.js HTTP/1.1" 304 -
116.230.112.155 - - [21/Apr/2023:10:49:09 +0800] "GET /xingrg/words/20230420144541_words.js HTTP/1.1" 200 961119
116.230.112.155 - - [21/Apr/2023:10:49:09 +0800] "GET /xingrg/javascript/easyui/themes/icons/cancel.png HTTP/1.1" 200 1133
116.230.112.155 - - [21/Apr/2023:10:49:09 +0800] "GET /xingrg/javascript/easyui/themes/icons/print.png HTTP/1.1" 200 1057
116.230.112.155 - - [21/Apr/2023:10:49:09 +0800] "GET /xingrg/javascript/easyui/themes/icons/edit_add_new.png HTTP/1.1" 304 -
116.230.112.155 - - [21/Apr/2023:10:49:09 +0800] "GET /xingrg/javascript/easyui/themes/default/images/menu_downarrow.png HTTP/1.1" 200 173
116.230.112.155 - - [21/Apr/2023:10:49:09 +0800] "GET /xingrg/javascript/easyui/themes/icons/uncheck_new.png HTTP/1.1" 200 3197
114.83.222.182 - - [21/Apr/2023:10:49:10 +0800] "GET /xingrg/all/function/internal_message.html?_=1682045440016&CODE_STATE=getMsg HTTP/1.1" 200 27
116.230.112.155 - - [21/Apr/2023:10:49:11 +0800] "GET /xingrg/javascript/easyui/plugins/jquery.parser.js HTTP/1.1" 304 -
116.230.112.155 - - [21/Apr/2023:10:49:11 +0800] "GET /xingrg/javascript/easyui/themes/default/validatebox.css HTTP/1.1" 404 1104
116.230.112.155 - - [21/Apr/2023:10:49:11 +0800] "GET /xingrg/javascript/easyui/plugins/jquery.validatebox.js HTTP/1.1" 200 6103
180.169.147.146 - - [21/Apr/2023:10:49:11 +0800] "POST /xingrg/kc/buy/cgsh_list_operate.html HTTP/1.1" 200 5961
116.230.112.155 - - [21/Apr/2023:10:49:11 +0800] "GET /xingrg/javascript/easyui/plugins/jquery.numberbox.js HTTP/1.1" 200 5213
116.230.112.155 - - [21/Apr/2023:10:49:11 +0800] "POST /xingrg/kc/base/wldb_order_operate.html HTTP/1.1" 200 2900
116.230.112.155 - - [21/Apr/2023:10:49:11 +0800] "GET /xingrg/javascript/easyui/themes/icons/edit_remove.png HTTP/1.1" 200 625
180.169.147.146 - - [21/Apr/2023:10:49:15 +0800] "GET /xingrg/all/function/internal_message.html?_=1682045355047&CODE_STATE=getMsg HTTP/1.1" 200 27
120.253.135.82 - - [21/Apr/2023:10:49:17 +0800] "GET /xingrg/kc/buy/cgsh_order_operate.html?command=get_materiel&rest_code=00101&code=00101019315&supplier_code=00100129&order_time=2023-04-21 HTTP/1.1" 200 475
116.238.139.35 - - [21/Apr/2023:10:49:18 +0800] "GET /xingrg/all/function/internal_message.html?_=1682045358177&CODE_STATE=getMsg HTTP/1.1" 200 27
120.253.135.82 - - [21/Apr/2023:10:49:19 +0800] "POST /xingrg/all/common/load_select.html HTTP/1.1" 200 25
116.224.106.218 - - [21/Apr/2023:10:49:20 +0800] "GET /xingrg/check_reg.html?_=1682045359022 HTTP/1.1" 200 22
116.224.106.218 - - [21/Apr/2023:10:49:20 +0800] "GET /xingrg/all/function/internal_message.html?_=1682045359024&CODE_STATE=getMsg HTTP/1.1" 200 27
114.85.98.23 - - [21/Apr/2023:10:49:21 +0800] "GET /xingrg/kc/base/wldb_order_operate.html?command=get_materiel&rest_code=00102&base_code=0010476&code=00101027001 HTTP/1.1" 200 471
120.253.135.82 - - [21/Apr/2023:10:49:24 +0800] "GET /xingrg/kc/buy/cgsh_order_operate.html?command=get_materiel_price&rest_code=00101&code=00101019315&unit_code=00100157&supplier_code=00100129&order_time=2023-04-21 HTTP/1.1" 200 29
180.164.3.199 - - [21/Apr/2023:10:49:28 +0800] "GET /xingrg/all/function/internal_message.html?_=1682045368253&CODE_STATE=getMsg HTTP/1.1" 200 27
180.163.30.85 - - [21/Apr/2023:10:49:29 +0800] "GET /xingrg/all/function/internal_message.html?_=1682045312249&CODE_STATE=getMsg HTTP/1.1" 302 -
180.163.30.85 - - [21/Apr/2023:10:49:29 +0800] "GET /xingrg/login.html HTTP/1.1" 200 7641
114.85.98.23 - - [21/Apr/2023:10:49:30 +0800] "GET /xingrg/kc/base/wldb_order_operate.html?command=get_materiel&rest_code=00102&base_code=0010476&code=00101016046 HTTP/1.1" 200 457
114.85.98.23 - - [21/Apr/2023:10:49:35 +0800] "GET /xingrg/kc/base/wldb_order_operate.html?command=get_materiel&rest_code=00102&base_code=0010476&code=00101013076 HTTP/1.1" 200 442
114.84.144.20 - - [21/Apr/2023:10:49:36 +0800] "GET /xingrg/all/function/internal_message.html?_=1682045376400&CODE_STATE=getMsg HTTP/1.1" 200 27
116.227.208.255 - - [21/Apr/2023:10:49:38 +0800] "GET /xingrg/all/function/internal_message.html?_=1682045451330&CODE_STATE=getMsg HTTP/1.1" 200 27
114.85.98.23 - - [21/Apr/2023:10:49:39 +0800] "GET /xingrg/kc/base/wldb_order_operate.html?command=get_materiel&rest_code=00102&base_code=0010476&code=00101016044 HTTP/1.1" 200 466
61.170.233.130 - - [21/Apr/2023:10:49:41 +0800] "GET /xingrg/all/function/internal_message.html?_=1682045372227&CODE_STATE=getMsg HTTP/1.1" 200 27
114.85.98.23 - - [21/Apr/2023:10:49:45 +0800] "GET /xingrg/kc/base/wldb_order_operate.html?command=get_materiel&rest_code=00102&base_code=0010476&code=00101016019 HTTP/1.1" 200 451
124.79.74.67 - - [21/Apr/2023:10:49:46 +0800] "GET /xingrg/all/function/internal_message.html?_=1682045389984&CODE_STATE=getMsg HTTP/1.1" 200 27
120.253.135.82 - - [21/Apr/2023:10:49:46 +0800] "GET /xingrg/kc/buy/cgsh_order_operate.html?command=get_materiel&rest_code=00101&code=00101019161&supplier_code=00100129&order_time=2023-04-21 HTTP/1.1" 200 433
120.253.135.82 - - [21/Apr/2023:10:49:46 +0800] "GET /xingrg/all/function/internal_message.html?_=1682045224517&CODE_STATE=getMsg HTTP/1.1" 200 27
116.224.158.100 - - [21/Apr/2023:10:49:47 +0800] "GET /xingrg/all/function/internal_message.html?_=1682045228254&CODE_STATE=getMsg HTTP/1.1" 200 27
116.238.139.35 - - [21/Apr/2023:10:49:48 +0800] "GET /xingrg/all/function/internal_message.html?_=1682045326460&CODE_STATE=getMsg HTTP/1.1" 200 27
116.230.112.155 - - [21/Apr/2023:10:49:50 +0800] "GET /xingrg/all/function/internal_message.html?_=1682045408701&CODE_STATE=getMsg HTTP/1.1" 200 27
114.85.98.23 - - [21/Apr/2023:10:49:54 +0800] "POST /xingrg/kc/base/wldb_order_operate.html HTTP/1.1" 200 37
58.221.95.50 - - [21/Apr/2023:10:49:54 +0800] "GET /xingrg/all/function/internal_message.html?_=1682045395414&CODE_STATE=getMsg HTTP/1.1" 200 27
114.85.98.23 - - [21/Apr/2023:10:49:55 +0800] "POST /xingrg/kc/base/wldb_order_operate.html HTTP/1.1" 200 8664
116.227.208.255 - - [21/Apr/2023:10:49:57 +0800] "GET /xingrg/all/function/internal_message.html?_=1682045397098&CODE_STATE=getMsg HTTP/1.1" 200 27
120.253.135.82 - - [21/Apr/2023:10:50:00 +0800] "POST /xingrg/kc/buy/cgsh_order_operate.html HTTP/1.1" 200 37
180.171.122.0 - - [21/Apr/2023:10:50:00 +0800] "GET /xingrg/all/function/internal_message.html?_=1682045396667&CODE_STATE=getMsg HTTP/1.1" 200 27
114.85.98.23 - - [21/Apr/2023:10:50:02 +0800] "GET /xingrg/kc/base/wldb_order_info.html?code=422023042101660 HTTP/1.1" 200 30392
114.85.98.23 - - [21/Apr/2023:10:50:02 +0800] "GET /xingrg/javascript/easyui/themes/default/validatebox.css HTTP/1.1" 404 1104
114.85.98.23 - - [21/Apr/2023:10:50:02 +0800] "POST /xingrg/kc/base/wldb_order_operate.html HTTP/1.1" 200 8664
180.163.29.212 - - [21/Apr/2023:10:50:04 +0800] "GET /xingrg/check_reg.html?_=1682045346967 HTTP/1.1" 302 -
180.163.29.212 - - [21/Apr/2023:10:50:04 +0800] "GET /xingrg/login.html HTTP/1.1" 200 7641
120.253.135.82 - - [21/Apr/2023:10:50:05 +0800] "POST /xingrg/kc/buy/cgsh_order_operate.html HTTP/1.1" 200 3301
114.85.98.23 - - [21/Apr/2023:10:50:07 +0800] "GET /xingrg/all/function/internal_message.html?_=1682045406817&CODE_STATE=getMsg HTTP/1.1" 200 27
116.230.112.155 - - [21/Apr/2023:10:50:07 +0800] "GET /xingrg/all/function/internal_message.html?_=1682045408080&CODE_STATE=getMsg HTTP/1.1" 200 27
116.230.112.155 - - [21/Apr/2023:10:50:07 +0800] "GET /xingrg/check_reg.html?_=1682045408083 HTTP/1.1" 200 22
120.253.135.82 - - [21/Apr/2023:10:50:08 +0800] "GET /xingrg/kc/print/load_config.html?kc_code=cgsh HTTP/1.1" 200 1925
120.253.135.82 - - [21/Apr/2023:10:50:09 +0800] "GET /xingrg/kc/print/load_data.html?order_code=212023042107142&kc_code=cgsh&condition= HTTP/1.1" 200 986
180.169.147.146 - - [21/Apr/2023:10:50:09 +0800] "GET /xingrg/all/function/internal_message.html?_=1682045406237&CODE_STATE=getMsg HTTP/1.1" 200 27
114.83.222.182 - - [21/Apr/2023:10:50:10 +0800] "GET /xingrg/all/function/internal_message.html?_=1682045500013&CODE_STATE=getMsg HTTP/1.1" 200 27
180.169.147.146 - - [21/Apr/2023:10:50:15 +0800] "GET /xingrg/all/function/internal_message.html?_=1682045415060&CODE_STATE=getMsg HTTP/1.1" 200 27
116.238.139.35 - - [21/Apr/2023:10:50:18 +0800] "GET /xingrg/all/function/internal_message.html?_=1682045418177&CODE_STATE=getMsg HTTP/1.1" 200 27
116.238.139.35 - - [21/Apr/2023:10:50:18 +0800] "GET /xingrg/check_reg.html?_=1682045418181 HTTP/1.1" 200 22
180.169.147.146 - - [21/Apr/2023:10:50:19 +0800] "POST /xingrg/kc/buy/cgsh_list_operate.html HTTP/1.1" 200 4
116.224.106.218 - - [21/Apr/2023:10:50:20 +0800] "GET /xingrg/all/function/internal_message.html?_=1682045419008&CODE_STATE=getMsg HTTP/1.1" 200 27
114.85.98.23 - - [21/Apr/2023:10:50:23 +0800] "GET /xingrg/kc/base/wldb_order_operate.html?command=get_materiel&rest_code=00102&base_code=0010476&code=00101019063 HTTP/1.1" 200 461
180.164.3.199 - - [21/Apr/2023:10:50:25 +0800] "GET /xingrg/kc/mdqp/pssh_order_list.html HTTP/1.1" 200 17928
180.164.3.199 - - [21/Apr/2023:10:50:25 +0800] "POST /xingrg/kc/mdqp/pssh_list_operate.html HTTP/1.1" 200 5414
120.253.135.82 - - [21/Apr/2023:10:50:26 +0800] "GET /xingrg/kc/buy/cgsh_order_list.html HTTP/1.1" 200 55050
180.164.3.199 - - [21/Apr/2023:10:50:27 +0800] "POST /xingrg/kc/mdqp/pssh_list_operate.html HTTP/1.1" 200 752
116.238.139.35 - - [21/Apr/2023:10:50:27 +0800] "GET /xingrg/kc/base/yddb_order_list.html HTTP/1.1" 200 16708
116.238.139.35 - - [21/Apr/2023:10:50:27 +0800] "POST /xingrg/kc/base/yddb_list_operate.html HTTP/1.1" 200 636
180.164.3.199 - - [21/Apr/2023:10:50:28 +0800] "GET /xingrg/all/function/internal_message.html?_=1682045428232&CODE_STATE=getMsg HTTP/1.1" 200 27
61.170.233.130 - - [21/Apr/2023:10:50:29 +0800] "GET /xingrg/all/function/internal_message.html?_=1682045432212&CODE_STATE=getMsg HTTP/1.1" 200 27
120.253.135.82 - - [21/Apr/2023:10:50:29 +0800] "POST /xingrg/kc/buy/cgsh_list_operate.html HTTP/1.1" 200 1860
180.164.3.199 - - [21/Apr/2023:10:50:29 +0800] "GET /xingrg/kc/mdqp/pssh_order_info.html?code=312023041100232 HTTP/1.1" 200 17276
116.238.139.35 - - [21/Apr/2023:10:50:29 +0800] "GET /xingrg/kc/base/yddb_order_add.html HTTP/1.1" 200 29953
116.238.139.35 - - [21/Apr/2023:10:50:29 +0800] "GET /xingrg/dwr/interface/AjaxComOrderService.js HTTP/1.1" 200 18264
180.164.3.199 - - [21/Apr/2023:10:50:29 +0800] "GET /xingrg/javascript/jquery_tools/jquery-1.4.2.min.js HTTP/1.1" 404 1094
116.238.139.35 - - [21/Apr/2023:10:50:29 +0800] "GET /xingrg/dwr/interface/AjaxYddbService.js HTTP/1.1" 200 13201
116.238.139.35 - - [21/Apr/2023:10:50:29 +0800] "GET /xingrg/dwr/util.js HTTP/1.1" 304 -
116.238.139.35 - - [21/Apr/2023:10:50:29 +0800] "GET /xingrg/dwr/engine.js HTTP/1.1" 200 43631
180.164.3.199 - - [21/Apr/2023:10:50:29 +0800] "GET /xingrg/javascript/easyui/themes/default/validatebox.css HTTP/1.1" 404 1104
180.164.3.199 - - [21/Apr/2023:10:50:29 +0800] "GET /xingrg/all/common/auto_word.html?type=base&rest_code=00108&rest_code=00108 HTTP/1.1" 200 1907
180.164.3.199 - - [21/Apr/2023:10:50:29 +0800] "POST /xingrg/kc/mdqp/pssh_order_operate.html HTTP/1.1" 200 6646
116.238.139.35 - - [21/Apr/2023:10:50:31 +0800] "POST /xingrg/dwr/call/plaincall/AjaxYddbService.getRestBases.dwr HTTP/1.1" 200 1649
180.164.3.199 - - [21/Apr/2023:10:50:32 +0800] "POST /xingrg/all/common/load_combo.html?type=base&rest_code=00108 HTTP/1.1" 200 3409
114.85.98.23 - - [21/Apr/2023:10:50:34 +0800] "GET /xingrg/kc/base/wldb_order_operate.html?command=get_materiel&rest_code=00102&base_code=0010476&code=00101019027 HTTP/1.1" 200 475
114.84.144.20 - - [21/Apr/2023:10:50:36 +0800] "GET /xingrg/all/function/internal_message.html?_=1682045436393&CODE_STATE=getMsg HTTP/1.1" 200 27
116.238.139.35 - - [21/Apr/2023:10:50:38 +0800] "POST /xingrg/dwr/call/plaincall/AjaxYddbService.saveOrder.dwr HTTP/1.1" 200 78
116.227.208.255 - - [21/Apr/2023:10:50:38 +0800] "GET /xingrg/all/function/internal_message.html?_=1682045511319&CODE_STATE=getMsg HTTP/1.1" 200 27
116.238.139.35 - - [21/Apr/2023:10:50:39 +0800] "GET /xingrg/images/yd/bt.gif HTTP/1.1" 404 1040
180.163.30.85 - - [21/Apr/2023:10:50:41 +0800] "GET /xingrg/all/function/internal_message.html?_=1682045372227&CODE_STATE=getMsg HTTP/1.1" 302 -
180.164.3.199 - - [21/Apr/2023:10:50:41 +0800] "POST /xingrg/all/common/load_combo.html?type=employee HTTP/1.1" 200 186
180.163.30.85 - - [21/Apr/2023:10:50:41 +0800] "GET /xingrg/login.html HTTP/1.1" 200 7641
116.238.139.35 - - [21/Apr/2023:10:50:41 +0800] "POST /xingrg/dwr/call/plaincall/AjaxComOrderService.getMaterielSearchList.dwr HTTP/1.1" 200 49149
116.238.139.35 - - [21/Apr/2023:10:50:42 +0800] "POST /xingrg/dwr/call/plaincall/AjaxComOrderService.getMaterielSearchList.dwr HTTP/1.1" 200 1961
114.85.98.23 - - [21/Apr/2023:10:50:42 +0800] "POST /xingrg/kc/base/wldb_order_operate.html HTTP/1.1" 200 37
180.169.147.146 - - [21/Apr/2023:10:50:44 +0800] "POST /xingrg/kc/buy/cgsh_list_operate.html HTTP/1.1" 200 3173
116.238.139.35 - - [21/Apr/2023:10:50:45 +0800] "POST /xingrg/dwr/call/plaincall/AjaxYddbService.getMaterielByMap.dwr HTTP/1.1" 200 2347
124.79.74.67 - - [21/Apr/2023:10:50:46 +0800] "GET /xingrg/check_reg.html?_=1682045449971 HTTP/1.1" 200 22
124.79.74.67 - - [21/Apr/2023:10:50:46 +0800] "GET /xingrg/all/function/internal_message.html?_=1682045449974&CODE_STATE=getMsg HTTP/1.1" 200 27
116.238.139.35 - - [21/Apr/2023:10:50:46 +0800] "POST /xingrg/dwr/call/plaincall/AjaxYddbService.getUnitPrice.dwr HTTP/1.1" 200 86
120.253.135.82 - - [21/Apr/2023:10:50:46 +0800] "GET /xingrg/all/function/internal_message.html?_=1682045284523&CODE_STATE=getMsg HTTP/1.1" 200 27
180.164.3.199 - - [21/Apr/2023:10:50:47 +0800] "POST /xingrg/kc/mdqp/pssh_order_operate.html HTTP/1.1" 200 37
116.224.158.100 - - [21/Apr/2023:10:50:47 +0800] "GET /xingrg/all/function/internal_message.html?_=1682045288242&CODE_STATE=getMsg HTTP/1.1" 200 27
116.238.139.35 - - [21/Apr/2023:10:50:48 +0800] "GET /xingrg/all/function/internal_message.html?_=1682045386474&CODE_STATE=getMsg HTTP/1.1" 200 27
114.85.98.23 - - [21/Apr/2023:10:50:50 +0800] "POST /xingrg/kc/base/wldb_order_operate.html HTTP/1.1" 200 12
114.85.98.23 - - [21/Apr/2023:10:50:50 +0800] "POST /xingrg/kc/base/wldb_order_operate.html HTTP/1.1" 200 9664
116.238.139.35 - - [21/Apr/2023:10:50:50 +0800] "POST /xingrg/dwr/call/plaincall/AjaxYddbService.saveMaterielItem.dwr HTTP/1.1" 200 78
116.230.112.155 - - [21/Apr/2023:10:50:50 +0800] "GET /xingrg/all/function/internal_message.html?_=1682045468713&CODE_STATE=getMsg HTTP/1.1" 200 27
180.164.3.199 - - [21/Apr/2023:10:50:53 +0800] "POST /xingrg/kc/mdqp/pssh_order_operate.html HTTP/1.1" 200 12
58.221.95.50 - - [21/Apr/2023:10:50:54 +0800] "GET /xingrg/all/function/internal_message.html?_=1682045455390&CODE_STATE=getMsg HTTP/1.1" 200 27
180.164.3.199 - - [21/Apr/2023:10:50:56 +0800] "GET /xingrg/kc/mdqp/pssh_order_info.html?code=312023041100232 HTTP/1.1" 200 14392
180.164.3.199 - - [21/Apr/2023:10:50:56 +0800] "GET /xingrg/javascript/jquery_tools/jquery-1.4.2.min.js HTTP/1.1" 404 1094
180.164.3.199 - - [21/Apr/2023:10:50:56 +0800] "GET /xingrg/javascript/easyui/themes/default/validatebox.css HTTP/1.1" 404 1104
180.164.3.199 - - [21/Apr/2023:10:50:56 +0800] "POST /xingrg/kc/mdqp/pssh_order_operate.html HTTP/1.1" 200 6646
116.227.208.255 - - [21/Apr/2023:10:50:57 +0800] "GET /xingrg/all/function/internal_message.html?_=1682045457099&CODE_STATE=getMsg HTTP/1.1" 200 27
116.227.208.255 - - [21/Apr/2023:10:50:57 +0800] "GET /xingrg/check_reg.html?_=1682045457101 HTTP/1.1" 200 22
180.164.3.199 - - [21/Apr/2023:10:50:57 +0800] "GET /xingrg/kc/mdqp/pssh_order_list.html?isBack=1 HTTP/1.1" 200 17928
180.164.3.199 - - [21/Apr/2023:10:50:58 +0800] "POST /xingrg/kc/mdqp/pssh_list_operate.html HTTP/1.1" 200 5438
180.171.122.0 - - [21/Apr/2023:10:51:00 +0800] "GET /xingrg/check_reg.html?_=1682045456667 HTTP/1.1" 200 22
180.171.122.0 - - [21/Apr/2023:10:51:00 +0800] "GET /xingrg/all/function/internal_message.html?_=1682045456670&CODE_STATE=getMsg HTTP/1.1" 200 27
114.85.98.23 - - [21/Apr/2023:10:51:05 +0800] "GET /xingrg/kc/base/wldb_order_info.html?code=422023042101660 HTTP/1.1" 200 26255
114.85.98.23 - - [21/Apr/2023:10:51:06 +0800] "GET /xingrg/javascript/easyui/themes/default/validatebox.css HTTP/1.1" 404 1104
114.85.98.23 - - [21/Apr/2023:10:51:06 +0800] "POST /xingrg/kc/base/wldb_order_operate.html HTTP/1.1" 200 7773
114.85.98.23 - - [21/Apr/2023:10:51:07 +0800] "GET /xingrg/all/function/internal_message.html?_=1682045466803&CODE_STATE=getMsg HTTP/1.1" 200 27
116.230.112.155 - - [21/Apr/2023:10:51:07 +0800] "GET /xingrg/all/function/internal_message.html?_=1682045468075&CODE_STATE=getMsg HTTP/1.1" 200 27
114.85.98.23 - - [21/Apr/2023:10:51:07 +0800] "GET /xingrg/check_reg.html?_=1682045467691 HTTP/1.1" 200 22
120.253.135.82 - - [21/Apr/2023:10:51:09 +0800] "GET /xingrg/kc/report/report_main.html HTTP/1.1" 200 8599
120.253.135.82 - - [21/Apr/2023:10:51:09 +0800] "GET /xingrg/javascript/jquery_ui/themes/humanity/humanity.css HTTP/1.1" 304 -
180.169.147.146 - - [21/Apr/2023:10:51:09 +0800] "GET /xingrg/check_reg.html?_=1682045466231 HTTP/1.1" 200 22
180.169.147.146 - - [21/Apr/2023:10:51:09 +0800] "GET /xingrg/all/function/internal_message.html?_=1682045466232&CODE_STATE=getMsg HTTP/1.1" 200 27
120.253.135.82 - - [21/Apr/2023:10:51:10 +0800] "GET /xingrg/kc/base/kc_stocks.html HTTP/1.1" 200 16506
120.253.135.82 - - [21/Apr/2023:10:51:10 +0800] "GET /xingrg/javascript/easyui/themes/sunny/easyui.css HTTP/1.1" 304 -
114.83.222.182 - - [21/Apr/2023:10:51:10 +0800] "GET /xingrg/check_reg.html?_=1682045560004 HTTP/1.1" 200 22
114.83.222.182 - - [21/Apr/2023:10:51:10 +0800] "GET /xingrg/all/function/internal_message.html?_=1682045560006&CODE_STATE=getMsg HTTP/1.1" 200 27
120.253.135.82 - - [21/Apr/2023:10:51:10 +0800] "GET /xingrg/javascript/easyui/themes/icons/filter_new.png HTTP/1.1" 304 -
120.253.135.82 - - [21/Apr/2023:10:51:10 +0800] "GET /xingrg/javascript/easyui/themes/icons/refresh_new.png HTTP/1.1" 304 -
120.253.135.82 - - [21/Apr/2023:10:51:10 +0800] "GET /xingrg/javascript/easyui/themes/icons/print_new.png HTTP/1.1" 304 -
120.253.135.82 - - [21/Apr/2023:10:51:10 +0800] "GET /xingrg/javascript/easyui/plugins/jquery.draggable.js HTTP/1.1" 304 -
120.253.135.82 - - [21/Apr/2023:10:51:10 +0800] "GET /xingrg/javascript/easyui/plugins/jquery.droppable.js HTTP/1.1" 304 -
120.253.135.82 - - [21/Apr/2023:10:51:10 +0800] "GET /xingrg/javascript/easyui/themes/default/tree.css HTTP/1.1" 404 1090
120.253.135.82 - - [21/Apr/2023:10:51:10 +0800] "GET /xingrg/javascript/easyui/plugins/jquery.tree.js HTTP/1.1" 304 -
120.253.135.82 - - [21/Apr/2023:10:51:11 +0800] "POST /xingrg/all/common/load_tree.html?tree=materiel_sort_tree_json HTTP/1.1" 200 9500
120.253.135.82 - - [21/Apr/2023:10:51:11 +0800] "GET /xingrg/javascript/easyui/themes/sunny/images/tree_arrows.gif HTTP/1.1" 304 -
120.253.135.82 - - [21/Apr/2023:10:51:11 +0800] "GET /xingrg/javascript/easyui/themes/sunny/images/tree_folder_open.gif HTTP/1.1" 304 -
120.253.135.82 - - [21/Apr/2023:10:51:11 +0800] "GET /xingrg/javascript/easyui/themes/sunny/images/tree_file.gif HTTP/1.1" 304 -
120.253.135.82 - - [21/Apr/2023:10:51:11 +0800] "GET /xingrg/javascript/easyui/themes/sunny/images/tree_folder.gif HTTP/1.1" 304 -
120.253.135.82 - - [21/Apr/2023:10:51:12 +0800] "POST /xingrg/all/common/load_combo.html?type=base HTTP/1.1" 200 1169
180.169.147.146 - - [21/Apr/2023:10:51:15 +0800] "GET /xingrg/all/function/internal_message.html?_=1682045475063&CODE_STATE=getMsg HTTP/1.1" 200 27
180.169.147.146 - - [21/Apr/2023:10:51:17 +0800] "POST /xingrg/kc/buy/cgsh_list_operate.html HTTP/1.1" 200 4
116.238.139.35 - - [21/Apr/2023:10:51:18 +0800] "GET /xingrg/all/function/internal_message.html?_=1682045478185&CODE_STATE=getMsg HTTP/1.1" 200 27
116.224.106.218 - - [21/Apr/2023:10:51:20 +0800] "GET /xingrg/all/function/internal_message.html?_=1682045479025&CODE_STATE=getMsg HTTP/1.1" 200 27
120.253.135.82 - - [21/Apr/2023:10:51:20 +0800] "POST /xingrg/kc/base/stock_operate.html HTTP/1.1" 200 1456
120.253.135.82 - - [21/Apr/2023:10:51:20 +0800] "GET /xingrg/javascript/jquery_tools/fix_table.js HTTP/1.1" 304 -
114.85.98.23 - - [21/Apr/2023:10:51:22 +0800] "GET /xingrg/kc/base/wldb_order_add.html HTTP/1.1" 200 30377
114.85.98.23 - - [21/Apr/2023:10:51:22 +0800] "POST /xingrg/kc/base/wldb_order_operate.html HTTP/1.1" 200 6806
114.85.98.23 - - [21/Apr/2023:10:51:22 +0800] "GET /xingrg/javascript/easyui/themes/default/validatebox.css HTTP/1.1" 404 1104
114.85.98.23 - - [21/Apr/2023:10:51:23 +0800] "POST /xingrg/all/common/load_combo.html?type=base HTTP/1.1" 200 3321
180.169.147.146 - - [21/Apr/2023:10:51:23 +0800] "POST /xingrg/kc/buy/cgsh_list_operate.html HTTP/1.1" 200 986
116.230.112.155 - - [21/Apr/2023:10:51:24 +0800] "GET /xingrg/kc/buy/cgsh_order_operate.html?command=get_materiel&rest_code=00146&code=00101016105&supplier_code=00100033&order_time=2023-04-21 HTTP/1.1" 200 409
114.85.98.23 - - [21/Apr/2023:10:51:25 +0800] "POST /xingrg/all/common/load_combo.html?type=base HTTP/1.1" 200 3321
120.253.135.82 - - [21/Apr/2023:10:51:27 +0800] "POST /xingrg/kc/base/stock_operate.html HTTP/1.1" 200 1483
180.164.3.199 - - [21/Apr/2023:10:51:28 +0800] "GET /xingrg/all/function/internal_message.html?_=1682045488212&CODE_STATE=getMsg HTTP/1.1" 200 27
180.169.147.146 - - [21/Apr/2023:10:51:28 +0800] "GET /xingrg/kc/buy/cgsh_order_add.html HTTP/1.1" 200 70835
180.169.147.146 - - [21/Apr/2023:10:51:28 +0800] "GET /xingrg/words/20230420144541_words.js HTTP/1.1" 200 961119
180.169.147.146 - - [21/Apr/2023:10:51:28 +0800] "POST /xingrg/kc/buy/cgsh_order_operate.html HTTP/1.1" 200 8245
180.169.147.146 - - [21/Apr/2023:10:51:28 +0800] "GET /xingrg/javascript/easyui/themes/default/validatebox.css HTTP/1.1" 404 1104
180.169.147.146 - - [21/Apr/2023:10:51:28 +0800] "GET /xingrg/all/common/auto_word.html?type=employee&rest_code=00147 HTTP/1.1" 200 101
180.169.147.146 - - [21/Apr/2023:10:51:28 +0800] "GET /xingrg/all/common/auto_word.html?type=employee&rest_code=00147 HTTP/1.1" 200 101
61.170.233.130 - - [21/Apr/2023:10:51:29 +0800] "GET /xingrg/all/function/internal_message.html?_=1682045492182&CODE_STATE=getMsg HTTP/1.1" 200 27
124.79.74.67 - - [21/Apr/2023:10:51:31 +0800] "GET /xingrg/javascript/jquery_easy_ui/themes/default/images/tabs_active.png HTTP/1.1" 200 2894
124.79.74.67 - - [21/Apr/2023:10:51:33 +0800] "POST /xingrg/dwr/call/plaincall/AjaxReportQueryService.getFixDate.dwr HTTP/1.1" 200 111
124.79.74.67 - - [21/Apr/2023:10:51:34 +0800] "POST /xingrg/dwr/call/plaincall/AjaxReportQueryService.refreshCache.dwr HTTP/1.1" 200 78
180.169.147.146 - - [21/Apr/2023:10:51:35 +0800] "GET /xingrg/javascript/auto/indicator.gif HTTP/1.1" 404 1066
114.84.144.20 - - [21/Apr/2023:10:51:36 +0800] "GET /xingrg/all/function/internal_message.html?_=1682045496406&CODE_STATE=getMsg HTTP/1.1" 200 27
180.169.147.146 - - [21/Apr/2023:10:51:36 +0800] "GET /xingrg/javascript/jquery_tools/images/prev.gif HTTP/1.1" 404 1086
180.169.147.146 - - [21/Apr/2023:10:51:36 +0800] "GET /xingrg/javascript/jquery_tools/images/next.gif HTTP/1.1" 404 1086
114.85.98.23 - - [21/Apr/2023:10:51:37 +0800] "GET /xingrg/kc/base/wldb_order_operate.html?command=get_materiel&rest_code=00102&base_code=0010476&code=00101019401 HTTP/1.1" 200 474
116.227.208.255 - - [21/Apr/2023:10:51:38 +0800] "GET /xingrg/all/function/internal_message.html?_=1682045571317&CODE_STATE=getMsg HTTP/1.1" 200 27
124.79.74.67 - - [21/Apr/2023:10:51:39 +0800] "POST /xingrg/all/report/load_report_page.html HTTP/1.1" 200 121791
124.79.74.67 - - [21/Apr/2023:10:51:39 +0800] "GET /xingrg/servlets/image?cache=0.13787609290554792&image=px HTTP/1.1" 200 807
116.230.112.155 - - [21/Apr/2023:10:51:42 +0800] "GET /xingrg/kc/buy/cgsh_order_operate.html?command=get_materiel&rest_code=00146&code=00101023022&supplier_code=00100033&order_time=2023-04-21 HTTP/1.1" 200 406
172.20.0.100 - - [21/Apr/2023:10:51:45 +0800] "GET /xingrg/check_reg.html?_=1682045517989 HTTP/1.1" 200 22
124.79.74.67 - - [21/Apr/2023:10:51:46 +0800] "GET /xingrg/all/function/internal_message.html?_=1682045509980&CODE_STATE=getMsg HTTP/1.1" 200 27
120.253.135.82 - - [21/Apr/2023:10:51:46 +0800] "GET /xingrg/all/function/internal_message.html?_=1682045344537&CODE_STATE=getMsg HTTP/1.1" 200 27
180.169.147.146 - - [21/Apr/2023:10:51:47 +0800] "GET /xingrg/kc/buy/cgsh_order_operate.html?command=get_materiel&rest_code=00147&code=00101009124&supplier_code=00100022&order_time=2023-04-20 HTTP/1.1" 200 416
116.224.158.100 - - [21/Apr/2023:10:51:47 +0800] "GET /xingrg/all/function/internal_message.html?_=1682045348221&CODE_STATE=getMsg HTTP/1.1" 200 27
114.85.98.23 - - [21/Apr/2023:10:51:47 +0800] "POST /xingrg/kc/base/wldb_order_operate.html HTTP/1.1" 200 37
116.224.158.100 - - [21/Apr/2023:10:51:48 +0800] "GET /xingrg/check_reg.html?_=1682045348741 HTTP/1.1" 200 22
116.238.139.35 - - [21/Apr/2023:10:51:48 +0800] "GET /xingrg/all/function/internal_message.html?_=1682045446491&CODE_STATE=getMsg HTTP/1.1" 200 27
116.230.112.155 - - [21/Apr/2023:10:51:50 +0800] "GET /xingrg/check_reg.html?_=1682045528464 HTTP/1.1" 200 22
116.230.112.155 - - [21/Apr/2023:10:51:50 +0800] "GET /xingrg/all/function/internal_message.html?_=1682045528725&CODE_STATE=getMsg HTTP/1.1" 200 27
114.85.98.23 - - [21/Apr/2023:10:51:53 +0800] "POST /xingrg/kc/base/wldb_order_operate.html HTTP/1.1" 200 12
114.85.98.23 - - [21/Apr/2023:10:51:53 +0800] "POST /xingrg/kc/base/wldb_order_operate.html HTTP/1.1" 200 2720
116.230.112.155 - - [21/Apr/2023:10:51:54 +0800] "GET /xingrg/kc/buy/cgsh_order_operate.html?command=get_materiel&rest_code=00146&code=00101016033&supplier_code=00100033&order_time=2023-04-21 HTTP/1.1" 200 412
58.221.95.50 - - [21/Apr/2023:10:51:54 +0800] "GET /xingrg/all/function/internal_message.html?_=1682045515367&CODE_STATE=getMsg HTTP/1.1" 200 27
114.85.98.23 - - [21/Apr/2023:10:51:54 +0800] "GET /xingrg/kc/base/wldb_order_info.html?code=422023042101661 HTTP/1.1" 200 26252
114.85.98.23 - - [21/Apr/2023:10:51:54 +0800] "GET /xingrg/javascript/easyui/themes/default/validatebox.css HTTP/1.1" 404 1104
114.85.98.23 - - [21/Apr/2023:10:51:55 +0800] "POST /xingrg/kc/base/wldb_order_operate.html HTTP/1.1" 200 1005
120.253.135.82 - - [21/Apr/2023:10:51:55 +0800] "GET /xingrg/check_reg.html?_=1682045514065 HTTP/1.1" 302 -
116.238.139.35 - - [21/Apr/2023:10:51:56 +0800] "POST /xingrg/dwr/call/plaincall/AjaxYddbService.checkOrder.dwr HTTP/1.1" 200 78
114.85.98.23 - - [21/Apr/2023:10:51:57 +0800] "GET /xingrg/kc/base/wldb_order_add.html HTTP/1.1" 200 30377
116.227.208.255 - - [21/Apr/2023:10:51:57 +0800] "GET /xingrg/all/function/internal_message.html?_=1682045517119&CODE_STATE=getMsg HTTP/1.1" 200 27
114.85.98.23 - - [21/Apr/2023:10:51:57 +0800] "POST /xingrg/kc/base/wldb_order_operate.html HTTP/1.1" 200 6806
114.85.98.23 - - [21/Apr/2023:10:51:57 +0800] "GET /xingrg/javascript/easyui/themes/default/validatebox.css HTTP/1.1" 404 1104
114.85.98.23 - - [21/Apr/2023:10:51:58 +0800] "POST /xingrg/all/common/load_combo.html?type=base HTTP/1.1" 200 3321
180.169.147.146 - - [21/Apr/2023:10:51:58 +0800] "GET /xingrg/kc/buy/cgsh_order_operate.html?command=get_materiel&rest_code=00147&code=00101009141&supplier_code=00100022&order_time=2023-04-20 HTTP/1.1" 200 413
116.238.139.35 - - [21/Apr/2023:10:51:58 +0800] "GET /xingrg/kc/base/yddb_order_info.html?code=482023042100124 HTTP/1.1" 200 31307
116.238.139.35 - - [21/Apr/2023:10:51:58 +0800] "GET /xingrg/dwr/interface/AjaxComOrderService.js HTTP/1.1" 200 18264
116.238.139.35 - - [21/Apr/2023:10:51:58 +0800] "GET /xingrg/dwr/interface/AjaxYddbService.js HTTP/1.1" 200 13201
116.238.139.35 - - [21/Apr/2023:10:51:58 +0800] "GET /xingrg/dwr/engine.js HTTP/1.1" 200 43631
116.238.139.35 - - [21/Apr/2023:10:51:59 +0800] "POST /xingrg/dwr/call/plaincall/AjaxYddbService.loadMaterielItems.dwr HTTP/1.1" 200 432
114.85.98.23 - - [21/Apr/2023:10:51:59 +0800] "POST /xingrg/all/common/load_combo.html?type=base HTTP/1.1" 200 3321
180.171.122.0 - - [21/Apr/2023:10:52:00 +0800] "GET /xingrg/all/function/internal_message.html?_=1682045516669&CODE_STATE=getMsg HTTP/1.1" 200 27
114.85.98.23 - - [21/Apr/2023:10:52:06 +0800] "GET /xingrg/all/function/internal_message.html?_=1682045526786&CODE_STATE=getMsg HTTP/1.1" 200 27
116.230.112.155 - - [21/Apr/2023:10:52:07 +0800] "GET /xingrg/all/function/internal_message.html?_=1682045528077&CODE_STATE=getMsg HTTP/1.1" 200 27
116.238.139.35 - - [21/Apr/2023:10:52:08 +0800] "POST /xingrg/dwr/call/plaincall/AjaxYddbService.saveOrder.dwr HTTP/1.1" 200 78
180.169.147.146 - - [21/Apr/2023:10:52:09 +0800] "GET /xingrg/all/function/internal_message.html?_=1682045526238&CODE_STATE=getMsg HTTP/1.1" 200 27
114.83.222.182 - - [21/Apr/2023:10:52:10 +0800] "GET /xingrg/all/function/internal_message.html?_=1682045620017&CODE_STATE=getMsg HTTP/1.1" 200 27
116.238.139.35 - - [21/Apr/2023:10:52:12 +0800] "POST /xingrg/dwr/call/plaincall/AjaxYddbService.objCheckOrder.dwr HTTP/1.1" 200 78
180.169.147.146 - - [21/Apr/2023:10:52:15 +0800] "GET /xingrg/all/function/internal_message.html?_=1682045535059&CODE_STATE=getMsg HTTP/1.1" 200 27
114.85.98.23 - - [21/Apr/2023:10:52:16 +0800] "GET /xingrg/kc/base/wldb_order_operate.html?command=get_materiel&rest_code=00102&base_code=0010476&code=00101019079 HTTP/1.1" 200 479
116.238.139.35 - - [21/Apr/2023:10:52:16 +0800] "GET /xingrg/kc/base/yddb_order_info.html?code=482023042100124 HTTP/1.1" 200 31428
116.238.139.35 - - [21/Apr/2023:10:52:16 +0800] "GET /xingrg/dwr/interface/AjaxComOrderService.js HTTP/1.1" 200 18264
116.238.139.35 - - [21/Apr/2023:10:52:16 +0800] "GET /xingrg/dwr/interface/AjaxYddbService.js HTTP/1.1" 200 13201
116.238.139.35 - - [21/Apr/2023:10:52:16 +0800] "GET /xingrg/dwr/engine.js HTTP/1.1" 200 43631
116.238.139.35 - - [21/Apr/2023:10:52:17 +0800] "POST /xingrg/dwr/call/plaincall/AjaxYddbService.loadMaterielItems.dwr HTTP/1.1" 200 432
116.238.139.35 - - [21/Apr/2023:10:52:19 +0800] "GET /xingrg/kc/base/yddb_order_add.html HTTP/1.1" 200 29953
116.238.139.35 - - [21/Apr/2023:10:52:19 +0800] "GET /xingrg/dwr/interface/AjaxComOrderService.js HTTP/1.1" 200 18264
116.238.139.35 - - [21/Apr/2023:10:52:19 +0800] "GET /xingrg/dwr/interface/AjaxYddbService.js HTTP/1.1" 200 13201
116.238.139.35 - - [21/Apr/2023:10:52:19 +0800] "GET /xingrg/dwr/engine.js HTTP/1.1" 200 43631
116.224.106.218 - - [21/Apr/2023:10:52:20 +0800] "GET /xingrg/all/function/internal_message.html?_=1682045539026&CODE_STATE=getMsg HTTP/1.1" 200 27
114.85.98.23 - - [21/Apr/2023:10:52:21 +0800] "GET /xingrg/kc/base/wldb_order_operate.html?command=get_materiel&rest_code=00102&base_code=0010476&code=00101019195 HTTP/1.1" 200 472
180.169.147.146 - - [21/Apr/2023:10:52:22 +0800] "POST /xingrg/kc/buy/cgsh_order_operate.html HTTP/1.1" 200 37
116.230.112.155 - - [21/Apr/2023:10:52:22 +0800] "GET /xingrg/kc/buy/cgsh_order_operate.html?command=get_materiel&rest_code=00146&code=00101012025&supplier_code=00100033&order_time=2023-04-21 HTTP/1.1" 200 432
116.238.139.35 - - [21/Apr/2023:10:52:22 +0800] "POST /xingrg/dwr/call/plaincall/AjaxYddbService.getRestBases.dwr HTTP/1.1" 200 1649
114.85.98.23 - - [21/Apr/2023:10:52:24 +0800] "GET /xingrg/kc/base/wldb_order_operate.html?command=get_materiel&rest_code=00102&base_code=0010476&code=00101019315 HTTP/1.1" 200 475
180.169.147.146 - - [21/Apr/2023:10:52:24 +0800] "POST /xingrg/kc/buy/cgsh_order_operate.html HTTP/1.1" 200 3848
116.238.139.35 - - [21/Apr/2023:10:52:27 +0800] "POST /xingrg/dwr/call/plaincall/AjaxYddbService.saveOrder.dwr HTTP/1.1" 200 78
180.164.3.199 - - [21/Apr/2023:10:52:28 +0800] "GET /xingrg/all/function/internal_message.html?_=1682045548182&CODE_STATE=getMsg HTTP/1.1" 200 27
180.163.29.219 - - [21/Apr/2023:10:52:29 +0800] "GET /xingrg/all/function/internal_message.html?_=1682045492182&CODE_STATE=getMsg HTTP/1.1" 302 -
180.164.3.199 - - [21/Apr/2023:10:52:29 +0800] "GET /xingrg/check_reg.html?_=1682045549073 HTTP/1.1" 200 22
61.170.233.130 - - [21/Apr/2023:10:52:29 +0800] "GET /xingrg/all/function/internal_message.html?_=1682045552161&CODE_STATE=getMsg HTTP/1.1" 200 27
180.169.147.146 - - [21/Apr/2023:10:52:29 +0800] "GET /xingrg/kc/print/load_config.html?kc_code=cgsh HTTP/1.1" 200 1925
180.163.29.219 - - [21/Apr/2023:10:52:29 +0800] "GET /xingrg/login.html HTTP/1.1" 200 7641
180.169.147.146 - - [21/Apr/2023:10:52:30 +0800] "GET /xingrg/kc/print/load_data.html?order_code=212023042107143&kc_code=cgsh&condition= HTTP/1.1" 200 1168
116.238.139.35 - - [21/Apr/2023:10:52:33 +0800] "POST /xingrg/dwr/call/plaincall/AjaxComOrderService.getMaterielSearchList.dwr HTTP/1.1" 200 8751
116.238.139.35 - - [21/Apr/2023:10:52:34 +0800] "POST /xingrg/dwr/call/plaincall/AjaxComOrderService.getMaterielSearchList.dwr HTTP/1.1" 200 698
114.84.144.20 - - [21/Apr/2023:10:52:36 +0800] "GET /xingrg/all/function/internal_message.html?_=1682045556406&CODE_STATE=getMsg HTTP/1.1" 200 27
114.85.98.23 - - [21/Apr/2023:10:52:37 +0800] "POST /xingrg/kc/base/wldb_order_operate.html HTTP/1.1" 200 37
116.227.208.255 - - [21/Apr/2023:10:52:38 +0800] "GET /xingrg/all/function/internal_message.html?_=1682045631311&CODE_STATE=getMsg HTTP/1.1" 200 27
116.227.208.255 - - [21/Apr/2023:10:52:38 +0800] "GET /xingrg/check_reg.html?_=1682045631316 HTTP/1.1" 200 22
116.238.139.35 - - [21/Apr/2023:10:52:39 +0800] "POST /xingrg/dwr/call/plaincall/AjaxYddbService.getMaterielByMap.dwr HTTP/1.1" 200 2333
114.85.98.23 - - [21/Apr/2023:10:52:43 +0800] "POST /xingrg/kc/base/wldb_order_operate.html HTTP/1.1" 200 12
114.85.98.23 - - [21/Apr/2023:10:52:43 +0800] "POST /xingrg/kc/base/wldb_order_operate.html HTTP/1.1" 200 4242
114.85.98.23 - - [21/Apr/2023:10:52:44 +0800] "GET /xingrg/kc/base/wldb_order_info.html?code=422023042101662 HTTP/1.1" 200 26254
114.85.98.23 - - [21/Apr/2023:10:52:44 +0800] "GET /xingrg/javascript/easyui/themes/default/validatebox.css HTTP/1.1" 404 1104
114.85.98.23 - - [21/Apr/2023:10:52:44 +0800] "POST /xingrg/kc/base/wldb_order_operate.html HTTP/1.1" 200 2493
124.79.74.67 - - [21/Apr/2023:10:52:46 +0800] "GET /xingrg/all/function/internal_message.html?_=1682045569977&CODE_STATE=getMsg HTTP/1.1" 200 27
120.253.135.82 - - [21/Apr/2023:10:52:46 +0800] "GET /xingrg/check_reg.html?_=1682045404164 HTTP/1.1" 200 22
114.85.98.23 - - [21/Apr/2023:10:52:46 +0800] "GET /xingrg/kc/base/wldb_order_add.html HTTP/1.1" 200 30377
120.253.135.82 - - [21/Apr/2023:10:52:46 +0800] "GET /xingrg/all/function/internal_message.html?_=1682045404551&CODE_STATE=getMsg HTTP/1.1" 200 27
114.85.98.23 - - [21/Apr/2023:10:52:47 +0800] "POST /xingrg/kc/base/wldb_order_operate.html HTTP/1.1" 200 6806
114.85.98.23 - - [21/Apr/2023:10:52:47 +0800] "GET /xingrg/javascript/easyui/themes/default/validatebox.css HTTP/1.1" 404 1104
116.224.158.100 - - [21/Apr/2023:10:52:47 +0800] "GET /xingrg/all/function/internal_message.html?_=1682045408196&CODE_STATE=getMsg HTTP/1.1" 200 27
114.85.98.23 - - [21/Apr/2023:10:52:47 +0800] "POST /xingrg/all/common/load_combo.html?type=base HTTP/1.1" 200 3321
120.253.135.82 - - [21/Apr/2023:10:52:49 +0800] "GET /xingrg/kc/buy/cgsh_order_list.html HTTP/1.1" 200 55050
114.85.98.23 - - [21/Apr/2023:10:52:50 +0800] "POST /xingrg/all/common/load_combo.html?type=base HTTP/1.1" 200 3321
