116.238.139.35 - - [20/Apr/2023:07:01:07 +0800] "GET /xingrg/all/function/internal_message.html?_=1681945267393&CODE_STATE=getMsg HTTP/1.1" 200 27
120.253.135.82 - - [20/Apr/2023:07:01:12 +0800] "GET /xingrg/all/function/internal_message.html?_=1681945111024&CODE_STATE=getMsg HTTP/1.1" 200 27
120.253.135.82 - - [20/Apr/2023:07:01:16 +0800] "GET /xingrg/all/function/internal_message.html?_=1681945409521&CODE_STATE=getMsg HTTP/1.1" 200 27
116.224.106.218 - - [20/Apr/2023:07:01:18 +0800] "GET /xingrg/all/function/internal_message.html?_=1681945276888&CODE_STATE=getMsg HTTP/1.1" 200 27
58.221.95.50 - - [20/Apr/2023:07:01:24 +0800] "GET /xingrg/all/function/internal_message.html?_=1681945284332&CODE_STATE=getMsg HTTP/1.1" 200 27
180.164.3.199 - - [20/Apr/2023:07:01:45 +0800] "GET /xingrg/all/function/internal_message.html?_=1681945304162&CODE_STATE=getMsg HTTP/1.1" 200 27
116.227.208.255 - - [20/Apr/2023:07:02:01 +0800] "GET /xingrg/all/function/internal_message.html?_=1681945396476&CODE_STATE=getMsg HTTP/1.1" 200 27
116.238.139.35 - - [20/Apr/2023:07:02:07 +0800] "GET /xingrg/all/function/internal_message.html?_=1681945327392&CODE_STATE=getMsg HTTP/1.1" 200 27
120.253.135.82 - - [20/Apr/2023:07:02:12 +0800] "GET /xingrg/all/function/internal_message.html?_=1681945171210&CODE_STATE=getMsg HTTP/1.1" 200 27
120.253.135.82 - - [20/Apr/2023:07:02:16 +0800] "GET /xingrg/all/function/internal_message.html?_=1681945469518&CODE_STATE=getMsg HTTP/1.1" 200 27
116.224.106.218 - - [20/Apr/2023:07:02:18 +0800] "GET /xingrg/all/function/internal_message.html?_=1681945336888&CODE_STATE=getMsg HTTP/1.1" 200 27
58.221.95.50 - - [20/Apr/2023:07:02:24 +0800] "GET /xingrg/all/function/internal_message.html?_=1681945344304&CODE_STATE=getMsg HTTP/1.1" 200 27
180.164.3.199 - - [20/Apr/2023:07:02:45 +0800] "GET /xingrg/all/function/internal_message.html?_=1681945364148&CODE_STATE=getMsg HTTP/1.1" 200 27
120.253.135.82 - - [20/Apr/2023:07:02:51 +0800] "GET /xingrg/check_reg.html?_=1681945209757 HTTP/1.1" 200 22
116.227.208.255 - - [20/Apr/2023:07:03:01 +0800] "GET /xingrg/all/function/internal_message.html?_=1681945456451&CODE_STATE=getMsg HTTP/1.1" 200 27
116.238.139.35 - - [20/Apr/2023:07:03:07 +0800] "GET /xingrg/all/function/internal_message.html?_=1681945387381&CODE_STATE=getMsg HTTP/1.1" 200 27
120.253.135.82 - - [20/Apr/2023:07:03:12 +0800] "GET /xingrg/all/function/internal_message.html?_=1681945231222&CODE_STATE=getMsg HTTP/1.1" 200 27
116.227.208.255 - - [20/Apr/2023:07:03:15 +0800] "GET /xingrg/check_reg.html?_=1681945470162 HTTP/1.1" 200 22
120.253.135.82 - - [20/Apr/2023:07:03:16 +0800] "GET /xingrg/all/function/internal_message.html?_=1681945529523&CODE_STATE=getMsg HTTP/1.1" 200 27
120.253.135.82 - - [20/Apr/2023:07:03:16 +0800] "GET /xingrg/check_reg.html?_=1681945529528 HTTP/1.1" 200 22
116.224.106.218 - - [20/Apr/2023:07:03:18 +0800] "GET /xingrg/all/function/internal_message.html?_=1681945396887&CODE_STATE=getMsg HTTP/1.1" 200 27
58.221.95.50 - - [20/Apr/2023:07:03:23 +0800] "GET /xingrg/all/function/internal_message.html?_=1681945404297&CODE_STATE=getMsg HTTP/1.1" 200 27
180.164.3.199 - - [20/Apr/2023:07:03:45 +0800] "GET /xingrg/all/function/internal_message.html?_=1681945424145&CODE_STATE=getMsg HTTP/1.1" 200 27
180.164.3.199 - - [20/Apr/2023:07:03:55 +0800] "GET /xingrg/check_reg.html?_=1681945435043 HTTP/1.1" 200 22
116.227.208.255 - - [20/Apr/2023:07:04:01 +0800] "GET /xingrg/all/function/internal_message.html?_=1681945516440&CODE_STATE=getMsg HTTP/1.1" 200 27
58.221.95.50 - - [20/Apr/2023:07:04:02 +0800] "GET /xingrg/check_reg.html?_=1681945442826 HTTP/1.1" 200 22
116.238.139.35 - - [20/Apr/2023:07:04:07 +0800] "GET /xingrg/all/function/internal_message.html?_=1681945447383&CODE_STATE=getMsg HTTP/1.1" 200 27
120.253.135.82 - - [20/Apr/2023:07:04:12 +0800] "GET /xingrg/all/function/internal_message.html?_=1681945291236&CODE_STATE=getMsg HTTP/1.1" 200 27
120.253.135.82 - - [20/Apr/2023:07:04:16 +0800] "GET /xingrg/all/function/internal_message.html?_=1681945589528&CODE_STATE=getMsg HTTP/1.1" 200 27
116.224.106.218 - - [20/Apr/2023:07:04:18 +0800] "GET /xingrg/all/function/internal_message.html?_=1681945456902&CODE_STATE=getMsg HTTP/1.1" 200 27
116.224.106.218 - - [20/Apr/2023:07:04:18 +0800] "GET /xingrg/check_reg.html?_=1681945456904 HTTP/1.1" 200 22
58.221.95.50 - - [20/Apr/2023:07:04:23 +0800] "GET /xingrg/all/function/internal_message.html?_=1681945464281&CODE_STATE=getMsg HTTP/1.1" 200 27
180.164.3.199 - - [20/Apr/2023:07:04:45 +0800] "GET /xingrg/all/function/internal_message.html?_=1681945484132&CODE_STATE=getMsg HTTP/1.1" 200 27
116.227.208.255 - - [20/Apr/2023:07:05:01 +0800] "GET /xingrg/all/function/internal_message.html?_=1681945576424&CODE_STATE=getMsg HTTP/1.1" 200 27
116.238.139.35 - - [20/Apr/2023:07:05:07 +0800] "GET /xingrg/all/function/internal_message.html?_=1681945507384&CODE_STATE=getMsg HTTP/1.1" 200 27
116.238.139.35 - - [20/Apr/2023:07:05:07 +0800] "GET /xingrg/check_reg.html?_=1681945507388 HTTP/1.1" 200 22
120.253.135.82 - - [20/Apr/2023:07:05:13 +0800] "GET /xingrg/all/function/internal_message.html?_=1681945351429&CODE_STATE=getMsg HTTP/1.1" 200 27
120.253.135.82 - - [20/Apr/2023:07:05:16 +0800] "GET /xingrg/all/function/internal_message.html?_=1681945649539&CODE_STATE=getMsg HTTP/1.1" 200 27
116.224.106.218 - - [20/Apr/2023:07:05:18 +0800] "GET /xingrg/all/function/internal_message.html?_=1681945516894&CODE_STATE=getMsg HTTP/1.1" 200 27
58.221.95.50 - - [20/Apr/2023:07:05:23 +0800] "GET /xingrg/all/function/internal_message.html?_=1681945524273&CODE_STATE=getMsg HTTP/1.1" 200 27
180.164.3.199 - - [20/Apr/2023:07:05:45 +0800] "GET /xingrg/all/function/internal_message.html?_=1681945544114&CODE_STATE=getMsg HTTP/1.1" 200 27
120.253.135.82 - - [20/Apr/2023:07:05:50 +0800] "GET /xingrg/kc/buy/cgsh_order_list.html HTTP/1.1" 200 54945
120.253.135.82 - - [20/Apr/2023:07:05:55 +0800] "POST /xingrg/kc/buy/cgsh_list_operate.html HTTP/1.1" 200 2265
120.253.135.82 - - [20/Apr/2023:07:05:59 +0800] "POST /xingrg/kc/buy/cgsh_list_operate.html HTTP/1.1" 200 211
120.253.135.82 - - [20/Apr/2023:07:06:01 +0800] "GET /xingrg/kc/buy/cgsh_order_info.html?code=212023042006741 HTTP/1.1" 200 69804
116.227.208.255 - - [20/Apr/2023:07:06:01 +0800] "GET /xingrg/all/function/internal_message.html?_=1681945636396&CODE_STATE=getMsg HTTP/1.1" 200 27
120.253.135.82 - - [20/Apr/2023:07:06:01 +0800] "GET /xingrg/javascript/easyui/themes/default/validatebox.css HTTP/1.1" 404 1104
120.253.135.82 - - [20/Apr/2023:07:06:02 +0800] "POST /xingrg/kc/buy/cgsh_order_operate.html HTTP/1.1" 200 2692
120.253.135.82 - - [20/Apr/2023:07:06:03 +0800] "GET /xingrg/kc/print/load_config.html?kc_code=cgsh HTTP/1.1" 200 1925
120.253.135.82 - - [20/Apr/2023:07:06:04 +0800] "GET /xingrg/kc/print/load_data.html?order_code=212023042006741&kc_code=cgsh&condition= HTTP/1.1" 200 702
116.238.139.35 - - [20/Apr/2023:07:06:07 +0800] "GET /xingrg/all/function/internal_message.html?_=1681945567390&CODE_STATE=getMsg HTTP/1.1" 200 27
120.253.135.82 - - [20/Apr/2023:07:06:13 +0800] "GET /xingrg/all/function/internal_message.html?_=1681945411435&CODE_STATE=getMsg HTTP/1.1" 200 27
120.253.135.82 - - [20/Apr/2023:07:06:16 +0800] "GET /xingrg/all/function/internal_message.html?_=1681945709538&CODE_STATE=getMsg HTTP/1.1" 200 27
116.224.106.218 - - [20/Apr/2023:07:06:18 +0800] "GET /xingrg/all/function/internal_message.html?_=1681945576893&CODE_STATE=getMsg HTTP/1.1" 200 27
58.221.95.50 - - [20/Apr/2023:07:06:23 +0800] "GET /xingrg/all/function/internal_message.html?_=1681945584271&CODE_STATE=getMsg HTTP/1.1" 200 27
222.70.244.216 - - [20/Apr/2023:07:06:34 +0800] "GET /xingrg/check_reg.html?_=1681945607294 HTTP/1.1" 200 22
180.164.3.199 - - [20/Apr/2023:07:06:45 +0800] "GET /xingrg/all/function/internal_message.html?_=1681945604112&CODE_STATE=getMsg HTTP/1.1" 200 27
116.227.208.255 - - [20/Apr/2023:07:07:01 +0800] "GET /xingrg/all/function/internal_message.html?_=1681945696383&CODE_STATE=getMsg HTTP/1.1" 200 27
116.238.139.35 - - [20/Apr/2023:07:07:07 +0800] "GET /xingrg/all/function/internal_message.html?_=1681945627393&CODE_STATE=getMsg HTTP/1.1" 200 27
120.253.135.82 - - [20/Apr/2023:07:07:13 +0800] "GET /xingrg/all/function/internal_message.html?_=1681945471629&CODE_STATE=getMsg HTTP/1.1" 200 27
120.253.135.82 - - [20/Apr/2023:07:07:16 +0800] "GET /xingrg/all/function/internal_message.html?_=1681945769543&CODE_STATE=getMsg HTTP/1.1" 200 27
116.224.106.218 - - [20/Apr/2023:07:07:18 +0800] "GET /xingrg/all/function/internal_message.html?_=1681945636907&CODE_STATE=getMsg HTTP/1.1" 200 27
120.253.135.82 - - [20/Apr/2023:07:07:18 +0800] "GET /xingrg/kc/report/report_main.html HTTP/1.1" 200 8599
120.253.135.82 - - [20/Apr/2023:07:07:19 +0800] "GET /xingrg/kc/base/kc_stocks.html HTTP/1.1" 200 16506
120.253.135.82 - - [20/Apr/2023:07:07:19 +0800] "GET /xingrg/javascript/easyui/themes/default/tree.css HTTP/1.1" 404 1090
120.253.135.82 - - [20/Apr/2023:07:07:20 +0800] "POST /xingrg/all/common/load_tree.html?tree=materiel_sort_tree_json HTTP/1.1" 200 9500
120.253.135.82 - - [20/Apr/2023:07:07:21 +0800] "POST /xingrg/all/common/load_combo.html?type=base HTTP/1.1" 200 1169
120.253.135.82 - - [20/Apr/2023:07:07:22 +0800] "POST /xingrg/kc/buy/cgsh_list_operate.html HTTP/1.1" 200 2265
58.221.95.50 - - [20/Apr/2023:07:07:23 +0800] "GET /xingrg/all/function/internal_message.html?_=1681945644243&CODE_STATE=getMsg HTTP/1.1" 200 27
120.253.135.82 - - [20/Apr/2023:07:07:30 +0800] "POST /xingrg/kc/base/stock_operate.html HTTP/1.1" 200 1478
180.164.3.199 - - [20/Apr/2023:07:07:45 +0800] "GET /xingrg/all/function/internal_message.html?_=1681945664112&CODE_STATE=getMsg HTTP/1.1" 200 27
222.70.244.216 - - [20/Apr/2023:07:07:46 +0800] "GET /xingrg/login.html HTTP/1.1" 200 7641
222.70.244.216 - - [20/Apr/2023:07:07:46 +0800] "GET /favicon.ico HTTP/1.1" 404 -
222.70.244.216 - - [20/Apr/2023:07:07:48 +0800] "POST /xingrg/login.do HTTP/1.1" 302 -
222.70.244.216 - - [20/Apr/2023:07:07:48 +0800] "GET /xingrg/index.html?sysBaseUrl=http%3A%2F%2F180.169.147.146%3A18081%2Fxingrg%2F&costTime=805×tamp=1681945668890 HTTP/1.1" 200 17179
222.70.244.216 - - [20/Apr/2023:07:07:48 +0800] "GET /xingrg/javascript/jquery_easy_ui/themes/default/easyui.css HTTP/1.1" 304 -
222.70.244.216 - - [20/Apr/2023:07:07:48 +0800] "GET /xingrg/javascript/jquery_easy_ui/jquery.easyui.min.js HTTP/1.1" 304 -
222.70.244.216 - - [20/Apr/2023:07:07:48 +0800] "GET /xingrg/css/form.css HTTP/1.1" 304 -
222.70.244.216 - - [20/Apr/2023:07:07:48 +0800] "GET /xingrg/javascript/jquery_easy_ui/themes/icon.css HTTP/1.1" 304 -
222.70.244.216 - - [20/Apr/2023:07:07:48 +0800] "GET /xingrg/javascript/jquery-1.4.2.min.js HTTP/1.1" 304 -
222.70.244.216 - - [20/Apr/2023:07:07:49 +0800] "GET /xingrg/javascript/jquery.form.js HTTP/1.1" 304 -
222.70.244.216 - - [20/Apr/2023:07:07:49 +0800] "GET /xingrg/javascript/jquery_easy_ui/easyui-lang-zh_CN.js HTTP/1.1" 304 -
222.70.244.216 - - [20/Apr/2023:07:07:49 +0800] "GET /xingrg/javascript/jquery.timers.js HTTP/1.1" 304 -
222.70.244.216 - - [20/Apr/2023:07:07:49 +0800] "GET /xingrg/javascript/jquery.utils.js HTTP/1.1" 304 -
222.70.244.216 - - [20/Apr/2023:07:07:49 +0800] "GET /favicon.ico HTTP/1.1" 404 -
222.70.244.216 - - [20/Apr/2023:07:07:49 +0800] "POST /xingrg/all/common/load_tree.html?tree=area_rest_tree_json&manage=1 HTTP/1.1" 200 479
222.70.244.216 - - [20/Apr/2023:07:07:49 +0800] "GET /xingrg/all/function/internal_message.html?_=1681945682311&CODE_STATE=count HTTP/1.1" 200 11
222.70.244.216 - - [20/Apr/2023:07:07:49 +0800] "GET /xingrg/check_reg.html?_=1681945682312 HTTP/1.1" 200 22
222.70.244.216 - - [20/Apr/2023:07:07:49 +0800] "POST /xingrg/load_menu.html HTTP/1.1" 200 5138
120.253.135.82 - - [20/Apr/2023:07:07:51 +0800] "GET /xingrg/check_reg.html?_=1681945509938 HTTP/1.1" 200 22
222.70.244.216 - - [20/Apr/2023:07:07:56 +0800] "GET /xingrg/kc/base/wldb_order_list.html HTTP/1.1" 200 19104
222.70.244.216 - - [20/Apr/2023:07:07:56 +0800] "GET /xingrg/css/base.css HTTP/1.1" 304 -
222.70.244.216 - - [20/Apr/2023:07:07:56 +0800] "GET /xingrg/css/site.css HTTP/1.1" 304 -
222.70.244.216 - - [20/Apr/2023:07:07:56 +0800] "GET /xingrg/javascript/jquery_tools/datebox.css HTTP/1.1" 304 -
222.70.244.216 - - [20/Apr/2023:07:07:56 +0800] "GET /xingrg/javascript/easyui/themes/icon.css HTTP/1.1" 304 -
222.70.244.216 - - [20/Apr/2023:07:07:56 +0800] "GET /xingrg/javascript/easyui/themes/default/easyui.css HTTP/1.1" 304 -
222.70.244.216 - - [20/Apr/2023:07:07:56 +0800] "GET /xingrg/javascript/auto/jquery.autocomplete.css HTTP/1.1" 304 -
222.70.244.216 - - [20/Apr/2023:07:07:56 +0800] "GET /xingrg/javascript/jquery_tools/fix.css HTTP/1.1" 304 -
222.70.244.216 - - [20/Apr/2023:07:07:56 +0800] "GET /xingrg/javascript/jquery_tools/jquery.tools.hotkey.js HTTP/1.1" 304 -
222.70.244.216 - - [20/Apr/2023:07:07:56 +0800] "GET /xingrg/javascript/jquery_tools/jquery.tools.table.js HTTP/1.1" 304 -
222.70.244.216 - - [20/Apr/2023:07:07:56 +0800] "GET /xingrg/javascript/jquery_tools/list_manager.js HTTP/1.1" 304 -
222.70.244.216 - - [20/Apr/2023:07:07:56 +0800] "GET /xingrg/javascript/auto/jquery.autocomplete.js HTTP/1.1" 304 -
222.70.244.216 - - [20/Apr/2023:07:07:56 +0800] "GET /xingrg/javascript/jquery.cookie.js HTTP/1.1" 304 -
222.70.244.216 - - [20/Apr/2023:07:07:56 +0800] "GET /xingrg/javascript/jquery_tools/jquery.tools.min.js HTTP/1.1" 304 -
222.70.244.216 - - [20/Apr/2023:07:07:56 +0800] "GET /xingrg/javascript/jquery_tools/table.css HTTP/1.1" 304 -
222.70.244.216 - - [20/Apr/2023:07:07:56 +0800] "GET /xingrg/javascript/jquery_tools/jquery.tools.extend.js HTTP/1.1" 304 -
222.70.244.216 - - [20/Apr/2023:07:07:56 +0800] "GET /xingrg/javascript/easyui/easyloader.js HTTP/1.1" 304 -
222.70.244.216 - - [20/Apr/2023:07:07:56 +0800] "GET /xingrg/javascript/print/LodopFuncs.js HTTP/1.1" 304 -
222.70.244.216 - - [20/Apr/2023:07:07:56 +0800] "GET /xingrg/javascript/easyui/plugins/jquery.parser.js HTTP/1.1" 304 -
222.70.244.216 - - [20/Apr/2023:07:07:56 +0800] "POST /xingrg/kc/base/wldb_list_operate.html HTTP/1.1" 200 928
222.70.244.216 - - [20/Apr/2023:07:07:58 +0800] "GET /xingrg/kc/base/wldb_order_add.html HTTP/1.1" 200 30387
222.70.244.216 - - [20/Apr/2023:07:07:58 +0800] "GET /xingrg/javascript/pic_change.js HTTP/1.1" 304 -
222.70.244.216 - - [20/Apr/2023:07:07:58 +0800] "GET /xingrg/javascript/jquery_tools/order_manager.js HTTP/1.1" 304 -
222.70.244.216 - - [20/Apr/2023:07:07:58 +0800] "GET /xingrg/javascript/convert.js HTTP/1.1" 304 -
222.70.244.216 - - [20/Apr/2023:07:07:58 +0800] "GET /xingrg/javascript/json2.js HTTP/1.1" 304 -
222.70.244.216 - - [20/Apr/2023:07:07:58 +0800] "GET /xingrg/javascript/print/kc_print.js HTTP/1.1" 304 -
222.70.244.216 - - [20/Apr/2023:07:07:59 +0800] "GET /xingrg/words/20230416123004_words.js HTTP/1.1" 304 -
222.70.244.216 - - [20/Apr/2023:07:07:59 +0800] "POST /xingrg/kc/base/wldb_order_operate.html HTTP/1.1" 200 6806
222.70.244.216 - - [20/Apr/2023:07:07:59 +0800] "GET /xingrg/all/common/auto_word.html?type=base&rest_code=00146 HTTP/1.1" 200 1799
222.70.244.216 - - [20/Apr/2023:07:07:59 +0800] "GET /xingrg/all/common/auto_word.html?type=base&rest_code=00146 HTTP/1.1" 200 1799
222.70.244.216 - - [20/Apr/2023:07:07:59 +0800] "GET /xingrg/javascript/easyui/themes/default/validatebox.css HTTP/1.1" 404 1104
222.70.244.216 - - [20/Apr/2023:07:07:59 +0800] "GET /xingrg/javascript/easyui/plugins/jquery.validatebox.js HTTP/1.1" 304 -
222.70.244.216 - - [20/Apr/2023:07:07:59 +0800] "GET /xingrg/javascript/easyui/plugins/jquery.numberbox.js HTTP/1.1" 304 -
120.253.135.82 - - [20/Apr/2023:07:07:59 +0800] "GET /xingrg/javascript/easyui/themes/sunny/images/ui-bg_gloss-wave_70_ffdd57_500x100.png HTTP/1.1" 304 -
120.253.135.82 - - [20/Apr/2023:07:08:00 +0800] "POST /xingrg/kc/base/stock_operate.html HTTP/1.1" 200 869
116.227.208.255 - - [20/Apr/2023:07:08:01 +0800] "GET /xingrg/all/function/internal_message.html?_=1681945756366&CODE_STATE=getMsg HTTP/1.1" 200 27
222.70.244.216 - - [20/Apr/2023:07:08:03 +0800] "GET /xingrg/javascript/auto/indicator.gif HTTP/1.1" 404 1066
120.253.135.82 - - [20/Apr/2023:07:08:07 +0800] "GET /xingrg/kc/buy/cgsh_order_list.html HTTP/1.1" 200 54945
116.238.139.35 - - [20/Apr/2023:07:08:07 +0800] "GET /xingrg/all/function/internal_message.html?_=1681945687421&CODE_STATE=getMsg HTTP/1.1" 200 27
222.70.244.216 - - [20/Apr/2023:07:08:09 +0800] "GET /xingrg/javascript/jquery_tools/images/prev.gif HTTP/1.1" 404 1086
222.70.244.216 - - [20/Apr/2023:07:08:09 +0800] "GET /xingrg/javascript/jquery_tools/images/next.gif HTTP/1.1" 404 1086
120.253.135.82 - - [20/Apr/2023:07:08:12 +0800] "POST /xingrg/kc/buy/cgsh_list_operate.html HTTP/1.1" 200 2265
120.253.135.82 - - [20/Apr/2023:07:08:13 +0800] "GET /xingrg/all/function/internal_message.html?_=1681945531633&CODE_STATE=getMsg HTTP/1.1" 200 27
116.227.208.255 - - [20/Apr/2023:07:08:15 +0800] "GET /xingrg/check_reg.html?_=1681945770137 HTTP/1.1" 200 22
120.253.135.82 - - [20/Apr/2023:07:08:16 +0800] "GET /xingrg/all/function/internal_message.html?_=1681945829548&CODE_STATE=getMsg HTTP/1.1" 200 27
120.253.135.82 - - [20/Apr/2023:07:08:16 +0800] "GET /xingrg/check_reg.html?_=1681945829549 HTTP/1.1" 200 22
116.224.106.218 - - [20/Apr/2023:07:08:18 +0800] "GET /xingrg/all/function/internal_message.html?_=1681945696905&CODE_STATE=getMsg HTTP/1.1" 200 27
222.70.244.216 - - [20/Apr/2023:07:08:18 +0800] "GET /xingrg/kc/base/wldb_order_operate.html?command=get_materiel&rest_code=00146&base_code=0010063&code=00101019066 HTTP/1.1" 200 455
58.221.95.50 - - [20/Apr/2023:07:08:23 +0800] "GET /xingrg/all/function/internal_message.html?_=1681945704229&CODE_STATE=getMsg HTTP/1.1" 200 27
124.79.73.41 - - [20/Apr/2023:07:08:30 +0800] "POST /xingrg/services/DataTransmitService HTTP/1.1" 200 524
120.253.135.82 - - [20/Apr/2023:07:08:40 +0800] "POST /xingrg/kc/buy/cgsh_list_operate.html HTTP/1.1" 200 211
120.253.135.82 - - [20/Apr/2023:07:08:41 +0800] "GET /xingrg/kc/buy/cgsh_order_info.html?code=212023042006741 HTTP/1.1" 200 69804
120.253.135.82 - - [20/Apr/2023:07:08:42 +0800] "GET /xingrg/javascript/easyui/themes/default/validatebox.css HTTP/1.1" 404 1104
120.253.135.82 - - [20/Apr/2023:07:08:42 +0800] "POST /xingrg/kc/buy/cgsh_order_operate.html HTTP/1.1" 200 2692
180.164.3.199 - - [20/Apr/2023:07:08:44 +0800] "GET /xingrg/all/function/internal_message.html?_=1681945724091&CODE_STATE=getMsg HTTP/1.1" 200 27
120.253.135.82 - - [20/Apr/2023:07:08:48 +0800] "POST /xingrg/kc/buy/cgsh_order_operate.html HTTP/1.1" 200 37
222.70.244.216 - - [20/Apr/2023:07:08:49 +0800] "GET /xingrg/all/function/internal_message.html?_=1681945742457&CODE_STATE=getMsg HTTP/1.1" 200 27
222.70.244.216 - - [20/Apr/2023:07:08:52 +0800] "GET /xingrg/kc/base/wldb_order_operate.html?command=get_materiel&rest_code=00146&base_code=0010063&code=00101019313 HTTP/1.1" 200 456
180.164.3.199 - - [20/Apr/2023:07:08:55 +0800] "GET /xingrg/check_reg.html?_=1681945735022 HTTP/1.1" 200 22
120.253.135.82 - - [20/Apr/2023:07:08:57 +0800] "POST /xingrg/kc/buy/cgsh_order_operate.html HTTP/1.1" 200 12
120.253.135.82 - - [20/Apr/2023:07:09:00 +0800] "GET /xingrg/kc/buy/cgsh_order_info.html?code=212023042006741 HTTP/1.1" 200 64697
222.70.244.216 - - [20/Apr/2023:07:09:00 +0800] "GET /xingrg/kc/base/wldb_order_operate.html?command=get_materiel&rest_code=00146&base_code=0010063&code=00101019438 HTTP/1.1" 200 462
120.253.135.82 - - [20/Apr/2023:07:09:01 +0800] "GET /xingrg/javascript/easyui/themes/default/validatebox.css HTTP/1.1" 404 1104
116.227.208.255 - - [20/Apr/2023:07:09:01 +0800] "GET /xingrg/all/function/internal_message.html?_=1681945816356&CODE_STATE=getMsg HTTP/1.1" 200 27
120.253.135.82 - - [20/Apr/2023:07:09:01 +0800] "POST /xingrg/kc/buy/cgsh_order_operate.html HTTP/1.1" 200 642
58.221.95.50 - - [20/Apr/2023:07:09:02 +0800] "GET /xingrg/check_reg.html?_=1681945742826 HTTP/1.1" 200 22
120.253.135.82 - - [20/Apr/2023:07:09:07 +0800] "POST /xingrg/kc/buy/cgsh_list_operate.html HTTP/1.1" 200 432
116.238.139.35 - - [20/Apr/2023:07:09:07 +0800] "GET /xingrg/all/function/internal_message.html?_=1681945747391&CODE_STATE=getMsg HTTP/1.1" 200 27
120.253.135.82 - - [20/Apr/2023:07:09:09 +0800] "GET /xingrg/kc/buy/cgsh_order_info.html?code=212023041906663 HTTP/1.1" 200 69784
120.253.135.82 - - [20/Apr/2023:07:09:09 +0800] "GET /xingrg/javascript/easyui/themes/default/validatebox.css HTTP/1.1" 404 1104
222.70.244.216 - - [20/Apr/2023:07:09:10 +0800] "GET /xingrg/kc/base/wldb_order_operate.html?command=get_materiel&rest_code=00146&base_code=0010063&code=00101019079 HTTP/1.1" 200 479
120.253.135.82 - - [20/Apr/2023:07:09:10 +0800] "POST /xingrg/kc/buy/cgsh_order_operate.html HTTP/1.1" 200 4476
120.253.135.82 - - [20/Apr/2023:07:09:13 +0800] "GET /xingrg/all/function/internal_message.html?_=1681945591648&CODE_STATE=getMsg HTTP/1.1" 200 27
120.253.135.82 - - [20/Apr/2023:07:09:16 +0800] "GET /xingrg/all/function/internal_message.html?_=1681945889553&CODE_STATE=getMsg HTTP/1.1" 200 27
116.224.106.218 - - [20/Apr/2023:07:09:18 +0800] "GET /xingrg/all/function/internal_message.html?_=1681945756905&CODE_STATE=getMsg HTTP/1.1" 200 27
116.224.106.218 - - [20/Apr/2023:07:09:18 +0800] "GET /xingrg/check_reg.html?_=1681945756911 HTTP/1.1" 200 22
222.70.244.216 - - [20/Apr/2023:07:09:19 +0800] "GET /xingrg/kc/base/wldb_order_operate.html?command=get_materiel&rest_code=00146&base_code=0010063&code=00101019133 HTTP/1.1" 200 480
58.221.95.50 - - [20/Apr/2023:07:09:23 +0800] "GET /xingrg/all/function/internal_message.html?_=1681945764216&CODE_STATE=getMsg HTTP/1.1" 200 27
222.70.244.216 - - [20/Apr/2023:07:09:30 +0800] "GET /xingrg/kc/base/wldb_order_operate.html?command=get_materiel&rest_code=00146&base_code=0010063&code=00101019391 HTTP/1.1" 200 485
120.253.135.82 - - [20/Apr/2023:07:09:41 +0800] "POST /xingrg/kc/buy/cgsh_order_operate.html HTTP/1.1" 200 37
222.70.244.216 - - [20/Apr/2023:07:09:42 +0800] "GET /xingrg/kc/base/wldb_order_operate.html?command=get_materiel&rest_code=00146&base_code=0010063&code=00101019536 HTTP/1.1" 200 471
120.253.135.82 - - [20/Apr/2023:07:09:44 +0800] "POST /xingrg/kc/buy/cgsh_order_operate.html HTTP/1.1" 200 4476
180.164.3.199 - - [20/Apr/2023:07:09:44 +0800] "GET /xingrg/all/function/internal_message.html?_=1681945784083&CODE_STATE=getMsg HTTP/1.1" 200 27
222.70.244.216 - - [20/Apr/2023:07:09:48 +0800] "GET /xingrg/kc/base/wldb_order_operate.html?command=get_materiel&rest_code=00146&base_code=0010063&code=00101019071 HTTP/1.1" 200 471
222.70.244.216 - - [20/Apr/2023:07:09:49 +0800] "GET /xingrg/all/function/internal_message.html?_=1681945802465&CODE_STATE=getMsg HTTP/1.1" 200 27
222.70.244.216 - - [20/Apr/2023:07:09:57 +0800] "GET /xingrg/kc/base/wldb_order_operate.html?command=get_materiel&rest_code=00146&base_code=0010063&code=00101019448 HTTP/1.1" 200 483
116.227.208.255 - - [20/Apr/2023:07:10:01 +0800] "GET /xingrg/all/function/internal_message.html?_=1681945876331&CODE_STATE=getMsg HTTP/1.1" 200 27
222.70.244.216 - - [20/Apr/2023:07:10:04 +0800] "GET /xingrg/kc/base/wldb_order_operate.html?command=get_materiel&rest_code=00146&base_code=0010063&code=00101019400 HTTP/1.1" 200 464
116.238.139.35 - - [20/Apr/2023:07:10:07 +0800] "GET /xingrg/check_reg.html?_=1681945807393 HTTP/1.1" 200 22
116.238.139.35 - - [20/Apr/2023:07:10:07 +0800] "GET /xingrg/all/function/internal_message.html?_=1681945807399&CODE_STATE=getMsg HTTP/1.1" 200 27
120.253.135.82 - - [20/Apr/2023:07:10:13 +0800] "GET /xingrg/all/function/internal_message.html?_=1681945651661&CODE_STATE=getMsg HTTP/1.1" 200 27
222.70.244.216 - - [20/Apr/2023:07:10:15 +0800] "GET /xingrg/kc/base/wldb_order_operate.html?command=get_materiel&rest_code=00146&base_code=0010063&code=00101019529 HTTP/1.1" 200 475
120.253.135.82 - - [20/Apr/2023:07:10:16 +0800] "GET /xingrg/all/function/internal_message.html?_=1681945949559&CODE_STATE=getMsg HTTP/1.1" 200 27
116.224.106.218 - - [20/Apr/2023:07:10:18 +0800] "GET /xingrg/all/function/internal_message.html?_=1681945816911&CODE_STATE=getMsg HTTP/1.1" 200 27
58.221.95.50 - - [20/Apr/2023:07:10:23 +0800] "GET /xingrg/all/function/internal_message.html?_=1681945824201&CODE_STATE=getMsg HTTP/1.1" 200 27
222.70.244.216 - - [20/Apr/2023:07:10:28 +0800] "GET /xingrg/kc/base/wldb_order_operate.html?command=get_materiel&rest_code=00146&base_code=0010063&code=00101019185 HTTP/1.1" 200 469
222.70.244.216 - - [20/Apr/2023:07:10:37 +0800] "GET /xingrg/kc/base/wldb_order_operate.html?command=get_materiel&rest_code=00146&base_code=0010063&code=00101019295 HTTP/1.1" 200 477
180.164.3.199 - - [20/Apr/2023:07:10:44 +0800] "GET /xingrg/all/function/internal_message.html?_=1681945844070&CODE_STATE=getMsg HTTP/1.1" 200 27
222.70.244.216 - - [20/Apr/2023:07:10:49 +0800] "GET /xingrg/all/function/internal_message.html?_=1681945862479&CODE_STATE=getMsg HTTP/1.1" 200 27
222.70.244.216 - - [20/Apr/2023:07:10:51 +0800] "GET /xingrg/kc/base/wldb_order_operate.html?command=get_materiel&rest_code=00146&base_code=0010063&code=00101010183 HTTP/1.1" 200 434
116.227.208.255 - - [20/Apr/2023:07:11:01 +0800] "GET /xingrg/all/function/internal_message.html?_=1681945936311&CODE_STATE=getMsg HTTP/1.1" 200 27
222.70.244.216 - - [20/Apr/2023:07:11:04 +0800] "GET /xingrg/kc/base/wldb_order_operate.html?command=get_materiel&rest_code=00146&base_code=0010063&code=00101008710 HTTP/1.1" 200 444
116.238.139.35 - - [20/Apr/2023:07:11:07 +0800] "GET /xingrg/all/function/internal_message.html?_=1681945867400&CODE_STATE=getMsg HTTP/1.1" 200 27
222.70.244.216 - - [20/Apr/2023:07:11:11 +0800] "GET /xingrg/kc/base/wldb_order_operate.html?command=get_materiel&rest_code=00146&base_code=0010063&code=00101018006 HTTP/1.1" 200 443
120.253.135.82 - - [20/Apr/2023:07:11:13 +0800] "GET /xingrg/all/function/internal_message.html?_=1681945711674&CODE_STATE=getMsg HTTP/1.1" 200 27
120.253.135.82 - - [20/Apr/2023:07:11:16 +0800] "GET /xingrg/all/function/internal_message.html?_=1681946009563&CODE_STATE=getMsg HTTP/1.1" 200 27
116.224.106.218 - - [20/Apr/2023:07:11:18 +0800] "GET /xingrg/all/function/internal_message.html?_=1681945876911&CODE_STATE=getMsg HTTP/1.1" 200 27
58.221.95.50 - - [20/Apr/2023:07:11:23 +0800] "GET /xingrg/all/function/internal_message.html?_=1681945884186&CODE_STATE=getMsg HTTP/1.1" 200 27
222.70.244.216 - - [20/Apr/2023:07:11:27 +0800] "POST /xingrg/kc/base/wldb_order_operate.html HTTP/1.1" 200 37
222.70.244.216 - - [20/Apr/2023:07:11:28 +0800] "POST /xingrg/kc/base/wldb_order_operate.html HTTP/1.1" 200 9725
222.70.244.216 - - [20/Apr/2023:07:11:29 +0800] "GET /xingrg/kc/base/wldb_order_info.html?code=422023042001579 HTTP/1.1" 200 30401
120.253.135.82 - - [20/Apr/2023:07:11:29 +0800] "GET /xingrg/kc/buy/cgsh_order_operate.html?command=get_materiel&rest_code=00101&code=00101014018&supplier_code=00100379&order_time=2023-04-20 HTTP/1.1" 200 418
222.70.244.216 - - [20/Apr/2023:07:11:30 +0800] "GET /xingrg/javascript/easyui/themes/default/validatebox.css HTTP/1.1" 404 1104
222.70.244.216 - - [20/Apr/2023:07:11:30 +0800] "POST /xingrg/kc/base/wldb_order_operate.html HTTP/1.1" 200 9725
222.70.244.216 - - [20/Apr/2023:07:11:37 +0800] "POST /xingrg/kc/base/wldb_order_operate.html HTTP/1.1" 200 37
222.70.244.216 - - [20/Apr/2023:07:11:43 +0800] "POST /xingrg/kc/base/wldb_order_operate.html HTTP/1.1" 200 12
222.70.244.216 - - [20/Apr/2023:07:11:43 +0800] "POST /xingrg/kc/base/wldb_order_operate.html HTTP/1.1" 200 9724
180.164.3.199 - - [20/Apr/2023:07:11:44 +0800] "GET /xingrg/all/function/internal_message.html?_=1681945904069&CODE_STATE=getMsg HTTP/1.1" 200 27
222.70.244.216 - - [20/Apr/2023:07:11:45 +0800] "GET /xingrg/kc/base/wldb_order_info.html?code=422023042001579 HTTP/1.1" 200 26265
222.70.244.216 - - [20/Apr/2023:07:11:45 +0800] "GET /xingrg/javascript/easyui/themes/default/validatebox.css HTTP/1.1" 404 1104
222.70.244.216 - - [20/Apr/2023:07:11:45 +0800] "POST /xingrg/kc/base/wldb_order_operate.html HTTP/1.1" 200 7833
222.70.244.216 - - [20/Apr/2023:07:11:48 +0800] "GET /xingrg/kc/base/wldb_order_add.html HTTP/1.1" 200 30387
222.70.244.216 - - [20/Apr/2023:07:11:48 +0800] "POST /xingrg/kc/base/wldb_order_operate.html HTTP/1.1" 200 6806
222.70.244.216 - - [20/Apr/2023:07:11:49 +0800] "GET /xingrg/javascript/easyui/themes/default/validatebox.css HTTP/1.1" 404 1104
222.70.244.216 - - [20/Apr/2023:07:11:49 +0800] "GET /xingrg/all/function/internal_message.html?_=1681945922494&CODE_STATE=getMsg HTTP/1.1" 200 27
120.253.135.82 - - [20/Apr/2023:07:11:50 +0800] "POST /xingrg/kc/buy/cgsh_order_operate.html HTTP/1.1" 200 37
116.227.208.255 - - [20/Apr/2023:07:12:01 +0800] "GET /xingrg/all/function/internal_message.html?_=1681945996285&CODE_STATE=getMsg HTTP/1.1" 200 27
120.253.135.82 - - [20/Apr/2023:07:12:03 +0800] "POST /xingrg/kc/buy/cgsh_order_operate.html HTTP/1.1" 200 4486
116.238.139.35 - - [20/Apr/2023:07:12:07 +0800] "GET /xingrg/all/function/internal_message.html?_=1681945927399&CODE_STATE=getMsg HTTP/1.1" 200 27
222.70.244.216 - - [20/Apr/2023:07:12:08 +0800] "GET /xingrg/kc/base/wldb_order_operate.html?command=get_materiel&rest_code=00146&base_code=0010063&code=00101016094 HTTP/1.1" 200 469
120.253.135.82 - - [20/Apr/2023:07:12:12 +0800] "POST /xingrg/kc/buy/cgsh_order_operate.html HTTP/1.1" 200 37
120.253.135.82 - - [20/Apr/2023:07:12:15 +0800] "POST /xingrg/kc/buy/cgsh_order_operate.html HTTP/1.1" 200 4486
222.70.244.216 - - [20/Apr/2023:07:12:15 +0800] "GET /xingrg/kc/base/wldb_order_operate.html?command=get_materiel&rest_code=00146&base_code=0010063&code=00101019056 HTTP/1.1" 200 477
120.253.135.82 - - [20/Apr/2023:07:12:16 +0800] "GET /xingrg/all/function/internal_message.html?_=1681946069574&CODE_STATE=getMsg HTTP/1.1" 200 27
120.253.135.82 - - [20/Apr/2023:07:12:17 +0800] "GET /xingrg/all/function/internal_message.html?_=1681945775603&CODE_STATE=getMsg HTTP/1.1" 200 27
116.224.106.218 - - [20/Apr/2023:07:12:18 +0800] "GET /xingrg/all/function/internal_message.html?_=1681945936912&CODE_STATE=getMsg HTTP/1.1" 200 27
120.253.135.82 - - [20/Apr/2023:07:12:19 +0800] "GET /xingrg/kc/print/load_data.html?order_code=212023041906663&kc_code=cgsh&condition= HTTP/1.1" 200 1402
58.221.95.50 - - [20/Apr/2023:07:12:23 +0800] "GET /xingrg/all/function/internal_message.html?_=1681945944165&CODE_STATE=getMsg HTTP/1.1" 200 27
222.70.244.216 - - [20/Apr/2023:07:12:40 +0800] "GET /xingrg/kc/base/wldb_order_operate.html?command=get_materiel&rest_code=00146&base_code=0010063&code=00101019183 HTTP/1.1" 200 448
180.164.3.199 - - [20/Apr/2023:07:12:44 +0800] "GET /xingrg/all/function/internal_message.html?_=1681945964067&CODE_STATE=getMsg HTTP/1.1" 200 27
222.70.244.216 - - [20/Apr/2023:07:12:49 +0800] "GET /xingrg/check_reg.html?_=1681945982319 HTTP/1.1" 200 22
222.70.244.216 - - [20/Apr/2023:07:12:49 +0800] "GET /xingrg/all/function/internal_message.html?_=1681945982506&CODE_STATE=getMsg HTTP/1.1" 200 27
120.253.135.82 - - [20/Apr/2023:07:12:51 +0800] "GET /xingrg/check_reg.html?_=1681945810111 HTTP/1.1" 200 22
222.70.244.216 - - [20/Apr/2023:07:12:55 +0800] "GET /xingrg/kc/base/wldb_order_operate.html?command=get_materiel&rest_code=00146&base_code=0010063&code=00101013050 HTTP/1.1" 200 430
116.227.208.255 - - [20/Apr/2023:07:13:01 +0800] "GET /xingrg/all/function/internal_message.html?_=1681946056272&CODE_STATE=getMsg HTTP/1.1" 200 27
116.238.139.35 - - [20/Apr/2023:07:13:07 +0800] "GET /xingrg/all/function/internal_message.html?_=1681945987400&CODE_STATE=getMsg HTTP/1.1" 200 27
222.70.244.216 - - [20/Apr/2023:07:13:09 +0800] "GET /xingrg/kc/base/wldb_order_operate.html?command=get_materiel&rest_code=00146&base_code=0010063&code=00101013065 HTTP/1.1" 200 434
116.227.208.255 - - [20/Apr/2023:07:13:15 +0800] "GET /xingrg/check_reg.html?_=1681946070127 HTTP/1.1" 200 22
120.253.135.82 - - [20/Apr/2023:07:13:16 +0800] "GET /xingrg/all/function/internal_message.html?_=1681946129573&CODE_STATE=getMsg HTTP/1.1" 200 27
120.253.135.82 - - [20/Apr/2023:07:13:16 +0800] "GET /xingrg/check_reg.html?_=1681946129579 HTTP/1.1" 200 22
120.253.135.82 - - [20/Apr/2023:07:13:17 +0800] "GET /xingrg/all/function/internal_message.html?_=1681945835618&CODE_STATE=getMsg HTTP/1.1" 200 27
116.224.106.218 - - [20/Apr/2023:07:13:18 +0800] "GET /xingrg/all/function/internal_message.html?_=1681945996910&CODE_STATE=getMsg HTTP/1.1" 200 27
222.70.244.216 - - [20/Apr/2023:07:13:21 +0800] "GET /xingrg/kc/base/wldb_order_operate.html?command=get_materiel&rest_code=00146&base_code=0010063&code=00101013123 HTTP/1.1" 200 432
58.221.95.50 - - [20/Apr/2023:07:13:23 +0800] "GET /xingrg/all/function/internal_message.html?_=1681946004142&CODE_STATE=getMsg HTTP/1.1" 200 27
222.70.244.216 - - [20/Apr/2023:07:13:34 +0800] "GET /xingrg/kc/base/wldb_order_operate.html?command=get_materiel&rest_code=00146&base_code=0010063&code=00101013115 HTTP/1.1" 200 435
180.164.3.199 - - [20/Apr/2023:07:13:44 +0800] "GET /xingrg/all/function/internal_message.html?_=1681946024055&CODE_STATE=getMsg HTTP/1.1" 200 27
222.70.244.216 - - [20/Apr/2023:07:13:49 +0800] "GET /xingrg/all/function/internal_message.html?_=1681946042520&CODE_STATE=getMsg HTTP/1.1" 200 27
180.164.3.199 - - [20/Apr/2023:07:13:55 +0800] "GET /xingrg/check_reg.html?_=1681946035006 HTTP/1.1" 200 22
222.70.244.216 - - [20/Apr/2023:07:14:00 +0800] "POST /xingrg/kc/base/wldb_order_operate.html HTTP/1.1" 200 37
116.227.208.255 - - [20/Apr/2023:07:14:01 +0800] "GET /xingrg/all/function/internal_message.html?_=1681946116268&CODE_STATE=getMsg HTTP/1.1" 200 27
58.221.95.50 - - [20/Apr/2023:07:14:02 +0800] "GET /xingrg/check_reg.html?_=1681946042822 HTTP/1.1" 200 22
222.70.244.216 - - [20/Apr/2023:07:14:07 +0800] "POST /xingrg/kc/base/wldb_order_operate.html HTTP/1.1" 200 12
222.70.244.216 - - [20/Apr/2023:07:14:07 +0800] "POST /xingrg/kc/base/wldb_order_operate.html HTTP/1.1" 200 6598
116.238.139.35 - - [20/Apr/2023:07:14:07 +0800] "GET /xingrg/all/function/internal_message.html?_=1681946047403&CODE_STATE=getMsg HTTP/1.1" 200 27
222.70.244.216 - - [20/Apr/2023:07:14:08 +0800] "GET /xingrg/kc/base/wldb_order_info.html?code=422023042001580 HTTP/1.1" 200 26266
222.70.244.216 - - [20/Apr/2023:07:14:09 +0800] "GET /xingrg/javascript/easyui/themes/default/validatebox.css HTTP/1.1" 404 1104
222.70.244.216 - - [20/Apr/2023:07:14:09 +0800] "POST /xingrg/kc/base/wldb_order_operate.html HTTP/1.1" 200 4793
116.224.158.100 - - [20/Apr/2023:07:14:10 +0800] "POST /xingrg/services/DataTransmitService HTTP/1.1" 200 524
222.70.244.216 - - [20/Apr/2023:07:14:12 +0800] "GET /xingrg/kc/base/wldb_order_add.html HTTP/1.1" 200 30387
222.70.244.216 - - [20/Apr/2023:07:14:12 +0800] "POST /xingrg/kc/base/wldb_order_operate.html HTTP/1.1" 200 6806
222.70.244.216 - - [20/Apr/2023:07:14:12 +0800] "GET /xingrg/javascript/easyui/themes/default/validatebox.css HTTP/1.1" 404 1104
120.253.135.82 - - [20/Apr/2023:07:14:16 +0800] "GET /xingrg/all/function/internal_message.html?_=1681946189578&CODE_STATE=getMsg HTTP/1.1" 200 27
120.253.135.82 - - [20/Apr/2023:07:14:17 +0800] "GET /xingrg/all/function/internal_message.html?_=1681945895631&CODE_STATE=getMsg HTTP/1.1" 200 27
116.224.106.218 - - [20/Apr/2023:07:14:18 +0800] "GET /xingrg/all/function/internal_message.html?_=1681946056913&CODE_STATE=getMsg HTTP/1.1" 200 27
116.224.106.218 - - [20/Apr/2023:07:14:18 +0800] "GET /xingrg/check_reg.html?_=1681946056914 HTTP/1.1" 200 22
58.221.95.50 - - [20/Apr/2023:07:14:23 +0800] "GET /xingrg/all/function/internal_message.html?_=1681946064134&CODE_STATE=getMsg HTTP/1.1" 200 27
222.70.244.216 - - [20/Apr/2023:07:14:32 +0800] "GET /xingrg/kc/base/wldb_order_operate.html?command=get_materiel&rest_code=00146&base_code=0010063&code=00101019503 HTTP/1.1" 200 467
180.164.3.199 - - [20/Apr/2023:07:14:44 +0800] "GET /xingrg/all/function/internal_message.html?_=1681946084040&CODE_STATE=getMsg HTTP/1.1" 200 27
120.253.135.82 - - [20/Apr/2023:07:14:46 +0800] "POST /xingrg/kc/buy/cgsh_order_operate.html HTTP/1.1" 200 37
222.70.244.216 - - [20/Apr/2023:07:14:51 +0800] "POST /xingrg/kc/base/wldb_order_operate.html HTTP/1.1" 200 37
120.253.135.82 - - [20/Apr/2023:07:14:53 +0800] "POST /xingrg/kc/buy/cgsh_order_operate.html HTTP/1.1" 200 12
120.253.135.82 - - [20/Apr/2023:07:14:55 +0800] "GET /xingrg/kc/buy/cgsh_order_info.html?code=212023041906663 HTTP/1.1" 200 64687
120.253.135.82 - - [20/Apr/2023:07:14:57 +0800] "GET /xingrg/javascript/easyui/themes/default/validatebox.css HTTP/1.1" 404 1104
222.70.244.216 - - [20/Apr/2023:07:14:57 +0800] "POST /xingrg/kc/base/wldb_order_operate.html HTTP/1.1" 200 12
222.70.244.216 - - [20/Apr/2023:07:14:57 +0800] "POST /xingrg/kc/base/wldb_order_operate.html HTTP/1.1" 200 2208
120.253.135.82 - - [20/Apr/2023:07:14:57 +0800] "POST /xingrg/kc/buy/cgsh_order_operate.html HTTP/1.1" 200 2436
222.70.244.216 - - [20/Apr/2023:07:14:58 +0800] "GET /xingrg/kc/base/wldb_order_info.html?code=422023042001581 HTTP/1.1" 200 26264
222.70.244.216 - - [20/Apr/2023:07:14:59 +0800] "GET /xingrg/javascript/easyui/themes/default/validatebox.css HTTP/1.1" 404 1104
222.70.244.216 - - [20/Apr/2023:07:14:59 +0800] "POST /xingrg/kc/base/wldb_order_operate.html HTTP/1.1" 200 502
222.70.244.216 - - [20/Apr/2023:07:14:59 +0800] "GET /xingrg/all/function/internal_message.html?_=1681946112563&CODE_STATE=getMsg HTTP/1.1" 200 27
116.227.208.255 - - [20/Apr/2023:07:15:01 +0800] "GET /xingrg/all/function/internal_message.html?_=1681946176240&CODE_STATE=getMsg HTTP/1.1" 200 27
222.70.244.216 - - [20/Apr/2023:07:15:01 +0800] "GET /xingrg/kc/base/wldb_order_add.html HTTP/1.1" 200 30387
120.253.135.82 - - [20/Apr/2023:07:15:01 +0800] "POST /xingrg/kc/buy/cgsh_list_operate.html HTTP/1.1" 200 986
222.70.244.216 - - [20/Apr/2023:07:15:02 +0800] "POST /xingrg/kc/base/wldb_order_operate.html HTTP/1.1" 200 6806
222.70.244.216 - - [20/Apr/2023:07:15:02 +0800] "GET /xingrg/javascript/easyui/themes/default/validatebox.css HTTP/1.1" 404 1104
120.253.135.82 - - [20/Apr/2023:07:15:05 +0800] "GET /xingrg/kc/pszx/mdps_order_list.html?orderType=0 HTTP/1.1" 200 21032
120.253.135.82 - - [20/Apr/2023:07:15:05 +0800] "POST /xingrg/kc/pszx/mdps_list_operate.html HTTP/1.1" 200 5203
120.253.135.82 - - [20/Apr/2023:07:15:06 +0800] "POST /xingrg/kc/buy/cgsh_list_operate.html HTTP/1.1" 200 986
116.238.139.35 - - [20/Apr/2023:07:15:07 +0800] "GET /xingrg/check_reg.html?_=1681946107389 HTTP/1.1" 200 22
116.238.139.35 - - [20/Apr/2023:07:15:07 +0800] "GET /xingrg/all/function/internal_message.html?_=1681946107392&CODE_STATE=getMsg HTTP/1.1" 200 27
120.253.135.82 - - [20/Apr/2023:07:15:14 +0800] "POST /xingrg/kc/pszx/mdps_list_operate.html HTTP/1.1" 200 2803
120.253.135.82 - - [20/Apr/2023:07:15:15 +0800] "POST /xingrg/kc/pszx/mdps_list_operate.html HTTP/1.1" 200 432
120.253.135.82 - - [20/Apr/2023:07:15:16 +0800] "GET /xingrg/all/function/internal_message.html?_=1681946249583&CODE_STATE=getMsg HTTP/1.1" 200 27
120.253.135.82 - - [20/Apr/2023:07:15:16 +0800] "GET /xingrg/kc/pszx/mdps_order_info.html?code=312023041900385 HTTP/1.1" 200 23976
120.253.135.82 - - [20/Apr/2023:07:15:17 +0800] "GET /xingrg/javascript/easyui/themes/default/validatebox.css HTTP/1.1" 404 1104
120.253.135.82 - - [20/Apr/2023:07:15:17 +0800] "GET /xingrg/all/function/internal_message.html?_=1681945955954&CODE_STATE=getMsg HTTP/1.1" 200 27
120.253.135.82 - - [20/Apr/2023:07:15:17 +0800] "POST /xingrg/kc/pszx/mdps_order_operate.html HTTP/1.1" 200 3741
116.224.106.218 - - [20/Apr/2023:07:15:18 +0800] "GET /xingrg/all/function/internal_message.html?_=1681946116914&CODE_STATE=getMsg HTTP/1.1" 200 27
58.221.95.50 - - [20/Apr/2023:07:15:23 +0800] "GET /xingrg/all/function/internal_message.html?_=1681946124111&CODE_STATE=getMsg HTTP/1.1" 200 27
222.70.244.216 - - [20/Apr/2023:07:15:25 +0800] "GET /xingrg/kc/base/wldb_order_operate.html?command=get_materiel&rest_code=00146&base_code=0010064&code=00102002610 HTTP/1.1" 200 444
222.70.244.216 - - [20/Apr/2023:07:15:34 +0800] "GET /xingrg/kc/base/wldb_order_operate.html?command=get_materiel&rest_code=00146&base_code=0010064&code=00102002497 HTTP/1.1" 200 439
120.253.135.82 - - [20/Apr/2023:07:15:36 +0800] "GET /xingrg/kc/pszx/mdps_order_operate.html?command=get_materiel&pszx_code=00101&rest_code=00150&base_code=0010252&code=00101014018 HTTP/1.1" 200 437
180.164.3.199 - - [20/Apr/2023:07:15:44 +0800] "GET /xingrg/all/function/internal_message.html?_=1681946144041&CODE_STATE=getMsg HTTP/1.1" 200 27
222.70.244.216 - - [20/Apr/2023:07:15:49 +0800] "POST /xingrg/kc/base/wldb_order_operate.html HTTP/1.1" 200 37
222.70.244.216 - - [20/Apr/2023:07:15:54 +0800] "POST /xingrg/kc/base/wldb_order_operate.html HTTP/1.1" 200 12
222.70.244.216 - - [20/Apr/2023:07:15:54 +0800] "POST /xingrg/kc/base/wldb_order_operate.html HTTP/1.1" 200 2668
222.70.244.216 - - [20/Apr/2023:07:15:57 +0800] "GET /xingrg/kc/base/wldb_order_info.html?code=422023042001582 HTTP/1.1" 200 26265
120.253.135.82 - - [20/Apr/2023:07:15:58 +0800] "POST /xingrg/kc/pszx/mdps_order_operate.html HTTP/1.1" 200 37
222.70.244.216 - - [20/Apr/2023:07:15:58 +0800] "GET /xingrg/javascript/easyui/themes/default/validatebox.css HTTP/1.1" 404 1104
222.70.244.216 - - [20/Apr/2023:07:15:58 +0800] "POST /xingrg/kc/base/wldb_order_operate.html HTTP/1.1" 200 952
120.253.135.82 - - [20/Apr/2023:07:15:59 +0800] "GET /xingrg/kc/pszx/mdps_order_info.html?code=312023041900385 HTTP/1.1" 200 23982
120.253.135.82 - - [20/Apr/2023:07:16:00 +0800] "GET /xingrg/javascript/easyui/themes/default/validatebox.css HTTP/1.1" 404 1104
120.253.135.82 - - [20/Apr/2023:07:16:00 +0800] "POST /xingrg/kc/pszx/mdps_order_operate.html HTTP/1.1" 200 3751
222.70.244.216 - - [20/Apr/2023:07:16:00 +0800] "GET /xingrg/kc/base/wldb_order_add.html HTTP/1.1" 200 30387
222.70.244.216 - - [20/Apr/2023:07:16:01 +0800] "POST /xingrg/kc/base/wldb_order_operate.html HTTP/1.1" 200 6806
116.227.208.255 - - [20/Apr/2023:07:16:01 +0800] "GET /xingrg/all/function/internal_message.html?_=1681946236221&CODE_STATE=getMsg HTTP/1.1" 200 27
222.70.244.216 - - [20/Apr/2023:07:16:01 +0800] "GET /xingrg/javascript/easyui/themes/default/validatebox.css HTTP/1.1" 404 1104
222.70.244.216 - - [20/Apr/2023:07:16:01 +0800] "GET /xingrg/all/function/internal_message.html?_=1681946174631&CODE_STATE=getMsg HTTP/1.1" 200 27
116.238.139.35 - - [20/Apr/2023:07:16:07 +0800] "GET /xingrg/all/function/internal_message.html?_=1681946167394&CODE_STATE=getMsg HTTP/1.1" 200 27
120.253.135.82 - - [20/Apr/2023:07:16:07 +0800] "POST /xingrg/kc/pszx/mdps_order_operate.html HTTP/1.1" 200 37
120.253.135.82 - - [20/Apr/2023:07:16:09 +0800] "GET /xingrg/kc/pszx/mdps_order_info.html?code=312023041900385 HTTP/1.1" 200 23982
120.253.135.82 - - [20/Apr/2023:07:16:10 +0800] "GET /xingrg/javascript/easyui/themes/default/validatebox.css HTTP/1.1" 404 1104
120.253.135.82 - - [20/Apr/2023:07:16:10 +0800] "POST /xingrg/kc/pszx/mdps_order_operate.html HTTP/1.1" 200 3751
120.253.135.82 - - [20/Apr/2023:07:16:16 +0800] "GET /xingrg/all/function/internal_message.html?_=1681946309588&CODE_STATE=getMsg HTTP/1.1" 200 27
222.70.244.216 - - [20/Apr/2023:07:16:17 +0800] "GET /xingrg/kc/base/wldb_order_operate.html?command=get_materiel&rest_code=00146&base_code=0010064&code=00101017003 HTTP/1.1" 200 448
120.253.135.82 - - [20/Apr/2023:07:16:17 +0800] "GET /xingrg/all/function/internal_message.html?_=1681946015955&CODE_STATE=getMsg HTTP/1.1" 200 27
116.224.106.218 - - [20/Apr/2023:07:16:18 +0800] "GET /xingrg/all/function/internal_message.html?_=1681946176916&CODE_STATE=getMsg HTTP/1.1" 200 27
120.253.135.82 - - [20/Apr/2023:07:16:18 +0800] "GET /xingrg/kc/pszx/mdps_order_info.html?code=312023041900385 HTTP/1.1" 200 23982
120.253.135.82 - - [20/Apr/2023:07:16:19 +0800] "GET /xingrg/javascript/easyui/themes/default/validatebox.css HTTP/1.1" 404 1104
120.253.135.82 - - [20/Apr/2023:07:16:19 +0800] "POST /xingrg/kc/pszx/mdps_order_operate.html HTTP/1.1" 200 3751
58.221.95.50 - - [20/Apr/2023:07:16:23 +0800] "GET /xingrg/all/function/internal_message.html?_=1681946184094&CODE_STATE=getMsg HTTP/1.1" 200 27
222.70.244.216 - - [20/Apr/2023:07:16:28 +0800] "GET /xingrg/kc/base/wldb_order_operate.html?command=get_materiel&rest_code=00146&base_code=0010064&code=00102002082 HTTP/1.1" 200 454
120.253.135.82 - - [20/Apr/2023:07:16:35 +0800] "POST /xingrg/kc/pszx/mdps_list_operate.html HTTP/1.1" 200 2812
222.70.244.216 - - [20/Apr/2023:07:16:43 +0800] "POST /xingrg/kc/base/wldb_order_operate.html HTTP/1.1" 200 37
180.164.3.199 - - [20/Apr/2023:07:16:44 +0800] "GET /xingrg/all/function/internal_message.html?_=1681946204026&CODE_STATE=getMsg HTTP/1.1" 200 27
222.70.244.216 - - [20/Apr/2023:07:16:48 +0800] "POST /xingrg/kc/base/wldb_order_operate.html HTTP/1.1" 200 12
222.70.244.216 - - [20/Apr/2023:07:16:48 +0800] "POST /xingrg/kc/base/wldb_order_operate.html HTTP/1.1" 200 2690
222.70.244.216 - - [20/Apr/2023:07:16:50 +0800] "GET /xingrg/kc/base/wldb_order_info.html?code=422023042001583 HTTP/1.1" 200 26265
222.70.244.216 - - [20/Apr/2023:07:16:50 +0800] "GET /xingrg/javascript/easyui/themes/default/validatebox.css HTTP/1.1" 404 1104
222.70.244.216 - - [20/Apr/2023:07:16:51 +0800] "POST /xingrg/kc/base/wldb_order_operate.html HTTP/1.1" 200 975
222.70.244.216 - - [20/Apr/2023:07:16:53 +0800] "GET /xingrg/kc/base/wldb_order_add.html HTTP/1.1" 200 30387
222.70.244.216 - - [20/Apr/2023:07:16:53 +0800] "POST /xingrg/kc/base/wldb_order_operate.html HTTP/1.1" 200 6806
222.70.244.216 - - [20/Apr/2023:07:16:54 +0800] "GET /xingrg/javascript/easyui/themes/default/validatebox.css HTTP/1.1" 404 1104
120.253.135.82 - - [20/Apr/2023:07:16:59 +0800] "POST /xingrg/kc/pszx/mdps_list_operate.html HTTP/1.1" 200 439
120.253.135.82 - - [20/Apr/2023:07:17:00 +0800] "GET /xingrg/kc/pszx/mdps_order_info.html?code=312023041900385 HTTP/1.1" 200 23982
120.253.135.82 - - [20/Apr/2023:07:17:00 +0800] "GET /xingrg/javascript/easyui/themes/default/validatebox.css HTTP/1.1" 404 1104
120.253.135.82 - - [20/Apr/2023:07:17:01 +0800] "POST /xingrg/kc/pszx/mdps_order_operate.html HTTP/1.1" 200 3751
116.227.208.255 - - [20/Apr/2023:07:17:01 +0800] "GET /xingrg/all/function/internal_message.html?_=1681946296201&CODE_STATE=getMsg HTTP/1.1" 200 27
222.70.244.216 - - [20/Apr/2023:07:17:01 +0800] "GET /xingrg/all/function/internal_message.html?_=1681946234651&CODE_STATE=getMsg HTTP/1.1" 200 27
120.253.135.82 - - [20/Apr/2023:07:17:03 +0800] "POST /xingrg/kc/pszx/mdps_list_operate.html HTTP/1.1" 200 2812
120.253.135.82 - - [20/Apr/2023:07:17:07 +0800] "POST /xingrg/kc/pszx/mdps_list_operate.html HTTP/1.1" 200 2812
120.253.135.82 - - [20/Apr/2023:07:17:07 +0800] "GET /xingrg/kc/buy/cgsh_order_list.html HTTP/1.1" 200 54945
116.238.139.35 - - [20/Apr/2023:07:17:07 +0800] "GET /xingrg/all/function/internal_message.html?_=1681946227396&CODE_STATE=getMsg HTTP/1.1" 200 27
120.253.135.82 - - [20/Apr/2023:07:17:09 +0800] "POST /xingrg/kc/buy/cgsh_list_operate.html HTTP/1.1" 200 986
120.253.135.82 - - [20/Apr/2023:07:17:10 +0800] "GET /xingrg/kc/buy/cgsh_order_add.html HTTP/1.1" 200 69791
120.253.135.82 - - [20/Apr/2023:07:17:11 +0800] "POST /xingrg/kc/buy/cgsh_order_operate.html HTTP/1.1" 200 8245
120.253.135.82 - - [20/Apr/2023:07:17:11 +0800] "GET /xingrg/javascript/easyui/themes/default/validatebox.css HTTP/1.1" 404 1104
120.253.135.82 - - [20/Apr/2023:07:17:16 +0800] "GET /xingrg/all/function/internal_message.html?_=1681946369594&CODE_STATE=getMsg HTTP/1.1" 200 27
120.253.135.82 - - [20/Apr/2023:07:17:17 +0800] "POST /xingrg/all/common/load_combo.html?type=employee HTTP/1.1" 200 1664
120.253.135.82 - - [20/Apr/2023:07:17:17 +0800] "GET /xingrg/all/function/internal_message.html?_=1681946076150&CODE_STATE=getMsg HTTP/1.1" 200 27
116.224.106.218 - - [20/Apr/2023:07:17:18 +0800] "GET /xingrg/all/function/internal_message.html?_=1681946236914&CODE_STATE=getMsg HTTP/1.1" 200 27
58.221.95.50 - - [20/Apr/2023:07:17:23 +0800] "GET /xingrg/all/function/internal_message.html?_=1681946244075&CODE_STATE=getMsg HTTP/1.1" 200 27
120.253.135.82 - - [20/Apr/2023:07:17:29 +0800] "GET /xingrg/kc/buy/cgsh_order_operate.html?command=get_materiel&rest_code=00101&code=00101014075&supplier_code=00100215&order_time=2023-04-20 HTTP/1.1" 200 453
180.164.3.199 - - [20/Apr/2023:07:17:44 +0800] "GET /xingrg/all/function/internal_message.html?_=1681946264007&CODE_STATE=getMsg HTTP/1.1" 200 27
120.253.135.82 - - [20/Apr/2023:07:17:48 +0800] "POST /xingrg/kc/buy/cgsh_order_operate.html HTTP/1.1" 200 37
222.70.244.216 - - [20/Apr/2023:07:17:49 +0800] "GET /xingrg/check_reg.html?_=1681946282324 HTTP/1.1" 200 22
120.253.135.82 - - [20/Apr/2023:07:17:50 +0800] "POST /xingrg/kc/buy/cgsh_order_operate.html HTTP/1.1" 200 2685
120.253.135.82 - - [20/Apr/2023:07:17:51 +0800] "GET /xingrg/check_reg.html?_=1681946110116 HTTP/1.1" 200 22
120.253.135.82 - - [20/Apr/2023:07:17:52 +0800] "GET /xingrg/kc/print/load_data.html?order_code=212023042006742&kc_code=cgsh&condition= HTTP/1.1" 200 700
116.227.208.255 - - [20/Apr/2023:07:18:01 +0800] "GET /xingrg/all/function/internal_message.html?_=1681946356192&CODE_STATE=getMsg HTTP/1.1" 200 27
222.70.244.216 - - [20/Apr/2023:07:18:01 +0800] "GET /xingrg/all/function/internal_message.html?_=1681946294663&CODE_STATE=getMsg HTTP/1.1" 200 27
116.238.139.35 - - [20/Apr/2023:07:18:07 +0800] "GET /xingrg/all/function/internal_message.html?_=1681946287400&CODE_STATE=getMsg HTTP/1.1" 200 27
222.70.244.216 - - [20/Apr/2023:07:18:15 +0800] "GET /xingrg/kc/base/wldb_order_operate.html?command=get_materiel&rest_code=00146&base_code=0010332&code=00101029023 HTTP/1.1" 200 478
116.227.208.255 - - [20/Apr/2023:07:18:15 +0800] "GET /xingrg/check_reg.html?_=1681946370103 HTTP/1.1" 200 22
120.253.135.82 - - [20/Apr/2023:07:18:16 +0800] "GET /xingrg/all/function/internal_message.html?_=1681946429599&CODE_STATE=getMsg HTTP/1.1" 200 27
120.253.135.82 - - [20/Apr/2023:07:18:16 +0800] "GET /xingrg/check_reg.html?_=1681946429603 HTTP/1.1" 200 22
120.253.135.82 - - [20/Apr/2023:07:18:17 +0800] "GET /xingrg/all/function/internal_message.html?_=1681946136154&CODE_STATE=getMsg HTTP/1.1" 200 27
