116.238.139.35 - - [20/Apr/2023:08:52:18 +0800] "GET /xingrg/kc/buy/cgsh_order_operate.html?command=get_materiel&rest_code=00150&code=00101007071&supplier_code=00100096&order_time=2023-04-20 HTTP/1.1" 200 417
116.224.106.218 - - [20/Apr/2023:08:52:18 +0800] "GET /xingrg/all/function/internal_message.html?_=1681951937036&CODE_STATE=getMsg HTTP/1.1" 200 27
58.221.95.50 - - [20/Apr/2023:08:52:22 +0800] "GET /xingrg/all/function/internal_message.html?_=1681951942405&CODE_STATE=getMsg HTTP/1.1" 200 27
222.69.130.49 - - [20/Apr/2023:08:52:23 +0800] "GET /xingrg/all/function/internal_message.html?_=1681951941389&CODE_STATE=getMsg HTTP/1.1" 200 27
116.224.158.100 - - [20/Apr/2023:08:52:24 +0800] "GET /xingrg/kc/buy/cgsh_order_operate.html?command=get_materiel&rest_code=00105&code=00101008361&supplier_code=00100203&order_time=2023-04-20 HTTP/1.1" 200 408
222.69.130.49 - - [20/Apr/2023:08:52:27 +0800] "GET /xingrg/kc/buy/cgsh_order_operate.html?command=get_materiel&rest_code=00149&code=00101008353&supplier_code=00100008&order_time=2023-04-20 HTTP/1.1" 200 408
114.85.98.23 - - [20/Apr/2023:08:52:28 +0800] "GET /xingrg/all/function/internal_message.html?_=1681951949297&CODE_STATE=getMsg HTTP/1.1" 200 27
116.227.208.255 - - [20/Apr/2023:08:52:34 +0800] "POST /xingrg/kc/buy/cgsh_order_operate.html HTTP/1.1" 200 37
116.238.139.35 - - [20/Apr/2023:08:52:34 +0800] "GET /xingrg/kc/buy/cgsh_order_operate.html?command=get_materiel&rest_code=00150&code=00101007077&supplier_code=00100096&order_time=2023-04-20 HTTP/1.1" 200 415
114.85.98.23 - - [20/Apr/2023:08:52:35 +0800] "GET /xingrg/kc/buy/cgsh_order_operate.html?command=get_materiel&rest_code=00102&code=00101007033&supplier_code=00100096&order_time=2023-04-20 HTTP/1.1" 200 419
116.227.208.255 - - [20/Apr/2023:08:52:35 +0800] "POST /xingrg/kc/buy/cgsh_order_operate.html HTTP/1.1" 200 25151
222.69.130.49 - - [20/Apr/2023:08:52:36 +0800] "GET /xingrg/kc/buy/cgsh_order_operate.html?command=get_materiel&rest_code=00149&code=00101008213&supplier_code=00100008&order_time=2023-04-20 HTTP/1.1" 200 432
116.224.158.100 - - [20/Apr/2023:08:52:36 +0800] "GET /xingrg/kc/buy/cgsh_order_operate.html?command=get_materiel&rest_code=00105&code=00101008212&supplier_code=00100203&order_time=2023-04-20 HTTP/1.1" 200 412
116.227.208.255 - - [20/Apr/2023:08:52:37 +0800] "GET /xingrg/kc/print/load_data.html?order_code=212023042006750&kc_code=cgsh&condition= HTTP/1.1" 200 9242
116.227.208.255 - - [20/Apr/2023:08:52:41 +0800] "GET /xingrg/kc/print/load_data.html?order_code=212023042006750&kc_code=cgsh HTTP/1.1" 200 9242
116.227.208.255 - - [20/Apr/2023:08:52:43 +0800] "GET /xingrg/all/function/internal_message.html?_=1681952038194&CODE_STATE=getMsg HTTP/1.1" 200 27
180.164.3.199 - - [20/Apr/2023:08:52:43 +0800] "GET /xingrg/all/function/internal_message.html?_=1681951962654&CODE_STATE=getMsg HTTP/1.1" 200 27
116.224.158.100 - - [20/Apr/2023:08:52:44 +0800] "GET /xingrg/kc/buy/cgsh_order_operate.html?command=get_materiel&rest_code=00105&code=00101008118&supplier_code=00100203&order_time=2023-04-20 HTTP/1.1" 200 418
222.70.244.216 - - [20/Apr/2023:08:52:49 +0800] "GET /xingrg/check_reg.html?_=1681951982559 HTTP/1.1" 200 22
222.69.130.49 - - [20/Apr/2023:08:52:51 +0800] "GET /xingrg/kc/buy/cgsh_order_operate.html?command=get_materiel&rest_code=00149&code=00101008275&supplier_code=00100008&order_time=2023-04-20 HTTP/1.1" 200 416
116.224.158.100 - - [20/Apr/2023:08:52:52 +0800] "GET /xingrg/kc/buy/cgsh_order_operate.html?command=get_materiel&rest_code=00105&code=00101008357&supplier_code=00100203&order_time=2023-04-20 HTTP/1.1" 200 408
222.69.130.49 - - [20/Apr/2023:08:52:55 +0800] "POST /xingrg/kc/buy/cgsh_order_operate.html HTTP/1.1" 200 2065
116.224.158.100 - - [20/Apr/2023:08:52:59 +0800] "GET /xingrg/kc/buy/cgsh_order_operate.html?command=get_materiel&rest_code=00105&code=00101008069&supplier_code=00100203&order_time=2023-04-20 HTTP/1.1" 200 412
114.85.98.23 - - [20/Apr/2023:08:53:00 +0800] "GET /xingrg/kc/buy/cgsh_order_operate.html?command=get_materiel&rest_code=00102&code=00101007049&supplier_code=00100096&order_time=2023-04-20 HTTP/1.1" 200 409
222.69.130.49 - - [20/Apr/2023:08:53:02 +0800] "GET /xingrg/kc/buy/cgsh_order_operate.html?command=get_materiel&rest_code=00149&code=00101015110&supplier_code=00100008&order_time=2023-04-20 HTTP/1.1" 200 413
116.224.158.100 - - [20/Apr/2023:08:53:05 +0800] "GET /xingrg/kc/buy/cgsh_order_operate.html?command=get_materiel&rest_code=00105&code=00101008286&supplier_code=00100203&order_time=2023-04-20 HTTP/1.1" 200 428
116.238.139.35 - - [20/Apr/2023:08:53:07 +0800] "GET /xingrg/all/function/internal_message.html?_=1681951987475&CODE_STATE=getMsg HTTP/1.1" 200 27
222.70.244.216 - - [20/Apr/2023:08:53:07 +0800] "GET /xingrg/all/function/internal_message.html?_=1681952001118&CODE_STATE=getMsg HTTP/1.1" 200 27
116.224.158.100 - - [20/Apr/2023:08:53:08 +0800] "POST /xingrg/kc/buy/cgsh_order_operate.html HTTP/1.1" 200 2065
116.224.158.100 - - [20/Apr/2023:08:53:09 +0800] "POST /xingrg/kc/buy/cgsh_order_operate.html HTTP/1.1" 200 2065
116.224.158.100 - - [20/Apr/2023:08:53:12 +0800] "GET /xingrg/all/function/internal_message.html?_=1681951992486&CODE_STATE=getMsg HTTP/1.1" 200 27
114.85.98.23 - - [20/Apr/2023:08:53:12 +0800] "GET /xingrg/kc/buy/cgsh_order_operate.html?command=get_materiel&rest_code=00102&code=00101007061&supplier_code=00100096&order_time=2023-04-20 HTTP/1.1" 200 411
116.238.139.35 - - [20/Apr/2023:08:53:15 +0800] "GET /xingrg/all/function/internal_message.html?_=1681951935012&CODE_STATE=getMsg HTTP/1.1" 200 27
222.69.130.49 - - [20/Apr/2023:08:53:16 +0800] "GET /xingrg/kc/buy/cgsh_order_operate.html?command=get_materiel&rest_code=00149&code=00101008019&supplier_code=00100008&order_time=2023-04-20 HTTP/1.1" 200 416
116.224.106.218 - - [20/Apr/2023:08:53:18 +0800] "GET /xingrg/all/function/internal_message.html?_=1681951997037&CODE_STATE=getMsg HTTP/1.1" 200 27
58.221.95.50 - - [20/Apr/2023:08:53:22 +0800] "GET /xingrg/all/function/internal_message.html?_=1681952002383&CODE_STATE=getMsg HTTP/1.1" 200 27
116.224.158.100 - - [20/Apr/2023:08:53:22 +0800] "GET /xingrg/kc/buy/cgsh_order_operate.html?command=get_materiel&rest_code=00105&code=00101008213&supplier_code=00100203&order_time=2023-04-20 HTTP/1.1" 200 432
222.69.130.49 - - [20/Apr/2023:08:53:24 +0800] "GET /xingrg/all/function/internal_message.html?_=1681952001407&CODE_STATE=getMsg HTTP/1.1" 200 27
222.69.130.49 - - [20/Apr/2023:08:53:25 +0800] "GET /xingrg/kc/buy/cgsh_order_operate.html?command=get_materiel&rest_code=00149&code=00101008150&supplier_code=00100008&order_time=2023-04-20 HTTP/1.1" 200 409
114.85.98.23 - - [20/Apr/2023:08:53:28 +0800] "GET /xingrg/all/function/internal_message.html?_=1681952009299&CODE_STATE=getMsg HTTP/1.1" 200 27
114.85.98.23 - - [20/Apr/2023:08:53:31 +0800] "GET /xingrg/kc/buy/cgsh_order_operate.html?command=get_materiel&rest_code=00102&code=00101006055&supplier_code=00100096&order_time=2023-04-20 HTTP/1.1" 200 409
116.224.158.100 - - [20/Apr/2023:08:53:31 +0800] "GET /xingrg/kc/buy/cgsh_order_operate.html?command=get_materiel&rest_code=00105&code=00101008004&supplier_code=00100203&order_time=2023-04-20 HTTP/1.1" 200 416
222.69.130.49 - - [20/Apr/2023:08:53:37 +0800] "GET /xingrg/kc/buy/cgsh_order_operate.html?command=get_materiel&rest_code=00149&code=00101008060&supplier_code=00100008&order_time=2023-04-20 HTTP/1.1" 200 416
116.224.158.100 - - [20/Apr/2023:08:53:40 +0800] "GET /xingrg/kc/buy/cgsh_order_operate.html?command=get_materiel&rest_code=00105&code=00101008274&supplier_code=00100203&order_time=2023-04-20 HTTP/1.1" 200 432
114.85.98.23 - - [20/Apr/2023:08:53:41 +0800] "GET /xingrg/kc/buy/cgsh_order_operate.html?command=get_materiel&rest_code=00102&code=00101006065&supplier_code=00100096&order_time=2023-04-20 HTTP/1.1" 200 411
116.227.208.255 - - [20/Apr/2023:08:53:42 +0800] "GET /xingrg/check_reg.html?_=1681952097660 HTTP/1.1" 200 22
116.227.208.255 - - [20/Apr/2023:08:53:43 +0800] "GET /xingrg/all/function/internal_message.html?_=1681952098179&CODE_STATE=getMsg HTTP/1.1" 200 27
180.164.3.199 - - [20/Apr/2023:08:53:43 +0800] "GET /xingrg/all/function/internal_message.html?_=1681952022627&CODE_STATE=getMsg HTTP/1.1" 200 27
116.224.158.100 - - [20/Apr/2023:08:53:49 +0800] "GET /xingrg/kc/buy/cgsh_order_operate.html?command=get_materiel&rest_code=00105&code=00101008350&supplier_code=00100203&order_time=2023-04-20 HTTP/1.1" 200 427
222.69.130.49 - - [20/Apr/2023:08:53:53 +0800] "GET /xingrg/kc/buy/cgsh_order_operate.html?command=get_materiel&rest_code=00149&code=00101009004&supplier_code=00100008&order_time=2023-04-20 HTTP/1.1" 200 408
180.164.3.199 - - [20/Apr/2023:08:53:55 +0800] "GET /xingrg/check_reg.html?_=1681952034697 HTTP/1.1" 200 22
222.69.130.49 - - [20/Apr/2023:08:53:57 +0800] "POST /xingrg/kc/buy/cgsh_order_operate.html HTTP/1.1" 200 2065
116.224.158.100 - - [20/Apr/2023:08:54:01 +0800] "GET /xingrg/kc/buy/cgsh_order_operate.html?command=get_materiel&rest_code=00105&code=00101008036&supplier_code=00100203&order_time=2023-04-20 HTTP/1.1" 200 408
58.221.95.50 - - [20/Apr/2023:08:54:02 +0800] "GET /xingrg/check_reg.html?_=1681952042828 HTTP/1.1" 200 22
222.69.130.49 - - [20/Apr/2023:08:54:02 +0800] "GET /xingrg/kc/buy/cgsh_order_operate.html?command=get_materiel&rest_code=00149&code=00101008172&supplier_code=00100008&order_time=2023-04-20 HTTP/1.1" 200 412
116.238.139.35 - - [20/Apr/2023:08:54:07 +0800] "GET /xingrg/all/function/internal_message.html?_=1681952047477&CODE_STATE=getMsg HTTP/1.1" 200 27
222.70.244.216 - - [20/Apr/2023:08:54:07 +0800] "GET /xingrg/all/function/internal_message.html?_=1681952061132&CODE_STATE=getMsg HTTP/1.1" 200 27
222.69.130.49 - - [20/Apr/2023:08:54:11 +0800] "GET /xingrg/kc/buy/cgsh_order_operate.html?command=get_materiel&rest_code=00149&code=00101008167&supplier_code=00100008&order_time=2023-04-20 HTTP/1.1" 200 413
116.224.158.100 - - [20/Apr/2023:08:54:12 +0800] "GET /xingrg/check_reg.html?_=1681952052475 HTTP/1.1" 200 22
116.224.158.100 - - [20/Apr/2023:08:54:12 +0800] "GET /xingrg/all/function/internal_message.html?_=1681952052479&CODE_STATE=getMsg HTTP/1.1" 200 27
116.224.106.218 - - [20/Apr/2023:08:54:18 +0800] "GET /xingrg/all/function/internal_message.html?_=1681952057034&CODE_STATE=getMsg HTTP/1.1" 200 27
116.224.106.218 - - [20/Apr/2023:08:54:18 +0800] "GET /xingrg/check_reg.html?_=1681952057037 HTTP/1.1" 200 22
116.238.139.35 - - [20/Apr/2023:08:54:20 +0800] "POST /xingrg/kc/buy/cgsh_order_operate.html HTTP/1.1" 200 37
58.221.95.50 - - [20/Apr/2023:08:54:22 +0800] "GET /xingrg/all/function/internal_message.html?_=1681952062365&CODE_STATE=getMsg HTTP/1.1" 200 27
222.69.130.49 - - [20/Apr/2023:08:54:22 +0800] "GET /xingrg/kc/buy/cgsh_order_operate.html?command=get_materiel&rest_code=00149&code=00101008209&supplier_code=00100008&order_time=2023-04-20 HTTP/1.1" 200 409
222.69.130.49 - - [20/Apr/2023:08:54:23 +0800] "GET /xingrg/check_reg.html?_=1681952061396 HTTP/1.1" 200 22
222.69.130.49 - - [20/Apr/2023:08:54:23 +0800] "GET /xingrg/all/function/internal_message.html?_=1681952061391&CODE_STATE=getMsg HTTP/1.1" 200 27
116.238.139.35 - - [20/Apr/2023:08:54:28 +0800] "POST /xingrg/kc/buy/cgsh_order_operate.html HTTP/1.1" 200 12
114.85.98.23 - - [20/Apr/2023:08:54:28 +0800] "GET /xingrg/all/function/internal_message.html?_=1681952069312&CODE_STATE=getMsg HTTP/1.1" 200 27
116.238.139.35 - - [20/Apr/2023:08:54:30 +0800] "GET /xingrg/all/function/internal_message.html?_=1681952009299&CODE_STATE=getMsg HTTP/1.1" 200 27
116.238.139.35 - - [20/Apr/2023:08:54:30 +0800] "GET /xingrg/kc/buy/cgsh_order_info.html?code=212023042006751 HTTP/1.1" 200 65685
116.238.139.35 - - [20/Apr/2023:08:54:30 +0800] "GET /xingrg/javascript/easyui/themes/default/validatebox.css HTTP/1.1" 404 1104
116.238.139.35 - - [20/Apr/2023:08:54:31 +0800] "POST /xingrg/kc/buy/cgsh_order_operate.html HTTP/1.1" 200 9549
120.253.135.82 - - [20/Apr/2023:08:54:31 +0800] "GET /xingrg/check_reg.html?_=1681952070058 HTTP/1.1" 302 -
222.69.130.49 - - [20/Apr/2023:08:54:33 +0800] "GET /xingrg/kc/buy/cgsh_order_operate.html?command=get_materiel&rest_code=00149&code=00101008285&supplier_code=00100008&order_time=2023-04-20 HTTP/1.1" 200 432
116.238.139.35 - - [20/Apr/2023:08:54:33 +0800] "GET /xingrg/kc/print/load_data.html?order_code=212023042006751&kc_code=cgsh&condition= HTTP/1.1" 200 4113
116.224.158.100 - - [20/Apr/2023:08:54:42 +0800] "GET /xingrg/kc/buy/cgsh_order_operate.html?command=get_materiel&rest_code=00105&code=00101008096&supplier_code=00100203&order_time=2023-04-20 HTTP/1.1" 200 413
116.227.208.255 - - [20/Apr/2023:08:54:43 +0800] "GET /xingrg/all/function/internal_message.html?_=1681952158160&CODE_STATE=getMsg HTTP/1.1" 200 27
180.164.3.199 - - [20/Apr/2023:08:54:43 +0800] "GET /xingrg/all/function/internal_message.html?_=1681952082609&CODE_STATE=getMsg HTTP/1.1" 200 27
222.69.130.49 - - [20/Apr/2023:08:54:46 +0800] "GET /xingrg/kc/buy/cgsh_order_operate.html?command=get_materiel&rest_code=00149&code=00101008042&supplier_code=00100008&order_time=2023-04-20 HTTP/1.1" 200 416
116.224.158.100 - - [20/Apr/2023:08:54:57 +0800] "GET /xingrg/kc/buy/cgsh_order_operate.html?command=get_materiel&rest_code=00105&code=00101008126&supplier_code=00100203&order_time=2023-04-20 HTTP/1.1" 200 412
116.238.139.35 - - [20/Apr/2023:08:55:07 +0800] "GET /xingrg/all/function/internal_message.html?_=1681952107480&CODE_STATE=getMsg HTTP/1.1" 200 27
116.238.139.35 - - [20/Apr/2023:08:55:07 +0800] "GET /xingrg/check_reg.html?_=1681952107483 HTTP/1.1" 200 22
222.70.244.216 - - [20/Apr/2023:08:55:07 +0800] "GET /xingrg/all/function/internal_message.html?_=1681952121254&CODE_STATE=getMsg HTTP/1.1" 200 27
222.69.130.49 - - [20/Apr/2023:08:55:11 +0800] "POST /xingrg/kc/buy/cgsh_order_operate.html HTTP/1.1" 200 37
116.224.158.100 - - [20/Apr/2023:08:55:12 +0800] "GET /xingrg/all/function/internal_message.html?_=1681952112585&CODE_STATE=getMsg HTTP/1.1" 200 27
116.224.106.218 - - [20/Apr/2023:08:55:18 +0800] "GET /xingrg/all/function/internal_message.html?_=1681952117036&CODE_STATE=getMsg HTTP/1.1" 200 27
58.221.95.50 - - [20/Apr/2023:08:55:22 +0800] "GET /xingrg/all/function/internal_message.html?_=1681952122347&CODE_STATE=getMsg HTTP/1.1" 200 27
222.69.130.49 - - [20/Apr/2023:08:55:24 +0800] "GET /xingrg/all/function/internal_message.html?_=1681952121424&CODE_STATE=getMsg HTTP/1.1" 200 27
114.85.98.23 - - [20/Apr/2023:08:55:24 +0800] "GET /xingrg/javascript/jquery_easy_ui/themes/icons/rest.png HTTP/1.1" 200 695
114.85.98.23 - - [20/Apr/2023:08:55:24 +0800] "GET /xingrg/javascript/jquery_easy_ui/themes/icons/area.png HTTP/1.1" 200 262
116.224.158.100 - - [20/Apr/2023:08:55:27 +0800] "GET /xingrg/kc/buy/cgsh_order_operate.html?command=get_materiel&rest_code=00105&code=00101008321&supplier_code=00100203&order_time=2023-04-20 HTTP/1.1" 200 412
222.69.130.49 - - [20/Apr/2023:08:55:29 +0800] "POST /xingrg/kc/buy/cgsh_order_operate.html HTTP/1.1" 200 12
116.238.139.35 - - [20/Apr/2023:08:55:30 +0800] "GET /xingrg/all/function/internal_message.html?_=1681952069329&CODE_STATE=getMsg HTTP/1.1" 200 27
114.85.98.23 - - [20/Apr/2023:08:55:36 +0800] "POST /xingrg/kc/buy/cgsh_order_operate.html HTTP/1.1" 200 37
116.227.208.255 - - [20/Apr/2023:08:55:43 +0800] "GET /xingrg/all/function/internal_message.html?_=1681952218141&CODE_STATE=getMsg HTTP/1.1" 200 27
180.164.3.199 - - [20/Apr/2023:08:55:43 +0800] "GET /xingrg/all/function/internal_message.html?_=1681952142596&CODE_STATE=getMsg HTTP/1.1" 200 27
114.85.98.23 - - [20/Apr/2023:08:55:44 +0800] "POST /xingrg/kc/buy/cgsh_order_operate.html HTTP/1.1" 200 12
222.69.130.49 - - [20/Apr/2023:08:55:45 +0800] "GET /xingrg/kc/buy/cgsh_order_info.html?code=212023042006752 HTTP/1.1" 200 65723
222.69.130.49 - - [20/Apr/2023:08:55:45 +0800] "GET /xingrg/javascript/easyui/themes/default/validatebox.css HTTP/1.1" 404 1104
222.69.130.49 - - [20/Apr/2023:08:55:46 +0800] "POST /xingrg/kc/buy/cgsh_order_operate.html HTTP/1.1" 200 31925
114.85.98.23 - - [20/Apr/2023:08:55:47 +0800] "GET /xingrg/kc/buy/cgsh_order_info.html?code=212023042006753 HTTP/1.1" 200 65658
114.85.98.23 - - [20/Apr/2023:08:55:47 +0800] "GET /xingrg/javascript/easyui/themes/default/validatebox.css HTTP/1.1" 404 1104
114.85.98.23 - - [20/Apr/2023:08:55:48 +0800] "POST /xingrg/kc/buy/cgsh_order_operate.html HTTP/1.1" 200 7119
114.85.98.23 - - [20/Apr/2023:08:55:50 +0800] "GET /xingrg/kc/print/load_config.html?kc_code=cgsh HTTP/1.1" 200 1925
114.85.98.23 - - [20/Apr/2023:08:55:50 +0800] "GET /xingrg/kc/print/load_data.html?order_code=212023042006753&kc_code=cgsh&condition= HTTP/1.1" 200 3126
222.69.130.49 - - [20/Apr/2023:08:55:51 +0800] "GET /xingrg/kc/print/load_config.html?kc_code=cgsh HTTP/1.1" 200 1925
222.69.130.49 - - [20/Apr/2023:08:55:51 +0800] "GET /xingrg/kc/print/load_data.html?order_code=212023042006752&kc_code=cgsh&condition= HTTP/1.1" 200 12545
116.224.158.100 - - [20/Apr/2023:08:55:59 +0800] "POST /xingrg/kc/buy/cgsh_order_operate.html HTTP/1.1" 200 37
114.85.98.23 - - [20/Apr/2023:08:56:07 +0800] "GET /xingrg/kc/buy/cgsh_order_add.html HTTP/1.1" 200 70762
116.238.139.35 - - [20/Apr/2023:08:56:07 +0800] "GET /xingrg/all/function/internal_message.html?_=1681952167485&CODE_STATE=getMsg HTTP/1.1" 200 27
114.85.98.23 - - [20/Apr/2023:08:56:07 +0800] "GET /xingrg/javascript/easyui/themes/default/validatebox.css HTTP/1.1" 404 1104
114.85.98.23 - - [20/Apr/2023:08:56:07 +0800] "POST /xingrg/kc/buy/cgsh_order_operate.html HTTP/1.1" 200 8245
222.70.244.216 - - [20/Apr/2023:08:56:07 +0800] "GET /xingrg/all/function/internal_message.html?_=1681952181267&CODE_STATE=getMsg HTTP/1.1" 200 27
116.224.158.100 - - [20/Apr/2023:08:56:13 +0800] "POST /xingrg/kc/buy/cgsh_order_operate.html HTTP/1.1" 200 25696
116.238.139.35 - - [20/Apr/2023:08:56:15 +0800] "GET /xingrg/check_reg.html?_=1681952114927 HTTP/1.1" 200 22
116.224.106.218 - - [20/Apr/2023:08:56:18 +0800] "GET /xingrg/all/function/internal_message.html?_=1681952177038&CODE_STATE=getMsg HTTP/1.1" 200 27
58.221.95.50 - - [20/Apr/2023:08:56:21 +0800] "GET /xingrg/all/function/internal_message.html?_=1681952182333&CODE_STATE=getMsg HTTP/1.1" 200 27
222.69.130.49 - - [20/Apr/2023:08:56:24 +0800] "GET /xingrg/all/function/internal_message.html?_=1681952181410&CODE_STATE=getMsg HTTP/1.1" 200 27
114.85.98.23 - - [20/Apr/2023:08:56:28 +0800] "GET /xingrg/all/function/internal_message.html?_=1681952189310&CODE_STATE=getMsg HTTP/1.1" 200 27
114.85.98.23 - - [20/Apr/2023:08:56:28 +0800] "GET /xingrg/check_reg.html?_=1681952189315 HTTP/1.1" 200 22
116.238.139.35 - - [20/Apr/2023:08:56:30 +0800] "GET /xingrg/all/function/internal_message.html?_=1681952129341&CODE_STATE=getMsg HTTP/1.1" 200 27
222.69.130.49 - - [20/Apr/2023:08:56:34 +0800] "GET /xingrg/kc/buy/cgsh_order_add.html HTTP/1.1" 200 70815
222.69.130.49 - - [20/Apr/2023:08:56:34 +0800] "POST /xingrg/kc/buy/cgsh_order_operate.html HTTP/1.1" 200 8245
222.69.130.49 - - [20/Apr/2023:08:56:34 +0800] "GET /xingrg/javascript/easyui/themes/default/validatebox.css HTTP/1.1" 404 1104
116.227.208.255 - - [20/Apr/2023:08:56:43 +0800] "GET /xingrg/all/function/internal_message.html?_=1681952278121&CODE_STATE=getMsg HTTP/1.1" 200 27
180.164.3.199 - - [20/Apr/2023:08:56:43 +0800] "GET /xingrg/all/function/internal_message.html?_=1681952202594&CODE_STATE=getMsg HTTP/1.1" 200 27
116.224.158.100 - - [20/Apr/2023:08:56:53 +0800] "GET /xingrg/kc/buy/cgsh_order_operate.html?command=get_materiel&rest_code=00105&code=00101008114&supplier_code=00100203&order_time=2023-04-20 HTTP/1.1" 200 412
116.238.139.35 - - [20/Apr/2023:08:57:07 +0800] "GET /xingrg/all/function/internal_message.html?_=1681952227489&CODE_STATE=getMsg HTTP/1.1" 200 27
222.70.244.216 - - [20/Apr/2023:08:57:07 +0800] "GET /xingrg/all/function/internal_message.html?_=1681952241431&CODE_STATE=getMsg HTTP/1.1" 200 27
116.224.158.100 - - [20/Apr/2023:08:57:09 +0800] "GET /xingrg/kc/buy/cgsh_order_operate.html?command=get_materiel&rest_code=00105&code=00101008123&supplier_code=00100203&order_time=2023-04-20 HTTP/1.1" 200 412
116.224.158.100 - - [20/Apr/2023:08:57:12 +0800] "GET /xingrg/all/function/internal_message.html?_=1681952232486&CODE_STATE=getMsg HTTP/1.1" 200 27
116.224.106.218 - - [20/Apr/2023:08:57:18 +0800] "GET /xingrg/all/function/internal_message.html?_=1681952237036&CODE_STATE=getMsg HTTP/1.1" 200 27
58.221.95.50 - - [20/Apr/2023:08:57:21 +0800] "GET /xingrg/all/function/internal_message.html?_=1681952242310&CODE_STATE=getMsg HTTP/1.1" 200 27
116.224.158.100 - - [20/Apr/2023:08:57:23 +0800] "GET /xingrg/kc/buy/cgsh_order_operate.html?command=get_materiel&rest_code=00105&code=00101015066&supplier_code=00100203&order_time=2023-04-20 HTTP/1.1" 200 413
222.69.130.49 - - [20/Apr/2023:08:57:24 +0800] "GET /xingrg/all/function/internal_message.html?_=1681952241419&CODE_STATE=getMsg HTTP/1.1" 200 27
116.237.74.38 - - [20/Apr/2023:08:57:26 +0800] "GET /xingrg/index.html?sysBaseUrl=http%3A%2F%2F180.169.147.146%3A18081%2Fxingrg%2F&costTime=821×tamp=1681905910828 HTTP/1.1" 200 17173
114.85.98.23 - - [20/Apr/2023:08:57:28 +0800] "GET /xingrg/all/function/internal_message.html?_=1681952249301&CODE_STATE=getMsg HTTP/1.1" 200 27
116.237.74.38 - - [20/Apr/2023:08:57:29 +0800] "POST /xingrg/all/common/load_tree.html?tree=area_rest_tree_json&manage=1 HTTP/1.1" 200 342
116.237.74.38 - - [20/Apr/2023:08:57:29 +0800] "GET /xingrg/all/function/internal_message.html?_=1681952247128&CODE_STATE=count HTTP/1.1" 200 11
116.237.74.38 - - [20/Apr/2023:08:57:29 +0800] "GET /xingrg/check_reg.html?_=1681952247130 HTTP/1.1" 200 22
116.237.74.38 - - [20/Apr/2023:08:57:29 +0800] "POST /xingrg/load_menu.html HTTP/1.1" 200 5138
116.238.139.35 - - [20/Apr/2023:08:57:30 +0800] "GET /xingrg/all/function/internal_message.html?_=1681952189355&CODE_STATE=getMsg HTTP/1.1" 200 27
116.237.74.38 - - [20/Apr/2023:08:57:30 +0800] "GET /favicon.ico HTTP/1.1" 404 -
116.224.158.100 - - [20/Apr/2023:08:57:32 +0800] "POST /xingrg/kc/buy/cgsh_order_operate.html HTTP/1.1" 200 37
116.224.158.100 - - [20/Apr/2023:08:57:41 +0800] "POST /xingrg/kc/buy/cgsh_order_operate.html HTTP/1.1" 200 27469
116.227.208.255 - - [20/Apr/2023:08:57:43 +0800] "GET /xingrg/all/function/internal_message.html?_=1681952338104&CODE_STATE=getMsg HTTP/1.1" 200 27
180.164.3.199 - - [20/Apr/2023:08:57:43 +0800] "GET /xingrg/all/function/internal_message.html?_=1681952262581&CODE_STATE=getMsg HTTP/1.1" 200 27
116.237.74.38 - - [20/Apr/2023:08:57:44 +0800] "GET /xingrg/kc/buy/buy_main.html HTTP/1.1" 200 12412
116.237.74.38 - - [20/Apr/2023:08:57:44 +0800] "GET /xingrg/css/new_ie.css HTTP/1.1" 404 1036
116.237.74.38 - - [20/Apr/2023:08:57:48 +0800] "GET /xingrg/images/yd/bt.gif HTTP/1.1" 404 1040
222.70.244.216 - - [20/Apr/2023:08:57:49 +0800] "GET /xingrg/check_reg.html?_=1681952282568 HTTP/1.1" 200 22
116.237.74.38 - - [20/Apr/2023:08:57:49 +0800] "GET /xingrg/kc/buy/cgsh_order_list.html HTTP/1.1" 200 54945
116.237.74.38 - - [20/Apr/2023:08:57:53 +0800] "POST /xingrg/kc/buy/cgsh_list_operate.html HTTP/1.1" 200 986
116.237.74.38 - - [20/Apr/2023:08:57:59 +0800] "GET /xingrg/kc/buy/cgsh_order_add.html HTTP/1.1" 200 70727
116.237.74.38 - - [20/Apr/2023:08:57:59 +0800] "GET /xingrg/words/20230416123004_words.js HTTP/1.1" 304 -
116.237.74.38 - - [20/Apr/2023:08:58:00 +0800] "GET /xingrg/javascript/easyui/themes/default/validatebox.css HTTP/1.1" 404 1104
116.237.74.38 - - [20/Apr/2023:08:58:00 +0800] "GET /xingrg/all/common/auto_word.html?type=employee&rest_code=00106 HTTP/1.1" 200 205
116.237.74.38 - - [20/Apr/2023:08:58:00 +0800] "GET /xingrg/all/common/auto_word.html?type=employee&rest_code=00106 HTTP/1.1" 200 205
116.237.74.38 - - [20/Apr/2023:08:58:00 +0800] "POST /xingrg/kc/buy/cgsh_order_operate.html HTTP/1.1" 200 8245
116.237.74.38 - - [20/Apr/2023:08:58:02 +0800] "GET /xingrg/javascript/easyui/themes/default/tree.css HTTP/1.1" 404 1090
116.237.74.38 - - [20/Apr/2023:08:58:02 +0800] "POST /xingrg/all/common/load_tree.html?tree=supplier_tree_json&isDelete=1 HTTP/1.1" 200 72661
116.238.139.35 - - [20/Apr/2023:08:58:07 +0800] "GET /xingrg/all/function/internal_message.html?_=1681952287475&CODE_STATE=getMsg HTTP/1.1" 200 27
222.70.244.216 - - [20/Apr/2023:08:58:08 +0800] "GET /xingrg/all/function/internal_message.html?_=1681952301437&CODE_STATE=getMsg HTTP/1.1" 200 27
116.224.158.100 - - [20/Apr/2023:08:58:12 +0800] "GET /xingrg/all/function/internal_message.html?_=1681952292465&CODE_STATE=getMsg HTTP/1.1" 200 27
116.237.74.38 - - [20/Apr/2023:08:58:16 +0800] "GET /xingrg/javascript/auto/indicator.gif HTTP/1.1" 404 1066
116.224.106.218 - - [20/Apr/2023:08:58:18 +0800] "GET /xingrg/all/function/internal_message.html?_=1681952297036&CODE_STATE=getMsg HTTP/1.1" 200 27
116.237.74.38 - - [20/Apr/2023:08:58:21 +0800] "GET /xingrg/kc/buy/cgsh_order_operate.html?command=get_materiel&rest_code=00106&code=00101008256&supplier_code=00100007&order_time=2023-04-20 HTTP/1.1" 200 412
58.221.95.50 - - [20/Apr/2023:08:58:21 +0800] "GET /xingrg/all/function/internal_message.html?_=1681952302291&CODE_STATE=getMsg HTTP/1.1" 200 27
222.69.130.49 - - [20/Apr/2023:08:58:24 +0800] "GET /xingrg/all/function/internal_message.html?_=1681952301420&CODE_STATE=getMsg HTTP/1.1" 200 27
114.85.98.23 - - [20/Apr/2023:08:58:28 +0800] "GET /xingrg/all/function/internal_message.html?_=1681952309290&CODE_STATE=getMsg HTTP/1.1" 200 27
116.237.74.38 - - [20/Apr/2023:08:58:29 +0800] "GET /xingrg/all/function/internal_message.html?_=1681952307146&CODE_STATE=getMsg HTTP/1.1" 200 27
116.237.74.38 - - [20/Apr/2023:08:58:30 +0800] "GET /xingrg/kc/buy/cgsh_order_operate.html?command=get_materiel&rest_code=00106&code=00101008415&supplier_code=00100007&order_time=2023-04-20 HTTP/1.1" 200 412
116.238.139.35 - - [20/Apr/2023:08:58:30 +0800] "GET /xingrg/all/function/internal_message.html?_=1681952249441&CODE_STATE=getMsg HTTP/1.1" 200 27
116.227.208.255 - - [20/Apr/2023:08:58:42 +0800] "GET /xingrg/check_reg.html?_=1681952397651 HTTP/1.1" 200 22
116.227.208.255 - - [20/Apr/2023:08:58:43 +0800] "GET /xingrg/all/function/internal_message.html?_=1681952398077&CODE_STATE=getMsg HTTP/1.1" 200 27
180.164.3.199 - - [20/Apr/2023:08:58:43 +0800] "GET /xingrg/all/function/internal_message.html?_=1681952322554&CODE_STATE=getMsg HTTP/1.1" 200 27
180.164.3.199 - - [20/Apr/2023:08:58:55 +0800] "GET /xingrg/check_reg.html?_=1681952334692 HTTP/1.1" 200 22
116.237.74.38 - - [20/Apr/2023:08:59:00 +0800] "GET /xingrg/kc/buy/cgsh_order_operate.html?command=get_materiel&rest_code=00106&code=00101008354&supplier_code=00100007&order_time=2023-04-20 HTTP/1.1" 200 412
58.221.95.50 - - [20/Apr/2023:08:59:02 +0800] "GET /xingrg/check_reg.html?_=1681952342837 HTTP/1.1" 200 22
116.238.139.35 - - [20/Apr/2023:08:59:07 +0800] "GET /xingrg/all/function/internal_message.html?_=1681952347476&CODE_STATE=getMsg HTTP/1.1" 200 27
222.70.244.216 - - [20/Apr/2023:08:59:08 +0800] "GET /xingrg/all/function/internal_message.html?_=1681952361449&CODE_STATE=getMsg HTTP/1.1" 200 27
116.237.74.38 - - [20/Apr/2023:08:59:08 +0800] "GET /xingrg/kc/buy/cgsh_order_operate.html?command=get_materiel&rest_code=00106&code=00101008312&supplier_code=00100007&order_time=2023-04-20 HTTP/1.1" 200 412
116.224.158.100 - - [20/Apr/2023:08:59:12 +0800] "GET /xingrg/all/function/internal_message.html?_=1681952352445&CODE_STATE=getMsg HTTP/1.1" 200 27
116.224.158.100 - - [20/Apr/2023:08:59:12 +0800] "GET /xingrg/check_reg.html?_=1681952352477 HTTP/1.1" 200 22
116.224.106.218 - - [20/Apr/2023:08:59:18 +0800] "GET /xingrg/all/function/internal_message.html?_=1681952357034&CODE_STATE=getMsg HTTP/1.1" 200 27
116.224.106.218 - - [20/Apr/2023:08:59:18 +0800] "GET /xingrg/check_reg.html?_=1681952357036 HTTP/1.1" 200 22
116.237.74.38 - - [20/Apr/2023:08:59:19 +0800] "GET /xingrg/kc/buy/cgsh_order_operate.html?command=get_materiel&rest_code=00106&code=00101008110&supplier_code=00100007&order_time=2023-04-20 HTTP/1.1" 200 408
116.224.158.100 - - [20/Apr/2023:08:59:21 +0800] "POST /xingrg/kc/buy/cgsh_order_operate.html HTTP/1.1" 200 37
58.221.95.50 - - [20/Apr/2023:08:59:21 +0800] "GET /xingrg/all/function/internal_message.html?_=1681952362282&CODE_STATE=getMsg HTTP/1.1" 200 27
222.69.130.49 - - [20/Apr/2023:08:59:24 +0800] "GET /xingrg/check_reg.html?_=1681952361423 HTTP/1.1" 200 22
222.69.130.49 - - [20/Apr/2023:08:59:24 +0800] "GET /xingrg/all/function/internal_message.html?_=1681952361438&CODE_STATE=getMsg HTTP/1.1" 200 27
116.224.158.100 - - [20/Apr/2023:08:59:24 +0800] "POST /xingrg/kc/buy/cgsh_order_operate.html HTTP/1.1" 200 27471
116.224.158.100 - - [20/Apr/2023:08:59:26 +0800] "GET /xingrg/kc/print/load_data.html?order_code=212023042006754&kc_code=cgsh&condition= HTTP/1.1" 200 10008
114.85.98.23 - - [20/Apr/2023:08:59:28 +0800] "GET /xingrg/all/function/internal_message.html?_=1681952369282&CODE_STATE=getMsg HTTP/1.1" 200 27
116.237.74.38 - - [20/Apr/2023:08:59:29 +0800] "GET /xingrg/all/function/internal_message.html?_=1681952367154&CODE_STATE=getMsg HTTP/1.1" 200 27
116.238.139.35 - - [20/Apr/2023:08:59:30 +0800] "GET /xingrg/all/function/internal_message.html?_=1681952309445&CODE_STATE=getMsg HTTP/1.1" 200 27
120.253.135.82 - - [20/Apr/2023:08:59:31 +0800] "GET /xingrg/check_reg.html?_=1681952370032 HTTP/1.1" 302 -
116.237.74.38 - - [20/Apr/2023:08:59:32 +0800] "GET /xingrg/kc/buy/cgsh_order_operate.html?command=get_materiel&rest_code=00106&code=00101008038&supplier_code=00100007&order_time=2023-04-20 HTTP/1.1" 200 412
124.79.240.114 - - [20/Apr/2023:08:59:42 +0800] "POST /xingrg/services/DataTransmitService HTTP/1.1" 200 524
116.227.208.255 - - [20/Apr/2023:08:59:43 +0800] "GET /xingrg/all/function/internal_message.html?_=1681952458059&CODE_STATE=getMsg HTTP/1.1" 200 27
180.164.3.199 - - [20/Apr/2023:08:59:43 +0800] "GET /xingrg/all/function/internal_message.html?_=1681952382548&CODE_STATE=getMsg HTTP/1.1" 200 27
116.237.74.38 - - [20/Apr/2023:08:59:46 +0800] "GET /xingrg/kc/buy/cgsh_order_operate.html?command=get_materiel&rest_code=00106&code=00101008096&supplier_code=00100007&order_time=2023-04-20 HTTP/1.1" 200 413
180.157.253.110 - - [20/Apr/2023:08:59:46 +0800] "POST /xingrg/services/DataTransmitService HTTP/1.1" 200 524
116.237.74.38 - - [20/Apr/2023:08:59:53 +0800] "GET /xingrg/kc/buy/cgsh_order_operate.html?command=get_materiel&rest_code=00106&code=00101008283&supplier_code=00100007&order_time=2023-04-20 HTTP/1.1" 200 408
116.238.139.35 - - [20/Apr/2023:09:00:07 +0800] "GET /xingrg/all/function/internal_message.html?_=1681952407478&CODE_STATE=getMsg HTTP/1.1" 200 27
116.238.139.35 - - [20/Apr/2023:09:00:07 +0800] "GET /xingrg/check_reg.html?_=1681952407481 HTTP/1.1" 200 22
222.70.244.216 - - [20/Apr/2023:09:00:08 +0800] "GET /xingrg/all/function/internal_message.html?_=1681952421582&CODE_STATE=getMsg HTTP/1.1" 200 27
116.237.74.38 - - [20/Apr/2023:09:00:11 +0800] "GET /xingrg/kc/buy/cgsh_order_operate.html?command=get_materiel&rest_code=00106&code=00101013137&supplier_code=00100007&order_time=2023-04-20 HTTP/1.1" 200 412
116.224.158.100 - - [20/Apr/2023:09:00:12 +0800] "GET /xingrg/all/function/internal_message.html?_=1681952412429&CODE_STATE=getMsg HTTP/1.1" 200 27
116.224.106.218 - - [20/Apr/2023:09:00:18 +0800] "GET /xingrg/all/function/internal_message.html?_=1681952417034&CODE_STATE=getMsg HTTP/1.1" 200 27
58.221.95.50 - - [20/Apr/2023:09:00:21 +0800] "GET /xingrg/all/function/internal_message.html?_=1681952422280&CODE_STATE=getMsg HTTP/1.1" 200 27
222.69.130.49 - - [20/Apr/2023:09:00:24 +0800] "GET /xingrg/all/function/internal_message.html?_=1681952421428&CODE_STATE=getMsg HTTP/1.1" 200 27
222.69.130.49 - - [20/Apr/2023:09:00:27 +0800] "GET /xingrg/kc/buy/cgsh_order_operate.html?command=get_materiel&rest_code=00149&code=00101009109&supplier_code=00100201&order_time=2023-04-20 HTTP/1.1" 200 413
116.237.74.38 - - [20/Apr/2023:09:00:28 +0800] "GET /xingrg/kc/buy/cgsh_order_operate.html?command=get_materiel&rest_code=00106&code=00101008141&supplier_code=00100007&order_time=2023-04-20 HTTP/1.1" 200 412
114.85.98.23 - - [20/Apr/2023:09:00:28 +0800] "GET /xingrg/all/function/internal_message.html?_=1681952429264&CODE_STATE=getMsg HTTP/1.1" 200 27
116.237.74.38 - - [20/Apr/2023:09:00:29 +0800] "GET /xingrg/all/function/internal_message.html?_=1681952427140&CODE_STATE=getMsg HTTP/1.1" 200 27
116.238.139.35 - - [20/Apr/2023:09:00:30 +0800] "GET /xingrg/all/function/internal_message.html?_=1681952369533&CODE_STATE=getMsg HTTP/1.1" 200 27
222.69.130.49 - - [20/Apr/2023:09:00:39 +0800] "GET /xingrg/kc/buy/cgsh_order_operate.html?command=get_materiel&rest_code=00149&code=00101009062&supplier_code=00100201&order_time=2023-04-20 HTTP/1.1" 200 412
116.227.208.255 - - [20/Apr/2023:09:00:43 +0800] "GET /xingrg/all/function/internal_message.html?_=1681952518037&CODE_STATE=getMsg HTTP/1.1" 200 27
180.164.3.199 - - [20/Apr/2023:09:00:43 +0800] "GET /xingrg/all/function/internal_message.html?_=1681952442549&CODE_STATE=getMsg HTTP/1.1" 200 27
116.237.74.38 - - [20/Apr/2023:09:00:45 +0800] "POST /xingrg/kc/buy/cgsh_order_operate.html HTTP/1.1" 200 37
116.237.74.38 - - [20/Apr/2023:09:00:47 +0800] "POST /xingrg/kc/buy/cgsh_order_operate.html HTTP/1.1" 200 7373
222.69.130.49 - - [20/Apr/2023:09:00:48 +0800] "GET /xingrg/kc/buy/cgsh_order_operate.html?command=get_materiel&rest_code=00149&code=00101009011&supplier_code=00100201&order_time=2023-04-20 HTTP/1.1" 200 416
116.237.74.38 - - [20/Apr/2023:09:00:56 +0800] "GET /xingrg/kc/buy/cgsh_order_operate.html?command=get_materiel&rest_code=00106&code=00101008355&supplier_code=00100007&order_time=2023-04-20 HTTP/1.1" 200 408
222.69.130.49 - - [20/Apr/2023:09:00:58 +0800] "GET /xingrg/kc/buy/cgsh_order_operate.html?command=get_materiel&rest_code=00149&code=00101009122&supplier_code=00100201&order_time=2023-04-20 HTTP/1.1" 200 405
116.238.139.35 - - [20/Apr/2023:09:01:07 +0800] "GET /xingrg/all/function/internal_message.html?_=1681952467483&CODE_STATE=getMsg HTTP/1.1" 200 27
222.70.244.216 - - [20/Apr/2023:09:01:08 +0800] "GET /xingrg/all/function/internal_message.html?_=1681952481587&CODE_STATE=getMsg HTTP/1.1" 200 27
222.69.130.49 - - [20/Apr/2023:09:01:08 +0800] "GET /xingrg/kc/buy/cgsh_order_operate.html?command=get_materiel&rest_code=00149&code=00101009026&supplier_code=00100201&order_time=2023-04-20 HTTP/1.1" 200 409
116.237.74.38 - - [20/Apr/2023:09:01:09 +0800] "GET /xingrg/kc/buy/cgsh_order_operate.html?command=get_materiel&rest_code=00106&code=00101008144&supplier_code=00100007&order_time=2023-04-20 HTTP/1.1" 200 412
116.224.158.100 - - [20/Apr/2023:09:01:12 +0800] "GET /xingrg/all/function/internal_message.html?_=1681952472410&CODE_STATE=getMsg HTTP/1.1" 200 27
116.238.139.35 - - [20/Apr/2023:09:01:15 +0800] "GET /xingrg/check_reg.html?_=1681952414932 HTTP/1.1" 200 22
116.224.106.218 - - [20/Apr/2023:09:01:18 +0800] "GET /xingrg/all/function/internal_message.html?_=1681952477034&CODE_STATE=getMsg HTTP/1.1" 200 27
116.237.74.38 - - [20/Apr/2023:09:01:21 +0800] "GET /xingrg/kc/buy/cgsh_order_operate.html?command=get_materiel&rest_code=00106&code=00101008264&supplier_code=00100007&order_time=2023-04-20 HTTP/1.1" 200 412
58.221.95.50 - - [20/Apr/2023:09:01:21 +0800] "GET /xingrg/all/function/internal_message.html?_=1681952482256&CODE_STATE=getMsg HTTP/1.1" 200 27
222.69.130.49 - - [20/Apr/2023:09:01:24 +0800] "GET /xingrg/all/function/internal_message.html?_=1681952481437&CODE_STATE=getMsg HTTP/1.1" 200 27
222.69.130.49 - - [20/Apr/2023:09:01:26 +0800] "POST /xingrg/kc/buy/cgsh_order_operate.html HTTP/1.1" 200 37
114.85.98.23 - - [20/Apr/2023:09:01:28 +0800] "GET /xingrg/all/function/internal_message.html?_=1681952489243&CODE_STATE=getMsg HTTP/1.1" 200 27
114.85.98.23 - - [20/Apr/2023:09:01:28 +0800] "GET /xingrg/check_reg.html?_=1681952489297 HTTP/1.1" 200 22
116.237.74.38 - - [20/Apr/2023:09:01:29 +0800] "GET /xingrg/all/function/internal_message.html?_=1681952487143&CODE_STATE=getMsg HTTP/1.1" 200 27
116.238.139.35 - - [20/Apr/2023:09:01:30 +0800] "GET /xingrg/all/function/internal_message.html?_=1681952429535&CODE_STATE=getMsg HTTP/1.1" 200 27
222.69.130.49 - - [20/Apr/2023:09:01:35 +0800] "POST /xingrg/kc/buy/cgsh_order_operate.html HTTP/1.1" 200 12
222.69.130.49 - - [20/Apr/2023:09:01:38 +0800] "GET /xingrg/kc/buy/cgsh_order_info.html?code=212023042006756 HTTP/1.1" 200 65723
222.69.130.49 - - [20/Apr/2023:09:01:38 +0800] "GET /xingrg/javascript/easyui/themes/default/validatebox.css HTTP/1.1" 404 1104
222.69.130.49 - - [20/Apr/2023:09:01:39 +0800] "POST /xingrg/kc/buy/cgsh_order_operate.html HTTP/1.1" 200 2965
116.237.74.38 - - [20/Apr/2023:09:01:40 +0800] "GET /xingrg/kc/buy/cgsh_order_operate.html?command=get_materiel&rest_code=00106&code=00101008137&supplier_code=00100007&order_time=2023-04-20 HTTP/1.1" 200 408
222.69.130.49 - - [20/Apr/2023:09:01:41 +0800] "GET /xingrg/kc/print/load_data.html?order_code=212023042006756&kc_code=cgsh&condition= HTTP/1.1" 200 1606
116.227.208.255 - - [20/Apr/2023:09:01:43 +0800] "GET /xingrg/all/function/internal_message.html?_=1681952578017&CODE_STATE=getMsg HTTP/1.1" 200 27
180.164.3.199 - - [20/Apr/2023:09:01:43 +0800] "GET /xingrg/all/function/internal_message.html?_=1681952502540&CODE_STATE=getMsg HTTP/1.1" 200 27
222.69.130.49 - - [20/Apr/2023:09:01:50 +0800] "GET /xingrg/kc/buy/cgsh_order_add.html HTTP/1.1" 200 70815
222.69.130.49 - - [20/Apr/2023:09:01:51 +0800] "POST /xingrg/kc/buy/cgsh_order_operate.html HTTP/1.1" 200 8245
222.69.130.49 - - [20/Apr/2023:09:01:51 +0800] "GET /xingrg/javascript/easyui/themes/default/validatebox.css HTTP/1.1" 404 1104
116.237.74.38 - - [20/Apr/2023:09:01:53 +0800] "POST /xingrg/kc/buy/cgsh_order_operate.html HTTP/1.1" 200 2065
116.237.74.38 - - [20/Apr/2023:09:02:00 +0800] "GET /xingrg/kc/buy/cgsh_order_operate.html?command=get_materiel&rest_code=00106&code=00101008362&supplier_code=00100007&order_time=2023-04-20 HTTP/1.1" 200 408
116.238.139.35 - - [20/Apr/2023:09:02:07 +0800] "GET /xingrg/all/function/internal_message.html?_=1681952527484&CODE_STATE=getMsg HTTP/1.1" 200 27
222.69.130.49 - - [20/Apr/2023:09:02:07 +0800] "GET /xingrg/kc/buy/cgsh_order_operate.html?command=get_materiel&rest_code=00149&code=00101007061&supplier_code=00100205&order_time=2023-04-20 HTTP/1.1" 200 409
222.70.244.216 - - [20/Apr/2023:09:02:08 +0800] "GET /xingrg/all/function/internal_message.html?_=1681952541777&CODE_STATE=getMsg HTTP/1.1" 200 27
116.224.158.100 - - [20/Apr/2023:09:02:12 +0800] "GET /xingrg/all/function/internal_message.html?_=1681952532380&CODE_STATE=getMsg HTTP/1.1" 200 27
222.69.130.49 - - [20/Apr/2023:09:02:17 +0800] "GET /xingrg/kc/buy/cgsh_order_operate.html?command=get_materiel&rest_code=00149&code=00101007083&supplier_code=00100205&order_time=2023-04-20 HTTP/1.1" 200 423
116.224.106.218 - - [20/Apr/2023:09:02:18 +0800] "GET /xingrg/all/function/internal_message.html?_=1681952537056&CODE_STATE=getMsg HTTP/1.1" 200 27
58.221.95.50 - - [20/Apr/2023:09:02:21 +0800] "GET /xingrg/all/function/internal_message.html?_=1681952542236&CODE_STATE=getMsg HTTP/1.1" 200 27
116.237.74.38 - - [20/Apr/2023:09:02:23 +0800] "GET /xingrg/kc/buy/cgsh_order_operate.html?command=get_materiel&rest_code=00106&code=00101008360&supplier_code=00100007&order_time=2023-04-20 HTTP/1.1" 200 412
222.69.130.49 - - [20/Apr/2023:09:02:24 +0800] "GET /xingrg/all/function/internal_message.html?_=1681952541445&CODE_STATE=getMsg HTTP/1.1" 200 27
222.69.130.49 - - [20/Apr/2023:09:02:26 +0800] "GET /xingrg/kc/buy/cgsh_order_operate.html?command=get_materiel&rest_code=00149&code=00101007023&supplier_code=00100205&order_time=2023-04-20 HTTP/1.1" 200 410
114.85.98.23 - - [20/Apr/2023:09:02:28 +0800] "GET /xingrg/all/function/internal_message.html?_=1681952549242&CODE_STATE=getMsg HTTP/1.1" 200 27
116.237.74.38 - - [20/Apr/2023:09:02:29 +0800] "GET /xingrg/check_reg.html?_=1681952547156 HTTP/1.1" 200 22
116.237.74.38 - - [20/Apr/2023:09:02:29 +0800] "GET /xingrg/all/function/internal_message.html?_=1681952547158&CODE_STATE=getMsg HTTP/1.1" 200 27
116.238.139.35 - - [20/Apr/2023:09:02:30 +0800] "GET /xingrg/all/function/internal_message.html?_=1681952489549&CODE_STATE=getMsg HTTP/1.1" 200 27
116.237.74.38 - - [20/Apr/2023:09:02:32 +0800] "GET /xingrg/kc/buy/cgsh_order_operate.html?command=get_materiel&rest_code=00106&code=00101008134&supplier_code=00100007&order_time=2023-04-20 HTTP/1.1" 200 412
222.69.130.49 - - [20/Apr/2023:09:02:41 +0800] "GET /xingrg/kc/buy/cgsh_order_operate.html?command=get_materiel&rest_code=00149&code=00101007049&supplier_code=00100205&order_time=2023-04-20 HTTP/1.1" 200 409
116.237.74.38 - - [20/Apr/2023:09:02:43 +0800] "GET /xingrg/kc/buy/cgsh_order_operate.html?command=get_materiel&rest_code=00106&code=00101008439&supplier_code=00100007&order_time=2023-04-20 HTTP/1.1" 200 413
116.227.208.255 - - [20/Apr/2023:09:02:43 +0800] "GET /xingrg/all/function/internal_message.html?_=1681952637995&CODE_STATE=getMsg HTTP/1.1" 200 27
180.164.3.199 - - [20/Apr/2023:09:02:43 +0800] "GET /xingrg/all/function/internal_message.html?_=1681952562538&CODE_STATE=getMsg HTTP/1.1" 200 27
222.70.244.216 - - [20/Apr/2023:09:02:49 +0800] "GET /xingrg/check_reg.html?_=1681952582565 HTTP/1.1" 200 22
116.237.74.38 - - [20/Apr/2023:09:03:00 +0800] "POST /xingrg/kc/buy/cgsh_order_operate.html HTTP/1.1" 200 37
222.69.130.49 - - [20/Apr/2023:09:03:00 +0800] "GET /xingrg/kc/buy/cgsh_order_operate.html?command=get_materiel&rest_code=00149&code=00101007038&supplier_code=00100205&order_time=2023-04-20 HTTP/1.1" 200 442
116.237.74.38 - - [20/Apr/2023:09:03:04 +0800] "POST /xingrg/kc/buy/cgsh_order_operate.html HTTP/1.1" 200 12116
116.238.139.35 - - [20/Apr/2023:09:03:07 +0800] "GET /xingrg/all/function/internal_message.html?_=1681952587485&CODE_STATE=getMsg HTTP/1.1" 200 27
222.70.244.216 - - [20/Apr/2023:09:03:08 +0800] "GET /xingrg/all/function/internal_message.html?_=1681952601785&CODE_STATE=getMsg HTTP/1.1" 200 27
116.224.158.100 - - [20/Apr/2023:09:03:12 +0800] "GET /xingrg/all/function/internal_message.html?_=1681952592357&CODE_STATE=getMsg HTTP/1.1" 200 27
116.224.106.218 - - [20/Apr/2023:09:03:18 +0800] "GET /xingrg/all/function/internal_message.html?_=1681952597057&CODE_STATE=getMsg HTTP/1.1" 200 27
58.221.95.50 - - [20/Apr/2023:09:03:21 +0800] "GET /xingrg/all/function/internal_message.html?_=1681952602222&CODE_STATE=getMsg HTTP/1.1" 200 27
222.69.130.49 - - [20/Apr/2023:09:03:24 +0800] "GET /xingrg/all/function/internal_message.html?_=1681952601436&CODE_STATE=getMsg HTTP/1.1" 200 27
222.69.130.49 - - [20/Apr/2023:09:03:27 +0800] "GET /xingrg/kc/buy/cgsh_order_operate.html?command=get_materiel&rest_code=00149&code=00101007082&supplier_code=00100205&order_time=2023-04-20 HTTP/1.1" 200 427
114.85.98.23 - - [20/Apr/2023:09:03:28 +0800] "GET /xingrg/all/function/internal_message.html?_=1681952609233&CODE_STATE=getMsg HTTP/1.1" 200 27
116.237.74.38 - - [20/Apr/2023:09:03:29 +0800] "GET /xingrg/all/function/internal_message.html?_=1681952607146&CODE_STATE=getMsg HTTP/1.1" 200 27
116.238.139.35 - - [20/Apr/2023:09:03:30 +0800] "GET /xingrg/all/function/internal_message.html?_=1681952549639&CODE_STATE=getMsg HTTP/1.1" 200 27
222.69.130.49 - - [20/Apr/2023:09:03:38 +0800] "POST /xingrg/kc/buy/cgsh_order_operate.html HTTP/1.1" 200 37
116.227.208.255 - - [20/Apr/2023:09:03:42 +0800] "GET /xingrg/check_reg.html?_=1681952697635 HTTP/1.1" 200 22
116.227.208.255 - - [20/Apr/2023:09:03:43 +0800] "GET /xingrg/all/function/internal_message.html?_=1681952697976&CODE_STATE=getMsg HTTP/1.1" 200 27
180.164.3.199 - - [20/Apr/2023:09:03:43 +0800] "GET /xingrg/all/function/internal_message.html?_=1681952622519&CODE_STATE=getMsg HTTP/1.1" 200 27
222.69.130.49 - - [20/Apr/2023:09:03:47 +0800] "POST /xingrg/kc/buy/cgsh_order_operate.html HTTP/1.1" 200 12
222.69.130.49 - - [20/Apr/2023:09:03:49 +0800] "GET /xingrg/kc/buy/cgsh_order_info.html?code=212023042006757 HTTP/1.1" 200 65721
222.69.130.49 - - [20/Apr/2023:09:03:50 +0800] "GET /xingrg/javascript/easyui/themes/default/validatebox.css HTTP/1.1" 404 1104
222.69.130.49 - - [20/Apr/2023:09:03:51 +0800] "POST /xingrg/kc/buy/cgsh_order_operate.html HTTP/1.1" 200 4176
222.69.130.49 - - [20/Apr/2023:09:03:52 +0800] "GET /xingrg/kc/print/load_data.html?order_code=212023042006757&kc_code=cgsh&condition= HTTP/1.1" 200 2069
180.164.3.199 - - [20/Apr/2023:09:03:55 +0800] "GET /xingrg/check_reg.html?_=1681952634678 HTTP/1.1" 200 22
222.69.130.49 - - [20/Apr/2023:09:03:58 +0800] "GET /xingrg/kc/buy/cgsh_order_add.html HTTP/1.1" 200 70815
222.69.130.49 - - [20/Apr/2023:09:03:58 +0800] "GET /xingrg/javascript/easyui/themes/default/validatebox.css HTTP/1.1" 404 1104
222.69.130.49 - - [20/Apr/2023:09:03:58 +0800] "POST /xingrg/kc/buy/cgsh_order_operate.html HTTP/1.1" 200 8245
58.221.95.50 - - [20/Apr/2023:09:04:02 +0800] "GET /xingrg/check_reg.html?_=1681952642825 HTTP/1.1" 200 22
116.238.139.35 - - [20/Apr/2023:09:04:07 +0800] "GET /xingrg/all/function/internal_message.html?_=1681952647487&CODE_STATE=getMsg HTTP/1.1" 200 27
222.70.244.216 - - [20/Apr/2023:09:04:08 +0800] "GET /xingrg/all/function/internal_message.html?_=1681952661798&CODE_STATE=getMsg HTTP/1.1" 200 27
222.69.130.49 - - [20/Apr/2023:09:04:09 +0800] "GET /xingrg/kc/buy/cgsh_order_operate.html?command=get_materiel&rest_code=00149&code=00101011003&supplier_code=00100051&order_time=2023-04-20 HTTP/1.1" 200 413
116.224.158.100 - - [20/Apr/2023:09:04:12 +0800] "GET /xingrg/all/function/internal_message.html?_=1681952652327&CODE_STATE=getMsg HTTP/1.1" 200 27
116.224.158.100 - - [20/Apr/2023:09:04:12 +0800] "GET /xingrg/check_reg.html?_=1681952652487 HTTP/1.1" 200 22
116.224.106.218 - - [20/Apr/2023:09:04:18 +0800] "GET /xingrg/all/function/internal_message.html?_=1681952657058&CODE_STATE=getMsg HTTP/1.1" 200 27
116.224.106.218 - - [20/Apr/2023:09:04:18 +0800] "GET /xingrg/check_reg.html?_=1681952657056 HTTP/1.1" 200 22
58.221.95.50 - - [20/Apr/2023:09:04:21 +0800] "GET /xingrg/all/function/internal_message.html?_=1681952662209&CODE_STATE=getMsg HTTP/1.1" 200 27
222.69.130.49 - - [20/Apr/2023:09:04:22 +0800] "GET /xingrg/kc/buy/cgsh_order_operate.html?command=get_materiel&rest_code=00149&code=00101011005&supplier_code=00100051&order_time=2023-04-20 HTTP/1.1" 200 428
222.69.130.49 - - [20/Apr/2023:09:04:24 +0800] "GET /xingrg/all/function/internal_message.html?_=1681952661458&CODE_STATE=getMsg HTTP/1.1" 200 27
222.69.130.49 - - [20/Apr/2023:09:04:24 +0800] "GET /xingrg/check_reg.html?_=1681952661460 HTTP/1.1" 200 22
180.169.147.146 - - [20/Apr/2023:09:04:26 +0800] "GET /xingrg/index.html?sysBaseUrl=http%3A%2F%2F180.169.147.146%3A18081%2Fxingrg%2F&costTime=39×tamp=1592034574635 HTTP/1.1" 302 -
180.169.147.146 - - [20/Apr/2023:09:04:26 +0800] "GET /xingrg/login.html HTTP/1.1" 200 7641
180.169.147.146 - - [20/Apr/2023:09:04:27 +0800] "GET /favicon.ico HTTP/1.1" 404 -
114.85.98.23 - - [20/Apr/2023:09:04:28 +0800] "GET /xingrg/all/function/internal_message.html?_=1681952669218&CODE_STATE=getMsg HTTP/1.1" 200 27
116.237.74.38 - - [20/Apr/2023:09:04:29 +0800] "GET /xingrg/all/function/internal_message.html?_=1681952667152&CODE_STATE=getMsg HTTP/1.1" 200 27
116.238.139.35 - - [20/Apr/2023:09:04:30 +0800] "GET /xingrg/all/function/internal_message.html?_=1681952609654&CODE_STATE=getMsg HTTP/1.1" 200 27
120.253.135.82 - - [20/Apr/2023:09:04:31 +0800] "GET /xingrg/check_reg.html?_=1681952670043 HTTP/1.1" 302 -
222.69.130.49 - - [20/Apr/2023:09:04:38 +0800] "POST /xingrg/kc/buy/cgsh_order_operate.html HTTP/1.1" 200 37
116.227.208.255 - - [20/Apr/2023:09:04:43 +0800] "GET /xingrg/all/function/internal_message.html?_=1681952757953&CODE_STATE=getMsg HTTP/1.1" 200 27
180.164.3.199 - - [20/Apr/2023:09:04:43 +0800] "GET /xingrg/all/function/internal_message.html?_=1681952682502&CODE_STATE=getMsg HTTP/1.1" 200 27
222.69.130.49 - - [20/Apr/2023:09:04:44 +0800] "POST /xingrg/kc/buy/cgsh_order_operate.html HTTP/1.1" 200 12
116.237.74.38 - - [20/Apr/2023:09:04:45 +0800] "GET /xingrg/kc/buy/cgsh_order_operate.html?command=get_materiel&rest_code=00106&code=00101008069&supplier_code=00100007&order_time=2023-04-20 HTTP/1.1" 200 412
222.69.130.49 - - [20/Apr/2023:09:04:46 +0800] "GET /xingrg/kc/buy/cgsh_order_info.html?code=212023042006758 HTTP/1.1" 200 65723
222.69.130.49 - - [20/Apr/2023:09:04:47 +0800] "GET /xingrg/javascript/easyui/themes/default/validatebox.css HTTP/1.1" 404 1104
222.69.130.49 - - [20/Apr/2023:09:04:48 +0800] "POST /xingrg/kc/buy/cgsh_order_operate.html HTTP/1.1" 200 1788
222.69.130.49 - - [20/Apr/2023:09:04:54 +0800] "GET /xingrg/kc/print/load_data.html?order_code=212023042006758&kc_code=cgsh&condition= HTTP/1.1" 200 1172
222.69.130.49 - - [20/Apr/2023:09:05:00 +0800] "GET /xingrg/kc/buy/cgsh_order_add.html HTTP/1.1" 200 70815
222.69.130.49 - - [20/Apr/2023:09:05:00 +0800] "POST /xingrg/kc/buy/cgsh_order_operate.html HTTP/1.1" 200 8245
222.69.130.49 - - [20/Apr/2023:09:05:00 +0800] "GET /xingrg/javascript/easyui/themes/default/validatebox.css HTTP/1.1" 404 1104
116.237.74.38 - - [20/Apr/2023:09:05:03 +0800] "GET /xingrg/kc/buy/cgsh_order_operate.html?command=get_materiel&rest_code=00106&code=00101008286&supplier_code=00100007&order_time=2023-04-20 HTTP/1.1" 200 428
116.238.139.35 - - [20/Apr/2023:09:05:07 +0800] "GET /xingrg/check_reg.html?_=1681952707487 HTTP/1.1" 200 22
116.238.139.35 - - [20/Apr/2023:09:05:07 +0800] "GET /xingrg/all/function/internal_message.html?_=1681952707491&CODE_STATE=getMsg HTTP/1.1" 200 27
222.70.244.216 - - [20/Apr/2023:09:05:08 +0800] "GET /xingrg/all/function/internal_message.html?_=1681952721947&CODE_STATE=getMsg HTTP/1.1" 200 27
116.237.74.38 - - [20/Apr/2023:09:05:11 +0800] "GET /xingrg/kc/buy/cgsh_order_operate.html?command=get_materiel&rest_code=00106&code=00101008352&supplier_code=00100007&order_time=2023-04-20 HTTP/1.1" 200 412
116.224.158.100 - - [20/Apr/2023:09:05:12 +0800] "GET /xingrg/all/function/internal_message.html?_=1681952712298&CODE_STATE=getMsg HTTP/1.1" 200 27
