180.169.147.146 - - [20/Apr/2023:11:02:17 +0800] "GET /xingrg/words/20230416123004_words.js HTTP/1.1" 304 -
180.169.147.146 - - [20/Apr/2023:11:02:18 +0800] "GET /xingrg/javascript/easyui/themes/default/validatebox.css HTTP/1.1" 404 1104
180.169.147.146 - - [20/Apr/2023:11:02:18 +0800] "GET /xingrg/all/common/auto_word.html?type=base&rest_code=00101 HTTP/1.1" 200 671
180.169.147.146 - - [20/Apr/2023:11:02:18 +0800] "POST /xingrg/kc/pszx/mdps_order_operate.html HTTP/1.1" 200 3751
116.224.106.218 - - [20/Apr/2023:11:02:18 +0800] "GET /xingrg/all/function/internal_message.html?_=1681959737209&CODE_STATE=getMsg HTTP/1.1" 200 27
58.221.95.50 - - [20/Apr/2023:11:02:19 +0800] "GET /xingrg/all/function/internal_message.html?_=1681959740134&CODE_STATE=getMsg HTTP/1.1" 200 27
120.253.135.82 - - [20/Apr/2023:11:02:20 +0800] "POST /xingrg/login.do HTTP/1.1" 302 -
120.253.135.82 - - [20/Apr/2023:11:02:20 +0800] "GET /xingrg/index.html?sysBaseUrl=http%3A%2F%2F180.169.147.146%3A18081%2Fxingrg%2F&costTime=840×tamp=1681959740316 HTTP/1.1" 200 17177
120.253.135.82 - - [20/Apr/2023:11:02:20 +0800] "GET /favicon.ico HTTP/1.1" 404 -
120.253.135.82 - - [20/Apr/2023:11:02:20 +0800] "POST /xingrg/all/common/load_tree.html?tree=area_rest_tree_json&manage=1 HTTP/1.1" 200 348
120.253.135.82 - - [20/Apr/2023:11:02:20 +0800] "GET /xingrg/check_reg.html?_=1681959743489 HTTP/1.1" 200 22
120.253.135.82 - - [20/Apr/2023:11:02:20 +0800] "GET /xingrg/all/function/internal_message.html?_=1681959743487&CODE_STATE=count HTTP/1.1" 200 11
120.253.135.82 - - [20/Apr/2023:11:02:21 +0800] "POST /xingrg/load_menu.html HTTP/1.1" 200 5138
116.237.74.38 - - [20/Apr/2023:11:02:21 +0800] "GET /xingrg/all/function/internal_message.html?_=1681959742919&CODE_STATE=getMsg HTTP/1.1" 200 27
120.253.135.82 - - [20/Apr/2023:11:02:23 +0800] "GET /xingrg/kc/mdqp/qp_main.html HTTP/1.1" 200 10633
120.253.135.82 - - [20/Apr/2023:11:02:23 +0800] "GET /xingrg/images/blue/button/qqpsd.gif HTTP/1.1" 200 2548
120.253.135.82 - - [20/Apr/2023:11:02:23 +0800] "GET /xingrg/images/blue/button/pszx.gif HTTP/1.1" 200 2648
120.253.135.82 - - [20/Apr/2023:11:02:23 +0800] "GET /xingrg/images/blue/button/psshd.gif HTTP/1.1" 200 2692
222.70.244.216 - - [20/Apr/2023:11:02:24 +0800] "GET /xingrg/kc/buy/cgsh_order_operate.html?command=get_materiel&rest_code=00146&code=00101008353&supplier_code=00100005&order_time=2023-04-20 HTTP/1.1" 200 408
120.253.135.82 - - [20/Apr/2023:11:02:24 +0800] "GET /xingrg/images/yd/bt.gif HTTP/1.1" 404 1040
120.253.135.82 - - [20/Apr/2023:11:02:25 +0800] "GET /xingrg/kc/mdqp/qqps_order_list.html HTTP/1.1" 200 9222
120.253.135.82 - - [20/Apr/2023:11:02:25 +0800] "GET /xingrg/dwr/interface/AjaxQqpsService.js HTTP/1.1" 200 16326
120.253.135.82 - - [20/Apr/2023:11:02:25 +0800] "GET /xingrg/dwr/interface/AjaxReportQueryService.js HTTP/1.1" 200 13203
120.253.135.82 - - [20/Apr/2023:11:02:25 +0800] "GET /xingrg/dwr/util.js HTTP/1.1" 200 35990
120.253.135.82 - - [20/Apr/2023:11:02:25 +0800] "GET /xingrg/dwr/engine.js HTTP/1.1" 200 43631
120.253.135.82 - - [20/Apr/2023:11:02:25 +0800] "GET /xingrg/javascript/Calendar.js HTTP/1.1" 200 31561
116.224.158.100 - - [20/Apr/2023:11:02:25 +0800] "POST /xingrg/login.do HTTP/1.1" 302 -
120.253.135.82 - - [20/Apr/2023:11:02:25 +0800] "GET /xingrg/javascript/jquery_easy_ui/themes/icons/check_new.png HTTP/1.1" 200 3224
120.253.135.82 - - [20/Apr/2023:11:02:25 +0800] "GET /xingrg/javascript/jquery_easy_ui/themes/icons/cance_new.png HTTP/1.1" 200 3986
120.253.135.82 - - [20/Apr/2023:11:02:25 +0800] "GET /xingrg/javascript/jquery_easy_ui/themes/icons/uncheck_new.png HTTP/1.1" 200 3197
120.253.135.82 - - [20/Apr/2023:11:02:25 +0800] "GET /xingrg/javascript/jquery_easy_ui/themes/icons/edit_add_new.png HTTP/1.1" 200 2997
116.224.158.100 - - [20/Apr/2023:11:02:25 +0800] "GET /xingrg/index.html?sysBaseUrl=http%3A%2F%2F180.169.147.146%3A18081%2Fxingrg%2F&costTime=1070×tamp=1681959745353 HTTP/1.1" 200 17173
116.224.158.100 - - [20/Apr/2023:11:02:25 +0800] "GET /xingrg/javascript/jquery_easy_ui/themes/default/easyui.css HTTP/1.1" 304 -
116.224.158.100 - - [20/Apr/2023:11:02:25 +0800] "GET /xingrg/javascript/jquery_easy_ui/themes/icon.css HTTP/1.1" 304 -
116.224.158.100 - - [20/Apr/2023:11:02:25 +0800] "GET /xingrg/css/form.css HTTP/1.1" 304 -
116.224.158.100 - - [20/Apr/2023:11:02:25 +0800] "GET /xingrg/javascript/jquery-1.4.2.min.js HTTP/1.1" 304 -
116.224.158.100 - - [20/Apr/2023:11:02:25 +0800] "GET /xingrg/javascript/jquery_easy_ui/jquery.easyui.min.js HTTP/1.1" 304 -
116.224.158.100 - - [20/Apr/2023:11:02:25 +0800] "GET /xingrg/javascript/jquery_easy_ui/easyui-lang-zh_CN.js HTTP/1.1" 304 -
116.224.158.100 - - [20/Apr/2023:11:02:25 +0800] "GET /xingrg/javascript/jquery.form.js HTTP/1.1" 304 -
116.224.158.100 - - [20/Apr/2023:11:02:25 +0800] "GET /xingrg/javascript/jquery.utils.js HTTP/1.1" 304 -
116.224.158.100 - - [20/Apr/2023:11:02:25 +0800] "GET /xingrg/javascript/jquery.timers.js HTTP/1.1" 304 -
116.224.158.100 - - [20/Apr/2023:11:02:25 +0800] "GET /favicon.ico HTTP/1.1" 404 -
116.224.158.100 - - [20/Apr/2023:11:02:25 +0800] "GET /xingrg/javascript/jquery_easy_ui/themes/icons/settle_new.png HTTP/1.1" 304 -
116.224.158.100 - - [20/Apr/2023:11:02:25 +0800] "GET /xingrg/images/blue/navBackgound.jpg HTTP/1.1" 304 -
116.224.158.100 - - [20/Apr/2023:11:02:26 +0800] "POST /xingrg/all/common/load_tree.html?tree=area_rest_tree_json&manage=1 HTTP/1.1" 200 342
116.224.158.100 - - [20/Apr/2023:11:02:26 +0800] "GET /xingrg/all/function/internal_message.html?_=1681959587034&CODE_STATE=count HTTP/1.1" 200 11
116.224.158.100 - - [20/Apr/2023:11:02:26 +0800] "GET /xingrg/check_reg.html?_=1681959587035 HTTP/1.1" 200 22
116.224.158.100 - - [20/Apr/2023:11:02:26 +0800] "GET /xingrg/images/blue/pingpu.png HTTP/1.1" 304 -
116.224.158.100 - - [20/Apr/2023:11:02:26 +0800] "GET /xingrg/javascript/jquery_easy_ui/themes/default/images/tabs_leftarrow.png HTTP/1.1" 304 -
116.224.158.100 - - [20/Apr/2023:11:02:26 +0800] "GET /xingrg/javascript/jquery_easy_ui/themes/default/images/tabs_rightarrow.png HTTP/1.1" 304 -
116.224.158.100 - - [20/Apr/2023:11:02:26 +0800] "GET /xingrg/javascript/jquery_easy_ui/themes/default/images/panel_tool_collapse.gif HTTP/1.1" 304 -
116.224.158.100 - - [20/Apr/2023:11:02:26 +0800] "POST /xingrg/load_menu.html HTTP/1.1" 200 5138
116.224.158.100 - - [20/Apr/2023:11:02:26 +0800] "GET /xingrg/javascript/jquery_easy_ui/themes/default/images/tree_arrows.gif HTTP/1.1" 304 -
116.224.158.100 - - [20/Apr/2023:11:02:26 +0800] "GET /xingrg/javascript/jquery_easy_ui/themes/default/images/tree_folder_open.gif HTTP/1.1" 304 -
116.224.158.100 - - [20/Apr/2023:11:02:26 +0800] "GET /xingrg/javascript/jquery_easy_ui/themes/icons/search_new.png HTTP/1.1" 304 -
116.224.158.100 - - [20/Apr/2023:11:02:26 +0800] "GET /xingrg/javascript/jquery_easy_ui/themes/default/images/tree_folder.gif HTTP/1.1" 304 -
116.224.158.100 - - [20/Apr/2023:11:02:26 +0800] "GET /xingrg/javascript/jquery_easy_ui/themes/icons/storage_new.png HTTP/1.1" 304 -
116.224.158.100 - - [20/Apr/2023:11:02:26 +0800] "GET /xingrg/javascript/jquery_easy_ui/themes/icons/forms_new.png HTTP/1.1" 304 -
116.224.158.100 - - [20/Apr/2023:11:02:26 +0800] "GET /xingrg/javascript/jquery_easy_ui/themes/default/images/tree_file.gif HTTP/1.1" 304 -
120.253.135.82 - - [20/Apr/2023:11:02:27 +0800] "GET /xingrg/kc/mdqp/qqps_order_list.html?isQuery=1&timeSelect=1&orderTime=day&startTime=2023-04-20&endTime=2023-04-20&state=all&query=%C8%B7++%B6%A8 HTTP/1.1" 200 9321
120.253.135.82 - - [20/Apr/2023:11:02:27 +0800] "GET /xingrg/dwr/interface/AjaxQqpsService.js HTTP/1.1" 200 16326
120.253.135.82 - - [20/Apr/2023:11:02:27 +0800] "GET /xingrg/dwr/engine.js HTTP/1.1" 200 43631
120.253.135.82 - - [20/Apr/2023:11:02:27 +0800] "GET /xingrg/dwr/interface/AjaxReportQueryService.js HTTP/1.1" 200 13203
116.224.158.100 - - [20/Apr/2023:11:02:28 +0800] "GET /xingrg/kc/buy/buy_main.html HTTP/1.1" 200 12412
116.224.158.100 - - [20/Apr/2023:11:02:28 +0800] "GET /xingrg/javascript/jquery_easy_ui/themes/default/images/tabs_close.gif HTTP/1.1" 304 -
116.224.158.100 - - [20/Apr/2023:11:02:28 +0800] "GET /xingrg/css/blue.css HTTP/1.1" 304 -
116.224.158.100 - - [20/Apr/2023:11:02:28 +0800] "GET /xingrg/css/new_ie.css HTTP/1.1" 404 1036
116.224.158.100 - - [20/Apr/2023:11:02:28 +0800] "GET /xingrg/javascript/jquery_ui/themes/humanity/humanity.css HTTP/1.1" 304 -
116.224.158.100 - - [20/Apr/2023:11:02:28 +0800] "GET /xingrg/javascript/pic_change.js HTTP/1.1" 304 -
116.224.158.100 - - [20/Apr/2023:11:02:28 +0800] "GET /xingrg/javascript/ToolTips.js HTTP/1.1" 304 -
116.224.158.100 - - [20/Apr/2023:11:02:28 +0800] "GET /xingrg/javascript/myfunction.js HTTP/1.1" 304 -
116.224.158.100 - - [20/Apr/2023:11:02:28 +0800] "GET /xingrg/javascript/jquery_ui/jquery-ui.min.js HTTP/1.1" 304 -
116.224.158.100 - - [20/Apr/2023:11:02:28 +0800] "GET /xingrg/images/blue/button/cgxqd.gif HTTP/1.1" 304 -
116.224.158.100 - - [20/Apr/2023:11:02:28 +0800] "GET /xingrg/images/blue/button/cgydd.gif HTTP/1.1" 304 -
116.224.158.100 - - [20/Apr/2023:11:02:28 +0800] "GET /xingrg/images/blue/button/cgshd.gif HTTP/1.1" 304 -
116.224.158.100 - - [20/Apr/2023:11:02:28 +0800] "GET /xingrg/images/blue/button/cgfkd.gif HTTP/1.1" 304 -
116.224.158.100 - - [20/Apr/2023:11:02:28 +0800] "GET /xingrg/images/blue/button/kc.gif HTTP/1.1" 304 -
116.224.158.100 - - [20/Apr/2023:11:02:28 +0800] "GET /xingrg/images/blue/button/ckthd.gif HTTP/1.1" 304 -
116.224.158.100 - - [20/Apr/2023:11:02:28 +0800] "GET /xingrg/images/blue/pic_form2.gif HTTP/1.1" 304 -
116.224.158.100 - - [20/Apr/2023:11:02:28 +0800] "GET /xingrg/javascript/jquery_ui/themes/humanity/images/ui-bg_inset-soft_100_f4f0ec_1x100.png HTTP/1.1" 304 -
116.224.158.100 - - [20/Apr/2023:11:02:28 +0800] "GET /xingrg/images/blue/bg_dotted.jpg HTTP/1.1" 304 -
116.224.158.100 - - [20/Apr/2023:11:02:28 +0800] "GET /xingrg/images/blue/button/right_ah.jpg HTTP/1.1" 304 -
116.224.158.100 - - [20/Apr/2023:11:02:28 +0800] "GET /xingrg/images/blue/button/down_ah.jpg HTTP/1.1" 304 -
116.224.158.100 - - [20/Apr/2023:11:02:28 +0800] "GET /xingrg/javascript/jquery_ui/themes/humanity/images/ui-iconsnew.jpg HTTP/1.1" 304 -
116.224.158.100 - - [20/Apr/2023:11:02:28 +0800] "GET /xingrg/javascript/jquery_ui/themes/humanity/images/ui-icons_ffffff_256x240.png HTTP/1.1" 304 -
116.224.158.100 - - [20/Apr/2023:11:02:28 +0800] "GET /xingrg/javascript/jquery_ui/themes/humanity/images/ui-icons_c47a23_256x240.png HTTP/1.1" 304 -
116.224.158.100 - - [20/Apr/2023:11:02:29 +0800] "GET /xingrg/javascript/jquery_ui/themes/humanity/images/ui-bg_glass_70_ede4d4_1x400.png HTTP/1.1" 304 -
116.224.158.100 - - [20/Apr/2023:11:02:29 +0800] "GET /xingrg/images/yd/bt.gif HTTP/1.1" 404 1040
120.253.135.82 - - [20/Apr/2023:11:02:29 +0800] "GET /xingrg/kc/mdqp/qp_main.html HTTP/1.1" 200 10633
116.224.158.100 - - [20/Apr/2023:11:02:30 +0800] "GET /xingrg/kc/buy/cgsh_order_list.html HTTP/1.1" 200 54945
116.224.158.100 - - [20/Apr/2023:11:02:30 +0800] "GET /xingrg/css/base.css HTTP/1.1" 304 -
116.224.158.100 - - [20/Apr/2023:11:02:30 +0800] "GET /xingrg/css/site.css HTTP/1.1" 304 -
116.224.158.100 - - [20/Apr/2023:11:02:30 +0800] "GET /xingrg/javascript/jquery_tools/datebox.css HTTP/1.1" 304 -
116.224.158.100 - - [20/Apr/2023:11:02:30 +0800] "GET /xingrg/javascript/easyui/themes/default/easyui.css HTTP/1.1" 304 -
116.224.158.100 - - [20/Apr/2023:11:02:30 +0800] "GET /xingrg/javascript/easyui/themes/icon.css HTTP/1.1" 304 -
116.224.158.100 - - [20/Apr/2023:11:02:30 +0800] "GET /xingrg/javascript/auto/jquery.autocomplete.css HTTP/1.1" 304 -
116.224.158.100 - - [20/Apr/2023:11:02:30 +0800] "GET /xingrg/javascript/jquery_tools/fix.css HTTP/1.1" 304 -
116.224.158.100 - - [20/Apr/2023:11:02:30 +0800] "GET /xingrg/javascript/jquery_tools/table.css HTTP/1.1" 304 -
116.224.158.100 - - [20/Apr/2023:11:02:30 +0800] "GET /xingrg/javascript/jquery_tools/jquery.tools.min.js HTTP/1.1" 304 -
116.224.158.100 - - [20/Apr/2023:11:02:30 +0800] "GET /xingrg/javascript/jquery_tools/jquery.tools.extend.js HTTP/1.1" 304 -
120.253.135.82 - - [20/Apr/2023:11:02:30 +0800] "GET /xingrg/kc/mdqp/pssh_order_list.html HTTP/1.1" 200 16982
116.224.158.100 - - [20/Apr/2023:11:02:30 +0800] "GET /xingrg/javascript/jquery_tools/jquery.tools.hotkey.js HTTP/1.1" 304 -
116.224.158.100 - - [20/Apr/2023:11:02:30 +0800] "GET /xingrg/javascript/jquery_tools/jquery.tools.table.js HTTP/1.1" 304 -
116.224.158.100 - - [20/Apr/2023:11:02:30 +0800] "GET /xingrg/javascript/jquery_tools/list_manager.js HTTP/1.1" 304 -
116.224.158.100 - - [20/Apr/2023:11:02:30 +0800] "GET /xingrg/javascript/auto/jquery.autocomplete.js HTTP/1.1" 304 -
116.224.158.100 - - [20/Apr/2023:11:02:30 +0800] "GET /xingrg/javascript/easyui/easyloader.js HTTP/1.1" 304 -
116.224.158.100 - - [20/Apr/2023:11:02:30 +0800] "GET /xingrg/javascript/jquery.cookie.js HTTP/1.1" 304 -
116.224.158.100 - - [20/Apr/2023:11:02:30 +0800] "GET /xingrg/javascript/print/LodopFuncs.js HTTP/1.1" 304 -
120.253.135.82 - - [20/Apr/2023:11:02:31 +0800] "POST /xingrg/kc/mdqp/pssh_list_operate.html HTTP/1.1" 200 5280
180.169.147.146 - - [20/Apr/2023:11:02:31 +0800] "POST /xingrg/kc/pszx/mdps_list_operate.html HTTP/1.1" 200 5150
180.169.147.146 - - [20/Apr/2023:11:02:31 +0800] "POST /xingrg/kc/pszx/mdps_list_operate.html HTTP/1.1" 200 5150
116.224.158.100 - - [20/Apr/2023:11:02:32 +0800] "GET /xingrg/javascript/easyui/themes/icons/import_new.png HTTP/1.1" 304 -
116.224.158.100 - - [20/Apr/2023:11:02:32 +0800] "GET /xingrg/javascript/easyui/themes/icons/check_new.png HTTP/1.1" 304 -
116.224.158.100 - - [20/Apr/2023:11:02:32 +0800] "GET /xingrg/javascript/easyui/themes/icons/field_new.png HTTP/1.1" 304 -
116.224.158.100 - - [20/Apr/2023:11:02:32 +0800] "GET /xingrg/javascript/easyui/themes/icons/cance_new.png HTTP/1.1" 304 -
116.224.158.100 - - [20/Apr/2023:11:02:32 +0800] "GET /xingrg/javascript/easyui/themes/icons/edit_add_new.png HTTP/1.1" 304 -
116.224.158.100 - - [20/Apr/2023:11:02:32 +0800] "GET /xingrg/javascript/easyui/plugins/jquery.parser.js HTTP/1.1" 304 -
116.224.158.100 - - [20/Apr/2023:11:02:32 +0800] "GET /xingrg/images/control/ajaxLoader.gif HTTP/1.1" 304 -
180.169.147.146 - - [20/Apr/2023:11:02:33 +0800] "GET /xingrg/kc/pszx/mdps_order_add.html HTTP/1.1" 200 29101
180.169.147.146 - - [20/Apr/2023:11:02:33 +0800] "POST /xingrg/kc/pszx/mdps_order_operate.html HTTP/1.1" 200 7126
180.169.147.146 - - [20/Apr/2023:11:02:33 +0800] "GET /xingrg/javascript/easyui/themes/default/validatebox.css HTTP/1.1" 404 1104
120.253.135.82 - - [20/Apr/2023:11:02:33 +0800] "POST /xingrg/kc/mdqp/pssh_list_operate.html HTTP/1.1" 200 366
180.169.147.146 - - [20/Apr/2023:11:02:35 +0800] "POST /xingrg/kc/pszx/mdps_list_operate.html HTTP/1.1" 200 5150
222.70.244.216 - - [20/Apr/2023:11:02:35 +0800] "GET /xingrg/kc/buy/cgsh_order_operate.html?command=get_materiel&rest_code=00146&code=00101008213&supplier_code=00100005&order_time=2023-04-20 HTTP/1.1" 200 432
120.253.135.82 - - [20/Apr/2023:11:02:35 +0800] "GET /xingrg/kc/mdqp/pssh_order_info.html?code=312023041900382 HTTP/1.1" 200 17299
120.253.135.82 - - [20/Apr/2023:11:02:35 +0800] "GET /xingrg/javascript/jquery_tools/jquery-1.4.2.min.js HTTP/1.1" 404 1094
120.253.135.82 - - [20/Apr/2023:11:02:36 +0800] "GET /xingrg/words/20230416123004_words.js HTTP/1.1" 304 -
180.169.147.146 - - [20/Apr/2023:11:02:36 +0800] "GET /xingrg/all/function/internal_message.html?_=1681959757372&CODE_STATE=getMsg HTTP/1.1" 200 27
180.164.3.199 - - [20/Apr/2023:11:02:37 +0800] "POST /xingrg/kc/base/wldb_order_operate.html HTTP/1.1" 200 37
120.253.135.82 - - [20/Apr/2023:11:02:37 +0800] "GET /xingrg/javascript/easyui/themes/icons/back_new.png HTTP/1.1" 200 3414
120.253.135.82 - - [20/Apr/2023:11:02:37 +0800] "GET /xingrg/javascript/easyui/themes/default/validatebox.css HTTP/1.1" 404 1104
120.253.135.82 - - [20/Apr/2023:11:02:37 +0800] "GET /xingrg/all/common/auto_word.html?type=base&rest_code=00157&rest_code=00157 HTTP/1.1" 200 735
180.164.3.199 - - [20/Apr/2023:11:02:37 +0800] "POST /xingrg/kc/base/wldb_order_operate.html HTTP/1.1" 200 2215
120.253.135.82 - - [20/Apr/2023:11:02:37 +0800] "POST /xingrg/kc/mdqp/pssh_order_operate.html HTTP/1.1" 200 1081
120.253.135.82 - - [20/Apr/2023:11:02:37 +0800] "GET /xingrg/all/common/auto_word.html?type=employee&rest_code=00157 HTTP/1.1" 200 51
180.169.147.146 - - [20/Apr/2023:11:02:38 +0800] "GET /xingrg/kc/pszx/mdqp_order_list.html?state=10 HTTP/1.1" 200 10275
180.169.147.146 - - [20/Apr/2023:11:02:38 +0800] "GET /xingrg/dwr/interface/AjaxQqpsService.js HTTP/1.1" 200 16326
180.169.147.146 - - [20/Apr/2023:11:02:38 +0800] "GET /xingrg/dwr/interface/AjaxReportQueryService.js HTTP/1.1" 200 13203
180.169.147.146 - - [20/Apr/2023:11:02:38 +0800] "GET /xingrg/dwr/engine.js HTTP/1.1" 200 43631
180.164.3.199 - - [20/Apr/2023:11:02:38 +0800] "GET /xingrg/kc/base/wldb_order_info.html?code=422023042001601 HTTP/1.1" 200 30405
180.164.3.199 - - [20/Apr/2023:11:02:38 +0800] "GET /xingrg/javascript/easyui/themes/default/validatebox.css HTTP/1.1" 404 1104
222.70.244.216 - - [20/Apr/2023:11:02:38 +0800] "POST /xingrg/kc/buy/cgsh_order_operate.html HTTP/1.1" 200 2065
180.164.3.199 - - [20/Apr/2023:11:02:39 +0800] "POST /xingrg/kc/base/wldb_order_operate.html HTTP/1.1" 200 2215
180.169.147.146 - - [20/Apr/2023:11:02:40 +0800] "GET /xingrg/kc/pszx/mdqp_order_list.html?orderTime=all&startTime=&endTime=&qpDepartmentCode=&state=10&query=%C8%B7++%B6%A8 HTTP/1.1" 200 10339
180.169.147.146 - - [20/Apr/2023:11:02:40 +0800] "GET /xingrg/dwr/interface/AjaxQqpsService.js HTTP/1.1" 200 16326
180.169.147.146 - - [20/Apr/2023:11:02:40 +0800] "GET /xingrg/dwr/interface/AjaxReportQueryService.js HTTP/1.1" 200 13203
180.169.147.146 - - [20/Apr/2023:11:02:40 +0800] "GET /xingrg/dwr/engine.js HTTP/1.1" 200 43631
180.164.3.199 - - [20/Apr/2023:11:02:40 +0800] "GET /xingrg/kc/base/wldb_order_add.html HTTP/1.1" 200 30391
180.164.3.199 - - [20/Apr/2023:11:02:40 +0800] "POST /xingrg/kc/base/wldb_order_operate.html HTTP/1.1" 200 6806
180.164.3.199 - - [20/Apr/2023:11:02:41 +0800] "GET /xingrg/javascript/easyui/themes/default/validatebox.css HTTP/1.1" 404 1104
116.227.208.255 - - [20/Apr/2023:11:02:41 +0800] "GET /xingrg/all/function/internal_message.html?_=1681959835852&CODE_STATE=getMsg HTTP/1.1" 200 27
120.253.135.82 - - [20/Apr/2023:11:02:41 +0800] "GET /xingrg/javascript/jquery_tools/images/next.gif HTTP/1.1" 404 1086
120.253.135.82 - - [20/Apr/2023:11:02:41 +0800] "GET /xingrg/javascript/jquery_tools/images/prev.gif HTTP/1.1" 404 1086
180.164.3.199 - - [20/Apr/2023:11:02:41 +0800] "GET /xingrg/all/function/internal_message.html?_=1681959760693&CODE_STATE=getMsg HTTP/1.1" 200 27
180.169.147.146 - - [20/Apr/2023:11:02:42 +0800] "POST /xingrg/dwr/call/plaincall/AjaxReportQueryService.getFixDate.dwr HTTP/1.1" 200 111
116.238.139.35 - - [20/Apr/2023:11:02:42 +0800] "GET /xingrg/all/function/internal_message.html?_=1681959701356&CODE_STATE=getMsg HTTP/1.1" 200 27
116.224.158.100 - - [20/Apr/2023:11:02:42 +0800] "POST /xingrg/kc/buy/cgsh_list_operate.html HTTP/1.1" 200 3971
180.169.147.146 - - [20/Apr/2023:11:02:43 +0800] "GET /xingrg/kc/pszx/mdqp_order_list.html?orderTime=month&startTime=2023-04-01&endTime=2023-04-30&qpDepartmentCode=&state=10&query=%C8%B7++%B6%A8 HTTP/1.1" 200 10381
180.169.147.146 - - [20/Apr/2023:11:02:43 +0800] "GET /xingrg/dwr/interface/AjaxQqpsService.js HTTP/1.1" 200 16326
180.169.147.146 - - [20/Apr/2023:11:02:43 +0800] "GET /xingrg/dwr/interface/AjaxReportQueryService.js HTTP/1.1" 200 13203
180.169.147.146 - - [20/Apr/2023:11:02:43 +0800] "GET /xingrg/dwr/engine.js HTTP/1.1" 200 43631
180.169.147.146 - - [20/Apr/2023:11:02:44 +0800] "GET /xingrg/kc/pszx/mdqp_order_list.html?orderTime=month&startTime=2023-04-01&endTime=2023-04-30&qpDepartmentCode=&state=all&query=%C8%B7++%B6%A8 HTTP/1.1" 200 17442
180.169.147.146 - - [20/Apr/2023:11:02:44 +0800] "GET /xingrg/dwr/interface/AjaxQqpsService.js HTTP/1.1" 200 16326
180.169.147.146 - - [20/Apr/2023:11:02:44 +0800] "GET /xingrg/dwr/interface/AjaxReportQueryService.js HTTP/1.1" 200 13203
180.169.147.146 - - [20/Apr/2023:11:02:44 +0800] "GET /xingrg/dwr/engine.js HTTP/1.1" 200 43631
116.237.74.38 - - [20/Apr/2023:11:02:45 +0800] "GET /xingrg/all/function/internal_message.html?_=1681959762798&CODE_STATE=getMsg HTTP/1.1" 200 27
222.70.244.216 - - [20/Apr/2023:11:02:45 +0800] "GET /xingrg/kc/buy/cgsh_order_operate.html?command=get_materiel&rest_code=00146&code=00101008242&supplier_code=00100005&order_time=2023-04-20 HTTP/1.1" 200 408
120.253.135.82 - - [20/Apr/2023:11:02:45 +0800] "GET /xingrg/javascript/auto/indicator.gif HTTP/1.1" 404 1066
180.169.147.146 - - [20/Apr/2023:11:02:48 +0800] "GET /xingrg/kc/pszx/mdqp_order_info.html?code=302023041900330 HTTP/1.1" 200 12901
180.169.147.146 - - [20/Apr/2023:11:02:48 +0800] "GET /xingrg/dwr/interface/AjaxComOrderService.js HTTP/1.1" 200 18264
180.169.147.146 - - [20/Apr/2023:11:02:48 +0800] "GET /xingrg/dwr/interface/AjaxQqpsService.js HTTP/1.1" 200 16326
180.169.147.146 - - [20/Apr/2023:11:02:48 +0800] "GET /xingrg/dwr/engine.js HTTP/1.1" 200 43631
222.70.244.216 - - [20/Apr/2023:11:02:49 +0800] "GET /xingrg/check_reg.html?_=1681959782983 HTTP/1.1" 200 22
180.169.147.146 - - [20/Apr/2023:11:02:49 +0800] "POST /xingrg/dwr/call/plaincall/AjaxQqpsService.loadMaterielItems.dwr HTTP/1.1" 200 6146
120.253.135.82 - - [20/Apr/2023:11:02:52 +0800] "POST /xingrg/kc/mdqp/pssh_order_operate.html HTTP/1.1" 200 37
120.253.135.82 - - [20/Apr/2023:11:02:55 +0800] "POST /xingrg/kc/mdqp/pssh_order_operate.html HTTP/1.1" 200 12
222.70.244.216 - - [20/Apr/2023:11:02:57 +0800] "GET /xingrg/kc/buy/cgsh_order_operate.html?command=get_materiel&rest_code=00146&code=00101008283&supplier_code=00100005&order_time=2023-04-20 HTTP/1.1" 200 408
114.84.144.20 - - [20/Apr/2023:11:03:00 +0800] "GET /xingrg/all/function/internal_message.html?_=1681959779755&CODE_STATE=getMsg HTTP/1.1" 200 27
180.164.3.199 - - [20/Apr/2023:11:03:05 +0800] "GET /xingrg/kc/base/wldb_order_operate.html?command=get_materiel&rest_code=00108&base_code=0010538&code=00101019373 HTTP/1.1" 200 465
114.84.144.20 - - [20/Apr/2023:11:03:06 +0800] "GET /xingrg/all/function/internal_message.html?_=1681959787029&CODE_STATE=getMsg HTTP/1.1" 200 27
180.169.147.146 - - [20/Apr/2023:11:03:07 +0800] "GET /xingrg/all/function/internal_message.html?_=1681959783864&CODE_STATE=getMsg HTTP/1.1" 200 27
116.238.139.35 - - [20/Apr/2023:11:03:07 +0800] "GET /xingrg/all/function/internal_message.html?_=1681959787587&CODE_STATE=getMsg HTTP/1.1" 200 27
222.70.244.216 - - [20/Apr/2023:11:03:07 +0800] "GET /xingrg/kc/buy/cgsh_order_operate.html?command=get_materiel&rest_code=00146&code=00101008211&supplier_code=00100005&order_time=2023-04-20 HTTP/1.1" 200 412
116.224.158.100 - - [20/Apr/2023:11:03:09 +0800] "GET /xingrg/all/function/internal_message.html?_=1681959789506&CODE_STATE=getMsg HTTP/1.1" 200 27
116.224.158.100 - - [20/Apr/2023:11:03:09 +0800] "GET /xingrg/javascript/easyui/themes/default/images/button_plain_hover.png HTTP/1.1" 304 -
180.164.3.199 - - [20/Apr/2023:11:03:09 +0800] "POST /xingrg/kc/base/wldb_list_operate.html HTTP/1.1" 200 5049
120.253.135.82 - - [20/Apr/2023:11:03:10 +0800] "GET /xingrg/kc/mdqp/pssh_order_info.html?code=312023041900382 HTTP/1.1" 200 14390
120.253.135.82 - - [20/Apr/2023:11:03:10 +0800] "GET /xingrg/javascript/jquery_tools/jquery-1.4.2.min.js HTTP/1.1" 404 1094
120.253.135.82 - - [20/Apr/2023:11:03:10 +0800] "GET /xingrg/javascript/easyui/themes/icons/uncheck_new.png HTTP/1.1" 200 3197
120.253.135.82 - - [20/Apr/2023:11:03:10 +0800] "GET /xingrg/javascript/easyui/themes/default/validatebox.css HTTP/1.1" 404 1104
120.253.135.82 - - [20/Apr/2023:11:03:10 +0800] "POST /xingrg/kc/mdqp/pssh_order_operate.html HTTP/1.1" 200 1081
116.237.74.38 - - [20/Apr/2023:11:03:10 +0800] "GET /xingrg/kc/mdqp/qqps_order_info.html?code=302023042000336 HTTP/1.1" 200 28398
116.237.74.38 - - [20/Apr/2023:11:03:11 +0800] "GET /xingrg/dwr/interface/AjaxComOrderService.js HTTP/1.1" 200 18264
116.237.74.38 - - [20/Apr/2023:11:03:11 +0800] "GET /xingrg/dwr/interface/AjaxQqpsService.js HTTP/1.1" 200 16326
116.237.74.38 - - [20/Apr/2023:11:03:11 +0800] "GET /xingrg/dwr/engine.js HTTP/1.1" 200 43631
116.224.158.100 - - [20/Apr/2023:11:03:11 +0800] "GET /xingrg/kc/buy/cgsh_order_add.html HTTP/1.1" 200 70809
116.224.158.100 - - [20/Apr/2023:11:03:11 +0800] "GET /xingrg/javascript/jquery_tools/order_manager.js HTTP/1.1" 304 -
116.224.158.100 - - [20/Apr/2023:11:03:11 +0800] "GET /xingrg/javascript/convert.js HTTP/1.1" 304 -
116.224.158.100 - - [20/Apr/2023:11:03:11 +0800] "GET /xingrg/javascript/json2.js HTTP/1.1" 304 -
116.224.158.100 - - [20/Apr/2023:11:03:11 +0800] "GET /xingrg/javascript/print/kc_print.js HTTP/1.1" 304 -
116.224.158.100 - - [20/Apr/2023:11:03:11 +0800] "GET /xingrg/words/20230416123004_words.js HTTP/1.1" 200 960840
116.224.158.100 - - [20/Apr/2023:11:03:11 +0800] "GET /xingrg/javascript/easyui/themes/icons/template_new.png HTTP/1.1" 304 -
116.224.158.100 - - [20/Apr/2023:11:03:11 +0800] "GET /xingrg/javascript/easyui/themes/icons/ok.png HTTP/1.1" 304 -
116.224.158.100 - - [20/Apr/2023:11:03:11 +0800] "GET /xingrg/javascript/easyui/themes/icons/copy_new.png HTTP/1.1" 304 -
116.224.158.100 - - [20/Apr/2023:11:03:11 +0800] "GET /xingrg/javascript/easyui/themes/icons/print.png HTTP/1.1" 304 -
116.224.158.100 - - [20/Apr/2023:11:03:11 +0800] "GET /xingrg/javascript/easyui/themes/default/images/menu_downarrow.png HTTP/1.1" 304 -
116.224.158.100 - - [20/Apr/2023:11:03:11 +0800] "GET /xingrg/javascript/easyui/themes/icons/cancel.png HTTP/1.1" 304 -
120.253.135.82 - - [20/Apr/2023:11:03:11 +0800] "GET /xingrg/kc/print/load_config.html?kc_code=pssh HTTP/1.1" 200 2362
116.237.74.38 - - [20/Apr/2023:11:03:11 +0800] "POST /xingrg/dwr/call/plaincall/AjaxQqpsService.loadMaterielItems.dwr HTTP/1.1" 200 873
116.224.158.100 - - [20/Apr/2023:11:03:12 +0800] "POST /xingrg/kc/buy/cgsh_order_operate.html HTTP/1.1" 200 8245
116.224.158.100 - - [20/Apr/2023:11:03:12 +0800] "GET /xingrg/javascript/easyui/themes/default/validatebox.css HTTP/1.1" 404 1104
116.224.158.100 - - [20/Apr/2023:11:03:12 +0800] "GET /xingrg/javascript/easyui/plugins/jquery.validatebox.js HTTP/1.1" 304 -
116.237.74.38 - - [20/Apr/2023:11:03:12 +0800] "GET /xingrg/all/function/internal_message.html?_=1681959793105&CODE_STATE=getMsg HTTP/1.1" 200 27
116.237.74.38 - - [20/Apr/2023:11:03:12 +0800] "GET /xingrg/check_reg.html?_=1681959793107 HTTP/1.1" 200 22
116.224.158.100 - - [20/Apr/2023:11:03:12 +0800] "GET /xingrg/javascript/easyui/themes/icons/edit_remove.png HTTP/1.1" 304 -
116.224.158.100 - - [20/Apr/2023:11:03:12 +0800] "GET /xingrg/javascript/easyui/plugins/jquery.numberbox.js HTTP/1.1" 304 -
116.224.158.100 - - [20/Apr/2023:11:03:12 +0800] "GET /xingrg/all/common/auto_word.html?type=employee&rest_code=00105 HTTP/1.1" 200 193
116.224.158.100 - - [20/Apr/2023:11:03:12 +0800] "GET /xingrg/all/common/auto_word.html?type=employee&rest_code=00105 HTTP/1.1" 200 193
120.253.135.82 - - [20/Apr/2023:11:03:12 +0800] "GET /xingrg/kc/print/load_data.html?order_code=312023041900382&kc_code=pssh&condition= HTTP/1.1" 200 868
116.224.158.100 - - [20/Apr/2023:11:03:15 +0800] "GET /xingrg/javascript/auto/indicator.gif HTTP/1.1" 404 1066
222.70.244.216 - - [20/Apr/2023:11:03:16 +0800] "GET /xingrg/all/function/internal_message.html?_=1681959810360&CODE_STATE=getMsg HTTP/1.1" 200 27
116.224.106.218 - - [20/Apr/2023:11:03:18 +0800] "GET /xingrg/all/function/internal_message.html?_=1681959797209&CODE_STATE=getMsg HTTP/1.1" 200 27
116.227.208.255 - - [20/Apr/2023:11:03:18 +0800] "POST /xingrg/services/DataTransmitService HTTP/1.1" 200 524
222.70.244.216 - - [20/Apr/2023:11:03:19 +0800] "GET /xingrg/kc/buy/cgsh_order_operate.html?command=get_materiel&rest_code=00146&code=00101008225&supplier_code=00100005&order_time=2023-04-20 HTTP/1.1" 200 417
58.221.95.50 - - [20/Apr/2023:11:03:19 +0800] "GET /xingrg/all/function/internal_message.html?_=1681959800117&CODE_STATE=getMsg HTTP/1.1" 200 27
120.253.135.82 - - [20/Apr/2023:11:03:20 +0800] "POST /xingrg/kc/mdqp/pssh_list_operate.html HTTP/1.1" 200 650
180.164.3.199 - - [20/Apr/2023:11:03:20 +0800] "GET /xingrg/kc/base/wldb_order_list.html HTTP/1.1" 200 19108
120.253.135.82 - - [20/Apr/2023:11:03:20 +0800] "GET /xingrg/all/function/internal_message.html?_=1681959803488&CODE_STATE=getMsg HTTP/1.1" 200 27
180.164.3.199 - - [20/Apr/2023:11:03:21 +0800] "POST /xingrg/kc/base/wldb_list_operate.html HTTP/1.1" 200 5049
116.227.208.255 - - [20/Apr/2023:11:03:21 +0800] "POST /xingrg/services/DataTransmitService HTTP/1.1" 200 412
120.253.135.82 - - [20/Apr/2023:11:03:21 +0800] "GET /xingrg/kc/mdqp/pssh_order_info.html?code=312023041700356 HTTP/1.1" 200 17301
120.253.135.82 - - [20/Apr/2023:11:03:21 +0800] "GET /xingrg/javascript/jquery_tools/jquery-1.4.2.min.js HTTP/1.1" 404 1094
116.237.74.38 - - [20/Apr/2023:11:03:21 +0800] "GET /xingrg/all/function/internal_message.html?_=1681959802921&CODE_STATE=getMsg HTTP/1.1" 200 27
116.237.74.38 - - [20/Apr/2023:11:03:21 +0800] "GET /xingrg/check_reg.html?_=1681959802986 HTTP/1.1" 200 22
120.253.135.82 - - [20/Apr/2023:11:03:22 +0800] "GET /xingrg/javascript/easyui/themes/default/validatebox.css HTTP/1.1" 404 1104
120.253.135.82 - - [20/Apr/2023:11:03:22 +0800] "POST /xingrg/kc/mdqp/pssh_order_operate.html HTTP/1.1" 200 2614
116.224.158.100 - - [20/Apr/2023:11:03:26 +0800] "GET /xingrg/all/function/internal_message.html?_=1681959647042&CODE_STATE=getMsg HTTP/1.1" 200 27
222.70.244.216 - - [20/Apr/2023:11:03:29 +0800] "GET /xingrg/kc/buy/cgsh_order_operate.html?command=get_materiel&rest_code=00146&code=00101008403&supplier_code=00100005&order_time=2023-04-20 HTTP/1.1" 200 431
120.253.135.82 - - [20/Apr/2023:11:03:30 +0800] "POST /xingrg/kc/mdqp/pssh_order_operate.html HTTP/1.1" 200 37
180.169.147.146 - - [20/Apr/2023:11:03:31 +0800] "GET /xingrg/kc/pszx/mdps_order_list.html?orderType=0 HTTP/1.1" 200 21032
116.224.158.100 - - [20/Apr/2023:11:03:32 +0800] "GET /xingrg/kc/buy/cgsh_order_operate.html?command=get_materiel&rest_code=00105&code=00101029005&supplier_code=00100017&order_time=2023-04-20 HTTP/1.1" 200 436
180.169.147.146 - - [20/Apr/2023:11:03:32 +0800] "POST /xingrg/kc/pszx/mdps_list_operate.html HTTP/1.1" 200 5150
222.70.244.216 - - [20/Apr/2023:11:03:32 +0800] "POST /xingrg/kc/buy/cgsh_order_operate.html HTTP/1.1" 200 2065
116.237.74.38 - - [20/Apr/2023:11:03:34 +0800] "POST /xingrg/dwr/call/plaincall/AjaxQqpsService.getMaterielByCode.dwr HTTP/1.1" 200 2749
116.237.74.38 - - [20/Apr/2023:11:03:34 +0800] "GET /xingrg/javascript/auto/indicator.gif HTTP/1.1" 404 1066
180.169.147.146 - - [20/Apr/2023:11:03:36 +0800] "GET /xingrg/kc/pszx/mdqp_order_list.html?state=10 HTTP/1.1" 200 10275
180.169.147.146 - - [20/Apr/2023:11:03:36 +0800] "GET /xingrg/dwr/interface/AjaxReportQueryService.js HTTP/1.1" 200 13203
180.169.147.146 - - [20/Apr/2023:11:03:36 +0800] "GET /xingrg/dwr/interface/AjaxQqpsService.js HTTP/1.1" 200 16326
180.169.147.146 - - [20/Apr/2023:11:03:36 +0800] "GET /xingrg/dwr/engine.js HTTP/1.1" 200 43631
180.169.147.146 - - [20/Apr/2023:11:03:36 +0800] "GET /xingrg/all/function/internal_message.html?_=1681959817382&CODE_STATE=getMsg HTTP/1.1" 200 27
116.237.74.38 - - [20/Apr/2023:11:03:36 +0800] "POST /xingrg/dwr/call/plaincall/AjaxQqpsService.saveMaterielItem.dwr HTTP/1.1" 200 79
120.253.135.82 - - [20/Apr/2023:11:03:37 +0800] "POST /xingrg/kc/mdqp/pssh_order_operate.html HTTP/1.1" 200 12
180.169.147.146 - - [20/Apr/2023:11:03:39 +0800] "POST /xingrg/dwr/call/plaincall/AjaxReportQueryService.getFixDate.dwr HTTP/1.1" 200 111
116.227.208.255 - - [20/Apr/2023:11:03:41 +0800] "GET /xingrg/all/function/internal_message.html?_=1681959895832&CODE_STATE=getMsg HTTP/1.1" 200 27
180.169.147.146 - - [20/Apr/2023:11:03:41 +0800] "GET /xingrg/kc/pszx/mdqp_order_list.html?orderTime=month&startTime=2023-04-01&endTime=2023-04-30&qpDepartmentCode=&state=all&query=%C8%B7++%B6%A8 HTTP/1.1" 200 17442
180.169.147.146 - - [20/Apr/2023:11:03:41 +0800] "GET /xingrg/dwr/interface/AjaxQqpsService.js HTTP/1.1" 200 16326
180.169.147.146 - - [20/Apr/2023:11:03:41 +0800] "GET /xingrg/dwr/interface/AjaxReportQueryService.js HTTP/1.1" 200 13203
180.169.147.146 - - [20/Apr/2023:11:03:41 +0800] "GET /xingrg/dwr/engine.js HTTP/1.1" 200 43631
180.164.3.199 - - [20/Apr/2023:11:03:41 +0800] "GET /xingrg/all/function/internal_message.html?_=1681959820673&CODE_STATE=getMsg HTTP/1.1" 200 27
116.237.74.38 - - [20/Apr/2023:11:03:42 +0800] "POST /xingrg/dwr/call/plaincall/AjaxQqpsService.getMaterielByCode.dwr HTTP/1.1" 200 2744
116.238.139.35 - - [20/Apr/2023:11:03:42 +0800] "GET /xingrg/all/function/internal_message.html?_=1681959761364&CODE_STATE=getMsg HTTP/1.1" 200 27
180.169.147.146 - - [20/Apr/2023:11:03:42 +0800] "GET /xingrg/kc/pszx/mdqp_order_list.html?orderTime=month&startTime=2023-04-01&endTime=2023-04-30&qpDepartmentCode=&state=all&query=%C8%B7++%B6%A8 HTTP/1.1" 200 17442
180.169.147.146 - - [20/Apr/2023:11:03:42 +0800] "GET /xingrg/dwr/interface/AjaxQqpsService.js HTTP/1.1" 200 16326
180.169.147.146 - - [20/Apr/2023:11:03:42 +0800] "GET /xingrg/dwr/interface/AjaxReportQueryService.js HTTP/1.1" 200 13203
180.169.147.146 - - [20/Apr/2023:11:03:42 +0800] "GET /xingrg/dwr/engine.js HTTP/1.1" 200 43631
116.227.208.255 - - [20/Apr/2023:11:03:42 +0800] "GET /xingrg/check_reg.html?_=1681959897319 HTTP/1.1" 200 22
222.70.244.216 - - [20/Apr/2023:11:03:43 +0800] "GET /xingrg/kc/buy/cgsh_order_operate.html?command=get_materiel&rest_code=00146&code=00101009044&supplier_code=00100005&order_time=2023-04-20 HTTP/1.1" 200 413
116.237.74.38 - - [20/Apr/2023:11:03:45 +0800] "GET /xingrg/all/function/internal_message.html?_=1681959822786&CODE_STATE=getMsg HTTP/1.1" 200 27
180.169.147.146 - - [20/Apr/2023:11:03:46 +0800] "GET /xingrg/kc/pszx/mdqp_order_list.html?orderTime=month&startTime=2023-04-01&endTime=2023-04-30&qpDepartmentCode=&state=all&query=?%20%20??&page_num=2 HTTP/1.1" 200 17764
180.169.147.146 - - [20/Apr/2023:11:03:46 +0800] "GET /xingrg/dwr/interface/AjaxQqpsService.js HTTP/1.1" 200 16326
180.169.147.146 - - [20/Apr/2023:11:03:46 +0800] "GET /xingrg/dwr/interface/AjaxReportQueryService.js HTTP/1.1" 200 13203
180.169.147.146 - - [20/Apr/2023:11:03:46 +0800] "GET /xingrg/dwr/engine.js HTTP/1.1" 200 43631
180.169.147.146 - - [20/Apr/2023:11:03:48 +0800] "GET /xingrg/kc/pszx/mdqp_order_info.html?code=302023041800318 HTTP/1.1" 200 12913
180.169.147.146 - - [20/Apr/2023:11:03:48 +0800] "GET /xingrg/dwr/interface/AjaxComOrderService.js HTTP/1.1" 200 18264
180.169.147.146 - - [20/Apr/2023:11:03:48 +0800] "GET /xingrg/dwr/interface/AjaxQqpsService.js HTTP/1.1" 200 16326
180.169.147.146 - - [20/Apr/2023:11:03:48 +0800] "GET /xingrg/dwr/engine.js HTTP/1.1" 200 43631
180.169.147.146 - - [20/Apr/2023:11:03:49 +0800] "POST /xingrg/dwr/call/plaincall/AjaxQqpsService.loadMaterielItems.dwr HTTP/1.1" 200 10600
116.237.74.38 - - [20/Apr/2023:11:03:50 +0800] "POST /xingrg/dwr/call/plaincall/AjaxQqpsService.saveMaterielItem.dwr HTTP/1.1" 200 78
120.253.135.82 - - [20/Apr/2023:11:03:53 +0800] "GET /xingrg/kc/mdqp/pssh_order_info.html?code=312023041700356 HTTP/1.1" 200 14390
120.253.135.82 - - [20/Apr/2023:11:03:53 +0800] "GET /xingrg/javascript/jquery_tools/jquery-1.4.2.min.js HTTP/1.1" 404 1094
120.253.135.82 - - [20/Apr/2023:11:03:54 +0800] "GET /xingrg/javascript/easyui/themes/default/validatebox.css HTTP/1.1" 404 1104
120.253.135.82 - - [20/Apr/2023:11:03:54 +0800] "POST /xingrg/kc/mdqp/pssh_order_operate.html HTTP/1.1" 200 2614
180.169.147.146 - - [20/Apr/2023:11:03:54 +0800] "GET /xingrg/kc/pszx/mdps_order_list.html?orderType=0 HTTP/1.1" 200 21032
180.169.147.146 - - [20/Apr/2023:11:03:55 +0800] "POST /xingrg/kc/pszx/mdps_list_operate.html HTTP/1.1" 200 5150
180.164.3.199 - - [20/Apr/2023:11:03:55 +0800] "GET /xingrg/check_reg.html?_=1681959834823 HTTP/1.1" 200 22
180.169.147.146 - - [20/Apr/2023:11:03:56 +0800] "POST /xingrg/kc/pszx/mdps_list_operate.html HTTP/1.1" 200 439
120.253.135.82 - - [20/Apr/2023:11:03:56 +0800] "GET /xingrg/kc/print/load_data.html?order_code=312023041700356&kc_code=pssh&condition= HTTP/1.1" 200 1361
180.169.147.146 - - [20/Apr/2023:11:03:56 +0800] "POST /xingrg/kc/pszx/mdps_list_operate.html HTTP/1.1" 200 604
180.169.147.146 - - [20/Apr/2023:11:03:58 +0800] "GET /xingrg/kc/pszx/mdps_order_info.html?code=312023042000387 HTTP/1.1" 200 23972
180.169.147.146 - - [20/Apr/2023:11:03:58 +0800] "GET /xingrg/javascript/easyui/themes/default/validatebox.css HTTP/1.1" 404 1104
180.169.147.146 - - [20/Apr/2023:11:03:59 +0800] "POST /xingrg/kc/pszx/mdps_order_operate.html HTTP/1.1" 200 6795
114.84.144.20 - - [20/Apr/2023:11:04:00 +0800] "GET /xingrg/all/function/internal_message.html?_=1681959839745&CODE_STATE=getMsg HTTP/1.1" 200 27
58.221.95.50 - - [20/Apr/2023:11:04:02 +0800] "GET /xingrg/check_reg.html?_=1681959842838 HTTP/1.1" 200 22
180.169.147.146 - - [20/Apr/2023:11:04:03 +0800] "GET /xingrg/kc/pszx/mdps_order_add.html HTTP/1.1" 200 29101
180.169.147.146 - - [20/Apr/2023:11:04:04 +0800] "POST /xingrg/kc/pszx/mdps_order_operate.html HTTP/1.1" 200 7126
180.169.147.146 - - [20/Apr/2023:11:04:04 +0800] "GET /xingrg/javascript/easyui/themes/default/validatebox.css HTTP/1.1" 404 1104
120.253.135.82 - - [20/Apr/2023:11:04:04 +0800] "POST /xingrg/kc/mdqp/pssh_list_operate.html HTTP/1.1" 200 814
180.169.147.146 - - [20/Apr/2023:11:04:05 +0800] "GET /xingrg/javascript/easyui/themes/default/tree.css HTTP/1.1" 404 1090
180.169.147.146 - - [20/Apr/2023:11:04:06 +0800] "POST /xingrg/all/common/load_tree.html?tree=area_rest_tree_json&only_rest=1 HTTP/1.1" 200 3378
180.169.147.146 - - [20/Apr/2023:11:04:06 +0800] "GET /xingrg/javascript/easyui/themes/default/images/tree_arrows.gif HTTP/1.1" 200 617
180.169.147.146 - - [20/Apr/2023:11:04:06 +0800] "GET /xingrg/javascript/easyui/themes/default/images/tree_folder_open.gif HTTP/1.1" 200 956
180.169.147.146 - - [20/Apr/2023:11:04:06 +0800] "GET /xingrg/javascript/easyui/themes/icons/area.png HTTP/1.1" 200 262
180.169.147.146 - - [20/Apr/2023:11:04:06 +0800] "GET /xingrg/javascript/easyui/themes/icons/rest.png HTTP/1.1" 200 695
114.84.144.20 - - [20/Apr/2023:11:04:06 +0800] "GET /xingrg/all/function/internal_message.html?_=1681959847027&CODE_STATE=getMsg HTTP/1.1" 200 27
180.169.147.146 - - [20/Apr/2023:11:04:07 +0800] "GET /xingrg/all/function/internal_message.html?_=1681959843891&CODE_STATE=getMsg HTTP/1.1" 200 27
116.238.139.35 - - [20/Apr/2023:11:04:07 +0800] "GET /xingrg/all/function/internal_message.html?_=1681959847589&CODE_STATE=getMsg HTTP/1.1" 200 27
120.253.135.82 - - [20/Apr/2023:11:04:08 +0800] "POST /xingrg/kc/mdqp/pssh_list_operate.html HTTP/1.1" 200 5330
116.224.158.100 - - [20/Apr/2023:11:04:09 +0800] "GET /xingrg/all/function/internal_message.html?_=1681959849477&CODE_STATE=getMsg HTTP/1.1" 200 27
120.253.135.82 - - [20/Apr/2023:11:04:09 +0800] "POST /xingrg/kc/mdqp/pssh_list_operate.html HTTP/1.1" 200 469
116.224.158.100 - - [20/Apr/2023:11:04:10 +0800] "GET /xingrg/kc/buy/cgsh_order_operate.html?command=get_materiel&rest_code=00105&code=00101029022&supplier_code=00100017&order_time=2023-04-20 HTTP/1.1" 200 452
116.237.74.38 - - [20/Apr/2023:11:04:10 +0800] "POST /xingrg/dwr/call/plaincall/AjaxQqpsService.getMaterielByCode.dwr HTTP/1.1" 200 2665
120.253.135.82 - - [20/Apr/2023:11:04:11 +0800] "GET /xingrg/kc/mdqp/pssh_order_info.html?code=312023041700357 HTTP/1.1" 200 17301
120.253.135.82 - - [20/Apr/2023:11:04:11 +0800] "GET /xingrg/javascript/jquery_tools/jquery-1.4.2.min.js HTTP/1.1" 404 1094
120.253.135.82 - - [20/Apr/2023:11:04:11 +0800] "GET /xingrg/javascript/easyui/themes/default/validatebox.css HTTP/1.1" 404 1104
120.253.135.82 - - [20/Apr/2023:11:04:11 +0800] "POST /xingrg/kc/mdqp/pssh_order_operate.html HTTP/1.1" 200 1619
180.169.147.146 - - [20/Apr/2023:11:04:11 +0800] "GET /xingrg/javascript/auto/indicator.gif HTTP/1.1" 404 1066
116.237.74.38 - - [20/Apr/2023:11:04:12 +0800] "GET /xingrg/all/function/internal_message.html?_=1681959853092&CODE_STATE=getMsg HTTP/1.1" 200 27
116.224.158.100 - - [20/Apr/2023:11:04:12 +0800] "GET /xingrg/check_reg.html?_=1681959852646 HTTP/1.1" 200 22
180.169.147.146 - - [20/Apr/2023:11:04:14 +0800] "GET /xingrg/kc/pszx/mdps_order_operate.html?command=get_materiel&pszx_code=00101&rest_code=00102&base_code=&code=00101019536 HTTP/1.1" 200 482
114.85.98.23 - - [20/Apr/2023:11:04:16 +0800] "GET /xingrg/check_reg.html?_=1681959858105 HTTP/1.1" 200 22
222.70.244.216 - - [20/Apr/2023:11:04:16 +0800] "GET /xingrg/all/function/internal_message.html?_=1681959870369&CODE_STATE=getMsg HTTP/1.1" 200 27
116.224.106.218 - - [20/Apr/2023:11:04:18 +0800] "GET /xingrg/check_reg.html?_=1681959857209 HTTP/1.1" 200 22
116.224.106.218 - - [20/Apr/2023:11:04:18 +0800] "GET /xingrg/all/function/internal_message.html?_=1681959857213&CODE_STATE=getMsg HTTP/1.1" 200 27
58.221.95.50 - - [20/Apr/2023:11:04:19 +0800] "GET /xingrg/all/function/internal_message.html?_=1681959860099&CODE_STATE=getMsg HTTP/1.1" 200 27
120.253.135.82 - - [20/Apr/2023:11:04:19 +0800] "POST /xingrg/kc/mdqp/pssh_order_operate.html HTTP/1.1" 200 37
120.253.135.82 - - [20/Apr/2023:11:04:21 +0800] "GET /xingrg/all/function/internal_message.html?_=1681959863493&CODE_STATE=getMsg HTTP/1.1" 200 27
116.237.74.38 - - [20/Apr/2023:11:04:21 +0800] "GET /xingrg/all/function/internal_message.html?_=1681959862896&CODE_STATE=getMsg HTTP/1.1" 200 27
116.224.158.100 - - [20/Apr/2023:11:04:26 +0800] "GET /xingrg/all/function/internal_message.html?_=1681959707047&CODE_STATE=getMsg HTTP/1.1" 200 27
120.253.135.82 - - [20/Apr/2023:11:04:26 +0800] "POST /xingrg/kc/mdqp/pssh_order_operate.html HTTP/1.1" 200 12
180.169.147.146 - - [20/Apr/2023:11:04:27 +0800] "GET /xingrg/system/info/materiel_import.html?isSelect=1&singleSelect=false HTTP/1.1" 200 5600
180.169.147.146 - - [20/Apr/2023:11:04:27 +0800] "GET /xingrg/javascript/jquery_easy_ui/themes/default/images/pagination_first.gif HTTP/1.1" 200 925
180.169.147.146 - - [20/Apr/2023:11:04:27 +0800] "GET /xingrg/javascript/jquery_easy_ui/themes/default/images/pagination_next.gif HTTP/1.1" 200 875
180.169.147.146 - - [20/Apr/2023:11:04:27 +0800] "GET /xingrg/javascript/jquery_easy_ui/themes/default/images/pagination_load.png HTTP/1.1" 200 827
180.169.147.146 - - [20/Apr/2023:11:04:27 +0800] "GET /xingrg/javascript/jquery_easy_ui/themes/default/images/pagination_prev.gif HTTP/1.1" 200 879
180.169.147.146 - - [20/Apr/2023:11:04:27 +0800] "GET /xingrg/javascript/jquery_easy_ui/themes/default/images/pagination_last.gif HTTP/1.1" 200 923
180.169.147.146 - - [20/Apr/2023:11:04:27 +0800] "GET /favicon.ico HTTP/1.1" 404 -
180.169.147.146 - - [20/Apr/2023:11:04:28 +0800] "POST /xingrg/all/common/load_tree.html?tree=materiel_sort_tree_json HTTP/1.1" 200 9500
120.253.135.82 - - [20/Apr/2023:11:04:28 +0800] "GET /xingrg/kc/mdqp/pssh_order_info.html?code=312023041700357 HTTP/1.1" 200 14390
120.253.135.82 - - [20/Apr/2023:11:04:28 +0800] "GET /xingrg/javascript/jquery_tools/jquery-1.4.2.min.js HTTP/1.1" 404 1094
120.253.135.82 - - [20/Apr/2023:11:04:29 +0800] "GET /xingrg/javascript/easyui/themes/default/validatebox.css HTTP/1.1" 404 1104
120.253.135.82 - - [20/Apr/2023:11:04:29 +0800] "POST /xingrg/kc/mdqp/pssh_order_operate.html HTTP/1.1" 200 1619
222.70.244.216 - - [20/Apr/2023:11:04:29 +0800] "GET /xingrg/kc/buy/cgsh_order_operate.html?command=get_materiel&rest_code=00146&code=00101008223&supplier_code=00100005&order_time=2023-04-20 HTTP/1.1" 200 412
120.253.135.82 - - [20/Apr/2023:11:04:30 +0800] "GET /xingrg/kc/print/load_data.html?order_code=312023041700357&kc_code=pssh&condition= HTTP/1.1" 200 1069
116.237.74.38 - - [20/Apr/2023:11:04:35 +0800] "POST /xingrg/dwr/call/plaincall/AjaxQqpsService.getMaterielByCode.dwr HTTP/1.1" 200 2686
180.164.3.199 - - [20/Apr/2023:11:04:36 +0800] "POST /xingrg/kc/base/wldb_list_operate.html HTTP/1.1" 200 4
120.253.135.82 - - [20/Apr/2023:11:04:36 +0800] "POST /xingrg/kc/mdqp/pssh_list_operate.html HTTP/1.1" 200 5355
180.169.147.146 - - [20/Apr/2023:11:04:36 +0800] "GET /xingrg/all/function/internal_message.html?_=1681959877493&CODE_STATE=getMsg HTTP/1.1" 200 27
120.253.135.82 - - [20/Apr/2023:11:04:37 +0800] "POST /xingrg/kc/mdqp/pssh_list_operate.html HTTP/1.1" 200 5355
180.164.3.199 - - [20/Apr/2023:11:04:37 +0800] "POST /xingrg/kc/base/wldb_list_operate.html HTTP/1.1" 200 928
120.253.135.82 - - [20/Apr/2023:11:04:38 +0800] "POST /xingrg/kc/mdqp/pssh_list_operate.html HTTP/1.1" 200 469
116.237.74.38 - - [20/Apr/2023:11:04:39 +0800] "POST /xingrg/dwr/call/plaincall/AjaxQqpsService.saveMaterielItem.dwr HTTP/1.1" 200 79
180.169.147.146 - - [20/Apr/2023:11:04:39 +0800] "GET /xingrg/kc/pszx/mdps_order_operate.html?command=get_materiel&pszx_code=00101&rest_code=00102&base_code=&code=00101019366 HTTP/1.1" 200 470
116.238.139.35 - - [20/Apr/2023:11:04:40 +0800] "GET /xingrg/check_reg.html?_=1681959819666 HTTP/1.1" 200 22
116.227.208.255 - - [20/Apr/2023:11:04:41 +0800] "GET /xingrg/all/function/internal_message.html?_=1681959955819&CODE_STATE=getMsg HTTP/1.1" 200 27
180.164.3.199 - - [20/Apr/2023:11:04:41 +0800] "GET /xingrg/all/function/internal_message.html?_=1681959880655&CODE_STATE=getMsg HTTP/1.1" 200 27
120.253.135.82 - - [20/Apr/2023:11:04:42 +0800] "POST /xingrg/kc/mdqp/pssh_list_operate.html HTTP/1.1" 200 261
116.238.139.35 - - [20/Apr/2023:11:04:42 +0800] "GET /xingrg/all/function/internal_message.html?_=1681959821377&CODE_STATE=getMsg HTTP/1.1" 200 27
222.70.244.216 - - [20/Apr/2023:11:04:43 +0800] "GET /xingrg/kc/buy/cgsh_order_operate.html?command=get_materiel&rest_code=00146&code=00101009011&supplier_code=00100005&order_time=2023-04-20 HTTP/1.1" 200 416
116.237.74.38 - - [20/Apr/2023:11:04:44 +0800] "POST /xingrg/dwr/call/plaincall/AjaxQqpsService.getMaterielByCode.dwr HTTP/1.1" 200 2756
116.237.74.38 - - [20/Apr/2023:11:04:45 +0800] "GET /xingrg/check_reg.html?_=1681959882725 HTTP/1.1" 200 22
116.237.74.38 - - [20/Apr/2023:11:04:45 +0800] "GET /xingrg/all/function/internal_message.html?_=1681959882760&CODE_STATE=getMsg HTTP/1.1" 200 27
222.70.244.216 - - [20/Apr/2023:11:04:46 +0800] "POST /xingrg/kc/buy/cgsh_order_operate.html HTTP/1.1" 200 2065
180.169.147.146 - - [20/Apr/2023:11:04:46 +0800] "GET /xingrg/kc/pszx/mdps_order_operate.html?command=get_materiel&pszx_code=00101&rest_code=00102&base_code=&code=00101019362 HTTP/1.1" 200 458
116.237.74.38 - - [20/Apr/2023:11:04:48 +0800] "POST /xingrg/dwr/call/plaincall/AjaxQqpsService.saveMaterielItem.dwr HTTP/1.1" 200 79
180.169.147.146 - - [20/Apr/2023:11:04:50 +0800] "POST /xingrg/all/common/load_combo.html?type=base HTTP/1.1" 200 1169
120.253.135.82 - - [20/Apr/2023:11:04:53 +0800] "GET /xingrg/index.html?sysBaseUrl=http%3A%2F%2F180.169.147.146%3A18081%2Fxingrg%2F&costTime=42×tamp=1677553372900 HTTP/1.1" 200 17177
120.253.135.82 - - [20/Apr/2023:11:04:53 +0800] "GET /xingrg/check_reg.html?_=1681959896053 HTTP/1.1" 200 22
120.253.135.82 - - [20/Apr/2023:11:04:53 +0800] "GET /xingrg/all/function/internal_message.html?_=1681959896051&CODE_STATE=count HTTP/1.1" 200 11
120.253.135.82 - - [20/Apr/2023:11:04:53 +0800] "GET /favicon.ico HTTP/1.1" 404 -
120.253.135.82 - - [20/Apr/2023:11:04:53 +0800] "POST /xingrg/all/common/load_tree.html?tree=area_rest_tree_json&manage=1 HTTP/1.1" 200 348
120.253.135.82 - - [20/Apr/2023:11:04:53 +0800] "POST /xingrg/load_menu.html HTTP/1.1" 200 5138
222.70.244.216 - - [20/Apr/2023:11:04:54 +0800] "GET /xingrg/kc/buy/cgsh_order_operate.html?command=get_materiel&rest_code=00146&code=00101009015&supplier_code=00100005&order_time=2023-04-20 HTTP/1.1" 200 416
120.253.135.82 - - [20/Apr/2023:11:04:58 +0800] "GET /xingrg/kc/buy/buy_main.html HTTP/1.1" 200 12412
120.253.135.82 - - [20/Apr/2023:11:04:58 +0800] "GET /xingrg/css/new_ie.css HTTP/1.1" 404 1036
120.253.135.82 - - [20/Apr/2023:11:04:58 +0800] "GET /xingrg/check_reg.html?_=1681959736214 HTTP/1.1" 200 22
120.253.135.82 - - [20/Apr/2023:11:04:58 +0800] "GET /xingrg/images/yd/bt.gif HTTP/1.1" 404 1040
114.84.144.20 - - [20/Apr/2023:11:04:59 +0800] "GET /xingrg/check_reg.html?_=1681959898484 HTTP/1.1" 200 22
120.253.135.82 - - [20/Apr/2023:11:05:00 +0800] "GET /xingrg/kc/buy/cgsh_order_list.html HTTP/1.1" 200 54949
180.169.147.146 - - [20/Apr/2023:11:05:00 +0800] "GET /xingrg/kc/pszx/mdps_order_operate.html?command=get_materiel&pszx_code=00101&rest_code=00102&base_code=0010246&code=00101019365 HTTP/1.1" 200 468
114.84.144.20 - - [20/Apr/2023:11:05:00 +0800] "GET /xingrg/all/function/internal_message.html?_=1681959899730&CODE_STATE=getMsg HTTP/1.1" 200 27
120.253.135.82 - - [20/Apr/2023:11:05:02 +0800] "POST /xingrg/kc/buy/cgsh_list_operate.html HTTP/1.1" 200 986
222.70.244.216 - - [20/Apr/2023:11:05:04 +0800] "GET /xingrg/kc/buy/cgsh_order_operate.html?command=get_materiel&rest_code=00146&code=00101009004&supplier_code=00100005&order_time=2023-04-20 HTTP/1.1" 200 409
120.253.135.82 - - [20/Apr/2023:11:05:04 +0800] "GET /xingrg/javascript/jquery_tools/images/prev.gif HTTP/1.1" 404 1086
120.253.135.82 - - [20/Apr/2023:11:05:04 +0800] "GET /xingrg/javascript/jquery_tools/images/next.gif HTTP/1.1" 404 1086
114.84.144.20 - - [20/Apr/2023:11:05:06 +0800] "GET /xingrg/all/function/internal_message.html?_=1681959907027&CODE_STATE=getMsg HTTP/1.1" 200 27
180.169.147.146 - - [20/Apr/2023:11:05:07 +0800] "GET /xingrg/all/function/internal_message.html?_=1681959903870&CODE_STATE=getMsg HTTP/1.1" 200 27
116.238.139.35 - - [20/Apr/2023:11:05:07 +0800] "GET /xingrg/check_reg.html?_=1681959907591 HTTP/1.1" 200 22
116.238.139.35 - - [20/Apr/2023:11:05:07 +0800] "GET /xingrg/all/function/internal_message.html?_=1681959907594&CODE_STATE=getMsg HTTP/1.1" 200 27
180.169.147.146 - - [20/Apr/2023:11:05:08 +0800] "GET /xingrg/kc/pszx/mdps_order_operate.html?command=get_materiel&pszx_code=00101&rest_code=00102&base_code=0010246&code=00101016097 HTTP/1.1" 200 483
