116.238.139.35 - - [20/Apr/2023:09:29:56 +0800] "GET /xingrg/kc/buy/cgsh_order_operate.html?command=get_materiel&rest_code=00151&code=00101015006&supplier_code=00100008&order_time=2023-04-20 HTTP/1.1" 200 413
222.69.130.49 - - [20/Apr/2023:09:29:58 +0800] "GET /xingrg/kc/buy/cgsh_order_operate.html?command=get_materiel&rest_code=00149&code=00102002076&supplier_code=00100151&order_time=2023-04-20 HTTP/1.1" 200 414
114.84.144.20 - - [20/Apr/2023:09:29:58 +0800] "POST /xingrg/login.do HTTP/1.1" 302 -
114.84.144.20 - - [20/Apr/2023:09:29:58 +0800] "GET /xingrg/index.html?sysBaseUrl=http%3A%2F%2F180.169.147.146%3A18081%2Fxingrg%2F&costTime=798×tamp=1681954198894 HTTP/1.1" 200 17179
114.84.144.20 - - [20/Apr/2023:09:29:59 +0800] "GET /favicon.ico HTTP/1.1" 404 -
114.84.144.20 - - [20/Apr/2023:09:29:59 +0800] "POST /xingrg/all/common/load_tree.html?tree=area_rest_tree_json&manage=1 HTTP/1.1" 200 351
114.84.144.20 - - [20/Apr/2023:09:29:59 +0800] "GET /xingrg/all/function/internal_message.html?_=1681954198464&CODE_STATE=count HTTP/1.1" 200 11
114.84.144.20 - - [20/Apr/2023:09:29:59 +0800] "GET /xingrg/check_reg.html?_=1681954198465 HTTP/1.1" 200 22
114.84.144.20 - - [20/Apr/2023:09:29:59 +0800] "POST /xingrg/load_menu.html HTTP/1.1" 200 5138
124.79.240.114 - - [20/Apr/2023:09:29:59 +0800] "GET /xingrg/kc/buy/cgsh_order_operate.html?command=get_materiel&rest_code=00104&code=00101008079&supplier_code=00100007&order_time=2023-04-20 HTTP/1.1" 200 416
114.84.144.20 - - [20/Apr/2023:09:30:01 +0800] "GET /xingrg/kc/buy/buy_main.html HTTP/1.1" 200 12412
114.84.144.20 - - [20/Apr/2023:09:30:01 +0800] "GET /xingrg/css/new_ie.css HTTP/1.1" 404 1036
114.84.144.20 - - [20/Apr/2023:09:30:01 +0800] "GET /xingrg/images/yd/bt.gif HTTP/1.1" 404 1040
114.84.144.20 - - [20/Apr/2023:09:30:02 +0800] "GET /xingrg/kc/buy/cgsh_order_list.html HTTP/1.1" 200 54951
114.84.144.20 - - [20/Apr/2023:09:30:04 +0800] "POST /xingrg/kc/buy/cgsh_list_operate.html HTTP/1.1" 200 986
114.84.144.20 - - [20/Apr/2023:09:30:05 +0800] "GET /xingrg/kc/buy/cgsh_order_add.html HTTP/1.1" 200 70727
114.84.144.20 - - [20/Apr/2023:09:30:06 +0800] "POST /xingrg/kc/buy/cgsh_order_operate.html HTTP/1.1" 200 8245
114.84.144.20 - - [20/Apr/2023:09:30:06 +0800] "GET /xingrg/javascript/easyui/themes/default/validatebox.css HTTP/1.1" 404 1104
114.84.144.20 - - [20/Apr/2023:09:30:06 +0800] "GET /xingrg/all/common/auto_word.html?type=employee&rest_code=00141 HTTP/1.1" 200 201
114.84.144.20 - - [20/Apr/2023:09:30:06 +0800] "GET /xingrg/all/common/auto_word.html?type=employee&rest_code=00141 HTTP/1.1" 200 201
116.238.139.35 - - [20/Apr/2023:09:30:06 +0800] "GET /xingrg/kc/buy/cgsh_order_operate.html?command=get_materiel&rest_code=00151&code=00101008137&supplier_code=00100008&order_time=2023-04-20 HTTP/1.1" 200 408
116.238.139.35 - - [20/Apr/2023:09:30:07 +0800] "GET /xingrg/all/function/internal_message.html?_=1681954207506&CODE_STATE=getMsg HTTP/1.1" 200 27
116.238.139.35 - - [20/Apr/2023:09:30:07 +0800] "GET /xingrg/check_reg.html?_=1681954207510 HTTP/1.1" 200 22
116.238.139.35 - - [20/Apr/2023:09:30:10 +0800] "POST /xingrg/services/DataTransmitService HTTP/1.1" 200 524
222.70.244.216 - - [20/Apr/2023:09:30:10 +0800] "GET /xingrg/all/function/internal_message.html?_=1681954223747&CODE_STATE=getMsg HTTP/1.1" 200 27
116.224.158.100 - - [20/Apr/2023:09:30:11 +0800] "GET /xingrg/all/function/internal_message.html?_=1681954211763&CODE_STATE=getMsg HTTP/1.1" 200 27
114.84.144.20 - - [20/Apr/2023:09:30:12 +0800] "GET /xingrg/javascript/auto/indicator.gif HTTP/1.1" 404 1066
114.84.144.20 - - [20/Apr/2023:09:30:13 +0800] "GET /xingrg/javascript/jquery_tools/images/prev.gif HTTP/1.1" 404 1086
114.84.144.20 - - [20/Apr/2023:09:30:13 +0800] "GET /xingrg/javascript/jquery_tools/images/next.gif HTTP/1.1" 404 1086
124.79.240.114 - - [20/Apr/2023:09:30:18 +0800] "GET /xingrg/kc/buy/cgsh_order_operate.html?command=get_materiel&rest_code=00104&code=00101008137&supplier_code=00100007&order_time=2023-04-20 HTTP/1.1" 200 408
116.238.139.35 - - [20/Apr/2023:09:30:18 +0800] "GET /xingrg/kc/buy/cgsh_order_operate.html?command=get_materiel&rest_code=00151&code=00101008362&supplier_code=00100008&order_time=2023-04-20 HTTP/1.1" 200 408
116.224.106.218 - - [20/Apr/2023:09:30:18 +0800] "GET /xingrg/all/function/internal_message.html?_=1681954217092&CODE_STATE=getMsg HTTP/1.1" 200 27
58.221.95.50 - - [20/Apr/2023:09:30:21 +0800] "GET /xingrg/all/function/internal_message.html?_=1681954221742&CODE_STATE=getMsg HTTP/1.1" 200 27
222.69.130.49 - - [20/Apr/2023:09:30:24 +0800] "GET /xingrg/all/function/internal_message.html?_=1681954221536&CODE_STATE=getMsg HTTP/1.1" 200 27
222.69.130.49 - - [20/Apr/2023:09:30:24 +0800] "POST /xingrg/kc/buy/cgsh_order_operate.html HTTP/1.1" 200 37
114.84.144.20 - - [20/Apr/2023:09:30:24 +0800] "GET /xingrg/kc/buy/cgsh_order_operate.html?command=get_materiel&rest_code=00141&code=00102014008&supplier_code=00100450&order_time=2023-04-20 HTTP/1.1" 200 409
180.164.3.199 - - [20/Apr/2023:09:30:25 +0800] "GET /xingrg/kc/buy/cgsh_order_list.html HTTP/1.1" 200 54955
180.164.3.199 - - [20/Apr/2023:09:30:25 +0800] "GET /xingrg/css/base.css HTTP/1.1" 200 2811
180.164.3.199 - - [20/Apr/2023:09:30:25 +0800] "GET /xingrg/css/site.css HTTP/1.1" 200 7541
180.164.3.199 - - [20/Apr/2023:09:30:25 +0800] "GET /xingrg/javascript/easyui/themes/icon.css HTTP/1.1" 200 4483
180.164.3.199 - - [20/Apr/2023:09:30:25 +0800] "GET /xingrg/javascript/jquery_tools/datebox.css HTTP/1.1" 200 2597
180.164.3.199 - - [20/Apr/2023:09:30:25 +0800] "GET /xingrg/javascript/jquery_tools/fix.css HTTP/1.1" 200 1702
180.164.3.199 - - [20/Apr/2023:09:30:25 +0800] "GET /xingrg/javascript/easyui/themes/default/easyui.css HTTP/1.1" 200 30432
180.164.3.199 - - [20/Apr/2023:09:30:25 +0800] "GET /xingrg/javascript/auto/jquery.autocomplete.css HTTP/1.1" 200 587
180.164.3.199 - - [20/Apr/2023:09:30:25 +0800] "GET /xingrg/javascript/jquery_tools/table.css HTTP/1.1" 200 1032
180.164.3.199 - - [20/Apr/2023:09:30:25 +0800] "GET /xingrg/javascript/jquery_tools/jquery.tools.min.js HTTP/1.1" 200 138801
180.164.3.199 - - [20/Apr/2023:09:30:25 +0800] "GET /xingrg/javascript/jquery_tools/jquery.tools.extend.js HTTP/1.1" 200 15385
180.164.3.199 - - [20/Apr/2023:09:30:25 +0800] "GET /xingrg/javascript/jquery_tools/jquery.tools.hotkey.js HTTP/1.1" 200 3242
180.164.3.199 - - [20/Apr/2023:09:30:25 +0800] "GET /xingrg/javascript/jquery_tools/jquery.tools.table.js HTTP/1.1" 200 6994
180.164.3.199 - - [20/Apr/2023:09:30:25 +0800] "GET /xingrg/javascript/jquery_tools/list_manager.js HTTP/1.1" 200 3652
180.164.3.199 - - [20/Apr/2023:09:30:25 +0800] "GET /xingrg/javascript/auto/jquery.autocomplete.js HTTP/1.1" 200 21624
180.164.3.199 - - [20/Apr/2023:09:30:25 +0800] "GET /xingrg/javascript/easyui/easyloader.js HTTP/1.1" 200 5975
180.164.3.199 - - [20/Apr/2023:09:30:25 +0800] "GET /xingrg/javascript/jquery.utils.js HTTP/1.1" 200 11805
180.164.3.199 - - [20/Apr/2023:09:30:25 +0800] "GET /xingrg/javascript/jquery.cookie.js HTTP/1.1" 200 5513
180.164.3.199 - - [20/Apr/2023:09:30:25 +0800] "GET /xingrg/javascript/print/LodopFuncs.js HTTP/1.1" 200 5121
116.238.139.35 - - [20/Apr/2023:09:30:26 +0800] "GET /xingrg/kc/buy/cgsh_order_operate.html?command=get_materiel&rest_code=00151&code=00101008077&supplier_code=00100008&order_time=2023-04-20 HTTP/1.1" 200 416
180.164.3.199 - - [20/Apr/2023:09:30:26 +0800] "GET /xingrg/javascript/easyui/plugins/jquery.parser.js HTTP/1.1" 200 1142
180.164.3.199 - - [20/Apr/2023:09:30:26 +0800] "GET /xingrg/images/control/ajaxLoader.gif HTTP/1.1" 200 4659
116.238.139.35 - - [20/Apr/2023:09:30:27 +0800] "GET /xingrg/all/function/internal_message.html?_=1681954166917&CODE_STATE=getMsg HTTP/1.1" 200 27
114.84.144.20 - - [20/Apr/2023:09:30:34 +0800] "GET /xingrg/kc/buy/cgsh_order_operate.html?command=get_materiel&rest_code=00141&code=00101009079&supplier_code=00100450&order_time=2023-04-20 HTTP/1.1" 200 409
116.238.139.35 - - [20/Apr/2023:09:30:34 +0800] "GET /xingrg/kc/buy/cgsh_order_operate.html?command=get_materiel&rest_code=00151&code=00101008357&supplier_code=00100008&order_time=2023-04-20 HTTP/1.1" 200 408
124.79.240.114 - - [20/Apr/2023:09:30:36 +0800] "GET /xingrg/kc/buy/cgsh_order_operate.html?command=get_materiel&rest_code=00104&code=00101008059&supplier_code=00100007&order_time=2023-04-20 HTTP/1.1" 200 408
222.69.130.49 - - [20/Apr/2023:09:30:40 +0800] "POST /xingrg/kc/buy/cgsh_order_operate.html HTTP/1.1" 200 12
116.227.208.255 - - [20/Apr/2023:09:30:42 +0800] "GET /xingrg/all/function/internal_message.html?_=1681954317474&CODE_STATE=getMsg HTTP/1.1" 200 27
180.164.3.199 - - [20/Apr/2023:09:30:43 +0800] "GET /xingrg/all/function/internal_message.html?_=1681954242098&CODE_STATE=getMsg HTTP/1.1" 200 27
116.238.139.35 - - [20/Apr/2023:09:30:48 +0800] "GET /xingrg/kc/buy/cgsh_order_operate.html?command=get_materiel&rest_code=00151&code=00101008286&supplier_code=00100008&order_time=2023-04-20 HTTP/1.1" 200 428
124.79.240.114 - - [20/Apr/2023:09:30:49 +0800] "GET /xingrg/all/function/internal_message.html?_=1681954518223&CODE_STATE=getMsg HTTP/1.1" 200 27
124.79.240.114 - - [20/Apr/2023:09:30:53 +0800] "GET /xingrg/kc/buy/cgsh_order_operate.html?command=get_materiel&rest_code=00104&code=00101008354&supplier_code=00100007&order_time=2023-04-20 HTTP/1.1" 200 412
222.69.130.49 - - [20/Apr/2023:09:30:54 +0800] "GET /favicon.ico HTTP/1.1" 404 -
116.238.139.35 - - [20/Apr/2023:09:30:55 +0800] "GET /xingrg/kc/buy/cgsh_order_operate.html?command=get_materiel&rest_code=00151&code=00101008318&supplier_code=00100008&order_time=2023-04-20 HTTP/1.1" 200 408
180.164.3.199 - - [20/Apr/2023:09:30:57 +0800] "POST /xingrg/kc/buy/cgsh_list_operate.html HTTP/1.1" 200 6004
222.69.130.49 - - [20/Apr/2023:09:30:57 +0800] "GET /xingrg/kc/buy/cgsh_order_info.html?code=212023042006768 HTTP/1.1" 200 65713
222.69.130.49 - - [20/Apr/2023:09:30:57 +0800] "GET /xingrg/javascript/easyui/themes/default/validatebox.css HTTP/1.1" 404 1104
114.84.144.20 - - [20/Apr/2023:09:30:57 +0800] "GET /xingrg/kc/buy/cgsh_order_operate.html?command=get_materiel&rest_code=00141&code=00101015044&supplier_code=00100450&order_time=2023-04-20 HTTP/1.1" 200 409
222.69.130.49 - - [20/Apr/2023:09:30:58 +0800] "POST /xingrg/kc/buy/cgsh_order_operate.html HTTP/1.1" 200 608
114.84.144.20 - - [20/Apr/2023:09:30:59 +0800] "GET /xingrg/all/function/internal_message.html?_=1681954258507&CODE_STATE=getMsg HTTP/1.1" 200 27
222.69.130.49 - - [20/Apr/2023:09:31:00 +0800] "GET /xingrg/kc/print/load_data.html?order_code=212023042006768&kc_code=cgsh&condition= HTTP/1.1" 200 685
116.238.139.35 - - [20/Apr/2023:09:31:03 +0800] "GET /xingrg/kc/buy/cgsh_order_operate.html?command=get_materiel&rest_code=00151&code=00101008213&supplier_code=00100008&order_time=2023-04-20 HTTP/1.1" 200 432
116.238.139.35 - - [20/Apr/2023:09:31:07 +0800] "GET /xingrg/all/function/internal_message.html?_=1681954267512&CODE_STATE=getMsg HTTP/1.1" 200 27
114.84.144.20 - - [20/Apr/2023:09:31:08 +0800] "GET /xingrg/kc/buy/cgsh_order_operate.html?command=get_materiel&rest_code=00141&code=00102014088&supplier_code=00100450&order_time=2023-04-20 HTTP/1.1" 200 426
124.79.240.114 - - [20/Apr/2023:09:31:09 +0800] "GET /xingrg/kc/buy/cgsh_order_operate.html?command=get_materiel&rest_code=00104&code=00101015004&supplier_code=00100007&order_time=2023-04-20 HTTP/1.1" 200 409
222.70.244.216 - - [20/Apr/2023:09:31:10 +0800] "GET /xingrg/all/function/internal_message.html?_=1681954283755&CODE_STATE=getMsg HTTP/1.1" 200 27
116.238.139.35 - - [20/Apr/2023:09:31:11 +0800] "GET /xingrg/kc/buy/cgsh_order_operate.html?command=get_materiel&rest_code=00151&code=00101008344&supplier_code=00100008&order_time=2023-04-20 HTTP/1.1" 200 412
116.224.158.100 - - [20/Apr/2023:09:31:11 +0800] "GET /xingrg/all/function/internal_message.html?_=1681954271732&CODE_STATE=getMsg HTTP/1.1" 200 27
116.224.106.218 - - [20/Apr/2023:09:31:18 +0800] "GET /xingrg/all/function/internal_message.html?_=1681954277090&CODE_STATE=getMsg HTTP/1.1" 200 27
114.84.144.20 - - [20/Apr/2023:09:31:19 +0800] "POST /xingrg/kc/buy/cgsh_order_operate.html HTTP/1.1" 200 37
58.221.95.50 - - [20/Apr/2023:09:31:21 +0800] "GET /xingrg/all/function/internal_message.html?_=1681954281717&CODE_STATE=getMsg HTTP/1.1" 200 27
116.238.139.35 - - [20/Apr/2023:09:31:22 +0800] "GET /xingrg/kc/buy/cgsh_order_operate.html?command=get_materiel&rest_code=00151&code=00101008042&supplier_code=00100008&order_time=2023-04-20 HTTP/1.1" 200 416
222.69.130.49 - - [20/Apr/2023:09:31:24 +0800] "GET /xingrg/all/function/internal_message.html?_=1681954281527&CODE_STATE=getMsg HTTP/1.1" 200 27
124.79.240.114 - - [20/Apr/2023:09:31:27 +0800] "GET /xingrg/kc/buy/cgsh_order_operate.html?command=get_materiel&rest_code=00104&code=00101008439&supplier_code=00100007&order_time=2023-04-20 HTTP/1.1" 200 412
116.238.139.35 - - [20/Apr/2023:09:31:27 +0800] "GET /xingrg/all/function/internal_message.html?_=1681954226932&CODE_STATE=getMsg HTTP/1.1" 200 27
114.84.144.20 - - [20/Apr/2023:09:31:29 +0800] "POST /xingrg/kc/buy/cgsh_order_operate.html HTTP/1.1" 200 12
114.84.144.20 - - [20/Apr/2023:09:31:32 +0800] "GET /xingrg/kc/buy/cgsh_order_info.html?code=212023042006769 HTTP/1.1" 200 65647
114.84.144.20 - - [20/Apr/2023:09:31:32 +0800] "GET /xingrg/javascript/easyui/themes/default/validatebox.css HTTP/1.1" 404 1104
114.84.144.20 - - [20/Apr/2023:09:31:33 +0800] "POST /xingrg/kc/buy/cgsh_order_operate.html HTTP/1.1" 200 2380
116.238.139.35 - - [20/Apr/2023:09:31:34 +0800] "GET /xingrg/kc/buy/cgsh_order_operate.html?command=get_materiel&rest_code=00151&code=00101008445&supplier_code=00100008&order_time=2023-04-20 HTTP/1.1" 200 417
114.84.144.20 - - [20/Apr/2023:09:31:34 +0800] "GET /xingrg/kc/print/load_config.html?kc_code=cgsh HTTP/1.1" 200 1925
114.85.98.23 - - [20/Apr/2023:09:31:34 +0800] "GET /xingrg/javascript/easyui/themes/default/tree.css HTTP/1.1" 404 1090
114.85.98.23 - - [20/Apr/2023:09:31:35 +0800] "POST /xingrg/all/common/load_tree.html?tree=supplier_tree_json&isDelete=1 HTTP/1.1" 200 72661
114.84.144.20 - - [20/Apr/2023:09:31:35 +0800] "GET /xingrg/kc/print/load_data.html?order_code=212023042006769&kc_code=cgsh&condition= HTTP/1.1" 200 1395
114.84.144.20 - - [20/Apr/2023:09:31:40 +0800] "GET /xingrg/kc/buy/cgsh_order_add.html HTTP/1.1" 200 70727
114.84.144.20 - - [20/Apr/2023:09:31:41 +0800] "GET /xingrg/javascript/easyui/themes/default/validatebox.css HTTP/1.1" 404 1104
114.84.144.20 - - [20/Apr/2023:09:31:41 +0800] "POST /xingrg/kc/buy/cgsh_order_operate.html HTTP/1.1" 200 8245
180.164.3.199 - - [20/Apr/2023:09:31:41 +0800] "POST /xingrg/kc/buy/cgsh_list_operate.html HTTP/1.1" 200 211
116.227.208.255 - - [20/Apr/2023:09:31:42 +0800] "GET /xingrg/all/function/internal_message.html?_=1681954377462&CODE_STATE=getMsg HTTP/1.1" 200 27
180.164.3.199 - - [20/Apr/2023:09:31:43 +0800] "GET /xingrg/all/function/internal_message.html?_=1681954302082&CODE_STATE=getMsg HTTP/1.1" 200 27
116.238.139.35 - - [20/Apr/2023:09:31:44 +0800] "GET /xingrg/kc/buy/cgsh_order_operate.html?command=get_materiel&rest_code=00151&code=00101037149&supplier_code=00100008&order_time=2023-04-20 HTTP/1.1" 200 417
180.164.3.199 - - [20/Apr/2023:09:31:46 +0800] "POST /xingrg/kc/buy/cgsh_list_operate.html HTTP/1.1" 200 205
124.79.240.114 - - [20/Apr/2023:09:31:49 +0800] "GET /xingrg/all/function/internal_message.html?_=1681954578251&CODE_STATE=getMsg HTTP/1.1" 200 27
116.238.139.35 - - [20/Apr/2023:09:31:53 +0800] "POST /xingrg/kc/buy/cgsh_order_operate.html HTTP/1.1" 200 37
116.238.139.35 - - [20/Apr/2023:09:31:55 +0800] "POST /xingrg/kc/buy/cgsh_order_operate.html HTTP/1.1" 200 11651
114.84.144.20 - - [20/Apr/2023:09:31:59 +0800] "GET /xingrg/all/function/internal_message.html?_=1681954318503&CODE_STATE=getMsg HTTP/1.1" 200 27
116.238.139.35 - - [20/Apr/2023:09:32:07 +0800] "GET /xingrg/all/function/internal_message.html?_=1681954327514&CODE_STATE=getMsg HTTP/1.1" 200 27
222.70.244.216 - - [20/Apr/2023:09:32:10 +0800] "GET /xingrg/all/function/internal_message.html?_=1681954343930&CODE_STATE=getMsg HTTP/1.1" 200 27
172.20.0.100 - - [20/Apr/2023:09:32:11 +0800] "GET /xingrg/check_reg.html?_=1681954340728 HTTP/1.1" 200 22
116.224.158.100 - - [20/Apr/2023:09:32:11 +0800] "GET /xingrg/all/function/internal_message.html?_=1681954331710&CODE_STATE=getMsg HTTP/1.1" 200 27
116.224.106.218 - - [20/Apr/2023:09:32:18 +0800] "GET /xingrg/all/function/internal_message.html?_=1681954337090&CODE_STATE=getMsg HTTP/1.1" 200 27
58.221.95.50 - - [20/Apr/2023:09:32:21 +0800] "GET /xingrg/all/function/internal_message.html?_=1681954341699&CODE_STATE=getMsg HTTP/1.1" 200 27
124.79.240.114 - - [20/Apr/2023:09:32:22 +0800] "GET /xingrg/kc/buy/cgsh_order_operate.html?command=get_materiel&rest_code=00104&code=00101008091&supplier_code=00100007&order_time=2023-04-20 HTTP/1.1" 200 412
222.69.130.49 - - [20/Apr/2023:09:32:24 +0800] "GET /xingrg/all/function/internal_message.html?_=1681954341538&CODE_STATE=getMsg HTTP/1.1" 200 27
180.164.3.199 - - [20/Apr/2023:09:32:27 +0800] "POST /xingrg/kc/buy/cgsh_list_operate.html HTTP/1.1" 200 5147
116.238.139.35 - - [20/Apr/2023:09:32:27 +0800] "GET /xingrg/check_reg.html?_=1681954286757 HTTP/1.1" 200 22
116.238.139.35 - - [20/Apr/2023:09:32:27 +0800] "GET /xingrg/all/function/internal_message.html?_=1681954286945&CODE_STATE=getMsg HTTP/1.1" 200 27
116.227.208.255 - - [20/Apr/2023:09:32:42 +0800] "GET /xingrg/all/function/internal_message.html?_=1681954437435&CODE_STATE=getMsg HTTP/1.1" 200 27
124.79.240.114 - - [20/Apr/2023:09:32:42 +0800] "GET /xingrg/kc/buy/cgsh_order_operate.html?command=get_materiel&rest_code=00104&code=00101008288&supplier_code=00100007&order_time=2023-04-20 HTTP/1.1" 200 408
180.164.3.199 - - [20/Apr/2023:09:32:43 +0800] "GET /xingrg/all/function/internal_message.html?_=1681954362069&CODE_STATE=getMsg HTTP/1.1" 200 27
124.79.240.114 - - [20/Apr/2023:09:32:46 +0800] "POST /xingrg/kc/buy/cgsh_order_operate.html HTTP/1.1" 200 2065
124.79.240.114 - - [20/Apr/2023:09:32:49 +0800] "GET /xingrg/all/function/internal_message.html?_=1681954638254&CODE_STATE=getMsg HTTP/1.1" 200 27
222.70.244.216 - - [20/Apr/2023:09:32:49 +0800] "GET /xingrg/check_reg.html?_=1681954382601 HTTP/1.1" 200 22
124.79.240.114 - - [20/Apr/2023:09:32:55 +0800] "GET /xingrg/kc/buy/cgsh_order_operate.html?command=get_materiel&rest_code=00104&code=00101008036&supplier_code=00100007&order_time=2023-04-20 HTTP/1.1" 200 408
114.84.144.20 - - [20/Apr/2023:09:32:59 +0800] "GET /xingrg/all/function/internal_message.html?_=1681954378492&CODE_STATE=getMsg HTTP/1.1" 200 27
116.238.139.35 - - [20/Apr/2023:09:33:07 +0800] "GET /xingrg/all/function/internal_message.html?_=1681954387515&CODE_STATE=getMsg HTTP/1.1" 200 27
222.70.244.216 - - [20/Apr/2023:09:33:10 +0800] "GET /xingrg/all/function/internal_message.html?_=1681954403941&CODE_STATE=getMsg HTTP/1.1" 200 27
116.224.158.100 - - [20/Apr/2023:09:33:11 +0800] "GET /xingrg/all/function/internal_message.html?_=1681954391688&CODE_STATE=getMsg HTTP/1.1" 200 27
116.238.139.35 - - [20/Apr/2023:09:33:15 +0800] "POST /xingrg/kc/buy/cgsh_order_operate.html HTTP/1.1" 200 37
116.224.106.218 - - [20/Apr/2023:09:33:18 +0800] "GET /xingrg/all/function/internal_message.html?_=1681954397088&CODE_STATE=getMsg HTTP/1.1" 200 27
116.227.208.255 - - [20/Apr/2023:09:33:18 +0800] "POST /xingrg/services/DataTransmitService HTTP/1.1" 200 524
58.221.95.50 - - [20/Apr/2023:09:33:21 +0800] "GET /xingrg/all/function/internal_message.html?_=1681954401677&CODE_STATE=getMsg HTTP/1.1" 200 27
222.69.130.49 - - [20/Apr/2023:09:33:24 +0800] "GET /xingrg/all/function/internal_message.html?_=1681954401534&CODE_STATE=getMsg HTTP/1.1" 200 27
180.164.3.199 - - [20/Apr/2023:09:33:25 +0800] "POST /xingrg/kc/buy/cgsh_list_operate.html HTTP/1.1" 200 4
116.238.139.35 - - [20/Apr/2023:09:33:27 +0800] "GET /xingrg/all/function/internal_message.html?_=1681954347063&CODE_STATE=getMsg HTTP/1.1" 200 27
116.238.139.35 - - [20/Apr/2023:09:33:28 +0800] "POST /xingrg/kc/buy/cgsh_order_operate.html HTTP/1.1" 200 12
116.238.139.35 - - [20/Apr/2023:09:33:31 +0800] "GET /xingrg/kc/buy/cgsh_order_info.html?code=212023042006770 HTTP/1.1" 200 65243
116.238.139.35 - - [20/Apr/2023:09:33:32 +0800] "GET /xingrg/javascript/easyui/themes/default/validatebox.css HTTP/1.1" 404 1104
116.238.139.35 - - [20/Apr/2023:09:33:32 +0800] "POST /xingrg/kc/buy/cgsh_order_operate.html HTTP/1.1" 200 9596
116.238.139.35 - - [20/Apr/2023:09:33:34 +0800] "GET /xingrg/kc/print/load_data.html?order_code=212023042006770&kc_code=cgsh&condition= HTTP/1.1" 200 4210
116.227.208.255 - - [20/Apr/2023:09:33:42 +0800] "GET /xingrg/all/function/internal_message.html?_=1681954497412&CODE_STATE=getMsg HTTP/1.1" 200 27
116.227.208.255 - - [20/Apr/2023:09:33:42 +0800] "GET /xingrg/check_reg.html?_=1681954497553 HTTP/1.1" 200 22
180.164.3.199 - - [20/Apr/2023:09:33:42 +0800] "GET /xingrg/all/function/internal_message.html?_=1681954422050&CODE_STATE=getMsg HTTP/1.1" 200 27
180.164.3.199 - - [20/Apr/2023:09:33:44 +0800] "POST /xingrg/kc/buy/cgsh_list_operate.html HTTP/1.1" 200 5815
124.79.240.114 - - [20/Apr/2023:09:33:49 +0800] "GET /xingrg/check_reg.html?_=1681954698255 HTTP/1.1" 200 22
124.79.240.114 - - [20/Apr/2023:09:33:49 +0800] "GET /xingrg/all/function/internal_message.html?_=1681954698257&CODE_STATE=getMsg HTTP/1.1" 200 27
116.238.139.35 - - [20/Apr/2023:09:33:49 +0800] "GET /xingrg/kc/buy/cgsh_order_add.html HTTP/1.1" 200 70337
116.238.139.35 - - [20/Apr/2023:09:33:50 +0800] "POST /xingrg/kc/buy/cgsh_order_operate.html HTTP/1.1" 200 8245
116.238.139.35 - - [20/Apr/2023:09:33:50 +0800] "GET /xingrg/javascript/easyui/themes/default/validatebox.css HTTP/1.1" 404 1104
180.164.3.199 - - [20/Apr/2023:09:33:55 +0800] "GET /xingrg/check_reg.html?_=1681954434583 HTTP/1.1" 200 22
116.238.139.35 - - [20/Apr/2023:09:33:58 +0800] "GET /xingrg/kc/buy/cgsh_order_operate.html?command=get_materiel&rest_code=00151&code=00101011005&supplier_code=00100047&order_time=2023-04-20 HTTP/1.1" 200 428
114.84.144.20 - - [20/Apr/2023:09:33:59 +0800] "GET /xingrg/all/function/internal_message.html?_=1681954438492&CODE_STATE=getMsg HTTP/1.1" 200 27
58.221.95.50 - - [20/Apr/2023:09:34:02 +0800] "GET /xingrg/check_reg.html?_=1681954442821 HTTP/1.1" 200 22
116.238.139.35 - - [20/Apr/2023:09:34:07 +0800] "GET /xingrg/all/function/internal_message.html?_=1681954447516&CODE_STATE=getMsg HTTP/1.1" 200 27
116.238.139.35 - - [20/Apr/2023:09:34:07 +0800] "POST /xingrg/kc/buy/cgsh_order_operate.html HTTP/1.1" 200 37
222.70.244.216 - - [20/Apr/2023:09:34:10 +0800] "GET /xingrg/all/function/internal_message.html?_=1681954463952&CODE_STATE=getMsg HTTP/1.1" 200 27
116.224.158.100 - - [20/Apr/2023:09:34:11 +0800] "GET /xingrg/all/function/internal_message.html?_=1681954451670&CODE_STATE=getMsg HTTP/1.1" 200 27
116.224.158.100 - - [20/Apr/2023:09:34:12 +0800] "GET /xingrg/check_reg.html?_=1681954452532 HTTP/1.1" 200 22
124.79.74.67 - - [20/Apr/2023:09:34:18 +0800] "GET /favicon.ico HTTP/1.1" 404 -
116.224.106.218 - - [20/Apr/2023:09:34:18 +0800] "GET /xingrg/all/function/internal_message.html?_=1681954457088&CODE_STATE=getMsg HTTP/1.1" 200 27
116.224.106.218 - - [20/Apr/2023:09:34:18 +0800] "GET /xingrg/check_reg.html?_=1681954457090 HTTP/1.1" 200 22
116.238.139.35 - - [20/Apr/2023:09:34:19 +0800] "POST /xingrg/kc/buy/cgsh_order_operate.html HTTP/1.1" 200 12
58.221.95.50 - - [20/Apr/2023:09:34:21 +0800] "GET /xingrg/all/function/internal_message.html?_=1681954461666&CODE_STATE=getMsg HTTP/1.1" 200 27
116.238.139.35 - - [20/Apr/2023:09:34:23 +0800] "GET /xingrg/kc/buy/cgsh_order_info.html?code=212023042006771 HTTP/1.1" 200 65243
116.238.139.35 - - [20/Apr/2023:09:34:23 +0800] "GET /xingrg/javascript/easyui/themes/default/validatebox.css HTTP/1.1" 404 1104
222.69.130.49 - - [20/Apr/2023:09:34:24 +0800] "GET /xingrg/all/function/internal_message.html?_=1681954461540&CODE_STATE=getMsg HTTP/1.1" 200 27
222.69.130.49 - - [20/Apr/2023:09:34:24 +0800] "GET /xingrg/check_reg.html?_=1681954461536 HTTP/1.1" 200 22
116.238.139.35 - - [20/Apr/2023:09:34:24 +0800] "POST /xingrg/kc/buy/cgsh_order_operate.html HTTP/1.1" 200 612
116.238.139.35 - - [20/Apr/2023:09:34:26 +0800] "GET /xingrg/kc/print/load_data.html?order_code=212023042006771&kc_code=cgsh&condition= HTTP/1.1" 200 786
116.238.139.35 - - [20/Apr/2023:09:34:27 +0800] "GET /xingrg/all/function/internal_message.html?_=1681954407065&CODE_STATE=getMsg HTTP/1.1" 200 27
120.253.135.82 - - [20/Apr/2023:09:34:31 +0800] "GET /xingrg/check_reg.html?_=1681954469939 HTTP/1.1" 302 -
116.238.139.35 - - [20/Apr/2023:09:34:38 +0800] "POST /xingrg/all/user/operate.html HTTP/1.1" 200 36
116.238.139.35 - - [20/Apr/2023:09:34:39 +0800] "GET /xingrg/index.html?sysBaseUrl=http%3A%2F%2F180.169.147.146%3A18081%2Fxingrg%2F&costTime=808×tamp=1681951574951 HTTP/1.1" 200 17179
116.238.139.35 - - [20/Apr/2023:09:34:39 +0800] "GET /xingrg/javascript/jquery_easy_ui/themes/default/easyui.css HTTP/1.1" 304 -
116.238.139.35 - - [20/Apr/2023:09:34:39 +0800] "GET /xingrg/javascript/jquery_easy_ui/themes/icon.css HTTP/1.1" 304 -
116.238.139.35 - - [20/Apr/2023:09:34:39 +0800] "GET /xingrg/css/form.css HTTP/1.1" 304 -
116.238.139.35 - - [20/Apr/2023:09:34:39 +0800] "GET /xingrg/javascript/jquery-1.4.2.min.js HTTP/1.1" 304 -
116.238.139.35 - - [20/Apr/2023:09:34:39 +0800] "GET /xingrg/javascript/jquery_easy_ui/jquery.easyui.min.js HTTP/1.1" 304 -
116.238.139.35 - - [20/Apr/2023:09:34:39 +0800] "GET /xingrg/javascript/jquery_easy_ui/easyui-lang-zh_CN.js HTTP/1.1" 304 -
116.238.139.35 - - [20/Apr/2023:09:34:39 +0800] "GET /xingrg/javascript/jquery.form.js HTTP/1.1" 304 -
116.238.139.35 - - [20/Apr/2023:09:34:39 +0800] "GET /xingrg/javascript/jquery.utils.js HTTP/1.1" 304 -
116.238.139.35 - - [20/Apr/2023:09:34:39 +0800] "GET /xingrg/javascript/jquery.timers.js HTTP/1.1" 304 -
116.238.139.35 - - [20/Apr/2023:09:34:39 +0800] "GET /xingrg/images/blue/jxLogo.png HTTP/1.1" 304 -
116.238.139.35 - - [20/Apr/2023:09:34:39 +0800] "GET /xingrg/images/blue/navBackgound.jpg HTTP/1.1" 304 -
116.238.139.35 - - [20/Apr/2023:09:34:40 +0800] "GET /xingrg/javascript/jquery_easy_ui/themes/icons/settle_new.png HTTP/1.1" 304 -
116.238.139.35 - - [20/Apr/2023:09:34:40 +0800] "GET /xingrg/images/blue/pingpu.png HTTP/1.1" 304 -
116.238.139.35 - - [20/Apr/2023:09:34:40 +0800] "GET /xingrg/javascript/jquery_easy_ui/themes/default/images/tabs_leftarrow.png HTTP/1.1" 304 -
116.238.139.35 - - [20/Apr/2023:09:34:40 +0800] "GET /xingrg/javascript/jquery_easy_ui/themes/default/images/panel_tool_collapse.gif HTTP/1.1" 304 -
116.238.139.35 - - [20/Apr/2023:09:34:40 +0800] "GET /xingrg/javascript/jquery_easy_ui/themes/default/images/tabs_rightarrow.png HTTP/1.1" 304 -
116.238.139.35 - - [20/Apr/2023:09:34:40 +0800] "GET /xingrg/check_reg.html?_=1681954419173 HTTP/1.1" 200 22
116.238.139.35 - - [20/Apr/2023:09:34:40 +0800] "GET /xingrg/all/function/internal_message.html?_=1681954419172&CODE_STATE=count HTTP/1.1" 200 11
116.238.139.35 - - [20/Apr/2023:09:34:40 +0800] "POST /xingrg/all/common/load_tree.html?tree=area_rest_tree_json&manage=1 HTTP/1.1" 200 476
116.238.139.35 - - [20/Apr/2023:09:34:40 +0800] "POST /xingrg/load_menu.html HTTP/1.1" 200 5138
116.227.208.255 - - [20/Apr/2023:09:34:42 +0800] "GET /xingrg/all/function/internal_message.html?_=1681954557390&CODE_STATE=getMsg HTTP/1.1" 200 27
180.164.3.199 - - [20/Apr/2023:09:34:42 +0800] "GET /xingrg/all/function/internal_message.html?_=1681954482035&CODE_STATE=getMsg HTTP/1.1" 200 27
116.238.139.35 - - [20/Apr/2023:09:34:43 +0800] "GET /xingrg/kc/buy/cgsh_order_list.html HTTP/1.1" 200 54951
124.79.240.114 - - [20/Apr/2023:09:34:46 +0800] "GET /xingrg/kc/buy/cgsh_order_operate.html?command=get_materiel&rest_code=00104&code=00101008350&supplier_code=00100007&order_time=2023-04-20 HTTP/1.1" 200 427
180.164.3.199 - - [20/Apr/2023:09:34:48 +0800] "POST /xingrg/kc/buy/cgsh_list_operate.html HTTP/1.1" 200 4
124.79.240.114 - - [20/Apr/2023:09:34:49 +0800] "GET /xingrg/all/function/internal_message.html?_=1681954758262&CODE_STATE=getMsg HTTP/1.1" 200 27
114.84.144.20 - - [20/Apr/2023:09:34:49 +0800] "GET /xingrg/kc/buy/cgsh_order_operate.html?command=get_materiel&rest_code=00141&code=00102013017&supplier_code=00100075&order_time=2023-04-20 HTTP/1.1" 200 409
116.238.139.35 - - [20/Apr/2023:09:34:49 +0800] "POST /xingrg/kc/buy/cgsh_list_operate.html HTTP/1.1" 200 986
180.164.3.199 - - [20/Apr/2023:09:34:51 +0800] "POST /xingrg/kc/buy/cgsh_list_operate.html HTTP/1.1" 200 986
116.238.139.35 - - [20/Apr/2023:09:34:51 +0800] "GET /xingrg/kc/buy/cgsh_order_add.html HTTP/1.1" 200 70783
116.238.139.35 - - [20/Apr/2023:09:34:52 +0800] "POST /xingrg/kc/buy/cgsh_order_operate.html HTTP/1.1" 200 8245
116.238.139.35 - - [20/Apr/2023:09:34:52 +0800] "GET /xingrg/javascript/easyui/themes/default/validatebox.css HTTP/1.1" 404 1104
116.238.139.35 - - [20/Apr/2023:09:34:53 +0800] "GET /xingrg/javascript/auto/indicator.gif HTTP/1.1" 404 1066
114.84.144.20 - - [20/Apr/2023:09:34:58 +0800] "GET /xingrg/kc/buy/cgsh_order_operate.html?command=get_materiel&rest_code=00141&code=00102013003&supplier_code=00100075&order_time=2023-04-20 HTTP/1.1" 200 409
114.84.144.20 - - [20/Apr/2023:09:34:59 +0800] "GET /xingrg/check_reg.html?_=1681954498472 HTTP/1.1" 200 22
114.84.144.20 - - [20/Apr/2023:09:34:59 +0800] "GET /xingrg/all/function/internal_message.html?_=1681954498474&CODE_STATE=getMsg HTTP/1.1" 200 27
116.238.139.35 - - [20/Apr/2023:09:35:00 +0800] "GET /xingrg/kc/buy/cgsh_order_operate.html?command=get_materiel&rest_code=00150&code=00101011005&supplier_code=00100047&order_time=2023-04-20 HTTP/1.1" 200 428
180.164.3.199 - - [20/Apr/2023:09:35:07 +0800] "GET /xingrg/kc/base/wldb_order_list.html HTTP/1.1" 200 19108
116.238.139.35 - - [20/Apr/2023:09:35:07 +0800] "GET /xingrg/check_reg.html?_=1681954507502 HTTP/1.1" 200 22
116.238.139.35 - - [20/Apr/2023:09:35:07 +0800] "GET /xingrg/all/function/internal_message.html?_=1681954507506&CODE_STATE=getMsg HTTP/1.1" 200 27
180.164.3.199 - - [20/Apr/2023:09:35:07 +0800] "POST /xingrg/kc/base/wldb_list_operate.html HTTP/1.1" 200 928
114.84.144.20 - - [20/Apr/2023:09:35:09 +0800] "GET /xingrg/kc/buy/cgsh_order_operate.html?command=get_materiel&rest_code=00141&code=00102013049&supplier_code=00100075&order_time=2023-04-20 HTTP/1.1" 200 409
222.70.244.216 - - [20/Apr/2023:09:35:10 +0800] "GET /xingrg/all/function/internal_message.html?_=1681954524102&CODE_STATE=getMsg HTTP/1.1" 200 27
116.224.158.100 - - [20/Apr/2023:09:35:11 +0800] "GET /xingrg/all/function/internal_message.html?_=1681954511651&CODE_STATE=getMsg HTTP/1.1" 200 27
180.164.3.199 - - [20/Apr/2023:09:35:12 +0800] "GET /xingrg/kc/buy/cgsh_order_list.html HTTP/1.1" 200 54955
116.238.139.35 - - [20/Apr/2023:09:35:13 +0800] "GET /xingrg/kc/buy/cgsh_order_operate.html?command=get_materiel&rest_code=00150&code=00101011007&supplier_code=00100047&order_time=2023-04-20 HTTP/1.1" 200 414
180.164.3.199 - - [20/Apr/2023:09:35:13 +0800] "POST /xingrg/kc/buy/cgsh_list_operate.html HTTP/1.1" 200 986
116.224.106.218 - - [20/Apr/2023:09:35:18 +0800] "GET /xingrg/all/function/internal_message.html?_=1681954517088&CODE_STATE=getMsg HTTP/1.1" 200 27
58.221.95.50 - - [20/Apr/2023:09:35:21 +0800] "GET /xingrg/all/function/internal_message.html?_=1681954521642&CODE_STATE=getMsg HTTP/1.1" 200 27
116.238.139.35 - - [20/Apr/2023:09:35:22 +0800] "POST /xingrg/kc/buy/cgsh_order_operate.html HTTP/1.1" 200 37
222.69.130.49 - - [20/Apr/2023:09:35:24 +0800] "GET /xingrg/all/function/internal_message.html?_=1681954521551&CODE_STATE=getMsg HTTP/1.1" 200 27
124.79.240.114 - - [20/Apr/2023:09:35:24 +0800] "GET /xingrg/kc/buy/cgsh_order_operate.html?command=get_materiel&rest_code=00104&code=00101009118&supplier_code=00100007&order_time=2023-04-20 HTTP/1.1" 200 406
222.70.244.216 - - [20/Apr/2023:09:35:25 +0800] "POST /xingrg/services/DataTransmitService HTTP/1.1" 200 524
222.70.244.216 - - [20/Apr/2023:09:35:26 +0800] "POST /xingrg/services/DataTransmitService HTTP/1.1" 200 412
116.238.139.35 - - [20/Apr/2023:09:35:28 +0800] "POST /xingrg/kc/buy/cgsh_order_operate.html HTTP/1.1" 200 12
114.84.144.20 - - [20/Apr/2023:09:35:32 +0800] "POST /xingrg/kc/buy/cgsh_order_operate.html HTTP/1.1" 200 37
116.238.139.35 - - [20/Apr/2023:09:35:33 +0800] "GET /xingrg/kc/buy/cgsh_order_info.html?code=212023042006772 HTTP/1.1" 200 65695
116.238.139.35 - - [20/Apr/2023:09:35:33 +0800] "GET /xingrg/javascript/easyui/themes/default/validatebox.css HTTP/1.1" 404 1104
116.238.139.35 - - [20/Apr/2023:09:35:34 +0800] "POST /xingrg/kc/buy/cgsh_order_operate.html HTTP/1.1" 200 1202
116.238.139.35 - - [20/Apr/2023:09:35:36 +0800] "GET /xingrg/kc/print/load_data.html?order_code=212023042006772&kc_code=cgsh&condition= HTTP/1.1" 200 1012
180.164.3.199 - - [20/Apr/2023:09:35:37 +0800] "GET /xingrg/kc/buy/cgsh_order_add.html HTTP/1.1" 200 70819
180.164.3.199 - - [20/Apr/2023:09:35:37 +0800] "GET /xingrg/javascript/pic_change.js HTTP/1.1" 200 4739
180.164.3.199 - - [20/Apr/2023:09:35:37 +0800] "GET /xingrg/javascript/jquery_tools/order_manager.js HTTP/1.1" 200 11183
180.164.3.199 - - [20/Apr/2023:09:35:37 +0800] "GET /xingrg/javascript/convert.js HTTP/1.1" 200 1239
180.164.3.199 - - [20/Apr/2023:09:35:37 +0800] "GET /xingrg/javascript/json2.js HTTP/1.1" 200 11259
180.164.3.199 - - [20/Apr/2023:09:35:37 +0800] "GET /xingrg/javascript/print/kc_print.js HTTP/1.1" 200 11415
180.164.3.199 - - [20/Apr/2023:09:35:37 +0800] "GET /xingrg/words/20230416123004_words.js HTTP/1.1" 200 960840
180.164.3.199 - - [20/Apr/2023:09:35:37 +0800] "POST /xingrg/kc/buy/cgsh_order_operate.html HTTP/1.1" 200 8245
180.164.3.199 - - [20/Apr/2023:09:35:37 +0800] "GET /xingrg/javascript/easyui/themes/default/validatebox.css HTTP/1.1" 404 1104
180.164.3.199 - - [20/Apr/2023:09:35:37 +0800] "GET /xingrg/javascript/easyui/plugins/jquery.validatebox.js HTTP/1.1" 200 6103
180.164.3.199 - - [20/Apr/2023:09:35:37 +0800] "GET /xingrg/all/common/auto_word.html?type=employee&rest_code=00108 HTTP/1.1" 200 101
180.164.3.199 - - [20/Apr/2023:09:35:37 +0800] "GET /xingrg/javascript/easyui/plugins/jquery.numberbox.js HTTP/1.1" 200 5213
180.164.3.199 - - [20/Apr/2023:09:35:37 +0800] "GET /xingrg/all/common/auto_word.html?type=employee&rest_code=00108 HTTP/1.1" 200 101
114.84.144.20 - - [20/Apr/2023:09:35:39 +0800] "POST /xingrg/kc/buy/cgsh_order_operate.html HTTP/1.1" 200 12
116.238.139.35 - - [20/Apr/2023:09:35:40 +0800] "GET /xingrg/all/function/internal_message.html?_=1681954479185&CODE_STATE=getMsg HTTP/1.1" 200 27
116.238.139.35 - - [20/Apr/2023:09:35:41 +0800] "GET /xingrg/kc/report/report_main.html HTTP/1.1" 200 7340
116.238.139.35 - - [20/Apr/2023:09:35:41 +0800] "GET /xingrg/css/blue.css HTTP/1.1" 304 -
116.238.139.35 - - [20/Apr/2023:09:35:41 +0800] "GET /xingrg/javascript/jquery_ui/themes/humanity/humanity.css HTTP/1.1" 304 -
116.238.139.35 - - [20/Apr/2023:09:35:41 +0800] "GET /xingrg/javascript/myfunction.js HTTP/1.1" 304 -
116.238.139.35 - - [20/Apr/2023:09:35:41 +0800] "GET /xingrg/javascript/jquery_easy_ui/themes/icons/back_new.png HTTP/1.1" 304 -
116.227.208.255 - - [20/Apr/2023:09:35:42 +0800] "GET /xingrg/all/function/internal_message.html?_=1681954617364&CODE_STATE=getMsg HTTP/1.1" 200 27
180.164.3.199 - - [20/Apr/2023:09:35:42 +0800] "GET /xingrg/all/function/internal_message.html?_=1681954542020&CODE_STATE=getMsg HTTP/1.1" 200 27
116.238.139.35 - - [20/Apr/2023:09:35:43 +0800] "GET /xingrg/kc/base/crk_hz.html HTTP/1.1" 200 11247
116.238.139.35 - - [20/Apr/2023:09:35:43 +0800] "GET /xingrg/javascript/step/step.css HTTP/1.1" 200 999
116.238.139.35 - - [20/Apr/2023:09:35:43 +0800] "GET /xingrg/css/table.css HTTP/1.1" 304 -
116.238.139.35 - - [20/Apr/2023:09:35:43 +0800] "GET /xingrg/javascript/jquery_easy_ui/themes/icons/search.png HTTP/1.1" 200 813
116.238.139.35 - - [20/Apr/2023:09:35:43 +0800] "GET /xingrg/javascript/jquery_easy_ui/themes/default/images/menu_downarrow.png HTTP/1.1" 304 -
116.238.139.35 - - [20/Apr/2023:09:35:43 +0800] "GET /xingrg/javascript/jquery_easy_ui/themes/icons/print.png HTTP/1.1" 304 -
116.238.139.35 - - [20/Apr/2023:09:35:43 +0800] "GET /xingrg/javascript/jquery_easy_ui/themes/default/images/menu.gif HTTP/1.1" 200 834
116.238.139.35 - - [20/Apr/2023:09:35:43 +0800] "GET /xingrg/javascript/jquery_easy_ui/themes/default/images/combo_arrow_dot.gif HTTP/1.1" 200 79
116.238.139.35 - - [20/Apr/2023:09:35:43 +0800] "GET /xingrg/javascript/jquery_easy_ui/themes/default/images/calendar_prevmonth.gif HTTP/1.1" 200 66
116.238.139.35 - - [20/Apr/2023:09:35:43 +0800] "GET /xingrg/javascript/jquery_easy_ui/themes/default/images/calendar_nextmonth.gif HTTP/1.1" 200 64
116.238.139.35 - - [20/Apr/2023:09:35:43 +0800] "POST /xingrg/kc/cost/cost_operate.html?command=get_base_tree HTTP/1.1" 200 3643
116.238.139.35 - - [20/Apr/2023:09:35:43 +0800] "GET /xingrg/javascript/jquery_easy_ui/themes/default/images/calendar_prevyear.gif HTTP/1.1" 200 76
116.238.139.35 - - [20/Apr/2023:09:35:43 +0800] "GET /xingrg/javascript/jquery_easy_ui/themes/default/images/calendar_nextyear.gif HTTP/1.1" 200 75
116.238.139.35 - - [20/Apr/2023:09:35:43 +0800] "POST /xingrg/all/common/load_tree.html?tree=materiel_sort_tree_json HTTP/1.1" 200 9500
114.84.144.20 - - [20/Apr/2023:09:35:43 +0800] "GET /xingrg/kc/buy/cgsh_order_info.html?code=212023042006773 HTTP/1.1" 200 65639
116.238.139.35 - - [20/Apr/2023:09:35:43 +0800] "GET /xingrg/javascript/jquery_easy_ui/themes/default/images/tree_checkbox_0.gif HTTP/1.1" 200 168
114.84.144.20 - - [20/Apr/2023:09:35:43 +0800] "GET /xingrg/javascript/easyui/themes/default/validatebox.css HTTP/1.1" 404 1104
114.84.144.20 - - [20/Apr/2023:09:35:44 +0800] "POST /xingrg/kc/buy/cgsh_order_operate.html HTTP/1.1" 200 2364
124.79.240.114 - - [20/Apr/2023:09:35:48 +0800] "GET /xingrg/all/function/internal_message.html?_=1681954818214&CODE_STATE=getMsg HTTP/1.1" 200 27
116.238.139.35 - - [20/Apr/2023:09:35:57 +0800] "GET /xingrg/javascript/jquery_easy_ui/themes/default/images/tree_checkbox_1.gif HTTP/1.1" 200 174
116.238.139.35 - - [20/Apr/2023:09:35:57 +0800] "GET /xingrg/javascript/jquery_easy_ui/themes/default/images/tree_checkbox_2.gif HTTP/1.1" 200 181
116.238.139.35 - - [20/Apr/2023:09:35:59 +0800] "GET /xingrg/kc/base/crk_hz.html?_=1681954498269&command=get_cost_id&end_date=2023-04-20&start_date=2023-04-01 HTTP/1.1" 200 51
116.238.139.35 - - [20/Apr/2023:09:35:59 +0800] "GET /xingrg/all/report/report_query.html?isQuery=1&onlyBody=1&rh=99999&rw=1800&varString=start:20230401,cost_id:4278,mid:20230401&fileName=kc/base/crk_hz_type_by_base.xml&queryString=%20a.base_code%20in%20('0010459')%20&queryText=ÈÕÆÚ£º2023-04-01ÖÁ2023-04-20%20²Ö¿â£ºÔ±¹¤²Í&tableQueryString=materiel_table$sp1$$sp$before_table$sp1$$sp$crk_table$sp1$order_day%20between%2020230401%20and%2020230420 HTTP/1.1" 200 49400
116.238.139.35 - - [20/Apr/2023:09:35:59 +0800] "GET /xingrg/javascript/calendar/timePicker.css HTTP/1.1" 200 523
116.238.139.35 - - [20/Apr/2023:09:35:59 +0800] "GET /xingrg/dwr/interface/AjaxReportQueryService.js HTTP/1.1" 200 13203
116.238.139.35 - - [20/Apr/2023:09:35:59 +0800] "GET /xingrg/javascript/multi_select/jqueryMultiSelect.css HTTP/1.1" 200 951
116.238.139.35 - - [20/Apr/2023:09:35:59 +0800] "GET /xingrg/javascript/bigrid/fix.css HTTP/1.1" 200 1702
116.238.139.35 - - [20/Apr/2023:09:35:59 +0800] "GET /xingrg/dwr/engine.js HTTP/1.1" 200 43631
116.238.139.35 - - [20/Apr/2023:09:35:59 +0800] "GET /xingrg/dwr/util.js HTTP/1.1" 304 -
116.238.139.35 - - [20/Apr/2023:09:35:59 +0800] "GET /xingrg/javascript/jqueryMultiSelect.js HTTP/1.1" 200 11866
116.238.139.35 - - [20/Apr/2023:09:35:59 +0800] "GET /xingrg/javascript/Calendar.js HTTP/1.1" 304 -
116.238.139.35 - - [20/Apr/2023:09:35:59 +0800] "GET /xingrg/javascript/calendar/jquery.timePicker.min.js HTTP/1.1" 200 2997
116.238.139.35 - - [20/Apr/2023:09:35:59 +0800] "GET /xingrg/javascript/bigrid/fix.js HTTP/1.1" 200 6439
116.238.139.35 - - [20/Apr/2023:09:35:59 +0800] "GET /xingrg/images/control/loading.gif HTTP/1.1" 200 13463
116.238.139.35 - - [20/Apr/2023:09:35:59 +0800] "GET /xingrg/images/blue/button/backover.gif HTTP/1.1" 200 1348
116.238.139.35 - - [20/Apr/2023:09:35:59 +0800] "GET /xingrg/images/blue/button/advance2over.gif HTTP/1.1" 200 1336
116.238.139.35 - - [20/Apr/2023:09:35:59 +0800] "GET /xingrg/images/blue/button/back2over.gif HTTP/1.1" 200 1335
116.238.139.35 - - [20/Apr/2023:09:35:59 +0800] "GET /xingrg/images/blue/button/advanceover.gif HTTP/1.1" 200 1347
116.238.139.35 - - [20/Apr/2023:09:35:59 +0800] "GET /xingrg/javascript/jquery_easy_ui/themes/icons/help.png HTTP/1.1" 200 1187
114.84.144.20 - - [20/Apr/2023:09:35:59 +0800] "GET /xingrg/all/function/internal_message.html?_=1681954558490&CODE_STATE=getMsg HTTP/1.1" 200 27
116.238.139.35 - - [20/Apr/2023:09:36:03 +0800] "POST /xingrg/all/report/load_report_page.html HTTP/1.1" 200 94759
116.238.139.35 - - [20/Apr/2023:09:36:03 +0800] "GET /xingrg/servlets/image?cache=0.003864651879386116&image=px HTTP/1.1" 200 807
124.79.240.114 - - [20/Apr/2023:09:36:04 +0800] "GET /xingrg/kc/buy/cgsh_order_operate.html?command=get_materiel&rest_code=00104&code=00101009044&supplier_code=00100007&order_time=2023-04-20 HTTP/1.1" 200 413
116.238.139.35 - - [20/Apr/2023:09:36:07 +0800] "GET /xingrg/all/function/internal_message.html?_=1681954567508&CODE_STATE=getMsg HTTP/1.1" 200 27
222.70.244.216 - - [20/Apr/2023:09:36:10 +0800] "GET /xingrg/all/function/internal_message.html?_=1681954584106&CODE_STATE=getMsg HTTP/1.1" 200 27
116.224.158.100 - - [20/Apr/2023:09:36:11 +0800] "GET /xingrg/all/function/internal_message.html?_=1681954571619&CODE_STATE=getMsg HTTP/1.1" 200 27
180.171.122.0 - - [20/Apr/2023:09:36:11 +0800] "POST /xingrg/services/DataTransmitService HTTP/1.1" 200 524
116.224.106.218 - - [20/Apr/2023:09:36:18 +0800] "GET /xingrg/all/function/internal_message.html?_=1681954577088&CODE_STATE=getMsg HTTP/1.1" 200 27
124.79.240.114 - - [20/Apr/2023:09:36:19 +0800] "GET /xingrg/kc/buy/cgsh_order_operate.html?command=get_materiel&rest_code=00104&code=00101008041&supplier_code=00100007&order_time=2023-04-20 HTTP/1.1" 200 408
58.221.95.50 - - [20/Apr/2023:09:36:21 +0800] "GET /xingrg/all/function/internal_message.html?_=1681954581617&CODE_STATE=getMsg HTTP/1.1" 200 27
180.164.3.199 - - [20/Apr/2023:09:36:22 +0800] "GET /xingrg/kc/buy/cgsh_order_operate.html?command=get_materiel&rest_code=00108&code=00101007049&supplier_code=00100002&order_time=2023-04-20 HTTP/1.1" 200 409
222.69.130.49 - - [20/Apr/2023:09:36:24 +0800] "GET /xingrg/all/function/internal_message.html?_=1681954581547&CODE_STATE=getMsg HTTP/1.1" 200 27
114.85.98.23 - - [20/Apr/2023:09:36:25 +0800] "GET /xingrg/check_reg.html?_=1681954587160 HTTP/1.1" 200 22
124.79.240.114 - - [20/Apr/2023:09:36:27 +0800] "POST /xingrg/kc/buy/cgsh_order_operate.html HTTP/1.1" 200 2065
180.164.3.199 - - [20/Apr/2023:09:36:35 +0800] "POST /xingrg/kc/buy/cgsh_order_operate.html HTTP/1.1" 200 37
124.79.240.114 - - [20/Apr/2023:09:36:37 +0800] "GET /xingrg/kc/buy/cgsh_order_operate.html?command=get_materiel&rest_code=00104&code=00101009031&supplier_code=00100007&order_time=2023-04-20 HTTP/1.1" 200 408
180.164.3.199 - - [20/Apr/2023:09:36:38 +0800] "POST /xingrg/kc/buy/cgsh_order_operate.html HTTP/1.1" 200 2653
114.85.98.23 - - [20/Apr/2023:09:36:38 +0800] "POST /xingrg/services/DataTransmitService HTTP/1.1" 200 524
180.164.3.199 - - [20/Apr/2023:09:36:39 +0800] "GET /xingrg/kc/print/load_config.html?kc_code=cgsh HTTP/1.1" 200 1925
116.238.139.35 - - [20/Apr/2023:09:36:40 +0800] "GET /xingrg/all/function/internal_message.html?_=1681954539199&CODE_STATE=getMsg HTTP/1.1" 200 27
180.164.3.199 - - [20/Apr/2023:09:36:40 +0800] "GET /xingrg/kc/print/load_data.html?order_code=212023042006774&kc_code=cgsh&condition= HTTP/1.1" 200 751
116.227.208.255 - - [20/Apr/2023:09:36:42 +0800] "GET /xingrg/all/function/internal_message.html?_=1681954677339&CODE_STATE=getMsg HTTP/1.1" 200 27
180.164.3.199 - - [20/Apr/2023:09:36:42 +0800] "GET /xingrg/all/function/internal_message.html?_=1681954602001&CODE_STATE=getMsg HTTP/1.1" 200 27
180.164.3.199 - - [20/Apr/2023:09:36:47 +0800] "GET /xingrg/kc/buy/cgsh_order_add.html HTTP/1.1" 200 70819
180.164.3.199 - - [20/Apr/2023:09:36:47 +0800] "POST /xingrg/kc/buy/cgsh_order_operate.html HTTP/1.1" 200 8245
180.164.3.199 - - [20/Apr/2023:09:36:48 +0800] "GET /xingrg/javascript/easyui/themes/default/validatebox.css HTTP/1.1" 404 1104
124.79.240.114 - - [20/Apr/2023:09:36:49 +0800] "GET /xingrg/all/function/internal_message.html?_=1681954878263&CODE_STATE=getMsg HTTP/1.1" 200 27
114.85.98.23 - - [20/Apr/2023:09:36:53 +0800] "GET /xingrg/kc/buy/cgsh_order_operate.html?command=get_materiel&rest_code=00102&code=00101002027&supplier_code=00100400&order_time=2023-04-20 HTTP/1.1" 200 413
116.238.139.35 - - [20/Apr/2023:09:36:57 +0800] "GET /xingrg/javascript/jquery_easy_ui/themes/default/images/tabs_active.png HTTP/1.1" 304 -
114.84.144.20 - - [20/Apr/2023:09:36:59 +0800] "GET /xingrg/all/function/internal_message.html?_=1681954618481&CODE_STATE=getMsg HTTP/1.1" 200 27
180.164.3.199 - - [20/Apr/2023:09:37:00 +0800] "GET /xingrg/kc/buy/cgsh_order_operate.html?command=get_materiel&rest_code=00108&code=00101009118&supplier_code=00100593&order_time=2023-04-20 HTTP/1.1" 200 405
180.169.147.146 - - [20/Apr/2023:09:37:05 +0800] "GET /favicon.ico HTTP/1.1" 404 -
116.238.139.35 - - [20/Apr/2023:09:37:07 +0800] "GET /xingrg/all/function/internal_message.html?_=1681954627509&CODE_STATE=getMsg HTTP/1.1" 200 27
222.70.244.216 - - [20/Apr/2023:09:37:10 +0800] "GET /xingrg/all/function/internal_message.html?_=1681954644271&CODE_STATE=getMsg HTTP/1.1" 200 27
180.164.3.199 - - [20/Apr/2023:09:37:10 +0800] "GET /xingrg/kc/buy/cgsh_order_operate.html?command=get_materiel&rest_code=00108&code=00101023022&supplier_code=00100593&order_time=2023-04-20 HTTP/1.1" 200 406
172.20.0.100 - - [20/Apr/2023:09:37:11 +0800] "GET /xingrg/check_reg.html?_=1681954640704 HTTP/1.1" 200 22
116.224.158.100 - - [20/Apr/2023:09:37:11 +0800] "GET /xingrg/all/function/internal_message.html?_=1681954631587&CODE_STATE=getMsg HTTP/1.1" 200 27
114.85.98.23 - - [20/Apr/2023:09:37:12 +0800] "GET /xingrg/kc/buy/cgsh_order_operate.html?command=get_materiel&rest_code=00102&code=00101002022&supplier_code=00100400&order_time=2023-04-20 HTTP/1.1" 200 409
116.224.106.218 - - [20/Apr/2023:09:37:18 +0800] "GET /xingrg/all/function/internal_message.html?_=1681954637093&CODE_STATE=getMsg HTTP/1.1" 200 27
180.164.3.199 - - [20/Apr/2023:09:37:19 +0800] "GET /xingrg/kc/buy/cgsh_order_operate.html?command=get_materiel&rest_code=00108&code=00101009037&supplier_code=00100593&order_time=2023-04-20 HTTP/1.1" 200 415
58.221.95.50 - - [20/Apr/2023:09:37:21 +0800] "GET /xingrg/all/function/internal_message.html?_=1681954641592&CODE_STATE=getMsg HTTP/1.1" 200 27
124.79.240.114 - - [20/Apr/2023:09:37:21 +0800] "GET /xingrg/kc/buy/cgsh_order_operate.html?command=get_materiel&rest_code=00104&code=00101015062&supplier_code=00100007&order_time=2023-04-20 HTTP/1.1" 200 412
222.69.130.49 - - [20/Apr/2023:09:37:24 +0800] "GET /xingrg/all/function/internal_message.html?_=1681954641562&CODE_STATE=getMsg HTTP/1.1" 200 27
114.85.98.23 - - [20/Apr/2023:09:37:25 +0800] "GET /xingrg/kc/buy/cgsh_order_operate.html?command=get_materiel&rest_code=00102&code=00101002016&supplier_code=00100400&order_time=2023-04-20 HTTP/1.1" 200 413
180.164.3.199 - - [20/Apr/2023:09:37:32 +0800] "GET /xingrg/kc/buy/cgsh_order_operate.html?command=get_materiel&rest_code=00108&code=00101009051&supplier_code=00100593&order_time=2023-04-20 HTTP/1.1" 200 408
222.69.130.49 - - [20/Apr/2023:09:37:38 +0800] "GET /xingrg/kc/buy/cgsh_order_add.html HTTP/1.1" 200 70815
222.69.130.49 - - [20/Apr/2023:09:37:39 +0800] "POST /xingrg/kc/buy/cgsh_order_operate.html HTTP/1.1" 200 8245
222.69.130.49 - - [20/Apr/2023:09:37:39 +0800] "GET /xingrg/javascript/easyui/themes/default/validatebox.css HTTP/1.1" 404 1104
180.164.3.199 - - [20/Apr/2023:09:37:39 +0800] "GET /xingrg/kc/buy/cgsh_order_operate.html?command=get_materiel&rest_code=00108&code=00101009113&supplier_code=00100593&order_time=2023-04-20 HTTP/1.1" 200 413
116.238.139.35 - - [20/Apr/2023:09:37:40 +0800] "GET /xingrg/all/function/internal_message.html?_=1681954599260&CODE_STATE=getMsg HTTP/1.1" 200 27
124.79.240.114 - - [20/Apr/2023:09:37:41 +0800] "GET /xingrg/kc/buy/cgsh_order_operate.html?command=get_materiel&rest_code=00104&code=00101008092&supplier_code=00100007&order_time=2023-04-20 HTTP/1.1" 200 413
114.85.98.23 - - [20/Apr/2023:09:37:42 +0800] "GET /xingrg/kc/buy/cgsh_order_operate.html?command=get_materiel&rest_code=00102&code=00101002041&supplier_code=00100400&order_time=2023-04-20 HTTP/1.1" 200 409
116.227.208.255 - - [20/Apr/2023:09:37:42 +0800] "GET /xingrg/all/function/internal_message.html?_=1681954737317&CODE_STATE=getMsg HTTP/1.1" 200 27
180.164.3.199 - - [20/Apr/2023:09:37:42 +0800] "GET /xingrg/all/function/internal_message.html?_=1681954661985&CODE_STATE=getMsg HTTP/1.1" 200 27
124.79.240.114 - - [20/Apr/2023:09:37:49 +0800] "GET /xingrg/all/function/internal_message.html?_=1681954938262&CODE_STATE=getMsg HTTP/1.1" 200 27
222.70.244.216 - - [20/Apr/2023:09:37:49 +0800] "GET /xingrg/check_reg.html?_=1681954682608 HTTP/1.1" 200 22
180.164.3.199 - - [20/Apr/2023:09:37:50 +0800] "GET /xingrg/kc/buy/cgsh_order_operate.html?command=get_materiel&rest_code=00108&code=00101011004&supplier_code=00100593&order_time=2023-04-20 HTTP/1.1" 200 412
114.85.98.23 - - [20/Apr/2023:09:37:52 +0800] "GET /xingrg/kc/buy/cgsh_order_operate.html?command=get_materiel&rest_code=00102&code=00101004089&supplier_code=00100400&order_time=2023-04-20 HTTP/1.1" 200 406
114.84.144.20 - - [20/Apr/2023:09:37:59 +0800] "GET /xingrg/all/function/internal_message.html?_=1681954678483&CODE_STATE=getMsg HTTP/1.1" 200 27
