116.237.74.38 - - [20/Apr/2023:11:45:21 +0800] "GET /xingrg/all/function/internal_message.html?_=1681962322500&CODE_STATE=getMsg HTTP/1.1" 200 27
180.157.253.110 - - [20/Apr/2023:11:45:24 +0800] "GET /xingrg/all/function/internal_message.html?_=1681962329251&CODE_STATE=getMsg HTTP/1.1" 200 27
116.224.158.100 - - [20/Apr/2023:11:45:26 +0800] "GET /xingrg/all/function/internal_message.html?_=1681962167088&CODE_STATE=getMsg HTTP/1.1" 200 27
180.157.253.110 - - [20/Apr/2023:11:45:27 +0800] "POST /xingrg/kc/buy/cgsh_list_operate.html HTTP/1.1" 200 6567
180.157.253.110 - - [20/Apr/2023:11:45:31 +0800] "GET /xingrg/javascript/auto/indicator.gif HTTP/1.1" 404 1066
180.157.253.110 - - [20/Apr/2023:11:45:37 +0800] "POST /xingrg/kc/buy/cgsh_list_operate.html HTTP/1.1" 200 5295
180.157.253.110 - - [20/Apr/2023:11:45:40 +0800] "POST /xingrg/kc/buy/cgsh_list_operate.html HTTP/1.1" 200 275
116.227.208.255 - - [20/Apr/2023:11:45:41 +0800] "GET /xingrg/all/function/internal_message.html?_=1681962415577&CODE_STATE=getMsg HTTP/1.1" 200 27
116.238.139.35 - - [20/Apr/2023:11:45:43 +0800] "GET /xingrg/all/function/internal_message.html?_=1681962282089&CODE_STATE=getMsg HTTP/1.1" 200 27
116.237.74.38 - - [20/Apr/2023:11:45:44 +0800] "GET /xingrg/all/function/internal_message.html?_=1681962341872&CODE_STATE=getMsg HTTP/1.1" 200 27
116.237.74.38 - - [20/Apr/2023:11:45:46 +0800] "GET /xingrg/kc/buy/buy_main.html HTTP/1.1" 200 12412
116.237.74.38 - - [20/Apr/2023:11:45:46 +0800] "GET /xingrg/css/new_ie.css HTTP/1.1" 404 1036
116.237.74.38 - - [20/Apr/2023:11:45:48 +0800] "GET /xingrg/kc/buy/cgsh_order_list.html HTTP/1.1" 200 54945
180.157.253.110 - - [20/Apr/2023:11:45:49 +0800] "POST /xingrg/kc/buy/cgsh_list_operate.html HTTP/1.1" 200 203
180.171.122.0 - - [20/Apr/2023:11:45:50 +0800] "GET /xingrg/all/function/internal_message.html?_=1681962347213&CODE_STATE=getMsg HTTP/1.1" 200 27
116.237.74.38 - - [20/Apr/2023:11:45:51 +0800] "POST /xingrg/kc/buy/cgsh_list_operate.html HTTP/1.1" 200 1872
180.157.253.110 - - [20/Apr/2023:11:45:52 +0800] "POST /xingrg/kc/buy/cgsh_list_operate.html HTTP/1.1" 200 273
116.237.74.38 - - [20/Apr/2023:11:45:54 +0800] "GET /xingrg/kc/buy/cgsh_order_add.html HTTP/1.1" 200 70727
116.237.74.38 - - [20/Apr/2023:11:45:55 +0800] "POST /xingrg/kc/buy/cgsh_order_operate.html HTTP/1.1" 200 8245
116.237.74.38 - - [20/Apr/2023:11:45:55 +0800] "GET /xingrg/javascript/easyui/themes/default/validatebox.css HTTP/1.1" 404 1104
116.237.74.38 - - [20/Apr/2023:11:45:56 +0800] "GET /xingrg/javascript/easyui/themes/default/tree.css HTTP/1.1" 404 1090
116.237.74.38 - - [20/Apr/2023:11:45:56 +0800] "POST /xingrg/all/common/load_tree.html?tree=supplier_tree_json&isDelete=1 HTTP/1.1" 200 72661
180.157.253.110 - - [20/Apr/2023:11:45:58 +0800] "POST /xingrg/kc/buy/cgsh_list_operate.html HTTP/1.1" 200 204
180.157.253.110 - - [20/Apr/2023:11:45:59 +0800] "POST /xingrg/kc/buy/cgsh_list_operate.html HTTP/1.1" 200 570
180.157.253.110 - - [20/Apr/2023:11:46:01 +0800] "POST /xingrg/kc/buy/cgsh_list_operate.html HTTP/1.1" 200 498
180.157.253.110 - - [20/Apr/2023:11:46:02 +0800] "POST /xingrg/kc/buy/cgsh_list_operate.html HTTP/1.1" 200 202
180.157.253.110 - - [20/Apr/2023:11:46:05 +0800] "POST /xingrg/kc/buy/cgsh_list_operate.html HTTP/1.1" 200 630
114.84.144.20 - - [20/Apr/2023:11:46:06 +0800] "GET /xingrg/all/function/internal_message.html?_=1681962367075&CODE_STATE=getMsg HTTP/1.1" 200 27
114.84.144.20 - - [20/Apr/2023:11:46:06 +0800] "GET /xingrg/check_reg.html?_=1681962367072 HTTP/1.1" 200 22
180.157.253.110 - - [20/Apr/2023:11:46:07 +0800] "POST /xingrg/kc/buy/cgsh_list_operate.html HTTP/1.1" 200 205
116.238.139.35 - - [20/Apr/2023:11:46:07 +0800] "GET /xingrg/all/function/internal_message.html?_=1681962367622&CODE_STATE=getMsg HTTP/1.1" 200 27
116.224.158.100 - - [20/Apr/2023:11:46:08 +0800] "GET /xingrg/all/function/internal_message.html?_=1681962368508&CODE_STATE=getMsg HTTP/1.1" 200 27
180.169.147.146 - - [20/Apr/2023:11:46:10 +0800] "GET /xingrg/all/function/internal_message.html?_=1681962370767&CODE_STATE=getMsg HTTP/1.1" 200 27
116.237.74.38 - - [20/Apr/2023:11:46:12 +0800] "GET /xingrg/all/function/internal_message.html?_=1681962373201&CODE_STATE=getMsg HTTP/1.1" 200 27
114.84.144.20 - - [20/Apr/2023:11:46:12 +0800] "GET /xingrg/all/function/internal_message.html?_=1681962372099&CODE_STATE=getMsg HTTP/1.1" 200 27
180.164.3.199 - - [20/Apr/2023:11:46:15 +0800] "GET /xingrg/all/function/internal_message.html?_=1681962374366&CODE_STATE=getMsg HTTP/1.1" 200 27
116.237.74.38 - - [20/Apr/2023:11:46:16 +0800] "POST /xingrg/dwr/call/plaincall/AjaxQqpsService.saveOrder.dwr HTTP/1.1" 200 79
180.169.147.146 - - [20/Apr/2023:11:46:17 +0800] "GET /xingrg/all/function/internal_message.html?_=1681962374158&CODE_STATE=getMsg HTTP/1.1" 200 27
116.224.106.218 - - [20/Apr/2023:11:46:18 +0800] "GET /xingrg/all/function/internal_message.html?_=1681962377249&CODE_STATE=getMsg HTTP/1.1" 200 27
58.221.95.50 - - [20/Apr/2023:11:46:19 +0800] "GET /xingrg/all/function/internal_message.html?_=1681962379383&CODE_STATE=getMsg HTTP/1.1" 200 27
116.237.74.38 - - [20/Apr/2023:11:46:20 +0800] "GET /xingrg/kc/mdqp/qqps_order_list.html?isBack=1 HTTP/1.1" 200 11574
116.237.74.38 - - [20/Apr/2023:11:46:20 +0800] "GET /xingrg/dwr/interface/AjaxQqpsService.js HTTP/1.1" 200 16326
116.237.74.38 - - [20/Apr/2023:11:46:20 +0800] "GET /xingrg/dwr/interface/AjaxReportQueryService.js HTTP/1.1" 200 13203
116.237.74.38 - - [20/Apr/2023:11:46:20 +0800] "GET /xingrg/dwr/engine.js HTTP/1.1" 200 43631
116.228.172.94 - - [20/Apr/2023:11:46:20 +0800] "GET /xingrg/all/function/internal_message.html?_=1681962268733&CODE_STATE=getMsg HTTP/1.1" 200 27
222.70.244.216 - - [20/Apr/2023:11:46:20 +0800] "GET /xingrg/all/function/internal_message.html?_=1681962394842&CODE_STATE=getMsg HTTP/1.1" 200 27
116.237.74.38 - - [20/Apr/2023:11:46:21 +0800] "GET /xingrg/all/function/internal_message.html?_=1681962382500&CODE_STATE=getMsg HTTP/1.1" 200 27
116.237.74.38 - - [20/Apr/2023:11:46:23 +0800] "GET /xingrg/kc/mdqp/qqps_order_info.html?code=302023042000343 HTTP/1.1" 200 28398
116.237.74.38 - - [20/Apr/2023:11:46:23 +0800] "GET /xingrg/dwr/interface/AjaxComOrderService.js HTTP/1.1" 200 18264
116.237.74.38 - - [20/Apr/2023:11:46:23 +0800] "GET /xingrg/dwr/interface/AjaxQqpsService.js HTTP/1.1" 200 16326
116.237.74.38 - - [20/Apr/2023:11:46:23 +0800] "GET /xingrg/dwr/engine.js HTTP/1.1" 200 43631
116.237.74.38 - - [20/Apr/2023:11:46:24 +0800] "POST /xingrg/dwr/call/plaincall/AjaxQqpsService.loadMaterielItems.dwr HTTP/1.1" 200 3836
180.157.253.110 - - [20/Apr/2023:11:46:24 +0800] "GET /xingrg/all/function/internal_message.html?_=1681962389256&CODE_STATE=getMsg HTTP/1.1" 200 27
116.224.158.100 - - [20/Apr/2023:11:46:26 +0800] "GET /xingrg/all/function/internal_message.html?_=1681962227091&CODE_STATE=getMsg HTTP/1.1" 200 27
116.237.74.38 - - [20/Apr/2023:11:46:26 +0800] "GET /xingrg/kc/buy/cgsh_order_operate.html?command=get_materiel&rest_code=00106&code=00101009050&supplier_code=00100022&order_time=2023-04-20 HTTP/1.1" 200 408
114.84.144.20 - - [20/Apr/2023:11:46:28 +0800] "GET /xingrg/kc/buy/cgsh_order_operate.html?command=get_materiel&rest_code=00141&code=00102009597&supplier_code=00100384&order_time=2023-04-20 HTTP/1.1" 200 412
116.237.74.38 - - [20/Apr/2023:11:46:29 +0800] "GET /xingrg/kc/mdqp/qqps_order_list.html?isBack=1 HTTP/1.1" 200 11574
116.237.74.38 - - [20/Apr/2023:11:46:29 +0800] "GET /xingrg/dwr/interface/AjaxQqpsService.js HTTP/1.1" 200 16326
116.237.74.38 - - [20/Apr/2023:11:46:29 +0800] "GET /xingrg/dwr/interface/AjaxReportQueryService.js HTTP/1.1" 200 13203
116.237.74.38 - - [20/Apr/2023:11:46:29 +0800] "GET /xingrg/dwr/engine.js HTTP/1.1" 200 43631
116.237.74.38 - - [20/Apr/2023:11:46:32 +0800] "GET /xingrg/kc/buy/buy_main.html HTTP/1.1" 200 12412
116.237.74.38 - - [20/Apr/2023:11:46:32 +0800] "GET /xingrg/css/new_ie.css HTTP/1.1" 404 1036
116.237.74.38 - - [20/Apr/2023:11:46:32 +0800] "GET /xingrg/images/blue/button/cgydd.gif HTTP/1.1" 304 -
116.237.74.38 - - [20/Apr/2023:11:46:32 +0800] "GET /xingrg/images/blue/button/cgshd.gif HTTP/1.1" 304 -
116.237.74.38 - - [20/Apr/2023:11:46:32 +0800] "GET /xingrg/images/blue/button/cgfkd.gif HTTP/1.1" 304 -
116.237.74.38 - - [20/Apr/2023:11:46:32 +0800] "GET /xingrg/images/blue/button/ckthd.gif HTTP/1.1" 304 -
116.237.74.38 - - [20/Apr/2023:11:46:34 +0800] "GET /xingrg/kc/buy/cgsh_order_list.html HTTP/1.1" 200 54945
180.171.122.0 - - [20/Apr/2023:11:46:35 +0800] "GET /xingrg/kc/base/wldb_order_list.html HTTP/1.1" 200 19098
180.171.122.0 - - [20/Apr/2023:11:46:35 +0800] "POST /xingrg/kc/base/wldb_list_operate.html HTTP/1.1" 200 928
180.171.122.0 - - [20/Apr/2023:11:46:36 +0800] "GET /xingrg/kc/base/wldb_order_add.html HTTP/1.1" 200 30381
180.171.122.0 - - [20/Apr/2023:11:46:37 +0800] "POST /xingrg/kc/base/wldb_order_operate.html HTTP/1.1" 200 6806
180.171.122.0 - - [20/Apr/2023:11:46:37 +0800] "GET /xingrg/all/common/auto_word.html?type=base&rest_code=00111 HTTP/1.1" 200 1753
180.171.122.0 - - [20/Apr/2023:11:46:37 +0800] "GET /xingrg/all/common/auto_word.html?type=base&rest_code=00111 HTTP/1.1" 200 1753
180.171.122.0 - - [20/Apr/2023:11:46:37 +0800] "GET /xingrg/javascript/easyui/themes/default/validatebox.css HTTP/1.1" 404 1104
116.237.74.38 - - [20/Apr/2023:11:46:37 +0800] "POST /xingrg/kc/buy/cgsh_list_operate.html HTTP/1.1" 200 1872
116.227.208.255 - - [20/Apr/2023:11:46:41 +0800] "GET /xingrg/all/function/internal_message.html?_=1681962475573&CODE_STATE=getMsg HTTP/1.1" 200 27
116.238.139.35 - - [20/Apr/2023:11:46:43 +0800] "GET /xingrg/all/function/internal_message.html?_=1681962342103&CODE_STATE=getMsg HTTP/1.1" 200 27
116.237.74.38 - - [20/Apr/2023:11:46:43 +0800] "POST /xingrg/kc/buy/cgsh_list_operate.html HTTP/1.1" 200 576
116.237.74.38 - - [20/Apr/2023:11:46:44 +0800] "GET /xingrg/all/function/internal_message.html?_=1681962401849&CODE_STATE=getMsg HTTP/1.1" 200 27
116.237.74.38 - - [20/Apr/2023:11:46:45 +0800] "GET /xingrg/kc/buy/cgsh_order_info.html?code=212023042006792 HTTP/1.1" 200 70738
116.237.74.38 - - [20/Apr/2023:11:46:45 +0800] "GET /xingrg/javascript/easyui/themes/icons/copy_new.png HTTP/1.1" 304 -
116.237.74.38 - - [20/Apr/2023:11:46:45 +0800] "GET /xingrg/javascript/easyui/themes/default/validatebox.css HTTP/1.1" 404 1104
116.237.74.38 - - [20/Apr/2023:11:46:45 +0800] "GET /xingrg/all/common/auto_word.html?type=employee&rest_code=00106 HTTP/1.1" 200 205
116.237.74.38 - - [20/Apr/2023:11:46:45 +0800] "GET /xingrg/all/common/auto_word.html?type=employee&rest_code=00106 HTTP/1.1" 200 205
116.237.74.38 - - [20/Apr/2023:11:46:46 +0800] "POST /xingrg/kc/buy/cgsh_order_operate.html HTTP/1.1" 200 10361
114.84.144.20 - - [20/Apr/2023:11:46:47 +0800] "GET /xingrg/kc/buy/cgsh_order_operate.html?command=get_materiel&rest_code=00141&code=00102009600&supplier_code=00100384&order_time=2023-04-20 HTTP/1.1" 200 418
180.171.122.0 - - [20/Apr/2023:11:46:48 +0800] "GET /xingrg/kc/base/wldb_order_operate.html?command=get_materiel&rest_code=00111&base_code=0010290&code=00101025041 HTTP/1.1" 200 455
180.171.122.0 - - [20/Apr/2023:11:46:50 +0800] "GET /xingrg/all/function/internal_message.html?_=1681962407203&CODE_STATE=getMsg HTTP/1.1" 200 27
180.171.122.0 - - [20/Apr/2023:11:46:54 +0800] "POST /xingrg/kc/base/wldb_order_operate.html HTTP/1.1" 200 37
180.171.122.0 - - [20/Apr/2023:11:46:55 +0800] "POST /xingrg/kc/base/wldb_order_operate.html HTTP/1.1" 200 2200
116.237.74.38 - - [20/Apr/2023:11:46:55 +0800] "GET /xingrg/kc/base/base_main.html HTTP/1.1" 200 12142
180.171.122.0 - - [20/Apr/2023:11:46:56 +0800] "GET /xingrg/kc/base/wldb_order_info.html?code=422023042001608 HTTP/1.1" 200 30396
180.171.122.0 - - [20/Apr/2023:11:46:56 +0800] "GET /xingrg/javascript/easyui/themes/default/validatebox.css HTTP/1.1" 404 1104
180.171.122.0 - - [20/Apr/2023:11:46:57 +0800] "POST /xingrg/kc/base/wldb_order_operate.html HTTP/1.1" 200 2200
116.237.74.38 - - [20/Apr/2023:11:46:58 +0800] "GET /xingrg/kc/base/wldb_order_list.html HTTP/1.1" 200 19098
180.171.122.0 - - [20/Apr/2023:11:46:59 +0800] "GET /xingrg/kc/base/wldb_order_add.html HTTP/1.1" 200 30381
116.237.74.38 - - [20/Apr/2023:11:46:59 +0800] "POST /xingrg/kc/base/wldb_list_operate.html HTTP/1.1" 200 2958
180.171.122.0 - - [20/Apr/2023:11:46:59 +0800] "GET /xingrg/javascript/easyui/themes/default/validatebox.css HTTP/1.1" 404 1104
180.171.122.0 - - [20/Apr/2023:11:46:59 +0800] "POST /xingrg/kc/base/wldb_order_operate.html HTTP/1.1" 200 6806
114.84.144.20 - - [20/Apr/2023:11:47:01 +0800] "GET /xingrg/kc/buy/cgsh_order_operate.html?command=get_materiel&rest_code=00141&code=00102010562&supplier_code=00100384&order_time=2023-04-20 HTTP/1.1" 200 414
114.84.144.20 - - [20/Apr/2023:11:47:06 +0800] "GET /xingrg/all/function/internal_message.html?_=1681962427073&CODE_STATE=getMsg HTTP/1.1" 200 27
116.238.139.35 - - [20/Apr/2023:11:47:07 +0800] "GET /xingrg/all/function/internal_message.html?_=1681962427622&CODE_STATE=getMsg HTTP/1.1" 200 27
116.224.158.100 - - [20/Apr/2023:11:47:08 +0800] "GET /xingrg/all/function/internal_message.html?_=1681962428480&CODE_STATE=getMsg HTTP/1.1" 200 27
172.20.0.100 - - [20/Apr/2023:11:47:10 +0800] "GET /xingrg/check_reg.html?_=1681962440186 HTTP/1.1" 200 22
180.171.122.0 - - [20/Apr/2023:11:47:10 +0800] "GET /xingrg/kc/base/wldb_order_operate.html?command=get_materiel&rest_code=00111&base_code=0010286&code=00101036002 HTTP/1.1" 200 440
116.237.74.38 - - [20/Apr/2023:11:47:12 +0800] "GET /xingrg/all/function/internal_message.html?_=1681962433228&CODE_STATE=getMsg HTTP/1.1" 200 27
114.84.144.20 - - [20/Apr/2023:11:47:12 +0800] "GET /xingrg/all/function/internal_message.html?_=1681962432098&CODE_STATE=getMsg HTTP/1.1" 200 27
116.237.74.38 - - [20/Apr/2023:11:47:13 +0800] "GET /xingrg/kc/buy/cgsh_order_operate.html?command=get_materiel&rest_code=00106&code=00101009011&supplier_code=00100022&order_time=2023-04-20 HTTP/1.1" 200 416
180.164.3.199 - - [20/Apr/2023:11:47:15 +0800] "GET /xingrg/all/function/internal_message.html?_=1681962434338&CODE_STATE=getMsg HTTP/1.1" 200 27
180.169.147.146 - - [20/Apr/2023:11:47:17 +0800] "GET /xingrg/all/function/internal_message.html?_=1681962434159&CODE_STATE=getMsg HTTP/1.1" 200 27
180.169.147.146 - - [20/Apr/2023:11:47:17 +0800] "GET /xingrg/check_reg.html?_=1681962434161 HTTP/1.1" 200 22
180.171.122.0 - - [20/Apr/2023:11:47:18 +0800] "POST /xingrg/kc/base/wldb_order_operate.html HTTP/1.1" 200 37
116.224.106.218 - - [20/Apr/2023:11:47:18 +0800] "GET /xingrg/all/function/internal_message.html?_=1681962437251&CODE_STATE=getMsg HTTP/1.1" 200 27
180.171.122.0 - - [20/Apr/2023:11:47:18 +0800] "POST /xingrg/kc/base/wldb_order_operate.html HTTP/1.1" 200 2193
58.221.95.50 - - [20/Apr/2023:11:47:18 +0800] "GET /xingrg/all/function/internal_message.html?_=1681962439365&CODE_STATE=getMsg HTTP/1.1" 200 27
180.171.122.0 - - [20/Apr/2023:11:47:19 +0800] "GET /xingrg/kc/base/wldb_order_info.html?code=422023042001609 HTTP/1.1" 200 30396
180.171.122.0 - - [20/Apr/2023:11:47:20 +0800] "GET /xingrg/javascript/easyui/themes/default/validatebox.css HTTP/1.1" 404 1104
116.228.172.94 - - [20/Apr/2023:11:47:20 +0800] "GET /xingrg/all/function/internal_message.html?_=1681962328723&CODE_STATE=getMsg HTTP/1.1" 200 27
180.171.122.0 - - [20/Apr/2023:11:47:20 +0800] "POST /xingrg/kc/base/wldb_order_operate.html HTTP/1.1" 200 2193
116.237.74.38 - - [20/Apr/2023:11:47:21 +0800] "GET /xingrg/all/function/internal_message.html?_=1681962442505&CODE_STATE=getMsg HTTP/1.1" 200 27
222.70.244.216 - - [20/Apr/2023:11:47:21 +0800] "GET /xingrg/all/function/internal_message.html?_=1681962455430&CODE_STATE=getMsg HTTP/1.1" 200 27
180.171.122.0 - - [20/Apr/2023:11:47:23 +0800] "GET /xingrg/kc/base/wldb_order_add.html HTTP/1.1" 200 30381
180.171.122.0 - - [20/Apr/2023:11:47:23 +0800] "POST /xingrg/kc/base/wldb_order_operate.html HTTP/1.1" 200 6806
180.171.122.0 - - [20/Apr/2023:11:47:23 +0800] "GET /xingrg/javascript/easyui/themes/default/validatebox.css HTTP/1.1" 404 1104
114.84.144.20 - - [20/Apr/2023:11:47:24 +0800] "POST /xingrg/kc/buy/cgsh_order_operate.html HTTP/1.1" 200 37
180.157.253.110 - - [20/Apr/2023:11:47:24 +0800] "GET /xingrg/all/function/internal_message.html?_=1681962449263&CODE_STATE=getMsg HTTP/1.1" 200 27
180.157.253.110 - - [20/Apr/2023:11:47:24 +0800] "GET /xingrg/check_reg.html?_=1681962449263 HTTP/1.1" 200 22
116.224.158.100 - - [20/Apr/2023:11:47:26 +0800] "GET /xingrg/check_reg.html?_=1681962287090 HTTP/1.1" 200 22
116.224.158.100 - - [20/Apr/2023:11:47:26 +0800] "GET /xingrg/all/function/internal_message.html?_=1681962287093&CODE_STATE=getMsg HTTP/1.1" 200 27
114.84.144.20 - - [20/Apr/2023:11:47:32 +0800] "POST /xingrg/kc/buy/cgsh_order_operate.html HTTP/1.1" 200 12
180.171.122.0 - - [20/Apr/2023:11:47:33 +0800] "GET /xingrg/kc/base/wldb_order_operate.html?command=get_materiel&rest_code=00111&base_code=0010283&code=00101019164 HTTP/1.1" 200 465
180.171.122.0 - - [20/Apr/2023:11:47:38 +0800] "GET /xingrg/kc/base/wldb_order_operate.html?command=get_materiel&rest_code=00111&base_code=0010283&code=00101016040 HTTP/1.1" 200 458
116.227.208.255 - - [20/Apr/2023:11:47:41 +0800] "GET /xingrg/all/function/internal_message.html?_=1681962535571&CODE_STATE=getMsg HTTP/1.1" 200 27
180.171.122.0 - - [20/Apr/2023:11:47:42 +0800] "GET /xingrg/kc/base/wldb_order_operate.html?command=get_materiel&rest_code=00111&base_code=0010283&code=00101019222 HTTP/1.1" 200 453
116.238.139.35 - - [20/Apr/2023:11:47:43 +0800] "GET /xingrg/all/function/internal_message.html?_=1681962402137&CODE_STATE=getMsg HTTP/1.1" 200 27
116.237.74.38 - - [20/Apr/2023:11:47:44 +0800] "GET /xingrg/all/function/internal_message.html?_=1681962461833&CODE_STATE=getMsg HTTP/1.1" 200 27
180.171.122.0 - - [20/Apr/2023:11:47:47 +0800] "GET /xingrg/kc/base/wldb_order_operate.html?command=get_materiel&rest_code=00111&base_code=0010283&code=00101019359 HTTP/1.1" 200 461
222.70.244.216 - - [20/Apr/2023:11:47:49 +0800] "GET /xingrg/check_reg.html?_=1681962483027 HTTP/1.1" 200 22
180.171.122.0 - - [20/Apr/2023:11:47:50 +0800] "GET /xingrg/all/function/internal_message.html?_=1681962467294&CODE_STATE=getMsg HTTP/1.1" 200 27
180.171.122.0 - - [20/Apr/2023:11:47:50 +0800] "GET /xingrg/check_reg.html?_=1681962467298 HTTP/1.1" 200 22
180.171.122.0 - - [20/Apr/2023:11:47:53 +0800] "GET /xingrg/kc/base/wldb_order_operate.html?command=get_materiel&rest_code=00111&base_code=0010283&code=00101019529 HTTP/1.1" 200 475
180.171.122.0 - - [20/Apr/2023:11:47:59 +0800] "POST /xingrg/kc/base/wldb_order_operate.html HTTP/1.1" 200 37
180.171.122.0 - - [20/Apr/2023:11:48:00 +0800] "POST /xingrg/kc/base/wldb_order_operate.html HTTP/1.1" 200 4178
180.171.122.0 - - [20/Apr/2023:11:48:01 +0800] "GET /xingrg/kc/base/wldb_order_info.html?code=422023042001610 HTTP/1.1" 200 30396
180.171.122.0 - - [20/Apr/2023:11:48:02 +0800] "GET /xingrg/javascript/easyui/themes/default/validatebox.css HTTP/1.1" 404 1104
180.171.122.0 - - [20/Apr/2023:11:48:02 +0800] "POST /xingrg/kc/base/wldb_order_operate.html HTTP/1.1" 200 4178
180.171.122.0 - - [20/Apr/2023:11:48:04 +0800] "GET /xingrg/kc/base/wldb_order_add.html HTTP/1.1" 200 30381
180.171.122.0 - - [20/Apr/2023:11:48:04 +0800] "POST /xingrg/kc/base/wldb_order_operate.html HTTP/1.1" 200 6806
180.171.122.0 - - [20/Apr/2023:11:48:04 +0800] "GET /xingrg/javascript/easyui/themes/default/validatebox.css HTTP/1.1" 404 1104
114.84.144.20 - - [20/Apr/2023:11:48:06 +0800] "GET /xingrg/all/function/internal_message.html?_=1681962487071&CODE_STATE=getMsg HTTP/1.1" 200 27
116.238.139.35 - - [20/Apr/2023:11:48:07 +0800] "GET /xingrg/all/function/internal_message.html?_=1681962487623&CODE_STATE=getMsg HTTP/1.1" 200 27
116.224.158.100 - - [20/Apr/2023:11:48:08 +0800] "GET /xingrg/all/function/internal_message.html?_=1681962488463&CODE_STATE=getMsg HTTP/1.1" 200 27
114.84.144.20 - - [20/Apr/2023:11:48:09 +0800] "GET /xingrg/kc/buy/cgsh_order_info.html?code=212023042006829 HTTP/1.1" 200 65645
114.84.144.20 - - [20/Apr/2023:11:48:09 +0800] "GET /xingrg/javascript/easyui/themes/default/validatebox.css HTTP/1.1" 404 1104
114.84.144.20 - - [20/Apr/2023:11:48:10 +0800] "POST /xingrg/kc/buy/cgsh_order_operate.html HTTP/1.1" 200 2421
116.237.74.38 - - [20/Apr/2023:11:48:12 +0800] "GET /xingrg/check_reg.html?_=1681962493228 HTTP/1.1" 200 22
116.237.74.38 - - [20/Apr/2023:11:48:12 +0800] "GET /xingrg/all/function/internal_message.html?_=1681962493230&CODE_STATE=getMsg HTTP/1.1" 200 27
114.84.144.20 - - [20/Apr/2023:11:48:12 +0800] "GET /xingrg/all/function/internal_message.html?_=1681962492093&CODE_STATE=getMsg HTTP/1.1" 200 27
114.84.144.20 - - [20/Apr/2023:11:48:12 +0800] "GET /xingrg/kc/print/load_config.html?kc_code=cgsh HTTP/1.1" 200 1925
114.84.144.20 - - [20/Apr/2023:11:48:13 +0800] "GET /xingrg/kc/print/load_data.html?order_code=212023042006829&kc_code=cgsh&condition= HTTP/1.1" 200 1432
180.164.3.199 - - [20/Apr/2023:11:48:15 +0800] "GET /xingrg/all/function/internal_message.html?_=1681962494333&CODE_STATE=getMsg HTTP/1.1" 200 27
180.171.122.0 - - [20/Apr/2023:11:48:16 +0800] "GET /xingrg/kc/base/wldb_order_operate.html?command=get_materiel&rest_code=00111&base_code=0010306&code=00102002347 HTTP/1.1" 200 457
180.169.147.146 - - [20/Apr/2023:11:48:17 +0800] "GET /xingrg/all/function/internal_message.html?_=1681962494161&CODE_STATE=getMsg HTTP/1.1" 200 27
116.224.106.218 - - [20/Apr/2023:11:48:18 +0800] "GET /xingrg/all/function/internal_message.html?_=1681962497267&CODE_STATE=getMsg HTTP/1.1" 200 27
58.221.95.50 - - [20/Apr/2023:11:48:18 +0800] "GET /xingrg/all/function/internal_message.html?_=1681962499343&CODE_STATE=getMsg HTTP/1.1" 200 27
116.228.172.94 - - [20/Apr/2023:11:48:20 +0800] "GET /xingrg/all/function/internal_message.html?_=1681962388728&CODE_STATE=getMsg HTTP/1.1" 200 27
116.228.172.94 - - [20/Apr/2023:11:48:20 +0800] "GET /xingrg/check_reg.html?_=1681962388732 HTTP/1.1" 200 22
222.70.244.216 - - [20/Apr/2023:11:48:21 +0800] "GET /xingrg/all/function/internal_message.html?_=1681962515445&CODE_STATE=getMsg HTTP/1.1" 200 27
116.237.74.38 - - [20/Apr/2023:11:48:21 +0800] "GET /xingrg/all/function/internal_message.html?_=1681962502517&CODE_STATE=getMsg HTTP/1.1" 200 27
116.237.74.38 - - [20/Apr/2023:11:48:21 +0800] "GET /xingrg/check_reg.html?_=1681962502924 HTTP/1.1" 200 22
180.171.122.0 - - [20/Apr/2023:11:48:23 +0800] "GET /xingrg/kc/base/wldb_order_operate.html?command=get_materiel&rest_code=00111&base_code=0010306&code=00102002189 HTTP/1.1" 200 433
180.157.253.110 - - [20/Apr/2023:11:48:24 +0800] "GET /xingrg/all/function/internal_message.html?_=1681962509261&CODE_STATE=getMsg HTTP/1.1" 200 27
116.224.158.100 - - [20/Apr/2023:11:48:26 +0800] "GET /xingrg/all/function/internal_message.html?_=1681962347093&CODE_STATE=getMsg HTTP/1.1" 200 27
180.171.122.0 - - [20/Apr/2023:11:48:29 +0800] "POST /xingrg/kc/base/wldb_order_operate.html HTTP/1.1" 200 37
180.171.122.0 - - [20/Apr/2023:11:48:30 +0800] "POST /xingrg/kc/base/wldb_order_operate.html HTTP/1.1" 200 2677
180.171.122.0 - - [20/Apr/2023:11:48:31 +0800] "GET /xingrg/kc/base/wldb_order_info.html?code=422023042001611 HTTP/1.1" 200 30395
180.171.122.0 - - [20/Apr/2023:11:48:31 +0800] "GET /xingrg/javascript/easyui/themes/default/validatebox.css HTTP/1.1" 404 1104
180.171.122.0 - - [20/Apr/2023:11:48:32 +0800] "POST /xingrg/kc/base/wldb_order_operate.html HTTP/1.1" 200 2677
180.171.122.0 - - [20/Apr/2023:11:48:34 +0800] "GET /xingrg/kc/base/wldb_order_add.html HTTP/1.1" 200 30381
180.171.122.0 - - [20/Apr/2023:11:48:34 +0800] "POST /xingrg/kc/base/wldb_order_operate.html HTTP/1.1" 200 6806
180.171.122.0 - - [20/Apr/2023:11:48:34 +0800] "GET /xingrg/javascript/easyui/themes/default/validatebox.css HTTP/1.1" 404 1104
116.227.208.255 - - [20/Apr/2023:11:48:41 +0800] "GET /xingrg/all/function/internal_message.html?_=1681962595571&CODE_STATE=getMsg HTTP/1.1" 200 27
116.227.208.255 - - [20/Apr/2023:11:48:42 +0800] "GET /xingrg/check_reg.html?_=1681962597209 HTTP/1.1" 200 22
116.238.139.35 - - [20/Apr/2023:11:48:43 +0800] "GET /xingrg/all/function/internal_message.html?_=1681962462147&CODE_STATE=getMsg HTTP/1.1" 200 27
116.237.74.38 - - [20/Apr/2023:11:48:44 +0800] "GET /xingrg/all/function/internal_message.html?_=1681962521814&CODE_STATE=getMsg HTTP/1.1" 200 27
180.171.122.0 - - [20/Apr/2023:11:48:46 +0800] "GET /xingrg/kc/base/wldb_order_operate.html?command=get_materiel&rest_code=00111&base_code=0010283&code=00101019400 HTTP/1.1" 200 463
180.171.122.0 - - [20/Apr/2023:11:48:50 +0800] "GET /xingrg/all/function/internal_message.html?_=1681962527288&CODE_STATE=getMsg HTTP/1.1" 200 27
180.171.122.0 - - [20/Apr/2023:11:48:58 +0800] "GET /xingrg/kc/base/wldb_order_operate.html?command=get_materiel&rest_code=00111&base_code=0010283&code=00101019079 HTTP/1.1" 200 479
58.221.95.50 - - [20/Apr/2023:11:49:02 +0800] "GET /xingrg/check_reg.html?_=1681962542826 HTTP/1.1" 200 22
180.171.122.0 - - [20/Apr/2023:11:49:05 +0800] "GET /xingrg/kc/base/wldb_order_operate.html?command=get_materiel&rest_code=00111&base_code=0010283&code=00101019306 HTTP/1.1" 200 478
114.84.144.20 - - [20/Apr/2023:11:49:06 +0800] "GET /xingrg/all/function/internal_message.html?_=1681962547070&CODE_STATE=getMsg HTTP/1.1" 200 27
116.238.139.35 - - [20/Apr/2023:11:49:07 +0800] "GET /xingrg/all/function/internal_message.html?_=1681962547625&CODE_STATE=getMsg HTTP/1.1" 200 27
116.224.158.100 - - [20/Apr/2023:11:49:08 +0800] "GET /xingrg/all/function/internal_message.html?_=1681962548442&CODE_STATE=getMsg HTTP/1.1" 200 27
116.237.74.38 - - [20/Apr/2023:11:49:12 +0800] "GET /xingrg/all/function/internal_message.html?_=1681962553230&CODE_STATE=getMsg HTTP/1.1" 200 27
116.224.158.100 - - [20/Apr/2023:11:49:12 +0800] "GET /xingrg/check_reg.html?_=1681962552705 HTTP/1.1" 200 22
114.84.144.20 - - [20/Apr/2023:11:49:12 +0800] "GET /xingrg/all/function/internal_message.html?_=1681962552096&CODE_STATE=getMsg HTTP/1.1" 200 27
180.164.3.199 - - [20/Apr/2023:11:49:15 +0800] "GET /xingrg/all/function/internal_message.html?_=1681962554314&CODE_STATE=getMsg HTTP/1.1" 200 27
180.169.147.146 - - [20/Apr/2023:11:49:17 +0800] "GET /xingrg/all/function/internal_message.html?_=1681962554162&CODE_STATE=getMsg HTTP/1.1" 200 27
180.171.122.0 - - [20/Apr/2023:11:49:18 +0800] "GET /xingrg/kc/base/wldb_order_operate.html?command=get_materiel&rest_code=00111&base_code=0010283&code=00101019430 HTTP/1.1" 200 477
116.224.106.218 - - [20/Apr/2023:11:49:18 +0800] "GET /xingrg/check_reg.html?_=1681962557266 HTTP/1.1" 200 22
116.224.106.218 - - [20/Apr/2023:11:49:18 +0800] "GET /xingrg/all/function/internal_message.html?_=1681962557269&CODE_STATE=getMsg HTTP/1.1" 200 27
58.221.95.50 - - [20/Apr/2023:11:49:18 +0800] "GET /xingrg/all/function/internal_message.html?_=1681962559316&CODE_STATE=getMsg HTTP/1.1" 200 27
116.228.172.94 - - [20/Apr/2023:11:49:20 +0800] "GET /xingrg/all/function/internal_message.html?_=1681962448724&CODE_STATE=getMsg HTTP/1.1" 200 27
222.70.244.216 - - [20/Apr/2023:11:49:21 +0800] "GET /xingrg/all/function/internal_message.html?_=1681962575459&CODE_STATE=getMsg HTTP/1.1" 200 27
116.237.74.38 - - [20/Apr/2023:11:49:21 +0800] "GET /xingrg/all/function/internal_message.html?_=1681962562504&CODE_STATE=getMsg HTTP/1.1" 200 27
180.157.253.110 - - [20/Apr/2023:11:49:24 +0800] "GET /xingrg/all/function/internal_message.html?_=1681962569252&CODE_STATE=getMsg HTTP/1.1" 200 27
116.224.158.100 - - [20/Apr/2023:11:49:26 +0800] "GET /xingrg/all/function/internal_message.html?_=1681962407094&CODE_STATE=getMsg HTTP/1.1" 200 27
180.171.122.0 - - [20/Apr/2023:11:49:26 +0800] "GET /xingrg/kc/base/wldb_order_operate.html?command=get_materiel&rest_code=00111&base_code=0010283&code=00101019313 HTTP/1.1" 200 456
180.171.122.0 - - [20/Apr/2023:11:49:34 +0800] "GET /xingrg/kc/base/wldb_order_operate.html?command=get_materiel&rest_code=00111&base_code=0010283&code=00101019133 HTTP/1.1" 200 480
180.171.122.0 - - [20/Apr/2023:11:49:40 +0800] "GET /xingrg/kc/base/wldb_order_operate.html?command=get_materiel&rest_code=00111&base_code=0010283&code=00101016076 HTTP/1.1" 200 477
116.238.139.35 - - [20/Apr/2023:11:49:40 +0800] "GET /xingrg/check_reg.html?_=1681962519907 HTTP/1.1" 200 22
116.227.208.255 - - [20/Apr/2023:11:49:41 +0800] "GET /xingrg/all/function/internal_message.html?_=1681962655559&CODE_STATE=getMsg HTTP/1.1" 200 27
116.238.139.35 - - [20/Apr/2023:11:49:43 +0800] "GET /xingrg/all/function/internal_message.html?_=1681962522159&CODE_STATE=getMsg HTTP/1.1" 200 27
116.237.74.38 - - [20/Apr/2023:11:49:44 +0800] "GET /xingrg/all/function/internal_message.html?_=1681962581793&CODE_STATE=getMsg HTTP/1.1" 200 27
116.237.74.38 - - [20/Apr/2023:11:49:45 +0800] "GET /xingrg/check_reg.html?_=1681962582627 HTTP/1.1" 200 22
180.171.122.0 - - [20/Apr/2023:11:49:50 +0800] "GET /xingrg/all/function/internal_message.html?_=1681962587256&CODE_STATE=getMsg HTTP/1.1" 200 27
120.253.135.82 - - [20/Apr/2023:11:49:58 +0800] "GET /xingrg/check_reg.html?_=1681962436277 HTTP/1.1" 200 22
180.171.122.0 - - [20/Apr/2023:11:49:59 +0800] "GET /xingrg/kc/base/wldb_order_operate.html?command=get_materiel&rest_code=00111&base_code=0010283&code=00101019536 HTTP/1.1" 200 470
116.237.74.38 - - [20/Apr/2023:11:50:04 +0800] "POST /xingrg/kc/buy/cgsh_order_operate.html HTTP/1.1" 200 37
180.171.122.0 - - [20/Apr/2023:11:50:06 +0800] "GET /xingrg/kc/base/wldb_order_operate.html?command=get_materiel&rest_code=00111&base_code=0010283&code=00101019295 HTTP/1.1" 200 476
114.84.144.20 - - [20/Apr/2023:11:50:06 +0800] "GET /xingrg/all/function/internal_message.html?_=1681962607094&CODE_STATE=getMsg HTTP/1.1" 200 27
116.238.139.35 - - [20/Apr/2023:11:50:07 +0800] "GET /xingrg/all/function/internal_message.html?_=1681962607633&CODE_STATE=getMsg HTTP/1.1" 200 27
116.238.139.35 - - [20/Apr/2023:11:50:08 +0800] "GET /xingrg/check_reg.html?_=1681962607627 HTTP/1.1" 200 22
116.224.158.100 - - [20/Apr/2023:11:50:08 +0800] "GET /xingrg/all/function/internal_message.html?_=1681962608414&CODE_STATE=getMsg HTTP/1.1" 200 27
180.171.122.0 - - [20/Apr/2023:11:50:11 +0800] "GET /xingrg/kc/base/wldb_order_operate.html?command=get_materiel&rest_code=00111&base_code=0010283&code=00101019183 HTTP/1.1" 200 448
116.237.74.38 - - [20/Apr/2023:11:50:12 +0800] "GET /xingrg/all/function/internal_message.html?_=1681962613229&CODE_STATE=getMsg HTTP/1.1" 200 27
114.84.144.20 - - [20/Apr/2023:11:50:12 +0800] "GET /xingrg/all/function/internal_message.html?_=1681962612100&CODE_STATE=getMsg HTTP/1.1" 200 27
114.84.144.20 - - [20/Apr/2023:11:50:12 +0800] "GET /xingrg/check_reg.html?_=1681962612101 HTTP/1.1" 200 22
180.164.3.199 - - [20/Apr/2023:11:50:15 +0800] "GET /xingrg/all/function/internal_message.html?_=1681962614313&CODE_STATE=getMsg HTTP/1.1" 200 27
180.164.3.199 - - [20/Apr/2023:11:50:15 +0800] "GET /xingrg/check_reg.html?_=1681962614580 HTTP/1.1" 200 22
180.169.147.146 - - [20/Apr/2023:11:50:17 +0800] "GET /xingrg/all/function/internal_message.html?_=1681962614162&CODE_STATE=getMsg HTTP/1.1" 200 27
116.224.106.218 - - [20/Apr/2023:11:50:18 +0800] "GET /xingrg/all/function/internal_message.html?_=1681962617268&CODE_STATE=getMsg HTTP/1.1" 200 27
58.221.95.50 - - [20/Apr/2023:11:50:18 +0800] "GET /xingrg/all/function/internal_message.html?_=1681962619302&CODE_STATE=getMsg HTTP/1.1" 200 27
116.228.172.94 - - [20/Apr/2023:11:50:20 +0800] "GET /xingrg/all/function/internal_message.html?_=1681962508729&CODE_STATE=getMsg HTTP/1.1" 200 27
116.237.74.38 - - [20/Apr/2023:11:50:21 +0800] "GET /xingrg/all/function/internal_message.html?_=1681962622504&CODE_STATE=getMsg HTTP/1.1" 200 27
222.70.244.216 - - [20/Apr/2023:11:50:21 +0800] "GET /xingrg/all/function/internal_message.html?_=1681962635837&CODE_STATE=getMsg HTTP/1.1" 200 27
180.157.253.110 - - [20/Apr/2023:11:50:24 +0800] "GET /xingrg/all/function/internal_message.html?_=1681962629253&CODE_STATE=getMsg HTTP/1.1" 200 27
180.171.122.0 - - [20/Apr/2023:11:50:25 +0800] "GET /xingrg/kc/base/wldb_order_operate.html?command=get_materiel&rest_code=00111&base_code=0010283&code=00101019358 HTTP/1.1" 200 461
116.224.158.100 - - [20/Apr/2023:11:50:26 +0800] "GET /xingrg/all/function/internal_message.html?_=1681962467097&CODE_STATE=getMsg HTTP/1.1" 200 27
116.237.74.38 - - [20/Apr/2023:11:50:38 +0800] "POST /xingrg/kc/buy/cgsh_order_operate.html HTTP/1.1" 200 12
180.171.122.0 - - [20/Apr/2023:11:50:38 +0800] "GET /xingrg/kc/base/wldb_order_operate.html?command=get_materiel&rest_code=00111&base_code=0010283&code=00101013093 HTTP/1.1" 200 449
116.227.208.255 - - [20/Apr/2023:11:50:41 +0800] "GET /xingrg/all/function/internal_message.html?_=1681962715563&CODE_STATE=getMsg HTTP/1.1" 200 27
116.238.139.35 - - [20/Apr/2023:11:50:43 +0800] "GET /xingrg/all/function/internal_message.html?_=1681962582174&CODE_STATE=getMsg HTTP/1.1" 200 27
180.171.122.0 - - [20/Apr/2023:11:50:48 +0800] "GET /xingrg/kc/base/wldb_order_operate.html?command=get_materiel&rest_code=00111&base_code=0010283&code=00101019438 HTTP/1.1" 200 462
180.171.122.0 - - [20/Apr/2023:11:50:50 +0800] "GET /xingrg/all/function/internal_message.html?_=1681962647261&CODE_STATE=getMsg HTTP/1.1" 200 27
222.69.130.49 - - [20/Apr/2023:11:50:51 +0800] "GET /xingrg/login.html HTTP/1.1" 200 7641
222.69.130.49 - - [20/Apr/2023:11:50:51 +0800] "GET /favicon.ico HTTP/1.1" 404 -
116.237.74.38 - - [20/Apr/2023:11:50:53 +0800] "GET /xingrg/kc/buy/cgsh_order_info.html?code=212023042006830 HTTP/1.1" 200 65635
222.69.130.49 - - [20/Apr/2023:11:50:54 +0800] "POST /xingrg/login.do HTTP/1.1" 302 -
222.69.130.49 - - [20/Apr/2023:11:50:54 +0800] "GET /xingrg/index.html?sysBaseUrl=http%3A%2F%2F180.169.147.146%3A18081%2Fxingrg%2F&costTime=1506×tamp=1681962654212 HTTP/1.1" 200 17503
116.237.74.38 - - [20/Apr/2023:11:50:54 +0800] "GET /xingrg/javascript/easyui/themes/default/validatebox.css HTTP/1.1" 404 1104
222.69.130.49 - - [20/Apr/2023:11:50:54 +0800] "GET /favicon.ico HTTP/1.1" 404 -
222.69.130.49 - - [20/Apr/2023:11:50:54 +0800] "GET /xingrg/all/function/internal_message.html?_=1681962654373&CODE_STATE=count HTTP/1.1" 200 11
222.69.130.49 - - [20/Apr/2023:11:50:54 +0800] "GET /xingrg/check_reg.html?_=1681962654373 HTTP/1.1" 200 22
222.69.130.49 - - [20/Apr/2023:11:50:54 +0800] "POST /xingrg/all/common/load_tree.html?tree=area_rest_tree_json&manage=1 HTTP/1.1" 200 3499
222.69.130.49 - - [20/Apr/2023:11:50:54 +0800] "POST /xingrg/load_menu.html HTTP/1.1" 200 11443
116.237.74.38 - - [20/Apr/2023:11:50:55 +0800] "POST /xingrg/kc/buy/cgsh_order_operate.html HTTP/1.1" 200 1200
180.171.122.0 - - [20/Apr/2023:11:50:56 +0800] "GET /xingrg/kc/base/wldb_order_operate.html?command=get_materiel&rest_code=00111&base_code=0010283&code=00101019187 HTTP/1.1" 200 478
114.84.144.20 - - [20/Apr/2023:11:51:06 +0800] "GET /xingrg/all/function/internal_message.html?_=1681962667093&CODE_STATE=getMsg HTTP/1.1" 200 27
114.84.144.20 - - [20/Apr/2023:11:51:06 +0800] "GET /xingrg/check_reg.html?_=1681962667095 HTTP/1.1" 200 22
116.238.139.35 - - [20/Apr/2023:11:51:07 +0800] "GET /xingrg/all/function/internal_message.html?_=1681962667620&CODE_STATE=getMsg HTTP/1.1" 200 27
116.224.158.100 - - [20/Apr/2023:11:51:08 +0800] "GET /xingrg/all/function/internal_message.html?_=1681962668417&CODE_STATE=getMsg HTTP/1.1" 200 27
116.237.74.38 - - [20/Apr/2023:11:51:08 +0800] "GET /xingrg/kc/print/load_data.html?order_code=212023042006830&kc_code=cgsh&condition= HTTP/1.1" 200 966
116.237.74.38 - - [20/Apr/2023:11:51:12 +0800] "GET /xingrg/all/function/internal_message.html?_=1681962673229&CODE_STATE=getMsg HTTP/1.1" 200 27
114.84.144.20 - - [20/Apr/2023:11:51:12 +0800] "GET /xingrg/all/function/internal_message.html?_=1681962672087&CODE_STATE=getMsg HTTP/1.1" 200 27
180.171.122.0 - - [20/Apr/2023:11:51:13 +0800] "GET /xingrg/kc/base/wldb_order_operate.html?command=get_materiel&rest_code=00111&base_code=0010283&code=00101013139 HTTP/1.1" 200 450
180.164.3.199 - - [20/Apr/2023:11:51:15 +0800] "GET /xingrg/all/function/internal_message.html?_=1681962674298&CODE_STATE=getMsg HTTP/1.1" 200 27
180.169.147.146 - - [20/Apr/2023:11:51:17 +0800] "GET /xingrg/all/function/internal_message.html?_=1681962674188&CODE_STATE=getMsg HTTP/1.1" 200 27
116.224.106.218 - - [20/Apr/2023:11:51:18 +0800] "GET /xingrg/all/function/internal_message.html?_=1681962677268&CODE_STATE=getMsg HTTP/1.1" 200 27
58.221.95.50 - - [20/Apr/2023:11:51:18 +0800] "GET /xingrg/all/function/internal_message.html?_=1681962679296&CODE_STATE=getMsg HTTP/1.1" 200 27
116.237.74.38 - - [20/Apr/2023:11:51:19 +0800] "GET /xingrg/kc/print/load_data.html?order_code=212023042006830&kc_code=cgsh HTTP/1.1" 200 966
116.228.172.94 - - [20/Apr/2023:11:51:20 +0800] "GET /xingrg/all/function/internal_message.html?_=1681962568721&CODE_STATE=getMsg HTTP/1.1" 200 27
116.237.74.38 - - [20/Apr/2023:11:51:21 +0800] "GET /xingrg/all/function/internal_message.html?_=1681962682504&CODE_STATE=getMsg HTTP/1.1" 200 27
222.70.244.216 - - [20/Apr/2023:11:51:21 +0800] "GET /xingrg/all/function/internal_message.html?_=1681962695847&CODE_STATE=getMsg HTTP/1.1" 200 27
180.157.253.110 - - [20/Apr/2023:11:51:24 +0800] "GET /xingrg/all/function/internal_message.html?_=1681962689259&CODE_STATE=getMsg HTTP/1.1" 200 27
116.224.158.100 - - [20/Apr/2023:11:51:26 +0800] "GET /xingrg/all/function/internal_message.html?_=1681962527084&CODE_STATE=getMsg HTTP/1.1" 200 27
222.70.244.216 - - [20/Apr/2023:11:51:33 +0800] "POST /xingrg/services/DataTransmitService HTTP/1.1" 200 524
120.253.135.82 - - [20/Apr/2023:11:51:34 +0800] "GET /xingrg/kc/pszx/mdqp_order_list.html?state=10 HTTP/1.1" 200 10275
120.253.135.82 - - [20/Apr/2023:11:51:34 +0800] "GET /xingrg/dwr/interface/AjaxQqpsService.js HTTP/1.1" 200 16326
120.253.135.82 - - [20/Apr/2023:11:51:34 +0800] "GET /xingrg/dwr/engine.js HTTP/1.1" 200 43631
180.171.122.0 - - [20/Apr/2023:11:51:36 +0800] "GET /xingrg/kc/base/wldb_order_operate.html?command=get_materiel&rest_code=00111&base_code=0010283&code=00101019071 HTTP/1.1" 200 471
120.253.135.82 - - [20/Apr/2023:11:51:37 +0800] "GET /xingrg/dwr/interface/AjaxReportQueryService.js HTTP/1.1" 200 13203
120.253.135.82 - - [20/Apr/2023:11:51:37 +0800] "GET /xingrg/kc/pszx/mdqp_order_list.html?state=10 HTTP/1.1" 200 10275
120.253.135.82 - - [20/Apr/2023:11:51:37 +0800] "GET /xingrg/dwr/interface/AjaxQqpsService.js HTTP/1.1" 200 16326
120.253.135.82 - - [20/Apr/2023:11:51:37 +0800] "GET /xingrg/dwr/interface/AjaxReportQueryService.js HTTP/1.1" 200 13203
120.253.135.82 - - [20/Apr/2023:11:51:37 +0800] "GET /xingrg/dwr/engine.js HTTP/1.1" 200 43631
116.227.208.255 - - [20/Apr/2023:11:51:41 +0800] "GET /xingrg/all/function/internal_message.html?_=1681962775567&CODE_STATE=getMsg HTTP/1.1" 200 27
120.253.135.82 - - [20/Apr/2023:11:51:41 +0800] "GET /xingrg/kc/pszx/mdqp_order_list.html?state=10 HTTP/1.1" 200 10275
120.253.135.82 - - [20/Apr/2023:11:51:41 +0800] "GET /xingrg/dwr/interface/AjaxQqpsService.js HTTP/1.1" 200 16326
120.253.135.82 - - [20/Apr/2023:11:51:41 +0800] "GET /xingrg/dwr/interface/AjaxReportQueryService.js HTTP/1.1" 200 13203
120.253.135.82 - - [20/Apr/2023:11:51:41 +0800] "GET /xingrg/dwr/engine.js HTTP/1.1" 200 43631
116.238.139.35 - - [20/Apr/2023:11:51:43 +0800] "GET /xingrg/all/function/internal_message.html?_=1681962642186&CODE_STATE=getMsg HTTP/1.1" 200 27
116.237.74.38 - - [20/Apr/2023:11:51:44 +0800] "GET /xingrg/all/function/internal_message.html?_=1681962701809&CODE_STATE=getMsg HTTP/1.1" 200 27
180.171.122.0 - - [20/Apr/2023:11:51:46 +0800] "GET /xingrg/kc/base/wldb_order_operate.html?command=get_materiel&rest_code=00111&base_code=0010283&code=00101004094 HTTP/1.1" 200 432
180.171.122.0 - - [20/Apr/2023:11:51:50 +0800] "GET /xingrg/all/function/internal_message.html?_=1681962707239&CODE_STATE=getMsg HTTP/1.1" 200 27
222.69.130.49 - - [20/Apr/2023:11:51:54 +0800] "GET /xingrg/all/function/internal_message.html?_=1681962714444&CODE_STATE=getMsg HTTP/1.1" 200 27
180.171.122.0 - - [20/Apr/2023:11:52:03 +0800] "POST /xingrg/kc/base/wldb_order_operate.html HTTP/1.1" 200 37
180.171.122.0 - - [20/Apr/2023:11:52:04 +0800] "POST /xingrg/kc/base/wldb_order_operate.html HTTP/1.1" 200 10730
180.171.122.0 - - [20/Apr/2023:11:52:05 +0800] "GET /xingrg/kc/base/wldb_order_info.html?code=422023042001612 HTTP/1.1" 200 30396
180.171.122.0 - - [20/Apr/2023:11:52:05 +0800] "GET /xingrg/javascript/easyui/themes/default/validatebox.css HTTP/1.1" 404 1104
180.171.122.0 - - [20/Apr/2023:11:52:06 +0800] "POST /xingrg/kc/base/wldb_order_operate.html HTTP/1.1" 200 10730
114.84.144.20 - - [20/Apr/2023:11:52:06 +0800] "GET /xingrg/all/function/internal_message.html?_=1681962727095&CODE_STATE=getMsg HTTP/1.1" 200 27
116.238.139.35 - - [20/Apr/2023:11:52:07 +0800] "GET /xingrg/all/function/internal_message.html?_=1681962727622&CODE_STATE=getMsg HTTP/1.1" 200 27
116.224.158.100 - - [20/Apr/2023:11:52:08 +0800] "GET /xingrg/all/function/internal_message.html?_=1681962728384&CODE_STATE=getMsg HTTP/1.1" 200 27
180.171.122.0 - - [20/Apr/2023:11:52:09 +0800] "GET /xingrg/kc/base/wldb_order_add.html HTTP/1.1" 200 30381
180.171.122.0 - - [20/Apr/2023:11:52:09 +0800] "POST /xingrg/kc/base/wldb_order_operate.html HTTP/1.1" 200 6806
180.171.122.0 - - [20/Apr/2023:11:52:10 +0800] "GET /xingrg/javascript/easyui/themes/default/validatebox.css HTTP/1.1" 404 1104
172.20.0.100 - - [20/Apr/2023:11:52:10 +0800] "GET /xingrg/check_reg.html?_=1681962740160 HTTP/1.1" 200 22
116.237.74.38 - - [20/Apr/2023:11:52:12 +0800] "GET /xingrg/all/function/internal_message.html?_=1681962733229&CODE_STATE=getMsg HTTP/1.1" 200 27
114.84.144.20 - - [20/Apr/2023:11:52:12 +0800] "GET /xingrg/all/function/internal_message.html?_=1681962732087&CODE_STATE=getMsg HTTP/1.1" 200 27
180.164.3.199 - - [20/Apr/2023:11:52:15 +0800] "GET /xingrg/all/function/internal_message.html?_=1681962734268&CODE_STATE=getMsg HTTP/1.1" 200 27
180.169.147.146 - - [20/Apr/2023:11:52:17 +0800] "GET /xingrg/check_reg.html?_=1681962734189 HTTP/1.1" 200 22
180.169.147.146 - - [20/Apr/2023:11:52:17 +0800] "GET /xingrg/all/function/internal_message.html?_=1681962734192&CODE_STATE=getMsg HTTP/1.1" 200 27
116.224.106.218 - - [20/Apr/2023:11:52:18 +0800] "GET /xingrg/all/function/internal_message.html?_=1681962737268&CODE_STATE=getMsg HTTP/1.1" 200 27
58.221.95.50 - - [20/Apr/2023:11:52:18 +0800] "GET /xingrg/all/function/internal_message.html?_=1681962739274&CODE_STATE=getMsg HTTP/1.1" 200 27
116.228.172.94 - - [20/Apr/2023:11:52:20 +0800] "GET /xingrg/all/function/internal_message.html?_=1681962628739&CODE_STATE=getMsg HTTP/1.1" 200 27
116.237.74.38 - - [20/Apr/2023:11:52:21 +0800] "GET /xingrg/all/function/internal_message.html?_=1681962742504&CODE_STATE=getMsg HTTP/1.1" 200 27
222.70.244.216 - - [20/Apr/2023:11:52:22 +0800] "GET /xingrg/all/function/internal_message.html?_=1681962756343&CODE_STATE=getMsg HTTP/1.1" 200 27
180.171.122.0 - - [20/Apr/2023:11:52:23 +0800] "GET /xingrg/kc/base/wldb_order_operate.html?command=get_materiel&rest_code=00111&base_code=0010306&code=00102002562 HTTP/1.1" 200 461
180.157.253.110 - - [20/Apr/2023:11:52:24 +0800] "GET /xingrg/all/function/internal_message.html?_=1681962749262&CODE_STATE=getMsg HTTP/1.1" 200 27
180.157.253.110 - - [20/Apr/2023:11:52:24 +0800] "GET /xingrg/check_reg.html?_=1681962749263 HTTP/1.1" 200 22
116.224.158.100 - - [20/Apr/2023:11:52:26 +0800] "GET /xingrg/all/function/internal_message.html?_=1681962587088&CODE_STATE=getMsg HTTP/1.1" 200 27
116.224.158.100 - - [20/Apr/2023:11:52:26 +0800] "GET /xingrg/check_reg.html?_=1681962587090 HTTP/1.1" 200 22
180.171.122.0 - - [20/Apr/2023:11:52:35 +0800] "GET /xingrg/kc/base/wldb_order_operate.html?command=get_materiel&rest_code=00111&base_code=0010306&code=00102002448 HTTP/1.1" 200 440
222.70.244.216 - - [20/Apr/2023:11:52:36 +0800] "POST /xingrg/services/DataTransmitService HTTP/1.1" 200 501
116.227.208.255 - - [20/Apr/2023:11:52:41 +0800] "GET /xingrg/all/function/internal_message.html?_=1681962835567&CODE_STATE=getMsg HTTP/1.1" 200 27
180.171.122.0 - - [20/Apr/2023:11:52:41 +0800] "GET /xingrg/kc/base/wldb_order_operate.html?command=get_materiel&rest_code=00111&base_code=0010306&code=00102002204 HTTP/1.1" 200 447
116.238.139.35 - - [20/Apr/2023:11:52:43 +0800] "GET /xingrg/all/function/internal_message.html?_=1681962702222&CODE_STATE=getMsg HTTP/1.1" 200 27
116.237.74.38 - - [20/Apr/2023:11:52:44 +0800] "GET /xingrg/all/function/internal_message.html?_=1681962761779&CODE_STATE=getMsg HTTP/1.1" 200 27
222.70.244.216 - - [20/Apr/2023:11:52:49 +0800] "GET /xingrg/check_reg.html?_=1681962783037 HTTP/1.1" 200 22
180.171.122.0 - - [20/Apr/2023:11:52:50 +0800] "GET /xingrg/all/function/internal_message.html?_=1681962767226&CODE_STATE=getMsg HTTP/1.1" 200 27
180.171.122.0 - - [20/Apr/2023:11:52:50 +0800] "GET /xingrg/check_reg.html?_=1681962767276 HTTP/1.1" 200 22
180.171.122.0 - - [20/Apr/2023:11:52:53 +0800] "GET /xingrg/kc/base/wldb_order_operate.html?command=get_materiel&rest_code=00111&base_code=0010306&code=00102024027 HTTP/1.1" 200 442
222.69.130.49 - - [20/Apr/2023:11:52:54 +0800] "GET /xingrg/all/function/internal_message.html?_=1681962774395&CODE_STATE=getMsg HTTP/1.1" 200 27
180.171.122.0 - - [20/Apr/2023:11:52:58 +0800] "POST /xingrg/kc/base/wldb_order_operate.html HTTP/1.1" 200 37
180.171.122.0 - - [20/Apr/2023:11:52:59 +0800] "POST /xingrg/kc/base/wldb_order_operate.html HTTP/1.1" 200 3653
180.171.122.0 - - [20/Apr/2023:11:53:03 +0800] "GET /xingrg/kc/base/wldb_order_info.html?code=422023042001613 HTTP/1.1" 200 30395
180.171.122.0 - - [20/Apr/2023:11:53:04 +0800] "GET /xingrg/javascript/easyui/themes/default/validatebox.css HTTP/1.1" 404 1104
180.171.122.0 - - [20/Apr/2023:11:53:04 +0800] "POST /xingrg/kc/base/wldb_order_operate.html HTTP/1.1" 200 3653
180.171.122.0 - - [20/Apr/2023:11:53:06 +0800] "GET /xingrg/kc/base/wldb_order_add.html HTTP/1.1" 200 30381
114.84.144.20 - - [20/Apr/2023:11:53:06 +0800] "GET /xingrg/all/function/internal_message.html?_=1681962787094&CODE_STATE=getMsg HTTP/1.1" 200 27
180.171.122.0 - - [20/Apr/2023:11:53:06 +0800] "POST /xingrg/kc/base/wldb_order_operate.html HTTP/1.1" 200 6806
180.171.122.0 - - [20/Apr/2023:11:53:06 +0800] "GET /xingrg/javascript/easyui/themes/default/validatebox.css HTTP/1.1" 404 1104
116.238.139.35 - - [20/Apr/2023:11:53:07 +0800] "GET /xingrg/all/function/internal_message.html?_=1681962787623&CODE_STATE=getMsg HTTP/1.1" 200 27
116.224.158.100 - - [20/Apr/2023:11:53:08 +0800] "GET /xingrg/all/function/internal_message.html?_=1681962788354&CODE_STATE=getMsg HTTP/1.1" 200 27
116.237.74.38 - - [20/Apr/2023:11:53:12 +0800] "GET /xingrg/check_reg.html?_=1681962793229 HTTP/1.1" 200 22
116.237.74.38 - - [20/Apr/2023:11:53:12 +0800] "GET /xingrg/all/function/internal_message.html?_=1681962793234&CODE_STATE=getMsg HTTP/1.1" 200 27
114.84.144.20 - - [20/Apr/2023:11:53:12 +0800] "GET /xingrg/all/function/internal_message.html?_=1681962792088&CODE_STATE=getMsg HTTP/1.1" 200 27
114.84.144.20 - - [20/Apr/2023:11:53:14 +0800] "GET /xingrg/kc/buy/cgsh_order_add.html HTTP/1.1" 200 70727
114.84.144.20 - - [20/Apr/2023:11:53:15 +0800] "POST /xingrg/kc/buy/cgsh_order_operate.html HTTP/1.1" 200 8245
114.84.144.20 - - [20/Apr/2023:11:53:15 +0800] "GET /xingrg/all/common/auto_word.html?type=employee&rest_code=00141 HTTP/1.1" 200 201
114.84.144.20 - - [20/Apr/2023:11:53:15 +0800] "GET /xingrg/javascript/easyui/themes/default/validatebox.css HTTP/1.1" 404 1104
114.84.144.20 - - [20/Apr/2023:11:53:15 +0800] "GET /xingrg/all/common/auto_word.html?type=employee&rest_code=00141 HTTP/1.1" 200 201
180.164.3.199 - - [20/Apr/2023:11:53:15 +0800] "GET /xingrg/all/function/internal_message.html?_=1681962794247&CODE_STATE=getMsg HTTP/1.1" 200 27
114.84.144.20 - - [20/Apr/2023:11:53:16 +0800] "GET /xingrg/javascript/auto/indicator.gif HTTP/1.1" 404 1066
180.169.147.146 - - [20/Apr/2023:11:53:17 +0800] "GET /xingrg/all/function/internal_message.html?_=1681962794192&CODE_STATE=getMsg HTTP/1.1" 200 27
114.84.144.20 - - [20/Apr/2023:11:53:18 +0800] "GET /xingrg/javascript/jquery_tools/images/prev.gif HTTP/1.1" 404 1086
114.84.144.20 - - [20/Apr/2023:11:53:18 +0800] "GET /xingrg/javascript/jquery_tools/images/next.gif HTTP/1.1" 404 1086
116.224.106.218 - - [20/Apr/2023:11:53:18 +0800] "GET /xingrg/all/function/internal_message.html?_=1681962797271&CODE_STATE=getMsg HTTP/1.1" 200 27
58.221.95.50 - - [20/Apr/2023:11:53:18 +0800] "GET /xingrg/all/function/internal_message.html?_=1681962799247&CODE_STATE=getMsg HTTP/1.1" 200 27
116.228.172.94 - - [20/Apr/2023:11:53:20 +0800] "GET /xingrg/check_reg.html?_=1681962688740 HTTP/1.1" 200 22
116.228.172.94 - - [20/Apr/2023:11:53:20 +0800] "GET /xingrg/all/function/internal_message.html?_=1681962688743&CODE_STATE=getMsg HTTP/1.1" 200 27
116.237.74.38 - - [20/Apr/2023:11:53:21 +0800] "GET /xingrg/all/function/internal_message.html?_=1681962802508&CODE_STATE=getMsg HTTP/1.1" 200 27
116.237.74.38 - - [20/Apr/2023:11:53:21 +0800] "GET /xingrg/check_reg.html?_=1681962802901 HTTP/1.1" 200 22
222.70.244.216 - - [20/Apr/2023:11:53:22 +0800] "GET /xingrg/all/function/internal_message.html?_=1681962816355&CODE_STATE=getMsg HTTP/1.1" 200 27
180.157.253.110 - - [20/Apr/2023:11:53:24 +0800] "GET /xingrg/all/function/internal_message.html?_=1681962809256&CODE_STATE=getMsg HTTP/1.1" 200 27
116.224.158.100 - - [20/Apr/2023:11:53:26 +0800] "GET /xingrg/all/function/internal_message.html?_=1681962647089&CODE_STATE=getMsg HTTP/1.1" 200 27
180.171.122.0 - - [20/Apr/2023:11:53:28 +0800] "GET /xingrg/kc/base/wldb_order_operate.html?command=get_materiel&rest_code=00111&base_code=0010283&code=00101019391 HTTP/1.1" 200 485
180.171.122.0 - - [20/Apr/2023:11:53:32 +0800] "GET /xingrg/kc/base/wldb_order_operate.html?command=get_materiel&rest_code=00111&base_code=0010283&code=00101019175 HTTP/1.1" 200 439
116.227.208.255 - - [20/Apr/2023:11:53:41 +0800] "GET /xingrg/all/function/internal_message.html?_=1681962895553&CODE_STATE=getMsg HTTP/1.1" 200 27
116.227.208.255 - - [20/Apr/2023:11:53:42 +0800] "GET /xingrg/check_reg.html?_=1681962897194 HTTP/1.1" 200 22
