180.169.147.146 - - [19/Apr/2023:09:29:05 +0800] "POST /xingrg/dwr/call/plaincall/AjaxGetFirstChart.getFirstChart.dwr HTTP/1.1" 200 79
180.169.147.146 - - [19/Apr/2023:09:29:05 +0800] "POST /xingrg/dwr/call/plaincall/AjaxGetFirstChart.getFirstChart.dwr HTTP/1.1" 200 80
180.169.147.146 - - [19/Apr/2023:09:29:05 +0800] "POST /xingrg/dwr/call/plaincall/AjaxGetFirstChart.getFirstChart.dwr HTTP/1.1" 200 80
180.169.147.146 - - [19/Apr/2023:09:29:05 +0800] "POST /xingrg/dwr/call/plaincall/AjaxGetFirstChart.getFirstChart.dwr HTTP/1.1" 200 78
180.169.147.146 - - [19/Apr/2023:09:29:05 +0800] "POST /xingrg/dwr/call/plaincall/AjaxGetFirstChart.getFirstChart.dwr HTTP/1.1" 200 78
180.169.147.146 - - [19/Apr/2023:09:29:06 +0800] "POST /xingrg/dwr/call/plaincall/AjaxGetFirstChart.getFirstChart.dwr HTTP/1.1" 200 91
180.169.147.146 - - [19/Apr/2023:09:29:06 +0800] "POST /xingrg/dwr/call/plaincall/AjaxGetFirstChart.getFirstChart.dwr HTTP/1.1" 200 92
180.169.147.146 - - [19/Apr/2023:09:29:06 +0800] "POST /xingrg/dwr/call/plaincall/AjaxGetFirstChart.getFirstChart.dwr HTTP/1.1" 200 93
180.169.147.146 - - [19/Apr/2023:09:29:06 +0800] "POST /xingrg/dwr/call/plaincall/AjaxGetFirstChart.getFirstChart.dwr HTTP/1.1" 200 93
180.169.147.146 - - [19/Apr/2023:09:29:07 +0800] "POST /xingrg/dwr/call/plaincall/AjaxGetFirstChart.getFirstChart.dwr HTTP/1.1" 200 94
180.169.147.146 - - [19/Apr/2023:09:29:07 +0800] "POST /xingrg/dwr/call/plaincall/AjaxGetFirstChart.getFirstChart.dwr HTTP/1.1" 200 94
180.169.147.146 - - [19/Apr/2023:09:29:07 +0800] "POST /xingrg/dwr/call/plaincall/AjaxGetFirstChart.getFirstChart.dwr HTTP/1.1" 200 95
180.169.147.146 - - [19/Apr/2023:09:29:07 +0800] "POST /xingrg/dwr/call/plaincall/AjaxGetFirstChart.getFirstChart.dwr HTTP/1.1" 200 95
180.169.147.146 - - [19/Apr/2023:09:29:07 +0800] "POST /xingrg/dwr/call/plaincall/AjaxGetFirstChart.getFirstChart.dwr HTTP/1.1" 200 96
180.169.147.146 - - [19/Apr/2023:09:29:07 +0800] "POST /xingrg/dwr/call/plaincall/AjaxGetFirstChart.getFirstChart.dwr HTTP/1.1" 200 96
180.169.147.146 - - [19/Apr/2023:09:29:07 +0800] "POST /xingrg/dwr/call/plaincall/AjaxGetFirstChart.getFirstChart.dwr HTTP/1.1" 200 97
180.169.147.146 - - [19/Apr/2023:09:29:07 +0800] "POST /xingrg/dwr/call/plaincall/AjaxGetFirstChart.getFirstChart.dwr HTTP/1.1" 200 97
180.169.147.146 - - [19/Apr/2023:09:29:08 +0800] "POST /xingrg/dwr/call/plaincall/AjaxGetFirstChart.getFirstChart.dwr HTTP/1.1" 200 98
180.169.147.146 - - [19/Apr/2023:09:29:08 +0800] "POST /xingrg/dwr/call/plaincall/AjaxGetFirstChart.getFirstChart.dwr HTTP/1.1" 200 98
180.169.147.146 - - [19/Apr/2023:09:29:08 +0800] "POST /xingrg/dwr/call/plaincall/AjaxGetFirstChart.getFirstChart.dwr HTTP/1.1" 200 99
180.169.147.146 - - [19/Apr/2023:09:29:08 +0800] "POST /xingrg/dwr/call/plaincall/AjaxGetFirstChart.getFirstChart.dwr HTTP/1.1" 200 99
120.253.135.82 - - [19/Apr/2023:09:29:08 +0800] "GET /xingrg/all/function/internal_message.html?_=1681867881982&CODE_STATE=getMsg HTTP/1.1" 200 27
180.169.147.146 - - [19/Apr/2023:09:29:08 +0800] "POST /xingrg/dwr/call/plaincall/AjaxGetFirstChart.getFirstChart.dwr HTTP/1.1" 200 99
180.169.147.146 - - [19/Apr/2023:09:29:08 +0800] "POST /xingrg/dwr/call/plaincall/AjaxGetFirstChart.getFirstChart.dwr HTTP/1.1" 200 99
120.253.135.82 - - [19/Apr/2023:09:29:09 +0800] "GET /xingrg/kc/pszx/mdqp_order_list.html?state=10 HTTP/1.1" 200 10275
120.253.135.82 - - [19/Apr/2023:09:29:09 +0800] "GET /xingrg/dwr/interface/AjaxReportQueryService.js HTTP/1.1" 200 13203
120.253.135.82 - - [19/Apr/2023:09:29:09 +0800] "GET /xingrg/dwr/interface/AjaxQqpsService.js HTTP/1.1" 200 16326
120.253.135.82 - - [19/Apr/2023:09:29:09 +0800] "GET /xingrg/dwr/engine.js HTTP/1.1" 200 43631
180.169.147.146 - - [19/Apr/2023:09:29:10 +0800] "POST /xingrg/dwr/call/plaincall/AjaxGetFirstChart.getFirstChart.dwr HTTP/1.1" 200 94
180.169.147.146 - - [19/Apr/2023:09:29:10 +0800] "POST /xingrg/dwr/call/plaincall/AjaxGetFirstChart.getFirstChart.dwr HTTP/1.1" 200 94
116.238.139.35 - - [19/Apr/2023:09:29:10 +0800] "GET /xingrg/kc/buy/cgsh_order_operate.html?command=get_materiel&rest_code=00151&code=00101008270&supplier_code=00100008&order_time=2023-04-19 HTTP/1.1" 200 412
120.253.135.82 - - [19/Apr/2023:09:29:11 +0800] "GET /xingrg/kc/pszx/mdqp_order_list.html?state=10 HTTP/1.1" 200 10275
120.253.135.82 - - [19/Apr/2023:09:29:11 +0800] "GET /xingrg/dwr/interface/AjaxReportQueryService.js HTTP/1.1" 200 13203
120.253.135.82 - - [19/Apr/2023:09:29:11 +0800] "GET /xingrg/dwr/interface/AjaxQqpsService.js HTTP/1.1" 200 16326
180.169.147.146 - - [19/Apr/2023:09:29:13 +0800] "POST /xingrg/dwr/call/plaincall/AjaxKcSupplierService.modifyKcSupplier.dwr HTTP/1.1" 200 77
180.169.147.146 - - [19/Apr/2023:09:29:14 +0800] "POST /xingrg/system/supplier/kc_supplier_operate.html HTTP/1.1" 200 23623
116.224.158.100 - - [19/Apr/2023:09:29:15 +0800] "GET /xingrg/all/function/internal_message.html?_=1681867757869&CODE_STATE=getMsg HTTP/1.1" 200 27
101.229.22.234 - - [19/Apr/2023:09:29:15 +0800] "GET /xingrg/check_reg.html?_=1681867755637 HTTP/1.1" 200 22
101.229.22.234 - - [19/Apr/2023:09:29:15 +0800] "GET /xingrg/all/function/internal_message.html?_=1681867755635&CODE_STATE=getMsg HTTP/1.1" 200 27
116.224.106.218 - - [19/Apr/2023:09:29:16 +0800] "GET /xingrg/all/function/internal_message.html?_=1681867755789&CODE_STATE=getMsg HTTP/1.1" 200 27
116.224.106.218 - - [19/Apr/2023:09:29:16 +0800] "GET /xingrg/check_reg.html?_=1681867755793 HTTP/1.1" 200 22
124.78.155.63 - - [19/Apr/2023:09:29:18 +0800] "GET /xingrg/all/function/internal_message.html?_=1681867756397&CODE_STATE=getMsg HTTP/1.1" 200 27
180.163.28.55 - - [19/Apr/2023:09:29:18 +0800] "GET /xingrg/all/function/internal_message.html?_=1681867696422&CODE_STATE=getMsg HTTP/1.1" 302 -
180.163.28.55 - - [19/Apr/2023:09:29:18 +0800] "GET /xingrg/login.html HTTP/1.1" 200 7641
124.78.155.63 - - [19/Apr/2023:09:29:19 +0800] "GET /xingrg/check_reg.html?_=1681867757305 HTTP/1.1" 200 22
114.84.144.20 - - [19/Apr/2023:09:29:19 +0800] "GET /xingrg/all/function/internal_message.html?_=1681867756756&CODE_STATE=getMsg HTTP/1.1" 200 27
114.84.144.20 - - [19/Apr/2023:09:29:19 +0800] "GET /xingrg/check_reg.html?_=1681867756758 HTTP/1.1" 200 22
116.238.139.35 - - [19/Apr/2023:09:29:19 +0800] "GET /xingrg/kc/buy/cgsh_order_operate.html?command=get_materiel&rest_code=00151&code=00101008077&supplier_code=00100008&order_time=2023-04-19 HTTP/1.1" 200 416
180.169.147.146 - - [19/Apr/2023:09:29:20 +0800] "GET /xingrg/kc/buy/cgsh_order_list.html HTTP/1.1" 200 55200
180.169.147.146 - - [19/Apr/2023:09:29:21 +0800] "GET /xingrg/all/function/internal_message.html?_=1681867761713&CODE_STATE=getMsg HTTP/1.1" 200 27
180.169.147.146 - - [19/Apr/2023:09:29:23 +0800] "POST /xingrg/kc/buy/cgsh_list_operate.html HTTP/1.1" 200 986
116.238.139.35 - - [19/Apr/2023:09:29:25 +0800] "GET /xingrg/kc/buy/cgsh_order_operate.html?command=get_materiel&rest_code=00151&code=00101008223&supplier_code=00100008&order_time=2023-04-19 HTTP/1.1" 200 412
180.169.147.146 - - [19/Apr/2023:09:29:28 +0800] "GET /xingrg/javascript/auto/indicator.gif HTTP/1.1" 404 1066
116.238.139.35 - - [19/Apr/2023:09:29:30 +0800] "GET /xingrg/all/function/internal_message.html?_=1681867770895&CODE_STATE=getMsg HTTP/1.1" 200 27
120.253.135.82 - - [19/Apr/2023:09:29:31 +0800] "GET /xingrg/all/function/internal_message.html?_=1681867609160&CODE_STATE=getMsg HTTP/1.1" 200 27
180.169.147.146 - - [19/Apr/2023:09:29:35 +0800] "POST /xingrg/kc/buy/cgsh_list_operate.html HTTP/1.1" 200 3585
180.169.147.146 - - [19/Apr/2023:09:29:37 +0800] "POST /xingrg/kc/buy/cgsh_list_operate.html HTTP/1.1" 200 208
116.238.139.35 - - [19/Apr/2023:09:29:39 +0800] "GET /xingrg/kc/buy/cgsh_order_operate.html?command=get_materiel&rest_code=00151&code=00101008005&supplier_code=00100008&order_time=2023-04-19 HTTP/1.1" 200 412
180.169.147.146 - - [19/Apr/2023:09:29:39 +0800] "GET /xingrg/kc/buy/cgsh_order_info.html?code=212023041304105 HTTP/1.1" 200 64938
180.169.147.146 - - [19/Apr/2023:09:29:40 +0800] "GET /xingrg/javascript/easyui/themes/default/validatebox.css HTTP/1.1" 404 1104
180.169.147.146 - - [19/Apr/2023:09:29:40 +0800] "POST /xingrg/kc/buy/cgsh_order_operate.html HTTP/1.1" 200 623
180.169.147.146 - - [19/Apr/2023:09:29:45 +0800] "POST /xingrg/kc/buy/cgsh_order_operate.html HTTP/1.1" 200 12
58.221.95.50 - - [19/Apr/2023:09:29:46 +0800] "GET /xingrg/all/function/internal_message.html?_=1681867787362&CODE_STATE=getMsg HTTP/1.1" 200 27
116.238.139.35 - - [19/Apr/2023:09:29:47 +0800] "GET /xingrg/kc/buy/cgsh_order_operate.html?command=get_materiel&rest_code=00151&code=00101008312&supplier_code=00100008&order_time=2023-04-19 HTTP/1.1" 200 412
180.169.147.146 - - [19/Apr/2023:09:29:47 +0800] "GET /xingrg/kc/buy/cgsh_order_info.html?code=212023041304105 HTTP/1.1" 200 69788
180.169.147.146 - - [19/Apr/2023:09:29:48 +0800] "GET /xingrg/javascript/easyui/themes/default/validatebox.css HTTP/1.1" 404 1104
180.169.147.146 - - [19/Apr/2023:09:29:49 +0800] "POST /xingrg/kc/buy/cgsh_order_operate.html HTTP/1.1" 200 2673
116.227.208.255 - - [19/Apr/2023:09:29:50 +0800] "GET /xingrg/all/function/internal_message.html?_=1681867790219&CODE_STATE=getMsg HTTP/1.1" 200 27
116.227.208.255 - - [19/Apr/2023:09:29:50 +0800] "GET /xingrg/check_reg.html?_=1681867790222 HTTP/1.1" 200 22
222.70.244.216 - - [19/Apr/2023:09:29:53 +0800] "GET /xingrg/all/function/internal_message.html?_=1681867802761&CODE_STATE=getMsg HTTP/1.1" 200 27
116.227.208.255 - - [19/Apr/2023:09:29:53 +0800] "POST /xingrg/services/DataTransmitService HTTP/1.1" 200 524
116.238.139.35 - - [19/Apr/2023:09:29:55 +0800] "GET /xingrg/kc/buy/cgsh_order_operate.html?command=get_materiel&rest_code=00151&code=00101008371&supplier_code=00100008&order_time=2023-04-19 HTTP/1.1" 200 412
116.227.208.255 - - [19/Apr/2023:09:29:56 +0800] "GET /xingrg/all/function/internal_message.html?_=1681867873905&CODE_STATE=getMsg HTTP/1.1" 200 27
116.227.208.255 - - [19/Apr/2023:09:29:56 +0800] "GET /xingrg/check_reg.html?_=1681867873906 HTTP/1.1" 200 22
180.169.147.146 - - [19/Apr/2023:09:29:57 +0800] "POST /xingrg/kc/buy/cgsh_order_operate.html HTTP/1.1" 200 37
116.238.139.35 - - [19/Apr/2023:09:30:02 +0800] "GET /xingrg/kc/buy/cgsh_order_operate.html?command=get_materiel&rest_code=00151&code=00101008100&supplier_code=00100008&order_time=2023-04-19 HTTP/1.1" 200 408
114.83.221.171 - - [19/Apr/2023:09:30:04 +0800] "GET /xingrg/all/function/internal_message.html?_=1681867802773&CODE_STATE=getMsg HTTP/1.1" 200 27
116.224.158.100 - - [19/Apr/2023:09:30:04 +0800] "GET /xingrg/all/function/internal_message.html?_=1681867645933&CODE_STATE=getMsg HTTP/1.1" 200 27
180.169.147.146 - - [19/Apr/2023:09:30:05 +0800] "POST /xingrg/kc/buy/cgsh_order_operate.html HTTP/1.1" 200 12
120.253.135.82 - - [19/Apr/2023:09:30:08 +0800] "GET /xingrg/all/function/internal_message.html?_=1681867941988&CODE_STATE=getMsg HTTP/1.1" 200 27
116.238.139.35 - - [19/Apr/2023:09:30:09 +0800] "GET /xingrg/kc/buy/cgsh_order_operate.html?command=get_materiel&rest_code=00151&code=00101008125&supplier_code=00100008&order_time=2023-04-19 HTTP/1.1" 200 433
180.169.147.146 - - [19/Apr/2023:09:30:10 +0800] "GET /xingrg/kc/buy/cgsh_order_info.html?code=212023041304105 HTTP/1.1" 200 64946
180.169.147.146 - - [19/Apr/2023:09:30:10 +0800] "GET /xingrg/javascript/easyui/themes/default/validatebox.css HTTP/1.1" 404 1104
116.238.139.35 - - [19/Apr/2023:09:30:11 +0800] "POST /xingrg/kc/buy/cgsh_order_operate.html HTTP/1.1" 200 2065
180.169.147.146 - - [19/Apr/2023:09:30:11 +0800] "POST /xingrg/kc/buy/cgsh_order_operate.html HTTP/1.1" 200 623
116.224.158.100 - - [19/Apr/2023:09:30:15 +0800] "GET /xingrg/all/function/internal_message.html?_=1681867817869&CODE_STATE=getMsg HTTP/1.1" 200 27
116.224.158.100 - - [19/Apr/2023:09:30:15 +0800] "GET /xingrg/check_reg.html?_=1681867817873 HTTP/1.1" 200 22
101.229.22.234 - - [19/Apr/2023:09:30:15 +0800] "GET /xingrg/all/function/internal_message.html?_=1681867815635&CODE_STATE=getMsg HTTP/1.1" 200 27
180.169.147.146 - - [19/Apr/2023:09:30:16 +0800] "POST /xingrg/kc/buy/cgsh_list_operate.html HTTP/1.1" 200 3155
114.83.221.171 - - [19/Apr/2023:09:30:16 +0800] "GET /xingrg/kc/buy/cgsh_order_add.html HTTP/1.1" 200 70815
116.224.106.218 - - [19/Apr/2023:09:30:16 +0800] "GET /xingrg/all/function/internal_message.html?_=1681867815791&CODE_STATE=getMsg HTTP/1.1" 200 27
114.83.221.171 - - [19/Apr/2023:09:30:17 +0800] "POST /xingrg/kc/buy/cgsh_order_operate.html HTTP/1.1" 200 8245
114.83.221.171 - - [19/Apr/2023:09:30:17 +0800] "GET /xingrg/javascript/easyui/themes/default/validatebox.css HTTP/1.1" 404 1104
116.238.139.35 - - [19/Apr/2023:09:30:18 +0800] "GET /xingrg/kc/buy/cgsh_order_operate.html?command=get_materiel&rest_code=00151&code=00101008357&supplier_code=00100008&order_time=2023-04-19 HTTP/1.1" 200 408
180.163.28.143 - - [19/Apr/2023:09:30:18 +0800] "GET /xingrg/all/function/internal_message.html?_=1681867756397&CODE_STATE=getMsg HTTP/1.1" 302 -
180.163.28.143 - - [19/Apr/2023:09:30:18 +0800] "GET /xingrg/login.html HTTP/1.1" 200 7641
124.78.155.63 - - [19/Apr/2023:09:30:18 +0800] "GET /xingrg/all/function/internal_message.html?_=1681867816370&CODE_STATE=getMsg HTTP/1.1" 200 27
114.84.144.20 - - [19/Apr/2023:09:30:19 +0800] "GET /xingrg/all/function/internal_message.html?_=1681867816752&CODE_STATE=getMsg HTTP/1.1" 200 27
180.163.29.79 - - [19/Apr/2023:09:30:19 +0800] "GET /xingrg/check_reg.html?_=1681867757305 HTTP/1.1" 302 -
180.163.29.79 - - [19/Apr/2023:09:30:19 +0800] "GET /xingrg/login.html HTTP/1.1" 200 7641
180.169.147.146 - - [19/Apr/2023:09:30:21 +0800] "GET /xingrg/all/function/internal_message.html?_=1681867821704&CODE_STATE=getMsg HTTP/1.1" 200 27
116.238.139.35 - - [19/Apr/2023:09:30:30 +0800] "GET /xingrg/all/function/internal_message.html?_=1681867830889&CODE_STATE=getMsg HTTP/1.1" 200 27
120.253.135.82 - - [19/Apr/2023:09:30:31 +0800] "GET /xingrg/all/function/internal_message.html?_=1681867669180&CODE_STATE=getMsg HTTP/1.1" 200 27
58.221.95.50 - - [19/Apr/2023:09:30:46 +0800] "GET /xingrg/all/function/internal_message.html?_=1681867847340&CODE_STATE=getMsg HTTP/1.1" 200 27
114.83.221.171 - - [19/Apr/2023:09:30:49 +0800] "GET /xingrg/kc/buy/cgsh_order_operate.html?command=get_materiel&rest_code=00149&code=00101012003&supplier_code=00100036&order_time=2023-04-19 HTTP/1.1" 200 432
116.227.208.255 - - [19/Apr/2023:09:30:50 +0800] "GET /xingrg/all/function/internal_message.html?_=1681867850226&CODE_STATE=getMsg HTTP/1.1" 200 27
222.70.244.216 - - [19/Apr/2023:09:30:52 +0800] "GET /xingrg/check_reg.html?_=1681867861578 HTTP/1.1" 200 22
222.70.244.216 - - [19/Apr/2023:09:30:53 +0800] "GET /xingrg/all/function/internal_message.html?_=1681867862775&CODE_STATE=getMsg HTTP/1.1" 200 27
180.169.147.146 - - [19/Apr/2023:09:30:55 +0800] "GET /xingrg/kc/system/base_setting_page.html HTTP/1.1" 200 9193
180.169.147.146 - - [19/Apr/2023:09:30:55 +0800] "GET /xingrg/dwr/interface/AjaxSystemService.js HTTP/1.1" 200 13657
180.169.147.146 - - [19/Apr/2023:09:30:55 +0800] "GET /xingrg/dwr/engine.js HTTP/1.1" 200 43631
116.227.208.255 - - [19/Apr/2023:09:30:56 +0800] "GET /xingrg/all/function/internal_message.html?_=1681867933914&CODE_STATE=getMsg HTTP/1.1" 200 27
180.169.147.146 - - [19/Apr/2023:09:30:58 +0800] "POST /xingrg/dwr/call/plaincall/AjaxSystemService.saveConfigItems.dwr HTTP/1.1" 200 78
114.83.221.171 - - [19/Apr/2023:09:31:03 +0800] "GET /xingrg/kc/buy/cgsh_order_operate.html?command=get_materiel&rest_code=00149&code=00101016038&supplier_code=00100036&order_time=2023-04-19 HTTP/1.1" 200 408
116.224.158.100 - - [19/Apr/2023:09:31:04 +0800] "GET /xingrg/check_reg.html?_=1681867705932 HTTP/1.1" 200 22
114.83.221.171 - - [19/Apr/2023:09:31:04 +0800] "GET /xingrg/all/function/internal_message.html?_=1681867862855&CODE_STATE=getMsg HTTP/1.1" 200 27
116.224.158.100 - - [19/Apr/2023:09:31:04 +0800] "GET /xingrg/all/function/internal_message.html?_=1681867705933&CODE_STATE=getMsg HTTP/1.1" 200 27
120.253.135.82 - - [19/Apr/2023:09:31:08 +0800] "GET /xingrg/all/function/internal_message.html?_=1681868001998&CODE_STATE=getMsg HTTP/1.1" 200 27
114.83.221.171 - - [19/Apr/2023:09:31:13 +0800] "GET /xingrg/kc/buy/cgsh_order_operate.html?command=get_materiel&rest_code=00149&code=00101012051&supplier_code=00100036&order_time=2023-04-19 HTTP/1.1" 200 408
180.169.147.146 - - [19/Apr/2023:09:31:15 +0800] "GET /xingrg/system/supplier/kcSupplier.html?isKc=1 HTTP/1.1" 200 10949
116.224.158.100 - - [19/Apr/2023:09:31:15 +0800] "GET /xingrg/all/function/internal_message.html?_=1681867877865&CODE_STATE=getMsg HTTP/1.1" 200 27
101.229.22.234 - - [19/Apr/2023:09:31:15 +0800] "GET /xingrg/all/function/internal_message.html?_=1681867875621&CODE_STATE=getMsg HTTP/1.1" 200 27
180.169.147.146 - - [19/Apr/2023:09:31:15 +0800] "POST /xingrg/all/common/load_tree.html?tree=area_tree_json HTTP/1.1" 200 206
180.169.147.146 - - [19/Apr/2023:09:31:15 +0800] "POST /xingrg/all/common/load_tree.html?tree=supplier_sort_tree_json HTTP/1.1" 200 2520
180.169.147.146 - - [19/Apr/2023:09:31:15 +0800] "POST /xingrg/all/common/load_tree.html?tree=supplier_sort_tree_json HTTP/1.1" 200 2520
180.169.147.146 - - [19/Apr/2023:09:31:15 +0800] "POST /xingrg/all/common/load_tree.html?tree=area_tree_json HTTP/1.1" 200 206
116.224.106.218 - - [19/Apr/2023:09:31:16 +0800] "GET /xingrg/all/function/internal_message.html?_=1681867875793&CODE_STATE=getMsg HTTP/1.1" 200 27
124.78.155.63 - - [19/Apr/2023:09:31:18 +0800] "GET /xingrg/all/function/internal_message.html?_=1681867876343&CODE_STATE=getMsg HTTP/1.1" 200 27
180.169.147.146 - - [19/Apr/2023:09:31:18 +0800] "POST /xingrg/system/supplier/kc_supplier_operate.html HTTP/1.1" 200 23623
114.84.144.20 - - [19/Apr/2023:09:31:19 +0800] "GET /xingrg/all/function/internal_message.html?_=1681867876742&CODE_STATE=getMsg HTTP/1.1" 200 27
180.169.147.146 - - [19/Apr/2023:09:31:21 +0800] "GET /xingrg/all/function/internal_message.html?_=1681867881697&CODE_STATE=getMsg HTTP/1.1" 200 27
180.169.147.146 - - [19/Apr/2023:09:31:21 +0800] "GET /xingrg/check_reg.html?_=1681867881704 HTTP/1.1" 200 22
114.83.221.171 - - [19/Apr/2023:09:31:21 +0800] "GET /xingrg/kc/buy/cgsh_order_operate.html?command=get_materiel&rest_code=00149&code=00101012029&supplier_code=00100036&order_time=2023-04-19 HTTP/1.1" 200 412
120.253.135.82 - - [19/Apr/2023:09:31:30 +0800] "GET /xingrg/check_reg.html?_=1681867728756 HTTP/1.1" 200 22
116.238.139.35 - - [19/Apr/2023:09:31:30 +0800] "GET /xingrg/all/function/internal_message.html?_=1681867890899&CODE_STATE=getMsg HTTP/1.1" 200 27
120.253.135.82 - - [19/Apr/2023:09:31:31 +0800] "GET /xingrg/all/function/internal_message.html?_=1681867729192&CODE_STATE=getMsg HTTP/1.1" 200 27
114.83.221.171 - - [19/Apr/2023:09:31:32 +0800] "POST /xingrg/kc/buy/cgsh_order_operate.html HTTP/1.1" 200 37
114.83.221.171 - - [19/Apr/2023:09:31:40 +0800] "POST /xingrg/kc/buy/cgsh_order_operate.html HTTP/1.1" 200 12
114.83.221.171 - - [19/Apr/2023:09:31:43 +0800] "GET /xingrg/kc/buy/cgsh_order_info.html?code=212023041906381 HTTP/1.1" 200 65725
114.83.221.171 - - [19/Apr/2023:09:31:43 +0800] "GET /xingrg/javascript/easyui/themes/default/validatebox.css HTTP/1.1" 404 1104
114.83.221.171 - - [19/Apr/2023:09:31:44 +0800] "POST /xingrg/kc/buy/cgsh_order_operate.html HTTP/1.1" 200 2374
58.221.95.50 - - [19/Apr/2023:09:31:46 +0800] "GET /xingrg/all/function/internal_message.html?_=1681867907314&CODE_STATE=getMsg HTTP/1.1" 200 27
114.83.221.171 - - [19/Apr/2023:09:31:46 +0800] "GET /xingrg/kc/print/load_data.html?order_code=212023041906381&kc_code=cgsh&condition= HTTP/1.1" 200 1457
116.227.208.255 - - [19/Apr/2023:09:31:50 +0800] "GET /xingrg/all/function/internal_message.html?_=1681867910214&CODE_STATE=getMsg HTTP/1.1" 200 27
114.83.221.171 - - [19/Apr/2023:09:31:50 +0800] "GET /xingrg/kc/buy/cgsh_order_add.html HTTP/1.1" 200 70815
114.83.221.171 - - [19/Apr/2023:09:31:51 +0800] "POST /xingrg/kc/buy/cgsh_order_operate.html HTTP/1.1" 200 8245
114.83.221.171 - - [19/Apr/2023:09:31:51 +0800] "GET /xingrg/javascript/easyui/themes/default/validatebox.css HTTP/1.1" 404 1104
222.70.244.216 - - [19/Apr/2023:09:31:53 +0800] "GET /xingrg/all/function/internal_message.html?_=1681867922787&CODE_STATE=getMsg HTTP/1.1" 200 27
116.238.139.35 - - [19/Apr/2023:09:31:53 +0800] "POST /xingrg/kc/buy/cgsh_order_operate.html HTTP/1.1" 200 37
116.227.208.255 - - [19/Apr/2023:09:31:57 +0800] "GET /xingrg/all/function/internal_message.html?_=1681867993930&CODE_STATE=getMsg HTTP/1.1" 200 27
114.83.221.171 - - [19/Apr/2023:09:32:04 +0800] "GET /xingrg/all/function/internal_message.html?_=1681867922858&CODE_STATE=getMsg HTTP/1.1" 200 27
116.224.158.100 - - [19/Apr/2023:09:32:04 +0800] "GET /xingrg/all/function/internal_message.html?_=1681867765932&CODE_STATE=getMsg HTTP/1.1" 200 27
116.238.139.35 - - [19/Apr/2023:09:32:04 +0800] "POST /xingrg/kc/buy/cgsh_order_operate.html HTTP/1.1" 200 12
116.238.139.35 - - [19/Apr/2023:09:32:06 +0800] "GET /xingrg/kc/buy/cgsh_order_info.html?code=212023041906382 HTTP/1.1" 200 65227
116.238.139.35 - - [19/Apr/2023:09:32:07 +0800] "GET /xingrg/javascript/easyui/themes/default/validatebox.css HTTP/1.1" 404 1104
116.238.139.35 - - [19/Apr/2023:09:32:08 +0800] "POST /xingrg/kc/buy/cgsh_order_operate.html HTTP/1.1" 200 12563
120.253.135.82 - - [19/Apr/2023:09:32:08 +0800] "GET /xingrg/all/function/internal_message.html?_=1681868061997&CODE_STATE=getMsg HTTP/1.1" 200 27
120.253.135.82 - - [19/Apr/2023:09:32:08 +0800] "GET /xingrg/check_reg.html?_=1681868062004 HTTP/1.1" 200 22
114.83.221.171 - - [19/Apr/2023:09:32:08 +0800] "GET /xingrg/kc/buy/cgsh_order_operate.html?command=get_materiel&rest_code=00149&code=00101006062&supplier_code=00100012&order_time=2023-04-19 HTTP/1.1" 200 409
116.238.139.35 - - [19/Apr/2023:09:32:09 +0800] "GET /xingrg/kc/print/load_data.html?order_code=212023041906382&kc_code=cgsh&condition= HTTP/1.1" 200 5312
114.85.98.23 - - [19/Apr/2023:09:32:10 +0800] "GET /xingrg/login.html HTTP/1.1" 200 7641
114.85.98.23 - - [19/Apr/2023:09:32:10 +0800] "GET /xingrg/images/blue/jxLogo.png HTTP/1.1" 200 6156
114.85.98.23 - - [19/Apr/2023:09:32:10 +0800] "GET /xingrg/images/blue/login_bg.png HTTP/1.1" 200 22101
114.85.98.23 - - [19/Apr/2023:09:32:10 +0800] "GET /xingrg/images/blue/hj.png HTTP/1.1" 200 1014
114.85.98.23 - - [19/Apr/2023:09:32:10 +0800] "GET /xingrg/images/blue/srbg.png HTTP/1.1" 200 138
114.85.98.23 - - [19/Apr/2023:09:32:10 +0800] "GET /favicon.ico HTTP/1.1" 404 -
114.85.98.23 - - [19/Apr/2023:09:32:12 +0800] "POST /xingrg/login.do HTTP/1.1" 302 -
114.85.98.23 - - [19/Apr/2023:09:32:12 +0800] "GET /xingrg/index.html?sysBaseUrl=http%3A%2F%2F180.169.147.146%3A18081%2Fxingrg%2F&costTime=797×tamp=1681867932784 HTTP/1.1" 200 17173
114.85.98.23 - - [19/Apr/2023:09:32:12 +0800] "GET /xingrg/javascript/jquery_easy_ui/themes/default/easyui.css HTTP/1.1" 200 26500
114.85.98.23 - - [19/Apr/2023:09:32:12 +0800] "GET /xingrg/javascript/jquery_easy_ui/themes/icon.css HTTP/1.1" 200 3949
114.85.98.23 - - [19/Apr/2023:09:32:12 +0800] "GET /xingrg/css/form.css HTTP/1.1" 200 893
114.85.98.23 - - [19/Apr/2023:09:32:12 +0800] "GET /xingrg/javascript/jquery.form.js HTTP/1.1" 200 23110
114.85.98.23 - - [19/Apr/2023:09:32:12 +0800] "GET /xingrg/javascript/jquery-1.4.2.min.js HTTP/1.1" 200 72205
114.85.98.23 - - [19/Apr/2023:09:32:12 +0800] "GET /xingrg/javascript/jquery_easy_ui/easyui-lang-zh_CN.js HTTP/1.1" 200 1900
114.85.98.23 - - [19/Apr/2023:09:32:12 +0800] "GET /xingrg/javascript/jquery_easy_ui/jquery.easyui.min.js HTTP/1.1" 200 213662
114.85.98.23 - - [19/Apr/2023:09:32:12 +0800] "GET /xingrg/javascript/jquery.utils.js HTTP/1.1" 200 11805
114.85.98.23 - - [19/Apr/2023:09:32:12 +0800] "GET /xingrg/javascript/jquery.timers.js HTTP/1.1" 200 3532
114.85.98.23 - - [19/Apr/2023:09:32:13 +0800] "GET /favicon.ico HTTP/1.1" 404 -
114.85.98.23 - - [19/Apr/2023:09:32:13 +0800] "GET /xingrg/images/blue/navBackgound.jpg HTTP/1.1" 200 12378
114.85.98.23 - - [19/Apr/2023:09:32:13 +0800] "GET /xingrg/javascript/jquery_easy_ui/themes/icons/settle_new.png HTTP/1.1" 200 826
114.85.98.23 - - [19/Apr/2023:09:32:13 +0800] "GET /xingrg/all/function/internal_message.html?_=1681867933217&CODE_STATE=count HTTP/1.1" 200 11
114.85.98.23 - - [19/Apr/2023:09:32:13 +0800] "GET /xingrg/check_reg.html?_=1681867933218 HTTP/1.1" 200 22
114.85.98.23 - - [19/Apr/2023:09:32:13 +0800] "GET /xingrg/images/blue/pingpu.png HTTP/1.1" 200 231
114.85.98.23 - - [19/Apr/2023:09:32:13 +0800] "GET /xingrg/javascript/jquery_easy_ui/themes/default/images/tabs_leftarrow.png HTTP/1.1" 200 389
114.85.98.23 - - [19/Apr/2023:09:32:13 +0800] "GET /xingrg/javascript/jquery_easy_ui/themes/default/images/tabs_rightarrow.png HTTP/1.1" 200 395
114.85.98.23 - - [19/Apr/2023:09:32:13 +0800] "GET /xingrg/javascript/jquery_easy_ui/themes/default/images/panel_tool_collapse.gif HTTP/1.1" 200 246
114.85.98.23 - - [19/Apr/2023:09:32:13 +0800] "POST /xingrg/all/common/load_tree.html?tree=area_rest_tree_json&manage=1 HTTP/1.1" 200 342
114.85.98.23 - - [19/Apr/2023:09:32:13 +0800] "POST /xingrg/load_menu.html HTTP/1.1" 200 5138
114.85.98.23 - - [19/Apr/2023:09:32:13 +0800] "GET /xingrg/javascript/jquery_easy_ui/themes/default/images/tree_arrows.gif HTTP/1.1" 200 1043
114.85.98.23 - - [19/Apr/2023:09:32:13 +0800] "GET /xingrg/javascript/jquery_easy_ui/themes/default/images/tree_folder_open.gif HTTP/1.1" 200 956
114.85.98.23 - - [19/Apr/2023:09:32:13 +0800] "GET /xingrg/javascript/jquery_easy_ui/themes/icons/search_new.png HTTP/1.1" 200 586
114.85.98.23 - - [19/Apr/2023:09:32:13 +0800] "GET /xingrg/javascript/jquery_easy_ui/themes/default/images/tree_folder.gif HTTP/1.1" 200 952
114.85.98.23 - - [19/Apr/2023:09:32:13 +0800] "GET /xingrg/javascript/jquery_easy_ui/themes/icons/storage_new.png HTTP/1.1" 200 853
114.85.98.23 - - [19/Apr/2023:09:32:13 +0800] "GET /xingrg/javascript/jquery_easy_ui/themes/icons/forms_new.png HTTP/1.1" 200 350
114.85.98.23 - - [19/Apr/2023:09:32:13 +0800] "GET /xingrg/javascript/jquery_easy_ui/themes/default/images/tree_file.gif HTTP/1.1" 200 118
116.224.158.100 - - [19/Apr/2023:09:32:15 +0800] "GET /xingrg/all/function/internal_message.html?_=1681867937873&CODE_STATE=getMsg HTTP/1.1" 200 27
101.229.22.234 - - [19/Apr/2023:09:32:15 +0800] "GET /xingrg/all/function/internal_message.html?_=1681867935636&CODE_STATE=getMsg HTTP/1.1" 200 27
116.224.106.218 - - [19/Apr/2023:09:32:16 +0800] "GET /xingrg/all/function/internal_message.html?_=1681867935792&CODE_STATE=getMsg HTTP/1.1" 200 27
180.163.29.234 - - [19/Apr/2023:09:32:18 +0800] "GET /xingrg/all/function/internal_message.html?_=1681867876343&CODE_STATE=getMsg HTTP/1.1" 302 -
180.163.29.234 - - [19/Apr/2023:09:32:18 +0800] "GET /xingrg/login.html HTTP/1.1" 200 7641
124.78.155.63 - - [19/Apr/2023:09:32:18 +0800] "GET /xingrg/all/function/internal_message.html?_=1681867936330&CODE_STATE=getMsg HTTP/1.1" 200 27
114.84.144.20 - - [19/Apr/2023:09:32:19 +0800] "GET /xingrg/all/function/internal_message.html?_=1681867936749&CODE_STATE=getMsg HTTP/1.1" 200 27
114.83.221.171 - - [19/Apr/2023:09:32:19 +0800] "GET /xingrg/kc/buy/cgsh_order_operate.html?command=get_materiel&rest_code=00149&code=00101006130&supplier_code=00100012&order_time=2023-04-19 HTTP/1.1" 200 427
180.169.147.146 - - [19/Apr/2023:09:32:21 +0800] "GET /xingrg/all/function/internal_message.html?_=1681867941696&CODE_STATE=getMsg HTTP/1.1" 200 27
116.238.139.35 - - [19/Apr/2023:09:32:26 +0800] "POST /xingrg/all/user/operate.html HTTP/1.1" 200 36
116.238.139.35 - - [19/Apr/2023:09:32:26 +0800] "GET /xingrg/index.html?sysBaseUrl=http%3A%2F%2F180.169.147.146%3A18081%2Fxingrg%2F&costTime=892×tamp=1681792932418 HTTP/1.1" 200 17179
116.238.139.35 - - [19/Apr/2023:09:32:26 +0800] "GET /xingrg/javascript/jquery_easy_ui/themes/default/easyui.css HTTP/1.1" 304 -
116.238.139.35 - - [19/Apr/2023:09:32:26 +0800] "GET /xingrg/javascript/jquery_easy_ui/themes/icon.css HTTP/1.1" 304 -
116.238.139.35 - - [19/Apr/2023:09:32:26 +0800] "GET /xingrg/css/form.css HTTP/1.1" 304 -
116.238.139.35 - - [19/Apr/2023:09:32:26 +0800] "GET /xingrg/javascript/jquery-1.4.2.min.js HTTP/1.1" 304 -
116.238.139.35 - - [19/Apr/2023:09:32:26 +0800] "GET /xingrg/javascript/jquery_easy_ui/jquery.easyui.min.js HTTP/1.1" 304 -
116.238.139.35 - - [19/Apr/2023:09:32:26 +0800] "GET /xingrg/javascript/jquery_easy_ui/easyui-lang-zh_CN.js HTTP/1.1" 304 -
116.238.139.35 - - [19/Apr/2023:09:32:26 +0800] "GET /xingrg/javascript/jquery.form.js HTTP/1.1" 304 -
116.238.139.35 - - [19/Apr/2023:09:32:26 +0800] "GET /xingrg/javascript/jquery.utils.js HTTP/1.1" 304 -
116.238.139.35 - - [19/Apr/2023:09:32:26 +0800] "GET /xingrg/javascript/jquery.timers.js HTTP/1.1" 304 -
116.238.139.35 - - [19/Apr/2023:09:32:26 +0800] "GET /xingrg/images/blue/jxLogo.png HTTP/1.1" 304 -
116.238.139.35 - - [19/Apr/2023:09:32:26 +0800] "GET /xingrg/javascript/jquery_easy_ui/themes/icons/settle_new.png HTTP/1.1" 304 -
116.238.139.35 - - [19/Apr/2023:09:32:26 +0800] "GET /xingrg/images/blue/navBackgound.jpg HTTP/1.1" 304 -
116.238.139.35 - - [19/Apr/2023:09:32:26 +0800] "GET /xingrg/all/function/internal_message.html?_=1681867946901&CODE_STATE=count HTTP/1.1" 200 11
116.238.139.35 - - [19/Apr/2023:09:32:26 +0800] "GET /xingrg/check_reg.html?_=1681867946903 HTTP/1.1" 200 22
116.238.139.35 - - [19/Apr/2023:09:32:26 +0800] "GET /xingrg/javascript/jquery_easy_ui/themes/default/images/panel_tool_collapse.gif HTTP/1.1" 304 -
116.238.139.35 - - [19/Apr/2023:09:32:26 +0800] "GET /xingrg/javascript/jquery_easy_ui/themes/default/images/tabs_rightarrow.png HTTP/1.1" 304 -
116.238.139.35 - - [19/Apr/2023:09:32:26 +0800] "GET /xingrg/javascript/jquery_easy_ui/themes/default/images/tabs_leftarrow.png HTTP/1.1" 304 -
116.238.139.35 - - [19/Apr/2023:09:32:26 +0800] "GET /xingrg/images/blue/pingpu.png HTTP/1.1" 304 -
116.238.139.35 - - [19/Apr/2023:09:32:26 +0800] "POST /xingrg/all/common/load_tree.html?tree=area_rest_tree_json&manage=1 HTTP/1.1" 200 476
116.238.139.35 - - [19/Apr/2023:09:32:27 +0800] "POST /xingrg/load_menu.html HTTP/1.1" 200 5138
114.83.221.171 - - [19/Apr/2023:09:32:29 +0800] "GET /xingrg/kc/buy/cgsh_order_operate.html?command=get_materiel&rest_code=00149&code=00101006112&supplier_code=00100012&order_time=2023-04-19 HTTP/1.1" 200 409
116.238.139.35 - - [19/Apr/2023:09:32:29 +0800] "GET /xingrg/kc/base/wldb_order_list.html HTTP/1.1" 200 19104
116.238.139.35 - - [19/Apr/2023:09:32:30 +0800] "POST /xingrg/kc/base/wldb_list_operate.html HTTP/1.1" 200 928
116.238.139.35 - - [19/Apr/2023:09:32:31 +0800] "GET /xingrg/kc/base/wldb_order_add.html HTTP/1.1" 200 30387
116.238.139.35 - - [19/Apr/2023:09:32:32 +0800] "POST /xingrg/kc/base/wldb_order_operate.html HTTP/1.1" 200 6806
116.238.139.35 - - [19/Apr/2023:09:32:32 +0800] "GET /xingrg/all/common/auto_word.html?type=base&rest_code=00150 HTTP/1.1" 200 1853
116.238.139.35 - - [19/Apr/2023:09:32:32 +0800] "GET /xingrg/all/common/auto_word.html?type=base&rest_code=00150 HTTP/1.1" 200 1853
116.238.139.35 - - [19/Apr/2023:09:32:32 +0800] "GET /xingrg/javascript/easyui/themes/default/validatebox.css HTTP/1.1" 404 1104
116.238.139.35 - - [19/Apr/2023:09:32:33 +0800] "GET /xingrg/javascript/auto/indicator.gif HTTP/1.1" 404 1066
114.83.221.171 - - [19/Apr/2023:09:32:40 +0800] "POST /xingrg/kc/buy/cgsh_order_operate.html HTTP/1.1" 200 37
116.238.139.35 - - [19/Apr/2023:09:32:41 +0800] "GET /xingrg/kc/base/wldb_order_operate.html?command=get_materiel&rest_code=00150&base_code=0010448&code=00101036002 HTTP/1.1" 200 440
58.221.95.50 - - [19/Apr/2023:09:32:46 +0800] "GET /xingrg/all/function/internal_message.html?_=1681867967302&CODE_STATE=getMsg HTTP/1.1" 200 27
114.83.221.171 - - [19/Apr/2023:09:32:47 +0800] "POST /xingrg/kc/buy/cgsh_order_operate.html HTTP/1.1" 200 12
116.238.139.35 - - [19/Apr/2023:09:32:47 +0800] "POST /xingrg/kc/base/wldb_order_operate.html HTTP/1.1" 200 37
114.83.221.171 - - [19/Apr/2023:09:32:49 +0800] "GET /xingrg/kc/buy/cgsh_order_info.html?code=212023041906383 HTTP/1.1" 200 65723
114.83.221.171 - - [19/Apr/2023:09:32:49 +0800] "GET /xingrg/javascript/easyui/themes/default/validatebox.css HTTP/1.1" 404 1104
116.227.208.255 - - [19/Apr/2023:09:32:50 +0800] "GET /xingrg/all/function/internal_message.html?_=1681867970222&CODE_STATE=getMsg HTTP/1.1" 200 27
114.83.221.171 - - [19/Apr/2023:09:32:50 +0800] "POST /xingrg/kc/buy/cgsh_order_operate.html HTTP/1.1" 200 1802
114.83.221.171 - - [19/Apr/2023:09:32:52 +0800] "GET /xingrg/kc/print/load_data.html?order_code=212023041906383&kc_code=cgsh&condition= HTTP/1.1" 200 1260
222.70.244.216 - - [19/Apr/2023:09:32:53 +0800] "GET /xingrg/all/function/internal_message.html?_=1681867982803&CODE_STATE=getMsg HTTP/1.1" 200 27
116.238.139.35 - - [19/Apr/2023:09:32:54 +0800] "POST /xingrg/kc/base/wldb_order_operate.html HTTP/1.1" 200 12
116.238.139.35 - - [19/Apr/2023:09:32:54 +0800] "POST /xingrg/kc/base/wldb_order_operate.html HTTP/1.1" 200 2193
116.238.139.35 - - [19/Apr/2023:09:32:56 +0800] "GET /xingrg/kc/base/wldb_order_info.html?code=422023041901489 HTTP/1.1" 200 26266
116.238.139.35 - - [19/Apr/2023:09:32:56 +0800] "GET /xingrg/javascript/easyui/themes/default/validatebox.css HTTP/1.1" 404 1104
116.238.139.35 - - [19/Apr/2023:09:32:56 +0800] "POST /xingrg/kc/base/wldb_order_operate.html HTTP/1.1" 200 487
116.227.208.255 - - [19/Apr/2023:09:32:57 +0800] "GET /xingrg/all/function/internal_message.html?_=1681868053923&CODE_STATE=getMsg HTTP/1.1" 200 27
114.83.221.171 - - [19/Apr/2023:09:32:57 +0800] "GET /xingrg/kc/buy/cgsh_order_add.html HTTP/1.1" 200 70815
114.83.221.171 - - [19/Apr/2023:09:32:57 +0800] "POST /xingrg/kc/buy/cgsh_order_operate.html HTTP/1.1" 200 8245
114.83.221.171 - - [19/Apr/2023:09:32:57 +0800] "GET /xingrg/javascript/easyui/themes/default/validatebox.css HTTP/1.1" 404 1104
116.238.139.35 - - [19/Apr/2023:09:32:58 +0800] "GET /xingrg/kc/base/wldb_order_add.html HTTP/1.1" 200 30387
116.238.139.35 - - [19/Apr/2023:09:32:59 +0800] "POST /xingrg/kc/base/wldb_order_operate.html HTTP/1.1" 200 6806
116.238.139.35 - - [19/Apr/2023:09:32:59 +0800] "GET /xingrg/javascript/easyui/themes/default/validatebox.css HTTP/1.1" 404 1104
114.83.221.171 - - [19/Apr/2023:09:33:04 +0800] "GET /xingrg/all/function/internal_message.html?_=1681867982853&CODE_STATE=getMsg HTTP/1.1" 200 27
116.224.158.100 - - [19/Apr/2023:09:33:04 +0800] "GET /xingrg/all/function/internal_message.html?_=1681867825930&CODE_STATE=getMsg HTTP/1.1" 200 27
114.83.221.171 - - [19/Apr/2023:09:33:05 +0800] "GET /xingrg/check_reg.html?_=1681867983249 HTTP/1.1" 200 22
120.253.135.82 - - [19/Apr/2023:09:33:08 +0800] "GET /xingrg/all/function/internal_message.html?_=1681868122002&CODE_STATE=getMsg HTTP/1.1" 200 27
116.238.139.35 - - [19/Apr/2023:09:33:11 +0800] "GET /xingrg/kc/base/wldb_order_operate.html?command=get_materiel&rest_code=00150&base_code=0010446&code=00102002433 HTTP/1.1" 200 457
114.85.98.23 - - [19/Apr/2023:09:33:13 +0800] "GET /xingrg/all/function/internal_message.html?_=1681867993241&CODE_STATE=getMsg HTTP/1.1" 200 27
116.224.158.100 - - [19/Apr/2023:09:33:15 +0800] "GET /xingrg/all/function/internal_message.html?_=1681867997877&CODE_STATE=getMsg HTTP/1.1" 200 27
101.229.22.234 - - [19/Apr/2023:09:33:15 +0800] "GET /xingrg/all/function/internal_message.html?_=1681867995635&CODE_STATE=getMsg HTTP/1.1" 200 27
116.224.106.218 - - [19/Apr/2023:09:33:16 +0800] "GET /xingrg/all/function/internal_message.html?_=1681867995792&CODE_STATE=getMsg HTTP/1.1" 200 27
124.78.155.63 - - [19/Apr/2023:09:33:18 +0800] "GET /xingrg/all/function/internal_message.html?_=1681867996301&CODE_STATE=getMsg HTTP/1.1" 200 27
180.163.30.76 - - [19/Apr/2023:09:33:18 +0800] "GET /xingrg/all/function/internal_message.html?_=1681867936330&CODE_STATE=getMsg HTTP/1.1" 302 -
180.163.30.76 - - [19/Apr/2023:09:33:18 +0800] "GET /xingrg/login.html HTTP/1.1" 200 7641
114.84.144.20 - - [19/Apr/2023:09:33:19 +0800] "GET /xingrg/all/function/internal_message.html?_=1681867996743&CODE_STATE=getMsg HTTP/1.1" 200 27
180.169.147.146 - - [19/Apr/2023:09:33:21 +0800] "GET /xingrg/all/function/internal_message.html?_=1681868001680&CODE_STATE=getMsg HTTP/1.1" 200 27
116.238.139.35 - - [19/Apr/2023:09:33:26 +0800] "GET /xingrg/all/function/internal_message.html?_=1681868006918&CODE_STATE=getMsg HTTP/1.1" 200 27
116.238.139.35 - - [19/Apr/2023:09:33:28 +0800] "GET /xingrg/kc/base/wldb_order_operate.html?command=get_materiel&rest_code=00150&base_code=0010446&code=00102012040 HTTP/1.1" 200 452
114.85.98.23 - - [19/Apr/2023:09:33:32 +0800] "GET /xingrg/javascript/jquery_easy_ui/themes/default/images/tabs_close.gif HTTP/1.1" 200 829
114.85.98.23 - - [19/Apr/2023:09:33:32 +0800] "GET /xingrg/kc/buy/cgsh_order_list.html HTTP/1.1" 200 54945
114.85.98.23 - - [19/Apr/2023:09:33:32 +0800] "GET /xingrg/css/base.css HTTP/1.1" 200 2811
114.85.98.23 - - [19/Apr/2023:09:33:32 +0800] "GET /xingrg/css/site.css HTTP/1.1" 200 7541
114.85.98.23 - - [19/Apr/2023:09:33:32 +0800] "GET /xingrg/javascript/jquery_tools/fix.css HTTP/1.1" 200 1702
114.85.98.23 - - [19/Apr/2023:09:33:32 +0800] "GET /xingrg/javascript/jquery_tools/table.css HTTP/1.1" 200 1032
114.85.98.23 - - [19/Apr/2023:09:33:32 +0800] "GET /xingrg/javascript/easyui/themes/icon.css HTTP/1.1" 200 4483
114.85.98.23 - - [19/Apr/2023:09:33:32 +0800] "GET /xingrg/javascript/auto/jquery.autocomplete.css HTTP/1.1" 200 587
114.85.98.23 - - [19/Apr/2023:09:33:32 +0800] "GET /xingrg/javascript/easyui/themes/default/easyui.css HTTP/1.1" 200 30432
114.85.98.23 - - [19/Apr/2023:09:33:32 +0800] "GET /xingrg/javascript/jquery_tools/datebox.css HTTP/1.1" 200 2597
114.85.98.23 - - [19/Apr/2023:09:33:32 +0800] "GET /xingrg/javascript/jquery_tools/jquery.tools.min.js HTTP/1.1" 200 138801
114.85.98.23 - - [19/Apr/2023:09:33:32 +0800] "GET /xingrg/javascript/jquery_tools/jquery.tools.hotkey.js HTTP/1.1" 200 3242
114.85.98.23 - - [19/Apr/2023:09:33:32 +0800] "GET /xingrg/javascript/jquery_tools/jquery.tools.extend.js HTTP/1.1" 200 15385
114.85.98.23 - - [19/Apr/2023:09:33:32 +0800] "GET /xingrg/javascript/jquery_tools/jquery.tools.table.js HTTP/1.1" 200 6994
114.85.98.23 - - [19/Apr/2023:09:33:32 +0800] "GET /xingrg/javascript/jquery_tools/list_manager.js HTTP/1.1" 200 3652
114.85.98.23 - - [19/Apr/2023:09:33:32 +0800] "GET /xingrg/javascript/auto/jquery.autocomplete.js HTTP/1.1" 200 21624
114.85.98.23 - - [19/Apr/2023:09:33:32 +0800] "GET /xingrg/javascript/jquery.cookie.js HTTP/1.1" 200 5513
114.85.98.23 - - [19/Apr/2023:09:33:32 +0800] "GET /xingrg/javascript/easyui/easyloader.js HTTP/1.1" 200 5975
114.85.98.23 - - [19/Apr/2023:09:33:32 +0800] "GET /xingrg/javascript/print/LodopFuncs.js HTTP/1.1" 200 5121
114.85.98.23 - - [19/Apr/2023:09:33:33 +0800] "GET /xingrg/javascript/easyui/themes/icons/edit_add_new.png HTTP/1.1" 200 2997
114.85.98.23 - - [19/Apr/2023:09:33:33 +0800] "GET /xingrg/javascript/easyui/themes/icons/cance_new.png HTTP/1.1" 200 3986
114.85.98.23 - - [19/Apr/2023:09:33:33 +0800] "GET /xingrg/javascript/easyui/themes/icons/field_new.png HTTP/1.1" 200 1097
114.85.98.23 - - [19/Apr/2023:09:33:33 +0800] "GET /xingrg/javascript/easyui/themes/icons/check_new.png HTTP/1.1" 200 3224
114.85.98.23 - - [19/Apr/2023:09:33:33 +0800] "GET /xingrg/javascript/easyui/themes/icons/import_new.png HTTP/1.1" 200 1247
114.85.98.23 - - [19/Apr/2023:09:33:33 +0800] "GET /xingrg/javascript/easyui/plugins/jquery.parser.js HTTP/1.1" 200 1142
114.85.98.23 - - [19/Apr/2023:09:33:33 +0800] "GET /xingrg/images/control/ajaxLoader.gif HTTP/1.1" 200 4659
114.85.98.23 - - [19/Apr/2023:09:33:35 +0800] "POST /xingrg/kc/buy/cgsh_list_operate.html HTTP/1.1" 200 986
116.238.139.35 - - [19/Apr/2023:09:33:37 +0800] "POST /xingrg/kc/base/wldb_order_operate.html HTTP/1.1" 200 37
114.85.98.23 - - [19/Apr/2023:09:33:38 +0800] "GET /xingrg/javascript/easyui/themes/default/images/button_plain_hover.png HTTP/1.1" 200 144
114.85.98.23 - - [19/Apr/2023:09:33:40 +0800] "GET /xingrg/kc/buy/cgsh_order_add.html HTTP/1.1" 200 70762
114.85.98.23 - - [19/Apr/2023:09:33:40 +0800] "GET /xingrg/javascript/pic_change.js HTTP/1.1" 200 4739
114.85.98.23 - - [19/Apr/2023:09:33:40 +0800] "GET /xingrg/javascript/jquery_tools/order_manager.js HTTP/1.1" 200 11183
114.85.98.23 - - [19/Apr/2023:09:33:40 +0800] "GET /xingrg/javascript/convert.js HTTP/1.1" 200 1239
114.85.98.23 - - [19/Apr/2023:09:33:40 +0800] "GET /xingrg/javascript/json2.js HTTP/1.1" 200 11259
114.85.98.23 - - [19/Apr/2023:09:33:40 +0800] "GET /xingrg/javascript/print/kc_print.js HTTP/1.1" 200 11415
114.85.98.23 - - [19/Apr/2023:09:33:40 +0800] "GET /xingrg/words/20230416123004_words.js HTTP/1.1" 200 960840
114.85.98.23 - - [19/Apr/2023:09:33:40 +0800] "GET /xingrg/javascript/easyui/themes/icons/copy_new.png HTTP/1.1" 200 815
114.85.98.23 - - [19/Apr/2023:09:33:40 +0800] "GET /xingrg/javascript/easyui/themes/icons/template_new.png HTTP/1.1" 200 3956
114.85.98.23 - - [19/Apr/2023:09:33:40 +0800] "GET /xingrg/javascript/easyui/themes/icons/ok.png HTTP/1.1" 200 883
114.85.98.23 - - [19/Apr/2023:09:33:40 +0800] "GET /xingrg/javascript/easyui/themes/icons/print.png HTTP/1.1" 200 1057
114.85.98.23 - - [19/Apr/2023:09:33:40 +0800] "GET /xingrg/javascript/easyui/themes/default/images/menu_downarrow.png HTTP/1.1" 200 173
114.85.98.23 - - [19/Apr/2023:09:33:40 +0800] "GET /xingrg/javascript/easyui/themes/icons/cancel.png HTTP/1.1" 200 1133
114.85.98.23 - - [19/Apr/2023:09:33:40 +0800] "POST /xingrg/kc/buy/cgsh_order_operate.html HTTP/1.1" 200 8245
114.85.98.23 - - [19/Apr/2023:09:33:40 +0800] "GET /xingrg/javascript/easyui/themes/default/validatebox.css HTTP/1.1" 404 1104
114.85.98.23 - - [19/Apr/2023:09:33:40 +0800] "GET /xingrg/javascript/easyui/plugins/jquery.validatebox.js HTTP/1.1" 200 6103
114.85.98.23 - - [19/Apr/2023:09:33:40 +0800] "GET /xingrg/javascript/easyui/themes/icons/edit_remove.png HTTP/1.1" 200 625
114.85.98.23 - - [19/Apr/2023:09:33:40 +0800] "GET /xingrg/javascript/easyui/plugins/jquery.numberbox.js HTTP/1.1" 200 5213
114.85.98.23 - - [19/Apr/2023:09:33:40 +0800] "GET /xingrg/all/common/auto_word.html?type=employee&rest_code=00102 HTTP/1.1" 200 189
114.85.98.23 - - [19/Apr/2023:09:33:40 +0800] "GET /xingrg/all/common/auto_word.html?type=employee&rest_code=00102 HTTP/1.1" 200 189
116.238.139.35 - - [19/Apr/2023:09:33:43 +0800] "POST /xingrg/kc/base/wldb_order_operate.html HTTP/1.1" 200 12
116.238.139.35 - - [19/Apr/2023:09:33:43 +0800] "POST /xingrg/kc/base/wldb_order_operate.html HTTP/1.1" 200 2692
58.221.95.50 - - [19/Apr/2023:09:33:46 +0800] "GET /xingrg/all/function/internal_message.html?_=1681868027281&CODE_STATE=getMsg HTTP/1.1" 200 27
116.227.208.255 - - [19/Apr/2023:09:33:50 +0800] "GET /xingrg/all/function/internal_message.html?_=1681868030221&CODE_STATE=getMsg HTTP/1.1" 200 27
222.70.244.216 - - [19/Apr/2023:09:33:53 +0800] "GET /xingrg/all/function/internal_message.html?_=1681868043399&CODE_STATE=getMsg HTTP/1.1" 200 27
116.227.208.255 - - [19/Apr/2023:09:33:56 +0800] "GET /xingrg/all/function/internal_message.html?_=1681868113911&CODE_STATE=getMsg HTTP/1.1" 200 27
58.221.95.50 - - [19/Apr/2023:09:34:02 +0800] "GET /xingrg/check_reg.html?_=1681868044055 HTTP/1.1" 200 22
116.238.139.35 - - [19/Apr/2023:09:34:04 +0800] "GET /xingrg/kc/base/wldb_order_info.html?code=422023041901490 HTTP/1.1" 200 26266
114.83.221.171 - - [19/Apr/2023:09:34:04 +0800] "GET /xingrg/all/function/internal_message.html?_=1681868042839&CODE_STATE=getMsg HTTP/1.1" 200 27
116.224.158.100 - - [19/Apr/2023:09:34:04 +0800] "GET /xingrg/all/function/internal_message.html?_=1681867885928&CODE_STATE=getMsg HTTP/1.1" 200 27
116.238.139.35 - - [19/Apr/2023:09:34:04 +0800] "GET /xingrg/javascript/easyui/themes/default/validatebox.css HTTP/1.1" 404 1104
116.238.139.35 - - [19/Apr/2023:09:34:05 +0800] "POST /xingrg/kc/base/wldb_order_operate.html HTTP/1.1" 200 974
120.253.135.82 - - [19/Apr/2023:09:34:08 +0800] "GET /xingrg/all/function/internal_message.html?_=1681868182014&CODE_STATE=getMsg HTTP/1.1" 200 27
114.85.98.23 - - [19/Apr/2023:09:34:13 +0800] "GET /xingrg/all/function/internal_message.html?_=1681868053236&CODE_STATE=getMsg HTTP/1.1" 200 27
116.224.158.100 - - [19/Apr/2023:09:34:15 +0800] "GET /xingrg/all/function/internal_message.html?_=1681868057865&CODE_STATE=getMsg HTTP/1.1" 200 27
101.229.22.234 - - [19/Apr/2023:09:34:15 +0800] "GET /xingrg/all/function/internal_message.html?_=1681868055633&CODE_STATE=getMsg HTTP/1.1" 200 27
101.229.22.234 - - [19/Apr/2023:09:34:15 +0800] "GET /xingrg/check_reg.html?_=1681868055634 HTTP/1.1" 200 22
116.224.106.218 - - [19/Apr/2023:09:34:16 +0800] "GET /xingrg/all/function/internal_message.html?_=1681868055792&CODE_STATE=getMsg HTTP/1.1" 200 27
116.224.106.218 - - [19/Apr/2023:09:34:16 +0800] "GET /xingrg/check_reg.html?_=1681868055795 HTTP/1.1" 200 22
124.78.155.63 - - [19/Apr/2023:09:34:18 +0800] "GET /xingrg/all/function/internal_message.html?_=1681868056276&CODE_STATE=getMsg HTTP/1.1" 200 27
124.78.155.63 - - [19/Apr/2023:09:34:19 +0800] "GET /xingrg/check_reg.html?_=1681868057295 HTTP/1.1" 200 22
114.84.144.20 - - [19/Apr/2023:09:34:19 +0800] "GET /xingrg/all/function/internal_message.html?_=1681868056759&CODE_STATE=getMsg HTTP/1.1" 200 27
114.84.144.20 - - [19/Apr/2023:09:34:19 +0800] "GET /xingrg/check_reg.html?_=1681868056762 HTTP/1.1" 200 22
180.163.29.217 - - [19/Apr/2023:09:34:21 +0800] "GET /xingrg/all/function/internal_message.html?_=1681867996301&CODE_STATE=getMsg HTTP/1.1" 302 -
180.163.29.217 - - [19/Apr/2023:09:34:21 +0800] "GET /xingrg/login.html HTTP/1.1" 200 7641
180.169.147.146 - - [19/Apr/2023:09:34:21 +0800] "GET /xingrg/all/function/internal_message.html?_=1681868061686&CODE_STATE=getMsg HTTP/1.1" 200 27
114.85.98.23 - - [19/Apr/2023:09:34:25 +0800] "POST /xingrg/services/DataTransmitService HTTP/1.1" 200 524
116.238.139.35 - - [19/Apr/2023:09:34:26 +0800] "GET /xingrg/all/function/internal_message.html?_=1681868066920&CODE_STATE=getMsg HTTP/1.1" 200 27
114.85.98.23 - - [19/Apr/2023:09:34:42 +0800] "GET /xingrg/javascript/auto/indicator.gif HTTP/1.1" 404 1066
58.221.95.50 - - [19/Apr/2023:09:34:46 +0800] "GET /xingrg/all/function/internal_message.html?_=1681868087277&CODE_STATE=getMsg HTTP/1.1" 200 27
116.227.208.255 - - [19/Apr/2023:09:34:50 +0800] "GET /xingrg/check_reg.html?_=1681868090209 HTTP/1.1" 200 22
116.227.208.255 - - [19/Apr/2023:09:34:50 +0800] "GET /xingrg/all/function/internal_message.html?_=1681868090210&CODE_STATE=getMsg HTTP/1.1" 200 27
114.85.98.23 - - [19/Apr/2023:09:34:52 +0800] "GET /xingrg/kc/buy/cgsh_order_operate.html?command=get_materiel&rest_code=00102&code=00101006111&supplier_code=00100096&order_time=2023-04-19 HTTP/1.1" 200 411
222.70.244.216 - - [19/Apr/2023:09:34:53 +0800] "GET /xingrg/all/function/internal_message.html?_=1681868103406&CODE_STATE=getMsg HTTP/1.1" 200 27
116.227.208.255 - - [19/Apr/2023:09:34:57 +0800] "GET /xingrg/check_reg.html?_=1681868173916 HTTP/1.1" 200 22
116.227.208.255 - - [19/Apr/2023:09:34:57 +0800] "GET /xingrg/all/function/internal_message.html?_=1681868173922&CODE_STATE=getMsg HTTP/1.1" 200 27
114.85.98.23 - - [19/Apr/2023:09:35:04 +0800] "GET /xingrg/kc/buy/cgsh_order_operate.html?command=get_materiel&rest_code=00102&code=00101006112&supplier_code=00100096&order_time=2023-04-19 HTTP/1.1" 200 411
116.224.158.100 - - [19/Apr/2023:09:35:04 +0800] "GET /xingrg/all/function/internal_message.html?_=1681867945927&CODE_STATE=getMsg HTTP/1.1" 200 27
120.253.135.82 - - [19/Apr/2023:09:35:08 +0800] "GET /xingrg/all/function/internal_message.html?_=1681868242012&CODE_STATE=getMsg HTTP/1.1" 200 27
114.85.98.23 - - [19/Apr/2023:09:35:13 +0800] "GET /xingrg/all/function/internal_message.html?_=1681868113230&CODE_STATE=getMsg HTTP/1.1" 200 27
116.224.158.100 - - [19/Apr/2023:09:35:15 +0800] "GET /xingrg/all/function/internal_message.html?_=1681868117865&CODE_STATE=getMsg HTTP/1.1" 200 27
116.224.158.100 - - [19/Apr/2023:09:35:15 +0800] "GET /xingrg/check_reg.html?_=1681868117866 HTTP/1.1" 200 22
101.229.22.234 - - [19/Apr/2023:09:35:15 +0800] "GET /xingrg/all/function/internal_message.html?_=1681868115632&CODE_STATE=getMsg HTTP/1.1" 200 27
114.85.98.23 - - [19/Apr/2023:09:35:16 +0800] "GET /xingrg/kc/buy/cgsh_order_operate.html?command=get_materiel&rest_code=00102&code=00101016104&supplier_code=00100096&order_time=2023-04-19 HTTP/1.1" 200 410
116.224.106.218 - - [19/Apr/2023:09:35:16 +0800] "GET /xingrg/all/function/internal_message.html?_=1681868115797&CODE_STATE=getMsg HTTP/1.1" 200 27
124.78.155.63 - - [19/Apr/2023:09:35:18 +0800] "GET /xingrg/all/function/internal_message.html?_=1681868116251&CODE_STATE=getMsg HTTP/1.1" 200 27
114.84.144.20 - - [19/Apr/2023:09:35:19 +0800] "GET /xingrg/all/function/internal_message.html?_=1681868116763&CODE_STATE=getMsg HTTP/1.1" 200 27
180.171.131.29 - - [19/Apr/2023:09:35:20 +0800] "POST /xingrg/services/DataTransmitService HTTP/1.1" 200 524
180.163.29.79 - - [19/Apr/2023:09:35:21 +0800] "GET /xingrg/all/function/internal_message.html?_=1681868056276&CODE_STATE=getMsg HTTP/1.1" 302 -
180.163.29.79 - - [19/Apr/2023:09:35:21 +0800] "GET /xingrg/login.html HTTP/1.1" 200 7641
180.169.147.146 - - [19/Apr/2023:09:35:21 +0800] "GET /xingrg/all/function/internal_message.html?_=1681868121665&CODE_STATE=getMsg HTTP/1.1" 200 27
116.238.139.35 - - [19/Apr/2023:09:35:27 +0800] "GET /xingrg/all/function/internal_message.html?_=1681868127011&CODE_STATE=getMsg HTTP/1.1" 200 27
114.85.98.23 - - [19/Apr/2023:09:35:32 +0800] "GET /xingrg/kc/buy/cgsh_order_operate.html?command=get_materiel&rest_code=00102&code=00101007061&supplier_code=00100096&order_time=2023-04-19 HTTP/1.1" 200 411
58.221.95.50 - - [19/Apr/2023:09:35:46 +0800] "GET /xingrg/all/function/internal_message.html?_=1681868147257&CODE_STATE=getMsg HTTP/1.1" 200 27
114.85.98.23 - - [19/Apr/2023:09:35:47 +0800] "GET /xingrg/kc/buy/cgsh_order_operate.html?command=get_materiel&rest_code=00102&code=00101007049&supplier_code=00100096&order_time=2023-04-19 HTTP/1.1" 200 410
