124.78.155.63 - - [19/Apr/2023:11:00:16 +0800] "GET /xingrg/all/function/internal_message.html?_=1681873214630&CODE_STATE=getMsg HTTP/1.1" 200 27
180.157.253.110 - - [19/Apr/2023:11:00:16 +0800] "GET /xingrg/check_reg.html?_=1681873220147 HTTP/1.1" 200 22
180.157.253.110 - - [19/Apr/2023:11:00:16 +0800] "GET /xingrg/all/function/internal_message.html?_=1681873220148&CODE_STATE=getMsg HTTP/1.1" 200 27
116.224.106.218 - - [19/Apr/2023:11:00:17 +0800] "GET /xingrg/all/function/internal_message.html?_=1681873215907&CODE_STATE=getMsg HTTP/1.1" 200 27
222.70.244.216 - - [19/Apr/2023:11:00:17 +0800] "GET /xingrg/kc/buy/cgsh_order_list.html HTTP/1.1" 200 54951
222.70.244.216 - - [19/Apr/2023:11:00:17 +0800] "GET /xingrg/css/base.css HTTP/1.1" 304 -
222.70.244.216 - - [19/Apr/2023:11:00:17 +0800] "GET /xingrg/css/site.css HTTP/1.1" 304 -
222.70.244.216 - - [19/Apr/2023:11:00:17 +0800] "GET /xingrg/javascript/jquery_tools/datebox.css HTTP/1.1" 304 -
222.70.244.216 - - [19/Apr/2023:11:00:17 +0800] "GET /xingrg/javascript/easyui/themes/default/easyui.css HTTP/1.1" 304 -
222.70.244.216 - - [19/Apr/2023:11:00:17 +0800] "GET /xingrg/javascript/easyui/themes/icon.css HTTP/1.1" 304 -
222.70.244.216 - - [19/Apr/2023:11:00:17 +0800] "GET /xingrg/javascript/jquery_tools/table.css HTTP/1.1" 304 -
222.70.244.216 - - [19/Apr/2023:11:00:17 +0800] "GET /xingrg/javascript/jquery_tools/jquery.tools.hotkey.js HTTP/1.1" 304 -
222.70.244.216 - - [19/Apr/2023:11:00:17 +0800] "GET /xingrg/javascript/jquery_tools/jquery.tools.table.js HTTP/1.1" 304 -
222.70.244.216 - - [19/Apr/2023:11:00:17 +0800] "GET /xingrg/javascript/jquery_tools/fix.css HTTP/1.1" 304 -
222.70.244.216 - - [19/Apr/2023:11:00:17 +0800] "GET /xingrg/javascript/auto/jquery.autocomplete.css HTTP/1.1" 304 -
222.70.244.216 - - [19/Apr/2023:11:00:17 +0800] "GET /xingrg/javascript/jquery_tools/jquery.tools.min.js HTTP/1.1" 304 -
222.70.244.216 - - [19/Apr/2023:11:00:17 +0800] "GET /xingrg/javascript/jquery_tools/jquery.tools.extend.js HTTP/1.1" 304 -
222.70.244.216 - - [19/Apr/2023:11:00:17 +0800] "GET /xingrg/javascript/auto/jquery.autocomplete.js HTTP/1.1" 304 -
222.70.244.216 - - [19/Apr/2023:11:00:17 +0800] "GET /xingrg/javascript/jquery_tools/list_manager.js HTTP/1.1" 304 -
222.70.244.216 - - [19/Apr/2023:11:00:17 +0800] "GET /xingrg/javascript/jquery.cookie.js HTTP/1.1" 304 -
222.70.244.216 - - [19/Apr/2023:11:00:17 +0800] "GET /xingrg/javascript/easyui/easyloader.js HTTP/1.1" 304 -
222.70.244.216 - - [19/Apr/2023:11:00:17 +0800] "GET /xingrg/javascript/print/LodopFuncs.js HTTP/1.1" 304 -
222.70.244.216 - - [19/Apr/2023:11:00:18 +0800] "GET /xingrg/javascript/easyui/plugins/jquery.parser.js HTTP/1.1" 304 -
180.163.28.109 - - [19/Apr/2023:11:00:18 +0800] "GET /xingrg/check_reg.html?_=1681873157119 HTTP/1.1" 302 -
180.163.28.109 - - [19/Apr/2023:11:00:18 +0800] "GET /xingrg/login.html HTTP/1.1" 200 7641
124.79.74.67 - - [19/Apr/2023:11:00:18 +0800] "GET /xingrg/all/function/internal_message.html?_=1681873219008&CODE_STATE=getMsg HTTP/1.1" 200 27
180.169.147.146 - - [19/Apr/2023:11:00:21 +0800] "GET /xingrg/all/function/internal_message.html?_=1681873221200&CODE_STATE=getMsg HTTP/1.1" 200 27
114.84.144.20 - - [19/Apr/2023:11:00:23 +0800] "GET /xingrg/kc/base/wldb_order_operate.html?command=get_materiel&rest_code=00141&base_code=0010377&code=00102002238 HTTP/1.1" 200 431
114.83.222.182 - - [19/Apr/2023:11:00:25 +0800] "GET /xingrg/all/function/internal_message.html?_=1681873314004&CODE_STATE=getMsg HTTP/1.1" 200 27
116.224.158.100 - - [19/Apr/2023:11:00:34 +0800] "POST /xingrg/login.do HTTP/1.1" 200 2421
116.224.158.100 - - [19/Apr/2023:11:00:34 +0800] "GET /favicon.ico HTTP/1.1" 404 -
116.224.158.100 - - [19/Apr/2023:11:00:35 +0800] "GET /xingrg/login.html HTTP/1.1" 200 7641
116.224.158.100 - - [19/Apr/2023:11:00:35 +0800] "GET /favicon.ico HTTP/1.1" 404 -
180.171.122.0 - - [19/Apr/2023:11:00:36 +0800] "GET /xingrg/all/function/internal_message.html?_=1681873233779&CODE_STATE=getMsg HTTP/1.1" 200 27
180.171.122.0 - - [19/Apr/2023:11:00:36 +0800] "GET /xingrg/check_reg.html?_=1681873233782 HTTP/1.1" 200 22
116.224.158.100 - - [19/Apr/2023:11:00:37 +0800] "POST /xingrg/login.do HTTP/1.1" 302 -
116.224.158.100 - - [19/Apr/2023:11:00:37 +0800] "GET /xingrg/index.html?sysBaseUrl=http%3A%2F%2F180.169.147.146%3A18081%2Fxingrg%2F&costTime=1351×tamp=1681873237008 HTTP/1.1" 200 17173
116.224.158.100 - - [19/Apr/2023:11:00:37 +0800] "GET /xingrg/check_reg.html?_=1681873239871 HTTP/1.1" 200 22
116.224.158.100 - - [19/Apr/2023:11:00:37 +0800] "GET /xingrg/all/function/internal_message.html?_=1681873239870&CODE_STATE=count HTTP/1.1" 200 11
116.224.158.100 - - [19/Apr/2023:11:00:37 +0800] "GET /favicon.ico HTTP/1.1" 404 -
116.224.158.100 - - [19/Apr/2023:11:00:37 +0800] "POST /xingrg/all/common/load_tree.html?tree=area_rest_tree_json&manage=1 HTTP/1.1" 200 3499
116.224.158.100 - - [19/Apr/2023:11:00:37 +0800] "POST /xingrg/load_menu.html HTTP/1.1" 200 5138
114.84.144.20 - - [19/Apr/2023:11:00:38 +0800] "GET /xingrg/kc/base/wldb_order_operate.html?command=get_materiel&rest_code=00141&base_code=0010377&code=00102002037 HTTP/1.1" 200 431
116.238.139.35 - - [19/Apr/2023:11:00:40 +0800] "GET /xingrg/all/function/internal_message.html?_=1681873240219&CODE_STATE=getMsg HTTP/1.1" 200 27
116.238.139.35 - - [19/Apr/2023:11:00:40 +0800] "GET /xingrg/check_reg.html?_=1681873240238 HTTP/1.1" 200 22
58.221.95.50 - - [19/Apr/2023:11:00:45 +0800] "GET /xingrg/all/function/internal_message.html?_=1681873246348&CODE_STATE=getMsg HTTP/1.1" 200 27
114.84.144.20 - - [19/Apr/2023:11:00:49 +0800] "GET /xingrg/kc/base/wldb_order_operate.html?command=get_materiel&rest_code=00141&base_code=0010377&code=00102002304 HTTP/1.1" 200 463
116.227.208.255 - - [19/Apr/2023:11:00:50 +0800] "GET /xingrg/all/function/internal_message.html?_=1681873250378&CODE_STATE=getMsg HTTP/1.1" 200 27
58.40.7.146 - - [19/Apr/2023:11:00:55 +0800] "GET /xingrg/check_reg.html?_=1681873255174 HTTP/1.1" 200 22
58.40.7.146 - - [19/Apr/2023:11:00:55 +0800] "GET /xingrg/all/function/internal_message.html?_=1681873255176&CODE_STATE=getMsg HTTP/1.1" 200 27
116.227.208.255 - - [19/Apr/2023:11:00:57 +0800] "GET /xingrg/all/function/internal_message.html?_=1681873333918&CODE_STATE=getMsg HTTP/1.1" 200 27
180.164.3.199 - - [19/Apr/2023:11:00:58 +0800] "GET /xingrg/all/function/internal_message.html?_=1681873257499&CODE_STATE=getMsg HTTP/1.1" 200 27
114.84.144.20 - - [19/Apr/2023:11:01:01 +0800] "POST /xingrg/kc/base/wldb_order_operate.html HTTP/1.1" 200 37
114.84.144.20 - - [19/Apr/2023:11:01:03 +0800] "POST /xingrg/kc/base/wldb_order_operate.html HTTP/1.1" 200 3145
116.224.158.100 - - [19/Apr/2023:11:01:04 +0800] "GET /xingrg/all/function/internal_message.html?_=1681873106076&CODE_STATE=getMsg HTTP/1.1" 200 27
116.224.158.100 - - [19/Apr/2023:11:01:04 +0800] "GET /xingrg/check_reg.html?_=1681873106077 HTTP/1.1" 200 22
120.253.135.82 - - [19/Apr/2023:11:01:09 +0800] "GET /xingrg/all/function/internal_message.html?_=1681873403064&CODE_STATE=getMsg HTTP/1.1" 200 27
180.169.147.146 - - [19/Apr/2023:11:01:10 +0800] "GET /xingrg/all/function/internal_message.html?_=1681873268771&CODE_STATE=getMsg HTTP/1.1" 200 27
222.70.244.216 - - [19/Apr/2023:11:01:12 +0800] "GET /xingrg/all/function/internal_message.html?_=1681873282421&CODE_STATE=getMsg HTTP/1.1" 200 27
114.85.98.23 - - [19/Apr/2023:11:01:13 +0800] "GET /xingrg/all/function/internal_message.html?_=1681873273232&CODE_STATE=getMsg HTTP/1.1" 200 27
180.169.147.146 - - [19/Apr/2023:11:01:14 +0800] "POST /xingrg/kc/buy/cgsh_list_operate.html HTTP/1.1" 200 4
101.229.22.234 - - [19/Apr/2023:11:01:15 +0800] "GET /xingrg/all/function/internal_message.html?_=1681873275749&CODE_STATE=getMsg HTTP/1.1" 200 27
124.78.155.63 - - [19/Apr/2023:11:01:16 +0800] "GET /xingrg/all/function/internal_message.html?_=1681873274608&CODE_STATE=getMsg HTTP/1.1" 200 27
180.157.253.110 - - [19/Apr/2023:11:01:16 +0800] "GET /xingrg/all/function/internal_message.html?_=1681873280146&CODE_STATE=getMsg HTTP/1.1" 200 27
222.70.244.216 - - [19/Apr/2023:11:01:16 +0800] "POST /xingrg/kc/buy/cgsh_list_operate.html HTTP/1.1" 200 2729
116.224.106.218 - - [19/Apr/2023:11:01:17 +0800] "GET /xingrg/all/function/internal_message.html?_=1681873275909&CODE_STATE=getMsg HTTP/1.1" 200 27
124.79.74.67 - - [19/Apr/2023:11:01:18 +0800] "GET /xingrg/all/function/internal_message.html?_=1681873279006&CODE_STATE=getMsg HTTP/1.1" 200 27
222.70.244.216 - - [19/Apr/2023:11:01:20 +0800] "POST /xingrg/kc/buy/cgsh_list_operate.html HTTP/1.1" 200 353
180.169.147.146 - - [19/Apr/2023:11:01:21 +0800] "GET /xingrg/check_reg.html?_=1681873281195 HTTP/1.1" 200 22
180.169.147.146 - - [19/Apr/2023:11:01:21 +0800] "GET /xingrg/all/function/internal_message.html?_=1681873281188&CODE_STATE=getMsg HTTP/1.1" 200 27
114.84.144.20 - - [19/Apr/2023:11:01:23 +0800] "GET /xingrg/kc/base/wldb_order_info.html?code=422023041901506 HTTP/1.1" 200 30401
222.70.244.216 - - [19/Apr/2023:11:01:23 +0800] "GET /xingrg/kc/buy/cgsh_order_info.html?code=212023041906415 HTTP/1.1" 200 70738
222.70.244.216 - - [19/Apr/2023:11:01:23 +0800] "GET /xingrg/javascript/pic_change.js HTTP/1.1" 304 -
222.70.244.216 - - [19/Apr/2023:11:01:23 +0800] "GET /xingrg/javascript/print/kc_print.js HTTP/1.1" 304 -
222.70.244.216 - - [19/Apr/2023:11:01:23 +0800] "GET /xingrg/javascript/convert.js HTTP/1.1" 304 -
222.70.244.216 - - [19/Apr/2023:11:01:23 +0800] "GET /xingrg/javascript/jquery_tools/order_manager.js HTTP/1.1" 304 -
222.70.244.216 - - [19/Apr/2023:11:01:23 +0800] "GET /xingrg/javascript/json2.js HTTP/1.1" 304 -
222.70.244.216 - - [19/Apr/2023:11:01:24 +0800] "GET /xingrg/words/20230416123004_words.js HTTP/1.1" 304 -
222.70.244.216 - - [19/Apr/2023:11:01:24 +0800] "GET /xingrg/javascript/easyui/themes/default/validatebox.css HTTP/1.1" 404 1104
222.70.244.216 - - [19/Apr/2023:11:01:24 +0800] "GET /xingrg/javascript/easyui/plugins/jquery.validatebox.js HTTP/1.1" 304 -
222.70.244.216 - - [19/Apr/2023:11:01:24 +0800] "GET /xingrg/javascript/easyui/plugins/jquery.numberbox.js HTTP/1.1" 304 -
114.84.144.20 - - [19/Apr/2023:11:01:24 +0800] "GET /xingrg/javascript/easyui/themes/default/validatebox.css HTTP/1.1" 404 1104
222.70.244.216 - - [19/Apr/2023:11:01:24 +0800] "GET /xingrg/all/common/auto_word.html?type=employee&rest_code=00146 HTTP/1.1" 200 101
222.70.244.216 - - [19/Apr/2023:11:01:24 +0800] "GET /xingrg/all/common/auto_word.html?type=employee&rest_code=00146 HTTP/1.1" 200 101
114.84.144.20 - - [19/Apr/2023:11:01:24 +0800] "POST /xingrg/kc/base/wldb_order_operate.html HTTP/1.1" 200 3145
114.83.222.182 - - [19/Apr/2023:11:01:25 +0800] "GET /xingrg/all/function/internal_message.html?_=1681873374004&CODE_STATE=getMsg HTTP/1.1" 200 27
222.70.244.216 - - [19/Apr/2023:11:01:26 +0800] "POST /xingrg/kc/buy/cgsh_order_operate.html HTTP/1.1" 200 3842
222.70.244.216 - - [19/Apr/2023:11:01:26 +0800] "GET /xingrg/javascript/easyui/themes/icons/edit_remove.png HTTP/1.1" 304 -
114.84.144.20 - - [19/Apr/2023:11:01:31 +0800] "GET /xingrg/kc/mdqp/qp_main.html HTTP/1.1" 200 10633
222.70.244.216 - - [19/Apr/2023:11:01:31 +0800] "GET /xingrg/javascript/auto/indicator.gif HTTP/1.1" 404 1066
180.171.122.0 - - [19/Apr/2023:11:01:35 +0800] "GET /xingrg/kc/buy/cgsh_order_operate.html?command=get_materiel&rest_code=00111&code=00101007090&supplier_code=00100004&order_time=2023-04-19 HTTP/1.1" 200 413
180.171.122.0 - - [19/Apr/2023:11:01:36 +0800] "GET /xingrg/all/function/internal_message.html?_=1681873293772&CODE_STATE=getMsg HTTP/1.1" 200 27
116.224.158.100 - - [19/Apr/2023:11:01:37 +0800] "GET /xingrg/all/function/internal_message.html?_=1681873299887&CODE_STATE=getMsg HTTP/1.1" 200 27
222.70.244.216 - - [19/Apr/2023:11:01:39 +0800] "GET /xingrg/kc/buy/cgsh_order_operate.html?command=get_materiel&rest_code=00146&code=00101016025&supplier_code=00100033&order_time=2023-04-19 HTTP/1.1" 200 408
116.238.139.35 - - [19/Apr/2023:11:01:40 +0800] "GET /xingrg/all/function/internal_message.html?_=1681873300224&CODE_STATE=getMsg HTTP/1.1" 200 27
58.221.95.50 - - [19/Apr/2023:11:01:45 +0800] "GET /xingrg/all/function/internal_message.html?_=1681873306320&CODE_STATE=getMsg HTTP/1.1" 200 27
114.83.221.171 - - [19/Apr/2023:11:01:50 +0800] "POST /xingrg/services/DataTransmitService HTTP/1.1" 200 524
116.227.208.255 - - [19/Apr/2023:11:01:50 +0800] "GET /xingrg/all/function/internal_message.html?_=1681873310368&CODE_STATE=getMsg HTTP/1.1" 200 27
114.83.221.171 - - [19/Apr/2023:11:01:51 +0800] "POST /xingrg/services/DataTransmitService HTTP/1.1" 200 2063
114.83.221.171 - - [19/Apr/2023:11:01:52 +0800] "POST /xingrg/services/DataTransmitService HTTP/1.1" 200 168424
58.40.7.146 - - [19/Apr/2023:11:01:55 +0800] "GET /xingrg/all/function/internal_message.html?_=1681873315179&CODE_STATE=getMsg HTTP/1.1" 200 27
116.227.208.255 - - [19/Apr/2023:11:01:57 +0800] "GET /xingrg/all/function/internal_message.html?_=1681873393937&CODE_STATE=getMsg HTTP/1.1" 200 27
222.70.244.216 - - [19/Apr/2023:11:01:57 +0800] "POST /xingrg/kc/buy/cgsh_order_operate.html HTTP/1.1" 200 37
180.171.122.0 - - [19/Apr/2023:11:01:57 +0800] "GET /xingrg/kc/buy/cgsh_order_operate.html?command=get_materiel&rest_code=00111&code=00101007061&supplier_code=00100004&order_time=2023-04-19 HTTP/1.1" 200 409
180.164.3.199 - - [19/Apr/2023:11:01:58 +0800] "GET /xingrg/all/function/internal_message.html?_=1681873317489&CODE_STATE=getMsg HTTP/1.1" 200 27
222.70.244.216 - - [19/Apr/2023:11:02:02 +0800] "POST /xingrg/kc/buy/cgsh_order_operate.html HTTP/1.1" 200 4428
116.224.158.100 - - [19/Apr/2023:11:02:04 +0800] "GET /xingrg/all/function/internal_message.html?_=1681873166076&CODE_STATE=getMsg HTTP/1.1" 200 27
222.70.244.216 - - [19/Apr/2023:11:02:06 +0800] "GET /xingrg/kc/print/load_config.html?kc_code=cgsh HTTP/1.1" 200 1925
222.70.244.216 - - [19/Apr/2023:11:02:07 +0800] "GET /xingrg/kc/print/load_data.html?order_code=212023041906415&kc_code=cgsh&condition= HTTP/1.1" 200 1384
120.253.135.82 - - [19/Apr/2023:11:02:09 +0800] "GET /xingrg/all/function/internal_message.html?_=1681873463068&CODE_STATE=getMsg HTTP/1.1" 200 27
114.84.144.20 - - [19/Apr/2023:11:02:09 +0800] "GET /xingrg/all/function/internal_message.html?_=1681873327139&CODE_STATE=getMsg HTTP/1.1" 200 27
180.169.147.146 - - [19/Apr/2023:11:02:10 +0800] "GET /xingrg/all/function/internal_message.html?_=1681873328770&CODE_STATE=getMsg HTTP/1.1" 200 27
180.171.122.0 - - [19/Apr/2023:11:02:12 +0800] "GET /xingrg/kc/buy/cgsh_order_operate.html?command=get_materiel&rest_code=00111&code=00101007128&supplier_code=00100004&order_time=2023-04-19 HTTP/1.1" 200 406
222.70.244.216 - - [19/Apr/2023:11:02:12 +0800] "GET /xingrg/all/function/internal_message.html?_=1681873342434&CODE_STATE=getMsg HTTP/1.1" 200 27
114.85.98.23 - - [19/Apr/2023:11:02:13 +0800] "GET /xingrg/all/function/internal_message.html?_=1681873333239&CODE_STATE=getMsg HTTP/1.1" 200 27
114.85.98.23 - - [19/Apr/2023:11:02:13 +0800] "GET /xingrg/check_reg.html?_=1681873333242 HTTP/1.1" 200 22
222.70.244.216 - - [19/Apr/2023:11:02:13 +0800] "GET /xingrg/kc/buy/cgsh_order_add.html HTTP/1.1" 200 70727
222.70.244.216 - - [19/Apr/2023:11:02:14 +0800] "POST /xingrg/kc/buy/cgsh_order_operate.html HTTP/1.1" 200 8245
222.70.244.216 - - [19/Apr/2023:11:02:14 +0800] "GET /xingrg/javascript/easyui/themes/default/validatebox.css HTTP/1.1" 404 1104
101.229.22.234 - - [19/Apr/2023:11:02:15 +0800] "GET /xingrg/all/function/internal_message.html?_=1681873335751&CODE_STATE=getMsg HTTP/1.1" 200 27
180.163.29.219 - - [19/Apr/2023:11:02:16 +0800] "GET /xingrg/all/function/internal_message.html?_=1681873274608&CODE_STATE=getMsg HTTP/1.1" 302 -
180.163.29.219 - - [19/Apr/2023:11:02:16 +0800] "GET /xingrg/login.html HTTP/1.1" 200 7641
124.78.155.63 - - [19/Apr/2023:11:02:16 +0800] "GET /xingrg/all/function/internal_message.html?_=1681873334585&CODE_STATE=getMsg HTTP/1.1" 200 27
180.157.253.110 - - [19/Apr/2023:11:02:16 +0800] "GET /xingrg/all/function/internal_message.html?_=1681873340171&CODE_STATE=getMsg HTTP/1.1" 200 27
116.224.106.218 - - [19/Apr/2023:11:02:17 +0800] "GET /xingrg/all/function/internal_message.html?_=1681873335903&CODE_STATE=getMsg HTTP/1.1" 200 27
124.79.74.67 - - [19/Apr/2023:11:02:18 +0800] "GET /xingrg/all/function/internal_message.html?_=1681873339005&CODE_STATE=getMsg HTTP/1.1" 200 27
222.70.244.216 - - [19/Apr/2023:11:02:19 +0800] "GET /xingrg/javascript/jquery_tools/images/prev.gif HTTP/1.1" 404 1086
222.70.244.216 - - [19/Apr/2023:11:02:19 +0800] "GET /xingrg/javascript/jquery_tools/images/next.gif HTTP/1.1" 404 1086
180.169.147.146 - - [19/Apr/2023:11:02:21 +0800] "GET /xingrg/all/function/internal_message.html?_=1681873341213&CODE_STATE=getMsg HTTP/1.1" 200 27
114.83.222.182 - - [19/Apr/2023:11:02:25 +0800] "GET /xingrg/check_reg.html?_=1681873434004 HTTP/1.1" 200 22
114.83.222.182 - - [19/Apr/2023:11:02:25 +0800] "GET /xingrg/all/function/internal_message.html?_=1681873434005&CODE_STATE=getMsg HTTP/1.1" 200 27
222.70.244.216 - - [19/Apr/2023:11:02:29 +0800] "GET /xingrg/kc/buy/cgsh_order_operate.html?command=get_materiel&rest_code=00146&code=00101007022&supplier_code=00100002&order_time=2023-04-19 HTTP/1.1" 200 415
180.171.131.29 - - [19/Apr/2023:11:02:32 +0800] "POST /xingrg/services/DataTransmitService HTTP/1.1" 200 524
180.169.147.146 - - [19/Apr/2023:11:02:32 +0800] "POST /xingrg/kc/buy/cgsh_list_operate.html HTTP/1.1" 200 6101
180.171.131.29 - - [19/Apr/2023:11:02:33 +0800] "POST /xingrg/services/DataTransmitService HTTP/1.1" 200 2155
180.171.131.29 - - [19/Apr/2023:11:02:35 +0800] "POST /xingrg/services/DataTransmitService HTTP/1.1" 200 200603
180.171.122.0 - - [19/Apr/2023:11:02:36 +0800] "GET /xingrg/all/function/internal_message.html?_=1681873353766&CODE_STATE=getMsg HTTP/1.1" 200 27
116.224.158.100 - - [19/Apr/2023:11:02:37 +0800] "GET /xingrg/all/function/internal_message.html?_=1681873359875&CODE_STATE=getMsg HTTP/1.1" 200 27
116.238.139.35 - - [19/Apr/2023:11:02:40 +0800] "GET /xingrg/all/function/internal_message.html?_=1681873360225&CODE_STATE=getMsg HTTP/1.1" 200 27
58.221.95.50 - - [19/Apr/2023:11:02:45 +0800] "GET /xingrg/all/function/internal_message.html?_=1681873366302&CODE_STATE=getMsg HTTP/1.1" 200 27
116.227.208.255 - - [19/Apr/2023:11:02:50 +0800] "GET /xingrg/all/function/internal_message.html?_=1681873370372&CODE_STATE=getMsg HTTP/1.1" 200 27
58.40.7.146 - - [19/Apr/2023:11:02:55 +0800] "GET /xingrg/all/function/internal_message.html?_=1681873375182&CODE_STATE=getMsg HTTP/1.1" 200 27
222.70.244.216 - - [19/Apr/2023:11:02:57 +0800] "GET /xingrg/kc/buy/cgsh_order_operate.html?command=get_materiel&rest_code=00146&code=00101007090&supplier_code=00100002&order_time=2023-04-19 HTTP/1.1" 200 413
116.227.208.255 - - [19/Apr/2023:11:02:57 +0800] "GET /xingrg/all/function/internal_message.html?_=1681873453909&CODE_STATE=getMsg HTTP/1.1" 200 27
180.164.3.199 - - [19/Apr/2023:11:02:58 +0800] "GET /xingrg/all/function/internal_message.html?_=1681873377502&CODE_STATE=getMsg HTTP/1.1" 200 27
116.224.158.100 - - [19/Apr/2023:11:03:04 +0800] "GET /xingrg/all/function/internal_message.html?_=1681873226078&CODE_STATE=getMsg HTTP/1.1" 200 27
120.253.135.82 - - [19/Apr/2023:11:03:09 +0800] "GET /xingrg/all/function/internal_message.html?_=1681873523074&CODE_STATE=getMsg HTTP/1.1" 200 27
114.84.144.20 - - [19/Apr/2023:11:03:09 +0800] "GET /xingrg/all/function/internal_message.html?_=1681873387117&CODE_STATE=getMsg HTTP/1.1" 200 27
114.84.144.20 - - [19/Apr/2023:11:03:09 +0800] "GET /xingrg/check_reg.html?_=1681873387303 HTTP/1.1" 200 22
180.169.147.146 - - [19/Apr/2023:11:03:10 +0800] "GET /xingrg/all/function/internal_message.html?_=1681873388769&CODE_STATE=getMsg HTTP/1.1" 200 27
180.169.147.146 - - [19/Apr/2023:11:03:10 +0800] "GET /xingrg/check_reg.html?_=1681873388770 HTTP/1.1" 200 22
222.70.244.216 - - [19/Apr/2023:11:03:12 +0800] "GET /xingrg/all/function/internal_message.html?_=1681873402449&CODE_STATE=getMsg HTTP/1.1" 200 27
114.85.98.23 - - [19/Apr/2023:11:03:13 +0800] "GET /xingrg/all/function/internal_message.html?_=1681873393239&CODE_STATE=getMsg HTTP/1.1" 200 27
101.229.22.234 - - [19/Apr/2023:11:03:15 +0800] "GET /xingrg/all/function/internal_message.html?_=1681873395753&CODE_STATE=getMsg HTTP/1.1" 200 27
180.163.29.206 - - [19/Apr/2023:11:03:16 +0800] "GET /xingrg/all/function/internal_message.html?_=1681873334585&CODE_STATE=getMsg HTTP/1.1" 302 -
180.163.29.206 - - [19/Apr/2023:11:03:16 +0800] "GET /xingrg/login.html HTTP/1.1" 200 7641
124.78.155.63 - - [19/Apr/2023:11:03:16 +0800] "GET /xingrg/all/function/internal_message.html?_=1681873394557&CODE_STATE=getMsg HTTP/1.1" 200 27
180.157.253.110 - - [19/Apr/2023:11:03:16 +0800] "GET /xingrg/all/function/internal_message.html?_=1681873400168&CODE_STATE=getMsg HTTP/1.1" 200 27
116.224.106.218 - - [19/Apr/2023:11:03:17 +0800] "GET /xingrg/all/function/internal_message.html?_=1681873395910&CODE_STATE=getMsg HTTP/1.1" 200 27
124.79.74.67 - - [19/Apr/2023:11:03:18 +0800] "GET /xingrg/all/function/internal_message.html?_=1681873399006&CODE_STATE=getMsg HTTP/1.1" 200 27
124.79.74.67 - - [19/Apr/2023:11:03:18 +0800] "GET /xingrg/check_reg.html?_=1681873399007 HTTP/1.1" 200 22
222.70.244.216 - - [19/Apr/2023:11:03:19 +0800] "GET /xingrg/kc/buy/cgsh_order_operate.html?command=get_materiel&rest_code=00146&code=00101007049&supplier_code=00100002&order_time=2023-04-19 HTTP/1.1" 200 409
180.169.147.146 - - [19/Apr/2023:11:03:21 +0800] "GET /xingrg/all/function/internal_message.html?_=1681873401197&CODE_STATE=getMsg HTTP/1.1" 200 27
114.83.222.182 - - [19/Apr/2023:11:03:25 +0800] "GET /xingrg/all/function/internal_message.html?_=1681873494004&CODE_STATE=getMsg HTTP/1.1" 200 27
222.70.244.216 - - [19/Apr/2023:11:03:36 +0800] "GET /xingrg/kc/buy/cgsh_order_operate.html?command=get_materiel&rest_code=00146&code=00101007032&supplier_code=00100002&order_time=2023-04-19 HTTP/1.1" 200 433
180.171.122.0 - - [19/Apr/2023:11:03:36 +0800] "GET /xingrg/all/function/internal_message.html?_=1681873413769&CODE_STATE=getMsg HTTP/1.1" 200 27
116.224.158.100 - - [19/Apr/2023:11:03:37 +0800] "GET /xingrg/all/function/internal_message.html?_=1681873419877&CODE_STATE=getMsg HTTP/1.1" 200 27
124.78.155.63 - - [19/Apr/2023:11:03:39 +0800] "POST /xingrg/services/DataTransmitService HTTP/1.1" 200 524
124.78.155.63 - - [19/Apr/2023:11:03:40 +0800] "POST /xingrg/services/DataTransmitService HTTP/1.1" 200 2655
116.238.139.35 - - [19/Apr/2023:11:03:40 +0800] "GET /xingrg/all/function/internal_message.html?_=1681873420226&CODE_STATE=getMsg HTTP/1.1" 200 27
124.78.155.63 - - [19/Apr/2023:11:03:41 +0800] "POST /xingrg/services/DataTransmitService HTTP/1.1" 200 196104
116.224.158.100 - - [19/Apr/2023:11:03:44 +0800] "POST /xingrg/services/DataTransmitService HTTP/1.1" 200 524
58.221.95.50 - - [19/Apr/2023:11:03:45 +0800] "GET /xingrg/all/function/internal_message.html?_=1681873426285&CODE_STATE=getMsg HTTP/1.1" 200 27
116.224.158.100 - - [19/Apr/2023:11:03:45 +0800] "POST /xingrg/services/DataTransmitService HTTP/1.1" 200 2319
116.227.208.255 - - [19/Apr/2023:11:03:46 +0800] "POST /xingrg/services/DataTransmitService HTTP/1.1" 200 524
116.224.158.100 - - [19/Apr/2023:11:03:46 +0800] "POST /xingrg/services/DataTransmitService HTTP/1.1" 200 188842
116.227.208.255 - - [19/Apr/2023:11:03:47 +0800] "POST /xingrg/services/DataTransmitService HTTP/1.1" 200 2063
116.227.208.255 - - [19/Apr/2023:11:03:49 +0800] "POST /xingrg/services/DataTransmitService HTTP/1.1" 200 177644
116.227.208.255 - - [19/Apr/2023:11:03:50 +0800] "GET /xingrg/all/function/internal_message.html?_=1681873430361&CODE_STATE=getMsg HTTP/1.1" 200 27
58.40.7.146 - - [19/Apr/2023:11:03:55 +0800] "GET /xingrg/all/function/internal_message.html?_=1681873435186&CODE_STATE=getMsg HTTP/1.1" 200 27
116.227.208.255 - - [19/Apr/2023:11:03:57 +0800] "GET /xingrg/all/function/internal_message.html?_=1681873513920&CODE_STATE=getMsg HTTP/1.1" 200 27
180.164.3.199 - - [19/Apr/2023:11:03:58 +0800] "GET /xingrg/all/function/internal_message.html?_=1681873437500&CODE_STATE=getMsg HTTP/1.1" 200 27
222.70.244.216 - - [19/Apr/2023:11:03:59 +0800] "POST /xingrg/kc/buy/cgsh_order_operate.html HTTP/1.1" 200 37
180.157.253.110 - - [19/Apr/2023:11:04:02 +0800] "POST /xingrg/services/DataTransmitService HTTP/1.1" 200 524
58.221.95.50 - - [19/Apr/2023:11:04:02 +0800] "GET /xingrg/check_reg.html?_=1681873444064 HTTP/1.1" 200 22
222.70.244.216 - - [19/Apr/2023:11:04:03 +0800] "POST /xingrg/kc/buy/cgsh_order_operate.html HTTP/1.1" 200 4434
180.171.122.0 - - [19/Apr/2023:11:04:03 +0800] "GET /xingrg/kc/buy/cgsh_order_operate.html?command=get_materiel&rest_code=00111&code=00101007085&supplier_code=00100004&order_time=2023-04-19 HTTP/1.1" 200 413
180.157.253.110 - - [19/Apr/2023:11:04:03 +0800] "POST /xingrg/services/DataTransmitService HTTP/1.1" 200 2175
180.157.253.110 - - [19/Apr/2023:11:04:04 +0800] "POST /xingrg/services/DataTransmitService HTTP/1.1" 200 185732
116.224.158.100 - - [19/Apr/2023:11:04:04 +0800] "GET /xingrg/all/function/internal_message.html?_=1681873286078&CODE_STATE=getMsg HTTP/1.1" 200 27
120.253.135.82 - - [19/Apr/2023:11:04:09 +0800] "GET /xingrg/all/function/internal_message.html?_=1681873583079&CODE_STATE=getMsg HTTP/1.1" 200 27
120.253.135.82 - - [19/Apr/2023:11:04:09 +0800] "GET /xingrg/check_reg.html?_=1681873583080 HTTP/1.1" 200 22
114.84.144.20 - - [19/Apr/2023:11:04:09 +0800] "GET /xingrg/all/function/internal_message.html?_=1681873447111&CODE_STATE=getMsg HTTP/1.1" 200 27
180.169.147.146 - - [19/Apr/2023:11:04:10 +0800] "GET /xingrg/all/function/internal_message.html?_=1681873448780&CODE_STATE=getMsg HTTP/1.1" 200 27
222.70.244.216 - - [19/Apr/2023:11:04:12 +0800] "GET /xingrg/kc/print/load_data.html?order_code=212023041906416&kc_code=cgsh&condition= HTTP/1.1" 200 1427
222.70.244.216 - - [19/Apr/2023:11:04:12 +0800] "GET /xingrg/all/function/internal_message.html?_=1681873462567&CODE_STATE=getMsg HTTP/1.1" 200 27
114.85.98.23 - - [19/Apr/2023:11:04:13 +0800] "GET /xingrg/all/function/internal_message.html?_=1681873453237&CODE_STATE=getMsg HTTP/1.1" 200 27
101.229.22.234 - - [19/Apr/2023:11:04:15 +0800] "GET /xingrg/check_reg.html?_=1681873455752 HTTP/1.1" 200 22
101.229.22.234 - - [19/Apr/2023:11:04:15 +0800] "GET /xingrg/all/function/internal_message.html?_=1681873455753&CODE_STATE=getMsg HTTP/1.1" 200 27
180.163.29.219 - - [19/Apr/2023:11:04:16 +0800] "GET /xingrg/all/function/internal_message.html?_=1681873394557&CODE_STATE=getMsg HTTP/1.1" 302 -
180.163.29.219 - - [19/Apr/2023:11:04:16 +0800] "GET /xingrg/login.html HTTP/1.1" 200 7641
124.78.155.63 - - [19/Apr/2023:11:04:16 +0800] "GET /xingrg/all/function/internal_message.html?_=1681873454529&CODE_STATE=getMsg HTTP/1.1" 200 27
180.157.253.110 - - [19/Apr/2023:11:04:16 +0800] "GET /xingrg/all/function/internal_message.html?_=1681873460182&CODE_STATE=getMsg HTTP/1.1" 200 27
116.224.106.218 - - [19/Apr/2023:11:04:17 +0800] "GET /xingrg/check_reg.html?_=1681873455910 HTTP/1.1" 200 22
116.224.106.218 - - [19/Apr/2023:11:04:17 +0800] "GET /xingrg/all/function/internal_message.html?_=1681873455911&CODE_STATE=getMsg HTTP/1.1" 200 27
124.79.74.67 - - [19/Apr/2023:11:04:18 +0800] "GET /xingrg/all/function/internal_message.html?_=1681873459005&CODE_STATE=getMsg HTTP/1.1" 200 27
180.171.122.0 - - [19/Apr/2023:11:04:18 +0800] "GET /xingrg/kc/buy/cgsh_order_operate.html?command=get_materiel&rest_code=00111&code=00101007081&supplier_code=00100004&order_time=2023-04-19 HTTP/1.1" 200 415
124.78.155.63 - - [19/Apr/2023:11:04:18 +0800] "GET /xingrg/check_reg.html?_=1681873457106 HTTP/1.1" 200 22
180.169.147.146 - - [19/Apr/2023:11:04:21 +0800] "GET /xingrg/all/function/internal_message.html?_=1681873461188&CODE_STATE=getMsg HTTP/1.1" 200 27
180.169.147.146 - - [19/Apr/2023:11:04:21 +0800] "POST /xingrg/kc/buy/cgsh_list_operate.html HTTP/1.1" 200 4
114.85.98.23 - - [19/Apr/2023:11:04:25 +0800] "POST /xingrg/services/DataTransmitService HTTP/1.1" 200 524
114.83.222.182 - - [19/Apr/2023:11:04:25 +0800] "GET /xingrg/all/function/internal_message.html?_=1681873553993&CODE_STATE=getMsg HTTP/1.1" 200 27
180.171.122.0 - - [19/Apr/2023:11:04:32 +0800] "POST /xingrg/services/DataTransmitService HTTP/1.1" 200 524
180.171.122.0 - - [19/Apr/2023:11:04:33 +0800] "POST /xingrg/services/DataTransmitService HTTP/1.1" 200 2499
180.171.122.0 - - [19/Apr/2023:11:04:35 +0800] "POST /xingrg/services/DataTransmitService HTTP/1.1" 200 201548
180.171.122.0 - - [19/Apr/2023:11:04:35 +0800] "POST /xingrg/kc/buy/cgsh_order_operate.html HTTP/1.1" 200 37
116.224.158.100 - - [19/Apr/2023:11:04:37 +0800] "GET /xingrg/all/function/internal_message.html?_=1681873479877&CODE_STATE=getMsg HTTP/1.1" 200 27
116.238.139.35 - - [19/Apr/2023:11:04:40 +0800] "GET /xingrg/all/function/internal_message.html?_=1681873480228&CODE_STATE=getMsg HTTP/1.1" 200 27
180.171.122.0 - - [19/Apr/2023:11:04:42 +0800] "POST /xingrg/kc/buy/cgsh_order_operate.html HTTP/1.1" 200 5617
58.221.95.50 - - [19/Apr/2023:11:04:45 +0800] "GET /xingrg/all/function/internal_message.html?_=1681873486279&CODE_STATE=getMsg HTTP/1.1" 200 27
180.171.122.0 - - [19/Apr/2023:11:04:45 +0800] "GET /xingrg/kc/print/load_data.html?order_code=212023041906417&kc_code=cgsh&condition= HTTP/1.1" 200 1854
180.171.122.0 - - [19/Apr/2023:11:04:50 +0800] "GET /xingrg/kc/buy/cgsh_order_add.html HTTP/1.1" 200 70683
116.227.208.255 - - [19/Apr/2023:11:04:50 +0800] "GET /xingrg/all/function/internal_message.html?_=1681873490361&CODE_STATE=getMsg HTTP/1.1" 200 27
116.227.208.255 - - [19/Apr/2023:11:04:50 +0800] "GET /xingrg/check_reg.html?_=1681873490363 HTTP/1.1" 200 22
180.171.122.0 - - [19/Apr/2023:11:04:50 +0800] "POST /xingrg/kc/buy/cgsh_order_operate.html HTTP/1.1" 200 8245
180.171.122.0 - - [19/Apr/2023:11:04:50 +0800] "GET /xingrg/javascript/easyui/themes/default/validatebox.css HTTP/1.1" 404 1104
222.70.244.216 - - [19/Apr/2023:11:04:53 +0800] "GET /xingrg/kc/buy/cgsh_order_add.html HTTP/1.1" 200 70727
222.70.244.216 - - [19/Apr/2023:11:04:54 +0800] "POST /xingrg/kc/buy/cgsh_order_operate.html HTTP/1.1" 200 8245
222.70.244.216 - - [19/Apr/2023:11:04:54 +0800] "GET /xingrg/javascript/easyui/themes/default/validatebox.css HTTP/1.1" 404 1104
58.40.7.146 - - [19/Apr/2023:11:04:55 +0800] "GET /xingrg/all/function/internal_message.html?_=1681873495173&CODE_STATE=getMsg HTTP/1.1" 200 27
116.227.208.255 - - [19/Apr/2023:11:04:57 +0800] "GET /xingrg/all/function/internal_message.html?_=1681873573921&CODE_STATE=getMsg HTTP/1.1" 200 27
116.227.208.255 - - [19/Apr/2023:11:04:57 +0800] "GET /xingrg/check_reg.html?_=1681873573924 HTTP/1.1" 200 22
180.164.3.199 - - [19/Apr/2023:11:04:58 +0800] "GET /xingrg/check_reg.html?_=1681873497497 HTTP/1.1" 200 22
180.164.3.199 - - [19/Apr/2023:11:04:58 +0800] "GET /xingrg/all/function/internal_message.html?_=1681873497500&CODE_STATE=getMsg HTTP/1.1" 200 27
180.171.122.0 - - [19/Apr/2023:11:05:02 +0800] "GET /xingrg/kc/buy/cgsh_order_operate.html?command=get_materiel&rest_code=00111&code=00101001232&supplier_code=00100151&order_time=2023-04-19 HTTP/1.1" 200 414
116.224.158.100 - - [19/Apr/2023:11:05:04 +0800] "GET /xingrg/all/function/internal_message.html?_=1681873346079&CODE_STATE=getMsg HTTP/1.1" 200 27
120.253.135.82 - - [19/Apr/2023:11:05:09 +0800] "GET /xingrg/all/function/internal_message.html?_=1681873643091&CODE_STATE=getMsg HTTP/1.1" 200 27
114.84.144.20 - - [19/Apr/2023:11:05:09 +0800] "GET /xingrg/all/function/internal_message.html?_=1681873507096&CODE_STATE=getMsg HTTP/1.1" 200 27
180.169.147.146 - - [19/Apr/2023:11:05:10 +0800] "GET /xingrg/all/function/internal_message.html?_=1681873508778&CODE_STATE=getMsg HTTP/1.1" 200 27
222.70.244.216 - - [19/Apr/2023:11:05:12 +0800] "GET /xingrg/check_reg.html?_=1681873522420 HTTP/1.1" 200 22
222.70.244.216 - - [19/Apr/2023:11:05:12 +0800] "GET /xingrg/all/function/internal_message.html?_=1681873522569&CODE_STATE=getMsg HTTP/1.1" 200 27
114.85.98.23 - - [19/Apr/2023:11:05:13 +0800] "GET /xingrg/all/function/internal_message.html?_=1681873513237&CODE_STATE=getMsg HTTP/1.1" 200 27
124.79.240.114 - - [19/Apr/2023:11:05:14 +0800] "POST /xingrg/services/DataTransmitService HTTP/1.1" 200 524
124.79.240.114 - - [19/Apr/2023:11:05:15 +0800] "POST /xingrg/services/DataTransmitService HTTP/1.1" 200 2315
101.229.22.234 - - [19/Apr/2023:11:05:15 +0800] "GET /xingrg/all/function/internal_message.html?_=1681873515751&CODE_STATE=getMsg HTTP/1.1" 200 27
124.78.155.63 - - [19/Apr/2023:11:05:16 +0800] "GET /xingrg/all/function/internal_message.html?_=1681873514509&CODE_STATE=getMsg HTTP/1.1" 200 27
180.157.253.110 - - [19/Apr/2023:11:05:16 +0800] "GET /xingrg/check_reg.html?_=1681873520180 HTTP/1.1" 200 22
180.157.253.110 - - [19/Apr/2023:11:05:16 +0800] "GET /xingrg/all/function/internal_message.html?_=1681873520181&CODE_STATE=getMsg HTTP/1.1" 200 27
180.163.29.206 - - [19/Apr/2023:11:05:16 +0800] "GET /xingrg/all/function/internal_message.html?_=1681873454529&CODE_STATE=getMsg HTTP/1.1" 302 -
180.163.29.206 - - [19/Apr/2023:11:05:16 +0800] "GET /xingrg/login.html HTTP/1.1" 200 7641
116.224.106.218 - - [19/Apr/2023:11:05:17 +0800] "GET /xingrg/all/function/internal_message.html?_=1681873515918&CODE_STATE=getMsg HTTP/1.1" 200 27
124.79.240.114 - - [19/Apr/2023:11:05:17 +0800] "POST /xingrg/services/DataTransmitService HTTP/1.1" 200 177288
180.171.122.0 - - [19/Apr/2023:11:05:17 +0800] "POST /xingrg/kc/buy/cgsh_order_operate.html HTTP/1.1" 200 37
124.79.74.67 - - [19/Apr/2023:11:05:18 +0800] "GET /xingrg/all/function/internal_message.html?_=1681873519029&CODE_STATE=getMsg HTTP/1.1" 200 27
180.171.131.29 - - [19/Apr/2023:11:05:20 +0800] "POST /xingrg/services/DataTransmitService HTTP/1.1" 200 524
180.169.147.146 - - [19/Apr/2023:11:05:21 +0800] "GET /xingrg/all/function/internal_message.html?_=1681873521199&CODE_STATE=getMsg HTTP/1.1" 200 27
180.171.122.0 - - [19/Apr/2023:11:05:22 +0800] "POST /xingrg/kc/buy/cgsh_order_operate.html HTTP/1.1" 200 2660
180.171.131.29 - - [19/Apr/2023:11:05:22 +0800] "POST /xingrg/services/DataTransmitService HTTP/1.1" 200 501
180.171.131.29 - - [19/Apr/2023:11:05:22 +0800] "POST /xingrg/services/DataTransmitService HTTP/1.1" 200 501
180.171.131.29 - - [19/Apr/2023:11:05:23 +0800] "POST /xingrg/services/DataTransmitService HTTP/1.1" 200 501
180.171.131.29 - - [19/Apr/2023:11:05:23 +0800] "POST /xingrg/services/DataTransmitService HTTP/1.1" 200 501
180.171.122.0 - - [19/Apr/2023:11:05:24 +0800] "GET /xingrg/kc/print/load_data.html?order_code=212023041906418&kc_code=cgsh&condition= HTTP/1.1" 200 656
180.171.131.29 - - [19/Apr/2023:11:05:24 +0800] "POST /xingrg/services/DataTransmitService HTTP/1.1" 200 501
114.83.222.182 - - [19/Apr/2023:11:05:25 +0800] "GET /xingrg/all/function/internal_message.html?_=1681873613991&CODE_STATE=getMsg HTTP/1.1" 200 27
180.163.28.114 - - [19/Apr/2023:11:05:25 +0800] "GET /xingrg/check_reg.html?_=1681873457106 HTTP/1.1" 302 -
180.171.131.29 - - [19/Apr/2023:11:05:25 +0800] "POST /xingrg/services/DataTransmitService HTTP/1.1" 200 501
180.163.28.114 - - [19/Apr/2023:11:05:25 +0800] "GET /xingrg/login.html HTTP/1.1" 200 7641
180.171.131.29 - - [19/Apr/2023:11:05:26 +0800] "POST /xingrg/services/DataTransmitService HTTP/1.1" 200 501
180.171.131.29 - - [19/Apr/2023:11:05:30 +0800] "POST /xingrg/services/DataTransmitService HTTP/1.1" 200 412
180.171.122.0 - - [19/Apr/2023:11:05:36 +0800] "GET /xingrg/all/function/internal_message.html?_=1681873533784&CODE_STATE=getMsg HTTP/1.1" 200 27
180.171.122.0 - - [19/Apr/2023:11:05:36 +0800] "GET /xingrg/check_reg.html?_=1681873533787 HTTP/1.1" 200 22
180.169.147.146 - - [19/Apr/2023:11:05:37 +0800] "POST /xingrg/kc/buy/cgsh_list_operate.html HTTP/1.1" 200 6062
116.224.158.100 - - [19/Apr/2023:11:05:37 +0800] "GET /xingrg/check_reg.html?_=1681873539878 HTTP/1.1" 200 22
116.224.158.100 - - [19/Apr/2023:11:05:37 +0800] "GET /xingrg/all/function/internal_message.html?_=1681873539882&CODE_STATE=getMsg HTTP/1.1" 200 27
180.171.131.29 - - [19/Apr/2023:11:05:37 +0800] "GET /favicon.ico HTTP/1.1" 404 -
116.238.139.35 - - [19/Apr/2023:11:05:40 +0800] "GET /xingrg/all/function/internal_message.html?_=1681873540230&CODE_STATE=getMsg HTTP/1.1" 200 27
116.238.139.35 - - [19/Apr/2023:11:05:40 +0800] "GET /xingrg/check_reg.html?_=1681873540234 HTTP/1.1" 200 22
58.221.95.50 - - [19/Apr/2023:11:05:45 +0800] "GET /xingrg/all/function/internal_message.html?_=1681873546257&CODE_STATE=getMsg HTTP/1.1" 200 27
116.227.208.255 - - [19/Apr/2023:11:05:50 +0800] "GET /xingrg/all/function/internal_message.html?_=1681873550365&CODE_STATE=getMsg HTTP/1.1" 200 27
58.40.7.146 - - [19/Apr/2023:11:05:55 +0800] "GET /xingrg/all/function/internal_message.html?_=1681873555177&CODE_STATE=getMsg HTTP/1.1" 200 27
58.40.7.146 - - [19/Apr/2023:11:05:55 +0800] "GET /xingrg/check_reg.html?_=1681873555179 HTTP/1.1" 200 22
116.227.208.255 - - [19/Apr/2023:11:05:57 +0800] "GET /xingrg/all/function/internal_message.html?_=1681873633913&CODE_STATE=getMsg HTTP/1.1" 200 27
180.164.3.199 - - [19/Apr/2023:11:05:58 +0800] "GET /xingrg/all/function/internal_message.html?_=1681873557493&CODE_STATE=getMsg HTTP/1.1" 200 27
116.224.158.100 - - [19/Apr/2023:11:06:04 +0800] "GET /xingrg/check_reg.html?_=1681873406077 HTTP/1.1" 200 22
116.224.158.100 - - [19/Apr/2023:11:06:04 +0800] "GET /xingrg/all/function/internal_message.html?_=1681873406079&CODE_STATE=getMsg HTTP/1.1" 200 27
120.253.135.82 - - [19/Apr/2023:11:06:09 +0800] "GET /xingrg/all/function/internal_message.html?_=1681873703089&CODE_STATE=getMsg HTTP/1.1" 200 27
114.84.144.20 - - [19/Apr/2023:11:06:09 +0800] "GET /xingrg/all/function/internal_message.html?_=1681873567067&CODE_STATE=getMsg HTTP/1.1" 200 27
180.169.147.146 - - [19/Apr/2023:11:06:10 +0800] "GET /xingrg/all/function/internal_message.html?_=1681873568777&CODE_STATE=getMsg HTTP/1.1" 200 27
222.70.244.216 - - [19/Apr/2023:11:06:11 +0800] "GET /xingrg/kc/buy/cgsh_order_operate.html?command=get_materiel&rest_code=00146&code=00101016037&supplier_code=00100049&order_time=2023-04-19 HTTP/1.1" 200 450
222.70.244.216 - - [19/Apr/2023:11:06:12 +0800] "GET /xingrg/all/function/internal_message.html?_=1681873582582&CODE_STATE=getMsg HTTP/1.1" 200 27
114.85.98.23 - - [19/Apr/2023:11:06:13 +0800] "GET /xingrg/all/function/internal_message.html?_=1681873573241&CODE_STATE=getMsg HTTP/1.1" 200 27
101.229.22.234 - - [19/Apr/2023:11:06:15 +0800] "GET /xingrg/all/function/internal_message.html?_=1681873575750&CODE_STATE=getMsg HTTP/1.1" 200 27
124.78.155.63 - - [19/Apr/2023:11:06:16 +0800] "GET /xingrg/all/function/internal_message.html?_=1681873574480&CODE_STATE=getMsg HTTP/1.1" 200 27
180.157.253.110 - - [19/Apr/2023:11:06:16 +0800] "GET /xingrg/all/function/internal_message.html?_=1681873580179&CODE_STATE=getMsg HTTP/1.1" 200 27
116.224.106.218 - - [19/Apr/2023:11:06:17 +0800] "GET /xingrg/all/function/internal_message.html?_=1681873575919&CODE_STATE=getMsg HTTP/1.1" 200 27
124.79.74.67 - - [19/Apr/2023:11:06:18 +0800] "GET /xingrg/all/function/internal_message.html?_=1681873579026&CODE_STATE=getMsg HTTP/1.1" 200 27
180.169.147.146 - - [19/Apr/2023:11:06:21 +0800] "GET /xingrg/check_reg.html?_=1681873581202 HTTP/1.1" 200 22
180.169.147.146 - - [19/Apr/2023:11:06:21 +0800] "GET /xingrg/all/function/internal_message.html?_=1681873581213&CODE_STATE=getMsg HTTP/1.1" 200 27
116.224.106.218 - - [19/Apr/2023:11:06:22 +0800] "GET /xingrg/kc/buy/cgsh_order_add.html HTTP/1.1" 200 69922
116.224.106.218 - - [19/Apr/2023:11:06:22 +0800] "POST /xingrg/kc/buy/cgsh_order_operate.html HTTP/1.1" 200 8245
116.224.106.218 - - [19/Apr/2023:11:06:23 +0800] "GET /xingrg/javascript/easyui/themes/default/validatebox.css HTTP/1.1" 404 1104
114.83.222.182 - - [19/Apr/2023:11:06:25 +0800] "GET /xingrg/all/function/internal_message.html?_=1681873673980&CODE_STATE=getMsg HTTP/1.1" 200 27
180.171.122.0 - - [19/Apr/2023:11:06:36 +0800] "GET /xingrg/all/function/internal_message.html?_=1681873593756&CODE_STATE=getMsg HTTP/1.1" 200 27
116.224.158.100 - - [19/Apr/2023:11:06:37 +0800] "GET /xingrg/all/function/internal_message.html?_=1681873599881&CODE_STATE=getMsg HTTP/1.1" 200 27
116.238.139.35 - - [19/Apr/2023:11:06:40 +0800] "GET /xingrg/all/function/internal_message.html?_=1681873600234&CODE_STATE=getMsg HTTP/1.1" 200 27
58.221.95.50 - - [19/Apr/2023:11:06:45 +0800] "GET /xingrg/all/function/internal_message.html?_=1681873606236&CODE_STATE=getMsg HTTP/1.1" 200 27
116.227.208.255 - - [19/Apr/2023:11:06:50 +0800] "GET /xingrg/all/function/internal_message.html?_=1681873610366&CODE_STATE=getMsg HTTP/1.1" 200 27
58.40.7.146 - - [19/Apr/2023:11:06:55 +0800] "GET /xingrg/all/function/internal_message.html?_=1681873615183&CODE_STATE=getMsg HTTP/1.1" 200 27
116.227.208.255 - - [19/Apr/2023:11:06:57 +0800] "GET /xingrg/all/function/internal_message.html?_=1681873693930&CODE_STATE=getMsg HTTP/1.1" 200 27
222.70.244.216 - - [19/Apr/2023:11:06:57 +0800] "GET /xingrg/kc/buy/cgsh_order_operate.html?command=get_materiel&rest_code=00146&code=00101016004&supplier_code=00100049&order_time=2023-04-19 HTTP/1.1" 200 421
180.164.3.199 - - [19/Apr/2023:11:06:58 +0800] "GET /xingrg/all/function/internal_message.html?_=1681873617493&CODE_STATE=getMsg HTTP/1.1" 200 27
180.169.147.146 - - [19/Apr/2023:11:07:04 +0800] "POST /xingrg/kc/buy/cgsh_list_operate.html HTTP/1.1" 200 4
116.224.158.100 - - [19/Apr/2023:11:07:04 +0800] "GET /xingrg/all/function/internal_message.html?_=1681873466079&CODE_STATE=getMsg HTTP/1.1" 200 27
120.253.135.82 - - [19/Apr/2023:11:07:09 +0800] "GET /xingrg/all/function/internal_message.html?_=1681873763094&CODE_STATE=getMsg HTTP/1.1" 200 27
114.84.144.20 - - [19/Apr/2023:11:07:09 +0800] "GET /xingrg/all/function/internal_message.html?_=1681873627048&CODE_STATE=getMsg HTTP/1.1" 200 27
180.169.147.146 - - [19/Apr/2023:11:07:10 +0800] "GET /xingrg/all/function/internal_message.html?_=1681873628778&CODE_STATE=getMsg HTTP/1.1" 200 27
222.70.244.216 - - [19/Apr/2023:11:07:12 +0800] "GET /xingrg/all/function/internal_message.html?_=1681873642596&CODE_STATE=getMsg HTTP/1.1" 200 27
114.85.98.23 - - [19/Apr/2023:11:07:13 +0800] "GET /xingrg/all/function/internal_message.html?_=1681873633233&CODE_STATE=getMsg HTTP/1.1" 200 27
114.85.98.23 - - [19/Apr/2023:11:07:13 +0800] "GET /xingrg/check_reg.html?_=1681873633234 HTTP/1.1" 200 22
222.70.244.216 - - [19/Apr/2023:11:07:13 +0800] "GET /xingrg/kc/buy/cgsh_order_operate.html?command=get_materiel&rest_code=00146&code=00101016094&supplier_code=00100049&order_time=2023-04-19 HTTP/1.1" 200 468
101.229.22.234 - - [19/Apr/2023:11:07:15 +0800] "GET /xingrg/all/function/internal_message.html?_=1681873635749&CODE_STATE=getMsg HTTP/1.1" 200 27
180.163.29.217 - - [19/Apr/2023:11:07:16 +0800] "GET /xingrg/all/function/internal_message.html?_=1681873574480&CODE_STATE=getMsg HTTP/1.1" 302 -
124.78.155.63 - - [19/Apr/2023:11:07:16 +0800] "GET /xingrg/all/function/internal_message.html?_=1681873634465&CODE_STATE=getMsg HTTP/1.1" 200 27
180.163.29.217 - - [19/Apr/2023:11:07:16 +0800] "GET /xingrg/login.html HTTP/1.1" 200 7641
180.157.253.110 - - [19/Apr/2023:11:07:16 +0800] "GET /xingrg/all/function/internal_message.html?_=1681873640179&CODE_STATE=getMsg HTTP/1.1" 200 27
116.224.106.218 - - [19/Apr/2023:11:07:17 +0800] "GET /xingrg/all/function/internal_message.html?_=1681873635911&CODE_STATE=getMsg HTTP/1.1" 200 27
124.79.74.67 - - [19/Apr/2023:11:07:18 +0800] "GET /xingrg/all/function/internal_message.html?_=1681873639025&CODE_STATE=getMsg HTTP/1.1" 200 27
180.169.147.146 - - [19/Apr/2023:11:07:21 +0800] "GET /xingrg/all/function/internal_message.html?_=1681873641183&CODE_STATE=getMsg HTTP/1.1" 200 27
114.83.222.182 - - [19/Apr/2023:11:07:25 +0800] "GET /xingrg/all/function/internal_message.html?_=1681873733993&CODE_STATE=getMsg HTTP/1.1" 200 27
114.83.222.182 - - [19/Apr/2023:11:07:25 +0800] "GET /xingrg/check_reg.html?_=1681873733994 HTTP/1.1" 200 22
222.70.244.216 - - [19/Apr/2023:11:07:32 +0800] "GET /xingrg/kc/buy/cgsh_order_operate.html?command=get_materiel&rest_code=00146&code=00101011005&supplier_code=00100049&order_time=2023-04-19 HTTP/1.1" 200 430
180.171.122.0 - - [19/Apr/2023:11:07:36 +0800] "GET /xingrg/all/function/internal_message.html?_=1681873653736&CODE_STATE=getMsg HTTP/1.1" 200 27
116.224.158.100 - - [19/Apr/2023:11:07:37 +0800] "GET /xingrg/all/function/internal_message.html?_=1681873659882&CODE_STATE=getMsg HTTP/1.1" 200 27
116.238.139.35 - - [19/Apr/2023:11:07:40 +0800] "GET /xingrg/all/function/internal_message.html?_=1681873660234&CODE_STATE=getMsg HTTP/1.1" 200 27
58.221.95.50 - - [19/Apr/2023:11:07:45 +0800] "GET /xingrg/all/function/internal_message.html?_=1681873666208&CODE_STATE=getMsg HTTP/1.1" 200 27
180.171.122.0 - - [19/Apr/2023:11:07:49 +0800] "POST /xingrg/kc/buy/cgsh_list_operate.html HTTP/1.1" 200 3244
116.227.208.255 - - [19/Apr/2023:11:07:50 +0800] "GET /xingrg/all/function/internal_message.html?_=1681873670362&CODE_STATE=getMsg HTTP/1.1" 200 27
58.40.7.146 - - [19/Apr/2023:11:07:55 +0800] "GET /xingrg/all/function/internal_message.html?_=1681873675186&CODE_STATE=getMsg HTTP/1.1" 200 27
180.169.147.146 - - [19/Apr/2023:11:07:56 +0800] "POST /xingrg/kc/buy/cgsh_list_operate.html HTTP/1.1" 200 6004
116.227.208.255 - - [19/Apr/2023:11:07:57 +0800] "GET /xingrg/all/function/internal_message.html?_=1681873753921&CODE_STATE=getMsg HTTP/1.1" 200 27
180.164.3.199 - - [19/Apr/2023:11:07:58 +0800] "GET /xingrg/all/function/internal_message.html?_=1681873677489&CODE_STATE=getMsg HTTP/1.1" 200 27
116.224.158.100 - - [19/Apr/2023:11:08:04 +0800] "GET /xingrg/all/function/internal_message.html?_=1681873526080&CODE_STATE=getMsg HTTP/1.1" 200 27
222.70.244.216 - - [19/Apr/2023:11:08:05 +0800] "POST /xingrg/kc/buy/cgsh_order_operate.html HTTP/1.1" 200 37
222.70.244.216 - - [19/Apr/2023:11:08:09 +0800] "POST /xingrg/kc/buy/cgsh_order_operate.html HTTP/1.1" 200 4506
120.253.135.82 - - [19/Apr/2023:11:08:09 +0800] "GET /xingrg/all/function/internal_message.html?_=1681873823099&CODE_STATE=getMsg HTTP/1.1" 200 27
114.84.144.20 - - [19/Apr/2023:11:08:09 +0800] "GET /xingrg/all/function/internal_message.html?_=1681873687032&CODE_STATE=getMsg HTTP/1.1" 200 27
114.84.144.20 - - [19/Apr/2023:11:08:09 +0800] "GET /xingrg/check_reg.html?_=1681873687296 HTTP/1.1" 200 22
180.169.147.146 - - [19/Apr/2023:11:08:10 +0800] "GET /xingrg/check_reg.html?_=1681873688770 HTTP/1.1" 200 22
180.169.147.146 - - [19/Apr/2023:11:08:10 +0800] "GET /xingrg/all/function/internal_message.html?_=1681873688771&CODE_STATE=getMsg HTTP/1.1" 200 27
222.70.244.216 - - [19/Apr/2023:11:08:12 +0800] "GET /xingrg/all/function/internal_message.html?_=1681873702670&CODE_STATE=getMsg HTTP/1.1" 200 27
114.85.98.23 - - [19/Apr/2023:11:08:13 +0800] "GET /xingrg/all/function/internal_message.html?_=1681873693230&CODE_STATE=getMsg HTTP/1.1" 200 27
101.229.22.234 - - [19/Apr/2023:11:08:15 +0800] "GET /xingrg/all/function/internal_message.html?_=1681873695748&CODE_STATE=getMsg HTTP/1.1" 200 27
124.78.155.63 - - [19/Apr/2023:11:08:16 +0800] "GET /xingrg/all/function/internal_message.html?_=1681873694454&CODE_STATE=getMsg HTTP/1.1" 200 27
180.157.253.110 - - [19/Apr/2023:11:08:16 +0800] "GET /xingrg/all/function/internal_message.html?_=1681873700176&CODE_STATE=getMsg HTTP/1.1" 200 27
116.224.106.218 - - [19/Apr/2023:11:08:17 +0800] "GET /xingrg/all/function/internal_message.html?_=1681873695912&CODE_STATE=getMsg HTTP/1.1" 200 27
124.79.74.67 - - [19/Apr/2023:11:08:18 +0800] "GET /xingrg/all/function/internal_message.html?_=1681873699023&CODE_STATE=getMsg HTTP/1.1" 200 27
124.79.74.67 - - [19/Apr/2023:11:08:18 +0800] "GET /xingrg/check_reg.html?_=1681873699024 HTTP/1.1" 200 22
180.169.147.146 - - [19/Apr/2023:11:08:21 +0800] "GET /xingrg/all/function/internal_message.html?_=1681873701184&CODE_STATE=getMsg HTTP/1.1" 200 27
114.83.222.182 - - [19/Apr/2023:11:08:25 +0800] "GET /xingrg/all/function/internal_message.html?_=1681873793984&CODE_STATE=getMsg HTTP/1.1" 200 27
222.70.244.216 - - [19/Apr/2023:11:08:25 +0800] "POST /xingrg/kc/buy/cgsh_order_operate.html HTTP/1.1" 200 37
222.70.244.216 - - [19/Apr/2023:11:08:29 +0800] "POST /xingrg/kc/buy/cgsh_order_operate.html HTTP/1.1" 200 4503
222.70.244.216 - - [19/Apr/2023:11:08:33 +0800] "GET /xingrg/kc/print/load_data.html?order_code=212023041906419&kc_code=cgsh&condition= HTTP/1.1" 200 1472
180.171.122.0 - - [19/Apr/2023:11:08:36 +0800] "GET /xingrg/all/function/internal_message.html?_=1681873713708&CODE_STATE=getMsg HTTP/1.1" 200 27
116.224.158.100 - - [19/Apr/2023:11:08:37 +0800] "GET /xingrg/all/function/internal_message.html?_=1681873719883&CODE_STATE=getMsg HTTP/1.1" 200 27
116.238.139.35 - - [19/Apr/2023:11:08:40 +0800] "GET /xingrg/all/function/internal_message.html?_=1681873720238&CODE_STATE=getMsg HTTP/1.1" 200 27
58.221.95.50 - - [19/Apr/2023:11:08:45 +0800] "GET /xingrg/all/function/internal_message.html?_=1681873726194&CODE_STATE=getMsg HTTP/1.1" 200 27
116.227.208.255 - - [19/Apr/2023:11:08:50 +0800] "GET /xingrg/all/function/internal_message.html?_=1681873730377&CODE_STATE=getMsg HTTP/1.1" 200 27
58.40.7.146 - - [19/Apr/2023:11:08:55 +0800] "GET /xingrg/all/function/internal_message.html?_=1681873735192&CODE_STATE=getMsg HTTP/1.1" 200 27
116.227.208.255 - - [19/Apr/2023:11:08:57 +0800] "GET /xingrg/all/function/internal_message.html?_=1681873813916&CODE_STATE=getMsg HTTP/1.1" 200 27
180.164.3.199 - - [19/Apr/2023:11:08:58 +0800] "GET /xingrg/all/function/internal_message.html?_=1681873737498&CODE_STATE=getMsg HTTP/1.1" 200 27
58.221.95.50 - - [19/Apr/2023:11:09:02 +0800] "GET /xingrg/check_reg.html?_=1681873744051 HTTP/1.1" 200 22
116.224.158.100 - - [19/Apr/2023:11:09:04 +0800] "GET /xingrg/all/function/internal_message.html?_=1681873586088&CODE_STATE=getMsg HTTP/1.1" 200 27
120.253.135.82 - - [19/Apr/2023:11:09:09 +0800] "GET /xingrg/all/function/internal_message.html?_=1681873883152&CODE_STATE=getMsg HTTP/1.1" 200 27
120.253.135.82 - - [19/Apr/2023:11:09:09 +0800] "GET /xingrg/check_reg.html?_=1681873883154 HTTP/1.1" 200 22
