116.227.208.255 - - [19/Apr/2023:09:59:57 +0800] "GET /xingrg/all/function/internal_message.html?_=1681869673930&CODE_STATE=getMsg HTTP/1.1" 200 27
116.227.208.255 - - [19/Apr/2023:09:59:57 +0800] "GET /xingrg/check_reg.html?_=1681869673932 HTTP/1.1" 200 22
222.70.244.216 - - [19/Apr/2023:09:59:57 +0800] "GET /xingrg/all/function/internal_message.html?_=1681869606881&CODE_STATE=getMsg HTTP/1.1" 200 27
114.83.221.171 - - [19/Apr/2023:09:59:58 +0800] "GET /xingrg/kc/buy/cgsh_order_operate.html?command=get_materiel&rest_code=00149&code=00101026029&supplier_code=00100019&order_time=2023-04-19 HTTP/1.1" 200 452
116.224.158.100 - - [19/Apr/2023:10:00:04 +0800] "GET /xingrg/all/function/internal_message.html?_=1681869445973&CODE_STATE=getMsg HTTP/1.1" 200 27
114.85.98.23 - - [19/Apr/2023:10:00:13 +0800] "GET /xingrg/all/function/internal_message.html?_=1681869613270&CODE_STATE=getMsg HTTP/1.1" 200 27
116.224.158.100 - - [19/Apr/2023:10:00:15 +0800] "GET /xingrg/check_reg.html?_=1681869617916 HTTP/1.1" 200 22
116.224.158.100 - - [19/Apr/2023:10:00:15 +0800] "GET /xingrg/all/function/internal_message.html?_=1681869617919&CODE_STATE=getMsg HTTP/1.1" 200 27
101.229.22.234 - - [19/Apr/2023:10:00:15 +0800] "GET /xingrg/all/function/internal_message.html?_=1681869615670&CODE_STATE=getMsg HTTP/1.1" 200 27
116.224.106.218 - - [19/Apr/2023:10:00:17 +0800] "GET /xingrg/all/function/internal_message.html?_=1681869615832&CODE_STATE=getMsg HTTP/1.1" 200 27
124.78.155.63 - - [19/Apr/2023:10:00:17 +0800] "GET /xingrg/all/function/internal_message.html?_=1681869615617&CODE_STATE=getMsg HTTP/1.1" 200 27
180.163.30.76 - - [19/Apr/2023:10:00:18 +0800] "GET /xingrg/all/function/internal_message.html?_=1681869555644&CODE_STATE=getMsg HTTP/1.1" 302 -
180.163.29.103 - - [19/Apr/2023:10:00:18 +0800] "GET /xingrg/check_reg.html?_=1681869557223 HTTP/1.1" 302 -
180.163.30.76 - - [19/Apr/2023:10:00:18 +0800] "GET /xingrg/login.html HTTP/1.1" 200 7641
180.163.29.103 - - [19/Apr/2023:10:00:18 +0800] "GET /xingrg/login.html HTTP/1.1" 200 7641
114.84.144.20 - - [19/Apr/2023:10:00:18 +0800] "GET /xingrg/all/function/internal_message.html?_=1681869616740&CODE_STATE=getMsg HTTP/1.1" 200 27
180.169.147.146 - - [19/Apr/2023:10:00:21 +0800] "GET /xingrg/all/function/internal_message.html?_=1681869621438&CODE_STATE=getMsg HTTP/1.1" 200 27
114.83.221.171 - - [19/Apr/2023:10:00:21 +0800] "GET /xingrg/kc/buy/cgsh_order_operate.html?command=get_materiel&rest_code=00149&code=00101026028&supplier_code=00100019&order_time=2023-04-19 HTTP/1.1" 200 464
116.238.139.35 - - [19/Apr/2023:10:00:40 +0800] "GET /xingrg/check_reg.html?_=1681869640173 HTTP/1.1" 200 22
116.238.139.35 - - [19/Apr/2023:10:00:40 +0800] "GET /xingrg/all/function/internal_message.html?_=1681869640178&CODE_STATE=getMsg HTTP/1.1" 200 27
58.221.95.50 - - [19/Apr/2023:10:00:46 +0800] "GET /xingrg/all/function/internal_message.html?_=1681869647381&CODE_STATE=getMsg HTTP/1.1" 200 27
114.83.221.171 - - [19/Apr/2023:10:00:49 +0800] "GET /xingrg/kc/buy/cgsh_order_operate.html?command=get_materiel&rest_code=00149&code=00101026025&supplier_code=00100019&order_time=2023-04-19 HTTP/1.1" 200 469
116.227.208.255 - - [19/Apr/2023:10:00:50 +0800] "GET /xingrg/all/function/internal_message.html?_=1681869650297&CODE_STATE=getMsg HTTP/1.1" 200 27
114.83.221.171 - - [19/Apr/2023:10:00:52 +0800] "GET /xingrg/all/function/internal_message.html?_=1681869651002&CODE_STATE=getMsg HTTP/1.1" 200 27
222.70.244.216 - - [19/Apr/2023:10:00:55 +0800] "GET /xingrg/check_reg.html?_=1681869665353 HTTP/1.1" 200 22
116.227.208.255 - - [19/Apr/2023:10:00:57 +0800] "GET /xingrg/all/function/internal_message.html?_=1681869733926&CODE_STATE=getMsg HTTP/1.1" 200 27
222.70.244.216 - - [19/Apr/2023:10:00:57 +0800] "GET /xingrg/all/function/internal_message.html?_=1681869666895&CODE_STATE=getMsg HTTP/1.1" 200 27
116.224.158.100 - - [19/Apr/2023:10:01:04 +0800] "GET /xingrg/all/function/internal_message.html?_=1681869505972&CODE_STATE=getMsg HTTP/1.1" 200 27
116.224.158.100 - - [19/Apr/2023:10:01:04 +0800] "GET /xingrg/check_reg.html?_=1681869505973 HTTP/1.1" 200 22
114.83.221.171 - - [19/Apr/2023:10:01:13 +0800] "GET /xingrg/kc/buy/cgsh_order_operate.html?command=get_materiel&rest_code=00149&code=00101020079&supplier_code=00100019&order_time=2023-04-19 HTTP/1.1" 200 421
114.85.98.23 - - [19/Apr/2023:10:01:13 +0800] "GET /xingrg/all/function/internal_message.html?_=1681869673250&CODE_STATE=getMsg HTTP/1.1" 200 27
116.224.158.100 - - [19/Apr/2023:10:01:15 +0800] "GET /xingrg/all/function/internal_message.html?_=1681869677919&CODE_STATE=getMsg HTTP/1.1" 200 27
101.229.22.234 - - [19/Apr/2023:10:01:15 +0800] "GET /xingrg/all/function/internal_message.html?_=1681869675672&CODE_STATE=getMsg HTTP/1.1" 200 27
116.224.106.218 - - [19/Apr/2023:10:01:17 +0800] "GET /xingrg/all/function/internal_message.html?_=1681869675837&CODE_STATE=getMsg HTTP/1.1" 200 27
124.78.155.63 - - [19/Apr/2023:10:01:17 +0800] "GET /xingrg/all/function/internal_message.html?_=1681869675598&CODE_STATE=getMsg HTTP/1.1" 200 27
114.84.144.20 - - [19/Apr/2023:10:01:18 +0800] "GET /xingrg/all/function/internal_message.html?_=1681869676745&CODE_STATE=getMsg HTTP/1.1" 200 27
180.169.147.146 - - [19/Apr/2023:10:01:21 +0800] "GET /xingrg/check_reg.html?_=1681869681423 HTTP/1.1" 200 22
180.169.147.146 - - [19/Apr/2023:10:01:21 +0800] "GET /xingrg/all/function/internal_message.html?_=1681869681426&CODE_STATE=getMsg HTTP/1.1" 200 27
114.83.221.171 - - [19/Apr/2023:10:01:36 +0800] "GET /xingrg/kc/buy/cgsh_order_operate.html?command=get_materiel&rest_code=00149&code=00101025016&supplier_code=00100019&order_time=2023-04-19 HTTP/1.1" 200 461
116.238.139.35 - - [19/Apr/2023:10:01:40 +0800] "GET /xingrg/all/function/internal_message.html?_=1681869700174&CODE_STATE=getMsg HTTP/1.1" 200 27
58.221.95.50 - - [19/Apr/2023:10:01:46 +0800] "GET /xingrg/all/function/internal_message.html?_=1681869707383&CODE_STATE=getMsg HTTP/1.1" 200 27
116.227.208.255 - - [19/Apr/2023:10:01:50 +0800] "GET /xingrg/all/function/internal_message.html?_=1681869710292&CODE_STATE=getMsg HTTP/1.1" 200 27
114.83.221.171 - - [19/Apr/2023:10:01:52 +0800] "GET /xingrg/all/function/internal_message.html?_=1681869710987&CODE_STATE=getMsg HTTP/1.1" 200 27
114.83.221.171 - - [19/Apr/2023:10:01:55 +0800] "GET /xingrg/kc/buy/cgsh_order_operate.html?command=get_materiel&rest_code=00149&code=00101028011&supplier_code=00100019&order_time=2023-04-19 HTTP/1.1" 200 454
116.227.208.255 - - [19/Apr/2023:10:01:57 +0800] "GET /xingrg/all/function/internal_message.html?_=1681869793913&CODE_STATE=getMsg HTTP/1.1" 200 27
222.70.244.216 - - [19/Apr/2023:10:01:57 +0800] "GET /xingrg/all/function/internal_message.html?_=1681869726912&CODE_STATE=getMsg HTTP/1.1" 200 27
116.224.158.100 - - [19/Apr/2023:10:02:04 +0800] "GET /xingrg/all/function/internal_message.html?_=1681869565986&CODE_STATE=getMsg HTTP/1.1" 200 27
114.83.221.171 - - [19/Apr/2023:10:02:11 +0800] "GET /xingrg/kc/buy/cgsh_order_operate.html?command=get_materiel&rest_code=00149&code=00101028016&supplier_code=00100019&order_time=2023-04-19 HTTP/1.1" 200 447
114.85.98.23 - - [19/Apr/2023:10:02:13 +0800] "GET /xingrg/check_reg.html?_=1681869733222 HTTP/1.1" 200 22
114.85.98.23 - - [19/Apr/2023:10:02:13 +0800] "GET /xingrg/all/function/internal_message.html?_=1681869733225&CODE_STATE=getMsg HTTP/1.1" 200 27
116.224.158.100 - - [19/Apr/2023:10:02:15 +0800] "GET /xingrg/all/function/internal_message.html?_=1681869737921&CODE_STATE=getMsg HTTP/1.1" 200 27
101.229.22.234 - - [19/Apr/2023:10:02:15 +0800] "GET /xingrg/all/function/internal_message.html?_=1681869735673&CODE_STATE=getMsg HTTP/1.1" 200 27
116.224.106.218 - - [19/Apr/2023:10:02:17 +0800] "GET /xingrg/all/function/internal_message.html?_=1681869735836&CODE_STATE=getMsg HTTP/1.1" 200 27
124.78.155.63 - - [19/Apr/2023:10:02:17 +0800] "GET /xingrg/all/function/internal_message.html?_=1681869735570&CODE_STATE=getMsg HTTP/1.1" 200 27
114.84.144.20 - - [19/Apr/2023:10:02:18 +0800] "GET /xingrg/all/function/internal_message.html?_=1681869736748&CODE_STATE=getMsg HTTP/1.1" 200 27
180.169.147.146 - - [19/Apr/2023:10:02:21 +0800] "GET /xingrg/all/function/internal_message.html?_=1681869741430&CODE_STATE=getMsg HTTP/1.1" 200 27
222.70.244.216 - - [19/Apr/2023:10:02:29 +0800] "POST /xingrg/services/DataTransmitService HTTP/1.1" 200 524
114.83.221.171 - - [19/Apr/2023:10:02:31 +0800] "GET /xingrg/kc/buy/cgsh_order_operate.html?command=get_materiel&rest_code=00149&code=00101029003&supplier_code=00100019&order_time=2023-04-19 HTTP/1.1" 200 454
116.238.139.35 - - [19/Apr/2023:10:02:35 +0800] "GET /xingrg/kc/buy/cgsh_order_operate.html?command=get_materiel&rest_code=00150&code=00102004014&supplier_code=00100151&order_time=2023-04-19 HTTP/1.1" 200 409
222.70.244.216 - - [19/Apr/2023:10:02:37 +0800] "POST /xingrg/services/DataTransmitService HTTP/1.1" 200 501
116.238.139.35 - - [19/Apr/2023:10:02:40 +0800] "GET /xingrg/all/function/internal_message.html?_=1681869760189&CODE_STATE=getMsg HTTP/1.1" 200 27
114.83.221.171 - - [19/Apr/2023:10:02:44 +0800] "GET /xingrg/kc/buy/cgsh_order_operate.html?command=get_materiel&rest_code=00149&code=00101029009&supplier_code=00100019&order_time=2023-04-19 HTTP/1.1" 200 458
58.221.95.50 - - [19/Apr/2023:10:02:46 +0800] "GET /xingrg/all/function/internal_message.html?_=1681869767365&CODE_STATE=getMsg HTTP/1.1" 200 27
116.227.208.255 - - [19/Apr/2023:10:02:50 +0800] "GET /xingrg/all/function/internal_message.html?_=1681869770309&CODE_STATE=getMsg HTTP/1.1" 200 27
114.83.221.171 - - [19/Apr/2023:10:02:52 +0800] "GET /xingrg/check_reg.html?_=1681869771011 HTTP/1.1" 200 22
114.83.221.171 - - [19/Apr/2023:10:02:55 +0800] "GET /xingrg/all/function/internal_message.html?_=1681869771016&CODE_STATE=getMsg HTTP/1.1" 200 27
116.227.208.255 - - [19/Apr/2023:10:02:57 +0800] "GET /xingrg/all/function/internal_message.html?_=1681869853926&CODE_STATE=getMsg HTTP/1.1" 200 27
222.70.244.216 - - [19/Apr/2023:10:02:57 +0800] "GET /xingrg/all/function/internal_message.html?_=1681869787281&CODE_STATE=getMsg HTTP/1.1" 200 27
114.83.221.171 - - [19/Apr/2023:10:03:04 +0800] "GET /xingrg/kc/buy/cgsh_order_operate.html?command=get_materiel&rest_code=00149&code=00101029025&supplier_code=00100019&order_time=2023-04-19 HTTP/1.1" 200 442
116.224.158.100 - - [19/Apr/2023:10:03:04 +0800] "GET /xingrg/all/function/internal_message.html?_=1681869625984&CODE_STATE=getMsg HTTP/1.1" 200 27
116.238.139.35 - - [19/Apr/2023:10:03:09 +0800] "GET /xingrg/kc/buy/cgsh_order_operate.html?command=get_materiel&rest_code=00150&code=00102010562&supplier_code=00100151&order_time=2023-04-19 HTTP/1.1" 200 414
114.85.98.23 - - [19/Apr/2023:10:03:13 +0800] "GET /xingrg/all/function/internal_message.html?_=1681869793242&CODE_STATE=getMsg HTTP/1.1" 200 27
116.224.158.100 - - [19/Apr/2023:10:03:15 +0800] "GET /xingrg/all/function/internal_message.html?_=1681869797922&CODE_STATE=getMsg HTTP/1.1" 200 27
101.229.22.234 - - [19/Apr/2023:10:03:15 +0800] "GET /xingrg/all/function/internal_message.html?_=1681869795672&CODE_STATE=getMsg HTTP/1.1" 200 27
116.224.106.218 - - [19/Apr/2023:10:03:17 +0800] "GET /xingrg/all/function/internal_message.html?_=1681869795837&CODE_STATE=getMsg HTTP/1.1" 200 27
124.78.155.63 - - [19/Apr/2023:10:03:17 +0800] "GET /xingrg/all/function/internal_message.html?_=1681869795540&CODE_STATE=getMsg HTTP/1.1" 200 27
114.84.144.20 - - [19/Apr/2023:10:03:18 +0800] "GET /xingrg/all/function/internal_message.html?_=1681869796763&CODE_STATE=getMsg HTTP/1.1" 200 27
180.169.147.146 - - [19/Apr/2023:10:03:21 +0800] "GET /xingrg/all/function/internal_message.html?_=1681869801416&CODE_STATE=getMsg HTTP/1.1" 200 27
114.83.221.171 - - [19/Apr/2023:10:03:22 +0800] "POST /xingrg/kc/buy/cgsh_order_operate.html HTTP/1.1" 200 37
114.83.221.171 - - [19/Apr/2023:10:03:29 +0800] "POST /xingrg/kc/buy/cgsh_order_operate.html HTTP/1.1" 200 12
114.83.221.171 - - [19/Apr/2023:10:03:31 +0800] "GET /xingrg/kc/buy/cgsh_order_info.html?code=212023041906396 HTTP/1.1" 200 65721
114.83.221.171 - - [19/Apr/2023:10:03:31 +0800] "GET /xingrg/javascript/easyui/themes/default/validatebox.css HTTP/1.1" 404 1104
114.83.221.171 - - [19/Apr/2023:10:03:32 +0800] "POST /xingrg/kc/buy/cgsh_order_operate.html HTTP/1.1" 200 5630
114.83.221.171 - - [19/Apr/2023:10:03:34 +0800] "GET /xingrg/kc/print/load_data.html?order_code=212023041906396&kc_code=cgsh&condition= HTTP/1.1" 200 2863
116.238.139.35 - - [19/Apr/2023:10:03:40 +0800] "GET /xingrg/all/function/internal_message.html?_=1681869820180&CODE_STATE=getMsg HTTP/1.1" 200 27
58.221.95.50 - - [19/Apr/2023:10:03:46 +0800] "GET /xingrg/all/function/internal_message.html?_=1681869827342&CODE_STATE=getMsg HTTP/1.1" 200 27
116.227.208.255 - - [19/Apr/2023:10:03:50 +0800] "GET /xingrg/all/function/internal_message.html?_=1681869830301&CODE_STATE=getMsg HTTP/1.1" 200 27
114.83.221.171 - - [19/Apr/2023:10:03:52 +0800] "GET /xingrg/all/function/internal_message.html?_=1681869831001&CODE_STATE=getMsg HTTP/1.1" 200 27
116.227.208.255 - - [19/Apr/2023:10:03:57 +0800] "GET /xingrg/all/function/internal_message.html?_=1681869913926&CODE_STATE=getMsg HTTP/1.1" 200 27
222.70.244.216 - - [19/Apr/2023:10:03:57 +0800] "GET /xingrg/all/function/internal_message.html?_=1681869847294&CODE_STATE=getMsg HTTP/1.1" 200 27
58.221.95.50 - - [19/Apr/2023:10:04:02 +0800] "GET /xingrg/check_reg.html?_=1681869844058 HTTP/1.1" 200 22
116.224.158.100 - - [19/Apr/2023:10:04:04 +0800] "GET /xingrg/all/function/internal_message.html?_=1681869685983&CODE_STATE=getMsg HTTP/1.1" 200 27
114.85.98.23 - - [19/Apr/2023:10:04:13 +0800] "GET /xingrg/all/function/internal_message.html?_=1681869853234&CODE_STATE=getMsg HTTP/1.1" 200 27
116.224.158.100 - - [19/Apr/2023:10:04:15 +0800] "GET /xingrg/all/function/internal_message.html?_=1681869857910&CODE_STATE=getMsg HTTP/1.1" 200 27
101.229.22.234 - - [19/Apr/2023:10:04:15 +0800] "GET /xingrg/check_reg.html?_=1681869855671 HTTP/1.1" 200 22
101.229.22.234 - - [19/Apr/2023:10:04:15 +0800] "GET /xingrg/all/function/internal_message.html?_=1681869855670&CODE_STATE=getMsg HTTP/1.1" 200 27
116.224.106.218 - - [19/Apr/2023:10:04:17 +0800] "GET /xingrg/check_reg.html?_=1681869855837 HTTP/1.1" 200 22
116.224.106.218 - - [19/Apr/2023:10:04:17 +0800] "GET /xingrg/all/function/internal_message.html?_=1681869855840&CODE_STATE=getMsg HTTP/1.1" 200 27
180.163.29.219 - - [19/Apr/2023:10:04:17 +0800] "GET /xingrg/all/function/internal_message.html?_=1681869795540&CODE_STATE=getMsg HTTP/1.1" 302 -
180.163.29.219 - - [19/Apr/2023:10:04:17 +0800] "GET /xingrg/login.html HTTP/1.1" 200 7641
124.78.155.63 - - [19/Apr/2023:10:04:17 +0800] "GET /xingrg/all/function/internal_message.html?_=1681869855554&CODE_STATE=getMsg HTTP/1.1" 200 27
114.84.144.20 - - [19/Apr/2023:10:04:18 +0800] "GET /xingrg/check_reg.html?_=1681869856754 HTTP/1.1" 200 22
114.84.144.20 - - [19/Apr/2023:10:04:18 +0800] "GET /xingrg/all/function/internal_message.html?_=1681869856757&CODE_STATE=getMsg HTTP/1.1" 200 27
124.78.155.63 - - [19/Apr/2023:10:04:18 +0800] "GET /xingrg/check_reg.html?_=1681869857202 HTTP/1.1" 200 22
180.169.147.146 - - [19/Apr/2023:10:04:21 +0800] "GET /xingrg/all/function/internal_message.html?_=1681869861411&CODE_STATE=getMsg HTTP/1.1" 200 27
116.238.139.35 - - [19/Apr/2023:10:04:40 +0800] "GET /xingrg/all/function/internal_message.html?_=1681869880184&CODE_STATE=getMsg HTTP/1.1" 200 27
58.221.95.50 - - [19/Apr/2023:10:04:46 +0800] "GET /xingrg/all/function/internal_message.html?_=1681869887334&CODE_STATE=getMsg HTTP/1.1" 200 27
116.227.208.255 - - [19/Apr/2023:10:04:50 +0800] "GET /xingrg/all/function/internal_message.html?_=1681869890307&CODE_STATE=getMsg HTTP/1.1" 200 27
116.227.208.255 - - [19/Apr/2023:10:04:50 +0800] "GET /xingrg/check_reg.html?_=1681869890309 HTTP/1.1" 200 22
114.83.221.171 - - [19/Apr/2023:10:04:52 +0800] "GET /xingrg/all/function/internal_message.html?_=1681869891017&CODE_STATE=getMsg HTTP/1.1" 200 27
116.238.139.35 - - [19/Apr/2023:10:04:54 +0800] "GET /xingrg/kc/buy/cgsh_order_operate.html?command=get_materiel&rest_code=00150&code=00102011044&supplier_code=00100151&order_time=2023-04-19 HTTP/1.1" 200 410
116.227.208.255 - - [19/Apr/2023:10:04:57 +0800] "GET /xingrg/all/function/internal_message.html?_=1681869973921&CODE_STATE=getMsg HTTP/1.1" 200 27
116.227.208.255 - - [19/Apr/2023:10:04:57 +0800] "GET /xingrg/check_reg.html?_=1681869973926 HTTP/1.1" 200 22
222.70.244.216 - - [19/Apr/2023:10:04:58 +0800] "GET /xingrg/all/function/internal_message.html?_=1681869907731&CODE_STATE=getMsg HTTP/1.1" 200 27
116.224.158.100 - - [19/Apr/2023:10:05:04 +0800] "GET /xingrg/all/function/internal_message.html?_=1681869745981&CODE_STATE=getMsg HTTP/1.1" 200 27
114.85.98.23 - - [19/Apr/2023:10:05:13 +0800] "GET /xingrg/all/function/internal_message.html?_=1681869913221&CODE_STATE=getMsg HTTP/1.1" 200 27
116.224.158.100 - - [19/Apr/2023:10:05:15 +0800] "GET /xingrg/all/function/internal_message.html?_=1681869917909&CODE_STATE=getMsg HTTP/1.1" 200 27
116.224.158.100 - - [19/Apr/2023:10:05:15 +0800] "GET /xingrg/check_reg.html?_=1681869917913 HTTP/1.1" 200 22
101.229.22.234 - - [19/Apr/2023:10:05:15 +0800] "GET /xingrg/all/function/internal_message.html?_=1681869915670&CODE_STATE=getMsg HTTP/1.1" 200 27
116.224.106.218 - - [19/Apr/2023:10:05:17 +0800] "GET /xingrg/all/function/internal_message.html?_=1681869915838&CODE_STATE=getMsg HTTP/1.1" 200 27
180.163.30.85 - - [19/Apr/2023:10:05:17 +0800] "GET /xingrg/all/function/internal_message.html?_=1681869855554&CODE_STATE=getMsg HTTP/1.1" 302 -
180.163.30.85 - - [19/Apr/2023:10:05:17 +0800] "GET /xingrg/login.html HTTP/1.1" 200 7641
124.78.155.63 - - [19/Apr/2023:10:05:17 +0800] "GET /xingrg/all/function/internal_message.html?_=1681869915535&CODE_STATE=getMsg HTTP/1.1" 200 27
180.163.29.219 - - [19/Apr/2023:10:05:18 +0800] "GET /xingrg/check_reg.html?_=1681869857202 HTTP/1.1" 302 -
180.163.29.219 - - [19/Apr/2023:10:05:18 +0800] "GET /xingrg/login.html HTTP/1.1" 200 7641
114.84.144.20 - - [19/Apr/2023:10:05:18 +0800] "GET /xingrg/all/function/internal_message.html?_=1681869916753&CODE_STATE=getMsg HTTP/1.1" 200 27
180.169.147.146 - - [19/Apr/2023:10:05:21 +0800] "GET /xingrg/all/function/internal_message.html?_=1681869921404&CODE_STATE=getMsg HTTP/1.1" 200 27
116.238.139.35 - - [19/Apr/2023:10:05:30 +0800] "GET /xingrg/kc/buy/cgsh_order_operate.html?command=get_materiel&rest_code=00150&code=00102009605&supplier_code=00100151&order_time=2023-04-19 HTTP/1.1" 200 419
116.238.139.35 - - [19/Apr/2023:10:05:40 +0800] "GET /xingrg/check_reg.html?_=1681869940175 HTTP/1.1" 200 22
116.238.139.35 - - [19/Apr/2023:10:05:40 +0800] "GET /xingrg/all/function/internal_message.html?_=1681869940179&CODE_STATE=getMsg HTTP/1.1" 200 27
58.221.95.50 - - [19/Apr/2023:10:05:46 +0800] "GET /xingrg/all/function/internal_message.html?_=1681869947311&CODE_STATE=getMsg HTTP/1.1" 200 27
116.227.208.255 - - [19/Apr/2023:10:05:50 +0800] "GET /xingrg/all/function/internal_message.html?_=1681869950305&CODE_STATE=getMsg HTTP/1.1" 200 27
222.70.244.216 - - [19/Apr/2023:10:05:55 +0800] "GET /xingrg/check_reg.html?_=1681869965358 HTTP/1.1" 200 22
116.227.208.255 - - [19/Apr/2023:10:05:57 +0800] "GET /xingrg/all/function/internal_message.html?_=1681870033914&CODE_STATE=getMsg HTTP/1.1" 200 27
222.70.244.216 - - [19/Apr/2023:10:05:58 +0800] "GET /xingrg/all/function/internal_message.html?_=1681869968125&CODE_STATE=getMsg HTTP/1.1" 200 27
116.238.139.35 - - [19/Apr/2023:10:06:01 +0800] "GET /xingrg/kc/buy/cgsh_order_operate.html?command=get_materiel&rest_code=00150&code=00102010101&supplier_code=00100151&order_time=2023-04-19 HTTP/1.1" 200 408
116.224.158.100 - - [19/Apr/2023:10:06:04 +0800] "GET /xingrg/check_reg.html?_=1681869805980 HTTP/1.1" 200 22
116.224.158.100 - - [19/Apr/2023:10:06:04 +0800] "GET /xingrg/all/function/internal_message.html?_=1681869805981&CODE_STATE=getMsg HTTP/1.1" 200 27
114.85.98.23 - - [19/Apr/2023:10:06:13 +0800] "GET /xingrg/all/function/internal_message.html?_=1681869973237&CODE_STATE=getMsg HTTP/1.1" 200 27
116.224.158.100 - - [19/Apr/2023:10:06:15 +0800] "GET /xingrg/all/function/internal_message.html?_=1681869977912&CODE_STATE=getMsg HTTP/1.1" 200 27
101.229.22.234 - - [19/Apr/2023:10:06:15 +0800] "GET /xingrg/all/function/internal_message.html?_=1681869975668&CODE_STATE=getMsg HTTP/1.1" 200 27
116.224.106.218 - - [19/Apr/2023:10:06:17 +0800] "GET /xingrg/all/function/internal_message.html?_=1681869975843&CODE_STATE=getMsg HTTP/1.1" 200 27
180.163.30.27 - - [19/Apr/2023:10:06:17 +0800] "GET /xingrg/all/function/internal_message.html?_=1681869915535&CODE_STATE=getMsg HTTP/1.1" 302 -
180.163.30.27 - - [19/Apr/2023:10:06:17 +0800] "GET /xingrg/login.html HTTP/1.1" 200 7641
124.78.155.63 - - [19/Apr/2023:10:06:17 +0800] "GET /xingrg/all/function/internal_message.html?_=1681869975506&CODE_STATE=getMsg HTTP/1.1" 200 27
114.84.144.20 - - [19/Apr/2023:10:06:18 +0800] "GET /xingrg/all/function/internal_message.html?_=1681869976747&CODE_STATE=getMsg HTTP/1.1" 200 27
180.169.147.146 - - [19/Apr/2023:10:06:21 +0800] "GET /xingrg/check_reg.html?_=1681869981387 HTTP/1.1" 200 22
180.169.147.146 - - [19/Apr/2023:10:06:21 +0800] "GET /xingrg/all/function/internal_message.html?_=1681869981389&CODE_STATE=getMsg HTTP/1.1" 200 27
116.238.139.35 - - [19/Apr/2023:10:06:37 +0800] "GET /xingrg/kc/buy/cgsh_order_operate.html?command=get_materiel&rest_code=00150&code=00102009587&supplier_code=00100151&order_time=2023-04-19 HTTP/1.1" 200 408
116.238.139.35 - - [19/Apr/2023:10:06:40 +0800] "GET /xingrg/all/function/internal_message.html?_=1681870000183&CODE_STATE=getMsg HTTP/1.1" 200 27
58.221.95.50 - - [19/Apr/2023:10:06:46 +0800] "GET /xingrg/all/function/internal_message.html?_=1681870007295&CODE_STATE=getMsg HTTP/1.1" 200 27
116.227.208.255 - - [19/Apr/2023:10:06:50 +0800] "GET /xingrg/all/function/internal_message.html?_=1681870010322&CODE_STATE=getMsg HTTP/1.1" 200 27
116.238.139.35 - - [19/Apr/2023:10:06:55 +0800] "GET /xingrg/kc/buy/cgsh_order_operate.html?command=get_materiel&rest_code=00150&code=00102009607&supplier_code=00100151&order_time=2023-04-19 HTTP/1.1" 200 413
116.227.208.255 - - [19/Apr/2023:10:06:57 +0800] "GET /xingrg/all/function/internal_message.html?_=1681870093931&CODE_STATE=getMsg HTTP/1.1" 200 27
222.70.244.216 - - [19/Apr/2023:10:06:58 +0800] "GET /xingrg/all/function/internal_message.html?_=1681870028131&CODE_STATE=getMsg HTTP/1.1" 200 27
116.224.158.100 - - [19/Apr/2023:10:07:04 +0800] "GET /xingrg/all/function/internal_message.html?_=1681869865979&CODE_STATE=getMsg HTTP/1.1" 200 27
114.85.98.23 - - [19/Apr/2023:10:07:13 +0800] "GET /xingrg/check_reg.html?_=1681870033230 HTTP/1.1" 200 22
114.85.98.23 - - [19/Apr/2023:10:07:13 +0800] "GET /xingrg/all/function/internal_message.html?_=1681870033232&CODE_STATE=getMsg HTTP/1.1" 200 27
116.224.158.100 - - [19/Apr/2023:10:07:15 +0800] "GET /xingrg/all/function/internal_message.html?_=1681870037913&CODE_STATE=getMsg HTTP/1.1" 200 27
101.229.22.234 - - [19/Apr/2023:10:07:15 +0800] "GET /xingrg/all/function/internal_message.html?_=1681870035666&CODE_STATE=getMsg HTTP/1.1" 200 27
116.224.106.218 - - [19/Apr/2023:10:07:17 +0800] "GET /xingrg/all/function/internal_message.html?_=1681870035842&CODE_STATE=getMsg HTTP/1.1" 200 27
180.163.30.76 - - [19/Apr/2023:10:07:17 +0800] "GET /xingrg/all/function/internal_message.html?_=1681869975506&CODE_STATE=getMsg HTTP/1.1" 302 -
180.163.30.76 - - [19/Apr/2023:10:07:17 +0800] "GET /xingrg/login.html HTTP/1.1" 200 7641
124.78.155.63 - - [19/Apr/2023:10:07:17 +0800] "GET /xingrg/all/function/internal_message.html?_=1681870035476&CODE_STATE=getMsg HTTP/1.1" 200 27
114.84.144.20 - - [19/Apr/2023:10:07:18 +0800] "GET /xingrg/all/function/internal_message.html?_=1681870036758&CODE_STATE=getMsg HTTP/1.1" 200 27
180.169.147.146 - - [19/Apr/2023:10:07:21 +0800] "GET /xingrg/all/function/internal_message.html?_=1681870041391&CODE_STATE=getMsg HTTP/1.1" 200 27
116.238.139.35 - - [19/Apr/2023:10:07:39 +0800] "GET /xingrg/kc/buy/cgsh_order_operate.html?command=get_materiel&rest_code=00150&code=00102002383&supplier_code=00100151&order_time=2023-04-19 HTTP/1.1" 200 410
116.238.139.35 - - [19/Apr/2023:10:07:40 +0800] "GET /xingrg/all/function/internal_message.html?_=1681870060182&CODE_STATE=getMsg HTTP/1.1" 200 27
58.221.95.50 - - [19/Apr/2023:10:07:46 +0800] "GET /xingrg/all/function/internal_message.html?_=1681870067269&CODE_STATE=getMsg HTTP/1.1" 200 27
116.227.208.255 - - [19/Apr/2023:10:07:50 +0800] "GET /xingrg/all/function/internal_message.html?_=1681870070319&CODE_STATE=getMsg HTTP/1.1" 200 27
116.227.208.255 - - [19/Apr/2023:10:07:57 +0800] "GET /xingrg/all/function/internal_message.html?_=1681870153926&CODE_STATE=getMsg HTTP/1.1" 200 27
222.70.244.216 - - [19/Apr/2023:10:07:58 +0800] "GET /xingrg/all/function/internal_message.html?_=1681870088146&CODE_STATE=getMsg HTTP/1.1" 200 27
116.224.158.100 - - [19/Apr/2023:10:08:04 +0800] "GET /xingrg/all/function/internal_message.html?_=1681869925978&CODE_STATE=getMsg HTTP/1.1" 200 27
114.85.98.23 - - [19/Apr/2023:10:08:13 +0800] "GET /xingrg/all/function/internal_message.html?_=1681870093248&CODE_STATE=getMsg HTTP/1.1" 200 27
116.224.158.100 - - [19/Apr/2023:10:08:15 +0800] "GET /xingrg/all/function/internal_message.html?_=1681870097914&CODE_STATE=getMsg HTTP/1.1" 200 27
101.229.22.234 - - [19/Apr/2023:10:08:15 +0800] "GET /xingrg/all/function/internal_message.html?_=1681870095665&CODE_STATE=getMsg HTTP/1.1" 200 27
116.224.106.218 - - [19/Apr/2023:10:08:17 +0800] "GET /xingrg/all/function/internal_message.html?_=1681870095842&CODE_STATE=getMsg HTTP/1.1" 200 27
124.78.155.63 - - [19/Apr/2023:10:08:17 +0800] "GET /xingrg/all/function/internal_message.html?_=1681870095472&CODE_STATE=getMsg HTTP/1.1" 200 27
114.84.144.20 - - [19/Apr/2023:10:08:18 +0800] "GET /xingrg/all/function/internal_message.html?_=1681870096751&CODE_STATE=getMsg HTTP/1.1" 200 27
180.169.147.146 - - [19/Apr/2023:10:08:21 +0800] "GET /xingrg/all/function/internal_message.html?_=1681870101375&CODE_STATE=getMsg HTTP/1.1" 200 27
116.238.139.35 - - [19/Apr/2023:10:08:26 +0800] "GET /xingrg/kc/buy/cgsh_order_operate.html?command=get_materiel&rest_code=00150&code=00102010147&supplier_code=00100151&order_time=2023-04-19 HTTP/1.1" 200 412
116.238.139.35 - - [19/Apr/2023:10:08:40 +0800] "GET /xingrg/all/function/internal_message.html?_=1681870120176&CODE_STATE=getMsg HTTP/1.1" 200 27
116.238.139.35 - - [19/Apr/2023:10:08:44 +0800] "GET /xingrg/kc/buy/cgsh_order_operate.html?command=get_materiel&rest_code=00150&code=00102010779&supplier_code=00100151&order_time=2023-04-19 HTTP/1.1" 200 412
58.221.95.50 - - [19/Apr/2023:10:08:46 +0800] "GET /xingrg/all/function/internal_message.html?_=1681870127250&CODE_STATE=getMsg HTTP/1.1" 200 27
116.227.208.255 - - [19/Apr/2023:10:08:50 +0800] "GET /xingrg/all/function/internal_message.html?_=1681870130310&CODE_STATE=getMsg HTTP/1.1" 200 27
116.227.208.255 - - [19/Apr/2023:10:08:57 +0800] "GET /xingrg/all/function/internal_message.html?_=1681870213915&CODE_STATE=getMsg HTTP/1.1" 200 27
222.70.244.216 - - [19/Apr/2023:10:08:58 +0800] "GET /xingrg/all/function/internal_message.html?_=1681870148157&CODE_STATE=getMsg HTTP/1.1" 200 27
58.221.95.50 - - [19/Apr/2023:10:09:02 +0800] "GET /xingrg/check_reg.html?_=1681870144065 HTTP/1.1" 200 22
116.224.158.100 - - [19/Apr/2023:10:09:04 +0800] "GET /xingrg/all/function/internal_message.html?_=1681869985976&CODE_STATE=getMsg HTTP/1.1" 200 27
124.78.155.63 - - [19/Apr/2023:10:09:05 +0800] "POST /xingrg/kc/buy/cgsh_order_operate.html HTTP/1.1" 200 37
114.85.98.23 - - [19/Apr/2023:10:09:13 +0800] "GET /xingrg/all/function/internal_message.html?_=1681870153243&CODE_STATE=getMsg HTTP/1.1" 200 27
124.78.155.63 - - [19/Apr/2023:10:09:15 +0800] "POST /xingrg/kc/buy/cgsh_order_operate.html HTTP/1.1" 200 12
116.224.158.100 - - [19/Apr/2023:10:09:15 +0800] "GET /xingrg/all/function/internal_message.html?_=1681870157909&CODE_STATE=getMsg HTTP/1.1" 200 27
101.229.22.234 - - [19/Apr/2023:10:09:15 +0800] "GET /xingrg/all/function/internal_message.html?_=1681870155676&CODE_STATE=getMsg HTTP/1.1" 200 27
101.229.22.234 - - [19/Apr/2023:10:09:15 +0800] "GET /xingrg/check_reg.html?_=1681870155679 HTTP/1.1" 200 22
116.224.106.218 - - [19/Apr/2023:10:09:17 +0800] "GET /xingrg/check_reg.html?_=1681870155842 HTTP/1.1" 200 22
180.163.29.219 - - [19/Apr/2023:10:09:17 +0800] "GET /xingrg/all/function/internal_message.html?_=1681870095472&CODE_STATE=getMsg HTTP/1.1" 302 -
116.224.106.218 - - [19/Apr/2023:10:09:17 +0800] "GET /xingrg/all/function/internal_message.html?_=1681870155851&CODE_STATE=getMsg HTTP/1.1" 200 27
124.78.155.63 - - [19/Apr/2023:10:09:17 +0800] "GET /xingrg/all/function/internal_message.html?_=1681870155449&CODE_STATE=getMsg HTTP/1.1" 200 27
180.163.29.219 - - [19/Apr/2023:10:09:17 +0800] "GET /xingrg/login.html HTTP/1.1" 200 7641
124.78.155.63 - - [19/Apr/2023:10:09:17 +0800] "GET /xingrg/kc/buy/cgsh_order_info.html?code=212023041906364 HTTP/1.1" 200 65637
114.84.144.20 - - [19/Apr/2023:10:09:18 +0800] "GET /xingrg/all/function/internal_message.html?_=1681870156743&CODE_STATE=getMsg HTTP/1.1" 200 27
114.84.144.20 - - [19/Apr/2023:10:09:18 +0800] "GET /xingrg/check_reg.html?_=1681870156745 HTTP/1.1" 200 22
124.78.155.63 - - [19/Apr/2023:10:09:19 +0800] "GET /xingrg/check_reg.html?_=1681870157232 HTTP/1.1" 200 22
124.78.155.63 - - [19/Apr/2023:10:09:19 +0800] "GET /xingrg/javascript/easyui/themes/default/validatebox.css HTTP/1.1" 404 1104
124.78.155.63 - - [19/Apr/2023:10:09:20 +0800] "POST /xingrg/kc/buy/cgsh_order_operate.html HTTP/1.1" 200 23641
180.169.147.146 - - [19/Apr/2023:10:09:21 +0800] "GET /xingrg/all/function/internal_message.html?_=1681870161370&CODE_STATE=getMsg HTTP/1.1" 200 27
124.78.155.63 - - [19/Apr/2023:10:09:26 +0800] "GET /xingrg/kc/print/load_config.html?kc_code=cgsh HTTP/1.1" 200 1925
124.78.155.63 - - [19/Apr/2023:10:09:26 +0800] "GET /xingrg/kc/print/load_data.html?order_code=212023041906364&kc_code=cgsh&condition= HTTP/1.1" 200 9467
116.238.139.35 - - [19/Apr/2023:10:09:40 +0800] "GET /xingrg/all/function/internal_message.html?_=1681870180201&CODE_STATE=getMsg HTTP/1.1" 200 27
124.78.155.63 - - [19/Apr/2023:10:09:42 +0800] "GET /xingrg/kc/print/load_data.html?order_code=212023041906364&kc_code=cgsh HTTP/1.1" 200 9467
58.221.95.50 - - [19/Apr/2023:10:09:46 +0800] "GET /xingrg/all/function/internal_message.html?_=1681870187229&CODE_STATE=getMsg HTTP/1.1" 200 27
116.227.208.255 - - [19/Apr/2023:10:09:50 +0800] "GET /xingrg/all/function/internal_message.html?_=1681870190332&CODE_STATE=getMsg HTTP/1.1" 200 27
116.227.208.255 - - [19/Apr/2023:10:09:50 +0800] "GET /xingrg/check_reg.html?_=1681870190334 HTTP/1.1" 200 22
116.227.208.255 - - [19/Apr/2023:10:09:57 +0800] "GET /xingrg/check_reg.html?_=1681870273941 HTTP/1.1" 200 22
116.227.208.255 - - [19/Apr/2023:10:09:57 +0800] "GET /xingrg/all/function/internal_message.html?_=1681870273938&CODE_STATE=getMsg HTTP/1.1" 200 27
222.70.244.216 - - [19/Apr/2023:10:09:58 +0800] "GET /xingrg/all/function/internal_message.html?_=1681870208572&CODE_STATE=getMsg HTTP/1.1" 200 27
116.224.158.100 - - [19/Apr/2023:10:10:04 +0800] "GET /xingrg/all/function/internal_message.html?_=1681870045974&CODE_STATE=getMsg HTTP/1.1" 200 27
114.85.98.23 - - [19/Apr/2023:10:10:13 +0800] "GET /xingrg/all/function/internal_message.html?_=1681870213236&CODE_STATE=getMsg HTTP/1.1" 200 27
116.224.158.100 - - [19/Apr/2023:10:10:15 +0800] "GET /xingrg/all/function/internal_message.html?_=1681870217918&CODE_STATE=getMsg HTTP/1.1" 200 27
116.224.158.100 - - [19/Apr/2023:10:10:15 +0800] "GET /xingrg/check_reg.html?_=1681870217921 HTTP/1.1" 200 22
101.229.22.234 - - [19/Apr/2023:10:10:15 +0800] "GET /xingrg/all/function/internal_message.html?_=1681870215677&CODE_STATE=getMsg HTTP/1.1" 200 27
116.224.106.218 - - [19/Apr/2023:10:10:17 +0800] "GET /xingrg/all/function/internal_message.html?_=1681870215850&CODE_STATE=getMsg HTTP/1.1" 200 27
180.163.28.143 - - [19/Apr/2023:10:10:17 +0800] "GET /xingrg/all/function/internal_message.html?_=1681870155449&CODE_STATE=getMsg HTTP/1.1" 302 -
180.163.28.143 - - [19/Apr/2023:10:10:17 +0800] "GET /xingrg/login.html HTTP/1.1" 200 7641
124.78.155.63 - - [19/Apr/2023:10:10:17 +0800] "GET /xingrg/all/function/internal_message.html?_=1681870215543&CODE_STATE=getMsg HTTP/1.1" 200 27
114.84.144.20 - - [19/Apr/2023:10:10:18 +0800] "GET /xingrg/all/function/internal_message.html?_=1681870216760&CODE_STATE=getMsg HTTP/1.1" 200 27
180.163.29.79 - - [19/Apr/2023:10:10:19 +0800] "GET /xingrg/check_reg.html?_=1681870157232 HTTP/1.1" 302 -
180.163.29.79 - - [19/Apr/2023:10:10:19 +0800] "GET /xingrg/login.html HTTP/1.1" 200 7641
180.169.147.146 - - [19/Apr/2023:10:10:21 +0800] "GET /xingrg/all/function/internal_message.html?_=1681870221366&CODE_STATE=getMsg HTTP/1.1" 200 27
116.238.139.35 - - [19/Apr/2023:10:10:22 +0800] "GET /xingrg/kc/buy/cgsh_order_operate.html?command=get_materiel&rest_code=00150&code=00102009867&supplier_code=00100151&order_time=2023-04-19 HTTP/1.1" 200 412
180.163.28.143 - - [19/Apr/2023:10:10:26 +0800] "GET /xingrg/kc/print/load_data.html?order_code=212023041906364&kc_code=cgsh&condition= HTTP/1.1" 302 -
180.163.28.143 - - [19/Apr/2023:10:10:26 +0800] "GET /xingrg/login.html HTTP/1.1" 200 7641
116.238.139.35 - - [19/Apr/2023:10:10:40 +0800] "GET /xingrg/check_reg.html?_=1681870240189 HTTP/1.1" 200 22
116.238.139.35 - - [19/Apr/2023:10:10:40 +0800] "GET /xingrg/all/function/internal_message.html?_=1681870240193&CODE_STATE=getMsg HTTP/1.1" 200 27
180.163.28.68 - - [19/Apr/2023:10:10:41 +0800] "GET /xingrg/kc/print/load_data.html?order_code=212023041906364&kc_code=cgsh HTTP/1.1" 302 -
180.163.28.68 - - [19/Apr/2023:10:10:41 +0800] "GET /xingrg/login.html HTTP/1.1" 200 7641
58.221.95.50 - - [19/Apr/2023:10:10:46 +0800] "GET /xingrg/all/function/internal_message.html?_=1681870247204&CODE_STATE=getMsg HTTP/1.1" 200 27
124.78.155.63 - - [19/Apr/2023:10:10:49 +0800] "GET /xingrg/kc/buy/cgsh_order_add.html HTTP/1.1" 200 70727
124.78.155.63 - - [19/Apr/2023:10:10:50 +0800] "POST /xingrg/kc/buy/cgsh_order_operate.html HTTP/1.1" 200 8245
124.78.155.63 - - [19/Apr/2023:10:10:50 +0800] "GET /xingrg/javascript/easyui/themes/default/validatebox.css HTTP/1.1" 404 1104
116.227.208.255 - - [19/Apr/2023:10:10:50 +0800] "GET /xingrg/all/function/internal_message.html?_=1681870250335&CODE_STATE=getMsg HTTP/1.1" 200 27
124.78.155.63 - - [19/Apr/2023:10:10:51 +0800] "GET /xingrg/javascript/easyui/themes/default/tree.css HTTP/1.1" 404 1090
124.78.155.63 - - [19/Apr/2023:10:10:52 +0800] "POST /xingrg/all/common/load_tree.html?tree=supplier_tree_json&isDelete=1 HTTP/1.1" 200 72661
222.70.244.216 - - [19/Apr/2023:10:10:56 +0800] "GET /xingrg/check_reg.html?_=1681870265720 HTTP/1.1" 200 22
116.227.208.255 - - [19/Apr/2023:10:10:57 +0800] "GET /xingrg/all/function/internal_message.html?_=1681870333915&CODE_STATE=getMsg HTTP/1.1" 200 27
222.70.244.216 - - [19/Apr/2023:10:10:58 +0800] "GET /xingrg/all/function/internal_message.html?_=1681870268575&CODE_STATE=getMsg HTTP/1.1" 200 27
116.224.158.100 - - [19/Apr/2023:10:11:04 +0800] "GET /xingrg/all/function/internal_message.html?_=1681870105973&CODE_STATE=getMsg HTTP/1.1" 200 27
116.224.158.100 - - [19/Apr/2023:10:11:04 +0800] "GET /xingrg/check_reg.html?_=1681870105974 HTTP/1.1" 200 22
124.78.155.63 - - [19/Apr/2023:10:11:08 +0800] "GET /xingrg/kc/buy/cgsh_order_operate.html?command=get_materiel&rest_code=00106&code=00101006240&supplier_code=00100015&order_time=2023-04-19 HTTP/1.1" 200 422
114.85.98.23 - - [19/Apr/2023:10:11:13 +0800] "GET /xingrg/all/function/internal_message.html?_=1681870273236&CODE_STATE=getMsg HTTP/1.1" 200 27
222.70.244.216 - - [19/Apr/2023:10:11:15 +0800] "GET /xingrg/kc/base/wldb_order_add.html HTTP/1.1" 200 30387
116.224.158.100 - - [19/Apr/2023:10:11:15 +0800] "GET /xingrg/all/function/internal_message.html?_=1681870277921&CODE_STATE=getMsg HTTP/1.1" 200 27
101.229.22.234 - - [19/Apr/2023:10:11:15 +0800] "GET /xingrg/all/function/internal_message.html?_=1681870275676&CODE_STATE=getMsg HTTP/1.1" 200 27
222.70.244.216 - - [19/Apr/2023:10:11:16 +0800] "POST /xingrg/kc/base/wldb_order_operate.html HTTP/1.1" 200 6806
222.70.244.216 - - [19/Apr/2023:10:11:16 +0800] "GET /xingrg/javascript/easyui/themes/default/validatebox.css HTTP/1.1" 404 1104
116.224.106.218 - - [19/Apr/2023:10:11:17 +0800] "GET /xingrg/all/function/internal_message.html?_=1681870275850&CODE_STATE=getMsg HTTP/1.1" 200 27
124.78.155.63 - - [19/Apr/2023:10:11:17 +0800] "GET /xingrg/all/function/internal_message.html?_=1681870275570&CODE_STATE=getMsg HTTP/1.1" 200 27
180.163.28.55 - - [19/Apr/2023:10:11:17 +0800] "GET /xingrg/all/function/internal_message.html?_=1681870215543&CODE_STATE=getMsg HTTP/1.1" 302 -
180.163.28.55 - - [19/Apr/2023:10:11:17 +0800] "GET /xingrg/login.html HTTP/1.1" 200 7641
114.84.144.20 - - [19/Apr/2023:10:11:18 +0800] "GET /xingrg/all/function/internal_message.html?_=1681870276758&CODE_STATE=getMsg HTTP/1.1" 200 27
180.169.147.146 - - [19/Apr/2023:10:11:21 +0800] "GET /xingrg/check_reg.html?_=1681870281359 HTTP/1.1" 200 22
180.169.147.146 - - [19/Apr/2023:10:11:21 +0800] "GET /xingrg/all/function/internal_message.html?_=1681870281361&CODE_STATE=getMsg HTTP/1.1" 200 27
124.78.155.63 - - [19/Apr/2023:10:11:21 +0800] "GET /xingrg/kc/buy/cgsh_order_operate.html?command=get_materiel&rest_code=00106&code=00101006006&supplier_code=00100015&order_time=2023-04-19 HTTP/1.1" 200 411
116.224.158.100 - - [19/Apr/2023:10:11:36 +0800] "POST /xingrg/services/DataTransmitService HTTP/1.1" 200 524
116.224.158.100 - - [19/Apr/2023:10:11:38 +0800] "POST /xingrg/services/DataTransmitService HTTP/1.1" 200 412
116.238.139.35 - - [19/Apr/2023:10:11:40 +0800] "GET /xingrg/all/function/internal_message.html?_=1681870300189&CODE_STATE=getMsg HTTP/1.1" 200 27
58.221.95.50 - - [19/Apr/2023:10:11:46 +0800] "GET /xingrg/all/function/internal_message.html?_=1681870307191&CODE_STATE=getMsg HTTP/1.1" 200 27
116.227.208.255 - - [19/Apr/2023:10:11:50 +0800] "GET /xingrg/all/function/internal_message.html?_=1681870310331&CODE_STATE=getMsg HTTP/1.1" 200 27
222.70.244.216 - - [19/Apr/2023:10:11:54 +0800] "GET /xingrg/kc/buy/cgsh_order_list.html HTTP/1.1" 200 54951
116.227.208.255 - - [19/Apr/2023:10:11:57 +0800] "GET /xingrg/all/function/internal_message.html?_=1681870393919&CODE_STATE=getMsg HTTP/1.1" 200 27
222.70.244.216 - - [19/Apr/2023:10:11:57 +0800] "POST /xingrg/kc/buy/cgsh_list_operate.html HTTP/1.1" 200 986
222.70.244.216 - - [19/Apr/2023:10:11:58 +0800] "GET /xingrg/all/function/internal_message.html?_=1681870328589&CODE_STATE=getMsg HTTP/1.1" 200 27
222.70.244.216 - - [19/Apr/2023:10:11:59 +0800] "GET /xingrg/kc/buy/cgsh_order_add.html HTTP/1.1" 200 70727
222.70.244.216 - - [19/Apr/2023:10:11:59 +0800] "POST /xingrg/kc/buy/cgsh_order_operate.html HTTP/1.1" 200 8245
222.70.244.216 - - [19/Apr/2023:10:12:00 +0800] "GET /xingrg/all/common/auto_word.html?type=employee&rest_code=00146 HTTP/1.1" 200 101
222.70.244.216 - - [19/Apr/2023:10:12:00 +0800] "GET /xingrg/javascript/easyui/themes/default/validatebox.css HTTP/1.1" 404 1104
222.70.244.216 - - [19/Apr/2023:10:12:00 +0800] "GET /xingrg/all/common/auto_word.html?type=employee&rest_code=00146 HTTP/1.1" 200 101
124.78.155.63 - - [19/Apr/2023:10:12:02 +0800] "GET /xingrg/kc/buy/cgsh_order_operate.html?command=get_materiel&rest_code=00106&code=00101006109&supplier_code=00100015&order_time=2023-04-19 HTTP/1.1" 200 409
116.224.158.100 - - [19/Apr/2023:10:12:04 +0800] "GET /xingrg/all/function/internal_message.html?_=1681870165975&CODE_STATE=getMsg HTTP/1.1" 200 27
180.163.30.27 - - [19/Apr/2023:10:12:06 +0800] "GET /xingrg/kc/buy/cgsh_order_operate.html?command=get_materiel&rest_code=00106&code=00101006240&supplier_code=00100015&order_time=2023-04-19 HTTP/1.1" 302 -
180.163.30.27 - - [19/Apr/2023:10:12:06 +0800] "GET /xingrg/login.html HTTP/1.1" 200 7641
114.85.98.23 - - [19/Apr/2023:10:12:13 +0800] "GET /xingrg/check_reg.html?_=1681870333231 HTTP/1.1" 200 22
114.85.98.23 - - [19/Apr/2023:10:12:13 +0800] "GET /xingrg/all/function/internal_message.html?_=1681870333234&CODE_STATE=getMsg HTTP/1.1" 200 27
116.224.158.100 - - [19/Apr/2023:10:12:15 +0800] "GET /xingrg/all/function/internal_message.html?_=1681870337922&CODE_STATE=getMsg HTTP/1.1" 200 27
101.229.22.234 - - [19/Apr/2023:10:12:15 +0800] "GET /xingrg/all/function/internal_message.html?_=1681870335678&CODE_STATE=getMsg HTTP/1.1" 200 27
116.224.106.218 - - [19/Apr/2023:10:12:17 +0800] "GET /xingrg/all/function/internal_message.html?_=1681870335850&CODE_STATE=getMsg HTTP/1.1" 200 27
124.78.155.63 - - [19/Apr/2023:10:12:17 +0800] "GET /xingrg/all/function/internal_message.html?_=1681870335545&CODE_STATE=getMsg HTTP/1.1" 200 27
180.163.28.68 - - [19/Apr/2023:10:12:18 +0800] "GET /xingrg/kc/buy/cgsh_order_operate.html?command=get_materiel&rest_code=00106&code=00101006006&supplier_code=00100015&order_time=2023-04-19 HTTP/1.1" 302 -
180.163.28.68 - - [19/Apr/2023:10:12:18 +0800] "GET /xingrg/login.html HTTP/1.1" 200 7641
114.84.144.20 - - [19/Apr/2023:10:12:18 +0800] "GET /xingrg/all/function/internal_message.html?_=1681870336757&CODE_STATE=getMsg HTTP/1.1" 200 27
222.70.244.216 - - [19/Apr/2023:10:12:20 +0800] "GET /xingrg/kc/buy/cgsh_order_operate.html?command=get_materiel&rest_code=00146&code=00101008072&supplier_code=00100005&order_time=2023-04-19 HTTP/1.1" 200 408
180.169.147.146 - - [19/Apr/2023:10:12:21 +0800] "GET /xingrg/all/function/internal_message.html?_=1681870341349&CODE_STATE=getMsg HTTP/1.1" 200 27
114.83.222.182 - - [19/Apr/2023:10:12:22 +0800] "GET /xingrg/login.html HTTP/1.1" 200 7641
114.83.222.182 - - [19/Apr/2023:10:12:22 +0800] "GET /favicon.ico HTTP/1.1" 404 -
114.83.222.182 - - [19/Apr/2023:10:12:25 +0800] "POST /xingrg/login.do HTTP/1.1" 302 -
114.83.222.182 - - [19/Apr/2023:10:12:25 +0800] "GET /xingrg/index.html?sysBaseUrl=http%3A%2F%2F180.169.147.146%3A18081%2Fxingrg%2F&costTime=812×tamp=1681870345230 HTTP/1.1" 200 17179
114.83.222.182 - - [19/Apr/2023:10:12:25 +0800] "GET /favicon.ico HTTP/1.1" 404 -
114.83.222.182 - - [19/Apr/2023:10:12:25 +0800] "GET /xingrg/all/function/internal_message.html?_=1681870433975&CODE_STATE=count HTTP/1.1" 200 11
114.83.222.182 - - [19/Apr/2023:10:12:25 +0800] "GET /xingrg/check_reg.html?_=1681870433976 HTTP/1.1" 200 22
114.83.222.182 - - [19/Apr/2023:10:12:25 +0800] "POST /xingrg/all/common/load_tree.html?tree=area_rest_tree_json&manage=1 HTTP/1.1" 200 351
114.83.222.182 - - [19/Apr/2023:10:12:25 +0800] "POST /xingrg/load_menu.html HTTP/1.1" 200 5138
114.83.222.182 - - [19/Apr/2023:10:12:32 +0800] "GET /xingrg/kc/base/yddb_order_list.html HTTP/1.1" 200 16710
114.83.222.182 - - [19/Apr/2023:10:12:32 +0800] "POST /xingrg/kc/base/yddb_list_operate.html HTTP/1.1" 200 636
124.78.155.63 - - [19/Apr/2023:10:12:34 +0800] "GET /xingrg/kc/buy/cgsh_order_operate.html?command=get_materiel&rest_code=00106&code=00101006111&supplier_code=00100015&order_time=2023-04-19 HTTP/1.1" 200 409
114.83.222.182 - - [19/Apr/2023:10:12:37 +0800] "POST /xingrg/kc/base/yddb_list_operate.html HTTP/1.1" 200 1349
116.238.139.35 - - [19/Apr/2023:10:12:40 +0800] "GET /xingrg/all/function/internal_message.html?_=1681870360189&CODE_STATE=getMsg HTTP/1.1" 200 27
58.221.95.50 - - [19/Apr/2023:10:12:45 +0800] "GET /xingrg/all/function/internal_message.html?_=1681870367176&CODE_STATE=getMsg HTTP/1.1" 200 27
116.227.208.255 - - [19/Apr/2023:10:12:50 +0800] "GET /xingrg/all/function/internal_message.html?_=1681870370331&CODE_STATE=getMsg HTTP/1.1" 200 27
222.70.244.216 - - [19/Apr/2023:10:12:52 +0800] "GET /xingrg/kc/buy/cgsh_order_operate.html?command=get_materiel&rest_code=00146&code=00101008049&supplier_code=00100005&order_time=2023-04-19 HTTP/1.1" 200 408
116.227.208.255 - - [19/Apr/2023:10:12:57 +0800] "GET /xingrg/all/function/internal_message.html?_=1681870453911&CODE_STATE=getMsg HTTP/1.1" 200 27
222.70.244.216 - - [19/Apr/2023:10:12:58 +0800] "GET /xingrg/all/function/internal_message.html?_=1681870388601&CODE_STATE=getMsg HTTP/1.1" 200 27
116.224.158.100 - - [19/Apr/2023:10:13:04 +0800] "GET /xingrg/all/function/internal_message.html?_=1681870226001&CODE_STATE=getMsg HTTP/1.1" 200 27
114.85.98.23 - - [19/Apr/2023:10:13:13 +0800] "GET /xingrg/all/function/internal_message.html?_=1681870393233&CODE_STATE=getMsg HTTP/1.1" 200 27
116.224.158.100 - - [19/Apr/2023:10:13:15 +0800] "GET /xingrg/all/function/internal_message.html?_=1681870397908&CODE_STATE=getMsg HTTP/1.1" 200 27
101.229.22.234 - - [19/Apr/2023:10:13:15 +0800] "GET /xingrg/all/function/internal_message.html?_=1681870395703&CODE_STATE=getMsg HTTP/1.1" 200 27
116.224.106.218 - - [19/Apr/2023:10:13:17 +0800] "GET /xingrg/all/function/internal_message.html?_=1681870395851&CODE_STATE=getMsg HTTP/1.1" 200 27
124.78.155.63 - - [19/Apr/2023:10:13:17 +0800] "GET /xingrg/all/function/internal_message.html?_=1681870395535&CODE_STATE=getMsg HTTP/1.1" 200 27
114.84.144.20 - - [19/Apr/2023:10:13:18 +0800] "GET /xingrg/all/function/internal_message.html?_=1681870396752&CODE_STATE=getMsg HTTP/1.1" 200 27
124.78.155.63 - - [19/Apr/2023:10:13:20 +0800] "GET /xingrg/kc/buy/cgsh_order_operate.html?command=get_materiel&rest_code=00106&code=00101006129&supplier_code=00100015&order_time=2023-04-19 HTTP/1.1" 200 431
180.169.147.146 - - [19/Apr/2023:10:13:21 +0800] "GET /xingrg/all/function/internal_message.html?_=1681870401338&CODE_STATE=getMsg HTTP/1.1" 200 27
114.83.222.182 - - [19/Apr/2023:10:13:25 +0800] "GET /xingrg/all/function/internal_message.html?_=1681870493986&CODE_STATE=getMsg HTTP/1.1" 200 27
180.163.29.79 - - [19/Apr/2023:10:13:31 +0800] "GET /xingrg/kc/buy/cgsh_order_operate.html?command=get_materiel&rest_code=00106&code=00101006111&supplier_code=00100015&order_time=2023-04-19 HTTP/1.1" 302 -
180.163.29.79 - - [19/Apr/2023:10:13:31 +0800] "GET /xingrg/login.html HTTP/1.1" 200 7641
116.238.139.35 - - [19/Apr/2023:10:13:40 +0800] "GET /xingrg/all/function/internal_message.html?_=1681870420199&CODE_STATE=getMsg HTTP/1.1" 200 27
124.78.155.63 - - [19/Apr/2023:10:13:42 +0800] "GET /xingrg/kc/buy/cgsh_order_operate.html?command=get_materiel&rest_code=00106&code=00101006184&supplier_code=00100015&order_time=2023-04-19 HTTP/1.1" 200 410
58.221.95.50 - - [19/Apr/2023:10:13:45 +0800] "GET /xingrg/all/function/internal_message.html?_=1681870427147&CODE_STATE=getMsg HTTP/1.1" 200 27
116.227.208.255 - - [19/Apr/2023:10:13:50 +0800] "GET /xingrg/all/function/internal_message.html?_=1681870430336&CODE_STATE=getMsg HTTP/1.1" 200 27
116.227.208.255 - - [19/Apr/2023:10:13:57 +0800] "GET /xingrg/all/function/internal_message.html?_=1681870513927&CODE_STATE=getMsg HTTP/1.1" 200 27
222.70.244.216 - - [19/Apr/2023:10:13:58 +0800] "GET /xingrg/all/function/internal_message.html?_=1681870448615&CODE_STATE=getMsg HTTP/1.1" 200 27
58.221.95.50 - - [19/Apr/2023:10:14:02 +0800] "GET /xingrg/check_reg.html?_=1681870444049 HTTP/1.1" 200 22
116.224.158.100 - - [19/Apr/2023:10:14:04 +0800] "GET /xingrg/all/function/internal_message.html?_=1681870285999&CODE_STATE=getMsg HTTP/1.1" 200 27
114.85.98.23 - - [19/Apr/2023:10:14:13 +0800] "GET /xingrg/all/function/internal_message.html?_=1681870453222&CODE_STATE=getMsg HTTP/1.1" 200 27
116.224.158.100 - - [19/Apr/2023:10:14:15 +0800] "GET /xingrg/all/function/internal_message.html?_=1681870457935&CODE_STATE=getMsg HTTP/1.1" 200 27
101.229.22.234 - - [19/Apr/2023:10:14:15 +0800] "GET /xingrg/all/function/internal_message.html?_=1681870455701&CODE_STATE=getMsg HTTP/1.1" 200 27
101.229.22.234 - - [19/Apr/2023:10:14:15 +0800] "GET /xingrg/check_reg.html?_=1681870455702 HTTP/1.1" 200 22
116.224.106.218 - - [19/Apr/2023:10:14:17 +0800] "GET /xingrg/check_reg.html?_=1681870455845 HTTP/1.1" 200 22
116.224.106.218 - - [19/Apr/2023:10:14:17 +0800] "GET /xingrg/all/function/internal_message.html?_=1681870455848&CODE_STATE=getMsg HTTP/1.1" 200 27
180.163.29.212 - - [19/Apr/2023:10:14:17 +0800] "GET /xingrg/all/function/internal_message.html?_=1681870395535&CODE_STATE=getMsg HTTP/1.1" 302 -
180.163.29.212 - - [19/Apr/2023:10:14:17 +0800] "GET /xingrg/login.html HTTP/1.1" 200 7641
124.78.155.63 - - [19/Apr/2023:10:14:17 +0800] "GET /xingrg/all/function/internal_message.html?_=1681870455509&CODE_STATE=getMsg HTTP/1.1" 200 27
114.85.98.23 - - [19/Apr/2023:10:14:17 +0800] "GET /xingrg/kc/base/wldb_order_list.html HTTP/1.1" 200 19098
180.163.30.100 - - [19/Apr/2023:10:14:18 +0800] "GET /xingrg/kc/buy/cgsh_order_operate.html?command=get_materiel&rest_code=00106&code=00101006129&supplier_code=00100015&order_time=2023-04-19 HTTP/1.1" 302 -
180.163.30.100 - - [19/Apr/2023:10:14:18 +0800] "GET /xingrg/login.html HTTP/1.1" 200 7641
114.85.98.23 - - [19/Apr/2023:10:14:18 +0800] "POST /xingrg/kc/base/wldb_list_operate.html HTTP/1.1" 200 928
114.84.144.20 - - [19/Apr/2023:10:14:18 +0800] "GET /xingrg/check_reg.html?_=1681870456743 HTTP/1.1" 200 22
114.84.144.20 - - [19/Apr/2023:10:14:18 +0800] "GET /xingrg/all/function/internal_message.html?_=1681870456745&CODE_STATE=getMsg HTTP/1.1" 200 27
124.78.155.63 - - [19/Apr/2023:10:14:18 +0800] "GET /xingrg/check_reg.html?_=1681870457225 HTTP/1.1" 200 22
114.85.98.23 - - [19/Apr/2023:10:14:19 +0800] "GET /xingrg/kc/base/wldb_order_add.html HTTP/1.1" 200 30377
114.85.98.23 - - [19/Apr/2023:10:14:19 +0800] "POST /xingrg/kc/base/wldb_order_operate.html HTTP/1.1" 200 6806
114.85.98.23 - - [19/Apr/2023:10:14:19 +0800] "GET /xingrg/all/common/auto_word.html?type=base&rest_code=00102 HTTP/1.1" 200 1857
114.85.98.23 - - [19/Apr/2023:10:14:19 +0800] "GET /xingrg/javascript/easyui/themes/default/validatebox.css HTTP/1.1" 404 1104
114.85.98.23 - - [19/Apr/2023:10:14:19 +0800] "GET /xingrg/all/common/auto_word.html?type=base&rest_code=00102 HTTP/1.1" 200 1857
180.169.147.146 - - [19/Apr/2023:10:14:21 +0800] "GET /xingrg/all/function/internal_message.html?_=1681870461349&CODE_STATE=getMsg HTTP/1.1" 200 27
