116.238.139.35 - - [16/Apr/2023:08:59:10 +0800] "POST /xingrg/all/user/operate.html HTTP/1.1" 200 36
116.238.139.35 - - [16/Apr/2023:08:59:10 +0800] "GET /xingrg/index.html?sysBaseUrl=http%3A%2F%2F180.169.147.146%3A18081%2Fxingrg%2F&costTime=805×tamp=1681546412394 HTTP/1.1" 200 17179
116.238.139.35 - - [16/Apr/2023:08:59:10 +0800] "GET /xingrg/javascript/jquery_easy_ui/themes/default/easyui.css HTTP/1.1" 304 -
116.238.139.35 - - [16/Apr/2023:08:59:10 +0800] "GET /xingrg/javascript/jquery_easy_ui/themes/icon.css HTTP/1.1" 304 -
116.238.139.35 - - [16/Apr/2023:08:59:10 +0800] "GET /xingrg/css/form.css HTTP/1.1" 304 -
116.238.139.35 - - [16/Apr/2023:08:59:10 +0800] "GET /xingrg/javascript/jquery-1.4.2.min.js HTTP/1.1" 304 -
116.238.139.35 - - [16/Apr/2023:08:59:10 +0800] "GET /xingrg/javascript/jquery_easy_ui/jquery.easyui.min.js HTTP/1.1" 304 -
116.238.139.35 - - [16/Apr/2023:08:59:10 +0800] "GET /xingrg/javascript/jquery_easy_ui/easyui-lang-zh_CN.js HTTP/1.1" 304 -
116.238.139.35 - - [16/Apr/2023:08:59:10 +0800] "GET /xingrg/javascript/jquery.form.js HTTP/1.1" 304 -
116.238.139.35 - - [16/Apr/2023:08:59:10 +0800] "GET /xingrg/javascript/jquery.utils.js HTTP/1.1" 304 -
116.238.139.35 - - [16/Apr/2023:08:59:10 +0800] "GET /xingrg/javascript/jquery.timers.js HTTP/1.1" 304 -
116.238.139.35 - - [16/Apr/2023:08:59:10 +0800] "GET /xingrg/images/blue/jxLogo.png HTTP/1.1" 304 -
116.238.139.35 - - [16/Apr/2023:08:59:10 +0800] "GET /xingrg/images/blue/navBackgound.jpg HTTP/1.1" 304 -
116.238.139.35 - - [16/Apr/2023:08:59:10 +0800] "GET /xingrg/javascript/jquery_easy_ui/themes/icons/settle_new.png HTTP/1.1" 304 -
116.238.139.35 - - [16/Apr/2023:08:59:10 +0800] "GET /xingrg/all/function/internal_message.html?_=1681606750847&CODE_STATE=count HTTP/1.1" 200 11
116.238.139.35 - - [16/Apr/2023:08:59:10 +0800] "GET /xingrg/check_reg.html?_=1681606750849 HTTP/1.1" 200 22
116.238.139.35 - - [16/Apr/2023:08:59:10 +0800] "GET /xingrg/images/blue/pingpu.png HTTP/1.1" 304 -
116.238.139.35 - - [16/Apr/2023:08:59:10 +0800] "GET /xingrg/javascript/jquery_easy_ui/themes/default/images/panel_tool_collapse.gif HTTP/1.1" 304 -
116.238.139.35 - - [16/Apr/2023:08:59:10 +0800] "GET /xingrg/javascript/jquery_easy_ui/themes/default/images/tabs_rightarrow.png HTTP/1.1" 304 -
116.238.139.35 - - [16/Apr/2023:08:59:10 +0800] "GET /xingrg/javascript/jquery_easy_ui/themes/default/images/tabs_leftarrow.png HTTP/1.1" 304 -
116.238.139.35 - - [16/Apr/2023:08:59:10 +0800] "POST /xingrg/all/common/load_tree.html?tree=area_rest_tree_json&manage=1 HTTP/1.1" 200 476
116.238.139.35 - - [16/Apr/2023:08:59:10 +0800] "POST /xingrg/load_menu.html HTTP/1.1" 200 5138
116.224.158.100 - - [16/Apr/2023:08:59:11 +0800] "GET /xingrg/kc/buy/cgsh_order_operate.html?command=get_materiel&rest_code=00105&code=00101008264&supplier_code=00100203&order_time=2023-04-16 HTTP/1.1" 200 412
222.69.130.254 - - [16/Apr/2023:08:59:12 +0800] "GET /xingrg/kc/buy/cgsh_order_operate.html?command=get_materiel&rest_code=00149&code=00101008028&supplier_code=00100008&order_time=2023-04-16 HTTP/1.1" 200 412
116.238.139.35 - - [16/Apr/2023:08:59:13 +0800] "GET /xingrg/kc/buy/cgsh_order_list.html HTTP/1.1" 200 54677
116.238.139.35 - - [16/Apr/2023:08:59:15 +0800] "POST /xingrg/kc/buy/cgsh_list_operate.html HTTP/1.1" 200 986
222.70.244.216 - - [16/Apr/2023:08:59:16 +0800] "GET /xingrg/kc/buy/cgsh_order_operate.html?command=get_materiel&rest_code=00146&code=00101008290&supplier_code=00100005&order_time=2023-04-16 HTTP/1.1" 200 416
116.238.139.35 - - [16/Apr/2023:08:59:16 +0800] "GET /xingrg/kc/buy/cgsh_order_add.html HTTP/1.1" 200 70497
116.238.139.35 - - [16/Apr/2023:08:59:17 +0800] "POST /xingrg/kc/buy/cgsh_order_operate.html HTTP/1.1" 200 8245
116.238.139.35 - - [16/Apr/2023:08:59:17 +0800] "GET /xingrg/javascript/easyui/themes/default/validatebox.css HTTP/1.1" 404 1104
116.238.139.35 - - [16/Apr/2023:08:59:17 +0800] "GET /xingrg/all/common/auto_word.html?type=employee&rest_code=00150 HTTP/1.1" 200 159
116.238.139.35 - - [16/Apr/2023:08:59:17 +0800] "GET /xingrg/all/common/auto_word.html?type=employee&rest_code=00150 HTTP/1.1" 200 159
222.70.244.216 - - [16/Apr/2023:08:59:17 +0800] "GET /xingrg/all/function/internal_message.html?_=1681606782979&CODE_STATE=getMsg HTTP/1.1" 200 27
116.238.139.35 - - [16/Apr/2023:08:59:18 +0800] "GET /xingrg/javascript/auto/indicator.gif HTTP/1.1" 404 1066
116.224.158.100 - - [16/Apr/2023:08:59:19 +0800] "GET /xingrg/kc/buy/cgsh_order_operate.html?command=get_materiel&rest_code=00105&code=00101008003&supplier_code=00100203&order_time=2023-04-16 HTTP/1.1" 200 408
116.224.158.100 - - [16/Apr/2023:08:59:25 +0800] "GET /xingrg/kc/buy/cgsh_order_operate.html?command=get_materiel&rest_code=00105&code=00101008024&supplier_code=00100203&order_time=2023-04-16 HTTP/1.1" 200 408
116.227.208.255 - - [16/Apr/2023:08:59:25 +0800] "GET /xingrg/all/function/internal_message.html?_=1681606837018&CODE_STATE=getMsg HTTP/1.1" 200 27
116.238.139.35 - - [16/Apr/2023:08:59:26 +0800] "GET /xingrg/kc/buy/cgsh_order_operate.html?command=get_materiel&rest_code=00150&code=00101008323&supplier_code=00100008&order_time=2023-04-16 HTTP/1.1" 200 428
222.69.130.254 - - [16/Apr/2023:08:59:26 +0800] "GET /xingrg/kc/buy/cgsh_order_operate.html?command=get_materiel&rest_code=00149&code=00101008351&supplier_code=00100008&order_time=2023-04-16 HTTP/1.1" 200 427
116.192.124.172 - - [16/Apr/2023:08:59:31 +0800] "GET /xingrg/all/function/internal_message.html?_=1681606771231&CODE_STATE=getMsg HTTP/1.1" 200 27
116.192.124.172 - - [16/Apr/2023:08:59:31 +0800] "GET /xingrg/check_reg.html?_=1681606771233 HTTP/1.1" 200 22
116.224.158.100 - - [16/Apr/2023:08:59:33 +0800] "GET /xingrg/kc/buy/cgsh_order_operate.html?command=get_materiel&rest_code=00105&code=00101008415&supplier_code=00100203&order_time=2023-04-16 HTTP/1.1" 200 412
180.164.3.199 - - [16/Apr/2023:08:59:36 +0800] "GET /xingrg/all/function/internal_message.html?_=1681606776214&CODE_STATE=getMsg HTTP/1.1" 200 27
180.164.3.199 - - [16/Apr/2023:08:59:36 +0800] "GET /xingrg/check_reg.html?_=1681606776216 HTTP/1.1" 200 22
222.69.130.254 - - [16/Apr/2023:08:59:39 +0800] "GET /xingrg/kc/buy/cgsh_order_operate.html?command=get_materiel&rest_code=00149&code=00101008026&supplier_code=00100008&order_time=2023-04-16 HTTP/1.1" 200 409
116.224.158.100 - - [16/Apr/2023:08:59:40 +0800] "GET /xingrg/kc/buy/cgsh_order_operate.html?command=get_materiel&rest_code=00105&code=00101008360&supplier_code=00100203&order_time=2023-04-16 HTTP/1.1" 200 413
222.70.244.216 - - [16/Apr/2023:08:59:40 +0800] "GET /xingrg/all/function/internal_message.html?_=1681606801609&CODE_STATE=getMsg HTTP/1.1" 200 27
116.224.158.100 - - [16/Apr/2023:08:59:42 +0800] "POST /xingrg/kc/buy/cgsh_order_operate.html HTTP/1.1" 200 2065
116.224.158.100 - - [16/Apr/2023:08:59:43 +0800] "POST /xingrg/kc/buy/cgsh_order_operate.html HTTP/1.1" 200 2065
116.224.158.100 - - [16/Apr/2023:08:59:44 +0800] "GET /xingrg/all/function/internal_message.html?_=1681606786070&CODE_STATE=getMsg HTTP/1.1" 200 27
116.238.139.35 - - [16/Apr/2023:08:59:44 +0800] "GET /xingrg/kc/buy/cgsh_order_operate.html?command=get_materiel&rest_code=00150&code=00101008091&supplier_code=00100008&order_time=2023-04-16 HTTP/1.1" 200 412
116.224.158.100 - - [16/Apr/2023:08:59:49 +0800] "GET /xingrg/check_reg.html?_=1681606631230 HTTP/1.1" 200 22
116.224.158.100 - - [16/Apr/2023:08:59:49 +0800] "GET /xingrg/all/function/internal_message.html?_=1681606631233&CODE_STATE=getMsg HTTP/1.1" 200 27
116.224.158.100 - - [16/Apr/2023:08:59:50 +0800] "GET /xingrg/kc/buy/cgsh_order_operate.html?command=get_materiel&rest_code=00105&code=00101008196&supplier_code=00100203&order_time=2023-04-16 HTTP/1.1" 200 416
116.224.106.218 - - [16/Apr/2023:08:59:51 +0800] "GET /xingrg/all/function/internal_message.html?_=1681606790928&CODE_STATE=getMsg HTTP/1.1" 200 27
116.238.139.35 - - [16/Apr/2023:08:59:51 +0800] "GET /xingrg/kc/buy/cgsh_order_operate.html?command=get_materiel&rest_code=00150&code=00101008256&supplier_code=00100008&order_time=2023-04-16 HTTP/1.1" 200 413
222.69.130.254 - - [16/Apr/2023:08:59:51 +0800] "GET /xingrg/kc/buy/cgsh_order_operate.html?command=get_materiel&rest_code=00149&code=00101008312&supplier_code=00100008&order_time=2023-04-16 HTTP/1.1" 200 412
116.224.106.218 - - [16/Apr/2023:08:59:52 +0800] "GET /xingrg/check_reg.html?_=1681606792587 HTTP/1.1" 200 22
222.69.130.254 - - [16/Apr/2023:08:59:54 +0800] "GET /xingrg/all/function/internal_message.html?_=1681606795029&CODE_STATE=getMsg HTTP/1.1" 200 27
116.224.158.100 - - [16/Apr/2023:08:59:57 +0800] "GET /xingrg/kc/buy/cgsh_order_operate.html?command=get_materiel&rest_code=00105&code=00101008136&supplier_code=00100203&order_time=2023-04-16 HTTP/1.1" 200 413
101.229.22.234 - - [16/Apr/2023:09:00:01 +0800] "GET /xingrg/all/function/internal_message.html?_=1681606801292&CODE_STATE=getMsg HTTP/1.1" 200 27
116.224.158.100 - - [16/Apr/2023:09:00:05 +0800] "GET /xingrg/kc/buy/cgsh_order_operate.html?command=get_materiel&rest_code=00105&code=00101008069&supplier_code=00100203&order_time=2023-04-16 HTTP/1.1" 200 412
116.238.139.35 - - [16/Apr/2023:09:00:06 +0800] "GET /xingrg/kc/buy/cgsh_order_operate.html?command=get_materiel&rest_code=00150&code=00101008261&supplier_code=00100008&order_time=2023-04-16 HTTP/1.1" 200 408
116.238.139.35 - - [16/Apr/2023:09:00:10 +0800] "GET /xingrg/all/function/internal_message.html?_=1681606810860&CODE_STATE=getMsg HTTP/1.1" 200 27
116.224.158.100 - - [16/Apr/2023:09:00:11 +0800] "GET /xingrg/kc/buy/cgsh_order_operate.html?command=get_materiel&rest_code=00105&code=00101008131&supplier_code=00100203&order_time=2023-04-16 HTTP/1.1" 200 428
116.238.139.35 - - [16/Apr/2023:09:00:15 +0800] "GET /xingrg/kc/buy/cgsh_order_operate.html?command=get_materiel&rest_code=00150&code=00101008027&supplier_code=00100008&order_time=2023-04-16 HTTP/1.1" 200 428
116.192.124.172 - - [16/Apr/2023:09:00:17 +0800] "POST /xingrg/services/DataTransmitService HTTP/1.1" 200 524
222.70.244.216 - - [16/Apr/2023:09:00:17 +0800] "GET /xingrg/all/function/internal_message.html?_=1681606842992&CODE_STATE=getMsg HTTP/1.1" 200 27
116.224.158.100 - - [16/Apr/2023:09:00:18 +0800] "GET /xingrg/kc/buy/cgsh_order_operate.html?command=get_materiel&rest_code=00105&code=00101008318&supplier_code=00100203&order_time=2023-04-16 HTTP/1.1" 200 408
116.238.139.35 - - [16/Apr/2023:09:00:21 +0800] "GET /xingrg/kc/buy/cgsh_order_operate.html?command=get_materiel&rest_code=00150&code=00101008331&supplier_code=00100008&order_time=2023-04-16 HTTP/1.1" 200 416
116.224.158.100 - - [16/Apr/2023:09:00:25 +0800] "GET /xingrg/kc/buy/cgsh_order_operate.html?command=get_materiel&rest_code=00105&code=00101008352&supplier_code=00100203&order_time=2023-04-16 HTTP/1.1" 200 412
116.227.208.255 - - [16/Apr/2023:09:00:25 +0800] "GET /xingrg/all/function/internal_message.html?_=1681606897006&CODE_STATE=getMsg HTTP/1.1" 200 27
116.238.139.35 - - [16/Apr/2023:09:00:29 +0800] "GET /xingrg/kc/buy/cgsh_order_operate.html?command=get_materiel&rest_code=00150&code=00101008010&supplier_code=00100008&order_time=2023-04-16 HTTP/1.1" 200 412
116.192.124.172 - - [16/Apr/2023:09:00:31 +0800] "GET /xingrg/all/function/internal_message.html?_=1681606831238&CODE_STATE=getMsg HTTP/1.1" 200 27
116.224.158.100 - - [16/Apr/2023:09:00:32 +0800] "GET /xingrg/kc/buy/cgsh_order_operate.html?command=get_materiel&rest_code=00105&code=00101008005&supplier_code=00100203&order_time=2023-04-16 HTTP/1.1" 200 412
222.69.130.254 - - [16/Apr/2023:09:00:34 +0800] "GET /xingrg/kc/buy/cgsh_order_operate.html?command=get_materiel&rest_code=00149&code=00101008674&supplier_code=00100008&order_time=2023-04-16 HTTP/1.1" 200 413
116.238.139.35 - - [16/Apr/2023:09:00:36 +0800] "GET /xingrg/kc/buy/cgsh_order_operate.html?command=get_materiel&rest_code=00150&code=00101008185&supplier_code=00100008&order_time=2023-04-16 HTTP/1.1" 200 408
180.164.3.199 - - [16/Apr/2023:09:00:36 +0800] "GET /xingrg/all/function/internal_message.html?_=1681606836216&CODE_STATE=getMsg HTTP/1.1" 200 27
222.70.244.216 - - [16/Apr/2023:09:00:40 +0800] "GET /xingrg/all/function/internal_message.html?_=1681606861617&CODE_STATE=getMsg HTTP/1.1" 200 27
116.224.158.100 - - [16/Apr/2023:09:00:41 +0800] "GET /xingrg/kc/buy/cgsh_order_operate.html?command=get_materiel&rest_code=00105&code=00101020147&supplier_code=00100203&order_time=2023-04-16 HTTP/1.1" 200 427
116.238.139.35 - - [16/Apr/2023:09:00:43 +0800] "GET /xingrg/kc/buy/cgsh_order_operate.html?command=get_materiel&rest_code=00150&code=00101008612&supplier_code=00100008&order_time=2023-04-16 HTTP/1.1" 200 420
116.224.158.100 - - [16/Apr/2023:09:00:44 +0800] "GET /xingrg/all/function/internal_message.html?_=1681606846159&CODE_STATE=getMsg HTTP/1.1" 200 27
116.224.158.100 - - [16/Apr/2023:09:00:44 +0800] "GET /xingrg/check_reg.html?_=1681606846161 HTTP/1.1" 200 22
116.224.158.100 - - [16/Apr/2023:09:00:49 +0800] "GET /xingrg/kc/buy/cgsh_order_operate.html?command=get_materiel&rest_code=00105&code=00101008041&supplier_code=00100203&order_time=2023-04-16 HTTP/1.1" 200 408
116.224.158.100 - - [16/Apr/2023:09:00:49 +0800] "GET /xingrg/all/function/internal_message.html?_=1681606691220&CODE_STATE=getMsg HTTP/1.1" 200 27
116.224.106.218 - - [16/Apr/2023:09:00:51 +0800] "GET /xingrg/all/function/internal_message.html?_=1681606850901&CODE_STATE=getMsg HTTP/1.1" 200 27
116.238.139.35 - - [16/Apr/2023:09:00:52 +0800] "GET /xingrg/kc/buy/cgsh_order_operate.html?command=get_materiel&rest_code=00150&code=00101008308&supplier_code=00100008&order_time=2023-04-16 HTTP/1.1" 200 420
222.69.130.254 - - [16/Apr/2023:09:00:53 +0800] "GET /xingrg/kc/buy/cgsh_order_operate.html?command=get_materiel&rest_code=00149&code=00101008096&supplier_code=00100008&order_time=2023-04-16 HTTP/1.1" 200 413
222.69.130.254 - - [16/Apr/2023:09:00:54 +0800] "GET /xingrg/check_reg.html?_=1681606855028 HTTP/1.1" 200 22
222.69.130.254 - - [16/Apr/2023:09:00:54 +0800] "GET /xingrg/all/function/internal_message.html?_=1681606855029&CODE_STATE=getMsg HTTP/1.1" 200 27
116.224.158.100 - - [16/Apr/2023:09:00:57 +0800] "GET /xingrg/kc/buy/cgsh_order_operate.html?command=get_materiel&rest_code=00105&code=00101008478&supplier_code=00100203&order_time=2023-04-16 HTTP/1.1" 200 412
116.238.139.35 - - [16/Apr/2023:09:00:59 +0800] "GET /xingrg/kc/buy/cgsh_order_operate.html?command=get_materiel&rest_code=00150&code=00101008221&supplier_code=00100008&order_time=2023-04-16 HTTP/1.1" 200 412
101.229.22.234 - - [16/Apr/2023:09:01:01 +0800] "GET /xingrg/all/function/internal_message.html?_=1681606861317&CODE_STATE=getMsg HTTP/1.1" 200 27
101.229.22.234 - - [16/Apr/2023:09:01:01 +0800] "GET /xingrg/check_reg.html?_=1681606861318 HTTP/1.1" 200 22
116.224.158.100 - - [16/Apr/2023:09:01:04 +0800] "GET /xingrg/kc/buy/cgsh_order_operate.html?command=get_materiel&rest_code=00105&code=00101008101&supplier_code=00100203&order_time=2023-04-16 HTTP/1.1" 200 412
116.238.139.35 - - [16/Apr/2023:09:01:06 +0800] "GET /xingrg/kc/buy/cgsh_order_operate.html?command=get_materiel&rest_code=00150&code=00101008152&supplier_code=00100008&order_time=2023-04-16 HTTP/1.1" 200 408
222.69.130.254 - - [16/Apr/2023:09:01:09 +0800] "GET /xingrg/kc/buy/cgsh_order_operate.html?command=get_materiel&rest_code=00149&code=00101008038&supplier_code=00100008&order_time=2023-04-16 HTTP/1.1" 200 432
116.238.139.35 - - [16/Apr/2023:09:01:10 +0800] "GET /xingrg/all/function/internal_message.html?_=1681606870855&CODE_STATE=getMsg HTTP/1.1" 200 27
116.224.158.100 - - [16/Apr/2023:09:01:11 +0800] "GET /xingrg/kc/buy/cgsh_order_operate.html?command=get_materiel&rest_code=00105&code=00101015038&supplier_code=00100203&order_time=2023-04-16 HTTP/1.1" 200 418
222.70.244.216 - - [16/Apr/2023:09:01:17 +0800] "GET /xingrg/all/function/internal_message.html?_=1681606903005&CODE_STATE=getMsg HTTP/1.1" 200 27
116.238.139.35 - - [16/Apr/2023:09:01:19 +0800] "GET /xingrg/kc/buy/cgsh_order_operate.html?command=get_materiel&rest_code=00150&code=00101008370&supplier_code=00100008&order_time=2023-04-16 HTTP/1.1" 200 432
116.224.158.100 - - [16/Apr/2023:09:01:25 +0800] "GET /xingrg/kc/buy/cgsh_order_operate.html?command=get_materiel&rest_code=00105&code=00101008248&supplier_code=00100203&order_time=2023-04-16 HTTP/1.1" 200 412
116.227.208.255 - - [16/Apr/2023:09:01:25 +0800] "GET /xingrg/all/function/internal_message.html?_=1681606956987&CODE_STATE=getMsg HTTP/1.1" 200 27
116.238.139.35 - - [16/Apr/2023:09:01:26 +0800] "GET /xingrg/kc/buy/cgsh_order_operate.html?command=get_materiel&rest_code=00150&code=00101008361&supplier_code=00100008&order_time=2023-04-16 HTTP/1.1" 200 408
222.69.130.254 - - [16/Apr/2023:09:01:27 +0800] "GET /xingrg/kc/buy/cgsh_order_operate.html?command=get_materiel&rest_code=00149&code=00101008283&supplier_code=00100008&order_time=2023-04-16 HTTP/1.1" 200 428
116.224.158.100 - - [16/Apr/2023:09:01:28 +0800] "POST /xingrg/kc/buy/cgsh_order_operate.html HTTP/1.1" 200 2065
222.69.130.254 - - [16/Apr/2023:09:01:29 +0800] "POST /xingrg/kc/buy/cgsh_order_operate.html HTTP/1.1" 200 2065
116.224.158.100 - - [16/Apr/2023:09:01:30 +0800] "POST /xingrg/kc/buy/cgsh_order_operate.html HTTP/1.1" 200 2065
116.192.124.172 - - [16/Apr/2023:09:01:31 +0800] "GET /xingrg/all/function/internal_message.html?_=1681606891242&CODE_STATE=getMsg HTTP/1.1" 200 27
116.238.139.35 - - [16/Apr/2023:09:01:34 +0800] "GET /xingrg/kc/buy/cgsh_order_operate.html?command=get_materiel&rest_code=00150&code=00101008144&supplier_code=00100008&order_time=2023-04-16 HTTP/1.1" 200 412
180.164.3.199 - - [16/Apr/2023:09:01:36 +0800] "GET /xingrg/all/function/internal_message.html?_=1681606896213&CODE_STATE=getMsg HTTP/1.1" 200 27
116.224.158.100 - - [16/Apr/2023:09:01:38 +0800] "GET /xingrg/kc/buy/cgsh_order_operate.html?command=get_materiel&rest_code=00105&code=00101008330&supplier_code=00100203&order_time=2023-04-16 HTTP/1.1" 200 408
222.70.244.216 - - [16/Apr/2023:09:01:39 +0800] "GET /xingrg/check_reg.html?_=1681606920995 HTTP/1.1" 200 22
222.70.244.216 - - [16/Apr/2023:09:01:40 +0800] "GET /xingrg/all/function/internal_message.html?_=1681606921631&CODE_STATE=getMsg HTTP/1.1" 200 27
222.69.130.254 - - [16/Apr/2023:09:01:41 +0800] "GET /xingrg/kc/buy/cgsh_order_operate.html?command=get_materiel&rest_code=00149&code=00101008358&supplier_code=00100008&order_time=2023-04-16 HTTP/1.1" 200 412
116.238.139.35 - - [16/Apr/2023:09:01:42 +0800] "GET /xingrg/kc/buy/cgsh_order_operate.html?command=get_materiel&rest_code=00150&code=00101008372&supplier_code=00100008&order_time=2023-04-16 HTTP/1.1" 200 408
116.224.158.100 - - [16/Apr/2023:09:01:44 +0800] "GET /xingrg/all/function/internal_message.html?_=1681606906150&CODE_STATE=getMsg HTTP/1.1" 200 27
116.224.158.100 - - [16/Apr/2023:09:01:48 +0800] "GET /xingrg/kc/buy/cgsh_order_operate.html?command=get_materiel&rest_code=00105&code=00101008027&supplier_code=00100203&order_time=2023-04-16 HTTP/1.1" 200 429
116.224.158.100 - - [16/Apr/2023:09:01:49 +0800] "GET /xingrg/all/function/internal_message.html?_=1681606751229&CODE_STATE=getMsg HTTP/1.1" 200 27
116.224.106.218 - - [16/Apr/2023:09:01:51 +0800] "GET /xingrg/all/function/internal_message.html?_=1681606910888&CODE_STATE=getMsg HTTP/1.1" 200 27
222.69.130.254 - - [16/Apr/2023:09:01:51 +0800] "GET /xingrg/kc/buy/cgsh_order_operate.html?command=get_materiel&rest_code=00149&code=00101008113&supplier_code=00100008&order_time=2023-04-16 HTTP/1.1" 200 413
222.69.130.254 - - [16/Apr/2023:09:01:55 +0800] "GET /xingrg/all/function/internal_message.html?_=1681606915074&CODE_STATE=getMsg HTTP/1.1" 200 27
116.238.139.35 - - [16/Apr/2023:09:01:56 +0800] "GET /xingrg/kc/buy/cgsh_order_operate.html?command=get_materiel&rest_code=00150&code=00101008356&supplier_code=00100008&order_time=2023-04-16 HTTP/1.1" 200 427
116.224.158.100 - - [16/Apr/2023:09:01:57 +0800] "GET /xingrg/kc/buy/cgsh_order_operate.html?command=get_materiel&rest_code=00105&code=00101008080&supplier_code=00100203&order_time=2023-04-16 HTTP/1.1" 200 416
222.70.244.216 - - [16/Apr/2023:09:01:58 +0800] "GET /xingrg/kc/buy/cgsh_order_operate.html?command=get_materiel&rest_code=00146&code=00101008264&supplier_code=00100005&order_time=2023-04-16 HTTP/1.1" 200 412
101.229.22.234 - - [16/Apr/2023:09:02:01 +0800] "GET /xingrg/all/function/internal_message.html?_=1681606921319&CODE_STATE=getMsg HTTP/1.1" 200 27
222.69.130.254 - - [16/Apr/2023:09:02:02 +0800] "GET /xingrg/kc/buy/cgsh_order_operate.html?command=get_materiel&rest_code=00149&code=00101008163&supplier_code=00100008&order_time=2023-04-16 HTTP/1.1" 200 409
116.238.139.35 - - [16/Apr/2023:09:02:03 +0800] "GET /xingrg/kc/buy/cgsh_order_operate.html?command=get_materiel&rest_code=00150&code=00101008042&supplier_code=00100008&order_time=2023-04-16 HTTP/1.1" 200 416
222.70.244.216 - - [16/Apr/2023:09:02:05 +0800] "POST /xingrg/kc/buy/cgsh_order_operate.html HTTP/1.1" 200 2065
116.224.158.100 - - [16/Apr/2023:09:02:07 +0800] "GET /xingrg/kc/buy/cgsh_order_operate.html?command=get_materiel&rest_code=00105&code=00101008244&supplier_code=00100203&order_time=2023-04-16 HTTP/1.1" 200 408
116.238.139.35 - - [16/Apr/2023:09:02:10 +0800] "GET /xingrg/all/function/internal_message.html?_=1681606930853&CODE_STATE=getMsg HTTP/1.1" 200 27
116.238.139.35 - - [16/Apr/2023:09:02:10 +0800] "GET /xingrg/kc/buy/cgsh_order_operate.html?command=get_materiel&rest_code=00150&code=00101008270&supplier_code=00100008&order_time=2023-04-16 HTTP/1.1" 200 412
222.69.130.254 - - [16/Apr/2023:09:02:11 +0800] "GET /xingrg/kc/buy/cgsh_order_operate.html?command=get_materiel&rest_code=00149&code=00101008224&supplier_code=00100008&order_time=2023-04-16 HTTP/1.1" 200 436
116.224.158.100 - - [16/Apr/2023:09:02:13 +0800] "GET /xingrg/kc/buy/cgsh_order_operate.html?command=get_materiel&rest_code=00105&code=00101008207&supplier_code=00100203&order_time=2023-04-16 HTTP/1.1" 200 408
222.69.130.254 - - [16/Apr/2023:09:02:16 +0800] "POST /xingrg/kc/buy/cgsh_order_operate.html HTTP/1.1" 200 2065
222.70.244.216 - - [16/Apr/2023:09:02:17 +0800] "GET /xingrg/all/function/internal_message.html?_=1681606963021&CODE_STATE=getMsg HTTP/1.1" 200 27
222.70.244.216 - - [16/Apr/2023:09:02:18 +0800] "GET /xingrg/kc/buy/cgsh_order_operate.html?command=get_materiel&rest_code=00146&code=00101010033&supplier_code=00100005&order_time=2023-04-16 HTTP/1.1" 200 416
116.224.158.100 - - [16/Apr/2023:09:02:20 +0800] "GET /xingrg/kc/buy/cgsh_order_operate.html?command=get_materiel&rest_code=00105&code=00101008186&supplier_code=00100203&order_time=2023-04-16 HTTP/1.1" 200 427
116.238.139.35 - - [16/Apr/2023:09:02:22 +0800] "GET /xingrg/kc/buy/cgsh_order_operate.html?command=get_materiel&rest_code=00150&code=00101008077&supplier_code=00100008&order_time=2023-04-16 HTTP/1.1" 200 416
222.69.130.254 - - [16/Apr/2023:09:02:23 +0800] "GET /xingrg/kc/buy/cgsh_order_operate.html?command=get_materiel&rest_code=00149&code=00101020052&supplier_code=00100008&order_time=2023-04-16 HTTP/1.1" 200 419
116.238.139.35 - - [16/Apr/2023:09:02:24 +0800] "POST /xingrg/kc/buy/cgsh_order_operate.html HTTP/1.1" 200 2065
116.227.208.255 - - [16/Apr/2023:09:02:25 +0800] "GET /xingrg/all/function/internal_message.html?_=1681607016975&CODE_STATE=getMsg HTTP/1.1" 200 27
116.224.158.100 - - [16/Apr/2023:09:02:26 +0800] "GET /xingrg/kc/buy/cgsh_order_operate.html?command=get_materiel&rest_code=00105&code=00101008096&supplier_code=00100203&order_time=2023-04-16 HTTP/1.1" 200 412
116.238.139.35 - - [16/Apr/2023:09:02:30 +0800] "GET /xingrg/kc/buy/cgsh_order_operate.html?command=get_materiel&rest_code=00150&code=00101008223&supplier_code=00100008&order_time=2023-04-16 HTTP/1.1" 200 412
116.192.124.172 - - [16/Apr/2023:09:02:31 +0800] "GET /xingrg/all/function/internal_message.html?_=1681606951235&CODE_STATE=getMsg HTTP/1.1" 200 27
222.69.130.254 - - [16/Apr/2023:09:02:32 +0800] "GET /xingrg/kc/buy/cgsh_order_operate.html?command=get_materiel&rest_code=00149&code=00101008125&supplier_code=00100008&order_time=2023-04-16 HTTP/1.1" 200 433
222.70.244.216 - - [16/Apr/2023:09:02:36 +0800] "POST /xingrg/all/common/load_select.html HTTP/1.1" 200 12
180.164.3.199 - - [16/Apr/2023:09:02:36 +0800] "GET /xingrg/all/function/internal_message.html?_=1681606956213&CODE_STATE=getMsg HTTP/1.1" 200 27
116.238.139.35 - - [16/Apr/2023:09:02:38 +0800] "GET /xingrg/kc/buy/cgsh_order_operate.html?command=get_materiel&rest_code=00150&code=00101008079&supplier_code=00100008&order_time=2023-04-16 HTTP/1.1" 200 416
222.70.244.216 - - [16/Apr/2023:09:02:40 +0800] "GET /xingrg/all/function/internal_message.html?_=1681606981645&CODE_STATE=getMsg HTTP/1.1" 200 27
116.224.158.100 - - [16/Apr/2023:09:02:42 +0800] "GET /xingrg/kc/buy/cgsh_order_operate.html?command=get_materiel&rest_code=00105&code=00101008283&supplier_code=00100203&order_time=2023-04-16 HTTP/1.1" 200 428
222.69.130.254 - - [16/Apr/2023:09:02:43 +0800] "GET /xingrg/kc/buy/cgsh_order_operate.html?command=get_materiel&rest_code=00149&code=00101008077&supplier_code=00100008&order_time=2023-04-16 HTTP/1.1" 200 416
116.224.158.100 - - [16/Apr/2023:09:02:44 +0800] "GET /xingrg/all/function/internal_message.html?_=1681606966226&CODE_STATE=getMsg HTTP/1.1" 200 27
116.238.139.35 - - [16/Apr/2023:09:02:45 +0800] "GET /xingrg/kc/buy/cgsh_order_operate.html?command=get_materiel&rest_code=00150&code=00101008357&supplier_code=00100008&order_time=2023-04-16 HTTP/1.1" 200 428
116.224.158.100 - - [16/Apr/2023:09:02:49 +0800] "GET /xingrg/all/function/internal_message.html?_=1681606811229&CODE_STATE=getMsg HTTP/1.1" 200 27
222.70.244.216 - - [16/Apr/2023:09:02:50 +0800] "GET /xingrg/kc/buy/cgsh_order_operate.html?command=get_materiel_price&rest_code=00146&code=00101010033&unit_code=00100020&supplier_code=00100005&order_time=2023-04-16 HTTP/1.1" 200 27
116.224.106.218 - - [16/Apr/2023:09:02:51 +0800] "GET /xingrg/all/function/internal_message.html?_=1681606970874&CODE_STATE=getMsg HTTP/1.1" 200 27
116.224.158.100 - - [16/Apr/2023:09:02:51 +0800] "POST /xingrg/kc/buy/cgsh_order_operate.html HTTP/1.1" 200 2065
222.69.130.254 - - [16/Apr/2023:09:02:51 +0800] "GET /xingrg/kc/buy/cgsh_order_operate.html?command=get_materiel&rest_code=00149&code=00101008059&supplier_code=00100008&order_time=2023-04-16 HTTP/1.1" 200 408
116.224.158.100 - - [16/Apr/2023:09:02:52 +0800] "POST /xingrg/kc/buy/cgsh_order_operate.html HTTP/1.1" 200 2065
116.238.139.35 - - [16/Apr/2023:09:02:53 +0800] "GET /xingrg/kc/buy/cgsh_order_operate.html?command=get_materiel&rest_code=00150&code=00101008069&supplier_code=00100008&order_time=2023-04-16 HTTP/1.1" 200 412
222.69.130.254 - - [16/Apr/2023:09:02:55 +0800] "GET /xingrg/all/function/internal_message.html?_=1681606975075&CODE_STATE=getMsg HTTP/1.1" 200 27
116.238.139.35 - - [16/Apr/2023:09:02:59 +0800] "GET /xingrg/kc/buy/cgsh_order_operate.html?command=get_materiel&rest_code=00150&code=00101008286&supplier_code=00100008&order_time=2023-04-16 HTTP/1.1" 200 408
101.229.22.234 - - [16/Apr/2023:09:03:01 +0800] "GET /xingrg/all/function/internal_message.html?_=1681606981316&CODE_STATE=getMsg HTTP/1.1" 200 27
222.70.244.216 - - [16/Apr/2023:09:03:01 +0800] "GET /xingrg/kc/buy/cgsh_order_operate.html?command=get_materiel&rest_code=00146&code=00101008115&supplier_code=00100005&order_time=2023-04-16 HTTP/1.1" 200 412
116.238.139.35 - - [16/Apr/2023:09:03:02 +0800] "POST /xingrg/kc/buy/cgsh_order_operate.html HTTP/1.1" 200 2065
222.69.130.254 - - [16/Apr/2023:09:03:03 +0800] "GET /xingrg/kc/buy/cgsh_order_operate.html?command=get_materiel&rest_code=00149&code=00101013175&supplier_code=00100008&order_time=2023-04-16 HTTP/1.1" 200 432
116.238.139.35 - - [16/Apr/2023:09:03:08 +0800] "GET /xingrg/kc/buy/cgsh_order_operate.html?command=get_materiel&rest_code=00150&code=00101008131&supplier_code=00100008&order_time=2023-04-16 HTTP/1.1" 200 429
222.69.130.254 - - [16/Apr/2023:09:03:10 +0800] "POST /xingrg/kc/buy/cgsh_order_operate.html HTTP/1.1" 200 2065
116.238.139.35 - - [16/Apr/2023:09:03:10 +0800] "GET /xingrg/all/function/internal_message.html?_=1681606990859&CODE_STATE=getMsg HTTP/1.1" 200 27
116.224.158.100 - - [16/Apr/2023:09:03:11 +0800] "GET /xingrg/kc/buy/cgsh_order_operate.html?command=get_materiel&rest_code=00105&code=00101008212&supplier_code=00100203&order_time=2023-04-16 HTTP/1.1" 200 412
222.70.244.216 - - [16/Apr/2023:09:03:15 +0800] "GET /xingrg/check_reg.html?_=1681607020851 HTTP/1.1" 200 22
222.69.130.254 - - [16/Apr/2023:09:03:15 +0800] "GET /xingrg/kc/buy/cgsh_order_operate.html?command=get_materiel&rest_code=00149&code=00101008370&supplier_code=00100008&order_time=2023-04-16 HTTP/1.1" 200 432
222.70.244.216 - - [16/Apr/2023:09:03:17 +0800] "GET /xingrg/all/function/internal_message.html?_=1681607023032&CODE_STATE=getMsg HTTP/1.1" 200 27
116.238.139.35 - - [16/Apr/2023:09:03:17 +0800] "GET /xingrg/kc/buy/cgsh_order_operate.html?command=get_materiel&rest_code=00150&code=00101008694&supplier_code=00100008&order_time=2023-04-16 HTTP/1.1" 200 420
116.227.208.255 - - [16/Apr/2023:09:03:22 +0800] "GET /xingrg/check_reg.html?_=1681607074116 HTTP/1.1" 200 22
116.238.139.35 - - [16/Apr/2023:09:03:24 +0800] "GET /xingrg/kc/buy/cgsh_order_operate.html?command=get_materiel&rest_code=00150&code=00101008352&supplier_code=00100008&order_time=2023-04-16 HTTP/1.1" 200 412
222.69.130.254 - - [16/Apr/2023:09:03:25 +0800] "GET /xingrg/kc/buy/cgsh_order_operate.html?command=get_materiel&rest_code=00149&code=00101008355&supplier_code=00100008&order_time=2023-04-16 HTTP/1.1" 200 408
116.224.158.100 - - [16/Apr/2023:09:03:25 +0800] "GET /xingrg/kc/buy/cgsh_order_operate.html?command=get_materiel&rest_code=00105&code=00101008118&supplier_code=00100203&order_time=2023-04-16 HTTP/1.1" 200 418
116.227.208.255 - - [16/Apr/2023:09:03:25 +0800] "GET /xingrg/all/function/internal_message.html?_=1681607076968&CODE_STATE=getMsg HTTP/1.1" 200 27
116.192.124.172 - - [16/Apr/2023:09:03:31 +0800] "GET /xingrg/all/function/internal_message.html?_=1681607011247&CODE_STATE=getMsg HTTP/1.1" 200 27
116.238.139.35 - - [16/Apr/2023:09:03:31 +0800] "GET /xingrg/kc/buy/cgsh_order_operate.html?command=get_materiel&rest_code=00150&code=00101008005&supplier_code=00100008&order_time=2023-04-16 HTTP/1.1" 200 412
116.224.158.100 - - [16/Apr/2023:09:03:32 +0800] "GET /xingrg/kc/buy/cgsh_order_operate.html?command=get_materiel&rest_code=00105&code=00101008357&supplier_code=00100203&order_time=2023-04-16 HTTP/1.1" 200 428
222.69.130.254 - - [16/Apr/2023:09:03:34 +0800] "GET /xingrg/kc/buy/cgsh_order_operate.html?command=get_materiel&rest_code=00149&code=00101008144&supplier_code=00100008&order_time=2023-04-16 HTTP/1.1" 200 412
180.164.3.199 - - [16/Apr/2023:09:03:36 +0800] "GET /xingrg/all/function/internal_message.html?_=1681607016203&CODE_STATE=getMsg HTTP/1.1" 200 27
116.238.139.35 - - [16/Apr/2023:09:03:38 +0800] "GET /xingrg/kc/buy/cgsh_order_operate.html?command=get_materiel&rest_code=00150&code=00101008658&supplier_code=00100008&order_time=2023-04-16 HTTP/1.1" 200 408
116.238.139.35 - - [16/Apr/2023:09:03:39 +0800] "POST /xingrg/kc/buy/cgsh_order_operate.html HTTP/1.1" 200 2065
222.70.244.216 - - [16/Apr/2023:09:03:40 +0800] "GET /xingrg/all/function/internal_message.html?_=1681607041658&CODE_STATE=getMsg HTTP/1.1" 200 27
116.224.158.100 - - [16/Apr/2023:09:03:44 +0800] "GET /xingrg/all/function/internal_message.html?_=1681607026204&CODE_STATE=getMsg HTTP/1.1" 200 27
116.238.139.35 - - [16/Apr/2023:09:03:45 +0800] "GET /xingrg/kc/buy/cgsh_order_operate.html?command=get_materiel&rest_code=00150&code=00101008353&supplier_code=00100008&order_time=2023-04-16 HTTP/1.1" 200 429
116.224.158.100 - - [16/Apr/2023:09:03:46 +0800] "GET /xingrg/kc/buy/cgsh_order_operate.html?command=get_materiel&rest_code=00105&code=00101008108&supplier_code=00100203&order_time=2023-04-16 HTTP/1.1" 200 412
222.69.130.254 - - [16/Apr/2023:09:03:46 +0800] "GET /xingrg/kc/buy/cgsh_order_operate.html?command=get_materiel&rest_code=00149&code=00101008372&supplier_code=00100008&order_time=2023-04-16 HTTP/1.1" 200 408
222.64.2.88 - - [16/Apr/2023:09:03:49 +0800] "GET /xingrg/index.html HTTP/1.1" 302 -
222.64.2.88 - - [16/Apr/2023:09:03:49 +0800] "GET /xingrg/login.html HTTP/1.1" 200 7641
116.224.158.100 - - [16/Apr/2023:09:03:49 +0800] "GET /xingrg/all/function/internal_message.html?_=1681606871230&CODE_STATE=getMsg HTTP/1.1" 200 27
222.64.2.88 - - [16/Apr/2023:09:03:50 +0800] "GET /favicon.ico HTTP/1.1" 404 -
116.224.106.218 - - [16/Apr/2023:09:03:51 +0800] "GET /xingrg/all/function/internal_message.html?_=1681607030859&CODE_STATE=getMsg HTTP/1.1" 200 27
180.169.147.146 - - [16/Apr/2023:09:03:51 +0800] "GET /xingrg/check_reg.html?_=1681607034151 HTTP/1.1" 302 -
116.224.158.100 - - [16/Apr/2023:09:03:53 +0800] "GET /xingrg/kc/buy/cgsh_order_operate.html?command=get_materiel&rest_code=00105&code=00101008213&supplier_code=00100203&order_time=2023-04-16 HTTP/1.1" 200 432
222.64.2.88 - - [16/Apr/2023:09:03:53 +0800] "POST /xingrg/login.do HTTP/1.1" 302 -
222.64.2.88 - - [16/Apr/2023:09:03:53 +0800] "GET /xingrg/index.html?sysBaseUrl=http%3A%2F%2F180.169.147.146%3A18081%2Fxingrg%2F&costTime=851×tamp=1681607033680 HTTP/1.1" 200 17179
222.64.2.88 - - [16/Apr/2023:09:03:54 +0800] "GET /favicon.ico HTTP/1.1" 404 -
222.64.2.88 - - [16/Apr/2023:09:03:54 +0800] "POST /xingrg/all/common/load_tree.html?tree=area_rest_tree_json&manage=1 HTTP/1.1" 200 351
222.64.2.88 - - [16/Apr/2023:09:03:54 +0800] "GET /xingrg/all/function/internal_message.html?_=1681607033616&CODE_STATE=count HTTP/1.1" 200 11
222.64.2.88 - - [16/Apr/2023:09:03:54 +0800] "GET /xingrg/check_reg.html?_=1681607033617 HTTP/1.1" 200 22
222.64.2.88 - - [16/Apr/2023:09:03:54 +0800] "POST /xingrg/load_menu.html HTTP/1.1" 200 5138
222.69.130.254 - - [16/Apr/2023:09:03:55 +0800] "GET /xingrg/all/function/internal_message.html?_=1681607035046&CODE_STATE=getMsg HTTP/1.1" 200 27
116.238.139.35 - - [16/Apr/2023:09:03:56 +0800] "GET /xingrg/kc/buy/cgsh_order_operate.html?command=get_materiel&rest_code=00150&code=00101008213&supplier_code=00100008&order_time=2023-04-16 HTTP/1.1" 200 432
222.69.130.254 - - [16/Apr/2023:09:03:58 +0800] "GET /xingrg/kc/buy/cgsh_order_operate.html?command=get_materiel&rest_code=00149&code=00101008264&supplier_code=00100008&order_time=2023-04-16 HTTP/1.1" 200 412
222.70.244.216 - - [16/Apr/2023:09:03:59 +0800] "GET /xingrg/kc/buy/cgsh_order_operate.html?command=get_materiel&rest_code=00146&code=00101008720&supplier_code=00100005&order_time=2023-04-16 HTTP/1.1" 200 398
222.64.2.88 - - [16/Apr/2023:09:03:59 +0800] "GET /xingrg/kc/mdqp/qp_main.html HTTP/1.1" 200 10633
116.224.158.100 - - [16/Apr/2023:09:04:00 +0800] "GET /xingrg/kc/buy/cgsh_order_operate.html?command=get_materiel&rest_code=00105&code=00101008004&supplier_code=00100203&order_time=2023-04-16 HTTP/1.1" 200 416
222.64.2.88 - - [16/Apr/2023:09:04:01 +0800] "GET /xingrg/kc/base/base_main.html HTTP/1.1" 200 12142
222.64.2.88 - - [16/Apr/2023:09:04:01 +0800] "GET /xingrg/images/blue/button/wlsy.gif HTTP/1.1" 200 2536
222.64.2.88 - - [16/Apr/2023:09:04:01 +0800] "GET /xingrg/images/blue/button/ckpd.gif HTTP/1.1" 200 2051
222.64.2.88 - - [16/Apr/2023:09:04:01 +0800] "GET /xingrg/images/blue/button/ckdb.gif HTTP/1.1" 200 1950
222.64.2.88 - - [16/Apr/2023:09:04:01 +0800] "GET /xingrg/images/blue/button/yddb.gif HTTP/1.1" 200 2040
222.64.2.88 - - [16/Apr/2023:09:04:01 +0800] "GET /xingrg/images/blue/button/top_left.jpg HTTP/1.1" 200 1632
222.64.2.88 - - [16/Apr/2023:09:04:01 +0800] "GET /xingrg/images/blue/button/top_right.jpg HTTP/1.1" 200 1708
222.64.2.88 - - [16/Apr/2023:09:04:01 +0800] "GET /xingrg/images/blue/button/down.jpg HTTP/1.1" 200 1560
222.64.2.88 - - [16/Apr/2023:09:04:01 +0800] "GET /xingrg/images/blue/button/left_ah.jpg HTTP/1.1" 200 1643
222.64.2.88 - - [16/Apr/2023:09:04:01 +0800] "GET /xingrg/images/blue/button/bottom_left.jpg HTTP/1.1" 200 1524
222.64.2.88 - - [16/Apr/2023:09:04:01 +0800] "GET /xingrg/images/blue/button/bottom_right.jpg HTTP/1.1" 200 1436
101.229.22.234 - - [16/Apr/2023:09:04:01 +0800] "GET /xingrg/all/function/internal_message.html?_=1681607041315&CODE_STATE=getMsg HTTP/1.1" 200 27
222.64.2.88 - - [16/Apr/2023:09:04:02 +0800] "GET /xingrg/kc/base/yddb_order_list.html HTTP/1.1" 200 16710
116.238.139.35 - - [16/Apr/2023:09:04:02 +0800] "GET /xingrg/kc/buy/cgsh_order_operate.html?command=get_materiel&rest_code=00150&code=00101008312&supplier_code=00100008&order_time=2023-04-16 HTTP/1.1" 200 412
222.64.2.88 - - [16/Apr/2023:09:04:04 +0800] "POST /xingrg/kc/base/yddb_list_operate.html HTTP/1.1" 200 636
222.69.130.254 - - [16/Apr/2023:09:04:08 +0800] "POST /xingrg/kc/buy/cgsh_order_operate.html HTTP/1.1" 200 2065
116.224.158.100 - - [16/Apr/2023:09:04:08 +0800] "GET /xingrg/kc/buy/cgsh_order_operate.html?command=get_materiel&rest_code=00105&code=00101008298&supplier_code=00100203&order_time=2023-04-16 HTTP/1.1" 200 413
222.64.2.88 - - [16/Apr/2023:09:04:09 +0800] "GET /xingrg/javascript/jquery_tools/images/prev.gif HTTP/1.1" 404 1086
222.64.2.88 - - [16/Apr/2023:09:04:09 +0800] "GET /xingrg/javascript/jquery_tools/images/next.gif HTTP/1.1" 404 1086
116.238.139.35 - - [16/Apr/2023:09:04:09 +0800] "GET /xingrg/kc/buy/cgsh_order_operate.html?command=get_materiel&rest_code=00150&code=00101008150&supplier_code=00100008&order_time=2023-04-16 HTTP/1.1" 200 409
116.238.139.35 - - [16/Apr/2023:09:04:10 +0800] "GET /xingrg/check_reg.html?_=1681607050959 HTTP/1.1" 200 22
116.238.139.35 - - [16/Apr/2023:09:04:10 +0800] "GET /xingrg/all/function/internal_message.html?_=1681607050960&CODE_STATE=getMsg HTTP/1.1" 200 27
222.64.2.88 - - [16/Apr/2023:09:04:13 +0800] "POST /xingrg/kc/base/yddb_list_operate.html HTTP/1.1" 200 1603
116.224.158.100 - - [16/Apr/2023:09:04:15 +0800] "GET /xingrg/kc/buy/cgsh_order_operate.html?command=get_materiel&rest_code=00105&code=00101008274&supplier_code=00100203&order_time=2023-04-16 HTTP/1.1" 200 432
222.69.130.254 - - [16/Apr/2023:09:04:17 +0800] "GET /xingrg/kc/buy/cgsh_order_operate.html?command=get_materiel&rest_code=00149&code=00101008321&supplier_code=00100008&order_time=2023-04-16 HTTP/1.1" 200 412
222.70.244.216 - - [16/Apr/2023:09:04:17 +0800] "GET /xingrg/all/function/internal_message.html?_=1681607083047&CODE_STATE=getMsg HTTP/1.1" 200 27
116.238.139.35 - - [16/Apr/2023:09:04:19 +0800] "GET /xingrg/kc/buy/cgsh_order_operate.html?command=get_materiel&rest_code=00150&code=00101008165&supplier_code=00100008&order_time=2023-04-16 HTTP/1.1" 200 416
116.224.158.100 - - [16/Apr/2023:09:04:20 +0800] "POST /xingrg/kc/buy/cgsh_order_operate.html HTTP/1.1" 200 2065
116.238.139.35 - - [16/Apr/2023:09:04:21 +0800] "POST /xingrg/kc/buy/cgsh_order_operate.html HTTP/1.1" 200 2065
116.224.158.100 - - [16/Apr/2023:09:04:21 +0800] "POST /xingrg/kc/buy/cgsh_order_operate.html HTTP/1.1" 200 2065
116.227.208.255 - - [16/Apr/2023:09:04:25 +0800] "GET /xingrg/all/function/internal_message.html?_=1681607136960&CODE_STATE=getMsg HTTP/1.1" 200 27
222.64.2.88 - - [16/Apr/2023:09:04:26 +0800] "POST /xingrg/kc/base/yddb_list_operate.html HTTP/1.1" 200 209
116.238.139.35 - - [16/Apr/2023:09:04:27 +0800] "GET /xingrg/kc/buy/cgsh_order_operate.html?command=get_materiel&rest_code=00150&code=00101008095&supplier_code=00100008&order_time=2023-04-16 HTTP/1.1" 200 412
222.64.2.88 - - [16/Apr/2023:09:04:27 +0800] "GET /xingrg/kc/base/yddb_order_info.html?code=482023031600120 HTTP/1.1" 200 31863
222.64.2.88 - - [16/Apr/2023:09:04:27 +0800] "GET /xingrg/dwr/interface/AjaxComOrderService.js HTTP/1.1" 200 18264
222.64.2.88 - - [16/Apr/2023:09:04:27 +0800] "GET /xingrg/dwr/interface/AjaxYddbService.js HTTP/1.1" 200 13201
222.64.2.88 - - [16/Apr/2023:09:04:27 +0800] "GET /xingrg/dwr/engine.js HTTP/1.1" 200 43631
222.64.2.88 - - [16/Apr/2023:09:04:27 +0800] "GET /xingrg/dwr/util.js HTTP/1.1" 200 35990
222.64.2.88 - - [16/Apr/2023:09:04:28 +0800] "POST /xingrg/dwr/call/plaincall/AjaxYddbService.loadMaterielItems.dwr HTTP/1.1" 200 407
116.192.124.172 - - [16/Apr/2023:09:04:31 +0800] "GET /xingrg/check_reg.html?_=1681607071241 HTTP/1.1" 200 22
116.192.124.172 - - [16/Apr/2023:09:04:31 +0800] "GET /xingrg/all/function/internal_message.html?_=1681607071242&CODE_STATE=getMsg HTTP/1.1" 200 27
180.157.253.110 - - [16/Apr/2023:09:04:32 +0800] "POST /xingrg/services/DataTransmitService HTTP/1.1" 200 524
116.224.158.100 - - [16/Apr/2023:09:04:32 +0800] "GET /xingrg/kc/buy/cgsh_order_operate.html?command=get_materiel&rest_code=00105&code=00101008350&supplier_code=00100203&order_time=2023-04-16 HTTP/1.1" 200 427
180.164.3.199 - - [16/Apr/2023:09:04:36 +0800] "GET /xingrg/all/function/internal_message.html?_=1681607076212&CODE_STATE=getMsg HTTP/1.1" 200 27
180.164.3.199 - - [16/Apr/2023:09:04:36 +0800] "GET /xingrg/check_reg.html?_=1681607076213 HTTP/1.1" 200 22
116.238.139.35 - - [16/Apr/2023:09:04:38 +0800] "GET /xingrg/kc/buy/cgsh_order_operate.html?command=get_materiel&rest_code=00150&code=00101008298&supplier_code=00100008&order_time=2023-04-16 HTTP/1.1" 200 413
116.224.158.100 - - [16/Apr/2023:09:04:39 +0800] "GET /xingrg/kc/buy/cgsh_order_operate.html?command=get_materiel&rest_code=00105&code=00101008036&supplier_code=00100203&order_time=2023-04-16 HTTP/1.1" 200 408
222.70.244.216 - - [16/Apr/2023:09:04:40 +0800] "GET /xingrg/all/function/internal_message.html?_=1681607101678&CODE_STATE=getMsg HTTP/1.1" 200 27
116.224.158.100 - - [16/Apr/2023:09:04:44 +0800] "GET /xingrg/all/function/internal_message.html?_=1681607086081&CODE_STATE=getMsg HTTP/1.1" 200 27
116.238.139.35 - - [16/Apr/2023:09:04:47 +0800] "GET /xingrg/kc/buy/cgsh_order_operate.html?command=get_materiel&rest_code=00150&code=00101008358&supplier_code=00100008&order_time=2023-04-16 HTTP/1.1" 200 412
116.224.158.100 - - [16/Apr/2023:09:04:49 +0800] "GET /xingrg/check_reg.html?_=1681606931219 HTTP/1.1" 200 22
116.224.158.100 - - [16/Apr/2023:09:04:49 +0800] "GET /xingrg/all/function/internal_message.html?_=1681606931222&CODE_STATE=getMsg HTTP/1.1" 200 27
222.70.244.216 - - [16/Apr/2023:09:04:51 +0800] "GET /xingrg/kc/buy/cgsh_order_operate.html?command=get_materiel&rest_code=00146&code=00101008332&supplier_code=00100005&order_time=2023-04-16 HTTP/1.1" 200 412
116.224.106.218 - - [16/Apr/2023:09:04:51 +0800] "GET /xingrg/all/function/internal_message.html?_=1681607090845&CODE_STATE=getMsg HTTP/1.1" 200 27
116.224.106.218 - - [16/Apr/2023:09:04:52 +0800] "GET /xingrg/check_reg.html?_=1681607092569 HTTP/1.1" 200 22
222.64.2.88 - - [16/Apr/2023:09:04:54 +0800] "GET /xingrg/all/function/internal_message.html?_=1681607093626&CODE_STATE=getMsg HTTP/1.1" 200 27
222.69.130.254 - - [16/Apr/2023:09:04:55 +0800] "GET /xingrg/all/function/internal_message.html?_=1681607095071&CODE_STATE=getMsg HTTP/1.1" 200 27
222.69.130.254 - - [16/Apr/2023:09:04:57 +0800] "POST /xingrg/kc/buy/cgsh_order_operate.html HTTP/1.1" 200 37
116.238.139.35 - - [16/Apr/2023:09:04:59 +0800] "GET /xingrg/kc/buy/cgsh_order_operate.html?command=get_materiel&rest_code=00150&code=00101008321&supplier_code=00100008&order_time=2023-04-16 HTTP/1.1" 200 412
116.238.139.35 - - [16/Apr/2023:09:05:01 +0800] "POST /xingrg/kc/buy/cgsh_order_operate.html HTTP/1.1" 200 2065
101.229.22.234 - - [16/Apr/2023:09:05:01 +0800] "GET /xingrg/all/function/internal_message.html?_=1681607101314&CODE_STATE=getMsg HTTP/1.1" 200 27
222.69.130.254 - - [16/Apr/2023:09:05:04 +0800] "POST /xingrg/kc/buy/cgsh_order_operate.html HTTP/1.1" 200 22780
116.238.139.35 - - [16/Apr/2023:09:05:10 +0800] "GET /xingrg/all/function/internal_message.html?_=1681607110946&CODE_STATE=getMsg HTTP/1.1" 200 27
222.70.244.216 - - [16/Apr/2023:09:05:17 +0800] "GET /xingrg/all/function/internal_message.html?_=1681607143146&CODE_STATE=getMsg HTTP/1.1" 200 27
222.70.244.216 - - [16/Apr/2023:09:05:21 +0800] "GET /xingrg/kc/buy/cgsh_order_operate.html?command=get_materiel&rest_code=00146&code=00101008114&supplier_code=00100005&order_time=2023-04-16 HTTP/1.1" 200 413
116.227.208.255 - - [16/Apr/2023:09:05:25 +0800] "GET /xingrg/all/function/internal_message.html?_=1681607196939&CODE_STATE=getMsg HTTP/1.1" 200 27
116.192.124.172 - - [16/Apr/2023:09:05:31 +0800] "GET /xingrg/all/function/internal_message.html?_=1681607131241&CODE_STATE=getMsg HTTP/1.1" 200 27
222.69.130.254 - - [16/Apr/2023:09:05:34 +0800] "GET /xingrg/kc/buy/cgsh_order_operate.html?command=get_materiel&rest_code=00149&code=00101008024&supplier_code=00100008&order_time=2023-04-16 HTTP/1.1" 200 408
180.164.3.199 - - [16/Apr/2023:09:05:36 +0800] "GET /xingrg/all/function/internal_message.html?_=1681607136201&CODE_STATE=getMsg HTTP/1.1" 200 27
222.70.244.216 - - [16/Apr/2023:09:05:40 +0800] "GET /xingrg/all/function/internal_message.html?_=1681607161685&CODE_STATE=getMsg HTTP/1.1" 200 27
116.224.158.100 - - [16/Apr/2023:09:05:44 +0800] "GET /xingrg/all/function/internal_message.html?_=1681607146071&CODE_STATE=getMsg HTTP/1.1" 200 27
116.224.158.100 - - [16/Apr/2023:09:05:44 +0800] "GET /xingrg/check_reg.html?_=1681607146135 HTTP/1.1" 200 22
222.69.130.254 - - [16/Apr/2023:09:05:45 +0800] "GET /xingrg/kc/buy/cgsh_order_operate.html?command=get_materiel&rest_code=00149&code=00101008356&supplier_code=00100008&order_time=2023-04-16 HTTP/1.1" 200 427
116.224.158.100 - - [16/Apr/2023:09:05:49 +0800] "GET /xingrg/all/function/internal_message.html?_=1681606991229&CODE_STATE=getMsg HTTP/1.1" 200 27
116.224.158.100 - - [16/Apr/2023:09:05:50 +0800] "GET /xingrg/kc/buy/cgsh_order_operate.html?command=get_materiel&rest_code=00105&code=00101008223&supplier_code=00100203&order_time=2023-04-16 HTTP/1.1" 200 412
116.224.106.218 - - [16/Apr/2023:09:05:51 +0800] "GET /xingrg/all/function/internal_message.html?_=1681607150821&CODE_STATE=getMsg HTTP/1.1" 200 27
222.64.2.88 - - [16/Apr/2023:09:05:54 +0800] "GET /xingrg/all/function/internal_message.html?_=1681607153631&CODE_STATE=getMsg HTTP/1.1" 200 27
222.69.130.254 - - [16/Apr/2023:09:05:55 +0800] "GET /xingrg/check_reg.html?_=1681607155106 HTTP/1.1" 200 22
222.69.130.254 - - [16/Apr/2023:09:05:55 +0800] "GET /xingrg/all/function/internal_message.html?_=1681607155108&CODE_STATE=getMsg HTTP/1.1" 200 27
101.229.22.234 - - [16/Apr/2023:09:06:01 +0800] "GET /xingrg/all/function/internal_message.html?_=1681607161315&CODE_STATE=getMsg HTTP/1.1" 200 27
101.229.22.234 - - [16/Apr/2023:09:06:01 +0800] "GET /xingrg/check_reg.html?_=1681607161318 HTTP/1.1" 200 22
116.224.158.100 - - [16/Apr/2023:09:06:03 +0800] "GET /xingrg/kc/buy/cgsh_order_operate.html?command=get_materiel&rest_code=00105&code=00101008105&supplier_code=00100203&order_time=2023-04-16 HTTP/1.1" 200 413
222.69.130.254 - - [16/Apr/2023:09:06:03 +0800] "GET /xingrg/kc/buy/cgsh_order_operate.html?command=get_materiel&rest_code=00149&code=00101008300&supplier_code=00100008&order_time=2023-04-16 HTTP/1.1" 200 431
222.64.2.88 - - [16/Apr/2023:09:06:07 +0800] "GET /xingrg/kc/mdqp/qp_main.html HTTP/1.1" 200 10633
222.64.2.88 - - [16/Apr/2023:09:06:09 +0800] "GET /xingrg/images/yd/bt.gif HTTP/1.1" 404 1040
222.69.130.254 - - [16/Apr/2023:09:06:10 +0800] "POST /xingrg/kc/buy/cgsh_order_operate.html HTTP/1.1" 200 2065
116.224.158.100 - - [16/Apr/2023:09:06:10 +0800] "GET /xingrg/kc/buy/cgsh_order_operate.html?command=get_materiel&rest_code=00105&code=00101008119&supplier_code=00100203&order_time=2023-04-16 HTTP/1.1" 200 413
222.64.2.88 - - [16/Apr/2023:09:06:10 +0800] "GET /xingrg/kc/mdqp/qqps_order_list.html HTTP/1.1" 200 9222
222.64.2.88 - - [16/Apr/2023:09:06:10 +0800] "GET /xingrg/dwr/interface/AjaxQqpsService.js HTTP/1.1" 200 16326
222.64.2.88 - - [16/Apr/2023:09:06:10 +0800] "GET /xingrg/dwr/interface/AjaxReportQueryService.js HTTP/1.1" 200 13203
222.64.2.88 - - [16/Apr/2023:09:06:10 +0800] "GET /xingrg/dwr/engine.js HTTP/1.1" 200 43631
116.238.139.35 - - [16/Apr/2023:09:06:10 +0800] "GET /xingrg/all/function/internal_message.html?_=1681607170938&CODE_STATE=getMsg HTTP/1.1" 200 27
116.224.158.100 - - [16/Apr/2023:09:06:12 +0800] "POST /xingrg/kc/buy/cgsh_order_operate.html HTTP/1.1" 200 2065
222.70.244.216 - - [16/Apr/2023:09:06:12 +0800] "GET /xingrg/kc/buy/cgsh_order_operate.html?command=get_materiel&rest_code=00146&code=00101008706&supplier_code=00100005&order_time=2023-04-16 HTTP/1.1" 200 412
116.224.158.100 - - [16/Apr/2023:09:06:13 +0800] "POST /xingrg/kc/buy/cgsh_order_operate.html HTTP/1.1" 200 2065
116.224.158.100 - - [16/Apr/2023:09:06:15 +0800] "POST /xingrg/kc/buy/cgsh_order_operate.html HTTP/1.1" 200 2065
222.70.244.216 - - [16/Apr/2023:09:06:17 +0800] "GET /xingrg/all/function/internal_message.html?_=1681607203153&CODE_STATE=getMsg HTTP/1.1" 200 27
222.64.2.88 - - [16/Apr/2023:09:06:18 +0800] "GET /xingrg/kc/mdqp/qqps_order_list.html?isQuery=1&timeSelect=1&orderTime=day&startTime=2023-04-15&endTime=2023-04-16&state=all&query=%C8%B7++%B6%A8 HTTP/1.1" 200 13048
222.64.2.88 - - [16/Apr/2023:09:06:18 +0800] "GET /xingrg/dwr/interface/AjaxQqpsService.js HTTP/1.1" 200 16326
222.64.2.88 - - [16/Apr/2023:09:06:18 +0800] "GET /xingrg/dwr/interface/AjaxReportQueryService.js HTTP/1.1" 200 13203
222.64.2.88 - - [16/Apr/2023:09:06:18 +0800] "GET /xingrg/dwr/engine.js HTTP/1.1" 200 43631
222.69.130.254 - - [16/Apr/2023:09:06:19 +0800] "GET /xingrg/kc/buy/cgsh_order_operate.html?command=get_materiel&rest_code=00149&code=00101008502&supplier_code=00100008&order_time=2023-04-16 HTTP/1.1" 200 412
116.224.158.100 - - [16/Apr/2023:09:06:23 +0800] "GET /xingrg/kc/buy/cgsh_order_operate.html?command=get_materiel&rest_code=00105&code=00101008168&supplier_code=00100203&order_time=2023-04-16 HTTP/1.1" 200 413
116.227.208.255 - - [16/Apr/2023:09:06:25 +0800] "GET /xingrg/all/function/internal_message.html?_=1681607256913&CODE_STATE=getMsg HTTP/1.1" 200 27
116.238.139.35 - - [16/Apr/2023:09:06:27 +0800] "GET /xingrg/kc/buy/cgsh_order_operate.html?command=get_materiel&rest_code=00150&code=00101008284&supplier_code=00100008&order_time=2023-04-16 HTTP/1.1" 200 431
116.192.124.172 - - [16/Apr/2023:09:06:31 +0800] "GET /xingrg/all/function/internal_message.html?_=1681607191241&CODE_STATE=getMsg HTTP/1.1" 200 27
