116.238.139.35 - - [16/Apr/2023:10:26:54 +0800] "POST /xingrg/kc/base/wldb_order_operate.html HTTP/1.1" 200 12
116.238.139.35 - - [16/Apr/2023:10:26:54 +0800] "POST /xingrg/kc/base/wldb_order_operate.html HTTP/1.1" 200 3124
180.171.122.0 - - [16/Apr/2023:10:26:54 +0800] "GET /xingrg/all/function/internal_message.html?_=1681612013543&CODE_STATE=getMsg HTTP/1.1" 200 27
124.78.155.10 - - [16/Apr/2023:10:26:55 +0800] "GET /xingrg/kc/buy/cgsh_order_operate.html?command=get_materiel&rest_code=00106&code=00101007059&supplier_code=00100002&order_time=2023-04-16 HTTP/1.1" 200 411
124.78.155.10 - - [16/Apr/2023:10:26:58 +0800] "GET /xingrg/all/function/internal_message.html?_=1681612014812&CODE_STATE=getMsg HTTP/1.1" 200 27
180.163.29.219 - - [16/Apr/2023:10:27:01 +0800] "GET /xingrg/kc/buy/cgsh_order_operate.html?command=get_materiel&rest_code=00106&code=00101007048&supplier_code=00100002&order_time=2023-04-16 HTTP/1.1" 302 -
180.163.29.219 - - [16/Apr/2023:10:27:01 +0800] "GET /xingrg/login.html HTTP/1.1" 200 7641
101.229.22.234 - - [16/Apr/2023:10:27:01 +0800] "GET /xingrg/all/function/internal_message.html?_=1681612021378&CODE_STATE=getMsg HTTP/1.1" 200 27
222.70.244.216 - - [16/Apr/2023:10:27:04 +0800] "GET /xingrg/all/function/internal_message.html?_=1681612050649&CODE_STATE=getMsg HTTP/1.1" 200 27
116.238.139.35 - - [16/Apr/2023:10:27:07 +0800] "GET /xingrg/kc/base/wldb_order_info.html?code=422023041601236 HTTP/1.1" 200 26265
222.70.244.216 - - [16/Apr/2023:10:27:07 +0800] "GET /xingrg/kc/buy/cgsh_order_operate.html?command=get_materiel&rest_code=00146&code=00101001111&supplier_code=00100041&order_time=2023-04-16 HTTP/1.1" 200 409
116.238.139.35 - - [16/Apr/2023:10:27:07 +0800] "GET /xingrg/javascript/easyui/themes/default/validatebox.css HTTP/1.1" 404 1104
116.238.139.35 - - [16/Apr/2023:10:27:07 +0800] "POST /xingrg/kc/base/wldb_order_operate.html HTTP/1.1" 200 1399
222.69.130.254 - - [16/Apr/2023:10:27:09 +0800] "GET /xingrg/all/function/internal_message.html?_=1681612029144&CODE_STATE=getMsg HTTP/1.1" 200 27
222.64.2.88 - - [16/Apr/2023:10:27:11 +0800] "GET /xingrg/kc/buy/cgsh_order_operate.html?command=get_materiel&rest_code=00141&code=00101008274&supplier_code=00100007&order_time=2023-04-16 HTTP/1.1" 200 432
116.224.158.100 - - [16/Apr/2023:10:27:11 +0800] "GET /xingrg/kc/buy/cgsh_order_operate.html?command=get_materiel&rest_code=00105&code=00101010245&supplier_code=00100012&order_time=2023-04-16 HTTP/1.1" 200 435
116.238.139.35 - - [16/Apr/2023:10:27:18 +0800] "GET /xingrg/all/function/internal_message.html?_=1681612038878&CODE_STATE=getMsg HTTP/1.1" 200 27
114.83.222.182 - - [16/Apr/2023:10:27:21 +0800] "GET /xingrg/kc/buy/cgsh_order_add.html HTTP/1.1" 200 69656
114.83.222.182 - - [16/Apr/2023:10:27:21 +0800] "POST /xingrg/kc/buy/cgsh_order_operate.html HTTP/1.1" 200 8245
114.83.222.182 - - [16/Apr/2023:10:27:22 +0800] "GET /xingrg/javascript/easyui/themes/default/validatebox.css HTTP/1.1" 404 1104
114.83.222.182 - - [16/Apr/2023:10:27:22 +0800] "GET /xingrg/all/function/internal_message.html?_=1681612129831&CODE_STATE=getMsg HTTP/1.1" 200 27
116.227.208.255 - - [16/Apr/2023:10:27:24 +0800] "GET /xingrg/all/function/internal_message.html?_=1681612115396&CODE_STATE=getMsg HTTP/1.1" 200 27
116.224.158.100 - - [16/Apr/2023:10:27:25 +0800] "GET /xingrg/kc/buy/cgsh_order_operate.html?command=get_materiel&rest_code=00105&code=00101006310&supplier_code=00100012&order_time=2023-04-16 HTTP/1.1" 200 415
222.69.130.254 - - [16/Apr/2023:10:27:26 +0800] "GET /xingrg/all/function/internal_message.html?_=1681612046703&CODE_STATE=getMsg HTTP/1.1" 200 27
180.171.122.0 - - [16/Apr/2023:10:27:27 +0800] "GET /xingrg/all/function/internal_message.html?_=1681612046717&CODE_STATE=getMsg HTTP/1.1" 200 27
180.171.122.0 - - [16/Apr/2023:10:27:27 +0800] "GET /xingrg/check_reg.html?_=1681612046719 HTTP/1.1" 200 22
116.192.124.172 - - [16/Apr/2023:10:27:30 +0800] "GET /xingrg/all/function/internal_message.html?_=1681612050388&CODE_STATE=getMsg HTTP/1.1" 200 27
222.64.2.88 - - [16/Apr/2023:10:27:31 +0800] "GET /xingrg/kc/buy/cgsh_order_operate.html?command=get_materiel&rest_code=00141&code=00101008285&supplier_code=00100007&order_time=2023-04-16 HTTP/1.1" 200 413
114.83.222.182 - - [16/Apr/2023:10:27:35 +0800] "GET /xingrg/kc/buy/cgsh_order_operate.html?command=get_materiel&rest_code=00154&code=00101006252&supplier_code=00100501&order_time=2023-04-16 HTTP/1.1" 200 409
180.164.3.199 - - [16/Apr/2023:10:27:36 +0800] "GET /xingrg/all/function/internal_message.html?_=1681612055589&CODE_STATE=getMsg HTTP/1.1" 200 27
222.70.244.216 - - [16/Apr/2023:10:27:41 +0800] "GET /xingrg/all/function/internal_message.html?_=1681612083037&CODE_STATE=getMsg HTTP/1.1" 302 -
116.224.158.100 - - [16/Apr/2023:10:27:43 +0800] "GET /xingrg/all/function/internal_message.html?_=1681612065213&CODE_STATE=getMsg HTTP/1.1" 200 27
180.171.122.0 - - [16/Apr/2023:10:27:43 +0800] "GET /xingrg/check_reg.html?_=1681612062517 HTTP/1.1" 200 22
124.78.155.10 - - [16/Apr/2023:10:27:44 +0800] "POST /xingrg/kc/buy/cgsh_order_operate.html HTTP/1.1" 200 37
120.253.135.82 - - [16/Apr/2023:10:27:45 +0800] "GET /xingrg/all/function/internal_message.html?_=1681611902778&CODE_STATE=getMsg HTTP/1.1" 200 27
222.64.2.88 - - [16/Apr/2023:10:27:45 +0800] "GET /xingrg/all/function/internal_message.html?_=1681612064572&CODE_STATE=getMsg HTTP/1.1" 200 27
116.224.158.100 - - [16/Apr/2023:10:27:49 +0800] "GET /xingrg/all/function/internal_message.html?_=1681611911255&CODE_STATE=getMsg HTTP/1.1" 200 27
58.40.7.146 - - [16/Apr/2023:10:27:49 +0800] "GET /xingrg/all/function/internal_message.html?_=1681612069698&CODE_STATE=getMsg HTTP/1.1" 200 27
116.224.106.218 - - [16/Apr/2023:10:27:49 +0800] "GET /xingrg/all/function/internal_message.html?_=1681612069447&CODE_STATE=getMsg HTTP/1.1" 200 27
114.83.222.182 - - [16/Apr/2023:10:27:51 +0800] "POST /xingrg/kc/buy/cgsh_order_operate.html HTTP/1.1" 200 37
116.224.158.100 - - [16/Apr/2023:10:27:51 +0800] "GET /xingrg/kc/buy/cgsh_order_operate.html?command=get_materiel&rest_code=00105&code=00101006086&supplier_code=00100012&order_time=2023-04-16 HTTP/1.1" 200 415
124.78.155.10 - - [16/Apr/2023:10:27:52 +0800] "POST /xingrg/kc/buy/cgsh_order_operate.html HTTP/1.1" 200 12
180.171.122.0 - - [16/Apr/2023:10:27:54 +0800] "GET /xingrg/all/function/internal_message.html?_=1681612073543&CODE_STATE=getMsg HTTP/1.1" 200 27
114.83.222.182 - - [16/Apr/2023:10:27:58 +0800] "POST /xingrg/kc/buy/cgsh_order_operate.html HTTP/1.1" 200 12
124.78.155.10 - - [16/Apr/2023:10:27:58 +0800] "GET /xingrg/check_reg.html?_=1681612074172 HTTP/1.1" 200 22
124.78.155.10 - - [16/Apr/2023:10:27:58 +0800] "GET /xingrg/all/function/internal_message.html?_=1681612074794&CODE_STATE=getMsg HTTP/1.1" 200 27
124.78.155.10 - - [16/Apr/2023:10:27:58 +0800] "GET /xingrg/kc/buy/cgsh_order_info.html?code=212023041605292 HTTP/1.1" 200 65357
124.78.155.10 - - [16/Apr/2023:10:27:59 +0800] "GET /xingrg/javascript/easyui/themes/default/validatebox.css HTTP/1.1" 404 1104
114.83.222.182 - - [16/Apr/2023:10:28:00 +0800] "GET /xingrg/kc/buy/cgsh_order_info.html?code=212023041605293 HTTP/1.1" 200 64563
124.78.155.10 - - [16/Apr/2023:10:28:00 +0800] "POST /xingrg/kc/buy/cgsh_order_operate.html HTTP/1.1" 200 5355
114.83.222.182 - - [16/Apr/2023:10:28:00 +0800] "GET /xingrg/javascript/easyui/themes/default/validatebox.css HTTP/1.1" 404 1104
101.229.22.234 - - [16/Apr/2023:10:28:01 +0800] "GET /xingrg/all/function/internal_message.html?_=1681612081364&CODE_STATE=getMsg HTTP/1.1" 200 27
114.83.222.182 - - [16/Apr/2023:10:28:01 +0800] "POST /xingrg/kc/buy/cgsh_order_operate.html HTTP/1.1" 200 603
124.78.155.10 - - [16/Apr/2023:10:28:01 +0800] "GET /xingrg/kc/print/load_data.html?order_code=212023041605292&kc_code=cgsh&condition= HTTP/1.1" 200 2590
222.64.2.88 - - [16/Apr/2023:10:28:02 +0800] "GET /xingrg/kc/buy/cgsh_order_operate.html?command=get_materiel&rest_code=00141&code=00101013229&supplier_code=00100007&order_time=2023-04-16 HTTP/1.1" 200 413
114.83.222.182 - - [16/Apr/2023:10:28:03 +0800] "GET /xingrg/kc/print/load_data.html?order_code=212023041605293&kc_code=cgsh&condition= HTTP/1.1" 200 695
222.70.244.216 - - [16/Apr/2023:10:28:04 +0800] "GET /xingrg/all/function/internal_message.html?_=1681612110663&CODE_STATE=getMsg HTTP/1.1" 200 27
124.78.155.10 - - [16/Apr/2023:10:28:07 +0800] "GET /xingrg/kc/print/load_data.html?order_code=212023041605292&kc_code=cgsh HTTP/1.1" 200 2590
222.69.130.254 - - [16/Apr/2023:10:28:09 +0800] "GET /xingrg/all/function/internal_message.html?_=1681612089135&CODE_STATE=getMsg HTTP/1.1" 200 27
116.224.158.100 - - [16/Apr/2023:10:28:17 +0800] "GET /xingrg/kc/buy/cgsh_order_operate.html?command=get_materiel&rest_code=00105&code=00101006130&supplier_code=00100012&order_time=2023-04-16 HTTP/1.1" 200 427
116.238.139.35 - - [16/Apr/2023:10:28:18 +0800] "GET /xingrg/kc/buy/cgsh_order_list.html HTTP/1.1" 200 54677
222.70.244.216 - - [16/Apr/2023:10:28:18 +0800] "GET /xingrg/kc/buy/cgsh_order_operate.html?command=get_materiel&rest_code=00146&code=00101001032&supplier_code=00100041&order_time=2023-04-16 HTTP/1.1" 200 433
116.238.139.35 - - [16/Apr/2023:10:28:18 +0800] "GET /xingrg/all/function/internal_message.html?_=1681612098920&CODE_STATE=getMsg HTTP/1.1" 200 27
116.238.139.35 - - [16/Apr/2023:10:28:20 +0800] "POST /xingrg/kc/buy/cgsh_list_operate.html HTTP/1.1" 200 986
114.83.222.182 - - [16/Apr/2023:10:28:22 +0800] "GET /xingrg/check_reg.html?_=1681612189837 HTTP/1.1" 200 22
114.83.222.182 - - [16/Apr/2023:10:28:22 +0800] "GET /xingrg/all/function/internal_message.html?_=1681612189839&CODE_STATE=getMsg HTTP/1.1" 200 27
116.238.139.35 - - [16/Apr/2023:10:28:22 +0800] "GET /xingrg/kc/buy/cgsh_order_add.html HTTP/1.1" 200 70497
116.238.139.35 - - [16/Apr/2023:10:28:22 +0800] "POST /xingrg/kc/buy/cgsh_order_operate.html HTTP/1.1" 200 8245
116.238.139.35 - - [16/Apr/2023:10:28:22 +0800] "GET /xingrg/javascript/easyui/themes/default/validatebox.css HTTP/1.1" 404 1104
116.227.208.255 - - [16/Apr/2023:10:28:23 +0800] "GET /xingrg/check_reg.html?_=1681612174117 HTTP/1.1" 200 22
116.227.208.255 - - [16/Apr/2023:10:28:24 +0800] "GET /xingrg/all/function/internal_message.html?_=1681612175383&CODE_STATE=getMsg HTTP/1.1" 200 27
222.69.130.254 - - [16/Apr/2023:10:28:26 +0800] "GET /xingrg/check_reg.html?_=1681612106306 HTTP/1.1" 200 22
222.69.130.254 - - [16/Apr/2023:10:28:26 +0800] "GET /xingrg/all/function/internal_message.html?_=1681612106704&CODE_STATE=getMsg HTTP/1.1" 200 27
124.78.155.10 - - [16/Apr/2023:10:28:27 +0800] "GET /xingrg/kc/buy/cgsh_order_add.html HTTP/1.1" 200 70453
180.171.122.0 - - [16/Apr/2023:10:28:27 +0800] "GET /xingrg/all/function/internal_message.html?_=1681612106713&CODE_STATE=getMsg HTTP/1.1" 200 27
124.78.155.10 - - [16/Apr/2023:10:28:28 +0800] "POST /xingrg/kc/buy/cgsh_order_operate.html HTTP/1.1" 200 8245
124.78.155.10 - - [16/Apr/2023:10:28:28 +0800] "GET /xingrg/javascript/easyui/themes/default/validatebox.css HTTP/1.1" 404 1104
124.78.155.10 - - [16/Apr/2023:10:28:28 +0800] "GET /xingrg/javascript/easyui/themes/default/tree.css HTTP/1.1" 404 1090
124.78.155.10 - - [16/Apr/2023:10:28:29 +0800] "POST /xingrg/all/common/load_tree.html?tree=supplier_tree_json&isDelete=1 HTTP/1.1" 200 72081
116.224.158.100 - - [16/Apr/2023:10:28:29 +0800] "GET /xingrg/kc/buy/cgsh_order_operate.html?command=get_materiel&rest_code=00105&code=00101006129&supplier_code=00100012&order_time=2023-04-16 HTTP/1.1" 200 431
116.192.124.172 - - [16/Apr/2023:10:28:30 +0800] "GET /xingrg/all/function/internal_message.html?_=1681612110366&CODE_STATE=getMsg HTTP/1.1" 200 27
180.164.3.199 - - [16/Apr/2023:10:28:36 +0800] "GET /xingrg/all/function/internal_message.html?_=1681612115576&CODE_STATE=getMsg HTTP/1.1" 200 27
114.83.222.182 - - [16/Apr/2023:10:28:37 +0800] "GET /xingrg/kc/buy/cgsh_order_add.html HTTP/1.1" 200 69656
114.83.222.182 - - [16/Apr/2023:10:28:37 +0800] "POST /xingrg/kc/buy/cgsh_order_operate.html HTTP/1.1" 200 8245
114.83.222.182 - - [16/Apr/2023:10:28:37 +0800] "GET /xingrg/javascript/easyui/themes/default/validatebox.css HTTP/1.1" 404 1104
222.69.130.254 - - [16/Apr/2023:10:28:40 +0800] "GET /xingrg/kc/buy/cgsh_order_list.html HTTP/1.1" 200 54932
116.224.158.100 - - [16/Apr/2023:10:28:40 +0800] "GET /xingrg/kc/buy/cgsh_order_operate.html?command=get_materiel&rest_code=00105&code=00101006330&supplier_code=00100012&order_time=2023-04-16 HTTP/1.1" 200 415
222.70.244.216 - - [16/Apr/2023:10:28:41 +0800] "GET /xingrg/all/function/internal_message.html?_=1681612143049&CODE_STATE=getMsg HTTP/1.1" 302 -
222.69.130.254 - - [16/Apr/2023:10:28:42 +0800] "POST /xingrg/kc/buy/cgsh_list_operate.html HTTP/1.1" 200 986
116.224.158.100 - - [16/Apr/2023:10:28:43 +0800] "GET /xingrg/all/function/internal_message.html?_=1681612125158&CODE_STATE=getMsg HTTP/1.1" 200 27
222.69.130.254 - - [16/Apr/2023:10:28:43 +0800] "GET /xingrg/javascript/jquery_tools/images/prev.gif HTTP/1.1" 404 1086
222.69.130.254 - - [16/Apr/2023:10:28:44 +0800] "GET /xingrg/javascript/jquery_tools/images/next.gif HTTP/1.1" 404 1086
120.253.135.82 - - [16/Apr/2023:10:28:44 +0800] "GET /xingrg/check_reg.html?_=1681611962328 HTTP/1.1" 200 22
120.253.135.82 - - [16/Apr/2023:10:28:45 +0800] "GET /xingrg/all/function/internal_message.html?_=1681611962823&CODE_STATE=getMsg HTTP/1.1" 200 27
222.64.2.88 - - [16/Apr/2023:10:28:45 +0800] "GET /xingrg/all/function/internal_message.html?_=1681612124560&CODE_STATE=getMsg HTTP/1.1" 200 27
116.224.158.100 - - [16/Apr/2023:10:28:49 +0800] "GET /xingrg/all/function/internal_message.html?_=1681611971245&CODE_STATE=getMsg HTTP/1.1" 200 27
58.40.7.146 - - [16/Apr/2023:10:28:49 +0800] "GET /xingrg/all/function/internal_message.html?_=1681612129700&CODE_STATE=getMsg HTTP/1.1" 200 27
116.224.106.218 - - [16/Apr/2023:10:28:49 +0800] "GET /xingrg/all/function/internal_message.html?_=1681612129433&CODE_STATE=getMsg HTTP/1.1" 200 27
180.169.147.146 - - [16/Apr/2023:10:28:51 +0800] "GET /xingrg/check_reg.html?_=1681612133882 HTTP/1.1" 302 -
116.224.158.100 - - [16/Apr/2023:10:28:53 +0800] "POST /xingrg/kc/buy/cgsh_order_operate.html HTTP/1.1" 200 37
180.171.122.0 - - [16/Apr/2023:10:28:54 +0800] "GET /xingrg/all/function/internal_message.html?_=1681612133544&CODE_STATE=getMsg HTTP/1.1" 200 27
222.70.244.216 - - [16/Apr/2023:10:28:55 +0800] "GET /xingrg/kc/buy/cgsh_order_operate.html?command=get_materiel&rest_code=00146&code=00101010161&supplier_code=00100041&order_time=2023-04-16 HTTP/1.1" 200 429
124.78.155.10 - - [16/Apr/2023:10:28:55 +0800] "GET /xingrg/kc/buy/cgsh_order_operate.html?command=get_materiel&rest_code=00106&code=00101016025&supplier_code=00100032&order_time=2023-04-16 HTTP/1.1" 200 429
222.64.2.88 - - [16/Apr/2023:10:28:55 +0800] "GET /xingrg/kc/buy/cgsh_order_operate.html?command=get_materiel&rest_code=00141&code=00101019160&supplier_code=00100007&order_time=2023-04-16 HTTP/1.1" 200 413
222.69.130.254 - - [16/Apr/2023:10:28:55 +0800] "POST /xingrg/kc/buy/cgsh_list_operate.html HTTP/1.1" 200 6166
124.78.155.10 - - [16/Apr/2023:10:28:58 +0800] "GET /xingrg/all/function/internal_message.html?_=1681612134777&CODE_STATE=getMsg HTTP/1.1" 200 27
222.64.2.88 - - [16/Apr/2023:10:29:00 +0800] "POST /xingrg/all/common/load_select.html HTTP/1.1" 200 12
101.229.22.234 - - [16/Apr/2023:10:29:01 +0800] "GET /xingrg/all/function/internal_message.html?_=1681612141365&CODE_STATE=getMsg HTTP/1.1" 200 27
114.83.222.182 - - [16/Apr/2023:10:29:01 +0800] "POST /xingrg/kc/buy/cgsh_order_operate.html HTTP/1.1" 200 37
222.64.2.88 - - [16/Apr/2023:10:29:04 +0800] "GET /xingrg/kc/buy/cgsh_order_operate.html?command=get_materiel_price&rest_code=00141&code=00101019160&unit_code=00100004&supplier_code=00100007&order_time=2023-04-16 HTTP/1.1" 200 28
222.70.244.216 - - [16/Apr/2023:10:29:04 +0800] "GET /xingrg/all/function/internal_message.html?_=1681612170676&CODE_STATE=getMsg HTTP/1.1" 200 27
114.83.222.182 - - [16/Apr/2023:10:29:07 +0800] "POST /xingrg/kc/buy/cgsh_order_operate.html HTTP/1.1" 200 12
222.69.130.254 - - [16/Apr/2023:10:29:07 +0800] "POST /xingrg/kc/buy/cgsh_list_operate.html HTTP/1.1" 200 414
222.69.130.254 - - [16/Apr/2023:10:29:09 +0800] "GET /xingrg/all/function/internal_message.html?_=1681612149150&CODE_STATE=getMsg HTTP/1.1" 200 27
124.78.155.10 - - [16/Apr/2023:10:29:09 +0800] "GET /xingrg/kc/buy/cgsh_order_operate.html?command=get_materiel&rest_code=00106&code=00101012025&supplier_code=00100032&order_time=2023-04-16 HTTP/1.1" 200 432
116.224.158.100 - - [16/Apr/2023:10:29:09 +0800] "POST /xingrg/kc/buy/cgsh_order_operate.html HTTP/1.1" 200 6259
114.83.222.182 - - [16/Apr/2023:10:29:10 +0800] "GET /xingrg/kc/buy/cgsh_order_info.html?code=212023041605295 HTTP/1.1" 200 64563
114.83.222.182 - - [16/Apr/2023:10:29:10 +0800] "GET /xingrg/javascript/easyui/themes/default/validatebox.css HTTP/1.1" 404 1104
114.83.222.182 - - [16/Apr/2023:10:29:11 +0800] "POST /xingrg/kc/buy/cgsh_order_operate.html HTTP/1.1" 200 603
114.83.222.182 - - [16/Apr/2023:10:29:12 +0800] "GET /xingrg/kc/print/load_data.html?order_code=212023041605295&kc_code=cgsh&condition= HTTP/1.1" 200 704
116.224.158.100 - - [16/Apr/2023:10:29:16 +0800] "GET /xingrg/kc/print/load_data.html?order_code=212023041605294&kc_code=cgsh&condition= HTTP/1.1" 200 2168
116.238.139.35 - - [16/Apr/2023:10:29:18 +0800] "GET /xingrg/all/function/internal_message.html?_=1681612158897&CODE_STATE=getMsg HTTP/1.1" 200 27
222.69.130.254 - - [16/Apr/2023:10:29:18 +0800] "POST /xingrg/kc/buy/cgsh_list_operate.html HTTP/1.1" 200 4
114.83.222.182 - - [16/Apr/2023:10:29:22 +0800] "GET /xingrg/all/function/internal_message.html?_=1681612249849&CODE_STATE=getMsg HTTP/1.1" 200 27
124.78.155.10 - - [16/Apr/2023:10:29:22 +0800] "GET /xingrg/kc/buy/cgsh_order_operate.html?command=get_materiel&rest_code=00106&code=00101016030&supplier_code=00100032&order_time=2023-04-16 HTTP/1.1" 200 434
116.227.208.255 - - [16/Apr/2023:10:29:24 +0800] "GET /xingrg/all/function/internal_message.html?_=1681612235367&CODE_STATE=getMsg HTTP/1.1" 200 27
222.70.244.216 - - [16/Apr/2023:10:29:26 +0800] "GET /xingrg/kc/buy/cgsh_order_operate.html?command=get_materiel&rest_code=00146&code=00101005037&supplier_code=00100041&order_time=2023-04-16 HTTP/1.1" 200 429
222.69.130.254 - - [16/Apr/2023:10:29:26 +0800] "GET /xingrg/all/function/internal_message.html?_=1681612166687&CODE_STATE=getMsg HTTP/1.1" 200 27
180.171.122.0 - - [16/Apr/2023:10:29:27 +0800] "GET /xingrg/all/function/internal_message.html?_=1681612166728&CODE_STATE=getMsg HTTP/1.1" 200 27
116.192.124.172 - - [16/Apr/2023:10:29:30 +0800] "GET /xingrg/all/function/internal_message.html?_=1681612170360&CODE_STATE=getMsg HTTP/1.1" 200 27
116.192.124.172 - - [16/Apr/2023:10:29:31 +0800] "GET /xingrg/check_reg.html?_=1681612171074 HTTP/1.1" 200 22
180.164.3.199 - - [16/Apr/2023:10:29:36 +0800] "GET /xingrg/all/function/internal_message.html?_=1681612175552&CODE_STATE=getMsg HTTP/1.1" 200 27
180.164.3.199 - - [16/Apr/2023:10:29:36 +0800] "GET /xingrg/check_reg.html?_=1681612176225 HTTP/1.1" 200 22
222.70.244.216 - - [16/Apr/2023:10:29:41 +0800] "GET /xingrg/all/function/internal_message.html?_=1681612203065&CODE_STATE=getMsg HTTP/1.1" 302 -
116.224.158.100 - - [16/Apr/2023:10:29:43 +0800] "GET /xingrg/all/function/internal_message.html?_=1681612185133&CODE_STATE=getMsg HTTP/1.1" 200 27
222.69.130.254 - - [16/Apr/2023:10:29:44 +0800] "POST /xingrg/kc/buy/cgsh_list_operate.html HTTP/1.1" 200 5979
120.253.135.82 - - [16/Apr/2023:10:29:45 +0800] "GET /xingrg/all/function/internal_message.html?_=1681612022869&CODE_STATE=getMsg HTTP/1.1" 200 27
222.64.2.88 - - [16/Apr/2023:10:29:45 +0800] "GET /xingrg/all/function/internal_message.html?_=1681612184552&CODE_STATE=getMsg HTTP/1.1" 200 27
222.70.244.216 - - [16/Apr/2023:10:29:46 +0800] "GET /xingrg/kc/buy/cgsh_order_operate.html?command=get_materiel&rest_code=00146&code=00101018019&supplier_code=00100041&order_time=2023-04-16 HTTP/1.1" 200 421
124.78.155.10 - - [16/Apr/2023:10:29:48 +0800] "GET /xingrg/kc/buy/cgsh_order_operate.html?command=get_materiel&rest_code=00106&code=00101016017&supplier_code=00100032&order_time=2023-04-16 HTTP/1.1" 200 408
116.224.158.100 - - [16/Apr/2023:10:29:49 +0800] "GET /xingrg/all/function/internal_message.html?_=1681612031245&CODE_STATE=getMsg HTTP/1.1" 200 27
116.224.158.100 - - [16/Apr/2023:10:29:49 +0800] "GET /xingrg/check_reg.html?_=1681612031248 HTTP/1.1" 200 22
58.40.7.146 - - [16/Apr/2023:10:29:49 +0800] "GET /xingrg/all/function/internal_message.html?_=1681612189686&CODE_STATE=getMsg HTTP/1.1" 200 27
116.224.106.218 - - [16/Apr/2023:10:29:49 +0800] "GET /xingrg/all/function/internal_message.html?_=1681612189418&CODE_STATE=getMsg HTTP/1.1" 200 27
116.224.106.218 - - [16/Apr/2023:10:29:52 +0800] "GET /xingrg/check_reg.html?_=1681612192302 HTTP/1.1" 200 22
222.64.2.88 - - [16/Apr/2023:10:29:53 +0800] "GET /xingrg/kc/buy/cgsh_order_operate.html?command=get_materiel&rest_code=00141&code=00101015054&supplier_code=00100007&order_time=2023-04-16 HTTP/1.1" 200 424
114.83.222.182 - - [16/Apr/2023:10:29:53 +0800] "GET /xingrg/kc/buy/cgsh_order_add.html HTTP/1.1" 200 69656
114.83.222.182 - - [16/Apr/2023:10:29:53 +0800] "POST /xingrg/kc/buy/cgsh_order_operate.html HTTP/1.1" 200 8245
114.83.222.182 - - [16/Apr/2023:10:29:53 +0800] "GET /xingrg/javascript/easyui/themes/default/validatebox.css HTTP/1.1" 404 1104
180.171.122.0 - - [16/Apr/2023:10:29:54 +0800] "GET /xingrg/all/function/internal_message.html?_=1681612193550&CODE_STATE=getMsg HTTP/1.1" 200 27
180.171.122.0 - - [16/Apr/2023:10:29:54 +0800] "GET /xingrg/check_reg.html?_=1681612193548 HTTP/1.1" 200 22
124.78.155.10 - - [16/Apr/2023:10:29:58 +0800] "GET /xingrg/all/function/internal_message.html?_=1681612194760&CODE_STATE=getMsg HTTP/1.1" 200 27
101.229.22.234 - - [16/Apr/2023:10:30:01 +0800] "GET /xingrg/all/function/internal_message.html?_=1681612201366&CODE_STATE=getMsg HTTP/1.1" 200 27
222.70.244.216 - - [16/Apr/2023:10:30:04 +0800] "GET /xingrg/all/function/internal_message.html?_=1681612230691&CODE_STATE=getMsg HTTP/1.1" 200 27
114.83.222.182 - - [16/Apr/2023:10:30:05 +0800] "GET /xingrg/kc/buy/cgsh_order_operate.html?command=get_materiel&rest_code=00154&code=00101011001&supplier_code=00100051&order_time=2023-04-16 HTTP/1.1" 200 442
222.70.244.216 - - [16/Apr/2023:10:30:07 +0800] "GET /xingrg/kc/buy/cgsh_order_operate.html?command=get_materiel&rest_code=00146&code=00101001075&supplier_code=00100041&order_time=2023-04-16 HTTP/1.1" 200 409
124.78.155.10 - - [16/Apr/2023:10:30:08 +0800] "GET /xingrg/kc/buy/cgsh_order_operate.html?command=get_materiel&rest_code=00106&code=00101012040&supplier_code=00100032&order_time=2023-04-16 HTTP/1.1" 200 412
222.69.130.254 - - [16/Apr/2023:10:30:09 +0800] "GET /xingrg/check_reg.html?_=1681612209124 HTTP/1.1" 200 22
222.69.130.254 - - [16/Apr/2023:10:30:09 +0800] "GET /xingrg/all/function/internal_message.html?_=1681612209129&CODE_STATE=getMsg HTTP/1.1" 200 27
116.192.124.172 - - [16/Apr/2023:10:30:17 +0800] "POST /xingrg/services/DataTransmitService HTTP/1.1" 200 524
116.192.124.172 - - [16/Apr/2023:10:30:18 +0800] "POST /xingrg/services/DataTransmitService HTTP/1.1" 200 412
116.238.139.35 - - [16/Apr/2023:10:30:18 +0800] "GET /xingrg/all/function/internal_message.html?_=1681612218871&CODE_STATE=getMsg HTTP/1.1" 200 27
116.238.139.35 - - [16/Apr/2023:10:30:19 +0800] "GET /xingrg/check_reg.html?_=1681612219154 HTTP/1.1" 200 22
114.83.222.182 - - [16/Apr/2023:10:30:21 +0800] "POST /xingrg/kc/buy/cgsh_order_operate.html HTTP/1.1" 200 37
116.224.158.100 - - [16/Apr/2023:10:30:24 +0800] "POST /xingrg/kc/buy/cgsh_order_operate.html HTTP/1.1" 200 37
116.227.208.255 - - [16/Apr/2023:10:30:24 +0800] "GET /xingrg/all/function/internal_message.html?_=1681612295346&CODE_STATE=getMsg HTTP/1.1" 200 27
222.70.244.216 - - [16/Apr/2023:10:30:25 +0800] "POST /xingrg/kc/buy/cgsh_order_operate.html HTTP/1.1" 200 88
222.69.130.254 - - [16/Apr/2023:10:30:26 +0800] "GET /xingrg/all/function/internal_message.html?_=1681612226671&CODE_STATE=getMsg HTTP/1.1" 200 27
124.78.155.10 - - [16/Apr/2023:10:30:27 +0800] "GET /xingrg/kc/buy/cgsh_order_operate.html?command=get_materiel&rest_code=00106&code=00101010248&supplier_code=00100032&order_time=2023-04-16 HTTP/1.1" 200 430
180.171.122.0 - - [16/Apr/2023:10:30:27 +0800] "GET /xingrg/all/function/internal_message.html?_=1681612226725&CODE_STATE=getMsg HTTP/1.1" 200 27
116.192.124.172 - - [16/Apr/2023:10:30:30 +0800] "GET /xingrg/all/function/internal_message.html?_=1681612230343&CODE_STATE=getMsg HTTP/1.1" 200 27
222.70.244.216 - - [16/Apr/2023:10:30:33 +0800] "POST /xingrg/kc/buy/cgsh_order_operate.html HTTP/1.1" 200 37
114.83.222.182 - - [16/Apr/2023:10:30:33 +0800] "POST /xingrg/kc/buy/cgsh_order_operate.html HTTP/1.1" 200 12
222.70.244.216 - - [16/Apr/2023:10:30:35 +0800] "POST /xingrg/kc/buy/cgsh_order_operate.html HTTP/1.1" 200 6207
180.164.3.199 - - [16/Apr/2023:10:30:36 +0800] "GET /xingrg/all/function/internal_message.html?_=1681612235547&CODE_STATE=getMsg HTTP/1.1" 200 27
114.83.222.182 - - [16/Apr/2023:10:30:36 +0800] "GET /xingrg/kc/buy/cgsh_order_info.html?code=212023041605296 HTTP/1.1" 200 64559
114.83.222.182 - - [16/Apr/2023:10:30:36 +0800] "GET /xingrg/javascript/easyui/themes/default/validatebox.css HTTP/1.1" 404 1104
222.70.244.216 - - [16/Apr/2023:10:30:37 +0800] "GET /xingrg/kc/print/load_data.html?order_code=212023041605298&kc_code=cgsh&condition= HTTP/1.1" 200 2048
114.83.222.182 - - [16/Apr/2023:10:30:37 +0800] "POST /xingrg/kc/buy/cgsh_order_operate.html HTTP/1.1" 200 616
114.83.222.182 - - [16/Apr/2023:10:30:39 +0800] "GET /xingrg/kc/print/load_data.html?order_code=212023041605296&kc_code=cgsh&condition= HTTP/1.1" 200 730
222.70.244.216 - - [16/Apr/2023:10:30:41 +0800] "GET /xingrg/all/function/internal_message.html?_=1681612263081&CODE_STATE=getMsg HTTP/1.1" 302 -
222.64.2.88 - - [16/Apr/2023:10:30:43 +0800] "GET /xingrg/check_reg.html?_=1681612242972 HTTP/1.1" 200 22
124.78.155.10 - - [16/Apr/2023:10:30:44 +0800] "GET /xingrg/kc/buy/cgsh_order_operate.html?command=get_materiel&rest_code=00106&code=00101012051&supplier_code=00100032&order_time=2023-04-16 HTTP/1.1" 200 408
120.253.135.82 - - [16/Apr/2023:10:30:45 +0800] "GET /xingrg/all/function/internal_message.html?_=1681612082881&CODE_STATE=getMsg HTTP/1.1" 200 27
222.64.2.88 - - [16/Apr/2023:10:30:45 +0800] "GET /xingrg/all/function/internal_message.html?_=1681612244539&CODE_STATE=getMsg HTTP/1.1" 200 27
116.224.158.100 - - [16/Apr/2023:10:30:49 +0800] "GET /xingrg/all/function/internal_message.html?_=1681612091255&CODE_STATE=getMsg HTTP/1.1" 200 27
58.40.7.146 - - [16/Apr/2023:10:30:49 +0800] "GET /xingrg/all/function/internal_message.html?_=1681612249688&CODE_STATE=getMsg HTTP/1.1" 200 27
116.224.106.218 - - [16/Apr/2023:10:30:49 +0800] "GET /xingrg/all/function/internal_message.html?_=1681612249401&CODE_STATE=getMsg HTTP/1.1" 200 27
180.171.122.0 - - [16/Apr/2023:10:30:54 +0800] "GET /xingrg/all/function/internal_message.html?_=1681612253548&CODE_STATE=getMsg HTTP/1.1" 200 27
124.78.155.10 - - [16/Apr/2023:10:30:58 +0800] "GET /xingrg/all/function/internal_message.html?_=1681612254741&CODE_STATE=getMsg HTTP/1.1" 200 27
222.64.2.88 - - [16/Apr/2023:10:31:00 +0800] "GET /xingrg/kc/buy/cgsh_order_operate.html?command=get_materiel&rest_code=00141&code=00101022019&supplier_code=00100007&order_time=2023-04-16 HTTP/1.1" 200 425
101.229.22.234 - - [16/Apr/2023:10:31:01 +0800] "GET /xingrg/check_reg.html?_=1681612261365 HTTP/1.1" 200 22
101.229.22.234 - - [16/Apr/2023:10:31:01 +0800] "GET /xingrg/all/function/internal_message.html?_=1681612261374&CODE_STATE=getMsg HTTP/1.1" 200 27
222.70.244.216 - - [16/Apr/2023:10:31:04 +0800] "GET /xingrg/check_reg.html?_=1681612290102 HTTP/1.1" 200 22
222.70.244.216 - - [16/Apr/2023:10:31:04 +0800] "GET /xingrg/all/function/internal_message.html?_=1681612290703&CODE_STATE=getMsg HTTP/1.1" 200 27
116.224.158.100 - - [16/Apr/2023:10:31:05 +0800] "POST /xingrg/kc/buy/cgsh_order_operate.html HTTP/1.1" 200 12
114.83.222.182 - - [16/Apr/2023:10:31:05 +0800] "GET /xingrg/kc/buy/cgsh_order_add.html HTTP/1.1" 200 69656
124.78.155.10 - - [16/Apr/2023:10:31:05 +0800] "GET /xingrg/kc/buy/cgsh_order_operate.html?command=get_materiel&rest_code=00106&code=00101020082&supplier_code=00100032&order_time=2023-04-16 HTTP/1.1" 200 409
114.83.222.182 - - [16/Apr/2023:10:31:06 +0800] "POST /xingrg/kc/buy/cgsh_order_operate.html HTTP/1.1" 200 8245
114.83.222.182 - - [16/Apr/2023:10:31:06 +0800] "GET /xingrg/javascript/easyui/themes/default/validatebox.css HTTP/1.1" 404 1104
180.163.28.109 - - [16/Apr/2023:10:31:06 +0800] "GET /xingrg/kc/buy/cgsh_order_operate.html?command=get_materiel&rest_code=00106&code=00101012040&supplier_code=00100032&order_time=2023-04-16 HTTP/1.1" 302 -
180.163.28.109 - - [16/Apr/2023:10:31:06 +0800] "GET /xingrg/login.html HTTP/1.1" 200 7641
222.69.130.254 - - [16/Apr/2023:10:31:09 +0800] "GET /xingrg/all/function/internal_message.html?_=1681612269137&CODE_STATE=getMsg HTTP/1.1" 200 27
116.224.158.100 - - [16/Apr/2023:10:31:09 +0800] "GET /xingrg/kc/buy/cgsh_order_info.html?code=212023041605294 HTTP/1.1" 200 65437
116.224.158.100 - - [16/Apr/2023:10:31:10 +0800] "GET /xingrg/javascript/easyui/themes/default/validatebox.css HTTP/1.1" 404 1104
116.224.158.100 - - [16/Apr/2023:10:31:10 +0800] "POST /xingrg/kc/buy/cgsh_order_operate.html HTTP/1.1" 200 4206
114.83.222.182 - - [16/Apr/2023:10:31:16 +0800] "GET /xingrg/kc/buy/cgsh_order_operate.html?command=get_materiel&rest_code=00154&code=00101010161&supplier_code=00100421&order_time=2023-04-16 HTTP/1.1" 200 431
116.238.139.35 - - [16/Apr/2023:10:31:18 +0800] "GET /xingrg/all/function/internal_message.html?_=1681612278845&CODE_STATE=getMsg HTTP/1.1" 200 27
222.70.244.216 - - [16/Apr/2023:10:31:21 +0800] "GET /xingrg/kc/buy/cgsh_order_add.html HTTP/1.1" 200 70453
222.70.244.216 - - [16/Apr/2023:10:31:21 +0800] "POST /xingrg/kc/buy/cgsh_order_operate.html HTTP/1.1" 200 8245
222.70.244.216 - - [16/Apr/2023:10:31:22 +0800] "GET /xingrg/javascript/easyui/themes/default/validatebox.css HTTP/1.1" 404 1104
114.83.222.182 - - [16/Apr/2023:10:31:22 +0800] "GET /xingrg/all/function/internal_message.html?_=1681612369892&CODE_STATE=getMsg HTTP/1.1" 200 27
116.232.35.177 - - [16/Apr/2023:10:31:23 +0800] "GET /favicon.ico HTTP/1.1" 404 -
124.78.155.10 - - [16/Apr/2023:10:31:24 +0800] "GET /xingrg/kc/buy/cgsh_order_operate.html?command=get_materiel&rest_code=00106&code=00101001111&supplier_code=00100032&order_time=2023-04-16 HTTP/1.1" 200 409
116.227.208.255 - - [16/Apr/2023:10:31:24 +0800] "GET /xingrg/all/function/internal_message.html?_=1681612355319&CODE_STATE=getMsg HTTP/1.1" 200 27
222.69.130.254 - - [16/Apr/2023:10:31:26 +0800] "GET /xingrg/all/function/internal_message.html?_=1681612286655&CODE_STATE=getMsg HTTP/1.1" 200 27
180.171.122.0 - - [16/Apr/2023:10:31:27 +0800] "GET /xingrg/all/function/internal_message.html?_=1681612286717&CODE_STATE=getMsg HTTP/1.1" 200 27
116.192.124.172 - - [16/Apr/2023:10:31:30 +0800] "GET /xingrg/all/function/internal_message.html?_=1681612290334&CODE_STATE=getMsg HTTP/1.1" 200 27
180.164.3.199 - - [16/Apr/2023:10:31:36 +0800] "GET /xingrg/all/function/internal_message.html?_=1681612295535&CODE_STATE=getMsg HTTP/1.1" 200 27
222.70.244.216 - - [16/Apr/2023:10:31:39 +0800] "GET /xingrg/check_reg.html?_=1681612321183 HTTP/1.1" 302 -
114.83.222.182 - - [16/Apr/2023:10:31:40 +0800] "GET /xingrg/kc/buy/cgsh_order_operate.html?command=get_materiel&rest_code=00154&code=00101001060&supplier_code=00100421&order_time=2023-04-16 HTTP/1.1" 200 419
222.70.244.216 - - [16/Apr/2023:10:31:41 +0800] "GET /xingrg/all/function/internal_message.html?_=1681612323088&CODE_STATE=getMsg HTTP/1.1" 302 -
116.224.158.100 - - [16/Apr/2023:10:31:43 +0800] "GET /xingrg/all/function/internal_message.html?_=1681612305154&CODE_STATE=getMsg HTTP/1.1" 200 27
120.253.135.82 - - [16/Apr/2023:10:31:45 +0800] "GET /xingrg/all/function/internal_message.html?_=1681612142926&CODE_STATE=getMsg HTTP/1.1" 200 27
222.64.2.88 - - [16/Apr/2023:10:31:45 +0800] "GET /xingrg/all/function/internal_message.html?_=1681612304535&CODE_STATE=getMsg HTTP/1.1" 200 27
222.64.2.88 - - [16/Apr/2023:10:31:47 +0800] "GET /xingrg/kc/buy/cgsh_order_operate.html?command=get_materiel&rest_code=00141&code=00101009118&supplier_code=00100007&order_time=2023-04-16 HTTP/1.1" 200 405
116.224.158.100 - - [16/Apr/2023:10:31:49 +0800] "GET /xingrg/all/function/internal_message.html?_=1681612151256&CODE_STATE=getMsg HTTP/1.1" 200 27
58.40.7.146 - - [16/Apr/2023:10:31:49 +0800] "GET /xingrg/all/function/internal_message.html?_=1681612309690&CODE_STATE=getMsg HTTP/1.1" 200 27
58.40.7.146 - - [16/Apr/2023:10:31:49 +0800] "GET /xingrg/check_reg.html?_=1681612309694 HTTP/1.1" 200 22
116.224.106.218 - - [16/Apr/2023:10:31:49 +0800] "GET /xingrg/all/function/internal_message.html?_=1681612309385&CODE_STATE=getMsg HTTP/1.1" 200 27
124.78.155.10 - - [16/Apr/2023:10:31:53 +0800] "POST /xingrg/kc/buy/cgsh_order_operate.html HTTP/1.1" 200 37
180.171.122.0 - - [16/Apr/2023:10:31:54 +0800] "GET /xingrg/all/function/internal_message.html?_=1681612313538&CODE_STATE=getMsg HTTP/1.1" 200 27
124.78.155.10 - - [16/Apr/2023:10:31:58 +0800] "GET /xingrg/all/function/internal_message.html?_=1681612314734&CODE_STATE=getMsg HTTP/1.1" 200 27
101.229.22.234 - - [16/Apr/2023:10:32:01 +0800] "GET /xingrg/all/function/internal_message.html?_=1681612321363&CODE_STATE=getMsg HTTP/1.1" 200 27
124.78.155.10 - - [16/Apr/2023:10:32:02 +0800] "POST /xingrg/kc/buy/cgsh_order_operate.html HTTP/1.1" 200 12
124.78.155.10 - - [16/Apr/2023:10:32:04 +0800] "GET /xingrg/kc/buy/cgsh_order_info.html?code=212023041605299 HTTP/1.1" 200 65359
222.70.244.216 - - [16/Apr/2023:10:32:04 +0800] "GET /xingrg/all/function/internal_message.html?_=1681612350717&CODE_STATE=getMsg HTTP/1.1" 200 27
124.78.155.10 - - [16/Apr/2023:10:32:05 +0800] "GET /xingrg/javascript/easyui/themes/default/validatebox.css HTTP/1.1" 404 1104
124.78.155.10 - - [16/Apr/2023:10:32:05 +0800] "POST /xingrg/kc/buy/cgsh_order_operate.html HTTP/1.1" 200 5328
114.83.222.182 - - [16/Apr/2023:10:32:08 +0800] "POST /xingrg/kc/buy/cgsh_order_operate.html HTTP/1.1" 200 37
222.69.130.254 - - [16/Apr/2023:10:32:09 +0800] "GET /xingrg/all/function/internal_message.html?_=1681612329122&CODE_STATE=getMsg HTTP/1.1" 200 27
124.78.155.10 - - [16/Apr/2023:10:32:09 +0800] "GET /xingrg/kc/print/load_data.html?order_code=212023041605299&kc_code=cgsh&condition= HTTP/1.1" 200 2516
222.64.2.88 - - [16/Apr/2023:10:32:14 +0800] "GET /xingrg/kc/buy/cgsh_order_operate.html?command=get_materiel&rest_code=00141&code=00101008036&supplier_code=00100007&order_time=2023-04-16 HTTP/1.1" 200 408
124.78.155.10 - - [16/Apr/2023:10:32:14 +0800] "GET /xingrg/kc/print/load_data.html?order_code=212023041605299&kc_code=cgsh HTTP/1.1" 200 2516
114.83.222.182 - - [16/Apr/2023:10:32:15 +0800] "POST /xingrg/kc/buy/cgsh_order_operate.html HTTP/1.1" 200 12
114.83.222.182 - - [16/Apr/2023:10:32:17 +0800] "GET /xingrg/kc/buy/cgsh_order_info.html?code=212023041605300 HTTP/1.1" 200 64561
114.83.222.182 - - [16/Apr/2023:10:32:18 +0800] "GET /xingrg/javascript/easyui/themes/default/validatebox.css HTTP/1.1" 404 1104
116.238.139.35 - - [16/Apr/2023:10:32:18 +0800] "GET /xingrg/all/function/internal_message.html?_=1681612338815&CODE_STATE=getMsg HTTP/1.1" 200 27
114.83.222.182 - - [16/Apr/2023:10:32:19 +0800] "POST /xingrg/kc/buy/cgsh_order_operate.html HTTP/1.1" 200 1203
114.83.222.182 - - [16/Apr/2023:10:32:20 +0800] "GET /xingrg/kc/print/load_data.html?order_code=212023041605300&kc_code=cgsh&condition= HTTP/1.1" 200 934
114.83.222.182 - - [16/Apr/2023:10:32:22 +0800] "GET /xingrg/all/function/internal_message.html?_=1681612429898&CODE_STATE=getMsg HTTP/1.1" 200 27
222.70.244.216 - - [16/Apr/2023:10:32:23 +0800] "GET /xingrg/kc/buy/cgsh_order_operate.html?command=get_materiel&rest_code=00146&code=00101011012&supplier_code=00100033&order_time=2023-04-16 HTTP/1.1" 200 414
116.227.208.255 - - [16/Apr/2023:10:32:24 +0800] "GET /xingrg/all/function/internal_message.html?_=1681612415299&CODE_STATE=getMsg HTTP/1.1" 200 27
222.69.130.254 - - [16/Apr/2023:10:32:26 +0800] "GET /xingrg/all/function/internal_message.html?_=1681612346639&CODE_STATE=getMsg HTTP/1.1" 200 27
180.171.122.0 - - [16/Apr/2023:10:32:27 +0800] "GET /xingrg/all/function/internal_message.html?_=1681612346728&CODE_STATE=getMsg HTTP/1.1" 200 27
180.171.122.0 - - [16/Apr/2023:10:32:28 +0800] "GET /xingrg/check_reg.html?_=1681612346730 HTTP/1.1" 200 22
222.70.244.216 - - [16/Apr/2023:10:32:29 +0800] "POST /xingrg/all/common/load_select.html HTTP/1.1" 200 12
116.192.124.172 - - [16/Apr/2023:10:32:30 +0800] "GET /xingrg/all/function/internal_message.html?_=1681612350316&CODE_STATE=getMsg HTTP/1.1" 200 27
116.192.124.172 - - [16/Apr/2023:10:32:32 +0800] "GET /xingrg/kc/base/wldb_order_list.html HTTP/1.1" 200 19098
116.192.124.172 - - [16/Apr/2023:10:32:32 +0800] "POST /xingrg/kc/base/wldb_list_operate.html HTTP/1.1" 200 928
180.171.122.0 - - [16/Apr/2023:10:32:33 +0800] "GET /xingrg/kc/buy/buy_main.html HTTP/1.1" 200 12412
180.171.122.0 - - [16/Apr/2023:10:32:34 +0800] "GET /xingrg/css/new_ie.css HTTP/1.1" 404 1036
116.192.124.172 - - [16/Apr/2023:10:32:34 +0800] "GET /xingrg/kc/base/wldb_order_add.html HTTP/1.1" 200 30377
116.192.124.172 - - [16/Apr/2023:10:32:34 +0800] "POST /xingrg/kc/base/wldb_order_operate.html HTTP/1.1" 200 6806
180.171.122.0 - - [16/Apr/2023:10:32:34 +0800] "GET /xingrg/images/yd/bt.gif HTTP/1.1" 404 1040
116.192.124.172 - - [16/Apr/2023:10:32:34 +0800] "GET /xingrg/javascript/easyui/themes/default/validatebox.css HTTP/1.1" 404 1104
222.64.2.88 - - [16/Apr/2023:10:32:34 +0800] "GET /xingrg/kc/buy/cgsh_order_operate.html?command=get_materiel&rest_code=00141&code=00101008350&supplier_code=00100007&order_time=2023-04-16 HTTP/1.1" 200 427
116.192.124.172 - - [16/Apr/2023:10:32:35 +0800] "POST /xingrg/all/common/load_combo.html?type=base HTTP/1.1" 200 3321
180.171.122.0 - - [16/Apr/2023:10:32:35 +0800] "GET /xingrg/kc/buy/cgsh_order_list.html HTTP/1.1" 200 54671
180.164.3.199 - - [16/Apr/2023:10:32:36 +0800] "GET /xingrg/all/function/internal_message.html?_=1681612355524&CODE_STATE=getMsg HTTP/1.1" 200 27
222.70.244.216 - - [16/Apr/2023:10:32:37 +0800] "GET /xingrg/kc/buy/cgsh_order_operate.html?command=get_materiel_price&rest_code=00146&code=00101011012&unit_code=00100001&supplier_code=00100033&order_time=2023-04-16 HTTP/1.1" 200 30
116.192.124.172 - - [16/Apr/2023:10:32:38 +0800] "POST /xingrg/all/common/load_combo.html?type=base HTTP/1.1" 200 3321
222.70.244.216 - - [16/Apr/2023:10:32:41 +0800] "GET /xingrg/all/function/internal_message.html?_=1681612383107&CODE_STATE=getMsg HTTP/1.1" 302 -
124.78.155.10 - - [16/Apr/2023:10:32:42 +0800] "GET /xingrg/kc/buy/cgsh_order_add.html HTTP/1.1" 200 70453
116.224.158.100 - - [16/Apr/2023:10:32:43 +0800] "GET /xingrg/all/function/internal_message.html?_=1681612365123&CODE_STATE=getMsg HTTP/1.1" 200 27
124.78.155.10 - - [16/Apr/2023:10:32:43 +0800] "POST /xingrg/kc/buy/cgsh_order_operate.html HTTP/1.1" 200 8245
124.78.155.10 - - [16/Apr/2023:10:32:43 +0800] "GET /xingrg/javascript/easyui/themes/default/validatebox.css HTTP/1.1" 404 1104
180.171.122.0 - - [16/Apr/2023:10:32:43 +0800] "GET /xingrg/check_reg.html?_=1681612362500 HTTP/1.1" 200 22
222.64.2.88 - - [16/Apr/2023:10:32:45 +0800] "GET /xingrg/all/function/internal_message.html?_=1681612364522&CODE_STATE=getMsg HTTP/1.1" 200 27
222.64.2.88 - - [16/Apr/2023:10:32:46 +0800] "GET /xingrg/kc/buy/cgsh_order_operate.html?command=get_materiel&rest_code=00141&code=00101008261&supplier_code=00100007&order_time=2023-04-16 HTTP/1.1" 200 408
180.171.122.0 - - [16/Apr/2023:10:32:48 +0800] "POST /xingrg/kc/buy/cgsh_list_operate.html HTTP/1.1" 200 3546
116.224.158.100 - - [16/Apr/2023:10:32:49 +0800] "GET /xingrg/all/function/internal_message.html?_=1681612211245&CODE_STATE=getMsg HTTP/1.1" 200 27
58.40.7.146 - - [16/Apr/2023:10:32:49 +0800] "GET /xingrg/all/function/internal_message.html?_=1681612369696&CODE_STATE=getMsg HTTP/1.1" 200 27
116.224.106.218 - - [16/Apr/2023:10:32:49 +0800] "GET /xingrg/all/function/internal_message.html?_=1681612369371&CODE_STATE=getMsg HTTP/1.1" 200 27
116.192.124.172 - - [16/Apr/2023:10:32:50 +0800] "GET /xingrg/kc/base/wldb_order_operate.html?command=get_materiel&rest_code=00102&base_code=0010476&code=00101019373 HTTP/1.1" 200 466
180.171.122.0 - - [16/Apr/2023:10:32:54 +0800] "GET /xingrg/all/function/internal_message.html?_=1681612373555&CODE_STATE=getMsg HTTP/1.1" 200 27
124.78.155.10 - - [16/Apr/2023:10:32:57 +0800] "GET /xingrg/javascript/easyui/themes/default/tree.css HTTP/1.1" 404 1090
124.78.155.10 - - [16/Apr/2023:10:32:58 +0800] "POST /xingrg/all/common/load_tree.html?tree=supplier_tree_json&isDelete=1 HTTP/1.1" 200 72081
124.78.155.10 - - [16/Apr/2023:10:32:58 +0800] "GET /xingrg/check_reg.html?_=1681612374181 HTTP/1.1" 200 22
222.70.244.216 - - [16/Apr/2023:10:32:59 +0800] "GET /xingrg/kc/buy/cgsh_order_operate.html?command=get_materiel&rest_code=00146&code=00101011007&supplier_code=00100033&order_time=2023-04-16 HTTP/1.1" 200 414
116.192.124.172 - - [16/Apr/2023:10:32:59 +0800] "POST /xingrg/kc/base/wldb_order_operate.html HTTP/1.1" 200 37
124.78.155.10 - - [16/Apr/2023:10:33:00 +0800] "GET /xingrg/all/function/internal_message.html?_=1681612376494&CODE_STATE=getMsg HTTP/1.1" 200 27
101.229.22.234 - - [16/Apr/2023:10:33:01 +0800] "GET /xingrg/all/function/internal_message.html?_=1681612381377&CODE_STATE=getMsg HTTP/1.1" 200 27
222.70.244.216 - - [16/Apr/2023:10:33:04 +0800] "GET /xingrg/all/function/internal_message.html?_=1681612410731&CODE_STATE=getMsg HTTP/1.1" 200 27
116.192.124.172 - - [16/Apr/2023:10:33:05 +0800] "POST /xingrg/kc/base/wldb_order_operate.html HTTP/1.1" 200 12
116.192.124.172 - - [16/Apr/2023:10:33:05 +0800] "POST /xingrg/kc/base/wldb_order_operate.html HTTP/1.1" 200 2208
116.192.124.172 - - [16/Apr/2023:10:33:06 +0800] "GET /xingrg/kc/base/wldb_order_info.html?code=422023041601237 HTTP/1.1" 200 26250
116.192.124.172 - - [16/Apr/2023:10:33:07 +0800] "GET /xingrg/javascript/easyui/themes/default/validatebox.css HTTP/1.1" 404 1104
116.192.124.172 - - [16/Apr/2023:10:33:07 +0800] "POST /xingrg/kc/base/wldb_order_operate.html HTTP/1.1" 200 502
222.64.2.88 - - [16/Apr/2023:10:33:07 +0800] "GET /xingrg/kc/buy/cgsh_order_operate.html?command=get_materiel&rest_code=00141&code=00101008155&supplier_code=00100007&order_time=2023-04-16 HTTP/1.1" 200 408
116.192.124.172 - - [16/Apr/2023:10:33:08 +0800] "GET /xingrg/kc/print/load_config.html?kc_code=wldb HTTP/1.1" 200 2173
222.69.130.254 - - [16/Apr/2023:10:33:09 +0800] "GET /xingrg/all/function/internal_message.html?_=1681612389111&CODE_STATE=getMsg HTTP/1.1" 200 27
116.192.124.172 - - [16/Apr/2023:10:33:09 +0800] "GET /xingrg/kc/print/load_data.html?order_code=422023041601237&kc_code=wldb&condition= HTTP/1.1" 200 592
222.64.2.88 - - [16/Apr/2023:10:33:18 +0800] "POST /xingrg/kc/buy/cgsh_order_operate.html HTTP/1.1" 200 2065
116.238.139.35 - - [16/Apr/2023:10:33:18 +0800] "GET /xingrg/all/function/internal_message.html?_=1681612398786&CODE_STATE=getMsg HTTP/1.1" 200 27
114.83.222.182 - - [16/Apr/2023:10:33:22 +0800] "GET /xingrg/check_reg.html?_=1681612489831 HTTP/1.1" 200 22
114.83.222.182 - - [16/Apr/2023:10:33:22 +0800] "GET /xingrg/all/function/internal_message.html?_=1681612489892&CODE_STATE=getMsg HTTP/1.1" 200 27
116.227.208.255 - - [16/Apr/2023:10:33:23 +0800] "GET /xingrg/check_reg.html?_=1681612474097 HTTP/1.1" 200 22
116.227.208.255 - - [16/Apr/2023:10:33:24 +0800] "GET /xingrg/all/function/internal_message.html?_=1681612475278&CODE_STATE=getMsg HTTP/1.1" 200 27
116.192.124.172 - - [16/Apr/2023:10:33:24 +0800] "GET /xingrg/kc/base/wldb_order_add.html HTTP/1.1" 200 30377
116.192.124.172 - - [16/Apr/2023:10:33:24 +0800] "POST /xingrg/kc/base/wldb_order_operate.html HTTP/1.1" 200 6806
116.192.124.172 - - [16/Apr/2023:10:33:24 +0800] "GET /xingrg/javascript/easyui/themes/default/validatebox.css HTTP/1.1" 404 1104
222.69.130.254 - - [16/Apr/2023:10:33:26 +0800] "GET /xingrg/check_reg.html?_=1681612406296 HTTP/1.1" 200 22
222.69.130.254 - - [16/Apr/2023:10:33:26 +0800] "GET /xingrg/all/function/internal_message.html?_=1681612406611&CODE_STATE=getMsg HTTP/1.1" 200 27
222.64.2.88 - - [16/Apr/2023:10:33:27 +0800] "GET /xingrg/kc/buy/cgsh_order_operate.html?command=get_materiel&rest_code=00141&code=00101008207&supplier_code=00100007&order_time=2023-04-16 HTTP/1.1" 200 408
180.171.122.0 - - [16/Apr/2023:10:33:27 +0800] "GET /xingrg/all/function/internal_message.html?_=1681612406724&CODE_STATE=getMsg HTTP/1.1" 200 27
116.192.124.172 - - [16/Apr/2023:10:33:29 +0800] "POST /xingrg/all/common/load_combo.html?type=base HTTP/1.1" 200 3321
116.192.124.172 - - [16/Apr/2023:10:33:30 +0800] "GET /xingrg/all/function/internal_message.html?_=1681612410286&CODE_STATE=getMsg HTTP/1.1" 200 27
180.164.3.199 - - [16/Apr/2023:10:33:36 +0800] "GET /xingrg/all/function/internal_message.html?_=1681612415510&CODE_STATE=getMsg HTTP/1.1" 200 27
116.192.124.172 - - [16/Apr/2023:10:33:37 +0800] "POST /xingrg/all/common/load_combo.html?type=base HTTP/1.1" 200 3321
180.171.122.0 - - [16/Apr/2023:10:33:38 +0800] "POST /xingrg/kc/buy/cgsh_list_operate.html HTTP/1.1" 200 4
222.64.2.88 - - [16/Apr/2023:10:33:40 +0800] "GET /xingrg/kc/buy/cgsh_order_operate.html?command=get_materiel&rest_code=00141&code=00101008396&supplier_code=00100007&order_time=2023-04-16 HTTP/1.1" 200 412
222.70.244.216 - - [16/Apr/2023:10:33:41 +0800] "GET /xingrg/all/function/internal_message.html?_=1681612443119&CODE_STATE=getMsg HTTP/1.1" 302 -
180.171.122.0 - - [16/Apr/2023:10:33:43 +0800] "POST /xingrg/kc/buy/cgsh_list_operate.html HTTP/1.1" 200 986
116.224.158.100 - - [16/Apr/2023:10:33:43 +0800] "GET /xingrg/all/function/internal_message.html?_=1681612425102&CODE_STATE=getMsg HTTP/1.1" 200 27
116.192.124.172 - - [16/Apr/2023:10:33:43 +0800] "GET /xingrg/kc/base/wldb_order_operate.html?command=get_materiel&rest_code=00102&base_code=0010476&code=00101019430 HTTP/1.1" 200 477
222.64.2.88 - - [16/Apr/2023:10:33:45 +0800] "GET /xingrg/all/function/internal_message.html?_=1681612424498&CODE_STATE=getMsg HTTP/1.1" 200 27
116.224.158.100 - - [16/Apr/2023:10:33:49 +0800] "GET /xingrg/all/function/internal_message.html?_=1681612271245&CODE_STATE=getMsg HTTP/1.1" 200 27
58.40.7.146 - - [16/Apr/2023:10:33:49 +0800] "GET /xingrg/all/function/internal_message.html?_=1681612429700&CODE_STATE=getMsg HTTP/1.1" 200 27
116.224.106.218 - - [16/Apr/2023:10:33:49 +0800] "GET /xingrg/all/function/internal_message.html?_=1681612429356&CODE_STATE=getMsg HTTP/1.1" 200 27
180.169.147.146 - - [16/Apr/2023:10:33:51 +0800] "GET /xingrg/check_reg.html?_=1681612433869 HTTP/1.1" 302 -
180.171.122.0 - - [16/Apr/2023:10:33:54 +0800] "GET /xingrg/all/function/internal_message.html?_=1681612433552&CODE_STATE=getMsg HTTP/1.1" 200 27
116.192.124.172 - - [16/Apr/2023:10:33:55 +0800] "POST /xingrg/kc/base/wldb_order_operate.html HTTP/1.1" 200 37
222.64.2.88 - - [16/Apr/2023:10:33:58 +0800] "GET /xingrg/kc/buy/cgsh_order_operate.html?command=get_materiel&rest_code=00141&code=00101008126&supplier_code=00100007&order_time=2023-04-16 HTTP/1.1" 200 412
124.78.155.10 - - [16/Apr/2023:10:34:00 +0800] "GET /xingrg/all/function/internal_message.html?_=1681612436468&CODE_STATE=getMsg HTTP/1.1" 200 27
101.229.22.234 - - [16/Apr/2023:10:34:01 +0800] "GET /xingrg/all/function/internal_message.html?_=1681612441363&CODE_STATE=getMsg HTTP/1.1" 200 27
116.192.124.172 - - [16/Apr/2023:10:34:01 +0800] "POST /xingrg/kc/base/wldb_order_operate.html HTTP/1.1" 200 12
116.192.124.172 - - [16/Apr/2023:10:34:01 +0800] "POST /xingrg/kc/base/wldb_order_operate.html HTTP/1.1" 200 2726
116.192.124.172 - - [16/Apr/2023:10:34:03 +0800] "GET /xingrg/kc/base/wldb_order_info.html?code=422023041601238 HTTP/1.1" 200 26255
116.192.124.172 - - [16/Apr/2023:10:34:03 +0800] "GET /xingrg/javascript/easyui/themes/default/validatebox.css HTTP/1.1" 404 1104
116.192.124.172 - - [16/Apr/2023:10:34:03 +0800] "POST /xingrg/kc/base/wldb_order_operate.html HTTP/1.1" 200 1009
222.70.244.216 - - [16/Apr/2023:10:34:04 +0800] "GET /xingrg/all/function/internal_message.html?_=1681612470744&CODE_STATE=getMsg HTTP/1.1" 200 27
222.64.2.88 - - [16/Apr/2023:10:34:07 +0800] "GET /xingrg/kc/buy/cgsh_order_operate.html?command=get_materiel&rest_code=00141&code=00101008283&supplier_code=00100007&order_time=2023-04-16 HTTP/1.1" 200 428
222.69.130.254 - - [16/Apr/2023:10:34:09 +0800] "GET /xingrg/all/function/internal_message.html?_=1681612449118&CODE_STATE=getMsg HTTP/1.1" 200 27
222.64.2.88 - - [16/Apr/2023:10:34:09 +0800] "POST /xingrg/kc/buy/cgsh_order_operate.html HTTP/1.1" 200 2065
116.238.139.35 - - [16/Apr/2023:10:34:18 +0800] "GET /xingrg/all/function/internal_message.html?_=1681612458758&CODE_STATE=getMsg HTTP/1.1" 200 27
222.64.2.88 - - [16/Apr/2023:10:34:21 +0800] "GET /xingrg/kc/buy/cgsh_order_operate.html?command=get_materiel&rest_code=00141&code=00101008372&supplier_code=00100007&order_time=2023-04-16 HTTP/1.1" 200 408
114.83.222.182 - - [16/Apr/2023:10:34:22 +0800] "GET /xingrg/all/function/internal_message.html?_=1681612549892&CODE_STATE=getMsg HTTP/1.1" 200 27
116.227.208.255 - - [16/Apr/2023:10:34:24 +0800] "GET /xingrg/all/function/internal_message.html?_=1681612535263&CODE_STATE=getMsg HTTP/1.1" 200 27
222.69.130.254 - - [16/Apr/2023:10:34:26 +0800] "GET /xingrg/all/function/internal_message.html?_=1681612466620&CODE_STATE=getMsg HTTP/1.1" 200 27
180.171.122.0 - - [16/Apr/2023:10:34:27 +0800] "GET /xingrg/all/function/internal_message.html?_=1681612466718&CODE_STATE=getMsg HTTP/1.1" 200 27
116.192.124.172 - - [16/Apr/2023:10:34:30 +0800] "GET /xingrg/all/function/internal_message.html?_=1681612470269&CODE_STATE=getMsg HTTP/1.1" 200 27
116.192.124.172 - - [16/Apr/2023:10:34:31 +0800] "GET /xingrg/check_reg.html?_=1681612471066 HTTP/1.1" 200 22
