116.238.139.35 - - [16/Apr/2023:10:10:01 +0800] "GET /xingrg/kc/mdqp/pssh_order_info.html?code=312023041500299 HTTP/1.1" 200 14392
116.238.139.35 - - [16/Apr/2023:10:10:01 +0800] "GET /xingrg/javascript/jquery_tools/jquery-1.4.2.min.js HTTP/1.1" 404 1094
101.229.22.234 - - [16/Apr/2023:10:10:01 +0800] "GET /xingrg/all/function/internal_message.html?_=1681611001345&CODE_STATE=getMsg HTTP/1.1" 200 27
116.238.139.35 - - [16/Apr/2023:10:10:01 +0800] "GET /xingrg/javascript/easyui/themes/default/validatebox.css HTTP/1.1" 404 1104
116.238.139.35 - - [16/Apr/2023:10:10:01 +0800] "POST /xingrg/kc/mdqp/pssh_order_operate.html HTTP/1.1" 200 5818
116.238.139.35 - - [16/Apr/2023:10:10:03 +0800] "GET /xingrg/kc/print/load_data.html?order_code=312023041500299&kc_code=pssh&condition= HTTP/1.1" 200 2499
222.70.244.216 - - [16/Apr/2023:10:10:04 +0800] "GET /xingrg/all/function/internal_message.html?_=1681611030325&CODE_STATE=getMsg HTTP/1.1" 200 27
222.69.130.254 - - [16/Apr/2023:10:10:04 +0800] "GET /xingrg/kc/buy/cgsh_order_add.html HTTP/1.1" 200 70541
222.69.130.254 - - [16/Apr/2023:10:10:04 +0800] "POST /xingrg/kc/buy/cgsh_order_operate.html HTTP/1.1" 200 8245
222.69.130.254 - - [16/Apr/2023:10:10:04 +0800] "GET /xingrg/javascript/easyui/themes/default/validatebox.css HTTP/1.1" 404 1104
116.238.139.35 - - [16/Apr/2023:10:10:14 +0800] "GET /xingrg/kc/mdqp/pssh_order_list.html?isBack=1 HTTP/1.1" 200 17437
116.238.139.35 - - [16/Apr/2023:10:10:14 +0800] "POST /xingrg/kc/mdqp/pssh_list_operate.html HTTP/1.1" 200 5481
114.83.222.182 - - [16/Apr/2023:10:10:17 +0800] "GET /xingrg/kc/buy/cgsh_order_operate.html?command=get_materiel&rest_code=00154&code=00101006178&supplier_code=00100419&order_time=2023-04-16 HTTP/1.1" 200 409
116.238.139.35 - - [16/Apr/2023:10:10:18 +0800] "POST /xingrg/all/user/operate.html HTTP/1.1" 200 36
116.238.139.35 - - [16/Apr/2023:10:10:18 +0800] "GET /xingrg/index.html?sysBaseUrl=http%3A%2F%2F180.169.147.146%3A18081%2Fxingrg%2F&costTime=805×tamp=1681546412394 HTTP/1.1" 200 17179
116.238.139.35 - - [16/Apr/2023:10:10:18 +0800] "GET /xingrg/javascript/jquery_easy_ui/themes/default/easyui.css HTTP/1.1" 304 -
116.238.139.35 - - [16/Apr/2023:10:10:18 +0800] "GET /xingrg/javascript/jquery_easy_ui/themes/icon.css HTTP/1.1" 304 -
116.238.139.35 - - [16/Apr/2023:10:10:18 +0800] "GET /xingrg/css/form.css HTTP/1.1" 304 -
116.238.139.35 - - [16/Apr/2023:10:10:18 +0800] "GET /xingrg/javascript/jquery-1.4.2.min.js HTTP/1.1" 304 -
116.238.139.35 - - [16/Apr/2023:10:10:18 +0800] "GET /xingrg/javascript/jquery_easy_ui/jquery.easyui.min.js HTTP/1.1" 304 -
116.238.139.35 - - [16/Apr/2023:10:10:18 +0800] "GET /xingrg/javascript/jquery_easy_ui/easyui-lang-zh_CN.js HTTP/1.1" 304 -
116.238.139.35 - - [16/Apr/2023:10:10:18 +0800] "GET /xingrg/javascript/jquery.form.js HTTP/1.1" 304 -
116.238.139.35 - - [16/Apr/2023:10:10:18 +0800] "GET /xingrg/javascript/jquery.utils.js HTTP/1.1" 304 -
116.238.139.35 - - [16/Apr/2023:10:10:18 +0800] "GET /xingrg/javascript/jquery.timers.js HTTP/1.1" 304 -
116.238.139.35 - - [16/Apr/2023:10:10:18 +0800] "GET /xingrg/javascript/jquery_easy_ui/themes/icons/settle_new.png HTTP/1.1" 304 -
116.238.139.35 - - [16/Apr/2023:10:10:18 +0800] "GET /xingrg/images/blue/jxLogo.png HTTP/1.1" 304 -
116.238.139.35 - - [16/Apr/2023:10:10:18 +0800] "GET /xingrg/images/blue/navBackgound.jpg HTTP/1.1" 304 -
116.238.139.35 - - [16/Apr/2023:10:10:19 +0800] "GET /xingrg/all/function/internal_message.html?_=1681611019126&CODE_STATE=count HTTP/1.1" 200 11
116.238.139.35 - - [16/Apr/2023:10:10:19 +0800] "GET /xingrg/check_reg.html?_=1681611019126 HTTP/1.1" 200 22
116.238.139.35 - - [16/Apr/2023:10:10:19 +0800] "GET /xingrg/javascript/jquery_easy_ui/themes/default/images/tabs_rightarrow.png HTTP/1.1" 304 -
116.238.139.35 - - [16/Apr/2023:10:10:19 +0800] "GET /xingrg/images/blue/pingpu.png HTTP/1.1" 304 -
116.238.139.35 - - [16/Apr/2023:10:10:19 +0800] "GET /xingrg/javascript/jquery_easy_ui/themes/default/images/tabs_leftarrow.png HTTP/1.1" 304 -
116.238.139.35 - - [16/Apr/2023:10:10:19 +0800] "GET /xingrg/javascript/jquery_easy_ui/themes/default/images/panel_tool_collapse.gif HTTP/1.1" 304 -
116.238.139.35 - - [16/Apr/2023:10:10:19 +0800] "POST /xingrg/all/common/load_tree.html?tree=area_rest_tree_json&manage=1 HTTP/1.1" 200 476
116.238.139.35 - - [16/Apr/2023:10:10:19 +0800] "POST /xingrg/load_menu.html HTTP/1.1" 200 5138
116.238.139.35 - - [16/Apr/2023:10:10:21 +0800] "GET /xingrg/kc/mdqp/pssh_order_list.html HTTP/1.1" 200 17886
116.238.139.35 - - [16/Apr/2023:10:10:21 +0800] "POST /xingrg/kc/mdqp/pssh_list_operate.html HTTP/1.1" 200 5319
222.69.130.254 - - [16/Apr/2023:10:10:22 +0800] "GET /xingrg/kc/buy/cgsh_order_operate.html?command=get_materiel&rest_code=00149&code=00101007059&supplier_code=00100205&order_time=2023-04-16 HTTP/1.1" 200 409
116.227.208.255 - - [16/Apr/2023:10:10:24 +0800] "GET /xingrg/all/function/internal_message.html?_=1681611095714&CODE_STATE=getMsg HTTP/1.1" 200 27
222.69.130.254 - - [16/Apr/2023:10:10:26 +0800] "GET /xingrg/all/function/internal_message.html?_=1681611027036&CODE_STATE=getMsg HTTP/1.1" 200 27
116.192.124.172 - - [16/Apr/2023:10:10:30 +0800] "GET /xingrg/all/function/internal_message.html?_=1681611030544&CODE_STATE=getMsg HTTP/1.1" 200 27
222.69.130.254 - - [16/Apr/2023:10:10:34 +0800] "GET /xingrg/kc/buy/cgsh_order_operate.html?command=get_materiel&rest_code=00149&code=00101007038&supplier_code=00100205&order_time=2023-04-16 HTTP/1.1" 200 422
180.164.3.199 - - [16/Apr/2023:10:10:36 +0800] "GET /xingrg/all/function/internal_message.html?_=1681611035755&CODE_STATE=getMsg HTTP/1.1" 200 27
222.70.244.216 - - [16/Apr/2023:10:10:41 +0800] "GET /xingrg/all/function/internal_message.html?_=1681611062727&CODE_STATE=getMsg HTTP/1.1" 302 -
114.83.222.182 - - [16/Apr/2023:10:10:41 +0800] "POST /xingrg/kc/buy/cgsh_order_operate.html HTTP/1.1" 200 37
116.224.158.100 - - [16/Apr/2023:10:10:43 +0800] "GET /xingrg/all/function/internal_message.html?_=1681611045582&CODE_STATE=getMsg HTTP/1.1" 200 27
116.224.158.100 - - [16/Apr/2023:10:10:44 +0800] "GET /xingrg/check_reg.html?_=1681611046161 HTTP/1.1" 200 22
120.253.135.82 - - [16/Apr/2023:10:10:44 +0800] "GET /xingrg/all/function/internal_message.html?_=1681610882360&CODE_STATE=getMsg HTTP/1.1" 200 27
222.69.130.254 - - [16/Apr/2023:10:10:45 +0800] "GET /xingrg/kc/buy/cgsh_order_operate.html?command=get_materiel&rest_code=00149&code=00101007047&supplier_code=00100205&order_time=2023-04-16 HTTP/1.1" 200 409
116.224.158.100 - - [16/Apr/2023:10:10:49 +0800] "GET /xingrg/all/function/internal_message.html?_=1681610891245&CODE_STATE=getMsg HTTP/1.1" 200 27
116.224.106.218 - - [16/Apr/2023:10:10:50 +0800] "GET /xingrg/all/function/internal_message.html?_=1681611049734&CODE_STATE=getMsg HTTP/1.1" 200 27
222.69.130.254 - - [16/Apr/2023:10:10:54 +0800] "GET /xingrg/kc/buy/cgsh_order_operate.html?command=get_materiel&rest_code=00149&code=00101007141&supplier_code=00100205&order_time=2023-04-16 HTTP/1.1" 200 407
124.78.155.10 - - [16/Apr/2023:10:10:58 +0800] "GET /xingrg/all/function/internal_message.html?_=1681611053978&CODE_STATE=getMsg HTTP/1.1" 200 27
101.229.22.234 - - [16/Apr/2023:10:11:01 +0800] "GET /xingrg/all/function/internal_message.html?_=1681611061345&CODE_STATE=getMsg HTTP/1.1" 200 27
101.229.22.234 - - [16/Apr/2023:10:11:01 +0800] "GET /xingrg/check_reg.html?_=1681611061346 HTTP/1.1" 200 22
222.70.244.216 - - [16/Apr/2023:10:11:04 +0800] "GET /xingrg/check_reg.html?_=1681611089917 HTTP/1.1" 200 22
114.83.222.182 - - [16/Apr/2023:10:11:04 +0800] "GET /xingrg/all/function/internal_message.html?_=1681611151565&CODE_STATE=getMsg HTTP/1.1" 200 27
222.70.244.216 - - [16/Apr/2023:10:11:04 +0800] "GET /xingrg/all/function/internal_message.html?_=1681611090338&CODE_STATE=getMsg HTTP/1.1" 200 27
222.69.130.254 - - [16/Apr/2023:10:11:06 +0800] "POST /xingrg/kc/buy/cgsh_order_operate.html HTTP/1.1" 200 37
114.83.222.182 - - [16/Apr/2023:10:11:12 +0800] "POST /xingrg/kc/buy/cgsh_order_operate.html HTTP/1.1" 200 12
222.69.130.254 - - [16/Apr/2023:10:11:15 +0800] "POST /xingrg/kc/buy/cgsh_order_operate.html HTTP/1.1" 200 12
114.83.222.182 - - [16/Apr/2023:10:11:16 +0800] "GET /xingrg/kc/buy/cgsh_order_info.html?code=212023041605272 HTTP/1.1" 200 64561
114.83.222.182 - - [16/Apr/2023:10:11:16 +0800] "GET /xingrg/javascript/easyui/themes/default/validatebox.css HTTP/1.1" 404 1104
114.83.222.182 - - [16/Apr/2023:10:11:17 +0800] "POST /xingrg/kc/buy/cgsh_order_operate.html HTTP/1.1" 200 2392
114.83.222.182 - - [16/Apr/2023:10:11:18 +0800] "GET /xingrg/kc/print/load_config.html?kc_code=cgsh HTTP/1.1" 200 1925
116.238.139.35 - - [16/Apr/2023:10:11:19 +0800] "GET /xingrg/all/function/internal_message.html?_=1681611079143&CODE_STATE=getMsg HTTP/1.1" 200 27
114.83.222.182 - - [16/Apr/2023:10:11:19 +0800] "GET /xingrg/kc/print/load_data.html?order_code=212023041605272&kc_code=cgsh&condition= HTTP/1.1" 200 1385
222.69.130.254 - - [16/Apr/2023:10:11:20 +0800] "GET /xingrg/kc/buy/cgsh_order_info.html?code=212023041605273 HTTP/1.1" 200 65441
222.69.130.254 - - [16/Apr/2023:10:11:21 +0800] "GET /xingrg/javascript/easyui/themes/default/validatebox.css HTTP/1.1" 404 1104
222.69.130.254 - - [16/Apr/2023:10:11:21 +0800] "POST /xingrg/kc/buy/cgsh_order_operate.html HTTP/1.1" 200 2373
116.227.208.255 - - [16/Apr/2023:10:11:24 +0800] "GET /xingrg/all/function/internal_message.html?_=1681611155688&CODE_STATE=getMsg HTTP/1.1" 200 27
222.69.130.254 - - [16/Apr/2023:10:11:26 +0800] "GET /xingrg/all/function/internal_message.html?_=1681611087008&CODE_STATE=getMsg HTTP/1.1" 200 27
222.69.130.254 - - [16/Apr/2023:10:11:27 +0800] "GET /xingrg/kc/print/load_data.html?order_code=212023041605273&kc_code=cgsh&condition= HTTP/1.1" 200 1362
116.238.139.35 - - [16/Apr/2023:10:11:27 +0800] "POST /xingrg/kc/mdqp/pssh_list_operate.html HTTP/1.1" 200 351
116.238.139.35 - - [16/Apr/2023:10:11:28 +0800] "GET /xingrg/kc/mdqp/pssh_order_info.html?code=312023041400283 HTTP/1.1" 200 17297
116.238.139.35 - - [16/Apr/2023:10:11:29 +0800] "GET /xingrg/javascript/jquery_tools/jquery-1.4.2.min.js HTTP/1.1" 404 1094
116.238.139.35 - - [16/Apr/2023:10:11:29 +0800] "GET /xingrg/javascript/easyui/themes/default/validatebox.css HTTP/1.1" 404 1104
116.238.139.35 - - [16/Apr/2023:10:11:29 +0800] "GET /xingrg/all/common/auto_word.html?type=base&rest_code=00150&rest_code=00150 HTTP/1.1" 200 1853
116.238.139.35 - - [16/Apr/2023:10:11:29 +0800] "POST /xingrg/kc/mdqp/pssh_order_operate.html HTTP/1.1" 200 1056
116.192.124.172 - - [16/Apr/2023:10:11:30 +0800] "GET /xingrg/all/function/internal_message.html?_=1681611090529&CODE_STATE=getMsg HTTP/1.1" 200 27
116.238.139.35 - - [16/Apr/2023:10:11:30 +0800] "POST /xingrg/all/common/load_combo.html?type=employee HTTP/1.1" 200 280
222.69.130.254 - - [16/Apr/2023:10:11:32 +0800] "GET /xingrg/kc/buy/cgsh_order_add.html HTTP/1.1" 200 70541
222.69.130.254 - - [16/Apr/2023:10:11:32 +0800] "POST /xingrg/kc/buy/cgsh_order_operate.html HTTP/1.1" 200 8245
222.69.130.254 - - [16/Apr/2023:10:11:32 +0800] "GET /xingrg/javascript/easyui/themes/default/validatebox.css HTTP/1.1" 404 1104
116.238.139.35 - - [16/Apr/2023:10:11:33 +0800] "POST /xingrg/kc/mdqp/pssh_order_operate.html HTTP/1.1" 200 37
222.69.130.254 - - [16/Apr/2023:10:11:35 +0800] "GET /xingrg/kc/buy/cgsh_order_list.html HTTP/1.1" 200 54677
180.164.3.199 - - [16/Apr/2023:10:11:36 +0800] "GET /xingrg/all/function/internal_message.html?_=1681611095738&CODE_STATE=getMsg HTTP/1.1" 200 27
116.238.139.35 - - [16/Apr/2023:10:11:37 +0800] "POST /xingrg/kc/mdqp/pssh_order_operate.html HTTP/1.1" 200 12
222.69.130.254 - - [16/Apr/2023:10:11:37 +0800] "POST /xingrg/kc/buy/cgsh_list_operate.html HTTP/1.1" 200 986
222.70.244.216 - - [16/Apr/2023:10:11:39 +0800] "GET /xingrg/check_reg.html?_=1681611121131 HTTP/1.1" 302 -
222.70.244.216 - - [16/Apr/2023:10:11:41 +0800] "GET /xingrg/all/function/internal_message.html?_=1681611122739&CODE_STATE=getMsg HTTP/1.1" 302 -
116.238.139.35 - - [16/Apr/2023:10:11:41 +0800] "GET /xingrg/kc/mdqp/pssh_order_info.html?code=312023041400283 HTTP/1.1" 200 14388
116.238.139.35 - - [16/Apr/2023:10:11:41 +0800] "GET /xingrg/javascript/jquery_tools/jquery-1.4.2.min.js HTTP/1.1" 404 1094
116.238.139.35 - - [16/Apr/2023:10:11:41 +0800] "GET /xingrg/javascript/easyui/themes/default/validatebox.css HTTP/1.1" 404 1104
116.238.139.35 - - [16/Apr/2023:10:11:42 +0800] "POST /xingrg/kc/mdqp/pssh_order_operate.html HTTP/1.1" 200 1056
116.224.158.100 - - [16/Apr/2023:10:11:43 +0800] "GET /xingrg/all/function/internal_message.html?_=1681611105563&CODE_STATE=getMsg HTTP/1.1" 200 27
116.238.139.35 - - [16/Apr/2023:10:11:43 +0800] "GET /xingrg/kc/print/load_data.html?order_code=312023041400283&kc_code=pssh&condition= HTTP/1.1" 200 835
120.253.135.82 - - [16/Apr/2023:10:11:44 +0800] "GET /xingrg/all/function/internal_message.html?_=1681610942403&CODE_STATE=getMsg HTTP/1.1" 200 27
222.69.130.254 - - [16/Apr/2023:10:11:46 +0800] "POST /xingrg/kc/buy/cgsh_list_operate.html HTTP/1.1" 200 5538
116.224.158.100 - - [16/Apr/2023:10:11:49 +0800] "GET /xingrg/all/function/internal_message.html?_=1681610951255&CODE_STATE=getMsg HTTP/1.1" 200 27
116.238.139.35 - - [16/Apr/2023:10:11:49 +0800] "GET /xingrg/kc/mdqp/pssh_order_list.html?isBack=1 HTTP/1.1" 200 17886
116.224.106.218 - - [16/Apr/2023:10:11:50 +0800] "GET /xingrg/all/function/internal_message.html?_=1681611109721&CODE_STATE=getMsg HTTP/1.1" 200 27
116.238.139.35 - - [16/Apr/2023:10:11:50 +0800] "POST /xingrg/kc/mdqp/pssh_list_operate.html HTTP/1.1" 200 5344
222.69.130.254 - - [16/Apr/2023:10:11:51 +0800] "POST /xingrg/kc/buy/cgsh_list_operate.html HTTP/1.1" 200 416
116.238.139.35 - - [16/Apr/2023:10:11:52 +0800] "POST /xingrg/kc/mdqp/pssh_list_operate.html HTTP/1.1" 200 368
222.69.130.254 - - [16/Apr/2023:10:11:52 +0800] "GET /xingrg/kc/buy/cgsh_order_info.html?code=212023041605273 HTTP/1.1" 200 65441
222.69.130.254 - - [16/Apr/2023:10:11:53 +0800] "GET /xingrg/javascript/easyui/themes/default/validatebox.css HTTP/1.1" 404 1104
116.238.139.35 - - [16/Apr/2023:10:11:53 +0800] "GET /xingrg/kc/mdqp/pssh_order_info.html?code=312023041500294 HTTP/1.1" 200 17299
116.238.139.35 - - [16/Apr/2023:10:11:53 +0800] "GET /xingrg/javascript/jquery_tools/jquery-1.4.2.min.js HTTP/1.1" 404 1094
116.238.139.35 - - [16/Apr/2023:10:11:53 +0800] "GET /xingrg/javascript/easyui/themes/default/validatebox.css HTTP/1.1" 404 1104
116.238.139.35 - - [16/Apr/2023:10:11:53 +0800] "POST /xingrg/kc/mdqp/pssh_order_operate.html HTTP/1.1" 200 1059
222.69.130.254 - - [16/Apr/2023:10:11:54 +0800] "POST /xingrg/kc/buy/cgsh_order_operate.html HTTP/1.1" 200 2373
116.238.139.35 - - [16/Apr/2023:10:11:55 +0800] "POST /xingrg/all/common/load_combo.html?type=employee HTTP/1.1" 200 280
124.79.240.114 - - [16/Apr/2023:10:11:57 +0800] "POST /xingrg/services/DataTransmitService HTTP/1.1" 200 524
124.78.155.10 - - [16/Apr/2023:10:11:58 +0800] "GET /xingrg/all/function/internal_message.html?_=1681611113967&CODE_STATE=getMsg HTTP/1.1" 200 27
116.238.139.35 - - [16/Apr/2023:10:11:58 +0800] "POST /xingrg/kc/mdqp/pssh_order_operate.html HTTP/1.1" 200 37
124.79.240.114 - - [16/Apr/2023:10:11:58 +0800] "POST /xingrg/services/DataTransmitService HTTP/1.1" 200 412
116.238.139.35 - - [16/Apr/2023:10:12:01 +0800] "POST /xingrg/kc/mdqp/pssh_order_operate.html HTTP/1.1" 200 12
101.229.22.234 - - [16/Apr/2023:10:12:01 +0800] "GET /xingrg/all/function/internal_message.html?_=1681611121345&CODE_STATE=getMsg HTTP/1.1" 200 27
114.83.222.182 - - [16/Apr/2023:10:12:04 +0800] "GET /xingrg/all/function/internal_message.html?_=1681611211558&CODE_STATE=getMsg HTTP/1.1" 200 27
222.70.244.216 - - [16/Apr/2023:10:12:04 +0800] "GET /xingrg/all/function/internal_message.html?_=1681611150351&CODE_STATE=getMsg HTTP/1.1" 200 27
180.171.122.0 - - [16/Apr/2023:10:12:10 +0800] "GET /xingrg/index.html?sysBaseUrl=http%3A%2F%2F180.169.147.146%3A18081%2Fxingrg%2F&costTime=39×tamp=1645767740089 HTTP/1.1" 302 -
180.171.122.0 - - [16/Apr/2023:10:12:10 +0800] "GET /xingrg/login.html HTTP/1.1" 200 7641
180.171.122.0 - - [16/Apr/2023:10:12:10 +0800] "GET /favicon.ico HTTP/1.1" 404 -
180.171.122.0 - - [16/Apr/2023:10:12:19 +0800] "POST /xingrg/login.do HTTP/1.1" 302 -
180.171.122.0 - - [16/Apr/2023:10:12:19 +0800] "GET /xingrg/index.html?sysBaseUrl=http%3A%2F%2F180.169.147.146%3A18081%2Fxingrg%2F&costTime=807×tamp=1681611139333 HTTP/1.1" 200 17503
180.171.122.0 - - [16/Apr/2023:10:12:19 +0800] "GET /favicon.ico HTTP/1.1" 404 -
180.171.122.0 - - [16/Apr/2023:10:12:19 +0800] "POST /xingrg/all/common/load_tree.html?tree=area_rest_tree_json&manage=1 HTTP/1.1" 200 591
180.171.122.0 - - [16/Apr/2023:10:12:19 +0800] "GET /xingrg/all/function/internal_message.html?_=1681611138497&CODE_STATE=count HTTP/1.1" 200 11
180.171.122.0 - - [16/Apr/2023:10:12:19 +0800] "GET /xingrg/check_reg.html?_=1681611138500 HTTP/1.1" 200 22
180.171.122.0 - - [16/Apr/2023:10:12:19 +0800] "POST /xingrg/load_menu.html HTTP/1.1" 200 11564
116.227.208.255 - - [16/Apr/2023:10:12:24 +0800] "GET /xingrg/all/function/internal_message.html?_=1681611215661&CODE_STATE=getMsg HTTP/1.1" 200 27
114.83.222.182 - - [16/Apr/2023:10:12:26 +0800] "GET /xingrg/kc/buy/cgsh_order_add.html HTTP/1.1" 200 69656
114.83.222.182 - - [16/Apr/2023:10:12:26 +0800] "POST /xingrg/kc/buy/cgsh_order_operate.html HTTP/1.1" 200 8245
222.69.130.254 - - [16/Apr/2023:10:12:26 +0800] "GET /xingrg/all/function/internal_message.html?_=1681611146987&CODE_STATE=getMsg HTTP/1.1" 200 27
114.83.222.182 - - [16/Apr/2023:10:12:26 +0800] "GET /xingrg/javascript/easyui/themes/default/validatebox.css HTTP/1.1" 404 1104
180.171.122.0 - - [16/Apr/2023:10:12:27 +0800] "POST /xingrg/all/user/operate.html HTTP/1.1" 200 36
180.171.122.0 - - [16/Apr/2023:10:12:27 +0800] "GET /xingrg/index.html?sysBaseUrl=http%3A%2F%2F180.169.147.146%3A18081%2Fxingrg%2F&costTime=807×tamp=1681611139333 HTTP/1.1" 200 17509
180.171.122.0 - - [16/Apr/2023:10:12:27 +0800] "GET /xingrg/javascript/jquery_easy_ui/themes/default/easyui.css HTTP/1.1" 304 -
180.171.122.0 - - [16/Apr/2023:10:12:27 +0800] "GET /xingrg/javascript/jquery_easy_ui/themes/icon.css HTTP/1.1" 304 -
180.171.122.0 - - [16/Apr/2023:10:12:27 +0800] "GET /xingrg/css/form.css HTTP/1.1" 304 -
180.171.122.0 - - [16/Apr/2023:10:12:27 +0800] "GET /xingrg/javascript/jquery-1.4.2.min.js HTTP/1.1" 304 -
116.238.139.35 - - [16/Apr/2023:10:12:27 +0800] "GET /xingrg/kc/mdqp/pssh_order_info.html?code=312023041500294 HTTP/1.1" 200 14388
180.171.122.0 - - [16/Apr/2023:10:12:27 +0800] "GET /xingrg/javascript/jquery_easy_ui/jquery.easyui.min.js HTTP/1.1" 304 -
180.171.122.0 - - [16/Apr/2023:10:12:27 +0800] "GET /xingrg/javascript/jquery_easy_ui/easyui-lang-zh_CN.js HTTP/1.1" 304 -
116.238.139.35 - - [16/Apr/2023:10:12:27 +0800] "GET /xingrg/javascript/jquery_tools/jquery-1.4.2.min.js HTTP/1.1" 404 1094
180.171.122.0 - - [16/Apr/2023:10:12:27 +0800] "GET /xingrg/javascript/jquery.form.js HTTP/1.1" 304 -
180.171.122.0 - - [16/Apr/2023:10:12:27 +0800] "GET /xingrg/javascript/jquery.utils.js HTTP/1.1" 304 -
180.171.122.0 - - [16/Apr/2023:10:12:27 +0800] "GET /xingrg/javascript/jquery.timers.js HTTP/1.1" 304 -
180.171.122.0 - - [16/Apr/2023:10:12:27 +0800] "GET /xingrg/images/blue/jxLogo.png HTTP/1.1" 304 -
180.171.122.0 - - [16/Apr/2023:10:12:27 +0800] "GET /xingrg/images/blue/navBackgound.jpg HTTP/1.1" 304 -
180.171.122.0 - - [16/Apr/2023:10:12:27 +0800] "GET /xingrg/javascript/jquery_easy_ui/themes/icons/settle_new.png HTTP/1.1" 304 -
180.171.122.0 - - [16/Apr/2023:10:12:27 +0800] "GET /xingrg/all/function/internal_message.html?_=1681611146700&CODE_STATE=count HTTP/1.1" 200 11
180.171.122.0 - - [16/Apr/2023:10:12:27 +0800] "GET /xingrg/check_reg.html?_=1681611146703 HTTP/1.1" 200 22
180.171.122.0 - - [16/Apr/2023:10:12:27 +0800] "GET /xingrg/javascript/jquery_easy_ui/themes/default/images/tabs_leftarrow.png HTTP/1.1" 304 -
180.171.122.0 - - [16/Apr/2023:10:12:27 +0800] "GET /xingrg/javascript/jquery_easy_ui/themes/default/images/panel_tool_expand.gif HTTP/1.1" 304 -
180.171.122.0 - - [16/Apr/2023:10:12:27 +0800] "GET /xingrg/javascript/jquery_easy_ui/themes/default/images/panel_tool_collapse.gif HTTP/1.1" 304 -
180.171.122.0 - - [16/Apr/2023:10:12:27 +0800] "GET /xingrg/images/blue/pingpu.png HTTP/1.1" 304 -
180.171.122.0 - - [16/Apr/2023:10:12:27 +0800] "GET /xingrg/javascript/jquery_easy_ui/themes/default/images/tabs_rightarrow.png HTTP/1.1" 304 -
180.171.122.0 - - [16/Apr/2023:10:12:27 +0800] "POST /xingrg/all/common/load_tree.html?tree=area_rest_tree_json&manage=1 HTTP/1.1" 200 591
180.171.122.0 - - [16/Apr/2023:10:12:28 +0800] "POST /xingrg/load_menu.html HTTP/1.1" 200 9959
116.238.139.35 - - [16/Apr/2023:10:12:28 +0800] "GET /xingrg/javascript/easyui/themes/default/validatebox.css HTTP/1.1" 404 1104
116.238.139.35 - - [16/Apr/2023:10:12:28 +0800] "POST /xingrg/kc/mdqp/pssh_order_operate.html HTTP/1.1" 200 1059
116.238.139.35 - - [16/Apr/2023:10:12:30 +0800] "GET /xingrg/kc/print/load_data.html?order_code=312023041500294&kc_code=pssh&condition= HTTP/1.1" 200 844
116.192.124.172 - - [16/Apr/2023:10:12:30 +0800] "GET /xingrg/all/function/internal_message.html?_=1681611150528&CODE_STATE=getMsg HTTP/1.1" 200 27
180.171.122.0 - - [16/Apr/2023:10:12:31 +0800] "GET /xingrg/kc/base/wldb_order_list.html HTTP/1.1" 200 19359
180.171.122.0 - - [16/Apr/2023:10:12:32 +0800] "POST /xingrg/kc/base/wldb_list_operate.html HTTP/1.1" 200 928
116.238.139.35 - - [16/Apr/2023:10:12:33 +0800] "GET /xingrg/kc/mdqp/pssh_order_list.html?isBack=1 HTTP/1.1" 200 17886
116.238.139.35 - - [16/Apr/2023:10:12:34 +0800] "POST /xingrg/kc/mdqp/pssh_list_operate.html HTTP/1.1" 200 5369
180.171.122.0 - - [16/Apr/2023:10:12:35 +0800] "POST /xingrg/kc/base/wldb_list_operate.html HTTP/1.1" 200 6229
116.238.139.35 - - [16/Apr/2023:10:12:35 +0800] "POST /xingrg/kc/mdqp/pssh_list_operate.html HTTP/1.1" 200 256
180.164.3.199 - - [16/Apr/2023:10:12:36 +0800] "GET /xingrg/all/function/internal_message.html?_=1681611155720&CODE_STATE=getMsg HTTP/1.1" 200 27
116.238.139.35 - - [16/Apr/2023:10:12:37 +0800] "POST /xingrg/kc/mdqp/pssh_list_operate.html HTTP/1.1" 200 1615
116.238.139.35 - - [16/Apr/2023:10:12:37 +0800] "GET /xingrg/kc/mdqp/pssh_order_info.html?code=312023041500297 HTTP/1.1" 200 17299
116.238.139.35 - - [16/Apr/2023:10:12:37 +0800] "GET /xingrg/javascript/jquery_tools/jquery-1.4.2.min.js HTTP/1.1" 404 1094
116.238.139.35 - - [16/Apr/2023:10:12:38 +0800] "GET /xingrg/javascript/easyui/themes/default/validatebox.css HTTP/1.1" 404 1104
116.238.139.35 - - [16/Apr/2023:10:12:38 +0800] "POST /xingrg/kc/mdqp/pssh_order_operate.html HTTP/1.1" 200 529
180.171.122.0 - - [16/Apr/2023:10:12:38 +0800] "POST /xingrg/kc/base/wldb_list_operate.html HTTP/1.1" 200 577
116.238.139.35 - - [16/Apr/2023:10:12:40 +0800] "GET /xingrg/javascript/auto/indicator.gif HTTP/1.1" 404 1066
180.157.253.110 - - [16/Apr/2023:10:12:40 +0800] "POST /xingrg/services/DataTransmitService HTTP/1.1" 200 524
222.70.244.216 - - [16/Apr/2023:10:12:41 +0800] "GET /xingrg/all/function/internal_message.html?_=1681611182755&CODE_STATE=getMsg HTTP/1.1" 302 -
180.171.122.0 - - [16/Apr/2023:10:12:42 +0800] "GET /xingrg/kc/base/wldb_order_info.html?code=422023041501223 HTTP/1.1" 200 26522
180.171.122.0 - - [16/Apr/2023:10:12:42 +0800] "GET /xingrg/javascript/pic_change.js HTTP/1.1" 200 4739
180.171.122.0 - - [16/Apr/2023:10:12:42 +0800] "GET /xingrg/javascript/jquery_tools/order_manager.js HTTP/1.1" 200 11183
180.171.122.0 - - [16/Apr/2023:10:12:42 +0800] "GET /xingrg/javascript/convert.js HTTP/1.1" 200 1239
180.171.122.0 - - [16/Apr/2023:10:12:42 +0800] "GET /xingrg/javascript/json2.js HTTP/1.1" 200 11259
180.171.122.0 - - [16/Apr/2023:10:12:42 +0800] "GET /xingrg/javascript/print/kc_print.js HTTP/1.1" 200 11415
180.171.122.0 - - [16/Apr/2023:10:12:42 +0800] "GET /xingrg/words/20230415092928_words.js HTTP/1.1" 200 960653
180.171.122.0 - - [16/Apr/2023:10:12:42 +0800] "GET /xingrg/javascript/easyui/themes/icons/cancel.png HTTP/1.1" 200 1133
180.171.122.0 - - [16/Apr/2023:10:12:42 +0800] "GET /xingrg/javascript/easyui/themes/icons/print.png HTTP/1.1" 200 1057
180.171.122.0 - - [16/Apr/2023:10:12:42 +0800] "GET /xingrg/javascript/easyui/themes/default/images/menu_downarrow.png HTTP/1.1" 200 173
180.171.122.0 - - [16/Apr/2023:10:12:42 +0800] "GET /xingrg/javascript/easyui/themes/default/validatebox.css HTTP/1.1" 404 1104
180.171.122.0 - - [16/Apr/2023:10:12:42 +0800] "GET /xingrg/javascript/easyui/plugins/jquery.validatebox.js HTTP/1.1" 200 6103
180.171.122.0 - - [16/Apr/2023:10:12:42 +0800] "GET /xingrg/javascript/easyui/plugins/jquery.numberbox.js HTTP/1.1" 200 5213
180.171.122.0 - - [16/Apr/2023:10:12:43 +0800] "POST /xingrg/kc/base/wldb_order_operate.html HTTP/1.1" 200 49635
180.171.122.0 - - [16/Apr/2023:10:12:43 +0800] "GET /xingrg/javascript/easyui/themes/icons/edit_remove.png HTTP/1.1" 200 625
116.238.139.35 - - [16/Apr/2023:10:12:43 +0800] "POST /xingrg/all/common/load_combo.html?type=employee HTTP/1.1" 200 280
116.224.158.100 - - [16/Apr/2023:10:12:43 +0800] "GET /xingrg/all/function/internal_message.html?_=1681611165542&CODE_STATE=getMsg HTTP/1.1" 200 27
180.171.122.0 - - [16/Apr/2023:10:12:43 +0800] "GET /xingrg/check_reg.html?_=1681611162565 HTTP/1.1" 200 22
120.253.135.82 - - [16/Apr/2023:10:12:45 +0800] "GET /xingrg/all/function/internal_message.html?_=1681611002419&CODE_STATE=getMsg HTTP/1.1" 200 27
114.83.222.182 - - [16/Apr/2023:10:12:46 +0800] "GET /xingrg/check_reg.html?_=1681611254146 HTTP/1.1" 200 22
116.238.139.35 - - [16/Apr/2023:10:12:46 +0800] "POST /xingrg/kc/mdqp/pssh_order_operate.html HTTP/1.1" 200 37
116.224.158.100 - - [16/Apr/2023:10:12:49 +0800] "GET /xingrg/all/function/internal_message.html?_=1681611011255&CODE_STATE=getMsg HTTP/1.1" 200 27
116.238.139.35 - - [16/Apr/2023:10:12:49 +0800] "POST /xingrg/kc/mdqp/pssh_order_operate.html HTTP/1.1" 200 12
116.224.106.218 - - [16/Apr/2023:10:12:50 +0800] "GET /xingrg/all/function/internal_message.html?_=1681611169706&CODE_STATE=getMsg HTTP/1.1" 200 27
116.238.139.35 - - [16/Apr/2023:10:12:55 +0800] "GET /xingrg/kc/mdqp/pssh_order_info.html?code=312023041500297 HTTP/1.1" 200 14392
116.238.139.35 - - [16/Apr/2023:10:12:55 +0800] "GET /xingrg/javascript/jquery_tools/jquery-1.4.2.min.js HTTP/1.1" 404 1094
116.238.139.35 - - [16/Apr/2023:10:12:56 +0800] "GET /xingrg/javascript/easyui/themes/default/validatebox.css HTTP/1.1" 404 1104
116.238.139.35 - - [16/Apr/2023:10:12:56 +0800] "POST /xingrg/kc/mdqp/pssh_order_operate.html HTTP/1.1" 200 529
124.78.155.10 - - [16/Apr/2023:10:12:57 +0800] "GET /xingrg/all/function/internal_message.html?_=1681611173939&CODE_STATE=getMsg HTTP/1.1" 200 27
124.78.155.10 - - [16/Apr/2023:10:12:58 +0800] "GET /xingrg/check_reg.html?_=1681611174147 HTTP/1.1" 200 22
116.238.139.35 - - [16/Apr/2023:10:12:58 +0800] "GET /xingrg/kc/print/load_data.html?order_code=312023041500297&kc_code=pssh&condition= HTTP/1.1" 200 661
101.229.22.234 - - [16/Apr/2023:10:13:01 +0800] "GET /xingrg/all/function/internal_message.html?_=1681611181368&CODE_STATE=getMsg HTTP/1.1" 200 27
116.238.139.35 - - [16/Apr/2023:10:13:03 +0800] "GET /xingrg/kc/mdqp/pssh_order_list.html?isBack=1 HTTP/1.1" 200 17886
116.238.139.35 - - [16/Apr/2023:10:13:03 +0800] "POST /xingrg/kc/mdqp/pssh_list_operate.html HTTP/1.1" 200 5400
114.83.222.182 - - [16/Apr/2023:10:13:03 +0800] "GET /xingrg/all/function/internal_message.html?_=1681611271539&CODE_STATE=getMsg HTTP/1.1" 200 27
222.70.244.216 - - [16/Apr/2023:10:13:04 +0800] "GET /xingrg/all/function/internal_message.html?_=1681611210365&CODE_STATE=getMsg HTTP/1.1" 200 27
116.238.139.35 - - [16/Apr/2023:10:13:05 +0800] "POST /xingrg/kc/mdqp/pssh_list_operate.html HTTP/1.1" 200 253
116.238.139.35 - - [16/Apr/2023:10:13:07 +0800] "POST /xingrg/kc/mdqp/pssh_list_operate.html HTTP/1.1" 200 1615
116.238.139.35 - - [16/Apr/2023:10:13:07 +0800] "GET /xingrg/kc/mdqp/pssh_order_info.html?code=312023041600314 HTTP/1.1" 200 17303
116.238.139.35 - - [16/Apr/2023:10:13:08 +0800] "GET /xingrg/javascript/jquery_tools/jquery-1.4.2.min.js HTTP/1.1" 404 1094
116.238.139.35 - - [16/Apr/2023:10:13:08 +0800] "GET /xingrg/javascript/easyui/themes/default/validatebox.css HTTP/1.1" 404 1104
116.238.139.35 - - [16/Apr/2023:10:13:08 +0800] "POST /xingrg/kc/mdqp/pssh_order_operate.html HTTP/1.1" 200 528
116.238.139.35 - - [16/Apr/2023:10:13:10 +0800] "POST /xingrg/all/common/load_combo.html?type=employee HTTP/1.1" 200 280
116.238.139.35 - - [16/Apr/2023:10:13:13 +0800] "POST /xingrg/kc/mdqp/pssh_order_operate.html HTTP/1.1" 200 37
116.192.124.172 - - [16/Apr/2023:10:13:14 +0800] "POST /xingrg/kc/buy/cgsh_order_operate.html HTTP/1.1" 200 37
116.238.139.35 - - [16/Apr/2023:10:13:16 +0800] "POST /xingrg/kc/mdqp/pssh_order_operate.html HTTP/1.1" 200 12
116.192.124.172 - - [16/Apr/2023:10:13:17 +0800] "POST /xingrg/kc/buy/cgsh_order_operate.html HTTP/1.1" 200 17596
116.238.139.35 - - [16/Apr/2023:10:13:17 +0800] "GET /xingrg/kc/mdqp/pssh_order_info.html?code=312023041600314 HTTP/1.1" 200 14392
116.238.139.35 - - [16/Apr/2023:10:13:17 +0800] "GET /xingrg/javascript/jquery_tools/jquery-1.4.2.min.js HTTP/1.1" 404 1094
116.238.139.35 - - [16/Apr/2023:10:13:17 +0800] "GET /xingrg/javascript/easyui/themes/default/validatebox.css HTTP/1.1" 404 1104
116.238.139.35 - - [16/Apr/2023:10:13:17 +0800] "POST /xingrg/kc/mdqp/pssh_order_operate.html HTTP/1.1" 200 528
116.238.139.35 - - [16/Apr/2023:10:13:19 +0800] "GET /xingrg/all/function/internal_message.html?_=1681611199244&CODE_STATE=getMsg HTTP/1.1" 200 27
116.238.139.35 - - [16/Apr/2023:10:13:19 +0800] "GET /xingrg/kc/print/load_data.html?order_code=312023041600314&kc_code=pssh&condition= HTTP/1.1" 200 656
116.227.208.255 - - [16/Apr/2023:10:13:22 +0800] "GET /xingrg/check_reg.html?_=1681611274101 HTTP/1.1" 200 22
116.238.139.35 - - [16/Apr/2023:10:13:23 +0800] "GET /xingrg/kc/mdqp/pssh_order_list.html?isBack=1 HTTP/1.1" 200 17886
116.238.139.35 - - [16/Apr/2023:10:13:24 +0800] "POST /xingrg/kc/mdqp/pssh_list_operate.html HTTP/1.1" 200 5425
116.227.208.255 - - [16/Apr/2023:10:13:24 +0800] "GET /xingrg/all/function/internal_message.html?_=1681611275643&CODE_STATE=getMsg HTTP/1.1" 200 27
116.238.139.35 - - [16/Apr/2023:10:13:25 +0800] "POST /xingrg/kc/mdqp/pssh_list_operate.html HTTP/1.1" 200 751
222.69.130.254 - - [16/Apr/2023:10:13:26 +0800] "GET /xingrg/check_reg.html?_=1681611206239 HTTP/1.1" 200 22
116.238.139.35 - - [16/Apr/2023:10:13:26 +0800] "POST /xingrg/kc/mdqp/pssh_list_operate.html HTTP/1.1" 200 1615
222.69.130.254 - - [16/Apr/2023:10:13:26 +0800] "GET /xingrg/all/function/internal_message.html?_=1681611206962&CODE_STATE=getMsg HTTP/1.1" 200 27
116.238.139.35 - - [16/Apr/2023:10:13:27 +0800] "GET /xingrg/kc/mdqp/pssh_order_info.html?code=312023041500296 HTTP/1.1" 200 17303
116.238.139.35 - - [16/Apr/2023:10:13:27 +0800] "GET /xingrg/javascript/jquery_tools/jquery-1.4.2.min.js HTTP/1.1" 404 1094
116.238.139.35 - - [16/Apr/2023:10:13:27 +0800] "GET /xingrg/javascript/easyui/themes/default/validatebox.css HTTP/1.1" 404 1104
116.238.139.35 - - [16/Apr/2023:10:13:27 +0800] "POST /xingrg/kc/mdqp/pssh_order_operate.html HTTP/1.1" 200 4174
180.171.122.0 - - [16/Apr/2023:10:13:27 +0800] "GET /xingrg/all/function/internal_message.html?_=1681611206720&CODE_STATE=getMsg HTTP/1.1" 200 27
116.238.139.35 - - [16/Apr/2023:10:13:28 +0800] "POST /xingrg/all/common/load_combo.html?type=employee HTTP/1.1" 200 280
116.192.124.172 - - [16/Apr/2023:10:13:30 +0800] "GET /xingrg/all/function/internal_message.html?_=1681611210514&CODE_STATE=getMsg HTTP/1.1" 200 27
116.238.139.35 - - [16/Apr/2023:10:13:31 +0800] "POST /xingrg/kc/mdqp/pssh_order_operate.html HTTP/1.1" 200 37
116.238.139.35 - - [16/Apr/2023:10:13:34 +0800] "POST /xingrg/kc/mdqp/pssh_order_operate.html HTTP/1.1" 200 12
180.164.3.199 - - [16/Apr/2023:10:13:36 +0800] "GET /xingrg/all/function/internal_message.html?_=1681611215688&CODE_STATE=getMsg HTTP/1.1" 200 27
116.238.139.35 - - [16/Apr/2023:10:13:37 +0800] "GET /xingrg/kc/mdqp/pssh_order_info.html?code=312023041500296 HTTP/1.1" 200 14392
116.238.139.35 - - [16/Apr/2023:10:13:37 +0800] "GET /xingrg/javascript/jquery_tools/jquery-1.4.2.min.js HTTP/1.1" 404 1094
116.238.139.35 - - [16/Apr/2023:10:13:37 +0800] "GET /xingrg/javascript/easyui/themes/default/validatebox.css HTTP/1.1" 404 1104
116.238.139.35 - - [16/Apr/2023:10:13:37 +0800] "POST /xingrg/kc/mdqp/pssh_order_operate.html HTTP/1.1" 200 4174
114.83.222.182 - - [16/Apr/2023:10:13:39 +0800] "GET /xingrg/kc/buy/cgsh_order_operate.html?command=get_materiel&rest_code=00154&code=00101006193&supplier_code=00100419&order_time=2023-04-16 HTTP/1.1" 200 409
116.238.139.35 - - [16/Apr/2023:10:13:40 +0800] "GET /xingrg/kc/print/load_data.html?order_code=312023041500296&kc_code=pssh&condition= HTTP/1.1" 200 1891
222.70.244.216 - - [16/Apr/2023:10:13:41 +0800] "GET /xingrg/all/function/internal_message.html?_=1681611242766&CODE_STATE=getMsg HTTP/1.1" 302 -
222.69.130.254 - - [16/Apr/2023:10:13:43 +0800] "GET /xingrg/kc/buy/cgsh_order_add.html HTTP/1.1" 200 70541
222.69.130.254 - - [16/Apr/2023:10:13:43 +0800] "POST /xingrg/kc/buy/cgsh_order_operate.html HTTP/1.1" 200 8245
222.69.130.254 - - [16/Apr/2023:10:13:43 +0800] "GET /xingrg/javascript/easyui/themes/default/validatebox.css HTTP/1.1" 404 1104
116.224.158.100 - - [16/Apr/2023:10:13:43 +0800] "GET /xingrg/all/function/internal_message.html?_=1681611225513&CODE_STATE=getMsg HTTP/1.1" 200 27
120.253.135.82 - - [16/Apr/2023:10:13:44 +0800] "GET /xingrg/check_reg.html?_=1681611062280 HTTP/1.1" 200 22
120.253.135.82 - - [16/Apr/2023:10:13:45 +0800] "GET /xingrg/all/function/internal_message.html?_=1681611062432&CODE_STATE=getMsg HTTP/1.1" 200 27
116.238.139.35 - - [16/Apr/2023:10:13:45 +0800] "GET /xingrg/kc/mdqp/pssh_order_list.html?isBack=1 HTTP/1.1" 200 17886
116.238.139.35 - - [16/Apr/2023:10:13:45 +0800] "POST /xingrg/kc/mdqp/pssh_list_operate.html HTTP/1.1" 200 5450
116.238.139.35 - - [16/Apr/2023:10:13:47 +0800] "POST /xingrg/kc/mdqp/pssh_list_operate.html HTTP/1.1" 200 772
116.238.139.35 - - [16/Apr/2023:10:13:48 +0800] "POST /xingrg/kc/mdqp/pssh_list_operate.html HTTP/1.1" 200 1615
116.238.139.35 - - [16/Apr/2023:10:13:48 +0800] "GET /xingrg/kc/mdqp/pssh_order_info.html?code=312023041500295 HTTP/1.1" 200 17303
116.238.139.35 - - [16/Apr/2023:10:13:48 +0800] "GET /xingrg/javascript/jquery_tools/jquery-1.4.2.min.js HTTP/1.1" 404 1094
116.238.139.35 - - [16/Apr/2023:10:13:49 +0800] "GET /xingrg/javascript/easyui/themes/default/validatebox.css HTTP/1.1" 404 1104
116.238.139.35 - - [16/Apr/2023:10:13:49 +0800] "POST /xingrg/kc/mdqp/pssh_order_operate.html HTTP/1.1" 200 17195
116.224.158.100 - - [16/Apr/2023:10:13:49 +0800] "GET /xingrg/all/function/internal_message.html?_=1681611071255&CODE_STATE=getMsg HTTP/1.1" 200 27
116.238.139.35 - - [16/Apr/2023:10:13:50 +0800] "POST /xingrg/all/common/load_combo.html?type=employee HTTP/1.1" 200 280
116.224.106.218 - - [16/Apr/2023:10:13:50 +0800] "GET /xingrg/all/function/internal_message.html?_=1681611229694&CODE_STATE=getMsg HTTP/1.1" 200 27
180.169.147.146 - - [16/Apr/2023:10:13:51 +0800] "GET /xingrg/check_reg.html?_=1681611233928 HTTP/1.1" 302 -
116.238.139.35 - - [16/Apr/2023:10:13:53 +0800] "POST /xingrg/kc/mdqp/pssh_order_operate.html HTTP/1.1" 200 37
116.238.139.35 - - [16/Apr/2023:10:13:57 +0800] "POST /xingrg/kc/mdqp/pssh_order_operate.html HTTP/1.1" 200 12
124.78.155.10 - - [16/Apr/2023:10:13:57 +0800] "GET /xingrg/all/function/internal_message.html?_=1681611233917&CODE_STATE=getMsg HTTP/1.1" 200 27
116.192.124.172 - - [16/Apr/2023:10:13:59 +0800] "GET /xingrg/kc/base/wldb_order_list.html HTTP/1.1" 200 19098
116.238.139.35 - - [16/Apr/2023:10:13:59 +0800] "GET /xingrg/kc/mdqp/pssh_order_info.html?code=312023041500295 HTTP/1.1" 200 14392
116.238.139.35 - - [16/Apr/2023:10:13:59 +0800] "GET /xingrg/javascript/jquery_tools/jquery-1.4.2.min.js HTTP/1.1" 404 1094
116.238.139.35 - - [16/Apr/2023:10:14:00 +0800] "GET /xingrg/javascript/easyui/themes/default/validatebox.css HTTP/1.1" 404 1104
116.192.124.172 - - [16/Apr/2023:10:14:00 +0800] "POST /xingrg/kc/base/wldb_list_operate.html HTTP/1.1" 200 928
116.238.139.35 - - [16/Apr/2023:10:14:00 +0800] "POST /xingrg/kc/mdqp/pssh_order_operate.html HTTP/1.1" 200 17195
116.192.124.172 - - [16/Apr/2023:10:14:01 +0800] "GET /xingrg/kc/base/wldb_order_add.html HTTP/1.1" 200 30377
116.192.124.172 - - [16/Apr/2023:10:14:01 +0800] "POST /xingrg/kc/base/wldb_order_operate.html HTTP/1.1" 200 6806
116.192.124.172 - - [16/Apr/2023:10:14:01 +0800] "GET /xingrg/all/common/auto_word.html?type=base&rest_code=00102 HTTP/1.1" 200 1857
116.192.124.172 - - [16/Apr/2023:10:14:01 +0800] "GET /xingrg/javascript/easyui/themes/default/validatebox.css HTTP/1.1" 404 1104
116.192.124.172 - - [16/Apr/2023:10:14:01 +0800] "GET /xingrg/all/common/auto_word.html?type=base&rest_code=00102 HTTP/1.1" 200 1857
101.229.22.234 - - [16/Apr/2023:10:14:01 +0800] "GET /xingrg/all/function/internal_message.html?_=1681611241367&CODE_STATE=getMsg HTTP/1.1" 200 27
116.192.124.172 - - [16/Apr/2023:10:14:02 +0800] "POST /xingrg/all/common/load_combo.html?type=base HTTP/1.1" 200 3321
116.238.139.35 - - [16/Apr/2023:10:14:03 +0800] "GET /xingrg/kc/print/load_data.html?order_code=312023041500295&kc_code=pssh&condition= HTTP/1.1" 200 6635
114.83.222.182 - - [16/Apr/2023:10:14:03 +0800] "GET /xingrg/all/function/internal_message.html?_=1681611331510&CODE_STATE=getMsg HTTP/1.1" 200 27
222.70.244.216 - - [16/Apr/2023:10:14:04 +0800] "GET /xingrg/all/function/internal_message.html?_=1681611270430&CODE_STATE=getMsg HTTP/1.1" 200 27
116.192.124.172 - - [16/Apr/2023:10:14:05 +0800] "POST /xingrg/all/common/load_combo.html?type=base HTTP/1.1" 200 3321
116.238.139.35 - - [16/Apr/2023:10:14:07 +0800] "GET /xingrg/kc/mdqp/pssh_order_list.html?isBack=1 HTTP/1.1" 200 17886
116.238.139.35 - - [16/Apr/2023:10:14:08 +0800] "POST /xingrg/kc/mdqp/pssh_list_operate.html HTTP/1.1" 200 5475
116.238.139.35 - - [16/Apr/2023:10:14:09 +0800] "POST /xingrg/kc/mdqp/pssh_list_operate.html HTTP/1.1" 200 261
114.83.222.182 - - [16/Apr/2023:10:14:09 +0800] "POST /xingrg/kc/buy/cgsh_order_operate.html HTTP/1.1" 200 37
222.69.130.254 - - [16/Apr/2023:10:14:09 +0800] "GET /xingrg/kc/buy/cgsh_order_operate.html?command=get_materiel&rest_code=00149&code=00101006079&supplier_code=00100151&order_time=2023-04-16 HTTP/1.1" 200 411
116.238.139.35 - - [16/Apr/2023:10:14:11 +0800] "POST /xingrg/kc/mdqp/pssh_list_operate.html HTTP/1.1" 200 1615
116.192.124.172 - - [16/Apr/2023:10:14:11 +0800] "GET /xingrg/kc/base/wldb_order_operate.html?command=get_materiel&rest_code=00102&base_code=0010476&code=00101019079 HTTP/1.1" 200 478
116.238.139.35 - - [16/Apr/2023:10:14:12 +0800] "GET /xingrg/kc/mdqp/pssh_order_info.html?code=312023041500300 HTTP/1.1" 200 17272
116.238.139.35 - - [16/Apr/2023:10:14:12 +0800] "GET /xingrg/javascript/jquery_tools/jquery-1.4.2.min.js HTTP/1.1" 404 1094
116.238.139.35 - - [16/Apr/2023:10:14:13 +0800] "GET /xingrg/javascript/easyui/themes/default/validatebox.css HTTP/1.1" 404 1104
116.238.139.35 - - [16/Apr/2023:10:14:13 +0800] "POST /xingrg/kc/mdqp/pssh_order_operate.html HTTP/1.1" 200 538
116.238.139.35 - - [16/Apr/2023:10:14:13 +0800] "POST /xingrg/services/DataTransmitService HTTP/1.1" 200 524
116.192.124.172 - - [16/Apr/2023:10:14:15 +0800] "GET /xingrg/kc/base/wldb_order_operate.html?command=get_materiel&rest_code=00102&base_code=0010476&code=00101019295 HTTP/1.1" 200 475
222.69.130.254 - - [16/Apr/2023:10:14:15 +0800] "GET /favicon.ico HTTP/1.1" 404 -
116.238.139.35 - - [16/Apr/2023:10:14:16 +0800] "POST /xingrg/all/common/load_combo.html?type=employee HTTP/1.1" 200 280
114.83.222.182 - - [16/Apr/2023:10:14:16 +0800] "POST /xingrg/kc/buy/cgsh_order_operate.html HTTP/1.1" 200 12
114.83.222.182 - - [16/Apr/2023:10:14:18 +0800] "GET /xingrg/kc/buy/cgsh_order_info.html?code=212023041605274 HTTP/1.1" 200 64561
114.83.222.182 - - [16/Apr/2023:10:14:19 +0800] "GET /xingrg/javascript/easyui/themes/default/validatebox.css HTTP/1.1" 404 1104
116.238.139.35 - - [16/Apr/2023:10:14:19 +0800] "GET /xingrg/all/function/internal_message.html?_=1681611259122&CODE_STATE=getMsg HTTP/1.1" 200 27
116.238.139.35 - - [16/Apr/2023:10:14:19 +0800] "POST /xingrg/kc/mdqp/pssh_order_operate.html HTTP/1.1" 200 37
114.83.222.182 - - [16/Apr/2023:10:14:19 +0800] "POST /xingrg/kc/buy/cgsh_order_operate.html HTTP/1.1" 200 1191
114.83.222.182 - - [16/Apr/2023:10:14:21 +0800] "GET /xingrg/kc/print/load_data.html?order_code=212023041605274&kc_code=cgsh&condition= HTTP/1.1" 200 920
116.238.139.35 - - [16/Apr/2023:10:14:22 +0800] "POST /xingrg/kc/mdqp/pssh_order_operate.html HTTP/1.1" 200 12
116.238.139.35 - - [16/Apr/2023:10:14:23 +0800] "GET /xingrg/kc/mdqp/pssh_order_info.html?code=312023041500300 HTTP/1.1" 200 14392
116.238.139.35 - - [16/Apr/2023:10:14:23 +0800] "GET /xingrg/javascript/jquery_tools/jquery-1.4.2.min.js HTTP/1.1" 404 1094
116.238.139.35 - - [16/Apr/2023:10:14:23 +0800] "GET /xingrg/javascript/easyui/themes/default/validatebox.css HTTP/1.1" 404 1104
116.238.139.35 - - [16/Apr/2023:10:14:23 +0800] "POST /xingrg/kc/mdqp/pssh_order_operate.html HTTP/1.1" 200 538
116.227.208.255 - - [16/Apr/2023:10:14:24 +0800] "GET /xingrg/all/function/internal_message.html?_=1681611335622&CODE_STATE=getMsg HTTP/1.1" 200 27
116.238.139.35 - - [16/Apr/2023:10:14:25 +0800] "GET /xingrg/kc/print/load_data.html?order_code=312023041500300&kc_code=pssh&condition= HTTP/1.1" 200 686
222.69.130.254 - - [16/Apr/2023:10:14:26 +0800] "GET /xingrg/all/function/internal_message.html?_=1681611266945&CODE_STATE=getMsg HTTP/1.1" 200 27
180.171.122.0 - - [16/Apr/2023:10:14:27 +0800] "GET /xingrg/all/function/internal_message.html?_=1681611266719&CODE_STATE=getMsg HTTP/1.1" 200 27
116.238.139.35 - - [16/Apr/2023:10:14:29 +0800] "GET /xingrg/kc/mdqp/pssh_order_list.html?isBack=1 HTTP/1.1" 200 17886
116.238.139.35 - - [16/Apr/2023:10:14:30 +0800] "POST /xingrg/kc/mdqp/pssh_list_operate.html HTTP/1.1" 200 5512
116.192.124.172 - - [16/Apr/2023:10:14:30 +0800] "GET /xingrg/all/function/internal_message.html?_=1681611270502&CODE_STATE=getMsg HTTP/1.1" 200 27
116.192.124.172 - - [16/Apr/2023:10:14:31 +0800] "GET /xingrg/check_reg.html?_=1681611271125 HTTP/1.1" 200 22
124.78.155.10 - - [16/Apr/2023:10:14:32 +0800] "GET /xingrg/kc/buy/cgsh_order_operate.html?command=get_materiel&rest_code=00106&code=00102014106&supplier_code=00100007&order_time=2023-04-16 HTTP/1.1" 200 413
180.164.3.199 - - [16/Apr/2023:10:14:36 +0800] "GET /xingrg/all/function/internal_message.html?_=1681611275687&CODE_STATE=getMsg HTTP/1.1" 200 27
180.164.3.199 - - [16/Apr/2023:10:14:36 +0800] "GET /xingrg/check_reg.html?_=1681611276236 HTTP/1.1" 200 22
222.70.244.216 - - [16/Apr/2023:10:14:41 +0800] "GET /xingrg/all/function/internal_message.html?_=1681611302784&CODE_STATE=getMsg HTTP/1.1" 302 -
116.224.158.100 - - [16/Apr/2023:10:14:43 +0800] "GET /xingrg/all/function/internal_message.html?_=1681611285484&CODE_STATE=getMsg HTTP/1.1" 200 27
120.253.135.82 - - [16/Apr/2023:10:14:45 +0800] "GET /xingrg/all/function/internal_message.html?_=1681611122446&CODE_STATE=getMsg HTTP/1.1" 200 27
124.78.155.10 - - [16/Apr/2023:10:14:47 +0800] "GET /xingrg/kc/buy/cgsh_order_operate.html?command=get_materiel&rest_code=00106&code=00101008168&supplier_code=00100007&order_time=2023-04-16 HTTP/1.1" 200 413
116.224.158.100 - - [16/Apr/2023:10:14:49 +0800] "GET /xingrg/all/function/internal_message.html?_=1681611131256&CODE_STATE=getMsg HTTP/1.1" 200 27
116.224.158.100 - - [16/Apr/2023:10:14:49 +0800] "GET /xingrg/check_reg.html?_=1681611131259 HTTP/1.1" 200 22
116.224.106.218 - - [16/Apr/2023:10:14:50 +0800] "GET /xingrg/all/function/internal_message.html?_=1681611289680&CODE_STATE=getMsg HTTP/1.1" 200 27
116.238.139.35 - - [16/Apr/2023:10:14:50 +0800] "GET /xingrg/kc/base/wldb_order_list.html HTTP/1.1" 200 19104
116.238.139.35 - - [16/Apr/2023:10:14:51 +0800] "POST /xingrg/kc/base/wldb_list_operate.html HTTP/1.1" 200 928
124.78.155.10 - - [16/Apr/2023:10:14:51 +0800] "POST /xingrg/kc/buy/cgsh_order_operate.html HTTP/1.1" 200 2065
116.238.139.35 - - [16/Apr/2023:10:14:52 +0800] "GET /xingrg/kc/base/wldb_order_add.html HTTP/1.1" 200 30387
116.238.139.35 - - [16/Apr/2023:10:14:52 +0800] "POST /xingrg/kc/base/wldb_order_operate.html HTTP/1.1" 200 6806
116.224.106.218 - - [16/Apr/2023:10:14:52 +0800] "GET /xingrg/check_reg.html?_=1681611292350 HTTP/1.1" 200 22
116.238.139.35 - - [16/Apr/2023:10:14:52 +0800] "GET /xingrg/all/common/auto_word.html?type=base&rest_code=00150 HTTP/1.1" 200 1853
116.238.139.35 - - [16/Apr/2023:10:14:52 +0800] "GET /xingrg/all/common/auto_word.html?type=base&rest_code=00150 HTTP/1.1" 200 1853
116.238.139.35 - - [16/Apr/2023:10:14:52 +0800] "GET /xingrg/javascript/easyui/themes/default/validatebox.css HTTP/1.1" 404 1104
116.192.124.172 - - [16/Apr/2023:10:14:53 +0800] "GET /xingrg/kc/base/wldb_order_operate.html?command=get_materiel&rest_code=00102&base_code=0010476&code=00101019438 HTTP/1.1" 200 462
124.78.155.10 - - [16/Apr/2023:10:14:57 +0800] "GET /xingrg/kc/buy/cgsh_order_operate.html?command=get_materiel&rest_code=00106&code=00101008150&supplier_code=00100007&order_time=2023-04-16 HTTP/1.1" 200 409
124.78.155.10 - - [16/Apr/2023:10:14:57 +0800] "GET /xingrg/all/function/internal_message.html?_=1681611293895&CODE_STATE=getMsg HTTP/1.1" 200 27
222.69.130.254 - - [16/Apr/2023:10:14:58 +0800] "GET /xingrg/kc/buy/cgsh_order_operate.html?command=get_materiel&rest_code=00149&code=00101023022&supplier_code=00100151&order_time=2023-04-16 HTTP/1.1" 200 406
116.192.124.172 - - [16/Apr/2023:10:14:58 +0800] "GET /xingrg/kc/base/wldb_order_operate.html?command=get_materiel&rest_code=00102&base_code=0010476&code=00101013257 HTTP/1.1" 200 443
114.83.222.182 - - [16/Apr/2023:10:15:00 +0800] "GET /xingrg/kc/buy/cgsh_order_add.html HTTP/1.1" 200 69656
114.83.222.182 - - [16/Apr/2023:10:15:00 +0800] "POST /xingrg/kc/buy/cgsh_order_operate.html HTTP/1.1" 200 8245
114.83.222.182 - - [16/Apr/2023:10:15:00 +0800] "GET /xingrg/javascript/easyui/themes/default/validatebox.css HTTP/1.1" 404 1104
101.229.22.234 - - [16/Apr/2023:10:15:01 +0800] "GET /xingrg/all/function/internal_message.html?_=1681611301366&CODE_STATE=getMsg HTTP/1.1" 200 27
114.83.222.182 - - [16/Apr/2023:10:15:03 +0800] "GET /xingrg/all/function/internal_message.html?_=1681611391486&CODE_STATE=getMsg HTTP/1.1" 200 27
222.70.244.216 - - [16/Apr/2023:10:15:04 +0800] "GET /xingrg/all/function/internal_message.html?_=1681611330438&CODE_STATE=getMsg HTTP/1.1" 200 27
116.192.124.172 - - [16/Apr/2023:10:15:09 +0800] "GET /xingrg/kc/base/wldb_order_operate.html?command=get_materiel&rest_code=00102&base_code=0010476&code=00101013052 HTTP/1.1" 200 440
124.78.155.10 - - [16/Apr/2023:10:15:10 +0800] "GET /xingrg/kc/buy/cgsh_order_operate.html?command=get_materiel&rest_code=00106&code=00101008061&supplier_code=00100007&order_time=2023-04-16 HTTP/1.1" 200 422
114.83.222.182 - - [16/Apr/2023:10:15:16 +0800] "GET /xingrg/kc/buy/cgsh_order_operate.html?command=get_materiel&rest_code=00154&code=00101006011&supplier_code=00100419&order_time=2023-04-16 HTTP/1.1" 200 411
116.238.139.35 - - [16/Apr/2023:10:15:19 +0800] "GET /xingrg/all/function/internal_message.html?_=1681611319107&CODE_STATE=getMsg HTTP/1.1" 200 27
116.238.139.35 - - [16/Apr/2023:10:15:19 +0800] "GET /xingrg/check_reg.html?_=1681611319143 HTTP/1.1" 200 22
116.227.208.255 - - [16/Apr/2023:10:15:24 +0800] "GET /xingrg/all/function/internal_message.html?_=1681611395602&CODE_STATE=getMsg HTTP/1.1" 200 27
222.69.130.254 - - [16/Apr/2023:10:15:26 +0800] "GET /xingrg/all/function/internal_message.html?_=1681611326919&CODE_STATE=getMsg HTTP/1.1" 200 27
180.171.122.0 - - [16/Apr/2023:10:15:27 +0800] "GET /xingrg/all/function/internal_message.html?_=1681611326714&CODE_STATE=getMsg HTTP/1.1" 200 27
124.78.155.10 - - [16/Apr/2023:10:15:29 +0800] "GET /xingrg/kc/buy/cgsh_order_operate.html?command=get_materiel&rest_code=00106&code=00101009011&supplier_code=00100007&order_time=2023-04-16 HTTP/1.1" 200 416
116.192.124.172 - - [16/Apr/2023:10:15:30 +0800] "GET /xingrg/all/function/internal_message.html?_=1681611330478&CODE_STATE=getMsg HTTP/1.1" 200 27
116.192.124.172 - - [16/Apr/2023:10:15:35 +0800] "GET /xingrg/kc/base/wldb_order_operate.html?command=get_materiel&rest_code=00102&base_code=0010476&code=00101019391 HTTP/1.1" 200 485
180.164.3.199 - - [16/Apr/2023:10:15:36 +0800] "GET /xingrg/all/function/internal_message.html?_=1681611335682&CODE_STATE=getMsg HTTP/1.1" 200 27
222.64.2.88 - - [16/Apr/2023:10:15:38 +0800] "GET /xingrg/index.html HTTP/1.1" 302 -
222.64.2.88 - - [16/Apr/2023:10:15:38 +0800] "GET /xingrg/login.html HTTP/1.1" 200 7641
222.64.2.88 - - [16/Apr/2023:10:15:39 +0800] "GET /favicon.ico HTTP/1.1" 404 -
222.70.244.216 - - [16/Apr/2023:10:15:41 +0800] "GET /xingrg/all/function/internal_message.html?_=1681611362813&CODE_STATE=getMsg HTTP/1.1" 302 -
116.192.124.172 - - [16/Apr/2023:10:15:42 +0800] "GET /xingrg/kc/base/wldb_order_operate.html?command=get_materiel&rest_code=00102&base_code=0010476&code=00101019405 HTTP/1.1" 200 482
222.64.2.88 - - [16/Apr/2023:10:15:43 +0800] "POST /xingrg/login.do HTTP/1.1" 302 -
124.78.155.10 - - [16/Apr/2023:10:15:43 +0800] "GET /xingrg/kc/buy/cgsh_order_operate.html?command=get_materiel&rest_code=00106&code=00101009015&supplier_code=00100007&order_time=2023-04-16 HTTP/1.1" 200 416
222.64.2.88 - - [16/Apr/2023:10:15:43 +0800] "GET /xingrg/index.html?sysBaseUrl=http%3A%2F%2F180.169.147.146%3A18081%2Fxingrg%2F&costTime=1056×tamp=1681611343123 HTTP/1.1" 200 17179
222.64.2.88 - - [16/Apr/2023:10:15:43 +0800] "GET /favicon.ico HTTP/1.1" 404 -
116.224.158.100 - - [16/Apr/2023:10:15:43 +0800] "GET /xingrg/all/function/internal_message.html?_=1681611345461&CODE_STATE=getMsg HTTP/1.1" 200 27
222.64.2.88 - - [16/Apr/2023:10:15:43 +0800] "POST /xingrg/all/common/load_tree.html?tree=area_rest_tree_json&manage=1 HTTP/1.1" 200 351
