116.238.139.35 - - [16/Apr/2023:09:14:13 +0800] "GET /xingrg/javascript/jquery_easy_ui/jquery.easyui.min.js HTTP/1.1" 304 -
116.238.139.35 - - [16/Apr/2023:09:14:13 +0800] "GET /xingrg/javascript/jquery_easy_ui/easyui-lang-zh_CN.js HTTP/1.1" 304 -
116.238.139.35 - - [16/Apr/2023:09:14:13 +0800] "GET /xingrg/javascript/jquery.form.js HTTP/1.1" 304 -
116.238.139.35 - - [16/Apr/2023:09:14:13 +0800] "GET /xingrg/javascript/jquery.utils.js HTTP/1.1" 304 -
116.238.139.35 - - [16/Apr/2023:09:14:13 +0800] "GET /xingrg/javascript/jquery.timers.js HTTP/1.1" 304 -
116.238.139.35 - - [16/Apr/2023:09:14:13 +0800] "GET /xingrg/images/blue/jxLogo.png HTTP/1.1" 304 -
116.238.139.35 - - [16/Apr/2023:09:14:13 +0800] "GET /xingrg/javascript/jquery_easy_ui/themes/icons/settle_new.png HTTP/1.1" 304 -
116.238.139.35 - - [16/Apr/2023:09:14:13 +0800] "GET /xingrg/images/blue/navBackgound.jpg HTTP/1.1" 304 -
116.238.139.35 - - [16/Apr/2023:09:14:13 +0800] "GET /xingrg/all/function/internal_message.html?_=1681607653463&CODE_STATE=count HTTP/1.1" 200 11
116.238.139.35 - - [16/Apr/2023:09:14:13 +0800] "GET /xingrg/check_reg.html?_=1681607653465 HTTP/1.1" 200 22
116.238.139.35 - - [16/Apr/2023:09:14:13 +0800] "GET /xingrg/javascript/jquery_easy_ui/themes/default/images/panel_tool_collapse.gif HTTP/1.1" 304 -
116.238.139.35 - - [16/Apr/2023:09:14:13 +0800] "GET /xingrg/images/blue/pingpu.png HTTP/1.1" 304 -
116.238.139.35 - - [16/Apr/2023:09:14:13 +0800] "GET /xingrg/javascript/jquery_easy_ui/themes/default/images/tabs_rightarrow.png HTTP/1.1" 304 -
116.238.139.35 - - [16/Apr/2023:09:14:13 +0800] "GET /xingrg/javascript/jquery_easy_ui/themes/default/images/tabs_leftarrow.png HTTP/1.1" 304 -
116.238.139.35 - - [16/Apr/2023:09:14:13 +0800] "POST /xingrg/all/common/load_tree.html?tree=area_rest_tree_json&manage=1 HTTP/1.1" 200 476
116.238.139.35 - - [16/Apr/2023:09:14:13 +0800] "POST /xingrg/load_menu.html HTTP/1.1" 200 5138
180.171.122.0 - - [16/Apr/2023:09:14:15 +0800] "GET /xingrg/all/function/internal_message.html?_=1681607654941&CODE_STATE=getMsg HTTP/1.1" 200 27
116.238.139.35 - - [16/Apr/2023:09:14:16 +0800] "GET /xingrg/kc/buy/cgsh_order_list.html HTTP/1.1" 200 54675
222.70.244.216 - - [16/Apr/2023:09:14:17 +0800] "GET /xingrg/all/function/internal_message.html?_=1681607683543&CODE_STATE=getMsg HTTP/1.1" 200 27
116.238.139.35 - - [16/Apr/2023:09:14:18 +0800] "POST /xingrg/kc/buy/cgsh_list_operate.html HTTP/1.1" 200 986
120.253.135.82 - - [16/Apr/2023:09:14:18 +0800] "POST /xingrg/kc/pszx/mdps_order_operate.html HTTP/1.1" 200 37
120.253.135.82 - - [16/Apr/2023:09:14:19 +0800] "GET /xingrg/kc/pszx/mdps_order_info.html?code=312023041500311 HTTP/1.1" 200 23978
116.238.139.35 - - [16/Apr/2023:09:14:20 +0800] "GET /xingrg/kc/buy/cgsh_order_add.html HTTP/1.1" 200 70051
116.238.139.35 - - [16/Apr/2023:09:14:20 +0800] "POST /xingrg/kc/buy/cgsh_order_operate.html HTTP/1.1" 200 8245
116.238.139.35 - - [16/Apr/2023:09:14:20 +0800] "GET /xingrg/javascript/easyui/themes/default/validatebox.css HTTP/1.1" 404 1104
120.253.135.82 - - [16/Apr/2023:09:14:20 +0800] "GET /xingrg/javascript/easyui/themes/default/validatebox.css HTTP/1.1" 404 1104
116.238.139.35 - - [16/Apr/2023:09:14:21 +0800] "GET /xingrg/javascript/auto/indicator.gif HTTP/1.1" 404 1066
120.253.135.82 - - [16/Apr/2023:09:14:21 +0800] "POST /xingrg/kc/pszx/mdps_order_operate.html HTTP/1.1" 200 2280
120.253.135.82 - - [16/Apr/2023:09:14:22 +0800] "POST /xingrg/kc/pszx/mdps_list_operate.html HTTP/1.1" 200 3868
180.171.122.0 - - [16/Apr/2023:09:14:22 +0800] "GET /xingrg/kc/buy/cgsh_order_operate.html?command=get_materiel&rest_code=00111&code=00101008003&supplier_code=00100005&order_time=2023-04-16 HTTP/1.1" 200 408
120.253.135.82 - - [16/Apr/2023:09:14:25 +0800] "POST /xingrg/kc/pszx/mdps_list_operate.html HTTP/1.1" 200 205
116.227.208.255 - - [16/Apr/2023:09:14:25 +0800] "GET /xingrg/all/function/internal_message.html?_=1681607736736&CODE_STATE=getMsg HTTP/1.1" 200 27
120.253.135.82 - - [16/Apr/2023:09:14:26 +0800] "POST /xingrg/kc/pszx/mdps_list_operate.html HTTP/1.1" 200 615
116.238.139.35 - - [16/Apr/2023:09:14:27 +0800] "GET /xingrg/kc/buy/cgsh_order_operate.html?command=get_materiel&rest_code=00151&code=00101011005&supplier_code=00100047&order_time=2023-04-16 HTTP/1.1" 200 428
116.192.124.172 - - [16/Apr/2023:09:14:31 +0800] "GET /xingrg/all/function/internal_message.html?_=1681607671236&CODE_STATE=getMsg HTTP/1.1" 200 27
116.192.124.172 - - [16/Apr/2023:09:14:31 +0800] "GET /xingrg/check_reg.html?_=1681607671238 HTTP/1.1" 200 22
222.70.244.216 - - [16/Apr/2023:09:14:32 +0800] "GET /xingrg/kc/buy/cgsh_order_operate.html?command=get_materiel&rest_code=00146&code=00101015017&supplier_code=00100005&order_time=2023-04-16 HTTP/1.1" 200 412
180.171.122.0 - - [16/Apr/2023:09:14:32 +0800] "GET /xingrg/kc/buy/cgsh_order_operate.html?command=get_materiel&rest_code=00111&code=00101008403&supplier_code=00100005&order_time=2023-04-16 HTTP/1.1" 200 412
120.253.135.82 - - [16/Apr/2023:09:14:36 +0800] "GET /xingrg/check_reg.html?_=1681607513371 HTTP/1.1" 200 22
180.164.3.199 - - [16/Apr/2023:09:14:36 +0800] "GET /xingrg/all/function/internal_message.html?_=1681607676201&CODE_STATE=getMsg HTTP/1.1" 200 27
180.164.3.199 - - [16/Apr/2023:09:14:36 +0800] "GET /xingrg/check_reg.html?_=1681607676202 HTTP/1.1" 200 22
120.253.135.82 - - [16/Apr/2023:09:14:39 +0800] "GET /xingrg/all/function/internal_message.html?_=1681607517044&CODE_STATE=getMsg HTTP/1.1" 200 27
222.70.244.216 - - [16/Apr/2023:09:14:40 +0800] "GET /xingrg/all/function/internal_message.html?_=1681607701829&CODE_STATE=getMsg HTTP/1.1" 200 27
116.192.124.172 - - [16/Apr/2023:09:14:40 +0800] "GET /xingrg/javascript/jquery_easy_ui/themes/default/images/tabs_active.png HTTP/1.1" 200 2894
180.171.122.0 - - [16/Apr/2023:09:14:42 +0800] "GET /xingrg/kc/buy/cgsh_order_operate.html?command=get_materiel&rest_code=00111&code=00101008155&supplier_code=00100005&order_time=2023-04-16 HTTP/1.1" 200 408
116.192.124.172 - - [16/Apr/2023:09:14:42 +0800] "GET /xingrg/kc/buy/cgsh_order_add.html HTTP/1.1" 200 70488
116.192.124.172 - - [16/Apr/2023:09:14:43 +0800] "POST /xingrg/kc/buy/cgsh_order_operate.html HTTP/1.1" 200 8245
116.192.124.172 - - [16/Apr/2023:09:14:43 +0800] "GET /xingrg/javascript/easyui/themes/default/validatebox.css HTTP/1.1" 404 1104
116.224.158.100 - - [16/Apr/2023:09:14:44 +0800] "GET /xingrg/all/function/internal_message.html?_=1681607686222&CODE_STATE=getMsg HTTP/1.1" 200 27
114.83.222.182 - - [16/Apr/2023:09:14:46 +0800] "GET /xingrg/all/function/internal_message.html?_=1681607774141&CODE_STATE=getMsg HTTP/1.1" 200 27
120.253.135.82 - - [16/Apr/2023:09:14:49 +0800] "POST /xingrg/kc/pszx/mdps_list_operate.html HTTP/1.1" 200 3180
116.224.158.100 - - [16/Apr/2023:09:14:49 +0800] "GET /xingrg/check_reg.html?_=1681607531219 HTTP/1.1" 200 22
116.224.158.100 - - [16/Apr/2023:09:14:49 +0800] "GET /xingrg/all/function/internal_message.html?_=1681607531222&CODE_STATE=getMsg HTTP/1.1" 200 27
120.253.135.82 - - [16/Apr/2023:09:14:50 +0800] "POST /xingrg/kc/pszx/mdps_list_operate.html HTTP/1.1" 200 205
116.224.106.218 - - [16/Apr/2023:09:14:51 +0800] "GET /xingrg/all/function/internal_message.html?_=1681607690679&CODE_STATE=getMsg HTTP/1.1" 200 27
180.171.122.0 - - [16/Apr/2023:09:14:52 +0800] "GET /xingrg/kc/buy/cgsh_order_operate.html?command=get_materiel&rest_code=00111&code=00101008072&supplier_code=00100005&order_time=2023-04-16 HTTP/1.1" 200 408
116.224.106.218 - - [16/Apr/2023:09:14:52 +0800] "GET /xingrg/check_reg.html?_=1681607692539 HTTP/1.1" 200 22
120.253.135.82 - - [16/Apr/2023:09:14:53 +0800] "GET /xingrg/kc/pszx/mdps_order_info.html?code=312023041100223 HTTP/1.1" 200 23978
120.253.135.82 - - [16/Apr/2023:09:14:53 +0800] "GET /xingrg/javascript/easyui/themes/default/validatebox.css HTTP/1.1" 404 1104
120.253.135.82 - - [16/Apr/2023:09:14:54 +0800] "POST /xingrg/kc/pszx/mdps_order_operate.html HTTP/1.1" 200 2282
222.64.2.88 - - [16/Apr/2023:09:14:54 +0800] "GET /xingrg/all/function/internal_message.html?_=1681607693623&CODE_STATE=getMsg HTTP/1.1" 200 27
222.69.130.254 - - [16/Apr/2023:09:14:55 +0800] "GET /xingrg/all/function/internal_message.html?_=1681607695091&CODE_STATE=getMsg HTTP/1.1" 200 27
101.229.22.234 - - [16/Apr/2023:09:15:01 +0800] "GET /xingrg/all/function/internal_message.html?_=1681607701316&CODE_STATE=getMsg HTTP/1.1" 200 27
222.70.244.216 - - [16/Apr/2023:09:15:02 +0800] "POST /xingrg/kc/buy/cgsh_order_operate.html HTTP/1.1" 200 2065
116.238.139.35 - - [16/Apr/2023:09:15:13 +0800] "GET /xingrg/all/function/internal_message.html?_=1681607713471&CODE_STATE=getMsg HTTP/1.1" 200 27
180.171.122.0 - - [16/Apr/2023:09:15:15 +0800] "GET /xingrg/all/function/internal_message.html?_=1681607714943&CODE_STATE=getMsg HTTP/1.1" 200 27
180.171.122.0 - - [16/Apr/2023:09:15:16 +0800] "GET /xingrg/kc/buy/cgsh_order_operate.html?command=get_materiel&rest_code=00111&code=00101008371&supplier_code=00100005&order_time=2023-04-16 HTTP/1.1" 200 412
222.70.244.216 - - [16/Apr/2023:09:15:17 +0800] "GET /xingrg/all/function/internal_message.html?_=1681607743603&CODE_STATE=getMsg HTTP/1.1" 200 27
116.238.139.35 - - [16/Apr/2023:09:15:23 +0800] "POST /xingrg/kc/buy/cgsh_order_operate.html HTTP/1.1" 200 37
180.171.122.0 - - [16/Apr/2023:09:15:24 +0800] "GET /xingrg/kc/buy/cgsh_order_operate.html?command=get_materiel&rest_code=00111&code=00101008098&supplier_code=00100005&order_time=2023-04-16 HTTP/1.1" 200 412
116.227.208.255 - - [16/Apr/2023:09:15:25 +0800] "GET /xingrg/all/function/internal_message.html?_=1681607796714&CODE_STATE=getMsg HTTP/1.1" 200 27
120.253.135.82 - - [16/Apr/2023:09:15:29 +0800] "POST /xingrg/kc/pszx/mdps_order_operate.html HTTP/1.1" 200 37
116.238.139.35 - - [16/Apr/2023:09:15:31 +0800] "POST /xingrg/kc/buy/cgsh_order_operate.html HTTP/1.1" 200 12
116.192.124.172 - - [16/Apr/2023:09:15:31 +0800] "GET /xingrg/all/function/internal_message.html?_=1681607731240&CODE_STATE=getMsg HTTP/1.1" 200 27
120.253.135.82 - - [16/Apr/2023:09:15:31 +0800] "GET /xingrg/kc/pszx/mdps_order_info.html?code=312023041100223 HTTP/1.1" 200 23984
120.253.135.82 - - [16/Apr/2023:09:15:32 +0800] "GET /xingrg/javascript/easyui/themes/default/validatebox.css HTTP/1.1" 404 1104
120.253.135.82 - - [16/Apr/2023:09:15:33 +0800] "POST /xingrg/kc/pszx/mdps_order_operate.html HTTP/1.1" 200 2281
116.238.139.35 - - [16/Apr/2023:09:15:33 +0800] "GET /xingrg/kc/buy/cgsh_order_info.html?code=212023041605242 HTTP/1.1" 200 64953
116.238.139.35 - - [16/Apr/2023:09:15:34 +0800] "GET /xingrg/javascript/easyui/themes/default/validatebox.css HTTP/1.1" 404 1104
116.238.139.35 - - [16/Apr/2023:09:15:34 +0800] "POST /xingrg/kc/buy/cgsh_order_operate.html HTTP/1.1" 200 612
116.238.139.35 - - [16/Apr/2023:09:15:36 +0800] "GET /xingrg/kc/print/load_data.html?order_code=212023041605242&kc_code=cgsh&condition= HTTP/1.1" 200 762
180.164.3.199 - - [16/Apr/2023:09:15:36 +0800] "GET /xingrg/all/function/internal_message.html?_=1681607736209&CODE_STATE=getMsg HTTP/1.1" 200 27
222.70.244.216 - - [16/Apr/2023:09:15:40 +0800] "GET /xingrg/all/function/internal_message.html?_=1681607761856&CODE_STATE=getMsg HTTP/1.1" 200 27
120.253.135.82 - - [16/Apr/2023:09:15:40 +0800] "POST /xingrg/kc/pszx/mdps_order_operate.html HTTP/1.1" 200 37
116.238.139.35 - - [16/Apr/2023:09:15:41 +0800] "GET /xingrg/kc/buy/cgsh_order_add.html HTTP/1.1" 200 70051
116.238.139.35 - - [16/Apr/2023:09:15:42 +0800] "POST /xingrg/kc/buy/cgsh_order_operate.html HTTP/1.1" 200 8245
116.238.139.35 - - [16/Apr/2023:09:15:42 +0800] "GET /xingrg/javascript/easyui/themes/default/validatebox.css HTTP/1.1" 404 1104
120.253.135.82 - - [16/Apr/2023:09:15:42 +0800] "GET /xingrg/kc/pszx/mdps_order_info.html?code=312023041100223 HTTP/1.1" 200 23984
180.171.122.0 - - [16/Apr/2023:09:15:42 +0800] "GET /xingrg/kc/buy/cgsh_order_operate.html?command=get_materiel&rest_code=00111&code=00101008349&supplier_code=00100005&order_time=2023-04-16 HTTP/1.1" 200 412
120.253.135.82 - - [16/Apr/2023:09:15:43 +0800] "GET /xingrg/all/function/internal_message.html?_=1681607580545&CODE_STATE=getMsg HTTP/1.1" 200 27
120.253.135.82 - - [16/Apr/2023:09:15:43 +0800] "GET /xingrg/javascript/easyui/themes/default/validatebox.css HTTP/1.1" 404 1104
116.192.124.172 - - [16/Apr/2023:09:15:43 +0800] "GET /xingrg/kc/buy/cgsh_order_operate.html?command=get_materiel&rest_code=00102&code=00101007068&supplier_code=00100096&order_time=2023-04-16 HTTP/1.1" 200 411
120.253.135.82 - - [16/Apr/2023:09:15:43 +0800] "POST /xingrg/kc/pszx/mdps_order_operate.html HTTP/1.1" 200 2281
116.224.158.100 - - [16/Apr/2023:09:15:44 +0800] "GET /xingrg/all/function/internal_message.html?_=1681607746194&CODE_STATE=getMsg HTTP/1.1" 200 27
116.224.158.100 - - [16/Apr/2023:09:15:44 +0800] "GET /xingrg/check_reg.html?_=1681607746217 HTTP/1.1" 200 22
114.83.222.182 - - [16/Apr/2023:09:15:46 +0800] "GET /xingrg/all/function/internal_message.html?_=1681607834149&CODE_STATE=getMsg HTTP/1.1" 200 27
116.224.158.100 - - [16/Apr/2023:09:15:49 +0800] "GET /xingrg/all/function/internal_message.html?_=1681607591230&CODE_STATE=getMsg HTTP/1.1" 200 27
116.238.139.35 - - [16/Apr/2023:09:15:50 +0800] "GET /xingrg/kc/buy/cgsh_order_operate.html?command=get_materiel&rest_code=00151&code=00101008084&supplier_code=00100096&order_time=2023-04-16 HTTP/1.1" 200 412
116.224.106.218 - - [16/Apr/2023:09:15:51 +0800] "GET /xingrg/all/function/internal_message.html?_=1681607750653&CODE_STATE=getMsg HTTP/1.1" 200 27
116.238.139.35 - - [16/Apr/2023:09:15:51 +0800] "POST /xingrg/all/common/load_select.html HTTP/1.1" 200 12
180.171.122.0 - - [16/Apr/2023:09:15:51 +0800] "GET /xingrg/kc/buy/cgsh_order_operate.html?command=get_materiel&rest_code=00111&code=00101008360&supplier_code=00100005&order_time=2023-04-16 HTTP/1.1" 200 413
222.64.2.88 - - [16/Apr/2023:09:15:54 +0800] "GET /xingrg/all/function/internal_message.html?_=1681607753631&CODE_STATE=getMsg HTTP/1.1" 200 27
222.69.130.254 - - [16/Apr/2023:09:15:55 +0800] "GET /xingrg/all/function/internal_message.html?_=1681607755090&CODE_STATE=getMsg HTTP/1.1" 200 27
222.69.130.254 - - [16/Apr/2023:09:15:55 +0800] "GET /xingrg/check_reg.html?_=1681607755092 HTTP/1.1" 200 22
116.238.139.35 - - [16/Apr/2023:09:15:55 +0800] "GET /xingrg/kc/buy/cgsh_order_operate.html?command=get_materiel_price&rest_code=00151&code=00101008084&unit_code=00100001&supplier_code=00100096&order_time=2023-04-16 HTTP/1.1" 200 27
116.192.124.172 - - [16/Apr/2023:09:15:56 +0800] "GET /xingrg/kc/buy/cgsh_order_operate.html?command=get_materiel&rest_code=00102&code=00101018011&supplier_code=00100096&order_time=2023-04-16 HTTP/1.1" 200 432
180.171.122.0 - - [16/Apr/2023:09:16:00 +0800] "GET /xingrg/kc/buy/cgsh_order_operate.html?command=get_materiel&rest_code=00111&code=00101008137&supplier_code=00100005&order_time=2023-04-16 HTTP/1.1" 200 408
101.229.22.234 - - [16/Apr/2023:09:16:01 +0800] "GET /xingrg/check_reg.html?_=1681607761317 HTTP/1.1" 200 22
101.229.22.234 - - [16/Apr/2023:09:16:01 +0800] "GET /xingrg/all/function/internal_message.html?_=1681607761325&CODE_STATE=getMsg HTTP/1.1" 200 27
116.192.124.172 - - [16/Apr/2023:09:16:08 +0800] "GET /xingrg/kc/buy/cgsh_order_operate.html?command=get_materiel&rest_code=00102&code=00101006067&supplier_code=00100096&order_time=2023-04-16 HTTP/1.1" 200 430
180.171.122.0 - - [16/Apr/2023:09:16:09 +0800] "GET /xingrg/kc/buy/cgsh_order_operate.html?command=get_materiel&rest_code=00111&code=00101008163&supplier_code=00100005&order_time=2023-04-16 HTTP/1.1" 200 409
116.238.139.35 - - [16/Apr/2023:09:16:10 +0800] "GET /xingrg/kc/buy/cgsh_order_operate.html?command=get_materiel&rest_code=00151&code=00101012084&supplier_code=00100096&order_time=2023-04-16 HTTP/1.1" 200 412
116.238.139.35 - - [16/Apr/2023:09:16:13 +0800] "GET /xingrg/all/function/internal_message.html?_=1681607773483&CODE_STATE=getMsg HTTP/1.1" 200 27
180.171.122.0 - - [16/Apr/2023:09:16:15 +0800] "GET /xingrg/all/function/internal_message.html?_=1681607774932&CODE_STATE=getMsg HTTP/1.1" 200 27
116.238.139.35 - - [16/Apr/2023:09:16:16 +0800] "GET /xingrg/kc/buy/cgsh_order_operate.html?command=get_materiel&rest_code=00151&code=00101016025&supplier_code=00100096&order_time=2023-04-16 HTTP/1.1" 200 428
222.70.244.216 - - [16/Apr/2023:09:16:17 +0800] "GET /xingrg/all/function/internal_message.html?_=1681607803615&CODE_STATE=getMsg HTTP/1.1" 200 27
120.253.135.82 - - [16/Apr/2023:09:16:19 +0800] "POST /xingrg/kc/pszx/mdps_order_operate.html HTTP/1.1" 200 37
180.171.122.0 - - [16/Apr/2023:09:16:19 +0800] "GET /xingrg/kc/buy/cgsh_order_operate.html?command=get_materiel&rest_code=00111&code=00101008352&supplier_code=00100005&order_time=2023-04-16 HTTP/1.1" 200 412
116.192.124.172 - - [16/Apr/2023:09:16:20 +0800] "GET /xingrg/kc/buy/cgsh_order_operate.html?command=get_materiel&rest_code=00102&code=00101006177&supplier_code=00100096&order_time=2023-04-16 HTTP/1.1" 200 408
120.253.135.82 - - [16/Apr/2023:09:16:20 +0800] "GET /xingrg/kc/pszx/mdps_order_info.html?code=312023041100223 HTTP/1.1" 200 23984
120.253.135.82 - - [16/Apr/2023:09:16:21 +0800] "GET /xingrg/javascript/easyui/themes/default/validatebox.css HTTP/1.1" 404 1104
120.253.135.82 - - [16/Apr/2023:09:16:22 +0800] "POST /xingrg/kc/pszx/mdps_order_operate.html HTTP/1.1" 200 2281
116.238.139.35 - - [16/Apr/2023:09:16:23 +0800] "GET /xingrg/kc/buy/cgsh_order_operate.html?command=get_materiel&rest_code=00151&code=00101012039&supplier_code=00100096&order_time=2023-04-16 HTTP/1.1" 200 408
116.227.208.255 - - [16/Apr/2023:09:16:25 +0800] "GET /xingrg/all/function/internal_message.html?_=1681607856698&CODE_STATE=getMsg HTTP/1.1" 200 27
120.253.135.82 - - [16/Apr/2023:09:16:27 +0800] "POST /xingrg/kc/pszx/mdps_list_operate.html HTTP/1.1" 200 3189
180.171.122.0 - - [16/Apr/2023:09:16:29 +0800] "GET /xingrg/kc/buy/cgsh_order_operate.html?command=get_materiel&rest_code=00111&code=00101008353&supplier_code=00100005&order_time=2023-04-16 HTTP/1.1" 200 429
116.238.139.35 - - [16/Apr/2023:09:16:30 +0800] "GET /xingrg/kc/buy/cgsh_order_operate.html?command=get_materiel&rest_code=00151&code=00101016038&supplier_code=00100096&order_time=2023-04-16 HTTP/1.1" 200 408
120.253.135.82 - - [16/Apr/2023:09:16:30 +0800] "POST /xingrg/kc/pszx/mdps_list_operate.html HTTP/1.1" 200 205
116.192.124.172 - - [16/Apr/2023:09:16:31 +0800] "GET /xingrg/all/function/internal_message.html?_=1681607791236&CODE_STATE=getMsg HTTP/1.1" 200 27
120.253.135.82 - - [16/Apr/2023:09:16:32 +0800] "GET /xingrg/kc/pszx/mdps_order_info.html?code=312023041100223 HTTP/1.1" 200 23984
120.253.135.82 - - [16/Apr/2023:09:16:32 +0800] "GET /xingrg/javascript/easyui/themes/default/validatebox.css HTTP/1.1" 404 1104
120.253.135.82 - - [16/Apr/2023:09:16:33 +0800] "POST /xingrg/kc/pszx/mdps_order_operate.html HTTP/1.1" 200 2281
116.238.139.35 - - [16/Apr/2023:09:16:36 +0800] "GET /xingrg/kc/buy/cgsh_order_operate.html?command=get_materiel&rest_code=00151&code=00101016051&supplier_code=00100096&order_time=2023-04-16 HTTP/1.1" 200 408
180.164.3.199 - - [16/Apr/2023:09:16:36 +0800] "GET /xingrg/all/function/internal_message.html?_=1681607796213&CODE_STATE=getMsg HTTP/1.1" 200 27
180.171.122.0 - - [16/Apr/2023:09:16:39 +0800] "GET /xingrg/kc/buy/cgsh_order_operate.html?command=get_materiel&rest_code=00111&code=00101008131&supplier_code=00100005&order_time=2023-04-16 HTTP/1.1" 200 428
222.70.244.216 - - [16/Apr/2023:09:16:39 +0800] "GET /xingrg/check_reg.html?_=1681607821032 HTTP/1.1" 200 22
222.70.244.216 - - [16/Apr/2023:09:16:40 +0800] "GET /xingrg/all/function/internal_message.html?_=1681607821871&CODE_STATE=getMsg HTTP/1.1" 200 27
116.238.139.35 - - [16/Apr/2023:09:16:42 +0800] "GET /xingrg/kc/buy/cgsh_order_operate.html?command=get_materiel&rest_code=00151&code=00101012044&supplier_code=00100096&order_time=2023-04-16 HTTP/1.1" 200 408
120.253.135.82 - - [16/Apr/2023:09:16:43 +0800] "GET /xingrg/all/function/internal_message.html?_=1681607640550&CODE_STATE=getMsg HTTP/1.1" 200 27
116.224.158.100 - - [16/Apr/2023:09:16:44 +0800] "GET /xingrg/all/function/internal_message.html?_=1681607806202&CODE_STATE=getMsg HTTP/1.1" 200 27
114.83.222.182 - - [16/Apr/2023:09:16:46 +0800] "GET /xingrg/all/function/internal_message.html?_=1681607894151&CODE_STATE=getMsg HTTP/1.1" 200 27
116.224.158.100 - - [16/Apr/2023:09:16:49 +0800] "GET /xingrg/all/function/internal_message.html?_=1681607651220&CODE_STATE=getMsg HTTP/1.1" 200 27
116.238.139.35 - - [16/Apr/2023:09:16:49 +0800] "GET /xingrg/kc/buy/cgsh_order_operate.html?command=get_materiel&rest_code=00151&code=00101012059&supplier_code=00100096&order_time=2023-04-16 HTTP/1.1" 200 412
116.224.106.218 - - [16/Apr/2023:09:16:51 +0800] "GET /xingrg/all/function/internal_message.html?_=1681607810641&CODE_STATE=getMsg HTTP/1.1" 200 27
116.192.124.172 - - [16/Apr/2023:09:16:53 +0800] "GET /xingrg/kc/buy/cgsh_order_operate.html?command=get_materiel&rest_code=00102&code=00101006109&supplier_code=00100096&order_time=2023-04-16 HTTP/1.1" 200 411
222.64.2.88 - - [16/Apr/2023:09:16:54 +0800] "GET /xingrg/all/function/internal_message.html?_=1681607813638&CODE_STATE=getMsg HTTP/1.1" 200 27
222.69.130.254 - - [16/Apr/2023:09:16:55 +0800] "GET /xingrg/all/function/internal_message.html?_=1681607815092&CODE_STATE=getMsg HTTP/1.1" 200 27
116.238.139.35 - - [16/Apr/2023:09:16:55 +0800] "GET /xingrg/kc/buy/cgsh_order_operate.html?command=get_materiel&rest_code=00151&code=00101012051&supplier_code=00100096&order_time=2023-04-16 HTTP/1.1" 200 408
180.171.122.0 - - [16/Apr/2023:09:16:55 +0800] "GET /xingrg/kc/buy/cgsh_order_operate.html?command=get_materiel&rest_code=00111&code=00101008286&supplier_code=00100005&order_time=2023-04-16 HTTP/1.1" 200 408
101.229.22.234 - - [16/Apr/2023:09:17:01 +0800] "GET /xingrg/all/function/internal_message.html?_=1681607821312&CODE_STATE=getMsg HTTP/1.1" 200 27
116.192.124.172 - - [16/Apr/2023:09:17:03 +0800] "GET /xingrg/kc/buy/cgsh_order_operate.html?command=get_materiel&rest_code=00102&code=00101006112&supplier_code=00100096&order_time=2023-04-16 HTTP/1.1" 200 411
116.238.139.35 - - [16/Apr/2023:09:17:03 +0800] "GET /xingrg/kc/buy/cgsh_order_operate.html?command=get_materiel&rest_code=00151&code=00101007061&supplier_code=00100096&order_time=2023-04-16 HTTP/1.1" 200 411
180.171.122.0 - - [16/Apr/2023:09:17:03 +0800] "GET /xingrg/kc/buy/cgsh_order_operate.html?command=get_materiel&rest_code=00111&code=00101008069&supplier_code=00100005&order_time=2023-04-16 HTTP/1.1" 200 412
180.171.122.0 - - [16/Apr/2023:09:17:11 +0800] "GET /xingrg/kc/buy/cgsh_order_operate.html?command=get_materiel&rest_code=00111&code=00101008361&supplier_code=00100005&order_time=2023-04-16 HTTP/1.1" 200 408
116.238.139.35 - - [16/Apr/2023:09:17:13 +0800] "GET /xingrg/all/function/internal_message.html?_=1681607833482&CODE_STATE=getMsg HTTP/1.1" 200 27
116.238.139.35 - - [16/Apr/2023:09:17:13 +0800] "GET /xingrg/kc/buy/cgsh_order_operate.html?command=get_materiel&rest_code=00151&code=00101006279&supplier_code=00100096&order_time=2023-04-16 HTTP/1.1" 200 411
180.164.3.199 - - [16/Apr/2023:09:17:14 +0800] "GET /xingrg/kc/base/yddb_order_list.html HTTP/1.1" 200 16714
180.164.3.199 - - [16/Apr/2023:09:17:14 +0800] "POST /xingrg/kc/base/yddb_list_operate.html HTTP/1.1" 200 1342
116.192.124.172 - - [16/Apr/2023:09:17:15 +0800] "GET /xingrg/kc/buy/cgsh_order_operate.html?command=get_materiel&rest_code=00102&code=00101006144&supplier_code=00100096&order_time=2023-04-16 HTTP/1.1" 200 410
180.171.122.0 - - [16/Apr/2023:09:17:15 +0800] "GET /xingrg/all/function/internal_message.html?_=1681607834933&CODE_STATE=getMsg HTTP/1.1" 200 27
222.70.244.216 - - [16/Apr/2023:09:17:17 +0800] "GET /xingrg/all/function/internal_message.html?_=1681607863628&CODE_STATE=getMsg HTTP/1.1" 200 27
180.171.122.0 - - [16/Apr/2023:09:17:19 +0800] "GET /xingrg/kc/buy/cgsh_order_operate.html?command=get_materiel&rest_code=00111&code=00101008190&supplier_code=00100005&order_time=2023-04-16 HTTP/1.1" 200 412
180.164.3.199 - - [16/Apr/2023:09:17:19 +0800] "GET /xingrg/kc/buy/cgsh_order_list.html HTTP/1.1" 200 54681
116.238.139.35 - - [16/Apr/2023:09:17:20 +0800] "GET /xingrg/kc/buy/cgsh_order_operate.html?command=get_materiel&rest_code=00151&code=00101006013&supplier_code=00100096&order_time=2023-04-16 HTTP/1.1" 200 411
116.227.208.255 - - [16/Apr/2023:09:17:25 +0800] "GET /xingrg/all/function/internal_message.html?_=1681607916674&CODE_STATE=getMsg HTTP/1.1" 200 27
180.171.122.0 - - [16/Apr/2023:09:17:27 +0800] "GET /xingrg/kc/buy/cgsh_order_operate.html?command=get_materiel&rest_code=00111&code=00101008355&supplier_code=00100005&order_time=2023-04-16 HTTP/1.1" 200 408
116.192.124.172 - - [16/Apr/2023:09:17:31 +0800] "GET /xingrg/all/function/internal_message.html?_=1681607851238&CODE_STATE=getMsg HTTP/1.1" 200 27
180.171.122.0 - - [16/Apr/2023:09:17:31 +0800] "POST /xingrg/kc/buy/cgsh_order_operate.html HTTP/1.1" 200 2065
222.70.244.216 - - [16/Apr/2023:09:17:32 +0800] "GET /xingrg/kc/buy/cgsh_order_operate.html?command=get_materiel&rest_code=00146&code=00101015061&supplier_code=00100005&order_time=2023-04-16 HTTP/1.1" 200 412
180.164.3.199 - - [16/Apr/2023:09:17:36 +0800] "GET /xingrg/all/function/internal_message.html?_=1681607856220&CODE_STATE=getMsg HTTP/1.1" 200 27
180.171.122.0 - - [16/Apr/2023:09:17:36 +0800] "GET /xingrg/kc/buy/cgsh_order_operate.html?command=get_materiel&rest_code=00111&code=00101008185&supplier_code=00100005&order_time=2023-04-16 HTTP/1.1" 200 408
222.70.244.216 - - [16/Apr/2023:09:17:40 +0800] "GET /xingrg/all/function/internal_message.html?_=1681607881880&CODE_STATE=getMsg HTTP/1.1" 200 27
120.253.135.82 - - [16/Apr/2023:09:17:40 +0800] "POST /xingrg/kc/pszx/mdps_order_operate.html HTTP/1.1" 200 37
120.253.135.82 - - [16/Apr/2023:09:17:41 +0800] "GET /xingrg/kc/pszx/mdps_order_info.html?code=312023041100223 HTTP/1.1" 200 23984
120.253.135.82 - - [16/Apr/2023:09:17:42 +0800] "GET /xingrg/javascript/easyui/themes/default/validatebox.css HTTP/1.1" 404 1104
120.253.135.82 - - [16/Apr/2023:09:17:42 +0800] "POST /xingrg/kc/pszx/mdps_order_operate.html HTTP/1.1" 200 2281
120.253.135.82 - - [16/Apr/2023:09:17:43 +0800] "GET /xingrg/all/function/internal_message.html?_=1681607700564&CODE_STATE=getMsg HTTP/1.1" 200 27
120.253.135.82 - - [16/Apr/2023:09:17:44 +0800] "POST /xingrg/kc/pszx/mdps_list_operate.html HTTP/1.1" 200 3189
116.224.158.100 - - [16/Apr/2023:09:17:44 +0800] "GET /xingrg/all/function/internal_message.html?_=1681607866182&CODE_STATE=getMsg HTTP/1.1" 200 27
114.83.222.182 - - [16/Apr/2023:09:17:46 +0800] "GET /xingrg/check_reg.html?_=1681607954151 HTTP/1.1" 200 22
114.83.222.182 - - [16/Apr/2023:09:17:46 +0800] "GET /xingrg/all/function/internal_message.html?_=1681607954152&CODE_STATE=getMsg HTTP/1.1" 200 27
180.171.122.0 - - [16/Apr/2023:09:17:46 +0800] "GET /xingrg/kc/buy/cgsh_order_operate.html?command=get_materiel&rest_code=00111&code=00101008264&supplier_code=00100005&order_time=2023-04-16 HTTP/1.1" 200 412
116.192.124.172 - - [16/Apr/2023:09:17:47 +0800] "GET /xingrg/kc/buy/cgsh_order_operate.html?command=get_materiel&rest_code=00102&code=00101007033&supplier_code=00100096&order_time=2023-04-16 HTTP/1.1" 200 417
120.253.135.82 - - [16/Apr/2023:09:17:48 +0800] "POST /xingrg/kc/pszx/mdps_list_operate.html HTTP/1.1" 200 3189
120.253.135.82 - - [16/Apr/2023:09:17:48 +0800] "GET /xingrg/kc/buy/cgsh_order_list.html HTTP/1.1" 200 54671
116.224.158.100 - - [16/Apr/2023:09:17:49 +0800] "GET /xingrg/all/function/internal_message.html?_=1681607711229&CODE_STATE=getMsg HTTP/1.1" 200 27
120.253.135.82 - - [16/Apr/2023:09:17:50 +0800] "POST /xingrg/kc/buy/cgsh_list_operate.html HTTP/1.1" 200 986
116.224.106.218 - - [16/Apr/2023:09:17:51 +0800] "GET /xingrg/all/function/internal_message.html?_=1681607870627&CODE_STATE=getMsg HTTP/1.1" 200 27
120.253.135.82 - - [16/Apr/2023:09:17:52 +0800] "GET /xingrg/kc/buy/cgsh_order_add.html HTTP/1.1" 200 69516
120.253.135.82 - - [16/Apr/2023:09:17:53 +0800] "POST /xingrg/kc/buy/cgsh_order_operate.html HTTP/1.1" 200 8245
120.253.135.82 - - [16/Apr/2023:09:17:53 +0800] "GET /xingrg/javascript/easyui/themes/default/validatebox.css HTTP/1.1" 404 1104
222.64.2.88 - - [16/Apr/2023:09:17:54 +0800] "GET /xingrg/all/function/internal_message.html?_=1681607873636&CODE_STATE=getMsg HTTP/1.1" 200 27
180.164.3.199 - - [16/Apr/2023:09:17:54 +0800] "POST /xingrg/kc/buy/cgsh_list_operate.html HTTP/1.1" 200 6070
222.69.130.254 - - [16/Apr/2023:09:17:55 +0800] "GET /xingrg/all/function/internal_message.html?_=1681607875091&CODE_STATE=getMsg HTTP/1.1" 200 27
222.70.244.216 - - [16/Apr/2023:09:17:58 +0800] "POST /xingrg/kc/buy/cgsh_order_operate.html HTTP/1.1" 200 37
120.253.135.82 - - [16/Apr/2023:09:18:00 +0800] "POST /xingrg/all/common/load_combo.html?type=employee HTTP/1.1" 200 1664
101.229.22.234 - - [16/Apr/2023:09:18:01 +0800] "GET /xingrg/all/function/internal_message.html?_=1681607881314&CODE_STATE=getMsg HTTP/1.1" 200 27
116.238.139.35 - - [16/Apr/2023:09:18:02 +0800] "POST /xingrg/kc/buy/cgsh_order_operate.html HTTP/1.1" 200 37
116.192.124.172 - - [16/Apr/2023:09:18:03 +0800] "GET /xingrg/kc/buy/cgsh_order_operate.html?command=get_materiel&rest_code=00102&code=00101007049&supplier_code=00100096&order_time=2023-04-16 HTTP/1.1" 200 409
180.171.122.0 - - [16/Apr/2023:09:18:03 +0800] "GET /xingrg/kc/buy/cgsh_order_operate.html?command=get_materiel&rest_code=00111&code=00101008270&supplier_code=00100005&order_time=2023-04-16 HTTP/1.1" 200 412
116.238.139.35 - - [16/Apr/2023:09:18:03 +0800] "POST /xingrg/kc/buy/cgsh_order_operate.html HTTP/1.1" 200 9260
120.253.135.82 - - [16/Apr/2023:09:18:10 +0800] "GET /xingrg/kc/buy/cgsh_order_operate.html?command=get_materiel&rest_code=00101&code=00101006002&supplier_code=00100139&order_time=2023-04-16 HTTP/1.1" 200 439
180.171.122.0 - - [16/Apr/2023:09:18:12 +0800] "GET /xingrg/kc/buy/cgsh_order_operate.html?command=get_materiel&rest_code=00111&code=00101008439&supplier_code=00100005&order_time=2023-04-16 HTTP/1.1" 200 413
116.238.139.35 - - [16/Apr/2023:09:18:13 +0800] "GET /xingrg/all/function/internal_message.html?_=1681607893471&CODE_STATE=getMsg HTTP/1.1" 200 27
180.171.122.0 - - [16/Apr/2023:09:18:15 +0800] "GET /xingrg/check_reg.html?_=1681607894933 HTTP/1.1" 200 22
180.171.122.0 - - [16/Apr/2023:09:18:15 +0800] "GET /xingrg/all/function/internal_message.html?_=1681607894935&CODE_STATE=getMsg HTTP/1.1" 200 27
180.171.122.0 - - [16/Apr/2023:09:18:21 +0800] "GET /xingrg/kc/buy/cgsh_order_operate.html?command=get_materiel&rest_code=00111&code=00101008318&supplier_code=00100005&order_time=2023-04-16 HTTP/1.1" 200 408
222.69.130.254 - - [16/Apr/2023:09:18:22 +0800] "GET /xingrg/kc/buy/cgsh_order_operate.html?command=get_materiel&rest_code=00149&code=00101008036&supplier_code=00100008&order_time=2023-04-16 HTTP/1.1" 200 408
116.227.208.255 - - [16/Apr/2023:09:18:22 +0800] "GET /xingrg/check_reg.html?_=1681607974101 HTTP/1.1" 200 22
116.192.124.172 - - [16/Apr/2023:09:18:23 +0800] "GET /xingrg/kc/buy/cgsh_order_operate.html?command=get_materiel&rest_code=00102&code=00101007060&supplier_code=00100096&order_time=2023-04-16 HTTP/1.1" 200 409
180.171.122.0 - - [16/Apr/2023:09:18:23 +0800] "POST /xingrg/kc/buy/cgsh_order_operate.html HTTP/1.1" 200 2065
116.227.208.255 - - [16/Apr/2023:09:18:25 +0800] "GET /xingrg/all/function/internal_message.html?_=1681607976659&CODE_STATE=getMsg HTTP/1.1" 200 27
116.192.124.172 - - [16/Apr/2023:09:18:31 +0800] "GET /xingrg/all/function/internal_message.html?_=1681607911271&CODE_STATE=getMsg HTTP/1.1" 200 27
120.253.135.82 - - [16/Apr/2023:09:18:32 +0800] "POST /xingrg/kc/buy/cgsh_order_operate.html HTTP/1.1" 200 37
180.171.122.0 - - [16/Apr/2023:09:18:33 +0800] "GET /xingrg/kc/buy/cgsh_order_operate.html?command=get_materiel&rest_code=00111&code=00101008027&supplier_code=00100005&order_time=2023-04-16 HTTP/1.1" 200 429
116.192.124.172 - - [16/Apr/2023:09:18:34 +0800] "GET /xingrg/kc/buy/cgsh_order_operate.html?command=get_materiel&rest_code=00102&code=00101006062&supplier_code=00100096&order_time=2023-04-16 HTTP/1.1" 200 409
222.69.130.254 - - [16/Apr/2023:09:18:34 +0800] "GET /xingrg/kc/buy/cgsh_order_operate.html?command=get_materiel&rest_code=00149&code=00101008131&supplier_code=00100008&order_time=2023-04-16 HTTP/1.1" 200 429
120.253.135.82 - - [16/Apr/2023:09:18:34 +0800] "POST /xingrg/kc/buy/cgsh_order_operate.html HTTP/1.1" 200 2671
180.164.3.199 - - [16/Apr/2023:09:18:36 +0800] "GET /xingrg/all/function/internal_message.html?_=1681607916199&CODE_STATE=getMsg HTTP/1.1" 200 27
180.169.147.146 - - [16/Apr/2023:09:18:39 +0800] "GET /favicon.ico HTTP/1.1" 404 -
222.70.244.216 - - [16/Apr/2023:09:18:40 +0800] "GET /xingrg/all/function/internal_message.html?_=1681607941895&CODE_STATE=getMsg HTTP/1.1" 200 27
120.253.135.82 - - [16/Apr/2023:09:18:43 +0800] "GET /xingrg/all/function/internal_message.html?_=1681607760577&CODE_STATE=getMsg HTTP/1.1" 200 27
116.224.158.100 - - [16/Apr/2023:09:18:44 +0800] "GET /xingrg/all/function/internal_message.html?_=1681607926147&CODE_STATE=getMsg HTTP/1.1" 200 27
116.192.124.172 - - [16/Apr/2023:09:18:44 +0800] "GET /xingrg/kc/buy/cgsh_order_operate.html?command=get_materiel&rest_code=00102&code=00101007077&supplier_code=00100096&order_time=2023-04-16 HTTP/1.1" 200 415
222.69.130.254 - - [16/Apr/2023:09:18:46 +0800] "GET /xingrg/kc/buy/cgsh_order_operate.html?command=get_materiel&rest_code=00149&code=00101008296&supplier_code=00100008&order_time=2023-04-16 HTTP/1.1" 200 436
114.83.222.182 - - [16/Apr/2023:09:18:46 +0800] "GET /xingrg/all/function/internal_message.html?_=1681608014145&CODE_STATE=getMsg HTTP/1.1" 200 27
180.171.122.0 - - [16/Apr/2023:09:18:46 +0800] "GET /xingrg/kc/buy/cgsh_order_operate.html?command=get_materiel&rest_code=00111&code=00101008037&supplier_code=00100005&order_time=2023-04-16 HTTP/1.1" 200 435
116.224.158.100 - - [16/Apr/2023:09:18:49 +0800] "GET /xingrg/all/function/internal_message.html?_=1681607771229&CODE_STATE=getMsg HTTP/1.1" 200 27
116.224.106.218 - - [16/Apr/2023:09:18:51 +0800] "GET /xingrg/all/function/internal_message.html?_=1681607930612&CODE_STATE=getMsg HTTP/1.1" 200 27
180.169.147.146 - - [16/Apr/2023:09:18:51 +0800] "GET /xingrg/check_reg.html?_=1681607934103 HTTP/1.1" 302 -
222.64.2.88 - - [16/Apr/2023:09:18:54 +0800] "GET /xingrg/all/function/internal_message.html?_=1681607933641&CODE_STATE=getMsg HTTP/1.1" 200 27
222.64.2.88 - - [16/Apr/2023:09:18:54 +0800] "GET /xingrg/check_reg.html?_=1681607933648 HTTP/1.1" 200 22
222.69.130.254 - - [16/Apr/2023:09:18:55 +0800] "GET /xingrg/all/function/internal_message.html?_=1681607935128&CODE_STATE=getMsg HTTP/1.1" 200 27
101.229.22.234 - - [16/Apr/2023:09:19:01 +0800] "GET /xingrg/all/function/internal_message.html?_=1681607941313&CODE_STATE=getMsg HTTP/1.1" 200 27
116.192.124.172 - - [16/Apr/2023:09:19:01 +0800] "POST /xingrg/kc/buy/cgsh_order_operate.html HTTP/1.1" 200 37
180.171.122.0 - - [16/Apr/2023:09:19:02 +0800] "GET /xingrg/kc/buy/cgsh_order_operate.html?command=get_materiel&rest_code=00111&code=00101008244&supplier_code=00100005&order_time=2023-04-16 HTTP/1.1" 200 408
180.164.3.199 - - [16/Apr/2023:09:19:02 +0800] "POST /xingrg/kc/buy/cgsh_list_operate.html HTTP/1.1" 200 4
222.69.130.254 - - [16/Apr/2023:09:19:03 +0800] "GET /xingrg/kc/buy/cgsh_order_operate.html?command=get_materiel&rest_code=00149&code=00101008318&supplier_code=00100008&order_time=2023-04-16 HTTP/1.1" 200 408
120.253.135.82 - - [16/Apr/2023:09:19:04 +0800] "POST /xingrg/kc/buy/cgsh_order_operate.html HTTP/1.1" 200 37
120.253.135.82 - - [16/Apr/2023:09:19:06 +0800] "POST /xingrg/kc/buy/cgsh_order_operate.html HTTP/1.1" 200 2671
222.69.130.254 - - [16/Apr/2023:09:19:07 +0800] "POST /xingrg/kc/buy/cgsh_order_operate.html HTTP/1.1" 200 2065
120.253.135.82 - - [16/Apr/2023:09:19:08 +0800] "GET /xingrg/kc/print/load_config.html?kc_code=cgsh HTTP/1.1" 200 1925
120.253.135.82 - - [16/Apr/2023:09:19:09 +0800] "GET /xingrg/kc/print/load_data.html?order_code=212023041605244&kc_code=cgsh&condition= HTTP/1.1" 200 735
180.171.122.0 - - [16/Apr/2023:09:19:11 +0800] "GET /xingrg/kc/buy/cgsh_order_operate.html?command=get_materiel&rest_code=00111&code=00101008354&supplier_code=00100005&order_time=2023-04-16 HTTP/1.1" 200 431
116.192.124.172 - - [16/Apr/2023:09:19:11 +0800] "POST /xingrg/kc/buy/cgsh_order_operate.html HTTP/1.1" 200 12
116.238.139.35 - - [16/Apr/2023:09:19:13 +0800] "GET /xingrg/check_reg.html?_=1681607953479 HTTP/1.1" 200 22
116.238.139.35 - - [16/Apr/2023:09:19:13 +0800] "GET /xingrg/all/function/internal_message.html?_=1681607953482&CODE_STATE=getMsg HTTP/1.1" 200 27
222.69.130.254 - - [16/Apr/2023:09:19:13 +0800] "GET /xingrg/kc/buy/cgsh_order_operate.html?command=get_materiel&rest_code=00149&code=00101008352&supplier_code=00100008&order_time=2023-04-16 HTTP/1.1" 200 412
116.192.124.172 - - [16/Apr/2023:09:19:14 +0800] "GET /xingrg/kc/buy/cgsh_order_info.html?code=212023041605245 HTTP/1.1" 200 65378
116.192.124.172 - - [16/Apr/2023:09:19:14 +0800] "GET /xingrg/javascript/easyui/themes/default/validatebox.css HTTP/1.1" 404 1104
116.192.124.172 - - [16/Apr/2023:09:19:15 +0800] "POST /xingrg/kc/buy/cgsh_order_operate.html HTTP/1.1" 200 7106
180.171.122.0 - - [16/Apr/2023:09:19:15 +0800] "GET /xingrg/all/function/internal_message.html?_=1681607954942&CODE_STATE=getMsg HTTP/1.1" 200 27
116.192.124.172 - - [16/Apr/2023:09:19:16 +0800] "GET /xingrg/kc/print/load_config.html?kc_code=cgsh HTTP/1.1" 200 1925
116.192.124.172 - - [16/Apr/2023:09:19:17 +0800] "GET /xingrg/kc/print/load_data.html?order_code=212023041605245&kc_code=cgsh&condition= HTTP/1.1" 200 3125
180.171.122.0 - - [16/Apr/2023:09:19:19 +0800] "GET /xingrg/kc/buy/cgsh_order_operate.html?command=get_materiel&rest_code=00111&code=00101008096&supplier_code=00100005&order_time=2023-04-16 HTTP/1.1" 200 412
180.171.122.0 - - [16/Apr/2023:09:19:23 +0800] "POST /xingrg/kc/buy/cgsh_order_operate.html HTTP/1.1" 200 2065
116.192.124.172 - - [16/Apr/2023:09:19:23 +0800] "GET /xingrg/kc/buy/cgsh_order_add.html HTTP/1.1" 200 70488
116.192.124.172 - - [16/Apr/2023:09:19:23 +0800] "POST /xingrg/kc/buy/cgsh_order_operate.html HTTP/1.1" 200 8245
116.192.124.172 - - [16/Apr/2023:09:19:24 +0800] "GET /xingrg/javascript/easyui/themes/default/validatebox.css HTTP/1.1" 404 1104
116.227.208.255 - - [16/Apr/2023:09:19:25 +0800] "GET /xingrg/all/function/internal_message.html?_=1681608036632&CODE_STATE=getMsg HTTP/1.1" 200 27
180.171.122.0 - - [16/Apr/2023:09:19:28 +0800] "GET /xingrg/kc/buy/cgsh_order_operate.html?command=get_materiel&rest_code=00111&code=00101008283&supplier_code=00100005&order_time=2023-04-16 HTTP/1.1" 200 428
222.69.130.254 - - [16/Apr/2023:09:19:29 +0800] "GET /xingrg/kc/buy/cgsh_order_operate.html?command=get_materiel&rest_code=00149&code=00101008005&supplier_code=00100008&order_time=2023-04-16 HTTP/1.1" 200 412
116.192.124.172 - - [16/Apr/2023:09:19:31 +0800] "GET /xingrg/check_reg.html?_=1681607971251 HTTP/1.1" 200 22
116.192.124.172 - - [16/Apr/2023:09:19:31 +0800] "GET /xingrg/all/function/internal_message.html?_=1681607971254&CODE_STATE=getMsg HTTP/1.1" 200 27
180.164.3.199 - - [16/Apr/2023:09:19:31 +0800] "POST /xingrg/kc/buy/cgsh_list_operate.html HTTP/1.1" 200 6041
222.70.244.216 - - [16/Apr/2023:09:19:34 +0800] "POST /xingrg/kc/buy/cgsh_order_operate.html HTTP/1.1" 200 37547
116.192.124.172 - - [16/Apr/2023:09:19:35 +0800] "GET /xingrg/javascript/easyui/themes/default/tree.css HTTP/1.1" 404 1090
116.192.124.172 - - [16/Apr/2023:09:19:35 +0800] "POST /xingrg/all/common/load_tree.html?tree=supplier_tree_json&isDelete=1 HTTP/1.1" 200 72081
120.253.135.82 - - [16/Apr/2023:09:19:36 +0800] "GET /xingrg/check_reg.html?_=1681607813370 HTTP/1.1" 200 22
180.164.3.199 - - [16/Apr/2023:09:19:36 +0800] "GET /xingrg/all/function/internal_message.html?_=1681607976214&CODE_STATE=getMsg HTTP/1.1" 200 27
180.164.3.199 - - [16/Apr/2023:09:19:36 +0800] "GET /xingrg/check_reg.html?_=1681607976216 HTTP/1.1" 200 22
180.171.122.0 - - [16/Apr/2023:09:19:37 +0800] "GET /xingrg/kc/buy/cgsh_order_operate.html?command=get_materiel&rest_code=00111&code=00101019254&supplier_code=00100005&order_time=2023-04-16 HTTP/1.1" 200 447
222.70.244.216 - - [16/Apr/2023:09:19:40 +0800] "GET /xingrg/all/function/internal_message.html?_=1681608001918&CODE_STATE=getMsg HTTP/1.1" 200 27
180.171.122.0 - - [16/Apr/2023:09:19:40 +0800] "POST /xingrg/all/common/load_select.html HTTP/1.1" 200 25
222.69.130.254 - - [16/Apr/2023:09:19:41 +0800] "GET /xingrg/kc/buy/cgsh_order_operate.html?command=get_materiel&rest_code=00149&code=00101008041&supplier_code=00100008&order_time=2023-04-16 HTTP/1.1" 200 408
120.253.135.82 - - [16/Apr/2023:09:19:43 +0800] "GET /xingrg/all/function/internal_message.html?_=1681607820592&CODE_STATE=getMsg HTTP/1.1" 200 27
116.224.158.100 - - [16/Apr/2023:09:19:44 +0800] "GET /xingrg/all/function/internal_message.html?_=1681607986286&CODE_STATE=getMsg HTTP/1.1" 200 27
180.171.122.0 - - [16/Apr/2023:09:19:45 +0800] "GET /xingrg/kc/buy/cgsh_order_operate.html?command=get_materiel_price&rest_code=00111&code=00101019254&unit_code=00100040&supplier_code=00100005&order_time=2023-04-16 HTTP/1.1" 200 27
114.83.222.182 - - [16/Apr/2023:09:19:46 +0800] "GET /xingrg/all/function/internal_message.html?_=1681608074142&CODE_STATE=getMsg HTTP/1.1" 200 27
116.224.158.100 - - [16/Apr/2023:09:19:49 +0800] "GET /xingrg/check_reg.html?_=1681607831230 HTTP/1.1" 200 22
116.224.158.100 - - [16/Apr/2023:09:19:49 +0800] "GET /xingrg/all/function/internal_message.html?_=1681607831233&CODE_STATE=getMsg HTTP/1.1" 200 27
116.192.124.172 - - [16/Apr/2023:09:19:50 +0800] "GET /xingrg/kc/buy/cgsh_order_operate.html?command=get_materiel&rest_code=00102&code=00101002027&supplier_code=00100400&order_time=2023-04-16 HTTP/1.1" 200 413
116.224.106.218 - - [16/Apr/2023:09:19:50 +0800] "GET /xingrg/all/function/internal_message.html?_=1681607990596&CODE_STATE=getMsg HTTP/1.1" 200 27
116.224.106.218 - - [16/Apr/2023:09:19:52 +0800] "GET /xingrg/check_reg.html?_=1681607992518 HTTP/1.1" 200 22
222.70.244.216 - - [16/Apr/2023:09:19:54 +0800] "GET /xingrg/kc/buy/cgsh_order_operate.html?command=get_materiel&rest_code=00146&code=00101015107&supplier_code=00100005&order_time=2023-04-16 HTTP/1.1" 200 411
222.64.2.88 - - [16/Apr/2023:09:19:54 +0800] "GET /xingrg/all/function/internal_message.html?_=1681607993640&CODE_STATE=getMsg HTTP/1.1" 200 27
222.69.130.254 - - [16/Apr/2023:09:19:55 +0800] "GET /xingrg/all/function/internal_message.html?_=1681607995117&CODE_STATE=getMsg HTTP/1.1" 200 27
222.69.130.254 - - [16/Apr/2023:09:19:55 +0800] "GET /xingrg/kc/buy/cgsh_order_operate.html?command=get_materiel&rest_code=00149&code=00101015026&supplier_code=00100008&order_time=2023-04-16 HTTP/1.1" 200 412
116.192.124.172 - - [16/Apr/2023:09:19:59 +0800] "GET /xingrg/kc/buy/cgsh_order_operate.html?command=get_materiel&rest_code=00102&code=00101002022&supplier_code=00100400&order_time=2023-04-16 HTTP/1.1" 200 410
101.229.22.234 - - [16/Apr/2023:09:20:01 +0800] "GET /xingrg/all/function/internal_message.html?_=1681608001313&CODE_STATE=getMsg HTTP/1.1" 200 27
180.171.122.0 - - [16/Apr/2023:09:20:04 +0800] "GET /xingrg/kc/buy/cgsh_order_operate.html?command=get_materiel&rest_code=00111&code=00101008372&supplier_code=00100005&order_time=2023-04-16 HTTP/1.1" 200 408
116.192.124.172 - - [16/Apr/2023:09:20:09 +0800] "GET /xingrg/kc/buy/cgsh_order_operate.html?command=get_materiel&rest_code=00102&code=00101001069&supplier_code=00100400&order_time=2023-04-16 HTTP/1.1" 200 409
222.70.244.216 - - [16/Apr/2023:09:20:10 +0800] "GET /xingrg/kc/buy/cgsh_order_operate.html?command=get_materiel&rest_code=00146&code=00101015022&supplier_code=00100005&order_time=2023-04-16 HTTP/1.1" 200 408
222.69.130.254 - - [16/Apr/2023:09:20:13 +0800] "GET /xingrg/kc/buy/cgsh_order_operate.html?command=get_materiel&rest_code=00149&code=00101015001&supplier_code=00100008&order_time=2023-04-16 HTTP/1.1" 200 412
116.238.139.35 - - [16/Apr/2023:09:20:13 +0800] "GET /xingrg/all/function/internal_message.html?_=1681608013478&CODE_STATE=getMsg HTTP/1.1" 200 27
180.171.122.0 - - [16/Apr/2023:09:20:15 +0800] "GET /xingrg/kc/buy/cgsh_order_operate.html?command=get_materiel&rest_code=00111&code=00101008077&supplier_code=00100005&order_time=2023-04-16 HTTP/1.1" 200 416
180.171.122.0 - - [16/Apr/2023:09:20:15 +0800] "GET /xingrg/all/function/internal_message.html?_=1681608014931&CODE_STATE=getMsg HTTP/1.1" 200 27
120.253.135.82 - - [16/Apr/2023:09:20:16 +0800] "POST /xingrg/kc/buy/cgsh_order_operate.html HTTP/1.1" 200 37
222.69.130.254 - - [16/Apr/2023:09:20:16 +0800] "POST /xingrg/kc/buy/cgsh_order_operate.html HTTP/1.1" 200 2065
222.70.244.216 - - [16/Apr/2023:09:20:17 +0800] "GET /xingrg/check_reg.html?_=1681608043669 HTTP/1.1" 200 22
222.70.244.216 - - [16/Apr/2023:09:20:17 +0800] "GET /xingrg/all/function/internal_message.html?_=1681608043670&CODE_STATE=getMsg HTTP/1.1" 200 27
180.171.122.0 - - [16/Apr/2023:09:20:18 +0800] "POST /xingrg/kc/buy/cgsh_order_operate.html HTTP/1.1" 200 2065
116.192.124.172 - - [16/Apr/2023:09:20:19 +0800] "GET /xingrg/kc/buy/cgsh_order_operate.html?command=get_materiel&rest_code=00102&code=00101005037&supplier_code=00100400&order_time=2023-04-16 HTTP/1.1" 200 429
116.227.208.255 - - [16/Apr/2023:09:20:25 +0800] "GET /xingrg/all/function/internal_message.html?_=1681608096613&CODE_STATE=getMsg HTTP/1.1" 200 27
116.224.158.100 - - [16/Apr/2023:09:20:30 +0800] "POST /xingrg/kc/buy/cgsh_order_operate.html HTTP/1.1" 200 37
116.192.124.172 - - [16/Apr/2023:09:20:31 +0800] "GET /xingrg/all/function/internal_message.html?_=1681608031242&CODE_STATE=getMsg HTTP/1.1" 200 27
180.171.122.0 - - [16/Apr/2023:09:20:32 +0800] "GET /xingrg/kc/buy/cgsh_order_operate.html?command=get_materiel&rest_code=00111&code=00101008357&supplier_code=00100005&order_time=2023-04-16 HTTP/1.1" 200 428
222.69.130.254 - - [16/Apr/2023:09:20:32 +0800] "GET /xingrg/kc/buy/cgsh_order_operate.html?command=get_materiel&rest_code=00149&code=00101008353&supplier_code=00100008&order_time=2023-04-16 HTTP/1.1" 200 429
222.70.244.216 - - [16/Apr/2023:09:20:33 +0800] "GET /xingrg/kc/buy/cgsh_order_operate.html?command=get_materiel&rest_code=00146&code=00101008704&supplier_code=00100005&order_time=2023-04-16 HTTP/1.1" 200 409
116.224.158.100 - - [16/Apr/2023:09:20:34 +0800] "POST /xingrg/kc/buy/cgsh_order_operate.html HTTP/1.1" 200 45226
116.192.124.172 - - [16/Apr/2023:09:20:36 +0800] "GET /xingrg/kc/buy/cgsh_order_operate.html?command=get_materiel&rest_code=00102&code=00101010161&supplier_code=00100400&order_time=2023-04-16 HTTP/1.1" 200 429
180.164.3.199 - - [16/Apr/2023:09:20:36 +0800] "GET /xingrg/all/function/internal_message.html?_=1681608036199&CODE_STATE=getMsg HTTP/1.1" 200 27
120.253.135.82 - - [16/Apr/2023:09:20:37 +0800] "POST /xingrg/kc/buy/cgsh_order_operate.html HTTP/1.1" 200 12
222.70.244.216 - - [16/Apr/2023:09:20:40 +0800] "GET /xingrg/all/function/internal_message.html?_=1681608061926&CODE_STATE=getMsg HTTP/1.1" 200 27
180.164.3.199 - - [16/Apr/2023:09:20:40 +0800] "POST /xingrg/kc/buy/cgsh_list_operate.html HTTP/1.1" 200 4
120.253.135.82 - - [16/Apr/2023:09:20:41 +0800] "GET /xingrg/kc/buy/cgsh_order_info.html?code=212023041605244 HTTP/1.1" 200 64419
120.253.135.82 - - [16/Apr/2023:09:20:42 +0800] "GET /xingrg/javascript/easyui/themes/default/validatebox.css HTTP/1.1" 404 1104
120.253.135.82 - - [16/Apr/2023:09:20:43 +0800] "POST /xingrg/kc/buy/cgsh_order_operate.html HTTP/1.1" 200 621
120.253.135.82 - - [16/Apr/2023:09:20:43 +0800] "GET /xingrg/all/function/internal_message.html?_=1681607880604&CODE_STATE=getMsg HTTP/1.1" 200 27
116.224.158.100 - - [16/Apr/2023:09:20:44 +0800] "GET /xingrg/all/function/internal_message.html?_=1681608046241&CODE_STATE=getMsg HTTP/1.1" 200 27
116.224.158.100 - - [16/Apr/2023:09:20:44 +0800] "GET /xingrg/check_reg.html?_=1681608046242 HTTP/1.1" 200 22
114.83.222.182 - - [16/Apr/2023:09:20:46 +0800] "GET /xingrg/all/function/internal_message.html?_=1681608134151&CODE_STATE=getMsg HTTP/1.1" 200 27
116.192.124.172 - - [16/Apr/2023:09:20:47 +0800] "GET /xingrg/kc/buy/cgsh_order_operate.html?command=get_materiel&rest_code=00102&code=00101004089&supplier_code=00100400&order_time=2023-04-16 HTTP/1.1" 200 406
116.224.158.100 - - [16/Apr/2023:09:20:49 +0800] "GET /xingrg/all/function/internal_message.html?_=1681607891220&CODE_STATE=getMsg HTTP/1.1" 200 27
120.253.135.82 - - [16/Apr/2023:09:20:50 +0800] "GET /xingrg/kc/pszx/mdps_order_list.html?orderType=0 HTTP/1.1" 200 21032
116.224.106.218 - - [16/Apr/2023:09:20:50 +0800] "GET /xingrg/all/function/internal_message.html?_=1681608050568&CODE_STATE=getMsg HTTP/1.1" 200 27
120.253.135.82 - - [16/Apr/2023:09:20:51 +0800] "POST /xingrg/kc/pszx/mdps_list_operate.html HTTP/1.1" 200 5427
120.253.135.82 - - [16/Apr/2023:09:20:52 +0800] "POST /xingrg/kc/buy/cgsh_list_operate.html HTTP/1.1" 200 986
222.69.130.254 - - [16/Apr/2023:09:20:53 +0800] "GET /xingrg/kc/buy/cgsh_order_operate.html?command=get_materiel&rest_code=00149&code=00101008706&supplier_code=00100008&order_time=2023-04-16 HTTP/1.1" 200 413
116.192.124.172 - - [16/Apr/2023:09:20:54 +0800] "GET /xingrg/kc/buy/cgsh_order_operate.html?command=get_materiel&rest_code=00102&code=00101001010&supplier_code=00100400&order_time=2023-04-16 HTTP/1.1" 200 409
222.64.2.88 - - [16/Apr/2023:09:20:54 +0800] "GET /xingrg/all/function/internal_message.html?_=1681608053640&CODE_STATE=getMsg HTTP/1.1" 200 27
222.69.130.254 - - [16/Apr/2023:09:20:55 +0800] "GET /xingrg/all/function/internal_message.html?_=1681608055113&CODE_STATE=getMsg HTTP/1.1" 200 27
222.69.130.254 - - [16/Apr/2023:09:20:55 +0800] "GET /xingrg/check_reg.html?_=1681608055117 HTTP/1.1" 200 22
180.164.3.199 - - [16/Apr/2023:09:20:58 +0800] "POST /xingrg/kc/buy/cgsh_list_operate.html HTTP/1.1" 200 3199
222.70.244.216 - - [16/Apr/2023:09:20:58 +0800] "GET /xingrg/kc/buy/cgsh_order_operate.html?command=get_materiel&rest_code=00146&code=00101008509&supplier_code=00100005&order_time=2023-04-16 HTTP/1.1" 200 409
