116.238.139.35 - - [16/Apr/2023:11:06:42 +0800] "POST /xingrg/all/common/load_select.html HTTP/1.1" 200 12
124.78.155.10 - - [16/Apr/2023:11:06:43 +0800] "GET /xingrg/kc/mdqp/pssh_order_list.html?isBack=1 HTTP/1.1" 200 17844
124.78.155.10 - - [16/Apr/2023:11:06:43 +0800] "POST /xingrg/kc/mdqp/pssh_list_operate.html HTTP/1.1" 200 5143
222.69.130.254 - - [16/Apr/2023:11:06:43 +0800] "GET /xingrg/all/function/internal_message.html?_=1681614403954&CODE_STATE=getMsg HTTP/1.1" 200 27
124.78.155.10 - - [16/Apr/2023:11:06:46 +0800] "POST /xingrg/kc/mdqp/pssh_list_operate.html HTTP/1.1" 200 565
124.78.155.10 - - [16/Apr/2023:11:06:47 +0800] "POST /xingrg/kc/mdqp/pssh_list_operate.html HTTP/1.1" 200 3798
124.78.155.10 - - [16/Apr/2023:11:06:47 +0800] "GET /xingrg/kc/mdqp/pssh_order_info.html?code=312023041200267 HTTP/1.1" 200 17244
124.78.155.10 - - [16/Apr/2023:11:06:47 +0800] "GET /xingrg/javascript/jquery_tools/jquery-1.4.2.min.js HTTP/1.1" 404 1094
124.78.155.10 - - [16/Apr/2023:11:06:47 +0800] "GET /xingrg/javascript/easyui/themes/default/validatebox.css HTTP/1.1" 404 1104
124.78.155.10 - - [16/Apr/2023:11:06:47 +0800] "POST /xingrg/kc/mdqp/pssh_order_operate.html HTTP/1.1" 200 2071
116.238.139.35 - - [16/Apr/2023:11:06:48 +0800] "GET /xingrg/kc/buy/cgsh_order_operate.html?command=get_materiel_price&rest_code=00151&code=00101037191&unit_code=00100020&supplier_code=00100151&order_time=2023-04-16 HTTP/1.1" 200 28
116.224.106.218 - - [16/Apr/2023:11:06:49 +0800] "GET /xingrg/all/function/internal_message.html?_=1681614408785&CODE_STATE=getMsg HTTP/1.1" 200 27
116.224.158.100 - - [16/Apr/2023:11:06:49 +0800] "GET /xingrg/all/function/internal_message.html?_=1681614251280&CODE_STATE=getMsg HTTP/1.1" 200 27
124.78.155.10 - - [16/Apr/2023:11:06:54 +0800] "GET /xingrg/kc/mdqp/pssh_order_list.html?isBack=1 HTTP/1.1" 200 17844
124.78.155.10 - - [16/Apr/2023:11:06:55 +0800] "POST /xingrg/kc/mdqp/pssh_list_operate.html HTTP/1.1" 200 5143
124.78.155.10 - - [16/Apr/2023:11:07:00 +0800] "POST /xingrg/kc/mdqp/pssh_list_operate.html HTTP/1.1" 200 260
124.78.155.10 - - [16/Apr/2023:11:07:00 +0800] "POST /xingrg/kc/mdqp/pssh_list_operate.html HTTP/1.1" 200 3798
124.78.155.10 - - [16/Apr/2023:11:07:00 +0800] "GET /xingrg/kc/mdqp/pssh_order_info.html?code=312023041300281 HTTP/1.1" 200 17266
124.78.155.10 - - [16/Apr/2023:11:07:00 +0800] "GET /xingrg/javascript/jquery_tools/jquery-1.4.2.min.js HTTP/1.1" 404 1094
58.40.7.146 - - [16/Apr/2023:11:07:01 +0800] "GET /xingrg/all/function/internal_message.html?_=1681614420967&CODE_STATE=getMsg HTTP/1.1" 200 27
124.78.155.10 - - [16/Apr/2023:11:07:01 +0800] "GET /xingrg/javascript/easyui/themes/default/validatebox.css HTTP/1.1" 404 1104
124.78.155.10 - - [16/Apr/2023:11:07:01 +0800] "POST /xingrg/kc/mdqp/pssh_order_operate.html HTTP/1.1" 200 527
101.229.22.234 - - [16/Apr/2023:11:07:01 +0800] "GET /xingrg/all/function/internal_message.html?_=1681614421395&CODE_STATE=getMsg HTTP/1.1" 200 27
124.78.155.10 - - [16/Apr/2023:11:07:04 +0800] "GET /xingrg/kc/mdqp/pssh_order_list.html?isBack=1 HTTP/1.1" 200 17844
124.78.155.10 - - [16/Apr/2023:11:07:04 +0800] "POST /xingrg/kc/mdqp/pssh_list_operate.html HTTP/1.1" 200 5143
222.70.244.216 - - [16/Apr/2023:11:07:05 +0800] "GET /xingrg/all/function/internal_message.html?_=1681614452018&CODE_STATE=getMsg HTTP/1.1" 200 27
116.238.139.35 - - [16/Apr/2023:11:07:07 +0800] "GET /xingrg/kc/buy/cgsh_order_operate.html?command=get_materiel&rest_code=00151&code=00101037265&supplier_code=00100151&order_time=2023-04-16 HTTP/1.1" 200 425
222.69.130.254 - - [16/Apr/2023:11:07:09 +0800] "GET /xingrg/all/function/internal_message.html?_=1681614429049&CODE_STATE=getMsg HTTP/1.1" 200 27
124.78.155.10 - - [16/Apr/2023:11:07:09 +0800] "GET /xingrg/kc/buy/buy_main.html HTTP/1.1" 200 12412
124.78.155.10 - - [16/Apr/2023:11:07:09 +0800] "GET /xingrg/css/new_ie.css HTTP/1.1" 404 1036
124.78.155.10 - - [16/Apr/2023:11:07:09 +0800] "GET /xingrg/images/blue/button/cgshd.gif HTTP/1.1" 304 -
124.78.155.10 - - [16/Apr/2023:11:07:09 +0800] "GET /xingrg/images/blue/button/cgydd.gif HTTP/1.1" 304 -
124.78.155.10 - - [16/Apr/2023:11:07:09 +0800] "GET /xingrg/images/blue/button/cgfkd.gif HTTP/1.1" 304 -
124.78.155.10 - - [16/Apr/2023:11:07:09 +0800] "GET /xingrg/images/blue/button/ckthd.gif HTTP/1.1" 304 -
124.78.155.10 - - [16/Apr/2023:11:07:09 +0800] "POST /xingrg/kc/mdqp/pssh_list_operate.html HTTP/1.1" 200 3798
124.78.155.10 - - [16/Apr/2023:11:07:10 +0800] "GET /xingrg/all/function/internal_message.html?_=1681614430247&CODE_STATE=getMsg HTTP/1.1" 200 27
124.78.155.10 - - [16/Apr/2023:11:07:10 +0800] "GET /xingrg/images/yd/bt.gif HTTP/1.1" 404 1040
124.78.155.10 - - [16/Apr/2023:11:07:11 +0800] "GET /xingrg/kc/buy/cgsh_order_list.html HTTP/1.1" 200 54671
124.78.155.10 - - [16/Apr/2023:11:07:16 +0800] "POST /xingrg/kc/buy/cgsh_list_operate.html HTTP/1.1" 200 2317
114.83.222.182 - - [16/Apr/2023:11:07:21 +0800] "GET /xingrg/all/function/internal_message.html?_=1681614529366&CODE_STATE=getMsg HTTP/1.1" 200 27
116.227.208.255 - - [16/Apr/2023:11:07:23 +0800] "GET /xingrg/all/function/internal_message.html?_=1681614514645&CODE_STATE=getMsg HTTP/1.1" 200 27
124.78.155.10 - - [16/Apr/2023:11:07:25 +0800] "GET /xingrg/kc/buy/buy_main.html HTTP/1.1" 200 12412
124.78.155.10 - - [16/Apr/2023:11:07:25 +0800] "GET /xingrg/css/new_ie.css HTTP/1.1" 404 1036
124.78.155.10 - - [16/Apr/2023:11:07:25 +0800] "POST /xingrg/kc/buy/cgsh_list_operate.html HTTP/1.1" 200 2317
180.171.122.0 - - [16/Apr/2023:11:07:26 +0800] "GET /xingrg/all/function/internal_message.html?_=1681614445921&CODE_STATE=getMsg HTTP/1.1" 200 27
180.171.122.0 - - [16/Apr/2023:11:07:27 +0800] "GET /xingrg/check_reg.html?_=1681614446707 HTTP/1.1" 200 22
180.171.122.0 - - [16/Apr/2023:11:07:27 +0800] "GET /xingrg/all/function/internal_message.html?_=1681614446709&CODE_STATE=getMsg HTTP/1.1" 200 27
180.169.147.146 - - [16/Apr/2023:11:07:29 +0800] "GET /xingrg/check_reg.html?_=1681614451682 HTTP/1.1" 200 22
180.169.147.146 - - [16/Apr/2023:11:07:29 +0800] "GET /xingrg/all/function/internal_message.html?_=1681614451679&CODE_STATE=getMsg HTTP/1.1" 200 27
180.164.3.199 - - [16/Apr/2023:11:07:35 +0800] "GET /xingrg/all/function/internal_message.html?_=1681614455007&CODE_STATE=getMsg HTTP/1.1" 200 27
124.79.74.67 - - [16/Apr/2023:11:07:37 +0800] "GET /xingrg/all/function/internal_message.html?_=1681614457293&CODE_STATE=getMsg HTTP/1.1" 200 27
116.238.139.35 - - [16/Apr/2023:11:07:37 +0800] "GET /xingrg/all/function/internal_message.html?_=1681614458022&CODE_STATE=getMsg HTTP/1.1" 200 27
116.224.158.100 - - [16/Apr/2023:11:07:39 +0800] "POST /xingrg/services/DataTransmitService HTTP/1.1" 200 524
116.224.158.100 - - [16/Apr/2023:11:07:40 +0800] "POST /xingrg/services/DataTransmitService HTTP/1.1" 200 501
116.224.158.100 - - [16/Apr/2023:11:07:40 +0800] "POST /xingrg/services/DataTransmitService HTTP/1.1" 200 501
116.192.124.172 - - [16/Apr/2023:11:07:40 +0800] "GET /xingrg/all/function/internal_message.html?_=1681614460501&CODE_STATE=getMsg HTTP/1.1" 200 27
116.224.158.100 - - [16/Apr/2023:11:07:40 +0800] "POST /xingrg/services/DataTransmitService HTTP/1.1" 200 501
116.224.158.100 - - [16/Apr/2023:11:07:41 +0800] "POST /xingrg/services/DataTransmitService HTTP/1.1" 200 501
116.224.158.100 - - [16/Apr/2023:11:07:41 +0800] "POST /xingrg/services/DataTransmitService HTTP/1.1" 200 501
222.70.244.216 - - [16/Apr/2023:11:07:42 +0800] "GET /xingrg/all/function/internal_message.html?_=1681614483705&CODE_STATE=getMsg HTTP/1.1" 302 -
116.224.158.100 - - [16/Apr/2023:11:07:42 +0800] "GET /xingrg/all/function/internal_message.html?_=1681614464306&CODE_STATE=getMsg HTTP/1.1" 200 27
116.224.158.100 - - [16/Apr/2023:11:07:43 +0800] "POST /xingrg/services/DataTransmitService HTTP/1.1" 200 412
180.171.122.0 - - [16/Apr/2023:11:07:43 +0800] "GET /xingrg/check_reg.html?_=1681614462396 HTTP/1.1" 200 22
222.69.130.254 - - [16/Apr/2023:11:07:43 +0800] "GET /xingrg/all/function/internal_message.html?_=1681614463956&CODE_STATE=getMsg HTTP/1.1" 200 27
222.69.130.254 - - [16/Apr/2023:11:07:43 +0800] "GET /xingrg/check_reg.html?_=1681614463959 HTTP/1.1" 200 22
116.224.106.218 - - [16/Apr/2023:11:07:49 +0800] "GET /xingrg/all/function/internal_message.html?_=1681614468774&CODE_STATE=getMsg HTTP/1.1" 200 27
116.224.158.100 - - [16/Apr/2023:11:07:49 +0800] "GET /xingrg/all/function/internal_message.html?_=1681614311281&CODE_STATE=getMsg HTTP/1.1" 200 27
116.238.139.35 - - [16/Apr/2023:11:07:50 +0800] "GET /xingrg/kc/buy/cgsh_order_operate.html?command=get_materiel&rest_code=00151&code=00101019239&supplier_code=00100151&order_time=2023-04-16 HTTP/1.1" 200 419
58.40.7.146 - - [16/Apr/2023:11:08:01 +0800] "GET /xingrg/check_reg.html?_=1681614480973 HTTP/1.1" 200 22
58.40.7.146 - - [16/Apr/2023:11:08:01 +0800] "GET /xingrg/all/function/internal_message.html?_=1681614480976&CODE_STATE=getMsg HTTP/1.1" 200 27
101.229.22.234 - - [16/Apr/2023:11:08:01 +0800] "GET /xingrg/all/function/internal_message.html?_=1681614481393&CODE_STATE=getMsg HTTP/1.1" 200 27
222.70.244.216 - - [16/Apr/2023:11:08:05 +0800] "GET /xingrg/all/function/internal_message.html?_=1681614512033&CODE_STATE=getMsg HTTP/1.1" 200 27
180.169.147.146 - - [16/Apr/2023:11:08:08 +0800] "GET /xingrg/all/report/report_query.html?isQuery=1&fileName=kc/base/crk_detail_by_list.xml&queryString=&queryText=%25E3%2580%2590%25E4%25BB%2593%25E5%25BA%2593%25E5%2590%258D%25E7%25A7%25B0%253A%25E5%2591%2598%25E5%25B7%25A5%25E9%25A4%2590%25E3%2580%2591%25E3%2580%2590%25E4%25B8%259A%25E5%258A%25A1%25E7%25B1%25BB%25E5%259E%258B%25EF%25BC%259A%25E9%2587%2587%25E8%25B4%25AD%25E5%2585%25A5%25E5%25BA%2593%25E3%2580%2591%2520%25E3%2580%2590%25E6%259F%25A5%25E8%25AF%25A2%25E6%2597%25A5%25E6%259C%259F%253A2023-01-01%2520%25E8%2587%25B3%25202023-01-31%25E3%2580%2591%2520%25E5%25B9%25B6%25E4%25B8%2594%2520%2520%25E3%2580%2590%25E4%25BB%2593%25E5%25BA%2593%25E5%2590%258D%25E7%25A7%25B0%2520%253D%2520%25E5%2591%2598%25E5%25B7%25A5%25E9%25A4%2590%25E3%2580%2591&tableQueryString=crk_table%2524sp1%2524(a.order_day%2520between%252020230101%2520and%252020230131)%2520and%2520(base_code%253D'0010359')%2520and%2520(src_order_type%2520in%2520(21%252C23))%2520and%2520(is_rk%2520in%2520(0%252C1))%2520and%2520(a.materiel_code%253D'00101010616') HTTP/1.1" 200 51090
116.238.139.35 - - [16/Apr/2023:11:08:08 +0800] "POST /xingrg/kc/buy/cgsh_order_operate.html HTTP/1.1" 200 2065
180.169.147.146 - - [16/Apr/2023:11:08:08 +0800] "GET /xingrg/dwr/interface/AjaxReportQueryService.js HTTP/1.1" 200 13203
180.169.147.146 - - [16/Apr/2023:11:08:08 +0800] "GET /xingrg/dwr/engine.js HTTP/1.1" 200 43631
222.69.130.254 - - [16/Apr/2023:11:08:09 +0800] "GET /xingrg/all/function/internal_message.html?_=1681614489036&CODE_STATE=getMsg HTTP/1.1" 200 27
180.169.147.146 - - [16/Apr/2023:11:08:09 +0800] "POST /xingrg/all/report/load_report_page.html HTTP/1.1" 200 15990
180.169.147.146 - - [16/Apr/2023:11:08:09 +0800] "GET /xingrg/servlets/image?cache=0.7619327439155305&image=px HTTP/1.1" 200 807
180.169.147.146 - - [16/Apr/2023:11:08:12 +0800] "GET /xingrg/kc/guide/show_order.html?code=212023011805804&type=21 HTTP/1.1" 302 -
180.169.147.146 - - [16/Apr/2023:11:08:13 +0800] "GET /xingrg/kc/buy/cgsh_order_info.html?code=212023011805804&sysBaseUrl=http%3A%2F%2F180.169.147.146%3A18081%2Fxingrg%2F&costTime=0×tamp=1681614492247 HTTP/1.1" 200 65362
180.169.147.146 - - [16/Apr/2023:11:08:13 +0800] "GET /favicon.ico HTTP/1.1" 404 -
180.169.147.146 - - [16/Apr/2023:11:08:13 +0800] "GET /xingrg/words/20230416105303_words.js HTTP/1.1" 304 -
180.169.147.146 - - [16/Apr/2023:11:08:13 +0800] "GET /xingrg/javascript/easyui/themes/default/validatebox.css HTTP/1.1" 404 1104
180.169.147.146 - - [16/Apr/2023:11:08:14 +0800] "POST /xingrg/kc/buy/cgsh_order_operate.html HTTP/1.1" 200 608
114.83.222.182 - - [16/Apr/2023:11:08:21 +0800] "GET /xingrg/all/function/internal_message.html?_=1681614589349&CODE_STATE=getMsg HTTP/1.1" 200 27
114.83.222.182 - - [16/Apr/2023:11:08:22 +0800] "GET /xingrg/check_reg.html?_=1681614589851 HTTP/1.1" 200 22
116.227.208.255 - - [16/Apr/2023:11:08:23 +0800] "GET /xingrg/check_reg.html?_=1681614574107 HTTP/1.1" 200 22
116.227.208.255 - - [16/Apr/2023:11:08:23 +0800] "GET /xingrg/all/function/internal_message.html?_=1681614574624&CODE_STATE=getMsg HTTP/1.1" 200 27
116.192.124.172 - - [16/Apr/2023:11:08:24 +0800] "POST /xingrg/kc/buy/cgsh_order_operate.html HTTP/1.1" 200 37
124.78.155.10 - - [16/Apr/2023:11:08:24 +0800] "POST /xingrg/kc/buy/cgsh_order_operate.html HTTP/1.1" 200 6788
180.171.122.0 - - [16/Apr/2023:11:08:26 +0800] "GET /xingrg/all/function/internal_message.html?_=1681614505899&CODE_STATE=getMsg HTTP/1.1" 200 27
180.171.122.0 - - [16/Apr/2023:11:08:28 +0800] "GET /xingrg/all/function/internal_message.html?_=1681614506718&CODE_STATE=getMsg HTTP/1.1" 200 27
180.169.147.146 - - [16/Apr/2023:11:08:29 +0800] "GET /xingrg/all/function/internal_message.html?_=1681614511684&CODE_STATE=getMsg HTTP/1.1" 200 27
116.238.139.35 - - [16/Apr/2023:11:08:29 +0800] "GET /xingrg/kc/buy/cgsh_order_operate.html?command=get_materiel&rest_code=00151&code=00101020066&supplier_code=00100151&order_time=2023-04-16 HTTP/1.1" 200 417
116.192.124.172 - - [16/Apr/2023:11:08:31 +0800] "POST /xingrg/kc/buy/cgsh_order_operate.html HTTP/1.1" 200 21759
124.78.155.10 - - [16/Apr/2023:11:08:32 +0800] "POST /xingrg/kc/buy/cgsh_order_operate.html HTTP/1.1" 200 37
180.169.147.146 - - [16/Apr/2023:11:08:34 +0800] "GET /xingrg/all/report/report_query.html?isQuery=1&fileName=kc/base/crk_detail_by_list.xml&queryString=&queryText=%25E3%2580%2590%25E4%25BB%2593%25E5%25BA%2593%25E5%2590%258D%25E7%25A7%25B0%253A%25E5%2591%2598%25E5%25B7%25A5%25E9%25A4%2590%25E3%2580%2591%25E3%2580%2590%25E4%25B8%259A%25E5%258A%25A1%25E7%25B1%25BB%25E5%259E%258B%25EF%25BC%259A%25E9%2587%2587%25E8%25B4%25AD%25E5%2585%25A5%25E5%25BA%2593%25E3%2580%2591%2520%25E3%2580%2590%25E6%259F%25A5%25E8%25AF%25A2%25E6%2597%25A5%25E6%259C%259F%253A2023-01-01%2520%25E8%2587%25B3%25202023-01-31%25E3%2580%2591%2520%25E5%25B9%25B6%25E4%25B8%2594%2520%2520%25E3%2580%2590%25E4%25BB%2593%25E5%25BA%2593%25E5%2590%258D%25E7%25A7%25B0%2520%253D%2520%25E5%2591%2598%25E5%25B7%25A5%25E9%25A4%2590%25E3%2580%2591&tableQueryString=crk_table%2524sp1%2524(a.order_day%2520between%252020230101%2520and%252020230131)%2520and%2520(base_code%253D'0010359')%2520and%2520(src_order_type%2520in%2520(21%252C23))%2520and%2520(is_rk%2520in%2520(0%252C1))%2520and%2520(a.materiel_code%253D'00101011005') HTTP/1.1" 200 51090
180.169.147.146 - - [16/Apr/2023:11:08:34 +0800] "GET /xingrg/dwr/engine.js HTTP/1.1" 200 43631
180.169.147.146 - - [16/Apr/2023:11:08:34 +0800] "GET /xingrg/dwr/interface/AjaxReportQueryService.js HTTP/1.1" 200 13203
180.164.3.199 - - [16/Apr/2023:11:08:35 +0800] "GET /xingrg/all/function/internal_message.html?_=1681614514981&CODE_STATE=getMsg HTTP/1.1" 200 27
180.169.147.146 - - [16/Apr/2023:11:08:35 +0800] "POST /xingrg/all/report/load_report_page.html HTTP/1.1" 200 49427
180.169.147.146 - - [16/Apr/2023:11:08:35 +0800] "GET /xingrg/servlets/image?cache=0.007027300811614512&image=px HTTP/1.1" 200 807
124.79.74.67 - - [16/Apr/2023:11:08:37 +0800] "GET /xingrg/all/function/internal_message.html?_=1681614517295&CODE_STATE=getMsg HTTP/1.1" 200 27
124.79.74.67 - - [16/Apr/2023:11:08:37 +0800] "GET /xingrg/check_reg.html?_=1681614517296 HTTP/1.1" 200 22
116.238.139.35 - - [16/Apr/2023:11:08:37 +0800] "GET /xingrg/all/function/internal_message.html?_=1681614518002&CODE_STATE=getMsg HTTP/1.1" 200 27
116.192.124.172 - - [16/Apr/2023:11:08:40 +0800] "GET /xingrg/all/function/internal_message.html?_=1681614520478&CODE_STATE=getMsg HTTP/1.1" 200 27
222.70.244.216 - - [16/Apr/2023:11:08:41 +0800] "GET /xingrg/all/function/internal_message.html?_=1681614543715&CODE_STATE=getMsg HTTP/1.1" 302 -
116.224.158.100 - - [16/Apr/2023:11:08:42 +0800] "GET /xingrg/all/function/internal_message.html?_=1681614524284&CODE_STATE=getMsg HTTP/1.1" 200 27
222.69.130.254 - - [16/Apr/2023:11:08:43 +0800] "GET /xingrg/all/function/internal_message.html?_=1681614523974&CODE_STATE=getMsg HTTP/1.1" 200 27
180.169.147.146 - - [16/Apr/2023:11:08:48 +0800] "GET /xingrg/all/report/report_query.html?isQuery=1&fileName=kc/base/crk_detail_by_list.xml&queryString=&queryText=%25E3%2580%2590%25E4%25BB%2593%25E5%25BA%2593%25E5%2590%258D%25E7%25A7%25B0%253A%25E5%2591%2598%25E5%25B7%25A5%25E9%25A4%2590%25E3%2580%2591%25E3%2580%2590%25E4%25B8%259A%25E5%258A%25A1%25E7%25B1%25BB%25E5%259E%258B%25EF%25BC%259A%25E9%2587%2587%25E8%25B4%25AD%25E5%2585%25A5%25E5%25BA%2593%25E3%2580%2591%2520%25E3%2580%2590%25E6%259F%25A5%25E8%25AF%25A2%25E6%2597%25A5%25E6%259C%259F%253A2023-01-01%2520%25E8%2587%25B3%25202023-01-31%25E3%2580%2591%2520%25E5%25B9%25B6%25E4%25B8%2594%2520%2520%25E3%2580%2590%25E4%25BB%2593%25E5%25BA%2593%25E5%2590%258D%25E7%25A7%25B0%2520%253D%2520%25E5%2591%2598%25E5%25B7%25A5%25E9%25A4%2590%25E3%2580%2591&tableQueryString=crk_table%2524sp1%2524(a.order_day%2520between%252020230101%2520and%252020230131)%2520and%2520(base_code%253D'0010359')%2520and%2520(src_order_type%2520in%2520(21%252C23))%2520and%2520(is_rk%2520in%2520(0%252C1))%2520and%2520(a.materiel_code%253D'00101010616') HTTP/1.1" 200 51090
180.169.147.146 - - [16/Apr/2023:11:08:48 +0800] "GET /xingrg/dwr/interface/AjaxReportQueryService.js HTTP/1.1" 200 13203
180.169.147.146 - - [16/Apr/2023:11:08:48 +0800] "GET /xingrg/dwr/engine.js HTTP/1.1" 200 43631
116.224.106.218 - - [16/Apr/2023:11:08:49 +0800] "GET /xingrg/all/function/internal_message.html?_=1681614528749&CODE_STATE=getMsg HTTP/1.1" 200 27
180.169.147.146 - - [16/Apr/2023:11:08:49 +0800] "POST /xingrg/all/report/load_report_page.html HTTP/1.1" 200 15990
180.169.147.146 - - [16/Apr/2023:11:08:49 +0800] "GET /xingrg/servlets/image?cache=0.7401419101413796&image=px HTTP/1.1" 200 807
116.224.158.100 - - [16/Apr/2023:11:08:49 +0800] "GET /xingrg/all/function/internal_message.html?_=1681614371281&CODE_STATE=getMsg HTTP/1.1" 200 27
124.78.155.10 - - [16/Apr/2023:11:08:52 +0800] "POST /xingrg/kc/buy/cgsh_order_operate.html HTTP/1.1" 200 12
124.78.155.10 - - [16/Apr/2023:11:08:56 +0800] "GET /xingrg/kc/buy/cgsh_order_info.html?code=212023041605310 HTTP/1.1" 200 65369
124.78.155.10 - - [16/Apr/2023:11:08:56 +0800] "GET /xingrg/words/20230416105303_words.js HTTP/1.1" 304 -
124.78.155.10 - - [16/Apr/2023:11:08:57 +0800] "GET /xingrg/javascript/easyui/themes/default/validatebox.css HTTP/1.1" 404 1104
124.78.155.10 - - [16/Apr/2023:11:08:58 +0800] "POST /xingrg/kc/buy/cgsh_order_operate.html HTTP/1.1" 200 4734
58.40.7.146 - - [16/Apr/2023:11:09:01 +0800] "GET /xingrg/all/function/internal_message.html?_=1681614540979&CODE_STATE=getMsg HTTP/1.1" 200 27
101.229.22.234 - - [16/Apr/2023:11:09:01 +0800] "GET /xingrg/all/function/internal_message.html?_=1681614541392&CODE_STATE=getMsg HTTP/1.1" 200 27
124.78.155.10 - - [16/Apr/2023:11:09:01 +0800] "GET /xingrg/all/function/internal_message.html?_=1681614537682&CODE_STATE=getMsg HTTP/1.1" 200 27
124.78.155.10 - - [16/Apr/2023:11:09:03 +0800] "GET /xingrg/kc/print/load_data.html?order_code=212023041605310&kc_code=cgsh&condition= HTTP/1.1" 200 2281
222.70.244.216 - - [16/Apr/2023:11:09:06 +0800] "GET /xingrg/all/function/internal_message.html?_=1681614572172&CODE_STATE=getMsg HTTP/1.1" 200 27
222.69.130.254 - - [16/Apr/2023:11:09:09 +0800] "GET /xingrg/all/function/internal_message.html?_=1681614549032&CODE_STATE=getMsg HTTP/1.1" 200 27
114.83.222.182 - - [16/Apr/2023:11:09:21 +0800] "GET /xingrg/all/function/internal_message.html?_=1681614649333&CODE_STATE=getMsg HTTP/1.1" 200 27
116.227.208.255 - - [16/Apr/2023:11:09:23 +0800] "GET /xingrg/all/function/internal_message.html?_=1681614634613&CODE_STATE=getMsg HTTP/1.1" 200 27
116.238.139.35 - - [16/Apr/2023:11:09:26 +0800] "GET /xingrg/kc/buy/cgsh_order_operate.html?command=get_materiel&rest_code=00151&code=00101019483&supplier_code=00100151&order_time=2023-04-16 HTTP/1.1" 200 427
180.171.122.0 - - [16/Apr/2023:11:09:26 +0800] "GET /xingrg/all/function/internal_message.html?_=1681614565880&CODE_STATE=getMsg HTTP/1.1" 200 27
180.171.122.0 - - [16/Apr/2023:11:09:27 +0800] "GET /xingrg/all/function/internal_message.html?_=1681614566713&CODE_STATE=getMsg HTTP/1.1" 200 27
180.169.147.146 - - [16/Apr/2023:11:09:29 +0800] "GET /xingrg/all/function/internal_message.html?_=1681614571683&CODE_STATE=getMsg HTTP/1.1" 200 27
180.164.3.199 - - [16/Apr/2023:11:09:35 +0800] "GET /xingrg/all/function/internal_message.html?_=1681614574965&CODE_STATE=getMsg HTTP/1.1" 200 27
180.164.3.199 - - [16/Apr/2023:11:09:36 +0800] "GET /xingrg/check_reg.html?_=1681614576215 HTTP/1.1" 200 22
124.79.74.67 - - [16/Apr/2023:11:09:37 +0800] "GET /xingrg/all/function/internal_message.html?_=1681614577298&CODE_STATE=getMsg HTTP/1.1" 200 27
116.238.139.35 - - [16/Apr/2023:11:09:37 +0800] "GET /xingrg/all/function/internal_message.html?_=1681614577983&CODE_STATE=getMsg HTTP/1.1" 200 27
116.192.124.172 - - [16/Apr/2023:11:09:40 +0800] "GET /xingrg/all/function/internal_message.html?_=1681614580497&CODE_STATE=getMsg HTTP/1.1" 200 27
222.70.244.216 - - [16/Apr/2023:11:09:42 +0800] "GET /xingrg/all/function/internal_message.html?_=1681614603736&CODE_STATE=getMsg HTTP/1.1" 302 -
116.224.158.100 - - [16/Apr/2023:11:09:42 +0800] "GET /xingrg/all/function/internal_message.html?_=1681614584257&CODE_STATE=getMsg HTTP/1.1" 200 27
180.169.147.146 - - [16/Apr/2023:11:09:42 +0800] "GET /xingrg/check_reg.html?_=1681614583599 HTTP/1.1" 200 22
222.69.130.254 - - [16/Apr/2023:11:09:43 +0800] "GET /xingrg/all/function/internal_message.html?_=1681614583978&CODE_STATE=getMsg HTTP/1.1" 200 27
116.224.106.218 - - [16/Apr/2023:11:09:49 +0800] "GET /xingrg/all/function/internal_message.html?_=1681614588734&CODE_STATE=getMsg HTTP/1.1" 200 27
124.79.74.67 - - [16/Apr/2023:11:09:49 +0800] "GET /xingrg/kc/base/base_main.html HTTP/1.1" 200 12142
116.224.158.100 - - [16/Apr/2023:11:09:49 +0800] "GET /xingrg/check_reg.html?_=1681614431271 HTTP/1.1" 200 22
116.224.158.100 - - [16/Apr/2023:11:09:49 +0800] "GET /xingrg/all/function/internal_message.html?_=1681614431274&CODE_STATE=getMsg HTTP/1.1" 200 27
124.79.74.67 - - [16/Apr/2023:11:09:51 +0800] "GET /xingrg/kc/base/wldb_order_list.html HTTP/1.1" 200 19104
124.79.74.67 - - [16/Apr/2023:11:09:51 +0800] "POST /xingrg/kc/base/wldb_list_operate.html HTTP/1.1" 200 928
116.224.106.218 - - [16/Apr/2023:11:09:52 +0800] "GET /xingrg/check_reg.html?_=1681614592171 HTTP/1.1" 200 22
124.79.74.67 - - [16/Apr/2023:11:09:54 +0800] "GET /xingrg/kc/base/wldb_order_add.html HTTP/1.1" 200 30383
124.79.74.67 - - [16/Apr/2023:11:09:54 +0800] "GET /xingrg/words/20230416105303_words.js HTTP/1.1" 304 -
124.79.74.67 - - [16/Apr/2023:11:09:54 +0800] "POST /xingrg/kc/base/wldb_order_operate.html HTTP/1.1" 200 6806
124.79.74.67 - - [16/Apr/2023:11:09:54 +0800] "GET /xingrg/javascript/easyui/themes/default/validatebox.css HTTP/1.1" 404 1104
124.79.74.67 - - [16/Apr/2023:11:09:54 +0800] "GET /xingrg/all/common/auto_word.html?type=base&rest_code=00156 HTTP/1.1" 200 1903
124.79.74.67 - - [16/Apr/2023:11:09:54 +0800] "GET /xingrg/all/common/auto_word.html?type=base&rest_code=00156 HTTP/1.1" 200 1903
58.40.7.146 - - [16/Apr/2023:11:10:00 +0800] "GET /xingrg/all/function/internal_message.html?_=1681614600967&CODE_STATE=getMsg HTTP/1.1" 200 27
101.229.22.234 - - [16/Apr/2023:11:10:01 +0800] "GET /xingrg/all/function/internal_message.html?_=1681614601388&CODE_STATE=getMsg HTTP/1.1" 200 27
124.78.155.10 - - [16/Apr/2023:11:10:01 +0800] "GET /xingrg/all/function/internal_message.html?_=1681614597659&CODE_STATE=getMsg HTTP/1.1" 200 27
180.163.28.114 - - [16/Apr/2023:11:10:03 +0800] "GET /xingrg/kc/print/load_data.html?order_code=212023041605310&kc_code=cgsh&condition= HTTP/1.1" 302 -
180.163.28.114 - - [16/Apr/2023:11:10:03 +0800] "GET /xingrg/login.html HTTP/1.1" 200 7641
116.238.139.35 - - [16/Apr/2023:11:10:04 +0800] "GET /xingrg/kc/buy/cgsh_order_operate.html?command=get_materiel&rest_code=00151&code=00101037229&supplier_code=00100151&order_time=2023-04-16 HTTP/1.1" 200 437
222.70.244.216 - - [16/Apr/2023:11:10:06 +0800] "GET /xingrg/all/function/internal_message.html?_=1681614632184&CODE_STATE=getMsg HTTP/1.1" 200 27
180.171.122.0 - - [16/Apr/2023:11:10:06 +0800] "GET /xingrg/check_reg.html?_=1681614605260 HTTP/1.1" 200 22
222.69.130.254 - - [16/Apr/2023:11:10:09 +0800] "GET /xingrg/all/function/internal_message.html?_=1681614609035&CODE_STATE=getMsg HTTP/1.1" 200 27
222.69.130.254 - - [16/Apr/2023:11:10:09 +0800] "GET /xingrg/check_reg.html?_=1681614609039 HTTP/1.1" 200 22
124.79.74.67 - - [16/Apr/2023:11:10:11 +0800] "GET /xingrg/kc/base/wldb_order_operate.html?command=get_materiel&rest_code=00156&base_code=0010781&code=00101014086 HTTP/1.1" 200 457
114.83.222.182 - - [16/Apr/2023:11:10:21 +0800] "GET /xingrg/all/function/internal_message.html?_=1681614709309&CODE_STATE=getMsg HTTP/1.1" 200 27
116.227.208.255 - - [16/Apr/2023:11:10:23 +0800] "GET /xingrg/all/function/internal_message.html?_=1681614694606&CODE_STATE=getMsg HTTP/1.1" 200 27
180.171.122.0 - - [16/Apr/2023:11:10:26 +0800] "GET /xingrg/all/function/internal_message.html?_=1681614625851&CODE_STATE=getMsg HTTP/1.1" 200 27
180.171.122.0 - - [16/Apr/2023:11:10:28 +0800] "GET /xingrg/all/function/internal_message.html?_=1681614626719&CODE_STATE=getMsg HTTP/1.1" 200 27
180.169.147.146 - - [16/Apr/2023:11:10:29 +0800] "GET /xingrg/all/function/internal_message.html?_=1681614631683&CODE_STATE=getMsg HTTP/1.1" 200 27
124.79.74.67 - - [16/Apr/2023:11:10:30 +0800] "GET /xingrg/kc/base/wldb_order_operate.html?command=get_materiel&rest_code=00156&base_code=0010781&code=00101014020 HTTP/1.1" 200 457
124.79.74.67 - - [16/Apr/2023:11:10:35 +0800] "GET /xingrg/kc/buy/buy_main.html HTTP/1.1" 200 12412
124.79.74.67 - - [16/Apr/2023:11:10:35 +0800] "GET /xingrg/css/new_ie.css HTTP/1.1" 404 1036
180.164.3.199 - - [16/Apr/2023:11:10:35 +0800] "GET /xingrg/all/function/internal_message.html?_=1681614634946&CODE_STATE=getMsg HTTP/1.1" 200 27
124.79.74.67 - - [16/Apr/2023:11:10:36 +0800] "GET /xingrg/kc/buy/cgsh_order_list.html HTTP/1.1" 200 54677
124.79.74.67 - - [16/Apr/2023:11:10:37 +0800] "GET /xingrg/all/function/internal_message.html?_=1681614637300&CODE_STATE=getMsg HTTP/1.1" 200 27
116.238.139.35 - - [16/Apr/2023:11:10:37 +0800] "GET /xingrg/all/function/internal_message.html?_=1681614637985&CODE_STATE=getMsg HTTP/1.1" 200 27
124.79.74.67 - - [16/Apr/2023:11:10:39 +0800] "POST /xingrg/kc/buy/cgsh_list_operate.html HTTP/1.1" 200 1858
116.192.124.172 - - [16/Apr/2023:11:10:40 +0800] "GET /xingrg/check_reg.html?_=1681614640487 HTTP/1.1" 200 22
116.192.124.172 - - [16/Apr/2023:11:10:40 +0800] "GET /xingrg/all/function/internal_message.html?_=1681614640490&CODE_STATE=getMsg HTTP/1.1" 200 27
222.70.244.216 - - [16/Apr/2023:11:10:42 +0800] "GET /xingrg/all/function/internal_message.html?_=1681614663742&CODE_STATE=getMsg HTTP/1.1" 302 -
116.224.158.100 - - [16/Apr/2023:11:10:42 +0800] "GET /xingrg/all/function/internal_message.html?_=1681614644226&CODE_STATE=getMsg HTTP/1.1" 200 27
222.69.130.254 - - [16/Apr/2023:11:10:43 +0800] "GET /xingrg/all/function/internal_message.html?_=1681614643983&CODE_STATE=getMsg HTTP/1.1" 200 27
116.224.158.100 - - [16/Apr/2023:11:10:44 +0800] "GET /xingrg/check_reg.html?_=1681614646057 HTTP/1.1" 200 22
124.78.155.10 - - [16/Apr/2023:11:10:48 +0800] "GET /xingrg/kc/buy/cgsh_order_info.html?code=212023041605232 HTTP/1.1" 200 70462
124.78.155.10 - - [16/Apr/2023:11:10:49 +0800] "GET /xingrg/words/20230416105303_words.js HTTP/1.1" 304 -
116.224.106.218 - - [16/Apr/2023:11:10:49 +0800] "GET /xingrg/all/function/internal_message.html?_=1681614648709&CODE_STATE=getMsg HTTP/1.1" 200 27
124.78.155.10 - - [16/Apr/2023:11:10:49 +0800] "GET /xingrg/javascript/easyui/themes/default/validatebox.css HTTP/1.1" 404 1104
116.238.139.35 - - [16/Apr/2023:11:10:49 +0800] "GET /xingrg/kc/buy/cgsh_order_operate.html?command=get_materiel&rest_code=00151&code=00101020178&supplier_code=00100151&order_time=2023-04-16 HTTP/1.1" 200 409
116.224.158.100 - - [16/Apr/2023:11:10:49 +0800] "GET /xingrg/all/function/internal_message.html?_=1681614491281&CODE_STATE=getMsg HTTP/1.1" 200 27
124.78.155.10 - - [16/Apr/2023:11:10:50 +0800] "POST /xingrg/kc/buy/cgsh_order_operate.html HTTP/1.1" 200 44623
124.79.74.67 - - [16/Apr/2023:11:10:51 +0800] "GET /xingrg/kc/buy/cgsh_order_add.html HTTP/1.1" 200 70532
124.79.74.67 - - [16/Apr/2023:11:10:51 +0800] "POST /xingrg/kc/buy/cgsh_order_operate.html HTTP/1.1" 200 8245
124.79.74.67 - - [16/Apr/2023:11:10:51 +0800] "GET /xingrg/all/common/auto_word.html?type=employee&rest_code=00156 HTTP/1.1" 200 97
124.79.74.67 - - [16/Apr/2023:11:10:51 +0800] "GET /xingrg/javascript/easyui/themes/default/validatebox.css HTTP/1.1" 404 1104
124.79.74.67 - - [16/Apr/2023:11:10:51 +0800] "GET /xingrg/all/common/auto_word.html?type=employee&rest_code=00156 HTTP/1.1" 200 97
124.78.155.10 - - [16/Apr/2023:11:10:58 +0800] "POST /xingrg/kc/buy/cgsh_order_operate.html HTTP/1.1" 200 37
58.40.7.146 - - [16/Apr/2023:11:11:01 +0800] "GET /xingrg/all/function/internal_message.html?_=1681614660972&CODE_STATE=getMsg HTTP/1.1" 200 27
101.229.22.234 - - [16/Apr/2023:11:11:01 +0800] "GET /xingrg/all/function/internal_message.html?_=1681614661390&CODE_STATE=getMsg HTTP/1.1" 200 27
101.229.22.234 - - [16/Apr/2023:11:11:01 +0800] "GET /xingrg/check_reg.html?_=1681614661467 HTTP/1.1" 200 22
124.78.155.10 - - [16/Apr/2023:11:11:01 +0800] "GET /xingrg/all/function/internal_message.html?_=1681614657636&CODE_STATE=getMsg HTTP/1.1" 200 27
124.79.74.67 - - [16/Apr/2023:11:11:01 +0800] "GET /xingrg/kc/buy/cgsh_order_operate.html?command=get_materiel&rest_code=00156&code=00101008072&supplier_code=00100007&order_time=2023-04-16 HTTP/1.1" 200 408
180.171.122.0 - - [16/Apr/2023:11:11:01 +0800] "POST /xingrg/services/DataTransmitService HTTP/1.1" 200 524
180.171.122.0 - - [16/Apr/2023:11:11:03 +0800] "POST /xingrg/services/DataTransmitService HTTP/1.1" 200 412
222.70.244.216 - - [16/Apr/2023:11:11:04 +0800] "GET /xingrg/check_reg.html?_=1681614690657 HTTP/1.1" 200 22
222.70.244.216 - - [16/Apr/2023:11:11:06 +0800] "GET /xingrg/all/function/internal_message.html?_=1681614692198&CODE_STATE=getMsg HTTP/1.1" 200 27
124.78.155.10 - - [16/Apr/2023:11:11:08 +0800] "POST /xingrg/kc/buy/cgsh_order_operate.html HTTP/1.1" 200 12
222.69.130.254 - - [16/Apr/2023:11:11:09 +0800] "GET /xingrg/all/function/internal_message.html?_=1681614669024&CODE_STATE=getMsg HTTP/1.1" 200 27
124.78.155.10 - - [16/Apr/2023:11:11:10 +0800] "GET /xingrg/kc/buy/cgsh_order_info.html?code=212023041605232 HTTP/1.1" 200 65357
124.78.155.10 - - [16/Apr/2023:11:11:10 +0800] "GET /xingrg/javascript/easyui/themes/default/validatebox.css HTTP/1.1" 404 1104
116.238.139.35 - - [16/Apr/2023:11:11:11 +0800] "GET /xingrg/kc/buy/cgsh_order_operate.html?command=get_materiel&rest_code=00151&code=00101037132&supplier_code=00100151&order_time=2023-04-16 HTTP/1.1" 200 435
124.78.155.10 - - [16/Apr/2023:11:11:11 +0800] "POST /xingrg/kc/buy/cgsh_order_operate.html HTTP/1.1" 200 42568
124.78.155.10 - - [16/Apr/2023:11:11:13 +0800] "GET /xingrg/kc/print/load_data.html?order_code=212023041605232&kc_code=cgsh&condition= HTTP/1.1" 200 16602
124.79.74.67 - - [16/Apr/2023:11:11:16 +0800] "GET /xingrg/kc/buy/cgsh_order_operate.html?command=get_materiel&rest_code=00156&code=00101008210&supplier_code=00100007&order_time=2023-04-15 HTTP/1.1" 200 408
124.78.155.10 - - [16/Apr/2023:11:11:21 +0800] "GET /xingrg/kc/print/load_data.html?order_code=212023041605232&kc_code=cgsh HTTP/1.1" 200 16602
114.83.222.182 - - [16/Apr/2023:11:11:21 +0800] "GET /xingrg/all/function/internal_message.html?_=1681614769281&CODE_STATE=getMsg HTTP/1.1" 200 27
116.227.208.255 - - [16/Apr/2023:11:11:23 +0800] "GET /xingrg/all/function/internal_message.html?_=1681614754580&CODE_STATE=getMsg HTTP/1.1" 200 27
124.79.74.67 - - [16/Apr/2023:11:11:23 +0800] "GET /xingrg/kc/buy/cgsh_order_operate.html?command=get_materiel&rest_code=00156&code=00101008149&supplier_code=00100007&order_time=2023-04-15 HTTP/1.1" 200 408
180.171.122.0 - - [16/Apr/2023:11:11:26 +0800] "GET /xingrg/all/function/internal_message.html?_=1681614685828&CODE_STATE=getMsg HTTP/1.1" 200 27
180.171.122.0 - - [16/Apr/2023:11:11:27 +0800] "GET /xingrg/all/function/internal_message.html?_=1681614686705&CODE_STATE=getMsg HTTP/1.1" 200 27
180.169.147.146 - - [16/Apr/2023:11:11:29 +0800] "GET /xingrg/all/function/internal_message.html?_=1681614691676&CODE_STATE=getMsg HTTP/1.1" 200 27
124.79.74.67 - - [16/Apr/2023:11:11:30 +0800] "GET /xingrg/kc/buy/cgsh_order_operate.html?command=get_materiel&rest_code=00156&code=00101008355&supplier_code=00100007&order_time=2023-04-15 HTTP/1.1" 200 408
180.164.3.199 - - [16/Apr/2023:11:11:35 +0800] "GET /xingrg/all/function/internal_message.html?_=1681614694945&CODE_STATE=getMsg HTTP/1.1" 200 27
116.238.139.35 - - [16/Apr/2023:11:11:36 +0800] "GET /xingrg/kc/buy/cgsh_order_operate.html?command=get_materiel&rest_code=00151&code=00101019733&supplier_code=00100151&order_time=2023-04-16 HTTP/1.1" 200 419
124.79.74.67 - - [16/Apr/2023:11:11:37 +0800] "GET /xingrg/all/function/internal_message.html?_=1681614697304&CODE_STATE=getMsg HTTP/1.1" 200 27
116.238.139.35 - - [16/Apr/2023:11:11:37 +0800] "GET /xingrg/all/function/internal_message.html?_=1681614697944&CODE_STATE=getMsg HTTP/1.1" 200 27
116.238.139.35 - - [16/Apr/2023:11:11:38 +0800] "GET /xingrg/check_reg.html?_=1681614698586 HTTP/1.1" 200 22
124.79.74.67 - - [16/Apr/2023:11:11:39 +0800] "GET /xingrg/kc/buy/cgsh_order_operate.html?command=get_materiel&rest_code=00156&code=00101008321&supplier_code=00100007&order_time=2023-04-15 HTTP/1.1" 200 412
222.70.244.216 - - [16/Apr/2023:11:11:39 +0800] "GET /xingrg/check_reg.html?_=1681614721260 HTTP/1.1" 302 -
116.192.124.172 - - [16/Apr/2023:11:11:40 +0800] "GET /xingrg/all/function/internal_message.html?_=1681614700490&CODE_STATE=getMsg HTTP/1.1" 200 27
222.70.244.216 - - [16/Apr/2023:11:11:42 +0800] "GET /xingrg/all/function/internal_message.html?_=1681614723756&CODE_STATE=getMsg HTTP/1.1" 302 -
116.224.158.100 - - [16/Apr/2023:11:11:42 +0800] "GET /xingrg/all/function/internal_message.html?_=1681614704204&CODE_STATE=getMsg HTTP/1.1" 200 27
222.69.130.254 - - [16/Apr/2023:11:11:43 +0800] "GET /xingrg/all/function/internal_message.html?_=1681614703970&CODE_STATE=getMsg HTTP/1.1" 200 27
124.79.74.67 - - [16/Apr/2023:11:11:46 +0800] "GET /xingrg/kc/buy/cgsh_order_operate.html?command=get_materiel&rest_code=00156&code=00101008134&supplier_code=00100007&order_time=2023-04-15 HTTP/1.1" 200 412
116.224.106.218 - - [16/Apr/2023:11:11:49 +0800] "GET /xingrg/all/function/internal_message.html?_=1681614708695&CODE_STATE=getMsg HTTP/1.1" 200 27
116.224.158.100 - - [16/Apr/2023:11:11:49 +0800] "GET /xingrg/all/function/internal_message.html?_=1681614551281&CODE_STATE=getMsg HTTP/1.1" 200 27
116.238.139.35 - - [16/Apr/2023:11:11:51 +0800] "POST /xingrg/kc/buy/cgsh_order_operate.html HTTP/1.1" 200 2065
58.40.7.146 - - [16/Apr/2023:11:12:01 +0800] "GET /xingrg/all/function/internal_message.html?_=1681614720977&CODE_STATE=getMsg HTTP/1.1" 200 27
101.229.22.234 - - [16/Apr/2023:11:12:01 +0800] "GET /xingrg/all/function/internal_message.html?_=1681614721388&CODE_STATE=getMsg HTTP/1.1" 200 27
124.78.155.10 - - [16/Apr/2023:11:12:01 +0800] "GET /xingrg/all/function/internal_message.html?_=1681614717610&CODE_STATE=getMsg HTTP/1.1" 200 27
124.79.74.67 - - [16/Apr/2023:11:12:01 +0800] "GET /xingrg/kc/buy/cgsh_order_operate.html?command=get_materiel&rest_code=00156&code=00101008032&supplier_code=00100007&order_time=2023-04-15 HTTP/1.1" 200 408
116.238.139.35 - - [16/Apr/2023:11:12:03 +0800] "GET /xingrg/kc/buy/cgsh_order_operate.html?command=get_materiel&rest_code=00151&code=00101020087&supplier_code=00100151&order_time=2023-04-16 HTTP/1.1" 200 409
222.70.244.216 - - [16/Apr/2023:11:12:06 +0800] "GET /xingrg/all/function/internal_message.html?_=1681614752212&CODE_STATE=getMsg HTTP/1.1" 200 27
222.69.130.254 - - [16/Apr/2023:11:12:09 +0800] "GET /xingrg/all/function/internal_message.html?_=1681614729030&CODE_STATE=getMsg HTTP/1.1" 200 27
124.79.74.67 - - [16/Apr/2023:11:12:09 +0800] "GET /xingrg/kc/buy/cgsh_order_operate.html?command=get_materiel&rest_code=00156&code=00101008161&supplier_code=00100007&order_time=2023-04-15 HTTP/1.1" 200 428
114.83.222.182 - - [16/Apr/2023:11:12:21 +0800] "GET /xingrg/all/function/internal_message.html?_=1681614829277&CODE_STATE=getMsg HTTP/1.1" 200 27
116.227.208.255 - - [16/Apr/2023:11:12:23 +0800] "GET /xingrg/all/function/internal_message.html?_=1681614814553&CODE_STATE=getMsg HTTP/1.1" 200 27
116.238.139.35 - - [16/Apr/2023:11:12:26 +0800] "GET /xingrg/kc/buy/cgsh_order_operate.html?command=get_materiel&rest_code=00151&code=00101008642&supplier_code=00100151&order_time=2023-04-16 HTTP/1.1" 200 413
180.171.122.0 - - [16/Apr/2023:11:12:26 +0800] "GET /xingrg/all/function/internal_message.html?_=1681614745811&CODE_STATE=getMsg HTTP/1.1" 200 27
180.171.122.0 - - [16/Apr/2023:11:12:28 +0800] "GET /xingrg/all/function/internal_message.html?_=1681614746721&CODE_STATE=getMsg HTTP/1.1" 200 27
180.171.122.0 - - [16/Apr/2023:11:12:28 +0800] "GET /xingrg/check_reg.html?_=1681614746725 HTTP/1.1" 200 22
180.169.147.146 - - [16/Apr/2023:11:12:29 +0800] "GET /xingrg/all/function/internal_message.html?_=1681614751678&CODE_STATE=getMsg HTTP/1.1" 200 27
180.169.147.146 - - [16/Apr/2023:11:12:29 +0800] "GET /xingrg/check_reg.html?_=1681614751689 HTTP/1.1" 200 22
180.164.3.199 - - [16/Apr/2023:11:12:35 +0800] "GET /xingrg/all/function/internal_message.html?_=1681614754944&CODE_STATE=getMsg HTTP/1.1" 200 27
124.79.74.67 - - [16/Apr/2023:11:12:37 +0800] "GET /xingrg/all/function/internal_message.html?_=1681614757304&CODE_STATE=getMsg HTTP/1.1" 200 27
116.238.139.35 - - [16/Apr/2023:11:12:37 +0800] "GET /xingrg/all/function/internal_message.html?_=1681614757917&CODE_STATE=getMsg HTTP/1.1" 200 27
116.192.124.172 - - [16/Apr/2023:11:12:40 +0800] "GET /xingrg/all/function/internal_message.html?_=1681614760480&CODE_STATE=getMsg HTTP/1.1" 200 27
222.70.244.216 - - [16/Apr/2023:11:12:42 +0800] "GET /xingrg/all/function/internal_message.html?_=1681614783790&CODE_STATE=getMsg HTTP/1.1" 302 -
116.224.158.100 - - [16/Apr/2023:11:12:42 +0800] "GET /xingrg/all/function/internal_message.html?_=1681614764182&CODE_STATE=getMsg HTTP/1.1" 200 27
180.171.122.0 - - [16/Apr/2023:11:12:43 +0800] "GET /xingrg/check_reg.html?_=1681614762370 HTTP/1.1" 200 22
222.69.130.254 - - [16/Apr/2023:11:12:43 +0800] "GET /xingrg/all/function/internal_message.html?_=1681614763970&CODE_STATE=getMsg HTTP/1.1" 200 27
222.69.130.254 - - [16/Apr/2023:11:12:43 +0800] "GET /xingrg/check_reg.html?_=1681614763985 HTTP/1.1" 200 22
116.224.106.218 - - [16/Apr/2023:11:12:49 +0800] "GET /xingrg/all/function/internal_message.html?_=1681614768682&CODE_STATE=getMsg HTTP/1.1" 200 27
116.224.158.100 - - [16/Apr/2023:11:12:49 +0800] "GET /xingrg/all/function/internal_message.html?_=1681614611271&CODE_STATE=getMsg HTTP/1.1" 200 27
124.78.155.10 - - [16/Apr/2023:11:12:58 +0800] "GET /xingrg/check_reg.html?_=1681614774277 HTTP/1.1" 200 22
58.40.7.146 - - [16/Apr/2023:11:13:01 +0800] "GET /xingrg/all/function/internal_message.html?_=1681614780982&CODE_STATE=getMsg HTTP/1.1" 200 27
58.40.7.146 - - [16/Apr/2023:11:13:01 +0800] "GET /xingrg/check_reg.html?_=1681614780985 HTTP/1.1" 200 22
101.229.22.234 - - [16/Apr/2023:11:13:01 +0800] "GET /xingrg/all/function/internal_message.html?_=1681614781423&CODE_STATE=getMsg HTTP/1.1" 200 27
124.78.155.10 - - [16/Apr/2023:11:13:01 +0800] "GET /xingrg/all/function/internal_message.html?_=1681614777589&CODE_STATE=getMsg HTTP/1.1" 200 27
222.70.244.216 - - [16/Apr/2023:11:13:06 +0800] "GET /xingrg/all/function/internal_message.html?_=1681614812225&CODE_STATE=getMsg HTTP/1.1" 200 27
116.238.139.35 - - [16/Apr/2023:11:13:07 +0800] "GET /xingrg/kc/buy/cgsh_order_operate.html?command=get_materiel&rest_code=00151&code=00101019404&supplier_code=00100151&order_time=2023-04-16 HTTP/1.1" 200 473
222.69.130.254 - - [16/Apr/2023:11:13:09 +0800] "GET /xingrg/all/function/internal_message.html?_=1681614789041&CODE_STATE=getMsg HTTP/1.1" 200 27
116.192.124.172 - - [16/Apr/2023:11:13:21 +0800] "POST /xingrg/kc/buy/cgsh_order_operate.html HTTP/1.1" 200 37
114.83.222.182 - - [16/Apr/2023:11:13:21 +0800] "GET /xingrg/all/function/internal_message.html?_=1681614889253&CODE_STATE=getMsg HTTP/1.1" 200 27
114.83.222.182 - - [16/Apr/2023:11:13:22 +0800] "GET /xingrg/check_reg.html?_=1681614889841 HTTP/1.1" 200 22
116.227.208.255 - - [16/Apr/2023:11:13:23 +0800] "GET /xingrg/check_reg.html?_=1681614874104 HTTP/1.1" 200 22
116.192.124.172 - - [16/Apr/2023:11:13:23 +0800] "POST /xingrg/kc/buy/cgsh_order_operate.html HTTP/1.1" 200 21759
116.227.208.255 - - [16/Apr/2023:11:13:23 +0800] "GET /xingrg/all/function/internal_message.html?_=1681614874532&CODE_STATE=getMsg HTTP/1.1" 200 27
180.171.122.0 - - [16/Apr/2023:11:13:26 +0800] "GET /xingrg/all/function/internal_message.html?_=1681614805783&CODE_STATE=getMsg HTTP/1.1" 200 27
180.171.122.0 - - [16/Apr/2023:11:13:28 +0800] "GET /xingrg/all/function/internal_message.html?_=1681614806725&CODE_STATE=getMsg HTTP/1.1" 200 27
180.169.147.146 - - [16/Apr/2023:11:13:29 +0800] "GET /xingrg/all/function/internal_message.html?_=1681614811690&CODE_STATE=getMsg HTTP/1.1" 200 27
180.164.3.199 - - [16/Apr/2023:11:13:35 +0800] "GET /xingrg/all/function/internal_message.html?_=1681614814920&CODE_STATE=getMsg HTTP/1.1" 200 27
124.79.74.67 - - [16/Apr/2023:11:13:37 +0800] "GET /xingrg/all/function/internal_message.html?_=1681614817305&CODE_STATE=getMsg HTTP/1.1" 200 27
124.79.74.67 - - [16/Apr/2023:11:13:37 +0800] "GET /xingrg/check_reg.html?_=1681614817307 HTTP/1.1" 200 22
116.238.139.35 - - [16/Apr/2023:11:13:37 +0800] "GET /xingrg/all/function/internal_message.html?_=1681614817888&CODE_STATE=getMsg HTTP/1.1" 200 27
116.192.124.172 - - [16/Apr/2023:11:13:40 +0800] "GET /xingrg/all/function/internal_message.html?_=1681614820492&CODE_STATE=getMsg HTTP/1.1" 200 27
222.70.244.216 - - [16/Apr/2023:11:13:42 +0800] "GET /xingrg/all/function/internal_message.html?_=1681614843803&CODE_STATE=getMsg HTTP/1.1" 302 -
116.224.158.100 - - [16/Apr/2023:11:13:42 +0800] "GET /xingrg/all/function/internal_message.html?_=1681614824155&CODE_STATE=getMsg HTTP/1.1" 200 27
222.69.130.254 - - [16/Apr/2023:11:13:43 +0800] "GET /xingrg/all/function/internal_message.html?_=1681614823987&CODE_STATE=getMsg HTTP/1.1" 200 27
124.79.74.67 - - [16/Apr/2023:11:13:48 +0800] "GET /xingrg/kc/buy/cgsh_order_operate.html?command=get_materiel&rest_code=00156&code=00101008182&supplier_code=00100007&order_time=2023-04-15 HTTP/1.1" 200 432
116.224.106.218 - - [16/Apr/2023:11:13:49 +0800] "GET /xingrg/all/function/internal_message.html?_=1681614828667&CODE_STATE=getMsg HTTP/1.1" 200 27
116.224.158.100 - - [16/Apr/2023:11:13:49 +0800] "GET /xingrg/all/function/internal_message.html?_=1681614671280&CODE_STATE=getMsg HTTP/1.1" 200 27
124.79.74.67 - - [16/Apr/2023:11:13:57 +0800] "GET /xingrg/kc/buy/cgsh_order_operate.html?command=get_materiel&rest_code=00156&code=00101008283&supplier_code=00100007&order_time=2023-04-15 HTTP/1.1" 200 428
58.40.7.146 - - [16/Apr/2023:11:14:00 +0800] "GET /xingrg/all/function/internal_message.html?_=1681614840972&CODE_STATE=getMsg HTTP/1.1" 200 27
101.229.22.234 - - [16/Apr/2023:11:14:01 +0800] "GET /xingrg/all/function/internal_message.html?_=1681614841422&CODE_STATE=getMsg HTTP/1.1" 200 27
124.78.155.10 - - [16/Apr/2023:11:14:01 +0800] "GET /xingrg/all/function/internal_message.html?_=1681614837574&CODE_STATE=getMsg HTTP/1.1" 200 27
222.70.244.216 - - [16/Apr/2023:11:14:06 +0800] "GET /xingrg/all/function/internal_message.html?_=1681614872520&CODE_STATE=getMsg HTTP/1.1" 200 27
222.69.130.254 - - [16/Apr/2023:11:14:09 +0800] "GET /xingrg/all/function/internal_message.html?_=1681614849024&CODE_STATE=getMsg HTTP/1.1" 200 27
180.169.147.146 - - [16/Apr/2023:11:14:13 +0800] "GET /xingrg/kc/base/wldb_order_list.html HTTP/1.1" 200 19104
180.169.147.146 - - [16/Apr/2023:11:14:13 +0800] "POST /xingrg/kc/base/wldb_list_operate.html HTTP/1.1" 200 2985
124.79.74.67 - - [16/Apr/2023:11:14:13 +0800] "GET /xingrg/kc/buy/cgsh_order_operate.html?command=get_materiel&rest_code=00156&code=00101008694&supplier_code=00100007&order_time=2023-04-15 HTTP/1.1" 200 420
180.169.147.146 - - [16/Apr/2023:11:14:15 +0800] "GET /xingrg/kc/base/wldb_order_add.html HTTP/1.1" 200 30387
180.169.147.146 - - [16/Apr/2023:11:14:15 +0800] "GET /xingrg/words/20230416105303_words.js HTTP/1.1" 304 -
180.169.147.146 - - [16/Apr/2023:11:14:15 +0800] "POST /xingrg/kc/base/wldb_order_operate.html HTTP/1.1" 200 6806
180.169.147.146 - - [16/Apr/2023:11:14:15 +0800] "GET /xingrg/javascript/easyui/themes/default/validatebox.css HTTP/1.1" 404 1104
180.169.147.146 - - [16/Apr/2023:11:14:16 +0800] "POST /xingrg/all/common/load_combo.html?type=base HTTP/1.1" 200 3230
116.238.139.35 - - [16/Apr/2023:11:14:18 +0800] "POST /xingrg/kc/buy/cgsh_order_operate.html HTTP/1.1" 200 2065
114.83.222.182 - - [16/Apr/2023:11:14:21 +0800] "GET /xingrg/all/function/internal_message.html?_=1681614949239&CODE_STATE=getMsg HTTP/1.1" 200 27
180.169.147.146 - - [16/Apr/2023:11:14:21 +0800] "POST /xingrg/all/common/load_combo.html?type=base HTTP/1.1" 200 3230
116.227.208.255 - - [16/Apr/2023:11:14:23 +0800] "GET /xingrg/all/function/internal_message.html?_=1681614934517&CODE_STATE=getMsg HTTP/1.1" 200 27
124.79.74.67 - - [16/Apr/2023:11:14:26 +0800] "GET /xingrg/kc/buy/cgsh_order_operate.html?command=get_materiel&rest_code=00156&code=00101008213&supplier_code=00100007&order_time=2023-04-15 HTTP/1.1" 200 432
180.171.122.0 - - [16/Apr/2023:11:14:26 +0800] "GET /xingrg/all/function/internal_message.html?_=1681614865753&CODE_STATE=getMsg HTTP/1.1" 200 27
180.171.122.0 - - [16/Apr/2023:11:14:28 +0800] "GET /xingrg/all/function/internal_message.html?_=1681614866722&CODE_STATE=getMsg HTTP/1.1" 200 27
180.169.147.146 - - [16/Apr/2023:11:14:29 +0800] "GET /xingrg/javascript/auto/indicator.gif HTTP/1.1" 404 1066
180.169.147.146 - - [16/Apr/2023:11:14:29 +0800] "GET /xingrg/all/function/internal_message.html?_=1681614871676&CODE_STATE=getMsg HTTP/1.1" 200 27
180.169.147.146 - - [16/Apr/2023:11:14:29 +0800] "GET /xingrg/kc/base/wldb_order_operate.html?command=get_materiel&rest_code=00147&base_code=0010345&code=00101019816 HTTP/1.1" 200 447
180.171.122.0 - - [16/Apr/2023:11:14:33 +0800] "GET /xingrg/kc/buy/buy_main.html HTTP/1.1" 200 12412
180.171.122.0 - - [16/Apr/2023:11:14:33 +0800] "GET /xingrg/css/new_ie.css HTTP/1.1" 404 1036
180.171.122.0 - - [16/Apr/2023:11:14:33 +0800] "GET /xingrg/images/yd/bt.gif HTTP/1.1" 404 1040
124.79.74.67 - - [16/Apr/2023:11:14:34 +0800] "GET /xingrg/kc/buy/cgsh_order_operate.html?command=get_materiel&rest_code=00156&code=00101008118&supplier_code=00100007&order_time=2023-04-15 HTTP/1.1" 200 418
180.164.3.199 - - [16/Apr/2023:11:14:35 +0800] "GET /xingrg/all/function/internal_message.html?_=1681614874913&CODE_STATE=getMsg HTTP/1.1" 200 27
180.169.147.146 - - [16/Apr/2023:11:14:35 +0800] "POST /xingrg/kc/base/wldb_order_operate.html HTTP/1.1" 200 37
180.171.122.0 - - [16/Apr/2023:11:14:35 +0800] "GET /xingrg/kc/buy/cgsh_order_list.html HTTP/1.1" 200 54671
180.169.147.146 - - [16/Apr/2023:11:14:36 +0800] "POST /xingrg/kc/base/wldb_order_operate.html HTTP/1.1" 200 2191
180.164.3.199 - - [16/Apr/2023:11:14:36 +0800] "GET /xingrg/check_reg.html?_=1681614876214 HTTP/1.1" 200 22
124.79.74.67 - - [16/Apr/2023:11:14:37 +0800] "GET /xingrg/all/function/internal_message.html?_=1681614877307&CODE_STATE=getMsg HTTP/1.1" 200 27
116.238.139.35 - - [16/Apr/2023:11:14:37 +0800] "GET /xingrg/all/function/internal_message.html?_=1681614877874&CODE_STATE=getMsg HTTP/1.1" 200 27
180.169.147.146 - - [16/Apr/2023:11:14:38 +0800] "GET /xingrg/kc/base/wldb_order_info.html?code=422023041601255 HTTP/1.1" 200 30402
180.169.147.146 - - [16/Apr/2023:11:14:38 +0800] "GET /xingrg/javascript/easyui/themes/default/validatebox.css HTTP/1.1" 404 1104
180.169.147.146 - - [16/Apr/2023:11:14:39 +0800] "POST /xingrg/kc/base/wldb_order_operate.html HTTP/1.1" 200 2191
180.171.122.0 - - [16/Apr/2023:11:14:40 +0800] "POST /xingrg/kc/buy/cgsh_list_operate.html HTTP/1.1" 200 2302
180.169.147.146 - - [16/Apr/2023:11:14:40 +0800] "GET /xingrg/kc/base/wldb_order_add.html HTTP/1.1" 200 30387
116.192.124.172 - - [16/Apr/2023:11:14:40 +0800] "GET /xingrg/all/function/internal_message.html?_=1681614880489&CODE_STATE=getMsg HTTP/1.1" 200 27
180.169.147.146 - - [16/Apr/2023:11:14:40 +0800] "POST /xingrg/kc/base/wldb_order_operate.html HTTP/1.1" 200 6806
180.169.147.146 - - [16/Apr/2023:11:14:40 +0800] "GET /xingrg/javascript/easyui/themes/default/validatebox.css HTTP/1.1" 404 1104
124.79.74.67 - - [16/Apr/2023:11:14:40 +0800] "GET /xingrg/kc/buy/cgsh_order_operate.html?command=get_materiel&rest_code=00156&code=00101008141&supplier_code=00100007&order_time=2023-04-15 HTTP/1.1" 200 412
180.169.147.146 - - [16/Apr/2023:11:14:41 +0800] "POST /xingrg/all/common/load_combo.html?type=base HTTP/1.1" 200 3230
222.70.244.216 - - [16/Apr/2023:11:14:42 +0800] "GET /xingrg/all/function/internal_message.html?_=1681614903855&CODE_STATE=getMsg HTTP/1.1" 302 -
116.224.158.100 - - [16/Apr/2023:11:14:42 +0800] "GET /xingrg/all/function/internal_message.html?_=1681614884163&CODE_STATE=getMsg HTTP/1.1" 200 27
180.169.147.146 - - [16/Apr/2023:11:14:42 +0800] "GET /xingrg/check_reg.html?_=1681614883591 HTTP/1.1" 200 22
222.69.130.254 - - [16/Apr/2023:11:14:43 +0800] "GET /xingrg/all/function/internal_message.html?_=1681614883993&CODE_STATE=getMsg HTTP/1.1" 200 27
180.169.147.146 - - [16/Apr/2023:11:14:45 +0800] "POST /xingrg/all/common/load_combo.html?type=base HTTP/1.1" 200 3230
