180.169.147.146 - - [11/Apr/2023:10:38:18 +0800] "GET /xingrg/all/function/internal_message.html?_=1681180698862&CODE_STATE=getMsg HTTP/1.1" 200 27
180.163.29.212 - - [11/Apr/2023:10:38:19 +0800] "GET /xingrg/all/function/internal_message.html?_=1681180638656&CODE_STATE=getMsg HTTP/1.1" 302 -
180.163.29.212 - - [11/Apr/2023:10:38:19 +0800] "GET /xingrg/login.html HTTP/1.1" 200 7641
124.78.155.10 - - [11/Apr/2023:10:38:19 +0800] "GET /xingrg/all/function/internal_message.html?_=1681180698632&CODE_STATE=getMsg HTTP/1.1" 200 27
180.171.122.0 - - [11/Apr/2023:10:38:19 +0800] "GET /xingrg/all/function/internal_message.html?_=1681180698773&CODE_STATE=getMsg HTTP/1.1" 200 27
114.83.222.182 - - [11/Apr/2023:10:38:21 +0800] "GET /xingrg/kc/buy/cgsh_order_operate.html?command=get_materiel&rest_code=00154&code=00101008261&supplier_code=00100417&order_time=2023-04-11 HTTP/1.1" 200 408
116.228.172.94 - - [11/Apr/2023:10:38:27 +0800] "GET /xingrg/kc/buy/cgsh_order_operate.html?command=get_materiel&rest_code=00108&code=00101008355&supplier_code=00100590&order_time=2023-04-07 HTTP/1.1" 200 408
180.157.168.27 - - [11/Apr/2023:10:38:27 +0800] "GET /xingrg/javascript/jquery_tools/images/prev.gif HTTP/1.1" 404 1086
180.157.168.27 - - [11/Apr/2023:10:38:27 +0800] "GET /xingrg/javascript/jquery_tools/images/next.gif HTTP/1.1" 404 1086
124.79.240.114 - - [11/Apr/2023:10:38:30 +0800] "GET /xingrg/all/function/internal_message.html?_=1681180977325&CODE_STATE=getMsg HTTP/1.1" 200 27
180.157.168.27 - - [11/Apr/2023:10:38:31 +0800] "GET /xingrg/ HTTP/1.1" 200 292
180.157.168.27 - - [11/Apr/2023:10:38:31 +0800] "GET /xingrg/index.html HTTP/1.1" 302 -
180.157.168.27 - - [11/Apr/2023:10:38:31 +0800] "GET /favicon.ico HTTP/1.1" 404 -
180.157.168.27 - - [11/Apr/2023:10:38:31 +0800] "GET /xingrg/supplier_index.html?sysBaseUrl=http%3A%2F%2F180.169.147.146%3A18081%2Fxingrg%2F&costTime=0×tamp=1681180711533 HTTP/1.1" 200 9061
180.157.168.27 - - [11/Apr/2023:10:38:31 +0800] "GET /favicon.ico HTTP/1.1" 404 -
114.83.221.160 - - [11/Apr/2023:10:38:32 +0800] "GET /xingrg/all/function/internal_message.html?_=1681180712389&CODE_STATE=getMsg HTTP/1.1" 200 27
180.164.3.199 - - [11/Apr/2023:10:38:32 +0800] "GET /xingrg/all/function/internal_message.html?_=1681180712592&CODE_STATE=getMsg HTTP/1.1" 200 27
114.83.222.182 - - [11/Apr/2023:10:38:33 +0800] "GET /xingrg/all/function/internal_message.html?_=1681180798916&CODE_STATE=getMsg HTTP/1.1" 200 27
222.70.240.179 - - [11/Apr/2023:10:38:34 +0800] "GET /xingrg/all/function/internal_message.html?_=1681180719912&CODE_STATE=getMsg HTTP/1.1" 200 27
116.238.139.35 - - [11/Apr/2023:10:38:34 +0800] "GET /xingrg/all/function/internal_message.html?_=1681180714569&CODE_STATE=getMsg HTTP/1.1" 200 27
116.238.139.35 - - [11/Apr/2023:10:38:34 +0800] "GET /xingrg/check_reg.html?_=1681180714571 HTTP/1.1" 200 22
180.157.168.27 - - [11/Apr/2023:10:38:36 +0800] "POST /xingrg/supplier/cgsh_list_operate.html HTTP/1.1" 200 6209
116.228.172.94 - - [11/Apr/2023:10:38:36 +0800] "GET /xingrg/kc/buy/cgsh_order_operate.html?command=get_materiel&rest_code=00108&code=00101008024&supplier_code=00100590&order_time=2023-04-07 HTTP/1.1" 200 408
222.67.232.202 - - [11/Apr/2023:10:38:42 +0800] "GET /xingrg/all/function/internal_message.html?_=1681180725890&CODE_STATE=getMsg HTTP/1.1" 200 27
222.70.240.179 - - [11/Apr/2023:10:38:43 +0800] "GET /xingrg/kc/buy/cgsh_order_operate.html?command=get_materiel&rest_code=00146&code=00101001075&supplier_code=00100041&order_time=2023-04-11 HTTP/1.1" 200 409
116.228.172.94 - - [11/Apr/2023:10:38:43 +0800] "GET /xingrg/kc/buy/cgsh_order_operate.html?command=get_materiel&rest_code=00108&code=00101008350&supplier_code=00100590&order_time=2023-04-07 HTTP/1.1" 200 408
116.192.124.172 - - [11/Apr/2023:10:38:46 +0800] "GET /xingrg/check_reg.html?_=1681180728478 HTTP/1.1" 200 22
116.192.124.172 - - [11/Apr/2023:10:38:46 +0800] "GET /xingrg/all/function/internal_message.html?_=1681180728482&CODE_STATE=getMsg HTTP/1.1" 200 27
116.228.172.94 - - [11/Apr/2023:10:38:48 +0800] "GET /xingrg/all/function/internal_message.html?_=1681180659141&CODE_STATE=getMsg HTTP/1.1" 200 27
116.228.172.94 - - [11/Apr/2023:10:38:49 +0800] "GET /xingrg/kc/buy/cgsh_order_operate.html?command=get_materiel&rest_code=00108&code=00101012038&supplier_code=00100590&order_time=2023-04-07 HTTP/1.1" 200 412
101.229.22.234 - - [11/Apr/2023:10:38:54 +0800] "GET /xingrg/all/function/internal_message.html?_=1681180732773&CODE_STATE=getMsg HTTP/1.1" 200 27
101.229.22.234 - - [11/Apr/2023:10:38:54 +0800] "GET /xingrg/check_reg.html?_=1681180732774 HTTP/1.1" 200 22
116.228.172.94 - - [11/Apr/2023:10:38:54 +0800] "GET /xingrg/kc/buy/cgsh_order_operate.html?command=get_materiel&rest_code=00108&code=00101008372&supplier_code=00100590&order_time=2023-04-07 HTTP/1.1" 200 408
222.70.240.179 - - [11/Apr/2023:10:38:56 +0800] "GET /xingrg/kc/buy/cgsh_order_operate.html?command=get_materiel&rest_code=00146&code=00101004020&supplier_code=00100041&order_time=2023-04-11 HTTP/1.1" 200 409
58.40.7.146 - - [11/Apr/2023:10:38:56 +0800] "GET /xingrg/all/function/internal_message.html?_=1681180736035&CODE_STATE=getMsg HTTP/1.1" 302 -
180.157.168.27 - - [11/Apr/2023:10:38:59 +0800] "POST /xingrg/supplier/cgsh_list_operate.html HTTP/1.1" 200 6373
116.228.172.94 - - [11/Apr/2023:10:38:59 +0800] "GET /xingrg/kc/buy/cgsh_order_operate.html?command=get_materiel&rest_code=00108&code=00101008357&supplier_code=00100590&order_time=2023-04-07 HTTP/1.1" 200 408
116.224.158.100 - - [11/Apr/2023:10:39:00 +0800] "GET /xingrg/kc/buy/cgsh_order_operate.html?command=get_materiel&rest_code=00105&code=00101008036&supplier_code=00100203&order_time=2023-04-11 HTTP/1.1" 200 408
120.253.135.82 - - [11/Apr/2023:10:39:02 +0800] "GET /xingrg/all/function/internal_message.html?_=1681180577846&CODE_STATE=getMsg HTTP/1.1" 200 27
116.224.158.100 - - [11/Apr/2023:10:39:04 +0800] "GET /xingrg/all/function/internal_message.html?_=1681180587496&CODE_STATE=getMsg HTTP/1.1" 200 27
116.228.172.94 - - [11/Apr/2023:10:39:05 +0800] "GET /xingrg/kc/buy/cgsh_order_operate.html?command=get_materiel&rest_code=00108&code=00101008046&supplier_code=00100590&order_time=2023-04-07 HTTP/1.1" 200 408
180.169.147.146 - - [11/Apr/2023:10:39:07 +0800] "POST /xingrg/kc/buy/cgsh_list_operate.html HTTP/1.1" 200 5963
222.70.240.179 - - [11/Apr/2023:10:39:08 +0800] "GET /xingrg/kc/buy/cgsh_order_operate.html?command=get_materiel&rest_code=00146&code=00101003025&supplier_code=00100041&order_time=2023-04-11 HTTP/1.1" 200 411
116.238.139.35 - - [11/Apr/2023:10:39:09 +0800] "GET /xingrg/all/function/internal_message.html?_=1681180655308&CODE_STATE=getMsg HTTP/1.1" 200 27
116.228.172.94 - - [11/Apr/2023:10:39:10 +0800] "GET /xingrg/kc/buy/cgsh_order_operate.html?command=get_materiel&rest_code=00108&code=00101008261&supplier_code=00100590&order_time=2023-04-07 HTTP/1.1" 200 408
116.227.208.255 - - [11/Apr/2023:10:39:12 +0800] "GET /xingrg/all/function/internal_message.html?_=1681180834115&CODE_STATE=getMsg HTTP/1.1" 302 -
114.83.221.160 - - [11/Apr/2023:10:39:12 +0800] "POST /xingrg/dwr/call/plaincall/AjaxQqpsService.saveOrder.dwr HTTP/1.1" 200 78
114.83.221.160 - - [11/Apr/2023:10:39:12 +0800] "POST /xingrg/dwr/call/plaincall/AjaxQqpsService.saveOrder.dwr HTTP/1.1" 200 78
180.157.168.27 - - [11/Apr/2023:10:39:14 +0800] "POST /xingrg/supplier/cgsh_list_operate.html HTTP/1.1" 200 2159
180.169.147.146 - - [11/Apr/2023:10:39:15 +0800] "GET /xingrg/all/function/internal_message.html?_=1681180750743&CODE_STATE=getMsg HTTP/1.1" 200 27
116.228.172.94 - - [11/Apr/2023:10:39:15 +0800] "GET /xingrg/kc/buy/cgsh_order_operate.html?command=get_materiel&rest_code=00108&code=00101008141&supplier_code=00100590&order_time=2023-04-07 HTTP/1.1" 200 412
114.83.222.182 - - [11/Apr/2023:10:39:15 +0800] "GET /xingrg/kc/buy/cgsh_order_operate.html?command=get_materiel&rest_code=00154&code=00101008077&supplier_code=00100417&order_time=2023-04-11 HTTP/1.1" 200 416
180.169.147.146 - - [11/Apr/2023:10:39:18 +0800] "GET /xingrg/all/function/internal_message.html?_=1681180758860&CODE_STATE=getMsg HTTP/1.1" 200 27
124.78.155.10 - - [11/Apr/2023:10:39:19 +0800] "GET /xingrg/all/function/internal_message.html?_=1681180758619&CODE_STATE=getMsg HTTP/1.1" 200 27
180.171.122.0 - - [11/Apr/2023:10:39:19 +0800] "GET /xingrg/all/function/internal_message.html?_=1681180758778&CODE_STATE=getMsg HTTP/1.1" 200 27
116.228.172.94 - - [11/Apr/2023:10:39:20 +0800] "GET /xingrg/kc/buy/cgsh_order_operate.html?command=get_materiel&rest_code=00108&code=00101008370&supplier_code=00100590&order_time=2023-04-07 HTTP/1.1" 200 412
114.83.221.160 - - [11/Apr/2023:10:39:21 +0800] "POST /xingrg/dwr/call/plaincall/AjaxQqpsService.getMaterielByCode.dwr HTTP/1.1" 200 2743
114.83.221.160 - - [11/Apr/2023:10:39:24 +0800] "POST /xingrg/dwr/call/plaincall/AjaxQqpsService.saveMaterielItem.dwr HTTP/1.1" 200 78
116.228.172.94 - - [11/Apr/2023:10:39:26 +0800] "GET /xingrg/kc/buy/cgsh_order_operate.html?command=get_materiel&rest_code=00108&code=00101008300&supplier_code=00100590&order_time=2023-04-07 HTTP/1.1" 200 412
222.70.240.179 - - [11/Apr/2023:10:39:26 +0800] "GET /xingrg/kc/buy/cgsh_order_operate.html?command=get_materiel&rest_code=00146&code=00101001009&supplier_code=00100041&order_time=2023-04-11 HTTP/1.1" 200 411
116.224.158.100 - - [11/Apr/2023:10:39:26 +0800] "GET /xingrg/kc/buy/cgsh_order_operate.html?command=get_materiel&rest_code=00105&code=00101008131&supplier_code=00100203&order_time=2023-04-11 HTTP/1.1" 200 408
114.83.221.160 - - [11/Apr/2023:10:39:27 +0800] "POST /xingrg/dwr/call/plaincall/AjaxQqpsService.checkOrder.dwr HTTP/1.1" 200 78
114.83.221.160 - - [11/Apr/2023:10:39:29 +0800] "GET /xingrg/kc/mdqp/qqps_order_info.html?code=302023041100188 HTTP/1.1" 200 26801
114.83.221.160 - - [11/Apr/2023:10:39:29 +0800] "GET /xingrg/dwr/interface/AjaxComOrderService.js HTTP/1.1" 200 18264
114.83.221.160 - - [11/Apr/2023:10:39:29 +0800] "GET /xingrg/dwr/interface/AjaxQqpsService.js HTTP/1.1" 200 16326
114.83.221.160 - - [11/Apr/2023:10:39:29 +0800] "GET /xingrg/dwr/engine.js HTTP/1.1" 200 43631
114.83.221.160 - - [11/Apr/2023:10:39:30 +0800] "POST /xingrg/dwr/call/plaincall/AjaxQqpsService.loadMaterielItems.dwr HTTP/1.1" 200 331
124.79.240.114 - - [11/Apr/2023:10:39:30 +0800] "GET /xingrg/check_reg.html?_=1681181037320 HTTP/1.1" 200 22
124.79.240.114 - - [11/Apr/2023:10:39:30 +0800] "GET /xingrg/all/function/internal_message.html?_=1681181037321&CODE_STATE=getMsg HTTP/1.1" 200 27
114.83.221.160 - - [11/Apr/2023:10:39:32 +0800] "GET /xingrg/all/function/internal_message.html?_=1681180772367&CODE_STATE=getMsg HTTP/1.1" 200 27
180.164.3.199 - - [11/Apr/2023:10:39:32 +0800] "GET /xingrg/all/function/internal_message.html?_=1681180772606&CODE_STATE=getMsg HTTP/1.1" 200 27
114.83.222.182 - - [11/Apr/2023:10:39:33 +0800] "GET /xingrg/all/function/internal_message.html?_=1681180858900&CODE_STATE=getMsg HTTP/1.1" 200 27
222.70.240.179 - - [11/Apr/2023:10:39:34 +0800] "GET /xingrg/all/function/internal_message.html?_=1681180779924&CODE_STATE=getMsg HTTP/1.1" 200 27
116.228.172.94 - - [11/Apr/2023:10:39:34 +0800] "GET /xingrg/kc/buy/cgsh_order_operate.html?command=get_materiel&rest_code=00108&code=00101008295&supplier_code=00100590&order_time=2023-04-07 HTTP/1.1" 200 412
116.238.139.35 - - [11/Apr/2023:10:39:34 +0800] "GET /xingrg/all/function/internal_message.html?_=1681180774569&CODE_STATE=getMsg HTTP/1.1" 200 27
172.20.0.100 - - [11/Apr/2023:10:39:35 +0800] "GET /xingrg/check_reg.html?_=1681180780070 HTTP/1.1" 302 -
114.83.222.182 - - [11/Apr/2023:10:39:36 +0800] "GET /xingrg/kc/buy/cgsh_order_operate.html?command=get_materiel&rest_code=00154&code=00101008003&supplier_code=00100417&order_time=2023-04-11 HTTP/1.1" 200 408
222.67.232.202 - - [11/Apr/2023:10:39:42 +0800] "GET /xingrg/all/function/internal_message.html?_=1681180785890&CODE_STATE=getMsg HTTP/1.1" 200 27
222.70.240.179 - - [11/Apr/2023:10:39:44 +0800] "POST /xingrg/kc/buy/cgsh_order_operate.html HTTP/1.1" 200 37
116.224.158.100 - - [11/Apr/2023:10:39:46 +0800] "GET /xingrg/kc/buy/cgsh_order_operate.html?command=get_materiel&rest_code=00105&code=00101001156&supplier_code=00100203&order_time=2023-04-11 HTTP/1.1" 200 409
116.192.124.172 - - [11/Apr/2023:10:39:46 +0800] "GET /xingrg/all/function/internal_message.html?_=1681180788493&CODE_STATE=getMsg HTTP/1.1" 200 27
116.228.172.94 - - [11/Apr/2023:10:39:48 +0800] "GET /xingrg/all/function/internal_message.html?_=1681180719133&CODE_STATE=getMsg HTTP/1.1" 200 27
114.83.222.182 - - [11/Apr/2023:10:39:49 +0800] "GET /xingrg/kc/buy/cgsh_order_operate.html?command=get_materiel&rest_code=00154&code=00101008350&supplier_code=00100417&order_time=2023-04-11 HTTP/1.1" 200 408
222.70.240.179 - - [11/Apr/2023:10:39:49 +0800] "POST /xingrg/kc/buy/cgsh_order_operate.html HTTP/1.1" 200 4416
101.229.22.234 - - [11/Apr/2023:10:39:54 +0800] "GET /xingrg/all/function/internal_message.html?_=1681180792772&CODE_STATE=getMsg HTTP/1.1" 200 27
58.40.7.146 - - [11/Apr/2023:10:39:56 +0800] "GET /xingrg/all/function/internal_message.html?_=1681180796038&CODE_STATE=getMsg HTTP/1.1" 302 -
114.83.221.160 - - [11/Apr/2023:10:39:59 +0800] "GET /xingrg/kc/mdqp/qqps_order_list.html?isBack=1 HTTP/1.1" 200 10088
114.83.221.160 - - [11/Apr/2023:10:39:59 +0800] "GET /xingrg/dwr/interface/AjaxQqpsService.js HTTP/1.1" 200 16326
114.83.221.160 - - [11/Apr/2023:10:39:59 +0800] "GET /xingrg/dwr/interface/AjaxReportQueryService.js HTTP/1.1" 200 13203
114.83.221.160 - - [11/Apr/2023:10:39:59 +0800] "GET /xingrg/dwr/engine.js HTTP/1.1" 200 43631
114.83.221.160 - - [11/Apr/2023:10:40:02 +0800] "GET /xingrg/kc/mdqp/qqps_order_add.html HTTP/1.1" 200 28398
114.83.221.160 - - [11/Apr/2023:10:40:02 +0800] "GET /xingrg/dwr/interface/AjaxComOrderService.js HTTP/1.1" 200 18264
114.83.221.160 - - [11/Apr/2023:10:40:02 +0800] "GET /xingrg/dwr/interface/AjaxQqpsService.js HTTP/1.1" 200 16326
114.83.221.160 - - [11/Apr/2023:10:40:02 +0800] "GET /xingrg/dwr/engine.js HTTP/1.1" 200 43631
120.253.135.82 - - [11/Apr/2023:10:40:02 +0800] "GET /xingrg/all/function/internal_message.html?_=1681180637858&CODE_STATE=getMsg HTTP/1.1" 200 27
114.83.222.182 - - [11/Apr/2023:10:40:03 +0800] "GET /xingrg/kc/buy/cgsh_order_operate.html?command=get_materiel&rest_code=00154&code=00101008644&supplier_code=00100417&order_time=2023-04-11 HTTP/1.1" 200 420
116.224.158.100 - - [11/Apr/2023:10:40:04 +0800] "GET /xingrg/all/function/internal_message.html?_=1681180647508&CODE_STATE=getMsg HTTP/1.1" 200 27
116.224.158.100 - - [11/Apr/2023:10:40:04 +0800] "GET /xingrg/kc/buy/cgsh_order_operate.html?command=get_materiel&rest_code=00105&code=00101008318&supplier_code=00100203&order_time=2023-04-11 HTTP/1.1" 200 408
116.238.139.35 - - [11/Apr/2023:10:40:08 +0800] "GET /xingrg/check_reg.html?_=1681180714587 HTTP/1.1" 200 22
116.238.139.35 - - [11/Apr/2023:10:40:09 +0800] "GET /xingrg/all/function/internal_message.html?_=1681180715321&CODE_STATE=getMsg HTTP/1.1" 200 27
116.227.208.255 - - [11/Apr/2023:10:40:12 +0800] "GET /xingrg/all/function/internal_message.html?_=1681180894087&CODE_STATE=getMsg HTTP/1.1" 302 -
180.169.147.146 - - [11/Apr/2023:10:40:14 +0800] "GET /xingrg/all/function/internal_message.html?_=1681180810716&CODE_STATE=getMsg HTTP/1.1" 200 27
180.169.147.146 - - [11/Apr/2023:10:40:18 +0800] "GET /xingrg/all/function/internal_message.html?_=1681180818860&CODE_STATE=getMsg HTTP/1.1" 200 27
180.163.30.85 - - [11/Apr/2023:10:40:19 +0800] "GET /xingrg/all/function/internal_message.html?_=1681180758619&CODE_STATE=getMsg HTTP/1.1" 302 -
180.163.30.85 - - [11/Apr/2023:10:40:19 +0800] "GET /xingrg/login.html HTTP/1.1" 200 7641
124.78.155.10 - - [11/Apr/2023:10:40:19 +0800] "GET /xingrg/all/function/internal_message.html?_=1681180818602&CODE_STATE=getMsg HTTP/1.1" 200 27
180.171.122.0 - - [11/Apr/2023:10:40:19 +0800] "GET /xingrg/all/function/internal_message.html?_=1681180818767&CODE_STATE=getMsg HTTP/1.1" 200 27
180.171.122.0 - - [11/Apr/2023:10:40:19 +0800] "GET /xingrg/check_reg.html?_=1681180818774 HTTP/1.1" 200 22
124.78.155.10 - - [11/Apr/2023:10:40:20 +0800] "GET /xingrg/check_reg.html?_=1681180819869 HTTP/1.1" 200 22
180.164.3.199 - - [11/Apr/2023:10:40:22 +0800] "GET /favicon.ico HTTP/1.1" 404 -
116.228.172.94 - - [11/Apr/2023:10:40:29 +0800] "POST /xingrg/all/user/operate.html HTTP/1.1" 200 36
116.228.172.94 - - [11/Apr/2023:10:40:29 +0800] "GET /xingrg/index.html?sysBaseUrl=http%3A%2F%2F180.169.147.146%3A18081%2Fxingrg%2F&costTime=1614×tamp=1681180607707 HTTP/1.1" 200 17417
116.228.172.94 - - [11/Apr/2023:10:40:29 +0800] "GET /xingrg/javascript/jquery_easy_ui/themes/default/easyui.css HTTP/1.1" 304 -
116.228.172.94 - - [11/Apr/2023:10:40:29 +0800] "GET /xingrg/javascript/jquery_easy_ui/themes/icon.css HTTP/1.1" 304 -
116.228.172.94 - - [11/Apr/2023:10:40:29 +0800] "GET /xingrg/css/form.css HTTP/1.1" 304 -
116.228.172.94 - - [11/Apr/2023:10:40:29 +0800] "GET /xingrg/javascript/jquery-1.4.2.min.js HTTP/1.1" 304 -
116.228.172.94 - - [11/Apr/2023:10:40:29 +0800] "GET /xingrg/javascript/jquery_easy_ui/jquery.easyui.min.js HTTP/1.1" 304 -
116.228.172.94 - - [11/Apr/2023:10:40:29 +0800] "GET /xingrg/javascript/jquery_easy_ui/easyui-lang-zh_CN.js HTTP/1.1" 304 -
116.228.172.94 - - [11/Apr/2023:10:40:29 +0800] "GET /xingrg/javascript/jquery.form.js HTTP/1.1" 304 -
116.228.172.94 - - [11/Apr/2023:10:40:29 +0800] "GET /xingrg/javascript/jquery.utils.js HTTP/1.1" 304 -
116.228.172.94 - - [11/Apr/2023:10:40:29 +0800] "GET /xingrg/javascript/jquery.timers.js HTTP/1.1" 304 -
116.228.172.94 - - [11/Apr/2023:10:40:29 +0800] "GET /xingrg/images/blue/jxLogo.png HTTP/1.1" 304 -
116.228.172.94 - - [11/Apr/2023:10:40:29 +0800] "GET /xingrg/images/blue/navBackgound.jpg HTTP/1.1" 304 -
116.228.172.94 - - [11/Apr/2023:10:40:29 +0800] "GET /xingrg/javascript/jquery_easy_ui/themes/icons/settle_new.png HTTP/1.1" 304 -
116.228.172.94 - - [11/Apr/2023:10:40:29 +0800] "GET /xingrg/javascript/jquery_easy_ui/themes/default/images/panel_tool_collapse.gif HTTP/1.1" 304 -
116.228.172.94 - - [11/Apr/2023:10:40:29 +0800] "GET /xingrg/all/function/internal_message.html?_=1681180760806&CODE_STATE=count HTTP/1.1" 200 11
116.228.172.94 - - [11/Apr/2023:10:40:29 +0800] "GET /xingrg/check_reg.html?_=1681180760807 HTTP/1.1" 200 22
116.228.172.94 - - [11/Apr/2023:10:40:29 +0800] "GET /xingrg/javascript/jquery_easy_ui/themes/default/images/tabs_leftarrow.png HTTP/1.1" 304 -
116.228.172.94 - - [11/Apr/2023:10:40:29 +0800] "GET /xingrg/javascript/jquery_easy_ui/themes/default/images/tabs_rightarrow.png HTTP/1.1" 304 -
116.228.172.94 - - [11/Apr/2023:10:40:29 +0800] "GET /xingrg/images/blue/pingpu.png HTTP/1.1" 304 -
116.228.172.94 - - [11/Apr/2023:10:40:29 +0800] "GET /xingrg/javascript/jquery_easy_ui/themes/default/images/panel_tool_expand.gif HTTP/1.1" 304 -
116.228.172.94 - - [11/Apr/2023:10:40:29 +0800] "POST /xingrg/all/common/load_tree.html?tree=area_rest_tree_json&manage=1 HTTP/1.1" 200 482
116.228.172.94 - - [11/Apr/2023:10:40:29 +0800] "POST /xingrg/load_menu.html HTTP/1.1" 200 9959
116.224.158.100 - - [11/Apr/2023:10:40:30 +0800] "POST /xingrg/kc/buy/cgsh_order_operate.html HTTP/1.1" 200 2065
124.79.240.114 - - [11/Apr/2023:10:40:30 +0800] "GET /xingrg/all/function/internal_message.html?_=1681181097306&CODE_STATE=getMsg HTTP/1.1" 200 27
114.83.221.160 - - [11/Apr/2023:10:40:32 +0800] "GET /xingrg/all/function/internal_message.html?_=1681180832354&CODE_STATE=getMsg HTTP/1.1" 200 27
180.164.3.199 - - [11/Apr/2023:10:40:32 +0800] "GET /xingrg/all/function/internal_message.html?_=1681180832604&CODE_STATE=getMsg HTTP/1.1" 200 27
114.83.222.182 - - [11/Apr/2023:10:40:33 +0800] "GET /xingrg/check_reg.html?_=1681180918918 HTTP/1.1" 200 22
114.83.222.182 - - [11/Apr/2023:10:40:33 +0800] "GET /xingrg/all/function/internal_message.html?_=1681180918920&CODE_STATE=getMsg HTTP/1.1" 200 27
180.169.147.146 - - [11/Apr/2023:10:40:33 +0800] "POST /xingrg/kc/buy/cgsh_list_operate.html HTTP/1.1" 200 4
222.70.240.179 - - [11/Apr/2023:10:40:34 +0800] "GET /xingrg/all/function/internal_message.html?_=1681180839938&CODE_STATE=getMsg HTTP/1.1" 200 27
116.238.139.35 - - [11/Apr/2023:10:40:34 +0800] "GET /xingrg/all/function/internal_message.html?_=1681180834570&CODE_STATE=getMsg HTTP/1.1" 200 27
116.228.172.94 - - [11/Apr/2023:10:40:35 +0800] "GET /xingrg/kc/buy/buy_main.html HTTP/1.1" 200 12412
116.228.172.94 - - [11/Apr/2023:10:40:35 +0800] "GET /xingrg/css/new_ie.css HTTP/1.1" 404 1036
116.228.172.94 - - [11/Apr/2023:10:40:36 +0800] "GET /xingrg/images/yd/bt.gif HTTP/1.1" 404 1040
116.228.172.94 - - [11/Apr/2023:10:40:37 +0800] "GET /xingrg/kc/buy/cgsh_order_list.html HTTP/1.1" 200 54675
116.224.158.100 - - [11/Apr/2023:10:40:41 +0800] "GET /xingrg/kc/buy/cgsh_order_operate.html?command=get_materiel&rest_code=00105&code=00101008352&supplier_code=00100203&order_time=2023-04-11 HTTP/1.1" 200 412
222.67.232.202 - - [11/Apr/2023:10:40:42 +0800] "GET /xingrg/all/function/internal_message.html?_=1681180845891&CODE_STATE=getMsg HTTP/1.1" 200 27
116.228.172.94 - - [11/Apr/2023:10:40:42 +0800] "POST /xingrg/kc/buy/cgsh_list_operate.html HTTP/1.1" 200 2291
116.192.124.172 - - [11/Apr/2023:10:40:46 +0800] "GET /xingrg/all/function/internal_message.html?_=1681180848496&CODE_STATE=getMsg HTTP/1.1" 200 27
101.229.22.234 - - [11/Apr/2023:10:40:54 +0800] "GET /xingrg/all/function/internal_message.html?_=1681180852771&CODE_STATE=getMsg HTTP/1.1" 200 27
58.40.7.146 - - [11/Apr/2023:10:40:56 +0800] "GET /xingrg/all/function/internal_message.html?_=1681180856039&CODE_STATE=getMsg HTTP/1.1" 302 -
58.40.7.146 - - [11/Apr/2023:10:40:56 +0800] "GET /xingrg/check_reg.html?_=1681180856040 HTTP/1.1" 302 -
120.253.135.82 - - [11/Apr/2023:10:41:01 +0800] "GET /xingrg/check_reg.html?_=1681180697118 HTTP/1.1" 200 22
116.224.158.100 - - [11/Apr/2023:10:41:02 +0800] "GET /xingrg/kc/buy/cgsh_order_operate.html?command=get_materiel&rest_code=00105&code=00101008005&supplier_code=00100203&order_time=2023-04-11 HTTP/1.1" 200 412
120.253.135.82 - - [11/Apr/2023:10:41:02 +0800] "GET /xingrg/all/function/internal_message.html?_=1681180697872&CODE_STATE=getMsg HTTP/1.1" 200 27
116.224.158.100 - - [11/Apr/2023:10:41:04 +0800] "GET /xingrg/all/function/internal_message.html?_=1681180707498&CODE_STATE=getMsg HTTP/1.1" 200 27
180.169.147.146 - - [11/Apr/2023:10:41:05 +0800] "POST /xingrg/kc/buy/cgsh_list_operate.html HTTP/1.1" 200 5975
116.228.172.94 - - [11/Apr/2023:10:41:05 +0800] "GET /xingrg/kc/buy/cgsh_order_add.html HTTP/1.1" 200 69505
116.228.172.94 - - [11/Apr/2023:10:41:05 +0800] "POST /xingrg/kc/buy/cgsh_order_operate.html HTTP/1.1" 200 8245
116.228.172.94 - - [11/Apr/2023:10:41:06 +0800] "GET /xingrg/javascript/easyui/themes/default/validatebox.css HTTP/1.1" 404 1104
116.228.172.94 - - [11/Apr/2023:10:41:06 +0800] "GET /xingrg/all/common/auto_word.html?type=employee&rest_code=00153 HTTP/1.1" 200 47
116.228.172.94 - - [11/Apr/2023:10:41:06 +0800] "GET /xingrg/all/common/auto_word.html?type=employee&rest_code=00153 HTTP/1.1" 200 47
116.228.172.94 - - [11/Apr/2023:10:41:07 +0800] "GET /xingrg/javascript/auto/indicator.gif HTTP/1.1" 404 1066
116.238.139.35 - - [11/Apr/2023:10:41:09 +0800] "GET /xingrg/all/function/internal_message.html?_=1681180775334&CODE_STATE=getMsg HTTP/1.1" 200 27
116.227.208.255 - - [11/Apr/2023:10:41:11 +0800] "GET /xingrg/all/function/internal_message.html?_=1681180954061&CODE_STATE=getMsg HTTP/1.1" 302 -
180.169.147.146 - - [11/Apr/2023:10:41:14 +0800] "GET /xingrg/all/function/internal_message.html?_=1681180870699&CODE_STATE=getMsg HTTP/1.1" 200 27
180.169.147.146 - - [11/Apr/2023:10:41:15 +0800] "GET /xingrg/check_reg.html?_=1681180870747 HTTP/1.1" 200 22
116.228.172.94 - - [11/Apr/2023:10:41:15 +0800] "GET /xingrg/kc/buy/cgsh_order_operate.html?command=get_materiel&rest_code=00153&code=00101008355&supplier_code=00100590&order_time=2023-04-11 HTTP/1.1" 200 408
180.169.147.146 - - [11/Apr/2023:10:41:18 +0800] "GET /xingrg/all/function/internal_message.html?_=1681180878862&CODE_STATE=getMsg HTTP/1.1" 200 27
124.78.155.10 - - [11/Apr/2023:10:41:19 +0800] "GET /xingrg/all/function/internal_message.html?_=1681180878578&CODE_STATE=getMsg HTTP/1.1" 200 27
180.171.122.0 - - [11/Apr/2023:10:41:19 +0800] "GET /xingrg/all/function/internal_message.html?_=1681180878775&CODE_STATE=getMsg HTTP/1.1" 200 27
180.163.28.55 - - [11/Apr/2023:10:41:20 +0800] "GET /xingrg/check_reg.html?_=1681180819869 HTTP/1.1" 302 -
180.163.28.55 - - [11/Apr/2023:10:41:20 +0800] "GET /xingrg/login.html HTTP/1.1" 200 7641
116.228.172.94 - - [11/Apr/2023:10:41:21 +0800] "GET /xingrg/kc/buy/cgsh_order_operate.html?command=get_materiel&rest_code=00153&code=00101008024&supplier_code=00100590&order_time=2023-04-11 HTTP/1.1" 200 408
116.228.172.94 - - [11/Apr/2023:10:41:22 +0800] "GET /xingrg/javascript/jquery_tools/images/next.gif HTTP/1.1" 404 1086
116.228.172.94 - - [11/Apr/2023:10:41:22 +0800] "GET /xingrg/javascript/jquery_tools/images/prev.gif HTTP/1.1" 404 1086
116.224.158.100 - - [11/Apr/2023:10:41:27 +0800] "GET /xingrg/kc/buy/cgsh_order_operate.html?command=get_materiel&rest_code=00105&code=00101008353&supplier_code=00100203&order_time=2023-04-11 HTTP/1.1" 200 408
116.228.172.94 - - [11/Apr/2023:10:41:28 +0800] "GET /xingrg/kc/buy/cgsh_order_operate.html?command=get_materiel&rest_code=00153&code=00101008350&supplier_code=00100590&order_time=2023-04-07 HTTP/1.1" 200 410
116.228.172.94 - - [11/Apr/2023:10:41:29 +0800] "GET /xingrg/all/function/internal_message.html?_=1681180820829&CODE_STATE=getMsg HTTP/1.1" 200 27
124.79.240.114 - - [11/Apr/2023:10:41:30 +0800] "GET /xingrg/all/function/internal_message.html?_=1681181157307&CODE_STATE=getMsg HTTP/1.1" 200 27
114.83.221.160 - - [11/Apr/2023:10:41:32 +0800] "GET /xingrg/check_reg.html?_=1681180892161 HTTP/1.1" 200 22
114.83.221.160 - - [11/Apr/2023:10:41:32 +0800] "GET /xingrg/all/function/internal_message.html?_=1681180892337&CODE_STATE=getMsg HTTP/1.1" 200 27
180.164.3.199 - - [11/Apr/2023:10:41:32 +0800] "GET /xingrg/check_reg.html?_=1681180892596 HTTP/1.1" 200 22
180.164.3.199 - - [11/Apr/2023:10:41:32 +0800] "GET /xingrg/all/function/internal_message.html?_=1681180892599&CODE_STATE=getMsg HTTP/1.1" 200 27
222.70.240.179 - - [11/Apr/2023:10:41:33 +0800] "GET /xingrg/check_reg.html?_=1681180899111 HTTP/1.1" 200 22
114.83.222.182 - - [11/Apr/2023:10:41:33 +0800] "GET /xingrg/all/function/internal_message.html?_=1681180978915&CODE_STATE=getMsg HTTP/1.1" 200 27
222.70.240.179 - - [11/Apr/2023:10:41:34 +0800] "GET /xingrg/all/function/internal_message.html?_=1681180899953&CODE_STATE=getMsg HTTP/1.1" 200 27
116.228.172.94 - - [11/Apr/2023:10:41:34 +0800] "GET /xingrg/kc/buy/cgsh_order_operate.html?command=get_materiel&rest_code=00153&code=00101012038&supplier_code=00100590&order_time=2023-04-07 HTTP/1.1" 200 412
116.238.139.35 - - [11/Apr/2023:10:41:34 +0800] "GET /xingrg/all/function/internal_message.html?_=1681180894573&CODE_STATE=getMsg HTTP/1.1" 200 27
116.228.172.94 - - [11/Apr/2023:10:41:40 +0800] "GET /xingrg/kc/buy/cgsh_order_operate.html?command=get_materiel&rest_code=00153&code=00101008372&supplier_code=00100590&order_time=2023-04-07 HTTP/1.1" 200 408
222.67.232.202 - - [11/Apr/2023:10:41:42 +0800] "GET /xingrg/all/function/internal_message.html?_=1681180905895&CODE_STATE=getMsg HTTP/1.1" 200 27
116.192.124.172 - - [11/Apr/2023:10:41:46 +0800] "GET /xingrg/all/function/internal_message.html?_=1681180908488&CODE_STATE=getMsg HTTP/1.1" 200 27
116.224.158.100 - - [11/Apr/2023:10:41:52 +0800] "GET /xingrg/kc/buy/cgsh_order_operate.html?command=get_materiel&rest_code=00105&code=00101008105&supplier_code=00100203&order_time=2023-04-11 HTTP/1.1" 200 413
116.228.172.94 - - [11/Apr/2023:10:41:53 +0800] "GET /xingrg/kc/buy/cgsh_order_operate.html?command=get_materiel&rest_code=00153&code=00101008357&supplier_code=00100590&order_time=2023-04-07 HTTP/1.1" 200 410
101.229.22.234 - - [11/Apr/2023:10:41:54 +0800] "GET /xingrg/all/function/internal_message.html?_=1681180912785&CODE_STATE=getMsg HTTP/1.1" 200 27
58.40.7.146 - - [11/Apr/2023:10:41:56 +0800] "GET /xingrg/all/function/internal_message.html?_=1681180916043&CODE_STATE=getMsg HTTP/1.1" 302 -
172.20.0.100 - - [11/Apr/2023:10:41:57 +0800] "GET /xingrg/check_reg.html?_=1681180916132 HTTP/1.1" 302 -
116.228.172.94 - - [11/Apr/2023:10:42:00 +0800] "GET /xingrg/kc/buy/cgsh_order_operate.html?command=get_materiel&rest_code=00153&code=00101008046&supplier_code=00100590&order_time=2023-04-07 HTTP/1.1" 200 408
120.253.135.82 - - [11/Apr/2023:10:42:02 +0800] "GET /xingrg/all/function/internal_message.html?_=1681180757886&CODE_STATE=getMsg HTTP/1.1" 200 27
114.83.222.182 - - [11/Apr/2023:10:42:04 +0800] "GET /xingrg/kc/buy/cgsh_order_operate.html?command=get_materiel&rest_code=00154&code=00101008087&supplier_code=00100417&order_time=2023-04-11 HTTP/1.1" 200 412
116.224.158.100 - - [11/Apr/2023:10:42:04 +0800] "GET /xingrg/check_reg.html?_=1681180767493 HTTP/1.1" 200 22
116.224.158.100 - - [11/Apr/2023:10:42:04 +0800] "GET /xingrg/all/function/internal_message.html?_=1681180767494&CODE_STATE=getMsg HTTP/1.1" 200 27
116.228.172.94 - - [11/Apr/2023:10:42:07 +0800] "GET /xingrg/kc/buy/cgsh_order_operate.html?command=get_materiel&rest_code=00153&code=00101008261&supplier_code=00100590&order_time=2023-04-07 HTTP/1.1" 200 408
116.238.139.35 - - [11/Apr/2023:10:42:09 +0800] "GET /xingrg/all/function/internal_message.html?_=1681180835347&CODE_STATE=getMsg HTTP/1.1" 200 27
116.227.208.255 - - [11/Apr/2023:10:42:11 +0800] "GET /xingrg/all/function/internal_message.html?_=1681181014035&CODE_STATE=getMsg HTTP/1.1" 302 -
180.169.147.146 - - [11/Apr/2023:10:42:14 +0800] "GET /xingrg/all/function/internal_message.html?_=1681180930677&CODE_STATE=getMsg HTTP/1.1" 200 27
116.224.158.100 - - [11/Apr/2023:10:42:17 +0800] "GET /xingrg/kc/buy/cgsh_order_operate.html?command=get_materiel&rest_code=00105&code=00101008119&supplier_code=00100203&order_time=2023-04-11 HTTP/1.1" 200 413
180.169.147.146 - - [11/Apr/2023:10:42:18 +0800] "GET /xingrg/check_reg.html?_=1681180938864 HTTP/1.1" 200 22
180.169.147.146 - - [11/Apr/2023:10:42:18 +0800] "GET /xingrg/all/function/internal_message.html?_=1681180938866&CODE_STATE=getMsg HTTP/1.1" 200 27
124.78.155.10 - - [11/Apr/2023:10:42:19 +0800] "GET /xingrg/all/function/internal_message.html?_=1681180938553&CODE_STATE=getMsg HTTP/1.1" 200 27
180.171.122.0 - - [11/Apr/2023:10:42:19 +0800] "GET /xingrg/all/function/internal_message.html?_=1681180938763&CODE_STATE=getMsg HTTP/1.1" 200 27
116.224.158.100 - - [11/Apr/2023:10:42:23 +0800] "POST /xingrg/kc/buy/cgsh_order_operate.html HTTP/1.1" 200 2065
114.83.222.182 - - [11/Apr/2023:10:42:24 +0800] "GET /xingrg/kc/buy/cgsh_order_operate.html?command=get_materiel&rest_code=00154&code=00101008361&supplier_code=00100417&order_time=2023-04-11 HTTP/1.1" 200 408
116.228.172.94 - - [11/Apr/2023:10:42:25 +0800] "GET /xingrg/kc/buy/cgsh_order_operate.html?command=get_materiel&rest_code=00153&code=00101008141&supplier_code=00100590&order_time=2023-04-07 HTTP/1.1" 200 414
116.228.172.94 - - [11/Apr/2023:10:42:29 +0800] "GET /xingrg/all/function/internal_message.html?_=1681180880832&CODE_STATE=getMsg HTTP/1.1" 200 27
116.228.172.94 - - [11/Apr/2023:10:42:29 +0800] "GET /xingrg/kc/buy/cgsh_order_operate.html?command=get_materiel&rest_code=00153&code=00101008370&supplier_code=00100590&order_time=2023-04-07 HTTP/1.1" 200 412
124.79.240.114 - - [11/Apr/2023:10:42:30 +0800] "GET /xingrg/all/function/internal_message.html?_=1681181217312&CODE_STATE=getMsg HTTP/1.1" 200 27
114.83.221.160 - - [11/Apr/2023:10:42:32 +0800] "GET /xingrg/all/function/internal_message.html?_=1681180952315&CODE_STATE=getMsg HTTP/1.1" 200 27
180.164.3.199 - - [11/Apr/2023:10:42:32 +0800] "GET /xingrg/all/function/internal_message.html?_=1681180952593&CODE_STATE=getMsg HTTP/1.1" 200 27
114.83.222.182 - - [11/Apr/2023:10:42:33 +0800] "GET /xingrg/all/function/internal_message.html?_=1681181038914&CODE_STATE=getMsg HTTP/1.1" 200 27
222.70.240.179 - - [11/Apr/2023:10:42:34 +0800] "GET /xingrg/all/function/internal_message.html?_=1681180959966&CODE_STATE=getMsg HTTP/1.1" 200 27
116.238.139.35 - - [11/Apr/2023:10:42:34 +0800] "GET /xingrg/all/function/internal_message.html?_=1681180954576&CODE_STATE=getMsg HTTP/1.1" 200 27
116.228.172.94 - - [11/Apr/2023:10:42:36 +0800] "GET /xingrg/kc/buy/cgsh_order_operate.html?command=get_materiel&rest_code=00153&code=00101008300&supplier_code=00100590&order_time=2023-04-07 HTTP/1.1" 200 412
116.224.158.100 - - [11/Apr/2023:10:42:40 +0800] "GET /xingrg/kc/buy/cgsh_order_operate.html?command=get_materiel&rest_code=00105&code=00101008101&supplier_code=00100203&order_time=2023-04-11 HTTP/1.1" 200 412
222.67.232.202 - - [11/Apr/2023:10:42:42 +0800] "GET /xingrg/all/function/internal_message.html?_=1681180965890&CODE_STATE=getMsg HTTP/1.1" 200 27
222.67.232.202 - - [11/Apr/2023:10:42:42 +0800] "GET /xingrg/check_reg.html?_=1681180965892 HTTP/1.1" 200 22
180.169.147.146 - - [11/Apr/2023:10:42:42 +0800] "POST /xingrg/kc/buy/cgsh_list_operate.html HTTP/1.1" 200 4
116.228.172.94 - - [11/Apr/2023:10:42:43 +0800] "GET /xingrg/kc/buy/cgsh_order_operate.html?command=get_materiel&rest_code=00153&code=00101008295&supplier_code=00100590&order_time=2023-04-07 HTTP/1.1" 200 412
116.192.124.172 - - [11/Apr/2023:10:42:46 +0800] "GET /xingrg/all/function/internal_message.html?_=1681180968492&CODE_STATE=getMsg HTTP/1.1" 200 27
101.229.22.234 - - [11/Apr/2023:10:42:54 +0800] "GET /xingrg/all/function/internal_message.html?_=1681180972785&CODE_STATE=getMsg HTTP/1.1" 200 27
58.40.7.146 - - [11/Apr/2023:10:42:56 +0800] "GET /xingrg/all/function/internal_message.html?_=1681180976046&CODE_STATE=getMsg HTTP/1.1" 302 -
114.83.222.182 - - [11/Apr/2023:10:42:56 +0800] "GET /xingrg/kc/buy/cgsh_order_operate.html?command=get_materiel&rest_code=00154&code=00101008268&supplier_code=00100417&order_time=2023-04-11 HTTP/1.1" 200 408
120.253.135.82 - - [11/Apr/2023:10:43:02 +0800] "GET /xingrg/all/function/internal_message.html?_=1681180817899&CODE_STATE=getMsg HTTP/1.1" 200 27
180.169.147.146 - - [11/Apr/2023:10:43:03 +0800] "POST /xingrg/kc/buy/cgsh_list_operate.html HTTP/1.1" 200 4894
116.192.124.172 - - [11/Apr/2023:10:43:04 +0800] "GET /xingrg/kc/buy/cgsh_order_add.html HTTP/1.1" 200 70488
116.192.124.172 - - [11/Apr/2023:10:43:04 +0800] "POST /xingrg/kc/buy/cgsh_order_operate.html HTTP/1.1" 200 8245
116.192.124.172 - - [11/Apr/2023:10:43:04 +0800] "GET /xingrg/javascript/easyui/themes/default/validatebox.css HTTP/1.1" 404 1104
116.224.158.100 - - [11/Apr/2023:10:43:04 +0800] "GET /xingrg/all/function/internal_message.html?_=1681180827499&CODE_STATE=getMsg HTTP/1.1" 200 27
116.192.124.172 - - [11/Apr/2023:10:43:05 +0800] "GET /xingrg/javascript/easyui/themes/default/tree.css HTTP/1.1" 404 1090
116.192.124.172 - - [11/Apr/2023:10:43:06 +0800] "POST /xingrg/all/common/load_tree.html?tree=supplier_tree_json&isDelete=1 HTTP/1.1" 200 72081
116.238.139.35 - - [11/Apr/2023:10:43:09 +0800] "GET /xingrg/all/function/internal_message.html?_=1681180895379&CODE_STATE=getMsg HTTP/1.1" 200 27
116.227.208.255 - - [11/Apr/2023:10:43:10 +0800] "GET /xingrg/check_reg.html?_=1681181072228 HTTP/1.1" 302 -
116.227.208.255 - - [11/Apr/2023:10:43:11 +0800] "GET /xingrg/all/function/internal_message.html?_=1681181074015&CODE_STATE=getMsg HTTP/1.1" 302 -
180.157.168.27 - - [11/Apr/2023:10:43:13 +0800] "POST /xingrg/supplier/cgsh_list_operate.html HTTP/1.1" 200 6867
114.83.222.182 - - [11/Apr/2023:10:43:13 +0800] "GET /xingrg/kc/buy/cgsh_order_operate.html?command=get_materiel&rest_code=00154&code=00101008092&supplier_code=00100417&order_time=2023-04-11 HTTP/1.1" 200 413
116.227.208.255 - - [11/Apr/2023:10:43:14 +0800] "GET /favicon.ico HTTP/1.1" 404 -
180.169.147.146 - - [11/Apr/2023:10:43:14 +0800] "GET /xingrg/all/function/internal_message.html?_=1681180990653&CODE_STATE=getMsg HTTP/1.1" 200 27
180.169.147.146 - - [11/Apr/2023:10:43:18 +0800] "GET /xingrg/all/function/internal_message.html?_=1681180998871&CODE_STATE=getMsg HTTP/1.1" 200 27
124.78.155.10 - - [11/Apr/2023:10:43:19 +0800] "GET /xingrg/all/function/internal_message.html?_=1681180998525&CODE_STATE=getMsg HTTP/1.1" 200 27
180.171.122.0 - - [11/Apr/2023:10:43:19 +0800] "GET /xingrg/all/function/internal_message.html?_=1681180998768&CODE_STATE=getMsg HTTP/1.1" 200 27
180.169.147.146 - - [11/Apr/2023:10:43:28 +0800] "POST /xingrg/kc/buy/cgsh_list_operate.html HTTP/1.1" 200 566
116.228.172.94 - - [11/Apr/2023:10:43:29 +0800] "GET /xingrg/all/function/internal_message.html?_=1681180940814&CODE_STATE=getMsg HTTP/1.1" 200 27
180.169.147.146 - - [11/Apr/2023:10:43:30 +0800] "GET /xingrg/kc/buy/cgsh_order_info.html?code=212023041003088 HTTP/1.1" 200 70463
180.169.147.146 - - [11/Apr/2023:10:43:30 +0800] "GET /xingrg/words/20230409165538_words.js HTTP/1.1" 304 -
180.169.147.146 - - [11/Apr/2023:10:43:30 +0800] "GET /xingrg/javascript/easyui/themes/default/validatebox.css HTTP/1.1" 404 1104
180.169.147.146 - - [11/Apr/2023:10:43:30 +0800] "GET /xingrg/all/common/auto_word.html?type=employee&rest_code=00147 HTTP/1.1" 200 101
180.169.147.146 - - [11/Apr/2023:10:43:30 +0800] "GET /xingrg/all/common/auto_word.html?type=employee&rest_code=00147 HTTP/1.1" 200 101
124.79.240.114 - - [11/Apr/2023:10:43:30 +0800] "GET /xingrg/all/function/internal_message.html?_=1681181277316&CODE_STATE=getMsg HTTP/1.1" 200 27
180.169.147.146 - - [11/Apr/2023:10:43:31 +0800] "POST /xingrg/kc/buy/cgsh_order_operate.html HTTP/1.1" 200 7975
114.83.221.160 - - [11/Apr/2023:10:43:32 +0800] "GET /xingrg/all/function/internal_message.html?_=1681181012286&CODE_STATE=getMsg HTTP/1.1" 200 27
180.164.3.199 - - [11/Apr/2023:10:43:32 +0800] "GET /xingrg/all/function/internal_message.html?_=1681181012606&CODE_STATE=getMsg HTTP/1.1" 200 27
114.83.222.182 - - [11/Apr/2023:10:43:33 +0800] "GET /xingrg/all/function/internal_message.html?_=1681181098904&CODE_STATE=getMsg HTTP/1.1" 200 27
222.70.240.179 - - [11/Apr/2023:10:43:34 +0800] "GET /xingrg/all/function/internal_message.html?_=1681181019979&CODE_STATE=getMsg HTTP/1.1" 200 27
116.238.139.35 - - [11/Apr/2023:10:43:34 +0800] "GET /xingrg/check_reg.html?_=1681181014576 HTTP/1.1" 200 22
116.238.139.35 - - [11/Apr/2023:10:43:34 +0800] "GET /xingrg/all/function/internal_message.html?_=1681181014580&CODE_STATE=getMsg HTTP/1.1" 200 27
116.228.172.94 - - [11/Apr/2023:10:43:39 +0800] "POST /xingrg/kc/buy/cgsh_order_operate.html HTTP/1.1" 200 37
116.192.124.172 - - [11/Apr/2023:10:43:40 +0800] "GET /xingrg/javascript/auto/indicator.gif HTTP/1.1" 404 1066
222.67.232.202 - - [11/Apr/2023:10:43:42 +0800] "GET /xingrg/all/function/internal_message.html?_=1681181025891&CODE_STATE=getMsg HTTP/1.1" 200 27
116.228.172.94 - - [11/Apr/2023:10:43:42 +0800] "POST /xingrg/kc/buy/cgsh_order_operate.html HTTP/1.1" 200 9177
180.169.147.146 - - [11/Apr/2023:10:43:42 +0800] "GET /xingrg/javascript/auto/indicator.gif HTTP/1.1" 404 1066
116.228.172.94 - - [11/Apr/2023:10:43:43 +0800] "GET /xingrg/kc/print/load_config.html?kc_code=cgsh HTTP/1.1" 200 1925
116.228.172.94 - - [11/Apr/2023:10:43:44 +0800] "GET /xingrg/kc/print/load_data.html?order_code=212023041103389&kc_code=cgsh&condition= HTTP/1.1" 200 3132
116.192.124.172 - - [11/Apr/2023:10:43:46 +0800] "GET /xingrg/check_reg.html?_=1681181028480 HTTP/1.1" 200 22
116.192.124.172 - - [11/Apr/2023:10:43:46 +0800] "GET /xingrg/all/function/internal_message.html?_=1681181028483&CODE_STATE=getMsg HTTP/1.1" 200 27
180.169.147.146 - - [11/Apr/2023:10:43:47 +0800] "GET /xingrg/kc/buy/cgsh_order_operate.html?command=get_materiel&rest_code=00147&code=00101009031&supplier_code=00100022&order_time=2023-04-08 HTTP/1.1" 200 408
116.192.124.172 - - [11/Apr/2023:10:43:49 +0800] "GET /xingrg/kc/buy/cgsh_order_operate.html?command=get_materiel&rest_code=00102&code=00101001075&supplier_code=00100400&order_time=2023-04-11 HTTP/1.1" 200 409
116.228.172.94 - - [11/Apr/2023:10:43:51 +0800] "GET /xingrg/kc/buy/cgsh_order_add.html HTTP/1.1" 200 69505
116.228.172.94 - - [11/Apr/2023:10:43:51 +0800] "POST /xingrg/kc/buy/cgsh_order_operate.html HTTP/1.1" 200 8245
116.228.172.94 - - [11/Apr/2023:10:43:51 +0800] "GET /xingrg/javascript/easyui/themes/default/validatebox.css HTTP/1.1" 404 1104
101.229.22.234 - - [11/Apr/2023:10:43:54 +0800] "GET /xingrg/check_reg.html?_=1681181032773 HTTP/1.1" 200 22
101.229.22.234 - - [11/Apr/2023:10:43:54 +0800] "GET /xingrg/all/function/internal_message.html?_=1681181032774&CODE_STATE=getMsg HTTP/1.1" 200 27
58.40.7.146 - - [11/Apr/2023:10:43:56 +0800] "GET /xingrg/all/function/internal_message.html?_=1681181036032&CODE_STATE=getMsg HTTP/1.1" 302 -
120.253.135.82 - - [11/Apr/2023:10:44:02 +0800] "GET /xingrg/all/function/internal_message.html?_=1681180877951&CODE_STATE=getMsg HTTP/1.1" 200 27
180.169.147.146 - - [11/Apr/2023:10:44:03 +0800] "POST /xingrg/kc/buy/cgsh_order_operate.html HTTP/1.1" 200 37
116.224.158.100 - - [11/Apr/2023:10:44:04 +0800] "GET /xingrg/all/function/internal_message.html?_=1681180887494&CODE_STATE=getMsg HTTP/1.1" 200 27
116.228.172.94 - - [11/Apr/2023:10:44:04 +0800] "GET /xingrg/kc/buy/cgsh_order_operate.html?command=get_materiel&rest_code=00153&code=00101016051&supplier_code=00100590&order_time=2023-04-06 HTTP/1.1" 200 408
116.192.124.172 - - [11/Apr/2023:10:44:04 +0800] "GET /xingrg/kc/buy/cgsh_order_operate.html?command=get_materiel&rest_code=00102&code=00101001069&supplier_code=00100400&order_time=2023-04-11 HTTP/1.1" 200 409
180.157.168.27 - - [11/Apr/2023:10:44:06 +0800] "POST /xingrg/supplier/cgsh_list_operate.html HTTP/1.1" 200 6585
180.169.147.146 - - [11/Apr/2023:10:44:06 +0800] "POST /xingrg/kc/buy/cgsh_order_operate.html HTTP/1.1" 200 8582
114.83.222.182 - - [11/Apr/2023:10:44:08 +0800] "GET /xingrg/kc/buy/cgsh_order_operate.html?command=get_materiel&rest_code=00154&code=00101008356&supplier_code=00100417&order_time=2023-04-11 HTTP/1.1" 200 408
116.238.139.35 - - [11/Apr/2023:10:44:09 +0800] "GET /xingrg/all/function/internal_message.html?_=1681180955391&CODE_STATE=getMsg HTTP/1.1" 200 27
116.192.124.172 - - [11/Apr/2023:10:44:11 +0800] "GET /xingrg/kc/buy/cgsh_order_operate.html?command=get_materiel&rest_code=00102&code=00101002027&supplier_code=00100400&order_time=2023-04-11 HTTP/1.1" 200 413
116.227.208.255 - - [11/Apr/2023:10:44:11 +0800] "GET /xingrg/all/function/internal_message.html?_=1681181133992&CODE_STATE=getMsg HTTP/1.1" 302 -
180.169.147.146 - - [11/Apr/2023:10:44:14 +0800] "GET /xingrg/all/function/internal_message.html?_=1681181050648&CODE_STATE=getMsg HTTP/1.1" 200 27
180.169.147.146 - - [11/Apr/2023:10:44:18 +0800] "GET /xingrg/all/function/internal_message.html?_=1681181058875&CODE_STATE=getMsg HTTP/1.1" 200 27
124.78.155.10 - - [11/Apr/2023:10:44:19 +0800] "GET /xingrg/all/function/internal_message.html?_=1681181058513&CODE_STATE=getMsg HTTP/1.1" 200 27
180.171.122.0 - - [11/Apr/2023:10:44:19 +0800] "GET /xingrg/all/function/internal_message.html?_=1681181058772&CODE_STATE=getMsg HTTP/1.1" 200 27
116.192.124.172 - - [11/Apr/2023:10:44:20 +0800] "GET /xingrg/kc/buy/cgsh_order_operate.html?command=get_materiel&rest_code=00102&code=00101002022&supplier_code=00100400&order_time=2023-04-11 HTTP/1.1" 200 410
116.228.172.94 - - [11/Apr/2023:10:44:25 +0800] "GET /xingrg/kc/buy/cgsh_order_operate.html?command=get_materiel&rest_code=00153&code=00101008300&supplier_code=00100590&order_time=2023-04-06 HTTP/1.1" 200 412
116.224.158.100 - - [11/Apr/2023:10:44:25 +0800] "GET /xingrg/kc/buy/cgsh_order_operate.html?command=get_materiel&rest_code=00105&code=00101010101&supplier_code=00100203&order_time=2023-04-11 HTTP/1.1" 200 420
116.228.172.94 - - [11/Apr/2023:10:44:29 +0800] "GET /xingrg/all/function/internal_message.html?_=1681181000839&CODE_STATE=getMsg HTTP/1.1" 200 27
116.192.124.172 - - [11/Apr/2023:10:44:30 +0800] "POST /xingrg/kc/buy/cgsh_order_operate.html HTTP/1.1" 200 37
124.79.240.114 - - [11/Apr/2023:10:44:30 +0800] "GET /xingrg/all/function/internal_message.html?_=1681181337308&CODE_STATE=getMsg HTTP/1.1" 200 27
124.79.240.114 - - [11/Apr/2023:10:44:30 +0800] "GET /xingrg/check_reg.html?_=1681181337308 HTTP/1.1" 200 22
114.83.221.160 - - [11/Apr/2023:10:44:32 +0800] "GET /xingrg/all/function/internal_message.html?_=1681181072268&CODE_STATE=getMsg HTTP/1.1" 200 27
180.164.3.199 - - [11/Apr/2023:10:44:32 +0800] "GET /xingrg/all/function/internal_message.html?_=1681181072601&CODE_STATE=getMsg HTTP/1.1" 200 27
116.228.172.94 - - [11/Apr/2023:10:44:32 +0800] "GET /xingrg/kc/buy/cgsh_order_operate.html?command=get_materiel&rest_code=00153&code=00101008372&supplier_code=00100590&order_time=2023-04-06 HTTP/1.1" 200 408
114.83.222.182 - - [11/Apr/2023:10:44:33 +0800] "GET /xingrg/all/function/internal_message.html?_=1681181158911&CODE_STATE=getMsg HTTP/1.1" 200 27
222.70.240.179 - - [11/Apr/2023:10:44:34 +0800] "GET /xingrg/all/function/internal_message.html?_=1681181080166&CODE_STATE=getMsg HTTP/1.1" 200 27
116.238.139.35 - - [11/Apr/2023:10:44:34 +0800] "GET /xingrg/all/function/internal_message.html?_=1681181074581&CODE_STATE=getMsg HTTP/1.1" 200 27
172.20.0.100 - - [11/Apr/2023:10:44:35 +0800] "GET /xingrg/check_reg.html?_=1681181080043 HTTP/1.1" 302 -
116.192.124.172 - - [11/Apr/2023:10:44:37 +0800] "POST /xingrg/kc/buy/cgsh_order_operate.html HTTP/1.1" 200 12
116.228.172.94 - - [11/Apr/2023:10:44:37 +0800] "GET /xingrg/kc/buy/cgsh_order_operate.html?command=get_materiel&rest_code=00153&code=00101008141&supplier_code=00100590&order_time=2023-04-06 HTTP/1.1" 200 414
114.83.222.182 - - [11/Apr/2023:10:44:38 +0800] "GET /xingrg/kc/buy/cgsh_order_operate.html?command=get_materiel&rest_code=00154&code=00101008286&supplier_code=00100417&order_time=2023-04-11 HTTP/1.1" 200 408
222.67.232.202 - - [11/Apr/2023:10:44:42 +0800] "GET /xingrg/all/function/internal_message.html?_=1681181085895&CODE_STATE=getMsg HTTP/1.1" 200 27
116.192.124.172 - - [11/Apr/2023:10:44:44 +0800] "GET /xingrg/kc/buy/cgsh_order_info.html?code=212023041103390 HTTP/1.1" 200 65386
116.192.124.172 - - [11/Apr/2023:10:44:44 +0800] "GET /xingrg/javascript/easyui/themes/default/validatebox.css HTTP/1.1" 404 1104
116.192.124.172 - - [11/Apr/2023:10:44:44 +0800] "GET /xingrg/kc/print/load_data.html?order_code=212023041103390&kc_code=cgsh&condition= HTTP/1.1" 200 1349
116.192.124.172 - - [11/Apr/2023:10:44:45 +0800] "POST /xingrg/kc/buy/cgsh_order_operate.html HTTP/1.1" 200 2379
116.228.172.94 - - [11/Apr/2023:10:44:46 +0800] "GET /xingrg/kc/buy/cgsh_order_operate.html?command=get_materiel&rest_code=00153&code=00101008356&supplier_code=00100590&order_time=2023-04-06 HTTP/1.1" 200 409
116.192.124.172 - - [11/Apr/2023:10:44:46 +0800] "GET /xingrg/all/function/internal_message.html?_=1681181088481&CODE_STATE=getMsg HTTP/1.1" 200 27
116.192.124.172 - - [11/Apr/2023:10:44:48 +0800] "GET /xingrg/kc/print/load_data.html?order_code=212023041103390&kc_code=cgsh&condition= HTTP/1.1" 200 1349
116.228.172.94 - - [11/Apr/2023:10:44:51 +0800] "GET /xingrg/kc/buy/cgsh_order_operate.html?command=get_materiel&rest_code=00153&code=00101008424&supplier_code=00100590&order_time=2023-04-06 HTTP/1.1" 200 413
101.229.22.234 - - [11/Apr/2023:10:44:54 +0800] "GET /xingrg/all/function/internal_message.html?_=1681181092772&CODE_STATE=getMsg HTTP/1.1" 200 27
58.40.7.146 - - [11/Apr/2023:10:44:56 +0800] "GET /xingrg/all/function/internal_message.html?_=1681181096034&CODE_STATE=getMsg HTTP/1.1" 302 -
116.228.172.94 - - [11/Apr/2023:10:44:57 +0800] "GET /xingrg/kc/buy/cgsh_order_operate.html?command=get_materiel&rest_code=00153&code=00101008323&supplier_code=00100590&order_time=2023-04-06 HTTP/1.1" 200 410
180.157.168.27 - - [11/Apr/2023:10:45:00 +0800] "POST /xingrg/supplier/cgsh_list_operate.html HTTP/1.1" 200 6777
116.228.172.94 - - [11/Apr/2023:10:45:02 +0800] "GET /xingrg/kc/buy/cgsh_order_operate.html?command=get_materiel&rest_code=00153&code=00101008046&supplier_code=00100590&order_time=2023-04-06 HTTP/1.1" 200 408
120.253.135.82 - - [11/Apr/2023:10:45:02 +0800] "GET /xingrg/all/function/internal_message.html?_=1681180937958&CODE_STATE=getMsg HTTP/1.1" 200 27
114.83.222.182 - - [11/Apr/2023:10:45:03 +0800] "GET /xingrg/kc/buy/cgsh_order_operate.html?command=get_materiel&rest_code=00154&code=00101008155&supplier_code=00100417&order_time=2023-04-11 HTTP/1.1" 200 408
116.224.158.100 - - [11/Apr/2023:10:45:04 +0800] "GET /xingrg/all/function/internal_message.html?_=1681180947492&CODE_STATE=getMsg HTTP/1.1" 200 27
116.192.124.172 - - [11/Apr/2023:10:45:06 +0800] "GET /xingrg/kc/base/wldb_order_list.html HTTP/1.1" 200 19098
180.169.147.146 - - [11/Apr/2023:10:45:07 +0800] "POST /xingrg/kc/buy/cgsh_list_operate.html HTTP/1.1" 200 4
116.192.124.172 - - [11/Apr/2023:10:45:07 +0800] "POST /xingrg/kc/base/wldb_list_operate.html HTTP/1.1" 200 928
116.228.172.94 - - [11/Apr/2023:10:45:08 +0800] "GET /xingrg/kc/buy/cgsh_order_operate.html?command=get_materiel&rest_code=00153&code=00101012038&supplier_code=00100590&order_time=2023-04-06 HTTP/1.1" 200 412
116.192.124.172 - - [11/Apr/2023:10:45:08 +0800] "GET /xingrg/kc/base/wldb_order_add.html HTTP/1.1" 200 30377
116.238.139.35 - - [11/Apr/2023:10:45:08 +0800] "GET /xingrg/check_reg.html?_=1681181014610 HTTP/1.1" 200 22
116.192.124.172 - - [11/Apr/2023:10:45:08 +0800] "POST /xingrg/kc/base/wldb_order_operate.html HTTP/1.1" 200 6806
116.192.124.172 - - [11/Apr/2023:10:45:08 +0800] "GET /xingrg/javascript/easyui/themes/default/validatebox.css HTTP/1.1" 404 1104
116.192.124.172 - - [11/Apr/2023:10:45:08 +0800] "GET /xingrg/all/common/auto_word.html?type=base&rest_code=00102 HTTP/1.1" 200 1857
116.192.124.172 - - [11/Apr/2023:10:45:08 +0800] "GET /xingrg/all/common/auto_word.html?type=base&rest_code=00102 HTTP/1.1" 200 1857
116.238.139.35 - - [11/Apr/2023:10:45:09 +0800] "GET /xingrg/all/function/internal_message.html?_=1681181015404&CODE_STATE=getMsg HTTP/1.1" 200 27
180.169.147.146 - - [11/Apr/2023:10:45:10 +0800] "POST /xingrg/kc/buy/cgsh_list_operate.html HTTP/1.1" 200 986
