116.224.106.218 - - [11/Apr/2023:10:13:15 +0800] "POST /xingrg/dwr/call/plaincall/AjaxReportQueryService.getFixDate.dwr HTTP/1.1" 200 111
116.224.106.218 - - [11/Apr/2023:10:13:16 +0800] "POST /xingrg/dwr/call/plaincall/AjaxReportQueryService.getInitString.dwr HTTP/1.1" 200 486
116.224.106.218 - - [11/Apr/2023:10:13:16 +0800] "GET /xingrg/javascript/multi_select/dropdown.gif HTTP/1.1" 200 61
116.224.106.218 - - [11/Apr/2023:10:13:16 +0800] "POST /xingrg/all/common/load_tree.html?tree=supplier_tree_json&manage=1 HTTP/1.1" 200 74012
116.224.106.218 - - [11/Apr/2023:10:13:16 +0800] "POST /xingrg/all/common/load_tree.html?tree=materiel_sort_tree_json HTTP/1.1" 200 9500
180.171.122.0 - - [11/Apr/2023:10:13:16 +0800] "GET /xingrg/kc/print/load_data.html?order_code=212023041103359&kc_code=cgsh&condition= HTTP/1.1" 200 13253
116.224.106.218 - - [11/Apr/2023:10:13:18 +0800] "GET /xingrg/javascript/jquery_easy_ui/themes/default/images/tree_checkbox_0.gif HTTP/1.1" 200 168
180.169.147.146 - - [11/Apr/2023:10:13:18 +0800] "GET /xingrg/all/function/internal_message.html?_=1681179198864&CODE_STATE=getMsg HTTP/1.1" 200 27
222.67.232.202 - - [11/Apr/2023:10:13:19 +0800] "GET /xingrg/index.html?sysBaseUrl=http%3A%2F%2F180.169.147.146%3A18081%2Fxingrg%2F&costTime=859×tamp=1681178069023 HTTP/1.1" 200 17179
180.163.29.234 - - [11/Apr/2023:10:13:19 +0800] "GET /xingrg/all/function/internal_message.html?_=1681179138585&CODE_STATE=getMsg HTTP/1.1" 302 -
180.163.29.234 - - [11/Apr/2023:10:13:19 +0800] "GET /xingrg/login.html HTTP/1.1" 200 7641
124.78.155.10 - - [11/Apr/2023:10:13:19 +0800] "GET /xingrg/all/function/internal_message.html?_=1681179198561&CODE_STATE=getMsg HTTP/1.1" 200 27
180.171.122.0 - - [11/Apr/2023:10:13:19 +0800] "GET /xingrg/all/function/internal_message.html?_=1681179198743&CODE_STATE=getMsg HTTP/1.1" 200 27
180.163.29.217 - - [11/Apr/2023:10:13:20 +0800] "GET /xingrg/kc/print/load_data.html?order_code=212023041103353&kc_code=cgsh HTTP/1.1" 302 -
180.163.29.217 - - [11/Apr/2023:10:13:20 +0800] "GET /xingrg/login.html HTTP/1.1" 200 7641
222.67.232.202 - - [11/Apr/2023:10:13:21 +0800] "POST /xingrg/all/common/load_tree.html?tree=area_rest_tree_json&manage=1 HTTP/1.1" 200 351
222.67.232.202 - - [11/Apr/2023:10:13:21 +0800] "GET /xingrg/all/function/internal_message.html?_=1681179204750&CODE_STATE=count HTTP/1.1" 200 11
222.67.232.202 - - [11/Apr/2023:10:13:21 +0800] "GET /xingrg/check_reg.html?_=1681179204751 HTTP/1.1" 200 22
116.228.172.94 - - [11/Apr/2023:10:13:21 +0800] "GET /xingrg/kc/buy/cgsh_order_operate.html?command=get_materiel&rest_code=00153&code=00101008261&supplier_code=00100590&order_time=2023-04-11 HTTP/1.1" 200 408
222.67.232.202 - - [11/Apr/2023:10:13:21 +0800] "GET /favicon.ico HTTP/1.1" 404 -
222.67.232.202 - - [11/Apr/2023:10:13:21 +0800] "POST /xingrg/load_menu.html HTTP/1.1" 200 5138
222.67.232.202 - - [11/Apr/2023:10:13:21 +0800] "GET /xingrg/javascript/jquery_easy_ui/themes/icons/area.png HTTP/1.1" 200 262
222.67.232.202 - - [11/Apr/2023:10:13:21 +0800] "GET /xingrg/javascript/jquery_easy_ui/themes/icons/rest.png HTTP/1.1" 200 695
116.228.172.94 - - [11/Apr/2023:10:13:22 +0800] "GET /xingrg/check_reg.html?_=1681179133863 HTTP/1.1" 200 22
116.224.158.100 - - [11/Apr/2023:10:13:24 +0800] "GET /xingrg/all/function/internal_message.html?_=1681179047617&CODE_STATE=getMsg HTTP/1.1" 200 27
114.83.222.182 - - [11/Apr/2023:10:13:25 +0800] "GET /xingrg/check_reg.html?_=1681179290805 HTTP/1.1" 302 -
114.83.222.182 - - [11/Apr/2023:10:13:25 +0800] "GET /xingrg/all/function/internal_message.html?_=1681179290806&CODE_STATE=getMsg HTTP/1.1" 302 -
116.228.172.94 - - [11/Apr/2023:10:13:26 +0800] "GET /xingrg/kc/buy/cgsh_order_operate.html?command=get_materiel&rest_code=00153&code=00101007109&supplier_code=00100590&order_time=2023-04-11 HTTP/1.1" 200 408
180.171.122.0 - - [11/Apr/2023:10:13:28 +0800] "GET /xingrg/kc/buy/cgsh_order_add.html HTTP/1.1" 200 70409
180.171.122.0 - - [11/Apr/2023:10:13:28 +0800] "POST /xingrg/kc/buy/cgsh_order_operate.html HTTP/1.1" 200 8245
180.171.122.0 - - [11/Apr/2023:10:13:28 +0800] "GET /xingrg/javascript/easyui/themes/default/validatebox.css HTTP/1.1" 404 1104
116.228.172.94 - - [11/Apr/2023:10:13:29 +0800] "GET /xingrg/all/function/internal_message.html?_=1681179140171&CODE_STATE=getMsg HTTP/1.1" 200 27
180.171.122.0 - - [11/Apr/2023:10:13:31 +0800] "GET /xingrg/javascript/jquery_tools/images/prev.gif HTTP/1.1" 404 1086
180.171.122.0 - - [11/Apr/2023:10:13:31 +0800] "GET /xingrg/javascript/jquery_tools/images/next.gif HTTP/1.1" 404 1086
180.164.3.199 - - [11/Apr/2023:10:13:32 +0800] "GET /xingrg/all/function/internal_message.html?_=1681179212605&CODE_STATE=getMsg HTTP/1.1" 200 27
222.70.240.179 - - [11/Apr/2023:10:13:33 +0800] "GET /xingrg/all/function/internal_message.html?_=1681179219212&CODE_STATE=getMsg HTTP/1.1" 200 27
116.238.139.35 - - [11/Apr/2023:10:13:34 +0800] "GET /xingrg/check_reg.html?_=1681179214550 HTTP/1.1" 200 22
116.238.139.35 - - [11/Apr/2023:10:13:34 +0800] "GET /xingrg/all/function/internal_message.html?_=1681179214552&CODE_STATE=getMsg HTTP/1.1" 200 27
116.228.172.94 - - [11/Apr/2023:10:13:35 +0800] "GET /xingrg/kc/buy/cgsh_order_operate.html?command=get_materiel&rest_code=00153&code=00101006130&supplier_code=00100590&order_time=2023-04-11 HTTP/1.1" 200 427
222.67.232.202 - - [11/Apr/2023:10:13:36 +0800] "GET /xingrg/kc/buy/buy_main.html HTTP/1.1" 200 12412
222.67.232.202 - - [11/Apr/2023:10:13:36 +0800] "GET /xingrg/css/new_ie.css HTTP/1.1" 404 1036
222.67.232.202 - - [11/Apr/2023:10:13:37 +0800] "GET /xingrg/images/yd/bt.gif HTTP/1.1" 404 1040
222.67.232.202 - - [11/Apr/2023:10:13:38 +0800] "GET /xingrg/kc/buy/cgsh_order_list.html HTTP/1.1" 200 54677
222.67.232.202 - - [11/Apr/2023:10:13:41 +0800] "POST /xingrg/kc/buy/cgsh_list_operate.html HTTP/1.1" 200 986
180.171.122.0 - - [11/Apr/2023:10:13:41 +0800] "GET /xingrg/kc/buy/cgsh_order_operate.html?command=get_materiel&rest_code=00111&code=00101001060&supplier_code=00100042&order_time=2023-04-11 HTTP/1.1" 200 421
222.67.232.202 - - [11/Apr/2023:10:13:44 +0800] "GET /xingrg/kc/buy/cgsh_order_add.html HTTP/1.1" 200 70453
116.224.158.100 - - [11/Apr/2023:10:13:44 +0800] "GET /xingrg/kc/buy/cgsh_order_operate.html?command=get_materiel&rest_code=00105&code=00101003025&supplier_code=00100397&order_time=2023-04-11 HTTP/1.1" 200 409
222.67.232.202 - - [11/Apr/2023:10:13:45 +0800] "POST /xingrg/kc/buy/cgsh_order_operate.html HTTP/1.1" 200 8245
222.67.232.202 - - [11/Apr/2023:10:13:45 +0800] "GET /xingrg/javascript/easyui/themes/default/validatebox.css HTTP/1.1" 404 1104
222.67.232.202 - - [11/Apr/2023:10:13:45 +0800] "GET /xingrg/all/common/auto_word.html?type=employee&rest_code=00141 HTTP/1.1" 200 201
222.67.232.202 - - [11/Apr/2023:10:13:45 +0800] "GET /xingrg/all/common/auto_word.html?type=employee&rest_code=00141 HTTP/1.1" 200 201
116.228.172.94 - - [11/Apr/2023:10:13:46 +0800] "GET /xingrg/kc/buy/cgsh_order_operate.html?command=get_materiel&rest_code=00153&code=00101019009&supplier_code=00100590&order_time=2023-04-11 HTTP/1.1" 200 427
222.67.232.202 - - [11/Apr/2023:10:13:48 +0800] "GET /xingrg/javascript/auto/indicator.gif HTTP/1.1" 404 1066
222.67.232.202 - - [11/Apr/2023:10:13:51 +0800] "GET /xingrg/javascript/jquery_tools/images/prev.gif HTTP/1.1" 404 1086
222.67.232.202 - - [11/Apr/2023:10:13:51 +0800] "GET /xingrg/javascript/jquery_tools/images/next.gif HTTP/1.1" 404 1086
58.40.7.146 - - [11/Apr/2023:10:13:56 +0800] "GET /xingrg/all/function/internal_message.html?_=1681179236030&CODE_STATE=getMsg HTTP/1.1" 302 -
222.67.232.202 - - [11/Apr/2023:10:13:57 +0800] "GET /xingrg/kc/buy/cgsh_order_operate.html?command=get_materiel&rest_code=00141&code=00101006129&supplier_code=00100012&order_time=2023-04-11 HTTP/1.1" 200 431
120.253.135.82 - - [11/Apr/2023:10:14:01 +0800] "GET /xingrg/all/function/internal_message.html?_=1681179077124&CODE_STATE=getMsg HTTP/1.1" 200 27
116.224.106.218 - - [11/Apr/2023:10:14:02 +0800] "GET /xingrg/javascript/jquery_easy_ui/themes/default/images/tree_checkbox_1.gif HTTP/1.1" 200 174
116.224.106.218 - - [11/Apr/2023:10:14:02 +0800] "GET /xingrg/javascript/jquery_easy_ui/themes/default/images/tree_checkbox_2.gif HTTP/1.1" 200 181
116.224.106.218 - - [11/Apr/2023:10:14:03 +0800] "GET /xingrg/all/function/internal_message.html?_=1681179241382&CODE_STATE=getMsg HTTP/1.1" 200 27
116.238.139.35 - - [11/Apr/2023:10:14:03 +0800] "POST /xingrg/services/DataTransmitService HTTP/1.1" 200 524
116.224.106.218 - - [11/Apr/2023:10:14:04 +0800] "POST /xingrg/dwr/call/plaincall/AjaxReportQueryService.refreshCache.dwr HTTP/1.1" 200 78
180.157.253.110 - - [11/Apr/2023:10:14:05 +0800] "GET /xingrg/all/function/internal_message.html?_=1681179245267&CODE_STATE=getMsg HTTP/1.1" 302 -
180.157.253.110 - - [11/Apr/2023:10:14:05 +0800] "GET /xingrg/check_reg.html?_=1681179245272 HTTP/1.1" 302 -
116.224.106.218 - - [11/Apr/2023:10:14:06 +0800] "POST /xingrg/all/report/load_report_page.html HTTP/1.1" 200 8944
116.224.106.218 - - [11/Apr/2023:10:14:06 +0800] "GET /xingrg/servlets/image?cache=0.4487810041446858&image=px HTTP/1.1" 200 807
124.79.240.114 - - [11/Apr/2023:10:14:08 +0800] "GET /xingrg/all/function/internal_message.html?_=1681179514564&CODE_STATE=getMsg HTTP/1.1" 302 -
116.224.106.218 - - [11/Apr/2023:10:14:08 +0800] "GET /xingrg/all/report/report_query.html?isQuery=1&fileName=kc/buy/wlcg_cate_hz.xml&queryString=(CONVERT(char(10)%252Ca.order_time%252C%2520120)%253E%253D'2023-03-01')%2520and%2520(CONVERT(char(10)%252Ca.order_time%252C%2520120)%253C%253D'2023-03-31')%2520and%2520(a.supplier_code%2520in%2520('00100554'))%2520and%2520(a.number%253E0%2520and%2520a.supplier_code%253D'00100554')&queryText=%25E3%2580%2590%25E9%2587%2587%25E8%25B4%25AD%25E6%2597%25A5%25E6%259C%259F%253A2023-03-01%2520%25E8%2587%25B3%25202023-03-31%25E3%2580%2591%2520%25E5%25B9%25B6%25E4%25B8%2594%2520%2520%25E3%2580%2590%25E4%25BE%259B%25E5%25BA%2594%25E5%2595%2586%2520%253D%2520%25E8%25B1%2586%25E5%2588%25B6%25E5%2593%2581%25EF%25BC%2588%25E6%259D%25BE%25E6%25B1%259F%25E7%2581%25AB%25E9%2594%2585%25EF%25BC%2589%25E3%2580%2591%2520%25E5%25B9%25B6%25E4%25B8%2594%2520%25E3%2580%2590%25E4%25BE%259B%25E5%25BA%2594%25E5%2595%2586%253D%25E8%25B1%2586%25E5%2588%25B6%25E5%2593%2581%25EF%25BC%2588%25E6%259D%25BE%25E6%25B1%259F%25E7%2581%25AB%25E9%2594%2585%25EF%25BC%2589%25E3%2580%2591 HTTP/1.1" 200 54496
116.224.106.218 - - [11/Apr/2023:10:14:08 +0800] "GET /xingrg/dwr/interface/AjaxReportQueryService.js HTTP/1.1" 200 13203
116.224.106.218 - - [11/Apr/2023:10:14:08 +0800] "GET /xingrg/dwr/engine.js HTTP/1.1" 200 43631
116.238.139.35 - - [11/Apr/2023:10:14:08 +0800] "GET /xingrg/all/function/internal_message.html?_=1681179154905&CODE_STATE=getMsg HTTP/1.1" 200 27
116.224.158.100 - - [11/Apr/2023:10:14:09 +0800] "POST /xingrg/kc/buy/cgsh_order_operate.html HTTP/1.1" 200 37
116.224.106.218 - - [11/Apr/2023:10:14:10 +0800] "POST /xingrg/all/report/load_report_page.html HTTP/1.1" 200 8712
116.224.106.218 - - [11/Apr/2023:10:14:10 +0800] "GET /xingrg/servlets/image?cache=0.7104625284187777&image=px HTTP/1.1" 200 807
180.163.29.219 - - [11/Apr/2023:10:14:11 +0800] "GET /xingrg/check_reg.html?_=1681178419803 HTTP/1.1" 302 -
222.67.232.202 - - [11/Apr/2023:10:14:11 +0800] "GET /xingrg/kc/buy/cgsh_order_operate.html?command=get_materiel&rest_code=00141&code=00101006111&supplier_code=00100012&order_time=2023-04-11 HTTP/1.1" 200 409
116.224.158.100 - - [11/Apr/2023:10:14:12 +0800] "POST /xingrg/kc/buy/cgsh_order_operate.html HTTP/1.1" 200 3836
116.227.208.255 - - [11/Apr/2023:10:14:12 +0800] "GET /xingrg/all/function/internal_message.html?_=1681179334542&CODE_STATE=getMsg HTTP/1.1" 302 -
180.163.29.219 - - [11/Apr/2023:10:14:12 +0800] "GET /xingrg/login.html HTTP/1.1" 200 7641
116.224.158.100 - - [11/Apr/2023:10:14:15 +0800] "GET /xingrg/kc/print/load_config.html?kc_code=cgsh HTTP/1.1" 200 1925
116.224.158.100 - - [11/Apr/2023:10:14:15 +0800] "GET /xingrg/kc/print/load_data.html?order_code=212023041103349&kc_code=cgsh&condition= HTTP/1.1" 200 1112
116.224.106.218 - - [11/Apr/2023:10:14:18 +0800] "POST /xingrg/all/report/load_report_page.html HTTP/1.1" 200 23141
116.224.106.218 - - [11/Apr/2023:10:14:18 +0800] "GET /xingrg/servlets/image?cache=0.6421101681867463&image=px HTTP/1.1" 200 807
180.169.147.146 - - [11/Apr/2023:10:14:18 +0800] "GET /xingrg/all/function/internal_message.html?_=1681179258859&CODE_STATE=getMsg HTTP/1.1" 200 27
124.78.155.10 - - [11/Apr/2023:10:14:19 +0800] "GET /xingrg/all/function/internal_message.html?_=1681179258535&CODE_STATE=getMsg HTTP/1.1" 200 27
180.171.122.0 - - [11/Apr/2023:10:14:19 +0800] "GET /xingrg/all/function/internal_message.html?_=1681179258738&CODE_STATE=getMsg HTTP/1.1" 200 27
222.67.232.202 - - [11/Apr/2023:10:14:21 +0800] "GET /xingrg/all/function/internal_message.html?_=1681179264766&CODE_STATE=getMsg HTTP/1.1" 200 27
222.67.232.202 - - [11/Apr/2023:10:14:23 +0800] "GET /xingrg/kc/buy/cgsh_order_operate.html?command=get_materiel&rest_code=00141&code=00101006109&supplier_code=00100012&order_time=2023-04-11 HTTP/1.1" 200 409
116.224.158.100 - - [11/Apr/2023:10:14:24 +0800] "GET /xingrg/all/function/internal_message.html?_=1681179107640&CODE_STATE=getMsg HTTP/1.1" 200 27
114.83.222.182 - - [11/Apr/2023:10:14:25 +0800] "GET /xingrg/all/function/internal_message.html?_=1681179350795&CODE_STATE=getMsg HTTP/1.1" 302 -
116.228.172.94 - - [11/Apr/2023:10:14:29 +0800] "GET /xingrg/all/function/internal_message.html?_=1681179200164&CODE_STATE=getMsg HTTP/1.1" 200 27
222.67.232.202 - - [11/Apr/2023:10:14:31 +0800] "GET /xingrg/kc/buy/cgsh_order_operate.html?command=get_materiel&rest_code=00141&code=00101006133&supplier_code=00100012&order_time=2023-04-11 HTTP/1.1" 200 413
180.164.3.199 - - [11/Apr/2023:10:14:32 +0800] "GET /xingrg/all/function/internal_message.html?_=1681179272601&CODE_STATE=getMsg HTTP/1.1" 200 27
222.70.240.179 - - [11/Apr/2023:10:14:33 +0800] "GET /xingrg/all/function/internal_message.html?_=1681179279277&CODE_STATE=getMsg HTTP/1.1" 200 27
116.238.139.35 - - [11/Apr/2023:10:14:34 +0800] "GET /xingrg/all/function/internal_message.html?_=1681179274551&CODE_STATE=getMsg HTTP/1.1" 200 27
172.20.0.100 - - [11/Apr/2023:10:14:36 +0800] "GET /xingrg/check_reg.html?_=1681179280157 HTTP/1.1" 302 -
222.67.232.202 - - [11/Apr/2023:10:14:37 +0800] "GET /xingrg/kc/buy/cgsh_order_operate.html?command=get_materiel&rest_code=00141&code=00101006293&supplier_code=00100012&order_time=2023-04-11 HTTP/1.1" 200 430
180.171.122.0 - - [11/Apr/2023:10:14:38 +0800] "GET /xingrg/kc/buy/cgsh_order_operate.html?command=get_materiel&rest_code=00111&code=00101018007&supplier_code=00100042&order_time=2023-04-11 HTTP/1.1" 200 409
116.228.172.94 - - [11/Apr/2023:10:14:45 +0800] "GET /xingrg/javascript/jquery_tools/images/prev.gif HTTP/1.1" 404 1086
116.228.172.94 - - [11/Apr/2023:10:14:45 +0800] "GET /xingrg/javascript/jquery_tools/images/next.gif HTTP/1.1" 404 1086
180.171.122.0 - - [11/Apr/2023:10:14:51 +0800] "GET /xingrg/kc/buy/cgsh_order_operate.html?command=get_materiel&rest_code=00111&code=00101006067&supplier_code=00100042&order_time=2023-04-11 HTTP/1.1" 200 409
222.67.232.202 - - [11/Apr/2023:10:14:55 +0800] "GET /xingrg/kc/buy/cgsh_order_operate.html?command=get_materiel&rest_code=00141&code=00101006177&supplier_code=00100012&order_time=2023-04-11 HTTP/1.1" 200 408
58.40.7.146 - - [11/Apr/2023:10:14:56 +0800] "GET /xingrg/all/function/internal_message.html?_=1681179296034&CODE_STATE=getMsg HTTP/1.1" 302 -
120.253.135.82 - - [11/Apr/2023:10:15:01 +0800] "GET /xingrg/all/function/internal_message.html?_=1681179137129&CODE_STATE=getMsg HTTP/1.1" 200 27
116.224.106.218 - - [11/Apr/2023:10:15:03 +0800] "GET /xingrg/all/function/internal_message.html?_=1681179301355&CODE_STATE=getMsg HTTP/1.1" 200 27
180.157.253.110 - - [11/Apr/2023:10:15:05 +0800] "GET /xingrg/all/function/internal_message.html?_=1681179305258&CODE_STATE=getMsg HTTP/1.1" 302 -
124.79.240.114 - - [11/Apr/2023:10:15:08 +0800] "GET /xingrg/all/function/internal_message.html?_=1681179574593&CODE_STATE=getMsg HTTP/1.1" 302 -
180.171.122.0 - - [11/Apr/2023:10:15:08 +0800] "GET /xingrg/kc/buy/cgsh_order_operate.html?command=get_materiel&rest_code=00111&code=00101003025&supplier_code=00100042&order_time=2023-04-11 HTTP/1.1" 200 409
116.238.139.35 - - [11/Apr/2023:10:15:08 +0800] "GET /xingrg/check_reg.html?_=1681179214485 HTTP/1.1" 200 22
116.238.139.35 - - [11/Apr/2023:10:15:08 +0800] "GET /xingrg/all/function/internal_message.html?_=1681179214919&CODE_STATE=getMsg HTTP/1.1" 200 27
116.227.208.255 - - [11/Apr/2023:10:15:12 +0800] "GET /xingrg/all/function/internal_message.html?_=1681179394521&CODE_STATE=getMsg HTTP/1.1" 302 -
116.228.172.94 - - [11/Apr/2023:10:15:14 +0800] "POST /xingrg/kc/buy/cgsh_order_operate.html HTTP/1.1" 200 37
222.67.232.202 - - [11/Apr/2023:10:15:14 +0800] "GET /xingrg/kc/buy/cgsh_order_operate.html?command=get_materiel&rest_code=00141&code=00101006180&supplier_code=00100012&order_time=2023-04-11 HTTP/1.1" 200 423
116.228.172.94 - - [11/Apr/2023:10:15:16 +0800] "POST /xingrg/kc/buy/cgsh_order_operate.html HTTP/1.1" 200 9809
116.192.124.172 - - [11/Apr/2023:10:15:18 +0800] "GET /xingrg/check_reg.html?_=1681179320106 HTTP/1.1" 302 -
180.169.147.146 - - [11/Apr/2023:10:15:18 +0800] "GET /xingrg/all/function/internal_message.html?_=1681179318861&CODE_STATE=getMsg HTTP/1.1" 200 27
124.78.155.10 - - [11/Apr/2023:10:15:19 +0800] "GET /xingrg/all/function/internal_message.html?_=1681179318506&CODE_STATE=getMsg HTTP/1.1" 200 27
180.171.122.0 - - [11/Apr/2023:10:15:19 +0800] "GET /xingrg/check_reg.html?_=1681179318749 HTTP/1.1" 200 22
180.171.122.0 - - [11/Apr/2023:10:15:19 +0800] "GET /xingrg/all/function/internal_message.html?_=1681179318740&CODE_STATE=getMsg HTTP/1.1" 200 27
124.78.155.10 - - [11/Apr/2023:10:15:20 +0800] "GET /xingrg/check_reg.html?_=1681179319839 HTTP/1.1" 200 22
222.67.232.202 - - [11/Apr/2023:10:15:21 +0800] "GET /xingrg/all/function/internal_message.html?_=1681179324787&CODE_STATE=getMsg HTTP/1.1" 200 27
116.224.158.100 - - [11/Apr/2023:10:15:24 +0800] "GET /xingrg/all/function/internal_message.html?_=1681179167632&CODE_STATE=getMsg HTTP/1.1" 200 27
114.83.222.182 - - [11/Apr/2023:10:15:25 +0800] "GET /xingrg/all/function/internal_message.html?_=1681179410806&CODE_STATE=getMsg HTTP/1.1" 302 -
180.171.122.0 - - [11/Apr/2023:10:15:27 +0800] "POST /xingrg/kc/buy/cgsh_order_operate.html HTTP/1.1" 200 37
116.228.172.94 - - [11/Apr/2023:10:15:29 +0800] "GET /xingrg/all/function/internal_message.html?_=1681179260150&CODE_STATE=getMsg HTTP/1.1" 200 27
116.228.172.94 - - [11/Apr/2023:10:15:30 +0800] "GET /xingrg/kc/print/load_data.html?order_code=212023041103371&kc_code=cgsh&condition= HTTP/1.1" 200 3396
180.171.122.0 - - [11/Apr/2023:10:15:30 +0800] "POST /xingrg/kc/buy/cgsh_order_operate.html HTTP/1.1" 200 4428
222.67.232.202 - - [11/Apr/2023:10:15:31 +0800] "POST /xingrg/kc/buy/cgsh_order_operate.html HTTP/1.1" 200 88
180.164.3.199 - - [11/Apr/2023:10:15:32 +0800] "GET /xingrg/all/function/internal_message.html?_=1681179332586&CODE_STATE=getMsg HTTP/1.1" 200 27
222.70.240.179 - - [11/Apr/2023:10:15:33 +0800] "GET /xingrg/all/function/internal_message.html?_=1681179339287&CODE_STATE=getMsg HTTP/1.1" 200 27
180.171.122.0 - - [11/Apr/2023:10:15:34 +0800] "GET /xingrg/kc/print/load_data.html?order_code=212023041103372&kc_code=cgsh&condition= HTTP/1.1" 200 1380
116.238.139.35 - - [11/Apr/2023:10:15:34 +0800] "GET /xingrg/all/function/internal_message.html?_=1681179334552&CODE_STATE=getMsg HTTP/1.1" 200 27
222.67.232.202 - - [11/Apr/2023:10:15:41 +0800] "POST /xingrg/kc/buy/cgsh_order_operate.html HTTP/1.1" 200 37
222.67.232.202 - - [11/Apr/2023:10:15:48 +0800] "POST /xingrg/kc/buy/cgsh_order_operate.html HTTP/1.1" 200 12
222.67.232.202 - - [11/Apr/2023:10:15:51 +0800] "GET /xingrg/kc/buy/cgsh_order_info.html?code=212023041103374 HTTP/1.1" 200 65355
222.67.232.202 - - [11/Apr/2023:10:15:52 +0800] "GET /xingrg/javascript/easyui/themes/default/validatebox.css HTTP/1.1" 404 1104
222.67.232.202 - - [11/Apr/2023:10:15:53 +0800] "POST /xingrg/kc/buy/cgsh_order_operate.html HTTP/1.1" 200 4212
222.67.232.202 - - [11/Apr/2023:10:15:54 +0800] "GET /xingrg/kc/print/load_config.html?kc_code=cgsh HTTP/1.1" 200 1925
222.67.232.202 - - [11/Apr/2023:10:15:55 +0800] "GET /xingrg/kc/print/load_data.html?order_code=212023041103374&kc_code=cgsh&condition= HTTP/1.1" 200 2202
58.40.7.146 - - [11/Apr/2023:10:15:56 +0800] "GET /xingrg/check_reg.html?_=1681179356036 HTTP/1.1" 302 -
58.40.7.146 - - [11/Apr/2023:10:15:56 +0800] "GET /xingrg/all/function/internal_message.html?_=1681179356038&CODE_STATE=getMsg HTTP/1.1" 302 -
222.67.232.202 - - [11/Apr/2023:10:16:00 +0800] "GET /xingrg/kc/buy/cgsh_order_add.html HTTP/1.1" 200 70453
222.67.232.202 - - [11/Apr/2023:10:16:00 +0800] "POST /xingrg/kc/buy/cgsh_order_operate.html HTTP/1.1" 200 8245
222.67.232.202 - - [11/Apr/2023:10:16:00 +0800] "GET /xingrg/javascript/easyui/themes/default/validatebox.css HTTP/1.1" 404 1104
120.253.135.82 - - [11/Apr/2023:10:16:01 +0800] "GET /xingrg/check_reg.html?_=1681179196968 HTTP/1.1" 200 22
120.253.135.82 - - [11/Apr/2023:10:16:01 +0800] "GET /xingrg/all/function/internal_message.html?_=1681179197143&CODE_STATE=getMsg HTTP/1.1" 200 27
116.224.106.218 - - [11/Apr/2023:10:16:03 +0800] "GET /xingrg/all/function/internal_message.html?_=1681179361349&CODE_STATE=getMsg HTTP/1.1" 200 27
180.157.253.110 - - [11/Apr/2023:10:16:05 +0800] "GET /xingrg/all/function/internal_message.html?_=1681179365260&CODE_STATE=getMsg HTTP/1.1" 302 -
116.228.172.94 - - [11/Apr/2023:10:16:06 +0800] "GET /xingrg/kc/buy/cgsh_order_add.html HTTP/1.1" 200 69505
116.228.172.94 - - [11/Apr/2023:10:16:06 +0800] "POST /xingrg/kc/buy/cgsh_order_operate.html HTTP/1.1" 200 8245
116.228.172.94 - - [11/Apr/2023:10:16:06 +0800] "GET /xingrg/javascript/easyui/themes/default/validatebox.css HTTP/1.1" 404 1104
124.79.240.114 - - [11/Apr/2023:10:16:08 +0800] "GET /xingrg/all/function/internal_message.html?_=1681179634584&CODE_STATE=getMsg HTTP/1.1" 302 -
116.238.139.35 - - [11/Apr/2023:10:16:08 +0800] "GET /xingrg/all/function/internal_message.html?_=1681179274932&CODE_STATE=getMsg HTTP/1.1" 200 27
116.227.208.255 - - [11/Apr/2023:10:16:12 +0800] "GET /xingrg/all/function/internal_message.html?_=1681179454506&CODE_STATE=getMsg HTTP/1.1" 302 -
116.228.172.94 - - [11/Apr/2023:10:16:17 +0800] "POST /xingrg/kc/buy/cgsh_list_operate.html HTTP/1.1" 200 1864
180.169.147.146 - - [11/Apr/2023:10:16:18 +0800] "GET /xingrg/all/function/internal_message.html?_=1681179378861&CODE_STATE=getMsg HTTP/1.1" 200 27
124.78.155.10 - - [11/Apr/2023:10:16:19 +0800] "GET /xingrg/all/function/internal_message.html?_=1681179378485&CODE_STATE=getMsg HTTP/1.1" 200 27
180.171.122.0 - - [11/Apr/2023:10:16:19 +0800] "GET /xingrg/all/function/internal_message.html?_=1681179378744&CODE_STATE=getMsg HTTP/1.1" 200 27
222.67.232.202 - - [11/Apr/2023:10:16:21 +0800] "GET /xingrg/all/function/internal_message.html?_=1681179384772&CODE_STATE=getMsg HTTP/1.1" 200 27
222.67.232.202 - - [11/Apr/2023:10:16:22 +0800] "GET /xingrg/kc/buy/cgsh_order_operate.html?command=get_materiel&rest_code=00141&code=00101007077&supplier_code=00100004&order_time=2023-04-11 HTTP/1.1" 200 415
116.224.158.100 - - [11/Apr/2023:10:16:24 +0800] "GET /xingrg/all/function/internal_message.html?_=1681179227636&CODE_STATE=getMsg HTTP/1.1" 200 27
116.224.158.100 - - [11/Apr/2023:10:16:24 +0800] "GET /xingrg/check_reg.html?_=1681179227639 HTTP/1.1" 200 22
114.83.222.182 - - [11/Apr/2023:10:16:25 +0800] "GET /xingrg/all/function/internal_message.html?_=1681179470804&CODE_STATE=getMsg HTTP/1.1" 302 -
116.228.172.94 - - [11/Apr/2023:10:16:26 +0800] "GET /xingrg/kc/buy/cgsh_order_add.html HTTP/1.1" 200 69505
116.228.172.94 - - [11/Apr/2023:10:16:26 +0800] "GET /xingrg/javascript/easyui/themes/default/validatebox.css HTTP/1.1" 404 1104
116.228.172.94 - - [11/Apr/2023:10:16:26 +0800] "POST /xingrg/kc/buy/cgsh_order_operate.html HTTP/1.1" 200 8245
116.228.172.94 - - [11/Apr/2023:10:16:29 +0800] "GET /xingrg/all/function/internal_message.html?_=1681179320125&CODE_STATE=getMsg HTTP/1.1" 200 27
180.164.3.199 - - [11/Apr/2023:10:16:32 +0800] "GET /xingrg/all/function/internal_message.html?_=1681179392600&CODE_STATE=getMsg HTTP/1.1" 200 27
180.164.3.199 - - [11/Apr/2023:10:16:32 +0800] "GET /xingrg/check_reg.html?_=1681179392603 HTTP/1.1" 200 22
222.67.232.202 - - [11/Apr/2023:10:16:32 +0800] "GET /xingrg/kc/buy/cgsh_order_operate.html?command=get_materiel&rest_code=00141&code=00101007032&supplier_code=00100004&order_time=2023-04-11 HTTP/1.1" 200 413
222.70.240.179 - - [11/Apr/2023:10:16:33 +0800] "GET /xingrg/check_reg.html?_=1681179398944 HTTP/1.1" 200 22
222.70.240.179 - - [11/Apr/2023:10:16:33 +0800] "GET /xingrg/all/function/internal_message.html?_=1681179399300&CODE_STATE=getMsg HTTP/1.1" 200 27
116.238.139.35 - - [11/Apr/2023:10:16:34 +0800] "GET /xingrg/all/function/internal_message.html?_=1681179394552&CODE_STATE=getMsg HTTP/1.1" 200 27
116.224.106.218 - - [11/Apr/2023:10:16:42 +0800] "POST /xingrg/all/report/report_print.html HTTP/1.1" 302 -
116.224.106.218 - - [11/Apr/2023:10:16:42 +0800] "GET /xingrg/servlets/html?sysBaseUrl=http%3A%2F%2F180.169.147.146%3A18081%2Fxingrg%2F&costTime=960×tamp=1681179402357 HTTP/1.1" 200 24130
116.224.106.218 - - [11/Apr/2023:10:16:42 +0800] "GET /xingrg/servlets/image?image=px HTTP/1.1" 200 807
222.67.232.202 - - [11/Apr/2023:10:16:42 +0800] "GET /xingrg/kc/buy/cgsh_order_operate.html?command=get_materiel&rest_code=00141&code=00101007027&supplier_code=00100004&order_time=2023-04-11 HTTP/1.1" 200 421
116.224.106.218 - - [11/Apr/2023:10:16:42 +0800] "GET /favicon.ico HTTP/1.1" 404 -
116.228.172.94 - - [11/Apr/2023:10:16:43 +0800] "GET /xingrg/kc/buy/cgsh_order_operate.html?command=get_materiel&rest_code=00153&code=00101008300&supplier_code=00100590&order_time=2023-04-08 HTTP/1.1" 200 412
116.228.172.94 - - [11/Apr/2023:10:16:49 +0800] "GET /xingrg/kc/buy/cgsh_order_operate.html?command=get_materiel&rest_code=00153&code=00101008024&supplier_code=00100590&order_time=2023-04-08 HTTP/1.1" 200 408
222.67.232.202 - - [11/Apr/2023:10:16:54 +0800] "POST /xingrg/kc/buy/cgsh_order_operate.html HTTP/1.1" 200 37
58.40.7.146 - - [11/Apr/2023:10:16:56 +0800] "GET /xingrg/all/function/internal_message.html?_=1681179416025&CODE_STATE=getMsg HTTP/1.1" 302 -
116.228.172.94 - - [11/Apr/2023:10:16:56 +0800] "GET /xingrg/kc/buy/cgsh_order_operate.html?command=get_materiel&rest_code=00153&code=00101008372&supplier_code=00100590&order_time=2023-04-08 HTTP/1.1" 200 408
172.20.0.100 - - [11/Apr/2023:10:16:57 +0800] "GET /xingrg/check_reg.html?_=1681179416247 HTTP/1.1" 302 -
222.67.232.202 - - [11/Apr/2023:10:17:01 +0800] "POST /xingrg/kc/buy/cgsh_order_operate.html HTTP/1.1" 200 12
120.253.135.82 - - [11/Apr/2023:10:17:01 +0800] "GET /xingrg/all/function/internal_message.html?_=1681179257156&CODE_STATE=getMsg HTTP/1.1" 200 27
116.224.106.218 - - [11/Apr/2023:10:17:03 +0800] "GET /xingrg/all/function/internal_message.html?_=1681179421325&CODE_STATE=getMsg HTTP/1.1" 200 27
222.67.232.202 - - [11/Apr/2023:10:17:04 +0800] "GET /xingrg/kc/buy/cgsh_order_info.html?code=212023041103375 HTTP/1.1" 200 65355
222.67.232.202 - - [11/Apr/2023:10:17:04 +0800] "GET /xingrg/javascript/easyui/themes/default/validatebox.css HTTP/1.1" 404 1104
180.157.253.110 - - [11/Apr/2023:10:17:05 +0800] "GET /xingrg/all/function/internal_message.html?_=1681179425261&CODE_STATE=getMsg HTTP/1.1" 302 -
222.67.232.202 - - [11/Apr/2023:10:17:05 +0800] "POST /xingrg/kc/buy/cgsh_order_operate.html HTTP/1.1" 200 1802
222.67.232.202 - - [11/Apr/2023:10:17:07 +0800] "GET /xingrg/kc/print/load_data.html?order_code=212023041103375&kc_code=cgsh&condition= HTTP/1.1" 200 1227
124.79.240.114 - - [11/Apr/2023:10:17:08 +0800] "GET /xingrg/all/function/internal_message.html?_=1681179694580&CODE_STATE=getMsg HTTP/1.1" 302 -
124.79.240.114 - - [11/Apr/2023:10:17:08 +0800] "GET /xingrg/check_reg.html?_=1681179694581 HTTP/1.1" 302 -
116.238.139.35 - - [11/Apr/2023:10:17:08 +0800] "GET /xingrg/all/function/internal_message.html?_=1681179334946&CODE_STATE=getMsg HTTP/1.1" 200 27
222.67.232.202 - - [11/Apr/2023:10:17:11 +0800] "GET /xingrg/kc/buy/cgsh_order_add.html HTTP/1.1" 200 70453
222.67.232.202 - - [11/Apr/2023:10:17:12 +0800] "POST /xingrg/kc/buy/cgsh_order_operate.html HTTP/1.1" 200 8245
116.227.208.255 - - [11/Apr/2023:10:17:12 +0800] "GET /xingrg/all/function/internal_message.html?_=1681179514498&CODE_STATE=getMsg HTTP/1.1" 302 -
222.67.232.202 - - [11/Apr/2023:10:17:12 +0800] "GET /xingrg/javascript/easyui/themes/default/validatebox.css HTTP/1.1" 404 1104
180.169.147.146 - - [11/Apr/2023:10:17:18 +0800] "GET /xingrg/check_reg.html?_=1681179438854 HTTP/1.1" 200 22
180.169.147.146 - - [11/Apr/2023:10:17:18 +0800] "GET /xingrg/all/function/internal_message.html?_=1681179438859&CODE_STATE=getMsg HTTP/1.1" 200 27
180.163.28.55 - - [11/Apr/2023:10:17:19 +0800] "GET /xingrg/all/function/internal_message.html?_=1681179378485&CODE_STATE=getMsg HTTP/1.1" 302 -
180.163.28.55 - - [11/Apr/2023:10:17:19 +0800] "GET /xingrg/login.html HTTP/1.1" 200 7641
124.78.155.10 - - [11/Apr/2023:10:17:19 +0800] "GET /xingrg/all/function/internal_message.html?_=1681179438458&CODE_STATE=getMsg HTTP/1.1" 200 27
180.171.122.0 - - [11/Apr/2023:10:17:19 +0800] "GET /xingrg/all/function/internal_message.html?_=1681179438750&CODE_STATE=getMsg HTTP/1.1" 200 27
116.224.158.100 - - [11/Apr/2023:10:17:24 +0800] "GET /xingrg/all/function/internal_message.html?_=1681179287631&CODE_STATE=getMsg HTTP/1.1" 200 27
114.83.222.182 - - [11/Apr/2023:10:17:25 +0800] "GET /xingrg/all/function/internal_message.html?_=1681179530789&CODE_STATE=getMsg HTTP/1.1" 302 -
116.228.172.94 - - [11/Apr/2023:10:17:29 +0800] "GET /xingrg/all/function/internal_message.html?_=1681179380103&CODE_STATE=getMsg HTTP/1.1" 200 27
180.164.3.199 - - [11/Apr/2023:10:17:32 +0800] "GET /xingrg/all/function/internal_message.html?_=1681179452596&CODE_STATE=getMsg HTTP/1.1" 200 27
222.70.240.179 - - [11/Apr/2023:10:17:33 +0800] "GET /xingrg/all/function/internal_message.html?_=1681179459316&CODE_STATE=getMsg HTTP/1.1" 200 27
116.238.139.35 - - [11/Apr/2023:10:17:34 +0800] "GET /xingrg/all/function/internal_message.html?_=1681179454551&CODE_STATE=getMsg HTTP/1.1" 200 27
222.67.232.202 - - [11/Apr/2023:10:17:42 +0800] "GET /xingrg/index.html?sysBaseUrl=http%3A%2F%2F180.169.147.146%3A18081%2Fxingrg%2F&costTime=859×tamp=1681178069023 HTTP/1.1" 200 17179
222.67.232.202 - - [11/Apr/2023:10:17:42 +0800] "GET /xingrg/javascript/jquery_easy_ui/themes/default/easyui.css HTTP/1.1" 200 26500
222.67.232.202 - - [11/Apr/2023:10:17:42 +0800] "GET /xingrg/javascript/jquery_easy_ui/themes/icon.css HTTP/1.1" 200 3949
222.67.232.202 - - [11/Apr/2023:10:17:42 +0800] "GET /xingrg/css/form.css HTTP/1.1" 200 893
222.67.232.202 - - [11/Apr/2023:10:17:42 +0800] "GET /xingrg/javascript/jquery-1.4.2.min.js HTTP/1.1" 200 72205
222.67.232.202 - - [11/Apr/2023:10:17:42 +0800] "GET /xingrg/javascript/jquery_easy_ui/jquery.easyui.min.js HTTP/1.1" 200 213662
222.67.232.202 - - [11/Apr/2023:10:17:42 +0800] "GET /xingrg/javascript/jquery.timers.js HTTP/1.1" 200 3532
222.67.232.202 - - [11/Apr/2023:10:17:42 +0800] "GET /xingrg/javascript/jquery_easy_ui/easyui-lang-zh_CN.js HTTP/1.1" 200 1900
222.67.232.202 - - [11/Apr/2023:10:17:42 +0800] "GET /xingrg/javascript/jquery.utils.js HTTP/1.1" 200 11805
222.67.232.202 - - [11/Apr/2023:10:17:42 +0800] "GET /xingrg/javascript/jquery.form.js HTTP/1.1" 200 23110
222.67.232.202 - - [11/Apr/2023:10:17:42 +0800] "GET /xingrg/images/blue/navBackgound.jpg HTTP/1.1" 200 12378
222.67.232.202 - - [11/Apr/2023:10:17:42 +0800] "GET /xingrg/javascript/jquery_easy_ui/themes/icons/settle_new.png HTTP/1.1" 200 826
222.67.232.202 - - [11/Apr/2023:10:17:42 +0800] "GET /xingrg/images/blue/pingpu.png HTTP/1.1" 200 231
222.67.232.202 - - [11/Apr/2023:10:17:42 +0800] "GET /xingrg/javascript/jquery_easy_ui/themes/default/images/panel_tool_collapse.gif HTTP/1.1" 200 246
222.67.232.202 - - [11/Apr/2023:10:17:42 +0800] "GET /favicon.ico HTTP/1.1" 404 -
222.67.232.202 - - [11/Apr/2023:10:17:42 +0800] "GET /xingrg/all/function/internal_message.html?_=1681179465882&CODE_STATE=count HTTP/1.1" 200 11
222.67.232.202 - - [11/Apr/2023:10:17:42 +0800] "GET /xingrg/check_reg.html?_=1681179465883 HTTP/1.1" 200 22
222.67.232.202 - - [11/Apr/2023:10:17:42 +0800] "POST /xingrg/all/common/load_tree.html?tree=area_rest_tree_json&manage=1 HTTP/1.1" 200 351
222.67.232.202 - - [11/Apr/2023:10:17:42 +0800] "POST /xingrg/load_menu.html HTTP/1.1" 200 5138
222.67.232.202 - - [11/Apr/2023:10:17:42 +0800] "GET /xingrg/javascript/jquery_easy_ui/themes/default/images/tree_arrows.gif HTTP/1.1" 200 1043
222.67.232.202 - - [11/Apr/2023:10:17:42 +0800] "GET /xingrg/javascript/jquery_easy_ui/themes/default/images/tree_folder.gif HTTP/1.1" 200 952
222.67.232.202 - - [11/Apr/2023:10:17:42 +0800] "GET /xingrg/javascript/jquery_easy_ui/themes/icons/storage_new.png HTTP/1.1" 200 853
222.67.232.202 - - [11/Apr/2023:10:17:42 +0800] "GET /xingrg/javascript/jquery_easy_ui/themes/icons/forms_new.png HTTP/1.1" 200 350
222.67.232.202 - - [11/Apr/2023:10:17:42 +0800] "GET /xingrg/javascript/jquery_easy_ui/themes/icons/search_new.png HTTP/1.1" 200 586
222.67.232.202 - - [11/Apr/2023:10:17:42 +0800] "GET /xingrg/javascript/jquery_easy_ui/themes/default/images/tree_folder_open.gif HTTP/1.1" 200 956
222.67.232.202 - - [11/Apr/2023:10:17:48 +0800] "GET /xingrg/javascript/jquery_easy_ui/themes/default/images/tabs_close.gif HTTP/1.1" 200 829
222.67.232.202 - - [11/Apr/2023:10:17:48 +0800] "GET /xingrg/kc/buy/buy_main.html HTTP/1.1" 200 12412
222.67.232.202 - - [11/Apr/2023:10:17:48 +0800] "GET /xingrg/css/blue.css HTTP/1.1" 200 15949
222.67.232.202 - - [11/Apr/2023:10:17:48 +0800] "GET /xingrg/css/new_ie.css HTTP/1.1" 404 1036
222.67.232.202 - - [11/Apr/2023:10:17:48 +0800] "GET /xingrg/javascript/jquery_ui/themes/humanity/humanity.css HTTP/1.1" 200 27801
222.67.232.202 - - [11/Apr/2023:10:17:48 +0800] "GET /xingrg/javascript/pic_change.js HTTP/1.1" 200 4739
222.67.232.202 - - [11/Apr/2023:10:17:48 +0800] "GET /xingrg/javascript/myfunction.js HTTP/1.1" 200 24559
222.67.232.202 - - [11/Apr/2023:10:17:48 +0800] "GET /xingrg/javascript/jquery_ui/jquery-ui.min.js HTTP/1.1" 200 186181
222.67.232.202 - - [11/Apr/2023:10:17:48 +0800] "GET /xingrg/javascript/ToolTips.js HTTP/1.1" 200 5615
222.67.232.202 - - [11/Apr/2023:10:17:48 +0800] "GET /xingrg/images/blue/button/cgxqd.gif HTTP/1.1" 200 2619
222.67.232.202 - - [11/Apr/2023:10:17:48 +0800] "GET /xingrg/images/blue/button/cgydd.gif HTTP/1.1" 200 2712
222.67.232.202 - - [11/Apr/2023:10:17:48 +0800] "GET /xingrg/images/blue/button/cgshd.gif HTTP/1.1" 200 2618
222.67.232.202 - - [11/Apr/2023:10:17:48 +0800] "GET /xingrg/images/blue/button/cgfkd.gif HTTP/1.1" 200 2075
222.67.232.202 - - [11/Apr/2023:10:17:48 +0800] "GET /xingrg/images/blue/button/kc.gif HTTP/1.1" 200 2160
222.67.232.202 - - [11/Apr/2023:10:17:48 +0800] "GET /xingrg/images/blue/button/ckthd.gif HTTP/1.1" 200 2045
222.67.232.202 - - [11/Apr/2023:10:17:48 +0800] "GET /xingrg/images/blue/pic_form2.gif HTTP/1.1" 200 1853
222.67.232.202 - - [11/Apr/2023:10:17:48 +0800] "GET /xingrg/images/blue/button/right_ah.jpg HTTP/1.1" 200 1744
222.67.232.202 - - [11/Apr/2023:10:17:48 +0800] "GET /xingrg/images/blue/button/down_ah.jpg HTTP/1.1" 200 1732
222.67.232.202 - - [11/Apr/2023:10:17:48 +0800] "GET /xingrg/images/blue/bg_dotted.jpg HTTP/1.1" 200 319
222.67.232.202 - - [11/Apr/2023:10:17:48 +0800] "GET /xingrg/javascript/jquery_ui/themes/humanity/images/ui-bg_inset-soft_100_f4f0ec_1x100.png HTTP/1.1" 200 141
222.67.232.202 - - [11/Apr/2023:10:17:50 +0800] "GET /xingrg/kc/buy/cgsh_order_list.html HTTP/1.1" 200 54677
222.67.232.202 - - [11/Apr/2023:10:17:50 +0800] "GET /xingrg/css/base.css HTTP/1.1" 200 2811
222.67.232.202 - - [11/Apr/2023:10:17:50 +0800] "GET /xingrg/css/site.css HTTP/1.1" 200 7541
222.67.232.202 - - [11/Apr/2023:10:17:50 +0800] "GET /xingrg/javascript/jquery_tools/datebox.css HTTP/1.1" 200 2597
222.67.232.202 - - [11/Apr/2023:10:17:50 +0800] "GET /xingrg/javascript/easyui/themes/default/easyui.css HTTP/1.1" 200 30432
222.67.232.202 - - [11/Apr/2023:10:17:50 +0800] "GET /xingrg/javascript/easyui/themes/icon.css HTTP/1.1" 200 4483
222.67.232.202 - - [11/Apr/2023:10:17:50 +0800] "GET /xingrg/javascript/auto/jquery.autocomplete.css HTTP/1.1" 200 587
222.67.232.202 - - [11/Apr/2023:10:17:50 +0800] "GET /xingrg/javascript/jquery_tools/fix.css HTTP/1.1" 200 1702
222.67.232.202 - - [11/Apr/2023:10:17:50 +0800] "GET /xingrg/javascript/jquery_tools/table.css HTTP/1.1" 200 1032
222.67.232.202 - - [11/Apr/2023:10:17:50 +0800] "GET /xingrg/javascript/jquery_tools/jquery.tools.min.js HTTP/1.1" 200 138801
222.67.232.202 - - [11/Apr/2023:10:17:50 +0800] "GET /xingrg/javascript/jquery_tools/jquery.tools.extend.js HTTP/1.1" 200 15385
222.67.232.202 - - [11/Apr/2023:10:17:50 +0800] "GET /xingrg/javascript/jquery_tools/jquery.tools.hotkey.js HTTP/1.1" 200 3242
222.67.232.202 - - [11/Apr/2023:10:17:50 +0800] "GET /xingrg/javascript/jquery_tools/jquery.tools.table.js HTTP/1.1" 200 6994
222.67.232.202 - - [11/Apr/2023:10:17:50 +0800] "GET /xingrg/javascript/jquery_tools/list_manager.js HTTP/1.1" 200 3652
222.67.232.202 - - [11/Apr/2023:10:17:50 +0800] "GET /xingrg/javascript/auto/jquery.autocomplete.js HTTP/1.1" 200 21624
222.67.232.202 - - [11/Apr/2023:10:17:50 +0800] "GET /xingrg/javascript/easyui/easyloader.js HTTP/1.1" 200 5975
222.67.232.202 - - [11/Apr/2023:10:17:50 +0800] "GET /xingrg/javascript/jquery.cookie.js HTTP/1.1" 200 5513
222.67.232.202 - - [11/Apr/2023:10:17:50 +0800] "GET /xingrg/javascript/print/LodopFuncs.js HTTP/1.1" 200 5121
222.67.232.202 - - [11/Apr/2023:10:17:50 +0800] "GET /xingrg/javascript/easyui/themes/icons/edit_add_new.png HTTP/1.1" 200 2997
222.67.232.202 - - [11/Apr/2023:10:17:50 +0800] "GET /xingrg/javascript/easyui/themes/icons/cance_new.png HTTP/1.1" 200 3986
222.67.232.202 - - [11/Apr/2023:10:17:50 +0800] "GET /xingrg/javascript/easyui/themes/icons/check_new.png HTTP/1.1" 200 3224
222.67.232.202 - - [11/Apr/2023:10:17:50 +0800] "GET /xingrg/javascript/easyui/themes/icons/import_new.png HTTP/1.1" 200 1247
222.67.232.202 - - [11/Apr/2023:10:17:50 +0800] "GET /xingrg/javascript/easyui/themes/icons/field_new.png HTTP/1.1" 200 1097
222.67.232.202 - - [11/Apr/2023:10:17:50 +0800] "GET /xingrg/javascript/easyui/plugins/jquery.parser.js HTTP/1.1" 200 1142
222.67.232.202 - - [11/Apr/2023:10:17:50 +0800] "GET /xingrg/images/control/ajaxLoader.gif HTTP/1.1" 200 4659
222.67.232.202 - - [11/Apr/2023:10:17:52 +0800] "POST /xingrg/kc/buy/cgsh_list_operate.html HTTP/1.1" 200 986
222.67.232.202 - - [11/Apr/2023:10:17:52 +0800] "GET /xingrg/javascript/easyui/themes/default/images/button_plain_hover.png HTTP/1.1" 200 144
222.67.232.202 - - [11/Apr/2023:10:17:53 +0800] "GET /xingrg/kc/buy/cgsh_order_add.html HTTP/1.1" 200 70453
222.67.232.202 - - [11/Apr/2023:10:17:53 +0800] "GET /xingrg/javascript/jquery_tools/order_manager.js HTTP/1.1" 200 11183
222.67.232.202 - - [11/Apr/2023:10:17:53 +0800] "GET /xingrg/javascript/convert.js HTTP/1.1" 200 1239
222.67.232.202 - - [11/Apr/2023:10:17:53 +0800] "GET /xingrg/javascript/print/kc_print.js HTTP/1.1" 200 11415
222.67.232.202 - - [11/Apr/2023:10:17:53 +0800] "GET /xingrg/javascript/json2.js HTTP/1.1" 200 11259
222.67.232.202 - - [11/Apr/2023:10:17:53 +0800] "GET /xingrg/words/20230409165538_words.js HTTP/1.1" 200 960248
222.67.232.202 - - [11/Apr/2023:10:17:53 +0800] "GET /xingrg/javascript/easyui/themes/icons/copy_new.png HTTP/1.1" 200 815
222.67.232.202 - - [11/Apr/2023:10:17:53 +0800] "GET /xingrg/javascript/easyui/themes/icons/print.png HTTP/1.1" 200 1057
222.67.232.202 - - [11/Apr/2023:10:17:53 +0800] "GET /xingrg/javascript/easyui/themes/icons/cancel.png HTTP/1.1" 200 1133
222.67.232.202 - - [11/Apr/2023:10:17:53 +0800] "GET /xingrg/javascript/easyui/themes/icons/ok.png HTTP/1.1" 200 883
222.67.232.202 - - [11/Apr/2023:10:17:53 +0800] "GET /xingrg/javascript/easyui/themes/icons/template_new.png HTTP/1.1" 200 3956
222.67.232.202 - - [11/Apr/2023:10:17:53 +0800] "GET /xingrg/javascript/easyui/themes/default/images/menu_downarrow.png HTTP/1.1" 200 173
222.67.232.202 - - [11/Apr/2023:10:17:53 +0800] "POST /xingrg/kc/buy/cgsh_order_operate.html HTTP/1.1" 200 8245
222.67.232.202 - - [11/Apr/2023:10:17:53 +0800] "GET /xingrg/javascript/easyui/themes/default/validatebox.css HTTP/1.1" 404 1104
222.67.232.202 - - [11/Apr/2023:10:17:53 +0800] "GET /xingrg/javascript/easyui/plugins/jquery.validatebox.js HTTP/1.1" 200 6103
222.67.232.202 - - [11/Apr/2023:10:17:53 +0800] "GET /xingrg/javascript/easyui/themes/icons/edit_remove.png HTTP/1.1" 200 625
222.67.232.202 - - [11/Apr/2023:10:17:53 +0800] "GET /xingrg/all/common/auto_word.html?type=employee&rest_code=00141 HTTP/1.1" 200 201
222.67.232.202 - - [11/Apr/2023:10:17:53 +0800] "GET /xingrg/javascript/easyui/plugins/jquery.numberbox.js HTTP/1.1" 200 5213
222.67.232.202 - - [11/Apr/2023:10:17:53 +0800] "GET /xingrg/all/common/auto_word.html?type=employee&rest_code=00141 HTTP/1.1" 200 201
58.40.7.146 - - [11/Apr/2023:10:17:56 +0800] "GET /xingrg/all/function/internal_message.html?_=1681179476027&CODE_STATE=getMsg HTTP/1.1" 302 -
222.67.232.202 - - [11/Apr/2023:10:17:56 +0800] "GET /xingrg/javascript/jquery_tools/images/prev.gif HTTP/1.1" 404 1086
222.67.232.202 - - [11/Apr/2023:10:17:56 +0800] "GET /xingrg/javascript/jquery_tools/images/next.gif HTTP/1.1" 404 1086
120.253.135.82 - - [11/Apr/2023:10:18:01 +0800] "GET /xingrg/all/function/internal_message.html?_=1681179317170&CODE_STATE=getMsg HTTP/1.1" 200 27
180.157.253.110 - - [11/Apr/2023:10:18:05 +0800] "GET /xingrg/all/function/internal_message.html?_=1681179485264&CODE_STATE=getMsg HTTP/1.1" 302 -
124.79.240.114 - - [11/Apr/2023:10:18:08 +0800] "GET /xingrg/all/function/internal_message.html?_=1681179754589&CODE_STATE=getMsg HTTP/1.1" 302 -
222.67.232.202 - - [11/Apr/2023:10:18:08 +0800] "GET /xingrg/kc/buy/cgsh_order_operate.html?command=get_materiel&rest_code=00141&code=00101008706&supplier_code=00100450&order_time=2023-04-11 HTTP/1.1" 200 413
116.238.139.35 - - [11/Apr/2023:10:18:08 +0800] "GET /xingrg/all/function/internal_message.html?_=1681179394978&CODE_STATE=getMsg HTTP/1.1" 200 27
116.227.208.255 - - [11/Apr/2023:10:18:10 +0800] "GET /xingrg/check_reg.html?_=1681179572226 HTTP/1.1" 302 -
116.227.208.255 - - [11/Apr/2023:10:18:12 +0800] "GET /xingrg/all/function/internal_message.html?_=1681179574490&CODE_STATE=getMsg HTTP/1.1" 302 -
180.169.147.146 - - [11/Apr/2023:10:18:18 +0800] "GET /xingrg/all/function/internal_message.html?_=1681179498875&CODE_STATE=getMsg HTTP/1.1" 200 27
180.163.28.68 - - [11/Apr/2023:10:18:19 +0800] "GET /xingrg/all/function/internal_message.html?_=1681179438458&CODE_STATE=getMsg HTTP/1.1" 302 -
180.163.28.68 - - [11/Apr/2023:10:18:19 +0800] "GET /xingrg/login.html HTTP/1.1" 200 7641
124.78.155.10 - - [11/Apr/2023:10:18:19 +0800] "GET /xingrg/all/function/internal_message.html?_=1681179498432&CODE_STATE=getMsg HTTP/1.1" 200 27
180.171.122.0 - - [11/Apr/2023:10:18:19 +0800] "GET /xingrg/all/function/internal_message.html?_=1681179498751&CODE_STATE=getMsg HTTP/1.1" 200 27
116.228.172.94 - - [11/Apr/2023:10:18:22 +0800] "GET /xingrg/check_reg.html?_=1681179433846 HTTP/1.1" 200 22
116.224.158.100 - - [11/Apr/2023:10:18:24 +0800] "GET /xingrg/all/function/internal_message.html?_=1681179347639&CODE_STATE=getMsg HTTP/1.1" 200 27
114.83.222.182 - - [11/Apr/2023:10:18:25 +0800] "GET /xingrg/all/function/internal_message.html?_=1681179590795&CODE_STATE=getMsg HTTP/1.1" 302 -
114.83.222.182 - - [11/Apr/2023:10:18:25 +0800] "GET /xingrg/check_reg.html?_=1681179590797 HTTP/1.1" 302 -
116.228.172.94 - - [11/Apr/2023:10:18:29 +0800] "GET /xingrg/all/function/internal_message.html?_=1681179440095&CODE_STATE=getMsg HTTP/1.1" 200 27
124.78.155.10 - - [11/Apr/2023:10:18:32 +0800] "GET /xingrg/kc/buy/cgsh_order_add.html HTTP/1.1" 200 70453
124.78.155.10 - - [11/Apr/2023:10:18:32 +0800] "POST /xingrg/kc/buy/cgsh_order_operate.html HTTP/1.1" 200 8245
124.78.155.10 - - [11/Apr/2023:10:18:32 +0800] "GET /xingrg/javascript/easyui/themes/default/validatebox.css HTTP/1.1" 404 1104
180.164.3.199 - - [11/Apr/2023:10:18:32 +0800] "GET /xingrg/all/function/internal_message.html?_=1681179512610&CODE_STATE=getMsg HTTP/1.1" 200 27
222.70.240.179 - - [11/Apr/2023:10:18:33 +0800] "GET /xingrg/all/function/internal_message.html?_=1681179519327&CODE_STATE=getMsg HTTP/1.1" 200 27
222.67.232.202 - - [11/Apr/2023:10:18:34 +0800] "GET /xingrg/kc/buy/cgsh_order_operate.html?command=get_materiel&rest_code=00141&code=00101009079&supplier_code=00100450&order_time=2023-04-11 HTTP/1.1" 200 409
116.238.139.35 - - [11/Apr/2023:10:18:34 +0800] "GET /xingrg/all/function/internal_message.html?_=1681179514554&CODE_STATE=getMsg HTTP/1.1" 200 27
116.238.139.35 - - [11/Apr/2023:10:18:34 +0800] "GET /xingrg/check_reg.html?_=1681179514558 HTTP/1.1" 200 22
116.228.172.94 - - [11/Apr/2023:10:18:37 +0800] "GET /xingrg/kc/buy/cgsh_order_operate.html?command=get_materiel&rest_code=00153&code=00101008357&supplier_code=00100590&order_time=2023-04-08 HTTP/1.1" 200 410
124.78.155.10 - - [11/Apr/2023:10:18:39 +0800] "GET /xingrg/javascript/easyui/themes/default/tree.css HTTP/1.1" 404 1090
124.78.155.10 - - [11/Apr/2023:10:18:40 +0800] "POST /xingrg/all/common/load_tree.html?tree=supplier_tree_json&isDelete=1 HTTP/1.1" 200 72081
222.67.232.202 - - [11/Apr/2023:10:18:42 +0800] "GET /xingrg/all/function/internal_message.html?_=1681179525905&CODE_STATE=getMsg HTTP/1.1" 200 27
114.83.222.182 - - [11/Apr/2023:10:18:42 +0800] "GET /xingrg/kc/buy/cgsh_order_list.html HTTP/1.1" 302 -
114.83.222.182 - - [11/Apr/2023:10:18:42 +0800] "GET /xingrg/login.html HTTP/1.1" 200 7641
114.83.222.182 - - [11/Apr/2023:10:18:42 +0800] "GET /xingrg/javascript/jquery_easy_ui/themes/default/images/tabs_close.gif HTTP/1.1" 200 829
114.83.222.182 - - [11/Apr/2023:10:18:43 +0800] "GET /xingrg/login.html HTTP/1.1" 200 7641
114.83.222.182 - - [11/Apr/2023:10:18:43 +0800] "GET /xingrg/images/blue/hj.png HTTP/1.1" 200 1014
114.83.222.182 - - [11/Apr/2023:10:18:43 +0800] "GET /xingrg/images/blue/login_bg.png HTTP/1.1" 200 22101
114.83.222.182 - - [11/Apr/2023:10:18:43 +0800] "GET /favicon.ico HTTP/1.1" 404 -
114.83.222.182 - - [11/Apr/2023:10:18:45 +0800] "POST /xingrg/login.do HTTP/1.1" 302 -
114.83.222.182 - - [11/Apr/2023:10:18:45 +0800] "GET /xingrg/index.html?sysBaseUrl=http%3A%2F%2F180.169.147.146%3A18081%2Fxingrg%2F&costTime=798×tamp=1681179525379 HTTP/1.1" 200 17179
114.83.222.182 - - [11/Apr/2023:10:18:45 +0800] "GET /xingrg/javascript/jquery_easy_ui/themes/default/easyui.css HTTP/1.1" 200 26500
114.83.222.182 - - [11/Apr/2023:10:18:45 +0800] "GET /xingrg/javascript/jquery_easy_ui/themes/icon.css HTTP/1.1" 200 3949
114.83.222.182 - - [11/Apr/2023:10:18:45 +0800] "GET /xingrg/css/form.css HTTP/1.1" 200 893
114.83.222.182 - - [11/Apr/2023:10:18:45 +0800] "GET /xingrg/javascript/jquery-1.4.2.min.js HTTP/1.1" 200 72205
114.83.222.182 - - [11/Apr/2023:10:18:45 +0800] "GET /xingrg/javascript/jquery.utils.js HTTP/1.1" 200 11805
114.83.222.182 - - [11/Apr/2023:10:18:45 +0800] "GET /xingrg/javascript/jquery_easy_ui/jquery.easyui.min.js HTTP/1.1" 200 213662
114.83.222.182 - - [11/Apr/2023:10:18:45 +0800] "GET /xingrg/javascript/jquery_easy_ui/easyui-lang-zh_CN.js HTTP/1.1" 200 1900
114.83.222.182 - - [11/Apr/2023:10:18:45 +0800] "GET /xingrg/javascript/jquery.timers.js HTTP/1.1" 200 3532
114.83.222.182 - - [11/Apr/2023:10:18:45 +0800] "GET /xingrg/javascript/jquery.form.js HTTP/1.1" 200 23110
114.83.222.182 - - [11/Apr/2023:10:18:45 +0800] "GET /favicon.ico HTTP/1.1" 404 -
114.83.222.182 - - [11/Apr/2023:10:18:45 +0800] "GET /xingrg/images/blue/navBackgound.jpg HTTP/1.1" 200 12378
114.83.222.182 - - [11/Apr/2023:10:18:45 +0800] "GET /xingrg/check_reg.html?_=1681179611093 HTTP/1.1" 200 22
114.83.222.182 - - [11/Apr/2023:10:18:45 +0800] "GET /xingrg/all/function/internal_message.html?_=1681179611091&CODE_STATE=count HTTP/1.1" 200 11
114.83.222.182 - - [11/Apr/2023:10:18:45 +0800] "POST /xingrg/all/common/load_tree.html?tree=area_rest_tree_json&manage=1 HTTP/1.1" 200 351
114.83.222.182 - - [11/Apr/2023:10:18:45 +0800] "POST /xingrg/load_menu.html HTTP/1.1" 200 5138
116.228.172.94 - - [11/Apr/2023:10:18:46 +0800] "GET /xingrg/kc/buy/cgsh_order_operate.html?command=get_materiel&rest_code=00153&code=00101016080&supplier_code=00100590&order_time=2023-04-08 HTTP/1.1" 200 408
222.67.232.202 - - [11/Apr/2023:10:18:49 +0800] "GET /xingrg/kc/buy/cgsh_order_operate.html?command=get_materiel&rest_code=00141&code=00101008568&supplier_code=00100450&order_time=2023-04-11 HTTP/1.1" 200 413
114.83.222.182 - - [11/Apr/2023:10:18:49 +0800] "GET /xingrg/kc/buy/cgsh_order_list.html HTTP/1.1" 200 54677
114.83.222.182 - - [11/Apr/2023:10:18:49 +0800] "GET /xingrg/css/base.css HTTP/1.1" 200 2811
114.83.222.182 - - [11/Apr/2023:10:18:49 +0800] "GET /xingrg/css/site.css HTTP/1.1" 200 7541
114.83.222.182 - - [11/Apr/2023:10:18:49 +0800] "GET /xingrg/javascript/jquery_tools/datebox.css HTTP/1.1" 200 2597
114.83.222.182 - - [11/Apr/2023:10:18:49 +0800] "GET /xingrg/javascript/easyui/themes/default/easyui.css HTTP/1.1" 200 30432
114.83.222.182 - - [11/Apr/2023:10:18:49 +0800] "GET /xingrg/javascript/easyui/themes/icon.css HTTP/1.1" 200 4483
114.83.222.182 - - [11/Apr/2023:10:18:50 +0800] "GET /xingrg/javascript/jquery_tools/fix.css HTTP/1.1" 200 1702
114.83.222.182 - - [11/Apr/2023:10:18:50 +0800] "GET /xingrg/javascript/auto/jquery.autocomplete.css HTTP/1.1" 200 587
114.83.222.182 - - [11/Apr/2023:10:18:50 +0800] "GET /xingrg/javascript/jquery_tools/table.css HTTP/1.1" 200 1032
114.83.222.182 - - [11/Apr/2023:10:18:50 +0800] "GET /xingrg/javascript/jquery_tools/jquery.tools.min.js HTTP/1.1" 200 138801
