114.83.222.182 - - [11/Apr/2023:10:18:50 +0800] "GET /xingrg/javascript/jquery_tools/jquery.tools.extend.js HTTP/1.1" 200 15385
114.83.222.182 - - [11/Apr/2023:10:18:50 +0800] "GET /xingrg/javascript/jquery_tools/jquery.tools.hotkey.js HTTP/1.1" 200 3242
114.83.222.182 - - [11/Apr/2023:10:18:50 +0800] "GET /xingrg/javascript/jquery_tools/jquery.tools.table.js HTTP/1.1" 200 6994
114.83.222.182 - - [11/Apr/2023:10:18:50 +0800] "GET /xingrg/javascript/jquery_tools/list_manager.js HTTP/1.1" 200 3652
114.83.222.182 - - [11/Apr/2023:10:18:50 +0800] "GET /xingrg/javascript/auto/jquery.autocomplete.js HTTP/1.1" 200 21624
114.83.222.182 - - [11/Apr/2023:10:18:50 +0800] "GET /xingrg/javascript/easyui/easyloader.js HTTP/1.1" 200 5975
114.83.222.182 - - [11/Apr/2023:10:18:50 +0800] "GET /xingrg/javascript/jquery.cookie.js HTTP/1.1" 200 5513
114.83.222.182 - - [11/Apr/2023:10:18:50 +0800] "GET /xingrg/javascript/print/LodopFuncs.js HTTP/1.1" 200 5121
114.83.222.182 - - [11/Apr/2023:10:18:50 +0800] "GET /xingrg/javascript/easyui/themes/icons/edit_add_new.png HTTP/1.1" 200 2997
114.83.222.182 - - [11/Apr/2023:10:18:50 +0800] "GET /xingrg/javascript/easyui/themes/icons/cance_new.png HTTP/1.1" 200 3986
114.83.222.182 - - [11/Apr/2023:10:18:50 +0800] "GET /xingrg/javascript/easyui/themes/icons/check_new.png HTTP/1.1" 200 3224
114.83.222.182 - - [11/Apr/2023:10:18:50 +0800] "GET /xingrg/javascript/easyui/themes/icons/field_new.png HTTP/1.1" 200 1097
114.83.222.182 - - [11/Apr/2023:10:18:50 +0800] "GET /xingrg/javascript/easyui/themes/icons/import_new.png HTTP/1.1" 200 1247
114.83.222.182 - - [11/Apr/2023:10:18:50 +0800] "GET /xingrg/javascript/easyui/plugins/jquery.parser.js HTTP/1.1" 200 1142
114.83.222.182 - - [11/Apr/2023:10:18:50 +0800] "GET /xingrg/images/control/ajaxLoader.gif HTTP/1.1" 200 4659
116.228.172.94 - - [11/Apr/2023:10:18:51 +0800] "GET /xingrg/kc/buy/cgsh_order_operate.html?command=get_materiel&rest_code=00153&code=00101016051&supplier_code=00100590&order_time=2023-04-08 HTTP/1.1" 200 408
114.83.222.182 - - [11/Apr/2023:10:18:52 +0800] "POST /xingrg/kc/buy/cgsh_list_operate.html HTTP/1.1" 200 986
114.83.222.182 - - [11/Apr/2023:10:18:52 +0800] "GET /xingrg/javascript/easyui/themes/default/images/button_plain_hover.png HTTP/1.1" 200 144
114.83.222.182 - - [11/Apr/2023:10:18:53 +0800] "GET /xingrg/kc/buy/cgsh_order_add.html HTTP/1.1" 200 69656
114.83.222.182 - - [11/Apr/2023:10:18:53 +0800] "GET /xingrg/javascript/pic_change.js HTTP/1.1" 200 4739
114.83.222.182 - - [11/Apr/2023:10:18:53 +0800] "GET /xingrg/javascript/jquery_tools/order_manager.js HTTP/1.1" 200 11183
114.83.222.182 - - [11/Apr/2023:10:18:53 +0800] "GET /xingrg/javascript/convert.js HTTP/1.1" 200 1239
114.83.222.182 - - [11/Apr/2023:10:18:53 +0800] "GET /xingrg/javascript/json2.js HTTP/1.1" 200 11259
114.83.222.182 - - [11/Apr/2023:10:18:53 +0800] "GET /xingrg/javascript/print/kc_print.js HTTP/1.1" 200 11415
114.83.222.182 - - [11/Apr/2023:10:18:53 +0800] "GET /xingrg/words/20230409165538_words.js HTTP/1.1" 200 960248
114.83.222.182 - - [11/Apr/2023:10:18:53 +0800] "GET /xingrg/javascript/easyui/themes/icons/copy_new.png HTTP/1.1" 200 815
114.83.222.182 - - [11/Apr/2023:10:18:53 +0800] "GET /xingrg/javascript/easyui/themes/icons/template_new.png HTTP/1.1" 200 3956
114.83.222.182 - - [11/Apr/2023:10:18:53 +0800] "GET /xingrg/javascript/easyui/themes/icons/ok.png HTTP/1.1" 200 883
114.83.222.182 - - [11/Apr/2023:10:18:53 +0800] "GET /xingrg/javascript/easyui/themes/icons/print.png HTTP/1.1" 200 1057
114.83.222.182 - - [11/Apr/2023:10:18:53 +0800] "GET /xingrg/javascript/easyui/themes/default/images/menu_downarrow.png HTTP/1.1" 200 173
114.83.222.182 - - [11/Apr/2023:10:18:53 +0800] "GET /xingrg/javascript/easyui/themes/icons/cancel.png HTTP/1.1" 200 1133
114.83.222.182 - - [11/Apr/2023:10:18:53 +0800] "POST /xingrg/kc/buy/cgsh_order_operate.html HTTP/1.1" 200 8245
114.83.222.182 - - [11/Apr/2023:10:18:53 +0800] "GET /xingrg/javascript/easyui/themes/default/validatebox.css HTTP/1.1" 404 1104
114.83.222.182 - - [11/Apr/2023:10:18:53 +0800] "GET /xingrg/javascript/easyui/plugins/jquery.validatebox.js HTTP/1.1" 200 6103
114.83.222.182 - - [11/Apr/2023:10:18:53 +0800] "GET /xingrg/all/common/auto_word.html?type=employee&rest_code=00154 HTTP/1.1" 200 101
114.83.222.182 - - [11/Apr/2023:10:18:53 +0800] "GET /xingrg/javascript/easyui/plugins/jquery.numberbox.js HTTP/1.1" 200 5213
114.83.222.182 - - [11/Apr/2023:10:18:53 +0800] "GET /xingrg/all/common/auto_word.html?type=employee&rest_code=00154 HTTP/1.1" 200 101
114.83.222.182 - - [11/Apr/2023:10:18:53 +0800] "GET /xingrg/javascript/easyui/themes/icons/edit_remove.png HTTP/1.1" 200 625
58.40.7.146 - - [11/Apr/2023:10:18:56 +0800] "GET /xingrg/all/function/internal_message.html?_=1681179536037&CODE_STATE=getMsg HTTP/1.1" 302 -
124.78.155.10 - - [11/Apr/2023:10:18:56 +0800] "GET /xingrg/kc/buy/cgsh_order_operate.html?command=get_materiel&rest_code=00106&code=00101006195&supplier_code=00100015&order_time=2023-04-11 HTTP/1.1" 200 411
116.192.124.172 - - [11/Apr/2023:10:18:56 +0800] "POST /xingrg/services/DataTransmitService HTTP/1.1" 401 565
116.192.124.172 - - [11/Apr/2023:10:18:56 +0800] "POST /xingrg/services/DataTransmitService HTTP/1.1" 200 478
116.192.124.172 - - [11/Apr/2023:10:18:56 +0800] "POST /xingrg/services/DataTransmitService HTTP/1.1" 200 1319
116.192.124.172 - - [11/Apr/2023:10:18:56 +0800] "POST /xingrg/services/DataTransmitService HTTP/1.1" 200 478
116.192.124.172 - - [11/Apr/2023:10:18:56 +0800] "POST /xingrg/services/DataTransmitService HTTP/1.1" 200 1319
116.192.124.172 - - [11/Apr/2023:10:18:56 +0800] "POST /xingrg/services/DataTransmitService HTTP/1.1" 200 524
116.192.124.172 - - [11/Apr/2023:10:18:57 +0800] "POST /xingrg/services/DataTransmitService HTTP/1.1" 200 2395
116.192.124.172 - - [11/Apr/2023:10:18:58 +0800] "POST /xingrg/services/DataTransmitService HTTP/1.1" 200 174255
116.228.172.94 - - [11/Apr/2023:10:18:59 +0800] "GET /xingrg/kc/buy/cgsh_order_operate.html?command=get_materiel&rest_code=00153&code=00101008046&supplier_code=00100590&order_time=2023-04-08 HTTP/1.1" 200 408
222.67.232.202 - - [11/Apr/2023:10:19:01 +0800] "GET /xingrg/kc/buy/cgsh_order_operate.html?command=get_materiel&rest_code=00141&code=00101008593&supplier_code=00100450&order_time=2023-04-11 HTTP/1.1" 200 418
120.253.135.82 - - [11/Apr/2023:10:19:01 +0800] "GET /xingrg/all/function/internal_message.html?_=1681179377232&CODE_STATE=getMsg HTTP/1.1" 200 27
180.157.253.110 - - [11/Apr/2023:10:19:05 +0800] "GET /xingrg/all/function/internal_message.html?_=1681179545266&CODE_STATE=getMsg HTTP/1.1" 302 -
180.157.253.110 - - [11/Apr/2023:10:19:05 +0800] "GET /xingrg/check_reg.html?_=1681179545270 HTTP/1.1" 302 -
116.228.172.94 - - [11/Apr/2023:10:19:06 +0800] "GET /xingrg/kc/buy/cgsh_order_operate.html?command=get_materiel&rest_code=00153&code=00101008350&supplier_code=00100590&order_time=2023-04-08 HTTP/1.1" 200 410
124.79.240.114 - - [11/Apr/2023:10:19:08 +0800] "GET /xingrg/all/function/internal_message.html?_=1681179814591&CODE_STATE=getMsg HTTP/1.1" 302 -
116.238.139.35 - - [11/Apr/2023:10:19:08 +0800] "GET /xingrg/all/function/internal_message.html?_=1681179454988&CODE_STATE=getMsg HTTP/1.1" 200 27
222.67.232.202 - - [11/Apr/2023:10:19:11 +0800] "GET /xingrg/kc/buy/cgsh_order_operate.html?command=get_materiel&rest_code=00141&code=00101015147&supplier_code=00100450&order_time=2023-04-11 HTTP/1.1" 200 409
124.78.155.10 - - [11/Apr/2023:10:19:11 +0800] "GET /xingrg/kc/buy/cgsh_order_operate.html?command=get_materiel&rest_code=00106&code=00101006112&supplier_code=00100015&order_time=2023-04-11 HTTP/1.1" 200 409
116.228.172.94 - - [11/Apr/2023:10:19:11 +0800] "GET /xingrg/kc/buy/cgsh_order_operate.html?command=get_materiel&rest_code=00153&code=00101008246&supplier_code=00100590&order_time=2023-04-08 HTTP/1.1" 200 408
116.227.208.255 - - [11/Apr/2023:10:19:12 +0800] "GET /xingrg/all/function/internal_message.html?_=1681179634486&CODE_STATE=getMsg HTTP/1.1" 302 -
180.169.147.146 - - [11/Apr/2023:10:19:18 +0800] "GET /xingrg/all/function/internal_message.html?_=1681179558862&CODE_STATE=getMsg HTTP/1.1" 200 27
124.78.155.10 - - [11/Apr/2023:10:19:19 +0800] "GET /xingrg/all/function/internal_message.html?_=1681179558430&CODE_STATE=getMsg HTTP/1.1" 200 27
180.171.122.0 - - [11/Apr/2023:10:19:19 +0800] "GET /xingrg/all/function/internal_message.html?_=1681179558739&CODE_STATE=getMsg HTTP/1.1" 200 27
222.67.232.202 - - [11/Apr/2023:10:19:20 +0800] "GET /xingrg/kc/buy/cgsh_order_operate.html?command=get_materiel&rest_code=00141&code=00102014008&supplier_code=00100450&order_time=2023-04-11 HTTP/1.1" 200 409
116.224.158.100 - - [11/Apr/2023:10:19:24 +0800] "GET /xingrg/all/function/internal_message.html?_=1681179407627&CODE_STATE=getMsg HTTP/1.1" 200 27
124.78.155.10 - - [11/Apr/2023:10:19:26 +0800] "GET /xingrg/kc/buy/cgsh_order_operate.html?command=get_materiel&rest_code=00106&code=00101006138&supplier_code=00100015&order_time=2023-04-11 HTTP/1.1" 200 411
116.228.172.94 - - [11/Apr/2023:10:19:29 +0800] "GET /xingrg/all/function/internal_message.html?_=1681179500077&CODE_STATE=getMsg HTTP/1.1" 200 27
222.67.232.202 - - [11/Apr/2023:10:19:29 +0800] "GET /xingrg/kc/buy/cgsh_order_operate.html?command=get_materiel&rest_code=00141&code=00101015038&supplier_code=00100450&order_time=2023-04-11 HTTP/1.1" 200 418
114.83.222.182 - - [11/Apr/2023:10:19:32 +0800] "GET /xingrg/javascript/jquery_easy_ui/themes/default/images/tabs_active.png HTTP/1.1" 200 2894
180.164.3.199 - - [11/Apr/2023:10:19:32 +0800] "GET /xingrg/all/function/internal_message.html?_=1681179572676&CODE_STATE=getMsg HTTP/1.1" 200 27
222.70.240.179 - - [11/Apr/2023:10:19:33 +0800] "GET /xingrg/all/function/internal_message.html?_=1681179579341&CODE_STATE=getMsg HTTP/1.1" 200 27
116.238.139.35 - - [11/Apr/2023:10:19:34 +0800] "GET /xingrg/all/function/internal_message.html?_=1681179574560&CODE_STATE=getMsg HTTP/1.1" 200 27
116.192.124.172 - - [11/Apr/2023:10:19:34 +0800] "POST /xingrg/services/DataTransmitService HTTP/1.1" 200 45454
116.192.124.172 - - [11/Apr/2023:10:19:34 +0800] "POST /xingrg/services/DataTransmitService HTTP/1.1" 200 19237
172.20.0.100 - - [11/Apr/2023:10:19:36 +0800] "GET /xingrg/check_reg.html?_=1681179580131 HTTP/1.1" 302 -
114.83.222.182 - - [11/Apr/2023:10:19:38 +0800] "GET /xingrg/javascript/auto/indicator.gif HTTP/1.1" 404 1066
222.67.232.202 - - [11/Apr/2023:10:19:38 +0800] "GET /xingrg/javascript/auto/indicator.gif HTTP/1.1" 404 1066
222.67.232.202 - - [11/Apr/2023:10:19:42 +0800] "GET /xingrg/all/function/internal_message.html?_=1681179585893&CODE_STATE=getMsg HTTP/1.1" 200 27
124.78.155.10 - - [11/Apr/2023:10:19:45 +0800] "POST /xingrg/kc/buy/cgsh_order_operate.html HTTP/1.1" 200 37
114.83.222.182 - - [11/Apr/2023:10:19:45 +0800] "GET /xingrg/all/function/internal_message.html?_=1681179671122&CODE_STATE=getMsg HTTP/1.1" 200 27
222.67.232.202 - - [11/Apr/2023:10:19:46 +0800] "GET /xingrg/kc/buy/cgsh_order_operate.html?command=get_materiel&rest_code=00141&code=00101015044&supplier_code=00100450&order_time=2023-04-11 HTTP/1.1" 200 409
114.83.222.182 - - [11/Apr/2023:10:19:49 +0800] "GET /xingrg/kc/buy/cgsh_order_operate.html?command=get_materiel&rest_code=00154&code=00101008300&supplier_code=00100417&order_time=2023-04-11 HTTP/1.1" 200 412
124.78.155.10 - - [11/Apr/2023:10:19:51 +0800] "POST /xingrg/kc/buy/cgsh_order_operate.html HTTP/1.1" 200 12
124.78.155.10 - - [11/Apr/2023:10:19:54 +0800] "GET /xingrg/kc/buy/cgsh_order_info.html?code=212023041103376 HTTP/1.1" 200 65357
124.78.155.10 - - [11/Apr/2023:10:19:54 +0800] "GET /xingrg/javascript/easyui/themes/default/validatebox.css HTTP/1.1" 404 1104
124.78.155.10 - - [11/Apr/2023:10:19:55 +0800] "POST /xingrg/kc/buy/cgsh_order_operate.html HTTP/1.1" 200 1790
58.40.7.146 - - [11/Apr/2023:10:19:56 +0800] "GET /xingrg/all/function/internal_message.html?_=1681179596025&CODE_STATE=getMsg HTTP/1.1" 302 -
120.253.135.82 - - [11/Apr/2023:10:20:01 +0800] "GET /xingrg/all/function/internal_message.html?_=1681179437243&CODE_STATE=getMsg HTTP/1.1" 200 27
180.157.253.110 - - [11/Apr/2023:10:20:05 +0800] "GET /xingrg/all/function/internal_message.html?_=1681179605271&CODE_STATE=getMsg HTTP/1.1" 302 -
124.78.155.10 - - [11/Apr/2023:10:20:07 +0800] "GET /xingrg/kc/print/load_data.html?order_code=212023041103376&kc_code=cgsh&condition= HTTP/1.1" 200 1241
124.79.240.114 - - [11/Apr/2023:10:20:08 +0800] "GET /xingrg/all/function/internal_message.html?_=1681179874585&CODE_STATE=getMsg HTTP/1.1" 302 -
116.238.139.35 - - [11/Apr/2023:10:20:08 +0800] "GET /xingrg/check_reg.html?_=1681179514512 HTTP/1.1" 200 22
116.238.139.35 - - [11/Apr/2023:10:20:08 +0800] "GET /xingrg/all/function/internal_message.html?_=1681179515002&CODE_STATE=getMsg HTTP/1.1" 200 27
222.67.232.202 - - [11/Apr/2023:10:20:10 +0800] "GET /xingrg/kc/buy/cgsh_order_operate.html?command=get_materiel&rest_code=00141&code=00101015183&supplier_code=00100450&order_time=2023-04-11 HTTP/1.1" 200 421
116.227.208.255 - - [11/Apr/2023:10:20:12 +0800] "GET /xingrg/all/function/internal_message.html?_=1681179694458&CODE_STATE=getMsg HTTP/1.1" 302 -
124.78.155.10 - - [11/Apr/2023:10:20:12 +0800] "GET /xingrg/kc/print/load_data.html?order_code=212023041103376&kc_code=cgsh HTTP/1.1" 200 1241
114.83.222.182 - - [11/Apr/2023:10:20:18 +0800] "GET /xingrg/kc/buy/cgsh_order_operate.html?command=get_materiel&rest_code=00154&code=00101008354&supplier_code=00100417&order_time=2023-04-11 HTTP/1.1" 200 412
116.192.124.172 - - [11/Apr/2023:10:20:18 +0800] "GET /xingrg/check_reg.html?_=1681179620104 HTTP/1.1" 302 -
180.169.147.146 - - [11/Apr/2023:10:20:18 +0800] "GET /xingrg/all/function/internal_message.html?_=1681179618863&CODE_STATE=getMsg HTTP/1.1" 200 27
180.171.122.0 - - [11/Apr/2023:10:20:19 +0800] "GET /xingrg/check_reg.html?_=1681179618750 HTTP/1.1" 200 22
180.171.122.0 - - [11/Apr/2023:10:20:19 +0800] "GET /xingrg/all/function/internal_message.html?_=1681179618743&CODE_STATE=getMsg HTTP/1.1" 200 27
124.78.155.10 - - [11/Apr/2023:10:20:19 +0800] "GET /xingrg/all/function/internal_message.html?_=1681179618952&CODE_STATE=getMsg HTTP/1.1" 200 27
124.78.155.10 - - [11/Apr/2023:10:20:20 +0800] "GET /xingrg/check_reg.html?_=1681179619846 HTTP/1.1" 200 22
116.228.172.94 - - [11/Apr/2023:10:20:23 +0800] "GET /xingrg/kc/buy/cgsh_order_operate.html?command=get_materiel&rest_code=00153&code=00101012038&supplier_code=00100590&order_time=2023-04-08 HTTP/1.1" 200 412
180.163.29.103 - - [11/Apr/2023:10:20:23 +0800] "GET /xingrg/kc/buy/cgsh_order_operate.html?command=get_materiel&rest_code=00106&code=00101006138&supplier_code=00100015&order_time=2023-04-11 HTTP/1.1" 302 -
180.163.29.103 - - [11/Apr/2023:10:20:23 +0800] "GET /xingrg/login.html HTTP/1.1" 200 7641
222.67.232.202 - - [11/Apr/2023:10:20:23 +0800] "GET /xingrg/kc/buy/cgsh_order_operate.html?command=get_materiel&rest_code=00141&code=00101008402&supplier_code=00100450&order_time=2023-04-11 HTTP/1.1" 200 410
116.224.158.100 - - [11/Apr/2023:10:20:24 +0800] "GET /xingrg/all/function/internal_message.html?_=1681179467635&CODE_STATE=getMsg HTTP/1.1" 200 27
116.228.172.94 - - [11/Apr/2023:10:20:29 +0800] "GET /xingrg/all/function/internal_message.html?_=1681179560119&CODE_STATE=getMsg HTTP/1.1" 200 27
124.78.155.10 - - [11/Apr/2023:10:20:29 +0800] "GET /xingrg/kc/buy/cgsh_order_add.html HTTP/1.1" 200 70453
124.78.155.10 - - [11/Apr/2023:10:20:30 +0800] "POST /xingrg/kc/buy/cgsh_order_operate.html HTTP/1.1" 200 8245
124.78.155.10 - - [11/Apr/2023:10:20:30 +0800] "GET /xingrg/javascript/easyui/themes/default/validatebox.css HTTP/1.1" 404 1104
124.78.155.10 - - [11/Apr/2023:10:20:30 +0800] "GET /xingrg/javascript/easyui/themes/default/tree.css HTTP/1.1" 404 1090
114.83.222.182 - - [11/Apr/2023:10:20:31 +0800] "GET /xingrg/kc/buy/cgsh_order_operate.html?command=get_materiel&rest_code=00154&code=00101008361&supplier_code=00100417&order_time=2023-04-11 HTTP/1.1" 200 408
124.78.155.10 - - [11/Apr/2023:10:20:31 +0800] "POST /xingrg/all/common/load_tree.html?tree=supplier_tree_json&isDelete=1 HTTP/1.1" 200 72081
180.164.3.199 - - [11/Apr/2023:10:20:32 +0800] "GET /xingrg/all/function/internal_message.html?_=1681179632657&CODE_STATE=getMsg HTTP/1.1" 200 27
222.70.240.179 - - [11/Apr/2023:10:20:33 +0800] "GET /xingrg/kc/buy/cgsh_order_operate.html?command=get_materiel&rest_code=00146&code=00101008257&supplier_code=00100005&order_time=2023-04-11 HTTP/1.1" 200 416
222.70.240.179 - - [11/Apr/2023:10:20:33 +0800] "GET /xingrg/all/function/internal_message.html?_=1681179639402&CODE_STATE=getMsg HTTP/1.1" 200 27
116.238.139.35 - - [11/Apr/2023:10:20:34 +0800] "GET /xingrg/all/function/internal_message.html?_=1681179634561&CODE_STATE=getMsg HTTP/1.1" 200 27
222.67.232.202 - - [11/Apr/2023:10:20:37 +0800] "POST /xingrg/kc/buy/cgsh_order_operate.html HTTP/1.1" 200 37
222.67.232.202 - - [11/Apr/2023:10:20:41 +0800] "POST /xingrg/services/DataTransmitService HTTP/1.1" 200 524
222.67.232.202 - - [11/Apr/2023:10:20:42 +0800] "GET /xingrg/all/function/internal_message.html?_=1681179645891&CODE_STATE=getMsg HTTP/1.1" 200 27
222.70.240.179 - - [11/Apr/2023:10:20:44 +0800] "GET /xingrg/kc/buy/cgsh_order_operate.html?command=get_materiel&rest_code=00146&code=00101008331&supplier_code=00100005&order_time=2023-04-11 HTTP/1.1" 200 416
114.83.222.182 - - [11/Apr/2023:10:20:44 +0800] "GET /xingrg/kc/buy/cgsh_order_operate.html?command=get_materiel&rest_code=00154&code=00101008268&supplier_code=00100417&order_time=2023-04-11 HTTP/1.1" 200 408
116.228.172.94 - - [11/Apr/2023:10:20:45 +0800] "GET /xingrg/kc/buy/cgsh_order_operate.html?command=get_materiel&rest_code=00153&code=00101007109&supplier_code=00100590&order_time=2023-04-08 HTTP/1.1" 200 408
114.83.222.182 - - [11/Apr/2023:10:20:45 +0800] "GET /xingrg/all/function/internal_message.html?_=1681179731115&CODE_STATE=getMsg HTTP/1.1" 200 27
222.67.232.202 - - [11/Apr/2023:10:20:45 +0800] "POST /xingrg/kc/buy/cgsh_order_operate.html HTTP/1.1" 200 12
124.78.155.10 - - [11/Apr/2023:10:20:46 +0800] "GET /xingrg/kc/buy/cgsh_order_operate.html?command=get_materiel&rest_code=00106&code=00101007082&supplier_code=00100002&order_time=2023-04-11 HTTP/1.1" 200 428
222.67.232.202 - - [11/Apr/2023:10:20:47 +0800] "GET /xingrg/kc/buy/cgsh_order_info.html?code=212023041103377 HTTP/1.1" 200 65367
222.67.232.202 - - [11/Apr/2023:10:20:48 +0800] "GET /xingrg/javascript/easyui/themes/default/validatebox.css HTTP/1.1" 404 1104
222.67.232.202 - - [11/Apr/2023:10:20:49 +0800] "POST /xingrg/kc/buy/cgsh_order_operate.html HTTP/1.1" 200 5926
116.228.172.94 - - [11/Apr/2023:10:20:54 +0800] "GET /xingrg/kc/buy/cgsh_order_operate.html?command=get_materiel&rest_code=00153&code=00101008366&supplier_code=00100590&order_time=2023-04-08 HTTP/1.1" 200 408
58.40.7.146 - - [11/Apr/2023:10:20:56 +0800] "GET /xingrg/all/function/internal_message.html?_=1681179656028&CODE_STATE=getMsg HTTP/1.1" 302 -
58.40.7.146 - - [11/Apr/2023:10:20:56 +0800] "GET /xingrg/check_reg.html?_=1681179656030 HTTP/1.1" 302 -
124.78.155.10 - - [11/Apr/2023:10:20:57 +0800] "GET /xingrg/kc/buy/cgsh_order_operate.html?command=get_materiel&rest_code=00106&code=00101007085&supplier_code=00100002&order_time=2023-04-11 HTTP/1.1" 200 413
116.228.172.94 - - [11/Apr/2023:10:20:59 +0800] "GET /xingrg/kc/buy/cgsh_order_operate.html?command=get_materiel&rest_code=00153&code=00101008036&supplier_code=00100590&order_time=2023-04-08 HTTP/1.1" 200 408
114.83.222.182 - - [11/Apr/2023:10:21:01 +0800] "GET /xingrg/kc/buy/cgsh_order_operate.html?command=get_materiel&rest_code=00154&code=00101008286&supplier_code=00100417&order_time=2023-04-11 HTTP/1.1" 200 408
120.253.135.82 - - [11/Apr/2023:10:21:01 +0800] "GET /xingrg/check_reg.html?_=1681179497004 HTTP/1.1" 200 22
120.253.135.82 - - [11/Apr/2023:10:21:01 +0800] "GET /xingrg/all/function/internal_message.html?_=1681179497258&CODE_STATE=getMsg HTTP/1.1" 200 27
124.79.240.114 - - [11/Apr/2023:10:21:08 +0800] "GET /xingrg/all/function/internal_message.html?_=1681179934582&CODE_STATE=getMsg HTTP/1.1" 302 -
124.78.155.10 - - [11/Apr/2023:10:21:08 +0800] "GET /xingrg/kc/buy/cgsh_order_operate.html?command=get_materiel&rest_code=00106&code=00101007027&supplier_code=00100002&order_time=2023-04-11 HTTP/1.1" 200 421
116.238.139.35 - - [11/Apr/2023:10:21:08 +0800] "GET /xingrg/all/function/internal_message.html?_=1681179575015&CODE_STATE=getMsg HTTP/1.1" 200 27
222.67.232.202 - - [11/Apr/2023:10:21:10 +0800] "GET /xingrg/kc/print/load_config.html?kc_code=cgsh HTTP/1.1" 200 1925
222.67.232.202 - - [11/Apr/2023:10:21:11 +0800] "GET /xingrg/kc/print/load_data.html?order_code=212023041103377&kc_code=cgsh&condition= HTTP/1.1" 200 2742
180.163.28.55 - - [11/Apr/2023:10:21:11 +0800] "GET /xingrg/kc/print/load_data.html?order_code=212023041103376&kc_code=cgsh HTTP/1.1" 302 -
180.163.28.55 - - [11/Apr/2023:10:21:12 +0800] "GET /xingrg/login.html HTTP/1.1" 200 7641
116.227.208.255 - - [11/Apr/2023:10:21:12 +0800] "GET /xingrg/all/function/internal_message.html?_=1681179754458&CODE_STATE=getMsg HTTP/1.1" 302 -
114.83.222.182 - - [11/Apr/2023:10:21:14 +0800] "GET /xingrg/kc/buy/cgsh_order_operate.html?command=get_materiel&rest_code=00154&code=00101008264&supplier_code=00100417&order_time=2023-04-11 HTTP/1.1" 200 412
222.70.240.179 - - [11/Apr/2023:10:21:14 +0800] "GET /xingrg/kc/buy/cgsh_order_operate.html?command=get_materiel&rest_code=00146&code=00101008354&supplier_code=00100005&order_time=2023-04-11 HTTP/1.1" 200 412
180.169.147.146 - - [11/Apr/2023:10:21:18 +0800] "GET /xingrg/all/function/internal_message.html?_=1681179678862&CODE_STATE=getMsg HTTP/1.1" 200 27
180.171.122.0 - - [11/Apr/2023:10:21:19 +0800] "GET /xingrg/all/function/internal_message.html?_=1681179678749&CODE_STATE=getMsg HTTP/1.1" 200 27
124.78.155.10 - - [11/Apr/2023:10:21:19 +0800] "GET /xingrg/all/function/internal_message.html?_=1681179678932&CODE_STATE=getMsg HTTP/1.1" 200 27
180.163.28.143 - - [11/Apr/2023:10:21:20 +0800] "GET /xingrg/check_reg.html?_=1681179619846 HTTP/1.1" 302 -
180.163.28.143 - - [11/Apr/2023:10:21:20 +0800] "GET /xingrg/login.html HTTP/1.1" 200 7641
124.78.155.10 - - [11/Apr/2023:10:21:22 +0800] "POST /xingrg/kc/buy/cgsh_order_operate.html HTTP/1.1" 200 37
116.224.158.100 - - [11/Apr/2023:10:21:24 +0800] "GET /xingrg/all/function/internal_message.html?_=1681179527640&CODE_STATE=getMsg HTTP/1.1" 200 27
116.224.158.100 - - [11/Apr/2023:10:21:24 +0800] "GET /xingrg/check_reg.html?_=1681179527643 HTTP/1.1" 200 22
116.228.172.94 - - [11/Apr/2023:10:21:29 +0800] "GET /xingrg/all/function/internal_message.html?_=1681179620090&CODE_STATE=getMsg HTTP/1.1" 200 27
124.78.155.10 - - [11/Apr/2023:10:21:30 +0800] "POST /xingrg/kc/buy/cgsh_order_operate.html HTTP/1.1" 200 12
180.164.3.199 - - [11/Apr/2023:10:21:32 +0800] "GET /xingrg/check_reg.html?_=1681179692597 HTTP/1.1" 200 22
180.164.3.199 - - [11/Apr/2023:10:21:32 +0800] "GET /xingrg/all/function/internal_message.html?_=1681179692644&CODE_STATE=getMsg HTTP/1.1" 200 27
124.78.155.10 - - [11/Apr/2023:10:21:32 +0800] "GET /xingrg/kc/buy/cgsh_order_info.html?code=212023041103378 HTTP/1.1" 200 65357
222.70.240.179 - - [11/Apr/2023:10:21:33 +0800] "GET /xingrg/check_reg.html?_=1681179698951 HTTP/1.1" 200 22
124.78.155.10 - - [11/Apr/2023:10:21:33 +0800] "GET /xingrg/javascript/easyui/themes/default/validatebox.css HTTP/1.1" 404 1104
222.70.240.179 - - [11/Apr/2023:10:21:33 +0800] "GET /xingrg/all/function/internal_message.html?_=1681179699416&CODE_STATE=getMsg HTTP/1.1" 200 27
124.78.155.10 - - [11/Apr/2023:10:21:34 +0800] "POST /xingrg/kc/buy/cgsh_order_operate.html HTTP/1.1" 200 1819
116.238.139.35 - - [11/Apr/2023:10:21:34 +0800] "GET /xingrg/all/function/internal_message.html?_=1681179694549&CODE_STATE=getMsg HTTP/1.1" 200 27
124.78.155.10 - - [11/Apr/2023:10:21:35 +0800] "GET /xingrg/kc/print/load_data.html?order_code=212023041103378&kc_code=cgsh&condition= HTTP/1.1" 200 1254
114.83.222.182 - - [11/Apr/2023:10:21:40 +0800] "GET /xingrg/kc/buy/cgsh_order_operate.html?command=get_materiel&rest_code=00154&code=00101008270&supplier_code=00100417&order_time=2023-04-11 HTTP/1.1" 200 412
124.78.155.10 - - [11/Apr/2023:10:21:40 +0800] "GET /xingrg/kc/print/load_data.html?order_code=212023041103378&kc_code=cgsh HTTP/1.1" 200 1254
222.67.232.202 - - [11/Apr/2023:10:21:42 +0800] "GET /xingrg/all/function/internal_message.html?_=1681179705894&CODE_STATE=getMsg HTTP/1.1" 200 27
114.83.222.182 - - [11/Apr/2023:10:21:45 +0800] "GET /xingrg/all/function/internal_message.html?_=1681179791100&CODE_STATE=getMsg HTTP/1.1" 200 27
222.67.232.202 - - [11/Apr/2023:10:21:46 +0800] "GET /xingrg/kc/buy/cgsh_order_add.html HTTP/1.1" 200 70453
222.67.232.202 - - [11/Apr/2023:10:21:46 +0800] "POST /xingrg/kc/buy/cgsh_order_operate.html HTTP/1.1" 200 8245
222.67.232.202 - - [11/Apr/2023:10:21:46 +0800] "GET /xingrg/all/common/auto_word.html?type=employee&rest_code=00141 HTTP/1.1" 200 201
222.67.232.202 - - [11/Apr/2023:10:21:46 +0800] "GET /xingrg/javascript/easyui/themes/default/validatebox.css HTTP/1.1" 404 1104
222.67.232.202 - - [11/Apr/2023:10:21:46 +0800] "GET /xingrg/all/common/auto_word.html?type=employee&rest_code=00141 HTTP/1.1" 200 201
222.67.232.202 - - [11/Apr/2023:10:21:51 +0800] "GET /xingrg/javascript/jquery_tools/images/next.gif HTTP/1.1" 404 1086
222.67.232.202 - - [11/Apr/2023:10:21:51 +0800] "GET /xingrg/javascript/jquery_tools/images/prev.gif HTTP/1.1" 404 1086
58.40.7.146 - - [11/Apr/2023:10:21:56 +0800] "GET /xingrg/all/function/internal_message.html?_=1681179716035&CODE_STATE=getMsg HTTP/1.1" 302 -
172.20.0.100 - - [11/Apr/2023:10:21:57 +0800] "GET /xingrg/check_reg.html?_=1681179716223 HTTP/1.1" 302 -
222.67.232.202 - - [11/Apr/2023:10:21:58 +0800] "GET /xingrg/kc/buy/cgsh_order_operate.html?command=get_materiel&rest_code=00141&code=00101008149&supplier_code=00100007&order_time=2023-04-11 HTTP/1.1" 200 408
114.83.222.182 - - [11/Apr/2023:10:21:59 +0800] "GET /xingrg/kc/buy/cgsh_order_operate.html?command=get_materiel&rest_code=00154&code=00101008108&supplier_code=00100417&order_time=2023-04-11 HTTP/1.1" 200 412
120.253.135.82 - - [11/Apr/2023:10:22:01 +0800] "GET /xingrg/all/function/internal_message.html?_=1681179557272&CODE_STATE=getMsg HTTP/1.1" 200 27
222.70.240.179 - - [11/Apr/2023:10:22:03 +0800] "GET /xingrg/kc/buy/cgsh_order_operate.html?command=get_materiel&rest_code=00146&code=00101008096&supplier_code=00100005&order_time=2023-04-11 HTTP/1.1" 200 412
124.79.240.114 - - [11/Apr/2023:10:22:08 +0800] "GET /xingrg/check_reg.html?_=1681179994595 HTTP/1.1" 302 -
124.79.240.114 - - [11/Apr/2023:10:22:08 +0800] "GET /xingrg/all/function/internal_message.html?_=1681179994596&CODE_STATE=getMsg HTTP/1.1" 302 -
116.238.139.35 - - [11/Apr/2023:10:22:08 +0800] "GET /xingrg/all/function/internal_message.html?_=1681179635030&CODE_STATE=getMsg HTTP/1.1" 200 27
116.227.208.255 - - [11/Apr/2023:10:22:12 +0800] "GET /xingrg/all/function/internal_message.html?_=1681179814436&CODE_STATE=getMsg HTTP/1.1" 302 -
222.67.232.202 - - [11/Apr/2023:10:22:14 +0800] "GET /xingrg/kc/buy/cgsh_order_operate.html?command=get_materiel&rest_code=00141&code=00101008256&supplier_code=00100007&order_time=2023-04-11 HTTP/1.1" 200 413
180.169.147.146 - - [11/Apr/2023:10:22:18 +0800] "GET /xingrg/check_reg.html?_=1681179738858 HTTP/1.1" 200 22
180.169.147.146 - - [11/Apr/2023:10:22:18 +0800] "GET /xingrg/all/function/internal_message.html?_=1681179738864&CODE_STATE=getMsg HTTP/1.1" 200 27
180.171.122.0 - - [11/Apr/2023:10:22:19 +0800] "GET /xingrg/all/function/internal_message.html?_=1681179738751&CODE_STATE=getMsg HTTP/1.1" 200 27
124.78.155.10 - - [11/Apr/2023:10:22:19 +0800] "GET /xingrg/all/function/internal_message.html?_=1681179738920&CODE_STATE=getMsg HTTP/1.1" 200 27
222.70.240.179 - - [11/Apr/2023:10:22:19 +0800] "GET /xingrg/kc/buy/cgsh_order_operate.html?command=get_materiel&rest_code=00146&code=00101008038&supplier_code=00100005&order_time=2023-04-11 HTTP/1.1" 200 412
116.224.158.100 - - [11/Apr/2023:10:22:24 +0800] "GET /xingrg/all/function/internal_message.html?_=1681179587630&CODE_STATE=getMsg HTTP/1.1" 200 27
114.83.222.182 - - [11/Apr/2023:10:22:25 +0800] "GET /xingrg/kc/buy/cgsh_order_operate.html?command=get_materiel&rest_code=00154&code=00101008298&supplier_code=00100417&order_time=2023-04-11 HTTP/1.1" 200 413
222.67.232.202 - - [11/Apr/2023:10:22:29 +0800] "GET /xingrg/kc/buy/cgsh_order_operate.html?command=get_materiel&rest_code=00141&code=00101008351&supplier_code=00100007&order_time=2023-04-11 HTTP/1.1" 200 408
124.78.155.10 - - [11/Apr/2023:10:22:29 +0800] "GET /xingrg/kc/buy/cgsh_order_add.html HTTP/1.1" 200 70453
116.228.172.94 - - [11/Apr/2023:10:22:29 +0800] "GET /xingrg/all/function/internal_message.html?_=1681179680085&CODE_STATE=getMsg HTTP/1.1" 200 27
124.78.155.10 - - [11/Apr/2023:10:22:29 +0800] "POST /xingrg/kc/buy/cgsh_order_operate.html HTTP/1.1" 200 8245
124.78.155.10 - - [11/Apr/2023:10:22:29 +0800] "GET /xingrg/javascript/easyui/themes/default/validatebox.css HTTP/1.1" 404 1104
180.164.3.199 - - [11/Apr/2023:10:22:32 +0800] "GET /xingrg/all/function/internal_message.html?_=1681179752621&CODE_STATE=getMsg HTTP/1.1" 200 27
222.70.240.179 - - [11/Apr/2023:10:22:33 +0800] "GET /xingrg/all/function/internal_message.html?_=1681179759428&CODE_STATE=getMsg HTTP/1.1" 200 27
116.238.139.35 - - [11/Apr/2023:10:22:34 +0800] "GET /xingrg/all/function/internal_message.html?_=1681179754551&CODE_STATE=getMsg HTTP/1.1" 200 27
222.67.232.202 - - [11/Apr/2023:10:22:37 +0800] "GET /xingrg/kc/buy/cgsh_order_operate.html?command=get_materiel&rest_code=00141&code=00101008199&supplier_code=00100007&order_time=2023-04-11 HTTP/1.1" 200 408
180.163.28.143 - - [11/Apr/2023:10:22:40 +0800] "GET /xingrg/kc/print/load_data.html?order_code=212023041103378&kc_code=cgsh HTTP/1.1" 302 -
180.163.28.143 - - [11/Apr/2023:10:22:40 +0800] "GET /xingrg/login.html HTTP/1.1" 200 7641
116.228.172.94 - - [11/Apr/2023:10:22:41 +0800] "POST /xingrg/kc/buy/cgsh_order_operate.html HTTP/1.1" 200 37
222.67.232.202 - - [11/Apr/2023:10:22:42 +0800] "GET /xingrg/all/function/internal_message.html?_=1681179765899&CODE_STATE=getMsg HTTP/1.1" 200 27
222.67.232.202 - - [11/Apr/2023:10:22:42 +0800] "GET /xingrg/check_reg.html?_=1681179765901 HTTP/1.1" 200 22
114.83.222.182 - - [11/Apr/2023:10:22:43 +0800] "GET /xingrg/kc/buy/cgsh_order_operate.html?command=get_materiel&rest_code=00154&code=00101008234&supplier_code=00100417&order_time=2023-04-11 HTTP/1.1" 200 408
222.70.240.179 - - [11/Apr/2023:10:22:43 +0800] "GET /xingrg/kc/buy/cgsh_order_operate.html?command=get_materiel&rest_code=00146&code=00101008358&supplier_code=00100005&order_time=2023-04-11 HTTP/1.1" 200 412
114.83.222.182 - - [11/Apr/2023:10:22:45 +0800] "GET /xingrg/all/function/internal_message.html?_=1681179851104&CODE_STATE=getMsg HTTP/1.1" 200 27
222.67.232.202 - - [11/Apr/2023:10:22:48 +0800] "GET /xingrg/kc/buy/cgsh_order_operate.html?command=get_materiel&rest_code=00141&code=00101008163&supplier_code=00100007&order_time=2023-04-11 HTTP/1.1" 200 409
116.228.172.94 - - [11/Apr/2023:10:22:48 +0800] "POST /xingrg/kc/buy/cgsh_order_operate.html HTTP/1.1" 200 9759
116.228.172.94 - - [11/Apr/2023:10:22:51 +0800] "GET /xingrg/kc/print/load_data.html?order_code=212023041103379&kc_code=cgsh&condition= HTTP/1.1" 200 3333
124.78.155.10 - - [11/Apr/2023:10:22:52 +0800] "GET /xingrg/javascript/easyui/themes/default/tree.css HTTP/1.1" 404 1090
124.78.155.10 - - [11/Apr/2023:10:22:52 +0800] "POST /xingrg/all/common/load_tree.html?tree=supplier_tree_json&isDelete=1 HTTP/1.1" 200 72081
180.164.3.199 - - [11/Apr/2023:10:22:54 +0800] "POST /xingrg/services/DataTransmitService HTTP/1.1" 200 524
58.40.7.146 - - [11/Apr/2023:10:22:56 +0800] "GET /xingrg/all/function/internal_message.html?_=1681179776026&CODE_STATE=getMsg HTTP/1.1" 302 -
222.70.240.179 - - [11/Apr/2023:10:22:57 +0800] "GET /xingrg/kc/buy/cgsh_order_operate.html?command=get_materiel&rest_code=00146&code=00101008361&supplier_code=00100005&order_time=2023-04-11 HTTP/1.1" 200 408
222.67.232.202 - - [11/Apr/2023:10:22:59 +0800] "GET /xingrg/kc/buy/cgsh_order_operate.html?command=get_materiel&rest_code=00141&code=00101008355&supplier_code=00100007&order_time=2023-04-11 HTTP/1.1" 200 408
114.83.222.182 - - [11/Apr/2023:10:23:00 +0800] "GET /xingrg/kc/buy/cgsh_order_operate.html?command=get_materiel&rest_code=00154&code=00101008024&supplier_code=00100417&order_time=2023-04-11 HTTP/1.1" 200 408
222.70.240.179 - - [11/Apr/2023:10:23:01 +0800] "POST /xingrg/kc/buy/cgsh_order_operate.html HTTP/1.1" 200 2065
120.253.135.82 - - [11/Apr/2023:10:23:01 +0800] "GET /xingrg/all/function/internal_message.html?_=1681179617284&CODE_STATE=getMsg HTTP/1.1" 200 27
124.78.155.10 - - [11/Apr/2023:10:23:06 +0800] "GET /xingrg/kc/buy/cgsh_order_operate.html?command=get_materiel&rest_code=00106&code=00101016025&supplier_code=00100032&order_time=2023-04-11 HTTP/1.1" 200 408
222.67.232.202 - - [11/Apr/2023:10:23:07 +0800] "GET /xingrg/kc/buy/cgsh_order_operate.html?command=get_materiel&rest_code=00141&code=00101008264&supplier_code=00100007&order_time=2023-04-11 HTTP/1.1" 200 412
124.79.240.114 - - [11/Apr/2023:10:23:08 +0800] "GET /xingrg/all/function/internal_message.html?_=1681180054588&CODE_STATE=getMsg HTTP/1.1" 302 -
116.238.139.35 - - [11/Apr/2023:10:23:09 +0800] "GET /xingrg/all/function/internal_message.html?_=1681179695062&CODE_STATE=getMsg HTTP/1.1" 200 27
116.227.208.255 - - [11/Apr/2023:10:23:10 +0800] "GET /xingrg/check_reg.html?_=1681179872225 HTTP/1.1" 302 -
116.227.208.255 - - [11/Apr/2023:10:23:12 +0800] "GET /xingrg/all/function/internal_message.html?_=1681179874428&CODE_STATE=getMsg HTTP/1.1" 302 -
180.169.147.146 - - [11/Apr/2023:10:23:18 +0800] "GET /xingrg/all/function/internal_message.html?_=1681179798857&CODE_STATE=getMsg HTTP/1.1" 200 27
180.171.122.0 - - [11/Apr/2023:10:23:19 +0800] "GET /xingrg/all/function/internal_message.html?_=1681179798741&CODE_STATE=getMsg HTTP/1.1" 200 27
124.78.155.10 - - [11/Apr/2023:10:23:19 +0800] "GET /xingrg/all/function/internal_message.html?_=1681179798895&CODE_STATE=getMsg HTTP/1.1" 200 27
222.67.232.202 - - [11/Apr/2023:10:23:19 +0800] "GET /xingrg/kc/buy/cgsh_order_operate.html?command=get_materiel&rest_code=00141&code=00101008137&supplier_code=00100007&order_time=2023-04-11 HTTP/1.1" 200 408
114.83.222.182 - - [11/Apr/2023:10:23:20 +0800] "GET /xingrg/kc/buy/cgsh_order_operate.html?command=get_materiel&rest_code=00154&code=00101008155&supplier_code=00100417&order_time=2023-04-11 HTTP/1.1" 200 408
116.228.172.94 - - [11/Apr/2023:10:23:22 +0800] "GET /xingrg/check_reg.html?_=1681179733869 HTTP/1.1" 200 22
116.224.158.100 - - [11/Apr/2023:10:23:24 +0800] "GET /xingrg/all/function/internal_message.html?_=1681179647636&CODE_STATE=getMsg HTTP/1.1" 200 27
222.70.240.179 - - [11/Apr/2023:10:23:25 +0800] "GET /xingrg/kc/buy/cgsh_order_operate.html?command=get_materiel&rest_code=00146&code=00101008004&supplier_code=00100005&order_time=2023-04-11 HTTP/1.1" 200 417
124.78.155.10 - - [11/Apr/2023:10:23:26 +0800] "GET /xingrg/kc/buy/cgsh_order_operate.html?command=get_materiel&rest_code=00106&code=00101012003&supplier_code=00100032&order_time=2023-04-11 HTTP/1.1" 200 413
116.228.172.94 - - [11/Apr/2023:10:23:29 +0800] "GET /xingrg/all/function/internal_message.html?_=1681179740070&CODE_STATE=getMsg HTTP/1.1" 200 27
180.164.3.199 - - [11/Apr/2023:10:23:32 +0800] "GET /xingrg/all/function/internal_message.html?_=1681179812597&CODE_STATE=getMsg HTTP/1.1" 200 27
222.70.240.179 - - [11/Apr/2023:10:23:33 +0800] "GET /xingrg/all/function/internal_message.html?_=1681179819442&CODE_STATE=getMsg HTTP/1.1" 200 27
116.238.139.35 - - [11/Apr/2023:10:23:34 +0800] "GET /xingrg/all/function/internal_message.html?_=1681179814558&CODE_STATE=getMsg HTTP/1.1" 200 27
116.238.139.35 - - [11/Apr/2023:10:23:34 +0800] "GET /xingrg/check_reg.html?_=1681179814563 HTTP/1.1" 200 22
114.83.222.182 - - [11/Apr/2023:10:23:36 +0800] "GET /xingrg/kc/buy/cgsh_order_operate.html?command=get_materiel&rest_code=00154&code=00101008261&supplier_code=00100417&order_time=2023-04-11 HTTP/1.1" 200 408
124.78.155.10 - - [11/Apr/2023:10:23:38 +0800] "GET /xingrg/kc/buy/cgsh_order_operate.html?command=get_materiel&rest_code=00106&code=00101010248&supplier_code=00100032&order_time=2023-04-11 HTTP/1.1" 200 430
222.70.240.179 - - [11/Apr/2023:10:23:38 +0800] "GET /xingrg/kc/buy/cgsh_order_operate.html?command=get_materiel&rest_code=00146&code=00101008067&supplier_code=00100005&order_time=2023-04-11 HTTP/1.1" 200 416
222.67.232.202 - - [11/Apr/2023:10:23:42 +0800] "GET /xingrg/all/function/internal_message.html?_=1681179825890&CODE_STATE=getMsg HTTP/1.1" 200 27
114.83.222.182 - - [11/Apr/2023:10:23:45 +0800] "GET /xingrg/check_reg.html?_=1681179911114 HTTP/1.1" 200 22
114.83.222.182 - - [11/Apr/2023:10:23:45 +0800] "GET /xingrg/all/function/internal_message.html?_=1681179911117&CODE_STATE=getMsg HTTP/1.1" 200 27
114.83.222.182 - - [11/Apr/2023:10:23:48 +0800] "GET /xingrg/kc/buy/cgsh_order_operate.html?command=get_materiel&rest_code=00154&code=00101008355&supplier_code=00100417&order_time=2023-04-11 HTTP/1.1" 200 408
124.78.155.10 - - [11/Apr/2023:10:23:52 +0800] "GET /xingrg/kc/buy/cgsh_order_operate.html?command=get_materiel&rest_code=00106&code=00101012025&supplier_code=00100032&order_time=2023-04-11 HTTP/1.1" 200 412
58.40.7.146 - - [11/Apr/2023:10:23:56 +0800] "GET /xingrg/all/function/internal_message.html?_=1681179836026&CODE_STATE=getMsg HTTP/1.1" 302 -
222.70.240.179 - - [11/Apr/2023:10:23:56 +0800] "GET /xingrg/kc/buy/cgsh_order_operate.html?command=get_materiel&rest_code=00146&code=00101008024&supplier_code=00100005&order_time=2023-04-11 HTTP/1.1" 200 408
120.253.135.82 - - [11/Apr/2023:10:24:01 +0800] "GET /xingrg/all/function/internal_message.html?_=1681179677344&CODE_STATE=getMsg HTTP/1.1" 200 27
124.79.240.114 - - [11/Apr/2023:10:24:08 +0800] "GET /xingrg/all/function/internal_message.html?_=1681180114586&CODE_STATE=getMsg HTTP/1.1" 302 -
114.83.222.182 - - [11/Apr/2023:10:24:08 +0800] "GET /xingrg/kc/buy/cgsh_order_operate.html?command=get_materiel&rest_code=00154&code=00101012029&supplier_code=00100417&order_time=2023-04-11 HTTP/1.1" 200 412
116.238.139.35 - - [11/Apr/2023:10:24:09 +0800] "GET /xingrg/all/function/internal_message.html?_=1681179755072&CODE_STATE=getMsg HTTP/1.1" 200 27
222.70.240.179 - - [11/Apr/2023:10:24:09 +0800] "GET /xingrg/kc/buy/cgsh_order_operate.html?command=get_materiel&rest_code=00146&code=00101008356&supplier_code=00100005&order_time=2023-04-11 HTTP/1.1" 200 408
124.78.155.10 - - [11/Apr/2023:10:24:11 +0800] "GET /xingrg/kc/buy/cgsh_order_operate.html?command=get_materiel&rest_code=00106&code=00101016053&supplier_code=00100032&order_time=2023-04-11 HTTP/1.1" 200 408
116.227.208.255 - - [11/Apr/2023:10:24:12 +0800] "GET /xingrg/all/function/internal_message.html?_=1681179934414&CODE_STATE=getMsg HTTP/1.1" 302 -
222.70.240.179 - - [11/Apr/2023:10:24:13 +0800] "POST /xingrg/kc/buy/cgsh_order_operate.html HTTP/1.1" 200 2065
124.78.155.10 - - [11/Apr/2023:10:24:17 +0800] "GET /xingrg/kc/buy/cgsh_order_operate.html?command=get_materiel&rest_code=00106&code=00101016030&supplier_code=00100032&order_time=2023-04-11 HTTP/1.1" 200 412
180.169.147.146 - - [11/Apr/2023:10:24:18 +0800] "GET /xingrg/all/function/internal_message.html?_=1681179858850&CODE_STATE=getMsg HTTP/1.1" 200 27
180.171.122.0 - - [11/Apr/2023:10:24:19 +0800] "GET /xingrg/all/function/internal_message.html?_=1681179858748&CODE_STATE=getMsg HTTP/1.1" 200 27
124.78.155.10 - - [11/Apr/2023:10:24:19 +0800] "GET /xingrg/all/function/internal_message.html?_=1681179858924&CODE_STATE=getMsg HTTP/1.1" 200 27
222.70.240.179 - - [11/Apr/2023:10:24:21 +0800] "GET /xingrg/kc/buy/cgsh_order_operate.html?command=get_materiel&rest_code=00146&code=00101008300&supplier_code=00100005&order_time=2023-04-11 HTTP/1.1" 200 412
180.163.28.114 - - [11/Apr/2023:10:24:23 +0800] "GET /xingrg/kc/buy/cgsh_order_operate.html?command=get_materiel&rest_code=00106&code=00101012003&supplier_code=00100032&order_time=2023-04-11 HTTP/1.1" 302 -
180.163.28.114 - - [11/Apr/2023:10:24:23 +0800] "GET /xingrg/login.html HTTP/1.1" 200 7641
116.224.158.100 - - [11/Apr/2023:10:24:24 +0800] "GET /xingrg/all/function/internal_message.html?_=1681179707645&CODE_STATE=getMsg HTTP/1.1" 200 27
124.78.155.10 - - [11/Apr/2023:10:24:27 +0800] "GET /xingrg/kc/buy/cgsh_order_operate.html?command=get_materiel&rest_code=00106&code=00101016017&supplier_code=00100032&order_time=2023-04-11 HTTP/1.1" 200 408
116.228.172.94 - - [11/Apr/2023:10:24:29 +0800] "GET /xingrg/all/function/internal_message.html?_=1681179800078&CODE_STATE=getMsg HTTP/1.1" 200 27
180.164.3.199 - - [11/Apr/2023:10:24:32 +0800] "GET /xingrg/all/function/internal_message.html?_=1681179872591&CODE_STATE=getMsg HTTP/1.1" 200 27
114.83.222.182 - - [11/Apr/2023:10:24:33 +0800] "GET /xingrg/kc/buy/cgsh_order_operate.html?command=get_materiel&rest_code=00154&code=00101012070&supplier_code=00100417&order_time=2023-04-11 HTTP/1.1" 200 412
222.70.240.179 - - [11/Apr/2023:10:24:33 +0800] "GET /xingrg/all/function/internal_message.html?_=1681179879456&CODE_STATE=getMsg HTTP/1.1" 200 27
222.70.240.179 - - [11/Apr/2023:10:24:33 +0800] "GET /xingrg/kc/buy/cgsh_order_operate.html?command=get_materiel&rest_code=00146&code=00101008137&supplier_code=00100005&order_time=2023-04-11 HTTP/1.1" 200 408
116.238.139.35 - - [11/Apr/2023:10:24:34 +0800] "GET /xingrg/all/function/internal_message.html?_=1681179874564&CODE_STATE=getMsg HTTP/1.1" 200 27
172.20.0.100 - - [11/Apr/2023:10:24:36 +0800] "GET /xingrg/check_reg.html?_=1681179880137 HTTP/1.1" 302 -
124.78.155.10 - - [11/Apr/2023:10:24:38 +0800] "GET /xingrg/kc/buy/cgsh_order_operate.html?command=get_materiel&rest_code=00106&code=00101008185&supplier_code=00100032&order_time=2023-04-11 HTTP/1.1" 200 408
222.67.232.202 - - [11/Apr/2023:10:24:42 +0800] "GET /xingrg/all/function/internal_message.html?_=1681179885892&CODE_STATE=getMsg HTTP/1.1" 200 27
222.67.232.202 - - [11/Apr/2023:10:24:42 +0800] "GET /xingrg/kc/buy/cgsh_order_operate.html?command=get_materiel&rest_code=00141&code=00101008077&supplier_code=00100007&order_time=2023-04-11 HTTP/1.1" 200 416
114.83.222.182 - - [11/Apr/2023:10:24:45 +0800] "GET /xingrg/all/function/internal_message.html?_=1681179971455&CODE_STATE=getMsg HTTP/1.1" 200 27
222.70.240.179 - - [11/Apr/2023:10:24:46 +0800] "GET /xingrg/kc/buy/cgsh_order_operate.html?command=get_materiel&rest_code=00146&code=00101008270&supplier_code=00100005&order_time=2023-04-11 HTTP/1.1" 200 412
114.83.222.182 - - [11/Apr/2023:10:24:50 +0800] "GET /xingrg/kc/buy/cgsh_order_operate.html?command=get_materiel&rest_code=00154&code=00101008350&supplier_code=00100417&order_time=2023-04-11 HTTP/1.1" 200 408
222.67.232.202 - - [11/Apr/2023:10:24:54 +0800] "GET /xingrg/kc/buy/cgsh_order_operate.html?command=get_materiel&rest_code=00141&code=00101008286&supplier_code=00100007&order_time=2023-04-11 HTTP/1.1" 200 408
58.40.7.146 - - [11/Apr/2023:10:24:56 +0800] "GET /xingrg/all/function/internal_message.html?_=1681179896027&CODE_STATE=getMsg HTTP/1.1" 302 -
124.78.155.10 - - [11/Apr/2023:10:25:01 +0800] "GET /xingrg/kc/buy/cgsh_order_operate.html?command=get_materiel&rest_code=00106&code=00101001111&supplier_code=00100032&order_time=2023-04-11 HTTP/1.1" 200 409
120.253.135.82 - - [11/Apr/2023:10:25:02 +0800] "GET /xingrg/all/function/internal_message.html?_=1681179737359&CODE_STATE=getMsg HTTP/1.1" 200 27
222.67.232.202 - - [11/Apr/2023:10:25:06 +0800] "GET /xingrg/kc/buy/cgsh_order_operate.html?command=get_materiel&rest_code=00141&code=00101008131&supplier_code=00100007&order_time=2023-04-11 HTTP/1.1" 200 408
124.79.240.114 - - [11/Apr/2023:10:25:08 +0800] "GET /xingrg/all/function/internal_message.html?_=1681180174585&CODE_STATE=getMsg HTTP/1.1" 302 -
116.238.139.35 - - [11/Apr/2023:10:25:08 +0800] "GET /xingrg/check_reg.html?_=1681179814534 HTTP/1.1" 200 22
116.238.139.35 - - [11/Apr/2023:10:25:09 +0800] "GET /xingrg/all/function/internal_message.html?_=1681179815086&CODE_STATE=getMsg HTTP/1.1" 200 27
116.227.208.255 - - [11/Apr/2023:10:25:12 +0800] "GET /xingrg/all/function/internal_message.html?_=1681179994396&CODE_STATE=getMsg HTTP/1.1" 302 -
222.67.232.202 - - [11/Apr/2023:10:25:18 +0800] "GET /xingrg/kc/buy/cgsh_order_operate.html?command=get_materiel&rest_code=00141&code=00101008134&supplier_code=00100007&order_time=2023-04-11 HTTP/1.1" 200 412
116.192.124.172 - - [11/Apr/2023:10:25:18 +0800] "GET /xingrg/check_reg.html?_=1681179920094 HTTP/1.1" 302 -
180.169.147.146 - - [11/Apr/2023:10:25:18 +0800] "GET /xingrg/all/function/internal_message.html?_=1681179918862&CODE_STATE=getMsg HTTP/1.1" 200 27
180.171.122.0 - - [11/Apr/2023:10:25:19 +0800] "GET /xingrg/check_reg.html?_=1681179918746 HTTP/1.1" 200 22
180.171.122.0 - - [11/Apr/2023:10:25:19 +0800] "GET /xingrg/all/function/internal_message.html?_=1681179918739&CODE_STATE=getMsg HTTP/1.1" 200 27
124.78.155.10 - - [11/Apr/2023:10:25:19 +0800] "GET /xingrg/all/function/internal_message.html?_=1681179918905&CODE_STATE=getMsg HTTP/1.1" 200 27
124.78.155.10 - - [11/Apr/2023:10:25:20 +0800] "GET /xingrg/check_reg.html?_=1681179919850 HTTP/1.1" 200 22
222.70.240.179 - - [11/Apr/2023:10:25:21 +0800] "GET /xingrg/kc/buy/cgsh_order_operate.html?command=get_materiel&rest_code=00146&code=00101008196&supplier_code=00100005&order_time=2023-04-11 HTTP/1.1" 200 416
116.224.158.100 - - [11/Apr/2023:10:25:24 +0800] "GET /xingrg/all/function/internal_message.html?_=1681179767631&CODE_STATE=getMsg HTTP/1.1" 200 27
116.228.172.94 - - [11/Apr/2023:10:25:29 +0800] "GET /xingrg/all/function/internal_message.html?_=1681179860070&CODE_STATE=getMsg HTTP/1.1" 200 27
114.83.222.182 - - [11/Apr/2023:10:25:29 +0800] "POST /xingrg/kc/buy/cgsh_order_operate.html HTTP/1.1" 200 37
222.67.232.202 - - [11/Apr/2023:10:25:31 +0800] "GET /xingrg/kc/buy/cgsh_order_operate.html?command=get_materiel&rest_code=00141&code=00101008350&supplier_code=00100007&order_time=2023-04-11 HTTP/1.1" 200 408
180.164.3.199 - - [11/Apr/2023:10:25:32 +0800] "GET /xingrg/all/function/internal_message.html?_=1681179932597&CODE_STATE=getMsg HTTP/1.1" 200 27
222.70.240.179 - - [11/Apr/2023:10:25:33 +0800] "GET /xingrg/all/function/internal_message.html?_=1681179939469&CODE_STATE=getMsg HTTP/1.1" 200 27
116.238.139.35 - - [11/Apr/2023:10:25:34 +0800] "GET /xingrg/all/function/internal_message.html?_=1681179934567&CODE_STATE=getMsg HTTP/1.1" 200 27
180.171.130.110 - - [11/Apr/2023:10:25:37 +0800] "POST /xingrg/services/DataTransmitService HTTP/1.1" 200 524
114.83.222.182 - - [11/Apr/2023:10:25:38 +0800] "POST /xingrg/kc/buy/cgsh_order_operate.html HTTP/1.1" 200 12
180.171.130.110 - - [11/Apr/2023:10:25:38 +0800] "POST /xingrg/services/DataTransmitService HTTP/1.1" 200 501
180.171.130.110 - - [11/Apr/2023:10:25:41 +0800] "GET /favicon.ico HTTP/1.1" 404 -
114.83.222.182 - - [11/Apr/2023:10:25:41 +0800] "GET /xingrg/kc/buy/cgsh_order_info.html?code=212023041103380 HTTP/1.1" 200 64561
114.83.222.182 - - [11/Apr/2023:10:25:41 +0800] "GET /xingrg/javascript/easyui/themes/default/validatebox.css HTTP/1.1" 404 1104
222.67.232.202 - - [11/Apr/2023:10:25:42 +0800] "GET /xingrg/all/function/internal_message.html?_=1681179945893&CODE_STATE=getMsg HTTP/1.1" 200 27
114.83.222.182 - - [11/Apr/2023:10:25:42 +0800] "POST /xingrg/kc/buy/cgsh_order_operate.html HTTP/1.1" 200 10035
222.67.232.202 - - [11/Apr/2023:10:25:44 +0800] "GET /xingrg/kc/buy/cgsh_order_operate.html?command=get_materiel&rest_code=00141&code=00101008119&supplier_code=00100007&order_time=2023-04-11 HTTP/1.1" 200 413
114.83.222.182 - - [11/Apr/2023:10:25:45 +0800] "GET /xingrg/all/function/internal_message.html?_=1681180031428&CODE_STATE=getMsg HTTP/1.1" 200 27
222.67.232.202 - - [11/Apr/2023:10:25:52 +0800] "GET /xingrg/kc/buy/cgsh_order_operate.html?command=get_materiel&rest_code=00141&code=00101008096&supplier_code=00100007&order_time=2023-04-11 HTTP/1.1" 200 412
58.40.7.146 - - [11/Apr/2023:10:25:56 +0800] "GET /xingrg/all/function/internal_message.html?_=1681179956037&CODE_STATE=getMsg HTTP/1.1" 302 -
58.40.7.146 - - [11/Apr/2023:10:25:56 +0800] "GET /xingrg/check_reg.html?_=1681179956038 HTTP/1.1" 302 -
120.253.135.82 - - [11/Apr/2023:10:26:01 +0800] "GET /xingrg/check_reg.html?_=1681179796997 HTTP/1.1" 200 22
222.67.232.202 - - [11/Apr/2023:10:26:01 +0800] "GET /xingrg/kc/buy/cgsh_order_operate.html?command=get_materiel&rest_code=00141&code=00101008356&supplier_code=00100007&order_time=2023-04-11 HTTP/1.1" 200 408
120.253.135.82 - - [11/Apr/2023:10:26:02 +0800] "GET /xingrg/all/function/internal_message.html?_=1681179797419&CODE_STATE=getMsg HTTP/1.1" 200 27
222.70.240.179 - - [11/Apr/2023:10:26:03 +0800] "GET /xingrg/kc/buy/cgsh_order_operate.html?command=get_materiel&rest_code=00146&code=00101008197&supplier_code=00100005&order_time=2023-04-11 HTTP/1.1" 200 416
222.70.240.179 - - [11/Apr/2023:10:26:07 +0800] "POST /xingrg/kc/buy/cgsh_order_operate.html HTTP/1.1" 200 2065
124.79.240.114 - - [11/Apr/2023:10:26:08 +0800] "GET /xingrg/all/function/internal_message.html?_=1681180234582&CODE_STATE=getMsg HTTP/1.1" 302 -
116.238.139.35 - - [11/Apr/2023:10:26:09 +0800] "GET /xingrg/all/function/internal_message.html?_=1681179875099&CODE_STATE=getMsg HTTP/1.1" 200 27
180.169.147.146 - - [11/Apr/2023:10:26:11 +0800] "GET /xingrg/kc/buy/buy_main.html HTTP/1.1" 302 -
180.169.147.146 - - [11/Apr/2023:10:26:11 +0800] "GET /xingrg/login.html HTTP/1.1" 200 7641
180.169.147.146 - - [11/Apr/2023:10:26:11 +0800] "GET /xingrg/login.html HTTP/1.1" 200 7641
222.67.232.202 - - [11/Apr/2023:10:26:12 +0800] "GET /xingrg/kc/buy/cgsh_order_operate.html?command=get_materiel&rest_code=00141&code=00101015060&supplier_code=00100007&order_time=2023-04-11 HTTP/1.1" 200 413
116.227.208.255 - - [11/Apr/2023:10:26:12 +0800] "GET /xingrg/all/function/internal_message.html?_=1681180054374&CODE_STATE=getMsg HTTP/1.1" 302 -
