120.253.135.82 - - [10/Apr/2023:06:20:08 +0800] "GET /xingrg/dwr/interface/AjaxQqpsService.js HTTP/1.1" 200 16326
120.253.135.82 - - [10/Apr/2023:06:20:08 +0800] "GET /xingrg/dwr/engine.js HTTP/1.1" 200 43631
120.253.135.82 - - [10/Apr/2023:06:20:09 +0800] "GET /xingrg/all/function/internal_message.html?_=1681078644920&CODE_STATE=getMsg HTTP/1.1" 200 27
120.253.135.82 - - [10/Apr/2023:06:20:10 +0800] "GET /xingrg/kc/pszx/mdqp_order_info.html?code=302023040900141 HTTP/1.1" 200 13338
120.253.135.82 - - [10/Apr/2023:06:20:10 +0800] "GET /xingrg/dwr/interface/AjaxComOrderService.js HTTP/1.1" 200 18264
120.253.135.82 - - [10/Apr/2023:06:20:10 +0800] "GET /xingrg/dwr/interface/AjaxQqpsService.js HTTP/1.1" 200 16326
120.253.135.82 - - [10/Apr/2023:06:20:10 +0800] "GET /xingrg/dwr/engine.js HTTP/1.1" 200 43631
120.253.135.82 - - [10/Apr/2023:06:20:11 +0800] "POST /xingrg/dwr/call/plaincall/AjaxQqpsService.loadMaterielItems.dwr HTTP/1.1" 200 947
116.227.208.255 - - [10/Apr/2023:06:20:12 +0800] "GET /xingrg/all/function/internal_message.html?_=1681078896883&CODE_STATE=getMsg HTTP/1.1" 200 27
222.67.232.202 - - [10/Apr/2023:06:20:15 +0800] "GET /xingrg/all/function/internal_message.html?_=1681078819176&CODE_STATE=getMsg HTTP/1.1" 200 27
180.171.122.0 - - [10/Apr/2023:06:20:15 +0800] "GET /xingrg/all/function/internal_message.html?_=1681078815799&CODE_STATE=getMsg HTTP/1.1" 200 27
180.171.122.0 - - [10/Apr/2023:06:20:15 +0800] "GET /xingrg/check_reg.html?_=1681078815802 HTTP/1.1" 200 22
120.253.135.82 - - [10/Apr/2023:06:20:19 +0800] "GET /xingrg/kc/pszx/mdqp_order_list.html?isBack=1 HTTP/1.1" 302 -
120.253.135.82 - - [10/Apr/2023:06:20:20 +0800] "GET /xingrg/kc/pszx/mdqp_order_list.html?state=10 HTTP/1.1" 200 15521
120.253.135.82 - - [10/Apr/2023:06:20:20 +0800] "GET /xingrg/dwr/interface/AjaxQqpsService.js HTTP/1.1" 200 16326
120.253.135.82 - - [10/Apr/2023:06:20:20 +0800] "GET /xingrg/dwr/interface/AjaxReportQueryService.js HTTP/1.1" 200 13203
120.253.135.82 - - [10/Apr/2023:06:20:20 +0800] "GET /xingrg/dwr/engine.js HTTP/1.1" 200 43631
116.224.106.218 - - [10/Apr/2023:06:20:20 +0800] "GET /xingrg/all/function/internal_message.html?_=1681078818612&CODE_STATE=getMsg HTTP/1.1" 200 27
120.253.135.82 - - [10/Apr/2023:06:20:25 +0800] "GET /xingrg/kc/pszx/mdqp_order_info.html?code=302023040900142 HTTP/1.1" 200 13338
120.253.135.82 - - [10/Apr/2023:06:20:25 +0800] "GET /xingrg/dwr/interface/AjaxQqpsService.js HTTP/1.1" 200 16326
120.253.135.82 - - [10/Apr/2023:06:20:25 +0800] "GET /xingrg/dwr/interface/AjaxComOrderService.js HTTP/1.1" 200 18264
120.253.135.82 - - [10/Apr/2023:06:20:25 +0800] "GET /xingrg/dwr/engine.js HTTP/1.1" 200 43631
120.253.135.82 - - [10/Apr/2023:06:20:25 +0800] "POST /xingrg/dwr/call/plaincall/AjaxQqpsService.loadMaterielItems.dwr HTTP/1.1" 200 1263
120.253.135.82 - - [10/Apr/2023:06:20:28 +0800] "GET /xingrg/kc/pszx/mdqp_order_list.html?isBack=1 HTTP/1.1" 302 -
120.253.135.82 - - [10/Apr/2023:06:20:29 +0800] "GET /xingrg/images/yd/bt2.gif HTTP/1.1" 404 1042
120.253.135.82 - - [10/Apr/2023:06:20:29 +0800] "GET /xingrg/images/yd/bt.gif HTTP/1.1" 404 1040
120.253.135.82 - - [10/Apr/2023:06:20:29 +0800] "GET /xingrg/kc/pszx/mdqp_order_list.html?state=10 HTTP/1.1" 200 15521
120.253.135.82 - - [10/Apr/2023:06:20:29 +0800] "GET /xingrg/dwr/interface/AjaxQqpsService.js HTTP/1.1" 200 16326
120.253.135.82 - - [10/Apr/2023:06:20:29 +0800] "GET /xingrg/dwr/engine.js HTTP/1.1" 200 43631
120.253.135.82 - - [10/Apr/2023:06:20:29 +0800] "GET /xingrg/dwr/interface/AjaxReportQueryService.js HTTP/1.1" 200 13203
180.164.3.199 - - [10/Apr/2023:06:20:29 +0800] "GET /xingrg/all/function/internal_message.html?_=1681078829087&CODE_STATE=getMsg HTTP/1.1" 200 27
116.238.139.35 - - [10/Apr/2023:06:20:31 +0800] "GET /xingrg/all/function/internal_message.html?_=1681078831628&CODE_STATE=getMsg HTTP/1.1" 200 27
120.253.135.82 - - [10/Apr/2023:06:20:32 +0800] "GET /xingrg/kc/pszx/mdqp_order_info.html?code=302023040900146 HTTP/1.1" 200 13338
120.253.135.82 - - [10/Apr/2023:06:20:32 +0800] "GET /xingrg/dwr/interface/AjaxComOrderService.js HTTP/1.1" 200 18264
120.253.135.82 - - [10/Apr/2023:06:20:32 +0800] "GET /xingrg/dwr/interface/AjaxQqpsService.js HTTP/1.1" 200 16326
120.253.135.82 - - [10/Apr/2023:06:20:32 +0800] "GET /xingrg/dwr/engine.js HTTP/1.1" 200 43631
58.221.95.50 - - [10/Apr/2023:06:20:33 +0800] "GET /xingrg/all/function/internal_message.html?_=1681078834075&CODE_STATE=getMsg HTTP/1.1" 200 27
120.253.135.82 - - [10/Apr/2023:06:20:33 +0800] "POST /xingrg/dwr/call/plaincall/AjaxQqpsService.loadMaterielItems.dwr HTTP/1.1" 200 76
120.253.135.82 - - [10/Apr/2023:06:20:36 +0800] "GET /xingrg/kc/pszx/mdqp_order_list.html?isBack=1 HTTP/1.1" 302 -
120.253.135.82 - - [10/Apr/2023:06:20:37 +0800] "GET /xingrg/kc/pszx/mdqp_order_list.html?state=10 HTTP/1.1" 200 15521
120.253.135.82 - - [10/Apr/2023:06:20:37 +0800] "GET /xingrg/dwr/interface/AjaxQqpsService.js HTTP/1.1" 200 16326
120.253.135.82 - - [10/Apr/2023:06:20:37 +0800] "GET /xingrg/dwr/interface/AjaxReportQueryService.js HTTP/1.1" 200 13203
120.253.135.82 - - [10/Apr/2023:06:20:37 +0800] "GET /xingrg/dwr/engine.js HTTP/1.1" 200 43631
120.253.135.82 - - [10/Apr/2023:06:20:41 +0800] "GET /xingrg/kc/pszx/jzcl_ps.html HTTP/1.1" 200 7683
120.253.135.82 - - [10/Apr/2023:06:20:41 +0800] "POST /xingrg/all/common/load_tree.html?tree=area_rest_tree_json HTTP/1.1" 200 3499
120.253.135.82 - - [10/Apr/2023:06:20:42 +0800] "POST /xingrg/kc/pszx/jzcl_ps_operate.html HTTP/1.1" 200 5536
120.253.135.82 - - [10/Apr/2023:06:20:42 +0800] "POST /xingrg/kc/pszx/jzcl_ps_operate.html HTTP/1.1" 200 5536
120.253.135.82 - - [10/Apr/2023:06:20:57 +0800] "GET /xingrg/check_reg.html?_=1681078692894 HTTP/1.1" 200 22
120.253.135.82 - - [10/Apr/2023:06:21:09 +0800] "GET /xingrg/all/function/internal_message.html?_=1681078704933&CODE_STATE=getMsg HTTP/1.1" 200 27
120.253.135.82 - - [10/Apr/2023:06:21:11 +0800] "POST /xingrg/kc/pszx/jzcl_ps_operate.html HTTP/1.1" 200 4
116.227.208.255 - - [10/Apr/2023:06:21:12 +0800] "GET /xingrg/all/function/internal_message.html?_=1681078956886&CODE_STATE=getMsg HTTP/1.1" 200 27
116.227.208.255 - - [10/Apr/2023:06:21:12 +0800] "GET /xingrg/check_reg.html?_=1681078956890 HTTP/1.1" 200 22
222.67.232.202 - - [10/Apr/2023:06:21:15 +0800] "GET /xingrg/all/function/internal_message.html?_=1681078879149&CODE_STATE=getMsg HTTP/1.1" 200 27
180.171.122.0 - - [10/Apr/2023:06:21:15 +0800] "GET /xingrg/all/function/internal_message.html?_=1681078875828&CODE_STATE=getMsg HTTP/1.1" 200 27
120.253.135.82 - - [10/Apr/2023:06:21:19 +0800] "GET /xingrg/kc/pszx/mdps_order_list.html HTTP/1.1" 200 21032
120.253.135.82 - - [10/Apr/2023:06:21:19 +0800] "POST /xingrg/kc/pszx/jzcl_ps_operate.html HTTP/1.1" 200 3039
120.253.135.82 - - [10/Apr/2023:06:21:19 +0800] "POST /xingrg/kc/pszx/mdps_list_operate.html HTTP/1.1" 200 5144
116.224.106.218 - - [10/Apr/2023:06:21:20 +0800] "GET /xingrg/check_reg.html?_=1681078878612 HTTP/1.1" 200 22
116.224.106.218 - - [10/Apr/2023:06:21:20 +0800] "GET /xingrg/all/function/internal_message.html?_=1681078878615&CODE_STATE=getMsg HTTP/1.1" 200 27
58.221.95.50 - - [10/Apr/2023:06:21:23 +0800] "GET /xingrg/check_reg.html?_=1681078884497 HTTP/1.1" 200 22
222.67.232.202 - - [10/Apr/2023:06:21:26 +0800] "GET /xingrg/check_reg.html?_=1681078890392 HTTP/1.1" 200 22
120.253.135.82 - - [10/Apr/2023:06:21:29 +0800] "POST /xingrg/kc/pszx/mdps_list_operate.html HTTP/1.1" 200 3132
180.164.3.199 - - [10/Apr/2023:06:21:29 +0800] "GET /xingrg/all/function/internal_message.html?_=1681078889078&CODE_STATE=getMsg HTTP/1.1" 200 27
120.253.135.82 - - [10/Apr/2023:06:21:31 +0800] "POST /xingrg/kc/pszx/mdps_list_operate.html HTTP/1.1" 200 636
116.238.139.35 - - [10/Apr/2023:06:21:31 +0800] "GET /xingrg/check_reg.html?_=1681078891632 HTTP/1.1" 200 22
116.238.139.35 - - [10/Apr/2023:06:21:31 +0800] "GET /xingrg/all/function/internal_message.html?_=1681078891635&CODE_STATE=getMsg HTTP/1.1" 200 27
120.253.135.82 - - [10/Apr/2023:06:21:32 +0800] "GET /xingrg/kc/pszx/mdps_order_info.html?code=312023041000179 HTTP/1.1" 200 23972
120.253.135.82 - - [10/Apr/2023:06:21:33 +0800] "GET /xingrg/javascript/easyui/themes/default/validatebox.css HTTP/1.1" 404 1104
58.221.95.50 - - [10/Apr/2023:06:21:33 +0800] "GET /xingrg/all/function/internal_message.html?_=1681078894055&CODE_STATE=getMsg HTTP/1.1" 200 27
120.253.135.82 - - [10/Apr/2023:06:21:33 +0800] "POST /xingrg/kc/pszx/mdps_order_operate.html HTTP/1.1" 200 10369
120.253.135.82 - - [10/Apr/2023:06:21:36 +0800] "POST /xingrg/kc/pszx/mdps_order_operate.html HTTP/1.1" 200 37
120.253.135.82 - - [10/Apr/2023:06:21:37 +0800] "GET /xingrg/kc/pszx/mdps_order_info.html?code=312023041000179 HTTP/1.1" 200 23972
120.253.135.82 - - [10/Apr/2023:06:21:38 +0800] "GET /xingrg/javascript/easyui/themes/default/validatebox.css HTTP/1.1" 404 1104
120.253.135.82 - - [10/Apr/2023:06:21:38 +0800] "POST /xingrg/kc/pszx/mdps_order_operate.html HTTP/1.1" 200 10504
120.253.135.82 - - [10/Apr/2023:06:22:09 +0800] "GET /xingrg/all/function/internal_message.html?_=1681078764948&CODE_STATE=getMsg HTTP/1.1" 200 27
116.227.208.255 - - [10/Apr/2023:06:22:12 +0800] "GET /xingrg/all/function/internal_message.html?_=1681079016883&CODE_STATE=getMsg HTTP/1.1" 200 27
222.67.232.202 - - [10/Apr/2023:06:22:15 +0800] "GET /xingrg/all/function/internal_message.html?_=1681078939132&CODE_STATE=getMsg HTTP/1.1" 200 27
180.171.122.0 - - [10/Apr/2023:06:22:15 +0800] "GET /xingrg/all/function/internal_message.html?_=1681078935827&CODE_STATE=getMsg HTTP/1.1" 200 27
116.224.106.218 - - [10/Apr/2023:06:22:20 +0800] "GET /xingrg/all/function/internal_message.html?_=1681078938601&CODE_STATE=getMsg HTTP/1.1" 200 27
180.164.3.199 - - [10/Apr/2023:06:22:29 +0800] "GET /xingrg/all/function/internal_message.html?_=1681078949056&CODE_STATE=getMsg HTTP/1.1" 200 27
116.238.139.35 - - [10/Apr/2023:06:22:31 +0800] "GET /xingrg/all/function/internal_message.html?_=1681078951636&CODE_STATE=getMsg HTTP/1.1" 200 27
58.221.95.50 - - [10/Apr/2023:06:22:33 +0800] "GET /xingrg/all/function/internal_message.html?_=1681078954034&CODE_STATE=getMsg HTTP/1.1" 200 27
172.20.0.100 - - [10/Apr/2023:06:22:34 +0800] "GET /xingrg/check_reg.html?_=1681078955025 HTTP/1.1" 302 -
120.253.135.82 - - [10/Apr/2023:06:22:42 +0800] "POST /xingrg/kc/pszx/mdps_list_operate.html HTTP/1.1" 200 604
120.253.135.82 - - [10/Apr/2023:06:22:43 +0800] "GET /xingrg/kc/pszx/mdps_order_info.html?code=312023041000180 HTTP/1.1" 200 23972
120.253.135.82 - - [10/Apr/2023:06:22:44 +0800] "GET /xingrg/javascript/easyui/themes/default/validatebox.css HTTP/1.1" 404 1104
120.253.135.82 - - [10/Apr/2023:06:22:44 +0800] "POST /xingrg/kc/pszx/mdps_order_operate.html HTTP/1.1" 200 5216
120.253.135.82 - - [10/Apr/2023:06:22:46 +0800] "POST /xingrg/kc/pszx/mdps_order_operate.html HTTP/1.1" 200 37
120.253.135.82 - - [10/Apr/2023:06:22:48 +0800] "GET /xingrg/kc/pszx/mdps_order_info.html?code=312023041000180 HTTP/1.1" 200 23972
120.253.135.82 - - [10/Apr/2023:06:22:48 +0800] "GET /xingrg/javascript/easyui/themes/default/validatebox.css HTTP/1.1" 404 1104
120.253.135.82 - - [10/Apr/2023:06:22:48 +0800] "POST /xingrg/kc/pszx/mdps_order_operate.html HTTP/1.1" 200 5267
120.253.135.82 - - [10/Apr/2023:06:23:09 +0800] "GET /xingrg/all/function/internal_message.html?_=1681078824960&CODE_STATE=getMsg HTTP/1.1" 200 27
116.227.208.255 - - [10/Apr/2023:06:23:12 +0800] "GET /xingrg/all/function/internal_message.html?_=1681079076878&CODE_STATE=getMsg HTTP/1.1" 200 27
222.67.232.202 - - [10/Apr/2023:06:23:15 +0800] "GET /xingrg/all/function/internal_message.html?_=1681078999105&CODE_STATE=getMsg HTTP/1.1" 200 27
180.171.122.0 - - [10/Apr/2023:06:23:15 +0800] "GET /xingrg/all/function/internal_message.html?_=1681078995827&CODE_STATE=getMsg HTTP/1.1" 200 27
116.224.106.218 - - [10/Apr/2023:06:23:20 +0800] "GET /xingrg/all/function/internal_message.html?_=1681078998606&CODE_STATE=getMsg HTTP/1.1" 200 27
180.164.3.199 - - [10/Apr/2023:06:23:29 +0800] "GET /xingrg/all/function/internal_message.html?_=1681079009045&CODE_STATE=getMsg HTTP/1.1" 200 27
116.238.139.35 - - [10/Apr/2023:06:23:31 +0800] "GET /xingrg/all/function/internal_message.html?_=1681079011627&CODE_STATE=getMsg HTTP/1.1" 200 27
58.221.95.50 - - [10/Apr/2023:06:23:33 +0800] "GET /xingrg/all/function/internal_message.html?_=1681079014033&CODE_STATE=getMsg HTTP/1.1" 200 27
180.164.3.199 - - [10/Apr/2023:06:23:43 +0800] "GET /xingrg/check_reg.html?_=1681079022356 HTTP/1.1" 200 22
120.253.135.82 - - [10/Apr/2023:06:24:09 +0800] "GET /xingrg/all/function/internal_message.html?_=1681078884974&CODE_STATE=getMsg HTTP/1.1" 200 27
116.227.208.255 - - [10/Apr/2023:06:24:12 +0800] "GET /xingrg/all/function/internal_message.html?_=1681079136890&CODE_STATE=getMsg HTTP/1.1" 200 27
222.67.232.202 - - [10/Apr/2023:06:24:15 +0800] "GET /xingrg/all/function/internal_message.html?_=1681079059084&CODE_STATE=getMsg HTTP/1.1" 200 27
180.171.122.0 - - [10/Apr/2023:06:24:15 +0800] "GET /xingrg/all/function/internal_message.html?_=1681079055827&CODE_STATE=getMsg HTTP/1.1" 200 27
116.224.106.218 - - [10/Apr/2023:06:24:20 +0800] "GET /xingrg/all/function/internal_message.html?_=1681079058609&CODE_STATE=getMsg HTTP/1.1" 200 27
180.164.3.199 - - [10/Apr/2023:06:24:29 +0800] "GET /xingrg/all/function/internal_message.html?_=1681079069033&CODE_STATE=getMsg HTTP/1.1" 200 27
116.238.139.35 - - [10/Apr/2023:06:24:31 +0800] "GET /xingrg/all/function/internal_message.html?_=1681079071627&CODE_STATE=getMsg HTTP/1.1" 200 27
58.221.95.50 - - [10/Apr/2023:06:24:33 +0800] "GET /xingrg/all/function/internal_message.html?_=1681079074020&CODE_STATE=getMsg HTTP/1.1" 200 27
120.253.135.82 - - [10/Apr/2023:06:24:43 +0800] "POST /xingrg/kc/pszx/mdps_order_operate.html HTTP/1.1" 200 37
120.253.135.82 - - [10/Apr/2023:06:24:44 +0800] "GET /xingrg/kc/pszx/mdps_order_info.html?code=312023041000180 HTTP/1.1" 200 23972
120.253.135.82 - - [10/Apr/2023:06:24:45 +0800] "GET /xingrg/javascript/easyui/themes/default/validatebox.css HTTP/1.1" 404 1104
120.253.135.82 - - [10/Apr/2023:06:24:45 +0800] "POST /xingrg/kc/pszx/mdps_order_operate.html HTTP/1.1" 200 5267
120.253.135.82 - - [10/Apr/2023:06:24:47 +0800] "POST /xingrg/kc/pszx/mdps_list_operate.html HTTP/1.1" 200 3132
120.253.135.82 - - [10/Apr/2023:06:24:48 +0800] "POST /xingrg/kc/pszx/mdps_list_operate.html HTTP/1.1" 200 300
120.253.135.82 - - [10/Apr/2023:06:24:50 +0800] "GET /xingrg/kc/pszx/mdps_order_info.html?code=312023041000181 HTTP/1.1" 200 23972
120.253.135.82 - - [10/Apr/2023:06:24:50 +0800] "GET /xingrg/javascript/easyui/themes/default/validatebox.css HTTP/1.1" 404 1104
120.253.135.82 - - [10/Apr/2023:06:24:51 +0800] "POST /xingrg/kc/pszx/mdps_order_operate.html HTTP/1.1" 200 2792
120.253.135.82 - - [10/Apr/2023:06:24:55 +0800] "POST /xingrg/kc/pszx/mdps_list_operate.html HTTP/1.1" 200 3132
120.253.135.82 - - [10/Apr/2023:06:24:56 +0800] "POST /xingrg/kc/pszx/mdps_list_operate.html HTTP/1.1" 200 376
120.253.135.82 - - [10/Apr/2023:06:24:57 +0800] "GET /xingrg/kc/pszx/mdps_order_info.html?code=312023041000182 HTTP/1.1" 200 23972
120.253.135.82 - - [10/Apr/2023:06:24:58 +0800] "GET /xingrg/javascript/easyui/themes/default/validatebox.css HTTP/1.1" 404 1104
120.253.135.82 - - [10/Apr/2023:06:24:58 +0800] "POST /xingrg/kc/pszx/mdps_order_operate.html HTTP/1.1" 200 3278
120.253.135.82 - - [10/Apr/2023:06:25:01 +0800] "POST /xingrg/kc/pszx/mdps_order_operate.html HTTP/1.1" 200 37
120.253.135.82 - - [10/Apr/2023:06:25:03 +0800] "GET /xingrg/kc/pszx/mdps_order_info.html?code=312023041000182 HTTP/1.1" 200 23972
120.253.135.82 - - [10/Apr/2023:06:25:04 +0800] "GET /xingrg/javascript/easyui/themes/default/validatebox.css HTTP/1.1" 404 1104
120.253.135.82 - - [10/Apr/2023:06:25:04 +0800] "POST /xingrg/kc/pszx/mdps_order_operate.html HTTP/1.1" 200 3299
120.253.135.82 - - [10/Apr/2023:06:25:06 +0800] "POST /xingrg/all/common/load_combo.html?type=base HTTP/1.1" 200 1169
120.253.135.82 - - [10/Apr/2023:06:25:09 +0800] "GET /xingrg/all/function/internal_message.html?_=1681078944987&CODE_STATE=getMsg HTTP/1.1" 200 27
120.253.135.82 - - [10/Apr/2023:06:25:11 +0800] "POST /xingrg/kc/pszx/mdps_order_operate.html HTTP/1.1" 200 37
116.227.208.255 - - [10/Apr/2023:06:25:12 +0800] "GET /xingrg/all/function/internal_message.html?_=1681079196888&CODE_STATE=getMsg HTTP/1.1" 200 27
120.253.135.82 - - [10/Apr/2023:06:25:13 +0800] "GET /xingrg/kc/pszx/mdps_order_info.html?code=312023041000182 HTTP/1.1" 200 23972
120.253.135.82 - - [10/Apr/2023:06:25:13 +0800] "GET /xingrg/javascript/easyui/themes/default/validatebox.css HTTP/1.1" 404 1104
120.253.135.82 - - [10/Apr/2023:06:25:14 +0800] "POST /xingrg/kc/pszx/mdps_order_operate.html HTTP/1.1" 200 3301
222.67.232.202 - - [10/Apr/2023:06:25:15 +0800] "GET /xingrg/all/function/internal_message.html?_=1681079119071&CODE_STATE=getMsg HTTP/1.1" 200 27
180.171.122.0 - - [10/Apr/2023:06:25:15 +0800] "GET /xingrg/all/function/internal_message.html?_=1681079115827&CODE_STATE=getMsg HTTP/1.1" 200 27
180.171.122.0 - - [10/Apr/2023:06:25:15 +0800] "GET /xingrg/check_reg.html?_=1681079115829 HTTP/1.1" 200 22
120.253.135.82 - - [10/Apr/2023:06:25:18 +0800] "POST /xingrg/kc/pszx/mdps_list_operate.html HTTP/1.1" 200 3132
120.253.135.82 - - [10/Apr/2023:06:25:19 +0800] "POST /xingrg/kc/pszx/mdps_list_operate.html HTTP/1.1" 200 453
116.224.106.218 - - [10/Apr/2023:06:25:20 +0800] "GET /xingrg/all/function/internal_message.html?_=1681079118609&CODE_STATE=getMsg HTTP/1.1" 200 27
120.253.135.82 - - [10/Apr/2023:06:25:21 +0800] "POST /xingrg/kc/pszx/mdps_list_operate.html HTTP/1.1" 200 300
120.253.135.82 - - [10/Apr/2023:06:25:28 +0800] "GET /xingrg/kc/pszx/mdps_order_info.html?code=312023041000183 HTTP/1.1" 200 23972
120.253.135.82 - - [10/Apr/2023:06:25:28 +0800] "GET /xingrg/javascript/easyui/themes/default/validatebox.css HTTP/1.1" 404 1104
120.253.135.82 - - [10/Apr/2023:06:25:29 +0800] "POST /xingrg/kc/pszx/mdps_order_operate.html HTTP/1.1" 200 3771
180.164.3.199 - - [10/Apr/2023:06:25:29 +0800] "GET /xingrg/all/function/internal_message.html?_=1681079129031&CODE_STATE=getMsg HTTP/1.1" 200 27
116.238.139.35 - - [10/Apr/2023:06:25:31 +0800] "GET /xingrg/all/function/internal_message.html?_=1681079131629&CODE_STATE=getMsg HTTP/1.1" 200 27
120.253.135.82 - - [10/Apr/2023:06:25:31 +0800] "POST /xingrg/all/common/load_combo.html?type=base HTTP/1.1" 200 1169
58.221.95.50 - - [10/Apr/2023:06:25:33 +0800] "GET /xingrg/all/function/internal_message.html?_=1681079133993&CODE_STATE=getMsg HTTP/1.1" 200 27
120.253.135.82 - - [10/Apr/2023:06:25:36 +0800] "POST /xingrg/kc/pszx/mdps_order_operate.html HTTP/1.1" 200 37
120.253.135.82 - - [10/Apr/2023:06:25:37 +0800] "GET /xingrg/kc/pszx/mdps_order_info.html?code=312023041000183 HTTP/1.1" 200 23972
120.253.135.82 - - [10/Apr/2023:06:25:38 +0800] "GET /xingrg/javascript/easyui/themes/default/validatebox.css HTTP/1.1" 404 1104
120.253.135.82 - - [10/Apr/2023:06:25:38 +0800] "POST /xingrg/kc/pszx/mdps_order_operate.html HTTP/1.1" 200 3803
120.253.135.82 - - [10/Apr/2023:06:25:42 +0800] "POST /xingrg/kc/pszx/mdps_list_operate.html HTTP/1.1" 200 3132
120.253.135.82 - - [10/Apr/2023:06:25:44 +0800] "POST /xingrg/kc/pszx/mdps_list_operate.html HTTP/1.1" 200 300
120.253.135.82 - - [10/Apr/2023:06:25:49 +0800] "POST /xingrg/kc/pszx/mdps_list_operate.html HTTP/1.1" 200 376
120.253.135.82 - - [10/Apr/2023:06:25:50 +0800] "GET /xingrg/kc/pszx/mdps_order_info.html?code=312023041000182 HTTP/1.1" 200 23972
120.253.135.82 - - [10/Apr/2023:06:25:50 +0800] "GET /xingrg/javascript/easyui/themes/default/validatebox.css HTTP/1.1" 404 1104
120.253.135.82 - - [10/Apr/2023:06:25:51 +0800] "POST /xingrg/kc/pszx/mdps_order_operate.html HTTP/1.1" 200 3301
120.253.135.82 - - [10/Apr/2023:06:25:56 +0800] "GET /xingrg/kc/pszx/mdps_order_operate.html?command=get_materiel&pszx_code=00101&rest_code=00111&base_code=0010250&code=00101017003 HTTP/1.1" 200 448
120.253.135.82 - - [10/Apr/2023:06:25:57 +0800] "GET /xingrg/check_reg.html?_=1681078992895 HTTP/1.1" 200 22
120.253.135.82 - - [10/Apr/2023:06:26:05 +0800] "GET /xingrg/kc/pszx/mdps_order_operate.html?command=get_materiel&pszx_code=00101&rest_code=00111&base_code=0010250&code=00102002994 HTTP/1.1" 200 474
120.253.135.82 - - [10/Apr/2023:06:26:07 +0800] "POST /xingrg/all/common/load_select.html HTTP/1.1" 200 25
120.253.135.82 - - [10/Apr/2023:06:26:09 +0800] "GET /xingrg/all/function/internal_message.html?_=1681079005002&CODE_STATE=getMsg HTTP/1.1" 200 27
120.253.135.82 - - [10/Apr/2023:06:26:09 +0800] "GET /xingrg/kc/pszx/mdps_order_operate.html?command=get_materiel_price&pszx_code=00101&rest_code=00111&base_code=0010250&code=00102002994&unit_code=00100326&order_time=2023-04-11 HTTP/1.1" 200 34
116.227.208.255 - - [10/Apr/2023:06:26:12 +0800] "GET /xingrg/all/function/internal_message.html?_=1681079256890&CODE_STATE=getMsg HTTP/1.1" 200 27
116.227.208.255 - - [10/Apr/2023:06:26:12 +0800] "GET /xingrg/check_reg.html?_=1681079256891 HTTP/1.1" 200 22
222.67.232.202 - - [10/Apr/2023:06:26:15 +0800] "GET /xingrg/all/function/internal_message.html?_=1681079179048&CODE_STATE=getMsg HTTP/1.1" 200 27
180.171.122.0 - - [10/Apr/2023:06:26:15 +0800] "GET /xingrg/all/function/internal_message.html?_=1681079175829&CODE_STATE=getMsg HTTP/1.1" 200 27
120.253.135.82 - - [10/Apr/2023:06:26:16 +0800] "POST /xingrg/kc/pszx/mdps_order_operate.html HTTP/1.1" 200 37
120.253.135.82 - - [10/Apr/2023:06:26:17 +0800] "GET /xingrg/kc/pszx/mdps_order_info.html?code=312023041000182 HTTP/1.1" 200 23972
120.253.135.82 - - [10/Apr/2023:06:26:18 +0800] "GET /xingrg/javascript/easyui/themes/default/validatebox.css HTTP/1.1" 404 1104
120.253.135.82 - - [10/Apr/2023:06:26:18 +0800] "POST /xingrg/kc/pszx/mdps_order_operate.html HTTP/1.1" 200 4313
120.253.135.82 - - [10/Apr/2023:06:26:20 +0800] "POST /xingrg/kc/pszx/mdps_list_operate.html HTTP/1.1" 200 3133
116.224.106.218 - - [10/Apr/2023:06:26:20 +0800] "GET /xingrg/all/function/internal_message.html?_=1681079178610&CODE_STATE=getMsg HTTP/1.1" 200 27
116.224.106.218 - - [10/Apr/2023:06:26:20 +0800] "GET /xingrg/check_reg.html?_=1681079178613 HTTP/1.1" 200 22
120.253.135.82 - - [10/Apr/2023:06:26:21 +0800] "POST /xingrg/kc/pszx/mdps_list_operate.html HTTP/1.1" 200 300
120.253.135.82 - - [10/Apr/2023:06:26:22 +0800] "GET /xingrg/kc/pszx/mdps_order_info.html?code=312023041000181 HTTP/1.1" 200 23972
120.253.135.82 - - [10/Apr/2023:06:26:22 +0800] "GET /xingrg/javascript/easyui/themes/default/validatebox.css HTTP/1.1" 404 1104
120.253.135.82 - - [10/Apr/2023:06:26:23 +0800] "POST /xingrg/kc/pszx/mdps_order_operate.html HTTP/1.1" 200 2792
58.221.95.50 - - [10/Apr/2023:06:26:23 +0800] "GET /xingrg/check_reg.html?_=1681079184489 HTTP/1.1" 200 22
222.67.232.202 - - [10/Apr/2023:06:26:26 +0800] "GET /xingrg/check_reg.html?_=1681079190396 HTTP/1.1" 200 22
120.253.135.82 - - [10/Apr/2023:06:26:29 +0800] "POST /xingrg/kc/pszx/mdps_order_operate.html HTTP/1.1" 200 12
180.164.3.199 - - [10/Apr/2023:06:26:29 +0800] "GET /xingrg/all/function/internal_message.html?_=1681079189020&CODE_STATE=getMsg HTTP/1.1" 200 27
120.253.135.82 - - [10/Apr/2023:06:26:30 +0800] "POST /xingrg/kc/pszx/mdps_list_operate.html HTTP/1.1" 200 2771
116.238.139.35 - - [10/Apr/2023:06:26:31 +0800] "GET /xingrg/all/function/internal_message.html?_=1681079191630&CODE_STATE=getMsg HTTP/1.1" 200 27
116.238.139.35 - - [10/Apr/2023:06:26:31 +0800] "GET /xingrg/check_reg.html?_=1681079191633 HTTP/1.1" 200 22
120.253.135.82 - - [10/Apr/2023:06:26:32 +0800] "GET /xingrg/kc/pszx/mdps_order_info.html?code=312023041000182 HTTP/1.1" 200 23972
120.253.135.82 - - [10/Apr/2023:06:26:32 +0800] "GET /xingrg/javascript/easyui/themes/default/validatebox.css HTTP/1.1" 404 1104
58.221.95.50 - - [10/Apr/2023:06:26:33 +0800] "GET /xingrg/all/function/internal_message.html?_=1681079193991&CODE_STATE=getMsg HTTP/1.1" 200 27
120.253.135.82 - - [10/Apr/2023:06:26:33 +0800] "POST /xingrg/kc/pszx/mdps_order_operate.html HTTP/1.1" 200 4313
120.253.135.82 - - [10/Apr/2023:06:26:36 +0800] "POST /xingrg/kc/pszx/mdps_list_operate.html HTTP/1.1" 200 2771
120.253.135.82 - - [10/Apr/2023:06:26:39 +0800] "GET /xingrg/kc/pszx/mdqp_order_list.html?state=10 HTTP/1.1" 200 13132
120.253.135.82 - - [10/Apr/2023:06:26:39 +0800] "GET /xingrg/dwr/interface/AjaxQqpsService.js HTTP/1.1" 200 16326
120.253.135.82 - - [10/Apr/2023:06:26:39 +0800] "GET /xingrg/dwr/engine.js HTTP/1.1" 200 43631
120.253.135.82 - - [10/Apr/2023:06:26:39 +0800] "GET /xingrg/dwr/interface/AjaxReportQueryService.js HTTP/1.1" 200 13203
120.253.135.82 - - [10/Apr/2023:06:26:44 +0800] "GET /xingrg/kc/pszx/mdqp_order_info.html?code=302023040900131 HTTP/1.1" 200 13346
120.253.135.82 - - [10/Apr/2023:06:26:44 +0800] "GET /xingrg/dwr/interface/AjaxQqpsService.js HTTP/1.1" 200 16326
120.253.135.82 - - [10/Apr/2023:06:26:44 +0800] "GET /xingrg/dwr/interface/AjaxComOrderService.js HTTP/1.1" 200 18264
120.253.135.82 - - [10/Apr/2023:06:26:44 +0800] "GET /xingrg/dwr/engine.js HTTP/1.1" 200 43631
120.253.135.82 - - [10/Apr/2023:06:26:45 +0800] "POST /xingrg/dwr/call/plaincall/AjaxQqpsService.loadMaterielItems.dwr HTTP/1.1" 200 3200
120.253.135.82 - - [10/Apr/2023:06:27:09 +0800] "GET /xingrg/all/function/internal_message.html?_=1681079065015&CODE_STATE=getMsg HTTP/1.1" 200 27
116.227.208.255 - - [10/Apr/2023:06:27:12 +0800] "GET /xingrg/all/function/internal_message.html?_=1681079316878&CODE_STATE=getMsg HTTP/1.1" 200 27
222.67.232.202 - - [10/Apr/2023:06:27:15 +0800] "GET /xingrg/all/function/internal_message.html?_=1681079239036&CODE_STATE=getMsg HTTP/1.1" 200 27
180.171.122.0 - - [10/Apr/2023:06:27:15 +0800] "GET /xingrg/all/function/internal_message.html?_=1681079235828&CODE_STATE=getMsg HTTP/1.1" 200 27
116.224.106.218 - - [10/Apr/2023:06:27:20 +0800] "GET /xingrg/all/function/internal_message.html?_=1681079238611&CODE_STATE=getMsg HTTP/1.1" 200 27
180.164.3.199 - - [10/Apr/2023:06:27:29 +0800] "GET /xingrg/all/function/internal_message.html?_=1681079248992&CODE_STATE=getMsg HTTP/1.1" 200 27
116.238.139.35 - - [10/Apr/2023:06:27:31 +0800] "GET /xingrg/all/function/internal_message.html?_=1681079251635&CODE_STATE=getMsg HTTP/1.1" 200 27
58.221.95.50 - - [10/Apr/2023:06:27:33 +0800] "GET /xingrg/all/function/internal_message.html?_=1681079253973&CODE_STATE=getMsg HTTP/1.1" 200 27
172.20.0.100 - - [10/Apr/2023:06:27:34 +0800] "GET /xingrg/check_reg.html?_=1681079255028 HTTP/1.1" 302 -
120.253.135.82 - - [10/Apr/2023:06:28:09 +0800] "GET /xingrg/all/function/internal_message.html?_=1681079125028&CODE_STATE=getMsg HTTP/1.1" 200 27
116.227.208.255 - - [10/Apr/2023:06:28:12 +0800] "GET /xingrg/all/function/internal_message.html?_=1681079376892&CODE_STATE=getMsg HTTP/1.1" 200 27
222.67.232.202 - - [10/Apr/2023:06:28:15 +0800] "GET /xingrg/all/function/internal_message.html?_=1681079299010&CODE_STATE=getMsg HTTP/1.1" 200 27
180.171.122.0 - - [10/Apr/2023:06:28:15 +0800] "GET /xingrg/all/function/internal_message.html?_=1681079295828&CODE_STATE=getMsg HTTP/1.1" 200 27
116.224.106.218 - - [10/Apr/2023:06:28:20 +0800] "GET /xingrg/all/function/internal_message.html?_=1681079298612&CODE_STATE=getMsg HTTP/1.1" 200 27
180.164.3.199 - - [10/Apr/2023:06:28:29 +0800] "GET /xingrg/all/function/internal_message.html?_=1681079308979&CODE_STATE=getMsg HTTP/1.1" 200 27
116.238.139.35 - - [10/Apr/2023:06:28:31 +0800] "GET /xingrg/all/function/internal_message.html?_=1681079311639&CODE_STATE=getMsg HTTP/1.1" 200 27
58.221.95.50 - - [10/Apr/2023:06:28:33 +0800] "GET /xingrg/all/function/internal_message.html?_=1681079313959&CODE_STATE=getMsg HTTP/1.1" 200 27
180.164.3.199 - - [10/Apr/2023:06:28:43 +0800] "GET /xingrg/check_reg.html?_=1681079322342 HTTP/1.1" 200 22
120.253.135.82 - - [10/Apr/2023:06:29:09 +0800] "GET /xingrg/all/function/internal_message.html?_=1681079185117&CODE_STATE=getMsg HTTP/1.1" 200 27
116.227.208.255 - - [10/Apr/2023:06:29:12 +0800] "GET /xingrg/all/function/internal_message.html?_=1681079436895&CODE_STATE=getMsg HTTP/1.1" 200 27
222.67.232.202 - - [10/Apr/2023:06:29:15 +0800] "GET /xingrg/all/function/internal_message.html?_=1681079358988&CODE_STATE=getMsg HTTP/1.1" 200 27
180.171.122.0 - - [10/Apr/2023:06:29:15 +0800] "GET /xingrg/all/function/internal_message.html?_=1681079355827&CODE_STATE=getMsg HTTP/1.1" 200 27
116.224.106.218 - - [10/Apr/2023:06:29:20 +0800] "GET /xingrg/all/function/internal_message.html?_=1681079358612&CODE_STATE=getMsg HTTP/1.1" 200 27
180.164.3.199 - - [10/Apr/2023:06:29:29 +0800] "GET /xingrg/all/function/internal_message.html?_=1681079368959&CODE_STATE=getMsg HTTP/1.1" 200 27
116.238.139.35 - - [10/Apr/2023:06:29:31 +0800] "GET /xingrg/all/function/internal_message.html?_=1681079371638&CODE_STATE=getMsg HTTP/1.1" 200 27
58.221.95.50 - - [10/Apr/2023:06:29:33 +0800] "GET /xingrg/all/function/internal_message.html?_=1681079373944&CODE_STATE=getMsg HTTP/1.1" 200 27
120.253.135.82 - - [10/Apr/2023:06:30:09 +0800] "GET /xingrg/all/function/internal_message.html?_=1681079245119&CODE_STATE=getMsg HTTP/1.1" 200 27
116.227.208.255 - - [10/Apr/2023:06:30:12 +0800] "GET /xingrg/all/function/internal_message.html?_=1681079496886&CODE_STATE=getMsg HTTP/1.1" 200 27
222.67.232.202 - - [10/Apr/2023:06:30:15 +0800] "GET /xingrg/all/function/internal_message.html?_=1681079418972&CODE_STATE=getMsg HTTP/1.1" 200 27
180.171.122.0 - - [10/Apr/2023:06:30:15 +0800] "GET /xingrg/all/function/internal_message.html?_=1681079415826&CODE_STATE=getMsg HTTP/1.1" 200 27
180.171.122.0 - - [10/Apr/2023:06:30:15 +0800] "GET /xingrg/check_reg.html?_=1681079415827 HTTP/1.1" 200 22
116.224.106.218 - - [10/Apr/2023:06:30:20 +0800] "GET /xingrg/all/function/internal_message.html?_=1681079418612&CODE_STATE=getMsg HTTP/1.1" 200 27
180.164.3.199 - - [10/Apr/2023:06:30:29 +0800] "GET /xingrg/all/function/internal_message.html?_=1681079428951&CODE_STATE=getMsg HTTP/1.1" 200 27
116.238.139.35 - - [10/Apr/2023:06:30:31 +0800] "GET /xingrg/all/function/internal_message.html?_=1681079431639&CODE_STATE=getMsg HTTP/1.1" 200 27
58.221.95.50 - - [10/Apr/2023:06:30:33 +0800] "GET /xingrg/all/function/internal_message.html?_=1681079433937&CODE_STATE=getMsg HTTP/1.1" 200 27
120.253.135.82 - - [10/Apr/2023:06:30:57 +0800] "GET /xingrg/check_reg.html?_=1681079292963 HTTP/1.1" 200 22
120.253.135.82 - - [10/Apr/2023:06:31:09 +0800] "GET /xingrg/all/function/internal_message.html?_=1681079305131&CODE_STATE=getMsg HTTP/1.1" 200 27
116.227.208.255 - - [10/Apr/2023:06:31:12 +0800] "GET /xingrg/all/function/internal_message.html?_=1681079556876&CODE_STATE=getMsg HTTP/1.1" 200 27
116.227.208.255 - - [10/Apr/2023:06:31:12 +0800] "GET /xingrg/check_reg.html?_=1681079556878 HTTP/1.1" 200 22
222.67.232.202 - - [10/Apr/2023:06:31:15 +0800] "GET /xingrg/all/function/internal_message.html?_=1681079478957&CODE_STATE=getMsg HTTP/1.1" 200 27
180.171.122.0 - - [10/Apr/2023:06:31:15 +0800] "GET /xingrg/all/function/internal_message.html?_=1681079475825&CODE_STATE=getMsg HTTP/1.1" 200 27
116.224.106.218 - - [10/Apr/2023:06:31:20 +0800] "GET /xingrg/all/function/internal_message.html?_=1681079478622&CODE_STATE=getMsg HTTP/1.1" 200 27
116.224.106.218 - - [10/Apr/2023:06:31:20 +0800] "GET /xingrg/check_reg.html?_=1681079478624 HTTP/1.1" 200 22
58.221.95.50 - - [10/Apr/2023:06:31:23 +0800] "GET /xingrg/check_reg.html?_=1681079484496 HTTP/1.1" 200 22
222.67.232.202 - - [10/Apr/2023:06:31:26 +0800] "GET /xingrg/check_reg.html?_=1681079490385 HTTP/1.1" 200 22
180.164.3.199 - - [10/Apr/2023:06:31:29 +0800] "GET /xingrg/all/function/internal_message.html?_=1681079488940&CODE_STATE=getMsg HTTP/1.1" 200 27
116.238.139.35 - - [10/Apr/2023:06:31:31 +0800] "GET /xingrg/check_reg.html?_=1681079491639 HTTP/1.1" 200 22
116.238.139.35 - - [10/Apr/2023:06:31:31 +0800] "GET /xingrg/all/function/internal_message.html?_=1681079491643&CODE_STATE=getMsg HTTP/1.1" 200 27
58.221.95.50 - - [10/Apr/2023:06:31:33 +0800] "GET /xingrg/all/function/internal_message.html?_=1681079493928&CODE_STATE=getMsg HTTP/1.1" 200 27
120.253.135.82 - - [10/Apr/2023:06:32:09 +0800] "GET /xingrg/all/function/internal_message.html?_=1681079365146&CODE_STATE=getMsg HTTP/1.1" 200 27
116.227.208.255 - - [10/Apr/2023:06:32:12 +0800] "GET /xingrg/all/function/internal_message.html?_=1681079616891&CODE_STATE=getMsg HTTP/1.1" 200 27
222.67.232.202 - - [10/Apr/2023:06:32:15 +0800] "GET /xingrg/all/function/internal_message.html?_=1681079538946&CODE_STATE=getMsg HTTP/1.1" 200 27
180.171.122.0 - - [10/Apr/2023:06:32:15 +0800] "GET /xingrg/all/function/internal_message.html?_=1681079535825&CODE_STATE=getMsg HTTP/1.1" 200 27
116.224.106.218 - - [10/Apr/2023:06:32:20 +0800] "GET /xingrg/all/function/internal_message.html?_=1681079538624&CODE_STATE=getMsg HTTP/1.1" 200 27
180.164.3.199 - - [10/Apr/2023:06:32:29 +0800] "GET /xingrg/all/function/internal_message.html?_=1681079548926&CODE_STATE=getMsg HTTP/1.1" 200 27
116.238.139.35 - - [10/Apr/2023:06:32:31 +0800] "GET /xingrg/all/function/internal_message.html?_=1681079551628&CODE_STATE=getMsg HTTP/1.1" 200 27
58.221.95.50 - - [10/Apr/2023:06:32:33 +0800] "GET /xingrg/all/function/internal_message.html?_=1681079553919&CODE_STATE=getMsg HTTP/1.1" 200 27
172.20.0.100 - - [10/Apr/2023:06:32:34 +0800] "GET /xingrg/check_reg.html?_=1681079555032 HTTP/1.1" 302 -
120.253.135.82 - - [10/Apr/2023:06:32:38 +0800] "GET /xingrg/kc/pszx/mdqp_order_list.html?isBack=1 HTTP/1.1" 302 -
120.253.135.82 - - [10/Apr/2023:06:32:39 +0800] "GET /xingrg/kc/pszx/mdqp_order_list.html?state=10 HTTP/1.1" 200 13132
120.253.135.82 - - [10/Apr/2023:06:32:39 +0800] "GET /xingrg/dwr/interface/AjaxQqpsService.js HTTP/1.1" 200 16326
120.253.135.82 - - [10/Apr/2023:06:32:39 +0800] "GET /xingrg/dwr/interface/AjaxReportQueryService.js HTTP/1.1" 200 13203
120.253.135.82 - - [10/Apr/2023:06:32:39 +0800] "GET /xingrg/dwr/engine.js HTTP/1.1" 200 43631
120.253.135.82 - - [10/Apr/2023:06:32:44 +0800] "GET /xingrg/kc/pszx/mdqp_order_info.html?code=302023040900132 HTTP/1.1" 200 13350
120.253.135.82 - - [10/Apr/2023:06:32:44 +0800] "GET /xingrg/dwr/interface/AjaxComOrderService.js HTTP/1.1" 200 18264
120.253.135.82 - - [10/Apr/2023:06:32:44 +0800] "GET /xingrg/dwr/interface/AjaxQqpsService.js HTTP/1.1" 200 16326
120.253.135.82 - - [10/Apr/2023:06:32:44 +0800] "GET /xingrg/dwr/engine.js HTTP/1.1" 200 43631
120.253.135.82 - - [10/Apr/2023:06:32:45 +0800] "POST /xingrg/dwr/call/plaincall/AjaxQqpsService.loadMaterielItems.dwr HTTP/1.1" 200 5294
120.253.135.82 - - [10/Apr/2023:06:32:46 +0800] "GET /xingrg/images/yd/bt.gif HTTP/1.1" 404 1040
120.253.135.82 - - [10/Apr/2023:06:32:46 +0800] "GET /xingrg/images/yd/bt2.gif HTTP/1.1" 404 1042
120.253.135.82 - - [10/Apr/2023:06:32:58 +0800] "GET /xingrg/kc/pszx/mdqp_order_list.html?isBack=1 HTTP/1.1" 302 -
120.253.135.82 - - [10/Apr/2023:06:32:58 +0800] "GET /xingrg/kc/pszx/mdqp_order_list.html?state=10 HTTP/1.1" 200 13132
120.253.135.82 - - [10/Apr/2023:06:32:58 +0800] "GET /xingrg/dwr/interface/AjaxReportQueryService.js HTTP/1.1" 200 13203
120.253.135.82 - - [10/Apr/2023:06:32:58 +0800] "GET /xingrg/dwr/interface/AjaxQqpsService.js HTTP/1.1" 200 16326
120.253.135.82 - - [10/Apr/2023:06:32:58 +0800] "GET /xingrg/dwr/engine.js HTTP/1.1" 200 43631
120.253.135.82 - - [10/Apr/2023:06:33:00 +0800] "GET /xingrg/kc/pszx/mdqp_order_info.html?code=302023040900133 HTTP/1.1" 200 13350
120.253.135.82 - - [10/Apr/2023:06:33:00 +0800] "GET /xingrg/dwr/interface/AjaxComOrderService.js HTTP/1.1" 200 18264
120.253.135.82 - - [10/Apr/2023:06:33:00 +0800] "GET /xingrg/dwr/interface/AjaxQqpsService.js HTTP/1.1" 200 16326
120.253.135.82 - - [10/Apr/2023:06:33:00 +0800] "GET /xingrg/dwr/engine.js HTTP/1.1" 200 43631
120.253.135.82 - - [10/Apr/2023:06:33:01 +0800] "POST /xingrg/dwr/call/plaincall/AjaxQqpsService.loadMaterielItems.dwr HTTP/1.1" 200 7382
120.253.135.82 - - [10/Apr/2023:06:33:02 +0800] "GET /xingrg/images/yd/bt.gif HTTP/1.1" 404 1040
120.253.135.82 - - [10/Apr/2023:06:33:02 +0800] "GET /xingrg/images/yd/bt2.gif HTTP/1.1" 404 1042
120.253.135.82 - - [10/Apr/2023:06:33:09 +0800] "GET /xingrg/all/function/internal_message.html?_=1681079425158&CODE_STATE=getMsg HTTP/1.1" 200 27
120.253.135.82 - - [10/Apr/2023:06:33:11 +0800] "GET /xingrg/kc/pszx/mdqp_order_list.html?isBack=1 HTTP/1.1" 302 -
120.253.135.82 - - [10/Apr/2023:06:33:11 +0800] "GET /xingrg/kc/pszx/mdqp_order_list.html?state=10 HTTP/1.1" 200 13132
120.253.135.82 - - [10/Apr/2023:06:33:11 +0800] "GET /xingrg/dwr/interface/AjaxReportQueryService.js HTTP/1.1" 200 13203
120.253.135.82 - - [10/Apr/2023:06:33:11 +0800] "GET /xingrg/dwr/interface/AjaxQqpsService.js HTTP/1.1" 200 16326
120.253.135.82 - - [10/Apr/2023:06:33:11 +0800] "GET /xingrg/dwr/engine.js HTTP/1.1" 200 43631
116.227.208.255 - - [10/Apr/2023:06:33:12 +0800] "GET /xingrg/all/function/internal_message.html?_=1681079676888&CODE_STATE=getMsg HTTP/1.1" 200 27
120.253.135.82 - - [10/Apr/2023:06:33:13 +0800] "GET /xingrg/kc/pszx/mdqp_order_info.html?code=302023040900145 HTTP/1.1" 200 13350
120.253.135.82 - - [10/Apr/2023:06:33:13 +0800] "GET /xingrg/dwr/interface/AjaxComOrderService.js HTTP/1.1" 200 18264
120.253.135.82 - - [10/Apr/2023:06:33:13 +0800] "GET /xingrg/dwr/engine.js HTTP/1.1" 200 43631
120.253.135.82 - - [10/Apr/2023:06:33:13 +0800] "GET /xingrg/dwr/interface/AjaxQqpsService.js HTTP/1.1" 200 16326
120.253.135.82 - - [10/Apr/2023:06:33:14 +0800] "POST /xingrg/dwr/call/plaincall/AjaxQqpsService.loadMaterielItems.dwr HTTP/1.1" 200 338
222.67.232.202 - - [10/Apr/2023:06:33:15 +0800] "GET /xingrg/all/function/internal_message.html?_=1681079598932&CODE_STATE=getMsg HTTP/1.1" 200 27
180.171.122.0 - - [10/Apr/2023:06:33:15 +0800] "GET /xingrg/all/function/internal_message.html?_=1681079595824&CODE_STATE=getMsg HTTP/1.1" 200 27
120.253.135.82 - - [10/Apr/2023:06:33:16 +0800] "GET /xingrg/kc/pszx/mdqp_order_list.html?isBack=1 HTTP/1.1" 302 -
120.253.135.82 - - [10/Apr/2023:06:33:16 +0800] "GET /xingrg/images/yd/bt.gif HTTP/1.1" 404 1040
120.253.135.82 - - [10/Apr/2023:06:33:16 +0800] "GET /xingrg/images/yd/bt2.gif HTTP/1.1" 404 1042
120.253.135.82 - - [10/Apr/2023:06:33:16 +0800] "GET /xingrg/kc/pszx/mdqp_order_list.html?state=10 HTTP/1.1" 200 13132
120.253.135.82 - - [10/Apr/2023:06:33:16 +0800] "GET /xingrg/dwr/interface/AjaxReportQueryService.js HTTP/1.1" 200 13203
120.253.135.82 - - [10/Apr/2023:06:33:16 +0800] "GET /xingrg/dwr/interface/AjaxQqpsService.js HTTP/1.1" 200 16326
120.253.135.82 - - [10/Apr/2023:06:33:16 +0800] "GET /xingrg/dwr/engine.js HTTP/1.1" 200 43631
116.224.106.218 - - [10/Apr/2023:06:33:20 +0800] "GET /xingrg/all/function/internal_message.html?_=1681079598623&CODE_STATE=getMsg HTTP/1.1" 200 27
120.253.135.82 - - [10/Apr/2023:06:33:22 +0800] "GET /xingrg/kc/pszx/jzcl_ps.html HTTP/1.1" 200 7683
120.253.135.82 - - [10/Apr/2023:06:33:22 +0800] "POST /xingrg/all/common/load_tree.html?tree=area_rest_tree_json HTTP/1.1" 200 3499
120.253.135.82 - - [10/Apr/2023:06:33:22 +0800] "POST /xingrg/kc/pszx/jzcl_ps_operate.html HTTP/1.1" 200 3039
120.253.135.82 - - [10/Apr/2023:06:33:22 +0800] "POST /xingrg/kc/pszx/jzcl_ps_operate.html HTTP/1.1" 200 3039
180.164.3.199 - - [10/Apr/2023:06:33:29 +0800] "GET /xingrg/all/function/internal_message.html?_=1681079608900&CODE_STATE=getMsg HTTP/1.1" 200 27
116.238.139.35 - - [10/Apr/2023:06:33:31 +0800] "GET /xingrg/all/function/internal_message.html?_=1681079611633&CODE_STATE=getMsg HTTP/1.1" 200 27
58.221.95.50 - - [10/Apr/2023:06:33:32 +0800] "GET /xingrg/all/function/internal_message.html?_=1681079613901&CODE_STATE=getMsg HTTP/1.1" 200 27
180.164.3.199 - - [10/Apr/2023:06:33:43 +0800] "GET /xingrg/check_reg.html?_=1681079622333 HTTP/1.1" 200 22
120.253.135.82 - - [10/Apr/2023:06:33:55 +0800] "POST /xingrg/kc/pszx/jzcl_ps_operate.html HTTP/1.1" 200 4
120.253.135.82 - - [10/Apr/2023:06:33:57 +0800] "GET /xingrg/kc/pszx/mdps_order_list.html HTTP/1.1" 200 21032
120.253.135.82 - - [10/Apr/2023:06:33:58 +0800] "POST /xingrg/kc/pszx/jzcl_ps_operate.html HTTP/1.1" 200 1337
120.253.135.82 - - [10/Apr/2023:06:33:58 +0800] "POST /xingrg/kc/pszx/mdps_list_operate.html HTTP/1.1" 200 5154
120.253.135.82 - - [10/Apr/2023:06:34:09 +0800] "POST /xingrg/kc/pszx/mdps_list_operate.html HTTP/1.1" 200 1689
120.253.135.82 - - [10/Apr/2023:06:34:09 +0800] "GET /xingrg/all/function/internal_message.html?_=1681079485244&CODE_STATE=getMsg HTTP/1.1" 200 27
120.253.135.82 - - [10/Apr/2023:06:34:11 +0800] "POST /xingrg/kc/pszx/mdps_list_operate.html HTTP/1.1" 200 596
120.253.135.82 - - [10/Apr/2023:06:34:12 +0800] "GET /xingrg/kc/pszx/mdps_order_info.html?code=312023041000187 HTTP/1.1" 200 23976
116.227.208.255 - - [10/Apr/2023:06:34:12 +0800] "GET /xingrg/all/function/internal_message.html?_=1681079736886&CODE_STATE=getMsg HTTP/1.1" 200 27
120.253.135.82 - - [10/Apr/2023:06:34:12 +0800] "GET /xingrg/javascript/easyui/themes/default/validatebox.css HTTP/1.1" 404 1104
120.253.135.82 - - [10/Apr/2023:06:34:13 +0800] "POST /xingrg/kc/pszx/mdps_order_operate.html HTTP/1.1" 200 7133
222.67.232.202 - - [10/Apr/2023:06:34:15 +0800] "GET /xingrg/all/function/internal_message.html?_=1681079658916&CODE_STATE=getMsg HTTP/1.1" 200 27
120.253.135.82 - - [10/Apr/2023:06:34:15 +0800] "POST /xingrg/kc/pszx/mdps_order_operate.html HTTP/1.1" 200 37
180.171.122.0 - - [10/Apr/2023:06:34:15 +0800] "GET /xingrg/all/function/internal_message.html?_=1681079655823&CODE_STATE=getMsg HTTP/1.1" 200 27
120.253.135.82 - - [10/Apr/2023:06:34:17 +0800] "GET /xingrg/kc/pszx/mdps_order_info.html?code=312023041000187 HTTP/1.1" 200 23976
120.253.135.82 - - [10/Apr/2023:06:34:17 +0800] "GET /xingrg/javascript/easyui/themes/default/validatebox.css HTTP/1.1" 404 1104
120.253.135.82 - - [10/Apr/2023:06:34:18 +0800] "POST /xingrg/kc/pszx/mdps_order_operate.html HTTP/1.1" 200 7211
116.224.106.218 - - [10/Apr/2023:06:34:20 +0800] "GET /xingrg/all/function/internal_message.html?_=1681079658623&CODE_STATE=getMsg HTTP/1.1" 200 27
180.164.3.199 - - [10/Apr/2023:06:34:29 +0800] "GET /xingrg/all/function/internal_message.html?_=1681079668881&CODE_STATE=getMsg HTTP/1.1" 200 27
116.238.139.35 - - [10/Apr/2023:06:34:31 +0800] "GET /xingrg/all/function/internal_message.html?_=1681079671633&CODE_STATE=getMsg HTTP/1.1" 200 27
58.221.95.50 - - [10/Apr/2023:06:34:32 +0800] "GET /xingrg/all/function/internal_message.html?_=1681079673891&CODE_STATE=getMsg HTTP/1.1" 200 27
120.253.135.82 - - [10/Apr/2023:06:34:35 +0800] "POST /xingrg/kc/pszx/mdps_list_operate.html HTTP/1.1" 200 2806
120.253.135.82 - - [10/Apr/2023:06:34:37 +0800] "POST /xingrg/kc/pszx/mdps_list_operate.html HTTP/1.1" 200 205
120.253.135.82 - - [10/Apr/2023:06:34:39 +0800] "GET /xingrg/kc/pszx/mdps_order_info.html?code=312023041000184 HTTP/1.1" 200 23978
120.253.135.82 - - [10/Apr/2023:06:34:40 +0800] "GET /xingrg/javascript/easyui/themes/default/validatebox.css HTTP/1.1" 404 1104
120.253.135.82 - - [10/Apr/2023:06:34:40 +0800] "POST /xingrg/kc/pszx/mdps_order_operate.html HTTP/1.1" 200 2275
120.253.135.82 - - [10/Apr/2023:06:34:43 +0800] "POST /xingrg/kc/pszx/mdps_order_operate.html HTTP/1.1" 200 37
120.253.135.82 - - [10/Apr/2023:06:34:44 +0800] "GET /xingrg/kc/pszx/mdps_order_info.html?code=312023041000184 HTTP/1.1" 200 23978
120.253.135.82 - - [10/Apr/2023:06:34:44 +0800] "GET /xingrg/javascript/easyui/themes/default/validatebox.css HTTP/1.1" 404 1104
120.253.135.82 - - [10/Apr/2023:06:34:45 +0800] "POST /xingrg/kc/pszx/mdps_order_operate.html HTTP/1.1" 200 2283
120.253.135.82 - - [10/Apr/2023:06:34:47 +0800] "POST /xingrg/kc/pszx/mdps_list_operate.html HTTP/1.1" 200 2806
120.253.135.82 - - [10/Apr/2023:06:34:48 +0800] "POST /xingrg/kc/pszx/mdps_list_operate.html HTTP/1.1" 200 613
120.253.135.82 - - [10/Apr/2023:06:34:51 +0800] "GET /xingrg/kc/pszx/mdps_order_info.html?code=312023041000185 HTTP/1.1" 200 23978
120.253.135.82 - - [10/Apr/2023:06:34:51 +0800] "GET /xingrg/javascript/easyui/themes/default/validatebox.css HTTP/1.1" 404 1104
120.253.135.82 - - [10/Apr/2023:06:34:52 +0800] "POST /xingrg/kc/pszx/mdps_order_operate.html HTTP/1.1" 200 13784
120.253.135.82 - - [10/Apr/2023:06:34:54 +0800] "POST /xingrg/kc/pszx/mdps_order_operate.html HTTP/1.1" 200 37
120.253.135.82 - - [10/Apr/2023:06:34:56 +0800] "GET /xingrg/kc/pszx/mdps_order_info.html?code=312023041000185 HTTP/1.1" 200 23978
120.253.135.82 - - [10/Apr/2023:06:34:56 +0800] "GET /xingrg/javascript/easyui/themes/default/validatebox.css HTTP/1.1" 404 1104
120.253.135.82 - - [10/Apr/2023:06:34:57 +0800] "POST /xingrg/kc/pszx/mdps_order_operate.html HTTP/1.1" 200 13975
120.253.135.82 - - [10/Apr/2023:06:35:09 +0800] "GET /xingrg/all/function/internal_message.html?_=1681079545248&CODE_STATE=getMsg HTTP/1.1" 200 27
116.227.208.255 - - [10/Apr/2023:06:35:12 +0800] "GET /xingrg/all/function/internal_message.html?_=1681079796890&CODE_STATE=getMsg HTTP/1.1" 200 27
222.67.232.202 - - [10/Apr/2023:06:35:15 +0800] "GET /xingrg/all/function/internal_message.html?_=1681079718899&CODE_STATE=getMsg HTTP/1.1" 200 27
180.171.122.0 - - [10/Apr/2023:06:35:15 +0800] "GET /xingrg/all/function/internal_message.html?_=1681079715823&CODE_STATE=getMsg HTTP/1.1" 200 27
180.171.122.0 - - [10/Apr/2023:06:35:15 +0800] "GET /xingrg/check_reg.html?_=1681079715826 HTTP/1.1" 200 22
116.224.106.218 - - [10/Apr/2023:06:35:20 +0800] "GET /xingrg/all/function/internal_message.html?_=1681079718629&CODE_STATE=getMsg HTTP/1.1" 200 27
180.164.3.199 - - [10/Apr/2023:06:35:29 +0800] "GET /xingrg/all/function/internal_message.html?_=1681079728880&CODE_STATE=getMsg HTTP/1.1" 200 27
120.253.135.82 - - [10/Apr/2023:06:35:30 +0800] "POST /xingrg/kc/pszx/mdps_order_operate.html HTTP/1.1" 200 37
116.238.139.35 - - [10/Apr/2023:06:35:31 +0800] "GET /xingrg/all/function/internal_message.html?_=1681079731635&CODE_STATE=getMsg HTTP/1.1" 200 27
120.253.135.82 - - [10/Apr/2023:06:35:31 +0800] "GET /xingrg/kc/pszx/mdps_order_info.html?code=312023041000185 HTTP/1.1" 200 23978
120.253.135.82 - - [10/Apr/2023:06:35:32 +0800] "GET /xingrg/javascript/easyui/themes/default/validatebox.css HTTP/1.1" 404 1104
120.253.135.82 - - [10/Apr/2023:06:35:32 +0800] "POST /xingrg/kc/pszx/mdps_order_operate.html HTTP/1.1" 200 13975
58.221.95.50 - - [10/Apr/2023:06:35:32 +0800] "GET /xingrg/all/function/internal_message.html?_=1681079733865&CODE_STATE=getMsg HTTP/1.1" 200 27
120.253.135.82 - - [10/Apr/2023:06:35:57 +0800] "GET /xingrg/check_reg.html?_=1681079592973 HTTP/1.1" 200 22
120.253.135.82 - - [10/Apr/2023:06:36:09 +0800] "GET /xingrg/all/function/internal_message.html?_=1681079605263&CODE_STATE=getMsg HTTP/1.1" 200 27
116.227.208.255 - - [10/Apr/2023:06:36:12 +0800] "GET /xingrg/check_reg.html?_=1681079856890 HTTP/1.1" 200 22
116.227.208.255 - - [10/Apr/2023:06:36:12 +0800] "GET /xingrg/all/function/internal_message.html?_=1681079856893&CODE_STATE=getMsg HTTP/1.1" 200 27
222.67.232.202 - - [10/Apr/2023:06:36:15 +0800] "GET /xingrg/all/function/internal_message.html?_=1681079778880&CODE_STATE=getMsg HTTP/1.1" 200 27
180.171.122.0 - - [10/Apr/2023:06:36:15 +0800] "GET /xingrg/all/function/internal_message.html?_=1681079775826&CODE_STATE=getMsg HTTP/1.1" 200 27
116.224.106.218 - - [10/Apr/2023:06:36:20 +0800] "GET /xingrg/all/function/internal_message.html?_=1681079778630&CODE_STATE=getMsg HTTP/1.1" 200 27
116.224.106.218 - - [10/Apr/2023:06:36:20 +0800] "GET /xingrg/check_reg.html?_=1681079778633 HTTP/1.1" 200 22
58.221.95.50 - - [10/Apr/2023:06:36:23 +0800] "GET /xingrg/check_reg.html?_=1681079784486 HTTP/1.1" 200 22
222.67.232.202 - - [10/Apr/2023:06:36:26 +0800] "GET /xingrg/check_reg.html?_=1681079790393 HTTP/1.1" 200 22
180.164.3.199 - - [10/Apr/2023:06:36:29 +0800] "GET /xingrg/all/function/internal_message.html?_=1681079788879&CODE_STATE=getMsg HTTP/1.1" 200 27
116.238.139.35 - - [10/Apr/2023:06:36:31 +0800] "GET /xingrg/all/function/internal_message.html?_=1681079791635&CODE_STATE=getMsg HTTP/1.1" 200 27
116.238.139.35 - - [10/Apr/2023:06:36:31 +0800] "GET /xingrg/check_reg.html?_=1681079791640 HTTP/1.1" 200 22
58.221.95.50 - - [10/Apr/2023:06:36:32 +0800] "GET /xingrg/all/function/internal_message.html?_=1681079793856&CODE_STATE=getMsg HTTP/1.1" 200 27
120.253.135.82 - - [10/Apr/2023:06:36:38 +0800] "POST /xingrg/kc/pszx/mdps_order_operate.html HTTP/1.1" 200 37
120.253.135.82 - - [10/Apr/2023:06:36:40 +0800] "GET /xingrg/kc/pszx/mdps_order_info.html?code=312023041000185 HTTP/1.1" 200 23978
120.253.135.82 - - [10/Apr/2023:06:36:40 +0800] "GET /xingrg/javascript/easyui/themes/default/validatebox.css HTTP/1.1" 404 1104
120.253.135.82 - - [10/Apr/2023:06:36:41 +0800] "POST /xingrg/kc/pszx/mdps_order_operate.html HTTP/1.1" 200 13975
120.253.135.82 - - [10/Apr/2023:06:36:46 +0800] "POST /xingrg/kc/pszx/mdps_list_operate.html HTTP/1.1" 200 2805
120.253.135.82 - - [10/Apr/2023:06:36:48 +0800] "POST /xingrg/kc/pszx/mdps_list_operate.html HTTP/1.1" 200 602
120.253.135.82 - - [10/Apr/2023:06:36:49 +0800] "GET /xingrg/kc/pszx/mdps_order_info.html?code=312023041000186 HTTP/1.1" 200 23978
120.253.135.82 - - [10/Apr/2023:06:36:50 +0800] "GET /xingrg/javascript/easyui/themes/default/validatebox.css HTTP/1.1" 404 1104
120.253.135.82 - - [10/Apr/2023:06:36:50 +0800] "POST /xingrg/kc/pszx/mdps_order_operate.html HTTP/1.1" 200 10666
120.253.135.82 - - [10/Apr/2023:06:36:52 +0800] "POST /xingrg/all/common/load_combo.html?type=base HTTP/1.1" 200 1169
120.253.135.82 - - [10/Apr/2023:06:36:57 +0800] "POST /xingrg/kc/pszx/mdps_order_operate.html HTTP/1.1" 200 37
120.253.135.82 - - [10/Apr/2023:06:36:58 +0800] "GET /xingrg/kc/pszx/mdps_order_info.html?code=312023041000186 HTTP/1.1" 200 23978
120.253.135.82 - - [10/Apr/2023:06:36:59 +0800] "GET /xingrg/javascript/easyui/themes/default/validatebox.css HTTP/1.1" 404 1104
120.253.135.82 - - [10/Apr/2023:06:36:59 +0800] "POST /xingrg/kc/pszx/mdps_order_operate.html HTTP/1.1" 200 10817
120.253.135.82 - - [10/Apr/2023:06:37:09 +0800] "GET /xingrg/all/function/internal_message.html?_=1681079665322&CODE_STATE=getMsg HTTP/1.1" 200 27
