124.78.155.10 - - [10/Apr/2023:09:01:31 +0800] "GET /xingrg/kc/buy/cgsh_order_operate.html?command=get_materiel&rest_code=00106&code=00101008353&supplier_code=00100007&order_time=2023-04-10 HTTP/1.1" 200 408
116.224.158.100 - - [10/Apr/2023:09:01:43 +0800] "GET /xingrg/all/function/internal_message.html?_=1681088346451&CODE_STATE=getMsg HTTP/1.1" 200 27
124.78.155.10 - - [10/Apr/2023:09:01:45 +0800] "GET /xingrg/all/function/internal_message.html?_=1681088506297&CODE_STATE=getMsg HTTP/1.1" 200 27
116.224.158.100 - - [10/Apr/2023:09:01:46 +0800] "GET /xingrg/all/function/internal_message.html?_=1681088506790&CODE_STATE=getMsg HTTP/1.1" 200 27
116.238.139.35 - - [10/Apr/2023:09:01:46 +0800] "GET /xingrg/all/function/internal_message.html?_=1681088413616&CODE_STATE=getMsg HTTP/1.1" 200 27
124.78.155.10 - - [10/Apr/2023:09:01:46 +0800] "GET /xingrg/kc/buy/cgsh_order_operate.html?command=get_materiel&rest_code=00106&code=00101008415&supplier_code=00100007&order_time=2023-04-10 HTTP/1.1" 200 412
180.171.122.0 - - [10/Apr/2023:09:01:54 +0800] "POST /xingrg/kc/buy/cgsh_list_operate.html HTTP/1.1" 200 3244
120.253.135.82 - - [10/Apr/2023:09:01:55 +0800] "GET /xingrg/all/function/internal_message.html?_=1681088351239&CODE_STATE=getMsg HTTP/1.1" 200 27
218.81.220.59 - - [10/Apr/2023:09:01:59 +0800] "GET /xingrg/all/function/internal_message.html?_=1681088520797&CODE_STATE=getMsg HTTP/1.1" 200 27
180.169.147.146 - - [10/Apr/2023:09:02:07 +0800] "GET /xingrg/all/function/internal_message.html?_=1681088529784&CODE_STATE=getMsg HTTP/1.1" 200 27
124.78.155.10 - - [10/Apr/2023:09:02:08 +0800] "GET /xingrg/all/function/internal_message.html?_=1681088529277&CODE_STATE=getMsg HTTP/1.1" 200 27
116.227.208.255 - - [10/Apr/2023:09:02:15 +0800] "GET /xingrg/all/function/internal_message.html?_=1681088619702&CODE_STATE=getMsg HTTP/1.1" 200 27
180.171.122.0 - - [10/Apr/2023:09:02:15 +0800] "POST /xingrg/kc/buy/cgsh_list_operate.html HTTP/1.1" 200 1886
124.78.155.10 - - [10/Apr/2023:09:02:16 +0800] "GET /xingrg/kc/buy/cgsh_order_operate.html?command=get_materiel&rest_code=00106&code=00101008283&supplier_code=00100007&order_time=2023-04-10 HTTP/1.1" 200 408
114.83.221.160 - - [10/Apr/2023:09:02:17 +0800] "GET /xingrg/all/function/internal_message.html?_=1681088538154&CODE_STATE=getMsg HTTP/1.1" 200 27
180.157.253.110 - - [10/Apr/2023:09:02:18 +0800] "GET /xingrg/check_reg.html?_=1681088538569 HTTP/1.1" 302 -
180.171.122.0 - - [10/Apr/2023:09:02:19 +0800] "POST /xingrg/kc/buy/cgsh_list_operate.html HTTP/1.1" 200 199
116.224.106.218 - - [10/Apr/2023:09:02:20 +0800] "GET /xingrg/all/function/internal_message.html?_=1681088538856&CODE_STATE=getMsg HTTP/1.1" 200 27
180.171.122.0 - - [10/Apr/2023:09:02:22 +0800] "GET /xingrg/all/function/internal_message.html?_=1681088541878&CODE_STATE=getMsg HTTP/1.1" 200 27
172.20.0.100 - - [10/Apr/2023:09:02:27 +0800] "GET /xingrg/all/function/internal_message.html?_=1681088548600&CODE_STATE=getMsg HTTP/1.1" 200 27
180.164.3.199 - - [10/Apr/2023:09:02:27 +0800] "GET /xingrg/all/function/internal_message.html?_=1681088547015&CODE_STATE=getMsg HTTP/1.1" 200 27
116.238.139.35 - - [10/Apr/2023:09:02:29 +0800] "GET /xingrg/all/function/internal_message.html?_=1681088549460&CODE_STATE=getMsg HTTP/1.1" 200 27
58.221.95.50 - - [10/Apr/2023:09:02:30 +0800] "GET /xingrg/all/function/internal_message.html?_=1681088551434&CODE_STATE=getMsg HTTP/1.1" 200 27
116.238.139.35 - - [10/Apr/2023:09:02:31 +0800] "GET /xingrg/kc/buy/cgsh_order_operate.html?command=get_materiel&rest_code=00150&code=00101008213&supplier_code=00100008&order_time=2023-04-10 HTTP/1.1" 200 412
124.78.155.10 - - [10/Apr/2023:09:02:38 +0800] "GET /xingrg/kc/buy/cgsh_order_operate.html?command=get_materiel&rest_code=00106&code=00101008248&supplier_code=00100007&order_time=2023-04-10 HTTP/1.1" 200 412
116.238.139.35 - - [10/Apr/2023:09:02:43 +0800] "GET /xingrg/kc/buy/cgsh_order_operate.html?command=get_materiel&rest_code=00150&code=00101008275&supplier_code=00100008&order_time=2023-04-10 HTTP/1.1" 200 416
116.224.158.100 - - [10/Apr/2023:09:02:43 +0800] "GET /xingrg/all/function/internal_message.html?_=1681088406450&CODE_STATE=getMsg HTTP/1.1" 200 27
124.78.155.10 - - [10/Apr/2023:09:02:45 +0800] "GET /xingrg/all/function/internal_message.html?_=1681088566307&CODE_STATE=getMsg HTTP/1.1" 200 27
116.224.158.100 - - [10/Apr/2023:09:02:46 +0800] "GET /xingrg/all/function/internal_message.html?_=1681088566803&CODE_STATE=getMsg HTTP/1.1" 200 27
116.238.139.35 - - [10/Apr/2023:09:02:46 +0800] "GET /xingrg/all/function/internal_message.html?_=1681088473731&CODE_STATE=getMsg HTTP/1.1" 200 27
180.171.122.0 - - [10/Apr/2023:09:02:49 +0800] "POST /xingrg/kc/buy/cgsh_list_operate.html HTTP/1.1" 200 2336
116.238.139.35 - - [10/Apr/2023:09:02:53 +0800] "GET /xingrg/kc/buy/cgsh_order_operate.html?command=get_materiel&rest_code=00150&code=00101008165&supplier_code=00100008&order_time=2023-04-10 HTTP/1.1" 200 417
120.253.135.82 - - [10/Apr/2023:09:02:53 +0800] "GET /xingrg/check_reg.html?_=1681088409310 HTTP/1.1" 200 22
120.253.135.82 - - [10/Apr/2023:09:02:55 +0800] "GET /xingrg/all/function/internal_message.html?_=1681088411253&CODE_STATE=getMsg HTTP/1.1" 200 27
218.81.220.59 - - [10/Apr/2023:09:02:59 +0800] "GET /xingrg/all/function/internal_message.html?_=1681088580807&CODE_STATE=getMsg HTTP/1.1" 200 27
124.78.155.10 - - [10/Apr/2023:09:03:00 +0800] "GET /xingrg/kc/buy/cgsh_order_operate.html?command=get_materiel&rest_code=00106&code=00101008350&supplier_code=00100007&order_time=2023-04-10 HTTP/1.1" 200 408
116.238.139.35 - - [10/Apr/2023:09:03:04 +0800] "GET /xingrg/kc/buy/cgsh_order_operate.html?command=get_materiel&rest_code=00150&code=00101008168&supplier_code=00100008&order_time=2023-04-10 HTTP/1.1" 200 413
180.171.122.0 - - [10/Apr/2023:09:03:06 +0800] "POST /xingrg/kc/buy/cgsh_list_operate.html HTTP/1.1" 200 2793
180.169.147.146 - - [10/Apr/2023:09:03:07 +0800] "GET /xingrg/all/function/internal_message.html?_=1681088589790&CODE_STATE=getMsg HTTP/1.1" 200 27
124.78.155.10 - - [10/Apr/2023:09:03:08 +0800] "GET /xingrg/all/function/internal_message.html?_=1681088589277&CODE_STATE=getMsg HTTP/1.1" 200 27
116.238.139.35 - - [10/Apr/2023:09:03:11 +0800] "POST /xingrg/kc/buy/cgsh_order_operate.html HTTP/1.1" 200 37
116.238.139.35 - - [10/Apr/2023:09:03:13 +0800] "POST /xingrg/kc/buy/cgsh_order_operate.html HTTP/1.1" 200 16852
116.227.208.255 - - [10/Apr/2023:09:03:15 +0800] "GET /xingrg/check_reg.html?_=1681088679704 HTTP/1.1" 200 22
116.227.208.255 - - [10/Apr/2023:09:03:15 +0800] "GET /xingrg/all/function/internal_message.html?_=1681088679708&CODE_STATE=getMsg HTTP/1.1" 200 27
114.83.221.160 - - [10/Apr/2023:09:03:17 +0800] "GET /xingrg/all/function/internal_message.html?_=1681088598151&CODE_STATE=getMsg HTTP/1.1" 200 27
116.224.106.218 - - [10/Apr/2023:09:03:20 +0800] "GET /xingrg/all/function/internal_message.html?_=1681088598859&CODE_STATE=getMsg HTTP/1.1" 200 27
180.171.122.0 - - [10/Apr/2023:09:03:22 +0800] "GET /xingrg/all/function/internal_message.html?_=1681088601874&CODE_STATE=getMsg HTTP/1.1" 200 27
116.238.139.35 - - [10/Apr/2023:09:03:27 +0800] "GET /xingrg/kc/buy/cgsh_order_operate.html?command=get_materiel&rest_code=00150&code=00101009015&supplier_code=00100008&order_time=2023-04-10 HTTP/1.1" 200 416
172.20.0.100 - - [10/Apr/2023:09:03:27 +0800] "GET /xingrg/all/function/internal_message.html?_=1681088608588&CODE_STATE=getMsg HTTP/1.1" 200 27
180.164.3.199 - - [10/Apr/2023:09:03:27 +0800] "GET /xingrg/all/function/internal_message.html?_=1681088607002&CODE_STATE=getMsg HTTP/1.1" 200 27
116.238.139.35 - - [10/Apr/2023:09:03:29 +0800] "GET /xingrg/all/function/internal_message.html?_=1681088609440&CODE_STATE=getMsg HTTP/1.1" 200 27
58.221.95.50 - - [10/Apr/2023:09:03:30 +0800] "GET /xingrg/all/function/internal_message.html?_=1681088611411&CODE_STATE=getMsg HTTP/1.1" 200 27
180.157.253.110 - - [10/Apr/2023:09:03:31 +0800] "GET /xingrg/check_reg.html?_=1681088612156 HTTP/1.1" 200 22
116.238.139.35 - - [10/Apr/2023:09:03:40 +0800] "GET /xingrg/kc/buy/cgsh_order_operate.html?command=get_materiel&rest_code=00150&code=00101008061&supplier_code=00100008&order_time=2023-04-10 HTTP/1.1" 200 422
180.164.3.199 - - [10/Apr/2023:09:03:42 +0800] "GET /xingrg/check_reg.html?_=1681088621885 HTTP/1.1" 200 22
116.224.158.100 - - [10/Apr/2023:09:03:43 +0800] "GET /xingrg/all/function/internal_message.html?_=1681088466449&CODE_STATE=getMsg HTTP/1.1" 200 27
116.224.158.100 - - [10/Apr/2023:09:03:43 +0800] "GET /xingrg/check_reg.html?_=1681088466452 HTTP/1.1" 200 22
124.78.155.10 - - [10/Apr/2023:09:03:45 +0800] "GET /xingrg/all/function/internal_message.html?_=1681088626329&CODE_STATE=getMsg HTTP/1.1" 200 27
116.224.158.100 - - [10/Apr/2023:09:03:46 +0800] "GET /xingrg/all/function/internal_message.html?_=1681088626802&CODE_STATE=getMsg HTTP/1.1" 200 27
116.238.139.35 - - [10/Apr/2023:09:03:46 +0800] "GET /xingrg/all/function/internal_message.html?_=1681088533737&CODE_STATE=getMsg HTTP/1.1" 200 27
116.238.139.35 - - [10/Apr/2023:09:03:48 +0800] "GET /xingrg/kc/buy/cgsh_order_operate.html?command=get_materiel&rest_code=00150&code=00101008095&supplier_code=00100008&order_time=2023-04-10 HTTP/1.1" 200 413
120.253.135.82 - - [10/Apr/2023:09:03:55 +0800] "GET /xingrg/all/function/internal_message.html?_=1681088471266&CODE_STATE=getMsg HTTP/1.1" 200 27
218.81.220.59 - - [10/Apr/2023:09:03:58 +0800] "GET /xingrg/check_reg.html?_=1681088640136 HTTP/1.1" 200 22
218.81.220.59 - - [10/Apr/2023:09:03:59 +0800] "GET /xingrg/all/function/internal_message.html?_=1681088640822&CODE_STATE=getMsg HTTP/1.1" 200 27
116.238.139.35 - - [10/Apr/2023:09:03:59 +0800] "GET /xingrg/kc/buy/cgsh_order_operate.html?command=get_materiel&rest_code=00150&code=00101008277&supplier_code=00100008&order_time=2023-04-10 HTTP/1.1" 200 412
180.169.147.146 - - [10/Apr/2023:09:04:07 +0800] "GET /xingrg/all/function/internal_message.html?_=1681088649789&CODE_STATE=getMsg HTTP/1.1" 200 27
124.78.155.10 - - [10/Apr/2023:09:04:08 +0800] "GET /xingrg/check_reg.html?_=1681088649277 HTTP/1.1" 200 22
124.78.155.10 - - [10/Apr/2023:09:04:08 +0800] "GET /xingrg/all/function/internal_message.html?_=1681088649280&CODE_STATE=getMsg HTTP/1.1" 200 27
116.238.139.35 - - [10/Apr/2023:09:04:13 +0800] "GET /xingrg/kc/buy/cgsh_order_operate.html?command=get_materiel&rest_code=00150&code=00101008211&supplier_code=00100008&order_time=2023-04-10 HTTP/1.1" 200 412
116.227.208.255 - - [10/Apr/2023:09:04:15 +0800] "GET /xingrg/all/function/internal_message.html?_=1681088739700&CODE_STATE=getMsg HTTP/1.1" 200 27
114.83.221.160 - - [10/Apr/2023:09:04:17 +0800] "GET /xingrg/check_reg.html?_=1681088658169 HTTP/1.1" 200 22
114.83.221.160 - - [10/Apr/2023:09:04:17 +0800] "GET /xingrg/all/function/internal_message.html?_=1681088658172&CODE_STATE=getMsg HTTP/1.1" 200 27
116.224.106.218 - - [10/Apr/2023:09:04:20 +0800] "GET /xingrg/all/function/internal_message.html?_=1681088658859&CODE_STATE=getMsg HTTP/1.1" 200 27
180.171.122.0 - - [10/Apr/2023:09:04:22 +0800] "GET /xingrg/all/function/internal_message.html?_=1681088661887&CODE_STATE=getMsg HTTP/1.1" 200 27
180.171.122.0 - - [10/Apr/2023:09:04:22 +0800] "GET /xingrg/check_reg.html?_=1681088661890 HTTP/1.1" 200 22
116.238.139.35 - - [10/Apr/2023:09:04:25 +0800] "POST /xingrg/kc/buy/cgsh_order_operate.html HTTP/1.1" 200 37
116.238.139.35 - - [10/Apr/2023:09:04:26 +0800] "POST /xingrg/kc/buy/cgsh_order_operate.html HTTP/1.1" 200 19825
172.20.0.100 - - [10/Apr/2023:09:04:27 +0800] "GET /xingrg/check_reg.html?_=1681088668601 HTTP/1.1" 200 22
172.20.0.100 - - [10/Apr/2023:09:04:27 +0800] "GET /xingrg/all/function/internal_message.html?_=1681088668603&CODE_STATE=getMsg HTTP/1.1" 200 27
180.164.3.199 - - [10/Apr/2023:09:04:27 +0800] "GET /xingrg/all/function/internal_message.html?_=1681088666992&CODE_STATE=getMsg HTTP/1.1" 200 27
116.238.139.35 - - [10/Apr/2023:09:04:29 +0800] "GET /xingrg/all/function/internal_message.html?_=1681088669423&CODE_STATE=getMsg HTTP/1.1" 200 27
116.238.139.35 - - [10/Apr/2023:09:04:29 +0800] "GET /xingrg/check_reg.html?_=1681088669832 HTTP/1.1" 200 22
58.221.95.50 - - [10/Apr/2023:09:04:30 +0800] "GET /xingrg/all/function/internal_message.html?_=1681088671394&CODE_STATE=getMsg HTTP/1.1" 200 27
116.238.139.35 - - [10/Apr/2023:09:04:35 +0800] "GET /xingrg/kc/buy/cgsh_order_operate.html?command=get_materiel&rest_code=00150&code=00101008246&supplier_code=00100008&order_time=2023-04-10 HTTP/1.1" 200 408
116.224.158.100 - - [10/Apr/2023:09:04:43 +0800] "GET /xingrg/all/function/internal_message.html?_=1681088526452&CODE_STATE=getMsg HTTP/1.1" 200 27
124.78.155.10 - - [10/Apr/2023:09:04:44 +0800] "GET /xingrg/kc/buy/cgsh_order_operate.html?command=get_materiel&rest_code=00106&code=00101008126&supplier_code=00100007&order_time=2023-04-10 HTTP/1.1" 200 412
124.78.155.10 - - [10/Apr/2023:09:04:45 +0800] "GET /xingrg/check_reg.html?_=1681088686329 HTTP/1.1" 200 22
124.78.155.10 - - [10/Apr/2023:09:04:45 +0800] "GET /xingrg/all/function/internal_message.html?_=1681088686331&CODE_STATE=getMsg HTTP/1.1" 200 27
116.238.139.35 - - [10/Apr/2023:09:04:46 +0800] "GET /xingrg/check_reg.html?_=1681088593290 HTTP/1.1" 200 22
116.224.158.100 - - [10/Apr/2023:09:04:46 +0800] "GET /xingrg/all/function/internal_message.html?_=1681088686803&CODE_STATE=getMsg HTTP/1.1" 200 27
116.238.139.35 - - [10/Apr/2023:09:04:46 +0800] "GET /xingrg/all/function/internal_message.html?_=1681088593761&CODE_STATE=getMsg HTTP/1.1" 200 27
116.238.139.35 - - [10/Apr/2023:09:04:49 +0800] "GET /xingrg/kc/buy/cgsh_order_operate.html?command=get_materiel&rest_code=00150&code=00101008049&supplier_code=00100008&order_time=2023-04-10 HTTP/1.1" 200 408
120.253.135.82 - - [10/Apr/2023:09:04:55 +0800] "GET /xingrg/all/function/internal_message.html?_=1681088531280&CODE_STATE=getMsg HTTP/1.1" 200 27
218.81.220.59 - - [10/Apr/2023:09:04:59 +0800] "GET /xingrg/all/function/internal_message.html?_=1681088700833&CODE_STATE=getMsg HTTP/1.1" 200 27
116.238.139.35 - - [10/Apr/2023:09:05:00 +0800] "POST /xingrg/kc/buy/cgsh_order_operate.html HTTP/1.1" 200 37
124.78.155.10 - - [10/Apr/2023:09:05:02 +0800] "GET /xingrg/kc/buy/cgsh_order_operate.html?command=get_materiel&rest_code=00106&code=00101011005&supplier_code=00100007&order_time=2023-04-10 HTTP/1.1" 200 430
116.238.139.35 - - [10/Apr/2023:09:05:03 +0800] "POST /xingrg/kc/buy/cgsh_order_operate.html HTTP/1.1" 200 21008
180.169.147.146 - - [10/Apr/2023:09:05:07 +0800] "GET /xingrg/check_reg.html?_=1681088709782 HTTP/1.1" 200 22
180.169.147.146 - - [10/Apr/2023:09:05:07 +0800] "GET /xingrg/all/function/internal_message.html?_=1681088709784&CODE_STATE=getMsg HTTP/1.1" 200 27
124.78.155.10 - - [10/Apr/2023:09:05:08 +0800] "GET /xingrg/all/function/internal_message.html?_=1681088709264&CODE_STATE=getMsg HTTP/1.1" 200 27
116.227.208.255 - - [10/Apr/2023:09:05:15 +0800] "GET /xingrg/all/function/internal_message.html?_=1681088799696&CODE_STATE=getMsg HTTP/1.1" 200 27
114.83.221.160 - - [10/Apr/2023:09:05:17 +0800] "GET /xingrg/all/function/internal_message.html?_=1681088718158&CODE_STATE=getMsg HTTP/1.1" 200 27
124.78.155.10 - - [10/Apr/2023:09:05:19 +0800] "POST /xingrg/kc/buy/cgsh_order_operate.html HTTP/1.1" 200 2065
116.224.106.218 - - [10/Apr/2023:09:05:20 +0800] "GET /xingrg/all/function/internal_message.html?_=1681088718860&CODE_STATE=getMsg HTTP/1.1" 200 27
180.171.122.0 - - [10/Apr/2023:09:05:22 +0800] "GET /xingrg/all/function/internal_message.html?_=1681088721885&CODE_STATE=getMsg HTTP/1.1" 200 27
172.20.0.100 - - [10/Apr/2023:09:05:27 +0800] "GET /xingrg/all/function/internal_message.html?_=1681088728588&CODE_STATE=getMsg HTTP/1.1" 200 27
180.164.3.199 - - [10/Apr/2023:09:05:27 +0800] "GET /xingrg/all/function/internal_message.html?_=1681088726976&CODE_STATE=getMsg HTTP/1.1" 200 27
116.238.139.35 - - [10/Apr/2023:09:05:29 +0800] "GET /xingrg/all/function/internal_message.html?_=1681088729396&CODE_STATE=getMsg HTTP/1.1" 200 27
58.221.95.50 - - [10/Apr/2023:09:05:30 +0800] "GET /xingrg/all/function/internal_message.html?_=1681088731381&CODE_STATE=getMsg HTTP/1.1" 200 27
116.224.158.100 - - [10/Apr/2023:09:05:43 +0800] "GET /xingrg/all/function/internal_message.html?_=1681088586439&CODE_STATE=getMsg HTTP/1.1" 200 27
124.78.155.10 - - [10/Apr/2023:09:05:45 +0800] "GET /xingrg/all/function/internal_message.html?_=1681088746324&CODE_STATE=getMsg HTTP/1.1" 200 27
116.224.158.100 - - [10/Apr/2023:09:05:46 +0800] "GET /xingrg/check_reg.html?_=1681088746804 HTTP/1.1" 200 22
116.224.158.100 - - [10/Apr/2023:09:05:46 +0800] "GET /xingrg/all/function/internal_message.html?_=1681088746808&CODE_STATE=getMsg HTTP/1.1" 200 27
116.238.139.35 - - [10/Apr/2023:09:05:46 +0800] "GET /xingrg/all/function/internal_message.html?_=1681088653764&CODE_STATE=getMsg HTTP/1.1" 200 27
120.253.135.82 - - [10/Apr/2023:09:05:55 +0800] "GET /xingrg/all/function/internal_message.html?_=1681088591341&CODE_STATE=getMsg HTTP/1.1" 200 27
218.81.220.59 - - [10/Apr/2023:09:05:59 +0800] "GET /xingrg/all/function/internal_message.html?_=1681088760847&CODE_STATE=getMsg HTTP/1.1" 200 27
180.169.147.146 - - [10/Apr/2023:09:06:07 +0800] "GET /xingrg/all/function/internal_message.html?_=1681088769793&CODE_STATE=getMsg HTTP/1.1" 200 27
124.78.155.10 - - [10/Apr/2023:09:06:08 +0800] "GET /xingrg/all/function/internal_message.html?_=1681088769292&CODE_STATE=getMsg HTTP/1.1" 200 27
116.227.208.255 - - [10/Apr/2023:09:06:15 +0800] "GET /xingrg/all/function/internal_message.html?_=1681088859711&CODE_STATE=getMsg HTTP/1.1" 200 27
114.83.221.160 - - [10/Apr/2023:09:06:17 +0800] "GET /xingrg/all/function/internal_message.html?_=1681088778161&CODE_STATE=getMsg HTTP/1.1" 200 27
116.224.106.218 - - [10/Apr/2023:09:06:20 +0800] "GET /xingrg/check_reg.html?_=1681088778860 HTTP/1.1" 200 22
116.224.106.218 - - [10/Apr/2023:09:06:20 +0800] "GET /xingrg/all/function/internal_message.html?_=1681088778862&CODE_STATE=getMsg HTTP/1.1" 200 27
180.171.122.0 - - [10/Apr/2023:09:06:22 +0800] "GET /xingrg/all/function/internal_message.html?_=1681088781873&CODE_STATE=getMsg HTTP/1.1" 200 27
58.221.95.50 - - [10/Apr/2023:09:06:23 +0800] "GET /xingrg/check_reg.html?_=1681088784479 HTTP/1.1" 200 22
172.20.0.100 - - [10/Apr/2023:09:06:27 +0800] "GET /xingrg/all/function/internal_message.html?_=1681088788590&CODE_STATE=getMsg HTTP/1.1" 200 27
180.164.3.199 - - [10/Apr/2023:09:06:27 +0800] "GET /xingrg/all/function/internal_message.html?_=1681088786962&CODE_STATE=getMsg HTTP/1.1" 200 27
116.238.139.35 - - [10/Apr/2023:09:06:29 +0800] "GET /xingrg/all/function/internal_message.html?_=1681088789366&CODE_STATE=getMsg HTTP/1.1" 200 27
58.221.95.50 - - [10/Apr/2023:09:06:30 +0800] "GET /xingrg/all/function/internal_message.html?_=1681088791366&CODE_STATE=getMsg HTTP/1.1" 200 27
180.169.147.146 - - [10/Apr/2023:09:06:34 +0800] "POST /xingrg/dwr/call/plaincall/AjaxReportQueryService.refreshCache.dwr HTTP/1.1" 200 78
180.169.147.146 - - [10/Apr/2023:09:06:36 +0800] "POST /xingrg/all/report/load_report_page.html HTTP/1.1" 200 51183
180.169.147.146 - - [10/Apr/2023:09:06:36 +0800] "GET /xingrg/servlets/image?cache=0.26807308692523335&image=px HTTP/1.1" 200 807
180.169.147.146 - - [10/Apr/2023:09:06:42 +0800] "POST /xingrg/all/report/report_print.html HTTP/1.1" 200 7168
116.224.158.100 - - [10/Apr/2023:09:06:43 +0800] "GET /xingrg/all/function/internal_message.html?_=1681088646438&CODE_STATE=getMsg HTTP/1.1" 200 27
124.78.155.10 - - [10/Apr/2023:09:06:45 +0800] "GET /xingrg/all/function/internal_message.html?_=1681088806345&CODE_STATE=getMsg HTTP/1.1" 200 27
116.224.158.100 - - [10/Apr/2023:09:06:46 +0800] "GET /xingrg/all/function/internal_message.html?_=1681088806793&CODE_STATE=getMsg HTTP/1.1" 200 27
116.238.139.35 - - [10/Apr/2023:09:06:46 +0800] "GET /xingrg/all/function/internal_message.html?_=1681088713778&CODE_STATE=getMsg HTTP/1.1" 200 27
180.171.122.0 - - [10/Apr/2023:09:06:52 +0800] "POST /xingrg/kc/buy/cgsh_list_operate.html HTTP/1.1" 200 3244
116.238.139.35 - - [10/Apr/2023:09:06:55 +0800] "POST /xingrg/kc/buy/cgsh_order_operate.html HTTP/1.1" 200 37
120.253.135.82 - - [10/Apr/2023:09:06:55 +0800] "GET /xingrg/all/function/internal_message.html?_=1681088651354&CODE_STATE=getMsg HTTP/1.1" 200 27
218.81.220.59 - - [10/Apr/2023:09:06:59 +0800] "GET /xingrg/all/function/internal_message.html?_=1681088820866&CODE_STATE=getMsg HTTP/1.1" 200 27
116.238.139.35 - - [10/Apr/2023:09:07:07 +0800] "POST /xingrg/kc/buy/cgsh_order_operate.html HTTP/1.1" 200 12
180.169.147.146 - - [10/Apr/2023:09:07:07 +0800] "GET /xingrg/all/function/internal_message.html?_=1681088829809&CODE_STATE=getMsg HTTP/1.1" 200 27
124.78.155.10 - - [10/Apr/2023:09:07:08 +0800] "GET /xingrg/all/function/internal_message.html?_=1681088829291&CODE_STATE=getMsg HTTP/1.1" 200 27
116.238.139.35 - - [10/Apr/2023:09:07:09 +0800] "GET /xingrg/kc/buy/cgsh_order_info.html?code=212023041002944 HTTP/1.1" 200 65415
116.238.139.35 - - [10/Apr/2023:09:07:09 +0800] "GET /xingrg/javascript/easyui/themes/default/validatebox.css HTTP/1.1" 404 1104
116.238.139.35 - - [10/Apr/2023:09:07:10 +0800] "POST /xingrg/kc/buy/cgsh_order_operate.html HTTP/1.1" 200 18952
116.238.139.35 - - [10/Apr/2023:09:07:13 +0800] "GET /xingrg/kc/print/load_config.html?kc_code=cgsh HTTP/1.1" 200 1925
116.238.139.35 - - [10/Apr/2023:09:07:14 +0800] "GET /xingrg/kc/print/load_data.html?order_code=212023041002944&kc_code=cgsh&condition= HTTP/1.1" 200 7673
116.227.208.255 - - [10/Apr/2023:09:07:15 +0800] "GET /xingrg/all/function/internal_message.html?_=1681088919702&CODE_STATE=getMsg HTTP/1.1" 200 27
114.83.221.160 - - [10/Apr/2023:09:07:17 +0800] "GET /xingrg/all/function/internal_message.html?_=1681088838163&CODE_STATE=getMsg HTTP/1.1" 200 27
180.157.253.110 - - [10/Apr/2023:09:07:18 +0800] "GET /xingrg/check_reg.html?_=1681088838550 HTTP/1.1" 302 -
116.224.106.218 - - [10/Apr/2023:09:07:20 +0800] "GET /xingrg/all/function/internal_message.html?_=1681088838865&CODE_STATE=getMsg HTTP/1.1" 200 27
180.171.122.0 - - [10/Apr/2023:09:07:22 +0800] "GET /xingrg/all/function/internal_message.html?_=1681088841887&CODE_STATE=getMsg HTTP/1.1" 200 27
172.20.0.100 - - [10/Apr/2023:09:07:27 +0800] "GET /xingrg/all/function/internal_message.html?_=1681088848595&CODE_STATE=getMsg HTTP/1.1" 200 27
180.164.3.199 - - [10/Apr/2023:09:07:27 +0800] "GET /xingrg/all/function/internal_message.html?_=1681088846947&CODE_STATE=getMsg HTTP/1.1" 200 27
116.238.139.35 - - [10/Apr/2023:09:07:29 +0800] "GET /xingrg/all/function/internal_message.html?_=1681088849335&CODE_STATE=getMsg HTTP/1.1" 200 27
58.221.95.50 - - [10/Apr/2023:09:07:30 +0800] "GET /xingrg/all/function/internal_message.html?_=1681088851343&CODE_STATE=getMsg HTTP/1.1" 200 27
116.224.158.100 - - [10/Apr/2023:09:07:43 +0800] "GET /xingrg/all/function/internal_message.html?_=1681088706438&CODE_STATE=getMsg HTTP/1.1" 200 27
124.78.155.10 - - [10/Apr/2023:09:07:45 +0800] "GET /xingrg/all/function/internal_message.html?_=1681088866320&CODE_STATE=getMsg HTTP/1.1" 200 27
116.224.158.100 - - [10/Apr/2023:09:07:46 +0800] "GET /xingrg/all/function/internal_message.html?_=1681088866794&CODE_STATE=getMsg HTTP/1.1" 200 27
116.238.139.35 - - [10/Apr/2023:09:07:46 +0800] "GET /xingrg/all/function/internal_message.html?_=1681088773903&CODE_STATE=getMsg HTTP/1.1" 200 27
120.253.135.82 - - [10/Apr/2023:09:07:53 +0800] "GET /xingrg/check_reg.html?_=1681088709345 HTTP/1.1" 200 22
120.253.135.82 - - [10/Apr/2023:09:07:55 +0800] "GET /xingrg/all/function/internal_message.html?_=1681088711367&CODE_STATE=getMsg HTTP/1.1" 200 27
218.81.220.59 - - [10/Apr/2023:09:07:59 +0800] "GET /xingrg/all/function/internal_message.html?_=1681088880874&CODE_STATE=getMsg HTTP/1.1" 200 27
180.171.122.0 - - [10/Apr/2023:09:08:06 +0800] "POST /xingrg/kc/buy/cgsh_list_operate.html HTTP/1.1" 200 1889
124.78.155.10 - - [10/Apr/2023:09:08:07 +0800] "GET /xingrg/kc/buy/cgsh_order_operate.html?command=get_materiel&rest_code=00106&code=00101008067&supplier_code=00100007&order_time=2023-04-10 HTTP/1.1" 200 416
180.169.147.146 - - [10/Apr/2023:09:08:07 +0800] "GET /xingrg/all/function/internal_message.html?_=1681088889794&CODE_STATE=getMsg HTTP/1.1" 200 27
124.78.155.10 - - [10/Apr/2023:09:08:08 +0800] "GET /xingrg/all/function/internal_message.html?_=1681088889291&CODE_STATE=getMsg HTTP/1.1" 200 27
116.227.208.255 - - [10/Apr/2023:09:08:15 +0800] "GET /xingrg/all/function/internal_message.html?_=1681088979696&CODE_STATE=getMsg HTTP/1.1" 200 27
116.227.208.255 - - [10/Apr/2023:09:08:15 +0800] "GET /xingrg/check_reg.html?_=1681088979697 HTTP/1.1" 200 22
114.83.221.160 - - [10/Apr/2023:09:08:17 +0800] "GET /xingrg/all/function/internal_message.html?_=1681088898164&CODE_STATE=getMsg HTTP/1.1" 200 27
116.224.106.218 - - [10/Apr/2023:09:08:20 +0800] "GET /xingrg/all/function/internal_message.html?_=1681088898865&CODE_STATE=getMsg HTTP/1.1" 200 27
180.171.122.0 - - [10/Apr/2023:09:08:22 +0800] "GET /xingrg/all/function/internal_message.html?_=1681088901881&CODE_STATE=getMsg HTTP/1.1" 200 27
124.78.155.10 - - [10/Apr/2023:09:08:27 +0800] "GET /xingrg/kc/buy/cgsh_order_operate.html?command=get_materiel&rest_code=00106&code=00101008024&supplier_code=00100007&order_time=2023-04-10 HTTP/1.1" 200 408
172.20.0.100 - - [10/Apr/2023:09:08:27 +0800] "GET /xingrg/all/function/internal_message.html?_=1681088908593&CODE_STATE=getMsg HTTP/1.1" 200 27
180.164.3.199 - - [10/Apr/2023:09:08:27 +0800] "GET /xingrg/all/function/internal_message.html?_=1681088906922&CODE_STATE=getMsg HTTP/1.1" 200 27
116.238.139.35 - - [10/Apr/2023:09:08:29 +0800] "GET /xingrg/all/function/internal_message.html?_=1681088909306&CODE_STATE=getMsg HTTP/1.1" 200 27
58.221.95.50 - - [10/Apr/2023:09:08:30 +0800] "GET /xingrg/all/function/internal_message.html?_=1681088911330&CODE_STATE=getMsg HTTP/1.1" 200 27
180.157.253.110 - - [10/Apr/2023:09:08:31 +0800] "GET /xingrg/check_reg.html?_=1681088912130 HTTP/1.1" 200 22
180.164.3.199 - - [10/Apr/2023:09:08:42 +0800] "GET /xingrg/check_reg.html?_=1681088921871 HTTP/1.1" 200 22
116.224.158.100 - - [10/Apr/2023:09:08:43 +0800] "GET /xingrg/all/function/internal_message.html?_=1681088766438&CODE_STATE=getMsg HTTP/1.1" 200 27
116.224.158.100 - - [10/Apr/2023:09:08:43 +0800] "GET /xingrg/check_reg.html?_=1681088766440 HTTP/1.1" 200 22
124.78.155.10 - - [10/Apr/2023:09:08:45 +0800] "GET /xingrg/all/function/internal_message.html?_=1681088926325&CODE_STATE=getMsg HTTP/1.1" 200 27
116.224.158.100 - - [10/Apr/2023:09:08:46 +0800] "GET /xingrg/all/function/internal_message.html?_=1681088926795&CODE_STATE=getMsg HTTP/1.1" 200 27
116.238.139.35 - - [10/Apr/2023:09:08:46 +0800] "GET /xingrg/all/function/internal_message.html?_=1681088833914&CODE_STATE=getMsg HTTP/1.1" 200 27
120.253.135.82 - - [10/Apr/2023:09:08:55 +0800] "GET /xingrg/all/function/internal_message.html?_=1681088771381&CODE_STATE=getMsg HTTP/1.1" 200 27
218.81.220.59 - - [10/Apr/2023:09:08:58 +0800] "GET /xingrg/check_reg.html?_=1681088940144 HTTP/1.1" 200 22
218.81.220.59 - - [10/Apr/2023:09:08:59 +0800] "GET /xingrg/all/function/internal_message.html?_=1681088940889&CODE_STATE=getMsg HTTP/1.1" 200 27
180.169.147.146 - - [10/Apr/2023:09:09:07 +0800] "GET /xingrg/all/function/internal_message.html?_=1681088949798&CODE_STATE=getMsg HTTP/1.1" 200 27
124.78.155.10 - - [10/Apr/2023:09:09:08 +0800] "GET /xingrg/all/function/internal_message.html?_=1681088949291&CODE_STATE=getMsg HTTP/1.1" 200 27
124.78.155.10 - - [10/Apr/2023:09:09:08 +0800] "GET /xingrg/check_reg.html?_=1681088949295 HTTP/1.1" 200 22
116.227.208.255 - - [10/Apr/2023:09:09:15 +0800] "GET /xingrg/all/function/internal_message.html?_=1681089039686&CODE_STATE=getMsg HTTP/1.1" 200 27
114.83.221.160 - - [10/Apr/2023:09:09:17 +0800] "GET /xingrg/all/function/internal_message.html?_=1681088958170&CODE_STATE=getMsg HTTP/1.1" 200 27
114.83.221.160 - - [10/Apr/2023:09:09:17 +0800] "GET /xingrg/check_reg.html?_=1681088958176 HTTP/1.1" 200 22
116.224.106.218 - - [10/Apr/2023:09:09:20 +0800] "GET /xingrg/all/function/internal_message.html?_=1681088958865&CODE_STATE=getMsg HTTP/1.1" 200 27
180.171.122.0 - - [10/Apr/2023:09:09:22 +0800] "GET /xingrg/all/function/internal_message.html?_=1681088961875&CODE_STATE=getMsg HTTP/1.1" 200 27
180.171.122.0 - - [10/Apr/2023:09:09:22 +0800] "GET /xingrg/check_reg.html?_=1681088961880 HTTP/1.1" 200 22
172.20.0.100 - - [10/Apr/2023:09:09:27 +0800] "GET /xingrg/all/function/internal_message.html?_=1681088968593&CODE_STATE=getMsg HTTP/1.1" 200 27
172.20.0.100 - - [10/Apr/2023:09:09:27 +0800] "GET /xingrg/check_reg.html?_=1681088968594 HTTP/1.1" 200 22
180.164.3.199 - - [10/Apr/2023:09:09:27 +0800] "GET /xingrg/all/function/internal_message.html?_=1681088966911&CODE_STATE=getMsg HTTP/1.1" 200 27
116.238.139.35 - - [10/Apr/2023:09:09:29 +0800] "GET /xingrg/all/function/internal_message.html?_=1681088969277&CODE_STATE=getMsg HTTP/1.1" 200 27
116.238.139.35 - - [10/Apr/2023:09:09:29 +0800] "GET /xingrg/check_reg.html?_=1681088969818 HTTP/1.1" 200 22
58.221.95.50 - - [10/Apr/2023:09:09:30 +0800] "GET /xingrg/all/function/internal_message.html?_=1681088971304&CODE_STATE=getMsg HTTP/1.1" 200 27
116.224.158.100 - - [10/Apr/2023:09:09:43 +0800] "GET /xingrg/all/function/internal_message.html?_=1681088826439&CODE_STATE=getMsg HTTP/1.1" 200 27
124.78.155.10 - - [10/Apr/2023:09:09:45 +0800] "GET /xingrg/all/function/internal_message.html?_=1681088986322&CODE_STATE=getMsg HTTP/1.1" 200 27
124.78.155.10 - - [10/Apr/2023:09:09:45 +0800] "GET /xingrg/check_reg.html?_=1681088986327 HTTP/1.1" 200 22
116.238.139.35 - - [10/Apr/2023:09:09:46 +0800] "GET /xingrg/check_reg.html?_=1681088893391 HTTP/1.1" 200 22
116.224.158.100 - - [10/Apr/2023:09:09:46 +0800] "GET /xingrg/all/function/internal_message.html?_=1681088986796&CODE_STATE=getMsg HTTP/1.1" 200 27
116.238.139.35 - - [10/Apr/2023:09:09:46 +0800] "GET /xingrg/all/function/internal_message.html?_=1681088893928&CODE_STATE=getMsg HTTP/1.1" 200 27
120.253.135.82 - - [10/Apr/2023:09:09:55 +0800] "GET /xingrg/all/function/internal_message.html?_=1681088831395&CODE_STATE=getMsg HTTP/1.1" 200 27
218.81.220.59 - - [10/Apr/2023:09:09:59 +0800] "GET /xingrg/all/function/internal_message.html?_=1681089000902&CODE_STATE=getMsg HTTP/1.1" 200 27
180.169.147.146 - - [10/Apr/2023:09:10:07 +0800] "GET /xingrg/check_reg.html?_=1681089009801 HTTP/1.1" 200 22
180.169.147.146 - - [10/Apr/2023:09:10:07 +0800] "GET /xingrg/all/function/internal_message.html?_=1681089009804&CODE_STATE=getMsg HTTP/1.1" 200 27
124.78.155.10 - - [10/Apr/2023:09:10:08 +0800] "GET /xingrg/all/function/internal_message.html?_=1681089009294&CODE_STATE=getMsg HTTP/1.1" 200 27
116.227.208.255 - - [10/Apr/2023:09:10:15 +0800] "GET /xingrg/all/function/internal_message.html?_=1681089099706&CODE_STATE=getMsg HTTP/1.1" 200 27
114.83.221.160 - - [10/Apr/2023:09:10:17 +0800] "GET /xingrg/all/function/internal_message.html?_=1681089018174&CODE_STATE=getMsg HTTP/1.1" 200 27
116.224.106.218 - - [10/Apr/2023:09:10:20 +0800] "GET /xingrg/all/function/internal_message.html?_=1681089018871&CODE_STATE=getMsg HTTP/1.1" 200 27
180.171.122.0 - - [10/Apr/2023:09:10:22 +0800] "GET /xingrg/all/function/internal_message.html?_=1681089021882&CODE_STATE=getMsg HTTP/1.1" 200 27
172.20.0.100 - - [10/Apr/2023:09:10:27 +0800] "GET /xingrg/all/function/internal_message.html?_=1681089028593&CODE_STATE=getMsg HTTP/1.1" 200 27
180.164.3.199 - - [10/Apr/2023:09:10:27 +0800] "GET /xingrg/all/function/internal_message.html?_=1681089026898&CODE_STATE=getMsg HTTP/1.1" 200 27
116.238.139.35 - - [10/Apr/2023:09:10:29 +0800] "GET /xingrg/all/function/internal_message.html?_=1681089029260&CODE_STATE=getMsg HTTP/1.1" 200 27
58.221.95.50 - - [10/Apr/2023:09:10:30 +0800] "GET /xingrg/all/function/internal_message.html?_=1681089031284&CODE_STATE=getMsg HTTP/1.1" 200 27
124.78.155.10 - - [10/Apr/2023:09:10:40 +0800] "GET /xingrg/kc/buy/cgsh_order_operate.html?command=get_materiel&rest_code=00106&code=00101020332&supplier_code=00100007&order_time=2023-04-10 HTTP/1.1" 200 408
180.171.122.0 - - [10/Apr/2023:09:10:41 +0800] "GET /xingrg/kc/buy/cgsh_order_add.html HTTP/1.1" 200 70409
180.171.122.0 - - [10/Apr/2023:09:10:41 +0800] "POST /xingrg/kc/buy/cgsh_order_operate.html HTTP/1.1" 200 8245
180.171.122.0 - - [10/Apr/2023:09:10:41 +0800] "GET /xingrg/javascript/easyui/themes/default/validatebox.css HTTP/1.1" 404 1104
116.224.158.100 - - [10/Apr/2023:09:10:43 +0800] "GET /xingrg/all/function/internal_message.html?_=1681088886438&CODE_STATE=getMsg HTTP/1.1" 200 27
124.78.155.10 - - [10/Apr/2023:09:10:45 +0800] "GET /xingrg/all/function/internal_message.html?_=1681089046329&CODE_STATE=getMsg HTTP/1.1" 200 27
116.224.158.100 - - [10/Apr/2023:09:10:46 +0800] "GET /xingrg/all/function/internal_message.html?_=1681089046798&CODE_STATE=getMsg HTTP/1.1" 200 27
116.224.158.100 - - [10/Apr/2023:09:10:46 +0800] "GET /xingrg/check_reg.html?_=1681089046802 HTTP/1.1" 200 22
116.238.139.35 - - [10/Apr/2023:09:10:46 +0800] "GET /xingrg/all/function/internal_message.html?_=1681088953942&CODE_STATE=getMsg HTTP/1.1" 200 27
120.253.135.82 - - [10/Apr/2023:09:10:55 +0800] "GET /xingrg/all/function/internal_message.html?_=1681088891444&CODE_STATE=getMsg HTTP/1.1" 200 27
180.171.122.0 - - [10/Apr/2023:09:10:58 +0800] "GET /xingrg/kc/buy/cgsh_order_operate.html?command=get_materiel&rest_code=00111&code=00102013003&supplier_code=00100075&order_time=2023-04-10 HTTP/1.1" 200 409
218.81.220.59 - - [10/Apr/2023:09:10:59 +0800] "GET /xingrg/all/function/internal_message.html?_=1681089060915&CODE_STATE=getMsg HTTP/1.1" 200 27
180.169.147.146 - - [10/Apr/2023:09:11:07 +0800] "GET /xingrg/all/function/internal_message.html?_=1681089069789&CODE_STATE=getMsg HTTP/1.1" 200 27
124.78.155.10 - - [10/Apr/2023:09:11:08 +0800] "GET /xingrg/kc/buy/cgsh_order_operate.html?command=get_materiel&rest_code=00106&code=00101020349&supplier_code=00100007&order_time=2023-04-10 HTTP/1.1" 200 409
124.78.155.10 - - [10/Apr/2023:09:11:08 +0800] "GET /xingrg/all/function/internal_message.html?_=1681089069295&CODE_STATE=getMsg HTTP/1.1" 200 27
124.78.155.10 - - [10/Apr/2023:09:11:13 +0800] "POST /xingrg/kc/buy/cgsh_order_operate.html HTTP/1.1" 200 2065
116.227.208.255 - - [10/Apr/2023:09:11:15 +0800] "GET /xingrg/all/function/internal_message.html?_=1681089159700&CODE_STATE=getMsg HTTP/1.1" 200 27
114.83.221.160 - - [10/Apr/2023:09:11:17 +0800] "GET /xingrg/all/function/internal_message.html?_=1681089078175&CODE_STATE=getMsg HTTP/1.1" 200 27
116.224.106.218 - - [10/Apr/2023:09:11:20 +0800] "GET /xingrg/check_reg.html?_=1681089078872 HTTP/1.1" 200 22
116.224.106.218 - - [10/Apr/2023:09:11:20 +0800] "GET /xingrg/all/function/internal_message.html?_=1681089078873&CODE_STATE=getMsg HTTP/1.1" 200 27
180.171.122.0 - - [10/Apr/2023:09:11:22 +0800] "GET /xingrg/all/function/internal_message.html?_=1681089081897&CODE_STATE=getMsg HTTP/1.1" 200 27
58.221.95.50 - - [10/Apr/2023:09:11:23 +0800] "GET /xingrg/check_reg.html?_=1681089084501 HTTP/1.1" 200 22
180.171.122.0 - - [10/Apr/2023:09:11:23 +0800] "GET /xingrg/kc/buy/cgsh_order_operate.html?command=get_materiel&rest_code=00111&code=00102002080&supplier_code=00100075&order_time=2023-04-10 HTTP/1.1" 200 429
172.20.0.100 - - [10/Apr/2023:09:11:27 +0800] "GET /xingrg/all/function/internal_message.html?_=1681089088591&CODE_STATE=getMsg HTTP/1.1" 200 27
180.164.3.199 - - [10/Apr/2023:09:11:27 +0800] "GET /xingrg/all/function/internal_message.html?_=1681089086898&CODE_STATE=getMsg HTTP/1.1" 200 27
116.238.139.35 - - [10/Apr/2023:09:11:29 +0800] "GET /xingrg/all/function/internal_message.html?_=1681089089247&CODE_STATE=getMsg HTTP/1.1" 200 27
58.221.95.50 - - [10/Apr/2023:09:11:30 +0800] "GET /xingrg/all/function/internal_message.html?_=1681089091256&CODE_STATE=getMsg HTTP/1.1" 200 27
116.224.158.100 - - [10/Apr/2023:09:11:43 +0800] "GET /xingrg/all/function/internal_message.html?_=1681088946438&CODE_STATE=getMsg HTTP/1.1" 200 27
124.78.155.10 - - [10/Apr/2023:09:11:45 +0800] "GET /xingrg/all/function/internal_message.html?_=1681089106350&CODE_STATE=getMsg HTTP/1.1" 200 27
116.224.158.100 - - [10/Apr/2023:09:11:46 +0800] "GET /xingrg/all/function/internal_message.html?_=1681089106802&CODE_STATE=getMsg HTTP/1.1" 200 27
116.238.139.35 - - [10/Apr/2023:09:11:46 +0800] "GET /xingrg/all/function/internal_message.html?_=1681089013954&CODE_STATE=getMsg HTTP/1.1" 200 27
124.78.155.10 - - [10/Apr/2023:09:11:51 +0800] "GET /xingrg/kc/buy/cgsh_order_operate.html?command=get_materiel&rest_code=00106&code=00101008036&supplier_code=00100007&order_time=2023-04-10 HTTP/1.1" 200 408
120.253.135.82 - - [10/Apr/2023:09:11:55 +0800] "GET /xingrg/all/function/internal_message.html?_=1681088951453&CODE_STATE=getMsg HTTP/1.1" 200 27
218.81.220.59 - - [10/Apr/2023:09:11:59 +0800] "GET /xingrg/all/function/internal_message.html?_=1681089120935&CODE_STATE=getMsg HTTP/1.1" 200 27
180.169.147.146 - - [10/Apr/2023:09:12:07 +0800] "GET /xingrg/all/function/internal_message.html?_=1681089129793&CODE_STATE=getMsg HTTP/1.1" 200 27
124.78.155.10 - - [10/Apr/2023:09:12:08 +0800] "GET /xingrg/all/function/internal_message.html?_=1681089129293&CODE_STATE=getMsg HTTP/1.1" 200 27
116.227.208.255 - - [10/Apr/2023:09:12:15 +0800] "GET /xingrg/all/function/internal_message.html?_=1681089219691&CODE_STATE=getMsg HTTP/1.1" 200 27
114.83.221.160 - - [10/Apr/2023:09:12:17 +0800] "GET /xingrg/all/function/internal_message.html?_=1681089138184&CODE_STATE=getMsg HTTP/1.1" 200 27
180.157.253.110 - - [10/Apr/2023:09:12:18 +0800] "GET /xingrg/check_reg.html?_=1681089138527 HTTP/1.1" 302 -
124.78.155.10 - - [10/Apr/2023:09:12:20 +0800] "GET /xingrg/kc/buy/cgsh_order_operate.html?command=get_materiel&rest_code=00106&code=00101008027&supplier_code=00100007&order_time=2023-04-10 HTTP/1.1" 200 409
116.224.106.218 - - [10/Apr/2023:09:12:20 +0800] "GET /xingrg/all/function/internal_message.html?_=1681089138859&CODE_STATE=getMsg HTTP/1.1" 200 27
180.171.122.0 - - [10/Apr/2023:09:12:22 +0800] "GET /xingrg/all/function/internal_message.html?_=1681089141889&CODE_STATE=getMsg HTTP/1.1" 200 27
172.20.0.100 - - [10/Apr/2023:09:12:27 +0800] "GET /xingrg/all/function/internal_message.html?_=1681089148589&CODE_STATE=getMsg HTTP/1.1" 200 27
180.164.3.199 - - [10/Apr/2023:09:12:27 +0800] "GET /xingrg/all/function/internal_message.html?_=1681089146868&CODE_STATE=getMsg HTTP/1.1" 200 27
116.238.139.35 - - [10/Apr/2023:09:12:29 +0800] "GET /xingrg/all/function/internal_message.html?_=1681089149216&CODE_STATE=getMsg HTTP/1.1" 200 27
58.221.95.50 - - [10/Apr/2023:09:12:30 +0800] "GET /xingrg/all/function/internal_message.html?_=1681089151254&CODE_STATE=getMsg HTTP/1.1" 200 27
116.224.158.100 - - [10/Apr/2023:09:12:43 +0800] "GET /xingrg/all/function/internal_message.html?_=1681089006437&CODE_STATE=getMsg HTTP/1.1" 200 27
124.78.155.10 - - [10/Apr/2023:09:12:45 +0800] "GET /xingrg/all/function/internal_message.html?_=1681089166351&CODE_STATE=getMsg HTTP/1.1" 200 27
116.224.158.100 - - [10/Apr/2023:09:12:46 +0800] "GET /xingrg/all/function/internal_message.html?_=1681089166805&CODE_STATE=getMsg HTTP/1.1" 200 27
116.238.139.35 - - [10/Apr/2023:09:12:47 +0800] "GET /xingrg/all/function/internal_message.html?_=1681089074062&CODE_STATE=getMsg HTTP/1.1" 200 27
120.253.135.82 - - [10/Apr/2023:09:12:53 +0800] "GET /xingrg/check_reg.html?_=1681089009390 HTTP/1.1" 200 22
120.253.135.82 - - [10/Apr/2023:09:12:56 +0800] "GET /xingrg/all/function/internal_message.html?_=1681089011467&CODE_STATE=getMsg HTTP/1.1" 200 27
218.81.220.59 - - [10/Apr/2023:09:12:59 +0800] "GET /xingrg/all/function/internal_message.html?_=1681089180943&CODE_STATE=getMsg HTTP/1.1" 200 27
124.78.155.10 - - [10/Apr/2023:09:13:08 +0800] "GET /xingrg/all/function/internal_message.html?_=1681089189293&CODE_STATE=getMsg HTTP/1.1" 200 27
116.227.208.255 - - [10/Apr/2023:09:13:15 +0800] "GET /xingrg/all/function/internal_message.html?_=1681089279697&CODE_STATE=getMsg HTTP/1.1" 200 27
116.227.208.255 - - [10/Apr/2023:09:13:15 +0800] "GET /xingrg/check_reg.html?_=1681089279701 HTTP/1.1" 200 22
114.83.221.160 - - [10/Apr/2023:09:13:17 +0800] "GET /xingrg/all/function/internal_message.html?_=1681089198184&CODE_STATE=getMsg HTTP/1.1" 200 27
116.224.106.218 - - [10/Apr/2023:09:13:20 +0800] "GET /xingrg/all/function/internal_message.html?_=1681089198859&CODE_STATE=getMsg HTTP/1.1" 200 27
180.171.122.0 - - [10/Apr/2023:09:13:22 +0800] "GET /xingrg/all/function/internal_message.html?_=1681089201902&CODE_STATE=getMsg HTTP/1.1" 200 27
172.20.0.100 - - [10/Apr/2023:09:13:27 +0800] "GET /xingrg/all/function/internal_message.html?_=1681089208587&CODE_STATE=getMsg HTTP/1.1" 200 27
180.164.3.199 - - [10/Apr/2023:09:13:27 +0800] "GET /xingrg/all/function/internal_message.html?_=1681089206869&CODE_STATE=getMsg HTTP/1.1" 200 27
116.238.139.35 - - [10/Apr/2023:09:13:29 +0800] "GET /xingrg/all/function/internal_message.html?_=1681089209189&CODE_STATE=getMsg HTTP/1.1" 200 27
58.221.95.50 - - [10/Apr/2023:09:13:30 +0800] "GET /xingrg/all/function/internal_message.html?_=1681089211238&CODE_STATE=getMsg HTTP/1.1" 200 27
180.157.253.110 - - [10/Apr/2023:09:13:31 +0800] "GET /xingrg/check_reg.html?_=1681089212104 HTTP/1.1" 200 22
180.164.3.199 - - [10/Apr/2023:09:13:42 +0800] "GET /xingrg/check_reg.html?_=1681089221852 HTTP/1.1" 200 22
116.224.158.100 - - [10/Apr/2023:09:13:43 +0800] "GET /xingrg/all/function/internal_message.html?_=1681089066452&CODE_STATE=getMsg HTTP/1.1" 200 27
116.224.158.100 - - [10/Apr/2023:09:13:43 +0800] "GET /xingrg/check_reg.html?_=1681089066455 HTTP/1.1" 200 22
124.78.155.10 - - [10/Apr/2023:09:13:45 +0800] "GET /xingrg/all/function/internal_message.html?_=1681089226348&CODE_STATE=getMsg HTTP/1.1" 200 27
116.224.158.100 - - [10/Apr/2023:09:13:46 +0800] "GET /xingrg/all/function/internal_message.html?_=1681089226791&CODE_STATE=getMsg HTTP/1.1" 200 27
116.238.139.35 - - [10/Apr/2023:09:13:47 +0800] "GET /xingrg/all/function/internal_message.html?_=1681089134075&CODE_STATE=getMsg HTTP/1.1" 200 27
120.253.135.82 - - [10/Apr/2023:09:13:56 +0800] "GET /xingrg/all/function/internal_message.html?_=1681089071480&CODE_STATE=getMsg HTTP/1.1" 200 27
218.81.220.59 - - [10/Apr/2023:09:13:58 +0800] "GET /xingrg/check_reg.html?_=1681089240154 HTTP/1.1" 200 22
218.81.220.59 - - [10/Apr/2023:09:13:59 +0800] "GET /xingrg/all/function/internal_message.html?_=1681089240957&CODE_STATE=getMsg HTTP/1.1" 200 27
124.78.155.10 - - [10/Apr/2023:09:14:08 +0800] "GET /xingrg/all/function/internal_message.html?_=1681089249293&CODE_STATE=getMsg HTTP/1.1" 200 27
124.78.155.10 - - [10/Apr/2023:09:14:08 +0800] "GET /xingrg/check_reg.html?_=1681089249296 HTTP/1.1" 200 22
116.227.208.255 - - [10/Apr/2023:09:14:15 +0800] "GET /xingrg/all/function/internal_message.html?_=1681089339698&CODE_STATE=getMsg HTTP/1.1" 200 27
114.83.221.160 - - [10/Apr/2023:09:14:17 +0800] "GET /xingrg/all/function/internal_message.html?_=1681089258182&CODE_STATE=getMsg HTTP/1.1" 200 27
114.83.221.160 - - [10/Apr/2023:09:14:17 +0800] "GET /xingrg/check_reg.html?_=1681089258186 HTTP/1.1" 200 22
116.224.106.218 - - [10/Apr/2023:09:14:20 +0800] "GET /xingrg/all/function/internal_message.html?_=1681089258862&CODE_STATE=getMsg HTTP/1.1" 200 27
180.171.122.0 - - [10/Apr/2023:09:14:22 +0800] "GET /xingrg/check_reg.html?_=1681089261892 HTTP/1.1" 200 22
180.171.122.0 - - [10/Apr/2023:09:14:22 +0800] "GET /xingrg/all/function/internal_message.html?_=1681089261894&CODE_STATE=getMsg HTTP/1.1" 200 27
116.192.124.172 - - [10/Apr/2023:09:14:25 +0800] "GET /xingrg/login.html HTTP/1.1" 200 7641
116.192.124.172 - - [10/Apr/2023:09:14:25 +0800] "GET /xingrg/images/blue/jxLogo.png HTTP/1.1" 200 6156
116.192.124.172 - - [10/Apr/2023:09:14:25 +0800] "GET /xingrg/images/blue/login_bg.png HTTP/1.1" 200 22101
116.192.124.172 - - [10/Apr/2023:09:14:25 +0800] "GET /xingrg/images/blue/srbg.png HTTP/1.1" 200 138
116.192.124.172 - - [10/Apr/2023:09:14:25 +0800] "GET /xingrg/images/blue/hj.png HTTP/1.1" 200 1014
116.192.124.172 - - [10/Apr/2023:09:14:26 +0800] "GET /favicon.ico HTTP/1.1" 404 -
180.164.3.199 - - [10/Apr/2023:09:14:27 +0800] "GET /xingrg/all/function/internal_message.html?_=1681089266854&CODE_STATE=getMsg HTTP/1.1" 200 27
172.20.0.100 - - [10/Apr/2023:09:14:27 +0800] "GET /xingrg/all/function/internal_message.html?_=1681089268602&CODE_STATE=getMsg HTTP/1.1" 200 27
172.20.0.100 - - [10/Apr/2023:09:14:27 +0800] "GET /xingrg/check_reg.html?_=1681089268604 HTTP/1.1" 200 22
116.192.124.172 - - [10/Apr/2023:09:14:28 +0800] "POST /xingrg/login.do HTTP/1.1" 302 -
116.192.124.172 - - [10/Apr/2023:09:14:28 +0800] "GET /xingrg/index.html?sysBaseUrl=http%3A%2F%2F180.169.147.146%3A18081%2Fxingrg%2F&costTime=898×tamp=1681089268117 HTTP/1.1" 200 17173
116.192.124.172 - - [10/Apr/2023:09:14:28 +0800] "GET /xingrg/javascript/jquery_easy_ui/themes/default/easyui.css HTTP/1.1" 200 26500
116.192.124.172 - - [10/Apr/2023:09:14:28 +0800] "GET /xingrg/javascript/jquery_easy_ui/themes/icon.css HTTP/1.1" 200 3949
116.192.124.172 - - [10/Apr/2023:09:14:28 +0800] "GET /xingrg/css/form.css HTTP/1.1" 200 893
116.192.124.172 - - [10/Apr/2023:09:14:28 +0800] "GET /xingrg/javascript/jquery-1.4.2.min.js HTTP/1.1" 200 72205
116.192.124.172 - - [10/Apr/2023:09:14:28 +0800] "GET /xingrg/javascript/jquery.form.js HTTP/1.1" 200 23110
116.192.124.172 - - [10/Apr/2023:09:14:28 +0800] "GET /xingrg/javascript/jquery_easy_ui/jquery.easyui.min.js HTTP/1.1" 200 213662
116.192.124.172 - - [10/Apr/2023:09:14:28 +0800] "GET /xingrg/javascript/jquery.utils.js HTTP/1.1" 200 11805
116.192.124.172 - - [10/Apr/2023:09:14:28 +0800] "GET /xingrg/javascript/jquery_easy_ui/easyui-lang-zh_CN.js HTTP/1.1" 200 1900
116.192.124.172 - - [10/Apr/2023:09:14:28 +0800] "GET /xingrg/javascript/jquery.timers.js HTTP/1.1" 200 3532
116.192.124.172 - - [10/Apr/2023:09:14:28 +0800] "GET /favicon.ico HTTP/1.1" 404 -
116.192.124.172 - - [10/Apr/2023:09:14:28 +0800] "GET /xingrg/javascript/jquery_easy_ui/themes/icons/settle_new.png HTTP/1.1" 200 826
116.192.124.172 - - [10/Apr/2023:09:14:28 +0800] "GET /xingrg/images/blue/navBackgound.jpg HTTP/1.1" 200 12378
116.192.124.172 - - [10/Apr/2023:09:14:28 +0800] "GET /xingrg/images/blue/pingpu.png HTTP/1.1" 200 231
116.192.124.172 - - [10/Apr/2023:09:14:28 +0800] "GET /xingrg/check_reg.html?_=1681089268781 HTTP/1.1" 200 22
116.192.124.172 - - [10/Apr/2023:09:14:28 +0800] "GET /xingrg/all/function/internal_message.html?_=1681089268779&CODE_STATE=count HTTP/1.1" 200 11
116.192.124.172 - - [10/Apr/2023:09:14:28 +0800] "GET /xingrg/javascript/jquery_easy_ui/themes/default/images/tabs_leftarrow.png HTTP/1.1" 200 389
116.192.124.172 - - [10/Apr/2023:09:14:28 +0800] "GET /xingrg/javascript/jquery_easy_ui/themes/default/images/tabs_rightarrow.png HTTP/1.1" 200 395
116.192.124.172 - - [10/Apr/2023:09:14:28 +0800] "GET /xingrg/javascript/jquery_easy_ui/themes/default/images/panel_tool_collapse.gif HTTP/1.1" 200 246
116.192.124.172 - - [10/Apr/2023:09:14:28 +0800] "POST /xingrg/all/common/load_tree.html?tree=area_rest_tree_json&manage=1 HTTP/1.1" 200 342
116.192.124.172 - - [10/Apr/2023:09:14:28 +0800] "POST /xingrg/load_menu.html HTTP/1.1" 200 5138
116.192.124.172 - - [10/Apr/2023:09:14:28 +0800] "GET /xingrg/javascript/jquery_easy_ui/themes/default/images/tree_arrows.gif HTTP/1.1" 200 1043
116.192.124.172 - - [10/Apr/2023:09:14:28 +0800] "GET /xingrg/javascript/jquery_easy_ui/themes/default/images/tree_folder_open.gif HTTP/1.1" 200 956
116.192.124.172 - - [10/Apr/2023:09:14:28 +0800] "GET /xingrg/javascript/jquery_easy_ui/themes/icons/search_new.png HTTP/1.1" 200 586
116.192.124.172 - - [10/Apr/2023:09:14:28 +0800] "GET /xingrg/javascript/jquery_easy_ui/themes/icons/storage_new.png HTTP/1.1" 200 853
116.192.124.172 - - [10/Apr/2023:09:14:28 +0800] "GET /xingrg/javascript/jquery_easy_ui/themes/default/images/tree_folder.gif HTTP/1.1" 200 952
116.192.124.172 - - [10/Apr/2023:09:14:28 +0800] "GET /xingrg/javascript/jquery_easy_ui/themes/icons/forms_new.png HTTP/1.1" 200 350
116.192.124.172 - - [10/Apr/2023:09:14:28 +0800] "GET /xingrg/javascript/jquery_easy_ui/themes/default/images/tree_file.gif HTTP/1.1" 200 118
116.238.139.35 - - [10/Apr/2023:09:14:29 +0800] "GET /xingrg/all/function/internal_message.html?_=1681089269159&CODE_STATE=getMsg HTTP/1.1" 200 27
116.238.139.35 - - [10/Apr/2023:09:14:29 +0800] "GET /xingrg/check_reg.html?_=1681089269802 HTTP/1.1" 200 22
58.221.95.50 - - [10/Apr/2023:09:14:30 +0800] "GET /xingrg/all/function/internal_message.html?_=1681089271217&CODE_STATE=getMsg HTTP/1.1" 200 27
116.192.124.172 - - [10/Apr/2023:09:14:30 +0800] "GET /xingrg/javascript/jquery_easy_ui/themes/icons/area.png HTTP/1.1" 200 262
116.192.124.172 - - [10/Apr/2023:09:14:30 +0800] "GET /xingrg/javascript/jquery_easy_ui/themes/icons/rest.png HTTP/1.1" 200 695
116.192.124.172 - - [10/Apr/2023:09:14:33 +0800] "GET /xingrg/javascript/jquery_easy_ui/themes/default/images/tabs_close.gif HTTP/1.1" 200 829
116.192.124.172 - - [10/Apr/2023:09:14:33 +0800] "GET /xingrg/kc/buy/cgsh_order_list.html HTTP/1.1" 200 54671
116.192.124.172 - - [10/Apr/2023:09:14:33 +0800] "GET /xingrg/css/base.css HTTP/1.1" 200 2811
116.192.124.172 - - [10/Apr/2023:09:14:33 +0800] "GET /xingrg/css/site.css HTTP/1.1" 200 7541
116.192.124.172 - - [10/Apr/2023:09:14:33 +0800] "GET /xingrg/javascript/jquery_tools/datebox.css HTTP/1.1" 200 2597
116.192.124.172 - - [10/Apr/2023:09:14:33 +0800] "GET /xingrg/javascript/easyui/themes/default/easyui.css HTTP/1.1" 200 30432
116.192.124.172 - - [10/Apr/2023:09:14:33 +0800] "GET /xingrg/javascript/easyui/themes/icon.css HTTP/1.1" 200 4483
116.192.124.172 - - [10/Apr/2023:09:14:33 +0800] "GET /xingrg/javascript/auto/jquery.autocomplete.css HTTP/1.1" 200 587
116.192.124.172 - - [10/Apr/2023:09:14:33 +0800] "GET /xingrg/javascript/jquery_tools/fix.css HTTP/1.1" 200 1702
116.192.124.172 - - [10/Apr/2023:09:14:33 +0800] "GET /xingrg/javascript/jquery_tools/table.css HTTP/1.1" 200 1032
