180.171.122.0 - - [10/Apr/2023:08:49:56 +0800] "GET /xingrg/all/common/auto_word.html?type=employee&rest_code=00111 HTTP/1.1" 200 155
116.238.139.35 - - [10/Apr/2023:08:49:56 +0800] "GET /xingrg/javascript/easyui/themes/default/images/button_plain_hover.png HTTP/1.1" 304 -
116.238.139.35 - - [10/Apr/2023:08:49:56 +0800] "GET /xingrg/javascript/easyui/themes/default/images/button_plain_hover.png HTTP/1.1" 304 -
116.238.139.35 - - [10/Apr/2023:08:49:58 +0800] "GET /xingrg/kc/buy/cgsh_order_add.html HTTP/1.1" 200 70509
116.238.139.35 - - [10/Apr/2023:08:49:58 +0800] "GET /xingrg/javascript/pic_change.js HTTP/1.1" 304 -
116.238.139.35 - - [10/Apr/2023:08:49:58 +0800] "GET /xingrg/javascript/jquery_tools/order_manager.js HTTP/1.1" 304 -
116.238.139.35 - - [10/Apr/2023:08:49:58 +0800] "GET /xingrg/javascript/json2.js HTTP/1.1" 304 -
116.238.139.35 - - [10/Apr/2023:08:49:58 +0800] "GET /xingrg/javascript/convert.js HTTP/1.1" 304 -
116.238.139.35 - - [10/Apr/2023:08:49:58 +0800] "GET /xingrg/javascript/print/kc_print.js HTTP/1.1" 304 -
116.238.139.35 - - [10/Apr/2023:08:49:58 +0800] "GET /xingrg/words/20230409165538_words.js HTTP/1.1" 200 960248
116.238.139.35 - - [10/Apr/2023:08:49:58 +0800] "POST /xingrg/kc/buy/cgsh_order_operate.html HTTP/1.1" 200 8245
116.238.139.35 - - [10/Apr/2023:08:49:58 +0800] "GET /xingrg/javascript/easyui/themes/icons/edit_remove.png HTTP/1.1" 304 -
116.238.139.35 - - [10/Apr/2023:08:49:58 +0800] "GET /xingrg/javascript/easyui/themes/default/validatebox.css HTTP/1.1" 404 1104
116.238.139.35 - - [10/Apr/2023:08:49:58 +0800] "GET /xingrg/javascript/easyui/plugins/jquery.validatebox.js HTTP/1.1" 304 -
116.238.139.35 - - [10/Apr/2023:08:49:58 +0800] "GET /xingrg/all/common/auto_word.html?type=employee&rest_code=00150 HTTP/1.1" 200 159
116.238.139.35 - - [10/Apr/2023:08:49:58 +0800] "GET /xingrg/all/common/auto_word.html?type=employee&rest_code=00150 HTTP/1.1" 200 159
116.238.139.35 - - [10/Apr/2023:08:49:58 +0800] "GET /xingrg/javascript/easyui/plugins/jquery.numberbox.js HTTP/1.1" 304 -
218.81.220.59 - - [10/Apr/2023:08:49:59 +0800] "GET /xingrg/all/function/internal_message.html?_=1681087800632&CODE_STATE=getMsg HTTP/1.1" 200 27
116.238.139.35 - - [10/Apr/2023:08:50:00 +0800] "GET /xingrg/javascript/auto/indicator.gif HTTP/1.1" 404 1066
116.238.139.35 - - [10/Apr/2023:08:50:05 +0800] "GET /xingrg/kc/buy/cgsh_order_operate.html?command=get_materiel&rest_code=00151&code=00101008338&supplier_code=00100008&order_time=2023-04-10 HTTP/1.1" 200 408
180.164.3.199 - - [10/Apr/2023:08:50:05 +0800] "POST /xingrg/services/DataTransmitService HTTP/1.1" 200 524
124.78.155.10 - - [10/Apr/2023:08:50:08 +0800] "GET /xingrg/all/function/internal_message.html?_=1681087809271&CODE_STATE=getMsg HTTP/1.1" 200 27
116.238.139.35 - - [10/Apr/2023:08:50:12 +0800] "GET /xingrg/kc/buy/cgsh_order_operate.html?command=get_materiel&rest_code=00151&code=00101008213&supplier_code=00100008&order_time=2023-04-10 HTTP/1.1" 200 412
116.224.158.100 - - [10/Apr/2023:08:50:13 +0800] "GET /xingrg/kc/buy/cgsh_order_operate.html?command=get_materiel&rest_code=00105&code=00101008105&supplier_code=00100203&order_time=2023-04-10 HTTP/1.1" 200 413
116.238.139.35 - - [10/Apr/2023:08:50:15 +0800] "GET /xingrg/kc/buy/cgsh_order_operate.html?command=get_materiel&rest_code=00150&code=00101008175&supplier_code=00100008&order_time=2023-04-10 HTTP/1.1" 200 412
116.227.208.255 - - [10/Apr/2023:08:50:15 +0800] "GET /xingrg/all/function/internal_message.html?_=1681087899710&CODE_STATE=getMsg HTTP/1.1" 200 27
180.171.122.0 - - [10/Apr/2023:08:50:15 +0800] "GET /xingrg/javascript/auto/indicator.gif HTTP/1.1" 404 1066
180.171.122.0 - - [10/Apr/2023:08:50:16 +0800] "GET /xingrg/javascript/jquery_tools/images/next.gif HTTP/1.1" 404 1086
180.171.122.0 - - [10/Apr/2023:08:50:16 +0800] "GET /xingrg/javascript/jquery_tools/images/prev.gif HTTP/1.1" 404 1086
114.83.221.160 - - [10/Apr/2023:08:50:17 +0800] "GET /xingrg/all/function/internal_message.html?_=1681087818091&CODE_STATE=getMsg HTTP/1.1" 200 27
116.224.158.100 - - [10/Apr/2023:08:50:20 +0800] "GET /xingrg/kc/buy/cgsh_order_operate.html?command=get_materiel&rest_code=00105&code=00101008119&supplier_code=00100203&order_time=2023-04-10 HTTP/1.1" 200 413
116.224.106.218 - - [10/Apr/2023:08:50:20 +0800] "GET /xingrg/all/function/internal_message.html?_=1681087818821&CODE_STATE=getMsg HTTP/1.1" 200 27
116.238.139.35 - - [10/Apr/2023:08:50:21 +0800] "GET /xingrg/kc/buy/cgsh_order_operate.html?command=get_materiel&rest_code=00151&code=00101008069&supplier_code=00100008&order_time=2023-04-10 HTTP/1.1" 200 412
180.171.122.0 - - [10/Apr/2023:08:50:22 +0800] "GET /xingrg/all/function/internal_message.html?_=1681087821868&CODE_STATE=getMsg HTTP/1.1" 200 27
180.171.122.0 - - [10/Apr/2023:08:50:24 +0800] "GET /xingrg/kc/buy/cgsh_order_operate.html?command=get_materiel&rest_code=00111&code=00101008403&supplier_code=00100005&order_time=2023-04-10 HTTP/1.1" 200 412
180.164.3.199 - - [10/Apr/2023:08:50:27 +0800] "GET /xingrg/all/function/internal_message.html?_=1681087827156&CODE_STATE=getMsg HTTP/1.1" 200 27
116.224.158.100 - - [10/Apr/2023:08:50:28 +0800] "GET /xingrg/kc/buy/cgsh_order_operate.html?command=get_materiel&rest_code=00105&code=00101008168&supplier_code=00100203&order_time=2023-04-10 HTTP/1.1" 200 413
116.238.139.35 - - [10/Apr/2023:08:50:29 +0800] "GET /xingrg/all/function/internal_message.html?_=1681087829720&CODE_STATE=getMsg HTTP/1.1" 200 27
58.221.95.50 - - [10/Apr/2023:08:50:30 +0800] "GET /xingrg/all/function/internal_message.html?_=1681087831645&CODE_STATE=getMsg HTTP/1.1" 200 27
116.238.139.35 - - [10/Apr/2023:08:50:32 +0800] "GET /xingrg/kc/buy/cgsh_order_operate.html?command=get_materiel&rest_code=00150&code=00101008010&supplier_code=00100008&order_time=2023-04-10 HTTP/1.1" 200 412
116.238.139.35 - - [10/Apr/2023:08:50:32 +0800] "GET /xingrg/kc/buy/cgsh_order_operate.html?command=get_materiel&rest_code=00151&code=00101008029&supplier_code=00100008&order_time=2023-04-10 HTTP/1.1" 200 417
116.224.158.100 - - [10/Apr/2023:08:50:37 +0800] "GET /xingrg/kc/buy/cgsh_order_operate.html?command=get_materiel&rest_code=00105&code=00101008229&supplier_code=00100203&order_time=2023-04-10 HTTP/1.1" 200 420
180.171.122.0 - - [10/Apr/2023:08:50:39 +0800] "GET /xingrg/kc/buy/cgsh_order_operate.html?command=get_materiel&rest_code=00111&code=00101008355&supplier_code=00100005&order_time=2023-04-10 HTTP/1.1" 200 408
116.238.139.35 - - [10/Apr/2023:08:50:42 +0800] "GET /xingrg/kc/buy/cgsh_order_operate.html?command=get_materiel&rest_code=00150&code=00101008163&supplier_code=00100008&order_time=2023-04-10 HTTP/1.1" 200 409
116.224.158.100 - - [10/Apr/2023:08:50:43 +0800] "GET /xingrg/all/function/internal_message.html?_=1681087686419&CODE_STATE=getMsg HTTP/1.1" 200 27
116.238.139.35 - - [10/Apr/2023:08:50:44 +0800] "GET /xingrg/kc/buy/cgsh_order_operate.html?command=get_materiel&rest_code=00151&code=00101008224&supplier_code=00100008&order_time=2023-04-10 HTTP/1.1" 200 416
116.224.158.100 - - [10/Apr/2023:08:50:46 +0800] "GET /xingrg/kc/buy/cgsh_order_operate.html?command=get_materiel&rest_code=00105&code=00101008114&supplier_code=00100203&order_time=2023-04-10 HTTP/1.1" 200 413
116.238.139.35 - - [10/Apr/2023:08:50:46 +0800] "GET /xingrg/all/function/internal_message.html?_=1681087753401&CODE_STATE=getMsg HTTP/1.1" 200 27
116.224.158.100 - - [10/Apr/2023:08:50:46 +0800] "GET /xingrg/check_reg.html?_=1681087846777 HTTP/1.1" 200 22
116.224.158.100 - - [10/Apr/2023:08:50:46 +0800] "GET /xingrg/all/function/internal_message.html?_=1681087846780&CODE_STATE=getMsg HTTP/1.1" 200 27
180.171.122.0 - - [10/Apr/2023:08:50:48 +0800] "GET /xingrg/kc/buy/cgsh_order_operate.html?command=get_materiel&rest_code=00111&code=00101008199&supplier_code=00100005&order_time=2023-04-10 HTTP/1.1" 200 408
116.238.139.35 - - [10/Apr/2023:08:50:51 +0800] "GET /xingrg/kc/buy/cgsh_order_operate.html?command=get_materiel&rest_code=00150&code=00101008370&supplier_code=00100008&order_time=2023-04-10 HTTP/1.1" 200 412
116.238.139.35 - - [10/Apr/2023:08:50:52 +0800] "GET /xingrg/kc/buy/cgsh_order_operate.html?command=get_materiel&rest_code=00151&code=00101008300&supplier_code=00100008&order_time=2023-04-10 HTTP/1.1" 200 412
116.224.158.100 - - [10/Apr/2023:08:50:54 +0800] "GET /xingrg/kc/buy/cgsh_order_operate.html?command=get_materiel&rest_code=00105&code=00101008248&supplier_code=00100203&order_time=2023-04-10 HTTP/1.1" 200 412
180.171.122.0 - - [10/Apr/2023:08:50:58 +0800] "GET /xingrg/kc/buy/cgsh_order_operate.html?command=get_materiel&rest_code=00111&code=00101008210&supplier_code=00100005&order_time=2023-04-10 HTTP/1.1" 200 408
218.81.220.59 - - [10/Apr/2023:08:50:59 +0800] "GET /xingrg/all/function/internal_message.html?_=1681087860643&CODE_STATE=getMsg HTTP/1.1" 200 27
116.238.139.35 - - [10/Apr/2023:08:51:00 +0800] "GET /xingrg/kc/buy/cgsh_order_operate.html?command=get_materiel&rest_code=00151&code=00101008137&supplier_code=00100008&order_time=2023-04-10 HTTP/1.1" 200 408
116.238.139.35 - - [10/Apr/2023:08:51:05 +0800] "GET /xingrg/kc/buy/cgsh_order_operate.html?command=get_materiel&rest_code=00150&code=00101008321&supplier_code=00100008&order_time=2023-04-10 HTTP/1.1" 200 412
116.224.158.100 - - [10/Apr/2023:08:51:06 +0800] "GET /xingrg/kc/buy/cgsh_order_operate.html?command=get_materiel&rest_code=00105&code=00101008155&supplier_code=00100203&order_time=2023-04-10 HTTP/1.1" 200 408
180.171.122.0 - - [10/Apr/2023:08:51:07 +0800] "GET /xingrg/kc/buy/cgsh_order_operate.html?command=get_materiel&rest_code=00111&code=00101008321&supplier_code=00100005&order_time=2023-04-10 HTTP/1.1" 200 412
124.78.155.10 - - [10/Apr/2023:08:51:08 +0800] "GET /xingrg/all/function/internal_message.html?_=1681087869239&CODE_STATE=getMsg HTTP/1.1" 200 27
116.238.139.35 - - [10/Apr/2023:08:51:11 +0800] "GET /xingrg/kc/buy/cgsh_order_operate.html?command=get_materiel&rest_code=00151&code=00101008362&supplier_code=00100008&order_time=2023-04-10 HTTP/1.1" 200 408
116.238.139.35 - - [10/Apr/2023:08:51:13 +0800] "GET /xingrg/kc/buy/cgsh_order_operate.html?command=get_materiel&rest_code=00150&code=00101008024&supplier_code=00100008&order_time=2023-04-10 HTTP/1.1" 200 408
116.224.158.100 - - [10/Apr/2023:08:51:14 +0800] "POST /xingrg/kc/buy/cgsh_order_operate.html HTTP/1.1" 200 2065
116.227.208.255 - - [10/Apr/2023:08:51:15 +0800] "GET /xingrg/all/function/internal_message.html?_=1681087959709&CODE_STATE=getMsg HTTP/1.1" 200 27
114.83.221.160 - - [10/Apr/2023:08:51:17 +0800] "GET /xingrg/all/function/internal_message.html?_=1681087878106&CODE_STATE=getMsg HTTP/1.1" 200 27
180.171.122.0 - - [10/Apr/2023:08:51:19 +0800] "GET /xingrg/kc/buy/cgsh_order_operate.html?command=get_materiel&rest_code=00111&code=00101008096&supplier_code=00100005&order_time=2023-04-10 HTTP/1.1" 200 412
116.238.139.35 - - [10/Apr/2023:08:51:20 +0800] "GET /xingrg/kc/buy/cgsh_order_operate.html?command=get_materiel&rest_code=00151&code=00101008077&supplier_code=00100008&order_time=2023-04-10 HTTP/1.1" 200 416
116.224.106.218 - - [10/Apr/2023:08:51:20 +0800] "GET /xingrg/check_reg.html?_=1681087878822 HTTP/1.1" 200 22
116.224.106.218 - - [10/Apr/2023:08:51:20 +0800] "GET /xingrg/all/function/internal_message.html?_=1681087878825&CODE_STATE=getMsg HTTP/1.1" 200 27
114.83.221.160 - - [10/Apr/2023:08:51:21 +0800] "GET /xingrg/kc/buy/cgsh_order_operate.html?command=get_materiel&rest_code=00149&code=00101009109&supplier_code=00100201&order_time=2023-04-10 HTTP/1.1" 200 413
180.171.122.0 - - [10/Apr/2023:08:51:22 +0800] "GET /xingrg/all/function/internal_message.html?_=1681087881861&CODE_STATE=getMsg HTTP/1.1" 200 27
116.224.158.100 - - [10/Apr/2023:08:51:22 +0800] "GET /xingrg/kc/buy/cgsh_order_operate.html?command=get_materiel&rest_code=00105&code=00101008356&supplier_code=00100203&order_time=2023-04-10 HTTP/1.1" 200 408
58.221.95.50 - - [10/Apr/2023:08:51:23 +0800] "GET /xingrg/check_reg.html?_=1681087884482 HTTP/1.1" 200 22
116.238.139.35 - - [10/Apr/2023:08:51:25 +0800] "GET /xingrg/kc/buy/cgsh_order_operate.html?command=get_materiel&rest_code=00150&code=00101008356&supplier_code=00100008&order_time=2023-04-10 HTTP/1.1" 200 408
180.171.122.0 - - [10/Apr/2023:08:51:27 +0800] "GET /xingrg/kc/buy/cgsh_order_operate.html?command=get_materiel&rest_code=00111&code=00101008261&supplier_code=00100005&order_time=2023-04-10 HTTP/1.1" 200 408
180.164.3.199 - - [10/Apr/2023:08:51:27 +0800] "GET /xingrg/all/function/internal_message.html?_=1681087887155&CODE_STATE=getMsg HTTP/1.1" 200 27
116.238.139.35 - - [10/Apr/2023:08:51:29 +0800] "GET /xingrg/all/function/internal_message.html?_=1681087889665&CODE_STATE=getMsg HTTP/1.1" 200 27
58.221.95.50 - - [10/Apr/2023:08:51:30 +0800] "GET /xingrg/all/function/internal_message.html?_=1681087891634&CODE_STATE=getMsg HTTP/1.1" 200 27
116.238.139.35 - - [10/Apr/2023:08:51:35 +0800] "GET /xingrg/kc/buy/cgsh_order_operate.html?command=get_materiel&rest_code=00151&code=00101008286&supplier_code=00100008&order_time=2023-04-10 HTTP/1.1" 200 408
116.224.158.100 - - [10/Apr/2023:08:51:38 +0800] "GET /xingrg/kc/buy/cgsh_order_operate.html?command=get_materiel&rest_code=00105&code=00101008118&supplier_code=00100203&order_time=2023-04-10 HTTP/1.1" 200 418
180.171.122.0 - - [10/Apr/2023:08:51:38 +0800] "GET /xingrg/kc/buy/cgsh_order_operate.html?command=get_materiel&rest_code=00111&code=00101008072&supplier_code=00100005&order_time=2023-04-10 HTTP/1.1" 200 408
116.224.158.100 - - [10/Apr/2023:08:51:43 +0800] "GET /xingrg/all/function/internal_message.html?_=1681087746418&CODE_STATE=getMsg HTTP/1.1" 200 27
116.238.139.35 - - [10/Apr/2023:08:51:44 +0800] "GET /xingrg/kc/buy/cgsh_order_operate.html?command=get_materiel&rest_code=00151&code=00101008318&supplier_code=00100008&order_time=2023-04-10 HTTP/1.1" 200 408
114.83.221.160 - - [10/Apr/2023:08:51:45 +0800] "GET /xingrg/kc/buy/cgsh_order_operate.html?command=get_materiel&rest_code=00149&code=00101009062&supplier_code=00100201&order_time=2023-04-10 HTTP/1.1" 200 412
116.238.139.35 - - [10/Apr/2023:08:51:46 +0800] "GET /xingrg/all/function/internal_message.html?_=1681087813418&CODE_STATE=getMsg HTTP/1.1" 200 27
116.224.158.100 - - [10/Apr/2023:08:51:46 +0800] "GET /xingrg/all/function/internal_message.html?_=1681087906873&CODE_STATE=getMsg HTTP/1.1" 200 27
116.224.158.100 - - [10/Apr/2023:08:51:47 +0800] "GET /xingrg/kc/buy/cgsh_order_operate.html?command=get_materiel&rest_code=00105&code=00101008098&supplier_code=00100203&order_time=2023-04-10 HTTP/1.1" 200 412
116.238.139.35 - - [10/Apr/2023:08:51:47 +0800] "GET /xingrg/kc/buy/cgsh_order_operate.html?command=get_materiel&rest_code=00150&code=00101008042&supplier_code=00100008&order_time=2023-04-10 HTTP/1.1" 200 416
116.227.208.255 - - [10/Apr/2023:08:51:54 +0800] "GET /xingrg/kc/buy/cgsh_order_list.html HTTP/1.1" 200 54677
116.224.158.100 - - [10/Apr/2023:08:51:54 +0800] "GET /xingrg/kc/buy/cgsh_order_operate.html?command=get_materiel&rest_code=00105&code=00101008271&supplier_code=00100203&order_time=2023-04-10 HTTP/1.1" 200 408
116.227.208.255 - - [10/Apr/2023:08:51:55 +0800] "GET /xingrg/kc/buy/cgsh_order_list.html HTTP/1.1" 200 54677
116.238.139.35 - - [10/Apr/2023:08:51:57 +0800] "GET /xingrg/kc/buy/cgsh_order_operate.html?command=get_materiel&rest_code=00150&code=00101008077&supplier_code=00100008&order_time=2023-04-10 HTTP/1.1" 200 416
218.81.220.59 - - [10/Apr/2023:08:51:59 +0800] "GET /xingrg/all/function/internal_message.html?_=1681087920661&CODE_STATE=getMsg HTTP/1.1" 200 27
180.171.122.0 - - [10/Apr/2023:08:52:00 +0800] "GET /xingrg/kc/buy/cgsh_order_operate.html?command=get_materiel&rest_code=00111&code=00101008353&supplier_code=00100005&order_time=2023-04-10 HTTP/1.1" 200 408
114.83.221.160 - - [10/Apr/2023:08:52:00 +0800] "GET /xingrg/kc/buy/cgsh_order_operate.html?command=get_materiel&rest_code=00149&code=00101008418&supplier_code=00100201&order_time=2023-04-10 HTTP/1.1" 200 412
116.238.139.35 - - [10/Apr/2023:08:52:01 +0800] "GET /xingrg/kc/buy/cgsh_order_operate.html?command=get_materiel&rest_code=00151&code=00101008221&supplier_code=00100008&order_time=2023-04-10 HTTP/1.1" 200 412
116.227.208.255 - - [10/Apr/2023:08:52:03 +0800] "POST /xingrg/kc/buy/cgsh_list_operate.html HTTP/1.1" 200 3591
116.227.208.255 - - [10/Apr/2023:08:52:04 +0800] "POST /xingrg/kc/buy/cgsh_list_operate.html HTTP/1.1" 200 3591
116.224.158.100 - - [10/Apr/2023:08:52:06 +0800] "GET /xingrg/kc/buy/cgsh_order_operate.html?command=get_materiel&rest_code=00105&code=00101008213&supplier_code=00100203&order_time=2023-04-10 HTTP/1.1" 200 412
116.238.139.35 - - [10/Apr/2023:08:52:07 +0800] "GET /xingrg/kc/buy/cgsh_order_operate.html?command=get_materiel&rest_code=00150&code=00101008079&supplier_code=00100008&order_time=2023-04-10 HTTP/1.1" 200 416
124.78.155.10 - - [10/Apr/2023:08:52:08 +0800] "GET /xingrg/all/function/internal_message.html?_=1681087929239&CODE_STATE=getMsg HTTP/1.1" 200 27
116.238.139.35 - - [10/Apr/2023:08:52:08 +0800] "GET /xingrg/kc/buy/cgsh_order_operate.html?command=get_materiel&rest_code=00151&code=00101008095&supplier_code=00100008&order_time=2023-04-10 HTTP/1.1" 200 413
116.238.139.35 - - [10/Apr/2023:08:52:11 +0800] "POST /xingrg/kc/buy/cgsh_order_operate.html HTTP/1.1" 200 2065
116.227.208.255 - - [10/Apr/2023:08:52:15 +0800] "POST /xingrg/kc/buy/cgsh_list_operate.html HTTP/1.1" 200 3591
116.227.208.255 - - [10/Apr/2023:08:52:15 +0800] "GET /xingrg/all/function/internal_message.html?_=1681088019760&CODE_STATE=getMsg HTTP/1.1" 200 27
116.238.139.35 - - [10/Apr/2023:08:52:16 +0800] "GET /xingrg/kc/buy/cgsh_order_operate.html?command=get_materiel&rest_code=00151&code=00101008110&supplier_code=00100008&order_time=2023-04-10 HTTP/1.1" 200 409
114.83.221.160 - - [10/Apr/2023:08:52:17 +0800] "GET /xingrg/kc/buy/cgsh_order_operate.html?command=get_materiel&rest_code=00149&code=00101009118&supplier_code=00100201&order_time=2023-04-10 HTTP/1.1" 200 406
124.78.155.10 - - [10/Apr/2023:08:52:17 +0800] "POST /xingrg/services/DataTransmitService HTTP/1.1" 200 524
114.83.221.160 - - [10/Apr/2023:08:52:17 +0800] "GET /xingrg/all/function/internal_message.html?_=1681087938123&CODE_STATE=getMsg HTTP/1.1" 200 27
180.157.253.110 - - [10/Apr/2023:08:52:18 +0800] "GET /xingrg/check_reg.html?_=1681087938609 HTTP/1.1" 302 -
180.171.122.0 - - [10/Apr/2023:08:52:19 +0800] "GET /xingrg/kc/buy/cgsh_order_operate.html?command=get_materiel&rest_code=00111&code=00101008283&supplier_code=00100005&order_time=2023-04-10 HTTP/1.1" 200 408
116.224.106.218 - - [10/Apr/2023:08:52:20 +0800] "GET /xingrg/all/function/internal_message.html?_=1681087938837&CODE_STATE=getMsg HTTP/1.1" 200 27
180.171.122.0 - - [10/Apr/2023:08:52:22 +0800] "GET /xingrg/all/function/internal_message.html?_=1681087941857&CODE_STATE=getMsg HTTP/1.1" 200 27
116.238.139.35 - - [10/Apr/2023:08:52:24 +0800] "GET /xingrg/kc/buy/cgsh_order_operate.html?command=get_materiel&rest_code=00151&code=00101008298&supplier_code=00100008&order_time=2023-04-10 HTTP/1.1" 200 413
116.224.158.100 - - [10/Apr/2023:08:52:24 +0800] "POST /xingrg/kc/buy/cgsh_order_operate.html HTTP/1.1" 200 2065
116.238.139.35 - - [10/Apr/2023:08:52:27 +0800] "GET /xingrg/kc/buy/cgsh_order_operate.html?command=get_materiel&rest_code=00150&code=00101008069&supplier_code=00100008&order_time=2023-04-10 HTTP/1.1" 200 412
180.164.3.199 - - [10/Apr/2023:08:52:27 +0800] "GET /xingrg/all/function/internal_message.html?_=1681087947141&CODE_STATE=getMsg HTTP/1.1" 200 27
180.171.122.0 - - [10/Apr/2023:08:52:28 +0800] "GET /xingrg/kc/buy/cgsh_order_operate.html?command=get_materiel&rest_code=00111&code=00101008126&supplier_code=00100005&order_time=2023-04-10 HTTP/1.1" 200 412
116.238.139.35 - - [10/Apr/2023:08:52:29 +0800] "GET /xingrg/all/function/internal_message.html?_=1681087949645&CODE_STATE=getMsg HTTP/1.1" 200 27
58.221.95.50 - - [10/Apr/2023:08:52:30 +0800] "GET /xingrg/all/function/internal_message.html?_=1681087951615&CODE_STATE=getMsg HTTP/1.1" 200 27
116.224.158.100 - - [10/Apr/2023:08:52:31 +0800] "GET /xingrg/kc/buy/cgsh_order_operate.html?command=get_materiel&rest_code=00105&code=00101010136&supplier_code=00100203&order_time=2023-04-10 HTTP/1.1" 200 408
116.238.139.35 - - [10/Apr/2023:08:52:33 +0800] "GET /xingrg/kc/buy/cgsh_order_operate.html?command=get_materiel&rest_code=00151&code=00101008450&supplier_code=00100008&order_time=2023-04-10 HTTP/1.1" 200 405
172.20.0.100 - - [10/Apr/2023:08:52:34 +0800] "GET /xingrg/check_reg.html?_=1681087955142 HTTP/1.1" 302 -
114.83.221.160 - - [10/Apr/2023:08:52:40 +0800] "POST /xingrg/kc/buy/cgsh_order_operate.html HTTP/1.1" 200 37
116.238.139.35 - - [10/Apr/2023:08:52:42 +0800] "GET /xingrg/kc/buy/cgsh_order_operate.html?command=get_materiel&rest_code=00150&code=00101008286&supplier_code=00100008&order_time=2023-04-10 HTTP/1.1" 200 408
180.171.122.0 - - [10/Apr/2023:08:52:42 +0800] "GET /xingrg/kc/buy/cgsh_order_operate.html?command=get_materiel&rest_code=00111&code=00101008372&supplier_code=00100005&order_time=2023-04-10 HTTP/1.1" 200 410
116.238.139.35 - - [10/Apr/2023:08:52:43 +0800] "GET /xingrg/kc/buy/cgsh_order_operate.html?command=get_materiel&rest_code=00151&code=00101008100&supplier_code=00100008&order_time=2023-04-10 HTTP/1.1" 200 408
116.224.158.100 - - [10/Apr/2023:08:52:43 +0800] "GET /xingrg/all/function/internal_message.html?_=1681087806417&CODE_STATE=getMsg HTTP/1.1" 200 27
116.238.139.35 - - [10/Apr/2023:08:52:46 +0800] "GET /xingrg/all/function/internal_message.html?_=1681087873431&CODE_STATE=getMsg HTTP/1.1" 200 27
116.224.158.100 - - [10/Apr/2023:08:52:46 +0800] "GET /xingrg/all/function/internal_message.html?_=1681087966774&CODE_STATE=getMsg HTTP/1.1" 200 27
114.83.221.160 - - [10/Apr/2023:08:52:48 +0800] "POST /xingrg/kc/buy/cgsh_order_operate.html HTTP/1.1" 200 12
120.253.135.82 - - [10/Apr/2023:08:52:49 +0800] "GET /xingrg/login.html HTTP/1.1" 200 7641
120.253.135.82 - - [10/Apr/2023:08:52:49 +0800] "GET /favicon.ico HTTP/1.1" 404 -
114.83.221.160 - - [10/Apr/2023:08:52:50 +0800] "GET /xingrg/kc/buy/cgsh_order_info.html?code=212023041002941 HTTP/1.1" 200 65443
114.83.221.160 - - [10/Apr/2023:08:52:51 +0800] "GET /xingrg/javascript/easyui/themes/default/validatebox.css HTTP/1.1" 404 1104
116.238.139.35 - - [10/Apr/2023:08:52:51 +0800] "GET /xingrg/kc/buy/cgsh_order_operate.html?command=get_materiel&rest_code=00151&code=00101008042&supplier_code=00100008&order_time=2023-04-10 HTTP/1.1" 200 416
114.83.221.160 - - [10/Apr/2023:08:52:52 +0800] "POST /xingrg/kc/buy/cgsh_order_operate.html HTTP/1.1" 200 2373
120.253.135.82 - - [10/Apr/2023:08:52:53 +0800] "POST /xingrg/login.do HTTP/1.1" 302 -
120.253.135.82 - - [10/Apr/2023:08:52:53 +0800] "GET /xingrg/index.html?sysBaseUrl=http%3A%2F%2F180.169.147.146%3A18081%2Fxingrg%2F&costTime=1357×tamp=1681087973318 HTTP/1.1" 200 17173
120.253.135.82 - - [10/Apr/2023:08:52:53 +0800] "GET /xingrg/javascript/jquery_easy_ui/themes/icon.css HTTP/1.1" 304 -
120.253.135.82 - - [10/Apr/2023:08:52:53 +0800] "GET /xingrg/javascript/jquery.utils.js HTTP/1.1" 304 -
120.253.135.82 - - [10/Apr/2023:08:52:53 +0800] "GET /xingrg/javascript/jquery_easy_ui/themes/default/easyui.css HTTP/1.1" 304 -
120.253.135.82 - - [10/Apr/2023:08:52:53 +0800] "GET /xingrg/css/form.css HTTP/1.1" 304 -
120.253.135.82 - - [10/Apr/2023:08:52:53 +0800] "GET /xingrg/javascript/jquery_easy_ui/easyui-lang-zh_CN.js HTTP/1.1" 304 -
120.253.135.82 - - [10/Apr/2023:08:52:53 +0800] "GET /xingrg/javascript/jquery_easy_ui/jquery.easyui.min.js HTTP/1.1" 304 -
120.253.135.82 - - [10/Apr/2023:08:52:53 +0800] "GET /xingrg/javascript/jquery-1.4.2.min.js HTTP/1.1" 304 -
120.253.135.82 - - [10/Apr/2023:08:52:53 +0800] "GET /xingrg/javascript/jquery.form.js HTTP/1.1" 304 -
120.253.135.82 - - [10/Apr/2023:08:52:53 +0800] "GET /xingrg/javascript/jquery.timers.js HTTP/1.1" 304 -
120.253.135.82 - - [10/Apr/2023:08:52:53 +0800] "GET /favicon.ico HTTP/1.1" 404 -
120.253.135.82 - - [10/Apr/2023:08:52:53 +0800] "GET /xingrg/all/function/internal_message.html?_=1681087809263&CODE_STATE=count HTTP/1.1" 200 11
120.253.135.82 - - [10/Apr/2023:08:52:53 +0800] "GET /xingrg/check_reg.html?_=1681087809263 HTTP/1.1" 200 22
120.253.135.82 - - [10/Apr/2023:08:52:53 +0800] "POST /xingrg/all/common/load_tree.html?tree=area_rest_tree_json&manage=1 HTTP/1.1" 200 344
120.253.135.82 - - [10/Apr/2023:08:52:54 +0800] "POST /xingrg/load_menu.html HTTP/1.1" 200 6743
116.238.139.35 - - [10/Apr/2023:08:52:54 +0800] "POST /xingrg/kc/buy/cgsh_order_operate.html HTTP/1.1" 200 2065
114.83.221.160 - - [10/Apr/2023:08:52:56 +0800] "GET /xingrg/kc/print/load_data.html?order_code=212023041002941&kc_code=cgsh&condition= HTTP/1.1" 200 1376
120.253.135.82 - - [10/Apr/2023:08:52:57 +0800] "GET /xingrg/kc/pszx/mdqp_order_list.html?state=10 HTTP/1.1" 200 10275
120.253.135.82 - - [10/Apr/2023:08:52:57 +0800] "GET /xingrg/javascript/pic_change.js HTTP/1.1" 304 -
120.253.135.82 - - [10/Apr/2023:08:52:57 +0800] "GET /xingrg/dwr/interface/AjaxReportQueryService.js HTTP/1.1" 200 13203
120.253.135.82 - - [10/Apr/2023:08:52:57 +0800] "GET /xingrg/dwr/util.js HTTP/1.1" 304 -
120.253.135.82 - - [10/Apr/2023:08:52:57 +0800] "GET /xingrg/dwr/interface/AjaxQqpsService.js HTTP/1.1" 200 16326
120.253.135.82 - - [10/Apr/2023:08:52:57 +0800] "GET /xingrg/css/blue.css HTTP/1.1" 304 -
120.253.135.82 - - [10/Apr/2023:08:52:57 +0800] "GET /xingrg/javascript/Calendar.js HTTP/1.1" 304 -
120.253.135.82 - - [10/Apr/2023:08:52:57 +0800] "GET /xingrg/dwr/engine.js HTTP/1.1" 200 43631
120.253.135.82 - - [10/Apr/2023:08:52:57 +0800] "GET /xingrg/javascript/myfunction.js HTTP/1.1" 304 -
180.171.122.0 - - [10/Apr/2023:08:52:58 +0800] "GET /xingrg/kc/buy/cgsh_order_operate.html?command=get_materiel&rest_code=00111&code=00101008087&supplier_code=00100005&order_time=2023-04-10 HTTP/1.1" 200 412
218.81.220.59 - - [10/Apr/2023:08:52:59 +0800] "GET /xingrg/all/function/internal_message.html?_=1681087980670&CODE_STATE=getMsg HTTP/1.1" 200 27
116.238.139.35 - - [10/Apr/2023:08:53:00 +0800] "GET /xingrg/kc/buy/cgsh_order_operate.html?command=get_materiel&rest_code=00151&code=00101037149&supplier_code=00100008&order_time=2023-04-10 HTTP/1.1" 200 417
116.224.158.100 - - [10/Apr/2023:08:53:01 +0800] "GET /xingrg/kc/buy/cgsh_order_operate.html?command=get_materiel&rest_code=00105&code=00101008333&supplier_code=00100203&order_time=2023-04-10 HTTP/1.1" 200 412
116.238.139.35 - - [10/Apr/2023:08:53:07 +0800] "GET /xingrg/kc/buy/cgsh_order_operate.html?command=get_materiel&rest_code=00150&code=00101008131&supplier_code=00100008&order_time=2023-04-10 HTTP/1.1" 200 409
120.253.135.82 - - [10/Apr/2023:08:53:08 +0800] "GET /xingrg/kc/pszx/mdqp_order_list.html?state=10 HTTP/1.1" 200 10275
120.253.135.82 - - [10/Apr/2023:08:53:08 +0800] "GET /xingrg/dwr/interface/AjaxQqpsService.js HTTP/1.1" 200 16326
120.253.135.82 - - [10/Apr/2023:08:53:08 +0800] "GET /xingrg/dwr/interface/AjaxReportQueryService.js HTTP/1.1" 200 13203
120.253.135.82 - - [10/Apr/2023:08:53:08 +0800] "GET /xingrg/dwr/engine.js HTTP/1.1" 200 43631
124.78.155.10 - - [10/Apr/2023:08:53:08 +0800] "GET /xingrg/all/function/internal_message.html?_=1681087989239&CODE_STATE=getMsg HTTP/1.1" 200 27
120.253.135.82 - - [10/Apr/2023:08:53:10 +0800] "GET /xingrg/kc/pszx/mdth_order_list.html HTTP/1.1" 200 18456
120.253.135.82 - - [10/Apr/2023:08:53:10 +0800] "GET /xingrg/css/base.css HTTP/1.1" 304 -
120.253.135.82 - - [10/Apr/2023:08:53:10 +0800] "GET /xingrg/javascript/easyui/themes/icon.css HTTP/1.1" 304 -
120.253.135.82 - - [10/Apr/2023:08:53:10 +0800] "GET /xingrg/css/site.css HTTP/1.1" 304 -
120.253.135.82 - - [10/Apr/2023:08:53:10 +0800] "GET /xingrg/javascript/jquery_tools/fix.css HTTP/1.1" 304 -
120.253.135.82 - - [10/Apr/2023:08:53:10 +0800] "GET /xingrg/javascript/auto/jquery.autocomplete.css HTTP/1.1" 304 -
120.253.135.82 - - [10/Apr/2023:08:53:10 +0800] "GET /xingrg/javascript/jquery_tools/table.css HTTP/1.1" 304 -
120.253.135.82 - - [10/Apr/2023:08:53:10 +0800] "GET /xingrg/javascript/easyui/themes/default/easyui.css HTTP/1.1" 304 -
120.253.135.82 - - [10/Apr/2023:08:53:10 +0800] "GET /xingrg/javascript/jquery_tools/jquery.tools.min.js HTTP/1.1" 304 -
120.253.135.82 - - [10/Apr/2023:08:53:10 +0800] "GET /xingrg/javascript/jquery_tools/jquery.tools.extend.js HTTP/1.1" 304 -
120.253.135.82 - - [10/Apr/2023:08:53:10 +0800] "GET /xingrg/javascript/jquery_tools/list_manager.js HTTP/1.1" 304 -
120.253.135.82 - - [10/Apr/2023:08:53:10 +0800] "GET /xingrg/javascript/jquery_tools/jquery.tools.table.js HTTP/1.1" 304 -
120.253.135.82 - - [10/Apr/2023:08:53:10 +0800] "GET /xingrg/javascript/auto/jquery.autocomplete.js HTTP/1.1" 304 -
120.253.135.82 - - [10/Apr/2023:08:53:10 +0800] "GET /xingrg/javascript/jquery.cookie.js HTTP/1.1" 304 -
120.253.135.82 - - [10/Apr/2023:08:53:10 +0800] "GET /xingrg/javascript/easyui/easyloader.js HTTP/1.1" 304 -
120.253.135.82 - - [10/Apr/2023:08:53:10 +0800] "GET /xingrg/javascript/jquery_tools/datebox.css HTTP/1.1" 304 -
120.253.135.82 - - [10/Apr/2023:08:53:10 +0800] "GET /xingrg/javascript/print/LodopFuncs.js HTTP/1.1" 304 -
120.253.135.82 - - [10/Apr/2023:08:53:10 +0800] "GET /xingrg/javascript/jquery_tools/jquery.tools.hotkey.js HTTP/1.1" 304 -
120.253.135.82 - - [10/Apr/2023:08:53:10 +0800] "GET /xingrg/javascript/easyui/plugins/jquery.parser.js HTTP/1.1" 304 -
120.253.135.82 - - [10/Apr/2023:08:53:10 +0800] "POST /xingrg/kc/pszx/mdth_order_new_list.html HTTP/1.1" 200 4728
180.171.130.110 - - [10/Apr/2023:08:53:11 +0800] "POST /xingrg/services/DataTransmitService HTTP/1.1" 200 524
120.253.135.82 - - [10/Apr/2023:08:53:13 +0800] "POST /xingrg/kc/pszx/mdth_order_new_list.html HTTP/1.1" 200 218
116.227.208.255 - - [10/Apr/2023:08:53:15 +0800] "GET /xingrg/check_reg.html?_=1681088079707 HTTP/1.1" 200 22
116.227.208.255 - - [10/Apr/2023:08:53:15 +0800] "GET /xingrg/all/function/internal_message.html?_=1681088079750&CODE_STATE=getMsg HTTP/1.1" 200 27
120.253.135.82 - - [10/Apr/2023:08:53:16 +0800] "GET /xingrg/kc/pszx/mdqp_order_list.html?state=10 HTTP/1.1" 200 10275
120.253.135.82 - - [10/Apr/2023:08:53:16 +0800] "GET /xingrg/dwr/interface/AjaxQqpsService.js HTTP/1.1" 200 16326
120.253.135.82 - - [10/Apr/2023:08:53:16 +0800] "GET /xingrg/dwr/interface/AjaxReportQueryService.js HTTP/1.1" 200 13203
120.253.135.82 - - [10/Apr/2023:08:53:16 +0800] "GET /xingrg/dwr/engine.js HTTP/1.1" 200 43631
114.83.221.160 - - [10/Apr/2023:08:53:17 +0800] "GET /xingrg/all/function/internal_message.html?_=1681087998116&CODE_STATE=getMsg HTTP/1.1" 200 27
116.224.106.218 - - [10/Apr/2023:08:53:20 +0800] "GET /xingrg/all/function/internal_message.html?_=1681087998837&CODE_STATE=getMsg HTTP/1.1" 200 27
180.171.122.0 - - [10/Apr/2023:08:53:22 +0800] "GET /xingrg/all/function/internal_message.html?_=1681088001859&CODE_STATE=getMsg HTTP/1.1" 200 27
116.238.139.35 - - [10/Apr/2023:08:53:24 +0800] "GET /xingrg/kc/buy/cgsh_order_operate.html?command=get_materiel&rest_code=00150&code=00101008279&supplier_code=00100008&order_time=2023-04-10 HTTP/1.1" 200 412
180.164.3.199 - - [10/Apr/2023:08:53:27 +0800] "GET /xingrg/all/function/internal_message.html?_=1681088007131&CODE_STATE=getMsg HTTP/1.1" 200 27
116.238.139.35 - - [10/Apr/2023:08:53:29 +0800] "GET /xingrg/all/function/internal_message.html?_=1681088009644&CODE_STATE=getMsg HTTP/1.1" 200 27
116.238.139.35 - - [10/Apr/2023:08:53:29 +0800] "POST /xingrg/kc/buy/cgsh_order_operate.html HTTP/1.1" 200 37
58.221.95.50 - - [10/Apr/2023:08:53:30 +0800] "GET /xingrg/all/function/internal_message.html?_=1681088011598&CODE_STATE=getMsg HTTP/1.1" 200 27
180.171.122.0 - - [10/Apr/2023:08:53:31 +0800] "GET /xingrg/kc/buy/cgsh_order_operate.html?command=get_materiel&rest_code=00111&code=00101008238&supplier_code=00100005&order_time=2023-04-10 HTTP/1.1" 200 416
116.238.139.35 - - [10/Apr/2023:08:53:31 +0800] "POST /xingrg/kc/buy/cgsh_order_operate.html HTTP/1.1" 200 17628
180.157.253.110 - - [10/Apr/2023:08:53:31 +0800] "GET /xingrg/check_reg.html?_=1681088012181 HTTP/1.1" 200 22
116.192.124.172 - - [10/Apr/2023:08:53:33 +0800] "POST /xingrg/services/DataTransmitService HTTP/1.1" 200 524
116.224.158.100 - - [10/Apr/2023:08:53:33 +0800] "POST /xingrg/kc/buy/cgsh_order_operate.html HTTP/1.1" 200 88
180.164.3.199 - - [10/Apr/2023:08:53:42 +0800] "GET /xingrg/check_reg.html?_=1681088021917 HTTP/1.1" 200 22
116.224.158.100 - - [10/Apr/2023:08:53:43 +0800] "GET /xingrg/all/function/internal_message.html?_=1681087866416&CODE_STATE=getMsg HTTP/1.1" 200 27
116.224.158.100 - - [10/Apr/2023:08:53:43 +0800] "GET /xingrg/check_reg.html?_=1681087866418 HTTP/1.1" 200 22
180.171.122.0 - - [10/Apr/2023:08:53:46 +0800] "POST /xingrg/kc/buy/cgsh_order_operate.html HTTP/1.1" 200 2065
116.238.139.35 - - [10/Apr/2023:08:53:46 +0800] "GET /xingrg/all/function/internal_message.html?_=1681087933445&CODE_STATE=getMsg HTTP/1.1" 200 27
116.224.158.100 - - [10/Apr/2023:08:53:46 +0800] "GET /xingrg/all/function/internal_message.html?_=1681088026782&CODE_STATE=getMsg HTTP/1.1" 200 27
116.238.139.35 - - [10/Apr/2023:08:53:48 +0800] "GET /xingrg/kc/buy/cgsh_order_operate.html?command=get_materiel&rest_code=00150&code=00101008352&supplier_code=00100008&order_time=2023-04-10 HTTP/1.1" 200 412
180.171.122.0 - - [10/Apr/2023:08:53:52 +0800] "GET /xingrg/kc/buy/cgsh_order_operate.html?command=get_materiel&rest_code=00111&code=00101008599&supplier_code=00100005&order_time=2023-04-10 HTTP/1.1" 200 405
120.253.135.82 - - [10/Apr/2023:08:53:53 +0800] "GET /xingrg/all/function/internal_message.html?_=1681087869279&CODE_STATE=getMsg HTTP/1.1" 200 27
218.81.220.59 - - [10/Apr/2023:08:53:58 +0800] "GET /xingrg/check_reg.html?_=1681088040129 HTTP/1.1" 200 22
218.81.220.59 - - [10/Apr/2023:08:53:59 +0800] "GET /xingrg/all/function/internal_message.html?_=1681088040686&CODE_STATE=getMsg HTTP/1.1" 200 27
172.20.0.100 - - [10/Apr/2023:08:54:00 +0800] "POST /xingrg/kc/buy/cgsh_list_operate.html HTTP/1.1" 302 -
172.20.0.100 - - [10/Apr/2023:08:54:00 +0800] "GET /xingrg/kc/buy/images/blue/login_bg.png HTTP/1.1" 404 1070
172.20.0.100 - - [10/Apr/2023:08:54:00 +0800] "GET /xingrg/kc/buy/images/blue/hj.png HTTP/1.1" 404 1058
172.20.0.100 - - [10/Apr/2023:08:54:00 +0800] "GET /xingrg/kc/buy/images/blue/srbg.png HTTP/1.1" 404 1062
116.238.139.35 - - [10/Apr/2023:08:54:00 +0800] "GET /xingrg/kc/buy/cgsh_order_operate.html?command=get_materiel&rest_code=00150&code=00101008371&supplier_code=00100008&order_time=2023-04-10 HTTP/1.1" 200 412
172.20.0.100 - - [10/Apr/2023:08:54:04 +0800] "GET /xingrg/index.html?sysBaseUrl=http%3A%2F%2F172.20.0.8%3A18081%2Fxingrg%2F&costTime=1022×tamp=1680748635804 HTTP/1.1" 302 -
172.20.0.100 - - [10/Apr/2023:08:54:04 +0800] "GET /xingrg/login.html HTTP/1.1" 200 7636
172.20.0.100 - - [10/Apr/2023:08:54:04 +0800] "GET /xingrg/images/blue/jxLogo.png HTTP/1.1" 304 -
172.20.0.100 - - [10/Apr/2023:08:54:04 +0800] "GET /xingrg/images/blue/login_bg.png HTTP/1.1" 304 -
172.20.0.100 - - [10/Apr/2023:08:54:04 +0800] "GET /xingrg/images/blue/hj.png HTTP/1.1" 304 -
172.20.0.100 - - [10/Apr/2023:08:54:04 +0800] "GET /xingrg/images/blue/srbg.png HTTP/1.1" 304 -
180.171.122.0 - - [10/Apr/2023:08:54:05 +0800] "GET /xingrg/kc/buy/cgsh_order_operate.html?command=get_materiel&rest_code=00111&code=00101008270&supplier_code=00100005&order_time=2023-04-10 HTTP/1.1" 200 412
124.78.155.10 - - [10/Apr/2023:08:54:08 +0800] "GET /xingrg/check_reg.html?_=1681088049239 HTTP/1.1" 200 22
124.78.155.10 - - [10/Apr/2023:08:54:08 +0800] "GET /xingrg/all/function/internal_message.html?_=1681088049242&CODE_STATE=getMsg HTTP/1.1" 200 27
172.20.0.100 - - [10/Apr/2023:08:54:11 +0800] "POST /xingrg/login.do HTTP/1.1" 302 -
172.20.0.100 - - [10/Apr/2023:08:54:11 +0800] "GET /xingrg/index.html?sysBaseUrl=http%3A%2F%2F172.20.0.8%3A18081%2Fxingrg%2F&costTime=869×tamp=1681088051001 HTTP/1.1" 200 17448
172.20.0.100 - - [10/Apr/2023:08:54:11 +0800] "GET /favicon.ico HTTP/1.1" 404 -
172.20.0.100 - - [10/Apr/2023:08:54:11 +0800] "GET /xingrg/all/function/internal_message.html?_=1681088052244&CODE_STATE=count HTTP/1.1" 200 11
172.20.0.100 - - [10/Apr/2023:08:54:11 +0800] "GET /xingrg/check_reg.html?_=1681088052245 HTTP/1.1" 200 22
172.20.0.100 - - [10/Apr/2023:08:54:11 +0800] "POST /xingrg/all/common/load_tree.html?tree=area_rest_tree_json&manage=1 HTTP/1.1" 200 3499
172.20.0.100 - - [10/Apr/2023:08:54:11 +0800] "POST /xingrg/load_menu.html HTTP/1.1" 200 11529
180.171.122.0 - - [10/Apr/2023:08:54:14 +0800] "GET /xingrg/kc/buy/cgsh_order_operate.html?command=get_materiel&rest_code=00111&code=00101008185&supplier_code=00100005&order_time=2023-04-10 HTTP/1.1" 200 408
116.227.208.255 - - [10/Apr/2023:08:54:15 +0800] "GET /xingrg/all/function/internal_message.html?_=1681088139743&CODE_STATE=getMsg HTTP/1.1" 200 27
172.20.0.100 - - [10/Apr/2023:08:54:17 +0800] "GET /xingrg/kc/buy/cgsh_order_list.html HTTP/1.1" 200 54906
114.83.221.160 - - [10/Apr/2023:08:54:17 +0800] "GET /xingrg/check_reg.html?_=1681088058118 HTTP/1.1" 200 22
114.83.221.160 - - [10/Apr/2023:08:54:17 +0800] "GET /xingrg/all/function/internal_message.html?_=1681088058122&CODE_STATE=getMsg HTTP/1.1" 200 27
114.83.221.160 - - [10/Apr/2023:08:54:19 +0800] "GET /xingrg/kc/buy/cgsh_order_add.html HTTP/1.1" 200 70541
114.83.221.160 - - [10/Apr/2023:08:54:19 +0800] "POST /xingrg/kc/buy/cgsh_order_operate.html HTTP/1.1" 200 8245
114.83.221.160 - - [10/Apr/2023:08:54:19 +0800] "GET /xingrg/javascript/easyui/themes/default/validatebox.css HTTP/1.1" 404 1104
172.20.0.100 - - [10/Apr/2023:08:54:19 +0800] "POST /xingrg/kc/buy/cgsh_list_operate.html HTTP/1.1" 200 986
116.224.106.218 - - [10/Apr/2023:08:54:20 +0800] "GET /xingrg/all/function/internal_message.html?_=1681088058835&CODE_STATE=getMsg HTTP/1.1" 200 27
180.171.122.0 - - [10/Apr/2023:08:54:22 +0800] "GET /xingrg/check_reg.html?_=1681088061857 HTTP/1.1" 200 22
180.171.122.0 - - [10/Apr/2023:08:54:22 +0800] "GET /xingrg/all/function/internal_message.html?_=1681088061861&CODE_STATE=getMsg HTTP/1.1" 200 27
172.20.0.100 - - [10/Apr/2023:08:54:24 +0800] "POST /xingrg/kc/buy/cgsh_list_operate.html HTTP/1.1" 200 986
172.20.0.100 - - [10/Apr/2023:08:54:27 +0800] "POST /xingrg/all/user/operate.html HTTP/1.1" 200 36
172.20.0.100 - - [10/Apr/2023:08:54:27 +0800] "GET /xingrg/index.html?sysBaseUrl=http%3A%2F%2F172.20.0.8%3A18081%2Fxingrg%2F&costTime=869×tamp=1681088051001 HTTP/1.1" 200 17448
172.20.0.100 - - [10/Apr/2023:08:54:27 +0800] "GET /xingrg/javascript/jquery_easy_ui/themes/default/easyui.css HTTP/1.1" 304 -
172.20.0.100 - - [10/Apr/2023:08:54:27 +0800] "GET /xingrg/javascript/jquery_easy_ui/themes/icon.css HTTP/1.1" 304 -
172.20.0.100 - - [10/Apr/2023:08:54:27 +0800] "GET /xingrg/css/form.css HTTP/1.1" 304 -
172.20.0.100 - - [10/Apr/2023:08:54:27 +0800] "GET /xingrg/javascript/jquery-1.4.2.min.js HTTP/1.1" 304 -
172.20.0.100 - - [10/Apr/2023:08:54:27 +0800] "GET /xingrg/javascript/jquery_easy_ui/jquery.easyui.min.js HTTP/1.1" 304 -
172.20.0.100 - - [10/Apr/2023:08:54:27 +0800] "GET /xingrg/javascript/jquery_easy_ui/easyui-lang-zh_CN.js HTTP/1.1" 304 -
172.20.0.100 - - [10/Apr/2023:08:54:27 +0800] "GET /xingrg/javascript/jquery.form.js HTTP/1.1" 304 -
172.20.0.100 - - [10/Apr/2023:08:54:27 +0800] "GET /xingrg/javascript/jquery.utils.js HTTP/1.1" 304 -
172.20.0.100 - - [10/Apr/2023:08:54:27 +0800] "GET /xingrg/javascript/jquery.timers.js HTTP/1.1" 304 -
172.20.0.100 - - [10/Apr/2023:08:54:27 +0800] "GET /xingrg/images/blue/jxLogo.png HTTP/1.1" 304 -
172.20.0.100 - - [10/Apr/2023:08:54:27 +0800] "GET /xingrg/javascript/jquery_easy_ui/themes/icons/settle_new.png HTTP/1.1" 304 -
172.20.0.100 - - [10/Apr/2023:08:54:27 +0800] "GET /xingrg/images/blue/navBackgound.jpg HTTP/1.1" 304 -
172.20.0.100 - - [10/Apr/2023:08:54:27 +0800] "GET /xingrg/all/function/internal_message.html?_=1681088068583&CODE_STATE=count HTTP/1.1" 200 11
172.20.0.100 - - [10/Apr/2023:08:54:27 +0800] "GET /xingrg/check_reg.html?_=1681088068584 HTTP/1.1" 200 22
172.20.0.100 - - [10/Apr/2023:08:54:27 +0800] "GET /xingrg/images/blue/pingpu.png HTTP/1.1" 304 -
172.20.0.100 - - [10/Apr/2023:08:54:27 +0800] "GET /xingrg/javascript/jquery_easy_ui/themes/default/images/panel_tool_expand.gif HTTP/1.1" 304 -
172.20.0.100 - - [10/Apr/2023:08:54:27 +0800] "GET /xingrg/javascript/jquery_easy_ui/themes/default/images/panel_tool_collapse.gif HTTP/1.1" 304 -
172.20.0.100 - - [10/Apr/2023:08:54:27 +0800] "GET /xingrg/javascript/jquery_easy_ui/themes/default/images/tabs_leftarrow.png HTTP/1.1" 304 -
172.20.0.100 - - [10/Apr/2023:08:54:27 +0800] "GET /xingrg/javascript/jquery_easy_ui/themes/default/images/tabs_rightarrow.png HTTP/1.1" 304 -
172.20.0.100 - - [10/Apr/2023:08:54:27 +0800] "POST /xingrg/all/common/load_tree.html?tree=area_rest_tree_json&manage=1 HTTP/1.1" 200 3499
172.20.0.100 - - [10/Apr/2023:08:54:27 +0800] "POST /xingrg/load_menu.html HTTP/1.1" 200 9924
180.164.3.199 - - [10/Apr/2023:08:54:27 +0800] "GET /xingrg/all/function/internal_message.html?_=1681088067112&CODE_STATE=getMsg HTTP/1.1" 200 27
116.238.139.35 - - [10/Apr/2023:08:54:29 +0800] "GET /xingrg/all/function/internal_message.html?_=1681088069590&CODE_STATE=getMsg HTTP/1.1" 200 27
116.238.139.35 - - [10/Apr/2023:08:54:29 +0800] "GET /xingrg/check_reg.html?_=1681088069873 HTTP/1.1" 200 22
58.221.95.50 - - [10/Apr/2023:08:54:30 +0800] "GET /xingrg/all/function/internal_message.html?_=1681088071582&CODE_STATE=getMsg HTTP/1.1" 200 27
116.238.139.35 - - [10/Apr/2023:08:54:31 +0800] "GET /xingrg/kc/buy/cgsh_order_operate.html?command=get_materiel&rest_code=00150&code=00101008005&supplier_code=00100008&order_time=2023-04-10 HTTP/1.1" 200 412
172.20.0.100 - - [10/Apr/2023:08:54:31 +0800] "GET /xingrg/kc/buy/cgsh_order_list.html HTTP/1.1" 200 54906
172.20.0.100 - - [10/Apr/2023:08:54:33 +0800] "POST /xingrg/kc/buy/cgsh_list_operate.html HTTP/1.1" 200 986
114.83.221.160 - - [10/Apr/2023:08:54:35 +0800] "GET /xingrg/kc/buy/cgsh_order_operate.html?command=get_materiel&rest_code=00149&code=00101007038&supplier_code=00100205&order_time=2023-04-10 HTTP/1.1" 200 422
180.171.122.0 - - [10/Apr/2023:08:54:35 +0800] "GET /xingrg/kc/buy/cgsh_order_operate.html?command=get_materiel&rest_code=00111&code=00101008125&supplier_code=00100005&order_time=2023-04-10 HTTP/1.1" 200 413
172.20.0.100 - - [10/Apr/2023:08:54:37 +0800] "POST /xingrg/kc/buy/cgsh_list_operate.html HTTP/1.1" 200 986
124.78.155.10 - - [10/Apr/2023:08:54:41 +0800] "GET /xingrg/login.html?r=1 HTTP/1.1" 200 7641
124.78.155.10 - - [10/Apr/2023:08:54:41 +0800] "GET /favicon.ico HTTP/1.1" 404 -
116.238.139.35 - - [10/Apr/2023:08:54:42 +0800] "POST /xingrg/kc/buy/cgsh_order_operate.html HTTP/1.1" 200 37
180.171.122.0 - - [10/Apr/2023:08:54:42 +0800] "POST /xingrg/kc/buy/cgsh_order_operate.html HTTP/1.1" 200 2065
116.224.158.100 - - [10/Apr/2023:08:54:43 +0800] "GET /xingrg/all/function/internal_message.html?_=1681087926415&CODE_STATE=getMsg HTTP/1.1" 200 27
116.238.139.35 - - [10/Apr/2023:08:54:43 +0800] "POST /xingrg/kc/buy/cgsh_order_operate.html HTTP/1.1" 200 13886
124.78.155.10 - - [10/Apr/2023:08:54:45 +0800] "POST /xingrg/login.do HTTP/1.1" 302 -
124.78.155.10 - - [10/Apr/2023:08:54:45 +0800] "GET /xingrg/index.html?sysBaseUrl=http%3A%2F%2F180.169.147.146%3A18081%2Fxingrg%2F&costTime=814×tamp=1681088085003 HTTP/1.1" 200 17173
124.78.155.10 - - [10/Apr/2023:08:54:45 +0800] "GET /favicon.ico HTTP/1.1" 404 -
124.78.155.10 - - [10/Apr/2023:08:54:45 +0800] "GET /xingrg/all/function/internal_message.html?_=1681088086291&CODE_STATE=count HTTP/1.1" 200 11
124.78.155.10 - - [10/Apr/2023:08:54:45 +0800] "GET /xingrg/check_reg.html?_=1681088086291 HTTP/1.1" 200 22
124.78.155.10 - - [10/Apr/2023:08:54:45 +0800] "POST /xingrg/all/common/load_tree.html?tree=area_rest_tree_json&manage=1 HTTP/1.1" 200 342
124.78.155.10 - - [10/Apr/2023:08:54:45 +0800] "POST /xingrg/load_menu.html HTTP/1.1" 200 5138
116.238.139.35 - - [10/Apr/2023:08:54:46 +0800] "GET /xingrg/check_reg.html?_=1681087993198 HTTP/1.1" 200 22
116.238.139.35 - - [10/Apr/2023:08:54:46 +0800] "GET /xingrg/all/function/internal_message.html?_=1681087993459&CODE_STATE=getMsg HTTP/1.1" 200 27
116.224.158.100 - - [10/Apr/2023:08:54:46 +0800] "GET /xingrg/all/function/internal_message.html?_=1681088086784&CODE_STATE=getMsg HTTP/1.1" 200 27
124.78.155.10 - - [10/Apr/2023:08:54:47 +0800] "GET /xingrg/kc/buy/buy_main.html HTTP/1.1" 200 12412
124.78.155.10 - - [10/Apr/2023:08:54:47 +0800] "GET /xingrg/javascript/jquery_easy_ui/themes/default/images/tabs_close.gif HTTP/1.1" 304 -
124.78.155.10 - - [10/Apr/2023:08:54:47 +0800] "GET /xingrg/css/blue.css HTTP/1.1" 304 -
124.78.155.10 - - [10/Apr/2023:08:54:47 +0800] "GET /xingrg/css/new_ie.css HTTP/1.1" 404 1036
124.78.155.10 - - [10/Apr/2023:08:54:47 +0800] "GET /xingrg/javascript/jquery_ui/themes/humanity/humanity.css HTTP/1.1" 304 -
124.78.155.10 - - [10/Apr/2023:08:54:47 +0800] "GET /xingrg/javascript/pic_change.js HTTP/1.1" 304 -
124.78.155.10 - - [10/Apr/2023:08:54:47 +0800] "GET /xingrg/javascript/ToolTips.js HTTP/1.1" 304 -
124.78.155.10 - - [10/Apr/2023:08:54:47 +0800] "GET /xingrg/javascript/myfunction.js HTTP/1.1" 304 -
124.78.155.10 - - [10/Apr/2023:08:54:47 +0800] "GET /xingrg/javascript/jquery_ui/jquery-ui.min.js HTTP/1.1" 304 -
124.78.155.10 - - [10/Apr/2023:08:54:47 +0800] "GET /xingrg/images/blue/button/cgxqd.gif HTTP/1.1" 304 -
124.78.155.10 - - [10/Apr/2023:08:54:47 +0800] "GET /xingrg/images/blue/button/cgydd.gif HTTP/1.1" 304 -
124.78.155.10 - - [10/Apr/2023:08:54:47 +0800] "GET /xingrg/images/blue/button/cgshd.gif HTTP/1.1" 304 -
124.78.155.10 - - [10/Apr/2023:08:54:47 +0800] "GET /xingrg/images/blue/button/cgfkd.gif HTTP/1.1" 304 -
124.78.155.10 - - [10/Apr/2023:08:54:47 +0800] "GET /xingrg/images/blue/button/kc.gif HTTP/1.1" 304 -
124.78.155.10 - - [10/Apr/2023:08:54:47 +0800] "GET /xingrg/images/blue/button/ckthd.gif HTTP/1.1" 304 -
124.78.155.10 - - [10/Apr/2023:08:54:47 +0800] "GET /xingrg/images/blue/pic_form2.gif HTTP/1.1" 304 -
124.78.155.10 - - [10/Apr/2023:08:54:47 +0800] "GET /xingrg/javascript/jquery_ui/themes/humanity/images/ui-bg_inset-soft_100_f4f0ec_1x100.png HTTP/1.1" 304 -
124.78.155.10 - - [10/Apr/2023:08:54:47 +0800] "GET /xingrg/images/blue/bg_dotted.jpg HTTP/1.1" 304 -
124.78.155.10 - - [10/Apr/2023:08:54:47 +0800] "GET /xingrg/images/blue/button/right_ah.jpg HTTP/1.1" 304 -
124.78.155.10 - - [10/Apr/2023:08:54:47 +0800] "GET /xingrg/images/blue/button/down_ah.jpg HTTP/1.1" 304 -
124.78.155.10 - - [10/Apr/2023:08:54:47 +0800] "GET /xingrg/javascript/jquery_ui/themes/humanity/images/ui-iconsnew.jpg HTTP/1.1" 304 -
124.78.155.10 - - [10/Apr/2023:08:54:47 +0800] "GET /xingrg/javascript/jquery_ui/themes/humanity/images/ui-icons_ffffff_256x240.png HTTP/1.1" 304 -
124.78.155.10 - - [10/Apr/2023:08:54:47 +0800] "GET /xingrg/javascript/jquery_ui/themes/humanity/images/ui-icons_c47a23_256x240.png HTTP/1.1" 304 -
124.78.155.10 - - [10/Apr/2023:08:54:47 +0800] "GET /xingrg/javascript/jquery_ui/themes/humanity/images/ui-bg_glass_70_ede4d4_1x400.png HTTP/1.1" 304 -
124.78.155.10 - - [10/Apr/2023:08:54:48 +0800] "GET /xingrg/images/yd/bt.gif HTTP/1.1" 404 1040
124.78.155.10 - - [10/Apr/2023:08:54:49 +0800] "GET /xingrg/kc/buy/cgsh_order_list.html HTTP/1.1" 200 54671
124.78.155.10 - - [10/Apr/2023:08:54:49 +0800] "GET /xingrg/css/base.css HTTP/1.1" 304 -
124.78.155.10 - - [10/Apr/2023:08:54:49 +0800] "GET /xingrg/css/site.css HTTP/1.1" 304 -
124.78.155.10 - - [10/Apr/2023:08:54:49 +0800] "GET /xingrg/javascript/jquery_tools/datebox.css HTTP/1.1" 304 -
124.78.155.10 - - [10/Apr/2023:08:54:49 +0800] "GET /xingrg/javascript/easyui/themes/default/easyui.css HTTP/1.1" 304 -
124.78.155.10 - - [10/Apr/2023:08:54:49 +0800] "GET /xingrg/javascript/easyui/themes/icon.css HTTP/1.1" 304 -
124.78.155.10 - - [10/Apr/2023:08:54:49 +0800] "GET /xingrg/javascript/auto/jquery.autocomplete.css HTTP/1.1" 304 -
124.78.155.10 - - [10/Apr/2023:08:54:49 +0800] "GET /xingrg/javascript/jquery_tools/fix.css HTTP/1.1" 304 -
124.78.155.10 - - [10/Apr/2023:08:54:49 +0800] "GET /xingrg/javascript/jquery_tools/table.css HTTP/1.1" 304 -
124.78.155.10 - - [10/Apr/2023:08:54:49 +0800] "GET /xingrg/javascript/jquery_tools/jquery.tools.min.js HTTP/1.1" 304 -
124.78.155.10 - - [10/Apr/2023:08:54:49 +0800] "GET /xingrg/javascript/jquery_tools/jquery.tools.extend.js HTTP/1.1" 304 -
124.78.155.10 - - [10/Apr/2023:08:54:49 +0800] "GET /xingrg/javascript/jquery_tools/jquery.tools.hotkey.js HTTP/1.1" 304 -
124.78.155.10 - - [10/Apr/2023:08:54:49 +0800] "GET /xingrg/javascript/jquery_tools/jquery.tools.table.js HTTP/1.1" 304 -
124.78.155.10 - - [10/Apr/2023:08:54:49 +0800] "GET /xingrg/javascript/jquery_tools/list_manager.js HTTP/1.1" 304 -
124.78.155.10 - - [10/Apr/2023:08:54:49 +0800] "GET /xingrg/javascript/auto/jquery.autocomplete.js HTTP/1.1" 304 -
124.78.155.10 - - [10/Apr/2023:08:54:49 +0800] "GET /xingrg/javascript/easyui/easyloader.js HTTP/1.1" 304 -
124.78.155.10 - - [10/Apr/2023:08:54:49 +0800] "GET /xingrg/javascript/jquery.cookie.js HTTP/1.1" 304 -
124.78.155.10 - - [10/Apr/2023:08:54:49 +0800] "GET /xingrg/javascript/print/LodopFuncs.js HTTP/1.1" 304 -
180.171.122.0 - - [10/Apr/2023:08:54:49 +0800] "GET /xingrg/kc/buy/cgsh_order_operate.html?command=get_materiel&rest_code=00111&code=00101008077&supplier_code=00100005&order_time=2023-04-10 HTTP/1.1" 200 416
124.78.155.10 - - [10/Apr/2023:08:54:49 +0800] "GET /xingrg/javascript/easyui/themes/icons/cance_new.png HTTP/1.1" 304 -
124.78.155.10 - - [10/Apr/2023:08:54:49 +0800] "GET /xingrg/javascript/easyui/themes/icons/check_new.png HTTP/1.1" 304 -
124.78.155.10 - - [10/Apr/2023:08:54:49 +0800] "GET /xingrg/javascript/easyui/themes/icons/field_new.png HTTP/1.1" 304 -
124.78.155.10 - - [10/Apr/2023:08:54:49 +0800] "GET /xingrg/javascript/easyui/themes/icons/import_new.png HTTP/1.1" 304 -
124.78.155.10 - - [10/Apr/2023:08:54:49 +0800] "GET /xingrg/javascript/easyui/themes/icons/edit_add_new.png HTTP/1.1" 304 -
124.78.155.10 - - [10/Apr/2023:08:54:49 +0800] "GET /xingrg/javascript/easyui/plugins/jquery.parser.js HTTP/1.1" 304 -
