222.67.232.202 - - [10/Apr/2023:10:06:31 +0800] "GET /xingrg/kc/buy/cgsh_order_operate.html?command=get_materiel&rest_code=00141&code=00101008132&supplier_code=00100007&order_time=2023-04-10 HTTP/1.1" 200 408
218.81.220.59 - - [10/Apr/2023:10:06:32 +0800] "POST /xingrg/services/DataTransmitService HTTP/1.1" 200 501
222.67.232.202 - - [10/Apr/2023:10:06:42 +0800] "GET /xingrg/kc/buy/cgsh_order_operate.html?command=get_materiel&rest_code=00141&code=00101008010&supplier_code=00100007&order_time=2023-04-10 HTTP/1.1" 200 412
116.224.158.100 - - [10/Apr/2023:10:06:43 +0800] "GET /xingrg/all/function/internal_message.html?_=1681092246489&CODE_STATE=getMsg HTTP/1.1" 200 27
116.238.139.35 - - [10/Apr/2023:10:06:46 +0800] "GET /xingrg/all/function/internal_message.html?_=1681092313063&CODE_STATE=getMsg HTTP/1.1" 200 27
116.224.158.100 - - [10/Apr/2023:10:06:46 +0800] "GET /xingrg/all/function/internal_message.html?_=1681092406856&CODE_STATE=getMsg HTTP/1.1" 200 27
222.67.232.202 - - [10/Apr/2023:10:06:48 +0800] "GET /xingrg/all/function/internal_message.html?_=1681092412780&CODE_STATE=getMsg HTTP/1.1" 200 27
180.164.3.199 - - [10/Apr/2023:10:06:49 +0800] "GET /xingrg/all/function/internal_message.html?_=1681092408337&CODE_STATE=getMsg HTTP/1.1" 200 27
180.164.3.199 - - [10/Apr/2023:10:06:49 +0800] "GET /xingrg/check_reg.html?_=1681092408725 HTTP/1.1" 200 22
101.229.22.234 - - [10/Apr/2023:10:06:49 +0800] "GET /xingrg/all/function/internal_message.html?_=1681092408374&CODE_STATE=getMsg HTTP/1.1" 200 27
222.67.232.202 - - [10/Apr/2023:10:06:49 +0800] "GET /xingrg/kc/buy/cgsh_order_operate.html?command=get_materiel&rest_code=00141&code=00101008038&supplier_code=00100007&order_time=2023-04-10 HTTP/1.1" 200 412
120.253.135.82 - - [10/Apr/2023:10:06:59 +0800] "GET /xingrg/all/function/internal_message.html?_=1681092254509&CODE_STATE=getMsg HTTP/1.1" 200 27
218.81.220.59 - - [10/Apr/2023:10:07:00 +0800] "GET /xingrg/all/function/internal_message.html?_=1681092421681&CODE_STATE=getMsg HTTP/1.1" 200 27
222.67.232.202 - - [10/Apr/2023:10:07:01 +0800] "GET /xingrg/kc/buy/cgsh_order_operate.html?command=get_materiel&rest_code=00141&code=00101008032&supplier_code=00100007&order_time=2023-04-10 HTTP/1.1" 200 409
222.67.232.202 - - [10/Apr/2023:10:07:04 +0800] "POST /xingrg/kc/buy/cgsh_order_operate.html HTTP/1.1" 200 2065
116.238.139.35 - - [10/Apr/2023:10:07:07 +0800] "GET /xingrg/all/function/internal_message.html?_=1681092427123&CODE_STATE=getMsg HTTP/1.1" 200 27
116.192.124.172 - - [10/Apr/2023:10:07:08 +0800] "GET /xingrg/kc/buy/cgsh_order_operate.html?command=get_materiel&rest_code=00102&code=00101009160&supplier_code=00100022&order_time=2023-04-10 HTTP/1.1" 200 415
222.67.232.202 - - [10/Apr/2023:10:07:14 +0800] "GET /xingrg/kc/buy/cgsh_order_operate.html?command=get_materiel&rest_code=00141&code=00101008300&supplier_code=00100007&order_time=2023-04-10 HTTP/1.1" 200 412
116.227.208.255 - - [10/Apr/2023:10:07:15 +0800] "GET /xingrg/all/function/internal_message.html?_=1681092519691&CODE_STATE=getMsg HTTP/1.1" 200 27
114.83.221.160 - - [10/Apr/2023:10:07:18 +0800] "GET /xingrg/all/function/internal_message.html?_=1681092438381&CODE_STATE=getMsg HTTP/1.1" 200 27
180.157.253.110 - - [10/Apr/2023:10:07:18 +0800] "GET /xingrg/check_reg.html?_=1681092438365 HTTP/1.1" 302 -
116.224.106.218 - - [10/Apr/2023:10:07:20 +0800] "GET /xingrg/all/function/internal_message.html?_=1681092438942&CODE_STATE=getMsg HTTP/1.1" 200 27
180.171.122.0 - - [10/Apr/2023:10:07:22 +0800] "GET /xingrg/all/function/internal_message.html?_=1681092441971&CODE_STATE=getMsg HTTP/1.1" 200 27
116.192.124.172 - - [10/Apr/2023:10:07:24 +0800] "GET /xingrg/kc/buy/cgsh_order_operate.html?command=get_materiel&rest_code=00102&code=00101015158&supplier_code=00100022&order_time=2023-04-10 HTTP/1.1" 200 422
222.67.232.202 - - [10/Apr/2023:10:07:24 +0800] "GET /xingrg/kc/buy/cgsh_order_operate.html?command=get_materiel&rest_code=00141&code=00101015060&supplier_code=00100007&order_time=2023-04-10 HTTP/1.1" 200 413
114.83.222.182 - - [10/Apr/2023:10:07:25 +0800] "GET /xingrg/all/function/internal_message.html?_=1681092530241&CODE_STATE=getMsg HTTP/1.1" 200 27
172.20.0.100 - - [10/Apr/2023:10:07:27 +0800] "GET /xingrg/all/function/internal_message.html?_=1681092448643&CODE_STATE=getMsg HTTP/1.1" 200 27
116.192.124.172 - - [10/Apr/2023:10:07:28 +0800] "GET /xingrg/all/function/internal_message.html?_=1681092448806&CODE_STATE=getMsg HTTP/1.1" 200 27
58.221.95.50 - - [10/Apr/2023:10:07:29 +0800] "GET /xingrg/all/function/internal_message.html?_=1681092450297&CODE_STATE=getMsg HTTP/1.1" 200 27
222.67.232.202 - - [10/Apr/2023:10:07:33 +0800] "GET /xingrg/kc/buy/cgsh_order_operate.html?command=get_materiel&rest_code=00141&code=00101008286&supplier_code=00100007&order_time=2023-04-10 HTTP/1.1" 200 408
116.192.124.172 - - [10/Apr/2023:10:07:42 +0800] "POST /xingrg/kc/buy/cgsh_order_operate.html HTTP/1.1" 200 37
116.224.158.100 - - [10/Apr/2023:10:07:43 +0800] "GET /xingrg/all/function/internal_message.html?_=1681092306515&CODE_STATE=getMsg HTTP/1.1" 200 27
222.67.232.202 - - [10/Apr/2023:10:07:43 +0800] "GET /xingrg/kc/buy/cgsh_order_operate.html?command=get_materiel&rest_code=00141&code=00101008213&supplier_code=00100007&order_time=2023-04-10 HTTP/1.1" 200 412
116.238.139.35 - - [10/Apr/2023:10:07:46 +0800] "GET /xingrg/all/function/internal_message.html?_=1681092373077&CODE_STATE=getMsg HTTP/1.1" 200 27
116.224.158.100 - - [10/Apr/2023:10:07:46 +0800] "GET /xingrg/all/function/internal_message.html?_=1681092466858&CODE_STATE=getMsg HTTP/1.1" 200 27
222.67.232.202 - - [10/Apr/2023:10:07:48 +0800] "GET /xingrg/all/function/internal_message.html?_=1681092472775&CODE_STATE=getMsg HTTP/1.1" 200 27
116.192.124.172 - - [10/Apr/2023:10:07:48 +0800] "POST /xingrg/kc/buy/cgsh_order_operate.html HTTP/1.1" 200 12
180.164.3.199 - - [10/Apr/2023:10:07:49 +0800] "GET /xingrg/all/function/internal_message.html?_=1681092468329&CODE_STATE=getMsg HTTP/1.1" 200 27
101.229.22.234 - - [10/Apr/2023:10:07:49 +0800] "GET /xingrg/all/function/internal_message.html?_=1681092468384&CODE_STATE=getMsg HTTP/1.1" 200 27
116.192.124.172 - - [10/Apr/2023:10:07:51 +0800] "GET /xingrg/kc/buy/cgsh_order_info.html?code=212023041002981 HTTP/1.1" 200 65386
222.67.232.202 - - [10/Apr/2023:10:07:51 +0800] "GET /xingrg/kc/buy/cgsh_order_operate.html?command=get_materiel&rest_code=00141&code=00101008403&supplier_code=00100007&order_time=2023-04-10 HTTP/1.1" 200 412
116.192.124.172 - - [10/Apr/2023:10:07:51 +0800] "GET /xingrg/javascript/easyui/themes/default/validatebox.css HTTP/1.1" 404 1104
116.192.124.172 - - [10/Apr/2023:10:07:52 +0800] "POST /xingrg/kc/buy/cgsh_order_operate.html HTTP/1.1" 200 4746
222.67.232.202 - - [10/Apr/2023:10:07:53 +0800] "POST /xingrg/kc/buy/cgsh_order_operate.html HTTP/1.1" 200 2065
116.192.124.172 - - [10/Apr/2023:10:07:55 +0800] "GET /xingrg/kc/print/load_data.html?order_code=212023041002981&kc_code=cgsh&condition= HTTP/1.1" 200 2287
120.253.135.82 - - [10/Apr/2023:10:07:59 +0800] "GET /xingrg/all/function/internal_message.html?_=1681092314523&CODE_STATE=getMsg HTTP/1.1" 200 27
222.67.232.202 - - [10/Apr/2023:10:07:59 +0800] "GET /xingrg/kc/buy/cgsh_order_operate.html?command=get_materiel&rest_code=00141&code=00101008080&supplier_code=00100007&order_time=2023-04-10 HTTP/1.1" 200 416
218.81.220.59 - - [10/Apr/2023:10:08:00 +0800] "GET /xingrg/all/function/internal_message.html?_=1681092481689&CODE_STATE=getMsg HTTP/1.1" 200 27
116.192.124.172 - - [10/Apr/2023:10:08:07 +0800] "GET /xingrg/kc/buy/cgsh_order_add.html HTTP/1.1" 200 70488
116.238.139.35 - - [10/Apr/2023:10:08:07 +0800] "GET /xingrg/all/function/internal_message.html?_=1681092487094&CODE_STATE=getMsg HTTP/1.1" 200 27
116.192.124.172 - - [10/Apr/2023:10:08:07 +0800] "POST /xingrg/kc/buy/cgsh_order_operate.html HTTP/1.1" 200 8245
116.192.124.172 - - [10/Apr/2023:10:08:07 +0800] "GET /xingrg/javascript/easyui/themes/default/validatebox.css HTTP/1.1" 404 1104
222.67.232.202 - - [10/Apr/2023:10:08:09 +0800] "GET /xingrg/kc/buy/cgsh_order_operate.html?command=get_materiel&rest_code=00141&code=00101008215&supplier_code=00100007&order_time=2023-04-10 HTTP/1.1" 200 413
116.227.208.255 - - [10/Apr/2023:10:08:15 +0800] "GET /xingrg/all/function/internal_message.html?_=1681092579699&CODE_STATE=getMsg HTTP/1.1" 200 27
116.227.208.255 - - [10/Apr/2023:10:08:15 +0800] "GET /xingrg/check_reg.html?_=1681092579700 HTTP/1.1" 200 22
114.83.221.160 - - [10/Apr/2023:10:08:18 +0800] "GET /xingrg/all/function/internal_message.html?_=1681092498397&CODE_STATE=getMsg HTTP/1.1" 200 27
116.224.106.218 - - [10/Apr/2023:10:08:20 +0800] "GET /xingrg/all/function/internal_message.html?_=1681092498941&CODE_STATE=getMsg HTTP/1.1" 200 27
222.67.232.202 - - [10/Apr/2023:10:08:21 +0800] "GET /xingrg/kc/buy/cgsh_order_operate.html?command=get_materiel&rest_code=00141&code=00101008323&supplier_code=00100007&order_time=2023-04-10 HTTP/1.1" 200 408
180.171.122.0 - - [10/Apr/2023:10:08:22 +0800] "GET /xingrg/all/function/internal_message.html?_=1681092501970&CODE_STATE=getMsg HTTP/1.1" 200 27
114.83.222.182 - - [10/Apr/2023:10:08:25 +0800] "GET /xingrg/all/function/internal_message.html?_=1681092590230&CODE_STATE=getMsg HTTP/1.1" 200 27
172.20.0.100 - - [10/Apr/2023:10:08:27 +0800] "GET /xingrg/all/function/internal_message.html?_=1681092508641&CODE_STATE=getMsg HTTP/1.1" 200 27
116.192.124.172 - - [10/Apr/2023:10:08:28 +0800] "GET /xingrg/all/function/internal_message.html?_=1681092508795&CODE_STATE=getMsg HTTP/1.1" 200 27
58.221.95.50 - - [10/Apr/2023:10:08:29 +0800] "GET /xingrg/all/function/internal_message.html?_=1681092510281&CODE_STATE=getMsg HTTP/1.1" 200 27
222.67.232.202 - - [10/Apr/2023:10:08:31 +0800] "GET /xingrg/kc/buy/cgsh_order_operate.html?command=get_materiel&rest_code=00141&code=00101008096&supplier_code=00100007&order_time=2023-04-10 HTTP/1.1" 200 412
180.157.253.110 - - [10/Apr/2023:10:08:31 +0800] "GET /xingrg/check_reg.html?_=1681092511933 HTTP/1.1" 200 22
222.67.232.202 - - [10/Apr/2023:10:08:41 +0800] "GET /xingrg/kc/buy/cgsh_order_operate.html?command=get_materiel&rest_code=00141&code=00101008199&supplier_code=00100007&order_time=2023-04-10 HTTP/1.1" 200 408
116.224.158.100 - - [10/Apr/2023:10:08:43 +0800] "GET /xingrg/all/function/internal_message.html?_=1681092366517&CODE_STATE=getMsg HTTP/1.1" 200 27
116.224.158.100 - - [10/Apr/2023:10:08:43 +0800] "GET /xingrg/check_reg.html?_=1681092366519 HTTP/1.1" 200 22
222.67.232.202 - - [10/Apr/2023:10:08:44 +0800] "POST /xingrg/kc/buy/cgsh_order_operate.html HTTP/1.1" 200 2065
116.238.139.35 - - [10/Apr/2023:10:08:46 +0800] "GET /xingrg/all/function/internal_message.html?_=1681092433110&CODE_STATE=getMsg HTTP/1.1" 200 27
116.224.158.100 - - [10/Apr/2023:10:08:46 +0800] "GET /xingrg/all/function/internal_message.html?_=1681092526859&CODE_STATE=getMsg HTTP/1.1" 200 27
222.67.232.202 - - [10/Apr/2023:10:08:48 +0800] "GET /xingrg/all/function/internal_message.html?_=1681092532777&CODE_STATE=getMsg HTTP/1.1" 200 27
222.67.232.202 - - [10/Apr/2023:10:08:48 +0800] "GET /xingrg/check_reg.html?_=1681092532778 HTTP/1.1" 200 22
180.164.3.199 - - [10/Apr/2023:10:08:49 +0800] "GET /xingrg/all/function/internal_message.html?_=1681092528317&CODE_STATE=getMsg HTTP/1.1" 200 27
101.229.22.234 - - [10/Apr/2023:10:08:49 +0800] "GET /xingrg/all/function/internal_message.html?_=1681092528369&CODE_STATE=getMsg HTTP/1.1" 200 27
222.67.232.202 - - [10/Apr/2023:10:08:50 +0800] "GET /xingrg/kc/buy/cgsh_order_operate.html?command=get_materiel&rest_code=00141&code=00101008370&supplier_code=00100007&order_time=2023-04-10 HTTP/1.1" 200 412
218.81.220.59 - - [10/Apr/2023:10:08:58 +0800] "GET /xingrg/check_reg.html?_=1681092540208 HTTP/1.1" 200 22
120.253.135.82 - - [10/Apr/2023:10:08:58 +0800] "GET /xingrg/check_reg.html?_=1681092374162 HTTP/1.1" 200 22
222.67.232.202 - - [10/Apr/2023:10:08:58 +0800] "GET /xingrg/kc/buy/cgsh_order_operate.html?command=get_materiel&rest_code=00141&code=00101008562&supplier_code=00100007&order_time=2023-04-10 HTTP/1.1" 200 409
120.253.135.82 - - [10/Apr/2023:10:08:59 +0800] "GET /xingrg/all/function/internal_message.html?_=1681092374536&CODE_STATE=getMsg HTTP/1.1" 200 27
218.81.220.59 - - [10/Apr/2023:10:09:00 +0800] "GET /xingrg/all/function/internal_message.html?_=1681092541703&CODE_STATE=getMsg HTTP/1.1" 200 27
116.238.139.35 - - [10/Apr/2023:10:09:07 +0800] "GET /xingrg/all/function/internal_message.html?_=1681092547080&CODE_STATE=getMsg HTTP/1.1" 200 27
116.238.139.35 - - [10/Apr/2023:10:09:07 +0800] "GET /xingrg/check_reg.html?_=1681092547193 HTTP/1.1" 200 22
116.227.208.255 - - [10/Apr/2023:10:09:15 +0800] "GET /xingrg/all/function/internal_message.html?_=1681092639695&CODE_STATE=getMsg HTTP/1.1" 200 27
114.83.221.160 - - [10/Apr/2023:10:09:18 +0800] "GET /xingrg/all/function/internal_message.html?_=1681092558403&CODE_STATE=getMsg HTTP/1.1" 200 27
114.83.221.160 - - [10/Apr/2023:10:09:18 +0800] "GET /xingrg/check_reg.html?_=1681092558406 HTTP/1.1" 200 22
116.224.106.218 - - [10/Apr/2023:10:09:20 +0800] "GET /xingrg/all/function/internal_message.html?_=1681092558946&CODE_STATE=getMsg HTTP/1.1" 200 27
180.171.122.0 - - [10/Apr/2023:10:09:22 +0800] "GET /xingrg/all/function/internal_message.html?_=1681092561970&CODE_STATE=getMsg HTTP/1.1" 200 27
180.171.122.0 - - [10/Apr/2023:10:09:22 +0800] "GET /xingrg/check_reg.html?_=1681092561973 HTTP/1.1" 200 22
222.67.232.202 - - [10/Apr/2023:10:09:22 +0800] "GET /xingrg/kc/buy/cgsh_order_operate.html?command=get_materiel&rest_code=00141&code=00101008357&supplier_code=00100007&order_time=2023-04-10 HTTP/1.1" 200 408
114.83.222.182 - - [10/Apr/2023:10:09:25 +0800] "GET /xingrg/all/function/internal_message.html?_=1681092650218&CODE_STATE=getMsg HTTP/1.1" 200 27
172.20.0.100 - - [10/Apr/2023:10:09:27 +0800] "GET /xingrg/all/function/internal_message.html?_=1681092568640&CODE_STATE=getMsg HTTP/1.1" 200 27
172.20.0.100 - - [10/Apr/2023:10:09:27 +0800] "GET /xingrg/check_reg.html?_=1681092568641 HTTP/1.1" 200 22
116.224.158.100 - - [10/Apr/2023:10:09:27 +0800] "POST /xingrg/services/DataTransmitService HTTP/1.1" 200 524
116.192.124.172 - - [10/Apr/2023:10:09:28 +0800] "GET /xingrg/all/function/internal_message.html?_=1681092568791&CODE_STATE=getMsg HTTP/1.1" 200 27
116.192.124.172 - - [10/Apr/2023:10:09:28 +0800] "GET /xingrg/check_reg.html?_=1681092568794 HTTP/1.1" 200 22
58.221.95.50 - - [10/Apr/2023:10:09:29 +0800] "GET /xingrg/all/function/internal_message.html?_=1681092570267&CODE_STATE=getMsg HTTP/1.1" 200 27
222.67.232.202 - - [10/Apr/2023:10:09:30 +0800] "GET /xingrg/kc/buy/cgsh_order_operate.html?command=get_materiel&rest_code=00141&code=00101008372&supplier_code=00100007&order_time=2023-04-10 HTTP/1.1" 200 408
222.67.232.202 - - [10/Apr/2023:10:09:43 +0800] "GET /xingrg/kc/buy/cgsh_order_operate.html?command=get_materiel&rest_code=00141&code=00101008283&supplier_code=00100007&order_time=2023-04-10 HTTP/1.1" 200 408
116.224.158.100 - - [10/Apr/2023:10:09:43 +0800] "GET /xingrg/all/function/internal_message.html?_=1681092426519&CODE_STATE=getMsg HTTP/1.1" 200 27
222.67.232.202 - - [10/Apr/2023:10:09:45 +0800] "POST /xingrg/kc/buy/cgsh_order_operate.html HTTP/1.1" 200 2065
116.238.139.35 - - [10/Apr/2023:10:09:46 +0800] "GET /xingrg/all/function/internal_message.html?_=1681092493120&CODE_STATE=getMsg HTTP/1.1" 200 27
116.224.158.100 - - [10/Apr/2023:10:09:46 +0800] "GET /xingrg/all/function/internal_message.html?_=1681092586860&CODE_STATE=getMsg HTTP/1.1" 200 27
222.67.232.202 - - [10/Apr/2023:10:09:48 +0800] "GET /xingrg/all/function/internal_message.html?_=1681092592778&CODE_STATE=getMsg HTTP/1.1" 200 27
180.164.3.199 - - [10/Apr/2023:10:09:49 +0800] "GET /xingrg/all/function/internal_message.html?_=1681092588301&CODE_STATE=getMsg HTTP/1.1" 200 27
101.229.22.234 - - [10/Apr/2023:10:09:49 +0800] "GET /xingrg/all/function/internal_message.html?_=1681092588354&CODE_STATE=getMsg HTTP/1.1" 200 27
222.67.232.202 - - [10/Apr/2023:10:09:50 +0800] "GET /xingrg/kc/buy/cgsh_order_operate.html?command=get_materiel&rest_code=00141&code=00101008257&supplier_code=00100007&order_time=2023-04-10 HTTP/1.1" 200 416
222.67.232.202 - - [10/Apr/2023:10:09:58 +0800] "GET /xingrg/kc/buy/cgsh_order_operate.html?command=get_materiel&rest_code=00141&code=00101008137&supplier_code=00100007&order_time=2023-04-10 HTTP/1.1" 200 408
120.253.135.82 - - [10/Apr/2023:10:09:59 +0800] "GET /xingrg/all/function/internal_message.html?_=1681092434550&CODE_STATE=getMsg HTTP/1.1" 200 27
218.81.220.59 - - [10/Apr/2023:10:10:00 +0800] "GET /xingrg/all/function/internal_message.html?_=1681092601722&CODE_STATE=getMsg HTTP/1.1" 200 27
222.67.232.202 - - [10/Apr/2023:10:10:06 +0800] "GET /xingrg/kc/buy/cgsh_order_operate.html?command=get_materiel&rest_code=00141&code=00101009118&supplier_code=00100007&order_time=2023-04-10 HTTP/1.1" 200 405
116.238.139.35 - - [10/Apr/2023:10:10:07 +0800] "GET /xingrg/all/function/internal_message.html?_=1681092607053&CODE_STATE=getMsg HTTP/1.1" 200 27
61.147.15.65 - - [10/Apr/2023:10:10:11 +0800] "GET / HTTP/1.1" 404 -
61.147.15.67 - - [10/Apr/2023:10:10:12 +0800] "GET / HTTP/1.1" 404 -
116.227.208.255 - - [10/Apr/2023:10:10:15 +0800] "GET /xingrg/all/function/internal_message.html?_=1681092699687&CODE_STATE=getMsg HTTP/1.1" 200 27
222.67.232.202 - - [10/Apr/2023:10:10:17 +0800] "GET /xingrg/kc/buy/cgsh_order_operate.html?command=get_materiel&rest_code=00141&code=00101019816&supplier_code=00100007&order_time=2023-04-10 HTTP/1.1" 200 446
114.83.221.160 - - [10/Apr/2023:10:10:18 +0800] "GET /xingrg/all/function/internal_message.html?_=1681092618392&CODE_STATE=getMsg HTTP/1.1" 200 27
116.224.106.218 - - [10/Apr/2023:10:10:20 +0800] "GET /xingrg/all/function/internal_message.html?_=1681092618946&CODE_STATE=getMsg HTTP/1.1" 200 27
180.171.122.0 - - [10/Apr/2023:10:10:22 +0800] "GET /xingrg/all/function/internal_message.html?_=1681092621973&CODE_STATE=getMsg HTTP/1.1" 200 27
61.147.15.65 - - [10/Apr/2023:10:10:24 +0800] "GET / HTTP/1.1" 404 -
114.83.222.182 - - [10/Apr/2023:10:10:25 +0800] "GET /xingrg/all/function/internal_message.html?_=1681092710233&CODE_STATE=getMsg HTTP/1.1" 200 27
114.83.222.182 - - [10/Apr/2023:10:10:25 +0800] "GET /xingrg/check_reg.html?_=1681092710234 HTTP/1.1" 200 22
222.67.232.202 - - [10/Apr/2023:10:10:26 +0800] "GET /xingrg/kc/buy/cgsh_order_operate.html?command=get_materiel&rest_code=00141&code=00101015006&supplier_code=00100007&order_time=2023-04-10 HTTP/1.1" 200 412
172.20.0.100 - - [10/Apr/2023:10:10:27 +0800] "GET /xingrg/all/function/internal_message.html?_=1681092628640&CODE_STATE=getMsg HTTP/1.1" 200 27
116.192.124.172 - - [10/Apr/2023:10:10:28 +0800] "GET /xingrg/all/function/internal_message.html?_=1681092628810&CODE_STATE=getMsg HTTP/1.1" 200 27
58.221.95.50 - - [10/Apr/2023:10:10:29 +0800] "GET /xingrg/all/function/internal_message.html?_=1681092630246&CODE_STATE=getMsg HTTP/1.1" 200 27
116.224.158.100 - - [10/Apr/2023:10:10:43 +0800] "GET /xingrg/all/function/internal_message.html?_=1681092486517&CODE_STATE=getMsg HTTP/1.1" 200 27
116.238.139.35 - - [10/Apr/2023:10:10:45 +0800] "GET /xingrg/check_reg.html?_=1681092552786 HTTP/1.1" 200 22
116.238.139.35 - - [10/Apr/2023:10:10:46 +0800] "GET /xingrg/all/function/internal_message.html?_=1681092553134&CODE_STATE=getMsg HTTP/1.1" 200 27
116.224.158.100 - - [10/Apr/2023:10:10:46 +0800] "GET /xingrg/check_reg.html?_=1681092646861 HTTP/1.1" 200 22
116.224.158.100 - - [10/Apr/2023:10:10:46 +0800] "GET /xingrg/all/function/internal_message.html?_=1681092646864&CODE_STATE=getMsg HTTP/1.1" 200 27
222.67.232.202 - - [10/Apr/2023:10:10:48 +0800] "GET /xingrg/all/function/internal_message.html?_=1681092652775&CODE_STATE=getMsg HTTP/1.1" 200 27
180.164.3.199 - - [10/Apr/2023:10:10:49 +0800] "GET /xingrg/all/function/internal_message.html?_=1681092648281&CODE_STATE=getMsg HTTP/1.1" 200 27
101.229.22.234 - - [10/Apr/2023:10:10:49 +0800] "GET /xingrg/check_reg.html?_=1681092648276 HTTP/1.1" 200 22
101.229.22.234 - - [10/Apr/2023:10:10:49 +0800] "GET /xingrg/all/function/internal_message.html?_=1681092648325&CODE_STATE=getMsg HTTP/1.1" 200 27
120.253.135.82 - - [10/Apr/2023:10:10:59 +0800] "GET /xingrg/all/function/internal_message.html?_=1681092494563&CODE_STATE=getMsg HTTP/1.1" 200 27
218.81.220.59 - - [10/Apr/2023:10:11:00 +0800] "GET /xingrg/all/function/internal_message.html?_=1681092661731&CODE_STATE=getMsg HTTP/1.1" 200 27
61.147.15.76 - - [10/Apr/2023:10:11:01 +0800] "GET /favicon.ico HTTP/1.1" 404 -
116.238.139.35 - - [10/Apr/2023:10:11:06 +0800] "GET /xingrg/all/function/internal_message.html?_=1681092667022&CODE_STATE=getMsg HTTP/1.1" 200 27
116.227.208.255 - - [10/Apr/2023:10:11:15 +0800] "GET /xingrg/all/function/internal_message.html?_=1681092759698&CODE_STATE=getMsg HTTP/1.1" 200 27
114.83.221.160 - - [10/Apr/2023:10:11:18 +0800] "GET /xingrg/all/function/internal_message.html?_=1681092678398&CODE_STATE=getMsg HTTP/1.1" 200 27
116.224.106.218 - - [10/Apr/2023:10:11:20 +0800] "GET /xingrg/all/function/internal_message.html?_=1681092678945&CODE_STATE=getMsg HTTP/1.1" 200 27
116.224.106.218 - - [10/Apr/2023:10:11:20 +0800] "GET /xingrg/check_reg.html?_=1681092678949 HTTP/1.1" 200 22
120.253.135.82 - - [10/Apr/2023:10:11:20 +0800] "GET /xingrg/javascript/easyui/themes/sunny/images/ui-bg_gloss-wave_60_fece2f_500x100.png HTTP/1.1" 304 -
180.171.122.0 - - [10/Apr/2023:10:11:22 +0800] "GET /xingrg/all/function/internal_message.html?_=1681092681977&CODE_STATE=getMsg HTTP/1.1" 200 27
120.253.135.82 - - [10/Apr/2023:10:11:22 +0800] "GET /xingrg/javascript/easyui/themes/sunny/images/ui-bg_gloss-wave_70_ffdd57_500x100.png HTTP/1.1" 304 -
120.253.135.82 - - [10/Apr/2023:10:11:22 +0800] "GET /xingrg/javascript/easyui/themes/sunny/images/ui-bg_gloss-wave_70_ffdd57_500x100.png HTTP/1.1" 304 -
58.221.95.50 - - [10/Apr/2023:10:11:23 +0800] "GET /xingrg/check_reg.html?_=1681092684490 HTTP/1.1" 200 22
114.83.222.182 - - [10/Apr/2023:10:11:25 +0800] "GET /xingrg/all/function/internal_message.html?_=1681092770230&CODE_STATE=getMsg HTTP/1.1" 200 27
222.67.232.202 - - [10/Apr/2023:10:11:26 +0800] "POST /xingrg/kc/buy/cgsh_order_operate.html HTTP/1.1" 200 37
120.253.135.82 - - [10/Apr/2023:10:11:26 +0800] "GET /xingrg/kc/pszx/mdqp_order_list.html?state=10 HTTP/1.1" 200 10275
120.253.135.82 - - [10/Apr/2023:10:11:26 +0800] "GET /xingrg/dwr/interface/AjaxQqpsService.js HTTP/1.1" 200 16326
120.253.135.82 - - [10/Apr/2023:10:11:26 +0800] "GET /xingrg/dwr/util.js HTTP/1.1" 304 -
120.253.135.82 - - [10/Apr/2023:10:11:26 +0800] "GET /xingrg/javascript/Calendar.js HTTP/1.1" 304 -
120.253.135.82 - - [10/Apr/2023:10:11:26 +0800] "GET /xingrg/dwr/interface/AjaxReportQueryService.js HTTP/1.1" 200 13203
120.253.135.82 - - [10/Apr/2023:10:11:26 +0800] "GET /xingrg/dwr/engine.js HTTP/1.1" 200 43631
172.20.0.100 - - [10/Apr/2023:10:11:27 +0800] "GET /xingrg/all/function/internal_message.html?_=1681092688638&CODE_STATE=getMsg HTTP/1.1" 200 27
116.192.124.172 - - [10/Apr/2023:10:11:28 +0800] "GET /xingrg/all/function/internal_message.html?_=1681092688785&CODE_STATE=getMsg HTTP/1.1" 200 27
58.221.95.50 - - [10/Apr/2023:10:11:29 +0800] "GET /xingrg/all/function/internal_message.html?_=1681092690231&CODE_STATE=getMsg HTTP/1.1" 200 27
222.67.232.202 - - [10/Apr/2023:10:11:41 +0800] "POST /xingrg/kc/buy/cgsh_order_operate.html HTTP/1.1" 200 12
116.224.158.100 - - [10/Apr/2023:10:11:43 +0800] "GET /xingrg/all/function/internal_message.html?_=1681092546515&CODE_STATE=getMsg HTTP/1.1" 200 27
222.67.232.202 - - [10/Apr/2023:10:11:44 +0800] "GET /xingrg/kc/buy/cgsh_order_info.html?code=212023041002977 HTTP/1.1" 200 65355
222.67.232.202 - - [10/Apr/2023:10:11:44 +0800] "GET /xingrg/javascript/easyui/themes/default/validatebox.css HTTP/1.1" 404 1104
222.67.232.202 - - [10/Apr/2023:10:11:45 +0800] "POST /xingrg/kc/buy/cgsh_order_operate.html HTTP/1.1" 200 31373
116.238.139.35 - - [10/Apr/2023:10:11:46 +0800] "GET /xingrg/all/function/internal_message.html?_=1681092613148&CODE_STATE=getMsg HTTP/1.1" 200 27
116.224.158.100 - - [10/Apr/2023:10:11:46 +0800] "GET /xingrg/all/function/internal_message.html?_=1681092706849&CODE_STATE=getMsg HTTP/1.1" 200 27
222.67.232.202 - - [10/Apr/2023:10:11:48 +0800] "GET /xingrg/all/function/internal_message.html?_=1681092712784&CODE_STATE=getMsg HTTP/1.1" 200 27
180.164.3.199 - - [10/Apr/2023:10:11:48 +0800] "GET /xingrg/all/function/internal_message.html?_=1681092708259&CODE_STATE=getMsg HTTP/1.1" 200 27
180.164.3.199 - - [10/Apr/2023:10:11:49 +0800] "GET /xingrg/check_reg.html?_=1681092708727 HTTP/1.1" 200 22
101.229.22.234 - - [10/Apr/2023:10:11:49 +0800] "GET /xingrg/all/function/internal_message.html?_=1681092708310&CODE_STATE=getMsg HTTP/1.1" 200 27
222.67.232.202 - - [10/Apr/2023:10:11:53 +0800] "GET /xingrg/kc/print/load_config.html?kc_code=cgsh HTTP/1.1" 200 1925
222.67.232.202 - - [10/Apr/2023:10:11:54 +0800] "GET /xingrg/kc/print/load_data.html?order_code=212023041002977&kc_code=cgsh&condition= HTTP/1.1" 200 12396
120.253.135.82 - - [10/Apr/2023:10:11:59 +0800] "GET /xingrg/all/function/internal_message.html?_=1681092554577&CODE_STATE=getMsg HTTP/1.1" 200 27
218.81.220.59 - - [10/Apr/2023:10:12:00 +0800] "GET /xingrg/all/function/internal_message.html?_=1681092721748&CODE_STATE=getMsg HTTP/1.1" 200 27
116.238.139.35 - - [10/Apr/2023:10:12:06 +0800] "GET /xingrg/all/function/internal_message.html?_=1681092726993&CODE_STATE=getMsg HTTP/1.1" 200 27
116.227.208.255 - - [10/Apr/2023:10:12:15 +0800] "GET /xingrg/all/function/internal_message.html?_=1681092819702&CODE_STATE=getMsg HTTP/1.1" 200 27
114.83.221.160 - - [10/Apr/2023:10:12:18 +0800] "GET /xingrg/all/function/internal_message.html?_=1681092738401&CODE_STATE=getMsg HTTP/1.1" 200 27
180.157.253.110 - - [10/Apr/2023:10:12:18 +0800] "GET /xingrg/check_reg.html?_=1681092738344 HTTP/1.1" 302 -
116.224.106.218 - - [10/Apr/2023:10:12:20 +0800] "GET /xingrg/all/function/internal_message.html?_=1681092738948&CODE_STATE=getMsg HTTP/1.1" 200 27
180.171.122.0 - - [10/Apr/2023:10:12:22 +0800] "GET /xingrg/all/function/internal_message.html?_=1681092741977&CODE_STATE=getMsg HTTP/1.1" 200 27
114.83.222.182 - - [10/Apr/2023:10:12:25 +0800] "GET /xingrg/all/function/internal_message.html?_=1681092830218&CODE_STATE=getMsg HTTP/1.1" 200 27
172.20.0.100 - - [10/Apr/2023:10:12:27 +0800] "GET /xingrg/all/function/internal_message.html?_=1681092748652&CODE_STATE=getMsg HTTP/1.1" 200 27
116.192.124.172 - - [10/Apr/2023:10:12:28 +0800] "GET /xingrg/all/function/internal_message.html?_=1681092748796&CODE_STATE=getMsg HTTP/1.1" 200 27
58.221.95.50 - - [10/Apr/2023:10:12:29 +0800] "GET /xingrg/all/function/internal_message.html?_=1681092750208&CODE_STATE=getMsg HTTP/1.1" 200 27
116.224.158.100 - - [10/Apr/2023:10:12:43 +0800] "GET /xingrg/all/function/internal_message.html?_=1681092606515&CODE_STATE=getMsg HTTP/1.1" 200 27
116.238.139.35 - - [10/Apr/2023:10:12:46 +0800] "GET /xingrg/all/function/internal_message.html?_=1681092673161&CODE_STATE=getMsg HTTP/1.1" 200 27
116.224.158.100 - - [10/Apr/2023:10:12:46 +0800] "GET /xingrg/all/function/internal_message.html?_=1681092766849&CODE_STATE=getMsg HTTP/1.1" 200 27
222.67.232.202 - - [10/Apr/2023:10:12:48 +0800] "GET /xingrg/all/function/internal_message.html?_=1681092772780&CODE_STATE=getMsg HTTP/1.1" 200 27
180.164.3.199 - - [10/Apr/2023:10:12:48 +0800] "GET /xingrg/all/function/internal_message.html?_=1681092768237&CODE_STATE=getMsg HTTP/1.1" 200 27
101.229.22.234 - - [10/Apr/2023:10:12:49 +0800] "GET /xingrg/all/function/internal_message.html?_=1681092768282&CODE_STATE=getMsg HTTP/1.1" 200 27
120.253.135.82 - - [10/Apr/2023:10:12:59 +0800] "GET /xingrg/all/function/internal_message.html?_=1681092614591&CODE_STATE=getMsg HTTP/1.1" 200 27
218.81.220.59 - - [10/Apr/2023:10:13:00 +0800] "GET /xingrg/all/function/internal_message.html?_=1681092781757&CODE_STATE=getMsg HTTP/1.1" 200 27
116.238.139.35 - - [10/Apr/2023:10:13:04 +0800] "POST /xingrg/services/DataTransmitService HTTP/1.1" 200 524
116.238.139.35 - - [10/Apr/2023:10:13:04 +0800] "POST /xingrg/services/DataTransmitService HTTP/1.1" 200 412
116.238.139.35 - - [10/Apr/2023:10:13:06 +0800] "GET /xingrg/all/function/internal_message.html?_=1681092786978&CODE_STATE=getMsg HTTP/1.1" 200 27
116.227.208.255 - - [10/Apr/2023:10:13:15 +0800] "GET /xingrg/check_reg.html?_=1681092879703 HTTP/1.1" 200 22
116.227.208.255 - - [10/Apr/2023:10:13:15 +0800] "GET /xingrg/all/function/internal_message.html?_=1681092879705&CODE_STATE=getMsg HTTP/1.1" 200 27
114.83.221.160 - - [10/Apr/2023:10:13:18 +0800] "GET /xingrg/all/function/internal_message.html?_=1681092798416&CODE_STATE=getMsg HTTP/1.1" 200 27
116.224.106.218 - - [10/Apr/2023:10:13:20 +0800] "GET /xingrg/all/function/internal_message.html?_=1681092798953&CODE_STATE=getMsg HTTP/1.1" 200 27
180.171.122.0 - - [10/Apr/2023:10:13:22 +0800] "GET /xingrg/all/function/internal_message.html?_=1681092801976&CODE_STATE=getMsg HTTP/1.1" 200 27
114.83.222.182 - - [10/Apr/2023:10:13:25 +0800] "GET /xingrg/all/function/internal_message.html?_=1681092890219&CODE_STATE=getMsg HTTP/1.1" 200 27
172.20.0.100 - - [10/Apr/2023:10:13:27 +0800] "GET /xingrg/all/function/internal_message.html?_=1681092808651&CODE_STATE=getMsg HTTP/1.1" 200 27
116.192.124.172 - - [10/Apr/2023:10:13:28 +0800] "GET /xingrg/all/function/internal_message.html?_=1681092808788&CODE_STATE=getMsg HTTP/1.1" 200 27
58.221.95.50 - - [10/Apr/2023:10:13:29 +0800] "GET /xingrg/all/function/internal_message.html?_=1681092810203&CODE_STATE=getMsg HTTP/1.1" 200 27
180.157.253.110 - - [10/Apr/2023:10:13:31 +0800] "GET /xingrg/check_reg.html?_=1681092811907 HTTP/1.1" 200 22
61.147.15.65 - - [10/Apr/2023:10:13:36 +0800] "GET / HTTP/1.1" 404 -
116.224.158.100 - - [10/Apr/2023:10:13:43 +0800] "GET /xingrg/check_reg.html?_=1681092666521 HTTP/1.1" 200 22
116.224.158.100 - - [10/Apr/2023:10:13:43 +0800] "GET /xingrg/all/function/internal_message.html?_=1681092666518&CODE_STATE=getMsg HTTP/1.1" 200 27
116.238.139.35 - - [10/Apr/2023:10:13:46 +0800] "GET /xingrg/all/function/internal_message.html?_=1681092733193&CODE_STATE=getMsg HTTP/1.1" 200 27
116.224.158.100 - - [10/Apr/2023:10:13:46 +0800] "GET /xingrg/all/function/internal_message.html?_=1681092826850&CODE_STATE=getMsg HTTP/1.1" 200 27
222.67.232.202 - - [10/Apr/2023:10:13:48 +0800] "GET /xingrg/check_reg.html?_=1681092832776 HTTP/1.1" 200 22
222.67.232.202 - - [10/Apr/2023:10:13:48 +0800] "GET /xingrg/all/function/internal_message.html?_=1681092832775&CODE_STATE=getMsg HTTP/1.1" 200 27
180.164.3.199 - - [10/Apr/2023:10:13:48 +0800] "GET /xingrg/all/function/internal_message.html?_=1681092828208&CODE_STATE=getMsg HTTP/1.1" 200 27
101.229.22.234 - - [10/Apr/2023:10:13:49 +0800] "GET /xingrg/all/function/internal_message.html?_=1681092828306&CODE_STATE=getMsg HTTP/1.1" 200 27
218.81.220.59 - - [10/Apr/2023:10:13:58 +0800] "GET /xingrg/check_reg.html?_=1681092840214 HTTP/1.1" 200 22
120.253.135.82 - - [10/Apr/2023:10:13:58 +0800] "GET /xingrg/check_reg.html?_=1681092674173 HTTP/1.1" 200 22
120.253.135.82 - - [10/Apr/2023:10:13:59 +0800] "GET /xingrg/all/function/internal_message.html?_=1681092674604&CODE_STATE=getMsg HTTP/1.1" 200 27
218.81.220.59 - - [10/Apr/2023:10:14:00 +0800] "GET /xingrg/all/function/internal_message.html?_=1681092841771&CODE_STATE=getMsg HTTP/1.1" 200 27
116.238.139.35 - - [10/Apr/2023:10:14:06 +0800] "GET /xingrg/all/function/internal_message.html?_=1681092846965&CODE_STATE=getMsg HTTP/1.1" 200 27
116.238.139.35 - - [10/Apr/2023:10:14:07 +0800] "GET /xingrg/check_reg.html?_=1681092847176 HTTP/1.1" 200 22
116.227.208.255 - - [10/Apr/2023:10:14:15 +0800] "GET /xingrg/all/function/internal_message.html?_=1681092939695&CODE_STATE=getMsg HTTP/1.1" 200 27
218.81.220.59 - - [10/Apr/2023:10:14:17 +0800] "GET /xingrg/kc/buy/cgsh_order_list.html HTTP/1.1" 200 54677
114.83.221.160 - - [10/Apr/2023:10:14:18 +0800] "GET /xingrg/all/function/internal_message.html?_=1681092858421&CODE_STATE=getMsg HTTP/1.1" 200 27
114.83.221.160 - - [10/Apr/2023:10:14:18 +0800] "GET /xingrg/check_reg.html?_=1681092858426 HTTP/1.1" 200 22
218.81.220.59 - - [10/Apr/2023:10:14:20 +0800] "POST /xingrg/kc/buy/cgsh_list_operate.html HTTP/1.1" 200 986
116.224.106.218 - - [10/Apr/2023:10:14:20 +0800] "GET /xingrg/all/function/internal_message.html?_=1681092858956&CODE_STATE=getMsg HTTP/1.1" 200 27
180.171.122.0 - - [10/Apr/2023:10:14:22 +0800] "GET /xingrg/check_reg.html?_=1681092861977 HTTP/1.1" 200 22
180.171.122.0 - - [10/Apr/2023:10:14:22 +0800] "GET /xingrg/all/function/internal_message.html?_=1681092861980&CODE_STATE=getMsg HTTP/1.1" 200 27
114.83.222.182 - - [10/Apr/2023:10:14:25 +0800] "GET /xingrg/all/function/internal_message.html?_=1681092950223&CODE_STATE=getMsg HTTP/1.1" 200 27
172.20.0.100 - - [10/Apr/2023:10:14:27 +0800] "GET /xingrg/check_reg.html?_=1681092868650 HTTP/1.1" 200 22
172.20.0.100 - - [10/Apr/2023:10:14:27 +0800] "GET /xingrg/all/function/internal_message.html?_=1681092868651&CODE_STATE=getMsg HTTP/1.1" 200 27
116.192.124.172 - - [10/Apr/2023:10:14:28 +0800] "GET /xingrg/all/function/internal_message.html?_=1681092868797&CODE_STATE=getMsg HTTP/1.1" 200 27
116.192.124.172 - - [10/Apr/2023:10:14:28 +0800] "GET /xingrg/check_reg.html?_=1681092868801 HTTP/1.1" 200 22
58.221.95.50 - - [10/Apr/2023:10:14:29 +0800] "GET /xingrg/all/function/internal_message.html?_=1681092870180&CODE_STATE=getMsg HTTP/1.1" 200 27
218.81.220.59 - - [10/Apr/2023:10:14:31 +0800] "GET /xingrg/kc/buy/cgsh_order_add.html HTTP/1.1" 200 70453
218.81.220.59 - - [10/Apr/2023:10:14:31 +0800] "GET /xingrg/javascript/pic_change.js HTTP/1.1" 304 -
218.81.220.59 - - [10/Apr/2023:10:14:31 +0800] "GET /xingrg/javascript/jquery_tools/order_manager.js HTTP/1.1" 304 -
218.81.220.59 - - [10/Apr/2023:10:14:31 +0800] "GET /xingrg/javascript/json2.js HTTP/1.1" 304 -
218.81.220.59 - - [10/Apr/2023:10:14:31 +0800] "GET /xingrg/javascript/convert.js HTTP/1.1" 304 -
218.81.220.59 - - [10/Apr/2023:10:14:31 +0800] "GET /xingrg/javascript/print/kc_print.js HTTP/1.1" 304 -
218.81.220.59 - - [10/Apr/2023:10:14:31 +0800] "GET /xingrg/words/20230409165538_words.js HTTP/1.1" 304 -
218.81.220.59 - - [10/Apr/2023:10:14:32 +0800] "POST /xingrg/kc/buy/cgsh_order_operate.html HTTP/1.1" 200 8245
218.81.220.59 - - [10/Apr/2023:10:14:32 +0800] "GET /xingrg/javascript/easyui/themes/default/validatebox.css HTTP/1.1" 404 1104
218.81.220.59 - - [10/Apr/2023:10:14:32 +0800] "GET /xingrg/javascript/easyui/plugins/jquery.validatebox.js HTTP/1.1" 304 -
218.81.220.59 - - [10/Apr/2023:10:14:32 +0800] "GET /xingrg/all/common/auto_word.html?type=employee&rest_code=00146 HTTP/1.1" 200 101
218.81.220.59 - - [10/Apr/2023:10:14:32 +0800] "GET /xingrg/javascript/easyui/plugins/jquery.numberbox.js HTTP/1.1" 304 -
218.81.220.59 - - [10/Apr/2023:10:14:32 +0800] "GET /xingrg/all/common/auto_word.html?type=employee&rest_code=00146 HTTP/1.1" 200 101
116.224.158.100 - - [10/Apr/2023:10:14:43 +0800] "GET /xingrg/all/function/internal_message.html?_=1681092726520&CODE_STATE=getMsg HTTP/1.1" 200 27
180.171.122.0 - - [10/Apr/2023:10:14:43 +0800] "GET /xingrg/kc/buy/cgsh_order_add.html HTTP/1.1" 200 70409
180.171.122.0 - - [10/Apr/2023:10:14:44 +0800] "POST /xingrg/kc/buy/cgsh_order_operate.html HTTP/1.1" 200 8245
180.171.122.0 - - [10/Apr/2023:10:14:44 +0800] "GET /xingrg/javascript/easyui/themes/default/validatebox.css HTTP/1.1" 404 1104
116.238.139.35 - - [10/Apr/2023:10:14:46 +0800] "GET /xingrg/all/function/internal_message.html?_=1681092793204&CODE_STATE=getMsg HTTP/1.1" 200 27
116.224.158.100 - - [10/Apr/2023:10:14:46 +0800] "GET /xingrg/all/function/internal_message.html?_=1681092886852&CODE_STATE=getMsg HTTP/1.1" 200 27
222.67.232.202 - - [10/Apr/2023:10:14:48 +0800] "GET /xingrg/all/function/internal_message.html?_=1681092892769&CODE_STATE=getMsg HTTP/1.1" 200 27
180.164.3.199 - - [10/Apr/2023:10:14:48 +0800] "GET /xingrg/all/function/internal_message.html?_=1681092888182&CODE_STATE=getMsg HTTP/1.1" 200 27
101.229.22.234 - - [10/Apr/2023:10:14:49 +0800] "GET /xingrg/all/function/internal_message.html?_=1681092888289&CODE_STATE=getMsg HTTP/1.1" 200 27
120.253.135.82 - - [10/Apr/2023:10:14:59 +0800] "GET /xingrg/all/function/internal_message.html?_=1681092734619&CODE_STATE=getMsg HTTP/1.1" 200 27
218.81.220.59 - - [10/Apr/2023:10:15:00 +0800] "GET /xingrg/all/function/internal_message.html?_=1681092901784&CODE_STATE=getMsg HTTP/1.1" 200 27
180.171.122.0 - - [10/Apr/2023:10:15:06 +0800] "GET /xingrg/kc/buy/cgsh_order_operate.html?command=get_materiel&rest_code=00111&code=00101009118&supplier_code=00100037&order_time=2023-04-10 HTTP/1.1" 200 406
116.238.139.35 - - [10/Apr/2023:10:15:06 +0800] "GET /xingrg/all/function/internal_message.html?_=1681092906942&CODE_STATE=getMsg HTTP/1.1" 200 27
116.227.208.255 - - [10/Apr/2023:10:15:15 +0800] "GET /xingrg/all/function/internal_message.html?_=1681092999704&CODE_STATE=getMsg HTTP/1.1" 200 27
114.83.221.160 - - [10/Apr/2023:10:15:18 +0800] "GET /xingrg/all/function/internal_message.html?_=1681092918416&CODE_STATE=getMsg HTTP/1.1" 200 27
116.224.106.218 - - [10/Apr/2023:10:15:20 +0800] "GET /xingrg/all/function/internal_message.html?_=1681092918959&CODE_STATE=getMsg HTTP/1.1" 200 27
180.171.122.0 - - [10/Apr/2023:10:15:20 +0800] "GET /xingrg/kc/buy/cgsh_order_operate.html?command=get_materiel&rest_code=00111&code=00101019816&supplier_code=00100037&order_time=2023-04-10 HTTP/1.1" 200 446
180.171.122.0 - - [10/Apr/2023:10:15:22 +0800] "GET /xingrg/all/function/internal_message.html?_=1681092921998&CODE_STATE=getMsg HTTP/1.1" 200 27
114.83.222.182 - - [10/Apr/2023:10:15:25 +0800] "GET /xingrg/all/function/internal_message.html?_=1681093010235&CODE_STATE=getMsg HTTP/1.1" 200 27
114.83.222.182 - - [10/Apr/2023:10:15:25 +0800] "GET /xingrg/check_reg.html?_=1681093010236 HTTP/1.1" 200 22
172.20.0.100 - - [10/Apr/2023:10:15:27 +0800] "GET /xingrg/all/function/internal_message.html?_=1681092928650&CODE_STATE=getMsg HTTP/1.1" 200 27
116.192.124.172 - - [10/Apr/2023:10:15:28 +0800] "GET /xingrg/all/function/internal_message.html?_=1681092928796&CODE_STATE=getMsg HTTP/1.1" 200 27
58.221.95.50 - - [10/Apr/2023:10:15:29 +0800] "GET /xingrg/all/function/internal_message.html?_=1681092930158&CODE_STATE=getMsg HTTP/1.1" 200 27
180.171.122.0 - - [10/Apr/2023:10:15:31 +0800] "GET /xingrg/kc/buy/cgsh_order_operate.html?command=get_materiel&rest_code=00111&code=00101019670&supplier_code=00100037&order_time=2023-04-10 HTTP/1.1" 200 435
180.171.122.0 - - [10/Apr/2023:10:15:42 +0800] "GET /xingrg/kc/buy/cgsh_order_operate.html?command=get_materiel&rest_code=00111&code=00101016105&supplier_code=00100037&order_time=2023-04-10 HTTP/1.1" 200 409
116.224.158.100 - - [10/Apr/2023:10:15:43 +0800] "GET /xingrg/all/function/internal_message.html?_=1681092786520&CODE_STATE=getMsg HTTP/1.1" 200 27
222.67.232.202 - - [10/Apr/2023:10:15:45 +0800] "GET /xingrg/kc/buy/cgsh_order_add.html HTTP/1.1" 200 70453
222.67.232.202 - - [10/Apr/2023:10:15:45 +0800] "POST /xingrg/kc/buy/cgsh_order_operate.html HTTP/1.1" 200 8245
116.238.139.35 - - [10/Apr/2023:10:15:45 +0800] "GET /xingrg/check_reg.html?_=1681092852798 HTTP/1.1" 200 22
222.67.232.202 - - [10/Apr/2023:10:15:45 +0800] "GET /xingrg/javascript/easyui/themes/default/validatebox.css HTTP/1.1" 404 1104
222.67.232.202 - - [10/Apr/2023:10:15:45 +0800] "GET /xingrg/all/common/auto_word.html?type=employee&rest_code=00141 HTTP/1.1" 200 201
222.67.232.202 - - [10/Apr/2023:10:15:45 +0800] "GET /xingrg/all/common/auto_word.html?type=employee&rest_code=00141 HTTP/1.1" 200 201
116.238.139.35 - - [10/Apr/2023:10:15:46 +0800] "GET /xingrg/all/function/internal_message.html?_=1681092853217&CODE_STATE=getMsg HTTP/1.1" 200 27
116.224.158.100 - - [10/Apr/2023:10:15:46 +0800] "GET /xingrg/all/function/internal_message.html?_=1681092946854&CODE_STATE=getMsg HTTP/1.1" 200 27
116.224.158.100 - - [10/Apr/2023:10:15:46 +0800] "GET /xingrg/check_reg.html?_=1681092946857 HTTP/1.1" 200 22
222.67.232.202 - - [10/Apr/2023:10:15:48 +0800] "GET /xingrg/all/function/internal_message.html?_=1681092952782&CODE_STATE=getMsg HTTP/1.1" 200 27
180.164.3.199 - - [10/Apr/2023:10:15:48 +0800] "GET /xingrg/all/function/internal_message.html?_=1681092948170&CODE_STATE=getMsg HTTP/1.1" 200 27
222.67.232.202 - - [10/Apr/2023:10:15:49 +0800] "GET /xingrg/javascript/jquery_tools/images/prev.gif HTTP/1.1" 404 1086
222.67.232.202 - - [10/Apr/2023:10:15:49 +0800] "GET /xingrg/javascript/jquery_tools/images/next.gif HTTP/1.1" 404 1086
101.229.22.234 - - [10/Apr/2023:10:15:49 +0800] "GET /xingrg/check_reg.html?_=1681092948276 HTTP/1.1" 200 22
101.229.22.234 - - [10/Apr/2023:10:15:49 +0800] "GET /xingrg/all/function/internal_message.html?_=1681092948277&CODE_STATE=getMsg HTTP/1.1" 200 27
180.171.122.0 - - [10/Apr/2023:10:15:52 +0800] "GET /xingrg/kc/buy/cgsh_order_operate.html?command=get_materiel&rest_code=00111&code=00101012051&supplier_code=00100037&order_time=2023-04-10 HTTP/1.1" 200 408
222.67.232.202 - - [10/Apr/2023:10:15:55 +0800] "GET /xingrg/kc/buy/cgsh_order_operate.html?command=get_materiel&rest_code=00141&code=00101007038&supplier_code=00100004&order_time=2023-04-10 HTTP/1.1" 200 420
120.253.135.82 - - [10/Apr/2023:10:15:59 +0800] "GET /xingrg/all/function/internal_message.html?_=1681092794631&CODE_STATE=getMsg HTTP/1.1" 200 27
218.81.220.59 - - [10/Apr/2023:10:16:00 +0800] "GET /xingrg/all/function/internal_message.html?_=1681092961799&CODE_STATE=getMsg HTTP/1.1" 200 27
180.171.122.0 - - [10/Apr/2023:10:16:05 +0800] "GET /xingrg/kc/buy/cgsh_order_operate.html?command=get_materiel&rest_code=00111&code=00101016071&supplier_code=00100037&order_time=2023-04-10 HTTP/1.1" 200 416
222.67.232.202 - - [10/Apr/2023:10:16:05 +0800] "GET /xingrg/kc/buy/cgsh_order_operate.html?command=get_materiel&rest_code=00141&code=00101007081&supplier_code=00100004&order_time=2023-04-10 HTTP/1.1" 200 413
116.238.139.35 - - [10/Apr/2023:10:16:06 +0800] "GET /xingrg/all/function/internal_message.html?_=1681092966912&CODE_STATE=getMsg HTTP/1.1" 200 27
180.171.122.0 - - [10/Apr/2023:10:16:13 +0800] "GET /xingrg/kc/buy/cgsh_order_operate.html?command=get_materiel&rest_code=00111&code=00101012025&supplier_code=00100037&order_time=2023-04-10 HTTP/1.1" 200 412
116.227.208.255 - - [10/Apr/2023:10:16:15 +0800] "GET /xingrg/all/function/internal_message.html?_=1681093059696&CODE_STATE=getMsg HTTP/1.1" 200 27
114.83.221.160 - - [10/Apr/2023:10:16:18 +0800] "GET /xingrg/all/function/internal_message.html?_=1681092978416&CODE_STATE=getMsg HTTP/1.1" 200 27
116.224.106.218 - - [10/Apr/2023:10:16:20 +0800] "GET /xingrg/check_reg.html?_=1681092978960 HTTP/1.1" 200 22
116.224.106.218 - - [10/Apr/2023:10:16:20 +0800] "GET /xingrg/all/function/internal_message.html?_=1681092978963&CODE_STATE=getMsg HTTP/1.1" 200 27
180.171.122.0 - - [10/Apr/2023:10:16:22 +0800] "GET /xingrg/all/function/internal_message.html?_=1681092981988&CODE_STATE=getMsg HTTP/1.1" 200 27
58.221.95.50 - - [10/Apr/2023:10:16:23 +0800] "GET /xingrg/check_reg.html?_=1681092984502 HTTP/1.1" 200 22
180.171.122.0 - - [10/Apr/2023:10:16:23 +0800] "GET /xingrg/kc/buy/cgsh_order_operate.html?command=get_materiel&rest_code=00111&code=00101007109&supplier_code=00100037&order_time=2023-04-10 HTTP/1.1" 200 427
114.83.222.182 - - [10/Apr/2023:10:16:25 +0800] "GET /xingrg/all/function/internal_message.html?_=1681093070224&CODE_STATE=getMsg HTTP/1.1" 200 27
172.20.0.100 - - [10/Apr/2023:10:16:27 +0800] "GET /xingrg/all/function/internal_message.html?_=1681092988648&CODE_STATE=getMsg HTTP/1.1" 200 27
116.192.124.172 - - [10/Apr/2023:10:16:28 +0800] "GET /xingrg/all/function/internal_message.html?_=1681092988785&CODE_STATE=getMsg HTTP/1.1" 200 27
58.221.95.50 - - [10/Apr/2023:10:16:29 +0800] "GET /xingrg/all/function/internal_message.html?_=1681092990143&CODE_STATE=getMsg HTTP/1.1" 200 27
222.67.232.202 - - [10/Apr/2023:10:16:31 +0800] "POST /xingrg/kc/buy/cgsh_order_operate.html HTTP/1.1" 200 37
180.171.122.0 - - [10/Apr/2023:10:16:33 +0800] "GET /xingrg/kc/buy/cgsh_order_operate.html?command=get_materiel&rest_code=00111&code=00101011005&supplier_code=00100037&order_time=2023-04-10 HTTP/1.1" 200 428
222.67.232.202 - - [10/Apr/2023:10:16:37 +0800] "POST /xingrg/kc/buy/cgsh_order_operate.html HTTP/1.1" 200 12
222.67.232.202 - - [10/Apr/2023:10:16:43 +0800] "GET /xingrg/kc/buy/cgsh_order_info.html?code=212023041002982 HTTP/1.1" 200 65355
222.67.232.202 - - [10/Apr/2023:10:16:43 +0800] "GET /xingrg/javascript/easyui/themes/default/validatebox.css HTTP/1.1" 404 1104
116.224.158.100 - - [10/Apr/2023:10:16:43 +0800] "GET /xingrg/all/function/internal_message.html?_=1681092846521&CODE_STATE=getMsg HTTP/1.1" 200 27
222.67.232.202 - - [10/Apr/2023:10:16:44 +0800] "POST /xingrg/kc/buy/cgsh_order_operate.html HTTP/1.1" 200 1201
116.238.139.35 - - [10/Apr/2023:10:16:46 +0800] "GET /xingrg/all/function/internal_message.html?_=1681092913232&CODE_STATE=getMsg HTTP/1.1" 200 27
116.224.158.100 - - [10/Apr/2023:10:16:46 +0800] "GET /xingrg/all/function/internal_message.html?_=1681093006858&CODE_STATE=getMsg HTTP/1.1" 200 27
222.67.232.202 - - [10/Apr/2023:10:16:48 +0800] "GET /xingrg/all/function/internal_message.html?_=1681093012775&CODE_STATE=getMsg HTTP/1.1" 200 27
222.67.232.202 - - [10/Apr/2023:10:16:48 +0800] "GET /xingrg/kc/print/load_config.html?kc_code=cgsh HTTP/1.1" 200 1925
218.81.220.59 - - [10/Apr/2023:10:16:48 +0800] "POST /xingrg/services/DataTransmitService HTTP/1.1" 200 524
180.164.3.199 - - [10/Apr/2023:10:16:48 +0800] "GET /xingrg/all/function/internal_message.html?_=1681093008148&CODE_STATE=getMsg HTTP/1.1" 200 27
222.67.232.202 - - [10/Apr/2023:10:16:49 +0800] "GET /xingrg/kc/print/load_data.html?order_code=212023041002982&kc_code=cgsh&condition= HTTP/1.1" 200 992
101.229.22.234 - - [10/Apr/2023:10:16:49 +0800] "GET /xingrg/all/function/internal_message.html?_=1681093008291&CODE_STATE=getMsg HTTP/1.1" 200 27
180.164.3.199 - - [10/Apr/2023:10:16:49 +0800] "GET /xingrg/check_reg.html?_=1681093008739 HTTP/1.1" 200 22
180.171.122.0 - - [10/Apr/2023:10:16:50 +0800] "GET /xingrg/kc/buy/cgsh_order_operate.html?command=get_materiel&rest_code=00111&code=00101009004&supplier_code=00100037&order_time=2023-04-10 HTTP/1.1" 200 409
120.253.135.82 - - [10/Apr/2023:10:16:59 +0800] "GET /xingrg/all/function/internal_message.html?_=1681092854651&CODE_STATE=getMsg HTTP/1.1" 200 27
218.81.220.59 - - [10/Apr/2023:10:17:00 +0800] "GET /xingrg/all/function/internal_message.html?_=1681093021826&CODE_STATE=getMsg HTTP/1.1" 200 27
116.238.139.35 - - [10/Apr/2023:10:17:06 +0800] "GET /xingrg/all/function/internal_message.html?_=1681093026883&CODE_STATE=getMsg HTTP/1.1" 200 27
180.171.122.0 - - [10/Apr/2023:10:17:06 +0800] "GET /xingrg/kc/buy/cgsh_order_operate.html?command=get_materiel&rest_code=00111&code=00101034078&supplier_code=00100037&order_time=2023-04-10 HTTP/1.1" 200 413
116.227.208.255 - - [10/Apr/2023:10:17:15 +0800] "GET /xingrg/all/function/internal_message.html?_=1681093119701&CODE_STATE=getMsg HTTP/1.1" 200 27
180.157.253.110 - - [10/Apr/2023:10:17:18 +0800] "GET /xingrg/check_reg.html?_=1681093038354 HTTP/1.1" 302 -
114.83.221.160 - - [10/Apr/2023:10:17:18 +0800] "GET /xingrg/all/function/internal_message.html?_=1681093038419&CODE_STATE=getMsg HTTP/1.1" 200 27
180.171.122.0 - - [10/Apr/2023:10:17:20 +0800] "GET /xingrg/kc/buy/cgsh_order_operate.html?command=get_materiel&rest_code=00111&code=00101015158&supplier_code=00100037&order_time=2023-04-10 HTTP/1.1" 200 422
116.224.106.218 - - [10/Apr/2023:10:17:20 +0800] "GET /xingrg/all/function/internal_message.html?_=1681093038963&CODE_STATE=getMsg HTTP/1.1" 200 27
180.171.122.0 - - [10/Apr/2023:10:17:22 +0800] "GET /xingrg/all/function/internal_message.html?_=1681093042001&CODE_STATE=getMsg HTTP/1.1" 200 27
114.83.222.182 - - [10/Apr/2023:10:17:25 +0800] "GET /xingrg/all/function/internal_message.html?_=1681093130234&CODE_STATE=getMsg HTTP/1.1" 200 27
172.20.0.100 - - [10/Apr/2023:10:17:27 +0800] "GET /xingrg/all/function/internal_message.html?_=1681093048653&CODE_STATE=getMsg HTTP/1.1" 200 27
116.192.124.172 - - [10/Apr/2023:10:17:28 +0800] "GET /xingrg/all/function/internal_message.html?_=1681093048792&CODE_STATE=getMsg HTTP/1.1" 200 27
58.221.95.50 - - [10/Apr/2023:10:17:29 +0800] "GET /xingrg/all/function/internal_message.html?_=1681093050142&CODE_STATE=getMsg HTTP/1.1" 200 27
180.171.122.0 - - [10/Apr/2023:10:17:34 +0800] "GET /xingrg/kc/buy/cgsh_order_operate.html?command=get_materiel&rest_code=00111&code=00101009160&supplier_code=00100037&order_time=2023-04-10 HTTP/1.1" 200 415
116.224.158.100 - - [10/Apr/2023:10:17:43 +0800] "GET /xingrg/all/function/internal_message.html?_=1681092906521&CODE_STATE=getMsg HTTP/1.1" 200 27
116.238.139.35 - - [10/Apr/2023:10:17:46 +0800] "GET /xingrg/all/function/internal_message.html?_=1681092973244&CODE_STATE=getMsg HTTP/1.1" 200 27
116.224.158.100 - - [10/Apr/2023:10:17:46 +0800] "GET /xingrg/all/function/internal_message.html?_=1681093066859&CODE_STATE=getMsg HTTP/1.1" 200 27
222.67.232.202 - - [10/Apr/2023:10:17:48 +0800] "GET /xingrg/all/function/internal_message.html?_=1681093072780&CODE_STATE=getMsg HTTP/1.1" 200 27
180.171.122.0 - - [10/Apr/2023:10:17:48 +0800] "GET /xingrg/kc/buy/cgsh_order_operate.html?command=get_materiel&rest_code=00111&code=00101009113&supplier_code=00100037&order_time=2023-04-10 HTTP/1.1" 200 413
180.164.3.199 - - [10/Apr/2023:10:17:48 +0800] "GET /xingrg/all/function/internal_message.html?_=1681093068124&CODE_STATE=getMsg HTTP/1.1" 200 27
101.229.22.234 - - [10/Apr/2023:10:17:49 +0800] "GET /xingrg/all/function/internal_message.html?_=1681093068274&CODE_STATE=getMsg HTTP/1.1" 200 27
120.253.135.82 - - [10/Apr/2023:10:17:59 +0800] "GET /xingrg/all/function/internal_message.html?_=1681092914659&CODE_STATE=getMsg HTTP/1.1" 200 27
222.67.232.202 - - [10/Apr/2023:10:17:59 +0800] "POST /xingrg/services/DataTransmitService HTTP/1.1" 200 524
