101.229.22.234 - - [10/Apr/2023:09:40:48 +0800] "POST /xingrg/login.do HTTP/1.1" 302 -
101.229.22.234 - - [10/Apr/2023:09:40:48 +0800] "GET /xingrg/index.html?sysBaseUrl=http%3A%2F%2F180.169.147.146%3A18081%2Fxingrg%2F&costTime=827×tamp=1681090848757 HTTP/1.1" 200 17179
101.229.22.234 - - [10/Apr/2023:09:40:48 +0800] "GET /xingrg/javascript/jquery_easy_ui/themes/default/easyui.css HTTP/1.1" 304 -
101.229.22.234 - - [10/Apr/2023:09:40:48 +0800] "GET /xingrg/javascript/jquery_easy_ui/themes/icon.css HTTP/1.1" 304 -
101.229.22.234 - - [10/Apr/2023:09:40:48 +0800] "GET /xingrg/css/form.css HTTP/1.1" 304 -
101.229.22.234 - - [10/Apr/2023:09:40:48 +0800] "GET /xingrg/javascript/jquery.form.js HTTP/1.1" 304 -
101.229.22.234 - - [10/Apr/2023:09:40:48 +0800] "GET /xingrg/javascript/jquery_easy_ui/easyui-lang-zh_CN.js HTTP/1.1" 304 -
101.229.22.234 - - [10/Apr/2023:09:40:48 +0800] "GET /xingrg/javascript/jquery-1.4.2.min.js HTTP/1.1" 304 -
101.229.22.234 - - [10/Apr/2023:09:40:48 +0800] "GET /xingrg/javascript/jquery.utils.js HTTP/1.1" 304 -
101.229.22.234 - - [10/Apr/2023:09:40:48 +0800] "GET /xingrg/javascript/jquery_easy_ui/jquery.easyui.min.js HTTP/1.1" 304 -
101.229.22.234 - - [10/Apr/2023:09:40:48 +0800] "GET /xingrg/javascript/jquery.timers.js HTTP/1.1" 304 -
101.229.22.234 - - [10/Apr/2023:09:40:49 +0800] "GET /favicon.ico HTTP/1.1" 404 -
101.229.22.234 - - [10/Apr/2023:09:40:49 +0800] "GET /xingrg/javascript/jquery_easy_ui/themes/icons/settle_new.png HTTP/1.1" 304 -
101.229.22.234 - - [10/Apr/2023:09:40:49 +0800] "GET /xingrg/images/blue/navBackgound.jpg HTTP/1.1" 304 -
101.229.22.234 - - [10/Apr/2023:09:40:49 +0800] "POST /xingrg/all/common/load_tree.html?tree=area_rest_tree_json&manage=1 HTTP/1.1" 200 351
101.229.22.234 - - [10/Apr/2023:09:40:49 +0800] "GET /xingrg/images/blue/pingpu.png HTTP/1.1" 304 -
101.229.22.234 - - [10/Apr/2023:09:40:49 +0800] "GET /xingrg/check_reg.html?_=1681090848237 HTTP/1.1" 200 22
101.229.22.234 - - [10/Apr/2023:09:40:49 +0800] "GET /xingrg/all/function/internal_message.html?_=1681090848236&CODE_STATE=count HTTP/1.1" 200 11
101.229.22.234 - - [10/Apr/2023:09:40:49 +0800] "GET /xingrg/javascript/jquery_easy_ui/themes/default/images/tabs_leftarrow.png HTTP/1.1" 304 -
101.229.22.234 - - [10/Apr/2023:09:40:49 +0800] "GET /xingrg/javascript/jquery_easy_ui/themes/default/images/tabs_rightarrow.png HTTP/1.1" 304 -
101.229.22.234 - - [10/Apr/2023:09:40:49 +0800] "GET /xingrg/javascript/jquery_easy_ui/themes/default/images/panel_tool_collapse.gif HTTP/1.1" 304 -
180.164.3.199 - - [10/Apr/2023:09:40:49 +0800] "GET /xingrg/all/function/internal_message.html?_=1681090848716&CODE_STATE=getMsg HTTP/1.1" 200 27
101.229.22.234 - - [10/Apr/2023:09:40:49 +0800] "POST /xingrg/load_menu.html HTTP/1.1" 200 5138
101.229.22.234 - - [10/Apr/2023:09:40:49 +0800] "GET /xingrg/javascript/jquery_easy_ui/themes/default/images/tree_arrows.gif HTTP/1.1" 304 -
101.229.22.234 - - [10/Apr/2023:09:40:49 +0800] "GET /xingrg/javascript/jquery_easy_ui/themes/icons/search_new.png HTTP/1.1" 304 -
101.229.22.234 - - [10/Apr/2023:09:40:49 +0800] "GET /xingrg/javascript/jquery_easy_ui/themes/default/images/tree_folder_open.gif HTTP/1.1" 304 -
101.229.22.234 - - [10/Apr/2023:09:40:49 +0800] "GET /xingrg/javascript/jquery_easy_ui/themes/icons/storage_new.png HTTP/1.1" 304 -
101.229.22.234 - - [10/Apr/2023:09:40:49 +0800] "GET /xingrg/javascript/jquery_easy_ui/themes/default/images/tree_folder.gif HTTP/1.1" 304 -
101.229.22.234 - - [10/Apr/2023:09:40:49 +0800] "GET /xingrg/javascript/jquery_easy_ui/themes/icons/forms_new.png HTTP/1.1" 304 -
101.229.22.234 - - [10/Apr/2023:09:40:49 +0800] "GET /xingrg/javascript/jquery_easy_ui/themes/default/images/tree_file.gif HTTP/1.1" 304 -
222.67.232.202 - - [10/Apr/2023:09:40:55 +0800] "GET /xingrg/kc/buy/cgsh_order_operate.html?command=get_materiel&rest_code=00141&code=00101008131&supplier_code=00100012&order_time=2023-04-10 HTTP/1.1" 200 408
120.253.135.82 - - [10/Apr/2023:09:40:58 +0800] "GET /xingrg/all/function/internal_message.html?_=1681090694156&CODE_STATE=getMsg HTTP/1.1" 200 27
218.81.220.59 - - [10/Apr/2023:09:40:59 +0800] "GET /xingrg/all/function/internal_message.html?_=1681090861323&CODE_STATE=getMsg HTTP/1.1" 200 27
116.238.139.35 - - [10/Apr/2023:09:41:07 +0800] "GET /xingrg/all/function/internal_message.html?_=1681090867171&CODE_STATE=getMsg HTTP/1.1" 200 27
124.78.155.10 - - [10/Apr/2023:09:41:08 +0800] "GET /xingrg/all/function/internal_message.html?_=1681090869405&CODE_STATE=getMsg HTTP/1.1" 200 27
116.192.124.172 - - [10/Apr/2023:09:41:09 +0800] "GET /xingrg/kc/buy/cgsh_order_operate.html?command=get_materiel&rest_code=00102&code=00101009031&supplier_code=00100022&order_time=2023-04-10 HTTP/1.1" 200 408
222.67.232.202 - - [10/Apr/2023:09:41:10 +0800] "GET /xingrg/kc/buy/cgsh_order_operate.html?command=get_materiel&rest_code=00141&code=00101006055&supplier_code=00100012&order_time=2023-04-10 HTTP/1.1" 200 409
124.79.73.41 - - [10/Apr/2023:09:41:10 +0800] "POST /xingrg/services/DataTransmitService HTTP/1.1" 401 565
124.79.73.41 - - [10/Apr/2023:09:41:10 +0800] "POST /xingrg/services/DataTransmitService HTTP/1.1" 200 478
124.79.73.41 - - [10/Apr/2023:09:41:10 +0800] "POST /xingrg/services/DataTransmitService HTTP/1.1" 200 1319
124.79.73.41 - - [10/Apr/2023:09:41:10 +0800] "POST /xingrg/services/DataTransmitService HTTP/1.1" 200 478
124.79.73.41 - - [10/Apr/2023:09:41:10 +0800] "POST /xingrg/services/DataTransmitService HTTP/1.1" 200 1319
124.79.73.41 - - [10/Apr/2023:09:41:10 +0800] "POST /xingrg/services/DataTransmitService HTTP/1.1" 200 524
124.79.73.41 - - [10/Apr/2023:09:41:11 +0800] "POST /xingrg/services/DataTransmitService HTTP/1.1" 200 2055
124.79.73.41 - - [10/Apr/2023:09:41:11 +0800] "POST /xingrg/services/DataTransmitService HTTP/1.1" 200 45454
124.79.73.41 - - [10/Apr/2023:09:41:11 +0800] "POST /xingrg/services/DataTransmitService HTTP/1.1" 200 19237
124.79.73.41 - - [10/Apr/2023:09:41:14 +0800] "POST /xingrg/services/DataTransmitService HTTP/1.1" 200 524
124.79.73.41 - - [10/Apr/2023:09:41:15 +0800] "POST /xingrg/services/DataTransmitService HTTP/1.1" 200 2055
116.227.208.255 - - [10/Apr/2023:09:41:15 +0800] "GET /xingrg/all/function/internal_message.html?_=1681090959695&CODE_STATE=getMsg HTTP/1.1" 200 27
114.83.221.160 - - [10/Apr/2023:09:41:18 +0800] "GET /xingrg/all/function/internal_message.html?_=1681090878302&CODE_STATE=getMsg HTTP/1.1" 200 27
116.224.106.218 - - [10/Apr/2023:09:41:20 +0800] "GET /xingrg/all/function/internal_message.html?_=1681090878899&CODE_STATE=getMsg HTTP/1.1" 200 27
116.224.106.218 - - [10/Apr/2023:09:41:20 +0800] "GET /xingrg/check_reg.html?_=1681090878902 HTTP/1.1" 200 22
180.171.122.0 - - [10/Apr/2023:09:41:22 +0800] "GET /xingrg/all/function/internal_message.html?_=1681090881930&CODE_STATE=getMsg HTTP/1.1" 200 27
58.221.95.50 - - [10/Apr/2023:09:41:23 +0800] "GET /xingrg/check_reg.html?_=1681090884504 HTTP/1.1" 200 22
114.83.222.182 - - [10/Apr/2023:09:41:25 +0800] "GET /xingrg/all/function/internal_message.html?_=1681090970243&CODE_STATE=getMsg HTTP/1.1" 200 27
222.67.232.202 - - [10/Apr/2023:09:41:26 +0800] "GET /xingrg/check_reg.html?_=1681090890432 HTTP/1.1" 200 22
172.20.0.100 - - [10/Apr/2023:09:41:27 +0800] "GET /xingrg/all/function/internal_message.html?_=1681090888613&CODE_STATE=getMsg HTTP/1.1" 200 27
116.192.124.172 - - [10/Apr/2023:09:41:28 +0800] "GET /xingrg/all/function/internal_message.html?_=1681090888801&CODE_STATE=getMsg HTTP/1.1" 200 27
58.221.95.50 - - [10/Apr/2023:09:41:29 +0800] "GET /xingrg/all/function/internal_message.html?_=1681090890737&CODE_STATE=getMsg HTTP/1.1" 200 27
180.169.147.146 - - [10/Apr/2023:09:41:36 +0800] "GET /xingrg/all/function/internal_message.html?_=1681090898217&CODE_STATE=getMsg HTTP/1.1" 200 27
222.67.232.202 - - [10/Apr/2023:09:41:41 +0800] "POST /xingrg/kc/buy/cgsh_order_operate.html HTTP/1.1" 200 37
116.224.158.100 - - [10/Apr/2023:09:41:43 +0800] "GET /xingrg/all/function/internal_message.html?_=1681090746462&CODE_STATE=getMsg HTTP/1.1" 200 27
124.78.155.10 - - [10/Apr/2023:09:41:45 +0800] "GET /xingrg/all/function/internal_message.html?_=1681090906440&CODE_STATE=getMsg HTTP/1.1" 200 27
116.224.158.100 - - [10/Apr/2023:09:41:46 +0800] "GET /xingrg/all/function/internal_message.html?_=1681090906820&CODE_STATE=getMsg HTTP/1.1" 200 27
222.67.232.202 - - [10/Apr/2023:09:41:48 +0800] "POST /xingrg/kc/buy/cgsh_order_operate.html HTTP/1.1" 200 12
101.229.22.234 - - [10/Apr/2023:09:41:49 +0800] "GET /xingrg/all/function/internal_message.html?_=1681090908243&CODE_STATE=getMsg HTTP/1.1" 200 27
180.164.3.199 - - [10/Apr/2023:09:41:49 +0800] "GET /xingrg/all/function/internal_message.html?_=1681090908689&CODE_STATE=getMsg HTTP/1.1" 200 27
180.164.3.199 - - [10/Apr/2023:09:41:49 +0800] "GET /xingrg/check_reg.html?_=1681090908732 HTTP/1.1" 200 22
222.67.232.202 - - [10/Apr/2023:09:41:51 +0800] "GET /xingrg/kc/buy/cgsh_order_info.html?code=212023041002969 HTTP/1.1" 200 65355
222.67.232.202 - - [10/Apr/2023:09:41:52 +0800] "GET /xingrg/javascript/easyui/themes/default/validatebox.css HTTP/1.1" 404 1104
222.67.232.202 - - [10/Apr/2023:09:41:52 +0800] "POST /xingrg/kc/buy/cgsh_order_operate.html HTTP/1.1" 200 2981
222.67.232.202 - - [10/Apr/2023:09:41:56 +0800] "GET /xingrg/kc/print/load_config.html?kc_code=cgsh HTTP/1.1" 200 1925
222.67.232.202 - - [10/Apr/2023:09:41:57 +0800] "GET /xingrg/kc/print/load_data.html?order_code=212023041002969&kc_code=cgsh&condition= HTTP/1.1" 200 1706
120.253.135.82 - - [10/Apr/2023:09:41:58 +0800] "GET /xingrg/all/function/internal_message.html?_=1681090754176&CODE_STATE=getMsg HTTP/1.1" 200 27
218.81.220.59 - - [10/Apr/2023:09:41:59 +0800] "GET /xingrg/all/function/internal_message.html?_=1681090921341&CODE_STATE=getMsg HTTP/1.1" 200 27
116.238.139.35 - - [10/Apr/2023:09:42:07 +0800] "GET /xingrg/all/function/internal_message.html?_=1681090927170&CODE_STATE=getMsg HTTP/1.1" 200 27
124.78.155.10 - - [10/Apr/2023:09:42:08 +0800] "GET /xingrg/all/function/internal_message.html?_=1681090929405&CODE_STATE=getMsg HTTP/1.1" 200 27
116.227.208.255 - - [10/Apr/2023:09:42:15 +0800] "GET /xingrg/all/function/internal_message.html?_=1681091019698&CODE_STATE=getMsg HTTP/1.1" 200 27
114.83.221.160 - - [10/Apr/2023:09:42:18 +0800] "GET /xingrg/all/function/internal_message.html?_=1681090938299&CODE_STATE=getMsg HTTP/1.1" 200 27
180.157.253.110 - - [10/Apr/2023:09:42:18 +0800] "GET /xingrg/check_reg.html?_=1681090938440 HTTP/1.1" 302 -
116.224.106.218 - - [10/Apr/2023:09:42:20 +0800] "GET /xingrg/all/function/internal_message.html?_=1681090938901&CODE_STATE=getMsg HTTP/1.1" 200 27
180.171.122.0 - - [10/Apr/2023:09:42:22 +0800] "GET /xingrg/all/function/internal_message.html?_=1681090941930&CODE_STATE=getMsg HTTP/1.1" 200 27
222.67.232.202 - - [10/Apr/2023:09:42:23 +0800] "GET /xingrg/kc/buy/cgsh_order_add.html HTTP/1.1" 200 70453
222.67.232.202 - - [10/Apr/2023:09:42:23 +0800] "POST /xingrg/kc/buy/cgsh_order_operate.html HTTP/1.1" 200 8245
222.67.232.202 - - [10/Apr/2023:09:42:23 +0800] "GET /xingrg/javascript/easyui/themes/default/validatebox.css HTTP/1.1" 404 1104
114.83.222.182 - - [10/Apr/2023:09:42:25 +0800] "GET /xingrg/all/function/internal_message.html?_=1681091030230&CODE_STATE=getMsg HTTP/1.1" 200 27
172.20.0.100 - - [10/Apr/2023:09:42:27 +0800] "GET /xingrg/all/function/internal_message.html?_=1681090948612&CODE_STATE=getMsg HTTP/1.1" 200 27
116.192.124.172 - - [10/Apr/2023:09:42:28 +0800] "GET /xingrg/all/function/internal_message.html?_=1681090948803&CODE_STATE=getMsg HTTP/1.1" 200 27
58.221.95.50 - - [10/Apr/2023:09:42:29 +0800] "GET /xingrg/all/function/internal_message.html?_=1681090950720&CODE_STATE=getMsg HTTP/1.1" 200 27
222.67.232.202 - - [10/Apr/2023:09:42:33 +0800] "GET /xingrg/index.html HTTP/1.1" 200 17179
222.67.232.202 - - [10/Apr/2023:09:42:33 +0800] "POST /xingrg/all/common/load_tree.html?tree=area_rest_tree_json&manage=1 HTTP/1.1" 200 351
222.67.232.202 - - [10/Apr/2023:09:42:33 +0800] "GET /xingrg/all/function/internal_message.html?_=1681090958097&CODE_STATE=count HTTP/1.1" 200 11
222.67.232.202 - - [10/Apr/2023:09:42:33 +0800] "GET /xingrg/check_reg.html?_=1681090958098 HTTP/1.1" 200 22
222.67.232.202 - - [10/Apr/2023:09:42:33 +0800] "POST /xingrg/load_menu.html HTTP/1.1" 200 5138
180.169.147.146 - - [10/Apr/2023:09:42:36 +0800] "GET /xingrg/all/function/internal_message.html?_=1681090958233&CODE_STATE=getMsg HTTP/1.1" 200 27
222.67.232.202 - - [10/Apr/2023:09:42:37 +0800] "GET /xingrg/kc/buy/buy_main.html HTTP/1.1" 200 12412
222.67.232.202 - - [10/Apr/2023:09:42:37 +0800] "GET /xingrg/css/new_ie.css HTTP/1.1" 404 1036
222.67.232.202 - - [10/Apr/2023:09:42:38 +0800] "GET /xingrg/images/yd/bt.gif HTTP/1.1" 404 1040
222.67.232.202 - - [10/Apr/2023:09:42:39 +0800] "GET /xingrg/kc/buy/cgsh_order_list.html HTTP/1.1" 200 54677
222.67.232.202 - - [10/Apr/2023:09:42:41 +0800] "POST /xingrg/kc/buy/cgsh_list_operate.html HTTP/1.1" 200 986
222.67.232.202 - - [10/Apr/2023:09:42:42 +0800] "GET /xingrg/kc/buy/cgsh_order_add.html HTTP/1.1" 200 70453
222.67.232.202 - - [10/Apr/2023:09:42:43 +0800] "POST /xingrg/kc/buy/cgsh_order_operate.html HTTP/1.1" 200 8245
222.67.232.202 - - [10/Apr/2023:09:42:43 +0800] "GET /xingrg/javascript/easyui/themes/default/validatebox.css HTTP/1.1" 404 1104
222.67.232.202 - - [10/Apr/2023:09:42:43 +0800] "GET /xingrg/all/common/auto_word.html?type=employee&rest_code=00141 HTTP/1.1" 200 201
222.67.232.202 - - [10/Apr/2023:09:42:43 +0800] "GET /xingrg/all/common/auto_word.html?type=employee&rest_code=00141 HTTP/1.1" 200 201
116.224.158.100 - - [10/Apr/2023:09:42:43 +0800] "GET /xingrg/all/function/internal_message.html?_=1681090806477&CODE_STATE=getMsg HTTP/1.1" 200 27
124.78.155.10 - - [10/Apr/2023:09:42:45 +0800] "GET /xingrg/all/function/internal_message.html?_=1681090966440&CODE_STATE=getMsg HTTP/1.1" 200 27
222.67.232.202 - - [10/Apr/2023:09:42:45 +0800] "GET /xingrg/javascript/auto/indicator.gif HTTP/1.1" 404 1066
116.224.158.100 - - [10/Apr/2023:09:42:46 +0800] "GET /xingrg/all/function/internal_message.html?_=1681090966821&CODE_STATE=getMsg HTTP/1.1" 200 27
222.67.232.202 - - [10/Apr/2023:09:42:48 +0800] "GET /xingrg/javascript/jquery_tools/images/prev.gif HTTP/1.1" 404 1086
222.67.232.202 - - [10/Apr/2023:09:42:48 +0800] "GET /xingrg/javascript/jquery_tools/images/next.gif HTTP/1.1" 404 1086
101.229.22.234 - - [10/Apr/2023:09:42:49 +0800] "GET /xingrg/all/function/internal_message.html?_=1681090968244&CODE_STATE=getMsg HTTP/1.1" 200 27
180.164.3.199 - - [10/Apr/2023:09:42:49 +0800] "GET /xingrg/all/function/internal_message.html?_=1681090968675&CODE_STATE=getMsg HTTP/1.1" 200 27
222.67.232.202 - - [10/Apr/2023:09:42:56 +0800] "GET /xingrg/kc/buy/cgsh_order_operate.html?command=get_materiel&rest_code=00141&code=00101011013&supplier_code=00100036&order_time=2023-04-10 HTTP/1.1" 200 413
120.253.135.82 - - [10/Apr/2023:09:42:58 +0800] "GET /xingrg/all/function/internal_message.html?_=1681090814183&CODE_STATE=getMsg HTTP/1.1" 200 27
218.81.220.59 - - [10/Apr/2023:09:42:59 +0800] "GET /xingrg/all/function/internal_message.html?_=1681090981350&CODE_STATE=getMsg HTTP/1.1" 200 27
222.67.232.202 - - [10/Apr/2023:09:43:05 +0800] "GET /xingrg/kc/buy/cgsh_order_operate.html?command=get_materiel&rest_code=00141&code=00101016030&supplier_code=00100036&order_time=2023-04-10 HTTP/1.1" 200 412
116.238.139.35 - - [10/Apr/2023:09:43:07 +0800] "GET /xingrg/all/function/internal_message.html?_=1681090987172&CODE_STATE=getMsg HTTP/1.1" 200 27
124.78.155.10 - - [10/Apr/2023:09:43:08 +0800] "GET /xingrg/all/function/internal_message.html?_=1681090989405&CODE_STATE=getMsg HTTP/1.1" 200 27
116.227.208.255 - - [10/Apr/2023:09:43:15 +0800] "GET /xingrg/all/function/internal_message.html?_=1681091079694&CODE_STATE=getMsg HTTP/1.1" 200 27
116.227.208.255 - - [10/Apr/2023:09:43:15 +0800] "GET /xingrg/check_reg.html?_=1681091079700 HTTP/1.1" 200 22
222.67.232.202 - - [10/Apr/2023:09:43:15 +0800] "GET /xingrg/kc/buy/cgsh_order_operate.html?command=get_materiel&rest_code=00141&code=00101016105&supplier_code=00100036&order_time=2023-04-10 HTTP/1.1" 200 409
114.83.221.160 - - [10/Apr/2023:09:43:18 +0800] "GET /xingrg/all/function/internal_message.html?_=1681090998313&CODE_STATE=getMsg HTTP/1.1" 200 27
116.224.106.218 - - [10/Apr/2023:09:43:20 +0800] "GET /xingrg/all/function/internal_message.html?_=1681090998901&CODE_STATE=getMsg HTTP/1.1" 200 27
180.171.122.0 - - [10/Apr/2023:09:43:22 +0800] "GET /xingrg/all/function/internal_message.html?_=1681091001930&CODE_STATE=getMsg HTTP/1.1" 200 27
114.83.222.182 - - [10/Apr/2023:09:43:25 +0800] "GET /xingrg/all/function/internal_message.html?_=1681091090224&CODE_STATE=getMsg HTTP/1.1" 200 27
222.67.232.202 - - [10/Apr/2023:09:43:26 +0800] "GET /xingrg/kc/buy/cgsh_order_operate.html?command=get_materiel&rest_code=00141&code=00101012038&supplier_code=00100036&order_time=2023-04-10 HTTP/1.1" 200 412
172.20.0.100 - - [10/Apr/2023:09:43:27 +0800] "GET /xingrg/all/function/internal_message.html?_=1681091008627&CODE_STATE=getMsg HTTP/1.1" 200 27
116.192.124.172 - - [10/Apr/2023:09:43:28 +0800] "GET /xingrg/all/function/internal_message.html?_=1681091008790&CODE_STATE=getMsg HTTP/1.1" 200 27
58.221.95.50 - - [10/Apr/2023:09:43:29 +0800] "GET /xingrg/all/function/internal_message.html?_=1681091010704&CODE_STATE=getMsg HTTP/1.1" 200 27
180.157.253.110 - - [10/Apr/2023:09:43:31 +0800] "GET /xingrg/check_reg.html?_=1681091012008 HTTP/1.1" 200 22
222.67.232.202 - - [10/Apr/2023:09:43:33 +0800] "GET /xingrg/all/function/internal_message.html?_=1681091018137&CODE_STATE=getMsg HTTP/1.1" 200 27
180.169.147.146 - - [10/Apr/2023:09:43:36 +0800] "GET /xingrg/all/function/internal_message.html?_=1681091018237&CODE_STATE=getMsg HTTP/1.1" 200 27
222.67.232.202 - - [10/Apr/2023:09:43:39 +0800] "GET /xingrg/kc/buy/cgsh_order_operate.html?command=get_materiel&rest_code=00141&code=00101011005&supplier_code=00100036&order_time=2023-04-10 HTTP/1.1" 200 428
116.224.158.100 - - [10/Apr/2023:09:43:43 +0800] "GET /xingrg/all/function/internal_message.html?_=1681090866475&CODE_STATE=getMsg HTTP/1.1" 200 27
116.224.158.100 - - [10/Apr/2023:09:43:43 +0800] "GET /xingrg/check_reg.html?_=1681090866477 HTTP/1.1" 200 22
124.78.155.10 - - [10/Apr/2023:09:43:45 +0800] "GET /xingrg/all/function/internal_message.html?_=1681091026442&CODE_STATE=getMsg HTTP/1.1" 200 27
116.224.158.100 - - [10/Apr/2023:09:43:46 +0800] "GET /xingrg/all/function/internal_message.html?_=1681091026824&CODE_STATE=getMsg HTTP/1.1" 200 27
222.67.232.202 - - [10/Apr/2023:09:43:48 +0800] "GET /xingrg/kc/buy/cgsh_order_operate.html?command=get_materiel&rest_code=00141&code=00101011004&supplier_code=00100036&order_time=2023-04-10 HTTP/1.1" 200 412
180.164.3.199 - - [10/Apr/2023:09:43:49 +0800] "GET /xingrg/all/function/internal_message.html?_=1681091028666&CODE_STATE=getMsg HTTP/1.1" 200 27
101.229.22.234 - - [10/Apr/2023:09:43:49 +0800] "GET /xingrg/all/function/internal_message.html?_=1681091028243&CODE_STATE=getMsg HTTP/1.1" 200 27
120.253.135.82 - - [10/Apr/2023:09:43:58 +0800] "GET /xingrg/check_reg.html?_=1681090874140 HTTP/1.1" 200 22
218.81.220.59 - - [10/Apr/2023:09:43:58 +0800] "GET /xingrg/check_reg.html?_=1681091040185 HTTP/1.1" 200 22
120.253.135.82 - - [10/Apr/2023:09:43:58 +0800] "GET /xingrg/all/function/internal_message.html?_=1681090874197&CODE_STATE=getMsg HTTP/1.1" 200 27
218.81.220.59 - - [10/Apr/2023:09:43:59 +0800] "GET /xingrg/all/function/internal_message.html?_=1681091041363&CODE_STATE=getMsg HTTP/1.1" 200 27
222.67.232.202 - - [10/Apr/2023:09:44:03 +0800] "POST /xingrg/kc/buy/cgsh_order_operate.html HTTP/1.1" 200 37
116.238.139.35 - - [10/Apr/2023:09:44:07 +0800] "GET /xingrg/check_reg.html?_=1681091047173 HTTP/1.1" 200 22
116.238.139.35 - - [10/Apr/2023:09:44:07 +0800] "GET /xingrg/all/function/internal_message.html?_=1681091047178&CODE_STATE=getMsg HTTP/1.1" 200 27
124.78.155.10 - - [10/Apr/2023:09:44:08 +0800] "GET /xingrg/check_reg.html?_=1681091049406 HTTP/1.1" 200 22
124.78.155.10 - - [10/Apr/2023:09:44:08 +0800] "GET /xingrg/all/function/internal_message.html?_=1681091049409&CODE_STATE=getMsg HTTP/1.1" 200 27
222.67.232.202 - - [10/Apr/2023:09:44:10 +0800] "POST /xingrg/kc/buy/cgsh_order_operate.html HTTP/1.1" 200 12
222.67.232.202 - - [10/Apr/2023:09:44:12 +0800] "GET /xingrg/kc/buy/cgsh_order_info.html?code=212023041002970 HTTP/1.1" 200 65357
222.67.232.202 - - [10/Apr/2023:09:44:12 +0800] "GET /xingrg/javascript/easyui/themes/default/validatebox.css HTTP/1.1" 404 1104
222.67.232.202 - - [10/Apr/2023:09:44:13 +0800] "POST /xingrg/kc/buy/cgsh_order_operate.html HTTP/1.1" 200 3562
101.229.22.234 - - [10/Apr/2023:09:44:13 +0800] "GET /xingrg/javascript/jquery_easy_ui/themes/icons/area.png HTTP/1.1" 304 -
101.229.22.234 - - [10/Apr/2023:09:44:13 +0800] "GET /xingrg/javascript/jquery_easy_ui/themes/icons/rest.png HTTP/1.1" 304 -
222.67.232.202 - - [10/Apr/2023:09:44:14 +0800] "GET /xingrg/kc/print/load_config.html?kc_code=cgsh HTTP/1.1" 200 1925
222.67.232.202 - - [10/Apr/2023:09:44:14 +0800] "GET /xingrg/kc/print/load_data.html?order_code=212023041002970&kc_code=cgsh&condition= HTTP/1.1" 200 1911
116.227.208.255 - - [10/Apr/2023:09:44:15 +0800] "GET /xingrg/all/function/internal_message.html?_=1681091139694&CODE_STATE=getMsg HTTP/1.1" 200 27
114.83.221.160 - - [10/Apr/2023:09:44:18 +0800] "GET /xingrg/check_reg.html?_=1681091058304 HTTP/1.1" 200 22
114.83.221.160 - - [10/Apr/2023:09:44:18 +0800] "GET /xingrg/all/function/internal_message.html?_=1681091058320&CODE_STATE=getMsg HTTP/1.1" 200 27
101.229.22.234 - - [10/Apr/2023:09:44:18 +0800] "GET /xingrg/javascript/jquery_easy_ui/themes/default/images/tabs_close.gif HTTP/1.1" 304 -
101.229.22.234 - - [10/Apr/2023:09:44:19 +0800] "GET /xingrg/kc/buy/cgsh_order_list.html HTTP/1.1" 200 54677
101.229.22.234 - - [10/Apr/2023:09:44:19 +0800] "GET /xingrg/css/base.css HTTP/1.1" 304 -
101.229.22.234 - - [10/Apr/2023:09:44:19 +0800] "GET /xingrg/css/site.css HTTP/1.1" 304 -
101.229.22.234 - - [10/Apr/2023:09:44:19 +0800] "GET /xingrg/javascript/easyui/themes/default/easyui.css HTTP/1.1" 304 -
101.229.22.234 - - [10/Apr/2023:09:44:19 +0800] "GET /xingrg/javascript/jquery_tools/datebox.css HTTP/1.1" 304 -
101.229.22.234 - - [10/Apr/2023:09:44:19 +0800] "GET /xingrg/javascript/easyui/themes/icon.css HTTP/1.1" 304 -
101.229.22.234 - - [10/Apr/2023:09:44:19 +0800] "GET /xingrg/javascript/auto/jquery.autocomplete.css HTTP/1.1" 304 -
101.229.22.234 - - [10/Apr/2023:09:44:19 +0800] "GET /xingrg/javascript/jquery_tools/fix.css HTTP/1.1" 304 -
101.229.22.234 - - [10/Apr/2023:09:44:19 +0800] "GET /xingrg/javascript/jquery_tools/table.css HTTP/1.1" 304 -
101.229.22.234 - - [10/Apr/2023:09:44:19 +0800] "GET /xingrg/javascript/jquery_tools/jquery.tools.min.js HTTP/1.1" 304 -
101.229.22.234 - - [10/Apr/2023:09:44:19 +0800] "GET /xingrg/javascript/jquery_tools/jquery.tools.extend.js HTTP/1.1" 304 -
101.229.22.234 - - [10/Apr/2023:09:44:19 +0800] "GET /xingrg/javascript/jquery_tools/jquery.tools.hotkey.js HTTP/1.1" 304 -
101.229.22.234 - - [10/Apr/2023:09:44:19 +0800] "GET /xingrg/javascript/jquery_tools/jquery.tools.table.js HTTP/1.1" 304 -
101.229.22.234 - - [10/Apr/2023:09:44:19 +0800] "GET /xingrg/javascript/auto/jquery.autocomplete.js HTTP/1.1" 304 -
101.229.22.234 - - [10/Apr/2023:09:44:19 +0800] "GET /xingrg/javascript/jquery_tools/list_manager.js HTTP/1.1" 304 -
101.229.22.234 - - [10/Apr/2023:09:44:19 +0800] "GET /xingrg/javascript/easyui/easyloader.js HTTP/1.1" 304 -
101.229.22.234 - - [10/Apr/2023:09:44:19 +0800] "GET /xingrg/javascript/jquery.cookie.js HTTP/1.1" 304 -
101.229.22.234 - - [10/Apr/2023:09:44:19 +0800] "GET /xingrg/javascript/print/LodopFuncs.js HTTP/1.1" 304 -
101.229.22.234 - - [10/Apr/2023:09:44:19 +0800] "GET /xingrg/javascript/easyui/themes/icons/edit_add_new.png HTTP/1.1" 304 -
101.229.22.234 - - [10/Apr/2023:09:44:19 +0800] "GET /xingrg/javascript/easyui/themes/icons/cance_new.png HTTP/1.1" 304 -
101.229.22.234 - - [10/Apr/2023:09:44:19 +0800] "GET /xingrg/javascript/easyui/themes/icons/check_new.png HTTP/1.1" 304 -
101.229.22.234 - - [10/Apr/2023:09:44:19 +0800] "GET /xingrg/javascript/easyui/themes/icons/field_new.png HTTP/1.1" 304 -
101.229.22.234 - - [10/Apr/2023:09:44:19 +0800] "GET /xingrg/javascript/easyui/themes/icons/import_new.png HTTP/1.1" 304 -
101.229.22.234 - - [10/Apr/2023:09:44:19 +0800] "GET /xingrg/javascript/easyui/plugins/jquery.parser.js HTTP/1.1" 304 -
101.229.22.234 - - [10/Apr/2023:09:44:19 +0800] "GET /xingrg/images/control/ajaxLoader.gif HTTP/1.1" 304 -
116.224.106.218 - - [10/Apr/2023:09:44:20 +0800] "GET /xingrg/all/function/internal_message.html?_=1681091058901&CODE_STATE=getMsg HTTP/1.1" 200 27
222.67.232.202 - - [10/Apr/2023:09:44:20 +0800] "GET /xingrg/kc/buy/cgsh_order_add.html HTTP/1.1" 200 70453
222.67.232.202 - - [10/Apr/2023:09:44:21 +0800] "POST /xingrg/kc/buy/cgsh_order_operate.html HTTP/1.1" 200 8245
222.67.232.202 - - [10/Apr/2023:09:44:21 +0800] "GET /xingrg/javascript/easyui/themes/default/validatebox.css HTTP/1.1" 404 1104
180.171.122.0 - - [10/Apr/2023:09:44:22 +0800] "GET /xingrg/check_reg.html?_=1681091061928 HTTP/1.1" 200 22
180.171.122.0 - - [10/Apr/2023:09:44:22 +0800] "GET /xingrg/all/function/internal_message.html?_=1681091061930&CODE_STATE=getMsg HTTP/1.1" 200 27
114.83.222.182 - - [10/Apr/2023:09:44:25 +0800] "GET /xingrg/all/function/internal_message.html?_=1681091150232&CODE_STATE=getMsg HTTP/1.1" 200 27
101.229.22.234 - - [10/Apr/2023:09:44:25 +0800] "POST /xingrg/kc/buy/cgsh_list_operate.html HTTP/1.1" 200 2742
101.229.22.234 - - [10/Apr/2023:09:44:27 +0800] "GET /xingrg/javascript/easyui/themes/default/images/button_plain_hover.png HTTP/1.1" 304 -
172.20.0.100 - - [10/Apr/2023:09:44:27 +0800] "GET /xingrg/check_reg.html?_=1681091068612 HTTP/1.1" 200 22
172.20.0.100 - - [10/Apr/2023:09:44:27 +0800] "GET /xingrg/all/function/internal_message.html?_=1681091068613&CODE_STATE=getMsg HTTP/1.1" 200 27
101.229.22.234 - - [10/Apr/2023:09:44:28 +0800] "GET /xingrg/kc/buy/cgsh_order_add.html HTTP/1.1" 200 69571
101.229.22.234 - - [10/Apr/2023:09:44:28 +0800] "GET /xingrg/javascript/pic_change.js HTTP/1.1" 304 -
101.229.22.234 - - [10/Apr/2023:09:44:28 +0800] "GET /xingrg/javascript/jquery_tools/order_manager.js HTTP/1.1" 304 -
101.229.22.234 - - [10/Apr/2023:09:44:28 +0800] "GET /xingrg/javascript/convert.js HTTP/1.1" 304 -
101.229.22.234 - - [10/Apr/2023:09:44:28 +0800] "GET /xingrg/javascript/print/kc_print.js HTTP/1.1" 304 -
101.229.22.234 - - [10/Apr/2023:09:44:28 +0800] "GET /xingrg/javascript/json2.js HTTP/1.1" 304 -
101.229.22.234 - - [10/Apr/2023:09:44:28 +0800] "GET /xingrg/words/20230409165538_words.js HTTP/1.1" 200 960248
101.229.22.234 - - [10/Apr/2023:09:44:28 +0800] "GET /xingrg/javascript/easyui/themes/icons/copy_new.png HTTP/1.1" 304 -
101.229.22.234 - - [10/Apr/2023:09:44:28 +0800] "GET /xingrg/javascript/easyui/themes/icons/template_new.png HTTP/1.1" 304 -
101.229.22.234 - - [10/Apr/2023:09:44:28 +0800] "GET /xingrg/javascript/easyui/themes/icons/ok.png HTTP/1.1" 304 -
101.229.22.234 - - [10/Apr/2023:09:44:28 +0800] "GET /xingrg/javascript/easyui/themes/icons/print.png HTTP/1.1" 304 -
101.229.22.234 - - [10/Apr/2023:09:44:28 +0800] "GET /xingrg/javascript/easyui/themes/default/images/menu_downarrow.png HTTP/1.1" 304 -
101.229.22.234 - - [10/Apr/2023:09:44:28 +0800] "GET /xingrg/javascript/easyui/themes/icons/cancel.png HTTP/1.1" 304 -
116.192.124.172 - - [10/Apr/2023:09:44:28 +0800] "GET /xingrg/all/function/internal_message.html?_=1681091068780&CODE_STATE=getMsg HTTP/1.1" 200 27
116.192.124.172 - - [10/Apr/2023:09:44:28 +0800] "GET /xingrg/check_reg.html?_=1681091068784 HTTP/1.1" 200 22
101.229.22.234 - - [10/Apr/2023:09:44:29 +0800] "POST /xingrg/kc/buy/cgsh_order_operate.html HTTP/1.1" 200 8245
101.229.22.234 - - [10/Apr/2023:09:44:29 +0800] "GET /xingrg/javascript/easyui/themes/default/validatebox.css HTTP/1.1" 404 1104
101.229.22.234 - - [10/Apr/2023:09:44:29 +0800] "GET /xingrg/javascript/easyui/plugins/jquery.validatebox.js HTTP/1.1" 304 -
101.229.22.234 - - [10/Apr/2023:09:44:29 +0800] "GET /xingrg/all/common/auto_word.html?type=employee&rest_code=00142 HTTP/1.1" 200 105
101.229.22.234 - - [10/Apr/2023:09:44:29 +0800] "GET /xingrg/all/common/auto_word.html?type=employee&rest_code=00142 HTTP/1.1" 200 105
101.229.22.234 - - [10/Apr/2023:09:44:29 +0800] "GET /xingrg/javascript/easyui/themes/icons/edit_remove.png HTTP/1.1" 304 -
101.229.22.234 - - [10/Apr/2023:09:44:29 +0800] "GET /xingrg/javascript/easyui/plugins/jquery.numberbox.js HTTP/1.1" 304 -
58.221.95.50 - - [10/Apr/2023:09:44:29 +0800] "GET /xingrg/all/function/internal_message.html?_=1681091070679&CODE_STATE=getMsg HTTP/1.1" 200 27
101.229.22.234 - - [10/Apr/2023:09:44:30 +0800] "GET /xingrg/javascript/auto/indicator.gif HTTP/1.1" 404 1066
222.67.232.202 - - [10/Apr/2023:09:44:33 +0800] "GET /xingrg/all/function/internal_message.html?_=1681091078115&CODE_STATE=getMsg HTTP/1.1" 200 27
180.169.147.146 - - [10/Apr/2023:09:44:36 +0800] "GET /xingrg/all/function/internal_message.html?_=1681091078224&CODE_STATE=getMsg HTTP/1.1" 200 27
116.224.158.100 - - [10/Apr/2023:09:44:43 +0800] "GET /xingrg/all/function/internal_message.html?_=1681090926501&CODE_STATE=getMsg HTTP/1.1" 200 27
124.78.155.10 - - [10/Apr/2023:09:44:45 +0800] "GET /xingrg/check_reg.html?_=1681091086442 HTTP/1.1" 200 22
124.78.155.10 - - [10/Apr/2023:09:44:45 +0800] "GET /xingrg/all/function/internal_message.html?_=1681091086445&CODE_STATE=getMsg HTTP/1.1" 200 27
222.67.232.202 - - [10/Apr/2023:09:44:45 +0800] "GET /xingrg/kc/buy/cgsh_order_operate.html?command=get_materiel&rest_code=00141&code=00101005037&supplier_code=00100040&order_time=2023-04-10 HTTP/1.1" 200 409
116.238.139.35 - - [10/Apr/2023:09:44:46 +0800] "GET /xingrg/login.html HTTP/1.1" 200 7641
116.224.158.100 - - [10/Apr/2023:09:44:46 +0800] "GET /xingrg/all/function/internal_message.html?_=1681091086824&CODE_STATE=getMsg HTTP/1.1" 200 27
116.238.139.35 - - [10/Apr/2023:09:44:46 +0800] "GET /favicon.ico HTTP/1.1" 404 -
116.238.139.35 - - [10/Apr/2023:09:44:48 +0800] "POST /xingrg/login.do HTTP/1.1" 302 -
116.238.139.35 - - [10/Apr/2023:09:44:49 +0800] "GET /xingrg/index.html?sysBaseUrl=http%3A%2F%2F180.169.147.146%3A18081%2Fxingrg%2F&costTime=810×tamp=1681091088985 HTTP/1.1" 200 17179
116.238.139.35 - - [10/Apr/2023:09:44:49 +0800] "GET /xingrg/javascript/jquery_easy_ui/themes/icon.css HTTP/1.1" 304 -
116.238.139.35 - - [10/Apr/2023:09:44:49 +0800] "GET /xingrg/javascript/jquery-1.4.2.min.js HTTP/1.1" 304 -
116.238.139.35 - - [10/Apr/2023:09:44:49 +0800] "GET /xingrg/css/form.css HTTP/1.1" 304 -
116.238.139.35 - - [10/Apr/2023:09:44:49 +0800] "GET /xingrg/javascript/jquery_easy_ui/themes/default/easyui.css HTTP/1.1" 304 -
116.238.139.35 - - [10/Apr/2023:09:44:49 +0800] "GET /xingrg/javascript/jquery.utils.js HTTP/1.1" 304 -
116.238.139.35 - - [10/Apr/2023:09:44:49 +0800] "GET /xingrg/javascript/jquery_easy_ui/easyui-lang-zh_CN.js HTTP/1.1" 304 -
116.238.139.35 - - [10/Apr/2023:09:44:49 +0800] "GET /xingrg/javascript/jquery_easy_ui/jquery.easyui.min.js HTTP/1.1" 304 -
116.238.139.35 - - [10/Apr/2023:09:44:49 +0800] "GET /xingrg/javascript/jquery.form.js HTTP/1.1" 304 -
116.238.139.35 - - [10/Apr/2023:09:44:49 +0800] "GET /xingrg/javascript/jquery.timers.js HTTP/1.1" 304 -
116.238.139.35 - - [10/Apr/2023:09:44:49 +0800] "GET /favicon.ico HTTP/1.1" 404 -
116.238.139.35 - - [10/Apr/2023:09:44:49 +0800] "GET /xingrg/check_reg.html?_=1681090996391 HTTP/1.1" 200 22
116.238.139.35 - - [10/Apr/2023:09:44:49 +0800] "GET /xingrg/all/function/internal_message.html?_=1681090996391&CODE_STATE=count HTTP/1.1" 200 11
116.238.139.35 - - [10/Apr/2023:09:44:49 +0800] "POST /xingrg/all/common/load_tree.html?tree=area_rest_tree_json&manage=1 HTTP/1.1" 200 476
180.164.3.199 - - [10/Apr/2023:09:44:49 +0800] "GET /xingrg/all/function/internal_message.html?_=1681091088660&CODE_STATE=getMsg HTTP/1.1" 200 27
101.229.22.234 - - [10/Apr/2023:09:44:49 +0800] "GET /xingrg/all/function/internal_message.html?_=1681091088244&CODE_STATE=getMsg HTTP/1.1" 200 27
116.238.139.35 - - [10/Apr/2023:09:44:49 +0800] "POST /xingrg/load_menu.html HTTP/1.1" 200 5138
101.229.22.234 - - [10/Apr/2023:09:44:50 +0800] "GET /xingrg/kc/buy/cgsh_order_operate.html?command=get_materiel&rest_code=00142&code=00101011001&supplier_code=00100311&order_time=2023-04-10 HTTP/1.1" 200 423
116.238.139.35 - - [10/Apr/2023:09:44:52 +0800] "GET /xingrg/kc/buy/cgsh_order_list.html HTTP/1.1" 200 54677
116.238.139.35 - - [10/Apr/2023:09:44:52 +0800] "GET /xingrg/css/base.css HTTP/1.1" 304 -
116.238.139.35 - - [10/Apr/2023:09:44:52 +0800] "GET /xingrg/javascript/easyui/themes/default/easyui.css HTTP/1.1" 304 -
116.238.139.35 - - [10/Apr/2023:09:44:52 +0800] "GET /xingrg/css/site.css HTTP/1.1" 304 -
116.238.139.35 - - [10/Apr/2023:09:44:52 +0800] "GET /xingrg/javascript/jquery_tools/datebox.css HTTP/1.1" 304 -
116.238.139.35 - - [10/Apr/2023:09:44:52 +0800] "GET /xingrg/javascript/jquery_tools/fix.css HTTP/1.1" 304 -
116.238.139.35 - - [10/Apr/2023:09:44:52 +0800] "GET /xingrg/javascript/jquery_tools/table.css HTTP/1.1" 304 -
116.238.139.35 - - [10/Apr/2023:09:44:52 +0800] "GET /xingrg/javascript/easyui/themes/icon.css HTTP/1.1" 304 -
116.238.139.35 - - [10/Apr/2023:09:44:52 +0800] "GET /xingrg/javascript/jquery_tools/jquery.tools.extend.js HTTP/1.1" 304 -
116.238.139.35 - - [10/Apr/2023:09:44:52 +0800] "GET /xingrg/javascript/jquery_tools/list_manager.js HTTP/1.1" 304 -
116.238.139.35 - - [10/Apr/2023:09:44:52 +0800] "GET /xingrg/javascript/auto/jquery.autocomplete.css HTTP/1.1" 304 -
116.238.139.35 - - [10/Apr/2023:09:44:52 +0800] "GET /xingrg/javascript/jquery_tools/jquery.tools.hotkey.js HTTP/1.1" 304 -
116.238.139.35 - - [10/Apr/2023:09:44:52 +0800] "GET /xingrg/javascript/jquery_tools/jquery.tools.table.js HTTP/1.1" 304 -
116.238.139.35 - - [10/Apr/2023:09:44:52 +0800] "GET /xingrg/javascript/auto/jquery.autocomplete.js HTTP/1.1" 304 -
116.238.139.35 - - [10/Apr/2023:09:44:52 +0800] "GET /xingrg/javascript/jquery_tools/jquery.tools.min.js HTTP/1.1" 304 -
116.238.139.35 - - [10/Apr/2023:09:44:52 +0800] "GET /xingrg/javascript/jquery.cookie.js HTTP/1.1" 304 -
116.238.139.35 - - [10/Apr/2023:09:44:52 +0800] "GET /xingrg/javascript/print/LodopFuncs.js HTTP/1.1" 304 -
116.238.139.35 - - [10/Apr/2023:09:44:52 +0800] "GET /xingrg/javascript/easyui/easyloader.js HTTP/1.1" 304 -
116.238.139.35 - - [10/Apr/2023:09:44:52 +0800] "GET /xingrg/javascript/easyui/plugins/jquery.parser.js HTTP/1.1" 304 -
116.238.139.35 - - [10/Apr/2023:09:44:53 +0800] "POST /xingrg/kc/buy/cgsh_list_operate.html HTTP/1.1" 200 986
222.67.232.202 - - [10/Apr/2023:09:44:57 +0800] "POST /xingrg/kc/buy/cgsh_order_operate.html HTTP/1.1" 200 37
116.238.139.35 - - [10/Apr/2023:09:44:58 +0800] "GET /xingrg/kc/buy/cgsh_order_add.html HTTP/1.1" 200 70509
116.238.139.35 - - [10/Apr/2023:09:44:58 +0800] "GET /xingrg/javascript/pic_change.js HTTP/1.1" 304 -
116.238.139.35 - - [10/Apr/2023:09:44:58 +0800] "GET /xingrg/javascript/jquery_tools/order_manager.js HTTP/1.1" 304 -
116.238.139.35 - - [10/Apr/2023:09:44:58 +0800] "GET /xingrg/javascript/json2.js HTTP/1.1" 304 -
116.238.139.35 - - [10/Apr/2023:09:44:58 +0800] "GET /xingrg/javascript/convert.js HTTP/1.1" 304 -
116.238.139.35 - - [10/Apr/2023:09:44:58 +0800] "GET /xingrg/javascript/print/kc_print.js HTTP/1.1" 304 -
116.238.139.35 - - [10/Apr/2023:09:44:58 +0800] "GET /xingrg/words/20230409165538_words.js HTTP/1.1" 304 -
116.238.139.35 - - [10/Apr/2023:09:44:58 +0800] "POST /xingrg/kc/buy/cgsh_order_operate.html HTTP/1.1" 200 8245
120.253.135.82 - - [10/Apr/2023:09:44:58 +0800] "GET /xingrg/all/function/internal_message.html?_=1681090934210&CODE_STATE=getMsg HTTP/1.1" 200 27
116.238.139.35 - - [10/Apr/2023:09:44:58 +0800] "GET /xingrg/all/common/auto_word.html?type=employee&rest_code=00150 HTTP/1.1" 200 159
116.238.139.35 - - [10/Apr/2023:09:44:58 +0800] "GET /xingrg/javascript/easyui/plugins/jquery.validatebox.js HTTP/1.1" 304 -
116.238.139.35 - - [10/Apr/2023:09:44:58 +0800] "GET /xingrg/javascript/easyui/themes/default/validatebox.css HTTP/1.1" 404 1104
116.238.139.35 - - [10/Apr/2023:09:44:58 +0800] "GET /xingrg/javascript/easyui/plugins/jquery.numberbox.js HTTP/1.1" 304 -
116.238.139.35 - - [10/Apr/2023:09:44:58 +0800] "GET /xingrg/all/common/auto_word.html?type=employee&rest_code=00150 HTTP/1.1" 200 159
218.81.220.59 - - [10/Apr/2023:09:44:59 +0800] "GET /xingrg/all/function/internal_message.html?_=1681091101377&CODE_STATE=getMsg HTTP/1.1" 200 27
116.238.139.35 - - [10/Apr/2023:09:45:01 +0800] "GET /xingrg/javascript/auto/indicator.gif HTTP/1.1" 404 1066
222.67.232.202 - - [10/Apr/2023:09:45:03 +0800] "POST /xingrg/kc/buy/cgsh_order_operate.html HTTP/1.1" 200 12
222.67.232.202 - - [10/Apr/2023:09:45:06 +0800] "GET /xingrg/kc/buy/cgsh_order_info.html?code=212023041002971 HTTP/1.1" 200 65355
116.238.139.35 - - [10/Apr/2023:09:45:07 +0800] "GET /xingrg/all/function/internal_message.html?_=1681091107164&CODE_STATE=getMsg HTTP/1.1" 200 27
222.67.232.202 - - [10/Apr/2023:09:45:07 +0800] "GET /xingrg/javascript/easyui/themes/default/validatebox.css HTTP/1.1" 404 1104
222.67.232.202 - - [10/Apr/2023:09:45:08 +0800] "POST /xingrg/kc/buy/cgsh_order_operate.html HTTP/1.1" 200 603
124.78.155.10 - - [10/Apr/2023:09:45:08 +0800] "GET /xingrg/all/function/internal_message.html?_=1681091109409&CODE_STATE=getMsg HTTP/1.1" 200 27
116.238.139.35 - - [10/Apr/2023:09:45:10 +0800] "GET /xingrg/kc/buy/cgsh_order_operate.html?command=get_materiel&rest_code=00150&code=00101011003&supplier_code=00100047&order_time=2023-04-10 HTTP/1.1" 200 413
222.67.232.202 - - [10/Apr/2023:09:45:13 +0800] "GET /xingrg/kc/print/load_data.html?order_code=212023041002971&kc_code=cgsh&condition= HTTP/1.1" 200 784
116.227.208.255 - - [10/Apr/2023:09:45:15 +0800] "GET /xingrg/all/function/internal_message.html?_=1681091199708&CODE_STATE=getMsg HTTP/1.1" 200 27
114.83.221.160 - - [10/Apr/2023:09:45:18 +0800] "GET /xingrg/all/function/internal_message.html?_=1681091118312&CODE_STATE=getMsg HTTP/1.1" 200 27
222.67.232.202 - - [10/Apr/2023:09:45:18 +0800] "GET /xingrg/kc/buy/cgsh_order_add.html HTTP/1.1" 200 70453
222.67.232.202 - - [10/Apr/2023:09:45:18 +0800] "POST /xingrg/kc/buy/cgsh_order_operate.html HTTP/1.1" 200 8245
222.67.232.202 - - [10/Apr/2023:09:45:18 +0800] "GET /xingrg/javascript/easyui/themes/default/validatebox.css HTTP/1.1" 404 1104
116.238.139.35 - - [10/Apr/2023:09:45:19 +0800] "POST /xingrg/kc/buy/cgsh_order_operate.html HTTP/1.1" 200 37
116.224.106.218 - - [10/Apr/2023:09:45:20 +0800] "GET /xingrg/all/function/internal_message.html?_=1681091118911&CODE_STATE=getMsg HTTP/1.1" 200 27
180.171.122.0 - - [10/Apr/2023:09:45:22 +0800] "GET /xingrg/all/function/internal_message.html?_=1681091121930&CODE_STATE=getMsg HTTP/1.1" 200 27
114.83.222.182 - - [10/Apr/2023:09:45:25 +0800] "GET /xingrg/check_reg.html?_=1681091210227 HTTP/1.1" 200 22
114.83.222.182 - - [10/Apr/2023:09:45:25 +0800] "GET /xingrg/all/function/internal_message.html?_=1681091210229&CODE_STATE=getMsg HTTP/1.1" 200 27
116.238.139.35 - - [10/Apr/2023:09:45:25 +0800] "POST /xingrg/kc/buy/cgsh_order_operate.html HTTP/1.1" 200 12
172.20.0.100 - - [10/Apr/2023:09:45:27 +0800] "GET /xingrg/all/function/internal_message.html?_=1681091128627&CODE_STATE=getMsg HTTP/1.1" 200 27
116.238.139.35 - - [10/Apr/2023:09:45:28 +0800] "GET /xingrg/kc/buy/cgsh_order_info.html?code=212023041002972 HTTP/1.1" 200 65415
116.192.124.172 - - [10/Apr/2023:09:45:28 +0800] "GET /xingrg/all/function/internal_message.html?_=1681091128824&CODE_STATE=getMsg HTTP/1.1" 200 27
116.238.139.35 - - [10/Apr/2023:09:45:28 +0800] "GET /xingrg/javascript/easyui/themes/default/validatebox.css HTTP/1.1" 404 1104
101.229.22.234 - - [10/Apr/2023:09:45:29 +0800] "GET /xingrg/kc/buy/cgsh_order_operate.html?command=get_materiel&rest_code=00142&code=00101011005&supplier_code=00100311&order_time=2023-04-10 HTTP/1.1" 200 428
116.238.139.35 - - [10/Apr/2023:09:45:29 +0800] "POST /xingrg/kc/buy/cgsh_order_operate.html HTTP/1.1" 200 608
58.221.95.50 - - [10/Apr/2023:09:45:29 +0800] "GET /xingrg/all/function/internal_message.html?_=1681091130661&CODE_STATE=getMsg HTTP/1.1" 200 27
222.67.232.202 - - [10/Apr/2023:09:45:31 +0800] "GET /xingrg/kc/buy/cgsh_order_operate.html?command=get_materiel&rest_code=00141&code=00102013017&supplier_code=00100075&order_time=2023-04-10 HTTP/1.1" 200 409
116.238.139.35 - - [10/Apr/2023:09:45:31 +0800] "GET /xingrg/kc/print/load_config.html?kc_code=cgsh HTTP/1.1" 200 1925
116.238.139.35 - - [10/Apr/2023:09:45:32 +0800] "GET /xingrg/kc/print/load_data.html?order_code=212023041002972&kc_code=cgsh&condition= HTTP/1.1" 200 782
222.67.232.202 - - [10/Apr/2023:09:45:33 +0800] "GET /xingrg/all/function/internal_message.html?_=1681091138167&CODE_STATE=getMsg HTTP/1.1" 200 27
180.169.147.146 - - [10/Apr/2023:09:45:36 +0800] "GET /xingrg/all/function/internal_message.html?_=1681091138225&CODE_STATE=getMsg HTTP/1.1" 200 27
180.169.147.146 - - [10/Apr/2023:09:45:36 +0800] "GET /xingrg/check_reg.html?_=1681091138232 HTTP/1.1" 200 22
222.67.232.202 - - [10/Apr/2023:09:45:42 +0800] "POST /xingrg/kc/buy/cgsh_order_operate.html HTTP/1.1" 200 37
116.238.139.35 - - [10/Apr/2023:09:45:42 +0800] "GET /xingrg/javascript/jquery_easy_ui/themes/icons/ok.png HTTP/1.1" 304 -
116.238.139.35 - - [10/Apr/2023:09:45:42 +0800] "GET /xingrg/javascript/jquery_easy_ui/themes/default/images/panel_tools.gif HTTP/1.1" 304 -
116.238.139.35 - - [10/Apr/2023:09:45:42 +0800] "GET /xingrg/javascript/jquery_easy_ui/themes/default/images/panel_title.png HTTP/1.1" 304 -
116.224.158.100 - - [10/Apr/2023:09:45:43 +0800] "GET /xingrg/all/function/internal_message.html?_=1681090986500&CODE_STATE=getMsg HTTP/1.1" 200 27
116.238.139.35 - - [10/Apr/2023:09:45:45 +0800] "POST /xingrg/all/user/operate.html HTTP/1.1" 200 36
116.238.139.35 - - [10/Apr/2023:09:45:45 +0800] "GET /xingrg/index.html?sysBaseUrl=http%3A%2F%2F180.169.147.146%3A18081%2Fxingrg%2F&costTime=810×tamp=1681091088985 HTTP/1.1" 200 17177
116.238.139.35 - - [10/Apr/2023:09:45:45 +0800] "GET /xingrg/javascript/jquery_easy_ui/themes/default/easyui.css HTTP/1.1" 304 -
116.238.139.35 - - [10/Apr/2023:09:45:45 +0800] "GET /xingrg/javascript/jquery_easy_ui/themes/icon.css HTTP/1.1" 304 -
116.238.139.35 - - [10/Apr/2023:09:45:45 +0800] "GET /xingrg/css/form.css HTTP/1.1" 304 -
116.238.139.35 - - [10/Apr/2023:09:45:45 +0800] "GET /xingrg/javascript/jquery-1.4.2.min.js HTTP/1.1" 304 -
124.78.155.10 - - [10/Apr/2023:09:45:45 +0800] "GET /xingrg/all/function/internal_message.html?_=1681091146444&CODE_STATE=getMsg HTTP/1.1" 200 27
116.238.139.35 - - [10/Apr/2023:09:45:45 +0800] "GET /xingrg/javascript/jquery_easy_ui/jquery.easyui.min.js HTTP/1.1" 304 -
116.238.139.35 - - [10/Apr/2023:09:45:45 +0800] "GET /xingrg/javascript/jquery_easy_ui/easyui-lang-zh_CN.js HTTP/1.1" 304 -
116.238.139.35 - - [10/Apr/2023:09:45:45 +0800] "GET /xingrg/javascript/jquery.form.js HTTP/1.1" 304 -
116.238.139.35 - - [10/Apr/2023:09:45:45 +0800] "GET /xingrg/javascript/jquery.utils.js HTTP/1.1" 304 -
116.238.139.35 - - [10/Apr/2023:09:45:45 +0800] "GET /xingrg/javascript/jquery.timers.js HTTP/1.1" 304 -
116.238.139.35 - - [10/Apr/2023:09:45:45 +0800] "GET /xingrg/images/blue/jxLogo.png HTTP/1.1" 304 -
116.238.139.35 - - [10/Apr/2023:09:45:45 +0800] "GET /xingrg/images/blue/navBackgound.jpg HTTP/1.1" 304 -
116.238.139.35 - - [10/Apr/2023:09:45:45 +0800] "GET /xingrg/javascript/jquery_easy_ui/themes/icons/settle_new.png HTTP/1.1" 304 -
116.238.139.35 - - [10/Apr/2023:09:45:45 +0800] "GET /xingrg/images/blue/pingpu.png HTTP/1.1" 304 -
116.238.139.35 - - [10/Apr/2023:09:45:45 +0800] "GET /xingrg/javascript/jquery_easy_ui/themes/default/images/tabs_leftarrow.png HTTP/1.1" 304 -
116.238.139.35 - - [10/Apr/2023:09:45:45 +0800] "GET /xingrg/javascript/jquery_easy_ui/themes/default/images/tabs_rightarrow.png HTTP/1.1" 304 -
116.238.139.35 - - [10/Apr/2023:09:45:45 +0800] "GET /xingrg/javascript/jquery_easy_ui/themes/default/images/panel_tool_collapse.gif HTTP/1.1" 304 -
116.238.139.35 - - [10/Apr/2023:09:45:45 +0800] "GET /xingrg/all/function/internal_message.html?_=1681091052690&CODE_STATE=count HTTP/1.1" 200 11
116.238.139.35 - - [10/Apr/2023:09:45:45 +0800] "GET /xingrg/check_reg.html?_=1681091052691 HTTP/1.1" 200 22
116.238.139.35 - - [10/Apr/2023:09:45:45 +0800] "POST /xingrg/load_menu.html HTTP/1.1" 200 5138
116.238.139.35 - - [10/Apr/2023:09:45:45 +0800] "POST /xingrg/all/common/load_tree.html?tree=area_rest_tree_json&manage=1 HTTP/1.1" 200 476
116.224.158.100 - - [10/Apr/2023:09:45:46 +0800] "GET /xingrg/check_reg.html?_=1681091146827 HTTP/1.1" 200 22
116.224.158.100 - - [10/Apr/2023:09:45:46 +0800] "GET /xingrg/all/function/internal_message.html?_=1681091146830&CODE_STATE=getMsg HTTP/1.1" 200 27
180.164.3.199 - - [10/Apr/2023:09:45:49 +0800] "GET /xingrg/all/function/internal_message.html?_=1681091148648&CODE_STATE=getMsg HTTP/1.1" 200 27
101.229.22.234 - - [10/Apr/2023:09:45:49 +0800] "GET /xingrg/check_reg.html?_=1681091148248 HTTP/1.1" 200 22
101.229.22.234 - - [10/Apr/2023:09:45:49 +0800] "GET /xingrg/all/function/internal_message.html?_=1681091148250&CODE_STATE=getMsg HTTP/1.1" 200 27
116.238.139.35 - - [10/Apr/2023:09:45:49 +0800] "GET /xingrg/kc/buy/cgsh_order_list.html HTTP/1.1" 200 54675
222.67.232.202 - - [10/Apr/2023:09:45:49 +0800] "POST /xingrg/kc/buy/cgsh_order_operate.html HTTP/1.1" 200 12
101.229.22.234 - - [10/Apr/2023:09:45:52 +0800] "POST /xingrg/kc/buy/cgsh_order_operate.html HTTP/1.1" 200 37
116.238.139.35 - - [10/Apr/2023:09:45:53 +0800] "POST /xingrg/kc/buy/cgsh_list_operate.html HTTP/1.1" 200 986
101.229.22.234 - - [10/Apr/2023:09:45:54 +0800] "POST /xingrg/kc/buy/cgsh_order_operate.html HTTP/1.1" 200 4454
116.238.139.35 - - [10/Apr/2023:09:45:55 +0800] "GET /xingrg/kc/buy/cgsh_order_add.html HTTP/1.1" 200 70063
116.238.139.35 - - [10/Apr/2023:09:45:55 +0800] "POST /xingrg/kc/buy/cgsh_order_operate.html HTTP/1.1" 200 8245
116.238.139.35 - - [10/Apr/2023:09:45:55 +0800] "GET /xingrg/javascript/easyui/themes/default/validatebox.css HTTP/1.1" 404 1104
116.238.139.35 - - [10/Apr/2023:09:45:55 +0800] "GET /xingrg/all/common/auto_word.html?type=employee&rest_code=00151 HTTP/1.1" 200 293
116.238.139.35 - - [10/Apr/2023:09:45:55 +0800] "GET /xingrg/all/common/auto_word.html?type=employee&rest_code=00151 HTTP/1.1" 200 293
222.67.232.202 - - [10/Apr/2023:09:45:56 +0800] "GET /xingrg/kc/buy/cgsh_order_info.html?code=212023041002973 HTTP/1.1" 200 65359
222.67.232.202 - - [10/Apr/2023:09:45:56 +0800] "GET /xingrg/javascript/easyui/themes/default/validatebox.css HTTP/1.1" 404 1104
116.238.139.35 - - [10/Apr/2023:09:45:57 +0800] "GET /xingrg/javascript/auto/indicator.gif HTTP/1.1" 404 1066
222.67.232.202 - - [10/Apr/2023:09:45:57 +0800] "POST /xingrg/kc/buy/cgsh_order_operate.html HTTP/1.1" 200 602
120.253.135.82 - - [10/Apr/2023:09:45:58 +0800] "GET /xingrg/all/function/internal_message.html?_=1681090994224&CODE_STATE=getMsg HTTP/1.1" 200 27
218.81.220.59 - - [10/Apr/2023:09:45:59 +0800] "GET /xingrg/all/function/internal_message.html?_=1681091161390&CODE_STATE=getMsg HTTP/1.1" 200 27
116.238.139.35 - - [10/Apr/2023:09:46:07 +0800] "GET /xingrg/all/function/internal_message.html?_=1681091167165&CODE_STATE=getMsg HTTP/1.1" 200 27
124.78.155.10 - - [10/Apr/2023:09:46:08 +0800] "GET /xingrg/all/function/internal_message.html?_=1681091169408&CODE_STATE=getMsg HTTP/1.1" 200 27
116.227.208.255 - - [10/Apr/2023:09:46:15 +0800] "GET /xingrg/all/function/internal_message.html?_=1681091259711&CODE_STATE=getMsg HTTP/1.1" 200 27
116.238.139.35 - - [10/Apr/2023:09:46:17 +0800] "GET /xingrg/kc/buy/cgsh_order_operate.html?command=get_materiel&rest_code=00151&code=00101011005&supplier_code=00100047&order_time=2023-04-10 HTTP/1.1" 200 428
114.83.221.160 - - [10/Apr/2023:09:46:18 +0800] "GET /xingrg/all/function/internal_message.html?_=1681091178304&CODE_STATE=getMsg HTTP/1.1" 200 27
101.229.22.234 - - [10/Apr/2023:09:46:19 +0800] "POST /xingrg/kc/buy/cgsh_order_operate.html HTTP/1.1" 200 37
116.224.106.218 - - [10/Apr/2023:09:46:20 +0800] "GET /xingrg/all/function/internal_message.html?_=1681091178911&CODE_STATE=getMsg HTTP/1.1" 200 27
116.224.106.218 - - [10/Apr/2023:09:46:20 +0800] "GET /xingrg/check_reg.html?_=1681091178917 HTTP/1.1" 200 22
180.171.122.0 - - [10/Apr/2023:09:46:22 +0800] "GET /xingrg/all/function/internal_message.html?_=1681091181956&CODE_STATE=getMsg HTTP/1.1" 200 27
58.221.95.50 - - [10/Apr/2023:09:46:23 +0800] "GET /xingrg/check_reg.html?_=1681091184491 HTTP/1.1" 200 22
114.83.222.182 - - [10/Apr/2023:09:46:25 +0800] "GET /xingrg/all/function/internal_message.html?_=1681091270236&CODE_STATE=getMsg HTTP/1.1" 200 27
101.229.22.234 - - [10/Apr/2023:09:46:25 +0800] "POST /xingrg/kc/buy/cgsh_order_operate.html HTTP/1.1" 200 12
172.20.0.100 - - [10/Apr/2023:09:46:27 +0800] "GET /xingrg/all/function/internal_message.html?_=1681091188626&CODE_STATE=getMsg HTTP/1.1" 200 27
101.229.22.234 - - [10/Apr/2023:09:46:27 +0800] "GET /xingrg/kc/buy/cgsh_order_info.html?code=212023041002974 HTTP/1.1" 200 64478
101.229.22.234 - - [10/Apr/2023:09:46:28 +0800] "GET /xingrg/javascript/easyui/themes/default/validatebox.css HTTP/1.1" 404 1104
116.192.124.172 - - [10/Apr/2023:09:46:28 +0800] "GET /xingrg/all/function/internal_message.html?_=1681091188804&CODE_STATE=getMsg HTTP/1.1" 200 27
101.229.22.234 - - [10/Apr/2023:09:46:29 +0800] "POST /xingrg/kc/buy/cgsh_order_operate.html HTTP/1.1" 200 2404
58.221.95.50 - - [10/Apr/2023:09:46:29 +0800] "GET /xingrg/all/function/internal_message.html?_=1681091190640&CODE_STATE=getMsg HTTP/1.1" 200 27
101.229.22.234 - - [10/Apr/2023:09:46:30 +0800] "GET /xingrg/kc/print/load_config.html?kc_code=cgsh HTTP/1.1" 200 1925
