124.79.240.114 - - [06/Apr/2023:08:38:25 +0800] "GET /xingrg/all/function/internal_message.html?_=1680741497785&CODE_STATE=getMsg HTTP/1.1" 200 27
120.253.135.82 - - [06/Apr/2023:08:38:29 +0800] "GET /xingrg/check_reg.html?_=1680741343429 HTTP/1.1" 200 22
222.67.232.202 - - [06/Apr/2023:08:38:29 +0800] "GET /xingrg/all/function/internal_message.html?_=1680741511795&CODE_STATE=getMsg HTTP/1.1" 302 -
222.67.232.202 - - [06/Apr/2023:08:38:29 +0800] "GET /xingrg/check_reg.html?_=1680741511797 HTTP/1.1" 302 -
120.253.135.82 - - [06/Apr/2023:08:38:29 +0800] "GET /xingrg/all/function/internal_message.html?_=1680741343586&CODE_STATE=getMsg HTTP/1.1" 200 27
218.81.216.112 - - [06/Apr/2023:08:38:34 +0800] "GET /xingrg/all/function/internal_message.html?_=1680741527403&CODE_STATE=getMsg HTTP/1.1" 200 27
218.81.216.112 - - [06/Apr/2023:08:38:38 +0800] "GET /xingrg/check_reg.html?_=1680741531799 HTTP/1.1" 200 22
116.238.139.35 - - [06/Apr/2023:08:38:43 +0800] "GET /xingrg/check_reg.html?_=1680741434666 HTTP/1.1" 200 22
120.253.135.82 - - [06/Apr/2023:08:38:53 +0800] "GET /favicon.ico HTTP/1.1" 404 -
116.224.106.218 - - [06/Apr/2023:08:38:54 +0800] "GET /xingrg/all/function/internal_message.html?_=1680741533467&CODE_STATE=getMsg HTTP/1.1" 200 27
120.253.135.82 - - [06/Apr/2023:08:39:02 +0800] "GET /xingrg/login.html HTTP/1.1" 200 7641
120.253.135.82 - - [06/Apr/2023:08:39:02 +0800] "GET /xingrg/login.html HTTP/1.1" 200 7641
116.227.208.255 - - [06/Apr/2023:08:39:06 +0800] "GET /xingrg/check_reg.html?_=1680741636768 HTTP/1.1" 200 22
116.227.208.255 - - [06/Apr/2023:08:39:06 +0800] "GET /xingrg/all/function/internal_message.html?_=1680741636766&CODE_STATE=getMsg HTTP/1.1" 200 27
120.253.135.82 - - [06/Apr/2023:08:39:08 +0800] "GET /favicon.ico HTTP/1.1" 404 -
120.253.135.82 - - [06/Apr/2023:08:39:08 +0800] "GET /favicon.ico HTTP/1.1" 404 -
124.79.240.114 - - [06/Apr/2023:08:39:08 +0800] "GET /xingrg/all/function/internal_message.html?_=1680741541110&CODE_STATE=getMsg HTTP/1.1" 200 27
58.40.7.146 - - [06/Apr/2023:08:39:09 +0800] "GET /xingrg/all/function/internal_message.html?_=1680741549765&CODE_STATE=getMsg HTTP/1.1" 200 27
116.224.158.100 - - [06/Apr/2023:08:39:11 +0800] "GET /favicon.ico HTTP/1.1" 404 -
116.224.158.100 - - [06/Apr/2023:08:39:11 +0800] "GET /xingrg/index.html?sysBaseUrl=http%3A%2F%2F180.169.147.146%3A18081%2Fxingrg%2F&costTime=36×tamp=1585223203754 HTTP/1.1" 302 -
116.224.158.100 - - [06/Apr/2023:08:39:11 +0800] "GET /xingrg/login.html HTTP/1.1" 200 7641
116.224.158.100 - - [06/Apr/2023:08:39:11 +0800] "GET /xingrg/images/blue/jxLogo.png HTTP/1.1" 304 -
116.224.158.100 - - [06/Apr/2023:08:39:11 +0800] "GET /xingrg/images/blue/login_bg.png HTTP/1.1" 304 -
116.224.158.100 - - [06/Apr/2023:08:39:11 +0800] "GET /xingrg/images/blue/hj.png HTTP/1.1" 304 -
116.224.158.100 - - [06/Apr/2023:08:39:11 +0800] "GET /xingrg/images/blue/srbg.png HTTP/1.1" 304 -
116.224.158.100 - - [06/Apr/2023:08:39:11 +0800] "GET /favicon.ico HTTP/1.1" 404 -
116.238.139.35 - - [06/Apr/2023:08:39:12 +0800] "GET /xingrg/all/function/internal_message.html?_=1680741462883&CODE_STATE=getMsg HTTP/1.1" 200 27
116.224.158.100 - - [06/Apr/2023:08:39:15 +0800] "POST /xingrg/login.do HTTP/1.1" 200 2421
116.224.158.100 - - [06/Apr/2023:08:39:15 +0800] "GET /favicon.ico HTTP/1.1" 404 -
116.224.158.100 - - [06/Apr/2023:08:39:17 +0800] "GET /xingrg/login.html HTTP/1.1" 200 7641
116.224.158.100 - - [06/Apr/2023:08:39:17 +0800] "GET /favicon.ico HTTP/1.1" 404 -
120.253.135.82 - - [06/Apr/2023:08:39:19 +0800] "POST /xingrg/login.do HTTP/1.1" 302 -
120.253.135.82 - - [06/Apr/2023:08:39:20 +0800] "GET /xingrg/index.html?sysBaseUrl=http%3A%2F%2F180.169.147.146%3A18081%2Fxingrg%2F&costTime=1331×tamp=1680741559981 HTTP/1.1" 200 17173
116.224.158.100 - - [06/Apr/2023:08:39:20 +0800] "POST /xingrg/login.do HTTP/1.1" 302 -
116.224.158.100 - - [06/Apr/2023:08:39:20 +0800] "GET /xingrg/index.html?sysBaseUrl=http%3A%2F%2F180.169.147.146%3A18081%2Fxingrg%2F&costTime=1330×tamp=1680741560332 HTTP/1.1" 200 17173
120.253.135.82 - - [06/Apr/2023:08:39:20 +0800] "GET /favicon.ico HTTP/1.1" 404 -
116.224.158.100 - - [06/Apr/2023:08:39:20 +0800] "GET /xingrg/all/function/internal_message.html?_=1680741560642&CODE_STATE=count HTTP/1.1" 200 11
116.224.158.100 - - [06/Apr/2023:08:39:20 +0800] "GET /xingrg/check_reg.html?_=1680741560642 HTTP/1.1" 200 22
116.224.158.100 - - [06/Apr/2023:08:39:20 +0800] "GET /favicon.ico HTTP/1.1" 404 -
116.224.158.100 - - [06/Apr/2023:08:39:20 +0800] "POST /xingrg/all/common/load_tree.html?tree=area_rest_tree_json&manage=1 HTTP/1.1" 200 3499
116.224.158.100 - - [06/Apr/2023:08:39:20 +0800] "POST /xingrg/load_menu.html HTTP/1.1" 200 5138
120.253.135.82 - - [06/Apr/2023:08:39:20 +0800] "POST /xingrg/all/common/load_tree.html?tree=area_rest_tree_json&manage=1 HTTP/1.1" 200 3499
120.253.135.82 - - [06/Apr/2023:08:39:21 +0800] "GET /xingrg/check_reg.html?_=1680741560453 HTTP/1.1" 200 22
120.253.135.82 - - [06/Apr/2023:08:39:21 +0800] "GET /xingrg/all/function/internal_message.html?_=1680741560452&CODE_STATE=count HTTP/1.1" 200 11
120.253.135.82 - - [06/Apr/2023:08:39:21 +0800] "POST /xingrg/load_menu.html HTTP/1.1" 200 6743
116.238.139.35 - - [06/Apr/2023:08:39:21 +0800] "GET /xingrg/all/function/internal_message.html?_=1680741564014&CODE_STATE=getMsg HTTP/1.1" 200 27
124.79.240.114 - - [06/Apr/2023:08:39:25 +0800] "GET /xingrg/all/function/internal_message.html?_=1680741557801&CODE_STATE=getMsg HTTP/1.1" 200 27
222.67.232.202 - - [06/Apr/2023:08:39:29 +0800] "GET /xingrg/all/function/internal_message.html?_=1680741571814&CODE_STATE=getMsg HTTP/1.1" 302 -
120.253.135.82 - - [06/Apr/2023:08:39:30 +0800] "GET /xingrg/all/function/internal_message.html?_=1680741403599&CODE_STATE=getMsg HTTP/1.1" 200 27
218.81.216.112 - - [06/Apr/2023:08:39:34 +0800] "GET /xingrg/all/function/internal_message.html?_=1680741587414&CODE_STATE=getMsg HTTP/1.1" 200 27
120.253.135.82 - - [06/Apr/2023:08:39:40 +0800] "GET /xingrg/kc/buy/buy_main.html HTTP/1.1" 200 12341
120.253.135.82 - - [06/Apr/2023:08:39:40 +0800] "GET /xingrg/css/new_ie.css HTTP/1.1" 404 1036
120.253.135.82 - - [06/Apr/2023:08:39:41 +0800] "GET /xingrg/images/yd/bt.gif HTTP/1.1" 404 1040
120.253.135.82 - - [06/Apr/2023:08:39:42 +0800] "GET /xingrg/kc/buy/cgsh_order_list.html HTTP/1.1" 200 54608
120.253.135.82 - - [06/Apr/2023:08:39:45 +0800] "POST /xingrg/kc/buy/cgsh_list_operate.html HTTP/1.1" 200 986
180.164.3.199 - - [06/Apr/2023:08:39:52 +0800] "POST /xingrg/services/DataTransmitService HTTP/1.1" 200 524
120.253.135.82 - - [06/Apr/2023:08:39:53 +0800] "GET /xingrg/javascript/auto/indicator.gif HTTP/1.1" 404 1066
116.224.106.218 - - [06/Apr/2023:08:39:54 +0800] "GET /xingrg/all/function/internal_message.html?_=1680741593451&CODE_STATE=getMsg HTTP/1.1" 200 27
116.192.124.172 - - [06/Apr/2023:08:39:58 +0800] "GET /xingrg/check_reg.html?_=1680741598012 HTTP/1.1" 302 -
116.227.208.255 - - [06/Apr/2023:08:40:06 +0800] "GET /xingrg/all/function/internal_message.html?_=1680741696764&CODE_STATE=getMsg HTTP/1.1" 200 27
120.253.135.82 - - [06/Apr/2023:08:40:06 +0800] "POST /xingrg/kc/buy/cgsh_list_operate.html HTTP/1.1" 200 1875
124.79.240.114 - - [06/Apr/2023:08:40:08 +0800] "GET /xingrg/all/function/internal_message.html?_=1680741601106&CODE_STATE=getMsg HTTP/1.1" 200 27
58.40.7.146 - - [06/Apr/2023:08:40:09 +0800] "GET /xingrg/all/function/internal_message.html?_=1680741609767&CODE_STATE=getMsg HTTP/1.1" 200 27
116.238.139.35 - - [06/Apr/2023:08:40:12 +0800] "GET /xingrg/all/function/internal_message.html?_=1680741522898&CODE_STATE=getMsg HTTP/1.1" 200 27
120.253.135.82 - - [06/Apr/2023:08:40:14 +0800] "GET /xingrg/javascript/easyui/themes/default/tree.css HTTP/1.1" 404 1090
120.253.135.82 - - [06/Apr/2023:08:40:15 +0800] "POST /xingrg/all/common/load_tree.html?tree=supplier_tree_json&manage=1 HTTP/1.1" 200 73887
116.224.158.100 - - [06/Apr/2023:08:40:20 +0800] "GET /xingrg/all/function/internal_message.html?_=1680741620656&CODE_STATE=getMsg HTTP/1.1" 200 27
120.253.135.82 - - [06/Apr/2023:08:40:21 +0800] "GET /xingrg/all/function/internal_message.html?_=1680741620463&CODE_STATE=getMsg HTTP/1.1" 200 27
116.238.139.35 - - [06/Apr/2023:08:40:21 +0800] "GET /xingrg/all/function/internal_message.html?_=1680741624016&CODE_STATE=getMsg HTTP/1.1" 200 27
124.79.240.114 - - [06/Apr/2023:08:40:25 +0800] "GET /xingrg/all/function/internal_message.html?_=1680741617799&CODE_STATE=getMsg HTTP/1.1" 200 27
124.79.240.114 - - [06/Apr/2023:08:40:25 +0800] "GET /xingrg/check_reg.html?_=1680741617796 HTTP/1.1" 200 22
222.67.232.202 - - [06/Apr/2023:08:40:29 +0800] "GET /xingrg/all/function/internal_message.html?_=1680741631814&CODE_STATE=getMsg HTTP/1.1" 302 -
120.253.135.82 - - [06/Apr/2023:08:40:30 +0800] "GET /xingrg/all/function/internal_message.html?_=1680741463613&CODE_STATE=getMsg HTTP/1.1" 200 27
218.81.216.112 - - [06/Apr/2023:08:40:34 +0800] "GET /xingrg/all/function/internal_message.html?_=1680741647427&CODE_STATE=getMsg HTTP/1.1" 200 27
120.253.135.82 - - [06/Apr/2023:08:40:39 +0800] "POST /xingrg/kc/buy/cgsh_list_operate.html HTTP/1.1" 200 6134
116.224.106.218 - - [06/Apr/2023:08:40:54 +0800] "GET /xingrg/all/function/internal_message.html?_=1680741653425&CODE_STATE=getMsg HTTP/1.1" 200 27
120.253.135.82 - - [06/Apr/2023:08:41:04 +0800] "POST /xingrg/kc/buy/cgsh_list_operate.html HTTP/1.1" 200 6633
116.227.208.255 - - [06/Apr/2023:08:41:06 +0800] "GET /xingrg/all/function/internal_message.html?_=1680741756756&CODE_STATE=getMsg HTTP/1.1" 200 27
120.253.135.82 - - [06/Apr/2023:08:41:07 +0800] "POST /xingrg/kc/buy/cgsh_list_operate.html HTTP/1.1" 200 458
124.79.240.114 - - [06/Apr/2023:08:41:08 +0800] "GET /xingrg/all/function/internal_message.html?_=1680741661110&CODE_STATE=getMsg HTTP/1.1" 200 27
124.79.240.114 - - [06/Apr/2023:08:41:08 +0800] "GET /xingrg/check_reg.html?_=1680741661107 HTTP/1.1" 200 22
58.40.7.146 - - [06/Apr/2023:08:41:09 +0800] "GET /xingrg/all/function/internal_message.html?_=1680741669771&CODE_STATE=getMsg HTTP/1.1" 200 27
116.238.139.35 - - [06/Apr/2023:08:41:12 +0800] "GET /xingrg/all/function/internal_message.html?_=1680741582958&CODE_STATE=getMsg HTTP/1.1" 200 27
120.253.135.82 - - [06/Apr/2023:08:41:14 +0800] "POST /xingrg/kc/buy/cgsh_list_operate.html HTTP/1.1" 200 289
120.253.135.82 - - [06/Apr/2023:08:41:18 +0800] "POST /xingrg/kc/buy/cgsh_list_operate.html HTTP/1.1" 200 389
116.224.158.100 - - [06/Apr/2023:08:41:20 +0800] "GET /xingrg/all/function/internal_message.html?_=1680741680648&CODE_STATE=getMsg HTTP/1.1" 200 27
120.253.135.82 - - [06/Apr/2023:08:41:21 +0800] "GET /xingrg/all/function/internal_message.html?_=1680741680461&CODE_STATE=getMsg HTTP/1.1" 200 27
116.238.139.35 - - [06/Apr/2023:08:41:21 +0800] "GET /xingrg/all/function/internal_message.html?_=1680741684016&CODE_STATE=getMsg HTTP/1.1" 200 27
120.253.135.82 - - [06/Apr/2023:08:41:24 +0800] "POST /xingrg/kc/buy/cgsh_list_operate.html HTTP/1.1" 200 210
124.79.240.114 - - [06/Apr/2023:08:41:25 +0800] "GET /xingrg/all/function/internal_message.html?_=1680741677792&CODE_STATE=getMsg HTTP/1.1" 200 27
120.253.135.82 - - [06/Apr/2023:08:41:27 +0800] "POST /xingrg/kc/buy/cgsh_list_operate.html HTTP/1.1" 200 288
222.67.232.202 - - [06/Apr/2023:08:41:29 +0800] "GET /xingrg/all/function/internal_message.html?_=1680741691801&CODE_STATE=getMsg HTTP/1.1" 302 -
120.253.135.82 - - [06/Apr/2023:08:41:30 +0800] "GET /xingrg/all/function/internal_message.html?_=1680741523626&CODE_STATE=getMsg HTTP/1.1" 200 27
218.81.216.112 - - [06/Apr/2023:08:41:34 +0800] "GET /xingrg/all/function/internal_message.html?_=1680741707566&CODE_STATE=getMsg HTTP/1.1" 200 27
116.224.158.100 - - [06/Apr/2023:08:41:35 +0800] "GET /favicon.ico HTTP/1.1" 404 -
116.224.106.218 - - [06/Apr/2023:08:41:54 +0800] "GET /xingrg/all/function/internal_message.html?_=1680741713411&CODE_STATE=getMsg HTTP/1.1" 200 27
116.224.158.100 - - [06/Apr/2023:08:41:56 +0800] "GET /xingrg/index.html?sysBaseUrl=http%3A%2F%2F180.169.147.146%3A18081%2Fxingrg%2F&costTime=32×tamp=1585224308505 HTTP/1.1" 302 -
116.224.158.100 - - [06/Apr/2023:08:41:57 +0800] "GET /xingrg/login.html HTTP/1.1" 200 7641
116.224.158.100 - - [06/Apr/2023:08:42:00 +0800] "GET /xingrg/images/blue/jxLogo.png HTTP/1.1" 304 -
116.224.106.218 - - [06/Apr/2023:08:42:00 +0800] "GET /xingrg/check_reg.html?_=1680741719672 HTTP/1.1" 200 22
116.192.124.172 - - [06/Apr/2023:08:42:05 +0800] "POST /xingrg/services/DataTransmitService HTTP/1.1" 200 524
116.227.208.255 - - [06/Apr/2023:08:42:06 +0800] "GET /xingrg/all/function/internal_message.html?_=1680741816774&CODE_STATE=getMsg HTTP/1.1" 200 27
124.79.240.114 - - [06/Apr/2023:08:42:08 +0800] "GET /xingrg/all/function/internal_message.html?_=1680741721107&CODE_STATE=getMsg HTTP/1.1" 200 27
116.224.158.100 - - [06/Apr/2023:08:42:08 +0800] "GET /xingrg/images/blue/login_bg.png HTTP/1.1" 304 -
116.224.158.100 - - [06/Apr/2023:08:42:08 +0800] "GET /xingrg/images/blue/hj.png HTTP/1.1" 304 -
116.224.158.100 - - [06/Apr/2023:08:42:08 +0800] "GET /xingrg/images/blue/srbg.png HTTP/1.1" 304 -
58.40.7.146 - - [06/Apr/2023:08:42:09 +0800] "GET /xingrg/all/function/internal_message.html?_=1680741729772&CODE_STATE=getMsg HTTP/1.1" 200 27
58.40.7.146 - - [06/Apr/2023:08:42:09 +0800] "GET /xingrg/check_reg.html?_=1680741729775 HTTP/1.1" 200 22
116.238.139.35 - - [06/Apr/2023:08:42:12 +0800] "GET /xingrg/all/function/internal_message.html?_=1680741642971&CODE_STATE=getMsg HTTP/1.1" 200 27
116.224.158.100 - - [06/Apr/2023:08:42:16 +0800] "GET /favicon.ico HTTP/1.1" 404 -
116.224.158.100 - - [06/Apr/2023:08:42:20 +0800] "GET /xingrg/all/function/internal_message.html?_=1680741740652&CODE_STATE=getMsg HTTP/1.1" 200 27
120.253.135.82 - - [06/Apr/2023:08:42:21 +0800] "GET /xingrg/all/function/internal_message.html?_=1680741740469&CODE_STATE=getMsg HTTP/1.1" 200 27
116.238.139.35 - - [06/Apr/2023:08:42:21 +0800] "GET /xingrg/all/function/internal_message.html?_=1680741744012&CODE_STATE=getMsg HTTP/1.1" 200 27
124.79.240.114 - - [06/Apr/2023:08:42:25 +0800] "GET /xingrg/all/function/internal_message.html?_=1680741737792&CODE_STATE=getMsg HTTP/1.1" 200 27
222.67.232.202 - - [06/Apr/2023:08:42:29 +0800] "GET /xingrg/all/function/internal_message.html?_=1680741751811&CODE_STATE=getMsg HTTP/1.1" 302 -
120.253.135.82 - - [06/Apr/2023:08:42:30 +0800] "GET /xingrg/all/function/internal_message.html?_=1680741583640&CODE_STATE=getMsg HTTP/1.1" 200 27
218.81.216.112 - - [06/Apr/2023:08:42:34 +0800] "GET /xingrg/all/function/internal_message.html?_=1680741767579&CODE_STATE=getMsg HTTP/1.1" 200 27
116.224.106.218 - - [06/Apr/2023:08:42:54 +0800] "GET /xingrg/all/function/internal_message.html?_=1680741773384&CODE_STATE=getMsg HTTP/1.1" 200 27
116.224.158.100 - - [06/Apr/2023:08:42:54 +0800] "POST /xingrg/login.do HTTP/1.1" 302 -
116.224.158.100 - - [06/Apr/2023:08:42:54 +0800] "GET /xingrg/index.html?sysBaseUrl=http%3A%2F%2F180.169.147.146%3A18081%2Fxingrg%2F&costTime=801×tamp=1680741774479 HTTP/1.1" 200 17173
116.224.158.100 - - [06/Apr/2023:08:42:54 +0800] "GET /xingrg/javascript/jquery_easy_ui/themes/default/easyui.css HTTP/1.1" 304 -
116.224.158.100 - - [06/Apr/2023:08:42:54 +0800] "GET /xingrg/javascript/jquery_easy_ui/themes/icon.css HTTP/1.1" 304 -
116.224.158.100 - - [06/Apr/2023:08:42:54 +0800] "GET /xingrg/css/form.css HTTP/1.1" 304 -
116.224.158.100 - - [06/Apr/2023:08:42:54 +0800] "GET /xingrg/javascript/jquery-1.4.2.min.js HTTP/1.1" 304 -
116.224.158.100 - - [06/Apr/2023:08:42:54 +0800] "GET /xingrg/javascript/jquery_easy_ui/jquery.easyui.min.js HTTP/1.1" 304 -
116.224.158.100 - - [06/Apr/2023:08:42:54 +0800] "GET /xingrg/javascript/jquery_easy_ui/easyui-lang-zh_CN.js HTTP/1.1" 304 -
116.224.158.100 - - [06/Apr/2023:08:42:54 +0800] "GET /xingrg/javascript/jquery.form.js HTTP/1.1" 304 -
116.224.158.100 - - [06/Apr/2023:08:42:54 +0800] "GET /xingrg/javascript/jquery.utils.js HTTP/1.1" 304 -
116.224.158.100 - - [06/Apr/2023:08:42:55 +0800] "GET /xingrg/javascript/jquery.timers.js HTTP/1.1" 304 -
116.224.158.100 - - [06/Apr/2023:08:42:55 +0800] "GET /favicon.ico HTTP/1.1" 404 -
116.224.158.100 - - [06/Apr/2023:08:42:55 +0800] "GET /xingrg/javascript/jquery_easy_ui/themes/icons/settle_new.png HTTP/1.1" 304 -
116.224.158.100 - - [06/Apr/2023:08:42:55 +0800] "GET /xingrg/images/blue/navBackgound.jpg HTTP/1.1" 304 -
116.224.158.100 - - [06/Apr/2023:08:42:56 +0800] "POST /xingrg/all/common/load_tree.html?tree=area_rest_tree_json&manage=1 HTTP/1.1" 200 342
116.224.158.100 - - [06/Apr/2023:08:42:57 +0800] "GET /xingrg/all/function/internal_message.html?_=1680741620544&CODE_STATE=count HTTP/1.1" 200 11
116.224.158.100 - - [06/Apr/2023:08:42:57 +0800] "GET /xingrg/check_reg.html?_=1680741620545 HTTP/1.1" 200 22
116.224.158.100 - - [06/Apr/2023:08:42:57 +0800] "GET /xingrg/images/blue/pingpu.png HTTP/1.1" 304 -
116.224.158.100 - - [06/Apr/2023:08:42:57 +0800] "GET /xingrg/javascript/jquery_easy_ui/themes/default/images/tabs_leftarrow.png HTTP/1.1" 304 -
116.224.158.100 - - [06/Apr/2023:08:42:57 +0800] "GET /xingrg/javascript/jquery_easy_ui/themes/default/images/tabs_rightarrow.png HTTP/1.1" 304 -
116.224.158.100 - - [06/Apr/2023:08:42:57 +0800] "GET /xingrg/javascript/jquery_easy_ui/themes/default/images/panel_tool_collapse.gif HTTP/1.1" 304 -
116.224.158.100 - - [06/Apr/2023:08:42:57 +0800] "POST /xingrg/load_menu.html HTTP/1.1" 200 5138
116.224.158.100 - - [06/Apr/2023:08:42:57 +0800] "GET /xingrg/javascript/jquery_easy_ui/themes/default/images/tree_arrows.gif HTTP/1.1" 304 -
116.224.158.100 - - [06/Apr/2023:08:42:57 +0800] "GET /xingrg/javascript/jquery_easy_ui/themes/default/images/tree_folder_open.gif HTTP/1.1" 304 -
116.224.158.100 - - [06/Apr/2023:08:42:57 +0800] "GET /xingrg/javascript/jquery_easy_ui/themes/icons/search_new.png HTTP/1.1" 304 -
116.224.158.100 - - [06/Apr/2023:08:42:57 +0800] "GET /xingrg/javascript/jquery_easy_ui/themes/default/images/tree_folder.gif HTTP/1.1" 304 -
116.224.158.100 - - [06/Apr/2023:08:42:57 +0800] "GET /xingrg/javascript/jquery_easy_ui/themes/icons/storage_new.png HTTP/1.1" 304 -
116.224.158.100 - - [06/Apr/2023:08:42:57 +0800] "GET /xingrg/javascript/jquery_easy_ui/themes/icons/forms_new.png HTTP/1.1" 304 -
116.224.158.100 - - [06/Apr/2023:08:42:57 +0800] "GET /xingrg/javascript/jquery_easy_ui/themes/default/images/tree_file.gif HTTP/1.1" 304 -
116.227.208.255 - - [06/Apr/2023:08:43:06 +0800] "GET /xingrg/all/function/internal_message.html?_=1680741876768&CODE_STATE=getMsg HTTP/1.1" 200 27
116.224.158.100 - - [06/Apr/2023:08:43:06 +0800] "GET /xingrg/kc/buy/buy_main.html HTTP/1.1" 200 12412
116.224.158.100 - - [06/Apr/2023:08:43:06 +0800] "GET /xingrg/javascript/jquery_easy_ui/themes/default/images/tabs_close.gif HTTP/1.1" 304 -
116.224.158.100 - - [06/Apr/2023:08:43:06 +0800] "GET /xingrg/css/blue.css HTTP/1.1" 304 -
116.224.158.100 - - [06/Apr/2023:08:43:06 +0800] "GET /xingrg/css/new_ie.css HTTP/1.1" 404 1036
116.224.158.100 - - [06/Apr/2023:08:43:07 +0800] "GET /xingrg/javascript/jquery_ui/themes/humanity/humanity.css HTTP/1.1" 304 -
116.224.158.100 - - [06/Apr/2023:08:43:07 +0800] "GET /xingrg/javascript/pic_change.js HTTP/1.1" 304 -
116.224.158.100 - - [06/Apr/2023:08:43:07 +0800] "GET /xingrg/javascript/ToolTips.js HTTP/1.1" 304 -
116.224.158.100 - - [06/Apr/2023:08:43:07 +0800] "GET /xingrg/javascript/myfunction.js HTTP/1.1" 304 -
116.224.158.100 - - [06/Apr/2023:08:43:07 +0800] "GET /xingrg/javascript/jquery_ui/jquery-ui.min.js HTTP/1.1" 304 -
116.224.158.100 - - [06/Apr/2023:08:43:07 +0800] "GET /xingrg/images/blue/button/cgxqd.gif HTTP/1.1" 304 -
116.224.158.100 - - [06/Apr/2023:08:43:07 +0800] "GET /xingrg/images/blue/button/cgydd.gif HTTP/1.1" 304 -
116.224.158.100 - - [06/Apr/2023:08:43:07 +0800] "GET /xingrg/images/blue/button/cgshd.gif HTTP/1.1" 304 -
116.224.158.100 - - [06/Apr/2023:08:43:07 +0800] "GET /xingrg/images/blue/button/cgfkd.gif HTTP/1.1" 304 -
116.224.158.100 - - [06/Apr/2023:08:43:07 +0800] "GET /xingrg/images/blue/button/kc.gif HTTP/1.1" 304 -
116.224.158.100 - - [06/Apr/2023:08:43:07 +0800] "GET /xingrg/images/blue/button/ckthd.gif HTTP/1.1" 304 -
116.224.158.100 - - [06/Apr/2023:08:43:07 +0800] "GET /xingrg/images/blue/pic_form2.gif HTTP/1.1" 304 -
116.224.158.100 - - [06/Apr/2023:08:43:07 +0800] "GET /xingrg/javascript/jquery_ui/themes/humanity/images/ui-bg_inset-soft_100_f4f0ec_1x100.png HTTP/1.1" 304 -
116.224.158.100 - - [06/Apr/2023:08:43:07 +0800] "GET /xingrg/images/blue/bg_dotted.jpg HTTP/1.1" 304 -
116.224.158.100 - - [06/Apr/2023:08:43:07 +0800] "GET /xingrg/images/blue/button/right_ah.jpg HTTP/1.1" 304 -
116.224.158.100 - - [06/Apr/2023:08:43:07 +0800] "GET /xingrg/images/blue/button/down_ah.jpg HTTP/1.1" 304 -
116.224.158.100 - - [06/Apr/2023:08:43:07 +0800] "GET /xingrg/javascript/jquery_ui/themes/humanity/images/ui-iconsnew.jpg HTTP/1.1" 304 -
116.224.158.100 - - [06/Apr/2023:08:43:07 +0800] "GET /xingrg/javascript/jquery_ui/themes/humanity/images/ui-icons_ffffff_256x240.png HTTP/1.1" 304 -
116.224.158.100 - - [06/Apr/2023:08:43:07 +0800] "GET /xingrg/javascript/jquery_ui/themes/humanity/images/ui-icons_c47a23_256x240.png HTTP/1.1" 304 -
116.224.158.100 - - [06/Apr/2023:08:43:07 +0800] "GET /xingrg/javascript/jquery_ui/themes/humanity/images/ui-bg_glass_70_ede4d4_1x400.png HTTP/1.1" 304 -
124.79.240.114 - - [06/Apr/2023:08:43:08 +0800] "GET /xingrg/all/function/internal_message.html?_=1680741781107&CODE_STATE=getMsg HTTP/1.1" 200 27
116.224.158.100 - - [06/Apr/2023:08:43:08 +0800] "GET /xingrg/images/yd/bt.gif HTTP/1.1" 404 1040
58.40.7.146 - - [06/Apr/2023:08:43:09 +0800] "GET /xingrg/all/function/internal_message.html?_=1680741789776&CODE_STATE=getMsg HTTP/1.1" 200 27
116.224.158.100 - - [06/Apr/2023:08:43:09 +0800] "GET /xingrg/kc/buy/cgsh_order_list.html HTTP/1.1" 200 54608
116.224.158.100 - - [06/Apr/2023:08:43:09 +0800] "GET /xingrg/css/base.css HTTP/1.1" 304 -
116.224.158.100 - - [06/Apr/2023:08:43:10 +0800] "GET /xingrg/css/site.css HTTP/1.1" 304 -
116.224.158.100 - - [06/Apr/2023:08:43:10 +0800] "GET /xingrg/javascript/jquery_tools/datebox.css HTTP/1.1" 304 -
116.224.158.100 - - [06/Apr/2023:08:43:10 +0800] "GET /xingrg/javascript/easyui/themes/default/easyui.css HTTP/1.1" 304 -
116.224.158.100 - - [06/Apr/2023:08:43:10 +0800] "GET /xingrg/javascript/easyui/themes/icon.css HTTP/1.1" 304 -
116.224.158.100 - - [06/Apr/2023:08:43:10 +0800] "GET /xingrg/javascript/auto/jquery.autocomplete.css HTTP/1.1" 304 -
116.224.158.100 - - [06/Apr/2023:08:43:10 +0800] "GET /xingrg/javascript/jquery_tools/fix.css HTTP/1.1" 304 -
116.224.158.100 - - [06/Apr/2023:08:43:10 +0800] "GET /xingrg/javascript/jquery_tools/table.css HTTP/1.1" 304 -
116.224.158.100 - - [06/Apr/2023:08:43:10 +0800] "GET /xingrg/javascript/jquery_tools/jquery.tools.min.js HTTP/1.1" 304 -
116.224.158.100 - - [06/Apr/2023:08:43:10 +0800] "GET /xingrg/javascript/jquery_tools/jquery.tools.extend.js HTTP/1.1" 304 -
116.224.158.100 - - [06/Apr/2023:08:43:10 +0800] "GET /xingrg/javascript/jquery_tools/jquery.tools.hotkey.js HTTP/1.1" 304 -
116.224.158.100 - - [06/Apr/2023:08:43:10 +0800] "GET /xingrg/javascript/jquery_tools/jquery.tools.table.js HTTP/1.1" 304 -
116.224.158.100 - - [06/Apr/2023:08:43:10 +0800] "GET /xingrg/javascript/jquery_tools/list_manager.js HTTP/1.1" 304 -
116.224.158.100 - - [06/Apr/2023:08:43:10 +0800] "GET /xingrg/javascript/auto/jquery.autocomplete.js HTTP/1.1" 304 -
116.224.158.100 - - [06/Apr/2023:08:43:10 +0800] "GET /xingrg/javascript/easyui/easyloader.js HTTP/1.1" 304 -
116.224.158.100 - - [06/Apr/2023:08:43:10 +0800] "GET /xingrg/javascript/jquery.cookie.js HTTP/1.1" 304 -
116.224.158.100 - - [06/Apr/2023:08:43:10 +0800] "GET /xingrg/javascript/print/LodopFuncs.js HTTP/1.1" 304 -
116.238.139.35 - - [06/Apr/2023:08:43:12 +0800] "GET /xingrg/all/function/internal_message.html?_=1680741703030&CODE_STATE=getMsg HTTP/1.1" 200 27
116.224.158.100 - - [06/Apr/2023:08:43:15 +0800] "GET /xingrg/javascript/easyui/themes/icons/cance_new.png HTTP/1.1" 304 -
116.224.158.100 - - [06/Apr/2023:08:43:15 +0800] "GET /xingrg/javascript/easyui/themes/icons/check_new.png HTTP/1.1" 304 -
116.224.158.100 - - [06/Apr/2023:08:43:15 +0800] "GET /xingrg/javascript/easyui/themes/icons/field_new.png HTTP/1.1" 304 -
116.224.158.100 - - [06/Apr/2023:08:43:15 +0800] "GET /xingrg/javascript/easyui/themes/icons/import_new.png HTTP/1.1" 304 -
116.224.158.100 - - [06/Apr/2023:08:43:15 +0800] "GET /xingrg/javascript/easyui/themes/icons/edit_add_new.png HTTP/1.1" 304 -
116.224.158.100 - - [06/Apr/2023:08:43:15 +0800] "GET /xingrg/javascript/easyui/plugins/jquery.parser.js HTTP/1.1" 304 -
116.224.158.100 - - [06/Apr/2023:08:43:15 +0800] "GET /xingrg/images/control/ajaxLoader.gif HTTP/1.1" 304 -
116.224.158.100 - - [06/Apr/2023:08:43:17 +0800] "POST /xingrg/kc/buy/cgsh_list_operate.html HTTP/1.1" 200 986
116.224.158.100 - - [06/Apr/2023:08:43:18 +0800] "GET /xingrg/javascript/easyui/themes/default/images/button_plain_hover.png HTTP/1.1" 304 -
116.224.158.100 - - [06/Apr/2023:08:43:20 +0800] "GET /xingrg/kc/buy/cgsh_order_add.html HTTP/1.1" 200 70472
116.224.158.100 - - [06/Apr/2023:08:43:20 +0800] "GET /xingrg/javascript/jquery_tools/order_manager.js HTTP/1.1" 304 -
116.224.158.100 - - [06/Apr/2023:08:43:20 +0800] "GET /xingrg/javascript/convert.js HTTP/1.1" 304 -
116.224.158.100 - - [06/Apr/2023:08:43:20 +0800] "GET /xingrg/javascript/json2.js HTTP/1.1" 304 -
116.224.158.100 - - [06/Apr/2023:08:43:20 +0800] "GET /xingrg/javascript/print/kc_print.js HTTP/1.1" 304 -
116.224.158.100 - - [06/Apr/2023:08:43:20 +0800] "GET /xingrg/all/function/internal_message.html?_=1680741800651&CODE_STATE=getMsg HTTP/1.1" 200 27
116.224.158.100 - - [06/Apr/2023:08:43:20 +0800] "GET /xingrg/words/20230405172510_words.js HTTP/1.1" 200 959795
116.224.158.100 - - [06/Apr/2023:08:43:21 +0800] "GET /xingrg/javascript/easyui/themes/icons/copy_new.png HTTP/1.1" 304 -
120.253.135.82 - - [06/Apr/2023:08:43:21 +0800] "GET /xingrg/all/function/internal_message.html?_=1680741800473&CODE_STATE=getMsg HTTP/1.1" 200 27
116.224.158.100 - - [06/Apr/2023:08:43:21 +0800] "GET /xingrg/javascript/easyui/themes/icons/template_new.png HTTP/1.1" 304 -
116.224.158.100 - - [06/Apr/2023:08:43:21 +0800] "GET /xingrg/javascript/easyui/themes/icons/ok.png HTTP/1.1" 304 -
116.224.158.100 - - [06/Apr/2023:08:43:21 +0800] "GET /xingrg/javascript/easyui/themes/icons/print.png HTTP/1.1" 304 -
116.224.158.100 - - [06/Apr/2023:08:43:21 +0800] "GET /xingrg/javascript/easyui/themes/default/images/menu_downarrow.png HTTP/1.1" 304 -
116.224.158.100 - - [06/Apr/2023:08:43:21 +0800] "GET /xingrg/javascript/easyui/themes/icons/cancel.png HTTP/1.1" 304 -
116.224.158.100 - - [06/Apr/2023:08:43:21 +0800] "POST /xingrg/kc/buy/cgsh_order_operate.html HTTP/1.1" 200 8245
116.224.158.100 - - [06/Apr/2023:08:43:21 +0800] "GET /xingrg/javascript/easyui/themes/default/validatebox.css HTTP/1.1" 404 1104
116.224.158.100 - - [06/Apr/2023:08:43:21 +0800] "GET /xingrg/all/common/auto_word.html?type=employee&rest_code=00105 HTTP/1.1" 200 193
116.224.158.100 - - [06/Apr/2023:08:43:21 +0800] "GET /xingrg/javascript/easyui/plugins/jquery.validatebox.js HTTP/1.1" 304 -
116.224.158.100 - - [06/Apr/2023:08:43:21 +0800] "GET /xingrg/all/common/auto_word.html?type=employee&rest_code=00105 HTTP/1.1" 200 193
116.224.158.100 - - [06/Apr/2023:08:43:21 +0800] "GET /xingrg/javascript/easyui/plugins/jquery.numberbox.js HTTP/1.1" 304 -
116.224.158.100 - - [06/Apr/2023:08:43:21 +0800] "GET /xingrg/javascript/easyui/themes/icons/edit_remove.png HTTP/1.1" 304 -
116.238.139.35 - - [06/Apr/2023:08:43:21 +0800] "GET /xingrg/all/function/internal_message.html?_=1680741804013&CODE_STATE=getMsg HTTP/1.1" 200 27
116.238.139.35 - - [06/Apr/2023:08:43:21 +0800] "GET /xingrg/check_reg.html?_=1680741804017 HTTP/1.1" 200 22
116.224.158.100 - - [06/Apr/2023:08:43:24 +0800] "GET /xingrg/javascript/auto/indicator.gif HTTP/1.1" 404 1066
124.79.240.114 - - [06/Apr/2023:08:43:25 +0800] "GET /xingrg/all/function/internal_message.html?_=1680741797780&CODE_STATE=getMsg HTTP/1.1" 200 27
116.224.158.100 - - [06/Apr/2023:08:43:25 +0800] "GET /xingrg/kc/buy/cgsh_order_list.html HTTP/1.1" 200 54608
116.224.158.100 - - [06/Apr/2023:08:43:28 +0800] "POST /xingrg/kc/buy/cgsh_list_operate.html HTTP/1.1" 200 986
120.253.135.82 - - [06/Apr/2023:08:43:29 +0800] "GET /xingrg/check_reg.html?_=1680741643434 HTTP/1.1" 200 22
222.67.232.202 - - [06/Apr/2023:08:43:29 +0800] "GET /xingrg/check_reg.html?_=1680741811796 HTTP/1.1" 302 -
222.67.232.202 - - [06/Apr/2023:08:43:29 +0800] "GET /xingrg/all/function/internal_message.html?_=1680741811798&CODE_STATE=getMsg HTTP/1.1" 302 -
120.253.135.82 - - [06/Apr/2023:08:43:30 +0800] "GET /xingrg/all/function/internal_message.html?_=1680741643654&CODE_STATE=getMsg HTTP/1.1" 200 27
116.224.158.100 - - [06/Apr/2023:08:43:30 +0800] "GET /xingrg/kc/buy/cgsh_order_add.html HTTP/1.1" 200 70472
116.224.158.100 - - [06/Apr/2023:08:43:30 +0800] "GET /xingrg/words/20230405172510_words.js HTTP/1.1" 200 959795
116.224.158.100 - - [06/Apr/2023:08:43:30 +0800] "POST /xingrg/kc/buy/cgsh_order_operate.html HTTP/1.1" 200 8245
116.224.158.100 - - [06/Apr/2023:08:43:31 +0800] "GET /xingrg/javascript/easyui/themes/default/validatebox.css HTTP/1.1" 404 1104
116.224.158.100 - - [06/Apr/2023:08:43:31 +0800] "GET /xingrg/all/common/auto_word.html?type=employee&rest_code=00105 HTTP/1.1" 200 193
116.224.158.100 - - [06/Apr/2023:08:43:31 +0800] "GET /xingrg/all/common/auto_word.html?type=employee&rest_code=00105 HTTP/1.1" 200 193
116.224.158.100 - - [06/Apr/2023:08:43:32 +0800] "GET /xingrg/javascript/auto/indicator.gif HTTP/1.1" 404 1066
218.81.216.112 - - [06/Apr/2023:08:43:34 +0800] "GET /xingrg/all/function/internal_message.html?_=1680741827788&CODE_STATE=getMsg HTTP/1.1" 200 27
218.81.216.112 - - [06/Apr/2023:08:43:38 +0800] "GET /xingrg/check_reg.html?_=1680741831808 HTTP/1.1" 200 22
116.238.139.35 - - [06/Apr/2023:08:43:43 +0800] "GET /xingrg/check_reg.html?_=1680741734668 HTTP/1.1" 200 22
116.224.158.100 - - [06/Apr/2023:08:43:54 +0800] "GET /xingrg/kc/buy/cgsh_order_operate.html?command=get_materiel&rest_code=00105&code=00101008312&supplier_code=00100203&order_time=2023-04-06 HTTP/1.1" 200 412
116.224.106.218 - - [06/Apr/2023:08:43:54 +0800] "GET /xingrg/all/function/internal_message.html?_=1680741833370&CODE_STATE=getMsg HTTP/1.1" 200 27
116.224.158.100 - - [06/Apr/2023:08:43:57 +0800] "GET /xingrg/all/function/internal_message.html?_=1680741680562&CODE_STATE=getMsg HTTP/1.1" 200 27
116.224.158.100 - - [06/Apr/2023:08:43:58 +0800] "GET /xingrg/kc/buy/cgsh_order_operate.html?command=get_materiel&rest_code=00105&code=00101006129&supplier_code=00100012&order_time=2023-04-06 HTTP/1.1" 200 431
116.227.208.255 - - [06/Apr/2023:08:44:06 +0800] "GET /xingrg/check_reg.html?_=1680741936760 HTTP/1.1" 200 22
116.227.208.255 - - [06/Apr/2023:08:44:06 +0800] "GET /xingrg/all/function/internal_message.html?_=1680741936766&CODE_STATE=getMsg HTTP/1.1" 200 27
124.79.240.114 - - [06/Apr/2023:08:44:08 +0800] "GET /xingrg/all/function/internal_message.html?_=1680741841122&CODE_STATE=getMsg HTTP/1.1" 200 27
58.40.7.146 - - [06/Apr/2023:08:44:09 +0800] "GET /xingrg/all/function/internal_message.html?_=1680741849768&CODE_STATE=getMsg HTTP/1.1" 200 27
116.238.139.35 - - [06/Apr/2023:08:44:12 +0800] "GET /xingrg/all/function/internal_message.html?_=1680741763045&CODE_STATE=getMsg HTTP/1.1" 200 27
116.224.158.100 - - [06/Apr/2023:08:44:13 +0800] "GET /xingrg/kc/buy/cgsh_order_operate.html?command=get_materiel&rest_code=00105&code=00101008230&supplier_code=00100203&order_time=2023-04-06 HTTP/1.1" 200 408
116.224.158.100 - - [06/Apr/2023:08:44:20 +0800] "GET /xingrg/check_reg.html?_=1680741860658 HTTP/1.1" 200 22
116.224.158.100 - - [06/Apr/2023:08:44:20 +0800] "GET /xingrg/all/function/internal_message.html?_=1680741860659&CODE_STATE=getMsg HTTP/1.1" 200 27
116.224.158.100 - - [06/Apr/2023:08:44:20 +0800] "GET /xingrg/kc/buy/cgsh_order_operate.html?command=get_materiel&rest_code=00105&code=00101010248&supplier_code=00100012&order_time=2023-04-06 HTTP/1.1" 200 430
120.253.135.82 - - [06/Apr/2023:08:44:21 +0800] "GET /xingrg/check_reg.html?_=1680741860478 HTTP/1.1" 200 22
120.253.135.82 - - [06/Apr/2023:08:44:21 +0800] "GET /xingrg/all/function/internal_message.html?_=1680741860483&CODE_STATE=getMsg HTTP/1.1" 200 27
116.238.139.35 - - [06/Apr/2023:08:44:21 +0800] "GET /xingrg/all/function/internal_message.html?_=1680741864018&CODE_STATE=getMsg HTTP/1.1" 200 27
116.224.158.100 - - [06/Apr/2023:08:44:22 +0800] "GET /xingrg/kc/buy/cgsh_order_operate.html?command=get_materiel&rest_code=00105&code=00101008036&supplier_code=00100203&order_time=2023-04-06 HTTP/1.1" 200 408
116.224.158.100 - - [06/Apr/2023:08:44:23 +0800] "POST /xingrg/all/common/load_select.html HTTP/1.1" 200 25
124.79.240.114 - - [06/Apr/2023:08:44:25 +0800] "GET /xingrg/all/function/internal_message.html?_=1680741857792&CODE_STATE=getMsg HTTP/1.1" 200 27
116.224.158.100 - - [06/Apr/2023:08:44:29 +0800] "GET /xingrg/kc/buy/cgsh_order_operate.html?command=get_materiel_price&rest_code=00105&code=00101010248&unit_code=00100043&supplier_code=00100012&order_time=2023-04-06 HTTP/1.1" 200 29
222.67.232.202 - - [06/Apr/2023:08:44:29 +0800] "GET /xingrg/all/function/internal_message.html?_=1680741871813&CODE_STATE=getMsg HTTP/1.1" 302 -
120.253.135.82 - - [06/Apr/2023:08:44:30 +0800] "GET /xingrg/all/function/internal_message.html?_=1680741703667&CODE_STATE=getMsg HTTP/1.1" 200 27
116.224.158.100 - - [06/Apr/2023:08:44:30 +0800] "GET /xingrg/kc/buy/cgsh_order_operate.html?command=get_materiel&rest_code=00105&code=00101008275&supplier_code=00100203&order_time=2023-04-06 HTTP/1.1" 200 416
218.81.216.112 - - [06/Apr/2023:08:44:34 +0800] "GET /xingrg/all/function/internal_message.html?_=1680741887793&CODE_STATE=getMsg HTTP/1.1" 200 27
116.224.158.100 - - [06/Apr/2023:08:44:43 +0800] "GET /xingrg/kc/buy/cgsh_order_operate.html?command=get_materiel&rest_code=00105&code=00101008677&supplier_code=00100203&order_time=2023-04-06 HTTP/1.1" 200 416
116.224.158.100 - - [06/Apr/2023:08:44:53 +0800] "GET /xingrg/kc/buy/cgsh_order_operate.html?command=get_materiel&rest_code=00105&code=00101008430&supplier_code=00100203&order_time=2023-04-06 HTTP/1.1" 200 405
116.224.106.218 - - [06/Apr/2023:08:44:54 +0800] "GET /xingrg/all/function/internal_message.html?_=1680741893356&CODE_STATE=getMsg HTTP/1.1" 200 27
116.224.158.100 - - [06/Apr/2023:08:44:55 +0800] "GET /xingrg/kc/buy/cgsh_order_operate.html?command=get_materiel&rest_code=00105&code=00101007038&supplier_code=00100012&order_time=2023-04-06 HTTP/1.1" 200 422
116.224.158.100 - - [06/Apr/2023:08:44:57 +0800] "GET /xingrg/all/function/internal_message.html?_=1680741740564&CODE_STATE=getMsg HTTP/1.1" 200 27
116.192.124.172 - - [06/Apr/2023:08:44:58 +0800] "GET /xingrg/check_reg.html?_=1680741898004 HTTP/1.1" 302 -
116.224.158.100 - - [06/Apr/2023:08:44:59 +0800] "GET /xingrg/kc/buy/cgsh_order_operate.html?command=get_materiel&rest_code=00105&code=00101008010&supplier_code=00100203&order_time=2023-04-06 HTTP/1.1" 200 412
116.224.158.100 - - [06/Apr/2023:08:45:00 +0800] "POST /xingrg/all/common/load_select.html HTTP/1.1" 200 25
116.238.139.35 - - [06/Apr/2023:08:45:05 +0800] "GET /xingrg/kc/buy/cgsh_order_list.html HTTP/1.1" 200 54614
116.227.208.255 - - [06/Apr/2023:08:45:06 +0800] "GET /xingrg/all/function/internal_message.html?_=1680741996765&CODE_STATE=getMsg HTTP/1.1" 200 27
116.224.158.100 - - [06/Apr/2023:08:45:07 +0800] "GET /xingrg/kc/buy/cgsh_order_operate.html?command=get_materiel_price&rest_code=00105&code=00101007038&unit_code=00100025&supplier_code=00100012&order_time=2023-04-06 HTTP/1.1" 200 29
116.238.139.35 - - [06/Apr/2023:08:45:07 +0800] "POST /xingrg/kc/buy/cgsh_list_operate.html HTTP/1.1" 200 986
124.79.240.114 - - [06/Apr/2023:08:45:08 +0800] "GET /xingrg/all/function/internal_message.html?_=1680741901097&CODE_STATE=getMsg HTTP/1.1" 200 27
116.238.139.35 - - [06/Apr/2023:08:45:08 +0800] "GET /xingrg/kc/buy/cgsh_order_add.html HTTP/1.1" 200 70434
116.238.139.35 - - [06/Apr/2023:08:45:08 +0800] "GET /xingrg/words/20230405172510_words.js HTTP/1.1" 304 -
116.238.139.35 - - [06/Apr/2023:08:45:08 +0800] "POST /xingrg/kc/buy/cgsh_order_operate.html HTTP/1.1" 200 8245
116.238.139.35 - - [06/Apr/2023:08:45:08 +0800] "GET /xingrg/javascript/easyui/themes/default/validatebox.css HTTP/1.1" 404 1104
116.238.139.35 - - [06/Apr/2023:08:45:08 +0800] "GET /xingrg/all/common/auto_word.html?type=employee&rest_code=00150 HTTP/1.1" 200 159
116.238.139.35 - - [06/Apr/2023:08:45:08 +0800] "GET /xingrg/all/common/auto_word.html?type=employee&rest_code=00150 HTTP/1.1" 200 159
116.224.158.100 - - [06/Apr/2023:08:45:09 +0800] "GET /xingrg/kc/buy/cgsh_order_operate.html?command=get_materiel&rest_code=00105&code=00101008038&supplier_code=00100203&order_time=2023-04-06 HTTP/1.1" 200 412
58.40.7.146 - - [06/Apr/2023:08:45:09 +0800] "GET /xingrg/all/function/internal_message.html?_=1680741909771&CODE_STATE=getMsg HTTP/1.1" 200 27
116.238.139.35 - - [06/Apr/2023:08:45:12 +0800] "GET /xingrg/all/function/internal_message.html?_=1680741823058&CODE_STATE=getMsg HTTP/1.1" 200 27
116.224.158.100 - - [06/Apr/2023:08:45:16 +0800] "GET /xingrg/kc/buy/cgsh_order_operate.html?command=get_materiel&rest_code=00105&code=00101008221&supplier_code=00100203&order_time=2023-04-06 HTTP/1.1" 200 412
116.238.139.35 - - [06/Apr/2023:08:45:18 +0800] "GET /xingrg/kc/buy/cgsh_order_operate.html?command=get_materiel&rest_code=00150&code=00101008175&supplier_code=00100008&order_time=2023-04-06 HTTP/1.1" 200 412
116.224.158.100 - - [06/Apr/2023:08:45:20 +0800] "GET /xingrg/all/function/internal_message.html?_=1680741920651&CODE_STATE=getMsg HTTP/1.1" 200 27
120.253.135.82 - - [06/Apr/2023:08:45:21 +0800] "GET /xingrg/all/function/internal_message.html?_=1680741920470&CODE_STATE=getMsg HTTP/1.1" 200 27
116.238.139.35 - - [06/Apr/2023:08:45:21 +0800] "GET /xingrg/all/function/internal_message.html?_=1680741924014&CODE_STATE=getMsg HTTP/1.1" 200 27
124.79.240.114 - - [06/Apr/2023:08:45:25 +0800] "GET /xingrg/check_reg.html?_=1680741917794 HTTP/1.1" 200 22
124.79.240.114 - - [06/Apr/2023:08:45:25 +0800] "GET /xingrg/all/function/internal_message.html?_=1680741917792&CODE_STATE=getMsg HTTP/1.1" 200 27
116.224.158.100 - - [06/Apr/2023:08:45:28 +0800] "GET /xingrg/kc/buy/cgsh_order_operate.html?command=get_materiel&rest_code=00105&code=00101008059&supplier_code=00100203&order_time=2023-04-06 HTTP/1.1" 200 408
222.67.232.202 - - [06/Apr/2023:08:45:29 +0800] "GET /xingrg/all/function/internal_message.html?_=1680741931800&CODE_STATE=getMsg HTTP/1.1" 302 -
120.253.135.82 - - [06/Apr/2023:08:45:30 +0800] "GET /xingrg/all/function/internal_message.html?_=1680741763696&CODE_STATE=getMsg HTTP/1.1" 200 27
116.224.158.100 - - [06/Apr/2023:08:45:31 +0800] "GET /xingrg/kc/buy/cgsh_order_operate.html?command=get_materiel&rest_code=00105&code=00101006122&supplier_code=00100012&order_time=2023-04-06 HTTP/1.1" 200 429
116.238.139.35 - - [06/Apr/2023:08:45:33 +0800] "GET /xingrg/kc/buy/cgsh_order_operate.html?command=get_materiel&rest_code=00150&code=00101008337&supplier_code=00100008&order_time=2023-04-06 HTTP/1.1" 200 408
116.192.124.172 - - [06/Apr/2023:08:45:34 +0800] "GET /favicon.ico HTTP/1.1" 404 -
218.81.216.112 - - [06/Apr/2023:08:45:34 +0800] "GET /xingrg/all/function/internal_message.html?_=1680741947807&CODE_STATE=getMsg HTTP/1.1" 200 27
116.192.124.172 - - [06/Apr/2023:08:45:34 +0800] "GET /favicon.ico HTTP/1.1" 404 -
116.192.124.172 - - [06/Apr/2023:08:45:35 +0800] "GET /favicon.ico HTTP/1.1" 404 -
116.192.124.172 - - [06/Apr/2023:08:45:35 +0800] "GET /favicon.ico HTTP/1.1" 404 -
116.192.124.172 - - [06/Apr/2023:08:45:36 +0800] "GET /favicon.ico HTTP/1.1" 404 -
116.192.124.172 - - [06/Apr/2023:08:45:37 +0800] "GET /favicon.ico HTTP/1.1" 404 -
116.192.124.172 - - [06/Apr/2023:08:45:37 +0800] "GET /favicon.ico HTTP/1.1" 404 -
116.192.124.172 - - [06/Apr/2023:08:45:38 +0800] "GET /favicon.ico HTTP/1.1" 404 -
116.192.124.172 - - [06/Apr/2023:08:45:38 +0800] "GET /favicon.ico HTTP/1.1" 404 -
116.192.124.172 - - [06/Apr/2023:08:45:39 +0800] "GET /favicon.ico HTTP/1.1" 404 -
116.224.158.100 - - [06/Apr/2023:08:45:39 +0800] "GET /xingrg/kc/buy/cgsh_order_operate.html?command=get_materiel&rest_code=00105&code=00101008131&supplier_code=00100203&order_time=2023-04-06 HTTP/1.1" 200 408
116.192.124.172 - - [06/Apr/2023:08:45:40 +0800] "GET /favicon.ico HTTP/1.1" 404 -
116.192.124.172 - - [06/Apr/2023:08:45:40 +0800] "GET /favicon.ico HTTP/1.1" 404 -
116.238.139.35 - - [06/Apr/2023:08:45:40 +0800] "GET /xingrg/kc/buy/cgsh_order_operate.html?command=get_materiel&rest_code=00150&code=00101008331&supplier_code=00100008&order_time=2023-04-06 HTTP/1.1" 200 416
116.192.124.172 - - [06/Apr/2023:08:45:41 +0800] "GET /favicon.ico HTTP/1.1" 404 -
116.192.124.172 - - [06/Apr/2023:08:45:42 +0800] "GET /favicon.ico HTTP/1.1" 404 -
116.192.124.172 - - [06/Apr/2023:08:45:42 +0800] "GET /favicon.ico HTTP/1.1" 404 -
116.192.124.172 - - [06/Apr/2023:08:45:43 +0800] "GET /favicon.ico HTTP/1.1" 404 -
116.192.124.172 - - [06/Apr/2023:08:45:43 +0800] "GET /favicon.ico HTTP/1.1" 404 -
116.192.124.172 - - [06/Apr/2023:08:45:44 +0800] "GET /favicon.ico HTTP/1.1" 404 -
116.192.124.172 - - [06/Apr/2023:08:45:45 +0800] "GET /favicon.ico HTTP/1.1" 404 -
116.192.124.172 - - [06/Apr/2023:08:45:45 +0800] "GET /favicon.ico HTTP/1.1" 404 -
116.192.124.172 - - [06/Apr/2023:08:45:46 +0800] "GET /favicon.ico HTTP/1.1" 404 -
116.192.124.172 - - [06/Apr/2023:08:45:46 +0800] "GET /favicon.ico HTTP/1.1" 404 -
116.224.158.100 - - [06/Apr/2023:08:45:47 +0800] "GET /xingrg/kc/buy/cgsh_order_operate.html?command=get_materiel&rest_code=00105&code=00101008318&supplier_code=00100203&order_time=2023-04-06 HTTP/1.1" 200 408
116.192.124.172 - - [06/Apr/2023:08:45:47 +0800] "GET /favicon.ico HTTP/1.1" 404 -
116.238.139.35 - - [06/Apr/2023:08:45:48 +0800] "GET /xingrg/kc/buy/cgsh_order_operate.html?command=get_materiel&rest_code=00150&code=00101008096&supplier_code=00100008&order_time=2023-04-06 HTTP/1.1" 200 413
116.192.124.172 - - [06/Apr/2023:08:45:48 +0800] "GET /favicon.ico HTTP/1.1" 404 -
116.192.124.172 - - [06/Apr/2023:08:45:48 +0800] "GET /favicon.ico HTTP/1.1" 404 -
116.192.124.172 - - [06/Apr/2023:08:45:49 +0800] "GET /favicon.ico HTTP/1.1" 404 -
116.192.124.172 - - [06/Apr/2023:08:45:49 +0800] "GET /favicon.ico HTTP/1.1" 404 -
116.224.158.100 - - [06/Apr/2023:08:45:50 +0800] "GET /xingrg/kc/buy/cgsh_order_operate.html?command=get_materiel&rest_code=00105&code=00101006109&supplier_code=00100012&order_time=2023-04-06 HTTP/1.1" 200 409
116.224.106.218 - - [06/Apr/2023:08:45:54 +0800] "GET /xingrg/all/function/internal_message.html?_=1680741953346&CODE_STATE=getMsg HTTP/1.1" 200 27
116.224.158.100 - - [06/Apr/2023:08:45:55 +0800] "GET /xingrg/kc/buy/cgsh_order_operate.html?command=get_materiel&rest_code=00105&code=00101008352&supplier_code=00100203&order_time=2023-04-06 HTTP/1.1" 200 412
116.224.158.100 - - [06/Apr/2023:08:45:57 +0800] "GET /xingrg/all/function/internal_message.html?_=1680741800547&CODE_STATE=getMsg HTTP/1.1" 200 27
116.238.139.35 - - [06/Apr/2023:08:45:58 +0800] "GET /xingrg/kc/buy/cgsh_order_operate.html?command=get_materiel&rest_code=00150&code=00101008221&supplier_code=00100008&order_time=2023-04-06 HTTP/1.1" 200 412
116.192.124.172 - - [06/Apr/2023:08:45:59 +0800] "GET /xingrg/kc/buy/cgsh_order_list.html HTTP/1.1" 302 -
116.192.124.172 - - [06/Apr/2023:08:45:59 +0800] "GET /xingrg/login.html HTTP/1.1" 200 7641
116.192.124.172 - - [06/Apr/2023:08:45:59 +0800] "GET /xingrg/login.html HTTP/1.1" 200 7641
116.192.124.172 - - [06/Apr/2023:08:45:59 +0800] "GET /favicon.ico HTTP/1.1" 404 -
116.192.124.172 - - [06/Apr/2023:08:46:01 +0800] "POST /xingrg/login.do HTTP/1.1" 302 -
116.192.124.172 - - [06/Apr/2023:08:46:01 +0800] "GET /xingrg/index.html?sysBaseUrl=http%3A%2F%2F180.169.147.146%3A18081%2Fxingrg%2F&costTime=797×tamp=1680741961571 HTTP/1.1" 200 17173
116.192.124.172 - - [06/Apr/2023:08:46:01 +0800] "GET /favicon.ico HTTP/1.1" 404 -
116.192.124.172 - - [06/Apr/2023:08:46:01 +0800] "GET /xingrg/check_reg.html?_=1680741961468 HTTP/1.1" 200 22
116.192.124.172 - - [06/Apr/2023:08:46:01 +0800] "GET /xingrg/all/function/internal_message.html?_=1680741961467&CODE_STATE=count HTTP/1.1" 200 11
116.192.124.172 - - [06/Apr/2023:08:46:01 +0800] "POST /xingrg/all/common/load_tree.html?tree=area_rest_tree_json&manage=1 HTTP/1.1" 200 342
116.192.124.172 - - [06/Apr/2023:08:46:01 +0800] "POST /xingrg/load_menu.html HTTP/1.1" 200 5138
116.192.124.172 - - [06/Apr/2023:08:46:04 +0800] "GET /xingrg/kc/buy/cgsh_order_list.html HTTP/1.1" 200 54608
116.192.124.172 - - [06/Apr/2023:08:46:04 +0800] "GET /xingrg/css/site.css HTTP/1.1" 200 7541
116.192.124.172 - - [06/Apr/2023:08:46:04 +0800] "GET /xingrg/css/base.css HTTP/1.1" 200 2811
116.192.124.172 - - [06/Apr/2023:08:46:04 +0800] "GET /xingrg/javascript/jquery_tools/datebox.css HTTP/1.1" 200 2597
116.192.124.172 - - [06/Apr/2023:08:46:04 +0800] "GET /xingrg/javascript/easyui/themes/icon.css HTTP/1.1" 200 4483
116.192.124.172 - - [06/Apr/2023:08:46:04 +0800] "GET /xingrg/javascript/easyui/themes/default/easyui.css HTTP/1.1" 200 30432
116.192.124.172 - - [06/Apr/2023:08:46:04 +0800] "GET /xingrg/javascript/jquery_tools/fix.css HTTP/1.1" 200 1702
116.192.124.172 - - [06/Apr/2023:08:46:04 +0800] "GET /xingrg/javascript/jquery_tools/table.css HTTP/1.1" 200 1032
116.192.124.172 - - [06/Apr/2023:08:46:04 +0800] "GET /xingrg/javascript/jquery_tools/jquery.tools.min.js HTTP/1.1" 200 138801
116.192.124.172 - - [06/Apr/2023:08:46:04 +0800] "GET /xingrg/javascript/jquery_tools/jquery.tools.extend.js HTTP/1.1" 200 15385
116.192.124.172 - - [06/Apr/2023:08:46:04 +0800] "GET /xingrg/javascript/jquery_tools/jquery.tools.hotkey.js HTTP/1.1" 200 3242
116.192.124.172 - - [06/Apr/2023:08:46:04 +0800] "GET /xingrg/javascript/jquery_tools/jquery.tools.table.js HTTP/1.1" 200 6994
116.192.124.172 - - [06/Apr/2023:08:46:04 +0800] "GET /xingrg/javascript/jquery_tools/list_manager.js HTTP/1.1" 200 3652
116.192.124.172 - - [06/Apr/2023:08:46:04 +0800] "GET /xingrg/javascript/easyui/easyloader.js HTTP/1.1" 200 5975
116.192.124.172 - - [06/Apr/2023:08:46:04 +0800] "GET /xingrg/javascript/jquery.cookie.js HTTP/1.1" 200 5513
116.192.124.172 - - [06/Apr/2023:08:46:05 +0800] "GET /xingrg/javascript/easyui/themes/icons/field_new.png HTTP/1.1" 200 1097
116.192.124.172 - - [06/Apr/2023:08:46:05 +0800] "GET /xingrg/javascript/easyui/themes/icons/check_new.png HTTP/1.1" 200 3224
116.192.124.172 - - [06/Apr/2023:08:46:05 +0800] "GET /xingrg/javascript/easyui/themes/icons/import_new.png HTTP/1.1" 200 1247
116.192.124.172 - - [06/Apr/2023:08:46:05 +0800] "GET /xingrg/javascript/easyui/themes/icons/cance_new.png HTTP/1.1" 200 3986
116.192.124.172 - - [06/Apr/2023:08:46:05 +0800] "GET /xingrg/javascript/easyui/themes/icons/edit_add_new.png HTTP/1.1" 200 2997
116.192.124.172 - - [06/Apr/2023:08:46:05 +0800] "GET /xingrg/javascript/easyui/plugins/jquery.parser.js HTTP/1.1" 200 1142
116.224.158.100 - - [06/Apr/2023:08:46:05 +0800] "GET /xingrg/kc/buy/cgsh_order_operate.html?command=get_materiel&rest_code=00105&code=00101008005&supplier_code=00100203&order_time=2023-04-06 HTTP/1.1" 200 412
116.192.124.172 - - [06/Apr/2023:08:46:05 +0800] "GET /xingrg/images/control/ajaxLoader.gif HTTP/1.1" 200 4659
116.227.208.255 - - [06/Apr/2023:08:46:06 +0800] "GET /xingrg/all/function/internal_message.html?_=1680742056768&CODE_STATE=getMsg HTTP/1.1" 200 27
116.192.124.172 - - [06/Apr/2023:08:46:06 +0800] "POST /xingrg/kc/buy/cgsh_list_operate.html HTTP/1.1" 200 986
116.192.124.172 - - [06/Apr/2023:08:46:07 +0800] "GET /xingrg/javascript/easyui/themes/default/images/button_plain_hover.png HTTP/1.1" 200 144
116.238.139.35 - - [06/Apr/2023:08:46:07 +0800] "GET /xingrg/kc/buy/cgsh_order_operate.html?command=get_materiel&rest_code=00150&code=00101008163&supplier_code=00100008&order_time=2023-04-06 HTTP/1.1" 200 409
124.79.240.114 - - [06/Apr/2023:08:46:08 +0800] "GET /xingrg/check_reg.html?_=1680741961112 HTTP/1.1" 200 22
124.79.240.114 - - [06/Apr/2023:08:46:08 +0800] "GET /xingrg/all/function/internal_message.html?_=1680741961106&CODE_STATE=getMsg HTTP/1.1" 200 27
116.192.124.172 - - [06/Apr/2023:08:46:08 +0800] "GET /xingrg/kc/buy/cgsh_order_add.html HTTP/1.1" 200 70425
116.192.124.172 - - [06/Apr/2023:08:46:08 +0800] "GET /xingrg/javascript/convert.js HTTP/1.1" 200 1239
116.192.124.172 - - [06/Apr/2023:08:46:08 +0800] "GET /xingrg/javascript/json2.js HTTP/1.1" 200 11259
116.192.124.172 - - [06/Apr/2023:08:46:08 +0800] "GET /xingrg/javascript/jquery_tools/order_manager.js HTTP/1.1" 200 11183
116.192.124.172 - - [06/Apr/2023:08:46:08 +0800] "GET /xingrg/words/20230405172510_words.js HTTP/1.1" 200 959795
116.192.124.172 - - [06/Apr/2023:08:46:08 +0800] "GET /xingrg/javascript/easyui/themes/icons/copy_new.png HTTP/1.1" 200 815
116.192.124.172 - - [06/Apr/2023:08:46:08 +0800] "GET /xingrg/javascript/easyui/themes/icons/ok.png HTTP/1.1" 200 883
116.192.124.172 - - [06/Apr/2023:08:46:08 +0800] "GET /xingrg/javascript/easyui/themes/icons/print.png HTTP/1.1" 200 1057
116.192.124.172 - - [06/Apr/2023:08:46:08 +0800] "GET /xingrg/javascript/easyui/themes/icons/cancel.png HTTP/1.1" 200 1133
116.192.124.172 - - [06/Apr/2023:08:46:08 +0800] "GET /xingrg/javascript/easyui/themes/default/images/menu_downarrow.png HTTP/1.1" 200 173
116.192.124.172 - - [06/Apr/2023:08:46:08 +0800] "GET /xingrg/javascript/easyui/themes/icons/template_new.png HTTP/1.1" 200 3956
116.192.124.172 - - [06/Apr/2023:08:46:08 +0800] "POST /xingrg/kc/buy/cgsh_order_operate.html HTTP/1.1" 200 8245
116.192.124.172 - - [06/Apr/2023:08:46:08 +0800] "GET /xingrg/javascript/easyui/themes/default/validatebox.css HTTP/1.1" 404 1104
116.192.124.172 - - [06/Apr/2023:08:46:08 +0800] "GET /xingrg/javascript/easyui/plugins/jquery.validatebox.js HTTP/1.1" 200 6103
