222.70.182.87 - - [03/Apr/2023:11:09:48 +0800] "GET /xingrg/kc/buy/cgsh_order_operate.html?command=get_materiel&rest_code=00111&code=00101006060&supplier_code=00100325&order_time=2023-04-03 HTTP/1.1" 200 409
116.238.139.35 - - [03/Apr/2023:11:09:49 +0800] "GET /xingrg/all/function/internal_message.html?_=1680491302643&CODE_STATE=getMsg HTTP/1.1" 302 -
116.224.158.100 - - [03/Apr/2023:11:09:51 +0800] "GET /xingrg/kc/buy/cgsh_order_operate.html?command=get_materiel&rest_code=00105&code=00101001039&supplier_code=00100430&order_time=2023-04-03 HTTP/1.1" 200 424
124.79.72.155 - - [03/Apr/2023:11:09:53 +0800] "GET /xingrg/all/function/internal_message.html?_=1680491396730&CODE_STATE=getMsg HTTP/1.1" 200 27
116.224.158.100 - - [03/Apr/2023:11:10:00 +0800] "POST /xingrg/kc/buy/cgsh_order_operate.html HTTP/1.1" 200 37
180.164.3.199 - - [03/Apr/2023:11:10:02 +0800] "GET /xingrg/kc/buy/cgsh_order_operate.html?command=get_materiel&rest_code=00108&code=00101008095&supplier_code=00100007&order_time=2023-04-03 HTTP/1.1" 200 413
116.224.158.100 - - [03/Apr/2023:11:10:02 +0800] "POST /xingrg/kc/buy/cgsh_order_operate.html HTTP/1.1" 200 3258
222.70.182.87 - - [03/Apr/2023:11:10:02 +0800] "GET /xingrg/kc/buy/cgsh_order_operate.html?command=get_materiel&rest_code=00111&code=00101010535&supplier_code=00100325&order_time=2023-04-03 HTTP/1.1" 200 442
180.169.147.146 - - [03/Apr/2023:11:10:03 +0800] "GET /xingrg/all/function/internal_message.html?_=1680491402704&CODE_STATE=getMsg HTTP/1.1" 302 -
114.83.216.80 - - [03/Apr/2023:11:10:04 +0800] "GET /xingrg/all/function/internal_message.html?_=1680491403986&CODE_STATE=getMsg HTTP/1.1" 200 27
222.67.232.202 - - [03/Apr/2023:11:10:04 +0800] "GET /xingrg/all/function/internal_message.html?_=1680491405147&CODE_STATE=getMsg HTTP/1.1" 200 27
116.224.158.100 - - [03/Apr/2023:11:10:04 +0800] "GET /xingrg/kc/print/load_data.html?order_code=212023040300779&kc_code=cgsh&condition= HTTP/1.1" 200 883
116.224.158.100 - - [03/Apr/2023:11:10:08 +0800] "GET /xingrg/kc/buy/cgsh_order_add.html HTTP/1.1" 200 70043
116.224.158.100 - - [03/Apr/2023:11:10:08 +0800] "GET /xingrg/javascript/easyui/themes/default/validatebox.css HTTP/1.1" 404 1104
116.224.158.100 - - [03/Apr/2023:11:10:08 +0800] "POST /xingrg/kc/buy/cgsh_order_operate.html HTTP/1.1" 200 8245
180.169.147.146 - - [03/Apr/2023:11:10:09 +0800] "GET /xingrg/all/function/internal_message.html?_=1680491409573&CODE_STATE=getMsg HTTP/1.1" 200 27
116.224.158.100 - - [03/Apr/2023:11:10:12 +0800] "GET /xingrg/all/function/internal_message.html?_=1680491413334&CODE_STATE=getMsg HTTP/1.1" 200 27
116.224.158.100 - - [03/Apr/2023:11:10:13 +0800] "GET /xingrg/check_reg.html?_=1680491413869 HTTP/1.1" 200 22
116.224.158.100 - - [03/Apr/2023:11:10:18 +0800] "GET /xingrg/kc/buy/cgsh_order_operate.html?command=get_materiel&rest_code=00105&code=00101012119&supplier_code=00100581&order_time=2023-04-03 HTTP/1.1" 200 416
222.70.182.87 - - [03/Apr/2023:11:10:20 +0800] "GET /xingrg/all/function/internal_message.html?_=1680491419879&CODE_STATE=getMsg HTTP/1.1" 200 27
180.169.147.146 - - [03/Apr/2023:11:10:21 +0800] "GET /xingrg/all/function/internal_message.html?_=1680491419844&CODE_STATE=getMsg HTTP/1.1" 200 27
180.157.253.110 - - [03/Apr/2023:11:10:21 +0800] "GET /xingrg/check_reg.html?_=1680491421427 HTTP/1.1" 200 22
180.157.253.110 - - [03/Apr/2023:11:10:21 +0800] "GET /xingrg/all/function/internal_message.html?_=1680491421429&CODE_STATE=getMsg HTTP/1.1" 200 27
180.164.3.199 - - [03/Apr/2023:11:10:21 +0800] "GET /xingrg/kc/buy/cgsh_order_operate.html?command=get_materiel&rest_code=00108&code=00101015004&supplier_code=00100007&order_time=2023-04-03 HTTP/1.1" 200 409
101.229.22.234 - - [03/Apr/2023:11:10:23 +0800] "GET /xingrg/all/function/internal_message.html?_=1680491422943&CODE_STATE=getMsg HTTP/1.1" 200 27
180.163.29.217 - - [03/Apr/2023:11:10:23 +0800] "GET /xingrg/all/function/internal_message.html?_=1680491363975&CODE_STATE=getMsg HTTP/1.1" 302 -
180.163.29.217 - - [03/Apr/2023:11:10:23 +0800] "GET /xingrg/login.html HTTP/1.1" 200 7641
124.78.155.10 - - [03/Apr/2023:11:10:23 +0800] "GET /xingrg/all/function/internal_message.html?_=1680491423977&CODE_STATE=getMsg HTTP/1.1" 200 27
120.253.135.82 - - [03/Apr/2023:11:10:24 +0800] "GET /xingrg/check_reg.html?_=1680491257393 HTTP/1.1" 200 22
120.253.135.82 - - [03/Apr/2023:11:10:25 +0800] "GET /xingrg/all/function/internal_message.html?_=1680491257592&CODE_STATE=getMsg HTTP/1.1" 200 27
222.70.174.211 - - [03/Apr/2023:11:10:25 +0800] "GET /xingrg/all/function/internal_message.html?_=1680491426549&CODE_STATE=getMsg HTTP/1.1" 200 27
180.164.3.199 - - [03/Apr/2023:11:10:35 +0800] "GET /xingrg/all/function/internal_message.html?_=1680491435058&CODE_STATE=getMsg HTTP/1.1" 200 27
222.70.182.87 - - [03/Apr/2023:11:10:36 +0800] "POST /xingrg/kc/buy/cgsh_order_operate.html HTTP/1.1" 200 37
116.224.158.100 - - [03/Apr/2023:11:10:36 +0800] "POST /xingrg/kc/buy/cgsh_order_operate.html HTTP/1.1" 200 64
180.164.3.199 - - [03/Apr/2023:11:10:38 +0800] "GET /xingrg/kc/buy/cgsh_order_operate.html?command=get_materiel&rest_code=00108&code=00101008077&supplier_code=00100007&order_time=2023-04-03 HTTP/1.1" 200 416
222.70.182.87 - - [03/Apr/2023:11:10:38 +0800] "POST /xingrg/kc/buy/cgsh_order_operate.html HTTP/1.1" 200 5659
222.70.182.87 - - [03/Apr/2023:11:10:40 +0800] "GET /xingrg/kc/print/load_data.html?order_code=212023040300781&kc_code=cgsh&condition= HTTP/1.1" 200 1846
116.224.158.100 - - [03/Apr/2023:11:10:41 +0800] "GET /xingrg/all/function/internal_message.html?_=1680491284854&CODE_STATE=getMsg HTTP/1.1" 200 27
180.164.3.199 - - [03/Apr/2023:11:10:42 +0800] "POST /xingrg/kc/buy/cgsh_order_operate.html HTTP/1.1" 200 2065
116.224.158.100 - - [03/Apr/2023:11:10:43 +0800] "POST /xingrg/kc/buy/cgsh_order_operate.html HTTP/1.1" 200 37
222.70.182.87 - - [03/Apr/2023:11:10:45 +0800] "GET /xingrg/kc/buy/cgsh_order_add.html HTTP/1.1" 200 69917
222.70.182.87 - - [03/Apr/2023:11:10:45 +0800] "POST /xingrg/kc/buy/cgsh_order_operate.html HTTP/1.1" 200 8245
116.224.158.100 - - [03/Apr/2023:11:10:45 +0800] "POST /xingrg/kc/buy/cgsh_order_operate.html HTTP/1.1" 200 2660
222.70.182.87 - - [03/Apr/2023:11:10:45 +0800] "GET /xingrg/javascript/easyui/themes/default/validatebox.css HTTP/1.1" 404 1104
116.238.139.35 - - [03/Apr/2023:11:10:47 +0800] "GET /xingrg/all/function/internal_message.html?_=1680491449049&CODE_STATE=getMsg HTTP/1.1" 200 27
116.224.158.100 - - [03/Apr/2023:11:10:47 +0800] "GET /xingrg/kc/print/load_data.html?order_code=212023040300782&kc_code=cgsh&condition= HTTP/1.1" 200 662
180.164.3.199 - - [03/Apr/2023:11:10:47 +0800] "GET /xingrg/kc/buy/cgsh_order_operate.html?command=get_materiel&rest_code=00108&code=00101008223&supplier_code=00100007&order_time=2023-04-03 HTTP/1.1" 200 412
116.227.208.255 - - [03/Apr/2023:11:10:48 +0800] "GET /xingrg/all/function/internal_message.html?_=1680491543314&CODE_STATE=getMsg HTTP/1.1" 200 27
116.238.139.35 - - [03/Apr/2023:11:10:49 +0800] "GET /xingrg/all/function/internal_message.html?_=1680491362658&CODE_STATE=getMsg HTTP/1.1" 302 -
116.224.158.100 - - [03/Apr/2023:11:10:51 +0800] "GET /xingrg/kc/buy/cgsh_order_add.html HTTP/1.1" 200 70043
116.224.158.100 - - [03/Apr/2023:11:10:52 +0800] "GET /xingrg/javascript/easyui/themes/default/validatebox.css HTTP/1.1" 404 1104
116.224.158.100 - - [03/Apr/2023:11:10:52 +0800] "POST /xingrg/kc/buy/cgsh_order_operate.html HTTP/1.1" 200 8245
124.79.72.155 - - [03/Apr/2023:11:10:53 +0800] "GET /xingrg/all/function/internal_message.html?_=1680491456735&CODE_STATE=getMsg HTTP/1.1" 200 27
222.70.182.87 - - [03/Apr/2023:11:10:59 +0800] "GET /xingrg/kc/buy/cgsh_order_operate.html?command=get_materiel&rest_code=00111&code=00101001138&supplier_code=00100430&order_time=2023-04-03 HTTP/1.1" 200 413
116.224.158.100 - - [03/Apr/2023:11:11:01 +0800] "GET /xingrg/kc/buy/cgsh_order_operate.html?command=get_materiel&rest_code=00105&code=00101001060&supplier_code=00100442&order_time=2023-04-03 HTTP/1.1" 200 421
180.169.147.146 - - [03/Apr/2023:11:11:03 +0800] "GET /xingrg/all/function/internal_message.html?_=1680491462719&CODE_STATE=getMsg HTTP/1.1" 302 -
114.83.216.80 - - [03/Apr/2023:11:11:04 +0800] "GET /xingrg/all/function/internal_message.html?_=1680491463974&CODE_STATE=getMsg HTTP/1.1" 200 27
222.67.232.202 - - [03/Apr/2023:11:11:04 +0800] "GET /xingrg/all/function/internal_message.html?_=1680491465148&CODE_STATE=getMsg HTTP/1.1" 200 27
180.164.3.199 - - [03/Apr/2023:11:11:07 +0800] "GET /xingrg/kc/buy/cgsh_order_operate.html?command=get_materiel&rest_code=00108&code=00101008131&supplier_code=00100007&order_time=2023-04-03 HTTP/1.1" 200 409
180.169.147.146 - - [03/Apr/2023:11:11:09 +0800] "GET /xingrg/all/report/report_query.html?fileName=dma/new_5.0/yingye/yy_hz.xml&rw=1600 HTTP/1.1" 200 56155
180.169.147.146 - - [03/Apr/2023:11:11:09 +0800] "GET /xingrg/dwr/interface/AjaxReportQueryService.js HTTP/1.1" 200 13203
180.169.147.146 - - [03/Apr/2023:11:11:09 +0800] "GET /xingrg/dwr/engine.js HTTP/1.1" 200 43631
116.192.124.172 - - [03/Apr/2023:11:11:09 +0800] "GET /xingrg/login.html HTTP/1.1" 200 7641
180.169.147.146 - - [03/Apr/2023:11:11:09 +0800] "POST /xingrg/dwr/call/plaincall/AjaxReportQueryService.getFixDate.dwr HTTP/1.1" 200 111
180.169.147.146 - - [03/Apr/2023:11:11:09 +0800] "GET /xingrg/all/function/internal_message.html?_=1680491469562&CODE_STATE=getMsg HTTP/1.1" 200 27
180.169.147.146 - - [03/Apr/2023:11:11:09 +0800] "POST /xingrg/all/common/load_tree.html?tree=area_station_tree_json&manage=1 HTTP/1.1" 200 1906
116.192.124.172 - - [03/Apr/2023:11:11:09 +0800] "GET /favicon.ico HTTP/1.1" 404 -
180.169.147.146 - - [03/Apr/2023:11:11:11 +0800] "POST /xingrg/dwr/call/plaincall/AjaxReportQueryService.getFixDate.dwr HTTP/1.1" 200 111
116.192.124.172 - - [03/Apr/2023:11:11:12 +0800] "POST /xingrg/login.do HTTP/1.1" 302 -
116.192.124.172 - - [03/Apr/2023:11:11:12 +0800] "GET /xingrg/index.html?sysBaseUrl=http%3A%2F%2F180.169.147.146%3A18081%2Fxingrg%2F&costTime=1490×tamp=1680491472500 HTTP/1.1" 200 17173
116.224.158.100 - - [03/Apr/2023:11:11:12 +0800] "GET /xingrg/all/function/internal_message.html?_=1680491473295&CODE_STATE=getMsg HTTP/1.1" 200 27
116.192.124.172 - - [03/Apr/2023:11:11:12 +0800] "GET /xingrg/all/function/internal_message.html?_=1680491475200&CODE_STATE=count HTTP/1.1" 200 11
116.192.124.172 - - [03/Apr/2023:11:11:12 +0800] "GET /xingrg/check_reg.html?_=1680491475202 HTTP/1.1" 200 22
116.192.124.172 - - [03/Apr/2023:11:11:12 +0800] "POST /xingrg/all/common/load_tree.html?tree=area_rest_tree_json&manage=1 HTTP/1.1" 200 342
116.192.124.172 - - [03/Apr/2023:11:11:12 +0800] "GET /favicon.ico HTTP/1.1" 404 -
116.192.124.172 - - [03/Apr/2023:11:11:13 +0800] "POST /xingrg/load_menu.html HTTP/1.1" 200 5138
116.192.124.172 - - [03/Apr/2023:11:11:14 +0800] "GET /xingrg/kc/buy/cgsh_order_list.html HTTP/1.1" 200 54179
116.224.158.100 - - [03/Apr/2023:11:11:15 +0800] "POST /xingrg/kc/buy/cgsh_order_operate.html HTTP/1.1" 200 37
180.169.147.146 - - [03/Apr/2023:11:11:16 +0800] "POST /xingrg/dwr/call/plaincall/AjaxReportQueryService.refreshCache.dwr HTTP/1.1" 200 78
116.192.124.172 - - [03/Apr/2023:11:11:17 +0800] "POST /xingrg/kc/buy/cgsh_list_operate.html HTTP/1.1" 200 986
180.169.147.146 - - [03/Apr/2023:11:11:17 +0800] "POST /xingrg/all/report/load_report_page.html HTTP/1.1" 200 32821
180.169.147.146 - - [03/Apr/2023:11:11:17 +0800] "GET /xingrg/servlets/image?cache=0.4684670763044829&image=px HTTP/1.1" 200 807
222.70.182.87 - - [03/Apr/2023:11:11:20 +0800] "GET /xingrg/all/function/internal_message.html?_=1680491479866&CODE_STATE=getMsg HTTP/1.1" 200 27
222.70.182.87 - - [03/Apr/2023:11:11:20 +0800] "POST /xingrg/kc/buy/cgsh_order_operate.html HTTP/1.1" 200 37
116.224.158.100 - - [03/Apr/2023:11:11:20 +0800] "POST /xingrg/kc/buy/cgsh_order_operate.html HTTP/1.1" 200 2666
180.169.147.146 - - [03/Apr/2023:11:11:21 +0800] "GET /xingrg/all/function/internal_message.html?_=1680491479838&CODE_STATE=getMsg HTTP/1.1" 200 27
180.157.253.110 - - [03/Apr/2023:11:11:21 +0800] "GET /xingrg/all/function/internal_message.html?_=1680491481453&CODE_STATE=getMsg HTTP/1.1" 200 27
116.224.158.100 - - [03/Apr/2023:11:11:22 +0800] "GET /xingrg/kc/print/load_data.html?order_code=212023040300783&kc_code=cgsh&condition= HTTP/1.1" 200 674
222.70.182.87 - - [03/Apr/2023:11:11:22 +0800] "POST /xingrg/kc/buy/cgsh_order_operate.html HTTP/1.1" 200 2660
101.229.22.234 - - [03/Apr/2023:11:11:23 +0800] "GET /xingrg/all/function/internal_message.html?_=1680491482942&CODE_STATE=getMsg HTTP/1.1" 200 27
124.78.155.10 - - [03/Apr/2023:11:11:23 +0800] "GET /xingrg/all/function/internal_message.html?_=1680491483981&CODE_STATE=getMsg HTTP/1.1" 200 27
120.253.135.82 - - [03/Apr/2023:11:11:25 +0800] "GET /xingrg/all/function/internal_message.html?_=1680491317606&CODE_STATE=getMsg HTTP/1.1" 200 27
222.70.174.211 - - [03/Apr/2023:11:11:25 +0800] "GET /xingrg/all/function/internal_message.html?_=1680491486861&CODE_STATE=getMsg HTTP/1.1" 200 27
222.70.182.87 - - [03/Apr/2023:11:11:25 +0800] "GET /xingrg/kc/print/load_data.html?order_code=212023040300784&kc_code=cgsh&condition= HTTP/1.1" 200 652
116.224.158.100 - - [03/Apr/2023:11:11:26 +0800] "GET /xingrg/kc/buy/cgsh_order_add.html HTTP/1.1" 200 70043
116.224.158.100 - - [03/Apr/2023:11:11:27 +0800] "GET /xingrg/javascript/easyui/themes/default/validatebox.css HTTP/1.1" 404 1104
116.224.158.100 - - [03/Apr/2023:11:11:27 +0800] "POST /xingrg/kc/buy/cgsh_order_operate.html HTTP/1.1" 200 8245
180.164.3.199 - - [03/Apr/2023:11:11:28 +0800] "GET /xingrg/kc/buy/cgsh_order_operate.html?command=get_materiel&rest_code=00108&code=00101008353&supplier_code=00100007&order_time=2023-04-03 HTTP/1.1" 200 408
222.70.182.87 - - [03/Apr/2023:11:11:30 +0800] "GET /xingrg/kc/buy/cgsh_order_add.html HTTP/1.1" 200 69917
222.70.182.87 - - [03/Apr/2023:11:11:30 +0800] "POST /xingrg/kc/buy/cgsh_order_operate.html HTTP/1.1" 200 8245
222.70.182.87 - - [03/Apr/2023:11:11:30 +0800] "GET /xingrg/javascript/easyui/themes/default/validatebox.css HTTP/1.1" 404 1104
180.164.3.199 - - [03/Apr/2023:11:11:35 +0800] "GET /xingrg/all/function/internal_message.html?_=1680491495045&CODE_STATE=getMsg HTTP/1.1" 200 27
116.224.158.100 - - [03/Apr/2023:11:11:37 +0800] "GET /xingrg/kc/buy/cgsh_order_operate.html?command=get_materiel&rest_code=00105&code=00101002035&supplier_code=00100088&order_time=2023-04-03 HTTP/1.1" 200 418
180.164.3.199 - - [03/Apr/2023:11:11:39 +0800] "GET /xingrg/kc/buy/cgsh_order_operate.html?command=get_materiel&rest_code=00108&code=00101008185&supplier_code=00100007&order_time=2023-04-03 HTTP/1.1" 200 408
116.224.158.100 - - [03/Apr/2023:11:11:41 +0800] "GET /xingrg/all/function/internal_message.html?_=1680491344844&CODE_STATE=getMsg HTTP/1.1" 200 27
116.192.124.172 - - [03/Apr/2023:11:11:42 +0800] "GET /xingrg/javascript/jquery_tools/images/prev.gif HTTP/1.1" 404 1086
116.192.124.172 - - [03/Apr/2023:11:11:42 +0800] "GET /xingrg/javascript/jquery_tools/images/next.gif HTTP/1.1" 404 1086
222.70.182.87 - - [03/Apr/2023:11:11:42 +0800] "GET /xingrg/kc/buy/cgsh_order_operate.html?command=get_materiel&rest_code=00111&code=00101010869&supplier_code=00100329&order_time=2023-04-03 HTTP/1.1" 200 438
120.253.135.82 - - [03/Apr/2023:11:11:43 +0800] "GET /xingrg/index.html?sysBaseUrl=http%3A%2F%2F180.169.147.146%3A18081%2Fxingrg%2F&costTime=42×tamp=1677553372900 HTTP/1.1" 302 -
120.253.135.82 - - [03/Apr/2023:11:11:43 +0800] "GET /xingrg/login.html HTTP/1.1" 200 7641
120.253.135.82 - - [03/Apr/2023:11:11:43 +0800] "GET /xingrg/images/blue/jxLogo.png HTTP/1.1" 200 6156
120.253.135.82 - - [03/Apr/2023:11:11:43 +0800] "GET /xingrg/images/blue/login_bg.png HTTP/1.1" 200 22101
120.253.135.82 - - [03/Apr/2023:11:11:43 +0800] "GET /xingrg/images/blue/hj.png HTTP/1.1" 200 1014
120.253.135.82 - - [03/Apr/2023:11:11:43 +0800] "GET /xingrg/images/blue/srbg.png HTTP/1.1" 200 138
120.253.135.82 - - [03/Apr/2023:11:11:43 +0800] "GET /favicon.ico HTTP/1.1" 404 -
180.164.3.199 - - [03/Apr/2023:11:11:44 +0800] "POST /xingrg/kc/buy/cgsh_order_operate.html HTTP/1.1" 200 2065
116.238.139.35 - - [03/Apr/2023:11:11:46 +0800] "GET /xingrg/all/function/internal_message.html?_=1680491509019&CODE_STATE=getMsg HTTP/1.1" 200 27
116.227.208.255 - - [03/Apr/2023:11:11:48 +0800] "GET /xingrg/all/function/internal_message.html?_=1680491603305&CODE_STATE=getMsg HTTP/1.1" 200 27
116.238.139.35 - - [03/Apr/2023:11:11:49 +0800] "GET /xingrg/all/function/internal_message.html?_=1680491422742&CODE_STATE=getMsg HTTP/1.1" 302 -
222.70.182.87 - - [03/Apr/2023:11:11:53 +0800] "POST /xingrg/kc/buy/cgsh_order_operate.html HTTP/1.1" 200 37
124.79.72.155 - - [03/Apr/2023:11:11:53 +0800] "GET /xingrg/all/function/internal_message.html?_=1680491516738&CODE_STATE=getMsg HTTP/1.1" 200 27
120.253.135.82 - - [03/Apr/2023:11:11:53 +0800] "POST /xingrg/login.do HTTP/1.1" 302 -
120.253.135.82 - - [03/Apr/2023:11:11:53 +0800] "GET /xingrg/index.html?sysBaseUrl=http%3A%2F%2F180.169.147.146%3A18081%2Fxingrg%2F&costTime=1602×tamp=1680491513752 HTTP/1.1" 200 17177
120.253.135.82 - - [03/Apr/2023:11:11:53 +0800] "GET /xingrg/javascript/jquery_easy_ui/themes/default/easyui.css HTTP/1.1" 200 26500
120.253.135.82 - - [03/Apr/2023:11:11:53 +0800] "GET /xingrg/css/form.css HTTP/1.1" 200 893
120.253.135.82 - - [03/Apr/2023:11:11:53 +0800] "GET /xingrg/javascript/jquery_easy_ui/themes/icon.css HTTP/1.1" 200 3949
120.253.135.82 - - [03/Apr/2023:11:11:53 +0800] "GET /xingrg/javascript/jquery_easy_ui/easyui-lang-zh_CN.js HTTP/1.1" 200 1900
120.253.135.82 - - [03/Apr/2023:11:11:53 +0800] "GET /xingrg/javascript/jquery-1.4.2.min.js HTTP/1.1" 200 72205
120.253.135.82 - - [03/Apr/2023:11:11:53 +0800] "GET /xingrg/javascript/jquery.form.js HTTP/1.1" 200 23110
120.253.135.82 - - [03/Apr/2023:11:11:53 +0800] "GET /xingrg/javascript/jquery.utils.js HTTP/1.1" 200 11805
120.253.135.82 - - [03/Apr/2023:11:11:53 +0800] "GET /xingrg/javascript/jquery.timers.js HTTP/1.1" 200 3532
120.253.135.82 - - [03/Apr/2023:11:11:53 +0800] "GET /xingrg/javascript/jquery_easy_ui/jquery.easyui.min.js HTTP/1.1" 200 213662
120.253.135.82 - - [03/Apr/2023:11:11:54 +0800] "GET /favicon.ico HTTP/1.1" 404 -
120.253.135.82 - - [03/Apr/2023:11:11:54 +0800] "GET /xingrg/images/blue/navBackgound.jpg HTTP/1.1" 200 12378
120.253.135.82 - - [03/Apr/2023:11:11:54 +0800] "GET /xingrg/javascript/jquery_easy_ui/themes/icons/settle_new.png HTTP/1.1" 200 826
120.253.135.82 - - [03/Apr/2023:11:11:54 +0800] "POST /xingrg/all/common/load_tree.html?tree=area_rest_tree_json&manage=1 HTTP/1.1" 200 348
120.253.135.82 - - [03/Apr/2023:11:11:54 +0800] "GET /xingrg/all/function/internal_message.html?_=1680491514530&CODE_STATE=count HTTP/1.1" 200 11
120.253.135.82 - - [03/Apr/2023:11:11:54 +0800] "GET /xingrg/check_reg.html?_=1680491514531 HTTP/1.1" 200 22
120.253.135.82 - - [03/Apr/2023:11:11:54 +0800] "GET /xingrg/images/blue/pingpu.png HTTP/1.1" 200 231
120.253.135.82 - - [03/Apr/2023:11:11:54 +0800] "GET /xingrg/javascript/jquery_easy_ui/themes/default/images/tabs_rightarrow.png HTTP/1.1" 200 395
120.253.135.82 - - [03/Apr/2023:11:11:54 +0800] "GET /xingrg/javascript/jquery_easy_ui/themes/default/images/tabs_leftarrow.png HTTP/1.1" 200 389
120.253.135.82 - - [03/Apr/2023:11:11:54 +0800] "GET /xingrg/javascript/jquery_easy_ui/themes/default/images/panel_tool_collapse.gif HTTP/1.1" 200 246
120.253.135.82 - - [03/Apr/2023:11:11:54 +0800] "POST /xingrg/load_menu.html HTTP/1.1" 200 5138
120.253.135.82 - - [03/Apr/2023:11:11:54 +0800] "GET /xingrg/javascript/jquery_easy_ui/themes/default/images/tree_arrows.gif HTTP/1.1" 200 1043
120.253.135.82 - - [03/Apr/2023:11:11:54 +0800] "GET /xingrg/javascript/jquery_easy_ui/themes/default/images/tree_folder_open.gif HTTP/1.1" 200 956
120.253.135.82 - - [03/Apr/2023:11:11:54 +0800] "GET /xingrg/javascript/jquery_easy_ui/themes/icons/search_new.png HTTP/1.1" 200 586
120.253.135.82 - - [03/Apr/2023:11:11:54 +0800] "GET /xingrg/javascript/jquery_easy_ui/themes/default/images/tree_folder.gif HTTP/1.1" 200 952
120.253.135.82 - - [03/Apr/2023:11:11:54 +0800] "GET /xingrg/javascript/jquery_easy_ui/themes/icons/storage_new.png HTTP/1.1" 200 853
120.253.135.82 - - [03/Apr/2023:11:11:54 +0800] "GET /xingrg/javascript/jquery_easy_ui/themes/icons/forms_new.png HTTP/1.1" 200 350
120.253.135.82 - - [03/Apr/2023:11:11:54 +0800] "GET /xingrg/javascript/jquery_easy_ui/themes/default/images/tree_file.gif HTTP/1.1" 200 118
116.224.158.100 - - [03/Apr/2023:11:11:56 +0800] "POST /xingrg/kc/buy/cgsh_order_operate.html HTTP/1.1" 200 37
222.70.182.87 - - [03/Apr/2023:11:11:56 +0800] "POST /xingrg/kc/buy/cgsh_order_operate.html HTTP/1.1" 200 2677
116.192.124.172 - - [03/Apr/2023:11:11:57 +0800] "POST /xingrg/kc/buy/cgsh_list_operate.html HTTP/1.1" 200 6041
180.164.3.199 - - [03/Apr/2023:11:11:57 +0800] "GET /xingrg/kc/buy/cgsh_order_operate.html?command=get_materiel&rest_code=00108&code=00101008079&supplier_code=00100007&order_time=2023-04-03 HTTP/1.1" 200 416
222.70.182.87 - - [03/Apr/2023:11:11:58 +0800] "GET /xingrg/kc/print/load_data.html?order_code=212023040300785&kc_code=cgsh&condition= HTTP/1.1" 200 697
116.224.158.100 - - [03/Apr/2023:11:11:59 +0800] "POST /xingrg/kc/buy/cgsh_order_operate.html HTTP/1.1" 200 2665
120.253.135.82 - - [03/Apr/2023:11:12:02 +0800] "GET /xingrg/kc/buy/buy_main.html HTTP/1.1" 200 12412
120.253.135.82 - - [03/Apr/2023:11:12:02 +0800] "GET /xingrg/javascript/jquery_easy_ui/themes/default/images/tabs_close.gif HTTP/1.1" 200 829
120.253.135.82 - - [03/Apr/2023:11:12:02 +0800] "GET /xingrg/css/blue.css HTTP/1.1" 200 15949
120.253.135.82 - - [03/Apr/2023:11:12:02 +0800] "GET /xingrg/css/new_ie.css HTTP/1.1" 404 1036
120.253.135.82 - - [03/Apr/2023:11:12:02 +0800] "GET /xingrg/javascript/jquery_ui/themes/humanity/humanity.css HTTP/1.1" 200 27801
120.253.135.82 - - [03/Apr/2023:11:12:02 +0800] "GET /xingrg/javascript/pic_change.js HTTP/1.1" 200 4739
120.253.135.82 - - [03/Apr/2023:11:12:02 +0800] "GET /xingrg/javascript/ToolTips.js HTTP/1.1" 200 5615
120.253.135.82 - - [03/Apr/2023:11:12:02 +0800] "GET /xingrg/javascript/myfunction.js HTTP/1.1" 200 24559
120.253.135.82 - - [03/Apr/2023:11:12:02 +0800] "GET /xingrg/javascript/jquery_ui/jquery-ui.min.js HTTP/1.1" 200 186181
120.253.135.82 - - [03/Apr/2023:11:12:02 +0800] "GET /xingrg/images/blue/button/cgydd.gif HTTP/1.1" 200 2712
120.253.135.82 - - [03/Apr/2023:11:12:02 +0800] "GET /xingrg/images/blue/button/cgshd.gif HTTP/1.1" 200 2618
120.253.135.82 - - [03/Apr/2023:11:12:02 +0800] "GET /xingrg/images/blue/button/cgfkd.gif HTTP/1.1" 200 2075
120.253.135.82 - - [03/Apr/2023:11:12:02 +0800] "GET /xingrg/images/blue/button/kc.gif HTTP/1.1" 200 2160
120.253.135.82 - - [03/Apr/2023:11:12:02 +0800] "GET /xingrg/images/blue/button/cgxqd.gif HTTP/1.1" 200 2619
120.253.135.82 - - [03/Apr/2023:11:12:02 +0800] "GET /xingrg/images/blue/button/ckthd.gif HTTP/1.1" 200 2045
120.253.135.82 - - [03/Apr/2023:11:12:02 +0800] "GET /xingrg/images/blue/pic_form2.gif HTTP/1.1" 200 1853
120.253.135.82 - - [03/Apr/2023:11:12:02 +0800] "GET /xingrg/javascript/jquery_ui/themes/humanity/images/ui-bg_inset-soft_100_f4f0ec_1x100.png HTTP/1.1" 200 141
120.253.135.82 - - [03/Apr/2023:11:12:02 +0800] "GET /xingrg/images/blue/bg_dotted.jpg HTTP/1.1" 200 319
120.253.135.82 - - [03/Apr/2023:11:12:02 +0800] "GET /xingrg/images/blue/button/right_ah.jpg HTTP/1.1" 200 1744
120.253.135.82 - - [03/Apr/2023:11:12:02 +0800] "GET /xingrg/images/blue/button/down_ah.jpg HTTP/1.1" 200 1732
120.253.135.82 - - [03/Apr/2023:11:12:02 +0800] "GET /xingrg/javascript/jquery_ui/themes/humanity/images/ui-iconsnew.jpg HTTP/1.1" 200 337
120.253.135.82 - - [03/Apr/2023:11:12:02 +0800] "GET /xingrg/javascript/jquery_ui/themes/humanity/images/ui-icons_ffffff_256x240.png HTTP/1.1" 200 4369
120.253.135.82 - - [03/Apr/2023:11:12:02 +0800] "GET /xingrg/javascript/jquery_ui/themes/humanity/images/ui-icons_c47a23_256x240.png HTTP/1.1" 200 5355
120.253.135.82 - - [03/Apr/2023:11:12:02 +0800] "GET /xingrg/javascript/jquery_ui/themes/humanity/images/ui-bg_glass_70_ede4d4_1x400.png HTTP/1.1" 200 161
180.169.147.146 - - [03/Apr/2023:11:12:03 +0800] "GET /xingrg/all/function/internal_message.html?_=1680491522719&CODE_STATE=getMsg HTTP/1.1" 302 -
180.169.147.146 - - [03/Apr/2023:11:12:03 +0800] "GET /xingrg/check_reg.html?_=1680491522722 HTTP/1.1" 302 -
116.224.158.100 - - [03/Apr/2023:11:12:03 +0800] "GET /xingrg/kc/print/load_data.html?order_code=212023040300786&kc_code=cgsh&condition= HTTP/1.1" 200 753
120.253.135.82 - - [03/Apr/2023:11:12:03 +0800] "GET /xingrg/kc/buy/cgsh_order_list.html HTTP/1.1" 200 54183
120.253.135.82 - - [03/Apr/2023:11:12:03 +0800] "GET /xingrg/css/base.css HTTP/1.1" 200 2811
120.253.135.82 - - [03/Apr/2023:11:12:03 +0800] "GET /xingrg/css/site.css HTTP/1.1" 200 7541
120.253.135.82 - - [03/Apr/2023:11:12:03 +0800] "GET /xingrg/javascript/jquery_tools/datebox.css HTTP/1.1" 200 2597
120.253.135.82 - - [03/Apr/2023:11:12:03 +0800] "GET /xingrg/javascript/easyui/themes/default/easyui.css HTTP/1.1" 200 30432
120.253.135.82 - - [03/Apr/2023:11:12:03 +0800] "GET /xingrg/javascript/easyui/themes/icon.css HTTP/1.1" 200 4483
120.253.135.82 - - [03/Apr/2023:11:12:03 +0800] "GET /xingrg/javascript/auto/jquery.autocomplete.css HTTP/1.1" 200 587
120.253.135.82 - - [03/Apr/2023:11:12:03 +0800] "GET /xingrg/javascript/jquery_tools/fix.css HTTP/1.1" 200 1702
120.253.135.82 - - [03/Apr/2023:11:12:03 +0800] "GET /xingrg/javascript/jquery_tools/table.css HTTP/1.1" 200 1032
120.253.135.82 - - [03/Apr/2023:11:12:03 +0800] "GET /xingrg/javascript/jquery_tools/jquery.tools.min.js HTTP/1.1" 200 138801
120.253.135.82 - - [03/Apr/2023:11:12:04 +0800] "GET /xingrg/javascript/jquery_tools/jquery.tools.hotkey.js HTTP/1.1" 200 3242
120.253.135.82 - - [03/Apr/2023:11:12:04 +0800] "GET /xingrg/javascript/jquery_tools/jquery.tools.extend.js HTTP/1.1" 200 15385
120.253.135.82 - - [03/Apr/2023:11:12:04 +0800] "GET /xingrg/javascript/jquery_tools/jquery.tools.table.js HTTP/1.1" 200 6994
120.253.135.82 - - [03/Apr/2023:11:12:04 +0800] "GET /xingrg/javascript/jquery_tools/list_manager.js HTTP/1.1" 200 3652
120.253.135.82 - - [03/Apr/2023:11:12:04 +0800] "GET /xingrg/javascript/auto/jquery.autocomplete.js HTTP/1.1" 200 21624
114.83.216.80 - - [03/Apr/2023:11:12:04 +0800] "GET /xingrg/all/function/internal_message.html?_=1680491523976&CODE_STATE=getMsg HTTP/1.1" 200 27
114.83.216.80 - - [03/Apr/2023:11:12:04 +0800] "GET /xingrg/check_reg.html?_=1680491523978 HTTP/1.1" 200 22
120.253.135.82 - - [03/Apr/2023:11:12:04 +0800] "GET /xingrg/javascript/easyui/easyloader.js HTTP/1.1" 200 5975
120.253.135.82 - - [03/Apr/2023:11:12:04 +0800] "GET /xingrg/javascript/jquery.cookie.js HTTP/1.1" 200 5513
120.253.135.82 - - [03/Apr/2023:11:12:04 +0800] "GET /xingrg/javascript/print/LodopFuncs.js HTTP/1.1" 200 5121
222.67.232.202 - - [03/Apr/2023:11:12:04 +0800] "GET /xingrg/all/function/internal_message.html?_=1680491525147&CODE_STATE=getMsg HTTP/1.1" 200 27
222.67.232.202 - - [03/Apr/2023:11:12:04 +0800] "GET /xingrg/check_reg.html?_=1680491525148 HTTP/1.1" 200 22
120.253.135.82 - - [03/Apr/2023:11:12:05 +0800] "GET /xingrg/javascript/easyui/themes/icons/check_new.png HTTP/1.1" 200 3224
120.253.135.82 - - [03/Apr/2023:11:12:05 +0800] "GET /xingrg/javascript/easyui/themes/icons/edit_add_new.png HTTP/1.1" 200 2997
120.253.135.82 - - [03/Apr/2023:11:12:05 +0800] "GET /xingrg/javascript/easyui/themes/icons/import_new.png HTTP/1.1" 200 1247
120.253.135.82 - - [03/Apr/2023:11:12:05 +0800] "GET /xingrg/javascript/easyui/themes/icons/field_new.png HTTP/1.1" 200 1097
120.253.135.82 - - [03/Apr/2023:11:12:05 +0800] "GET /xingrg/javascript/easyui/themes/icons/cance_new.png HTTP/1.1" 200 3986
120.253.135.82 - - [03/Apr/2023:11:12:05 +0800] "GET /xingrg/javascript/easyui/plugins/jquery.parser.js HTTP/1.1" 200 1142
120.253.135.82 - - [03/Apr/2023:11:12:05 +0800] "GET /xingrg/images/control/ajaxLoader.gif HTTP/1.1" 200 4659
116.192.124.172 - - [03/Apr/2023:11:12:05 +0800] "POST /xingrg/kc/buy/cgsh_list_operate.html HTTP/1.1" 200 5705
120.253.135.82 - - [03/Apr/2023:11:12:07 +0800] "POST /xingrg/kc/buy/cgsh_list_operate.html HTTP/1.1" 200 986
116.224.158.100 - - [03/Apr/2023:11:12:07 +0800] "GET /xingrg/kc/buy/cgsh_order_add.html HTTP/1.1" 200 70043
116.224.158.100 - - [03/Apr/2023:11:12:08 +0800] "POST /xingrg/kc/buy/cgsh_order_operate.html HTTP/1.1" 200 8245
116.224.158.100 - - [03/Apr/2023:11:12:08 +0800] "GET /xingrg/javascript/easyui/themes/default/validatebox.css HTTP/1.1" 404 1104
180.169.147.146 - - [03/Apr/2023:11:12:09 +0800] "GET /xingrg/all/function/internal_message.html?_=1680491529572&CODE_STATE=getMsg HTTP/1.1" 200 27
180.164.3.199 - - [03/Apr/2023:11:12:10 +0800] "GET /xingrg/kc/buy/cgsh_order_operate.html?command=get_materiel&rest_code=00108&code=00101008355&supplier_code=00100007&order_time=2023-04-03 HTTP/1.1" 200 408
120.253.135.82 - - [03/Apr/2023:11:12:10 +0800] "GET /xingrg/javascript/easyui/themes/default/images/button_plain_hover.png HTTP/1.1" 200 144
120.253.135.82 - - [03/Apr/2023:11:12:11 +0800] "GET /xingrg/kc/buy/cgsh_order_add.html HTTP/1.1" 200 69083
120.253.135.82 - - [03/Apr/2023:11:12:11 +0800] "GET /xingrg/javascript/jquery_tools/order_manager.js HTTP/1.1" 200 11183
120.253.135.82 - - [03/Apr/2023:11:12:11 +0800] "GET /xingrg/javascript/convert.js HTTP/1.1" 200 1239
120.253.135.82 - - [03/Apr/2023:11:12:11 +0800] "GET /xingrg/javascript/json2.js HTTP/1.1" 200 11259
120.253.135.82 - - [03/Apr/2023:11:12:11 +0800] "GET /xingrg/javascript/print/kc_print.js HTTP/1.1" 200 11415
120.253.135.82 - - [03/Apr/2023:11:12:11 +0800] "GET /xingrg/words/20230402154659_words.js HTTP/1.1" 200 958701
120.253.135.82 - - [03/Apr/2023:11:12:11 +0800] "GET /xingrg/javascript/easyui/themes/icons/print.png HTTP/1.1" 200 1057
120.253.135.82 - - [03/Apr/2023:11:12:11 +0800] "GET /xingrg/javascript/easyui/themes/icons/copy_new.png HTTP/1.1" 200 815
120.253.135.82 - - [03/Apr/2023:11:12:11 +0800] "GET /xingrg/javascript/easyui/themes/icons/template_new.png HTTP/1.1" 200 3956
120.253.135.82 - - [03/Apr/2023:11:12:11 +0800] "GET /xingrg/javascript/easyui/themes/default/images/menu_downarrow.png HTTP/1.1" 200 173
120.253.135.82 - - [03/Apr/2023:11:12:11 +0800] "GET /xingrg/javascript/easyui/themes/icons/ok.png HTTP/1.1" 200 883
120.253.135.82 - - [03/Apr/2023:11:12:11 +0800] "GET /xingrg/javascript/easyui/themes/icons/cancel.png HTTP/1.1" 200 1133
116.224.158.100 - - [03/Apr/2023:11:12:12 +0800] "GET /xingrg/all/function/internal_message.html?_=1680491533277&CODE_STATE=getMsg HTTP/1.1" 200 27
120.253.135.82 - - [03/Apr/2023:11:12:12 +0800] "POST /xingrg/kc/buy/cgsh_order_operate.html HTTP/1.1" 200 8245
120.253.135.82 - - [03/Apr/2023:11:12:12 +0800] "GET /xingrg/javascript/easyui/themes/default/validatebox.css HTTP/1.1" 404 1104
120.253.135.82 - - [03/Apr/2023:11:12:12 +0800] "GET /xingrg/javascript/easyui/plugins/jquery.validatebox.js HTTP/1.1" 200 6103
120.253.135.82 - - [03/Apr/2023:11:12:12 +0800] "GET /xingrg/all/common/auto_word.html?type=employee&rest_code=00157 HTTP/1.1" 200 51
120.253.135.82 - - [03/Apr/2023:11:12:12 +0800] "GET /xingrg/all/common/auto_word.html?type=employee&rest_code=00157 HTTP/1.1" 200 51
120.253.135.82 - - [03/Apr/2023:11:12:12 +0800] "GET /xingrg/javascript/easyui/themes/icons/edit_remove.png HTTP/1.1" 200 625
120.253.135.82 - - [03/Apr/2023:11:12:12 +0800] "GET /xingrg/javascript/easyui/plugins/jquery.numberbox.js HTTP/1.1" 200 5213
116.192.124.172 - - [03/Apr/2023:11:12:12 +0800] "GET /xingrg/all/function/internal_message.html?_=1680491535217&CODE_STATE=getMsg HTTP/1.1" 200 27
120.253.135.82 - - [03/Apr/2023:11:12:16 +0800] "GET /xingrg/javascript/auto/indicator.gif HTTP/1.1" 404 1066
116.224.158.100 - - [03/Apr/2023:11:12:18 +0800] "GET /xingrg/kc/buy/cgsh_order_operate.html?command=get_materiel&rest_code=00105&code=00101012101&supplier_code=00100487&order_time=2023-04-03 HTTP/1.1" 200 418
180.164.3.199 - - [03/Apr/2023:11:12:19 +0800] "GET /xingrg/kc/buy/cgsh_order_operate.html?command=get_materiel&rest_code=00108&code=00101008352&supplier_code=00100007&order_time=2023-04-03 HTTP/1.1" 200 412
222.70.182.87 - - [03/Apr/2023:11:12:20 +0800] "GET /xingrg/all/function/internal_message.html?_=1680491539846&CODE_STATE=getMsg HTTP/1.1" 200 27
180.169.147.146 - - [03/Apr/2023:11:12:21 +0800] "GET /xingrg/all/function/internal_message.html?_=1680491539832&CODE_STATE=getMsg HTTP/1.1" 200 27
180.157.253.110 - - [03/Apr/2023:11:12:21 +0800] "GET /xingrg/all/function/internal_message.html?_=1680491541450&CODE_STATE=getMsg HTTP/1.1" 200 27
101.229.22.234 - - [03/Apr/2023:11:12:23 +0800] "GET /xingrg/all/function/internal_message.html?_=1680491542934&CODE_STATE=getMsg HTTP/1.1" 200 27
180.163.29.206 - - [03/Apr/2023:11:12:23 +0800] "GET /xingrg/all/function/internal_message.html?_=1680491483981&CODE_STATE=getMsg HTTP/1.1" 302 -
180.163.29.206 - - [03/Apr/2023:11:12:23 +0800] "GET /xingrg/login.html HTTP/1.1" 200 7641
124.78.155.10 - - [03/Apr/2023:11:12:23 +0800] "GET /xingrg/all/function/internal_message.html?_=1680491543981&CODE_STATE=getMsg HTTP/1.1" 200 27
124.78.155.10 - - [03/Apr/2023:11:12:23 +0800] "GET /xingrg/check_reg.html?_=1680491544266 HTTP/1.1" 200 22
120.253.135.82 - - [03/Apr/2023:11:12:25 +0800] "GET /xingrg/all/function/internal_message.html?_=1680491377619&CODE_STATE=getMsg HTTP/1.1" 200 27
222.70.174.211 - - [03/Apr/2023:11:12:25 +0800] "GET /xingrg/all/function/internal_message.html?_=1680491546876&CODE_STATE=getMsg HTTP/1.1" 200 27
101.229.22.234 - - [03/Apr/2023:11:12:26 +0800] "GET /xingrg/javascript/jquery_easy_ui/themes/default/images/tabs_close.gif HTTP/1.1" 304 -
101.229.22.234 - - [03/Apr/2023:11:12:26 +0800] "GET /xingrg/kc/buy/cgsh_order_list.html HTTP/1.1" 200 54185
101.229.22.234 - - [03/Apr/2023:11:12:26 +0800] "GET /xingrg/css/base.css HTTP/1.1" 304 -
101.229.22.234 - - [03/Apr/2023:11:12:26 +0800] "GET /xingrg/javascript/auto/jquery.autocomplete.css HTTP/1.1" 304 -
101.229.22.234 - - [03/Apr/2023:11:12:26 +0800] "GET /xingrg/css/site.css HTTP/1.1" 304 -
101.229.22.234 - - [03/Apr/2023:11:12:26 +0800] "GET /xingrg/javascript/jquery_tools/datebox.css HTTP/1.1" 304 -
101.229.22.234 - - [03/Apr/2023:11:12:26 +0800] "GET /xingrg/javascript/easyui/themes/default/easyui.css HTTP/1.1" 304 -
101.229.22.234 - - [03/Apr/2023:11:12:26 +0800] "GET /xingrg/javascript/jquery_tools/fix.css HTTP/1.1" 304 -
101.229.22.234 - - [03/Apr/2023:11:12:26 +0800] "GET /xingrg/javascript/jquery_tools/table.css HTTP/1.1" 304 -
101.229.22.234 - - [03/Apr/2023:11:12:26 +0800] "GET /xingrg/javascript/easyui/themes/icon.css HTTP/1.1" 304 -
101.229.22.234 - - [03/Apr/2023:11:12:26 +0800] "GET /xingrg/javascript/jquery_tools/jquery.tools.extend.js HTTP/1.1" 304 -
101.229.22.234 - - [03/Apr/2023:11:12:26 +0800] "GET /xingrg/javascript/jquery_tools/jquery.tools.min.js HTTP/1.1" 304 -
101.229.22.234 - - [03/Apr/2023:11:12:26 +0800] "GET /xingrg/javascript/jquery_tools/jquery.tools.hotkey.js HTTP/1.1" 304 -
101.229.22.234 - - [03/Apr/2023:11:12:26 +0800] "GET /xingrg/javascript/jquery_tools/jquery.tools.table.js HTTP/1.1" 304 -
101.229.22.234 - - [03/Apr/2023:11:12:26 +0800] "GET /xingrg/javascript/jquery_tools/list_manager.js HTTP/1.1" 304 -
101.229.22.234 - - [03/Apr/2023:11:12:26 +0800] "GET /xingrg/javascript/auto/jquery.autocomplete.js HTTP/1.1" 304 -
101.229.22.234 - - [03/Apr/2023:11:12:26 +0800] "GET /xingrg/javascript/easyui/easyloader.js HTTP/1.1" 304 -
101.229.22.234 - - [03/Apr/2023:11:12:26 +0800] "GET /xingrg/javascript/jquery.cookie.js HTTP/1.1" 304 -
101.229.22.234 - - [03/Apr/2023:11:12:26 +0800] "GET /xingrg/javascript/print/LodopFuncs.js HTTP/1.1" 304 -
101.229.22.234 - - [03/Apr/2023:11:12:27 +0800] "GET /xingrg/javascript/easyui/themes/icons/edit_add_new.png HTTP/1.1" 304 -
101.229.22.234 - - [03/Apr/2023:11:12:27 +0800] "GET /xingrg/javascript/easyui/themes/icons/check_new.png HTTP/1.1" 304 -
101.229.22.234 - - [03/Apr/2023:11:12:27 +0800] "GET /xingrg/javascript/easyui/themes/icons/cance_new.png HTTP/1.1" 304 -
101.229.22.234 - - [03/Apr/2023:11:12:27 +0800] "GET /xingrg/javascript/easyui/themes/icons/field_new.png HTTP/1.1" 304 -
101.229.22.234 - - [03/Apr/2023:11:12:27 +0800] "GET /xingrg/javascript/easyui/themes/icons/import_new.png HTTP/1.1" 304 -
101.229.22.234 - - [03/Apr/2023:11:12:27 +0800] "GET /xingrg/javascript/easyui/plugins/jquery.parser.js HTTP/1.1" 304 -
101.229.22.234 - - [03/Apr/2023:11:12:27 +0800] "GET /xingrg/images/control/ajaxLoader.gif HTTP/1.1" 304 -
116.224.158.100 - - [03/Apr/2023:11:12:28 +0800] "POST /xingrg/kc/buy/cgsh_order_operate.html HTTP/1.1" 200 37
180.164.3.199 - - [03/Apr/2023:11:12:30 +0800] "GET /xingrg/kc/buy/cgsh_order_operate.html?command=get_materiel&rest_code=00108&code=00101008288&supplier_code=00100007&order_time=2023-04-03 HTTP/1.1" 200 408
116.224.158.100 - - [03/Apr/2023:11:12:31 +0800] "POST /xingrg/kc/buy/cgsh_order_operate.html HTTP/1.1" 200 2663
101.229.22.234 - - [03/Apr/2023:11:12:32 +0800] "POST /xingrg/kc/buy/cgsh_list_operate.html HTTP/1.1" 200 2300
180.164.3.199 - - [03/Apr/2023:11:12:34 +0800] "POST /xingrg/kc/buy/cgsh_order_operate.html HTTP/1.1" 200 2065
180.164.3.199 - - [03/Apr/2023:11:12:35 +0800] "GET /xingrg/all/function/internal_message.html?_=1680491555029&CODE_STATE=getMsg HTTP/1.1" 200 27
120.253.135.82 - - [03/Apr/2023:11:12:35 +0800] "GET /xingrg/javascript/jquery_tools/images/next.gif HTTP/1.1" 404 1086
120.253.135.82 - - [03/Apr/2023:11:12:35 +0800] "GET /xingrg/javascript/jquery_tools/images/prev.gif HTTP/1.1" 404 1086
116.224.158.100 - - [03/Apr/2023:11:12:37 +0800] "GET /xingrg/kc/print/load_data.html?order_code=212023040300787&kc_code=cgsh&condition= HTTP/1.1" 200 682
101.229.22.234 - - [03/Apr/2023:11:12:39 +0800] "GET /xingrg/javascript/easyui/themes/default/images/button_plain_hover.png HTTP/1.1" 304 -
180.164.3.199 - - [03/Apr/2023:11:12:40 +0800] "GET /xingrg/kc/buy/cgsh_order_operate.html?command=get_materiel&rest_code=00108&code=00101008286&supplier_code=00100007&order_time=2023-04-03 HTTP/1.1" 200 408
101.229.22.234 - - [03/Apr/2023:11:12:40 +0800] "GET /xingrg/kc/buy/cgsh_order_add.html HTTP/1.1" 200 69079
101.229.22.234 - - [03/Apr/2023:11:12:40 +0800] "GET /xingrg/javascript/pic_change.js HTTP/1.1" 304 -
101.229.22.234 - - [03/Apr/2023:11:12:40 +0800] "GET /xingrg/javascript/jquery_tools/order_manager.js HTTP/1.1" 304 -
101.229.22.234 - - [03/Apr/2023:11:12:40 +0800] "GET /xingrg/javascript/convert.js HTTP/1.1" 304 -
101.229.22.234 - - [03/Apr/2023:11:12:40 +0800] "GET /xingrg/javascript/json2.js HTTP/1.1" 304 -
101.229.22.234 - - [03/Apr/2023:11:12:40 +0800] "GET /xingrg/javascript/print/kc_print.js HTTP/1.1" 304 -
101.229.22.234 - - [03/Apr/2023:11:12:40 +0800] "GET /xingrg/words/20230402154659_words.js HTTP/1.1" 200 958701
101.229.22.234 - - [03/Apr/2023:11:12:40 +0800] "GET /xingrg/javascript/easyui/themes/icons/copy_new.png HTTP/1.1" 304 -
101.229.22.234 - - [03/Apr/2023:11:12:40 +0800] "GET /xingrg/javascript/easyui/themes/icons/template_new.png HTTP/1.1" 304 -
101.229.22.234 - - [03/Apr/2023:11:12:40 +0800] "GET /xingrg/javascript/easyui/themes/icons/print.png HTTP/1.1" 304 -
101.229.22.234 - - [03/Apr/2023:11:12:40 +0800] "GET /xingrg/javascript/easyui/themes/icons/ok.png HTTP/1.1" 304 -
101.229.22.234 - - [03/Apr/2023:11:12:40 +0800] "GET /xingrg/javascript/easyui/themes/default/images/menu_downarrow.png HTTP/1.1" 304 -
101.229.22.234 - - [03/Apr/2023:11:12:40 +0800] "GET /xingrg/javascript/easyui/themes/icons/cancel.png HTTP/1.1" 304 -
101.229.22.234 - - [03/Apr/2023:11:12:41 +0800] "GET /xingrg/javascript/easyui/themes/default/validatebox.css HTTP/1.1" 404 1104
101.229.22.234 - - [03/Apr/2023:11:12:41 +0800] "GET /xingrg/javascript/easyui/plugins/jquery.validatebox.js HTTP/1.1" 304 -
101.229.22.234 - - [03/Apr/2023:11:12:41 +0800] "POST /xingrg/kc/buy/cgsh_order_operate.html HTTP/1.1" 200 8245
101.229.22.234 - - [03/Apr/2023:11:12:41 +0800] "GET /xingrg/javascript/easyui/plugins/jquery.numberbox.js HTTP/1.1" 304 -
101.229.22.234 - - [03/Apr/2023:11:12:41 +0800] "GET /xingrg/all/common/auto_word.html?type=employee&rest_code=00142 HTTP/1.1" 200 105
101.229.22.234 - - [03/Apr/2023:11:12:41 +0800] "GET /xingrg/all/common/auto_word.html?type=employee&rest_code=00142 HTTP/1.1" 200 105
101.229.22.234 - - [03/Apr/2023:11:12:41 +0800] "GET /xingrg/javascript/easyui/themes/icons/edit_remove.png HTTP/1.1" 304 -
101.229.22.234 - - [03/Apr/2023:11:12:41 +0800] "GET /xingrg/javascript/auto/indicator.gif HTTP/1.1" 404 1066
116.224.158.100 - - [03/Apr/2023:11:12:41 +0800] "GET /xingrg/all/function/internal_message.html?_=1680491404833&CODE_STATE=getMsg HTTP/1.1" 200 27
116.224.158.100 - - [03/Apr/2023:11:12:42 +0800] "GET /xingrg/kc/buy/cgsh_order_add.html HTTP/1.1" 200 70043
116.224.158.100 - - [03/Apr/2023:11:12:43 +0800] "GET /xingrg/javascript/easyui/themes/default/validatebox.css HTTP/1.1" 404 1104
116.224.158.100 - - [03/Apr/2023:11:12:43 +0800] "POST /xingrg/kc/buy/cgsh_order_operate.html HTTP/1.1" 200 8245
116.238.139.35 - - [03/Apr/2023:11:12:46 +0800] "GET /xingrg/all/function/internal_message.html?_=1680491568989&CODE_STATE=getMsg HTTP/1.1" 200 27
180.157.253.110 - - [03/Apr/2023:11:12:47 +0800] "GET /xingrg/check_reg.html?_=1680491568385 HTTP/1.1" 302 -
116.227.208.255 - - [03/Apr/2023:11:12:48 +0800] "GET /xingrg/all/function/internal_message.html?_=1680491663314&CODE_STATE=getMsg HTTP/1.1" 200 27
180.164.3.199 - - [03/Apr/2023:11:12:48 +0800] "GET /xingrg/kc/buy/cgsh_order_operate.html?command=get_materiel&rest_code=00108&code=00101008372&supplier_code=00100007&order_time=2023-04-03 HTTP/1.1" 200 408
116.238.139.35 - - [03/Apr/2023:11:12:49 +0800] "GET /xingrg/all/function/internal_message.html?_=1680491482747&CODE_STATE=getMsg HTTP/1.1" 302 -
116.224.158.100 - - [03/Apr/2023:11:12:53 +0800] "GET /xingrg/kc/buy/cgsh_order_operate.html?command=get_materiel&rest_code=00105&code=00101004051&supplier_code=00100312&order_time=2023-04-03 HTTP/1.1" 200 408
124.79.72.155 - - [03/Apr/2023:11:12:53 +0800] "GET /xingrg/all/function/internal_message.html?_=1680491576741&CODE_STATE=getMsg HTTP/1.1" 200 27
120.253.135.82 - - [03/Apr/2023:11:12:54 +0800] "GET /xingrg/all/function/internal_message.html?_=1680491574532&CODE_STATE=getMsg HTTP/1.1" 200 27
222.70.174.211 - - [03/Apr/2023:11:12:54 +0800] "POST /xingrg/services/DataTransmitService HTTP/1.1" 200 524
222.70.174.211 - - [03/Apr/2023:11:12:56 +0800] "POST /xingrg/services/DataTransmitService HTTP/1.1" 200 412
180.164.3.199 - - [03/Apr/2023:11:12:57 +0800] "GET /xingrg/kc/buy/cgsh_order_operate.html?command=get_materiel&rest_code=00108&code=00101008694&supplier_code=00100007&order_time=2023-04-03 HTTP/1.1" 200 420
180.169.147.146 - - [03/Apr/2023:11:13:03 +0800] "GET /xingrg/all/function/internal_message.html?_=1680491582723&CODE_STATE=getMsg HTTP/1.1" 302 -
116.224.158.100 - - [03/Apr/2023:11:13:03 +0800] "GET /xingrg/kc/buy/cgsh_order_operate.html?command=get_materiel&rest_code=00105&code=00101004038&supplier_code=00100312&order_time=2023-04-03 HTTP/1.1" 200 409
114.83.216.80 - - [03/Apr/2023:11:13:04 +0800] "GET /xingrg/all/function/internal_message.html?_=1680491584003&CODE_STATE=getMsg HTTP/1.1" 200 27
222.67.232.202 - - [03/Apr/2023:11:13:04 +0800] "GET /xingrg/all/function/internal_message.html?_=1680491585152&CODE_STATE=getMsg HTTP/1.1" 200 27
180.164.3.199 - - [03/Apr/2023:11:13:07 +0800] "GET /xingrg/kc/buy/cgsh_order_operate.html?command=get_materiel&rest_code=00108&code=00101008655&supplier_code=00100007&order_time=2023-04-03 HTTP/1.1" 200 409
180.169.147.146 - - [03/Apr/2023:11:13:09 +0800] "GET /xingrg/all/function/internal_message.html?_=1680491589576&CODE_STATE=getMsg HTTP/1.1" 200 27
116.224.158.100 - - [03/Apr/2023:11:13:12 +0800] "GET /xingrg/all/function/internal_message.html?_=1680491593280&CODE_STATE=getMsg HTTP/1.1" 200 27
116.192.124.172 - - [03/Apr/2023:11:13:12 +0800] "GET /xingrg/all/function/internal_message.html?_=1680491595211&CODE_STATE=getMsg HTTP/1.1" 200 27
116.224.158.100 - - [03/Apr/2023:11:13:13 +0800] "GET /xingrg/kc/base/wldb_order_add.html HTTP/1.1" 200 30381
116.224.158.100 - - [03/Apr/2023:11:13:13 +0800] "POST /xingrg/kc/base/wldb_order_operate.html HTTP/1.1" 200 6806
116.224.158.100 - - [03/Apr/2023:11:13:14 +0800] "GET /xingrg/javascript/easyui/themes/default/validatebox.css HTTP/1.1" 404 1104
180.164.3.199 - - [03/Apr/2023:11:13:17 +0800] "GET /xingrg/kc/buy/cgsh_order_operate.html?command=get_materiel&rest_code=00108&code=00101008274&supplier_code=00100007&order_time=2023-04-03 HTTP/1.1" 200 412
116.224.158.100 - - [03/Apr/2023:11:13:19 +0800] "GET /xingrg/kc/buy/cgsh_order_operate.html?command=get_materiel&rest_code=00105&code=00101004067&supplier_code=00100312&order_time=2023-04-03 HTTP/1.1" 200 413
222.70.182.87 - - [03/Apr/2023:11:13:20 +0800] "GET /xingrg/all/function/internal_message.html?_=1680491599831&CODE_STATE=getMsg HTTP/1.1" 200 27
222.70.182.87 - - [03/Apr/2023:11:13:20 +0800] "GET /xingrg/check_reg.html?_=1680491600036 HTTP/1.1" 200 22
180.169.147.146 - - [03/Apr/2023:11:13:21 +0800] "GET /xingrg/all/function/internal_message.html?_=1680491599837&CODE_STATE=getMsg HTTP/1.1" 200 27
180.157.253.110 - - [03/Apr/2023:11:13:21 +0800] "GET /xingrg/all/function/internal_message.html?_=1680491601449&CODE_STATE=getMsg HTTP/1.1" 200 27
180.164.3.199 - - [03/Apr/2023:11:13:21 +0800] "POST /xingrg/kc/buy/cgsh_order_operate.html HTTP/1.1" 200 2065
101.229.22.234 - - [03/Apr/2023:11:13:23 +0800] "GET /xingrg/all/function/internal_message.html?_=1680491602953&CODE_STATE=getMsg HTTP/1.1" 200 27
101.229.22.234 - - [03/Apr/2023:11:13:23 +0800] "GET /xingrg/check_reg.html?_=1680491602955 HTTP/1.1" 200 22
180.163.29.79 - - [03/Apr/2023:11:13:23 +0800] "GET /xingrg/check_reg.html?_=1680491544266 HTTP/1.1" 302 -
180.163.29.79 - - [03/Apr/2023:11:13:23 +0800] "GET /xingrg/login.html HTTP/1.1" 200 7641
124.78.155.10 - - [03/Apr/2023:11:13:23 +0800] "GET /xingrg/all/function/internal_message.html?_=1680491603970&CODE_STATE=getMsg HTTP/1.1" 200 27
101.229.22.234 - - [03/Apr/2023:11:13:23 +0800] "GET /xingrg/kc/buy/cgsh_order_operate.html?command=get_materiel&rest_code=00142&code=00101008141&supplier_code=00100161&order_time=2023-04-03 HTTP/1.1" 200 412
222.70.174.211 - - [03/Apr/2023:11:13:23 +0800] "GET /xingrg/check_reg.html?_=1680491605453 HTTP/1.1" 200 22
120.253.135.82 - - [03/Apr/2023:11:13:25 +0800] "GET /xingrg/all/function/internal_message.html?_=1680491437638&CODE_STATE=getMsg HTTP/1.1" 200 27
222.70.174.211 - - [03/Apr/2023:11:13:25 +0800] "GET /xingrg/all/function/internal_message.html?_=1680491607199&CODE_STATE=getMsg HTTP/1.1" 200 27
116.224.158.100 - - [03/Apr/2023:11:13:27 +0800] "GET /xingrg/kc/buy/cgsh_order_operate.html?command=get_materiel&rest_code=00105&code=00101004030&supplier_code=00100312&order_time=2023-04-03 HTTP/1.1" 200 408
180.164.3.199 - - [03/Apr/2023:11:13:28 +0800] "GET /xingrg/kc/buy/cgsh_order_operate.html?command=get_materiel&rest_code=00108&code=00101008032&supplier_code=00100007&order_time=2023-04-03 HTTP/1.1" 200 408
116.224.158.100 - - [03/Apr/2023:11:13:33 +0800] "GET /xingrg/kc/buy/cgsh_order_operate.html?command=get_materiel&rest_code=00105&code=00101004020&supplier_code=00100312&order_time=2023-04-03 HTTP/1.1" 200 409
116.224.158.100 - - [03/Apr/2023:11:13:35 +0800] "GET /xingrg/kc/base/wldb_order_operate.html?command=get_materiel&rest_code=00105&base_code=0010507&code=00101019058 HTTP/1.1" 200 453
180.164.3.199 - - [03/Apr/2023:11:13:35 +0800] "GET /xingrg/all/function/internal_message.html?_=1680491615008&CODE_STATE=getMsg HTTP/1.1" 200 27
180.164.3.199 - - [03/Apr/2023:11:13:36 +0800] "GET /xingrg/check_reg.html?_=1680491615559 HTTP/1.1" 200 22
180.164.3.199 - - [03/Apr/2023:11:13:37 +0800] "GET /xingrg/kc/buy/cgsh_order_operate.html?command=get_materiel&rest_code=00108&code=00101008318&supplier_code=00100007&order_time=2023-04-03 HTTP/1.1" 200 408
101.229.22.234 - - [03/Apr/2023:11:13:38 +0800] "GET /xingrg/kc/buy/cgsh_order_operate.html?command=get_materiel&rest_code=00142&code=00101008059&supplier_code=00100161&order_time=2023-04-03 HTTP/1.1" 200 408
116.224.158.100 - - [03/Apr/2023:11:13:41 +0800] "GET /xingrg/kc/buy/cgsh_order_operate.html?command=get_materiel&rest_code=00105&code=00101004057&supplier_code=00100312&order_time=2023-04-03 HTTP/1.1" 200 409
116.224.158.100 - - [03/Apr/2023:11:13:41 +0800] "GET /xingrg/all/function/internal_message.html?_=1680491464828&CODE_STATE=getMsg HTTP/1.1" 200 27
116.224.158.100 - - [03/Apr/2023:11:13:42 +0800] "GET /xingrg/check_reg.html?_=1680491465269 HTTP/1.1" 200 22
116.238.139.35 - - [03/Apr/2023:11:13:46 +0800] "GET /xingrg/check_reg.html?_=1680491540161 HTTP/1.1" 302 -
116.238.139.35 - - [03/Apr/2023:11:13:46 +0800] "GET /xingrg/all/function/internal_message.html?_=1680491628976&CODE_STATE=getMsg HTTP/1.1" 200 27
116.238.139.35 - - [03/Apr/2023:11:13:47 +0800] "GET /xingrg/check_reg.html?_=1680491630028 HTTP/1.1" 200 22
116.227.208.255 - - [03/Apr/2023:11:13:48 +0800] "GET /xingrg/all/function/internal_message.html?_=1680491723302&CODE_STATE=getMsg HTTP/1.1" 200 27
116.227.208.255 - - [03/Apr/2023:11:13:48 +0800] "GET /xingrg/check_reg.html?_=1680491723303 HTTP/1.1" 200 22
180.164.3.199 - - [03/Apr/2023:11:13:48 +0800] "GET /xingrg/kc/buy/cgsh_order_operate.html?command=get_materiel&rest_code=00108&code=00101008478&supplier_code=00100007&order_time=2023-04-03 HTTP/1.1" 200 413
101.229.22.234 - - [03/Apr/2023:11:13:48 +0800] "GET /xingrg/kc/buy/cgsh_order_operate.html?command=get_materiel&rest_code=00142&code=00101008361&supplier_code=00100161&order_time=2023-04-03 HTTP/1.1" 200 408
116.224.158.100 - - [03/Apr/2023:11:13:48 +0800] "GET /xingrg/kc/buy/cgsh_order_operate.html?command=get_materiel&rest_code=00105&code=00101001156&supplier_code=00100312&order_time=2023-04-03 HTTP/1.1" 200 409
116.238.139.35 - - [03/Apr/2023:11:13:49 +0800] "GET /xingrg/all/function/internal_message.html?_=1680491542760&CODE_STATE=getMsg HTTP/1.1" 302 -
