124.79.72.155 - - [03/Apr/2023:11:23:53 +0800] "GET /xingrg/all/function/internal_message.html?_=1680492236764&CODE_STATE=getMsg HTTP/1.1" 200 27
124.79.72.155 - - [03/Apr/2023:11:23:53 +0800] "GET /xingrg/check_reg.html?_=1680492236769 HTTP/1.1" 200 22
116.224.158.100 - - [03/Apr/2023:11:23:54 +0800] "GET /xingrg/kc/base/wldb_order_operate.html?command=get_materiel&rest_code=00105&base_code=0010508&code=00102002362 HTTP/1.1" 200 434
124.78.155.10 - - [03/Apr/2023:11:23:55 +0800] "GET /xingrg/kc/base/wldb_order_operate.html?command=get_materiel&rest_code=00106&base_code=0010397&code=00102002448 HTTP/1.1" 200 440
124.78.155.10 - - [03/Apr/2023:11:24:02 +0800] "POST /xingrg/kc/base/wldb_order_operate.html HTTP/1.1" 200 37
124.78.155.10 - - [03/Apr/2023:11:24:03 +0800] "POST /xingrg/kc/base/wldb_order_operate.html HTTP/1.1" 200 2661
180.169.147.146 - - [03/Apr/2023:11:24:03 +0800] "GET /xingrg/all/function/internal_message.html?_=1680492242713&CODE_STATE=getMsg HTTP/1.1" 302 -
124.78.155.10 - - [03/Apr/2023:11:24:03 +0800] "GET /xingrg/kc/base/wldb_order_info.html?code=422023040300227 HTTP/1.1" 200 30399
124.78.155.10 - - [03/Apr/2023:11:24:03 +0800] "GET /xingrg/words/20230403112056_words.js HTTP/1.1" 304 -
124.78.155.10 - - [03/Apr/2023:11:24:03 +0800] "GET /xingrg/javascript/easyui/themes/default/validatebox.css HTTP/1.1" 404 1104
114.83.216.80 - - [03/Apr/2023:11:24:04 +0800] "GET /xingrg/all/function/internal_message.html?_=1680492244037&CODE_STATE=getMsg HTTP/1.1" 200 27
222.67.232.202 - - [03/Apr/2023:11:24:04 +0800] "GET /xingrg/all/function/internal_message.html?_=1680492245148&CODE_STATE=getMsg HTTP/1.1" 200 27
124.78.155.10 - - [03/Apr/2023:11:24:04 +0800] "POST /xingrg/kc/base/wldb_order_operate.html HTTP/1.1" 200 2661
222.70.174.211 - - [03/Apr/2023:11:24:05 +0800] "GET /xingrg/kc/buy/cgsh_order_operate.html?command=get_materiel&rest_code=00146&code=00101006127&supplier_code=00100012&order_time=2023-04-03 HTTP/1.1" 200 423
180.169.147.146 - - [03/Apr/2023:11:24:09 +0800] "GET /xingrg/check_reg.html?_=1680492249571 HTTP/1.1" 200 22
180.169.147.146 - - [03/Apr/2023:11:24:09 +0800] "GET /xingrg/all/function/internal_message.html?_=1680492249574&CODE_STATE=getMsg HTTP/1.1" 200 27
124.78.155.10 - - [03/Apr/2023:11:24:11 +0800] "GET /xingrg/kc/base/wldb_order_add.html HTTP/1.1" 200 30385
124.78.155.10 - - [03/Apr/2023:11:24:11 +0800] "POST /xingrg/kc/base/wldb_order_operate.html HTTP/1.1" 200 6806
124.78.155.10 - - [03/Apr/2023:11:24:11 +0800] "GET /xingrg/javascript/easyui/themes/default/validatebox.css HTTP/1.1" 404 1104
116.224.158.100 - - [03/Apr/2023:11:24:12 +0800] "GET /xingrg/all/function/internal_message.html?_=1680492253159&CODE_STATE=getMsg HTTP/1.1" 200 27
116.192.124.172 - - [03/Apr/2023:11:24:12 +0800] "GET /xingrg/all/function/internal_message.html?_=1680492255206&CODE_STATE=getMsg HTTP/1.1" 200 27
116.238.139.35 - - [03/Apr/2023:11:24:15 +0800] "GET /xingrg/kc/buy/cgsh_order_list.html HTTP/1.1" 200 54246
124.78.155.10 - - [03/Apr/2023:11:24:17 +0800] "POST /xingrg/all/common/load_combo.html?type=base HTTP/1.1" 200 3227
116.238.139.35 - - [03/Apr/2023:11:24:18 +0800] "POST /xingrg/kc/buy/cgsh_list_operate.html HTTP/1.1" 200 986
222.70.182.87 - - [03/Apr/2023:11:24:19 +0800] "GET /xingrg/all/function/internal_message.html?_=1680492259713&CODE_STATE=getMsg HTTP/1.1" 200 27
124.78.155.10 - - [03/Apr/2023:11:24:19 +0800] "POST /xingrg/all/common/load_combo.html?type=base HTTP/1.1" 200 3227
180.169.147.146 - - [03/Apr/2023:11:24:21 +0800] "GET /xingrg/all/function/internal_message.html?_=1680492259826&CODE_STATE=getMsg HTTP/1.1" 200 27
180.169.147.146 - - [03/Apr/2023:11:24:21 +0800] "GET /xingrg/check_reg.html?_=1680492259828 HTTP/1.1" 200 22
180.157.253.110 - - [03/Apr/2023:11:24:21 +0800] "GET /xingrg/all/function/internal_message.html?_=1680492261446&CODE_STATE=getMsg HTTP/1.1" 200 27
101.229.22.234 - - [03/Apr/2023:11:24:23 +0800] "GET /xingrg/all/function/internal_message.html?_=1680492262965&CODE_STATE=getMsg HTTP/1.1" 200 27
124.78.155.10 - - [03/Apr/2023:11:24:23 +0800] "GET /xingrg/all/function/internal_message.html?_=1680492264016&CODE_STATE=getMsg HTTP/1.1" 200 27
120.253.135.82 - - [03/Apr/2023:11:24:25 +0800] "GET /xingrg/all/function/internal_message.html?_=1680492097782&CODE_STATE=getMsg HTTP/1.1" 200 27
116.224.158.100 - - [03/Apr/2023:11:24:25 +0800] "GET /xingrg/kc/base/wldb_order_operate.html?command=get_materiel&rest_code=00105&base_code=0010508&code=00102001031 HTTP/1.1" 200 439
222.70.174.211 - - [03/Apr/2023:11:24:25 +0800] "GET /xingrg/kc/buy/cgsh_order_operate.html?command=get_materiel&rest_code=00146&code=00101006174&supplier_code=00100012&order_time=2023-04-03 HTTP/1.1" 200 414
222.70.174.211 - - [03/Apr/2023:11:24:26 +0800] "GET /xingrg/all/function/internal_message.html?_=1680492267785&CODE_STATE=getMsg HTTP/1.1" 200 27
124.78.155.10 - - [03/Apr/2023:11:24:27 +0800] "GET /xingrg/kc/base/wldb_order_operate.html?command=get_materiel&rest_code=00106&base_code=0010397&code=00102002022 HTTP/1.1" 200 473
116.238.139.35 - - [03/Apr/2023:11:24:27 +0800] "GET /xingrg/kc/buy/cgsh_order_add.html HTTP/1.1" 200 69621
116.238.139.35 - - [03/Apr/2023:11:24:27 +0800] "GET /xingrg/words/20230403112056_words.js HTTP/1.1" 200 958763
116.238.139.35 - - [03/Apr/2023:11:24:27 +0800] "POST /xingrg/kc/buy/cgsh_order_operate.html HTTP/1.1" 200 8245
116.238.139.35 - - [03/Apr/2023:11:24:27 +0800] "GET /xingrg/javascript/easyui/themes/default/validatebox.css HTTP/1.1" 404 1104
124.78.155.10 - - [03/Apr/2023:11:24:32 +0800] "GET /xingrg/kc/base/wldb_order_operate.html?command=get_materiel&rest_code=00106&base_code=0010397&code=00102002204 HTTP/1.1" 200 448
180.164.3.199 - - [03/Apr/2023:11:24:35 +0800] "GET /xingrg/all/function/internal_message.html?_=1680492274847&CODE_STATE=getMsg HTTP/1.1" 200 27
222.70.174.211 - - [03/Apr/2023:11:24:37 +0800] "GET /xingrg/kc/buy/cgsh_order_operate.html?command=get_materiel&rest_code=00146&code=00101006065&supplier_code=00100012&order_time=2023-04-03 HTTP/1.1" 200 409
116.238.139.35 - - [03/Apr/2023:11:24:38 +0800] "GET /xingrg/kc/buy/cgsh_order_operate.html?command=get_materiel&rest_code=00151&code=00101006344&supplier_code=00100325&order_time=2023-04-03 HTTP/1.1" 200 426
116.224.158.100 - - [03/Apr/2023:11:24:41 +0800] "GET /xingrg/all/function/internal_message.html?_=1680492124649&CODE_STATE=getMsg HTTP/1.1" 200 27
116.224.158.100 - - [03/Apr/2023:11:24:41 +0800] "POST /xingrg/kc/base/wldb_order_operate.html HTTP/1.1" 200 37
116.224.158.100 - - [03/Apr/2023:11:24:42 +0800] "POST /xingrg/kc/base/wldb_order_operate.html HTTP/1.1" 200 3621
124.78.155.10 - - [03/Apr/2023:11:24:44 +0800] "POST /xingrg/kc/base/wldb_order_operate.html HTTP/1.1" 200 37
116.224.158.100 - - [03/Apr/2023:11:24:44 +0800] "GET /xingrg/kc/base/wldb_order_info.html?code=422023040300228 HTTP/1.1" 200 30395
124.78.155.10 - - [03/Apr/2023:11:24:44 +0800] "POST /xingrg/kc/base/wldb_order_operate.html HTTP/1.1" 200 3182
116.224.158.100 - - [03/Apr/2023:11:24:44 +0800] "GET /xingrg/javascript/easyui/themes/default/validatebox.css HTTP/1.1" 404 1104
116.224.158.100 - - [03/Apr/2023:11:24:45 +0800] "POST /xingrg/kc/base/wldb_order_operate.html HTTP/1.1" 200 3621
124.78.155.10 - - [03/Apr/2023:11:24:46 +0800] "GET /xingrg/kc/base/wldb_order_info.html?code=422023040300229 HTTP/1.1" 200 30399
124.78.155.10 - - [03/Apr/2023:11:24:46 +0800] "GET /xingrg/words/20230403112056_words.js HTTP/1.1" 304 -
116.238.139.35 - - [03/Apr/2023:11:24:46 +0800] "GET /xingrg/all/function/internal_message.html?_=1680492288744&CODE_STATE=getMsg HTTP/1.1" 200 27
124.78.155.10 - - [03/Apr/2023:11:24:47 +0800] "GET /xingrg/javascript/easyui/themes/default/validatebox.css HTTP/1.1" 404 1104
124.78.155.10 - - [03/Apr/2023:11:24:47 +0800] "POST /xingrg/kc/base/wldb_order_operate.html HTTP/1.1" 200 3182
116.227.208.255 - - [03/Apr/2023:11:24:48 +0800] "GET /xingrg/all/function/internal_message.html?_=1680492383308&CODE_STATE=getMsg HTTP/1.1" 200 27
180.163.28.143 - - [03/Apr/2023:11:24:49 +0800] "GET /xingrg/kc/base/wldb_order_operate.html?command=get_materiel&rest_code=00106&base_code=0010397&code=00102002238 HTTP/1.1" 302 -
180.163.28.143 - - [03/Apr/2023:11:24:49 +0800] "GET /xingrg/login.html HTTP/1.1" 200 7641
116.238.139.35 - - [03/Apr/2023:11:24:49 +0800] "GET /xingrg/all/function/internal_message.html?_=1680492203265&CODE_STATE=getMsg HTTP/1.1" 302 -
116.238.139.35 - - [03/Apr/2023:11:24:51 +0800] "POST /xingrg/kc/buy/cgsh_order_operate.html HTTP/1.1" 200 37
180.164.3.199 - - [03/Apr/2023:11:24:53 +0800] "POST /xingrg/kc/buy/cgsh_order_operate.html HTTP/1.1" 200 37
222.70.174.211 - - [03/Apr/2023:11:24:53 +0800] "GET /xingrg/kc/buy/cgsh_order_operate.html?command=get_materiel&rest_code=00146&code=00101006184&supplier_code=00100012&order_time=2023-04-03 HTTP/1.1" 200 408
124.79.72.155 - - [03/Apr/2023:11:24:53 +0800] "GET /xingrg/all/function/internal_message.html?_=1680492296767&CODE_STATE=getMsg HTTP/1.1" 200 27
116.224.158.100 - - [03/Apr/2023:11:24:54 +0800] "GET /xingrg/kc/base/wldb_order_add.html HTTP/1.1" 200 30381
116.224.158.100 - - [03/Apr/2023:11:24:55 +0800] "GET /xingrg/javascript/easyui/themes/default/validatebox.css HTTP/1.1" 404 1104
116.224.158.100 - - [03/Apr/2023:11:24:55 +0800] "POST /xingrg/kc/base/wldb_order_operate.html HTTP/1.1" 200 6806
120.253.135.82 - - [03/Apr/2023:11:24:55 +0800] "GET /xingrg/index.html?sysBaseUrl=http%3A%2F%2F180.169.147.146%3A18081%2Fxingrg%2F&costTime=42×tamp=1677553372900 HTTP/1.1" 302 -
120.253.135.82 - - [03/Apr/2023:11:24:55 +0800] "GET /xingrg/login.html HTTP/1.1" 200 7641
116.224.158.100 - - [03/Apr/2023:11:24:55 +0800] "POST /xingrg/all/common/load_combo.html?type=base HTTP/1.1" 200 3409
120.253.135.82 - - [03/Apr/2023:11:24:56 +0800] "GET /favicon.ico HTTP/1.1" 404 -
116.238.139.35 - - [03/Apr/2023:11:24:59 +0800] "POST /xingrg/kc/buy/cgsh_order_operate.html HTTP/1.1" 200 12
120.253.135.82 - - [03/Apr/2023:11:25:02 +0800] "POST /xingrg/login.do HTTP/1.1" 302 -
120.253.135.82 - - [03/Apr/2023:11:25:02 +0800] "GET /xingrg/index.html?sysBaseUrl=http%3A%2F%2F180.169.147.146%3A18081%2Fxingrg%2F&costTime=1495×tamp=1680492302310 HTTP/1.1" 200 17177
120.253.135.82 - - [03/Apr/2023:11:25:02 +0800] "GET /xingrg/all/function/internal_message.html?_=1680492302783&CODE_STATE=count HTTP/1.1" 200 11
120.253.135.82 - - [03/Apr/2023:11:25:02 +0800] "GET /xingrg/check_reg.html?_=1680492302784 HTTP/1.1" 200 22
120.253.135.82 - - [03/Apr/2023:11:25:02 +0800] "GET /favicon.ico HTTP/1.1" 404 -
120.253.135.82 - - [03/Apr/2023:11:25:02 +0800] "POST /xingrg/all/common/load_tree.html?tree=area_rest_tree_json&manage=1 HTTP/1.1" 200 348
120.253.135.82 - - [03/Apr/2023:11:25:03 +0800] "POST /xingrg/load_menu.html HTTP/1.1" 200 5138
180.169.147.146 - - [03/Apr/2023:11:25:03 +0800] "GET /xingrg/all/function/internal_message.html?_=1680492302741&CODE_STATE=getMsg HTTP/1.1" 302 -
120.253.135.82 - - [03/Apr/2023:11:25:04 +0800] "GET /xingrg/kc/buy/buy_main.html HTTP/1.1" 200 12412
114.83.216.80 - - [03/Apr/2023:11:25:04 +0800] "GET /xingrg/all/function/internal_message.html?_=1680492304045&CODE_STATE=getMsg HTTP/1.1" 200 27
120.253.135.82 - - [03/Apr/2023:11:25:04 +0800] "GET /xingrg/css/new_ie.css HTTP/1.1" 404 1036
222.67.232.202 - - [03/Apr/2023:11:25:04 +0800] "GET /xingrg/all/function/internal_message.html?_=1680492305149&CODE_STATE=getMsg HTTP/1.1" 200 27
120.253.135.82 - - [03/Apr/2023:11:25:04 +0800] "GET /xingrg/images/yd/bt.gif HTTP/1.1" 404 1040
116.224.158.100 - - [03/Apr/2023:11:25:05 +0800] "GET /xingrg/kc/base/wldb_order_operate.html?command=get_materiel&rest_code=00105&base_code=0010508&code=00102002022 HTTP/1.1" 200 472
120.253.135.82 - - [03/Apr/2023:11:25:05 +0800] "GET /xingrg/kc/buy/cgsh_order_list.html HTTP/1.1" 200 54246
180.164.3.199 - - [03/Apr/2023:11:25:06 +0800] "POST /xingrg/kc/buy/cgsh_order_operate.html HTTP/1.1" 200 12
116.238.139.35 - - [03/Apr/2023:11:25:07 +0800] "GET /xingrg/kc/buy/cgsh_order_info.html?code=212023040300799 HTTP/1.1" 200 64528
116.238.139.35 - - [03/Apr/2023:11:25:07 +0800] "GET /xingrg/words/20230403112056_words.js HTTP/1.1" 304 -
116.238.139.35 - - [03/Apr/2023:11:25:08 +0800] "GET /xingrg/javascript/easyui/themes/default/validatebox.css HTTP/1.1" 404 1104
120.253.135.82 - - [03/Apr/2023:11:25:08 +0800] "POST /xingrg/kc/buy/cgsh_list_operate.html HTTP/1.1" 200 986
116.238.139.35 - - [03/Apr/2023:11:25:09 +0800] "POST /xingrg/kc/buy/cgsh_order_operate.html HTTP/1.1" 200 629
180.169.147.146 - - [03/Apr/2023:11:25:09 +0800] "GET /xingrg/all/function/internal_message.html?_=1680492309591&CODE_STATE=getMsg HTTP/1.1" 200 27
116.224.158.100 - - [03/Apr/2023:11:25:10 +0800] "POST /xingrg/kc/base/wldb_order_operate.html HTTP/1.1" 200 37
180.164.3.199 - - [03/Apr/2023:11:25:10 +0800] "GET /xingrg/kc/buy/cgsh_order_info.html?code=212023040300798 HTTP/1.1" 200 65022
180.164.3.199 - - [03/Apr/2023:11:25:10 +0800] "GET /xingrg/words/20230403112056_words.js HTTP/1.1" 304 -
120.253.135.82 - - [03/Apr/2023:11:25:10 +0800] "GET /xingrg/kc/buy/cgsh_order_add.html HTTP/1.1" 200 69146
180.164.3.199 - - [03/Apr/2023:11:25:10 +0800] "GET /xingrg/javascript/easyui/themes/default/validatebox.css HTTP/1.1" 404 1104
120.253.135.82 - - [03/Apr/2023:11:25:10 +0800] "GET /xingrg/words/20230403112056_words.js HTTP/1.1" 200 958763
222.70.174.211 - - [03/Apr/2023:11:25:11 +0800] "GET /xingrg/kc/buy/cgsh_order_operate.html?command=get_materiel&rest_code=00146&code=00101006144&supplier_code=00100012&order_time=2023-04-03 HTTP/1.1" 200 409
116.224.158.100 - - [03/Apr/2023:11:25:11 +0800] "POST /xingrg/kc/base/wldb_order_operate.html HTTP/1.1" 200 2211
180.164.3.199 - - [03/Apr/2023:11:25:11 +0800] "POST /xingrg/kc/buy/cgsh_order_operate.html HTTP/1.1" 200 1211
120.253.135.82 - - [03/Apr/2023:11:25:11 +0800] "POST /xingrg/kc/buy/cgsh_order_operate.html HTTP/1.1" 200 8245
120.253.135.82 - - [03/Apr/2023:11:25:11 +0800] "GET /xingrg/javascript/easyui/themes/default/validatebox.css HTTP/1.1" 404 1104
120.253.135.82 - - [03/Apr/2023:11:25:11 +0800] "GET /xingrg/all/common/auto_word.html?type=employee&rest_code=00157 HTTP/1.1" 200 51
120.253.135.82 - - [03/Apr/2023:11:25:12 +0800] "GET /xingrg/all/common/auto_word.html?type=employee&rest_code=00157 HTTP/1.1" 200 51
116.192.124.172 - - [03/Apr/2023:11:25:12 +0800] "GET /xingrg/all/function/internal_message.html?_=1680492315208&CODE_STATE=getMsg HTTP/1.1" 200 27
116.238.139.35 - - [03/Apr/2023:11:25:14 +0800] "GET /xingrg/kc/print/load_data.html?order_code=212023040300799&kc_code=cgsh&condition= HTTP/1.1" 200 727
116.224.158.100 - - [03/Apr/2023:11:25:14 +0800] "GET /xingrg/kc/base/wldb_order_info.html?code=422023040300230 HTTP/1.1" 200 30394
116.224.158.100 - - [03/Apr/2023:11:25:15 +0800] "GET /xingrg/javascript/easyui/themes/default/validatebox.css HTTP/1.1" 404 1104
116.224.158.100 - - [03/Apr/2023:11:25:16 +0800] "POST /xingrg/kc/base/wldb_order_operate.html HTTP/1.1" 200 2211
120.253.135.82 - - [03/Apr/2023:11:25:16 +0800] "GET /xingrg/javascript/auto/indicator.gif HTTP/1.1" 404 1066
120.253.135.82 - - [03/Apr/2023:11:25:17 +0800] "GET /xingrg/javascript/jquery_tools/images/next.gif HTTP/1.1" 404 1086
120.253.135.82 - - [03/Apr/2023:11:25:17 +0800] "GET /xingrg/javascript/jquery_tools/images/prev.gif HTTP/1.1" 404 1086
120.253.135.82 - - [03/Apr/2023:11:25:17 +0800] "GET /xingrg/javascript/jquery_easy_ui/themes/icons/area.png HTTP/1.1" 200 262
120.253.135.82 - - [03/Apr/2023:11:25:17 +0800] "GET /xingrg/javascript/jquery_easy_ui/themes/icons/rest.png HTTP/1.1" 200 695
222.70.182.87 - - [03/Apr/2023:11:25:19 +0800] "GET /xingrg/all/function/internal_message.html?_=1680492319684&CODE_STATE=getMsg HTTP/1.1" 200 27
180.169.147.146 - - [03/Apr/2023:11:25:21 +0800] "GET /xingrg/all/function/internal_message.html?_=1680492319829&CODE_STATE=getMsg HTTP/1.1" 200 27
180.157.253.110 - - [03/Apr/2023:11:25:21 +0800] "GET /xingrg/check_reg.html?_=1680492321470 HTTP/1.1" 200 22
180.157.253.110 - - [03/Apr/2023:11:25:21 +0800] "GET /xingrg/all/function/internal_message.html?_=1680492321470&CODE_STATE=getMsg HTTP/1.1" 200 27
116.238.139.35 - - [03/Apr/2023:11:25:22 +0800] "GET /xingrg/kc/buy/cgsh_order_add.html HTTP/1.1" 200 69621
116.238.139.35 - - [03/Apr/2023:11:25:22 +0800] "POST /xingrg/kc/buy/cgsh_order_operate.html HTTP/1.1" 200 8245
116.238.139.35 - - [03/Apr/2023:11:25:22 +0800] "GET /xingrg/javascript/easyui/themes/default/validatebox.css HTTP/1.1" 404 1104
101.229.22.234 - - [03/Apr/2023:11:25:23 +0800] "GET /xingrg/all/function/internal_message.html?_=1680492322961&CODE_STATE=getMsg HTTP/1.1" 200 27
180.163.29.79 - - [03/Apr/2023:11:25:23 +0800] "GET /xingrg/all/function/internal_message.html?_=1680492264016&CODE_STATE=getMsg HTTP/1.1" 302 -
180.163.29.79 - - [03/Apr/2023:11:25:23 +0800] "GET /xingrg/login.html HTTP/1.1" 200 7641
124.78.155.10 - - [03/Apr/2023:11:25:23 +0800] "GET /xingrg/all/function/internal_message.html?_=1680492324003&CODE_STATE=getMsg HTTP/1.1" 200 27
120.253.135.82 - - [03/Apr/2023:11:25:24 +0800] "GET /xingrg/check_reg.html?_=1680492157406 HTTP/1.1" 200 22
120.253.135.82 - - [03/Apr/2023:11:25:25 +0800] "GET /xingrg/all/function/internal_message.html?_=1680492157796&CODE_STATE=getMsg HTTP/1.1" 200 27
120.253.135.82 - - [03/Apr/2023:11:25:25 +0800] "GET /xingrg/kc/buy/cgsh_order_operate.html?command=get_materiel&rest_code=00157&code=00101028073&supplier_code=00100596&order_time=2023-03-31 HTTP/1.1" 200 408
222.70.174.211 - - [03/Apr/2023:11:25:26 +0800] "GET /xingrg/all/function/internal_message.html?_=1680492327799&CODE_STATE=getMsg HTTP/1.1" 200 27
180.163.29.219 - - [03/Apr/2023:11:25:27 +0800] "GET /xingrg/kc/base/wldb_order_operate.html?command=get_materiel&rest_code=00106&base_code=0010397&code=00102002022 HTTP/1.1" 302 -
180.163.29.219 - - [03/Apr/2023:11:25:27 +0800] "GET /xingrg/login.html HTTP/1.1" 200 7641
120.253.135.82 - - [03/Apr/2023:11:25:27 +0800] "GET /xingrg/kc/pszx/mdqp_order_list.html?state=10 HTTP/1.1" 200 10275
120.253.135.82 - - [03/Apr/2023:11:25:27 +0800] "GET /xingrg/dwr/interface/AjaxQqpsService.js HTTP/1.1" 200 16326
120.253.135.82 - - [03/Apr/2023:11:25:27 +0800] "GET /xingrg/dwr/interface/AjaxReportQueryService.js HTTP/1.1" 200 13203
120.253.135.82 - - [03/Apr/2023:11:25:27 +0800] "GET /xingrg/dwr/engine.js HTTP/1.1" 200 43631
222.70.174.211 - - [03/Apr/2023:11:25:29 +0800] "GET /xingrg/kc/buy/cgsh_order_operate.html?command=get_materiel&rest_code=00146&code=00101006111&supplier_code=00100012&order_time=2023-04-03 HTTP/1.1" 200 409
120.253.135.82 - - [03/Apr/2023:11:25:30 +0800] "GET /xingrg/kc/pszx/mdps_order_list.html?orderType=0 HTTP/1.1" 200 21032
120.253.135.82 - - [03/Apr/2023:11:25:31 +0800] "POST /xingrg/kc/pszx/mdps_list_operate.html HTTP/1.1" 200 5250
116.238.139.35 - - [03/Apr/2023:11:25:31 +0800] "GET /xingrg/kc/buy/cgsh_order_operate.html?command=get_materiel&rest_code=00151&code=00101010079&supplier_code=00100336&order_time=2023-04-03 HTTP/1.1" 200 413
180.164.3.199 - - [03/Apr/2023:11:25:35 +0800] "GET /xingrg/all/function/internal_message.html?_=1680492334838&CODE_STATE=getMsg HTTP/1.1" 200 27
120.253.135.82 - - [03/Apr/2023:11:25:40 +0800] "GET /xingrg/kc/pszx/mdqp_order_list.html?state=10 HTTP/1.1" 200 10275
120.253.135.82 - - [03/Apr/2023:11:25:40 +0800] "GET /xingrg/dwr/interface/AjaxReportQueryService.js HTTP/1.1" 200 13203
120.253.135.82 - - [03/Apr/2023:11:25:40 +0800] "GET /xingrg/dwr/interface/AjaxQqpsService.js HTTP/1.1" 200 16326
120.253.135.82 - - [03/Apr/2023:11:25:40 +0800] "GET /xingrg/dwr/engine.js HTTP/1.1" 200 43631
116.224.158.100 - - [03/Apr/2023:11:25:41 +0800] "GET /xingrg/all/function/internal_message.html?_=1680492184637&CODE_STATE=getMsg HTTP/1.1" 200 27
116.238.139.35 - - [03/Apr/2023:11:25:41 +0800] "POST /xingrg/kc/buy/cgsh_order_operate.html HTTP/1.1" 200 37
124.78.155.10 - - [03/Apr/2023:11:25:42 +0800] "POST /xingrg/kc/base/wldb_order_operate.html HTTP/1.1" 200 37
124.78.155.10 - - [03/Apr/2023:11:25:42 +0800] "POST /xingrg/kc/base/wldb_order_operate.html HTTP/1.1" 200 3182
222.70.174.211 - - [03/Apr/2023:11:25:42 +0800] "GET /xingrg/kc/buy/cgsh_order_operate.html?command=get_materiel&rest_code=00146&code=00101006109&supplier_code=00100012&order_time=2023-04-03 HTTP/1.1" 200 409
180.163.29.234 - - [03/Apr/2023:11:25:46 +0800] "GET /xingrg/kc/base/wldb_order_info.html?code=422023040300229 HTTP/1.1" 302 -
180.163.29.234 - - [03/Apr/2023:11:25:46 +0800] "GET /xingrg/login.html HTTP/1.1" 200 7641
124.78.155.10 - - [03/Apr/2023:11:25:46 +0800] "GET /xingrg/kc/base/wldb_order_info.html?code=422023040300229 HTTP/1.1" 200 30399
124.78.155.10 - - [03/Apr/2023:11:25:46 +0800] "GET /xingrg/words/20230403112056_words.js HTTP/1.1" 304 -
124.78.155.10 - - [03/Apr/2023:11:25:47 +0800] "GET /xingrg/javascript/easyui/themes/default/validatebox.css HTTP/1.1" 404 1104
124.78.155.10 - - [03/Apr/2023:11:25:48 +0800] "POST /xingrg/kc/base/wldb_order_operate.html HTTP/1.1" 200 3182
116.227.208.255 - - [03/Apr/2023:11:25:48 +0800] "GET /xingrg/all/function/internal_message.html?_=1680492443320&CODE_STATE=getMsg HTTP/1.1" 200 27
116.238.139.35 - - [03/Apr/2023:11:25:49 +0800] "GET /xingrg/all/function/internal_message.html?_=1680492263267&CODE_STATE=getMsg HTTP/1.1" 302 -
124.78.155.10 - - [03/Apr/2023:11:25:51 +0800] "POST /xingrg/kc/base/wldb_list_operate.html HTTP/1.1" 200 3356
124.79.72.155 - - [03/Apr/2023:11:25:53 +0800] "GET /xingrg/all/function/internal_message.html?_=1680492356770&CODE_STATE=getMsg HTTP/1.1" 200 27
120.253.135.82 - - [03/Apr/2023:11:25:54 +0800] "POST /xingrg/kc/buy/cgsh_order_operate.html HTTP/1.1" 200 37
120.253.135.82 - - [03/Apr/2023:11:26:01 +0800] "POST /xingrg/kc/buy/cgsh_order_operate.html HTTP/1.1" 200 2669
116.238.139.35 - - [03/Apr/2023:11:26:01 +0800] "POST /xingrg/kc/buy/cgsh_order_operate.html HTTP/1.1" 200 12
120.253.135.82 - - [03/Apr/2023:11:26:02 +0800] "GET /xingrg/kc/print/load_config.html?kc_code=cgsh HTTP/1.1" 200 1925
120.253.135.82 - - [03/Apr/2023:11:26:02 +0800] "GET /xingrg/all/function/internal_message.html?_=1680492362786&CODE_STATE=getMsg HTTP/1.1" 200 27
180.169.147.146 - - [03/Apr/2023:11:26:03 +0800] "GET /xingrg/all/function/internal_message.html?_=1680492362740&CODE_STATE=getMsg HTTP/1.1" 302 -
120.253.135.82 - - [03/Apr/2023:11:26:03 +0800] "GET /xingrg/kc/print/load_data.html?order_code=212023040300801&kc_code=cgsh&condition= HTTP/1.1" 200 689
114.83.216.80 - - [03/Apr/2023:11:26:04 +0800] "GET /xingrg/all/function/internal_message.html?_=1680492364043&CODE_STATE=getMsg HTTP/1.1" 200 27
222.67.232.202 - - [03/Apr/2023:11:26:04 +0800] "GET /xingrg/all/function/internal_message.html?_=1680492365154&CODE_STATE=getMsg HTTP/1.1" 200 27
180.169.147.146 - - [03/Apr/2023:11:26:09 +0800] "GET /xingrg/all/function/internal_message.html?_=1680492369565&CODE_STATE=getMsg HTTP/1.1" 200 27
116.238.139.35 - - [03/Apr/2023:11:26:09 +0800] "GET /xingrg/kc/buy/cgsh_order_info.html?code=212023040300800 HTTP/1.1" 200 64524
116.238.139.35 - - [03/Apr/2023:11:26:09 +0800] "GET /xingrg/words/20230403112056_words.js HTTP/1.1" 304 -
116.238.139.35 - - [03/Apr/2023:11:26:10 +0800] "GET /xingrg/javascript/easyui/themes/default/validatebox.css HTTP/1.1" 404 1104
116.238.139.35 - - [03/Apr/2023:11:26:11 +0800] "POST /xingrg/kc/buy/cgsh_order_operate.html HTTP/1.1" 200 617
116.224.158.100 - - [03/Apr/2023:11:26:12 +0800] "GET /xingrg/all/function/internal_message.html?_=1680492373158&CODE_STATE=getMsg HTTP/1.1" 200 27
116.192.124.172 - - [03/Apr/2023:11:26:12 +0800] "GET /xingrg/all/function/internal_message.html?_=1680492375216&CODE_STATE=getMsg HTTP/1.1" 200 27
116.192.124.172 - - [03/Apr/2023:11:26:12 +0800] "GET /xingrg/check_reg.html?_=1680492375220 HTTP/1.1" 200 22
116.238.139.35 - - [03/Apr/2023:11:26:13 +0800] "GET /xingrg/kc/print/load_data.html?order_code=212023040300800&kc_code=cgsh&condition= HTTP/1.1" 200 715
120.253.135.82 - - [03/Apr/2023:11:26:18 +0800] "GET /xingrg/javascript/jquery_easy_ui/themes/default/images/tabs_active.png HTTP/1.1" 200 2894
222.70.182.87 - - [03/Apr/2023:11:26:19 +0800] "GET /xingrg/all/function/internal_message.html?_=1680492379668&CODE_STATE=getMsg HTTP/1.1" 200 27
116.238.139.35 - - [03/Apr/2023:11:26:20 +0800] "POST /xingrg/all/user/operate.html HTTP/1.1" 200 36
116.238.139.35 - - [03/Apr/2023:11:26:20 +0800] "GET /xingrg/index.html?sysBaseUrl=http%3A%2F%2F180.169.147.146%3A18081%2Fxingrg%2F&costTime=868×tamp=1680488027565 HTTP/1.1" 200 17179
116.238.139.35 - - [03/Apr/2023:11:26:20 +0800] "GET /xingrg/javascript/jquery_easy_ui/themes/default/easyui.css HTTP/1.1" 304 -
116.238.139.35 - - [03/Apr/2023:11:26:20 +0800] "GET /xingrg/javascript/jquery_easy_ui/themes/icon.css HTTP/1.1" 304 -
116.238.139.35 - - [03/Apr/2023:11:26:20 +0800] "GET /xingrg/css/form.css HTTP/1.1" 304 -
116.238.139.35 - - [03/Apr/2023:11:26:20 +0800] "GET /xingrg/javascript/jquery-1.4.2.min.js HTTP/1.1" 304 -
116.238.139.35 - - [03/Apr/2023:11:26:20 +0800] "GET /xingrg/javascript/jquery_easy_ui/jquery.easyui.min.js HTTP/1.1" 304 -
116.238.139.35 - - [03/Apr/2023:11:26:20 +0800] "GET /xingrg/javascript/jquery_easy_ui/easyui-lang-zh_CN.js HTTP/1.1" 304 -
116.238.139.35 - - [03/Apr/2023:11:26:20 +0800] "GET /xingrg/javascript/jquery.form.js HTTP/1.1" 304 -
116.238.139.35 - - [03/Apr/2023:11:26:20 +0800] "GET /xingrg/javascript/jquery.utils.js HTTP/1.1" 304 -
116.238.139.35 - - [03/Apr/2023:11:26:20 +0800] "GET /xingrg/javascript/jquery.timers.js HTTP/1.1" 304 -
116.238.139.35 - - [03/Apr/2023:11:26:20 +0800] "GET /xingrg/images/blue/jxLogo.png HTTP/1.1" 304 -
116.238.139.35 - - [03/Apr/2023:11:26:20 +0800] "GET /xingrg/images/blue/navBackgound.jpg HTTP/1.1" 304 -
116.238.139.35 - - [03/Apr/2023:11:26:20 +0800] "GET /xingrg/javascript/jquery_easy_ui/themes/icons/settle_new.png HTTP/1.1" 304 -
116.238.139.35 - - [03/Apr/2023:11:26:21 +0800] "GET /xingrg/all/function/internal_message.html?_=1680492383060&CODE_STATE=count HTTP/1.1" 200 11
180.169.147.146 - - [03/Apr/2023:11:26:21 +0800] "GET /xingrg/all/function/internal_message.html?_=1680492379835&CODE_STATE=getMsg HTTP/1.1" 200 27
116.238.139.35 - - [03/Apr/2023:11:26:21 +0800] "GET /xingrg/images/blue/pingpu.png HTTP/1.1" 304 -
116.238.139.35 - - [03/Apr/2023:11:26:21 +0800] "GET /xingrg/javascript/jquery_easy_ui/themes/default/images/tabs_leftarrow.png HTTP/1.1" 304 -
116.238.139.35 - - [03/Apr/2023:11:26:21 +0800] "GET /xingrg/check_reg.html?_=1680492383061 HTTP/1.1" 200 22
116.238.139.35 - - [03/Apr/2023:11:26:21 +0800] "GET /xingrg/javascript/jquery_easy_ui/themes/default/images/tabs_rightarrow.png HTTP/1.1" 304 -
116.238.139.35 - - [03/Apr/2023:11:26:21 +0800] "GET /xingrg/javascript/jquery_easy_ui/themes/default/images/panel_tool_collapse.gif HTTP/1.1" 304 -
116.238.139.35 - - [03/Apr/2023:11:26:21 +0800] "POST /xingrg/all/common/load_tree.html?tree=area_rest_tree_json&manage=1 HTTP/1.1" 200 476
116.238.139.35 - - [03/Apr/2023:11:26:21 +0800] "POST /xingrg/load_menu.html HTTP/1.1" 200 5138
180.157.253.110 - - [03/Apr/2023:11:26:21 +0800] "GET /xingrg/all/function/internal_message.html?_=1680492381468&CODE_STATE=getMsg HTTP/1.1" 200 27
101.229.22.234 - - [03/Apr/2023:11:26:23 +0800] "GET /xingrg/all/function/internal_message.html?_=1680492382966&CODE_STATE=getMsg HTTP/1.1" 200 27
124.78.155.10 - - [03/Apr/2023:11:26:23 +0800] "GET /xingrg/all/function/internal_message.html?_=1680492384012&CODE_STATE=getMsg HTTP/1.1" 200 27
116.238.139.35 - - [03/Apr/2023:11:26:24 +0800] "GET /xingrg/kc/buy/cgsh_order_list.html HTTP/1.1" 200 54248
120.253.135.82 - - [03/Apr/2023:11:26:25 +0800] "GET /xingrg/all/function/internal_message.html?_=1680492217818&CODE_STATE=getMsg HTTP/1.1" 200 27
222.70.174.211 - - [03/Apr/2023:11:26:26 +0800] "GET /xingrg/all/function/internal_message.html?_=1680492387813&CODE_STATE=getMsg HTTP/1.1" 200 27
222.70.174.211 - - [03/Apr/2023:11:26:27 +0800] "POST /xingrg/kc/buy/cgsh_order_operate.html HTTP/1.1" 200 37
120.253.135.82 - - [03/Apr/2023:11:26:28 +0800] "POST /xingrg/kc/buy/cgsh_list_operate.html HTTP/1.1" 200 1875
116.238.139.35 - - [03/Apr/2023:11:26:29 +0800] "POST /xingrg/kc/buy/cgsh_list_operate.html HTTP/1.1" 200 986
222.70.174.211 - - [03/Apr/2023:11:26:29 +0800] "POST /xingrg/kc/buy/cgsh_order_operate.html HTTP/1.1" 200 8011
116.238.139.35 - - [03/Apr/2023:11:26:30 +0800] "GET /xingrg/kc/buy/cgsh_order_add.html HTTP/1.1" 200 70068
116.238.139.35 - - [03/Apr/2023:11:26:31 +0800] "POST /xingrg/kc/buy/cgsh_order_operate.html HTTP/1.1" 200 8245
116.238.139.35 - - [03/Apr/2023:11:26:31 +0800] "GET /xingrg/javascript/easyui/themes/default/validatebox.css HTTP/1.1" 404 1104
116.238.139.35 - - [03/Apr/2023:11:26:32 +0800] "GET /xingrg/javascript/auto/indicator.gif HTTP/1.1" 404 1066
222.70.174.211 - - [03/Apr/2023:11:26:32 +0800] "GET /xingrg/kc/print/load_data.html?order_code=212023040300802&kc_code=cgsh&condition= HTTP/1.1" 200 2823
180.164.3.199 - - [03/Apr/2023:11:26:35 +0800] "GET /xingrg/all/function/internal_message.html?_=1680492394824&CODE_STATE=getMsg HTTP/1.1" 200 27
116.238.139.35 - - [03/Apr/2023:11:26:40 +0800] "GET /xingrg/kc/buy/cgsh_order_operate.html?command=get_materiel&rest_code=00150&code=00101001140&supplier_code=00100090&order_time=2023-04-03 HTTP/1.1" 200 417
116.224.158.100 - - [03/Apr/2023:11:26:41 +0800] "GET /xingrg/all/function/internal_message.html?_=1680492244627&CODE_STATE=getMsg HTTP/1.1" 200 27
116.227.208.255 - - [03/Apr/2023:11:26:48 +0800] "GET /xingrg/all/function/internal_message.html?_=1680492503313&CODE_STATE=getMsg HTTP/1.1" 200 27
222.70.174.211 - - [03/Apr/2023:11:26:50 +0800] "GET /xingrg/kc/buy/cgsh_order_add.html HTTP/1.1" 200 70024
222.70.174.211 - - [03/Apr/2023:11:26:51 +0800] "POST /xingrg/kc/buy/cgsh_order_operate.html HTTP/1.1" 200 8245
222.70.174.211 - - [03/Apr/2023:11:26:51 +0800] "GET /xingrg/javascript/easyui/themes/default/validatebox.css HTTP/1.1" 404 1104
124.79.72.155 - - [03/Apr/2023:11:26:53 +0800] "GET /xingrg/all/function/internal_message.html?_=1680492416772&CODE_STATE=getMsg HTTP/1.1" 200 27
116.238.139.35 - - [03/Apr/2023:11:26:57 +0800] "GET /xingrg/kc/buy/cgsh_order_operate.html?command=get_materiel&rest_code=00150&code=00101001125&supplier_code=00100090&order_time=2023-04-03 HTTP/1.1" 200 415
58.40.7.146 - - [03/Apr/2023:11:26:58 +0800] "GET /xingrg/login.html HTTP/1.1" 200 7641
58.40.7.146 - - [03/Apr/2023:11:26:59 +0800] "GET /favicon.ico HTTP/1.1" 404 -
58.40.7.146 - - [03/Apr/2023:11:27:01 +0800] "POST /xingrg/login.do HTTP/1.1" 302 -
58.40.7.146 - - [03/Apr/2023:11:27:02 +0800] "GET /xingrg/index.html?sysBaseUrl=http%3A%2F%2F180.169.147.146%3A18081%2Fxingrg%2F&costTime=1122×tamp=1680492421804 HTTP/1.1" 200 17503
58.40.7.146 - - [03/Apr/2023:11:27:02 +0800] "GET /favicon.ico HTTP/1.1" 404 -
58.40.7.146 - - [03/Apr/2023:11:27:02 +0800] "GET /xingrg/all/function/internal_message.html?_=1680492422503&CODE_STATE=count HTTP/1.1" 200 11
58.40.7.146 - - [03/Apr/2023:11:27:02 +0800] "GET /xingrg/check_reg.html?_=1680492422505 HTTP/1.1" 200 22
58.40.7.146 - - [03/Apr/2023:11:27:02 +0800] "POST /xingrg/all/common/load_tree.html?tree=area_rest_tree_json&manage=1 HTTP/1.1" 200 3499
58.40.7.146 - - [03/Apr/2023:11:27:02 +0800] "POST /xingrg/load_menu.html HTTP/1.1" 200 11564
120.253.135.82 - - [03/Apr/2023:11:27:02 +0800] "GET /xingrg/all/function/internal_message.html?_=1680492422800&CODE_STATE=getMsg HTTP/1.1" 200 27
180.169.147.146 - - [03/Apr/2023:11:27:03 +0800] "GET /xingrg/check_reg.html?_=1680492422743 HTTP/1.1" 302 -
180.169.147.146 - - [03/Apr/2023:11:27:03 +0800] "GET /xingrg/all/function/internal_message.html?_=1680492422740&CODE_STATE=getMsg HTTP/1.1" 302 -
114.83.216.80 - - [03/Apr/2023:11:27:04 +0800] "GET /xingrg/all/function/internal_message.html?_=1680492424051&CODE_STATE=getMsg HTTP/1.1" 200 27
114.83.216.80 - - [03/Apr/2023:11:27:04 +0800] "GET /xingrg/check_reg.html?_=1680492424055 HTTP/1.1" 200 22
222.67.232.202 - - [03/Apr/2023:11:27:04 +0800] "GET /xingrg/all/function/internal_message.html?_=1680492425150&CODE_STATE=getMsg HTTP/1.1" 200 27
222.67.232.202 - - [03/Apr/2023:11:27:04 +0800] "GET /xingrg/check_reg.html?_=1680492425150 HTTP/1.1" 200 22
116.238.139.35 - - [03/Apr/2023:11:27:05 +0800] "POST /xingrg/kc/buy/cgsh_order_operate.html HTTP/1.1" 200 37
180.169.147.146 - - [03/Apr/2023:11:27:09 +0800] "GET /xingrg/all/function/internal_message.html?_=1680492429575&CODE_STATE=getMsg HTTP/1.1" 200 27
58.40.7.146 - - [03/Apr/2023:11:27:11 +0800] "POST /xingrg/all/user/operate.html HTTP/1.1" 200 36
58.40.7.146 - - [03/Apr/2023:11:27:11 +0800] "GET /xingrg/javascript/jquery_easy_ui/themes/default/easyui.css HTTP/1.1" 304 -
58.40.7.146 - - [03/Apr/2023:11:27:11 +0800] "GET /xingrg/index.html?sysBaseUrl=http%3A%2F%2F180.169.147.146%3A18081%2Fxingrg%2F&costTime=1122×tamp=1680492421804 HTTP/1.1" 200 17509
58.40.7.146 - - [03/Apr/2023:11:27:11 +0800] "GET /xingrg/javascript/jquery_easy_ui/themes/icon.css HTTP/1.1" 304 -
58.40.7.146 - - [03/Apr/2023:11:27:11 +0800] "GET /xingrg/css/form.css HTTP/1.1" 304 -
58.40.7.146 - - [03/Apr/2023:11:27:11 +0800] "GET /xingrg/javascript/jquery-1.4.2.min.js HTTP/1.1" 304 -
58.40.7.146 - - [03/Apr/2023:11:27:11 +0800] "GET /xingrg/javascript/jquery_easy_ui/jquery.easyui.min.js HTTP/1.1" 304 -
58.40.7.146 - - [03/Apr/2023:11:27:11 +0800] "GET /xingrg/javascript/jquery_easy_ui/easyui-lang-zh_CN.js HTTP/1.1" 304 -
58.40.7.146 - - [03/Apr/2023:11:27:11 +0800] "GET /xingrg/javascript/jquery.form.js HTTP/1.1" 304 -
58.40.7.146 - - [03/Apr/2023:11:27:11 +0800] "GET /xingrg/javascript/jquery.utils.js HTTP/1.1" 304 -
58.40.7.146 - - [03/Apr/2023:11:27:11 +0800] "GET /xingrg/javascript/jquery.timers.js HTTP/1.1" 304 -
58.40.7.146 - - [03/Apr/2023:11:27:11 +0800] "GET /xingrg/images/blue/jxLogo.png HTTP/1.1" 304 -
58.40.7.146 - - [03/Apr/2023:11:27:11 +0800] "GET /xingrg/images/blue/navBackgound.jpg HTTP/1.1" 304 -
58.40.7.146 - - [03/Apr/2023:11:27:11 +0800] "GET /xingrg/javascript/jquery_easy_ui/themes/icons/settle_new.png HTTP/1.1" 304 -
58.40.7.146 - - [03/Apr/2023:11:27:11 +0800] "GET /xingrg/all/function/internal_message.html?_=1680492432188&CODE_STATE=count HTTP/1.1" 200 11
58.40.7.146 - - [03/Apr/2023:11:27:11 +0800] "GET /xingrg/check_reg.html?_=1680492432190 HTTP/1.1" 200 22
58.40.7.146 - - [03/Apr/2023:11:27:11 +0800] "GET /xingrg/javascript/jquery_easy_ui/themes/default/images/panel_tool_expand.gif HTTP/1.1" 304 -
58.40.7.146 - - [03/Apr/2023:11:27:11 +0800] "GET /xingrg/javascript/jquery_easy_ui/themes/default/images/tabs_rightarrow.png HTTP/1.1" 304 -
58.40.7.146 - - [03/Apr/2023:11:27:11 +0800] "GET /xingrg/javascript/jquery_easy_ui/themes/default/images/tabs_leftarrow.png HTTP/1.1" 304 -
58.40.7.146 - - [03/Apr/2023:11:27:11 +0800] "GET /xingrg/javascript/jquery_easy_ui/themes/default/images/panel_tool_collapse.gif HTTP/1.1" 304 -
58.40.7.146 - - [03/Apr/2023:11:27:11 +0800] "GET /xingrg/images/blue/pingpu.png HTTP/1.1" 304 -
116.224.158.100 - - [03/Apr/2023:11:27:12 +0800] "GET /xingrg/all/function/internal_message.html?_=1680492433094&CODE_STATE=getMsg HTTP/1.1" 200 27
58.40.7.146 - - [03/Apr/2023:11:27:12 +0800] "POST /xingrg/all/common/load_tree.html?tree=area_rest_tree_json&manage=1 HTTP/1.1" 200 3499
58.40.7.146 - - [03/Apr/2023:11:27:12 +0800] "POST /xingrg/load_menu.html HTTP/1.1" 200 9959
222.70.174.211 - - [03/Apr/2023:11:27:12 +0800] "GET /xingrg/kc/buy/cgsh_order_operate.html?command=get_materiel&rest_code=00146&code=00101011007&supplier_code=00100033&order_time=2023-04-03 HTTP/1.1" 200 414
116.192.124.172 - - [03/Apr/2023:11:27:12 +0800] "GET /xingrg/all/function/internal_message.html?_=1680492435213&CODE_STATE=getMsg HTTP/1.1" 200 27
116.238.139.35 - - [03/Apr/2023:11:27:14 +0800] "POST /xingrg/kc/buy/cgsh_order_operate.html HTTP/1.1" 200 12
120.253.135.82 - - [03/Apr/2023:11:27:18 +0800] "POST /xingrg/kc/buy/cgsh_list_operate.html HTTP/1.1" 200 4
116.238.139.35 - - [03/Apr/2023:11:27:19 +0800] "GET /xingrg/kc/buy/cgsh_order_info.html?code=212023040300803 HTTP/1.1" 200 64974
116.238.139.35 - - [03/Apr/2023:11:27:19 +0800] "GET /xingrg/words/20230403112056_words.js HTTP/1.1" 304 -
116.238.139.35 - - [03/Apr/2023:11:27:19 +0800] "GET /xingrg/javascript/easyui/themes/default/validatebox.css HTTP/1.1" 404 1104
222.70.182.87 - - [03/Apr/2023:11:27:19 +0800] "GET /xingrg/all/function/internal_message.html?_=1680492439652&CODE_STATE=getMsg HTTP/1.1" 200 27
116.238.139.35 - - [03/Apr/2023:11:27:20 +0800] "POST /xingrg/kc/buy/cgsh_order_operate.html HTTP/1.1" 200 1211
180.169.147.146 - - [03/Apr/2023:11:27:21 +0800] "GET /xingrg/all/function/internal_message.html?_=1680492439833&CODE_STATE=getMsg HTTP/1.1" 200 27
116.238.139.35 - - [03/Apr/2023:11:27:21 +0800] "GET /xingrg/all/function/internal_message.html?_=1680492443063&CODE_STATE=getMsg HTTP/1.1" 200 27
180.157.253.110 - - [03/Apr/2023:11:27:21 +0800] "GET /xingrg/all/function/internal_message.html?_=1680492441482&CODE_STATE=getMsg HTTP/1.1" 200 27
120.253.135.82 - - [03/Apr/2023:11:27:21 +0800] "POST /xingrg/kc/buy/cgsh_list_operate.html HTTP/1.1" 200 986
116.238.139.35 - - [03/Apr/2023:11:27:22 +0800] "GET /xingrg/kc/print/load_data.html?order_code=212023040300803&kc_code=cgsh&condition= HTTP/1.1" 200 1012
101.229.22.234 - - [03/Apr/2023:11:27:23 +0800] "GET /xingrg/all/function/internal_message.html?_=1680492442966&CODE_STATE=getMsg HTTP/1.1" 200 27
180.163.28.114 - - [03/Apr/2023:11:27:23 +0800] "GET /xingrg/all/function/internal_message.html?_=1680492384012&CODE_STATE=getMsg HTTP/1.1" 302 -
180.163.28.114 - - [03/Apr/2023:11:27:23 +0800] "GET /xingrg/login.html HTTP/1.1" 200 7641
124.78.155.10 - - [03/Apr/2023:11:27:23 +0800] "GET /xingrg/all/function/internal_message.html?_=1680492444016&CODE_STATE=getMsg HTTP/1.1" 200 27
124.78.155.10 - - [03/Apr/2023:11:27:23 +0800] "GET /xingrg/check_reg.html?_=1680492444253 HTTP/1.1" 200 22
120.253.135.82 - - [03/Apr/2023:11:27:24 +0800] "POST /xingrg/kc/buy/cgsh_list_operate.html HTTP/1.1" 200 986
120.253.135.82 - - [03/Apr/2023:11:27:25 +0800] "GET /xingrg/all/function/internal_message.html?_=1680492277824&CODE_STATE=getMsg HTTP/1.1" 200 27
58.40.7.146 - - [03/Apr/2023:11:27:26 +0800] "GET /xingrg/kc/buy/cgsh_order_list.html HTTP/1.1" 200 54503
222.70.174.211 - - [03/Apr/2023:11:27:26 +0800] "GET /xingrg/all/function/internal_message.html?_=1680492447825&CODE_STATE=getMsg HTTP/1.1" 200 27
116.238.139.35 - - [03/Apr/2023:11:27:27 +0800] "GET /xingrg/kc/buy/cgsh_order_add.html HTTP/1.1" 200 70068
116.238.139.35 - - [03/Apr/2023:11:27:27 +0800] "POST /xingrg/kc/buy/cgsh_order_operate.html HTTP/1.1" 200 8245
116.238.139.35 - - [03/Apr/2023:11:27:28 +0800] "GET /xingrg/javascript/easyui/themes/default/validatebox.css HTTP/1.1" 404 1104
222.70.174.211 - - [03/Apr/2023:11:27:28 +0800] "GET /xingrg/kc/buy/cgsh_order_operate.html?command=get_materiel&rest_code=00146&code=00101016105&supplier_code=00100033&order_time=2023-04-03 HTTP/1.1" 200 409
58.40.7.146 - - [03/Apr/2023:11:27:28 +0800] "POST /xingrg/kc/buy/cgsh_list_operate.html HTTP/1.1" 200 986
180.164.3.199 - - [03/Apr/2023:11:27:35 +0800] "GET /xingrg/all/function/internal_message.html?_=1680492454797&CODE_STATE=getMsg HTTP/1.1" 200 27
116.238.139.35 - - [03/Apr/2023:11:27:38 +0800] "GET /xingrg/kc/buy/cgsh_order_operate.html?command=get_materiel&rest_code=00150&code=00101010472&supplier_code=00100430&order_time=2023-04-03 HTTP/1.1" 200 410
222.70.174.211 - - [03/Apr/2023:11:27:39 +0800] "GET /xingrg/kc/buy/cgsh_order_operate.html?command=get_materiel&rest_code=00146&code=00101023022&supplier_code=00100033&order_time=2023-04-03 HTTP/1.1" 200 406
116.224.158.100 - - [03/Apr/2023:11:27:41 +0800] "GET /xingrg/all/function/internal_message.html?_=1680492304598&CODE_STATE=getMsg HTTP/1.1" 200 27
58.40.7.146 - - [03/Apr/2023:11:27:43 +0800] "GET /xingrg/javascript/auto/indicator.gif HTTP/1.1" 404 1066
180.157.253.110 - - [03/Apr/2023:11:27:47 +0800] "GET /xingrg/check_reg.html?_=1680492468347 HTTP/1.1" 302 -
116.227.208.255 - - [03/Apr/2023:11:27:48 +0800] "GET /xingrg/all/function/internal_message.html?_=1680492563309&CODE_STATE=getMsg HTTP/1.1" 200 27
116.238.139.35 - - [03/Apr/2023:11:27:49 +0800] "POST /xingrg/kc/buy/cgsh_order_operate.html HTTP/1.1" 200 37
58.40.7.146 - - [03/Apr/2023:11:27:50 +0800] "POST /xingrg/kc/buy/cgsh_list_operate.html HTTP/1.1" 200 986
124.79.72.155 - - [03/Apr/2023:11:27:53 +0800] "GET /xingrg/all/function/internal_message.html?_=1680492476774&CODE_STATE=getMsg HTTP/1.1" 200 27
222.70.174.211 - - [03/Apr/2023:11:27:57 +0800] "GET /xingrg/kc/buy/cgsh_order_operate.html?command=get_materiel&rest_code=00146&code=00101019435&supplier_code=00100033&order_time=2023-04-03 HTTP/1.1" 200 417
116.238.139.35 - - [03/Apr/2023:11:27:59 +0800] "POST /xingrg/kc/buy/cgsh_order_operate.html HTTP/1.1" 200 12
116.192.124.172 - - [03/Apr/2023:11:28:01 +0800] "GET /xingrg/login.html HTTP/1.1" 200 7641
116.192.124.172 - - [03/Apr/2023:11:28:02 +0800] "GET /favicon.ico HTTP/1.1" 404 -
120.253.135.82 - - [03/Apr/2023:11:28:02 +0800] "GET /xingrg/all/function/internal_message.html?_=1680492482792&CODE_STATE=getMsg HTTP/1.1" 200 27
58.40.7.146 - - [03/Apr/2023:11:28:03 +0800] "POST /xingrg/kc/buy/cgsh_list_operate.html HTTP/1.1" 200 6179
180.169.147.146 - - [03/Apr/2023:11:28:03 +0800] "GET /xingrg/all/function/internal_message.html?_=1680492482744&CODE_STATE=getMsg HTTP/1.1" 302 -
116.192.124.172 - - [03/Apr/2023:11:28:03 +0800] "POST /xingrg/login.do HTTP/1.1" 302 -
116.192.124.172 - - [03/Apr/2023:11:28:04 +0800] "GET /xingrg/index.html?sysBaseUrl=http%3A%2F%2F180.169.147.146%3A18081%2Fxingrg%2F&costTime=976×tamp=1680492483985 HTTP/1.1" 200 17173
114.83.216.80 - - [03/Apr/2023:11:28:04 +0800] "GET /xingrg/all/function/internal_message.html?_=1680492484054&CODE_STATE=getMsg HTTP/1.1" 200 27
116.192.124.172 - - [03/Apr/2023:11:28:04 +0800] "GET /favicon.ico HTTP/1.1" 404 -
222.67.232.202 - - [03/Apr/2023:11:28:04 +0800] "GET /xingrg/all/function/internal_message.html?_=1680492485147&CODE_STATE=getMsg HTTP/1.1" 200 27
116.192.124.172 - - [03/Apr/2023:11:28:04 +0800] "GET /xingrg/all/function/internal_message.html?_=1680492486957&CODE_STATE=count HTTP/1.1" 200 11
116.192.124.172 - - [03/Apr/2023:11:28:04 +0800] "GET /xingrg/check_reg.html?_=1680492486961 HTTP/1.1" 200 22
116.192.124.172 - - [03/Apr/2023:11:28:04 +0800] "POST /xingrg/all/common/load_tree.html?tree=area_rest_tree_json&manage=1 HTTP/1.1" 200 342
116.192.124.172 - - [03/Apr/2023:11:28:04 +0800] "POST /xingrg/load_menu.html HTTP/1.1" 200 5138
116.192.124.172 - - [03/Apr/2023:11:28:07 +0800] "GET /xingrg/kc/buy/cgsh_order_list.html HTTP/1.1" 200 54242
180.169.147.146 - - [03/Apr/2023:11:28:09 +0800] "GET /xingrg/all/function/internal_message.html?_=1680492489580&CODE_STATE=getMsg HTTP/1.1" 200 27
116.192.124.172 - - [03/Apr/2023:11:28:10 +0800] "POST /xingrg/kc/buy/cgsh_list_operate.html HTTP/1.1" 200 986
116.192.124.172 - - [03/Apr/2023:11:28:11 +0800] "GET /xingrg/kc/buy/cgsh_order_add.html HTTP/1.1" 200 70065
116.192.124.172 - - [03/Apr/2023:11:28:11 +0800] "GET /xingrg/words/20230403112056_words.js HTTP/1.1" 200 958763
58.40.7.146 - - [03/Apr/2023:11:28:11 +0800] "GET /xingrg/all/function/internal_message.html?_=1680492492210&CODE_STATE=getMsg HTTP/1.1" 200 27
116.192.124.172 - - [03/Apr/2023:11:28:11 +0800] "GET /xingrg/javascript/easyui/themes/default/validatebox.css HTTP/1.1" 404 1104
116.192.124.172 - - [03/Apr/2023:11:28:11 +0800] "POST /xingrg/kc/buy/cgsh_order_operate.html HTTP/1.1" 200 8245
116.192.124.172 - - [03/Apr/2023:11:28:12 +0800] "GET /xingrg/all/common/auto_word.html?type=employee&rest_code=00102 HTTP/1.1" 200 189
116.192.124.172 - - [03/Apr/2023:11:28:12 +0800] "GET /xingrg/all/common/auto_word.html?type=employee&rest_code=00102 HTTP/1.1" 200 189
116.224.158.100 - - [03/Apr/2023:11:28:12 +0800] "GET /xingrg/all/function/internal_message.html?_=1680492493075&CODE_STATE=getMsg HTTP/1.1" 200 27
222.70.174.211 - - [03/Apr/2023:11:28:12 +0800] "GET /xingrg/kc/buy/cgsh_order_operate.html?command=get_materiel&rest_code=00146&code=00101012025&supplier_code=00100033&order_time=2023-04-03 HTTP/1.1" 200 412
116.238.139.35 - - [03/Apr/2023:11:28:12 +0800] "GET /xingrg/kc/buy/cgsh_order_info.html?code=212023040300804 HTTP/1.1" 200 64962
116.238.139.35 - - [03/Apr/2023:11:28:13 +0800] "GET /xingrg/words/20230403112056_words.js HTTP/1.1" 304 -
116.238.139.35 - - [03/Apr/2023:11:28:13 +0800] "GET /xingrg/javascript/easyui/themes/default/validatebox.css HTTP/1.1" 404 1104
116.192.124.172 - - [03/Apr/2023:11:28:13 +0800] "GET /xingrg/javascript/auto/indicator.gif HTTP/1.1" 404 1066
116.192.124.172 - - [03/Apr/2023:11:28:14 +0800] "GET /xingrg/javascript/jquery_tools/images/prev.gif HTTP/1.1" 404 1086
116.192.124.172 - - [03/Apr/2023:11:28:14 +0800] "GET /xingrg/javascript/jquery_tools/images/next.gif HTTP/1.1" 404 1086
116.238.139.35 - - [03/Apr/2023:11:28:14 +0800] "POST /xingrg/kc/buy/cgsh_order_operate.html HTTP/1.1" 200 605
116.238.139.35 - - [03/Apr/2023:11:28:16 +0800] "GET /xingrg/kc/print/load_data.html?order_code=212023040300804&kc_code=cgsh&condition= HTTP/1.1" 200 685
222.70.182.87 - - [03/Apr/2023:11:28:19 +0800] "GET /xingrg/all/function/internal_message.html?_=1680492499637&CODE_STATE=getMsg HTTP/1.1" 200 27
222.70.182.87 - - [03/Apr/2023:11:28:20 +0800] "GET /xingrg/check_reg.html?_=1680492500030 HTTP/1.1" 200 22
116.238.139.35 - - [03/Apr/2023:11:28:20 +0800] "GET /xingrg/kc/buy/cgsh_order_add.html HTTP/1.1" 200 70068
180.169.147.146 - - [03/Apr/2023:11:28:21 +0800] "GET /xingrg/all/function/internal_message.html?_=1680492499839&CODE_STATE=getMsg HTTP/1.1" 200 27
116.238.139.35 - - [03/Apr/2023:11:28:21 +0800] "GET /xingrg/all/function/internal_message.html?_=1680492503103&CODE_STATE=getMsg HTTP/1.1" 200 27
116.238.139.35 - - [03/Apr/2023:11:28:21 +0800] "POST /xingrg/kc/buy/cgsh_order_operate.html HTTP/1.1" 200 8245
116.238.139.35 - - [03/Apr/2023:11:28:21 +0800] "GET /xingrg/javascript/easyui/themes/default/validatebox.css HTTP/1.1" 404 1104
180.157.253.110 - - [03/Apr/2023:11:28:21 +0800] "GET /xingrg/all/function/internal_message.html?_=1680492501482&CODE_STATE=getMsg HTTP/1.1" 200 27
116.192.124.172 - - [03/Apr/2023:11:28:22 +0800] "GET /xingrg/kc/buy/cgsh_order_operate.html?command=get_materiel&rest_code=00102&code=00101008091&supplier_code=00100008&order_time=2023-04-03 HTTP/1.1" 200 413
101.229.22.234 - - [03/Apr/2023:11:28:23 +0800] "GET /xingrg/check_reg.html?_=1680492503000 HTTP/1.1" 200 22
101.229.22.234 - - [03/Apr/2023:11:28:23 +0800] "GET /xingrg/all/function/internal_message.html?_=1680492503002&CODE_STATE=getMsg HTTP/1.1" 200 27
124.78.155.10 - - [03/Apr/2023:11:28:23 +0800] "GET /xingrg/all/function/internal_message.html?_=1680492504021&CODE_STATE=getMsg HTTP/1.1" 200 27
222.70.174.211 - - [03/Apr/2023:11:28:24 +0800] "GET /xingrg/check_reg.html?_=1680492505813 HTTP/1.1" 200 22
120.253.135.82 - - [03/Apr/2023:11:28:25 +0800] "GET /xingrg/all/function/internal_message.html?_=1680492337847&CODE_STATE=getMsg HTTP/1.1" 200 27
222.70.174.211 - - [03/Apr/2023:11:28:26 +0800] "GET /xingrg/all/function/internal_message.html?_=1680492507840&CODE_STATE=getMsg HTTP/1.1" 200 27
222.70.174.211 - - [03/Apr/2023:11:28:29 +0800] "GET /xingrg/kc/buy/cgsh_order_operate.html?command=get_materiel&rest_code=00146&code=00101016080&supplier_code=00100033&order_time=2023-04-03 HTTP/1.1" 200 408
116.238.139.35 - - [03/Apr/2023:11:28:29 +0800] "GET /xingrg/kc/buy/cgsh_order_operate.html?command=get_materiel&rest_code=00150&code=00101004034&supplier_code=00100085&order_time=2023-04-03 HTTP/1.1" 200 416
116.192.124.172 - - [03/Apr/2023:11:28:29 +0800] "GET /xingrg/kc/buy/cgsh_order_operate.html?command=get_materiel&rest_code=00102&code=00101010168&supplier_code=00100008&order_time=2023-04-03 HTTP/1.1" 200 413
101.229.22.234 - - [03/Apr/2023:11:28:33 +0800] "GET /xingrg/javascript/jquery_easy_ui/themes/default/images/button_plain_hover.png HTTP/1.1" 200 252
180.164.3.199 - - [03/Apr/2023:11:28:35 +0800] "GET /xingrg/all/function/internal_message.html?_=1680492514790&CODE_STATE=getMsg HTTP/1.1" 200 27
180.164.3.199 - - [03/Apr/2023:11:28:36 +0800] "GET /xingrg/check_reg.html?_=1680492515551 HTTP/1.1" 200 22
116.192.124.172 - - [03/Apr/2023:11:28:37 +0800] "GET /xingrg/kc/buy/cgsh_order_operate.html?command=get_materiel&rest_code=00102&code=00101008010&supplier_code=00100008&order_time=2023-04-03 HTTP/1.1" 200 412
101.229.22.234 - - [03/Apr/2023:11:28:39 +0800] "POST /xingrg/dwr/call/plaincall/AjaxYddbService.checkOrder.dwr HTTP/1.1" 200 79
116.238.139.35 - - [03/Apr/2023:11:28:40 +0800] "POST /xingrg/kc/buy/cgsh_order_operate.html HTTP/1.1" 200 37
120.253.135.82 - - [03/Apr/2023:11:28:41 +0800] "GET /xingrg/kc/report/report_main.html HTTP/1.1" 200 8599
120.253.135.82 - - [03/Apr/2023:11:28:41 +0800] "GET /xingrg/javascript/jquery_ui/themes/humanity/humanity.css HTTP/1.1" 304 -
116.224.158.100 - - [03/Apr/2023:11:28:41 +0800] "GET /xingrg/all/function/internal_message.html?_=1680492364587&CODE_STATE=getMsg HTTP/1.1" 200 27
116.224.158.100 - - [03/Apr/2023:11:28:42 +0800] "GET /xingrg/check_reg.html?_=1680492365267 HTTP/1.1" 200 22
120.253.135.82 - - [03/Apr/2023:11:28:42 +0800] "GET /xingrg/kc/base/kc_stocks.html HTTP/1.1" 200 16506
120.253.135.82 - - [03/Apr/2023:11:28:42 +0800] "GET /xingrg/javascript/easyui/themes/sunny/easyui.css HTTP/1.1" 304 -
120.253.135.82 - - [03/Apr/2023:11:28:43 +0800] "GET /xingrg/javascript/easyui/themes/icons/print_new.png HTTP/1.1" 304 -
120.253.135.82 - - [03/Apr/2023:11:28:43 +0800] "GET /xingrg/javascript/easyui/themes/icons/refresh_new.png HTTP/1.1" 304 -
120.253.135.82 - - [03/Apr/2023:11:28:43 +0800] "GET /xingrg/javascript/easyui/themes/icons/filter_new.png HTTP/1.1" 304 -
120.253.135.82 - - [03/Apr/2023:11:28:43 +0800] "GET /xingrg/javascript/easyui/plugins/jquery.draggable.js HTTP/1.1" 304 -
120.253.135.82 - - [03/Apr/2023:11:28:43 +0800] "GET /xingrg/javascript/easyui/plugins/jquery.droppable.js HTTP/1.1" 304 -
