222.70.182.87 - - [03/Apr/2023:09:17:08 +0800] "GET /xingrg/all/function/internal_message.html?_=1680484628376&CODE_STATE=getMsg HTTP/1.1" 200 27
120.253.135.82 - - [03/Apr/2023:09:17:09 +0800] "GET /xingrg/kc/pszx/mdps_order_info.html?code=312023040200050 HTTP/1.1" 200 23978
114.83.216.80 - - [03/Apr/2023:09:17:09 +0800] "GET /xingrg/all/function/internal_message.html?_=1680484628887&CODE_STATE=getMsg HTTP/1.1" 200 27
120.253.135.82 - - [03/Apr/2023:09:17:09 +0800] "GET /xingrg/javascript/easyui/themes/default/validatebox.css HTTP/1.1" 404 1104
120.253.135.82 - - [03/Apr/2023:09:17:09 +0800] "POST /xingrg/kc/pszx/mdps_order_operate.html HTTP/1.1" 200 10572
114.83.216.80 - - [03/Apr/2023:09:17:11 +0800] "GET /xingrg/kc/buy/cgsh_order_operate.html?command=get_materiel&rest_code=00149&code=00101001075&supplier_code=00100039&order_time=2023-04-03 HTTP/1.1" 200 409
116.224.158.100 - - [03/Apr/2023:09:17:14 +0800] "GET /xingrg/all/function/internal_message.html?_=1680484477207&CODE_STATE=getMsg HTTP/1.1" 200 27
116.224.158.100 - - [03/Apr/2023:09:17:14 +0800] "GET /xingrg/check_reg.html?_=1680484477468 HTTP/1.1" 200 22
116.238.139.35 - - [03/Apr/2023:09:17:23 +0800] "GET /xingrg/all/function/internal_message.html?_=1680484645224&CODE_STATE=getMsg HTTP/1.1" 200 27
222.67.232.202 - - [03/Apr/2023:09:17:30 +0800] "GET /xingrg/all/function/internal_message.html?_=1680484650650&CODE_STATE=getMsg HTTP/1.1" 200 27
116.224.106.218 - - [03/Apr/2023:09:17:30 +0800] "GET /xingrg/all/function/internal_message.html?_=1680484650589&CODE_STATE=getMsg HTTP/1.1" 200 27
120.253.135.82 - - [03/Apr/2023:09:17:33 +0800] "GET /xingrg/all/function/internal_message.html?_=1680484486079&CODE_STATE=getMsg HTTP/1.1" 200 27
116.224.158.100 - - [03/Apr/2023:09:17:40 +0800] "GET /xingrg/kc/base/wldb_order_operate.html?command=get_materiel&rest_code=00105&base_code=0010515&code=00101013115 HTTP/1.1" 200 434
222.70.174.211 - - [03/Apr/2023:09:17:40 +0800] "GET /xingrg/all/function/internal_message.html?_=1680484662191&CODE_STATE=getMsg HTTP/1.1" 200 27
120.253.135.82 - - [03/Apr/2023:09:17:43 +0800] "POST /xingrg/kc/pszx/mdps_order_operate.html HTTP/1.1" 200 37
180.169.147.146 - - [03/Apr/2023:09:17:45 +0800] "GET /xingrg/check_reg.html?_=1680484665307 HTTP/1.1" 200 22
180.169.147.146 - - [03/Apr/2023:09:17:45 +0800] "GET /xingrg/all/function/internal_message.html?_=1680484665309&CODE_STATE=getMsg HTTP/1.1" 200 27
180.157.253.110 - - [03/Apr/2023:09:17:47 +0800] "GET /xingrg/check_reg.html?_=1680484668723 HTTP/1.1" 200 22
120.253.135.82 - - [03/Apr/2023:09:17:47 +0800] "POST /xingrg/kc/pszx/mdps_order_operate.html HTTP/1.1" 200 12
180.169.147.146 - - [03/Apr/2023:09:17:50 +0800] "GET /xingrg/all/function/internal_message.html?_=1680484669681&CODE_STATE=getMsg HTTP/1.1" 200 27
180.157.253.110 - - [03/Apr/2023:09:17:51 +0800] "GET /xingrg/all/function/internal_message.html?_=1680484671166&CODE_STATE=getMsg HTTP/1.1" 200 27
124.78.155.10 - - [03/Apr/2023:09:17:51 +0800] "GET /xingrg/login.html HTTP/1.1" 200 7641
124.78.155.10 - - [03/Apr/2023:09:17:51 +0800] "GET /favicon.ico HTTP/1.1" 404 -
124.78.155.10 - - [03/Apr/2023:09:17:53 +0800] "POST /xingrg/login.do HTTP/1.1" 302 -
124.78.155.10 - - [03/Apr/2023:09:17:53 +0800] "GET /xingrg/index.html?sysBaseUrl=http%3A%2F%2F180.169.147.146%3A18081%2Fxingrg%2F&costTime=886×tamp=1680484673907 HTTP/1.1" 200 17173
124.78.155.10 - - [03/Apr/2023:09:17:54 +0800] "GET /favicon.ico HTTP/1.1" 404 -
124.78.155.10 - - [03/Apr/2023:09:17:54 +0800] "GET /xingrg/all/function/internal_message.html?_=1680484675010&CODE_STATE=count HTTP/1.1" 200 11
124.78.155.10 - - [03/Apr/2023:09:17:54 +0800] "GET /xingrg/check_reg.html?_=1680484675012 HTTP/1.1" 200 22
124.78.155.10 - - [03/Apr/2023:09:17:54 +0800] "POST /xingrg/all/common/load_tree.html?tree=area_rest_tree_json&manage=1 HTTP/1.1" 200 342
124.78.155.10 - - [03/Apr/2023:09:17:54 +0800] "POST /xingrg/load_menu.html HTTP/1.1" 200 5138
120.253.135.82 - - [03/Apr/2023:09:17:55 +0800] "GET /xingrg/kc/pszx/mdps_order_info.html?code=312023040200050 HTTP/1.1" 200 19638
120.253.135.82 - - [03/Apr/2023:09:17:55 +0800] "GET /xingrg/javascript/easyui/themes/default/validatebox.css HTTP/1.1" 404 1104
120.253.135.82 - - [03/Apr/2023:09:17:56 +0800] "POST /xingrg/kc/pszx/mdps_order_operate.html HTTP/1.1" 200 8725
124.78.155.10 - - [03/Apr/2023:09:17:56 +0800] "GET /xingrg/kc/buy/buy_main.html HTTP/1.1" 200 12412
124.78.155.10 - - [03/Apr/2023:09:17:56 +0800] "GET /xingrg/css/new_ie.css HTTP/1.1" 404 1036
124.78.155.10 - - [03/Apr/2023:09:17:57 +0800] "GET /xingrg/images/yd/bt.gif HTTP/1.1" 404 1040
120.253.135.82 - - [03/Apr/2023:09:17:57 +0800] "POST /xingrg/kc/pszx/mdps_list_operate.html HTTP/1.1" 200 2800
124.78.155.10 - - [03/Apr/2023:09:17:58 +0800] "GET /xingrg/kc/buy/cgsh_order_list.html HTTP/1.1" 200 54179
120.253.135.82 - - [03/Apr/2023:09:17:59 +0800] "POST /xingrg/kc/pszx/mdps_list_operate.html HTTP/1.1" 200 286
114.83.216.80 - - [03/Apr/2023:09:18:01 +0800] "POST /xingrg/kc/buy/cgsh_order_operate.html HTTP/1.1" 200 37
120.253.135.82 - - [03/Apr/2023:09:18:03 +0800] "GET /xingrg/kc/pszx/mdps_order_info.html?code=312023040200052 HTTP/1.1" 200 23976
120.253.135.82 - - [03/Apr/2023:09:18:03 +0800] "GET /xingrg/javascript/easyui/themes/default/validatebox.css HTTP/1.1" 404 1104
124.78.155.10 - - [03/Apr/2023:09:18:03 +0800] "POST /xingrg/kc/buy/cgsh_list_operate.html HTTP/1.1" 200 1869
120.253.135.82 - - [03/Apr/2023:09:18:04 +0800] "POST /xingrg/kc/pszx/mdps_order_operate.html HTTP/1.1" 200 2797
124.78.155.10 - - [03/Apr/2023:09:18:06 +0800] "POST /xingrg/kc/buy/cgsh_list_operate.html HTTP/1.1" 200 565
116.224.158.100 - - [03/Apr/2023:09:18:06 +0800] "GET /xingrg/all/function/internal_message.html?_=1680484687550&CODE_STATE=getMsg HTTP/1.1" 200 27
124.78.155.10 - - [03/Apr/2023:09:18:07 +0800] "GET /xingrg/kc/buy/cgsh_order_info.html?code=212023040300726 HTTP/1.1" 200 69970
124.78.155.10 - - [03/Apr/2023:09:18:08 +0800] "GET /xingrg/javascript/easyui/themes/default/validatebox.css HTTP/1.1" 404 1104
124.78.155.10 - - [03/Apr/2023:09:18:08 +0800] "GET /xingrg/all/common/auto_word.html?type=employee&rest_code=00106 HTTP/1.1" 200 205
124.78.155.10 - - [03/Apr/2023:09:18:08 +0800] "GET /xingrg/all/common/auto_word.html?type=employee&rest_code=00106 HTTP/1.1" 200 205
222.70.182.87 - - [03/Apr/2023:09:18:08 +0800] "GET /xingrg/all/function/internal_message.html?_=1680484688377&CODE_STATE=getMsg HTTP/1.1" 200 27
120.253.135.82 - - [03/Apr/2023:09:18:08 +0800] "POST /xingrg/kc/pszx/mdps_order_operate.html HTTP/1.1" 200 37
114.83.216.80 - - [03/Apr/2023:09:18:09 +0800] "GET /xingrg/all/function/internal_message.html?_=1680484688892&CODE_STATE=getMsg HTTP/1.1" 200 27
124.78.155.10 - - [03/Apr/2023:09:18:09 +0800] "POST /xingrg/kc/buy/cgsh_order_operate.html HTTP/1.1" 200 22757
114.83.216.80 - - [03/Apr/2023:09:18:10 +0800] "POST /xingrg/kc/buy/cgsh_order_operate.html HTTP/1.1" 200 12
116.224.158.100 - - [03/Apr/2023:09:18:11 +0800] "GET /xingrg/kc/base/wldb_order_operate.html?command=get_materiel&rest_code=00105&base_code=0010515&code=00101008500 HTTP/1.1" 200 441
114.83.216.80 - - [03/Apr/2023:09:18:12 +0800] "GET /xingrg/kc/buy/cgsh_order_info.html?code=212023040300731 HTTP/1.1" 200 64951
114.83.216.80 - - [03/Apr/2023:09:18:13 +0800] "GET /xingrg/javascript/easyui/themes/default/validatebox.css HTTP/1.1" 404 1104
120.253.135.82 - - [03/Apr/2023:09:18:13 +0800] "POST /xingrg/kc/pszx/mdps_order_operate.html HTTP/1.1" 200 12
114.83.216.80 - - [03/Apr/2023:09:18:13 +0800] "POST /xingrg/kc/buy/cgsh_order_operate.html HTTP/1.1" 200 2382
116.224.158.100 - - [03/Apr/2023:09:18:14 +0800] "GET /xingrg/all/function/internal_message.html?_=1680484537187&CODE_STATE=getMsg HTTP/1.1" 200 27
114.83.216.80 - - [03/Apr/2023:09:18:15 +0800] "GET /xingrg/kc/print/load_data.html?order_code=212023040300731&kc_code=cgsh&condition= HTTP/1.1" 200 1395
120.253.135.82 - - [03/Apr/2023:09:18:23 +0800] "GET /xingrg/kc/pszx/mdps_order_info.html?code=312023040200052 HTTP/1.1" 200 19636
116.238.139.35 - - [03/Apr/2023:09:18:23 +0800] "GET /xingrg/all/function/internal_message.html?_=1680484705231&CODE_STATE=getMsg HTTP/1.1" 200 27
120.253.135.82 - - [03/Apr/2023:09:18:23 +0800] "GET /xingrg/javascript/easyui/themes/default/validatebox.css HTTP/1.1" 404 1104
120.253.135.82 - - [03/Apr/2023:09:18:23 +0800] "POST /xingrg/kc/pszx/mdps_order_operate.html HTTP/1.1" 200 1013
120.253.135.82 - - [03/Apr/2023:09:18:24 +0800] "POST /xingrg/kc/pszx/mdps_list_operate.html HTTP/1.1" 200 2430
120.253.135.82 - - [03/Apr/2023:09:18:27 +0800] "POST /xingrg/kc/pszx/mdps_list_operate.html HTTP/1.1" 200 202
120.253.135.82 - - [03/Apr/2023:09:18:30 +0800] "GET /xingrg/kc/pszx/mdps_order_info.html?code=312023040200053 HTTP/1.1" 200 23976
222.67.232.202 - - [03/Apr/2023:09:18:30 +0800] "GET /xingrg/all/function/internal_message.html?_=1680484710650&CODE_STATE=getMsg HTTP/1.1" 200 27
120.253.135.82 - - [03/Apr/2023:09:18:30 +0800] "GET /xingrg/javascript/easyui/themes/default/validatebox.css HTTP/1.1" 404 1104
116.224.106.218 - - [03/Apr/2023:09:18:30 +0800] "GET /xingrg/all/function/internal_message.html?_=1680484710589&CODE_STATE=getMsg HTTP/1.1" 200 27
116.224.158.100 - - [03/Apr/2023:09:18:31 +0800] "POST /xingrg/kc/base/wldb_order_operate.html HTTP/1.1" 200 37
120.253.135.82 - - [03/Apr/2023:09:18:31 +0800] "POST /xingrg/kc/pszx/mdps_order_operate.html HTTP/1.1" 200 2285
116.224.158.100 - - [03/Apr/2023:09:18:31 +0800] "POST /xingrg/kc/base/wldb_order_operate.html HTTP/1.1" 200 2654
116.224.158.100 - - [03/Apr/2023:09:18:32 +0800] "GET /xingrg/kc/base/wldb_order_info.html?code=422023040300211 HTTP/1.1" 200 30389
124.78.155.10 - - [03/Apr/2023:09:18:33 +0800] "GET /xingrg/javascript/auto/indicator.gif HTTP/1.1" 404 1066
116.224.158.100 - - [03/Apr/2023:09:18:33 +0800] "GET /xingrg/javascript/easyui/themes/default/validatebox.css HTTP/1.1" 404 1104
116.224.158.100 - - [03/Apr/2023:09:18:33 +0800] "POST /xingrg/kc/base/wldb_order_operate.html HTTP/1.1" 200 2654
120.253.135.82 - - [03/Apr/2023:09:18:35 +0800] "POST /xingrg/kc/pszx/mdps_order_operate.html HTTP/1.1" 200 37
124.78.155.10 - - [03/Apr/2023:09:18:37 +0800] "GET /xingrg/kc/buy/cgsh_order_operate.html?command=get_materiel&rest_code=00106&code=00101008095&supplier_code=00100007&order_time=2023-04-03 HTTP/1.1" 200 413
120.253.135.82 - - [03/Apr/2023:09:18:39 +0800] "POST /xingrg/kc/pszx/mdps_order_operate.html HTTP/1.1" 200 12
222.70.174.211 - - [03/Apr/2023:09:18:40 +0800] "GET /xingrg/all/function/internal_message.html?_=1680484722206&CODE_STATE=getMsg HTTP/1.1" 200 27
120.253.135.82 - - [03/Apr/2023:09:18:41 +0800] "GET /xingrg/kc/pszx/mdps_order_info.html?code=312023040200053 HTTP/1.1" 200 19636
120.253.135.82 - - [03/Apr/2023:09:18:42 +0800] "GET /xingrg/javascript/easyui/themes/default/validatebox.css HTTP/1.1" 404 1104
120.253.135.82 - - [03/Apr/2023:09:18:42 +0800] "GET /xingrg/check_reg.html?_=1680484554791 HTTP/1.1" 200 22
120.253.135.82 - - [03/Apr/2023:09:18:42 +0800] "GET /xingrg/all/function/internal_message.html?_=1680484554793&CODE_STATE=getMsg HTTP/1.1" 200 27
120.253.135.82 - - [03/Apr/2023:09:18:42 +0800] "POST /xingrg/kc/pszx/mdps_order_operate.html HTTP/1.1" 200 506
120.253.135.82 - - [03/Apr/2023:09:18:43 +0800] "POST /xingrg/kc/pszx/mdps_list_operate.html HTTP/1.1" 200 2061
120.253.135.82 - - [03/Apr/2023:09:18:44 +0800] "POST /xingrg/kc/pszx/mdps_list_operate.html HTTP/1.1" 200 636
180.169.147.146 - - [03/Apr/2023:09:18:45 +0800] "GET /xingrg/all/function/internal_message.html?_=1680484725324&CODE_STATE=getMsg HTTP/1.1" 200 27
120.253.135.82 - - [03/Apr/2023:09:18:46 +0800] "GET /xingrg/kc/pszx/mdps_order_info.html?code=312023040200051 HTTP/1.1" 200 23978
120.253.135.82 - - [03/Apr/2023:09:18:46 +0800] "GET /xingrg/javascript/easyui/themes/default/validatebox.css HTTP/1.1" 404 1104
120.253.135.82 - - [03/Apr/2023:09:18:47 +0800] "POST /xingrg/kc/pszx/mdps_order_operate.html HTTP/1.1" 200 9886
114.83.216.80 - - [03/Apr/2023:09:18:48 +0800] "GET /xingrg/kc/buy/cgsh_order_add.html HTTP/1.1" 200 70049
114.83.216.80 - - [03/Apr/2023:09:18:49 +0800] "POST /xingrg/kc/buy/cgsh_order_operate.html HTTP/1.1" 200 8245
114.83.216.80 - - [03/Apr/2023:09:18:49 +0800] "GET /xingrg/javascript/easyui/themes/default/validatebox.css HTTP/1.1" 404 1104
124.78.155.10 - - [03/Apr/2023:09:18:49 +0800] "GET /xingrg/kc/buy/cgsh_order_operate.html?command=get_materiel&rest_code=00106&code=00101008110&supplier_code=00100007&order_time=2023-04-03 HTTP/1.1" 200 409
180.169.147.146 - - [03/Apr/2023:09:18:50 +0800] "GET /xingrg/all/function/internal_message.html?_=1680484729687&CODE_STATE=getMsg HTTP/1.1" 200 27
180.157.253.110 - - [03/Apr/2023:09:18:51 +0800] "GET /xingrg/all/function/internal_message.html?_=1680484731178&CODE_STATE=getMsg HTTP/1.1" 200 27
124.78.155.10 - - [03/Apr/2023:09:18:54 +0800] "GET /xingrg/all/function/internal_message.html?_=1680484735079&CODE_STATE=getMsg HTTP/1.1" 200 27
180.163.28.109 - - [03/Apr/2023:09:18:55 +0800] "GET /xingrg/check_reg.html?_=1680484675012 HTTP/1.1" 302 -
180.163.28.109 - - [03/Apr/2023:09:18:55 +0800] "GET /xingrg/login.html HTTP/1.1" 200 7641
114.83.216.80 - - [03/Apr/2023:09:18:59 +0800] "GET /xingrg/kc/buy/cgsh_order_operate.html?command=get_materiel&rest_code=00149&code=00101011005&supplier_code=00100051&order_time=2023-04-03 HTTP/1.1" 200 428
116.224.158.100 - - [03/Apr/2023:09:19:06 +0800] "GET /xingrg/all/function/internal_message.html?_=1680484747550&CODE_STATE=getMsg HTTP/1.1" 200 27
124.78.155.10 - - [03/Apr/2023:09:19:07 +0800] "GET /xingrg/kc/buy/cgsh_order_operate.html?command=get_materiel&rest_code=00106&code=00101008079&supplier_code=00100007&order_time=2023-04-03 HTTP/1.1" 200 416
222.70.182.87 - - [03/Apr/2023:09:19:08 +0800] "GET /xingrg/all/function/internal_message.html?_=1680484748377&CODE_STATE=getMsg HTTP/1.1" 200 27
222.70.182.87 - - [03/Apr/2023:09:19:08 +0800] "GET /xingrg/check_reg.html?_=1680484748379 HTTP/1.1" 200 22
114.83.216.80 - - [03/Apr/2023:09:19:09 +0800] "GET /xingrg/all/function/internal_message.html?_=1680484748901&CODE_STATE=getMsg HTTP/1.1" 200 27
114.83.216.80 - - [03/Apr/2023:09:19:09 +0800] "GET /xingrg/check_reg.html?_=1680484748960 HTTP/1.1" 200 22
116.224.158.100 - - [03/Apr/2023:09:19:14 +0800] "GET /xingrg/all/function/internal_message.html?_=1680484597214&CODE_STATE=getMsg HTTP/1.1" 200 27
114.83.216.80 - - [03/Apr/2023:09:19:17 +0800] "POST /xingrg/kc/buy/cgsh_order_operate.html HTTP/1.1" 200 37
120.253.135.82 - - [03/Apr/2023:09:19:21 +0800] "POST /xingrg/kc/pszx/mdps_order_operate.html HTTP/1.1" 200 37
116.238.139.35 - - [03/Apr/2023:09:19:23 +0800] "GET /xingrg/all/function/internal_message.html?_=1680484765228&CODE_STATE=getMsg HTTP/1.1" 200 27
124.78.155.10 - - [03/Apr/2023:09:19:23 +0800] "GET /xingrg/kc/buy/cgsh_order_operate.html?command=get_materiel&rest_code=00106&code=00101008114&supplier_code=00100007&order_time=2023-04-03 HTTP/1.1" 200 413
114.83.216.80 - - [03/Apr/2023:09:19:25 +0800] "POST /xingrg/kc/buy/cgsh_order_operate.html HTTP/1.1" 200 12
114.83.216.80 - - [03/Apr/2023:09:19:27 +0800] "GET /xingrg/kc/buy/cgsh_order_info.html?code=212023040300732 HTTP/1.1" 200 64951
114.83.216.80 - - [03/Apr/2023:09:19:27 +0800] "GET /xingrg/javascript/easyui/themes/default/validatebox.css HTTP/1.1" 404 1104
124.78.155.10 - - [03/Apr/2023:09:19:28 +0800] "POST /xingrg/kc/buy/cgsh_order_operate.html HTTP/1.1" 200 2065
120.253.135.82 - - [03/Apr/2023:09:19:28 +0800] "POST /xingrg/kc/pszx/mdps_order_operate.html HTTP/1.1" 200 12
114.83.216.80 - - [03/Apr/2023:09:19:28 +0800] "POST /xingrg/kc/buy/cgsh_order_operate.html HTTP/1.1" 200 606
114.83.216.80 - - [03/Apr/2023:09:19:30 +0800] "GET /xingrg/kc/print/load_data.html?order_code=212023040300732&kc_code=cgsh&condition= HTTP/1.1" 200 724
222.67.232.202 - - [03/Apr/2023:09:19:30 +0800] "GET /xingrg/all/function/internal_message.html?_=1680484770659&CODE_STATE=getMsg HTTP/1.1" 200 27
222.67.232.202 - - [03/Apr/2023:09:19:30 +0800] "GET /xingrg/check_reg.html?_=1680484770659 HTTP/1.1" 200 22
116.224.106.218 - - [03/Apr/2023:09:19:30 +0800] "GET /xingrg/all/function/internal_message.html?_=1680484770587&CODE_STATE=getMsg HTTP/1.1" 200 27
124.78.155.10 - - [03/Apr/2023:09:19:36 +0800] "GET /xingrg/kc/buy/cgsh_order_operate.html?command=get_materiel&rest_code=00106&code=00101008168&supplier_code=00100007&order_time=2023-04-03 HTTP/1.1" 200 413
222.70.174.211 - - [03/Apr/2023:09:19:40 +0800] "GET /xingrg/all/function/internal_message.html?_=1680484782217&CODE_STATE=getMsg HTTP/1.1" 200 27
180.169.147.146 - - [03/Apr/2023:09:19:45 +0800] "GET /xingrg/all/function/internal_message.html?_=1680484785312&CODE_STATE=getMsg HTTP/1.1" 200 27
120.253.135.82 - - [03/Apr/2023:09:19:48 +0800] "GET /xingrg/kc/pszx/mdps_order_info.html?code=312023040200051 HTTP/1.1" 200 19638
120.253.135.82 - - [03/Apr/2023:09:19:48 +0800] "GET /xingrg/javascript/easyui/themes/default/validatebox.css HTTP/1.1" 404 1104
120.253.135.82 - - [03/Apr/2023:09:19:49 +0800] "POST /xingrg/kc/pszx/mdps_order_operate.html HTTP/1.1" 200 8011
180.169.147.146 - - [03/Apr/2023:09:19:50 +0800] "GET /xingrg/all/function/internal_message.html?_=1680484789679&CODE_STATE=getMsg HTTP/1.1" 200 27
180.157.253.110 - - [03/Apr/2023:09:19:51 +0800] "GET /xingrg/check_reg.html?_=1680484791166 HTTP/1.1" 200 22
180.157.253.110 - - [03/Apr/2023:09:19:51 +0800] "GET /xingrg/all/function/internal_message.html?_=1680484791167&CODE_STATE=getMsg HTTP/1.1" 200 27
120.253.135.82 - - [03/Apr/2023:09:19:51 +0800] "POST /xingrg/kc/pszx/mdps_list_operate.html HTTP/1.1" 200 1689
120.253.135.82 - - [03/Apr/2023:09:19:52 +0800] "POST /xingrg/kc/pszx/mdps_list_operate.html HTTP/1.1" 200 205
124.78.155.10 - - [03/Apr/2023:09:19:54 +0800] "GET /xingrg/all/function/internal_message.html?_=1680484795048&CODE_STATE=getMsg HTTP/1.1" 200 27
120.253.135.82 - - [03/Apr/2023:09:19:55 +0800] "GET /xingrg/kc/pszx/mdqp_order_list.html?state=10 HTTP/1.1" 200 10275
120.253.135.82 - - [03/Apr/2023:09:19:55 +0800] "GET /xingrg/css/blue.css HTTP/1.1" 304 -
120.253.135.82 - - [03/Apr/2023:09:19:55 +0800] "GET /xingrg/dwr/util.js HTTP/1.1" 304 -
120.253.135.82 - - [03/Apr/2023:09:19:58 +0800] "GET /xingrg/all/function/internal_message.html?_=1680484621669&CODE_STATE=getMsg HTTP/1.1" 200 27
120.253.135.82 - - [03/Apr/2023:09:19:58 +0800] "GET /xingrg/dwr/interface/AjaxQqpsService.js HTTP/1.1" 200 16326
120.253.135.82 - - [03/Apr/2023:09:19:58 +0800] "GET /xingrg/javascript/Calendar.js HTTP/1.1" 304 -
120.253.135.82 - - [03/Apr/2023:09:19:58 +0800] "GET /xingrg/dwr/interface/AjaxReportQueryService.js HTTP/1.1" 200 13203
120.253.135.82 - - [03/Apr/2023:09:19:58 +0800] "GET /xingrg/dwr/engine.js HTTP/1.1" 200 43631
120.253.135.82 - - [03/Apr/2023:09:19:58 +0800] "GET /xingrg/javascript/jquery_easy_ui/themes/icons/check_new.png HTTP/1.1" 304 -
120.253.135.82 - - [03/Apr/2023:09:19:58 +0800] "GET /xingrg/javascript/jquery_easy_ui/themes/icons/back_new.png HTTP/1.1" 304 -
120.253.135.82 - - [03/Apr/2023:09:19:58 +0800] "GET /xingrg/javascript/jquery_easy_ui/themes/icons/uncheck_new.png HTTP/1.1" 304 -
120.253.135.82 - - [03/Apr/2023:09:20:00 +0800] "GET /xingrg/kc/pszx/mdqp_order_list.html?state=10 HTTP/1.1" 200 10275
120.253.135.82 - - [03/Apr/2023:09:20:00 +0800] "GET /xingrg/dwr/interface/AjaxQqpsService.js HTTP/1.1" 200 16326
120.253.135.82 - - [03/Apr/2023:09:20:00 +0800] "GET /xingrg/dwr/interface/AjaxReportQueryService.js HTTP/1.1" 200 13203
120.253.135.82 - - [03/Apr/2023:09:20:00 +0800] "GET /xingrg/dwr/engine.js HTTP/1.1" 200 43631
120.253.135.82 - - [03/Apr/2023:09:20:01 +0800] "GET /xingrg/kc/pszx/mdps_order_list.html?orderType=0 HTTP/1.1" 200 21032
120.253.135.82 - - [03/Apr/2023:09:20:02 +0800] "POST /xingrg/kc/pszx/mdps_list_operate.html HTTP/1.1" 200 5250
124.78.155.10 - - [03/Apr/2023:09:20:05 +0800] "GET /xingrg/kc/buy/cgsh_order_operate.html?command=get_materiel&rest_code=00106&code=00101008061&supplier_code=00100007&order_time=2023-04-03 HTTP/1.1" 200 422
180.163.29.212 - - [03/Apr/2023:09:20:06 +0800] "GET /xingrg/kc/buy/cgsh_order_operate.html?command=get_materiel&rest_code=00106&code=00101008079&supplier_code=00100007&order_time=2023-04-03 HTTP/1.1" 302 -
180.163.29.212 - - [03/Apr/2023:09:20:06 +0800] "GET /xingrg/login.html HTTP/1.1" 200 7641
116.224.158.100 - - [03/Apr/2023:09:20:06 +0800] "GET /xingrg/all/function/internal_message.html?_=1680484807551&CODE_STATE=getMsg HTTP/1.1" 200 27
222.70.182.87 - - [03/Apr/2023:09:20:08 +0800] "GET /xingrg/all/function/internal_message.html?_=1680484808378&CODE_STATE=getMsg HTTP/1.1" 200 27
114.83.216.80 - - [03/Apr/2023:09:20:09 +0800] "GET /xingrg/all/function/internal_message.html?_=1680484808892&CODE_STATE=getMsg HTTP/1.1" 200 27
116.224.158.100 - - [03/Apr/2023:09:20:13 +0800] "GET /xingrg/all/function/internal_message.html?_=1680484657143&CODE_STATE=getMsg HTTP/1.1" 200 27
124.78.155.10 - - [03/Apr/2023:09:20:14 +0800] "GET /xingrg/kc/buy/cgsh_order_operate.html?command=get_materiel&rest_code=00106&code=00101008150&supplier_code=00100007&order_time=2023-04-03 HTTP/1.1" 200 409
116.238.139.35 - - [03/Apr/2023:09:20:20 +0800] "GET /xingrg/login.html HTTP/1.1" 200 7641
116.238.139.35 - - [03/Apr/2023:09:20:22 +0800] "GET /favicon.ico HTTP/1.1" 404 -
116.238.139.35 - - [03/Apr/2023:09:20:23 +0800] "GET /xingrg/check_reg.html?_=1680484825228 HTTP/1.1" 200 22
116.238.139.35 - - [03/Apr/2023:09:20:23 +0800] "GET /xingrg/all/function/internal_message.html?_=1680484825230&CODE_STATE=getMsg HTTP/1.1" 200 27
124.78.155.10 - - [03/Apr/2023:09:20:24 +0800] "GET /xingrg/kc/buy/cgsh_order_operate.html?command=get_materiel&rest_code=00106&code=00101015062&supplier_code=00100007&order_time=2023-04-03 HTTP/1.1" 200 412
116.238.139.35 - - [03/Apr/2023:09:20:24 +0800] "POST /xingrg/login.do HTTP/1.1" 302 -
116.238.139.35 - - [03/Apr/2023:09:20:24 +0800] "GET /xingrg/index.html?sysBaseUrl=http%3A%2F%2F180.169.147.146%3A18081%2Fxingrg%2F&costTime=847×tamp=1680484824566 HTTP/1.1" 200 17179
116.238.139.35 - - [03/Apr/2023:09:20:24 +0800] "GET /xingrg/javascript/jquery_easy_ui/themes/default/easyui.css HTTP/1.1" 304 -
116.238.139.35 - - [03/Apr/2023:09:20:24 +0800] "GET /xingrg/css/form.css HTTP/1.1" 304 -
116.238.139.35 - - [03/Apr/2023:09:20:24 +0800] "GET /xingrg/javascript/jquery_easy_ui/themes/icon.css HTTP/1.1" 304 -
116.238.139.35 - - [03/Apr/2023:09:20:24 +0800] "GET /xingrg/javascript/jquery-1.4.2.min.js HTTP/1.1" 304 -
116.238.139.35 - - [03/Apr/2023:09:20:24 +0800] "GET /xingrg/javascript/jquery_easy_ui/jquery.easyui.min.js HTTP/1.1" 304 -
116.238.139.35 - - [03/Apr/2023:09:20:24 +0800] "GET /xingrg/javascript/jquery.form.js HTTP/1.1" 304 -
116.238.139.35 - - [03/Apr/2023:09:20:24 +0800] "GET /xingrg/javascript/jquery.timers.js HTTP/1.1" 304 -
116.238.139.35 - - [03/Apr/2023:09:20:24 +0800] "GET /xingrg/javascript/jquery_easy_ui/easyui-lang-zh_CN.js HTTP/1.1" 304 -
116.238.139.35 - - [03/Apr/2023:09:20:24 +0800] "GET /xingrg/javascript/jquery.utils.js HTTP/1.1" 304 -
116.238.139.35 - - [03/Apr/2023:09:20:24 +0800] "GET /favicon.ico HTTP/1.1" 404 -
116.238.139.35 - - [03/Apr/2023:09:20:25 +0800] "POST /xingrg/all/common/load_tree.html?tree=area_rest_tree_json&manage=1 HTTP/1.1" 200 476
116.238.139.35 - - [03/Apr/2023:09:20:25 +0800] "GET /xingrg/all/function/internal_message.html?_=1680484738958&CODE_STATE=count HTTP/1.1" 200 11
116.238.139.35 - - [03/Apr/2023:09:20:25 +0800] "GET /xingrg/check_reg.html?_=1680484738959 HTTP/1.1" 200 22
116.238.139.35 - - [03/Apr/2023:09:20:25 +0800] "POST /xingrg/load_menu.html HTTP/1.1" 200 5138
116.238.139.35 - - [03/Apr/2023:09:20:29 +0800] "GET /xingrg/kc/buy/cgsh_order_list.html HTTP/1.1" 200 54185
116.238.139.35 - - [03/Apr/2023:09:20:29 +0800] "GET /xingrg/css/base.css HTTP/1.1" 304 -
116.238.139.35 - - [03/Apr/2023:09:20:29 +0800] "GET /xingrg/javascript/easyui/themes/default/easyui.css HTTP/1.1" 304 -
116.238.139.35 - - [03/Apr/2023:09:20:29 +0800] "GET /xingrg/javascript/jquery_tools/datebox.css HTTP/1.1" 304 -
116.238.139.35 - - [03/Apr/2023:09:20:29 +0800] "GET /xingrg/javascript/easyui/themes/icon.css HTTP/1.1" 304 -
116.238.139.35 - - [03/Apr/2023:09:20:29 +0800] "GET /xingrg/javascript/auto/jquery.autocomplete.css HTTP/1.1" 304 -
116.238.139.35 - - [03/Apr/2023:09:20:29 +0800] "GET /xingrg/javascript/jquery_tools/fix.css HTTP/1.1" 304 -
116.238.139.35 - - [03/Apr/2023:09:20:29 +0800] "GET /xingrg/css/site.css HTTP/1.1" 304 -
116.238.139.35 - - [03/Apr/2023:09:20:29 +0800] "GET /xingrg/javascript/jquery_tools/table.css HTTP/1.1" 304 -
116.238.139.35 - - [03/Apr/2023:09:20:29 +0800] "GET /xingrg/javascript/jquery_tools/jquery.tools.min.js HTTP/1.1" 304 -
116.238.139.35 - - [03/Apr/2023:09:20:29 +0800] "GET /xingrg/javascript/jquery_tools/jquery.tools.hotkey.js HTTP/1.1" 304 -
116.238.139.35 - - [03/Apr/2023:09:20:29 +0800] "GET /xingrg/javascript/jquery_tools/list_manager.js HTTP/1.1" 304 -
116.238.139.35 - - [03/Apr/2023:09:20:29 +0800] "GET /xingrg/javascript/jquery_tools/jquery.tools.table.js HTTP/1.1" 304 -
116.238.139.35 - - [03/Apr/2023:09:20:29 +0800] "GET /xingrg/javascript/auto/jquery.autocomplete.js HTTP/1.1" 304 -
116.238.139.35 - - [03/Apr/2023:09:20:29 +0800] "GET /xingrg/javascript/jquery.cookie.js HTTP/1.1" 304 -
116.238.139.35 - - [03/Apr/2023:09:20:29 +0800] "GET /xingrg/javascript/easyui/easyloader.js HTTP/1.1" 304 -
116.238.139.35 - - [03/Apr/2023:09:20:29 +0800] "GET /xingrg/javascript/print/LodopFuncs.js HTTP/1.1" 304 -
116.238.139.35 - - [03/Apr/2023:09:20:29 +0800] "GET /xingrg/javascript/jquery_tools/jquery.tools.extend.js HTTP/1.1" 304 -
116.238.139.35 - - [03/Apr/2023:09:20:29 +0800] "GET /xingrg/javascript/easyui/plugins/jquery.parser.js HTTP/1.1" 304 -
222.67.232.202 - - [03/Apr/2023:09:20:30 +0800] "GET /xingrg/all/function/internal_message.html?_=1680484830644&CODE_STATE=getMsg HTTP/1.1" 200 27
116.224.106.218 - - [03/Apr/2023:09:20:30 +0800] "GET /xingrg/check_reg.html?_=1680484830589 HTTP/1.1" 200 22
116.224.106.218 - - [03/Apr/2023:09:20:30 +0800] "GET /xingrg/all/function/internal_message.html?_=1680484830592&CODE_STATE=getMsg HTTP/1.1" 200 27
116.238.139.35 - - [03/Apr/2023:09:20:31 +0800] "POST /xingrg/kc/buy/cgsh_list_operate.html HTTP/1.1" 200 986
116.238.139.35 - - [03/Apr/2023:09:20:35 +0800] "GET /xingrg/kc/buy/cgsh_order_add.html HTTP/1.1" 200 70017
116.238.139.35 - - [03/Apr/2023:09:20:35 +0800] "GET /xingrg/javascript/pic_change.js HTTP/1.1" 304 -
116.238.139.35 - - [03/Apr/2023:09:20:35 +0800] "GET /xingrg/javascript/jquery_tools/order_manager.js HTTP/1.1" 304 -
116.238.139.35 - - [03/Apr/2023:09:20:35 +0800] "GET /xingrg/javascript/json2.js HTTP/1.1" 304 -
116.238.139.35 - - [03/Apr/2023:09:20:35 +0800] "GET /xingrg/javascript/print/kc_print.js HTTP/1.1" 304 -
116.238.139.35 - - [03/Apr/2023:09:20:35 +0800] "GET /xingrg/javascript/convert.js HTTP/1.1" 304 -
116.238.139.35 - - [03/Apr/2023:09:20:35 +0800] "GET /xingrg/words/20230402154659_words.js HTTP/1.1" 304 -
116.238.139.35 - - [03/Apr/2023:09:20:36 +0800] "POST /xingrg/kc/buy/cgsh_order_operate.html HTTP/1.1" 200 8245
124.78.155.10 - - [03/Apr/2023:09:20:36 +0800] "GET /xingrg/kc/buy/cgsh_order_operate.html?command=get_materiel&rest_code=00106&code=00101008041&supplier_code=00100007&order_time=2023-04-03 HTTP/1.1" 200 408
180.163.29.206 - - [03/Apr/2023:09:20:36 +0800] "GET /xingrg/kc/buy/cgsh_order_operate.html?command=get_materiel&rest_code=00106&code=00101008168&supplier_code=00100007&order_time=2023-04-03 HTTP/1.1" 302 -
116.238.139.35 - - [03/Apr/2023:09:20:36 +0800] "GET /xingrg/all/common/auto_word.html?type=employee&rest_code=00150 HTTP/1.1" 200 159
116.238.139.35 - - [03/Apr/2023:09:20:36 +0800] "GET /xingrg/javascript/easyui/themes/default/validatebox.css HTTP/1.1" 404 1104
116.238.139.35 - - [03/Apr/2023:09:20:36 +0800] "GET /xingrg/javascript/easyui/plugins/jquery.validatebox.js HTTP/1.1" 304 -
116.238.139.35 - - [03/Apr/2023:09:20:36 +0800] "GET /xingrg/all/common/auto_word.html?type=employee&rest_code=00150 HTTP/1.1" 200 159
116.238.139.35 - - [03/Apr/2023:09:20:36 +0800] "GET /xingrg/javascript/easyui/plugins/jquery.numberbox.js HTTP/1.1" 304 -
180.163.29.206 - - [03/Apr/2023:09:20:36 +0800] "GET /xingrg/login.html HTTP/1.1" 200 7641
116.238.139.35 - - [03/Apr/2023:09:20:38 +0800] "GET /xingrg/javascript/auto/indicator.gif HTTP/1.1" 404 1066
124.78.155.10 - - [03/Apr/2023:09:20:38 +0800] "POST /xingrg/kc/buy/cgsh_order_operate.html HTTP/1.1" 200 2065
222.70.174.211 - - [03/Apr/2023:09:20:38 +0800] "GET /xingrg/check_reg.html?_=1680484840337 HTTP/1.1" 200 22
222.70.174.211 - - [03/Apr/2023:09:20:40 +0800] "GET /xingrg/all/function/internal_message.html?_=1680484842232&CODE_STATE=getMsg HTTP/1.1" 200 27
180.169.147.146 - - [03/Apr/2023:09:20:45 +0800] "GET /xingrg/all/function/internal_message.html?_=1680484845317&CODE_STATE=getMsg HTTP/1.1" 200 27
120.253.135.82 - - [03/Apr/2023:09:20:49 +0800] "GET /xingrg/all/function/internal_message.html?_=1680484681682&CODE_STATE=getMsg HTTP/1.1" 200 27
124.78.155.10 - - [03/Apr/2023:09:20:49 +0800] "POST /xingrg/kc/buy/cgsh_order_operate.html HTTP/1.1" 200 37
180.169.147.146 - - [03/Apr/2023:09:20:50 +0800] "GET /xingrg/all/function/internal_message.html?_=1680484849682&CODE_STATE=getMsg HTTP/1.1" 200 27
180.157.253.110 - - [03/Apr/2023:09:20:51 +0800] "GET /xingrg/all/function/internal_message.html?_=1680484851167&CODE_STATE=getMsg HTTP/1.1" 200 27
116.238.139.35 - - [03/Apr/2023:09:20:51 +0800] "GET /xingrg/kc/buy/cgsh_order_operate.html?command=get_materiel&rest_code=00150&code=00101009109&supplier_code=00100022&order_time=2023-04-03 HTTP/1.1" 200 23
180.163.28.109 - - [03/Apr/2023:09:20:54 +0800] "GET /xingrg/all/function/internal_message.html?_=1680484795048&CODE_STATE=getMsg HTTP/1.1" 302 -
180.163.28.109 - - [03/Apr/2023:09:20:54 +0800] "GET /xingrg/login.html HTTP/1.1" 200 7641
180.163.28.55 - - [03/Apr/2023:09:21:05 +0800] "GET /xingrg/kc/buy/cgsh_order_operate.html?command=get_materiel&rest_code=00106&code=00101008061&supplier_code=00100007&order_time=2023-04-03 HTTP/1.1" 302 -
180.163.28.55 - - [03/Apr/2023:09:21:05 +0800] "GET /xingrg/login.html HTTP/1.1" 200 7641
180.163.28.55 - - [03/Apr/2023:09:21:06 +0800] "GET /xingrg/kc/buy/cgsh_order_operate.html?command=get_materiel&rest_code=00106&code=00101008061&supplier_code=00100007&order_time=2023-04-03 HTTP/1.1" 302 -
180.163.28.55 - - [03/Apr/2023:09:21:06 +0800] "GET /xingrg/login.html HTTP/1.1" 200 7641
116.238.139.35 - - [03/Apr/2023:09:21:06 +0800] "GET /xingrg/login.html HTTP/1.1" 200 7641
116.238.139.35 - - [03/Apr/2023:09:21:06 +0800] "GET /favicon.ico HTTP/1.1" 404 -
116.224.158.100 - - [03/Apr/2023:09:21:06 +0800] "GET /xingrg/check_reg.html?_=1680484867550 HTTP/1.1" 200 22
116.224.158.100 - - [03/Apr/2023:09:21:06 +0800] "GET /xingrg/all/function/internal_message.html?_=1680484867552&CODE_STATE=getMsg HTTP/1.1" 200 27
222.70.182.87 - - [03/Apr/2023:09:21:08 +0800] "GET /xingrg/all/function/internal_message.html?_=1680484868378&CODE_STATE=getMsg HTTP/1.1" 200 27
114.83.216.80 - - [03/Apr/2023:09:21:09 +0800] "GET /xingrg/all/function/internal_message.html?_=1680484868903&CODE_STATE=getMsg HTTP/1.1" 200 27
116.238.139.35 - - [03/Apr/2023:09:21:12 +0800] "POST /xingrg/login.do HTTP/1.1" 302 -
116.238.139.35 - - [03/Apr/2023:09:21:12 +0800] "GET /xingrg/index.html?sysBaseUrl=http%3A%2F%2F180.169.147.146%3A18081%2Fxingrg%2F&costTime=841×tamp=1680484872539 HTTP/1.1" 200 17179
116.238.139.35 - - [03/Apr/2023:09:21:12 +0800] "GET /xingrg/javascript/jquery_easy_ui/themes/default/easyui.css HTTP/1.1" 304 -
116.238.139.35 - - [03/Apr/2023:09:21:12 +0800] "GET /xingrg/javascript/jquery_easy_ui/themes/icon.css HTTP/1.1" 304 -
116.238.139.35 - - [03/Apr/2023:09:21:12 +0800] "GET /xingrg/javascript/jquery_easy_ui/jquery.easyui.min.js HTTP/1.1" 304 -
116.238.139.35 - - [03/Apr/2023:09:21:12 +0800] "GET /xingrg/javascript/jquery_easy_ui/easyui-lang-zh_CN.js HTTP/1.1" 304 -
116.238.139.35 - - [03/Apr/2023:09:21:12 +0800] "GET /xingrg/css/form.css HTTP/1.1" 304 -
116.238.139.35 - - [03/Apr/2023:09:21:12 +0800] "GET /xingrg/javascript/jquery.form.js HTTP/1.1" 304 -
116.238.139.35 - - [03/Apr/2023:09:21:12 +0800] "GET /xingrg/javascript/jquery-1.4.2.min.js HTTP/1.1" 304 -
116.238.139.35 - - [03/Apr/2023:09:21:12 +0800] "GET /xingrg/javascript/jquery.utils.js HTTP/1.1" 304 -
116.238.139.35 - - [03/Apr/2023:09:21:12 +0800] "GET /xingrg/javascript/jquery.timers.js HTTP/1.1" 304 -
116.238.139.35 - - [03/Apr/2023:09:21:12 +0800] "GET /favicon.ico HTTP/1.1" 404 -
116.238.139.35 - - [03/Apr/2023:09:21:12 +0800] "POST /xingrg/all/common/load_tree.html?tree=area_rest_tree_json&manage=1 HTTP/1.1" 200 476
116.238.139.35 - - [03/Apr/2023:09:21:12 +0800] "GET /xingrg/all/function/internal_message.html?_=1680484786577&CODE_STATE=count HTTP/1.1" 200 11
116.238.139.35 - - [03/Apr/2023:09:21:12 +0800] "GET /xingrg/check_reg.html?_=1680484786578 HTTP/1.1" 200 22
116.238.139.35 - - [03/Apr/2023:09:21:12 +0800] "POST /xingrg/load_menu.html HTTP/1.1" 200 5138
116.224.158.100 - - [03/Apr/2023:09:21:13 +0800] "GET /xingrg/all/function/internal_message.html?_=1680484717132&CODE_STATE=getMsg HTTP/1.1" 200 27
124.78.155.10 - - [03/Apr/2023:09:21:15 +0800] "POST /xingrg/kc/buy/cgsh_order_operate.html HTTP/1.1" 200 28091
116.238.139.35 - - [03/Apr/2023:09:21:16 +0800] "GET /xingrg/kc/buy/cgsh_order_list.html HTTP/1.1" 200 54185
116.238.139.35 - - [03/Apr/2023:09:21:16 +0800] "GET /xingrg/css/base.css HTTP/1.1" 304 -
116.238.139.35 - - [03/Apr/2023:09:21:16 +0800] "GET /xingrg/javascript/jquery_tools/datebox.css HTTP/1.1" 304 -
116.238.139.35 - - [03/Apr/2023:09:21:16 +0800] "GET /xingrg/css/site.css HTTP/1.1" 304 -
116.238.139.35 - - [03/Apr/2023:09:21:16 +0800] "GET /xingrg/javascript/auto/jquery.autocomplete.css HTTP/1.1" 304 -
116.238.139.35 - - [03/Apr/2023:09:21:16 +0800] "GET /xingrg/javascript/easyui/themes/icon.css HTTP/1.1" 304 -
116.238.139.35 - - [03/Apr/2023:09:21:16 +0800] "GET /xingrg/javascript/easyui/themes/default/easyui.css HTTP/1.1" 304 -
116.238.139.35 - - [03/Apr/2023:09:21:16 +0800] "GET /xingrg/javascript/jquery_tools/fix.css HTTP/1.1" 304 -
116.238.139.35 - - [03/Apr/2023:09:21:16 +0800] "GET /xingrg/javascript/jquery_tools/jquery.tools.extend.js HTTP/1.1" 304 -
116.238.139.35 - - [03/Apr/2023:09:21:16 +0800] "GET /xingrg/javascript/jquery_tools/jquery.tools.table.js HTTP/1.1" 304 -
116.238.139.35 - - [03/Apr/2023:09:21:16 +0800] "GET /xingrg/javascript/auto/jquery.autocomplete.js HTTP/1.1" 304 -
116.238.139.35 - - [03/Apr/2023:09:21:16 +0800] "GET /xingrg/javascript/jquery_tools/jquery.tools.hotkey.js HTTP/1.1" 304 -
116.238.139.35 - - [03/Apr/2023:09:21:16 +0800] "GET /xingrg/javascript/jquery.cookie.js HTTP/1.1" 304 -
116.238.139.35 - - [03/Apr/2023:09:21:16 +0800] "GET /xingrg/javascript/jquery_tools/table.css HTTP/1.1" 304 -
116.238.139.35 - - [03/Apr/2023:09:21:16 +0800] "GET /xingrg/javascript/jquery_tools/jquery.tools.min.js HTTP/1.1" 304 -
116.238.139.35 - - [03/Apr/2023:09:21:16 +0800] "GET /xingrg/javascript/easyui/easyloader.js HTTP/1.1" 304 -
116.238.139.35 - - [03/Apr/2023:09:21:16 +0800] "GET /xingrg/javascript/print/LodopFuncs.js HTTP/1.1" 304 -
116.238.139.35 - - [03/Apr/2023:09:21:16 +0800] "GET /xingrg/javascript/jquery_tools/list_manager.js HTTP/1.1" 304 -
116.238.139.35 - - [03/Apr/2023:09:21:16 +0800] "GET /xingrg/javascript/easyui/plugins/jquery.parser.js HTTP/1.1" 304 -
116.238.139.35 - - [03/Apr/2023:09:21:18 +0800] "POST /xingrg/kc/buy/cgsh_list_operate.html HTTP/1.1" 200 986
116.238.139.35 - - [03/Apr/2023:09:21:19 +0800] "GET /xingrg/kc/buy/cgsh_order_add.html HTTP/1.1" 200 70017
116.238.139.35 - - [03/Apr/2023:09:21:19 +0800] "GET /xingrg/javascript/jquery_tools/order_manager.js HTTP/1.1" 304 -
116.238.139.35 - - [03/Apr/2023:09:21:19 +0800] "GET /xingrg/javascript/pic_change.js HTTP/1.1" 304 -
116.238.139.35 - - [03/Apr/2023:09:21:19 +0800] "GET /xingrg/javascript/convert.js HTTP/1.1" 304 -
116.238.139.35 - - [03/Apr/2023:09:21:19 +0800] "GET /xingrg/javascript/print/kc_print.js HTTP/1.1" 304 -
116.238.139.35 - - [03/Apr/2023:09:21:19 +0800] "GET /xingrg/javascript/json2.js HTTP/1.1" 304 -
116.238.139.35 - - [03/Apr/2023:09:21:19 +0800] "GET /xingrg/words/20230402154659_words.js HTTP/1.1" 304 -
116.238.139.35 - - [03/Apr/2023:09:21:20 +0800] "POST /xingrg/kc/buy/cgsh_order_operate.html HTTP/1.1" 200 8245
116.238.139.35 - - [03/Apr/2023:09:21:20 +0800] "GET /xingrg/all/common/auto_word.html?type=employee&rest_code=00150 HTTP/1.1" 200 159
116.238.139.35 - - [03/Apr/2023:09:21:20 +0800] "GET /xingrg/all/common/auto_word.html?type=employee&rest_code=00150 HTTP/1.1" 200 159
116.238.139.35 - - [03/Apr/2023:09:21:20 +0800] "GET /xingrg/javascript/easyui/themes/default/validatebox.css HTTP/1.1" 404 1104
116.238.139.35 - - [03/Apr/2023:09:21:20 +0800] "GET /xingrg/javascript/easyui/plugins/jquery.validatebox.js HTTP/1.1" 304 -
116.238.139.35 - - [03/Apr/2023:09:21:20 +0800] "GET /xingrg/javascript/easyui/plugins/jquery.numberbox.js HTTP/1.1" 304 -
116.238.139.35 - - [03/Apr/2023:09:21:23 +0800] "GET /xingrg/all/function/internal_message.html?_=1680484885230&CODE_STATE=getMsg HTTP/1.1" 200 27
116.238.139.35 - - [03/Apr/2023:09:21:28 +0800] "GET /xingrg/javascript/auto/indicator.gif HTTP/1.1" 404 1066
222.67.232.202 - - [03/Apr/2023:09:21:30 +0800] "GET /xingrg/all/function/internal_message.html?_=1680484890650&CODE_STATE=getMsg HTTP/1.1" 200 27
116.224.106.218 - - [03/Apr/2023:09:21:30 +0800] "GET /xingrg/all/function/internal_message.html?_=1680484890592&CODE_STATE=getMsg HTTP/1.1" 200 27
222.70.174.211 - - [03/Apr/2023:09:21:40 +0800] "GET /xingrg/all/function/internal_message.html?_=1680484902244&CODE_STATE=getMsg HTTP/1.1" 200 27
116.238.139.35 - - [03/Apr/2023:09:21:41 +0800] "GET /xingrg/kc/buy/cgsh_order_operate.html?command=get_materiel&rest_code=00150&code=00101009109&supplier_code=00100022&order_time=2023-04-03 HTTP/1.1" 200 413
180.169.147.146 - - [03/Apr/2023:09:21:45 +0800] "GET /xingrg/all/function/internal_message.html?_=1680484905323&CODE_STATE=getMsg HTTP/1.1" 200 27
120.253.135.82 - - [03/Apr/2023:09:21:49 +0800] "GET /xingrg/all/function/internal_message.html?_=1680484741697&CODE_STATE=getMsg HTTP/1.1" 200 27
180.169.147.146 - - [03/Apr/2023:09:21:50 +0800] "GET /xingrg/all/function/internal_message.html?_=1680484909686&CODE_STATE=getMsg HTTP/1.1" 200 27
180.169.147.146 - - [03/Apr/2023:09:21:50 +0800] "GET /xingrg/check_reg.html?_=1680484909691 HTTP/1.1" 200 22
180.157.253.110 - - [03/Apr/2023:09:21:51 +0800] "GET /xingrg/all/function/internal_message.html?_=1680484911173&CODE_STATE=getMsg HTTP/1.1" 200 27
116.238.139.35 - - [03/Apr/2023:09:21:54 +0800] "GET /xingrg/kc/buy/cgsh_order_operate.html?command=get_materiel&rest_code=00150&code=00101009062&supplier_code=00100022&order_time=2023-04-03 HTTP/1.1" 200 412
116.238.139.35 - - [03/Apr/2023:09:22:02 +0800] "GET /xingrg/kc/buy/cgsh_order_operate.html?command=get_materiel&rest_code=00150&code=00101009018&supplier_code=00100022&order_time=2023-04-03 HTTP/1.1" 200 408
116.227.208.255 - - [03/Apr/2023:09:22:05 +0800] "POST /xingrg/services/DataTransmitService HTTP/1.1" 200 524
116.224.158.100 - - [03/Apr/2023:09:22:06 +0800] "GET /xingrg/all/function/internal_message.html?_=1680484927551&CODE_STATE=getMsg HTTP/1.1" 200 27
222.70.182.87 - - [03/Apr/2023:09:22:08 +0800] "GET /xingrg/all/function/internal_message.html?_=1680484928378&CODE_STATE=getMsg HTTP/1.1" 200 27
114.83.216.80 - - [03/Apr/2023:09:22:09 +0800] "GET /xingrg/all/function/internal_message.html?_=1680484928897&CODE_STATE=getMsg HTTP/1.1" 200 27
116.238.139.35 - - [03/Apr/2023:09:22:12 +0800] "GET /xingrg/all/function/internal_message.html?_=1680484846589&CODE_STATE=getMsg HTTP/1.1" 200 27
116.224.158.100 - - [03/Apr/2023:09:22:13 +0800] "GET /xingrg/all/function/internal_message.html?_=1680484777122&CODE_STATE=getMsg HTTP/1.1" 200 27
116.224.158.100 - - [03/Apr/2023:09:22:14 +0800] "GET /xingrg/check_reg.html?_=1680484777452 HTTP/1.1" 200 22
124.78.155.10 - - [03/Apr/2023:09:22:15 +0800] "GET /xingrg/all/function/internal_message.html?_=1680484915050&CODE_STATE=getMsg HTTP/1.1" 200 27
116.238.139.35 - - [03/Apr/2023:09:22:23 +0800] "GET /xingrg/all/function/internal_message.html?_=1680484945231&CODE_STATE=getMsg HTTP/1.1" 200 27
222.67.232.202 - - [03/Apr/2023:09:22:30 +0800] "GET /xingrg/all/function/internal_message.html?_=1680484950647&CODE_STATE=getMsg HTTP/1.1" 200 27
116.224.106.218 - - [03/Apr/2023:09:22:30 +0800] "GET /xingrg/all/function/internal_message.html?_=1680484950604&CODE_STATE=getMsg HTTP/1.1" 200 27
222.70.174.211 - - [03/Apr/2023:09:22:40 +0800] "GET /xingrg/all/function/internal_message.html?_=1680484962259&CODE_STATE=getMsg HTTP/1.1" 200 27
180.169.147.146 - - [03/Apr/2023:09:22:45 +0800] "GET /xingrg/check_reg.html?_=1680484965313 HTTP/1.1" 200 22
180.169.147.146 - - [03/Apr/2023:09:22:45 +0800] "GET /xingrg/all/function/internal_message.html?_=1680484965315&CODE_STATE=getMsg HTTP/1.1" 200 27
180.157.253.110 - - [03/Apr/2023:09:22:47 +0800] "GET /xingrg/check_reg.html?_=1680484968697 HTTP/1.1" 200 22
120.253.135.82 - - [03/Apr/2023:09:22:49 +0800] "GET /xingrg/all/function/internal_message.html?_=1680484801740&CODE_STATE=getMsg HTTP/1.1" 200 27
180.169.147.146 - - [03/Apr/2023:09:22:50 +0800] "GET /xingrg/all/function/internal_message.html?_=1680484969691&CODE_STATE=getMsg HTTP/1.1" 200 27
180.157.253.110 - - [03/Apr/2023:09:22:51 +0800] "GET /xingrg/all/function/internal_message.html?_=1680484971179&CODE_STATE=getMsg HTTP/1.1" 200 27
124.78.155.10 - - [03/Apr/2023:09:22:54 +0800] "GET /xingrg/all/function/internal_message.html?_=1680484975042&CODE_STATE=getMsg HTTP/1.1" 200 27
116.238.139.35 - - [03/Apr/2023:09:22:54 +0800] "POST /xingrg/kc/buy/cgsh_order_operate.html HTTP/1.1" 200 37
116.238.139.35 - - [03/Apr/2023:09:23:05 +0800] "POST /xingrg/kc/buy/cgsh_order_operate.html HTTP/1.1" 200 12
116.224.158.100 - - [03/Apr/2023:09:23:06 +0800] "GET /xingrg/all/function/internal_message.html?_=1680484987551&CODE_STATE=getMsg HTTP/1.1" 200 27
116.238.139.35 - - [03/Apr/2023:09:23:07 +0800] "GET /xingrg/kc/buy/cgsh_order_info.html?code=212023040300733 HTTP/1.1" 200 64921
116.238.139.35 - - [03/Apr/2023:09:23:08 +0800] "GET /xingrg/javascript/easyui/themes/default/validatebox.css HTTP/1.1" 404 1104
222.70.182.87 - - [03/Apr/2023:09:23:08 +0800] "GET /xingrg/all/function/internal_message.html?_=1680484988377&CODE_STATE=getMsg HTTP/1.1" 200 27
114.83.216.80 - - [03/Apr/2023:09:23:09 +0800] "GET /xingrg/all/function/internal_message.html?_=1680484988900&CODE_STATE=getMsg HTTP/1.1" 200 27
116.238.139.35 - - [03/Apr/2023:09:23:09 +0800] "POST /xingrg/kc/buy/cgsh_order_operate.html HTTP/1.1" 200 1785
116.238.139.35 - - [03/Apr/2023:09:23:12 +0800] "GET /xingrg/all/function/internal_message.html?_=1680484906605&CODE_STATE=getMsg HTTP/1.1" 200 27
116.224.158.100 - - [03/Apr/2023:09:23:13 +0800] "GET /xingrg/all/function/internal_message.html?_=1680484837103&CODE_STATE=getMsg HTTP/1.1" 200 27
124.79.240.114 - - [03/Apr/2023:09:23:19 +0800] "POST /xingrg/services/DataTransmitService HTTP/1.1" 200 524
116.238.139.35 - - [03/Apr/2023:09:23:20 +0800] "GET /xingrg/kc/print/load_config.html?kc_code=cgsh HTTP/1.1" 200 1925
116.238.139.35 - - [03/Apr/2023:09:23:21 +0800] "GET /xingrg/kc/print/load_data.html?order_code=212023040300733&kc_code=cgsh&condition= HTTP/1.1" 200 1214
180.163.29.219 - - [03/Apr/2023:09:23:22 +0800] "GET /xingrg/all/function/internal_message.html?_=1680484915050&CODE_STATE=getMsg HTTP/1.1" 302 -
180.163.29.219 - - [03/Apr/2023:09:23:22 +0800] "GET /xingrg/login.html HTTP/1.1" 200 7641
116.238.139.35 - - [03/Apr/2023:09:23:23 +0800] "GET /xingrg/all/function/internal_message.html?_=1680485005233&CODE_STATE=getMsg HTTP/1.1" 200 27
222.67.232.202 - - [03/Apr/2023:09:23:30 +0800] "GET /xingrg/all/function/internal_message.html?_=1680485010645&CODE_STATE=getMsg HTTP/1.1" 200 27
116.224.106.218 - - [03/Apr/2023:09:23:30 +0800] "GET /xingrg/all/function/internal_message.html?_=1680485010603&CODE_STATE=getMsg HTTP/1.1" 200 27
116.224.158.100 - - [03/Apr/2023:09:23:30 +0800] "GET /xingrg/kc/buy/buy_main.html HTTP/1.1" 200 12412
116.224.158.100 - - [03/Apr/2023:09:23:31 +0800] "GET /xingrg/css/new_ie.css HTTP/1.1" 404 1036
116.224.158.100 - - [03/Apr/2023:09:23:32 +0800] "GET /xingrg/images/yd/bt.gif HTTP/1.1" 404 1040
116.224.158.100 - - [03/Apr/2023:09:23:33 +0800] "GET /xingrg/kc/buy/cgsh_order_list.html HTTP/1.1" 200 54179
116.224.158.100 - - [03/Apr/2023:09:23:40 +0800] "POST /xingrg/kc/buy/cgsh_list_operate.html HTTP/1.1" 200 3120
222.70.174.211 - - [03/Apr/2023:09:23:40 +0800] "GET /xingrg/all/function/internal_message.html?_=1680485022276&CODE_STATE=getMsg HTTP/1.1" 200 27
120.253.135.82 - - [03/Apr/2023:09:23:42 +0800] "GET /xingrg/check_reg.html?_=1680484854796 HTTP/1.1" 200 22
116.238.139.35 - - [03/Apr/2023:09:23:44 +0800] "POST /xingrg/all/user/operate.html HTTP/1.1" 200 36
116.238.139.35 - - [03/Apr/2023:09:23:44 +0800] "GET /xingrg/index.html?sysBaseUrl=http%3A%2F%2F180.169.147.146%3A18081%2Fxingrg%2F&costTime=841×tamp=1680484872539 HTTP/1.1" 200 17177
116.238.139.35 - - [03/Apr/2023:09:23:44 +0800] "GET /xingrg/javascript/jquery_easy_ui/themes/default/easyui.css HTTP/1.1" 304 -
116.238.139.35 - - [03/Apr/2023:09:23:44 +0800] "GET /xingrg/javascript/jquery_easy_ui/themes/icon.css HTTP/1.1" 304 -
116.238.139.35 - - [03/Apr/2023:09:23:44 +0800] "GET /xingrg/css/form.css HTTP/1.1" 304 -
116.238.139.35 - - [03/Apr/2023:09:23:44 +0800] "GET /xingrg/javascript/jquery-1.4.2.min.js HTTP/1.1" 304 -
116.238.139.35 - - [03/Apr/2023:09:23:44 +0800] "GET /xingrg/javascript/jquery_easy_ui/jquery.easyui.min.js HTTP/1.1" 304 -
116.238.139.35 - - [03/Apr/2023:09:23:44 +0800] "GET /xingrg/javascript/jquery_easy_ui/easyui-lang-zh_CN.js HTTP/1.1" 304 -
116.238.139.35 - - [03/Apr/2023:09:23:44 +0800] "GET /xingrg/javascript/jquery.form.js HTTP/1.1" 304 -
116.238.139.35 - - [03/Apr/2023:09:23:45 +0800] "GET /xingrg/javascript/jquery.utils.js HTTP/1.1" 304 -
116.238.139.35 - - [03/Apr/2023:09:23:45 +0800] "GET /xingrg/javascript/jquery.timers.js HTTP/1.1" 304 -
116.238.139.35 - - [03/Apr/2023:09:23:45 +0800] "GET /xingrg/images/blue/navBackgound.jpg HTTP/1.1" 304 -
116.238.139.35 - - [03/Apr/2023:09:23:45 +0800] "GET /xingrg/images/blue/jxLogo.png HTTP/1.1" 304 -
116.238.139.35 - - [03/Apr/2023:09:23:45 +0800] "GET /xingrg/javascript/jquery_easy_ui/themes/icons/settle_new.png HTTP/1.1" 304 -
116.238.139.35 - - [03/Apr/2023:09:23:45 +0800] "GET /xingrg/images/blue/pingpu.png HTTP/1.1" 304 -
116.238.139.35 - - [03/Apr/2023:09:23:45 +0800] "GET /xingrg/javascript/jquery_easy_ui/themes/default/images/tabs_leftarrow.png HTTP/1.1" 304 -
116.238.139.35 - - [03/Apr/2023:09:23:45 +0800] "GET /xingrg/javascript/jquery_easy_ui/themes/default/images/panel_tool_collapse.gif HTTP/1.1" 304 -
116.238.139.35 - - [03/Apr/2023:09:23:45 +0800] "GET /xingrg/javascript/jquery_easy_ui/themes/default/images/tabs_rightarrow.png HTTP/1.1" 304 -
116.238.139.35 - - [03/Apr/2023:09:23:45 +0800] "GET /xingrg/all/function/internal_message.html?_=1680484938784&CODE_STATE=count HTTP/1.1" 200 11
116.238.139.35 - - [03/Apr/2023:09:23:45 +0800] "GET /xingrg/check_reg.html?_=1680484938784 HTTP/1.1" 200 22
116.238.139.35 - - [03/Apr/2023:09:23:45 +0800] "POST /xingrg/all/common/load_tree.html?tree=area_rest_tree_json&manage=1 HTTP/1.1" 200 476
116.238.139.35 - - [03/Apr/2023:09:23:45 +0800] "POST /xingrg/load_menu.html HTTP/1.1" 200 5138
180.169.147.146 - - [03/Apr/2023:09:23:45 +0800] "GET /xingrg/all/function/internal_message.html?_=1680485025312&CODE_STATE=getMsg HTTP/1.1" 200 27
120.253.135.82 - - [03/Apr/2023:09:23:49 +0800] "GET /xingrg/all/function/internal_message.html?_=1680484861753&CODE_STATE=getMsg HTTP/1.1" 200 27
116.238.139.35 - - [03/Apr/2023:09:23:49 +0800] "GET /xingrg/kc/buy/cgsh_order_list.html HTTP/1.1" 200 54183
180.169.147.146 - - [03/Apr/2023:09:23:50 +0800] "GET /xingrg/all/function/internal_message.html?_=1680485029682&CODE_STATE=getMsg HTTP/1.1" 200 27
116.238.139.35 - - [03/Apr/2023:09:23:51 +0800] "POST /xingrg/kc/buy/cgsh_list_operate.html HTTP/1.1" 200 986
180.157.253.110 - - [03/Apr/2023:09:23:51 +0800] "GET /xingrg/all/function/internal_message.html?_=1680485031175&CODE_STATE=getMsg HTTP/1.1" 200 27
116.224.158.100 - - [03/Apr/2023:09:23:52 +0800] "GET /xingrg/javascript/jquery_tools/images/next.gif HTTP/1.1" 404 1086
116.224.158.100 - - [03/Apr/2023:09:23:52 +0800] "GET /xingrg/javascript/jquery_tools/images/prev.gif HTTP/1.1" 404 1086
116.238.139.35 - - [03/Apr/2023:09:23:53 +0800] "GET /xingrg/kc/buy/cgsh_order_add.html HTTP/1.1" 200 69570
116.238.139.35 - - [03/Apr/2023:09:23:53 +0800] "POST /xingrg/kc/buy/cgsh_order_operate.html HTTP/1.1" 200 8245
116.238.139.35 - - [03/Apr/2023:09:23:54 +0800] "GET /xingrg/all/common/auto_word.html?type=employee&rest_code=00151 HTTP/1.1" 200 293
116.238.139.35 - - [03/Apr/2023:09:23:54 +0800] "GET /xingrg/javascript/easyui/themes/default/validatebox.css HTTP/1.1" 404 1104
116.238.139.35 - - [03/Apr/2023:09:23:54 +0800] "GET /xingrg/all/common/auto_word.html?type=employee&rest_code=00151 HTTP/1.1" 200 293
124.78.155.10 - - [03/Apr/2023:09:23:54 +0800] "GET /xingrg/all/function/internal_message.html?_=1680485035013&CODE_STATE=getMsg HTTP/1.1" 200 27
116.238.139.35 - - [03/Apr/2023:09:23:54 +0800] "GET /xingrg/javascript/auto/indicator.gif HTTP/1.1" 404 1066
180.163.28.114 - - [03/Apr/2023:09:23:55 +0800] "GET /xingrg/all/function/internal_message.html?_=1680484975042&CODE_STATE=getMsg HTTP/1.1" 302 -
180.163.28.114 - - [03/Apr/2023:09:23:55 +0800] "GET /xingrg/login.html HTTP/1.1" 200 7641
116.238.139.35 - - [03/Apr/2023:09:24:02 +0800] "GET /xingrg/kc/buy/cgsh_order_operate.html?command=get_materiel&rest_code=00151&code=00101009078&supplier_code=00100022&order_time=2023-04-03 HTTP/1.1" 200 408
