180.164.3.199 - - [03/Apr/2023:10:50:36 +0800] "GET /xingrg/all/function/internal_message.html?_=1680490235373&CODE_STATE=getMsg HTTP/1.1" 200 27
222.70.174.211 - - [03/Apr/2023:10:50:36 +0800] "GET /xingrg/kc/buy/cgsh_order_operate.html?command=get_materiel&rest_code=00146&code=00101008352&supplier_code=00100005&order_time=2023-04-03 HTTP/1.1" 200 412
116.224.158.100 - - [03/Apr/2023:10:50:41 +0800] "GET /xingrg/all/function/internal_message.html?_=1680490085097&CODE_STATE=getMsg HTTP/1.1" 200 27
116.238.139.35 - - [03/Apr/2023:10:50:47 +0800] "GET /xingrg/all/function/internal_message.html?_=1680490249497&CODE_STATE=getMsg HTTP/1.1" 200 27
116.227.208.255 - - [03/Apr/2023:10:50:48 +0800] "GET /xingrg/all/function/internal_message.html?_=1680490343321&CODE_STATE=getMsg HTTP/1.1" 200 27
116.238.139.35 - - [03/Apr/2023:10:50:48 +0800] "GET /xingrg/all/function/internal_message.html?_=1680490161855&CODE_STATE=getMsg HTTP/1.1" 302 -
116.224.106.218 - - [03/Apr/2023:10:50:49 +0800] "GET /xingrg/all/function/internal_message.html?_=1680490248876&CODE_STATE=getMsg HTTP/1.1" 200 27
124.79.72.155 - - [03/Apr/2023:10:50:53 +0800] "GET /xingrg/all/function/internal_message.html?_=1680490256683&CODE_STATE=getMsg HTTP/1.1" 200 27
180.164.3.199 - - [03/Apr/2023:10:50:54 +0800] "POST /xingrg/kc/buy/cgsh_order_operate.html HTTP/1.1" 200 37
180.164.3.199 - - [03/Apr/2023:10:50:56 +0800] "POST /xingrg/kc/buy/cgsh_order_operate.html HTTP/1.1" 200 5010
222.70.174.211 - - [03/Apr/2023:10:50:56 +0800] "GET /xingrg/kc/buy/cgsh_order_operate.html?command=get_materiel&rest_code=00146&code=00101008098&supplier_code=00100005&order_time=2023-04-03 HTTP/1.1" 200 412
180.164.3.199 - - [03/Apr/2023:10:51:00 +0800] "GET /xingrg/kc/buy/cgsh_order_list.html HTTP/1.1" 200 54189
180.169.147.146 - - [03/Apr/2023:10:51:03 +0800] "GET /xingrg/all/function/internal_message.html?_=1680490262663&CODE_STATE=getMsg HTTP/1.1" 302 -
114.83.216.80 - - [03/Apr/2023:10:51:03 +0800] "GET /xingrg/all/function/internal_message.html?_=1680490263908&CODE_STATE=getMsg HTTP/1.1" 200 27
222.67.232.202 - - [03/Apr/2023:10:51:04 +0800] "GET /xingrg/all/function/internal_message.html?_=1680490265159&CODE_STATE=getMsg HTTP/1.1" 200 27
180.164.3.199 - - [03/Apr/2023:10:51:08 +0800] "POST /xingrg/kc/buy/cgsh_list_operate.html HTTP/1.1" 200 3185
180.169.147.146 - - [03/Apr/2023:10:51:09 +0800] "GET /xingrg/all/function/internal_message.html?_=1680490269590&CODE_STATE=getMsg HTTP/1.1" 200 27
116.224.158.100 - - [03/Apr/2023:10:51:12 +0800] "GET /xingrg/all/function/internal_message.html?_=1680490273289&CODE_STATE=getMsg HTTP/1.1" 200 27
222.70.174.211 - - [03/Apr/2023:10:51:14 +0800] "GET /xingrg/kc/buy/cgsh_order_operate.html?command=get_materiel&rest_code=00146&code=00101008005&supplier_code=00100005&order_time=2023-04-03 HTTP/1.1" 200 412
222.70.174.211 - - [03/Apr/2023:10:51:19 +0800] "POST /xingrg/kc/buy/cgsh_order_operate.html HTTP/1.1" 200 2065
222.70.182.87 - - [03/Apr/2023:10:51:20 +0800] "GET /xingrg/all/function/internal_message.html?_=1680490279959&CODE_STATE=getMsg HTTP/1.1" 200 27
180.169.147.146 - - [03/Apr/2023:10:51:21 +0800] "GET /xingrg/all/function/internal_message.html?_=1680490279851&CODE_STATE=getMsg HTTP/1.1" 200 27
180.157.253.110 - - [03/Apr/2023:10:51:21 +0800] "GET /xingrg/all/function/internal_message.html?_=1680490281392&CODE_STATE=getMsg HTTP/1.1" 200 27
124.78.155.10 - - [03/Apr/2023:10:51:23 +0800] "GET /xingrg/all/function/internal_message.html?_=1680490283950&CODE_STATE=getMsg HTTP/1.1" 200 27
222.70.174.211 - - [03/Apr/2023:10:51:24 +0800] "GET /xingrg/all/function/internal_message.html?_=1680490285964&CODE_STATE=getMsg HTTP/1.1" 200 27
222.70.174.211 - - [03/Apr/2023:10:51:29 +0800] "GET /xingrg/kc/buy/cgsh_order_operate.html?command=get_materiel&rest_code=00146&code=00101008271&supplier_code=00100005&order_time=2023-04-03 HTTP/1.1" 200 408
180.164.3.199 - - [03/Apr/2023:10:51:36 +0800] "GET /xingrg/all/function/internal_message.html?_=1680490295354&CODE_STATE=getMsg HTTP/1.1" 200 27
58.40.7.146 - - [03/Apr/2023:10:51:39 +0800] "GET /xingrg/login.html HTTP/1.1" 200 7641
58.40.7.146 - - [03/Apr/2023:10:51:39 +0800] "GET /favicon.ico HTTP/1.1" 404 -
58.40.7.146 - - [03/Apr/2023:10:51:41 +0800] "POST /xingrg/login.do HTTP/1.1" 302 -
58.40.7.146 - - [03/Apr/2023:10:51:41 +0800] "GET /xingrg/index.html?sysBaseUrl=http%3A%2F%2F180.169.147.146%3A18081%2Fxingrg%2F&costTime=872×tamp=1680490301365 HTTP/1.1" 200 17503
58.40.7.146 - - [03/Apr/2023:10:51:41 +0800] "GET /favicon.ico HTTP/1.1" 404 -
58.40.7.146 - - [03/Apr/2023:10:51:41 +0800] "GET /xingrg/check_reg.html?_=1680490302026 HTTP/1.1" 200 22
58.40.7.146 - - [03/Apr/2023:10:51:41 +0800] "POST /xingrg/all/common/load_tree.html?tree=area_rest_tree_json&manage=1 HTTP/1.1" 200 3499
58.40.7.146 - - [03/Apr/2023:10:51:41 +0800] "GET /xingrg/all/function/internal_message.html?_=1680490302024&CODE_STATE=count HTTP/1.1" 200 11
58.40.7.146 - - [03/Apr/2023:10:51:41 +0800] "POST /xingrg/load_menu.html HTTP/1.1" 200 11564
116.224.158.100 - - [03/Apr/2023:10:51:41 +0800] "GET /xingrg/all/function/internal_message.html?_=1680490145088&CODE_STATE=getMsg HTTP/1.1" 200 27
116.238.139.35 - - [03/Apr/2023:10:51:47 +0800] "GET /xingrg/all/function/internal_message.html?_=1680490309483&CODE_STATE=getMsg HTTP/1.1" 200 27
58.40.7.146 - - [03/Apr/2023:10:51:47 +0800] "POST /xingrg/all/user/operate.html HTTP/1.1" 200 36
58.40.7.146 - - [03/Apr/2023:10:51:47 +0800] "GET /xingrg/index.html?sysBaseUrl=http%3A%2F%2F180.169.147.146%3A18081%2Fxingrg%2F&costTime=872×tamp=1680490301365 HTTP/1.1" 200 17513
58.40.7.146 - - [03/Apr/2023:10:51:47 +0800] "GET /xingrg/javascript/jquery_easy_ui/themes/default/easyui.css HTTP/1.1" 304 -
58.40.7.146 - - [03/Apr/2023:10:51:47 +0800] "GET /xingrg/javascript/jquery_easy_ui/themes/icon.css HTTP/1.1" 304 -
58.40.7.146 - - [03/Apr/2023:10:51:47 +0800] "GET /xingrg/css/form.css HTTP/1.1" 304 -
58.40.7.146 - - [03/Apr/2023:10:51:47 +0800] "GET /xingrg/javascript/jquery-1.4.2.min.js HTTP/1.1" 304 -
58.40.7.146 - - [03/Apr/2023:10:51:47 +0800] "GET /xingrg/javascript/jquery_easy_ui/jquery.easyui.min.js HTTP/1.1" 304 -
58.40.7.146 - - [03/Apr/2023:10:51:47 +0800] "GET /xingrg/javascript/jquery_easy_ui/easyui-lang-zh_CN.js HTTP/1.1" 304 -
58.40.7.146 - - [03/Apr/2023:10:51:47 +0800] "GET /xingrg/javascript/jquery.form.js HTTP/1.1" 304 -
58.40.7.146 - - [03/Apr/2023:10:51:47 +0800] "GET /xingrg/javascript/jquery.utils.js HTTP/1.1" 304 -
58.40.7.146 - - [03/Apr/2023:10:51:47 +0800] "GET /xingrg/javascript/jquery.timers.js HTTP/1.1" 304 -
58.40.7.146 - - [03/Apr/2023:10:51:47 +0800] "GET /xingrg/images/blue/jxLogo.png HTTP/1.1" 304 -
58.40.7.146 - - [03/Apr/2023:10:51:47 +0800] "GET /xingrg/images/blue/navBackgound.jpg HTTP/1.1" 304 -
58.40.7.146 - - [03/Apr/2023:10:51:47 +0800] "GET /xingrg/javascript/jquery_easy_ui/themes/icons/settle_new.png HTTP/1.1" 304 -
58.40.7.146 - - [03/Apr/2023:10:51:47 +0800] "GET /xingrg/all/function/internal_message.html?_=1680490308181&CODE_STATE=count HTTP/1.1" 200 11
58.40.7.146 - - [03/Apr/2023:10:51:47 +0800] "GET /xingrg/check_reg.html?_=1680490308182 HTTP/1.1" 200 22
180.164.3.199 - - [03/Apr/2023:10:51:47 +0800] "GET /xingrg/javascript/easyui/plugins/jquery.draggable.js HTTP/1.1" 200 6121
58.40.7.146 - - [03/Apr/2023:10:51:47 +0800] "GET /xingrg/javascript/jquery_easy_ui/themes/default/images/tabs_leftarrow.png HTTP/1.1" 304 -
58.40.7.146 - - [03/Apr/2023:10:51:47 +0800] "GET /xingrg/javascript/jquery_easy_ui/themes/default/images/tabs_rightarrow.png HTTP/1.1" 304 -
58.40.7.146 - - [03/Apr/2023:10:51:47 +0800] "GET /xingrg/javascript/jquery_easy_ui/themes/default/images/panel_tool_collapse.gif HTTP/1.1" 304 -
58.40.7.146 - - [03/Apr/2023:10:51:47 +0800] "GET /xingrg/javascript/jquery_easy_ui/themes/default/images/panel_tool_expand.gif HTTP/1.1" 304 -
58.40.7.146 - - [03/Apr/2023:10:51:47 +0800] "GET /xingrg/images/blue/pingpu.png HTTP/1.1" 304 -
180.164.3.199 - - [03/Apr/2023:10:51:47 +0800] "GET /xingrg/css/images/panel_loading.gif HTTP/1.1" 200 1737
180.164.3.199 - - [03/Apr/2023:10:51:47 +0800] "GET /xingrg/javascript/easyui/plugins/jquery.droppable.js HTTP/1.1" 200 1167
58.40.7.146 - - [03/Apr/2023:10:51:47 +0800] "POST /xingrg/all/common/load_tree.html?tree=area_rest_tree_json&manage=1 HTTP/1.1" 200 3499
180.164.3.199 - - [03/Apr/2023:10:51:47 +0800] "GET /xingrg/javascript/easyui/themes/default/tree.css HTTP/1.1" 404 1090
180.164.3.199 - - [03/Apr/2023:10:51:47 +0800] "GET /xingrg/javascript/easyui/plugins/jquery.tree.js HTTP/1.1" 200 20874
116.227.208.255 - - [03/Apr/2023:10:51:48 +0800] "GET /xingrg/all/function/internal_message.html?_=1680490403311&CODE_STATE=getMsg HTTP/1.1" 200 27
58.40.7.146 - - [03/Apr/2023:10:51:48 +0800] "POST /xingrg/load_menu.html HTTP/1.1" 200 9959
116.238.139.35 - - [03/Apr/2023:10:51:48 +0800] "GET /xingrg/all/function/internal_message.html?_=1680490221949&CODE_STATE=getMsg HTTP/1.1" 302 -
180.164.3.199 - - [03/Apr/2023:10:51:48 +0800] "POST /xingrg/all/common/load_tree.html?tree=supplier_tree_json&manage=1 HTTP/1.1" 200 73018
116.224.106.218 - - [03/Apr/2023:10:51:49 +0800] "GET /xingrg/all/function/internal_message.html?_=1680490308885&CODE_STATE=getMsg HTTP/1.1" 200 27
222.70.174.211 - - [03/Apr/2023:10:51:49 +0800] "GET /xingrg/kc/buy/cgsh_order_operate.html?command=get_materiel&rest_code=00146&code=00101008353&supplier_code=00100005&order_time=2023-04-03 HTTP/1.1" 200 408
180.164.3.199 - - [03/Apr/2023:10:51:49 +0800] "GET /xingrg/javascript/easyui/themes/default/images/tree_arrows.gif HTTP/1.1" 200 617
180.164.3.199 - - [03/Apr/2023:10:51:49 +0800] "GET /xingrg/javascript/easyui/themes/default/images/tree_folder.gif HTTP/1.1" 200 952
180.164.3.199 - - [03/Apr/2023:10:51:49 +0800] "GET /xingrg/javascript/easyui/themes/default/images/tree_checkbox_0.gif HTTP/1.1" 200 168
180.164.3.199 - - [03/Apr/2023:10:51:49 +0800] "GET /xingrg/javascript/easyui/themes/default/images/tree_folder_open.gif HTTP/1.1" 200 956
180.164.3.199 - - [03/Apr/2023:10:51:49 +0800] "GET /xingrg/javascript/easyui/themes/default/images/tree_file.gif HTTP/1.1" 200 118
58.40.7.146 - - [03/Apr/2023:10:51:49 +0800] "GET /xingrg/kc/base/base_main.html HTTP/1.1" 200 12142
114.83.216.80 - - [03/Apr/2023:10:51:50 +0800] "GET /xingrg/kc/report/report_main.html HTTP/1.1" 200 7340
58.40.7.146 - - [03/Apr/2023:10:51:50 +0800] "GET /xingrg/kc/base/check_order_list.html HTTP/1.1" 200 16488
58.40.7.146 - - [03/Apr/2023:10:51:51 +0800] "POST /xingrg/kc/base/check_list_operate.html HTTP/1.1" 200 781
114.83.216.80 - - [03/Apr/2023:10:51:53 +0800] "GET /xingrg/all/report/report_query.html?fileName=kc/buy/wlcg_cate_hz.xml HTTP/1.1" 200 53941
114.83.216.80 - - [03/Apr/2023:10:51:53 +0800] "GET /xingrg/dwr/interface/AjaxReportQueryService.js HTTP/1.1" 200 13203
114.83.216.80 - - [03/Apr/2023:10:51:53 +0800] "GET /xingrg/dwr/util.js HTTP/1.1" 304 -
114.83.216.80 - - [03/Apr/2023:10:51:53 +0800] "GET /xingrg/dwr/engine.js HTTP/1.1" 200 43631
124.79.72.155 - - [03/Apr/2023:10:51:53 +0800] "GET /xingrg/all/function/internal_message.html?_=1680490316686&CODE_STATE=getMsg HTTP/1.1" 200 27
114.83.216.80 - - [03/Apr/2023:10:51:53 +0800] "POST /xingrg/dwr/call/plaincall/AjaxReportQueryService.getFixDate.dwr HTTP/1.1" 200 111
114.83.216.80 - - [03/Apr/2023:10:51:54 +0800] "POST /xingrg/all/common/load_tree.html?tree=base_tree_json HTTP/1.1" 200 3966
58.40.7.146 - - [03/Apr/2023:10:51:54 +0800] "POST /xingrg/kc/base/check_list_operate.html HTTP/1.1" 200 5586
114.83.216.80 - - [03/Apr/2023:10:51:54 +0800] "POST /xingrg/all/common/load_tree.html?tree=supplier_tree_json&manage=1 HTTP/1.1" 200 73018
114.83.216.80 - - [03/Apr/2023:10:51:54 +0800] "POST /xingrg/all/common/load_tree.html?tree=materiel_sort_tree_json HTTP/1.1" 200 9500
58.40.7.146 - - [03/Apr/2023:10:51:57 +0800] "GET /xingrg/kc/base/check_order_info.html?code=452023033100530 HTTP/1.1" 200 23124
58.40.7.146 - - [03/Apr/2023:10:51:57 +0800] "GET /xingrg/dwr/interface/AjaxComOrderService.js HTTP/1.1" 200 18264
58.40.7.146 - - [03/Apr/2023:10:51:57 +0800] "GET /xingrg/dwr/interface/AjaxCheckService.js HTTP/1.1" 200 14003
58.40.7.146 - - [03/Apr/2023:10:51:57 +0800] "GET /xingrg/dwr/engine.js HTTP/1.1" 200 43631
58.40.7.146 - - [03/Apr/2023:10:51:57 +0800] "POST /xingrg/dwr/call/plaincall/AjaxCheckService.loadOrderItems.dwr HTTP/1.1" 200 21571
180.169.147.146 - - [03/Apr/2023:10:52:03 +0800] "GET /xingrg/all/function/internal_message.html?_=1680490322663&CODE_STATE=getMsg HTTP/1.1" 302 -
180.169.147.146 - - [03/Apr/2023:10:52:03 +0800] "GET /xingrg/check_reg.html?_=1680490322666 HTTP/1.1" 302 -
114.83.216.80 - - [03/Apr/2023:10:52:03 +0800] "GET /xingrg/all/function/internal_message.html?_=1680490323918&CODE_STATE=getMsg HTTP/1.1" 200 27
114.83.216.80 - - [03/Apr/2023:10:52:03 +0800] "GET /xingrg/check_reg.html?_=1680490323924 HTTP/1.1" 200 22
58.40.7.146 - - [03/Apr/2023:10:52:04 +0800] "POST /xingrg/dwr/call/plaincall/AjaxCheckService.uncheckOrder.dwr HTTP/1.1" 200 78
222.67.232.202 - - [03/Apr/2023:10:52:04 +0800] "GET /xingrg/all/function/internal_message.html?_=1680490325151&CODE_STATE=getMsg HTTP/1.1" 200 27
222.67.232.202 - - [03/Apr/2023:10:52:04 +0800] "GET /xingrg/check_reg.html?_=1680490325151 HTTP/1.1" 200 22
116.227.208.255 - - [03/Apr/2023:10:52:05 +0800] "POST /xingrg/services/DataTransmitService HTTP/1.1" 200 524
116.227.208.255 - - [03/Apr/2023:10:52:06 +0800] "POST /xingrg/services/DataTransmitService HTTP/1.1" 200 412
222.70.174.211 - - [03/Apr/2023:10:52:08 +0800] "GET /xingrg/kc/buy/cgsh_order_operate.html?command=get_materiel&rest_code=00146&code=00101016122&supplier_code=00100005&order_time=2023-04-03 HTTP/1.1" 200 409
180.169.147.146 - - [03/Apr/2023:10:52:09 +0800] "GET /xingrg/all/function/internal_message.html?_=1680490329573&CODE_STATE=getMsg HTTP/1.1" 200 27
116.224.158.100 - - [03/Apr/2023:10:52:12 +0800] "GET /xingrg/all/function/internal_message.html?_=1680490333263&CODE_STATE=getMsg HTTP/1.1" 200 27
58.40.7.146 - - [03/Apr/2023:10:52:16 +0800] "GET /xingrg/kc/base/check_order_info.html?code=452023033100530 HTTP/1.1" 200 26484
58.40.7.146 - - [03/Apr/2023:10:52:16 +0800] "GET /xingrg/dwr/interface/AjaxComOrderService.js HTTP/1.1" 200 18264
58.40.7.146 - - [03/Apr/2023:10:52:16 +0800] "GET /xingrg/dwr/interface/AjaxCheckService.js HTTP/1.1" 200 14003
58.40.7.146 - - [03/Apr/2023:10:52:16 +0800] "GET /xingrg/dwr/engine.js HTTP/1.1" 200 43631
58.40.7.146 - - [03/Apr/2023:10:52:17 +0800] "POST /xingrg/dwr/call/plaincall/AjaxCheckService.loadOrderItems.dwr HTTP/1.1" 200 49007
222.70.182.87 - - [03/Apr/2023:10:52:20 +0800] "GET /xingrg/all/function/internal_message.html?_=1680490339960&CODE_STATE=getMsg HTTP/1.1" 200 27
180.169.147.146 - - [03/Apr/2023:10:52:20 +0800] "GET /xingrg/all/function/internal_message.html?_=1680490339826&CODE_STATE=getMsg HTTP/1.1" 200 27
180.157.253.110 - - [03/Apr/2023:10:52:21 +0800] "GET /xingrg/all/function/internal_message.html?_=1680490341406&CODE_STATE=getMsg HTTP/1.1" 200 27
58.40.7.146 - - [03/Apr/2023:10:52:22 +0800] "GET /xingrg/javascript/jquery_easy_ui/themes/default/images/tabs_active.png HTTP/1.1" 200 2894
124.78.155.10 - - [03/Apr/2023:10:52:23 +0800] "GET /xingrg/all/function/internal_message.html?_=1680490343952&CODE_STATE=getMsg HTTP/1.1" 200 27
124.78.155.10 - - [03/Apr/2023:10:52:23 +0800] "GET /xingrg/check_reg.html?_=1680490344315 HTTP/1.1" 200 22
58.40.7.146 - - [03/Apr/2023:10:52:24 +0800] "POST /xingrg/kc/base/check_list_operate.html HTTP/1.1" 200 5561
222.70.174.211 - - [03/Apr/2023:10:52:24 +0800] "GET /xingrg/all/function/internal_message.html?_=1680490345977&CODE_STATE=getMsg HTTP/1.1" 200 27
180.164.3.199 - - [03/Apr/2023:10:52:24 +0800] "GET /xingrg/javascript/easyui/themes/default/images/tree_checkbox_2.gif HTTP/1.1" 200 181
180.164.3.199 - - [03/Apr/2023:10:52:24 +0800] "GET /xingrg/javascript/easyui/themes/default/images/tree_checkbox_1.gif HTTP/1.1" 200 174
222.70.174.211 - - [03/Apr/2023:10:52:27 +0800] "GET /xingrg/kc/buy/cgsh_order_operate.html?command=get_materiel&rest_code=00146&code=00101008103&supplier_code=00100005&order_time=2023-04-03 HTTP/1.1" 200 417
114.83.216.80 - - [03/Apr/2023:10:52:29 +0800] "POST /xingrg/all/report/load_report_page.html HTTP/1.1" 200 19819
114.83.216.80 - - [03/Apr/2023:10:52:29 +0800] "GET /xingrg/servlets/image?cache=0.17127181809945846&image=px HTTP/1.1" 200 807
124.78.155.10 - - [03/Apr/2023:10:52:31 +0800] "GET /xingrg/login.html?r=1 HTTP/1.1" 200 7641
124.78.155.10 - - [03/Apr/2023:10:52:32 +0800] "GET /favicon.ico HTTP/1.1" 404 -
180.164.3.199 - - [03/Apr/2023:10:52:33 +0800] "POST /xingrg/kc/buy/cgsh_list_operate.html HTTP/1.1" 200 2373
180.164.3.199 - - [03/Apr/2023:10:52:36 +0800] "GET /xingrg/all/function/internal_message.html?_=1680490355347&CODE_STATE=getMsg HTTP/1.1" 200 27
58.40.7.146 - - [03/Apr/2023:10:52:37 +0800] "POST /xingrg/all/user/operate.html HTTP/1.1" 200 36
114.83.216.80 - - [03/Apr/2023:10:52:37 +0800] "POST /xingrg/all/report/report_print.html HTTP/1.1" 302 -
114.83.216.80 - - [03/Apr/2023:10:52:37 +0800] "GET /xingrg/servlets/html?sysBaseUrl=http%3A%2F%2F180.169.147.146%3A18081%2Fxingrg%2F&costTime=966×tamp=1680490357271 HTTP/1.1" 200 21000
58.40.7.146 - - [03/Apr/2023:10:52:37 +0800] "GET /xingrg/index.html?sysBaseUrl=http%3A%2F%2F180.169.147.146%3A18081%2Fxingrg%2F&costTime=872×tamp=1680490301365 HTTP/1.1" 200 17509
58.40.7.146 - - [03/Apr/2023:10:52:37 +0800] "GET /xingrg/javascript/jquery_easy_ui/themes/default/easyui.css HTTP/1.1" 304 -
114.83.216.80 - - [03/Apr/2023:10:52:37 +0800] "GET /xingrg/servlets/image?image=px HTTP/1.1" 200 807
58.40.7.146 - - [03/Apr/2023:10:52:37 +0800] "GET /xingrg/javascript/jquery_easy_ui/themes/icon.css HTTP/1.1" 304 -
58.40.7.146 - - [03/Apr/2023:10:52:37 +0800] "GET /xingrg/css/form.css HTTP/1.1" 304 -
58.40.7.146 - - [03/Apr/2023:10:52:37 +0800] "GET /xingrg/javascript/jquery-1.4.2.min.js HTTP/1.1" 304 -
114.83.216.80 - - [03/Apr/2023:10:52:37 +0800] "GET /favicon.ico HTTP/1.1" 404 -
58.40.7.146 - - [03/Apr/2023:10:52:37 +0800] "GET /xingrg/javascript/jquery_easy_ui/jquery.easyui.min.js HTTP/1.1" 304 -
58.40.7.146 - - [03/Apr/2023:10:52:37 +0800] "GET /xingrg/javascript/jquery_easy_ui/easyui-lang-zh_CN.js HTTP/1.1" 304 -
58.40.7.146 - - [03/Apr/2023:10:52:37 +0800] "GET /xingrg/javascript/jquery.form.js HTTP/1.1" 304 -
58.40.7.146 - - [03/Apr/2023:10:52:37 +0800] "GET /xingrg/javascript/jquery.utils.js HTTP/1.1" 304 -
58.40.7.146 - - [03/Apr/2023:10:52:37 +0800] "GET /xingrg/javascript/jquery.timers.js HTTP/1.1" 304 -
58.40.7.146 - - [03/Apr/2023:10:52:37 +0800] "GET /xingrg/images/blue/jxLogo.png HTTP/1.1" 304 -
58.40.7.146 - - [03/Apr/2023:10:52:37 +0800] "GET /xingrg/images/blue/navBackgound.jpg HTTP/1.1" 304 -
58.40.7.146 - - [03/Apr/2023:10:52:37 +0800] "GET /xingrg/javascript/jquery_easy_ui/themes/icons/settle_new.png HTTP/1.1" 304 -
58.40.7.146 - - [03/Apr/2023:10:52:37 +0800] "GET /xingrg/all/function/internal_message.html?_=1680490357882&CODE_STATE=count HTTP/1.1" 200 11
58.40.7.146 - - [03/Apr/2023:10:52:37 +0800] "GET /xingrg/check_reg.html?_=1680490357884 HTTP/1.1" 200 22
58.40.7.146 - - [03/Apr/2023:10:52:37 +0800] "GET /xingrg/javascript/jquery_easy_ui/themes/default/images/panel_tool_collapse.gif HTTP/1.1" 304 -
58.40.7.146 - - [03/Apr/2023:10:52:37 +0800] "GET /xingrg/javascript/jquery_easy_ui/themes/default/images/panel_tool_expand.gif HTTP/1.1" 304 -
58.40.7.146 - - [03/Apr/2023:10:52:37 +0800] "GET /xingrg/images/blue/pingpu.png HTTP/1.1" 304 -
58.40.7.146 - - [03/Apr/2023:10:52:37 +0800] "GET /xingrg/javascript/jquery_easy_ui/themes/default/images/tabs_leftarrow.png HTTP/1.1" 304 -
58.40.7.146 - - [03/Apr/2023:10:52:37 +0800] "GET /xingrg/javascript/jquery_easy_ui/themes/default/images/tabs_rightarrow.png HTTP/1.1" 304 -
58.40.7.146 - - [03/Apr/2023:10:52:37 +0800] "POST /xingrg/all/common/load_tree.html?tree=area_rest_tree_json&manage=1 HTTP/1.1" 200 3499
58.40.7.146 - - [03/Apr/2023:10:52:37 +0800] "POST /xingrg/load_menu.html HTTP/1.1" 200 9959
58.40.7.146 - - [03/Apr/2023:10:52:38 +0800] "GET /xingrg/kc/base/base_main.html HTTP/1.1" 200 12142
58.40.7.146 - - [03/Apr/2023:10:52:39 +0800] "GET /xingrg/kc/base/check_order_list.html HTTP/1.1" 200 16484
58.40.7.146 - - [03/Apr/2023:10:52:40 +0800] "POST /xingrg/kc/base/check_list_operate.html HTTP/1.1" 200 1557
116.224.158.100 - - [03/Apr/2023:10:52:41 +0800] "GET /xingrg/all/function/internal_message.html?_=1680490205078&CODE_STATE=getMsg HTTP/1.1" 200 27
222.70.174.211 - - [03/Apr/2023:10:52:42 +0800] "GET /xingrg/kc/buy/cgsh_order_operate.html?command=get_materiel&rest_code=00146&code=00101008242&supplier_code=00100005&order_time=2023-04-03 HTTP/1.1" 200 408
124.78.155.10 - - [03/Apr/2023:10:52:43 +0800] "GET /xingrg/login.html?r=1 HTTP/1.1" 200 7641
124.78.155.10 - - [03/Apr/2023:10:52:43 +0800] "GET /favicon.ico HTTP/1.1" 404 -
116.238.139.35 - - [03/Apr/2023:10:52:47 +0800] "GET /xingrg/all/function/internal_message.html?_=1680490369454&CODE_STATE=getMsg HTTP/1.1" 200 27
180.157.253.110 - - [03/Apr/2023:10:52:47 +0800] "GET /xingrg/check_reg.html?_=1680490368455 HTTP/1.1" 302 -
116.227.208.255 - - [03/Apr/2023:10:52:48 +0800] "GET /xingrg/all/function/internal_message.html?_=1680490463329&CODE_STATE=getMsg HTTP/1.1" 200 27
116.238.139.35 - - [03/Apr/2023:10:52:48 +0800] "GET /xingrg/all/function/internal_message.html?_=1680490281960&CODE_STATE=getMsg HTTP/1.1" 302 -
116.224.106.218 - - [03/Apr/2023:10:52:49 +0800] "GET /xingrg/all/function/internal_message.html?_=1680490368885&CODE_STATE=getMsg HTTP/1.1" 200 27
116.224.106.218 - - [03/Apr/2023:10:52:49 +0800] "GET /xingrg/check_reg.html?_=1680490368888 HTTP/1.1" 200 22
222.70.174.211 - - [03/Apr/2023:10:52:52 +0800] "GET /favicon.ico HTTP/1.1" 404 -
222.70.174.211 - - [03/Apr/2023:10:52:52 +0800] "POST /xingrg/kc/buy/cgsh_order_operate.html HTTP/1.1" 200 2065
124.79.72.155 - - [03/Apr/2023:10:52:53 +0800] "GET /xingrg/all/function/internal_message.html?_=1680490376687&CODE_STATE=getMsg HTTP/1.1" 200 27
222.70.174.211 - - [03/Apr/2023:10:53:01 +0800] "GET /xingrg/kc/buy/cgsh_order_operate.html?command=get_materiel&rest_code=00146&code=00101008161&supplier_code=00100005&order_time=2023-04-03 HTTP/1.1" 200 409
180.169.147.146 - - [03/Apr/2023:10:53:03 +0800] "GET /xingrg/all/function/internal_message.html?_=1680490382665&CODE_STATE=getMsg HTTP/1.1" 302 -
114.83.216.80 - - [03/Apr/2023:10:53:03 +0800] "GET /xingrg/all/function/internal_message.html?_=1680490383925&CODE_STATE=getMsg HTTP/1.1" 200 27
222.67.232.202 - - [03/Apr/2023:10:53:04 +0800] "GET /xingrg/all/function/internal_message.html?_=1680490385149&CODE_STATE=getMsg HTTP/1.1" 200 27
180.169.147.146 - - [03/Apr/2023:10:53:09 +0800] "GET /xingrg/all/function/internal_message.html?_=1680490389566&CODE_STATE=getMsg HTTP/1.1" 200 27
116.224.158.100 - - [03/Apr/2023:10:53:12 +0800] "GET /xingrg/all/function/internal_message.html?_=1680490393246&CODE_STATE=getMsg HTTP/1.1" 200 27
101.229.22.234 - - [03/Apr/2023:10:53:13 +0800] "GET /favicon.ico HTTP/1.1" 404 -
124.78.155.10 - - [03/Apr/2023:10:53:13 +0800] "GET /xingrg/login.html?r=1 HTTP/1.1" 200 7641
124.78.155.10 - - [03/Apr/2023:10:53:13 +0800] "GET /favicon.ico HTTP/1.1" 404 -
222.70.174.211 - - [03/Apr/2023:10:53:14 +0800] "GET /xingrg/kc/buy/cgsh_order_operate.html?command=get_materiel&rest_code=00146&code=00101008586&supplier_code=00100005&order_time=2023-04-03 HTTP/1.1" 200 410
101.229.22.234 - - [03/Apr/2023:10:53:14 +0800] "GET /xingrg/login.html HTTP/1.1" 200 7641
101.229.22.234 - - [03/Apr/2023:10:53:15 +0800] "GET /xingrg/images/blue/jxLogo.png HTTP/1.1" 304 -
101.229.22.234 - - [03/Apr/2023:10:53:16 +0800] "GET /xingrg/images/blue/login_bg.png HTTP/1.1" 304 -
101.229.22.234 - - [03/Apr/2023:10:53:16 +0800] "GET /xingrg/images/blue/srbg.png HTTP/1.1" 304 -
101.229.22.234 - - [03/Apr/2023:10:53:16 +0800] "GET /xingrg/images/blue/hj.png HTTP/1.1" 304 -
101.229.22.234 - - [03/Apr/2023:10:53:16 +0800] "GET /favicon.ico HTTP/1.1" 404 -
124.78.155.10 - - [03/Apr/2023:10:53:17 +0800] "POST /xingrg/login.do HTTP/1.1" 302 -
124.78.155.10 - - [03/Apr/2023:10:53:17 +0800] "GET /xingrg/index.html?sysBaseUrl=http%3A%2F%2F180.169.147.146%3A18081%2Fxingrg%2F&costTime=1017×tamp=1680490397424 HTTP/1.1" 200 17173
124.78.155.10 - - [03/Apr/2023:10:53:17 +0800] "GET /favicon.ico HTTP/1.1" 404 -
124.78.155.10 - - [03/Apr/2023:10:53:17 +0800] "GET /xingrg/all/function/internal_message.html?_=1680490396699&CODE_STATE=count HTTP/1.1" 200 11
124.78.155.10 - - [03/Apr/2023:10:53:17 +0800] "GET /xingrg/check_reg.html?_=1680490396701 HTTP/1.1" 200 22
124.78.155.10 - - [03/Apr/2023:10:53:17 +0800] "POST /xingrg/all/common/load_tree.html?tree=area_rest_tree_json&manage=1 HTTP/1.1" 200 342
124.78.155.10 - - [03/Apr/2023:10:53:17 +0800] "POST /xingrg/load_menu.html HTTP/1.1" 200 5138
116.224.106.218 - - [03/Apr/2023:10:53:18 +0800] "POST /xingrg/kc/base/wldb_list_operate.html HTTP/1.1" 200 928
124.78.155.10 - - [03/Apr/2023:10:53:19 +0800] "GET /xingrg/kc/base/base_main.html HTTP/1.1" 200 12142
124.79.240.114 - - [03/Apr/2023:10:53:19 +0800] "POST /xingrg/services/DataTransmitService HTTP/1.1" 200 524
222.70.182.87 - - [03/Apr/2023:10:53:20 +0800] "GET /xingrg/check_reg.html?_=1680490399987 HTTP/1.1" 200 22
222.70.182.87 - - [03/Apr/2023:10:53:20 +0800] "GET /xingrg/all/function/internal_message.html?_=1680490399989&CODE_STATE=getMsg HTTP/1.1" 200 27
180.169.147.146 - - [03/Apr/2023:10:53:21 +0800] "GET /xingrg/all/function/internal_message.html?_=1680490399841&CODE_STATE=getMsg HTTP/1.1" 200 27
124.78.155.10 - - [03/Apr/2023:10:53:21 +0800] "GET /xingrg/kc/base/wldb_order_list.html HTTP/1.1" 200 19098
180.157.253.110 - - [03/Apr/2023:10:53:21 +0800] "GET /xingrg/all/function/internal_message.html?_=1680490401404&CODE_STATE=getMsg HTTP/1.1" 200 27
124.79.240.114 - - [03/Apr/2023:10:53:21 +0800] "POST /xingrg/services/DataTransmitService HTTP/1.1" 200 412
101.229.22.234 - - [03/Apr/2023:10:53:22 +0800] "POST /xingrg/login.do HTTP/1.1" 302 -
124.78.155.10 - - [03/Apr/2023:10:53:22 +0800] "POST /xingrg/kc/base/wldb_list_operate.html HTTP/1.1" 200 2558
101.229.22.234 - - [03/Apr/2023:10:53:22 +0800] "GET /xingrg/index.html?sysBaseUrl=http%3A%2F%2F180.169.147.146%3A18081%2Fxingrg%2F&costTime=1879×tamp=1680490402123 HTTP/1.1" 200 17179
101.229.22.234 - - [03/Apr/2023:10:53:22 +0800] "GET /xingrg/javascript/jquery_easy_ui/themes/default/easyui.css HTTP/1.1" 304 -
101.229.22.234 - - [03/Apr/2023:10:53:22 +0800] "GET /xingrg/javascript/jquery_easy_ui/themes/icon.css HTTP/1.1" 304 -
101.229.22.234 - - [03/Apr/2023:10:53:22 +0800] "GET /xingrg/css/form.css HTTP/1.1" 304 -
101.229.22.234 - - [03/Apr/2023:10:53:22 +0800] "GET /xingrg/javascript/jquery_easy_ui/jquery.easyui.min.js HTTP/1.1" 304 -
101.229.22.234 - - [03/Apr/2023:10:53:22 +0800] "GET /xingrg/javascript/jquery_easy_ui/easyui-lang-zh_CN.js HTTP/1.1" 304 -
101.229.22.234 - - [03/Apr/2023:10:53:22 +0800] "GET /xingrg/javascript/jquery-1.4.2.min.js HTTP/1.1" 304 -
101.229.22.234 - - [03/Apr/2023:10:53:22 +0800] "GET /xingrg/javascript/jquery.utils.js HTTP/1.1" 304 -
101.229.22.234 - - [03/Apr/2023:10:53:22 +0800] "GET /xingrg/javascript/jquery.timers.js HTTP/1.1" 304 -
101.229.22.234 - - [03/Apr/2023:10:53:22 +0800] "GET /xingrg/javascript/jquery.form.js HTTP/1.1" 304 -
180.164.3.199 - - [03/Apr/2023:10:53:22 +0800] "POST /xingrg/kc/buy/cgsh_list_operate.html HTTP/1.1" 200 986
101.229.22.234 - - [03/Apr/2023:10:53:22 +0800] "GET /favicon.ico HTTP/1.1" 404 -
101.229.22.234 - - [03/Apr/2023:10:53:22 +0800] "GET /xingrg/images/blue/navBackgound.jpg HTTP/1.1" 304 -
101.229.22.234 - - [03/Apr/2023:10:53:22 +0800] "GET /xingrg/javascript/jquery_easy_ui/themes/icons/settle_new.png HTTP/1.1" 304 -
101.229.22.234 - - [03/Apr/2023:10:53:22 +0800] "POST /xingrg/all/common/load_tree.html?tree=area_rest_tree_json&manage=1 HTTP/1.1" 200 351
101.229.22.234 - - [03/Apr/2023:10:53:22 +0800] "GET /xingrg/images/blue/pingpu.png HTTP/1.1" 304 -
101.229.22.234 - - [03/Apr/2023:10:53:22 +0800] "GET /xingrg/check_reg.html?_=1680490402929 HTTP/1.1" 200 22
101.229.22.234 - - [03/Apr/2023:10:53:22 +0800] "GET /xingrg/javascript/jquery_easy_ui/themes/default/images/tabs_rightarrow.png HTTP/1.1" 304 -
101.229.22.234 - - [03/Apr/2023:10:53:22 +0800] "GET /xingrg/javascript/jquery_easy_ui/themes/default/images/tabs_leftarrow.png HTTP/1.1" 304 -
101.229.22.234 - - [03/Apr/2023:10:53:22 +0800] "GET /xingrg/javascript/jquery_easy_ui/themes/default/images/panel_tool_collapse.gif HTTP/1.1" 304 -
101.229.22.234 - - [03/Apr/2023:10:53:23 +0800] "GET /xingrg/all/function/internal_message.html?_=1680490402928&CODE_STATE=count HTTP/1.1" 200 11
101.229.22.234 - - [03/Apr/2023:10:53:23 +0800] "POST /xingrg/load_menu.html HTTP/1.1" 200 5138
101.229.22.234 - - [03/Apr/2023:10:53:23 +0800] "GET /xingrg/javascript/jquery_easy_ui/themes/default/images/tree_folder_open.gif HTTP/1.1" 304 -
101.229.22.234 - - [03/Apr/2023:10:53:23 +0800] "GET /xingrg/javascript/jquery_easy_ui/themes/default/images/tree_arrows.gif HTTP/1.1" 304 -
101.229.22.234 - - [03/Apr/2023:10:53:23 +0800] "GET /xingrg/javascript/jquery_easy_ui/themes/icons/search_new.png HTTP/1.1" 304 -
101.229.22.234 - - [03/Apr/2023:10:53:23 +0800] "GET /xingrg/javascript/jquery_easy_ui/themes/default/images/tree_folder.gif HTTP/1.1" 304 -
101.229.22.234 - - [03/Apr/2023:10:53:23 +0800] "GET /xingrg/javascript/jquery_easy_ui/themes/icons/storage_new.png HTTP/1.1" 304 -
101.229.22.234 - - [03/Apr/2023:10:53:23 +0800] "GET /xingrg/javascript/jquery_easy_ui/themes/icons/forms_new.png HTTP/1.1" 304 -
101.229.22.234 - - [03/Apr/2023:10:53:23 +0800] "GET /xingrg/javascript/jquery_easy_ui/themes/default/images/tree_file.gif HTTP/1.1" 304 -
180.163.28.114 - - [03/Apr/2023:10:53:23 +0800] "GET /xingrg/all/function/internal_message.html?_=1680490343952&CODE_STATE=getMsg HTTP/1.1" 302 -
124.78.155.10 - - [03/Apr/2023:10:53:23 +0800] "GET /xingrg/all/function/internal_message.html?_=1680490403945&CODE_STATE=getMsg HTTP/1.1" 200 27
222.70.174.211 - - [03/Apr/2023:10:53:23 +0800] "GET /xingrg/check_reg.html?_=1680490405134 HTTP/1.1" 200 22
180.163.28.114 - - [03/Apr/2023:10:53:23 +0800] "GET /xingrg/login.html HTTP/1.1" 200 7641
222.70.174.211 - - [03/Apr/2023:10:53:24 +0800] "GET /xingrg/all/function/internal_message.html?_=1680490405992&CODE_STATE=getMsg HTTP/1.1" 200 27
124.78.155.10 - - [03/Apr/2023:10:53:24 +0800] "POST /xingrg/kc/base/wldb_list_operate.html HTTP/1.1" 200 300
222.70.174.211 - - [03/Apr/2023:10:53:26 +0800] "GET /xingrg/kc/buy/cgsh_order_operate.html?command=get_materiel&rest_code=00146&code=00101008274&supplier_code=00100005&order_time=2023-04-03 HTTP/1.1" 200 412
124.78.155.10 - - [03/Apr/2023:10:53:26 +0800] "GET /xingrg/kc/base/wldb_order_info.html?code=422023040300217 HTTP/1.1" 200 30395
124.78.155.10 - - [03/Apr/2023:10:53:26 +0800] "GET /xingrg/all/common/auto_word.html?type=base&rest_code=00106 HTTP/1.1" 200 1799
124.78.155.10 - - [03/Apr/2023:10:53:26 +0800] "GET /xingrg/javascript/easyui/themes/default/validatebox.css HTTP/1.1" 404 1104
124.78.155.10 - - [03/Apr/2023:10:53:26 +0800] "GET /xingrg/all/common/auto_word.html?type=base&rest_code=00106 HTTP/1.1" 200 1799
101.229.22.234 - - [03/Apr/2023:10:53:28 +0800] "GET /xingrg/javascript/jquery_easy_ui/themes/icons/area.png HTTP/1.1" 304 -
101.229.22.234 - - [03/Apr/2023:10:53:28 +0800] "GET /xingrg/javascript/jquery_easy_ui/themes/icons/rest.png HTTP/1.1" 304 -
124.78.155.10 - - [03/Apr/2023:10:53:28 +0800] "POST /xingrg/kc/base/wldb_order_operate.html HTTP/1.1" 200 2719
114.83.216.80 - - [03/Apr/2023:10:53:30 +0800] "POST /xingrg/dwr/call/plaincall/AjaxReportQueryService.refreshCache.dwr HTTP/1.1" 200 78
114.83.216.80 - - [03/Apr/2023:10:53:32 +0800] "POST /xingrg/all/report/load_report_page.html HTTP/1.1" 200 23171
114.83.216.80 - - [03/Apr/2023:10:53:32 +0800] "GET /xingrg/servlets/image?cache=0.7033209232567526&image=px HTTP/1.1" 200 807
180.164.3.199 - - [03/Apr/2023:10:53:33 +0800] "POST /xingrg/kc/buy/cgsh_list_operate.html HTTP/1.1" 200 6244
180.164.3.199 - - [03/Apr/2023:10:53:36 +0800] "GET /xingrg/all/function/internal_message.html?_=1680490415325&CODE_STATE=getMsg HTTP/1.1" 200 27
180.164.3.199 - - [03/Apr/2023:10:53:36 +0800] "GET /xingrg/check_reg.html?_=1680490415556 HTTP/1.1" 200 22
114.83.216.80 - - [03/Apr/2023:10:53:37 +0800] "POST /xingrg/all/report/report_print.html HTTP/1.1" 302 -
114.83.216.80 - - [03/Apr/2023:10:53:37 +0800] "GET /xingrg/servlets/html?sysBaseUrl=http%3A%2F%2F180.169.147.146%3A18081%2Fxingrg%2F&costTime=900×tamp=1680490417161 HTTP/1.1" 200 24127
114.83.216.80 - - [03/Apr/2023:10:53:37 +0800] "GET /xingrg/servlets/image?image=px HTTP/1.1" 200 807
114.83.216.80 - - [03/Apr/2023:10:53:37 +0800] "GET /favicon.ico HTTP/1.1" 404 -
124.78.155.10 - - [03/Apr/2023:10:53:37 +0800] "GET /xingrg/javascript/auto/indicator.gif HTTP/1.1" 404 1066
116.224.158.100 - - [03/Apr/2023:10:53:41 +0800] "GET /xingrg/all/function/internal_message.html?_=1680490265067&CODE_STATE=getMsg HTTP/1.1" 200 27
222.70.174.211 - - [03/Apr/2023:10:53:42 +0800] "GET /xingrg/kc/buy/cgsh_order_operate.html?command=get_materiel&rest_code=00146&code=00101008125&supplier_code=00100005&order_time=2023-04-03 HTTP/1.1" 200 413
116.224.158.100 - - [03/Apr/2023:10:53:42 +0800] "GET /xingrg/check_reg.html?_=1680490265217 HTTP/1.1" 200 22
180.164.3.199 - - [03/Apr/2023:10:53:45 +0800] "POST /xingrg/kc/buy/cgsh_list_operate.html HTTP/1.1" 200 5793
116.238.139.35 - - [03/Apr/2023:10:53:46 +0800] "GET /xingrg/check_reg.html?_=1680490339871 HTTP/1.1" 302 -
116.238.139.35 - - [03/Apr/2023:10:53:47 +0800] "GET /xingrg/all/function/internal_message.html?_=1680490429427&CODE_STATE=getMsg HTTP/1.1" 200 27
124.78.155.10 - - [03/Apr/2023:10:53:47 +0800] "GET /xingrg/kc/base/wldb_order_operate.html?command=get_materiel&rest_code=00106&base_code=0010396&code=00101016094 HTTP/1.1" 200 470
116.238.139.35 - - [03/Apr/2023:10:53:47 +0800] "GET /xingrg/check_reg.html?_=1680490430007 HTTP/1.1" 200 22
116.227.208.255 - - [03/Apr/2023:10:53:48 +0800] "GET /xingrg/check_reg.html?_=1680490523316 HTTP/1.1" 200 22
116.227.208.255 - - [03/Apr/2023:10:53:48 +0800] "GET /xingrg/all/function/internal_message.html?_=1680490523319&CODE_STATE=getMsg HTTP/1.1" 200 27
116.238.139.35 - - [03/Apr/2023:10:53:48 +0800] "GET /xingrg/all/function/internal_message.html?_=1680490341974&CODE_STATE=getMsg HTTP/1.1" 302 -
180.164.3.199 - - [03/Apr/2023:10:53:53 +0800] "POST /xingrg/kc/buy/cgsh_list_operate.html HTTP/1.1" 200 206
124.79.72.155 - - [03/Apr/2023:10:53:53 +0800] "GET /xingrg/all/function/internal_message.html?_=1680490436694&CODE_STATE=getMsg HTTP/1.1" 200 27
124.79.72.155 - - [03/Apr/2023:10:53:53 +0800] "GET /xingrg/check_reg.html?_=1680490436695 HTTP/1.1" 200 22
180.169.147.146 - - [03/Apr/2023:10:54:03 +0800] "GET /xingrg/all/function/internal_message.html?_=1680490442663&CODE_STATE=getMsg HTTP/1.1" 302 -
114.83.216.80 - - [03/Apr/2023:10:54:03 +0800] "GET /xingrg/all/function/internal_message.html?_=1680490443920&CODE_STATE=getMsg HTTP/1.1" 200 27
222.67.232.202 - - [03/Apr/2023:10:54:04 +0800] "GET /xingrg/all/function/internal_message.html?_=1680490445147&CODE_STATE=getMsg HTTP/1.1" 200 27
124.78.155.10 - - [03/Apr/2023:10:54:05 +0800] "GET /xingrg/kc/base/wldb_order_operate.html?command=get_materiel&rest_code=00106&base_code=0010396&code=00101013092 HTTP/1.1" 200 434
180.164.3.199 - - [03/Apr/2023:10:54:09 +0800] "POST /xingrg/kc/buy/cgsh_list_operate.html HTTP/1.1" 200 6273
180.169.147.146 - - [03/Apr/2023:10:54:09 +0800] "GET /xingrg/all/function/internal_message.html?_=1680490449574&CODE_STATE=getMsg HTTP/1.1" 200 27
180.169.147.146 - - [03/Apr/2023:10:54:09 +0800] "GET /xingrg/check_reg.html?_=1680490449580 HTTP/1.1" 200 22
116.224.158.100 - - [03/Apr/2023:10:54:12 +0800] "GET /xingrg/all/function/internal_message.html?_=1680490453213&CODE_STATE=getMsg HTTP/1.1" 200 27
180.164.3.199 - - [03/Apr/2023:10:54:15 +0800] "POST /xingrg/kc/buy/cgsh_list_operate.html HTTP/1.1" 200 203
124.78.155.10 - - [03/Apr/2023:10:54:17 +0800] "GET /xingrg/all/function/internal_message.html?_=1680490456706&CODE_STATE=getMsg HTTP/1.1" 200 27
222.70.174.211 - - [03/Apr/2023:10:54:18 +0800] "GET /xingrg/kc/buy/cgsh_order_operate.html?command=get_materiel&rest_code=00146&code=00101008225&supplier_code=00100005&order_time=2023-04-03 HTTP/1.1" 200 416
180.164.3.199 - - [03/Apr/2023:10:54:18 +0800] "POST /xingrg/kc/buy/cgsh_list_operate.html HTTP/1.1" 200 589
222.70.182.87 - - [03/Apr/2023:10:54:20 +0800] "GET /xingrg/all/function/internal_message.html?_=1680490459988&CODE_STATE=getMsg HTTP/1.1" 200 27
180.169.147.146 - - [03/Apr/2023:10:54:21 +0800] "GET /xingrg/check_reg.html?_=1680490459844 HTTP/1.1" 200 22
180.169.147.146 - - [03/Apr/2023:10:54:21 +0800] "GET /xingrg/all/function/internal_message.html?_=1680490459849&CODE_STATE=getMsg HTTP/1.1" 200 27
180.157.253.110 - - [03/Apr/2023:10:54:21 +0800] "GET /xingrg/all/function/internal_message.html?_=1680490461401&CODE_STATE=getMsg HTTP/1.1" 200 27
101.229.22.234 - - [03/Apr/2023:10:54:22 +0800] "GET /xingrg/all/function/internal_message.html?_=1680490462935&CODE_STATE=getMsg HTTP/1.1" 200 27
124.78.155.10 - - [03/Apr/2023:10:54:23 +0800] "GET /xingrg/all/function/internal_message.html?_=1680490463947&CODE_STATE=getMsg HTTP/1.1" 200 27
124.78.155.10 - - [03/Apr/2023:10:54:23 +0800] "POST /xingrg/kc/base/wldb_order_operate.html HTTP/1.1" 200 37
124.78.155.10 - - [03/Apr/2023:10:54:24 +0800] "POST /xingrg/kc/base/wldb_order_operate.html HTTP/1.1" 200 3695
222.70.174.211 - - [03/Apr/2023:10:54:24 +0800] "GET /xingrg/all/function/internal_message.html?_=1680490466005&CODE_STATE=getMsg HTTP/1.1" 200 27
180.157.253.110 - - [03/Apr/2023:10:54:24 +0800] "POST /xingrg/services/DataTransmitService HTTP/1.1" 200 524
124.78.155.10 - - [03/Apr/2023:10:54:24 +0800] "GET /xingrg/kc/base/wldb_order_info.html?code=422023040300217 HTTP/1.1" 200 30396
124.78.155.10 - - [03/Apr/2023:10:54:25 +0800] "GET /xingrg/javascript/easyui/themes/default/validatebox.css HTTP/1.1" 404 1104
222.70.174.211 - - [03/Apr/2023:10:54:25 +0800] "POST /xingrg/kc/buy/cgsh_order_operate.html HTTP/1.1" 200 2065
124.78.155.10 - - [03/Apr/2023:10:54:25 +0800] "POST /xingrg/kc/base/wldb_order_operate.html HTTP/1.1" 200 3695
180.164.3.199 - - [03/Apr/2023:10:54:26 +0800] "POST /xingrg/kc/buy/cgsh_list_operate.html HTTP/1.1" 200 4405
180.164.3.199 - - [03/Apr/2023:10:54:30 +0800] "POST /xingrg/kc/buy/cgsh_list_operate.html HTTP/1.1" 200 203
222.70.174.211 - - [03/Apr/2023:10:54:34 +0800] "GET /xingrg/kc/buy/cgsh_order_operate.html?command=get_materiel&rest_code=00146&code=00101008141&supplier_code=00100005&order_time=2023-04-03 HTTP/1.1" 200 412
180.164.3.199 - - [03/Apr/2023:10:54:35 +0800] "GET /xingrg/all/function/internal_message.html?_=1680490475301&CODE_STATE=getMsg HTTP/1.1" 200 27
116.224.158.100 - - [03/Apr/2023:10:54:41 +0800] "GET /xingrg/all/function/internal_message.html?_=1680490325048&CODE_STATE=getMsg HTTP/1.1" 200 27
116.238.139.35 - - [03/Apr/2023:10:54:47 +0800] "GET /xingrg/all/function/internal_message.html?_=1680490489398&CODE_STATE=getMsg HTTP/1.1" 200 27
116.227.208.255 - - [03/Apr/2023:10:54:48 +0800] "GET /xingrg/all/function/internal_message.html?_=1680490583314&CODE_STATE=getMsg HTTP/1.1" 200 27
116.238.139.35 - - [03/Apr/2023:10:54:48 +0800] "GET /xingrg/all/function/internal_message.html?_=1680490402062&CODE_STATE=getMsg HTTP/1.1" 302 -
222.70.174.211 - - [03/Apr/2023:10:54:49 +0800] "GET /xingrg/kc/buy/cgsh_order_operate.html?command=get_materiel&rest_code=00146&code=00101008558&supplier_code=00100005&order_time=2023-04-03 HTTP/1.1" 200 409
114.83.216.80 - - [03/Apr/2023:10:54:52 +0800] "POST /xingrg/dwr/call/plaincall/AjaxReportQueryService.refreshCache.dwr HTTP/1.1" 200 78
124.79.72.155 - - [03/Apr/2023:10:54:53 +0800] "GET /xingrg/all/function/internal_message.html?_=1680490496693&CODE_STATE=getMsg HTTP/1.1" 200 27
114.83.216.80 - - [03/Apr/2023:10:54:54 +0800] "POST /xingrg/all/report/load_report_page.html HTTP/1.1" 200 26575
114.83.216.80 - - [03/Apr/2023:10:54:54 +0800] "GET /xingrg/servlets/image?cache=0.5451706229150663&image=px HTTP/1.1" 200 807
114.83.216.80 - - [03/Apr/2023:10:54:58 +0800] "POST /xingrg/all/report/report_print.html HTTP/1.1" 302 -
114.83.216.80 - - [03/Apr/2023:10:54:58 +0800] "GET /xingrg/servlets/html?sysBaseUrl=http%3A%2F%2F180.169.147.146%3A18081%2Fxingrg%2F&costTime=952×tamp=1680490498682 HTTP/1.1" 200 27285
114.83.216.80 - - [03/Apr/2023:10:54:58 +0800] "GET /xingrg/servlets/image?image=px HTTP/1.1" 200 807
114.83.216.80 - - [03/Apr/2023:10:54:58 +0800] "GET /favicon.ico HTTP/1.1" 404 -
180.169.147.146 - - [03/Apr/2023:10:55:03 +0800] "GET /xingrg/all/function/internal_message.html?_=1680490502670&CODE_STATE=getMsg HTTP/1.1" 302 -
114.83.216.80 - - [03/Apr/2023:10:55:03 +0800] "GET /xingrg/all/function/internal_message.html?_=1680490503935&CODE_STATE=getMsg HTTP/1.1" 200 27
222.67.232.202 - - [03/Apr/2023:10:55:04 +0800] "GET /xingrg/all/function/internal_message.html?_=1680490505150&CODE_STATE=getMsg HTTP/1.1" 200 27
180.169.147.146 - - [03/Apr/2023:10:55:09 +0800] "GET /xingrg/all/function/internal_message.html?_=1680490509582&CODE_STATE=getMsg HTTP/1.1" 200 27
116.224.158.100 - - [03/Apr/2023:10:55:12 +0800] "GET /xingrg/all/function/internal_message.html?_=1680490513191&CODE_STATE=getMsg HTTP/1.1" 200 27
116.224.158.100 - - [03/Apr/2023:10:55:13 +0800] "GET /xingrg/check_reg.html?_=1680490513803 HTTP/1.1" 200 22
124.78.155.10 - - [03/Apr/2023:10:55:17 +0800] "GET /xingrg/all/function/internal_message.html?_=1680490516715&CODE_STATE=getMsg HTTP/1.1" 200 27
222.70.182.87 - - [03/Apr/2023:10:55:20 +0800] "GET /xingrg/all/function/internal_message.html?_=1680490519987&CODE_STATE=getMsg HTTP/1.1" 200 27
120.253.135.82 - - [03/Apr/2023:10:55:20 +0800] "GET /xingrg/login.html HTTP/1.1" 200 7641
120.253.135.82 - - [03/Apr/2023:10:55:20 +0800] "GET /xingrg/images/blue/jxLogo.png HTTP/1.1" 304 -
180.169.147.146 - - [03/Apr/2023:10:55:21 +0800] "GET /xingrg/all/function/internal_message.html?_=1680490519845&CODE_STATE=getMsg HTTP/1.1" 200 27
120.253.135.82 - - [03/Apr/2023:10:55:21 +0800] "GET /xingrg/images/blue/login_bg.png HTTP/1.1" 304 -
120.253.135.82 - - [03/Apr/2023:10:55:21 +0800] "GET /xingrg/images/blue/hj.png HTTP/1.1" 304 -
120.253.135.82 - - [03/Apr/2023:10:55:21 +0800] "GET /xingrg/images/blue/srbg.png HTTP/1.1" 304 -
120.253.135.82 - - [03/Apr/2023:10:55:21 +0800] "GET /favicon.ico HTTP/1.1" 404 -
180.157.253.110 - - [03/Apr/2023:10:55:21 +0800] "GET /xingrg/check_reg.html?_=1680490521393 HTTP/1.1" 200 22
180.157.253.110 - - [03/Apr/2023:10:55:21 +0800] "GET /xingrg/all/function/internal_message.html?_=1680490521393&CODE_STATE=getMsg HTTP/1.1" 200 27
101.229.22.234 - - [03/Apr/2023:10:55:22 +0800] "GET /xingrg/all/function/internal_message.html?_=1680490522939&CODE_STATE=getMsg HTTP/1.1" 200 27
180.163.29.217 - - [03/Apr/2023:10:55:23 +0800] "GET /xingrg/all/function/internal_message.html?_=1680490463947&CODE_STATE=getMsg HTTP/1.1" 302 -
180.163.29.217 - - [03/Apr/2023:10:55:23 +0800] "GET /xingrg/login.html HTTP/1.1" 200 7641
222.70.174.211 - - [03/Apr/2023:10:55:24 +0800] "GET /xingrg/all/function/internal_message.html?_=1680490526019&CODE_STATE=getMsg HTTP/1.1" 200 27
120.253.135.82 - - [03/Apr/2023:10:55:24 +0800] "POST /xingrg/login.do HTTP/1.1" 302 -
120.253.135.82 - - [03/Apr/2023:10:55:24 +0800] "GET /xingrg/index.html?sysBaseUrl=http%3A%2F%2F180.169.147.146%3A18081%2Fxingrg%2F&costTime=1610×tamp=1680490524332 HTTP/1.1" 200 17173
120.253.135.82 - - [03/Apr/2023:10:55:24 +0800] "GET /xingrg/javascript/jquery_easy_ui/themes/default/easyui.css HTTP/1.1" 304 -
120.253.135.82 - - [03/Apr/2023:10:55:24 +0800] "GET /xingrg/javascript/jquery_easy_ui/themes/icon.css HTTP/1.1" 304 -
120.253.135.82 - - [03/Apr/2023:10:55:24 +0800] "GET /xingrg/javascript/jquery_easy_ui/jquery.easyui.min.js HTTP/1.1" 304 -
120.253.135.82 - - [03/Apr/2023:10:55:24 +0800] "GET /xingrg/css/form.css HTTP/1.1" 304 -
120.253.135.82 - - [03/Apr/2023:10:55:24 +0800] "GET /xingrg/javascript/jquery-1.4.2.min.js HTTP/1.1" 304 -
120.253.135.82 - - [03/Apr/2023:10:55:24 +0800] "GET /xingrg/javascript/jquery_easy_ui/easyui-lang-zh_CN.js HTTP/1.1" 304 -
120.253.135.82 - - [03/Apr/2023:10:55:24 +0800] "GET /xingrg/javascript/jquery.form.js HTTP/1.1" 304 -
120.253.135.82 - - [03/Apr/2023:10:55:24 +0800] "GET /xingrg/javascript/jquery.utils.js HTTP/1.1" 304 -
120.253.135.82 - - [03/Apr/2023:10:55:24 +0800] "GET /xingrg/javascript/jquery.timers.js HTTP/1.1" 304 -
120.253.135.82 - - [03/Apr/2023:10:55:24 +0800] "GET /xingrg/images/blue/navBackgound.jpg HTTP/1.1" 304 -
120.253.135.82 - - [03/Apr/2023:10:55:24 +0800] "GET /xingrg/javascript/jquery_easy_ui/themes/icons/settle_new.png HTTP/1.1" 304 -
120.253.135.82 - - [03/Apr/2023:10:55:24 +0800] "GET /favicon.ico HTTP/1.1" 404 -
120.253.135.82 - - [03/Apr/2023:10:55:24 +0800] "GET /xingrg/images/blue/pingpu.png HTTP/1.1" 304 -
120.253.135.82 - - [03/Apr/2023:10:55:24 +0800] "GET /xingrg/javascript/jquery_easy_ui/themes/default/images/tabs_leftarrow.png HTTP/1.1" 304 -
120.253.135.82 - - [03/Apr/2023:10:55:24 +0800] "GET /xingrg/javascript/jquery_easy_ui/themes/default/images/tabs_rightarrow.png HTTP/1.1" 304 -
120.253.135.82 - - [03/Apr/2023:10:55:24 +0800] "GET /xingrg/javascript/jquery_easy_ui/themes/default/images/panel_tool_collapse.gif HTTP/1.1" 304 -
120.253.135.82 - - [03/Apr/2023:10:55:24 +0800] "GET /xingrg/all/function/internal_message.html?_=1680490357374&CODE_STATE=count HTTP/1.1" 200 11
120.253.135.82 - - [03/Apr/2023:10:55:24 +0800] "GET /xingrg/check_reg.html?_=1680490357375 HTTP/1.1" 200 22
120.253.135.82 - - [03/Apr/2023:10:55:24 +0800] "POST /xingrg/all/common/load_tree.html?tree=area_rest_tree_json&manage=1 HTTP/1.1" 200 344
120.253.135.82 - - [03/Apr/2023:10:55:24 +0800] "GET /xingrg/javascript/jquery_easy_ui/themes/default/images/tree_arrows.gif HTTP/1.1" 304 -
120.253.135.82 - - [03/Apr/2023:10:55:25 +0800] "POST /xingrg/load_menu.html HTTP/1.1" 200 6743
120.253.135.82 - - [03/Apr/2023:10:55:25 +0800] "GET /xingrg/javascript/jquery_easy_ui/themes/default/images/tree_folder_open.gif HTTP/1.1" 304 -
120.253.135.82 - - [03/Apr/2023:10:55:25 +0800] "GET /xingrg/javascript/jquery_easy_ui/themes/icons/search_new.png HTTP/1.1" 304 -
120.253.135.82 - - [03/Apr/2023:10:55:25 +0800] "GET /xingrg/javascript/jquery_easy_ui/themes/icons/storage_new.png HTTP/1.1" 304 -
120.253.135.82 - - [03/Apr/2023:10:55:25 +0800] "GET /xingrg/javascript/jquery_easy_ui/themes/icons/delivery_new.png HTTP/1.1" 304 -
120.253.135.82 - - [03/Apr/2023:10:55:25 +0800] "GET /xingrg/javascript/jquery_easy_ui/themes/icons/forms_new.png HTTP/1.1" 304 -
120.253.135.82 - - [03/Apr/2023:10:55:25 +0800] "GET /xingrg/javascript/jquery_easy_ui/themes/default/images/tree_file.gif HTTP/1.1" 304 -
120.253.135.82 - - [03/Apr/2023:10:55:25 +0800] "GET /xingrg/javascript/jquery_easy_ui/themes/default/images/tree_folder.gif HTTP/1.1" 304 -
120.253.135.82 - - [03/Apr/2023:10:55:27 +0800] "GET /xingrg/javascript/jquery_easy_ui/themes/default/images/tabs_close.gif HTTP/1.1" 304 -
120.253.135.82 - - [03/Apr/2023:10:55:27 +0800] "GET /xingrg/kc/pszx/mdqp_order_list.html?state=10 HTTP/1.1" 200 10275
120.253.135.82 - - [03/Apr/2023:10:55:27 +0800] "GET /xingrg/css/blue.css HTTP/1.1" 304 -
120.253.135.82 - - [03/Apr/2023:10:55:27 +0800] "GET /xingrg/javascript/pic_change.js HTTP/1.1" 304 -
120.253.135.82 - - [03/Apr/2023:10:55:27 +0800] "GET /xingrg/dwr/util.js HTTP/1.1" 304 -
120.253.135.82 - - [03/Apr/2023:10:55:27 +0800] "GET /xingrg/dwr/interface/AjaxReportQueryService.js HTTP/1.1" 200 13203
120.253.135.82 - - [03/Apr/2023:10:55:27 +0800] "GET /xingrg/javascript/Calendar.js HTTP/1.1" 304 -
120.253.135.82 - - [03/Apr/2023:10:55:27 +0800] "GET /xingrg/dwr/interface/AjaxQqpsService.js HTTP/1.1" 200 16326
120.253.135.82 - - [03/Apr/2023:10:55:27 +0800] "GET /xingrg/javascript/myfunction.js HTTP/1.1" 304 -
120.253.135.82 - - [03/Apr/2023:10:55:27 +0800] "GET /xingrg/dwr/engine.js HTTP/1.1" 200 43631
120.253.135.82 - - [03/Apr/2023:10:55:28 +0800] "GET /xingrg/javascript/jquery_easy_ui/themes/icons/check_new.png HTTP/1.1" 304 -
120.253.135.82 - - [03/Apr/2023:10:55:28 +0800] "GET /xingrg/javascript/jquery_easy_ui/themes/icons/uncheck_new.png HTTP/1.1" 304 -
120.253.135.82 - - [03/Apr/2023:10:55:28 +0800] "GET /xingrg/javascript/jquery_easy_ui/themes/icons/back_new.png HTTP/1.1" 304 -
120.253.135.82 - - [03/Apr/2023:10:55:30 +0800] "GET /xingrg/kc/pszx/mdps_order_list.html?orderType=0 HTTP/1.1" 200 21032
120.253.135.82 - - [03/Apr/2023:10:55:30 +0800] "GET /xingrg/css/site.css HTTP/1.1" 304 -
120.253.135.82 - - [03/Apr/2023:10:55:30 +0800] "GET /xingrg/css/base.css HTTP/1.1" 304 -
120.253.135.82 - - [03/Apr/2023:10:55:30 +0800] "GET /xingrg/javascript/auto/jquery.autocomplete.css HTTP/1.1" 304 -
120.253.135.82 - - [03/Apr/2023:10:55:30 +0800] "GET /xingrg/javascript/jquery_tools/fix.css HTTP/1.1" 304 -
120.253.135.82 - - [03/Apr/2023:10:55:30 +0800] "GET /xingrg/javascript/jquery_tools/table.css HTTP/1.1" 304 -
120.253.135.82 - - [03/Apr/2023:10:55:30 +0800] "GET /xingrg/javascript/easyui/themes/default/easyui.css HTTP/1.1" 304 -
120.253.135.82 - - [03/Apr/2023:10:55:30 +0800] "GET /xingrg/javascript/jquery_tools/datebox.css HTTP/1.1" 304 -
120.253.135.82 - - [03/Apr/2023:10:55:30 +0800] "GET /xingrg/javascript/easyui/themes/icon.css HTTP/1.1" 304 -
120.253.135.82 - - [03/Apr/2023:10:55:30 +0800] "GET /xingrg/javascript/jquery_tools/jquery.tools.extend.js HTTP/1.1" 304 -
120.253.135.82 - - [03/Apr/2023:10:55:30 +0800] "GET /xingrg/javascript/jquery_tools/jquery.tools.table.js HTTP/1.1" 304 -
120.253.135.82 - - [03/Apr/2023:10:55:30 +0800] "GET /xingrg/javascript/jquery_tools/jquery.tools.hotkey.js HTTP/1.1" 304 -
120.253.135.82 - - [03/Apr/2023:10:55:30 +0800] "GET /xingrg/javascript/jquery_tools/jquery.tools.min.js HTTP/1.1" 304 -
