116.224.158.100 - - [03/Apr/2023:09:24:06 +0800] "GET /xingrg/all/function/internal_message.html?_=1680485047551&CODE_STATE=getMsg HTTP/1.1" 200 27
222.70.182.87 - - [03/Apr/2023:09:24:08 +0800] "GET /xingrg/all/function/internal_message.html?_=1680485048378&CODE_STATE=getMsg HTTP/1.1" 200 27
222.70.182.87 - - [03/Apr/2023:09:24:08 +0800] "GET /xingrg/check_reg.html?_=1680485048381 HTTP/1.1" 200 22
114.83.216.80 - - [03/Apr/2023:09:24:09 +0800] "GET /xingrg/all/function/internal_message.html?_=1680485048918&CODE_STATE=getMsg HTTP/1.1" 200 27
114.83.216.80 - - [03/Apr/2023:09:24:09 +0800] "GET /xingrg/check_reg.html?_=1680485048959 HTTP/1.1" 200 22
116.224.158.100 - - [03/Apr/2023:09:24:09 +0800] "GET /xingrg/javascript/easyui/plugins/jquery.draggable.js HTTP/1.1" 304 -
116.224.158.100 - - [03/Apr/2023:09:24:09 +0800] "GET /xingrg/javascript/easyui/plugins/jquery.droppable.js HTTP/1.1" 304 -
116.224.158.100 - - [03/Apr/2023:09:24:09 +0800] "GET /xingrg/javascript/easyui/themes/default/tree.css HTTP/1.1" 404 1090
116.224.158.100 - - [03/Apr/2023:09:24:09 +0800] "GET /xingrg/javascript/easyui/plugins/jquery.tree.js HTTP/1.1" 304 -
116.224.158.100 - - [03/Apr/2023:09:24:10 +0800] "POST /xingrg/all/common/load_tree.html?tree=supplier_tree_json&manage=1 HTTP/1.1" 200 73018
116.238.139.35 - - [03/Apr/2023:09:24:11 +0800] "POST /xingrg/dwr/call/plaincall/AjaxCheckService.checkOrder.dwr HTTP/1.1" 200 78
116.238.139.35 - - [03/Apr/2023:09:24:12 +0800] "GET /xingrg/kc/base/check_order_info.html?code=452023040100032 HTTP/1.1" 200 22858
116.238.139.35 - - [03/Apr/2023:09:24:12 +0800] "GET /xingrg/dwr/interface/AjaxComOrderService.js HTTP/1.1" 200 18264
116.238.139.35 - - [03/Apr/2023:09:24:12 +0800] "GET /xingrg/dwr/interface/AjaxCheckService.js HTTP/1.1" 200 14003
116.238.139.35 - - [03/Apr/2023:09:24:12 +0800] "GET /xingrg/dwr/engine.js HTTP/1.1" 200 43631
116.224.158.100 - - [03/Apr/2023:09:24:12 +0800] "GET /xingrg/javascript/easyui/themes/default/images/tree_folder_open.gif HTTP/1.1" 304 -
116.224.158.100 - - [03/Apr/2023:09:24:12 +0800] "GET /xingrg/javascript/easyui/themes/default/images/tree_checkbox_0.gif HTTP/1.1" 304 -
116.224.158.100 - - [03/Apr/2023:09:24:12 +0800] "GET /xingrg/javascript/easyui/themes/default/images/tree_folder.gif HTTP/1.1" 304 -
116.224.158.100 - - [03/Apr/2023:09:24:12 +0800] "GET /xingrg/javascript/easyui/themes/default/images/tree_arrows.gif HTTP/1.1" 304 -
116.224.158.100 - - [03/Apr/2023:09:24:12 +0800] "GET /xingrg/javascript/easyui/themes/default/images/tree_file.gif HTTP/1.1" 304 -
116.238.139.35 - - [03/Apr/2023:09:24:13 +0800] "GET /xingrg/kc/buy/cgsh_order_operate.html?command=get_materiel&rest_code=00151&code=00101009010&supplier_code=00100022&order_time=2023-04-03 HTTP/1.1" 200 412
116.238.139.35 - - [03/Apr/2023:09:24:13 +0800] "POST /xingrg/dwr/call/plaincall/AjaxCheckService.loadOrderItems.dwr HTTP/1.1" 200 4545
116.224.158.100 - - [03/Apr/2023:09:24:13 +0800] "GET /xingrg/all/function/internal_message.html?_=1680484897097&CODE_STATE=getMsg HTTP/1.1" 200 27
116.238.139.35 - - [03/Apr/2023:09:24:16 +0800] "GET /xingrg/kc/base/check_order_list.html?isBack=1 HTTP/1.1" 200 16221
116.238.139.35 - - [03/Apr/2023:09:24:16 +0800] "POST /xingrg/kc/base/check_list_operate.html HTTP/1.1" 200 2235
116.238.139.35 - - [03/Apr/2023:09:24:23 +0800] "GET /xingrg/all/function/internal_message.html?_=1680485065273&CODE_STATE=getMsg HTTP/1.1" 200 27
116.238.139.35 - - [03/Apr/2023:09:24:23 +0800] "GET /xingrg/kc/base/check_order_info.html?code=452023033100382 HTTP/1.1" 200 26149
116.238.139.35 - - [03/Apr/2023:09:24:23 +0800] "GET /xingrg/dwr/interface/AjaxComOrderService.js HTTP/1.1" 200 18264
116.238.139.35 - - [03/Apr/2023:09:24:23 +0800] "GET /xingrg/dwr/interface/AjaxCheckService.js HTTP/1.1" 200 14003
116.238.139.35 - - [03/Apr/2023:09:24:23 +0800] "GET /xingrg/dwr/engine.js HTTP/1.1" 200 43631
116.238.139.35 - - [03/Apr/2023:09:24:24 +0800] "POST /xingrg/dwr/call/plaincall/AjaxCheckService.loadOrderItems.dwr HTTP/1.1" 200 33548
180.157.253.110 - - [03/Apr/2023:09:24:24 +0800] "POST /xingrg/services/DataTransmitService HTTP/1.1" 200 524
116.238.139.35 - - [03/Apr/2023:09:24:24 +0800] "GET /xingrg/kc/buy/cgsh_order_operate.html?command=get_materiel&rest_code=00151&code=00101009053&supplier_code=00100022&order_time=2023-04-03 HTTP/1.1" 200 408
222.67.232.202 - - [03/Apr/2023:09:24:30 +0800] "GET /xingrg/all/function/internal_message.html?_=1680485070647&CODE_STATE=getMsg HTTP/1.1" 200 27
222.67.232.202 - - [03/Apr/2023:09:24:30 +0800] "GET /xingrg/check_reg.html?_=1680485070648 HTTP/1.1" 200 22
116.224.106.218 - - [03/Apr/2023:09:24:30 +0800] "GET /xingrg/all/function/internal_message.html?_=1680485070603&CODE_STATE=getMsg HTTP/1.1" 200 27
116.238.139.35 - - [03/Apr/2023:09:24:34 +0800] "GET /xingrg/kc/buy/cgsh_order_operate.html?command=get_materiel&rest_code=00151&code=00101009039&supplier_code=00100022&order_time=2023-04-03 HTTP/1.1" 200 408
116.238.139.35 - - [03/Apr/2023:09:24:40 +0800] "POST /xingrg/dwr/call/plaincall/AjaxCheckService.checkOrder.dwr HTTP/1.1" 200 78
222.70.174.211 - - [03/Apr/2023:09:24:40 +0800] "GET /xingrg/all/function/internal_message.html?_=1680485082286&CODE_STATE=getMsg HTTP/1.1" 200 27
116.238.139.35 - - [03/Apr/2023:09:24:41 +0800] "GET /xingrg/kc/base/check_order_info.html?code=452023033100382 HTTP/1.1" 200 22864
116.238.139.35 - - [03/Apr/2023:09:24:41 +0800] "GET /xingrg/dwr/interface/AjaxComOrderService.js HTTP/1.1" 200 18264
116.238.139.35 - - [03/Apr/2023:09:24:41 +0800] "GET /xingrg/dwr/interface/AjaxCheckService.js HTTP/1.1" 200 14003
116.238.139.35 - - [03/Apr/2023:09:24:41 +0800] "GET /xingrg/dwr/engine.js HTTP/1.1" 200 43631
116.238.139.35 - - [03/Apr/2023:09:24:42 +0800] "POST /xingrg/dwr/call/plaincall/AjaxCheckService.loadOrderItems.dwr HTTP/1.1" 200 16081
116.238.139.35 - - [03/Apr/2023:09:24:43 +0800] "GET /xingrg/kc/buy/cgsh_order_operate.html?command=get_materiel&rest_code=00151&code=00101009045&supplier_code=00100022&order_time=2023-04-03 HTTP/1.1" 200 412
116.238.139.35 - - [03/Apr/2023:09:24:43 +0800] "GET /xingrg/kc/base/check_order_list.html?isBack=1 HTTP/1.1" 200 16221
116.238.139.35 - - [03/Apr/2023:09:24:43 +0800] "POST /xingrg/kc/base/check_list_operate.html HTTP/1.1" 200 1899
116.238.139.35 - - [03/Apr/2023:09:24:45 +0800] "GET /xingrg/all/function/internal_message.html?_=1680484998785&CODE_STATE=getMsg HTTP/1.1" 200 27
180.169.147.146 - - [03/Apr/2023:09:24:45 +0800] "GET /xingrg/all/function/internal_message.html?_=1680485085310&CODE_STATE=getMsg HTTP/1.1" 200 27
116.238.139.35 - - [03/Apr/2023:09:24:45 +0800] "GET /xingrg/kc/base/check_order_info.html?code=452023040100033 HTTP/1.1" 200 26149
116.238.139.35 - - [03/Apr/2023:09:24:45 +0800] "GET /xingrg/dwr/interface/AjaxComOrderService.js HTTP/1.1" 200 18264
116.238.139.35 - - [03/Apr/2023:09:24:45 +0800] "GET /xingrg/dwr/interface/AjaxCheckService.js HTTP/1.1" 200 14003
116.238.139.35 - - [03/Apr/2023:09:24:45 +0800] "GET /xingrg/dwr/engine.js HTTP/1.1" 200 43631
116.238.139.35 - - [03/Apr/2023:09:24:46 +0800] "POST /xingrg/dwr/call/plaincall/AjaxCheckService.loadOrderItems.dwr HTTP/1.1" 200 9732
120.253.135.82 - - [03/Apr/2023:09:24:49 +0800] "GET /xingrg/all/function/internal_message.html?_=1680484921769&CODE_STATE=getMsg HTTP/1.1" 200 27
116.224.158.100 - - [03/Apr/2023:09:24:50 +0800] "GET /xingrg/javascript/easyui/themes/default/images/tree_checkbox_1.gif HTTP/1.1" 304 -
116.224.158.100 - - [03/Apr/2023:09:24:50 +0800] "GET /xingrg/javascript/easyui/themes/default/images/tree_checkbox_2.gif HTTP/1.1" 304 -
180.169.147.146 - - [03/Apr/2023:09:24:50 +0800] "GET /xingrg/all/function/internal_message.html?_=1680485089679&CODE_STATE=getMsg HTTP/1.1" 200 27
180.157.253.110 - - [03/Apr/2023:09:24:51 +0800] "GET /xingrg/check_reg.html?_=1680485091205 HTTP/1.1" 200 22
180.157.253.110 - - [03/Apr/2023:09:24:51 +0800] "GET /xingrg/all/function/internal_message.html?_=1680485091205&CODE_STATE=getMsg HTTP/1.1" 200 27
116.238.139.35 - - [03/Apr/2023:09:24:53 +0800] "GET /xingrg/kc/buy/cgsh_order_operate.html?command=get_materiel&rest_code=00151&code=00101009095&supplier_code=00100022&order_time=2023-04-03 HTTP/1.1" 200 409
124.78.155.10 - - [03/Apr/2023:09:24:54 +0800] "GET /xingrg/all/function/internal_message.html?_=1680485094990&CODE_STATE=getMsg HTTP/1.1" 200 27
116.238.139.35 - - [03/Apr/2023:09:25:06 +0800] "GET /xingrg/kc/buy/cgsh_order_operate.html?command=get_materiel&rest_code=00151&code=00101009116&supplier_code=00100022&order_time=2023-04-03 HTTP/1.1" 200 412
116.224.158.100 - - [03/Apr/2023:09:25:06 +0800] "GET /xingrg/all/function/internal_message.html?_=1680485107550&CODE_STATE=getMsg HTTP/1.1" 200 27
222.70.182.87 - - [03/Apr/2023:09:25:08 +0800] "GET /xingrg/all/function/internal_message.html?_=1680485108381&CODE_STATE=getMsg HTTP/1.1" 200 27
114.83.216.80 - - [03/Apr/2023:09:25:09 +0800] "GET /xingrg/all/function/internal_message.html?_=1680485108919&CODE_STATE=getMsg HTTP/1.1" 200 27
116.224.158.100 - - [03/Apr/2023:09:25:13 +0800] "GET /xingrg/all/function/internal_message.html?_=1680484957079&CODE_STATE=getMsg HTTP/1.1" 200 27
116.238.139.35 - - [03/Apr/2023:09:25:14 +0800] "GET /xingrg/kc/buy/cgsh_order_operate.html?command=get_materiel&rest_code=00151&code=00101009049&supplier_code=00100022&order_time=2023-04-03 HTTP/1.1" 200 416
116.238.139.35 - - [03/Apr/2023:09:25:19 +0800] "POST /xingrg/dwr/call/plaincall/AjaxCheckService.checkOrder.dwr HTTP/1.1" 200 78
116.238.139.35 - - [03/Apr/2023:09:25:20 +0800] "GET /xingrg/kc/base/check_order_info.html?code=452023040100033 HTTP/1.1" 200 22864
116.238.139.35 - - [03/Apr/2023:09:25:20 +0800] "GET /xingrg/dwr/interface/AjaxComOrderService.js HTTP/1.1" 200 18264
116.238.139.35 - - [03/Apr/2023:09:25:20 +0800] "GET /xingrg/dwr/interface/AjaxCheckService.js HTTP/1.1" 200 14003
116.238.139.35 - - [03/Apr/2023:09:25:20 +0800] "GET /xingrg/dwr/engine.js HTTP/1.1" 200 43631
116.238.139.35 - - [03/Apr/2023:09:25:21 +0800] "POST /xingrg/dwr/call/plaincall/AjaxCheckService.loadOrderItems.dwr HTTP/1.1" 200 4728
116.238.139.35 - - [03/Apr/2023:09:25:22 +0800] "GET /xingrg/kc/base/check_order_list.html?isBack=1 HTTP/1.1" 200 16221
116.238.139.35 - - [03/Apr/2023:09:25:22 +0800] "POST /xingrg/kc/base/check_list_operate.html HTTP/1.1" 200 1563
116.238.139.35 - - [03/Apr/2023:09:25:23 +0800] "GET /xingrg/check_reg.html?_=1680485125237 HTTP/1.1" 200 22
116.238.139.35 - - [03/Apr/2023:09:25:23 +0800] "GET /xingrg/all/function/internal_message.html?_=1680485125252&CODE_STATE=getMsg HTTP/1.1" 200 27
222.67.232.202 - - [03/Apr/2023:09:25:30 +0800] "GET /xingrg/all/function/internal_message.html?_=1680485130653&CODE_STATE=getMsg HTTP/1.1" 200 27
116.224.106.218 - - [03/Apr/2023:09:25:30 +0800] "GET /xingrg/check_reg.html?_=1680485130602 HTTP/1.1" 200 22
116.224.106.218 - - [03/Apr/2023:09:25:30 +0800] "GET /xingrg/all/function/internal_message.html?_=1680485130604&CODE_STATE=getMsg HTTP/1.1" 200 27
180.171.132.124 - - [03/Apr/2023:09:25:35 +0800] "POST /xingrg/services/DataTransmitService HTTP/1.1" 200 524
222.70.174.211 - - [03/Apr/2023:09:25:38 +0800] "GET /xingrg/check_reg.html?_=1680485140340 HTTP/1.1" 200 22
116.224.158.100 - - [03/Apr/2023:09:25:39 +0800] "POST /xingrg/kc/buy/cgsh_list_operate.html HTTP/1.1" 200 2335
222.70.174.211 - - [03/Apr/2023:09:25:40 +0800] "GET /xingrg/all/function/internal_message.html?_=1680485142300&CODE_STATE=getMsg HTTP/1.1" 200 27
222.70.174.211 - - [03/Apr/2023:09:25:44 +0800] "POST /xingrg/services/DataTransmitService HTTP/1.1" 200 524
116.238.139.35 - - [03/Apr/2023:09:25:45 +0800] "GET /xingrg/all/function/internal_message.html?_=1680485058798&CODE_STATE=getMsg HTTP/1.1" 200 27
180.169.147.146 - - [03/Apr/2023:09:25:45 +0800] "GET /xingrg/all/function/internal_message.html?_=1680485145300&CODE_STATE=getMsg HTTP/1.1" 200 27
222.70.174.211 - - [03/Apr/2023:09:25:46 +0800] "POST /xingrg/services/DataTransmitService HTTP/1.1" 200 412
222.70.174.211 - - [03/Apr/2023:09:25:49 +0800] "POST /xingrg/services/DataTransmitService HTTP/1.1" 200 524
116.238.139.35 - - [03/Apr/2023:09:25:50 +0800] "POST /xingrg/kc/buy/cgsh_order_operate.html HTTP/1.1" 200 37
222.70.174.211 - - [03/Apr/2023:09:25:50 +0800] "POST /xingrg/services/DataTransmitService HTTP/1.1" 200 412
180.169.147.146 - - [03/Apr/2023:09:25:50 +0800] "GET /xingrg/all/function/internal_message.html?_=1680485149694&CODE_STATE=getMsg HTTP/1.1" 200 27
180.157.253.110 - - [03/Apr/2023:09:25:51 +0800] "GET /xingrg/all/function/internal_message.html?_=1680485151204&CODE_STATE=getMsg HTTP/1.1" 200 27
116.238.139.35 - - [03/Apr/2023:09:25:52 +0800] "POST /xingrg/kc/buy/cgsh_order_operate.html HTTP/1.1" 200 6857
222.70.174.211 - - [03/Apr/2023:09:25:52 +0800] "POST /xingrg/services/DataTransmitService HTTP/1.1" 200 524
222.70.174.211 - - [03/Apr/2023:09:25:53 +0800] "POST /xingrg/services/DataTransmitService HTTP/1.1" 200 412
180.163.28.55 - - [03/Apr/2023:09:25:55 +0800] "GET /xingrg/all/function/internal_message.html?_=1680485094990&CODE_STATE=getMsg HTTP/1.1" 302 -
180.163.28.55 - - [03/Apr/2023:09:25:55 +0800] "GET /xingrg/login.html HTTP/1.1" 200 7641
222.70.174.211 - - [03/Apr/2023:09:26:02 +0800] "POST /xingrg/services/DataTransmitService HTTP/1.1" 200 524
222.70.174.211 - - [03/Apr/2023:09:26:03 +0800] "POST /xingrg/services/DataTransmitService HTTP/1.1" 200 412
222.70.174.211 - - [03/Apr/2023:09:26:04 +0800] "POST /xingrg/services/DataTransmitService HTTP/1.1" 200 524
222.70.174.211 - - [03/Apr/2023:09:26:05 +0800] "POST /xingrg/services/DataTransmitService HTTP/1.1" 200 412
222.70.174.211 - - [03/Apr/2023:09:26:06 +0800] "POST /xingrg/services/DataTransmitService HTTP/1.1" 200 524
116.224.158.100 - - [03/Apr/2023:09:26:06 +0800] "GET /xingrg/check_reg.html?_=1680485167549 HTTP/1.1" 200 22
116.224.158.100 - - [03/Apr/2023:09:26:07 +0800] "GET /xingrg/all/function/internal_message.html?_=1680485167551&CODE_STATE=getMsg HTTP/1.1" 200 27
222.70.174.211 - - [03/Apr/2023:09:26:07 +0800] "POST /xingrg/services/DataTransmitService HTTP/1.1" 200 412
222.70.174.211 - - [03/Apr/2023:09:26:08 +0800] "POST /xingrg/services/DataTransmitService HTTP/1.1" 200 524
222.70.182.87 - - [03/Apr/2023:09:26:08 +0800] "GET /xingrg/all/function/internal_message.html?_=1680485168381&CODE_STATE=getMsg HTTP/1.1" 200 27
114.83.216.80 - - [03/Apr/2023:09:26:09 +0800] "GET /xingrg/all/function/internal_message.html?_=1680485168906&CODE_STATE=getMsg HTTP/1.1" 200 27
222.70.174.211 - - [03/Apr/2023:09:26:09 +0800] "POST /xingrg/services/DataTransmitService HTTP/1.1" 200 412
222.70.174.211 - - [03/Apr/2023:09:26:10 +0800] "POST /xingrg/services/DataTransmitService HTTP/1.1" 200 524
222.70.174.211 - - [03/Apr/2023:09:26:11 +0800] "POST /xingrg/services/DataTransmitService HTTP/1.1" 200 412
222.70.174.211 - - [03/Apr/2023:09:26:11 +0800] "POST /xingrg/services/DataTransmitService HTTP/1.1" 200 524
222.70.174.211 - - [03/Apr/2023:09:26:13 +0800] "POST /xingrg/services/DataTransmitService HTTP/1.1" 200 412
120.253.135.82 - - [03/Apr/2023:09:26:13 +0800] "GET /xingrg/all/function/internal_message.html?_=1680484981808&CODE_STATE=getMsg HTTP/1.1" 200 27
116.224.158.100 - - [03/Apr/2023:09:26:13 +0800] "GET /xingrg/all/function/internal_message.html?_=1680485017058&CODE_STATE=getMsg HTTP/1.1" 200 27
222.70.174.211 - - [03/Apr/2023:09:26:15 +0800] "POST /xingrg/services/DataTransmitService HTTP/1.1" 200 524
222.70.174.211 - - [03/Apr/2023:09:26:16 +0800] "POST /xingrg/services/DataTransmitService HTTP/1.1" 200 2335
116.238.139.35 - - [03/Apr/2023:09:26:23 +0800] "GET /xingrg/all/function/internal_message.html?_=1680485185241&CODE_STATE=getMsg HTTP/1.1" 200 27
180.164.3.199 - - [03/Apr/2023:09:26:23 +0800] "POST /xingrg/services/DataTransmitService HTTP/1.1" 200 524
222.70.174.211 - - [03/Apr/2023:09:26:29 +0800] "POST /xingrg/services/DataTransmitService HTTP/1.1" 200 524
222.70.174.211 - - [03/Apr/2023:09:26:30 +0800] "POST /xingrg/services/DataTransmitService HTTP/1.1" 200 412
222.67.232.202 - - [03/Apr/2023:09:26:30 +0800] "GET /xingrg/all/function/internal_message.html?_=1680485190646&CODE_STATE=getMsg HTTP/1.1" 200 27
116.224.106.218 - - [03/Apr/2023:09:26:30 +0800] "GET /xingrg/all/function/internal_message.html?_=1680485190604&CODE_STATE=getMsg HTTP/1.1" 200 27
222.70.174.211 - - [03/Apr/2023:09:26:31 +0800] "POST /xingrg/services/DataTransmitService HTTP/1.1" 200 524
222.70.174.211 - - [03/Apr/2023:09:26:32 +0800] "POST /xingrg/services/DataTransmitService HTTP/1.1" 200 412
222.70.174.211 - - [03/Apr/2023:09:26:34 +0800] "POST /xingrg/services/DataTransmitService HTTP/1.1" 200 524
222.70.174.211 - - [03/Apr/2023:09:26:35 +0800] "POST /xingrg/services/DataTransmitService HTTP/1.1" 200 412
222.70.174.211 - - [03/Apr/2023:09:26:38 +0800] "POST /xingrg/services/DataTransmitService HTTP/1.1" 200 524
58.40.7.146 - - [03/Apr/2023:09:26:38 +0800] "GET /xingrg/check_reg.html?_=1680485198210 HTTP/1.1" 200 22
222.70.174.211 - - [03/Apr/2023:09:26:39 +0800] "POST /xingrg/services/DataTransmitService HTTP/1.1" 200 412
222.70.174.211 - - [03/Apr/2023:09:26:39 +0800] "POST /xingrg/services/DataTransmitService HTTP/1.1" 200 524
222.70.174.211 - - [03/Apr/2023:09:26:40 +0800] "POST /xingrg/services/DataTransmitService HTTP/1.1" 200 412
222.70.174.211 - - [03/Apr/2023:09:26:40 +0800] "GET /xingrg/all/function/internal_message.html?_=1680485202313&CODE_STATE=getMsg HTTP/1.1" 200 27
222.70.174.211 - - [03/Apr/2023:09:26:40 +0800] "POST /xingrg/services/DataTransmitService HTTP/1.1" 200 524
116.238.139.35 - - [03/Apr/2023:09:26:41 +0800] "POST /xingrg/kc/buy/cgsh_order_operate.html HTTP/1.1" 200 37
222.70.174.211 - - [03/Apr/2023:09:26:41 +0800] "POST /xingrg/services/DataTransmitService HTTP/1.1" 200 412
116.238.139.35 - - [03/Apr/2023:09:26:45 +0800] "GET /xingrg/all/function/internal_message.html?_=1680485118820&CODE_STATE=getMsg HTTP/1.1" 200 27
180.169.147.146 - - [03/Apr/2023:09:26:45 +0800] "GET /xingrg/all/function/internal_message.html?_=1680485205320&CODE_STATE=getMsg HTTP/1.1" 200 27
120.253.135.82 - - [03/Apr/2023:09:26:49 +0800] "GET /xingrg/all/function/internal_message.html?_=1680485041826&CODE_STATE=getMsg HTTP/1.1" 200 27
180.169.147.146 - - [03/Apr/2023:09:26:50 +0800] "GET /xingrg/check_reg.html?_=1680485209674 HTTP/1.1" 200 22
180.169.147.146 - - [03/Apr/2023:09:26:50 +0800] "GET /xingrg/all/function/internal_message.html?_=1680485209680&CODE_STATE=getMsg HTTP/1.1" 200 27
116.238.139.35 - - [03/Apr/2023:09:26:50 +0800] "POST /xingrg/kc/buy/cgsh_order_operate.html HTTP/1.1" 200 12
180.157.253.110 - - [03/Apr/2023:09:26:51 +0800] "GET /xingrg/all/function/internal_message.html?_=1680485211206&CODE_STATE=getMsg HTTP/1.1" 200 27
222.70.174.211 - - [03/Apr/2023:09:26:54 +0800] "POST /xingrg/services/DataTransmitService HTTP/1.1" 200 524
116.238.139.35 - - [03/Apr/2023:09:26:54 +0800] "GET /xingrg/kc/buy/cgsh_order_info.html?code=212023040300734 HTTP/1.1" 200 64475
222.70.174.211 - - [03/Apr/2023:09:26:55 +0800] "POST /xingrg/services/DataTransmitService HTTP/1.1" 200 412
116.238.139.35 - - [03/Apr/2023:09:26:55 +0800] "GET /xingrg/javascript/easyui/themes/default/validatebox.css HTTP/1.1" 404 1104
116.238.139.35 - - [03/Apr/2023:09:26:56 +0800] "POST /xingrg/kc/buy/cgsh_order_operate.html HTTP/1.1" 200 4803
222.70.174.211 - - [03/Apr/2023:09:26:56 +0800] "POST /xingrg/services/DataTransmitService HTTP/1.1" 200 524
222.70.174.211 - - [03/Apr/2023:09:26:57 +0800] "POST /xingrg/services/DataTransmitService HTTP/1.1" 200 412
124.78.155.10 - - [03/Apr/2023:09:26:58 +0800] "POST /xingrg/kc/buy/cgsh_order_operate.html HTTP/1.1" 200 37
222.70.174.211 - - [03/Apr/2023:09:26:58 +0800] "POST /xingrg/services/DataTransmitService HTTP/1.1" 200 524
116.238.139.35 - - [03/Apr/2023:09:26:59 +0800] "GET /xingrg/kc/print/load_data.html?order_code=212023040300734&kc_code=cgsh&condition= HTTP/1.1" 200 2394
222.70.174.211 - - [03/Apr/2023:09:26:59 +0800] "POST /xingrg/services/DataTransmitService HTTP/1.1" 200 412
222.70.174.211 - - [03/Apr/2023:09:27:00 +0800] "POST /xingrg/services/DataTransmitService HTTP/1.1" 200 524
222.70.174.211 - - [03/Apr/2023:09:27:01 +0800] "POST /xingrg/services/DataTransmitService HTTP/1.1" 200 412
222.70.174.211 - - [03/Apr/2023:09:27:02 +0800] "POST /xingrg/services/DataTransmitService HTTP/1.1" 200 524
222.70.174.211 - - [03/Apr/2023:09:27:03 +0800] "POST /xingrg/services/DataTransmitService HTTP/1.1" 200 412
222.70.174.211 - - [03/Apr/2023:09:27:03 +0800] "POST /xingrg/services/DataTransmitService HTTP/1.1" 200 524
222.70.174.211 - - [03/Apr/2023:09:27:04 +0800] "POST /xingrg/services/DataTransmitService HTTP/1.1" 200 412
222.70.174.211 - - [03/Apr/2023:09:27:04 +0800] "POST /xingrg/services/DataTransmitService HTTP/1.1" 200 524
222.70.174.211 - - [03/Apr/2023:09:27:05 +0800] "POST /xingrg/services/DataTransmitService HTTP/1.1" 200 412
222.70.174.211 - - [03/Apr/2023:09:27:05 +0800] "POST /xingrg/services/DataTransmitService HTTP/1.1" 200 524
222.70.174.211 - - [03/Apr/2023:09:27:06 +0800] "POST /xingrg/services/DataTransmitService HTTP/1.1" 200 412
222.70.174.211 - - [03/Apr/2023:09:27:06 +0800] "POST /xingrg/services/DataTransmitService HTTP/1.1" 200 524
116.224.158.100 - - [03/Apr/2023:09:27:06 +0800] "GET /xingrg/all/function/internal_message.html?_=1680485227550&CODE_STATE=getMsg HTTP/1.1" 200 27
222.70.174.211 - - [03/Apr/2023:09:27:07 +0800] "POST /xingrg/services/DataTransmitService HTTP/1.1" 200 412
222.70.174.211 - - [03/Apr/2023:09:27:07 +0800] "POST /xingrg/services/DataTransmitService HTTP/1.1" 200 524
222.70.182.87 - - [03/Apr/2023:09:27:08 +0800] "GET /xingrg/all/function/internal_message.html?_=1680485228407&CODE_STATE=getMsg HTTP/1.1" 200 27
222.70.174.211 - - [03/Apr/2023:09:27:08 +0800] "POST /xingrg/services/DataTransmitService HTTP/1.1" 200 412
114.83.216.80 - - [03/Apr/2023:09:27:09 +0800] "GET /xingrg/all/function/internal_message.html?_=1680485228927&CODE_STATE=getMsg HTTP/1.1" 200 27
222.70.174.211 - - [03/Apr/2023:09:27:09 +0800] "POST /xingrg/services/DataTransmitService HTTP/1.1" 200 524
222.70.174.211 - - [03/Apr/2023:09:27:10 +0800] "POST /xingrg/services/DataTransmitService HTTP/1.1" 200 412
222.70.174.211 - - [03/Apr/2023:09:27:10 +0800] "POST /xingrg/services/DataTransmitService HTTP/1.1" 200 524
222.70.174.211 - - [03/Apr/2023:09:27:11 +0800] "POST /xingrg/services/DataTransmitService HTTP/1.1" 200 412
116.224.158.100 - - [03/Apr/2023:09:27:13 +0800] "GET /xingrg/all/function/internal_message.html?_=1680485077028&CODE_STATE=getMsg HTTP/1.1" 200 27
116.224.158.100 - - [03/Apr/2023:09:27:14 +0800] "GET /xingrg/check_reg.html?_=1680485077478 HTTP/1.1" 200 22
116.238.139.35 - - [03/Apr/2023:09:27:16 +0800] "GET /xingrg/kc/buy/cgsh_order_add.html HTTP/1.1" 200 69570
116.238.139.35 - - [03/Apr/2023:09:27:16 +0800] "POST /xingrg/kc/buy/cgsh_order_operate.html HTTP/1.1" 200 8245
116.238.139.35 - - [03/Apr/2023:09:27:16 +0800] "GET /xingrg/javascript/easyui/themes/default/validatebox.css HTTP/1.1" 404 1104
222.70.174.211 - - [03/Apr/2023:09:27:17 +0800] "POST /xingrg/services/DataTransmitService HTTP/1.1" 200 524
222.70.174.211 - - [03/Apr/2023:09:27:18 +0800] "POST /xingrg/services/DataTransmitService HTTP/1.1" 200 412
222.70.174.211 - - [03/Apr/2023:09:27:19 +0800] "POST /xingrg/services/DataTransmitService HTTP/1.1" 200 524
222.70.174.211 - - [03/Apr/2023:09:27:20 +0800] "POST /xingrg/services/DataTransmitService HTTP/1.1" 200 412
222.70.174.211 - - [03/Apr/2023:09:27:21 +0800] "POST /xingrg/services/DataTransmitService HTTP/1.1" 200 524
222.70.174.211 - - [03/Apr/2023:09:27:22 +0800] "POST /xingrg/services/DataTransmitService HTTP/1.1" 200 412
222.70.174.211 - - [03/Apr/2023:09:27:22 +0800] "POST /xingrg/services/DataTransmitService HTTP/1.1" 200 524
116.238.139.35 - - [03/Apr/2023:09:27:23 +0800] "GET /xingrg/all/function/internal_message.html?_=1680485245243&CODE_STATE=getMsg HTTP/1.1" 200 27
222.70.174.211 - - [03/Apr/2023:09:27:23 +0800] "POST /xingrg/services/DataTransmitService HTTP/1.1" 200 412
222.70.174.211 - - [03/Apr/2023:09:27:23 +0800] "POST /xingrg/services/DataTransmitService HTTP/1.1" 200 524
222.70.174.211 - - [03/Apr/2023:09:27:24 +0800] "POST /xingrg/services/DataTransmitService HTTP/1.1" 200 412
116.238.139.35 - - [03/Apr/2023:09:27:29 +0800] "GET /xingrg/kc/buy/cgsh_order_operate.html?command=get_materiel&rest_code=00151&code=00101031036&supplier_code=00100393&order_time=2023-04-03 HTTP/1.1" 200 413
222.67.232.202 - - [03/Apr/2023:09:27:30 +0800] "GET /xingrg/all/function/internal_message.html?_=1680485250655&CODE_STATE=getMsg HTTP/1.1" 200 27
116.224.106.218 - - [03/Apr/2023:09:27:30 +0800] "GET /xingrg/all/function/internal_message.html?_=1680485250604&CODE_STATE=getMsg HTTP/1.1" 200 27
222.70.174.211 - - [03/Apr/2023:09:27:34 +0800] "POST /xingrg/services/DataTransmitService HTTP/1.1" 200 524
222.70.174.211 - - [03/Apr/2023:09:27:35 +0800] "POST /xingrg/services/DataTransmitService HTTP/1.1" 200 412
222.70.174.211 - - [03/Apr/2023:09:27:36 +0800] "POST /xingrg/services/DataTransmitService HTTP/1.1" 200 524
222.70.174.211 - - [03/Apr/2023:09:27:37 +0800] "POST /xingrg/services/DataTransmitService HTTP/1.1" 200 412
222.70.174.211 - - [03/Apr/2023:09:27:38 +0800] "POST /xingrg/services/DataTransmitService HTTP/1.1" 200 524
222.70.174.211 - - [03/Apr/2023:09:27:39 +0800] "POST /xingrg/services/DataTransmitService HTTP/1.1" 200 412
222.70.174.211 - - [03/Apr/2023:09:27:39 +0800] "POST /xingrg/services/DataTransmitService HTTP/1.1" 200 524
222.70.174.211 - - [03/Apr/2023:09:27:40 +0800] "POST /xingrg/services/DataTransmitService HTTP/1.1" 200 412
222.70.174.211 - - [03/Apr/2023:09:27:40 +0800] "GET /xingrg/all/function/internal_message.html?_=1680485262326&CODE_STATE=getMsg HTTP/1.1" 200 27
222.70.174.211 - - [03/Apr/2023:09:27:40 +0800] "POST /xingrg/services/DataTransmitService HTTP/1.1" 200 524
222.70.174.211 - - [03/Apr/2023:09:27:41 +0800] "POST /xingrg/services/DataTransmitService HTTP/1.1" 200 412
222.70.174.211 - - [03/Apr/2023:09:27:42 +0800] "POST /xingrg/services/DataTransmitService HTTP/1.1" 200 524
222.70.174.211 - - [03/Apr/2023:09:27:43 +0800] "POST /xingrg/services/DataTransmitService HTTP/1.1" 200 412
222.70.174.211 - - [03/Apr/2023:09:27:43 +0800] "POST /xingrg/services/DataTransmitService HTTP/1.1" 200 524
222.70.174.211 - - [03/Apr/2023:09:27:44 +0800] "POST /xingrg/services/DataTransmitService HTTP/1.1" 200 412
222.70.174.211 - - [03/Apr/2023:09:27:45 +0800] "POST /xingrg/services/DataTransmitService HTTP/1.1" 200 524
116.238.139.35 - - [03/Apr/2023:09:27:45 +0800] "GET /xingrg/all/function/internal_message.html?_=1680485178824&CODE_STATE=getMsg HTTP/1.1" 200 27
180.169.147.146 - - [03/Apr/2023:09:27:45 +0800] "GET /xingrg/check_reg.html?_=1680485265316 HTTP/1.1" 200 22
180.169.147.146 - - [03/Apr/2023:09:27:45 +0800] "GET /xingrg/all/function/internal_message.html?_=1680485265318&CODE_STATE=getMsg HTTP/1.1" 200 27
222.70.174.211 - - [03/Apr/2023:09:27:45 +0800] "POST /xingrg/services/DataTransmitService HTTP/1.1" 200 412
222.70.174.211 - - [03/Apr/2023:09:27:46 +0800] "POST /xingrg/services/DataTransmitService HTTP/1.1" 200 524
116.238.139.35 - - [03/Apr/2023:09:27:46 +0800] "GET /xingrg/kc/buy/cgsh_order_operate.html?command=get_materiel&rest_code=00151&code=00101031025&supplier_code=00100393&order_time=2023-04-03 HTTP/1.1" 200 417
222.70.174.211 - - [03/Apr/2023:09:27:47 +0800] "POST /xingrg/services/DataTransmitService HTTP/1.1" 200 412
222.70.174.211 - - [03/Apr/2023:09:27:47 +0800] "POST /xingrg/services/DataTransmitService HTTP/1.1" 200 524
180.157.253.110 - - [03/Apr/2023:09:27:47 +0800] "GET /xingrg/check_reg.html?_=1680485268676 HTTP/1.1" 200 22
222.70.174.211 - - [03/Apr/2023:09:27:48 +0800] "POST /xingrg/services/DataTransmitService HTTP/1.1" 200 412
222.70.174.211 - - [03/Apr/2023:09:27:48 +0800] "POST /xingrg/services/DataTransmitService HTTP/1.1" 200 524
120.253.135.82 - - [03/Apr/2023:09:27:49 +0800] "GET /xingrg/all/function/internal_message.html?_=1680485101866&CODE_STATE=getMsg HTTP/1.1" 200 27
222.70.174.211 - - [03/Apr/2023:09:27:49 +0800] "POST /xingrg/services/DataTransmitService HTTP/1.1" 200 412
222.70.174.211 - - [03/Apr/2023:09:27:50 +0800] "POST /xingrg/services/DataTransmitService HTTP/1.1" 200 524
180.169.147.146 - - [03/Apr/2023:09:27:50 +0800] "GET /xingrg/all/function/internal_message.html?_=1680485269674&CODE_STATE=getMsg HTTP/1.1" 200 27
180.157.253.110 - - [03/Apr/2023:09:27:51 +0800] "GET /xingrg/all/function/internal_message.html?_=1680485271199&CODE_STATE=getMsg HTTP/1.1" 200 27
222.70.174.211 - - [03/Apr/2023:09:27:51 +0800] "POST /xingrg/services/DataTransmitService HTTP/1.1" 200 412
222.70.174.211 - - [03/Apr/2023:09:27:51 +0800] "POST /xingrg/services/DataTransmitService HTTP/1.1" 200 524
222.70.174.211 - - [03/Apr/2023:09:27:52 +0800] "POST /xingrg/services/DataTransmitService HTTP/1.1" 200 412
222.70.174.211 - - [03/Apr/2023:09:27:53 +0800] "POST /xingrg/services/DataTransmitService HTTP/1.1" 200 524
222.70.174.211 - - [03/Apr/2023:09:27:55 +0800] "POST /xingrg/services/DataTransmitService HTTP/1.1" 200 412
222.70.174.211 - - [03/Apr/2023:09:27:55 +0800] "POST /xingrg/services/DataTransmitService HTTP/1.1" 200 524
222.70.174.211 - - [03/Apr/2023:09:27:56 +0800] "POST /xingrg/services/DataTransmitService HTTP/1.1" 200 412
222.70.174.211 - - [03/Apr/2023:09:27:56 +0800] "POST /xingrg/services/DataTransmitService HTTP/1.1" 200 524
222.70.174.211 - - [03/Apr/2023:09:27:57 +0800] "POST /xingrg/services/DataTransmitService HTTP/1.1" 200 412
222.70.174.211 - - [03/Apr/2023:09:27:57 +0800] "POST /xingrg/services/DataTransmitService HTTP/1.1" 200 524
222.70.174.211 - - [03/Apr/2023:09:27:58 +0800] "POST /xingrg/services/DataTransmitService HTTP/1.1" 200 412
116.238.139.35 - - [03/Apr/2023:09:27:58 +0800] "GET /xingrg/kc/buy/cgsh_order_operate.html?command=get_materiel&rest_code=00151&code=00101031038&supplier_code=00100393&order_time=2023-04-03 HTTP/1.1" 200 426
222.70.174.211 - - [03/Apr/2023:09:28:05 +0800] "POST /xingrg/services/DataTransmitService HTTP/1.1" 200 524
222.70.174.211 - - [03/Apr/2023:09:28:06 +0800] "POST /xingrg/services/DataTransmitService HTTP/1.1" 200 412
222.70.174.211 - - [03/Apr/2023:09:28:06 +0800] "POST /xingrg/services/DataTransmitService HTTP/1.1" 200 524
116.224.158.100 - - [03/Apr/2023:09:28:06 +0800] "GET /xingrg/all/function/internal_message.html?_=1680485287574&CODE_STATE=getMsg HTTP/1.1" 200 27
222.70.174.211 - - [03/Apr/2023:09:28:07 +0800] "POST /xingrg/services/DataTransmitService HTTP/1.1" 200 412
222.70.174.211 - - [03/Apr/2023:09:28:07 +0800] "POST /xingrg/services/DataTransmitService HTTP/1.1" 200 524
222.70.182.87 - - [03/Apr/2023:09:28:08 +0800] "GET /xingrg/all/function/internal_message.html?_=1680485288406&CODE_STATE=getMsg HTTP/1.1" 200 27
222.70.174.211 - - [03/Apr/2023:09:28:08 +0800] "POST /xingrg/services/DataTransmitService HTTP/1.1" 200 412
114.83.216.80 - - [03/Apr/2023:09:28:09 +0800] "GET /xingrg/all/function/internal_message.html?_=1680485288931&CODE_STATE=getMsg HTTP/1.1" 200 27
222.70.174.211 - - [03/Apr/2023:09:28:12 +0800] "POST /xingrg/services/DataTransmitService HTTP/1.1" 200 524
116.224.158.100 - - [03/Apr/2023:09:28:13 +0800] "GET /xingrg/all/function/internal_message.html?_=1680485137009&CODE_STATE=getMsg HTTP/1.1" 200 27
222.70.174.211 - - [03/Apr/2023:09:28:13 +0800] "POST /xingrg/services/DataTransmitService HTTP/1.1" 200 2335
116.238.139.35 - - [03/Apr/2023:09:28:23 +0800] "GET /xingrg/all/function/internal_message.html?_=1680485305230&CODE_STATE=getMsg HTTP/1.1" 200 27
116.238.139.35 - - [03/Apr/2023:09:28:23 +0800] "GET /xingrg/kc/buy/cgsh_order_operate.html?command=get_materiel&rest_code=00151&code=00101020313&supplier_code=00100393&order_time=2023-04-03 HTTP/1.1" 200 430
222.67.232.202 - - [03/Apr/2023:09:28:30 +0800] "GET /xingrg/all/function/internal_message.html?_=1680485310653&CODE_STATE=getMsg HTTP/1.1" 200 27
116.224.106.218 - - [03/Apr/2023:09:28:30 +0800] "GET /xingrg/all/function/internal_message.html?_=1680485310604&CODE_STATE=getMsg HTTP/1.1" 200 27
222.70.174.211 - - [03/Apr/2023:09:28:40 +0800] "GET /xingrg/all/function/internal_message.html?_=1680485322344&CODE_STATE=getMsg HTTP/1.1" 200 27
120.253.135.82 - - [03/Apr/2023:09:28:42 +0800] "GET /xingrg/check_reg.html?_=1680485154801 HTTP/1.1" 200 22
116.238.139.35 - - [03/Apr/2023:09:28:42 +0800] "GET /xingrg/kc/buy/cgsh_order_operate.html?command=get_materiel&rest_code=00151&code=00101031030&supplier_code=00100393&order_time=2023-04-03 HTTP/1.1" 200 409
116.238.139.35 - - [03/Apr/2023:09:28:45 +0800] "GET /xingrg/check_reg.html?_=1680485238782 HTTP/1.1" 200 22
116.238.139.35 - - [03/Apr/2023:09:28:45 +0800] "GET /xingrg/all/function/internal_message.html?_=1680485238839&CODE_STATE=getMsg HTTP/1.1" 200 27
180.169.147.146 - - [03/Apr/2023:09:28:45 +0800] "GET /xingrg/all/function/internal_message.html?_=1680485325318&CODE_STATE=getMsg HTTP/1.1" 200 27
120.253.135.82 - - [03/Apr/2023:09:28:49 +0800] "GET /xingrg/all/function/internal_message.html?_=1680485161885&CODE_STATE=getMsg HTTP/1.1" 200 27
180.169.147.146 - - [03/Apr/2023:09:28:50 +0800] "GET /xingrg/all/function/internal_message.html?_=1680485329685&CODE_STATE=getMsg HTTP/1.1" 200 27
180.157.253.110 - - [03/Apr/2023:09:28:51 +0800] "GET /xingrg/all/function/internal_message.html?_=1680485331199&CODE_STATE=getMsg HTTP/1.1" 200 27
116.238.139.35 - - [03/Apr/2023:09:28:54 +0800] "GET /xingrg/kc/buy/cgsh_order_operate.html?command=get_materiel&rest_code=00151&code=00101031034&supplier_code=00100393&order_time=2023-04-03 HTTP/1.1" 200 412
116.224.158.100 - - [03/Apr/2023:09:29:06 +0800] "GET /xingrg/all/function/internal_message.html?_=1680485347574&CODE_STATE=getMsg HTTP/1.1" 200 27
222.70.182.87 - - [03/Apr/2023:09:29:08 +0800] "GET /xingrg/all/function/internal_message.html?_=1680485348406&CODE_STATE=getMsg HTTP/1.1" 200 27
222.70.182.87 - - [03/Apr/2023:09:29:08 +0800] "GET /xingrg/check_reg.html?_=1680485348409 HTTP/1.1" 200 22
114.83.216.80 - - [03/Apr/2023:09:29:09 +0800] "GET /xingrg/all/function/internal_message.html?_=1680485348931&CODE_STATE=getMsg HTTP/1.1" 200 27
114.83.216.80 - - [03/Apr/2023:09:29:09 +0800] "GET /xingrg/check_reg.html?_=1680485348954 HTTP/1.1" 200 22
116.238.139.35 - - [03/Apr/2023:09:29:11 +0800] "GET /xingrg/kc/buy/cgsh_order_operate.html?command=get_materiel&rest_code=00151&code=00101031057&supplier_code=00100393&order_time=2023-04-03 HTTP/1.1" 200 421
116.224.158.100 - - [03/Apr/2023:09:29:13 +0800] "GET /xingrg/all/function/internal_message.html?_=1680485196998&CODE_STATE=getMsg HTTP/1.1" 200 27
116.238.139.35 - - [03/Apr/2023:09:29:23 +0800] "GET /xingrg/all/function/internal_message.html?_=1680485365229&CODE_STATE=getMsg HTTP/1.1" 200 27
116.238.139.35 - - [03/Apr/2023:09:29:23 +0800] "GET /xingrg/kc/buy/cgsh_order_operate.html?command=get_materiel&rest_code=00151&code=00101020311&supplier_code=00100393&order_time=2023-04-03 HTTP/1.1" 200 418
180.169.147.146 - - [03/Apr/2023:09:29:25 +0800] "GET /xingrg/kc/base/base_main.html HTTP/1.1" 200 12142
180.169.147.146 - - [03/Apr/2023:09:29:27 +0800] "GET /xingrg/kc/base/check_order_list.html HTTP/1.1" 200 16484
180.169.147.146 - - [03/Apr/2023:09:29:27 +0800] "POST /xingrg/kc/base/check_list_operate.html HTTP/1.1" 200 1569
222.67.232.202 - - [03/Apr/2023:09:29:30 +0800] "GET /xingrg/all/function/internal_message.html?_=1680485370655&CODE_STATE=getMsg HTTP/1.1" 200 27
222.67.232.202 - - [03/Apr/2023:09:29:30 +0800] "GET /xingrg/check_reg.html?_=1680485370656 HTTP/1.1" 200 22
116.224.106.218 - - [03/Apr/2023:09:29:30 +0800] "GET /xingrg/all/function/internal_message.html?_=1680485370605&CODE_STATE=getMsg HTTP/1.1" 200 27
180.169.147.146 - - [03/Apr/2023:09:29:31 +0800] "POST /xingrg/kc/base/check_list_operate.html HTTP/1.1" 200 5532
116.238.139.35 - - [03/Apr/2023:09:29:39 +0800] "GET /xingrg/kc/buy/cgsh_order_operate.html?command=get_materiel&rest_code=00151&code=00101037258&supplier_code=00100393&order_time=2023-04-03 HTTP/1.1" 200 440
222.70.174.211 - - [03/Apr/2023:09:29:40 +0800] "GET /xingrg/all/function/internal_message.html?_=1680485382353&CODE_STATE=getMsg HTTP/1.1" 200 27
180.169.147.146 - - [03/Apr/2023:09:29:42 +0800] "POST /xingrg/kc/base/check_list_operate.html HTTP/1.1" 200 4
116.238.139.35 - - [03/Apr/2023:09:29:45 +0800] "GET /xingrg/all/function/internal_message.html?_=1680485298852&CODE_STATE=getMsg HTTP/1.1" 200 27
180.169.147.146 - - [03/Apr/2023:09:29:45 +0800] "GET /xingrg/all/function/internal_message.html?_=1680485385318&CODE_STATE=getMsg HTTP/1.1" 200 27
180.169.147.146 - - [03/Apr/2023:09:29:45 +0800] "POST /xingrg/kc/base/check_list_operate.html HTTP/1.1" 200 5507
120.253.135.82 - - [03/Apr/2023:09:29:49 +0800] "GET /xingrg/all/function/internal_message.html?_=1680485221899&CODE_STATE=getMsg HTTP/1.1" 200 27
116.238.139.35 - - [03/Apr/2023:09:29:49 +0800] "GET /xingrg/kc/buy/cgsh_order_operate.html?command=get_materiel&rest_code=00151&code=00101010808&supplier_code=00100393&order_time=2023-04-03 HTTP/1.1" 200 428
180.169.147.146 - - [03/Apr/2023:09:29:50 +0800] "GET /xingrg/all/function/internal_message.html?_=1680485389669&CODE_STATE=getMsg HTTP/1.1" 200 27
180.157.253.110 - - [03/Apr/2023:09:29:51 +0800] "GET /xingrg/all/function/internal_message.html?_=1680485391201&CODE_STATE=getMsg HTTP/1.1" 200 27
180.157.253.110 - - [03/Apr/2023:09:29:51 +0800] "GET /xingrg/check_reg.html?_=1680485391204 HTTP/1.1" 200 22
116.224.158.100 - - [03/Apr/2023:09:29:53 +0800] "POST /xingrg/kc/buy/cgsh_list_operate.html HTTP/1.1" 200 2335
222.70.174.211 - - [03/Apr/2023:09:29:56 +0800] "POST /xingrg/services/DataTransmitService HTTP/1.1" 200 524
222.70.174.211 - - [03/Apr/2023:09:29:57 +0800] "POST /xingrg/services/DataTransmitService HTTP/1.1" 200 412
222.70.174.211 - - [03/Apr/2023:09:29:57 +0800] "POST /xingrg/services/DataTransmitService HTTP/1.1" 200 524
222.70.174.211 - - [03/Apr/2023:09:29:58 +0800] "POST /xingrg/services/DataTransmitService HTTP/1.1" 200 412
222.70.174.211 - - [03/Apr/2023:09:29:58 +0800] "POST /xingrg/services/DataTransmitService HTTP/1.1" 200 524
222.70.174.211 - - [03/Apr/2023:09:29:59 +0800] "POST /xingrg/services/DataTransmitService HTTP/1.1" 200 412
116.238.139.35 - - [03/Apr/2023:09:30:00 +0800] "GET /xingrg/kc/buy/cgsh_order_operate.html?command=get_materiel&rest_code=00151&code=00101037325&supplier_code=00100393&order_time=2023-04-03 HTTP/1.1" 200 424
116.224.158.100 - - [03/Apr/2023:09:30:02 +0800] "GET /xingrg/kc/mdqp/qp_main.html HTTP/1.1" 200 10633
116.224.158.100 - - [03/Apr/2023:09:30:02 +0800] "GET /xingrg/images/yd/bt.gif HTTP/1.1" 404 1040
222.70.174.211 - - [03/Apr/2023:09:30:05 +0800] "POST /xingrg/services/DataTransmitService HTTP/1.1" 200 524
222.70.174.211 - - [03/Apr/2023:09:30:06 +0800] "POST /xingrg/services/DataTransmitService HTTP/1.1" 200 2335
116.224.158.100 - - [03/Apr/2023:09:30:06 +0800] "GET /xingrg/kc/buy/buy_main.html HTTP/1.1" 200 12412
116.224.158.100 - - [03/Apr/2023:09:30:06 +0800] "GET /xingrg/css/new_ie.css HTTP/1.1" 404 1036
116.224.158.100 - - [03/Apr/2023:09:30:06 +0800] "GET /xingrg/all/function/internal_message.html?_=1680485407574&CODE_STATE=getMsg HTTP/1.1" 200 27
222.70.182.87 - - [03/Apr/2023:09:30:08 +0800] "GET /xingrg/all/function/internal_message.html?_=1680485408409&CODE_STATE=getMsg HTTP/1.1" 200 27
114.83.216.80 - - [03/Apr/2023:09:30:09 +0800] "GET /xingrg/all/function/internal_message.html?_=1680485408932&CODE_STATE=getMsg HTTP/1.1" 200 27
116.224.158.100 - - [03/Apr/2023:09:30:12 +0800] "GET /xingrg/kc/buy/cgsh_order_list.html HTTP/1.1" 200 54179
116.224.158.100 - - [03/Apr/2023:09:30:13 +0800] "GET /xingrg/all/function/internal_message.html?_=1680485256986&CODE_STATE=getMsg HTTP/1.1" 200 27
116.238.139.35 - - [03/Apr/2023:09:30:20 +0800] "GET /xingrg/kc/buy/cgsh_order_operate.html?command=get_materiel&rest_code=00151&code=00101037263&supplier_code=00100393&order_time=2023-04-03 HTTP/1.1" 200 426
116.224.158.100 - - [03/Apr/2023:09:30:20 +0800] "POST /xingrg/kc/buy/cgsh_list_operate.html HTTP/1.1" 200 3120
222.70.174.211 - - [03/Apr/2023:09:30:22 +0800] "POST /xingrg/services/DataTransmitService HTTP/1.1" 200 524
116.238.139.35 - - [03/Apr/2023:09:30:23 +0800] "GET /xingrg/all/function/internal_message.html?_=1680485425231&CODE_STATE=getMsg HTTP/1.1" 200 27
116.238.139.35 - - [03/Apr/2023:09:30:23 +0800] "GET /xingrg/check_reg.html?_=1680485425241 HTTP/1.1" 200 22
222.67.232.202 - - [03/Apr/2023:09:30:30 +0800] "GET /xingrg/all/function/internal_message.html?_=1680485430648&CODE_STATE=getMsg HTTP/1.1" 200 27
116.224.106.218 - - [03/Apr/2023:09:30:30 +0800] "GET /xingrg/check_reg.html?_=1680485430615 HTTP/1.1" 200 22
116.224.106.218 - - [03/Apr/2023:09:30:30 +0800] "GET /xingrg/all/function/internal_message.html?_=1680485430618&CODE_STATE=getMsg HTTP/1.1" 200 27
222.70.174.211 - - [03/Apr/2023:09:30:38 +0800] "GET /xingrg/check_reg.html?_=1680485440347 HTTP/1.1" 200 22
222.70.174.211 - - [03/Apr/2023:09:30:40 +0800] "GET /xingrg/all/function/internal_message.html?_=1680485442367&CODE_STATE=getMsg HTTP/1.1" 200 27
116.224.158.100 - - [03/Apr/2023:09:30:42 +0800] "POST /xingrg/kc/buy/cgsh_list_operate.html HTTP/1.1" 200 601
116.224.158.100 - - [03/Apr/2023:09:30:45 +0800] "GET /xingrg/kc/buy/cgsh_order_info.html?code=212023040300714 HTTP/1.1" 200 70052
116.238.139.35 - - [03/Apr/2023:09:30:45 +0800] "GET /xingrg/all/function/internal_message.html?_=1680485358866&CODE_STATE=getMsg HTTP/1.1" 200 27
180.169.147.146 - - [03/Apr/2023:09:30:45 +0800] "GET /xingrg/all/function/internal_message.html?_=1680485445326&CODE_STATE=getMsg HTTP/1.1" 200 27
222.70.174.211 - - [03/Apr/2023:09:30:45 +0800] "POST /xingrg/services/DataTransmitService HTTP/1.1" 200 501
116.224.158.100 - - [03/Apr/2023:09:30:45 +0800] "GET /xingrg/javascript/easyui/themes/icons/copy_new.png HTTP/1.1" 304 -
116.224.158.100 - - [03/Apr/2023:09:30:45 +0800] "GET /xingrg/javascript/easyui/themes/default/validatebox.css HTTP/1.1" 404 1104
116.238.139.35 - - [03/Apr/2023:09:30:48 +0800] "POST /xingrg/kc/buy/cgsh_order_operate.html HTTP/1.1" 200 37
116.224.158.100 - - [03/Apr/2023:09:30:48 +0800] "POST /xingrg/kc/buy/cgsh_order_operate.html HTTP/1.1" 200 5665
222.70.174.211 - - [03/Apr/2023:09:30:49 +0800] "POST /xingrg/services/DataTransmitService HTTP/1.1" 200 524
120.253.135.82 - - [03/Apr/2023:09:30:49 +0800] "GET /xingrg/all/function/internal_message.html?_=1680485281928&CODE_STATE=getMsg HTTP/1.1" 200 27
222.70.174.211 - - [03/Apr/2023:09:30:50 +0800] "POST /xingrg/services/DataTransmitService HTTP/1.1" 200 412
180.169.147.146 - - [03/Apr/2023:09:30:50 +0800] "GET /xingrg/all/function/internal_message.html?_=1680485449678&CODE_STATE=getMsg HTTP/1.1" 200 27
180.157.253.110 - - [03/Apr/2023:09:30:51 +0800] "GET /xingrg/all/function/internal_message.html?_=1680485451192&CODE_STATE=getMsg HTTP/1.1" 200 27
222.70.174.211 - - [03/Apr/2023:09:30:51 +0800] "POST /xingrg/services/DataTransmitService HTTP/1.1" 200 524
222.70.174.211 - - [03/Apr/2023:09:30:52 +0800] "POST /xingrg/services/DataTransmitService HTTP/1.1" 200 412
222.70.174.211 - - [03/Apr/2023:09:30:54 +0800] "POST /xingrg/services/DataTransmitService HTTP/1.1" 200 524
222.70.174.211 - - [03/Apr/2023:09:30:55 +0800] "POST /xingrg/services/DataTransmitService HTTP/1.1" 200 412
116.238.139.35 - - [03/Apr/2023:09:30:55 +0800] "POST /xingrg/kc/buy/cgsh_order_operate.html HTTP/1.1" 200 12
222.70.174.211 - - [03/Apr/2023:09:30:55 +0800] "POST /xingrg/services/DataTransmitService HTTP/1.1" 200 524
222.70.174.211 - - [03/Apr/2023:09:30:57 +0800] "POST /xingrg/services/DataTransmitService HTTP/1.1" 200 412
222.70.174.211 - - [03/Apr/2023:09:30:57 +0800] "POST /xingrg/services/DataTransmitService HTTP/1.1" 200 524
116.238.139.35 - - [03/Apr/2023:09:30:57 +0800] "GET /xingrg/kc/buy/cgsh_order_info.html?code=212023040300735 HTTP/1.1" 200 64487
222.70.174.211 - - [03/Apr/2023:09:30:58 +0800] "POST /xingrg/services/DataTransmitService HTTP/1.1" 200 412
116.238.139.35 - - [03/Apr/2023:09:30:58 +0800] "GET /xingrg/javascript/easyui/themes/default/validatebox.css HTTP/1.1" 404 1104
116.238.139.35 - - [03/Apr/2023:09:30:59 +0800] "POST /xingrg/kc/buy/cgsh_order_operate.html HTTP/1.1" 200 7322
222.70.174.211 - - [03/Apr/2023:09:31:00 +0800] "POST /xingrg/services/DataTransmitService HTTP/1.1" 200 524
116.238.139.35 - - [03/Apr/2023:09:31:01 +0800] "GET /xingrg/kc/print/load_data.html?order_code=212023040300735&kc_code=cgsh&condition= HTTP/1.1" 200 3432
222.70.174.211 - - [03/Apr/2023:09:31:01 +0800] "POST /xingrg/services/DataTransmitService HTTP/1.1" 200 412
116.224.158.100 - - [03/Apr/2023:09:31:07 +0800] "GET /xingrg/check_reg.html?_=1680485467589 HTTP/1.1" 200 22
116.224.158.100 - - [03/Apr/2023:09:31:07 +0800] "GET /xingrg/all/function/internal_message.html?_=1680485467591&CODE_STATE=getMsg HTTP/1.1" 200 27
222.70.182.87 - - [03/Apr/2023:09:31:08 +0800] "GET /xingrg/all/function/internal_message.html?_=1680485468409&CODE_STATE=getMsg HTTP/1.1" 200 27
114.83.216.80 - - [03/Apr/2023:09:31:09 +0800] "GET /xingrg/all/function/internal_message.html?_=1680485468935&CODE_STATE=getMsg HTTP/1.1" 200 27
116.224.158.100 - - [03/Apr/2023:09:31:11 +0800] "GET /xingrg/javascript/auto/indicator.gif HTTP/1.1" 404 1066
222.70.174.211 - - [03/Apr/2023:09:31:12 +0800] "POST /xingrg/services/DataTransmitService HTTP/1.1" 200 524
222.70.174.211 - - [03/Apr/2023:09:31:13 +0800] "POST /xingrg/services/DataTransmitService HTTP/1.1" 200 412
222.70.174.211 - - [03/Apr/2023:09:31:13 +0800] "POST /xingrg/services/DataTransmitService HTTP/1.1" 200 524
116.224.158.100 - - [03/Apr/2023:09:31:13 +0800] "GET /xingrg/all/function/internal_message.html?_=1680485316961&CODE_STATE=getMsg HTTP/1.1" 200 27
222.70.174.211 - - [03/Apr/2023:09:31:14 +0800] "POST /xingrg/services/DataTransmitService HTTP/1.1" 200 412
222.70.174.211 - - [03/Apr/2023:09:31:14 +0800] "POST /xingrg/services/DataTransmitService HTTP/1.1" 200 524
222.70.174.211 - - [03/Apr/2023:09:31:15 +0800] "POST /xingrg/services/DataTransmitService HTTP/1.1" 200 412
222.70.174.211 - - [03/Apr/2023:09:31:15 +0800] "POST /xingrg/services/DataTransmitService HTTP/1.1" 200 524
222.70.174.211 - - [03/Apr/2023:09:31:16 +0800] "POST /xingrg/services/DataTransmitService HTTP/1.1" 200 412
222.70.174.211 - - [03/Apr/2023:09:31:17 +0800] "POST /xingrg/services/DataTransmitService HTTP/1.1" 200 524
222.70.174.211 - - [03/Apr/2023:09:31:18 +0800] "POST /xingrg/services/DataTransmitService HTTP/1.1" 200 412
222.70.174.211 - - [03/Apr/2023:09:31:18 +0800] "POST /xingrg/services/DataTransmitService HTTP/1.1" 200 524
222.70.174.211 - - [03/Apr/2023:09:31:19 +0800] "POST /xingrg/services/DataTransmitService HTTP/1.1" 200 412
116.238.139.35 - - [03/Apr/2023:09:31:23 +0800] "GET /xingrg/all/function/internal_message.html?_=1680485485240&CODE_STATE=getMsg HTTP/1.1" 200 27
222.67.232.202 - - [03/Apr/2023:09:31:30 +0800] "GET /xingrg/all/function/internal_message.html?_=1680485490645&CODE_STATE=getMsg HTTP/1.1" 200 27
116.224.106.218 - - [03/Apr/2023:09:31:30 +0800] "GET /xingrg/all/function/internal_message.html?_=1680485490618&CODE_STATE=getMsg HTTP/1.1" 200 27
58.40.7.146 - - [03/Apr/2023:09:31:38 +0800] "GET /xingrg/check_reg.html?_=1680485498182 HTTP/1.1" 200 22
116.224.158.100 - - [03/Apr/2023:09:31:39 +0800] "POST /xingrg/kc/buy/cgsh_list_operate.html HTTP/1.1" 200 201
222.70.174.211 - - [03/Apr/2023:09:31:40 +0800] "GET /xingrg/all/function/internal_message.html?_=1680485502380&CODE_STATE=getMsg HTTP/1.1" 200 27
116.238.139.35 - - [03/Apr/2023:09:31:45 +0800] "GET /xingrg/all/function/internal_message.html?_=1680485418879&CODE_STATE=getMsg HTTP/1.1" 200 27
180.169.147.146 - - [03/Apr/2023:09:31:45 +0800] "GET /xingrg/all/function/internal_message.html?_=1680485505323&CODE_STATE=getMsg HTTP/1.1" 200 27
116.224.158.100 - - [03/Apr/2023:09:31:46 +0800] "POST /xingrg/kc/buy/cgsh_list_operate.html HTTP/1.1" 200 564
222.70.182.87 - - [03/Apr/2023:09:31:48 +0800] "GET /xingrg/kc/buy/cgsh_order_add.html HTTP/1.1" 200 69917
222.70.182.87 - - [03/Apr/2023:09:31:48 +0800] "POST /xingrg/kc/buy/cgsh_order_operate.html HTTP/1.1" 200 8245
222.70.182.87 - - [03/Apr/2023:09:31:48 +0800] "GET /xingrg/javascript/easyui/themes/default/validatebox.css HTTP/1.1" 404 1104
116.224.158.100 - - [03/Apr/2023:09:31:48 +0800] "GET /xingrg/kc/buy/cgsh_order_info.html?code=212023040300721 HTTP/1.1" 200 70046
116.224.158.100 - - [03/Apr/2023:09:31:49 +0800] "GET /xingrg/javascript/easyui/themes/default/validatebox.css HTTP/1.1" 404 1104
120.253.135.82 - - [03/Apr/2023:09:31:49 +0800] "GET /xingrg/all/function/internal_message.html?_=1680485341940&CODE_STATE=getMsg HTTP/1.1" 200 27
116.224.158.100 - - [03/Apr/2023:09:31:49 +0800] "POST /xingrg/kc/buy/cgsh_order_operate.html HTTP/1.1" 200 34599
180.169.147.146 - - [03/Apr/2023:09:31:50 +0800] "GET /xingrg/check_reg.html?_=1680485509679 HTTP/1.1" 200 22
180.169.147.146 - - [03/Apr/2023:09:31:50 +0800] "GET /xingrg/all/function/internal_message.html?_=1680485509685&CODE_STATE=getMsg HTTP/1.1" 200 27
180.157.253.110 - - [03/Apr/2023:09:31:51 +0800] "GET /xingrg/all/function/internal_message.html?_=1680485511203&CODE_STATE=getMsg HTTP/1.1" 200 27
116.224.158.100 - - [03/Apr/2023:09:32:06 +0800] "GET /xingrg/all/function/internal_message.html?_=1680485527575&CODE_STATE=getMsg HTTP/1.1" 200 27
222.70.182.87 - - [03/Apr/2023:09:32:08 +0800] "GET /xingrg/all/function/internal_message.html?_=1680485528417&CODE_STATE=getMsg HTTP/1.1" 200 27
114.83.216.80 - - [03/Apr/2023:09:32:09 +0800] "GET /xingrg/all/function/internal_message.html?_=1680485528946&CODE_STATE=getMsg HTTP/1.1" 200 27
116.224.158.100 - - [03/Apr/2023:09:32:13 +0800] "GET /xingrg/all/function/internal_message.html?_=1680485376946&CODE_STATE=getMsg HTTP/1.1" 200 27
116.224.158.100 - - [03/Apr/2023:09:32:14 +0800] "GET /xingrg/check_reg.html?_=1680485377486 HTTP/1.1" 200 22
