124.79.72.155 - - [03/Apr/2023:11:13:53 +0800] "GET /xingrg/all/function/internal_message.html?_=1680491636740&CODE_STATE=getMsg HTTP/1.1" 200 27
124.79.72.155 - - [03/Apr/2023:11:13:53 +0800] "GET /xingrg/check_reg.html?_=1680491636743 HTTP/1.1" 200 22
116.224.158.100 - - [03/Apr/2023:11:13:54 +0800] "GET /xingrg/kc/base/wldb_order_operate.html?command=get_materiel&rest_code=00105&base_code=0010507&code=00101019536 HTTP/1.1" 200 471
120.253.135.82 - - [03/Apr/2023:11:13:54 +0800] "GET /xingrg/all/function/internal_message.html?_=1680491634537&CODE_STATE=getMsg HTTP/1.1" 200 27
116.224.158.100 - - [03/Apr/2023:11:13:56 +0800] "GET /xingrg/kc/buy/cgsh_order_operate.html?command=get_materiel&rest_code=00105&code=00101001029&supplier_code=00100312&order_time=2023-04-03 HTTP/1.1" 200 417
101.229.22.234 - - [03/Apr/2023:11:14:01 +0800] "GET /xingrg/kc/buy/cgsh_order_operate.html?command=get_materiel&rest_code=00142&code=00101008355&supplier_code=00100161&order_time=2023-04-03 HTTP/1.1" 200 408
180.169.147.146 - - [03/Apr/2023:11:14:03 +0800] "GET /xingrg/all/function/internal_message.html?_=1680491642722&CODE_STATE=getMsg HTTP/1.1" 302 -
114.83.216.80 - - [03/Apr/2023:11:14:04 +0800] "GET /xingrg/all/function/internal_message.html?_=1680491644001&CODE_STATE=getMsg HTTP/1.1" 200 27
222.67.232.202 - - [03/Apr/2023:11:14:04 +0800] "GET /xingrg/all/function/internal_message.html?_=1680491645147&CODE_STATE=getMsg HTTP/1.1" 200 27
116.224.158.100 - - [03/Apr/2023:11:14:06 +0800] "GET /xingrg/kc/base/wldb_order_operate.html?command=get_materiel&rest_code=00105&base_code=0010507&code=00101019184 HTTP/1.1" 200 458
180.169.147.146 - - [03/Apr/2023:11:14:09 +0800] "GET /xingrg/all/function/internal_message.html?_=1680491649566&CODE_STATE=getMsg HTTP/1.1" 200 27
180.169.147.146 - - [03/Apr/2023:11:14:09 +0800] "GET /xingrg/check_reg.html?_=1680491649571 HTTP/1.1" 200 22
101.229.22.234 - - [03/Apr/2023:11:14:11 +0800] "GET /xingrg/kc/buy/cgsh_order_operate.html?command=get_materiel&rest_code=00142&code=00101008024&supplier_code=00100161&order_time=2023-04-03 HTTP/1.1" 200 408
116.224.158.100 - - [03/Apr/2023:11:14:12 +0800] "GET /xingrg/all/function/internal_message.html?_=1680491653250&CODE_STATE=getMsg HTTP/1.1" 200 27
116.192.124.172 - - [03/Apr/2023:11:14:12 +0800] "GET /xingrg/all/function/internal_message.html?_=1680491655212&CODE_STATE=getMsg HTTP/1.1" 200 27
116.224.158.100 - - [03/Apr/2023:11:14:14 +0800] "POST /xingrg/kc/buy/cgsh_order_operate.html HTTP/1.1" 200 37
116.224.158.100 - - [03/Apr/2023:11:14:16 +0800] "POST /xingrg/kc/buy/cgsh_order_operate.html HTTP/1.1" 200 6804
116.224.158.100 - - [03/Apr/2023:11:14:17 +0800] "GET /xingrg/kc/print/load_data.html?order_code=212023040300788&kc_code=cgsh&condition= HTTP/1.1" 200 2252
101.229.22.234 - - [03/Apr/2023:11:14:19 +0800] "GET /xingrg/kc/buy/cgsh_order_operate.html?command=get_materiel&rest_code=00142&code=00101008356&supplier_code=00100161&order_time=2023-04-03 HTTP/1.1" 200 408
222.70.182.87 - - [03/Apr/2023:11:14:20 +0800] "GET /xingrg/all/function/internal_message.html?_=1680491659801&CODE_STATE=getMsg HTTP/1.1" 200 27
180.169.147.146 - - [03/Apr/2023:11:14:21 +0800] "GET /xingrg/all/function/internal_message.html?_=1680491659825&CODE_STATE=getMsg HTTP/1.1" 200 27
180.169.147.146 - - [03/Apr/2023:11:14:21 +0800] "GET /xingrg/check_reg.html?_=1680491659827 HTTP/1.1" 200 22
116.224.158.100 - - [03/Apr/2023:11:14:21 +0800] "GET /xingrg/kc/buy/cgsh_order_add.html HTTP/1.1" 200 70043
180.157.253.110 - - [03/Apr/2023:11:14:21 +0800] "GET /xingrg/all/function/internal_message.html?_=1680491661447&CODE_STATE=getMsg HTTP/1.1" 200 27
116.224.158.100 - - [03/Apr/2023:11:14:21 +0800] "POST /xingrg/kc/buy/cgsh_order_operate.html HTTP/1.1" 200 8245
116.224.158.100 - - [03/Apr/2023:11:14:21 +0800] "GET /xingrg/javascript/easyui/themes/default/validatebox.css HTTP/1.1" 404 1104
101.229.22.234 - - [03/Apr/2023:11:14:23 +0800] "GET /xingrg/all/function/internal_message.html?_=1680491662958&CODE_STATE=getMsg HTTP/1.1" 200 27
124.78.155.10 - - [03/Apr/2023:11:14:23 +0800] "GET /xingrg/all/function/internal_message.html?_=1680491663975&CODE_STATE=getMsg HTTP/1.1" 200 27
120.253.135.82 - - [03/Apr/2023:11:14:25 +0800] "GET /xingrg/all/function/internal_message.html?_=1680491497647&CODE_STATE=getMsg HTTP/1.1" 200 27
222.70.174.211 - - [03/Apr/2023:11:14:25 +0800] "GET /xingrg/all/function/internal_message.html?_=1680491667432&CODE_STATE=getMsg HTTP/1.1" 200 27
101.229.22.234 - - [03/Apr/2023:11:14:29 +0800] "GET /xingrg/kc/buy/cgsh_order_operate.html?command=get_materiel&rest_code=00142&code=00101008353&supplier_code=00100161&order_time=2023-04-03 HTTP/1.1" 200 408
116.224.158.100 - - [03/Apr/2023:11:14:30 +0800] "POST /xingrg/kc/base/wldb_order_operate.html HTTP/1.1" 200 37
116.224.158.100 - - [03/Apr/2023:11:14:31 +0800] "POST /xingrg/kc/base/wldb_order_operate.html HTTP/1.1" 200 3672
116.224.158.100 - - [03/Apr/2023:11:14:32 +0800] "GET /xingrg/kc/base/wldb_order_info.html?code=422023040300220 HTTP/1.1" 200 30395
116.224.158.100 - - [03/Apr/2023:11:14:32 +0800] "GET /xingrg/javascript/easyui/themes/default/validatebox.css HTTP/1.1" 404 1104
116.224.158.100 - - [03/Apr/2023:11:14:33 +0800] "POST /xingrg/kc/base/wldb_order_operate.html HTTP/1.1" 200 3672
116.224.158.100 - - [03/Apr/2023:11:14:35 +0800] "GET /xingrg/kc/buy/cgsh_order_operate.html?command=get_materiel&rest_code=00105&code=00101003035&supplier_code=00100092&order_time=2023-04-03 HTTP/1.1" 200 413
180.164.3.199 - - [03/Apr/2023:11:14:35 +0800] "GET /xingrg/all/function/internal_message.html?_=1680491674989&CODE_STATE=getMsg HTTP/1.1" 200 27
116.224.158.100 - - [03/Apr/2023:11:14:41 +0800] "GET /xingrg/all/function/internal_message.html?_=1680491524817&CODE_STATE=getMsg HTTP/1.1" 200 27
101.229.22.234 - - [03/Apr/2023:11:14:44 +0800] "GET /xingrg/kc/buy/cgsh_order_operate.html?command=get_materiel&rest_code=00142&code=00101008351&supplier_code=00100161&order_time=2023-04-03 HTTP/1.1" 200 408
116.238.139.35 - - [03/Apr/2023:11:14:46 +0800] "GET /xingrg/all/function/internal_message.html?_=1680491688952&CODE_STATE=getMsg HTTP/1.1" 200 27
116.227.208.255 - - [03/Apr/2023:11:14:48 +0800] "GET /xingrg/all/function/internal_message.html?_=1680491783319&CODE_STATE=getMsg HTTP/1.1" 200 27
116.238.139.35 - - [03/Apr/2023:11:14:49 +0800] "GET /xingrg/all/function/internal_message.html?_=1680491602845&CODE_STATE=getMsg HTTP/1.1" 302 -
180.169.147.146 - - [03/Apr/2023:11:14:50 +0800] "GET /xingrg/all/report/report_query.html?fileName=dma/new_5.0/menu/menu_category_hz.xml HTTP/1.1" 200 53064
180.169.147.146 - - [03/Apr/2023:11:14:50 +0800] "GET /xingrg/dwr/interface/AjaxReportQueryService.js HTTP/1.1" 200 13203
180.169.147.146 - - [03/Apr/2023:11:14:50 +0800] "GET /xingrg/dwr/engine.js HTTP/1.1" 200 43631
180.169.147.146 - - [03/Apr/2023:11:14:50 +0800] "POST /xingrg/dwr/call/plaincall/AjaxReportQueryService.getFixDate.dwr HTTP/1.1" 200 111
180.169.147.146 - - [03/Apr/2023:11:14:50 +0800] "POST /xingrg/all/common/load_tree.html?tree=area_station_tree_json&manage=1 HTTP/1.1" 200 1906
180.169.147.146 - - [03/Apr/2023:11:14:52 +0800] "GET /xingrg/all/report/report_query.html?fileName=dma/new_5.0/menu/menu_stca_hz.xml HTTP/1.1" 200 51418
180.169.147.146 - - [03/Apr/2023:11:14:52 +0800] "GET /xingrg/dwr/interface/AjaxReportQueryService.js HTTP/1.1" 200 13203
180.169.147.146 - - [03/Apr/2023:11:14:52 +0800] "GET /xingrg/dwr/engine.js HTTP/1.1" 200 43631
180.169.147.146 - - [03/Apr/2023:11:14:52 +0800] "POST /xingrg/dwr/call/plaincall/AjaxReportQueryService.getFixDate.dwr HTTP/1.1" 200 111
180.169.147.146 - - [03/Apr/2023:11:14:52 +0800] "POST /xingrg/all/common/load_tree.html?tree=area_station_tree_json&manage=1 HTTP/1.1" 200 1906
116.224.158.100 - - [03/Apr/2023:11:14:53 +0800] "GET /xingrg/kc/buy/cgsh_order_operate.html?command=get_materiel&rest_code=00105&code=00101003079&supplier_code=00100092&order_time=2023-04-03 HTTP/1.1" 200 423
124.79.72.155 - - [03/Apr/2023:11:14:53 +0800] "GET /xingrg/all/function/internal_message.html?_=1680491696741&CODE_STATE=getMsg HTTP/1.1" 200 27
180.169.147.146 - - [03/Apr/2023:11:14:54 +0800] "POST /xingrg/dwr/call/plaincall/AjaxReportQueryService.getFixDate.dwr HTTP/1.1" 200 111
101.229.22.234 - - [03/Apr/2023:11:14:54 +0800] "GET /xingrg/kc/buy/cgsh_order_operate.html?command=get_materiel&rest_code=00142&code=00101008366&supplier_code=00100161&order_time=2023-04-03 HTTP/1.1" 200 408
120.253.135.82 - - [03/Apr/2023:11:14:54 +0800] "GET /xingrg/all/function/internal_message.html?_=1680491694554&CODE_STATE=getMsg HTTP/1.1" 200 27
180.169.147.146 - - [03/Apr/2023:11:14:59 +0800] "POST /xingrg/dwr/call/plaincall/AjaxReportQueryService.refreshCache.dwr HTTP/1.1" 200 78
180.169.147.146 - - [03/Apr/2023:11:15:00 +0800] "POST /xingrg/all/report/load_report_page.html HTTP/1.1" 200 61496
180.169.147.146 - - [03/Apr/2023:11:15:00 +0800] "GET /xingrg/servlets/image?cache=0.8125067758637387&image=px HTTP/1.1" 200 807
180.164.3.199 - - [03/Apr/2023:11:15:02 +0800] "GET /xingrg/kc/buy/cgsh_order_operate.html?command=get_materiel&rest_code=00108&code=00101022052&supplier_code=00100007&order_time=2023-04-03 HTTP/1.1" 200 412
180.169.147.146 - - [03/Apr/2023:11:15:03 +0800] "GET /xingrg/all/function/internal_message.html?_=1680491702723&CODE_STATE=getMsg HTTP/1.1" 302 -
114.83.216.80 - - [03/Apr/2023:11:15:04 +0800] "GET /xingrg/all/function/internal_message.html?_=1680491703999&CODE_STATE=getMsg HTTP/1.1" 200 27
222.67.232.202 - - [03/Apr/2023:11:15:04 +0800] "GET /xingrg/all/function/internal_message.html?_=1680491705152&CODE_STATE=getMsg HTTP/1.1" 200 27
116.224.158.100 - - [03/Apr/2023:11:15:09 +0800] "POST /xingrg/kc/buy/cgsh_order_operate.html HTTP/1.1" 200 37
180.169.147.146 - - [03/Apr/2023:11:15:09 +0800] "GET /xingrg/all/function/internal_message.html?_=1680491709590&CODE_STATE=getMsg HTTP/1.1" 200 27
101.229.22.234 - - [03/Apr/2023:11:15:10 +0800] "GET /xingrg/kc/buy/cgsh_order_operate.html?command=get_materiel&rest_code=00142&code=00101008264&supplier_code=00100161&order_time=2023-04-03 HTTP/1.1" 200 412
116.224.158.100 - - [03/Apr/2023:11:15:12 +0800] "GET /xingrg/all/function/internal_message.html?_=1680491713203&CODE_STATE=getMsg HTTP/1.1" 200 27
116.192.124.172 - - [03/Apr/2023:11:15:12 +0800] "GET /xingrg/all/function/internal_message.html?_=1680491715214&CODE_STATE=getMsg HTTP/1.1" 200 27
116.224.158.100 - - [03/Apr/2023:11:15:13 +0800] "POST /xingrg/kc/buy/cgsh_order_operate.html HTTP/1.1" 200 3265
116.224.158.100 - - [03/Apr/2023:11:15:13 +0800] "GET /xingrg/check_reg.html?_=1680491713836 HTTP/1.1" 200 22
180.164.3.199 - - [03/Apr/2023:11:15:14 +0800] "GET /xingrg/kc/buy/cgsh_order_operate.html?command=get_materiel&rest_code=00108&code=00101008213&supplier_code=00100007&order_time=2023-04-03 HTTP/1.1" 200 412
116.224.158.100 - - [03/Apr/2023:11:15:14 +0800] "GET /xingrg/kc/print/load_data.html?order_code=212023040300789&kc_code=cgsh&condition= HTTP/1.1" 200 966
180.164.3.199 - - [03/Apr/2023:11:15:16 +0800] "POST /xingrg/kc/buy/cgsh_order_operate.html HTTP/1.1" 200 2065
116.224.158.100 - - [03/Apr/2023:11:15:18 +0800] "GET /xingrg/kc/buy/cgsh_order_add.html HTTP/1.1" 200 70043
116.224.158.100 - - [03/Apr/2023:11:15:19 +0800] "POST /xingrg/kc/buy/cgsh_order_operate.html HTTP/1.1" 200 8245
116.224.158.100 - - [03/Apr/2023:11:15:19 +0800] "GET /xingrg/javascript/easyui/themes/default/validatebox.css HTTP/1.1" 404 1104
222.70.182.87 - - [03/Apr/2023:11:15:20 +0800] "GET /xingrg/all/function/internal_message.html?_=1680491719786&CODE_STATE=getMsg HTTP/1.1" 200 27
180.169.147.146 - - [03/Apr/2023:11:15:21 +0800] "GET /xingrg/all/function/internal_message.html?_=1680491719828&CODE_STATE=getMsg HTTP/1.1" 200 27
180.157.253.110 - - [03/Apr/2023:11:15:21 +0800] "GET /xingrg/all/function/internal_message.html?_=1680491721445&CODE_STATE=getMsg HTTP/1.1" 200 27
180.157.253.110 - - [03/Apr/2023:11:15:21 +0800] "GET /xingrg/check_reg.html?_=1680491721446 HTTP/1.1" 200 22
101.229.22.234 - - [03/Apr/2023:11:15:23 +0800] "GET /xingrg/all/function/internal_message.html?_=1680491722977&CODE_STATE=getMsg HTTP/1.1" 200 27
101.229.22.234 - - [03/Apr/2023:11:15:23 +0800] "GET /xingrg/kc/buy/cgsh_order_operate.html?command=get_materiel&rest_code=00142&code=00101008373&supplier_code=00100161&order_time=2023-04-03 HTTP/1.1" 200 412
124.78.155.10 - - [03/Apr/2023:11:15:23 +0800] "GET /xingrg/all/function/internal_message.html?_=1680491723977&CODE_STATE=getMsg HTTP/1.1" 200 27
120.253.135.82 - - [03/Apr/2023:11:15:24 +0800] "GET /xingrg/check_reg.html?_=1680491557402 HTTP/1.1" 200 22
120.253.135.82 - - [03/Apr/2023:11:15:25 +0800] "GET /xingrg/all/function/internal_message.html?_=1680491557660&CODE_STATE=getMsg HTTP/1.1" 200 27
222.70.174.211 - - [03/Apr/2023:11:15:25 +0800] "GET /xingrg/all/function/internal_message.html?_=1680491727444&CODE_STATE=getMsg HTTP/1.1" 200 27
116.224.158.100 - - [03/Apr/2023:11:15:29 +0800] "GET /xingrg/kc/buy/cgsh_order_operate.html?command=get_materiel&rest_code=00105&code=00101007032&supplier_code=00100328&order_time=2023-04-03 HTTP/1.1" 200 413
101.229.22.234 - - [03/Apr/2023:11:15:32 +0800] "GET /xingrg/kc/buy/cgsh_order_operate.html?command=get_materiel&rest_code=00142&code=00101008354&supplier_code=00100161&order_time=2023-04-03 HTTP/1.1" 200 412
180.164.3.199 - - [03/Apr/2023:11:15:33 +0800] "GET /xingrg/kc/buy/cgsh_order_operate.html?command=get_materiel&rest_code=00108&code=00101008257&supplier_code=00100007&order_time=2023-04-03 HTTP/1.1" 200 416
180.164.3.199 - - [03/Apr/2023:11:15:35 +0800] "GET /xingrg/all/function/internal_message.html?_=1680491734981&CODE_STATE=getMsg HTTP/1.1" 200 27
116.224.158.100 - - [03/Apr/2023:11:15:36 +0800] "POST /xingrg/kc/buy/cgsh_order_operate.html HTTP/1.1" 200 37
116.224.158.100 - - [03/Apr/2023:11:15:38 +0800] "POST /xingrg/kc/buy/cgsh_order_operate.html HTTP/1.1" 200 2658
116.224.158.100 - - [03/Apr/2023:11:15:40 +0800] "GET /xingrg/kc/print/load_data.html?order_code=212023040300790&kc_code=cgsh&condition= HTTP/1.1" 200 671
180.164.3.199 - - [03/Apr/2023:11:15:41 +0800] "GET /xingrg/kc/buy/cgsh_order_operate.html?command=get_materiel&rest_code=00108&code=00101008163&supplier_code=00100007&order_time=2023-04-03 HTTP/1.1" 200 409
116.224.158.100 - - [03/Apr/2023:11:15:41 +0800] "GET /xingrg/all/function/internal_message.html?_=1680491584797&CODE_STATE=getMsg HTTP/1.1" 200 27
101.229.22.234 - - [03/Apr/2023:11:15:42 +0800] "GET /xingrg/kc/buy/cgsh_order_operate.html?command=get_materiel&rest_code=00142&code=00101008323&supplier_code=00100161&order_time=2023-04-03 HTTP/1.1" 200 408
116.238.139.35 - - [03/Apr/2023:11:15:46 +0800] "GET /xingrg/all/function/internal_message.html?_=1680491748939&CODE_STATE=getMsg HTTP/1.1" 200 27
116.227.208.255 - - [03/Apr/2023:11:15:48 +0800] "GET /xingrg/all/function/internal_message.html?_=1680491843315&CODE_STATE=getMsg HTTP/1.1" 200 27
116.238.139.35 - - [03/Apr/2023:11:15:49 +0800] "GET /xingrg/all/function/internal_message.html?_=1680491662850&CODE_STATE=getMsg HTTP/1.1" 302 -
180.169.147.146 - - [03/Apr/2023:11:15:51 +0800] "GET /xingrg/all/report/report_query.html?isQuery=1&fileName=dma/new_5.0/menu/menu_hz.xml&queryString=(a.sale_day%2520between%252020230301%2520and%252020230331)%2520and%2520(a.sid%2520in%2520(12))%2520and%2520(a.tj_code%253D17)&queryText=%25E3%2580%2590%25E8%2590%25A5%25E4%25B8%259A%25E6%2597%25A5%25E6%259C%259F%253A2023-03-01%2520%25E8%2587%25B3%25202023-03-31%25E3%2580%2591%2520%25E5%25B9%25B6%25E4%25B8%2594%2520%2520%25E3%2580%2590%25E9%2597%25A8%25E5%25BA%2597%25E5%2590%258D%25E7%25A7%25B0%2520%253D%2520%25E6%25B7%25B1%25E6%25B5%25B7%25E6%25B8%2594%25E6%25B8%25AF%25E9%2595%25BF%25E9%2598%25B3%25E8%25B7%25AF%25E3%2580%2591%2520%25E5%25B9%25B6%25E4%25B8%2594%2520%25E3%2580%2590%25E7%25BB%259F%25E8%25AE%25A1%25E7%25B1%25BB%25E5%2588%25AB%2520%253D%2520%25E4%25BC%259A%25E5%2591%2598%25E5%258D%25A1%25E3%2580%2591 HTTP/1.1" 200 54120
180.169.147.146 - - [03/Apr/2023:11:15:51 +0800] "GET /xingrg/dwr/engine.js HTTP/1.1" 200 43631
180.169.147.146 - - [03/Apr/2023:11:15:51 +0800] "GET /favicon.ico HTTP/1.1" 404 -
180.169.147.146 - - [03/Apr/2023:11:15:52 +0800] "POST /xingrg/all/report/load_report_page.html HTTP/1.1" 200 26814
180.169.147.146 - - [03/Apr/2023:11:15:52 +0800] "GET /xingrg/servlets/image?cache=0.06546873711654144&image=px HTTP/1.1" 200 807
116.224.158.100 - - [03/Apr/2023:11:15:52 +0800] "GET /xingrg/kc/buy/cgsh_order_add.html HTTP/1.1" 200 70043
116.224.158.100 - - [03/Apr/2023:11:15:52 +0800] "POST /xingrg/kc/buy/cgsh_order_operate.html HTTP/1.1" 200 8245
116.224.158.100 - - [03/Apr/2023:11:15:52 +0800] "GET /xingrg/javascript/easyui/themes/default/validatebox.css HTTP/1.1" 404 1104
124.79.72.155 - - [03/Apr/2023:11:15:53 +0800] "GET /xingrg/all/function/internal_message.html?_=1680491756745&CODE_STATE=getMsg HTTP/1.1" 200 27
101.229.22.234 - - [03/Apr/2023:11:15:53 +0800] "GET /xingrg/kc/buy/cgsh_order_operate.html?command=get_materiel&rest_code=00142&code=00101008459&supplier_code=00100161&order_time=2023-04-03 HTTP/1.1" 200 409
120.253.135.82 - - [03/Apr/2023:11:15:54 +0800] "GET /xingrg/all/function/internal_message.html?_=1680491754557&CODE_STATE=getMsg HTTP/1.1" 200 27
180.164.3.199 - - [03/Apr/2023:11:15:57 +0800] "GET /xingrg/kc/buy/cgsh_order_operate.html?command=get_materiel&rest_code=00108&code=00101008357&supplier_code=00100007&order_time=2023-04-03 HTTP/1.1" 200 408
58.40.7.146 - - [03/Apr/2023:11:16:01 +0800] "POST /xingrg/services/DataTransmitService HTTP/1.1" 200 524
101.229.22.234 - - [03/Apr/2023:11:16:02 +0800] "GET /xingrg/kc/buy/cgsh_order_operate.html?command=get_materiel&rest_code=00142&code=00101012029&supplier_code=00100161&order_time=2023-04-03 HTTP/1.1" 200 412
180.169.147.146 - - [03/Apr/2023:11:16:03 +0800] "GET /xingrg/all/function/internal_message.html?_=1680491762723&CODE_STATE=getMsg HTTP/1.1" 302 -
114.83.216.80 - - [03/Apr/2023:11:16:04 +0800] "GET /xingrg/all/function/internal_message.html?_=1680491764015&CODE_STATE=getMsg HTTP/1.1" 200 27
222.67.232.202 - - [03/Apr/2023:11:16:04 +0800] "GET /xingrg/all/function/internal_message.html?_=1680491765153&CODE_STATE=getMsg HTTP/1.1" 200 27
180.169.147.146 - - [03/Apr/2023:11:16:09 +0800] "GET /xingrg/all/function/internal_message.html?_=1680491769561&CODE_STATE=getMsg HTTP/1.1" 200 27
116.224.158.100 - - [03/Apr/2023:11:16:10 +0800] "GET /xingrg/kc/buy/cgsh_order_operate.html?command=get_materiel&rest_code=00105&code=00101006364&supplier_code=00100331&order_time=2023-04-03 HTTP/1.1" 200 430
101.229.22.234 - - [03/Apr/2023:11:16:11 +0800] "GET /xingrg/kc/buy/cgsh_order_operate.html?command=get_materiel&rest_code=00142&code=00101012024&supplier_code=00100161&order_time=2023-04-03 HTTP/1.1" 200 408
116.224.158.100 - - [03/Apr/2023:11:16:12 +0800] "GET /xingrg/all/function/internal_message.html?_=1680491773188&CODE_STATE=getMsg HTTP/1.1" 200 27
116.192.124.172 - - [03/Apr/2023:11:16:12 +0800] "GET /xingrg/check_reg.html?_=1680491775215 HTTP/1.1" 200 22
116.192.124.172 - - [03/Apr/2023:11:16:12 +0800] "GET /xingrg/all/function/internal_message.html?_=1680491775217&CODE_STATE=getMsg HTTP/1.1" 200 27
222.70.182.87 - - [03/Apr/2023:11:16:19 +0800] "GET /xingrg/all/function/internal_message.html?_=1680491779771&CODE_STATE=getMsg HTTP/1.1" 200 27
180.169.147.146 - - [03/Apr/2023:11:16:21 +0800] "GET /xingrg/all/function/internal_message.html?_=1680491779838&CODE_STATE=getMsg HTTP/1.1" 200 27
180.157.253.110 - - [03/Apr/2023:11:16:21 +0800] "GET /xingrg/all/function/internal_message.html?_=1680491781444&CODE_STATE=getMsg HTTP/1.1" 200 27
101.229.22.234 - - [03/Apr/2023:11:16:23 +0800] "GET /xingrg/all/function/internal_message.html?_=1680491782953&CODE_STATE=getMsg HTTP/1.1" 200 27
124.78.155.10 - - [03/Apr/2023:11:16:23 +0800] "GET /xingrg/all/function/internal_message.html?_=1680491783996&CODE_STATE=getMsg HTTP/1.1" 200 27
180.163.30.100 - - [03/Apr/2023:11:16:23 +0800] "GET /xingrg/all/function/internal_message.html?_=1680491723977&CODE_STATE=getMsg HTTP/1.1" 302 -
180.163.30.100 - - [03/Apr/2023:11:16:23 +0800] "GET /xingrg/login.html HTTP/1.1" 200 7641
101.229.22.234 - - [03/Apr/2023:11:16:24 +0800] "GET /xingrg/kc/buy/cgsh_order_operate.html?command=get_materiel&rest_code=00142&code=00101016057&supplier_code=00100161&order_time=2023-04-03 HTTP/1.1" 200 408
120.253.135.82 - - [03/Apr/2023:11:16:25 +0800] "GET /xingrg/all/function/internal_message.html?_=1680491617673&CODE_STATE=getMsg HTTP/1.1" 200 27
222.70.174.211 - - [03/Apr/2023:11:16:25 +0800] "GET /xingrg/all/function/internal_message.html?_=1680491787677&CODE_STATE=getMsg HTTP/1.1" 200 27
116.224.158.100 - - [03/Apr/2023:11:16:27 +0800] "POST /xingrg/kc/buy/cgsh_order_operate.html HTTP/1.1" 200 37
116.224.158.100 - - [03/Apr/2023:11:16:30 +0800] "POST /xingrg/kc/buy/cgsh_order_operate.html HTTP/1.1" 200 2675
116.224.158.100 - - [03/Apr/2023:11:16:31 +0800] "GET /xingrg/kc/print/load_data.html?order_code=212023040300791&kc_code=cgsh&condition= HTTP/1.1" 200 688
180.164.3.199 - - [03/Apr/2023:11:16:35 +0800] "GET /xingrg/all/function/internal_message.html?_=1680491794962&CODE_STATE=getMsg HTTP/1.1" 200 27
116.224.158.100 - - [03/Apr/2023:11:16:37 +0800] "GET /xingrg/kc/buy/cgsh_order_add.html HTTP/1.1" 200 8212
116.224.158.100 - - [03/Apr/2023:11:16:39 +0800] "GET /xingrg/kc/buy/cgsh_order_add.html HTTP/1.1" 200 70043
116.224.158.100 - - [03/Apr/2023:11:16:39 +0800] "POST /xingrg/kc/buy/cgsh_order_operate.html HTTP/1.1" 200 8245
116.224.158.100 - - [03/Apr/2023:11:16:39 +0800] "GET /xingrg/javascript/easyui/themes/default/validatebox.css HTTP/1.1" 404 1104
116.224.158.100 - - [03/Apr/2023:11:16:41 +0800] "GET /xingrg/all/function/internal_message.html?_=1680491644778&CODE_STATE=getMsg HTTP/1.1" 200 27
101.229.22.234 - - [03/Apr/2023:11:16:43 +0800] "POST /xingrg/kc/buy/cgsh_order_operate.html HTTP/1.1" 200 37
101.229.22.234 - - [03/Apr/2023:11:16:45 +0800] "POST /xingrg/kc/buy/cgsh_order_operate.html HTTP/1.1" 200 12068
222.70.182.87 - - [03/Apr/2023:11:16:45 +0800] "GET /xingrg/kc/base/wldb_order_list.html HTTP/1.1" 200 19098
222.70.182.87 - - [03/Apr/2023:11:16:46 +0800] "POST /xingrg/kc/base/wldb_list_operate.html HTTP/1.1" 200 928
124.79.79.194 - - [03/Apr/2023:11:16:46 +0800] "POST /xingrg/services/DataTransmitService HTTP/1.1" 200 524
116.238.139.35 - - [03/Apr/2023:11:16:46 +0800] "GET /xingrg/all/function/internal_message.html?_=1680491808910&CODE_STATE=getMsg HTTP/1.1" 200 27
124.79.79.194 - - [03/Apr/2023:11:16:47 +0800] "POST /xingrg/services/DataTransmitService HTTP/1.1" 200 2055
116.227.208.255 - - [03/Apr/2023:11:16:48 +0800] "GET /xingrg/all/function/internal_message.html?_=1680491903303&CODE_STATE=getMsg HTTP/1.1" 200 27
124.79.79.194 - - [03/Apr/2023:11:16:48 +0800] "POST /xingrg/services/DataTransmitService HTTP/1.1" 200 101075
222.70.182.87 - - [03/Apr/2023:11:16:48 +0800] "GET /xingrg/kc/base/wldb_order_add.html HTTP/1.1" 200 30381
222.70.182.87 - - [03/Apr/2023:11:16:48 +0800] "POST /xingrg/kc/base/wldb_order_operate.html HTTP/1.1" 200 6806
222.70.182.87 - - [03/Apr/2023:11:16:48 +0800] "GET /xingrg/all/common/auto_word.html?type=base&rest_code=00111 HTTP/1.1" 200 1753
222.70.182.87 - - [03/Apr/2023:11:16:48 +0800] "GET /xingrg/all/common/auto_word.html?type=base&rest_code=00111 HTTP/1.1" 200 1753
222.70.182.87 - - [03/Apr/2023:11:16:48 +0800] "GET /xingrg/javascript/easyui/themes/default/validatebox.css HTTP/1.1" 404 1104
116.224.158.100 - - [03/Apr/2023:11:16:49 +0800] "GET /xingrg/kc/buy/cgsh_order_operate.html?command=get_materiel&rest_code=00105&code=00101010143&supplier_code=00100327&order_time=2023-04-03 HTTP/1.1" 200 413
116.238.139.35 - - [03/Apr/2023:11:16:49 +0800] "GET /xingrg/all/function/internal_message.html?_=1680491722941&CODE_STATE=getMsg HTTP/1.1" 302 -
101.229.22.234 - - [03/Apr/2023:11:16:50 +0800] "POST /xingrg/kc/buy/cgsh_order_operate.html HTTP/1.1" 200 37
124.79.72.155 - - [03/Apr/2023:11:16:53 +0800] "GET /xingrg/all/function/internal_message.html?_=1680491816747&CODE_STATE=getMsg HTTP/1.1" 200 27
120.253.135.82 - - [03/Apr/2023:11:16:54 +0800] "GET /xingrg/check_reg.html?_=1680491814537 HTTP/1.1" 200 22
120.253.135.82 - - [03/Apr/2023:11:16:54 +0800] "GET /xingrg/all/function/internal_message.html?_=1680491814539&CODE_STATE=getMsg HTTP/1.1" 200 27
101.229.22.234 - - [03/Apr/2023:11:16:55 +0800] "POST /xingrg/kc/buy/cgsh_order_operate.html HTTP/1.1" 200 12068
101.229.22.234 - - [03/Apr/2023:11:16:58 +0800] "GET /xingrg/javascript/jquery_easy_ui/themes/default/images/tabs_active.png HTTP/1.1" 304 -
116.224.158.100 - - [03/Apr/2023:11:17:00 +0800] "GET /xingrg/kc/buy/cgsh_order_operate.html?command=get_materiel&rest_code=00105&code=00101010085&supplier_code=00100327&order_time=2023-04-03 HTTP/1.1" 200 429
101.229.22.234 - - [03/Apr/2023:11:17:01 +0800] "POST /xingrg/kc/buy/cgsh_order_operate.html HTTP/1.1" 200 37
180.169.147.146 - - [03/Apr/2023:11:17:03 +0800] "GET /xingrg/all/function/internal_message.html?_=1680491822726&CODE_STATE=getMsg HTTP/1.1" 302 -
180.169.147.146 - - [03/Apr/2023:11:17:03 +0800] "GET /xingrg/check_reg.html?_=1680491822723 HTTP/1.1" 302 -
222.70.182.87 - - [03/Apr/2023:11:17:03 +0800] "GET /xingrg/kc/base/wldb_order_operate.html?command=get_materiel&rest_code=00111&base_code=0010306&code=00102002118 HTTP/1.1" 200 467
101.229.22.234 - - [03/Apr/2023:11:17:03 +0800] "POST /xingrg/kc/buy/cgsh_order_operate.html HTTP/1.1" 200 12068
114.83.216.80 - - [03/Apr/2023:11:17:04 +0800] "GET /xingrg/check_reg.html?_=1680491824023 HTTP/1.1" 200 22
114.83.216.80 - - [03/Apr/2023:11:17:04 +0800] "GET /xingrg/all/function/internal_message.html?_=1680491824026&CODE_STATE=getMsg HTTP/1.1" 200 27
222.67.232.202 - - [03/Apr/2023:11:17:04 +0800] "GET /xingrg/all/function/internal_message.html?_=1680491825147&CODE_STATE=getMsg HTTP/1.1" 200 27
222.67.232.202 - - [03/Apr/2023:11:17:04 +0800] "GET /xingrg/check_reg.html?_=1680491825148 HTTP/1.1" 200 22
180.169.147.146 - - [03/Apr/2023:11:17:09 +0800] "GET /xingrg/all/function/internal_message.html?_=1680491829572&CODE_STATE=getMsg HTTP/1.1" 200 27
222.70.182.87 - - [03/Apr/2023:11:17:10 +0800] "GET /xingrg/kc/base/wldb_order_operate.html?command=get_materiel&rest_code=00111&base_code=0010306&code=00102002610 HTTP/1.1" 200 444
116.224.158.100 - - [03/Apr/2023:11:17:12 +0800] "GET /xingrg/all/function/internal_message.html?_=1680491833191&CODE_STATE=getMsg HTTP/1.1" 200 27
116.224.158.100 - - [03/Apr/2023:11:17:12 +0800] "POST /xingrg/kc/buy/cgsh_order_operate.html HTTP/1.1" 200 37
116.192.124.172 - - [03/Apr/2023:11:17:12 +0800] "GET /xingrg/all/function/internal_message.html?_=1680491835217&CODE_STATE=getMsg HTTP/1.1" 200 27
116.224.158.100 - - [03/Apr/2023:11:17:16 +0800] "POST /xingrg/kc/buy/cgsh_order_operate.html HTTP/1.1" 200 3266
222.70.182.87 - - [03/Apr/2023:11:17:17 +0800] "POST /xingrg/kc/base/wldb_order_operate.html HTTP/1.1" 200 37
101.229.22.234 - - [03/Apr/2023:11:17:17 +0800] "POST /xingrg/kc/buy/cgsh_order_operate.html HTTP/1.1" 200 37
222.70.182.87 - - [03/Apr/2023:11:17:18 +0800] "POST /xingrg/kc/base/wldb_order_operate.html HTTP/1.1" 200 2693
222.70.182.87 - - [03/Apr/2023:11:17:18 +0800] "GET /xingrg/kc/base/wldb_order_info.html?code=422023040300221 HTTP/1.1" 200 30395
116.224.158.100 - - [03/Apr/2023:11:17:18 +0800] "GET /xingrg/kc/print/load_data.html?order_code=212023040300793&kc_code=cgsh&condition= HTTP/1.1" 200 909
222.70.182.87 - - [03/Apr/2023:11:17:18 +0800] "GET /xingrg/javascript/easyui/themes/default/validatebox.css HTTP/1.1" 404 1104
222.70.182.87 - - [03/Apr/2023:11:17:19 +0800] "POST /xingrg/kc/base/wldb_order_operate.html HTTP/1.1" 200 2693
101.229.22.234 - - [03/Apr/2023:11:17:19 +0800] "POST /xingrg/kc/buy/cgsh_order_operate.html HTTP/1.1" 200 12068
222.70.182.87 - - [03/Apr/2023:11:17:19 +0800] "GET /xingrg/all/function/internal_message.html?_=1680491839750&CODE_STATE=getMsg HTTP/1.1" 200 27
180.169.147.146 - - [03/Apr/2023:11:17:21 +0800] "GET /xingrg/all/function/internal_message.html?_=1680491839832&CODE_STATE=getMsg HTTP/1.1" 200 27
180.157.253.110 - - [03/Apr/2023:11:17:21 +0800] "GET /xingrg/all/function/internal_message.html?_=1680491841444&CODE_STATE=getMsg HTTP/1.1" 200 27
222.70.182.87 - - [03/Apr/2023:11:17:21 +0800] "GET /xingrg/kc/base/wldb_order_add.html HTTP/1.1" 200 30381
222.70.182.87 - - [03/Apr/2023:11:17:22 +0800] "POST /xingrg/kc/base/wldb_order_operate.html HTTP/1.1" 200 6806
222.70.182.87 - - [03/Apr/2023:11:17:22 +0800] "GET /xingrg/javascript/easyui/themes/default/validatebox.css HTTP/1.1" 404 1104
116.224.158.100 - - [03/Apr/2023:11:17:22 +0800] "GET /xingrg/kc/buy/cgsh_order_add.html HTTP/1.1" 200 70043
101.229.22.234 - - [03/Apr/2023:11:17:23 +0800] "GET /xingrg/all/function/internal_message.html?_=1680491842953&CODE_STATE=getMsg HTTP/1.1" 200 27
116.224.158.100 - - [03/Apr/2023:11:17:23 +0800] "GET /xingrg/javascript/easyui/themes/default/validatebox.css HTTP/1.1" 404 1104
116.224.158.100 - - [03/Apr/2023:11:17:23 +0800] "POST /xingrg/kc/buy/cgsh_order_operate.html HTTP/1.1" 200 8245
180.163.29.219 - - [03/Apr/2023:11:17:23 +0800] "GET /xingrg/all/function/internal_message.html?_=1680491783996&CODE_STATE=getMsg HTTP/1.1" 302 -
180.163.29.219 - - [03/Apr/2023:11:17:23 +0800] "GET /xingrg/login.html HTTP/1.1" 200 7641
124.78.155.10 - - [03/Apr/2023:11:17:23 +0800] "GET /xingrg/all/function/internal_message.html?_=1680491844000&CODE_STATE=getMsg HTTP/1.1" 200 27
124.78.155.10 - - [03/Apr/2023:11:17:23 +0800] "GET /xingrg/check_reg.html?_=1680491844272 HTTP/1.1" 200 22
120.253.135.82 - - [03/Apr/2023:11:17:25 +0800] "GET /xingrg/all/function/internal_message.html?_=1680491677687&CODE_STATE=getMsg HTTP/1.1" 200 27
222.70.174.211 - - [03/Apr/2023:11:17:25 +0800] "GET /xingrg/all/function/internal_message.html?_=1680491847691&CODE_STATE=getMsg HTTP/1.1" 200 27
101.229.22.234 - - [03/Apr/2023:11:17:27 +0800] "POST /xingrg/kc/buy/cgsh_list_operate.html HTTP/1.1" 200 2731
222.70.182.87 - - [03/Apr/2023:11:17:32 +0800] "GET /xingrg/kc/base/wldb_order_operate.html?command=get_materiel&rest_code=00111&base_code=0010283&code=00101019079 HTTP/1.1" 200 479
116.224.158.100 - - [03/Apr/2023:11:17:33 +0800] "GET /xingrg/kc/buy/cgsh_order_operate.html?command=get_materiel&rest_code=00105&code=00101010785&supplier_code=00100323&order_time=2023-04-03 HTTP/1.1" 200 461
180.164.3.199 - - [03/Apr/2023:11:17:35 +0800] "GET /xingrg/all/function/internal_message.html?_=1680491854957&CODE_STATE=getMsg HTTP/1.1" 200 27
222.70.182.87 - - [03/Apr/2023:11:17:39 +0800] "GET /xingrg/kc/base/wldb_order_operate.html?command=get_materiel&rest_code=00111&base_code=0010283&code=00101019306 HTTP/1.1" 200 478
116.224.158.100 - - [03/Apr/2023:11:17:41 +0800] "GET /xingrg/all/function/internal_message.html?_=1680491704757&CODE_STATE=getMsg HTTP/1.1" 200 27
116.224.158.100 - - [03/Apr/2023:11:17:43 +0800] "GET /xingrg/kc/buy/cgsh_order_operate.html?command=get_materiel&rest_code=00105&code=00101001109&supplier_code=00100323&order_time=2023-04-03 HTTP/1.1" 200 415
222.70.182.87 - - [03/Apr/2023:11:17:43 +0800] "GET /xingrg/kc/base/wldb_order_operate.html?command=get_materiel&rest_code=00111&base_code=0010283&code=00101013139 HTTP/1.1" 200 450
116.238.139.35 - - [03/Apr/2023:11:17:46 +0800] "GET /xingrg/all/function/internal_message.html?_=1680491868880&CODE_STATE=getMsg HTTP/1.1" 200 27
180.157.253.110 - - [03/Apr/2023:11:17:47 +0800] "GET /xingrg/check_reg.html?_=1680491868362 HTTP/1.1" 302 -
116.227.208.255 - - [03/Apr/2023:11:17:48 +0800] "GET /xingrg/all/function/internal_message.html?_=1680491963319&CODE_STATE=getMsg HTTP/1.1" 200 27
222.70.182.87 - - [03/Apr/2023:11:17:48 +0800] "GET /xingrg/kc/base/wldb_order_operate.html?command=get_materiel&rest_code=00111&base_code=0010283&code=00101019133 HTTP/1.1" 200 480
116.238.139.35 - - [03/Apr/2023:11:17:49 +0800] "GET /xingrg/all/function/internal_message.html?_=1680491782955&CODE_STATE=getMsg HTTP/1.1" 302 -
222.70.182.87 - - [03/Apr/2023:11:17:53 +0800] "GET /xingrg/kc/base/wldb_order_operate.html?command=get_materiel&rest_code=00111&base_code=0010283&code=00101019187 HTTP/1.1" 200 479
124.79.72.155 - - [03/Apr/2023:11:17:53 +0800] "GET /xingrg/all/function/internal_message.html?_=1680491876753&CODE_STATE=getMsg HTTP/1.1" 200 27
120.253.135.82 - - [03/Apr/2023:11:17:54 +0800] "GET /xingrg/all/function/internal_message.html?_=1680491874546&CODE_STATE=getMsg HTTP/1.1" 200 27
101.229.22.234 - - [03/Apr/2023:11:17:55 +0800] "GET /xingrg/kc/base/yddb_order_list.html HTTP/1.1" 200 16710
101.229.22.234 - - [03/Apr/2023:11:17:55 +0800] "POST /xingrg/kc/base/yddb_list_operate.html HTTP/1.1" 200 636
101.229.22.234 - - [03/Apr/2023:11:17:58 +0800] "GET /xingrg/kc/base/yddb_order_add.html HTTP/1.1" 200 29955
101.229.22.234 - - [03/Apr/2023:11:17:58 +0800] "GET /xingrg/css/blue.css HTTP/1.1" 200 15949
101.229.22.234 - - [03/Apr/2023:11:17:58 +0800] "GET /xingrg/dwr/interface/AjaxComOrderService.js HTTP/1.1" 200 18264
101.229.22.234 - - [03/Apr/2023:11:17:58 +0800] "GET /xingrg/javascript/myfunction.js HTTP/1.1" 200 24559
101.229.22.234 - - [03/Apr/2023:11:17:58 +0800] "GET /xingrg/dwr/util.js HTTP/1.1" 200 35990
101.229.22.234 - - [03/Apr/2023:11:17:58 +0800] "GET /xingrg/dwr/interface/AjaxYddbService.js HTTP/1.1" 200 13201
101.229.22.234 - - [03/Apr/2023:11:17:58 +0800] "GET /xingrg/javascript/Calendar.js HTTP/1.1" 200 31561
101.229.22.234 - - [03/Apr/2023:11:17:58 +0800] "GET /xingrg/dwr/engine.js HTTP/1.1" 200 43631
101.229.22.234 - - [03/Apr/2023:11:17:58 +0800] "GET /xingrg/javascript/checkform.js HTTP/1.1" 200 18351
101.229.22.234 - - [03/Apr/2023:11:17:58 +0800] "GET /xingrg/javascript/AjaxInfoList.js HTTP/1.1" 200 3774
101.229.22.234 - - [03/Apr/2023:11:17:58 +0800] "GET /xingrg/javascript/ToolTips.js HTTP/1.1" 200 5615
101.229.22.234 - - [03/Apr/2023:11:17:58 +0800] "GET /xingrg/javascript/Grid.js HTTP/1.1" 200 58908
101.229.22.234 - - [03/Apr/2023:11:17:58 +0800] "GET /xingrg/javascript/jquery_easy_ui/themes/icons/print.png HTTP/1.1" 200 1057
101.229.22.234 - - [03/Apr/2023:11:17:58 +0800] "GET /xingrg/javascript/jquery_easy_ui/themes/default/images/menu_downarrow.png HTTP/1.1" 200 173
101.229.22.234 - - [03/Apr/2023:11:17:58 +0800] "GET /xingrg/javascript/jquery_easy_ui/themes/icons/edit_add_new.png HTTP/1.1" 200 2997
101.229.22.234 - - [03/Apr/2023:11:17:58 +0800] "GET /xingrg/javascript/jquery_easy_ui/themes/icons/check_new.png HTTP/1.1" 200 3224
101.229.22.234 - - [03/Apr/2023:11:17:58 +0800] "GET /xingrg/javascript/jquery_easy_ui/themes/icons/cance_new.png HTTP/1.1" 200 3986
101.229.22.234 - - [03/Apr/2023:11:17:58 +0800] "GET /xingrg/javascript/jquery_easy_ui/themes/icons/back_new.png HTTP/1.1" 200 3414
101.229.22.234 - - [03/Apr/2023:11:17:58 +0800] "GET /xingrg/images/blue/button/kc_tab_save.gif HTTP/1.1" 200 777
101.229.22.234 - - [03/Apr/2023:11:17:58 +0800] "GET /xingrg/images/blue/button/kc_tab_add.gif HTTP/1.1" 200 375
101.229.22.234 - - [03/Apr/2023:11:17:58 +0800] "GET /xingrg/images/blue/button/kc_tab_del.gif HTTP/1.1" 200 383
101.229.22.234 - - [03/Apr/2023:11:17:58 +0800] "GET /xingrg/images/blue/button/kc_tab_edit.gif HTTP/1.1" 200 551
101.229.22.234 - - [03/Apr/2023:11:17:58 +0800] "GET /xingrg/images/blue/kc_tab_mid.gif HTTP/1.1" 200 44
101.229.22.234 - - [03/Apr/2023:11:17:58 +0800] "GET /xingrg/images/blue/kc_tab2_right.gif HTTP/1.1" 200 192
101.229.22.234 - - [03/Apr/2023:11:17:58 +0800] "GET /xingrg/images/blue/kc_tab_right.gif HTTP/1.1" 200 643
101.229.22.234 - - [03/Apr/2023:11:17:58 +0800] "GET /xingrg/images/blue/kc_tab2_left.gif HTTP/1.1" 200 625
101.229.22.234 - - [03/Apr/2023:11:17:58 +0800] "GET /xingrg/images/blue/kc_tab_left.gif HTTP/1.1" 200 188
222.70.182.87 - - [03/Apr/2023:11:18:00 +0800] "GET /xingrg/kc/base/wldb_order_operate.html?command=get_materiel&rest_code=00111&base_code=0010283&code=00101016076 HTTP/1.1" 200 477
180.169.147.146 - - [03/Apr/2023:11:18:03 +0800] "GET /xingrg/all/function/internal_message.html?_=1680491882726&CODE_STATE=getMsg HTTP/1.1" 302 -
114.83.216.80 - - [03/Apr/2023:11:18:04 +0800] "GET /xingrg/all/function/internal_message.html?_=1680491884017&CODE_STATE=getMsg HTTP/1.1" 200 27
222.67.232.202 - - [03/Apr/2023:11:18:04 +0800] "GET /xingrg/all/function/internal_message.html?_=1680491885153&CODE_STATE=getMsg HTTP/1.1" 200 27
222.70.182.87 - - [03/Apr/2023:11:18:05 +0800] "GET /xingrg/kc/base/wldb_order_operate.html?command=get_materiel&rest_code=00111&base_code=0010283&code=00101016028 HTTP/1.1" 200 432
101.229.22.234 - - [03/Apr/2023:11:18:05 +0800] "GET /xingrg/images/blue/wait.gif HTTP/1.1" 200 1100
101.229.22.234 - - [03/Apr/2023:11:18:05 +0800] "POST /xingrg/dwr/call/plaincall/AjaxYddbService.getRestBases.dwr HTTP/1.1" 200 464
116.224.158.100 - - [03/Apr/2023:11:18:06 +0800] "GET /xingrg/kc/buy/cgsh_order_operate.html?command=get_materiel&rest_code=00105&code=00101011008&supplier_code=00100323&order_time=2023-04-03 HTTP/1.1" 200 419
180.169.147.146 - - [03/Apr/2023:11:18:09 +0800] "GET /xingrg/all/function/internal_message.html?_=1680491889577&CODE_STATE=getMsg HTTP/1.1" 200 27
222.70.182.87 - - [03/Apr/2023:11:18:09 +0800] "GET /xingrg/kc/base/wldb_order_operate.html?command=get_materiel&rest_code=00111&base_code=0010283&code=00101019391 HTTP/1.1" 200 485
116.224.158.100 - - [03/Apr/2023:11:18:12 +0800] "GET /xingrg/all/function/internal_message.html?_=1680491893255&CODE_STATE=getMsg HTTP/1.1" 200 27
116.192.124.172 - - [03/Apr/2023:11:18:12 +0800] "GET /xingrg/all/function/internal_message.html?_=1680491895206&CODE_STATE=getMsg HTTP/1.1" 200 27
116.224.158.100 - - [03/Apr/2023:11:18:17 +0800] "GET /xingrg/kc/buy/cgsh_order_operate.html?command=get_materiel&rest_code=00105&code=00101006012&supplier_code=00100323&order_time=2023-04-03 HTTP/1.1" 200 419
222.70.182.87 - - [03/Apr/2023:11:18:18 +0800] "GET /xingrg/kc/base/wldb_order_operate.html?command=get_materiel&rest_code=00111&base_code=0010283&code=00101019430 HTTP/1.1" 200 477
222.70.182.87 - - [03/Apr/2023:11:18:19 +0800] "GET /xingrg/all/function/internal_message.html?_=1680491899728&CODE_STATE=getMsg HTTP/1.1" 200 27
222.70.182.87 - - [03/Apr/2023:11:18:20 +0800] "GET /xingrg/check_reg.html?_=1680491900023 HTTP/1.1" 200 22
180.169.147.146 - - [03/Apr/2023:11:18:21 +0800] "GET /xingrg/all/function/internal_message.html?_=1680491899836&CODE_STATE=getMsg HTTP/1.1" 200 27
180.157.253.110 - - [03/Apr/2023:11:18:21 +0800] "GET /xingrg/all/function/internal_message.html?_=1680491901442&CODE_STATE=getMsg HTTP/1.1" 200 27
101.229.22.234 - - [03/Apr/2023:11:18:23 +0800] "GET /xingrg/all/function/internal_message.html?_=1680491902963&CODE_STATE=getMsg HTTP/1.1" 200 27
101.229.22.234 - - [03/Apr/2023:11:18:23 +0800] "GET /xingrg/check_reg.html?_=1680491902965 HTTP/1.1" 200 22
180.163.28.109 - - [03/Apr/2023:11:18:23 +0800] "GET /xingrg/check_reg.html?_=1680491844272 HTTP/1.1" 302 -
180.163.28.109 - - [03/Apr/2023:11:18:23 +0800] "GET /xingrg/login.html HTTP/1.1" 200 7641
124.78.155.10 - - [03/Apr/2023:11:18:23 +0800] "GET /xingrg/all/function/internal_message.html?_=1680491903992&CODE_STATE=getMsg HTTP/1.1" 200 27
114.83.216.80 - - [03/Apr/2023:11:18:23 +0800] "POST /xingrg/services/DataTransmitService HTTP/1.1" 200 524
222.70.174.211 - - [03/Apr/2023:11:18:24 +0800] "GET /xingrg/check_reg.html?_=1680491905791 HTTP/1.1" 200 22
222.70.182.87 - - [03/Apr/2023:11:18:24 +0800] "GET /xingrg/kc/base/wldb_order_operate.html?command=get_materiel&rest_code=00111&base_code=0010283&code=00101019529 HTTP/1.1" 200 475
114.83.216.80 - - [03/Apr/2023:11:18:24 +0800] "POST /xingrg/services/DataTransmitService HTTP/1.1" 200 412
120.253.135.82 - - [03/Apr/2023:11:18:25 +0800] "GET /xingrg/all/function/internal_message.html?_=1680491737701&CODE_STATE=getMsg HTTP/1.1" 200 27
222.70.174.211 - - [03/Apr/2023:11:18:25 +0800] "GET /xingrg/all/function/internal_message.html?_=1680491907704&CODE_STATE=getMsg HTTP/1.1" 200 27
116.224.158.100 - - [03/Apr/2023:11:18:27 +0800] "GET /xingrg/kc/buy/cgsh_order_operate.html?command=get_materiel&rest_code=00105&code=00101002020&supplier_code=00100323&order_time=2023-04-03 HTTP/1.1" 200 436
101.229.22.234 - - [03/Apr/2023:11:18:30 +0800] "POST /xingrg/dwr/call/plaincall/AjaxYddbService.saveOrder.dwr HTTP/1.1" 200 78
101.229.22.234 - - [03/Apr/2023:11:18:30 +0800] "GET /xingrg/images/yd/bt.gif HTTP/1.1" 404 1040
124.79.79.194 - - [03/Apr/2023:11:18:32 +0800] "POST /xingrg/services/DataTransmitService HTTP/1.1" 200 524
222.70.182.87 - - [03/Apr/2023:11:18:32 +0800] "GET /xingrg/kc/base/wldb_order_operate.html?command=get_materiel&rest_code=00111&base_code=0010283&code=00101019422 HTTP/1.1" 200 474
124.79.79.194 - - [03/Apr/2023:11:18:32 +0800] "POST /xingrg/services/DataTransmitService HTTP/1.1" 200 501
101.229.22.234 - - [03/Apr/2023:11:18:35 +0800] "POST /xingrg/dwr/call/plaincall/AjaxComOrderService.getMaterielSearchList.dwr HTTP/1.1" 200 22692
180.164.3.199 - - [03/Apr/2023:11:18:35 +0800] "GET /xingrg/all/function/internal_message.html?_=1680491914942&CODE_STATE=getMsg HTTP/1.1" 200 27
101.229.22.234 - - [03/Apr/2023:11:18:35 +0800] "POST /xingrg/dwr/call/plaincall/AjaxComOrderService.getMaterielSearchList.dwr HTTP/1.1" 200 1545
180.164.3.199 - - [03/Apr/2023:11:18:36 +0800] "GET /xingrg/check_reg.html?_=1680491915562 HTTP/1.1" 200 22
101.229.22.234 - - [03/Apr/2023:11:18:36 +0800] "POST /xingrg/dwr/call/plaincall/AjaxComOrderService.getMaterielSearchList.dwr HTTP/1.1" 200 292
101.229.22.234 - - [03/Apr/2023:11:18:37 +0800] "POST /xingrg/dwr/call/plaincall/AjaxYddbService.getMaterielByMap.dwr HTTP/1.1" 200 1613
222.70.182.87 - - [03/Apr/2023:11:18:38 +0800] "GET /xingrg/kc/base/wldb_order_operate.html?command=get_materiel&rest_code=00111&base_code=0010283&code=00101019536 HTTP/1.1" 200 471
116.224.158.100 - - [03/Apr/2023:11:18:41 +0800] "GET /xingrg/all/function/internal_message.html?_=1680491764748&CODE_STATE=getMsg HTTP/1.1" 200 27
116.224.158.100 - - [03/Apr/2023:11:18:41 +0800] "POST /xingrg/all/common/load_select.html HTTP/1.1" 200 25
116.224.158.100 - - [03/Apr/2023:11:18:42 +0800] "GET /xingrg/check_reg.html?_=1680491765268 HTTP/1.1" 200 22
101.229.22.234 - - [03/Apr/2023:11:18:45 +0800] "POST /xingrg/dwr/call/plaincall/AjaxYddbService.saveMaterielItem.dwr HTTP/1.1" 200 78
222.70.182.87 - - [03/Apr/2023:11:18:46 +0800] "GET /xingrg/kc/base/wldb_order_operate.html?command=get_materiel&rest_code=00111&base_code=0010283&code=00101019535 HTTP/1.1" 200 477
116.238.139.35 - - [03/Apr/2023:11:18:46 +0800] "GET /xingrg/check_reg.html?_=1680491840241 HTTP/1.1" 302 -
116.238.139.35 - - [03/Apr/2023:11:18:46 +0800] "GET /xingrg/all/function/internal_message.html?_=1680491928869&CODE_STATE=getMsg HTTP/1.1" 200 27
116.238.139.35 - - [03/Apr/2023:11:18:48 +0800] "GET /xingrg/check_reg.html?_=1680491930041 HTTP/1.1" 200 22
116.227.208.255 - - [03/Apr/2023:11:18:48 +0800] "GET /xingrg/check_reg.html?_=1680492023306 HTTP/1.1" 200 22
116.227.208.255 - - [03/Apr/2023:11:18:48 +0800] "GET /xingrg/all/function/internal_message.html?_=1680492023308&CODE_STATE=getMsg HTTP/1.1" 200 27
116.238.139.35 - - [03/Apr/2023:11:18:49 +0800] "GET /xingrg/all/function/internal_message.html?_=1680491842970&CODE_STATE=getMsg HTTP/1.1" 302 -
101.229.22.234 - - [03/Apr/2023:11:18:49 +0800] "POST /xingrg/dwr/call/plaincall/AjaxComOrderService.getMaterielSearchList.dwr HTTP/1.1" 200 273160
101.229.22.234 - - [03/Apr/2023:11:18:50 +0800] "POST /xingrg/dwr/call/plaincall/AjaxComOrderService.getMaterielSearchList.dwr HTTP/1.1" 200 414
116.224.158.100 - - [03/Apr/2023:11:18:50 +0800] "GET /xingrg/kc/buy/cgsh_order_operate.html?command=get_materiel_price&rest_code=00105&code=00101002020&unit_code=00100009&supplier_code=00100323&order_time=2023-04-03 HTTP/1.1" 200 31
101.229.22.234 - - [03/Apr/2023:11:18:50 +0800] "POST /xingrg/dwr/call/plaincall/AjaxComOrderService.getMaterielSearchList.dwr HTTP/1.1" 200 414
101.229.22.234 - - [03/Apr/2023:11:18:51 +0800] "POST /xingrg/dwr/call/plaincall/AjaxYddbService.getMaterielByMap.dwr HTTP/1.1" 200 1581
222.70.182.87 - - [03/Apr/2023:11:18:52 +0800] "GET /xingrg/kc/base/wldb_order_operate.html?command=get_materiel&rest_code=00111&base_code=0010283&code=00101019384 HTTP/1.1" 200 470
124.79.72.155 - - [03/Apr/2023:11:18:53 +0800] "GET /xingrg/all/function/internal_message.html?_=1680491936752&CODE_STATE=getMsg HTTP/1.1" 200 27
124.79.72.155 - - [03/Apr/2023:11:18:53 +0800] "GET /xingrg/check_reg.html?_=1680491936756 HTTP/1.1" 200 22
222.70.182.87 - - [03/Apr/2023:11:18:59 +0800] "GET /xingrg/kc/base/wldb_order_operate.html?command=get_materiel&rest_code=00111&base_code=0010283&code=00101019164 HTTP/1.1" 200 465
180.169.147.146 - - [03/Apr/2023:11:19:03 +0800] "GET /xingrg/all/function/internal_message.html?_=1680491942712&CODE_STATE=getMsg HTTP/1.1" 302 -
114.83.216.80 - - [03/Apr/2023:11:19:04 +0800] "GET /xingrg/all/function/internal_message.html?_=1680491944017&CODE_STATE=getMsg HTTP/1.1" 200 27
222.67.232.202 - - [03/Apr/2023:11:19:04 +0800] "GET /xingrg/all/function/internal_message.html?_=1680491945147&CODE_STATE=getMsg HTTP/1.1" 200 27
180.169.147.146 - - [03/Apr/2023:11:19:09 +0800] "GET /xingrg/check_reg.html?_=1680491949566 HTTP/1.1" 200 22
180.169.147.146 - - [03/Apr/2023:11:19:09 +0800] "GET /xingrg/all/function/internal_message.html?_=1680491949570&CODE_STATE=getMsg HTTP/1.1" 200 27
116.224.158.100 - - [03/Apr/2023:11:19:12 +0800] "GET /xingrg/all/function/internal_message.html?_=1680491953222&CODE_STATE=getMsg HTTP/1.1" 200 27
116.192.124.172 - - [03/Apr/2023:11:19:12 +0800] "GET /xingrg/all/function/internal_message.html?_=1680491955208&CODE_STATE=getMsg HTTP/1.1" 200 27
222.70.182.87 - - [03/Apr/2023:11:19:19 +0800] "GET /xingrg/all/function/internal_message.html?_=1680491959706&CODE_STATE=getMsg HTTP/1.1" 200 27
180.169.147.146 - - [03/Apr/2023:11:19:21 +0800] "GET /xingrg/check_reg.html?_=1680491959830 HTTP/1.1" 200 22
180.169.147.146 - - [03/Apr/2023:11:19:21 +0800] "GET /xingrg/all/function/internal_message.html?_=1680491959836&CODE_STATE=getMsg HTTP/1.1" 200 27
101.229.22.234 - - [03/Apr/2023:11:19:21 +0800] "POST /xingrg/dwr/call/plaincall/AjaxYddbService.saveMaterielItem.dwr HTTP/1.1" 200 79
180.157.253.110 - - [03/Apr/2023:11:19:21 +0800] "GET /xingrg/all/function/internal_message.html?_=1680491961456&CODE_STATE=getMsg HTTP/1.1" 200 27
222.70.182.87 - - [03/Apr/2023:11:19:22 +0800] "POST /xingrg/services/DataTransmitService HTTP/1.1" 200 524
101.229.22.234 - - [03/Apr/2023:11:19:23 +0800] "GET /xingrg/all/function/internal_message.html?_=1680491962953&CODE_STATE=getMsg HTTP/1.1" 200 27
124.78.155.10 - - [03/Apr/2023:11:19:23 +0800] "GET /xingrg/all/function/internal_message.html?_=1680491963993&CODE_STATE=getMsg HTTP/1.1" 200 27
222.70.182.87 - - [03/Apr/2023:11:19:24 +0800] "GET /xingrg/kc/base/wldb_order_operate.html?command=get_materiel&rest_code=00111&base_code=0010283&code=00101019056 HTTP/1.1" 200 477
222.70.182.87 - - [03/Apr/2023:11:19:24 +0800] "POST /xingrg/services/DataTransmitService HTTP/1.1" 200 412
180.164.3.199 - - [03/Apr/2023:11:19:24 +0800] "GET /xingrg/kc/buy/cgsh_order_operate.html?command=get_materiel&rest_code=00108&code=00101008038&supplier_code=00100007&order_time=2023-04-03 HTTP/1.1" 200 412
120.253.135.82 - - [03/Apr/2023:11:19:25 +0800] "GET /xingrg/all/function/internal_message.html?_=1680491797714&CODE_STATE=getMsg HTTP/1.1" 200 27
222.70.174.211 - - [03/Apr/2023:11:19:25 +0800] "GET /xingrg/all/function/internal_message.html?_=1680491967717&CODE_STATE=getMsg HTTP/1.1" 200 27
180.164.3.199 - - [03/Apr/2023:11:19:27 +0800] "POST /xingrg/kc/buy/cgsh_order_operate.html HTTP/1.1" 200 2065
222.70.182.87 - - [03/Apr/2023:11:19:29 +0800] "GET /xingrg/kc/base/wldb_order_operate.html?command=get_materiel&rest_code=00111&base_code=0010283&code=00101019066 HTTP/1.1" 200 455
116.224.158.100 - - [03/Apr/2023:11:19:31 +0800] "POST /xingrg/all/common/load_select.html HTTP/1.1" 200 25
180.164.3.199 - - [03/Apr/2023:11:19:35 +0800] "GET /xingrg/all/function/internal_message.html?_=1680491974939&CODE_STATE=getMsg HTTP/1.1" 200 27
222.70.174.211 - - [03/Apr/2023:11:19:35 +0800] "GET /xingrg/kc/buy/cgsh_order_operate.html?command=get_materiel&rest_code=00146&code=00101018011&supplier_code=00100041&order_time=2023-04-03 HTTP/1.1" 200 413
180.164.3.199 - - [03/Apr/2023:11:19:37 +0800] "GET /xingrg/kc/buy/cgsh_order_operate.html?command=get_materiel&rest_code=00108&code=00101008264&supplier_code=00100007&order_time=2023-04-03 HTTP/1.1" 200 412
116.224.158.100 - - [03/Apr/2023:11:19:41 +0800] "GET /xingrg/all/function/internal_message.html?_=1680491824728&CODE_STATE=getMsg HTTP/1.1" 200 27
101.229.22.234 - - [03/Apr/2023:11:19:42 +0800] "POST /xingrg/dwr/call/plaincall/AjaxComOrderService.getMaterielSearchList.dwr HTTP/1.1" 200 679
180.169.147.146 - - [03/Apr/2023:11:19:43 +0800] "GET /xingrg/all/report/report_query.html?isQuery=1&fileName=dma/new_5.0/menu/menu_hz.xml&queryString=(a.sale_day%2520between%252020230301%2520and%252020230331)%2520and%2520(a.sid%2520in%2520(12))%2520and%2520(a.tj_code%253D17)&queryText=%25E3%2580%2590%25E8%2590%25A5%25E4%25B8%259A%25E6%2597%25A5%25E6%259C%259F%253A2023-03-01%2520%25E8%2587%25B3%25202023-03-31%25E3%2580%2591%2520%25E5%25B9%25B6%25E4%25B8%2594%2520%2520%25E3%2580%2590%25E9%2597%25A8%25E5%25BA%2597%25E5%2590%258D%25E7%25A7%25B0%2520%253D%2520%25E6%25B7%25B1%25E6%25B5%25B7%25E6%25B8%2594%25E6%25B8%25AF%25E9%2595%25BF%25E9%2598%25B3%25E8%25B7%25AF%25E3%2580%2591%2520%25E5%25B9%25B6%25E4%25B8%2594%2520%25E3%2580%2590%25E7%25BB%259F%25E8%25AE%25A1%25E7%25B1%25BB%25E5%2588%25AB%2520%253D%2520%25E4%25BC%259A%25E5%2591%2598%25E5%258D%25A1%25E3%2580%2591 HTTP/1.1" 200 54120
180.169.147.146 - - [03/Apr/2023:11:19:44 +0800] "GET /xingrg/dwr/engine.js HTTP/1.1" 200 43631
180.169.147.146 - - [03/Apr/2023:11:19:44 +0800] "GET /favicon.ico HTTP/1.1" 404 -
180.169.147.146 - - [03/Apr/2023:11:19:44 +0800] "POST /xingrg/all/report/load_report_page.html HTTP/1.1" 200 26774
