120.253.135.82 - - [03/Apr/2023:10:37:10 +0800] "GET /xingrg/javascript/step/images/navCurrentBtn.gif HTTP/1.1" 304 -
120.253.135.82 - - [03/Apr/2023:10:37:10 +0800] "GET /xingrg/javascript/jquery_easy_ui/themes/default/images/button_a_bg.gif HTTP/1.1" 304 -
120.253.135.82 - - [03/Apr/2023:10:37:10 +0800] "GET /xingrg/javascript/jquery_easy_ui/themes/default/images/button_span_bg.gif HTTP/1.1" 304 -
120.253.135.82 - - [03/Apr/2023:10:37:10 +0800] "GET /xingrg/javascript/jquery_easy_ui/themes/icons/search.png HTTP/1.1" 304 -
120.253.135.82 - - [03/Apr/2023:10:37:10 +0800] "GET /xingrg/javascript/jquery_easy_ui/themes/default/images/calendar_prevmonth.gif HTTP/1.1" 304 -
120.253.135.82 - - [03/Apr/2023:10:37:10 +0800] "GET /xingrg/javascript/jquery_easy_ui/themes/default/images/combo_arrow_dot.gif HTTP/1.1" 304 -
120.253.135.82 - - [03/Apr/2023:10:37:10 +0800] "GET /xingrg/javascript/jquery_easy_ui/themes/default/images/calendar_nextyear.gif HTTP/1.1" 304 -
120.253.135.82 - - [03/Apr/2023:10:37:10 +0800] "GET /xingrg/javascript/jquery_easy_ui/themes/default/images/calendar_nextmonth.gif HTTP/1.1" 304 -
120.253.135.82 - - [03/Apr/2023:10:37:10 +0800] "GET /xingrg/javascript/jquery_easy_ui/themes/default/images/calendar_prevyear.gif HTTP/1.1" 304 -
120.253.135.82 - - [03/Apr/2023:10:37:10 +0800] "POST /xingrg/all/common/load_tree.html?tree=area_rest_tree_json HTTP/1.1" 200 3499
120.253.135.82 - - [03/Apr/2023:10:37:10 +0800] "GET /xingrg/images/control/ajaxLoader.gif HTTP/1.1" 304 -
120.253.135.82 - - [03/Apr/2023:10:37:10 +0800] "GET /xingrg/javascript/jquery_easy_ui/themes/default/images/datagrid_header_bg.gif HTTP/1.1" 304 -
120.253.135.82 - - [03/Apr/2023:10:37:10 +0800] "GET /xingrg/javascript/jquery_easy_ui/themes/default/images/pagination_loading.gif HTTP/1.1" 304 -
120.253.135.82 - - [03/Apr/2023:10:37:10 +0800] "GET /xingrg/javascript/jquery_easy_ui/themes/default/images/tree_checkbox_0.gif HTTP/1.1" 304 -
120.253.135.82 - - [03/Apr/2023:10:37:11 +0800] "POST /xingrg/kc/pszx/jzcl_ps_operate.html HTTP/1.1" 200 453
120.253.135.82 - - [03/Apr/2023:10:37:11 +0800] "POST /xingrg/kc/pszx/jzcl_ps_operate.html HTTP/1.1" 200 453
120.253.135.82 - - [03/Apr/2023:10:37:12 +0800] "GET /xingrg/javascript/jquery_easy_ui/themes/icons/area.png HTTP/1.1" 304 -
120.253.135.82 - - [03/Apr/2023:10:37:12 +0800] "GET /xingrg/javascript/jquery_easy_ui/themes/icons/rest.png HTTP/1.1" 304 -
120.253.135.82 - - [03/Apr/2023:10:37:12 +0800] "GET /xingrg/javascript/jquery_easy_ui/themes/icons/manage.png HTTP/1.1" 304 -
116.224.158.100 - - [03/Apr/2023:10:37:12 +0800] "GET /xingrg/all/function/internal_message.html?_=1680489433608&CODE_STATE=getMsg HTTP/1.1" 200 27
120.253.135.82 - - [03/Apr/2023:10:37:18 +0800] "POST /xingrg/kc/pszx/jzcl_ps_operate.html HTTP/1.1" 200 4
120.253.135.82 - - [03/Apr/2023:10:37:18 +0800] "GET /xingrg/javascript/step/images/navLastDoneBtn.gif HTTP/1.1" 304 -
120.253.135.82 - - [03/Apr/2023:10:37:18 +0800] "GET /xingrg/javascript/step/images/navBtn.gif HTTP/1.1" 200 361
120.253.135.82 - - [03/Apr/2023:10:37:18 +0800] "GET /xingrg/javascript/step/images/navBtn.gif HTTP/1.1" 200 361
120.253.135.82 - - [03/Apr/2023:10:37:18 +0800] "GET /xingrg/javascript/step/images/navDoneBtn.gif HTTP/1.1" 304 -
120.253.135.82 - - [03/Apr/2023:10:37:19 +0800] "GET /xingrg/kc/pszx/mdps_order_list.html HTTP/1.1" 200 21032
120.253.135.82 - - [03/Apr/2023:10:37:19 +0800] "GET /xingrg/css/base.css HTTP/1.1" 304 -
120.253.135.82 - - [03/Apr/2023:10:37:19 +0800] "GET /xingrg/css/site.css HTTP/1.1" 304 -
120.253.135.82 - - [03/Apr/2023:10:37:19 +0800] "GET /xingrg/javascript/jquery_tools/datebox.css HTTP/1.1" 304 -
120.253.135.82 - - [03/Apr/2023:10:37:19 +0800] "GET /xingrg/javascript/easyui/themes/default/easyui.css HTTP/1.1" 304 -
120.253.135.82 - - [03/Apr/2023:10:37:19 +0800] "GET /xingrg/javascript/auto/jquery.autocomplete.css HTTP/1.1" 304 -
120.253.135.82 - - [03/Apr/2023:10:37:19 +0800] "GET /xingrg/javascript/easyui/themes/icon.css HTTP/1.1" 304 -
120.253.135.82 - - [03/Apr/2023:10:37:19 +0800] "GET /xingrg/javascript/jquery_tools/jquery.tools.hotkey.js HTTP/1.1" 304 -
120.253.135.82 - - [03/Apr/2023:10:37:19 +0800] "GET /xingrg/javascript/jquery_tools/jquery.tools.extend.js HTTP/1.1" 304 -
120.253.135.82 - - [03/Apr/2023:10:37:19 +0800] "GET /xingrg/javascript/jquery_tools/jquery.tools.table.js HTTP/1.1" 304 -
120.253.135.82 - - [03/Apr/2023:10:37:19 +0800] "GET /xingrg/javascript/easyui/easyloader.js HTTP/1.1" 304 -
120.253.135.82 - - [03/Apr/2023:10:37:19 +0800] "GET /xingrg/javascript/jquery_tools/fix.css HTTP/1.1" 304 -
120.253.135.82 - - [03/Apr/2023:10:37:19 +0800] "GET /xingrg/javascript/jquery_tools/list_manager.js HTTP/1.1" 304 -
120.253.135.82 - - [03/Apr/2023:10:37:19 +0800] "GET /xingrg/javascript/jquery_tools/table.css HTTP/1.1" 304 -
120.253.135.82 - - [03/Apr/2023:10:37:19 +0800] "GET /xingrg/javascript/jquery_tools/jquery.tools.min.js HTTP/1.1" 304 -
120.253.135.82 - - [03/Apr/2023:10:37:19 +0800] "GET /xingrg/javascript/jquery.cookie.js HTTP/1.1" 304 -
120.253.135.82 - - [03/Apr/2023:10:37:19 +0800] "POST /xingrg/kc/pszx/jzcl_ps_operate.html HTTP/1.1" 200 21
120.253.135.82 - - [03/Apr/2023:10:37:19 +0800] "GET /xingrg/javascript/easyui/themes/icons/cance_new.png HTTP/1.1" 304 -
120.253.135.82 - - [03/Apr/2023:10:37:19 +0800] "GET /xingrg/javascript/easyui/themes/icons/edit_add_new.png HTTP/1.1" 304 -
120.253.135.82 - - [03/Apr/2023:10:37:19 +0800] "GET /xingrg/javascript/easyui/themes/icons/check_new.png HTTP/1.1" 304 -
120.253.135.82 - - [03/Apr/2023:10:37:19 +0800] "GET /xingrg/javascript/easyui/themes/icons/field_new.png HTTP/1.1" 304 -
120.253.135.82 - - [03/Apr/2023:10:37:19 +0800] "GET /xingrg/javascript/easyui/themes/icons/uncheck_new.png HTTP/1.1" 304 -
120.253.135.82 - - [03/Apr/2023:10:37:19 +0800] "GET /xingrg/javascript/easyui/themes/icons/import_new.png HTTP/1.1" 304 -
120.253.135.82 - - [03/Apr/2023:10:37:19 +0800] "GET /xingrg/javascript/easyui/plugins/jquery.parser.js HTTP/1.1" 304 -
222.70.182.87 - - [03/Apr/2023:10:37:20 +0800] "GET /xingrg/all/function/internal_message.html?_=1680489439968&CODE_STATE=getMsg HTTP/1.1" 200 27
120.253.135.82 - - [03/Apr/2023:10:37:20 +0800] "POST /xingrg/kc/pszx/mdps_list_operate.html HTTP/1.1" 200 5250
180.169.147.146 - - [03/Apr/2023:10:37:21 +0800] "GET /xingrg/all/function/internal_message.html?_=1680489439849&CODE_STATE=getMsg HTTP/1.1" 200 27
180.157.253.110 - - [03/Apr/2023:10:37:21 +0800] "GET /xingrg/all/function/internal_message.html?_=1680489441369&CODE_STATE=getMsg HTTP/1.1" 200 27
120.253.135.82 - - [03/Apr/2023:10:37:23 +0800] "GET /xingrg/javascript/auto/indicator.gif HTTP/1.1" 404 1066
124.78.155.10 - - [03/Apr/2023:10:37:23 +0800] "GET /xingrg/all/function/internal_message.html?_=1680489443917&CODE_STATE=getMsg HTTP/1.1" 200 27
124.78.155.10 - - [03/Apr/2023:10:37:23 +0800] "GET /xingrg/check_reg.html?_=1680489444359 HTTP/1.1" 200 22
222.70.174.211 - - [03/Apr/2023:10:37:23 +0800] "GET /xingrg/all/function/internal_message.html?_=1680489445633&CODE_STATE=getMsg HTTP/1.1" 200 27
120.253.135.82 - - [03/Apr/2023:10:37:24 +0800] "GET /xingrg/all/function/internal_message.html?_=1680489276676&CODE_STATE=getMsg HTTP/1.1" 200 27
116.224.106.218 - - [03/Apr/2023:10:37:30 +0800] "GET /xingrg/all/function/internal_message.html?_=1680489450698&CODE_STATE=getMsg HTTP/1.1" 302 -
120.253.135.82 - - [03/Apr/2023:10:37:33 +0800] "POST /xingrg/kc/pszx/mdps_list_operate.html HTTP/1.1" 200 2060
120.253.135.82 - - [03/Apr/2023:10:37:35 +0800] "POST /xingrg/kc/pszx/mdps_list_operate.html HTTP/1.1" 200 216
120.253.135.82 - - [03/Apr/2023:10:37:36 +0800] "POST /xingrg/kc/pszx/mdps_list_operate.html HTTP/1.1" 200 387
120.253.135.82 - - [03/Apr/2023:10:37:37 +0800] "GET /xingrg/kc/pszx/mdps_order_info.html?code=312023040300079 HTTP/1.1" 200 23978
120.253.135.82 - - [03/Apr/2023:10:37:38 +0800] "GET /xingrg/javascript/jquery_tools/order_manager.js HTTP/1.1" 304 -
120.253.135.82 - - [03/Apr/2023:10:37:38 +0800] "GET /xingrg/javascript/json2.js HTTP/1.1" 304 -
120.253.135.82 - - [03/Apr/2023:10:37:38 +0800] "GET /xingrg/javascript/convert.js HTTP/1.1" 304 -
120.253.135.82 - - [03/Apr/2023:10:37:38 +0800] "GET /xingrg/words/20230402154659_words.js HTTP/1.1" 304 -
120.253.135.82 - - [03/Apr/2023:10:37:38 +0800] "GET /xingrg/javascript/easyui/themes/icons/ok.png HTTP/1.1" 304 -
120.253.135.82 - - [03/Apr/2023:10:37:38 +0800] "GET /xingrg/javascript/easyui/themes/icons/cancel.png HTTP/1.1" 304 -
120.253.135.82 - - [03/Apr/2023:10:37:38 +0800] "GET /xingrg/javascript/easyui/themes/icons/print.png HTTP/1.1" 304 -
120.253.135.82 - - [03/Apr/2023:10:37:38 +0800] "GET /xingrg/javascript/easyui/themes/icons/copy_new.png HTTP/1.1" 304 -
120.253.135.82 - - [03/Apr/2023:10:37:38 +0800] "GET /xingrg/javascript/easyui/themes/default/images/menu_downarrow.png HTTP/1.1" 304 -
120.253.135.82 - - [03/Apr/2023:10:37:38 +0800] "GET /xingrg/javascript/easyui/plugins/jquery.validatebox.js HTTP/1.1" 304 -
120.253.135.82 - - [03/Apr/2023:10:37:38 +0800] "GET /xingrg/javascript/easyui/themes/default/validatebox.css HTTP/1.1" 404 1104
120.253.135.82 - - [03/Apr/2023:10:37:38 +0800] "GET /xingrg/javascript/easyui/plugins/jquery.numberbox.js HTTP/1.1" 304 -
120.253.135.82 - - [03/Apr/2023:10:37:38 +0800] "GET /xingrg/all/common/auto_word.html?type=base&rest_code=00101 HTTP/1.1" 200 671
120.253.135.82 - - [03/Apr/2023:10:37:38 +0800] "POST /xingrg/kc/pszx/mdps_order_operate.html HTTP/1.1" 200 3296
120.253.135.82 - - [03/Apr/2023:10:37:38 +0800] "GET /xingrg/javascript/easyui/themes/icons/edit_remove.png HTTP/1.1" 304 -
116.224.106.218 - - [03/Apr/2023:10:37:39 +0800] "GET /xingrg/kc/mdqp/qqps_order_list.html HTTP/1.1" 302 -
116.224.106.218 - - [03/Apr/2023:10:37:39 +0800] "GET /xingrg/login.html HTTP/1.1" 200 7641
116.224.106.218 - - [03/Apr/2023:10:37:39 +0800] "GET /xingrg/login.html HTTP/1.1" 200 7641
116.224.106.218 - - [03/Apr/2023:10:37:39 +0800] "GET /favicon.ico HTTP/1.1" 404 -
120.253.135.82 - - [03/Apr/2023:10:37:39 +0800] "GET /xingrg/css/images/panel_loading.gif HTTP/1.1" 304 -
120.253.135.82 - - [03/Apr/2023:10:37:40 +0800] "POST /xingrg/all/common/load_combo.html?type=base HTTP/1.1" 200 1169
120.253.135.82 - - [03/Apr/2023:10:37:42 +0800] "GET /xingrg/javascript/easyui/themes/default/images/button_plain_hover.png HTTP/1.1" 304 -
116.224.158.100 - - [03/Apr/2023:10:37:42 +0800] "GET /xingrg/all/function/internal_message.html?_=1680489305205&CODE_STATE=getMsg HTTP/1.1" 200 27
222.67.232.202 - - [03/Apr/2023:10:37:44 +0800] "GET /xingrg/kc/buy/cgsh_order_operate.html?command=get_materiel&rest_code=00141&code=00101008041&supplier_code=00100007&order_time=2023-04-03 HTTP/1.1" 200 408
120.253.135.82 - - [03/Apr/2023:10:37:44 +0800] "POST /xingrg/kc/pszx/mdps_order_operate.html HTTP/1.1" 200 37
120.253.135.82 - - [03/Apr/2023:10:37:45 +0800] "GET /xingrg/kc/pszx/mdps_order_info.html?code=312023040300079 HTTP/1.1" 200 23978
120.253.135.82 - - [03/Apr/2023:10:37:46 +0800] "GET /xingrg/javascript/easyui/themes/default/validatebox.css HTTP/1.1" 404 1104
120.253.135.82 - - [03/Apr/2023:10:37:46 +0800] "POST /xingrg/kc/pszx/mdps_order_operate.html HTTP/1.1" 200 3320
180.157.253.110 - - [03/Apr/2023:10:37:47 +0800] "GET /xingrg/check_reg.html?_=1680489468486 HTTP/1.1" 302 -
116.238.139.35 - - [03/Apr/2023:10:37:47 +0800] "GET /xingrg/all/function/internal_message.html?_=1680489469768&CODE_STATE=getMsg HTTP/1.1" 200 27
116.238.139.35 - - [03/Apr/2023:10:37:47 +0800] "GET /xingrg/all/function/internal_message.html?_=1680489381351&CODE_STATE=getMsg HTTP/1.1" 302 -
116.227.208.255 - - [03/Apr/2023:10:37:47 +0800] "GET /xingrg/all/function/internal_message.html?_=1680489563314&CODE_STATE=getMsg HTTP/1.1" 200 27
116.224.106.218 - - [03/Apr/2023:10:37:48 +0800] "POST /xingrg/login.do HTTP/1.1" 302 -
116.224.106.218 - - [03/Apr/2023:10:37:48 +0800] "GET /xingrg/index.html?sysBaseUrl=http%3A%2F%2F180.169.147.146%3A18081%2Fxingrg%2F&costTime=1058×tamp=1680489468620 HTTP/1.1" 200 17179
116.224.106.218 - - [03/Apr/2023:10:37:48 +0800] "GET /favicon.ico HTTP/1.1" 404 -
116.224.106.218 - - [03/Apr/2023:10:37:49 +0800] "GET /xingrg/check_reg.html?_=1680489468856 HTTP/1.1" 200 22
116.224.106.218 - - [03/Apr/2023:10:37:49 +0800] "POST /xingrg/all/common/load_tree.html?tree=area_rest_tree_json&manage=1 HTTP/1.1" 200 351
116.224.106.218 - - [03/Apr/2023:10:37:49 +0800] "GET /xingrg/all/function/internal_message.html?_=1680489468849&CODE_STATE=count HTTP/1.1" 200 11
116.224.106.218 - - [03/Apr/2023:10:37:49 +0800] "POST /xingrg/load_menu.html HTTP/1.1" 200 5138
124.79.72.155 - - [03/Apr/2023:10:37:53 +0800] "GET /xingrg/all/function/internal_message.html?_=1680489476654&CODE_STATE=getMsg HTTP/1.1" 200 27
116.224.106.218 - - [03/Apr/2023:10:37:54 +0800] "GET /xingrg/kc/mdqp/qqps_order_list.html HTTP/1.1" 200 9222
116.224.106.218 - - [03/Apr/2023:10:37:54 +0800] "GET /xingrg/dwr/interface/AjaxQqpsService.js HTTP/1.1" 200 16326
116.224.106.218 - - [03/Apr/2023:10:37:54 +0800] "GET /xingrg/dwr/interface/AjaxReportQueryService.js HTTP/1.1" 200 13203
116.224.106.218 - - [03/Apr/2023:10:37:54 +0800] "GET /xingrg/dwr/engine.js HTTP/1.1" 200 43631
116.224.106.218 - - [03/Apr/2023:10:37:54 +0800] "GET /xingrg/dwr/util.js HTTP/1.1" 200 35990
116.224.106.218 - - [03/Apr/2023:10:37:54 +0800] "GET /xingrg/javascript/jquery_easy_ui/themes/icons/uncheck_new.png HTTP/1.1" 200 3197
116.224.106.218 - - [03/Apr/2023:10:37:57 +0800] "GET /xingrg/kc/mdqp/qqps_order_add.html HTTP/1.1" 200 26555
116.224.106.218 - - [03/Apr/2023:10:37:57 +0800] "GET /xingrg/javascript/tools/jquery.qtip-1.0.0-rc3.min.js HTTP/1.1" 200 38404
116.224.106.218 - - [03/Apr/2023:10:37:57 +0800] "GET /xingrg/dwr/interface/AjaxComOrderService.js HTTP/1.1" 200 18264
116.224.106.218 - - [03/Apr/2023:10:37:57 +0800] "GET /xingrg/dwr/interface/AjaxQqpsService.js HTTP/1.1" 200 16326
116.224.106.218 - - [03/Apr/2023:10:37:57 +0800] "GET /xingrg/dwr/engine.js HTTP/1.1" 200 43631
222.67.232.202 - - [03/Apr/2023:10:37:57 +0800] "GET /xingrg/kc/buy/cgsh_order_operate.html?command=get_materiel&rest_code=00141&code=00101009044&supplier_code=00100007&order_time=2023-04-03 HTTP/1.1" 200 413
116.224.106.218 - - [03/Apr/2023:10:37:57 +0800] "GET /xingrg/words/20230402154659_words.js HTTP/1.1" 304 -
116.224.106.218 - - [03/Apr/2023:10:37:57 +0800] "GET /xingrg/javascript/jquery_easy_ui/themes/icons/template_new.png HTTP/1.1" 200 3956
116.224.106.218 - - [03/Apr/2023:10:37:57 +0800] "GET /xingrg/javascript/jquery_easy_ui/themes/icons/copy_new.png HTTP/1.1" 200 815
222.67.232.202 - - [03/Apr/2023:10:37:59 +0800] "POST /xingrg/kc/buy/cgsh_order_operate.html HTTP/1.1" 200 2065
120.253.135.82 - - [03/Apr/2023:10:38:00 +0800] "GET /xingrg/kc/pszx/mdps_order_info.html?code=312023040300079 HTTP/1.1" 200 23978
120.253.135.82 - - [03/Apr/2023:10:38:00 +0800] "GET /xingrg/javascript/easyui/themes/default/validatebox.css HTTP/1.1" 404 1104
120.253.135.82 - - [03/Apr/2023:10:38:01 +0800] "POST /xingrg/kc/pszx/mdps_order_operate.html HTTP/1.1" 200 3320
180.169.147.146 - - [03/Apr/2023:10:38:03 +0800] "GET /xingrg/all/function/internal_message.html?_=1680489482642&CODE_STATE=getMsg HTTP/1.1" 302 -
120.253.135.82 - - [03/Apr/2023:10:38:03 +0800] "GET /xingrg/kc/print/load_config.html?kc_code=mdps HTTP/1.1" 200 2390
114.83.216.80 - - [03/Apr/2023:10:38:03 +0800] "GET /xingrg/all/function/internal_message.html?_=1680489483860&CODE_STATE=getMsg HTTP/1.1" 200 27
120.253.135.82 - - [03/Apr/2023:10:38:04 +0800] "GET /xingrg/kc/print/load_data.html?order_code=312023040300079&kc_code=mdps&condition= HTTP/1.1" 200 1178
222.67.232.202 - - [03/Apr/2023:10:38:04 +0800] "GET /xingrg/all/function/internal_message.html?_=1680489485160&CODE_STATE=getMsg HTTP/1.1" 200 27
116.224.106.218 - - [03/Apr/2023:10:38:05 +0800] "GET /xingrg/images/blue/wait.gif HTTP/1.1" 200 1100
222.67.232.202 - - [03/Apr/2023:10:38:06 +0800] "GET /xingrg/kc/buy/cgsh_order_operate.html?command=get_materiel&rest_code=00141&code=00101015060&supplier_code=00100007&order_time=2023-04-03 HTTP/1.1" 200 413
116.224.106.218 - - [03/Apr/2023:10:38:06 +0800] "POST /xingrg/dwr/call/plaincall/AjaxQqpsService.saveOrder.dwr HTTP/1.1" 200 78
116.224.106.218 - - [03/Apr/2023:10:38:09 +0800] "GET /xingrg/javascript/auto/indicator.gif HTTP/1.1" 404 1066
180.169.147.146 - - [03/Apr/2023:10:38:09 +0800] "GET /xingrg/all/function/internal_message.html?_=1680489489757&CODE_STATE=getMsg HTTP/1.1" 200 27
116.224.158.100 - - [03/Apr/2023:10:38:12 +0800] "GET /xingrg/all/function/internal_message.html?_=1680489493583&CODE_STATE=getMsg HTTP/1.1" 200 27
116.224.106.218 - - [03/Apr/2023:10:38:17 +0800] "POST /xingrg/dwr/call/plaincall/AjaxQqpsService.getMaterielByCode.dwr HTTP/1.1" 200 1632
222.70.182.87 - - [03/Apr/2023:10:38:20 +0800] "GET /xingrg/check_reg.html?_=1680489499968 HTTP/1.1" 200 22
222.70.182.87 - - [03/Apr/2023:10:38:20 +0800] "GET /xingrg/all/function/internal_message.html?_=1680489499970&CODE_STATE=getMsg HTTP/1.1" 200 27
180.169.147.146 - - [03/Apr/2023:10:38:20 +0800] "GET /xingrg/all/function/internal_message.html?_=1680489499844&CODE_STATE=getMsg HTTP/1.1" 200 27
180.157.253.110 - - [03/Apr/2023:10:38:21 +0800] "GET /xingrg/all/function/internal_message.html?_=1680489501367&CODE_STATE=getMsg HTTP/1.1" 200 27
116.224.106.218 - - [03/Apr/2023:10:38:21 +0800] "GET /xingrg/kc/mdqp/qqps_order_list.html?isBack=1 HTTP/1.1" 200 9651
116.224.106.218 - - [03/Apr/2023:10:38:21 +0800] "GET /xingrg/dwr/interface/AjaxQqpsService.js HTTP/1.1" 200 16326
116.224.106.218 - - [03/Apr/2023:10:38:21 +0800] "GET /xingrg/dwr/interface/AjaxReportQueryService.js HTTP/1.1" 200 13203
116.224.106.218 - - [03/Apr/2023:10:38:21 +0800] "GET /xingrg/dwr/engine.js HTTP/1.1" 200 43631
180.163.29.206 - - [03/Apr/2023:10:38:23 +0800] "GET /xingrg/all/function/internal_message.html?_=1680489443917&CODE_STATE=getMsg HTTP/1.1" 302 -
180.163.29.206 - - [03/Apr/2023:10:38:23 +0800] "GET /xingrg/login.html HTTP/1.1" 200 7641
124.78.155.10 - - [03/Apr/2023:10:38:23 +0800] "GET /xingrg/all/function/internal_message.html?_=1680489503932&CODE_STATE=getMsg HTTP/1.1" 200 27
180.163.30.76 - - [03/Apr/2023:10:38:23 +0800] "GET /xingrg/check_reg.html?_=1680489444359 HTTP/1.1" 302 -
222.70.174.211 - - [03/Apr/2023:10:38:23 +0800] "GET /xingrg/check_reg.html?_=1680489505126 HTTP/1.1" 200 22
180.163.30.76 - - [03/Apr/2023:10:38:23 +0800] "GET /xingrg/login.html HTTP/1.1" 200 7641
222.70.174.211 - - [03/Apr/2023:10:38:23 +0800] "GET /xingrg/all/function/internal_message.html?_=1680489505646&CODE_STATE=getMsg HTTP/1.1" 200 27
120.253.135.82 - - [03/Apr/2023:10:38:24 +0800] "GET /xingrg/all/function/internal_message.html?_=1680489336705&CODE_STATE=getMsg HTTP/1.1" 200 27
222.67.232.202 - - [03/Apr/2023:10:38:24 +0800] "GET /xingrg/kc/buy/cgsh_order_operate.html?command=get_materiel&rest_code=00141&code=00101009118&supplier_code=00100007&order_time=2023-04-03 HTTP/1.1" 200 406
180.164.3.199 - - [03/Apr/2023:10:38:27 +0800] "GET /xingrg/login.html HTTP/1.1" 200 7641
180.164.3.199 - - [03/Apr/2023:10:38:27 +0800] "GET /xingrg/images/blue/jxLogo.png HTTP/1.1" 200 6156
180.164.3.199 - - [03/Apr/2023:10:38:27 +0800] "GET /xingrg/images/blue/login_bg.png HTTP/1.1" 200 22101
180.164.3.199 - - [03/Apr/2023:10:38:27 +0800] "GET /xingrg/images/blue/hj.png HTTP/1.1" 200 1014
180.164.3.199 - - [03/Apr/2023:10:38:27 +0800] "GET /xingrg/images/blue/srbg.png HTTP/1.1" 200 138
180.164.3.199 - - [03/Apr/2023:10:38:27 +0800] "GET /favicon.ico HTTP/1.1" 404 -
116.224.106.218 - - [03/Apr/2023:10:38:32 +0800] "GET /xingrg/kc/base/wldb_order_list.html HTTP/1.1" 200 19104
116.224.106.218 - - [03/Apr/2023:10:38:32 +0800] "POST /xingrg/kc/base/wldb_list_operate.html HTTP/1.1" 200 928
180.164.3.199 - - [03/Apr/2023:10:38:35 +0800] "POST /xingrg/login.do HTTP/1.1" 302 -
180.164.3.199 - - [03/Apr/2023:10:38:35 +0800] "GET /xingrg/index.html?sysBaseUrl=http%3A%2F%2F180.169.147.146%3A18081%2Fxingrg%2F&costTime=908×tamp=1680489515543 HTTP/1.1" 200 17183
180.164.3.199 - - [03/Apr/2023:10:38:35 +0800] "GET /xingrg/javascript/jquery_easy_ui/themes/default/easyui.css HTTP/1.1" 200 26500
180.164.3.199 - - [03/Apr/2023:10:38:35 +0800] "GET /xingrg/javascript/jquery_easy_ui/themes/icon.css HTTP/1.1" 200 3949
180.164.3.199 - - [03/Apr/2023:10:38:35 +0800] "GET /xingrg/css/form.css HTTP/1.1" 200 893
180.164.3.199 - - [03/Apr/2023:10:38:35 +0800] "GET /xingrg/javascript/jquery.form.js HTTP/1.1" 200 23110
180.164.3.199 - - [03/Apr/2023:10:38:35 +0800] "GET /xingrg/javascript/jquery_easy_ui/jquery.easyui.min.js HTTP/1.1" 200 213662
180.164.3.199 - - [03/Apr/2023:10:38:35 +0800] "GET /xingrg/javascript/jquery-1.4.2.min.js HTTP/1.1" 200 72205
180.164.3.199 - - [03/Apr/2023:10:38:35 +0800] "GET /xingrg/javascript/jquery_easy_ui/easyui-lang-zh_CN.js HTTP/1.1" 200 1900
180.164.3.199 - - [03/Apr/2023:10:38:35 +0800] "GET /xingrg/javascript/jquery.utils.js HTTP/1.1" 200 11805
180.164.3.199 - - [03/Apr/2023:10:38:35 +0800] "GET /xingrg/javascript/jquery.timers.js HTTP/1.1" 200 3532
180.164.3.199 - - [03/Apr/2023:10:38:35 +0800] "GET /favicon.ico HTTP/1.1" 404 -
180.164.3.199 - - [03/Apr/2023:10:38:36 +0800] "GET /xingrg/javascript/jquery_easy_ui/themes/icons/settle_new.png HTTP/1.1" 200 826
180.164.3.199 - - [03/Apr/2023:10:38:36 +0800] "GET /xingrg/images/blue/navBackgound.jpg HTTP/1.1" 200 12378
180.164.3.199 - - [03/Apr/2023:10:38:36 +0800] "GET /xingrg/images/blue/pingpu.png HTTP/1.1" 200 231
180.164.3.199 - - [03/Apr/2023:10:38:36 +0800] "GET /xingrg/check_reg.html?_=1680489515534 HTTP/1.1" 200 22
180.164.3.199 - - [03/Apr/2023:10:38:36 +0800] "GET /xingrg/javascript/jquery_easy_ui/themes/default/images/tabs_leftarrow.png HTTP/1.1" 200 389
180.164.3.199 - - [03/Apr/2023:10:38:36 +0800] "GET /xingrg/javascript/jquery_easy_ui/themes/default/images/tabs_rightarrow.png HTTP/1.1" 200 395
180.164.3.199 - - [03/Apr/2023:10:38:36 +0800] "GET /xingrg/javascript/jquery_easy_ui/themes/default/images/panel_tool_collapse.gif HTTP/1.1" 200 246
180.164.3.199 - - [03/Apr/2023:10:38:36 +0800] "POST /xingrg/all/common/load_tree.html?tree=area_rest_tree_json&manage=1 HTTP/1.1" 200 357
180.164.3.199 - - [03/Apr/2023:10:38:36 +0800] "GET /xingrg/all/function/internal_message.html?_=1680489515533&CODE_STATE=count HTTP/1.1" 200 11
116.224.106.218 - - [03/Apr/2023:10:38:36 +0800] "GET /xingrg/kc/base/wldb_order_add.html HTTP/1.1" 200 30387
180.164.3.199 - - [03/Apr/2023:10:38:36 +0800] "POST /xingrg/load_menu.html HTTP/1.1" 200 5138
180.164.3.199 - - [03/Apr/2023:10:38:36 +0800] "GET /xingrg/javascript/jquery_easy_ui/themes/default/images/tree_arrows.gif HTTP/1.1" 200 1043
180.164.3.199 - - [03/Apr/2023:10:38:36 +0800] "GET /xingrg/javascript/jquery_easy_ui/themes/default/images/tree_folder_open.gif HTTP/1.1" 200 956
180.164.3.199 - - [03/Apr/2023:10:38:36 +0800] "GET /xingrg/javascript/jquery_easy_ui/themes/icons/storage_new.png HTTP/1.1" 200 853
180.164.3.199 - - [03/Apr/2023:10:38:36 +0800] "GET /xingrg/javascript/jquery_easy_ui/themes/icons/search_new.png HTTP/1.1" 200 586
180.164.3.199 - - [03/Apr/2023:10:38:36 +0800] "GET /xingrg/javascript/jquery_easy_ui/themes/default/images/tree_folder.gif HTTP/1.1" 200 952
180.164.3.199 - - [03/Apr/2023:10:38:36 +0800] "GET /xingrg/javascript/jquery_easy_ui/themes/icons/forms_new.png HTTP/1.1" 200 350
180.164.3.199 - - [03/Apr/2023:10:38:36 +0800] "GET /xingrg/javascript/jquery_easy_ui/themes/default/images/tree_file.gif HTTP/1.1" 200 118
116.224.106.218 - - [03/Apr/2023:10:38:36 +0800] "POST /xingrg/kc/base/wldb_order_operate.html HTTP/1.1" 200 6806
116.224.106.218 - - [03/Apr/2023:10:38:36 +0800] "GET /xingrg/all/common/auto_word.html?type=base&rest_code=00145 HTTP/1.1" 200 819
116.224.106.218 - - [03/Apr/2023:10:38:36 +0800] "GET /xingrg/all/common/auto_word.html?type=base&rest_code=00145 HTTP/1.1" 200 819
116.224.106.218 - - [03/Apr/2023:10:38:36 +0800] "GET /xingrg/javascript/easyui/themes/default/validatebox.css HTTP/1.1" 404 1104
180.164.3.199 - - [03/Apr/2023:10:38:37 +0800] "GET /xingrg/javascript/jquery_easy_ui/themes/default/images/tabs_active.png HTTP/1.1" 200 2894
116.224.106.218 - - [03/Apr/2023:10:38:38 +0800] "GET /xingrg/css/images/panel_loading.gif HTTP/1.1" 200 1737
116.224.106.218 - - [03/Apr/2023:10:38:38 +0800] "POST /xingrg/all/common/load_combo.html?type=base HTTP/1.1" 200 1482
116.224.158.100 - - [03/Apr/2023:10:38:40 +0800] "GET /xingrg/kc/base/base_main.html HTTP/1.1" 200 12142
116.224.106.218 - - [03/Apr/2023:10:38:41 +0800] "POST /xingrg/all/common/load_combo.html?type=base HTTP/1.1" 200 1482
116.224.158.100 - - [03/Apr/2023:10:38:41 +0800] "GET /xingrg/kc/base/wldb_order_list.html HTTP/1.1" 200 19098
116.224.158.100 - - [03/Apr/2023:10:38:42 +0800] "GET /xingrg/all/function/internal_message.html?_=1680489365213&CODE_STATE=getMsg HTTP/1.1" 200 27
116.224.158.100 - - [03/Apr/2023:10:38:42 +0800] "GET /xingrg/check_reg.html?_=1680489365216 HTTP/1.1" 200 22
116.224.158.100 - - [03/Apr/2023:10:38:42 +0800] "POST /xingrg/kc/base/wldb_list_operate.html HTTP/1.1" 200 5285
222.67.232.202 - - [03/Apr/2023:10:38:44 +0800] "GET /xingrg/kc/buy/cgsh_order_operate.html?command=get_materiel&rest_code=00141&code=00101019816&supplier_code=00100007&order_time=2023-04-03 HTTP/1.1" 200 427
116.224.106.218 - - [03/Apr/2023:10:38:46 +0800] "GET /xingrg/javascript/auto/indicator.gif HTTP/1.1" 404 1066
116.238.139.35 - - [03/Apr/2023:10:38:46 +0800] "GET /xingrg/check_reg.html?_=1680489439655 HTTP/1.1" 302 -
116.224.158.100 - - [03/Apr/2023:10:38:46 +0800] "POST /xingrg/kc/base/wldb_list_operate.html HTTP/1.1" 200 285
116.238.139.35 - - [03/Apr/2023:10:38:47 +0800] "GET /xingrg/all/function/internal_message.html?_=1680489529738&CODE_STATE=getMsg HTTP/1.1" 200 27
116.238.139.35 - - [03/Apr/2023:10:38:47 +0800] "GET /xingrg/all/function/internal_message.html?_=1680489441365&CODE_STATE=getMsg HTTP/1.1" 302 -
116.224.158.100 - - [03/Apr/2023:10:38:47 +0800] "GET /xingrg/kc/base/wldb_order_info.html?code=422023040300212 HTTP/1.1" 200 30395
116.238.139.35 - - [03/Apr/2023:10:38:47 +0800] "GET /xingrg/check_reg.html?_=1680489530010 HTTP/1.1" 200 22
116.227.208.255 - - [03/Apr/2023:10:38:47 +0800] "GET /xingrg/check_reg.html?_=1680489623295 HTTP/1.1" 200 22
116.227.208.255 - - [03/Apr/2023:10:38:47 +0800] "GET /xingrg/all/function/internal_message.html?_=1680489623297&CODE_STATE=getMsg HTTP/1.1" 200 27
116.224.158.100 - - [03/Apr/2023:10:38:48 +0800] "GET /xingrg/words/20230402154659_words.js HTTP/1.1" 304 -
116.224.158.100 - - [03/Apr/2023:10:38:48 +0800] "GET /xingrg/javascript/easyui/themes/default/validatebox.css HTTP/1.1" 404 1104
116.224.106.218 - - [03/Apr/2023:10:38:48 +0800] "GET /xingrg/kc/base/wldb_order_operate.html?command=get_materiel&rest_code=00145&base_code=0010282&code=00102012003 HTTP/1.1" 200 444
116.224.158.100 - - [03/Apr/2023:10:38:48 +0800] "POST /xingrg/kc/base/wldb_order_operate.html HTTP/1.1" 200 2690
116.224.106.218 - - [03/Apr/2023:10:38:49 +0800] "GET /xingrg/all/function/internal_message.html?_=1680489528861&CODE_STATE=getMsg HTTP/1.1" 200 27
180.164.3.199 - - [03/Apr/2023:10:38:51 +0800] "GET /xingrg/javascript/jquery_easy_ui/themes/default/images/tabs_close.gif HTTP/1.1" 200 829
180.164.3.199 - - [03/Apr/2023:10:38:52 +0800] "GET /xingrg/kc/buy/cgsh_order_list.html HTTP/1.1" 200 54189
180.164.3.199 - - [03/Apr/2023:10:38:52 +0800] "GET /xingrg/css/site.css HTTP/1.1" 200 7541
180.164.3.199 - - [03/Apr/2023:10:38:52 +0800] "GET /xingrg/javascript/jquery_tools/datebox.css HTTP/1.1" 200 2597
180.164.3.199 - - [03/Apr/2023:10:38:52 +0800] "GET /xingrg/css/base.css HTTP/1.1" 200 2811
180.164.3.199 - - [03/Apr/2023:10:38:52 +0800] "GET /xingrg/javascript/easyui/themes/default/easyui.css HTTP/1.1" 200 30432
180.164.3.199 - - [03/Apr/2023:10:38:52 +0800] "GET /xingrg/javascript/easyui/themes/icon.css HTTP/1.1" 200 4483
180.164.3.199 - - [03/Apr/2023:10:38:52 +0800] "GET /xingrg/javascript/auto/jquery.autocomplete.css HTTP/1.1" 200 587
180.164.3.199 - - [03/Apr/2023:10:38:52 +0800] "GET /xingrg/javascript/jquery_tools/fix.css HTTP/1.1" 200 1702
180.164.3.199 - - [03/Apr/2023:10:38:52 +0800] "GET /xingrg/javascript/jquery_tools/table.css HTTP/1.1" 200 1032
180.164.3.199 - - [03/Apr/2023:10:38:52 +0800] "GET /xingrg/javascript/jquery_tools/jquery.tools.min.js HTTP/1.1" 200 138801
180.164.3.199 - - [03/Apr/2023:10:38:52 +0800] "GET /xingrg/javascript/jquery_tools/jquery.tools.extend.js HTTP/1.1" 200 15385
180.164.3.199 - - [03/Apr/2023:10:38:52 +0800] "GET /xingrg/javascript/jquery_tools/jquery.tools.hotkey.js HTTP/1.1" 200 3242
180.164.3.199 - - [03/Apr/2023:10:38:52 +0800] "GET /xingrg/javascript/jquery_tools/list_manager.js HTTP/1.1" 200 3652
180.164.3.199 - - [03/Apr/2023:10:38:52 +0800] "GET /xingrg/javascript/jquery_tools/jquery.tools.table.js HTTP/1.1" 200 6994
180.164.3.199 - - [03/Apr/2023:10:38:52 +0800] "GET /xingrg/javascript/auto/jquery.autocomplete.js HTTP/1.1" 200 21624
180.164.3.199 - - [03/Apr/2023:10:38:52 +0800] "GET /xingrg/javascript/easyui/easyloader.js HTTP/1.1" 200 5975
180.164.3.199 - - [03/Apr/2023:10:38:52 +0800] "GET /xingrg/javascript/jquery.cookie.js HTTP/1.1" 200 5513
180.164.3.199 - - [03/Apr/2023:10:38:52 +0800] "GET /xingrg/javascript/print/LodopFuncs.js HTTP/1.1" 200 5121
180.164.3.199 - - [03/Apr/2023:10:38:53 +0800] "GET /xingrg/javascript/easyui/themes/icons/edit_add_new.png HTTP/1.1" 200 2997
180.164.3.199 - - [03/Apr/2023:10:38:53 +0800] "GET /xingrg/javascript/easyui/themes/icons/field_new.png HTTP/1.1" 200 1097
180.164.3.199 - - [03/Apr/2023:10:38:53 +0800] "GET /xingrg/javascript/easyui/themes/icons/cance_new.png HTTP/1.1" 200 3986
180.164.3.199 - - [03/Apr/2023:10:38:53 +0800] "GET /xingrg/javascript/easyui/themes/icons/import_new.png HTTP/1.1" 200 1247
180.164.3.199 - - [03/Apr/2023:10:38:53 +0800] "GET /xingrg/javascript/easyui/themes/icons/check_new.png HTTP/1.1" 200 3224
180.164.3.199 - - [03/Apr/2023:10:38:53 +0800] "GET /xingrg/javascript/easyui/plugins/jquery.parser.js HTTP/1.1" 200 1142
180.164.3.199 - - [03/Apr/2023:10:38:53 +0800] "GET /xingrg/images/control/ajaxLoader.gif HTTP/1.1" 200 4659
124.79.72.155 - - [03/Apr/2023:10:38:53 +0800] "GET /xingrg/all/function/internal_message.html?_=1680489536657&CODE_STATE=getMsg HTTP/1.1" 200 27
124.79.72.155 - - [03/Apr/2023:10:38:53 +0800] "GET /xingrg/check_reg.html?_=1680489536658 HTTP/1.1" 200 22
222.67.232.202 - - [03/Apr/2023:10:38:56 +0800] "GET /xingrg/kc/buy/cgsh_order_operate.html?command=get_materiel&rest_code=00141&code=00101008261&supplier_code=00100007&order_time=2023-04-03 HTTP/1.1" 200 408
180.169.147.146 - - [03/Apr/2023:10:39:03 +0800] "GET /xingrg/all/function/internal_message.html?_=1680489542641&CODE_STATE=getMsg HTTP/1.1" 302 -
114.83.216.80 - - [03/Apr/2023:10:39:03 +0800] "GET /xingrg/all/function/internal_message.html?_=1680489543863&CODE_STATE=getMsg HTTP/1.1" 200 27
222.67.232.202 - - [03/Apr/2023:10:39:04 +0800] "GET /xingrg/all/function/internal_message.html?_=1680489545147&CODE_STATE=getMsg HTTP/1.1" 200 27
116.224.158.100 - - [03/Apr/2023:10:39:08 +0800] "POST /xingrg/kc/base/wldb_order_operate.html HTTP/1.1" 200 37
180.164.3.199 - - [03/Apr/2023:10:39:09 +0800] "POST /xingrg/kc/buy/cgsh_list_operate.html HTTP/1.1" 200 5847
180.169.147.146 - - [03/Apr/2023:10:39:09 +0800] "GET /xingrg/check_reg.html?_=1680489549580 HTTP/1.1" 200 22
180.169.147.146 - - [03/Apr/2023:10:39:09 +0800] "GET /xingrg/all/function/internal_message.html?_=1680489549751&CODE_STATE=getMsg HTTP/1.1" 200 27
222.67.232.202 - - [03/Apr/2023:10:39:09 +0800] "GET /xingrg/kc/buy/cgsh_order_operate.html?command=get_materiel&rest_code=00141&code=00101008072&supplier_code=00100007&order_time=2023-04-03 HTTP/1.1" 200 408
116.224.158.100 - - [03/Apr/2023:10:39:10 +0800] "POST /xingrg/kc/base/wldb_order_operate.html HTTP/1.1" 200 2179
116.224.158.100 - - [03/Apr/2023:10:39:10 +0800] "GET /xingrg/kc/base/wldb_order_info.html?code=422023040300212 HTTP/1.1" 200 30395
116.224.158.100 - - [03/Apr/2023:10:39:11 +0800] "GET /xingrg/javascript/easyui/themes/default/validatebox.css HTTP/1.1" 404 1104
116.224.158.100 - - [03/Apr/2023:10:39:11 +0800] "POST /xingrg/kc/base/wldb_order_operate.html HTTP/1.1" 200 2179
116.224.158.100 - - [03/Apr/2023:10:39:12 +0800] "GET /xingrg/all/function/internal_message.html?_=1680489553558&CODE_STATE=getMsg HTTP/1.1" 200 27
222.70.182.87 - - [03/Apr/2023:10:39:20 +0800] "GET /xingrg/all/function/internal_message.html?_=1680489559955&CODE_STATE=getMsg HTTP/1.1" 200 27
222.67.232.202 - - [03/Apr/2023:10:39:20 +0800] "POST /xingrg/kc/buy/cgsh_order_operate.html HTTP/1.1" 200 2065
180.169.147.146 - - [03/Apr/2023:10:39:20 +0800] "GET /xingrg/check_reg.html?_=1680489559841 HTTP/1.1" 200 22
180.169.147.146 - - [03/Apr/2023:10:39:21 +0800] "GET /xingrg/all/function/internal_message.html?_=1680489559846&CODE_STATE=getMsg HTTP/1.1" 200 27
180.157.253.110 - - [03/Apr/2023:10:39:21 +0800] "GET /xingrg/all/function/internal_message.html?_=1680489561366&CODE_STATE=getMsg HTTP/1.1" 200 27
222.70.174.211 - - [03/Apr/2023:10:39:21 +0800] "GET /xingrg/kc/buy/cgsh_order_operate.html?command=get_materiel&rest_code=00146&code=00101008247&supplier_code=00100005&order_time=2023-04-03 HTTP/1.1" 200 412
124.78.155.10 - - [03/Apr/2023:10:39:23 +0800] "GET /xingrg/all/function/internal_message.html?_=1680489563924&CODE_STATE=getMsg HTTP/1.1" 200 27
222.70.174.211 - - [03/Apr/2023:10:39:24 +0800] "GET /xingrg/all/function/internal_message.html?_=1680489565662&CODE_STATE=getMsg HTTP/1.1" 200 27
120.253.135.82 - - [03/Apr/2023:10:39:24 +0800] "GET /xingrg/all/function/internal_message.html?_=1680489396719&CODE_STATE=getMsg HTTP/1.1" 200 27
222.67.232.202 - - [03/Apr/2023:10:39:28 +0800] "GET /xingrg/kc/buy/cgsh_order_operate.html?command=get_materiel&rest_code=00141&code=00101008049&supplier_code=00100007&order_time=2023-04-03 HTTP/1.1" 200 408
180.164.3.199 - - [03/Apr/2023:10:39:35 +0800] "GET /xingrg/javascript/easyui/themes/default/images/button_plain_hover.png HTTP/1.1" 200 144
222.67.232.202 - - [03/Apr/2023:10:39:40 +0800] "GET /xingrg/kc/buy/cgsh_order_operate.html?command=get_materiel&rest_code=00141&code=00101008126&supplier_code=00100007&order_time=2023-04-03 HTTP/1.1" 200 412
116.224.158.100 - - [03/Apr/2023:10:39:42 +0800] "GET /xingrg/all/function/internal_message.html?_=1680489425213&CODE_STATE=getMsg HTTP/1.1" 200 27
222.70.174.211 - - [03/Apr/2023:10:39:45 +0800] "GET /xingrg/kc/buy/cgsh_order_operate.html?command=get_materiel&rest_code=00146&code=00101008072&supplier_code=00100005&order_time=2023-04-03 HTTP/1.1" 200 408
116.238.139.35 - - [03/Apr/2023:10:39:47 +0800] "GET /xingrg/all/function/internal_message.html?_=1680489589717&CODE_STATE=getMsg HTTP/1.1" 200 27
116.238.139.35 - - [03/Apr/2023:10:39:47 +0800] "GET /xingrg/all/function/internal_message.html?_=1680489501447&CODE_STATE=getMsg HTTP/1.1" 302 -
116.227.208.255 - - [03/Apr/2023:10:39:48 +0800] "GET /xingrg/all/function/internal_message.html?_=1680489683331&CODE_STATE=getMsg HTTP/1.1" 200 27
116.224.106.218 - - [03/Apr/2023:10:39:49 +0800] "GET /xingrg/all/function/internal_message.html?_=1680489588864&CODE_STATE=getMsg HTTP/1.1" 200 27
222.67.232.202 - - [03/Apr/2023:10:39:49 +0800] "GET /xingrg/kc/buy/cgsh_order_operate.html?command=get_materiel&rest_code=00141&code=00101008087&supplier_code=00100007&order_time=2023-04-03 HTTP/1.1" 200 412
116.224.158.100 - - [03/Apr/2023:10:39:51 +0800] "GET /xingrg/kc/base/wldb_order_add.html HTTP/1.1" 200 30381
116.224.158.100 - - [03/Apr/2023:10:39:51 +0800] "POST /xingrg/kc/base/wldb_order_operate.html HTTP/1.1" 200 6806
116.224.158.100 - - [03/Apr/2023:10:39:52 +0800] "GET /xingrg/javascript/easyui/themes/default/validatebox.css HTTP/1.1" 404 1104
124.79.72.155 - - [03/Apr/2023:10:39:53 +0800] "GET /xingrg/all/function/internal_message.html?_=1680489596656&CODE_STATE=getMsg HTTP/1.1" 200 27
180.169.147.146 - - [03/Apr/2023:10:40:03 +0800] "GET /xingrg/all/function/internal_message.html?_=1680489602641&CODE_STATE=getMsg HTTP/1.1" 302 -
114.83.216.80 - - [03/Apr/2023:10:40:03 +0800] "GET /xingrg/all/function/internal_message.html?_=1680489603872&CODE_STATE=getMsg HTTP/1.1" 200 27
222.67.232.202 - - [03/Apr/2023:10:40:04 +0800] "GET /xingrg/kc/buy/cgsh_order_operate.html?command=get_materiel&rest_code=00141&code=00101008137&supplier_code=00100007&order_time=2023-04-03 HTTP/1.1" 200 408
222.67.232.202 - - [03/Apr/2023:10:40:04 +0800] "GET /xingrg/all/function/internal_message.html?_=1680489605161&CODE_STATE=getMsg HTTP/1.1" 200 27
180.169.147.146 - - [03/Apr/2023:10:40:09 +0800] "GET /xingrg/all/function/internal_message.html?_=1680489609728&CODE_STATE=getMsg HTTP/1.1" 200 27
222.70.174.211 - - [03/Apr/2023:10:40:11 +0800] "GET /xingrg/kc/buy/cgsh_order_operate.html?command=get_materiel&rest_code=00146&code=00101008049&supplier_code=00100005&order_time=2023-04-03 HTTP/1.1" 200 408
116.224.158.100 - - [03/Apr/2023:10:40:12 +0800] "GET /xingrg/kc/base/wldb_order_operate.html?command=get_materiel&rest_code=00105&base_code=0010507&code=00101019015 HTTP/1.1" 200 451
116.224.158.100 - - [03/Apr/2023:10:40:12 +0800] "GET /xingrg/all/function/internal_message.html?_=1680489613532&CODE_STATE=getMsg HTTP/1.1" 200 27
116.224.158.100 - - [03/Apr/2023:10:40:13 +0800] "GET /xingrg/check_reg.html?_=1680489613771 HTTP/1.1" 200 22
222.67.232.202 - - [03/Apr/2023:10:40:15 +0800] "GET /xingrg/kc/buy/cgsh_order_operate.html?command=get_materiel&rest_code=00141&code=00101008169&supplier_code=00100007&order_time=2023-04-03 HTTP/1.1" 200 412
222.67.232.202 - - [03/Apr/2023:10:40:18 +0800] "POST /xingrg/kc/buy/cgsh_order_operate.html HTTP/1.1" 200 2065
222.70.182.87 - - [03/Apr/2023:10:40:20 +0800] "GET /xingrg/all/function/internal_message.html?_=1680489619955&CODE_STATE=getMsg HTTP/1.1" 200 27
180.169.147.146 - - [03/Apr/2023:10:40:21 +0800] "GET /xingrg/all/function/internal_message.html?_=1680489619848&CODE_STATE=getMsg HTTP/1.1" 200 27
180.157.253.110 - - [03/Apr/2023:10:40:21 +0800] "GET /xingrg/all/function/internal_message.html?_=1680489621381&CODE_STATE=getMsg HTTP/1.1" 200 27
180.157.253.110 - - [03/Apr/2023:10:40:21 +0800] "GET /xingrg/check_reg.html?_=1680489621382 HTTP/1.1" 200 22
124.78.155.10 - - [03/Apr/2023:10:40:23 +0800] "GET /xingrg/all/function/internal_message.html?_=1680489623928&CODE_STATE=getMsg HTTP/1.1" 200 27
222.70.174.211 - - [03/Apr/2023:10:40:24 +0800] "GET /xingrg/all/function/internal_message.html?_=1680489625731&CODE_STATE=getMsg HTTP/1.1" 200 27
120.253.135.82 - - [03/Apr/2023:10:40:24 +0800] "GET /xingrg/all/function/internal_message.html?_=1680489456741&CODE_STATE=getMsg HTTP/1.1" 200 27
222.67.232.202 - - [03/Apr/2023:10:40:25 +0800] "GET /xingrg/kc/buy/cgsh_order_operate.html?command=get_materiel&rest_code=00141&code=00101019738&supplier_code=00100007&order_time=2023-04-03 HTTP/1.1" 200 448
116.224.158.100 - - [03/Apr/2023:10:40:26 +0800] "GET /xingrg/kc/base/wldb_order_operate.html?command=get_materiel&rest_code=00105&base_code=0010507&code=00101019258 HTTP/1.1" 200 483
222.70.174.211 - - [03/Apr/2023:10:40:29 +0800] "GET /xingrg/kc/buy/cgsh_order_operate.html?command=get_materiel&rest_code=00146&code=00101008239&supplier_code=00100005&order_time=2023-04-03 HTTP/1.1" 200 416
180.164.3.199 - - [03/Apr/2023:10:40:33 +0800] "POST /xingrg/kc/buy/cgsh_list_operate.html HTTP/1.1" 200 4
180.164.3.199 - - [03/Apr/2023:10:40:36 +0800] "GET /xingrg/all/function/internal_message.html?_=1680489635540&CODE_STATE=getMsg HTTP/1.1" 200 27
180.164.3.199 - - [03/Apr/2023:10:40:37 +0800] "POST /xingrg/kc/buy/cgsh_list_operate.html HTTP/1.1" 200 986
222.70.182.87 - - [03/Apr/2023:10:40:39 +0800] "POST /xingrg/services/DataTransmitService HTTP/1.1" 200 524
116.224.158.100 - - [03/Apr/2023:10:40:42 +0800] "GET /xingrg/all/function/internal_message.html?_=1680489485214&CODE_STATE=getMsg HTTP/1.1" 200 27
222.70.174.211 - - [03/Apr/2023:10:40:45 +0800] "GET /xingrg/kc/buy/cgsh_order_operate.html?command=get_materiel&rest_code=00146&code=00101008290&supplier_code=00100005&order_time=2023-04-03 HTTP/1.1" 200 416
116.224.158.100 - - [03/Apr/2023:10:40:46 +0800] "GET /xingrg/kc/base/wldb_order_operate.html?command=get_materiel&rest_code=00105&base_code=0010507&code=00101019222 HTTP/1.1" 200 454
116.238.139.35 - - [03/Apr/2023:10:40:47 +0800] "GET /xingrg/all/function/internal_message.html?_=1680489649703&CODE_STATE=getMsg HTTP/1.1" 200 27
116.238.139.35 - - [03/Apr/2023:10:40:47 +0800] "GET /xingrg/all/function/internal_message.html?_=1680489561454&CODE_STATE=getMsg HTTP/1.1" 302 -
116.227.208.255 - - [03/Apr/2023:10:40:47 +0800] "GET /xingrg/all/function/internal_message.html?_=1680489743311&CODE_STATE=getMsg HTTP/1.1" 200 27
116.224.106.218 - - [03/Apr/2023:10:40:49 +0800] "GET /xingrg/all/function/internal_message.html?_=1680489648864&CODE_STATE=getMsg HTTP/1.1" 200 27
180.164.3.199 - - [03/Apr/2023:10:40:49 +0800] "GET /xingrg/kc/buy/cgsh_order_list.html HTTP/1.1" 200 54189
180.164.3.199 - - [03/Apr/2023:10:40:51 +0800] "POST /xingrg/kc/buy/cgsh_list_operate.html HTTP/1.1" 200 986
124.79.72.155 - - [03/Apr/2023:10:40:53 +0800] "GET /xingrg/all/function/internal_message.html?_=1680489656658&CODE_STATE=getMsg HTTP/1.1" 200 27
180.169.147.146 - - [03/Apr/2023:10:41:03 +0800] "GET /xingrg/all/function/internal_message.html?_=1680489662642&CODE_STATE=getMsg HTTP/1.1" 302 -
114.83.216.80 - - [03/Apr/2023:10:41:03 +0800] "GET /xingrg/all/function/internal_message.html?_=1680489663875&CODE_STATE=getMsg HTTP/1.1" 200 27
222.67.232.202 - - [03/Apr/2023:10:41:04 +0800] "GET /xingrg/all/function/internal_message.html?_=1680489665154&CODE_STATE=getMsg HTTP/1.1" 200 27
116.227.208.255 - - [03/Apr/2023:10:41:07 +0800] "POST /xingrg/dwr/call/plaincall/AjaxReportQueryService.refreshCache.dwr HTTP/1.1" 200 78
222.70.174.211 - - [03/Apr/2023:10:41:08 +0800] "GET /xingrg/kc/buy/cgsh_order_operate.html?command=get_materiel&rest_code=00146&code=00101008083&supplier_code=00100005&order_time=2023-04-03 HTTP/1.1" 200 427
116.227.208.255 - - [03/Apr/2023:10:41:09 +0800] "POST /xingrg/all/report/load_report_page.html HTTP/1.1" 200 11143
116.227.208.255 - - [03/Apr/2023:10:41:09 +0800] "GET /xingrg/servlets/image?cache=0.2855149787971234&image=px HTTP/1.1" 200 807
180.169.147.146 - - [03/Apr/2023:10:41:09 +0800] "GET /xingrg/all/function/internal_message.html?_=1680489669710&CODE_STATE=getMsg HTTP/1.1" 200 27
116.227.208.255 - - [03/Apr/2023:10:41:10 +0800] "GET /xingrg/all/report/report_query.html?isQuery=1&fileName=kc/buy/wlcg_cate_hz.xml&queryString=(CONVERT(char(10)%252Ca.order_time%252C%2520120)%253E%253D'2022-04-01')%2520and%2520(CONVERT(char(10)%252Ca.order_time%252C%2520120)%253C%253D'2023-04-30')%2520and%2520(a.supplier_code%2520in%2520('00100096'%252C'00100097'%252C'00100098'%252C'00100099'%252C'00100151'%252C'00100195'%252C'00100196'%252C'00100224'%252C'00100261'%252C'00100549'%252C'00100576'))%2520and%2520(a.base_code%2520in%2520('0010853'))%2520and%2520(a.number%253E0%2520and%2520a.supplier_code%253D'00100097')&queryText=%25E3%2580%2590%25E9%2587%2587%25E8%25B4%25AD%25E6%2597%25A5%25E6%259C%259F%253A2022-04-01%2520%25E8%2587%25B3%25202023-04-30%25E3%2580%2591%2520%25E5%25B9%25B6%25E4%25B8%2594%2520%2520%25E3%2580%2590%25E4%25BE%259B%25E5%25BA%2594%25E5%2595%2586%2520%253D%2520%25E8%2587%25AA%25E8%25B4%25AD%25E7%25B1%25BB%2520%255B11%255D%252C%25E7%258E%258B%25E5%25B3%25B0%252C%25E5%25BC%25A0%25E7%25A4%25BC%25E6%25B5%25B7%252C%25E6%259D%258E%25E5%2590%2589%25E6%25AC%25A3%252C%25E6%259D%258E%25E5%2592%258F%25E4%25B8%2589%252C%25E8%2587%25AA%25E8%25B4%25AD%252C%25E6%25B8%25B8%25E6%2598%25A5%25E7%2594%259F%252C%25E6%259D%258E%25E6%2596%2587%25E5%258F%2591%252C%25E8%2587%25AA%25E8%25B4%25AD*%25E5%25AE%25A2%252C%25E4%25B8%2587%25E6%2580%25A1%25E6%259D%258E%25E6%2596%2587%25E5%258F%2591%252C%25E6%2596%25B9%25E8%2588%25B1%25E6%2597%25A9%25E9%25A4%2590%252C%25E6%259D%258E%25E5%25B0%258F%25E9%25BE%2599%25E3%2580%2591%2520%25E5%25B9%25B6%25E4%25B8%2594%2520%2520%25E3%2580%2590%25E6%259F%25A5%25E8%25AF%25A2%25E4%25BB%2593%25E5%25BA%2593%2520%253D%2520%25E6%25A0%25BC%25E4%25B9%2590%25E4%25B8%25BD%25E9%259B%2585%25E3%2580%2591%2520%25E5%25B9%25B6%25E4%25B8%2594%2520%25E3%2580%2590%25E4%25BE%259B%25E5%25BA%2594%25E5%2595%2586%253D%25E5%25BC%25A0%25E7%25A4%25BC%25E6%25B5%25B7%25E3%2580%2591 HTTP/1.1" 200 54821
116.227.208.255 - - [03/Apr/2023:10:41:10 +0800] "GET /xingrg/dwr/interface/AjaxReportQueryService.js HTTP/1.1" 200 13203
116.227.208.255 - - [03/Apr/2023:10:41:10 +0800] "GET /xingrg/dwr/engine.js HTTP/1.1" 200 43631
116.227.208.255 - - [03/Apr/2023:10:41:12 +0800] "POST /xingrg/all/report/load_report_page.html HTTP/1.1" 200 8712
116.227.208.255 - - [03/Apr/2023:10:41:12 +0800] "GET /xingrg/servlets/image?cache=0.8948115471825374&image=px HTTP/1.1" 200 807
116.224.158.100 - - [03/Apr/2023:10:41:12 +0800] "GET /xingrg/all/function/internal_message.html?_=1680489673514&CODE_STATE=getMsg HTTP/1.1" 200 27
116.224.158.100 - - [03/Apr/2023:10:41:14 +0800] "GET /xingrg/kc/base/wldb_order_operate.html?command=get_materiel&rest_code=00105&base_code=0010507&code=00101019529 HTTP/1.1" 200 476
222.70.174.211 - - [03/Apr/2023:10:41:15 +0800] "POST /xingrg/all/common/load_select.html HTTP/1.1" 200 25
116.227.208.255 - - [03/Apr/2023:10:41:15 +0800] "POST /xingrg/all/report/load_report_page.html HTTP/1.1" 200 43418
116.227.208.255 - - [03/Apr/2023:10:41:15 +0800] "GET /xingrg/servlets/image?cache=0.9227240988028613&image=px HTTP/1.1" 200 807
180.164.3.199 - - [03/Apr/2023:10:41:17 +0800] "GET /xingrg/kc/base/wldb_order_list.html HTTP/1.1" 200 19108
180.164.3.199 - - [03/Apr/2023:10:41:18 +0800] "POST /xingrg/kc/base/wldb_list_operate.html HTTP/1.1" 200 2600
222.67.232.202 - - [03/Apr/2023:10:41:19 +0800] "GET /xingrg/kc/buy/cgsh_order_operate.html?command=get_materiel&rest_code=00141&code=00101008132&supplier_code=00100007&order_time=2023-04-03 HTTP/1.1" 200 408
222.70.182.87 - - [03/Apr/2023:10:41:20 +0800] "GET /xingrg/all/function/internal_message.html?_=1680489679955&CODE_STATE=getMsg HTTP/1.1" 200 27
116.227.208.255 - - [03/Apr/2023:10:41:20 +0800] "POST /xingrg/all/report/report_print.html HTTP/1.1" 302 -
116.227.208.255 - - [03/Apr/2023:10:41:20 +0800] "GET /xingrg/servlets/html?sysBaseUrl=http%3A%2F%2F180.169.147.146%3A18081%2Fxingrg%2F&costTime=1019×tamp=1680489680952 HTTP/1.1" 200 42873
222.70.174.211 - - [03/Apr/2023:10:41:20 +0800] "GET /xingrg/kc/buy/cgsh_order_operate.html?command=get_materiel_price&rest_code=00146&code=00101008083&unit_code=00100026&supplier_code=00100005&order_time=2023-04-03 HTTP/1.1" 200 27
116.227.208.255 - - [03/Apr/2023:10:41:20 +0800] "GET /xingrg/servlets/image?image=px HTTP/1.1" 200 807
180.169.147.146 - - [03/Apr/2023:10:41:20 +0800] "GET /xingrg/all/function/internal_message.html?_=1680489679835&CODE_STATE=getMsg HTTP/1.1" 200 27
116.227.208.255 - - [03/Apr/2023:10:41:21 +0800] "GET /favicon.ico HTTP/1.1" 404 -
180.157.253.110 - - [03/Apr/2023:10:41:21 +0800] "GET /xingrg/all/function/internal_message.html?_=1680489681365&CODE_STATE=getMsg HTTP/1.1" 200 27
124.78.155.10 - - [03/Apr/2023:10:41:23 +0800] "GET /xingrg/all/function/internal_message.html?_=1680489683926&CODE_STATE=getMsg HTTP/1.1" 200 27
116.224.158.100 - - [03/Apr/2023:10:41:23 +0800] "GET /xingrg/kc/base/wldb_order_operate.html?command=get_materiel&rest_code=00105&base_code=0010507&code=00101019384 HTTP/1.1" 200 471
120.253.135.82 - - [03/Apr/2023:10:41:24 +0800] "GET /xingrg/check_reg.html?_=1680489516668 HTTP/1.1" 200 22
222.70.174.211 - - [03/Apr/2023:10:41:24 +0800] "GET /xingrg/all/function/internal_message.html?_=1680489685734&CODE_STATE=getMsg HTTP/1.1" 200 27
120.253.135.82 - - [03/Apr/2023:10:41:24 +0800] "GET /xingrg/all/function/internal_message.html?_=1680489516760&CODE_STATE=getMsg HTTP/1.1" 200 27
222.67.232.202 - - [03/Apr/2023:10:41:31 +0800] "POST /xingrg/services/DataTransmitService HTTP/1.1" 200 524
222.67.232.202 - - [03/Apr/2023:10:41:32 +0800] "POST /xingrg/services/DataTransmitService HTTP/1.1" 200 412
180.164.3.199 - - [03/Apr/2023:10:41:36 +0800] "GET /xingrg/all/function/internal_message.html?_=1680489695523&CODE_STATE=getMsg HTTP/1.1" 200 27
222.67.232.202 - - [03/Apr/2023:10:41:36 +0800] "GET /xingrg/kc/buy/cgsh_order_operate.html?command=get_materiel&rest_code=00141&code=00101008224&supplier_code=00100007&order_time=2023-04-03 HTTP/1.1" 200 416
180.164.3.199 - - [03/Apr/2023:10:41:41 +0800] "POST /xingrg/kc/base/wldb_list_operate.html HTTP/1.1" 200 4
180.164.3.199 - - [03/Apr/2023:10:41:43 +0800] "POST /xingrg/kc/base/wldb_list_operate.html HTTP/1.1" 200 928
222.67.232.202 - - [03/Apr/2023:10:41:44 +0800] "GET /xingrg/kc/buy/cgsh_order_operate.html?command=get_materiel&rest_code=00141&code=00101008370&supplier_code=00100007&order_time=2023-04-03 HTTP/1.1" 200 412
180.164.3.199 - - [03/Apr/2023:10:41:45 +0800] "GET /xingrg/kc/buy/cgsh_order_list.html HTTP/1.1" 200 54189
116.224.158.100 - - [03/Apr/2023:10:41:45 +0800] "POST /xingrg/kc/base/wldb_order_operate.html HTTP/1.1" 200 37
116.224.158.100 - - [03/Apr/2023:10:41:46 +0800] "POST /xingrg/kc/base/wldb_order_operate.html HTTP/1.1" 200 5229
116.224.158.100 - - [03/Apr/2023:10:41:46 +0800] "GET /xingrg/kc/base/wldb_order_info.html?code=422023040300218 HTTP/1.1" 200 30396
180.164.3.199 - - [03/Apr/2023:10:41:47 +0800] "POST /xingrg/kc/buy/cgsh_list_operate.html HTTP/1.1" 200 986
116.224.158.100 - - [03/Apr/2023:10:41:47 +0800] "GET /xingrg/javascript/easyui/themes/default/validatebox.css HTTP/1.1" 404 1104
116.238.139.35 - - [03/Apr/2023:10:41:47 +0800] "GET /xingrg/all/function/internal_message.html?_=1680489709689&CODE_STATE=getMsg HTTP/1.1" 200 27
116.238.139.35 - - [03/Apr/2023:10:41:47 +0800] "GET /xingrg/all/function/internal_message.html?_=1680489621536&CODE_STATE=getMsg HTTP/1.1" 302 -
116.227.208.255 - - [03/Apr/2023:10:41:48 +0800] "GET /xingrg/all/function/internal_message.html?_=1680489803320&CODE_STATE=getMsg HTTP/1.1" 200 27
