114.83.220.119 - - [01/Apr/2023:09:09:05 +0800] "POST /xingrg/kc/buy/cgsh_order_operate.html HTTP/1.1" 200 11524
114.83.222.182 - - [01/Apr/2023:09:09:06 +0800] "GET /xingrg/all/function/internal_message.html?_=1680311424477&CODE_STATE=getMsg HTTP/1.1" 200 27
114.83.220.119 - - [01/Apr/2023:09:09:08 +0800] "GET /xingrg/kc/buy/cgsh_order_list.html HTTP/1.1" 200 54185
116.224.158.100 - - [01/Apr/2023:09:09:09 +0800] "GET /xingrg/all/function/internal_message.html?_=1680311193237&CODE_STATE=getMsg HTTP/1.1" 302 -
180.164.3.199 - - [01/Apr/2023:09:09:10 +0800] "GET /xingrg/all/function/internal_message.html?_=1680311350297&CODE_STATE=getMsg HTTP/1.1" 200 27
114.83.220.119 - - [01/Apr/2023:09:09:11 +0800] "POST /xingrg/kc/buy/cgsh_list_operate.html HTTP/1.1" 200 1867
114.83.220.119 - - [01/Apr/2023:09:09:13 +0800] "POST /xingrg/kc/buy/cgsh_list_operate.html HTTP/1.1" 200 563
116.227.208.255 - - [01/Apr/2023:09:09:14 +0800] "GET /xingrg/all/function/internal_message.html?_=1680311449045&CODE_STATE=getMsg HTTP/1.1" 302 -
114.83.220.119 - - [01/Apr/2023:09:09:14 +0800] "GET /xingrg/kc/buy/cgsh_order_info.html?code=212023040100023 HTTP/1.1" 200 70058
114.83.220.119 - - [01/Apr/2023:09:09:15 +0800] "GET /xingrg/all/common/auto_word.html?type=employee&rest_code=00149 HTTP/1.1" 200 197
114.83.220.119 - - [01/Apr/2023:09:09:15 +0800] "GET /xingrg/all/common/auto_word.html?type=employee&rest_code=00149 HTTP/1.1" 200 197
114.83.220.119 - - [01/Apr/2023:09:09:15 +0800] "GET /xingrg/javascript/easyui/themes/default/validatebox.css HTTP/1.1" 404 1104
114.83.220.119 - - [01/Apr/2023:09:09:15 +0800] "POST /xingrg/kc/buy/cgsh_order_operate.html HTTP/1.1" 200 11524
116.224.158.100 - - [01/Apr/2023:09:09:16 +0800] "GET /xingrg/all/function/internal_message.html?_=1680311358885&CODE_STATE=getMsg HTTP/1.1" 200 27
101.229.172.229 - - [01/Apr/2023:09:09:19 +0800] "GET /xingrg/all/function/internal_message.html?_=1680311368384&CODE_STATE=getMsg HTTP/1.1" 302 -
116.224.158.100 - - [01/Apr/2023:09:09:20 +0800] "GET /xingrg/kc/buy/cgsh_order_operate.html?command=get_materiel&rest_code=00105&code=00101016030&supplier_code=00100034&order_time=2023-04-01 HTTP/1.1" 200 412
180.169.147.146 - - [01/Apr/2023:09:09:24 +0800] "GET /xingrg/all/function/internal_message.html?_=1680311364382&CODE_STATE=getMsg HTTP/1.1" 302 -
116.238.139.35 - - [01/Apr/2023:09:09:24 +0800] "GET /xingrg/all/function/internal_message.html?_=1680311280084&CODE_STATE=getMsg HTTP/1.1" 302 -
116.224.158.100 - - [01/Apr/2023:09:09:27 +0800] "GET /xingrg/kc/buy/cgsh_order_operate.html?command=get_materiel&rest_code=00105&code=00101012051&supplier_code=00100034&order_time=2023-04-01 HTTP/1.1" 200 408
222.70.172.107 - - [01/Apr/2023:09:09:27 +0800] "GET /xingrg/all/function/internal_message.html?_=1680311389249&CODE_STATE=getMsg HTTP/1.1" 302 -
114.83.220.119 - - [01/Apr/2023:09:09:29 +0800] "GET /xingrg/javascript/auto/indicator.gif HTTP/1.1" 404 1066
180.163.28.114 - - [01/Apr/2023:09:09:31 +0800] "GET /xingrg/all/function/internal_message.html?_=1680311312931&CODE_STATE=getMsg HTTP/1.1" 302 -
180.163.28.114 - - [01/Apr/2023:09:09:31 +0800] "GET /xingrg/login.html HTTP/1.1" 200 7641
124.78.155.10 - - [01/Apr/2023:09:09:31 +0800] "GET /xingrg/all/function/internal_message.html?_=1680311372933&CODE_STATE=getMsg HTTP/1.1" 302 -
114.83.220.119 - - [01/Apr/2023:09:09:34 +0800] "GET /xingrg/kc/buy/cgsh_order_operate.html?command=get_materiel&rest_code=00149&code=00101008674&supplier_code=00100008&order_time=2023-04-01 HTTP/1.1" 200 413
120.253.135.82 - - [01/Apr/2023:09:09:34 +0800] "GET /xingrg/check_reg.html?_=1680311207758 HTTP/1.1" 302 -
114.83.222.182 - - [01/Apr/2023:09:09:34 +0800] "GET /xingrg/kc/base/wldb_order_list.html HTTP/1.1" 200 19104
222.67.232.202 - - [01/Apr/2023:09:09:35 +0800] "GET /xingrg/kc/base/base_main.html HTTP/1.1" 200 12142
114.83.222.182 - - [01/Apr/2023:09:09:35 +0800] "POST /xingrg/kc/base/wldb_list_operate.html HTTP/1.1" 200 928
114.83.222.182 - - [01/Apr/2023:09:09:36 +0800] "GET /xingrg/kc/base/wldb_order_add.html HTTP/1.1" 200 30387
114.83.222.182 - - [01/Apr/2023:09:09:36 +0800] "POST /xingrg/kc/base/wldb_order_operate.html HTTP/1.1" 200 6806
114.83.222.182 - - [01/Apr/2023:09:09:36 +0800] "GET /xingrg/all/common/auto_word.html?type=base&rest_code=00154 HTTP/1.1" 200 831
114.83.222.182 - - [01/Apr/2023:09:09:36 +0800] "GET /xingrg/all/common/auto_word.html?type=base&rest_code=00154 HTTP/1.1" 200 831
114.83.222.182 - - [01/Apr/2023:09:09:36 +0800] "GET /xingrg/javascript/easyui/themes/default/validatebox.css HTTP/1.1" 404 1104
114.83.222.182 - - [01/Apr/2023:09:09:38 +0800] "POST /xingrg/all/common/load_combo.html?type=base HTTP/1.1" 200 1491
222.67.232.202 - - [01/Apr/2023:09:09:40 +0800] "GET /xingrg/kc/base/check_order_list.html HTTP/1.1" 200 16223
222.67.232.202 - - [01/Apr/2023:09:09:41 +0800] "POST /xingrg/kc/base/check_list_operate.html HTTP/1.1" 200 4790
114.83.222.182 - - [01/Apr/2023:09:09:42 +0800] "GET /xingrg/javascript/auto/indicator.gif HTTP/1.1" 404 1066
114.83.222.182 - - [01/Apr/2023:09:09:44 +0800] "GET /xingrg/kc/base/wldb_order_operate.html?command=get_materiel&rest_code=00154&base_code=0010724&code=00101040010 HTTP/1.1" 200 465
116.224.158.100 - - [01/Apr/2023:09:09:45 +0800] "POST /xingrg/kc/buy/cgsh_order_operate.html HTTP/1.1" 200 37
172.20.0.100 - - [01/Apr/2023:09:09:45 +0800] "GET /xingrg/check_reg.html?_=1680311383256 HTTP/1.1" 302 -
172.20.0.100 - - [01/Apr/2023:09:09:45 +0800] "GET /xingrg/all/function/internal_message.html?_=1680311383258&CODE_STATE=getMsg HTTP/1.1" 302 -
116.224.158.100 - - [01/Apr/2023:09:09:46 +0800] "POST /xingrg/kc/buy/cgsh_order_operate.html HTTP/1.1" 200 4421
116.224.158.100 - - [01/Apr/2023:09:09:47 +0800] "GET /xingrg/kc/print/load_data.html?order_code=212023040100024&kc_code=cgsh&condition= HTTP/1.1" 200 1378
114.83.220.119 - - [01/Apr/2023:09:09:48 +0800] "GET /xingrg/all/function/internal_message.html?_=1680311385440&CODE_STATE=getMsg HTTP/1.1" 200 27
222.67.232.202 - - [01/Apr/2023:09:09:50 +0800] "GET /xingrg/kc/base/check_order_info.html?code=452023033100441 HTTP/1.1" 200 26480
222.67.232.202 - - [01/Apr/2023:09:09:50 +0800] "GET /xingrg/dwr/engine.js HTTP/1.1" 200 43631
222.67.232.202 - - [01/Apr/2023:09:09:50 +0800] "GET /xingrg/dwr/interface/AjaxCheckService.js HTTP/1.1" 200 14003
222.67.232.202 - - [01/Apr/2023:09:09:50 +0800] "GET /xingrg/dwr/interface/AjaxComOrderService.js HTTP/1.1" 200 18264
114.83.220.119 - - [01/Apr/2023:09:09:50 +0800] "GET /xingrg/kc/buy/cgsh_order_operate.html?command=get_materiel&rest_code=00149&code=00101008096&supplier_code=00100008&order_time=2023-04-01 HTTP/1.1" 200 413
180.164.3.199 - - [01/Apr/2023:09:09:51 +0800] "GET /xingrg/kc/base/check_order_list.html?isBack=1 HTTP/1.1" 200 16227
222.67.232.202 - - [01/Apr/2023:09:09:51 +0800] "POST /xingrg/dwr/call/plaincall/AjaxCheckService.loadOrderItems.dwr HTTP/1.1" 200 11742
180.164.3.199 - - [01/Apr/2023:09:09:51 +0800] "POST /xingrg/kc/base/check_list_operate.html HTTP/1.1" 200 3912
114.83.222.182 - - [01/Apr/2023:09:09:53 +0800] "GET /xingrg/kc/base/check_order_list.html?isBack=1 HTTP/1.1" 200 16223
114.83.222.182 - - [01/Apr/2023:09:09:53 +0800] "POST /xingrg/kc/base/check_list_operate.html HTTP/1.1" 200 1893
222.70.182.87 - - [01/Apr/2023:09:09:56 +0800] "GET /xingrg/kc/base/wldb_order_list.html HTTP/1.1" 302 -
222.70.182.87 - - [01/Apr/2023:09:09:56 +0800] "GET /xingrg/login.html HTTP/1.1" 200 7641
222.70.182.87 - - [01/Apr/2023:09:09:56 +0800] "GET /xingrg/login.html HTTP/1.1" 200 7641
222.70.182.87 - - [01/Apr/2023:09:09:56 +0800] "GET /favicon.ico HTTP/1.1" 404 -
114.83.222.182 - - [01/Apr/2023:09:09:56 +0800] "GET /xingrg/kc/base/check_order_info.html?code=452023033100502 HTTP/1.1" 200 25616
114.83.222.182 - - [01/Apr/2023:09:09:56 +0800] "GET /xingrg/dwr/interface/AjaxComOrderService.js HTTP/1.1" 200 18264
114.83.222.182 - - [01/Apr/2023:09:09:56 +0800] "GET /xingrg/dwr/interface/AjaxCheckService.js HTTP/1.1" 200 14003
114.83.222.182 - - [01/Apr/2023:09:09:56 +0800] "GET /xingrg/dwr/engine.js HTTP/1.1" 200 43631
222.67.232.202 - - [01/Apr/2023:09:09:57 +0800] "POST /xingrg/dwr/call/plaincall/AjaxCheckService.setItemNumber.dwr HTTP/1.1" 200 76
222.70.182.87 - - [01/Apr/2023:09:09:57 +0800] "POST /xingrg/login.do HTTP/1.1" 302 -
222.70.182.87 - - [01/Apr/2023:09:09:57 +0800] "GET /xingrg/index.html?sysBaseUrl=http%3A%2F%2F180.169.147.146%3A18081%2Fxingrg%2F&costTime=57×tamp=1680311397545 HTTP/1.1" 200 17173
222.67.232.202 - - [01/Apr/2023:09:09:57 +0800] "POST /xingrg/dwr/call/plaincall/AjaxCheckService.setItemNumber.dwr HTTP/1.1" 200 76
222.70.182.87 - - [01/Apr/2023:09:09:57 +0800] "GET /favicon.ico HTTP/1.1" 404 -
114.83.222.182 - - [01/Apr/2023:09:09:57 +0800] "POST /xingrg/dwr/call/plaincall/AjaxCheckService.loadOrderItems.dwr HTTP/1.1" 200 146451
222.70.182.87 - - [01/Apr/2023:09:09:57 +0800] "POST /xingrg/all/common/load_tree.html?tree=area_rest_tree_json&manage=1 HTTP/1.1" 200 342
222.70.182.87 - - [01/Apr/2023:09:09:57 +0800] "GET /xingrg/all/function/internal_message.html?_=1680311396404&CODE_STATE=count HTTP/1.1" 200 11
222.70.182.87 - - [01/Apr/2023:09:09:57 +0800] "GET /xingrg/check_reg.html?_=1680311396405 HTTP/1.1" 200 22
222.70.182.87 - - [01/Apr/2023:09:09:57 +0800] "POST /xingrg/load_menu.html HTTP/1.1" 200 5138
222.67.232.202 - - [01/Apr/2023:09:09:58 +0800] "POST /xingrg/dwr/call/plaincall/AjaxCheckService.setItemNumber.dwr HTTP/1.1" 200 76
222.67.232.202 - - [01/Apr/2023:09:09:58 +0800] "POST /xingrg/dwr/call/plaincall/AjaxCheckService.setItemNumber.dwr HTTP/1.1" 200 76
222.67.232.202 - - [01/Apr/2023:09:09:59 +0800] "POST /xingrg/dwr/call/plaincall/AjaxCheckService.setItemNumber.dwr HTTP/1.1" 200 76
116.224.158.100 - - [01/Apr/2023:09:09:59 +0800] "GET /xingrg/kc/buy/cgsh_order_add.html HTTP/1.1" 200 70043
116.228.172.94 - - [01/Apr/2023:09:09:59 +0800] "GET /xingrg/check_reg.html?_=1680311332754 HTTP/1.1" 302 -
116.228.172.94 - - [01/Apr/2023:09:09:59 +0800] "GET /xingrg/all/function/internal_message.html?_=1680311332757&CODE_STATE=getMsg HTTP/1.1" 302 -
222.67.232.202 - - [01/Apr/2023:09:09:59 +0800] "POST /xingrg/dwr/call/plaincall/AjaxCheckService.setItemNumber.dwr HTTP/1.1" 200 76
116.224.158.100 - - [01/Apr/2023:09:09:59 +0800] "GET /xingrg/javascript/easyui/themes/default/validatebox.css HTTP/1.1" 404 1104
116.224.158.100 - - [01/Apr/2023:09:09:59 +0800] "POST /xingrg/kc/buy/cgsh_order_operate.html HTTP/1.1" 200 8245
222.67.232.202 - - [01/Apr/2023:09:10:00 +0800] "POST /xingrg/dwr/call/plaincall/AjaxCheckService.setItemNumber.dwr HTTP/1.1" 200 76
222.67.232.202 - - [01/Apr/2023:09:10:00 +0800] "GET /xingrg/all/function/internal_message.html?_=1680310942963&CODE_STATE=getMsg HTTP/1.1" 200 27
222.67.232.202 - - [01/Apr/2023:09:10:01 +0800] "POST /xingrg/dwr/call/plaincall/AjaxCheckService.setItemNumber.dwr HTTP/1.1" 200 76
222.70.182.87 - - [01/Apr/2023:09:10:01 +0800] "GET /xingrg/kc/base/wldb_order_list.html HTTP/1.1" 200 19098
222.70.182.87 - - [01/Apr/2023:09:10:01 +0800] "POST /xingrg/kc/base/wldb_list_operate.html HTTP/1.1" 200 928
222.67.232.202 - - [01/Apr/2023:09:10:02 +0800] "POST /xingrg/dwr/call/plaincall/AjaxCheckService.setItemNumber.dwr HTTP/1.1" 200 76
222.67.232.202 - - [01/Apr/2023:09:10:03 +0800] "POST /xingrg/dwr/call/plaincall/AjaxCheckService.setItemNumber.dwr HTTP/1.1" 200 77
222.70.182.87 - - [01/Apr/2023:09:10:04 +0800] "GET /xingrg/javascript/jquery_tools/images/next.gif HTTP/1.1" 404 1086
222.70.182.87 - - [01/Apr/2023:09:10:04 +0800] "GET /xingrg/javascript/jquery_tools/images/prev.gif HTTP/1.1" 404 1086
222.67.232.202 - - [01/Apr/2023:09:10:04 +0800] "POST /xingrg/dwr/call/plaincall/AjaxCheckService.setItemNumber.dwr HTTP/1.1" 200 77
124.78.155.10 - - [01/Apr/2023:09:10:04 +0800] "GET /xingrg/login.html?r=1 HTTP/1.1" 200 7641
124.78.155.10 - - [01/Apr/2023:09:10:04 +0800] "GET /favicon.ico HTTP/1.1" 404 -
222.67.232.202 - - [01/Apr/2023:09:10:04 +0800] "POST /xingrg/dwr/call/plaincall/AjaxCheckService.setItemNumber.dwr HTTP/1.1" 200 77
222.67.232.202 - - [01/Apr/2023:09:10:05 +0800] "POST /xingrg/dwr/call/plaincall/AjaxCheckService.setItemNumber.dwr HTTP/1.1" 200 77
222.67.232.202 - - [01/Apr/2023:09:10:05 +0800] "POST /xingrg/dwr/call/plaincall/AjaxCheckService.setItemNumber.dwr HTTP/1.1" 200 77
124.78.155.10 - - [01/Apr/2023:09:10:06 +0800] "POST /xingrg/login.do HTTP/1.1" 302 -
124.78.155.10 - - [01/Apr/2023:09:10:06 +0800] "GET /xingrg/index.html?sysBaseUrl=http%3A%2F%2F180.169.147.146%3A18081%2Fxingrg%2F&costTime=26×tamp=1680311406503 HTTP/1.1" 200 17173
114.83.222.182 - - [01/Apr/2023:09:10:06 +0800] "GET /xingrg/all/function/internal_message.html?_=1680311484483&CODE_STATE=getMsg HTTP/1.1" 200 27
124.78.155.10 - - [01/Apr/2023:09:10:06 +0800] "GET /favicon.ico HTTP/1.1" 404 -
124.78.155.10 - - [01/Apr/2023:09:10:06 +0800] "POST /xingrg/all/common/load_tree.html?tree=area_rest_tree_json&manage=1 HTTP/1.1" 200 342
124.78.155.10 - - [01/Apr/2023:09:10:06 +0800] "GET /xingrg/check_reg.html?_=1680311406024 HTTP/1.1" 200 22
124.78.155.10 - - [01/Apr/2023:09:10:06 +0800] "GET /xingrg/all/function/internal_message.html?_=1680311406023&CODE_STATE=count HTTP/1.1" 200 11
124.78.155.10 - - [01/Apr/2023:09:10:06 +0800] "POST /xingrg/load_menu.html HTTP/1.1" 200 5138
222.67.232.202 - - [01/Apr/2023:09:10:07 +0800] "POST /xingrg/dwr/call/plaincall/AjaxCheckService.setItemNumber.dwr HTTP/1.1" 200 77
180.169.147.146 - - [01/Apr/2023:09:10:07 +0800] "POST /xingrg/kc/base/check_list_operate.html HTTP/1.1" 302 -
124.78.155.10 - - [01/Apr/2023:09:10:07 +0800] "GET /xingrg/javascript/jquery_easy_ui/themes/default/images/tabs_active.png HTTP/1.1" 304 -
180.169.147.146 - - [01/Apr/2023:09:10:07 +0800] "GET /xingrg/kc/base/images/blue/login_bg.png HTTP/1.1" 404 1072
180.169.147.146 - - [01/Apr/2023:09:10:07 +0800] "GET /xingrg/kc/base/images/blue/hj.png HTTP/1.1" 404 1060
180.169.147.146 - - [01/Apr/2023:09:10:07 +0800] "GET /xingrg/kc/base/images/blue/srbg.png HTTP/1.1" 404 1064
222.67.232.202 - - [01/Apr/2023:09:10:07 +0800] "POST /xingrg/dwr/call/plaincall/AjaxCheckService.setItemNumber.dwr HTTP/1.1" 200 77
124.78.155.10 - - [01/Apr/2023:09:10:08 +0800] "GET /xingrg/kc/base/base_main.html HTTP/1.1" 200 12142
116.224.158.100 - - [01/Apr/2023:09:10:09 +0800] "GET /xingrg/all/function/internal_message.html?_=1680311253247&CODE_STATE=getMsg HTTP/1.1" 302 -
222.70.182.87 - - [01/Apr/2023:09:10:10 +0800] "POST /xingrg/kc/base/wldb_list_operate.html HTTP/1.1" 200 3000
124.78.155.10 - - [01/Apr/2023:09:10:10 +0800] "GET /xingrg/kc/base/check_order_list.html HTTP/1.1" 200 16217
124.78.155.10 - - [01/Apr/2023:09:10:10 +0800] "POST /xingrg/kc/base/check_list_operate.html HTTP/1.1" 200 2898
180.164.3.199 - - [01/Apr/2023:09:10:10 +0800] "GET /xingrg/all/function/internal_message.html?_=1680311410281&CODE_STATE=getMsg HTTP/1.1" 200 27
180.169.147.146 - - [01/Apr/2023:09:10:11 +0800] "GET /xingrg/index.html?sysBaseUrl=http%3A%2F%2F180.169.147.146%3A18081%2Fxingrg%2F&costTime=39×tamp=1592034574635 HTTP/1.1" 302 -
180.169.147.146 - - [01/Apr/2023:09:10:11 +0800] "GET /xingrg/login.html HTTP/1.1" 200 7641
180.169.147.146 - - [01/Apr/2023:09:10:11 +0800] "GET /favicon.ico HTTP/1.1" 404 -
124.78.155.10 - - [01/Apr/2023:09:10:12 +0800] "GET /xingrg/kc/base/check_order_info.html?code=452023033100480 HTTP/1.1" 200 26484
124.78.155.10 - - [01/Apr/2023:09:10:12 +0800] "GET /xingrg/dwr/interface/AjaxComOrderService.js HTTP/1.1" 200 18264
124.78.155.10 - - [01/Apr/2023:09:10:12 +0800] "GET /xingrg/dwr/interface/AjaxCheckService.js HTTP/1.1" 200 14003
124.78.155.10 - - [01/Apr/2023:09:10:12 +0800] "GET /xingrg/dwr/engine.js HTTP/1.1" 200 43631
180.169.147.146 - - [01/Apr/2023:09:10:13 +0800] "POST /xingrg/login.do HTTP/1.1" 302 -
180.169.147.146 - - [01/Apr/2023:09:10:13 +0800] "GET /xingrg/index.html?sysBaseUrl=http%3A%2F%2F180.169.147.146%3A18081%2Fxingrg%2F&costTime=129×tamp=1680311413158 HTTP/1.1" 200 17503
180.169.147.146 - - [01/Apr/2023:09:10:13 +0800] "POST /xingrg/all/common/load_tree.html?tree=area_rest_tree_json&manage=1 HTTP/1.1" 200 3499
180.169.147.146 - - [01/Apr/2023:09:10:13 +0800] "GET /xingrg/all/function/internal_message.html?_=1680311413533&CODE_STATE=count HTTP/1.1" 200 11
180.169.147.146 - - [01/Apr/2023:09:10:13 +0800] "GET /xingrg/check_reg.html?_=1680311413535 HTTP/1.1" 200 22
180.169.147.146 - - [01/Apr/2023:09:10:13 +0800] "GET /favicon.ico HTTP/1.1" 404 -
180.169.147.146 - - [01/Apr/2023:09:10:13 +0800] "POST /xingrg/load_menu.html HTTP/1.1" 200 11564
116.227.208.255 - - [01/Apr/2023:09:10:14 +0800] "GET /xingrg/all/function/internal_message.html?_=1680311509028&CODE_STATE=getMsg HTTP/1.1" 302 -
222.67.232.202 - - [01/Apr/2023:09:10:14 +0800] "POST /xingrg/dwr/call/plaincall/AjaxCheckService.checkOrder.dwr HTTP/1.1" 200 79
124.78.155.10 - - [01/Apr/2023:09:10:14 +0800] "POST /xingrg/dwr/call/plaincall/AjaxCheckService.loadOrderItems.dwr HTTP/1.1" 200 47170
180.169.147.146 - - [01/Apr/2023:09:10:16 +0800] "GET /xingrg/kc/base/check_order_list.html HTTP/1.1" 200 16478
222.67.232.202 - - [01/Apr/2023:09:10:16 +0800] "GET /xingrg/kc/base/check_order_info.html?code=452023033100441 HTTP/1.1" 200 22860
222.67.232.202 - - [01/Apr/2023:09:10:16 +0800] "GET /xingrg/dwr/interface/AjaxComOrderService.js HTTP/1.1" 200 18264
222.67.232.202 - - [01/Apr/2023:09:10:16 +0800] "GET /xingrg/dwr/interface/AjaxCheckService.js HTTP/1.1" 200 14003
222.67.232.202 - - [01/Apr/2023:09:10:16 +0800] "GET /xingrg/dwr/engine.js HTTP/1.1" 200 43631
180.169.147.146 - - [01/Apr/2023:09:10:16 +0800] "POST /xingrg/kc/base/check_list_operate.html HTTP/1.1" 200 781
222.67.232.202 - - [01/Apr/2023:09:10:16 +0800] "POST /xingrg/dwr/call/plaincall/AjaxCheckService.loadOrderItems.dwr HTTP/1.1" 200 5317
116.224.158.100 - - [01/Apr/2023:09:10:16 +0800] "GET /xingrg/all/function/internal_message.html?_=1680311418874&CODE_STATE=getMsg HTTP/1.1" 200 27
101.229.172.229 - - [01/Apr/2023:09:10:19 +0800] "GET /xingrg/login.html HTTP/1.1" 200 7641
101.229.172.229 - - [01/Apr/2023:09:10:20 +0800] "GET /favicon.ico HTTP/1.1" 404 -
180.169.147.146 - - [01/Apr/2023:09:10:22 +0800] "POST /xingrg/kc/base/check_list_operate.html HTTP/1.1" 200 781
180.169.147.146 - - [01/Apr/2023:09:10:23 +0800] "POST /xingrg/kc/base/check_list_operate.html HTTP/1.1" 200 781
116.238.139.35 - - [01/Apr/2023:09:10:24 +0800] "GET /xingrg/all/function/internal_message.html?_=1680311340093&CODE_STATE=getMsg HTTP/1.1" 302 -
222.67.232.202 - - [01/Apr/2023:09:10:25 +0800] "GET /xingrg/kc/base/check_order_info.html?code=452023033100442 HTTP/1.1" 200 26480
222.67.232.202 - - [01/Apr/2023:09:10:25 +0800] "GET /xingrg/dwr/interface/AjaxComOrderService.js HTTP/1.1" 200 18264
222.67.232.202 - - [01/Apr/2023:09:10:25 +0800] "GET /xingrg/dwr/interface/AjaxCheckService.js HTTP/1.1" 200 14003
222.67.232.202 - - [01/Apr/2023:09:10:25 +0800] "GET /xingrg/dwr/engine.js HTTP/1.1" 200 43631
222.67.232.202 - - [01/Apr/2023:09:10:25 +0800] "POST /xingrg/dwr/call/plaincall/AjaxCheckService.loadOrderItems.dwr HTTP/1.1" 200 28838
180.169.147.146 - - [01/Apr/2023:09:10:26 +0800] "POST /xingrg/kc/base/check_list_operate.html HTTP/1.1" 200 2999
222.70.172.107 - - [01/Apr/2023:09:10:27 +0800] "GET /xingrg/all/function/internal_message.html?_=1680311449253&CODE_STATE=getMsg HTTP/1.1" 302 -
101.229.172.229 - - [01/Apr/2023:09:10:28 +0800] "POST /xingrg/login.do HTTP/1.1" 302 -
101.229.172.229 - - [01/Apr/2023:09:10:28 +0800] "GET /xingrg/index.html?sysBaseUrl=http%3A%2F%2F180.169.147.146%3A18081%2Fxingrg%2F&costTime=26×tamp=1680311428843 HTTP/1.1" 200 17179
222.67.232.202 - - [01/Apr/2023:09:10:29 +0800] "POST /xingrg/dwr/call/plaincall/AjaxCheckService.setItemNumber.dwr HTTP/1.1" 200 76
101.229.172.229 - - [01/Apr/2023:09:10:29 +0800] "GET /favicon.ico HTTP/1.1" 404 -
101.229.172.229 - - [01/Apr/2023:09:10:29 +0800] "POST /xingrg/all/common/load_tree.html?tree=area_rest_tree_json&manage=1 HTTP/1.1" 200 351
101.229.172.229 - - [01/Apr/2023:09:10:29 +0800] "GET /xingrg/all/function/internal_message.html?_=1680311438598&CODE_STATE=count HTTP/1.1" 200 11
101.229.172.229 - - [01/Apr/2023:09:10:29 +0800] "GET /xingrg/check_reg.html?_=1680311438600 HTTP/1.1" 200 22
101.229.172.229 - - [01/Apr/2023:09:10:29 +0800] "POST /xingrg/load_menu.html HTTP/1.1" 200 5138
222.67.232.202 - - [01/Apr/2023:09:10:30 +0800] "POST /xingrg/dwr/call/plaincall/AjaxCheckService.setItemNumber.dwr HTTP/1.1" 200 76
222.67.232.202 - - [01/Apr/2023:09:10:30 +0800] "POST /xingrg/dwr/call/plaincall/AjaxCheckService.setItemNumber.dwr HTTP/1.1" 200 76
124.78.155.10 - - [01/Apr/2023:09:10:31 +0800] "GET /xingrg/all/function/internal_message.html?_=1680311432932&CODE_STATE=getMsg HTTP/1.1" 302 -
222.67.232.202 - - [01/Apr/2023:09:10:31 +0800] "POST /xingrg/dwr/call/plaincall/AjaxCheckService.setItemNumber.dwr HTTP/1.1" 200 76
116.224.158.100 - - [01/Apr/2023:09:10:31 +0800] "GET /xingrg/kc/buy/cgsh_order_operate.html?command=get_materiel&rest_code=00105&code=00101008677&supplier_code=00100203&order_time=2023-04-01 HTTP/1.1" 200 416
114.83.220.119 - - [01/Apr/2023:09:10:32 +0800] "GET /xingrg/kc/buy/cgsh_order_operate.html?command=get_materiel&rest_code=00149&code=00101008038&supplier_code=00100008&order_time=2023-04-01 HTTP/1.1" 200 412
222.67.232.202 - - [01/Apr/2023:09:10:32 +0800] "POST /xingrg/dwr/call/plaincall/AjaxCheckService.setItemNumber.dwr HTTP/1.1" 200 76
124.78.155.10 - - [01/Apr/2023:09:10:33 +0800] "POST /xingrg/dwr/call/plaincall/AjaxCheckService.setItemNumber.dwr HTTP/1.1" 200 76
222.67.232.202 - - [01/Apr/2023:09:10:33 +0800] "POST /xingrg/dwr/call/plaincall/AjaxCheckService.setItemNumber.dwr HTTP/1.1" 200 76
222.67.232.202 - - [01/Apr/2023:09:10:33 +0800] "POST /xingrg/dwr/call/plaincall/AjaxCheckService.setItemNumber.dwr HTTP/1.1" 200 76
222.67.232.202 - - [01/Apr/2023:09:10:34 +0800] "POST /xingrg/dwr/call/plaincall/AjaxCheckService.setItemNumber.dwr HTTP/1.1" 200 76
222.67.232.202 - - [01/Apr/2023:09:10:34 +0800] "POST /xingrg/dwr/call/plaincall/AjaxCheckService.setItemNumber.dwr HTTP/1.1" 200 76
222.67.232.202 - - [01/Apr/2023:09:10:35 +0800] "POST /xingrg/dwr/call/plaincall/AjaxCheckService.setItemNumber.dwr HTTP/1.1" 200 77
114.83.222.182 - - [01/Apr/2023:09:10:36 +0800] "POST /xingrg/dwr/call/plaincall/AjaxCheckService.setItemNumber.dwr HTTP/1.1" 200 76
222.67.232.202 - - [01/Apr/2023:09:10:36 +0800] "POST /xingrg/dwr/call/plaincall/AjaxCheckService.setItemNumber.dwr HTTP/1.1" 200 77
222.67.232.202 - - [01/Apr/2023:09:10:37 +0800] "POST /xingrg/dwr/call/plaincall/AjaxCheckService.setItemNumber.dwr HTTP/1.1" 200 77
222.67.232.202 - - [01/Apr/2023:09:10:38 +0800] "POST /xingrg/dwr/call/plaincall/AjaxCheckService.setItemNumber.dwr HTTP/1.1" 200 77
222.67.232.202 - - [01/Apr/2023:09:10:40 +0800] "POST /xingrg/dwr/call/plaincall/AjaxCheckService.setItemNumber.dwr HTTP/1.1" 200 77
114.83.220.119 - - [01/Apr/2023:09:10:41 +0800] "POST /xingrg/kc/buy/cgsh_order_operate.html HTTP/1.1" 200 2065
101.229.172.229 - - [01/Apr/2023:09:10:41 +0800] "GET /xingrg/kc/base/wldb_order_list.html HTTP/1.1" 200 19104
222.67.232.202 - - [01/Apr/2023:09:10:41 +0800] "POST /xingrg/dwr/call/plaincall/AjaxCheckService.setItemNumber.dwr HTTP/1.1" 200 77
124.78.155.10 - - [01/Apr/2023:09:10:42 +0800] "GET /xingrg/kc/base/base_main.html HTTP/1.1" 302 -
124.78.155.10 - - [01/Apr/2023:09:10:42 +0800] "GET /xingrg/login.html HTTP/1.1" 200 7641
124.78.155.10 - - [01/Apr/2023:09:10:42 +0800] "GET /xingrg/login.html HTTP/1.1" 200 7641
101.229.172.229 - - [01/Apr/2023:09:10:42 +0800] "POST /xingrg/kc/base/wldb_list_operate.html HTTP/1.1" 200 1779
124.78.155.10 - - [01/Apr/2023:09:10:42 +0800] "GET /favicon.ico HTTP/1.1" 404 -
124.78.155.10 - - [01/Apr/2023:09:10:43 +0800] "POST /xingrg/login.do HTTP/1.1" 302 -
124.78.155.10 - - [01/Apr/2023:09:10:43 +0800] "GET /xingrg/index.html?sysBaseUrl=http%3A%2F%2F180.169.147.146%3A18081%2Fxingrg%2F&costTime=35×tamp=1680311443710 HTTP/1.1" 200 17173
124.78.155.10 - - [01/Apr/2023:09:10:43 +0800] "GET /favicon.ico HTTP/1.1" 404 -
124.78.155.10 - - [01/Apr/2023:09:10:43 +0800] "POST /xingrg/all/common/load_tree.html?tree=area_rest_tree_json&manage=1 HTTP/1.1" 200 342
124.78.155.10 - - [01/Apr/2023:09:10:44 +0800] "GET /xingrg/check_reg.html?_=1680311445776 HTTP/1.1" 200 22
124.78.155.10 - - [01/Apr/2023:09:10:44 +0800] "GET /xingrg/all/function/internal_message.html?_=1680311445776&CODE_STATE=count HTTP/1.1" 200 11
124.78.155.10 - - [01/Apr/2023:09:10:44 +0800] "POST /xingrg/load_menu.html HTTP/1.1" 200 5138
101.229.172.229 - - [01/Apr/2023:09:10:44 +0800] "POST /xingrg/kc/base/wldb_list_operate.html HTTP/1.1" 200 465
124.78.155.10 - - [01/Apr/2023:09:10:45 +0800] "GET /xingrg/kc/base/base_main.html HTTP/1.1" 200 12142
101.229.172.229 - - [01/Apr/2023:09:10:45 +0800] "GET /xingrg/kc/base/wldb_order_info.html?code=422023040100017 HTTP/1.1" 200 30400
172.20.0.100 - - [01/Apr/2023:09:10:45 +0800] "GET /xingrg/all/function/internal_message.html?_=1680311443263&CODE_STATE=getMsg HTTP/1.1" 302 -
101.229.172.229 - - [01/Apr/2023:09:10:45 +0800] "GET /xingrg/all/common/auto_word.html?type=base&rest_code=00144 HTTP/1.1" 200 623
101.229.172.229 - - [01/Apr/2023:09:10:45 +0800] "GET /xingrg/javascript/easyui/themes/default/validatebox.css HTTP/1.1" 404 1104
101.229.172.229 - - [01/Apr/2023:09:10:45 +0800] "GET /xingrg/all/common/auto_word.html?type=base&rest_code=00144 HTTP/1.1" 200 623
124.78.155.10 - - [01/Apr/2023:09:10:46 +0800] "GET /xingrg/kc/base/check_order_list.html HTTP/1.1" 200 16217
124.78.155.10 - - [01/Apr/2023:09:10:46 +0800] "POST /xingrg/dwr/call/plaincall/AjaxCheckService.checkOrder.dwr HTTP/1.1" 200 78
222.67.232.202 - - [01/Apr/2023:09:10:46 +0800] "POST /xingrg/dwr/call/plaincall/AjaxCheckService.setItemNumber.dwr HTTP/1.1" 200 77
101.229.172.229 - - [01/Apr/2023:09:10:46 +0800] "POST /xingrg/kc/base/wldb_order_operate.html HTTP/1.1" 200 3690
114.83.222.182 - - [01/Apr/2023:09:10:46 +0800] "POST /xingrg/dwr/call/plaincall/AjaxCheckService.setItemNumber.dwr HTTP/1.1" 200 76
222.67.232.202 - - [01/Apr/2023:09:10:46 +0800] "POST /xingrg/dwr/call/plaincall/AjaxCheckService.setItemNumber.dwr HTTP/1.1" 200 77
124.78.155.10 - - [01/Apr/2023:09:10:46 +0800] "POST /xingrg/kc/base/check_list_operate.html HTTP/1.1" 200 2565
222.67.232.202 - - [01/Apr/2023:09:10:47 +0800] "POST /xingrg/dwr/call/plaincall/AjaxCheckService.setItemNumber.dwr HTTP/1.1" 200 77
222.67.232.202 - - [01/Apr/2023:09:10:47 +0800] "POST /xingrg/dwr/call/plaincall/AjaxCheckService.setItemNumber.dwr HTTP/1.1" 200 77
114.83.220.119 - - [01/Apr/2023:09:10:48 +0800] "GET /xingrg/all/function/internal_message.html?_=1680311445439&CODE_STATE=getMsg HTTP/1.1" 200 27
114.83.220.119 - - [01/Apr/2023:09:10:49 +0800] "GET /xingrg/kc/buy/cgsh_order_operate.html?command=get_materiel&rest_code=00149&code=00101008283&supplier_code=00100008&order_time=2023-04-01 HTTP/1.1" 200 408
124.78.155.10 - - [01/Apr/2023:09:10:49 +0800] "GET /xingrg/kc/base/check_order_info.html?code=452023033100478 HTTP/1.1" 200 26484
124.78.155.10 - - [01/Apr/2023:09:10:49 +0800] "GET /xingrg/dwr/interface/AjaxCheckService.js HTTP/1.1" 200 14003
124.78.155.10 - - [01/Apr/2023:09:10:49 +0800] "GET /xingrg/dwr/interface/AjaxComOrderService.js HTTP/1.1" 200 18264
124.78.155.10 - - [01/Apr/2023:09:10:49 +0800] "GET /xingrg/dwr/engine.js HTTP/1.1" 200 43631
101.229.172.229 - - [01/Apr/2023:09:10:49 +0800] "POST /xingrg/kc/base/wldb_order_operate.html HTTP/1.1" 200 37
172.20.0.100 - - [01/Apr/2023:09:10:49 +0800] "GET /xingrg/check_reg.html?_=1680311465491 HTTP/1.1" 302 -
114.83.222.182 - - [01/Apr/2023:09:10:49 +0800] "POST /xingrg/dwr/call/plaincall/AjaxCheckService.setItemNumber.dwr HTTP/1.1" 200 76
116.224.158.100 - - [01/Apr/2023:09:10:50 +0800] "GET /xingrg/kc/buy/cgsh_order_operate.html?command=get_materiel&rest_code=00105&code=00101008372&supplier_code=00100203&order_time=2023-04-01 HTTP/1.1" 200 410
101.229.172.229 - - [01/Apr/2023:09:10:50 +0800] "POST /xingrg/kc/base/wldb_order_operate.html HTTP/1.1" 200 3690
124.78.155.10 - - [01/Apr/2023:09:10:50 +0800] "POST /xingrg/dwr/call/plaincall/AjaxCheckService.loadOrderItems.dwr HTTP/1.1" 200 62989
222.67.232.202 - - [01/Apr/2023:09:10:50 +0800] "POST /xingrg/dwr/call/plaincall/AjaxCheckService.setItemNumber.dwr HTTP/1.1" 200 77
124.78.155.10 - - [01/Apr/2023:09:10:51 +0800] "GET /xingrg/kc/base/check_order_info.html?code=452023033100480 HTTP/1.1" 200 22866
124.78.155.10 - - [01/Apr/2023:09:10:51 +0800] "GET /xingrg/dwr/interface/AjaxComOrderService.js HTTP/1.1" 200 18264
124.78.155.10 - - [01/Apr/2023:09:10:51 +0800] "GET /xingrg/dwr/interface/AjaxCheckService.js HTTP/1.1" 200 14003
124.78.155.10 - - [01/Apr/2023:09:10:51 +0800] "GET /xingrg/dwr/engine.js HTTP/1.1" 200 43631
222.67.232.202 - - [01/Apr/2023:09:10:52 +0800] "POST /xingrg/dwr/call/plaincall/AjaxCheckService.setItemNumber.dwr HTTP/1.1" 200 77
124.78.155.10 - - [01/Apr/2023:09:10:52 +0800] "POST /xingrg/dwr/call/plaincall/AjaxCheckService.loadOrderItems.dwr HTTP/1.1" 200 20802
222.67.232.202 - - [01/Apr/2023:09:10:53 +0800] "POST /xingrg/dwr/call/plaincall/AjaxCheckService.setItemNumber.dwr HTTP/1.1" 200 77
222.67.232.202 - - [01/Apr/2023:09:10:53 +0800] "POST /xingrg/dwr/call/plaincall/AjaxCheckService.setItemNumber.dwr HTTP/1.1" 200 77
222.67.232.202 - - [01/Apr/2023:09:10:54 +0800] "POST /xingrg/dwr/call/plaincall/AjaxCheckService.setItemNumber.dwr HTTP/1.1" 200 77
222.67.232.202 - - [01/Apr/2023:09:10:55 +0800] "POST /xingrg/dwr/call/plaincall/AjaxCheckService.setItemNumber.dwr HTTP/1.1" 200 77
114.83.222.182 - - [01/Apr/2023:09:10:56 +0800] "POST /xingrg/dwr/call/plaincall/AjaxCheckService.setItemNumber.dwr HTTP/1.1" 200 76
101.229.172.229 - - [01/Apr/2023:09:10:56 +0800] "POST /xingrg/kc/base/wldb_order_operate.html HTTP/1.1" 200 12
222.70.182.87 - - [01/Apr/2023:09:10:57 +0800] "GET /xingrg/all/function/internal_message.html?_=1680311456412&CODE_STATE=getMsg HTTP/1.1" 200 27
222.67.232.202 - - [01/Apr/2023:09:10:58 +0800] "POST /xingrg/dwr/call/plaincall/AjaxCheckService.setItemNumber.dwr HTTP/1.1" 200 77
222.67.232.202 - - [01/Apr/2023:09:10:58 +0800] "POST /xingrg/dwr/call/plaincall/AjaxCheckService.setItemNumber.dwr HTTP/1.1" 200 77
101.229.172.229 - - [01/Apr/2023:09:10:59 +0800] "GET /xingrg/kc/base/wldb_order_info.html?code=422023040100017 HTTP/1.1" 200 26264
124.78.155.10 - - [01/Apr/2023:09:10:59 +0800] "POST /xingrg/dwr/call/plaincall/AjaxCheckService.setItemNumber.dwr HTTP/1.1" 200 76
222.67.232.202 - - [01/Apr/2023:09:10:59 +0800] "POST /xingrg/dwr/call/plaincall/AjaxCheckService.setItemNumber.dwr HTTP/1.1" 200 77
116.228.172.94 - - [01/Apr/2023:09:10:59 +0800] "GET /xingrg/all/function/internal_message.html?_=1680311392752&CODE_STATE=getMsg HTTP/1.1" 302 -
101.229.172.229 - - [01/Apr/2023:09:10:59 +0800] "GET /xingrg/javascript/easyui/themes/default/validatebox.css HTTP/1.1" 404 1104
101.229.172.229 - - [01/Apr/2023:09:10:59 +0800] "POST /xingrg/kc/base/wldb_order_operate.html HTTP/1.1" 200 1949
222.67.232.202 - - [01/Apr/2023:09:11:00 +0800] "POST /xingrg/dwr/call/plaincall/AjaxCheckService.setItemNumber.dwr HTTP/1.1" 200 77
222.67.232.202 - - [01/Apr/2023:09:11:00 +0800] "GET /xingrg/all/function/internal_message.html?_=1680311002967&CODE_STATE=getMsg HTTP/1.1" 200 27
124.78.155.10 - - [01/Apr/2023:09:11:00 +0800] "POST /xingrg/dwr/call/plaincall/AjaxCheckService.setItemNumber.dwr HTTP/1.1" 200 76
222.67.232.202 - - [01/Apr/2023:09:11:01 +0800] "POST /xingrg/dwr/call/plaincall/AjaxCheckService.setItemNumber.dwr HTTP/1.1" 200 77
124.78.155.10 - - [01/Apr/2023:09:11:01 +0800] "POST /xingrg/dwr/call/plaincall/AjaxCheckService.setItemNumber.dwr HTTP/1.1" 200 76
101.229.172.229 - - [01/Apr/2023:09:11:01 +0800] "GET /xingrg/kc/print/load_config.html?kc_code=wldb HTTP/1.1" 200 2173
101.229.172.229 - - [01/Apr/2023:09:11:02 +0800] "GET /xingrg/kc/print/load_data.html?order_code=422023040100017&kc_code=wldb&condition= HTTP/1.1" 200 1079
124.78.155.10 - - [01/Apr/2023:09:11:02 +0800] "POST /xingrg/dwr/call/plaincall/AjaxCheckService.setItemNumber.dwr HTTP/1.1" 200 76
222.67.232.202 - - [01/Apr/2023:09:11:02 +0800] "POST /xingrg/dwr/call/plaincall/AjaxCheckService.setItemNumber.dwr HTTP/1.1" 200 77
116.224.158.100 - - [01/Apr/2023:09:11:02 +0800] "GET /xingrg/kc/buy/cgsh_order_operate.html?command=get_materiel&rest_code=00105&code=00101008264&supplier_code=00100203&order_time=2023-04-01 HTTP/1.1" 200 412
114.83.222.182 - - [01/Apr/2023:09:11:03 +0800] "POST /xingrg/dwr/call/plaincall/AjaxCheckService.setItemNumber.dwr HTTP/1.1" 200 76
124.78.155.10 - - [01/Apr/2023:09:11:03 +0800] "POST /xingrg/dwr/call/plaincall/AjaxCheckService.setItemNumber.dwr HTTP/1.1" 200 76
124.78.155.10 - - [01/Apr/2023:09:11:06 +0800] "POST /xingrg/dwr/call/plaincall/AjaxCheckService.setItemNumber.dwr HTTP/1.1" 200 76
114.83.222.182 - - [01/Apr/2023:09:11:06 +0800] "GET /xingrg/all/function/internal_message.html?_=1680311544528&CODE_STATE=getMsg HTTP/1.1" 200 27
124.78.155.10 - - [01/Apr/2023:09:11:06 +0800] "GET /xingrg/all/function/internal_message.html?_=1680311466037&CODE_STATE=getMsg HTTP/1.1" 200 27
124.78.155.10 - - [01/Apr/2023:09:11:07 +0800] "POST /xingrg/dwr/call/plaincall/AjaxCheckService.setItemNumber.dwr HTTP/1.1" 200 76
124.78.155.10 - - [01/Apr/2023:09:11:09 +0800] "POST /xingrg/dwr/call/plaincall/AjaxCheckService.setItemNumber.dwr HTTP/1.1" 200 76
222.67.232.202 - - [01/Apr/2023:09:11:09 +0800] "POST /xingrg/dwr/call/plaincall/AjaxCheckService.setItemNumber.dwr HTTP/1.1" 200 77
116.224.158.100 - - [01/Apr/2023:09:11:09 +0800] "GET /xingrg/all/function/internal_message.html?_=1680311313236&CODE_STATE=getMsg HTTP/1.1" 302 -
116.224.158.100 - - [01/Apr/2023:09:11:10 +0800] "GET /xingrg/kc/buy/cgsh_order_operate.html?command=get_materiel&rest_code=00105&code=00101008024&supplier_code=00100203&order_time=2023-04-01 HTTP/1.1" 200 408
124.78.155.10 - - [01/Apr/2023:09:11:10 +0800] "POST /xingrg/dwr/call/plaincall/AjaxCheckService.setItemNumber.dwr HTTP/1.1" 200 76
180.164.3.199 - - [01/Apr/2023:09:11:10 +0800] "GET /xingrg/all/function/internal_message.html?_=1680311470289&CODE_STATE=getMsg HTTP/1.1" 200 27
222.67.232.202 - - [01/Apr/2023:09:11:10 +0800] "POST /xingrg/dwr/call/plaincall/AjaxCheckService.setItemNumber.dwr HTTP/1.1" 200 77
114.83.222.182 - - [01/Apr/2023:09:11:11 +0800] "POST /xingrg/dwr/call/plaincall/AjaxCheckService.setItemNumber.dwr HTTP/1.1" 200 76
124.78.155.10 - - [01/Apr/2023:09:11:12 +0800] "POST /xingrg/dwr/call/plaincall/AjaxCheckService.setItemNumber.dwr HTTP/1.1" 200 77
124.78.155.10 - - [01/Apr/2023:09:11:13 +0800] "POST /xingrg/dwr/call/plaincall/AjaxCheckService.setItemNumber.dwr HTTP/1.1" 200 77
180.169.147.146 - - [01/Apr/2023:09:11:13 +0800] "GET /xingrg/all/function/internal_message.html?_=1680311473558&CODE_STATE=getMsg HTTP/1.1" 200 27
222.67.232.202 - - [01/Apr/2023:09:11:13 +0800] "POST /xingrg/dwr/call/plaincall/AjaxCheckService.setItemNumber.dwr HTTP/1.1" 200 77
222.67.232.202 - - [01/Apr/2023:09:11:14 +0800] "POST /xingrg/dwr/call/plaincall/AjaxCheckService.setItemNumber.dwr HTTP/1.1" 200 77
116.227.208.255 - - [01/Apr/2023:09:11:14 +0800] "GET /xingrg/all/function/internal_message.html?_=1680311569002&CODE_STATE=getMsg HTTP/1.1" 302 -
124.78.155.10 - - [01/Apr/2023:09:11:14 +0800] "POST /xingrg/dwr/call/plaincall/AjaxCheckService.setItemNumber.dwr HTTP/1.1" 200 77
222.67.232.202 - - [01/Apr/2023:09:11:14 +0800] "POST /xingrg/dwr/call/plaincall/AjaxCheckService.setItemNumber.dwr HTTP/1.1" 200 77
222.67.232.202 - - [01/Apr/2023:09:11:15 +0800] "POST /xingrg/dwr/call/plaincall/AjaxCheckService.setItemNumber.dwr HTTP/1.1" 200 77
222.67.232.202 - - [01/Apr/2023:09:11:15 +0800] "POST /xingrg/dwr/call/plaincall/AjaxCheckService.setItemNumber.dwr HTTP/1.1" 200 77
124.78.155.10 - - [01/Apr/2023:09:11:15 +0800] "POST /xingrg/dwr/call/plaincall/AjaxCheckService.setItemNumber.dwr HTTP/1.1" 200 77
114.83.220.119 - - [01/Apr/2023:09:11:16 +0800] "GET /xingrg/kc/buy/cgsh_order_operate.html?command=get_materiel&rest_code=00149&code=00101008163&supplier_code=00100008&order_time=2023-04-01 HTTP/1.1" 200 409
116.224.158.100 - - [01/Apr/2023:09:11:16 +0800] "GET /xingrg/all/function/internal_message.html?_=1680311478860&CODE_STATE=getMsg HTTP/1.1" 200 27
116.224.158.100 - - [01/Apr/2023:09:11:17 +0800] "GET /xingrg/kc/buy/cgsh_order_operate.html?command=get_materiel&rest_code=00105&code=00101008196&supplier_code=00100203&order_time=2023-04-01 HTTP/1.1" 200 416
124.78.155.10 - - [01/Apr/2023:09:11:17 +0800] "POST /xingrg/dwr/call/plaincall/AjaxCheckService.setItemNumber.dwr HTTP/1.1" 200 77
222.67.232.202 - - [01/Apr/2023:09:11:17 +0800] "POST /xingrg/dwr/call/plaincall/AjaxCheckService.setItemNumber.dwr HTTP/1.1" 200 77
124.78.155.10 - - [01/Apr/2023:09:11:18 +0800] "POST /xingrg/dwr/call/plaincall/AjaxCheckService.setItemNumber.dwr HTTP/1.1" 200 77
124.78.155.10 - - [01/Apr/2023:09:11:19 +0800] "POST /xingrg/dwr/call/plaincall/AjaxCheckService.setItemNumber.dwr HTTP/1.1" 200 77
124.78.155.10 - - [01/Apr/2023:09:11:20 +0800] "POST /xingrg/dwr/call/plaincall/AjaxCheckService.setItemNumber.dwr HTTP/1.1" 200 77
124.78.155.10 - - [01/Apr/2023:09:11:21 +0800] "POST /xingrg/dwr/call/plaincall/AjaxCheckService.setItemNumber.dwr HTTP/1.1" 200 77
114.83.222.182 - - [01/Apr/2023:09:11:22 +0800] "POST /xingrg/dwr/call/plaincall/AjaxCheckService.setItemNumber.dwr HTTP/1.1" 200 76
124.78.155.10 - - [01/Apr/2023:09:11:23 +0800] "POST /xingrg/dwr/call/plaincall/AjaxCheckService.setItemNumber.dwr HTTP/1.1" 200 77
116.238.139.35 - - [01/Apr/2023:09:11:23 +0800] "GET /xingrg/check_reg.html?_=1680311399258 HTTP/1.1" 302 -
116.238.139.35 - - [01/Apr/2023:09:11:24 +0800] "GET /xingrg/all/function/internal_message.html?_=1680311400107&CODE_STATE=getMsg HTTP/1.1" 302 -
116.224.158.100 - - [01/Apr/2023:09:11:25 +0800] "GET /xingrg/kc/buy/cgsh_order_operate.html?command=get_materiel&rest_code=00105&code=00101008352&supplier_code=00100203&order_time=2023-04-01 HTTP/1.1" 200 412
222.70.172.107 - - [01/Apr/2023:09:11:27 +0800] "GET /xingrg/all/function/internal_message.html?_=1680311509281&CODE_STATE=getMsg HTTP/1.1" 302 -
124.78.155.10 - - [01/Apr/2023:09:11:28 +0800] "GET /xingrg/kc/base/check_order_list.html?isBack=1 HTTP/1.1" 200 16217
101.229.172.229 - - [01/Apr/2023:09:11:29 +0800] "GET /xingrg/all/function/internal_message.html?_=1680311498612&CODE_STATE=getMsg HTTP/1.1" 200 27
222.67.232.202 - - [01/Apr/2023:09:11:31 +0800] "POST /xingrg/dwr/call/plaincall/AjaxCheckService.checkOrder.dwr HTTP/1.1" 200 79
124.78.155.10 - - [01/Apr/2023:09:11:31 +0800] "POST /xingrg/kc/base/check_list_operate.html HTTP/1.1" 200 2565
124.78.155.10 - - [01/Apr/2023:09:11:31 +0800] "POST /xingrg/dwr/call/plaincall/AjaxCheckService.setItemNumber.dwr HTTP/1.1" 200 77
124.78.155.10 - - [01/Apr/2023:09:11:31 +0800] "POST /xingrg/dwr/call/plaincall/AjaxCheckService.setItemNumber.dwr HTTP/1.1" 200 77
124.78.155.10 - - [01/Apr/2023:09:11:31 +0800] "POST /xingrg/dwr/call/plaincall/AjaxCheckService.setItemNumber.dwr HTTP/1.1" 200 77
124.78.155.10 - - [01/Apr/2023:09:11:31 +0800] "POST /xingrg/dwr/call/plaincall/AjaxCheckService.setItemNumber.dwr HTTP/1.1" 200 77
124.78.155.10 - - [01/Apr/2023:09:11:31 +0800] "POST /xingrg/dwr/call/plaincall/AjaxCheckService.setItemNumber.dwr HTTP/1.1" 200 77
124.78.155.10 - - [01/Apr/2023:09:11:32 +0800] "POST /xingrg/dwr/call/plaincall/AjaxCheckService.setItemNumber.dwr HTTP/1.1" 200 77
114.83.222.182 - - [01/Apr/2023:09:11:32 +0800] "POST /xingrg/dwr/call/plaincall/AjaxCheckService.setItemNumber.dwr HTTP/1.1" 200 76
124.78.155.10 - - [01/Apr/2023:09:11:33 +0800] "POST /xingrg/dwr/call/plaincall/AjaxCheckService.setItemNumber.dwr HTTP/1.1" 200 77
116.224.158.100 - - [01/Apr/2023:09:11:33 +0800] "GET /xingrg/kc/buy/cgsh_order_operate.html?command=get_materiel&rest_code=00105&code=00101008005&supplier_code=00100203&order_time=2023-04-01 HTTP/1.1" 200 412
222.67.232.202 - - [01/Apr/2023:09:11:34 +0800] "GET /xingrg/kc/base/check_order_info.html?code=452023033100442 HTTP/1.1" 200 22860
222.67.232.202 - - [01/Apr/2023:09:11:34 +0800] "GET /xingrg/dwr/interface/AjaxCheckService.js HTTP/1.1" 200 14003
222.67.232.202 - - [01/Apr/2023:09:11:34 +0800] "GET /xingrg/dwr/interface/AjaxComOrderService.js HTTP/1.1" 200 18264
222.67.232.202 - - [01/Apr/2023:09:11:34 +0800] "GET /xingrg/dwr/engine.js HTTP/1.1" 200 43631
222.67.232.202 - - [01/Apr/2023:09:11:34 +0800] "POST /xingrg/dwr/call/plaincall/AjaxCheckService.loadOrderItems.dwr HTTP/1.1" 200 13163
124.78.155.10 - - [01/Apr/2023:09:11:35 +0800] "POST /xingrg/dwr/call/plaincall/AjaxCheckService.setItemNumber.dwr HTTP/1.1" 200 77
124.78.155.10 - - [01/Apr/2023:09:11:36 +0800] "POST /xingrg/dwr/call/plaincall/AjaxCheckService.setItemNumber.dwr HTTP/1.1" 200 77
124.78.155.10 - - [01/Apr/2023:09:11:38 +0800] "POST /xingrg/dwr/call/plaincall/AjaxCheckService.setItemNumber.dwr HTTP/1.1" 200 77
114.83.220.119 - - [01/Apr/2023:09:11:38 +0800] "GET /xingrg/kc/buy/cgsh_order_operate.html?command=get_materiel&rest_code=00149&code=00101008190&supplier_code=00100008&order_time=2023-04-01 HTTP/1.1" 200 412
222.67.232.202 - - [01/Apr/2023:09:11:39 +0800] "GET /xingrg/kc/base/check_order_info.html?code=452023033100419 HTTP/1.1" 200 26480
222.67.232.202 - - [01/Apr/2023:09:11:39 +0800] "GET /xingrg/dwr/interface/AjaxCheckService.js HTTP/1.1" 200 14003
222.67.232.202 - - [01/Apr/2023:09:11:39 +0800] "GET /xingrg/dwr/interface/AjaxComOrderService.js HTTP/1.1" 200 18264
222.67.232.202 - - [01/Apr/2023:09:11:39 +0800] "GET /xingrg/dwr/engine.js HTTP/1.1" 200 43631
124.78.155.10 - - [01/Apr/2023:09:11:39 +0800] "POST /xingrg/dwr/call/plaincall/AjaxCheckService.setItemNumber.dwr HTTP/1.1" 200 77
222.67.232.202 - - [01/Apr/2023:09:11:40 +0800] "POST /xingrg/dwr/call/plaincall/AjaxCheckService.loadOrderItems.dwr HTTP/1.1" 200 116340
124.78.155.10 - - [01/Apr/2023:09:11:40 +0800] "POST /xingrg/dwr/call/plaincall/AjaxCheckService.setItemNumber.dwr HTTP/1.1" 200 77
222.70.182.87 - - [01/Apr/2023:09:11:40 +0800] "GET /xingrg/index.html?sysBaseUrl=http%3A%2F%2F180.169.147.146%3A18081%2Fxingrg%2F&costTime=39×tamp=1645767740089 HTTP/1.1" 302 -
114.83.222.182 - - [01/Apr/2023:09:11:41 +0800] "POST /xingrg/dwr/call/plaincall/AjaxCheckService.setItemNumber.dwr HTTP/1.1" 200 76
222.70.182.87 - - [01/Apr/2023:09:11:41 +0800] "GET /xingrg/login.html HTTP/1.1" 200 7641
124.78.155.10 - - [01/Apr/2023:09:11:41 +0800] "POST /xingrg/dwr/call/plaincall/AjaxCheckService.setItemNumber.dwr HTTP/1.1" 200 77
116.224.158.100 - - [01/Apr/2023:09:11:42 +0800] "GET /xingrg/kc/buy/cgsh_order_operate.html?command=get_materiel&rest_code=00105&code=00101008271&supplier_code=00100203&order_time=2023-04-01 HTTP/1.1" 200 408
222.70.182.87 - - [01/Apr/2023:09:11:42 +0800] "GET /xingrg/index.html?sysBaseUrl=http%3A%2F%2F180.169.147.146%3A18081%2Fxingrg%2F&costTime=39×tamp=1645767740089 HTTP/1.1" 302 -
222.70.182.87 - - [01/Apr/2023:09:11:42 +0800] "GET /xingrg/login.html HTTP/1.1" 200 7641
180.163.28.55 - - [01/Apr/2023:09:11:43 +0800] "GET /xingrg/all/function/internal_message.html?_=1680311445776&CODE_STATE=count HTTP/1.1" 302 -
124.78.155.10 - - [01/Apr/2023:09:11:44 +0800] "GET /xingrg/all/function/internal_message.html?_=1680311505780&CODE_STATE=getMsg HTTP/1.1" 200 27
180.163.28.55 - - [01/Apr/2023:09:11:44 +0800] "GET /xingrg/login.html HTTP/1.1" 200 7641
180.163.28.109 - - [01/Apr/2023:09:11:44 +0800] "GET /xingrg/check_reg.html?_=1680311445776 HTTP/1.1" 302 -
180.163.28.109 - - [01/Apr/2023:09:11:44 +0800] "GET /xingrg/login.html HTTP/1.1" 200 7641
124.78.155.10 - - [01/Apr/2023:09:11:44 +0800] "POST /xingrg/dwr/call/plaincall/AjaxCheckService.setItemNumber.dwr HTTP/1.1" 200 77
172.20.0.100 - - [01/Apr/2023:09:11:45 +0800] "GET /xingrg/all/function/internal_message.html?_=1680311503268&CODE_STATE=getMsg HTTP/1.1" 302 -
180.163.28.68 - - [01/Apr/2023:09:11:46 +0800] "GET /xingrg/kc/base/check_order_list.html HTTP/1.1" 302 -
180.163.28.68 - - [01/Apr/2023:09:11:46 +0800] "GET /xingrg/login.html HTTP/1.1" 200 7641
124.78.155.10 - - [01/Apr/2023:09:11:46 +0800] "POST /xingrg/dwr/call/plaincall/AjaxCheckService.setItemNumber.dwr HTTP/1.1" 200 77
114.83.222.182 - - [01/Apr/2023:09:11:47 +0800] "POST /xingrg/dwr/call/plaincall/AjaxCheckService.setItemNumber.dwr HTTP/1.1" 200 77
58.221.95.50 - - [01/Apr/2023:09:11:47 +0800] "GET /xingrg/check_reg.html?_=1680311508594 HTTP/1.1" 302 -
124.78.155.10 - - [01/Apr/2023:09:11:47 +0800] "POST /xingrg/dwr/call/plaincall/AjaxCheckService.setItemNumber.dwr HTTP/1.1" 200 77
180.163.28.55 - - [01/Apr/2023:09:11:48 +0800] "GET /xingrg/kc/base/check_order_info.html?code=452023033100478 HTTP/1.1" 302 -
180.163.28.55 - - [01/Apr/2023:09:11:48 +0800] "GET /xingrg/login.html HTTP/1.1" 200 7641
114.83.220.119 - - [01/Apr/2023:09:11:48 +0800] "GET /xingrg/all/function/internal_message.html?_=1680311505462&CODE_STATE=getMsg HTTP/1.1" 200 27
124.78.155.10 - - [01/Apr/2023:09:11:48 +0800] "POST /xingrg/dwr/call/plaincall/AjaxCheckService.setItemNumber.dwr HTTP/1.1" 200 77
124.78.155.10 - - [01/Apr/2023:09:11:50 +0800] "POST /xingrg/dwr/call/plaincall/AjaxCheckService.setItemNumber.dwr HTTP/1.1" 200 77
124.78.155.10 - - [01/Apr/2023:09:11:51 +0800] "POST /xingrg/dwr/call/plaincall/AjaxCheckService.setItemNumber.dwr HTTP/1.1" 200 77
116.224.158.100 - - [01/Apr/2023:09:11:51 +0800] "GET /xingrg/kc/buy/cgsh_order_operate.html?command=get_materiel&rest_code=00105&code=00101015038&supplier_code=00100203&order_time=2023-04-01 HTTP/1.1" 200 418
114.83.220.119 - - [01/Apr/2023:09:11:51 +0800] "GET /xingrg/kc/buy/cgsh_order_operate.html?command=get_materiel&rest_code=00149&code=00101008010&supplier_code=00100008&order_time=2023-04-01 HTTP/1.1" 200 412
124.78.155.10 - - [01/Apr/2023:09:11:52 +0800] "POST /xingrg/dwr/call/plaincall/AjaxCheckService.setItemNumber.dwr HTTP/1.1" 200 77
124.78.155.10 - - [01/Apr/2023:09:11:53 +0800] "POST /xingrg/dwr/call/plaincall/AjaxCheckService.setItemNumber.dwr HTTP/1.1" 200 77
114.83.222.182 - - [01/Apr/2023:09:11:54 +0800] "POST /xingrg/dwr/call/plaincall/AjaxCheckService.setItemNumber.dwr HTTP/1.1" 200 77
124.78.155.10 - - [01/Apr/2023:09:11:55 +0800] "POST /xingrg/dwr/call/plaincall/AjaxCheckService.setItemNumber.dwr HTTP/1.1" 200 77
222.70.182.87 - - [01/Apr/2023:09:11:55 +0800] "GET /favicon.ico HTTP/1.1" 404 -
124.78.155.10 - - [01/Apr/2023:09:11:56 +0800] "POST /xingrg/dwr/call/plaincall/AjaxCheckService.setItemNumber.dwr HTTP/1.1" 200 77
222.67.232.202 - - [01/Apr/2023:09:11:57 +0800] "POST /xingrg/dwr/call/plaincall/AjaxCheckService.setItemNumber.dwr HTTP/1.1" 200 76
222.70.182.87 - - [01/Apr/2023:09:11:57 +0800] "GET /xingrg/all/function/internal_message.html?_=1680311516409&CODE_STATE=getMsg HTTP/1.1" 200 27
124.78.155.10 - - [01/Apr/2023:09:11:58 +0800] "POST /xingrg/dwr/call/plaincall/AjaxCheckService.setItemNumber.dwr HTTP/1.1" 200 77
114.83.222.182 - - [01/Apr/2023:09:11:58 +0800] "POST /xingrg/dwr/call/plaincall/AjaxCheckService.setItemNumber.dwr HTTP/1.1" 200 77
222.67.232.202 - - [01/Apr/2023:09:11:58 +0800] "POST /xingrg/dwr/call/plaincall/AjaxCheckService.setItemNumber.dwr HTTP/1.1" 200 76
116.224.158.100 - - [01/Apr/2023:09:11:59 +0800] "GET /xingrg/kc/buy/cgsh_order_operate.html?command=get_materiel&rest_code=00105&code=00101015136&supplier_code=00100203&order_time=2023-04-01 HTTP/1.1" 200 414
116.228.172.94 - - [01/Apr/2023:09:11:59 +0800] "GET /xingrg/all/function/internal_message.html?_=1680311452748&CODE_STATE=getMsg HTTP/1.1" 302 -
222.67.232.202 - - [01/Apr/2023:09:12:00 +0800] "POST /xingrg/dwr/call/plaincall/AjaxCheckService.setItemNumber.dwr HTTP/1.1" 200 76
222.67.232.202 - - [01/Apr/2023:09:12:00 +0800] "GET /xingrg/all/function/internal_message.html?_=1680311062980&CODE_STATE=getMsg HTTP/1.1" 200 27
222.67.232.202 - - [01/Apr/2023:09:12:00 +0800] "POST /xingrg/dwr/call/plaincall/AjaxCheckService.setItemNumber.dwr HTTP/1.1" 200 76
124.78.155.10 - - [01/Apr/2023:09:12:01 +0800] "POST /xingrg/dwr/call/plaincall/AjaxCheckService.setItemNumber.dwr HTTP/1.1" 200 77
222.67.232.202 - - [01/Apr/2023:09:12:01 +0800] "POST /xingrg/dwr/call/plaincall/AjaxCheckService.setItemNumber.dwr HTTP/1.1" 200 76
124.78.155.10 - - [01/Apr/2023:09:12:02 +0800] "POST /xingrg/dwr/call/plaincall/AjaxCheckService.setItemNumber.dwr HTTP/1.1" 200 77
222.67.232.202 - - [01/Apr/2023:09:12:03 +0800] "POST /xingrg/dwr/call/plaincall/AjaxCheckService.setItemNumber.dwr HTTP/1.1" 200 76
124.78.155.10 - - [01/Apr/2023:09:12:03 +0800] "POST /xingrg/dwr/call/plaincall/AjaxCheckService.setItemNumber.dwr HTTP/1.1" 200 77
124.78.155.10 - - [01/Apr/2023:09:12:03 +0800] "POST /xingrg/dwr/call/plaincall/AjaxCheckService.setItemNumber.dwr HTTP/1.1" 200 77
222.67.232.202 - - [01/Apr/2023:09:12:03 +0800] "POST /xingrg/dwr/call/plaincall/AjaxCheckService.setItemNumber.dwr HTTP/1.1" 200 76
124.78.155.10 - - [01/Apr/2023:09:12:04 +0800] "POST /xingrg/dwr/call/plaincall/AjaxCheckService.setItemNumber.dwr HTTP/1.1" 200 77
124.78.155.10 - - [01/Apr/2023:09:12:05 +0800] "POST /xingrg/dwr/call/plaincall/AjaxCheckService.setItemNumber.dwr HTTP/1.1" 200 77
222.67.232.202 - - [01/Apr/2023:09:12:05 +0800] "POST /xingrg/dwr/call/plaincall/AjaxCheckService.setItemNumber.dwr HTTP/1.1" 200 76
114.83.222.182 - - [01/Apr/2023:09:12:06 +0800] "GET /xingrg/all/function/internal_message.html?_=1680311604517&CODE_STATE=getMsg HTTP/1.1" 200 27
124.78.155.10 - - [01/Apr/2023:09:12:06 +0800] "POST /xingrg/dwr/call/plaincall/AjaxCheckService.setItemNumber.dwr HTTP/1.1" 200 77
124.78.155.10 - - [01/Apr/2023:09:12:06 +0800] "GET /xingrg/all/function/internal_message.html?_=1680311526044&CODE_STATE=getMsg HTTP/1.1" 200 27
116.224.158.100 - - [01/Apr/2023:09:12:07 +0800] "GET /xingrg/kc/buy/cgsh_order_operate.html?command=get_materiel&rest_code=00105&code=00101008027&supplier_code=00100203&order_time=2023-04-01 HTTP/1.1" 200 408
222.67.232.202 - - [01/Apr/2023:09:12:07 +0800] "POST /xingrg/dwr/call/plaincall/AjaxCheckService.setItemNumber.dwr HTTP/1.1" 200 76
