114.83.220.119 - - [01/Apr/2023:08:39:58 +0800] "POST /xingrg/dwr/call/plaincall/AjaxCheckService.loadOrderItems.dwr HTTP/1.1" 200 367
101.229.172.229 - - [01/Apr/2023:08:39:58 +0800] "POST /xingrg/dwr/call/plaincall/AjaxCheckService.saveOrder.dwr HTTP/1.1" 200 78
116.228.172.94 - - [01/Apr/2023:08:39:59 +0800] "GET /xingrg/all/function/internal_message.html?_=1680309532756&CODE_STATE=getMsg HTTP/1.1" 200 27
116.228.172.94 - - [01/Apr/2023:08:39:59 +0800] "GET /xingrg/check_reg.html?_=1680309532758 HTTP/1.1" 200 22
101.229.172.229 - - [01/Apr/2023:08:39:59 +0800] "POST /xingrg/dwr/call/plaincall/AjaxCheckService.loadOrderItems.dwr HTTP/1.1" 200 367
58.39.110.54 - - [01/Apr/2023:08:39:59 +0800] "GET /xingrg/all/function/internal_message.html?_=1680309600520&CODE_STATE=getMsg HTTP/1.1" 200 27
101.229.172.229 - - [01/Apr/2023:08:40:00 +0800] "GET /xingrg/javascript/jquery_easy_ui/themes/icons/pencil.png HTTP/1.1" 304 -
114.83.220.119 - - [01/Apr/2023:08:40:00 +0800] "POST /xingrg/kc/report/common_data.html?type=materiel_category_tree HTTP/1.1" 200 3921
116.224.158.100 - - [01/Apr/2023:08:40:01 +0800] "POST /xingrg/dwr/call/plaincall/AjaxCheckService.setItemNumber.dwr HTTP/1.1" 200 77
101.229.172.229 - - [01/Apr/2023:08:40:04 +0800] "POST /xingrg/dwr/call/plaincall/AjaxCheckService.importOrderItems.dwr HTTP/1.1" 200 78
222.70.182.87 - - [01/Apr/2023:08:40:04 +0800] "GET /xingrg/all/function/internal_message.html?_=1680309602827&CODE_STATE=getMsg HTTP/1.1" 200 27
116.227.208.255 - - [01/Apr/2023:08:40:05 +0800] "GET /xingrg/all/function/internal_message.html?_=1680309700074&CODE_STATE=getMsg HTTP/1.1" 200 27
114.83.220.119 - - [01/Apr/2023:08:40:06 +0800] "POST /xingrg/dwr/call/plaincall/AjaxCheckService.importOrderItems.dwr HTTP/1.1" 200 78
116.224.158.100 - - [01/Apr/2023:08:40:07 +0800] "POST /xingrg/dwr/call/plaincall/AjaxCheckService.setItemNumber.dwr HTTP/1.1" 200 77
116.224.158.100 - - [01/Apr/2023:08:40:07 +0800] "POST /xingrg/dwr/call/plaincall/AjaxCheckService.setItemNumber.dwr HTTP/1.1" 200 77
114.83.220.119 - - [01/Apr/2023:08:40:07 +0800] "POST /xingrg/dwr/call/plaincall/AjaxCheckService.loadOrderItems.dwr HTTP/1.1" 200 18398
101.229.172.229 - - [01/Apr/2023:08:40:08 +0800] "POST /xingrg/dwr/call/plaincall/AjaxCheckService.loadOrderItems.dwr HTTP/1.1" 200 17120
114.83.220.119 - - [01/Apr/2023:08:40:10 +0800] "GET /xingrg/kc/print/load_config.html?_=1680309607369&kc_code=check HTTP/1.1" 200 2488
114.83.220.119 - - [01/Apr/2023:08:40:11 +0800] "GET /xingrg/kc/print/load_data.html?_=1680309607444&order_code=452023040100016&kc_code=check&condition= HTTP/1.1" 200 4949
101.229.172.229 - - [01/Apr/2023:08:40:11 +0800] "POST /xingrg/dwr/call/plaincall/AjaxCheckService.setItemNumber.dwr HTTP/1.1" 200 76
101.229.172.229 - - [01/Apr/2023:08:40:13 +0800] "POST /xingrg/dwr/call/plaincall/AjaxCheckService.setItemNumber.dwr HTTP/1.1" 200 76
101.229.172.229 - - [01/Apr/2023:08:40:14 +0800] "POST /xingrg/dwr/call/plaincall/AjaxCheckService.setItemNumber.dwr HTTP/1.1" 200 76
101.229.172.229 - - [01/Apr/2023:08:40:14 +0800] "POST /xingrg/dwr/call/plaincall/AjaxCheckService.setItemNumber.dwr HTTP/1.1" 200 76
101.229.172.229 - - [01/Apr/2023:08:40:15 +0800] "POST /xingrg/dwr/call/plaincall/AjaxCheckService.setItemNumber.dwr HTTP/1.1" 200 76
114.83.222.182 - - [01/Apr/2023:08:40:15 +0800] "GET /xingrg/all/function/internal_message.html?_=1680309693600&CODE_STATE=getMsg HTTP/1.1" 200 27
101.229.172.229 - - [01/Apr/2023:08:40:15 +0800] "POST /xingrg/dwr/call/plaincall/AjaxCheckService.setItemNumber.dwr HTTP/1.1" 200 76
101.229.172.229 - - [01/Apr/2023:08:40:16 +0800] "POST /xingrg/dwr/call/plaincall/AjaxCheckService.setItemNumber.dwr HTTP/1.1" 200 77
116.224.158.100 - - [01/Apr/2023:08:40:16 +0800] "POST /xingrg/dwr/call/plaincall/AjaxCheckService.setItemNumber.dwr HTTP/1.1" 200 77
101.229.172.229 - - [01/Apr/2023:08:40:16 +0800] "POST /xingrg/dwr/call/plaincall/AjaxCheckService.setItemNumber.dwr HTTP/1.1" 200 77
101.229.172.229 - - [01/Apr/2023:08:40:17 +0800] "POST /xingrg/dwr/call/plaincall/AjaxCheckService.setItemNumber.dwr HTTP/1.1" 200 77
114.83.220.119 - - [01/Apr/2023:08:40:17 +0800] "GET /xingrg/kc/base/check_order_list.html?isBack=1 HTTP/1.1" 200 16223
101.229.172.229 - - [01/Apr/2023:08:40:18 +0800] "POST /xingrg/dwr/call/plaincall/AjaxCheckService.setItemNumber.dwr HTTP/1.1" 200 77
101.229.172.229 - - [01/Apr/2023:08:40:18 +0800] "GET /xingrg/all/function/internal_message.html?_=1680309627454&CODE_STATE=getMsg HTTP/1.1" 200 27
101.229.172.229 - - [01/Apr/2023:08:40:18 +0800] "GET /xingrg/check_reg.html?_=1680309627456 HTTP/1.1" 200 22
101.229.172.229 - - [01/Apr/2023:08:40:18 +0800] "POST /xingrg/dwr/call/plaincall/AjaxCheckService.setItemNumber.dwr HTTP/1.1" 200 77
114.83.220.119 - - [01/Apr/2023:08:40:18 +0800] "POST /xingrg/kc/base/check_list_operate.html HTTP/1.1" 200 3600
116.224.158.100 - - [01/Apr/2023:08:40:18 +0800] "POST /xingrg/dwr/call/plaincall/AjaxCheckService.setItemNumber.dwr HTTP/1.1" 200 77
114.83.220.119 - - [01/Apr/2023:08:40:19 +0800] "GET /xingrg/kc/base/check_order_add.html HTTP/1.1" 200 26520
114.83.220.119 - - [01/Apr/2023:08:40:19 +0800] "GET /xingrg/dwr/interface/AjaxComOrderService.js HTTP/1.1" 200 18264
114.83.220.119 - - [01/Apr/2023:08:40:19 +0800] "GET /xingrg/dwr/interface/AjaxCheckService.js HTTP/1.1" 200 14003
114.83.220.119 - - [01/Apr/2023:08:40:19 +0800] "GET /xingrg/dwr/engine.js HTTP/1.1" 200 43631
114.83.220.119 - - [01/Apr/2023:08:40:23 +0800] "GET /xingrg/all/function/internal_message.html?_=1680309620397&CODE_STATE=getMsg HTTP/1.1" 200 27
116.238.139.35 - - [01/Apr/2023:08:40:23 +0800] "GET /xingrg/all/function/internal_message.html?_=1680309539280&CODE_STATE=getMsg HTTP/1.1" 200 27
222.70.172.107 - - [01/Apr/2023:08:40:27 +0800] "GET /xingrg/all/function/internal_message.html?_=1680309648800&CODE_STATE=getMsg HTTP/1.1" 200 27
101.229.172.229 - - [01/Apr/2023:08:40:27 +0800] "POST /xingrg/dwr/call/plaincall/AjaxCheckService.setItemNumber.dwr HTTP/1.1" 200 77
114.83.220.119 - - [01/Apr/2023:08:40:28 +0800] "POST /xingrg/dwr/call/plaincall/AjaxCheckService.saveOrder.dwr HTTP/1.1" 200 78
116.224.158.100 - - [01/Apr/2023:08:40:29 +0800] "POST /xingrg/dwr/call/plaincall/AjaxCheckService.setItemNumber.dwr HTTP/1.1" 200 77
114.83.220.119 - - [01/Apr/2023:08:40:29 +0800] "POST /xingrg/dwr/call/plaincall/AjaxCheckService.loadOrderItems.dwr HTTP/1.1" 200 367
101.229.172.229 - - [01/Apr/2023:08:40:30 +0800] "POST /xingrg/dwr/call/plaincall/AjaxCheckService.setItemNumber.dwr HTTP/1.1" 200 77
114.83.220.119 - - [01/Apr/2023:08:40:31 +0800] "POST /xingrg/kc/report/common_data.html?type=materiel_category_tree HTTP/1.1" 200 3921
116.224.158.100 - - [01/Apr/2023:08:40:32 +0800] "POST /xingrg/dwr/call/plaincall/AjaxCheckService.setItemNumber.dwr HTTP/1.1" 200 77
116.227.208.255 - - [01/Apr/2023:08:40:32 +0800] "GET /xingrg/kc/buy/cgsh_order_add.html HTTP/1.1" 200 70008
116.227.208.255 - - [01/Apr/2023:08:40:33 +0800] "GET /xingrg/words/20230330134122_words.js HTTP/1.1" 304 -
116.227.208.255 - - [01/Apr/2023:08:40:33 +0800] "POST /xingrg/kc/buy/cgsh_order_operate.html HTTP/1.1" 200 8245
116.227.208.255 - - [01/Apr/2023:08:40:33 +0800] "GET /xingrg/javascript/easyui/themes/default/validatebox.css HTTP/1.1" 404 1104
116.227.208.255 - - [01/Apr/2023:08:40:33 +0800] "GET /xingrg/all/common/auto_word.html?type=employee&rest_code=00155 HTTP/1.1" 200 205
116.227.208.255 - - [01/Apr/2023:08:40:33 +0800] "GET /xingrg/all/common/auto_word.html?type=employee&rest_code=00155 HTTP/1.1" 200 205
116.224.158.100 - - [01/Apr/2023:08:40:33 +0800] "POST /xingrg/dwr/call/plaincall/AjaxCheckService.setItemNumber.dwr HTTP/1.1" 200 77
116.224.158.100 - - [01/Apr/2023:08:40:36 +0800] "POST /xingrg/dwr/call/plaincall/AjaxCheckService.setItemNumber.dwr HTTP/1.1" 200 77
116.224.158.100 - - [01/Apr/2023:08:40:37 +0800] "POST /xingrg/dwr/call/plaincall/AjaxCheckService.setItemNumber.dwr HTTP/1.1" 200 77
114.83.220.119 - - [01/Apr/2023:08:40:37 +0800] "POST /xingrg/dwr/call/plaincall/AjaxCheckService.importOrderItems.dwr HTTP/1.1" 200 78
116.224.158.100 - - [01/Apr/2023:08:40:38 +0800] "POST /xingrg/dwr/call/plaincall/AjaxCheckService.setItemNumber.dwr HTTP/1.1" 200 77
116.227.208.255 - - [01/Apr/2023:08:40:42 +0800] "GET /xingrg/javascript/auto/indicator.gif HTTP/1.1" 404 1066
116.224.158.100 - - [01/Apr/2023:08:40:42 +0800] "POST /xingrg/dwr/call/plaincall/AjaxCheckService.setItemNumber.dwr HTTP/1.1" 200 77
116.224.158.100 - - [01/Apr/2023:08:40:43 +0800] "POST /xingrg/dwr/call/plaincall/AjaxCheckService.setItemNumber.dwr HTTP/1.1" 200 77
114.83.220.119 - - [01/Apr/2023:08:40:43 +0800] "POST /xingrg/dwr/call/plaincall/AjaxCheckService.loadOrderItems.dwr HTTP/1.1" 200 9829
116.227.208.255 - - [01/Apr/2023:08:40:43 +0800] "GET /xingrg/javascript/jquery_tools/images/prev.gif HTTP/1.1" 404 1086
116.227.208.255 - - [01/Apr/2023:08:40:43 +0800] "GET /xingrg/javascript/jquery_tools/images/next.gif HTTP/1.1" 404 1086
116.224.158.100 - - [01/Apr/2023:08:40:43 +0800] "GET /xingrg/all/function/internal_message.html?_=1680309645877&CODE_STATE=getMsg HTTP/1.1" 200 27
114.83.220.119 - - [01/Apr/2023:08:40:45 +0800] "GET /xingrg/kc/print/load_config.html?_=1680309642492&kc_code=check HTTP/1.1" 200 2488
114.83.220.119 - - [01/Apr/2023:08:40:46 +0800] "GET /xingrg/kc/print/load_data.html?_=1680309642577&order_code=452023040100018&kc_code=check&condition= HTTP/1.1" 200 2642
172.20.0.100 - - [01/Apr/2023:08:40:49 +0800] "GET /xingrg/check_reg.html?_=1680309665607 HTTP/1.1" 302 -
114.83.220.119 - - [01/Apr/2023:08:40:51 +0800] "GET /xingrg/kc/base/check_order_list.html?isBack=1 HTTP/1.1" 200 16223
116.228.172.94 - - [01/Apr/2023:08:40:59 +0800] "GET /xingrg/all/function/internal_message.html?_=1680309592748&CODE_STATE=getMsg HTTP/1.1" 200 27
58.39.110.54 - - [01/Apr/2023:08:40:59 +0800] "GET /xingrg/all/function/internal_message.html?_=1680309660495&CODE_STATE=getMsg HTTP/1.1" 200 27
116.224.158.100 - - [01/Apr/2023:08:41:03 +0800] "POST /xingrg/dwr/call/plaincall/AjaxCheckService.checkOrder.dwr HTTP/1.1" 200 79
114.83.220.119 - - [01/Apr/2023:08:41:03 +0800] "POST /xingrg/kc/base/check_list_operate.html HTTP/1.1" 200 3936
222.70.182.87 - - [01/Apr/2023:08:41:04 +0800] "GET /xingrg/all/function/internal_message.html?_=1680309662828&CODE_STATE=getMsg HTTP/1.1" 200 27
222.70.182.87 - - [01/Apr/2023:08:41:04 +0800] "GET /xingrg/check_reg.html?_=1680309662831 HTTP/1.1" 200 22
116.227.208.255 - - [01/Apr/2023:08:41:05 +0800] "GET /xingrg/all/function/internal_message.html?_=1680309760059&CODE_STATE=getMsg HTTP/1.1" 200 27
114.83.220.119 - - [01/Apr/2023:08:41:06 +0800] "GET /xingrg/kc/base/check_order_add.html HTTP/1.1" 200 26520
114.83.220.119 - - [01/Apr/2023:08:41:06 +0800] "GET /xingrg/dwr/interface/AjaxComOrderService.js HTTP/1.1" 200 18264
114.83.220.119 - - [01/Apr/2023:08:41:06 +0800] "GET /xingrg/dwr/interface/AjaxCheckService.js HTTP/1.1" 200 14003
114.83.220.119 - - [01/Apr/2023:08:41:06 +0800] "GET /xingrg/dwr/engine.js HTTP/1.1" 200 43631
116.227.208.255 - - [01/Apr/2023:08:41:07 +0800] "GET /xingrg/kc/buy/cgsh_order_operate.html?command=get_materiel&rest_code=00155&code=00101002027&supplier_code=00100199&order_time=2023-04-01 HTTP/1.1" 200 413
116.224.158.100 - - [01/Apr/2023:08:41:08 +0800] "GET /xingrg/kc/base/check_order_info.html?code=452023033100469 HTTP/1.1" 200 22854
116.224.158.100 - - [01/Apr/2023:08:41:08 +0800] "GET /xingrg/dwr/interface/AjaxComOrderService.js HTTP/1.1" 200 18264
116.224.158.100 - - [01/Apr/2023:08:41:08 +0800] "GET /xingrg/dwr/interface/AjaxCheckService.js HTTP/1.1" 200 14003
116.224.158.100 - - [01/Apr/2023:08:41:08 +0800] "GET /xingrg/dwr/engine.js HTTP/1.1" 200 43631
116.224.158.100 - - [01/Apr/2023:08:41:09 +0800] "POST /xingrg/dwr/call/plaincall/AjaxCheckService.loadOrderItems.dwr HTTP/1.1" 200 45306
101.229.172.229 - - [01/Apr/2023:08:41:11 +0800] "POST /xingrg/dwr/call/plaincall/AjaxCheckService.setItemNumber.dwr HTTP/1.1" 200 77
116.224.158.100 - - [01/Apr/2023:08:41:11 +0800] "GET /xingrg/kc/base/check_order_list.html HTTP/1.1" 200 16217
116.224.158.100 - - [01/Apr/2023:08:41:12 +0800] "POST /xingrg/kc/base/check_list_operate.html HTTP/1.1" 200 4637
101.229.172.229 - - [01/Apr/2023:08:41:12 +0800] "POST /xingrg/dwr/call/plaincall/AjaxCheckService.setItemNumber.dwr HTTP/1.1" 200 77
101.229.172.229 - - [01/Apr/2023:08:41:12 +0800] "POST /xingrg/dwr/call/plaincall/AjaxCheckService.setItemNumber.dwr HTTP/1.1" 200 77
101.229.172.229 - - [01/Apr/2023:08:41:13 +0800] "POST /xingrg/dwr/call/plaincall/AjaxCheckService.setItemNumber.dwr HTTP/1.1" 200 77
101.229.172.229 - - [01/Apr/2023:08:41:13 +0800] "POST /xingrg/dwr/call/plaincall/AjaxCheckService.setItemNumber.dwr HTTP/1.1" 200 77
101.229.172.229 - - [01/Apr/2023:08:41:13 +0800] "POST /xingrg/dwr/call/plaincall/AjaxCheckService.setItemNumber.dwr HTTP/1.1" 200 77
116.227.208.255 - - [01/Apr/2023:08:41:14 +0800] "GET /xingrg/kc/buy/cgsh_order_operate.html?command=get_materiel&rest_code=00155&code=00101002022&supplier_code=00100199&order_time=2023-04-01 HTTP/1.1" 200 410
101.229.172.229 - - [01/Apr/2023:08:41:14 +0800] "POST /xingrg/dwr/call/plaincall/AjaxCheckService.setItemNumber.dwr HTTP/1.1" 200 77
101.229.172.229 - - [01/Apr/2023:08:41:15 +0800] "POST /xingrg/dwr/call/plaincall/AjaxCheckService.setItemNumber.dwr HTTP/1.1" 200 77
116.224.158.100 - - [01/Apr/2023:08:41:15 +0800] "GET /xingrg/kc/base/check_order_info.html?code=452023033100471 HTTP/1.1" 200 26551
116.224.158.100 - - [01/Apr/2023:08:41:15 +0800] "GET /xingrg/dwr/interface/AjaxComOrderService.js HTTP/1.1" 200 18264
116.224.158.100 - - [01/Apr/2023:08:41:15 +0800] "GET /xingrg/dwr/interface/AjaxCheckService.js HTTP/1.1" 200 14003
116.224.158.100 - - [01/Apr/2023:08:41:15 +0800] "GET /xingrg/dwr/engine.js HTTP/1.1" 200 43631
114.83.222.182 - - [01/Apr/2023:08:41:15 +0800] "GET /xingrg/all/function/internal_message.html?_=1680309753604&CODE_STATE=getMsg HTTP/1.1" 200 27
101.229.172.229 - - [01/Apr/2023:08:41:15 +0800] "POST /xingrg/dwr/call/plaincall/AjaxCheckService.setItemNumber.dwr HTTP/1.1" 200 77
116.224.158.100 - - [01/Apr/2023:08:41:15 +0800] "POST /xingrg/dwr/call/plaincall/AjaxCheckService.loadOrderItems.dwr HTTP/1.1" 200 22226
114.83.220.119 - - [01/Apr/2023:08:41:16 +0800] "POST /xingrg/dwr/call/plaincall/AjaxCheckService.saveOrder.dwr HTTP/1.1" 200 78
101.229.172.229 - - [01/Apr/2023:08:41:16 +0800] "POST /xingrg/dwr/call/plaincall/AjaxCheckService.setItemNumber.dwr HTTP/1.1" 200 77
101.229.172.229 - - [01/Apr/2023:08:41:16 +0800] "POST /xingrg/dwr/call/plaincall/AjaxCheckService.setItemNumber.dwr HTTP/1.1" 200 77
101.229.172.229 - - [01/Apr/2023:08:41:17 +0800] "POST /xingrg/dwr/call/plaincall/AjaxCheckService.setItemNumber.dwr HTTP/1.1" 200 77
114.83.220.119 - - [01/Apr/2023:08:41:18 +0800] "POST /xingrg/dwr/call/plaincall/AjaxCheckService.loadOrderItems.dwr HTTP/1.1" 200 367
101.229.172.229 - - [01/Apr/2023:08:41:18 +0800] "POST /xingrg/dwr/call/plaincall/AjaxCheckService.setItemNumber.dwr HTTP/1.1" 200 77
101.229.172.229 - - [01/Apr/2023:08:41:18 +0800] "GET /xingrg/all/function/internal_message.html?_=1680309687454&CODE_STATE=getMsg HTTP/1.1" 200 27
116.224.158.100 - - [01/Apr/2023:08:41:19 +0800] "POST /xingrg/dwr/call/plaincall/AjaxCheckService.setItemNumber.dwr HTTP/1.1" 200 76
114.83.220.119 - - [01/Apr/2023:08:41:20 +0800] "POST /xingrg/kc/report/common_data.html?type=materiel_category_tree HTTP/1.1" 200 3921
116.224.158.100 - - [01/Apr/2023:08:41:20 +0800] "POST /xingrg/dwr/call/plaincall/AjaxCheckService.setItemNumber.dwr HTTP/1.1" 200 76
116.227.208.255 - - [01/Apr/2023:08:41:21 +0800] "GET /xingrg/kc/buy/cgsh_order_operate.html?command=get_materiel&rest_code=00155&code=00101004038&supplier_code=00100199&order_time=2023-04-01 HTTP/1.1" 200 411
116.224.158.100 - - [01/Apr/2023:08:41:22 +0800] "POST /xingrg/dwr/call/plaincall/AjaxCheckService.setItemNumber.dwr HTTP/1.1" 200 76
116.224.158.100 - - [01/Apr/2023:08:41:23 +0800] "POST /xingrg/dwr/call/plaincall/AjaxCheckService.setItemNumber.dwr HTTP/1.1" 200 76
116.238.139.35 - - [01/Apr/2023:08:41:23 +0800] "GET /xingrg/check_reg.html?_=1680309599034 HTTP/1.1" 200 22
116.238.139.35 - - [01/Apr/2023:08:41:23 +0800] "GET /xingrg/all/function/internal_message.html?_=1680309599325&CODE_STATE=getMsg HTTP/1.1" 200 27
116.224.158.100 - - [01/Apr/2023:08:41:24 +0800] "POST /xingrg/dwr/call/plaincall/AjaxCheckService.setItemNumber.dwr HTTP/1.1" 200 76
116.224.158.100 - - [01/Apr/2023:08:41:25 +0800] "POST /xingrg/dwr/call/plaincall/AjaxCheckService.setItemNumber.dwr HTTP/1.1" 200 76
114.83.220.119 - - [01/Apr/2023:08:41:25 +0800] "POST /xingrg/dwr/call/plaincall/AjaxCheckService.importOrderItems.dwr HTTP/1.1" 200 78
116.224.158.100 - - [01/Apr/2023:08:41:25 +0800] "POST /xingrg/dwr/call/plaincall/AjaxCheckService.setItemNumber.dwr HTTP/1.1" 200 76
116.224.158.100 - - [01/Apr/2023:08:41:26 +0800] "POST /xingrg/dwr/call/plaincall/AjaxCheckService.setItemNumber.dwr HTTP/1.1" 200 76
114.83.220.119 - - [01/Apr/2023:08:41:26 +0800] "POST /xingrg/dwr/call/plaincall/AjaxCheckService.loadOrderItems.dwr HTTP/1.1" 200 40409
222.70.172.107 - - [01/Apr/2023:08:41:27 +0800] "GET /xingrg/all/function/internal_message.html?_=1680309708818&CODE_STATE=getMsg HTTP/1.1" 200 27
116.224.158.100 - - [01/Apr/2023:08:41:28 +0800] "POST /xingrg/dwr/call/plaincall/AjaxCheckService.setItemNumber.dwr HTTP/1.1" 200 76
116.224.158.100 - - [01/Apr/2023:08:41:29 +0800] "POST /xingrg/dwr/call/plaincall/AjaxCheckService.setItemNumber.dwr HTTP/1.1" 200 77
114.83.220.119 - - [01/Apr/2023:08:41:29 +0800] "GET /xingrg/kc/print/load_config.html?_=1680309686220&kc_code=check HTTP/1.1" 200 2488
114.83.220.119 - - [01/Apr/2023:08:41:30 +0800] "GET /xingrg/kc/print/load_data.html?_=1680309686368&order_code=452023040100019&kc_code=check&condition= HTTP/1.1" 200 10727
116.224.158.100 - - [01/Apr/2023:08:41:30 +0800] "POST /xingrg/dwr/call/plaincall/AjaxCheckService.setItemNumber.dwr HTTP/1.1" 200 77
116.224.158.100 - - [01/Apr/2023:08:41:31 +0800] "POST /xingrg/dwr/call/plaincall/AjaxCheckService.setItemNumber.dwr HTTP/1.1" 200 77
116.227.208.255 - - [01/Apr/2023:08:41:31 +0800] "GET /xingrg/kc/buy/cgsh_order_operate.html?command=get_materiel&rest_code=00155&code=00101001111&supplier_code=00100199&order_time=2023-04-01 HTTP/1.1" 200 411
116.224.158.100 - - [01/Apr/2023:08:41:32 +0800] "POST /xingrg/dwr/call/plaincall/AjaxCheckService.setItemNumber.dwr HTTP/1.1" 200 77
116.224.158.100 - - [01/Apr/2023:08:41:34 +0800] "POST /xingrg/dwr/call/plaincall/AjaxCheckService.setItemNumber.dwr HTTP/1.1" 200 77
114.83.220.119 - - [01/Apr/2023:08:41:35 +0800] "GET /xingrg/kc/base/check_order_list.html?isBack=1 HTTP/1.1" 200 16223
114.83.220.119 - - [01/Apr/2023:08:41:36 +0800] "POST /xingrg/kc/base/check_list_operate.html HTTP/1.1" 200 4272
114.83.220.119 - - [01/Apr/2023:08:41:38 +0800] "GET /xingrg/kc/base/check_order_add.html HTTP/1.1" 200 26520
114.83.220.119 - - [01/Apr/2023:08:41:38 +0800] "GET /xingrg/dwr/interface/AjaxComOrderService.js HTTP/1.1" 200 18264
114.83.220.119 - - [01/Apr/2023:08:41:38 +0800] "GET /xingrg/dwr/interface/AjaxCheckService.js HTTP/1.1" 200 14003
114.83.220.119 - - [01/Apr/2023:08:41:38 +0800] "GET /xingrg/dwr/engine.js HTTP/1.1" 200 43631
116.224.158.100 - - [01/Apr/2023:08:41:40 +0800] "POST /xingrg/dwr/call/plaincall/AjaxCheckService.setItemNumber.dwr HTTP/1.1" 200 77
116.224.158.100 - - [01/Apr/2023:08:41:42 +0800] "POST /xingrg/dwr/call/plaincall/AjaxCheckService.setItemNumber.dwr HTTP/1.1" 200 77
116.224.158.100 - - [01/Apr/2023:08:41:43 +0800] "GET /xingrg/all/function/internal_message.html?_=1680309705862&CODE_STATE=getMsg HTTP/1.1" 200 27
116.224.158.100 - - [01/Apr/2023:08:41:44 +0800] "POST /xingrg/dwr/call/plaincall/AjaxCheckService.setItemNumber.dwr HTTP/1.1" 200 77
116.224.158.100 - - [01/Apr/2023:08:41:44 +0800] "GET /xingrg/check_reg.html?_=1680309706379 HTTP/1.1" 200 22
116.224.158.100 - - [01/Apr/2023:08:41:44 +0800] "POST /xingrg/dwr/call/plaincall/AjaxCheckService.setItemNumber.dwr HTTP/1.1" 200 77
116.224.158.100 - - [01/Apr/2023:08:41:46 +0800] "POST /xingrg/dwr/call/plaincall/AjaxCheckService.setItemNumber.dwr HTTP/1.1" 200 77
116.224.158.100 - - [01/Apr/2023:08:41:47 +0800] "POST /xingrg/dwr/call/plaincall/AjaxCheckService.setItemNumber.dwr HTTP/1.1" 200 77
58.221.95.50 - - [01/Apr/2023:08:41:47 +0800] "GET /xingrg/check_reg.html?_=1680309708698 HTTP/1.1" 302 -
114.83.220.119 - - [01/Apr/2023:08:41:50 +0800] "POST /xingrg/dwr/call/plaincall/AjaxCheckService.saveOrder.dwr HTTP/1.1" 200 78
116.227.208.255 - - [01/Apr/2023:08:41:51 +0800] "POST /xingrg/kc/buy/cgsh_order_operate.html HTTP/1.1" 200 37
114.83.220.119 - - [01/Apr/2023:08:41:52 +0800] "POST /xingrg/dwr/call/plaincall/AjaxCheckService.loadOrderItems.dwr HTTP/1.1" 200 367
116.227.208.255 - - [01/Apr/2023:08:41:53 +0800] "POST /xingrg/kc/buy/cgsh_order_operate.html HTTP/1.1" 200 4435
116.227.208.255 - - [01/Apr/2023:08:41:53 +0800] "GET /xingrg/kc/print/load_config.html?kc_code=cgsh HTTP/1.1" 200 1925
116.227.208.255 - - [01/Apr/2023:08:41:54 +0800] "GET /xingrg/kc/print/load_data.html?order_code=212023040100017&kc_code=cgsh&condition= HTTP/1.1" 200 1355
116.227.208.255 - - [01/Apr/2023:08:41:58 +0800] "GET /xingrg/kc/buy/cgsh_order_add.html HTTP/1.1" 200 70008
116.227.208.255 - - [01/Apr/2023:08:41:58 +0800] "POST /xingrg/kc/buy/cgsh_order_operate.html HTTP/1.1" 200 8245
116.227.208.255 - - [01/Apr/2023:08:41:58 +0800] "GET /xingrg/javascript/easyui/themes/default/validatebox.css HTTP/1.1" 404 1104
116.228.172.94 - - [01/Apr/2023:08:41:59 +0800] "GET /xingrg/all/function/internal_message.html?_=1680309652756&CODE_STATE=getMsg HTTP/1.1" 200 27
58.39.110.54 - - [01/Apr/2023:08:41:59 +0800] "GET /xingrg/all/function/internal_message.html?_=1680309720468&CODE_STATE=getMsg HTTP/1.1" 200 27
116.224.158.100 - - [01/Apr/2023:08:42:00 +0800] "POST /xingrg/dwr/call/plaincall/AjaxCheckService.setItemNumber.dwr HTTP/1.1" 200 77
114.83.220.119 - - [01/Apr/2023:08:42:00 +0800] "POST /xingrg/kc/report/common_data.html?type=materiel_category_tree HTTP/1.1" 200 3921
116.224.158.100 - - [01/Apr/2023:08:42:01 +0800] "POST /xingrg/dwr/call/plaincall/AjaxCheckService.setItemNumber.dwr HTTP/1.1" 200 77
116.224.158.100 - - [01/Apr/2023:08:42:03 +0800] "POST /xingrg/dwr/call/plaincall/AjaxCheckService.setItemNumber.dwr HTTP/1.1" 200 77
222.70.182.87 - - [01/Apr/2023:08:42:04 +0800] "GET /xingrg/all/function/internal_message.html?_=1680309722831&CODE_STATE=getMsg HTTP/1.1" 200 27
116.227.208.255 - - [01/Apr/2023:08:42:05 +0800] "GET /xingrg/all/function/internal_message.html?_=1680309820037&CODE_STATE=getMsg HTTP/1.1" 200 27
114.83.220.119 - - [01/Apr/2023:08:42:05 +0800] "POST /xingrg/dwr/call/plaincall/AjaxCheckService.importOrderItems.dwr HTTP/1.1" 200 78
116.224.158.100 - - [01/Apr/2023:08:42:07 +0800] "POST /xingrg/dwr/call/plaincall/AjaxCheckService.setItemNumber.dwr HTTP/1.1" 200 77
114.83.220.119 - - [01/Apr/2023:08:42:07 +0800] "POST /xingrg/dwr/call/plaincall/AjaxCheckService.loadOrderItems.dwr HTTP/1.1" 200 1649
116.224.158.100 - - [01/Apr/2023:08:42:08 +0800] "POST /xingrg/dwr/call/plaincall/AjaxCheckService.setItemNumber.dwr HTTP/1.1" 200 77
114.83.220.119 - - [01/Apr/2023:08:42:09 +0800] "GET /xingrg/kc/print/load_config.html?_=1680309725953&kc_code=check HTTP/1.1" 200 2488
116.227.208.255 - - [01/Apr/2023:08:42:09 +0800] "GET /xingrg/kc/buy/cgsh_order_operate.html?command=get_materiel&rest_code=00155&code=00101009044&supplier_code=00100037&order_time=2023-04-01 HTTP/1.1" 200 413
114.83.220.119 - - [01/Apr/2023:08:42:09 +0800] "GET /xingrg/kc/print/load_data.html?_=1680309726032&order_code=452023040100020&kc_code=check&condition= HTTP/1.1" 200 631
116.224.158.100 - - [01/Apr/2023:08:42:13 +0800] "POST /xingrg/dwr/call/plaincall/AjaxCheckService.setItemNumber.dwr HTTP/1.1" 200 77
114.83.220.119 - - [01/Apr/2023:08:42:13 +0800] "GET /xingrg/kc/base/check_order_list.html?isBack=1 HTTP/1.1" 200 16223
114.83.220.119 - - [01/Apr/2023:08:42:13 +0800] "POST /xingrg/kc/base/check_list_operate.html HTTP/1.1" 200 4615
116.224.158.100 - - [01/Apr/2023:08:42:14 +0800] "POST /xingrg/dwr/call/plaincall/AjaxCheckService.setItemNumber.dwr HTTP/1.1" 200 77
116.224.158.100 - - [01/Apr/2023:08:42:14 +0800] "POST /xingrg/dwr/call/plaincall/AjaxCheckService.setItemNumber.dwr HTTP/1.1" 200 77
114.83.220.119 - - [01/Apr/2023:08:42:15 +0800] "GET /xingrg/kc/base/check_order_add.html HTTP/1.1" 200 26520
114.83.220.119 - - [01/Apr/2023:08:42:15 +0800] "GET /xingrg/dwr/interface/AjaxComOrderService.js HTTP/1.1" 200 18264
114.83.220.119 - - [01/Apr/2023:08:42:15 +0800] "GET /xingrg/dwr/interface/AjaxCheckService.js HTTP/1.1" 200 14003
114.83.220.119 - - [01/Apr/2023:08:42:15 +0800] "GET /xingrg/dwr/engine.js HTTP/1.1" 200 43631
114.83.222.182 - - [01/Apr/2023:08:42:15 +0800] "GET /xingrg/all/function/internal_message.html?_=1680309813589&CODE_STATE=getMsg HTTP/1.1" 200 27
101.229.172.229 - - [01/Apr/2023:08:42:18 +0800] "GET /xingrg/all/function/internal_message.html?_=1680309747452&CODE_STATE=getMsg HTTP/1.1" 200 27
116.224.158.100 - - [01/Apr/2023:08:42:19 +0800] "POST /xingrg/dwr/call/plaincall/AjaxCheckService.setItemNumber.dwr HTTP/1.1" 200 77
116.224.158.100 - - [01/Apr/2023:08:42:20 +0800] "POST /xingrg/dwr/call/plaincall/AjaxCheckService.setItemNumber.dwr HTTP/1.1" 200 77
114.83.220.119 - - [01/Apr/2023:08:42:23 +0800] "GET /xingrg/all/function/internal_message.html?_=1680309740425&CODE_STATE=getMsg HTTP/1.1" 200 27
116.238.139.35 - - [01/Apr/2023:08:42:23 +0800] "GET /xingrg/all/function/internal_message.html?_=1680309659385&CODE_STATE=getMsg HTTP/1.1" 200 27
124.78.155.10 - - [01/Apr/2023:08:42:26 +0800] "GET /xingrg/login.html HTTP/1.1" 200 7641
114.83.220.119 - - [01/Apr/2023:08:42:26 +0800] "POST /xingrg/dwr/call/plaincall/AjaxCheckService.saveOrder.dwr HTTP/1.1" 200 78
222.70.172.107 - - [01/Apr/2023:08:42:27 +0800] "GET /xingrg/all/function/internal_message.html?_=1680309768827&CODE_STATE=getMsg HTTP/1.1" 200 27
124.78.155.10 - - [01/Apr/2023:08:42:27 +0800] "GET /favicon.ico HTTP/1.1" 404 -
124.78.155.10 - - [01/Apr/2023:08:42:30 +0800] "POST /xingrg/login.do HTTP/1.1" 302 -
124.78.155.10 - - [01/Apr/2023:08:42:30 +0800] "GET /xingrg/index.html?sysBaseUrl=http%3A%2F%2F180.169.147.146%3A18081%2Fxingrg%2F&costTime=1269×tamp=1680309750275 HTTP/1.1" 200 17173
124.78.155.10 - - [01/Apr/2023:08:42:30 +0800] "GET /favicon.ico HTTP/1.1" 404 -
124.78.155.10 - - [01/Apr/2023:08:42:31 +0800] "POST /xingrg/all/common/load_tree.html?tree=area_rest_tree_json&manage=1 HTTP/1.1" 200 342
124.78.155.10 - - [01/Apr/2023:08:42:31 +0800] "GET /xingrg/check_reg.html?_=1680309752880 HTTP/1.1" 200 22
124.78.155.10 - - [01/Apr/2023:08:42:31 +0800] "GET /xingrg/all/function/internal_message.html?_=1680309752878&CODE_STATE=count HTTP/1.1" 200 11
116.224.158.100 - - [01/Apr/2023:08:42:31 +0800] "POST /xingrg/dwr/call/plaincall/AjaxCheckService.checkOrder.dwr HTTP/1.1" 200 79
114.83.220.119 - - [01/Apr/2023:08:42:31 +0800] "POST /xingrg/dwr/call/plaincall/AjaxCheckService.loadOrderItems.dwr HTTP/1.1" 200 367
124.78.155.10 - - [01/Apr/2023:08:42:31 +0800] "POST /xingrg/load_menu.html HTTP/1.1" 200 5138
222.70.182.87 - - [01/Apr/2023:08:42:32 +0800] "POST /xingrg/kc/base/check_list_operate.html HTTP/1.1" 200 4
114.83.220.119 - - [01/Apr/2023:08:42:33 +0800] "POST /xingrg/kc/report/common_data.html?type=materiel_category_tree HTTP/1.1" 200 3921
116.224.158.100 - - [01/Apr/2023:08:42:33 +0800] "GET /xingrg/kc/base/check_order_info.html?code=452023033100471 HTTP/1.1" 200 22854
116.224.158.100 - - [01/Apr/2023:08:42:33 +0800] "GET /xingrg/dwr/interface/AjaxComOrderService.js HTTP/1.1" 200 18264
116.224.158.100 - - [01/Apr/2023:08:42:33 +0800] "GET /xingrg/dwr/interface/AjaxCheckService.js HTTP/1.1" 200 14003
116.224.158.100 - - [01/Apr/2023:08:42:33 +0800] "GET /xingrg/dwr/engine.js HTTP/1.1" 200 43631
116.224.158.100 - - [01/Apr/2023:08:42:33 +0800] "POST /xingrg/dwr/call/plaincall/AjaxCheckService.loadOrderItems.dwr HTTP/1.1" 200 10126
222.70.182.87 - - [01/Apr/2023:08:42:34 +0800] "POST /xingrg/kc/base/check_list_operate.html HTTP/1.1" 200 4531
124.78.155.10 - - [01/Apr/2023:08:42:38 +0800] "GET /xingrg/kc/base/base_main.html HTTP/1.1" 200 12142
114.83.220.119 - - [01/Apr/2023:08:42:38 +0800] "POST /xingrg/dwr/call/plaincall/AjaxCheckService.importOrderItems.dwr HTTP/1.1" 200 78
124.78.155.10 - - [01/Apr/2023:08:42:40 +0800] "GET /xingrg/kc/base/check_order_list.html HTTP/1.1" 200 16217
124.78.155.10 - - [01/Apr/2023:08:42:41 +0800] "POST /xingrg/kc/base/check_list_operate.html HTTP/1.1" 200 4733
114.83.220.119 - - [01/Apr/2023:08:42:41 +0800] "POST /xingrg/dwr/call/plaincall/AjaxCheckService.loadOrderItems.dwr HTTP/1.1" 200 124517
114.83.220.119 - - [01/Apr/2023:08:42:43 +0800] "GET /xingrg/kc/print/load_config.html?_=1680309760440&kc_code=check HTTP/1.1" 200 2488
116.224.158.100 - - [01/Apr/2023:08:42:43 +0800] "GET /xingrg/all/function/internal_message.html?_=1680309765842&CODE_STATE=getMsg HTTP/1.1" 200 27
114.83.220.119 - - [01/Apr/2023:08:42:44 +0800] "GET /xingrg/kc/print/load_data.html?_=1680309760532&order_code=452023040100021&kc_code=check&condition= HTTP/1.1" 200 32415
116.224.158.100 - - [01/Apr/2023:08:42:53 +0800] "GET /xingrg/kc/base/check_order_list.html HTTP/1.1" 200 16217
116.224.158.100 - - [01/Apr/2023:08:42:53 +0800] "POST /xingrg/kc/base/check_list_operate.html HTTP/1.1" 200 4450
114.83.220.119 - - [01/Apr/2023:08:42:55 +0800] "GET /xingrg/kc/base/check_order_list.html?isBack=1 HTTP/1.1" 200 16223
114.83.220.119 - - [01/Apr/2023:08:42:56 +0800] "POST /xingrg/kc/base/check_list_operate.html HTTP/1.1" 200 4796
114.83.220.119 - - [01/Apr/2023:08:42:57 +0800] "GET /xingrg/kc/base/check_order_add.html HTTP/1.1" 200 26520
114.83.220.119 - - [01/Apr/2023:08:42:57 +0800] "GET /xingrg/dwr/interface/AjaxComOrderService.js HTTP/1.1" 200 18264
114.83.220.119 - - [01/Apr/2023:08:42:57 +0800] "GET /xingrg/dwr/interface/AjaxCheckService.js HTTP/1.1" 200 14003
114.83.220.119 - - [01/Apr/2023:08:42:57 +0800] "GET /xingrg/dwr/engine.js HTTP/1.1" 200 43631
116.228.172.94 - - [01/Apr/2023:08:42:59 +0800] "GET /xingrg/all/function/internal_message.html?_=1680309712750&CODE_STATE=getMsg HTTP/1.1" 200 27
58.39.110.54 - - [01/Apr/2023:08:42:59 +0800] "GET /xingrg/all/function/internal_message.html?_=1680309780447&CODE_STATE=getMsg HTTP/1.1" 200 27
222.70.182.87 - - [01/Apr/2023:08:43:04 +0800] "GET /xingrg/all/function/internal_message.html?_=1680309782836&CODE_STATE=getMsg HTTP/1.1" 200 27
116.227.208.255 - - [01/Apr/2023:08:43:05 +0800] "GET /xingrg/check_reg.html?_=1680309880015 HTTP/1.1" 200 22
116.227.208.255 - - [01/Apr/2023:08:43:05 +0800] "GET /xingrg/all/function/internal_message.html?_=1680309880019&CODE_STATE=getMsg HTTP/1.1" 200 27
222.70.182.87 - - [01/Apr/2023:08:43:06 +0800] "GET /xingrg/kc/base/check_order_add.html HTTP/1.1" 200 26362
222.70.182.87 - - [01/Apr/2023:08:43:06 +0800] "GET /xingrg/dwr/interface/AjaxComOrderService.js HTTP/1.1" 200 18264
222.70.182.87 - - [01/Apr/2023:08:43:06 +0800] "GET /xingrg/dwr/interface/AjaxCheckService.js HTTP/1.1" 200 14003
222.70.182.87 - - [01/Apr/2023:08:43:06 +0800] "GET /xingrg/dwr/util.js HTTP/1.1" 200 35990
222.70.182.87 - - [01/Apr/2023:08:43:06 +0800] "GET /xingrg/dwr/engine.js HTTP/1.1" 200 43631
114.83.220.119 - - [01/Apr/2023:08:43:12 +0800] "POST /xingrg/dwr/call/plaincall/AjaxCheckService.saveOrder.dwr HTTP/1.1" 200 78
172.20.0.100 - - [01/Apr/2023:08:43:14 +0800] "GET /xingrg/check_reg.html?_=1680309809812 HTTP/1.1" 302 -
114.83.220.119 - - [01/Apr/2023:08:43:14 +0800] "POST /xingrg/dwr/call/plaincall/AjaxCheckService.loadOrderItems.dwr HTTP/1.1" 200 367
172.20.0.100 - - [01/Apr/2023:08:43:14 +0800] "GET /xingrg/check_reg.html?_=1680309810330 HTTP/1.1" 302 -
172.20.0.100 - - [01/Apr/2023:08:43:15 +0800] "GET /xingrg/check_reg.html?_=1680309810736 HTTP/1.1" 302 -
116.224.158.100 - - [01/Apr/2023:08:43:15 +0800] "GET /xingrg/kc/base/check_order_info.html?code=452023033100470 HTTP/1.1" 200 26551
116.224.158.100 - - [01/Apr/2023:08:43:15 +0800] "GET /xingrg/dwr/interface/AjaxComOrderService.js HTTP/1.1" 200 18264
116.224.158.100 - - [01/Apr/2023:08:43:15 +0800] "GET /xingrg/dwr/interface/AjaxCheckService.js HTTP/1.1" 200 14003
116.224.158.100 - - [01/Apr/2023:08:43:15 +0800] "GET /xingrg/dwr/engine.js HTTP/1.1" 200 43631
114.83.222.182 - - [01/Apr/2023:08:43:15 +0800] "GET /xingrg/check_reg.html?_=1680309873599 HTTP/1.1" 200 22
114.83.222.182 - - [01/Apr/2023:08:43:15 +0800] "GET /xingrg/all/function/internal_message.html?_=1680309873600&CODE_STATE=getMsg HTTP/1.1" 200 27
116.224.158.100 - - [01/Apr/2023:08:43:15 +0800] "POST /xingrg/dwr/call/plaincall/AjaxCheckService.loadOrderItems.dwr HTTP/1.1" 200 15563
114.83.220.119 - - [01/Apr/2023:08:43:16 +0800] "POST /xingrg/kc/report/common_data.html?type=materiel_category_tree HTTP/1.1" 200 3921
101.229.172.229 - - [01/Apr/2023:08:43:18 +0800] "GET /xingrg/all/function/internal_message.html?_=1680309807461&CODE_STATE=getMsg HTTP/1.1" 200 27
114.83.220.119 - - [01/Apr/2023:08:43:22 +0800] "POST /xingrg/dwr/call/plaincall/AjaxCheckService.importOrderItems.dwr HTTP/1.1" 200 78
116.238.139.35 - - [01/Apr/2023:08:43:23 +0800] "GET /xingrg/all/function/internal_message.html?_=1680309719398&CODE_STATE=getMsg HTTP/1.1" 200 27
114.83.220.119 - - [01/Apr/2023:08:43:24 +0800] "POST /xingrg/dwr/call/plaincall/AjaxCheckService.loadOrderItems.dwr HTTP/1.1" 200 6976
222.70.172.107 - - [01/Apr/2023:08:43:25 +0800] "GET /xingrg/check_reg.html?_=1680309827174 HTTP/1.1" 200 22
116.224.158.100 - - [01/Apr/2023:08:43:26 +0800] "POST /xingrg/dwr/call/plaincall/AjaxCheckService.setItemNumber.dwr HTTP/1.1" 200 76
222.70.172.107 - - [01/Apr/2023:08:43:27 +0800] "GET /xingrg/all/function/internal_message.html?_=1680309828844&CODE_STATE=getMsg HTTP/1.1" 200 27
116.224.158.100 - - [01/Apr/2023:08:43:27 +0800] "POST /xingrg/dwr/call/plaincall/AjaxCheckService.setItemNumber.dwr HTTP/1.1" 200 76
116.224.158.100 - - [01/Apr/2023:08:43:28 +0800] "POST /xingrg/dwr/call/plaincall/AjaxCheckService.setItemNumber.dwr HTTP/1.1" 200 76
114.83.220.119 - - [01/Apr/2023:08:43:29 +0800] "GET /xingrg/kc/print/load_config.html?_=1680309806290&kc_code=check HTTP/1.1" 200 2488
114.83.220.119 - - [01/Apr/2023:08:43:30 +0800] "GET /xingrg/kc/print/load_data.html?_=1680309806377&order_code=452023040100022&kc_code=check&condition= HTTP/1.1" 200 2097
116.224.158.100 - - [01/Apr/2023:08:43:30 +0800] "POST /xingrg/dwr/call/plaincall/AjaxCheckService.setItemNumber.dwr HTTP/1.1" 200 76
180.163.28.68 - - [01/Apr/2023:08:43:31 +0800] "GET /xingrg/all/function/internal_message.html?_=1680309752878&CODE_STATE=count HTTP/1.1" 302 -
180.163.29.79 - - [01/Apr/2023:08:43:31 +0800] "GET /xingrg/check_reg.html?_=1680309752880 HTTP/1.1" 302 -
180.163.28.68 - - [01/Apr/2023:08:43:31 +0800] "GET /xingrg/login.html HTTP/1.1" 200 7641
124.78.155.10 - - [01/Apr/2023:08:43:31 +0800] "GET /xingrg/all/function/internal_message.html?_=1680309812896&CODE_STATE=getMsg HTTP/1.1" 200 27
180.163.29.79 - - [01/Apr/2023:08:43:31 +0800] "GET /xingrg/login.html HTTP/1.1" 200 7641
116.224.158.100 - - [01/Apr/2023:08:43:31 +0800] "POST /xingrg/dwr/call/plaincall/AjaxCheckService.setItemNumber.dwr HTTP/1.1" 200 76
116.224.158.100 - - [01/Apr/2023:08:43:32 +0800] "POST /xingrg/dwr/call/plaincall/AjaxCheckService.setItemNumber.dwr HTTP/1.1" 200 76
116.224.158.100 - - [01/Apr/2023:08:43:33 +0800] "POST /xingrg/dwr/call/plaincall/AjaxCheckService.setItemNumber.dwr HTTP/1.1" 200 76
114.83.220.119 - - [01/Apr/2023:08:43:34 +0800] "GET /xingrg/kc/base/check_order_list.html?isBack=1 HTTP/1.1" 200 16223
114.83.220.119 - - [01/Apr/2023:08:43:34 +0800] "POST /xingrg/kc/base/check_list_operate.html HTTP/1.1" 200 4793
116.224.158.100 - - [01/Apr/2023:08:43:36 +0800] "POST /xingrg/dwr/call/plaincall/AjaxCheckService.setItemNumber.dwr HTTP/1.1" 200 76
114.83.220.119 - - [01/Apr/2023:08:43:36 +0800] "GET /xingrg/kc/base/check_order_add.html HTTP/1.1" 200 26520
114.83.220.119 - - [01/Apr/2023:08:43:36 +0800] "GET /xingrg/dwr/interface/AjaxComOrderService.js HTTP/1.1" 200 18264
114.83.220.119 - - [01/Apr/2023:08:43:36 +0800] "GET /xingrg/dwr/interface/AjaxCheckService.js HTTP/1.1" 200 14003
114.83.220.119 - - [01/Apr/2023:08:43:36 +0800] "GET /xingrg/dwr/engine.js HTTP/1.1" 200 43631
116.224.158.100 - - [01/Apr/2023:08:43:36 +0800] "POST /xingrg/dwr/call/plaincall/AjaxCheckService.setItemNumber.dwr HTTP/1.1" 200 76
116.224.158.100 - - [01/Apr/2023:08:43:37 +0800] "POST /xingrg/dwr/call/plaincall/AjaxCheckService.setItemNumber.dwr HTTP/1.1" 200 77
116.224.158.100 - - [01/Apr/2023:08:43:37 +0800] "POST /xingrg/dwr/call/plaincall/AjaxCheckService.setItemNumber.dwr HTTP/1.1" 200 77
116.224.158.100 - - [01/Apr/2023:08:43:38 +0800] "POST /xingrg/dwr/call/plaincall/AjaxCheckService.setItemNumber.dwr HTTP/1.1" 200 77
116.224.158.100 - - [01/Apr/2023:08:43:39 +0800] "POST /xingrg/dwr/call/plaincall/AjaxCheckService.setItemNumber.dwr HTTP/1.1" 200 77
116.224.158.100 - - [01/Apr/2023:08:43:41 +0800] "POST /xingrg/dwr/call/plaincall/AjaxCheckService.setItemNumber.dwr HTTP/1.1" 200 77
116.227.208.255 - - [01/Apr/2023:08:43:41 +0800] "GET /xingrg/kc/buy/cgsh_order_operate.html?command=get_materiel&rest_code=00155&code=00101009004&supplier_code=00100037&order_time=2023-04-01 HTTP/1.1" 200 409
116.224.158.100 - - [01/Apr/2023:08:43:43 +0800] "GET /xingrg/all/function/internal_message.html?_=1680309825820&CODE_STATE=getMsg HTTP/1.1" 200 27
114.83.220.119 - - [01/Apr/2023:08:43:46 +0800] "POST /xingrg/dwr/call/plaincall/AjaxCheckService.saveOrder.dwr HTTP/1.1" 200 78
114.83.220.119 - - [01/Apr/2023:08:43:48 +0800] "POST /xingrg/dwr/call/plaincall/AjaxCheckService.loadOrderItems.dwr HTTP/1.1" 200 367
116.224.158.100 - - [01/Apr/2023:08:43:48 +0800] "POST /xingrg/dwr/call/plaincall/AjaxCheckService.setItemNumber.dwr HTTP/1.1" 200 77
116.224.158.100 - - [01/Apr/2023:08:43:49 +0800] "POST /xingrg/dwr/call/plaincall/AjaxCheckService.setItemNumber.dwr HTTP/1.1" 200 77
116.224.158.100 - - [01/Apr/2023:08:43:50 +0800] "POST /xingrg/dwr/call/plaincall/AjaxCheckService.setItemNumber.dwr HTTP/1.1" 200 77
114.83.220.119 - - [01/Apr/2023:08:43:51 +0800] "POST /xingrg/kc/report/common_data.html?type=materiel_category_tree HTTP/1.1" 200 3921
116.227.208.255 - - [01/Apr/2023:08:43:51 +0800] "GET /xingrg/kc/buy/cgsh_order_operate.html?command=get_materiel&rest_code=00155&code=00101009079&supplier_code=00100037&order_time=2023-04-01 HTTP/1.1" 200 409
116.224.158.100 - - [01/Apr/2023:08:43:52 +0800] "POST /xingrg/dwr/call/plaincall/AjaxCheckService.setItemNumber.dwr HTTP/1.1" 200 77
116.224.158.100 - - [01/Apr/2023:08:43:54 +0800] "POST /xingrg/dwr/call/plaincall/AjaxCheckService.setItemNumber.dwr HTTP/1.1" 200 77
116.224.158.100 - - [01/Apr/2023:08:43:54 +0800] "POST /xingrg/dwr/call/plaincall/AjaxCheckService.setItemNumber.dwr HTTP/1.1" 200 77
101.229.172.229 - - [01/Apr/2023:08:43:55 +0800] "POST /xingrg/dwr/call/plaincall/AjaxCheckService.setItemNumber.dwr HTTP/1.1" 200 77
116.224.158.100 - - [01/Apr/2023:08:43:56 +0800] "POST /xingrg/dwr/call/plaincall/AjaxCheckService.setItemNumber.dwr HTTP/1.1" 200 77
124.78.155.10 - - [01/Apr/2023:08:43:57 +0800] "POST /xingrg/kc/base/check_list_operate.html HTTP/1.1" 200 2087
114.83.220.119 - - [01/Apr/2023:08:43:57 +0800] "POST /xingrg/dwr/call/plaincall/AjaxCheckService.importOrderItems.dwr HTTP/1.1" 200 78
116.227.208.255 - - [01/Apr/2023:08:43:58 +0800] "GET /xingrg/kc/buy/cgsh_order_operate.html?command=get_materiel&rest_code=00155&code=00101009113&supplier_code=00100037&order_time=2023-04-01 HTTP/1.1" 200 412
114.83.220.119 - - [01/Apr/2023:08:43:58 +0800] "POST /xingrg/dwr/call/plaincall/AjaxCheckService.loadOrderItems.dwr HTTP/1.1" 200 9870
116.228.172.94 - - [01/Apr/2023:08:43:59 +0800] "GET /xingrg/all/function/internal_message.html?_=1680309772766&CODE_STATE=getMsg HTTP/1.1" 200 27
58.39.110.54 - - [01/Apr/2023:08:43:59 +0800] "GET /xingrg/all/function/internal_message.html?_=1680309840421&CODE_STATE=getMsg HTTP/1.1" 200 27
58.39.110.54 - - [01/Apr/2023:08:44:00 +0800] "GET /xingrg/check_reg.html?_=1680309840869 HTTP/1.1" 200 22
114.83.220.119 - - [01/Apr/2023:08:44:00 +0800] "GET /xingrg/kc/print/load_config.html?_=1680309837352&kc_code=check HTTP/1.1" 200 2488
222.70.182.87 - - [01/Apr/2023:08:44:04 +0800] "GET /xingrg/all/function/internal_message.html?_=1680309842843&CODE_STATE=getMsg HTTP/1.1" 200 27
116.227.208.255 - - [01/Apr/2023:08:44:05 +0800] "GET /xingrg/all/function/internal_message.html?_=1680309940011&CODE_STATE=getMsg HTTP/1.1" 200 27
116.224.158.100 - - [01/Apr/2023:08:44:05 +0800] "POST /xingrg/dwr/call/plaincall/AjaxCheckService.checkOrder.dwr HTTP/1.1" 200 79
124.78.155.10 - - [01/Apr/2023:08:44:05 +0800] "POST /xingrg/kc/base/check_list_operate.html HTTP/1.1" 200 5263
114.83.220.119 - - [01/Apr/2023:08:44:05 +0800] "GET /xingrg/kc/print/load_data.html?_=1680309837434&order_code=452023040100024&kc_code=check&condition= HTTP/1.1" 200 2668
116.224.158.100 - - [01/Apr/2023:08:44:07 +0800] "GET /xingrg/kc/base/check_order_info.html?code=452023033100470 HTTP/1.1" 200 22854
116.224.158.100 - - [01/Apr/2023:08:44:07 +0800] "GET /xingrg/dwr/interface/AjaxComOrderService.js HTTP/1.1" 200 18264
116.224.158.100 - - [01/Apr/2023:08:44:07 +0800] "GET /xingrg/dwr/interface/AjaxCheckService.js HTTP/1.1" 200 14003
116.224.158.100 - - [01/Apr/2023:08:44:07 +0800] "GET /xingrg/dwr/engine.js HTTP/1.1" 200 43631
116.227.208.255 - - [01/Apr/2023:08:44:08 +0800] "GET /xingrg/kc/buy/cgsh_order_operate.html?command=get_materiel&rest_code=00155&code=00101019969&supplier_code=00100037&order_time=2023-04-01 HTTP/1.1" 200 414
116.224.158.100 - - [01/Apr/2023:08:44:08 +0800] "POST /xingrg/dwr/call/plaincall/AjaxCheckService.loadOrderItems.dwr HTTP/1.1" 200 7003
124.78.155.10 - - [01/Apr/2023:08:44:08 +0800] "GET /xingrg/kc/base/check_order_info.html?code=452023033100494 HTTP/1.1" 200 22868
124.78.155.10 - - [01/Apr/2023:08:44:08 +0800] "GET /xingrg/dwr/interface/AjaxComOrderService.js HTTP/1.1" 200 18264
124.78.155.10 - - [01/Apr/2023:08:44:08 +0800] "GET /xingrg/dwr/interface/AjaxCheckService.js HTTP/1.1" 200 14003
124.78.155.10 - - [01/Apr/2023:08:44:08 +0800] "GET /xingrg/dwr/engine.js HTTP/1.1" 200 43631
124.78.155.10 - - [01/Apr/2023:08:44:08 +0800] "GET /xingrg/dwr/util.js HTTP/1.1" 200 35990
124.78.155.10 - - [01/Apr/2023:08:44:11 +0800] "POST /xingrg/dwr/call/plaincall/AjaxCheckService.loadOrderItems.dwr HTTP/1.1" 200 3104
114.83.220.119 - - [01/Apr/2023:08:44:12 +0800] "GET /xingrg/kc/base/check_order_list.html?isBack=1 HTTP/1.1" 200 16223
114.83.220.119 - - [01/Apr/2023:08:44:12 +0800] "POST /xingrg/kc/base/check_list_operate.html HTTP/1.1" 200 4793
114.83.220.119 - - [01/Apr/2023:08:44:14 +0800] "GET /xingrg/kc/base/check_order_add.html HTTP/1.1" 200 26520
114.83.220.119 - - [01/Apr/2023:08:44:14 +0800] "GET /xingrg/dwr/interface/AjaxComOrderService.js HTTP/1.1" 200 18264
114.83.220.119 - - [01/Apr/2023:08:44:14 +0800] "GET /xingrg/dwr/interface/AjaxCheckService.js HTTP/1.1" 200 14003
114.83.220.119 - - [01/Apr/2023:08:44:14 +0800] "GET /xingrg/dwr/engine.js HTTP/1.1" 200 43631
114.83.222.182 - - [01/Apr/2023:08:44:15 +0800] "GET /xingrg/all/function/internal_message.html?_=1680309933602&CODE_STATE=getMsg HTTP/1.1" 200 27
101.229.172.229 - - [01/Apr/2023:08:44:18 +0800] "GET /xingrg/all/function/internal_message.html?_=1680309867456&CODE_STATE=getMsg HTTP/1.1" 200 27
116.227.208.255 - - [01/Apr/2023:08:44:18 +0800] "GET /xingrg/kc/buy/cgsh_order_operate.html?command=get_materiel&rest_code=00155&code=00101009011&supplier_code=00100037&order_time=2023-04-01 HTTP/1.1" 200 416
114.83.220.119 - - [01/Apr/2023:08:44:23 +0800] "GET /xingrg/all/function/internal_message.html?_=1680309860436&CODE_STATE=getMsg HTTP/1.1" 200 27
116.238.139.35 - - [01/Apr/2023:08:44:23 +0800] "GET /xingrg/all/function/internal_message.html?_=1680309779467&CODE_STATE=getMsg HTTP/1.1" 200 27
116.227.208.255 - - [01/Apr/2023:08:44:24 +0800] "GET /xingrg/kc/buy/cgsh_order_operate.html?command=get_materiel&rest_code=00155&code=00101011013&supplier_code=00100037&order_time=2023-04-01 HTTP/1.1" 200 413
222.70.172.107 - - [01/Apr/2023:08:44:27 +0800] "GET /xingrg/all/function/internal_message.html?_=1680309888853&CODE_STATE=getMsg HTTP/1.1" 200 27
124.78.155.10 - - [01/Apr/2023:08:44:31 +0800] "GET /xingrg/all/function/internal_message.html?_=1680309872889&CODE_STATE=getMsg HTTP/1.1" 200 27
114.83.220.119 - - [01/Apr/2023:08:44:32 +0800] "POST /xingrg/dwr/call/plaincall/AjaxCheckService.saveOrder.dwr HTTP/1.1" 200 78
116.227.208.255 - - [01/Apr/2023:08:44:33 +0800] "GET /xingrg/kc/buy/cgsh_order_operate.html?command=get_materiel&rest_code=00155&code=00101011001&supplier_code=00100037&order_time=2023-04-01 HTTP/1.1" 200 423
114.83.220.119 - - [01/Apr/2023:08:44:33 +0800] "POST /xingrg/dwr/call/plaincall/AjaxCheckService.loadOrderItems.dwr HTTP/1.1" 200 367
114.83.220.119 - - [01/Apr/2023:08:44:38 +0800] "POST /xingrg/kc/report/common_data.html?type=materiel_category_tree HTTP/1.1" 200 3921
116.224.158.100 - - [01/Apr/2023:08:44:38 +0800] "GET /xingrg/kc/base/check_order_list.html HTTP/1.1" 200 16217
116.224.158.100 - - [01/Apr/2023:08:44:39 +0800] "POST /xingrg/kc/base/check_list_operate.html HTTP/1.1" 200 4131
116.227.208.255 - - [01/Apr/2023:08:44:41 +0800] "GET /xingrg/kc/buy/cgsh_order_operate.html?command=get_materiel&rest_code=00155&code=00101012032&supplier_code=00100037&order_time=2023-04-01 HTTP/1.1" 200 416
116.224.158.100 - - [01/Apr/2023:08:44:42 +0800] "GET /xingrg/kc/base/check_order_info.html?code=452023033100467 HTTP/1.1" 200 26551
116.224.158.100 - - [01/Apr/2023:08:44:42 +0800] "GET /xingrg/dwr/interface/AjaxComOrderService.js HTTP/1.1" 200 18264
116.224.158.100 - - [01/Apr/2023:08:44:42 +0800] "GET /xingrg/dwr/interface/AjaxCheckService.js HTTP/1.1" 200 14003
116.224.158.100 - - [01/Apr/2023:08:44:42 +0800] "GET /xingrg/dwr/engine.js HTTP/1.1" 200 43631
116.224.158.100 - - [01/Apr/2023:08:44:43 +0800] "POST /xingrg/dwr/call/plaincall/AjaxCheckService.loadOrderItems.dwr HTTP/1.1" 200 203130
116.224.158.100 - - [01/Apr/2023:08:44:43 +0800] "GET /xingrg/all/function/internal_message.html?_=1680309885791&CODE_STATE=getMsg HTTP/1.1" 200 27
114.83.220.119 - - [01/Apr/2023:08:44:44 +0800] "POST /xingrg/dwr/call/plaincall/AjaxCheckService.importOrderItems.dwr HTTP/1.1" 200 78
114.83.220.119 - - [01/Apr/2023:08:44:46 +0800] "POST /xingrg/dwr/call/plaincall/AjaxCheckService.loadOrderItems.dwr HTTP/1.1" 200 2917
114.83.220.119 - - [01/Apr/2023:08:44:47 +0800] "GET /xingrg/kc/print/load_config.html?_=1680309884576&kc_code=check HTTP/1.1" 200 2488
114.83.220.119 - - [01/Apr/2023:08:44:48 +0800] "GET /xingrg/kc/print/load_data.html?_=1680309884659&order_code=452023040100025&kc_code=check&condition= HTTP/1.1" 200 941
116.224.158.100 - - [01/Apr/2023:08:44:49 +0800] "POST /xingrg/dwr/call/plaincall/AjaxCheckService.setItemNumber.dwr HTTP/1.1" 200 76
116.224.158.100 - - [01/Apr/2023:08:44:50 +0800] "POST /xingrg/dwr/call/plaincall/AjaxCheckService.setItemNumber.dwr HTTP/1.1" 200 76
124.78.155.10 - - [01/Apr/2023:08:44:50 +0800] "GET /xingrg/kc/base/check_order_info.html?code=452023033100485 HTTP/1.1" 200 26484
124.78.155.10 - - [01/Apr/2023:08:44:50 +0800] "GET /xingrg/dwr/interface/AjaxComOrderService.js HTTP/1.1" 200 18264
124.78.155.10 - - [01/Apr/2023:08:44:50 +0800] "GET /xingrg/dwr/interface/AjaxCheckService.js HTTP/1.1" 200 14003
124.78.155.10 - - [01/Apr/2023:08:44:50 +0800] "GET /xingrg/dwr/engine.js HTTP/1.1" 200 43631
116.224.158.100 - - [01/Apr/2023:08:44:51 +0800] "POST /xingrg/dwr/call/plaincall/AjaxCheckService.setItemNumber.dwr HTTP/1.1" 200 76
116.227.208.255 - - [01/Apr/2023:08:44:51 +0800] "GET /xingrg/kc/buy/cgsh_order_operate.html?command=get_materiel&rest_code=00155&code=00101016025&supplier_code=00100037&order_time=2023-04-01 HTTP/1.1" 200 408
124.78.155.10 - - [01/Apr/2023:08:44:51 +0800] "POST /xingrg/dwr/call/plaincall/AjaxCheckService.loadOrderItems.dwr HTTP/1.1" 200 78777
116.224.158.100 - - [01/Apr/2023:08:44:51 +0800] "POST /xingrg/dwr/call/plaincall/AjaxCheckService.setItemNumber.dwr HTTP/1.1" 200 76
116.224.158.100 - - [01/Apr/2023:08:44:52 +0800] "POST /xingrg/dwr/call/plaincall/AjaxCheckService.setItemNumber.dwr HTTP/1.1" 200 76
116.224.158.100 - - [01/Apr/2023:08:44:53 +0800] "POST /xingrg/dwr/call/plaincall/AjaxCheckService.setItemNumber.dwr HTTP/1.1" 200 76
114.83.220.119 - - [01/Apr/2023:08:44:53 +0800] "GET /xingrg/kc/base/check_order_list.html?isBack=1 HTTP/1.1" 200 16223
114.83.220.119 - - [01/Apr/2023:08:44:53 +0800] "POST /xingrg/kc/base/check_list_operate.html HTTP/1.1" 200 4793
116.224.158.100 - - [01/Apr/2023:08:44:54 +0800] "POST /xingrg/dwr/call/plaincall/AjaxCheckService.setItemNumber.dwr HTTP/1.1" 200 76
116.224.158.100 - - [01/Apr/2023:08:44:54 +0800] "POST /xingrg/dwr/call/plaincall/AjaxCheckService.setItemNumber.dwr HTTP/1.1" 200 76
114.83.220.119 - - [01/Apr/2023:08:44:55 +0800] "GET /xingrg/kc/base/check_order_add.html HTTP/1.1" 200 26520
114.83.220.119 - - [01/Apr/2023:08:44:55 +0800] "GET /xingrg/dwr/interface/AjaxComOrderService.js HTTP/1.1" 200 18264
114.83.220.119 - - [01/Apr/2023:08:44:55 +0800] "GET /xingrg/dwr/interface/AjaxCheckService.js HTTP/1.1" 200 14003
114.83.220.119 - - [01/Apr/2023:08:44:55 +0800] "GET /xingrg/dwr/engine.js HTTP/1.1" 200 43631
124.78.155.10 - - [01/Apr/2023:08:44:56 +0800] "POST /xingrg/dwr/call/plaincall/AjaxCheckService.setItemNumber.dwr HTTP/1.1" 200 76
116.224.158.100 - - [01/Apr/2023:08:44:56 +0800] "POST /xingrg/dwr/call/plaincall/AjaxCheckService.setItemNumber.dwr HTTP/1.1" 200 76
124.78.155.10 - - [01/Apr/2023:08:44:57 +0800] "POST /xingrg/dwr/call/plaincall/AjaxCheckService.setItemNumber.dwr HTTP/1.1" 200 76
116.224.158.100 - - [01/Apr/2023:08:44:58 +0800] "POST /xingrg/dwr/call/plaincall/AjaxCheckService.setItemNumber.dwr HTTP/1.1" 200 77
