124.78.155.10 - - [01/Apr/2023:09:50:45 +0800] "POST /xingrg/dwr/call/plaincall/AjaxCheckService.setItemNumber.dwr HTTP/1.1" 200 77
116.227.208.255 - - [01/Apr/2023:09:50:45 +0800] "GET /xingrg/index.html?sysBaseUrl=http%3A%2F%2F180.169.147.146%3A18081%2Fxingrg%2F&costTime=235×tamp=1680313313881 HTTP/1.1" 200 17179
116.227.208.255 - - [01/Apr/2023:09:50:45 +0800] "GET /xingrg/javascript/jquery_easy_ui/themes/default/easyui.css HTTP/1.1" 304 -
116.227.208.255 - - [01/Apr/2023:09:50:45 +0800] "GET /xingrg/kc/buy/cgsh_order_list.html HTTP/1.1" 200 8212
116.227.208.255 - - [01/Apr/2023:09:50:45 +0800] "GET /xingrg/javascript/jquery_easy_ui/themes/icon.css HTTP/1.1" 304 -
116.227.208.255 - - [01/Apr/2023:09:50:45 +0800] "GET /xingrg/css/form.css HTTP/1.1" 304 -
116.227.208.255 - - [01/Apr/2023:09:50:45 +0800] "GET /xingrg/javascript/jquery-1.4.2.min.js HTTP/1.1" 304 -
116.224.158.100 - - [01/Apr/2023:09:50:45 +0800] "POST /xingrg/dwr/call/plaincall/AjaxCheckService.setItemNumber.dwr HTTP/1.1" 200 77
116.227.208.255 - - [01/Apr/2023:09:50:45 +0800] "GET /xingrg/javascript/jquery_easy_ui/jquery.easyui.min.js HTTP/1.1" 304 -
116.227.208.255 - - [01/Apr/2023:09:50:45 +0800] "GET /xingrg/javascript/jquery_easy_ui/easyui-lang-zh_CN.js HTTP/1.1" 304 -
116.227.208.255 - - [01/Apr/2023:09:50:45 +0800] "GET /xingrg/javascript/jquery.form.js HTTP/1.1" 304 -
116.227.208.255 - - [01/Apr/2023:09:50:45 +0800] "GET /xingrg/javascript/jquery.utils.js HTTP/1.1" 304 -
116.227.208.255 - - [01/Apr/2023:09:50:45 +0800] "GET /xingrg/javascript/jquery.timers.js HTTP/1.1" 304 -
116.227.208.255 - - [01/Apr/2023:09:50:45 +0800] "GET /xingrg/images/blue/jxLogo.png HTTP/1.1" 304 -
116.227.208.255 - - [01/Apr/2023:09:50:45 +0800] "GET /xingrg/javascript/jquery_easy_ui/themes/icons/settle_new.png HTTP/1.1" 304 -
116.227.208.255 - - [01/Apr/2023:09:50:45 +0800] "GET /xingrg/images/blue/navBackgound.jpg HTTP/1.1" 304 -
116.227.208.255 - - [01/Apr/2023:09:50:46 +0800] "GET /xingrg/all/function/internal_message.html?_=1680313940497&CODE_STATE=count HTTP/1.1" 200 11
116.227.208.255 - - [01/Apr/2023:09:50:46 +0800] "GET /xingrg/check_reg.html?_=1680313940498 HTTP/1.1" 200 22
116.227.208.255 - - [01/Apr/2023:09:50:46 +0800] "GET /xingrg/javascript/jquery_easy_ui/themes/default/images/tabs_rightarrow.png HTTP/1.1" 304 -
116.227.208.255 - - [01/Apr/2023:09:50:46 +0800] "GET /xingrg/javascript/jquery_easy_ui/themes/default/images/tabs_leftarrow.png HTTP/1.1" 304 -
116.227.208.255 - - [01/Apr/2023:09:50:46 +0800] "GET /xingrg/javascript/jquery_easy_ui/themes/default/images/panel_tool_collapse.gif HTTP/1.1" 304 -
116.227.208.255 - - [01/Apr/2023:09:50:46 +0800] "GET /xingrg/images/blue/pingpu.png HTTP/1.1" 304 -
222.67.232.202 - - [01/Apr/2023:09:50:46 +0800] "GET /xingrg/kc/buy/cgsh_order_operate.html?command=get_materiel&rest_code=00141&code=00101007085&supplier_code=00100004&order_time=2023-04-01 HTTP/1.1" 200 413
116.224.158.100 - - [01/Apr/2023:09:50:46 +0800] "POST /xingrg/dwr/call/plaincall/AjaxCheckService.setItemNumber.dwr HTTP/1.1" 200 77
124.78.155.10 - - [01/Apr/2023:09:50:47 +0800] "POST /xingrg/dwr/call/plaincall/AjaxCheckService.setItemNumber.dwr HTTP/1.1" 200 77
222.70.172.107 - - [01/Apr/2023:09:50:47 +0800] "GET /xingrg/all/function/internal_message.html?_=1680313869204&CODE_STATE=getMsg HTTP/1.1" 200 27
124.78.155.10 - - [01/Apr/2023:09:50:47 +0800] "POST /xingrg/dwr/call/plaincall/AjaxCheckService.setItemNumber.dwr HTTP/1.1" 200 77
116.227.208.255 - - [01/Apr/2023:09:50:48 +0800] "POST /xingrg/all/common/load_tree.html?tree=area_rest_tree_json&manage=1 HTTP/1.1" 200 479
124.78.155.10 - - [01/Apr/2023:09:50:48 +0800] "GET /xingrg/all/function/internal_message.html?_=1680313847662&CODE_STATE=getMsg HTTP/1.1" 200 27
116.227.208.255 - - [01/Apr/2023:09:50:48 +0800] "POST /xingrg/load_menu.html HTTP/1.1" 200 5138
116.224.158.100 - - [01/Apr/2023:09:50:48 +0800] "POST /xingrg/dwr/call/plaincall/AjaxCheckService.setItemNumber.dwr HTTP/1.1" 200 77
124.78.155.10 - - [01/Apr/2023:09:50:49 +0800] "POST /xingrg/dwr/call/plaincall/AjaxCheckService.setItemNumber.dwr HTTP/1.1" 200 77
124.78.155.10 - - [01/Apr/2023:09:50:49 +0800] "POST /xingrg/dwr/call/plaincall/AjaxCheckService.setItemNumber.dwr HTTP/1.1" 200 77
116.224.158.100 - - [01/Apr/2023:09:50:49 +0800] "GET /xingrg/all/function/internal_message.html?_=1680313851258&CODE_STATE=getMsg HTTP/1.1" 200 27
124.78.155.10 - - [01/Apr/2023:09:50:49 +0800] "POST /xingrg/dwr/call/plaincall/AjaxCheckService.setItemNumber.dwr HTTP/1.1" 200 77
172.20.0.100 - - [01/Apr/2023:09:50:49 +0800] "GET /xingrg/check_reg.html?_=1680313865321 HTTP/1.1" 302 -
58.40.7.146 - - [01/Apr/2023:09:50:49 +0800] "POST /xingrg/login.do HTTP/1.1" 200 2098
124.78.155.10 - - [01/Apr/2023:09:50:50 +0800] "POST /xingrg/dwr/call/plaincall/AjaxCheckService.setItemNumber.dwr HTTP/1.1" 200 77
124.78.155.10 - - [01/Apr/2023:09:50:50 +0800] "POST /xingrg/dwr/call/plaincall/AjaxCheckService.setItemNumber.dwr HTTP/1.1" 200 77
116.224.158.100 - - [01/Apr/2023:09:50:51 +0800] "POST /xingrg/dwr/call/plaincall/AjaxCheckService.setItemNumber.dwr HTTP/1.1" 200 77
116.224.158.100 - - [01/Apr/2023:09:50:51 +0800] "POST /xingrg/dwr/call/plaincall/AjaxCheckService.setItemNumber.dwr HTTP/1.1" 200 77
124.78.155.10 - - [01/Apr/2023:09:50:52 +0800] "POST /xingrg/dwr/call/plaincall/AjaxCheckService.setItemNumber.dwr HTTP/1.1" 200 77
124.78.155.10 - - [01/Apr/2023:09:50:52 +0800] "POST /xingrg/dwr/call/plaincall/AjaxCheckService.setItemNumber.dwr HTTP/1.1" 200 77
116.224.158.100 - - [01/Apr/2023:09:50:52 +0800] "POST /xingrg/dwr/call/plaincall/AjaxCheckService.setItemNumber.dwr HTTP/1.1" 200 77
116.224.158.100 - - [01/Apr/2023:09:50:53 +0800] "POST /xingrg/dwr/call/plaincall/AjaxCheckService.setItemNumber.dwr HTTP/1.1" 200 77
114.83.222.182 - - [01/Apr/2023:09:50:53 +0800] "GET /xingrg/all/function/internal_message.html?_=1680313931247&CODE_STATE=getMsg HTTP/1.1" 200 27
124.78.155.10 - - [01/Apr/2023:09:50:53 +0800] "POST /xingrg/dwr/call/plaincall/AjaxCheckService.setItemNumber.dwr HTTP/1.1" 200 77
58.40.7.146 - - [01/Apr/2023:09:50:54 +0800] "POST /xingrg/login.do HTTP/1.1" 302 -
58.40.7.146 - - [01/Apr/2023:09:50:54 +0800] "POST /xingrg/login.do HTTP/1.1" 302 -
116.224.158.100 - - [01/Apr/2023:09:50:54 +0800] "POST /xingrg/dwr/call/plaincall/AjaxCheckService.setItemNumber.dwr HTTP/1.1" 200 77
124.78.155.10 - - [01/Apr/2023:09:50:54 +0800] "POST /xingrg/dwr/call/plaincall/AjaxCheckService.setItemNumber.dwr HTTP/1.1" 200 77
124.78.155.10 - - [01/Apr/2023:09:50:54 +0800] "POST /xingrg/dwr/call/plaincall/AjaxCheckService.setItemNumber.dwr HTTP/1.1" 200 77
116.192.124.172 - - [01/Apr/2023:09:50:55 +0800] "GET /xingrg/all/function/internal_message.html?_=1680313856115&CODE_STATE=getMsg HTTP/1.1" 200 27
116.224.158.100 - - [01/Apr/2023:09:50:55 +0800] "POST /xingrg/dwr/call/plaincall/AjaxCheckService.setItemNumber.dwr HTTP/1.1" 200 77
124.78.155.10 - - [01/Apr/2023:09:50:55 +0800] "POST /xingrg/dwr/call/plaincall/AjaxCheckService.setItemNumber.dwr HTTP/1.1" 200 77
124.78.155.10 - - [01/Apr/2023:09:50:55 +0800] "POST /xingrg/dwr/call/plaincall/AjaxCheckService.setItemNumber.dwr HTTP/1.1" 200 77
180.169.147.146 - - [01/Apr/2023:09:50:55 +0800] "GET /xingrg/all/function/internal_message.html?_=1680313855308&CODE_STATE=getMsg HTTP/1.1" 200 27
124.78.155.10 - - [01/Apr/2023:09:50:55 +0800] "POST /xingrg/dwr/call/plaincall/AjaxCheckService.setItemNumber.dwr HTTP/1.1" 200 77
124.78.155.10 - - [01/Apr/2023:09:50:55 +0800] "POST /xingrg/dwr/call/plaincall/AjaxCheckService.setItemNumber.dwr HTTP/1.1" 200 77
58.40.7.146 - - [01/Apr/2023:09:50:55 +0800] "POST /xingrg/login.do HTTP/1.1" 302 -
124.78.155.10 - - [01/Apr/2023:09:50:55 +0800] "POST /xingrg/dwr/call/plaincall/AjaxCheckService.setItemNumber.dwr HTTP/1.1" 200 77
58.40.7.146 - - [01/Apr/2023:09:50:56 +0800] "POST /xingrg/login.do HTTP/1.1" 302 -
58.40.7.146 - - [01/Apr/2023:09:50:56 +0800] "GET /xingrg/javascript/jquery_easy_ui/themes/icon.css HTTP/1.1" 200 3949
58.40.7.146 - - [01/Apr/2023:09:50:56 +0800] "GET /xingrg/css/form.css HTTP/1.1" 200 893
58.40.7.146 - - [01/Apr/2023:09:50:56 +0800] "GET /xingrg/javascript/jquery_easy_ui/themes/default/easyui.css HTTP/1.1" 200 26500
58.40.7.146 - - [01/Apr/2023:09:50:56 +0800] "GET /xingrg/javascript/jquery-1.4.2.min.js HTTP/1.1" 200 72205
58.40.7.146 - - [01/Apr/2023:09:50:56 +0800] "GET /xingrg/javascript/jquery_easy_ui/jquery.easyui.min.js HTTP/1.1" 200 213662
58.40.7.146 - - [01/Apr/2023:09:50:56 +0800] "GET /xingrg/javascript/jquery_easy_ui/easyui-lang-zh_CN.js HTTP/1.1" 200 1900
58.40.7.146 - - [01/Apr/2023:09:50:56 +0800] "GET /xingrg/javascript/jquery.utils.js HTTP/1.1" 200 11805
58.40.7.146 - - [01/Apr/2023:09:50:56 +0800] "GET /xingrg/javascript/jquery.timers.js HTTP/1.1" 200 3532
58.40.7.146 - - [01/Apr/2023:09:50:56 +0800] "GET /xingrg/javascript/jquery.form.js HTTP/1.1" 200 23110
58.40.7.146 - - [01/Apr/2023:09:50:56 +0800] "GET /xingrg/index.html?sysBaseUrl=http%3A%2F%2F180.169.147.146%3A18081%2Fxingrg%2F&costTime=19476×tamp=1680313856119 HTTP/1.1" 200 17503
58.40.7.146 - - [01/Apr/2023:09:50:56 +0800] "GET /favicon.ico HTTP/1.1" 404 -
58.40.7.146 - - [01/Apr/2023:09:50:56 +0800] "GET /xingrg/images/blue/navBackgound.jpg HTTP/1.1" 200 12378
58.40.7.146 - - [01/Apr/2023:09:50:56 +0800] "GET /xingrg/javascript/jquery_easy_ui/themes/icons/settle_new.png HTTP/1.1" 200 826
58.40.7.146 - - [01/Apr/2023:09:50:56 +0800] "GET /xingrg/javascript/jquery_easy_ui/themes/default/images/tabs_rightarrow.png HTTP/1.1" 200 395
58.40.7.146 - - [01/Apr/2023:09:50:56 +0800] "GET /xingrg/images/blue/pingpu.png HTTP/1.1" 200 231
58.40.7.146 - - [01/Apr/2023:09:50:56 +0800] "GET /xingrg/javascript/jquery_easy_ui/themes/default/images/tabs_leftarrow.png HTTP/1.1" 200 389
58.40.7.146 - - [01/Apr/2023:09:50:56 +0800] "GET /xingrg/javascript/jquery_easy_ui/themes/default/images/panel_tool_collapse.gif HTTP/1.1" 200 246
58.40.7.146 - - [01/Apr/2023:09:50:56 +0800] "GET /xingrg/javascript/jquery_easy_ui/themes/default/images/panel_tool_expand.gif HTTP/1.1" 200 247
58.40.7.146 - - [01/Apr/2023:09:50:56 +0800] "GET /xingrg/check_reg.html?_=1680313856676 HTTP/1.1" 200 22
222.70.182.87 - - [01/Apr/2023:09:50:57 +0800] "GET /xingrg/all/function/internal_message.html?_=1680313971825&CODE_STATE=getMsg HTTP/1.1" 302 -
58.40.7.146 - - [01/Apr/2023:09:50:57 +0800] "GET /xingrg/all/function/internal_message.html?_=1680313856675&CODE_STATE=count HTTP/1.1" 200 11
116.224.158.100 - - [01/Apr/2023:09:50:57 +0800] "POST /xingrg/dwr/call/plaincall/AjaxCheckService.setItemNumber.dwr HTTP/1.1" 200 77
58.40.7.146 - - [01/Apr/2023:09:50:57 +0800] "POST /xingrg/all/common/load_tree.html?tree=area_rest_tree_json&manage=1 HTTP/1.1" 200 1237
58.40.7.146 - - [01/Apr/2023:09:50:57 +0800] "POST /xingrg/load_menu.html HTTP/1.1" 200 11564
124.78.155.10 - - [01/Apr/2023:09:50:57 +0800] "POST /xingrg/dwr/call/plaincall/AjaxCheckService.setItemNumber.dwr HTTP/1.1" 200 77
58.40.7.146 - - [01/Apr/2023:09:50:57 +0800] "GET /xingrg/javascript/jquery_easy_ui/themes/default/images/tree_arrows.gif HTTP/1.1" 200 1043
58.40.7.146 - - [01/Apr/2023:09:50:57 +0800] "GET /xingrg/javascript/jquery_easy_ui/themes/default/images/tree_folder_open.gif HTTP/1.1" 200 956
58.40.7.146 - - [01/Apr/2023:09:50:57 +0800] "GET /xingrg/javascript/jquery_easy_ui/themes/icons/checkout_new.png HTTP/1.1" 200 744
58.40.7.146 - - [01/Apr/2023:09:50:57 +0800] "GET /xingrg/javascript/jquery_easy_ui/themes/icons/storage_new.png HTTP/1.1" 200 853
58.40.7.146 - - [01/Apr/2023:09:50:57 +0800] "GET /xingrg/javascript/jquery_easy_ui/themes/icons/forms_new.png HTTP/1.1" 200 350
58.40.7.146 - - [01/Apr/2023:09:50:57 +0800] "GET /xingrg/javascript/jquery_easy_ui/themes/icons/search_new.png HTTP/1.1" 200 586
58.40.7.146 - - [01/Apr/2023:09:50:57 +0800] "GET /xingrg/javascript/jquery_easy_ui/themes/icons/setting_new.png HTTP/1.1" 200 450
58.40.7.146 - - [01/Apr/2023:09:50:57 +0800] "GET /xingrg/javascript/jquery_easy_ui/themes/icons/delivery_new.png HTTP/1.1" 200 700
58.40.7.146 - - [01/Apr/2023:09:50:57 +0800] "GET /xingrg/javascript/jquery_easy_ui/themes/icons/systemset_new.png HTTP/1.1" 200 606
58.40.7.146 - - [01/Apr/2023:09:50:57 +0800] "GET /xingrg/javascript/jquery_easy_ui/themes/default/images/tree_file.gif HTTP/1.1" 200 118
58.40.7.146 - - [01/Apr/2023:09:50:57 +0800] "GET /xingrg/javascript/jquery_easy_ui/themes/default/images/tree_folder.gif HTTP/1.1" 200 952
58.40.7.146 - - [01/Apr/2023:09:50:57 +0800] "POST /xingrg/login.do HTTP/1.1" 302 -
222.70.172.107 - - [01/Apr/2023:09:50:58 +0800] "GET /xingrg/kc/buy/cgsh_order_operate.html?command=get_materiel&rest_code=00146&code=00101008439&supplier_code=00100005&order_time=2023-04-01 HTTP/1.1" 200 413
116.224.158.100 - - [01/Apr/2023:09:50:58 +0800] "POST /xingrg/dwr/call/plaincall/AjaxCheckService.setItemNumber.dwr HTTP/1.1" 200 77
114.83.222.182 - - [01/Apr/2023:09:50:59 +0800] "POST /xingrg/dwr/call/plaincall/AjaxCheckService.setItemNumber.dwr HTTP/1.1" 200 76
58.40.7.146 - - [01/Apr/2023:09:50:59 +0800] "GET /xingrg/index.html?sysBaseUrl=http%3A%2F%2F180.169.147.146%3A18081%2Fxingrg%2F&costTime=15367×tamp=1680313857987 HTTP/1.1" 200 17503
58.40.7.146 - - [01/Apr/2023:09:50:59 +0800] "GET /favicon.ico HTTP/1.1" 404 -
58.40.7.146 - - [01/Apr/2023:09:50:59 +0800] "GET /xingrg/check_reg.html?_=1680313859321 HTTP/1.1" 200 22
58.40.7.146 - - [01/Apr/2023:09:50:59 +0800] "GET /xingrg/all/function/internal_message.html?_=1680313859321&CODE_STATE=count HTTP/1.1" 200 11
124.78.155.10 - - [01/Apr/2023:09:50:59 +0800] "POST /xingrg/dwr/call/plaincall/AjaxCheckService.setItemNumber.dwr HTTP/1.1" 200 77
116.228.172.94 - - [01/Apr/2023:09:50:59 +0800] "GET /xingrg/all/function/internal_message.html?_=1680313792767&CODE_STATE=getMsg HTTP/1.1" 302 -
124.78.155.10 - - [01/Apr/2023:09:51:00 +0800] "POST /xingrg/dwr/call/plaincall/AjaxCheckService.setItemNumber.dwr HTTP/1.1" 200 77
58.40.7.146 - - [01/Apr/2023:09:51:00 +0800] "POST /xingrg/all/common/load_tree.html?tree=area_rest_tree_json&manage=1 HTTP/1.1" 200 1237
58.40.7.146 - - [01/Apr/2023:09:51:00 +0800] "POST /xingrg/load_menu.html HTTP/1.1" 200 11564
116.224.158.100 - - [01/Apr/2023:09:51:00 +0800] "POST /xingrg/dwr/call/plaincall/AjaxCheckService.setItemNumber.dwr HTTP/1.1" 200 77
116.224.158.100 - - [01/Apr/2023:09:51:00 +0800] "POST /xingrg/dwr/call/plaincall/AjaxCheckService.setItemNumber.dwr HTTP/1.1" 200 77
124.78.155.10 - - [01/Apr/2023:09:51:00 +0800] "POST /xingrg/dwr/call/plaincall/AjaxCheckService.setItemNumber.dwr HTTP/1.1" 200 77
124.78.155.10 - - [01/Apr/2023:09:51:01 +0800] "POST /xingrg/dwr/call/plaincall/AjaxCheckService.setItemNumber.dwr HTTP/1.1" 200 77
124.78.155.10 - - [01/Apr/2023:09:51:01 +0800] "POST /xingrg/dwr/call/plaincall/AjaxCheckService.setItemNumber.dwr HTTP/1.1" 200 77
124.78.155.10 - - [01/Apr/2023:09:51:01 +0800] "POST /xingrg/dwr/call/plaincall/AjaxCheckService.setItemNumber.dwr HTTP/1.1" 200 77
116.224.158.100 - - [01/Apr/2023:09:51:02 +0800] "POST /xingrg/dwr/call/plaincall/AjaxCheckService.setItemNumber.dwr HTTP/1.1" 200 77
58.40.7.146 - - [01/Apr/2023:09:51:02 +0800] "GET /xingrg/javascript/jquery_easy_ui/themes/icons/manage.png HTTP/1.1" 200 696
58.40.7.146 - - [01/Apr/2023:09:51:02 +0800] "GET /xingrg/javascript/jquery_easy_ui/themes/icons/area.png HTTP/1.1" 200 262
58.40.7.146 - - [01/Apr/2023:09:51:02 +0800] "GET /xingrg/javascript/jquery_easy_ui/themes/icons/rest.png HTTP/1.1" 200 695
58.40.7.146 - - [01/Apr/2023:09:51:02 +0800] "GET /xingrg/javascript/jquery_easy_ui/themes/default/images/button_a_bg.gif HTTP/1.1" 200 1194
58.40.7.146 - - [01/Apr/2023:09:51:02 +0800] "GET /xingrg/javascript/jquery_easy_ui/themes/default/images/panel_tools.gif HTTP/1.1" 200 737
58.40.7.146 - - [01/Apr/2023:09:51:02 +0800] "GET /xingrg/javascript/jquery_easy_ui/themes/default/images/button_span_bg.gif HTTP/1.1" 200 2061
58.40.7.146 - - [01/Apr/2023:09:51:02 +0800] "GET /xingrg/javascript/jquery_easy_ui/themes/icons/ok.png HTTP/1.1" 200 883
58.40.7.146 - - [01/Apr/2023:09:51:02 +0800] "GET /xingrg/javascript/jquery_easy_ui/themes/default/images/panel_title.png HTTP/1.1" 200 266
124.78.155.10 - - [01/Apr/2023:09:51:02 +0800] "POST /xingrg/dwr/call/plaincall/AjaxCheckService.setItemNumber.dwr HTTP/1.1" 200 77
124.78.155.10 - - [01/Apr/2023:09:51:02 +0800] "POST /xingrg/dwr/call/plaincall/AjaxCheckService.setItemNumber.dwr HTTP/1.1" 200 77
114.83.222.182 - - [01/Apr/2023:09:51:03 +0800] "POST /xingrg/dwr/call/plaincall/AjaxCheckService.setItemNumber.dwr HTTP/1.1" 200 76
101.229.22.234 - - [01/Apr/2023:09:51:04 +0800] "GET /xingrg/all/function/internal_message.html?_=1680313863243&CODE_STATE=getMsg HTTP/1.1" 302 -
58.40.7.146 - - [01/Apr/2023:09:51:04 +0800] "GET /xingrg/images/control/ajaxLoader.gif HTTP/1.1" 200 4659
58.40.7.146 - - [01/Apr/2023:09:51:04 +0800] "POST /xingrg/all/user/operate.html HTTP/1.1" 200 36
116.224.158.100 - - [01/Apr/2023:09:51:04 +0800] "POST /xingrg/dwr/call/plaincall/AjaxCheckService.setItemNumber.dwr HTTP/1.1" 200 77
58.40.7.146 - - [01/Apr/2023:09:51:04 +0800] "GET /xingrg/javascript/jquery_easy_ui/themes/default/easyui.css HTTP/1.1" 304 -
58.40.7.146 - - [01/Apr/2023:09:51:04 +0800] "GET /xingrg/index.html?sysBaseUrl=http%3A%2F%2F180.169.147.146%3A18081%2Fxingrg%2F&costTime=15367×tamp=1680313857987 HTTP/1.1" 200 17507
58.40.7.146 - - [01/Apr/2023:09:51:04 +0800] "GET /xingrg/javascript/jquery_easy_ui/themes/icon.css HTTP/1.1" 304 -
58.40.7.146 - - [01/Apr/2023:09:51:05 +0800] "GET /xingrg/css/form.css HTTP/1.1" 304 -
58.40.7.146 - - [01/Apr/2023:09:51:05 +0800] "GET /xingrg/javascript/jquery-1.4.2.min.js HTTP/1.1" 304 -
222.70.172.107 - - [01/Apr/2023:09:51:05 +0800] "POST /xingrg/kc/buy/cgsh_order_operate.html HTTP/1.1" 200 2065
58.40.7.146 - - [01/Apr/2023:09:51:05 +0800] "GET /xingrg/javascript/jquery_easy_ui/jquery.easyui.min.js HTTP/1.1" 304 -
58.40.7.146 - - [01/Apr/2023:09:51:05 +0800] "GET /xingrg/javascript/jquery_easy_ui/easyui-lang-zh_CN.js HTTP/1.1" 304 -
58.40.7.146 - - [01/Apr/2023:09:51:05 +0800] "GET /xingrg/javascript/jquery.form.js HTTP/1.1" 304 -
58.40.7.146 - - [01/Apr/2023:09:51:05 +0800] "GET /xingrg/javascript/jquery.utils.js HTTP/1.1" 304 -
58.40.7.146 - - [01/Apr/2023:09:51:05 +0800] "GET /xingrg/javascript/jquery.timers.js HTTP/1.1" 304 -
58.40.7.146 - - [01/Apr/2023:09:51:05 +0800] "GET /xingrg/images/blue/jxLogo.png HTTP/1.1" 304 -
58.40.7.146 - - [01/Apr/2023:09:51:05 +0800] "GET /xingrg/images/blue/navBackgound.jpg HTTP/1.1" 304 -
58.40.7.146 - - [01/Apr/2023:09:51:05 +0800] "GET /xingrg/javascript/jquery_easy_ui/themes/icons/settle_new.png HTTP/1.1" 304 -
124.78.155.10 - - [01/Apr/2023:09:51:05 +0800] "POST /xingrg/dwr/call/plaincall/AjaxCheckService.setItemNumber.dwr HTTP/1.1" 200 77
58.40.7.146 - - [01/Apr/2023:09:51:05 +0800] "GET /xingrg/javascript/jquery_easy_ui/themes/default/images/tabs_leftarrow.png HTTP/1.1" 304 -
58.40.7.146 - - [01/Apr/2023:09:51:05 +0800] "GET /xingrg/all/function/internal_message.html?_=1680313865207&CODE_STATE=count HTTP/1.1" 200 11
58.40.7.146 - - [01/Apr/2023:09:51:05 +0800] "GET /xingrg/check_reg.html?_=1680313865207 HTTP/1.1" 200 22
58.40.7.146 - - [01/Apr/2023:09:51:05 +0800] "GET /xingrg/javascript/jquery_easy_ui/themes/default/images/panel_tool_expand.gif HTTP/1.1" 304 -
58.40.7.146 - - [01/Apr/2023:09:51:05 +0800] "GET /xingrg/javascript/jquery_easy_ui/themes/default/images/panel_tool_collapse.gif HTTP/1.1" 304 -
58.40.7.146 - - [01/Apr/2023:09:51:05 +0800] "GET /xingrg/javascript/jquery_easy_ui/themes/default/images/tabs_rightarrow.png HTTP/1.1" 304 -
58.40.7.146 - - [01/Apr/2023:09:51:05 +0800] "GET /xingrg/images/blue/pingpu.png HTTP/1.1" 304 -
58.40.7.146 - - [01/Apr/2023:09:51:05 +0800] "POST /xingrg/all/common/load_tree.html?tree=area_rest_tree_json&manage=1 HTTP/1.1" 200 1237
116.224.158.100 - - [01/Apr/2023:09:51:05 +0800] "POST /xingrg/dwr/call/plaincall/AjaxCheckService.setItemNumber.dwr HTTP/1.1" 200 77
180.169.147.146 - - [01/Apr/2023:09:51:05 +0800] "POST /xingrg/kc/buy/cgsh_order_operate.html HTTP/1.1" 200 37
58.40.7.146 - - [01/Apr/2023:09:51:05 +0800] "POST /xingrg/load_menu.html HTTP/1.1" 200 9959
124.78.155.10 - - [01/Apr/2023:09:51:06 +0800] "POST /xingrg/dwr/call/plaincall/AjaxCheckService.setItemNumber.dwr HTTP/1.1" 200 77
116.224.158.100 - - [01/Apr/2023:09:51:07 +0800] "POST /xingrg/dwr/call/plaincall/AjaxCheckService.setItemNumber.dwr HTTP/1.1" 200 77
124.78.155.10 - - [01/Apr/2023:09:51:08 +0800] "POST /xingrg/dwr/call/plaincall/AjaxCheckService.setItemNumber.dwr HTTP/1.1" 200 77
114.83.222.182 - - [01/Apr/2023:09:51:08 +0800] "POST /xingrg/dwr/call/plaincall/AjaxCheckService.setItemNumber.dwr HTTP/1.1" 200 76
116.224.158.100 - - [01/Apr/2023:09:51:08 +0800] "POST /xingrg/dwr/call/plaincall/AjaxCheckService.setItemNumber.dwr HTTP/1.1" 200 77
222.67.232.202 - - [01/Apr/2023:09:51:08 +0800] "GET /xingrg/kc/buy/cgsh_order_operate.html?command=get_materiel&rest_code=00141&code=00101007048&supplier_code=00100004&order_time=2023-04-01 HTTP/1.1" 200 408
58.40.7.146 - - [01/Apr/2023:09:51:09 +0800] "GET /xingrg/javascript/jquery_easy_ui/themes/default/images/tabs_close.gif HTTP/1.1" 200 829
116.224.158.100 - - [01/Apr/2023:09:51:09 +0800] "GET /xingrg/all/function/internal_message.html?_=1680313713313&CODE_STATE=getMsg HTTP/1.1" 302 -
58.40.7.146 - - [01/Apr/2023:09:51:09 +0800] "GET /xingrg/kc/base/check_order_list.html HTTP/1.1" 200 16482
58.40.7.146 - - [01/Apr/2023:09:51:09 +0800] "GET /xingrg/css/base.css HTTP/1.1" 200 2811
58.40.7.146 - - [01/Apr/2023:09:51:09 +0800] "GET /xingrg/css/site.css HTTP/1.1" 200 7541
58.40.7.146 - - [01/Apr/2023:09:51:09 +0800] "GET /xingrg/javascript/jquery_tools/datebox.css HTTP/1.1" 200 2597
58.40.7.146 - - [01/Apr/2023:09:51:09 +0800] "GET /xingrg/javascript/easyui/themes/default/easyui.css HTTP/1.1" 200 30432
58.40.7.146 - - [01/Apr/2023:09:51:09 +0800] "GET /xingrg/javascript/easyui/themes/icon.css HTTP/1.1" 200 4483
58.40.7.146 - - [01/Apr/2023:09:51:09 +0800] "GET /xingrg/javascript/auto/jquery.autocomplete.css HTTP/1.1" 200 587
58.40.7.146 - - [01/Apr/2023:09:51:09 +0800] "GET /xingrg/javascript/jquery_tools/fix.css HTTP/1.1" 200 1702
58.40.7.146 - - [01/Apr/2023:09:51:09 +0800] "GET /xingrg/javascript/jquery_tools/table.css HTTP/1.1" 200 1032
58.40.7.146 - - [01/Apr/2023:09:51:09 +0800] "GET /xingrg/javascript/jquery_tools/jquery.tools.min.js HTTP/1.1" 200 138801
58.40.7.146 - - [01/Apr/2023:09:51:09 +0800] "GET /xingrg/javascript/jquery_tools/jquery.tools.extend.js HTTP/1.1" 200 15385
58.40.7.146 - - [01/Apr/2023:09:51:09 +0800] "GET /xingrg/javascript/jquery_tools/list_manager.js HTTP/1.1" 200 3652
58.40.7.146 - - [01/Apr/2023:09:51:09 +0800] "GET /xingrg/javascript/jquery_tools/jquery.tools.hotkey.js HTTP/1.1" 200 3242
58.40.7.146 - - [01/Apr/2023:09:51:09 +0800] "GET /xingrg/javascript/jquery_tools/jquery.tools.table.js HTTP/1.1" 200 6994
58.40.7.146 - - [01/Apr/2023:09:51:09 +0800] "GET /xingrg/javascript/auto/jquery.autocomplete.js HTTP/1.1" 200 21624
58.40.7.146 - - [01/Apr/2023:09:51:09 +0800] "GET /xingrg/javascript/easyui/easyloader.js HTTP/1.1" 200 5975
58.40.7.146 - - [01/Apr/2023:09:51:09 +0800] "GET /xingrg/javascript/jquery.cookie.js HTTP/1.1" 200 5513
58.40.7.146 - - [01/Apr/2023:09:51:09 +0800] "GET /xingrg/javascript/easyui/themes/icons/edit_add_new.png HTTP/1.1" 200 2997
58.40.7.146 - - [01/Apr/2023:09:51:09 +0800] "GET /xingrg/javascript/easyui/themes/icons/cance_new.png HTTP/1.1" 200 3986
58.40.7.146 - - [01/Apr/2023:09:51:09 +0800] "GET /xingrg/javascript/easyui/themes/icons/uncheck_new.png HTTP/1.1" 200 3197
58.40.7.146 - - [01/Apr/2023:09:51:09 +0800] "GET /xingrg/javascript/easyui/themes/icons/check_new.png HTTP/1.1" 200 3224
58.40.7.146 - - [01/Apr/2023:09:51:09 +0800] "GET /xingrg/javascript/easyui/themes/icons/field_new.png HTTP/1.1" 200 1097
124.78.155.10 - - [01/Apr/2023:09:51:09 +0800] "POST /xingrg/dwr/call/plaincall/AjaxCheckService.setItemNumber.dwr HTTP/1.1" 200 77
58.40.7.146 - - [01/Apr/2023:09:51:09 +0800] "GET /xingrg/javascript/easyui/plugins/jquery.parser.js HTTP/1.1" 200 1142
116.224.158.100 - - [01/Apr/2023:09:51:10 +0800] "POST /xingrg/dwr/call/plaincall/AjaxCheckService.setItemNumber.dwr HTTP/1.1" 200 77
58.40.7.146 - - [01/Apr/2023:09:51:10 +0800] "POST /xingrg/kc/base/check_list_operate.html HTTP/1.1" 200 1563
180.169.147.146 - - [01/Apr/2023:09:51:10 +0800] "POST /xingrg/kc/buy/cgsh_order_operate.html HTTP/1.1" 200 4427
124.78.155.10 - - [01/Apr/2023:09:51:11 +0800] "POST /xingrg/dwr/call/plaincall/AjaxCheckService.setItemNumber.dwr HTTP/1.1" 200 77
116.224.158.100 - - [01/Apr/2023:09:51:11 +0800] "POST /xingrg/dwr/call/plaincall/AjaxCheckService.setItemNumber.dwr HTTP/1.1" 200 77
222.67.232.202 - - [01/Apr/2023:09:51:11 +0800] "GET /xingrg/all/function/internal_message.html?_=1680313414332&CODE_STATE=getMsg HTTP/1.1" 200 27
124.78.155.10 - - [01/Apr/2023:09:51:12 +0800] "POST /xingrg/dwr/call/plaincall/AjaxCheckService.setItemNumber.dwr HTTP/1.1" 200 77
124.78.155.10 - - [01/Apr/2023:09:51:13 +0800] "POST /xingrg/dwr/call/plaincall/AjaxCheckService.setItemNumber.dwr HTTP/1.1" 200 77
116.224.158.100 - - [01/Apr/2023:09:51:13 +0800] "POST /xingrg/dwr/call/plaincall/AjaxCheckService.setItemNumber.dwr HTTP/1.1" 200 77
124.78.155.10 - - [01/Apr/2023:09:51:14 +0800] "POST /xingrg/dwr/call/plaincall/AjaxCheckService.setItemNumber.dwr HTTP/1.1" 200 77
114.83.222.182 - - [01/Apr/2023:09:51:14 +0800] "POST /xingrg/dwr/call/plaincall/AjaxCheckService.setItemNumber.dwr HTTP/1.1" 200 76
124.78.155.10 - - [01/Apr/2023:09:51:14 +0800] "POST /xingrg/dwr/call/plaincall/AjaxCheckService.setItemNumber.dwr HTTP/1.1" 200 77
58.40.7.146 - - [01/Apr/2023:09:51:14 +0800] "POST /xingrg/kc/base/check_list_operate.html HTTP/1.1" 200 5550
116.224.158.100 - - [01/Apr/2023:09:51:14 +0800] "POST /xingrg/dwr/call/plaincall/AjaxCheckService.setItemNumber.dwr HTTP/1.1" 200 77
124.78.155.10 - - [01/Apr/2023:09:51:15 +0800] "POST /xingrg/dwr/call/plaincall/AjaxCheckService.setItemNumber.dwr HTTP/1.1" 200 77
124.78.155.10 - - [01/Apr/2023:09:51:15 +0800] "POST /xingrg/dwr/call/plaincall/AjaxCheckService.setItemNumber.dwr HTTP/1.1" 200 77
124.78.155.10 - - [01/Apr/2023:09:51:16 +0800] "POST /xingrg/dwr/call/plaincall/AjaxCheckService.setItemNumber.dwr HTTP/1.1" 200 77
124.78.155.10 - - [01/Apr/2023:09:51:16 +0800] "POST /xingrg/dwr/call/plaincall/AjaxCheckService.setItemNumber.dwr HTTP/1.1" 200 77
124.78.155.10 - - [01/Apr/2023:09:51:17 +0800] "GET /xingrg/all/function/internal_message.html?_=1680313878802&CODE_STATE=getMsg HTTP/1.1" 200 27
116.224.158.100 - - [01/Apr/2023:09:51:17 +0800] "POST /xingrg/dwr/call/plaincall/AjaxCheckService.setItemNumber.dwr HTTP/1.1" 200 77
124.78.155.10 - - [01/Apr/2023:09:51:17 +0800] "POST /xingrg/dwr/call/plaincall/AjaxCheckService.setItemNumber.dwr HTTP/1.1" 200 77
124.78.155.10 - - [01/Apr/2023:09:51:17 +0800] "POST /xingrg/dwr/call/plaincall/AjaxCheckService.setItemNumber.dwr HTTP/1.1" 200 77
124.78.155.10 - - [01/Apr/2023:09:51:18 +0800] "POST /xingrg/dwr/call/plaincall/AjaxCheckService.setItemNumber.dwr HTTP/1.1" 200 78
124.78.155.10 - - [01/Apr/2023:09:51:19 +0800] "POST /xingrg/dwr/call/plaincall/AjaxCheckService.setItemNumber.dwr HTTP/1.1" 200 78
116.224.158.100 - - [01/Apr/2023:09:51:19 +0800] "POST /xingrg/dwr/call/plaincall/AjaxCheckService.setItemNumber.dwr HTTP/1.1" 200 77
124.78.155.10 - - [01/Apr/2023:09:51:19 +0800] "POST /xingrg/dwr/call/plaincall/AjaxCheckService.setItemNumber.dwr HTTP/1.1" 200 77
222.67.232.202 - - [01/Apr/2023:09:51:19 +0800] "GET /xingrg/kc/buy/cgsh_order_operate.html?command=get_materiel&rest_code=00141&code=00101007061&supplier_code=00100004&order_time=2023-04-01 HTTP/1.1" 200 409
222.70.172.107 - - [01/Apr/2023:09:51:19 +0800] "GET /xingrg/kc/buy/cgsh_order_operate.html?command=get_materiel&rest_code=00146&code=00101008137&supplier_code=00100005&order_time=2023-04-01 HTTP/1.1" 200 408
116.224.158.100 - - [01/Apr/2023:09:51:20 +0800] "POST /xingrg/dwr/call/plaincall/AjaxCheckService.setItemNumber.dwr HTTP/1.1" 200 77
124.78.155.10 - - [01/Apr/2023:09:51:20 +0800] "POST /xingrg/dwr/call/plaincall/AjaxCheckService.setItemNumber.dwr HTTP/1.1" 200 77
116.238.139.35 - - [01/Apr/2023:09:51:21 +0800] "GET /xingrg/all/function/internal_message.html?_=1680313796735&CODE_STATE=getMsg HTTP/1.1" 200 27
124.78.155.10 - - [01/Apr/2023:09:51:21 +0800] "POST /xingrg/dwr/call/plaincall/AjaxCheckService.setItemNumber.dwr HTTP/1.1" 200 78
124.78.155.10 - - [01/Apr/2023:09:51:22 +0800] "POST /xingrg/dwr/call/plaincall/AjaxCheckService.setItemNumber.dwr HTTP/1.1" 200 78
124.78.155.10 - - [01/Apr/2023:09:51:22 +0800] "POST /xingrg/dwr/call/plaincall/AjaxCheckService.setItemNumber.dwr HTTP/1.1" 200 77
116.224.158.100 - - [01/Apr/2023:09:51:22 +0800] "POST /xingrg/dwr/call/plaincall/AjaxCheckService.setItemNumber.dwr HTTP/1.1" 200 77
58.40.7.146 - - [01/Apr/2023:09:51:22 +0800] "POST /xingrg/kc/base/check_list_operate.html HTTP/1.1" 200 1563
124.78.155.10 - - [01/Apr/2023:09:51:23 +0800] "POST /xingrg/dwr/call/plaincall/AjaxCheckService.setItemNumber.dwr HTTP/1.1" 200 78
124.78.155.10 - - [01/Apr/2023:09:51:23 +0800] "POST /xingrg/dwr/call/plaincall/AjaxCheckService.setItemNumber.dwr HTTP/1.1" 200 77
114.83.222.182 - - [01/Apr/2023:09:51:24 +0800] "POST /xingrg/dwr/call/plaincall/AjaxCheckService.setItemNumber.dwr HTTP/1.1" 200 76
124.78.155.10 - - [01/Apr/2023:09:51:24 +0800] "POST /xingrg/dwr/call/plaincall/AjaxCheckService.setItemNumber.dwr HTTP/1.1" 200 78
180.169.147.146 - - [01/Apr/2023:09:51:24 +0800] "GET /xingrg/all/function/internal_message.html?_=1680313882558&CODE_STATE=getMsg HTTP/1.1" 302 -
124.78.155.10 - - [01/Apr/2023:09:51:25 +0800] "POST /xingrg/dwr/call/plaincall/AjaxCheckService.setItemNumber.dwr HTTP/1.1" 200 78
124.78.155.10 - - [01/Apr/2023:09:51:25 +0800] "POST /xingrg/dwr/call/plaincall/AjaxCheckService.setItemNumber.dwr HTTP/1.1" 200 77
124.78.155.10 - - [01/Apr/2023:09:51:25 +0800] "POST /xingrg/dwr/call/plaincall/AjaxCheckService.setItemNumber.dwr HTTP/1.1" 200 78
116.224.158.100 - - [01/Apr/2023:09:51:26 +0800] "POST /xingrg/dwr/call/plaincall/AjaxCheckService.setItemNumber.dwr HTTP/1.1" 200 77
58.40.7.146 - - [01/Apr/2023:09:51:26 +0800] "POST /xingrg/kc/base/check_list_operate.html HTTP/1.1" 200 5510
120.253.135.82 - - [01/Apr/2023:09:51:26 +0800] "GET /xingrg/all/function/internal_message.html?_=1680313720014&CODE_STATE=getMsg HTTP/1.1" 302 -
124.78.155.10 - - [01/Apr/2023:09:51:27 +0800] "POST /xingrg/dwr/call/plaincall/AjaxCheckService.setItemNumber.dwr HTTP/1.1" 200 77
124.78.155.10 - - [01/Apr/2023:09:51:27 +0800] "POST /xingrg/dwr/call/plaincall/AjaxCheckService.setItemNumber.dwr HTTP/1.1" 200 78
222.67.232.202 - - [01/Apr/2023:09:51:28 +0800] "GET /xingrg/kc/buy/cgsh_order_operate.html?command=get_materiel&rest_code=00141&code=00101007081&supplier_code=00100004&order_time=2023-04-01 HTTP/1.1" 200 413
124.78.155.10 - - [01/Apr/2023:09:51:29 +0800] "POST /xingrg/dwr/call/plaincall/AjaxCheckService.setItemNumber.dwr HTTP/1.1" 200 78
124.78.155.10 - - [01/Apr/2023:09:51:29 +0800] "POST /xingrg/dwr/call/plaincall/AjaxCheckService.setItemNumber.dwr HTTP/1.1" 200 77
58.40.7.146 - - [01/Apr/2023:09:51:30 +0800] "GET /xingrg/javascript/easyui/themes/default/images/button_plain_hover.png HTTP/1.1" 200 144
124.79.240.114 - - [01/Apr/2023:09:51:30 +0800] "GET /xingrg/all/function/internal_message.html?_=1680313890125&CODE_STATE=getMsg HTTP/1.1" 200 27
124.78.155.10 - - [01/Apr/2023:09:51:30 +0800] "POST /xingrg/dwr/call/plaincall/AjaxCheckService.setItemNumber.dwr HTTP/1.1" 200 78
124.78.155.10 - - [01/Apr/2023:09:51:31 +0800] "POST /xingrg/dwr/call/plaincall/AjaxCheckService.setItemNumber.dwr HTTP/1.1" 200 78
58.40.7.146 - - [01/Apr/2023:09:51:31 +0800] "GET /xingrg/kc/base/check_order_add.html HTTP/1.1" 200 26107
58.40.7.146 - - [01/Apr/2023:09:51:31 +0800] "GET /xingrg/javascript/pic_change.js HTTP/1.1" 200 4739
58.40.7.146 - - [01/Apr/2023:09:51:31 +0800] "GET /xingrg/css/blue.css HTTP/1.1" 200 15949
58.40.7.146 - - [01/Apr/2023:09:51:31 +0800] "GET /xingrg/css/table.css HTTP/1.1" 200 3684
58.40.7.146 - - [01/Apr/2023:09:51:31 +0800] "GET /xingrg/dwr/interface/AjaxComOrderService.js HTTP/1.1" 200 18264
58.40.7.146 - - [01/Apr/2023:09:51:31 +0800] "GET /xingrg/dwr/interface/AjaxCheckService.js HTTP/1.1" 200 14003
58.40.7.146 - - [01/Apr/2023:09:51:31 +0800] "GET /xingrg/dwr/util.js HTTP/1.1" 200 35990
58.40.7.146 - - [01/Apr/2023:09:51:31 +0800] "GET /xingrg/dwr/engine.js HTTP/1.1" 200 43631
58.40.7.146 - - [01/Apr/2023:09:51:31 +0800] "GET /xingrg/javascript/AjaxInfoList.js HTTP/1.1" 200 3774
58.40.7.146 - - [01/Apr/2023:09:51:31 +0800] "GET /xingrg/javascript/Calendar.js HTTP/1.1" 200 31561
58.40.7.146 - - [01/Apr/2023:09:51:31 +0800] "GET /xingrg/javascript/myfunction.js HTTP/1.1" 200 24559
58.40.7.146 - - [01/Apr/2023:09:51:31 +0800] "GET /xingrg/javascript/convert.js HTTP/1.1" 200 1239
58.40.7.146 - - [01/Apr/2023:09:51:31 +0800] "GET /xingrg/javascript/print/kc_print.js HTTP/1.1" 200 11415
58.40.7.146 - - [01/Apr/2023:09:51:31 +0800] "GET /xingrg/javascript/print/LodopFuncs.js HTTP/1.1" 200 5121
124.78.155.10 - - [01/Apr/2023:09:51:32 +0800] "POST /xingrg/dwr/call/plaincall/AjaxCheckService.setItemNumber.dwr HTTP/1.1" 200 78
116.224.158.100 - - [01/Apr/2023:09:51:32 +0800] "POST /xingrg/dwr/call/plaincall/AjaxCheckService.setItemNumber.dwr HTTP/1.1" 200 77
124.78.155.10 - - [01/Apr/2023:09:51:32 +0800] "POST /xingrg/dwr/call/plaincall/AjaxCheckService.setItemNumber.dwr HTTP/1.1" 200 78
124.78.155.10 - - [01/Apr/2023:09:51:33 +0800] "POST /xingrg/dwr/call/plaincall/AjaxCheckService.setItemNumber.dwr HTTP/1.1" 200 78
58.40.7.146 - - [01/Apr/2023:09:51:33 +0800] "GET /xingrg/javascript/jquery_easy_ui/themes/icons/check_new.png HTTP/1.1" 200 3224
58.40.7.146 - - [01/Apr/2023:09:51:33 +0800] "GET /xingrg/javascript/jquery_easy_ui/themes/icons/cance_new.png HTTP/1.1" 200 3986
58.40.7.146 - - [01/Apr/2023:09:51:33 +0800] "GET /xingrg/javascript/jquery_easy_ui/themes/icons/print.png HTTP/1.1" 200 1057
58.40.7.146 - - [01/Apr/2023:09:51:33 +0800] "GET /xingrg/javascript/jquery_easy_ui/themes/icons/back_new.png HTTP/1.1" 200 3414
58.40.7.146 - - [01/Apr/2023:09:51:33 +0800] "GET /xingrg/javascript/jquery_easy_ui/themes/default/images/menu_downarrow.png HTTP/1.1" 200 173
222.70.172.107 - - [01/Apr/2023:09:51:33 +0800] "GET /xingrg/kc/buy/cgsh_order_operate.html?command=get_materiel&rest_code=00146&code=00101008360&supplier_code=00100005&order_time=2023-04-01 HTTP/1.1" 200 413
222.67.232.202 - - [01/Apr/2023:09:51:39 +0800] "GET /xingrg/kc/buy/cgsh_order_operate.html?command=get_materiel&rest_code=00141&code=00101007032&supplier_code=00100004&order_time=2023-04-01 HTTP/1.1" 200 413
124.78.155.10 - - [01/Apr/2023:09:51:41 +0800] "POST /xingrg/dwr/call/plaincall/AjaxCheckService.checkOrder.dwr HTTP/1.1" 200 79
116.224.158.100 - - [01/Apr/2023:09:51:41 +0800] "POST /xingrg/dwr/call/plaincall/AjaxCheckService.setItemNumber.dwr HTTP/1.1" 200 77
114.83.222.182 - - [01/Apr/2023:09:51:41 +0800] "POST /xingrg/dwr/call/plaincall/AjaxCheckService.setItemNumber.dwr HTTP/1.1" 200 77
58.40.7.146 - - [01/Apr/2023:09:51:41 +0800] "POST /xingrg/dwr/call/plaincall/AjaxCheckService.saveOrder.dwr HTTP/1.1" 200 78
58.40.7.146 - - [01/Apr/2023:09:51:42 +0800] "POST /xingrg/dwr/call/plaincall/AjaxCheckService.loadOrderItems.dwr HTTP/1.1" 200 367
124.78.155.10 - - [01/Apr/2023:09:51:43 +0800] "GET /xingrg/kc/base/check_order_info.html?code=452023033100477 HTTP/1.1" 200 22870
124.78.155.10 - - [01/Apr/2023:09:51:43 +0800] "GET /xingrg/dwr/interface/AjaxCheckService.js HTTP/1.1" 200 14003
124.78.155.10 - - [01/Apr/2023:09:51:43 +0800] "GET /xingrg/dwr/interface/AjaxComOrderService.js HTTP/1.1" 200 18264
124.78.155.10 - - [01/Apr/2023:09:51:43 +0800] "GET /xingrg/dwr/engine.js HTTP/1.1" 200 43631
124.78.155.10 - - [01/Apr/2023:09:51:44 +0800] "POST /xingrg/dwr/call/plaincall/AjaxCheckService.loadOrderItems.dwr HTTP/1.1" 200 30984
124.78.155.10 - - [01/Apr/2023:09:51:44 +0800] "POST /xingrg/dwr/call/plaincall/AjaxCheckService.setItemNumber.dwr HTTP/1.1" 200 78
58.40.7.146 - - [01/Apr/2023:09:51:46 +0800] "POST /xingrg/dwr/call/plaincall/AjaxCheckService.saveOrder.dwr HTTP/1.1" 200 78
222.70.172.107 - - [01/Apr/2023:09:51:47 +0800] "GET /xingrg/check_reg.html?_=1680313929062 HTTP/1.1" 200 22
222.70.172.107 - - [01/Apr/2023:09:51:47 +0800] "GET /xingrg/all/function/internal_message.html?_=1680313929217&CODE_STATE=getMsg HTTP/1.1" 200 27
58.221.95.50 - - [01/Apr/2023:09:51:47 +0800] "GET /xingrg/check_reg.html?_=1680313908484 HTTP/1.1" 302 -
58.40.7.146 - - [01/Apr/2023:09:51:47 +0800] "POST /xingrg/dwr/call/plaincall/AjaxCheckService.loadOrderItems.dwr HTTP/1.1" 200 367
116.224.158.100 - - [01/Apr/2023:09:51:48 +0800] "POST /xingrg/dwr/call/plaincall/AjaxCheckService.setItemNumber.dwr HTTP/1.1" 200 77
58.40.7.146 - - [01/Apr/2023:09:51:48 +0800] "GET /xingrg/javascript/jquery_easy_ui/themes/icons/pencil.png HTTP/1.1" 200 713
124.78.155.10 - - [01/Apr/2023:09:51:48 +0800] "GET /xingrg/all/function/internal_message.html?_=1680313907680&CODE_STATE=getMsg HTTP/1.1" 200 27
116.224.158.100 - - [01/Apr/2023:09:51:49 +0800] "GET /xingrg/check_reg.html?_=1680313911240 HTTP/1.1" 200 22
116.224.158.100 - - [01/Apr/2023:09:51:49 +0800] "GET /xingrg/all/function/internal_message.html?_=1680313911242&CODE_STATE=getMsg HTTP/1.1" 200 27
58.40.7.146 - - [01/Apr/2023:09:51:49 +0800] "POST /xingrg/kc/report/common_data.html?type=materiel_category_tree HTTP/1.1" 200 3921
58.40.7.146 - - [01/Apr/2023:09:51:49 +0800] "GET /xingrg/javascript/jquery_easy_ui/themes/default/images/tree_checkbox_0.gif HTTP/1.1" 200 168
114.83.222.182 - - [01/Apr/2023:09:51:50 +0800] "POST /xingrg/dwr/call/plaincall/AjaxCheckService.setItemNumber.dwr HTTP/1.1" 200 77
124.78.155.10 - - [01/Apr/2023:09:51:50 +0800] "GET /xingrg/kc/base/check_order_list.html?isBack=1 HTTP/1.1" 200 16217
124.78.155.10 - - [01/Apr/2023:09:51:50 +0800] "POST /xingrg/kc/base/check_list_operate.html HTTP/1.1" 200 1890
58.40.7.146 - - [01/Apr/2023:09:51:51 +0800] "GET /xingrg/javascript/jquery_easy_ui/themes/default/images/tree_checkbox_2.gif HTTP/1.1" 200 181
58.40.7.146 - - [01/Apr/2023:09:51:51 +0800] "GET /xingrg/javascript/jquery_easy_ui/themes/default/images/tree_checkbox_1.gif HTTP/1.1" 200 174
114.83.222.182 - - [01/Apr/2023:09:51:53 +0800] "GET /xingrg/all/function/internal_message.html?_=1680313991240&CODE_STATE=getMsg HTTP/1.1" 200 27
124.78.155.10 - - [01/Apr/2023:09:51:53 +0800] "GET /xingrg/kc/base/check_order_info.html?code=452023033100487 HTTP/1.1" 200 26484
124.78.155.10 - - [01/Apr/2023:09:51:53 +0800] "GET /xingrg/dwr/interface/AjaxCheckService.js HTTP/1.1" 200 14003
124.78.155.10 - - [01/Apr/2023:09:51:53 +0800] "GET /xingrg/dwr/interface/AjaxComOrderService.js HTTP/1.1" 200 18264
124.78.155.10 - - [01/Apr/2023:09:51:53 +0800] "GET /xingrg/dwr/engine.js HTTP/1.1" 200 43631
114.83.222.182 - - [01/Apr/2023:09:51:53 +0800] "POST /xingrg/dwr/call/plaincall/AjaxCheckService.setItemNumber.dwr HTTP/1.1" 200 77
222.67.232.202 - - [01/Apr/2023:09:51:53 +0800] "POST /xingrg/kc/buy/cgsh_order_operate.html HTTP/1.1" 200 37
124.78.155.10 - - [01/Apr/2023:09:51:54 +0800] "POST /xingrg/dwr/call/plaincall/AjaxCheckService.loadOrderItems.dwr HTTP/1.1" 200 188043
116.224.158.100 - - [01/Apr/2023:09:51:54 +0800] "POST /xingrg/dwr/call/plaincall/AjaxCheckService.setItemNumber.dwr HTTP/1.1" 200 77
116.192.124.172 - - [01/Apr/2023:09:51:55 +0800] "GET /xingrg/check_reg.html?_=1680313916143 HTTP/1.1" 200 22
116.192.124.172 - - [01/Apr/2023:09:51:55 +0800] "GET /xingrg/all/function/internal_message.html?_=1680313916140&CODE_STATE=getMsg HTTP/1.1" 200 27
180.169.147.146 - - [01/Apr/2023:09:51:55 +0800] "GET /xingrg/all/function/internal_message.html?_=1680313915296&CODE_STATE=getMsg HTTP/1.1" 200 27
58.40.7.146 - - [01/Apr/2023:09:51:56 +0800] "GET /xingrg/all/function/internal_message.html?_=1680313916698&CODE_STATE=getMsg HTTP/1.1" 200 27
222.70.182.87 - - [01/Apr/2023:09:51:57 +0800] "GET /xingrg/check_reg.html?_=1680314031828 HTTP/1.1" 302 -
222.70.182.87 - - [01/Apr/2023:09:51:57 +0800] "GET /xingrg/all/function/internal_message.html?_=1680314031824&CODE_STATE=getMsg HTTP/1.1" 302 -
116.224.158.100 - - [01/Apr/2023:09:51:57 +0800] "POST /xingrg/dwr/call/plaincall/AjaxCheckService.setItemNumber.dwr HTTP/1.1" 200 77
124.78.155.10 - - [01/Apr/2023:09:51:57 +0800] "POST /xingrg/dwr/call/plaincall/AjaxCheckService.setItemNumber.dwr HTTP/1.1" 200 78
124.78.155.10 - - [01/Apr/2023:09:51:58 +0800] "POST /xingrg/dwr/call/plaincall/AjaxCheckService.setItemNumber.dwr HTTP/1.1" 200 78
116.224.158.100 - - [01/Apr/2023:09:51:59 +0800] "POST /xingrg/dwr/call/plaincall/AjaxCheckService.setItemNumber.dwr HTTP/1.1" 200 77
116.228.172.94 - - [01/Apr/2023:09:51:59 +0800] "GET /xingrg/all/function/internal_message.html?_=1680313852757&CODE_STATE=getMsg HTTP/1.1" 302 -
222.70.172.107 - - [01/Apr/2023:09:52:00 +0800] "GET /xingrg/kc/buy/cgsh_order_operate.html?command=get_materiel&rest_code=00146&code=00101008196&supplier_code=00100005&order_time=2023-04-01 HTTP/1.1" 200 416
124.78.155.10 - - [01/Apr/2023:09:52:00 +0800] "POST /xingrg/dwr/call/plaincall/AjaxCheckService.setItemNumber.dwr HTTP/1.1" 200 78
58.40.7.146 - - [01/Apr/2023:09:52:00 +0800] "POST /xingrg/dwr/call/plaincall/AjaxCheckService.importOrderItems.dwr HTTP/1.1" 200 78
116.224.158.100 - - [01/Apr/2023:09:52:00 +0800] "POST /xingrg/dwr/call/plaincall/AjaxCheckService.setItemNumber.dwr HTTP/1.1" 200 77
222.67.232.202 - - [01/Apr/2023:09:52:02 +0800] "POST /xingrg/kc/buy/cgsh_order_operate.html HTTP/1.1" 200 12
58.40.7.146 - - [01/Apr/2023:09:52:02 +0800] "POST /xingrg/dwr/call/plaincall/AjaxCheckService.loadOrderItems.dwr HTTP/1.1" 200 8831
58.40.7.146 - - [01/Apr/2023:09:52:02 +0800] "GET /xingrg/javascript/jquery_easy_ui/themes/icons/no.png HTTP/1.1" 200 922
116.224.158.100 - - [01/Apr/2023:09:52:02 +0800] "POST /xingrg/dwr/call/plaincall/AjaxCheckService.setItemNumber.dwr HTTP/1.1" 200 77
124.78.155.10 - - [01/Apr/2023:09:52:03 +0800] "POST /xingrg/dwr/call/plaincall/AjaxCheckService.setItemNumber.dwr HTTP/1.1" 200 78
101.229.22.234 - - [01/Apr/2023:09:52:04 +0800] "GET /xingrg/all/function/internal_message.html?_=1680313923256&CODE_STATE=getMsg HTTP/1.1" 302 -
116.224.158.100 - - [01/Apr/2023:09:52:04 +0800] "POST /xingrg/dwr/call/plaincall/AjaxCheckService.setItemNumber.dwr HTTP/1.1" 200 77
58.40.7.146 - - [01/Apr/2023:09:52:05 +0800] "GET /xingrg/all/function/internal_message.html?_=1680313925214&CODE_STATE=getMsg HTTP/1.1" 200 27
180.169.147.146 - - [01/Apr/2023:09:52:05 +0800] "GET /xingrg/all/function/internal_message.html?_=1680313922048&CODE_STATE=getMsg HTTP/1.1" 200 27
222.67.232.202 - - [01/Apr/2023:09:52:06 +0800] "GET /xingrg/kc/buy/cgsh_order_info.html?code=212023040100034 HTTP/1.1" 200 64863
116.224.158.100 - - [01/Apr/2023:09:52:06 +0800] "POST /xingrg/dwr/call/plaincall/AjaxCheckService.setItemNumber.dwr HTTP/1.1" 200 77
222.67.232.202 - - [01/Apr/2023:09:52:06 +0800] "GET /xingrg/javascript/easyui/themes/default/validatebox.css HTTP/1.1" 404 1104
114.83.222.182 - - [01/Apr/2023:09:52:06 +0800] "POST /xingrg/dwr/call/plaincall/AjaxCheckService.setItemNumber.dwr HTTP/1.1" 200 77
222.67.232.202 - - [01/Apr/2023:09:52:07 +0800] "POST /xingrg/kc/buy/cgsh_order_operate.html HTTP/1.1" 200 2971
58.40.7.146 - - [01/Apr/2023:09:52:07 +0800] "GET /xingrg/javascript/jquery_easy_ui/themes/default/images/tabs_active.png HTTP/1.1" 200 2894
124.78.155.10 - - [01/Apr/2023:09:52:08 +0800] "POST /xingrg/dwr/call/plaincall/AjaxCheckService.setItemNumber.dwr HTTP/1.1" 200 78
116.224.158.100 - - [01/Apr/2023:09:52:09 +0800] "POST /xingrg/dwr/call/plaincall/AjaxCheckService.setItemNumber.dwr HTTP/1.1" 200 77
58.40.7.146 - - [01/Apr/2023:09:52:09 +0800] "POST /xingrg/kc/base/check_list_operate.html HTTP/1.1" 200 5485
116.224.158.100 - - [01/Apr/2023:09:52:09 +0800] "GET /xingrg/all/function/internal_message.html?_=1680313773314&CODE_STATE=getMsg HTTP/1.1" 302 -
116.224.158.100 - - [01/Apr/2023:09:52:09 +0800] "GET /xingrg/check_reg.html?_=1680313773317 HTTP/1.1" 302 -
124.78.155.10 - - [01/Apr/2023:09:52:09 +0800] "POST /xingrg/dwr/call/plaincall/AjaxCheckService.setItemNumber.dwr HTTP/1.1" 200 76
124.78.155.10 - - [01/Apr/2023:09:52:10 +0800] "POST /xingrg/dwr/call/plaincall/AjaxCheckService.setItemNumber.dwr HTTP/1.1" 200 78
222.67.232.202 - - [01/Apr/2023:09:52:10 +0800] "GET /xingrg/kc/print/load_data.html?order_code=212023040100034&kc_code=cgsh&condition= HTTP/1.1" 200 1668
116.224.158.100 - - [01/Apr/2023:09:52:10 +0800] "POST /xingrg/dwr/call/plaincall/AjaxCheckService.setItemNumber.dwr HTTP/1.1" 200 77
124.78.155.10 - - [01/Apr/2023:09:52:10 +0800] "POST /xingrg/dwr/call/plaincall/AjaxCheckService.setItemNumber.dwr HTTP/1.1" 200 76
124.78.155.10 - - [01/Apr/2023:09:52:11 +0800] "POST /xingrg/dwr/call/plaincall/AjaxCheckService.setItemNumber.dwr HTTP/1.1" 200 76
222.67.232.202 - - [01/Apr/2023:09:52:11 +0800] "GET /xingrg/all/function/internal_message.html?_=1680313474345&CODE_STATE=getMsg HTTP/1.1" 200 27
222.67.232.202 - - [01/Apr/2023:09:52:11 +0800] "GET /xingrg/check_reg.html?_=1680313474346 HTTP/1.1" 200 22
116.224.158.100 - - [01/Apr/2023:09:52:13 +0800] "POST /xingrg/dwr/call/plaincall/AjaxCheckService.setItemNumber.dwr HTTP/1.1" 200 77
124.78.155.10 - - [01/Apr/2023:09:52:13 +0800] "POST /xingrg/dwr/call/plaincall/AjaxCheckService.setItemNumber.dwr HTTP/1.1" 200 78
114.83.222.182 - - [01/Apr/2023:09:52:14 +0800] "POST /xingrg/dwr/call/plaincall/AjaxCheckService.setItemNumber.dwr HTTP/1.1" 200 77
124.78.155.10 - - [01/Apr/2023:09:52:14 +0800] "POST /xingrg/dwr/call/plaincall/AjaxCheckService.setItemNumber.dwr HTTP/1.1" 200 78
58.40.7.146 - - [01/Apr/2023:09:52:14 +0800] "POST /xingrg/kc/base/check_list_operate.html HTTP/1.1" 200 5485
124.78.155.10 - - [01/Apr/2023:09:52:15 +0800] "POST /xingrg/dwr/call/plaincall/AjaxCheckService.setItemNumber.dwr HTTP/1.1" 200 78
180.169.147.146 - - [01/Apr/2023:09:52:15 +0800] "GET /xingrg/kc/buy/cgsh_order_operate.html?command=get_materiel&rest_code=00147&code=00101009141&supplier_code=00100022&order_time=2023-03-31 HTTP/1.1" 200 413
124.78.155.10 - - [01/Apr/2023:09:52:15 +0800] "POST /xingrg/dwr/call/plaincall/AjaxCheckService.setItemNumber.dwr HTTP/1.1" 200 76
116.224.158.100 - - [01/Apr/2023:09:52:15 +0800] "POST /xingrg/dwr/call/plaincall/AjaxCheckService.setItemNumber.dwr HTTP/1.1" 200 77
124.78.155.10 - - [01/Apr/2023:09:52:15 +0800] "POST /xingrg/dwr/call/plaincall/AjaxCheckService.setItemNumber.dwr HTTP/1.1" 200 78
222.70.172.107 - - [01/Apr/2023:09:52:16 +0800] "GET /xingrg/kc/buy/cgsh_order_operate.html?command=get_materiel&rest_code=00146&code=00101008357&supplier_code=00100005&order_time=2023-04-01 HTTP/1.1" 200 408
124.78.155.10 - - [01/Apr/2023:09:52:16 +0800] "POST /xingrg/dwr/call/plaincall/AjaxCheckService.setItemNumber.dwr HTTP/1.1" 200 76
124.78.155.10 - - [01/Apr/2023:09:52:16 +0800] "POST /xingrg/dwr/call/plaincall/AjaxCheckService.setItemNumber.dwr HTTP/1.1" 200 78
116.224.158.100 - - [01/Apr/2023:09:52:17 +0800] "POST /xingrg/dwr/call/plaincall/AjaxCheckService.setItemNumber.dwr HTTP/1.1" 200 77
124.78.155.10 - - [01/Apr/2023:09:52:17 +0800] "GET /xingrg/check_reg.html?_=1680313938796 HTTP/1.1" 200 22
124.78.155.10 - - [01/Apr/2023:09:52:17 +0800] "GET /xingrg/all/function/internal_message.html?_=1680313938801&CODE_STATE=getMsg HTTP/1.1" 200 27
124.78.155.10 - - [01/Apr/2023:09:52:17 +0800] "POST /xingrg/dwr/call/plaincall/AjaxCheckService.setItemNumber.dwr HTTP/1.1" 200 76
116.224.158.100 - - [01/Apr/2023:09:52:18 +0800] "POST /xingrg/dwr/call/plaincall/AjaxCheckService.setItemNumber.dwr HTTP/1.1" 200 77
116.224.158.100 - - [01/Apr/2023:09:52:20 +0800] "POST /xingrg/dwr/call/plaincall/AjaxCheckService.setItemNumber.dwr HTTP/1.1" 200 77
116.238.139.35 - - [01/Apr/2023:09:52:21 +0800] "GET /xingrg/check_reg.html?_=1680313856686 HTTP/1.1" 200 22
116.238.139.35 - - [01/Apr/2023:09:52:21 +0800] "GET /xingrg/all/function/internal_message.html?_=1680313856749&CODE_STATE=getMsg HTTP/1.1" 200 27
58.40.7.146 - - [01/Apr/2023:09:52:21 +0800] "GET /xingrg/kc/base/check_order_add.html HTTP/1.1" 200 26107
58.40.7.146 - - [01/Apr/2023:09:52:21 +0800] "GET /xingrg/dwr/interface/AjaxComOrderService.js HTTP/1.1" 200 18264
58.40.7.146 - - [01/Apr/2023:09:52:21 +0800] "GET /xingrg/dwr/interface/AjaxCheckService.js HTTP/1.1" 200 14003
58.40.7.146 - - [01/Apr/2023:09:52:21 +0800] "GET /xingrg/dwr/engine.js HTTP/1.1" 200 43631
114.83.222.182 - - [01/Apr/2023:09:52:21 +0800] "POST /xingrg/dwr/call/plaincall/AjaxCheckService.setItemNumber.dwr HTTP/1.1" 200 77
116.224.158.100 - - [01/Apr/2023:09:52:21 +0800] "POST /xingrg/dwr/call/plaincall/AjaxCheckService.setItemNumber.dwr HTTP/1.1" 200 77
116.224.158.100 - - [01/Apr/2023:09:52:22 +0800] "POST /xingrg/dwr/call/plaincall/AjaxCheckService.setItemNumber.dwr HTTP/1.1" 200 77
116.224.158.100 - - [01/Apr/2023:09:52:24 +0800] "POST /xingrg/dwr/call/plaincall/AjaxCheckService.setItemNumber.dwr HTTP/1.1" 200 77
180.169.147.146 - - [01/Apr/2023:09:52:24 +0800] "GET /xingrg/all/function/internal_message.html?_=1680313942553&CODE_STATE=getMsg HTTP/1.1" 302 -
180.169.147.146 - - [01/Apr/2023:09:52:24 +0800] "GET /xingrg/check_reg.html?_=1680313942557 HTTP/1.1" 302 -
124.78.155.10 - - [01/Apr/2023:09:52:25 +0800] "POST /xingrg/dwr/call/plaincall/AjaxCheckService.setItemNumber.dwr HTTP/1.1" 200 76
180.169.147.146 - - [01/Apr/2023:09:52:25 +0800] "GET /xingrg/kc/buy/cgsh_order_operate.html?command=get_materiel&rest_code=00147&code=00101008418&supplier_code=00100022&order_time=2023-03-31 HTTP/1.1" 200 412
120.253.135.82 - - [01/Apr/2023:09:52:26 +0800] "GET /xingrg/check_reg.html?_=1680313779205 HTTP/1.1" 302 -
116.224.158.100 - - [01/Apr/2023:09:52:26 +0800] "POST /xingrg/dwr/call/plaincall/AjaxCheckService.setItemNumber.dwr HTTP/1.1" 200 77
