116.228.172.94 - - [01/Apr/2023:09:44:59 +0800] "GET /xingrg/check_reg.html?_=1680313432754 HTTP/1.1" 302 -
116.228.172.94 - - [01/Apr/2023:09:44:59 +0800] "GET /xingrg/all/function/internal_message.html?_=1680313432755&CODE_STATE=getMsg HTTP/1.1" 302 -
116.192.124.172 - - [01/Apr/2023:09:45:00 +0800] "POST /xingrg/kc/buy/cgsh_order_operate.html HTTP/1.1" 200 37
124.79.79.194 - - [01/Apr/2023:09:45:00 +0800] "POST /xingrg/services/DataTransmitService HTTP/1.1" 200 101019
222.67.232.202 - - [01/Apr/2023:09:45:03 +0800] "GET /xingrg/kc/buy/cgsh_order_operate.html?command=get_materiel&rest_code=00141&code=00101006112&supplier_code=00100012&order_time=2023-04-01 HTTP/1.1" 200 409
116.224.158.100 - - [01/Apr/2023:09:45:03 +0800] "POST /xingrg/dwr/call/plaincall/AjaxCheckService.checkOrder.dwr HTTP/1.1" 200 78
222.70.172.107 - - [01/Apr/2023:09:45:03 +0800] "GET /xingrg/kc/buy/cgsh_order_operate.html?command=get_materiel&rest_code=00146&code=00101008270&supplier_code=00100005&order_time=2023-04-01 HTTP/1.1" 200 412
116.238.139.35 - - [01/Apr/2023:09:45:03 +0800] "GET /xingrg/javascript/auto/indicator.gif HTTP/1.1" 404 1066
101.229.22.234 - - [01/Apr/2023:09:45:04 +0800] "GET /xingrg/all/function/internal_message.html?_=1680313503226&CODE_STATE=getMsg HTTP/1.1" 302 -
180.169.147.146 - - [01/Apr/2023:09:45:05 +0800] "GET /xingrg/all/function/internal_message.html?_=1680313502047&CODE_STATE=getMsg HTTP/1.1" 200 27
124.79.79.194 - - [01/Apr/2023:09:45:05 +0800] "POST /xingrg/services/DataTransmitService HTTP/1.1" 200 524
114.83.222.182 - - [01/Apr/2023:09:45:07 +0800] "GET /xingrg/all/function/internal_message.html?_=1680313585081&CODE_STATE=getMsg HTTP/1.1" 302 -
124.79.79.194 - - [01/Apr/2023:09:45:07 +0800] "POST /xingrg/services/DataTransmitService HTTP/1.1" 200 497
124.79.79.194 - - [01/Apr/2023:09:45:08 +0800] "POST /xingrg/services/DataTransmitService HTTP/1.1" 200 524
116.224.158.100 - - [01/Apr/2023:09:45:09 +0800] "GET /xingrg/all/function/internal_message.html?_=1680313353287&CODE_STATE=getMsg HTTP/1.1" 302 -
116.224.158.100 - - [01/Apr/2023:09:45:10 +0800] "GET /xingrg/kc/base/check_order_info.html?code=452023040100005 HTTP/1.1" 200 22862
116.224.158.100 - - [01/Apr/2023:09:45:10 +0800] "GET /xingrg/dwr/interface/AjaxComOrderService.js HTTP/1.1" 200 18264
116.224.158.100 - - [01/Apr/2023:09:45:10 +0800] "GET /xingrg/dwr/interface/AjaxCheckService.js HTTP/1.1" 200 14003
116.224.158.100 - - [01/Apr/2023:09:45:10 +0800] "GET /xingrg/dwr/engine.js HTTP/1.1" 200 43631
222.67.232.202 - - [01/Apr/2023:09:45:11 +0800] "GET /xingrg/all/function/internal_message.html?_=1680313054303&CODE_STATE=getMsg HTTP/1.1" 200 27
116.224.158.100 - - [01/Apr/2023:09:45:11 +0800] "POST /xingrg/dwr/call/plaincall/AjaxCheckService.loadOrderItems.dwr HTTP/1.1" 200 937
116.238.139.35 - - [01/Apr/2023:09:45:12 +0800] "GET /xingrg/kc/buy/cgsh_order_operate.html?command=get_materiel&rest_code=00151&code=00101009116&supplier_code=00100022&order_time=2023-04-01 HTTP/1.1" 200 412
124.79.240.114 - - [01/Apr/2023:09:45:13 +0800] "POST /xingrg/login.do HTTP/1.1" 302 -
124.79.240.114 - - [01/Apr/2023:09:45:14 +0800] "GET /xingrg/index.html?sysBaseUrl=http%3A%2F%2F180.169.147.146%3A18081%2Fxingrg%2F&costTime=2199×tamp=1680313513934 HTTP/1.1" 200 17503
124.79.240.114 - - [01/Apr/2023:09:45:14 +0800] "GET /xingrg/check_reg.html?_=1680313513776 HTTP/1.1" 200 22
124.79.240.114 - - [01/Apr/2023:09:45:14 +0800] "GET /favicon.ico HTTP/1.1" 404 -
124.79.240.114 - - [01/Apr/2023:09:45:14 +0800] "POST /xingrg/all/common/load_tree.html?tree=area_rest_tree_json&manage=1 HTTP/1.1" 200 591
124.79.240.114 - - [01/Apr/2023:09:45:14 +0800] "GET /xingrg/all/function/internal_message.html?_=1680313513775&CODE_STATE=count HTTP/1.1" 200 11
124.79.240.114 - - [01/Apr/2023:09:45:14 +0800] "POST /xingrg/load_menu.html HTTP/1.1" 200 11564
116.224.158.100 - - [01/Apr/2023:09:45:14 +0800] "GET /xingrg/kc/base/check_order_list.html HTTP/1.1" 200 16217
116.224.158.100 - - [01/Apr/2023:09:45:15 +0800] "POST /xingrg/kc/base/check_list_operate.html HTTP/1.1" 200 2850
116.224.158.100 - - [01/Apr/2023:09:45:16 +0800] "GET /xingrg/kc/base/check_order_info.html?code=452023040100007 HTTP/1.1" 200 26551
116.224.158.100 - - [01/Apr/2023:09:45:16 +0800] "GET /xingrg/dwr/interface/AjaxCheckService.js HTTP/1.1" 200 14003
116.224.158.100 - - [01/Apr/2023:09:45:16 +0800] "GET /xingrg/dwr/interface/AjaxComOrderService.js HTTP/1.1" 200 18264
116.224.158.100 - - [01/Apr/2023:09:45:16 +0800] "GET /xingrg/dwr/engine.js HTTP/1.1" 200 43631
124.78.155.10 - - [01/Apr/2023:09:45:17 +0800] "GET /xingrg/all/function/internal_message.html?_=1680313518782&CODE_STATE=getMsg HTTP/1.1" 200 27
116.192.124.172 - - [01/Apr/2023:09:45:17 +0800] "POST /xingrg/kc/buy/cgsh_order_operate.html HTTP/1.1" 200 12
116.224.158.100 - - [01/Apr/2023:09:45:18 +0800] "POST /xingrg/dwr/call/plaincall/AjaxCheckService.loadOrderItems.dwr HTTP/1.1" 200 13604
116.238.139.35 - - [01/Apr/2023:09:45:21 +0800] "GET /xingrg/all/function/internal_message.html?_=1680313436653&CODE_STATE=getMsg HTTP/1.1" 200 27
116.224.158.100 - - [01/Apr/2023:09:45:21 +0800] "POST /xingrg/dwr/call/plaincall/AjaxCheckService.setItemNumber.dwr HTTP/1.1" 200 76
222.67.232.202 - - [01/Apr/2023:09:45:21 +0800] "GET /xingrg/kc/buy/cgsh_order_operate.html?command=get_materiel&rest_code=00141&code=00101006109&supplier_code=00100012&order_time=2023-04-01 HTTP/1.1" 200 409
116.192.124.172 - - [01/Apr/2023:09:45:22 +0800] "GET /xingrg/kc/buy/cgsh_order_info.html?code=212023040100028 HTTP/1.1" 200 64894
222.70.172.107 - - [01/Apr/2023:09:45:22 +0800] "GET /xingrg/kc/buy/cgsh_order_operate.html?command=get_materiel&rest_code=00146&code=00101008502&supplier_code=00100005&order_time=2023-04-01 HTTP/1.1" 200 412
116.192.124.172 - - [01/Apr/2023:09:45:22 +0800] "GET /xingrg/javascript/easyui/themes/default/validatebox.css HTTP/1.1" 404 1104
116.224.158.100 - - [01/Apr/2023:09:45:23 +0800] "POST /xingrg/dwr/call/plaincall/AjaxCheckService.setItemNumber.dwr HTTP/1.1" 200 76
180.169.147.146 - - [01/Apr/2023:09:45:23 +0800] "POST /xingrg/kc/buy/cgsh_list_operate.html HTTP/1.1" 200 638
116.224.158.100 - - [01/Apr/2023:09:45:24 +0800] "POST /xingrg/dwr/call/plaincall/AjaxCheckService.setItemNumber.dwr HTTP/1.1" 200 76
116.192.124.172 - - [01/Apr/2023:09:45:24 +0800] "POST /xingrg/kc/buy/cgsh_order_operate.html HTTP/1.1" 200 5362
180.169.147.146 - - [01/Apr/2023:09:45:24 +0800] "GET /xingrg/all/function/internal_message.html?_=1680313522542&CODE_STATE=getMsg HTTP/1.1" 302 -
116.224.158.100 - - [01/Apr/2023:09:45:25 +0800] "POST /xingrg/dwr/call/plaincall/AjaxCheckService.setItemNumber.dwr HTTP/1.1" 200 76
116.224.158.100 - - [01/Apr/2023:09:45:25 +0800] "POST /xingrg/dwr/call/plaincall/AjaxCheckService.setItemNumber.dwr HTTP/1.1" 200 76
116.192.124.172 - - [01/Apr/2023:09:45:26 +0800] "GET /xingrg/kc/print/load_config.html?kc_code=cgsh HTTP/1.1" 200 1925
116.224.158.100 - - [01/Apr/2023:09:45:26 +0800] "POST /xingrg/dwr/call/plaincall/AjaxCheckService.setItemNumber.dwr HTTP/1.1" 200 76
120.253.135.82 - - [01/Apr/2023:09:45:26 +0800] "GET /xingrg/all/function/internal_message.html?_=1680313359879&CODE_STATE=getMsg HTTP/1.1" 302 -
116.224.158.100 - - [01/Apr/2023:09:45:28 +0800] "POST /xingrg/dwr/call/plaincall/AjaxCheckService.setItemNumber.dwr HTTP/1.1" 200 76
116.192.124.172 - - [01/Apr/2023:09:45:28 +0800] "GET /xingrg/kc/print/load_data.html?order_code=212023040100028&kc_code=cgsh&condition= HTTP/1.1" 200 2536
116.224.158.100 - - [01/Apr/2023:09:45:28 +0800] "POST /xingrg/dwr/call/plaincall/AjaxCheckService.setItemNumber.dwr HTTP/1.1" 200 76
116.224.158.100 - - [01/Apr/2023:09:45:29 +0800] "POST /xingrg/dwr/call/plaincall/AjaxCheckService.setItemNumber.dwr HTTP/1.1" 200 76
124.79.240.114 - - [01/Apr/2023:09:45:29 +0800] "POST /xingrg/all/user/operate.html HTTP/1.1" 200 36
116.227.208.255 - - [01/Apr/2023:09:45:30 +0800] "POST /xingrg/dwr/call/plaincall/AjaxComOrderService.getMaterielSearchList.dwr HTTP/1.1" 200 77
124.79.240.114 - - [01/Apr/2023:09:45:30 +0800] "GET /xingrg/index.html?sysBaseUrl=http%3A%2F%2F180.169.147.146%3A18081%2Fxingrg%2F&costTime=2199×tamp=1680313513934 HTTP/1.1" 200 17503
124.79.240.114 - - [01/Apr/2023:09:45:30 +0800] "GET /xingrg/javascript/jquery_easy_ui/themes/default/easyui.css HTTP/1.1" 304 -
124.79.240.114 - - [01/Apr/2023:09:45:30 +0800] "GET /xingrg/javascript/jquery_easy_ui/themes/icon.css HTTP/1.1" 304 -
124.79.240.114 - - [01/Apr/2023:09:45:30 +0800] "GET /xingrg/css/form.css HTTP/1.1" 304 -
124.79.240.114 - - [01/Apr/2023:09:45:30 +0800] "GET /xingrg/javascript/jquery-1.4.2.min.js HTTP/1.1" 304 -
124.79.240.114 - - [01/Apr/2023:09:45:30 +0800] "GET /xingrg/javascript/jquery_easy_ui/jquery.easyui.min.js HTTP/1.1" 304 -
124.79.240.114 - - [01/Apr/2023:09:45:30 +0800] "GET /xingrg/javascript/jquery_easy_ui/easyui-lang-zh_CN.js HTTP/1.1" 304 -
124.79.240.114 - - [01/Apr/2023:09:45:30 +0800] "GET /xingrg/javascript/jquery.form.js HTTP/1.1" 304 -
124.79.240.114 - - [01/Apr/2023:09:45:30 +0800] "GET /xingrg/javascript/jquery.utils.js HTTP/1.1" 304 -
124.79.240.114 - - [01/Apr/2023:09:45:30 +0800] "GET /xingrg/javascript/jquery.timers.js HTTP/1.1" 304 -
124.79.240.114 - - [01/Apr/2023:09:45:30 +0800] "GET /xingrg/images/blue/jxLogo.png HTTP/1.1" 304 -
124.79.240.114 - - [01/Apr/2023:09:45:30 +0800] "GET /xingrg/all/function/internal_message.html?_=1680313530154&CODE_STATE=count HTTP/1.1" 200 11
124.79.240.114 - - [01/Apr/2023:09:45:30 +0800] "GET /xingrg/javascript/jquery_easy_ui/themes/default/images/panel_tool_expand.gif HTTP/1.1" 304 -
124.79.240.114 - - [01/Apr/2023:09:45:30 +0800] "GET /xingrg/javascript/jquery_easy_ui/themes/default/images/panel_tool_collapse.gif HTTP/1.1" 304 -
124.79.240.114 - - [01/Apr/2023:09:45:30 +0800] "GET /xingrg/javascript/jquery_easy_ui/themes/default/images/tabs_rightarrow.png HTTP/1.1" 304 -
124.79.240.114 - - [01/Apr/2023:09:45:30 +0800] "GET /xingrg/check_reg.html?_=1680313530156 HTTP/1.1" 200 22
124.79.240.114 - - [01/Apr/2023:09:45:30 +0800] "GET /xingrg/images/blue/pingpu.png HTTP/1.1" 304 -
124.79.240.114 - - [01/Apr/2023:09:45:30 +0800] "GET /xingrg/javascript/jquery_easy_ui/themes/icons/settle_new.png HTTP/1.1" 304 -
124.79.240.114 - - [01/Apr/2023:09:45:30 +0800] "GET /xingrg/javascript/jquery_easy_ui/themes/default/images/tabs_leftarrow.png HTTP/1.1" 304 -
124.79.240.114 - - [01/Apr/2023:09:45:30 +0800] "GET /xingrg/images/blue/navBackgound.jpg HTTP/1.1" 304 -
180.169.147.146 - - [01/Apr/2023:09:45:30 +0800] "POST /xingrg/kc/buy/cgsh_list_operate.html HTTP/1.1" 200 631
116.227.208.255 - - [01/Apr/2023:09:45:31 +0800] "POST /xingrg/dwr/call/plaincall/AjaxComOrderService.getMaterielSearchList.dwr HTTP/1.1" 200 77
124.79.240.114 - - [01/Apr/2023:09:45:31 +0800] "POST /xingrg/all/common/load_tree.html?tree=area_rest_tree_json&manage=1 HTTP/1.1" 200 591
124.79.240.114 - - [01/Apr/2023:09:45:31 +0800] "POST /xingrg/load_menu.html HTTP/1.1" 200 9959
116.227.208.255 - - [01/Apr/2023:09:45:32 +0800] "POST /xingrg/dwr/call/plaincall/AjaxComOrderService.getMaterielSearchList.dwr HTTP/1.1" 200 587
116.224.158.100 - - [01/Apr/2023:09:45:32 +0800] "POST /xingrg/dwr/call/plaincall/AjaxCheckService.setItemNumber.dwr HTTP/1.1" 200 77
124.79.79.194 - - [01/Apr/2023:09:45:33 +0800] "POST /xingrg/services/DataTransmitService HTTP/1.1" 200 501
124.79.240.114 - - [01/Apr/2023:09:45:33 +0800] "GET /xingrg/kc/base/wldb_order_list.html HTTP/1.1" 200 19353
116.224.158.100 - - [01/Apr/2023:09:45:33 +0800] "POST /xingrg/dwr/call/plaincall/AjaxCheckService.setItemNumber.dwr HTTP/1.1" 200 77
116.224.158.100 - - [01/Apr/2023:09:45:34 +0800] "POST /xingrg/dwr/call/plaincall/AjaxCheckService.setItemNumber.dwr HTTP/1.1" 200 77
124.79.240.114 - - [01/Apr/2023:09:45:34 +0800] "POST /xingrg/kc/base/wldb_list_operate.html HTTP/1.1" 200 928
116.224.158.100 - - [01/Apr/2023:09:45:35 +0800] "POST /xingrg/dwr/call/plaincall/AjaxCheckService.setItemNumber.dwr HTTP/1.1" 200 77
116.238.139.35 - - [01/Apr/2023:09:45:36 +0800] "POST /xingrg/kc/buy/cgsh_order_operate.html HTTP/1.1" 200 37
116.227.208.255 - - [01/Apr/2023:09:45:37 +0800] "POST /xingrg/dwr/call/plaincall/AjaxComOrderService.getMaterielByCode.dwr HTTP/1.1" 200 2820
116.224.158.100 - - [01/Apr/2023:09:45:37 +0800] "POST /xingrg/dwr/call/plaincall/AjaxCheckService.setItemNumber.dwr HTTP/1.1" 200 77
116.224.158.100 - - [01/Apr/2023:09:45:38 +0800] "POST /xingrg/dwr/call/plaincall/AjaxCheckService.setItemNumber.dwr HTTP/1.1" 200 77
124.79.79.194 - - [01/Apr/2023:09:45:38 +0800] "POST /xingrg/services/DataTransmitService HTTP/1.1" 200 101019
124.79.240.114 - - [01/Apr/2023:09:45:39 +0800] "POST /xingrg/kc/base/wldb_list_operate.html HTTP/1.1" 200 6132
116.224.158.100 - - [01/Apr/2023:09:45:39 +0800] "POST /xingrg/dwr/call/plaincall/AjaxCheckService.setItemNumber.dwr HTTP/1.1" 200 77
116.238.139.35 - - [01/Apr/2023:09:45:40 +0800] "POST /xingrg/kc/buy/cgsh_order_operate.html HTTP/1.1" 200 6266
116.224.158.100 - - [01/Apr/2023:09:45:41 +0800] "POST /xingrg/dwr/call/plaincall/AjaxCheckService.setItemNumber.dwr HTTP/1.1" 200 77
116.224.158.100 - - [01/Apr/2023:09:45:42 +0800] "POST /xingrg/dwr/call/plaincall/AjaxCheckService.setItemNumber.dwr HTTP/1.1" 200 77
116.224.158.100 - - [01/Apr/2023:09:45:43 +0800] "POST /xingrg/dwr/call/plaincall/AjaxCheckService.setItemNumber.dwr HTTP/1.1" 200 77
124.79.240.114 - - [01/Apr/2023:09:45:43 +0800] "POST /xingrg/kc/base/wldb_list_operate.html HTTP/1.1" 200 348
116.224.158.100 - - [01/Apr/2023:09:45:43 +0800] "POST /xingrg/dwr/call/plaincall/AjaxCheckService.setItemNumber.dwr HTTP/1.1" 200 77
116.192.124.172 - - [01/Apr/2023:09:45:47 +0800] "GET /xingrg/kc/buy/cgsh_order_add.html HTTP/1.1" 200 69996
222.70.172.107 - - [01/Apr/2023:09:45:47 +0800] "GET /xingrg/all/function/internal_message.html?_=1680313569106&CODE_STATE=getMsg HTTP/1.1" 200 27
116.192.124.172 - - [01/Apr/2023:09:45:47 +0800] "POST /xingrg/kc/buy/cgsh_order_operate.html HTTP/1.1" 200 8245
116.192.124.172 - - [01/Apr/2023:09:45:47 +0800] "GET /xingrg/javascript/easyui/themes/default/validatebox.css HTTP/1.1" 404 1104
116.224.158.100 - - [01/Apr/2023:09:45:49 +0800] "GET /xingrg/all/function/internal_message.html?_=1680313551257&CODE_STATE=getMsg HTTP/1.1" 200 27
172.20.0.100 - - [01/Apr/2023:09:45:49 +0800] "GET /xingrg/check_reg.html?_=1680313565321 HTTP/1.1" 302 -
180.169.147.146 - - [01/Apr/2023:09:45:52 +0800] "POST /xingrg/kc/buy/cgsh_list_operate.html HTTP/1.1" 200 214
116.227.208.255 - - [01/Apr/2023:09:45:54 +0800] "GET /xingrg/all/function/internal_message.html?_=1680313648628&CODE_STATE=getMsg HTTP/1.1" 200 27
116.192.124.172 - - [01/Apr/2023:09:45:55 +0800] "GET /xingrg/all/function/internal_message.html?_=1680313556117&CODE_STATE=getMsg HTTP/1.1" 200 27
124.79.240.114 - - [01/Apr/2023:09:45:55 +0800] "POST /xingrg/kc/base/wldb_list_operate.html HTTP/1.1" 200 4
180.169.147.146 - - [01/Apr/2023:09:45:55 +0800] "GET /xingrg/all/function/internal_message.html?_=1680313555305&CODE_STATE=getMsg HTTP/1.1" 200 27
222.70.182.87 - - [01/Apr/2023:09:45:57 +0800] "GET /xingrg/all/function/internal_message.html?_=1680313671824&CODE_STATE=getMsg HTTP/1.1" 302 -
180.169.147.146 - - [01/Apr/2023:09:45:59 +0800] "GET /xingrg/kc/buy/cgsh_order_add.html HTTP/1.1" 200 69964
180.169.147.146 - - [01/Apr/2023:09:45:59 +0800] "GET /xingrg/words/20230330134122_words.js HTTP/1.1" 304 -
116.224.158.100 - - [01/Apr/2023:09:45:59 +0800] "POST /xingrg/dwr/call/plaincall/AjaxCheckService.checkOrder.dwr HTTP/1.1" 200 79
180.169.147.146 - - [01/Apr/2023:09:45:59 +0800] "POST /xingrg/kc/buy/cgsh_order_operate.html HTTP/1.1" 200 8245
180.169.147.146 - - [01/Apr/2023:09:45:59 +0800] "GET /xingrg/javascript/easyui/themes/default/validatebox.css HTTP/1.1" 404 1104
116.228.172.94 - - [01/Apr/2023:09:45:59 +0800] "GET /xingrg/all/function/internal_message.html?_=1680313492746&CODE_STATE=getMsg HTTP/1.1" 302 -
124.79.240.114 - - [01/Apr/2023:09:45:59 +0800] "POST /xingrg/kc/base/wldb_list_operate.html HTTP/1.1" 200 6116
116.224.158.100 - - [01/Apr/2023:09:46:01 +0800] "GET /xingrg/kc/base/check_order_info.html?code=452023040100007 HTTP/1.1" 200 22858
116.224.158.100 - - [01/Apr/2023:09:46:01 +0800] "GET /xingrg/dwr/interface/AjaxCheckService.js HTTP/1.1" 200 14003
116.224.158.100 - - [01/Apr/2023:09:46:01 +0800] "GET /xingrg/dwr/interface/AjaxComOrderService.js HTTP/1.1" 200 18264
116.224.158.100 - - [01/Apr/2023:09:46:01 +0800] "GET /xingrg/dwr/engine.js HTTP/1.1" 200 43631
124.79.240.114 - - [01/Apr/2023:09:46:02 +0800] "POST /xingrg/kc/base/wldb_list_operate.html HTTP/1.1" 200 576
116.224.158.100 - - [01/Apr/2023:09:46:02 +0800] "POST /xingrg/dwr/call/plaincall/AjaxCheckService.loadOrderItems.dwr HTTP/1.1" 200 6483
101.229.22.234 - - [01/Apr/2023:09:46:04 +0800] "GET /xingrg/all/function/internal_message.html?_=1680313563218&CODE_STATE=getMsg HTTP/1.1" 302 -
116.224.158.100 - - [01/Apr/2023:09:46:05 +0800] "GET /xingrg/kc/base/check_order_list.html HTTP/1.1" 200 16217
180.169.147.146 - - [01/Apr/2023:09:46:05 +0800] "GET /xingrg/all/function/internal_message.html?_=1680313562045&CODE_STATE=getMsg HTTP/1.1" 200 27
116.227.208.255 - - [01/Apr/2023:09:46:06 +0800] "GET /xingrg/kc/buy/cgsh_order_list.html HTTP/1.1" 200 8212
116.224.158.100 - - [01/Apr/2023:09:46:06 +0800] "POST /xingrg/kc/base/check_list_operate.html HTTP/1.1" 200 2529
116.227.208.255 - - [01/Apr/2023:09:46:06 +0800] "GET /xingrg/kc/buy/cgsh_order_list.html HTTP/1.1" 200 54185
114.83.222.182 - - [01/Apr/2023:09:46:07 +0800] "GET /xingrg/all/function/internal_message.html?_=1680313645063&CODE_STATE=getMsg HTTP/1.1" 302 -
116.224.158.100 - - [01/Apr/2023:09:46:08 +0800] "GET /xingrg/kc/base/check_order_info.html?code=452023040100003 HTTP/1.1" 200 26551
116.224.158.100 - - [01/Apr/2023:09:46:08 +0800] "GET /xingrg/dwr/interface/AjaxComOrderService.js HTTP/1.1" 200 18264
116.224.158.100 - - [01/Apr/2023:09:46:08 +0800] "GET /xingrg/dwr/interface/AjaxCheckService.js HTTP/1.1" 200 14003
116.224.158.100 - - [01/Apr/2023:09:46:08 +0800] "GET /xingrg/dwr/engine.js HTTP/1.1" 200 43631
116.224.158.100 - - [01/Apr/2023:09:46:09 +0800] "GET /xingrg/all/function/internal_message.html?_=1680313413314&CODE_STATE=getMsg HTTP/1.1" 302 -
116.224.158.100 - - [01/Apr/2023:09:46:09 +0800] "POST /xingrg/dwr/call/plaincall/AjaxCheckService.loadOrderItems.dwr HTTP/1.1" 200 85903
222.67.232.202 - - [01/Apr/2023:09:46:11 +0800] "GET /xingrg/all/function/internal_message.html?_=1680313114311&CODE_STATE=getMsg HTTP/1.1" 200 27
222.67.232.202 - - [01/Apr/2023:09:46:12 +0800] "POST /xingrg/kc/buy/cgsh_order_operate.html HTTP/1.1" 200 37
116.224.158.100 - - [01/Apr/2023:09:46:13 +0800] "POST /xingrg/dwr/call/plaincall/AjaxCheckService.setItemNumber.dwr HTTP/1.1" 200 76
116.224.158.100 - - [01/Apr/2023:09:46:14 +0800] "POST /xingrg/dwr/call/plaincall/AjaxCheckService.setItemNumber.dwr HTTP/1.1" 200 76
116.224.158.100 - - [01/Apr/2023:09:46:15 +0800] "POST /xingrg/dwr/call/plaincall/AjaxCheckService.setItemNumber.dwr HTTP/1.1" 200 76
180.169.147.146 - - [01/Apr/2023:09:46:15 +0800] "GET /xingrg/kc/buy/cgsh_order_operate.html?command=get_materiel&rest_code=00147&code=00101028020&supplier_code=00100017&order_time=2023-03-30 HTTP/1.1" 200 451
222.70.172.107 - - [01/Apr/2023:09:46:16 +0800] "GET /xingrg/kc/buy/cgsh_order_operate.html?command=get_materiel&rest_code=00146&code=00101008027&supplier_code=00100005&order_time=2023-04-01 HTTP/1.1" 200 408
116.224.158.100 - - [01/Apr/2023:09:46:16 +0800] "POST /xingrg/dwr/call/plaincall/AjaxCheckService.setItemNumber.dwr HTTP/1.1" 200 76
180.169.147.146 - - [01/Apr/2023:09:46:17 +0800] "POST /xingrg/all/common/load_select.html HTTP/1.1" 200 25
124.78.155.10 - - [01/Apr/2023:09:46:17 +0800] "GET /xingrg/all/function/internal_message.html?_=1680313578792&CODE_STATE=getMsg HTTP/1.1" 200 27
124.79.240.114 - - [01/Apr/2023:09:46:17 +0800] "POST /xingrg/kc/base/wldb_list_operate.html HTTP/1.1" 200 4
116.224.158.100 - - [01/Apr/2023:09:46:17 +0800] "POST /xingrg/dwr/call/plaincall/AjaxCheckService.setItemNumber.dwr HTTP/1.1" 200 76
116.224.158.100 - - [01/Apr/2023:09:46:18 +0800] "POST /xingrg/dwr/call/plaincall/AjaxCheckService.setItemNumber.dwr HTTP/1.1" 200 76
116.224.158.100 - - [01/Apr/2023:09:46:19 +0800] "POST /xingrg/dwr/call/plaincall/AjaxCheckService.setItemNumber.dwr HTTP/1.1" 200 76
116.224.158.100 - - [01/Apr/2023:09:46:21 +0800] "POST /xingrg/dwr/call/plaincall/AjaxCheckService.setItemNumber.dwr HTTP/1.1" 200 76
116.238.139.35 - - [01/Apr/2023:09:46:21 +0800] "GET /xingrg/all/function/internal_message.html?_=1680313496667&CODE_STATE=getMsg HTTP/1.1" 200 27
116.238.139.35 - - [01/Apr/2023:09:46:21 +0800] "GET /xingrg/kc/buy/cgsh_order_operate.html?command=get_materiel&rest_code=00151&code=00101009112&supplier_code=00100022&order_time=2023-04-01 HTTP/1.1" 200 425
116.224.158.100 - - [01/Apr/2023:09:46:24 +0800] "POST /xingrg/dwr/call/plaincall/AjaxCheckService.setItemNumber.dwr HTTP/1.1" 200 76
180.169.147.146 - - [01/Apr/2023:09:46:24 +0800] "GET /xingrg/kc/buy/cgsh_order_operate.html?command=get_materiel_price&rest_code=00147&code=00101028020&unit_code=00100158&supplier_code=00100017&order_time=2023-03-30 HTTP/1.1" 200 28
180.169.147.146 - - [01/Apr/2023:09:46:24 +0800] "GET /xingrg/all/function/internal_message.html?_=1680313582550&CODE_STATE=getMsg HTTP/1.1" 302 -
116.224.158.100 - - [01/Apr/2023:09:46:26 +0800] "POST /xingrg/dwr/call/plaincall/AjaxCheckService.setItemNumber.dwr HTTP/1.1" 200 77
120.253.135.82 - - [01/Apr/2023:09:46:26 +0800] "GET /xingrg/all/function/internal_message.html?_=1680313419885&CODE_STATE=getMsg HTTP/1.1" 302 -
116.224.158.100 - - [01/Apr/2023:09:46:28 +0800] "POST /xingrg/dwr/call/plaincall/AjaxCheckService.setItemNumber.dwr HTTP/1.1" 200 77
116.224.158.100 - - [01/Apr/2023:09:46:29 +0800] "POST /xingrg/dwr/call/plaincall/AjaxCheckService.setItemNumber.dwr HTTP/1.1" 200 77
116.224.158.100 - - [01/Apr/2023:09:46:29 +0800] "POST /xingrg/dwr/call/plaincall/AjaxCheckService.setItemNumber.dwr HTTP/1.1" 200 77
116.224.158.100 - - [01/Apr/2023:09:46:33 +0800] "POST /xingrg/dwr/call/plaincall/AjaxCheckService.setItemNumber.dwr HTTP/1.1" 200 77
116.227.208.255 - - [01/Apr/2023:09:46:34 +0800] "POST /xingrg/kc/buy/cgsh_list_operate.html HTTP/1.1" 200 4308
180.169.147.146 - - [01/Apr/2023:09:46:34 +0800] "GET /xingrg/kc/buy/cgsh_order_operate.html?command=get_materiel_price&rest_code=00147&code=00101028020&unit_code=00100159&supplier_code=00100017&order_time=2023-03-30 HTTP/1.1" 200 30
116.224.158.100 - - [01/Apr/2023:09:46:34 +0800] "POST /xingrg/dwr/call/plaincall/AjaxCheckService.setItemNumber.dwr HTTP/1.1" 200 77
116.224.158.100 - - [01/Apr/2023:09:46:36 +0800] "POST /xingrg/dwr/call/plaincall/AjaxCheckService.setItemNumber.dwr HTTP/1.1" 200 77
116.224.158.100 - - [01/Apr/2023:09:46:38 +0800] "POST /xingrg/dwr/call/plaincall/AjaxCheckService.setItemNumber.dwr HTTP/1.1" 200 77
116.224.158.100 - - [01/Apr/2023:09:46:39 +0800] "POST /xingrg/dwr/call/plaincall/AjaxCheckService.setItemNumber.dwr HTTP/1.1" 200 77
116.238.139.35 - - [01/Apr/2023:09:46:42 +0800] "POST /xingrg/kc/buy/cgsh_order_operate.html HTTP/1.1" 200 37
116.192.124.172 - - [01/Apr/2023:09:46:42 +0800] "GET /xingrg/kc/buy/cgsh_order_operate.html?command=get_materiel&rest_code=00102&code=00101012025&supplier_code=00100096&order_time=2023-04-01 HTTP/1.1" 200 412
116.224.158.100 - - [01/Apr/2023:09:46:42 +0800] "POST /xingrg/dwr/call/plaincall/AjaxCheckService.setItemNumber.dwr HTTP/1.1" 200 77
124.79.240.114 - - [01/Apr/2023:09:46:43 +0800] "POST /xingrg/kc/base/wldb_list_operate.html HTTP/1.1" 200 6100
222.70.172.107 - - [01/Apr/2023:09:46:43 +0800] "GET /xingrg/kc/buy/cgsh_order_operate.html?command=get_materiel&rest_code=00146&code=00101008257&supplier_code=00100005&order_time=2023-04-01 HTTP/1.1" 200 416
222.67.232.202 - - [01/Apr/2023:09:46:45 +0800] "POST /xingrg/kc/buy/cgsh_order_operate.html HTTP/1.1" 200 12
116.224.158.100 - - [01/Apr/2023:09:46:45 +0800] "POST /xingrg/dwr/call/plaincall/AjaxCheckService.setItemNumber.dwr HTTP/1.1" 200 77
124.79.240.114 - - [01/Apr/2023:09:46:45 +0800] "POST /xingrg/kc/base/wldb_list_operate.html HTTP/1.1" 200 352
116.224.158.100 - - [01/Apr/2023:09:46:46 +0800] "POST /xingrg/dwr/call/plaincall/AjaxCheckService.setItemNumber.dwr HTTP/1.1" 200 77
116.224.158.100 - - [01/Apr/2023:09:46:46 +0800] "POST /xingrg/dwr/call/plaincall/AjaxCheckService.setItemNumber.dwr HTTP/1.1" 200 77
222.70.172.107 - - [01/Apr/2023:09:46:47 +0800] "GET /xingrg/check_reg.html?_=1680313629061 HTTP/1.1" 200 22
222.70.172.107 - - [01/Apr/2023:09:46:47 +0800] "GET /xingrg/all/function/internal_message.html?_=1680313629118&CODE_STATE=getMsg HTTP/1.1" 200 27
58.221.95.50 - - [01/Apr/2023:09:46:47 +0800] "GET /xingrg/check_reg.html?_=1680313608502 HTTP/1.1" 302 -
116.224.158.100 - - [01/Apr/2023:09:46:48 +0800] "POST /xingrg/dwr/call/plaincall/AjaxCheckService.setItemNumber.dwr HTTP/1.1" 200 77
116.224.158.100 - - [01/Apr/2023:09:46:49 +0800] "GET /xingrg/check_reg.html?_=1680313611253 HTTP/1.1" 200 22
116.224.158.100 - - [01/Apr/2023:09:46:49 +0800] "GET /xingrg/all/function/internal_message.html?_=1680313611255&CODE_STATE=getMsg HTTP/1.1" 200 27
116.224.158.100 - - [01/Apr/2023:09:46:49 +0800] "POST /xingrg/dwr/call/plaincall/AjaxCheckService.setItemNumber.dwr HTTP/1.1" 200 77
116.224.158.100 - - [01/Apr/2023:09:46:51 +0800] "POST /xingrg/dwr/call/plaincall/AjaxCheckService.setItemNumber.dwr HTTP/1.1" 200 77
180.169.147.146 - - [01/Apr/2023:09:46:51 +0800] "POST /xingrg/kc/buy/cgsh_order_operate.html HTTP/1.1" 200 37
222.67.232.202 - - [01/Apr/2023:09:46:51 +0800] "GET /xingrg/kc/print/load_config.html?kc_code=cgsh HTTP/1.1" 200 1925
116.224.158.100 - - [01/Apr/2023:09:46:52 +0800] "POST /xingrg/dwr/call/plaincall/AjaxCheckService.setItemNumber.dwr HTTP/1.1" 200 77
222.67.232.202 - - [01/Apr/2023:09:46:52 +0800] "GET /xingrg/kc/print/load_data.html?order_code=212023040100029&kc_code=cgsh&condition= HTTP/1.1" 200 2449
116.224.158.100 - - [01/Apr/2023:09:46:54 +0800] "POST /xingrg/dwr/call/plaincall/AjaxCheckService.setItemNumber.dwr HTTP/1.1" 200 77
116.227.208.255 - - [01/Apr/2023:09:46:54 +0800] "GET /xingrg/check_reg.html?_=1680313708679 HTTP/1.1" 200 22
116.227.208.255 - - [01/Apr/2023:09:46:54 +0800] "GET /xingrg/all/function/internal_message.html?_=1680313708684&CODE_STATE=getMsg HTTP/1.1" 200 27
180.169.147.146 - - [01/Apr/2023:09:46:54 +0800] "POST /xingrg/kc/buy/cgsh_order_operate.html HTTP/1.1" 200 2690
116.192.124.172 - - [01/Apr/2023:09:46:55 +0800] "GET /xingrg/check_reg.html?_=1680313616132 HTTP/1.1" 200 22
116.192.124.172 - - [01/Apr/2023:09:46:55 +0800] "GET /xingrg/all/function/internal_message.html?_=1680313616136&CODE_STATE=getMsg HTTP/1.1" 200 27
116.224.158.100 - - [01/Apr/2023:09:46:55 +0800] "POST /xingrg/dwr/call/plaincall/AjaxCheckService.setItemNumber.dwr HTTP/1.1" 200 77
180.169.147.146 - - [01/Apr/2023:09:46:55 +0800] "GET /xingrg/all/function/internal_message.html?_=1680313615292&CODE_STATE=getMsg HTTP/1.1" 200 27
222.70.182.87 - - [01/Apr/2023:09:46:57 +0800] "GET /xingrg/all/function/internal_message.html?_=1680313731824&CODE_STATE=getMsg HTTP/1.1" 302 -
222.70.182.87 - - [01/Apr/2023:09:46:57 +0800] "GET /xingrg/check_reg.html?_=1680313731826 HTTP/1.1" 302 -
116.224.158.100 - - [01/Apr/2023:09:46:57 +0800] "POST /xingrg/dwr/call/plaincall/AjaxCheckService.setItemNumber.dwr HTTP/1.1" 200 77
116.224.158.100 - - [01/Apr/2023:09:46:58 +0800] "POST /xingrg/dwr/call/plaincall/AjaxCheckService.setItemNumber.dwr HTTP/1.1" 200 77
116.224.158.100 - - [01/Apr/2023:09:46:59 +0800] "POST /xingrg/dwr/call/plaincall/AjaxCheckService.setItemNumber.dwr HTTP/1.1" 200 77
116.228.172.94 - - [01/Apr/2023:09:46:59 +0800] "GET /xingrg/all/function/internal_message.html?_=1680313552755&CODE_STATE=getMsg HTTP/1.1" 302 -
116.238.139.35 - - [01/Apr/2023:09:46:59 +0800] "POST /xingrg/kc/buy/cgsh_order_operate.html HTTP/1.1" 200 12
222.70.172.107 - - [01/Apr/2023:09:47:00 +0800] "GET /xingrg/kc/buy/cgsh_order_operate.html?command=get_materiel&rest_code=00146&code=00101008350&supplier_code=00100005&order_time=2023-04-01 HTTP/1.1" 200 408
180.169.147.146 - - [01/Apr/2023:09:47:00 +0800] "GET /xingrg/kc/buy/buy_main.html HTTP/1.1" 200 12412
180.169.147.146 - - [01/Apr/2023:09:47:00 +0800] "GET /xingrg/css/new_ie.css HTTP/1.1" 404 1036
180.169.147.146 - - [01/Apr/2023:09:47:00 +0800] "GET /xingrg/images/yd/bt.gif HTTP/1.1" 404 1040
116.224.158.100 - - [01/Apr/2023:09:47:01 +0800] "POST /xingrg/dwr/call/plaincall/AjaxCheckService.setItemNumber.dwr HTTP/1.1" 200 77
101.229.22.234 - - [01/Apr/2023:09:47:04 +0800] "GET /xingrg/all/function/internal_message.html?_=1680313623221&CODE_STATE=getMsg HTTP/1.1" 302 -
222.67.232.202 - - [01/Apr/2023:09:47:04 +0800] "GET /xingrg/kc/buy/cgsh_order_info.html?code=212023040100029 HTTP/1.1" 200 64863
116.224.158.100 - - [01/Apr/2023:09:47:04 +0800] "POST /xingrg/dwr/call/plaincall/AjaxCheckService.setItemNumber.dwr HTTP/1.1" 200 77
222.67.232.202 - - [01/Apr/2023:09:47:04 +0800] "GET /xingrg/javascript/easyui/themes/default/validatebox.css HTTP/1.1" 404 1104
180.169.147.146 - - [01/Apr/2023:09:47:05 +0800] "GET /xingrg/kc/buy/cgsh_order_list.html HTTP/1.1" 200 54185
222.67.232.202 - - [01/Apr/2023:09:47:05 +0800] "POST /xingrg/kc/buy/cgsh_order_operate.html HTTP/1.1" 200 78
116.224.158.100 - - [01/Apr/2023:09:47:05 +0800] "POST /xingrg/dwr/call/plaincall/AjaxCheckService.setItemNumber.dwr HTTP/1.1" 200 77
180.169.147.146 - - [01/Apr/2023:09:47:05 +0800] "GET /xingrg/all/function/internal_message.html?_=1680313622059&CODE_STATE=getMsg HTTP/1.1" 200 27
116.238.139.35 - - [01/Apr/2023:09:47:06 +0800] "GET /xingrg/kc/buy/cgsh_order_info.html?code=212023040100012 HTTP/1.1" 200 64475
180.169.147.146 - - [01/Apr/2023:09:47:06 +0800] "GET /xingrg/kc/buy/cgsh_order_list.html HTTP/1.1" 200 8212
116.238.139.35 - - [01/Apr/2023:09:47:06 +0800] "GET /xingrg/javascript/easyui/themes/default/validatebox.css HTTP/1.1" 404 1104
114.83.222.182 - - [01/Apr/2023:09:47:07 +0800] "GET /xingrg/all/function/internal_message.html?_=1680313705042&CODE_STATE=getMsg HTTP/1.1" 302 -
222.67.232.202 - - [01/Apr/2023:09:47:07 +0800] "POST /xingrg/kc/buy/cgsh_order_operate.html HTTP/1.1" 200 4816
180.169.147.146 - - [01/Apr/2023:09:47:07 +0800] "POST /xingrg/kc/buy/cgsh_list_operate.html HTTP/1.1" 200 6129
116.224.158.100 - - [01/Apr/2023:09:47:07 +0800] "POST /xingrg/dwr/call/plaincall/AjaxCheckService.setItemNumber.dwr HTTP/1.1" 200 77
116.238.139.35 - - [01/Apr/2023:09:47:08 +0800] "POST /xingrg/kc/buy/cgsh_order_operate.html HTTP/1.1" 200 4816
116.224.158.100 - - [01/Apr/2023:09:47:08 +0800] "POST /xingrg/dwr/call/plaincall/AjaxCheckService.setItemNumber.dwr HTTP/1.1" 200 77
222.67.232.202 - - [01/Apr/2023:09:47:09 +0800] "GET /xingrg/kc/buy/cgsh_order_add.html HTTP/1.1" 200 69961
222.67.232.202 - - [01/Apr/2023:09:47:09 +0800] "POST /xingrg/kc/buy/cgsh_order_operate.html HTTP/1.1" 200 8245
222.67.232.202 - - [01/Apr/2023:09:47:09 +0800] "GET /xingrg/javascript/easyui/themes/default/validatebox.css HTTP/1.1" 404 1104
116.224.158.100 - - [01/Apr/2023:09:47:09 +0800] "GET /xingrg/all/function/internal_message.html?_=1680313473314&CODE_STATE=getMsg HTTP/1.1" 302 -
116.224.158.100 - - [01/Apr/2023:09:47:09 +0800] "GET /xingrg/check_reg.html?_=1680313473317 HTTP/1.1" 302 -
116.224.158.100 - - [01/Apr/2023:09:47:10 +0800] "POST /xingrg/dwr/call/plaincall/AjaxCheckService.setItemNumber.dwr HTTP/1.1" 200 77
116.238.139.35 - - [01/Apr/2023:09:47:11 +0800] "GET /xingrg/kc/print/load_data.html?order_code=212023040100012&kc_code=cgsh&condition= HTTP/1.1" 200 2408
222.67.232.202 - - [01/Apr/2023:09:47:11 +0800] "GET /xingrg/check_reg.html?_=1680313174339 HTTP/1.1" 200 22
222.67.232.202 - - [01/Apr/2023:09:47:11 +0800] "GET /xingrg/all/function/internal_message.html?_=1680313174341&CODE_STATE=getMsg HTTP/1.1" 200 27
116.224.158.100 - - [01/Apr/2023:09:47:12 +0800] "POST /xingrg/dwr/call/plaincall/AjaxCheckService.setItemNumber.dwr HTTP/1.1" 200 77
116.224.158.100 - - [01/Apr/2023:09:47:13 +0800] "POST /xingrg/dwr/call/plaincall/AjaxCheckService.setItemNumber.dwr HTTP/1.1" 200 77
124.79.240.114 - - [01/Apr/2023:09:47:14 +0800] "POST /xingrg/kc/base/wldb_list_operate.html HTTP/1.1" 200 4
180.169.147.146 - - [01/Apr/2023:09:47:14 +0800] "POST /xingrg/kc/buy/cgsh_list_operate.html HTTP/1.1" 200 2314
222.70.172.107 - - [01/Apr/2023:09:47:15 +0800] "GET /xingrg/kc/buy/cgsh_order_operate.html?command=get_materiel&rest_code=00146&code=00101008354&supplier_code=00100005&order_time=2023-04-01 HTTP/1.1" 200 412
124.78.155.10 - - [01/Apr/2023:09:47:17 +0800] "GET /xingrg/check_reg.html?_=1680313638780 HTTP/1.1" 200 22
124.78.155.10 - - [01/Apr/2023:09:47:17 +0800] "GET /xingrg/all/function/internal_message.html?_=1680313638785&CODE_STATE=getMsg HTTP/1.1" 200 27
116.224.158.100 - - [01/Apr/2023:09:47:17 +0800] "POST /xingrg/dwr/call/plaincall/AjaxCheckService.setItemNumber.dwr HTTP/1.1" 200 77
116.224.158.100 - - [01/Apr/2023:09:47:19 +0800] "POST /xingrg/dwr/call/plaincall/AjaxCheckService.setItemNumber.dwr HTTP/1.1" 200 77
116.224.158.100 - - [01/Apr/2023:09:47:20 +0800] "POST /xingrg/dwr/call/plaincall/AjaxCheckService.setItemNumber.dwr HTTP/1.1" 200 77
116.238.139.35 - - [01/Apr/2023:09:47:20 +0800] "POST /xingrg/all/user/operate.html HTTP/1.1" 200 36
116.238.139.35 - - [01/Apr/2023:09:47:20 +0800] "GET /xingrg/javascript/jquery_easy_ui/themes/default/easyui.css HTTP/1.1" 304 -
116.238.139.35 - - [01/Apr/2023:09:47:20 +0800] "GET /xingrg/index.html?sysBaseUrl=http%3A%2F%2F180.169.147.146%3A18081%2Fxingrg%2F&costTime=97×tamp=1680313326323 HTTP/1.1" 200 17179
116.238.139.35 - - [01/Apr/2023:09:47:20 +0800] "GET /xingrg/javascript/jquery_easy_ui/themes/icon.css HTTP/1.1" 304 -
116.238.139.35 - - [01/Apr/2023:09:47:20 +0800] "GET /xingrg/css/form.css HTTP/1.1" 304 -
116.238.139.35 - - [01/Apr/2023:09:47:20 +0800] "GET /xingrg/javascript/jquery-1.4.2.min.js HTTP/1.1" 304 -
116.238.139.35 - - [01/Apr/2023:09:47:21 +0800] "GET /xingrg/javascript/jquery_easy_ui/jquery.easyui.min.js HTTP/1.1" 304 -
116.238.139.35 - - [01/Apr/2023:09:47:21 +0800] "GET /xingrg/javascript/jquery_easy_ui/easyui-lang-zh_CN.js HTTP/1.1" 304 -
116.238.139.35 - - [01/Apr/2023:09:47:21 +0800] "GET /xingrg/javascript/jquery.form.js HTTP/1.1" 304 -
116.238.139.35 - - [01/Apr/2023:09:47:21 +0800] "GET /xingrg/javascript/jquery.utils.js HTTP/1.1" 304 -
116.238.139.35 - - [01/Apr/2023:09:47:21 +0800] "GET /xingrg/javascript/jquery.timers.js HTTP/1.1" 304 -
116.238.139.35 - - [01/Apr/2023:09:47:21 +0800] "GET /xingrg/images/blue/navBackgound.jpg HTTP/1.1" 304 -
116.238.139.35 - - [01/Apr/2023:09:47:21 +0800] "GET /xingrg/images/blue/jxLogo.png HTTP/1.1" 304 -
116.238.139.35 - - [01/Apr/2023:09:47:21 +0800] "GET /xingrg/javascript/jquery_easy_ui/themes/icons/settle_new.png HTTP/1.1" 304 -
116.238.139.35 - - [01/Apr/2023:09:47:21 +0800] "GET /xingrg/images/blue/pingpu.png HTTP/1.1" 304 -
116.238.139.35 - - [01/Apr/2023:09:47:21 +0800] "GET /xingrg/javascript/jquery_easy_ui/themes/default/images/tabs_leftarrow.png HTTP/1.1" 304 -
116.238.139.35 - - [01/Apr/2023:09:47:21 +0800] "GET /xingrg/javascript/jquery_easy_ui/themes/default/images/tabs_rightarrow.png HTTP/1.1" 304 -
116.238.139.35 - - [01/Apr/2023:09:47:21 +0800] "GET /xingrg/javascript/jquery_easy_ui/themes/default/images/panel_tool_collapse.gif HTTP/1.1" 304 -
116.238.139.35 - - [01/Apr/2023:09:47:21 +0800] "GET /xingrg/check_reg.html?_=1680313556674 HTTP/1.1" 200 22
116.238.139.35 - - [01/Apr/2023:09:47:21 +0800] "GET /xingrg/all/function/internal_message.html?_=1680313556673&CODE_STATE=count HTTP/1.1" 200 11
116.238.139.35 - - [01/Apr/2023:09:47:21 +0800] "POST /xingrg/all/common/load_tree.html?tree=area_rest_tree_json&manage=1 HTTP/1.1" 200 476
116.238.139.35 - - [01/Apr/2023:09:47:21 +0800] "POST /xingrg/load_menu.html HTTP/1.1" 200 5138
116.224.158.100 - - [01/Apr/2023:09:47:21 +0800] "POST /xingrg/dwr/call/plaincall/AjaxCheckService.setItemNumber.dwr HTTP/1.1" 200 77
222.67.232.202 - - [01/Apr/2023:09:47:22 +0800] "GET /xingrg/kc/buy/cgsh_order_operate.html?command=get_materiel&rest_code=00141&code=00101016010&supplier_code=00100036&order_time=2023-04-01 HTTP/1.1" 200 408
116.224.158.100 - - [01/Apr/2023:09:47:24 +0800] "POST /xingrg/dwr/call/plaincall/AjaxCheckService.setItemNumber.dwr HTTP/1.1" 200 77
116.238.139.35 - - [01/Apr/2023:09:47:24 +0800] "GET /xingrg/kc/base/check_order_list.html HTTP/1.1" 200 16223
180.169.147.146 - - [01/Apr/2023:09:47:24 +0800] "GET /xingrg/check_reg.html?_=1680313642560 HTTP/1.1" 302 -
180.169.147.146 - - [01/Apr/2023:09:47:24 +0800] "GET /xingrg/all/function/internal_message.html?_=1680313642559&CODE_STATE=getMsg HTTP/1.1" 302 -
116.238.139.35 - - [01/Apr/2023:09:47:24 +0800] "POST /xingrg/kc/base/check_list_operate.html HTTP/1.1" 200 1566
116.224.158.100 - - [01/Apr/2023:09:47:25 +0800] "POST /xingrg/dwr/call/plaincall/AjaxCheckService.setItemNumber.dwr HTTP/1.1" 200 77
120.253.135.82 - - [01/Apr/2023:09:47:26 +0800] "GET /xingrg/check_reg.html?_=1680313479164 HTTP/1.1" 302 -
120.253.135.82 - - [01/Apr/2023:09:47:26 +0800] "GET /xingrg/all/function/internal_message.html?_=1680313479897&CODE_STATE=getMsg HTTP/1.1" 302 -
116.238.139.35 - - [01/Apr/2023:09:47:27 +0800] "GET /xingrg/kc/base/check_order_info.html?code=452023033100423 HTTP/1.1" 200 26486
116.238.139.35 - - [01/Apr/2023:09:47:27 +0800] "GET /xingrg/css/table.css HTTP/1.1" 304 -
116.238.139.35 - - [01/Apr/2023:09:47:27 +0800] "GET /xingrg/css/blue.css HTTP/1.1" 304 -
116.238.139.35 - - [01/Apr/2023:09:47:27 +0800] "GET /xingrg/dwr/interface/AjaxComOrderService.js HTTP/1.1" 200 18264
116.238.139.35 - - [01/Apr/2023:09:47:27 +0800] "GET /xingrg/dwr/util.js HTTP/1.1" 200 35990
116.238.139.35 - - [01/Apr/2023:09:47:27 +0800] "GET /xingrg/dwr/engine.js HTTP/1.1" 200 43631
116.238.139.35 - - [01/Apr/2023:09:47:27 +0800] "GET /xingrg/dwr/interface/AjaxCheckService.js HTTP/1.1" 200 14003
116.238.139.35 - - [01/Apr/2023:09:47:27 +0800] "GET /xingrg/javascript/AjaxInfoList.js HTTP/1.1" 304 -
116.238.139.35 - - [01/Apr/2023:09:47:27 +0800] "GET /xingrg/javascript/Calendar.js HTTP/1.1" 304 -
116.238.139.35 - - [01/Apr/2023:09:47:27 +0800] "GET /xingrg/javascript/myfunction.js HTTP/1.1" 304 -
116.224.158.100 - - [01/Apr/2023:09:47:27 +0800] "POST /xingrg/dwr/call/plaincall/AjaxCheckService.setItemNumber.dwr HTTP/1.1" 200 77
116.238.139.35 - - [01/Apr/2023:09:47:28 +0800] "POST /xingrg/dwr/call/plaincall/AjaxCheckService.loadOrderItems.dwr HTTP/1.1" 200 295063
116.224.158.100 - - [01/Apr/2023:09:47:28 +0800] "POST /xingrg/dwr/call/plaincall/AjaxCheckService.setItemNumber.dwr HTTP/1.1" 200 77
116.238.139.35 - - [01/Apr/2023:09:47:29 +0800] "GET /xingrg/javascript/jquery_easy_ui/themes/icons/no.png HTTP/1.1" 304 -
116.224.158.100 - - [01/Apr/2023:09:47:29 +0800] "POST /xingrg/dwr/call/plaincall/AjaxCheckService.setItemNumber.dwr HTTP/1.1" 200 77
116.224.158.100 - - [01/Apr/2023:09:47:31 +0800] "POST /xingrg/dwr/call/plaincall/AjaxCheckService.setItemNumber.dwr HTTP/1.1" 200 77
222.70.172.107 - - [01/Apr/2023:09:47:31 +0800] "GET /xingrg/kc/buy/cgsh_order_operate.html?command=get_materiel&rest_code=00146&code=00101008096&supplier_code=00100005&order_time=2023-04-01 HTTP/1.1" 200 412
116.224.158.100 - - [01/Apr/2023:09:47:33 +0800] "POST /xingrg/dwr/call/plaincall/AjaxCheckService.setItemNumber.dwr HTTP/1.1" 200 77
222.67.232.202 - - [01/Apr/2023:09:47:35 +0800] "GET /xingrg/kc/buy/cgsh_order_operate.html?command=get_materiel&rest_code=00141&code=00101016030&supplier_code=00100036&order_time=2023-04-01 HTTP/1.1" 200 412
116.224.158.100 - - [01/Apr/2023:09:47:36 +0800] "POST /xingrg/dwr/call/plaincall/AjaxCheckService.setItemNumber.dwr HTTP/1.1" 200 77
116.224.158.100 - - [01/Apr/2023:09:47:38 +0800] "POST /xingrg/dwr/call/plaincall/AjaxCheckService.setItemNumber.dwr HTTP/1.1" 200 77
180.169.147.146 - - [01/Apr/2023:09:47:38 +0800] "GET /xingrg/kc/buy/cgsh_order_add.html HTTP/1.1" 200 69964
180.169.147.146 - - [01/Apr/2023:09:47:38 +0800] "POST /xingrg/kc/buy/cgsh_order_operate.html HTTP/1.1" 200 8245
180.169.147.146 - - [01/Apr/2023:09:47:38 +0800] "GET /xingrg/javascript/easyui/themes/default/validatebox.css HTTP/1.1" 404 1104
116.224.158.100 - - [01/Apr/2023:09:47:39 +0800] "POST /xingrg/dwr/call/plaincall/AjaxCheckService.setItemNumber.dwr HTTP/1.1" 200 77
116.224.158.100 - - [01/Apr/2023:09:47:41 +0800] "POST /xingrg/dwr/call/plaincall/AjaxCheckService.setItemNumber.dwr HTTP/1.1" 200 77
116.224.158.100 - - [01/Apr/2023:09:47:42 +0800] "POST /xingrg/dwr/call/plaincall/AjaxCheckService.setItemNumber.dwr HTTP/1.1" 200 77
116.224.158.100 - - [01/Apr/2023:09:47:43 +0800] "POST /xingrg/dwr/call/plaincall/AjaxCheckService.setItemNumber.dwr HTTP/1.1" 200 77
116.224.158.100 - - [01/Apr/2023:09:47:45 +0800] "POST /xingrg/dwr/call/plaincall/AjaxCheckService.setItemNumber.dwr HTTP/1.1" 200 77
222.67.232.202 - - [01/Apr/2023:09:47:45 +0800] "GET /xingrg/kc/buy/cgsh_order_operate.html?command=get_materiel&rest_code=00141&code=00101012025&supplier_code=00100036&order_time=2023-04-01 HTTP/1.1" 200 412
116.224.158.100 - - [01/Apr/2023:09:47:46 +0800] "POST /xingrg/dwr/call/plaincall/AjaxCheckService.setItemNumber.dwr HTTP/1.1" 200 77
222.70.172.107 - - [01/Apr/2023:09:47:47 +0800] "GET /xingrg/all/function/internal_message.html?_=1680313689132&CODE_STATE=getMsg HTTP/1.1" 200 27
116.224.158.100 - - [01/Apr/2023:09:47:47 +0800] "POST /xingrg/dwr/call/plaincall/AjaxCheckService.setItemNumber.dwr HTTP/1.1" 200 77
116.224.158.100 - - [01/Apr/2023:09:47:49 +0800] "GET /xingrg/all/function/internal_message.html?_=1680313671248&CODE_STATE=getMsg HTTP/1.1" 200 27
116.224.158.100 - - [01/Apr/2023:09:47:49 +0800] "POST /xingrg/dwr/call/plaincall/AjaxCheckService.setItemNumber.dwr HTTP/1.1" 200 77
116.224.158.100 - - [01/Apr/2023:09:47:51 +0800] "POST /xingrg/dwr/call/plaincall/AjaxCheckService.setItemNumber.dwr HTTP/1.1" 200 77
116.238.139.35 - - [01/Apr/2023:09:47:51 +0800] "GET /xingrg/system/info/materiel_manager.html?isSelect=1 HTTP/1.1" 200 19294
116.224.158.100 - - [01/Apr/2023:09:47:52 +0800] "POST /xingrg/dwr/call/plaincall/AjaxCheckService.setItemNumber.dwr HTTP/1.1" 200 77
116.238.139.35 - - [01/Apr/2023:09:47:52 +0800] "GET /xingrg/css/xtree.css HTTP/1.1" 200 880
116.238.139.35 - - [01/Apr/2023:09:47:52 +0800] "GET /xingrg/dwr/interface/AjaxBaseInfoService.js HTTP/1.1" 200 21363
116.238.139.35 - - [01/Apr/2023:09:47:52 +0800] "GET /xingrg/dwr/engine.js HTTP/1.1" 200 43631
116.238.139.35 - - [01/Apr/2023:09:47:52 +0800] "GET /xingrg/javascript/jquery_ui/themes/base/base.css HTTP/1.1" 200 28568
116.238.139.35 - - [01/Apr/2023:09:47:52 +0800] "GET /xingrg/javascript/ToolTips.js HTTP/1.1" 304 -
116.238.139.35 - - [01/Apr/2023:09:47:52 +0800] "GET /xingrg/javascript/Grid.js HTTP/1.1" 304 -
116.238.139.35 - - [01/Apr/2023:09:47:52 +0800] "GET /xingrg/javascript/xtree.js HTTP/1.1" 200 26582
116.238.139.35 - - [01/Apr/2023:09:47:52 +0800] "GET /xingrg/images/xtree/openfoldericon.png HTTP/1.1" 200 232
116.238.139.35 - - [01/Apr/2023:09:47:52 +0800] "GET /xingrg/javascript/jquery_easy_ui/themes/icons/import_new.png HTTP/1.1" 200 1247
116.238.139.35 - - [01/Apr/2023:09:47:52 +0800] "GET /xingrg/javascript/jquery_easy_ui/themes/icons/print_new.png HTTP/1.1" 200 3580
116.238.139.35 - - [01/Apr/2023:09:47:52 +0800] "GET /xingrg/images/blue/wait.gif HTTP/1.1" 304 -
116.238.139.35 - - [01/Apr/2023:09:47:52 +0800] "GET /favicon.ico HTTP/1.1" 404 -
180.169.147.146 - - [01/Apr/2023:09:47:52 +0800] "GET /xingrg/kc/buy/cgsh_order_operate.html?command=get_materiel&rest_code=00147&code=00101009107&supplier_code=00100022&order_time=2023-03-31 HTTP/1.1" 200 410
116.238.139.35 - - [01/Apr/2023:09:47:53 +0800] "POST /xingrg/dwr/call/plaincall/AjaxBaseInfoService.getSubMaterielSorts.dwr HTTP/1.1" 200 219
116.238.139.35 - - [01/Apr/2023:09:47:53 +0800] "GET /xingrg/images/xtree/Lplus.png HTTP/1.1" 200 224
116.238.139.35 - - [01/Apr/2023:09:47:53 +0800] "GET /xingrg/images/xtree/Tplus.png HTTP/1.1" 200 222
116.238.139.35 - - [01/Apr/2023:09:47:53 +0800] "GET /xingrg/images/xtree/Lplus.png HTTP/1.1" 200 224
116.238.139.35 - - [01/Apr/2023:09:47:53 +0800] "GET /xingrg/images/xtree/foldericon.png HTTP/1.1" 200 229
222.70.172.107 - - [01/Apr/2023:09:47:53 +0800] "GET /xingrg/kc/buy/cgsh_order_operate.html?command=get_materiel&rest_code=00146&code=00101008038&supplier_code=00100005&order_time=2023-04-01 HTTP/1.1" 200 412
116.238.139.35 - - [01/Apr/2023:09:47:53 +0800] "POST /xingrg/dwr/call/plaincall/AjaxBaseInfoService.getMateriels.dwr HTTP/1.1" 200 2930
116.224.158.100 - - [01/Apr/2023:09:47:53 +0800] "POST /xingrg/dwr/call/plaincall/AjaxCheckService.setItemNumber.dwr HTTP/1.1" 200 77
116.227.208.255 - - [01/Apr/2023:09:47:54 +0800] "GET /xingrg/all/function/internal_message.html?_=1680313768667&CODE_STATE=getMsg HTTP/1.1" 200 27
116.192.124.172 - - [01/Apr/2023:09:47:55 +0800] "GET /xingrg/all/function/internal_message.html?_=1680313676135&CODE_STATE=getMsg HTTP/1.1" 200 27
180.169.147.146 - - [01/Apr/2023:09:47:55 +0800] "GET /xingrg/all/function/internal_message.html?_=1680313675298&CODE_STATE=getMsg HTTP/1.1" 200 27
116.224.158.100 - - [01/Apr/2023:09:47:55 +0800] "POST /xingrg/dwr/call/plaincall/AjaxCheckService.setItemNumber.dwr HTTP/1.1" 200 77
222.67.232.202 - - [01/Apr/2023:09:47:56 +0800] "GET /xingrg/kc/buy/cgsh_order_operate.html?command=get_materiel&rest_code=00141&code=00101011013&supplier_code=00100036&order_time=2023-04-01 HTTP/1.1" 200 413
116.238.139.35 - - [01/Apr/2023:09:47:56 +0800] "POST /xingrg/dwr/call/plaincall/AjaxComOrderService.getMaterielSearchList.dwr HTTP/1.1" 200 76
116.224.158.100 - - [01/Apr/2023:09:47:56 +0800] "POST /xingrg/dwr/call/plaincall/AjaxCheckService.setItemNumber.dwr HTTP/1.1" 200 77
222.70.182.87 - - [01/Apr/2023:09:47:57 +0800] "GET /xingrg/all/function/internal_message.html?_=1680313791825&CODE_STATE=getMsg HTTP/1.1" 302 -
116.224.158.100 - - [01/Apr/2023:09:47:58 +0800] "POST /xingrg/dwr/call/plaincall/AjaxCheckService.setItemNumber.dwr HTTP/1.1" 200 77
116.238.139.35 - - [01/Apr/2023:09:47:58 +0800] "POST /xingrg/dwr/call/plaincall/AjaxComOrderService.getMaterielSearchList.dwr HTTP/1.1" 200 287
116.224.158.100 - - [01/Apr/2023:09:47:59 +0800] "POST /xingrg/dwr/call/plaincall/AjaxCheckService.setItemNumber.dwr HTTP/1.1" 200 77
116.228.172.94 - - [01/Apr/2023:09:47:59 +0800] "GET /xingrg/all/function/internal_message.html?_=1680313612755&CODE_STATE=getMsg HTTP/1.1" 302 -
116.224.158.100 - - [01/Apr/2023:09:48:01 +0800] "POST /xingrg/dwr/call/plaincall/AjaxCheckService.setItemNumber.dwr HTTP/1.1" 200 77
116.238.139.35 - - [01/Apr/2023:09:48:01 +0800] "POST /xingrg/dwr/call/plaincall/AjaxComOrderService.getMaterielByCode.dwr HTTP/1.1" 200 3889
116.224.158.100 - - [01/Apr/2023:09:48:03 +0800] "POST /xingrg/dwr/call/plaincall/AjaxCheckService.setItemNumber.dwr HTTP/1.1" 200 77
101.229.22.234 - - [01/Apr/2023:09:48:04 +0800] "GET /xingrg/all/function/internal_message.html?_=1680313683228&CODE_STATE=getMsg HTTP/1.1" 302 -
116.224.158.100 - - [01/Apr/2023:09:48:04 +0800] "POST /xingrg/dwr/call/plaincall/AjaxCheckService.setItemNumber.dwr HTTP/1.1" 200 77
180.169.147.146 - - [01/Apr/2023:09:48:05 +0800] "GET /xingrg/check_reg.html?_=1680313682042 HTTP/1.1" 200 22
180.169.147.146 - - [01/Apr/2023:09:48:05 +0800] "GET /xingrg/all/function/internal_message.html?_=1680313682043&CODE_STATE=getMsg HTTP/1.1" 200 27
116.224.158.100 - - [01/Apr/2023:09:48:06 +0800] "POST /xingrg/dwr/call/plaincall/AjaxCheckService.setItemNumber.dwr HTTP/1.1" 200 77
114.83.222.182 - - [01/Apr/2023:09:48:06 +0800] "GET /xingrg/check_reg.html?_=1680313764471 HTTP/1.1" 302 -
114.83.222.182 - - [01/Apr/2023:09:48:07 +0800] "GET /xingrg/all/function/internal_message.html?_=1680313765026&CODE_STATE=getMsg HTTP/1.1" 302 -
116.192.124.172 - - [01/Apr/2023:09:48:07 +0800] "POST /xingrg/services/DataTransmitService HTTP/1.1" 200 524
222.67.232.202 - - [01/Apr/2023:09:48:07 +0800] "GET /xingrg/kc/buy/cgsh_order_operate.html?command=get_materiel&rest_code=00141&code=00101011001&supplier_code=00100036&order_time=2023-04-01 HTTP/1.1" 200 423
116.224.158.100 - - [01/Apr/2023:09:48:08 +0800] "POST /xingrg/dwr/call/plaincall/AjaxCheckService.setItemNumber.dwr HTTP/1.1" 200 77
222.70.172.107 - - [01/Apr/2023:09:48:09 +0800] "GET /xingrg/kc/buy/cgsh_order_operate.html?command=get_materiel&rest_code=00146&code=00101008358&supplier_code=00100005&order_time=2023-04-01 HTTP/1.1" 200 412
116.224.158.100 - - [01/Apr/2023:09:48:09 +0800] "GET /xingrg/all/function/internal_message.html?_=1680313533303&CODE_STATE=getMsg HTTP/1.1" 302 -
116.224.158.100 - - [01/Apr/2023:09:48:10 +0800] "POST /xingrg/dwr/call/plaincall/AjaxCheckService.setItemNumber.dwr HTTP/1.1" 200 77
116.224.158.100 - - [01/Apr/2023:09:48:11 +0800] "POST /xingrg/dwr/call/plaincall/AjaxCheckService.setItemNumber.dwr HTTP/1.1" 200 77
222.67.232.202 - - [01/Apr/2023:09:48:11 +0800] "GET /xingrg/all/function/internal_message.html?_=1680313234317&CODE_STATE=getMsg HTTP/1.1" 200 27
116.224.158.100 - - [01/Apr/2023:09:48:13 +0800] "POST /xingrg/dwr/call/plaincall/AjaxCheckService.setItemNumber.dwr HTTP/1.1" 200 77
172.20.0.100 - - [01/Apr/2023:09:48:13 +0800] "GET /xingrg/check_reg.html?_=1680313709555 HTTP/1.1" 302 -
172.20.0.100 - - [01/Apr/2023:09:48:14 +0800] "GET /xingrg/check_reg.html?_=1680313710100 HTTP/1.1" 302 -
172.20.0.100 - - [01/Apr/2023:09:48:14 +0800] "GET /xingrg/check_reg.html?_=1680313710480 HTTP/1.1" 302 -
116.224.158.100 - - [01/Apr/2023:09:48:14 +0800] "POST /xingrg/dwr/call/plaincall/AjaxCheckService.setItemNumber.dwr HTTP/1.1" 200 77
116.224.158.100 - - [01/Apr/2023:09:48:15 +0800] "POST /xingrg/dwr/call/plaincall/AjaxCheckService.setItemNumber.dwr HTTP/1.1" 200 77
124.79.240.114 - - [01/Apr/2023:09:48:16 +0800] "POST /xingrg/kc/base/wldb_list_operate.html HTTP/1.1" 200 6084
