114.83.222.182 - - [01/Apr/2023:07:56:42 +0800] "POST /xingrg/dwr/call/plaincall/AjaxCheckService.setItemNumber.dwr HTTP/1.1" 200 77
116.238.139.35 - - [01/Apr/2023:07:56:43 +0800] "GET /xingrg/check_reg.html?_=1680306919438 HTTP/1.1" 200 22
116.238.139.35 - - [01/Apr/2023:07:56:43 +0800] "GET /xingrg/all/function/internal_message.html?_=1680306919555&CODE_STATE=getMsg HTTP/1.1" 200 27
116.238.139.35 - - [01/Apr/2023:07:56:44 +0800] "GET /xingrg/kc/buy/cgsh_order_operate.html?command=get_materiel&rest_code=00150&code=00101008103&supplier_code=00100008&order_time=2023-04-01 HTTP/1.1" 200 417
114.83.222.182 - - [01/Apr/2023:07:56:45 +0800] "POST /xingrg/dwr/call/plaincall/AjaxCheckService.setItemNumber.dwr HTTP/1.1" 200 77
58.221.95.50 - - [01/Apr/2023:07:56:47 +0800] "GET /xingrg/check_reg.html?_=1680307008852 HTTP/1.1" 302 -
114.83.222.182 - - [01/Apr/2023:07:56:48 +0800] "POST /xingrg/dwr/call/plaincall/AjaxCheckService.setItemNumber.dwr HTTP/1.1" 200 77
114.83.222.182 - - [01/Apr/2023:07:56:51 +0800] "POST /xingrg/dwr/call/plaincall/AjaxCheckService.setItemNumber.dwr HTTP/1.1" 200 77
101.229.172.229 - - [01/Apr/2023:07:56:53 +0800] "GET /xingrg/all/function/internal_message.html?_=1680307022581&CODE_STATE=getMsg HTTP/1.1" 200 27
116.238.139.35 - - [01/Apr/2023:07:56:53 +0800] "GET /xingrg/kc/buy/cgsh_order_operate.html?command=get_materiel&rest_code=00150&code=00101008370&supplier_code=00100008&order_time=2023-04-01 HTTP/1.1" 200 412
114.83.222.182 - - [01/Apr/2023:07:56:53 +0800] "POST /xingrg/dwr/call/plaincall/AjaxCheckService.setItemNumber.dwr HTTP/1.1" 200 77
114.83.222.182 - - [01/Apr/2023:07:56:56 +0800] "POST /xingrg/dwr/call/plaincall/AjaxCheckService.setItemNumber.dwr HTTP/1.1" 200 77
114.83.222.182 - - [01/Apr/2023:07:56:59 +0800] "POST /xingrg/dwr/call/plaincall/AjaxCheckService.setItemNumber.dwr HTTP/1.1" 200 77
116.228.172.94 - - [01/Apr/2023:07:56:59 +0800] "GET /xingrg/all/function/internal_message.html?_=1680306952753&CODE_STATE=getMsg HTTP/1.1" 200 27
114.83.222.182 - - [01/Apr/2023:07:57:01 +0800] "POST /xingrg/dwr/call/plaincall/AjaxCheckService.setItemNumber.dwr HTTP/1.1" 200 77
116.238.139.35 - - [01/Apr/2023:07:57:03 +0800] "GET /xingrg/kc/buy/cgsh_order_operate.html?command=get_materiel&rest_code=00150&code=00101008361&supplier_code=00100008&order_time=2023-04-01 HTTP/1.1" 200 408
114.83.222.182 - - [01/Apr/2023:07:57:04 +0800] "POST /xingrg/dwr/call/plaincall/AjaxCheckService.setItemNumber.dwr HTTP/1.1" 200 77
114.83.222.182 - - [01/Apr/2023:07:57:07 +0800] "POST /xingrg/dwr/call/plaincall/AjaxCheckService.setItemNumber.dwr HTTP/1.1" 200 77
114.83.222.182 - - [01/Apr/2023:07:57:11 +0800] "POST /xingrg/dwr/call/plaincall/AjaxCheckService.setItemNumber.dwr HTTP/1.1" 200 77
114.83.222.182 - - [01/Apr/2023:07:57:14 +0800] "POST /xingrg/dwr/call/plaincall/AjaxCheckService.setItemNumber.dwr HTTP/1.1" 200 77
114.83.222.182 - - [01/Apr/2023:07:57:15 +0800] "GET /xingrg/all/function/internal_message.html?_=1680307113642&CODE_STATE=getMsg HTTP/1.1" 200 27
114.83.222.182 - - [01/Apr/2023:07:57:17 +0800] "POST /xingrg/dwr/call/plaincall/AjaxCheckService.setItemNumber.dwr HTTP/1.1" 200 77
116.238.139.35 - - [01/Apr/2023:07:57:18 +0800] "GET /xingrg/kc/buy/cgsh_order_operate.html?command=get_materiel&rest_code=00150&code=00101008209&supplier_code=00100008&order_time=2023-04-01 HTTP/1.1" 200 408
114.83.222.182 - - [01/Apr/2023:07:57:20 +0800] "POST /xingrg/dwr/call/plaincall/AjaxCheckService.setItemNumber.dwr HTTP/1.1" 200 77
114.83.222.182 - - [01/Apr/2023:07:57:22 +0800] "POST /xingrg/dwr/call/plaincall/AjaxCheckService.setItemNumber.dwr HTTP/1.1" 200 77
114.83.222.182 - - [01/Apr/2023:07:57:25 +0800] "POST /xingrg/dwr/call/plaincall/AjaxCheckService.setItemNumber.dwr HTTP/1.1" 200 77
222.70.172.107 - - [01/Apr/2023:07:57:26 +0800] "GET /xingrg/all/function/internal_message.html?_=1680307068215&CODE_STATE=getMsg HTTP/1.1" 200 27
116.238.139.35 - - [01/Apr/2023:07:57:27 +0800] "GET /xingrg/kc/buy/cgsh_order_operate.html?command=get_materiel&rest_code=00150&code=00101008356&supplier_code=00100008&order_time=2023-04-01 HTTP/1.1" 200 408
114.83.222.182 - - [01/Apr/2023:07:57:28 +0800] "POST /xingrg/dwr/call/plaincall/AjaxCheckService.setItemNumber.dwr HTTP/1.1" 200 77
114.83.222.182 - - [01/Apr/2023:07:57:32 +0800] "POST /xingrg/dwr/call/plaincall/AjaxCheckService.setItemNumber.dwr HTTP/1.1" 200 77
114.83.222.182 - - [01/Apr/2023:07:57:35 +0800] "POST /xingrg/dwr/call/plaincall/AjaxCheckService.setItemNumber.dwr HTTP/1.1" 200 77
116.238.139.35 - - [01/Apr/2023:07:57:36 +0800] "GET /xingrg/kc/buy/cgsh_order_operate.html?command=get_materiel&rest_code=00150&code=00101008272&supplier_code=00100008&order_time=2023-04-01 HTTP/1.1" 200 412
114.83.222.182 - - [01/Apr/2023:07:57:37 +0800] "POST /xingrg/dwr/call/plaincall/AjaxCheckService.setItemNumber.dwr HTTP/1.1" 200 77
120.253.135.82 - - [01/Apr/2023:07:57:39 +0800] "GET /xingrg/check_reg.html?_=1680306892057 HTTP/1.1" 200 22
120.253.135.82 - - [01/Apr/2023:07:57:41 +0800] "GET /xingrg/all/function/internal_message.html?_=1680306893972&CODE_STATE=getMsg HTTP/1.1" 200 27
116.238.139.35 - - [01/Apr/2023:07:57:44 +0800] "GET /xingrg/all/function/internal_message.html?_=1680306979568&CODE_STATE=getMsg HTTP/1.1" 200 27
114.83.222.182 - - [01/Apr/2023:07:57:47 +0800] "POST /xingrg/dwr/call/plaincall/AjaxCheckService.setItemNumber.dwr HTTP/1.1" 200 77
116.238.139.35 - - [01/Apr/2023:07:57:49 +0800] "GET /xingrg/kc/buy/cgsh_order_operate.html?command=get_materiel&rest_code=00150&code=00101008077&supplier_code=00100008&order_time=2023-04-01 HTTP/1.1" 200 416
114.83.222.182 - - [01/Apr/2023:07:57:50 +0800] "POST /xingrg/dwr/call/plaincall/AjaxCheckService.setItemNumber.dwr HTTP/1.1" 200 77
101.229.172.229 - - [01/Apr/2023:07:57:53 +0800] "GET /xingrg/all/function/internal_message.html?_=1680307082577&CODE_STATE=getMsg HTTP/1.1" 200 27
114.83.222.182 - - [01/Apr/2023:07:57:54 +0800] "POST /xingrg/dwr/call/plaincall/AjaxCheckService.setItemNumber.dwr HTTP/1.1" 200 77
114.83.222.182 - - [01/Apr/2023:07:57:57 +0800] "POST /xingrg/dwr/call/plaincall/AjaxCheckService.setItemNumber.dwr HTTP/1.1" 200 77
116.238.139.35 - - [01/Apr/2023:07:57:59 +0800] "GET /xingrg/kc/buy/cgsh_order_operate.html?command=get_materiel&rest_code=00150&code=00101008079&supplier_code=00100008&order_time=2023-04-01 HTTP/1.1" 200 416
116.228.172.94 - - [01/Apr/2023:07:57:59 +0800] "GET /xingrg/all/function/internal_message.html?_=1680307012752&CODE_STATE=getMsg HTTP/1.1" 200 27
114.83.222.182 - - [01/Apr/2023:07:57:59 +0800] "POST /xingrg/dwr/call/plaincall/AjaxCheckService.setItemNumber.dwr HTTP/1.1" 200 77
114.83.222.182 - - [01/Apr/2023:07:58:02 +0800] "POST /xingrg/dwr/call/plaincall/AjaxCheckService.setItemNumber.dwr HTTP/1.1" 200 77
114.83.222.182 - - [01/Apr/2023:07:58:04 +0800] "POST /xingrg/dwr/call/plaincall/AjaxCheckService.setItemNumber.dwr HTTP/1.1" 200 77
114.83.222.182 - - [01/Apr/2023:07:58:06 +0800] "POST /xingrg/dwr/call/plaincall/AjaxCheckService.setItemNumber.dwr HTTP/1.1" 200 77
116.238.139.35 - - [01/Apr/2023:07:58:08 +0800] "GET /xingrg/kc/buy/cgsh_order_operate.html?command=get_materiel&rest_code=00150&code=00101008069&supplier_code=00100008&order_time=2023-04-01 HTTP/1.1" 200 412
114.83.222.182 - - [01/Apr/2023:07:58:09 +0800] "POST /xingrg/dwr/call/plaincall/AjaxCheckService.setItemNumber.dwr HTTP/1.1" 200 77
114.83.222.182 - - [01/Apr/2023:07:58:11 +0800] "POST /xingrg/dwr/call/plaincall/AjaxCheckService.setItemNumber.dwr HTTP/1.1" 200 77
114.83.222.182 - - [01/Apr/2023:07:58:14 +0800] "POST /xingrg/dwr/call/plaincall/AjaxCheckService.setItemNumber.dwr HTTP/1.1" 200 77
172.20.0.100 - - [01/Apr/2023:07:58:14 +0800] "GET /xingrg/check_reg.html?_=1680307109965 HTTP/1.1" 302 -
172.20.0.100 - - [01/Apr/2023:07:58:14 +0800] "GET /xingrg/check_reg.html?_=1680307110510 HTTP/1.1" 302 -
172.20.0.100 - - [01/Apr/2023:07:58:15 +0800] "GET /xingrg/check_reg.html?_=1680307110914 HTTP/1.1" 302 -
114.83.222.182 - - [01/Apr/2023:07:58:15 +0800] "GET /xingrg/check_reg.html?_=1680307173695 HTTP/1.1" 200 22
114.83.222.182 - - [01/Apr/2023:07:58:15 +0800] "GET /xingrg/all/function/internal_message.html?_=1680307173697&CODE_STATE=getMsg HTTP/1.1" 200 27
114.83.222.182 - - [01/Apr/2023:07:58:16 +0800] "POST /xingrg/dwr/call/plaincall/AjaxCheckService.setItemNumber.dwr HTTP/1.1" 200 77
116.238.139.35 - - [01/Apr/2023:07:58:17 +0800] "GET /xingrg/kc/buy/cgsh_order_operate.html?command=get_materiel&rest_code=00150&code=00101008286&supplier_code=00100008&order_time=2023-04-01 HTTP/1.1" 200 408
114.83.222.182 - - [01/Apr/2023:07:58:19 +0800] "POST /xingrg/dwr/call/plaincall/AjaxCheckService.setItemNumber.dwr HTTP/1.1" 200 77
114.83.222.182 - - [01/Apr/2023:07:58:21 +0800] "POST /xingrg/dwr/call/plaincall/AjaxCheckService.setItemNumber.dwr HTTP/1.1" 200 77
114.83.222.182 - - [01/Apr/2023:07:58:24 +0800] "POST /xingrg/dwr/call/plaincall/AjaxCheckService.setItemNumber.dwr HTTP/1.1" 200 77
116.238.139.35 - - [01/Apr/2023:07:58:24 +0800] "GET /xingrg/kc/buy/cgsh_order_operate.html?command=get_materiel&rest_code=00150&code=00101008036&supplier_code=00100008&order_time=2023-04-01 HTTP/1.1" 200 408
222.70.172.107 - - [01/Apr/2023:07:58:25 +0800] "GET /xingrg/check_reg.html?_=1680307127123 HTTP/1.1" 200 22
222.70.172.107 - - [01/Apr/2023:07:58:26 +0800] "GET /xingrg/all/function/internal_message.html?_=1680307128229&CODE_STATE=getMsg HTTP/1.1" 200 27
114.83.222.182 - - [01/Apr/2023:07:58:26 +0800] "POST /xingrg/dwr/call/plaincall/AjaxCheckService.setItemNumber.dwr HTTP/1.1" 200 77
114.83.222.182 - - [01/Apr/2023:07:58:28 +0800] "POST /xingrg/dwr/call/plaincall/AjaxCheckService.setItemNumber.dwr HTTP/1.1" 200 77
114.83.222.182 - - [01/Apr/2023:07:58:31 +0800] "POST /xingrg/dwr/call/plaincall/AjaxCheckService.setItemNumber.dwr HTTP/1.1" 200 77
114.83.222.182 - - [01/Apr/2023:07:58:34 +0800] "POST /xingrg/dwr/call/plaincall/AjaxCheckService.setItemNumber.dwr HTTP/1.1" 200 77
116.238.139.35 - - [01/Apr/2023:07:58:37 +0800] "GET /xingrg/kc/buy/cgsh_order_operate.html?command=get_materiel&rest_code=00150&code=00101008318&supplier_code=00100008&order_time=2023-04-01 HTTP/1.1" 200 408
114.83.222.182 - - [01/Apr/2023:07:58:37 +0800] "POST /xingrg/dwr/call/plaincall/AjaxCheckService.setItemNumber.dwr HTTP/1.1" 200 77
114.83.222.182 - - [01/Apr/2023:07:58:39 +0800] "POST /xingrg/dwr/call/plaincall/AjaxCheckService.setItemNumber.dwr HTTP/1.1" 200 77
120.253.135.82 - - [01/Apr/2023:07:58:41 +0800] "GET /xingrg/all/function/internal_message.html?_=1680306953986&CODE_STATE=getMsg HTTP/1.1" 200 27
114.83.222.182 - - [01/Apr/2023:07:58:42 +0800] "POST /xingrg/dwr/call/plaincall/AjaxCheckService.setItemNumber.dwr HTTP/1.1" 200 77
116.238.139.35 - - [01/Apr/2023:07:58:44 +0800] "GET /xingrg/all/function/internal_message.html?_=1680307039584&CODE_STATE=getMsg HTTP/1.1" 200 27
114.83.222.182 - - [01/Apr/2023:07:58:46 +0800] "POST /xingrg/dwr/call/plaincall/AjaxCheckService.setItemNumber.dwr HTTP/1.1" 200 77
116.238.139.35 - - [01/Apr/2023:07:58:48 +0800] "POST /xingrg/kc/buy/cgsh_order_operate.html HTTP/1.1" 200 37
114.83.222.182 - - [01/Apr/2023:07:58:48 +0800] "POST /xingrg/dwr/call/plaincall/AjaxCheckService.setItemNumber.dwr HTTP/1.1" 200 77
116.238.139.35 - - [01/Apr/2023:07:58:49 +0800] "POST /xingrg/kc/buy/cgsh_order_operate.html HTTP/1.1" 200 13883
114.83.222.182 - - [01/Apr/2023:07:58:51 +0800] "POST /xingrg/dwr/call/plaincall/AjaxCheckService.setItemNumber.dwr HTTP/1.1" 200 77
114.83.222.182 - - [01/Apr/2023:07:58:53 +0800] "POST /xingrg/dwr/call/plaincall/AjaxCheckService.setItemNumber.dwr HTTP/1.1" 200 77
101.229.172.229 - - [01/Apr/2023:07:58:53 +0800] "GET /xingrg/all/function/internal_message.html?_=1680307142572&CODE_STATE=getMsg HTTP/1.1" 200 27
114.83.222.182 - - [01/Apr/2023:07:58:57 +0800] "POST /xingrg/dwr/call/plaincall/AjaxCheckService.setItemNumber.dwr HTTP/1.1" 200 77
116.238.139.35 - - [01/Apr/2023:07:58:57 +0800] "GET /xingrg/kc/buy/cgsh_order_operate.html?command=get_materiel&rest_code=00150&code=00101008005&supplier_code=00100008&order_time=2023-04-01 HTTP/1.1" 200 412
116.228.172.94 - - [01/Apr/2023:07:58:59 +0800] "GET /xingrg/all/function/internal_message.html?_=1680307072745&CODE_STATE=getMsg HTTP/1.1" 200 27
114.83.222.182 - - [01/Apr/2023:07:59:00 +0800] "POST /xingrg/dwr/call/plaincall/AjaxCheckService.setItemNumber.dwr HTTP/1.1" 200 77
114.83.222.182 - - [01/Apr/2023:07:59:02 +0800] "POST /xingrg/dwr/call/plaincall/AjaxCheckService.setItemNumber.dwr HTTP/1.1" 200 77
114.83.222.182 - - [01/Apr/2023:07:59:04 +0800] "POST /xingrg/dwr/call/plaincall/AjaxCheckService.setItemNumber.dwr HTTP/1.1" 200 77
116.238.139.35 - - [01/Apr/2023:07:59:05 +0800] "GET /xingrg/kc/buy/cgsh_order_operate.html?command=get_materiel&rest_code=00150&code=00101008353&supplier_code=00100008&order_time=2023-04-01 HTTP/1.1" 200 408
114.83.222.182 - - [01/Apr/2023:07:59:06 +0800] "POST /xingrg/dwr/call/plaincall/AjaxCheckService.setItemNumber.dwr HTTP/1.1" 200 77
114.83.222.182 - - [01/Apr/2023:07:59:11 +0800] "POST /xingrg/dwr/call/plaincall/AjaxCheckService.setItemNumber.dwr HTTP/1.1" 200 77
116.238.139.35 - - [01/Apr/2023:07:59:13 +0800] "GET /xingrg/kc/buy/cgsh_order_operate.html?command=get_materiel&rest_code=00150&code=00101008359&supplier_code=00100008&order_time=2023-04-01 HTTP/1.1" 200 408
114.83.222.182 - - [01/Apr/2023:07:59:15 +0800] "GET /xingrg/all/function/internal_message.html?_=1680307233682&CODE_STATE=getMsg HTTP/1.1" 200 27
101.229.172.229 - - [01/Apr/2023:07:59:17 +0800] "GET /xingrg/kc/buy/cgsh_order_operate.html?command=get_materiel&rest_code=00144&code=00101020012&supplier_code=00100207&order_time=2023-04-01 HTTP/1.1" 200 413
114.83.222.182 - - [01/Apr/2023:07:59:18 +0800] "POST /xingrg/dwr/call/plaincall/AjaxCheckService.setItemNumber.dwr HTTP/1.1" 200 77
114.83.222.182 - - [01/Apr/2023:07:59:21 +0800] "POST /xingrg/dwr/call/plaincall/AjaxCheckService.setItemNumber.dwr HTTP/1.1" 200 77
116.238.139.35 - - [01/Apr/2023:07:59:23 +0800] "GET /xingrg/kc/buy/cgsh_order_operate.html?command=get_materiel&rest_code=00150&code=00101008312&supplier_code=00100008&order_time=2023-04-01 HTTP/1.1" 200 412
114.83.222.182 - - [01/Apr/2023:07:59:24 +0800] "POST /xingrg/dwr/call/plaincall/AjaxCheckService.setItemNumber.dwr HTTP/1.1" 200 77
222.70.172.107 - - [01/Apr/2023:07:59:26 +0800] "GET /xingrg/all/function/internal_message.html?_=1680307188243&CODE_STATE=getMsg HTTP/1.1" 200 27
114.83.222.182 - - [01/Apr/2023:07:59:29 +0800] "POST /xingrg/dwr/call/plaincall/AjaxCheckService.setItemNumber.dwr HTTP/1.1" 200 77
114.83.222.182 - - [01/Apr/2023:07:59:31 +0800] "POST /xingrg/dwr/call/plaincall/AjaxCheckService.setItemNumber.dwr HTTP/1.1" 200 77
101.229.172.229 - - [01/Apr/2023:07:59:32 +0800] "GET /xingrg/kc/buy/cgsh_order_operate.html?command=get_materiel&rest_code=00144&code=00101020381&supplier_code=00100207&order_time=2023-04-01 HTTP/1.1" 200 418
116.238.139.35 - - [01/Apr/2023:07:59:35 +0800] "GET /xingrg/kc/buy/cgsh_order_operate.html?command=get_materiel&rest_code=00150&code=00101008275&supplier_code=00100008&order_time=2023-04-01 HTTP/1.1" 200 416
114.83.222.182 - - [01/Apr/2023:07:59:36 +0800] "POST /xingrg/dwr/call/plaincall/AjaxCheckService.setItemNumber.dwr HTTP/1.1" 200 77
114.83.222.182 - - [01/Apr/2023:07:59:41 +0800] "POST /xingrg/dwr/call/plaincall/AjaxCheckService.setItemNumber.dwr HTTP/1.1" 200 77
120.253.135.82 - - [01/Apr/2023:07:59:41 +0800] "GET /xingrg/all/function/internal_message.html?_=1680307014034&CODE_STATE=getMsg HTTP/1.1" 200 27
116.238.139.35 - - [01/Apr/2023:07:59:43 +0800] "POST /xingrg/kc/buy/cgsh_order_operate.html HTTP/1.1" 200 37
116.238.139.35 - - [01/Apr/2023:07:59:44 +0800] "GET /xingrg/all/function/internal_message.html?_=1680307099597&CODE_STATE=getMsg HTTP/1.1" 200 27
116.238.139.35 - - [01/Apr/2023:07:59:44 +0800] "POST /xingrg/kc/buy/cgsh_order_operate.html HTTP/1.1" 200 16843
114.83.222.182 - - [01/Apr/2023:07:59:45 +0800] "POST /xingrg/dwr/call/plaincall/AjaxCheckService.setItemNumber.dwr HTTP/1.1" 200 77
101.229.172.229 - - [01/Apr/2023:07:59:46 +0800] "GET /xingrg/kc/buy/cgsh_order_operate.html?command=get_materiel&rest_code=00144&code=00102009764&supplier_code=00100207&order_time=2023-04-01 HTTP/1.1" 200 420
114.83.222.182 - - [01/Apr/2023:07:59:49 +0800] "POST /xingrg/dwr/call/plaincall/AjaxCheckService.setItemNumber.dwr HTTP/1.1" 200 77
114.83.222.182 - - [01/Apr/2023:07:59:52 +0800] "POST /xingrg/dwr/call/plaincall/AjaxCheckService.setItemNumber.dwr HTTP/1.1" 200 77
116.238.139.35 - - [01/Apr/2023:07:59:52 +0800] "GET /xingrg/kc/buy/cgsh_order_operate.html?command=get_materiel&rest_code=00150&code=00101008558&supplier_code=00100008&order_time=2023-04-01 HTTP/1.1" 200 409
101.229.172.229 - - [01/Apr/2023:07:59:53 +0800] "GET /xingrg/all/function/internal_message.html?_=1680307202587&CODE_STATE=getMsg HTTP/1.1" 200 27
101.229.172.229 - - [01/Apr/2023:07:59:53 +0800] "GET /xingrg/check_reg.html?_=1680307202593 HTTP/1.1" 200 22
114.83.222.182 - - [01/Apr/2023:07:59:57 +0800] "POST /xingrg/dwr/call/plaincall/AjaxCheckService.setItemNumber.dwr HTTP/1.1" 200 77
116.228.172.94 - - [01/Apr/2023:07:59:59 +0800] "GET /xingrg/all/function/internal_message.html?_=1680307132763&CODE_STATE=getMsg HTTP/1.1" 200 27
116.228.172.94 - - [01/Apr/2023:07:59:59 +0800] "GET /xingrg/check_reg.html?_=1680307132767 HTTP/1.1" 200 22
101.229.172.229 - - [01/Apr/2023:08:00:01 +0800] "GET /xingrg/kc/buy/cgsh_order_operate.html?command=get_materiel&rest_code=00144&code=00102010406&supplier_code=00100207&order_time=2023-04-01 HTTP/1.1" 200 417
116.238.139.35 - - [01/Apr/2023:08:00:04 +0800] "GET /xingrg/kc/buy/cgsh_order_operate.html?command=get_materiel&rest_code=00150&code=00101008150&supplier_code=00100008&order_time=2023-04-01 HTTP/1.1" 200 409
101.229.172.229 - - [01/Apr/2023:08:00:12 +0800] "GET /xingrg/kc/buy/cgsh_order_operate.html?command=get_materiel&rest_code=00144&code=00102002378&supplier_code=00100207&order_time=2023-04-01 HTTP/1.1" 200 408
116.238.139.35 - - [01/Apr/2023:08:00:15 +0800] "GET /xingrg/kc/buy/cgsh_order_operate.html?command=get_materiel&rest_code=00150&code=00101008168&supplier_code=00100008&order_time=2023-04-01 HTTP/1.1" 200 413
114.83.222.182 - - [01/Apr/2023:08:00:15 +0800] "GET /xingrg/all/function/internal_message.html?_=1680307293657&CODE_STATE=getMsg HTTP/1.1" 200 27
101.229.172.229 - - [01/Apr/2023:08:00:21 +0800] "GET /xingrg/kc/buy/cgsh_order_operate.html?command=get_materiel&rest_code=00144&code=00102003674&supplier_code=00100207&order_time=2023-04-01 HTTP/1.1" 200 432
116.238.139.35 - - [01/Apr/2023:08:00:26 +0800] "GET /xingrg/kc/buy/cgsh_order_operate.html?command=get_materiel&rest_code=00150&code=00101008061&supplier_code=00100008&order_time=2023-04-01 HTTP/1.1" 200 422
222.70.172.107 - - [01/Apr/2023:08:00:26 +0800] "GET /xingrg/all/function/internal_message.html?_=1680307248255&CODE_STATE=getMsg HTTP/1.1" 200 27
101.229.172.229 - - [01/Apr/2023:08:00:34 +0800] "GET /xingrg/kc/buy/cgsh_order_operate.html?command=get_materiel&rest_code=00144&code=00102002167&supplier_code=00100207&order_time=2023-04-01 HTTP/1.1" 200 409
114.83.222.182 - - [01/Apr/2023:08:00:35 +0800] "POST /xingrg/dwr/call/plaincall/AjaxCheckService.setItemNumber.dwr HTTP/1.1" 200 77
116.238.139.35 - - [01/Apr/2023:08:00:36 +0800] "GET /xingrg/kc/buy/cgsh_order_operate.html?command=get_materiel&rest_code=00150&code=00101008095&supplier_code=00100008&order_time=2023-04-01 HTTP/1.1" 200 413
114.83.222.182 - - [01/Apr/2023:08:00:38 +0800] "POST /xingrg/dwr/call/plaincall/AjaxCheckService.setItemNumber.dwr HTTP/1.1" 200 77
120.253.135.82 - - [01/Apr/2023:08:00:41 +0800] "GET /xingrg/all/function/internal_message.html?_=1680307074044&CODE_STATE=getMsg HTTP/1.1" 200 27
114.83.222.182 - - [01/Apr/2023:08:00:42 +0800] "POST /xingrg/dwr/call/plaincall/AjaxCheckService.setItemNumber.dwr HTTP/1.1" 200 77
114.83.222.182 - - [01/Apr/2023:08:00:45 +0800] "POST /xingrg/dwr/call/plaincall/AjaxCheckService.setItemNumber.dwr HTTP/1.1" 200 77
222.70.182.87 - - [01/Apr/2023:08:00:46 +0800] "POST /xingrg/services/DataTransmitService HTTP/1.1" 200 524
114.83.222.182 - - [01/Apr/2023:08:00:48 +0800] "POST /xingrg/dwr/call/plaincall/AjaxCheckService.setItemNumber.dwr HTTP/1.1" 200 77
172.20.0.100 - - [01/Apr/2023:08:00:50 +0800] "GET /xingrg/check_reg.html?_=1680307265776 HTTP/1.1" 302 -
114.83.222.182 - - [01/Apr/2023:08:00:50 +0800] "POST /xingrg/dwr/call/plaincall/AjaxCheckService.setItemNumber.dwr HTTP/1.1" 200 77
101.229.172.229 - - [01/Apr/2023:08:00:53 +0800] "GET /xingrg/all/function/internal_message.html?_=1680307262590&CODE_STATE=getMsg HTTP/1.1" 200 27
114.83.222.182 - - [01/Apr/2023:08:00:53 +0800] "POST /xingrg/dwr/call/plaincall/AjaxCheckService.setItemNumber.dwr HTTP/1.1" 200 77
116.238.139.35 - - [01/Apr/2023:08:00:54 +0800] "POST /xingrg/kc/buy/cgsh_order_operate.html HTTP/1.1" 200 37
116.238.139.35 - - [01/Apr/2023:08:00:56 +0800] "POST /xingrg/kc/buy/cgsh_order_operate.html HTTP/1.1" 200 19806
114.83.222.182 - - [01/Apr/2023:08:00:57 +0800] "POST /xingrg/dwr/call/plaincall/AjaxCheckService.setItemNumber.dwr HTTP/1.1" 200 77
101.229.172.229 - - [01/Apr/2023:08:00:57 +0800] "GET /xingrg/kc/buy/cgsh_order_operate.html?command=get_materiel&rest_code=00144&code=00101006011&supplier_code=00100207&order_time=2023-04-01 HTTP/1.1" 200 23
114.83.222.182 - - [01/Apr/2023:08:00:58 +0800] "POST /xingrg/dwr/call/plaincall/AjaxCheckService.setItemNumber.dwr HTTP/1.1" 200 77
116.228.172.94 - - [01/Apr/2023:08:00:59 +0800] "GET /xingrg/all/function/internal_message.html?_=1680307192760&CODE_STATE=getMsg HTTP/1.1" 200 27
114.83.222.182 - - [01/Apr/2023:08:01:02 +0800] "POST /xingrg/dwr/call/plaincall/AjaxCheckService.setItemNumber.dwr HTTP/1.1" 200 77
114.83.222.182 - - [01/Apr/2023:08:01:05 +0800] "POST /xingrg/dwr/call/plaincall/AjaxCheckService.setItemNumber.dwr HTTP/1.1" 200 77
116.238.139.35 - - [01/Apr/2023:08:01:06 +0800] "GET /xingrg/kc/buy/cgsh_order_operate.html?command=get_materiel&rest_code=00150&code=00101008110&supplier_code=00100008&order_time=2023-04-01 HTTP/1.1" 200 409
114.83.222.182 - - [01/Apr/2023:08:01:08 +0800] "POST /xingrg/dwr/call/plaincall/AjaxCheckService.setItemNumber.dwr HTTP/1.1" 200 77
101.229.172.229 - - [01/Apr/2023:08:01:08 +0800] "GET /xingrg/kc/buy/cgsh_order_operate.html?command=get_materiel&rest_code=00144&code=00101008036&supplier_code=00100207&order_time=2023-04-01 HTTP/1.1" 200 408
114.83.222.182 - - [01/Apr/2023:08:01:10 +0800] "POST /xingrg/dwr/call/plaincall/AjaxCheckService.setItemNumber.dwr HTTP/1.1" 200 77
114.83.222.182 - - [01/Apr/2023:08:01:15 +0800] "POST /xingrg/dwr/call/plaincall/AjaxCheckService.setItemNumber.dwr HTTP/1.1" 200 77
116.238.139.35 - - [01/Apr/2023:08:01:15 +0800] "GET /xingrg/kc/buy/cgsh_order_operate.html?command=get_materiel&rest_code=00150&code=00101008229&supplier_code=00100008&order_time=2023-04-01 HTTP/1.1" 200 420
114.83.222.182 - - [01/Apr/2023:08:01:15 +0800] "GET /xingrg/all/function/internal_message.html?_=1680307353642&CODE_STATE=getMsg HTTP/1.1" 200 27
114.83.222.182 - - [01/Apr/2023:08:01:18 +0800] "POST /xingrg/dwr/call/plaincall/AjaxCheckService.setItemNumber.dwr HTTP/1.1" 200 77
101.229.172.229 - - [01/Apr/2023:08:01:18 +0800] "POST /xingrg/kc/buy/cgsh_order_operate.html HTTP/1.1" 200 75
114.83.222.182 - - [01/Apr/2023:08:01:22 +0800] "POST /xingrg/dwr/call/plaincall/AjaxCheckService.setItemNumber.dwr HTTP/1.1" 200 77
114.83.222.182 - - [01/Apr/2023:08:01:25 +0800] "POST /xingrg/dwr/call/plaincall/AjaxCheckService.setItemNumber.dwr HTTP/1.1" 200 77
222.70.172.107 - - [01/Apr/2023:08:01:26 +0800] "GET /xingrg/all/function/internal_message.html?_=1680307308274&CODE_STATE=getMsg HTTP/1.1" 200 27
114.83.222.182 - - [01/Apr/2023:08:01:27 +0800] "POST /xingrg/dwr/call/plaincall/AjaxCheckService.setItemNumber.dwr HTTP/1.1" 200 77
101.229.172.229 - - [01/Apr/2023:08:01:31 +0800] "POST /xingrg/kc/buy/cgsh_order_operate.html HTTP/1.1" 200 37
116.238.139.35 - - [01/Apr/2023:08:01:31 +0800] "GET /xingrg/kc/buy/cgsh_order_operate.html?command=get_materiel&rest_code=00150&code=00101008041&supplier_code=00100008&order_time=2023-04-01 HTTP/1.1" 200 408
101.229.172.229 - - [01/Apr/2023:08:01:32 +0800] "POST /xingrg/kc/buy/cgsh_order_operate.html HTTP/1.1" 200 6848
114.83.222.182 - - [01/Apr/2023:08:01:33 +0800] "POST /xingrg/dwr/call/plaincall/AjaxCheckService.setItemNumber.dwr HTTP/1.1" 200 77
101.229.172.229 - - [01/Apr/2023:08:01:35 +0800] "GET /xingrg/login.html HTTP/1.1" 200 7641
101.229.172.229 - - [01/Apr/2023:08:01:35 +0800] "GET /favicon.ico HTTP/1.1" 404 -
101.229.172.229 - - [01/Apr/2023:08:01:40 +0800] "POST /xingrg/login.do HTTP/1.1" 302 -
101.229.172.229 - - [01/Apr/2023:08:01:40 +0800] "GET /xingrg/index.html?sysBaseUrl=http%3A%2F%2F180.169.147.146%3A18081%2Fxingrg%2F&costTime=831×tamp=1680307300713 HTTP/1.1" 200 17179
101.229.172.229 - - [01/Apr/2023:08:01:41 +0800] "GET /favicon.ico HTTP/1.1" 404 -
101.229.172.229 - - [01/Apr/2023:08:01:41 +0800] "GET /xingrg/all/function/internal_message.html?_=1680307310305&CODE_STATE=count HTTP/1.1" 200 11
101.229.172.229 - - [01/Apr/2023:08:01:41 +0800] "GET /xingrg/check_reg.html?_=1680307310307 HTTP/1.1" 200 22
101.229.172.229 - - [01/Apr/2023:08:01:41 +0800] "POST /xingrg/all/common/load_tree.html?tree=area_rest_tree_json&manage=1 HTTP/1.1" 200 351
101.229.172.229 - - [01/Apr/2023:08:01:41 +0800] "POST /xingrg/load_menu.html HTTP/1.1" 200 5138
120.253.135.82 - - [01/Apr/2023:08:01:41 +0800] "GET /xingrg/all/function/internal_message.html?_=1680307134084&CODE_STATE=getMsg HTTP/1.1" 200 27
116.238.139.35 - - [01/Apr/2023:08:01:43 +0800] "GET /xingrg/all/function/internal_message.html?_=1680307219443&CODE_STATE=getMsg HTTP/1.1" 200 27
116.238.139.35 - - [01/Apr/2023:08:01:43 +0800] "GET /xingrg/check_reg.html?_=1680307219446 HTTP/1.1" 200 22
101.229.172.229 - - [01/Apr/2023:08:01:44 +0800] "GET /xingrg/kc/buy/cgsh_order_list.html HTTP/1.1" 200 54185
101.229.172.229 - - [01/Apr/2023:08:01:47 +0800] "POST /xingrg/kc/buy/cgsh_list_operate.html HTTP/1.1" 200 1865
58.221.95.50 - - [01/Apr/2023:08:01:47 +0800] "GET /xingrg/check_reg.html?_=1680307308834 HTTP/1.1" 302 -
101.229.172.229 - - [01/Apr/2023:08:01:49 +0800] "POST /xingrg/kc/buy/cgsh_list_operate.html HTTP/1.1" 200 591
124.79.240.114 - - [01/Apr/2023:08:01:49 +0800] "POST /xingrg/services/DataTransmitService HTTP/1.1" 200 524
101.229.172.229 - - [01/Apr/2023:08:01:50 +0800] "GET /xingrg/kc/buy/cgsh_order_info.html?code=212023040100006 HTTP/1.1" 200 69001
116.238.139.35 - - [01/Apr/2023:08:01:51 +0800] "GET /xingrg/kc/buy/cgsh_order_operate.html?command=get_materiel&rest_code=00150&code=00101008358&supplier_code=00100008&order_time=2023-04-01 HTTP/1.1" 200 412
101.229.172.229 - - [01/Apr/2023:08:01:51 +0800] "GET /xingrg/javascript/easyui/themes/default/validatebox.css HTTP/1.1" 404 1104
101.229.172.229 - - [01/Apr/2023:08:01:51 +0800] "GET /xingrg/all/common/auto_word.html?type=employee&rest_code=00144 HTTP/1.1" 200 101
101.229.172.229 - - [01/Apr/2023:08:01:51 +0800] "GET /xingrg/all/common/auto_word.html?type=employee&rest_code=00144 HTTP/1.1" 200 101
101.229.172.229 - - [01/Apr/2023:08:01:51 +0800] "POST /xingrg/kc/buy/cgsh_order_operate.html HTTP/1.1" 200 6848
101.229.172.229 - - [01/Apr/2023:08:01:53 +0800] "GET /xingrg/javascript/auto/indicator.gif HTTP/1.1" 404 1066
101.229.172.229 - - [01/Apr/2023:08:01:57 +0800] "GET /xingrg/kc/buy/cgsh_order_operate.html?command=get_materiel&rest_code=00144&code=00101006011&supplier_code=00100207&order_time=2023-04-01 HTTP/1.1" 200 411
116.228.172.94 - - [01/Apr/2023:08:01:59 +0800] "GET /xingrg/all/function/internal_message.html?_=1680307252764&CODE_STATE=getMsg HTTP/1.1" 200 27
116.238.139.35 - - [01/Apr/2023:08:02:01 +0800] "GET /xingrg/kc/buy/cgsh_order_operate.html?command=get_materiel&rest_code=00150&code=00101008211&supplier_code=00100008&order_time=2023-04-01 HTTP/1.1" 200 412
114.83.222.182 - - [01/Apr/2023:08:02:06 +0800] "POST /xingrg/dwr/call/plaincall/AjaxCheckService.checkOrder.dwr HTTP/1.1" 200 79
114.83.222.182 - - [01/Apr/2023:08:02:07 +0800] "GET /xingrg/kc/base/check_order_info.html?code=452023033100376 HTTP/1.1" 200 22858
114.83.222.182 - - [01/Apr/2023:08:02:07 +0800] "GET /xingrg/dwr/interface/AjaxComOrderService.js HTTP/1.1" 200 18264
114.83.222.182 - - [01/Apr/2023:08:02:07 +0800] "GET /xingrg/dwr/interface/AjaxCheckService.js HTTP/1.1" 200 14003
114.83.222.182 - - [01/Apr/2023:08:02:07 +0800] "GET /xingrg/dwr/engine.js HTTP/1.1" 200 43631
114.83.222.182 - - [01/Apr/2023:08:02:08 +0800] "POST /xingrg/dwr/call/plaincall/AjaxCheckService.loadOrderItems.dwr HTTP/1.1" 200 29309
116.238.139.35 - - [01/Apr/2023:08:02:11 +0800] "POST /xingrg/kc/buy/cgsh_order_operate.html HTTP/1.1" 200 37
101.229.172.229 - - [01/Apr/2023:08:02:13 +0800] "GET /xingrg/kc/buy/cgsh_order_operate.html?command=get_materiel&rest_code=00144&code=00102010757&supplier_code=00100207&order_time=2023-04-01 HTTP/1.1" 200 413
116.238.139.35 - - [01/Apr/2023:08:02:13 +0800] "POST /xingrg/kc/buy/cgsh_order_operate.html HTTP/1.1" 200 22774
114.83.222.182 - - [01/Apr/2023:08:02:15 +0800] "GET /xingrg/all/function/internal_message.html?_=1680307413630&CODE_STATE=getMsg HTTP/1.1" 200 27
116.238.139.35 - - [01/Apr/2023:08:02:20 +0800] "GET /xingrg/kc/buy/cgsh_order_operate.html?command=get_materiel&rest_code=00150&code=00101008141&supplier_code=00100008&order_time=2023-04-01 HTTP/1.1" 200 412
222.70.172.107 - - [01/Apr/2023:08:02:26 +0800] "GET /xingrg/all/function/internal_message.html?_=1680307368282&CODE_STATE=getMsg HTTP/1.1" 200 27
101.229.172.229 - - [01/Apr/2023:08:02:27 +0800] "GET /xingrg/kc/buy/cgsh_order_operate.html?command=get_materiel&rest_code=00144&code=00101006110&supplier_code=00100207&order_time=2023-04-01 HTTP/1.1" 200 409
116.238.139.35 - - [01/Apr/2023:08:02:29 +0800] "GET /xingrg/kc/buy/cgsh_order_operate.html?command=get_materiel&rest_code=00150&code=00101008087&supplier_code=00100008&order_time=2023-04-01 HTTP/1.1" 200 412
116.238.139.35 - - [01/Apr/2023:08:02:39 +0800] "POST /xingrg/kc/buy/cgsh_order_operate.html HTTP/1.1" 200 37
120.253.135.82 - - [01/Apr/2023:08:02:39 +0800] "GET /xingrg/check_reg.html?_=1680307192059 HTTP/1.1" 200 22
101.229.172.229 - - [01/Apr/2023:08:02:41 +0800] "GET /xingrg/all/function/internal_message.html?_=1680307370320&CODE_STATE=getMsg HTTP/1.1" 200 27
120.253.135.82 - - [01/Apr/2023:08:02:41 +0800] "GET /xingrg/all/function/internal_message.html?_=1680307194113&CODE_STATE=getMsg HTTP/1.1" 200 27
101.229.172.229 - - [01/Apr/2023:08:02:42 +0800] "GET /xingrg/kc/buy/cgsh_order_operate.html?command=get_materiel&rest_code=00144&code=00102002446&supplier_code=00100207&order_time=2023-04-01 HTTP/1.1" 200 417
101.229.172.229 - - [01/Apr/2023:08:02:49 +0800] "POST /xingrg/kc/buy/cgsh_order_operate.html HTTP/1.1" 200 2065
116.228.172.94 - - [01/Apr/2023:08:02:59 +0800] "GET /xingrg/all/function/internal_message.html?_=1680307312762&CODE_STATE=getMsg HTTP/1.1" 200 27
101.229.172.229 - - [01/Apr/2023:08:03:01 +0800] "GET /xingrg/kc/buy/cgsh_order_operate.html?command=get_materiel&rest_code=00144&code=00101006084&supplier_code=00100207&order_time=2023-04-01 HTTP/1.1" 200 415
172.20.0.100 - - [01/Apr/2023:08:03:14 +0800] "GET /xingrg/check_reg.html?_=1680307409967 HTTP/1.1" 302 -
172.20.0.100 - - [01/Apr/2023:08:03:14 +0800] "GET /xingrg/check_reg.html?_=1680307410484 HTTP/1.1" 302 -
172.20.0.100 - - [01/Apr/2023:08:03:15 +0800] "GET /xingrg/check_reg.html?_=1680307410888 HTTP/1.1" 302 -
114.83.222.182 - - [01/Apr/2023:08:03:15 +0800] "GET /xingrg/all/function/internal_message.html?_=1680307473619&CODE_STATE=getMsg HTTP/1.1" 200 27
114.83.222.182 - - [01/Apr/2023:08:03:15 +0800] "GET /xingrg/check_reg.html?_=1680307473668 HTTP/1.1" 200 22
101.229.172.229 - - [01/Apr/2023:08:03:16 +0800] "GET /xingrg/kc/buy/cgsh_order_operate.html?command=get_materiel&rest_code=00144&code=00101006005&supplier_code=00100207&order_time=2023-04-01 HTTP/1.1" 200 419
222.70.172.107 - - [01/Apr/2023:08:03:25 +0800] "GET /xingrg/check_reg.html?_=1680307427132 HTTP/1.1" 200 22
222.70.172.107 - - [01/Apr/2023:08:03:26 +0800] "GET /xingrg/all/function/internal_message.html?_=1680307428297&CODE_STATE=getMsg HTTP/1.1" 200 27
101.229.172.229 - - [01/Apr/2023:08:03:41 +0800] "GET /xingrg/all/function/internal_message.html?_=1680307430313&CODE_STATE=getMsg HTTP/1.1" 200 27
120.253.135.82 - - [01/Apr/2023:08:03:41 +0800] "GET /xingrg/all/function/internal_message.html?_=1680307254116&CODE_STATE=getMsg HTTP/1.1" 200 27
116.228.172.94 - - [01/Apr/2023:08:03:59 +0800] "GET /xingrg/all/function/internal_message.html?_=1680307372766&CODE_STATE=getMsg HTTP/1.1" 200 27
116.238.139.35 - - [01/Apr/2023:08:04:07 +0800] "POST /xingrg/kc/buy/cgsh_order_operate.html HTTP/1.1" 200 23964
101.229.172.229 - - [01/Apr/2023:08:04:10 +0800] "POST /xingrg/kc/buy/cgsh_order_operate.html HTTP/1.1" 200 2065
114.83.222.182 - - [01/Apr/2023:08:04:15 +0800] "GET /xingrg/all/function/internal_message.html?_=1680307533609&CODE_STATE=getMsg HTTP/1.1" 200 27
222.70.172.107 - - [01/Apr/2023:08:04:26 +0800] "GET /xingrg/all/function/internal_message.html?_=1680307488310&CODE_STATE=getMsg HTTP/1.1" 200 27
114.83.222.182 - - [01/Apr/2023:08:04:29 +0800] "GET /xingrg/kc/base/check_order_list.html?isBack=1 HTTP/1.1" 200 16223
114.83.222.182 - - [01/Apr/2023:08:04:29 +0800] "POST /xingrg/kc/base/check_list_operate.html HTTP/1.1" 200 2565
114.83.222.182 - - [01/Apr/2023:08:04:37 +0800] "GET /xingrg/kc/base/check_order_info.html?code=452023033100374 HTTP/1.1" 200 25616
114.83.222.182 - - [01/Apr/2023:08:04:37 +0800] "GET /xingrg/dwr/interface/AjaxComOrderService.js HTTP/1.1" 200 18264
114.83.222.182 - - [01/Apr/2023:08:04:37 +0800] "GET /xingrg/dwr/interface/AjaxCheckService.js HTTP/1.1" 200 14003
114.83.222.182 - - [01/Apr/2023:08:04:37 +0800] "GET /xingrg/dwr/engine.js HTTP/1.1" 200 43631
114.83.222.182 - - [01/Apr/2023:08:04:37 +0800] "POST /xingrg/dwr/call/plaincall/AjaxCheckService.loadOrderItems.dwr HTTP/1.1" 200 14433
101.229.172.229 - - [01/Apr/2023:08:04:41 +0800] "GET /xingrg/all/function/internal_message.html?_=1680307490320&CODE_STATE=getMsg HTTP/1.1" 200 27
120.253.135.82 - - [01/Apr/2023:08:04:41 +0800] "GET /xingrg/all/function/internal_message.html?_=1680307314131&CODE_STATE=getMsg HTTP/1.1" 200 27
116.238.139.35 - - [01/Apr/2023:08:04:43 +0800] "GET /xingrg/all/function/internal_message.html?_=1680307399477&CODE_STATE=getMsg HTTP/1.1" 200 27
114.83.222.182 - - [01/Apr/2023:08:04:47 +0800] "POST /xingrg/dwr/call/plaincall/AjaxCheckService.setItemNumber.dwr HTTP/1.1" 200 76
114.83.222.182 - - [01/Apr/2023:08:04:50 +0800] "POST /xingrg/dwr/call/plaincall/AjaxCheckService.setItemNumber.dwr HTTP/1.1" 200 76
114.83.222.182 - - [01/Apr/2023:08:04:52 +0800] "POST /xingrg/dwr/call/plaincall/AjaxCheckService.setItemNumber.dwr HTTP/1.1" 200 76
101.229.172.229 - - [01/Apr/2023:08:04:53 +0800] "GET /xingrg/kc/buy/cgsh_order_operate.html?command=get_materiel&rest_code=00144&code=00101016011&supplier_code=00100207&order_time=2023-04-01 HTTP/1.1" 200 410
114.83.222.182 - - [01/Apr/2023:08:04:55 +0800] "POST /xingrg/dwr/call/plaincall/AjaxCheckService.setItemNumber.dwr HTTP/1.1" 200 76
114.83.222.182 - - [01/Apr/2023:08:04:57 +0800] "POST /xingrg/dwr/call/plaincall/AjaxCheckService.setItemNumber.dwr HTTP/1.1" 200 76
116.228.172.94 - - [01/Apr/2023:08:04:59 +0800] "GET /xingrg/check_reg.html?_=1680307432762 HTTP/1.1" 200 22
116.228.172.94 - - [01/Apr/2023:08:04:59 +0800] "GET /xingrg/all/function/internal_message.html?_=1680307432766&CODE_STATE=getMsg HTTP/1.1" 200 27
114.83.222.182 - - [01/Apr/2023:08:05:05 +0800] "POST /xingrg/dwr/call/plaincall/AjaxCheckService.setItemNumber.dwr HTTP/1.1" 200 76
101.229.172.229 - - [01/Apr/2023:08:05:07 +0800] "GET /xingrg/kc/buy/cgsh_order_operate.html?command=get_materiel&rest_code=00144&code=00101009045&supplier_code=00100207&order_time=2023-04-01 HTTP/1.1" 200 414
114.83.222.182 - - [01/Apr/2023:08:05:08 +0800] "POST /xingrg/dwr/call/plaincall/AjaxCheckService.setItemNumber.dwr HTTP/1.1" 200 76
114.83.222.182 - - [01/Apr/2023:08:05:10 +0800] "POST /xingrg/dwr/call/plaincall/AjaxCheckService.setItemNumber.dwr HTTP/1.1" 200 76
114.83.222.182 - - [01/Apr/2023:08:05:13 +0800] "POST /xingrg/dwr/call/plaincall/AjaxCheckService.setItemNumber.dwr HTTP/1.1" 200 76
114.83.222.182 - - [01/Apr/2023:08:05:15 +0800] "GET /xingrg/all/function/internal_message.html?_=1680307593603&CODE_STATE=getMsg HTTP/1.1" 200 27
114.83.222.182 - - [01/Apr/2023:08:05:17 +0800] "POST /xingrg/dwr/call/plaincall/AjaxCheckService.setItemNumber.dwr HTTP/1.1" 200 77
114.83.222.182 - - [01/Apr/2023:08:05:20 +0800] "POST /xingrg/dwr/call/plaincall/AjaxCheckService.setItemNumber.dwr HTTP/1.1" 200 77
114.83.222.182 - - [01/Apr/2023:08:05:23 +0800] "POST /xingrg/dwr/call/plaincall/AjaxCheckService.setItemNumber.dwr HTTP/1.1" 200 77
101.229.172.229 - - [01/Apr/2023:08:05:25 +0800] "GET /xingrg/kc/buy/cgsh_order_operate.html?command=get_materiel&rest_code=00144&code=00101009023&supplier_code=00100207&order_time=2023-04-01 HTTP/1.1" 200 408
222.70.172.107 - - [01/Apr/2023:08:05:26 +0800] "GET /xingrg/all/function/internal_message.html?_=1680307548323&CODE_STATE=getMsg HTTP/1.1" 200 27
114.83.222.182 - - [01/Apr/2023:08:05:27 +0800] "POST /xingrg/dwr/call/plaincall/AjaxCheckService.setItemNumber.dwr HTTP/1.1" 200 77
101.229.172.229 - - [01/Apr/2023:08:05:30 +0800] "POST /xingrg/kc/buy/cgsh_order_operate.html HTTP/1.1" 200 2065
114.83.222.182 - - [01/Apr/2023:08:05:30 +0800] "POST /xingrg/dwr/call/plaincall/AjaxCheckService.setItemNumber.dwr HTTP/1.1" 200 77
114.83.222.182 - - [01/Apr/2023:08:05:33 +0800] "POST /xingrg/dwr/call/plaincall/AjaxCheckService.setItemNumber.dwr HTTP/1.1" 200 77
101.229.172.229 - - [01/Apr/2023:08:05:36 +0800] "GET /xingrg/kc/buy/cgsh_order_operate.html?command=get_materiel&rest_code=00144&code=00101011007&supplier_code=00100207&order_time=2023-04-01 HTTP/1.1" 200 416
114.83.222.182 - - [01/Apr/2023:08:05:38 +0800] "POST /xingrg/dwr/call/plaincall/AjaxCheckService.setItemNumber.dwr HTTP/1.1" 200 77
114.83.222.182 - - [01/Apr/2023:08:05:41 +0800] "POST /xingrg/dwr/call/plaincall/AjaxCheckService.setItemNumber.dwr HTTP/1.1" 200 77
101.229.172.229 - - [01/Apr/2023:08:05:41 +0800] "GET /xingrg/all/function/internal_message.html?_=1680307550324&CODE_STATE=getMsg HTTP/1.1" 200 27
120.253.135.82 - - [01/Apr/2023:08:05:41 +0800] "GET /xingrg/all/function/internal_message.html?_=1680307374177&CODE_STATE=getMsg HTTP/1.1" 200 27
114.83.222.182 - - [01/Apr/2023:08:05:43 +0800] "POST /xingrg/dwr/call/plaincall/AjaxCheckService.setItemNumber.dwr HTTP/1.1" 200 77
116.238.139.35 - - [01/Apr/2023:08:05:44 +0800] "GET /xingrg/all/function/internal_message.html?_=1680307459594&CODE_STATE=getMsg HTTP/1.1" 200 27
114.83.222.182 - - [01/Apr/2023:08:05:46 +0800] "POST /xingrg/dwr/call/plaincall/AjaxCheckService.setItemNumber.dwr HTTP/1.1" 200 77
114.83.222.182 - - [01/Apr/2023:08:05:48 +0800] "POST /xingrg/dwr/call/plaincall/AjaxCheckService.setItemNumber.dwr HTTP/1.1" 200 77
172.20.0.100 - - [01/Apr/2023:08:05:50 +0800] "GET /xingrg/check_reg.html?_=1680307565747 HTTP/1.1" 302 -
114.83.222.182 - - [01/Apr/2023:08:05:51 +0800] "POST /xingrg/dwr/call/plaincall/AjaxCheckService.setItemNumber.dwr HTTP/1.1" 200 77
116.238.139.35 - - [01/Apr/2023:08:05:52 +0800] "POST /xingrg/kc/buy/cgsh_order_operate.html HTTP/1.1" 200 37
116.228.172.94 - - [01/Apr/2023:08:05:59 +0800] "GET /xingrg/all/function/internal_message.html?_=1680307492766&CODE_STATE=getMsg HTTP/1.1" 200 27
116.238.139.35 - - [01/Apr/2023:08:06:02 +0800] "POST /xingrg/kc/buy/cgsh_order_operate.html HTTP/1.1" 200 12
114.83.222.182 - - [01/Apr/2023:08:06:04 +0800] "POST /xingrg/dwr/call/plaincall/AjaxCheckService.checkOrder.dwr HTTP/1.1" 200 79
116.238.139.35 - - [01/Apr/2023:08:06:05 +0800] "GET /xingrg/kc/buy/cgsh_order_info.html?code=212023040100004 HTTP/1.1" 200 64923
116.238.139.35 - - [01/Apr/2023:08:06:05 +0800] "GET /xingrg/javascript/easyui/themes/default/validatebox.css HTTP/1.1" 404 1104
114.83.222.182 - - [01/Apr/2023:08:06:05 +0800] "GET /xingrg/kc/base/check_order_info.html?code=452023033100374 HTTP/1.1" 200 22864
114.83.222.182 - - [01/Apr/2023:08:06:05 +0800] "GET /xingrg/dwr/interface/AjaxComOrderService.js HTTP/1.1" 200 18264
114.83.222.182 - - [01/Apr/2023:08:06:05 +0800] "GET /xingrg/dwr/interface/AjaxCheckService.js HTTP/1.1" 200 14003
114.83.222.182 - - [01/Apr/2023:08:06:05 +0800] "GET /xingrg/dwr/engine.js HTTP/1.1" 200 43631
116.238.139.35 - - [01/Apr/2023:08:06:06 +0800] "POST /xingrg/kc/buy/cgsh_order_operate.html HTTP/1.1" 200 21909
114.83.222.182 - - [01/Apr/2023:08:06:06 +0800] "POST /xingrg/dwr/call/plaincall/AjaxCheckService.loadOrderItems.dwr HTTP/1.1" 200 6957
101.229.172.229 - - [01/Apr/2023:08:06:09 +0800] "GET /xingrg/kc/buy/cgsh_order_operate.html?command=get_materiel&rest_code=00144&code=00101006183&supplier_code=00100207&order_time=2023-04-01 HTTP/1.1" 200 408
116.238.139.35 - - [01/Apr/2023:08:06:10 +0800] "GET /xingrg/kc/print/load_config.html?kc_code=cgsh HTTP/1.1" 200 1925
116.238.139.35 - - [01/Apr/2023:08:06:11 +0800] "GET /xingrg/kc/print/load_data.html?order_code=212023040100004&kc_code=cgsh&condition= HTTP/1.1" 200 8814
114.83.222.182 - - [01/Apr/2023:08:06:13 +0800] "GET /xingrg/kc/base/check_order_list.html?isBack=1 HTTP/1.1" 200 16223
114.83.222.182 - - [01/Apr/2023:08:06:13 +0800] "POST /xingrg/kc/base/check_list_operate.html HTTP/1.1" 200 2226
114.83.222.182 - - [01/Apr/2023:08:06:15 +0800] "GET /xingrg/all/function/internal_message.html?_=1680307653600&CODE_STATE=getMsg HTTP/1.1" 200 27
101.229.172.229 - - [01/Apr/2023:08:06:20 +0800] "GET /xingrg/kc/buy/cgsh_order_operate.html?command=get_materiel&rest_code=00144&code=00101022024&supplier_code=00100207&order_time=2023-04-01 HTTP/1.1" 200 431
101.229.172.229 - - [01/Apr/2023:08:06:26 +0800] "POST /xingrg/kc/buy/cgsh_order_operate.html HTTP/1.1" 200 2065
222.70.172.107 - - [01/Apr/2023:08:06:26 +0800] "GET /xingrg/all/function/internal_message.html?_=1680307608344&CODE_STATE=getMsg HTTP/1.1" 200 27
101.229.172.229 - - [01/Apr/2023:08:06:32 +0800] "GET /xingrg/kc/buy/cgsh_order_operate.html?command=get_materiel&rest_code=00144&code=00101007068&supplier_code=00100207&order_time=2023-04-01 HTTP/1.1" 200 409
101.229.172.229 - - [01/Apr/2023:08:06:41 +0800] "GET /xingrg/check_reg.html?_=1680307610315 HTTP/1.1" 200 22
101.229.172.229 - - [01/Apr/2023:08:06:41 +0800] "GET /xingrg/all/function/internal_message.html?_=1680307610320&CODE_STATE=getMsg HTTP/1.1" 200 27
120.253.135.82 - - [01/Apr/2023:08:06:41 +0800] "GET /xingrg/all/function/internal_message.html?_=1680307434188&CODE_STATE=getMsg HTTP/1.1" 200 27
114.83.222.182 - - [01/Apr/2023:08:06:42 +0800] "POST /xingrg/kc/base/check_list_operate.html HTTP/1.1" 200 1627
116.238.139.35 - - [01/Apr/2023:08:06:43 +0800] "GET /xingrg/check_reg.html?_=1680307519441 HTTP/1.1" 200 22
116.238.139.35 - - [01/Apr/2023:08:06:44 +0800] "GET /xingrg/all/function/internal_message.html?_=1680307519598&CODE_STATE=getMsg HTTP/1.1" 200 27
101.229.172.229 - - [01/Apr/2023:08:06:45 +0800] "GET /xingrg/kc/buy/cgsh_order_operate.html?command=get_materiel&rest_code=00144&code=00101019730&supplier_code=00100207&order_time=2023-04-01 HTTP/1.1" 200 423
58.221.95.50 - - [01/Apr/2023:08:06:47 +0800] "GET /xingrg/check_reg.html?_=1680307608824 HTTP/1.1" 302 -
114.83.222.182 - - [01/Apr/2023:08:06:55 +0800] "POST /xingrg/kc/base/check_list_operate.html HTTP/1.1" 200 5104
101.229.172.229 - - [01/Apr/2023:08:06:58 +0800] "GET /xingrg/kc/buy/cgsh_order_operate.html?command=get_materiel&rest_code=00144&code=00101010216&supplier_code=00100207&order_time=2023-04-01 HTTP/1.1" 200 409
116.228.172.94 - - [01/Apr/2023:08:06:59 +0800] "GET /xingrg/all/function/internal_message.html?_=1680307552742&CODE_STATE=getMsg HTTP/1.1" 200 27
114.83.222.182 - - [01/Apr/2023:08:07:08 +0800] "GET /xingrg/kc/base/check_order_info.html?code=452023022800318 HTTP/1.1" 200 22864
114.83.222.182 - - [01/Apr/2023:08:07:08 +0800] "GET /xingrg/dwr/interface/AjaxComOrderService.js HTTP/1.1" 200 18264
114.83.222.182 - - [01/Apr/2023:08:07:08 +0800] "GET /xingrg/dwr/interface/AjaxCheckService.js HTTP/1.1" 200 14003
114.83.222.182 - - [01/Apr/2023:08:07:08 +0800] "GET /xingrg/dwr/engine.js HTTP/1.1" 200 43631
114.83.222.182 - - [01/Apr/2023:08:07:09 +0800] "POST /xingrg/dwr/call/plaincall/AjaxCheckService.loadOrderItems.dwr HTTP/1.1" 200 27584
101.229.172.229 - - [01/Apr/2023:08:07:09 +0800] "GET /xingrg/kc/buy/cgsh_order_operate.html?command=get_materiel&rest_code=00144&code=00101010822&supplier_code=00100207&order_time=2023-04-01 HTTP/1.1" 200 434
114.83.222.182 - - [01/Apr/2023:08:07:15 +0800] "GET /xingrg/all/function/internal_message.html?_=1680307713608&CODE_STATE=getMsg HTTP/1.1" 200 27
222.70.172.107 - - [01/Apr/2023:08:07:26 +0800] "GET /xingrg/all/function/internal_message.html?_=1680307668351&CODE_STATE=getMsg HTTP/1.1" 200 27
101.229.172.229 - - [01/Apr/2023:08:07:31 +0800] "GET /xingrg/kc/buy/cgsh_order_operate.html?command=get_materiel&rest_code=00144&code=00101006355&supplier_code=00100207&order_time=2023-04-01 HTTP/1.1" 200 420
101.229.172.229 - - [01/Apr/2023:08:07:36 +0800] "POST /xingrg/kc/buy/cgsh_order_operate.html HTTP/1.1" 200 2065
114.83.222.182 - - [01/Apr/2023:08:07:39 +0800] "POST /xingrg/kc/base/check_list_operate.html HTTP/1.1" 200 5581
120.253.135.82 - - [01/Apr/2023:08:07:39 +0800] "GET /xingrg/check_reg.html?_=1680307492102 HTTP/1.1" 200 22
101.229.172.229 - - [01/Apr/2023:08:07:41 +0800] "GET /xingrg/all/function/internal_message.html?_=1680307670330&CODE_STATE=getMsg HTTP/1.1" 200 27
120.253.135.82 - - [01/Apr/2023:08:07:41 +0800] "GET /xingrg/all/function/internal_message.html?_=1680307494203&CODE_STATE=getMsg HTTP/1.1" 200 27
116.238.139.35 - - [01/Apr/2023:08:07:44 +0800] "GET /xingrg/all/function/internal_message.html?_=1680307579612&CODE_STATE=getMsg HTTP/1.1" 200 27
114.83.222.182 - - [01/Apr/2023:08:07:44 +0800] "GET /xingrg/kc/base/check_order_info.html?code=452023033100376 HTTP/1.1" 200 22858
114.83.222.182 - - [01/Apr/2023:08:07:44 +0800] "GET /xingrg/dwr/interface/AjaxComOrderService.js HTTP/1.1" 200 18264
114.83.222.182 - - [01/Apr/2023:08:07:44 +0800] "GET /xingrg/dwr/interface/AjaxCheckService.js HTTP/1.1" 200 14003
114.83.222.182 - - [01/Apr/2023:08:07:44 +0800] "GET /xingrg/dwr/engine.js HTTP/1.1" 200 43631
114.83.222.182 - - [01/Apr/2023:08:07:44 +0800] "POST /xingrg/dwr/call/plaincall/AjaxCheckService.loadOrderItems.dwr HTTP/1.1" 200 29309
116.228.172.94 - - [01/Apr/2023:08:07:59 +0800] "GET /xingrg/all/function/internal_message.html?_=1680307612749&CODE_STATE=getMsg HTTP/1.1" 200 27
172.20.0.100 - - [01/Apr/2023:08:08:14 +0800] "GET /xingrg/check_reg.html?_=1680307709940 HTTP/1.1" 302 -
172.20.0.100 - - [01/Apr/2023:08:08:14 +0800] "GET /xingrg/check_reg.html?_=1680307710485 HTTP/1.1" 302 -
172.20.0.100 - - [01/Apr/2023:08:08:15 +0800] "GET /xingrg/check_reg.html?_=1680307710862 HTTP/1.1" 302 -
114.83.222.182 - - [01/Apr/2023:08:08:15 +0800] "GET /xingrg/all/function/internal_message.html?_=1680307773605&CODE_STATE=getMsg HTTP/1.1" 200 27
114.83.222.182 - - [01/Apr/2023:08:08:15 +0800] "GET /xingrg/check_reg.html?_=1680307773650 HTTP/1.1" 200 22
222.70.172.107 - - [01/Apr/2023:08:08:25 +0800] "GET /xingrg/check_reg.html?_=1680307727145 HTTP/1.1" 200 22
222.70.172.107 - - [01/Apr/2023:08:08:26 +0800] "GET /xingrg/all/function/internal_message.html?_=1680307728369&CODE_STATE=getMsg HTTP/1.1" 200 27
101.229.172.229 - - [01/Apr/2023:08:08:41 +0800] "GET /xingrg/all/function/internal_message.html?_=1680307730342&CODE_STATE=getMsg HTTP/1.1" 200 27
120.253.135.82 - - [01/Apr/2023:08:08:41 +0800] "GET /xingrg/all/function/internal_message.html?_=1680307554216&CODE_STATE=getMsg HTTP/1.1" 200 27
116.238.139.35 - - [01/Apr/2023:08:08:44 +0800] "GET /xingrg/all/function/internal_message.html?_=1680307639624&CODE_STATE=getMsg HTTP/1.1" 200 27
116.228.172.94 - - [01/Apr/2023:08:08:59 +0800] "GET /xingrg/all/function/internal_message.html?_=1680307672760&CODE_STATE=getMsg HTTP/1.1" 200 27
114.83.222.182 - - [01/Apr/2023:08:09:15 +0800] "GET /xingrg/all/function/internal_message.html?_=1680307833616&CODE_STATE=getMsg HTTP/1.1" 200 27
222.70.172.107 - - [01/Apr/2023:08:09:26 +0800] "GET /xingrg/all/function/internal_message.html?_=1680307788377&CODE_STATE=getMsg HTTP/1.1" 200 27
101.229.172.229 - - [01/Apr/2023:08:09:41 +0800] "GET /xingrg/all/function/internal_message.html?_=1680307790328&CODE_STATE=getMsg HTTP/1.1" 200 27
120.253.135.82 - - [01/Apr/2023:08:09:41 +0800] "GET /xingrg/all/function/internal_message.html?_=1680307614257&CODE_STATE=getMsg HTTP/1.1" 200 27
116.238.139.35 - - [01/Apr/2023:08:09:44 +0800] "GET /xingrg/all/function/internal_message.html?_=1680307699746&CODE_STATE=getMsg HTTP/1.1" 200 27
180.164.3.199 - - [01/Apr/2023:08:09:54 +0800] "POST /xingrg/services/DataTransmitService HTTP/1.1" 200 524
116.228.172.94 - - [01/Apr/2023:08:09:59 +0800] "GET /xingrg/all/function/internal_message.html?_=1680307732763&CODE_STATE=getMsg HTTP/1.1" 200 27
116.228.172.94 - - [01/Apr/2023:08:09:59 +0800] "GET /xingrg/check_reg.html?_=1680307732766 HTTP/1.1" 200 22
114.83.222.182 - - [01/Apr/2023:08:10:15 +0800] "GET /xingrg/all/function/internal_message.html?_=1680307893612&CODE_STATE=getMsg HTTP/1.1" 200 27
222.70.172.107 - - [01/Apr/2023:08:10:26 +0800] "GET /xingrg/all/function/internal_message.html?_=1680307848392&CODE_STATE=getMsg HTTP/1.1" 200 27
101.229.172.229 - - [01/Apr/2023:08:10:41 +0800] "GET /xingrg/all/function/internal_message.html?_=1680307850323&CODE_STATE=getMsg HTTP/1.1" 200 27
120.253.135.82 - - [01/Apr/2023:08:10:41 +0800] "GET /xingrg/all/function/internal_message.html?_=1680307674259&CODE_STATE=getMsg HTTP/1.1" 200 27
116.238.139.35 - - [01/Apr/2023:08:10:44 +0800] "GET /xingrg/all/function/internal_message.html?_=1680307759761&CODE_STATE=getMsg HTTP/1.1" 200 27
