172.20.0.100 - - [01/Apr/2023:08:10:50 +0800] "GET /xingrg/check_reg.html?_=1680307865747 HTTP/1.1" 302 -
116.228.172.94 - - [01/Apr/2023:08:10:59 +0800] "GET /xingrg/all/function/internal_message.html?_=1680307792762&CODE_STATE=getMsg HTTP/1.1" 200 27
114.83.222.182 - - [01/Apr/2023:08:11:15 +0800] "GET /xingrg/all/function/internal_message.html?_=1680307953629&CODE_STATE=getMsg HTTP/1.1" 200 27
222.70.172.107 - - [01/Apr/2023:08:11:26 +0800] "GET /xingrg/all/function/internal_message.html?_=1680307908410&CODE_STATE=getMsg HTTP/1.1" 200 27
101.229.172.229 - - [01/Apr/2023:08:11:41 +0800] "GET /xingrg/check_reg.html?_=1680307910318 HTTP/1.1" 200 22
101.229.172.229 - - [01/Apr/2023:08:11:41 +0800] "GET /xingrg/all/function/internal_message.html?_=1680307910321&CODE_STATE=getMsg HTTP/1.1" 200 27
120.253.135.82 - - [01/Apr/2023:08:11:41 +0800] "GET /xingrg/all/function/internal_message.html?_=1680307734319&CODE_STATE=getMsg HTTP/1.1" 200 27
116.238.139.35 - - [01/Apr/2023:08:11:44 +0800] "GET /xingrg/check_reg.html?_=1680307819650 HTTP/1.1" 200 22
116.238.139.35 - - [01/Apr/2023:08:11:44 +0800] "GET /xingrg/all/function/internal_message.html?_=1680307819774&CODE_STATE=getMsg HTTP/1.1" 200 27
58.221.95.50 - - [01/Apr/2023:08:11:47 +0800] "GET /xingrg/check_reg.html?_=1680307908808 HTTP/1.1" 302 -
116.228.172.94 - - [01/Apr/2023:08:11:59 +0800] "GET /xingrg/all/function/internal_message.html?_=1680307852752&CODE_STATE=getMsg HTTP/1.1" 200 27
114.83.222.182 - - [01/Apr/2023:08:12:15 +0800] "GET /xingrg/all/function/internal_message.html?_=1680308013603&CODE_STATE=getMsg HTTP/1.1" 200 27
222.70.172.107 - - [01/Apr/2023:08:12:26 +0800] "GET /xingrg/all/function/internal_message.html?_=1680307968418&CODE_STATE=getMsg HTTP/1.1" 200 27
120.253.135.82 - - [01/Apr/2023:08:12:39 +0800] "GET /xingrg/check_reg.html?_=1680307792105 HTTP/1.1" 200 22
101.229.172.229 - - [01/Apr/2023:08:12:41 +0800] "GET /xingrg/all/function/internal_message.html?_=1680307970324&CODE_STATE=getMsg HTTP/1.1" 200 27
120.253.135.82 - - [01/Apr/2023:08:12:41 +0800] "GET /xingrg/all/function/internal_message.html?_=1680307794373&CODE_STATE=getMsg HTTP/1.1" 200 27
116.238.139.35 - - [01/Apr/2023:08:12:44 +0800] "GET /xingrg/all/function/internal_message.html?_=1680307879789&CODE_STATE=getMsg HTTP/1.1" 200 27
116.228.172.94 - - [01/Apr/2023:08:12:59 +0800] "GET /xingrg/all/function/internal_message.html?_=1680307912745&CODE_STATE=getMsg HTTP/1.1" 200 27
116.238.139.35 - - [01/Apr/2023:08:13:05 +0800] "POST /xingrg/all/user/operate.html HTTP/1.1" 200 36
116.238.139.35 - - [01/Apr/2023:08:13:06 +0800] "GET /xingrg/index.html?sysBaseUrl=http%3A%2F%2F180.169.147.146%3A18081%2Fxingrg%2F&costTime=856×tamp=1680302993470 HTTP/1.1" 200 17177
116.238.139.35 - - [01/Apr/2023:08:13:06 +0800] "GET /xingrg/javascript/jquery_easy_ui/themes/default/easyui.css HTTP/1.1" 304 -
116.238.139.35 - - [01/Apr/2023:08:13:06 +0800] "GET /xingrg/javascript/jquery_easy_ui/themes/icon.css HTTP/1.1" 304 -
116.238.139.35 - - [01/Apr/2023:08:13:06 +0800] "GET /xingrg/css/form.css HTTP/1.1" 304 -
116.238.139.35 - - [01/Apr/2023:08:13:06 +0800] "GET /xingrg/javascript/jquery-1.4.2.min.js HTTP/1.1" 304 -
116.238.139.35 - - [01/Apr/2023:08:13:06 +0800] "GET /xingrg/javascript/jquery_easy_ui/jquery.easyui.min.js HTTP/1.1" 304 -
116.238.139.35 - - [01/Apr/2023:08:13:06 +0800] "GET /xingrg/javascript/jquery_easy_ui/easyui-lang-zh_CN.js HTTP/1.1" 304 -
116.238.139.35 - - [01/Apr/2023:08:13:06 +0800] "GET /xingrg/javascript/jquery.form.js HTTP/1.1" 304 -
116.238.139.35 - - [01/Apr/2023:08:13:06 +0800] "GET /xingrg/javascript/jquery.utils.js HTTP/1.1" 304 -
116.238.139.35 - - [01/Apr/2023:08:13:06 +0800] "GET /xingrg/javascript/jquery.timers.js HTTP/1.1" 304 -
116.238.139.35 - - [01/Apr/2023:08:13:06 +0800] "GET /xingrg/images/blue/jxLogo.png HTTP/1.1" 304 -
116.238.139.35 - - [01/Apr/2023:08:13:06 +0800] "GET /xingrg/images/blue/navBackgound.jpg HTTP/1.1" 304 -
116.238.139.35 - - [01/Apr/2023:08:13:06 +0800] "GET /xingrg/javascript/jquery_easy_ui/themes/icons/settle_new.png HTTP/1.1" 304 -
116.238.139.35 - - [01/Apr/2023:08:13:06 +0800] "GET /xingrg/images/blue/pingpu.png HTTP/1.1" 304 -
116.238.139.35 - - [01/Apr/2023:08:13:06 +0800] "GET /xingrg/javascript/jquery_easy_ui/themes/default/images/tabs_leftarrow.png HTTP/1.1" 304 -
116.238.139.35 - - [01/Apr/2023:08:13:06 +0800] "GET /xingrg/javascript/jquery_easy_ui/themes/default/images/tabs_rightarrow.png HTTP/1.1" 304 -
116.238.139.35 - - [01/Apr/2023:08:13:06 +0800] "GET /xingrg/javascript/jquery_easy_ui/themes/default/images/panel_tool_collapse.gif HTTP/1.1" 304 -
116.238.139.35 - - [01/Apr/2023:08:13:06 +0800] "GET /xingrg/all/function/internal_message.html?_=1680307902429&CODE_STATE=count HTTP/1.1" 200 11
116.238.139.35 - - [01/Apr/2023:08:13:06 +0800] "GET /xingrg/check_reg.html?_=1680307902429 HTTP/1.1" 200 22
116.238.139.35 - - [01/Apr/2023:08:13:06 +0800] "POST /xingrg/all/common/load_tree.html?tree=area_rest_tree_json&manage=1 HTTP/1.1" 200 476
116.238.139.35 - - [01/Apr/2023:08:13:06 +0800] "POST /xingrg/load_menu.html HTTP/1.1" 200 5138
116.238.139.35 - - [01/Apr/2023:08:13:10 +0800] "GET /xingrg/kc/buy/cgsh_order_list.html HTTP/1.1" 200 54183
116.238.139.35 - - [01/Apr/2023:08:13:12 +0800] "POST /xingrg/kc/buy/cgsh_list_operate.html HTTP/1.1" 200 986
172.20.0.100 - - [01/Apr/2023:08:13:14 +0800] "GET /xingrg/check_reg.html?_=1680308009913 HTTP/1.1" 302 -
116.238.139.35 - - [01/Apr/2023:08:13:14 +0800] "GET /xingrg/kc/buy/cgsh_order_add.html HTTP/1.1" 200 69570
116.238.139.35 - - [01/Apr/2023:08:13:14 +0800] "POST /xingrg/kc/buy/cgsh_order_operate.html HTTP/1.1" 200 8245
116.238.139.35 - - [01/Apr/2023:08:13:14 +0800] "GET /xingrg/all/common/auto_word.html?type=employee&rest_code=00151 HTTP/1.1" 200 293
116.238.139.35 - - [01/Apr/2023:08:13:14 +0800] "GET /xingrg/javascript/easyui/themes/default/validatebox.css HTTP/1.1" 404 1104
172.20.0.100 - - [01/Apr/2023:08:13:14 +0800] "GET /xingrg/check_reg.html?_=1680308010458 HTTP/1.1" 302 -
116.238.139.35 - - [01/Apr/2023:08:13:14 +0800] "GET /xingrg/all/common/auto_word.html?type=employee&rest_code=00151 HTTP/1.1" 200 293
172.20.0.100 - - [01/Apr/2023:08:13:15 +0800] "GET /xingrg/check_reg.html?_=1680308010834 HTTP/1.1" 302 -
114.83.222.182 - - [01/Apr/2023:08:13:15 +0800] "GET /xingrg/all/function/internal_message.html?_=1680308073621&CODE_STATE=getMsg HTTP/1.1" 200 27
114.83.222.182 - - [01/Apr/2023:08:13:15 +0800] "GET /xingrg/check_reg.html?_=1680308073622 HTTP/1.1" 200 22
116.238.139.35 - - [01/Apr/2023:08:13:21 +0800] "GET /xingrg/javascript/auto/indicator.gif HTTP/1.1" 404 1066
222.70.172.107 - - [01/Apr/2023:08:13:25 +0800] "GET /xingrg/check_reg.html?_=1680308027140 HTTP/1.1" 200 22
222.70.172.107 - - [01/Apr/2023:08:13:26 +0800] "GET /xingrg/all/function/internal_message.html?_=1680308028434&CODE_STATE=getMsg HTTP/1.1" 200 27
116.238.139.35 - - [01/Apr/2023:08:13:29 +0800] "GET /xingrg/kc/buy/cgsh_order_operate.html?command=get_materiel&rest_code=00151&code=00101008323&supplier_code=00100008&order_time=2023-04-01 HTTP/1.1" 200 408
116.238.139.35 - - [01/Apr/2023:08:13:40 +0800] "GET /xingrg/kc/buy/cgsh_order_operate.html?command=get_materiel&rest_code=00151&code=00101008042&supplier_code=00100008&order_time=2023-04-01 HTTP/1.1" 200 416
101.229.172.229 - - [01/Apr/2023:08:13:41 +0800] "GET /xingrg/all/function/internal_message.html?_=1680308030323&CODE_STATE=getMsg HTTP/1.1" 200 27
120.253.135.82 - - [01/Apr/2023:08:13:41 +0800] "GET /xingrg/all/function/internal_message.html?_=1680307854377&CODE_STATE=getMsg HTTP/1.1" 200 27
116.238.139.35 - - [01/Apr/2023:08:13:49 +0800] "GET /xingrg/kc/buy/cgsh_order_operate.html?command=get_materiel&rest_code=00151&code=00101008338&supplier_code=00100008&order_time=2023-04-01 HTTP/1.1" 200 408
116.238.139.35 - - [01/Apr/2023:08:13:54 +0800] "POST /xingrg/services/DataTransmitService HTTP/1.1" 200 524
116.238.139.35 - - [01/Apr/2023:08:13:57 +0800] "GET /xingrg/kc/buy/cgsh_order_operate.html?command=get_materiel&rest_code=00151&code=00101008224&supplier_code=00100008&order_time=2023-04-01 HTTP/1.1" 200 416
116.228.172.94 - - [01/Apr/2023:08:13:59 +0800] "GET /xingrg/all/function/internal_message.html?_=1680307972762&CODE_STATE=getMsg HTTP/1.1" 200 27
116.238.139.35 - - [01/Apr/2023:08:14:05 +0800] "GET /xingrg/kc/buy/cgsh_order_operate.html?command=get_materiel&rest_code=00151&code=00101008370&supplier_code=00100008&order_time=2023-04-01 HTTP/1.1" 200 412
116.238.139.35 - - [01/Apr/2023:08:14:06 +0800] "GET /xingrg/all/function/internal_message.html?_=1680307962438&CODE_STATE=getMsg HTTP/1.1" 200 27
116.238.139.35 - - [01/Apr/2023:08:14:15 +0800] "GET /xingrg/kc/buy/cgsh_order_operate.html?command=get_materiel&rest_code=00151&code=00101008036&supplier_code=00100008&order_time=2023-04-01 HTTP/1.1" 200 408
114.83.222.182 - - [01/Apr/2023:08:14:15 +0800] "GET /xingrg/all/function/internal_message.html?_=1680308133596&CODE_STATE=getMsg HTTP/1.1" 200 27
116.238.139.35 - - [01/Apr/2023:08:14:25 +0800] "GET /xingrg/kc/buy/cgsh_order_operate.html?command=get_materiel&rest_code=00151&code=00101008096&supplier_code=00100008&order_time=2023-04-01 HTTP/1.1" 200 412
222.70.172.107 - - [01/Apr/2023:08:14:26 +0800] "GET /xingrg/all/function/internal_message.html?_=1680308088445&CODE_STATE=getMsg HTTP/1.1" 200 27
116.238.139.35 - - [01/Apr/2023:08:14:35 +0800] "GET /xingrg/kc/buy/cgsh_order_operate.html?command=get_materiel&rest_code=00151&code=00101008356&supplier_code=00100008&order_time=2023-04-01 HTTP/1.1" 200 408
101.229.172.229 - - [01/Apr/2023:08:14:41 +0800] "GET /xingrg/all/function/internal_message.html?_=1680308090327&CODE_STATE=getMsg HTTP/1.1" 200 27
120.253.135.82 - - [01/Apr/2023:08:14:41 +0800] "GET /xingrg/all/function/internal_message.html?_=1680307914390&CODE_STATE=getMsg HTTP/1.1" 200 27
116.228.172.94 - - [01/Apr/2023:08:14:59 +0800] "GET /xingrg/all/function/internal_message.html?_=1680308032765&CODE_STATE=getMsg HTTP/1.1" 200 27
116.228.172.94 - - [01/Apr/2023:08:14:59 +0800] "GET /xingrg/check_reg.html?_=1680308032770 HTTP/1.1" 200 22
124.79.79.194 - - [01/Apr/2023:08:15:05 +0800] "POST /xingrg/services/DataTransmitService HTTP/1.1" 200 524
116.238.139.35 - - [01/Apr/2023:08:15:07 +0800] "GET /xingrg/all/function/internal_message.html?_=1680308022568&CODE_STATE=getMsg HTTP/1.1" 200 27
116.238.139.35 - - [01/Apr/2023:08:15:12 +0800] "GET /xingrg/kc/buy/cgsh_order_operate.html?command=get_materiel&rest_code=00151&code=00101008300&supplier_code=00100008&order_time=2023-04-01 HTTP/1.1" 200 412
114.83.222.182 - - [01/Apr/2023:08:15:15 +0800] "GET /xingrg/all/function/internal_message.html?_=1680308193618&CODE_STATE=getMsg HTTP/1.1" 200 27
114.83.222.182 - - [01/Apr/2023:08:15:17 +0800] "GET /xingrg/kc/base/wldb_order_list.html HTTP/1.1" 200 19104
114.83.222.182 - - [01/Apr/2023:08:15:18 +0800] "POST /xingrg/kc/base/wldb_list_operate.html HTTP/1.1" 200 928
114.83.222.182 - - [01/Apr/2023:08:15:20 +0800] "GET /xingrg/kc/base/wldb_order_add.html HTTP/1.1" 200 30387
114.83.222.182 - - [01/Apr/2023:08:15:21 +0800] "POST /xingrg/kc/base/wldb_order_operate.html HTTP/1.1" 200 6806
114.83.222.182 - - [01/Apr/2023:08:15:21 +0800] "GET /xingrg/javascript/easyui/themes/default/validatebox.css HTTP/1.1" 404 1104
114.83.222.182 - - [01/Apr/2023:08:15:22 +0800] "POST /xingrg/all/common/load_combo.html?type=base HTTP/1.1" 200 1491
222.70.172.107 - - [01/Apr/2023:08:15:26 +0800] "GET /xingrg/all/function/internal_message.html?_=1680308148459&CODE_STATE=getMsg HTTP/1.1" 200 27
116.238.139.35 - - [01/Apr/2023:08:15:27 +0800] "GET /xingrg/kc/buy/cgsh_order_operate.html?command=get_materiel&rest_code=00151&code=00101008137&supplier_code=00100008&order_time=2023-04-01 HTTP/1.1" 200 408
116.227.208.255 - - [01/Apr/2023:08:15:27 +0800] "GET /xingrg/all/function/internal_message.html?_=1680308222191&CODE_STATE=getMsg HTTP/1.1" 302 -
116.227.208.255 - - [01/Apr/2023:08:15:27 +0800] "GET /xingrg/check_reg.html?_=1680308222203 HTTP/1.1" 302 -
114.83.222.182 - - [01/Apr/2023:08:15:31 +0800] "GET /xingrg/kc/base/wldb_order_operate.html?command=get_materiel&rest_code=00154&base_code=0010724&code=00101040010 HTTP/1.1" 200 465
116.238.139.35 - - [01/Apr/2023:08:15:35 +0800] "GET /xingrg/kc/buy/cgsh_order_operate.html?command=get_materiel&rest_code=00151&code=00101008362&supplier_code=00100008&order_time=2023-04-01 HTTP/1.1" 200 408
101.229.172.229 - - [01/Apr/2023:08:15:41 +0800] "GET /xingrg/all/function/internal_message.html?_=1680308150330&CODE_STATE=getMsg HTTP/1.1" 200 27
120.253.135.82 - - [01/Apr/2023:08:15:41 +0800] "GET /xingrg/all/function/internal_message.html?_=1680307974437&CODE_STATE=getMsg HTTP/1.1" 200 27
116.238.139.35 - - [01/Apr/2023:08:15:42 +0800] "GET /xingrg/kc/buy/cgsh_order_operate.html?command=get_materiel&rest_code=00151&code=00101008077&supplier_code=00100008&order_time=2023-04-01 HTTP/1.1" 200 416
172.20.0.100 - - [01/Apr/2023:08:15:50 +0800] "GET /xingrg/check_reg.html?_=1680308165719 HTTP/1.1" 302 -
116.238.139.35 - - [01/Apr/2023:08:15:52 +0800] "GET /xingrg/kc/buy/cgsh_order_operate.html?command=get_materiel&rest_code=00151&code=00101008357&supplier_code=00100008&order_time=2023-04-01 HTTP/1.1" 200 408
101.229.172.229 - - [01/Apr/2023:08:15:58 +0800] "GET /xingrg/kc/buy/cgsh_order_operate.html?command=get_materiel&rest_code=00144&code=00101013197&supplier_code=00100207&order_time=2023-04-01 HTTP/1.1" 200 429
116.228.172.94 - - [01/Apr/2023:08:15:59 +0800] "GET /xingrg/all/function/internal_message.html?_=1680308092758&CODE_STATE=getMsg HTTP/1.1" 200 27
116.238.139.35 - - [01/Apr/2023:08:16:00 +0800] "GET /xingrg/kc/buy/cgsh_order_operate.html?command=get_materiel&rest_code=00151&code=00101008286&supplier_code=00100008&order_time=2023-04-01 HTTP/1.1" 200 408
116.238.139.35 - - [01/Apr/2023:08:16:07 +0800] "GET /xingrg/all/function/internal_message.html?_=1680308082574&CODE_STATE=getMsg HTTP/1.1" 200 27
116.238.139.35 - - [01/Apr/2023:08:16:08 +0800] "GET /xingrg/kc/buy/cgsh_order_operate.html?command=get_materiel&rest_code=00151&code=00101008131&supplier_code=00100008&order_time=2023-04-01 HTTP/1.1" 200 409
114.83.222.182 - - [01/Apr/2023:08:16:09 +0800] "POST /xingrg/kc/base/wldb_list_operate.html HTTP/1.1" 200 5128
114.83.222.182 - - [01/Apr/2023:08:16:15 +0800] "GET /xingrg/all/function/internal_message.html?_=1680308253598&CODE_STATE=getMsg HTTP/1.1" 200 27
114.83.222.182 - - [01/Apr/2023:08:16:16 +0800] "POST /xingrg/kc/base/wldb_list_operate.html HTTP/1.1" 200 599
114.83.222.182 - - [01/Apr/2023:08:16:16 +0800] "GET /xingrg/kc/base/wldb_order_info.html?code=422023033102709 HTTP/1.1" 200 26266
116.238.139.35 - - [01/Apr/2023:08:16:17 +0800] "GET /xingrg/kc/buy/cgsh_order_operate.html?command=get_materiel&rest_code=00151&code=00101008169&supplier_code=00100008&order_time=2023-04-01 HTTP/1.1" 200 412
114.83.222.182 - - [01/Apr/2023:08:16:17 +0800] "GET /xingrg/javascript/easyui/themes/default/validatebox.css HTTP/1.1" 404 1104
114.83.222.182 - - [01/Apr/2023:08:16:17 +0800] "POST /xingrg/kc/base/wldb_order_operate.html HTTP/1.1" 200 3321
101.229.172.229 - - [01/Apr/2023:08:16:26 +0800] "POST /xingrg/kc/buy/cgsh_order_operate.html HTTP/1.1" 200 37
222.70.172.107 - - [01/Apr/2023:08:16:26 +0800] "GET /xingrg/all/function/internal_message.html?_=1680308208477&CODE_STATE=getMsg HTTP/1.1" 200 27
116.238.139.35 - - [01/Apr/2023:08:16:27 +0800] "GET /xingrg/kc/buy/cgsh_order_operate.html?command=get_materiel&rest_code=00151&code=00101008318&supplier_code=00100008&order_time=2023-04-01 HTTP/1.1" 200 408
114.83.222.182 - - [01/Apr/2023:08:16:32 +0800] "POST /xingrg/kc/base/wldb_list_operate.html HTTP/1.1" 200 583
114.83.222.182 - - [01/Apr/2023:08:16:33 +0800] "GET /xingrg/kc/base/wldb_order_info.html?code=422023033102708 HTTP/1.1" 200 26266
114.83.222.182 - - [01/Apr/2023:08:16:33 +0800] "GET /xingrg/javascript/easyui/themes/default/validatebox.css HTTP/1.1" 404 1104
114.83.222.182 - - [01/Apr/2023:08:16:33 +0800] "POST /xingrg/kc/base/wldb_order_operate.html HTTP/1.1" 200 5139
101.229.172.229 - - [01/Apr/2023:08:16:34 +0800] "POST /xingrg/kc/buy/cgsh_order_operate.html HTTP/1.1" 200 12
101.229.172.229 - - [01/Apr/2023:08:16:36 +0800] "GET /xingrg/kc/buy/cgsh_order_info.html?code=212023040100006 HTTP/1.1" 200 63895
101.229.172.229 - - [01/Apr/2023:08:16:36 +0800] "GET /xingrg/javascript/easyui/themes/default/validatebox.css HTTP/1.1" 404 1104
116.238.139.35 - - [01/Apr/2023:08:16:37 +0800] "GET /xingrg/kc/buy/cgsh_order_operate.html?command=get_materiel&rest_code=00151&code=00101008352&supplier_code=00100008&order_time=2023-04-01 HTTP/1.1" 200 412
101.229.172.229 - - [01/Apr/2023:08:16:37 +0800] "POST /xingrg/kc/buy/cgsh_order_operate.html HTTP/1.1" 200 20278
101.229.172.229 - - [01/Apr/2023:08:16:38 +0800] "GET /xingrg/kc/print/load_config.html?kc_code=cgsh HTTP/1.1" 200 1925
101.229.172.229 - - [01/Apr/2023:08:16:39 +0800] "GET /xingrg/kc/print/load_data.html?order_code=212023040100006&kc_code=cgsh&condition= HTTP/1.1" 200 8179
101.229.172.229 - - [01/Apr/2023:08:16:41 +0800] "GET /xingrg/check_reg.html?_=1680308210339 HTTP/1.1" 200 22
101.229.172.229 - - [01/Apr/2023:08:16:41 +0800] "GET /xingrg/all/function/internal_message.html?_=1680308210343&CODE_STATE=getMsg HTTP/1.1" 200 27
120.253.135.82 - - [01/Apr/2023:08:16:41 +0800] "GET /xingrg/all/function/internal_message.html?_=1680308034449&CODE_STATE=getMsg HTTP/1.1" 200 27
114.83.222.182 - - [01/Apr/2023:08:16:41 +0800] "POST /xingrg/kc/base/wldb_list_operate.html HTTP/1.1" 200 632
114.83.222.182 - - [01/Apr/2023:08:16:42 +0800] "GET /xingrg/kc/base/wldb_order_info.html?code=422023033102706 HTTP/1.1" 200 26266
114.83.222.182 - - [01/Apr/2023:08:16:42 +0800] "GET /xingrg/javascript/easyui/themes/default/validatebox.css HTTP/1.1" 404 1104
114.83.222.182 - - [01/Apr/2023:08:16:42 +0800] "POST /xingrg/kc/base/wldb_order_operate.html HTTP/1.1" 200 4831
116.238.139.35 - - [01/Apr/2023:08:16:45 +0800] "GET /xingrg/kc/buy/cgsh_order_operate.html?command=get_materiel&rest_code=00151&code=00101008271&supplier_code=00100008&order_time=2023-04-01 HTTP/1.1" 200 408
58.221.95.50 - - [01/Apr/2023:08:16:47 +0800] "GET /xingrg/check_reg.html?_=1680308208794 HTTP/1.1" 302 -
116.238.139.35 - - [01/Apr/2023:08:16:53 +0800] "GET /xingrg/kc/buy/cgsh_order_operate.html?command=get_materiel&rest_code=00151&code=00101008344&supplier_code=00100008&order_time=2023-04-01 HTTP/1.1" 200 412
116.228.172.94 - - [01/Apr/2023:08:16:59 +0800] "GET /xingrg/all/function/internal_message.html?_=1680308152753&CODE_STATE=getMsg HTTP/1.1" 200 27
116.238.139.35 - - [01/Apr/2023:08:17:02 +0800] "POST /xingrg/kc/buy/cgsh_order_operate.html HTTP/1.1" 200 37
116.238.139.35 - - [01/Apr/2023:08:17:04 +0800] "POST /xingrg/kc/buy/cgsh_order_operate.html HTTP/1.1" 200 14036
116.238.139.35 - - [01/Apr/2023:08:17:07 +0800] "GET /xingrg/all/function/internal_message.html?_=1680308142587&CODE_STATE=getMsg HTTP/1.1" 200 27
116.238.139.35 - - [01/Apr/2023:08:17:13 +0800] "GET /xingrg/kc/buy/cgsh_order_operate.html?command=get_materiel&rest_code=00151&code=00101008221&supplier_code=00100008&order_time=2023-04-01 HTTP/1.1" 200 412
114.83.222.182 - - [01/Apr/2023:08:17:15 +0800] "GET /xingrg/all/function/internal_message.html?_=1680308313602&CODE_STATE=getMsg HTTP/1.1" 200 27
116.238.139.35 - - [01/Apr/2023:08:17:22 +0800] "GET /xingrg/kc/buy/cgsh_order_operate.html?command=get_materiel&rest_code=00151&code=00101008371&supplier_code=00100008&order_time=2023-04-01 HTTP/1.1" 200 412
222.70.172.107 - - [01/Apr/2023:08:17:26 +0800] "GET /xingrg/all/function/internal_message.html?_=1680308268486&CODE_STATE=getMsg HTTP/1.1" 200 27
114.83.222.182 - - [01/Apr/2023:08:17:29 +0800] "GET /xingrg/kc/base/check_order_list.html HTTP/1.1" 200 16223
114.83.222.182 - - [01/Apr/2023:08:17:30 +0800] "POST /xingrg/kc/base/check_list_operate.html HTTP/1.1" 200 2226
116.238.139.35 - - [01/Apr/2023:08:17:31 +0800] "GET /xingrg/kc/buy/cgsh_order_operate.html?command=get_materiel&rest_code=00151&code=00101008450&supplier_code=00100008&order_time=2023-04-01 HTTP/1.1" 200 405
114.83.222.182 - - [01/Apr/2023:08:17:35 +0800] "GET /xingrg/kc/base/check_order_info.html?code=452023033100458 HTTP/1.1" 200 25607
114.83.222.182 - - [01/Apr/2023:08:17:35 +0800] "GET /xingrg/dwr/interface/AjaxComOrderService.js HTTP/1.1" 200 18264
114.83.222.182 - - [01/Apr/2023:08:17:35 +0800] "GET /xingrg/dwr/interface/AjaxCheckService.js HTTP/1.1" 200 14003
114.83.222.182 - - [01/Apr/2023:08:17:35 +0800] "GET /xingrg/dwr/engine.js HTTP/1.1" 200 43631
114.83.222.182 - - [01/Apr/2023:08:17:35 +0800] "POST /xingrg/dwr/call/plaincall/AjaxCheckService.loadOrderItems.dwr HTTP/1.1" 200 30838
120.253.135.82 - - [01/Apr/2023:08:17:39 +0800] "GET /xingrg/check_reg.html?_=1680308092154 HTTP/1.1" 200 22
101.229.172.229 - - [01/Apr/2023:08:17:41 +0800] "GET /xingrg/all/function/internal_message.html?_=1680308270323&CODE_STATE=getMsg HTTP/1.1" 200 27
120.253.135.82 - - [01/Apr/2023:08:17:41 +0800] "GET /xingrg/all/function/internal_message.html?_=1680308094462&CODE_STATE=getMsg HTTP/1.1" 200 27
116.227.208.255 - - [01/Apr/2023:08:17:58 +0800] "GET /xingrg/index.html?sysBaseUrl=http%3A%2F%2F180.169.147.146%3A18081%2Fxingrg%2F&costTime=1277×tamp=1606817596806 HTTP/1.1" 302 -
116.227.208.255 - - [01/Apr/2023:08:17:58 +0800] "GET /xingrg/login.html HTTP/1.1" 200 7641
116.227.208.255 - - [01/Apr/2023:08:17:59 +0800] "GET /favicon.ico HTTP/1.1" 404 -
116.228.172.94 - - [01/Apr/2023:08:17:59 +0800] "GET /xingrg/all/function/internal_message.html?_=1680308212756&CODE_STATE=getMsg HTTP/1.1" 200 27
114.83.222.182 - - [01/Apr/2023:08:18:03 +0800] "POST /xingrg/dwr/call/plaincall/AjaxCheckService.setItemNumber.dwr HTTP/1.1" 200 76
116.227.208.255 - - [01/Apr/2023:08:18:04 +0800] "POST /xingrg/login.do HTTP/1.1" 302 -
116.227.208.255 - - [01/Apr/2023:08:18:04 +0800] "GET /xingrg/index.html?sysBaseUrl=http%3A%2F%2F180.169.147.146%3A18081%2Fxingrg%2F&costTime=914×tamp=1680308284569 HTTP/1.1" 200 17179
116.227.208.255 - - [01/Apr/2023:08:18:04 +0800] "GET /favicon.ico HTTP/1.1" 404 -
116.227.208.255 - - [01/Apr/2023:08:18:05 +0800] "POST /xingrg/all/common/load_tree.html?tree=area_rest_tree_json&manage=1 HTTP/1.1" 200 479
116.227.208.255 - - [01/Apr/2023:08:18:05 +0800] "GET /xingrg/check_reg.html?_=1680308379992 HTTP/1.1" 200 22
116.227.208.255 - - [01/Apr/2023:08:18:05 +0800] "GET /xingrg/all/function/internal_message.html?_=1680308379991&CODE_STATE=count HTTP/1.1" 200 11
116.227.208.255 - - [01/Apr/2023:08:18:05 +0800] "POST /xingrg/load_menu.html HTTP/1.1" 200 5138
116.238.139.35 - - [01/Apr/2023:08:18:06 +0800] "GET /xingrg/check_reg.html?_=1680308202430 HTTP/1.1" 200 22
116.238.139.35 - - [01/Apr/2023:08:18:07 +0800] "GET /xingrg/all/function/internal_message.html?_=1680308202674&CODE_STATE=getMsg HTTP/1.1" 200 27
116.192.124.172 - - [01/Apr/2023:08:18:07 +0800] "POST /xingrg/services/DataTransmitService HTTP/1.1" 200 524
116.227.208.255 - - [01/Apr/2023:08:18:08 +0800] "GET /xingrg/kc/base/check_order_list.html HTTP/1.1" 200 16223
116.227.208.255 - - [01/Apr/2023:08:18:09 +0800] "POST /xingrg/kc/base/check_list_operate.html HTTP/1.1" 200 4799
114.83.222.182 - - [01/Apr/2023:08:18:14 +0800] "POST /xingrg/dwr/call/plaincall/AjaxCheckService.setItemNumber.dwr HTTP/1.1" 200 76
172.20.0.100 - - [01/Apr/2023:08:18:14 +0800] "GET /xingrg/check_reg.html?_=1680308309887 HTTP/1.1" 302 -
172.20.0.100 - - [01/Apr/2023:08:18:14 +0800] "GET /xingrg/check_reg.html?_=1680308310432 HTTP/1.1" 302 -
172.20.0.100 - - [01/Apr/2023:08:18:15 +0800] "GET /xingrg/check_reg.html?_=1680308310836 HTTP/1.1" 302 -
114.83.222.182 - - [01/Apr/2023:08:18:15 +0800] "GET /xingrg/all/function/internal_message.html?_=1680308373612&CODE_STATE=getMsg HTTP/1.1" 200 27
114.83.222.182 - - [01/Apr/2023:08:18:15 +0800] "GET /xingrg/check_reg.html?_=1680308373614 HTTP/1.1" 200 22
116.227.208.255 - - [01/Apr/2023:08:18:17 +0800] "POST /xingrg/kc/base/check_list_operate.html HTTP/1.1" 200 5296
222.70.172.107 - - [01/Apr/2023:08:18:25 +0800] "GET /xingrg/check_reg.html?_=1680308327151 HTTP/1.1" 200 22
222.70.172.107 - - [01/Apr/2023:08:18:26 +0800] "GET /xingrg/all/function/internal_message.html?_=1680308328501&CODE_STATE=getMsg HTTP/1.1" 200 27
114.83.222.182 - - [01/Apr/2023:08:18:28 +0800] "POST /xingrg/dwr/call/plaincall/AjaxCheckService.setItemNumber.dwr HTTP/1.1" 200 76
114.83.222.182 - - [01/Apr/2023:08:18:37 +0800] "POST /xingrg/dwr/call/plaincall/AjaxCheckService.setItemNumber.dwr HTTP/1.1" 200 76
101.229.172.229 - - [01/Apr/2023:08:18:37 +0800] "GET /xingrg/login.html HTTP/1.1" 200 7641
101.229.172.229 - - [01/Apr/2023:08:18:37 +0800] "GET /favicon.ico HTTP/1.1" 404 -
101.229.172.229 - - [01/Apr/2023:08:18:41 +0800] "GET /xingrg/all/function/internal_message.html?_=1680308330334&CODE_STATE=getMsg HTTP/1.1" 200 27
120.253.135.82 - - [01/Apr/2023:08:18:41 +0800] "GET /xingrg/all/function/internal_message.html?_=1680308154477&CODE_STATE=getMsg HTTP/1.1" 200 27
114.83.222.182 - - [01/Apr/2023:08:18:43 +0800] "POST /xingrg/dwr/call/plaincall/AjaxCheckService.setItemNumber.dwr HTTP/1.1" 200 76
101.229.172.229 - - [01/Apr/2023:08:18:44 +0800] "POST /xingrg/login.do HTTP/1.1" 302 -
101.229.172.229 - - [01/Apr/2023:08:18:45 +0800] "GET /xingrg/index.html?sysBaseUrl=http%3A%2F%2F180.169.147.146%3A18081%2Fxingrg%2F&costTime=869×tamp=1680308324890 HTTP/1.1" 200 17503
101.229.172.229 - - [01/Apr/2023:08:18:45 +0800] "GET /favicon.ico HTTP/1.1" 404 -
101.229.172.229 - - [01/Apr/2023:08:18:45 +0800] "POST /xingrg/all/common/load_tree.html?tree=area_rest_tree_json&manage=1 HTTP/1.1" 200 3499
101.229.172.229 - - [01/Apr/2023:08:18:45 +0800] "GET /xingrg/check_reg.html?_=1680308334557 HTTP/1.1" 200 22
101.229.172.229 - - [01/Apr/2023:08:18:45 +0800] "GET /xingrg/all/function/internal_message.html?_=1680308334555&CODE_STATE=count HTTP/1.1" 200 11
101.229.172.229 - - [01/Apr/2023:08:18:45 +0800] "POST /xingrg/load_menu.html HTTP/1.1" 200 11564
114.83.222.182 - - [01/Apr/2023:08:18:47 +0800] "POST /xingrg/dwr/call/plaincall/AjaxCheckService.setItemNumber.dwr HTTP/1.1" 200 76
101.229.172.229 - - [01/Apr/2023:08:18:48 +0800] "GET /xingrg/kc/buy/cgsh_order_list.html HTTP/1.1" 200 54434
101.229.172.229 - - [01/Apr/2023:08:18:51 +0800] "POST /xingrg/kc/buy/cgsh_list_operate.html HTTP/1.1" 200 986
114.83.222.182 - - [01/Apr/2023:08:18:51 +0800] "POST /xingrg/dwr/call/plaincall/AjaxCheckService.setItemNumber.dwr HTTP/1.1" 200 76
58.39.110.54 - - [01/Apr/2023:08:18:56 +0800] "GET /favicon.ico HTTP/1.1" 404 -
114.83.222.182 - - [01/Apr/2023:08:18:57 +0800] "POST /xingrg/dwr/call/plaincall/AjaxCheckService.setItemNumber.dwr HTTP/1.1" 200 76
58.39.110.54 - - [01/Apr/2023:08:18:57 +0800] "GET /xingrg/login.html HTTP/1.1" 200 7641
58.39.110.54 - - [01/Apr/2023:08:18:57 +0800] "GET /favicon.ico HTTP/1.1" 404 -
116.238.139.35 - - [01/Apr/2023:08:18:59 +0800] "POST /xingrg/kc/buy/cgsh_order_operate.html HTTP/1.1" 200 37
116.228.172.94 - - [01/Apr/2023:08:18:59 +0800] "GET /xingrg/all/function/internal_message.html?_=1680308272747&CODE_STATE=getMsg HTTP/1.1" 200 27
58.39.110.54 - - [01/Apr/2023:08:18:59 +0800] "POST /xingrg/login.do HTTP/1.1" 302 -
58.39.110.54 - - [01/Apr/2023:08:18:59 +0800] "GET /xingrg/index.html?sysBaseUrl=http%3A%2F%2F180.169.147.146%3A18081%2Fxingrg%2F&costTime=1009×tamp=1680308339915 HTTP/1.1" 200 17177
58.39.110.54 - - [01/Apr/2023:08:19:00 +0800] "GET /favicon.ico HTTP/1.1" 404 -
58.39.110.54 - - [01/Apr/2023:08:19:00 +0800] "GET /xingrg/check_reg.html?_=1680308340856 HTTP/1.1" 200 22
58.39.110.54 - - [01/Apr/2023:08:19:00 +0800] "GET /xingrg/all/function/internal_message.html?_=1680308340856&CODE_STATE=count HTTP/1.1" 200 11
58.39.110.54 - - [01/Apr/2023:08:19:00 +0800] "POST /xingrg/all/common/load_tree.html?tree=area_rest_tree_json&manage=1 HTTP/1.1" 200 348
58.39.110.54 - - [01/Apr/2023:08:19:00 +0800] "POST /xingrg/load_menu.html HTTP/1.1" 200 5138
114.83.222.182 - - [01/Apr/2023:08:19:01 +0800] "POST /xingrg/dwr/call/plaincall/AjaxCheckService.setItemNumber.dwr HTTP/1.1" 200 76
58.39.110.54 - - [01/Apr/2023:08:19:03 +0800] "GET /favicon.ico HTTP/1.1" 404 -
114.83.222.182 - - [01/Apr/2023:08:19:04 +0800] "POST /xingrg/dwr/call/plaincall/AjaxCheckService.setItemNumber.dwr HTTP/1.1" 200 77
116.227.208.255 - - [01/Apr/2023:08:19:05 +0800] "GET /xingrg/all/function/internal_message.html?_=1680308440019&CODE_STATE=getMsg HTTP/1.1" 200 27
58.39.110.54 - - [01/Apr/2023:08:19:05 +0800] "GET /xingrg/kc/base/base_main.html HTTP/1.1" 200 12142
58.39.110.54 - - [01/Apr/2023:08:19:05 +0800] "GET /xingrg/images/blue/button/ckpd.gif HTTP/1.1" 200 2051
58.39.110.54 - - [01/Apr/2023:08:19:05 +0800] "GET /xingrg/images/blue/button/wlsy.gif HTTP/1.1" 200 2536
58.39.110.54 - - [01/Apr/2023:08:19:05 +0800] "GET /xingrg/images/blue/button/ckdb.gif HTTP/1.1" 200 1950
58.39.110.54 - - [01/Apr/2023:08:19:05 +0800] "GET /xingrg/images/blue/button/yddb.gif HTTP/1.1" 200 2040
58.39.110.54 - - [01/Apr/2023:08:19:05 +0800] "GET /xingrg/images/blue/button/top_left.jpg HTTP/1.1" 200 1632
58.39.110.54 - - [01/Apr/2023:08:19:05 +0800] "GET /xingrg/images/blue/button/down.jpg HTTP/1.1" 200 1560
58.39.110.54 - - [01/Apr/2023:08:19:05 +0800] "GET /xingrg/images/blue/button/top_right.jpg HTTP/1.1" 200 1708
58.39.110.54 - - [01/Apr/2023:08:19:05 +0800] "GET /xingrg/images/blue/button/left_ah.jpg HTTP/1.1" 200 1643
58.39.110.54 - - [01/Apr/2023:08:19:05 +0800] "GET /xingrg/images/blue/button/bottom_left.jpg HTTP/1.1" 200 1524
58.39.110.54 - - [01/Apr/2023:08:19:05 +0800] "GET /xingrg/images/blue/button/bottom_right.jpg HTTP/1.1" 200 1436
58.39.110.54 - - [01/Apr/2023:08:19:06 +0800] "GET /xingrg/kc/base/check_order_list.html HTTP/1.1" 200 16221
58.39.110.54 - - [01/Apr/2023:08:19:06 +0800] "POST /xingrg/kc/base/check_list_operate.html HTTP/1.1" 200 781
116.238.139.35 - - [01/Apr/2023:08:19:07 +0800] "GET /xingrg/all/function/internal_message.html?_=1680308262677&CODE_STATE=getMsg HTTP/1.1" 200 27
58.39.110.54 - - [01/Apr/2023:08:19:08 +0800] "GET /xingrg/kc/base/check_order_add.html HTTP/1.1" 200 25456
58.39.110.54 - - [01/Apr/2023:08:19:08 +0800] "GET /xingrg/css/table.css HTTP/1.1" 200 3684
58.39.110.54 - - [01/Apr/2023:08:19:08 +0800] "GET /xingrg/dwr/interface/AjaxCheckService.js HTTP/1.1" 200 14003
58.39.110.54 - - [01/Apr/2023:08:19:08 +0800] "GET /xingrg/dwr/util.js HTTP/1.1" 200 35990
58.39.110.54 - - [01/Apr/2023:08:19:08 +0800] "GET /xingrg/dwr/interface/AjaxComOrderService.js HTTP/1.1" 200 18264
58.39.110.54 - - [01/Apr/2023:08:19:08 +0800] "GET /xingrg/javascript/AjaxInfoList.js HTTP/1.1" 200 3774
58.39.110.54 - - [01/Apr/2023:08:19:08 +0800] "GET /xingrg/dwr/engine.js HTTP/1.1" 200 43631
58.39.110.54 - - [01/Apr/2023:08:19:08 +0800] "GET /xingrg/javascript/Calendar.js HTTP/1.1" 200 31561
58.39.110.54 - - [01/Apr/2023:08:19:08 +0800] "GET /xingrg/javascript/jquery_easy_ui/themes/icons/print.png HTTP/1.1" 200 1057
58.39.110.54 - - [01/Apr/2023:08:19:08 +0800] "GET /xingrg/javascript/jquery_easy_ui/themes/icons/check_new.png HTTP/1.1" 200 3224
58.39.110.54 - - [01/Apr/2023:08:19:08 +0800] "GET /xingrg/javascript/jquery_easy_ui/themes/icons/cance_new.png HTTP/1.1" 200 3986
58.39.110.54 - - [01/Apr/2023:08:19:08 +0800] "GET /xingrg/javascript/jquery_easy_ui/themes/default/images/menu_downarrow.png HTTP/1.1" 200 173
58.39.110.54 - - [01/Apr/2023:08:19:08 +0800] "GET /xingrg/javascript/jquery_easy_ui/themes/icons/back_new.png HTTP/1.1" 200 3414
58.39.110.54 - - [01/Apr/2023:08:19:08 +0800] "GET /xingrg/javascript/jquery_easy_ui/themes/default/images/button_plain_hover.png HTTP/1.1" 200 252
116.238.139.35 - - [01/Apr/2023:08:19:08 +0800] "POST /xingrg/kc/buy/cgsh_order_operate.html HTTP/1.1" 200 12
101.229.172.229 - - [01/Apr/2023:08:19:08 +0800] "POST /xingrg/kc/buy/cgsh_list_operate.html HTTP/1.1" 200 3205
116.238.139.35 - - [01/Apr/2023:08:19:10 +0800] "GET /xingrg/kc/buy/cgsh_order_info.html?code=212023040100007 HTTP/1.1" 200 64477
116.238.139.35 - - [01/Apr/2023:08:19:10 +0800] "GET /xingrg/javascript/easyui/themes/default/validatebox.css HTTP/1.1" 404 1104
114.83.222.182 - - [01/Apr/2023:08:19:11 +0800] "POST /xingrg/dwr/call/plaincall/AjaxCheckService.setItemNumber.dwr HTTP/1.1" 200 77
116.238.139.35 - - [01/Apr/2023:08:19:11 +0800] "POST /xingrg/kc/buy/cgsh_order_operate.html HTTP/1.1" 200 13775
116.238.139.35 - - [01/Apr/2023:08:19:14 +0800] "GET /xingrg/kc/print/load_data.html?order_code=212023040100007&kc_code=cgsh&condition= HTTP/1.1" 200 5812
101.229.172.229 - - [01/Apr/2023:08:19:14 +0800] "GET /xingrg/kc/main_page.html HTTP/1.1" 200 2725
101.229.172.229 - - [01/Apr/2023:08:19:14 +0800] "GET /xingrg/css/table.css HTTP/1.1" 304 -
101.229.172.229 - - [01/Apr/2023:08:19:15 +0800] "POST /xingrg/kc/main/get_notify_info.html HTTP/1.1" 200 112
101.229.172.229 - - [01/Apr/2023:08:19:15 +0800] "POST /xingrg/kc/main/get_notify_info.html HTTP/1.1" 200 1386
114.83.222.182 - - [01/Apr/2023:08:19:15 +0800] "GET /xingrg/all/function/internal_message.html?_=1680308433607&CODE_STATE=getMsg HTTP/1.1" 200 27
114.83.222.182 - - [01/Apr/2023:08:19:16 +0800] "POST /xingrg/dwr/call/plaincall/AjaxCheckService.setItemNumber.dwr HTTP/1.1" 200 77
58.39.110.54 - - [01/Apr/2023:08:19:17 +0800] "POST /xingrg/dwr/call/plaincall/AjaxCheckService.saveOrder.dwr HTTP/1.1" 200 78
101.229.172.229 - - [01/Apr/2023:08:19:17 +0800] "GET /xingrg/login.html HTTP/1.1" 200 7641
101.229.172.229 - - [01/Apr/2023:08:19:18 +0800] "GET /favicon.ico HTTP/1.1" 404 -
58.39.110.54 - - [01/Apr/2023:08:19:18 +0800] "POST /xingrg/dwr/call/plaincall/AjaxCheckService.loadOrderItems.dwr HTTP/1.1" 200 367
58.39.110.54 - - [01/Apr/2023:08:19:19 +0800] "GET /xingrg/javascript/jquery_easy_ui/themes/default/images/button_a_bg.gif HTTP/1.1" 200 1194
58.39.110.54 - - [01/Apr/2023:08:19:19 +0800] "GET /xingrg/javascript/jquery_easy_ui/themes/default/images/button_span_bg.gif HTTP/1.1" 200 2061
58.39.110.54 - - [01/Apr/2023:08:19:19 +0800] "GET /xingrg/javascript/jquery_easy_ui/themes/icons/pencil.png HTTP/1.1" 200 713
58.39.110.54 - - [01/Apr/2023:08:19:19 +0800] "GET /xingrg/javascript/jquery_easy_ui/themes/icons/ok.png HTTP/1.1" 200 883
58.39.110.54 - - [01/Apr/2023:08:19:19 +0800] "GET /xingrg/javascript/jquery_easy_ui/themes/default/images/panel_title.png HTTP/1.1" 200 266
58.39.110.54 - - [01/Apr/2023:08:19:19 +0800] "GET /xingrg/javascript/jquery_easy_ui/themes/default/images/panel_tools.gif HTTP/1.1" 200 737
114.83.222.182 - - [01/Apr/2023:08:19:20 +0800] "POST /xingrg/dwr/call/plaincall/AjaxCheckService.setItemNumber.dwr HTTP/1.1" 200 77
58.39.110.54 - - [01/Apr/2023:08:19:20 +0800] "POST /xingrg/kc/report/common_data.html?type=materiel_category_tree HTTP/1.1" 200 3921
58.39.110.54 - - [01/Apr/2023:08:19:20 +0800] "GET /xingrg/javascript/jquery_easy_ui/themes/default/images/tree_checkbox_0.gif HTTP/1.1" 200 168
58.39.110.54 - - [01/Apr/2023:08:19:22 +0800] "GET /xingrg/javascript/jquery_easy_ui/themes/default/images/tree_checkbox_1.gif HTTP/1.1" 200 174
58.39.110.54 - - [01/Apr/2023:08:19:22 +0800] "GET /xingrg/javascript/jquery_easy_ui/themes/default/images/tree_checkbox_2.gif HTTP/1.1" 200 181
101.229.172.229 - - [01/Apr/2023:08:19:24 +0800] "POST /xingrg/login.do HTTP/1.1" 302 -
101.229.172.229 - - [01/Apr/2023:08:19:24 +0800] "GET /xingrg/index.html?sysBaseUrl=http%3A%2F%2F180.169.147.146%3A18081%2Fxingrg%2F&costTime=995×tamp=1680308364533 HTTP/1.1" 200 17503
114.83.222.182 - - [01/Apr/2023:08:19:24 +0800] "POST /xingrg/dwr/call/plaincall/AjaxCheckService.setItemNumber.dwr HTTP/1.1" 200 77
101.229.172.229 - - [01/Apr/2023:08:19:25 +0800] "GET /xingrg/all/function/internal_message.html?_=1680308374183&CODE_STATE=count HTTP/1.1" 200 11
101.229.172.229 - - [01/Apr/2023:08:19:25 +0800] "GET /xingrg/check_reg.html?_=1680308374185 HTTP/1.1" 200 22
101.229.172.229 - - [01/Apr/2023:08:19:25 +0800] "GET /favicon.ico HTTP/1.1" 404 -
101.229.172.229 - - [01/Apr/2023:08:19:25 +0800] "POST /xingrg/all/common/load_tree.html?tree=area_rest_tree_json&manage=1 HTTP/1.1" 200 3499
101.229.172.229 - - [01/Apr/2023:08:19:25 +0800] "POST /xingrg/load_menu.html HTTP/1.1" 200 11564
58.39.110.54 - - [01/Apr/2023:08:19:25 +0800] "POST /xingrg/dwr/call/plaincall/AjaxCheckService.importOrderItems.dwr HTTP/1.1" 200 78
116.227.208.255 - - [01/Apr/2023:08:19:25 +0800] "GET /xingrg/kc/base/check_order_info.html?code=452023033100451 HTTP/1.1" 200 26526
116.227.208.255 - - [01/Apr/2023:08:19:26 +0800] "GET /xingrg/dwr/interface/AjaxComOrderService.js HTTP/1.1" 200 18264
116.227.208.255 - - [01/Apr/2023:08:19:26 +0800] "GET /xingrg/dwr/interface/AjaxCheckService.js HTTP/1.1" 200 14003
116.227.208.255 - - [01/Apr/2023:08:19:26 +0800] "GET /xingrg/dwr/engine.js HTTP/1.1" 200 43631
116.227.208.255 - - [01/Apr/2023:08:19:26 +0800] "GET /xingrg/dwr/util.js HTTP/1.1" 200 35990
58.39.110.54 - - [01/Apr/2023:08:19:26 +0800] "POST /xingrg/dwr/call/plaincall/AjaxCheckService.loadOrderItems.dwr HTTP/1.1" 200 163256
222.70.172.107 - - [01/Apr/2023:08:19:26 +0800] "GET /xingrg/all/function/internal_message.html?_=1680308388515&CODE_STATE=getMsg HTTP/1.1" 200 27
58.39.110.54 - - [01/Apr/2023:08:19:27 +0800] "GET /xingrg/javascript/jquery_easy_ui/themes/icons/no.png HTTP/1.1" 200 922
116.227.208.255 - - [01/Apr/2023:08:19:27 +0800] "POST /xingrg/dwr/call/plaincall/AjaxCheckService.loadOrderItems.dwr HTTP/1.1" 200 48458
58.39.110.54 - - [01/Apr/2023:08:19:28 +0800] "GET /xingrg/kc/print/load_config.html?_=1680308369034&kc_code=check HTTP/1.1" 200 2488
114.83.222.182 - - [01/Apr/2023:08:19:28 +0800] "POST /xingrg/dwr/call/plaincall/AjaxCheckService.setItemNumber.dwr HTTP/1.1" 200 77
58.39.110.54 - - [01/Apr/2023:08:19:28 +0800] "GET /xingrg/kc/print/load_data.html?_=1680308369109&order_code=452023040100001&kc_code=check&condition= HTTP/1.1" 200 42612
101.229.172.229 - - [01/Apr/2023:08:19:29 +0800] "GET /xingrg/javascript/jquery_easy_ui/themes/default/images/button_a_bg.gif HTTP/1.1" 304 -
101.229.172.229 - - [01/Apr/2023:08:19:29 +0800] "GET /xingrg/javascript/jquery_easy_ui/themes/default/images/button_span_bg.gif HTTP/1.1" 304 -
101.229.172.229 - - [01/Apr/2023:08:19:29 +0800] "GET /xingrg/javascript/jquery_easy_ui/themes/icons/ok.png HTTP/1.1" 304 -
101.229.172.229 - - [01/Apr/2023:08:19:32 +0800] "POST /xingrg/all/user/operate.html HTTP/1.1" 200 36
101.229.172.229 - - [01/Apr/2023:08:19:32 +0800] "GET /xingrg/index.html?sysBaseUrl=http%3A%2F%2F180.169.147.146%3A18081%2Fxingrg%2F&costTime=995×tamp=1680308364533 HTTP/1.1" 200 17509
101.229.172.229 - - [01/Apr/2023:08:19:32 +0800] "GET /xingrg/javascript/jquery_easy_ui/themes/default/easyui.css HTTP/1.1" 304 -
101.229.172.229 - - [01/Apr/2023:08:19:32 +0800] "GET /xingrg/javascript/jquery_easy_ui/themes/icon.css HTTP/1.1" 304 -
101.229.172.229 - - [01/Apr/2023:08:19:32 +0800] "GET /xingrg/css/form.css HTTP/1.1" 304 -
101.229.172.229 - - [01/Apr/2023:08:19:32 +0800] "GET /xingrg/javascript/jquery-1.4.2.min.js HTTP/1.1" 304 -
101.229.172.229 - - [01/Apr/2023:08:19:32 +0800] "GET /xingrg/javascript/jquery_easy_ui/jquery.easyui.min.js HTTP/1.1" 304 -
101.229.172.229 - - [01/Apr/2023:08:19:32 +0800] "GET /xingrg/javascript/jquery_easy_ui/easyui-lang-zh_CN.js HTTP/1.1" 304 -
101.229.172.229 - - [01/Apr/2023:08:19:32 +0800] "GET /xingrg/javascript/jquery.form.js HTTP/1.1" 304 -
101.229.172.229 - - [01/Apr/2023:08:19:32 +0800] "GET /xingrg/javascript/jquery.utils.js HTTP/1.1" 304 -
101.229.172.229 - - [01/Apr/2023:08:19:32 +0800] "GET /xingrg/javascript/jquery.timers.js HTTP/1.1" 304 -
101.229.172.229 - - [01/Apr/2023:08:19:32 +0800] "GET /xingrg/images/blue/jxLogo.png HTTP/1.1" 304 -
101.229.172.229 - - [01/Apr/2023:08:19:32 +0800] "GET /xingrg/images/blue/navBackgound.jpg HTTP/1.1" 304 -
101.229.172.229 - - [01/Apr/2023:08:19:32 +0800] "GET /xingrg/javascript/jquery_easy_ui/themes/icons/settle_new.png HTTP/1.1" 304 -
101.229.172.229 - - [01/Apr/2023:08:19:32 +0800] "GET /xingrg/all/function/internal_message.html?_=1680308381867&CODE_STATE=count HTTP/1.1" 200 11
101.229.172.229 - - [01/Apr/2023:08:19:32 +0800] "GET /xingrg/check_reg.html?_=1680308381868 HTTP/1.1" 200 22
101.229.172.229 - - [01/Apr/2023:08:19:32 +0800] "GET /xingrg/javascript/jquery_easy_ui/themes/default/images/tabs_leftarrow.png HTTP/1.1" 304 -
101.229.172.229 - - [01/Apr/2023:08:19:32 +0800] "GET /xingrg/javascript/jquery_easy_ui/themes/default/images/tabs_rightarrow.png HTTP/1.1" 304 -
101.229.172.229 - - [01/Apr/2023:08:19:32 +0800] "GET /xingrg/javascript/jquery_easy_ui/themes/default/images/panel_tool_expand.gif HTTP/1.1" 304 -
101.229.172.229 - - [01/Apr/2023:08:19:32 +0800] "GET /xingrg/javascript/jquery_easy_ui/themes/default/images/panel_tool_collapse.gif HTTP/1.1" 304 -
101.229.172.229 - - [01/Apr/2023:08:19:32 +0800] "GET /xingrg/images/blue/pingpu.png HTTP/1.1" 304 -
101.229.172.229 - - [01/Apr/2023:08:19:32 +0800] "POST /xingrg/all/common/load_tree.html?tree=area_rest_tree_json&manage=1 HTTP/1.1" 200 3499
101.229.172.229 - - [01/Apr/2023:08:19:32 +0800] "POST /xingrg/load_menu.html HTTP/1.1" 200 9959
114.83.222.182 - - [01/Apr/2023:08:19:33 +0800] "POST /xingrg/dwr/call/plaincall/AjaxCheckService.setItemNumber.dwr HTTP/1.1" 200 77
101.229.172.229 - - [01/Apr/2023:08:19:35 +0800] "GET /xingrg/kc/buy/cgsh_order_list.html HTTP/1.1" 200 54440
114.83.222.182 - - [01/Apr/2023:08:19:38 +0800] "POST /xingrg/dwr/call/plaincall/AjaxCheckService.setItemNumber.dwr HTTP/1.1" 200 77
101.229.172.229 - - [01/Apr/2023:08:19:38 +0800] "POST /xingrg/kc/buy/cgsh_list_operate.html HTTP/1.1" 200 986
120.253.135.82 - - [01/Apr/2023:08:19:41 +0800] "GET /xingrg/all/function/internal_message.html?_=1680308214489&CODE_STATE=getMsg HTTP/1.1" 200 27
58.39.110.54 - - [01/Apr/2023:08:19:43 +0800] "POST /xingrg/kc/base/check_list_operate.html HTTP/1.1" 200 1563
101.229.172.229 - - [01/Apr/2023:08:19:44 +0800] "POST /xingrg/kc/buy/cgsh_list_operate.html HTTP/1.1" 200 1892
58.39.110.54 - - [01/Apr/2023:08:19:44 +0800] "GET /xingrg/kc/base/check_order_add.html HTTP/1.1" 200 25456
58.39.110.54 - - [01/Apr/2023:08:19:44 +0800] "GET /xingrg/dwr/interface/AjaxCheckService.js HTTP/1.1" 200 14003
58.39.110.54 - - [01/Apr/2023:08:19:44 +0800] "GET /xingrg/dwr/interface/AjaxComOrderService.js HTTP/1.1" 200 18264
58.39.110.54 - - [01/Apr/2023:08:19:44 +0800] "GET /xingrg/dwr/engine.js HTTP/1.1" 200 43631
114.83.222.182 - - [01/Apr/2023:08:19:45 +0800] "POST /xingrg/dwr/call/plaincall/AjaxCheckService.setItemNumber.dwr HTTP/1.1" 200 77
101.229.172.229 - - [01/Apr/2023:08:19:45 +0800] "GET /xingrg/all/function/internal_message.html?_=1680308394573&CODE_STATE=getMsg HTTP/1.1" 200 27
114.83.222.182 - - [01/Apr/2023:08:19:49 +0800] "POST /xingrg/dwr/call/plaincall/AjaxCheckService.setItemNumber.dwr HTTP/1.1" 200 77
58.39.110.54 - - [01/Apr/2023:08:19:52 +0800] "POST /xingrg/dwr/call/plaincall/AjaxCheckService.saveOrder.dwr HTTP/1.1" 200 78
58.39.110.54 - - [01/Apr/2023:08:19:54 +0800] "POST /xingrg/dwr/call/plaincall/AjaxCheckService.loadOrderItems.dwr HTTP/1.1" 200 367
58.39.110.54 - - [01/Apr/2023:08:19:56 +0800] "POST /xingrg/kc/report/common_data.html?type=materiel_category_tree HTTP/1.1" 200 3921
101.229.172.229 - - [01/Apr/2023:08:19:56 +0800] "POST /xingrg/kc/buy/cgsh_list_operate.html HTTP/1.1" 200 591
114.83.222.182 - - [01/Apr/2023:08:19:58 +0800] "POST /xingrg/dwr/call/plaincall/AjaxCheckService.setItemNumber.dwr HTTP/1.1" 200 77
116.228.172.94 - - [01/Apr/2023:08:19:59 +0800] "GET /xingrg/all/function/internal_message.html?_=1680308332766&CODE_STATE=getMsg HTTP/1.1" 200 27
116.228.172.94 - - [01/Apr/2023:08:19:59 +0800] "GET /xingrg/check_reg.html?_=1680308332769 HTTP/1.1" 200 22
58.39.110.54 - - [01/Apr/2023:08:20:01 +0800] "POST /xingrg/dwr/call/plaincall/AjaxCheckService.importOrderItems.dwr HTTP/1.1" 200 78
114.83.222.182 - - [01/Apr/2023:08:20:03 +0800] "POST /xingrg/dwr/call/plaincall/AjaxCheckService.setItemNumber.dwr HTTP/1.1" 200 77
58.39.110.54 - - [01/Apr/2023:08:20:04 +0800] "POST /xingrg/dwr/call/plaincall/AjaxCheckService.loadOrderItems.dwr HTTP/1.1" 200 44058
101.229.172.229 - - [01/Apr/2023:08:20:04 +0800] "POST /xingrg/kc/buy/cgsh_list_operate.html HTTP/1.1" 200 4
116.227.208.255 - - [01/Apr/2023:08:20:05 +0800] "GET /xingrg/all/function/internal_message.html?_=1680308500006&CODE_STATE=getMsg HTTP/1.1" 200 27
116.238.139.35 - - [01/Apr/2023:08:20:07 +0800] "GET /xingrg/all/function/internal_message.html?_=1680308322691&CODE_STATE=getMsg HTTP/1.1" 200 27
58.39.110.54 - - [01/Apr/2023:08:20:07 +0800] "GET /xingrg/kc/print/load_config.html?_=1680308407623&kc_code=check HTTP/1.1" 200 2488
101.229.172.229 - - [01/Apr/2023:08:20:07 +0800] "POST /xingrg/kc/buy/cgsh_list_operate.html HTTP/1.1" 200 986
58.39.110.54 - - [01/Apr/2023:08:20:07 +0800] "GET /xingrg/kc/print/load_data.html?_=1680308408006&order_code=452023040100002&kc_code=check&condition= HTTP/1.1" 200 11576
114.83.222.182 - - [01/Apr/2023:08:20:08 +0800] "POST /xingrg/dwr/call/plaincall/AjaxCheckService.setItemNumber.dwr HTTP/1.1" 200 77
101.229.172.229 - - [01/Apr/2023:08:20:11 +0800] "GET /xingrg/login.html HTTP/1.1" 200 7641
114.83.222.182 - - [01/Apr/2023:08:20:11 +0800] "POST /xingrg/dwr/call/plaincall/AjaxCheckService.setItemNumber.dwr HTTP/1.1" 200 77
101.229.172.229 - - [01/Apr/2023:08:20:12 +0800] "GET /favicon.ico HTTP/1.1" 404 -
114.83.222.182 - - [01/Apr/2023:08:20:15 +0800] "GET /xingrg/all/function/internal_message.html?_=1680308493599&CODE_STATE=getMsg HTTP/1.1" 200 27
114.83.222.182 - - [01/Apr/2023:08:20:17 +0800] "POST /xingrg/dwr/call/plaincall/AjaxCheckService.setItemNumber.dwr HTTP/1.1" 200 77
101.229.172.229 - - [01/Apr/2023:08:20:17 +0800] "POST /xingrg/login.do HTTP/1.1" 302 -
101.229.172.229 - - [01/Apr/2023:08:20:17 +0800] "GET /xingrg/index.html?sysBaseUrl=http%3A%2F%2F180.169.147.146%3A18081%2Fxingrg%2F&costTime=908×tamp=1680308417833 HTTP/1.1" 200 17179
101.229.172.229 - - [01/Apr/2023:08:20:18 +0800] "GET /favicon.ico HTTP/1.1" 404 -
101.229.172.229 - - [01/Apr/2023:08:20:18 +0800] "POST /xingrg/all/common/load_tree.html?tree=area_rest_tree_json&manage=1 HTTP/1.1" 200 351
101.229.172.229 - - [01/Apr/2023:08:20:18 +0800] "GET /xingrg/all/function/internal_message.html?_=1680308427430&CODE_STATE=count HTTP/1.1" 200 11
101.229.172.229 - - [01/Apr/2023:08:20:18 +0800] "GET /xingrg/check_reg.html?_=1680308427432 HTTP/1.1" 200 22
101.229.172.229 - - [01/Apr/2023:08:20:18 +0800] "POST /xingrg/load_menu.html HTTP/1.1" 200 5138
101.229.172.229 - - [01/Apr/2023:08:20:20 +0800] "GET /xingrg/kc/buy/cgsh_order_list.html HTTP/1.1" 200 54185
114.83.222.182 - - [01/Apr/2023:08:20:23 +0800] "POST /xingrg/dwr/call/plaincall/AjaxCheckService.setItemNumber.dwr HTTP/1.1" 200 77
101.229.172.229 - - [01/Apr/2023:08:20:24 +0800] "POST /xingrg/kc/buy/cgsh_list_operate.html HTTP/1.1" 200 1867
101.229.172.229 - - [01/Apr/2023:08:20:26 +0800] "POST /xingrg/kc/buy/cgsh_list_operate.html HTTP/1.1" 200 591
222.70.172.107 - - [01/Apr/2023:08:20:26 +0800] "GET /xingrg/all/function/internal_message.html?_=1680308448528&CODE_STATE=getMsg HTTP/1.1" 200 27
101.229.172.229 - - [01/Apr/2023:08:20:27 +0800] "GET /xingrg/kc/buy/cgsh_order_info.html?code=212023040100006 HTTP/1.1" 200 69001
101.229.172.229 - - [01/Apr/2023:08:20:28 +0800] "GET /xingrg/javascript/easyui/themes/default/validatebox.css HTTP/1.1" 404 1104
101.229.172.229 - - [01/Apr/2023:08:20:28 +0800] "GET /xingrg/all/common/auto_word.html?type=employee&rest_code=00144 HTTP/1.1" 200 101
101.229.172.229 - - [01/Apr/2023:08:20:28 +0800] "GET /xingrg/all/common/auto_word.html?type=employee&rest_code=00144 HTTP/1.1" 200 101
114.83.222.182 - - [01/Apr/2023:08:20:28 +0800] "POST /xingrg/dwr/call/plaincall/AjaxCheckService.setItemNumber.dwr HTTP/1.1" 200 77
101.229.172.229 - - [01/Apr/2023:08:20:28 +0800] "POST /xingrg/kc/buy/cgsh_order_operate.html HTTP/1.1" 200 22334
101.229.172.229 - - [01/Apr/2023:08:20:29 +0800] "GET /xingrg/javascript/jquery_tools/images/prev.gif HTTP/1.1" 404 1086
101.229.172.229 - - [01/Apr/2023:08:20:29 +0800] "GET /xingrg/javascript/jquery_tools/images/next.gif HTTP/1.1" 404 1086
114.83.222.182 - - [01/Apr/2023:08:20:33 +0800] "POST /xingrg/dwr/call/plaincall/AjaxCheckService.setItemNumber.dwr HTTP/1.1" 200 77
114.83.222.182 - - [01/Apr/2023:08:20:36 +0800] "POST /xingrg/dwr/call/plaincall/AjaxCheckService.setItemNumber.dwr HTTP/1.1" 200 77
101.229.172.229 - - [01/Apr/2023:08:20:37 +0800] "POST /xingrg/kc/buy/cgsh_order_operate.html HTTP/1.1" 200 37
120.253.135.82 - - [01/Apr/2023:08:20:41 +0800] "GET /xingrg/all/function/internal_message.html?_=1680308274550&CODE_STATE=getMsg HTTP/1.1" 200 27
101.229.172.229 - - [01/Apr/2023:08:20:45 +0800] "POST /xingrg/kc/buy/cgsh_order_operate.html HTTP/1.1" 200 12
101.229.172.229 - - [01/Apr/2023:08:20:47 +0800] "GET /xingrg/kc/buy/cgsh_order_info.html?code=212023040100006 HTTP/1.1" 200 63895
101.229.172.229 - - [01/Apr/2023:08:20:47 +0800] "GET /xingrg/javascript/easyui/themes/default/validatebox.css HTTP/1.1" 404 1104
101.229.172.229 - - [01/Apr/2023:08:20:48 +0800] "POST /xingrg/kc/buy/cgsh_order_operate.html HTTP/1.1" 200 20278
101.229.172.229 - - [01/Apr/2023:08:20:49 +0800] "GET /xingrg/kc/print/load_config.html?kc_code=cgsh HTTP/1.1" 200 1925
172.20.0.100 - - [01/Apr/2023:08:20:50 +0800] "GET /xingrg/check_reg.html?_=1680308465691 HTTP/1.1" 302 -
101.229.172.229 - - [01/Apr/2023:08:20:50 +0800] "GET /xingrg/kc/print/load_data.html?order_code=212023040100006&kc_code=cgsh&condition= HTTP/1.1" 200 8179
114.83.222.182 - - [01/Apr/2023:08:20:50 +0800] "POST /xingrg/dwr/call/plaincall/AjaxCheckService.setItemNumber.dwr HTTP/1.1" 200 77
114.83.222.182 - - [01/Apr/2023:08:20:55 +0800] "POST /xingrg/dwr/call/plaincall/AjaxCheckService.setItemNumber.dwr HTTP/1.1" 200 77
114.83.222.182 - - [01/Apr/2023:08:20:59 +0800] "POST /xingrg/dwr/call/plaincall/AjaxCheckService.setItemNumber.dwr HTTP/1.1" 200 77
