180.157.253.110 - - [30/Mar/2023:09:00:29 +0800] "GET /xingrg/all/function/internal_message.html?_=1680138030346&CODE_STATE=getMsg HTTP/1.1" 200 27
120.253.135.82 - - [30/Mar/2023:09:00:35 +0800] "GET /xingrg/check_reg.html?_=1680137867887 HTTP/1.1" 200 22
222.70.182.87 - - [30/Mar/2023:09:00:36 +0800] "GET /xingrg/all/function/internal_message.html?_=1680138036432&CODE_STATE=getMsg HTTP/1.1" 200 27
116.224.158.100 - - [30/Mar/2023:09:00:37 +0800] "GET /xingrg/kc/buy/cgsh_order_operate.html?command=get_materiel&rest_code=00105&code=00101008274&supplier_code=00100203&order_time=2023-03-30 HTTP/1.1" 200 412
101.83.240.222 - - [30/Mar/2023:09:00:39 +0800] "GET /xingrg/login.html HTTP/1.1" 200 7641
101.83.240.222 - - [30/Mar/2023:09:00:40 +0800] "GET /favicon.ico HTTP/1.1" 404 -
172.20.0.100 - - [30/Mar/2023:09:00:45 +0800] "GET /xingrg/all/function/internal_message.html?_=1680138055180&CODE_STATE=getMsg HTTP/1.1" 200 27
124.78.155.10 - - [30/Mar/2023:09:00:45 +0800] "GET /xingrg/all/function/internal_message.html?_=1680138045409&CODE_STATE=getMsg HTTP/1.1" 200 27
116.224.158.100 - - [30/Mar/2023:09:00:46 +0800] "GET /xingrg/kc/buy/cgsh_order_operate.html?command=get_materiel&rest_code=00105&code=00101008350&supplier_code=00100203&order_time=2023-03-30 HTTP/1.1" 200 408
180.157.253.110 - - [30/Mar/2023:09:00:48 +0800] "GET /xingrg/all/function/internal_message.html?_=1680138049113&CODE_STATE=getMsg HTTP/1.1" 200 27
222.70.172.219 - - [30/Mar/2023:09:00:49 +0800] "GET /xingrg/all/function/internal_message.html?_=1680138062893&CODE_STATE=getMsg HTTP/1.1" 200 27
101.83.240.222 - - [30/Mar/2023:09:00:49 +0800] "POST /xingrg/login.do HTTP/1.1" 302 -
101.83.240.222 - - [30/Mar/2023:09:00:49 +0800] "GET /xingrg/index.html?sysBaseUrl=http%3A%2F%2F180.169.147.146%3A18081%2Fxingrg%2F&costTime=829×tamp=1680138049668 HTTP/1.1" 200 17179
116.238.139.35 - - [30/Mar/2023:09:00:49 +0800] "GET /xingrg/all/function/internal_message.html?_=1680138051658&CODE_STATE=getMsg HTTP/1.1" 200 27
101.83.240.222 - - [30/Mar/2023:09:00:49 +0800] "GET /favicon.ico HTTP/1.1" 404 -
101.83.240.222 - - [30/Mar/2023:09:00:50 +0800] "GET /xingrg/check_reg.html?_=1680138048440 HTTP/1.1" 200 22
101.83.240.222 - - [30/Mar/2023:09:00:50 +0800] "POST /xingrg/all/common/load_tree.html?tree=area_rest_tree_json&manage=1 HTTP/1.1" 200 351
101.83.240.222 - - [30/Mar/2023:09:00:50 +0800] "GET /xingrg/all/function/internal_message.html?_=1680138048439&CODE_STATE=count HTTP/1.1" 200 11
101.83.240.222 - - [30/Mar/2023:09:00:50 +0800] "POST /xingrg/load_menu.html HTTP/1.1" 200 5138
116.238.139.35 - - [30/Mar/2023:09:00:51 +0800] "POST /xingrg/all/user/operate.html HTTP/1.1" 200 36
116.238.139.35 - - [30/Mar/2023:09:00:51 +0800] "GET /xingrg/index.html?sysBaseUrl=http%3A%2F%2F180.169.147.146%3A18081%2Fxingrg%2F&costTime=829×tamp=1680137929455 HTTP/1.1" 200 17179
116.238.139.35 - - [30/Mar/2023:09:00:51 +0800] "GET /xingrg/javascript/jquery_easy_ui/themes/default/easyui.css HTTP/1.1" 304 -
116.238.139.35 - - [30/Mar/2023:09:00:51 +0800] "GET /xingrg/javascript/jquery_easy_ui/themes/icon.css HTTP/1.1" 304 -
116.238.139.35 - - [30/Mar/2023:09:00:51 +0800] "GET /xingrg/css/form.css HTTP/1.1" 304 -
116.238.139.35 - - [30/Mar/2023:09:00:51 +0800] "GET /xingrg/javascript/jquery-1.4.2.min.js HTTP/1.1" 304 -
116.238.139.35 - - [30/Mar/2023:09:00:51 +0800] "GET /xingrg/javascript/jquery_easy_ui/jquery.easyui.min.js HTTP/1.1" 304 -
116.238.139.35 - - [30/Mar/2023:09:00:51 +0800] "GET /xingrg/javascript/jquery_easy_ui/easyui-lang-zh_CN.js HTTP/1.1" 304 -
116.238.139.35 - - [30/Mar/2023:09:00:51 +0800] "GET /xingrg/javascript/jquery.form.js HTTP/1.1" 304 -
116.238.139.35 - - [30/Mar/2023:09:00:51 +0800] "GET /xingrg/javascript/jquery.utils.js HTTP/1.1" 304 -
116.238.139.35 - - [30/Mar/2023:09:00:51 +0800] "GET /xingrg/javascript/jquery.timers.js HTTP/1.1" 304 -
116.238.139.35 - - [30/Mar/2023:09:00:51 +0800] "GET /xingrg/images/blue/jxLogo.png HTTP/1.1" 304 -
116.238.139.35 - - [30/Mar/2023:09:00:51 +0800] "GET /xingrg/images/blue/navBackgound.jpg HTTP/1.1" 304 -
116.238.139.35 - - [30/Mar/2023:09:00:51 +0800] "GET /xingrg/javascript/jquery_easy_ui/themes/icons/settle_new.png HTTP/1.1" 304 -
116.238.139.35 - - [30/Mar/2023:09:00:51 +0800] "GET /xingrg/all/function/internal_message.html?_=1680138053589&CODE_STATE=count HTTP/1.1" 200 11
116.238.139.35 - - [30/Mar/2023:09:00:51 +0800] "GET /xingrg/check_reg.html?_=1680138053589 HTTP/1.1" 200 22
116.238.139.35 - - [30/Mar/2023:09:00:51 +0800] "GET /xingrg/javascript/jquery_easy_ui/themes/default/images/tabs_leftarrow.png HTTP/1.1" 304 -
116.238.139.35 - - [30/Mar/2023:09:00:51 +0800] "GET /xingrg/javascript/jquery_easy_ui/themes/default/images/panel_tool_collapse.gif HTTP/1.1" 304 -
116.238.139.35 - - [30/Mar/2023:09:00:51 +0800] "GET /xingrg/images/blue/pingpu.png HTTP/1.1" 304 -
116.238.139.35 - - [30/Mar/2023:09:00:51 +0800] "GET /xingrg/javascript/jquery_easy_ui/themes/default/images/tabs_rightarrow.png HTTP/1.1" 304 -
116.238.139.35 - - [30/Mar/2023:09:00:51 +0800] "POST /xingrg/all/common/load_tree.html?tree=area_rest_tree_json&manage=1 HTTP/1.1" 200 476
116.238.139.35 - - [30/Mar/2023:09:00:51 +0800] "POST /xingrg/load_menu.html HTTP/1.1" 200 5138
101.83.240.222 - - [30/Mar/2023:09:00:53 +0800] "GET /xingrg/kc/buy/cgsh_order_list.html HTTP/1.1" 200 54185
116.238.139.35 - - [30/Mar/2023:09:00:54 +0800] "GET /xingrg/kc/buy/cgsh_order_list.html HTTP/1.1" 200 54185
116.238.139.35 - - [30/Mar/2023:09:00:56 +0800] "POST /xingrg/kc/buy/cgsh_list_operate.html HTTP/1.1" 200 986
101.83.240.222 - - [30/Mar/2023:09:00:58 +0800] "POST /xingrg/kc/buy/cgsh_list_operate.html HTTP/1.1" 200 986
116.238.139.35 - - [30/Mar/2023:09:00:58 +0800] "GET /xingrg/kc/buy/cgsh_order_add.html HTTP/1.1" 200 70005
116.238.139.35 - - [30/Mar/2023:09:00:58 +0800] "POST /xingrg/kc/buy/cgsh_order_operate.html HTTP/1.1" 200 8245
116.238.139.35 - - [30/Mar/2023:09:00:58 +0800] "GET /xingrg/javascript/easyui/themes/default/validatebox.css HTTP/1.1" 404 1104
116.238.139.35 - - [30/Mar/2023:09:00:58 +0800] "GET /xingrg/all/common/auto_word.html?type=employee&rest_code=00150 HTTP/1.1" 200 159
116.238.139.35 - - [30/Mar/2023:09:00:58 +0800] "GET /xingrg/all/common/auto_word.html?type=employee&rest_code=00150 HTTP/1.1" 200 159
101.83.240.222 - - [30/Mar/2023:09:00:59 +0800] "GET /xingrg/kc/buy/cgsh_order_add.html HTTP/1.1" 200 70049
101.83.240.222 - - [30/Mar/2023:09:01:00 +0800] "GET /xingrg/words/20230329145859_words.js HTTP/1.1" 304 -
116.238.139.35 - - [30/Mar/2023:09:01:00 +0800] "GET /xingrg/javascript/auto/indicator.gif HTTP/1.1" 404 1066
172.20.0.100 - - [30/Mar/2023:09:01:00 +0800] "GET /xingrg/all/function/internal_message.html?_=1680138070496&CODE_STATE=getMsg HTTP/1.1" 200 27
101.83.240.222 - - [30/Mar/2023:09:01:00 +0800] "GET /xingrg/javascript/easyui/themes/default/validatebox.css HTTP/1.1" 404 1104
101.83.240.222 - - [30/Mar/2023:09:01:00 +0800] "GET /xingrg/all/common/auto_word.html?type=employee&rest_code=00149 HTTP/1.1" 200 197
101.83.240.222 - - [30/Mar/2023:09:01:00 +0800] "GET /xingrg/all/common/auto_word.html?type=employee&rest_code=00149 HTTP/1.1" 200 197
101.83.240.222 - - [30/Mar/2023:09:01:00 +0800] "POST /xingrg/kc/buy/cgsh_order_operate.html HTTP/1.1" 200 8245
101.83.240.222 - - [30/Mar/2023:09:01:01 +0800] "GET /xingrg/javascript/auto/indicator.gif HTTP/1.1" 404 1066
116.224.158.100 - - [30/Mar/2023:09:01:02 +0800] "GET /xingrg/all/function/internal_message.html?_=1680138063355&CODE_STATE=getMsg HTTP/1.1" 200 27
116.224.158.100 - - [30/Mar/2023:09:01:02 +0800] "GET /xingrg/kc/buy/cgsh_order_operate.html?command=get_materiel&rest_code=00105&code=00101013100&supplier_code=00100203&order_time=2023-03-30 HTTP/1.1" 200 428
116.238.139.35 - - [30/Mar/2023:09:01:02 +0800] "GET /xingrg/check_reg.html?_=1680137980134 HTTP/1.1" 200 22
101.83.240.222 - - [30/Mar/2023:09:01:02 +0800] "GET /xingrg/javascript/jquery_tools/images/prev.gif HTTP/1.1" 404 1086
101.83.240.222 - - [30/Mar/2023:09:01:02 +0800] "GET /xingrg/javascript/jquery_tools/images/next.gif HTTP/1.1" 404 1086
116.227.208.255 - - [30/Mar/2023:09:01:03 +0800] "GET /xingrg/all/function/internal_message.html?_=1680138162460&CODE_STATE=getMsg HTTP/1.1" 200 27
116.238.139.35 - - [30/Mar/2023:09:01:07 +0800] "GET /xingrg/kc/buy/cgsh_order_operate.html?command=get_materiel&rest_code=00150&code=00101009062&supplier_code=00100022&order_time=2023-03-30 HTTP/1.1" 200 412
172.20.0.100 - - [30/Mar/2023:09:01:07 +0800] "GET /xingrg/check_reg.html?_=1680138077379 HTTP/1.1" 200 22
101.83.240.222 - - [30/Mar/2023:09:01:10 +0800] "GET /xingrg/kc/buy/cgsh_order_operate.html?command=get_materiel&rest_code=00149&code=00101008323&supplier_code=00100008&order_time=2023-03-30 HTTP/1.1" 200 408
116.192.124.172 - - [30/Mar/2023:09:01:10 +0800] "GET /xingrg/all/function/internal_message.html?_=1680138070516&CODE_STATE=getMsg HTTP/1.1" 200 27
116.238.139.35 - - [30/Mar/2023:09:01:14 +0800] "GET /xingrg/all/function/internal_message.html?_=1680137991813&CODE_STATE=getMsg HTTP/1.1" 200 27
116.238.139.35 - - [30/Mar/2023:09:01:17 +0800] "GET /xingrg/kc/buy/cgsh_order_operate.html?command=get_materiel&rest_code=00150&code=00101009109&supplier_code=00100022&order_time=2023-03-30 HTTP/1.1" 200 413
101.83.240.222 - - [30/Mar/2023:09:01:22 +0800] "GET /xingrg/kc/buy/cgsh_order_operate.html?command=get_materiel&rest_code=00149&code=00101008302&supplier_code=00100008&order_time=2023-03-30 HTTP/1.1" 200 414
222.70.182.87 - - [30/Mar/2023:09:01:22 +0800] "GET /xingrg/kc/buy/cgsh_order_operate.html?command=get_materiel&rest_code=00111&code=00101008038&supplier_code=00100005&order_time=2023-03-30 HTTP/1.1" 200 412
116.238.139.35 - - [30/Mar/2023:09:01:26 +0800] "GET /xingrg/kc/buy/cgsh_order_operate.html?command=get_materiel&rest_code=00150&code=00101009122&supplier_code=00100022&order_time=2023-03-30 HTTP/1.1" 200 405
180.157.253.110 - - [30/Mar/2023:09:01:29 +0800] "GET /xingrg/all/function/internal_message.html?_=1680138090351&CODE_STATE=getMsg HTTP/1.1" 200 27
222.70.182.87 - - [30/Mar/2023:09:01:30 +0800] "GET /xingrg/kc/buy/cgsh_order_operate.html?command=get_materiel&rest_code=00111&code=00101008257&supplier_code=00100005&order_time=2023-03-30 HTTP/1.1" 200 416
101.83.240.222 - - [30/Mar/2023:09:01:33 +0800] "GET /xingrg/kc/buy/cgsh_order_operate.html?command=get_materiel&rest_code=00149&code=00101008027&supplier_code=00100008&order_time=2023-03-30 HTTP/1.1" 200 409
116.238.139.35 - - [30/Mar/2023:09:01:34 +0800] "GET /xingrg/kc/buy/cgsh_order_operate.html?command=get_materiel&rest_code=00150&code=00101009011&supplier_code=00100022&order_time=2023-03-30 HTTP/1.1" 200 416
222.70.182.87 - - [30/Mar/2023:09:01:36 +0800] "GET /xingrg/all/function/internal_message.html?_=1680138096442&CODE_STATE=getMsg HTTP/1.1" 200 27
222.70.182.87 - - [30/Mar/2023:09:01:39 +0800] "GET /xingrg/kc/buy/cgsh_order_operate.html?command=get_materiel&rest_code=00111&code=00101008272&supplier_code=00100005&order_time=2023-03-30 HTTP/1.1" 200 412
116.238.139.35 - - [30/Mar/2023:09:01:40 +0800] "GET /xingrg/kc/buy/cgsh_order_operate.html?command=get_materiel&rest_code=00150&code=00101009055&supplier_code=00100022&order_time=2023-03-30 HTTP/1.1" 200 412
101.83.240.222 - - [30/Mar/2023:09:01:43 +0800] "GET /xingrg/kc/buy/cgsh_order_operate.html?command=get_materiel&rest_code=00149&code=00101008132&supplier_code=00100008&order_time=2023-03-30 HTTP/1.1" 200 408
172.20.0.100 - - [30/Mar/2023:09:01:45 +0800] "GET /xingrg/all/function/internal_message.html?_=1680138115178&CODE_STATE=getMsg HTTP/1.1" 200 27
124.78.155.10 - - [30/Mar/2023:09:01:45 +0800] "GET /xingrg/all/function/internal_message.html?_=1680138105409&CODE_STATE=getMsg HTTP/1.1" 200 27
116.238.139.35 - - [30/Mar/2023:09:01:47 +0800] "GET /xingrg/kc/buy/cgsh_order_operate.html?command=get_materiel&rest_code=00150&code=00101009012&supplier_code=00100022&order_time=2023-03-30 HTTP/1.1" 200 409
180.157.253.110 - - [30/Mar/2023:09:01:48 +0800] "GET /xingrg/all/function/internal_message.html?_=1680138109086&CODE_STATE=getMsg HTTP/1.1" 200 27
222.70.182.87 - - [30/Mar/2023:09:01:48 +0800] "GET /xingrg/kc/buy/cgsh_order_operate.html?command=get_materiel&rest_code=00111&code=00101008155&supplier_code=00100005&order_time=2023-03-30 HTTP/1.1" 200 408
222.70.172.219 - - [30/Mar/2023:09:01:48 +0800] "GET /xingrg/check_reg.html?_=1680138122544 HTTP/1.1" 200 22
222.70.172.219 - - [30/Mar/2023:09:01:49 +0800] "GET /xingrg/all/function/internal_message.html?_=1680138122907&CODE_STATE=getMsg HTTP/1.1" 200 27
101.83.240.222 - - [30/Mar/2023:09:01:50 +0800] "GET /xingrg/all/function/internal_message.html?_=1680138108453&CODE_STATE=getMsg HTTP/1.1" 200 27
116.238.139.35 - - [30/Mar/2023:09:01:51 +0800] "GET /xingrg/all/function/internal_message.html?_=1680138113589&CODE_STATE=getMsg HTTP/1.1" 200 27
116.224.158.100 - - [30/Mar/2023:09:01:52 +0800] "GET /xingrg/kc/buy/cgsh_order_operate.html?command=get_materiel&rest_code=00105&code=00101008209&supplier_code=00100203&order_time=2023-03-30 HTTP/1.1" 200 408
101.83.240.222 - - [30/Mar/2023:09:01:55 +0800] "GET /xingrg/kc/buy/cgsh_order_operate.html?command=get_materiel&rest_code=00149&code=00101008257&supplier_code=00100008&order_time=2023-03-30 HTTP/1.1" 200 416
222.70.182.87 - - [30/Mar/2023:09:01:56 +0800] "GET /xingrg/kc/buy/cgsh_order_operate.html?command=get_materiel&rest_code=00111&code=00101008298&supplier_code=00100005&order_time=2023-03-30 HTTP/1.1" 200 413
116.238.139.35 - - [30/Mar/2023:09:01:59 +0800] "GET /xingrg/kc/buy/cgsh_order_operate.html?command=get_materiel&rest_code=00150&code=00101009059&supplier_code=00100022&order_time=2023-03-30 HTTP/1.1" 200 409
172.20.0.100 - - [30/Mar/2023:09:02:00 +0800] "GET /xingrg/all/function/internal_message.html?_=1680138130495&CODE_STATE=getMsg HTTP/1.1" 200 27
116.224.158.100 - - [30/Mar/2023:09:02:01 +0800] "GET /xingrg/kc/buy/cgsh_order_operate.html?command=get_materiel&rest_code=00105&code=00101008223&supplier_code=00100203&order_time=2023-03-30 HTTP/1.1" 200 412
116.224.158.100 - - [30/Mar/2023:09:02:02 +0800] "GET /xingrg/all/function/internal_message.html?_=1680138123245&CODE_STATE=getMsg HTTP/1.1" 200 27
114.83.222.182 - - [30/Mar/2023:09:02:02 +0800] "GET /xingrg/login.html HTTP/1.1" 200 7641
114.83.222.182 - - [30/Mar/2023:09:02:03 +0800] "GET /favicon.ico HTTP/1.1" 404 -
116.227.208.255 - - [30/Mar/2023:09:02:03 +0800] "GET /xingrg/check_reg.html?_=1680138222456 HTTP/1.1" 200 22
116.227.208.255 - - [30/Mar/2023:09:02:03 +0800] "GET /xingrg/all/function/internal_message.html?_=1680138222457&CODE_STATE=getMsg HTTP/1.1" 200 27
114.83.222.182 - - [30/Mar/2023:09:02:06 +0800] "POST /xingrg/login.do HTTP/1.1" 302 -
114.83.222.182 - - [30/Mar/2023:09:02:06 +0800] "GET /xingrg/index.html?sysBaseUrl=http%3A%2F%2F180.169.147.146%3A18081%2Fxingrg%2F&costTime=870×tamp=1680138126853 HTTP/1.1" 200 17179
114.83.222.182 - - [30/Mar/2023:09:02:07 +0800] "GET /favicon.ico HTTP/1.1" 404 -
114.83.222.182 - - [30/Mar/2023:09:02:07 +0800] "GET /xingrg/all/function/internal_message.html?_=1680138203830&CODE_STATE=count HTTP/1.1" 200 11
114.83.222.182 - - [30/Mar/2023:09:02:07 +0800] "GET /xingrg/check_reg.html?_=1680138203830 HTTP/1.1" 200 22
114.83.222.182 - - [30/Mar/2023:09:02:07 +0800] "POST /xingrg/all/common/load_tree.html?tree=area_rest_tree_json&manage=1 HTTP/1.1" 200 351
114.83.222.182 - - [30/Mar/2023:09:02:07 +0800] "POST /xingrg/load_menu.html HTTP/1.1" 200 5138
101.83.240.222 - - [30/Mar/2023:09:02:07 +0800] "GET /xingrg/kc/buy/cgsh_order_operate.html?command=get_materiel&rest_code=00149&code=00101008349&supplier_code=00100008&order_time=2023-03-30 HTTP/1.1" 200 414
222.70.182.87 - - [30/Mar/2023:09:02:09 +0800] "GET /xingrg/kc/buy/cgsh_order_operate.html?command=get_materiel&rest_code=00111&code=00101008353&supplier_code=00100005&order_time=2023-03-30 HTTP/1.1" 200 408
116.192.124.172 - - [30/Mar/2023:09:02:10 +0800] "GET /xingrg/all/function/internal_message.html?_=1680138130529&CODE_STATE=getMsg HTTP/1.1" 200 27
116.238.139.35 - - [30/Mar/2023:09:02:14 +0800] "GET /xingrg/all/function/internal_message.html?_=1680138051827&CODE_STATE=getMsg HTTP/1.1" 200 27
101.83.240.222 - - [30/Mar/2023:09:02:17 +0800] "GET /xingrg/kc/buy/cgsh_order_operate.html?command=get_materiel&rest_code=00149&code=00101008350&supplier_code=00100008&order_time=2023-03-30 HTTP/1.1" 200 408
180.157.253.110 - - [30/Mar/2023:09:02:29 +0800] "GET /xingrg/all/function/internal_message.html?_=1680138150351&CODE_STATE=getMsg HTTP/1.1" 200 27
116.224.158.100 - - [30/Mar/2023:09:02:31 +0800] "GET /xingrg/kc/buy/cgsh_order_operate.html?command=get_materiel&rest_code=00105&code=00101008032&supplier_code=00100203&order_time=2023-03-30 HTTP/1.1" 200 409
222.70.182.87 - - [30/Mar/2023:09:02:36 +0800] "GET /xingrg/check_reg.html?_=1680138156441 HTTP/1.1" 200 22
222.70.182.87 - - [30/Mar/2023:09:02:36 +0800] "GET /xingrg/all/function/internal_message.html?_=1680138156444&CODE_STATE=getMsg HTTP/1.1" 200 27
101.83.240.222 - - [30/Mar/2023:09:02:38 +0800] "GET /xingrg/kc/buy/cgsh_order_operate.html?command=get_materiel&rest_code=00149&code=00101008244&supplier_code=00100008&order_time=2023-03-30 HTTP/1.1" 200 408
172.20.0.100 - - [30/Mar/2023:09:02:45 +0800] "GET /xingrg/all/function/internal_message.html?_=1680138175177&CODE_STATE=getMsg HTTP/1.1" 200 27
172.20.0.100 - - [30/Mar/2023:09:02:45 +0800] "GET /xingrg/check_reg.html?_=1680138175178 HTTP/1.1" 200 22
124.78.155.10 - - [30/Mar/2023:09:02:45 +0800] "GET /xingrg/check_reg.html?_=1680138165410 HTTP/1.1" 200 22
124.78.155.10 - - [30/Mar/2023:09:02:45 +0800] "GET /xingrg/all/function/internal_message.html?_=1680138165413&CODE_STATE=getMsg HTTP/1.1" 200 27
180.157.253.110 - - [30/Mar/2023:09:02:48 +0800] "GET /xingrg/all/function/internal_message.html?_=1680138169055&CODE_STATE=getMsg HTTP/1.1" 200 27
222.70.172.219 - - [30/Mar/2023:09:02:49 +0800] "GET /xingrg/all/function/internal_message.html?_=1680138182920&CODE_STATE=getMsg HTTP/1.1" 200 27
101.83.240.222 - - [30/Mar/2023:09:02:50 +0800] "GET /xingrg/all/function/internal_message.html?_=1680138168447&CODE_STATE=getMsg HTTP/1.1" 200 27
116.238.139.35 - - [30/Mar/2023:09:02:51 +0800] "POST /xingrg/kc/buy/cgsh_order_operate.html HTTP/1.1" 200 37
101.83.240.222 - - [30/Mar/2023:09:02:54 +0800] "GET /xingrg/kc/buy/cgsh_order_operate.html?command=get_materiel&rest_code=00149&code=00101008185&supplier_code=00100008&order_time=2023-03-30 HTTP/1.1" 200 408
180.157.253.110 - - [30/Mar/2023:09:02:58 +0800] "GET /xingrg/check_reg.html?_=1680138179262 HTTP/1.1" 200 22
172.20.0.100 - - [30/Mar/2023:09:03:00 +0800] "GET /xingrg/all/function/internal_message.html?_=1680138190494&CODE_STATE=getMsg HTTP/1.1" 200 27
116.224.158.100 - - [30/Mar/2023:09:03:02 +0800] "GET /xingrg/all/function/internal_message.html?_=1680138183228&CODE_STATE=getMsg HTTP/1.1" 200 27
116.227.208.255 - - [30/Mar/2023:09:03:03 +0800] "GET /xingrg/all/function/internal_message.html?_=1680138282461&CODE_STATE=getMsg HTTP/1.1" 200 27
116.238.139.35 - - [30/Mar/2023:09:03:07 +0800] "POST /xingrg/kc/buy/cgsh_order_operate.html HTTP/1.1" 200 6195
114.83.222.182 - - [30/Mar/2023:09:03:07 +0800] "GET /xingrg/all/function/internal_message.html?_=1680138263854&CODE_STATE=getMsg HTTP/1.1" 200 27
116.224.158.100 - - [30/Mar/2023:09:03:08 +0800] "GET /xingrg/kc/buy/cgsh_order_operate.html?command=get_materiel&rest_code=00105&code=00101008114&supplier_code=00100203&order_time=2023-03-30 HTTP/1.1" 200 413
116.192.124.172 - - [30/Mar/2023:09:03:10 +0800] "GET /xingrg/all/function/internal_message.html?_=1680138190526&CODE_STATE=getMsg HTTP/1.1" 200 27
116.238.139.35 - - [30/Mar/2023:09:03:14 +0800] "GET /xingrg/all/function/internal_message.html?_=1680138111851&CODE_STATE=getMsg HTTP/1.1" 200 27
101.83.240.222 - - [30/Mar/2023:09:03:16 +0800] "GET /xingrg/kc/buy/cgsh_order_operate.html?command=get_materiel&rest_code=00149&code=00101008026&supplier_code=00100008&order_time=2023-03-30 HTTP/1.1" 200 409
222.70.182.87 - - [30/Mar/2023:09:03:23 +0800] "POST /xingrg/kc/buy/cgsh_order_operate.html HTTP/1.1" 200 2065
116.224.158.100 - - [30/Mar/2023:09:03:24 +0800] "GET /xingrg/kc/buy/cgsh_order_operate.html?command=get_materiel&rest_code=00105&code=00101008720&supplier_code=00100203&order_time=2023-03-30 HTTP/1.1" 200 398
101.83.240.222 - - [30/Mar/2023:09:03:25 +0800] "GET /xingrg/kc/buy/cgsh_order_operate.html?command=get_materiel&rest_code=00149&code=00101008096&supplier_code=00100008&order_time=2023-03-30 HTTP/1.1" 200 412
180.157.253.110 - - [30/Mar/2023:09:03:29 +0800] "GET /xingrg/all/function/internal_message.html?_=1680138210350&CODE_STATE=getMsg HTTP/1.1" 200 27
222.70.182.87 - - [30/Mar/2023:09:03:31 +0800] "GET /xingrg/kc/buy/cgsh_order_operate.html?command=get_materiel&rest_code=00111&code=00101008095&supplier_code=00100005&order_time=2023-03-30 HTTP/1.1" 200 413
116.224.158.100 - - [30/Mar/2023:09:03:34 +0800] "GET /xingrg/kc/buy/cgsh_order_operate.html?command=get_materiel&rest_code=00105&code=00101008229&supplier_code=00100203&order_time=2023-03-30 HTTP/1.1" 200 420
101.83.240.222 - - [30/Mar/2023:09:03:36 +0800] "GET /xingrg/kc/buy/cgsh_order_operate.html?command=get_materiel&rest_code=00149&code=00101008038&supplier_code=00100008&order_time=2023-03-30 HTTP/1.1" 200 412
222.70.182.87 - - [30/Mar/2023:09:03:36 +0800] "GET /xingrg/all/function/internal_message.html?_=1680138216438&CODE_STATE=getMsg HTTP/1.1" 200 27
116.224.158.100 - - [30/Mar/2023:09:03:37 +0800] "POST /xingrg/kc/buy/cgsh_order_operate.html HTTP/1.1" 200 2065
116.224.158.100 - - [30/Mar/2023:09:03:38 +0800] "POST /xingrg/kc/buy/cgsh_order_operate.html HTTP/1.1" 200 2065
116.224.158.100 - - [30/Mar/2023:09:03:39 +0800] "POST /xingrg/kc/buy/cgsh_order_operate.html HTTP/1.1" 200 2065
222.70.182.87 - - [30/Mar/2023:09:03:39 +0800] "GET /xingrg/kc/buy/cgsh_order_operate.html?command=get_materiel&rest_code=00111&code=00101008036&supplier_code=00100005&order_time=2023-03-30 HTTP/1.1" 200 408
172.20.0.100 - - [30/Mar/2023:09:03:45 +0800] "GET /xingrg/all/function/internal_message.html?_=1680138235176&CODE_STATE=getMsg HTTP/1.1" 200 27
124.78.155.10 - - [30/Mar/2023:09:03:45 +0800] "GET /xingrg/all/function/internal_message.html?_=1680138225402&CODE_STATE=getMsg HTTP/1.1" 200 27
180.157.253.110 - - [30/Mar/2023:09:03:48 +0800] "GET /xingrg/all/function/internal_message.html?_=1680138229030&CODE_STATE=getMsg HTTP/1.1" 200 27
222.70.182.87 - - [30/Mar/2023:09:03:48 +0800] "GET /xingrg/kc/buy/cgsh_order_operate.html?command=get_materiel&rest_code=00111&code=00101008312&supplier_code=00100005&order_time=2023-03-30 HTTP/1.1" 200 412
222.70.172.219 - - [30/Mar/2023:09:03:49 +0800] "GET /xingrg/all/function/internal_message.html?_=1680138242935&CODE_STATE=getMsg HTTP/1.1" 200 27
116.224.158.100 - - [30/Mar/2023:09:03:50 +0800] "GET /xingrg/kc/buy/cgsh_order_operate.html?command=get_materiel&rest_code=00105&code=00101008405&supplier_code=00100203&order_time=2023-03-30 HTTP/1.1" 200 413
101.83.240.222 - - [30/Mar/2023:09:03:50 +0800] "GET /xingrg/all/function/internal_message.html?_=1680138228466&CODE_STATE=getMsg HTTP/1.1" 200 27
101.83.240.222 - - [30/Mar/2023:09:03:51 +0800] "GET /xingrg/kc/buy/cgsh_order_operate.html?command=get_materiel&rest_code=00149&code=00101008283&supplier_code=00100008&order_time=2023-03-30 HTTP/1.1" 200 408
116.238.139.35 - - [30/Mar/2023:09:03:51 +0800] "GET /xingrg/all/function/internal_message.html?_=1680138233604&CODE_STATE=getMsg HTTP/1.1" 200 27
116.224.158.100 - - [30/Mar/2023:09:03:58 +0800] "GET /xingrg/kc/buy/cgsh_order_operate.html?command=get_materiel&rest_code=00105&code=00101008168&supplier_code=00100203&order_time=2023-03-30 HTTP/1.1" 200 413
172.20.0.100 - - [30/Mar/2023:09:04:00 +0800] "GET /xingrg/check_reg.html?_=1680138250492 HTTP/1.1" 200 22
172.20.0.100 - - [30/Mar/2023:09:04:00 +0800] "GET /xingrg/all/function/internal_message.html?_=1680138250493&CODE_STATE=getMsg HTTP/1.1" 200 27
222.70.182.87 - - [30/Mar/2023:09:04:00 +0800] "GET /xingrg/kc/buy/cgsh_order_operate.html?command=get_materiel&rest_code=00111&code=00101008010&supplier_code=00100005&order_time=2023-03-30 HTTP/1.1" 200 412
116.224.158.100 - - [30/Mar/2023:09:04:02 +0800] "GET /xingrg/all/function/internal_message.html?_=1680138243201&CODE_STATE=getMsg HTTP/1.1" 200 27
116.227.208.255 - - [30/Mar/2023:09:04:03 +0800] "GET /xingrg/all/function/internal_message.html?_=1680138342458&CODE_STATE=getMsg HTTP/1.1" 200 27
116.224.158.100 - - [30/Mar/2023:09:04:06 +0800] "GET /xingrg/kc/buy/cgsh_order_operate.html?command=get_materiel&rest_code=00105&code=00101008261&supplier_code=00100203&order_time=2023-03-30 HTTP/1.1" 200 408
114.83.222.182 - - [30/Mar/2023:09:04:07 +0800] "GET /xingrg/all/function/internal_message.html?_=1680138323847&CODE_STATE=getMsg HTTP/1.1" 200 27
222.70.182.87 - - [30/Mar/2023:09:04:09 +0800] "GET /xingrg/kc/buy/cgsh_order_operate.html?command=get_materiel&rest_code=00111&code=00101008091&supplier_code=00100005&order_time=2023-03-30 HTTP/1.1" 200 413
116.192.124.172 - - [30/Mar/2023:09:04:10 +0800] "GET /xingrg/check_reg.html?_=1680138250527 HTTP/1.1" 200 22
116.192.124.172 - - [30/Mar/2023:09:04:10 +0800] "GET /xingrg/all/function/internal_message.html?_=1680138250532&CODE_STATE=getMsg HTTP/1.1" 200 27
101.83.240.222 - - [30/Mar/2023:09:04:11 +0800] "GET /xingrg/kc/buy/cgsh_order_operate.html?command=get_materiel&rest_code=00149&code=00101008358&supplier_code=00100008&order_time=2023-03-30 HTTP/1.1" 200 412
222.70.182.87 - - [30/Mar/2023:09:04:12 +0800] "POST /xingrg/kc/buy/cgsh_order_operate.html HTTP/1.1" 200 2065
116.238.139.35 - - [30/Mar/2023:09:04:14 +0800] "GET /xingrg/all/function/internal_message.html?_=1680138171855&CODE_STATE=getMsg HTTP/1.1" 200 27
222.70.182.87 - - [30/Mar/2023:09:04:18 +0800] "GET /xingrg/kc/buy/cgsh_order_operate.html?command=get_materiel&rest_code=00111&code=00101008599&supplier_code=00100005&order_time=2023-03-30 HTTP/1.1" 200 405
116.224.158.100 - - [30/Mar/2023:09:04:19 +0800] "GET /xingrg/kc/buy/cgsh_order_operate.html?command=get_materiel&rest_code=00105&code=00101008199&supplier_code=00100203&order_time=2023-03-30 HTTP/1.1" 200 408
101.83.240.222 - - [30/Mar/2023:09:04:19 +0800] "GET /xingrg/kc/buy/cgsh_order_operate.html?command=get_materiel&rest_code=00149&code=00101008163&supplier_code=00100008&order_time=2023-03-30 HTTP/1.1" 200 409
116.224.158.100 - - [30/Mar/2023:09:04:27 +0800] "GET /xingrg/kc/buy/cgsh_order_operate.html?command=get_materiel&rest_code=00105&code=00101008003&supplier_code=00100203&order_time=2023-03-30 HTTP/1.1" 200 408
101.83.240.222 - - [30/Mar/2023:09:04:28 +0800] "GET /xingrg/kc/buy/cgsh_order_operate.html?command=get_materiel&rest_code=00149&code=00101008141&supplier_code=00100008&order_time=2023-03-30 HTTP/1.1" 200 412
180.157.253.110 - - [30/Mar/2023:09:04:29 +0800] "GET /xingrg/all/function/internal_message.html?_=1680138270350&CODE_STATE=getMsg HTTP/1.1" 200 27
222.70.182.87 - - [30/Mar/2023:09:04:30 +0800] "GET /xingrg/kc/buy/cgsh_order_operate.html?command=get_materiel&rest_code=00111&code=00101008131&supplier_code=00100005&order_time=2023-03-30 HTTP/1.1" 200 409
116.224.158.100 - - [30/Mar/2023:09:04:34 +0800] "GET /xingrg/kc/buy/cgsh_order_operate.html?command=get_materiel&rest_code=00105&code=00101008126&supplier_code=00100203&order_time=2023-03-30 HTTP/1.1" 200 412
222.70.182.87 - - [30/Mar/2023:09:04:36 +0800] "GET /xingrg/all/function/internal_message.html?_=1680138276437&CODE_STATE=getMsg HTTP/1.1" 200 27
101.83.240.222 - - [30/Mar/2023:09:04:38 +0800] "GET /xingrg/kc/buy/cgsh_order_operate.html?command=get_materiel&rest_code=00149&code=00101008321&supplier_code=00100008&order_time=2023-03-30 HTTP/1.1" 200 412
172.20.0.100 - - [30/Mar/2023:09:04:45 +0800] "GET /xingrg/all/function/internal_message.html?_=1680138295191&CODE_STATE=getMsg HTTP/1.1" 200 27
124.78.155.10 - - [30/Mar/2023:09:04:45 +0800] "GET /xingrg/all/function/internal_message.html?_=1680138285404&CODE_STATE=getMsg HTTP/1.1" 200 27
222.70.182.87 - - [30/Mar/2023:09:04:46 +0800] "GET /xingrg/kc/buy/cgsh_order_operate.html?command=get_materiel&rest_code=00111&code=00101008286&supplier_code=00100005&order_time=2023-03-30 HTTP/1.1" 200 408
180.157.253.110 - - [30/Mar/2023:09:04:48 +0800] "GET /xingrg/all/function/internal_message.html?_=1680138289016&CODE_STATE=getMsg HTTP/1.1" 200 27
222.70.172.219 - - [30/Mar/2023:09:04:49 +0800] "GET /xingrg/all/function/internal_message.html?_=1680138303537&CODE_STATE=getMsg HTTP/1.1" 200 27
101.83.240.222 - - [30/Mar/2023:09:04:50 +0800] "GET /xingrg/all/function/internal_message.html?_=1680138288453&CODE_STATE=getMsg HTTP/1.1" 200 27
116.238.139.35 - - [30/Mar/2023:09:04:51 +0800] "GET /xingrg/all/function/internal_message.html?_=1680138293578&CODE_STATE=getMsg HTTP/1.1" 200 27
222.70.182.87 - - [30/Mar/2023:09:04:55 +0800] "GET /xingrg/kc/buy/cgsh_order_operate.html?command=get_materiel&rest_code=00111&code=00101008356&supplier_code=00100005&order_time=2023-03-30 HTTP/1.1" 200 408
101.83.240.222 - - [30/Mar/2023:09:04:56 +0800] "GET /xingrg/kc/buy/cgsh_order_operate.html?command=get_materiel&rest_code=00149&code=00101008356&supplier_code=00100008&order_time=2023-03-30 HTTP/1.1" 200 408
172.20.0.100 - - [30/Mar/2023:09:05:00 +0800] "GET /xingrg/all/function/internal_message.html?_=1680138310491&CODE_STATE=getMsg HTTP/1.1" 200 27
116.224.158.100 - - [30/Mar/2023:09:05:01 +0800] "GET /xingrg/kc/buy/cgsh_order_operate.html?command=get_materiel&rest_code=00105&code=00101008271&supplier_code=00100203&order_time=2023-03-30 HTTP/1.1" 200 408
101.83.240.222 - - [30/Mar/2023:09:05:01 +0800] "POST /xingrg/kc/buy/cgsh_order_operate.html HTTP/1.1" 200 2065
116.224.158.100 - - [30/Mar/2023:09:05:02 +0800] "GET /xingrg/check_reg.html?_=1680138303183 HTTP/1.1" 200 22
116.224.158.100 - - [30/Mar/2023:09:05:02 +0800] "GET /xingrg/all/function/internal_message.html?_=1680138303186&CODE_STATE=getMsg HTTP/1.1" 200 27
116.227.208.255 - - [30/Mar/2023:09:05:03 +0800] "GET /xingrg/all/function/internal_message.html?_=1680138402448&CODE_STATE=getMsg HTTP/1.1" 200 27
222.70.182.87 - - [30/Mar/2023:09:05:04 +0800] "GET /xingrg/kc/buy/cgsh_order_operate.html?command=get_materiel&rest_code=00111&code=00101008185&supplier_code=00100005&order_time=2023-03-30 HTTP/1.1" 200 408
222.70.182.87 - - [30/Mar/2023:09:05:06 +0800] "POST /xingrg/kc/buy/cgsh_order_operate.html HTTP/1.1" 200 2065
114.83.222.182 - - [30/Mar/2023:09:05:07 +0800] "GET /xingrg/all/function/internal_message.html?_=1680138383836&CODE_STATE=getMsg HTTP/1.1" 200 27
101.83.240.222 - - [30/Mar/2023:09:05:08 +0800] "GET /xingrg/kc/buy/cgsh_order_operate.html?command=get_materiel&rest_code=00149&code=00101008300&supplier_code=00100008&order_time=2023-03-30 HTTP/1.1" 200 412
116.192.124.172 - - [30/Mar/2023:09:05:10 +0800] "GET /xingrg/all/function/internal_message.html?_=1680138310525&CODE_STATE=getMsg HTTP/1.1" 200 27
222.70.182.87 - - [30/Mar/2023:09:05:12 +0800] "GET /xingrg/kc/buy/cgsh_order_operate.html?command=get_materiel&rest_code=00111&code=00101008077&supplier_code=00100005&order_time=2023-03-30 HTTP/1.1" 200 416
116.224.158.100 - - [30/Mar/2023:09:05:13 +0800] "GET /xingrg/kc/buy/cgsh_order_operate.html?command=get_materiel&rest_code=00105&code=00101016018&supplier_code=00100203&order_time=2023-03-30 HTTP/1.1" 200 423
116.238.139.35 - - [30/Mar/2023:09:05:14 +0800] "GET /xingrg/all/function/internal_message.html?_=1680138231882&CODE_STATE=getMsg HTTP/1.1" 200 27
116.224.158.100 - - [30/Mar/2023:09:05:18 +0800] "POST /xingrg/all/common/load_select.html HTTP/1.1" 200 25
101.83.240.222 - - [30/Mar/2023:09:05:23 +0800] "GET /xingrg/kc/buy/cgsh_order_operate.html?command=get_materiel&rest_code=00149&code=00101008362&supplier_code=00100008&order_time=2023-03-30 HTTP/1.1" 200 408
116.224.158.100 - - [30/Mar/2023:09:05:23 +0800] "GET /xingrg/kc/buy/cgsh_order_operate.html?command=get_materiel_price&rest_code=00105&code=00101016018&unit_code=00100139&supplier_code=00100203&order_time=2023-03-30 HTTP/1.1" 200 27
180.157.253.110 - - [30/Mar/2023:09:05:29 +0800] "GET /xingrg/check_reg.html?_=1680138330352 HTTP/1.1" 200 22
180.157.253.110 - - [30/Mar/2023:09:05:29 +0800] "GET /xingrg/all/function/internal_message.html?_=1680138330354&CODE_STATE=getMsg HTTP/1.1" 200 27
101.83.240.222 - - [30/Mar/2023:09:05:32 +0800] "GET /xingrg/kc/buy/cgsh_order_operate.html?command=get_materiel&rest_code=00149&code=00101008077&supplier_code=00100008&order_time=2023-03-30 HTTP/1.1" 200 416
120.253.135.82 - - [30/Mar/2023:09:05:35 +0800] "GET /xingrg/check_reg.html?_=1680138167895 HTTP/1.1" 200 22
222.70.182.87 - - [30/Mar/2023:09:05:36 +0800] "GET /xingrg/all/function/internal_message.html?_=1680138336447&CODE_STATE=getMsg HTTP/1.1" 200 27
116.224.158.100 - - [30/Mar/2023:09:05:37 +0800] "GET /xingrg/kc/buy/cgsh_order_operate.html?command=get_materiel&rest_code=00105&code=00101010136&supplier_code=00100203&order_time=2023-03-30 HTTP/1.1" 200 408
222.70.182.87 - - [30/Mar/2023:09:05:39 +0800] "GET /xingrg/kc/buy/cgsh_order_operate.html?command=get_materiel&rest_code=00111&code=00101008098&supplier_code=00100005&order_time=2023-03-30 HTTP/1.1" 200 412
172.20.0.100 - - [30/Mar/2023:09:05:45 +0800] "GET /xingrg/all/function/internal_message.html?_=1680138355188&CODE_STATE=getMsg HTTP/1.1" 200 27
124.78.155.10 - - [30/Mar/2023:09:05:45 +0800] "GET /xingrg/all/function/internal_message.html?_=1680138345404&CODE_STATE=getMsg HTTP/1.1" 200 27
180.157.253.110 - - [30/Mar/2023:09:05:48 +0800] "GET /xingrg/all/function/internal_message.html?_=1680138348986&CODE_STATE=getMsg HTTP/1.1" 200 27
222.70.172.219 - - [30/Mar/2023:09:05:49 +0800] "GET /xingrg/all/function/internal_message.html?_=1680138363538&CODE_STATE=getMsg HTTP/1.1" 200 27
101.83.240.222 - - [30/Mar/2023:09:05:50 +0800] "GET /xingrg/all/function/internal_message.html?_=1680138348463&CODE_STATE=getMsg HTTP/1.1" 200 27
101.83.240.222 - - [30/Mar/2023:09:05:50 +0800] "GET /xingrg/check_reg.html?_=1680138348466 HTTP/1.1" 200 22
116.238.139.35 - - [30/Mar/2023:09:05:51 +0800] "GET /xingrg/all/function/internal_message.html?_=1680138353565&CODE_STATE=getMsg HTTP/1.1" 200 27
116.238.139.35 - - [30/Mar/2023:09:05:51 +0800] "GET /xingrg/check_reg.html?_=1680138353600 HTTP/1.1" 200 22
222.70.182.87 - - [30/Mar/2023:09:05:51 +0800] "POST /xingrg/kc/buy/cgsh_order_operate.html HTTP/1.1" 200 2065
101.83.240.222 - - [30/Mar/2023:09:05:52 +0800] "GET /xingrg/kc/buy/cgsh_order_operate.html?command=get_materiel&rest_code=00149&code=00101008223&supplier_code=00100008&order_time=2023-03-30 HTTP/1.1" 200 412
101.83.240.222 - - [30/Mar/2023:09:05:56 +0800] "POST /xingrg/kc/buy/cgsh_order_operate.html HTTP/1.1" 200 2065
172.20.0.100 - - [30/Mar/2023:09:06:00 +0800] "GET /xingrg/all/function/internal_message.html?_=1680138370489&CODE_STATE=getMsg HTTP/1.1" 200 27
116.224.158.100 - - [30/Mar/2023:09:06:02 +0800] "GET /xingrg/all/function/internal_message.html?_=1680138363314&CODE_STATE=getMsg HTTP/1.1" 200 27
116.238.139.35 - - [30/Mar/2023:09:06:02 +0800] "GET /xingrg/check_reg.html?_=1680138280134 HTTP/1.1" 200 22
116.227.208.255 - - [30/Mar/2023:09:06:03 +0800] "GET /xingrg/all/function/internal_message.html?_=1680138462461&CODE_STATE=getMsg HTTP/1.1" 200 27
116.224.158.100 - - [30/Mar/2023:09:06:04 +0800] "POST /xingrg/kc/buy/cgsh_order_operate.html HTTP/1.1" 200 37
101.83.240.222 - - [30/Mar/2023:09:06:06 +0800] "GET /xingrg/kc/buy/cgsh_order_operate.html?command=get_materiel&rest_code=00149&code=00101008042&supplier_code=00100008&order_time=2023-03-30 HTTP/1.1" 200 416
116.224.158.100 - - [30/Mar/2023:09:06:06 +0800] "POST /xingrg/kc/buy/cgsh_order_operate.html HTTP/1.1" 200 41066
114.83.222.182 - - [30/Mar/2023:09:06:07 +0800] "GET /xingrg/all/function/internal_message.html?_=1680138443841&CODE_STATE=getMsg HTTP/1.1" 200 27
172.20.0.100 - - [30/Mar/2023:09:06:07 +0800] "GET /xingrg/check_reg.html?_=1680138377354 HTTP/1.1" 200 22
116.192.124.172 - - [30/Mar/2023:09:06:10 +0800] "GET /xingrg/all/function/internal_message.html?_=1680138370530&CODE_STATE=getMsg HTTP/1.1" 200 27
116.238.139.35 - - [30/Mar/2023:09:06:14 +0800] "GET /xingrg/all/function/internal_message.html?_=1680138291897&CODE_STATE=getMsg HTTP/1.1" 200 27
101.83.240.222 - - [30/Mar/2023:09:06:21 +0800] "GET /xingrg/kc/buy/cgsh_order_operate.html?command=get_materiel&rest_code=00149&code=00101008330&supplier_code=00100008&order_time=2023-03-30 HTTP/1.1" 200 408
222.70.182.87 - - [30/Mar/2023:09:06:25 +0800] "GET /xingrg/kc/buy/cgsh_order_operate.html?command=get_materiel&rest_code=00111&code=00101008350&supplier_code=00100005&order_time=2023-03-30 HTTP/1.1" 200 408
180.157.253.110 - - [30/Mar/2023:09:06:29 +0800] "GET /xingrg/all/function/internal_message.html?_=1680138390341&CODE_STATE=getMsg HTTP/1.1" 200 27
101.83.240.222 - - [30/Mar/2023:09:06:30 +0800] "GET /xingrg/kc/buy/cgsh_order_operate.html?command=get_materiel&rest_code=00149&code=00101008304&supplier_code=00100008&order_time=2023-03-30 HTTP/1.1" 200 412
222.70.182.87 - - [30/Mar/2023:09:06:36 +0800] "GET /xingrg/all/function/internal_message.html?_=1680138396432&CODE_STATE=getMsg HTTP/1.1" 200 27
101.83.240.222 - - [30/Mar/2023:09:06:44 +0800] "GET /xingrg/kc/buy/cgsh_order_operate.html?command=get_materiel&rest_code=00149&code=00101008007&supplier_code=00100008&order_time=2023-03-30 HTTP/1.1" 200 413
172.20.0.100 - - [30/Mar/2023:09:06:45 +0800] "GET /xingrg/all/function/internal_message.html?_=1680138415187&CODE_STATE=getMsg HTTP/1.1" 200 27
124.78.155.10 - - [30/Mar/2023:09:06:45 +0800] "GET /xingrg/all/function/internal_message.html?_=1680138405403&CODE_STATE=getMsg HTTP/1.1" 200 27
180.157.253.110 - - [30/Mar/2023:09:06:48 +0800] "GET /xingrg/all/function/internal_message.html?_=1680138408955&CODE_STATE=getMsg HTTP/1.1" 200 27
222.70.172.219 - - [30/Mar/2023:09:06:49 +0800] "GET /xingrg/check_reg.html?_=1680138423129 HTTP/1.1" 200 22
222.70.172.219 - - [30/Mar/2023:09:06:49 +0800] "GET /xingrg/all/function/internal_message.html?_=1680138423552&CODE_STATE=getMsg HTTP/1.1" 200 27
222.70.182.87 - - [30/Mar/2023:09:06:50 +0800] "GET /xingrg/kc/buy/cgsh_order_operate.html?command=get_materiel&rest_code=00111&code=00101008027&supplier_code=00100005&order_time=2023-03-30 HTTP/1.1" 200 408
101.83.240.222 - - [30/Mar/2023:09:06:50 +0800] "GET /xingrg/all/function/internal_message.html?_=1680138408481&CODE_STATE=getMsg HTTP/1.1" 200 27
116.238.139.35 - - [30/Mar/2023:09:06:51 +0800] "GET /xingrg/all/function/internal_message.html?_=1680138413537&CODE_STATE=getMsg HTTP/1.1" 200 27
101.83.240.222 - - [30/Mar/2023:09:06:54 +0800] "GET /xingrg/kc/buy/cgsh_order_operate.html?command=get_materiel&rest_code=00149&code=00101008357&supplier_code=00100008&order_time=2023-03-30 HTTP/1.1" 200 408
222.67.232.202 - - [30/Mar/2023:09:06:54 +0800] "POST /xingrg/services/DataTransmitService HTTP/1.1" 200 524
116.192.124.172 - - [30/Mar/2023:09:06:58 +0800] "GET /xingrg/login.html HTTP/1.1" 200 7641
116.192.124.172 - - [30/Mar/2023:09:06:58 +0800] "GET /favicon.ico HTTP/1.1" 404 -
172.20.0.100 - - [30/Mar/2023:09:07:00 +0800] "GET /xingrg/all/function/internal_message.html?_=1680138430488&CODE_STATE=getMsg HTTP/1.1" 200 27
101.83.240.222 - - [30/Mar/2023:09:07:01 +0800] "POST /xingrg/kc/buy/cgsh_order_operate.html HTTP/1.1" 200 2065
116.192.124.172 - - [30/Mar/2023:09:07:01 +0800] "POST /xingrg/login.do HTTP/1.1" 302 -
116.192.124.172 - - [30/Mar/2023:09:07:01 +0800] "GET /xingrg/index.html?sysBaseUrl=http%3A%2F%2F180.169.147.146%3A18081%2Fxingrg%2F&costTime=846×tamp=1680138421113 HTTP/1.1" 200 17173
116.192.124.172 - - [30/Mar/2023:09:07:01 +0800] "GET /favicon.ico HTTP/1.1" 404 -
116.192.124.172 - - [30/Mar/2023:09:07:01 +0800] "GET /xingrg/check_reg.html?_=1680138421765 HTTP/1.1" 200 22
116.192.124.172 - - [30/Mar/2023:09:07:01 +0800] "GET /xingrg/all/function/internal_message.html?_=1680138421765&CODE_STATE=count HTTP/1.1" 200 11
116.192.124.172 - - [30/Mar/2023:09:07:01 +0800] "POST /xingrg/all/common/load_tree.html?tree=area_rest_tree_json&manage=1 HTTP/1.1" 200 342
116.192.124.172 - - [30/Mar/2023:09:07:01 +0800] "POST /xingrg/load_menu.html HTTP/1.1" 200 5138
116.224.158.100 - - [30/Mar/2023:09:07:02 +0800] "GET /xingrg/all/function/internal_message.html?_=1680138423184&CODE_STATE=getMsg HTTP/1.1" 200 27
222.70.182.87 - - [30/Mar/2023:09:07:02 +0800] "GET /xingrg/kc/buy/cgsh_order_operate.html?command=get_materiel&rest_code=00111&code=00101008037&supplier_code=00100005&order_time=2023-03-30 HTTP/1.1" 200 413
116.227.208.255 - - [30/Mar/2023:09:07:03 +0800] "GET /xingrg/check_reg.html?_=1680138522461 HTTP/1.1" 200 22
116.227.208.255 - - [30/Mar/2023:09:07:03 +0800] "GET /xingrg/all/function/internal_message.html?_=1680138522464&CODE_STATE=getMsg HTTP/1.1" 200 27
116.192.124.172 - - [30/Mar/2023:09:07:03 +0800] "GET /xingrg/kc/buy/cgsh_order_list.html HTTP/1.1" 200 54179
222.70.182.87 - - [30/Mar/2023:09:07:05 +0800] "POST /xingrg/kc/buy/cgsh_order_operate.html HTTP/1.1" 200 2065
116.192.124.172 - - [30/Mar/2023:09:07:06 +0800] "POST /xingrg/kc/buy/cgsh_list_operate.html HTTP/1.1" 200 986
114.83.222.182 - - [30/Mar/2023:09:07:07 +0800] "GET /xingrg/check_reg.html?_=1680138503843 HTTP/1.1" 200 22
114.83.222.182 - - [30/Mar/2023:09:07:07 +0800] "GET /xingrg/all/function/internal_message.html?_=1680138503845&CODE_STATE=getMsg HTTP/1.1" 200 27
116.192.124.172 - - [30/Mar/2023:09:07:08 +0800] "GET /xingrg/kc/buy/cgsh_order_add.html HTTP/1.1" 200 69996
116.192.124.172 - - [30/Mar/2023:09:07:08 +0800] "GET /xingrg/javascript/easyui/themes/icons/copy_new.png HTTP/1.1" 200 815
116.192.124.172 - - [30/Mar/2023:09:07:08 +0800] "POST /xingrg/kc/buy/cgsh_order_operate.html HTTP/1.1" 200 8245
116.192.124.172 - - [30/Mar/2023:09:07:08 +0800] "GET /xingrg/javascript/easyui/themes/default/validatebox.css HTTP/1.1" 404 1104
116.192.124.172 - - [30/Mar/2023:09:07:08 +0800] "GET /xingrg/all/common/auto_word.html?type=employee&rest_code=00102 HTTP/1.1" 200 189
116.192.124.172 - - [30/Mar/2023:09:07:08 +0800] "GET /xingrg/all/common/auto_word.html?type=employee&rest_code=00102 HTTP/1.1" 200 189
116.192.124.172 - - [30/Mar/2023:09:07:10 +0800] "GET /xingrg/all/function/internal_message.html?_=1680138430518&CODE_STATE=getMsg HTTP/1.1" 200 27
101.83.240.222 - - [30/Mar/2023:09:07:13 +0800] "GET /xingrg/kc/buy/cgsh_order_operate.html?command=get_materiel&rest_code=00149&code=00101008069&supplier_code=00100008&order_time=2023-03-30 HTTP/1.1" 200 412
116.238.139.35 - - [30/Mar/2023:09:07:14 +0800] "GET /xingrg/all/function/internal_message.html?_=1680138351911&CODE_STATE=getMsg HTTP/1.1" 200 27
222.70.182.87 - - [30/Mar/2023:09:07:19 +0800] "GET /xingrg/kc/buy/cgsh_order_operate.html?command=get_materiel&rest_code=00111&code=00101008372&supplier_code=00100005&order_time=2023-03-30 HTTP/1.1" 200 408
101.83.240.222 - - [30/Mar/2023:09:07:22 +0800] "GET /xingrg/kc/buy/cgsh_order_operate.html?command=get_materiel&rest_code=00149&code=00101008286&supplier_code=00100008&order_time=2023-03-30 HTTP/1.1" 200 408
116.227.208.255 - - [30/Mar/2023:09:07:22 +0800] "POST /xingrg/services/DataTransmitService HTTP/1.1" 200 524
120.253.135.82 - - [30/Mar/2023:09:07:22 +0800] "GET /xingrg/javascript/jquery_easy_ui/themes/default/images/tabs_active.png HTTP/1.1" 304 -
120.253.135.82 - - [30/Mar/2023:09:07:28 +0800] "GET /xingrg/login.html HTTP/1.1" 200 7641
120.253.135.82 - - [30/Mar/2023:09:07:28 +0800] "GET /xingrg/images/blue/jxLogo.png HTTP/1.1" 304 -
120.253.135.82 - - [30/Mar/2023:09:07:28 +0800] "GET /favicon.ico HTTP/1.1" 404 -
180.157.253.110 - - [30/Mar/2023:09:07:29 +0800] "GET /xingrg/all/function/internal_message.html?_=1680138450342&CODE_STATE=getMsg HTTP/1.1" 200 27
120.253.135.82 - - [30/Mar/2023:09:07:31 +0800] "POST /xingrg/login.do HTTP/1.1" 302 -
120.253.135.82 - - [30/Mar/2023:09:07:31 +0800] "GET /xingrg/index.html?sysBaseUrl=http%3A%2F%2F180.169.147.146%3A18081%2Fxingrg%2F&costTime=840×tamp=1680138451768 HTTP/1.1" 200 17173
120.253.135.82 - - [30/Mar/2023:09:07:31 +0800] "GET /xingrg/javascript/jquery_easy_ui/themes/default/easyui.css HTTP/1.1" 304 -
120.253.135.82 - - [30/Mar/2023:09:07:31 +0800] "GET /xingrg/javascript/jquery_easy_ui/easyui-lang-zh_CN.js HTTP/1.1" 304 -
120.253.135.82 - - [30/Mar/2023:09:07:31 +0800] "GET /xingrg/javascript/jquery_easy_ui/themes/icon.css HTTP/1.1" 304 -
120.253.135.82 - - [30/Mar/2023:09:07:31 +0800] "GET /xingrg/css/form.css HTTP/1.1" 304 -
120.253.135.82 - - [30/Mar/2023:09:07:31 +0800] "GET /xingrg/javascript/jquery_easy_ui/jquery.easyui.min.js HTTP/1.1" 304 -
120.253.135.82 - - [30/Mar/2023:09:07:31 +0800] "GET /xingrg/javascript/jquery-1.4.2.min.js HTTP/1.1" 304 -
120.253.135.82 - - [30/Mar/2023:09:07:31 +0800] "GET /xingrg/javascript/jquery.utils.js HTTP/1.1" 304 -
120.253.135.82 - - [30/Mar/2023:09:07:31 +0800] "GET /xingrg/javascript/jquery.form.js HTTP/1.1" 304 -
120.253.135.82 - - [30/Mar/2023:09:07:31 +0800] "GET /xingrg/javascript/jquery.timers.js HTTP/1.1" 304 -
120.253.135.82 - - [30/Mar/2023:09:07:32 +0800] "GET /xingrg/check_reg.html?_=1680138284477 HTTP/1.1" 200 22
120.253.135.82 - - [30/Mar/2023:09:07:32 +0800] "GET /xingrg/all/function/internal_message.html?_=1680138284476&CODE_STATE=count HTTP/1.1" 200 11
120.253.135.82 - - [30/Mar/2023:09:07:32 +0800] "POST /xingrg/all/common/load_tree.html?tree=area_rest_tree_json&manage=1 HTTP/1.1" 200 344
120.253.135.82 - - [30/Mar/2023:09:07:32 +0800] "POST /xingrg/load_menu.html HTTP/1.1" 200 6743
120.253.135.82 - - [30/Mar/2023:09:07:32 +0800] "GET /favicon.ico HTTP/1.1" 404 -
222.70.182.87 - - [30/Mar/2023:09:07:36 +0800] "GET /xingrg/all/function/internal_message.html?_=1680138456465&CODE_STATE=getMsg HTTP/1.1" 200 27
120.253.135.82 - - [30/Mar/2023:09:07:36 +0800] "GET /xingrg/kc/pszx/mdth_order_list.html HTTP/1.1" 200 18456
222.70.182.87 - - [30/Mar/2023:09:07:36 +0800] "GET /xingrg/check_reg.html?_=1680138456467 HTTP/1.1" 200 22
120.253.135.82 - - [30/Mar/2023:09:07:36 +0800] "GET /xingrg/css/base.css HTTP/1.1" 304 -
120.253.135.82 - - [30/Mar/2023:09:07:36 +0800] "GET /xingrg/css/site.css HTTP/1.1" 304 -
120.253.135.82 - - [30/Mar/2023:09:07:36 +0800] "GET /xingrg/javascript/jquery_tools/datebox.css HTTP/1.1" 304 -
120.253.135.82 - - [30/Mar/2023:09:07:36 +0800] "GET /xingrg/javascript/easyui/themes/default/easyui.css HTTP/1.1" 304 -
120.253.135.82 - - [30/Mar/2023:09:07:36 +0800] "GET /xingrg/javascript/easyui/themes/icon.css HTTP/1.1" 304 -
120.253.135.82 - - [30/Mar/2023:09:07:36 +0800] "GET /xingrg/javascript/auto/jquery.autocomplete.css HTTP/1.1" 304 -
120.253.135.82 - - [30/Mar/2023:09:07:36 +0800] "GET /xingrg/javascript/jquery_tools/jquery.tools.min.js HTTP/1.1" 304 -
120.253.135.82 - - [30/Mar/2023:09:07:36 +0800] "GET /xingrg/javascript/jquery_tools/table.css HTTP/1.1" 304 -
120.253.135.82 - - [30/Mar/2023:09:07:36 +0800] "GET /xingrg/javascript/jquery_tools/fix.css HTTP/1.1" 304 -
120.253.135.82 - - [30/Mar/2023:09:07:36 +0800] "GET /xingrg/javascript/jquery_tools/jquery.tools.extend.js HTTP/1.1" 304 -
120.253.135.82 - - [30/Mar/2023:09:07:36 +0800] "GET /xingrg/javascript/jquery_tools/jquery.tools.hotkey.js HTTP/1.1" 304 -
120.253.135.82 - - [30/Mar/2023:09:07:36 +0800] "GET /xingrg/javascript/jquery_tools/list_manager.js HTTP/1.1" 304 -
120.253.135.82 - - [30/Mar/2023:09:07:36 +0800] "GET /xingrg/javascript/jquery.cookie.js HTTP/1.1" 304 -
120.253.135.82 - - [30/Mar/2023:09:07:36 +0800] "GET /xingrg/javascript/jquery_tools/jquery.tools.table.js HTTP/1.1" 304 -
120.253.135.82 - - [30/Mar/2023:09:07:36 +0800] "GET /xingrg/javascript/print/LodopFuncs.js HTTP/1.1" 304 -
120.253.135.82 - - [30/Mar/2023:09:07:36 +0800] "GET /xingrg/javascript/auto/jquery.autocomplete.js HTTP/1.1" 304 -
120.253.135.82 - - [30/Mar/2023:09:07:36 +0800] "GET /xingrg/javascript/easyui/easyloader.js HTTP/1.1" 304 -
120.253.135.82 - - [30/Mar/2023:09:07:37 +0800] "GET /xingrg/javascript/easyui/plugins/jquery.parser.js HTTP/1.1" 304 -
120.253.135.82 - - [30/Mar/2023:09:07:37 +0800] "POST /xingrg/kc/pszx/mdth_order_new_list.html HTTP/1.1" 200 4723
101.83.240.222 - - [30/Mar/2023:09:07:38 +0800] "GET /xingrg/kc/buy/cgsh_order_operate.html?command=get_materiel&rest_code=00149&code=00101008036&supplier_code=00100008&order_time=2023-03-30 HTTP/1.1" 200 408
222.70.182.87 - - [30/Mar/2023:09:07:42 +0800] "GET /xingrg/kc/buy/cgsh_order_operate.html?command=get_materiel&rest_code=00111&code=00101008357&supplier_code=00100005&order_time=2023-03-30 HTTP/1.1" 200 408
101.83.240.222 - - [30/Mar/2023:09:07:44 +0800] "POST /xingrg/kc/buy/cgsh_order_operate.html HTTP/1.1" 200 2065
222.70.182.87 - - [30/Mar/2023:09:07:44 +0800] "POST /xingrg/kc/buy/cgsh_order_operate.html HTTP/1.1" 200 2065
172.20.0.100 - - [30/Mar/2023:09:07:45 +0800] "GET /xingrg/check_reg.html?_=1680138475186 HTTP/1.1" 200 22
172.20.0.100 - - [30/Mar/2023:09:07:45 +0800] "GET /xingrg/all/function/internal_message.html?_=1680138475187&CODE_STATE=getMsg HTTP/1.1" 200 27
124.78.155.10 - - [30/Mar/2023:09:07:45 +0800] "GET /xingrg/all/function/internal_message.html?_=1680138465430&CODE_STATE=getMsg HTTP/1.1" 200 27
124.78.155.10 - - [30/Mar/2023:09:07:45 +0800] "GET /xingrg/check_reg.html?_=1680138465431 HTTP/1.1" 200 22
120.253.135.82 - - [30/Mar/2023:09:07:45 +0800] "GET /xingrg/kc/pszx/mdqp_order_list.html?state=10 HTTP/1.1" 200 10275
120.253.135.82 - - [30/Mar/2023:09:07:45 +0800] "GET /xingrg/css/blue.css HTTP/1.1" 304 -
120.253.135.82 - - [30/Mar/2023:09:07:45 +0800] "GET /xingrg/javascript/pic_change.js HTTP/1.1" 304 -
120.253.135.82 - - [30/Mar/2023:09:07:45 +0800] "GET /xingrg/dwr/interface/AjaxQqpsService.js HTTP/1.1" 200 16326
120.253.135.82 - - [30/Mar/2023:09:07:45 +0800] "GET /xingrg/dwr/interface/AjaxReportQueryService.js HTTP/1.1" 200 13203
120.253.135.82 - - [30/Mar/2023:09:07:45 +0800] "GET /xingrg/javascript/Calendar.js HTTP/1.1" 304 -
120.253.135.82 - - [30/Mar/2023:09:07:45 +0800] "GET /xingrg/dwr/util.js HTTP/1.1" 304 -
