116.192.124.172 - - [30/Mar/2023:11:07:09 +0800] "POST /xingrg/kc/base/wldb_order_operate.html HTTP/1.1" 200 37
180.169.147.146 - - [30/Mar/2023:11:07:09 +0800] "GET /xingrg/javascript/auto/indicator.gif HTTP/1.1" 404 1066
124.78.155.10 - - [30/Mar/2023:11:07:10 +0800] "GET /xingrg/kc/base/wldb_order_add.html HTTP/1.1" 200 30381
116.192.124.172 - - [30/Mar/2023:11:07:10 +0800] "GET /xingrg/all/function/internal_message.html?_=1680145630528&CODE_STATE=getMsg HTTP/1.1" 200 27
124.78.155.10 - - [30/Mar/2023:11:07:10 +0800] "POST /xingrg/kc/base/wldb_order_operate.html HTTP/1.1" 200 6806
116.192.124.172 - - [30/Mar/2023:11:07:10 +0800] "POST /xingrg/kc/base/wldb_order_operate.html HTTP/1.1" 200 3679
124.78.155.10 - - [30/Mar/2023:11:07:10 +0800] "GET /xingrg/javascript/easyui/themes/default/validatebox.css HTTP/1.1" 404 1104
124.78.155.10 - - [30/Mar/2023:11:07:13 +0800] "POST /xingrg/all/common/load_combo.html?type=base HTTP/1.1" 200 3227
180.169.147.146 - - [30/Mar/2023:11:07:13 +0800] "GET /xingrg/javascript/jquery_tools/images/prev.gif HTTP/1.1" 404 1086
180.169.147.146 - - [30/Mar/2023:11:07:13 +0800] "GET /xingrg/javascript/jquery_tools/images/next.gif HTTP/1.1" 404 1086
180.157.253.110 - - [30/Mar/2023:11:07:14 +0800] "GET /xingrg/kc/buy/cgsh_order_operate.html?command=get_materiel&rest_code=00103&code=00102002875&supplier_code=00100151&order_time=2023-03-30 HTTP/1.1" 200 412
124.78.155.10 - - [30/Mar/2023:11:07:15 +0800] "GET /xingrg/all/function/internal_message.html?_=1680145635731&CODE_STATE=getMsg HTTP/1.1" 200 27
116.192.124.172 - - [30/Mar/2023:11:07:15 +0800] "POST /xingrg/kc/base/wldb_order_operate.html HTTP/1.1" 200 12
114.83.222.182 - - [30/Mar/2023:11:07:16 +0800] "GET /xingrg/all/function/internal_message.html?_=1680145712997&CODE_STATE=getMsg HTTP/1.1" 200 27
124.78.155.10 - - [30/Mar/2023:11:07:16 +0800] "POST /xingrg/all/common/load_combo.html?type=base HTTP/1.1" 200 3227
101.229.22.234 - - [30/Mar/2023:11:07:16 +0800] "GET /xingrg/all/function/internal_message.html?_=1680145636415&CODE_STATE=getMsg HTTP/1.1" 200 27
116.238.139.35 - - [30/Mar/2023:11:07:16 +0800] "GET /xingrg/all/function/internal_message.html?_=1680145554243&CODE_STATE=getMsg HTTP/1.1" 200 27
180.164.3.199 - - [30/Mar/2023:11:07:17 +0800] "GET /xingrg/all/function/internal_message.html?_=1680145638129&CODE_STATE=getMsg HTTP/1.1" 200 27
180.164.3.199 - - [30/Mar/2023:11:07:17 +0800] "GET /xingrg/check_reg.html?_=1680145638150 HTTP/1.1" 200 22
180.169.147.146 - - [30/Mar/2023:11:07:17 +0800] "GET /xingrg/all/function/internal_message.html?_=1680145632812&CODE_STATE=getMsg HTTP/1.1" 200 27
116.192.124.172 - - [30/Mar/2023:11:07:17 +0800] "GET /xingrg/kc/base/wldb_order_info.html?code=422023033002445 HTTP/1.1" 200 26253
116.192.124.172 - - [30/Mar/2023:11:07:17 +0800] "GET /xingrg/javascript/easyui/themes/default/validatebox.css HTTP/1.1" 404 1104
116.192.124.172 - - [30/Mar/2023:11:07:17 +0800] "POST /xingrg/kc/base/wldb_order_operate.html HTTP/1.1" 200 1940
116.192.124.172 - - [30/Mar/2023:11:07:20 +0800] "GET /xingrg/kc/base/wldb_order_add.html HTTP/1.1" 200 30377
116.192.124.172 - - [30/Mar/2023:11:07:20 +0800] "POST /xingrg/kc/base/wldb_order_operate.html HTTP/1.1" 200 6806
116.192.124.172 - - [30/Mar/2023:11:07:20 +0800] "GET /xingrg/javascript/easyui/themes/default/validatebox.css HTTP/1.1" 404 1104
116.192.124.172 - - [30/Mar/2023:11:07:21 +0800] "POST /xingrg/all/common/load_combo.html?type=base HTTP/1.1" 200 3321
180.169.147.146 - - [30/Mar/2023:11:07:23 +0800] "GET /xingrg/kc/buy/cgsh_order_operate.html?command=get_materiel&rest_code=00147&code=00101001009&supplier_code=00100454&order_time=2023-03-30 HTTP/1.1" 200 409
116.192.124.172 - - [30/Mar/2023:11:07:27 +0800] "POST /xingrg/all/common/load_combo.html?type=base HTTP/1.1" 200 3321
180.169.147.146 - - [30/Mar/2023:11:07:27 +0800] "GET /xingrg/all/function/internal_message.html?_=1680145646027&CODE_STATE=getMsg HTTP/1.1" 200 27
124.78.155.10 - - [30/Mar/2023:11:07:29 +0800] "GET /xingrg/kc/base/wldb_order_operate.html?command=get_materiel&rest_code=00106&base_code=0010396&code=00101016094 HTTP/1.1" 200 470
116.238.139.35 - - [30/Mar/2023:11:07:30 +0800] "GET /xingrg/all/function/internal_message.html?_=1680145652009&CODE_STATE=getMsg HTTP/1.1" 200 27
116.192.124.172 - - [30/Mar/2023:11:07:35 +0800] "GET /xingrg/kc/base/wldb_order_operate.html?command=get_materiel&rest_code=00102&base_code=0010476&code=00101019391 HTTP/1.1" 200 485
124.78.155.10 - - [30/Mar/2023:11:07:38 +0800] "GET /xingrg/kc/base/wldb_order_operate.html?command=get_materiel&rest_code=00106&base_code=0010396&code=00101013139 HTTP/1.1" 200 451
116.192.124.172 - - [30/Mar/2023:11:07:40 +0800] "GET /xingrg/kc/base/wldb_order_operate.html?command=get_materiel&rest_code=00102&base_code=0010476&code=00101019535 HTTP/1.1" 200 476
222.67.232.202 - - [30/Mar/2023:11:07:43 +0800] "GET /xingrg/all/function/internal_message.html?_=1680145206400&CODE_STATE=getMsg HTTP/1.1" 200 27
101.83.240.222 - - [30/Mar/2023:11:07:44 +0800] "GET /xingrg/all/function/internal_message.html?_=1680145663232&CODE_STATE=getMsg HTTP/1.1" 200 27
172.20.0.100 - - [30/Mar/2023:11:07:45 +0800] "GET /xingrg/check_reg.html?_=1680145675369 HTTP/1.1" 200 22
172.20.0.100 - - [30/Mar/2023:11:07:45 +0800] "GET /xingrg/all/function/internal_message.html?_=1680145675371&CODE_STATE=getMsg HTTP/1.1" 200 27
116.192.124.172 - - [30/Mar/2023:11:07:45 +0800] "GET /xingrg/kc/base/wldb_order_operate.html?command=get_materiel&rest_code=00102&base_code=0010476&code=00101019071 HTTP/1.1" 200 471
124.78.155.10 - - [30/Mar/2023:11:07:46 +0800] "POST /xingrg/kc/base/wldb_order_operate.html HTTP/1.1" 200 37
124.78.155.10 - - [30/Mar/2023:11:07:47 +0800] "POST /xingrg/kc/base/wldb_order_operate.html HTTP/1.1" 200 2695
124.78.155.10 - - [30/Mar/2023:11:07:48 +0800] "GET /xingrg/kc/base/wldb_order_info.html?code=422023033002446 HTTP/1.1" 200 30396
124.78.155.10 - - [30/Mar/2023:11:07:48 +0800] "GET /xingrg/javascript/easyui/themes/default/validatebox.css HTTP/1.1" 404 1104
124.78.155.10 - - [30/Mar/2023:11:07:49 +0800] "POST /xingrg/kc/base/wldb_order_operate.html HTTP/1.1" 200 2695
180.157.253.110 - - [30/Mar/2023:11:07:53 +0800] "GET /xingrg/kc/buy/cgsh_order_operate.html?command=get_materiel&rest_code=00103&code=00102016411&supplier_code=00100151&order_time=2023-03-30 HTTP/1.1" 200 408
116.192.124.172 - - [30/Mar/2023:11:07:54 +0800] "GET /xingrg/kc/base/wldb_order_operate.html?command=get_materiel&rest_code=00102&base_code=0010476&code=00101019134 HTTP/1.1" 200 480
180.169.147.146 - - [30/Mar/2023:11:07:54 +0800] "GET /xingrg/kc/buy/cgsh_order_operate.html?command=get_materiel&rest_code=00147&code=00101006161&supplier_code=00100454&order_time=2023-03-30 HTTP/1.1" 200 410
222.70.182.87 - - [30/Mar/2023:11:07:56 +0800] "GET /xingrg/all/function/internal_message.html?_=1680145676137&CODE_STATE=getMsg HTTP/1.1" 200 27
116.192.124.172 - - [30/Mar/2023:11:07:58 +0800] "GET /xingrg/kc/base/wldb_order_operate.html?command=get_materiel&rest_code=00102&base_code=0010476&code=00101019131 HTTP/1.1" 200 466
116.192.124.172 - - [30/Mar/2023:11:08:00 +0800] "GET /xingrg/all/function/internal_message.html?_=1680145680323&CODE_STATE=getMsg HTTP/1.1" 200 27
172.20.0.100 - - [30/Mar/2023:11:08:00 +0800] "GET /xingrg/all/function/internal_message.html?_=1680145690651&CODE_STATE=getMsg HTTP/1.1" 200 27
124.79.72.155 - - [30/Mar/2023:11:08:00 +0800] "GET /xingrg/all/function/internal_message.html?_=1680145689865&CODE_STATE=getMsg HTTP/1.1" 200 27
116.224.158.100 - - [30/Mar/2023:11:08:02 +0800] "GET /xingrg/all/function/internal_message.html?_=1680145683347&CODE_STATE=getMsg HTTP/1.1" 200 27
116.227.208.255 - - [30/Mar/2023:11:08:03 +0800] "GET /xingrg/all/function/internal_message.html?_=1680145782461&CODE_STATE=getMsg HTTP/1.1" 200 27
180.157.253.110 - - [30/Mar/2023:11:08:07 +0800] "GET /xingrg/all/function/internal_message.html?_=1680145687977&CODE_STATE=getMsg HTTP/1.1" 200 27
116.192.124.172 - - [30/Mar/2023:11:08:07 +0800] "GET /xingrg/kc/base/wldb_order_operate.html?command=get_materiel&rest_code=00102&base_code=0010476&code=00101019310 HTTP/1.1" 200 476
222.70.172.219 - - [30/Mar/2023:11:08:08 +0800] "GET /xingrg/all/function/internal_message.html?_=1680145702372&CODE_STATE=getMsg HTTP/1.1" 200 27
116.224.106.218 - - [30/Mar/2023:11:08:09 +0800] "GET /xingrg/all/function/internal_message.html?_=1680145689120&CODE_STATE=getMsg HTTP/1.1" 200 27
116.192.124.172 - - [30/Mar/2023:11:08:10 +0800] "GET /xingrg/all/function/internal_message.html?_=1680145690526&CODE_STATE=getMsg HTTP/1.1" 200 27
116.192.124.172 - - [30/Mar/2023:11:08:11 +0800] "GET /xingrg/kc/base/wldb_order_operate.html?command=get_materiel&rest_code=00102&base_code=0010476&code=00101019183 HTTP/1.1" 200 448
180.169.147.146 - - [30/Mar/2023:11:08:13 +0800] "GET /xingrg/kc/buy/cgsh_order_operate.html?command=get_materiel&rest_code=00147&code=00101002016&supplier_code=00100454&order_time=2023-03-30 HTTP/1.1" 200 413
124.78.155.10 - - [30/Mar/2023:11:08:15 +0800] "GET /xingrg/all/function/internal_message.html?_=1680145695705&CODE_STATE=getMsg HTTP/1.1" 200 27
114.83.222.182 - - [30/Mar/2023:11:08:16 +0800] "GET /xingrg/all/function/internal_message.html?_=1680145772974&CODE_STATE=getMsg HTTP/1.1" 200 27
101.229.22.234 - - [30/Mar/2023:11:08:16 +0800] "GET /xingrg/check_reg.html?_=1680145696416 HTTP/1.1" 200 22
101.229.22.234 - - [30/Mar/2023:11:08:16 +0800] "GET /xingrg/all/function/internal_message.html?_=1680145696419&CODE_STATE=getMsg HTTP/1.1" 200 27
116.238.139.35 - - [30/Mar/2023:11:08:17 +0800] "GET /xingrg/all/function/internal_message.html?_=1680145614272&CODE_STATE=getMsg HTTP/1.1" 200 27
116.192.124.172 - - [30/Mar/2023:11:08:17 +0800] "GET /xingrg/kc/base/wldb_order_operate.html?command=get_materiel&rest_code=00102&base_code=0010476&code=00101013076 HTTP/1.1" 200 442
180.164.3.199 - - [30/Mar/2023:11:08:17 +0800] "GET /xingrg/all/function/internal_message.html?_=1680145698121&CODE_STATE=getMsg HTTP/1.1" 200 27
180.169.147.146 - - [30/Mar/2023:11:08:17 +0800] "GET /xingrg/all/function/internal_message.html?_=1680145692811&CODE_STATE=getMsg HTTP/1.1" 200 27
101.229.22.234 - - [30/Mar/2023:11:08:17 +0800] "GET /xingrg/javascript/jquery_easy_ui/themes/default/images/tabs_close.gif HTTP/1.1" 304 -
101.229.22.234 - - [30/Mar/2023:11:08:18 +0800] "GET /xingrg/kc/buy/cgsh_order_list.html HTTP/1.1" 200 54185
101.229.22.234 - - [30/Mar/2023:11:08:18 +0800] "GET /xingrg/css/base.css HTTP/1.1" 304 -
101.229.22.234 - - [30/Mar/2023:11:08:18 +0800] "GET /xingrg/javascript/auto/jquery.autocomplete.css HTTP/1.1" 304 -
101.229.22.234 - - [30/Mar/2023:11:08:18 +0800] "GET /xingrg/css/site.css HTTP/1.1" 304 -
101.229.22.234 - - [30/Mar/2023:11:08:18 +0800] "GET /xingrg/javascript/jquery_tools/datebox.css HTTP/1.1" 304 -
101.229.22.234 - - [30/Mar/2023:11:08:18 +0800] "GET /xingrg/javascript/easyui/themes/icon.css HTTP/1.1" 304 -
101.229.22.234 - - [30/Mar/2023:11:08:18 +0800] "GET /xingrg/javascript/easyui/themes/default/easyui.css HTTP/1.1" 304 -
101.229.22.234 - - [30/Mar/2023:11:08:18 +0800] "GET /xingrg/javascript/jquery_tools/fix.css HTTP/1.1" 304 -
101.229.22.234 - - [30/Mar/2023:11:08:18 +0800] "GET /xingrg/javascript/jquery_tools/table.css HTTP/1.1" 304 -
101.229.22.234 - - [30/Mar/2023:11:08:18 +0800] "GET /xingrg/javascript/jquery_tools/jquery.tools.min.js HTTP/1.1" 304 -
101.229.22.234 - - [30/Mar/2023:11:08:18 +0800] "GET /xingrg/javascript/jquery_tools/jquery.tools.extend.js HTTP/1.1" 304 -
101.229.22.234 - - [30/Mar/2023:11:08:18 +0800] "GET /xingrg/javascript/jquery_tools/jquery.tools.hotkey.js HTTP/1.1" 304 -
101.229.22.234 - - [30/Mar/2023:11:08:18 +0800] "GET /xingrg/javascript/jquery_tools/jquery.tools.table.js HTTP/1.1" 304 -
101.229.22.234 - - [30/Mar/2023:11:08:18 +0800] "GET /xingrg/javascript/jquery_tools/list_manager.js HTTP/1.1" 304 -
101.229.22.234 - - [30/Mar/2023:11:08:18 +0800] "GET /xingrg/javascript/auto/jquery.autocomplete.js HTTP/1.1" 304 -
101.229.22.234 - - [30/Mar/2023:11:08:18 +0800] "GET /xingrg/javascript/easyui/easyloader.js HTTP/1.1" 304 -
101.229.22.234 - - [30/Mar/2023:11:08:18 +0800] "GET /xingrg/javascript/jquery.cookie.js HTTP/1.1" 304 -
101.229.22.234 - - [30/Mar/2023:11:08:18 +0800] "GET /xingrg/javascript/print/LodopFuncs.js HTTP/1.1" 304 -
101.229.22.234 - - [30/Mar/2023:11:08:18 +0800] "GET /xingrg/javascript/easyui/themes/icons/edit_add_new.png HTTP/1.1" 304 -
101.229.22.234 - - [30/Mar/2023:11:08:18 +0800] "GET /xingrg/javascript/easyui/themes/icons/cance_new.png HTTP/1.1" 304 -
101.229.22.234 - - [30/Mar/2023:11:08:18 +0800] "GET /xingrg/javascript/easyui/themes/icons/check_new.png HTTP/1.1" 304 -
101.229.22.234 - - [30/Mar/2023:11:08:18 +0800] "GET /xingrg/javascript/easyui/themes/icons/field_new.png HTTP/1.1" 304 -
101.229.22.234 - - [30/Mar/2023:11:08:18 +0800] "GET /xingrg/javascript/easyui/themes/icons/import_new.png HTTP/1.1" 304 -
101.229.22.234 - - [30/Mar/2023:11:08:18 +0800] "GET /xingrg/javascript/easyui/plugins/jquery.parser.js HTTP/1.1" 304 -
101.229.22.234 - - [30/Mar/2023:11:08:18 +0800] "GET /xingrg/images/control/ajaxLoader.gif HTTP/1.1" 304 -
101.229.22.234 - - [30/Mar/2023:11:08:24 +0800] "POST /xingrg/kc/buy/cgsh_list_operate.html HTTP/1.1" 200 2303
180.169.147.146 - - [30/Mar/2023:11:08:27 +0800] "GET /xingrg/all/function/internal_message.html?_=1680145706008&CODE_STATE=getMsg HTTP/1.1" 200 27
116.192.124.172 - - [30/Mar/2023:11:08:28 +0800] "GET /xingrg/kc/base/wldb_order_operate.html?command=get_materiel&rest_code=00102&base_code=0010476&code=00101019287 HTTP/1.1" 200 454
116.238.139.35 - - [30/Mar/2023:11:08:30 +0800] "GET /xingrg/all/function/internal_message.html?_=1680145712011&CODE_STATE=getMsg HTTP/1.1" 200 27
180.157.253.110 - - [30/Mar/2023:11:08:34 +0800] "GET /xingrg/kc/buy/cgsh_order_operate.html?command=get_materiel&rest_code=00103&code=00102003269&supplier_code=00100151&order_time=2023-03-30 HTTP/1.1" 200 409
124.79.240.114 - - [30/Mar/2023:11:08:42 +0800] "POST /xingrg/login.do HTTP/1.1" 302 -
124.79.240.114 - - [30/Mar/2023:11:08:43 +0800] "GET /xingrg/index.html?sysBaseUrl=http%3A%2F%2F180.169.147.146%3A18081%2Fxingrg%2F&costTime=875×tamp=1680145722932 HTTP/1.1" 200 17179
222.67.232.202 - - [30/Mar/2023:11:08:43 +0800] "GET /xingrg/all/function/internal_message.html?_=1680145266400&CODE_STATE=getMsg HTTP/1.1" 200 27
124.79.240.114 - - [30/Mar/2023:11:08:43 +0800] "GET /favicon.ico HTTP/1.1" 404 -
124.79.240.114 - - [30/Mar/2023:11:08:43 +0800] "GET /xingrg/all/function/internal_message.html?_=1680145985203&CODE_STATE=count HTTP/1.1" 200 11
124.79.240.114 - - [30/Mar/2023:11:08:43 +0800] "POST /xingrg/all/common/load_tree.html?tree=area_rest_tree_json&manage=1 HTTP/1.1" 200 351
124.79.240.114 - - [30/Mar/2023:11:08:43 +0800] "GET /xingrg/check_reg.html?_=1680145985204 HTTP/1.1" 200 22
124.79.240.114 - - [30/Mar/2023:11:08:43 +0800] "POST /xingrg/load_menu.html HTTP/1.1" 200 5138
180.169.147.146 - - [30/Mar/2023:11:08:44 +0800] "GET /xingrg/kc/buy/cgsh_order_operate.html?command=get_materiel&rest_code=00147&code=00101004030&supplier_code=00100454&order_time=2023-03-30 HTTP/1.1" 200 409
101.83.240.222 - - [30/Mar/2023:11:08:44 +0800] "GET /xingrg/all/function/internal_message.html?_=1680145723232&CODE_STATE=getMsg HTTP/1.1" 200 27
172.20.0.100 - - [30/Mar/2023:11:08:45 +0800] "GET /xingrg/all/function/internal_message.html?_=1680145735368&CODE_STATE=getMsg HTTP/1.1" 200 27
124.79.240.114 - - [30/Mar/2023:11:08:47 +0800] "GET /xingrg/kc/buy/cgsh_order_list.html HTTP/1.1" 200 54185
101.229.22.234 - - [30/Mar/2023:11:08:55 +0800] "GET /xingrg/javascript/easyui/themes/default/images/button_plain_hover.png HTTP/1.1" 304 -
222.70.182.87 - - [30/Mar/2023:11:08:56 +0800] "GET /xingrg/check_reg.html?_=1680145736137 HTTP/1.1" 200 22
222.70.182.87 - - [30/Mar/2023:11:08:56 +0800] "GET /xingrg/all/function/internal_message.html?_=1680145736140&CODE_STATE=getMsg HTTP/1.1" 200 27
101.229.22.234 - - [30/Mar/2023:11:08:56 +0800] "GET /xingrg/kc/buy/cgsh_order_add.html HTTP/1.1" 200 69079
101.229.22.234 - - [30/Mar/2023:11:08:56 +0800] "GET /xingrg/javascript/pic_change.js HTTP/1.1" 304 -
101.229.22.234 - - [30/Mar/2023:11:08:56 +0800] "GET /xingrg/javascript/jquery_tools/order_manager.js HTTP/1.1" 304 -
101.229.22.234 - - [30/Mar/2023:11:08:56 +0800] "GET /xingrg/javascript/convert.js HTTP/1.1" 304 -
101.229.22.234 - - [30/Mar/2023:11:08:56 +0800] "GET /xingrg/javascript/json2.js HTTP/1.1" 304 -
101.229.22.234 - - [30/Mar/2023:11:08:56 +0800] "GET /xingrg/javascript/print/kc_print.js HTTP/1.1" 304 -
101.229.22.234 - - [30/Mar/2023:11:08:56 +0800] "GET /xingrg/words/20230330101052_words.js HTTP/1.1" 200 958388
101.229.22.234 - - [30/Mar/2023:11:08:56 +0800] "GET /xingrg/javascript/easyui/themes/icons/copy_new.png HTTP/1.1" 304 -
101.229.22.234 - - [30/Mar/2023:11:08:56 +0800] "GET /xingrg/javascript/easyui/themes/icons/template_new.png HTTP/1.1" 304 -
101.229.22.234 - - [30/Mar/2023:11:08:56 +0800] "GET /xingrg/javascript/easyui/themes/icons/ok.png HTTP/1.1" 304 -
101.229.22.234 - - [30/Mar/2023:11:08:56 +0800] "GET /xingrg/javascript/easyui/themes/default/images/menu_downarrow.png HTTP/1.1" 304 -
101.229.22.234 - - [30/Mar/2023:11:08:56 +0800] "GET /xingrg/javascript/easyui/themes/icons/print.png HTTP/1.1" 304 -
101.229.22.234 - - [30/Mar/2023:11:08:56 +0800] "GET /xingrg/javascript/easyui/themes/icons/cancel.png HTTP/1.1" 304 -
101.229.22.234 - - [30/Mar/2023:11:08:57 +0800] "GET /xingrg/javascript/easyui/themes/default/validatebox.css HTTP/1.1" 404 1104
101.229.22.234 - - [30/Mar/2023:11:08:57 +0800] "GET /xingrg/javascript/easyui/plugins/jquery.validatebox.js HTTP/1.1" 304 -
101.229.22.234 - - [30/Mar/2023:11:08:57 +0800] "POST /xingrg/kc/buy/cgsh_order_operate.html HTTP/1.1" 200 8245
101.229.22.234 - - [30/Mar/2023:11:08:57 +0800] "GET /xingrg/javascript/easyui/plugins/jquery.numberbox.js HTTP/1.1" 304 -
101.229.22.234 - - [30/Mar/2023:11:08:57 +0800] "GET /xingrg/all/common/auto_word.html?type=employee&rest_code=00142 HTTP/1.1" 200 105
101.229.22.234 - - [30/Mar/2023:11:08:57 +0800] "GET /xingrg/all/common/auto_word.html?type=employee&rest_code=00142 HTTP/1.1" 200 105
101.229.22.234 - - [30/Mar/2023:11:08:57 +0800] "GET /xingrg/javascript/easyui/themes/icons/edit_remove.png HTTP/1.1" 304 -
101.229.22.234 - - [30/Mar/2023:11:08:59 +0800] "GET /xingrg/javascript/auto/indicator.gif HTTP/1.1" 404 1066
116.192.124.172 - - [30/Mar/2023:11:09:00 +0800] "GET /xingrg/all/function/internal_message.html?_=1680145740289&CODE_STATE=getMsg HTTP/1.1" 200 27
172.20.0.100 - - [30/Mar/2023:11:09:00 +0800] "GET /xingrg/check_reg.html?_=1680145750650 HTTP/1.1" 200 22
172.20.0.100 - - [30/Mar/2023:11:09:00 +0800] "GET /xingrg/all/function/internal_message.html?_=1680145750651&CODE_STATE=getMsg HTTP/1.1" 200 27
180.157.253.110 - - [30/Mar/2023:11:09:00 +0800] "GET /xingrg/kc/buy/cgsh_order_operate.html?command=get_materiel&rest_code=00103&code=00102012070&supplier_code=00100151&order_time=2023-03-30 HTTP/1.1" 200 420
124.79.72.155 - - [30/Mar/2023:11:09:00 +0800] "GET /xingrg/check_reg.html?_=1680145749867 HTTP/1.1" 200 22
124.79.72.155 - - [30/Mar/2023:11:09:00 +0800] "GET /xingrg/all/function/internal_message.html?_=1680145749870&CODE_STATE=getMsg HTTP/1.1" 200 27
116.224.158.100 - - [30/Mar/2023:11:09:02 +0800] "GET /xingrg/all/function/internal_message.html?_=1680145743351&CODE_STATE=getMsg HTTP/1.1" 200 27
101.229.22.234 - - [30/Mar/2023:11:09:02 +0800] "GET /xingrg/javascript/jquery_tools/images/prev.gif HTTP/1.1" 404 1086
101.229.22.234 - - [30/Mar/2023:11:09:02 +0800] "GET /xingrg/javascript/jquery_tools/images/next.gif HTTP/1.1" 404 1086
116.227.208.255 - - [30/Mar/2023:11:09:03 +0800] "GET /xingrg/all/function/internal_message.html?_=1680145842456&CODE_STATE=getMsg HTTP/1.1" 200 27
180.169.147.146 - - [30/Mar/2023:11:09:03 +0800] "GET /xingrg/kc/buy/cgsh_order_operate.html?command=get_materiel&rest_code=00147&code=00101002027&supplier_code=00100454&order_time=2023-03-30 HTTP/1.1" 200 414
180.157.253.110 - - [30/Mar/2023:11:09:07 +0800] "GET /xingrg/all/function/internal_message.html?_=1680145748005&CODE_STATE=getMsg HTTP/1.1" 200 27
222.70.172.219 - - [30/Mar/2023:11:09:09 +0800] "GET /xingrg/all/function/internal_message.html?_=1680145763426&CODE_STATE=getMsg HTTP/1.1" 200 27
116.224.106.218 - - [30/Mar/2023:11:09:09 +0800] "GET /xingrg/all/function/internal_message.html?_=1680145749125&CODE_STATE=getMsg HTTP/1.1" 200 27
116.192.124.172 - - [30/Mar/2023:11:09:10 +0800] "GET /xingrg/all/function/internal_message.html?_=1680145750525&CODE_STATE=getMsg HTTP/1.1" 200 27
116.192.124.172 - - [30/Mar/2023:11:09:10 +0800] "GET /xingrg/check_reg.html?_=1680145750528 HTTP/1.1" 200 22
124.78.155.10 - - [30/Mar/2023:11:09:15 +0800] "GET /xingrg/all/function/internal_message.html?_=1680145755690&CODE_STATE=getMsg HTTP/1.1" 200 27
124.78.155.10 - - [30/Mar/2023:11:09:15 +0800] "GET /xingrg/check_reg.html?_=1680145755786 HTTP/1.1" 200 22
114.83.222.182 - - [30/Mar/2023:11:09:16 +0800] "GET /xingrg/all/function/internal_message.html?_=1680145832971&CODE_STATE=getMsg HTTP/1.1" 200 27
101.229.22.234 - - [30/Mar/2023:11:09:16 +0800] "GET /xingrg/all/function/internal_message.html?_=1680145756437&CODE_STATE=getMsg HTTP/1.1" 200 27
116.192.124.172 - - [30/Mar/2023:11:09:16 +0800] "POST /xingrg/kc/base/wldb_order_operate.html HTTP/1.1" 200 37
116.238.139.35 - - [30/Mar/2023:11:09:17 +0800] "GET /xingrg/all/function/internal_message.html?_=1680145674286&CODE_STATE=getMsg HTTP/1.1" 200 27
180.164.3.199 - - [30/Mar/2023:11:09:17 +0800] "GET /xingrg/all/function/internal_message.html?_=1680145758124&CODE_STATE=getMsg HTTP/1.1" 200 27
180.169.147.146 - - [30/Mar/2023:11:09:17 +0800] "GET /xingrg/all/function/internal_message.html?_=1680145752813&CODE_STATE=getMsg HTTP/1.1" 200 27
124.78.155.10 - - [30/Mar/2023:11:09:22 +0800] "GET /xingrg/kc/base/base_main.html HTTP/1.1" 200 12142
116.192.124.172 - - [30/Mar/2023:11:09:23 +0800] "POST /xingrg/kc/base/wldb_order_operate.html HTTP/1.1" 200 12
116.192.124.172 - - [30/Mar/2023:11:09:23 +0800] "POST /xingrg/kc/base/wldb_order_operate.html HTTP/1.1" 200 6700
116.192.124.172 - - [30/Mar/2023:11:09:26 +0800] "GET /xingrg/kc/base/wldb_order_info.html?code=422023033002447 HTTP/1.1" 200 26254
116.192.124.172 - - [30/Mar/2023:11:09:27 +0800] "GET /xingrg/javascript/easyui/themes/default/validatebox.css HTTP/1.1" 404 1104
116.192.124.172 - - [30/Mar/2023:11:09:27 +0800] "POST /xingrg/kc/base/wldb_order_operate.html HTTP/1.1" 200 4896
180.169.147.146 - - [30/Mar/2023:11:09:27 +0800] "GET /xingrg/all/function/internal_message.html?_=1680145765985&CODE_STATE=getMsg HTTP/1.1" 200 27
101.229.22.234 - - [30/Mar/2023:11:09:27 +0800] "GET /xingrg/kc/buy/cgsh_order_operate.html?command=get_materiel&rest_code=00142&code=00101006199&supplier_code=00100376&order_time=2023-03-30 HTTP/1.1" 200 414
116.238.139.35 - - [30/Mar/2023:11:09:30 +0800] "GET /xingrg/all/function/internal_message.html?_=1680145772011&CODE_STATE=getMsg HTTP/1.1" 200 27
116.192.124.172 - - [30/Mar/2023:11:09:30 +0800] "GET /xingrg/kc/base/wldb_order_add.html HTTP/1.1" 200 30377
116.192.124.172 - - [30/Mar/2023:11:09:30 +0800] "POST /xingrg/kc/base/wldb_order_operate.html HTTP/1.1" 200 6806
116.192.124.172 - - [30/Mar/2023:11:09:30 +0800] "GET /xingrg/javascript/easyui/themes/default/validatebox.css HTTP/1.1" 404 1104
116.192.124.172 - - [30/Mar/2023:11:09:32 +0800] "POST /xingrg/all/common/load_combo.html?type=base HTTP/1.1" 200 3321
180.157.253.110 - - [30/Mar/2023:11:09:32 +0800] "GET /xingrg/kc/buy/cgsh_order_operate.html?command=get_materiel&rest_code=00103&code=00102014010&supplier_code=00100151&order_time=2023-03-30 HTTP/1.1" 200 408
116.192.124.172 - - [30/Mar/2023:11:09:33 +0800] "POST /xingrg/all/common/load_combo.html?type=base HTTP/1.1" 200 3321
116.192.124.172 - - [30/Mar/2023:11:09:40 +0800] "GET /xingrg/kc/base/wldb_order_operate.html?command=get_materiel&rest_code=00102&base_code=0010476&code=00101019015 HTTP/1.1" 200 449
222.67.232.202 - - [30/Mar/2023:11:09:43 +0800] "GET /xingrg/all/function/internal_message.html?_=1680145326385&CODE_STATE=getMsg HTTP/1.1" 200 27
124.79.240.114 - - [30/Mar/2023:11:09:43 +0800] "GET /xingrg/all/function/internal_message.html?_=1680146045212&CODE_STATE=getMsg HTTP/1.1" 200 27
101.229.22.234 - - [30/Mar/2023:11:09:44 +0800] "GET /xingrg/kc/buy/cgsh_order_operate.html?command=get_materiel&rest_code=00142&code=00101018027&supplier_code=00100376&order_time=2023-03-30 HTTP/1.1" 200 414
124.79.240.114 - - [30/Mar/2023:11:09:44 +0800] "POST /xingrg/kc/buy/cgsh_list_operate.html HTTP/1.1" 200 6052
101.83.240.222 - - [30/Mar/2023:11:09:44 +0800] "GET /xingrg/all/function/internal_message.html?_=1680145783242&CODE_STATE=getMsg HTTP/1.1" 200 27
172.20.0.100 - - [30/Mar/2023:11:09:45 +0800] "GET /xingrg/all/function/internal_message.html?_=1680145795367&CODE_STATE=getMsg HTTP/1.1" 200 27
116.192.124.172 - - [30/Mar/2023:11:09:55 +0800] "POST /xingrg/kc/base/wldb_order_operate.html HTTP/1.1" 200 37
222.70.182.87 - - [30/Mar/2023:11:09:56 +0800] "GET /xingrg/all/function/internal_message.html?_=1680145796139&CODE_STATE=getMsg HTTP/1.1" 200 27
101.229.22.234 - - [30/Mar/2023:11:09:57 +0800] "POST /xingrg/kc/buy/cgsh_order_operate.html HTTP/1.1" 200 37
116.192.124.172 - - [30/Mar/2023:11:10:00 +0800] "GET /xingrg/all/function/internal_message.html?_=1680145800272&CODE_STATE=getMsg HTTP/1.1" 200 27
172.20.0.100 - - [30/Mar/2023:11:10:00 +0800] "GET /xingrg/all/function/internal_message.html?_=1680145810676&CODE_STATE=getMsg HTTP/1.1" 200 27
124.79.72.155 - - [30/Mar/2023:11:10:00 +0800] "GET /xingrg/all/function/internal_message.html?_=1680145809853&CODE_STATE=getMsg HTTP/1.1" 200 27
116.192.124.172 - - [30/Mar/2023:11:10:01 +0800] "POST /xingrg/kc/base/wldb_order_operate.html HTTP/1.1" 200 12
116.192.124.172 - - [30/Mar/2023:11:10:01 +0800] "POST /xingrg/kc/base/wldb_order_operate.html HTTP/1.1" 200 2189
116.224.158.100 - - [30/Mar/2023:11:10:02 +0800] "GET /xingrg/check_reg.html?_=1680145803345 HTTP/1.1" 200 22
116.224.158.100 - - [30/Mar/2023:11:10:02 +0800] "GET /xingrg/all/function/internal_message.html?_=1680145803348&CODE_STATE=getMsg HTTP/1.1" 200 27
116.192.124.172 - - [30/Mar/2023:11:10:02 +0800] "GET /xingrg/kc/base/wldb_order_info.html?code=422023033002448 HTTP/1.1" 200 26252
116.192.124.172 - - [30/Mar/2023:11:10:03 +0800] "GET /xingrg/javascript/easyui/themes/default/validatebox.css HTTP/1.1" 404 1104
116.192.124.172 - - [30/Mar/2023:11:10:03 +0800] "POST /xingrg/kc/base/wldb_order_operate.html HTTP/1.1" 200 483
116.227.208.255 - - [30/Mar/2023:11:10:03 +0800] "GET /xingrg/all/function/internal_message.html?_=1680145902473&CODE_STATE=getMsg HTTP/1.1" 200 27
116.192.124.172 - - [30/Mar/2023:11:10:05 +0800] "GET /xingrg/kc/base/wldb_order_add.html HTTP/1.1" 200 30377
116.192.124.172 - - [30/Mar/2023:11:10:06 +0800] "POST /xingrg/kc/base/wldb_order_operate.html HTTP/1.1" 200 6806
116.192.124.172 - - [30/Mar/2023:11:10:06 +0800] "GET /xingrg/javascript/easyui/themes/default/validatebox.css HTTP/1.1" 404 1104
116.192.124.172 - - [30/Mar/2023:11:10:06 +0800] "POST /xingrg/all/common/load_combo.html?type=base HTTP/1.1" 200 3321
180.157.253.110 - - [30/Mar/2023:11:10:07 +0800] "GET /xingrg/all/function/internal_message.html?_=1680145808034&CODE_STATE=getMsg HTTP/1.1" 200 27
101.229.22.234 - - [30/Mar/2023:11:10:07 +0800] "POST /xingrg/kc/buy/cgsh_order_operate.html HTTP/1.1" 200 12
116.192.124.172 - - [30/Mar/2023:11:10:09 +0800] "POST /xingrg/all/common/load_combo.html?type=base HTTP/1.1" 200 3321
222.70.172.219 - - [30/Mar/2023:11:10:09 +0800] "GET /xingrg/all/function/internal_message.html?_=1680145823428&CODE_STATE=getMsg HTTP/1.1" 200 27
116.224.106.218 - - [30/Mar/2023:11:10:09 +0800] "GET /xingrg/all/function/internal_message.html?_=1680145809125&CODE_STATE=getMsg HTTP/1.1" 200 27
116.192.124.172 - - [30/Mar/2023:11:10:10 +0800] "GET /xingrg/all/function/internal_message.html?_=1680145810537&CODE_STATE=getMsg HTTP/1.1" 200 27
101.229.22.234 - - [30/Mar/2023:11:10:12 +0800] "GET /xingrg/kc/buy/cgsh_order_info.html?code=212023033011215 HTTP/1.1" 200 63983
101.229.22.234 - - [30/Mar/2023:11:10:13 +0800] "GET /xingrg/javascript/easyui/themes/default/validatebox.css HTTP/1.1" 404 1104
101.229.22.234 - - [30/Mar/2023:11:10:14 +0800] "POST /xingrg/kc/buy/cgsh_order_operate.html HTTP/1.1" 200 1203
124.78.155.10 - - [30/Mar/2023:11:10:15 +0800] "GET /xingrg/all/function/internal_message.html?_=1680145815654&CODE_STATE=getMsg HTTP/1.1" 200 27
114.83.222.182 - - [30/Mar/2023:11:10:16 +0800] "GET /xingrg/all/function/internal_message.html?_=1680145892964&CODE_STATE=getMsg HTTP/1.1" 200 27
101.229.22.234 - - [30/Mar/2023:11:10:16 +0800] "GET /xingrg/kc/print/load_config.html?kc_code=cgsh HTTP/1.1" 200 1925
101.229.22.234 - - [30/Mar/2023:11:10:16 +0800] "GET /xingrg/all/function/internal_message.html?_=1680145816430&CODE_STATE=getMsg HTTP/1.1" 200 27
116.238.139.35 - - [30/Mar/2023:11:10:17 +0800] "GET /xingrg/all/function/internal_message.html?_=1680145734342&CODE_STATE=getMsg HTTP/1.1" 200 27
180.164.3.199 - - [30/Mar/2023:11:10:17 +0800] "GET /xingrg/all/function/internal_message.html?_=1680145818112&CODE_STATE=getMsg HTTP/1.1" 200 27
180.169.147.146 - - [30/Mar/2023:11:10:17 +0800] "GET /xingrg/all/function/internal_message.html?_=1680145812813&CODE_STATE=getMsg HTTP/1.1" 200 27
180.169.147.146 - - [30/Mar/2023:11:10:17 +0800] "GET /xingrg/check_reg.html?_=1680145812816 HTTP/1.1" 200 22
101.229.22.234 - - [30/Mar/2023:11:10:17 +0800] "GET /xingrg/kc/print/load_data.html?order_code=212023033011215&kc_code=cgsh&condition= HTTP/1.1" 200 944
180.169.147.146 - - [30/Mar/2023:11:10:22 +0800] "POST /xingrg/kc/buy/cgsh_order_operate.html HTTP/1.1" 200 37
180.169.147.146 - - [30/Mar/2023:11:10:24 +0800] "POST /xingrg/kc/buy/cgsh_order_operate.html HTTP/1.1" 200 5618
180.169.147.146 - - [30/Mar/2023:11:10:25 +0800] "GET /xingrg/kc/print/load_config.html?kc_code=cgsh HTTP/1.1" 200 1925
116.192.124.172 - - [30/Mar/2023:11:10:25 +0800] "GET /xingrg/kc/base/wldb_order_operate.html?command=get_materiel&rest_code=00102&base_code=0010478&code=00101014041 HTTP/1.1" 200 433
180.169.147.146 - - [30/Mar/2023:11:10:26 +0800] "GET /xingrg/kc/print/load_data.html?order_code=212023033011216&kc_code=cgsh&condition= HTTP/1.1" 200 1802
180.169.147.146 - - [30/Mar/2023:11:10:27 +0800] "GET /xingrg/all/function/internal_message.html?_=1680145825964&CODE_STATE=getMsg HTTP/1.1" 200 27
180.169.147.146 - - [30/Mar/2023:11:10:27 +0800] "GET /xingrg/check_reg.html?_=1680145826432 HTTP/1.1" 200 22
116.238.139.35 - - [30/Mar/2023:11:10:30 +0800] "GET /xingrg/all/function/internal_message.html?_=1680145832011&CODE_STATE=getMsg HTTP/1.1" 200 27
116.238.139.35 - - [30/Mar/2023:11:10:30 +0800] "GET /xingrg/check_reg.html?_=1680145832014 HTTP/1.1" 200 22
124.79.79.194 - - [30/Mar/2023:11:10:35 +0800] "POST /xingrg/services/DataTransmitService HTTP/1.1" 200 524
124.79.79.194 - - [30/Mar/2023:11:10:37 +0800] "POST /xingrg/services/DataTransmitService HTTP/1.1" 200 2151
124.79.79.194 - - [30/Mar/2023:11:10:38 +0800] "POST /xingrg/services/DataTransmitService HTTP/1.1" 200 103572
180.157.253.110 - - [30/Mar/2023:11:10:38 +0800] "GET /xingrg/kc/buy/cgsh_order_operate.html?command=get_materiel&rest_code=00103&code=00102011087&supplier_code=00100151&order_time=2023-03-30 HTTP/1.1" 200 412
222.67.232.202 - - [30/Mar/2023:11:10:43 +0800] "GET /xingrg/all/function/internal_message.html?_=1680145386388&CODE_STATE=getMsg HTTP/1.1" 200 27
124.79.240.114 - - [30/Mar/2023:11:10:43 +0800] "GET /xingrg/all/function/internal_message.html?_=1680146105206&CODE_STATE=getMsg HTTP/1.1" 200 27
116.192.124.172 - - [30/Mar/2023:11:10:43 +0800] "GET /xingrg/kc/base/wldb_order_operate.html?command=get_materiel&rest_code=00102&base_code=0010478&code=00101014020 HTTP/1.1" 200 458
101.83.240.222 - - [30/Mar/2023:11:10:44 +0800] "GET /xingrg/all/function/internal_message.html?_=1680145843245&CODE_STATE=getMsg HTTP/1.1" 200 27
101.83.240.222 - - [30/Mar/2023:11:10:44 +0800] "GET /xingrg/check_reg.html?_=1680145843249 HTTP/1.1" 200 22
180.169.147.146 - - [30/Mar/2023:11:10:45 +0800] "GET /xingrg/kc/buy/cgsh_order_add.html HTTP/1.1" 200 69964
172.20.0.100 - - [30/Mar/2023:11:10:45 +0800] "GET /xingrg/all/function/internal_message.html?_=1680145855365&CODE_STATE=getMsg HTTP/1.1" 200 27
180.169.147.146 - - [30/Mar/2023:11:10:45 +0800] "POST /xingrg/kc/buy/cgsh_order_operate.html HTTP/1.1" 200 8245
180.169.147.146 - - [30/Mar/2023:11:10:45 +0800] "GET /xingrg/javascript/easyui/themes/default/validatebox.css HTTP/1.1" 404 1104
116.238.139.35 - - [30/Mar/2023:11:10:48 +0800] "POST /xingrg/services/DataTransmitService HTTP/1.1" 200 524
116.238.139.35 - - [30/Mar/2023:11:10:48 +0800] "POST /xingrg/services/DataTransmitService HTTP/1.1" 200 412
116.192.124.172 - - [30/Mar/2023:11:10:53 +0800] "POST /xingrg/kc/base/wldb_order_operate.html HTTP/1.1" 200 37
222.70.182.87 - - [30/Mar/2023:11:10:56 +0800] "GET /xingrg/all/function/internal_message.html?_=1680145856139&CODE_STATE=getMsg HTTP/1.1" 200 27
116.192.124.172 - - [30/Mar/2023:11:10:58 +0800] "POST /xingrg/services/DataTransmitService HTTP/1.1" 200 524
116.192.124.172 - - [30/Mar/2023:11:11:00 +0800] "GET /xingrg/all/function/internal_message.html?_=1680145860256&CODE_STATE=getMsg HTTP/1.1" 200 27
172.20.0.100 - - [30/Mar/2023:11:11:00 +0800] "GET /xingrg/all/function/internal_message.html?_=1680145870674&CODE_STATE=getMsg HTTP/1.1" 200 27
116.192.124.172 - - [30/Mar/2023:11:11:00 +0800] "POST /xingrg/services/DataTransmitService HTTP/1.1" 200 412
116.192.124.172 - - [30/Mar/2023:11:11:00 +0800] "POST /xingrg/kc/base/wldb_order_operate.html HTTP/1.1" 200 12
124.79.72.155 - - [30/Mar/2023:11:11:00 +0800] "GET /xingrg/all/function/internal_message.html?_=1680145869879&CODE_STATE=getMsg HTTP/1.1" 200 27
116.192.124.172 - - [30/Mar/2023:11:11:00 +0800] "POST /xingrg/kc/base/wldb_order_operate.html HTTP/1.1" 200 2672
180.169.147.146 - - [30/Mar/2023:11:11:01 +0800] "GET /xingrg/kc/buy/cgsh_order_operate.html?command=get_materiel&rest_code=00147&code=00101020082&supplier_code=00100242&order_time=2023-03-30 HTTP/1.1" 200 409
116.192.124.172 - - [30/Mar/2023:11:11:01 +0800] "GET /xingrg/kc/base/wldb_order_info.html?code=422023033002449 HTTP/1.1" 200 26253
116.192.124.172 - - [30/Mar/2023:11:11:02 +0800] "GET /xingrg/javascript/easyui/themes/default/validatebox.css HTTP/1.1" 404 1104
116.192.124.172 - - [30/Mar/2023:11:11:02 +0800] "POST /xingrg/kc/base/wldb_order_operate.html HTTP/1.1" 200 957
116.224.158.100 - - [30/Mar/2023:11:11:02 +0800] "GET /xingrg/all/function/internal_message.html?_=1680145863356&CODE_STATE=getMsg HTTP/1.1" 200 27
116.238.139.35 - - [30/Mar/2023:11:11:03 +0800] "GET /xingrg/check_reg.html?_=1680145780272 HTTP/1.1" 200 22
116.227.208.255 - - [30/Mar/2023:11:11:03 +0800] "GET /xingrg/all/function/internal_message.html?_=1680145962456&CODE_STATE=getMsg HTTP/1.1" 200 27
172.20.0.100 - - [30/Mar/2023:11:11:06 +0800] "GET /xingrg/check_reg.html?_=1680145876911 HTTP/1.1" 200 22
180.157.253.110 - - [30/Mar/2023:11:11:07 +0800] "GET /xingrg/all/function/internal_message.html?_=1680145868035&CODE_STATE=getMsg HTTP/1.1" 200 27
116.224.106.218 - - [30/Mar/2023:11:11:09 +0800] "GET /xingrg/all/function/internal_message.html?_=1680145869122&CODE_STATE=getMsg HTTP/1.1" 200 27
116.192.124.172 - - [30/Mar/2023:11:11:10 +0800] "GET /xingrg/all/function/internal_message.html?_=1680145870527&CODE_STATE=getMsg HTTP/1.1" 200 27
222.70.172.219 - - [30/Mar/2023:11:11:10 +0800] "GET /xingrg/all/function/internal_message.html?_=1680145884315&CODE_STATE=getMsg HTTP/1.1" 200 27
180.169.147.146 - - [30/Mar/2023:11:11:11 +0800] "GET /xingrg/kc/buy/cgsh_order_operate.html?command=get_materiel&rest_code=00147&code=00101011005&supplier_code=00100242&order_time=2023-03-30 HTTP/1.1" 200 431
124.78.155.10 - - [30/Mar/2023:11:11:15 +0800] "GET /xingrg/all/function/internal_message.html?_=1680145875640&CODE_STATE=getMsg HTTP/1.1" 200 27
114.83.222.182 - - [30/Mar/2023:11:11:16 +0800] "GET /xingrg/all/function/internal_message.html?_=1680145952934&CODE_STATE=getMsg HTTP/1.1" 200 27
101.229.22.234 - - [30/Mar/2023:11:11:16 +0800] "GET /xingrg/all/function/internal_message.html?_=1680145876441&CODE_STATE=getMsg HTTP/1.1" 200 27
116.238.139.35 - - [30/Mar/2023:11:11:17 +0800] "GET /xingrg/all/function/internal_message.html?_=1680145794344&CODE_STATE=getMsg HTTP/1.1" 200 27
180.164.3.199 - - [30/Mar/2023:11:11:17 +0800] "GET /xingrg/all/function/internal_message.html?_=1680145878117&CODE_STATE=getMsg HTTP/1.1" 200 27
180.169.147.146 - - [30/Mar/2023:11:11:17 +0800] "GET /xingrg/all/function/internal_message.html?_=1680145872815&CODE_STATE=getMsg HTTP/1.1" 200 27
180.157.253.110 - - [30/Mar/2023:11:11:17 +0800] "GET /xingrg/kc/buy/cgsh_order_operate.html?command=get_materiel&rest_code=00103&code=00102020028&supplier_code=00100151&order_time=2023-03-30 HTTP/1.1" 200 411
124.79.240.114 - - [30/Mar/2023:11:11:18 +0800] "POST /xingrg/kc/buy/cgsh_list_operate.html HTTP/1.1" 200 4
180.169.147.146 - - [30/Mar/2023:11:11:24 +0800] "GET /xingrg/kc/buy/cgsh_order_operate.html?command=get_materiel&rest_code=00147&code=00101016053&supplier_code=00100242&order_time=2023-03-30 HTTP/1.1" 200 408
180.169.147.146 - - [30/Mar/2023:11:11:27 +0800] "GET /xingrg/all/function/internal_message.html?_=1680145885937&CODE_STATE=getMsg HTTP/1.1" 200 27
116.238.139.35 - - [30/Mar/2023:11:11:30 +0800] "GET /xingrg/all/function/internal_message.html?_=1680145892016&CODE_STATE=getMsg HTTP/1.1" 200 27
180.169.147.146 - - [30/Mar/2023:11:11:37 +0800] "GET /xingrg/kc/buy/cgsh_order_operate.html?command=get_materiel&rest_code=00147&code=00101007109&supplier_code=00100242&order_time=2023-03-30 HTTP/1.1" 200 408
180.157.253.110 - - [30/Mar/2023:11:11:38 +0800] "GET /xingrg/kc/buy/cgsh_order_operate.html?command=get_materiel&rest_code=00103&code=00102004165&supplier_code=00100151&order_time=2023-03-30 HTTP/1.1" 200 418
222.67.232.202 - - [30/Mar/2023:11:11:43 +0800] "GET /xingrg/all/function/internal_message.html?_=1680145446395&CODE_STATE=getMsg HTTP/1.1" 200 27
222.67.232.202 - - [30/Mar/2023:11:11:43 +0800] "GET /xingrg/check_reg.html?_=1680145446396 HTTP/1.1" 200 22
101.83.240.222 - - [30/Mar/2023:11:11:44 +0800] "GET /xingrg/all/function/internal_message.html?_=1680145903250&CODE_STATE=getMsg HTTP/1.1" 200 27
172.20.0.100 - - [30/Mar/2023:11:11:45 +0800] "GET /xingrg/all/function/internal_message.html?_=1680145915364&CODE_STATE=getMsg HTTP/1.1" 200 27
180.169.147.146 - - [30/Mar/2023:11:11:46 +0800] "GET /xingrg/kc/buy/cgsh_order_operate.html?command=get_materiel&rest_code=00147&code=00101016025&supplier_code=00100242&order_time=2023-03-30 HTTP/1.1" 200 408
222.70.182.87 - - [30/Mar/2023:11:11:56 +0800] "GET /xingrg/all/function/internal_message.html?_=1680145916139&CODE_STATE=getMsg HTTP/1.1" 200 27
180.169.147.146 - - [30/Mar/2023:11:11:57 +0800] "POST /xingrg/kc/buy/cgsh_order_operate.html HTTP/1.1" 200 37
222.70.172.219 - - [30/Mar/2023:11:11:57 +0800] "GET /xingrg/check_reg.html?_=1680145931715 HTTP/1.1" 200 22
180.157.253.110 - - [30/Mar/2023:11:11:58 +0800] "GET /xingrg/kc/buy/cgsh_order_operate.html?command=get_materiel&rest_code=00103&code=00102006100&supplier_code=00100151&order_time=2023-03-30 HTTP/1.1" 200 409
124.79.79.194 - - [30/Mar/2023:11:11:59 +0800] "POST /xingrg/services/DataTransmitService HTTP/1.1" 200 524
124.79.79.194 - - [30/Mar/2023:11:11:59 +0800] "POST /xingrg/services/DataTransmitService HTTP/1.1" 200 501
116.192.124.172 - - [30/Mar/2023:11:12:00 +0800] "GET /xingrg/all/function/internal_message.html?_=1680145920245&CODE_STATE=getMsg HTTP/1.1" 200 27
172.20.0.100 - - [30/Mar/2023:11:12:00 +0800] "GET /xingrg/all/function/internal_message.html?_=1680145930673&CODE_STATE=getMsg HTTP/1.1" 200 27
124.79.72.155 - - [30/Mar/2023:11:12:00 +0800] "GET /xingrg/all/function/internal_message.html?_=1680145929878&CODE_STATE=getMsg HTTP/1.1" 200 27
180.169.147.146 - - [30/Mar/2023:11:12:01 +0800] "POST /xingrg/kc/buy/cgsh_order_operate.html HTTP/1.1" 200 5005
116.192.124.172 - - [30/Mar/2023:11:12:01 +0800] "GET /xingrg/check_reg.html?_=1680145921796 HTTP/1.1" 200 22
116.224.158.100 - - [30/Mar/2023:11:12:02 +0800] "GET /xingrg/all/function/internal_message.html?_=1680145923351&CODE_STATE=getMsg HTTP/1.1" 200 27
180.169.147.146 - - [30/Mar/2023:11:12:03 +0800] "GET /xingrg/kc/print/load_data.html?order_code=212023033011217&kc_code=cgsh&condition= HTTP/1.1" 200 1538
116.227.208.255 - - [30/Mar/2023:11:12:03 +0800] "GET /xingrg/check_reg.html?_=1680146022464 HTTP/1.1" 200 22
116.227.208.255 - - [30/Mar/2023:11:12:03 +0800] "GET /xingrg/all/function/internal_message.html?_=1680146022465&CODE_STATE=getMsg HTTP/1.1" 200 27
114.83.222.182 - - [30/Mar/2023:11:12:07 +0800] "GET /xingrg/check_reg.html?_=1680146003809 HTTP/1.1" 200 22
180.169.147.146 - - [30/Mar/2023:11:12:07 +0800] "GET /xingrg/kc/buy/cgsh_order_add.html HTTP/1.1" 200 69964
180.157.253.110 - - [30/Mar/2023:11:12:07 +0800] "GET /xingrg/check_reg.html?_=1680145928004 HTTP/1.1" 200 22
180.157.253.110 - - [30/Mar/2023:11:12:07 +0800] "GET /xingrg/all/function/internal_message.html?_=1680145928009&CODE_STATE=getMsg HTTP/1.1" 200 27
180.169.147.146 - - [30/Mar/2023:11:12:07 +0800] "POST /xingrg/kc/buy/cgsh_order_operate.html HTTP/1.1" 200 8245
180.169.147.146 - - [30/Mar/2023:11:12:07 +0800] "GET /xingrg/javascript/easyui/themes/default/validatebox.css HTTP/1.1" 404 1104
116.224.106.218 - - [30/Mar/2023:11:12:09 +0800] "GET /xingrg/all/function/internal_message.html?_=1680145929119&CODE_STATE=getMsg HTTP/1.1" 200 27
116.224.106.218 - - [30/Mar/2023:11:12:09 +0800] "GET /xingrg/check_reg.html?_=1680145929124 HTTP/1.1" 200 22
116.192.124.172 - - [30/Mar/2023:11:12:10 +0800] "GET /xingrg/all/function/internal_message.html?_=1680145930514&CODE_STATE=getMsg HTTP/1.1" 200 27
222.70.172.219 - - [30/Mar/2023:11:12:10 +0800] "GET /xingrg/all/function/internal_message.html?_=1680145944329&CODE_STATE=getMsg HTTP/1.1" 200 27
124.78.155.10 - - [30/Mar/2023:11:12:15 +0800] "GET /xingrg/all/function/internal_message.html?_=1680145935625&CODE_STATE=getMsg HTTP/1.1" 200 27
114.83.222.182 - - [30/Mar/2023:11:12:16 +0800] "GET /xingrg/all/function/internal_message.html?_=1680146012926&CODE_STATE=getMsg HTTP/1.1" 200 27
101.229.22.234 - - [30/Mar/2023:11:12:16 +0800] "GET /xingrg/all/function/internal_message.html?_=1680145936442&CODE_STATE=getMsg HTTP/1.1" 200 27
116.238.139.35 - - [30/Mar/2023:11:12:17 +0800] "GET /xingrg/all/function/internal_message.html?_=1680145854357&CODE_STATE=getMsg HTTP/1.1" 200 27
180.164.3.199 - - [30/Mar/2023:11:12:17 +0800] "GET /xingrg/all/function/internal_message.html?_=1680145938123&CODE_STATE=getMsg HTTP/1.1" 200 27
180.164.3.199 - - [30/Mar/2023:11:12:17 +0800] "GET /xingrg/check_reg.html?_=1680145938126 HTTP/1.1" 200 22
180.169.147.146 - - [30/Mar/2023:11:12:17 +0800] "GET /xingrg/all/function/internal_message.html?_=1680145932816&CODE_STATE=getMsg HTTP/1.1" 200 27
180.157.253.110 - - [30/Mar/2023:11:12:24 +0800] "GET /xingrg/kc/buy/cgsh_order_operate.html?command=get_materiel&rest_code=00103&code=00102006266&supplier_code=00100151&order_time=2023-03-30 HTTP/1.1" 200 428
116.192.124.172 - - [30/Mar/2023:11:12:24 +0800] "GET /xingrg/kc/buy/cgsh_order_list.html HTTP/1.1" 200 54179
124.79.79.194 - - [30/Mar/2023:11:12:26 +0800] "POST /xingrg/services/DataTransmitService HTTP/1.1" 200 524
124.79.79.194 - - [30/Mar/2023:11:12:26 +0800] "POST /xingrg/services/DataTransmitService HTTP/1.1" 200 2151
180.169.147.146 - - [30/Mar/2023:11:12:27 +0800] "GET /xingrg/all/function/internal_message.html?_=1680145945915&CODE_STATE=getMsg HTTP/1.1" 200 27
116.192.124.172 - - [30/Mar/2023:11:12:27 +0800] "POST /xingrg/kc/buy/cgsh_list_operate.html HTTP/1.1" 200 1858
124.79.79.194 - - [30/Mar/2023:11:12:27 +0800] "POST /xingrg/services/DataTransmitService HTTP/1.1" 200 103572
116.238.139.35 - - [30/Mar/2023:11:12:30 +0800] "GET /xingrg/all/function/internal_message.html?_=1680145952021&CODE_STATE=getMsg HTTP/1.1" 200 27
124.78.155.10 - - [30/Mar/2023:11:12:34 +0800] "GET /xingrg/kc/base/wldb_order_list.html HTTP/1.1" 200 19098
124.78.155.10 - - [30/Mar/2023:11:12:35 +0800] "POST /xingrg/kc/base/wldb_list_operate.html HTTP/1.1" 200 4133
116.192.124.172 - - [30/Mar/2023:11:12:35 +0800] "POST /xingrg/kc/buy/cgsh_list_operate.html HTTP/1.1" 200 6402
116.192.124.172 - - [30/Mar/2023:11:12:39 +0800] "POST /xingrg/kc/buy/cgsh_list_operate.html HTTP/1.1" 200 274
116.192.124.172 - - [30/Mar/2023:11:12:40 +0800] "POST /xingrg/kc/buy/cgsh_list_operate.html HTTP/1.1" 200 418
180.169.147.146 - - [30/Mar/2023:11:12:40 +0800] "GET /xingrg/kc/buy/cgsh_order_operate.html?command=get_materiel&rest_code=00147&code=00101011003&supplier_code=00100242&order_time=2023-03-30 HTTP/1.1" 200 431
116.192.124.172 - - [30/Mar/2023:11:12:42 +0800] "GET /xingrg/kc/buy/cgsh_order_info.html?code=212023033011173 HTTP/1.1" 200 64894
116.192.124.172 - - [30/Mar/2023:11:12:42 +0800] "GET /xingrg/words/20230330101052_words.js HTTP/1.1" 304 -
116.192.124.172 - - [30/Mar/2023:11:12:42 +0800] "GET /xingrg/javascript/easyui/themes/default/validatebox.css HTTP/1.1" 404 1104
222.67.232.202 - - [30/Mar/2023:11:12:43 +0800] "GET /xingrg/all/function/internal_message.html?_=1680145506397&CODE_STATE=getMsg HTTP/1.1" 200 27
101.83.240.222 - - [30/Mar/2023:11:12:44 +0800] "GET /xingrg/all/function/internal_message.html?_=1680145963260&CODE_STATE=getMsg HTTP/1.1" 200 27
172.20.0.100 - - [30/Mar/2023:11:12:45 +0800] "GET /xingrg/all/function/internal_message.html?_=1680145975362&CODE_STATE=getMsg HTTP/1.1" 200 27
172.20.0.100 - - [30/Mar/2023:11:12:45 +0800] "GET /xingrg/check_reg.html?_=1680145975364 HTTP/1.1" 200 22
180.157.253.110 - - [30/Mar/2023:11:12:45 +0800] "POST /xingrg/kc/buy/cgsh_order_operate.html HTTP/1.1" 200 37
116.192.124.172 - - [30/Mar/2023:11:12:45 +0800] "POST /xingrg/kc/buy/cgsh_order_operate.html HTTP/1.1" 200 2378
180.157.253.110 - - [30/Mar/2023:11:12:48 +0800] "POST /xingrg/kc/buy/cgsh_order_operate.html HTTP/1.1" 200 11025
180.169.147.146 - - [30/Mar/2023:11:12:51 +0800] "GET /xingrg/kc/buy/cgsh_order_operate.html?command=get_materiel&rest_code=00147&code=00101011010&supplier_code=00100242&order_time=2023-03-30 HTTP/1.1" 200 418
124.79.79.194 - - [30/Mar/2023:11:12:54 +0800] "POST /xingrg/services/DataTransmitService HTTP/1.1" 200 524
124.79.79.194 - - [30/Mar/2023:11:12:54 +0800] "POST /xingrg/services/DataTransmitService HTTP/1.1" 200 2151
180.157.253.110 - - [30/Mar/2023:11:12:55 +0800] "GET /xingrg/kc/print/load_config.html?kc_code=cgsh HTTP/1.1" 200 1925
180.157.253.110 - - [30/Mar/2023:11:12:55 +0800] "GET /xingrg/kc/print/load_data.html?order_code=212023033011218&kc_code=cgsh&condition= HTTP/1.1" 200 3856
222.70.182.87 - - [30/Mar/2023:11:12:56 +0800] "GET /xingrg/all/function/internal_message.html?_=1680145976139&CODE_STATE=getMsg HTTP/1.1" 200 27
116.192.124.172 - - [30/Mar/2023:11:13:00 +0800] "GET /xingrg/all/function/internal_message.html?_=1680145980237&CODE_STATE=getMsg HTTP/1.1" 200 27
172.20.0.100 - - [30/Mar/2023:11:13:00 +0800] "GET /xingrg/all/function/internal_message.html?_=1680145990671&CODE_STATE=getMsg HTTP/1.1" 200 27
124.79.72.155 - - [30/Mar/2023:11:13:00 +0800] "GET /xingrg/all/function/internal_message.html?_=1680145989878&CODE_STATE=getMsg HTTP/1.1" 200 27
180.169.147.146 - - [30/Mar/2023:11:13:01 +0800] "GET /xingrg/kc/buy/cgsh_order_operate.html?command=get_materiel&rest_code=00147&code=00101012019&supplier_code=00100242&order_time=2023-03-30 HTTP/1.1" 200 412
116.224.158.100 - - [30/Mar/2023:11:13:02 +0800] "GET /xingrg/all/function/internal_message.html?_=1680145983346&CODE_STATE=getMsg HTTP/1.1" 200 27
116.227.208.255 - - [30/Mar/2023:11:13:03 +0800] "GET /xingrg/all/function/internal_message.html?_=1680146082463&CODE_STATE=getMsg HTTP/1.1" 200 27
180.157.253.110 - - [30/Mar/2023:11:13:07 +0800] "GET /xingrg/all/function/internal_message.html?_=1680145988017&CODE_STATE=getMsg HTTP/1.1" 200 27
116.224.106.218 - - [30/Mar/2023:11:13:09 +0800] "GET /xingrg/all/function/internal_message.html?_=1680145989128&CODE_STATE=getMsg HTTP/1.1" 200 27
116.192.124.172 - - [30/Mar/2023:11:13:10 +0800] "GET /xingrg/all/function/internal_message.html?_=1680145990518&CODE_STATE=getMsg HTTP/1.1" 200 27
222.70.172.219 - - [30/Mar/2023:11:13:10 +0800] "GET /xingrg/all/function/internal_message.html?_=1680146004343&CODE_STATE=getMsg HTTP/1.1" 200 27
180.169.147.146 - - [30/Mar/2023:11:13:13 +0800] "GET /xingrg/kc/buy/cgsh_order_operate.html?command=get_materiel&rest_code=00147&code=00101020019&supplier_code=00100242&order_time=2023-03-30 HTTP/1.1" 200 424
114.83.222.182 - - [30/Mar/2023:11:13:16 +0800] "GET /xingrg/all/function/internal_message.html?_=1680146072903&CODE_STATE=getMsg HTTP/1.1" 200 27
101.229.22.234 - - [30/Mar/2023:11:13:16 +0800] "GET /xingrg/check_reg.html?_=1680145996443 HTTP/1.1" 200 22
101.229.22.234 - - [30/Mar/2023:11:13:16 +0800] "GET /xingrg/all/function/internal_message.html?_=1680145996446&CODE_STATE=getMsg HTTP/1.1" 200 27
116.238.139.35 - - [30/Mar/2023:11:13:17 +0800] "GET /xingrg/all/function/internal_message.html?_=1680145914384&CODE_STATE=getMsg HTTP/1.1" 200 27
180.164.3.199 - - [30/Mar/2023:11:13:17 +0800] "GET /xingrg/all/function/internal_message.html?_=1680145998120&CODE_STATE=getMsg HTTP/1.1" 200 27
180.169.147.146 - - [30/Mar/2023:11:13:17 +0800] "GET /xingrg/all/function/internal_message.html?_=1680145992816&CODE_STATE=getMsg HTTP/1.1" 200 27
180.169.147.146 - - [30/Mar/2023:11:13:27 +0800] "GET /xingrg/all/function/internal_message.html?_=1680146005900&CODE_STATE=getMsg HTTP/1.1" 200 27
180.169.147.146 - - [30/Mar/2023:11:13:29 +0800] "GET /xingrg/kc/buy/cgsh_order_operate.html?command=get_materiel&rest_code=00147&code=00101019098&supplier_code=00100242&order_time=2023-03-30 HTTP/1.1" 200 476
