120.253.135.82 - - [30/Mar/2023:09:07:45 +0800] "GET /xingrg/javascript/myfunction.js HTTP/1.1" 304 -
120.253.135.82 - - [30/Mar/2023:09:07:45 +0800] "GET /xingrg/dwr/engine.js HTTP/1.1" 200 43631
222.70.172.219 - - [30/Mar/2023:09:07:47 +0800] "POST /xingrg/services/DataTransmitService HTTP/1.1" 200 524
180.157.253.110 - - [30/Mar/2023:09:07:48 +0800] "GET /xingrg/all/function/internal_message.html?_=1680138468939&CODE_STATE=getMsg HTTP/1.1" 200 27
116.192.124.172 - - [30/Mar/2023:09:07:48 +0800] "GET /xingrg/javascript/auto/indicator.gif HTTP/1.1" 404 1066
222.70.172.219 - - [30/Mar/2023:09:07:48 +0800] "POST /xingrg/services/DataTransmitService HTTP/1.1" 200 412
222.70.182.87 - - [30/Mar/2023:09:07:49 +0800] "GET /xingrg/kc/buy/cgsh_order_operate.html?command=get_materiel&rest_code=00111&code=00101008069&supplier_code=00100005&order_time=2023-03-30 HTTP/1.1" 200 412
222.70.172.219 - - [30/Mar/2023:09:07:49 +0800] "GET /xingrg/all/function/internal_message.html?_=1680138483567&CODE_STATE=getMsg HTTP/1.1" 200 27
101.83.240.222 - - [30/Mar/2023:09:07:50 +0800] "GET /xingrg/all/function/internal_message.html?_=1680138468477&CODE_STATE=getMsg HTTP/1.1" 200 27
116.238.139.35 - - [30/Mar/2023:09:07:51 +0800] "GET /xingrg/all/function/internal_message.html?_=1680138473524&CODE_STATE=getMsg HTTP/1.1" 200 27
180.157.253.110 - - [30/Mar/2023:09:07:58 +0800] "GET /xingrg/check_reg.html?_=1680138479238 HTTP/1.1" 200 22
172.20.0.100 - - [30/Mar/2023:09:08:00 +0800] "GET /xingrg/all/function/internal_message.html?_=1680138490487&CODE_STATE=getMsg HTTP/1.1" 200 27
116.192.124.172 - - [30/Mar/2023:09:08:01 +0800] "GET /xingrg/all/function/internal_message.html?_=1680138481791&CODE_STATE=getMsg HTTP/1.1" 200 27
116.224.158.100 - - [30/Mar/2023:09:08:02 +0800] "GET /xingrg/all/function/internal_message.html?_=1680138483186&CODE_STATE=getMsg HTTP/1.1" 200 27
116.227.208.255 - - [30/Mar/2023:09:08:03 +0800] "GET /xingrg/all/function/internal_message.html?_=1680138582454&CODE_STATE=getMsg HTTP/1.1" 200 27
116.192.124.172 - - [30/Mar/2023:09:08:06 +0800] "GET /xingrg/kc/buy/cgsh_order_operate.html?command=get_materiel&rest_code=00102&code=00101007077&supplier_code=00100096&order_time=2023-03-30 HTTP/1.1" 200 415
101.83.240.222 - - [30/Mar/2023:09:08:07 +0800] "GET /xingrg/kc/buy/cgsh_order_operate.html?command=get_materiel&rest_code=00149&code=00101008131&supplier_code=00100008&order_time=2023-03-30 HTTP/1.1" 200 408
114.83.222.182 - - [30/Mar/2023:09:08:07 +0800] "GET /xingrg/all/function/internal_message.html?_=1680138563857&CODE_STATE=getMsg HTTP/1.1" 200 27
116.192.124.172 - - [30/Mar/2023:09:08:10 +0800] "GET /xingrg/all/function/internal_message.html?_=1680138490531&CODE_STATE=getMsg HTTP/1.1" 200 27
116.238.139.35 - - [30/Mar/2023:09:08:14 +0800] "GET /xingrg/all/function/internal_message.html?_=1680138411938&CODE_STATE=getMsg HTTP/1.1" 200 27
222.70.182.87 - - [30/Mar/2023:09:08:16 +0800] "GET /xingrg/kc/buy/cgsh_order_operate.html?command=get_materiel&rest_code=00111&code=00101008306&supplier_code=00100005&order_time=2023-03-30 HTTP/1.1" 200 412
120.253.135.82 - - [30/Mar/2023:09:08:22 +0800] "GET /xingrg/kc/pszx/mdqp_order_list.html?state=10 HTTP/1.1" 200 10275
120.253.135.82 - - [30/Mar/2023:09:08:22 +0800] "GET /xingrg/dwr/interface/AjaxQqpsService.js HTTP/1.1" 200 16326
120.253.135.82 - - [30/Mar/2023:09:08:22 +0800] "GET /xingrg/dwr/interface/AjaxReportQueryService.js HTTP/1.1" 200 13203
120.253.135.82 - - [30/Mar/2023:09:08:22 +0800] "GET /xingrg/dwr/engine.js HTTP/1.1" 200 43631
116.192.124.172 - - [30/Mar/2023:09:08:26 +0800] "GET /xingrg/kc/buy/cgsh_order_operate.html?command=get_materiel&rest_code=00102&code=00101012029&supplier_code=00100096&order_time=2023-03-30 HTTP/1.1" 200 414
222.70.182.87 - - [30/Mar/2023:09:08:29 +0800] "GET /xingrg/kc/buy/cgsh_order_operate.html?command=get_materiel&rest_code=00111&code=00101008291&supplier_code=00100005&order_time=2023-03-30 HTTP/1.1" 200 408
120.253.135.82 - - [30/Mar/2023:09:08:29 +0800] "GET /xingrg/kc/pszx/mdqp_order_list.html?state=10 HTTP/1.1" 200 10275
120.253.135.82 - - [30/Mar/2023:09:08:29 +0800] "GET /xingrg/dwr/interface/AjaxQqpsService.js HTTP/1.1" 200 16326
120.253.135.82 - - [30/Mar/2023:09:08:29 +0800] "GET /xingrg/dwr/interface/AjaxReportQueryService.js HTTP/1.1" 200 13203
120.253.135.82 - - [30/Mar/2023:09:08:29 +0800] "GET /xingrg/dwr/engine.js HTTP/1.1" 200 43631
180.157.253.110 - - [30/Mar/2023:09:08:29 +0800] "GET /xingrg/all/function/internal_message.html?_=1680138510368&CODE_STATE=getMsg HTTP/1.1" 200 27
101.83.240.222 - - [30/Mar/2023:09:08:30 +0800] "GET /xingrg/kc/buy/cgsh_order_operate.html?command=get_materiel&rest_code=00149&code=00101008296&supplier_code=00100008&order_time=2023-03-30 HTTP/1.1" 200 416
222.70.182.87 - - [30/Mar/2023:09:08:31 +0800] "POST /xingrg/kc/buy/cgsh_order_operate.html HTTP/1.1" 200 2065
120.253.135.82 - - [30/Mar/2023:09:08:32 +0800] "GET /xingrg/all/function/internal_message.html?_=1680138344486&CODE_STATE=getMsg HTTP/1.1" 200 27
120.253.135.82 - - [30/Mar/2023:09:08:34 +0800] "GET /xingrg/kc/report/report_main.html HTTP/1.1" 200 8599
120.253.135.82 - - [30/Mar/2023:09:08:34 +0800] "GET /xingrg/javascript/jquery_ui/themes/humanity/humanity.css HTTP/1.1" 304 -
120.253.135.82 - - [30/Mar/2023:09:08:34 +0800] "GET /xingrg/javascript/json2.js HTTP/1.1" 304 -
120.253.135.82 - - [30/Mar/2023:09:08:35 +0800] "GET /xingrg/kc/base/kc_stocks.html HTTP/1.1" 200 16506
120.253.135.82 - - [30/Mar/2023:09:08:35 +0800] "GET /xingrg/javascript/easyui/themes/sunny/easyui.css HTTP/1.1" 304 -
120.253.135.82 - - [30/Mar/2023:09:08:35 +0800] "GET /xingrg/javascript/convert.js HTTP/1.1" 304 -
120.253.135.82 - - [30/Mar/2023:09:08:36 +0800] "GET /xingrg/javascript/easyui/plugins/jquery.draggable.js HTTP/1.1" 304 -
120.253.135.82 - - [30/Mar/2023:09:08:36 +0800] "GET /xingrg/javascript/easyui/plugins/jquery.droppable.js HTTP/1.1" 304 -
120.253.135.82 - - [30/Mar/2023:09:08:36 +0800] "GET /xingrg/javascript/easyui/themes/default/tree.css HTTP/1.1" 404 1090
120.253.135.82 - - [30/Mar/2023:09:08:36 +0800] "GET /xingrg/javascript/easyui/plugins/jquery.tree.js HTTP/1.1" 304 -
120.253.135.82 - - [30/Mar/2023:09:08:36 +0800] "GET /xingrg/all/common/auto_word.html?type=base&rest_code=00101 HTTP/1.1" 200 671
120.253.135.82 - - [30/Mar/2023:09:08:36 +0800] "POST /xingrg/all/common/load_tree.html?tree=materiel_sort_tree_json HTTP/1.1" 200 9500
222.70.182.87 - - [30/Mar/2023:09:08:36 +0800] "GET /xingrg/all/function/internal_message.html?_=1680138516439&CODE_STATE=getMsg HTTP/1.1" 200 27
120.253.135.82 - - [30/Mar/2023:09:08:37 +0800] "POST /xingrg/all/common/load_combo.html?type=base HTTP/1.1" 200 1169
222.70.182.87 - - [30/Mar/2023:09:08:37 +0800] "GET /xingrg/kc/buy/cgsh_order_operate.html?command=get_materiel&rest_code=00111&code=00101008150&supplier_code=00100005&order_time=2023-03-30 HTTP/1.1" 200 409
101.83.240.222 - - [30/Mar/2023:09:08:44 +0800] "GET /xingrg/kc/buy/cgsh_order_operate.html?command=get_materiel&rest_code=00149&code=00101008318&supplier_code=00100008&order_time=2023-03-30 HTTP/1.1" 200 408
180.157.253.110 - - [30/Mar/2023:09:08:44 +0800] "POST /xingrg/services/DataTransmitService HTTP/1.1" 200 524
172.20.0.100 - - [30/Mar/2023:09:08:45 +0800] "GET /xingrg/all/function/internal_message.html?_=1680138535185&CODE_STATE=getMsg HTTP/1.1" 200 27
124.78.155.10 - - [30/Mar/2023:09:08:45 +0800] "GET /xingrg/all/function/internal_message.html?_=1680138525430&CODE_STATE=getMsg HTTP/1.1" 200 27
180.157.253.110 - - [30/Mar/2023:09:08:48 +0800] "GET /xingrg/all/function/internal_message.html?_=1680138528911&CODE_STATE=getMsg HTTP/1.1" 200 27
120.253.135.82 - - [30/Mar/2023:09:08:49 +0800] "POST /xingrg/kc/base/stock_operate.html HTTP/1.1" 200 1485
120.253.135.82 - - [30/Mar/2023:09:08:49 +0800] "GET /xingrg/javascript/jquery_tools/fix_table.js HTTP/1.1" 304 -
222.70.172.219 - - [30/Mar/2023:09:08:49 +0800] "GET /xingrg/all/function/internal_message.html?_=1680138543585&CODE_STATE=getMsg HTTP/1.1" 200 27
101.83.240.222 - - [30/Mar/2023:09:08:50 +0800] "GET /xingrg/all/function/internal_message.html?_=1680138528474&CODE_STATE=getMsg HTTP/1.1" 200 27
116.192.124.172 - - [30/Mar/2023:09:08:50 +0800] "GET /xingrg/kc/buy/cgsh_order_operate.html?command=get_materiel&rest_code=00102&code=00101012070&supplier_code=00100096&order_time=2023-03-30 HTTP/1.1" 200 412
116.238.139.35 - - [30/Mar/2023:09:08:51 +0800] "GET /xingrg/all/function/internal_message.html?_=1680138533499&CODE_STATE=getMsg HTTP/1.1" 200 27
120.253.135.82 - - [30/Mar/2023:09:08:53 +0800] "GET /xingrg/kc/base/stock_detail.html?m=00101019392 HTTP/1.1" 200 6445
101.83.240.222 - - [30/Mar/2023:09:08:53 +0800] "GET /xingrg/kc/buy/cgsh_order_operate.html?command=get_materiel&rest_code=00149&code=00101008352&supplier_code=00100008&order_time=2023-03-30 HTTP/1.1" 200 412
222.70.182.87 - - [30/Mar/2023:09:08:54 +0800] "GET /xingrg/kc/buy/cgsh_order_operate.html?command=get_materiel&rest_code=00111&code=00101008114&supplier_code=00100005&order_time=2023-03-30 HTTP/1.1" 200 413
120.253.135.82 - - [30/Mar/2023:09:08:55 +0800] "GET /xingrg/kc/base/stock_operate.html?_=1680138368090&command=get_report_file&start_day=20230301 HTTP/1.1" 200 53
120.253.135.82 - - [30/Mar/2023:09:08:55 +0800] "GET /xingrg/all/report/report_query.html?isQuery=1&onlyBody=1&rh=2000&fileName=kc/base/kc_stock_detail_new.xml&queryString=(1=1)&queryText=&tableQueryString=init_table$sp1$$sp$crk_table$sp1$order_day%20between%2020230301%20and%2020230331&varString=start_day:20230301,materiel_code:00101019392,cost_id:4201,end_date:20230228 HTTP/1.1" 200 48701
120.253.135.82 - - [30/Mar/2023:09:08:55 +0800] "GET /xingrg/javascript/multi_select/jqueryMultiSelect.css HTTP/1.1" 304 -
120.253.135.82 - - [30/Mar/2023:09:08:55 +0800] "GET /xingrg/javascript/bigrid/fix.css HTTP/1.1" 304 -
120.253.135.82 - - [30/Mar/2023:09:08:55 +0800] "GET /xingrg/dwr/interface/AjaxReportQueryService.js HTTP/1.1" 200 13203
120.253.135.82 - - [30/Mar/2023:09:08:55 +0800] "GET /xingrg/javascript/calendar/timePicker.css HTTP/1.1" 304 -
120.253.135.82 - - [30/Mar/2023:09:08:55 +0800] "GET /xingrg/dwr/engine.js HTTP/1.1" 200 43631
120.253.135.82 - - [30/Mar/2023:09:08:55 +0800] "GET /xingrg/javascript/jqueryMultiSelect.js HTTP/1.1" 304 -
120.253.135.82 - - [30/Mar/2023:09:08:55 +0800] "GET /xingrg/javascript/calendar/jquery.timePicker.min.js HTTP/1.1" 304 -
120.253.135.82 - - [30/Mar/2023:09:08:55 +0800] "GET /xingrg/javascript/bigrid/fix.js HTTP/1.1" 304 -
101.83.240.222 - - [30/Mar/2023:09:08:56 +0800] "POST /xingrg/kc/buy/cgsh_order_operate.html HTTP/1.1" 200 2065
120.253.135.82 - - [30/Mar/2023:09:08:57 +0800] "POST /xingrg/all/report/load_report_page.html HTTP/1.1" 200 25121
120.253.135.82 - - [30/Mar/2023:09:08:57 +0800] "GET /xingrg/servlets/image?cache=0.3817629972140679&image=px HTTP/1.1" 200 807
172.20.0.100 - - [30/Mar/2023:09:09:00 +0800] "GET /xingrg/all/function/internal_message.html?_=1680138550485&CODE_STATE=getMsg HTTP/1.1" 200 27
172.20.0.100 - - [30/Mar/2023:09:09:00 +0800] "GET /xingrg/check_reg.html?_=1680138550486 HTTP/1.1" 200 22
116.192.124.172 - - [30/Mar/2023:09:09:01 +0800] "GET /xingrg/all/function/internal_message.html?_=1680138541774&CODE_STATE=getMsg HTTP/1.1" 200 27
116.192.124.172 - - [30/Mar/2023:09:09:01 +0800] "GET /xingrg/kc/buy/cgsh_order_operate.html?command=get_materiel&rest_code=00102&code=00101016025&supplier_code=00100096&order_time=2023-03-30 HTTP/1.1" 200 408
101.83.240.222 - - [30/Mar/2023:09:09:02 +0800] "GET /xingrg/kc/buy/cgsh_order_operate.html?command=get_materiel&rest_code=00149&code=00101008005&supplier_code=00100008&order_time=2023-03-30 HTTP/1.1" 200 412
120.253.135.82 - - [30/Mar/2023:09:09:02 +0800] "GET /xingrg/kc/guide/show_order.html?code=312023030100002&type=31 HTTP/1.1" 302 -
116.224.158.100 - - [30/Mar/2023:09:09:02 +0800] "GET /xingrg/all/function/internal_message.html?_=1680138543180&CODE_STATE=getMsg HTTP/1.1" 200 27
120.253.135.82 - - [30/Mar/2023:09:09:02 +0800] "GET /xingrg/kc/pszx/mdps_order_info.html?code=312023030100002&sysBaseUrl=http%3A%2F%2F180.169.147.146%3A18081%2Fxingrg%2F&costTime=0×tamp=1680138542371 HTTP/1.1" 200 19632
120.253.135.82 - - [30/Mar/2023:09:09:02 +0800] "GET /xingrg/javascript/jquery_tools/order_manager.js HTTP/1.1" 304 -
120.253.135.82 - - [30/Mar/2023:09:09:02 +0800] "GET /xingrg/javascript/print/kc_print.js HTTP/1.1" 304 -
120.253.135.82 - - [30/Mar/2023:09:09:02 +0800] "GET /xingrg/words/20230329145859_words.js HTTP/1.1" 304 -
120.253.135.82 - - [30/Mar/2023:09:09:02 +0800] "GET /favicon.ico HTTP/1.1" 404 -
120.253.135.82 - - [30/Mar/2023:09:09:03 +0800] "GET /xingrg/javascript/easyui/themes/default/validatebox.css HTTP/1.1" 404 1104
120.253.135.82 - - [30/Mar/2023:09:09:03 +0800] "GET /xingrg/javascript/easyui/plugins/jquery.validatebox.js HTTP/1.1" 304 -
120.253.135.82 - - [30/Mar/2023:09:09:03 +0800] "GET /xingrg/javascript/easyui/plugins/jquery.numberbox.js HTTP/1.1" 304 -
116.227.208.255 - - [30/Mar/2023:09:09:03 +0800] "GET /xingrg/all/function/internal_message.html?_=1680138642470&CODE_STATE=getMsg HTTP/1.1" 200 27
120.253.135.82 - - [30/Mar/2023:09:09:03 +0800] "POST /xingrg/kc/pszx/mdps_order_operate.html HTTP/1.1" 200 5141
114.83.222.182 - - [30/Mar/2023:09:09:07 +0800] "GET /xingrg/all/function/internal_message.html?_=1680138623852&CODE_STATE=getMsg HTTP/1.1" 200 27
116.192.124.172 - - [30/Mar/2023:09:09:10 +0800] "GET /xingrg/check_reg.html?_=1680138550523 HTTP/1.1" 200 22
116.192.124.172 - - [30/Mar/2023:09:09:10 +0800] "GET /xingrg/all/function/internal_message.html?_=1680138550527&CODE_STATE=getMsg HTTP/1.1" 200 27
116.192.124.172 - - [30/Mar/2023:09:09:10 +0800] "GET /xingrg/kc/buy/cgsh_order_operate.html?command=get_materiel&rest_code=00102&code=00101016030&supplier_code=00100096&order_time=2023-03-30 HTTP/1.1" 200 412
120.253.135.82 - - [30/Mar/2023:09:09:10 +0800] "GET /xingrg/login.html HTTP/1.1" 200 7641
120.253.135.82 - - [30/Mar/2023:09:09:10 +0800] "GET /xingrg/images/blue/jxLogo.png HTTP/1.1" 304 -
120.253.135.82 - - [30/Mar/2023:09:09:10 +0800] "GET /favicon.ico HTTP/1.1" 404 -
101.83.240.222 - - [30/Mar/2023:09:09:11 +0800] "GET /xingrg/kc/buy/cgsh_order_operate.html?command=get_materiel&rest_code=00149&code=00101008353&supplier_code=00100008&order_time=2023-03-30 HTTP/1.1" 200 408
120.253.135.82 - - [30/Mar/2023:09:09:14 +0800] "POST /xingrg/login.do HTTP/1.1" 302 -
120.253.135.82 - - [30/Mar/2023:09:09:14 +0800] "GET /xingrg/index.html?sysBaseUrl=http%3A%2F%2F180.169.147.146%3A18081%2Fxingrg%2F&costTime=887×tamp=1680138554073 HTTP/1.1" 200 17173
120.253.135.82 - - [30/Mar/2023:09:09:14 +0800] "GET /xingrg/javascript/jquery_easy_ui/themes/default/easyui.css HTTP/1.1" 304 -
120.253.135.82 - - [30/Mar/2023:09:09:14 +0800] "GET /xingrg/javascript/jquery_easy_ui/themes/icon.css HTTP/1.1" 304 -
120.253.135.82 - - [30/Mar/2023:09:09:14 +0800] "GET /xingrg/javascript/jquery.timers.js HTTP/1.1" 304 -
120.253.135.82 - - [30/Mar/2023:09:09:14 +0800] "GET /xingrg/javascript/jquery_easy_ui/easyui-lang-zh_CN.js HTTP/1.1" 304 -
120.253.135.82 - - [30/Mar/2023:09:09:14 +0800] "GET /xingrg/javascript/jquery_easy_ui/jquery.easyui.min.js HTTP/1.1" 304 -
120.253.135.82 - - [30/Mar/2023:09:09:14 +0800] "GET /xingrg/javascript/jquery.utils.js HTTP/1.1" 304 -
120.253.135.82 - - [30/Mar/2023:09:09:14 +0800] "GET /xingrg/javascript/jquery-1.4.2.min.js HTTP/1.1" 304 -
120.253.135.82 - - [30/Mar/2023:09:09:14 +0800] "GET /xingrg/javascript/jquery.form.js HTTP/1.1" 304 -
120.253.135.82 - - [30/Mar/2023:09:09:14 +0800] "GET /xingrg/css/form.css HTTP/1.1" 304 -
120.253.135.82 - - [30/Mar/2023:09:09:14 +0800] "POST /xingrg/all/common/load_tree.html?tree=area_rest_tree_json&manage=1 HTTP/1.1" 200 344
120.253.135.82 - - [30/Mar/2023:09:09:14 +0800] "GET /xingrg/all/function/internal_message.html?_=1680138386775&CODE_STATE=count HTTP/1.1" 200 11
120.253.135.82 - - [30/Mar/2023:09:09:14 +0800] "GET /xingrg/check_reg.html?_=1680138386776 HTTP/1.1" 200 22
120.253.135.82 - - [30/Mar/2023:09:09:14 +0800] "GET /favicon.ico HTTP/1.1" 404 -
120.253.135.82 - - [30/Mar/2023:09:09:14 +0800] "POST /xingrg/load_menu.html HTTP/1.1" 200 6743
116.238.139.35 - - [30/Mar/2023:09:09:14 +0800] "GET /xingrg/all/function/internal_message.html?_=1680138471954&CODE_STATE=getMsg HTTP/1.1" 200 27
120.253.135.82 - - [30/Mar/2023:09:09:21 +0800] "GET /xingrg/kc/report/report_main.html HTTP/1.1" 200 8599
120.253.135.82 - - [30/Mar/2023:09:09:21 +0800] "GET /xingrg/css/blue.css HTTP/1.1" 304 -
120.253.135.82 - - [30/Mar/2023:09:09:21 +0800] "GET /xingrg/javascript/myfunction.js HTTP/1.1" 304 -
120.253.135.82 - - [30/Mar/2023:09:09:21 +0800] "GET /xingrg/javascript/pic_change.js HTTP/1.1" 304 -
120.253.135.82 - - [30/Mar/2023:09:09:21 +0800] "GET /xingrg/javascript/jquery_ui/themes/humanity/humanity.css HTTP/1.1" 304 -
120.253.135.82 - - [30/Mar/2023:09:09:21 +0800] "GET /xingrg/javascript/json2.js HTTP/1.1" 304 -
116.192.124.172 - - [30/Mar/2023:09:09:21 +0800] "GET /xingrg/kc/buy/cgsh_order_operate.html?command=get_materiel&rest_code=00102&code=00101012025&supplier_code=00100096&order_time=2023-03-30 HTTP/1.1" 200 412
120.253.135.82 - - [30/Mar/2023:09:09:22 +0800] "GET /xingrg/kc/base/kc_stocks.html HTTP/1.1" 200 16506
120.253.135.82 - - [30/Mar/2023:09:09:22 +0800] "GET /xingrg/css/base.css HTTP/1.1" 304 -
120.253.135.82 - - [30/Mar/2023:09:09:22 +0800] "GET /xingrg/css/site.css HTTP/1.1" 304 -
120.253.135.82 - - [30/Mar/2023:09:09:22 +0800] "GET /xingrg/javascript/easyui/themes/sunny/easyui.css HTTP/1.1" 304 -
120.253.135.82 - - [30/Mar/2023:09:09:22 +0800] "GET /xingrg/javascript/easyui/themes/icon.css HTTP/1.1" 304 -
120.253.135.82 - - [30/Mar/2023:09:09:22 +0800] "GET /xingrg/javascript/jquery_tools/datebox.css HTTP/1.1" 304 -
120.253.135.82 - - [30/Mar/2023:09:09:22 +0800] "GET /xingrg/javascript/auto/jquery.autocomplete.css HTTP/1.1" 304 -
120.253.135.82 - - [30/Mar/2023:09:09:22 +0800] "GET /xingrg/javascript/jquery_tools/fix.css HTTP/1.1" 304 -
120.253.135.82 - - [30/Mar/2023:09:09:22 +0800] "GET /xingrg/javascript/jquery_tools/jquery.tools.min.js HTTP/1.1" 304 -
120.253.135.82 - - [30/Mar/2023:09:09:22 +0800] "GET /xingrg/javascript/jquery_tools/list_manager.js HTTP/1.1" 304 -
120.253.135.82 - - [30/Mar/2023:09:09:22 +0800] "GET /xingrg/javascript/jquery_tools/jquery.tools.hotkey.js HTTP/1.1" 304 -
120.253.135.82 - - [30/Mar/2023:09:09:22 +0800] "GET /xingrg/javascript/jquery.cookie.js HTTP/1.1" 304 -
120.253.135.82 - - [30/Mar/2023:09:09:22 +0800] "GET /xingrg/javascript/auto/jquery.autocomplete.js HTTP/1.1" 304 -
120.253.135.82 - - [30/Mar/2023:09:09:22 +0800] "GET /xingrg/javascript/print/LodopFuncs.js HTTP/1.1" 304 -
120.253.135.82 - - [30/Mar/2023:09:09:22 +0800] "GET /xingrg/javascript/convert.js HTTP/1.1" 304 -
120.253.135.82 - - [30/Mar/2023:09:09:22 +0800] "GET /xingrg/javascript/easyui/easyloader.js HTTP/1.1" 304 -
120.253.135.82 - - [30/Mar/2023:09:09:22 +0800] "GET /xingrg/javascript/jquery_tools/jquery.tools.extend.js HTTP/1.1" 304 -
120.253.135.82 - - [30/Mar/2023:09:09:23 +0800] "GET /xingrg/javascript/easyui/plugins/jquery.parser.js HTTP/1.1" 304 -
120.253.135.82 - - [30/Mar/2023:09:09:23 +0800] "GET /xingrg/javascript/easyui/plugins/jquery.draggable.js HTTP/1.1" 304 -
120.253.135.82 - - [30/Mar/2023:09:09:23 +0800] "GET /xingrg/javascript/easyui/plugins/jquery.droppable.js HTTP/1.1" 304 -
120.253.135.82 - - [30/Mar/2023:09:09:23 +0800] "GET /xingrg/all/common/auto_word.html?type=base&rest_code=00101 HTTP/1.1" 200 671
120.253.135.82 - - [30/Mar/2023:09:09:23 +0800] "GET /xingrg/javascript/easyui/themes/default/tree.css HTTP/1.1" 404 1090
120.253.135.82 - - [30/Mar/2023:09:09:23 +0800] "GET /xingrg/javascript/easyui/plugins/jquery.tree.js HTTP/1.1" 304 -
120.253.135.82 - - [30/Mar/2023:09:09:23 +0800] "POST /xingrg/all/common/load_tree.html?tree=materiel_sort_tree_json HTTP/1.1" 200 9500
120.253.135.82 - - [30/Mar/2023:09:09:24 +0800] "POST /xingrg/all/common/load_combo.html?type=base HTTP/1.1" 200 1169
101.83.240.222 - - [30/Mar/2023:09:09:27 +0800] "GET /xingrg/kc/buy/cgsh_order_operate.html?command=get_materiel&rest_code=00149&code=00101008229&supplier_code=00100008&order_time=2023-03-30 HTTP/1.1" 200 421
222.70.182.87 - - [30/Mar/2023:09:09:28 +0800] "GET /xingrg/kc/buy/cgsh_order_operate.html?command=get_materiel&rest_code=00111&code=00101008061&supplier_code=00100005&order_time=2023-03-30 HTTP/1.1" 200 422
180.157.253.110 - - [30/Mar/2023:09:09:29 +0800] "GET /xingrg/all/function/internal_message.html?_=1680138570367&CODE_STATE=getMsg HTTP/1.1" 200 27
222.70.182.87 - - [30/Mar/2023:09:09:36 +0800] "GET /xingrg/all/function/internal_message.html?_=1680138576469&CODE_STATE=getMsg HTTP/1.1" 200 27
120.253.135.82 - - [30/Mar/2023:09:09:37 +0800] "POST /xingrg/kc/base/stock_operate.html HTTP/1.1" 200 2513
120.253.135.82 - - [30/Mar/2023:09:09:37 +0800] "GET /xingrg/javascript/jquery_tools/fix_table.js HTTP/1.1" 304 -
101.83.240.222 - - [30/Mar/2023:09:09:37 +0800] "GET /xingrg/kc/buy/cgsh_order_operate.html?command=get_materiel&rest_code=00149&code=00101008275&supplier_code=00100008&order_time=2023-03-30 HTTP/1.1" 200 416
101.83.240.222 - - [30/Mar/2023:09:09:39 +0800] "POST /xingrg/kc/buy/cgsh_order_operate.html HTTP/1.1" 200 2065
222.70.182.87 - - [30/Mar/2023:09:09:41 +0800] "POST /xingrg/kc/buy/cgsh_order_operate.html HTTP/1.1" 200 2065
172.20.0.100 - - [30/Mar/2023:09:09:45 +0800] "GET /xingrg/all/function/internal_message.html?_=1680138595184&CODE_STATE=getMsg HTTP/1.1" 200 27
124.78.155.10 - - [30/Mar/2023:09:09:45 +0800] "GET /xingrg/all/function/internal_message.html?_=1680138585431&CODE_STATE=getMsg HTTP/1.1" 200 27
116.192.124.172 - - [30/Mar/2023:09:09:45 +0800] "GET /xingrg/kc/buy/cgsh_order_operate.html?command=get_materiel&rest_code=00102&code=00101007128&supplier_code=00100096&order_time=2023-03-30 HTTP/1.1" 200 406
124.79.240.114 - - [30/Mar/2023:09:09:47 +0800] "POST /xingrg/services/DataTransmitService HTTP/1.1" 200 524
180.157.253.110 - - [30/Mar/2023:09:09:48 +0800] "GET /xingrg/all/function/internal_message.html?_=1680138588896&CODE_STATE=getMsg HTTP/1.1" 200 27
222.70.182.87 - - [30/Mar/2023:09:09:48 +0800] "GET /xingrg/kc/buy/cgsh_order_operate.html?command=get_materiel&rest_code=00111&code=00101008032&supplier_code=00100005&order_time=2023-03-30 HTTP/1.1" 200 409
101.83.240.222 - - [30/Mar/2023:09:09:49 +0800] "GET /xingrg/kc/buy/cgsh_order_operate.html?command=get_materiel&rest_code=00149&code=00101009044&supplier_code=00100008&order_time=2023-03-30 HTTP/1.1" 200 413
101.83.240.222 - - [30/Mar/2023:09:09:50 +0800] "GET /xingrg/all/function/internal_message.html?_=1680138588524&CODE_STATE=getMsg HTTP/1.1" 200 27
222.70.172.219 - - [30/Mar/2023:09:09:50 +0800] "GET /xingrg/all/function/internal_message.html?_=1680138604205&CODE_STATE=getMsg HTTP/1.1" 200 27
120.253.135.82 - - [30/Mar/2023:09:09:50 +0800] "GET /xingrg/javascript/easyui/themes/sunny/images/ui-bg_gloss-wave_60_fece2f_500x100.png HTTP/1.1" 304 -
116.238.139.35 - - [30/Mar/2023:09:09:51 +0800] "GET /xingrg/all/function/internal_message.html?_=1680138593480&CODE_STATE=getMsg HTTP/1.1" 200 27
120.253.135.82 - - [30/Mar/2023:09:09:52 +0800] "GET /xingrg/javascript/jquery_easy_ui/themes/default/images/tabs_active.png HTTP/1.1" 304 -
116.232.35.134 - - [30/Mar/2023:09:09:57 +0800] "POST /xingrg/services/DataTransmitService HTTP/1.1" 200 524
116.192.124.172 - - [30/Mar/2023:09:09:58 +0800] "GET /xingrg/kc/buy/cgsh_order_operate.html?command=get_materiel&rest_code=00102&code=00101007049&supplier_code=00100096&order_time=2023-03-30 HTTP/1.1" 200 409
101.83.240.222 - - [30/Mar/2023:09:09:58 +0800] "GET /xingrg/kc/buy/cgsh_order_operate.html?command=get_materiel&rest_code=00149&code=00101008172&supplier_code=00100008&order_time=2023-03-30 HTTP/1.1" 200 412
172.20.0.100 - - [30/Mar/2023:09:10:00 +0800] "GET /xingrg/all/function/internal_message.html?_=1680138610484&CODE_STATE=getMsg HTTP/1.1" 200 27
116.192.124.172 - - [30/Mar/2023:09:10:01 +0800] "GET /xingrg/all/function/internal_message.html?_=1680138601777&CODE_STATE=getMsg HTTP/1.1" 200 27
116.224.158.100 - - [30/Mar/2023:09:10:02 +0800] "GET /xingrg/all/function/internal_message.html?_=1680138603189&CODE_STATE=getMsg HTTP/1.1" 200 27
116.224.158.100 - - [30/Mar/2023:09:10:02 +0800] "GET /xingrg/check_reg.html?_=1680138603192 HTTP/1.1" 200 22
116.227.208.255 - - [30/Mar/2023:09:10:03 +0800] "GET /xingrg/all/function/internal_message.html?_=1680138702460&CODE_STATE=getMsg HTTP/1.1" 200 27
114.83.222.182 - - [30/Mar/2023:09:10:07 +0800] "GET /xingrg/all/function/internal_message.html?_=1680138683851&CODE_STATE=getMsg HTTP/1.1" 200 27
101.83.240.222 - - [30/Mar/2023:09:10:08 +0800] "GET /xingrg/kc/buy/cgsh_order_operate.html?command=get_materiel&rest_code=00149&code=00101008150&supplier_code=00100008&order_time=2023-03-30 HTTP/1.1" 200 409
116.192.124.172 - - [30/Mar/2023:09:10:10 +0800] "GET /xingrg/all/function/internal_message.html?_=1680138610525&CODE_STATE=getMsg HTTP/1.1" 200 27
120.253.135.82 - - [30/Mar/2023:09:10:14 +0800] "GET /xingrg/all/function/internal_message.html?_=1680138446778&CODE_STATE=getMsg HTTP/1.1" 200 27
116.238.139.35 - - [30/Mar/2023:09:10:14 +0800] "GET /xingrg/all/function/internal_message.html?_=1680138531981&CODE_STATE=getMsg HTTP/1.1" 200 27
101.83.240.222 - - [30/Mar/2023:09:10:16 +0800] "GET /xingrg/kc/buy/cgsh_order_operate.html?command=get_materiel&rest_code=00149&code=00101013179&supplier_code=00100008&order_time=2023-03-30 HTTP/1.1" 200 412
116.238.139.35 - - [30/Mar/2023:09:10:21 +0800] "POST /xingrg/kc/buy/cgsh_order_operate.html HTTP/1.1" 200 37
101.83.240.222 - - [30/Mar/2023:09:10:23 +0800] "GET /xingrg/kc/buy/cgsh_order_operate.html?command=get_materiel&rest_code=00149&code=00101008134&supplier_code=00100008&order_time=2023-03-30 HTTP/1.1" 200 412
116.192.124.172 - - [30/Mar/2023:09:10:24 +0800] "GET /xingrg/kc/buy/cgsh_order_operate.html?command=get_materiel&rest_code=00102&code=00101007061&supplier_code=00100096&order_time=2023-03-30 HTTP/1.1" 200 410
101.83.240.222 - - [30/Mar/2023:09:10:26 +0800] "POST /xingrg/kc/buy/cgsh_order_operate.html HTTP/1.1" 200 2065
116.238.139.35 - - [30/Mar/2023:09:10:27 +0800] "POST /xingrg/kc/buy/cgsh_order_operate.html HTTP/1.1" 200 12
180.157.253.110 - - [30/Mar/2023:09:10:29 +0800] "GET /xingrg/all/function/internal_message.html?_=1680138630367&CODE_STATE=getMsg HTTP/1.1" 200 27
180.157.253.110 - - [30/Mar/2023:09:10:29 +0800] "GET /xingrg/check_reg.html?_=1680138630369 HTTP/1.1" 200 22
116.238.139.35 - - [30/Mar/2023:09:10:29 +0800] "GET /xingrg/kc/buy/cgsh_order_info.html?code=212023033011147 HTTP/1.1" 200 64905
116.238.139.35 - - [30/Mar/2023:09:10:30 +0800] "GET /xingrg/javascript/easyui/themes/default/validatebox.css HTTP/1.1" 404 1104
116.238.139.35 - - [30/Mar/2023:09:10:31 +0800] "POST /xingrg/kc/buy/cgsh_order_operate.html HTTP/1.1" 200 4142
101.83.240.222 - - [30/Mar/2023:09:10:32 +0800] "GET /xingrg/kc/buy/cgsh_order_operate.html?command=get_materiel&rest_code=00149&code=00101008209&supplier_code=00100008&order_time=2023-03-30 HTTP/1.1" 200 408
116.238.139.35 - - [30/Mar/2023:09:10:32 +0800] "GET /xingrg/kc/print/load_data.html?order_code=212023033011147&kc_code=cgsh&condition= HTTP/1.1" 200 2079
222.70.182.87 - - [30/Mar/2023:09:10:34 +0800] "GET /xingrg/kc/buy/cgsh_order_operate.html?command=get_materiel&rest_code=00111&code=00101008172&supplier_code=00100005&order_time=2023-03-30 HTTP/1.1" 200 412
116.192.124.172 - - [30/Mar/2023:09:10:35 +0800] "GET /xingrg/kc/buy/cgsh_order_operate.html?command=get_materiel&rest_code=00102&code=00101006055&supplier_code=00100096&order_time=2023-03-30 HTTP/1.1" 200 409
222.70.182.87 - - [30/Mar/2023:09:10:36 +0800] "GET /xingrg/all/function/internal_message.html?_=1680138636544&CODE_STATE=getMsg HTTP/1.1" 200 27
116.238.139.35 - - [30/Mar/2023:09:10:37 +0800] "GET /xingrg/kc/buy/cgsh_order_add.html HTTP/1.1" 200 70005
116.238.139.35 - - [30/Mar/2023:09:10:37 +0800] "POST /xingrg/kc/buy/cgsh_order_operate.html HTTP/1.1" 200 8245
116.238.139.35 - - [30/Mar/2023:09:10:37 +0800] "GET /xingrg/javascript/easyui/themes/default/validatebox.css HTTP/1.1" 404 1104
172.20.0.100 - - [30/Mar/2023:09:10:45 +0800] "GET /xingrg/all/function/internal_message.html?_=1680138655182&CODE_STATE=getMsg HTTP/1.1" 200 27
222.70.182.87 - - [30/Mar/2023:09:10:45 +0800] "GET /xingrg/kc/buy/cgsh_order_operate.html?command=get_materiel&rest_code=00111&code=00101008209&supplier_code=00100005&order_time=2023-03-30 HTTP/1.1" 200 408
124.78.155.10 - - [30/Mar/2023:09:10:45 +0800] "GET /xingrg/all/function/internal_message.html?_=1680138645435&CODE_STATE=getMsg HTTP/1.1" 200 27
180.157.253.110 - - [30/Mar/2023:09:10:48 +0800] "GET /xingrg/all/function/internal_message.html?_=1680138648881&CODE_STATE=getMsg HTTP/1.1" 200 27
101.83.240.222 - - [30/Mar/2023:09:10:50 +0800] "GET /xingrg/check_reg.html?_=1680138648481 HTTP/1.1" 200 22
101.83.240.222 - - [30/Mar/2023:09:10:50 +0800] "GET /xingrg/all/function/internal_message.html?_=1680138648501&CODE_STATE=getMsg HTTP/1.1" 200 27
222.70.172.219 - - [30/Mar/2023:09:10:50 +0800] "GET /xingrg/all/function/internal_message.html?_=1680138664216&CODE_STATE=getMsg HTTP/1.1" 200 27
116.192.124.172 - - [30/Mar/2023:09:10:51 +0800] "GET /xingrg/kc/buy/cgsh_order_operate.html?command=get_materiel&rest_code=00102&code=00101006065&supplier_code=00100096&order_time=2023-03-30 HTTP/1.1" 200 430
116.238.139.35 - - [30/Mar/2023:09:10:51 +0800] "GET /xingrg/all/function/internal_message.html?_=1680138653461&CODE_STATE=getMsg HTTP/1.1" 200 27
116.238.139.35 - - [30/Mar/2023:09:10:51 +0800] "GET /xingrg/check_reg.html?_=1680138653712 HTTP/1.1" 200 22
222.70.182.87 - - [30/Mar/2023:09:10:53 +0800] "GET /xingrg/kc/buy/cgsh_order_operate.html?command=get_materiel&rest_code=00111&code=00101008223&supplier_code=00100005&order_time=2023-03-30 HTTP/1.1" 200 412
172.20.0.100 - - [30/Mar/2023:09:11:00 +0800] "GET /xingrg/all/function/internal_message.html?_=1680138670483&CODE_STATE=getMsg HTTP/1.1" 200 27
116.224.158.100 - - [30/Mar/2023:09:11:02 +0800] "GET /xingrg/all/function/internal_message.html?_=1680138663188&CODE_STATE=getMsg HTTP/1.1" 200 27
116.238.139.35 - - [30/Mar/2023:09:11:02 +0800] "GET /xingrg/check_reg.html?_=1680138580140 HTTP/1.1" 200 22
116.227.208.255 - - [30/Mar/2023:09:11:03 +0800] "GET /xingrg/all/function/internal_message.html?_=1680138762454&CODE_STATE=getMsg HTTP/1.1" 200 27
114.83.222.182 - - [30/Mar/2023:09:11:07 +0800] "GET /xingrg/all/function/internal_message.html?_=1680138743851&CODE_STATE=getMsg HTTP/1.1" 200 27
172.20.0.100 - - [30/Mar/2023:09:11:07 +0800] "GET /xingrg/check_reg.html?_=1680138677356 HTTP/1.1" 200 22
116.192.124.172 - - [30/Mar/2023:09:11:07 +0800] "POST /xingrg/kc/buy/cgsh_order_operate.html HTTP/1.1" 200 37
116.192.124.172 - - [30/Mar/2023:09:11:10 +0800] "GET /xingrg/all/function/internal_message.html?_=1680138670519&CODE_STATE=getMsg HTTP/1.1" 200 27
120.253.135.82 - - [30/Mar/2023:09:11:14 +0800] "GET /xingrg/all/function/internal_message.html?_=1680138506789&CODE_STATE=getMsg HTTP/1.1" 200 27
116.238.139.35 - - [30/Mar/2023:09:11:14 +0800] "GET /xingrg/all/function/internal_message.html?_=1680138591995&CODE_STATE=getMsg HTTP/1.1" 200 27
101.83.240.222 - - [30/Mar/2023:09:11:16 +0800] "POST /xingrg/kc/buy/cgsh_order_operate.html HTTP/1.1" 200 37
222.70.182.87 - - [30/Mar/2023:09:11:18 +0800] "GET /xingrg/kc/buy/cgsh_order_operate.html?command=get_materiel&rest_code=00111&code=00101008041&supplier_code=00100005&order_time=2023-03-30 HTTP/1.1" 200 408
116.192.124.172 - - [30/Mar/2023:09:11:21 +0800] "POST /xingrg/kc/buy/cgsh_order_operate.html HTTP/1.1" 200 12
222.70.182.87 - - [30/Mar/2023:09:11:22 +0800] "POST /xingrg/kc/buy/cgsh_order_operate.html HTTP/1.1" 200 2065
101.83.240.222 - - [30/Mar/2023:09:11:27 +0800] "POST /xingrg/kc/buy/cgsh_order_operate.html HTTP/1.1" 200 12
116.192.124.172 - - [30/Mar/2023:09:11:28 +0800] "GET /xingrg/kc/buy/cgsh_order_info.html?code=212023033011149 HTTP/1.1" 200 64886
116.192.124.172 - - [30/Mar/2023:09:11:28 +0800] "GET /xingrg/javascript/easyui/themes/default/validatebox.css HTTP/1.1" 404 1104
116.192.124.172 - - [30/Mar/2023:09:11:29 +0800] "POST /xingrg/kc/buy/cgsh_order_operate.html HTTP/1.1" 200 6505
180.157.253.110 - - [30/Mar/2023:09:11:29 +0800] "GET /xingrg/all/function/internal_message.html?_=1680138690370&CODE_STATE=getMsg HTTP/1.1" 200 27
116.192.124.172 - - [30/Mar/2023:09:11:31 +0800] "GET /xingrg/kc/print/load_config.html?kc_code=cgsh HTTP/1.1" 200 1925
116.192.124.172 - - [30/Mar/2023:09:11:32 +0800] "GET /xingrg/kc/print/load_data.html?order_code=212023033011149&kc_code=cgsh&condition= HTTP/1.1" 200 2888
101.83.240.222 - - [30/Mar/2023:09:11:33 +0800] "GET /xingrg/kc/buy/cgsh_order_info.html?code=212023033011150 HTTP/1.1" 200 64951
101.83.240.222 - - [30/Mar/2023:09:11:35 +0800] "GET /xingrg/kc/print/load_config.html?kc_code=cgsh HTTP/1.1" 200 1925
101.83.240.222 - - [30/Mar/2023:09:11:36 +0800] "GET /xingrg/javascript/easyui/themes/default/validatebox.css HTTP/1.1" 404 1104
101.83.240.222 - - [30/Mar/2023:09:11:36 +0800] "GET /xingrg/kc/print/load_data.html?order_code=212023033011150&kc_code=cgsh&condition= HTTP/1.1" 200 8212
222.70.182.87 - - [30/Mar/2023:09:11:36 +0800] "GET /xingrg/all/function/internal_message.html?_=1680138696512&CODE_STATE=getMsg HTTP/1.1" 200 27
101.83.240.222 - - [30/Mar/2023:09:11:37 +0800] "POST /xingrg/kc/buy/cgsh_order_operate.html HTTP/1.1" 200 29553
101.83.240.222 - - [30/Mar/2023:09:11:39 +0800] "GET /xingrg/kc/print/load_data.html?order_code=212023033011150&kc_code=cgsh&condition= HTTP/1.1" 200 11641
116.192.124.172 - - [30/Mar/2023:09:11:39 +0800] "GET /xingrg/kc/buy/cgsh_order_add.html HTTP/1.1" 200 69996
116.192.124.172 - - [30/Mar/2023:09:11:39 +0800] "POST /xingrg/kc/buy/cgsh_order_operate.html HTTP/1.1" 200 8245
116.192.124.172 - - [30/Mar/2023:09:11:39 +0800] "GET /xingrg/javascript/easyui/themes/default/validatebox.css HTTP/1.1" 404 1104
116.192.124.172 - - [30/Mar/2023:09:11:40 +0800] "GET /xingrg/javascript/easyui/plugins/jquery.draggable.js HTTP/1.1" 200 6121
116.192.124.172 - - [30/Mar/2023:09:11:40 +0800] "GET /xingrg/javascript/easyui/plugins/jquery.droppable.js HTTP/1.1" 200 1167
116.192.124.172 - - [30/Mar/2023:09:11:40 +0800] "GET /xingrg/javascript/easyui/themes/default/tree.css HTTP/1.1" 404 1090
116.192.124.172 - - [30/Mar/2023:09:11:40 +0800] "GET /xingrg/javascript/easyui/plugins/jquery.tree.js HTTP/1.1" 200 20874
116.192.124.172 - - [30/Mar/2023:09:11:41 +0800] "POST /xingrg/all/common/load_tree.html?tree=supplier_tree_json&isDelete=1 HTTP/1.1" 200 71093
116.192.124.172 - - [30/Mar/2023:09:11:42 +0800] "GET /xingrg/javascript/easyui/themes/default/images/tree_arrows.gif HTTP/1.1" 200 617
116.192.124.172 - - [30/Mar/2023:09:11:42 +0800] "GET /xingrg/javascript/easyui/themes/default/images/tree_file.gif HTTP/1.1" 200 118
116.192.124.172 - - [30/Mar/2023:09:11:42 +0800] "GET /xingrg/javascript/easyui/themes/default/images/tree_folder_open.gif HTTP/1.1" 200 956
116.192.124.172 - - [30/Mar/2023:09:11:42 +0800] "GET /xingrg/javascript/easyui/themes/default/images/tree_folder.gif HTTP/1.1" 200 952
172.20.0.100 - - [30/Mar/2023:09:11:45 +0800] "GET /xingrg/all/function/internal_message.html?_=1680138715205&CODE_STATE=getMsg HTTP/1.1" 200 27
124.78.155.10 - - [30/Mar/2023:09:11:45 +0800] "GET /xingrg/all/function/internal_message.html?_=1680138705434&CODE_STATE=getMsg HTTP/1.1" 200 27
101.83.240.222 - - [30/Mar/2023:09:11:46 +0800] "GET /xingrg/kc/buy/cgsh_order_add.html HTTP/1.1" 200 70049
101.83.240.222 - - [30/Mar/2023:09:11:46 +0800] "POST /xingrg/kc/buy/cgsh_order_operate.html HTTP/1.1" 200 8245
101.83.240.222 - - [30/Mar/2023:09:11:46 +0800] "GET /xingrg/javascript/easyui/themes/default/validatebox.css HTTP/1.1" 404 1104
180.157.253.110 - - [30/Mar/2023:09:11:48 +0800] "GET /xingrg/all/function/internal_message.html?_=1680138708865&CODE_STATE=getMsg HTTP/1.1" 200 27
222.70.172.219 - - [30/Mar/2023:09:11:50 +0800] "GET /xingrg/check_reg.html?_=1680138723713 HTTP/1.1" 200 22
101.83.240.222 - - [30/Mar/2023:09:11:50 +0800] "GET /xingrg/all/function/internal_message.html?_=1680138708490&CODE_STATE=getMsg HTTP/1.1" 200 27
222.70.172.219 - - [30/Mar/2023:09:11:50 +0800] "GET /xingrg/all/function/internal_message.html?_=1680138724228&CODE_STATE=getMsg HTTP/1.1" 200 27
116.238.139.35 - - [30/Mar/2023:09:11:51 +0800] "GET /xingrg/all/function/internal_message.html?_=1680138713431&CODE_STATE=getMsg HTTP/1.1" 200 27
172.20.0.100 - - [30/Mar/2023:09:12:00 +0800] "GET /xingrg/all/function/internal_message.html?_=1680138730497&CODE_STATE=getMsg HTTP/1.1" 200 27
116.192.124.172 - - [30/Mar/2023:09:12:01 +0800] "GET /xingrg/check_reg.html?_=1680138721832 HTTP/1.1" 200 22
116.192.124.172 - - [30/Mar/2023:09:12:01 +0800] "GET /xingrg/all/function/internal_message.html?_=1680138721835&CODE_STATE=getMsg HTTP/1.1" 200 27
116.224.158.100 - - [30/Mar/2023:09:12:02 +0800] "GET /xingrg/all/function/internal_message.html?_=1680138723192&CODE_STATE=getMsg HTTP/1.1" 200 27
116.227.208.255 - - [30/Mar/2023:09:12:03 +0800] "GET /xingrg/all/function/internal_message.html?_=1680138822461&CODE_STATE=getMsg HTTP/1.1" 200 27
116.227.208.255 - - [30/Mar/2023:09:12:03 +0800] "GET /xingrg/check_reg.html?_=1680138822463 HTTP/1.1" 200 22
114.83.222.182 - - [30/Mar/2023:09:12:07 +0800] "GET /xingrg/check_reg.html?_=1680138803848 HTTP/1.1" 200 22
114.83.222.182 - - [30/Mar/2023:09:12:07 +0800] "GET /xingrg/all/function/internal_message.html?_=1680138803850&CODE_STATE=getMsg HTTP/1.1" 200 27
116.192.124.172 - - [30/Mar/2023:09:12:10 +0800] "GET /xingrg/all/function/internal_message.html?_=1680138730524&CODE_STATE=getMsg HTTP/1.1" 200 27
116.192.124.172 - - [30/Mar/2023:09:12:12 +0800] "GET /xingrg/kc/buy/cgsh_order_operate.html?command=get_materiel&rest_code=00102&code=00101009049&supplier_code=00100022&order_time=2023-03-30 HTTP/1.1" 200 418
120.253.135.82 - - [30/Mar/2023:09:12:14 +0800] "GET /xingrg/all/function/internal_message.html?_=1680138566809&CODE_STATE=getMsg HTTP/1.1" 200 27
116.238.139.35 - - [30/Mar/2023:09:12:14 +0800] "GET /xingrg/all/function/internal_message.html?_=1680138652009&CODE_STATE=getMsg HTTP/1.1" 200 27
222.70.182.87 - - [30/Mar/2023:09:12:20 +0800] "GET /xingrg/kc/buy/cgsh_order_operate.html?command=get_materiel&rest_code=00111&code=00101008233&supplier_code=00100005&order_time=2023-03-30 HTTP/1.1" 200 409
116.192.124.172 - - [30/Mar/2023:09:12:27 +0800] "GET /xingrg/kc/buy/cgsh_order_operate.html?command=get_materiel&rest_code=00102&code=00101009062&supplier_code=00100022&order_time=2023-03-30 HTTP/1.1" 200 412
180.157.253.110 - - [30/Mar/2023:09:12:29 +0800] "GET /xingrg/all/function/internal_message.html?_=1680138750370&CODE_STATE=getMsg HTTP/1.1" 200 27
116.192.124.172 - - [30/Mar/2023:09:12:36 +0800] "GET /xingrg/kc/buy/cgsh_order_operate.html?command=get_materiel&rest_code=00102&code=00101009010&supplier_code=00100022&order_time=2023-03-30 HTTP/1.1" 200 414
222.70.182.87 - - [30/Mar/2023:09:12:36 +0800] "GET /xingrg/check_reg.html?_=1680138756481 HTTP/1.1" 200 22
222.70.182.87 - - [30/Mar/2023:09:12:36 +0800] "GET /xingrg/all/function/internal_message.html?_=1680138756482&CODE_STATE=getMsg HTTP/1.1" 200 27
116.224.158.100 - - [30/Mar/2023:09:12:45 +0800] "GET /xingrg/kc/buy/cgsh_order_operate.html?command=get_materiel&rest_code=00105&code=00101008061&supplier_code=00100203&order_time=2023-03-30 HTTP/1.1" 200 422
172.20.0.100 - - [30/Mar/2023:09:12:45 +0800] "GET /xingrg/all/function/internal_message.html?_=1680138775204&CODE_STATE=getMsg HTTP/1.1" 200 27
172.20.0.100 - - [30/Mar/2023:09:12:45 +0800] "GET /xingrg/check_reg.html?_=1680138775205 HTTP/1.1" 200 22
124.78.155.10 - - [30/Mar/2023:09:12:45 +0800] "GET /xingrg/check_reg.html?_=1680138765434 HTTP/1.1" 200 22
124.78.155.10 - - [30/Mar/2023:09:12:45 +0800] "GET /xingrg/all/function/internal_message.html?_=1680138765437&CODE_STATE=getMsg HTTP/1.1" 200 27
116.192.124.172 - - [30/Mar/2023:09:12:46 +0800] "GET /xingrg/kc/buy/cgsh_order_operate.html?command=get_materiel&rest_code=00102&code=00101009031&supplier_code=00100022&order_time=2023-03-30 HTTP/1.1" 200 410
180.157.253.110 - - [30/Mar/2023:09:12:48 +0800] "GET /xingrg/all/function/internal_message.html?_=1680138768876&CODE_STATE=getMsg HTTP/1.1" 200 27
101.83.240.222 - - [30/Mar/2023:09:12:50 +0800] "GET /xingrg/all/function/internal_message.html?_=1680138768578&CODE_STATE=getMsg HTTP/1.1" 200 27
222.70.172.219 - - [30/Mar/2023:09:12:50 +0800] "GET /xingrg/all/function/internal_message.html?_=1680138784242&CODE_STATE=getMsg HTTP/1.1" 200 27
222.70.182.87 - - [30/Mar/2023:09:12:50 +0800] "POST /xingrg/kc/buy/cgsh_order_operate.html HTTP/1.1" 200 2065
116.238.139.35 - - [30/Mar/2023:09:12:51 +0800] "GET /xingrg/all/function/internal_message.html?_=1680138773417&CODE_STATE=getMsg HTTP/1.1" 200 27
180.157.253.110 - - [30/Mar/2023:09:12:58 +0800] "GET /xingrg/check_reg.html?_=1680138779236 HTTP/1.1" 200 22
172.20.0.100 - - [30/Mar/2023:09:13:00 +0800] "GET /xingrg/all/function/internal_message.html?_=1680138790495&CODE_STATE=getMsg HTTP/1.1" 200 27
116.192.124.172 - - [30/Mar/2023:09:13:01 +0800] "GET /xingrg/all/function/internal_message.html?_=1680138781810&CODE_STATE=getMsg HTTP/1.1" 200 27
116.224.158.100 - - [30/Mar/2023:09:13:02 +0800] "GET /xingrg/all/function/internal_message.html?_=1680138783203&CODE_STATE=getMsg HTTP/1.1" 200 27
116.224.158.100 - - [30/Mar/2023:09:13:02 +0800] "POST /xingrg/kc/buy/cgsh_order_operate.html HTTP/1.1" 200 37
116.227.208.255 - - [30/Mar/2023:09:13:03 +0800] "GET /xingrg/all/function/internal_message.html?_=1680138882460&CODE_STATE=getMsg HTTP/1.1" 200 27
116.224.158.100 - - [30/Mar/2023:09:13:04 +0800] "POST /xingrg/kc/buy/cgsh_order_operate.html HTTP/1.1" 200 41668
116.192.124.172 - - [30/Mar/2023:09:13:05 +0800] "GET /xingrg/kc/buy/cgsh_order_operate.html?command=get_materiel&rest_code=00102&code=00101008418&supplier_code=00100022&order_time=2023-03-30 HTTP/1.1" 200 23
116.224.158.100 - - [30/Mar/2023:09:13:07 +0800] "GET /xingrg/kc/print/load_data.html?order_code=212023033011148&kc_code=cgsh&condition= HTTP/1.1" 200 15363
114.83.222.182 - - [30/Mar/2023:09:13:07 +0800] "GET /xingrg/all/function/internal_message.html?_=1680138863847&CODE_STATE=getMsg HTTP/1.1" 200 27
116.192.124.172 - - [30/Mar/2023:09:13:10 +0800] "GET /xingrg/all/function/internal_message.html?_=1680138790512&CODE_STATE=getMsg HTTP/1.1" 200 27
124.78.155.10 - - [30/Mar/2023:09:13:14 +0800] "GET /xingrg/login.html?r=1 HTTP/1.1" 200 7641
120.253.135.82 - - [30/Mar/2023:09:13:14 +0800] "GET /xingrg/all/function/internal_message.html?_=1680138626816&CODE_STATE=getMsg HTTP/1.1" 200 27
124.78.155.10 - - [30/Mar/2023:09:13:14 +0800] "GET /favicon.ico HTTP/1.1" 404 -
116.238.139.35 - - [30/Mar/2023:09:13:14 +0800] "GET /xingrg/all/function/internal_message.html?_=1680138712038&CODE_STATE=getMsg HTTP/1.1" 200 27
116.224.158.100 - - [30/Mar/2023:09:13:15 +0800] "GET /xingrg/kc/buy/cgsh_order_list.html HTTP/1.1" 200 54179
222.70.182.87 - - [30/Mar/2023:09:13:16 +0800] "POST /xingrg/kc/buy/cgsh_order_operate.html HTTP/1.1" 200 37
116.192.124.172 - - [30/Mar/2023:09:13:18 +0800] "GET /xingrg/kc/buy/cgsh_order_operate.html?command=get_materiel&rest_code=00102&code=00101009011&supplier_code=00100022&order_time=2023-03-30 HTTP/1.1" 200 416
116.224.158.100 - - [30/Mar/2023:09:13:22 +0800] "POST /xingrg/kc/buy/cgsh_list_operate.html HTTP/1.1" 200 2698
116.224.158.100 - - [30/Mar/2023:09:13:22 +0800] "GET /xingrg/kc/buy/cgsh_order_list.html HTTP/1.1" 200 54179
116.224.158.100 - - [30/Mar/2023:09:13:22 +0800] "POST /xingrg/kc/buy/cgsh_list_operate.html HTTP/1.1" 200 2698
222.70.182.87 - - [30/Mar/2023:09:13:27 +0800] "POST /xingrg/kc/buy/cgsh_order_operate.html HTTP/1.1" 200 39905
116.192.124.172 - - [30/Mar/2023:09:13:28 +0800] "GET /xingrg/kc/buy/cgsh_order_operate.html?command=get_materiel&rest_code=00102&code=00101009015&supplier_code=00100022&order_time=2023-03-30 HTTP/1.1" 200 416
116.224.158.100 - - [30/Mar/2023:09:13:28 +0800] "POST /xingrg/kc/buy/cgsh_list_operate.html HTTP/1.1" 200 2698
180.157.253.110 - - [30/Mar/2023:09:13:29 +0800] "GET /xingrg/all/function/internal_message.html?_=1680138810368&CODE_STATE=getMsg HTTP/1.1" 200 27
116.224.158.100 - - [30/Mar/2023:09:13:31 +0800] "POST /xingrg/kc/buy/cgsh_list_operate.html HTTP/1.1" 200 346
116.224.158.100 - - [30/Mar/2023:09:13:33 +0800] "GET /xingrg/kc/buy/cgsh_order_info.html?code=212023033011142 HTTP/1.1" 200 70054
116.224.158.100 - - [30/Mar/2023:09:13:33 +0800] "GET /xingrg/javascript/easyui/themes/default/validatebox.css HTTP/1.1" 404 1104
116.224.158.100 - - [30/Mar/2023:09:13:34 +0800] "POST /xingrg/kc/buy/cgsh_order_operate.html HTTP/1.1" 200 3839
116.224.158.100 - - [30/Mar/2023:09:13:36 +0800] "GET /xingrg/kc/print/load_data.html?order_code=212023033011142&kc_code=cgsh&condition= HTTP/1.1" 200 1115
222.70.182.87 - - [30/Mar/2023:09:13:36 +0800] "GET /xingrg/all/function/internal_message.html?_=1680138816466&CODE_STATE=getMsg HTTP/1.1" 200 27
116.192.124.172 - - [30/Mar/2023:09:13:40 +0800] "POST /xingrg/kc/buy/cgsh_order_operate.html HTTP/1.1" 200 37
116.224.158.100 - - [30/Mar/2023:09:13:41 +0800] "GET /xingrg/kc/buy/cgsh_order_add.html HTTP/1.1" 200 70043
116.224.158.100 - - [30/Mar/2023:09:13:41 +0800] "GET /xingrg/javascript/easyui/themes/default/validatebox.css HTTP/1.1" 404 1104
116.224.158.100 - - [30/Mar/2023:09:13:41 +0800] "POST /xingrg/kc/buy/cgsh_order_operate.html HTTP/1.1" 200 8245
172.20.0.100 - - [30/Mar/2023:09:13:45 +0800] "GET /xingrg/all/function/internal_message.html?_=1680138835203&CODE_STATE=getMsg HTTP/1.1" 200 27
222.70.182.87 - - [30/Mar/2023:09:13:46 +0800] "GET /xingrg/kc/print/load_config.html?kc_code=cgsh HTTP/1.1" 200 1925
116.192.124.172 - - [30/Mar/2023:09:13:47 +0800] "POST /xingrg/kc/buy/cgsh_order_operate.html HTTP/1.1" 200 12
222.70.182.87 - - [30/Mar/2023:09:13:47 +0800] "GET /xingrg/kc/print/load_data.html?order_code=212023033011151&kc_code=cgsh&condition= HTTP/1.1" 200 14783
180.157.253.110 - - [30/Mar/2023:09:13:48 +0800] "GET /xingrg/all/function/internal_message.html?_=1680138828846&CODE_STATE=getMsg HTTP/1.1" 200 27
116.224.158.100 - - [30/Mar/2023:09:13:48 +0800] "GET /xingrg/kc/buy/cgsh_order_operate.html?command=get_materiel&rest_code=00105&code=00101002027&supplier_code=&order_time=2023-03-30 HTTP/1.1" 200 413
101.83.240.222 - - [30/Mar/2023:09:13:50 +0800] "GET /xingrg/all/function/internal_message.html?_=1680138828484&CODE_STATE=getMsg HTTP/1.1" 200 27
222.70.172.219 - - [30/Mar/2023:09:13:50 +0800] "GET /xingrg/all/function/internal_message.html?_=1680138844257&CODE_STATE=getMsg HTTP/1.1" 200 27
116.238.139.35 - - [30/Mar/2023:09:13:51 +0800] "GET /xingrg/all/function/internal_message.html?_=1680138833395&CODE_STATE=getMsg HTTP/1.1" 200 27
116.192.124.172 - - [30/Mar/2023:09:13:54 +0800] "GET /xingrg/kc/buy/cgsh_order_info.html?code=212023033011152 HTTP/1.1" 200 64894
116.192.124.172 - - [30/Mar/2023:09:13:55 +0800] "GET /xingrg/javascript/easyui/themes/default/validatebox.css HTTP/1.1" 404 1104
116.192.124.172 - - [30/Mar/2023:09:13:56 +0800] "POST /xingrg/kc/buy/cgsh_order_operate.html HTTP/1.1" 200 3575
116.224.158.100 - - [30/Mar/2023:09:13:56 +0800] "GET /xingrg/kc/buy/cgsh_order_operate.html?command=get_materiel&rest_code=00105&code=00101001010&supplier_code=&order_time=2023-03-30 HTTP/1.1" 200 409
172.20.0.100 - - [30/Mar/2023:09:14:00 +0800] "GET /xingrg/check_reg.html?_=1680138850493 HTTP/1.1" 200 22
172.20.0.100 - - [30/Mar/2023:09:14:00 +0800] "GET /xingrg/all/function/internal_message.html?_=1680138850495&CODE_STATE=getMsg HTTP/1.1" 200 27
116.192.124.172 - - [30/Mar/2023:09:14:01 +0800] "GET /xingrg/kc/print/load_data.html?order_code=212023033011152&kc_code=cgsh&condition= HTTP/1.1" 200 1843
116.192.124.172 - - [30/Mar/2023:09:14:01 +0800] "GET /xingrg/all/function/internal_message.html?_=1680138841903&CODE_STATE=getMsg HTTP/1.1" 200 27
116.224.158.100 - - [30/Mar/2023:09:14:02 +0800] "GET /xingrg/all/function/internal_message.html?_=1680138843252&CODE_STATE=getMsg HTTP/1.1" 200 27
116.227.208.255 - - [30/Mar/2023:09:14:03 +0800] "GET /xingrg/all/function/internal_message.html?_=1680138942458&CODE_STATE=getMsg HTTP/1.1" 200 27
222.70.182.87 - - [30/Mar/2023:09:14:04 +0800] "GET /xingrg/kc/buy/cgsh_order_add.html HTTP/1.1" 200 69917
222.70.182.87 - - [30/Mar/2023:09:14:04 +0800] "POST /xingrg/kc/buy/cgsh_order_operate.html HTTP/1.1" 200 8245
222.70.182.87 - - [30/Mar/2023:09:14:04 +0800] "GET /xingrg/javascript/easyui/themes/default/validatebox.css HTTP/1.1" 404 1104
114.83.222.182 - - [30/Mar/2023:09:14:07 +0800] "GET /xingrg/all/function/internal_message.html?_=1680138923847&CODE_STATE=getMsg HTTP/1.1" 200 27
116.224.158.100 - - [30/Mar/2023:09:14:07 +0800] "GET /xingrg/kc/buy/cgsh_order_operate.html?command=get_materiel&rest_code=00105&code=00101008350&supplier_code=&order_time=2023-03-30 HTTP/1.1" 200 408
116.192.124.172 - - [30/Mar/2023:09:14:10 +0800] "GET /xingrg/all/function/internal_message.html?_=1680138850523&CODE_STATE=getMsg HTTP/1.1" 200 27
116.192.124.172 - - [30/Mar/2023:09:14:10 +0800] "GET /xingrg/check_reg.html?_=1680138850526 HTTP/1.1" 200 22
116.224.158.100 - - [30/Mar/2023:09:14:14 +0800] "GET /xingrg/kc/buy/cgsh_order_operate.html?command=get_materiel&rest_code=00105&code=00101008355&supplier_code=&order_time=2023-03-30 HTTP/1.1" 200 408
120.253.135.82 - - [30/Mar/2023:09:14:14 +0800] "GET /xingrg/check_reg.html?_=1680138686773 HTTP/1.1" 200 22
120.253.135.82 - - [30/Mar/2023:09:14:14 +0800] "GET /xingrg/all/function/internal_message.html?_=1680138686830&CODE_STATE=getMsg HTTP/1.1" 200 27
116.238.139.35 - - [30/Mar/2023:09:14:14 +0800] "GET /xingrg/all/function/internal_message.html?_=1680138772052&CODE_STATE=getMsg HTTP/1.1" 200 27
