124.79.72.155 - - [30/Mar/2023:10:49:00 +0800] "GET /xingrg/all/function/internal_message.html?_=1680144549800&CODE_STATE=getMsg HTTP/1.1" 200 27
124.79.72.155 - - [30/Mar/2023:10:49:00 +0800] "GET /xingrg/check_reg.html?_=1680144549803 HTTP/1.1" 200 22
116.224.158.100 - - [30/Mar/2023:10:49:02 +0800] "GET /xingrg/all/function/internal_message.html?_=1680144543311&CODE_STATE=getMsg HTTP/1.1" 200 27
222.70.172.219 - - [30/Mar/2023:10:49:02 +0800] "GET /xingrg/all/function/internal_message.html?_=1680144556529&CODE_STATE=getMsg HTTP/1.1" 200 27
116.227.208.255 - - [30/Mar/2023:10:49:03 +0800] "GET /xingrg/all/function/internal_message.html?_=1680144642456&CODE_STATE=getMsg HTTP/1.1" 200 27
180.164.3.199 - - [30/Mar/2023:10:49:04 +0800] "GET /xingrg/kc/buy/cgsh_order_operate.html?command=get_materiel&rest_code=00108&code=00101009079&supplier_code=00100593&order_time=2023-03-30 HTTP/1.1" 200 409
180.157.253.110 - - [30/Mar/2023:10:49:07 +0800] "GET /xingrg/all/function/internal_message.html?_=1680144547954&CODE_STATE=getMsg HTTP/1.1" 200 27
222.67.232.202 - - [30/Mar/2023:10:49:07 +0800] "GET /xingrg/all/function/internal_message.html?_=1680144090851&CODE_STATE=getMsg HTTP/1.1" 200 27
222.67.232.202 - - [30/Mar/2023:10:49:08 +0800] "POST /xingrg/kc/buy/cgsh_order_operate.html HTTP/1.1" 200 2065
116.224.106.218 - - [30/Mar/2023:10:49:09 +0800] "GET /xingrg/all/function/internal_message.html?_=1680144549095&CODE_STATE=getMsg HTTP/1.1" 200 27
116.192.124.172 - - [30/Mar/2023:10:49:10 +0800] "GET /xingrg/all/function/internal_message.html?_=1680144550525&CODE_STATE=getMsg HTTP/1.1" 200 27
116.192.124.172 - - [30/Mar/2023:10:49:10 +0800] "GET /xingrg/check_reg.html?_=1680144550528 HTTP/1.1" 200 22
180.164.3.199 - - [30/Mar/2023:10:49:14 +0800] "GET /xingrg/kc/buy/cgsh_order_operate.html?command=get_materiel&rest_code=00108&code=00101012051&supplier_code=00100593&order_time=2023-03-30 HTTP/1.1" 200 408
124.78.155.10 - - [30/Mar/2023:10:49:15 +0800] "GET /xingrg/all/function/internal_message.html?_=1680144555571&CODE_STATE=getMsg HTTP/1.1" 200 27
124.78.155.10 - - [30/Mar/2023:10:49:15 +0800] "GET /xingrg/check_reg.html?_=1680144555746 HTTP/1.1" 200 22
222.67.232.202 - - [30/Mar/2023:10:49:15 +0800] "GET /xingrg/kc/buy/cgsh_order_operate.html?command=get_materiel&rest_code=00141&code=00101008036&supplier_code=00100007&order_time=2023-03-30 HTTP/1.1" 200 408
124.78.155.10 - - [30/Mar/2023:10:49:15 +0800] "GET /xingrg/kc/base/wldb_order_operate.html?command=get_materiel&rest_code=00106&base_code=0010397&code=00102002171 HTTP/1.1" 200 434
114.83.222.182 - - [30/Mar/2023:10:49:16 +0800] "GET /xingrg/all/function/internal_message.html?_=1680144633250&CODE_STATE=getMsg HTTP/1.1" 200 27
116.238.139.35 - - [30/Mar/2023:10:49:16 +0800] "GET /xingrg/all/function/internal_message.html?_=1680144473904&CODE_STATE=getMsg HTTP/1.1" 200 27
180.164.3.199 - - [30/Mar/2023:10:49:17 +0800] "GET /xingrg/all/function/internal_message.html?_=1680144558184&CODE_STATE=getMsg HTTP/1.1" 200 27
180.164.3.199 - - [30/Mar/2023:10:49:27 +0800] "GET /xingrg/kc/buy/cgsh_order_operate.html?command=get_materiel&rest_code=00108&code=00101012029&supplier_code=00100593&order_time=2023-03-30 HTTP/1.1" 200 412
180.169.147.146 - - [30/Mar/2023:10:49:27 +0800] "GET /xingrg/all/function/internal_message.html?_=1680144566334&CODE_STATE=getMsg HTTP/1.1" 200 27
180.169.147.146 - - [30/Mar/2023:10:49:28 +0800] "GET /xingrg/all/function/internal_message.html?_=1680144563655&CODE_STATE=getMsg HTTP/1.1" 200 27
116.224.158.100 - - [30/Mar/2023:10:49:31 +0800] "GET /xingrg/kc/base/wldb_order_list.html HTTP/1.1" 200 19098
124.78.155.10 - - [30/Mar/2023:10:49:31 +0800] "GET /xingrg/kc/base/wldb_order_operate.html?command=get_materiel&rest_code=00106&base_code=0010397&code=00102002362 HTTP/1.1" 200 434
116.224.158.100 - - [30/Mar/2023:10:49:31 +0800] "POST /xingrg/kc/base/wldb_list_operate.html HTTP/1.1" 200 928
116.224.158.100 - - [30/Mar/2023:10:49:35 +0800] "GET /xingrg/kc/base/wldb_order_add.html HTTP/1.1" 200 30381
116.224.158.100 - - [30/Mar/2023:10:49:35 +0800] "POST /xingrg/kc/base/wldb_order_operate.html HTTP/1.1" 200 6806
116.224.158.100 - - [30/Mar/2023:10:49:35 +0800] "GET /xingrg/javascript/easyui/themes/default/validatebox.css HTTP/1.1" 404 1104
116.224.158.100 - - [30/Mar/2023:10:49:35 +0800] "GET /xingrg/all/common/auto_word.html?type=base&rest_code=00105 HTTP/1.1" 200 1907
116.224.158.100 - - [30/Mar/2023:10:49:35 +0800] "GET /xingrg/all/common/auto_word.html?type=base&rest_code=00105 HTTP/1.1" 200 1907
116.224.158.100 - - [30/Mar/2023:10:49:36 +0800] "POST /xingrg/all/common/load_combo.html?type=base HTTP/1.1" 200 3409
222.67.232.202 - - [30/Mar/2023:10:49:41 +0800] "POST /xingrg/kc/buy/cgsh_order_operate.html HTTP/1.1" 200 37
116.224.158.100 - - [30/Mar/2023:10:49:41 +0800] "GET /xingrg/kc/base/wldb_order_operate.html?command=get_materiel&rest_code=00105&base_code=0010508&code=00102002610 HTTP/1.1" 200 444
124.78.155.10 - - [30/Mar/2023:10:49:43 +0800] "GET /xingrg/kc/base/wldb_order_operate.html?command=get_materiel&rest_code=00106&base_code=0010397&code=00102002238 HTTP/1.1" 200 434
101.83.240.222 - - [30/Mar/2023:10:49:44 +0800] "GET /xingrg/all/function/internal_message.html?_=1680144583156&CODE_STATE=getMsg HTTP/1.1" 200 27
172.20.0.100 - - [30/Mar/2023:10:49:45 +0800] "GET /xingrg/all/function/internal_message.html?_=1680144595334&CODE_STATE=getMsg HTTP/1.1" 200 27
116.238.139.35 - - [30/Mar/2023:10:49:48 +0800] "GET /xingrg/all/function/internal_message.html?_=1680144590794&CODE_STATE=getMsg HTTP/1.1" 200 27
180.164.3.199 - - [30/Mar/2023:10:49:49 +0800] "GET /xingrg/kc/buy/cgsh_order_operate.html?command=get_materiel&rest_code=00108&code=00101011007&supplier_code=00100593&order_time=2023-03-30 HTTP/1.1" 200 414
116.224.106.218 - - [30/Mar/2023:10:49:50 +0800] "GET /xingrg/javascript/jquery_easy_ui/themes/default/images/tabs_close.gif HTTP/1.1" 200 829
116.224.106.218 - - [30/Mar/2023:10:49:50 +0800] "GET /xingrg/kc/buy/cgsh_order_list.html HTTP/1.1" 200 54185
116.224.106.218 - - [30/Mar/2023:10:49:50 +0800] "GET /xingrg/javascript/easyui/themes/icons/import_new.png HTTP/1.1" 200 1247
116.224.106.218 - - [30/Mar/2023:10:49:50 +0800] "GET /xingrg/javascript/easyui/themes/icons/check_new.png HTTP/1.1" 200 3224
116.224.106.218 - - [30/Mar/2023:10:49:50 +0800] "GET /xingrg/javascript/easyui/themes/icons/field_new.png HTTP/1.1" 200 1097
116.224.106.218 - - [30/Mar/2023:10:49:50 +0800] "GET /xingrg/javascript/easyui/themes/icons/edit_add_new.png HTTP/1.1" 200 2997
116.224.106.218 - - [30/Mar/2023:10:49:50 +0800] "GET /xingrg/javascript/easyui/themes/icons/cance_new.png HTTP/1.1" 200 3986
222.67.232.202 - - [30/Mar/2023:10:49:51 +0800] "POST /xingrg/kc/buy/cgsh_order_operate.html HTTP/1.1" 200 12
222.67.232.202 - - [30/Mar/2023:10:49:53 +0800] "GET /xingrg/kc/buy/cgsh_order_info.html?code=212023033011200 HTTP/1.1" 200 64863
222.67.232.202 - - [30/Mar/2023:10:49:53 +0800] "GET /xingrg/javascript/easyui/themes/default/validatebox.css HTTP/1.1" 404 1104
124.78.155.10 - - [30/Mar/2023:10:49:54 +0800] "POST /xingrg/kc/base/wldb_order_operate.html HTTP/1.1" 200 37
116.224.106.218 - - [30/Mar/2023:10:49:54 +0800] "POST /xingrg/kc/buy/cgsh_list_operate.html HTTP/1.1" 200 1867
124.78.155.10 - - [30/Mar/2023:10:49:54 +0800] "POST /xingrg/kc/base/wldb_order_operate.html HTTP/1.1" 200 3123
222.67.232.202 - - [30/Mar/2023:10:49:54 +0800] "POST /xingrg/kc/buy/cgsh_order_operate.html HTTP/1.1" 200 26586
124.78.155.10 - - [30/Mar/2023:10:49:55 +0800] "GET /xingrg/kc/base/wldb_order_info.html?code=422023033002439 HTTP/1.1" 200 30395
124.78.155.10 - - [30/Mar/2023:10:49:55 +0800] "GET /xingrg/javascript/easyui/themes/default/validatebox.css HTTP/1.1" 404 1104
124.78.155.10 - - [30/Mar/2023:10:49:56 +0800] "POST /xingrg/kc/base/wldb_order_operate.html HTTP/1.1" 200 3123
222.70.182.87 - - [30/Mar/2023:10:49:56 +0800] "GET /xingrg/all/function/internal_message.html?_=1680144596108&CODE_STATE=getMsg HTTP/1.1" 200 27
222.67.232.202 - - [30/Mar/2023:10:49:58 +0800] "GET /xingrg/kc/print/load_data.html?order_code=212023033011200&kc_code=cgsh&condition= HTTP/1.1" 200 10557
124.78.155.10 - - [30/Mar/2023:10:49:59 +0800] "GET /xingrg/kc/base/wldb_order_add.html HTTP/1.1" 200 30381
124.78.155.10 - - [30/Mar/2023:10:50:00 +0800] "POST /xingrg/kc/base/wldb_order_operate.html HTTP/1.1" 200 6806
124.78.155.10 - - [30/Mar/2023:10:50:00 +0800] "GET /xingrg/javascript/easyui/themes/default/validatebox.css HTTP/1.1" 404 1104
116.192.124.172 - - [30/Mar/2023:10:50:00 +0800] "GET /xingrg/all/function/internal_message.html?_=1680144600588&CODE_STATE=getMsg HTTP/1.1" 200 27
172.20.0.100 - - [30/Mar/2023:10:50:00 +0800] "GET /xingrg/all/function/internal_message.html?_=1680144610619&CODE_STATE=getMsg HTTP/1.1" 200 27
124.79.72.155 - - [30/Mar/2023:10:50:00 +0800] "GET /xingrg/all/function/internal_message.html?_=1680144609831&CODE_STATE=getMsg HTTP/1.1" 200 27
116.224.158.100 - - [30/Mar/2023:10:50:02 +0800] "GET /xingrg/check_reg.html?_=1680144603371 HTTP/1.1" 200 22
116.224.158.100 - - [30/Mar/2023:10:50:02 +0800] "GET /xingrg/all/function/internal_message.html?_=1680144603375&CODE_STATE=getMsg HTTP/1.1" 200 27
222.70.172.219 - - [30/Mar/2023:10:50:02 +0800] "GET /xingrg/all/function/internal_message.html?_=1680144616543&CODE_STATE=getMsg HTTP/1.1" 200 27
222.67.232.202 - - [30/Mar/2023:10:50:03 +0800] "GET /xingrg/kc/buy/cgsh_order_add.html HTTP/1.1" 200 69961
222.67.232.202 - - [30/Mar/2023:10:50:03 +0800] "POST /xingrg/kc/buy/cgsh_order_operate.html HTTP/1.1" 200 8245
116.227.208.255 - - [30/Mar/2023:10:50:03 +0800] "GET /xingrg/all/function/internal_message.html?_=1680144702471&CODE_STATE=getMsg HTTP/1.1" 200 27
222.67.232.202 - - [30/Mar/2023:10:50:03 +0800] "GET /xingrg/javascript/easyui/themes/default/validatebox.css HTTP/1.1" 404 1104
124.78.155.10 - - [30/Mar/2023:10:50:06 +0800] "POST /xingrg/all/common/load_combo.html?type=base HTTP/1.1" 200 3227
180.157.253.110 - - [30/Mar/2023:10:50:07 +0800] "GET /xingrg/all/function/internal_message.html?_=1680144607955&CODE_STATE=getMsg HTTP/1.1" 200 27
116.224.106.218 - - [30/Mar/2023:10:50:07 +0800] "GET /xingrg/javascript/easyui/themes/default/images/button_plain_hover.png HTTP/1.1" 200 144
222.67.232.202 - - [30/Mar/2023:10:50:07 +0800] "GET /xingrg/all/function/internal_message.html?_=1680144150874&CODE_STATE=getMsg HTTP/1.1" 200 27
222.70.182.87 - - [30/Mar/2023:10:50:08 +0800] "POST /xingrg/kc/base/wldb_order_operate.html HTTP/1.1" 200 37
116.224.106.218 - - [30/Mar/2023:10:50:08 +0800] "GET /xingrg/kc/buy/cgsh_order_add.html HTTP/1.1" 200 69155
116.224.106.218 - - [30/Mar/2023:10:50:09 +0800] "GET /xingrg/words/20230330101052_words.js HTTP/1.1" 200 958388
116.224.106.218 - - [30/Mar/2023:10:50:09 +0800] "GET /xingrg/javascript/easyui/themes/icons/copy_new.png HTTP/1.1" 200 815
116.224.106.218 - - [30/Mar/2023:10:50:09 +0800] "GET /xingrg/javascript/easyui/themes/default/images/menu_downarrow.png HTTP/1.1" 200 173
116.224.106.218 - - [30/Mar/2023:10:50:09 +0800] "GET /xingrg/javascript/easyui/themes/icons/template_new.png HTTP/1.1" 200 3956
116.224.106.218 - - [30/Mar/2023:10:50:09 +0800] "GET /xingrg/javascript/easyui/themes/icons/cancel.png HTTP/1.1" 200 1133
116.224.106.218 - - [30/Mar/2023:10:50:09 +0800] "GET /xingrg/javascript/easyui/themes/icons/print.png HTTP/1.1" 200 1057
116.224.106.218 - - [30/Mar/2023:10:50:09 +0800] "GET /xingrg/javascript/easyui/themes/icons/ok.png HTTP/1.1" 200 883
116.224.106.218 - - [30/Mar/2023:10:50:09 +0800] "POST /xingrg/kc/buy/cgsh_order_operate.html HTTP/1.1" 200 8245
116.224.106.218 - - [30/Mar/2023:10:50:09 +0800] "GET /xingrg/javascript/easyui/themes/default/validatebox.css HTTP/1.1" 404 1104
116.224.106.218 - - [30/Mar/2023:10:50:09 +0800] "GET /xingrg/all/common/auto_word.html?type=employee&rest_code=00145 HTTP/1.1" 200 151
116.224.106.218 - - [30/Mar/2023:10:50:09 +0800] "GET /xingrg/all/common/auto_word.html?type=employee&rest_code=00145 HTTP/1.1" 200 151
116.224.106.218 - - [30/Mar/2023:10:50:09 +0800] "GET /xingrg/javascript/easyui/themes/icons/edit_remove.png HTTP/1.1" 200 625
222.70.182.87 - - [30/Mar/2023:10:50:09 +0800] "POST /xingrg/kc/base/wldb_order_operate.html HTTP/1.1" 200 6666
116.224.106.218 - - [30/Mar/2023:10:50:09 +0800] "GET /xingrg/all/function/internal_message.html?_=1680144609093&CODE_STATE=getMsg HTTP/1.1" 200 27
222.70.182.87 - - [30/Mar/2023:10:50:10 +0800] "GET /xingrg/kc/base/wldb_order_info.html?code=422023033002440 HTTP/1.1" 200 30396
116.192.124.172 - - [30/Mar/2023:10:50:10 +0800] "GET /xingrg/all/function/internal_message.html?_=1680144610516&CODE_STATE=getMsg HTTP/1.1" 200 27
124.78.155.10 - - [30/Mar/2023:10:50:10 +0800] "POST /xingrg/all/common/load_combo.html?type=base HTTP/1.1" 200 3227
222.70.182.87 - - [30/Mar/2023:10:50:10 +0800] "GET /xingrg/javascript/easyui/themes/default/validatebox.css HTTP/1.1" 404 1104
116.224.106.218 - - [30/Mar/2023:10:50:10 +0800] "GET /xingrg/javascript/auto/indicator.gif HTTP/1.1" 404 1066
222.70.182.87 - - [30/Mar/2023:10:50:11 +0800] "POST /xingrg/kc/base/wldb_order_operate.html HTTP/1.1" 200 6666
222.70.182.87 - - [30/Mar/2023:10:50:12 +0800] "GET /xingrg/kc/base/wldb_order_add.html HTTP/1.1" 200 30381
222.70.182.87 - - [30/Mar/2023:10:50:13 +0800] "POST /xingrg/kc/base/wldb_order_operate.html HTTP/1.1" 200 6806
222.70.182.87 - - [30/Mar/2023:10:50:13 +0800] "GET /xingrg/javascript/easyui/themes/default/validatebox.css HTTP/1.1" 404 1104
222.67.232.202 - - [30/Mar/2023:10:50:14 +0800] "GET /xingrg/kc/buy/cgsh_order_operate.html?command=get_materiel&rest_code=00141&code=00101008593&supplier_code=00100450&order_time=2023-03-30 HTTP/1.1" 200 418
124.78.155.10 - - [30/Mar/2023:10:50:15 +0800] "GET /xingrg/all/function/internal_message.html?_=1680144615544&CODE_STATE=getMsg HTTP/1.1" 200 27
114.83.222.182 - - [30/Mar/2023:10:50:16 +0800] "GET /xingrg/all/function/internal_message.html?_=1680144693223&CODE_STATE=getMsg HTTP/1.1" 200 27
116.238.139.35 - - [30/Mar/2023:10:50:16 +0800] "GET /xingrg/all/function/internal_message.html?_=1680144533926&CODE_STATE=getMsg HTTP/1.1" 200 27
180.169.147.146 - - [30/Mar/2023:10:50:16 +0800] "POST /xingrg/all/user/operate.html HTTP/1.1" 200 36
180.169.147.146 - - [30/Mar/2023:10:50:17 +0800] "GET /xingrg/index.html?sysBaseUrl=http%3A%2F%2F180.169.147.146%3A18081%2Fxingrg%2F&costTime=827×tamp=1680142063508 HTTP/1.1" 200 17509
180.169.147.146 - - [30/Mar/2023:10:50:17 +0800] "GET /xingrg/javascript/jquery_easy_ui/themes/default/easyui.css HTTP/1.1" 304 -
180.169.147.146 - - [30/Mar/2023:10:50:17 +0800] "GET /xingrg/javascript/jquery_easy_ui/themes/icon.css HTTP/1.1" 304 -
180.169.147.146 - - [30/Mar/2023:10:50:17 +0800] "GET /xingrg/css/form.css HTTP/1.1" 304 -
180.169.147.146 - - [30/Mar/2023:10:50:17 +0800] "GET /xingrg/javascript/jquery-1.4.2.min.js HTTP/1.1" 304 -
180.169.147.146 - - [30/Mar/2023:10:50:17 +0800] "GET /xingrg/javascript/jquery_easy_ui/jquery.easyui.min.js HTTP/1.1" 304 -
180.169.147.146 - - [30/Mar/2023:10:50:17 +0800] "GET /xingrg/javascript/jquery_easy_ui/easyui-lang-zh_CN.js HTTP/1.1" 304 -
180.169.147.146 - - [30/Mar/2023:10:50:17 +0800] "GET /xingrg/javascript/jquery.form.js HTTP/1.1" 304 -
180.169.147.146 - - [30/Mar/2023:10:50:17 +0800] "GET /xingrg/javascript/jquery.utils.js HTTP/1.1" 304 -
180.169.147.146 - - [30/Mar/2023:10:50:17 +0800] "GET /xingrg/javascript/jquery.timers.js HTTP/1.1" 304 -
180.169.147.146 - - [30/Mar/2023:10:50:17 +0800] "GET /xingrg/images/blue/jxLogo.png HTTP/1.1" 304 -
180.169.147.146 - - [30/Mar/2023:10:50:17 +0800] "GET /xingrg/images/blue/navBackgound.jpg HTTP/1.1" 304 -
180.169.147.146 - - [30/Mar/2023:10:50:17 +0800] "GET /xingrg/javascript/jquery_easy_ui/themes/icons/settle_new.png HTTP/1.1" 304 -
180.169.147.146 - - [30/Mar/2023:10:50:17 +0800] "GET /xingrg/all/function/internal_message.html?_=1680144612783&CODE_STATE=count HTTP/1.1" 200 11
180.169.147.146 - - [30/Mar/2023:10:50:17 +0800] "GET /xingrg/javascript/jquery_easy_ui/themes/default/images/panel_tool_expand.gif HTTP/1.1" 304 -
180.169.147.146 - - [30/Mar/2023:10:50:17 +0800] "GET /xingrg/check_reg.html?_=1680144612784 HTTP/1.1" 200 22
180.164.3.199 - - [30/Mar/2023:10:50:17 +0800] "GET /xingrg/all/function/internal_message.html?_=1680144618183&CODE_STATE=getMsg HTTP/1.1" 200 27
180.169.147.146 - - [30/Mar/2023:10:50:17 +0800] "GET /xingrg/javascript/jquery_easy_ui/themes/default/images/panel_tool_collapse.gif HTTP/1.1" 304 -
180.169.147.146 - - [30/Mar/2023:10:50:17 +0800] "GET /xingrg/javascript/jquery_easy_ui/themes/default/images/tabs_leftarrow.png HTTP/1.1" 304 -
180.169.147.146 - - [30/Mar/2023:10:50:17 +0800] "GET /xingrg/images/blue/pingpu.png HTTP/1.1" 304 -
180.169.147.146 - - [30/Mar/2023:10:50:17 +0800] "GET /xingrg/javascript/jquery_easy_ui/themes/default/images/tabs_rightarrow.png HTTP/1.1" 304 -
180.169.147.146 - - [30/Mar/2023:10:50:17 +0800] "POST /xingrg/all/common/load_tree.html?tree=area_rest_tree_json&manage=1 HTTP/1.1" 200 3499
180.169.147.146 - - [30/Mar/2023:10:50:17 +0800] "POST /xingrg/load_menu.html HTTP/1.1" 200 9959
222.67.232.202 - - [30/Mar/2023:10:50:22 +0800] "GET /xingrg/kc/buy/cgsh_order_operate.html?command=get_materiel&rest_code=00141&code=00101008688&supplier_code=00100450&order_time=2023-03-30 HTTP/1.1" 200 412
124.78.155.10 - - [30/Mar/2023:10:50:23 +0800] "GET /xingrg/kc/base/wldb_order_operate.html?command=get_materiel&rest_code=00106&base_code=0010397&code=00102002448 HTTP/1.1" 200 440
222.70.182.87 - - [30/Mar/2023:10:50:26 +0800] "GET /xingrg/kc/base/wldb_order_operate.html?command=get_materiel&rest_code=00111&base_code=0010283&code=00101019222 HTTP/1.1" 200 452
180.169.147.146 - - [30/Mar/2023:10:50:27 +0800] "GET /xingrg/kc/buy/buy_main.html HTTP/1.1" 200 12412
180.169.147.146 - - [30/Mar/2023:10:50:27 +0800] "GET /xingrg/css/new_ie.css HTTP/1.1" 404 1036
114.83.222.182 - - [30/Mar/2023:10:50:27 +0800] "GET /xingrg/kc/print/load_data.html?order_code=212023033011199&kc_code=cgsh&condition= HTTP/1.1" 200 695
180.169.147.146 - - [30/Mar/2023:10:50:27 +0800] "GET /xingrg/all/function/internal_message.html?_=1680144626319&CODE_STATE=getMsg HTTP/1.1" 200 27
180.169.147.146 - - [30/Mar/2023:10:50:27 +0800] "GET /xingrg/check_reg.html?_=1680144626477 HTTP/1.1" 200 22
180.169.147.146 - - [30/Mar/2023:10:50:28 +0800] "GET /xingrg/images/yd/bt.gif HTTP/1.1" 404 1040
222.67.232.202 - - [30/Mar/2023:10:50:28 +0800] "GET /xingrg/kc/buy/cgsh_order_operate.html?command=get_materiel&rest_code=00141&code=00101008568&supplier_code=00100450&order_time=2023-03-30 HTTP/1.1" 200 413
180.169.147.146 - - [30/Mar/2023:10:50:29 +0800] "GET /xingrg/kc/buy/cgsh_order_list.html HTTP/1.1" 200 54440
124.78.155.10 - - [30/Mar/2023:10:50:30 +0800] "POST /xingrg/kc/base/wldb_order_operate.html HTTP/1.1" 200 37
124.78.155.10 - - [30/Mar/2023:10:50:31 +0800] "POST /xingrg/kc/base/wldb_order_operate.html HTTP/1.1" 200 2190
222.70.182.87 - - [30/Mar/2023:10:50:31 +0800] "GET /xingrg/kc/base/wldb_order_operate.html?command=get_materiel&rest_code=00111&base_code=0010283&code=00101019438 HTTP/1.1" 200 460
180.169.147.146 - - [30/Mar/2023:10:50:31 +0800] "POST /xingrg/kc/buy/cgsh_list_operate.html HTTP/1.1" 200 986
124.78.155.10 - - [30/Mar/2023:10:50:31 +0800] "GET /xingrg/kc/base/wldb_order_info.html?code=422023033002441 HTTP/1.1" 200 30395
124.78.155.10 - - [30/Mar/2023:10:50:32 +0800] "GET /xingrg/javascript/easyui/themes/default/validatebox.css HTTP/1.1" 404 1104
124.78.155.10 - - [30/Mar/2023:10:50:32 +0800] "POST /xingrg/kc/base/wldb_order_operate.html HTTP/1.1" 200 2190
116.224.106.218 - - [30/Mar/2023:10:50:36 +0800] "GET /xingrg/kc/buy/cgsh_order_operate.html?command=get_materiel&rest_code=00145&code=00101012070&supplier_code=00100554&order_time=2023-03-30 HTTP/1.1" 200 412
180.164.3.199 - - [30/Mar/2023:10:50:43 +0800] "GET /xingrg/kc/buy/cgsh_order_operate.html?command=get_materiel&rest_code=00108&code=00101011004&supplier_code=00100593&order_time=2023-03-30 HTTP/1.1" 200 412
222.67.232.202 - - [30/Mar/2023:10:50:43 +0800] "GET /xingrg/kc/buy/cgsh_order_operate.html?command=get_materiel&rest_code=00141&code=00101008509&supplier_code=00100450&order_time=2023-03-30 HTTP/1.1" 200 410
101.83.240.222 - - [30/Mar/2023:10:50:44 +0800] "GET /xingrg/all/function/internal_message.html?_=1680144643159&CODE_STATE=getMsg HTTP/1.1" 200 27
101.83.240.222 - - [30/Mar/2023:10:50:44 +0800] "GET /xingrg/check_reg.html?_=1680144643185 HTTP/1.1" 200 22
172.20.0.100 - - [30/Mar/2023:10:50:45 +0800] "GET /xingrg/all/function/internal_message.html?_=1680144655333&CODE_STATE=getMsg HTTP/1.1" 200 27
116.238.139.35 - - [30/Mar/2023:10:50:48 +0800] "GET /xingrg/all/function/internal_message.html?_=1680144650794&CODE_STATE=getMsg HTTP/1.1" 200 27
222.67.232.202 - - [30/Mar/2023:10:50:52 +0800] "GET /xingrg/kc/buy/cgsh_order_operate.html?command=get_materiel&rest_code=00141&code=00102014088&supplier_code=00100450&order_time=2023-03-30 HTTP/1.1" 200 426
222.70.182.87 - - [30/Mar/2023:10:50:56 +0800] "GET /xingrg/all/function/internal_message.html?_=1680144656123&CODE_STATE=getMsg HTTP/1.1" 200 27
116.192.124.172 - - [30/Mar/2023:10:51:00 +0800] "GET /xingrg/all/function/internal_message.html?_=1680144660573&CODE_STATE=getMsg HTTP/1.1" 200 27
172.20.0.100 - - [30/Mar/2023:10:51:00 +0800] "GET /xingrg/all/function/internal_message.html?_=1680144670618&CODE_STATE=getMsg HTTP/1.1" 200 27
124.79.72.155 - - [30/Mar/2023:10:51:00 +0800] "GET /xingrg/all/function/internal_message.html?_=1680144669830&CODE_STATE=getMsg HTTP/1.1" 200 27
222.67.232.202 - - [30/Mar/2023:10:51:01 +0800] "GET /xingrg/kc/buy/cgsh_order_operate.html?command=get_materiel&rest_code=00141&code=00101009079&supplier_code=00100450&order_time=2023-03-30 HTTP/1.1" 200 409
116.224.158.100 - - [30/Mar/2023:10:51:02 +0800] "GET /xingrg/all/function/internal_message.html?_=1680144663350&CODE_STATE=getMsg HTTP/1.1" 200 27
116.238.139.35 - - [30/Mar/2023:10:51:02 +0800] "GET /xingrg/check_reg.html?_=1680144580254 HTTP/1.1" 200 22
114.83.222.182 - - [30/Mar/2023:10:51:03 +0800] "GET /xingrg/kc/buy/cgsh_order_add.html HTTP/1.1" 200 69164
114.83.222.182 - - [30/Mar/2023:10:51:03 +0800] "GET /xingrg/words/20230330101052_words.js HTTP/1.1" 304 -
114.83.222.182 - - [30/Mar/2023:10:51:03 +0800] "POST /xingrg/kc/buy/cgsh_order_operate.html HTTP/1.1" 200 8245
114.83.222.182 - - [30/Mar/2023:10:51:03 +0800] "GET /xingrg/javascript/easyui/themes/default/validatebox.css HTTP/1.1" 404 1104
222.70.172.219 - - [30/Mar/2023:10:51:03 +0800] "GET /xingrg/all/function/internal_message.html?_=1680144677390&CODE_STATE=getMsg HTTP/1.1" 200 27
116.227.208.255 - - [30/Mar/2023:10:51:03 +0800] "GET /xingrg/all/function/internal_message.html?_=1680144762468&CODE_STATE=getMsg HTTP/1.1" 200 27
116.224.106.218 - - [30/Mar/2023:10:51:03 +0800] "GET /xingrg/kc/buy/cgsh_order_operate.html?command=get_materiel&rest_code=00145&code=00101012051&supplier_code=00100554&order_time=2023-03-30 HTTP/1.1" 200 408
172.20.0.100 - - [30/Mar/2023:10:51:06 +0800] "GET /xingrg/check_reg.html?_=1680144676984 HTTP/1.1" 200 22
180.157.253.110 - - [30/Mar/2023:10:51:07 +0800] "GET /xingrg/all/function/internal_message.html?_=1680144667955&CODE_STATE=getMsg HTTP/1.1" 200 27
180.164.3.199 - - [30/Mar/2023:10:51:07 +0800] "GET /xingrg/kc/buy/cgsh_order_operate.html?command=get_materiel&rest_code=00108&code=00101020082&supplier_code=00100593&order_time=2023-03-30 HTTP/1.1" 200 409
222.67.232.202 - - [30/Mar/2023:10:51:07 +0800] "GET /xingrg/all/function/internal_message.html?_=1680144210881&CODE_STATE=getMsg HTTP/1.1" 200 27
180.169.147.146 - - [30/Mar/2023:10:51:07 +0800] "GET /xingrg/javascript/jquery_tools/images/prev.gif HTTP/1.1" 404 1086
180.169.147.146 - - [30/Mar/2023:10:51:07 +0800] "GET /xingrg/javascript/jquery_tools/images/next.gif HTTP/1.1" 404 1086
116.224.106.218 - - [30/Mar/2023:10:51:09 +0800] "GET /xingrg/all/function/internal_message.html?_=1680144669083&CODE_STATE=getMsg HTTP/1.1" 200 27
116.192.124.172 - - [30/Mar/2023:10:51:10 +0800] "GET /xingrg/all/function/internal_message.html?_=1680144670534&CODE_STATE=getMsg HTTP/1.1" 200 27
180.169.147.146 - - [30/Mar/2023:10:51:13 +0800] "GET /xingrg/javascript/auto/indicator.gif HTTP/1.1" 404 1066
124.78.155.10 - - [30/Mar/2023:10:51:15 +0800] "GET /xingrg/all/function/internal_message.html?_=1680144675522&CODE_STATE=getMsg HTTP/1.1" 200 27
114.83.222.182 - - [30/Mar/2023:10:51:16 +0800] "GET /xingrg/all/function/internal_message.html?_=1680144753195&CODE_STATE=getMsg HTTP/1.1" 200 27
116.238.139.35 - - [30/Mar/2023:10:51:16 +0800] "GET /xingrg/all/function/internal_message.html?_=1680144593932&CODE_STATE=getMsg HTTP/1.1" 200 27
180.164.3.199 - - [30/Mar/2023:10:51:17 +0800] "GET /xingrg/all/function/internal_message.html?_=1680144678177&CODE_STATE=getMsg HTTP/1.1" 200 27
180.169.147.146 - - [30/Mar/2023:10:51:17 +0800] "GET /xingrg/all/function/internal_message.html?_=1680144672800&CODE_STATE=getMsg HTTP/1.1" 200 27
222.67.232.202 - - [30/Mar/2023:10:51:21 +0800] "GET /xingrg/kc/buy/cgsh_order_operate.html?command=get_materiel&rest_code=00141&code=00101015121&supplier_code=00100450&order_time=2023-03-30 HTTP/1.1" 200 23
116.224.106.218 - - [30/Mar/2023:10:51:22 +0800] "POST /xingrg/kc/buy/cgsh_order_operate.html HTTP/1.1" 200 37
116.224.106.218 - - [30/Mar/2023:10:51:24 +0800] "POST /xingrg/kc/buy/cgsh_order_operate.html HTTP/1.1" 200 3241
180.164.3.199 - - [30/Mar/2023:10:51:26 +0800] "POST /xingrg/kc/buy/cgsh_order_operate.html HTTP/1.1" 200 88
180.169.147.146 - - [30/Mar/2023:10:51:27 +0800] "GET /xingrg/all/function/internal_message.html?_=1680144686288&CODE_STATE=getMsg HTTP/1.1" 200 27
222.67.232.202 - - [30/Mar/2023:10:51:31 +0800] "POST /xingrg/kc/buy/cgsh_order_operate.html HTTP/1.1" 200 37
116.224.106.218 - - [30/Mar/2023:10:51:34 +0800] "POST /xingrg/kc/buy/cgsh_order_operate.html HTTP/1.1" 200 37
180.169.147.146 - - [30/Mar/2023:10:51:34 +0800] "POST /xingrg/kc/buy/cgsh_list_operate.html HTTP/1.1" 200 2357
222.67.232.202 - - [30/Mar/2023:10:51:36 +0800] "POST /xingrg/kc/buy/cgsh_order_operate.html HTTP/1.1" 200 5032
114.83.222.182 - - [30/Mar/2023:10:51:37 +0800] "GET /xingrg/kc/buy/cgsh_order_operate.html?command=get_materiel&rest_code=00154&code=00101006198&supplier_code=00100501&order_time=2023-03-30 HTTP/1.1" 200 410
222.67.232.202 - - [30/Mar/2023:10:51:40 +0800] "GET /xingrg/login.html HTTP/1.1" 200 7641
222.67.232.202 - - [30/Mar/2023:10:51:40 +0800] "GET /favicon.ico HTTP/1.1" 404 -
222.67.232.202 - - [30/Mar/2023:10:51:42 +0800] "POST /xingrg/login.do HTTP/1.1" 302 -
222.67.232.202 - - [30/Mar/2023:10:51:42 +0800] "GET /xingrg/index.html?sysBaseUrl=http%3A%2F%2F180.169.147.146%3A18081%2Fxingrg%2F&costTime=1206×tamp=1680144702747 HTTP/1.1" 200 17179
222.67.232.202 - - [30/Mar/2023:10:51:43 +0800] "GET /xingrg/all/function/internal_message.html?_=1680144246348&CODE_STATE=count HTTP/1.1" 200 11
222.67.232.202 - - [30/Mar/2023:10:51:43 +0800] "GET /xingrg/check_reg.html?_=1680144246349 HTTP/1.1" 200 22
222.67.232.202 - - [30/Mar/2023:10:51:43 +0800] "GET /favicon.ico HTTP/1.1" 404 -
222.67.232.202 - - [30/Mar/2023:10:51:43 +0800] "POST /xingrg/all/common/load_tree.html?tree=area_rest_tree_json&manage=1 HTTP/1.1" 200 351
222.67.232.202 - - [30/Mar/2023:10:51:43 +0800] "POST /xingrg/load_menu.html HTTP/1.1" 200 5138
222.67.232.202 - - [30/Mar/2023:10:51:44 +0800] "GET /xingrg/kc/buy/buy_main.html HTTP/1.1" 200 12412
222.67.232.202 - - [30/Mar/2023:10:51:44 +0800] "GET /xingrg/css/new_ie.css HTTP/1.1" 404 1036
116.224.106.218 - - [30/Mar/2023:10:51:44 +0800] "POST /xingrg/kc/buy/cgsh_order_operate.html HTTP/1.1" 200 12
222.67.232.202 - - [30/Mar/2023:10:51:44 +0800] "GET /xingrg/images/yd/bt.gif HTTP/1.1" 404 1040
101.83.240.222 - - [30/Mar/2023:10:51:44 +0800] "GET /xingrg/all/function/internal_message.html?_=1680144703185&CODE_STATE=getMsg HTTP/1.1" 200 27
172.20.0.100 - - [30/Mar/2023:10:51:45 +0800] "GET /xingrg/all/function/internal_message.html?_=1680144715347&CODE_STATE=getMsg HTTP/1.1" 200 27
222.67.232.202 - - [30/Mar/2023:10:51:45 +0800] "GET /xingrg/kc/buy/cgsh_order_list.html HTTP/1.1" 200 54185
116.224.106.218 - - [30/Mar/2023:10:51:48 +0800] "GET /xingrg/kc/buy/cgsh_order_info.html?code=212023033011201 HTTP/1.1" 200 64062
116.224.106.218 - - [30/Mar/2023:10:51:48 +0800] "GET /xingrg/javascript/easyui/themes/default/validatebox.css HTTP/1.1" 404 1104
116.238.139.35 - - [30/Mar/2023:10:51:48 +0800] "GET /xingrg/check_reg.html?_=1680144710798 HTTP/1.1" 200 22
116.238.139.35 - - [30/Mar/2023:10:51:48 +0800] "GET /xingrg/all/function/internal_message.html?_=1680144710802&CODE_STATE=getMsg HTTP/1.1" 200 27
180.164.3.199 - - [30/Mar/2023:10:51:53 +0800] "POST /xingrg/kc/buy/cgsh_order_operate.html HTTP/1.1" 200 37
116.224.106.218 - - [30/Mar/2023:10:51:53 +0800] "POST /xingrg/kc/buy/cgsh_order_operate.html HTTP/1.1" 200 1191
116.224.106.218 - - [30/Mar/2023:10:51:55 +0800] "GET /xingrg/kc/print/load_config.html?kc_code=cgsh HTTP/1.1" 200 1925
222.70.182.87 - - [30/Mar/2023:10:51:56 +0800] "GET /xingrg/all/function/internal_message.html?_=1680144716119&CODE_STATE=getMsg HTTP/1.1" 200 27
222.70.172.219 - - [30/Mar/2023:10:51:57 +0800] "GET /xingrg/check_reg.html?_=1680144731692 HTTP/1.1" 200 22
114.83.222.182 - - [30/Mar/2023:10:51:57 +0800] "POST /xingrg/kc/buy/cgsh_order_operate.html HTTP/1.1" 200 37
222.67.232.202 - - [30/Mar/2023:10:51:58 +0800] "POST /xingrg/kc/buy/cgsh_list_operate.html HTTP/1.1" 200 1885
116.224.106.218 - - [30/Mar/2023:10:51:58 +0800] "GET /xingrg/kc/print/load_data.html?order_code=212023033011201&kc_code=cgsh&condition= HTTP/1.1" 200 918
116.192.124.172 - - [30/Mar/2023:10:52:00 +0800] "GET /xingrg/all/function/internal_message.html?_=1680144720560&CODE_STATE=getMsg HTTP/1.1" 200 27
172.20.0.100 - - [30/Mar/2023:10:52:00 +0800] "GET /xingrg/all/function/internal_message.html?_=1680144730641&CODE_STATE=getMsg HTTP/1.1" 200 27
124.79.72.155 - - [30/Mar/2023:10:52:00 +0800] "GET /xingrg/all/function/internal_message.html?_=1680144729831&CODE_STATE=getMsg HTTP/1.1" 200 27
222.67.232.202 - - [30/Mar/2023:10:52:01 +0800] "POST /xingrg/kc/buy/cgsh_list_operate.html HTTP/1.1" 200 516
116.192.124.172 - - [30/Mar/2023:10:52:01 +0800] "GET /xingrg/check_reg.html?_=1680144721792 HTTP/1.1" 200 22
116.224.158.100 - - [30/Mar/2023:10:52:02 +0800] "GET /xingrg/all/function/internal_message.html?_=1680144723341&CODE_STATE=getMsg HTTP/1.1" 200 27
222.70.172.219 - - [30/Mar/2023:10:52:03 +0800] "GET /xingrg/all/function/internal_message.html?_=1680144737396&CODE_STATE=getMsg HTTP/1.1" 200 27
116.227.208.255 - - [30/Mar/2023:10:52:03 +0800] "GET /xingrg/check_reg.html?_=1680144822469 HTTP/1.1" 200 22
222.67.232.202 - - [30/Mar/2023:10:52:03 +0800] "GET /xingrg/kc/buy/cgsh_order_info.html?code=212023033011203 HTTP/1.1" 200 69982
116.227.208.255 - - [30/Mar/2023:10:52:03 +0800] "GET /xingrg/all/function/internal_message.html?_=1680144822472&CODE_STATE=getMsg HTTP/1.1" 200 27
222.67.232.202 - - [30/Mar/2023:10:52:03 +0800] "GET /xingrg/words/20230330101052_words.js HTTP/1.1" 304 -
116.224.106.218 - - [30/Mar/2023:10:52:03 +0800] "GET /xingrg/kc/buy/cgsh_order_add.html HTTP/1.1" 200 69155
222.67.232.202 - - [30/Mar/2023:10:52:03 +0800] "GET /xingrg/javascript/easyui/themes/default/validatebox.css HTTP/1.1" 404 1104
222.67.232.202 - - [30/Mar/2023:10:52:04 +0800] "GET /xingrg/all/common/auto_word.html?type=employee&rest_code=00141 HTTP/1.1" 200 201
222.67.232.202 - - [30/Mar/2023:10:52:04 +0800] "GET /xingrg/all/common/auto_word.html?type=employee&rest_code=00141 HTTP/1.1" 200 201
116.224.106.218 - - [30/Mar/2023:10:52:04 +0800] "POST /xingrg/kc/buy/cgsh_order_operate.html HTTP/1.1" 200 8245
116.224.106.218 - - [30/Mar/2023:10:52:04 +0800] "GET /xingrg/javascript/easyui/themes/default/validatebox.css HTTP/1.1" 404 1104
114.83.222.182 - - [30/Mar/2023:10:52:04 +0800] "POST /xingrg/kc/buy/cgsh_order_operate.html HTTP/1.1" 200 12
222.67.232.202 - - [30/Mar/2023:10:52:04 +0800] "POST /xingrg/kc/buy/cgsh_order_operate.html HTTP/1.1" 200 5032
180.164.3.199 - - [30/Mar/2023:10:52:06 +0800] "POST /xingrg/kc/buy/cgsh_order_operate.html HTTP/1.1" 200 7985
114.83.222.182 - - [30/Mar/2023:10:52:06 +0800] "GET /xingrg/kc/buy/cgsh_order_info.html?code=212023033011205 HTTP/1.1" 200 64071
114.83.222.182 - - [30/Mar/2023:10:52:06 +0800] "GET /xingrg/javascript/easyui/themes/default/validatebox.css HTTP/1.1" 404 1104
114.83.222.182 - - [30/Mar/2023:10:52:07 +0800] "GET /xingrg/check_reg.html?_=1680144803831 HTTP/1.1" 200 22
180.157.253.110 - - [30/Mar/2023:10:52:07 +0800] "GET /xingrg/check_reg.html?_=1680144727955 HTTP/1.1" 200 22
180.157.253.110 - - [30/Mar/2023:10:52:07 +0800] "GET /xingrg/all/function/internal_message.html?_=1680144727958&CODE_STATE=getMsg HTTP/1.1" 200 27
114.83.222.182 - - [30/Mar/2023:10:52:07 +0800] "POST /xingrg/kc/buy/cgsh_order_operate.html HTTP/1.1" 200 1192
180.169.147.146 - - [30/Mar/2023:10:52:08 +0800] "POST /xingrg/kc/buy/cgsh_list_operate.html HTTP/1.1" 200 204
116.224.106.218 - - [30/Mar/2023:10:52:09 +0800] "GET /xingrg/all/function/internal_message.html?_=1680144729097&CODE_STATE=getMsg HTTP/1.1" 200 27
116.224.106.218 - - [30/Mar/2023:10:52:09 +0800] "GET /xingrg/check_reg.html?_=1680144729101 HTTP/1.1" 200 22
114.83.222.182 - - [30/Mar/2023:10:52:10 +0800] "GET /xingrg/kc/print/load_data.html?order_code=212023033011205&kc_code=cgsh&condition= HTTP/1.1" 200 926
116.192.124.172 - - [30/Mar/2023:10:52:10 +0800] "GET /xingrg/all/function/internal_message.html?_=1680144730523&CODE_STATE=getMsg HTTP/1.1" 200 27
222.67.232.202 - - [30/Mar/2023:10:52:10 +0800] "GET /xingrg/javascript/auto/indicator.gif HTTP/1.1" 404 1066
222.70.182.87 - - [30/Mar/2023:10:52:12 +0800] "POST /xingrg/kc/base/wldb_order_operate.html HTTP/1.1" 200 37
222.70.182.87 - - [30/Mar/2023:10:52:12 +0800] "POST /xingrg/kc/base/wldb_order_operate.html HTTP/1.1" 200 3699
222.70.182.87 - - [30/Mar/2023:10:52:15 +0800] "GET /xingrg/kc/base/wldb_order_info.html?code=422023033002442 HTTP/1.1" 200 30396
124.78.155.10 - - [30/Mar/2023:10:52:15 +0800] "GET /xingrg/all/function/internal_message.html?_=1680144735524&CODE_STATE=getMsg HTTP/1.1" 200 27
222.70.182.87 - - [30/Mar/2023:10:52:15 +0800] "GET /xingrg/javascript/easyui/themes/default/validatebox.css HTTP/1.1" 404 1104
222.70.182.87 - - [30/Mar/2023:10:52:16 +0800] "POST /xingrg/kc/base/wldb_order_operate.html HTTP/1.1" 200 3699
114.83.222.182 - - [30/Mar/2023:10:52:16 +0800] "GET /xingrg/all/function/internal_message.html?_=1680144813172&CODE_STATE=getMsg HTTP/1.1" 200 27
116.238.139.35 - - [30/Mar/2023:10:52:16 +0800] "GET /xingrg/all/function/internal_message.html?_=1680144653946&CODE_STATE=getMsg HTTP/1.1" 200 27
180.164.3.199 - - [30/Mar/2023:10:52:17 +0800] "GET /xingrg/all/function/internal_message.html?_=1680144738136&CODE_STATE=getMsg HTTP/1.1" 200 27
180.169.147.146 - - [30/Mar/2023:10:52:17 +0800] "GET /xingrg/all/function/internal_message.html?_=1680144732793&CODE_STATE=getMsg HTTP/1.1" 200 27
180.164.3.199 - - [30/Mar/2023:10:52:17 +0800] "GET /xingrg/check_reg.html?_=1680144738201 HTTP/1.1" 200 22
180.164.3.199 - - [30/Mar/2023:10:52:18 +0800] "GET /xingrg/kc/print/load_data.html?order_code=212023033011204&kc_code=cgsh&condition= HTTP/1.1" 200 2708
222.67.232.202 - - [30/Mar/2023:10:52:19 +0800] "GET /xingrg/kc/buy/cgsh_order_operate.html?command=get_materiel&rest_code=00141&code=00101015121&supplier_code=00100450&order_time=2023-03-30 HTTP/1.1" 200 418
180.169.147.146 - - [30/Mar/2023:10:52:27 +0800] "GET /xingrg/all/function/internal_message.html?_=1680144746272&CODE_STATE=getMsg HTTP/1.1" 200 27
222.67.232.202 - - [30/Mar/2023:10:52:29 +0800] "GET /xingrg/kc/buy/cgsh_order_operate.html?command=get_materiel&rest_code=00141&code=00101008571&supplier_code=00100450&order_time=2023-03-30 HTTP/1.1" 200 412
180.164.3.199 - - [30/Mar/2023:10:52:30 +0800] "GET /xingrg/kc/buy/cgsh_order_add.html HTTP/1.1" 200 70053
180.164.3.199 - - [30/Mar/2023:10:52:30 +0800] "GET /xingrg/words/20230330101052_words.js HTTP/1.1" 304 -
180.164.3.199 - - [30/Mar/2023:10:52:30 +0800] "POST /xingrg/kc/buy/cgsh_order_operate.html HTTP/1.1" 200 8245
180.164.3.199 - - [30/Mar/2023:10:52:30 +0800] "GET /xingrg/javascript/easyui/themes/default/validatebox.css HTTP/1.1" 404 1104
180.169.147.146 - - [30/Mar/2023:10:52:31 +0800] "POST /xingrg/kc/buy/cgsh_list_operate.html HTTP/1.1" 200 4
180.169.147.146 - - [30/Mar/2023:10:52:36 +0800] "POST /xingrg/kc/buy/cgsh_list_operate.html HTTP/1.1" 200 2332
180.169.147.146 - - [30/Mar/2023:10:52:40 +0800] "POST /xingrg/kc/buy/cgsh_list_operate.html HTTP/1.1" 200 204
222.67.232.202 - - [30/Mar/2023:10:52:43 +0800] "GET /xingrg/all/function/internal_message.html?_=1680144306358&CODE_STATE=getMsg HTTP/1.1" 200 27
180.169.147.146 - - [30/Mar/2023:10:52:44 +0800] "POST /xingrg/kc/buy/cgsh_list_operate.html HTTP/1.1" 200 4
101.83.240.222 - - [30/Mar/2023:10:52:44 +0800] "GET /xingrg/all/function/internal_message.html?_=1680144763186&CODE_STATE=getMsg HTTP/1.1" 200 27
172.20.0.100 - - [30/Mar/2023:10:52:45 +0800] "GET /xingrg/check_reg.html?_=1680144775346 HTTP/1.1" 200 22
172.20.0.100 - - [30/Mar/2023:10:52:45 +0800] "GET /xingrg/all/function/internal_message.html?_=1680144775347&CODE_STATE=getMsg HTTP/1.1" 200 27
101.229.22.234 - - [30/Mar/2023:10:52:45 +0800] "GET /favicon.ico HTTP/1.1" 404 -
101.229.22.234 - - [30/Mar/2023:10:52:45 +0800] "GET /xingrg/login.html HTTP/1.1" 200 7641
180.164.3.199 - - [30/Mar/2023:10:52:46 +0800] "GET /xingrg/kc/buy/cgsh_order_operate.html?command=get_materiel&rest_code=00108&code=00102013022&supplier_code=00100075&order_time=2023-03-30 HTTP/1.1" 200 413
101.229.22.234 - - [30/Mar/2023:10:52:47 +0800] "GET /xingrg/images/blue/jxLogo.png HTTP/1.1" 304 -
101.229.22.234 - - [30/Mar/2023:10:52:48 +0800] "GET /xingrg/images/blue/login_bg.png HTTP/1.1" 304 -
101.229.22.234 - - [30/Mar/2023:10:52:48 +0800] "GET /xingrg/images/blue/srbg.png HTTP/1.1" 304 -
101.229.22.234 - - [30/Mar/2023:10:52:48 +0800] "GET /xingrg/images/blue/hj.png HTTP/1.1" 304 -
101.229.22.234 - - [30/Mar/2023:10:52:48 +0800] "GET /favicon.ico HTTP/1.1" 404 -
116.238.139.35 - - [30/Mar/2023:10:52:48 +0800] "GET /xingrg/all/function/internal_message.html?_=1680144770803&CODE_STATE=getMsg HTTP/1.1" 200 27
222.67.232.202 - - [30/Mar/2023:10:52:50 +0800] "GET /xingrg/kc/buy/cgsh_order_operate.html?command=get_materiel&rest_code=00141&code=00102014008&supplier_code=00100450&order_time=2023-03-30 HTTP/1.1" 200 409
180.169.147.146 - - [30/Mar/2023:10:52:50 +0800] "POST /xingrg/kc/buy/cgsh_list_operate.html HTTP/1.1" 200 1896
114.83.222.182 - - [30/Mar/2023:10:52:50 +0800] "GET /xingrg/kc/buy/cgsh_order_add.html HTTP/1.1" 200 69164
114.83.222.182 - - [30/Mar/2023:10:52:51 +0800] "POST /xingrg/kc/buy/cgsh_order_operate.html HTTP/1.1" 200 8245
114.83.222.182 - - [30/Mar/2023:10:52:51 +0800] "GET /xingrg/javascript/easyui/themes/default/validatebox.css HTTP/1.1" 404 1104
222.70.182.87 - - [30/Mar/2023:10:52:56 +0800] "GET /xingrg/all/function/internal_message.html?_=1680144776125&CODE_STATE=getMsg HTTP/1.1" 200 27
124.78.155.10 - - [30/Mar/2023:10:52:58 +0800] "GET /xingrg/kc/base/base_main.html HTTP/1.1" 200 12142
116.192.124.172 - - [30/Mar/2023:10:53:00 +0800] "GET /xingrg/all/function/internal_message.html?_=1680144780556&CODE_STATE=getMsg HTTP/1.1" 200 27
172.20.0.100 - - [30/Mar/2023:10:53:00 +0800] "GET /xingrg/all/function/internal_message.html?_=1680144790640&CODE_STATE=getMsg HTTP/1.1" 200 27
124.79.72.155 - - [30/Mar/2023:10:53:00 +0800] "GET /xingrg/all/function/internal_message.html?_=1680144789831&CODE_STATE=getMsg HTTP/1.1" 200 27
180.164.3.199 - - [30/Mar/2023:10:53:01 +0800] "POST /xingrg/kc/buy/cgsh_order_operate.html HTTP/1.1" 200 37
116.224.158.100 - - [30/Mar/2023:10:53:02 +0800] "GET /xingrg/all/function/internal_message.html?_=1680144783333&CODE_STATE=getMsg HTTP/1.1" 200 27
222.70.172.219 - - [30/Mar/2023:10:53:03 +0800] "GET /xingrg/all/function/internal_message.html?_=1680144797410&CODE_STATE=getMsg HTTP/1.1" 200 27
116.227.208.255 - - [30/Mar/2023:10:53:03 +0800] "GET /xingrg/all/function/internal_message.html?_=1680144882471&CODE_STATE=getMsg HTTP/1.1" 200 27
180.164.3.199 - - [30/Mar/2023:10:53:04 +0800] "POST /xingrg/kc/buy/cgsh_order_operate.html HTTP/1.1" 200 2658
180.157.253.110 - - [30/Mar/2023:10:53:07 +0800] "GET /xingrg/all/function/internal_message.html?_=1680144787959&CODE_STATE=getMsg HTTP/1.1" 200 27
180.164.3.199 - - [30/Mar/2023:10:53:08 +0800] "GET /xingrg/kc/print/load_data.html?order_code=212023033011206&kc_code=cgsh&condition= HTTP/1.1" 200 701
116.224.106.218 - - [30/Mar/2023:10:53:09 +0800] "GET /xingrg/all/function/internal_message.html?_=1680144789093&CODE_STATE=getMsg HTTP/1.1" 200 27
116.192.124.172 - - [30/Mar/2023:10:53:10 +0800] "GET /xingrg/all/function/internal_message.html?_=1680144790511&CODE_STATE=getMsg HTTP/1.1" 200 27
222.67.232.202 - - [30/Mar/2023:10:53:11 +0800] "POST /xingrg/kc/buy/cgsh_order_operate.html HTTP/1.1" 200 2065
180.164.3.199 - - [30/Mar/2023:10:53:14 +0800] "GET /xingrg/kc/buy/cgsh_order_add.html HTTP/1.1" 200 70053
180.164.3.199 - - [30/Mar/2023:10:53:14 +0800] "POST /xingrg/kc/buy/cgsh_order_operate.html HTTP/1.1" 200 8245
180.164.3.199 - - [30/Mar/2023:10:53:14 +0800] "GET /xingrg/javascript/easyui/themes/default/validatebox.css HTTP/1.1" 404 1104
124.78.155.10 - - [30/Mar/2023:10:53:15 +0800] "GET /xingrg/all/function/internal_message.html?_=1680144795499&CODE_STATE=getMsg HTTP/1.1" 200 27
114.83.222.182 - - [30/Mar/2023:10:53:16 +0800] "GET /xingrg/all/function/internal_message.html?_=1680144873155&CODE_STATE=getMsg HTTP/1.1" 200 27
116.238.139.35 - - [30/Mar/2023:10:53:16 +0800] "GET /xingrg/all/function/internal_message.html?_=1680144713973&CODE_STATE=getMsg HTTP/1.1" 200 27
180.164.3.199 - - [30/Mar/2023:10:53:17 +0800] "GET /xingrg/all/function/internal_message.html?_=1680144798133&CODE_STATE=getMsg HTTP/1.1" 200 27
180.169.147.146 - - [30/Mar/2023:10:53:17 +0800] "GET /xingrg/all/function/internal_message.html?_=1680144792791&CODE_STATE=getMsg HTTP/1.1" 200 27
114.83.222.182 - - [30/Mar/2023:10:53:19 +0800] "POST /xingrg/kc/buy/cgsh_order_operate.html HTTP/1.1" 200 37
222.67.232.202 - - [30/Mar/2023:10:53:19 +0800] "GET /xingrg/kc/buy/cgsh_order_operate.html?command=get_materiel&rest_code=00141&code=00101015147&supplier_code=00100450&order_time=2023-03-30 HTTP/1.1" 200 409
114.83.222.182 - - [30/Mar/2023:10:53:27 +0800] "POST /xingrg/kc/buy/cgsh_order_operate.html HTTP/1.1" 200 12
180.169.147.146 - - [30/Mar/2023:10:53:27 +0800] "GET /xingrg/all/function/internal_message.html?_=1680144806257&CODE_STATE=getMsg HTTP/1.1" 200 27
114.83.222.182 - - [30/Mar/2023:10:53:29 +0800] "GET /xingrg/kc/buy/cgsh_order_info.html?code=212023033011207 HTTP/1.1" 200 64071
114.83.222.182 - - [30/Mar/2023:10:53:29 +0800] "GET /xingrg/javascript/easyui/themes/default/validatebox.css HTTP/1.1" 404 1104
114.83.222.182 - - [30/Mar/2023:10:53:30 +0800] "POST /xingrg/kc/buy/cgsh_order_operate.html HTTP/1.1" 200 603
114.83.222.182 - - [30/Mar/2023:10:53:32 +0800] "GET /xingrg/kc/print/load_data.html?order_code=212023033011207&kc_code=cgsh&condition= HTTP/1.1" 200 704
222.67.232.202 - - [30/Mar/2023:10:53:36 +0800] "POST /xingrg/kc/buy/cgsh_order_operate.html HTTP/1.1" 200 37
222.67.232.202 - - [30/Mar/2023:10:53:43 +0800] "GET /xingrg/all/function/internal_message.html?_=1680144366352&CODE_STATE=getMsg HTTP/1.1" 200 27
101.83.240.222 - - [30/Mar/2023:10:53:44 +0800] "GET /xingrg/all/function/internal_message.html?_=1680144823189&CODE_STATE=getMsg HTTP/1.1" 200 27
172.20.0.100 - - [30/Mar/2023:10:53:45 +0800] "GET /xingrg/all/function/internal_message.html?_=1680144835346&CODE_STATE=getMsg HTTP/1.1" 200 27
222.67.232.202 - - [30/Mar/2023:10:53:46 +0800] "POST /xingrg/kc/buy/cgsh_order_operate.html HTTP/1.1" 200 12
222.67.232.202 - - [30/Mar/2023:10:53:48 +0800] "GET /xingrg/kc/buy/cgsh_order_info.html?code=212023033011203 HTTP/1.1" 200 64875
116.238.139.35 - - [30/Mar/2023:10:53:48 +0800] "GET /xingrg/all/function/internal_message.html?_=1680144830804&CODE_STATE=getMsg HTTP/1.1" 200 27
222.67.232.202 - - [30/Mar/2023:10:53:49 +0800] "GET /xingrg/javascript/easyui/themes/default/validatebox.css HTTP/1.1" 404 1104
222.67.232.202 - - [30/Mar/2023:10:53:50 +0800] "POST /xingrg/kc/buy/cgsh_order_operate.html HTTP/1.1" 200 5929
222.67.232.202 - - [30/Mar/2023:10:53:53 +0800] "GET /xingrg/kc/print/load_config.html?kc_code=cgsh HTTP/1.1" 200 1925
222.67.232.202 - - [30/Mar/2023:10:53:54 +0800] "GET /xingrg/kc/print/load_data.html?order_code=212023033011203&kc_code=cgsh&condition= HTTP/1.1" 200 2745
222.70.182.87 - - [30/Mar/2023:10:53:56 +0800] "GET /xingrg/all/function/internal_message.html?_=1680144836126&CODE_STATE=getMsg HTTP/1.1" 200 27
222.70.182.87 - - [30/Mar/2023:10:53:56 +0800] "GET /xingrg/check_reg.html?_=1680144836130 HTTP/1.1" 200 22
116.192.124.172 - - [30/Mar/2023:10:54:00 +0800] "GET /xingrg/all/function/internal_message.html?_=1680144840541&CODE_STATE=getMsg HTTP/1.1" 200 27
172.20.0.100 - - [30/Mar/2023:10:54:00 +0800] "GET /xingrg/all/function/internal_message.html?_=1680144850639&CODE_STATE=getMsg HTTP/1.1" 200 27
172.20.0.100 - - [30/Mar/2023:10:54:00 +0800] "GET /xingrg/check_reg.html?_=1680144850640 HTTP/1.1" 200 22
124.79.72.155 - - [30/Mar/2023:10:54:00 +0800] "GET /xingrg/check_reg.html?_=1680144849831 HTTP/1.1" 200 22
124.79.72.155 - - [30/Mar/2023:10:54:00 +0800] "GET /xingrg/all/function/internal_message.html?_=1680144849834&CODE_STATE=getMsg HTTP/1.1" 200 27
116.224.158.100 - - [30/Mar/2023:10:54:02 +0800] "GET /xingrg/all/function/internal_message.html?_=1680144843338&CODE_STATE=getMsg HTTP/1.1" 200 27
116.227.208.255 - - [30/Mar/2023:10:54:03 +0800] "GET /xingrg/all/function/internal_message.html?_=1680144942457&CODE_STATE=getMsg HTTP/1.1" 200 27
222.70.172.219 - - [30/Mar/2023:10:54:04 +0800] "GET /xingrg/all/function/internal_message.html?_=1680144858470&CODE_STATE=getMsg HTTP/1.1" 200 27
180.157.253.110 - - [30/Mar/2023:10:54:07 +0800] "GET /xingrg/all/function/internal_message.html?_=1680144847987&CODE_STATE=getMsg HTTP/1.1" 200 27
116.224.106.218 - - [30/Mar/2023:10:54:09 +0800] "GET /xingrg/all/function/internal_message.html?_=1680144849099&CODE_STATE=getMsg HTTP/1.1" 200 27
116.192.124.172 - - [30/Mar/2023:10:54:10 +0800] "GET /xingrg/all/function/internal_message.html?_=1680144850521&CODE_STATE=getMsg HTTP/1.1" 200 27
116.192.124.172 - - [30/Mar/2023:10:54:10 +0800] "GET /xingrg/check_reg.html?_=1680144850523 HTTP/1.1" 200 22
116.224.106.218 - - [30/Mar/2023:10:54:12 +0800] "GET /xingrg/kc/base/yddb_order_list.html HTTP/1.1" 200 16710
116.224.106.218 - - [30/Mar/2023:10:54:13 +0800] "POST /xingrg/kc/base/yddb_list_operate.html HTTP/1.1" 200 636
114.83.222.182 - - [30/Mar/2023:10:54:13 +0800] "GET /xingrg/kc/buy/cgsh_order_add.html HTTP/1.1" 200 69164
114.83.222.182 - - [30/Mar/2023:10:54:13 +0800] "POST /xingrg/kc/buy/cgsh_order_operate.html HTTP/1.1" 200 8245
114.83.222.182 - - [30/Mar/2023:10:54:13 +0800] "GET /xingrg/javascript/easyui/themes/default/validatebox.css HTTP/1.1" 404 1104
124.78.155.10 - - [30/Mar/2023:10:54:15 +0800] "GET /xingrg/all/function/internal_message.html?_=1680144855469&CODE_STATE=getMsg HTTP/1.1" 200 27
124.78.155.10 - - [30/Mar/2023:10:54:15 +0800] "GET /xingrg/check_reg.html?_=1680144855752 HTTP/1.1" 200 22
114.83.222.182 - - [30/Mar/2023:10:54:16 +0800] "GET /xingrg/all/function/internal_message.html?_=1680144933139&CODE_STATE=getMsg HTTP/1.1" 200 27
116.238.139.35 - - [30/Mar/2023:10:54:16 +0800] "GET /xingrg/all/function/internal_message.html?_=1680144773988&CODE_STATE=getMsg HTTP/1.1" 200 27
180.164.3.199 - - [30/Mar/2023:10:54:17 +0800] "GET /xingrg/all/function/internal_message.html?_=1680144858134&CODE_STATE=getMsg HTTP/1.1" 200 27
180.169.147.146 - - [30/Mar/2023:10:54:17 +0800] "GET /xingrg/all/function/internal_message.html?_=1680144852796&CODE_STATE=getMsg HTTP/1.1" 200 27
116.224.106.218 - - [30/Mar/2023:10:54:19 +0800] "POST /xingrg/kc/base/yddb_list_operate.html HTTP/1.1" 200 636
116.224.106.218 - - [30/Mar/2023:10:54:26 +0800] "GET /xingrg/javascript/jquery_tools/images/next.gif HTTP/1.1" 404 1086
116.224.106.218 - - [30/Mar/2023:10:54:26 +0800] "GET /xingrg/javascript/jquery_tools/images/prev.gif HTTP/1.1" 404 1086
180.169.147.146 - - [30/Mar/2023:10:54:27 +0800] "GET /xingrg/all/function/internal_message.html?_=1680144866241&CODE_STATE=getMsg HTTP/1.1" 200 27
114.83.222.182 - - [30/Mar/2023:10:54:28 +0800] "GET /xingrg/kc/buy/cgsh_order_operate.html?command=get_materiel&rest_code=00154&code=00101011001&supplier_code=00100051&order_time=2023-03-30 HTTP/1.1" 200 423
116.224.106.218 - - [30/Mar/2023:10:54:36 +0800] "POST /xingrg/kc/base/yddb_list_operate.html HTTP/1.1" 200 636
116.224.106.218 - - [30/Mar/2023:10:54:39 +0800] "POST /xingrg/kc/base/yddb_list_operate.html HTTP/1.1" 200 636
222.67.232.202 - - [30/Mar/2023:10:54:43 +0800] "GET /xingrg/all/function/internal_message.html?_=1680144426362&CODE_STATE=getMsg HTTP/1.1" 200 27
116.224.106.218 - - [30/Mar/2023:10:54:43 +0800] "POST /xingrg/kc/base/yddb_list_operate.html HTTP/1.1" 200 3454
101.83.240.222 - - [30/Mar/2023:10:54:44 +0800] "GET /xingrg/all/function/internal_message.html?_=1680144883194&CODE_STATE=getMsg HTTP/1.1" 200 27
172.20.0.100 - - [30/Mar/2023:10:54:45 +0800] "GET /xingrg/all/function/internal_message.html?_=1680144895344&CODE_STATE=getMsg HTTP/1.1" 200 27
114.83.222.182 - - [30/Mar/2023:10:54:47 +0800] "GET /xingrg/kc/buy/cgsh_order_operate.html?command=get_materiel&rest_code=00154&code=00101011005&supplier_code=00100051&order_time=2023-03-30 HTTP/1.1" 200 429
116.238.139.35 - - [30/Mar/2023:10:54:48 +0800] "GET /xingrg/all/function/internal_message.html?_=1680144890805&CODE_STATE=getMsg HTTP/1.1" 200 27
222.70.182.87 - - [30/Mar/2023:10:54:56 +0800] "GET /xingrg/all/function/internal_message.html?_=1680144896130&CODE_STATE=getMsg HTTP/1.1" 200 27
