116.238.139.35 - - [30/Mar/2023:11:13:30 +0800] "GET /xingrg/all/function/internal_message.html?_=1680146012022&CODE_STATE=getMsg HTTP/1.1" 200 27
222.67.232.202 - - [30/Mar/2023:11:13:43 +0800] "GET /xingrg/all/function/internal_message.html?_=1680145566427&CODE_STATE=getMsg HTTP/1.1" 200 27
180.169.147.146 - - [30/Mar/2023:11:13:43 +0800] "POST /xingrg/kc/buy/cgsh_order_operate.html HTTP/1.1" 200 37
180.169.147.146 - - [30/Mar/2023:11:13:44 +0800] "POST /xingrg/kc/buy/cgsh_order_operate.html HTTP/1.1" 200 5665
101.83.240.222 - - [30/Mar/2023:11:13:45 +0800] "GET /xingrg/all/function/internal_message.html?_=1680146023264&CODE_STATE=getMsg HTTP/1.1" 200 27
172.20.0.100 - - [30/Mar/2023:11:13:45 +0800] "GET /xingrg/all/function/internal_message.html?_=1680146035361&CODE_STATE=getMsg HTTP/1.1" 200 27
180.169.147.146 - - [30/Mar/2023:11:13:45 +0800] "GET /xingrg/kc/print/load_data.html?order_code=212023033011219&kc_code=cgsh&condition= HTTP/1.1" 200 1832
180.169.147.146 - - [30/Mar/2023:11:13:49 +0800] "GET /xingrg/kc/buy/cgsh_order_add.html HTTP/1.1" 200 69964
180.169.147.146 - - [30/Mar/2023:11:13:49 +0800] "GET /xingrg/words/20230330101052_words.js HTTP/1.1" 304 -
180.169.147.146 - - [30/Mar/2023:11:13:49 +0800] "GET /xingrg/javascript/easyui/themes/default/validatebox.css HTTP/1.1" 404 1104
180.169.147.146 - - [30/Mar/2023:11:13:49 +0800] "POST /xingrg/kc/buy/cgsh_order_operate.html HTTP/1.1" 200 8245
222.70.182.87 - - [30/Mar/2023:11:13:56 +0800] "GET /xingrg/check_reg.html?_=1680146036138 HTTP/1.1" 200 22
222.70.182.87 - - [30/Mar/2023:11:13:56 +0800] "GET /xingrg/all/function/internal_message.html?_=1680146036142&CODE_STATE=getMsg HTTP/1.1" 200 27
116.192.124.172 - - [30/Mar/2023:11:13:59 +0800] "GET /xingrg/all/function/internal_message.html?_=1680146040217&CODE_STATE=getMsg HTTP/1.1" 200 27
172.20.0.100 - - [30/Mar/2023:11:14:00 +0800] "GET /xingrg/all/function/internal_message.html?_=1680146050670&CODE_STATE=getMsg HTTP/1.1" 200 27
172.20.0.100 - - [30/Mar/2023:11:14:00 +0800] "GET /xingrg/check_reg.html?_=1680146050671 HTTP/1.1" 200 22
124.79.72.155 - - [30/Mar/2023:11:14:00 +0800] "GET /xingrg/all/function/internal_message.html?_=1680146049879&CODE_STATE=getMsg HTTP/1.1" 200 27
124.79.72.155 - - [30/Mar/2023:11:14:00 +0800] "GET /xingrg/check_reg.html?_=1680146049881 HTTP/1.1" 200 22
116.224.158.100 - - [30/Mar/2023:11:14:02 +0800] "GET /xingrg/all/function/internal_message.html?_=1680146043347&CODE_STATE=getMsg HTTP/1.1" 200 27
116.227.208.255 - - [30/Mar/2023:11:14:03 +0800] "GET /xingrg/all/function/internal_message.html?_=1680146142452&CODE_STATE=getMsg HTTP/1.1" 200 27
180.169.147.146 - - [30/Mar/2023:11:14:04 +0800] "GET /xingrg/kc/buy/cgsh_order_operate.html?command=get_materiel&rest_code=00147&code=00101007072&supplier_code=00100004&order_time=2023-03-30 HTTP/1.1" 200 413
180.157.253.110 - - [30/Mar/2023:11:14:07 +0800] "GET /xingrg/all/function/internal_message.html?_=1680146048017&CODE_STATE=getMsg HTTP/1.1" 200 27
116.224.106.218 - - [30/Mar/2023:11:14:09 +0800] "GET /xingrg/all/function/internal_message.html?_=1680146049120&CODE_STATE=getMsg HTTP/1.1" 200 27
116.192.124.172 - - [30/Mar/2023:11:14:10 +0800] "GET /xingrg/all/function/internal_message.html?_=1680146050529&CODE_STATE=getMsg HTTP/1.1" 200 27
116.192.124.172 - - [30/Mar/2023:11:14:10 +0800] "GET /xingrg/check_reg.html?_=1680146050531 HTTP/1.1" 200 22
222.70.172.219 - - [30/Mar/2023:11:14:11 +0800] "GET /xingrg/all/function/internal_message.html?_=1680146065194&CODE_STATE=getMsg HTTP/1.1" 200 27
114.83.222.182 - - [30/Mar/2023:11:14:16 +0800] "GET /xingrg/all/function/internal_message.html?_=1680146132891&CODE_STATE=getMsg HTTP/1.1" 200 27
101.229.22.234 - - [30/Mar/2023:11:14:16 +0800] "GET /xingrg/all/function/internal_message.html?_=1680146056431&CODE_STATE=getMsg HTTP/1.1" 200 27
180.169.147.146 - - [30/Mar/2023:11:14:17 +0800] "GET /xingrg/kc/buy/cgsh_order_operate.html?command=get_materiel&rest_code=00147&code=00101007061&supplier_code=00100004&order_time=2023-03-30 HTTP/1.1" 200 409
116.238.139.35 - - [30/Mar/2023:11:14:17 +0800] "GET /xingrg/all/function/internal_message.html?_=1680145974401&CODE_STATE=getMsg HTTP/1.1" 200 27
180.164.3.199 - - [30/Mar/2023:11:14:17 +0800] "GET /xingrg/all/function/internal_message.html?_=1680146058132&CODE_STATE=getMsg HTTP/1.1" 200 27
180.169.147.146 - - [30/Mar/2023:11:14:17 +0800] "GET /xingrg/all/function/internal_message.html?_=1680146052817&CODE_STATE=getMsg HTTP/1.1" 200 27
180.169.147.146 - - [30/Mar/2023:11:14:25 +0800] "GET /xingrg/kc/buy/cgsh_order_operate.html?command=get_materiel&rest_code=00147&code=00101007022&supplier_code=00100004&order_time=2023-03-30 HTTP/1.1" 200 413
180.169.147.146 - - [30/Mar/2023:11:14:27 +0800] "GET /xingrg/all/function/internal_message.html?_=1680146065870&CODE_STATE=getMsg HTTP/1.1" 200 27
116.238.139.35 - - [30/Mar/2023:11:14:30 +0800] "GET /xingrg/all/function/internal_message.html?_=1680146072023&CODE_STATE=getMsg HTTP/1.1" 200 27
180.169.147.146 - - [30/Mar/2023:11:14:35 +0800] "POST /xingrg/kc/buy/cgsh_order_operate.html HTTP/1.1" 200 37
180.169.147.146 - - [30/Mar/2023:11:14:38 +0800] "POST /xingrg/kc/buy/cgsh_order_operate.html HTTP/1.1" 200 3836
180.169.147.146 - - [30/Mar/2023:11:14:40 +0800] "GET /xingrg/kc/print/load_data.html?order_code=212023033011220&kc_code=cgsh&condition= HTTP/1.1" 200 1178
222.67.232.202 - - [30/Mar/2023:11:14:43 +0800] "GET /xingrg/all/function/internal_message.html?_=1680145626430&CODE_STATE=getMsg HTTP/1.1" 200 27
180.169.147.146 - - [30/Mar/2023:11:14:44 +0800] "GET /xingrg/kc/buy/cgsh_order_add.html HTTP/1.1" 200 69964
180.169.147.146 - - [30/Mar/2023:11:14:44 +0800] "GET /xingrg/javascript/easyui/themes/default/validatebox.css HTTP/1.1" 404 1104
180.169.147.146 - - [30/Mar/2023:11:14:44 +0800] "POST /xingrg/kc/buy/cgsh_order_operate.html HTTP/1.1" 200 8245
101.83.240.222 - - [30/Mar/2023:11:14:45 +0800] "GET /xingrg/all/function/internal_message.html?_=1680146083258&CODE_STATE=getMsg HTTP/1.1" 200 27
172.20.0.100 - - [30/Mar/2023:11:14:45 +0800] "GET /xingrg/all/function/internal_message.html?_=1680146095360&CODE_STATE=getMsg HTTP/1.1" 200 27
222.70.182.87 - - [30/Mar/2023:11:14:56 +0800] "GET /xingrg/all/function/internal_message.html?_=1680146096141&CODE_STATE=getMsg HTTP/1.1" 200 27
116.192.124.172 - - [30/Mar/2023:11:14:59 +0800] "GET /xingrg/all/function/internal_message.html?_=1680146100203&CODE_STATE=getMsg HTTP/1.1" 200 27
172.20.0.100 - - [30/Mar/2023:11:15:00 +0800] "GET /xingrg/all/function/internal_message.html?_=1680146110670&CODE_STATE=getMsg HTTP/1.1" 200 27
124.79.72.155 - - [30/Mar/2023:11:15:00 +0800] "GET /xingrg/all/function/internal_message.html?_=1680146109880&CODE_STATE=getMsg HTTP/1.1" 200 27
116.224.158.100 - - [30/Mar/2023:11:15:02 +0800] "GET /xingrg/check_reg.html?_=1680146103354 HTTP/1.1" 200 22
116.224.158.100 - - [30/Mar/2023:11:15:02 +0800] "GET /xingrg/all/function/internal_message.html?_=1680146103358&CODE_STATE=getMsg HTTP/1.1" 200 27
116.227.208.255 - - [30/Mar/2023:11:15:03 +0800] "GET /xingrg/all/function/internal_message.html?_=1680146202455&CODE_STATE=getMsg HTTP/1.1" 200 27
180.169.147.146 - - [30/Mar/2023:11:15:07 +0800] "GET /xingrg/kc/buy/cgsh_order_operate.html?command=get_materiel&rest_code=00147&code=00101006195&supplier_code=00100015&order_time=2023-03-30 HTTP/1.1" 200 409
180.157.253.110 - - [30/Mar/2023:11:15:07 +0800] "GET /xingrg/all/function/internal_message.html?_=1680146108017&CODE_STATE=getMsg HTTP/1.1" 200 27
116.224.106.218 - - [30/Mar/2023:11:15:09 +0800] "GET /xingrg/all/function/internal_message.html?_=1680146109120&CODE_STATE=getMsg HTTP/1.1" 200 27
116.192.124.172 - - [30/Mar/2023:11:15:10 +0800] "GET /xingrg/all/function/internal_message.html?_=1680146110520&CODE_STATE=getMsg HTTP/1.1" 200 27
222.70.172.219 - - [30/Mar/2023:11:15:11 +0800] "GET /xingrg/all/function/internal_message.html?_=1680146125197&CODE_STATE=getMsg HTTP/1.1" 200 27
114.83.222.182 - - [30/Mar/2023:11:15:16 +0800] "GET /xingrg/all/function/internal_message.html?_=1680146192863&CODE_STATE=getMsg HTTP/1.1" 200 27
101.229.22.234 - - [30/Mar/2023:11:15:16 +0800] "GET /xingrg/all/function/internal_message.html?_=1680146116432&CODE_STATE=getMsg HTTP/1.1" 200 27
116.238.139.35 - - [30/Mar/2023:11:15:17 +0800] "GET /xingrg/all/function/internal_message.html?_=1680146034430&CODE_STATE=getMsg HTTP/1.1" 200 27
180.164.3.199 - - [30/Mar/2023:11:15:17 +0800] "GET /xingrg/all/function/internal_message.html?_=1680146118126&CODE_STATE=getMsg HTTP/1.1" 200 27
180.169.147.146 - - [30/Mar/2023:11:15:17 +0800] "GET /xingrg/check_reg.html?_=1680146112817 HTTP/1.1" 200 22
180.169.147.146 - - [30/Mar/2023:11:15:17 +0800] "GET /xingrg/all/function/internal_message.html?_=1680146112820&CODE_STATE=getMsg HTTP/1.1" 200 27
180.169.147.146 - - [30/Mar/2023:11:15:24 +0800] "GET /xingrg/kc/buy/cgsh_order_operate.html?command=get_materiel&rest_code=00147&code=00101006062&supplier_code=00100015&order_time=2023-03-30 HTTP/1.1" 200 409
180.169.147.146 - - [30/Mar/2023:11:15:27 +0800] "GET /xingrg/all/function/internal_message.html?_=1680146125849&CODE_STATE=getMsg HTTP/1.1" 200 27
180.169.147.146 - - [30/Mar/2023:11:15:27 +0800] "GET /xingrg/check_reg.html?_=1680146126424 HTTP/1.1" 200 22
180.157.253.110 - - [30/Mar/2023:11:15:30 +0800] "POST /xingrg/kc/buy/cgsh_order_operate.html HTTP/1.1" 200 37
116.238.139.35 - - [30/Mar/2023:11:15:30 +0800] "GET /xingrg/check_reg.html?_=1680146132023 HTTP/1.1" 200 22
116.238.139.35 - - [30/Mar/2023:11:15:30 +0800] "GET /xingrg/all/function/internal_message.html?_=1680146132026&CODE_STATE=getMsg HTTP/1.1" 200 27
180.157.253.110 - - [30/Mar/2023:11:15:34 +0800] "POST /xingrg/kc/buy/cgsh_order_operate.html HTTP/1.1" 200 11025
58.40.7.146 - - [30/Mar/2023:11:15:34 +0800] "POST /xingrg/services/DataTransmitService HTTP/1.1" 200 524
180.169.147.146 - - [30/Mar/2023:11:15:36 +0800] "GET /xingrg/kc/buy/cgsh_order_operate.html?command=get_materiel&rest_code=00147&code=00101006129&supplier_code=00100015&order_time=2023-03-30 HTTP/1.1" 200 431
222.67.232.202 - - [30/Mar/2023:11:15:43 +0800] "GET /xingrg/all/function/internal_message.html?_=1680145686420&CODE_STATE=getMsg HTTP/1.1" 200 27
180.169.147.146 - - [30/Mar/2023:11:15:43 +0800] "GET /xingrg/kc/buy/cgsh_order_operate.html?command=get_materiel&rest_code=00147&code=00101006240&supplier_code=00100015&order_time=2023-03-30 HTTP/1.1" 200 422
101.83.240.222 - - [30/Mar/2023:11:15:44 +0800] "GET /xingrg/all/function/internal_message.html?_=1680146143262&CODE_STATE=getMsg HTTP/1.1" 200 27
101.83.240.222 - - [30/Mar/2023:11:15:45 +0800] "GET /xingrg/check_reg.html?_=1680146143267 HTTP/1.1" 200 22
172.20.0.100 - - [30/Mar/2023:11:15:45 +0800] "GET /xingrg/all/function/internal_message.html?_=1680146155358&CODE_STATE=getMsg HTTP/1.1" 200 27
180.169.147.146 - - [30/Mar/2023:11:15:55 +0800] "GET /xingrg/kc/buy/cgsh_order_operate.html?command=get_materiel&rest_code=00147&code=00101006055&supplier_code=00100015&order_time=2023-03-30 HTTP/1.1" 200 409
222.70.182.87 - - [30/Mar/2023:11:15:56 +0800] "GET /xingrg/all/function/internal_message.html?_=1680146156141&CODE_STATE=getMsg HTTP/1.1" 200 27
116.192.124.172 - - [30/Mar/2023:11:15:59 +0800] "GET /xingrg/all/function/internal_message.html?_=1680146160181&CODE_STATE=getMsg HTTP/1.1" 200 27
172.20.0.100 - - [30/Mar/2023:11:16:00 +0800] "GET /xingrg/all/function/internal_message.html?_=1680146170668&CODE_STATE=getMsg HTTP/1.1" 200 27
124.79.72.155 - - [30/Mar/2023:11:16:00 +0800] "GET /xingrg/all/function/internal_message.html?_=1680146169880&CODE_STATE=getMsg HTTP/1.1" 200 27
116.224.158.100 - - [30/Mar/2023:11:16:02 +0800] "GET /xingrg/all/function/internal_message.html?_=1680146163357&CODE_STATE=getMsg HTTP/1.1" 200 27
116.238.139.35 - - [30/Mar/2023:11:16:03 +0800] "GET /xingrg/check_reg.html?_=1680146080277 HTTP/1.1" 200 22
116.227.208.255 - - [30/Mar/2023:11:16:03 +0800] "GET /xingrg/all/function/internal_message.html?_=1680146262462&CODE_STATE=getMsg HTTP/1.1" 200 27
180.169.147.146 - - [30/Mar/2023:11:16:05 +0800] "POST /xingrg/kc/buy/cgsh_order_operate.html HTTP/1.1" 200 37
172.20.0.100 - - [30/Mar/2023:11:16:06 +0800] "GET /xingrg/check_reg.html?_=1680146176887 HTTP/1.1" 200 22
180.157.253.110 - - [30/Mar/2023:11:16:07 +0800] "GET /xingrg/all/function/internal_message.html?_=1680146168013&CODE_STATE=getMsg HTTP/1.1" 200 27
180.169.147.146 - - [30/Mar/2023:11:16:07 +0800] "POST /xingrg/kc/buy/cgsh_order_operate.html HTTP/1.1" 200 4441
180.169.147.146 - - [30/Mar/2023:11:16:09 +0800] "GET /xingrg/kc/print/load_data.html?order_code=212023033011221&kc_code=cgsh&condition= HTTP/1.1" 200 1461
116.224.106.218 - - [30/Mar/2023:11:16:09 +0800] "GET /xingrg/all/function/internal_message.html?_=1680146169134&CODE_STATE=getMsg HTTP/1.1" 200 27
116.192.124.172 - - [30/Mar/2023:11:16:10 +0800] "GET /xingrg/all/function/internal_message.html?_=1680146170529&CODE_STATE=getMsg HTTP/1.1" 200 27
222.70.172.219 - - [30/Mar/2023:11:16:11 +0800] "GET /xingrg/all/function/internal_message.html?_=1680146185782&CODE_STATE=getMsg HTTP/1.1" 200 27
180.169.147.146 - - [30/Mar/2023:11:16:12 +0800] "GET /xingrg/kc/buy/cgsh_order_add.html HTTP/1.1" 200 69964
180.169.147.146 - - [30/Mar/2023:11:16:12 +0800] "GET /xingrg/javascript/easyui/themes/default/validatebox.css HTTP/1.1" 404 1104
180.169.147.146 - - [30/Mar/2023:11:16:12 +0800] "POST /xingrg/kc/buy/cgsh_order_operate.html HTTP/1.1" 200 8245
180.157.253.110 - - [30/Mar/2023:11:16:12 +0800] "POST /xingrg/kc/buy/cgsh_order_operate.html HTTP/1.1" 200 37
114.83.222.182 - - [30/Mar/2023:11:16:16 +0800] "GET /xingrg/all/function/internal_message.html?_=1680146252860&CODE_STATE=getMsg HTTP/1.1" 200 27
101.229.22.234 - - [30/Mar/2023:11:16:16 +0800] "GET /xingrg/all/function/internal_message.html?_=1680146176443&CODE_STATE=getMsg HTTP/1.1" 200 27
116.238.139.35 - - [30/Mar/2023:11:16:17 +0800] "GET /xingrg/all/function/internal_message.html?_=1680146094443&CODE_STATE=getMsg HTTP/1.1" 200 27
180.164.3.199 - - [30/Mar/2023:11:16:17 +0800] "GET /xingrg/all/function/internal_message.html?_=1680146178113&CODE_STATE=getMsg HTTP/1.1" 200 27
180.169.147.146 - - [30/Mar/2023:11:16:17 +0800] "GET /xingrg/all/function/internal_message.html?_=1680146172820&CODE_STATE=getMsg HTTP/1.1" 200 27
180.157.253.110 - - [30/Mar/2023:11:16:20 +0800] "POST /xingrg/kc/buy/cgsh_order_operate.html HTTP/1.1" 200 11025
116.224.106.218 - - [30/Mar/2023:11:16:21 +0800] "GET /xingrg/kc/buy/cgsh_order_operate.html?command=get_materiel&rest_code=00145&code=00101011001&supplier_code=00100047&order_time=2023-03-30 HTTP/1.1" 200 423
180.169.147.146 - - [30/Mar/2023:11:16:27 +0800] "GET /xingrg/all/function/internal_message.html?_=1680146185831&CODE_STATE=getMsg HTTP/1.1" 200 27
116.238.139.35 - - [30/Mar/2023:11:16:30 +0800] "GET /xingrg/all/function/internal_message.html?_=1680146192027&CODE_STATE=getMsg HTTP/1.1" 200 27
124.79.240.114 - - [30/Mar/2023:11:16:31 +0800] "GET /xingrg/all/function/internal_message.html?_=1680146453813&CODE_STATE=getMsg HTTP/1.1" 200 27
124.79.240.114 - - [30/Mar/2023:11:16:31 +0800] "GET /xingrg/check_reg.html?_=1680146453814 HTTP/1.1" 200 22
180.169.147.146 - - [30/Mar/2023:11:16:33 +0800] "GET /xingrg/kc/buy/cgsh_order_operate.html?command=get_materiel&rest_code=00147&code=00101009062&supplier_code=00100022&order_time=2023-03-30 HTTP/1.1" 200 412
222.67.232.202 - - [30/Mar/2023:11:16:43 +0800] "GET /xingrg/all/function/internal_message.html?_=1680145746419&CODE_STATE=getMsg HTTP/1.1" 200 27
222.67.232.202 - - [30/Mar/2023:11:16:43 +0800] "GET /xingrg/check_reg.html?_=1680145746420 HTTP/1.1" 200 22
101.83.240.222 - - [30/Mar/2023:11:16:45 +0800] "GET /xingrg/all/function/internal_message.html?_=1680146203265&CODE_STATE=getMsg HTTP/1.1" 200 27
172.20.0.100 - - [30/Mar/2023:11:16:45 +0800] "GET /xingrg/all/function/internal_message.html?_=1680146215372&CODE_STATE=getMsg HTTP/1.1" 200 27
222.70.182.87 - - [30/Mar/2023:11:16:56 +0800] "GET /xingrg/all/function/internal_message.html?_=1680146216141&CODE_STATE=getMsg HTTP/1.1" 200 27
222.70.172.219 - - [30/Mar/2023:11:16:57 +0800] "GET /xingrg/check_reg.html?_=1680146231718 HTTP/1.1" 200 22
116.192.124.172 - - [30/Mar/2023:11:16:59 +0800] "GET /xingrg/all/function/internal_message.html?_=1680146220158&CODE_STATE=getMsg HTTP/1.1" 200 27
172.20.0.100 - - [30/Mar/2023:11:17:00 +0800] "GET /xingrg/all/function/internal_message.html?_=1680146230667&CODE_STATE=getMsg HTTP/1.1" 200 27
124.79.72.155 - - [30/Mar/2023:11:17:00 +0800] "GET /xingrg/all/function/internal_message.html?_=1680146229879&CODE_STATE=getMsg HTTP/1.1" 200 27
116.192.124.172 - - [30/Mar/2023:11:17:01 +0800] "GET /xingrg/check_reg.html?_=1680146221778 HTTP/1.1" 200 22
116.224.158.100 - - [30/Mar/2023:11:17:02 +0800] "GET /xingrg/all/function/internal_message.html?_=1680146223345&CODE_STATE=getMsg HTTP/1.1" 200 27
180.169.147.146 - - [30/Mar/2023:11:17:03 +0800] "GET /xingrg/kc/buy/cgsh_order_operate.html?command=get_materiel&rest_code=00147&code=00101009141&supplier_code=00100022&order_time=2023-03-30 HTTP/1.1" 200 413
116.227.208.255 - - [30/Mar/2023:11:17:03 +0800] "GET /xingrg/all/function/internal_message.html?_=1680146322454&CODE_STATE=getMsg HTTP/1.1" 200 27
116.227.208.255 - - [30/Mar/2023:11:17:03 +0800] "GET /xingrg/check_reg.html?_=1680146322457 HTTP/1.1" 200 22
124.79.240.114 - - [30/Mar/2023:11:17:03 +0800] "POST /xingrg/kc/buy/cgsh_list_operate.html HTTP/1.1" 200 6029
114.83.222.182 - - [30/Mar/2023:11:17:07 +0800] "GET /xingrg/check_reg.html?_=1680146303795 HTTP/1.1" 200 22
180.157.253.110 - - [30/Mar/2023:11:17:07 +0800] "GET /xingrg/check_reg.html?_=1680146228006 HTTP/1.1" 200 22
180.157.253.110 - - [30/Mar/2023:11:17:07 +0800] "GET /xingrg/all/function/internal_message.html?_=1680146228010&CODE_STATE=getMsg HTTP/1.1" 200 27
116.192.124.172 - - [30/Mar/2023:11:17:10 +0800] "GET /xingrg/all/function/internal_message.html?_=1680146230526&CODE_STATE=getMsg HTTP/1.1" 200 27
222.70.172.219 - - [30/Mar/2023:11:17:11 +0800] "GET /xingrg/all/function/internal_message.html?_=1680146245785&CODE_STATE=getMsg HTTP/1.1" 200 27
116.224.106.218 - - [30/Mar/2023:11:17:13 +0800] "POST /xingrg/kc/buy/cgsh_order_operate.html HTTP/1.1" 200 37
180.169.147.146 - - [30/Mar/2023:11:17:15 +0800] "GET /xingrg/kc/buy/cgsh_order_operate.html?command=get_materiel&rest_code=00147&code=00101009013&supplier_code=00100022&order_time=2023-03-30 HTTP/1.1" 200 420
114.83.222.182 - - [30/Mar/2023:11:17:16 +0800] "GET /xingrg/all/function/internal_message.html?_=1680146312843&CODE_STATE=getMsg HTTP/1.1" 200 27
101.229.22.234 - - [30/Mar/2023:11:17:16 +0800] "GET /xingrg/all/function/internal_message.html?_=1680146236443&CODE_STATE=getMsg HTTP/1.1" 200 27
116.238.139.35 - - [30/Mar/2023:11:17:17 +0800] "GET /xingrg/all/function/internal_message.html?_=1680146154456&CODE_STATE=getMsg HTTP/1.1" 200 27
180.164.3.199 - - [30/Mar/2023:11:17:17 +0800] "GET /xingrg/all/function/internal_message.html?_=1680146238119&CODE_STATE=getMsg HTTP/1.1" 200 27
180.164.3.199 - - [30/Mar/2023:11:17:17 +0800] "GET /xingrg/check_reg.html?_=1680146238123 HTTP/1.1" 200 22
180.169.147.146 - - [30/Mar/2023:11:17:17 +0800] "GET /xingrg/all/function/internal_message.html?_=1680146232820&CODE_STATE=getMsg HTTP/1.1" 200 27
180.169.147.146 - - [30/Mar/2023:11:17:24 +0800] "GET /xingrg/kc/buy/cgsh_order_operate.html?command=get_materiel&rest_code=00147&code=00101009124&supplier_code=00100022&order_time=2023-03-30 HTTP/1.1" 200 416
180.169.147.146 - - [30/Mar/2023:11:17:27 +0800] "GET /xingrg/all/function/internal_message.html?_=1680146245816&CODE_STATE=getMsg HTTP/1.1" 200 27
116.224.106.218 - - [30/Mar/2023:11:17:28 +0800] "POST /xingrg/kc/buy/cgsh_order_operate.html HTTP/1.1" 200 2666
116.238.139.35 - - [30/Mar/2023:11:17:30 +0800] "GET /xingrg/all/function/internal_message.html?_=1680146252028&CODE_STATE=getMsg HTTP/1.1" 200 27
124.79.240.114 - - [30/Mar/2023:11:17:31 +0800] "GET /xingrg/all/function/internal_message.html?_=1680146513788&CODE_STATE=getMsg HTTP/1.1" 200 27
180.169.147.146 - - [30/Mar/2023:11:17:34 +0800] "GET /xingrg/kc/buy/cgsh_order_operate.html?command=get_materiel&rest_code=00147&code=00101008418&supplier_code=00100022&order_time=2023-03-30 HTTP/1.1" 200 412
180.169.147.146 - - [30/Mar/2023:11:17:42 +0800] "POST /xingrg/kc/buy/cgsh_order_operate.html HTTP/1.1" 200 37
222.67.232.202 - - [30/Mar/2023:11:17:43 +0800] "GET /xingrg/all/function/internal_message.html?_=1680145806419&CODE_STATE=getMsg HTTP/1.1" 200 27
101.83.240.222 - - [30/Mar/2023:11:17:45 +0800] "GET /xingrg/all/function/internal_message.html?_=1680146263268&CODE_STATE=getMsg HTTP/1.1" 200 27
172.20.0.100 - - [30/Mar/2023:11:17:45 +0800] "GET /xingrg/check_reg.html?_=1680146275371 HTTP/1.1" 200 22
172.20.0.100 - - [30/Mar/2023:11:17:45 +0800] "GET /xingrg/all/function/internal_message.html?_=1680146275372&CODE_STATE=getMsg HTTP/1.1" 200 27
116.224.106.218 - - [30/Mar/2023:11:17:45 +0800] "POST /xingrg/kc/buy/cgsh_order_operate.html HTTP/1.1" 200 37
116.224.106.218 - - [30/Mar/2023:11:17:51 +0800] "POST /xingrg/kc/buy/cgsh_order_operate.html HTTP/1.1" 200 12
116.224.106.218 - - [30/Mar/2023:11:17:54 +0800] "GET /xingrg/kc/buy/cgsh_order_info.html?code=212023033011222 HTTP/1.1" 200 64058
116.224.106.218 - - [30/Mar/2023:11:17:54 +0800] "GET /xingrg/words/20230330101052_words.js HTTP/1.1" 304 -
116.224.106.218 - - [30/Mar/2023:11:17:54 +0800] "GET /xingrg/javascript/easyui/themes/default/validatebox.css HTTP/1.1" 404 1104
116.224.106.218 - - [30/Mar/2023:11:17:55 +0800] "POST /xingrg/kc/buy/cgsh_order_operate.html HTTP/1.1" 200 616
222.70.182.87 - - [30/Mar/2023:11:17:56 +0800] "GET /xingrg/all/function/internal_message.html?_=1680146276167&CODE_STATE=getMsg HTTP/1.1" 200 27
116.224.106.218 - - [30/Mar/2023:11:17:58 +0800] "GET /xingrg/kc/print/load_data.html?order_code=212023033011222&kc_code=cgsh&condition= HTTP/1.1" 200 759
116.192.124.172 - - [30/Mar/2023:11:17:59 +0800] "GET /xingrg/all/function/internal_message.html?_=1680146280153&CODE_STATE=getMsg HTTP/1.1" 200 27
172.20.0.100 - - [30/Mar/2023:11:18:00 +0800] "GET /xingrg/all/function/internal_message.html?_=1680146290665&CODE_STATE=getMsg HTTP/1.1" 200 27
124.79.72.155 - - [30/Mar/2023:11:18:00 +0800] "GET /xingrg/all/function/internal_message.html?_=1680146289881&CODE_STATE=getMsg HTTP/1.1" 200 27
116.224.158.100 - - [30/Mar/2023:11:18:02 +0800] "GET /xingrg/all/function/internal_message.html?_=1680146283356&CODE_STATE=getMsg HTTP/1.1" 200 27
116.227.208.255 - - [30/Mar/2023:11:18:03 +0800] "GET /xingrg/all/function/internal_message.html?_=1680146382460&CODE_STATE=getMsg HTTP/1.1" 200 27
180.157.253.110 - - [30/Mar/2023:11:18:07 +0800] "GET /xingrg/all/function/internal_message.html?_=1680146288015&CODE_STATE=getMsg HTTP/1.1" 200 27
116.224.106.218 - - [30/Mar/2023:11:18:09 +0800] "GET /xingrg/all/function/internal_message.html?_=1680146289152&CODE_STATE=getMsg HTTP/1.1" 200 27
116.192.124.172 - - [30/Mar/2023:11:18:10 +0800] "GET /xingrg/all/function/internal_message.html?_=1680146290520&CODE_STATE=getMsg HTTP/1.1" 200 27
222.70.172.219 - - [30/Mar/2023:11:18:11 +0800] "GET /xingrg/all/function/internal_message.html?_=1680146305799&CODE_STATE=getMsg HTTP/1.1" 200 27
114.83.222.182 - - [30/Mar/2023:11:18:16 +0800] "GET /xingrg/all/function/internal_message.html?_=1680146372826&CODE_STATE=getMsg HTTP/1.1" 200 27
101.229.22.234 - - [30/Mar/2023:11:18:16 +0800] "GET /xingrg/check_reg.html?_=1680146296444 HTTP/1.1" 200 22
101.229.22.234 - - [30/Mar/2023:11:18:16 +0800] "GET /xingrg/all/function/internal_message.html?_=1680146296448&CODE_STATE=getMsg HTTP/1.1" 200 27
116.238.139.35 - - [30/Mar/2023:11:18:17 +0800] "GET /xingrg/all/function/internal_message.html?_=1680146214484&CODE_STATE=getMsg HTTP/1.1" 200 27
180.164.3.199 - - [30/Mar/2023:11:18:17 +0800] "GET /xingrg/all/function/internal_message.html?_=1680146298133&CODE_STATE=getMsg HTTP/1.1" 200 27
180.169.147.146 - - [30/Mar/2023:11:18:17 +0800] "GET /xingrg/all/function/internal_message.html?_=1680146292820&CODE_STATE=getMsg HTTP/1.1" 200 27
116.238.139.35 - - [30/Mar/2023:11:18:30 +0800] "GET /xingrg/all/function/internal_message.html?_=1680146312032&CODE_STATE=getMsg HTTP/1.1" 200 27
124.79.240.114 - - [30/Mar/2023:11:18:31 +0800] "GET /xingrg/all/function/internal_message.html?_=1680146573760&CODE_STATE=getMsg HTTP/1.1" 200 27
222.67.232.202 - - [30/Mar/2023:11:18:43 +0800] "GET /xingrg/all/function/internal_message.html?_=1680145866417&CODE_STATE=getMsg HTTP/1.1" 200 27
101.83.240.222 - - [30/Mar/2023:11:18:45 +0800] "GET /xingrg/all/function/internal_message.html?_=1680146323275&CODE_STATE=getMsg HTTP/1.1" 200 27
172.20.0.100 - - [30/Mar/2023:11:18:45 +0800] "GET /xingrg/all/function/internal_message.html?_=1680146335369&CODE_STATE=getMsg HTTP/1.1" 200 27
222.70.182.87 - - [30/Mar/2023:11:18:56 +0800] "GET /xingrg/check_reg.html?_=1680146336167 HTTP/1.1" 200 22
222.70.182.87 - - [30/Mar/2023:11:18:56 +0800] "GET /xingrg/all/function/internal_message.html?_=1680146336170&CODE_STATE=getMsg HTTP/1.1" 200 27
116.192.124.172 - - [30/Mar/2023:11:18:59 +0800] "GET /xingrg/all/function/internal_message.html?_=1680146340133&CODE_STATE=getMsg HTTP/1.1" 200 27
172.20.0.100 - - [30/Mar/2023:11:19:00 +0800] "GET /xingrg/all/function/internal_message.html?_=1680146350680&CODE_STATE=getMsg HTTP/1.1" 200 27
172.20.0.100 - - [30/Mar/2023:11:19:00 +0800] "GET /xingrg/check_reg.html?_=1680146350681 HTTP/1.1" 200 22
124.79.72.155 - - [30/Mar/2023:11:19:00 +0800] "GET /xingrg/check_reg.html?_=1680146349879 HTTP/1.1" 200 22
124.79.72.155 - - [30/Mar/2023:11:19:00 +0800] "GET /xingrg/all/function/internal_message.html?_=1680146349880&CODE_STATE=getMsg HTTP/1.1" 200 27
116.224.158.100 - - [30/Mar/2023:11:19:02 +0800] "GET /xingrg/all/function/internal_message.html?_=1680146343352&CODE_STATE=getMsg HTTP/1.1" 200 27
116.227.208.255 - - [30/Mar/2023:11:19:03 +0800] "GET /xingrg/all/function/internal_message.html?_=1680146442449&CODE_STATE=getMsg HTTP/1.1" 200 27
180.157.253.110 - - [30/Mar/2023:11:19:07 +0800] "GET /xingrg/all/function/internal_message.html?_=1680146348016&CODE_STATE=getMsg HTTP/1.1" 200 27
116.224.106.218 - - [30/Mar/2023:11:19:09 +0800] "GET /xingrg/all/function/internal_message.html?_=1680146349123&CODE_STATE=getMsg HTTP/1.1" 200 27
116.192.124.172 - - [30/Mar/2023:11:19:10 +0800] "GET /xingrg/all/function/internal_message.html?_=1680146350527&CODE_STATE=getMsg HTTP/1.1" 200 27
116.192.124.172 - - [30/Mar/2023:11:19:10 +0800] "GET /xingrg/check_reg.html?_=1680146350530 HTTP/1.1" 200 22
222.70.172.219 - - [30/Mar/2023:11:19:12 +0800] "GET /xingrg/all/function/internal_message.html?_=1680146366653&CODE_STATE=getMsg HTTP/1.1" 200 27
114.83.222.182 - - [30/Mar/2023:11:19:16 +0800] "GET /xingrg/all/function/internal_message.html?_=1680146432820&CODE_STATE=getMsg HTTP/1.1" 200 27
101.229.22.234 - - [30/Mar/2023:11:19:16 +0800] "GET /xingrg/all/function/internal_message.html?_=1680146356435&CODE_STATE=getMsg HTTP/1.1" 200 27
180.164.3.199 - - [30/Mar/2023:11:19:17 +0800] "GET /xingrg/all/function/internal_message.html?_=1680146358122&CODE_STATE=getMsg HTTP/1.1" 200 27
116.238.139.35 - - [30/Mar/2023:11:19:17 +0800] "GET /xingrg/all/function/internal_message.html?_=1680146274499&CODE_STATE=getMsg HTTP/1.1" 200 27
180.169.147.146 - - [30/Mar/2023:11:19:17 +0800] "GET /xingrg/all/function/internal_message.html?_=1680146352820&CODE_STATE=getMsg HTTP/1.1" 200 27
116.238.139.35 - - [30/Mar/2023:11:19:30 +0800] "GET /xingrg/all/function/internal_message.html?_=1680146372018&CODE_STATE=getMsg HTTP/1.1" 200 27
124.79.240.114 - - [30/Mar/2023:11:19:31 +0800] "GET /xingrg/all/function/internal_message.html?_=1680146633756&CODE_STATE=getMsg HTTP/1.1" 200 27
222.67.232.202 - - [30/Mar/2023:11:19:43 +0800] "GET /xingrg/all/function/internal_message.html?_=1680145926415&CODE_STATE=getMsg HTTP/1.1" 200 27
101.83.240.222 - - [30/Mar/2023:11:19:45 +0800] "GET /xingrg/all/function/internal_message.html?_=1680146383273&CODE_STATE=getMsg HTTP/1.1" 200 27
172.20.0.100 - - [30/Mar/2023:11:19:45 +0800] "GET /xingrg/all/function/internal_message.html?_=1680146395368&CODE_STATE=getMsg HTTP/1.1" 200 27
222.70.182.87 - - [30/Mar/2023:11:19:56 +0800] "GET /xingrg/all/function/internal_message.html?_=1680146396170&CODE_STATE=getMsg HTTP/1.1" 200 27
116.192.124.172 - - [30/Mar/2023:11:19:59 +0800] "GET /xingrg/all/function/internal_message.html?_=1680146400103&CODE_STATE=getMsg HTTP/1.1" 200 27
172.20.0.100 - - [30/Mar/2023:11:20:00 +0800] "GET /xingrg/all/function/internal_message.html?_=1680146410665&CODE_STATE=getMsg HTTP/1.1" 200 27
124.79.72.155 - - [30/Mar/2023:11:20:00 +0800] "GET /xingrg/all/function/internal_message.html?_=1680146409894&CODE_STATE=getMsg HTTP/1.1" 200 27
116.224.158.100 - - [30/Mar/2023:11:20:02 +0800] "GET /xingrg/all/function/internal_message.html?_=1680146403354&CODE_STATE=getMsg HTTP/1.1" 200 27
116.227.208.255 - - [30/Mar/2023:11:20:03 +0800] "GET /xingrg/all/function/internal_message.html?_=1680146502458&CODE_STATE=getMsg HTTP/1.1" 200 27
116.224.158.100 - - [30/Mar/2023:11:20:05 +0800] "GET /xingrg/check_reg.html?_=1680146403357 HTTP/1.1" 200 22
180.157.253.110 - - [30/Mar/2023:11:20:07 +0800] "GET /xingrg/all/function/internal_message.html?_=1680146408018&CODE_STATE=getMsg HTTP/1.1" 200 27
116.224.106.218 - - [30/Mar/2023:11:20:09 +0800] "GET /xingrg/all/function/internal_message.html?_=1680146409110&CODE_STATE=getMsg HTTP/1.1" 200 27
116.192.124.172 - - [30/Mar/2023:11:20:10 +0800] "GET /xingrg/all/function/internal_message.html?_=1680146410525&CODE_STATE=getMsg HTTP/1.1" 200 27
222.70.172.219 - - [30/Mar/2023:11:20:12 +0800] "GET /xingrg/all/function/internal_message.html?_=1680146426671&CODE_STATE=getMsg HTTP/1.1" 200 27
116.224.106.218 - - [30/Mar/2023:11:20:14 +0800] "GET /xingrg/kc/buy/cgsh_order_add.html HTTP/1.1" 200 69155
116.224.106.218 - - [30/Mar/2023:11:20:15 +0800] "POST /xingrg/kc/buy/cgsh_order_operate.html HTTP/1.1" 200 8245
116.224.106.218 - - [30/Mar/2023:11:20:15 +0800] "GET /xingrg/javascript/easyui/themes/default/validatebox.css HTTP/1.1" 404 1104
114.83.222.182 - - [30/Mar/2023:11:20:16 +0800] "GET /xingrg/all/function/internal_message.html?_=1680146492801&CODE_STATE=getMsg HTTP/1.1" 200 27
101.229.22.234 - - [30/Mar/2023:11:20:16 +0800] "GET /xingrg/all/function/internal_message.html?_=1680146416433&CODE_STATE=getMsg HTTP/1.1" 200 27
180.164.3.199 - - [30/Mar/2023:11:20:17 +0800] "GET /xingrg/all/function/internal_message.html?_=1680146418137&CODE_STATE=getMsg HTTP/1.1" 200 27
116.238.139.35 - - [30/Mar/2023:11:20:17 +0800] "GET /xingrg/all/function/internal_message.html?_=1680146334528&CODE_STATE=getMsg HTTP/1.1" 200 27
180.169.147.146 - - [30/Mar/2023:11:20:17 +0800] "GET /xingrg/check_reg.html?_=1680146412822 HTTP/1.1" 200 22
180.169.147.146 - - [30/Mar/2023:11:20:17 +0800] "GET /xingrg/all/function/internal_message.html?_=1680146412827&CODE_STATE=getMsg HTTP/1.1" 200 27
124.79.240.114 - - [30/Mar/2023:11:20:24 +0800] "POST /xingrg/services/DataTransmitService HTTP/1.1" 200 524
124.79.240.114 - - [30/Mar/2023:11:20:25 +0800] "POST /xingrg/services/DataTransmitService HTTP/1.1" 200 2403
124.79.240.114 - - [30/Mar/2023:11:20:26 +0800] "POST /xingrg/services/DataTransmitService HTTP/1.1" 200 177920
116.238.139.35 - - [30/Mar/2023:11:20:30 +0800] "GET /xingrg/all/function/internal_message.html?_=1680146432020&CODE_STATE=getMsg HTTP/1.1" 200 27
116.238.139.35 - - [30/Mar/2023:11:20:30 +0800] "GET /xingrg/check_reg.html?_=1680146432023 HTTP/1.1" 200 22
124.79.240.114 - - [30/Mar/2023:11:20:31 +0800] "GET /xingrg/all/function/internal_message.html?_=1680146693736&CODE_STATE=getMsg HTTP/1.1" 200 27
222.67.232.202 - - [30/Mar/2023:11:20:43 +0800] "GET /xingrg/all/function/internal_message.html?_=1680145986413&CODE_STATE=getMsg HTTP/1.1" 200 27
101.83.240.222 - - [30/Mar/2023:11:20:45 +0800] "GET /xingrg/check_reg.html?_=1680146443278 HTTP/1.1" 200 22
101.83.240.222 - - [30/Mar/2023:11:20:45 +0800] "GET /xingrg/all/function/internal_message.html?_=1680146443280&CODE_STATE=getMsg HTTP/1.1" 200 27
172.20.0.100 - - [30/Mar/2023:11:20:45 +0800] "GET /xingrg/all/function/internal_message.html?_=1680146455366&CODE_STATE=getMsg HTTP/1.1" 200 27
222.70.182.87 - - [30/Mar/2023:11:20:56 +0800] "GET /xingrg/all/function/internal_message.html?_=1680146456170&CODE_STATE=getMsg HTTP/1.1" 200 27
116.192.124.172 - - [30/Mar/2023:11:20:59 +0800] "GET /xingrg/all/function/internal_message.html?_=1680146460089&CODE_STATE=getMsg HTTP/1.1" 200 27
172.20.0.100 - - [30/Mar/2023:11:21:00 +0800] "GET /xingrg/all/function/internal_message.html?_=1680146470679&CODE_STATE=getMsg HTTP/1.1" 200 27
124.79.72.155 - - [30/Mar/2023:11:21:00 +0800] "GET /xingrg/all/function/internal_message.html?_=1680146469878&CODE_STATE=getMsg HTTP/1.1" 200 27
116.224.158.100 - - [30/Mar/2023:11:21:02 +0800] "GET /xingrg/all/function/internal_message.html?_=1680146463345&CODE_STATE=getMsg HTTP/1.1" 200 27
116.238.139.35 - - [30/Mar/2023:11:21:03 +0800] "GET /xingrg/check_reg.html?_=1680146380292 HTTP/1.1" 200 22
116.227.208.255 - - [30/Mar/2023:11:21:03 +0800] "GET /xingrg/all/function/internal_message.html?_=1680146562450&CODE_STATE=getMsg HTTP/1.1" 200 27
172.20.0.100 - - [30/Mar/2023:11:21:06 +0800] "GET /xingrg/check_reg.html?_=1680146476862 HTTP/1.1" 200 22
180.157.253.110 - - [30/Mar/2023:11:21:07 +0800] "GET /xingrg/all/function/internal_message.html?_=1680146468020&CODE_STATE=getMsg HTTP/1.1" 200 27
116.224.106.218 - - [30/Mar/2023:11:21:09 +0800] "GET /xingrg/all/function/internal_message.html?_=1680146469092&CODE_STATE=getMsg HTTP/1.1" 200 27
116.192.124.172 - - [30/Mar/2023:11:21:10 +0800] "GET /xingrg/all/function/internal_message.html?_=1680146470514&CODE_STATE=getMsg HTTP/1.1" 200 27
222.70.172.219 - - [30/Mar/2023:11:21:13 +0800] "GET /xingrg/all/function/internal_message.html?_=1680146487511&CODE_STATE=getMsg HTTP/1.1" 200 27
114.83.222.182 - - [30/Mar/2023:11:21:16 +0800] "GET /xingrg/all/function/internal_message.html?_=1680146552796&CODE_STATE=getMsg HTTP/1.1" 200 27
101.229.22.234 - - [30/Mar/2023:11:21:16 +0800] "GET /xingrg/all/function/internal_message.html?_=1680146476435&CODE_STATE=getMsg HTTP/1.1" 200 27
180.164.3.199 - - [30/Mar/2023:11:21:17 +0800] "GET /xingrg/all/function/internal_message.html?_=1680146478138&CODE_STATE=getMsg HTTP/1.1" 200 27
180.169.147.146 - - [30/Mar/2023:11:21:17 +0800] "GET /xingrg/all/function/internal_message.html?_=1680146472812&CODE_STATE=getMsg HTTP/1.1" 200 27
116.238.139.35 - - [30/Mar/2023:11:21:17 +0800] "GET /xingrg/all/function/internal_message.html?_=1680146394542&CODE_STATE=getMsg HTTP/1.1" 200 27
116.238.139.35 - - [30/Mar/2023:11:21:30 +0800] "GET /xingrg/all/function/internal_message.html?_=1680146492023&CODE_STATE=getMsg HTTP/1.1" 200 27
124.79.240.114 - - [30/Mar/2023:11:21:31 +0800] "GET /xingrg/all/function/internal_message.html?_=1680146753705&CODE_STATE=getMsg HTTP/1.1" 200 27
124.79.240.114 - - [30/Mar/2023:11:21:31 +0800] "GET /xingrg/check_reg.html?_=1680146753815 HTTP/1.1" 200 22
222.67.232.202 - - [30/Mar/2023:11:21:43 +0800] "GET /xingrg/all/function/internal_message.html?_=1680146046412&CODE_STATE=getMsg HTTP/1.1" 200 27
222.67.232.202 - - [30/Mar/2023:11:21:43 +0800] "GET /xingrg/check_reg.html?_=1680146046413 HTTP/1.1" 200 22
101.83.240.222 - - [30/Mar/2023:11:21:45 +0800] "GET /xingrg/all/function/internal_message.html?_=1680146503276&CODE_STATE=getMsg HTTP/1.1" 200 27
172.20.0.100 - - [30/Mar/2023:11:21:45 +0800] "GET /xingrg/all/function/internal_message.html?_=1680146515364&CODE_STATE=getMsg HTTP/1.1" 200 27
116.192.124.172 - - [30/Mar/2023:11:21:48 +0800] "GET /xingrg/kc/buy/cgsh_order_add.html HTTP/1.1" 200 69996
116.192.124.172 - - [30/Mar/2023:11:21:48 +0800] "GET /xingrg/words/20230330101052_words.js HTTP/1.1" 304 -
116.192.124.172 - - [30/Mar/2023:11:21:49 +0800] "POST /xingrg/kc/buy/cgsh_order_operate.html HTTP/1.1" 200 8245
116.192.124.172 - - [30/Mar/2023:11:21:49 +0800] "GET /xingrg/javascript/easyui/themes/default/validatebox.css HTTP/1.1" 404 1104
116.192.124.172 - - [30/Mar/2023:11:21:50 +0800] "GET /xingrg/javascript/easyui/themes/default/tree.css HTTP/1.1" 404 1090
116.192.124.172 - - [30/Mar/2023:11:21:50 +0800] "POST /xingrg/all/common/load_tree.html?tree=supplier_tree_json&isDelete=1 HTTP/1.1" 200 71093
222.70.182.87 - - [30/Mar/2023:11:21:56 +0800] "GET /xingrg/all/function/internal_message.html?_=1680146516168&CODE_STATE=getMsg HTTP/1.1" 200 27
222.70.172.219 - - [30/Mar/2023:11:21:57 +0800] "GET /xingrg/check_reg.html?_=1680146531721 HTTP/1.1" 200 22
116.192.124.172 - - [30/Mar/2023:11:21:59 +0800] "GET /xingrg/all/function/internal_message.html?_=1680146520057&CODE_STATE=getMsg HTTP/1.1" 200 27
172.20.0.100 - - [30/Mar/2023:11:22:00 +0800] "GET /xingrg/all/function/internal_message.html?_=1680146530678&CODE_STATE=getMsg HTTP/1.1" 200 27
124.79.72.155 - - [30/Mar/2023:11:22:00 +0800] "GET /xingrg/all/function/internal_message.html?_=1680146529906&CODE_STATE=getMsg HTTP/1.1" 200 27
116.192.124.172 - - [30/Mar/2023:11:22:01 +0800] "GET /xingrg/kc/base/wldb_order_list.html HTTP/1.1" 200 19098
116.192.124.172 - - [30/Mar/2023:11:22:01 +0800] "GET /xingrg/check_reg.html?_=1680146521747 HTTP/1.1" 200 22
116.192.124.172 - - [30/Mar/2023:11:22:02 +0800] "POST /xingrg/kc/base/wldb_list_operate.html HTTP/1.1" 200 928
116.224.158.100 - - [30/Mar/2023:11:22:02 +0800] "GET /xingrg/all/function/internal_message.html?_=1680146523354&CODE_STATE=getMsg HTTP/1.1" 200 27
116.227.208.255 - - [30/Mar/2023:11:22:03 +0800] "GET /xingrg/all/function/internal_message.html?_=1680146622463&CODE_STATE=getMsg HTTP/1.1" 200 27
116.227.208.255 - - [30/Mar/2023:11:22:03 +0800] "GET /xingrg/check_reg.html?_=1680146622467 HTTP/1.1" 200 22
114.83.222.182 - - [30/Mar/2023:11:22:06 +0800] "GET /xingrg/check_reg.html?_=1680146603773 HTTP/1.1" 200 22
180.157.253.110 - - [30/Mar/2023:11:22:07 +0800] "GET /xingrg/check_reg.html?_=1680146528007 HTTP/1.1" 200 22
180.157.253.110 - - [30/Mar/2023:11:22:07 +0800] "GET /xingrg/all/function/internal_message.html?_=1680146528010&CODE_STATE=getMsg HTTP/1.1" 200 27
116.192.124.172 - - [30/Mar/2023:11:22:09 +0800] "GET /xingrg/kc/base/wldb_order_add.html HTTP/1.1" 200 30377
116.192.124.172 - - [30/Mar/2023:11:22:09 +0800] "POST /xingrg/kc/base/wldb_order_operate.html HTTP/1.1" 200 6806
116.192.124.172 - - [30/Mar/2023:11:22:09 +0800] "GET /xingrg/javascript/easyui/themes/default/validatebox.css HTTP/1.1" 404 1104
116.224.106.218 - - [30/Mar/2023:11:22:09 +0800] "GET /xingrg/all/function/internal_message.html?_=1680146529071&CODE_STATE=getMsg HTTP/1.1" 200 27
116.224.106.218 - - [30/Mar/2023:11:22:09 +0800] "GET /xingrg/check_reg.html?_=1680146529151 HTTP/1.1" 200 22
116.192.124.172 - - [30/Mar/2023:11:22:10 +0800] "GET /xingrg/all/function/internal_message.html?_=1680146530518&CODE_STATE=getMsg HTTP/1.1" 200 27
116.192.124.172 - - [30/Mar/2023:11:22:11 +0800] "POST /xingrg/all/common/load_combo.html?type=base HTTP/1.1" 200 3321
222.70.172.219 - - [30/Mar/2023:11:22:13 +0800] "GET /xingrg/all/function/internal_message.html?_=1680146547522&CODE_STATE=getMsg HTTP/1.1" 200 27
114.83.222.182 - - [30/Mar/2023:11:22:15 +0800] "GET /xingrg/all/function/internal_message.html?_=1680146612782&CODE_STATE=getMsg HTTP/1.1" 200 27
101.229.22.234 - - [30/Mar/2023:11:22:16 +0800] "GET /xingrg/all/function/internal_message.html?_=1680146536436&CODE_STATE=getMsg HTTP/1.1" 200 27
180.164.3.199 - - [30/Mar/2023:11:22:17 +0800] "GET /xingrg/check_reg.html?_=1680146538132 HTTP/1.1" 200 22
180.164.3.199 - - [30/Mar/2023:11:22:17 +0800] "GET /xingrg/all/function/internal_message.html?_=1680146538133&CODE_STATE=getMsg HTTP/1.1" 200 27
180.169.147.146 - - [30/Mar/2023:11:22:17 +0800] "GET /xingrg/all/function/internal_message.html?_=1680146532811&CODE_STATE=getMsg HTTP/1.1" 200 27
116.238.139.35 - - [30/Mar/2023:11:22:17 +0800] "GET /xingrg/all/function/internal_message.html?_=1680146454555&CODE_STATE=getMsg HTTP/1.1" 200 27
124.78.155.10 - - [30/Mar/2023:11:22:25 +0800] "GET /xingrg/login.html?r=1 HTTP/1.1" 200 7641
124.78.155.10 - - [30/Mar/2023:11:22:25 +0800] "GET /favicon.ico HTTP/1.1" 404 -
124.78.155.10 - - [30/Mar/2023:11:22:29 +0800] "POST /xingrg/login.do HTTP/1.1" 302 -
124.78.155.10 - - [30/Mar/2023:11:22:29 +0800] "GET /xingrg/index.html?sysBaseUrl=http%3A%2F%2F180.169.147.146%3A18081%2Fxingrg%2F&costTime=1523×tamp=1680146549493 HTTP/1.1" 200 17173
124.78.155.10 - - [30/Mar/2023:11:22:29 +0800] "GET /favicon.ico HTTP/1.1" 404 -
124.78.155.10 - - [30/Mar/2023:11:22:30 +0800] "GET /xingrg/check_reg.html?_=1680146550458 HTTP/1.1" 200 22
124.78.155.10 - - [30/Mar/2023:11:22:30 +0800] "GET /xingrg/all/function/internal_message.html?_=1680146550456&CODE_STATE=count HTTP/1.1" 200 11
124.78.155.10 - - [30/Mar/2023:11:22:30 +0800] "POST /xingrg/all/common/load_tree.html?tree=area_rest_tree_json&manage=1 HTTP/1.1" 200 342
124.78.155.10 - - [30/Mar/2023:11:22:30 +0800] "POST /xingrg/load_menu.html HTTP/1.1" 200 5138
116.238.139.35 - - [30/Mar/2023:11:22:30 +0800] "GET /xingrg/all/function/internal_message.html?_=1680146552025&CODE_STATE=getMsg HTTP/1.1" 200 27
124.79.240.114 - - [30/Mar/2023:11:22:31 +0800] "GET /xingrg/all/function/internal_message.html?_=1680146813684&CODE_STATE=getMsg HTTP/1.1" 200 27
124.78.155.10 - - [30/Mar/2023:11:22:34 +0800] "GET /xingrg/kc/base/base_main.html HTTP/1.1" 200 12142
124.78.155.10 - - [30/Mar/2023:11:22:35 +0800] "GET /xingrg/kc/base/wldb_order_list.html HTTP/1.1" 200 19098
124.78.155.10 - - [30/Mar/2023:11:22:36 +0800] "POST /xingrg/kc/base/wldb_list_operate.html HTTP/1.1" 200 4133
124.78.155.10 - - [30/Mar/2023:11:22:38 +0800] "GET /xingrg/kc/base/wldb_order_add.html HTTP/1.1" 200 30381
124.78.155.10 - - [30/Mar/2023:11:22:38 +0800] "GET /xingrg/words/20230330101052_words.js HTTP/1.1" 304 -
124.78.155.10 - - [30/Mar/2023:11:22:39 +0800] "GET /xingrg/all/common/auto_word.html?type=base&rest_code=00106 HTTP/1.1" 200 1799
124.78.155.10 - - [30/Mar/2023:11:22:39 +0800] "GET /xingrg/javascript/easyui/themes/default/validatebox.css HTTP/1.1" 404 1104
124.78.155.10 - - [30/Mar/2023:11:22:39 +0800] "GET /xingrg/all/common/auto_word.html?type=base&rest_code=00106 HTTP/1.1" 200 1799
124.78.155.10 - - [30/Mar/2023:11:22:39 +0800] "POST /xingrg/kc/base/wldb_order_operate.html HTTP/1.1" 200 6806
124.78.155.10 - - [30/Mar/2023:11:22:40 +0800] "POST /xingrg/all/common/load_combo.html?type=base HTTP/1.1" 200 3227
222.67.232.202 - - [30/Mar/2023:11:22:43 +0800] "GET /xingrg/all/function/internal_message.html?_=1680146106412&CODE_STATE=getMsg HTTP/1.1" 200 27
124.78.155.10 - - [30/Mar/2023:11:22:44 +0800] "POST /xingrg/all/common/load_combo.html?type=base HTTP/1.1" 200 3227
101.83.240.222 - - [30/Mar/2023:11:22:45 +0800] "GET /xingrg/all/function/internal_message.html?_=1680146563280&CODE_STATE=getMsg HTTP/1.1" 200 27
172.20.0.100 - - [30/Mar/2023:11:22:45 +0800] "GET /xingrg/all/function/internal_message.html?_=1680146575363&CODE_STATE=getMsg HTTP/1.1" 200 27
172.20.0.100 - - [30/Mar/2023:11:22:45 +0800] "GET /xingrg/check_reg.html?_=1680146575364 HTTP/1.1" 200 22
124.79.240.114 - - [30/Mar/2023:11:22:50 +0800] "POST /xingrg/kc/buy/cgsh_list_operate.html HTTP/1.1" 200 4
222.70.182.87 - - [30/Mar/2023:11:22:56 +0800] "GET /xingrg/all/function/internal_message.html?_=1680146576168&CODE_STATE=getMsg HTTP/1.1" 200 27
116.192.124.172 - - [30/Mar/2023:11:22:59 +0800] "GET /xingrg/all/function/internal_message.html?_=1680146580037&CODE_STATE=getMsg HTTP/1.1" 200 27
172.20.0.100 - - [30/Mar/2023:11:23:00 +0800] "GET /xingrg/all/function/internal_message.html?_=1680146590677&CODE_STATE=getMsg HTTP/1.1" 200 27
124.79.72.155 - - [30/Mar/2023:11:23:00 +0800] "GET /xingrg/all/function/internal_message.html?_=1680146589906&CODE_STATE=getMsg HTTP/1.1" 200 27
116.224.158.100 - - [30/Mar/2023:11:23:02 +0800] "GET /xingrg/all/function/internal_message.html?_=1680146583381&CODE_STATE=getMsg HTTP/1.1" 200 27
116.227.208.255 - - [30/Mar/2023:11:23:03 +0800] "GET /xingrg/all/function/internal_message.html?_=1680146682467&CODE_STATE=getMsg HTTP/1.1" 200 27
180.157.253.110 - - [30/Mar/2023:11:23:07 +0800] "GET /xingrg/all/function/internal_message.html?_=1680146588012&CODE_STATE=getMsg HTTP/1.1" 200 27
116.224.106.218 - - [30/Mar/2023:11:23:09 +0800] "GET /xingrg/all/function/internal_message.html?_=1680146589048&CODE_STATE=getMsg HTTP/1.1" 200 27
124.78.155.10 - - [30/Mar/2023:11:23:09 +0800] "GET /xingrg/javascript/auto/indicator.gif HTTP/1.1" 404 1066
116.192.124.172 - - [30/Mar/2023:11:23:10 +0800] "GET /xingrg/all/function/internal_message.html?_=1680146590519&CODE_STATE=getMsg HTTP/1.1" 200 27
222.70.172.219 - - [30/Mar/2023:11:23:13 +0800] "GET /xingrg/all/function/internal_message.html?_=1680146607538&CODE_STATE=getMsg HTTP/1.1" 200 27
114.83.222.182 - - [30/Mar/2023:11:23:15 +0800] "GET /xingrg/all/function/internal_message.html?_=1680146672770&CODE_STATE=getMsg HTTP/1.1" 200 27
101.229.22.234 - - [30/Mar/2023:11:23:16 +0800] "GET /xingrg/check_reg.html?_=1680146596438 HTTP/1.1" 200 22
101.229.22.234 - - [30/Mar/2023:11:23:16 +0800] "GET /xingrg/all/function/internal_message.html?_=1680146596436&CODE_STATE=getMsg HTTP/1.1" 200 27
180.164.3.199 - - [30/Mar/2023:11:23:17 +0800] "GET /xingrg/all/function/internal_message.html?_=1680146598125&CODE_STATE=getMsg HTTP/1.1" 200 27
180.169.147.146 - - [30/Mar/2023:11:23:17 +0800] "GET /xingrg/all/function/internal_message.html?_=1680146592825&CODE_STATE=getMsg HTTP/1.1" 200 27
116.238.139.35 - - [30/Mar/2023:11:23:17 +0800] "GET /xingrg/all/function/internal_message.html?_=1680146514584&CODE_STATE=getMsg HTTP/1.1" 200 27
124.79.240.114 - - [30/Mar/2023:11:23:18 +0800] "POST /xingrg/kc/buy/cgsh_list_operate.html HTTP/1.1" 200 5991
124.78.155.10 - - [30/Mar/2023:11:23:20 +0800] "GET /xingrg/kc/base/wldb_order_operate.html?command=get_materiel&rest_code=00106&base_code=0010233&code=00101004061 HTTP/1.1" 200 431
116.238.139.35 - - [30/Mar/2023:11:23:21 +0800] "GET /xingrg/kc/buy/cgsh_order_list.html HTTP/1.1" 200 54185
116.238.139.35 - - [30/Mar/2023:11:23:23 +0800] "POST /xingrg/kc/buy/cgsh_list_operate.html HTTP/1.1" 200 986
116.238.139.35 - - [30/Mar/2023:11:23:30 +0800] "GET /xingrg/kc/buy/cgsh_order_add.html HTTP/1.1" 200 70005
124.78.155.10 - - [30/Mar/2023:11:23:30 +0800] "GET /xingrg/all/function/internal_message.html?_=1680146610475&CODE_STATE=getMsg HTTP/1.1" 200 27
116.238.139.35 - - [30/Mar/2023:11:23:30 +0800] "GET /xingrg/words/20230330101052_words.js HTTP/1.1" 304 -
116.238.139.35 - - [30/Mar/2023:11:23:30 +0800] "GET /xingrg/all/function/internal_message.html?_=1680146612103&CODE_STATE=getMsg HTTP/1.1" 200 27
116.238.139.35 - - [30/Mar/2023:11:23:30 +0800] "POST /xingrg/kc/buy/cgsh_order_operate.html HTTP/1.1" 200 8245
116.238.139.35 - - [30/Mar/2023:11:23:30 +0800] "GET /xingrg/javascript/easyui/themes/default/validatebox.css HTTP/1.1" 404 1104
124.79.240.114 - - [30/Mar/2023:11:23:31 +0800] "GET /xingrg/all/function/internal_message.html?_=1680146873661&CODE_STATE=getMsg HTTP/1.1" 200 27
116.238.139.35 - - [30/Mar/2023:11:23:39 +0800] "GET /xingrg/kc/buy/cgsh_order_operate.html?command=get_materiel&rest_code=00150&code=00101011004&supplier_code=00100047&order_time=2023-03-30 HTTP/1.1" 200 412
222.67.232.202 - - [30/Mar/2023:11:23:43 +0800] "GET /xingrg/all/function/internal_message.html?_=1680146166452&CODE_STATE=getMsg HTTP/1.1" 200 27
101.83.240.222 - - [30/Mar/2023:11:23:45 +0800] "GET /xingrg/all/function/internal_message.html?_=1680146623280&CODE_STATE=getMsg HTTP/1.1" 200 27
172.20.0.100 - - [30/Mar/2023:11:23:45 +0800] "GET /xingrg/all/function/internal_message.html?_=1680146635389&CODE_STATE=getMsg HTTP/1.1" 200 27
116.238.139.35 - - [30/Mar/2023:11:23:46 +0800] "POST /xingrg/kc/buy/cgsh_order_operate.html HTTP/1.1" 200 37
116.238.139.35 - - [30/Mar/2023:11:23:53 +0800] "POST /xingrg/kc/buy/cgsh_order_operate.html HTTP/1.1" 200 12
124.78.155.10 - - [30/Mar/2023:11:23:53 +0800] "GET /xingrg/kc/base/wldb_order_operate.html?command=get_materiel&rest_code=00106&base_code=0010233&code=00101004103 HTTP/1.1" 200 434
116.238.139.35 - - [30/Mar/2023:11:23:56 +0800] "GET /xingrg/kc/buy/cgsh_order_info.html?code=212023033011224 HTTP/1.1" 200 64907
222.70.182.87 - - [30/Mar/2023:11:23:56 +0800] "GET /xingrg/check_reg.html?_=1680146636168 HTTP/1.1" 200 22
222.70.182.87 - - [30/Mar/2023:11:23:56 +0800] "GET /xingrg/all/function/internal_message.html?_=1680146636170&CODE_STATE=getMsg HTTP/1.1" 200 27
116.238.139.35 - - [30/Mar/2023:11:23:57 +0800] "POST /xingrg/kc/buy/cgsh_order_operate.html HTTP/1.1" 200 607
116.238.139.35 - - [30/Mar/2023:11:23:59 +0800] "GET /xingrg/kc/print/load_data.html?order_code=212023033011224&kc_code=cgsh&condition= HTTP/1.1" 200 751
116.238.139.35 - - [30/Mar/2023:11:23:59 +0800] "GET /xingrg/javascript/easyui/themes/default/validatebox.css HTTP/1.1" 404 1104
116.192.124.172 - - [30/Mar/2023:11:23:59 +0800] "GET /xingrg/all/function/internal_message.html?_=1680146640021&CODE_STATE=getMsg HTTP/1.1" 200 27
172.20.0.100 - - [30/Mar/2023:11:24:00 +0800] "GET /xingrg/all/function/internal_message.html?_=1680146650675&CODE_STATE=getMsg HTTP/1.1" 200 27
172.20.0.100 - - [30/Mar/2023:11:24:00 +0800] "GET /xingrg/check_reg.html?_=1680146650676 HTTP/1.1" 200 22
124.79.72.155 - - [30/Mar/2023:11:24:00 +0800] "GET /xingrg/check_reg.html?_=1680146649907 HTTP/1.1" 200 22
124.79.72.155 - - [30/Mar/2023:11:24:00 +0800] "GET /xingrg/all/function/internal_message.html?_=1680146649909&CODE_STATE=getMsg HTTP/1.1" 200 27
116.224.158.100 - - [30/Mar/2023:11:24:02 +0800] "GET /xingrg/all/function/internal_message.html?_=1680146643371&CODE_STATE=getMsg HTTP/1.1" 200 27
116.227.208.255 - - [30/Mar/2023:11:24:03 +0800] "GET /xingrg/all/function/internal_message.html?_=1680146742464&CODE_STATE=getMsg HTTP/1.1" 200 27
