222.70.182.87 - - [30/Mar/2023:10:33:56 +0800] "GET /xingrg/all/function/internal_message.html?_=1680143636089&CODE_STATE=count HTTP/1.1" 200 11
222.70.182.87 - - [30/Mar/2023:10:33:56 +0800] "GET /xingrg/check_reg.html?_=1680143636090 HTTP/1.1" 200 22
222.70.182.87 - - [30/Mar/2023:10:33:56 +0800] "POST /xingrg/all/common/load_tree.html?tree=area_rest_tree_json&manage=1 HTTP/1.1" 200 342
222.70.182.87 - - [30/Mar/2023:10:33:56 +0800] "POST /xingrg/load_menu.html HTTP/1.1" 200 5138
116.224.158.100 - - [30/Mar/2023:10:33:58 +0800] "POST /xingrg/kc/buy/cgsh_list_operate.html HTTP/1.1" 200 6330
222.70.172.219 - - [30/Mar/2023:10:33:58 +0800] "GET /xingrg/kc/buy/cgsh_order_operate.html?command=get_materiel&rest_code=00146&code=00101006065&supplier_code=00100012&order_time=2023-03-30 HTTP/1.1" 200 430
222.70.182.87 - - [30/Mar/2023:10:33:59 +0800] "GET /xingrg/kc/buy/buy_main.html HTTP/1.1" 200 12412
222.70.182.87 - - [30/Mar/2023:10:33:59 +0800] "GET /xingrg/css/new_ie.css HTTP/1.1" 404 1036
222.70.172.219 - - [30/Mar/2023:10:33:59 +0800] "GET /xingrg/all/function/internal_message.html?_=1680143653517&CODE_STATE=getMsg HTTP/1.1" 200 27
222.70.182.87 - - [30/Mar/2023:10:33:59 +0800] "GET /xingrg/images/yd/bt.gif HTTP/1.1" 404 1040
172.20.0.100 - - [30/Mar/2023:10:34:00 +0800] "GET /xingrg/all/function/internal_message.html?_=1680143650616&CODE_STATE=getMsg HTTP/1.1" 200 27
172.20.0.100 - - [30/Mar/2023:10:34:00 +0800] "GET /xingrg/check_reg.html?_=1680143650617 HTTP/1.1" 200 22
116.192.124.172 - - [30/Mar/2023:10:34:00 +0800] "GET /xingrg/all/function/internal_message.html?_=1680143640869&CODE_STATE=getMsg HTTP/1.1" 200 27
124.79.72.155 - - [30/Mar/2023:10:34:00 +0800] "GET /xingrg/check_reg.html?_=1680143649783 HTTP/1.1" 200 22
124.79.72.155 - - [30/Mar/2023:10:34:00 +0800] "GET /xingrg/all/function/internal_message.html?_=1680143649786&CODE_STATE=getMsg HTTP/1.1" 200 27
222.70.182.87 - - [30/Mar/2023:10:34:01 +0800] "GET /xingrg/kc/buy/cgsh_order_list.html HTTP/1.1" 200 54179
114.83.222.182 - - [30/Mar/2023:10:34:02 +0800] "POST /xingrg/dwr/call/plaincall/AjaxYddbService.saveOrder.dwr HTTP/1.1" 200 78
222.67.232.202 - - [30/Mar/2023:10:34:02 +0800] "GET /xingrg/kc/buy/cgsh_order_operate.html?command=get_materiel&rest_code=00141&code=00101012026&supplier_code=00100036&order_time=2023-03-30 HTTP/1.1" 200 408
116.224.158.100 - - [30/Mar/2023:10:34:02 +0800] "GET /xingrg/all/function/internal_message.html?_=1680143643336&CODE_STATE=getMsg HTTP/1.1" 200 27
116.227.208.255 - - [30/Mar/2023:10:34:03 +0800] "GET /xingrg/all/function/internal_message.html?_=1680143742452&CODE_STATE=getMsg HTTP/1.1" 200 27
114.83.222.182 - - [30/Mar/2023:10:34:06 +0800] "POST /xingrg/dwr/call/plaincall/AjaxComOrderService.getMaterielSearchList.dwr HTTP/1.1" 200 76
114.83.222.182 - - [30/Mar/2023:10:34:07 +0800] "GET /xingrg/all/function/internal_message.html?_=1680143723838&CODE_STATE=getMsg HTTP/1.1" 200 27
180.157.253.110 - - [30/Mar/2023:10:34:07 +0800] "GET /xingrg/all/function/internal_message.html?_=1680143647927&CODE_STATE=getMsg HTTP/1.1" 200 27
222.67.232.202 - - [30/Mar/2023:10:34:07 +0800] "GET /xingrg/all/function/internal_message.html?_=1680143190837&CODE_STATE=getMsg HTTP/1.1" 200 27
114.83.222.182 - - [30/Mar/2023:10:34:07 +0800] "POST /xingrg/dwr/call/plaincall/AjaxComOrderService.getMaterielSearchList.dwr HTTP/1.1" 200 76
114.83.222.182 - - [30/Mar/2023:10:34:08 +0800] "POST /xingrg/dwr/call/plaincall/AjaxComOrderService.getMaterielSearchList.dwr HTTP/1.1" 200 663
116.192.124.172 - - [30/Mar/2023:10:34:10 +0800] "GET /xingrg/all/function/internal_message.html?_=1680143650513&CODE_STATE=getMsg HTTP/1.1" 200 27
116.192.124.172 - - [30/Mar/2023:10:34:10 +0800] "GET /xingrg/check_reg.html?_=1680143650514 HTTP/1.1" 200 22
114.83.222.182 - - [30/Mar/2023:10:34:11 +0800] "POST /xingrg/dwr/call/plaincall/AjaxYddbService.getMaterielByMap.dwr HTTP/1.1" 200 1699
222.70.172.219 - - [30/Mar/2023:10:34:12 +0800] "GET /xingrg/kc/buy/cgsh_order_operate.html?command=get_materiel&rest_code=00146&code=00101006184&supplier_code=00100012&order_time=2023-03-30 HTTP/1.1" 200 408
222.70.182.87 - - [30/Mar/2023:10:34:13 +0800] "POST /xingrg/kc/buy/cgsh_list_operate.html HTTP/1.1" 200 3965
124.78.155.10 - - [30/Mar/2023:10:34:14 +0800] "GET /xingrg/kc/buy/cgsh_order_operate.html?command=get_materiel&rest_code=00106&code=00101006130&supplier_code=00100015&order_time=2023-03-30 HTTP/1.1" 200 429
114.83.222.182 - - [30/Mar/2023:10:34:15 +0800] "GET /xingrg/images/yd/bt.gif HTTP/1.1" 404 1040
124.78.155.10 - - [30/Mar/2023:10:34:15 +0800] "GET /xingrg/check_reg.html?_=1680143655740 HTTP/1.1" 200 22
124.78.155.10 - - [30/Mar/2023:10:34:15 +0800] "GET /xingrg/all/function/internal_message.html?_=1680143655742&CODE_STATE=getMsg HTTP/1.1" 200 27
116.238.139.35 - - [30/Mar/2023:10:34:16 +0800] "GET /xingrg/all/function/internal_message.html?_=1680143573607&CODE_STATE=getMsg HTTP/1.1" 200 27
180.164.3.199 - - [30/Mar/2023:10:34:17 +0800] "GET /xingrg/all/function/internal_message.html?_=1680143658131&CODE_STATE=getMsg HTTP/1.1" 200 27
116.238.139.35 - - [30/Mar/2023:10:34:23 +0800] "GET /xingrg/all/function/internal_message.html?_=1680143665358&CODE_STATE=getMsg HTTP/1.1" 200 27
222.70.172.219 - - [30/Mar/2023:10:34:25 +0800] "GET /xingrg/kc/buy/cgsh_order_operate.html?command=get_materiel&rest_code=00146&code=00101006109&supplier_code=00100012&order_time=2023-03-30 HTTP/1.1" 200 409
180.169.147.146 - - [30/Mar/2023:10:34:28 +0800] "GET /xingrg/all/function/internal_message.html?_=1680143663638&CODE_STATE=getMsg HTTP/1.1" 200 27
222.67.232.202 - - [30/Mar/2023:10:34:33 +0800] "GET /xingrg/kc/buy/cgsh_order_operate.html?command=get_materiel&rest_code=00141&code=00101016030&supplier_code=00100036&order_time=2023-03-30 HTTP/1.1" 200 412
222.70.172.219 - - [30/Mar/2023:10:34:38 +0800] "GET /xingrg/kc/buy/cgsh_order_operate.html?command=get_materiel&rest_code=00146&code=00101006111&supplier_code=00100012&order_time=2023-03-30 HTTP/1.1" 200 409
124.78.155.10 - - [30/Mar/2023:10:34:39 +0800] "GET /xingrg/kc/buy/cgsh_order_operate.html?command=get_materiel&rest_code=00106&code=00101006129&supplier_code=00100015&order_time=2023-03-30 HTTP/1.1" 200 433
222.70.182.87 - - [30/Mar/2023:10:34:39 +0800] "GET /xingrg/kc/buy/cgsh_order_add.html HTTP/1.1" 200 69917
222.70.182.87 - - [30/Mar/2023:10:34:39 +0800] "GET /xingrg/words/20230330101052_words.js HTTP/1.1" 200 958388
222.70.182.87 - - [30/Mar/2023:10:34:40 +0800] "GET /xingrg/javascript/easyui/themes/default/validatebox.css HTTP/1.1" 404 1104
222.70.182.87 - - [30/Mar/2023:10:34:40 +0800] "POST /xingrg/kc/buy/cgsh_order_operate.html HTTP/1.1" 200 8245
222.70.182.87 - - [30/Mar/2023:10:34:40 +0800] "GET /xingrg/all/common/auto_word.html?type=employee&rest_code=00111 HTTP/1.1" 200 155
222.70.182.87 - - [30/Mar/2023:10:34:40 +0800] "GET /xingrg/all/common/auto_word.html?type=employee&rest_code=00111 HTTP/1.1" 200 155
222.70.182.87 - - [30/Mar/2023:10:34:41 +0800] "GET /xingrg/javascript/auto/indicator.gif HTTP/1.1" 404 1066
222.70.182.87 - - [30/Mar/2023:10:34:42 +0800] "GET /xingrg/javascript/jquery_tools/images/next.gif HTTP/1.1" 404 1086
222.70.182.87 - - [30/Mar/2023:10:34:42 +0800] "GET /xingrg/javascript/jquery_tools/images/prev.gif HTTP/1.1" 404 1086
222.67.232.202 - - [30/Mar/2023:10:34:42 +0800] "GET /xingrg/kc/buy/cgsh_order_operate.html?command=get_materiel&rest_code=00141&code=00101010166&supplier_code=00100036&order_time=2023-03-30 HTTP/1.1" 200 417
172.20.0.100 - - [30/Mar/2023:10:34:45 +0800] "GET /xingrg/all/function/internal_message.html?_=1680143695310&CODE_STATE=getMsg HTTP/1.1" 200 27
222.70.172.219 - - [30/Mar/2023:10:34:50 +0800] "POST /xingrg/kc/buy/cgsh_order_operate.html HTTP/1.1" 200 37
222.67.232.202 - - [30/Mar/2023:10:34:52 +0800] "GET /xingrg/kc/buy/cgsh_order_operate.html?command=get_materiel&rest_code=00141&code=00101011001&supplier_code=00100036&order_time=2023-03-30 HTTP/1.1" 200 423
222.70.182.87 - - [30/Mar/2023:10:34:52 +0800] "GET /xingrg/kc/buy/cgsh_order_operate.html?command=get_materiel&rest_code=00111&code=00101001111&supplier_code=00100042&order_time=2023-03-30 HTTP/1.1" 200 409
222.70.172.219 - - [30/Mar/2023:10:34:54 +0800] "POST /xingrg/kc/buy/cgsh_order_operate.html HTTP/1.1" 200 5012
222.70.182.87 - - [30/Mar/2023:10:34:56 +0800] "GET /xingrg/all/function/internal_message.html?_=1680143696151&CODE_STATE=getMsg HTTP/1.1" 200 27
222.70.172.219 - - [30/Mar/2023:10:34:57 +0800] "GET /xingrg/kc/print/load_data.html?order_code=212023033011182&kc_code=cgsh&condition= HTTP/1.1" 200 1657
222.67.232.202 - - [30/Mar/2023:10:34:58 +0800] "GET /xingrg/kc/buy/cgsh_order_operate.html?command=get_materiel&rest_code=00141&code=00101010092&supplier_code=00100036&order_time=2023-03-30 HTTP/1.1" 200 431
222.70.172.219 - - [30/Mar/2023:10:34:59 +0800] "GET /xingrg/all/function/internal_message.html?_=1680143713675&CODE_STATE=getMsg HTTP/1.1" 200 27
172.20.0.100 - - [30/Mar/2023:10:35:00 +0800] "GET /xingrg/all/function/internal_message.html?_=1680143710623&CODE_STATE=getMsg HTTP/1.1" 200 27
116.192.124.172 - - [30/Mar/2023:10:35:00 +0800] "GET /xingrg/all/function/internal_message.html?_=1680143700846&CODE_STATE=getMsg HTTP/1.1" 200 27
124.79.72.155 - - [30/Mar/2023:10:35:00 +0800] "GET /xingrg/all/function/internal_message.html?_=1680143709786&CODE_STATE=getMsg HTTP/1.1" 200 27
116.224.158.100 - - [30/Mar/2023:10:35:02 +0800] "GET /xingrg/all/function/internal_message.html?_=1680143703310&CODE_STATE=getMsg HTTP/1.1" 200 27
116.224.158.100 - - [30/Mar/2023:10:35:02 +0800] "GET /xingrg/check_reg.html?_=1680143703315 HTTP/1.1" 200 22
116.227.208.255 - - [30/Mar/2023:10:35:03 +0800] "GET /xingrg/all/function/internal_message.html?_=1680143802460&CODE_STATE=getMsg HTTP/1.1" 200 27
222.70.182.87 - - [30/Mar/2023:10:35:05 +0800] "GET /xingrg/kc/buy/cgsh_order_operate.html?command=get_materiel&rest_code=00111&code=00101001160&supplier_code=00100042&order_time=2023-03-30 HTTP/1.1" 200 408
114.83.222.182 - - [30/Mar/2023:10:35:07 +0800] "GET /xingrg/all/function/internal_message.html?_=1680143783847&CODE_STATE=getMsg HTTP/1.1" 200 27
222.67.232.202 - - [30/Mar/2023:10:35:07 +0800] "GET /xingrg/kc/buy/cgsh_order_operate.html?command=get_materiel&rest_code=00141&code=00101011013&supplier_code=00100036&order_time=2023-03-30 HTTP/1.1" 200 432
180.157.253.110 - - [30/Mar/2023:10:35:07 +0800] "GET /xingrg/all/function/internal_message.html?_=1680143707931&CODE_STATE=getMsg HTTP/1.1" 200 27
222.67.232.202 - - [30/Mar/2023:10:35:07 +0800] "GET /xingrg/all/function/internal_message.html?_=1680143250794&CODE_STATE=getMsg HTTP/1.1" 200 27
222.70.172.219 - - [30/Mar/2023:10:35:07 +0800] "GET /xingrg/kc/buy/cgsh_order_add.html HTTP/1.1" 200 69961
222.70.172.219 - - [30/Mar/2023:10:35:09 +0800] "POST /xingrg/kc/buy/cgsh_order_operate.html HTTP/1.1" 200 8245
222.70.172.219 - - [30/Mar/2023:10:35:09 +0800] "GET /xingrg/javascript/easyui/themes/default/validatebox.css HTTP/1.1" 404 1104
116.192.124.172 - - [30/Mar/2023:10:35:10 +0800] "GET /xingrg/all/function/internal_message.html?_=1680143710518&CODE_STATE=getMsg HTTP/1.1" 200 27
180.169.147.146 - - [30/Mar/2023:10:35:14 +0800] "POST /xingrg/kc/buy/cgsh_list_operate.html HTTP/1.1" 302 -
180.169.147.146 - - [30/Mar/2023:10:35:14 +0800] "GET /xingrg/login.html HTTP/1.1" 200 7641
180.169.147.146 - - [30/Mar/2023:10:35:14 +0800] "GET /xingrg/kc/buy/images/blue/srbg.png HTTP/1.1" 404 1062
180.169.147.146 - - [30/Mar/2023:10:35:14 +0800] "GET /xingrg/kc/buy/images/blue/login_bg.png HTTP/1.1" 404 1070
180.169.147.146 - - [30/Mar/2023:10:35:14 +0800] "GET /xingrg/kc/buy/images/blue/hj.png HTTP/1.1" 404 1058
124.78.155.10 - - [30/Mar/2023:10:35:15 +0800] "GET /xingrg/all/function/internal_message.html?_=1680143715727&CODE_STATE=getMsg HTTP/1.1" 200 27
116.238.139.35 - - [30/Mar/2023:10:35:16 +0800] "GET /xingrg/all/function/internal_message.html?_=1680143633635&CODE_STATE=getMsg HTTP/1.1" 200 27
180.164.3.199 - - [30/Mar/2023:10:35:17 +0800] "GET /xingrg/all/function/internal_message.html?_=1680143718131&CODE_STATE=getMsg HTTP/1.1" 200 27
222.67.232.202 - - [30/Mar/2023:10:35:21 +0800] "POST /xingrg/kc/buy/cgsh_order_operate.html HTTP/1.1" 200 37
116.238.139.35 - - [30/Mar/2023:10:35:23 +0800] "GET /xingrg/all/function/internal_message.html?_=1680143725358&CODE_STATE=getMsg HTTP/1.1" 200 27
116.238.139.35 - - [30/Mar/2023:10:35:23 +0800] "GET /xingrg/check_reg.html?_=1680143725362 HTTP/1.1" 200 22
124.78.155.10 - - [30/Mar/2023:10:35:23 +0800] "GET /xingrg/kc/buy/cgsh_order_operate.html?command=get_materiel&rest_code=00106&code=00101006113&supplier_code=00100015&order_time=2023-03-30 HTTP/1.1" 200 414
180.169.147.146 - - [30/Mar/2023:10:35:23 +0800] "GET /xingrg/kc/buy/buy_main.html HTTP/1.1" 302 -
180.169.147.146 - - [30/Mar/2023:10:35:23 +0800] "GET /xingrg/login.html HTTP/1.1" 200 7641
180.169.147.146 - - [30/Mar/2023:10:35:23 +0800] "GET /xingrg/login.html HTTP/1.1" 200 7641
222.70.172.219 - - [30/Mar/2023:10:35:24 +0800] "GET /xingrg/kc/buy/cgsh_order_operate.html?command=get_materiel&rest_code=00146&code=00101007059&supplier_code=00100002&order_time=2023-03-30 HTTP/1.1" 200 409
180.169.147.146 - - [30/Mar/2023:10:35:24 +0800] "GET /favicon.ico HTTP/1.1" 404 -
101.83.240.222 - - [30/Mar/2023:10:35:26 +0800] "GET /xingrg/login.html HTTP/1.1" 200 7641
101.83.240.222 - - [30/Mar/2023:10:35:26 +0800] "GET /favicon.ico HTTP/1.1" 404 -
180.169.147.146 - - [30/Mar/2023:10:35:27 +0800] "POST /xingrg/login.do HTTP/1.1" 302 -
180.169.147.146 - - [30/Mar/2023:10:35:27 +0800] "GET /xingrg/index.html?sysBaseUrl=http%3A%2F%2F180.169.147.146%3A18081%2Fxingrg%2F&costTime=1234×tamp=1680143727701 HTTP/1.1" 200 17179
180.169.147.146 - - [30/Mar/2023:10:35:27 +0800] "GET /favicon.ico HTTP/1.1" 404 -
180.169.147.146 - - [30/Mar/2023:10:35:27 +0800] "GET /xingrg/all/function/internal_message.html?_=1680143726482&CODE_STATE=count HTTP/1.1" 200 11
180.169.147.146 - - [30/Mar/2023:10:35:27 +0800] "GET /xingrg/check_reg.html?_=1680143726486 HTTP/1.1" 200 22
180.169.147.146 - - [30/Mar/2023:10:35:28 +0800] "POST /xingrg/all/common/load_tree.html?tree=area_rest_tree_json&manage=1 HTTP/1.1" 200 351
180.169.147.146 - - [30/Mar/2023:10:35:28 +0800] "POST /xingrg/load_menu.html HTTP/1.1" 200 5138
180.169.147.146 - - [30/Mar/2023:10:35:28 +0800] "GET /xingrg/all/function/internal_message.html?_=1680143723624&CODE_STATE=getMsg HTTP/1.1" 200 27
222.67.232.202 - - [30/Mar/2023:10:35:29 +0800] "POST /xingrg/kc/buy/cgsh_order_operate.html HTTP/1.1" 200 12
180.169.147.146 - - [30/Mar/2023:10:35:30 +0800] "GET /xingrg/kc/buy/buy_main.html HTTP/1.1" 200 12412
180.169.147.146 - - [30/Mar/2023:10:35:30 +0800] "GET /xingrg/css/new_ie.css HTTP/1.1" 404 1036
180.169.147.146 - - [30/Mar/2023:10:35:31 +0800] "GET /xingrg/images/yd/bt.gif HTTP/1.1" 404 1040
222.67.232.202 - - [30/Mar/2023:10:35:31 +0800] "GET /xingrg/kc/buy/cgsh_order_info.html?code=212023033011183 HTTP/1.1" 200 64865
222.67.232.202 - - [30/Mar/2023:10:35:31 +0800] "GET /xingrg/javascript/easyui/themes/default/validatebox.css HTTP/1.1" 404 1104
180.169.147.146 - - [30/Mar/2023:10:35:32 +0800] "GET /xingrg/kc/buy/cgsh_order_list.html HTTP/1.1" 200 8212
180.169.147.146 - - [30/Mar/2023:10:35:32 +0800] "GET /xingrg/kc/buy/cgsh_order_list.html HTTP/1.1" 200 54185
222.67.232.202 - - [30/Mar/2023:10:35:33 +0800] "POST /xingrg/kc/buy/cgsh_order_operate.html HTTP/1.1" 200 5949
222.67.232.202 - - [30/Mar/2023:10:35:34 +0800] "GET /xingrg/kc/print/load_config.html?kc_code=cgsh HTTP/1.1" 200 1925
222.67.232.202 - - [30/Mar/2023:10:35:34 +0800] "GET /xingrg/kc/print/load_data.html?order_code=212023033011183&kc_code=cgsh&condition= HTTP/1.1" 200 2829
222.70.182.87 - - [30/Mar/2023:10:35:35 +0800] "GET /xingrg/kc/buy/cgsh_order_operate.html?command=get_materiel&rest_code=00111&code=00101005037&supplier_code=00100042&order_time=2023-03-30 HTTP/1.1" 200 409
222.67.232.202 - - [30/Mar/2023:10:35:39 +0800] "GET /xingrg/kc/buy/cgsh_order_add.html HTTP/1.1" 200 69961
222.67.232.202 - - [30/Mar/2023:10:35:39 +0800] "POST /xingrg/kc/buy/cgsh_order_operate.html HTTP/1.1" 200 8245
222.67.232.202 - - [30/Mar/2023:10:35:39 +0800] "GET /xingrg/javascript/easyui/themes/default/validatebox.css HTTP/1.1" 404 1104
101.83.240.222 - - [30/Mar/2023:10:35:44 +0800] "POST /xingrg/login.do HTTP/1.1" 302 -
101.83.240.222 - - [30/Mar/2023:10:35:44 +0800] "GET /xingrg/index.html?sysBaseUrl=http%3A%2F%2F180.169.147.146%3A18081%2Fxingrg%2F&costTime=1031×tamp=1680143744456 HTTP/1.1" 200 17179
101.83.240.222 - - [30/Mar/2023:10:35:44 +0800] "GET /favicon.ico HTTP/1.1" 404 -
101.83.240.222 - - [30/Mar/2023:10:35:44 +0800] "GET /xingrg/all/function/internal_message.html?_=1680143743117&CODE_STATE=count HTTP/1.1" 200 11
101.83.240.222 - - [30/Mar/2023:10:35:44 +0800] "GET /xingrg/check_reg.html?_=1680143743117 HTTP/1.1" 200 22
101.83.240.222 - - [30/Mar/2023:10:35:44 +0800] "POST /xingrg/all/common/load_tree.html?tree=area_rest_tree_json&manage=1 HTTP/1.1" 200 351
101.83.240.222 - - [30/Mar/2023:10:35:44 +0800] "POST /xingrg/load_menu.html HTTP/1.1" 200 5138
172.20.0.100 - - [30/Mar/2023:10:35:45 +0800] "GET /xingrg/all/function/internal_message.html?_=1680143755309&CODE_STATE=getMsg HTTP/1.1" 200 27
222.70.182.87 - - [30/Mar/2023:10:35:48 +0800] "GET /xingrg/kc/buy/cgsh_order_operate.html?command=get_materiel&rest_code=00111&code=00101005036&supplier_code=00100042&order_time=2023-03-30 HTTP/1.1" 200 409
222.70.172.219 - - [30/Mar/2023:10:35:51 +0800] "GET /xingrg/kc/buy/cgsh_order_operate.html?command=get_materiel&rest_code=00146&code=00101007049&supplier_code=00100002&order_time=2023-03-30 HTTP/1.1" 200 409
124.78.155.10 - - [30/Mar/2023:10:35:52 +0800] "GET /xingrg/kc/buy/cgsh_order_operate.html?command=get_materiel&rest_code=00106&code=00101006109&supplier_code=00100015&order_time=2023-03-30 HTTP/1.1" 200 411
222.67.232.202 - - [30/Mar/2023:10:35:53 +0800] "GET /xingrg/kc/buy/cgsh_order_operate.html?command=get_materiel&rest_code=00141&code=00101006109&supplier_code=00100012&order_time=2023-03-30 HTTP/1.1" 200 409
222.70.182.87 - - [30/Mar/2023:10:35:56 +0800] "GET /xingrg/all/function/internal_message.html?_=1680143756125&CODE_STATE=getMsg HTTP/1.1" 200 27
101.83.240.222 - - [30/Mar/2023:10:35:56 +0800] "GET /xingrg/kc/buy/cgsh_order_list.html HTTP/1.1" 200 54185
101.83.240.222 - - [30/Mar/2023:10:35:58 +0800] "POST /xingrg/kc/buy/cgsh_list_operate.html HTTP/1.1" 200 986
222.70.172.219 - - [30/Mar/2023:10:35:59 +0800] "GET /xingrg/all/function/internal_message.html?_=1680143773685&CODE_STATE=getMsg HTTP/1.1" 200 27
172.20.0.100 - - [30/Mar/2023:10:36:00 +0800] "GET /xingrg/all/function/internal_message.html?_=1680143770621&CODE_STATE=getMsg HTTP/1.1" 200 27
116.192.124.172 - - [30/Mar/2023:10:36:00 +0800] "GET /xingrg/all/function/internal_message.html?_=1680143760819&CODE_STATE=getMsg HTTP/1.1" 200 27
124.79.72.155 - - [30/Mar/2023:10:36:00 +0800] "GET /xingrg/all/function/internal_message.html?_=1680143769785&CODE_STATE=getMsg HTTP/1.1" 200 27
116.224.158.100 - - [30/Mar/2023:10:36:02 +0800] "GET /xingrg/all/function/internal_message.html?_=1680143763314&CODE_STATE=getMsg HTTP/1.1" 200 27
116.238.139.35 - - [30/Mar/2023:10:36:02 +0800] "GET /xingrg/check_reg.html?_=1680143680234 HTTP/1.1" 200 22
114.83.222.182 - - [30/Mar/2023:10:36:02 +0800] "GET /xingrg/javascript/jquery_easy_ui/themes/default/images/tabs_active.png HTTP/1.1" 200 2894
114.83.222.182 - - [30/Mar/2023:10:36:03 +0800] "GET /xingrg/javascript/jquery_easy_ui/themes/icons/area.png HTTP/1.1" 200 262
114.83.222.182 - - [30/Mar/2023:10:36:03 +0800] "GET /xingrg/javascript/jquery_easy_ui/themes/icons/rest.png HTTP/1.1" 200 695
116.227.208.255 - - [30/Mar/2023:10:36:03 +0800] "GET /xingrg/all/function/internal_message.html?_=1680143862461&CODE_STATE=getMsg HTTP/1.1" 200 27
222.67.232.202 - - [30/Mar/2023:10:36:03 +0800] "GET /xingrg/kc/buy/cgsh_order_operate.html?command=get_materiel&rest_code=00141&code=00101006111&supplier_code=00100012&order_time=2023-03-30 HTTP/1.1" 200 409
222.70.172.219 - - [30/Mar/2023:10:36:06 +0800] "POST /xingrg/kc/buy/cgsh_order_operate.html HTTP/1.1" 200 37
222.70.182.87 - - [30/Mar/2023:10:36:06 +0800] "GET /xingrg/kc/buy/cgsh_order_operate.html?command=get_materiel&rest_code=00111&code=00101018019&supplier_code=00100042&order_time=2023-03-30 HTTP/1.1" 200 421
172.20.0.100 - - [30/Mar/2023:10:36:06 +0800] "GET /xingrg/check_reg.html?_=1680143777034 HTTP/1.1" 200 22
114.83.222.182 - - [30/Mar/2023:10:36:07 +0800] "GET /xingrg/all/function/internal_message.html?_=1680143843857&CODE_STATE=getMsg HTTP/1.1" 200 27
180.157.253.110 - - [30/Mar/2023:10:36:07 +0800] "GET /xingrg/all/function/internal_message.html?_=1680143767922&CODE_STATE=getMsg HTTP/1.1" 200 27
222.67.232.202 - - [30/Mar/2023:10:36:07 +0800] "GET /xingrg/all/function/internal_message.html?_=1680143310825&CODE_STATE=getMsg HTTP/1.1" 200 27
124.78.155.10 - - [30/Mar/2023:10:36:08 +0800] "GET /xingrg/kc/buy/cgsh_order_operate.html?command=get_materiel&rest_code=00106&code=00101006065&supplier_code=00100015&order_time=2023-03-30 HTTP/1.1" 200 430
222.70.172.219 - - [30/Mar/2023:10:36:08 +0800] "POST /xingrg/kc/buy/cgsh_order_operate.html HTTP/1.1" 200 3241
116.192.124.172 - - [30/Mar/2023:10:36:10 +0800] "GET /xingrg/all/function/internal_message.html?_=1680143770534&CODE_STATE=getMsg HTTP/1.1" 200 27
101.83.240.222 - - [30/Mar/2023:10:36:11 +0800] "GET /xingrg/kc/buy/cgsh_order_add.html HTTP/1.1" 200 70049
101.83.240.222 - - [30/Mar/2023:10:36:11 +0800] "GET /xingrg/words/20230330101052_words.js HTTP/1.1" 200 958388
101.83.240.222 - - [30/Mar/2023:10:36:12 +0800] "POST /xingrg/kc/buy/cgsh_order_operate.html HTTP/1.1" 200 8245
101.83.240.222 - - [30/Mar/2023:10:36:12 +0800] "GET /xingrg/javascript/easyui/themes/default/validatebox.css HTTP/1.1" 404 1104
114.83.222.182 - - [30/Mar/2023:10:36:12 +0800] "GET /xingrg/javascript/jquery_easy_ui/themes/default/images/button_plain_hover.png HTTP/1.1" 200 252
101.83.240.222 - - [30/Mar/2023:10:36:12 +0800] "GET /xingrg/all/common/auto_word.html?type=employee&rest_code=00149 HTTP/1.1" 200 197
101.83.240.222 - - [30/Mar/2023:10:36:12 +0800] "GET /xingrg/all/common/auto_word.html?type=employee&rest_code=00149 HTTP/1.1" 200 197
222.70.172.219 - - [30/Mar/2023:10:36:12 +0800] "GET /xingrg/kc/print/load_data.html?order_code=212023033011184&kc_code=cgsh&condition= HTTP/1.1" 200 963
101.83.240.222 - - [30/Mar/2023:10:36:13 +0800] "GET /xingrg/javascript/auto/indicator.gif HTTP/1.1" 404 1066
124.78.155.10 - - [30/Mar/2023:10:36:15 +0800] "GET /xingrg/all/function/internal_message.html?_=1680143775705&CODE_STATE=getMsg HTTP/1.1" 200 27
116.238.139.35 - - [30/Mar/2023:10:36:16 +0800] "GET /xingrg/all/function/internal_message.html?_=1680143693649&CODE_STATE=getMsg HTTP/1.1" 200 27
180.164.3.199 - - [30/Mar/2023:10:36:17 +0800] "GET /xingrg/all/function/internal_message.html?_=1680143778125&CODE_STATE=getMsg HTTP/1.1" 200 27
180.169.147.146 - - [30/Mar/2023:10:36:18 +0800] "POST /xingrg/kc/buy/cgsh_list_operate.html HTTP/1.1" 200 6029
222.67.232.202 - - [30/Mar/2023:10:36:21 +0800] "GET /xingrg/kc/buy/cgsh_order_operate.html?command=get_materiel&rest_code=00141&code=00101006193&supplier_code=00100012&order_time=2023-03-30 HTTP/1.1" 200 409
116.238.139.35 - - [30/Mar/2023:10:36:23 +0800] "GET /xingrg/all/function/internal_message.html?_=1680143785363&CODE_STATE=getMsg HTTP/1.1" 200 27
222.70.182.87 - - [30/Mar/2023:10:36:27 +0800] "POST /xingrg/kc/buy/cgsh_order_operate.html HTTP/1.1" 200 37
180.169.147.146 - - [30/Mar/2023:10:36:27 +0800] "GET /xingrg/all/function/internal_message.html?_=1680143786502&CODE_STATE=getMsg HTTP/1.1" 200 27
180.169.147.146 - - [30/Mar/2023:10:36:28 +0800] "GET /xingrg/all/function/internal_message.html?_=1680143783625&CODE_STATE=getMsg HTTP/1.1" 200 27
101.83.240.222 - - [30/Mar/2023:10:36:28 +0800] "GET /xingrg/kc/buy/cgsh_order_operate.html?command=get_materiel&rest_code=00149&code=00101028005&supplier_code=00100019&order_time=2023-03-30 HTTP/1.1" 200 435
222.70.182.87 - - [30/Mar/2023:10:36:31 +0800] "POST /xingrg/kc/buy/cgsh_order_operate.html HTTP/1.1" 200 5024
124.78.155.10 - - [30/Mar/2023:10:36:31 +0800] "GET /xingrg/kc/buy/cgsh_order_operate.html?command=get_materiel&rest_code=00106&code=00101006112&supplier_code=00100015&order_time=2023-03-30 HTTP/1.1" 200 409
222.67.232.202 - - [30/Mar/2023:10:36:32 +0800] "GET /xingrg/kc/buy/cgsh_order_operate.html?command=get_materiel&rest_code=00141&code=00101006177&supplier_code=00100012&order_time=2023-03-30 HTTP/1.1" 200 408
222.70.182.87 - - [30/Mar/2023:10:36:32 +0800] "GET /xingrg/kc/print/load_config.html?kc_code=cgsh HTTP/1.1" 200 1925
222.70.182.87 - - [30/Mar/2023:10:36:33 +0800] "GET /xingrg/kc/print/load_data.html?order_code=212023033011185&kc_code=cgsh&condition= HTTP/1.1" 200 1609
116.238.139.35 - - [30/Mar/2023:10:36:35 +0800] "GET /xingrg/kc/buy/cgsh_order_add.html HTTP/1.1" 200 70005
116.238.139.35 - - [30/Mar/2023:10:36:35 +0800] "GET /xingrg/words/20230330101052_words.js HTTP/1.1" 304 -
116.238.139.35 - - [30/Mar/2023:10:36:36 +0800] "POST /xingrg/kc/buy/cgsh_order_operate.html HTTP/1.1" 200 8245
116.238.139.35 - - [30/Mar/2023:10:36:36 +0800] "GET /xingrg/javascript/easyui/themes/default/validatebox.css HTTP/1.1" 404 1104
101.83.240.222 - - [30/Mar/2023:10:36:44 +0800] "GET /xingrg/all/function/internal_message.html?_=1680143803124&CODE_STATE=getMsg HTTP/1.1" 200 27
222.67.232.202 - - [30/Mar/2023:10:36:44 +0800] "POST /xingrg/kc/buy/cgsh_order_operate.html HTTP/1.1" 200 37
172.20.0.100 - - [30/Mar/2023:10:36:45 +0800] "GET /xingrg/all/function/internal_message.html?_=1680143815308&CODE_STATE=getMsg HTTP/1.1" 200 27
101.83.240.222 - - [30/Mar/2023:10:36:49 +0800] "GET /xingrg/kc/buy/cgsh_order_operate.html?command=get_materiel&rest_code=00149&code=00101027035&supplier_code=00100019&order_time=2023-03-30 HTTP/1.1" 200 454
222.67.232.202 - - [30/Mar/2023:10:36:52 +0800] "POST /xingrg/kc/buy/cgsh_order_operate.html HTTP/1.1" 200 12
222.67.232.202 - - [30/Mar/2023:10:36:54 +0800] "GET /xingrg/kc/buy/cgsh_order_info.html?code=212023033011186 HTTP/1.1" 200 64863
222.67.232.202 - - [30/Mar/2023:10:36:54 +0800] "POST /xingrg/services/DataTransmitService HTTP/1.1" 200 524
222.67.232.202 - - [30/Mar/2023:10:36:55 +0800] "GET /xingrg/javascript/easyui/themes/default/validatebox.css HTTP/1.1" 404 1104
222.67.232.202 - - [30/Mar/2023:10:36:55 +0800] "POST /xingrg/services/DataTransmitService HTTP/1.1" 200 501
222.67.232.202 - - [30/Mar/2023:10:36:55 +0800] "POST /xingrg/kc/buy/cgsh_order_operate.html HTTP/1.1" 200 2369
222.70.182.87 - - [30/Mar/2023:10:36:56 +0800] "GET /xingrg/all/function/internal_message.html?_=1680143816113&CODE_STATE=getMsg HTTP/1.1" 200 27
222.70.172.219 - - [30/Mar/2023:10:36:57 +0800] "GET /xingrg/check_reg.html?_=1680143831119 HTTP/1.1" 200 22
222.67.232.202 - - [30/Mar/2023:10:36:57 +0800] "GET /xingrg/kc/print/load_data.html?order_code=212023033011186&kc_code=cgsh&condition= HTTP/1.1" 200 1460
222.70.172.219 - - [30/Mar/2023:10:36:59 +0800] "GET /xingrg/all/function/internal_message.html?_=1680143833698&CODE_STATE=getMsg HTTP/1.1" 200 27
116.192.124.172 - - [30/Mar/2023:10:37:00 +0800] "GET /xingrg/all/function/internal_message.html?_=1680143820799&CODE_STATE=getMsg HTTP/1.1" 200 27
172.20.0.100 - - [30/Mar/2023:10:37:00 +0800] "GET /xingrg/all/function/internal_message.html?_=1680143830620&CODE_STATE=getMsg HTTP/1.1" 200 27
124.79.72.155 - - [30/Mar/2023:10:37:00 +0800] "GET /xingrg/all/function/internal_message.html?_=1680143829786&CODE_STATE=getMsg HTTP/1.1" 200 27
116.192.124.172 - - [30/Mar/2023:10:37:01 +0800] "GET /xingrg/check_reg.html?_=1680143821769 HTTP/1.1" 200 22
222.67.232.202 - - [30/Mar/2023:10:37:01 +0800] "GET /xingrg/kc/buy/cgsh_order_add.html HTTP/1.1" 200 69961
222.67.232.202 - - [30/Mar/2023:10:37:01 +0800] "POST /xingrg/kc/buy/cgsh_order_operate.html HTTP/1.1" 200 8245
222.67.232.202 - - [30/Mar/2023:10:37:02 +0800] "GET /xingrg/javascript/easyui/themes/default/validatebox.css HTTP/1.1" 404 1104
116.224.158.100 - - [30/Mar/2023:10:37:02 +0800] "GET /xingrg/all/function/internal_message.html?_=1680143823315&CODE_STATE=getMsg HTTP/1.1" 200 27
116.227.208.255 - - [30/Mar/2023:10:37:03 +0800] "GET /xingrg/all/function/internal_message.html?_=1680143922459&CODE_STATE=getMsg HTTP/1.1" 200 27
116.227.208.255 - - [30/Mar/2023:10:37:03 +0800] "GET /xingrg/check_reg.html?_=1680143922461 HTTP/1.1" 200 22
114.83.222.182 - - [30/Mar/2023:10:37:07 +0800] "GET /xingrg/check_reg.html?_=1680143903845 HTTP/1.1" 200 22
114.83.222.182 - - [30/Mar/2023:10:37:07 +0800] "GET /xingrg/all/function/internal_message.html?_=1680143903846&CODE_STATE=getMsg HTTP/1.1" 200 27
180.157.253.110 - - [30/Mar/2023:10:37:07 +0800] "GET /xingrg/all/function/internal_message.html?_=1680143827922&CODE_STATE=getMsg HTTP/1.1" 200 27
180.157.253.110 - - [30/Mar/2023:10:37:07 +0800] "GET /xingrg/check_reg.html?_=1680143827927 HTTP/1.1" 200 22
222.67.232.202 - - [30/Mar/2023:10:37:07 +0800] "GET /xingrg/all/function/internal_message.html?_=1680143370805&CODE_STATE=getMsg HTTP/1.1" 200 27
222.67.232.202 - - [30/Mar/2023:10:37:10 +0800] "GET /xingrg/kc/buy/cgsh_order_operate.html?command=get_materiel&rest_code=00141&code=00101005037&supplier_code=00100040&order_time=2023-03-30 HTTP/1.1" 200 409
116.192.124.172 - - [30/Mar/2023:10:37:10 +0800] "GET /xingrg/all/function/internal_message.html?_=1680143830531&CODE_STATE=getMsg HTTP/1.1" 200 27
124.78.155.10 - - [30/Mar/2023:10:37:13 +0800] "GET /xingrg/kc/buy/cgsh_order_operate.html?command=get_materiel&rest_code=00106&code=00101006037&supplier_code=00100015&order_time=2023-03-30 HTTP/1.1" 200 417
124.78.155.10 - - [30/Mar/2023:10:37:15 +0800] "GET /xingrg/all/function/internal_message.html?_=1680143835695&CODE_STATE=getMsg HTTP/1.1" 200 27
116.238.139.35 - - [30/Mar/2023:10:37:16 +0800] "GET /xingrg/all/function/internal_message.html?_=1680143753663&CODE_STATE=getMsg HTTP/1.1" 200 27
180.164.3.199 - - [30/Mar/2023:10:37:17 +0800] "GET /xingrg/all/function/internal_message.html?_=1680143838138&CODE_STATE=getMsg HTTP/1.1" 200 27
180.164.3.199 - - [30/Mar/2023:10:37:17 +0800] "GET /xingrg/check_reg.html?_=1680143838141 HTTP/1.1" 200 22
116.227.208.255 - - [30/Mar/2023:10:37:22 +0800] "POST /xingrg/services/DataTransmitService HTTP/1.1" 200 524
222.67.232.202 - - [30/Mar/2023:10:37:23 +0800] "GET /xingrg/kc/buy/cgsh_order_operate.html?command=get_materiel&rest_code=00141&code=00101001075&supplier_code=00100040&order_time=2023-03-30 HTTP/1.1" 200 409
116.227.208.255 - - [30/Mar/2023:10:37:23 +0800] "POST /xingrg/services/DataTransmitService HTTP/1.1" 200 412
116.238.139.35 - - [30/Mar/2023:10:37:23 +0800] "GET /xingrg/all/function/internal_message.html?_=1680143845371&CODE_STATE=getMsg HTTP/1.1" 200 27
180.169.147.146 - - [30/Mar/2023:10:37:27 +0800] "GET /xingrg/all/function/internal_message.html?_=1680143846488&CODE_STATE=getMsg HTTP/1.1" 200 27
180.169.147.146 - - [30/Mar/2023:10:37:28 +0800] "GET /xingrg/all/function/internal_message.html?_=1680143843625&CODE_STATE=getMsg HTTP/1.1" 200 27
114.83.222.182 - - [30/Mar/2023:10:37:30 +0800] "POST /xingrg/dwr/call/plaincall/AjaxYddbService.saveMaterielItem.dwr HTTP/1.1" 200 78
222.67.232.202 - - [30/Mar/2023:10:37:35 +0800] "POST /xingrg/kc/buy/cgsh_order_operate.html HTTP/1.1" 200 37
114.83.222.182 - - [30/Mar/2023:10:37:37 +0800] "POST /xingrg/dwr/call/plaincall/AjaxYddbService.checkOrder.dwr HTTP/1.1" 200 78
116.238.139.35 - - [30/Mar/2023:10:37:40 +0800] "GET /xingrg/kc/buy/cgsh_order_operate.html?command=get_materiel&rest_code=00150&code=00102003421&supplier_code=&order_time=2023-03-30 HTTP/1.1" 200 421
114.83.222.182 - - [30/Mar/2023:10:37:40 +0800] "GET /xingrg/kc/base/yddb_order_info.html?code=482023033000209 HTTP/1.1" 200 28917
114.83.222.182 - - [30/Mar/2023:10:37:40 +0800] "GET /xingrg/dwr/interface/AjaxComOrderService.js HTTP/1.1" 200 18264
114.83.222.182 - - [30/Mar/2023:10:37:40 +0800] "GET /xingrg/dwr/interface/AjaxYddbService.js HTTP/1.1" 200 13201
114.83.222.182 - - [30/Mar/2023:10:37:40 +0800] "GET /xingrg/dwr/engine.js HTTP/1.1" 200 43631
114.83.222.182 - - [30/Mar/2023:10:37:41 +0800] "POST /xingrg/dwr/call/plaincall/AjaxYddbService.loadMaterielItems.dwr HTTP/1.1" 200 383
124.78.155.10 - - [30/Mar/2023:10:37:43 +0800] "GET /xingrg/kc/buy/cgsh_order_operate.html?command=get_materiel&rest_code=00106&code=00101006357&supplier_code=00100015&order_time=2023-03-30 HTTP/1.1" 200 419
114.83.222.182 - - [30/Mar/2023:10:37:44 +0800] "GET /xingrg/kc/base/yddb_order_report.html?fileType=servlets/html&code=482023033000209&reportName=ck_order_report&subName=yddb HTTP/1.1" 302 -
114.83.222.182 - - [30/Mar/2023:10:37:44 +0800] "GET /xingrg/servlets/html?sysBaseUrl=http%3A%2F%2F180.169.147.146%3A18081%2Fxingrg%2F&costTime=666×tamp=1680143864180 HTTP/1.1" 200 14759
114.83.222.182 - - [30/Mar/2023:10:37:44 +0800] "GET /xingrg/servlets/image?image=px HTTP/1.1" 200 807
114.83.222.182 - - [30/Mar/2023:10:37:44 +0800] "GET /favicon.ico HTTP/1.1" 404 -
222.67.232.202 - - [30/Mar/2023:10:37:44 +0800] "POST /xingrg/kc/buy/cgsh_order_operate.html HTTP/1.1" 200 12
101.83.240.222 - - [30/Mar/2023:10:37:44 +0800] "GET /xingrg/all/function/internal_message.html?_=1680143863133&CODE_STATE=getMsg HTTP/1.1" 200 27
172.20.0.100 - - [30/Mar/2023:10:37:45 +0800] "GET /xingrg/all/function/internal_message.html?_=1680143875306&CODE_STATE=getMsg HTTP/1.1" 200 27
172.20.0.100 - - [30/Mar/2023:10:37:45 +0800] "GET /xingrg/check_reg.html?_=1680143875307 HTTP/1.1" 200 22
222.67.232.202 - - [30/Mar/2023:10:37:52 +0800] "GET /xingrg/kc/buy/cgsh_order_info.html?code=212023033011187 HTTP/1.1" 200 64863
222.67.232.202 - - [30/Mar/2023:10:37:52 +0800] "GET /xingrg/javascript/easyui/themes/default/validatebox.css HTTP/1.1" 404 1104
222.67.232.202 - - [30/Mar/2023:10:37:53 +0800] "POST /xingrg/kc/buy/cgsh_order_operate.html HTTP/1.1" 200 1192
222.67.232.202 - - [30/Mar/2023:10:37:55 +0800] "GET /xingrg/kc/print/load_data.html?order_code=212023033011187&kc_code=cgsh&condition= HTTP/1.1" 200 1006
222.70.182.87 - - [30/Mar/2023:10:37:56 +0800] "GET /xingrg/all/function/internal_message.html?_=1680143876104&CODE_STATE=getMsg HTTP/1.1" 200 27
116.192.124.172 - - [30/Mar/2023:10:37:58 +0800] "GET /favicon.ico HTTP/1.1" 404 -
222.67.232.202 - - [30/Mar/2023:10:37:58 +0800] "GET /xingrg/kc/buy/cgsh_order_add.html HTTP/1.1" 200 69961
222.67.232.202 - - [30/Mar/2023:10:37:59 +0800] "POST /xingrg/kc/buy/cgsh_order_operate.html HTTP/1.1" 200 8245
222.67.232.202 - - [30/Mar/2023:10:37:59 +0800] "GET /xingrg/javascript/easyui/themes/default/validatebox.css HTTP/1.1" 404 1104
116.238.139.35 - - [30/Mar/2023:10:37:59 +0800] "GET /xingrg/kc/buy/cgsh_order_operate.html?command=get_materiel&rest_code=00150&code=00101031012&supplier_code=00100054&order_time=2023-03-30 HTTP/1.1" 200 417
222.70.172.219 - - [30/Mar/2023:10:37:59 +0800] "GET /xingrg/all/function/internal_message.html?_=1680143893712&CODE_STATE=getMsg HTTP/1.1" 200 27
101.83.240.222 - - [30/Mar/2023:10:37:59 +0800] "GET /xingrg/kc/buy/cgsh_order_operate.html?command=get_materiel&rest_code=00149&code=00101027024&supplier_code=00100019&order_time=2023-03-30 HTTP/1.1" 200 443
116.192.124.172 - - [30/Mar/2023:10:38:00 +0800] "GET /xingrg/all/function/internal_message.html?_=1680143880770&CODE_STATE=getMsg HTTP/1.1" 200 27
172.20.0.100 - - [30/Mar/2023:10:38:00 +0800] "GET /xingrg/all/function/internal_message.html?_=1680143890619&CODE_STATE=getMsg HTTP/1.1" 200 27
124.79.72.155 - - [30/Mar/2023:10:38:00 +0800] "GET /xingrg/all/function/internal_message.html?_=1680143889786&CODE_STATE=getMsg HTTP/1.1" 200 27
116.224.158.100 - - [30/Mar/2023:10:38:02 +0800] "GET /xingrg/all/function/internal_message.html?_=1680143883316&CODE_STATE=getMsg HTTP/1.1" 200 27
116.227.208.255 - - [30/Mar/2023:10:38:03 +0800] "GET /xingrg/all/function/internal_message.html?_=1680143982460&CODE_STATE=getMsg HTTP/1.1" 200 27
114.83.222.182 - - [30/Mar/2023:10:38:07 +0800] "GET /xingrg/all/function/internal_message.html?_=1680143963854&CODE_STATE=getMsg HTTP/1.1" 200 27
180.157.253.110 - - [30/Mar/2023:10:38:07 +0800] "GET /xingrg/all/function/internal_message.html?_=1680143887954&CODE_STATE=getMsg HTTP/1.1" 200 27
222.67.232.202 - - [30/Mar/2023:10:38:07 +0800] "GET /xingrg/check_reg.html?_=1680143430826 HTTP/1.1" 200 22
222.67.232.202 - - [30/Mar/2023:10:38:07 +0800] "GET /xingrg/all/function/internal_message.html?_=1680143430827&CODE_STATE=getMsg HTTP/1.1" 200 27
116.238.139.35 - - [30/Mar/2023:10:38:09 +0800] "POST /xingrg/kc/buy/cgsh_order_operate.html HTTP/1.1" 200 37
116.192.124.172 - - [30/Mar/2023:10:38:10 +0800] "GET /xingrg/all/function/internal_message.html?_=1680143890521&CODE_STATE=getMsg HTTP/1.1" 200 27
116.238.139.35 - - [30/Mar/2023:10:38:16 +0800] "GET /xingrg/all/function/internal_message.html?_=1680143813692&CODE_STATE=getMsg HTTP/1.1" 200 27
116.238.139.35 - - [30/Mar/2023:10:38:16 +0800] "POST /xingrg/kc/buy/cgsh_order_operate.html HTTP/1.1" 200 12
180.164.3.199 - - [30/Mar/2023:10:38:17 +0800] "GET /xingrg/all/function/internal_message.html?_=1680143898119&CODE_STATE=getMsg HTTP/1.1" 200 27
124.78.155.10 - - [30/Mar/2023:10:38:21 +0800] "POST /xingrg/kc/buy/cgsh_order_operate.html HTTP/1.1" 200 37
101.83.240.222 - - [30/Mar/2023:10:38:22 +0800] "GET /xingrg/kc/buy/cgsh_order_operate.html?command=get_materiel&rest_code=00149&code=00101027021&supplier_code=00100019&order_time=2023-03-30 HTTP/1.1" 200 445
116.238.139.35 - - [30/Mar/2023:10:38:23 +0800] "GET /xingrg/all/function/internal_message.html?_=1680143905429&CODE_STATE=getMsg HTTP/1.1" 200 27
124.78.155.10 - - [30/Mar/2023:10:38:23 +0800] "POST /xingrg/kc/buy/cgsh_order_operate.html HTTP/1.1" 200 5640
116.238.139.35 - - [30/Mar/2023:10:38:23 +0800] "GET /xingrg/kc/buy/cgsh_order_info.html?code=212023033011188 HTTP/1.1" 200 64905
116.238.139.35 - - [30/Mar/2023:10:38:24 +0800] "GET /xingrg/javascript/easyui/themes/default/validatebox.css HTTP/1.1" 404 1104
116.238.139.35 - - [30/Mar/2023:10:38:25 +0800] "POST /xingrg/kc/buy/cgsh_order_operate.html HTTP/1.1" 200 614
116.238.139.35 - - [30/Mar/2023:10:38:27 +0800] "GET /xingrg/kc/print/load_data.html?order_code=212023033011188&kc_code=cgsh&condition= HTTP/1.1" 200 712
180.169.147.146 - - [30/Mar/2023:10:38:27 +0800] "GET /xingrg/all/function/internal_message.html?_=1680143906491&CODE_STATE=getMsg HTTP/1.1" 200 27
124.78.155.10 - - [30/Mar/2023:10:38:28 +0800] "GET /xingrg/kc/buy/cgsh_order_add.html HTTP/1.1" 200 69955
124.78.155.10 - - [30/Mar/2023:10:38:28 +0800] "GET /xingrg/words/20230330101052_words.js HTTP/1.1" 304 -
180.169.147.146 - - [30/Mar/2023:10:38:28 +0800] "GET /xingrg/check_reg.html?_=1680143903641 HTTP/1.1" 200 22
180.169.147.146 - - [30/Mar/2023:10:38:28 +0800] "GET /xingrg/all/function/internal_message.html?_=1680143903638&CODE_STATE=getMsg HTTP/1.1" 200 27
124.78.155.10 - - [30/Mar/2023:10:38:28 +0800] "POST /xingrg/kc/buy/cgsh_order_operate.html HTTP/1.1" 200 8245
124.78.155.10 - - [30/Mar/2023:10:38:28 +0800] "GET /xingrg/javascript/easyui/themes/default/validatebox.css HTTP/1.1" 404 1104
124.78.155.10 - - [30/Mar/2023:10:38:29 +0800] "GET /xingrg/javascript/easyui/themes/default/tree.css HTTP/1.1" 404 1090
124.78.155.10 - - [30/Mar/2023:10:38:30 +0800] "POST /xingrg/all/common/load_tree.html?tree=supplier_tree_json&isDelete=1 HTTP/1.1" 200 71093
222.67.232.202 - - [30/Mar/2023:10:38:31 +0800] "GET /xingrg/kc/buy/cgsh_order_operate.html?command=get_materiel&rest_code=00141&code=00101007038&supplier_code=00100004&order_time=2023-03-30 HTTP/1.1" 200 420
116.238.139.35 - - [30/Mar/2023:10:38:32 +0800] "GET /xingrg/kc/buy/cgsh_order_add.html HTTP/1.1" 200 70005
116.238.139.35 - - [30/Mar/2023:10:38:32 +0800] "POST /xingrg/kc/buy/cgsh_order_operate.html HTTP/1.1" 200 8245
116.238.139.35 - - [30/Mar/2023:10:38:32 +0800] "GET /xingrg/javascript/easyui/themes/default/validatebox.css HTTP/1.1" 404 1104
101.83.240.222 - - [30/Mar/2023:10:38:38 +0800] "GET /xingrg/kc/buy/cgsh_order_operate.html?command=get_materiel&rest_code=00149&code=00101028011&supplier_code=00100019&order_time=2023-03-30 HTTP/1.1" 200 475
116.238.139.35 - - [30/Mar/2023:10:38:42 +0800] "GET /xingrg/kc/buy/cgsh_order_operate.html?command=get_materiel&rest_code=00150&code=00101015021&supplier_code=00100054&order_time=2023-03-30 HTTP/1.1" 200 408
222.67.232.202 - - [30/Mar/2023:10:38:42 +0800] "GET /xingrg/kc/buy/cgsh_order_operate.html?command=get_materiel&rest_code=00141&code=00101007077&supplier_code=00100004&order_time=2023-03-30 HTTP/1.1" 200 415
180.169.147.146 - - [30/Mar/2023:10:38:43 +0800] "POST /xingrg/kc/buy/cgsh_list_operate.html HTTP/1.1" 200 4
180.157.253.110 - - [30/Mar/2023:10:38:44 +0800] "POST /xingrg/services/DataTransmitService HTTP/1.1" 200 524
101.83.240.222 - - [30/Mar/2023:10:38:44 +0800] "GET /xingrg/all/function/internal_message.html?_=1680143923138&CODE_STATE=getMsg HTTP/1.1" 200 27
172.20.0.100 - - [30/Mar/2023:10:38:45 +0800] "GET /xingrg/all/function/internal_message.html?_=1680143935306&CODE_STATE=getMsg HTTP/1.1" 200 27
180.157.253.110 - - [30/Mar/2023:10:38:45 +0800] "POST /xingrg/services/DataTransmitService HTTP/1.1" 200 412
222.67.232.202 - - [30/Mar/2023:10:38:52 +0800] "GET /xingrg/kc/buy/cgsh_order_operate.html?command=get_materiel&rest_code=00141&code=00101007027&supplier_code=00100004&order_time=2023-03-30 HTTP/1.1" 200 421
116.238.139.35 - - [30/Mar/2023:10:38:52 +0800] "GET /xingrg/kc/buy/cgsh_order_operate.html?command=get_materiel&rest_code=00150&code=00101015014&supplier_code=00100054&order_time=2023-03-30 HTTP/1.1" 200 412
124.78.155.10 - - [30/Mar/2023:10:38:54 +0800] "GET /xingrg/kc/buy/cgsh_order_operate.html?command=get_materiel&rest_code=00106&code=00101007027&supplier_code=00100002&order_time=2023-03-30 HTTP/1.1" 200 421
222.70.182.87 - - [30/Mar/2023:10:38:56 +0800] "GET /xingrg/all/function/internal_message.html?_=1680143936109&CODE_STATE=getMsg HTTP/1.1" 200 27
222.70.182.87 - - [30/Mar/2023:10:38:56 +0800] "GET /xingrg/check_reg.html?_=1680143936106 HTTP/1.1" 200 22
116.238.139.35 - - [30/Mar/2023:10:38:58 +0800] "GET /xingrg/kc/buy/cgsh_order_operate.html?command=get_materiel&rest_code=00150&code=00101015062&supplier_code=00100054&order_time=2023-03-30 HTTP/1.1" 200 412
222.70.172.219 - - [30/Mar/2023:10:38:59 +0800] "GET /xingrg/all/function/internal_message.html?_=1680143953726&CODE_STATE=getMsg HTTP/1.1" 200 27
116.192.124.172 - - [30/Mar/2023:10:39:00 +0800] "GET /xingrg/all/function/internal_message.html?_=1680143940751&CODE_STATE=getMsg HTTP/1.1" 200 27
172.20.0.100 - - [30/Mar/2023:10:39:00 +0800] "GET /xingrg/check_reg.html?_=1680143950617 HTTP/1.1" 200 22
172.20.0.100 - - [30/Mar/2023:10:39:00 +0800] "GET /xingrg/all/function/internal_message.html?_=1680143950618&CODE_STATE=getMsg HTTP/1.1" 200 27
222.67.232.202 - - [30/Mar/2023:10:39:00 +0800] "GET /xingrg/kc/buy/cgsh_order_operate.html?command=get_materiel&rest_code=00141&code=00101007032&supplier_code=00100004&order_time=2023-03-30 HTTP/1.1" 200 432
124.79.72.155 - - [30/Mar/2023:10:39:00 +0800] "GET /xingrg/check_reg.html?_=1680143949787 HTTP/1.1" 200 22
124.79.72.155 - - [30/Mar/2023:10:39:00 +0800] "GET /xingrg/all/function/internal_message.html?_=1680143949790&CODE_STATE=getMsg HTTP/1.1" 200 27
116.224.158.100 - - [30/Mar/2023:10:39:02 +0800] "GET /xingrg/all/function/internal_message.html?_=1680143943320&CODE_STATE=getMsg HTTP/1.1" 200 27
116.227.208.255 - - [30/Mar/2023:10:39:03 +0800] "GET /xingrg/all/function/internal_message.html?_=1680144042460&CODE_STATE=getMsg HTTP/1.1" 200 27
101.83.240.222 - - [30/Mar/2023:10:39:04 +0800] "GET /xingrg/kc/buy/cgsh_order_operate.html?command=get_materiel&rest_code=00149&code=00101028044&supplier_code=00100019&order_time=2023-03-30 HTTP/1.1" 200 440
116.238.139.35 - - [30/Mar/2023:10:39:06 +0800] "GET /xingrg/kc/buy/cgsh_order_operate.html?command=get_materiel&rest_code=00150&code=00101015017&supplier_code=00100054&order_time=2023-03-30 HTTP/1.1" 200 412
114.83.222.182 - - [30/Mar/2023:10:39:07 +0800] "GET /xingrg/all/function/internal_message.html?_=1680144023837&CODE_STATE=getMsg HTTP/1.1" 200 27
180.157.253.110 - - [30/Mar/2023:10:39:07 +0800] "GET /xingrg/all/function/internal_message.html?_=1680143947955&CODE_STATE=getMsg HTTP/1.1" 200 27
222.67.232.202 - - [30/Mar/2023:10:39:07 +0800] "GET /xingrg/all/function/internal_message.html?_=1680143490819&CODE_STATE=getMsg HTTP/1.1" 200 27
116.192.124.172 - - [30/Mar/2023:10:39:10 +0800] "GET /xingrg/check_reg.html?_=1680143950516 HTTP/1.1" 200 22
116.192.124.172 - - [30/Mar/2023:10:39:10 +0800] "GET /xingrg/all/function/internal_message.html?_=1680143950519&CODE_STATE=getMsg HTTP/1.1" 200 27
222.70.182.87 - - [30/Mar/2023:10:39:10 +0800] "GET /xingrg/kc/base/wldb_order_list.html HTTP/1.1" 200 19098
222.67.232.202 - - [30/Mar/2023:10:39:11 +0800] "POST /xingrg/kc/buy/cgsh_order_operate.html HTTP/1.1" 200 37
222.70.182.87 - - [30/Mar/2023:10:39:11 +0800] "POST /xingrg/kc/base/wldb_list_operate.html HTTP/1.1" 200 928
222.70.182.87 - - [30/Mar/2023:10:39:12 +0800] "GET /xingrg/kc/base/wldb_order_add.html HTTP/1.1" 200 30381
114.83.222.182 - - [30/Mar/2023:10:39:12 +0800] "POST /xingrg/kc/base/yddb_list_operate.html HTTP/1.1" 200 1343
222.70.182.87 - - [30/Mar/2023:10:39:12 +0800] "POST /xingrg/kc/base/wldb_order_operate.html HTTP/1.1" 200 6806
222.70.182.87 - - [30/Mar/2023:10:39:12 +0800] "GET /xingrg/all/common/auto_word.html?type=base&rest_code=00111 HTTP/1.1" 200 1753
222.70.182.87 - - [30/Mar/2023:10:39:13 +0800] "GET /xingrg/all/common/auto_word.html?type=base&rest_code=00111 HTTP/1.1" 200 1753
222.70.182.87 - - [30/Mar/2023:10:39:13 +0800] "GET /xingrg/javascript/easyui/themes/default/validatebox.css HTTP/1.1" 404 1104
116.238.139.35 - - [30/Mar/2023:10:39:13 +0800] "GET /xingrg/kc/buy/cgsh_order_operate.html?command=get_materiel&rest_code=00150&code=00101015061&supplier_code=00100054&order_time=2023-03-30 HTTP/1.1" 200 412
124.78.155.10 - - [30/Mar/2023:10:39:15 +0800] "GET /xingrg/all/function/internal_message.html?_=1680143955715&CODE_STATE=getMsg HTTP/1.1" 200 27
124.78.155.10 - - [30/Mar/2023:10:39:15 +0800] "GET /xingrg/check_reg.html?_=1680143955734 HTTP/1.1" 200 22
116.238.139.35 - - [30/Mar/2023:10:39:16 +0800] "GET /xingrg/all/function/internal_message.html?_=1680143873708&CODE_STATE=getMsg HTTP/1.1" 200 27
180.164.3.199 - - [30/Mar/2023:10:39:17 +0800] "GET /xingrg/all/function/internal_message.html?_=1680143958125&CODE_STATE=getMsg HTTP/1.1" 200 27
222.67.232.202 - - [30/Mar/2023:10:39:17 +0800] "POST /xingrg/kc/buy/cgsh_order_operate.html HTTP/1.1" 200 12
222.67.232.202 - - [30/Mar/2023:10:39:19 +0800] "GET /xingrg/kc/buy/cgsh_order_info.html?code=212023033011190 HTTP/1.1" 200 64863
222.67.232.202 - - [30/Mar/2023:10:39:19 +0800] "GET /xingrg/javascript/easyui/themes/default/validatebox.css HTTP/1.1" 404 1104
116.238.139.35 - - [30/Mar/2023:10:39:22 +0800] "POST /xingrg/kc/buy/cgsh_order_operate.html HTTP/1.1" 200 37
101.83.240.222 - - [30/Mar/2023:10:39:22 +0800] "GET /xingrg/kc/buy/cgsh_order_operate.html?command=get_materiel&rest_code=00149&code=00101028016&supplier_code=00100019&order_time=2023-03-30 HTTP/1.1" 200 447
222.67.232.202 - - [30/Mar/2023:10:39:22 +0800] "POST /xingrg/kc/buy/cgsh_order_operate.html HTTP/1.1" 200 2395
222.67.232.202 - - [30/Mar/2023:10:39:24 +0800] "GET /xingrg/kc/print/load_data.html?order_code=212023033011190&kc_code=cgsh&condition= HTTP/1.1" 200 1453
222.70.182.87 - - [30/Mar/2023:10:39:27 +0800] "GET /xingrg/kc/base/wldb_order_operate.html?command=get_materiel&rest_code=00111&base_code=0010283&code=00101019359 HTTP/1.1" 200 461
222.67.232.202 - - [30/Mar/2023:10:39:28 +0800] "GET /xingrg/kc/buy/cgsh_order_add.html HTTP/1.1" 200 69961
180.169.147.146 - - [30/Mar/2023:10:39:28 +0800] "GET /xingrg/all/function/internal_message.html?_=1680143963625&CODE_STATE=getMsg HTTP/1.1" 200 27
222.67.232.202 - - [30/Mar/2023:10:39:28 +0800] "POST /xingrg/kc/buy/cgsh_order_operate.html HTTP/1.1" 200 8245
222.67.232.202 - - [30/Mar/2023:10:39:28 +0800] "GET /xingrg/javascript/easyui/themes/default/validatebox.css HTTP/1.1" 404 1104
124.78.155.10 - - [30/Mar/2023:10:39:29 +0800] "GET /xingrg/kc/buy/cgsh_order_operate.html?command=get_materiel&rest_code=00106&code=00101007077&supplier_code=00100002&order_time=2023-03-30 HTTP/1.1" 200 415
116.238.139.35 - - [30/Mar/2023:10:39:34 +0800] "POST /xingrg/kc/buy/cgsh_order_operate.html HTTP/1.1" 200 12
116.238.139.35 - - [30/Mar/2023:10:39:36 +0800] "GET /xingrg/kc/buy/cgsh_order_info.html?code=212023033011191 HTTP/1.1" 200 64905
116.238.139.35 - - [30/Mar/2023:10:39:36 +0800] "GET /xingrg/words/20230330101052_words.js HTTP/1.1" 304 -
116.238.139.35 - - [30/Mar/2023:10:39:36 +0800] "GET /xingrg/javascript/easyui/themes/default/validatebox.css HTTP/1.1" 404 1104
116.238.139.35 - - [30/Mar/2023:10:39:37 +0800] "POST /xingrg/kc/buy/cgsh_order_operate.html HTTP/1.1" 200 2979
116.238.139.35 - - [30/Mar/2023:10:39:41 +0800] "GET /xingrg/kc/print/load_data.html?order_code=212023033011191&kc_code=cgsh&condition= HTTP/1.1" 200 1602
101.83.240.222 - - [30/Mar/2023:10:39:44 +0800] "GET /xingrg/all/function/internal_message.html?_=1680143983135&CODE_STATE=getMsg HTTP/1.1" 200 27
172.20.0.100 - - [30/Mar/2023:10:39:45 +0800] "GET /xingrg/all/function/internal_message.html?_=1680143995321&CODE_STATE=getMsg HTTP/1.1" 200 27
124.79.240.114 - - [30/Mar/2023:10:39:47 +0800] "POST /xingrg/services/DataTransmitService HTTP/1.1" 200 524
116.238.139.35 - - [30/Mar/2023:10:39:47 +0800] "POST /xingrg/all/user/operate.html HTTP/1.1" 200 36
116.238.139.35 - - [30/Mar/2023:10:39:47 +0800] "GET /xingrg/index.html?sysBaseUrl=http%3A%2F%2F180.169.147.146%3A18081%2Fxingrg%2F&costTime=829×tamp=1680137929455 HTTP/1.1" 200 17177
116.238.139.35 - - [30/Mar/2023:10:39:47 +0800] "GET /xingrg/javascript/jquery_easy_ui/themes/default/easyui.css HTTP/1.1" 304 -
