116.227.208.255 - - [30/Mar/2023:08:35:24 +0800] "GET /xingrg/kc/buy/cgsh_order_operate.html?command=get_materiel&rest_code=00155&code=00101008261&supplier_code=00100005&order_time=2023-03-30 HTTP/1.1" 200 408
116.227.208.255 - - [30/Mar/2023:08:35:32 +0800] "GET /xingrg/kc/buy/cgsh_order_operate.html?command=get_materiel&rest_code=00155&code=00101008358&supplier_code=00100005&order_time=2023-03-30 HTTP/1.1" 200 412
116.227.208.255 - - [30/Mar/2023:08:35:38 +0800] "GET /xingrg/kc/buy/cgsh_order_operate.html?command=get_materiel&rest_code=00155&code=00101008003&supplier_code=00100005&order_time=2023-03-30 HTTP/1.1" 200 408
116.227.208.255 - - [30/Mar/2023:08:35:44 +0800] "GET /xingrg/kc/buy/cgsh_order_operate.html?command=get_materiel&rest_code=00155&code=00101008126&supplier_code=00100005&order_time=2023-03-30 HTTP/1.1" 200 412
172.20.0.100 - - [30/Mar/2023:08:35:45 +0800] "GET /xingrg/all/function/internal_message.html?_=1680136555158&CODE_STATE=getMsg HTTP/1.1" 200 27
222.70.172.219 - - [30/Mar/2023:08:35:45 +0800] "GET /xingrg/all/function/internal_message.html?_=1680136559480&CODE_STATE=getMsg HTTP/1.1" 200 27
180.157.253.110 - - [30/Mar/2023:08:35:48 +0800] "GET /xingrg/all/function/internal_message.html?_=1680136549573&CODE_STATE=getMsg HTTP/1.1" 200 27
116.227.208.255 - - [30/Mar/2023:08:35:50 +0800] "GET /xingrg/kc/buy/cgsh_order_operate.html?command=get_materiel&rest_code=00155&code=00101008087&supplier_code=00100005&order_time=2023-03-30 HTTP/1.1" 200 412
116.227.208.255 - - [30/Mar/2023:08:35:57 +0800] "GET /xingrg/kc/buy/cgsh_order_operate.html?command=get_materiel&rest_code=00155&code=00101008027&supplier_code=00100005&order_time=2023-03-30 HTTP/1.1" 200 408
172.20.0.100 - - [30/Mar/2023:08:36:00 +0800] "GET /xingrg/all/function/internal_message.html?_=1680136570437&CODE_STATE=getMsg HTTP/1.1" 200 27
116.238.139.35 - - [30/Mar/2023:08:36:02 +0800] "GET /xingrg/check_reg.html?_=1680136480106 HTTP/1.1" 200 22
116.227.208.255 - - [30/Mar/2023:08:36:03 +0800] "GET /xingrg/all/function/internal_message.html?_=1680136662555&CODE_STATE=getMsg HTTP/1.1" 200 27
116.227.208.255 - - [30/Mar/2023:08:36:06 +0800] "GET /xingrg/kc/buy/cgsh_order_operate.html?command=get_materiel&rest_code=00155&code=00101008415&supplier_code=00100005&order_time=2023-03-30 HTTP/1.1" 200 412
172.20.0.100 - - [30/Mar/2023:08:36:07 +0800] "GET /xingrg/check_reg.html?_=1680136577484 HTTP/1.1" 200 22
116.192.124.172 - - [30/Mar/2023:08:36:10 +0800] "GET /xingrg/all/function/internal_message.html?_=1680136570519&CODE_STATE=getMsg HTTP/1.1" 200 27
116.227.208.255 - - [30/Mar/2023:08:36:12 +0800] "GET /xingrg/kc/buy/cgsh_order_operate.html?command=get_materiel&rest_code=00155&code=00101008331&supplier_code=00100005&order_time=2023-03-30 HTTP/1.1" 200 416
116.238.139.35 - - [30/Mar/2023:08:36:14 +0800] "GET /xingrg/all/function/internal_message.html?_=1680136491365&CODE_STATE=getMsg HTTP/1.1" 200 27
116.227.208.255 - - [30/Mar/2023:08:36:18 +0800] "GET /xingrg/kc/buy/cgsh_order_operate.html?command=get_materiel&rest_code=00155&code=00101008349&supplier_code=00100005&order_time=2023-03-30 HTTP/1.1" 200 412
116.227.208.255 - - [30/Mar/2023:08:36:24 +0800] "GET /xingrg/kc/buy/cgsh_order_operate.html?command=get_materiel&rest_code=00155&code=00101008185&supplier_code=00100005&order_time=2023-03-30 HTTP/1.1" 200 408
116.227.208.255 - - [30/Mar/2023:08:36:31 +0800] "GET /xingrg/kc/buy/cgsh_order_operate.html?command=get_materiel&rest_code=00155&code=00101008354&supplier_code=00100005&order_time=2023-03-30 HTTP/1.1" 200 412
116.227.208.255 - - [30/Mar/2023:08:36:38 +0800] "GET /xingrg/kc/buy/cgsh_order_operate.html?command=get_materiel&rest_code=00155&code=00101008290&supplier_code=00100005&order_time=2023-03-30 HTTP/1.1" 200 416
172.20.0.100 - - [30/Mar/2023:08:36:45 +0800] "GET /xingrg/all/function/internal_message.html?_=1680136615155&CODE_STATE=getMsg HTTP/1.1" 200 27
222.70.172.219 - - [30/Mar/2023:08:36:45 +0800] "GET /xingrg/check_reg.html?_=1680136619384 HTTP/1.1" 200 22
222.70.172.219 - - [30/Mar/2023:08:36:45 +0800] "GET /xingrg/all/function/internal_message.html?_=1680136619495&CODE_STATE=getMsg HTTP/1.1" 200 27
180.157.253.110 - - [30/Mar/2023:08:36:48 +0800] "GET /xingrg/all/function/internal_message.html?_=1680136609558&CODE_STATE=getMsg HTTP/1.1" 200 27
116.227.208.255 - - [30/Mar/2023:08:36:56 +0800] "GET /xingrg/kc/buy/cgsh_order_operate.html?command=get_materiel&rest_code=00155&code=00101008361&supplier_code=00100005&order_time=2023-03-30 HTTP/1.1" 200 408
172.20.0.100 - - [30/Mar/2023:08:37:00 +0800] "GET /xingrg/all/function/internal_message.html?_=1680136630436&CODE_STATE=getMsg HTTP/1.1" 200 27
116.227.208.255 - - [30/Mar/2023:08:37:03 +0800] "GET /xingrg/check_reg.html?_=1680136722443 HTTP/1.1" 200 22
116.227.208.255 - - [30/Mar/2023:08:37:03 +0800] "GET /xingrg/all/function/internal_message.html?_=1680136722534&CODE_STATE=getMsg HTTP/1.1" 200 27
116.227.208.255 - - [30/Mar/2023:08:37:08 +0800] "GET /xingrg/kc/buy/cgsh_order_operate.html?command=get_materiel&rest_code=00155&code=00101008355&supplier_code=00100005&order_time=2023-03-30 HTTP/1.1" 200 408
116.192.124.172 - - [30/Mar/2023:08:37:10 +0800] "GET /xingrg/all/function/internal_message.html?_=1680136630522&CODE_STATE=getMsg HTTP/1.1" 200 27
116.238.139.35 - - [30/Mar/2023:08:37:14 +0800] "GET /xingrg/all/function/internal_message.html?_=1680136551378&CODE_STATE=getMsg HTTP/1.1" 200 27
116.227.208.255 - - [30/Mar/2023:08:37:15 +0800] "GET /xingrg/kc/buy/cgsh_order_operate.html?command=get_materiel&rest_code=00155&code=00101008264&supplier_code=00100005&order_time=2023-03-30 HTTP/1.1" 200 412
116.227.208.255 - - [30/Mar/2023:08:37:23 +0800] "GET /xingrg/kc/buy/cgsh_order_operate.html?command=get_materiel&rest_code=00155&code=00101008274&supplier_code=00100005&order_time=2023-03-30 HTTP/1.1" 200 412
116.227.208.255 - - [30/Mar/2023:08:37:29 +0800] "GET /xingrg/kc/buy/cgsh_order_operate.html?command=get_materiel&rest_code=00155&code=00101008024&supplier_code=00100005&order_time=2023-03-30 HTTP/1.1" 200 408
116.227.208.255 - - [30/Mar/2023:08:37:35 +0800] "GET /xingrg/kc/buy/cgsh_order_operate.html?command=get_materiel&rest_code=00155&code=00101008356&supplier_code=00100005&order_time=2023-03-30 HTTP/1.1" 200 408
116.227.208.255 - - [30/Mar/2023:08:37:44 +0800] "POST /xingrg/kc/buy/cgsh_order_operate.html HTTP/1.1" 200 2065
172.20.0.100 - - [30/Mar/2023:08:37:45 +0800] "GET /xingrg/all/function/internal_message.html?_=1680136675154&CODE_STATE=getMsg HTTP/1.1" 200 27
172.20.0.100 - - [30/Mar/2023:08:37:45 +0800] "GET /xingrg/check_reg.html?_=1680136675155 HTTP/1.1" 200 22
222.70.172.219 - - [30/Mar/2023:08:37:45 +0800] "GET /xingrg/all/function/internal_message.html?_=1680136679508&CODE_STATE=getMsg HTTP/1.1" 200 27
180.157.253.110 - - [30/Mar/2023:08:37:48 +0800] "GET /xingrg/all/function/internal_message.html?_=1680136669544&CODE_STATE=getMsg HTTP/1.1" 200 27
116.227.208.255 - - [30/Mar/2023:08:37:51 +0800] "GET /xingrg/kc/buy/cgsh_order_operate.html?command=get_materiel&rest_code=00155&code=00101008137&supplier_code=00100005&order_time=2023-03-30 HTTP/1.1" 200 408
116.227.208.255 - - [30/Mar/2023:08:37:58 +0800] "GET /xingrg/kc/buy/cgsh_order_operate.html?command=get_materiel&rest_code=00155&code=00101008360&supplier_code=00100005&order_time=2023-03-30 HTTP/1.1" 200 413
180.157.253.110 - - [30/Mar/2023:08:37:58 +0800] "GET /xingrg/check_reg.html?_=1680136679312 HTTP/1.1" 200 22
172.20.0.100 - - [30/Mar/2023:08:38:00 +0800] "GET /xingrg/all/function/internal_message.html?_=1680136690435&CODE_STATE=getMsg HTTP/1.1" 200 27
116.227.208.255 - - [30/Mar/2023:08:38:03 +0800] "GET /xingrg/all/function/internal_message.html?_=1680136782508&CODE_STATE=getMsg HTTP/1.1" 200 27
116.227.208.255 - - [30/Mar/2023:08:38:04 +0800] "GET /xingrg/kc/buy/cgsh_order_operate.html?command=get_materiel&rest_code=00155&code=00101008230&supplier_code=00100005&order_time=2023-03-30 HTTP/1.1" 200 408
116.192.124.172 - - [30/Mar/2023:08:38:10 +0800] "GET /xingrg/all/function/internal_message.html?_=1680136690532&CODE_STATE=getMsg HTTP/1.1" 200 27
116.238.139.35 - - [30/Mar/2023:08:38:14 +0800] "GET /xingrg/all/function/internal_message.html?_=1680136611406&CODE_STATE=getMsg HTTP/1.1" 200 27
116.227.208.255 - - [30/Mar/2023:08:38:18 +0800] "GET /xingrg/kc/buy/cgsh_order_operate.html?command=get_materiel&rest_code=00155&code=00101008069&supplier_code=00100005&order_time=2023-03-30 HTTP/1.1" 200 412
116.227.208.255 - - [30/Mar/2023:08:38:30 +0800] "GET /xingrg/kc/buy/cgsh_order_operate.html?command=get_materiel&rest_code=00155&code=00101008006&supplier_code=00100005&order_time=2023-03-30 HTTP/1.1" 200 416
116.227.208.255 - - [30/Mar/2023:08:38:32 +0800] "POST /xingrg/kc/buy/cgsh_order_operate.html HTTP/1.1" 200 2065
116.227.208.255 - - [30/Mar/2023:08:38:36 +0800] "GET /xingrg/kc/buy/cgsh_order_operate.html?command=get_materiel&rest_code=00155&code=00101008036&supplier_code=00100005&order_time=2023-03-30 HTTP/1.1" 200 408
116.227.208.255 - - [30/Mar/2023:08:38:43 +0800] "GET /xingrg/kc/buy/cgsh_order_operate.html?command=get_materiel&rest_code=00155&code=00101008131&supplier_code=00100005&order_time=2023-03-30 HTTP/1.1" 200 409
172.20.0.100 - - [30/Mar/2023:08:38:45 +0800] "GET /xingrg/all/function/internal_message.html?_=1680136735154&CODE_STATE=getMsg HTTP/1.1" 200 27
222.70.172.219 - - [30/Mar/2023:08:38:45 +0800] "GET /xingrg/all/function/internal_message.html?_=1680136739521&CODE_STATE=getMsg HTTP/1.1" 200 27
180.157.253.110 - - [30/Mar/2023:08:38:48 +0800] "GET /xingrg/all/function/internal_message.html?_=1680136729516&CODE_STATE=getMsg HTTP/1.1" 200 27
116.227.208.255 - - [30/Mar/2023:08:38:51 +0800] "GET /xingrg/kc/buy/cgsh_order_operate.html?command=get_materiel&rest_code=00155&code=00101008108&supplier_code=00100005&order_time=2023-03-30 HTTP/1.1" 200 412
116.227.208.255 - - [30/Mar/2023:08:38:59 +0800] "GET /xingrg/kc/buy/cgsh_order_operate.html?command=get_materiel&rest_code=00155&code=00101008318&supplier_code=00100005&order_time=2023-03-30 HTTP/1.1" 200 408
172.20.0.100 - - [30/Mar/2023:08:39:00 +0800] "GET /xingrg/all/function/internal_message.html?_=1680136750459&CODE_STATE=getMsg HTTP/1.1" 200 27
172.20.0.100 - - [30/Mar/2023:08:39:00 +0800] "GET /xingrg/check_reg.html?_=1680136750460 HTTP/1.1" 200 22
116.227.208.255 - - [30/Mar/2023:08:39:03 +0800] "GET /xingrg/all/function/internal_message.html?_=1680136842483&CODE_STATE=getMsg HTTP/1.1" 200 27
116.227.208.255 - - [30/Mar/2023:08:39:07 +0800] "GET /xingrg/kc/buy/cgsh_order_operate.html?command=get_materiel&rest_code=00155&code=00101008352&supplier_code=00100005&order_time=2023-03-30 HTTP/1.1" 200 412
116.192.124.172 - - [30/Mar/2023:08:39:10 +0800] "GET /xingrg/all/function/internal_message.html?_=1680136750534&CODE_STATE=getMsg HTTP/1.1" 200 27
116.192.124.172 - - [30/Mar/2023:08:39:10 +0800] "GET /xingrg/check_reg.html?_=1680136750538 HTTP/1.1" 200 22
116.227.208.255 - - [30/Mar/2023:08:39:11 +0800] "POST /xingrg/kc/buy/cgsh_order_operate.html HTTP/1.1" 200 2065
116.238.139.35 - - [30/Mar/2023:08:39:14 +0800] "GET /xingrg/all/function/internal_message.html?_=1680136671420&CODE_STATE=getMsg HTTP/1.1" 200 27
116.227.208.255 - - [30/Mar/2023:08:39:15 +0800] "GET /xingrg/kc/buy/cgsh_order_operate.html?command=get_materiel&rest_code=00155&code=00101008213&supplier_code=00100005&order_time=2023-03-30 HTTP/1.1" 200 412
116.227.208.255 - - [30/Mar/2023:08:39:25 +0800] "GET /xingrg/kc/buy/cgsh_order_operate.html?command=get_materiel&rest_code=00155&code=00101008328&supplier_code=00100005&order_time=2023-03-30 HTTP/1.1" 200 408
116.224.158.100 - - [30/Mar/2023:08:39:29 +0800] "GET /favicon.ico HTTP/1.1" 404 -
116.224.158.100 - - [30/Mar/2023:08:39:29 +0800] "GET /xingrg/index.html?sysBaseUrl=http%3A%2F%2F180.169.147.146%3A18081%2Fxingrg%2F&costTime=36×tamp=1585223203754 HTTP/1.1" 302 -
116.224.158.100 - - [30/Mar/2023:08:39:29 +0800] "GET /xingrg/login.html HTTP/1.1" 200 7641
116.224.158.100 - - [30/Mar/2023:08:39:29 +0800] "GET /favicon.ico HTTP/1.1" 404 -
116.227.208.255 - - [30/Mar/2023:08:39:34 +0800] "GET /xingrg/kc/buy/cgsh_order_operate.html?command=get_materiel&rest_code=00155&code=00101008312&supplier_code=00100005&order_time=2023-03-30 HTTP/1.1" 200 412
116.227.208.255 - - [30/Mar/2023:08:39:42 +0800] "GET /xingrg/kc/buy/cgsh_order_operate.html?command=get_materiel&rest_code=00155&code=00101008285&supplier_code=00100005&order_time=2023-03-30 HTTP/1.1" 200 413
172.20.0.100 - - [30/Mar/2023:08:39:45 +0800] "GET /xingrg/all/function/internal_message.html?_=1680136795151&CODE_STATE=getMsg HTTP/1.1" 200 27
222.70.172.219 - - [30/Mar/2023:08:39:46 +0800] "GET /xingrg/all/function/internal_message.html?_=1680136800145&CODE_STATE=getMsg HTTP/1.1" 200 27
116.227.208.255 - - [30/Mar/2023:08:39:48 +0800] "GET /xingrg/kc/buy/cgsh_order_operate.html?command=get_materiel&rest_code=00155&code=00101008095&supplier_code=00100005&order_time=2023-03-30 HTTP/1.1" 200 413
180.157.253.110 - - [30/Mar/2023:08:39:48 +0800] "GET /xingrg/all/function/internal_message.html?_=1680136789501&CODE_STATE=getMsg HTTP/1.1" 200 27
116.227.208.255 - - [30/Mar/2023:08:39:50 +0800] "POST /xingrg/kc/buy/cgsh_order_operate.html HTTP/1.1" 200 2065
116.227.208.255 - - [30/Mar/2023:08:39:55 +0800] "GET /xingrg/kc/buy/cgsh_order_operate.html?command=get_materiel&rest_code=00155&code=00101008674&supplier_code=00100005&order_time=2023-03-30 HTTP/1.1" 200 413
116.224.158.100 - - [30/Mar/2023:08:39:59 +0800] "POST /xingrg/login.do HTTP/1.1" 200 2421
116.224.158.100 - - [30/Mar/2023:08:39:59 +0800] "GET /favicon.ico HTTP/1.1" 404 -
116.224.158.100 - - [30/Mar/2023:08:40:00 +0800] "GET /xingrg/login.html HTTP/1.1" 200 7641
116.224.158.100 - - [30/Mar/2023:08:40:00 +0800] "GET /favicon.ico HTTP/1.1" 404 -
172.20.0.100 - - [30/Mar/2023:08:40:00 +0800] "GET /xingrg/all/function/internal_message.html?_=1680136810458&CODE_STATE=getMsg HTTP/1.1" 200 27
116.224.158.100 - - [30/Mar/2023:08:40:02 +0800] "POST /xingrg/login.do HTTP/1.1" 302 -
116.224.158.100 - - [30/Mar/2023:08:40:02 +0800] "GET /xingrg/index.html?sysBaseUrl=http%3A%2F%2F180.169.147.146%3A18081%2Fxingrg%2F&costTime=847×tamp=1680136802050 HTTP/1.1" 200 17173
116.227.208.255 - - [30/Mar/2023:08:40:02 +0800] "GET /xingrg/kc/buy/cgsh_order_operate.html?command=get_materiel&rest_code=00155&code=00101008283&supplier_code=00100005&order_time=2023-03-30 HTTP/1.1" 200 408
116.224.158.100 - - [30/Mar/2023:08:40:02 +0800] "GET /xingrg/all/function/internal_message.html?_=1680136803147&CODE_STATE=count HTTP/1.1" 200 11
116.224.158.100 - - [30/Mar/2023:08:40:02 +0800] "GET /xingrg/check_reg.html?_=1680136803148 HTTP/1.1" 200 22
116.224.158.100 - - [30/Mar/2023:08:40:02 +0800] "GET /favicon.ico HTTP/1.1" 404 -
116.224.158.100 - - [30/Mar/2023:08:40:02 +0800] "POST /xingrg/all/common/load_tree.html?tree=area_rest_tree_json&manage=1 HTTP/1.1" 200 3499
116.224.158.100 - - [30/Mar/2023:08:40:02 +0800] "POST /xingrg/load_menu.html HTTP/1.1" 200 5138
116.227.208.255 - - [30/Mar/2023:08:40:03 +0800] "GET /xingrg/all/function/internal_message.html?_=1680136902468&CODE_STATE=getMsg HTTP/1.1" 200 27
116.227.208.255 - - [30/Mar/2023:08:40:09 +0800] "GET /xingrg/kc/buy/cgsh_order_operate.html?command=get_materiel&rest_code=00155&code=00101008298&supplier_code=00100005&order_time=2023-03-30 HTTP/1.1" 200 413
116.192.124.172 - - [30/Mar/2023:08:40:10 +0800] "GET /xingrg/all/function/internal_message.html?_=1680136810517&CODE_STATE=getMsg HTTP/1.1" 200 27
116.224.158.100 - - [30/Mar/2023:08:40:13 +0800] "GET /xingrg/kc/buy/cgsh_order_list.html HTTP/1.1" 200 54179
116.238.139.35 - - [30/Mar/2023:08:40:14 +0800] "GET /xingrg/all/function/internal_message.html?_=1680136731447&CODE_STATE=getMsg HTTP/1.1" 200 27
116.224.158.100 - - [30/Mar/2023:08:40:15 +0800] "POST /xingrg/kc/buy/cgsh_list_operate.html HTTP/1.1" 200 986
116.227.208.255 - - [30/Mar/2023:08:40:19 +0800] "GET /xingrg/kc/buy/cgsh_order_operate.html?command=get_materiel&rest_code=00155&code=00101008196&supplier_code=00100005&order_time=2023-03-30 HTTP/1.1" 200 416
116.224.158.100 - - [30/Mar/2023:08:40:21 +0800] "GET /xingrg/kc/buy/cgsh_order_add.html HTTP/1.1" 200 70043
116.224.158.100 - - [30/Mar/2023:08:40:21 +0800] "GET /xingrg/words/20230329145859_words.js HTTP/1.1" 200 957918
116.224.158.100 - - [30/Mar/2023:08:40:22 +0800] "POST /xingrg/kc/buy/cgsh_order_operate.html HTTP/1.1" 200 8245
116.224.158.100 - - [30/Mar/2023:08:40:22 +0800] "GET /xingrg/javascript/easyui/themes/default/validatebox.css HTTP/1.1" 404 1104
116.224.158.100 - - [30/Mar/2023:08:40:22 +0800] "GET /xingrg/all/common/auto_word.html?type=employee&rest_code=00105 HTTP/1.1" 200 193
116.224.158.100 - - [30/Mar/2023:08:40:22 +0800] "GET /xingrg/all/common/auto_word.html?type=employee&rest_code=00105 HTTP/1.1" 200 193
116.224.158.100 - - [30/Mar/2023:08:40:23 +0800] "GET /xingrg/javascript/auto/indicator.gif HTTP/1.1" 404 1066
116.227.208.255 - - [30/Mar/2023:08:40:28 +0800] "GET /xingrg/kc/buy/cgsh_order_operate.html?command=get_materiel&rest_code=00155&code=00101008114&supplier_code=00100005&order_time=2023-03-30 HTTP/1.1" 200 413
116.227.208.255 - - [30/Mar/2023:08:40:33 +0800] "POST /xingrg/kc/buy/cgsh_order_operate.html HTTP/1.1" 200 2065
116.227.208.255 - - [30/Mar/2023:08:40:36 +0800] "GET /xingrg/kc/buy/cgsh_order_operate.html?command=get_materiel&rest_code=00155&code=00101008134&supplier_code=00100005&order_time=2023-03-30 HTTP/1.1" 200 412
116.224.158.100 - - [30/Mar/2023:08:40:38 +0800] "GET /xingrg/kc/buy/cgsh_order_operate.html?command=get_materiel&rest_code=00105&code=00101020153&supplier_code=00100034&order_time=2023-03-30 HTTP/1.1" 200 408
172.20.0.100 - - [30/Mar/2023:08:40:45 +0800] "GET /xingrg/all/function/internal_message.html?_=1680136855150&CODE_STATE=getMsg HTTP/1.1" 200 27
222.70.172.219 - - [30/Mar/2023:08:40:46 +0800] "GET /xingrg/all/function/internal_message.html?_=1680136860157&CODE_STATE=getMsg HTTP/1.1" 200 27
180.157.253.110 - - [30/Mar/2023:08:40:48 +0800] "GET /xingrg/all/function/internal_message.html?_=1680136849487&CODE_STATE=getMsg HTTP/1.1" 200 27
116.224.158.100 - - [30/Mar/2023:08:40:49 +0800] "GET /xingrg/kc/buy/cgsh_order_operate.html?command=get_materiel&rest_code=00105&code=00101016030&supplier_code=00100034&order_time=2023-03-30 HTTP/1.1" 200 412
172.20.0.100 - - [30/Mar/2023:08:41:00 +0800] "GET /xingrg/all/function/internal_message.html?_=1680136870457&CODE_STATE=getMsg HTTP/1.1" 200 27
116.224.158.100 - - [30/Mar/2023:08:41:02 +0800] "GET /xingrg/all/function/internal_message.html?_=1680136863151&CODE_STATE=getMsg HTTP/1.1" 200 27
116.238.139.35 - - [30/Mar/2023:08:41:02 +0800] "GET /xingrg/check_reg.html?_=1680136780113 HTTP/1.1" 200 22
116.227.208.255 - - [30/Mar/2023:08:41:03 +0800] "GET /xingrg/all/function/internal_message.html?_=1680136962467&CODE_STATE=getMsg HTTP/1.1" 200 27
116.224.158.100 - - [30/Mar/2023:08:41:03 +0800] "GET /xingrg/kc/buy/cgsh_order_operate.html?command=get_materiel&rest_code=00105&code=00101012051&supplier_code=00100034&order_time=2023-03-30 HTTP/1.1" 200 408
172.20.0.100 - - [30/Mar/2023:08:41:07 +0800] "GET /xingrg/check_reg.html?_=1680136877458 HTTP/1.1" 200 22
116.192.124.172 - - [30/Mar/2023:08:41:10 +0800] "GET /xingrg/all/function/internal_message.html?_=1680136870528&CODE_STATE=getMsg HTTP/1.1" 200 27
116.238.139.35 - - [30/Mar/2023:08:41:14 +0800] "GET /xingrg/all/function/internal_message.html?_=1680136791448&CODE_STATE=getMsg HTTP/1.1" 200 27
116.224.158.100 - - [30/Mar/2023:08:41:20 +0800] "POST /xingrg/kc/buy/cgsh_order_operate.html HTTP/1.1" 200 37
116.224.158.100 - - [30/Mar/2023:08:41:22 +0800] "POST /xingrg/kc/buy/cgsh_order_operate.html HTTP/1.1" 200 4417
116.224.158.100 - - [30/Mar/2023:08:41:23 +0800] "GET /xingrg/kc/print/load_config.html?kc_code=cgsh HTTP/1.1" 200 1925
116.224.158.100 - - [30/Mar/2023:08:41:24 +0800] "GET /xingrg/kc/print/load_data.html?order_code=212023033011141&kc_code=cgsh&condition= HTTP/1.1" 200 1374
116.224.158.100 - - [30/Mar/2023:08:41:31 +0800] "GET /xingrg/kc/buy/cgsh_order_add.html HTTP/1.1" 200 70043
116.224.158.100 - - [30/Mar/2023:08:41:31 +0800] "GET /xingrg/javascript/easyui/themes/default/validatebox.css HTTP/1.1" 404 1104
116.224.158.100 - - [30/Mar/2023:08:41:31 +0800] "POST /xingrg/kc/buy/cgsh_order_operate.html HTTP/1.1" 200 8245
116.224.158.100 - - [30/Mar/2023:08:41:44 +0800] "GET /xingrg/kc/buy/cgsh_order_operate.html?command=get_materiel&rest_code=00105&code=00101002027&supplier_code=00100397&order_time=2023-03-30 HTTP/1.1" 200 413
172.20.0.100 - - [30/Mar/2023:08:41:45 +0800] "GET /xingrg/all/function/internal_message.html?_=1680136915164&CODE_STATE=getMsg HTTP/1.1" 200 27
222.70.172.219 - - [30/Mar/2023:08:41:46 +0800] "GET /xingrg/check_reg.html?_=1680136920023 HTTP/1.1" 200 22
222.70.172.219 - - [30/Mar/2023:08:41:46 +0800] "GET /xingrg/all/function/internal_message.html?_=1680136920171&CODE_STATE=getMsg HTTP/1.1" 200 27
180.157.253.110 - - [30/Mar/2023:08:41:48 +0800] "GET /xingrg/all/function/internal_message.html?_=1680136909499&CODE_STATE=getMsg HTTP/1.1" 200 27
172.20.0.100 - - [30/Mar/2023:08:42:00 +0800] "GET /xingrg/all/function/internal_message.html?_=1680136930471&CODE_STATE=getMsg HTTP/1.1" 200 27
116.224.158.100 - - [30/Mar/2023:08:42:02 +0800] "GET /xingrg/all/function/internal_message.html?_=1680136923178&CODE_STATE=getMsg HTTP/1.1" 200 27
116.227.208.255 - - [30/Mar/2023:08:42:03 +0800] "GET /xingrg/check_reg.html?_=1680137022447 HTTP/1.1" 200 22
116.227.208.255 - - [30/Mar/2023:08:42:03 +0800] "GET /xingrg/all/function/internal_message.html?_=1680137022449&CODE_STATE=getMsg HTTP/1.1" 200 27
116.192.124.172 - - [30/Mar/2023:08:42:10 +0800] "GET /xingrg/all/function/internal_message.html?_=1680136930522&CODE_STATE=getMsg HTTP/1.1" 200 27
116.238.139.35 - - [30/Mar/2023:08:42:14 +0800] "GET /xingrg/all/function/internal_message.html?_=1680136851462&CODE_STATE=getMsg HTTP/1.1" 200 27
116.224.158.100 - - [30/Mar/2023:08:42:18 +0800] "GET /xingrg/kc/buy/cgsh_order_operate.html?command=get_materiel&rest_code=00105&code=00101001010&supplier_code=00100397&order_time=2023-03-30 HTTP/1.1" 200 409
116.224.158.100 - - [30/Mar/2023:08:42:44 +0800] "POST /xingrg/kc/buy/cgsh_order_operate.html HTTP/1.1" 200 37
172.20.0.100 - - [30/Mar/2023:08:42:45 +0800] "GET /xingrg/check_reg.html?_=1680136975163 HTTP/1.1" 200 22
172.20.0.100 - - [30/Mar/2023:08:42:45 +0800] "GET /xingrg/all/function/internal_message.html?_=1680136975164&CODE_STATE=getMsg HTTP/1.1" 200 27
222.70.172.219 - - [30/Mar/2023:08:42:46 +0800] "GET /xingrg/all/function/internal_message.html?_=1680136980185&CODE_STATE=getMsg HTTP/1.1" 200 27
180.157.253.110 - - [30/Mar/2023:08:42:48 +0800] "GET /xingrg/all/function/internal_message.html?_=1680136969484&CODE_STATE=getMsg HTTP/1.1" 200 27
116.224.158.100 - - [30/Mar/2023:08:42:49 +0800] "POST /xingrg/kc/buy/cgsh_order_operate.html HTTP/1.1" 200 3839
180.157.253.110 - - [30/Mar/2023:08:42:58 +0800] "GET /xingrg/check_reg.html?_=1680136979315 HTTP/1.1" 200 22
172.20.0.100 - - [30/Mar/2023:08:43:00 +0800] "GET /xingrg/all/function/internal_message.html?_=1680136990470&CODE_STATE=getMsg HTTP/1.1" 200 27
116.224.158.100 - - [30/Mar/2023:08:43:02 +0800] "GET /xingrg/all/function/internal_message.html?_=1680136983164&CODE_STATE=getMsg HTTP/1.1" 200 27
116.227.208.255 - - [30/Mar/2023:08:43:03 +0800] "GET /xingrg/all/function/internal_message.html?_=1680137082449&CODE_STATE=getMsg HTTP/1.1" 200 27
116.224.158.100 - - [30/Mar/2023:08:43:04 +0800] "GET /xingrg/kc/buy/cgsh_order_add.html HTTP/1.1" 200 70043
116.224.158.100 - - [30/Mar/2023:08:43:05 +0800] "GET /xingrg/javascript/easyui/themes/default/validatebox.css HTTP/1.1" 404 1104
116.224.158.100 - - [30/Mar/2023:08:43:05 +0800] "POST /xingrg/kc/buy/cgsh_order_operate.html HTTP/1.1" 200 8245
116.192.124.172 - - [30/Mar/2023:08:43:10 +0800] "GET /xingrg/all/function/internal_message.html?_=1680136990520&CODE_STATE=getMsg HTTP/1.1" 200 27
116.238.139.35 - - [30/Mar/2023:08:43:14 +0800] "GET /xingrg/all/function/internal_message.html?_=1680136911485&CODE_STATE=getMsg HTTP/1.1" 200 27
124.78.155.10 - - [30/Mar/2023:08:43:25 +0800] "GET /xingrg/login.html?r=1 HTTP/1.1" 200 7641
124.78.155.10 - - [30/Mar/2023:08:43:25 +0800] "GET /favicon.ico HTTP/1.1" 404 -
124.78.155.10 - - [30/Mar/2023:08:43:28 +0800] "POST /xingrg/login.do HTTP/1.1" 302 -
124.78.155.10 - - [30/Mar/2023:08:43:28 +0800] "GET /xingrg/index.html?sysBaseUrl=http%3A%2F%2F180.169.147.146%3A18081%2Fxingrg%2F&costTime=821×tamp=1680137008735 HTTP/1.1" 200 17173
124.78.155.10 - - [30/Mar/2023:08:43:28 +0800] "GET /favicon.ico HTTP/1.1" 404 -
124.78.155.10 - - [30/Mar/2023:08:43:29 +0800] "GET /xingrg/check_reg.html?_=1680137008984 HTTP/1.1" 200 22
124.78.155.10 - - [30/Mar/2023:08:43:29 +0800] "GET /xingrg/all/function/internal_message.html?_=1680137008983&CODE_STATE=count HTTP/1.1" 200 11
124.78.155.10 - - [30/Mar/2023:08:43:29 +0800] "POST /xingrg/all/common/load_tree.html?tree=area_rest_tree_json&manage=1 HTTP/1.1" 200 342
124.78.155.10 - - [30/Mar/2023:08:43:29 +0800] "POST /xingrg/load_menu.html HTTP/1.1" 200 5138
124.78.155.10 - - [30/Mar/2023:08:43:30 +0800] "GET /xingrg/kc/buy/buy_main.html HTTP/1.1" 200 12412
124.78.155.10 - - [30/Mar/2023:08:43:30 +0800] "GET /xingrg/css/new_ie.css HTTP/1.1" 404 1036
124.78.155.10 - - [30/Mar/2023:08:43:32 +0800] "GET /xingrg/images/yd/bt.gif HTTP/1.1" 404 1040
124.78.155.10 - - [30/Mar/2023:08:43:33 +0800] "GET /xingrg/kc/buy/cgsh_order_list.html HTTP/1.1" 200 54179
124.78.155.10 - - [30/Mar/2023:08:43:35 +0800] "POST /xingrg/kc/buy/cgsh_list_operate.html HTTP/1.1" 200 986
172.20.0.100 - - [30/Mar/2023:08:43:45 +0800] "GET /xingrg/all/function/internal_message.html?_=1680137035163&CODE_STATE=getMsg HTTP/1.1" 200 27
222.70.172.219 - - [30/Mar/2023:08:43:46 +0800] "GET /xingrg/all/function/internal_message.html?_=1680137040199&CODE_STATE=getMsg HTTP/1.1" 200 27
124.78.155.10 - - [30/Mar/2023:08:43:46 +0800] "GET /xingrg/kc/buy/cgsh_order_add.html HTTP/1.1" 200 69955
124.78.155.10 - - [30/Mar/2023:08:43:46 +0800] "GET /xingrg/words/20230329145859_words.js HTTP/1.1" 200 957918
124.78.155.10 - - [30/Mar/2023:08:43:47 +0800] "POST /xingrg/kc/buy/cgsh_order_operate.html HTTP/1.1" 200 8245
124.78.155.10 - - [30/Mar/2023:08:43:47 +0800] "GET /xingrg/javascript/easyui/themes/default/validatebox.css HTTP/1.1" 404 1104
124.78.155.10 - - [30/Mar/2023:08:43:47 +0800] "GET /xingrg/all/common/auto_word.html?type=employee&rest_code=00106 HTTP/1.1" 200 205
124.78.155.10 - - [30/Mar/2023:08:43:47 +0800] "GET /xingrg/all/common/auto_word.html?type=employee&rest_code=00106 HTTP/1.1" 200 205
124.78.155.10 - - [30/Mar/2023:08:43:48 +0800] "GET /xingrg/javascript/easyui/themes/default/tree.css HTTP/1.1" 404 1090
180.157.253.110 - - [30/Mar/2023:08:43:48 +0800] "GET /xingrg/all/function/internal_message.html?_=1680137029458&CODE_STATE=getMsg HTTP/1.1" 200 27
124.78.155.10 - - [30/Mar/2023:08:43:49 +0800] "POST /xingrg/all/common/load_tree.html?tree=supplier_tree_json&isDelete=1 HTTP/1.1" 200 71093
172.20.0.100 - - [30/Mar/2023:08:44:00 +0800] "GET /xingrg/check_reg.html?_=1680137050468 HTTP/1.1" 200 22
172.20.0.100 - - [30/Mar/2023:08:44:00 +0800] "GET /xingrg/all/function/internal_message.html?_=1680137050469&CODE_STATE=getMsg HTTP/1.1" 200 27
116.224.158.100 - - [30/Mar/2023:08:44:02 +0800] "GET /xingrg/all/function/internal_message.html?_=1680137043158&CODE_STATE=getMsg HTTP/1.1" 200 27
116.227.208.255 - - [30/Mar/2023:08:44:03 +0800] "GET /xingrg/all/function/internal_message.html?_=1680137142454&CODE_STATE=getMsg HTTP/1.1" 200 27
116.192.124.172 - - [30/Mar/2023:08:44:10 +0800] "GET /xingrg/all/function/internal_message.html?_=1680137050512&CODE_STATE=getMsg HTTP/1.1" 200 27
116.192.124.172 - - [30/Mar/2023:08:44:10 +0800] "GET /xingrg/check_reg.html?_=1680137050515 HTTP/1.1" 200 22
124.78.155.10 - - [30/Mar/2023:08:44:12 +0800] "GET /xingrg/javascript/auto/indicator.gif HTTP/1.1" 404 1066
116.238.139.35 - - [30/Mar/2023:08:44:14 +0800] "GET /xingrg/all/function/internal_message.html?_=1680136971489&CODE_STATE=getMsg HTTP/1.1" 200 27
124.78.155.10 - - [30/Mar/2023:08:44:18 +0800] "GET /xingrg/kc/buy/cgsh_order_operate.html?command=get_materiel&rest_code=00106&code=00101008354&supplier_code=00100007&order_time=2023-03-30 HTTP/1.1" 200 412
116.224.158.100 - - [30/Mar/2023:08:44:18 +0800] "GET /xingrg/kc/buy/cgsh_order_operate.html?command=get_materiel&rest_code=00105&code=00101008272&supplier_code=00100203&order_time=2023-03-30 HTTP/1.1" 200 412
124.78.155.10 - - [30/Mar/2023:08:44:29 +0800] "GET /xingrg/all/function/internal_message.html?_=1680137068998&CODE_STATE=getMsg HTTP/1.1" 200 27
116.224.158.100 - - [30/Mar/2023:08:44:32 +0800] "GET /xingrg/kc/buy/cgsh_order_operate.html?command=get_materiel&rest_code=00105&code=00101008230&supplier_code=00100203&order_time=2023-03-30 HTTP/1.1" 200 408
116.224.158.100 - - [30/Mar/2023:08:44:44 +0800] "GET /xingrg/kc/buy/cgsh_order_operate.html?command=get_materiel&rest_code=00105&code=00101008045&supplier_code=00100203&order_time=2023-03-30 HTTP/1.1" 200 413
172.20.0.100 - - [30/Mar/2023:08:44:45 +0800] "GET /xingrg/all/function/internal_message.html?_=1680137095160&CODE_STATE=getMsg HTTP/1.1" 200 27
124.78.155.10 - - [30/Mar/2023:08:44:47 +0800] "GET /xingrg/kc/buy/cgsh_order_operate.html?command=get_materiel&rest_code=00106&code=00101008312&supplier_code=00100007&order_time=2023-03-30 HTTP/1.1" 200 412
222.70.172.219 - - [30/Mar/2023:08:44:47 +0800] "GET /xingrg/all/function/internal_message.html?_=1680137100800&CODE_STATE=getMsg HTTP/1.1" 200 27
180.157.253.110 - - [30/Mar/2023:08:44:48 +0800] "GET /xingrg/all/function/internal_message.html?_=1680137089443&CODE_STATE=getMsg HTTP/1.1" 200 27
172.20.0.100 - - [30/Mar/2023:08:45:00 +0800] "GET /xingrg/all/function/internal_message.html?_=1680137110467&CODE_STATE=getMsg HTTP/1.1" 200 27
124.78.155.10 - - [30/Mar/2023:08:45:01 +0800] "GET /xingrg/kc/buy/cgsh_order_operate.html?command=get_materiel&rest_code=00106&code=00101008125&supplier_code=00100007&order_time=2023-03-30 HTTP/1.1" 200 413
116.224.158.100 - - [30/Mar/2023:08:45:02 +0800] "GET /xingrg/check_reg.html?_=1680137103163 HTTP/1.1" 200 22
116.224.158.100 - - [30/Mar/2023:08:45:02 +0800] "GET /xingrg/all/function/internal_message.html?_=1680137103166&CODE_STATE=getMsg HTTP/1.1" 200 27
116.224.158.100 - - [30/Mar/2023:08:45:03 +0800] "GET /xingrg/kc/buy/cgsh_order_operate.html?command=get_materiel&rest_code=00105&code=00101008096&supplier_code=00100203&order_time=2023-03-30 HTTP/1.1" 200 412
116.227.208.255 - - [30/Mar/2023:08:45:03 +0800] "GET /xingrg/all/function/internal_message.html?_=1680137202441&CODE_STATE=getMsg HTTP/1.1" 200 27
116.192.124.172 - - [30/Mar/2023:08:45:10 +0800] "GET /xingrg/all/function/internal_message.html?_=1680137110520&CODE_STATE=getMsg HTTP/1.1" 200 27
116.224.158.100 - - [30/Mar/2023:08:45:12 +0800] "GET /xingrg/kc/buy/cgsh_order_operate.html?command=get_materiel&rest_code=00105&code=00101008163&supplier_code=00100203&order_time=2023-03-30 HTTP/1.1" 200 409
116.238.139.35 - - [30/Mar/2023:08:45:14 +0800] "GET /xingrg/all/function/internal_message.html?_=1680137031516&CODE_STATE=getMsg HTTP/1.1" 200 27
124.78.155.10 - - [30/Mar/2023:08:45:14 +0800] "GET /xingrg/kc/buy/cgsh_order_operate.html?command=get_materiel&rest_code=00106&code=00101008199&supplier_code=00100007&order_time=2023-03-30 HTTP/1.1" 200 408
116.224.158.100 - - [30/Mar/2023:08:45:23 +0800] "GET /xingrg/kc/buy/cgsh_order_operate.html?command=get_materiel&rest_code=00105&code=00101008361&supplier_code=00100203&order_time=2023-03-30 HTTP/1.1" 200 408
124.78.155.10 - - [30/Mar/2023:08:45:29 +0800] "GET /xingrg/all/function/internal_message.html?_=1680137129002&CODE_STATE=getMsg HTTP/1.1" 200 27
124.78.155.10 - - [30/Mar/2023:08:45:31 +0800] "GET /xingrg/kc/buy/cgsh_order_operate.html?command=get_materiel&rest_code=00106&code=00101008163&supplier_code=00100007&order_time=2023-03-30 HTTP/1.1" 200 409
116.224.158.100 - - [30/Mar/2023:08:45:33 +0800] "GET /xingrg/kc/buy/cgsh_order_operate.html?command=get_materiel&rest_code=00105&code=00101008355&supplier_code=00100203&order_time=2023-03-30 HTTP/1.1" 200 408
124.78.155.10 - - [30/Mar/2023:08:45:43 +0800] "GET /xingrg/kc/buy/cgsh_order_operate.html?command=get_materiel&rest_code=00106&code=00101008355&supplier_code=00100007&order_time=2023-03-30 HTTP/1.1" 200 408
172.20.0.100 - - [30/Mar/2023:08:45:45 +0800] "GET /xingrg/all/function/internal_message.html?_=1680137155159&CODE_STATE=getMsg HTTP/1.1" 200 27
120.253.135.82 - - [30/Mar/2023:08:45:46 +0800] "GET /xingrg/kc/pszx/mdqp_order_list.html?state=10 HTTP/1.1" 200 10275
120.253.135.82 - - [30/Mar/2023:08:45:46 +0800] "GET /xingrg/dwr/interface/AjaxQqpsService.js HTTP/1.1" 200 16326
120.253.135.82 - - [30/Mar/2023:08:45:46 +0800] "GET /xingrg/dwr/interface/AjaxReportQueryService.js HTTP/1.1" 200 13203
120.253.135.82 - - [30/Mar/2023:08:45:46 +0800] "GET /xingrg/dwr/engine.js HTTP/1.1" 200 43631
116.224.158.100 - - [30/Mar/2023:08:45:46 +0800] "GET /xingrg/kc/buy/cgsh_order_operate.html?command=get_materiel&rest_code=00105&code=00101008372&supplier_code=00100203&order_time=2023-03-30 HTTP/1.1" 200 408
222.70.172.219 - - [30/Mar/2023:08:45:47 +0800] "GET /xingrg/all/function/internal_message.html?_=1680137160805&CODE_STATE=getMsg HTTP/1.1" 200 27
120.253.135.82 - - [30/Mar/2023:08:45:48 +0800] "GET /xingrg/kc/pszx/mdps_order_list.html?orderType=0 HTTP/1.1" 200 21032
120.253.135.82 - - [30/Mar/2023:08:45:48 +0800] "POST /xingrg/kc/pszx/mdps_list_operate.html HTTP/1.1" 200 5199
180.157.253.110 - - [30/Mar/2023:08:45:48 +0800] "GET /xingrg/all/function/internal_message.html?_=1680137149427&CODE_STATE=getMsg HTTP/1.1" 200 27
116.224.158.100 - - [30/Mar/2023:08:45:55 +0800] "GET /xingrg/kc/buy/cgsh_order_operate.html?command=get_materiel&rest_code=00105&code=00101008264&supplier_code=00100203&order_time=2023-03-30 HTTP/1.1" 200 412
120.253.135.82 - - [30/Mar/2023:08:45:55 +0800] "POST /xingrg/kc/pszx/mdps_list_operate.html HTTP/1.1" 200 868
124.78.155.10 - - [30/Mar/2023:08:45:56 +0800] "GET /xingrg/kc/buy/cgsh_order_operate.html?command=get_materiel&rest_code=00106&code=00101008264&supplier_code=00100007&order_time=2023-03-30 HTTP/1.1" 200 412
172.20.0.100 - - [30/Mar/2023:08:46:00 +0800] "GET /xingrg/all/function/internal_message.html?_=1680137170466&CODE_STATE=getMsg HTTP/1.1" 200 27
120.253.135.82 - - [30/Mar/2023:08:46:01 +0800] "POST /xingrg/kc/pszx/mdps_list_operate.html HTTP/1.1" 200 868
116.224.158.100 - - [30/Mar/2023:08:46:02 +0800] "GET /xingrg/all/function/internal_message.html?_=1680137163169&CODE_STATE=getMsg HTTP/1.1" 200 27
116.238.139.35 - - [30/Mar/2023:08:46:02 +0800] "GET /xingrg/check_reg.html?_=1680137080115 HTTP/1.1" 200 22
116.227.208.255 - - [30/Mar/2023:08:46:03 +0800] "GET /xingrg/all/function/internal_message.html?_=1680137262446&CODE_STATE=getMsg HTTP/1.1" 200 27
172.20.0.100 - - [30/Mar/2023:08:46:07 +0800] "GET /xingrg/check_reg.html?_=1680137177432 HTTP/1.1" 200 22
120.253.135.82 - - [30/Mar/2023:08:46:09 +0800] "POST /xingrg/kc/pszx/mdps_list_operate.html HTTP/1.1" 200 5960
116.192.124.172 - - [30/Mar/2023:08:46:10 +0800] "GET /xingrg/all/function/internal_message.html?_=1680137170514&CODE_STATE=getMsg HTTP/1.1" 200 27
116.224.158.100 - - [30/Mar/2023:08:46:13 +0800] "GET /xingrg/kc/buy/cgsh_order_operate.html?command=get_materiel&rest_code=00105&code=00101008024&supplier_code=00100203&order_time=2023-03-30 HTTP/1.1" 200 408
116.238.139.35 - - [30/Mar/2023:08:46:14 +0800] "GET /xingrg/all/function/internal_message.html?_=1680137091532&CODE_STATE=getMsg HTTP/1.1" 200 27
124.78.155.10 - - [30/Mar/2023:08:46:18 +0800] "GET /xingrg/kc/buy/cgsh_order_operate.html?command=get_materiel&rest_code=00106&code=00101008134&supplier_code=00100007&order_time=2023-03-30 HTTP/1.1" 200 412
124.78.155.10 - - [30/Mar/2023:08:46:29 +0800] "GET /xingrg/all/function/internal_message.html?_=1680137188989&CODE_STATE=getMsg HTTP/1.1" 200 27
120.253.135.82 - - [30/Mar/2023:08:46:29 +0800] "POST /xingrg/kc/pszx/mdps_list_operate.html HTTP/1.1" 200 617
124.78.155.10 - - [30/Mar/2023:08:46:37 +0800] "GET /xingrg/kc/buy/cgsh_order_operate.html?command=get_materiel&rest_code=00106&code=00101008411&supplier_code=00100007&order_time=2023-03-30 HTTP/1.1" 200 413
120.253.135.82 - - [30/Mar/2023:08:46:40 +0800] "GET /xingrg/kc/pszx/mdps_order_info.html?code=312022120200049 HTTP/1.1" 200 19638
116.224.158.100 - - [30/Mar/2023:08:46:41 +0800] "POST /xingrg/services/DataTransmitService HTTP/1.1" 200 524
120.253.135.82 - - [30/Mar/2023:08:46:41 +0800] "GET /xingrg/javascript/easyui/themes/default/validatebox.css HTTP/1.1" 404 1104
120.253.135.82 - - [30/Mar/2023:08:46:41 +0800] "POST /xingrg/kc/pszx/mdps_order_operate.html HTTP/1.1" 200 10147
172.20.0.100 - - [30/Mar/2023:08:46:45 +0800] "GET /xingrg/all/function/internal_message.html?_=1680137215158&CODE_STATE=getMsg HTTP/1.1" 200 27
222.70.172.219 - - [30/Mar/2023:08:46:47 +0800] "GET /xingrg/check_reg.html?_=1680137220628 HTTP/1.1" 200 22
222.70.172.219 - - [30/Mar/2023:08:46:47 +0800] "GET /xingrg/all/function/internal_message.html?_=1680137220817&CODE_STATE=getMsg HTTP/1.1" 200 27
180.157.253.110 - - [30/Mar/2023:08:46:48 +0800] "GET /xingrg/all/function/internal_message.html?_=1680137209413&CODE_STATE=getMsg HTTP/1.1" 200 27
120.253.135.82 - - [30/Mar/2023:08:46:57 +0800] "POST /xingrg/kc/pszx/mdps_list_operate.html HTTP/1.1" 200 218
120.253.135.82 - - [30/Mar/2023:08:46:59 +0800] "POST /xingrg/kc/pszx/mdps_list_operate.html HTTP/1.1" 200 298
172.20.0.100 - - [30/Mar/2023:08:47:00 +0800] "GET /xingrg/all/function/internal_message.html?_=1680137230463&CODE_STATE=getMsg HTTP/1.1" 200 27
116.224.158.100 - - [30/Mar/2023:08:47:02 +0800] "GET /xingrg/all/function/internal_message.html?_=1680137223207&CODE_STATE=getMsg HTTP/1.1" 200 27
120.253.135.82 - - [30/Mar/2023:08:47:02 +0800] "POST /xingrg/kc/pszx/mdps_list_operate.html HTTP/1.1" 200 214
116.227.208.255 - - [30/Mar/2023:08:47:03 +0800] "GET /xingrg/all/function/internal_message.html?_=1680137322456&CODE_STATE=getMsg HTTP/1.1" 200 27
116.227.208.255 - - [30/Mar/2023:08:47:03 +0800] "GET /xingrg/check_reg.html?_=1680137322460 HTTP/1.1" 200 22
124.78.155.10 - - [30/Mar/2023:08:47:05 +0800] "GET /xingrg/kc/buy/cgsh_order_operate.html?command=get_materiel&rest_code=00106&code=00101008357&supplier_code=00100007&order_time=2023-03-30 HTTP/1.1" 200 408
120.253.135.82 - - [30/Mar/2023:08:47:06 +0800] "GET /xingrg/kc/pszx/mdqp_order_list.html?state=10 HTTP/1.1" 200 10275
120.253.135.82 - - [30/Mar/2023:08:47:06 +0800] "GET /xingrg/dwr/engine.js HTTP/1.1" 200 43631
120.253.135.82 - - [30/Mar/2023:08:47:06 +0800] "GET /xingrg/dwr/interface/AjaxQqpsService.js HTTP/1.1" 200 16326
120.253.135.82 - - [30/Mar/2023:08:47:06 +0800] "GET /xingrg/dwr/interface/AjaxReportQueryService.js HTTP/1.1" 200 13203
116.192.124.172 - - [30/Mar/2023:08:47:10 +0800] "GET /xingrg/all/function/internal_message.html?_=1680137230530&CODE_STATE=getMsg HTTP/1.1" 200 27
116.238.139.35 - - [30/Mar/2023:08:47:14 +0800] "GET /xingrg/all/function/internal_message.html?_=1680137151545&CODE_STATE=getMsg HTTP/1.1" 200 27
124.78.155.10 - - [30/Mar/2023:08:47:24 +0800] "GET /xingrg/kc/buy/cgsh_order_operate.html?command=get_materiel&rest_code=00106&code=00101008286&supplier_code=00100007&order_time=2023-03-30 HTTP/1.1" 200 408
124.78.155.10 - - [30/Mar/2023:08:47:29 +0800] "GET /xingrg/all/function/internal_message.html?_=1680137248993&CODE_STATE=getMsg HTTP/1.1" 200 27
124.78.155.10 - - [30/Mar/2023:08:47:37 +0800] "GET /xingrg/kc/buy/cgsh_order_operate.html?command=get_materiel&rest_code=00106&code=00101008318&supplier_code=00100007&order_time=2023-03-30 HTTP/1.1" 200 408
172.20.0.100 - - [30/Mar/2023:08:47:45 +0800] "GET /xingrg/all/function/internal_message.html?_=1680137275155&CODE_STATE=getMsg HTTP/1.1" 200 27
172.20.0.100 - - [30/Mar/2023:08:47:45 +0800] "GET /xingrg/check_reg.html?_=1680137275156 HTTP/1.1" 200 22
222.70.172.219 - - [30/Mar/2023:08:47:47 +0800] "GET /xingrg/all/function/internal_message.html?_=1680137280830&CODE_STATE=getMsg HTTP/1.1" 200 27
180.157.253.110 - - [30/Mar/2023:08:47:48 +0800] "GET /xingrg/all/function/internal_message.html?_=1680137269388&CODE_STATE=getMsg HTTP/1.1" 200 27
124.78.155.10 - - [30/Mar/2023:08:47:51 +0800] "GET /xingrg/kc/buy/cgsh_order_operate.html?command=get_materiel&rest_code=00106&code=00101008352&supplier_code=00100007&order_time=2023-03-30 HTTP/1.1" 200 412
116.224.158.100 - - [30/Mar/2023:08:47:54 +0800] "GET /xingrg/kc/buy/cgsh_order_operate.html?command=get_materiel&rest_code=00105&code=00101008059&supplier_code=00100203&order_time=2023-03-30 HTTP/1.1" 200 408
180.157.253.110 - - [30/Mar/2023:08:47:58 +0800] "GET /xingrg/check_reg.html?_=1680137279298 HTTP/1.1" 200 22
172.20.0.100 - - [30/Mar/2023:08:48:00 +0800] "GET /xingrg/all/function/internal_message.html?_=1680137290462&CODE_STATE=getMsg HTTP/1.1" 200 27
116.224.158.100 - - [30/Mar/2023:08:48:02 +0800] "GET /xingrg/all/function/internal_message.html?_=1680137283219&CODE_STATE=getMsg HTTP/1.1" 200 27
116.227.208.255 - - [30/Mar/2023:08:48:03 +0800] "GET /xingrg/all/function/internal_message.html?_=1680137382448&CODE_STATE=getMsg HTTP/1.1" 200 27
124.78.155.10 - - [30/Mar/2023:08:48:07 +0800] "GET /xingrg/kc/buy/cgsh_order_operate.html?command=get_materiel&rest_code=00106&code=00101008353&supplier_code=00100007&order_time=2023-03-30 HTTP/1.1" 200 408
116.192.124.172 - - [30/Mar/2023:08:48:10 +0800] "GET /xingrg/all/function/internal_message.html?_=1680137290525&CODE_STATE=getMsg HTTP/1.1" 200 27
116.238.139.35 - - [30/Mar/2023:08:48:14 +0800] "GET /xingrg/all/function/internal_message.html?_=1680137211568&CODE_STATE=getMsg HTTP/1.1" 200 27
124.78.155.10 - - [30/Mar/2023:08:48:24 +0800] "GET /xingrg/kc/buy/cgsh_order_operate.html?command=get_materiel&rest_code=00106&code=00101008213&supplier_code=00100007&order_time=2023-03-30 HTTP/1.1" 200 412
124.78.155.10 - - [30/Mar/2023:08:48:29 +0800] "GET /xingrg/check_reg.html?_=1680137308990 HTTP/1.1" 200 22
124.78.155.10 - - [30/Mar/2023:08:48:29 +0800] "GET /xingrg/all/function/internal_message.html?_=1680137308995&CODE_STATE=getMsg HTTP/1.1" 200 27
124.78.155.10 - - [30/Mar/2023:08:48:38 +0800] "GET /xingrg/kc/buy/cgsh_order_operate.html?command=get_materiel&rest_code=00106&code=00101011001&supplier_code=00100007&order_time=2023-03-30 HTTP/1.1" 200 423
116.224.158.100 - - [30/Mar/2023:08:48:41 +0800] "GET /xingrg/kc/buy/cgsh_order_operate.html?command=get_materiel&rest_code=00105&code=00101008196&supplier_code=00100203&order_time=2023-03-30 HTTP/1.1" 200 416
172.20.0.100 - - [30/Mar/2023:08:48:45 +0800] "GET /xingrg/all/function/internal_message.html?_=1680137335155&CODE_STATE=getMsg HTTP/1.1" 200 27
222.70.172.219 - - [30/Mar/2023:08:48:47 +0800] "GET /xingrg/all/function/internal_message.html?_=1680137340844&CODE_STATE=getMsg HTTP/1.1" 200 27
180.157.253.110 - - [30/Mar/2023:08:48:48 +0800] "GET /xingrg/all/function/internal_message.html?_=1680137329361&CODE_STATE=getMsg HTTP/1.1" 200 27
172.20.0.100 - - [30/Mar/2023:08:49:00 +0800] "GET /xingrg/all/function/internal_message.html?_=1680137350461&CODE_STATE=getMsg HTTP/1.1" 200 27
172.20.0.100 - - [30/Mar/2023:08:49:00 +0800] "GET /xingrg/check_reg.html?_=1680137350462 HTTP/1.1" 200 22
116.224.158.100 - - [30/Mar/2023:08:49:02 +0800] "GET /xingrg/all/function/internal_message.html?_=1680137343169&CODE_STATE=getMsg HTTP/1.1" 200 27
116.227.208.255 - - [30/Mar/2023:08:49:03 +0800] "GET /xingrg/all/function/internal_message.html?_=1680137442455&CODE_STATE=getMsg HTTP/1.1" 200 27
116.192.124.172 - - [30/Mar/2023:08:49:10 +0800] "GET /xingrg/check_reg.html?_=1680137350525 HTTP/1.1" 200 22
116.192.124.172 - - [30/Mar/2023:08:49:10 +0800] "GET /xingrg/all/function/internal_message.html?_=1680137350527&CODE_STATE=getMsg HTTP/1.1" 200 27
116.238.139.35 - - [30/Mar/2023:08:49:14 +0800] "GET /xingrg/all/function/internal_message.html?_=1680137271573&CODE_STATE=getMsg HTTP/1.1" 200 27
124.78.155.10 - - [30/Mar/2023:08:49:29 +0800] "GET /xingrg/all/function/internal_message.html?_=1680137369000&CODE_STATE=getMsg HTTP/1.1" 200 27
124.78.155.10 - - [30/Mar/2023:08:49:35 +0800] "GET /xingrg/kc/buy/cgsh_order_operate.html?command=get_materiel&rest_code=00106&code=00101008141&supplier_code=00100007&order_time=2023-03-30 HTTP/1.1" 200 412
172.20.0.100 - - [30/Mar/2023:08:49:45 +0800] "GET /xingrg/all/function/internal_message.html?_=1680137395153&CODE_STATE=getMsg HTTP/1.1" 200 27
222.70.172.219 - - [30/Mar/2023:08:49:47 +0800] "GET /xingrg/all/function/internal_message.html?_=1680137401465&CODE_STATE=getMsg HTTP/1.1" 200 27
180.157.253.110 - - [30/Mar/2023:08:49:48 +0800] "GET /xingrg/all/function/internal_message.html?_=1680137389331&CODE_STATE=getMsg HTTP/1.1" 200 27
124.78.155.10 - - [30/Mar/2023:08:49:57 +0800] "GET /xingrg/kc/buy/cgsh_order_operate.html?command=get_materiel&rest_code=00106&code=00101008361&supplier_code=00100007&order_time=2023-03-30 HTTP/1.1" 200 408
172.20.0.100 - - [30/Mar/2023:08:50:00 +0800] "GET /xingrg/all/function/internal_message.html?_=1680137410460&CODE_STATE=getMsg HTTP/1.1" 200 27
116.224.158.100 - - [30/Mar/2023:08:50:02 +0800] "GET /xingrg/check_reg.html?_=1680137403162 HTTP/1.1" 200 22
116.224.158.100 - - [30/Mar/2023:08:50:02 +0800] "GET /xingrg/all/function/internal_message.html?_=1680137403166&CODE_STATE=getMsg HTTP/1.1" 200 27
116.227.208.255 - - [30/Mar/2023:08:50:03 +0800] "GET /xingrg/all/function/internal_message.html?_=1680137502466&CODE_STATE=getMsg HTTP/1.1" 200 27
116.192.124.172 - - [30/Mar/2023:08:50:10 +0800] "GET /xingrg/all/function/internal_message.html?_=1680137410526&CODE_STATE=getMsg HTTP/1.1" 200 27
116.238.139.35 - - [30/Mar/2023:08:50:14 +0800] "GET /xingrg/all/function/internal_message.html?_=1680137331600&CODE_STATE=getMsg HTTP/1.1" 200 27
124.78.155.10 - - [30/Mar/2023:08:50:14 +0800] "GET /xingrg/kc/buy/cgsh_order_operate.html?command=get_materiel&rest_code=00106&code=00101008169&supplier_code=00100007&order_time=2023-03-30 HTTP/1.1" 200 412
180.157.253.110 - - [30/Mar/2023:08:50:18 +0800] "GET /xingrg/login.html HTTP/1.1" 200 7641
124.78.155.10 - - [30/Mar/2023:08:50:19 +0800] "POST /xingrg/kc/buy/cgsh_order_operate.html HTTP/1.1" 200 2065
180.157.253.110 - - [30/Mar/2023:08:50:19 +0800] "GET /favicon.ico HTTP/1.1" 404 -
180.157.253.110 - - [30/Mar/2023:08:50:29 +0800] "POST /xingrg/login.do HTTP/1.1" 302 -
124.78.155.10 - - [30/Mar/2023:08:50:29 +0800] "GET /xingrg/all/function/internal_message.html?_=1680137429000&CODE_STATE=getMsg HTTP/1.1" 200 27
180.157.253.110 - - [30/Mar/2023:08:50:29 +0800] "GET /xingrg/index.html?sysBaseUrl=http%3A%2F%2F180.169.147.146%3A18081%2Fxingrg%2F&costTime=880×tamp=1680137429058 HTTP/1.1" 200 17179
180.157.253.110 - - [30/Mar/2023:08:50:29 +0800] "GET /favicon.ico HTTP/1.1" 404 -
180.157.253.110 - - [30/Mar/2023:08:50:29 +0800] "POST /xingrg/all/common/load_tree.html?tree=area_rest_tree_json&manage=1 HTTP/1.1" 200 476
180.157.253.110 - - [30/Mar/2023:08:50:29 +0800] "GET /xingrg/all/function/internal_message.html?_=1680137430328&CODE_STATE=count HTTP/1.1" 200 11
180.157.253.110 - - [30/Mar/2023:08:50:29 +0800] "GET /xingrg/check_reg.html?_=1680137430329 HTTP/1.1" 200 22
180.157.253.110 - - [30/Mar/2023:08:50:29 +0800] "POST /xingrg/load_menu.html HTTP/1.1" 200 5138
124.78.155.10 - - [30/Mar/2023:08:50:30 +0800] "GET /xingrg/kc/buy/cgsh_order_operate.html?command=get_materiel&rest_code=00106&code=00101020139&supplier_code=00100007&order_time=2023-03-30 HTTP/1.1" 200 435
180.157.253.110 - - [30/Mar/2023:08:50:32 +0800] "GET /xingrg/kc/base/base_main.html HTTP/1.1" 200 12142
116.227.208.255 - - [30/Mar/2023:08:50:35 +0800] "GET /xingrg/kc/buy/cgsh_order_operate.html?command=get_materiel&rest_code=00155&code=00101008338&supplier_code=00100005&order_time=2023-03-30 HTTP/1.1" 200 409
120.253.135.82 - - [30/Mar/2023:08:50:35 +0800] "GET /xingrg/check_reg.html?_=1680137267876 HTTP/1.1" 200 22
180.157.253.110 - - [30/Mar/2023:08:50:37 +0800] "GET /xingrg/kc/report/report_main.html HTTP/1.1" 200 7340
180.157.253.110 - - [30/Mar/2023:08:50:39 +0800] "GET /xingrg/all/report/report_query.html?fileName=kc/buy/wlcg_mx.xml HTTP/1.1" 200 51648
180.157.253.110 - - [30/Mar/2023:08:50:39 +0800] "GET /xingrg/dwr/interface/AjaxReportQueryService.js HTTP/1.1" 200 13203
180.157.253.110 - - [30/Mar/2023:08:50:39 +0800] "GET /xingrg/dwr/engine.js HTTP/1.1" 200 43631
180.157.253.110 - - [30/Mar/2023:08:50:39 +0800] "GET /xingrg/dwr/util.js HTTP/1.1" 304 -
180.157.253.110 - - [30/Mar/2023:08:50:39 +0800] "POST /xingrg/dwr/call/plaincall/AjaxReportQueryService.getFixDate.dwr HTTP/1.1" 200 111
180.157.253.110 - - [30/Mar/2023:08:50:39 +0800] "POST /xingrg/dwr/call/plaincall/AjaxReportQueryService.getInitString.dwr HTTP/1.1" 200 33360
180.157.253.110 - - [30/Mar/2023:08:50:41 +0800] "POST /xingrg/dwr/call/plaincall/AjaxReportQueryService.getInitString.dwr HTTP/1.1" 200 1023
180.157.253.110 - - [30/Mar/2023:08:50:41 +0800] "POST /xingrg/dwr/call/plaincall/AjaxReportQueryService.getInitString.dwr HTTP/1.1" 200 125
116.224.158.100 - - [30/Mar/2023:08:50:44 +0800] "GET /xingrg/kc/buy/cgsh_order_operate.html?command=get_materiel&rest_code=00105&code=00101008036&supplier_code=00100203&order_time=2023-03-30 HTTP/1.1" 200 408
172.20.0.100 - - [30/Mar/2023:08:50:45 +0800] "GET /xingrg/all/function/internal_message.html?_=1680137455152&CODE_STATE=getMsg HTTP/1.1" 200 27
116.227.208.255 - - [30/Mar/2023:08:50:47 +0800] "GET /xingrg/kc/buy/cgsh_order_operate.html?command=get_materiel&rest_code=00155&code=00101008192&supplier_code=00100005&order_time=2023-03-30 HTTP/1.1" 200 416
180.157.253.110 - - [30/Mar/2023:08:50:48 +0800] "GET /xingrg/all/function/internal_message.html?_=1680137449316&CODE_STATE=getMsg HTTP/1.1" 200 27
