180.157.253.110 - - [30/Mar/2023:10:26:07 +0800] "GET /xingrg/all/function/internal_message.html?_=1680143167926&CODE_STATE=getMsg HTTP/1.1" 200 27
116.192.124.172 - - [30/Mar/2023:10:26:10 +0800] "GET /xingrg/all/function/internal_message.html?_=1680143170516&CODE_STATE=getMsg HTTP/1.1" 200 27
116.238.139.35 - - [30/Mar/2023:10:26:16 +0800] "GET /xingrg/all/function/internal_message.html?_=1680143093452&CODE_STATE=getMsg HTTP/1.1" 200 27
180.164.3.199 - - [30/Mar/2023:10:26:17 +0800] "GET /xingrg/all/function/internal_message.html?_=1680143178131&CODE_STATE=getMsg HTTP/1.1" 200 27
116.238.139.35 - - [30/Mar/2023:10:26:23 +0800] "GET /xingrg/all/function/internal_message.html?_=1680143185354&CODE_STATE=getMsg HTTP/1.1" 200 27
124.79.240.114 - - [30/Mar/2023:10:26:26 +0800] "GET /favicon.ico HTTP/1.1" 404 -
180.169.147.146 - - [30/Mar/2023:10:26:28 +0800] "GET /xingrg/all/function/internal_message.html?_=1680143183633&CODE_STATE=getMsg HTTP/1.1" 200 27
116.238.139.35 - - [30/Mar/2023:10:26:30 +0800] "GET /xingrg/kc/buy/cgsh_order_operate.html?command=get_materiel&rest_code=00150&code=00102035344&supplier_code=00100460&order_time=2023-03-30 HTTP/1.1" 200 395
222.70.172.219 - - [30/Mar/2023:10:26:40 +0800] "POST /xingrg/kc/buy/cgsh_order_operate.html HTTP/1.1" 200 37
222.70.172.219 - - [30/Mar/2023:10:26:42 +0800] "POST /xingrg/kc/buy/cgsh_order_operate.html HTTP/1.1" 200 30444
172.20.0.100 - - [30/Mar/2023:10:26:45 +0800] "GET /xingrg/all/function/internal_message.html?_=1680143215321&CODE_STATE=getMsg HTTP/1.1" 200 27
222.70.172.219 - - [30/Mar/2023:10:26:48 +0800] "GET /xingrg/kc/print/load_config.html?kc_code=cgsh HTTP/1.1" 200 1925
222.70.172.219 - - [30/Mar/2023:10:26:48 +0800] "GET /xingrg/kc/print/load_data.html?order_code=212023033011175&kc_code=cgsh&condition= HTTP/1.1" 200 11223
222.70.172.219 - - [30/Mar/2023:10:26:56 +0800] "GET /xingrg/check_reg.html?_=1680143230614 HTTP/1.1" 200 22
222.70.172.219 - - [30/Mar/2023:10:26:59 +0800] "GET /xingrg/all/function/internal_message.html?_=1680143233422&CODE_STATE=getMsg HTTP/1.1" 200 27
172.20.0.100 - - [30/Mar/2023:10:27:00 +0800] "GET /xingrg/all/function/internal_message.html?_=1680143230601&CODE_STATE=getMsg HTTP/1.1" 200 27
116.192.124.172 - - [30/Mar/2023:10:27:00 +0800] "GET /xingrg/all/function/internal_message.html?_=1680143220981&CODE_STATE=getMsg HTTP/1.1" 200 27
124.79.72.155 - - [30/Mar/2023:10:27:00 +0800] "GET /xingrg/all/function/internal_message.html?_=1680143229752&CODE_STATE=getMsg HTTP/1.1" 200 27
116.192.124.172 - - [30/Mar/2023:10:27:01 +0800] "GET /xingrg/check_reg.html?_=1680143221779 HTTP/1.1" 200 22
116.224.158.100 - - [30/Mar/2023:10:27:02 +0800] "GET /xingrg/all/function/internal_message.html?_=1680143223296&CODE_STATE=getMsg HTTP/1.1" 200 27
116.227.208.255 - - [30/Mar/2023:10:27:03 +0800] "GET /xingrg/check_reg.html?_=1680143322452 HTTP/1.1" 200 22
116.227.208.255 - - [30/Mar/2023:10:27:03 +0800] "GET /xingrg/all/function/internal_message.html?_=1680143322453&CODE_STATE=getMsg HTTP/1.1" 200 27
114.83.222.182 - - [30/Mar/2023:10:27:07 +0800] "GET /xingrg/all/function/internal_message.html?_=1680143303837&CODE_STATE=getMsg HTTP/1.1" 200 27
114.83.222.182 - - [30/Mar/2023:10:27:07 +0800] "GET /xingrg/check_reg.html?_=1680143303838 HTTP/1.1" 200 22
180.157.253.110 - - [30/Mar/2023:10:27:07 +0800] "GET /xingrg/all/function/internal_message.html?_=1680143227950&CODE_STATE=getMsg HTTP/1.1" 200 27
180.157.253.110 - - [30/Mar/2023:10:27:07 +0800] "GET /xingrg/check_reg.html?_=1680143227952 HTTP/1.1" 200 22
116.192.124.172 - - [30/Mar/2023:10:27:10 +0800] "GET /xingrg/all/function/internal_message.html?_=1680143230533&CODE_STATE=getMsg HTTP/1.1" 200 27
116.238.139.35 - - [30/Mar/2023:10:27:16 +0800] "GET /xingrg/all/function/internal_message.html?_=1680143153466&CODE_STATE=getMsg HTTP/1.1" 200 27
180.164.3.199 - - [30/Mar/2023:10:27:17 +0800] "GET /xingrg/all/function/internal_message.html?_=1680143238139&CODE_STATE=getMsg HTTP/1.1" 200 27
180.164.3.199 - - [30/Mar/2023:10:27:17 +0800] "GET /xingrg/check_reg.html?_=1680143238140 HTTP/1.1" 200 22
116.238.139.35 - - [30/Mar/2023:10:27:23 +0800] "GET /xingrg/all/function/internal_message.html?_=1680143245364&CODE_STATE=getMsg HTTP/1.1" 200 27
180.169.147.146 - - [30/Mar/2023:10:27:28 +0800] "GET /xingrg/all/function/internal_message.html?_=1680143243629&CODE_STATE=getMsg HTTP/1.1" 200 27
222.67.232.202 - - [30/Mar/2023:10:27:32 +0800] "GET /xingrg/check_reg.html?_=1680142795498 HTTP/1.1" 302 -
116.224.158.100 - - [30/Mar/2023:10:27:33 +0800] "GET /xingrg/all/report/report_query.html?isQuery=1&fileName=kc/base/crk_detail_by_materiel.xml&queryString=&queryText=%25E3%2580%2590%25E4%25BB%2593%25E5%25BA%2593%25E5%2590%258D%25E7%25A7%25B0%253A%25E5%2588%25BA%25E8%25BA%25AB%25E3%2580%2591%25E3%2580%2590%25E4%25B8%259A%25E5%258A%25A1%25E7%25B1%25BB%25E5%259E%258B%25EF%25BC%259A%25E9%2587%2587%25E8%25B4%25AD%25E5%2585%25A5%25E5%25BA%2593%25E3%2580%2591%2520%253F%253F%253F%253F%253F2023-03-01%253F%253F2023-03-31%2520%253F%253F%253F%253F%253F%253F%253F&tableQueryString=crk_table%2524sp1%2524order_day%2520between%252020230301%2520and%252020230331%2520and%2520(base_code%253D'0010517')%2520and%2520(src_order_type%2520in%2520(21))%2520and%2520(is_rk%2520in%2520(1))%2520and%2520(m.sort_code%253D'00101037') HTTP/1.1" 200 53805
116.224.158.100 - - [30/Mar/2023:10:27:33 +0800] "GET /xingrg/dwr/interface/AjaxReportQueryService.js HTTP/1.1" 200 13203
116.224.158.100 - - [30/Mar/2023:10:27:33 +0800] "GET /xingrg/dwr/engine.js HTTP/1.1" 200 43631
116.224.158.100 - - [30/Mar/2023:10:27:34 +0800] "POST /xingrg/all/report/load_report_page.html HTTP/1.1" 200 15982
116.224.158.100 - - [30/Mar/2023:10:27:34 +0800] "GET /xingrg/servlets/image?cache=0.4237324550009035&image=px HTTP/1.1" 200 807
116.224.158.100 - - [30/Mar/2023:10:27:41 +0800] "GET /xingrg/all/report/report_query.html?isQuery=1&fileName=kc/base/crk_detail_by_materiel.xml&queryString=&queryText=%25E3%2580%2590%25E4%25BB%2593%25E5%25BA%2593%25E5%2590%258D%25E7%25A7%25B0%253A%25E5%2588%25BA%25E8%25BA%25AB%25E3%2580%2591%25E3%2580%2590%25E4%25B8%259A%25E5%258A%25A1%25E7%25B1%25BB%25E5%259E%258B%25EF%25BC%259A%25E9%2587%2587%25E8%25B4%25AD%25E5%2585%25A5%25E5%25BA%2593%25E3%2580%2591%2520%253F%253F%253F%253F%253F2023-03-01%253F%253F2023-03-31%2520%253F%253F%253F%253F%253F%253F%253F&tableQueryString=crk_table%2524sp1%2524order_day%2520between%252020230301%2520and%252020230331%2520and%2520(base_code%253D'0010517')%2520and%2520(src_order_type%2520in%2520(21))%2520and%2520(is_rk%2520in%2520(1))%2520and%2520(m.sort_code%253D'00101001') HTTP/1.1" 200 53805
116.224.158.100 - - [30/Mar/2023:10:27:41 +0800] "GET /xingrg/dwr/interface/AjaxReportQueryService.js HTTP/1.1" 200 13203
116.224.158.100 - - [30/Mar/2023:10:27:41 +0800] "GET /xingrg/dwr/engine.js HTTP/1.1" 200 43631
116.224.158.100 - - [30/Mar/2023:10:27:42 +0800] "POST /xingrg/all/report/load_report_page.html HTTP/1.1" 200 22064
116.224.158.100 - - [30/Mar/2023:10:27:42 +0800] "GET /xingrg/servlets/image?cache=0.8547917076271021&image=px HTTP/1.1" 200 807
172.20.0.100 - - [30/Mar/2023:10:27:45 +0800] "GET /xingrg/check_reg.html?_=1680143275319 HTTP/1.1" 200 22
172.20.0.100 - - [30/Mar/2023:10:27:45 +0800] "GET /xingrg/all/function/internal_message.html?_=1680143275320&CODE_STATE=getMsg HTTP/1.1" 200 27
116.224.158.100 - - [30/Mar/2023:10:27:49 +0800] "GET /xingrg/all/report/report_query.html?isQuery=1&fileName=kc/base/crk_detail_by_materiel.xml&queryString=&queryText=%25E3%2580%2590%25E4%25BB%2593%25E5%25BA%2593%25E5%2590%258D%25E7%25A7%25B0%253A%25E5%2588%25BA%25E8%25BA%25AB%25E3%2580%2591%25E3%2580%2590%25E4%25B8%259A%25E5%258A%25A1%25E7%25B1%25BB%25E5%259E%258B%25EF%25BC%259A%25E9%2587%2587%25E8%25B4%25AD%25E5%2585%25A5%25E5%25BA%2593%25E3%2580%2591%2520%253F%253F%253F%253F%253F2023-03-01%253F%253F2023-03-31%2520%253F%253F%253F%253F%253F%253F%253F&tableQueryString=crk_table%2524sp1%2524order_day%2520between%252020230301%2520and%252020230331%2520and%2520(base_code%253D'0010517')%2520and%2520(src_order_type%2520in%2520(21))%2520and%2520(is_rk%2520in%2520(1))%2520and%2520(m.sort_code%253D'00101002') HTTP/1.1" 200 53805
116.224.158.100 - - [30/Mar/2023:10:27:49 +0800] "GET /xingrg/dwr/interface/AjaxReportQueryService.js HTTP/1.1" 200 13203
116.224.158.100 - - [30/Mar/2023:10:27:49 +0800] "GET /xingrg/dwr/engine.js HTTP/1.1" 200 43631
116.224.158.100 - - [30/Mar/2023:10:27:50 +0800] "POST /xingrg/all/report/load_report_page.html HTTP/1.1" 200 16013
116.224.158.100 - - [30/Mar/2023:10:27:50 +0800] "GET /xingrg/servlets/image?cache=0.08184383460582689&image=px HTTP/1.1" 200 807
222.70.172.219 - - [30/Mar/2023:10:27:53 +0800] "GET /xingrg/kc/buy/cgsh_order_add.html HTTP/1.1" 200 69961
222.70.172.219 - - [30/Mar/2023:10:27:54 +0800] "GET /xingrg/words/20230330101052_words.js HTTP/1.1" 200 958388
222.70.172.219 - - [30/Mar/2023:10:27:55 +0800] "POST /xingrg/kc/buy/cgsh_order_operate.html HTTP/1.1" 200 8245
222.70.172.219 - - [30/Mar/2023:10:27:55 +0800] "GET /xingrg/javascript/easyui/themes/default/validatebox.css HTTP/1.1" 404 1104
116.224.158.100 - - [30/Mar/2023:10:27:57 +0800] "GET /xingrg/all/report/report_query.html?isQuery=1&fileName=kc/base/crk_detail_by_materiel.xml&queryString=&queryText=%25E3%2580%2590%25E4%25BB%2593%25E5%25BA%2593%25E5%2590%258D%25E7%25A7%25B0%253A%25E5%2588%25BA%25E8%25BA%25AB%25E3%2580%2591%25E3%2580%2590%25E4%25B8%259A%25E5%258A%25A1%25E7%25B1%25BB%25E5%259E%258B%25EF%25BC%259A%25E9%2587%2587%25E8%25B4%25AD%25E5%2585%25A5%25E5%25BA%2593%25E3%2580%2591%2520%253F%253F%253F%253F%253F2023-03-01%253F%253F2023-03-31%2520%253F%253F%253F%253F%253F%253F%253F&tableQueryString=crk_table%2524sp1%2524order_day%2520between%252020230301%2520and%252020230331%2520and%2520(base_code%253D'0010517')%2520and%2520(src_order_type%2520in%2520(21))%2520and%2520(is_rk%2520in%2520(1))%2520and%2520(m.sort_code%253D'00101009') HTTP/1.1" 200 53805
116.224.158.100 - - [30/Mar/2023:10:27:57 +0800] "GET /xingrg/dwr/interface/AjaxReportQueryService.js HTTP/1.1" 200 13203
116.224.158.100 - - [30/Mar/2023:10:27:57 +0800] "GET /xingrg/dwr/engine.js HTTP/1.1" 200 43631
116.224.158.100 - - [30/Mar/2023:10:27:58 +0800] "POST /xingrg/all/report/load_report_page.html HTTP/1.1" 200 25103
116.224.158.100 - - [30/Mar/2023:10:27:58 +0800] "GET /xingrg/servlets/image?cache=0.19796466471242458&image=px HTTP/1.1" 200 807
222.70.172.219 - - [30/Mar/2023:10:27:59 +0800] "GET /xingrg/all/function/internal_message.html?_=1680143293436&CODE_STATE=getMsg HTTP/1.1" 200 27
172.20.0.100 - - [30/Mar/2023:10:28:00 +0800] "GET /xingrg/all/function/internal_message.html?_=1680143290599&CODE_STATE=getMsg HTTP/1.1" 200 27
116.192.124.172 - - [30/Mar/2023:10:28:00 +0800] "GET /xingrg/all/function/internal_message.html?_=1680143280957&CODE_STATE=getMsg HTTP/1.1" 200 27
124.79.72.155 - - [30/Mar/2023:10:28:00 +0800] "GET /xingrg/all/function/internal_message.html?_=1680143289753&CODE_STATE=getMsg HTTP/1.1" 200 27
116.224.158.100 - - [30/Mar/2023:10:28:02 +0800] "GET /xingrg/all/function/internal_message.html?_=1680143283317&CODE_STATE=getMsg HTTP/1.1" 200 27
116.227.208.255 - - [30/Mar/2023:10:28:03 +0800] "GET /xingrg/all/function/internal_message.html?_=1680143382456&CODE_STATE=getMsg HTTP/1.1" 200 27
114.83.222.182 - - [30/Mar/2023:10:28:07 +0800] "GET /xingrg/all/function/internal_message.html?_=1680143363848&CODE_STATE=getMsg HTTP/1.1" 200 27
180.157.253.110 - - [30/Mar/2023:10:28:07 +0800] "GET /xingrg/all/function/internal_message.html?_=1680143287984&CODE_STATE=getMsg HTTP/1.1" 200 27
116.192.124.172 - - [30/Mar/2023:10:28:10 +0800] "GET /xingrg/all/function/internal_message.html?_=1680143290527&CODE_STATE=getMsg HTTP/1.1" 200 27
116.224.158.100 - - [30/Mar/2023:10:28:14 +0800] "GET /xingrg/kc/report/report_main.html HTTP/1.1" 200 7340
116.238.139.35 - - [30/Mar/2023:10:28:16 +0800] "GET /xingrg/all/function/internal_message.html?_=1680143213493&CODE_STATE=getMsg HTTP/1.1" 200 27
180.164.3.199 - - [30/Mar/2023:10:28:17 +0800] "GET /xingrg/all/function/internal_message.html?_=1680143298126&CODE_STATE=getMsg HTTP/1.1" 200 27
116.238.139.35 - - [30/Mar/2023:10:28:23 +0800] "GET /xingrg/all/function/internal_message.html?_=1680143305353&CODE_STATE=getMsg HTTP/1.1" 200 27
222.70.172.219 - - [30/Mar/2023:10:28:25 +0800] "GET /xingrg/kc/buy/cgsh_order_operate.html?command=get_materiel&rest_code=00146&code=00101012029&supplier_code=00100033&order_time=2023-03-30 HTTP/1.1" 200 412
180.169.147.146 - - [30/Mar/2023:10:28:28 +0800] "GET /xingrg/check_reg.html?_=1680143303637 HTTP/1.1" 200 22
180.169.147.146 - - [30/Mar/2023:10:28:28 +0800] "GET /xingrg/all/function/internal_message.html?_=1680143303640&CODE_STATE=getMsg HTTP/1.1" 200 27
222.70.182.87 - - [30/Mar/2023:10:28:44 +0800] "POST /xingrg/services/DataTransmitService HTTP/1.1" 200 524
172.20.0.100 - - [30/Mar/2023:10:28:45 +0800] "GET /xingrg/all/function/internal_message.html?_=1680143335319&CODE_STATE=getMsg HTTP/1.1" 200 27
222.70.172.219 - - [30/Mar/2023:10:28:50 +0800] "GET /xingrg/kc/buy/cgsh_order_operate.html?command=get_materiel&rest_code=00146&code=00101012025&supplier_code=00100033&order_time=2023-03-30 HTTP/1.1" 200 412
116.238.139.35 - - [30/Mar/2023:10:28:58 +0800] "POST /xingrg/kc/buy/cgsh_order_operate.html HTTP/1.1" 200 37
222.70.172.219 - - [30/Mar/2023:10:28:59 +0800] "GET /xingrg/all/function/internal_message.html?_=1680143353450&CODE_STATE=getMsg HTTP/1.1" 200 27
172.20.0.100 - - [30/Mar/2023:10:29:00 +0800] "GET /xingrg/check_reg.html?_=1680143350597 HTTP/1.1" 200 22
172.20.0.100 - - [30/Mar/2023:10:29:00 +0800] "GET /xingrg/all/function/internal_message.html?_=1680143350598&CODE_STATE=getMsg HTTP/1.1" 200 27
116.192.124.172 - - [30/Mar/2023:10:29:00 +0800] "GET /xingrg/all/function/internal_message.html?_=1680143340944&CODE_STATE=getMsg HTTP/1.1" 200 27
124.79.72.155 - - [30/Mar/2023:10:29:00 +0800] "GET /xingrg/check_reg.html?_=1680143349781 HTTP/1.1" 200 22
124.79.72.155 - - [30/Mar/2023:10:29:00 +0800] "GET /xingrg/all/function/internal_message.html?_=1680143349783&CODE_STATE=getMsg HTTP/1.1" 200 27
116.224.158.100 - - [30/Mar/2023:10:29:02 +0800] "GET /xingrg/all/function/internal_message.html?_=1680143343349&CODE_STATE=getMsg HTTP/1.1" 200 27
116.227.208.255 - - [30/Mar/2023:10:29:03 +0800] "GET /xingrg/all/function/internal_message.html?_=1680143442467&CODE_STATE=getMsg HTTP/1.1" 200 27
222.70.172.219 - - [30/Mar/2023:10:29:06 +0800] "GET /xingrg/kc/buy/cgsh_order_operate.html?command=get_materiel&rest_code=00146&code=00101016080&supplier_code=00100033&order_time=2023-03-30 HTTP/1.1" 200 408
114.83.222.182 - - [30/Mar/2023:10:29:07 +0800] "GET /xingrg/all/function/internal_message.html?_=1680143423848&CODE_STATE=getMsg HTTP/1.1" 200 27
180.157.253.110 - - [30/Mar/2023:10:29:07 +0800] "GET /xingrg/all/function/internal_message.html?_=1680143347953&CODE_STATE=getMsg HTTP/1.1" 200 27
116.192.124.172 - - [30/Mar/2023:10:29:10 +0800] "GET /xingrg/check_reg.html?_=1680143350522 HTTP/1.1" 200 22
116.192.124.172 - - [30/Mar/2023:10:29:10 +0800] "GET /xingrg/all/function/internal_message.html?_=1680143350523&CODE_STATE=getMsg HTTP/1.1" 200 27
116.238.139.35 - - [30/Mar/2023:10:29:10 +0800] "POST /xingrg/kc/buy/cgsh_order_operate.html HTTP/1.1" 200 12
124.78.155.10 - - [30/Mar/2023:10:29:11 +0800] "GET /xingrg/login.html?r=1 HTTP/1.1" 200 7641
124.78.155.10 - - [30/Mar/2023:10:29:11 +0800] "GET /favicon.ico HTTP/1.1" 404 -
116.238.139.35 - - [30/Mar/2023:10:29:13 +0800] "GET /xingrg/kc/buy/cgsh_order_info.html?code=212023033011176 HTTP/1.1" 200 64905
116.238.139.35 - - [30/Mar/2023:10:29:13 +0800] "GET /xingrg/words/20230330101052_words.js HTTP/1.1" 304 -
116.238.139.35 - - [30/Mar/2023:10:29:14 +0800] "GET /xingrg/javascript/easyui/themes/default/validatebox.css HTTP/1.1" 404 1104
124.78.155.10 - - [30/Mar/2023:10:29:14 +0800] "POST /xingrg/login.do HTTP/1.1" 302 -
124.78.155.10 - - [30/Mar/2023:10:29:14 +0800] "GET /xingrg/index.html?sysBaseUrl=http%3A%2F%2F180.169.147.146%3A18081%2Fxingrg%2F&costTime=1354×tamp=1680143354865 HTTP/1.1" 200 17173
124.78.155.10 - - [30/Mar/2023:10:29:15 +0800] "GET /favicon.ico HTTP/1.1" 404 -
124.78.155.10 - - [30/Mar/2023:10:29:15 +0800] "GET /xingrg/check_reg.html?_=1680143355679 HTTP/1.1" 200 22
124.78.155.10 - - [30/Mar/2023:10:29:15 +0800] "GET /xingrg/all/function/internal_message.html?_=1680143355677&CODE_STATE=count HTTP/1.1" 200 11
124.78.155.10 - - [30/Mar/2023:10:29:15 +0800] "POST /xingrg/all/common/load_tree.html?tree=area_rest_tree_json&manage=1 HTTP/1.1" 200 342
124.78.155.10 - - [30/Mar/2023:10:29:15 +0800] "POST /xingrg/load_menu.html HTTP/1.1" 200 5138
116.238.139.35 - - [30/Mar/2023:10:29:15 +0800] "POST /xingrg/kc/buy/cgsh_order_operate.html HTTP/1.1" 200 11399
116.238.139.35 - - [30/Mar/2023:10:29:16 +0800] "GET /xingrg/all/function/internal_message.html?_=1680143273508&CODE_STATE=getMsg HTTP/1.1" 200 27
124.78.155.10 - - [30/Mar/2023:10:29:16 +0800] "GET /xingrg/kc/buy/buy_main.html HTTP/1.1" 200 12412
124.78.155.10 - - [30/Mar/2023:10:29:16 +0800] "GET /xingrg/css/new_ie.css HTTP/1.1" 404 1036
180.164.3.199 - - [30/Mar/2023:10:29:17 +0800] "GET /xingrg/all/function/internal_message.html?_=1680143358125&CODE_STATE=getMsg HTTP/1.1" 200 27
116.238.139.35 - - [30/Mar/2023:10:29:17 +0800] "GET /xingrg/kc/print/load_data.html?order_code=212023033011176&kc_code=cgsh&condition= HTTP/1.1" 200 4849
124.78.155.10 - - [30/Mar/2023:10:29:17 +0800] "GET /xingrg/images/yd/bt.gif HTTP/1.1" 404 1040
222.70.172.219 - - [30/Mar/2023:10:29:18 +0800] "GET /xingrg/kc/buy/cgsh_order_operate.html?command=get_materiel&rest_code=00146&code=00101016025&supplier_code=00100033&order_time=2023-03-30 HTTP/1.1" 200 408
124.78.155.10 - - [30/Mar/2023:10:29:18 +0800] "GET /xingrg/kc/buy/cgsh_order_list.html HTTP/1.1" 200 54179
124.78.155.10 - - [30/Mar/2023:10:29:23 +0800] "POST /xingrg/kc/buy/cgsh_list_operate.html HTTP/1.1" 200 1860
116.238.139.35 - - [30/Mar/2023:10:29:23 +0800] "GET /xingrg/all/function/internal_message.html?_=1680143365371&CODE_STATE=getMsg HTTP/1.1" 200 27
180.169.147.146 - - [30/Mar/2023:10:29:28 +0800] "GET /xingrg/all/function/internal_message.html?_=1680143363634&CODE_STATE=getMsg HTTP/1.1" 200 27
222.70.172.219 - - [30/Mar/2023:10:29:29 +0800] "POST /xingrg/kc/buy/cgsh_order_operate.html HTTP/1.1" 200 37
124.78.155.10 - - [30/Mar/2023:10:29:31 +0800] "GET /xingrg/kc/buy/cgsh_order_add.html HTTP/1.1" 200 69955
124.78.155.10 - - [30/Mar/2023:10:29:31 +0800] "GET /xingrg/words/20230330101052_words.js HTTP/1.1" 200 958388
124.78.155.10 - - [30/Mar/2023:10:29:31 +0800] "GET /xingrg/javascript/easyui/themes/default/validatebox.css HTTP/1.1" 404 1104
124.78.155.10 - - [30/Mar/2023:10:29:31 +0800] "POST /xingrg/kc/buy/cgsh_order_operate.html HTTP/1.1" 200 8245
124.78.155.10 - - [30/Mar/2023:10:29:31 +0800] "GET /xingrg/all/common/auto_word.html?type=employee&rest_code=00106 HTTP/1.1" 200 205
124.78.155.10 - - [30/Mar/2023:10:29:31 +0800] "GET /xingrg/all/common/auto_word.html?type=employee&rest_code=00106 HTTP/1.1" 200 205
124.78.155.10 - - [30/Mar/2023:10:29:33 +0800] "GET /xingrg/javascript/easyui/themes/default/tree.css HTTP/1.1" 404 1090
124.78.155.10 - - [30/Mar/2023:10:29:33 +0800] "POST /xingrg/all/common/load_tree.html?tree=supplier_tree_json&isDelete=1 HTTP/1.1" 200 71093
222.70.172.219 - - [30/Mar/2023:10:29:33 +0800] "POST /xingrg/kc/buy/cgsh_order_operate.html HTTP/1.1" 200 4421
222.70.172.219 - - [30/Mar/2023:10:29:36 +0800] "GET /xingrg/kc/print/load_data.html?order_code=212023033011177&kc_code=cgsh&condition= HTTP/1.1" 200 1381
222.70.172.219 - - [30/Mar/2023:10:29:44 +0800] "GET /xingrg/kc/buy/cgsh_order_add.html HTTP/1.1" 200 69961
172.20.0.100 - - [30/Mar/2023:10:29:45 +0800] "GET /xingrg/all/function/internal_message.html?_=1680143395317&CODE_STATE=getMsg HTTP/1.1" 200 27
222.70.172.219 - - [30/Mar/2023:10:29:46 +0800] "POST /xingrg/kc/buy/cgsh_order_operate.html HTTP/1.1" 200 8245
222.70.172.219 - - [30/Mar/2023:10:29:46 +0800] "GET /xingrg/javascript/easyui/themes/default/validatebox.css HTTP/1.1" 404 1104
222.70.172.219 - - [30/Mar/2023:10:29:59 +0800] "GET /xingrg/all/function/internal_message.html?_=1680143413463&CODE_STATE=getMsg HTTP/1.1" 200 27
172.20.0.100 - - [30/Mar/2023:10:30:00 +0800] "GET /xingrg/all/function/internal_message.html?_=1680143410596&CODE_STATE=getMsg HTTP/1.1" 200 27
116.192.124.172 - - [30/Mar/2023:10:30:00 +0800] "GET /xingrg/all/function/internal_message.html?_=1680143400916&CODE_STATE=getMsg HTTP/1.1" 200 27
124.79.72.155 - - [30/Mar/2023:10:30:00 +0800] "GET /xingrg/all/function/internal_message.html?_=1680143409782&CODE_STATE=getMsg HTTP/1.1" 200 27
116.224.158.100 - - [30/Mar/2023:10:30:02 +0800] "GET /xingrg/all/function/internal_message.html?_=1680143403317&CODE_STATE=getMsg HTTP/1.1" 200 27
116.224.158.100 - - [30/Mar/2023:10:30:02 +0800] "GET /xingrg/check_reg.html?_=1680143403321 HTTP/1.1" 200 22
222.70.172.219 - - [30/Mar/2023:10:30:02 +0800] "GET /xingrg/kc/buy/cgsh_order_operate.html?command=get_materiel&rest_code=00146&code=00101001111&supplier_code=00100041&order_time=2023-03-30 HTTP/1.1" 200 409
116.227.208.255 - - [30/Mar/2023:10:30:03 +0800] "GET /xingrg/all/function/internal_message.html?_=1680143502470&CODE_STATE=getMsg HTTP/1.1" 200 27
114.83.222.182 - - [30/Mar/2023:10:30:07 +0800] "GET /xingrg/all/function/internal_message.html?_=1680143483842&CODE_STATE=getMsg HTTP/1.1" 200 27
180.157.253.110 - - [30/Mar/2023:10:30:07 +0800] "GET /xingrg/all/function/internal_message.html?_=1680143407933&CODE_STATE=getMsg HTTP/1.1" 200 27
116.224.158.100 - - [30/Mar/2023:10:30:09 +0800] "GET /xingrg/kc/buy/cgsh_order_list.html HTTP/1.1" 200 54179
116.192.124.172 - - [30/Mar/2023:10:30:10 +0800] "GET /xingrg/all/function/internal_message.html?_=1680143410511&CODE_STATE=getMsg HTTP/1.1" 200 27
124.78.155.10 - - [30/Mar/2023:10:30:15 +0800] "GET /xingrg/all/function/internal_message.html?_=1680143415689&CODE_STATE=getMsg HTTP/1.1" 200 27
116.238.139.35 - - [30/Mar/2023:10:30:16 +0800] "GET /xingrg/all/function/internal_message.html?_=1680143333537&CODE_STATE=getMsg HTTP/1.1" 200 27
180.164.3.199 - - [30/Mar/2023:10:30:17 +0800] "GET /xingrg/all/function/internal_message.html?_=1680143418118&CODE_STATE=getMsg HTTP/1.1" 200 27
116.224.158.100 - - [30/Mar/2023:10:30:20 +0800] "POST /xingrg/kc/buy/cgsh_list_operate.html HTTP/1.1" 200 3540
116.224.158.100 - - [30/Mar/2023:10:30:22 +0800] "GET /xingrg/kc/buy/cgsh_order_add.html HTTP/1.1" 200 70043
222.70.172.219 - - [30/Mar/2023:10:30:22 +0800] "GET /xingrg/kc/buy/cgsh_order_operate.html?command=get_materiel&rest_code=00146&code=00101001032&supplier_code=00100041&order_time=2023-03-30 HTTP/1.1" 200 413
116.224.158.100 - - [30/Mar/2023:10:30:22 +0800] "GET /xingrg/words/20230330101052_words.js HTTP/1.1" 200 958388
116.224.158.100 - - [30/Mar/2023:10:30:23 +0800] "POST /xingrg/kc/buy/cgsh_order_operate.html HTTP/1.1" 200 8245
116.224.158.100 - - [30/Mar/2023:10:30:23 +0800] "GET /xingrg/javascript/easyui/themes/default/validatebox.css HTTP/1.1" 404 1104
116.238.139.35 - - [30/Mar/2023:10:30:23 +0800] "GET /xingrg/check_reg.html?_=1680143425367 HTTP/1.1" 200 22
116.238.139.35 - - [30/Mar/2023:10:30:23 +0800] "GET /xingrg/all/function/internal_message.html?_=1680143425371&CODE_STATE=getMsg HTTP/1.1" 200 27
124.78.155.10 - - [30/Mar/2023:10:30:24 +0800] "GET /xingrg/javascript/auto/indicator.gif HTTP/1.1" 404 1066
180.169.147.146 - - [30/Mar/2023:10:30:28 +0800] "GET /xingrg/all/function/internal_message.html?_=1680143423634&CODE_STATE=getMsg HTTP/1.1" 200 27
116.224.158.100 - - [30/Mar/2023:10:30:29 +0800] "GET /xingrg/javascript/auto/indicator.gif HTTP/1.1" 404 1066
124.78.155.10 - - [30/Mar/2023:10:30:32 +0800] "GET /xingrg/kc/buy/cgsh_order_operate.html?command=get_materiel&rest_code=00106&code=00101012029&supplier_code=00100032&order_time=2023-03-30 HTTP/1.1" 200 412
222.70.172.219 - - [30/Mar/2023:10:30:37 +0800] "GET /xingrg/kc/buy/cgsh_order_operate.html?command=get_materiel&rest_code=00146&code=00101005037&supplier_code=00100041&order_time=2023-03-30 HTTP/1.1" 200 409
172.20.0.100 - - [30/Mar/2023:10:30:45 +0800] "GET /xingrg/all/function/internal_message.html?_=1680143455316&CODE_STATE=getMsg HTTP/1.1" 200 27
116.224.158.100 - - [30/Mar/2023:10:30:47 +0800] "GET /xingrg/kc/buy/cgsh_order_operate.html?command=get_materiel&rest_code=00105&code=00101009109&supplier_code=00100024&order_time=2023-03-30 HTTP/1.1" 200 413
222.70.172.219 - - [30/Mar/2023:10:30:51 +0800] "GET /xingrg/kc/buy/cgsh_order_operate.html?command=get_materiel&rest_code=00146&code=00101010161&supplier_code=00100041&order_time=2023-03-30 HTTP/1.1" 200 409
124.78.155.10 - - [30/Mar/2023:10:30:51 +0800] "GET /xingrg/kc/buy/cgsh_order_operate.html?command=get_materiel&rest_code=00106&code=00101016025&supplier_code=00100032&order_time=2023-03-30 HTTP/1.1" 200 408
222.70.172.219 - - [30/Mar/2023:10:30:59 +0800] "GET /xingrg/all/function/internal_message.html?_=1680143473477&CODE_STATE=getMsg HTTP/1.1" 200 27
116.224.158.100 - - [30/Mar/2023:10:31:00 +0800] "GET /xingrg/kc/buy/cgsh_order_operate.html?command=get_materiel&rest_code=00105&code=00101009062&supplier_code=00100024&order_time=2023-03-30 HTTP/1.1" 200 412
172.20.0.100 - - [30/Mar/2023:10:31:00 +0800] "GET /xingrg/all/function/internal_message.html?_=1680143470595&CODE_STATE=getMsg HTTP/1.1" 200 27
116.192.124.172 - - [30/Mar/2023:10:31:00 +0800] "GET /xingrg/all/function/internal_message.html?_=1680143460898&CODE_STATE=getMsg HTTP/1.1" 200 27
124.79.72.155 - - [30/Mar/2023:10:31:00 +0800] "GET /xingrg/all/function/internal_message.html?_=1680143469783&CODE_STATE=getMsg HTTP/1.1" 200 27
116.224.158.100 - - [30/Mar/2023:10:31:02 +0800] "GET /xingrg/all/function/internal_message.html?_=1680143463303&CODE_STATE=getMsg HTTP/1.1" 200 27
116.238.139.35 - - [30/Mar/2023:10:31:02 +0800] "GET /xingrg/check_reg.html?_=1680143380229 HTTP/1.1" 200 22
116.227.208.255 - - [30/Mar/2023:10:31:03 +0800] "GET /xingrg/all/function/internal_message.html?_=1680143562467&CODE_STATE=getMsg HTTP/1.1" 200 27
222.70.172.219 - - [30/Mar/2023:10:31:04 +0800] "GET /xingrg/kc/buy/cgsh_order_operate.html?command=get_materiel&rest_code=00146&code=00101001075&supplier_code=00100041&order_time=2023-03-30 HTTP/1.1" 200 409
172.20.0.100 - - [30/Mar/2023:10:31:06 +0800] "GET /xingrg/check_reg.html?_=1680143477061 HTTP/1.1" 200 22
114.83.222.182 - - [30/Mar/2023:10:31:07 +0800] "GET /xingrg/all/function/internal_message.html?_=1680143543858&CODE_STATE=getMsg HTTP/1.1" 200 27
180.157.253.110 - - [30/Mar/2023:10:31:07 +0800] "GET /xingrg/all/function/internal_message.html?_=1680143467936&CODE_STATE=getMsg HTTP/1.1" 200 27
116.192.124.172 - - [30/Mar/2023:10:31:10 +0800] "GET /xingrg/all/function/internal_message.html?_=1680143470525&CODE_STATE=getMsg HTTP/1.1" 200 27
116.224.158.100 - - [30/Mar/2023:10:31:11 +0800] "GET /xingrg/kc/buy/cgsh_order_operate.html?command=get_materiel&rest_code=00105&code=00101009021&supplier_code=00100024&order_time=2023-03-30 HTTP/1.1" 200 417
124.78.155.10 - - [30/Mar/2023:10:31:15 +0800] "GET /xingrg/all/function/internal_message.html?_=1680143475701&CODE_STATE=getMsg HTTP/1.1" 200 27
116.238.139.35 - - [30/Mar/2023:10:31:16 +0800] "GET /xingrg/all/function/internal_message.html?_=1680143393551&CODE_STATE=getMsg HTTP/1.1" 200 27
180.164.3.199 - - [30/Mar/2023:10:31:17 +0800] "GET /xingrg/all/function/internal_message.html?_=1680143478133&CODE_STATE=getMsg HTTP/1.1" 200 27
222.70.172.219 - - [30/Mar/2023:10:31:21 +0800] "POST /xingrg/kc/buy/cgsh_order_operate.html HTTP/1.1" 200 37
116.238.139.35 - - [30/Mar/2023:10:31:23 +0800] "GET /xingrg/all/function/internal_message.html?_=1680143485357&CODE_STATE=getMsg HTTP/1.1" 200 27
222.70.172.219 - - [30/Mar/2023:10:31:25 +0800] "POST /xingrg/kc/buy/cgsh_order_operate.html HTTP/1.1" 200 5014
180.169.147.146 - - [30/Mar/2023:10:31:28 +0800] "GET /xingrg/all/function/internal_message.html?_=1680143483635&CODE_STATE=getMsg HTTP/1.1" 200 27
116.224.158.100 - - [30/Mar/2023:10:31:29 +0800] "GET /xingrg/kc/buy/cgsh_order_operate.html?command=get_materiel&rest_code=00105&code=00101009015&supplier_code=00100024&order_time=2023-03-30 HTTP/1.1" 200 416
222.70.172.219 - - [30/Mar/2023:10:31:31 +0800] "GET /xingrg/kc/print/load_data.html?order_code=212023033011178&kc_code=cgsh&condition= HTTP/1.1" 200 1581
222.70.172.219 - - [30/Mar/2023:10:31:41 +0800] "GET /xingrg/kc/buy/cgsh_order_add.html HTTP/1.1" 200 69961
116.224.158.100 - - [30/Mar/2023:10:31:41 +0800] "GET /xingrg/kc/buy/cgsh_order_operate.html?command=get_materiel&rest_code=00105&code=00101009079&supplier_code=00100024&order_time=2023-03-30 HTTP/1.1" 200 409
124.78.155.10 - - [30/Mar/2023:10:31:41 +0800] "GET /xingrg/kc/buy/cgsh_order_operate.html?command=get_materiel&rest_code=00106&code=00101012051&supplier_code=00100032&order_time=2023-03-30 HTTP/1.1" 200 408
222.70.172.219 - - [30/Mar/2023:10:31:42 +0800] "POST /xingrg/kc/buy/cgsh_order_operate.html HTTP/1.1" 200 8245
222.70.172.219 - - [30/Mar/2023:10:31:42 +0800] "GET /xingrg/javascript/easyui/themes/default/validatebox.css HTTP/1.1" 404 1104
172.20.0.100 - - [30/Mar/2023:10:31:45 +0800] "GET /xingrg/all/function/internal_message.html?_=1680143515315&CODE_STATE=getMsg HTTP/1.1" 200 27
116.224.158.100 - - [30/Mar/2023:10:31:49 +0800] "GET /xingrg/kc/buy/cgsh_order_operate.html?command=get_materiel&rest_code=00105&code=00101009160&supplier_code=00100024&order_time=2023-03-30 HTTP/1.1" 200 415
222.70.172.219 - - [30/Mar/2023:10:31:56 +0800] "GET /xingrg/check_reg.html?_=1680143530622 HTTP/1.1" 200 22
116.224.158.100 - - [30/Mar/2023:10:31:58 +0800] "GET /xingrg/kc/buy/cgsh_order_operate.html?command=get_materiel&rest_code=00105&code=00101009113&supplier_code=00100024&order_time=2023-03-30 HTTP/1.1" 200 412
222.70.172.219 - - [30/Mar/2023:10:31:59 +0800] "GET /xingrg/all/function/internal_message.html?_=1680143533490&CODE_STATE=getMsg HTTP/1.1" 200 27
172.20.0.100 - - [30/Mar/2023:10:32:00 +0800] "GET /xingrg/all/function/internal_message.html?_=1680143530594&CODE_STATE=getMsg HTTP/1.1" 200 27
116.192.124.172 - - [30/Mar/2023:10:32:00 +0800] "GET /xingrg/all/function/internal_message.html?_=1680143520877&CODE_STATE=getMsg HTTP/1.1" 200 27
124.79.72.155 - - [30/Mar/2023:10:32:00 +0800] "GET /xingrg/all/function/internal_message.html?_=1680143529783&CODE_STATE=getMsg HTTP/1.1" 200 27
116.192.124.172 - - [30/Mar/2023:10:32:01 +0800] "GET /xingrg/check_reg.html?_=1680143521782 HTTP/1.1" 200 22
222.70.172.219 - - [30/Mar/2023:10:32:01 +0800] "GET /xingrg/kc/buy/cgsh_order_operate.html?command=get_materiel&rest_code=00146&code=00101002041&supplier_code=00100199&order_time=2023-03-30 HTTP/1.1" 200 409
116.224.158.100 - - [30/Mar/2023:10:32:02 +0800] "GET /xingrg/all/function/internal_message.html?_=1680143523325&CODE_STATE=getMsg HTTP/1.1" 200 27
116.227.208.255 - - [30/Mar/2023:10:32:03 +0800] "GET /xingrg/check_reg.html?_=1680143622463 HTTP/1.1" 200 22
116.227.208.255 - - [30/Mar/2023:10:32:03 +0800] "GET /xingrg/all/function/internal_message.html?_=1680143622464&CODE_STATE=getMsg HTTP/1.1" 200 27
114.83.222.182 - - [30/Mar/2023:10:32:07 +0800] "GET /xingrg/check_reg.html?_=1680143603851 HTTP/1.1" 200 22
114.83.222.182 - - [30/Mar/2023:10:32:07 +0800] "GET /xingrg/all/function/internal_message.html?_=1680143603852&CODE_STATE=getMsg HTTP/1.1" 200 27
180.157.253.110 - - [30/Mar/2023:10:32:07 +0800] "GET /xingrg/all/function/internal_message.html?_=1680143527937&CODE_STATE=getMsg HTTP/1.1" 200 27
180.157.253.110 - - [30/Mar/2023:10:32:07 +0800] "GET /xingrg/check_reg.html?_=1680143527941 HTTP/1.1" 200 22
116.224.158.100 - - [30/Mar/2023:10:32:08 +0800] "POST /xingrg/kc/buy/cgsh_order_operate.html HTTP/1.1" 200 37
116.224.158.100 - - [30/Mar/2023:10:32:10 +0800] "POST /xingrg/kc/buy/cgsh_order_operate.html HTTP/1.1" 200 5623
116.192.124.172 - - [30/Mar/2023:10:32:10 +0800] "GET /xingrg/all/function/internal_message.html?_=1680143530520&CODE_STATE=getMsg HTTP/1.1" 200 27
116.224.158.100 - - [30/Mar/2023:10:32:12 +0800] "GET /xingrg/kc/print/load_data.html?order_code=212023033011179&kc_code=cgsh&condition= HTTP/1.1" 200 1822
124.78.155.10 - - [30/Mar/2023:10:32:15 +0800] "GET /xingrg/kc/buy/cgsh_order_operate.html?command=get_materiel&rest_code=00106&code=00101010161&supplier_code=00100032&order_time=2023-03-30 HTTP/1.1" 200 409
124.78.155.10 - - [30/Mar/2023:10:32:15 +0800] "GET /xingrg/all/function/internal_message.html?_=1680143535686&CODE_STATE=getMsg HTTP/1.1" 200 27
116.238.139.35 - - [30/Mar/2023:10:32:16 +0800] "GET /xingrg/all/function/internal_message.html?_=1680143453565&CODE_STATE=getMsg HTTP/1.1" 200 27
222.70.172.219 - - [30/Mar/2023:10:32:16 +0800] "GET /xingrg/kc/buy/cgsh_order_operate.html?command=get_materiel&rest_code=00146&code=00101002006&supplier_code=00100199&order_time=2023-03-30 HTTP/1.1" 200 414
180.164.3.199 - - [30/Mar/2023:10:32:17 +0800] "GET /xingrg/all/function/internal_message.html?_=1680143538125&CODE_STATE=getMsg HTTP/1.1" 200 27
180.164.3.199 - - [30/Mar/2023:10:32:17 +0800] "GET /xingrg/check_reg.html?_=1680143538127 HTTP/1.1" 200 22
116.238.139.35 - - [30/Mar/2023:10:32:23 +0800] "GET /xingrg/all/function/internal_message.html?_=1680143545358&CODE_STATE=getMsg HTTP/1.1" 200 27
180.169.147.146 - - [30/Mar/2023:10:32:28 +0800] "GET /xingrg/all/function/internal_message.html?_=1680143543635&CODE_STATE=getMsg HTTP/1.1" 200 27
180.164.3.199 - - [30/Mar/2023:10:32:29 +0800] "POST /xingrg/services/DataTransmitService HTTP/1.1" 200 524
180.164.3.199 - - [30/Mar/2023:10:32:30 +0800] "POST /xingrg/services/DataTransmitService HTTP/1.1" 200 1903
116.224.158.100 - - [30/Mar/2023:10:32:31 +0800] "POST /xingrg/kc/buy/cgsh_list_operate.html HTTP/1.1" 200 3961
222.67.232.202 - - [30/Mar/2023:10:32:32 +0800] "GET /xingrg/check_reg.html?_=1680143095479 HTTP/1.1" 302 -
222.70.172.219 - - [30/Mar/2023:10:32:33 +0800] "POST /xingrg/kc/buy/cgsh_order_operate.html HTTP/1.1" 200 37
222.70.172.219 - - [30/Mar/2023:10:32:39 +0800] "POST /xingrg/kc/buy/cgsh_order_operate.html HTTP/1.1" 200 3254
124.78.155.10 - - [30/Mar/2023:10:32:40 +0800] "GET /xingrg/kc/buy/cgsh_order_operate.html?command=get_materiel&rest_code=00106&code=00101010248&supplier_code=00100032&order_time=2023-03-30 HTTP/1.1" 200 430
172.20.0.100 - - [30/Mar/2023:10:32:45 +0800] "GET /xingrg/all/function/internal_message.html?_=1680143575313&CODE_STATE=getMsg HTTP/1.1" 200 27
172.20.0.100 - - [30/Mar/2023:10:32:45 +0800] "GET /xingrg/check_reg.html?_=1680143575314 HTTP/1.1" 200 22
116.232.35.134 - - [30/Mar/2023:10:32:46 +0800] "GET /favicon.ico HTTP/1.1" 404 -
222.70.172.219 - - [30/Mar/2023:10:32:46 +0800] "GET /xingrg/kc/print/load_data.html?order_code=212023033011180&kc_code=cgsh&condition= HTTP/1.1" 200 908
116.224.158.100 - - [30/Mar/2023:10:32:51 +0800] "POST /xingrg/kc/buy/cgsh_list_operate.html HTTP/1.1" 200 6123
222.70.172.219 - - [30/Mar/2023:10:32:54 +0800] "GET /xingrg/kc/buy/cgsh_order_add.html HTTP/1.1" 200 69961
222.70.172.219 - - [30/Mar/2023:10:32:56 +0800] "POST /xingrg/kc/buy/cgsh_order_operate.html HTTP/1.1" 200 8245
222.70.172.219 - - [30/Mar/2023:10:32:56 +0800] "GET /xingrg/javascript/easyui/themes/default/validatebox.css HTTP/1.1" 404 1104
222.70.172.219 - - [30/Mar/2023:10:32:59 +0800] "GET /xingrg/all/function/internal_message.html?_=1680143593503&CODE_STATE=getMsg HTTP/1.1" 200 27
172.20.0.100 - - [30/Mar/2023:10:33:00 +0800] "GET /xingrg/all/function/internal_message.html?_=1680143590619&CODE_STATE=getMsg HTTP/1.1" 200 27
116.192.124.172 - - [30/Mar/2023:10:33:00 +0800] "GET /xingrg/all/function/internal_message.html?_=1680143580874&CODE_STATE=getMsg HTTP/1.1" 200 27
124.79.72.155 - - [30/Mar/2023:10:33:00 +0800] "GET /xingrg/all/function/internal_message.html?_=1680143589784&CODE_STATE=getMsg HTTP/1.1" 200 27
124.78.155.10 - - [30/Mar/2023:10:33:01 +0800] "GET /xingrg/kc/buy/cgsh_order_operate.html?command=get_materiel&rest_code=00106&code=00101016105&supplier_code=00100032&order_time=2023-03-30 HTTP/1.1" 200 409
116.224.158.100 - - [30/Mar/2023:10:33:02 +0800] "GET /xingrg/all/function/internal_message.html?_=1680143583313&CODE_STATE=getMsg HTTP/1.1" 200 27
116.227.208.255 - - [30/Mar/2023:10:33:03 +0800] "GET /xingrg/all/function/internal_message.html?_=1680143682465&CODE_STATE=getMsg HTTP/1.1" 200 27
222.67.232.202 - - [30/Mar/2023:10:33:05 +0800] "GET /xingrg/kc/buy/buy_main.html HTTP/1.1" 302 -
222.67.232.202 - - [30/Mar/2023:10:33:05 +0800] "GET /xingrg/login.html HTTP/1.1" 200 7641
222.67.232.202 - - [30/Mar/2023:10:33:05 +0800] "GET /xingrg/login.html HTTP/1.1" 200 7641
222.67.232.202 - - [30/Mar/2023:10:33:05 +0800] "GET /favicon.ico HTTP/1.1" 404 -
114.83.222.182 - - [30/Mar/2023:10:33:07 +0800] "GET /xingrg/all/function/internal_message.html?_=1680143663850&CODE_STATE=getMsg HTTP/1.1" 200 27
180.157.253.110 - - [30/Mar/2023:10:33:07 +0800] "GET /xingrg/all/function/internal_message.html?_=1680143587926&CODE_STATE=getMsg HTTP/1.1" 200 27
222.67.232.202 - - [30/Mar/2023:10:33:07 +0800] "POST /xingrg/login.do HTTP/1.1" 302 -
222.67.232.202 - - [30/Mar/2023:10:33:07 +0800] "GET /xingrg/index.html?sysBaseUrl=http%3A%2F%2F180.169.147.146%3A18081%2Fxingrg%2F&costTime=892×tamp=1680143587278 HTTP/1.1" 200 17179
222.67.232.202 - - [30/Mar/2023:10:33:07 +0800] "GET /xingrg/check_reg.html?_=1680143130793 HTTP/1.1" 200 22
222.67.232.202 - - [30/Mar/2023:10:33:07 +0800] "GET /xingrg/all/function/internal_message.html?_=1680143130792&CODE_STATE=count HTTP/1.1" 200 11
222.67.232.202 - - [30/Mar/2023:10:33:07 +0800] "GET /favicon.ico HTTP/1.1" 404 -
222.67.232.202 - - [30/Mar/2023:10:33:07 +0800] "POST /xingrg/all/common/load_tree.html?tree=area_rest_tree_json&manage=1 HTTP/1.1" 200 351
222.67.232.202 - - [30/Mar/2023:10:33:07 +0800] "POST /xingrg/load_menu.html HTTP/1.1" 200 5138
116.192.124.172 - - [30/Mar/2023:10:33:10 +0800] "GET /xingrg/all/function/internal_message.html?_=1680143590509&CODE_STATE=getMsg HTTP/1.1" 200 27
222.67.232.202 - - [30/Mar/2023:10:33:11 +0800] "GET /xingrg/kc/buy/buy_main.html HTTP/1.1" 200 12412
222.67.232.202 - - [30/Mar/2023:10:33:11 +0800] "GET /xingrg/css/new_ie.css HTTP/1.1" 404 1036
222.67.232.202 - - [30/Mar/2023:10:33:12 +0800] "GET /xingrg/images/yd/bt.gif HTTP/1.1" 404 1040
222.67.232.202 - - [30/Mar/2023:10:33:13 +0800] "GET /xingrg/kc/buy/cgsh_order_list.html HTTP/1.1" 200 54185
124.78.155.10 - - [30/Mar/2023:10:33:15 +0800] "GET /xingrg/all/function/internal_message.html?_=1680143595685&CODE_STATE=getMsg HTTP/1.1" 200 27
222.67.232.202 - - [30/Mar/2023:10:33:15 +0800] "POST /xingrg/kc/buy/cgsh_list_operate.html HTTP/1.1" 200 986
116.238.139.35 - - [30/Mar/2023:10:33:16 +0800] "GET /xingrg/all/function/internal_message.html?_=1680143513593&CODE_STATE=getMsg HTTP/1.1" 200 27
180.164.3.199 - - [30/Mar/2023:10:33:17 +0800] "GET /xingrg/all/function/internal_message.html?_=1680143598122&CODE_STATE=getMsg HTTP/1.1" 200 27
222.70.182.87 - - [30/Mar/2023:10:33:18 +0800] "GET /xingrg/login.html HTTP/1.1" 200 7641
222.67.232.202 - - [30/Mar/2023:10:33:18 +0800] "GET /xingrg/kc/buy/cgsh_order_add.html HTTP/1.1" 200 69961
222.67.232.202 - - [30/Mar/2023:10:33:18 +0800] "GET /xingrg/words/20230330101052_words.js HTTP/1.1" 200 958388
222.70.182.87 - - [30/Mar/2023:10:33:18 +0800] "GET /favicon.ico HTTP/1.1" 404 -
222.67.232.202 - - [30/Mar/2023:10:33:18 +0800] "POST /xingrg/kc/buy/cgsh_order_operate.html HTTP/1.1" 200 8245
222.67.232.202 - - [30/Mar/2023:10:33:18 +0800] "GET /xingrg/javascript/easyui/themes/default/validatebox.css HTTP/1.1" 404 1104
222.67.232.202 - - [30/Mar/2023:10:33:18 +0800] "GET /xingrg/all/common/auto_word.html?type=employee&rest_code=00141 HTTP/1.1" 200 201
222.67.232.202 - - [30/Mar/2023:10:33:18 +0800] "GET /xingrg/all/common/auto_word.html?type=employee&rest_code=00141 HTTP/1.1" 200 201
222.67.232.202 - - [30/Mar/2023:10:33:19 +0800] "GET /xingrg/javascript/auto/indicator.gif HTTP/1.1" 404 1066
222.67.232.202 - - [30/Mar/2023:10:33:22 +0800] "GET /xingrg/javascript/jquery_tools/images/prev.gif HTTP/1.1" 404 1086
222.67.232.202 - - [30/Mar/2023:10:33:22 +0800] "GET /xingrg/javascript/jquery_tools/images/next.gif HTTP/1.1" 404 1086
116.238.139.35 - - [30/Mar/2023:10:33:23 +0800] "GET /xingrg/all/function/internal_message.html?_=1680143605356&CODE_STATE=getMsg HTTP/1.1" 200 27
124.78.155.10 - - [30/Mar/2023:10:33:26 +0800] "POST /xingrg/kc/buy/cgsh_order_operate.html HTTP/1.1" 200 37
180.169.147.146 - - [30/Mar/2023:10:33:28 +0800] "GET /xingrg/all/function/internal_message.html?_=1680143603635&CODE_STATE=getMsg HTTP/1.1" 200 27
180.169.147.146 - - [30/Mar/2023:10:33:28 +0800] "GET /xingrg/check_reg.html?_=1680143603639 HTTP/1.1" 200 22
222.67.232.202 - - [30/Mar/2023:10:33:29 +0800] "GET /xingrg/kc/buy/cgsh_order_operate.html?command=get_materiel&rest_code=00141&code=00101011004&supplier_code=00100036&order_time=2023-03-30 HTTP/1.1" 200 412
124.78.155.10 - - [30/Mar/2023:10:33:29 +0800] "POST /xingrg/kc/buy/cgsh_order_operate.html HTTP/1.1" 200 5619
222.70.172.219 - - [30/Mar/2023:10:33:30 +0800] "GET /xingrg/kc/buy/cgsh_order_operate.html?command=get_materiel&rest_code=00146&code=00101006113&supplier_code=00100012&order_time=2023-03-30 HTTP/1.1" 200 413
116.224.158.100 - - [30/Mar/2023:10:33:30 +0800] "GET /xingrg/kc/buy/cgsh_order_list.html HTTP/1.1" 200 54179
124.78.155.10 - - [30/Mar/2023:10:33:32 +0800] "GET /xingrg/kc/buy/cgsh_order_add.html HTTP/1.1" 200 69955
124.78.155.10 - - [30/Mar/2023:10:33:32 +0800] "GET /xingrg/words/20230330101052_words.js HTTP/1.1" 304 -
124.78.155.10 - - [30/Mar/2023:10:33:32 +0800] "GET /xingrg/javascript/easyui/themes/default/validatebox.css HTTP/1.1" 404 1104
124.78.155.10 - - [30/Mar/2023:10:33:32 +0800] "POST /xingrg/kc/buy/cgsh_order_operate.html HTTP/1.1" 200 8245
124.78.155.10 - - [30/Mar/2023:10:33:34 +0800] "GET /xingrg/javascript/easyui/themes/default/tree.css HTTP/1.1" 404 1090
124.78.155.10 - - [30/Mar/2023:10:33:35 +0800] "POST /xingrg/all/common/load_tree.html?tree=supplier_tree_json&isDelete=1 HTTP/1.1" 200 71093
114.83.222.182 - - [30/Mar/2023:10:33:38 +0800] "GET /xingrg/javascript/jquery_easy_ui/themes/default/images/tabs_close.gif HTTP/1.1" 200 829
114.83.222.182 - - [30/Mar/2023:10:33:38 +0800] "GET /xingrg/kc/base/yddb_order_list.html HTTP/1.1" 200 16710
114.83.222.182 - - [30/Mar/2023:10:33:38 +0800] "GET /xingrg/css/base.css HTTP/1.1" 200 2811
114.83.222.182 - - [30/Mar/2023:10:33:38 +0800] "GET /xingrg/javascript/jquery_tools/datebox.css HTTP/1.1" 200 2597
114.83.222.182 - - [30/Mar/2023:10:33:38 +0800] "GET /xingrg/css/site.css HTTP/1.1" 200 7541
114.83.222.182 - - [30/Mar/2023:10:33:38 +0800] "GET /xingrg/javascript/easyui/themes/icon.css HTTP/1.1" 200 4483
114.83.222.182 - - [30/Mar/2023:10:33:38 +0800] "GET /xingrg/javascript/easyui/themes/default/easyui.css HTTP/1.1" 200 30432
114.83.222.182 - - [30/Mar/2023:10:33:38 +0800] "GET /xingrg/javascript/jquery_tools/table.css HTTP/1.1" 200 1032
114.83.222.182 - - [30/Mar/2023:10:33:38 +0800] "GET /xingrg/javascript/auto/jquery.autocomplete.css HTTP/1.1" 200 587
114.83.222.182 - - [30/Mar/2023:10:33:38 +0800] "GET /xingrg/javascript/jquery_tools/jquery.tools.extend.js HTTP/1.1" 200 15385
114.83.222.182 - - [30/Mar/2023:10:33:38 +0800] "GET /xingrg/javascript/jquery_tools/fix.css HTTP/1.1" 200 1702
114.83.222.182 - - [30/Mar/2023:10:33:38 +0800] "GET /xingrg/javascript/jquery_tools/list_manager.js HTTP/1.1" 200 3652
114.83.222.182 - - [30/Mar/2023:10:33:38 +0800] "GET /xingrg/javascript/jquery_tools/jquery.tools.table.js HTTP/1.1" 200 6994
114.83.222.182 - - [30/Mar/2023:10:33:38 +0800] "GET /xingrg/javascript/jquery_tools/jquery.tools.min.js HTTP/1.1" 200 138801
114.83.222.182 - - [30/Mar/2023:10:33:38 +0800] "GET /xingrg/javascript/jquery_tools/jquery.tools.hotkey.js HTTP/1.1" 200 3242
114.83.222.182 - - [30/Mar/2023:10:33:38 +0800] "GET /xingrg/javascript/auto/jquery.autocomplete.js HTTP/1.1" 200 21624
114.83.222.182 - - [30/Mar/2023:10:33:38 +0800] "GET /xingrg/javascript/easyui/easyloader.js HTTP/1.1" 200 5975
114.83.222.182 - - [30/Mar/2023:10:33:38 +0800] "GET /xingrg/javascript/jquery.utils.js HTTP/1.1" 200 11805
114.83.222.182 - - [30/Mar/2023:10:33:38 +0800] "GET /xingrg/javascript/jquery.cookie.js HTTP/1.1" 200 5513
114.83.222.182 - - [30/Mar/2023:10:33:38 +0800] "GET /xingrg/javascript/print/LodopFuncs.js HTTP/1.1" 200 5121
114.83.222.182 - - [30/Mar/2023:10:33:38 +0800] "GET /xingrg/javascript/easyui/themes/icons/edit_add_new.png HTTP/1.1" 200 2997
114.83.222.182 - - [30/Mar/2023:10:33:38 +0800] "GET /xingrg/javascript/easyui/themes/icons/field_new.png HTTP/1.1" 200 1097
114.83.222.182 - - [30/Mar/2023:10:33:38 +0800] "GET /xingrg/javascript/easyui/themes/icons/import_new.png HTTP/1.1" 200 1247
114.83.222.182 - - [30/Mar/2023:10:33:38 +0800] "GET /xingrg/javascript/easyui/plugins/jquery.parser.js HTTP/1.1" 200 1142
114.83.222.182 - - [30/Mar/2023:10:33:38 +0800] "GET /xingrg/images/control/ajaxLoader.gif HTTP/1.1" 200 4659
114.83.222.182 - - [30/Mar/2023:10:33:39 +0800] "POST /xingrg/kc/base/yddb_list_operate.html HTTP/1.1" 200 636
114.83.222.182 - - [30/Mar/2023:10:33:39 +0800] "GET /xingrg/javascript/easyui/themes/default/images/button_plain_hover.png HTTP/1.1" 200 144
114.83.222.182 - - [30/Mar/2023:10:33:41 +0800] "GET /xingrg/kc/base/yddb_order_add.html HTTP/1.1" 200 29953
114.83.222.182 - - [30/Mar/2023:10:33:41 +0800] "GET /xingrg/css/blue.css HTTP/1.1" 200 15949
114.83.222.182 - - [30/Mar/2023:10:33:41 +0800] "GET /xingrg/javascript/pic_change.js HTTP/1.1" 200 4739
114.83.222.182 - - [30/Mar/2023:10:33:41 +0800] "GET /xingrg/dwr/interface/AjaxComOrderService.js HTTP/1.1" 200 18264
114.83.222.182 - - [30/Mar/2023:10:33:41 +0800] "GET /xingrg/dwr/interface/AjaxYddbService.js HTTP/1.1" 200 13201
114.83.222.182 - - [30/Mar/2023:10:33:41 +0800] "GET /xingrg/dwr/util.js HTTP/1.1" 200 35990
114.83.222.182 - - [30/Mar/2023:10:33:41 +0800] "GET /xingrg/dwr/engine.js HTTP/1.1" 200 43631
114.83.222.182 - - [30/Mar/2023:10:33:41 +0800] "GET /xingrg/javascript/Calendar.js HTTP/1.1" 200 31561
114.83.222.182 - - [30/Mar/2023:10:33:41 +0800] "GET /xingrg/javascript/myfunction.js HTTP/1.1" 200 24559
114.83.222.182 - - [30/Mar/2023:10:33:41 +0800] "GET /xingrg/javascript/checkform.js HTTP/1.1" 200 18351
114.83.222.182 - - [30/Mar/2023:10:33:41 +0800] "GET /xingrg/javascript/AjaxInfoList.js HTTP/1.1" 200 3774
114.83.222.182 - - [30/Mar/2023:10:33:41 +0800] "GET /xingrg/javascript/Grid.js HTTP/1.1" 200 58908
114.83.222.182 - - [30/Mar/2023:10:33:41 +0800] "GET /xingrg/javascript/ToolTips.js HTTP/1.1" 200 5615
114.83.222.182 - - [30/Mar/2023:10:33:41 +0800] "GET /xingrg/javascript/jquery_easy_ui/themes/default/easyui.css HTTP/1.1" 200 26500
114.83.222.182 - - [30/Mar/2023:10:33:41 +0800] "GET /xingrg/javascript/jquery_easy_ui/themes/icon.css HTTP/1.1" 200 3949
114.83.222.182 - - [30/Mar/2023:10:33:41 +0800] "GET /xingrg/javascript/jquery_easy_ui/themes/icons/edit_add_new.png HTTP/1.1" 200 2997
114.83.222.182 - - [30/Mar/2023:10:33:41 +0800] "GET /xingrg/javascript/jquery_easy_ui/themes/icons/check_new.png HTTP/1.1" 200 3224
114.83.222.182 - - [30/Mar/2023:10:33:41 +0800] "GET /xingrg/javascript/jquery_easy_ui/themes/icons/print.png HTTP/1.1" 200 1057
114.83.222.182 - - [30/Mar/2023:10:33:41 +0800] "GET /xingrg/javascript/jquery_easy_ui/themes/default/images/menu_downarrow.png HTTP/1.1" 200 173
114.83.222.182 - - [30/Mar/2023:10:33:41 +0800] "GET /xingrg/javascript/jquery_easy_ui/themes/icons/cance_new.png HTTP/1.1" 200 3986
114.83.222.182 - - [30/Mar/2023:10:33:41 +0800] "GET /xingrg/javascript/jquery_easy_ui/themes/icons/back_new.png HTTP/1.1" 200 3414
114.83.222.182 - - [30/Mar/2023:10:33:41 +0800] "GET /xingrg/images/blue/button/kc_tab_add.gif HTTP/1.1" 200 375
114.83.222.182 - - [30/Mar/2023:10:33:41 +0800] "GET /xingrg/images/blue/button/kc_tab_edit.gif HTTP/1.1" 200 551
114.83.222.182 - - [30/Mar/2023:10:33:41 +0800] "GET /xingrg/images/blue/button/kc_tab_save.gif HTTP/1.1" 200 777
114.83.222.182 - - [30/Mar/2023:10:33:41 +0800] "GET /xingrg/images/blue/button/kc_tab_del.gif HTTP/1.1" 200 383
114.83.222.182 - - [30/Mar/2023:10:33:41 +0800] "GET /xingrg/images/blue/kc_tab_left.gif HTTP/1.1" 200 188
114.83.222.182 - - [30/Mar/2023:10:33:41 +0800] "GET /xingrg/images/blue/kc_tab_mid.gif HTTP/1.1" 200 44
114.83.222.182 - - [30/Mar/2023:10:33:41 +0800] "GET /xingrg/images/blue/kc_tab_right.gif HTTP/1.1" 200 643
114.83.222.182 - - [30/Mar/2023:10:33:41 +0800] "GET /xingrg/images/blue/kc_tab2_left.gif HTTP/1.1" 200 625
114.83.222.182 - - [30/Mar/2023:10:33:41 +0800] "GET /xingrg/images/blue/kc_tab2_right.gif HTTP/1.1" 200 192
116.224.158.100 - - [30/Mar/2023:10:33:41 +0800] "POST /xingrg/kc/buy/cgsh_list_operate.html HTTP/1.1" 200 3961
222.67.232.202 - - [30/Mar/2023:10:33:42 +0800] "GET /xingrg/kc/buy/cgsh_order_operate.html?command=get_materiel&rest_code=00141&code=00101012038&supplier_code=00100036&order_time=2023-03-30 HTTP/1.1" 200 412
172.20.0.100 - - [30/Mar/2023:10:33:45 +0800] "GET /xingrg/all/function/internal_message.html?_=1680143635313&CODE_STATE=getMsg HTTP/1.1" 200 27
114.83.222.182 - - [30/Mar/2023:10:33:46 +0800] "GET /xingrg/images/blue/wait.gif HTTP/1.1" 200 1100
114.83.222.182 - - [30/Mar/2023:10:33:46 +0800] "POST /xingrg/dwr/call/plaincall/AjaxYddbService.getRestBases.dwr HTTP/1.1" 200 536
222.67.232.202 - - [30/Mar/2023:10:33:51 +0800] "GET /xingrg/kc/buy/cgsh_order_operate.html?command=get_materiel&rest_code=00141&code=00101016025&supplier_code=00100036&order_time=2023-03-30 HTTP/1.1" 200 408
222.70.182.87 - - [30/Mar/2023:10:33:56 +0800] "POST /xingrg/login.do HTTP/1.1" 302 -
222.70.182.87 - - [30/Mar/2023:10:33:56 +0800] "GET /xingrg/index.html?sysBaseUrl=http%3A%2F%2F180.169.147.146%3A18081%2Fxingrg%2F&costTime=1269×tamp=1680143636100 HTTP/1.1" 200 17173
222.70.182.87 - - [30/Mar/2023:10:33:56 +0800] "GET /favicon.ico HTTP/1.1" 404 -
