180.157.253.110 - - [28/Mar/2023:11:11:28 +0800] "GET /xingrg/all/function/internal_message.html?_=1679973088695&CODE_STATE=getMsg HTTP/1.1" 200 27
180.157.253.110 - - [28/Mar/2023:11:11:28 +0800] "GET /xingrg/check_reg.html?_=1679973088697 HTTP/1.1" 200 22
124.78.155.10 - - [28/Mar/2023:11:11:29 +0800] "GET /favicon.ico HTTP/1.1" 404 -
180.162.110.158 - - [28/Mar/2023:11:11:32 +0800] "GET /xingrg/all/function/internal_message.html?_=1679971986537&CODE_STATE=getMsg HTTP/1.1" 200 27
222.70.168.128 - - [28/Mar/2023:11:11:36 +0800] "GET /xingrg/all/function/internal_message.html?_=1679973102490&CODE_STATE=getMsg HTTP/1.1" 200 27
116.192.124.172 - - [28/Mar/2023:11:11:37 +0800] "GET /xingrg/all/function/internal_message.html?_=1679973097089&CODE_STATE=getMsg HTTP/1.1" 200 27
180.169.147.146 - - [28/Mar/2023:11:11:39 +0800] "GET /xingrg/all/function/internal_message.html?_=1679973098425&CODE_STATE=getMsg HTTP/1.1" 200 27
116.224.106.218 - - [28/Mar/2023:11:11:43 +0800] "GET /xingrg/all/function/internal_message.html?_=1679973103456&CODE_STATE=getMsg HTTP/1.1" 200 27
114.83.216.127 - - [28/Mar/2023:11:11:46 +0800] "GET /xingrg/all/function/internal_message.html?_=1679973105555&CODE_STATE=getMsg HTTP/1.1" 200 27
114.83.216.127 - - [28/Mar/2023:11:11:47 +0800] "GET /xingrg/check_reg.html?_=1679973105565 HTTP/1.1" 200 22
172.20.0.100 - - [28/Mar/2023:11:11:47 +0800] "GET /xingrg/all/function/internal_message.html?_=1679973111379&CODE_STATE=getMsg HTTP/1.1" 200 27
101.229.22.234 - - [28/Mar/2023:11:11:51 +0800] "GET /xingrg/all/function/internal_message.html?_=1679973109825&CODE_STATE=getMsg HTTP/1.1" 200 27
120.253.135.82 - - [28/Mar/2023:11:11:53 +0800] "GET /xingrg/all/function/internal_message.html?_=1679973244710&CODE_STATE=getMsg HTTP/1.1" 200 27
120.253.135.82 - - [28/Mar/2023:11:11:53 +0800] "GET /xingrg/check_reg.html?_=1679973244715 HTTP/1.1" 200 22
101.229.22.234 - - [28/Mar/2023:11:11:54 +0800] "GET /xingrg/kc/buy/cgsh_order_list.html HTTP/1.1" 200 54185
180.169.147.146 - - [28/Mar/2023:11:11:54 +0800] "GET /xingrg/all/function/internal_message.html?_=1679973113536&CODE_STATE=getMsg HTTP/1.1" 200 27
101.229.22.234 - - [28/Mar/2023:11:11:54 +0800] "GET /xingrg/javascript/easyui/themes/icons/import_new.png HTTP/1.1" 304 -
101.229.22.234 - - [28/Mar/2023:11:11:54 +0800] "GET /xingrg/javascript/easyui/themes/icons/edit_add_new.png HTTP/1.1" 304 -
101.229.22.234 - - [28/Mar/2023:11:11:56 +0800] "POST /xingrg/kc/buy/cgsh_list_operate.html HTTP/1.1" 200 986
101.229.22.234 - - [28/Mar/2023:11:11:58 +0800] "GET /xingrg/javascript/easyui/themes/default/images/button_plain_hover.png HTTP/1.1" 304 -
101.229.22.234 - - [28/Mar/2023:11:11:59 +0800] "GET /xingrg/kc/buy/cgsh_order_add.html HTTP/1.1" 200 69079
101.229.22.234 - - [28/Mar/2023:11:11:59 +0800] "GET /xingrg/words/20230328100934_words.js HTTP/1.1" 200 957918
101.229.22.234 - - [28/Mar/2023:11:11:59 +0800] "GET /xingrg/javascript/easyui/themes/icons/copy_new.png HTTP/1.1" 304 -
222.70.182.87 - - [28/Mar/2023:11:12:00 +0800] "GET /xingrg/all/function/internal_message.html?_=1679973120171&CODE_STATE=getMsg HTTP/1.1" 200 27
180.164.3.199 - - [28/Mar/2023:11:12:01 +0800] "GET /xingrg/all/function/internal_message.html?_=1679973121014&CODE_STATE=getMsg HTTP/1.1" 200 27
116.224.158.100 - - [28/Mar/2023:11:12:02 +0800] "GET /xingrg/all/function/internal_message.html?_=1679973122050&CODE_STATE=getMsg HTTP/1.1" 200 27
101.229.22.234 - - [28/Mar/2023:11:12:02 +0800] "GET /xingrg/javascript/easyui/themes/icons/template_new.png HTTP/1.1" 304 -
101.229.22.234 - - [28/Mar/2023:11:12:02 +0800] "GET /xingrg/javascript/easyui/themes/icons/cancel.png HTTP/1.1" 304 -
116.238.139.35 - - [28/Mar/2023:11:12:02 +0800] "GET /xingrg/all/function/internal_message.html?_=1679973124427&CODE_STATE=getMsg HTTP/1.1" 200 27
101.229.22.234 - - [28/Mar/2023:11:12:02 +0800] "POST /xingrg/kc/buy/cgsh_order_operate.html HTTP/1.1" 200 8245
101.229.22.234 - - [28/Mar/2023:11:12:02 +0800] "GET /xingrg/javascript/easyui/themes/default/validatebox.css HTTP/1.1" 404 1104
101.229.22.234 - - [28/Mar/2023:11:12:02 +0800] "GET /xingrg/javascript/easyui/themes/icons/edit_remove.png HTTP/1.1" 304 -
101.229.22.234 - - [28/Mar/2023:11:12:07 +0800] "GET /xingrg/javascript/auto/indicator.gif HTTP/1.1" 404 1066
101.229.22.234 - - [28/Mar/2023:11:12:10 +0800] "GET /xingrg/javascript/jquery_tools/images/prev.gif HTTP/1.1" 404 1086
101.229.22.234 - - [28/Mar/2023:11:12:10 +0800] "GET /xingrg/javascript/jquery_tools/images/next.gif HTTP/1.1" 404 1086
101.229.22.234 - - [28/Mar/2023:11:12:23 +0800] "GET /xingrg/kc/buy/cgsh_order_operate.html?command=get_materiel&rest_code=00142&code=00101008126&supplier_code=00100161&order_time=2023-03-28 HTTP/1.1" 200 412
180.157.253.110 - - [28/Mar/2023:11:12:28 +0800] "GET /xingrg/all/function/internal_message.html?_=1679973148696&CODE_STATE=getMsg HTTP/1.1" 200 27
180.162.110.158 - - [28/Mar/2023:11:12:32 +0800] "GET /xingrg/all/function/internal_message.html?_=1679972046537&CODE_STATE=getMsg HTTP/1.1" 200 27
116.192.124.172 - - [28/Mar/2023:11:12:36 +0800] "GET /xingrg/javascript/easyui/themes/default/tree.css HTTP/1.1" 404 1090
116.192.124.172 - - [28/Mar/2023:11:12:36 +0800] "POST /xingrg/all/common/load_tree.html?tree=supplier_tree_json&isDelete=1 HTTP/1.1" 200 71093
222.70.168.128 - - [28/Mar/2023:11:12:37 +0800] "GET /xingrg/all/function/internal_message.html?_=1679973163271&CODE_STATE=getMsg HTTP/1.1" 200 27
116.192.124.172 - - [28/Mar/2023:11:12:37 +0800] "GET /xingrg/all/function/internal_message.html?_=1679973157767&CODE_STATE=getMsg HTTP/1.1" 200 27
180.169.147.146 - - [28/Mar/2023:11:12:39 +0800] "GET /xingrg/all/function/internal_message.html?_=1679973158425&CODE_STATE=getMsg HTTP/1.1" 200 27
116.224.106.218 - - [28/Mar/2023:11:12:43 +0800] "GET /xingrg/all/function/internal_message.html?_=1679973163458&CODE_STATE=getMsg HTTP/1.1" 200 27
101.229.22.234 - - [28/Mar/2023:11:12:44 +0800] "GET /xingrg/kc/buy/cgsh_order_operate.html?command=get_materiel&rest_code=00142&code=00101008368&supplier_code=00100161&order_time=2023-03-28 HTTP/1.1" 200 408
114.83.216.127 - - [28/Mar/2023:11:12:46 +0800] "GET /xingrg/all/function/internal_message.html?_=1679973165562&CODE_STATE=getMsg HTTP/1.1" 200 27
172.20.0.100 - - [28/Mar/2023:11:12:47 +0800] "GET /xingrg/all/function/internal_message.html?_=1679973171377&CODE_STATE=getMsg HTTP/1.1" 200 27
172.20.0.100 - - [28/Mar/2023:11:12:47 +0800] "GET /xingrg/check_reg.html?_=1679973171379 HTTP/1.1" 200 22
101.229.22.234 - - [28/Mar/2023:11:12:51 +0800] "GET /xingrg/all/function/internal_message.html?_=1679973169840&CODE_STATE=getMsg HTTP/1.1" 200 27
101.229.22.234 - - [28/Mar/2023:11:12:53 +0800] "GET /xingrg/kc/buy/cgsh_order_operate.html?command=get_materiel&rest_code=00142&code=00101008005&supplier_code=00100161&order_time=2023-03-28 HTTP/1.1" 200 412
120.253.135.82 - - [28/Mar/2023:11:12:53 +0800] "GET /xingrg/all/function/internal_message.html?_=1679973304709&CODE_STATE=getMsg HTTP/1.1" 200 27
180.169.147.146 - - [28/Mar/2023:11:12:54 +0800] "GET /xingrg/all/function/internal_message.html?_=1679973173548&CODE_STATE=getMsg HTTP/1.1" 200 27
222.70.182.87 - - [28/Mar/2023:11:13:00 +0800] "GET /xingrg/all/function/internal_message.html?_=1679973180170&CODE_STATE=getMsg HTTP/1.1" 200 27
116.192.124.172 - - [28/Mar/2023:11:13:00 +0800] "GET /xingrg/kc/buy/cgsh_order_operate.html?command=get_materiel&rest_code=00102&code=00101002022&supplier_code=00100400&order_time=2023-03-28 HTTP/1.1" 200 410
180.164.3.199 - - [28/Mar/2023:11:13:01 +0800] "GET /xingrg/all/function/internal_message.html?_=1679973181029&CODE_STATE=getMsg HTTP/1.1" 200 27
116.224.158.100 - - [28/Mar/2023:11:13:01 +0800] "GET /xingrg/all/function/internal_message.html?_=1679973182032&CODE_STATE=getMsg HTTP/1.1" 200 27
116.238.139.35 - - [28/Mar/2023:11:13:02 +0800] "GET /xingrg/all/function/internal_message.html?_=1679973184415&CODE_STATE=getMsg HTTP/1.1" 200 27
116.238.139.35 - - [28/Mar/2023:11:13:03 +0800] "GET /xingrg/check_reg.html?_=1679973184745 HTTP/1.1" 200 22
101.229.22.234 - - [28/Mar/2023:11:13:03 +0800] "GET /xingrg/kc/buy/cgsh_order_operate.html?command=get_materiel&rest_code=00142&code=00101008261&supplier_code=00100161&order_time=2023-03-28 HTTP/1.1" 200 408
116.224.158.100 - - [28/Mar/2023:11:13:04 +0800] "GET /xingrg/check_reg.html?_=1679973184194 HTTP/1.1" 200 22
116.192.124.172 - - [28/Mar/2023:11:13:09 +0800] "GET /xingrg/kc/buy/cgsh_order_operate.html?command=get_materiel&rest_code=00102&code=00101002027&supplier_code=00100400&order_time=2023-03-28 HTTP/1.1" 200 413
101.229.22.234 - - [28/Mar/2023:11:13:11 +0800] "GET /xingrg/kc/buy/cgsh_order_operate.html?command=get_materiel&rest_code=00142&code=00101008268&supplier_code=00100161&order_time=2023-03-28 HTTP/1.1" 200 408
116.192.124.172 - - [28/Mar/2023:11:13:18 +0800] "GET /xingrg/kc/buy/cgsh_order_operate.html?command=get_materiel&rest_code=00102&code=00101005037&supplier_code=00100400&order_time=2023-03-28 HTTP/1.1" 200 409
101.229.22.234 - - [28/Mar/2023:11:13:21 +0800] "GET /xingrg/kc/buy/cgsh_order_operate.html?command=get_materiel&rest_code=00142&code=00101008199&supplier_code=00100161&order_time=2023-03-28 HTTP/1.1" 200 408
116.192.124.172 - - [28/Mar/2023:11:13:26 +0800] "GET /xingrg/kc/buy/cgsh_order_operate.html?command=get_materiel&rest_code=00102&code=00101010161&supplier_code=00100400&order_time=2023-03-28 HTTP/1.1" 200 409
180.157.253.110 - - [28/Mar/2023:11:13:28 +0800] "GET /xingrg/all/function/internal_message.html?_=1679973208696&CODE_STATE=getMsg HTTP/1.1" 200 27
101.229.22.234 - - [28/Mar/2023:11:13:29 +0800] "GET /xingrg/kc/buy/cgsh_order_operate.html?command=get_materiel&rest_code=00142&code=00101008361&supplier_code=00100161&order_time=2023-03-28 HTTP/1.1" 200 408
180.162.110.158 - - [28/Mar/2023:11:13:32 +0800] "GET /xingrg/all/function/internal_message.html?_=1679972106532&CODE_STATE=getMsg HTTP/1.1" 200 27
222.70.168.128 - - [28/Mar/2023:11:13:37 +0800] "GET /xingrg/all/function/internal_message.html?_=1679973223282&CODE_STATE=getMsg HTTP/1.1" 200 27
116.192.124.172 - - [28/Mar/2023:11:13:37 +0800] "GET /xingrg/all/function/internal_message.html?_=1679973217754&CODE_STATE=getMsg HTTP/1.1" 200 27
101.229.22.234 - - [28/Mar/2023:11:13:38 +0800] "GET /xingrg/kc/buy/cgsh_order_operate.html?command=get_materiel&rest_code=00142&code=00101008155&supplier_code=00100161&order_time=2023-03-28 HTTP/1.1" 200 408
180.169.147.146 - - [28/Mar/2023:11:13:39 +0800] "GET /xingrg/all/function/internal_message.html?_=1679973218432&CODE_STATE=getMsg HTTP/1.1" 200 27
116.224.106.218 - - [28/Mar/2023:11:13:43 +0800] "GET /xingrg/all/function/internal_message.html?_=1679973223460&CODE_STATE=getMsg HTTP/1.1" 200 27
114.83.216.127 - - [28/Mar/2023:11:13:47 +0800] "GET /xingrg/all/function/internal_message.html?_=1679973225563&CODE_STATE=getMsg HTTP/1.1" 200 27
172.20.0.100 - - [28/Mar/2023:11:13:47 +0800] "GET /xingrg/all/function/internal_message.html?_=1679973231377&CODE_STATE=getMsg HTTP/1.1" 200 27
101.229.22.234 - - [28/Mar/2023:11:13:50 +0800] "GET /xingrg/kc/buy/cgsh_order_operate.html?command=get_materiel&rest_code=00142&code=00101008097&supplier_code=00100161&order_time=2023-03-28 HTTP/1.1" 200 408
101.229.22.234 - - [28/Mar/2023:11:13:51 +0800] "GET /xingrg/all/function/internal_message.html?_=1679973229834&CODE_STATE=getMsg HTTP/1.1" 200 27
120.253.135.82 - - [28/Mar/2023:11:13:53 +0800] "GET /xingrg/all/function/internal_message.html?_=1679973364715&CODE_STATE=getMsg HTTP/1.1" 200 27
180.169.147.146 - - [28/Mar/2023:11:13:54 +0800] "GET /xingrg/all/function/internal_message.html?_=1679973233545&CODE_STATE=getMsg HTTP/1.1" 200 27
222.70.182.87 - - [28/Mar/2023:11:14:00 +0800] "GET /xingrg/all/function/internal_message.html?_=1679973240169&CODE_STATE=getMsg HTTP/1.1" 200 27
180.164.3.199 - - [28/Mar/2023:11:14:01 +0800] "GET /xingrg/all/function/internal_message.html?_=1679973241011&CODE_STATE=getMsg HTTP/1.1" 200 27
116.224.158.100 - - [28/Mar/2023:11:14:01 +0800] "GET /xingrg/all/function/internal_message.html?_=1679973242014&CODE_STATE=getMsg HTTP/1.1" 200 27
101.229.22.234 - - [28/Mar/2023:11:14:02 +0800] "GET /xingrg/kc/buy/cgsh_order_operate.html?command=get_materiel&rest_code=00142&code=00101008355&supplier_code=00100161&order_time=2023-03-28 HTTP/1.1" 200 408
116.238.139.35 - - [28/Mar/2023:11:14:02 +0800] "GET /xingrg/all/function/internal_message.html?_=1679973244388&CODE_STATE=getMsg HTTP/1.1" 200 27
116.192.124.172 - - [28/Mar/2023:11:14:06 +0800] "GET /xingrg/kc/buy/cgsh_order_operate.html?command=get_materiel&rest_code=00102&code=00101001075&supplier_code=00100400&order_time=2023-03-28 HTTP/1.1" 200 411
101.229.22.234 - - [28/Mar/2023:11:14:11 +0800] "GET /xingrg/kc/buy/cgsh_order_operate.html?command=get_materiel&rest_code=00142&code=00101008024&supplier_code=00100161&order_time=2023-03-28 HTTP/1.1" 200 408
101.229.22.234 - - [28/Mar/2023:11:14:19 +0800] "GET /xingrg/kc/buy/cgsh_order_operate.html?command=get_materiel&rest_code=00142&code=00101008356&supplier_code=00100161&order_time=2023-03-28 HTTP/1.1" 200 408
180.157.253.110 - - [28/Mar/2023:11:14:28 +0800] "GET /xingrg/all/function/internal_message.html?_=1679973268695&CODE_STATE=getMsg HTTP/1.1" 200 27
101.229.22.234 - - [28/Mar/2023:11:14:31 +0800] "GET /xingrg/kc/buy/cgsh_order_operate.html?command=get_materiel&rest_code=00142&code=00101008351&supplier_code=00100161&order_time=2023-03-28 HTTP/1.1" 200 408
180.162.110.158 - - [28/Mar/2023:11:14:32 +0800] "GET /xingrg/check_reg.html?_=1679972166528 HTTP/1.1" 200 22
180.162.110.158 - - [28/Mar/2023:11:14:32 +0800] "GET /xingrg/all/function/internal_message.html?_=1679972166530&CODE_STATE=getMsg HTTP/1.1" 200 27
116.192.124.172 - - [28/Mar/2023:11:14:37 +0800] "GET /xingrg/all/function/internal_message.html?_=1679973277734&CODE_STATE=getMsg HTTP/1.1" 200 27
222.70.168.128 - - [28/Mar/2023:11:14:38 +0800] "GET /xingrg/all/function/internal_message.html?_=1679973284199&CODE_STATE=getMsg HTTP/1.1" 200 27
180.169.147.146 - - [28/Mar/2023:11:14:39 +0800] "GET /xingrg/all/function/internal_message.html?_=1679973278431&CODE_STATE=getMsg HTTP/1.1" 200 27
120.253.135.82 - - [28/Mar/2023:11:14:41 +0800] "GET /xingrg/check_reg.html?_=1679973113641 HTTP/1.1" 200 22
120.253.135.82 - - [28/Mar/2023:11:14:42 +0800] "GET /xingrg/kc/pszx/mdqp_order_list.html?state=10 HTTP/1.1" 200 10275
120.253.135.82 - - [28/Mar/2023:11:14:42 +0800] "GET /xingrg/dwr/interface/AjaxReportQueryService.js HTTP/1.1" 200 13203
120.253.135.82 - - [28/Mar/2023:11:14:42 +0800] "GET /xingrg/dwr/interface/AjaxQqpsService.js HTTP/1.1" 200 16326
120.253.135.82 - - [28/Mar/2023:11:14:42 +0800] "GET /xingrg/dwr/engine.js HTTP/1.1" 200 43631
101.229.22.234 - - [28/Mar/2023:11:14:42 +0800] "GET /xingrg/kc/buy/cgsh_order_operate.html?command=get_materiel&rest_code=00142&code=00101008264&supplier_code=00100161&order_time=2023-03-28 HTTP/1.1" 200 412
180.169.147.146 - - [28/Mar/2023:11:14:43 +0800] "POST /xingrg/kc/buy/cgsh_list_operate.html HTTP/1.1" 200 4
116.224.106.218 - - [28/Mar/2023:11:14:43 +0800] "GET /xingrg/all/function/internal_message.html?_=1679973283462&CODE_STATE=getMsg HTTP/1.1" 200 27
116.224.106.218 - - [28/Mar/2023:11:14:43 +0800] "GET /xingrg/check_reg.html?_=1679973283465 HTTP/1.1" 200 22
114.83.216.127 - - [28/Mar/2023:11:14:47 +0800] "GET /xingrg/all/function/internal_message.html?_=1679973285574&CODE_STATE=getMsg HTTP/1.1" 200 27
172.20.0.100 - - [28/Mar/2023:11:14:47 +0800] "GET /xingrg/all/function/internal_message.html?_=1679973291391&CODE_STATE=getMsg HTTP/1.1" 200 27
101.229.22.234 - - [28/Mar/2023:11:14:51 +0800] "GET /xingrg/kc/buy/cgsh_order_operate.html?command=get_materiel&rest_code=00142&code=00101008354&supplier_code=00100161&order_time=2023-03-28 HTTP/1.1" 200 412
101.229.22.234 - - [28/Mar/2023:11:14:51 +0800] "GET /xingrg/all/function/internal_message.html?_=1679973289832&CODE_STATE=getMsg HTTP/1.1" 200 27
101.229.22.234 - - [28/Mar/2023:11:14:51 +0800] "GET /xingrg/check_reg.html?_=1679973289834 HTTP/1.1" 200 22
120.253.135.82 - - [28/Mar/2023:11:14:53 +0800] "GET /xingrg/all/function/internal_message.html?_=1679973424722&CODE_STATE=getMsg HTTP/1.1" 200 27
180.169.147.146 - - [28/Mar/2023:11:14:54 +0800] "GET /xingrg/all/function/internal_message.html?_=1679973293535&CODE_STATE=getMsg HTTP/1.1" 200 27
120.253.135.82 - - [28/Mar/2023:11:14:58 +0800] "GET /xingrg/kc/buy/cgsh_order_list.html HTTP/1.1" 200 54179
101.229.22.234 - - [28/Mar/2023:11:15:00 +0800] "GET /xingrg/kc/buy/cgsh_order_operate.html?command=get_materiel&rest_code=00142&code=00101008459&supplier_code=00100161&order_time=2023-03-28 HTTP/1.1" 200 409
222.70.182.87 - - [28/Mar/2023:11:15:00 +0800] "GET /xingrg/all/function/internal_message.html?_=1679973300168&CODE_STATE=getMsg HTTP/1.1" 200 27
180.164.3.199 - - [28/Mar/2023:11:15:01 +0800] "GET /xingrg/all/function/internal_message.html?_=1679973301016&CODE_STATE=getMsg HTTP/1.1" 200 27
180.164.3.199 - - [28/Mar/2023:11:15:01 +0800] "GET /xingrg/check_reg.html?_=1679973301017 HTTP/1.1" 200 22
120.253.135.82 - - [28/Mar/2023:11:15:01 +0800] "POST /xingrg/kc/buy/cgsh_list_operate.html HTTP/1.1" 200 1862
116.224.158.100 - - [28/Mar/2023:11:15:01 +0800] "GET /xingrg/all/function/internal_message.html?_=1679973301989&CODE_STATE=getMsg HTTP/1.1" 200 27
116.238.139.35 - - [28/Mar/2023:11:15:02 +0800] "GET /xingrg/all/function/internal_message.html?_=1679973304358&CODE_STATE=getMsg HTTP/1.1" 200 27
180.169.147.146 - - [28/Mar/2023:11:15:04 +0800] "POST /xingrg/kc/buy/cgsh_list_operate.html HTTP/1.1" 200 5970
120.253.135.82 - - [28/Mar/2023:11:15:04 +0800] "POST /xingrg/kc/buy/cgsh_list_operate.html HTTP/1.1" 200 296
120.253.135.82 - - [28/Mar/2023:11:15:06 +0800] "GET /xingrg/kc/buy/cgsh_order_info.html?code=212023032810418 HTTP/1.1" 200 69033
120.253.135.82 - - [28/Mar/2023:11:15:06 +0800] "GET /xingrg/javascript/easyui/themes/default/validatebox.css HTTP/1.1" 404 1104
120.253.135.82 - - [28/Mar/2023:11:15:07 +0800] "POST /xingrg/kc/buy/cgsh_order_operate.html HTTP/1.1" 200 3325
101.229.22.234 - - [28/Mar/2023:11:15:08 +0800] "GET /xingrg/kc/buy/cgsh_order_operate.html?command=get_materiel&rest_code=00142&code=00101012029&supplier_code=00100161&order_time=2023-03-28 HTTP/1.1" 200 412
120.253.135.82 - - [28/Mar/2023:11:15:15 +0800] "POST /xingrg/kc/buy/cgsh_order_operate.html HTTP/1.1" 200 37
101.229.22.234 - - [28/Mar/2023:11:15:17 +0800] "GET /xingrg/kc/buy/cgsh_order_operate.html?command=get_materiel&rest_code=00142&code=00101012024&supplier_code=00100161&order_time=2023-03-28 HTTP/1.1" 200 408
222.70.168.128 - - [28/Mar/2023:11:15:21 +0800] "GET /xingrg/check_reg.html?_=1679973327248 HTTP/1.1" 200 22
120.253.135.82 - - [28/Mar/2023:11:15:24 +0800] "POST /xingrg/kc/buy/cgsh_order_operate.html HTTP/1.1" 200 12
101.229.22.234 - - [28/Mar/2023:11:15:26 +0800] "GET /xingrg/kc/buy/cgsh_order_operate.html?command=get_materiel&rest_code=00142&code=00101012059&supplier_code=00100161&order_time=2023-03-28 HTTP/1.1" 200 412
180.157.253.110 - - [28/Mar/2023:11:15:28 +0800] "GET /xingrg/all/function/internal_message.html?_=1679973328695&CODE_STATE=getMsg HTTP/1.1" 200 27
101.229.22.234 - - [28/Mar/2023:11:15:28 +0800] "POST /xingrg/kc/buy/cgsh_order_operate.html HTTP/1.1" 200 2065
120.253.135.82 - - [28/Mar/2023:11:15:31 +0800] "GET /xingrg/kc/buy/cgsh_order_info.html?code=212023032810418 HTTP/1.1" 200 63927
58.40.7.146 - - [28/Mar/2023:11:15:31 +0800] "POST /xingrg/services/DataTransmitService HTTP/1.1" 200 524
120.253.135.82 - - [28/Mar/2023:11:15:31 +0800] "GET /xingrg/javascript/easyui/themes/default/validatebox.css HTTP/1.1" 404 1104
180.162.110.158 - - [28/Mar/2023:11:15:32 +0800] "GET /xingrg/all/function/internal_message.html?_=1679972226526&CODE_STATE=getMsg HTTP/1.1" 200 27
120.253.135.82 - - [28/Mar/2023:11:15:32 +0800] "POST /xingrg/kc/buy/cgsh_order_operate.html HTTP/1.1" 200 1275
101.229.22.234 - - [28/Mar/2023:11:15:34 +0800] "GET /xingrg/kc/buy/cgsh_order_operate.html?command=get_materiel&rest_code=00142&code=00101016057&supplier_code=00100161&order_time=2023-03-28 HTTP/1.1" 200 408
116.192.124.172 - - [28/Mar/2023:11:15:37 +0800] "GET /xingrg/check_reg.html?_=1679973337589 HTTP/1.1" 200 22
116.192.124.172 - - [28/Mar/2023:11:15:37 +0800] "GET /xingrg/all/function/internal_message.html?_=1679973337724&CODE_STATE=getMsg HTTP/1.1" 200 27
222.70.168.128 - - [28/Mar/2023:11:15:38 +0800] "GET /xingrg/all/function/internal_message.html?_=1679973344218&CODE_STATE=getMsg HTTP/1.1" 200 27
180.169.147.146 - - [28/Mar/2023:11:15:39 +0800] "GET /xingrg/all/function/internal_message.html?_=1679973338433&CODE_STATE=getMsg HTTP/1.1" 200 27
180.169.147.146 - - [28/Mar/2023:11:15:39 +0800] "GET /xingrg/check_reg.html?_=1679973338434 HTTP/1.1" 200 22
116.224.106.218 - - [28/Mar/2023:11:15:43 +0800] "GET /xingrg/all/function/internal_message.html?_=1679973343465&CODE_STATE=getMsg HTTP/1.1" 200 27
114.83.216.127 - - [28/Mar/2023:11:15:47 +0800] "GET /xingrg/all/function/internal_message.html?_=1679973345573&CODE_STATE=getMsg HTTP/1.1" 200 27
172.20.0.100 - - [28/Mar/2023:11:15:47 +0800] "GET /xingrg/all/function/internal_message.html?_=1679973351389&CODE_STATE=getMsg HTTP/1.1" 200 27
120.253.135.82 - - [28/Mar/2023:11:15:47 +0800] "GET /xingrg/kc/buy/cgsh_order_list.html HTTP/1.1" 200 54179
101.229.22.234 - - [28/Mar/2023:11:15:48 +0800] "POST /xingrg/kc/buy/cgsh_order_operate.html HTTP/1.1" 200 37
101.229.22.234 - - [28/Mar/2023:11:15:50 +0800] "POST /xingrg/kc/buy/cgsh_order_operate.html HTTP/1.1" 200 13847
101.229.22.234 - - [28/Mar/2023:11:15:51 +0800] "GET /xingrg/all/function/internal_message.html?_=1679973349830&CODE_STATE=getMsg HTTP/1.1" 200 27
120.253.135.82 - - [28/Mar/2023:11:15:53 +0800] "GET /xingrg/all/function/internal_message.html?_=1679973484728&CODE_STATE=getMsg HTTP/1.1" 200 27
180.169.147.146 - - [28/Mar/2023:11:15:54 +0800] "GET /xingrg/all/function/internal_message.html?_=1679973353553&CODE_STATE=getMsg HTTP/1.1" 200 27
180.169.147.146 - - [28/Mar/2023:11:15:54 +0800] "GET /xingrg/check_reg.html?_=1679973353558 HTTP/1.1" 200 22
101.229.22.234 - - [28/Mar/2023:11:15:57 +0800] "POST /xingrg/kc/buy/cgsh_order_operate.html HTTP/1.1" 200 37
120.253.135.82 - - [28/Mar/2023:11:15:59 +0800] "POST /xingrg/kc/buy/cgsh_list_operate.html HTTP/1.1" 200 986
120.253.135.82 - - [28/Mar/2023:11:16:00 +0800] "GET /xingrg/kc/buy/cgsh_order_list.html HTTP/1.1" 200 54179
222.70.182.87 - - [28/Mar/2023:11:16:00 +0800] "GET /xingrg/check_reg.html?_=1679973360168 HTTP/1.1" 200 22
222.70.182.87 - - [28/Mar/2023:11:16:00 +0800] "GET /xingrg/all/function/internal_message.html?_=1679973360170&CODE_STATE=getMsg HTTP/1.1" 200 27
180.164.3.199 - - [28/Mar/2023:11:16:01 +0800] "GET /xingrg/all/function/internal_message.html?_=1679973361011&CODE_STATE=getMsg HTTP/1.1" 200 27
101.229.22.234 - - [28/Mar/2023:11:16:01 +0800] "POST /xingrg/kc/buy/cgsh_order_operate.html HTTP/1.1" 200 13847
116.224.158.100 - - [28/Mar/2023:11:16:01 +0800] "GET /xingrg/all/function/internal_message.html?_=1679973361958&CODE_STATE=getMsg HTTP/1.1" 200 27
116.238.139.35 - - [28/Mar/2023:11:16:02 +0800] "GET /xingrg/all/function/internal_message.html?_=1679973364330&CODE_STATE=getMsg HTTP/1.1" 200 27
120.253.135.82 - - [28/Mar/2023:11:16:06 +0800] "GET /xingrg/kc/buy/cgsh_order_list.html HTTP/1.1" 200 54179
101.229.22.234 - - [28/Mar/2023:11:16:07 +0800] "POST /xingrg/kc/buy/cgsh_order_operate.html HTTP/1.1" 200 37
101.229.22.234 - - [28/Mar/2023:11:16:09 +0800] "POST /xingrg/kc/buy/cgsh_order_operate.html HTTP/1.1" 200 13847
120.253.135.82 - - [28/Mar/2023:11:16:11 +0800] "POST /xingrg/kc/buy/cgsh_list_operate.html HTTP/1.1" 200 986
120.253.135.82 - - [28/Mar/2023:11:16:15 +0800] "GET /xingrg/kc/buy/cgsh_order_list.html HTTP/1.1" 200 54179
120.253.135.82 - - [28/Mar/2023:11:16:17 +0800] "POST /xingrg/kc/buy/cgsh_list_operate.html HTTP/1.1" 200 986
120.253.135.82 - - [28/Mar/2023:11:16:18 +0800] "GET /xingrg/kc/report/report_main.html HTTP/1.1" 200 8599
120.253.135.82 - - [28/Mar/2023:11:16:19 +0800] "GET /xingrg/kc/base/kc_stocks.html HTTP/1.1" 200 16506
120.253.135.82 - - [28/Mar/2023:11:16:20 +0800] "GET /xingrg/javascript/easyui/themes/default/tree.css HTTP/1.1" 404 1090
120.253.135.82 - - [28/Mar/2023:11:16:20 +0800] "POST /xingrg/all/common/load_tree.html?tree=materiel_sort_tree_json HTTP/1.1" 200 9500
120.253.135.82 - - [28/Mar/2023:11:16:21 +0800] "POST /xingrg/all/common/load_combo.html?type=base HTTP/1.1" 200 1169
180.169.147.146 - - [28/Mar/2023:11:16:22 +0800] "POST /xingrg/kc/buy/cgsh_list_operate.html HTTP/1.1" 200 4
172.20.0.100 - - [28/Mar/2023:11:16:23 +0800] "GET /xingrg/check_reg.html?_=1679973387730 HTTP/1.1" 200 22
120.253.135.82 - - [28/Mar/2023:11:16:23 +0800] "POST /xingrg/kc/buy/cgsh_list_operate.html HTTP/1.1" 200 986
101.229.22.234 - - [28/Mar/2023:11:16:24 +0800] "POST /xingrg/kc/buy/cgsh_list_operate.html HTTP/1.1" 200 1869
120.253.135.82 - - [28/Mar/2023:11:16:27 +0800] "POST /xingrg/kc/base/stock_operate.html HTTP/1.1" 200 2011
180.157.253.110 - - [28/Mar/2023:11:16:28 +0800] "GET /xingrg/all/function/internal_message.html?_=1679973388695&CODE_STATE=getMsg HTTP/1.1" 200 27
180.157.253.110 - - [28/Mar/2023:11:16:28 +0800] "GET /xingrg/check_reg.html?_=1679973388698 HTTP/1.1" 200 22
180.162.110.158 - - [28/Mar/2023:11:16:32 +0800] "GET /xingrg/all/function/internal_message.html?_=1679972286533&CODE_STATE=getMsg HTTP/1.1" 200 27
116.192.124.172 - - [28/Mar/2023:11:16:37 +0800] "GET /xingrg/all/function/internal_message.html?_=1679973397712&CODE_STATE=getMsg HTTP/1.1" 200 27
222.70.168.128 - - [28/Mar/2023:11:16:38 +0800] "GET /xingrg/all/function/internal_message.html?_=1679973404232&CODE_STATE=getMsg HTTP/1.1" 200 27
116.224.106.218 - - [28/Mar/2023:11:16:43 +0800] "GET /xingrg/all/function/internal_message.html?_=1679973403465&CODE_STATE=getMsg HTTP/1.1" 200 27
120.253.135.82 - - [28/Mar/2023:11:16:44 +0800] "POST /xingrg/kc/base/stock_operate.html HTTP/1.1" 200 1738
114.83.216.127 - - [28/Mar/2023:11:16:47 +0800] "GET /xingrg/check_reg.html?_=1679973405573 HTTP/1.1" 200 22
114.83.216.127 - - [28/Mar/2023:11:16:47 +0800] "GET /xingrg/all/function/internal_message.html?_=1679973405578&CODE_STATE=getMsg HTTP/1.1" 200 27
172.20.0.100 - - [28/Mar/2023:11:16:47 +0800] "GET /xingrg/all/function/internal_message.html?_=1679973411388&CODE_STATE=getMsg HTTP/1.1" 200 27
180.169.147.146 - - [28/Mar/2023:11:16:47 +0800] "POST /xingrg/kc/buy/cgsh_list_operate.html HTTP/1.1" 200 2310
120.253.135.82 - - [28/Mar/2023:11:16:47 +0800] "GET /xingrg/javascript/easyui/themes/sunny/images/ui-bg_gloss-wave_60_fece2f_500x100.png HTTP/1.1" 304 -
120.253.135.82 - - [28/Mar/2023:11:16:50 +0800] "GET /xingrg/kc/pszx/mdqp_order_list.html?state=10 HTTP/1.1" 200 10275
120.253.135.82 - - [28/Mar/2023:11:16:50 +0800] "GET /xingrg/dwr/interface/AjaxQqpsService.js HTTP/1.1" 200 16326
120.253.135.82 - - [28/Mar/2023:11:16:50 +0800] "GET /xingrg/dwr/interface/AjaxReportQueryService.js HTTP/1.1" 200 13203
120.253.135.82 - - [28/Mar/2023:11:16:50 +0800] "GET /xingrg/dwr/engine.js HTTP/1.1" 200 43631
101.229.22.234 - - [28/Mar/2023:11:16:51 +0800] "GET /xingrg/all/function/internal_message.html?_=1679973409841&CODE_STATE=getMsg HTTP/1.1" 200 27
222.70.168.128 - - [28/Mar/2023:11:16:52 +0800] "POST /xingrg/kc/buy/cgsh_list_operate.html HTTP/1.1" 200 3591
120.253.135.82 - - [28/Mar/2023:11:16:53 +0800] "GET /xingrg/all/function/internal_message.html?_=1679973544733&CODE_STATE=getMsg HTTP/1.1" 200 27
120.253.135.82 - - [28/Mar/2023:11:16:53 +0800] "GET /xingrg/check_reg.html?_=1679973544736 HTTP/1.1" 200 22
180.169.147.146 - - [28/Mar/2023:11:16:54 +0800] "GET /xingrg/all/function/internal_message.html?_=1679973413537&CODE_STATE=getMsg HTTP/1.1" 200 27
222.70.168.128 - - [28/Mar/2023:11:16:59 +0800] "GET /xingrg/kc/buy/cgsh_order_add.html HTTP/1.1" 200 69961
222.70.168.128 - - [28/Mar/2023:11:17:00 +0800] "POST /xingrg/kc/buy/cgsh_order_operate.html HTTP/1.1" 200 8245
222.70.168.128 - - [28/Mar/2023:11:17:00 +0800] "GET /xingrg/javascript/easyui/themes/default/validatebox.css HTTP/1.1" 404 1104
222.70.182.87 - - [28/Mar/2023:11:17:00 +0800] "GET /xingrg/all/function/internal_message.html?_=1679973420169&CODE_STATE=getMsg HTTP/1.1" 200 27
180.164.3.199 - - [28/Mar/2023:11:17:01 +0800] "GET /xingrg/all/function/internal_message.html?_=1679973421016&CODE_STATE=getMsg HTTP/1.1" 200 27
116.224.158.100 - - [28/Mar/2023:11:17:01 +0800] "GET /xingrg/all/function/internal_message.html?_=1679973421930&CODE_STATE=getMsg HTTP/1.1" 200 27
116.238.139.35 - - [28/Mar/2023:11:17:02 +0800] "GET /xingrg/all/function/internal_message.html?_=1679973424317&CODE_STATE=getMsg HTTP/1.1" 200 27
180.169.147.146 - - [28/Mar/2023:11:17:05 +0800] "POST /xingrg/kc/buy/cgsh_list_operate.html HTTP/1.1" 200 4
180.169.147.146 - - [28/Mar/2023:11:17:08 +0800] "POST /xingrg/kc/buy/cgsh_list_operate.html HTTP/1.1" 200 986
180.169.147.146 - - [28/Mar/2023:11:17:09 +0800] "GET /xingrg/kc/buy/cgsh_order_add.html HTTP/1.1" 200 69964
180.169.147.146 - - [28/Mar/2023:11:17:09 +0800] "GET /xingrg/words/20230328100934_words.js HTTP/1.1" 200 957918
180.169.147.146 - - [28/Mar/2023:11:17:10 +0800] "POST /xingrg/kc/buy/cgsh_order_operate.html HTTP/1.1" 200 8245
180.169.147.146 - - [28/Mar/2023:11:17:10 +0800] "GET /xingrg/javascript/easyui/themes/default/validatebox.css HTTP/1.1" 404 1104
180.169.147.146 - - [28/Mar/2023:11:17:10 +0800] "GET /xingrg/all/common/auto_word.html?type=employee&rest_code=00147 HTTP/1.1" 200 101
180.169.147.146 - - [28/Mar/2023:11:17:10 +0800] "GET /xingrg/all/common/auto_word.html?type=employee&rest_code=00147 HTTP/1.1" 200 101
180.169.147.146 - - [28/Mar/2023:11:17:13 +0800] "GET /xingrg/javascript/auto/indicator.gif HTTP/1.1" 404 1066
180.169.147.146 - - [28/Mar/2023:11:17:15 +0800] "GET /xingrg/javascript/jquery_tools/images/prev.gif HTTP/1.1" 404 1086
180.169.147.146 - - [28/Mar/2023:11:17:15 +0800] "GET /xingrg/javascript/jquery_tools/images/next.gif HTTP/1.1" 404 1086
114.83.216.127 - - [28/Mar/2023:11:17:24 +0800] "POST /xingrg/services/DataTransmitService HTTP/1.1" 200 524
180.157.253.110 - - [28/Mar/2023:11:17:28 +0800] "GET /xingrg/all/function/internal_message.html?_=1679973448698&CODE_STATE=getMsg HTTP/1.1" 200 27
116.192.124.172 - - [28/Mar/2023:11:17:32 +0800] "POST /xingrg/kc/buy/cgsh_order_operate.html HTTP/1.1" 200 37
180.162.110.158 - - [28/Mar/2023:11:17:32 +0800] "GET /xingrg/all/function/internal_message.html?_=1679972346527&CODE_STATE=getMsg HTTP/1.1" 200 27
114.83.216.127 - - [28/Mar/2023:11:17:35 +0800] "POST /xingrg/services/DataTransmitService HTTP/1.1" 200 501
116.192.124.172 - - [28/Mar/2023:11:17:37 +0800] "GET /xingrg/all/function/internal_message.html?_=1679973457690&CODE_STATE=getMsg HTTP/1.1" 200 27
222.70.168.128 - - [28/Mar/2023:11:17:38 +0800] "GET /xingrg/all/function/internal_message.html?_=1679973464241&CODE_STATE=getMsg HTTP/1.1" 200 27
180.169.147.146 - - [28/Mar/2023:11:17:39 +0800] "GET /xingrg/all/function/internal_message.html?_=1679973458472&CODE_STATE=getMsg HTTP/1.1" 200 27
116.192.124.172 - - [28/Mar/2023:11:17:43 +0800] "POST /xingrg/kc/buy/cgsh_order_operate.html HTTP/1.1" 200 12
116.224.106.218 - - [28/Mar/2023:11:17:43 +0800] "GET /xingrg/all/function/internal_message.html?_=1679973463465&CODE_STATE=getMsg HTTP/1.1" 200 27
180.169.147.146 - - [28/Mar/2023:11:17:44 +0800] "GET /xingrg/kc/buy/cgsh_order_operate.html?command=get_materiel&rest_code=00147&code=00101004062&supplier_code=00100094&order_time=2023-03-27 HTTP/1.1" 200 410
114.83.216.127 - - [28/Mar/2023:11:17:47 +0800] "GET /xingrg/all/function/internal_message.html?_=1679973465572&CODE_STATE=getMsg HTTP/1.1" 200 27
172.20.0.100 - - [28/Mar/2023:11:17:47 +0800] "GET /xingrg/check_reg.html?_=1679973471387 HTTP/1.1" 200 22
172.20.0.100 - - [28/Mar/2023:11:17:47 +0800] "GET /xingrg/all/function/internal_message.html?_=1679973471388&CODE_STATE=getMsg HTTP/1.1" 200 27
116.192.124.172 - - [28/Mar/2023:11:17:48 +0800] "GET /xingrg/kc/buy/cgsh_order_info.html?code=212023032810439 HTTP/1.1" 200 64894
116.192.124.172 - - [28/Mar/2023:11:17:48 +0800] "GET /xingrg/words/20230328100934_words.js HTTP/1.1" 304 -
116.192.124.172 - - [28/Mar/2023:11:17:48 +0800] "GET /xingrg/javascript/easyui/themes/default/validatebox.css HTTP/1.1" 404 1104
116.192.124.172 - - [28/Mar/2023:11:17:50 +0800] "POST /xingrg/kc/buy/cgsh_order_operate.html HTTP/1.1" 200 2968
101.229.22.234 - - [28/Mar/2023:11:17:51 +0800] "GET /xingrg/all/function/internal_message.html?_=1679973469844&CODE_STATE=getMsg HTTP/1.1" 200 27
116.192.124.172 - - [28/Mar/2023:11:17:52 +0800] "GET /xingrg/kc/print/load_data.html?order_code=212023032810439&kc_code=cgsh&condition= HTTP/1.1" 200 1578
222.70.168.128 - - [28/Mar/2023:11:17:53 +0800] "GET /xingrg/kc/buy/cgsh_order_operate.html?command=get_materiel&rest_code=00146&code=00101014098&supplier_code=&order_time=2023-03-28 HTTP/1.1" 200 416
120.253.135.82 - - [28/Mar/2023:11:17:53 +0800] "GET /xingrg/all/function/internal_message.html?_=1679973604741&CODE_STATE=getMsg HTTP/1.1" 200 27
180.169.147.146 - - [28/Mar/2023:11:17:54 +0800] "GET /xingrg/all/function/internal_message.html?_=1679973473552&CODE_STATE=getMsg HTTP/1.1" 200 27
116.192.124.172 - - [28/Mar/2023:11:17:58 +0800] "GET /xingrg/kc/buy/cgsh_order_add.html HTTP/1.1" 200 69996
116.192.124.172 - - [28/Mar/2023:11:17:58 +0800] "POST /xingrg/kc/buy/cgsh_order_operate.html HTTP/1.1" 200 8245
116.192.124.172 - - [28/Mar/2023:11:17:58 +0800] "GET /xingrg/javascript/easyui/themes/default/validatebox.css HTTP/1.1" 404 1104
222.70.182.87 - - [28/Mar/2023:11:18:00 +0800] "GET /xingrg/all/function/internal_message.html?_=1679973480168&CODE_STATE=getMsg HTTP/1.1" 200 27
180.164.3.199 - - [28/Mar/2023:11:18:01 +0800] "GET /xingrg/all/function/internal_message.html?_=1679973481008&CODE_STATE=getMsg HTTP/1.1" 200 27
116.192.124.172 - - [28/Mar/2023:11:18:01 +0800] "GET /xingrg/javascript/easyui/themes/default/tree.css HTTP/1.1" 404 1090
116.224.158.100 - - [28/Mar/2023:11:18:01 +0800] "GET /xingrg/all/function/internal_message.html?_=1679973481937&CODE_STATE=getMsg HTTP/1.1" 200 27
116.192.124.172 - - [28/Mar/2023:11:18:02 +0800] "POST /xingrg/all/common/load_tree.html?tree=supplier_tree_json&isDelete=1 HTTP/1.1" 200 71093
116.238.139.35 - - [28/Mar/2023:11:18:02 +0800] "GET /xingrg/all/function/internal_message.html?_=1679973484302&CODE_STATE=getMsg HTTP/1.1" 200 27
116.238.139.35 - - [28/Mar/2023:11:18:03 +0800] "GET /xingrg/check_reg.html?_=1679973484758 HTTP/1.1" 200 22
180.169.147.146 - - [28/Mar/2023:11:18:04 +0800] "GET /xingrg/kc/buy/cgsh_order_operate.html?command=get_materiel&rest_code=00147&code=00101002018&supplier_code=00100094&order_time=2023-03-27 HTTP/1.1" 200 416
116.224.158.100 - - [28/Mar/2023:11:18:04 +0800] "GET /xingrg/check_reg.html?_=1679973484225 HTTP/1.1" 200 22
116.192.124.172 - - [28/Mar/2023:11:18:17 +0800] "GET /xingrg/kc/buy/cgsh_order_operate.html?command=get_materiel&rest_code=00102&code=00101009049&supplier_code=00100022&order_time=2023-03-28 HTTP/1.1" 200 416
180.169.147.146 - - [28/Mar/2023:11:18:19 +0800] "GET /xingrg/kc/buy/cgsh_order_operate.html?command=get_materiel&rest_code=00147&code=00101001183&supplier_code=00100094&order_time=2023-03-27 HTTP/1.1" 200 407
180.157.253.110 - - [28/Mar/2023:11:18:28 +0800] "GET /xingrg/all/function/internal_message.html?_=1679973508699&CODE_STATE=getMsg HTTP/1.1" 200 27
116.192.124.172 - - [28/Mar/2023:11:18:28 +0800] "GET /xingrg/kc/buy/cgsh_order_operate.html?command=get_materiel&rest_code=00102&code=00101009062&supplier_code=00100022&order_time=2023-03-28 HTTP/1.1" 200 412
180.162.110.158 - - [28/Mar/2023:11:18:32 +0800] "GET /xingrg/all/function/internal_message.html?_=1679972406528&CODE_STATE=getMsg HTTP/1.1" 200 27
180.169.147.146 - - [28/Mar/2023:11:18:34 +0800] "POST /xingrg/kc/buy/cgsh_order_operate.html HTTP/1.1" 200 37
180.169.147.146 - - [28/Mar/2023:11:18:36 +0800] "POST /xingrg/kc/buy/cgsh_order_operate.html HTTP/1.1" 200 3847
116.192.124.172 - - [28/Mar/2023:11:18:36 +0800] "GET /xingrg/kc/buy/cgsh_order_operate.html?command=get_materiel&rest_code=00102&code=00101009011&supplier_code=00100022&order_time=2023-03-28 HTTP/1.1" 200 416
180.169.147.146 - - [28/Mar/2023:11:18:37 +0800] "GET /xingrg/kc/print/load_config.html?kc_code=cgsh HTTP/1.1" 200 1925
116.192.124.172 - - [28/Mar/2023:11:18:37 +0800] "GET /xingrg/all/function/internal_message.html?_=1679973517665&CODE_STATE=getMsg HTTP/1.1" 200 27
222.70.168.128 - - [28/Mar/2023:11:18:38 +0800] "GET /xingrg/all/function/internal_message.html?_=1679973524256&CODE_STATE=getMsg HTTP/1.1" 200 27
180.169.147.146 - - [28/Mar/2023:11:18:38 +0800] "GET /xingrg/kc/print/load_data.html?order_code=212023032810440&kc_code=cgsh&condition= HTTP/1.1" 200 1208
222.70.168.128 - - [28/Mar/2023:11:18:39 +0800] "GET /xingrg/kc/buy/cgsh_order_operate.html?command=get_materiel&rest_code=00146&code=00101010638&supplier_code=&order_time=2023-03-28 HTTP/1.1" 200 414
180.169.147.146 - - [28/Mar/2023:11:18:39 +0800] "GET /xingrg/all/function/internal_message.html?_=1679973518477&CODE_STATE=getMsg HTTP/1.1" 200 27
180.169.147.146 - - [28/Mar/2023:11:18:42 +0800] "GET /xingrg/kc/buy/cgsh_order_add.html HTTP/1.1" 200 69964
180.169.147.146 - - [28/Mar/2023:11:18:42 +0800] "GET /xingrg/javascript/easyui/themes/default/validatebox.css HTTP/1.1" 404 1104
180.169.147.146 - - [28/Mar/2023:11:18:42 +0800] "POST /xingrg/kc/buy/cgsh_order_operate.html HTTP/1.1" 200 8245
116.192.124.172 - - [28/Mar/2023:11:18:43 +0800] "GET /xingrg/kc/buy/cgsh_order_operate.html?command=get_materiel&rest_code=00102&code=00101009010&supplier_code=00100022&order_time=2023-03-28 HTTP/1.1" 200 412
116.224.106.218 - - [28/Mar/2023:11:18:43 +0800] "GET /xingrg/all/function/internal_message.html?_=1679973523464&CODE_STATE=getMsg HTTP/1.1" 200 27
114.83.216.127 - - [28/Mar/2023:11:18:47 +0800] "GET /xingrg/all/function/internal_message.html?_=1679973525583&CODE_STATE=getMsg HTTP/1.1" 200 27
172.20.0.100 - - [28/Mar/2023:11:18:47 +0800] "GET /xingrg/all/function/internal_message.html?_=1679973531386&CODE_STATE=getMsg HTTP/1.1" 200 27
101.229.22.234 - - [28/Mar/2023:11:18:51 +0800] "GET /xingrg/all/function/internal_message.html?_=1679973529844&CODE_STATE=getMsg HTTP/1.1" 200 27
120.253.135.82 - - [28/Mar/2023:11:18:53 +0800] "GET /xingrg/all/function/internal_message.html?_=1679973664738&CODE_STATE=getMsg HTTP/1.1" 200 27
180.169.147.146 - - [28/Mar/2023:11:18:54 +0800] "GET /xingrg/all/function/internal_message.html?_=1679973533558&CODE_STATE=getMsg HTTP/1.1" 200 27
116.192.124.172 - - [28/Mar/2023:11:18:54 +0800] "GET /xingrg/kc/buy/cgsh_order_operate.html?command=get_materiel&rest_code=00102&code=00101009039&supplier_code=00100022&order_time=2023-03-28 HTTP/1.1" 200 408
180.169.147.146 - - [28/Mar/2023:11:18:55 +0800] "POST /xingrg/kc/buy/cgsh_list_operate.html HTTP/1.1" 200 1869
222.70.182.87 - - [28/Mar/2023:11:19:00 +0800] "GET /xingrg/all/function/internal_message.html?_=1679973540168&CODE_STATE=getMsg HTTP/1.1" 200 27
180.164.3.199 - - [28/Mar/2023:11:19:01 +0800] "GET /xingrg/all/function/internal_message.html?_=1679973541022&CODE_STATE=getMsg HTTP/1.1" 200 27
116.224.158.100 - - [28/Mar/2023:11:19:01 +0800] "GET /xingrg/all/function/internal_message.html?_=1679973541916&CODE_STATE=getMsg HTTP/1.1" 200 27
116.192.124.172 - - [28/Mar/2023:11:19:02 +0800] "GET /xingrg/kc/buy/cgsh_order_operate.html?command=get_materiel&rest_code=00102&code=00101009031&supplier_code=00100022&order_time=2023-03-28 HTTP/1.1" 200 408
116.238.139.35 - - [28/Mar/2023:11:19:02 +0800] "GET /xingrg/all/function/internal_message.html?_=1679973544276&CODE_STATE=getMsg HTTP/1.1" 200 27
116.192.124.172 - - [28/Mar/2023:11:19:20 +0800] "GET /xingrg/kc/buy/cgsh_order_operate.html?command=get_materiel&rest_code=00102&code=00101009066&supplier_code=00100022&order_time=2023-03-28 HTTP/1.1" 200 418
180.157.253.110 - - [28/Mar/2023:11:19:28 +0800] "GET /xingrg/all/function/internal_message.html?_=1679973568699&CODE_STATE=getMsg HTTP/1.1" 200 27
180.162.110.158 - - [28/Mar/2023:11:19:32 +0800] "GET /xingrg/check_reg.html?_=1679972466527 HTTP/1.1" 200 22
180.162.110.158 - - [28/Mar/2023:11:19:32 +0800] "GET /xingrg/all/function/internal_message.html?_=1679972466530&CODE_STATE=getMsg HTTP/1.1" 200 27
116.192.124.172 - - [28/Mar/2023:11:19:37 +0800] "GET /xingrg/all/function/internal_message.html?_=1679973577640&CODE_STATE=getMsg HTTP/1.1" 200 27
116.192.124.172 - - [28/Mar/2023:11:19:38 +0800] "GET /xingrg/kc/buy/cgsh_order_operate.html?command=get_materiel&rest_code=00102&code=00101009063&supplier_code=00100022&order_time=2023-03-28 HTTP/1.1" 200 410
222.70.168.128 - - [28/Mar/2023:11:19:38 +0800] "GET /xingrg/all/function/internal_message.html?_=1679973584269&CODE_STATE=getMsg HTTP/1.1" 200 27
180.169.147.146 - - [28/Mar/2023:11:19:39 +0800] "GET /xingrg/all/function/internal_message.html?_=1679973578450&CODE_STATE=getMsg HTTP/1.1" 200 27
120.253.135.82 - - [28/Mar/2023:11:19:41 +0800] "GET /xingrg/check_reg.html?_=1679973413650 HTTP/1.1" 200 22
116.224.106.218 - - [28/Mar/2023:11:19:43 +0800] "GET /xingrg/check_reg.html?_=1679973583472 HTTP/1.1" 200 22
116.224.106.218 - - [28/Mar/2023:11:19:43 +0800] "GET /xingrg/all/function/internal_message.html?_=1679973583477&CODE_STATE=getMsg HTTP/1.1" 200 27
114.83.216.127 - - [28/Mar/2023:11:19:47 +0800] "GET /xingrg/all/function/internal_message.html?_=1679973585588&CODE_STATE=getMsg HTTP/1.1" 200 27
172.20.0.100 - - [28/Mar/2023:11:19:47 +0800] "GET /xingrg/all/function/internal_message.html?_=1679973591385&CODE_STATE=getMsg HTTP/1.1" 200 27
101.229.22.234 - - [28/Mar/2023:11:19:51 +0800] "GET /xingrg/check_reg.html?_=1679973589844 HTTP/1.1" 200 22
101.229.22.234 - - [28/Mar/2023:11:19:51 +0800] "GET /xingrg/all/function/internal_message.html?_=1679973589847&CODE_STATE=getMsg HTTP/1.1" 200 27
120.253.135.82 - - [28/Mar/2023:11:19:53 +0800] "GET /xingrg/all/function/internal_message.html?_=1679973724743&CODE_STATE=getMsg HTTP/1.1" 200 27
180.169.147.146 - - [28/Mar/2023:11:19:54 +0800] "GET /xingrg/all/function/internal_message.html?_=1679973593535&CODE_STATE=getMsg HTTP/1.1" 200 27
116.192.124.172 - - [28/Mar/2023:11:19:54 +0800] "POST /xingrg/kc/buy/cgsh_order_operate.html HTTP/1.1" 200 37
222.70.182.87 - - [28/Mar/2023:11:20:00 +0800] "GET /xingrg/all/function/internal_message.html?_=1679973600167&CODE_STATE=getMsg HTTP/1.1" 200 27
180.164.3.199 - - [28/Mar/2023:11:20:01 +0800] "GET /xingrg/check_reg.html?_=1679973601021 HTTP/1.1" 200 22
180.164.3.199 - - [28/Mar/2023:11:20:01 +0800] "GET /xingrg/all/function/internal_message.html?_=1679973601023&CODE_STATE=getMsg HTTP/1.1" 200 27
116.224.158.100 - - [28/Mar/2023:11:20:01 +0800] "GET /xingrg/all/function/internal_message.html?_=1679973601896&CODE_STATE=getMsg HTTP/1.1" 200 27
116.238.139.35 - - [28/Mar/2023:11:20:02 +0800] "GET /xingrg/all/function/internal_message.html?_=1679973604247&CODE_STATE=getMsg HTTP/1.1" 200 27
180.169.147.146 - - [28/Mar/2023:11:20:07 +0800] "POST /xingrg/kc/buy/cgsh_list_operate.html HTTP/1.1" 200 4
116.192.124.172 - - [28/Mar/2023:11:20:12 +0800] "POST /xingrg/kc/buy/cgsh_order_operate.html HTTP/1.1" 200 12
180.169.147.146 - - [28/Mar/2023:11:20:13 +0800] "POST /xingrg/kc/buy/cgsh_list_operate.html HTTP/1.1" 200 986
116.192.124.172 - - [28/Mar/2023:11:20:14 +0800] "GET /xingrg/kc/buy/cgsh_order_info.html?code=212023032810441 HTTP/1.1" 200 64894
116.192.124.172 - - [28/Mar/2023:11:20:14 +0800] "GET /xingrg/javascript/easyui/themes/default/validatebox.css HTTP/1.1" 404 1104
116.192.124.172 - - [28/Mar/2023:11:20:15 +0800] "POST /xingrg/kc/buy/cgsh_order_operate.html HTTP/1.1" 200 4750
116.192.124.172 - - [28/Mar/2023:11:20:17 +0800] "GET /xingrg/kc/print/load_data.html?order_code=212023032810441&kc_code=cgsh&condition= HTTP/1.1" 200 2294
222.70.168.128 - - [28/Mar/2023:11:20:21 +0800] "GET /xingrg/check_reg.html?_=1679973627514 HTTP/1.1" 200 22
180.157.253.110 - - [28/Mar/2023:11:20:28 +0800] "GET /xingrg/all/function/internal_message.html?_=1679973628705&CODE_STATE=getMsg HTTP/1.1" 200 27
124.78.155.10 - - [28/Mar/2023:11:20:29 +0800] "GET /xingrg/index.html?sysBaseUrl=http%3A%2F%2F180.169.147.146%3A18081%2Fxingrg%2F&costTime=1825×tamp=1679966099041 HTTP/1.1" 200 17173
124.78.155.10 - - [28/Mar/2023:11:20:29 +0800] "POST /xingrg/all/common/load_tree.html?tree=area_rest_tree_json&manage=1 HTTP/1.1" 200 342
124.78.155.10 - - [28/Mar/2023:11:20:30 +0800] "GET /xingrg/all/function/internal_message.html?_=1679973632769&CODE_STATE=count HTTP/1.1" 200 11
124.78.155.10 - - [28/Mar/2023:11:20:30 +0800] "GET /xingrg/check_reg.html?_=1679973632771 HTTP/1.1" 200 22
124.78.155.10 - - [28/Mar/2023:11:20:30 +0800] "GET /favicon.ico HTTP/1.1" 404 -
124.78.155.10 - - [28/Mar/2023:11:20:30 +0800] "POST /xingrg/load_menu.html HTTP/1.1" 200 5138
180.162.110.158 - - [28/Mar/2023:11:20:32 +0800] "GET /xingrg/all/function/internal_message.html?_=1679972526527&CODE_STATE=getMsg HTTP/1.1" 200 27
116.192.124.172 - - [28/Mar/2023:11:20:37 +0800] "GET /xingrg/check_reg.html?_=1679973637555 HTTP/1.1" 200 22
116.192.124.172 - - [28/Mar/2023:11:20:37 +0800] "GET /xingrg/all/function/internal_message.html?_=1679973637624&CODE_STATE=getMsg HTTP/1.1" 200 27
222.70.168.128 - - [28/Mar/2023:11:20:38 +0800] "GET /xingrg/all/function/internal_message.html?_=1679973644283&CODE_STATE=getMsg HTTP/1.1" 200 27
180.169.147.146 - - [28/Mar/2023:11:20:39 +0800] "GET /xingrg/all/function/internal_message.html?_=1679973638421&CODE_STATE=getMsg HTTP/1.1" 200 27
180.169.147.146 - - [28/Mar/2023:11:20:39 +0800] "GET /xingrg/check_reg.html?_=1679973638454 HTTP/1.1" 200 22
116.224.106.218 - - [28/Mar/2023:11:20:43 +0800] "GET /xingrg/all/function/internal_message.html?_=1679973643477&CODE_STATE=getMsg HTTP/1.1" 200 27
116.192.124.172 - - [28/Mar/2023:11:20:46 +0800] "GET /xingrg/kc/base/wldb_order_list.html HTTP/1.1" 200 19098
116.192.124.172 - - [28/Mar/2023:11:20:46 +0800] "POST /xingrg/kc/base/wldb_list_operate.html HTTP/1.1" 200 928
114.83.216.127 - - [28/Mar/2023:11:20:47 +0800] "GET /xingrg/all/function/internal_message.html?_=1679973645580&CODE_STATE=getMsg HTTP/1.1" 200 27
172.20.0.100 - - [28/Mar/2023:11:20:47 +0800] "GET /xingrg/all/function/internal_message.html?_=1679973651383&CODE_STATE=getMsg HTTP/1.1" 200 27
116.192.124.172 - - [28/Mar/2023:11:20:47 +0800] "GET /xingrg/kc/base/wldb_order_add.html HTTP/1.1" 200 30377
116.192.124.172 - - [28/Mar/2023:11:20:47 +0800] "POST /xingrg/kc/base/wldb_order_operate.html HTTP/1.1" 200 6806
116.192.124.172 - - [28/Mar/2023:11:20:47 +0800] "GET /xingrg/javascript/easyui/themes/default/validatebox.css HTTP/1.1" 404 1104
116.192.124.172 - - [28/Mar/2023:11:20:47 +0800] "GET /xingrg/all/common/auto_word.html?type=base&rest_code=00102 HTTP/1.1" 200 1857
116.192.124.172 - - [28/Mar/2023:11:20:47 +0800] "GET /xingrg/all/common/auto_word.html?type=base&rest_code=00102 HTTP/1.1" 200 1857
114.83.216.127 - - [28/Mar/2023:11:20:47 +0800] "POST /xingrg/services/DataTransmitService HTTP/1.1" 200 524
114.83.216.127 - - [28/Mar/2023:11:20:48 +0800] "POST /xingrg/services/DataTransmitService HTTP/1.1" 200 2163
114.83.216.127 - - [28/Mar/2023:11:20:49 +0800] "POST /xingrg/services/DataTransmitService HTTP/1.1" 200 169984
101.229.22.234 - - [28/Mar/2023:11:20:51 +0800] "GET /xingrg/all/function/internal_message.html?_=1679973649831&CODE_STATE=getMsg HTTP/1.1" 200 27
120.253.135.82 - - [28/Mar/2023:11:20:53 +0800] "GET /xingrg/all/function/internal_message.html?_=1679973784752&CODE_STATE=getMsg HTTP/1.1" 200 27
180.169.147.146 - - [28/Mar/2023:11:20:54 +0800] "GET /xingrg/all/function/internal_message.html?_=1679973653549&CODE_STATE=getMsg HTTP/1.1" 200 27
180.169.147.146 - - [28/Mar/2023:11:20:54 +0800] "GET /xingrg/check_reg.html?_=1679973653550 HTTP/1.1" 200 22
222.70.182.87 - - [28/Mar/2023:11:21:00 +0800] "GET /xingrg/check_reg.html?_=1679973660167 HTTP/1.1" 200 22
222.70.182.87 - - [28/Mar/2023:11:21:00 +0800] "GET /xingrg/all/function/internal_message.html?_=1679973660170&CODE_STATE=getMsg HTTP/1.1" 200 27
180.164.3.199 - - [28/Mar/2023:11:21:01 +0800] "GET /xingrg/all/function/internal_message.html?_=1679973661018&CODE_STATE=getMsg HTTP/1.1" 200 27
116.224.158.100 - - [28/Mar/2023:11:21:01 +0800] "GET /xingrg/all/function/internal_message.html?_=1679973661870&CODE_STATE=getMsg HTTP/1.1" 200 27
116.238.139.35 - - [28/Mar/2023:11:21:02 +0800] "GET /xingrg/all/function/internal_message.html?_=1679973664218&CODE_STATE=getMsg HTTP/1.1" 200 27
172.20.0.100 - - [28/Mar/2023:11:21:23 +0800] "GET /xingrg/check_reg.html?_=1679973687703 HTTP/1.1" 200 22
116.192.124.172 - - [28/Mar/2023:11:21:27 +0800] "POST /xingrg/all/common/load_combo.html?type=base HTTP/1.1" 200 3321
180.157.253.110 - - [28/Mar/2023:11:21:28 +0800] "GET /xingrg/check_reg.html?_=1679973688706 HTTP/1.1" 200 22
180.157.253.110 - - [28/Mar/2023:11:21:28 +0800] "GET /xingrg/all/function/internal_message.html?_=1679973688710&CODE_STATE=getMsg HTTP/1.1" 200 27
116.192.124.172 - - [28/Mar/2023:11:21:29 +0800] "POST /xingrg/all/common/load_combo.html?type=base HTTP/1.1" 200 3321
180.163.29.206 - - [28/Mar/2023:11:21:30 +0800] "GET /xingrg/check_reg.html?_=1679973632771 HTTP/1.1" 302 -
180.163.29.206 - - [28/Mar/2023:11:21:30 +0800] "GET /xingrg/login.html HTTP/1.1" 200 7641
124.78.155.10 - - [28/Mar/2023:11:21:30 +0800] "GET /xingrg/all/function/internal_message.html?_=1679973692774&CODE_STATE=getMsg HTTP/1.1" 200 27
180.162.110.158 - - [28/Mar/2023:11:21:32 +0800] "GET /xingrg/all/function/internal_message.html?_=1679972586533&CODE_STATE=getMsg HTTP/1.1" 200 27
116.192.124.172 - - [28/Mar/2023:11:21:34 +0800] "GET /xingrg/javascript/auto/indicator.gif HTTP/1.1" 404 1066
116.192.124.172 - - [28/Mar/2023:11:21:36 +0800] "GET /xingrg/kc/base/wldb_order_operate.html?command=get_materiel&rest_code=00102&base_code=0010476&code=00101019142 HTTP/1.1" 200 464
