180.157.253.110 - - [28/Mar/2023:10:05:28 +0800] "GET /xingrg/all/function/internal_message.html?_=1679969128572&CODE_STATE=getMsg HTTP/1.1" 200 27
222.70.182.87 - - [28/Mar/2023:10:05:31 +0800] "GET /xingrg/all/function/internal_message.html?_=1679969130692&CODE_STATE=getMsg HTTP/1.1" 200 27
114.83.216.127 - - [28/Mar/2023:10:05:32 +0800] "GET /xingrg/all/function/internal_message.html?_=1679969130942&CODE_STATE=getMsg HTTP/1.1" 200 27
116.192.124.172 - - [28/Mar/2023:10:05:32 +0800] "GET /xingrg/javascript/auto/indicator.gif HTTP/1.1" 404 1066
116.238.139.35 - - [28/Mar/2023:10:05:36 +0800] "GET /xingrg/all/function/internal_message.html?_=1679969138202&CODE_STATE=getMsg HTTP/1.1" 200 27
116.192.124.172 - - [28/Mar/2023:10:05:37 +0800] "GET /xingrg/kc/buy/cgsh_order_operate.html?command=get_materiel&rest_code=00102&code=00101008350&supplier_code=00100008&order_time=2023-03-28 HTTP/1.1" 200 408
116.192.124.172 - - [28/Mar/2023:10:05:47 +0800] "GET /xingrg/kc/buy/cgsh_order_operate.html?command=get_materiel&rest_code=00102&code=00101008223&supplier_code=00100008&order_time=2023-03-28 HTTP/1.1" 200 412
101.229.22.234 - - [28/Mar/2023:10:05:51 +0800] "GET /xingrg/all/function/internal_message.html?_=1679969149728&CODE_STATE=getMsg HTTP/1.1" 200 27
114.83.216.127 - - [28/Mar/2023:10:05:51 +0800] "GET /xingrg/kc/buy/cgsh_order_operate.html?command=get_materiel&rest_code=00149&code=00101009109&supplier_code=00100201&order_time=2023-03-27 HTTP/1.1" 200 413
120.253.135.82 - - [28/Mar/2023:10:05:51 +0800] "POST /xingrg/kc/pszx/mdps_list_operate.html HTTP/1.1" 200 3176
120.253.135.82 - - [28/Mar/2023:10:05:51 +0800] "GET /xingrg/kc/buy/cgsh_order_list.html HTTP/1.1" 200 54179
180.169.147.146 - - [28/Mar/2023:10:05:54 +0800] "GET /xingrg/all/function/internal_message.html?_=1679969153541&CODE_STATE=getMsg HTTP/1.1" 200 27
180.169.147.146 - - [28/Mar/2023:10:05:54 +0800] "GET /xingrg/check_reg.html?_=1679969153543 HTTP/1.1" 200 22
120.253.135.82 - - [28/Mar/2023:10:05:54 +0800] "GET /xingrg/all/function/internal_message.html?_=1679968986156&CODE_STATE=getMsg HTTP/1.1" 200 27
120.253.135.82 - - [28/Mar/2023:10:05:54 +0800] "POST /xingrg/kc/buy/cgsh_list_operate.html HTTP/1.1" 200 1851
116.192.124.172 - - [28/Mar/2023:10:05:57 +0800] "GET /xingrg/kc/buy/cgsh_order_operate.html?command=get_materiel&rest_code=00102&code=00101008172&supplier_code=00100008&order_time=2023-03-28 HTTP/1.1" 200 412
120.253.135.82 - - [28/Mar/2023:10:05:58 +0800] "POST /xingrg/kc/buy/cgsh_list_operate.html HTTP/1.1" 200 443
180.164.3.199 - - [28/Mar/2023:10:06:01 +0800] "GET /xingrg/all/function/internal_message.html?_=1679969161013&CODE_STATE=getMsg HTTP/1.1" 200 27
120.253.135.82 - - [28/Mar/2023:10:06:02 +0800] "GET /xingrg/all/function/internal_message.html?_=1679969293802&CODE_STATE=getMsg HTTP/1.1" 200 27
120.253.135.82 - - [28/Mar/2023:10:06:02 +0800] "GET /xingrg/kc/buy/cgsh_order_info.html?code=212023032810408 HTTP/1.1" 200 69026
120.253.135.82 - - [28/Mar/2023:10:06:03 +0800] "GET /xingrg/javascript/easyui/themes/default/validatebox.css HTTP/1.1" 404 1104
116.224.158.100 - - [28/Mar/2023:10:06:03 +0800] "GET /xingrg/all/function/internal_message.html?_=1679969163530&CODE_STATE=getMsg HTTP/1.1" 200 27
120.253.135.82 - - [28/Mar/2023:10:06:04 +0800] "POST /xingrg/kc/buy/cgsh_order_operate.html HTTP/1.1" 200 4491
116.192.124.172 - - [28/Mar/2023:10:06:04 +0800] "GET /xingrg/all/function/internal_message.html?_=1679969164615&CODE_STATE=getMsg HTTP/1.1" 200 27
116.192.124.172 - - [28/Mar/2023:10:06:09 +0800] "GET /xingrg/kc/buy/cgsh_order_operate.html?command=get_materiel&rest_code=00102&code=00101008114&supplier_code=00100008&order_time=2023-03-28 HTTP/1.1" 200 413
116.192.124.172 - - [28/Mar/2023:10:06:11 +0800] "POST /xingrg/kc/buy/cgsh_order_operate.html HTTP/1.1" 200 2065
114.83.216.127 - - [28/Mar/2023:10:06:18 +0800] "POST /xingrg/kc/buy/cgsh_order_operate.html HTTP/1.1" 200 37
116.192.124.172 - - [28/Mar/2023:10:06:21 +0800] "GET /xingrg/kc/buy/cgsh_order_operate.html?command=get_materiel&rest_code=00102&code=00101008168&supplier_code=00100008&order_time=2023-03-28 HTTP/1.1" 200 413
172.20.0.100 - - [28/Mar/2023:10:06:23 +0800] "GET /xingrg/check_reg.html?_=1679969187974 HTTP/1.1" 302 -
120.253.135.82 - - [28/Mar/2023:10:06:26 +0800] "POST /xingrg/kc/buy/cgsh_order_operate.html HTTP/1.1" 200 37
222.70.168.128 - - [28/Mar/2023:10:06:27 +0800] "GET /xingrg/all/function/internal_message.html?_=1679969193421&CODE_STATE=getMsg HTTP/1.1" 200 27
180.157.253.110 - - [28/Mar/2023:10:06:28 +0800] "GET /xingrg/all/function/internal_message.html?_=1679969188598&CODE_STATE=getMsg HTTP/1.1" 200 27
180.157.253.110 - - [28/Mar/2023:10:06:28 +0800] "GET /xingrg/check_reg.html?_=1679969188600 HTTP/1.1" 200 22
120.253.135.82 - - [28/Mar/2023:10:06:28 +0800] "POST /xingrg/kc/buy/cgsh_order_operate.html HTTP/1.1" 200 4490
114.83.216.127 - - [28/Mar/2023:10:06:30 +0800] "POST /xingrg/kc/buy/cgsh_order_operate.html HTTP/1.1" 200 12
116.192.124.172 - - [28/Mar/2023:10:06:30 +0800] "GET /xingrg/kc/buy/cgsh_order_operate.html?command=get_materiel&rest_code=00102&code=00101008041&supplier_code=00100008&order_time=2023-03-28 HTTP/1.1" 200 408
222.70.182.87 - - [28/Mar/2023:10:06:31 +0800] "GET /xingrg/all/function/internal_message.html?_=1679969190691&CODE_STATE=getMsg HTTP/1.1" 200 27
114.83.216.127 - - [28/Mar/2023:10:06:32 +0800] "GET /xingrg/all/function/internal_message.html?_=1679969190945&CODE_STATE=getMsg HTTP/1.1" 200 27
114.83.216.127 - - [28/Mar/2023:10:06:32 +0800] "GET /xingrg/kc/buy/cgsh_order_info.html?code=212023032810412 HTTP/1.1" 200 64951
114.83.216.127 - - [28/Mar/2023:10:06:32 +0800] "GET /xingrg/javascript/easyui/themes/default/validatebox.css HTTP/1.1" 404 1104
114.83.216.127 - - [28/Mar/2023:10:06:33 +0800] "POST /xingrg/kc/buy/cgsh_order_operate.html HTTP/1.1" 200 610
114.83.216.127 - - [28/Mar/2023:10:06:35 +0800] "GET /xingrg/kc/print/load_data.html?order_code=212023032810412&kc_code=cgsh&condition= HTTP/1.1" 200 712
116.238.139.35 - - [28/Mar/2023:10:06:36 +0800] "GET /xingrg/all/function/internal_message.html?_=1679969198187&CODE_STATE=getMsg HTTP/1.1" 200 27
116.192.124.172 - - [28/Mar/2023:10:06:43 +0800] "GET /xingrg/kc/buy/cgsh_order_operate.html?command=get_materiel&rest_code=00102&code=00101015112&supplier_code=00100008&order_time=2023-03-28 HTTP/1.1" 200 417
101.229.22.234 - - [28/Mar/2023:10:06:51 +0800] "GET /xingrg/all/function/internal_message.html?_=1679969209726&CODE_STATE=getMsg HTTP/1.1" 200 27
180.169.147.146 - - [28/Mar/2023:10:06:54 +0800] "GET /xingrg/all/function/internal_message.html?_=1679969213530&CODE_STATE=getMsg HTTP/1.1" 200 27
120.253.135.82 - - [28/Mar/2023:10:06:54 +0800] "GET /xingrg/all/function/internal_message.html?_=1679969046163&CODE_STATE=getMsg HTTP/1.1" 200 27
120.253.135.82 - - [28/Mar/2023:10:06:56 +0800] "POST /xingrg/kc/buy/cgsh_order_operate.html HTTP/1.1" 200 37
116.192.124.172 - - [28/Mar/2023:10:06:58 +0800] "GET /xingrg/kc/buy/cgsh_order_operate.html?command=get_materiel&rest_code=00102&code=00101008037&supplier_code=00100008&order_time=2023-03-28 HTTP/1.1" 200 413
120.253.135.82 - - [28/Mar/2023:10:06:58 +0800] "POST /xingrg/kc/buy/cgsh_order_operate.html HTTP/1.1" 200 4490
180.164.3.199 - - [28/Mar/2023:10:07:01 +0800] "GET /xingrg/all/function/internal_message.html?_=1679969221027&CODE_STATE=getMsg HTTP/1.1" 200 27
120.253.135.82 - - [28/Mar/2023:10:07:02 +0800] "GET /xingrg/kc/print/load_data.html?order_code=212023032810408&kc_code=cgsh&condition= HTTP/1.1" 200 1387
120.253.135.82 - - [28/Mar/2023:10:07:02 +0800] "GET /xingrg/all/function/internal_message.html?_=1679969353806&CODE_STATE=getMsg HTTP/1.1" 200 27
120.253.135.82 - - [28/Mar/2023:10:07:02 +0800] "GET /xingrg/check_reg.html?_=1679969353809 HTTP/1.1" 200 22
116.224.158.100 - - [28/Mar/2023:10:07:03 +0800] "GET /xingrg/all/function/internal_message.html?_=1679969223503&CODE_STATE=getMsg HTTP/1.1" 200 27
116.192.124.172 - - [28/Mar/2023:10:07:04 +0800] "GET /xingrg/all/function/internal_message.html?_=1679969224622&CODE_STATE=getMsg HTTP/1.1" 200 27
116.192.124.172 - - [28/Mar/2023:10:07:11 +0800] "GET /xingrg/kc/buy/cgsh_order_operate.html?command=get_materiel&rest_code=00102&code=00101008257&supplier_code=00100008&order_time=2023-03-28 HTTP/1.1" 200 416
116.192.124.172 - - [28/Mar/2023:10:07:14 +0800] "POST /xingrg/kc/buy/cgsh_order_operate.html HTTP/1.1" 200 2065
120.253.135.82 - - [28/Mar/2023:10:07:15 +0800] "GET /xingrg/check_reg.html?_=1679969066884 HTTP/1.1" 200 22
116.192.124.172 - - [28/Mar/2023:10:07:21 +0800] "GET /xingrg/kc/buy/cgsh_order_operate.html?command=get_materiel&rest_code=00102&code=00101008155&supplier_code=00100008&order_time=2023-03-28 HTTP/1.1" 200 408
222.70.168.128 - - [28/Mar/2023:10:07:28 +0800] "GET /xingrg/all/function/internal_message.html?_=1679969253709&CODE_STATE=getMsg HTTP/1.1" 200 27
180.157.253.110 - - [28/Mar/2023:10:07:28 +0800] "GET /xingrg/all/function/internal_message.html?_=1679969248601&CODE_STATE=getMsg HTTP/1.1" 200 27
114.83.216.127 - - [28/Mar/2023:10:07:30 +0800] "GET /xingrg/kc/buy/cgsh_order_add.html HTTP/1.1" 200 70049
114.83.216.127 - - [28/Mar/2023:10:07:30 +0800] "POST /xingrg/kc/buy/cgsh_order_operate.html HTTP/1.1" 200 8245
114.83.216.127 - - [28/Mar/2023:10:07:30 +0800] "GET /xingrg/javascript/easyui/themes/default/validatebox.css HTTP/1.1" 404 1104
222.70.182.87 - - [28/Mar/2023:10:07:31 +0800] "GET /xingrg/all/function/internal_message.html?_=1679969250691&CODE_STATE=getMsg HTTP/1.1" 200 27
114.83.216.127 - - [28/Mar/2023:10:07:32 +0800] "GET /xingrg/all/function/internal_message.html?_=1679969250954&CODE_STATE=getMsg HTTP/1.1" 200 27
116.238.139.35 - - [28/Mar/2023:10:07:36 +0800] "GET /xingrg/all/function/internal_message.html?_=1679969258172&CODE_STATE=getMsg HTTP/1.1" 200 27
116.192.124.172 - - [28/Mar/2023:10:07:40 +0800] "GET /xingrg/kc/buy/cgsh_order_operate.html?command=get_materiel&rest_code=00102&code=00101008112&supplier_code=00100008&order_time=2023-03-28 HTTP/1.1" 200 414
172.20.0.100 - - [28/Mar/2023:10:07:40 +0800] "GET /xingrg/system/info/materiel_change_sort.html?code=01002004 HTTP/1.1" 302 -
172.20.0.100 - - [28/Mar/2023:10:07:41 +0800] "GET /xingrg/login.html HTTP/1.1" 200 7636
114.83.216.127 - - [28/Mar/2023:10:07:43 +0800] "GET /xingrg/kc/buy/cgsh_order_operate.html?command=get_materiel&rest_code=00149&code=00101009109&supplier_code=00100201&order_time=2023-03-28 HTTP/1.1" 200 415
172.20.0.100 - - [28/Mar/2023:10:07:46 +0800] "POST /xingrg/login.do HTTP/1.1" 302 -
172.20.0.100 - - [28/Mar/2023:10:07:47 +0800] "GET /xingrg/index.html?sysBaseUrl=http%3A%2F%2F172.20.0.8%3A18081%2Fxingrg%2F&costTime=943×tamp=1679969266910 HTTP/1.1" 200 17448
172.20.0.100 - - [28/Mar/2023:10:07:47 +0800] "GET /xingrg/check_reg.html?_=1679969271297 HTTP/1.1" 200 22
172.20.0.100 - - [28/Mar/2023:10:07:47 +0800] "POST /xingrg/all/common/load_tree.html?tree=area_rest_tree_json&manage=1 HTTP/1.1" 200 3499
172.20.0.100 - - [28/Mar/2023:10:07:47 +0800] "GET /xingrg/all/function/internal_message.html?_=1679969271296&CODE_STATE=count HTTP/1.1" 200 11
172.20.0.100 - - [28/Mar/2023:10:07:47 +0800] "POST /xingrg/load_menu.html HTTP/1.1" 200 11529
116.192.124.172 - - [28/Mar/2023:10:07:49 +0800] "GET /xingrg/kc/buy/cgsh_order_operate.html?command=get_materiel&rest_code=00102&code=00101008185&supplier_code=00100008&order_time=2023-03-28 HTTP/1.1" 200 408
101.229.22.234 - - [28/Mar/2023:10:07:51 +0800] "GET /xingrg/all/function/internal_message.html?_=1679969269725&CODE_STATE=getMsg HTTP/1.1" 200 27
172.20.0.100 - - [28/Mar/2023:10:07:51 +0800] "GET /xingrg/system/info/materiel_manager.html HTTP/1.1" 200 19442
172.20.0.100 - - [28/Mar/2023:10:07:51 +0800] "GET /xingrg/dwr/interface/AjaxBaseInfoService.js HTTP/1.1" 200 21363
172.20.0.100 - - [28/Mar/2023:10:07:51 +0800] "GET /xingrg/dwr/interface/AjaxComOrderService.js HTTP/1.1" 200 18264
172.20.0.100 - - [28/Mar/2023:10:07:51 +0800] "GET /xingrg/dwr/engine.js HTTP/1.1" 200 43631
172.20.0.100 - - [28/Mar/2023:10:07:51 +0800] "GET /xingrg/dwr/util.js HTTP/1.1" 200 35990
172.20.0.100 - - [28/Mar/2023:10:07:52 +0800] "POST /xingrg/dwr/call/plaincall/AjaxBaseInfoService.getSubMaterielSorts.dwr HTTP/1.1" 200 219
172.20.0.100 - - [28/Mar/2023:10:07:52 +0800] "POST /xingrg/dwr/call/plaincall/AjaxBaseInfoService.getMateriels.dwr HTTP/1.1" 200 2930
180.169.147.146 - - [28/Mar/2023:10:07:54 +0800] "GET /xingrg/all/function/internal_message.html?_=1679969273541&CODE_STATE=getMsg HTTP/1.1" 200 27
120.253.135.82 - - [28/Mar/2023:10:07:54 +0800] "GET /xingrg/all/function/internal_message.html?_=1679969106176&CODE_STATE=getMsg HTTP/1.1" 200 27
172.20.0.100 - - [28/Mar/2023:10:07:56 +0800] "GET /xingrg/system/info/materiel_change_sort.html?code=01001003 HTTP/1.1" 200 4927
172.20.0.100 - - [28/Mar/2023:10:07:56 +0800] "GET /xingrg/dwr/engine.js HTTP/1.1" 200 43631
45.145.248.50 - - [28/Mar/2023:10:07:58 +0800] "GET / HTTP/1.1" 404 -
116.192.124.172 - - [28/Mar/2023:10:07:58 +0800] "GET /xingrg/kc/buy/cgsh_order_operate.html?command=get_materiel&rest_code=00102&code=00101008010&supplier_code=00100008&order_time=2023-03-28 HTTP/1.1" 200 412
114.83.216.127 - - [28/Mar/2023:10:08:00 +0800] "GET /xingrg/kc/buy/cgsh_order_operate.html?command=get_materiel&rest_code=00149&code=00101009062&supplier_code=00100201&order_time=2023-03-28 HTTP/1.1" 200 412
180.164.3.199 - - [28/Mar/2023:10:08:01 +0800] "GET /xingrg/all/function/internal_message.html?_=1679969281018&CODE_STATE=getMsg HTTP/1.1" 200 27
120.253.135.82 - - [28/Mar/2023:10:08:02 +0800] "GET /xingrg/all/function/internal_message.html?_=1679969413811&CODE_STATE=getMsg HTTP/1.1" 200 27
116.224.158.100 - - [28/Mar/2023:10:08:03 +0800] "GET /xingrg/all/function/internal_message.html?_=1679969283471&CODE_STATE=getMsg HTTP/1.1" 200 27
116.224.158.100 - - [28/Mar/2023:10:08:04 +0800] "GET /xingrg/check_reg.html?_=1679969284111 HTTP/1.1" 200 22
116.192.124.172 - - [28/Mar/2023:10:08:04 +0800] "GET /xingrg/all/function/internal_message.html?_=1679969284616&CODE_STATE=getMsg HTTP/1.1" 200 27
116.192.124.172 - - [28/Mar/2023:10:08:08 +0800] "GET /xingrg/kc/buy/cgsh_order_operate.html?command=get_materiel&rest_code=00102&code=00101008110&supplier_code=00100008&order_time=2023-03-28 HTTP/1.1" 200 409
116.192.124.172 - - [28/Mar/2023:10:08:10 +0800] "POST /xingrg/kc/buy/cgsh_order_operate.html HTTP/1.1" 200 2065
114.83.216.127 - - [28/Mar/2023:10:08:15 +0800] "GET /xingrg/kc/buy/cgsh_order_operate.html?command=get_materiel&rest_code=00149&code=00101008418&supplier_code=00100201&order_time=2023-03-28 HTTP/1.1" 200 412
120.253.135.82 - - [28/Mar/2023:10:08:16 +0800] "POST /xingrg/kc/buy/cgsh_order_operate.html HTTP/1.1" 200 37
116.192.124.172 - - [28/Mar/2023:10:08:17 +0800] "GET /xingrg/kc/buy/cgsh_order_operate.html?command=get_materiel&rest_code=00102&code=00101008038&supplier_code=00100008&order_time=2023-03-28 HTTP/1.1" 200 412
172.20.0.100 - - [28/Mar/2023:10:08:17 +0800] "POST /xingrg/dwr/call/plaincall/AjaxBaseInfoService.getChangeSort.dwr HTTP/1.1" 200 2024
120.253.135.82 - - [28/Mar/2023:10:08:26 +0800] "POST /xingrg/kc/buy/cgsh_order_operate.html HTTP/1.1" 200 12
222.70.168.128 - - [28/Mar/2023:10:08:28 +0800] "GET /xingrg/all/function/internal_message.html?_=1679969313710&CODE_STATE=getMsg HTTP/1.1" 200 27
180.157.253.110 - - [28/Mar/2023:10:08:28 +0800] "GET /xingrg/all/function/internal_message.html?_=1679969308600&CODE_STATE=getMsg HTTP/1.1" 200 27
120.253.135.82 - - [28/Mar/2023:10:08:28 +0800] "GET /xingrg/kc/buy/cgsh_order_info.html?code=212023032810408 HTTP/1.1" 200 63920
114.83.216.127 - - [28/Mar/2023:10:08:29 +0800] "POST /xingrg/kc/buy/cgsh_order_operate.html HTTP/1.1" 200 37
116.192.124.172 - - [28/Mar/2023:10:08:29 +0800] "GET /xingrg/kc/buy/cgsh_order_operate.html?command=get_materiel&rest_code=00102&code=00101008355&supplier_code=00100008&order_time=2023-03-28 HTTP/1.1" 200 408
120.253.135.82 - - [28/Mar/2023:10:08:29 +0800] "GET /xingrg/javascript/easyui/themes/default/validatebox.css HTTP/1.1" 404 1104
120.253.135.82 - - [28/Mar/2023:10:08:30 +0800] "POST /xingrg/kc/buy/cgsh_order_operate.html HTTP/1.1" 200 2440
222.70.182.87 - - [28/Mar/2023:10:08:31 +0800] "GET /xingrg/all/function/internal_message.html?_=1679969310694&CODE_STATE=getMsg HTTP/1.1" 200 27
114.83.216.127 - - [28/Mar/2023:10:08:32 +0800] "GET /xingrg/all/function/internal_message.html?_=1679969310963&CODE_STATE=getMsg HTTP/1.1" 200 27
120.253.135.82 - - [28/Mar/2023:10:08:33 +0800] "GET /xingrg/kc/buy/cgsh_order_add.html HTTP/1.1" 200 69024
120.253.135.82 - - [28/Mar/2023:10:08:34 +0800] "POST /xingrg/kc/buy/cgsh_order_operate.html HTTP/1.1" 200 8245
120.253.135.82 - - [28/Mar/2023:10:08:34 +0800] "GET /xingrg/javascript/easyui/themes/default/validatebox.css HTTP/1.1" 404 1104
114.83.216.127 - - [28/Mar/2023:10:08:35 +0800] "POST /xingrg/kc/buy/cgsh_order_operate.html HTTP/1.1" 200 12
116.238.139.35 - - [28/Mar/2023:10:08:36 +0800] "GET /xingrg/all/function/internal_message.html?_=1679969318143&CODE_STATE=getMsg HTTP/1.1" 200 27
116.238.139.35 - - [28/Mar/2023:10:08:36 +0800] "GET /xingrg/check_reg.html?_=1679969318619 HTTP/1.1" 200 22
114.83.216.127 - - [28/Mar/2023:10:08:37 +0800] "GET /xingrg/kc/buy/cgsh_order_info.html?code=212023032810413 HTTP/1.1" 200 64951
114.83.216.127 - - [28/Mar/2023:10:08:38 +0800] "GET /xingrg/javascript/easyui/themes/default/validatebox.css HTTP/1.1" 404 1104
116.192.124.172 - - [28/Mar/2023:10:08:38 +0800] "GET /xingrg/kc/buy/cgsh_order_operate.html?command=get_materiel&rest_code=00102&code=00101008144&supplier_code=00100008&order_time=2023-03-28 HTTP/1.1" 200 412
114.83.216.127 - - [28/Mar/2023:10:08:39 +0800] "POST /xingrg/kc/buy/cgsh_order_operate.html HTTP/1.1" 200 1794
114.83.216.127 - - [28/Mar/2023:10:08:41 +0800] "GET /xingrg/kc/print/load_data.html?order_code=212023032810413&kc_code=cgsh&condition= HTTP/1.1" 200 1160
120.253.135.82 - - [28/Mar/2023:10:08:42 +0800] "POST /xingrg/all/common/load_combo.html?type=employee HTTP/1.1" 200 1664
116.192.124.172 - - [28/Mar/2023:10:08:46 +0800] "GET /xingrg/kc/buy/cgsh_order_operate.html?command=get_materiel&rest_code=00102&code=00101008264&supplier_code=00100008&order_time=2023-03-28 HTTP/1.1" 200 412
172.20.0.100 - - [28/Mar/2023:10:08:47 +0800] "GET /xingrg/all/function/internal_message.html?_=1679969331309&CODE_STATE=getMsg HTTP/1.1" 200 27
101.229.22.234 - - [28/Mar/2023:10:08:51 +0800] "GET /xingrg/all/function/internal_message.html?_=1679969329722&CODE_STATE=getMsg HTTP/1.1" 200 27
180.169.147.146 - - [28/Mar/2023:10:08:54 +0800] "GET /xingrg/all/function/internal_message.html?_=1679969333554&CODE_STATE=getMsg HTTP/1.1" 200 27
120.253.135.82 - - [28/Mar/2023:10:08:54 +0800] "GET /xingrg/all/function/internal_message.html?_=1679969166191&CODE_STATE=getMsg HTTP/1.1" 200 27
116.192.124.172 - - [28/Mar/2023:10:08:55 +0800] "GET /xingrg/kc/buy/cgsh_order_operate.html?command=get_materiel&rest_code=00102&code=00101008300&supplier_code=00100008&order_time=2023-03-28 HTTP/1.1" 200 412
120.253.135.82 - - [28/Mar/2023:10:08:56 +0800] "GET /xingrg/kc/buy/cgsh_order_operate.html?command=get_materiel&rest_code=00101&code=00101016094&supplier_code=00100592&order_time=2023-03-28 HTTP/1.1" 200 466
120.253.135.82 - - [28/Mar/2023:10:08:58 +0800] "POST /xingrg/all/common/load_select.html HTTP/1.1" 200 25
180.164.3.199 - - [28/Mar/2023:10:09:01 +0800] "GET /xingrg/all/function/internal_message.html?_=1679969341007&CODE_STATE=getMsg HTTP/1.1" 200 27
120.253.135.82 - - [28/Mar/2023:10:09:02 +0800] "GET /xingrg/all/function/internal_message.html?_=1679969473820&CODE_STATE=getMsg HTTP/1.1" 200 27
116.192.124.172 - - [28/Mar/2023:10:09:02 +0800] "POST /xingrg/kc/buy/cgsh_order_operate.html HTTP/1.1" 200 2065
120.253.135.82 - - [28/Mar/2023:10:09:03 +0800] "GET /xingrg/kc/buy/cgsh_order_operate.html?command=get_materiel_price&rest_code=00101&code=00101016094&unit_code=00100161&supplier_code=00100592&order_time=2023-03-28 HTTP/1.1" 200 29
116.224.158.100 - - [28/Mar/2023:10:09:03 +0800] "GET /xingrg/all/function/internal_message.html?_=1679969343444&CODE_STATE=getMsg HTTP/1.1" 200 27
116.192.124.172 - - [28/Mar/2023:10:09:04 +0800] "GET /xingrg/all/function/internal_message.html?_=1679969344622&CODE_STATE=getMsg HTTP/1.1" 200 27
172.20.0.100 - - [28/Mar/2023:10:09:09 +0800] "GET /xingrg/system/info/materiel_change_sort.html?code=01001003 HTTP/1.1" 200 4927
172.20.0.100 - - [28/Mar/2023:10:09:09 +0800] "GET /xingrg/dwr/engine.js HTTP/1.1" 200 43631
116.192.124.172 - - [28/Mar/2023:10:09:09 +0800] "GET /xingrg/kc/buy/cgsh_order_operate.html?command=get_materiel&rest_code=00102&code=00101008077&supplier_code=00100008&order_time=2023-03-28 HTTP/1.1" 200 416
114.83.216.127 - - [28/Mar/2023:10:09:14 +0800] "GET /xingrg/kc/buy/cgsh_order_add.html HTTP/1.1" 200 70049
114.83.216.127 - - [28/Mar/2023:10:09:14 +0800] "POST /xingrg/kc/buy/cgsh_order_operate.html HTTP/1.1" 200 8245
114.83.216.127 - - [28/Mar/2023:10:09:14 +0800] "GET /xingrg/javascript/easyui/themes/default/validatebox.css HTTP/1.1" 404 1104
172.20.0.100 - - [28/Mar/2023:10:09:15 +0800] "POST /xingrg/dwr/call/plaincall/AjaxBaseInfoService.getMateriels.dwr HTTP/1.1" 200 2930
172.20.0.100 - - [28/Mar/2023:10:09:16 +0800] "GET /xingrg/system/info/materiel_sort_info.html?code=root&isAdd=1 HTTP/1.1" 200 3953
172.20.0.100 - - [28/Mar/2023:10:09:16 +0800] "GET /xingrg/dwr/engine.js HTTP/1.1" 200 43631
120.253.135.82 - - [28/Mar/2023:10:09:20 +0800] "POST /xingrg/kc/buy/cgsh_order_operate.html HTTP/1.1" 200 37
172.20.0.100 - - [28/Mar/2023:10:09:21 +0800] "POST /xingrg/dwr/call/plaincall/AjaxBaseInfoService.getSubMaterielSorts.dwr HTTP/1.1" 200 4044
172.20.0.100 - - [28/Mar/2023:10:09:21 +0800] "POST /xingrg/dwr/call/plaincall/AjaxBaseInfoService.getMateriels.dwr HTTP/1.1" 200 2928
172.20.0.100 - - [28/Mar/2023:10:09:21 +0800] "POST /xingrg/dwr/call/plaincall/AjaxBaseInfoService.getMateriels.dwr HTTP/1.1" 200 2928
120.253.135.82 - - [28/Mar/2023:10:09:21 +0800] "POST /xingrg/kc/buy/cgsh_order_operate.html HTTP/1.1" 200 2697
116.192.124.172 - - [28/Mar/2023:10:09:21 +0800] "GET /xingrg/kc/buy/cgsh_order_operate.html?command=get_materiel&rest_code=00102&code=00101008161&supplier_code=00100008&order_time=2023-03-28 HTTP/1.1" 200 409
172.20.0.100 - - [28/Mar/2023:10:09:22 +0800] "POST /xingrg/dwr/call/plaincall/AjaxBaseInfoService.getMateriels.dwr HTTP/1.1" 200 2917
172.20.0.100 - - [28/Mar/2023:10:09:23 +0800] "GET /xingrg/system/info/materiel_info.html?code=00101001&isAdd=1 HTTP/1.1" 200 37210
172.20.0.100 - - [28/Mar/2023:10:09:23 +0800] "GET /xingrg/dwr/interface/AjaxGetFirstChart.js HTTP/1.1" 200 631
172.20.0.100 - - [28/Mar/2023:10:09:23 +0800] "GET /xingrg/dwr/engine.js HTTP/1.1" 200 43631
172.20.0.100 - - [28/Mar/2023:10:09:23 +0800] "POST /xingrg/all/common/load_tree.html?tree=area_rest_tree_json HTTP/1.1" 200 3499
172.20.0.100 - - [28/Mar/2023:10:09:23 +0800] "POST /xingrg/dwr/call/plaincall/AjaxBaseInfoService.getMaterielInfo.dwr HTTP/1.1" 200 204
172.20.0.100 - - [28/Mar/2023:10:09:23 +0800] "POST /xingrg/all/common/load_tree.html?tree=area_rest_tree_json&defaultRests=undefined HTTP/1.1" 200 3499
120.253.135.82 - - [28/Mar/2023:10:09:25 +0800] "GET /xingrg/kc/print/load_data.html?order_code=212023032810414&kc_code=cgsh&condition= HTTP/1.1" 200 712
180.157.253.110 - - [28/Mar/2023:10:09:28 +0800] "GET /xingrg/all/function/internal_message.html?_=1679969368602&CODE_STATE=getMsg HTTP/1.1" 200 27
222.70.168.128 - - [28/Mar/2023:10:09:28 +0800] "GET /xingrg/all/function/internal_message.html?_=1679969373997&CODE_STATE=getMsg HTTP/1.1" 200 27
172.20.0.100 - - [28/Mar/2023:10:09:29 +0800] "POST /xingrg/dwr/call/plaincall/AjaxGetFirstChart.getFirstChart.dwr HTTP/1.1" 200 78
116.192.124.172 - - [28/Mar/2023:10:09:30 +0800] "GET /xingrg/kc/buy/cgsh_order_operate.html?command=get_materiel&rest_code=00102&code=00101008286&supplier_code=00100008&order_time=2023-03-28 HTTP/1.1" 200 408
114.83.216.127 - - [28/Mar/2023:10:09:30 +0800] "GET /xingrg/kc/buy/cgsh_order_operate.html?command=get_materiel&rest_code=00149&code=00101011003&supplier_code=00100051&order_time=2023-03-28 HTTP/1.1" 200 413
172.20.0.100 - - [28/Mar/2023:10:09:31 +0800] "POST /xingrg/dwr/call/plaincall/AjaxBaseInfoService.changeUnitGroup.dwr HTTP/1.1" 200 311
222.70.182.87 - - [28/Mar/2023:10:09:31 +0800] "GET /xingrg/all/function/internal_message.html?_=1679969370695&CODE_STATE=getMsg HTTP/1.1" 200 27
222.70.182.87 - - [28/Mar/2023:10:09:31 +0800] "GET /xingrg/check_reg.html?_=1679969370696 HTTP/1.1" 200 22
114.83.216.127 - - [28/Mar/2023:10:09:32 +0800] "GET /xingrg/check_reg.html?_=1679969370953 HTTP/1.1" 200 22
114.83.216.127 - - [28/Mar/2023:10:09:32 +0800] "GET /xingrg/all/function/internal_message.html?_=1679969370955&CODE_STATE=getMsg HTTP/1.1" 200 27
222.64.60.235 - - [28/Mar/2023:10:09:34 +0800] "POST /xingrg/services/DataTransmitService HTTP/1.1" 200 524
172.20.0.100 - - [28/Mar/2023:10:09:34 +0800] "POST /xingrg/dwr/call/plaincall/AjaxBaseInfoService.saveMateriel.dwr HTTP/1.1" 200 109
172.20.0.100 - - [28/Mar/2023:10:09:35 +0800] "POST /xingrg/dwr/call/plaincall/AjaxBaseInfoService.getMateriels.dwr HTTP/1.1" 200 2917
116.238.139.35 - - [28/Mar/2023:10:09:36 +0800] "GET /xingrg/all/function/internal_message.html?_=1679969378122&CODE_STATE=getMsg HTTP/1.1" 200 27
116.192.124.172 - - [28/Mar/2023:10:09:40 +0800] "GET /xingrg/kc/buy/cgsh_order_operate.html?command=get_materiel&rest_code=00102&code=00101008131&supplier_code=00100008&order_time=2023-03-28 HTTP/1.1" 200 408
222.64.60.235 - - [28/Mar/2023:10:09:42 +0800] "POST /xingrg/services/DataTransmitService HTTP/1.1" 200 501
172.20.0.100 - - [28/Mar/2023:10:09:46 +0800] "POST /xingrg/dwr/call/plaincall/AjaxBaseInfoService.searchMateriels.dwr HTTP/1.1" 200 1230
172.20.0.100 - - [28/Mar/2023:10:09:47 +0800] "GET /xingrg/all/function/internal_message.html?_=1679969391301&CODE_STATE=getMsg HTTP/1.1" 200 27
116.192.124.172 - - [28/Mar/2023:10:09:49 +0800] "GET /xingrg/kc/buy/cgsh_order_operate.html?command=get_materiel&rest_code=00102&code=00101008098&supplier_code=00100008&order_time=2023-03-28 HTTP/1.1" 200 412
101.229.22.234 - - [28/Mar/2023:10:09:51 +0800] "GET /xingrg/all/function/internal_message.html?_=1679969389721&CODE_STATE=getMsg HTTP/1.1" 200 27
101.229.22.234 - - [28/Mar/2023:10:09:51 +0800] "GET /xingrg/check_reg.html?_=1679969389724 HTTP/1.1" 200 22
172.20.0.100 - - [28/Mar/2023:10:09:51 +0800] "GET /xingrg/system/info/materiel_change_sort.html?code=01001307 HTTP/1.1" 200 4923
172.20.0.100 - - [28/Mar/2023:10:09:51 +0800] "GET /xingrg/dwr/engine.js HTTP/1.1" 200 43631
116.192.124.172 - - [28/Mar/2023:10:09:52 +0800] "POST /xingrg/kc/buy/cgsh_order_operate.html HTTP/1.1" 200 2065
180.169.147.146 - - [28/Mar/2023:10:09:54 +0800] "GET /xingrg/all/function/internal_message.html?_=1679969393533&CODE_STATE=getMsg HTTP/1.1" 200 27
120.253.135.82 - - [28/Mar/2023:10:09:54 +0800] "GET /xingrg/all/function/internal_message.html?_=1679969226204&CODE_STATE=getMsg HTTP/1.1" 200 27
172.20.0.100 - - [28/Mar/2023:10:09:54 +0800] "POST /xingrg/dwr/call/plaincall/AjaxBaseInfoService.getChangeSort.dwr HTTP/1.1" 200 2024
114.83.216.127 - - [28/Mar/2023:10:09:55 +0800] "POST /xingrg/kc/buy/cgsh_order_operate.html HTTP/1.1" 200 37
172.20.0.100 - - [28/Mar/2023:10:09:58 +0800] "POST /xingrg/dwr/call/plaincall/AjaxBaseInfoService.saveChangeSort.dwr HTTP/1.1" 200 78
116.192.124.172 - - [28/Mar/2023:10:09:58 +0800] "GET /xingrg/kc/buy/cgsh_order_operate.html?command=get_materiel&rest_code=00102&code=00101008005&supplier_code=00100008&order_time=2023-03-28 HTTP/1.1" 200 412
172.20.0.100 - - [28/Mar/2023:10:09:58 +0800] "POST /xingrg/dwr/call/plaincall/AjaxBaseInfoService.searchMateriels.dwr HTTP/1.1" 200 1230
180.164.3.199 - - [28/Mar/2023:10:10:01 +0800] "GET /xingrg/all/function/internal_message.html?_=1679969401019&CODE_STATE=getMsg HTTP/1.1" 200 27
180.164.3.199 - - [28/Mar/2023:10:10:01 +0800] "GET /xingrg/check_reg.html?_=1679969401023 HTTP/1.1" 200 22
172.20.0.100 - - [28/Mar/2023:10:10:01 +0800] "POST /xingrg/dwr/call/plaincall/AjaxBaseInfoService.searchMateriels.dwr HTTP/1.1" 200 1231
114.83.216.127 - - [28/Mar/2023:10:10:01 +0800] "POST /xingrg/kc/buy/cgsh_order_operate.html HTTP/1.1" 200 12
120.253.135.82 - - [28/Mar/2023:10:10:02 +0800] "GET /xingrg/all/function/internal_message.html?_=1679969533820&CODE_STATE=getMsg HTTP/1.1" 200 27
116.224.158.100 - - [28/Mar/2023:10:10:03 +0800] "GET /xingrg/all/function/internal_message.html?_=1679969403422&CODE_STATE=getMsg HTTP/1.1" 200 27
172.20.0.100 - - [28/Mar/2023:10:10:03 +0800] "POST /xingrg/dwr/call/plaincall/AjaxBaseInfoService.searchMateriels.dwr HTTP/1.1" 200 1231
114.83.216.127 - - [28/Mar/2023:10:10:04 +0800] "GET /xingrg/kc/buy/cgsh_order_info.html?code=212023032810415 HTTP/1.1" 200 64951
114.83.216.127 - - [28/Mar/2023:10:10:04 +0800] "GET /xingrg/words/20230328100934_words.js HTTP/1.1" 200 957918
114.83.216.127 - - [28/Mar/2023:10:10:04 +0800] "GET /xingrg/javascript/easyui/themes/default/validatebox.css HTTP/1.1" 404 1104
116.192.124.172 - - [28/Mar/2023:10:10:04 +0800] "GET /xingrg/check_reg.html?_=1679969404622 HTTP/1.1" 200 22
116.192.124.172 - - [28/Mar/2023:10:10:04 +0800] "GET /xingrg/all/function/internal_message.html?_=1679969404624&CODE_STATE=getMsg HTTP/1.1" 200 27
114.83.216.127 - - [28/Mar/2023:10:10:05 +0800] "POST /xingrg/kc/buy/cgsh_order_operate.html HTTP/1.1" 200 606
116.192.124.172 - - [28/Mar/2023:10:10:06 +0800] "GET /xingrg/kc/buy/cgsh_order_operate.html?command=get_materiel&rest_code=00102&code=00101008353&supplier_code=00100008&order_time=2023-03-28 HTTP/1.1" 200 408
114.83.216.127 - - [28/Mar/2023:10:10:08 +0800] "GET /xingrg/kc/print/load_data.html?order_code=212023032810415&kc_code=cgsh&condition= HTTP/1.1" 200 717
116.192.124.172 - - [28/Mar/2023:10:10:15 +0800] "GET /xingrg/kc/buy/cgsh_order_operate.html?command=get_materiel&rest_code=00102&code=00101008042&supplier_code=00100008&order_time=2023-03-28 HTTP/1.1" 200 416
222.70.168.128 - - [28/Mar/2023:10:10:20 +0800] "GET /xingrg/check_reg.html?_=1679969426112 HTTP/1.1" 200 22
116.192.124.172 - - [28/Mar/2023:10:10:27 +0800] "GET /xingrg/kc/buy/cgsh_order_operate.html?command=get_materiel&rest_code=00102&code=00101008103&supplier_code=00100008&order_time=2023-03-28 HTTP/1.1" 200 417
180.157.253.110 - - [28/Mar/2023:10:10:28 +0800] "GET /xingrg/all/function/internal_message.html?_=1679969428603&CODE_STATE=getMsg HTTP/1.1" 200 27
222.70.168.128 - - [28/Mar/2023:10:10:28 +0800] "GET /xingrg/all/function/internal_message.html?_=1679969434006&CODE_STATE=getMsg HTTP/1.1" 200 27
116.224.158.100 - - [28/Mar/2023:10:10:29 +0800] "POST /xingrg/services/DataTransmitService HTTP/1.1" 200 524
116.224.158.100 - - [28/Mar/2023:10:10:30 +0800] "POST /xingrg/services/DataTransmitService HTTP/1.1" 200 501
222.70.182.87 - - [28/Mar/2023:10:10:31 +0800] "GET /xingrg/all/function/internal_message.html?_=1679969430694&CODE_STATE=getMsg HTTP/1.1" 200 27
114.83.216.127 - - [28/Mar/2023:10:10:32 +0800] "GET /xingrg/all/function/internal_message.html?_=1679969430964&CODE_STATE=getMsg HTTP/1.1" 200 27
114.83.216.127 - - [28/Mar/2023:10:10:32 +0800] "GET /xingrg/kc/buy/cgsh_order_add.html HTTP/1.1" 200 70049
114.83.216.127 - - [28/Mar/2023:10:10:33 +0800] "GET /xingrg/words/20230328100934_words.js HTTP/1.1" 304 -
114.83.216.127 - - [28/Mar/2023:10:10:33 +0800] "POST /xingrg/kc/buy/cgsh_order_operate.html HTTP/1.1" 200 8245
114.83.216.127 - - [28/Mar/2023:10:10:33 +0800] "GET /xingrg/javascript/easyui/themes/default/validatebox.css HTTP/1.1" 404 1104
116.238.139.35 - - [28/Mar/2023:10:10:36 +0800] "GET /xingrg/all/function/internal_message.html?_=1679969438091&CODE_STATE=getMsg HTTP/1.1" 200 27
172.20.0.100 - - [28/Mar/2023:10:10:47 +0800] "GET /xingrg/all/function/internal_message.html?_=1679969451313&CODE_STATE=getMsg HTTP/1.1" 200 27
120.253.135.82 - - [28/Mar/2023:10:10:48 +0800] "POST /xingrg/kc/buy/cgsh_order_operate.html HTTP/1.1" 200 37
114.83.216.127 - - [28/Mar/2023:10:10:49 +0800] "GET /xingrg/kc/buy/cgsh_order_operate.html?command=get_materiel&rest_code=00149&code=00101002034&supplier_code=00100039&order_time=2023-03-28 HTTP/1.1" 200 409
101.229.22.234 - - [28/Mar/2023:10:10:51 +0800] "GET /xingrg/all/function/internal_message.html?_=1679969449724&CODE_STATE=getMsg HTTP/1.1" 200 27
116.192.124.172 - - [28/Mar/2023:10:10:52 +0800] "GET /xingrg/kc/buy/cgsh_order_operate.html?command=get_materiel&rest_code=00102&code=00101008215&supplier_code=00100008&order_time=2023-03-28 HTTP/1.1" 200 413
180.169.147.146 - - [28/Mar/2023:10:10:54 +0800] "GET /xingrg/check_reg.html?_=1679969453559 HTTP/1.1" 200 22
180.169.147.146 - - [28/Mar/2023:10:10:54 +0800] "GET /xingrg/all/function/internal_message.html?_=1679969453553&CODE_STATE=getMsg HTTP/1.1" 200 27
180.164.3.199 - - [28/Mar/2023:10:11:01 +0800] "GET /xingrg/all/function/internal_message.html?_=1679969461022&CODE_STATE=getMsg HTTP/1.1" 200 27
120.253.135.82 - - [28/Mar/2023:10:11:02 +0800] "GET /xingrg/all/function/internal_message.html?_=1679969593826&CODE_STATE=getMsg HTTP/1.1" 200 27
116.224.158.100 - - [28/Mar/2023:10:11:03 +0800] "GET /xingrg/all/function/internal_message.html?_=1679969463391&CODE_STATE=getMsg HTTP/1.1" 200 27
116.192.124.172 - - [28/Mar/2023:10:11:04 +0800] "GET /xingrg/all/function/internal_message.html?_=1679969464618&CODE_STATE=getMsg HTTP/1.1" 200 27
120.253.135.82 - - [28/Mar/2023:10:11:06 +0800] "POST /xingrg/kc/buy/cgsh_order_operate.html HTTP/1.1" 200 12
120.253.135.82 - - [28/Mar/2023:10:11:08 +0800] "GET /xingrg/all/function/internal_message.html?_=1679969300586&CODE_STATE=getMsg HTTP/1.1" 200 27
120.253.135.82 - - [28/Mar/2023:10:11:09 +0800] "GET /xingrg/kc/buy/cgsh_order_info.html?code=212023032810414 HTTP/1.1" 200 63933
120.253.135.82 - - [28/Mar/2023:10:11:10 +0800] "GET /xingrg/words/20230328100934_words.js HTTP/1.1" 200 957918
120.253.135.82 - - [28/Mar/2023:10:11:10 +0800] "GET /xingrg/javascript/easyui/themes/default/validatebox.css HTTP/1.1" 404 1104
114.83.216.127 - - [28/Mar/2023:10:11:11 +0800] "GET /xingrg/kc/buy/cgsh_order_operate.html?command=get_materiel&rest_code=00149&code=00101002027&supplier_code=00100039&order_time=2023-03-28 HTTP/1.1" 200 413
120.253.135.82 - - [28/Mar/2023:10:11:12 +0800] "POST /xingrg/kc/buy/cgsh_order_operate.html HTTP/1.1" 200 647
120.253.135.82 - - [28/Mar/2023:10:11:19 +0800] "GET /xingrg/kc/buy/cgsh_order_info.html?code=212023032810408 HTTP/1.1" 200 63920
120.253.135.82 - - [28/Mar/2023:10:11:19 +0800] "GET /xingrg/javascript/easyui/themes/default/validatebox.css HTTP/1.1" 404 1104
120.253.135.82 - - [28/Mar/2023:10:11:21 +0800] "POST /xingrg/kc/buy/cgsh_order_operate.html HTTP/1.1" 200 2440
172.20.0.100 - - [28/Mar/2023:10:11:23 +0800] "GET /xingrg/check_reg.html?_=1679969487977 HTTP/1.1" 200 22
120.253.135.82 - - [28/Mar/2023:10:11:25 +0800] "POST /xingrg/kc/buy/cgsh_list_operate.html HTTP/1.1" 200 986
180.157.253.110 - - [28/Mar/2023:10:11:28 +0800] "GET /xingrg/check_reg.html?_=1679969488604 HTTP/1.1" 200 22
180.157.253.110 - - [28/Mar/2023:10:11:28 +0800] "GET /xingrg/all/function/internal_message.html?_=1679969488607&CODE_STATE=getMsg HTTP/1.1" 200 27
120.253.135.82 - - [28/Mar/2023:10:11:28 +0800] "GET /xingrg/kc/buy/cgsh_order_add.html HTTP/1.1" 200 69024
222.70.168.128 - - [28/Mar/2023:10:11:28 +0800] "GET /xingrg/all/function/internal_message.html?_=1679969494018&CODE_STATE=getMsg HTTP/1.1" 200 27
120.253.135.82 - - [28/Mar/2023:10:11:28 +0800] "POST /xingrg/kc/buy/cgsh_order_operate.html HTTP/1.1" 200 8245
120.253.135.82 - - [28/Mar/2023:10:11:28 +0800] "GET /xingrg/javascript/easyui/themes/default/validatebox.css HTTP/1.1" 404 1104
124.78.155.10 - - [28/Mar/2023:10:11:29 +0800] "POST /xingrg/services/DataTransmitService HTTP/1.1" 200 524
114.83.216.127 - - [28/Mar/2023:10:11:30 +0800] "GET /xingrg/kc/buy/cgsh_order_operate.html?command=get_materiel&rest_code=00149&code=00101001010&supplier_code=00100039&order_time=2023-03-28 HTTP/1.1" 200 410
222.70.182.87 - - [28/Mar/2023:10:11:31 +0800] "GET /xingrg/all/function/internal_message.html?_=1679969490701&CODE_STATE=getMsg HTTP/1.1" 200 27
114.83.216.127 - - [28/Mar/2023:10:11:32 +0800] "GET /xingrg/all/function/internal_message.html?_=1679969490970&CODE_STATE=getMsg HTTP/1.1" 200 27
120.253.135.82 - - [28/Mar/2023:10:11:33 +0800] "POST /xingrg/all/common/load_combo.html?type=employee HTTP/1.1" 200 1664
116.238.139.35 - - [28/Mar/2023:10:11:36 +0800] "GET /xingrg/all/function/internal_message.html?_=1679969498077&CODE_STATE=getMsg HTTP/1.1" 200 27
124.78.155.10 - - [28/Mar/2023:10:11:44 +0800] "POST /xingrg/services/DataTransmitService HTTP/1.1" 200 501
172.20.0.100 - - [28/Mar/2023:10:11:47 +0800] "GET /xingrg/all/function/internal_message.html?_=1679969511306&CODE_STATE=getMsg HTTP/1.1" 200 27
124.78.155.10 - - [28/Mar/2023:10:11:48 +0800] "POST /xingrg/services/DataTransmitService HTTP/1.1" 200 524
120.253.135.82 - - [28/Mar/2023:10:11:49 +0800] "GET /xingrg/kc/buy/cgsh_order_operate.html?command=get_materiel&rest_code=00101&code=00101036007&supplier_code=00100151&order_time=2023-03-28 HTTP/1.1" 200 430
101.229.22.234 - - [28/Mar/2023:10:11:51 +0800] "GET /xingrg/all/function/internal_message.html?_=1679969509724&CODE_STATE=getMsg HTTP/1.1" 200 27
114.83.216.127 - - [28/Mar/2023:10:11:52 +0800] "GET /xingrg/kc/buy/cgsh_order_operate.html?command=get_materiel&rest_code=00149&code=00101001075&supplier_code=00100039&order_time=2023-03-28 HTTP/1.1" 200 411
180.169.147.146 - - [28/Mar/2023:10:11:54 +0800] "GET /xingrg/all/function/internal_message.html?_=1679969513533&CODE_STATE=getMsg HTTP/1.1" 200 27
180.164.3.199 - - [28/Mar/2023:10:12:01 +0800] "GET /xingrg/all/function/internal_message.html?_=1679969521012&CODE_STATE=getMsg HTTP/1.1" 200 27
116.192.124.172 - - [28/Mar/2023:10:12:01 +0800] "POST /xingrg/kc/buy/cgsh_order_operate.html HTTP/1.1" 200 2065
120.253.135.82 - - [28/Mar/2023:10:12:02 +0800] "GET /xingrg/all/function/internal_message.html?_=1679969653838&CODE_STATE=getMsg HTTP/1.1" 200 27
120.253.135.82 - - [28/Mar/2023:10:12:02 +0800] "GET /xingrg/check_reg.html?_=1679969653842 HTTP/1.1" 200 22
116.224.158.100 - - [28/Mar/2023:10:12:03 +0800] "GET /xingrg/all/function/internal_message.html?_=1679969523361&CODE_STATE=getMsg HTTP/1.1" 200 27
116.192.124.172 - - [28/Mar/2023:10:12:04 +0800] "GET /xingrg/all/function/internal_message.html?_=1679969524617&CODE_STATE=getMsg HTTP/1.1" 200 27
116.192.124.172 - - [28/Mar/2023:10:12:08 +0800] "GET /xingrg/kc/buy/cgsh_order_operate.html?command=get_materiel&rest_code=00102&code=00101008403&supplier_code=00100008&order_time=2023-03-28 HTTP/1.1" 200 412
120.253.135.82 - - [28/Mar/2023:10:12:09 +0800] "GET /xingrg/all/function/internal_message.html?_=1679969360599&CODE_STATE=getMsg HTTP/1.1" 200 27
120.253.135.82 - - [28/Mar/2023:10:12:11 +0800] "POST /xingrg/kc/buy/cgsh_order_operate.html HTTP/1.1" 200 37
114.83.216.127 - - [28/Mar/2023:10:12:15 +0800] "POST /xingrg/kc/buy/cgsh_order_operate.html HTTP/1.1" 200 37
120.253.135.82 - - [28/Mar/2023:10:12:15 +0800] "POST /xingrg/kc/buy/cgsh_order_operate.html HTTP/1.1" 200 2675
120.253.135.82 - - [28/Mar/2023:10:12:15 +0800] "GET /xingrg/check_reg.html?_=1679969366888 HTTP/1.1" 200 22
120.253.135.82 - - [28/Mar/2023:10:12:21 +0800] "GET /xingrg/kc/print/load_data.html?order_code=212023032810416&kc_code=cgsh&condition= HTTP/1.1" 200 674
114.83.216.127 - - [28/Mar/2023:10:12:21 +0800] "POST /xingrg/kc/buy/cgsh_order_operate.html HTTP/1.1" 200 12
114.83.216.127 - - [28/Mar/2023:10:12:24 +0800] "GET /xingrg/kc/buy/cgsh_order_info.html?code=212023032810417 HTTP/1.1" 200 64951
114.83.216.127 - - [28/Mar/2023:10:12:24 +0800] "GET /xingrg/words/20230328100934_words.js HTTP/1.1" 304 -
114.83.216.127 - - [28/Mar/2023:10:12:24 +0800] "GET /xingrg/javascript/easyui/themes/default/validatebox.css HTTP/1.1" 404 1104
114.83.216.127 - - [28/Mar/2023:10:12:25 +0800] "POST /xingrg/kc/buy/cgsh_order_operate.html HTTP/1.1" 200 2381
114.83.216.127 - - [28/Mar/2023:10:12:27 +0800] "GET /xingrg/kc/print/load_data.html?order_code=212023032810417&kc_code=cgsh&condition= HTTP/1.1" 200 1394
180.157.253.110 - - [28/Mar/2023:10:12:28 +0800] "GET /xingrg/all/function/internal_message.html?_=1679969548593&CODE_STATE=getMsg HTTP/1.1" 200 27
222.70.168.128 - - [28/Mar/2023:10:12:28 +0800] "GET /xingrg/all/function/internal_message.html?_=1679969554297&CODE_STATE=getMsg HTTP/1.1" 200 27
222.70.182.87 - - [28/Mar/2023:10:12:31 +0800] "GET /xingrg/all/function/internal_message.html?_=1679969550700&CODE_STATE=getMsg HTTP/1.1" 200 27
114.83.216.127 - - [28/Mar/2023:10:12:32 +0800] "GET /xingrg/all/function/internal_message.html?_=1679969550964&CODE_STATE=getMsg HTTP/1.1" 200 27
116.238.139.35 - - [28/Mar/2023:10:12:36 +0800] "GET /xingrg/all/function/internal_message.html?_=1679969558050&CODE_STATE=getMsg HTTP/1.1" 200 27
172.20.0.100 - - [28/Mar/2023:10:12:47 +0800] "GET /xingrg/check_reg.html?_=1679969571302 HTTP/1.1" 200 22
172.20.0.100 - - [28/Mar/2023:10:12:47 +0800] "GET /xingrg/all/function/internal_message.html?_=1679969571303&CODE_STATE=getMsg HTTP/1.1" 200 27
101.229.22.234 - - [28/Mar/2023:10:12:51 +0800] "GET /xingrg/all/function/internal_message.html?_=1679969569724&CODE_STATE=getMsg HTTP/1.1" 200 27
180.169.147.146 - - [28/Mar/2023:10:12:54 +0800] "GET /xingrg/all/function/internal_message.html?_=1679969573543&CODE_STATE=getMsg HTTP/1.1" 200 27
180.164.3.199 - - [28/Mar/2023:10:13:01 +0800] "GET /xingrg/all/function/internal_message.html?_=1679969581017&CODE_STATE=getMsg HTTP/1.1" 200 27
120.253.135.82 - - [28/Mar/2023:10:13:02 +0800] "GET /xingrg/all/function/internal_message.html?_=1679969713835&CODE_STATE=getMsg HTTP/1.1" 200 27
116.224.158.100 - - [28/Mar/2023:10:13:03 +0800] "GET /xingrg/all/function/internal_message.html?_=1679969583338&CODE_STATE=getMsg HTTP/1.1" 200 27
116.224.158.100 - - [28/Mar/2023:10:13:04 +0800] "GET /xingrg/check_reg.html?_=1679969584116 HTTP/1.1" 200 22
116.192.124.172 - - [28/Mar/2023:10:13:04 +0800] "GET /xingrg/all/function/internal_message.html?_=1679969584620&CODE_STATE=getMsg HTTP/1.1" 200 27
114.83.216.127 - - [28/Mar/2023:10:13:05 +0800] "GET /xingrg/kc/buy/cgsh_order_add.html HTTP/1.1" 200 70049
114.83.216.127 - - [28/Mar/2023:10:13:05 +0800] "GET /xingrg/words/20230328100934_words.js HTTP/1.1" 304 -
114.83.216.127 - - [28/Mar/2023:10:13:06 +0800] "POST /xingrg/kc/buy/cgsh_order_operate.html HTTP/1.1" 200 8245
114.83.216.127 - - [28/Mar/2023:10:13:06 +0800] "GET /xingrg/javascript/easyui/themes/default/validatebox.css HTTP/1.1" 404 1104
120.253.135.82 - - [28/Mar/2023:10:13:09 +0800] "GET /xingrg/all/function/internal_message.html?_=1679969420805&CODE_STATE=getMsg HTTP/1.1" 200 27
124.78.155.10 - - [28/Mar/2023:10:13:18 +0800] "POST /xingrg/services/DataTransmitService HTTP/1.1" 200 501
124.78.155.10 - - [28/Mar/2023:10:13:20 +0800] "POST /xingrg/services/DataTransmitService HTTP/1.1" 200 501
180.157.253.110 - - [28/Mar/2023:10:13:28 +0800] "GET /xingrg/all/function/internal_message.html?_=1679969608595&CODE_STATE=getMsg HTTP/1.1" 200 27
222.70.168.128 - - [28/Mar/2023:10:13:28 +0800] "GET /xingrg/all/function/internal_message.html?_=1679969614308&CODE_STATE=getMsg HTTP/1.1" 200 27
222.70.182.87 - - [28/Mar/2023:10:13:31 +0800] "GET /xingrg/all/function/internal_message.html?_=1679969610698&CODE_STATE=getMsg HTTP/1.1" 200 27
114.83.216.127 - - [28/Mar/2023:10:13:32 +0800] "GET /xingrg/all/function/internal_message.html?_=1679969610960&CODE_STATE=getMsg HTTP/1.1" 200 27
172.20.0.100 - - [28/Mar/2023:10:13:35 +0800] "POST /xingrg/dwr/call/plaincall/AjaxBaseInfoService.getMateriels.dwr HTTP/1.1" 200 2918
172.20.0.100 - - [28/Mar/2023:10:13:36 +0800] "POST /xingrg/dwr/call/plaincall/AjaxBaseInfoService.getMateriels.dwr HTTP/1.1" 200 2992
116.238.139.35 - - [28/Mar/2023:10:13:36 +0800] "GET /xingrg/all/function/internal_message.html?_=1679969618020&CODE_STATE=getMsg HTTP/1.1" 200 27
116.238.139.35 - - [28/Mar/2023:10:13:36 +0800] "GET /xingrg/check_reg.html?_=1679969618601 HTTP/1.1" 200 22
114.83.216.127 - - [28/Mar/2023:10:13:37 +0800] "GET /xingrg/kc/buy/cgsh_order_operate.html?command=get_materiel&rest_code=00149&code=00101028011&supplier_code=00100019&order_time=2023-03-28 HTTP/1.1" 200 454
172.20.0.100 - - [28/Mar/2023:10:13:37 +0800] "POST /xingrg/dwr/call/plaincall/AjaxBaseInfoService.getMateriels.dwr HTTP/1.1" 200 2918
124.78.155.10 - - [28/Mar/2023:10:13:45 +0800] "POST /xingrg/services/DataTransmitService HTTP/1.1" 200 501
172.20.0.100 - - [28/Mar/2023:10:13:47 +0800] "GET /xingrg/all/function/internal_message.html?_=1679969631312&CODE_STATE=getMsg HTTP/1.1" 200 27
120.253.135.82 - - [28/Mar/2023:10:13:50 +0800] "POST /xingrg/kc/buy/cgsh_order_operate.html HTTP/1.1" 200 37
101.229.22.234 - - [28/Mar/2023:10:13:51 +0800] "GET /xingrg/all/function/internal_message.html?_=1679969629723&CODE_STATE=getMsg HTTP/1.1" 200 27
180.169.147.146 - - [28/Mar/2023:10:13:54 +0800] "GET /xingrg/all/function/internal_message.html?_=1679969633533&CODE_STATE=getMsg HTTP/1.1" 200 27
180.164.3.199 - - [28/Mar/2023:10:14:01 +0800] "GET /xingrg/all/function/internal_message.html?_=1679969641010&CODE_STATE=getMsg HTTP/1.1" 200 27
172.20.0.100 - - [28/Mar/2023:10:14:01 +0800] "POST /xingrg/dwr/call/plaincall/AjaxBaseInfoService.getMateriels.dwr HTTP/1.1" 200 2929
120.253.135.82 - - [28/Mar/2023:10:14:01 +0800] "POST /xingrg/kc/buy/cgsh_order_operate.html HTTP/1.1" 200 12
120.253.135.82 - - [28/Mar/2023:10:14:02 +0800] "GET /xingrg/all/function/internal_message.html?_=1679969773838&CODE_STATE=getMsg HTTP/1.1" 200 27
172.20.0.100 - - [28/Mar/2023:10:14:03 +0800] "POST /xingrg/dwr/call/plaincall/AjaxBaseInfoService.getSubMaterielSorts.dwr HTTP/1.1" 200 3803
116.224.158.100 - - [28/Mar/2023:10:14:03 +0800] "GET /xingrg/all/function/internal_message.html?_=1679969643316&CODE_STATE=getMsg HTTP/1.1" 200 27
172.20.0.100 - - [28/Mar/2023:10:14:03 +0800] "POST /xingrg/dwr/call/plaincall/AjaxBaseInfoService.getMateriels.dwr HTTP/1.1" 200 3021
116.192.124.172 - - [28/Mar/2023:10:14:04 +0800] "GET /xingrg/all/function/internal_message.html?_=1679969644618&CODE_STATE=getMsg HTTP/1.1" 200 27
172.20.0.100 - - [28/Mar/2023:10:14:04 +0800] "POST /xingrg/dwr/call/plaincall/AjaxBaseInfoService.getMateriels.dwr HTTP/1.1" 200 3010
120.253.135.82 - - [28/Mar/2023:10:14:05 +0800] "GET /xingrg/kc/buy/cgsh_order_info.html?code=212023032810416 HTTP/1.1" 200 63917
120.253.135.82 - - [28/Mar/2023:10:14:07 +0800] "GET /xingrg/javascript/easyui/themes/default/validatebox.css HTTP/1.1" 404 1104
116.192.124.172 - - [28/Mar/2023:10:14:07 +0800] "GET /xingrg/kc/buy/cgsh_order_operate.html?command=get_materiel&rest_code=00102&code=00101008163&supplier_code=00100008&order_time=2023-03-28 HTTP/1.1" 200 409
120.253.135.82 - - [28/Mar/2023:10:14:07 +0800] "POST /xingrg/kc/buy/cgsh_order_operate.html HTTP/1.1" 200 625
120.253.135.82 - - [28/Mar/2023:10:14:09 +0800] "GET /xingrg/all/function/internal_message.html?_=1679969480813&CODE_STATE=getMsg HTTP/1.1" 200 27
124.78.155.10 - - [28/Mar/2023:10:14:13 +0800] "POST /xingrg/services/DataTransmitService HTTP/1.1" 200 501
124.78.155.10 - - [28/Mar/2023:10:14:15 +0800] "POST /xingrg/services/DataTransmitService HTTP/1.1" 200 501
124.78.155.10 - - [28/Mar/2023:10:14:15 +0800] "POST /xingrg/services/DataTransmitService HTTP/1.1" 200 501
120.253.135.82 - - [28/Mar/2023:10:14:23 +0800] "POST /xingrg/kc/buy/cgsh_list_operate.html HTTP/1.1" 200 986
124.78.155.10 - - [28/Mar/2023:10:14:24 +0800] "POST /xingrg/services/DataTransmitService HTTP/1.1" 200 501
124.78.155.10 - - [28/Mar/2023:10:14:26 +0800] "POST /xingrg/services/DataTransmitService HTTP/1.1" 200 501
139.227.99.161 - - [28/Mar/2023:10:14:26 +0800] "GET /favicon.ico HTTP/1.1" 404 -
120.253.135.82 - - [28/Mar/2023:10:14:27 +0800] "GET /xingrg/kc/buy/cgsh_order_add.html HTTP/1.1" 200 69024
120.253.135.82 - - [28/Mar/2023:10:14:27 +0800] "POST /xingrg/kc/buy/cgsh_order_operate.html HTTP/1.1" 200 8245
120.253.135.82 - - [28/Mar/2023:10:14:28 +0800] "GET /xingrg/javascript/easyui/themes/default/validatebox.css HTTP/1.1" 404 1104
180.157.253.110 - - [28/Mar/2023:10:14:28 +0800] "GET /xingrg/all/function/internal_message.html?_=1679969668594&CODE_STATE=getMsg HTTP/1.1" 200 27
124.78.155.10 - - [28/Mar/2023:10:14:28 +0800] "POST /xingrg/services/DataTransmitService HTTP/1.1" 200 501
222.70.168.128 - - [28/Mar/2023:10:14:29 +0800] "GET /xingrg/all/function/internal_message.html?_=1679969674674&CODE_STATE=getMsg HTTP/1.1" 200 27
139.227.99.161 - - [28/Mar/2023:10:14:29 +0800] "GET /favicon.ico HTTP/1.1" 404 -
124.78.155.10 - - [28/Mar/2023:10:14:30 +0800] "POST /xingrg/services/DataTransmitService HTTP/1.1" 200 412
116.192.124.172 - - [28/Mar/2023:10:14:31 +0800] "GET /xingrg/javascript/easyui/themes/default/images/button_plain_hover.png HTTP/1.1" 200 144
222.70.182.87 - - [28/Mar/2023:10:14:31 +0800] "GET /xingrg/check_reg.html?_=1679969670699 HTTP/1.1" 200 22
222.70.182.87 - - [28/Mar/2023:10:14:31 +0800] "GET /xingrg/all/function/internal_message.html?_=1679969670701&CODE_STATE=getMsg HTTP/1.1" 200 27
114.83.216.127 - - [28/Mar/2023:10:14:32 +0800] "GET /xingrg/check_reg.html?_=1679969670970 HTTP/1.1" 200 22
114.83.216.127 - - [28/Mar/2023:10:14:32 +0800] "GET /xingrg/all/function/internal_message.html?_=1679969670986&CODE_STATE=getMsg HTTP/1.1" 200 27
116.238.139.35 - - [28/Mar/2023:10:14:36 +0800] "GET /xingrg/all/function/internal_message.html?_=1679969677993&CODE_STATE=getMsg HTTP/1.1" 200 27
120.253.135.82 - - [28/Mar/2023:10:14:38 +0800] "POST /xingrg/all/common/load_combo.html?type=employee HTTP/1.1" 200 1664
116.192.124.172 - - [28/Mar/2023:10:14:41 +0800] "POST /xingrg/kc/buy/cgsh_order_operate.html HTTP/1.1" 200 37
116.192.124.172 - - [28/Mar/2023:10:14:43 +0800] "POST /xingrg/kc/buy/cgsh_order_operate.html HTTP/1.1" 200 25192
172.20.0.100 - - [28/Mar/2023:10:14:47 +0800] "GET /xingrg/all/function/internal_message.html?_=1679969691303&CODE_STATE=getMsg HTTP/1.1" 200 27
