120.253.135.82 - - [28/Mar/2023:13:10:25 +0800] "GET /xingrg/javascript/easyui/themes/default/validatebox.css HTTP/1.1" 404 1104
120.253.135.82 - - [28/Mar/2023:13:10:26 +0800] "GET /xingrg/all/common/auto_word.html?type=base&rest_code=00101 HTTP/1.1" 200 671
120.253.135.82 - - [28/Mar/2023:13:10:26 +0800] "POST /xingrg/kc/pszx/mdps_order_operate.html HTTP/1.1" 200 8321
222.70.182.87 - - [28/Mar/2023:13:10:31 +0800] "GET /xingrg/kc/buy/cgsh_order_operate.html?command=get_materiel&rest_code=00111&code=00101008350&supplier_code=00100005&order_time=2023-03-28 HTTP/1.1" 200 408
180.162.110.158 - - [28/Mar/2023:13:10:32 +0800] "GET /xingrg/all/function/internal_message.html?_=1679979126611&CODE_STATE=getMsg HTTP/1.1" 200 27
116.224.158.100 - - [28/Mar/2023:13:10:33 +0800] "POST /xingrg/services/DataTransmitService HTTP/1.1" 200 524
116.224.158.100 - - [28/Mar/2023:13:10:34 +0800] "POST /xingrg/services/DataTransmitService HTTP/1.1" 200 501
116.224.158.100 - - [28/Mar/2023:13:10:35 +0800] "POST /xingrg/services/DataTransmitService HTTP/1.1" 200 501
116.224.158.100 - - [28/Mar/2023:13:10:36 +0800] "POST /xingrg/services/DataTransmitService HTTP/1.1" 200 501
116.224.158.100 - - [28/Mar/2023:13:10:37 +0800] "POST /xingrg/services/DataTransmitService HTTP/1.1" 200 501
180.169.147.146 - - [28/Mar/2023:13:10:37 +0800] "GET /xingrg/all/function/internal_message.html?_=1679980236790&CODE_STATE=getMsg HTTP/1.1" 200 27
116.224.158.100 - - [28/Mar/2023:13:10:37 +0800] "POST /xingrg/services/DataTransmitService HTTP/1.1" 200 501
180.169.147.146 - - [28/Mar/2023:13:10:38 +0800] "GET /xingrg/all/function/internal_message.html?_=1679980237155&CODE_STATE=getMsg HTTP/1.1" 200 27
116.224.158.100 - - [28/Mar/2023:13:10:38 +0800] "POST /xingrg/services/DataTransmitService HTTP/1.1" 200 501
180.169.147.146 - - [28/Mar/2023:13:10:39 +0800] "GET /xingrg/check_reg.html?_=1679980238582 HTTP/1.1" 200 22
116.224.158.100 - - [28/Mar/2023:13:10:39 +0800] "POST /xingrg/services/DataTransmitService HTTP/1.1" 200 412
222.70.168.128 - - [28/Mar/2023:13:10:43 +0800] "GET /xingrg/kc/buy/cgsh_order_list.html HTTP/1.1" 200 54185
116.224.106.218 - - [28/Mar/2023:13:10:44 +0800] "GET /xingrg/all/function/internal_message.html?_=1679980243643&CODE_STATE=getMsg HTTP/1.1" 200 27
222.70.182.87 - - [28/Mar/2023:13:10:44 +0800] "GET /xingrg/kc/buy/cgsh_order_operate.html?command=get_materiel&rest_code=00111&code=00101008150&supplier_code=00100005&order_time=2023-03-28 HTTP/1.1" 200 409
172.20.0.100 - - [28/Mar/2023:13:10:47 +0800] "GET /xingrg/all/function/internal_message.html?_=1679980251549&CODE_STATE=getMsg HTTP/1.1" 200 27
114.83.216.127 - - [28/Mar/2023:13:10:47 +0800] "GET /xingrg/all/function/internal_message.html?_=1679980245977&CODE_STATE=getMsg HTTP/1.1" 200 27
180.169.147.146 - - [28/Mar/2023:13:10:50 +0800] "GET /xingrg/all/function/internal_message.html?_=1679980250316&CODE_STATE=getMsg HTTP/1.1" 200 27
180.169.147.146 - - [28/Mar/2023:13:10:50 +0800] "GET /xingrg/check_reg.html?_=1679980250318 HTTP/1.1" 200 22
101.229.22.234 - - [28/Mar/2023:13:10:51 +0800] "GET /xingrg/all/function/internal_message.html?_=1679980250029&CODE_STATE=getMsg HTTP/1.1" 200 27
222.70.182.87 - - [28/Mar/2023:13:10:52 +0800] "GET /xingrg/kc/buy/cgsh_order_operate.html?command=get_materiel&rest_code=00111&code=00101008077&supplier_code=00100005&order_time=2023-03-28 HTTP/1.1" 200 416
222.70.168.128 - - [28/Mar/2023:13:10:53 +0800] "POST /xingrg/kc/buy/cgsh_list_operate.html HTTP/1.1" 200 4020
180.169.147.146 - - [28/Mar/2023:13:10:54 +0800] "GET /xingrg/check_reg.html?_=1679980253552 HTTP/1.1" 302 -
180.169.147.146 - - [28/Mar/2023:13:10:54 +0800] "GET /xingrg/all/function/internal_message.html?_=1679980253554&CODE_STATE=getMsg HTTP/1.1" 302 -
116.238.139.35 - - [28/Mar/2023:13:10:57 +0800] "GET /xingrg/all/function/internal_message.html?_=1679980258821&CODE_STATE=getMsg HTTP/1.1" 200 27
222.70.168.128 - - [28/Mar/2023:13:10:57 +0800] "GET /xingrg/all/function/internal_message.html?_=1679980263620&CODE_STATE=getMsg HTTP/1.1" 200 27
120.253.135.82 - - [28/Mar/2023:13:10:57 +0800] "GET /xingrg/all/function/internal_message.html?_=1679980389044&CODE_STATE=getMsg HTTP/1.1" 200 27
120.253.135.82 - - [28/Mar/2023:13:10:59 +0800] "GET /xingrg/all/function/internal_message.html?_=1679980091128&CODE_STATE=getMsg HTTP/1.1" 200 27
116.224.158.100 - - [28/Mar/2023:13:10:59 +0800] "GET /xingrg/all/function/internal_message.html?_=1679980259272&CODE_STATE=getMsg HTTP/1.1" 200 27
120.253.135.82 - - [28/Mar/2023:13:10:59 +0800] "POST /xingrg/kc/pszx/mdps_list_operate.html HTTP/1.1" 200 5369
180.164.3.199 - - [28/Mar/2023:13:11:01 +0800] "GET /xingrg/all/function/internal_message.html?_=1679980261017&CODE_STATE=getMsg HTTP/1.1" 200 27
222.70.182.87 - - [28/Mar/2023:13:11:02 +0800] "GET /xingrg/kc/buy/cgsh_order_operate.html?command=get_materiel&rest_code=00111&code=00101008172&supplier_code=00100005&order_time=2023-03-28 HTTP/1.1" 200 412
120.253.135.82 - - [28/Mar/2023:13:11:03 +0800] "POST /xingrg/kc/pszx/mdps_list_operate.html HTTP/1.1" 200 203
116.238.139.35 - - [28/Mar/2023:13:11:04 +0800] "POST /xingrg/all/common/load_select.html HTTP/1.1" 200 25
222.70.182.87 - - [28/Mar/2023:13:11:04 +0800] "POST /xingrg/kc/buy/cgsh_order_operate.html HTTP/1.1" 200 2065
120.253.135.82 - - [28/Mar/2023:13:11:06 +0800] "POST /xingrg/kc/pszx/mdps_list_operate.html HTTP/1.1" 200 660
120.253.135.82 - - [28/Mar/2023:13:11:07 +0800] "GET /xingrg/kc/pszx/mdps_order_info.html?code=312023032800628 HTTP/1.1" 200 23982
120.253.135.82 - - [28/Mar/2023:13:11:07 +0800] "GET /xingrg/javascript/easyui/themes/default/validatebox.css HTTP/1.1" 404 1104
120.253.135.82 - - [28/Mar/2023:13:11:07 +0800] "GET /xingrg/all/common/auto_word.html?type=base&rest_code=00101 HTTP/1.1" 200 671
120.253.135.82 - - [28/Mar/2023:13:11:07 +0800] "POST /xingrg/kc/pszx/mdps_order_operate.html HTTP/1.1" 200 12070
222.70.182.87 - - [28/Mar/2023:13:11:08 +0800] "GET /xingrg/all/function/internal_message.html?_=1679980267645&CODE_STATE=getMsg HTTP/1.1" 200 27
116.238.139.35 - - [28/Mar/2023:13:11:09 +0800] "GET /xingrg/kc/buy/cgsh_order_operate.html?command=get_materiel_price&rest_code=00150&code=00101029116&unit_code=00100630&supplier_code=00100017&order_time=2023-03-28 HTTP/1.1" 200 27
124.79.72.155 - - [28/Mar/2023:13:11:15 +0800] "GET /xingrg/all/function/internal_message.html?_=1679980280234&CODE_STATE=getMsg HTTP/1.1" 200 27
124.79.72.155 - - [28/Mar/2023:13:11:15 +0800] "GET /xingrg/check_reg.html?_=1679980280244 HTTP/1.1" 200 22
222.70.168.128 - - [28/Mar/2023:13:11:16 +0800] "POST /xingrg/kc/buy/cgsh_list_operate.html HTTP/1.1" 200 4020
222.70.182.87 - - [28/Mar/2023:13:11:19 +0800] "GET /xingrg/kc/buy/cgsh_order_operate.html?command=get_materiel&rest_code=00111&code=00101008114&supplier_code=00100005&order_time=2023-03-28 HTTP/1.1" 200 413
222.70.168.128 - - [28/Mar/2023:13:11:19 +0800] "GET /xingrg/kc/buy/cgsh_order_add.html HTTP/1.1" 200 69961
222.70.168.128 - - [28/Mar/2023:13:11:19 +0800] "POST /xingrg/kc/buy/cgsh_order_operate.html HTTP/1.1" 200 8245
222.70.168.128 - - [28/Mar/2023:13:11:19 +0800] "GET /xingrg/javascript/easyui/themes/default/validatebox.css HTTP/1.1" 404 1104
172.20.0.100 - - [28/Mar/2023:13:11:22 +0800] "GET /xingrg/check_reg.html?_=1679980287307 HTTP/1.1" 200 22
180.157.253.110 - - [28/Mar/2023:13:11:23 +0800] "GET /xingrg/all/function/internal_message.html?_=1679980284114&CODE_STATE=getMsg HTTP/1.1" 200 27
222.70.182.87 - - [28/Mar/2023:13:11:27 +0800] "GET /xingrg/kc/buy/cgsh_order_operate.html?command=get_materiel&rest_code=00111&code=00101008061&supplier_code=00100005&order_time=2023-03-28 HTTP/1.1" 200 422
222.70.168.128 - - [28/Mar/2023:13:11:30 +0800] "GET /xingrg/kc/buy/cgsh_order_operate.html?command=get_materiel&rest_code=00146&code=00101022091&supplier_code=&order_time=2023-03-28 HTTP/1.1" 200 442
180.162.110.158 - - [28/Mar/2023:13:11:32 +0800] "GET /xingrg/all/function/internal_message.html?_=1679979186596&CODE_STATE=getMsg HTTP/1.1" 200 27
180.169.147.146 - - [28/Mar/2023:13:11:37 +0800] "GET /xingrg/all/function/internal_message.html?_=1679980296769&CODE_STATE=getMsg HTTP/1.1" 200 27
180.169.147.146 - - [28/Mar/2023:13:11:38 +0800] "GET /xingrg/all/function/internal_message.html?_=1679980297154&CODE_STATE=getMsg HTTP/1.1" 200 27
116.224.106.218 - - [28/Mar/2023:13:11:44 +0800] "GET /xingrg/all/function/internal_message.html?_=1679980303645&CODE_STATE=getMsg HTTP/1.1" 200 27
222.70.182.87 - - [28/Mar/2023:13:11:44 +0800] "POST /xingrg/kc/buy/cgsh_order_operate.html HTTP/1.1" 200 37
116.238.139.35 - - [28/Mar/2023:13:11:45 +0800] "GET /xingrg/kc/buy/cgsh_order_operate.html?command=get_materiel&rest_code=00150&code=00101029118&supplier_code=00100017&order_time=2023-03-28 HTTP/1.1" 200 428
172.20.0.100 - - [28/Mar/2023:13:11:47 +0800] "GET /xingrg/all/function/internal_message.html?_=1679980311547&CODE_STATE=getMsg HTTP/1.1" 200 27
116.238.139.35 - - [28/Mar/2023:13:11:47 +0800] "POST /xingrg/all/common/load_select.html HTTP/1.1" 200 25
222.70.182.87 - - [28/Mar/2023:13:11:47 +0800] "POST /xingrg/kc/buy/cgsh_order_operate.html HTTP/1.1" 200 23982
114.83.216.127 - - [28/Mar/2023:13:11:47 +0800] "GET /xingrg/all/function/internal_message.html?_=1679980305977&CODE_STATE=getMsg HTTP/1.1" 200 27
114.83.216.127 - - [28/Mar/2023:13:11:47 +0800] "GET /xingrg/check_reg.html?_=1679980305979 HTTP/1.1" 200 22
222.70.168.128 - - [28/Mar/2023:13:11:48 +0800] "GET /xingrg/kc/base/wldb_order_list.html HTTP/1.1" 200 19104
222.70.168.128 - - [28/Mar/2023:13:11:48 +0800] "POST /xingrg/kc/base/wldb_list_operate.html HTTP/1.1" 200 928
222.70.182.87 - - [28/Mar/2023:13:11:49 +0800] "GET /xingrg/kc/print/load_data.html?order_code=212023032810490&kc_code=cgsh&condition= HTTP/1.1" 200 8810
180.169.147.146 - - [28/Mar/2023:13:11:50 +0800] "GET /xingrg/all/function/internal_message.html?_=1679980310295&CODE_STATE=getMsg HTTP/1.1" 200 27
222.70.168.128 - - [28/Mar/2023:13:11:50 +0800] "GET /xingrg/kc/base/wldb_order_add.html HTTP/1.1" 200 30387
222.70.168.128 - - [28/Mar/2023:13:11:51 +0800] "POST /xingrg/kc/base/wldb_order_operate.html HTTP/1.1" 200 6806
116.238.139.35 - - [28/Mar/2023:13:11:51 +0800] "GET /xingrg/kc/buy/cgsh_order_operate.html?command=get_materiel_price&rest_code=00150&code=00101029118&unit_code=00100157&supplier_code=00100017&order_time=2023-03-28 HTTP/1.1" 200 28
222.70.168.128 - - [28/Mar/2023:13:11:51 +0800] "GET /xingrg/javascript/easyui/themes/default/validatebox.css HTTP/1.1" 404 1104
101.229.22.234 - - [28/Mar/2023:13:11:51 +0800] "GET /xingrg/all/function/internal_message.html?_=1679980310043&CODE_STATE=getMsg HTTP/1.1" 200 27
180.169.147.146 - - [28/Mar/2023:13:11:54 +0800] "GET /xingrg/all/function/internal_message.html?_=1679980313551&CODE_STATE=getMsg HTTP/1.1" 302 -
222.70.182.87 - - [28/Mar/2023:13:11:55 +0800] "GET /xingrg/kc/buy/cgsh_order_add.html HTTP/1.1" 200 69917
222.70.182.87 - - [28/Mar/2023:13:11:55 +0800] "POST /xingrg/kc/buy/cgsh_order_operate.html HTTP/1.1" 200 8245
222.70.182.87 - - [28/Mar/2023:13:11:55 +0800] "GET /xingrg/javascript/easyui/themes/default/validatebox.css HTTP/1.1" 404 1104
120.253.135.82 - - [28/Mar/2023:13:11:56 +0800] "POST /xingrg/kc/pszx/mdps_order_operate.html HTTP/1.1" 200 37
116.238.139.35 - - [28/Mar/2023:13:11:57 +0800] "GET /xingrg/all/function/internal_message.html?_=1679980318828&CODE_STATE=getMsg HTTP/1.1" 200 27
222.70.168.128 - - [28/Mar/2023:13:11:57 +0800] "GET /xingrg/all/function/internal_message.html?_=1679980323621&CODE_STATE=getMsg HTTP/1.1" 200 27
120.253.135.82 - - [28/Mar/2023:13:11:59 +0800] "GET /xingrg/all/function/internal_message.html?_=1679980151142&CODE_STATE=getMsg HTTP/1.1" 200 27
116.224.158.100 - - [28/Mar/2023:13:11:59 +0800] "GET /xingrg/all/function/internal_message.html?_=1679980319241&CODE_STATE=getMsg HTTP/1.1" 200 27
116.238.139.35 - - [28/Mar/2023:13:11:59 +0800] "GET /xingrg/kc/buy/cgsh_order_operate.html?command=get_materiel&rest_code=00150&code=00101029002&supplier_code=00100017&order_time=2023-03-28 HTTP/1.1" 200 450
222.70.168.128 - - [28/Mar/2023:13:11:59 +0800] "GET /xingrg/kc/base/wldb_order_operate.html?command=get_materiel&rest_code=00146&base_code=&code=00101022091 HTTP/1.1" 200 462
180.164.3.199 - - [28/Mar/2023:13:12:01 +0800] "GET /xingrg/all/function/internal_message.html?_=1679980321013&CODE_STATE=getMsg HTTP/1.1" 200 27
120.253.135.82 - - [28/Mar/2023:13:12:02 +0800] "GET /xingrg/all/function/internal_message.html?_=1679980454072&CODE_STATE=getMsg HTTP/1.1" 200 27
120.253.135.82 - - [28/Mar/2023:13:12:03 +0800] "GET /xingrg/kc/pszx/mdps_order_info.html?code=312023032800628 HTTP/1.1" 200 23982
120.253.135.82 - - [28/Mar/2023:13:12:03 +0800] "GET /xingrg/javascript/easyui/themes/default/validatebox.css HTTP/1.1" 404 1104
120.253.135.82 - - [28/Mar/2023:13:12:03 +0800] "GET /xingrg/all/common/auto_word.html?type=base&rest_code=00101 HTTP/1.1" 200 671
120.253.135.82 - - [28/Mar/2023:13:12:03 +0800] "POST /xingrg/kc/pszx/mdps_order_operate.html HTTP/1.1" 200 12070
222.70.182.87 - - [28/Mar/2023:13:12:06 +0800] "GET /xingrg/kc/buy/cgsh_order_operate.html?command=get_materiel&rest_code=00111&code=00101010839&supplier_code=00100037&order_time=2023-03-28 HTTP/1.1" 200 409
222.70.182.87 - - [28/Mar/2023:13:12:08 +0800] "GET /xingrg/all/function/internal_message.html?_=1679980327642&CODE_STATE=getMsg HTTP/1.1" 200 27
116.238.139.35 - - [28/Mar/2023:13:12:09 +0800] "POST /xingrg/kc/buy/cgsh_order_operate.html HTTP/1.1" 200 37
222.70.182.87 - - [28/Mar/2023:13:12:14 +0800] "GET /xingrg/kc/buy/cgsh_order_operate.html?command=get_materiel&rest_code=00111&code=00101012002&supplier_code=00100037&order_time=2023-03-28 HTTP/1.1" 200 419
124.79.72.155 - - [28/Mar/2023:13:12:15 +0800] "GET /xingrg/all/function/internal_message.html?_=1679980340228&CODE_STATE=getMsg HTTP/1.1" 200 27
180.157.253.110 - - [28/Mar/2023:13:12:23 +0800] "GET /xingrg/all/function/internal_message.html?_=1679980344106&CODE_STATE=getMsg HTTP/1.1" 200 27
120.253.135.82 - - [28/Mar/2023:13:12:25 +0800] "POST /xingrg/kc/pszx/mdps_list_operate.html HTTP/1.1" 200 5369
120.253.135.82 - - [28/Mar/2023:13:12:26 +0800] "POST /xingrg/kc/pszx/mdps_list_operate.html HTTP/1.1" 200 589
120.253.135.82 - - [28/Mar/2023:13:12:29 +0800] "GET /xingrg/kc/pszx/mdps_order_info.html?code=312023032800629 HTTP/1.1" 200 23982
120.253.135.82 - - [28/Mar/2023:13:12:29 +0800] "GET /xingrg/javascript/easyui/themes/default/validatebox.css HTTP/1.1" 404 1104
120.253.135.82 - - [28/Mar/2023:13:12:29 +0800] "GET /xingrg/all/common/auto_word.html?type=base&rest_code=00101 HTTP/1.1" 200 671
116.238.139.35 - - [28/Mar/2023:13:12:32 +0800] "POST /xingrg/kc/buy/cgsh_order_operate.html HTTP/1.1" 200 12
120.253.135.82 - - [28/Mar/2023:13:12:32 +0800] "POST /xingrg/kc/pszx/mdps_order_operate.html HTTP/1.1" 200 6776
180.162.110.158 - - [28/Mar/2023:13:12:32 +0800] "GET /xingrg/all/function/internal_message.html?_=1679979246610&CODE_STATE=getMsg HTTP/1.1" 200 27
116.238.139.35 - - [28/Mar/2023:13:12:34 +0800] "GET /xingrg/kc/buy/cgsh_order_info.html?code=212023032810491 HTTP/1.1" 200 64905
116.238.139.35 - - [28/Mar/2023:13:12:34 +0800] "GET /xingrg/javascript/easyui/themes/default/validatebox.css HTTP/1.1" 404 1104
116.238.139.35 - - [28/Mar/2023:13:12:35 +0800] "POST /xingrg/kc/buy/cgsh_order_operate.html HTTP/1.1" 200 2508
222.70.182.87 - - [28/Mar/2023:13:12:36 +0800] "GET /xingrg/kc/buy/cgsh_order_operate.html?command=get_materiel&rest_code=00111&code=00101009053&supplier_code=00100037&order_time=2023-03-28 HTTP/1.1" 200 408
116.238.139.35 - - [28/Mar/2023:13:12:37 +0800] "GET /xingrg/kc/print/load_data.html?order_code=212023032810491&kc_code=cgsh&condition= HTTP/1.1" 200 1581
180.169.147.146 - - [28/Mar/2023:13:12:37 +0800] "GET /xingrg/all/function/internal_message.html?_=1679980356741&CODE_STATE=getMsg HTTP/1.1" 200 27
180.169.147.146 - - [28/Mar/2023:13:12:38 +0800] "GET /xingrg/all/function/internal_message.html?_=1679980357155&CODE_STATE=getMsg HTTP/1.1" 200 27
116.238.139.35 - - [28/Mar/2023:13:12:43 +0800] "GET /xingrg/kc/buy/cgsh_order_add.html HTTP/1.1" 200 70005
116.224.106.218 - - [28/Mar/2023:13:12:44 +0800] "GET /xingrg/all/function/internal_message.html?_=1679980363643&CODE_STATE=getMsg HTTP/1.1" 200 27
116.238.139.35 - - [28/Mar/2023:13:12:44 +0800] "POST /xingrg/kc/buy/cgsh_order_operate.html HTTP/1.1" 200 8245
116.238.139.35 - - [28/Mar/2023:13:12:44 +0800] "GET /xingrg/javascript/easyui/themes/default/validatebox.css HTTP/1.1" 404 1104
172.20.0.100 - - [28/Mar/2023:13:12:47 +0800] "GET /xingrg/check_reg.html?_=1679980371546 HTTP/1.1" 200 22
172.20.0.100 - - [28/Mar/2023:13:12:47 +0800] "GET /xingrg/all/function/internal_message.html?_=1679980371547&CODE_STATE=getMsg HTTP/1.1" 200 27
114.83.216.127 - - [28/Mar/2023:13:12:47 +0800] "GET /xingrg/all/function/internal_message.html?_=1679980365993&CODE_STATE=getMsg HTTP/1.1" 200 27
180.169.147.146 - - [28/Mar/2023:13:12:50 +0800] "GET /xingrg/all/function/internal_message.html?_=1679980370310&CODE_STATE=getMsg HTTP/1.1" 200 27
101.229.22.234 - - [28/Mar/2023:13:12:51 +0800] "GET /xingrg/all/function/internal_message.html?_=1679980370043&CODE_STATE=getMsg HTTP/1.1" 200 27
180.169.147.146 - - [28/Mar/2023:13:12:54 +0800] "GET /xingrg/all/function/internal_message.html?_=1679980373542&CODE_STATE=getMsg HTTP/1.1" 302 -
116.238.139.35 - - [28/Mar/2023:13:12:57 +0800] "GET /xingrg/all/function/internal_message.html?_=1679980378837&CODE_STATE=getMsg HTTP/1.1" 200 27
222.70.168.128 - - [28/Mar/2023:13:12:57 +0800] "GET /xingrg/all/function/internal_message.html?_=1679980383635&CODE_STATE=getMsg HTTP/1.1" 200 27
120.253.135.82 - - [28/Mar/2023:13:12:57 +0800] "GET /xingrg/all/function/internal_message.html?_=1679980509054&CODE_STATE=getMsg HTTP/1.1" 200 27
120.253.135.82 - - [28/Mar/2023:13:12:57 +0800] "GET /xingrg/check_reg.html?_=1679980509057 HTTP/1.1" 200 22
116.224.158.100 - - [28/Mar/2023:13:12:59 +0800] "GET /xingrg/all/function/internal_message.html?_=1679980379212&CODE_STATE=getMsg HTTP/1.1" 200 27
120.253.135.82 - - [28/Mar/2023:13:12:59 +0800] "GET /xingrg/all/function/internal_message.html?_=1679980211198&CODE_STATE=getMsg HTTP/1.1" 200 27
120.253.135.82 - - [28/Mar/2023:13:13:00 +0800] "POST /xingrg/kc/pszx/mdps_order_operate.html HTTP/1.1" 200 37
180.164.3.199 - - [28/Mar/2023:13:13:01 +0800] "GET /xingrg/all/function/internal_message.html?_=1679980381009&CODE_STATE=getMsg HTTP/1.1" 200 27
116.238.139.35 - - [28/Mar/2023:13:13:01 +0800] "GET /xingrg/kc/buy/cgsh_order_operate.html?command=get_materiel&rest_code=00150&code=00101028005&supplier_code=00100018&order_time=2023-03-28 HTTP/1.1" 200 434
116.224.158.100 - - [28/Mar/2023:13:13:04 +0800] "GET /xingrg/check_reg.html?_=1679980384382 HTTP/1.1" 200 22
222.70.182.87 - - [28/Mar/2023:13:13:04 +0800] "GET /xingrg/kc/buy/cgsh_order_operate.html?command=get_materiel&rest_code=00111&code=00101012003&supplier_code=00100037&order_time=2023-03-28 HTTP/1.1" 200 413
120.253.135.82 - - [28/Mar/2023:13:13:05 +0800] "GET /xingrg/kc/pszx/mdps_order_info.html?code=312023032800629 HTTP/1.1" 200 23982
120.253.135.82 - - [28/Mar/2023:13:13:05 +0800] "GET /xingrg/javascript/easyui/themes/default/validatebox.css HTTP/1.1" 404 1104
120.253.135.82 - - [28/Mar/2023:13:13:05 +0800] "GET /xingrg/all/common/auto_word.html?type=base&rest_code=00101 HTTP/1.1" 200 671
120.253.135.82 - - [28/Mar/2023:13:13:05 +0800] "POST /xingrg/kc/pszx/mdps_order_operate.html HTTP/1.1" 200 6774
222.70.182.87 - - [28/Mar/2023:13:13:08 +0800] "GET /xingrg/all/function/internal_message.html?_=1679980387615&CODE_STATE=getMsg HTTP/1.1" 200 27
222.70.182.87 - - [28/Mar/2023:13:13:14 +0800] "GET /xingrg/kc/buy/cgsh_order_operate.html?command=get_materiel&rest_code=00111&code=00101012029&supplier_code=00100037&order_time=2023-03-28 HTTP/1.1" 200 412
124.79.72.155 - - [28/Mar/2023:13:13:15 +0800] "GET /xingrg/all/function/internal_message.html?_=1679980400237&CODE_STATE=getMsg HTTP/1.1" 200 27
116.238.139.35 - - [28/Mar/2023:13:13:16 +0800] "GET /xingrg/kc/buy/cgsh_order_operate.html?command=get_materiel&rest_code=00150&code=00101029115&supplier_code=00100018&order_time=2023-03-28 HTTP/1.1" 200 435
120.253.135.82 - - [28/Mar/2023:13:13:19 +0800] "POST /xingrg/kc/pszx/mdps_list_operate.html HTTP/1.1" 200 5369
120.253.135.82 - - [28/Mar/2023:13:13:21 +0800] "POST /xingrg/kc/pszx/mdps_list_operate.html HTTP/1.1" 200 290
180.157.253.110 - - [28/Mar/2023:13:13:23 +0800] "GET /xingrg/all/function/internal_message.html?_=1679980404108&CODE_STATE=getMsg HTTP/1.1" 200 27
120.253.135.82 - - [28/Mar/2023:13:13:23 +0800] "GET /xingrg/kc/pszx/mdps_order_info.html?code=312023032800630 HTTP/1.1" 200 23980
120.253.135.82 - - [28/Mar/2023:13:13:24 +0800] "GET /xingrg/javascript/easyui/themes/default/validatebox.css HTTP/1.1" 404 1104
120.253.135.82 - - [28/Mar/2023:13:13:24 +0800] "GET /xingrg/all/common/auto_word.html?type=base&rest_code=00101 HTTP/1.1" 200 671
120.253.135.82 - - [28/Mar/2023:13:13:24 +0800] "POST /xingrg/kc/pszx/mdps_order_operate.html HTTP/1.1" 200 2784
116.238.139.35 - - [28/Mar/2023:13:13:25 +0800] "POST /xingrg/kc/buy/cgsh_order_operate.html HTTP/1.1" 200 37
222.70.182.87 - - [28/Mar/2023:13:13:26 +0800] "GET /xingrg/kc/buy/cgsh_order_operate.html?command=get_materiel&rest_code=00111&code=00101012025&supplier_code=00100037&order_time=2023-03-28 HTTP/1.1" 200 412
116.238.139.35 - - [28/Mar/2023:13:13:31 +0800] "POST /xingrg/kc/buy/cgsh_order_operate.html HTTP/1.1" 200 12
180.162.110.158 - - [28/Mar/2023:13:13:32 +0800] "GET /xingrg/all/function/internal_message.html?_=1679979306596&CODE_STATE=getMsg HTTP/1.1" 200 27
116.238.139.35 - - [28/Mar/2023:13:13:33 +0800] "GET /xingrg/kc/buy/cgsh_order_info.html?code=212023032810492 HTTP/1.1" 200 64905
116.238.139.35 - - [28/Mar/2023:13:13:34 +0800] "GET /xingrg/javascript/easyui/themes/default/validatebox.css HTTP/1.1" 404 1104
116.238.139.35 - - [28/Mar/2023:13:13:34 +0800] "POST /xingrg/kc/buy/cgsh_order_operate.html HTTP/1.1" 200 1238
222.70.182.87 - - [28/Mar/2023:13:13:36 +0800] "GET /xingrg/kc/buy/cgsh_order_operate.html?command=get_materiel&rest_code=00111&code=00101011004&supplier_code=00100037&order_time=2023-03-28 HTTP/1.1" 200 412
180.169.147.146 - - [28/Mar/2023:13:13:37 +0800] "GET /xingrg/all/function/internal_message.html?_=1679980416724&CODE_STATE=getMsg HTTP/1.1" 200 27
180.169.147.146 - - [28/Mar/2023:13:13:38 +0800] "GET /xingrg/all/function/internal_message.html?_=1679980417181&CODE_STATE=getMsg HTTP/1.1" 200 27
180.169.147.146 - - [28/Mar/2023:13:13:38 +0800] "GET /xingrg/check_reg.html?_=1679980417183 HTTP/1.1" 200 22
120.253.135.82 - - [28/Mar/2023:13:13:39 +0800] "POST /xingrg/kc/pszx/mdps_list_operate.html HTTP/1.1" 200 5369
120.253.135.82 - - [28/Mar/2023:13:13:43 +0800] "POST /xingrg/kc/pszx/mdps_list_operate.html HTTP/1.1" 200 279
120.253.135.82 - - [28/Mar/2023:13:13:43 +0800] "GET /xingrg/check_reg.html?_=1679980255506 HTTP/1.1" 200 22
116.238.139.35 - - [28/Mar/2023:13:13:43 +0800] "GET /xingrg/kc/print/load_data.html?order_code=212023032810492&kc_code=cgsh&condition= HTTP/1.1" 200 1020
116.224.106.218 - - [28/Mar/2023:13:13:44 +0800] "GET /xingrg/all/function/internal_message.html?_=1679980423645&CODE_STATE=getMsg HTTP/1.1" 200 27
120.253.135.82 - - [28/Mar/2023:13:13:44 +0800] "GET /xingrg/kc/pszx/mdps_order_info.html?code=312023020700132 HTTP/1.1" 200 23978
120.253.135.82 - - [28/Mar/2023:13:13:45 +0800] "GET /xingrg/javascript/easyui/themes/default/validatebox.css HTTP/1.1" 404 1104
120.253.135.82 - - [28/Mar/2023:13:13:45 +0800] "GET /xingrg/all/common/auto_word.html?type=base&rest_code=00101 HTTP/1.1" 200 671
120.253.135.82 - - [28/Mar/2023:13:13:45 +0800] "POST /xingrg/kc/pszx/mdps_order_operate.html HTTP/1.1" 200 2767
172.20.0.100 - - [28/Mar/2023:13:13:47 +0800] "GET /xingrg/all/function/internal_message.html?_=1679980431545&CODE_STATE=getMsg HTTP/1.1" 200 27
114.83.216.127 - - [28/Mar/2023:13:13:47 +0800] "GET /xingrg/all/function/internal_message.html?_=1679980425999&CODE_STATE=getMsg HTTP/1.1" 200 27
222.70.182.87 - - [28/Mar/2023:13:13:49 +0800] "GET /xingrg/kc/buy/cgsh_order_operate.html?command=get_materiel&rest_code=00111&code=00101019238&supplier_code=00100037&order_time=2023-03-28 HTTP/1.1" 200 467
180.169.147.146 - - [28/Mar/2023:13:13:50 +0800] "GET /xingrg/all/function/internal_message.html?_=1679980430324&CODE_STATE=getMsg HTTP/1.1" 200 27
120.253.135.82 - - [28/Mar/2023:13:13:50 +0800] "POST /xingrg/kc/pszx/mdps_list_operate.html HTTP/1.1" 200 5369
101.229.22.234 - - [28/Mar/2023:13:13:51 +0800] "GET /xingrg/all/function/internal_message.html?_=1679980430045&CODE_STATE=getMsg HTTP/1.1" 200 27
180.169.147.146 - - [28/Mar/2023:13:13:54 +0800] "GET /xingrg/all/function/internal_message.html?_=1679980433532&CODE_STATE=getMsg HTTP/1.1" 302 -
116.238.139.35 - - [28/Mar/2023:13:13:57 +0800] "GET /xingrg/check_reg.html?_=1679980438834 HTTP/1.1" 200 22
116.238.139.35 - - [28/Mar/2023:13:13:57 +0800] "GET /xingrg/all/function/internal_message.html?_=1679980438838&CODE_STATE=getMsg HTTP/1.1" 200 27
222.70.168.128 - - [28/Mar/2023:13:13:57 +0800] "GET /xingrg/all/function/internal_message.html?_=1679980443649&CODE_STATE=getMsg HTTP/1.1" 200 27
120.253.135.82 - - [28/Mar/2023:13:13:57 +0800] "GET /xingrg/all/function/internal_message.html?_=1679980569059&CODE_STATE=getMsg HTTP/1.1" 200 27
116.224.158.100 - - [28/Mar/2023:13:13:59 +0800] "GET /xingrg/all/function/internal_message.html?_=1679980439181&CODE_STATE=getMsg HTTP/1.1" 200 27
120.253.135.82 - - [28/Mar/2023:13:13:59 +0800] "GET /xingrg/all/function/internal_message.html?_=1679980271200&CODE_STATE=getMsg HTTP/1.1" 200 27
180.164.3.199 - - [28/Mar/2023:13:14:01 +0800] "GET /xingrg/all/function/internal_message.html?_=1679980441020&CODE_STATE=getMsg HTTP/1.1" 200 27
222.70.182.87 - - [28/Mar/2023:13:14:08 +0800] "GET /xingrg/all/function/internal_message.html?_=1679980447598&CODE_STATE=getMsg HTTP/1.1" 200 27
222.70.182.87 - - [28/Mar/2023:13:14:08 +0800] "GET /xingrg/check_reg.html?_=1679980448131 HTTP/1.1" 200 22
124.79.72.155 - - [28/Mar/2023:13:14:15 +0800] "GET /xingrg/all/function/internal_message.html?_=1679980460228&CODE_STATE=getMsg HTTP/1.1" 200 27
180.157.253.110 - - [28/Mar/2023:13:14:23 +0800] "GET /xingrg/all/function/internal_message.html?_=1679980464109&CODE_STATE=getMsg HTTP/1.1" 200 27
120.253.135.82 - - [28/Mar/2023:13:14:23 +0800] "POST /xingrg/kc/pszx/mdps_list_operate.html HTTP/1.1" 200 199
120.253.135.82 - - [28/Mar/2023:13:14:24 +0800] "GET /xingrg/kc/pszx/mdps_order_info.html?code=312023032400529 HTTP/1.1" 200 23978
120.253.135.82 - - [28/Mar/2023:13:14:24 +0800] "GET /xingrg/javascript/easyui/themes/default/validatebox.css HTTP/1.1" 404 1104
120.253.135.82 - - [28/Mar/2023:13:14:24 +0800] "GET /xingrg/all/common/auto_word.html?type=base&rest_code=00101 HTTP/1.1" 200 671
120.253.135.82 - - [28/Mar/2023:13:14:25 +0800] "POST /xingrg/kc/pszx/mdps_order_operate.html HTTP/1.1" 200 2277
120.253.135.82 - - [28/Mar/2023:13:14:28 +0800] "POST /xingrg/kc/pszx/mdps_list_operate.html HTTP/1.1" 200 5369
120.253.135.82 - - [28/Mar/2023:13:14:30 +0800] "POST /xingrg/kc/pszx/mdps_list_operate.html HTTP/1.1" 200 5474
124.78.155.10 - - [28/Mar/2023:13:14:32 +0800] "POST /xingrg/services/DataTransmitService HTTP/1.1" 200 524
180.162.110.158 - - [28/Mar/2023:13:14:32 +0800] "GET /xingrg/all/function/internal_message.html?_=1679979366596&CODE_STATE=getMsg HTTP/1.1" 200 27
180.162.110.158 - - [28/Mar/2023:13:14:32 +0800] "GET /xingrg/check_reg.html?_=1679979366598 HTTP/1.1" 200 22
120.253.135.82 - - [28/Mar/2023:13:14:34 +0800] "POST /xingrg/kc/pszx/mdps_list_operate.html HTTP/1.1" 200 217
222.67.232.202 - - [28/Mar/2023:13:14:37 +0800] "GET /xingrg/check_reg.html?_=1679980021515 HTTP/1.1" 200 22
222.70.182.87 - - [28/Mar/2023:13:14:37 +0800] "POST /xingrg/kc/buy/cgsh_order_operate.html HTTP/1.1" 200 37
180.169.147.146 - - [28/Mar/2023:13:14:37 +0800] "GET /xingrg/all/function/internal_message.html?_=1679980476708&CODE_STATE=getMsg HTTP/1.1" 200 27
180.169.147.146 - - [28/Mar/2023:13:14:38 +0800] "GET /xingrg/all/function/internal_message.html?_=1679980477182&CODE_STATE=getMsg HTTP/1.1" 200 27
222.70.182.87 - - [28/Mar/2023:13:14:39 +0800] "POST /xingrg/kc/buy/cgsh_order_operate.html HTTP/1.1" 200 6251
222.70.182.87 - - [28/Mar/2023:13:14:40 +0800] "GET /xingrg/kc/print/load_data.html?order_code=212023032810493&kc_code=cgsh&condition= HTTP/1.1" 200 2117
116.224.106.218 - - [28/Mar/2023:13:14:44 +0800] "GET /xingrg/check_reg.html?_=1679980483650 HTTP/1.1" 200 22
116.224.106.218 - - [28/Mar/2023:13:14:44 +0800] "GET /xingrg/all/function/internal_message.html?_=1679980483653&CODE_STATE=getMsg HTTP/1.1" 200 27
124.78.155.10 - - [28/Mar/2023:13:14:44 +0800] "POST /xingrg/services/DataTransmitService HTTP/1.1" 200 501
124.78.155.10 - - [28/Mar/2023:13:14:44 +0800] "POST /xingrg/services/DataTransmitService HTTP/1.1" 200 501
58.39.110.54 - - [28/Mar/2023:13:14:46 +0800] "GET /xingrg/login.html HTTP/1.1" 200 7641
58.39.110.54 - - [28/Mar/2023:13:14:46 +0800] "GET /xingrg/images/blue/jxLogo.png HTTP/1.1" 200 6156
58.39.110.54 - - [28/Mar/2023:13:14:46 +0800] "GET /xingrg/images/blue/login_bg.png HTTP/1.1" 200 22101
58.39.110.54 - - [28/Mar/2023:13:14:46 +0800] "GET /xingrg/images/blue/srbg.png HTTP/1.1" 200 138
58.39.110.54 - - [28/Mar/2023:13:14:46 +0800] "GET /xingrg/images/blue/hj.png HTTP/1.1" 200 1014
120.253.135.82 - - [28/Mar/2023:13:14:46 +0800] "POST /xingrg/kc/pszx/mdps_list_operate.html HTTP/1.1" 200 5466
58.39.110.54 - - [28/Mar/2023:13:14:46 +0800] "GET /favicon.ico HTTP/1.1" 404 -
172.20.0.100 - - [28/Mar/2023:13:14:47 +0800] "GET /xingrg/all/function/internal_message.html?_=1679980491543&CODE_STATE=getMsg HTTP/1.1" 200 27
114.83.216.127 - - [28/Mar/2023:13:14:47 +0800] "GET /xingrg/all/function/internal_message.html?_=1679980485984&CODE_STATE=getMsg HTTP/1.1" 200 27
58.39.110.54 - - [28/Mar/2023:13:14:49 +0800] "POST /xingrg/login.do HTTP/1.1" 302 -
58.39.110.54 - - [28/Mar/2023:13:14:49 +0800] "GET /xingrg/index.html?sysBaseUrl=http%3A%2F%2F180.169.147.146%3A18081%2Fxingrg%2F&costTime=1411×tamp=1679980489119 HTTP/1.1" 200 17177
58.39.110.54 - - [28/Mar/2023:13:14:49 +0800] "GET /xingrg/javascript/jquery_easy_ui/themes/icon.css HTTP/1.1" 200 3949
58.39.110.54 - - [28/Mar/2023:13:14:49 +0800] "GET /xingrg/javascript/jquery_easy_ui/themes/default/easyui.css HTTP/1.1" 200 26500
58.39.110.54 - - [28/Mar/2023:13:14:49 +0800] "GET /xingrg/javascript/jquery_easy_ui/easyui-lang-zh_CN.js HTTP/1.1" 200 1900
58.39.110.54 - - [28/Mar/2023:13:14:49 +0800] "GET /xingrg/javascript/jquery-1.4.2.min.js HTTP/1.1" 200 72205
58.39.110.54 - - [28/Mar/2023:13:14:49 +0800] "GET /xingrg/javascript/jquery_easy_ui/jquery.easyui.min.js HTTP/1.1" 200 213662
58.39.110.54 - - [28/Mar/2023:13:14:49 +0800] "GET /xingrg/css/form.css HTTP/1.1" 200 893
58.39.110.54 - - [28/Mar/2023:13:14:49 +0800] "GET /xingrg/javascript/jquery.form.js HTTP/1.1" 200 23110
58.39.110.54 - - [28/Mar/2023:13:14:49 +0800] "GET /xingrg/javascript/jquery.utils.js HTTP/1.1" 200 11805
58.39.110.54 - - [28/Mar/2023:13:14:49 +0800] "GET /xingrg/javascript/jquery.timers.js HTTP/1.1" 200 3532
58.39.110.54 - - [28/Mar/2023:13:14:49 +0800] "GET /favicon.ico HTTP/1.1" 404 -
58.39.110.54 - - [28/Mar/2023:13:14:49 +0800] "GET /xingrg/javascript/jquery_easy_ui/themes/icons/settle_new.png HTTP/1.1" 200 826
58.39.110.54 - - [28/Mar/2023:13:14:49 +0800] "GET /xingrg/images/blue/navBackgound.jpg HTTP/1.1" 200 12378
58.39.110.54 - - [28/Mar/2023:13:14:49 +0800] "GET /xingrg/images/blue/pingpu.png HTTP/1.1" 200 231
58.39.110.54 - - [28/Mar/2023:13:14:49 +0800] "GET /xingrg/check_reg.html?_=1679980489460 HTTP/1.1" 200 22
58.39.110.54 - - [28/Mar/2023:13:14:49 +0800] "GET /xingrg/all/function/internal_message.html?_=1679980489459&CODE_STATE=count HTTP/1.1" 200 11
58.39.110.54 - - [28/Mar/2023:13:14:49 +0800] "GET /xingrg/javascript/jquery_easy_ui/themes/default/images/tabs_leftarrow.png HTTP/1.1" 200 389
58.39.110.54 - - [28/Mar/2023:13:14:49 +0800] "GET /xingrg/javascript/jquery_easy_ui/themes/default/images/tabs_rightarrow.png HTTP/1.1" 200 395
58.39.110.54 - - [28/Mar/2023:13:14:49 +0800] "GET /xingrg/javascript/jquery_easy_ui/themes/default/images/panel_tool_collapse.gif HTTP/1.1" 200 246
58.39.110.54 - - [28/Mar/2023:13:14:49 +0800] "POST /xingrg/all/common/load_tree.html?tree=area_rest_tree_json&manage=1 HTTP/1.1" 200 348
124.78.155.10 - - [28/Mar/2023:13:14:49 +0800] "POST /xingrg/services/DataTransmitService HTTP/1.1" 200 501
58.39.110.54 - - [28/Mar/2023:13:14:49 +0800] "POST /xingrg/load_menu.html HTTP/1.1" 200 5138
58.39.110.54 - - [28/Mar/2023:13:14:49 +0800] "GET /xingrg/javascript/jquery_easy_ui/themes/default/images/tree_folder_open.gif HTTP/1.1" 200 956
58.39.110.54 - - [28/Mar/2023:13:14:49 +0800] "GET /xingrg/javascript/jquery_easy_ui/themes/default/images/tree_folder.gif HTTP/1.1" 200 952
58.39.110.54 - - [28/Mar/2023:13:14:49 +0800] "GET /xingrg/javascript/jquery_easy_ui/themes/icons/search_new.png HTTP/1.1" 200 586
58.39.110.54 - - [28/Mar/2023:13:14:49 +0800] "GET /xingrg/javascript/jquery_easy_ui/themes/default/images/tree_arrows.gif HTTP/1.1" 200 1043
58.39.110.54 - - [28/Mar/2023:13:14:49 +0800] "GET /xingrg/javascript/jquery_easy_ui/themes/icons/forms_new.png HTTP/1.1" 200 350
58.39.110.54 - - [28/Mar/2023:13:14:49 +0800] "GET /xingrg/javascript/jquery_easy_ui/themes/icons/storage_new.png HTTP/1.1" 200 853
58.39.110.54 - - [28/Mar/2023:13:14:49 +0800] "GET /xingrg/javascript/jquery_easy_ui/themes/default/images/tree_file.gif HTTP/1.1" 200 118
180.169.147.146 - - [28/Mar/2023:13:14:50 +0800] "GET /xingrg/all/function/internal_message.html?_=1679980490339&CODE_STATE=getMsg HTTP/1.1" 200 27
120.253.135.82 - - [28/Mar/2023:13:14:50 +0800] "POST /xingrg/kc/pszx/mdps_list_operate.html HTTP/1.1" 200 4223
58.39.110.54 - - [28/Mar/2023:13:14:51 +0800] "GET /xingrg/kc/mdqp/qp_main.html HTTP/1.1" 200 10633
58.39.110.54 - - [28/Mar/2023:13:14:51 +0800] "GET /xingrg/javascript/jquery_easy_ui/themes/default/images/tabs_close.gif HTTP/1.1" 200 829
58.39.110.54 - - [28/Mar/2023:13:14:51 +0800] "GET /xingrg/css/blue.css HTTP/1.1" 200 15949
58.39.110.54 - - [28/Mar/2023:13:14:51 +0800] "GET /xingrg/javascript/pic_change.js HTTP/1.1" 200 4739
58.39.110.54 - - [28/Mar/2023:13:14:51 +0800] "GET /xingrg/javascript/jquery_ui/themes/humanity/humanity.css HTTP/1.1" 200 27801
58.39.110.54 - - [28/Mar/2023:13:14:51 +0800] "GET /xingrg/javascript/ToolTips.js HTTP/1.1" 200 5615
58.39.110.54 - - [28/Mar/2023:13:14:51 +0800] "GET /xingrg/javascript/myfunction.js HTTP/1.1" 200 24559
58.39.110.54 - - [28/Mar/2023:13:14:51 +0800] "GET /xingrg/javascript/jquery_ui/jquery-ui.min.js HTTP/1.1" 200 186181
58.39.110.54 - - [28/Mar/2023:13:14:51 +0800] "GET /xingrg/images/blue/button/cgxqd.gif HTTP/1.1" 200 2619
58.39.110.54 - - [28/Mar/2023:13:14:51 +0800] "GET /xingrg/images/blue/button/qqpsd.gif HTTP/1.1" 200 2548
58.39.110.54 - - [28/Mar/2023:13:14:51 +0800] "GET /xingrg/images/blue/button/pszx.gif HTTP/1.1" 200 2648
58.39.110.54 - - [28/Mar/2023:13:14:51 +0800] "GET /xingrg/images/blue/button/psshd.gif HTTP/1.1" 200 2692
58.39.110.54 - - [28/Mar/2023:13:14:51 +0800] "GET /xingrg/images/blue/pic_form2.gif HTTP/1.1" 200 1853
58.39.110.54 - - [28/Mar/2023:13:14:51 +0800] "GET /xingrg/images/blue/bg_dotted.jpg HTTP/1.1" 200 319
58.39.110.54 - - [28/Mar/2023:13:14:51 +0800] "GET /xingrg/javascript/jquery_ui/themes/humanity/images/ui-bg_inset-soft_100_f4f0ec_1x100.png HTTP/1.1" 200 141
58.39.110.54 - - [28/Mar/2023:13:14:51 +0800] "GET /xingrg/images/blue/button/down_ah.jpg HTTP/1.1" 200 1732
58.39.110.54 - - [28/Mar/2023:13:14:51 +0800] "GET /xingrg/images/blue/button/right_ah.jpg HTTP/1.1" 200 1744
58.39.110.54 - - [28/Mar/2023:13:14:51 +0800] "GET /xingrg/javascript/jquery_ui/themes/humanity/images/ui-icons_ffffff_256x240.png HTTP/1.1" 200 4369
58.39.110.54 - - [28/Mar/2023:13:14:51 +0800] "GET /xingrg/javascript/jquery_ui/themes/humanity/images/ui-iconsnew.jpg HTTP/1.1" 200 337
58.39.110.54 - - [28/Mar/2023:13:14:51 +0800] "GET /xingrg/javascript/jquery_ui/themes/humanity/images/ui-bg_glass_70_ede4d4_1x400.png HTTP/1.1" 200 161
58.39.110.54 - - [28/Mar/2023:13:14:51 +0800] "GET /xingrg/javascript/jquery_ui/themes/humanity/images/ui-icons_c47a23_256x240.png HTTP/1.1" 200 5355
58.39.110.54 - - [28/Mar/2023:13:14:51 +0800] "GET /xingrg/images/yd/bt.gif HTTP/1.1" 404 1040
101.229.22.234 - - [28/Mar/2023:13:14:51 +0800] "GET /xingrg/check_reg.html?_=1679980490045 HTTP/1.1" 200 22
101.229.22.234 - - [28/Mar/2023:13:14:51 +0800] "GET /xingrg/all/function/internal_message.html?_=1679980490046&CODE_STATE=getMsg HTTP/1.1" 200 27
222.70.182.87 - - [28/Mar/2023:13:14:52 +0800] "GET /xingrg/kc/buy/cgsh_order_add.html HTTP/1.1" 200 69917
222.70.182.87 - - [28/Mar/2023:13:14:52 +0800] "POST /xingrg/kc/buy/cgsh_order_operate.html HTTP/1.1" 200 8245
222.70.182.87 - - [28/Mar/2023:13:14:52 +0800] "GET /xingrg/javascript/easyui/themes/default/validatebox.css HTTP/1.1" 404 1104
124.78.155.10 - - [28/Mar/2023:13:14:53 +0800] "POST /xingrg/services/DataTransmitService HTTP/1.1" 200 501
180.169.147.146 - - [28/Mar/2023:13:14:54 +0800] "GET /xingrg/all/function/internal_message.html?_=1679980493541&CODE_STATE=getMsg HTTP/1.1" 302 -
124.78.155.10 - - [28/Mar/2023:13:14:54 +0800] "POST /xingrg/services/DataTransmitService HTTP/1.1" 200 501
58.39.110.54 - - [28/Mar/2023:13:14:56 +0800] "GET /xingrg/kc/mdqp/pssh_order_list.html HTTP/1.1" 200 16982
58.39.110.54 - - [28/Mar/2023:13:14:56 +0800] "GET /xingrg/css/base.css HTTP/1.1" 200 2811
58.39.110.54 - - [28/Mar/2023:13:14:56 +0800] "GET /xingrg/css/site.css HTTP/1.1" 200 7541
58.39.110.54 - - [28/Mar/2023:13:14:56 +0800] "GET /xingrg/javascript/jquery_tools/datebox.css HTTP/1.1" 200 2597
58.39.110.54 - - [28/Mar/2023:13:14:56 +0800] "GET /xingrg/javascript/easyui/themes/default/easyui.css HTTP/1.1" 200 30432
58.39.110.54 - - [28/Mar/2023:13:14:56 +0800] "GET /xingrg/javascript/easyui/themes/icon.css HTTP/1.1" 200 4483
58.39.110.54 - - [28/Mar/2023:13:14:56 +0800] "GET /xingrg/javascript/auto/jquery.autocomplete.css HTTP/1.1" 200 587
58.39.110.54 - - [28/Mar/2023:13:14:56 +0800] "GET /xingrg/javascript/jquery_tools/fix.css HTTP/1.1" 200 1702
58.39.110.54 - - [28/Mar/2023:13:14:56 +0800] "GET /xingrg/javascript/jquery_tools/table.css HTTP/1.1" 200 1032
58.39.110.54 - - [28/Mar/2023:13:14:56 +0800] "GET /xingrg/javascript/jquery_tools/jquery.tools.min.js HTTP/1.1" 200 138801
58.39.110.54 - - [28/Mar/2023:13:14:56 +0800] "GET /xingrg/javascript/jquery_tools/jquery.tools.extend.js HTTP/1.1" 200 15385
58.39.110.54 - - [28/Mar/2023:13:14:56 +0800] "GET /xingrg/javascript/jquery_tools/jquery.tools.hotkey.js HTTP/1.1" 200 3242
58.39.110.54 - - [28/Mar/2023:13:14:56 +0800] "GET /xingrg/javascript/jquery_tools/jquery.tools.table.js HTTP/1.1" 200 6994
58.39.110.54 - - [28/Mar/2023:13:14:56 +0800] "GET /xingrg/javascript/jquery_tools/list_manager.js HTTP/1.1" 200 3652
58.39.110.54 - - [28/Mar/2023:13:14:56 +0800] "GET /xingrg/javascript/auto/jquery.autocomplete.js HTTP/1.1" 200 21624
58.39.110.54 - - [28/Mar/2023:13:14:56 +0800] "GET /xingrg/javascript/easyui/easyloader.js HTTP/1.1" 200 5975
58.39.110.54 - - [28/Mar/2023:13:14:56 +0800] "GET /xingrg/javascript/jquery.cookie.js HTTP/1.1" 200 5513
124.78.155.10 - - [28/Mar/2023:13:14:56 +0800] "POST /xingrg/services/DataTransmitService HTTP/1.1" 200 501
58.39.110.54 - - [28/Mar/2023:13:14:56 +0800] "GET /xingrg/javascript/easyui/themes/icons/field_new.png HTTP/1.1" 200 1097
58.39.110.54 - - [28/Mar/2023:13:14:56 +0800] "GET /xingrg/javascript/easyui/plugins/jquery.parser.js HTTP/1.1" 200 1142
58.39.110.54 - - [28/Mar/2023:13:14:56 +0800] "GET /xingrg/images/control/ajaxLoader.gif HTTP/1.1" 200 4659
58.39.110.54 - - [28/Mar/2023:13:14:56 +0800] "POST /xingrg/kc/mdqp/pssh_list_operate.html HTTP/1.1" 200 5227
124.78.155.10 - - [28/Mar/2023:13:14:56 +0800] "POST /xingrg/services/DataTransmitService HTTP/1.1" 200 501
116.238.139.35 - - [28/Mar/2023:13:14:57 +0800] "GET /xingrg/all/function/internal_message.html?_=1679980498834&CODE_STATE=getMsg HTTP/1.1" 200 27
124.78.155.10 - - [28/Mar/2023:13:14:57 +0800] "POST /xingrg/services/DataTransmitService HTTP/1.1" 200 501
124.78.155.10 - - [28/Mar/2023:13:14:57 +0800] "POST /xingrg/services/DataTransmitService HTTP/1.1" 200 412
120.253.135.82 - - [28/Mar/2023:13:14:57 +0800] "GET /xingrg/all/function/internal_message.html?_=1679980629063&CODE_STATE=getMsg HTTP/1.1" 200 27
222.70.168.128 - - [28/Mar/2023:13:14:57 +0800] "GET /xingrg/all/function/internal_message.html?_=1679980503998&CODE_STATE=getMsg HTTP/1.1" 200 27
116.224.158.100 - - [28/Mar/2023:13:14:59 +0800] "GET /xingrg/all/function/internal_message.html?_=1679980499162&CODE_STATE=getMsg HTTP/1.1" 200 27
120.253.135.82 - - [28/Mar/2023:13:14:59 +0800] "GET /xingrg/all/function/internal_message.html?_=1679980331213&CODE_STATE=getMsg HTTP/1.1" 200 27
58.39.110.54 - - [28/Mar/2023:13:15:00 +0800] "POST /xingrg/kc/mdqp/pssh_list_operate.html HTTP/1.1" 200 258
180.164.3.199 - - [28/Mar/2023:13:15:01 +0800] "GET /xingrg/check_reg.html?_=1679980501023 HTTP/1.1" 200 22
180.164.3.199 - - [28/Mar/2023:13:15:01 +0800] "GET /xingrg/all/function/internal_message.html?_=1679980501026&CODE_STATE=getMsg HTTP/1.1" 200 27
58.39.110.54 - - [28/Mar/2023:13:15:01 +0800] "POST /xingrg/kc/mdqp/pssh_list_operate.html HTTP/1.1" 200 469
58.39.110.54 - - [28/Mar/2023:13:15:02 +0800] "POST /xingrg/kc/mdqp/pssh_list_operate.html HTTP/1.1" 200 371
222.70.182.87 - - [28/Mar/2023:13:15:03 +0800] "GET /xingrg/kc/buy/cgsh_order_operate.html?command=get_materiel&rest_code=00111&code=00101006136&supplier_code=00100012&order_time=2023-03-28 HTTP/1.1" 200 417
58.39.110.54 - - [28/Mar/2023:13:15:03 +0800] "POST /xingrg/kc/mdqp/pssh_list_operate.html HTTP/1.1" 200 467
58.39.110.54 - - [28/Mar/2023:13:15:06 +0800] "GET /xingrg/javascript/jquery_easy_ui/themes/default/images/tabs_active.png HTTP/1.1" 200 2894
58.39.110.54 - - [28/Mar/2023:13:15:06 +0800] "GET /xingrg/kc/mdqp/pssh_order_info.html?code=312023032600595 HTTP/1.1" 200 14390
58.39.110.54 - - [28/Mar/2023:13:15:06 +0800] "GET /xingrg/javascript/jquery_tools/jquery-1.4.2.min.js HTTP/1.1" 404 1094
58.39.110.54 - - [28/Mar/2023:13:15:06 +0800] "GET /xingrg/javascript/convert.js HTTP/1.1" 200 1239
58.39.110.54 - - [28/Mar/2023:13:15:06 +0800] "GET /xingrg/javascript/jquery_tools/order_manager.js HTTP/1.1" 200 11183
58.39.110.54 - - [28/Mar/2023:13:15:06 +0800] "GET /xingrg/javascript/json2.js HTTP/1.1" 200 11259
58.39.110.54 - - [28/Mar/2023:13:15:06 +0800] "GET /xingrg/javascript/print/LodopFuncs.js HTTP/1.1" 200 5121
58.39.110.54 - - [28/Mar/2023:13:15:06 +0800] "GET /xingrg/javascript/print/kc_print.js HTTP/1.1" 200 11415
58.39.110.54 - - [28/Mar/2023:13:15:06 +0800] "GET /xingrg/words/20230328100934_words.js HTTP/1.1" 200 957918
58.39.110.54 - - [28/Mar/2023:13:15:06 +0800] "GET /xingrg/javascript/easyui/themes/icons/print.png HTTP/1.1" 200 1057
58.39.110.54 - - [28/Mar/2023:13:15:06 +0800] "GET /xingrg/javascript/easyui/themes/icons/uncheck_new.png HTTP/1.1" 200 3197
58.39.110.54 - - [28/Mar/2023:13:15:06 +0800] "GET /xingrg/javascript/easyui/themes/default/images/menu_downarrow.png HTTP/1.1" 200 173
58.39.110.54 - - [28/Mar/2023:13:15:06 +0800] "GET /xingrg/javascript/easyui/themes/icons/back_new.png HTTP/1.1" 200 3414
58.39.110.54 - - [28/Mar/2023:13:15:06 +0800] "GET /xingrg/javascript/easyui/themes/default/validatebox.css HTTP/1.1" 404 1104
58.39.110.54 - - [28/Mar/2023:13:15:06 +0800] "GET /xingrg/javascript/easyui/plugins/jquery.validatebox.js HTTP/1.1" 200 6103
58.39.110.54 - - [28/Mar/2023:13:15:06 +0800] "GET /xingrg/javascript/easyui/plugins/jquery.numberbox.js HTTP/1.1" 200 5213
58.39.110.54 - - [28/Mar/2023:13:15:06 +0800] "POST /xingrg/kc/mdqp/pssh_order_operate.html HTTP/1.1" 200 1602
222.70.182.87 - - [28/Mar/2023:13:15:08 +0800] "GET /xingrg/all/function/internal_message.html?_=1679980507573&CODE_STATE=getMsg HTTP/1.1" 200 27
58.39.110.54 - - [28/Mar/2023:13:15:10 +0800] "POST /xingrg/kc/mdqp/pssh_list_operate.html HTTP/1.1" 200 556
58.39.110.54 - - [28/Mar/2023:13:15:11 +0800] "POST /xingrg/kc/mdqp/pssh_list_operate.html HTTP/1.1" 200 770
58.39.110.54 - - [28/Mar/2023:13:15:12 +0800] "GET /xingrg/kc/mdqp/pssh_order_info.html?code=312023032500560 HTTP/1.1" 200 14390
58.39.110.54 - - [28/Mar/2023:13:15:13 +0800] "GET /xingrg/javascript/jquery_tools/jquery-1.4.2.min.js HTTP/1.1" 404 1094
58.39.110.54 - - [28/Mar/2023:13:15:13 +0800] "GET /xingrg/javascript/easyui/themes/default/validatebox.css HTTP/1.1" 404 1104
58.39.110.54 - - [28/Mar/2023:13:15:13 +0800] "POST /xingrg/kc/mdqp/pssh_order_operate.html HTTP/1.1" 200 4786
222.70.182.87 - - [28/Mar/2023:13:15:13 +0800] "GET /xingrg/kc/buy/cgsh_order_operate.html?command=get_materiel&rest_code=00111&code=00101006038&supplier_code=00100012&order_time=2023-03-28 HTTP/1.1" 200 421
124.79.72.155 - - [28/Mar/2023:13:15:15 +0800] "GET /xingrg/all/function/internal_message.html?_=1679980520233&CODE_STATE=getMsg HTTP/1.1" 200 27
222.70.168.128 - - [28/Mar/2023:13:15:21 +0800] "GET /xingrg/check_reg.html?_=1679980527925 HTTP/1.1" 200 22
180.157.253.110 - - [28/Mar/2023:13:15:23 +0800] "GET /xingrg/check_reg.html?_=1679980524111 HTTP/1.1" 200 22
180.157.253.110 - - [28/Mar/2023:13:15:23 +0800] "GET /xingrg/all/function/internal_message.html?_=1679980524115&CODE_STATE=getMsg HTTP/1.1" 200 27
180.162.110.158 - - [28/Mar/2023:13:15:32 +0800] "GET /xingrg/all/function/internal_message.html?_=1679979426612&CODE_STATE=getMsg HTTP/1.1" 200 27
180.169.147.146 - - [28/Mar/2023:13:15:37 +0800] "GET /xingrg/all/function/internal_message.html?_=1679980536692&CODE_STATE=getMsg HTTP/1.1" 200 27
180.169.147.146 - - [28/Mar/2023:13:15:38 +0800] "GET /xingrg/all/function/internal_message.html?_=1679980537181&CODE_STATE=getMsg HTTP/1.1" 200 27
120.253.135.82 - - [28/Mar/2023:13:15:39 +0800] "POST /xingrg/kc/pszx/mdps_list_operate.html HTTP/1.1" 200 5369
180.169.147.146 - - [28/Mar/2023:13:15:39 +0800] "GET /xingrg/check_reg.html?_=1679980538582 HTTP/1.1" 200 22
120.253.135.82 - - [28/Mar/2023:13:15:41 +0800] "POST /xingrg/kc/pszx/mdps_list_operate.html HTTP/1.1" 200 617
120.253.135.82 - - [28/Mar/2023:13:15:42 +0800] "GET /xingrg/kc/pszx/mdps_order_info.html?code=312023032800623 HTTP/1.1" 200 23982
120.253.135.82 - - [28/Mar/2023:13:15:42 +0800] "GET /xingrg/javascript/easyui/themes/default/validatebox.css HTTP/1.1" 404 1104
120.253.135.82 - - [28/Mar/2023:13:15:43 +0800] "GET /xingrg/all/common/auto_word.html?type=base&rest_code=00101 HTTP/1.1" 200 671
120.253.135.82 - - [28/Mar/2023:13:15:43 +0800] "POST /xingrg/kc/pszx/mdps_order_operate.html HTTP/1.1" 200 6287
116.224.106.218 - - [28/Mar/2023:13:15:44 +0800] "GET /xingrg/all/function/internal_message.html?_=1679980543653&CODE_STATE=getMsg HTTP/1.1" 200 27
172.20.0.100 - - [28/Mar/2023:13:15:47 +0800] "GET /xingrg/all/function/internal_message.html?_=1679980551542&CODE_STATE=getMsg HTTP/1.1" 200 27
114.83.216.127 - - [28/Mar/2023:13:15:47 +0800] "GET /xingrg/all/function/internal_message.html?_=1679980545999&CODE_STATE=getMsg HTTP/1.1" 200 27
120.253.135.82 - - [28/Mar/2023:13:15:47 +0800] "POST /xingrg/kc/pszx/mdps_list_operate.html HTTP/1.1" 200 5369
58.39.110.54 - - [28/Mar/2023:13:15:49 +0800] "GET /xingrg/all/function/internal_message.html?_=1679980549481&CODE_STATE=getMsg HTTP/1.1" 200 27
180.169.147.146 - - [28/Mar/2023:13:15:50 +0800] "GET /xingrg/all/function/internal_message.html?_=1679980550339&CODE_STATE=getMsg HTTP/1.1" 200 27
180.169.147.146 - - [28/Mar/2023:13:15:50 +0800] "GET /xingrg/check_reg.html?_=1679980550343 HTTP/1.1" 200 22
101.229.22.234 - - [28/Mar/2023:13:15:51 +0800] "GET /xingrg/all/function/internal_message.html?_=1679980550030&CODE_STATE=getMsg HTTP/1.1" 200 27
180.169.147.146 - - [28/Mar/2023:13:15:54 +0800] "GET /xingrg/check_reg.html?_=1679980553559 HTTP/1.1" 302 -
180.169.147.146 - - [28/Mar/2023:13:15:54 +0800] "GET /xingrg/all/function/internal_message.html?_=1679980553554&CODE_STATE=getMsg HTTP/1.1" 302 -
116.238.139.35 - - [28/Mar/2023:13:15:57 +0800] "GET /xingrg/all/function/internal_message.html?_=1679980558824&CODE_STATE=getMsg HTTP/1.1" 200 27
120.253.135.82 - - [28/Mar/2023:13:15:57 +0800] "GET /xingrg/all/function/internal_message.html?_=1679980689067&CODE_STATE=getMsg HTTP/1.1" 200 27
222.70.168.128 - - [28/Mar/2023:13:15:57 +0800] "GET /xingrg/all/function/internal_message.html?_=1679980564003&CODE_STATE=getMsg HTTP/1.1" 200 27
116.224.158.100 - - [28/Mar/2023:13:15:59 +0800] "GET /xingrg/all/function/internal_message.html?_=1679980559131&CODE_STATE=getMsg HTTP/1.1" 200 27
120.253.135.82 - - [28/Mar/2023:13:15:59 +0800] "GET /xingrg/all/function/internal_message.html?_=1679980391289&CODE_STATE=getMsg HTTP/1.1" 200 27
180.164.3.199 - - [28/Mar/2023:13:16:01 +0800] "GET /xingrg/all/function/internal_message.html?_=1679980561022&CODE_STATE=getMsg HTTP/1.1" 200 27
222.70.182.87 - - [28/Mar/2023:13:16:08 +0800] "GET /xingrg/all/function/internal_message.html?_=1679980567553&CODE_STATE=getMsg HTTP/1.1" 200 27
124.79.72.155 - - [28/Mar/2023:13:16:15 +0800] "GET /xingrg/all/function/internal_message.html?_=1679980580240&CODE_STATE=getMsg HTTP/1.1" 200 27
124.79.72.155 - - [28/Mar/2023:13:16:15 +0800] "GET /xingrg/check_reg.html?_=1679980580250 HTTP/1.1" 200 22
172.20.0.100 - - [28/Mar/2023:13:16:22 +0800] "GET /xingrg/check_reg.html?_=1679980587280 HTTP/1.1" 200 22
180.157.253.110 - - [28/Mar/2023:13:16:23 +0800] "GET /xingrg/all/function/internal_message.html?_=1679980584100&CODE_STATE=getMsg HTTP/1.1" 200 27
180.162.110.158 - - [28/Mar/2023:13:16:32 +0800] "GET /xingrg/all/function/internal_message.html?_=1679979486597&CODE_STATE=getMsg HTTP/1.1" 200 27
180.169.147.146 - - [28/Mar/2023:13:16:37 +0800] "GET /xingrg/all/function/internal_message.html?_=1679980596677&CODE_STATE=getMsg HTTP/1.1" 200 27
