180.169.147.146 - - [28/Mar/2023:09:11:40 +0800] "GET /xingrg/javascript/jquery_tools/jquery.tools.min.js HTTP/1.1" 200 138801
180.169.147.146 - - [28/Mar/2023:09:11:40 +0800] "GET /xingrg/javascript/jquery_tools/fix.css HTTP/1.1" 200 1702
180.169.147.146 - - [28/Mar/2023:09:11:40 +0800] "GET /xingrg/javascript/jquery_tools/table.css HTTP/1.1" 200 1032
180.169.147.146 - - [28/Mar/2023:09:11:40 +0800] "GET /xingrg/javascript/jquery_tools/jquery.tools.extend.js HTTP/1.1" 200 15385
180.169.147.146 - - [28/Mar/2023:09:11:40 +0800] "GET /xingrg/javascript/jquery_tools/jquery.tools.hotkey.js HTTP/1.1" 200 3242
180.169.147.146 - - [28/Mar/2023:09:11:40 +0800] "GET /xingrg/javascript/jquery_tools/jquery.tools.table.js HTTP/1.1" 200 6994
180.169.147.146 - - [28/Mar/2023:09:11:40 +0800] "GET /xingrg/javascript/jquery_tools/list_manager.js HTTP/1.1" 200 3652
180.169.147.146 - - [28/Mar/2023:09:11:40 +0800] "GET /xingrg/javascript/auto/jquery.autocomplete.js HTTP/1.1" 200 21624
180.169.147.146 - - [28/Mar/2023:09:11:40 +0800] "GET /xingrg/javascript/jquery.cookie.js HTTP/1.1" 200 5513
180.169.147.146 - - [28/Mar/2023:09:11:40 +0800] "GET /xingrg/javascript/easyui/easyloader.js HTTP/1.1" 200 5975
180.169.147.146 - - [28/Mar/2023:09:11:40 +0800] "GET /xingrg/javascript/easyui/themes/icons/edit_add_new.png HTTP/1.1" 200 2997
180.169.147.146 - - [28/Mar/2023:09:11:40 +0800] "GET /xingrg/javascript/easyui/themes/icons/cance_new.png HTTP/1.1" 200 3986
180.169.147.146 - - [28/Mar/2023:09:11:40 +0800] "GET /xingrg/javascript/easyui/themes/icons/check_new.png HTTP/1.1" 200 3224
180.169.147.146 - - [28/Mar/2023:09:11:40 +0800] "GET /xingrg/javascript/easyui/themes/icons/uncheck_new.png HTTP/1.1" 200 3197
180.169.147.146 - - [28/Mar/2023:09:11:40 +0800] "GET /xingrg/javascript/easyui/themes/icons/field_new.png HTTP/1.1" 200 1097
180.169.147.146 - - [28/Mar/2023:09:11:40 +0800] "GET /xingrg/javascript/easyui/plugins/jquery.parser.js HTTP/1.1" 200 1142
180.169.147.146 - - [28/Mar/2023:09:11:41 +0800] "POST /xingrg/kc/base/check_list_operate.html HTTP/1.1" 200 781
114.83.216.127 - - [28/Mar/2023:09:11:41 +0800] "GET /xingrg/kc/buy/cgsh_order_operate.html?command=get_materiel&rest_code=00149&code=00101008150&supplier_code=00100008&order_time=2023-03-28 HTTP/1.1" 200 409
180.169.147.146 - - [28/Mar/2023:09:11:43 +0800] "POST /xingrg/kc/base/check_list_operate.html HTTP/1.1" 200 5517
124.78.155.10 - - [28/Mar/2023:09:11:47 +0800] "GET /xingrg/kc/buy/cgsh_order_operate.html?command=get_materiel&rest_code=00106&code=00101008110&supplier_code=00100007&order_time=2023-03-28 HTTP/1.1" 200 409
101.229.22.234 - - [28/Mar/2023:09:11:51 +0800] "GET /xingrg/all/function/internal_message.html?_=1679965909612&CODE_STATE=getMsg HTTP/1.1" 200 27
180.169.147.146 - - [28/Mar/2023:09:11:51 +0800] "GET /xingrg/javascript/easyui/themes/default/images/button_plain_hover.png HTTP/1.1" 200 144
180.169.147.146 - - [28/Mar/2023:09:11:54 +0800] "GET /xingrg/all/function/internal_message.html?_=1679965913540&CODE_STATE=getMsg HTTP/1.1" 200 27
116.224.158.100 - - [28/Mar/2023:09:12:04 +0800] "GET /xingrg/all/function/internal_message.html?_=1679965924025&CODE_STATE=getMsg HTTP/1.1" 200 27
124.78.155.10 - - [28/Mar/2023:09:12:05 +0800] "GET /xingrg/kc/buy/cgsh_order_operate.html?command=get_materiel&rest_code=00106&code=00101008114&supplier_code=00100007&order_time=2023-03-28 HTTP/1.1" 200 413
222.70.221.209 - - [28/Mar/2023:09:12:11 +0800] "GET /xingrg/all/function/internal_message.html?_=1679966027401&CODE_STATE=getMsg HTTP/1.1" 200 27
180.169.147.146 - - [28/Mar/2023:09:12:13 +0800] "POST /xingrg/kc/base/check_list_operate.html HTTP/1.1" 200 4
124.78.155.10 - - [28/Mar/2023:09:12:14 +0800] "GET /xingrg/kc/buy/cgsh_order_operate.html?command=get_materiel&rest_code=00106&code=00101008061&supplier_code=00100007&order_time=2023-03-28 HTTP/1.1" 200 422
180.163.28.109 - - [28/Mar/2023:09:12:19 +0800] "GET /xingrg/all/function/internal_message.html?_=1679965882046&CODE_STATE=getMsg HTTP/1.1" 302 -
180.163.28.109 - - [28/Mar/2023:09:12:19 +0800] "GET /xingrg/login.html HTTP/1.1" 200 7641
124.78.155.10 - - [28/Mar/2023:09:12:19 +0800] "GET /xingrg/all/function/internal_message.html?_=1679965942039&CODE_STATE=getMsg HTTP/1.1" 200 27
124.78.155.10 - - [28/Mar/2023:09:12:19 +0800] "GET /xingrg/check_reg.html?_=1679965942043 HTTP/1.1" 200 22
222.70.168.128 - - [28/Mar/2023:09:12:24 +0800] "GET /xingrg/all/function/internal_message.html?_=1679965950340&CODE_STATE=getMsg HTTP/1.1" 200 27
116.238.139.35 - - [28/Mar/2023:09:12:25 +0800] "GET /xingrg/all/function/internal_message.html?_=1679965947203&CODE_STATE=getMsg HTTP/1.1" 200 27
116.238.139.35 - - [28/Mar/2023:09:12:27 +0800] "GET /xingrg/check_reg.html?_=1679965866613 HTTP/1.1" 200 22
180.157.253.110 - - [28/Mar/2023:09:12:27 +0800] "GET /xingrg/all/function/internal_message.html?_=1679965948502&CODE_STATE=getMsg HTTP/1.1" 200 27
116.238.139.35 - - [28/Mar/2023:09:12:28 +0800] "GET /xingrg/all/function/internal_message.html?_=1679965867252&CODE_STATE=getMsg HTTP/1.1" 200 27
180.169.147.146 - - [28/Mar/2023:09:12:29 +0800] "POST /xingrg/kc/base/check_list_operate.html HTTP/1.1" 200 5417
114.83.216.127 - - [28/Mar/2023:09:12:32 +0800] "GET /xingrg/all/function/internal_message.html?_=1679965950898&CODE_STATE=getMsg HTTP/1.1" 200 27
114.83.216.127 - - [28/Mar/2023:09:12:32 +0800] "POST /xingrg/kc/buy/cgsh_order_operate.html HTTP/1.1" 200 37
180.169.147.146 - - [28/Mar/2023:09:12:49 +0800] "POST /xingrg/kc/base/check_list_operate.html HTTP/1.1" 200 4
114.83.216.127 - - [28/Mar/2023:09:12:49 +0800] "POST /xingrg/kc/buy/cgsh_order_operate.html HTTP/1.1" 200 205
101.229.22.234 - - [28/Mar/2023:09:12:51 +0800] "GET /xingrg/all/function/internal_message.html?_=1679965969628&CODE_STATE=getMsg HTTP/1.1" 200 27
180.169.147.146 - - [28/Mar/2023:09:12:51 +0800] "POST /xingrg/kc/base/check_list_operate.html HTTP/1.1" 200 5526
116.224.158.100 - - [28/Mar/2023:09:12:53 +0800] "POST /xingrg/kc/buy/cgsh_order_operate.html HTTP/1.1" 200 37
180.169.147.146 - - [28/Mar/2023:09:12:54 +0800] "GET /xingrg/all/function/internal_message.html?_=1679965973538&CODE_STATE=getMsg HTTP/1.1" 200 27
180.169.147.146 - - [28/Mar/2023:09:12:55 +0800] "GET /xingrg/kc/report/report_main.html HTTP/1.1" 200 7340
180.169.147.146 - - [28/Mar/2023:09:12:55 +0800] "GET /xingrg/javascript/jquery_ui/themes/humanity/humanity.css HTTP/1.1" 200 27801
180.169.147.146 - - [28/Mar/2023:09:12:55 +0800] "GET /xingrg/javascript/pic_change.js HTTP/1.1" 200 4739
180.169.147.146 - - [28/Mar/2023:09:12:55 +0800] "GET /xingrg/javascript/json2.js HTTP/1.1" 200 11259
180.169.147.146 - - [28/Mar/2023:09:12:55 +0800] "GET /xingrg/javascript/jquery_easy_ui/themes/icons/back_new.png HTTP/1.1" 200 3414
124.78.155.10 - - [28/Mar/2023:09:12:55 +0800] "GET /xingrg/kc/buy/cgsh_order_operate.html?command=get_materiel&rest_code=00106&code=00101008706&supplier_code=00100007&order_time=2023-03-28 HTTP/1.1" 200 23
116.224.158.100 - - [28/Mar/2023:09:12:56 +0800] "POST /xingrg/kc/buy/cgsh_order_operate.html HTTP/1.1" 200 22150
116.224.158.100 - - [28/Mar/2023:09:12:57 +0800] "GET /xingrg/kc/print/load_data.html?order_code=212023032810395&kc_code=cgsh&condition= HTTP/1.1" 200 7982
116.224.158.100 - - [28/Mar/2023:09:13:04 +0800] "GET /xingrg/all/function/internal_message.html?_=1679965984036&CODE_STATE=getMsg HTTP/1.1" 200 27
116.224.158.100 - - [28/Mar/2023:09:13:04 +0800] "GET /xingrg/check_reg.html?_=1679965984037 HTTP/1.1" 200 22
124.78.155.10 - - [28/Mar/2023:09:13:08 +0800] "POST /xingrg/kc/buy/cgsh_order_operate.html HTTP/1.1" 200 37
222.70.221.209 - - [28/Mar/2023:09:13:11 +0800] "GET /xingrg/all/function/internal_message.html?_=1679966087376&CODE_STATE=getMsg HTTP/1.1" 200 27
124.78.155.10 - - [28/Mar/2023:09:13:16 +0800] "POST /xingrg/kc/buy/cgsh_order_operate.html HTTP/1.1" 200 24508
124.78.155.10 - - [28/Mar/2023:09:13:19 +0800] "GET /xingrg/all/function/internal_message.html?_=1679966002042&CODE_STATE=getMsg HTTP/1.1" 200 27
222.70.168.128 - - [28/Mar/2023:09:13:24 +0800] "GET /xingrg/all/function/internal_message.html?_=1679966010342&CODE_STATE=getMsg HTTP/1.1" 200 27
116.238.139.35 - - [28/Mar/2023:09:13:25 +0800] "GET /xingrg/check_reg.html?_=1679966007189 HTTP/1.1" 200 22
116.238.139.35 - - [28/Mar/2023:09:13:25 +0800] "GET /xingrg/all/function/internal_message.html?_=1679966007193&CODE_STATE=getMsg HTTP/1.1" 200 27
180.157.253.110 - - [28/Mar/2023:09:13:27 +0800] "GET /xingrg/all/function/internal_message.html?_=1679966008504&CODE_STATE=getMsg HTTP/1.1" 200 27
116.238.139.35 - - [28/Mar/2023:09:13:28 +0800] "GET /xingrg/all/function/internal_message.html?_=1679965927265&CODE_STATE=getMsg HTTP/1.1" 200 27
114.83.216.127 - - [28/Mar/2023:09:13:32 +0800] "GET /xingrg/all/function/internal_message.html?_=1679966010864&CODE_STATE=getMsg HTTP/1.1" 200 27
114.83.216.127 - - [28/Mar/2023:09:13:43 +0800] "POST /xingrg/services/DataTransmitService HTTP/1.1" 200 524
180.163.28.109 - - [28/Mar/2023:09:13:46 +0800] "GET /xingrg/kc/buy/cgsh_order_operate.html?command=get_materiel&rest_code=00106&code=00101008706&supplier_code=00100007&order_time=2023-03-28 HTTP/1.1" 302 -
180.163.28.109 - - [28/Mar/2023:09:13:46 +0800] "GET /xingrg/login.html HTTP/1.1" 200 7641
101.229.22.234 - - [28/Mar/2023:09:13:51 +0800] "GET /xingrg/all/function/internal_message.html?_=1679966029626&CODE_STATE=getMsg HTTP/1.1" 200 27
124.78.155.10 - - [28/Mar/2023:09:13:53 +0800] "GET /xingrg/login.html HTTP/1.1" 200 7641
124.78.155.10 - - [28/Mar/2023:09:13:53 +0800] "GET /favicon.ico HTTP/1.1" 404 -
180.169.147.146 - - [28/Mar/2023:09:13:54 +0800] "GET /xingrg/all/function/internal_message.html?_=1679966033539&CODE_STATE=getMsg HTTP/1.1" 200 27
124.78.155.10 - - [28/Mar/2023:09:13:59 +0800] "POST /xingrg/login.do HTTP/1.1" 302 -
124.78.155.10 - - [28/Mar/2023:09:13:59 +0800] "GET /xingrg/index.html?sysBaseUrl=http%3A%2F%2F180.169.147.146%3A18081%2Fxingrg%2F&costTime=843×tamp=1679966039420 HTTP/1.1" 200 17173
124.78.155.10 - - [28/Mar/2023:09:13:59 +0800] "GET /favicon.ico HTTP/1.1" 404 -
124.78.155.10 - - [28/Mar/2023:09:14:00 +0800] "POST /xingrg/all/common/load_tree.html?tree=area_rest_tree_json&manage=1 HTTP/1.1" 200 342
124.78.155.10 - - [28/Mar/2023:09:14:00 +0800] "GET /xingrg/all/function/internal_message.html?_=1679966042765&CODE_STATE=count HTTP/1.1" 200 11
124.78.155.10 - - [28/Mar/2023:09:14:00 +0800] "GET /xingrg/check_reg.html?_=1679966042767 HTTP/1.1" 200 22
124.78.155.10 - - [28/Mar/2023:09:14:00 +0800] "POST /xingrg/load_menu.html HTTP/1.1" 200 5138
116.224.158.100 - - [28/Mar/2023:09:14:04 +0800] "GET /xingrg/all/function/internal_message.html?_=1679966044043&CODE_STATE=getMsg HTTP/1.1" 200 27
222.70.221.209 - - [28/Mar/2023:09:14:11 +0800] "GET /xingrg/all/function/internal_message.html?_=1679966147385&CODE_STATE=getMsg HTTP/1.1" 200 27
114.83.216.127 - - [28/Mar/2023:09:14:12 +0800] "POST /xingrg/services/DataTransmitService HTTP/1.1" 200 501
114.83.216.127 - - [28/Mar/2023:09:14:13 +0800] "POST /xingrg/services/DataTransmitService HTTP/1.1" 200 501
124.78.155.10 - - [28/Mar/2023:09:14:18 +0800] "GET /xingrg/kc/buy/buy_main.html HTTP/1.1" 200 12412
124.78.155.10 - - [28/Mar/2023:09:14:18 +0800] "GET /xingrg/css/new_ie.css HTTP/1.1" 404 1036
124.78.155.10 - - [28/Mar/2023:09:14:18 +0800] "GET /xingrg/images/yd/bt.gif HTTP/1.1" 404 1040
180.163.29.212 - - [28/Mar/2023:09:14:19 +0800] "GET /xingrg/all/function/internal_message.html?_=1679966002042&CODE_STATE=getMsg HTTP/1.1" 302 -
180.163.29.212 - - [28/Mar/2023:09:14:19 +0800] "GET /xingrg/login.html HTTP/1.1" 200 7641
124.78.155.10 - - [28/Mar/2023:09:14:19 +0800] "GET /xingrg/kc/buy/cgsh_order_list.html HTTP/1.1" 200 54179
124.78.155.10 - - [28/Mar/2023:09:14:23 +0800] "POST /xingrg/kc/buy/cgsh_list_operate.html HTTP/1.1" 200 1869
222.70.168.128 - - [28/Mar/2023:09:14:24 +0800] "GET /xingrg/all/function/internal_message.html?_=1679966070464&CODE_STATE=getMsg HTTP/1.1" 200 27
116.238.139.35 - - [28/Mar/2023:09:14:25 +0800] "GET /xingrg/all/function/internal_message.html?_=1679966067195&CODE_STATE=getMsg HTTP/1.1" 200 27
124.78.155.10 - - [28/Mar/2023:09:14:26 +0800] "POST /xingrg/kc/buy/cgsh_list_operate.html HTTP/1.1" 200 560
180.157.253.110 - - [28/Mar/2023:09:14:27 +0800] "GET /xingrg/all/function/internal_message.html?_=1679966068513&CODE_STATE=getMsg HTTP/1.1" 200 27
124.78.155.10 - - [28/Mar/2023:09:14:28 +0800] "GET /xingrg/kc/buy/cgsh_order_info.html?code=212023032810394 HTTP/1.1" 200 69970
116.238.139.35 - - [28/Mar/2023:09:14:28 +0800] "GET /xingrg/all/function/internal_message.html?_=1679965987279&CODE_STATE=getMsg HTTP/1.1" 200 27
124.78.155.10 - - [28/Mar/2023:09:14:28 +0800] "GET /xingrg/javascript/easyui/themes/default/validatebox.css HTTP/1.1" 404 1104
124.78.155.10 - - [28/Mar/2023:09:14:28 +0800] "GET /xingrg/all/common/auto_word.html?type=employee&rest_code=00106 HTTP/1.1" 200 205
124.78.155.10 - - [28/Mar/2023:09:14:28 +0800] "GET /xingrg/all/common/auto_word.html?type=employee&rest_code=00106 HTTP/1.1" 200 205
124.78.155.10 - - [28/Mar/2023:09:14:29 +0800] "POST /xingrg/kc/buy/cgsh_order_operate.html HTTP/1.1" 200 24508
114.83.216.127 - - [28/Mar/2023:09:14:31 +0800] "POST /xingrg/services/DataTransmitService HTTP/1.1" 200 501
114.83.216.127 - - [28/Mar/2023:09:14:32 +0800] "GET /xingrg/check_reg.html?_=1679966070891 HTTP/1.1" 200 22
114.83.216.127 - - [28/Mar/2023:09:14:32 +0800] "GET /xingrg/all/function/internal_message.html?_=1679966070904&CODE_STATE=getMsg HTTP/1.1" 200 27
124.78.155.10 - - [28/Mar/2023:09:14:38 +0800] "GET /xingrg/javascript/auto/indicator.gif HTTP/1.1" 404 1066
114.83.216.127 - - [28/Mar/2023:09:14:45 +0800] "POST /xingrg/kc/buy/cgsh_order_operate.html HTTP/1.1" 200 37
124.78.155.10 - - [28/Mar/2023:09:14:48 +0800] "GET /xingrg/kc/buy/cgsh_order_operate.html?command=get_materiel&rest_code=00106&code=00101008706&supplier_code=00100007&order_time=2023-03-28 HTTP/1.1" 200 23
101.229.22.234 - - [28/Mar/2023:09:14:51 +0800] "GET /xingrg/all/function/internal_message.html?_=1679966089624&CODE_STATE=getMsg HTTP/1.1" 200 27
101.229.22.234 - - [28/Mar/2023:09:14:51 +0800] "GET /xingrg/check_reg.html?_=1679966089625 HTTP/1.1" 200 22
124.78.155.10 - - [28/Mar/2023:09:14:52 +0800] "GET /xingrg/login.html HTTP/1.1" 200 7641
124.78.155.10 - - [28/Mar/2023:09:14:52 +0800] "GET /favicon.ico HTTP/1.1" 404 -
180.169.147.146 - - [28/Mar/2023:09:14:54 +0800] "GET /xingrg/all/function/internal_message.html?_=1679966093536&CODE_STATE=getMsg HTTP/1.1" 200 27
124.78.155.10 - - [28/Mar/2023:09:14:56 +0800] "POST /xingrg/login.do HTTP/1.1" 302 -
124.78.155.10 - - [28/Mar/2023:09:14:57 +0800] "POST /xingrg/login.do HTTP/1.1" 302 -
124.78.155.10 - - [28/Mar/2023:09:14:59 +0800] "POST /xingrg/login.do HTTP/1.1" 302 -
124.78.155.10 - - [28/Mar/2023:09:14:59 +0800] "GET /xingrg/index.html?sysBaseUrl=http%3A%2F%2F180.169.147.146%3A18081%2Fxingrg%2F&costTime=1825×tamp=1679966099041 HTTP/1.1" 200 17173
124.78.155.10 - - [28/Mar/2023:09:14:59 +0800] "GET /favicon.ico HTTP/1.1" 404 -
124.78.155.10 - - [28/Mar/2023:09:14:59 +0800] "GET /xingrg/all/function/internal_message.html?_=1679966102232&CODE_STATE=count HTTP/1.1" 200 11
124.78.155.10 - - [28/Mar/2023:09:14:59 +0800] "GET /xingrg/check_reg.html?_=1679966102233 HTTP/1.1" 200 22
124.78.155.10 - - [28/Mar/2023:09:14:59 +0800] "POST /xingrg/all/common/load_tree.html?tree=area_rest_tree_json&manage=1 HTTP/1.1" 200 342
124.78.155.10 - - [28/Mar/2023:09:14:59 +0800] "POST /xingrg/load_menu.html HTTP/1.1" 200 5138
124.78.155.10 - - [28/Mar/2023:09:15:00 +0800] "GET /xingrg/kc/buy/buy_main.html HTTP/1.1" 200 12412
124.78.155.10 - - [28/Mar/2023:09:15:00 +0800] "GET /xingrg/css/new_ie.css HTTP/1.1" 404 1036
124.78.155.10 - - [28/Mar/2023:09:15:01 +0800] "GET /xingrg/images/yd/bt.gif HTTP/1.1" 404 1040
124.78.155.10 - - [28/Mar/2023:09:15:02 +0800] "GET /xingrg/kc/buy/cgsh_order_list.html HTTP/1.1" 200 54179
116.224.158.100 - - [28/Mar/2023:09:15:04 +0800] "GET /xingrg/all/function/internal_message.html?_=1679966104029&CODE_STATE=getMsg HTTP/1.1" 200 27
114.83.216.127 - - [28/Mar/2023:09:15:05 +0800] "POST /xingrg/kc/buy/cgsh_order_operate.html HTTP/1.1" 200 12
114.83.216.127 - - [28/Mar/2023:09:15:07 +0800] "POST /xingrg/services/DataTransmitService HTTP/1.1" 200 501
124.78.155.10 - - [28/Mar/2023:09:15:08 +0800] "POST /xingrg/kc/buy/cgsh_list_operate.html HTTP/1.1" 200 1869
114.83.216.127 - - [28/Mar/2023:09:15:08 +0800] "GET /xingrg/kc/buy/cgsh_order_info.html?code=212023032810396 HTTP/1.1" 200 64951
114.83.216.127 - - [28/Mar/2023:09:15:08 +0800] "GET /xingrg/javascript/easyui/themes/default/validatebox.css HTTP/1.1" 404 1104
114.83.216.127 - - [28/Mar/2023:09:15:09 +0800] "POST /xingrg/services/DataTransmitService HTTP/1.1" 200 501
114.83.216.127 - - [28/Mar/2023:09:15:09 +0800] "POST /xingrg/services/DataTransmitService HTTP/1.1" 200 501
114.83.216.127 - - [28/Mar/2023:09:15:09 +0800] "POST /xingrg/kc/buy/cgsh_order_operate.html HTTP/1.1" 200 50856
124.78.155.10 - - [28/Mar/2023:09:15:11 +0800] "POST /xingrg/kc/buy/cgsh_list_operate.html HTTP/1.1" 200 560
222.70.221.209 - - [28/Mar/2023:09:15:11 +0800] "GET /xingrg/all/function/internal_message.html?_=1679966207375&CODE_STATE=getMsg HTTP/1.1" 200 27
222.70.221.209 - - [28/Mar/2023:09:15:11 +0800] "GET /xingrg/check_reg.html?_=1679966207378 HTTP/1.1" 200 22
124.78.155.10 - - [28/Mar/2023:09:15:12 +0800] "GET /xingrg/kc/buy/cgsh_order_info.html?code=212023032810394 HTTP/1.1" 200 69970
124.78.155.10 - - [28/Mar/2023:09:15:13 +0800] "GET /xingrg/javascript/easyui/themes/default/validatebox.css HTTP/1.1" 404 1104
124.78.155.10 - - [28/Mar/2023:09:15:13 +0800] "GET /xingrg/all/common/auto_word.html?type=employee&rest_code=00106 HTTP/1.1" 200 205
124.78.155.10 - - [28/Mar/2023:09:15:13 +0800] "GET /xingrg/all/common/auto_word.html?type=employee&rest_code=00106 HTTP/1.1" 200 205
114.83.216.127 - - [28/Mar/2023:09:15:13 +0800] "GET /xingrg/kc/print/load_config.html?kc_code=cgsh HTTP/1.1" 200 1925
124.78.155.10 - - [28/Mar/2023:09:15:14 +0800] "POST /xingrg/kc/buy/cgsh_order_operate.html HTTP/1.1" 200 24508
114.83.216.127 - - [28/Mar/2023:09:15:14 +0800] "GET /xingrg/kc/print/load_data.html?order_code=212023032810396&kc_code=cgsh&condition= HTTP/1.1" 200 19677
114.83.216.127 - - [28/Mar/2023:09:15:17 +0800] "POST /xingrg/services/DataTransmitService HTTP/1.1" 200 501
114.83.216.127 - - [28/Mar/2023:09:15:17 +0800] "POST /xingrg/services/DataTransmitService HTTP/1.1" 200 501
114.83.216.127 - - [28/Mar/2023:09:15:18 +0800] "POST /xingrg/services/DataTransmitService HTTP/1.1" 200 501
114.83.216.127 - - [28/Mar/2023:09:15:19 +0800] "POST /xingrg/services/DataTransmitService HTTP/1.1" 200 412
222.70.168.128 - - [28/Mar/2023:09:15:20 +0800] "GET /xingrg/check_reg.html?_=1679966125767 HTTP/1.1" 200 22
124.78.155.10 - - [28/Mar/2023:09:15:21 +0800] "GET /xingrg/javascript/auto/indicator.gif HTTP/1.1" 404 1066
222.70.168.128 - - [28/Mar/2023:09:15:24 +0800] "GET /xingrg/all/function/internal_message.html?_=1679966130480&CODE_STATE=getMsg HTTP/1.1" 200 27
116.238.139.35 - - [28/Mar/2023:09:15:25 +0800] "GET /xingrg/all/function/internal_message.html?_=1679966127195&CODE_STATE=getMsg HTTP/1.1" 200 27
124.78.155.10 - - [28/Mar/2023:09:15:26 +0800] "GET /xingrg/kc/buy/cgsh_order_operate.html?command=get_materiel&rest_code=00106&code=00101008706&supplier_code=00100007&order_time=2023-03-28 HTTP/1.1" 200 413
180.157.253.110 - - [28/Mar/2023:09:15:27 +0800] "GET /xingrg/all/function/internal_message.html?_=1679966128515&CODE_STATE=getMsg HTTP/1.1" 200 27
116.238.139.35 - - [28/Mar/2023:09:15:28 +0800] "GET /xingrg/all/function/internal_message.html?_=1679966047364&CODE_STATE=getMsg HTTP/1.1" 200 27
114.83.216.127 - - [28/Mar/2023:09:15:32 +0800] "GET /xingrg/all/function/internal_message.html?_=1679966130885&CODE_STATE=getMsg HTTP/1.1" 200 27
124.78.155.10 - - [28/Mar/2023:09:15:41 +0800] "GET /xingrg/kc/buy/cgsh_order_operate.html?command=get_materiel&rest_code=00106&code=00101008261&supplier_code=00100007&order_time=2023-03-28 HTTP/1.1" 200 408
101.229.22.234 - - [28/Mar/2023:09:15:51 +0800] "GET /xingrg/all/function/internal_message.html?_=1679966149624&CODE_STATE=getMsg HTTP/1.1" 200 27
180.169.147.146 - - [28/Mar/2023:09:15:54 +0800] "GET /xingrg/check_reg.html?_=1679966153557 HTTP/1.1" 200 22
180.169.147.146 - - [28/Mar/2023:09:15:54 +0800] "GET /xingrg/all/function/internal_message.html?_=1679966153564&CODE_STATE=getMsg HTTP/1.1" 200 27
124.78.155.10 - - [28/Mar/2023:09:15:55 +0800] "GET /xingrg/kc/buy/cgsh_order_operate.html?command=get_materiel&rest_code=00106&code=00101008370&supplier_code=00100007&order_time=2023-03-28 HTTP/1.1" 200 412
124.78.155.10 - - [28/Mar/2023:09:15:59 +0800] "GET /xingrg/all/function/internal_message.html?_=1679966162284&CODE_STATE=getMsg HTTP/1.1" 200 27
222.67.232.202 - - [28/Mar/2023:09:16:01 +0800] "GET /xingrg/login.html HTTP/1.1" 200 7641
222.67.232.202 - - [28/Mar/2023:09:16:01 +0800] "GET /favicon.ico HTTP/1.1" 404 -
116.224.158.100 - - [28/Mar/2023:09:16:02 +0800] "GET /xingrg/kc/buy/cgsh_order_add.html HTTP/1.1" 200 70043
116.224.158.100 - - [28/Mar/2023:09:16:02 +0800] "POST /xingrg/kc/buy/cgsh_order_operate.html HTTP/1.1" 200 8245
116.224.158.100 - - [28/Mar/2023:09:16:03 +0800] "GET /xingrg/javascript/easyui/themes/default/validatebox.css HTTP/1.1" 404 1104
124.78.155.10 - - [28/Mar/2023:09:16:03 +0800] "GET /xingrg/kc/buy/cgsh_order_operate.html?command=get_materiel&rest_code=00106&code=00101008361&supplier_code=00100007&order_time=2023-03-28 HTTP/1.1" 200 408
116.224.158.100 - - [28/Mar/2023:09:16:04 +0800] "GET /xingrg/all/function/internal_message.html?_=1679966164051&CODE_STATE=getMsg HTTP/1.1" 200 27
124.78.155.10 - - [28/Mar/2023:09:16:06 +0800] "POST /xingrg/kc/buy/cgsh_order_operate.html HTTP/1.1" 200 2065
222.67.232.202 - - [28/Mar/2023:09:16:10 +0800] "POST /xingrg/login.do HTTP/1.1" 302 -
222.67.232.202 - - [28/Mar/2023:09:16:10 +0800] "GET /xingrg/index.html?sysBaseUrl=http%3A%2F%2F180.169.147.146%3A18081%2Fxingrg%2F&costTime=879×tamp=1679966170199 HTTP/1.1" 200 17503
222.67.232.202 - - [28/Mar/2023:09:16:10 +0800] "GET /favicon.ico HTTP/1.1" 404 -
222.67.232.202 - - [28/Mar/2023:09:16:10 +0800] "GET /xingrg/check_reg.html?_=1679966169597 HTTP/1.1" 200 22
222.67.232.202 - - [28/Mar/2023:09:16:10 +0800] "POST /xingrg/all/common/load_tree.html?tree=area_rest_tree_json&manage=1 HTTP/1.1" 200 3499
222.67.232.202 - - [28/Mar/2023:09:16:10 +0800] "GET /xingrg/all/function/internal_message.html?_=1679966169596&CODE_STATE=count HTTP/1.1" 200 11
222.67.232.202 - - [28/Mar/2023:09:16:10 +0800] "POST /xingrg/load_menu.html HTTP/1.1" 200 11443
222.70.221.209 - - [28/Mar/2023:09:16:11 +0800] "GET /xingrg/all/function/internal_message.html?_=1679966267383&CODE_STATE=getMsg HTTP/1.1" 200 27
124.78.155.10 - - [28/Mar/2023:09:16:13 +0800] "GET /xingrg/kc/buy/cgsh_order_operate.html?command=get_materiel&rest_code=00106&code=00101008355&supplier_code=00100007&order_time=2023-03-28 HTTP/1.1" 200 408
124.78.155.10 - - [28/Mar/2023:09:16:22 +0800] "GET /xingrg/kc/buy/cgsh_order_operate.html?command=get_materiel&rest_code=00106&code=00101008155&supplier_code=00100007&order_time=2023-03-28 HTTP/1.1" 200 408
222.67.232.202 - - [28/Mar/2023:09:16:24 +0800] "POST /xingrg/all/user/operate.html HTTP/1.1" 200 36
222.67.232.202 - - [28/Mar/2023:09:16:24 +0800] "GET /xingrg/index.html?sysBaseUrl=http%3A%2F%2F180.169.147.146%3A18081%2Fxingrg%2F&costTime=879×tamp=1679966170199 HTTP/1.1" 200 17509
222.67.232.202 - - [28/Mar/2023:09:16:24 +0800] "GET /xingrg/javascript/jquery_easy_ui/themes/default/easyui.css HTTP/1.1" 304 -
222.67.232.202 - - [28/Mar/2023:09:16:24 +0800] "GET /xingrg/javascript/jquery_easy_ui/themes/icon.css HTTP/1.1" 304 -
222.67.232.202 - - [28/Mar/2023:09:16:24 +0800] "GET /xingrg/css/form.css HTTP/1.1" 304 -
172.20.0.100 - - [28/Mar/2023:09:16:24 +0800] "GET /xingrg/check_reg.html?_=1679966188175 HTTP/1.1" 302 -
222.67.232.202 - - [28/Mar/2023:09:16:24 +0800] "GET /xingrg/javascript/jquery-1.4.2.min.js HTTP/1.1" 304 -
222.67.232.202 - - [28/Mar/2023:09:16:24 +0800] "GET /xingrg/javascript/jquery_easy_ui/jquery.easyui.min.js HTTP/1.1" 304 -
222.67.232.202 - - [28/Mar/2023:09:16:24 +0800] "GET /xingrg/javascript/jquery_easy_ui/easyui-lang-zh_CN.js HTTP/1.1" 304 -
222.67.232.202 - - [28/Mar/2023:09:16:24 +0800] "GET /xingrg/javascript/jquery.form.js HTTP/1.1" 304 -
222.67.232.202 - - [28/Mar/2023:09:16:24 +0800] "GET /xingrg/javascript/jquery.utils.js HTTP/1.1" 304 -
222.67.232.202 - - [28/Mar/2023:09:16:24 +0800] "GET /xingrg/javascript/jquery.timers.js HTTP/1.1" 304 -
222.67.232.202 - - [28/Mar/2023:09:16:24 +0800] "GET /xingrg/images/blue/jxLogo.png HTTP/1.1" 304 -
222.67.232.202 - - [28/Mar/2023:09:16:24 +0800] "GET /xingrg/images/blue/navBackgound.jpg HTTP/1.1" 304 -
222.67.232.202 - - [28/Mar/2023:09:16:24 +0800] "GET /xingrg/javascript/jquery_easy_ui/themes/icons/settle_new.png HTTP/1.1" 304 -
222.67.232.202 - - [28/Mar/2023:09:16:24 +0800] "GET /xingrg/check_reg.html?_=1679966183284 HTTP/1.1" 200 22
222.67.232.202 - - [28/Mar/2023:09:16:24 +0800] "GET /xingrg/all/function/internal_message.html?_=1679966183284&CODE_STATE=count HTTP/1.1" 200 11
222.67.232.202 - - [28/Mar/2023:09:16:24 +0800] "GET /xingrg/javascript/jquery_easy_ui/themes/default/images/tabs_rightarrow.png HTTP/1.1" 304 -
222.67.232.202 - - [28/Mar/2023:09:16:24 +0800] "GET /xingrg/javascript/jquery_easy_ui/themes/default/images/panel_tool_collapse.gif HTTP/1.1" 304 -
222.67.232.202 - - [28/Mar/2023:09:16:24 +0800] "GET /xingrg/javascript/jquery_easy_ui/themes/default/images/panel_tool_expand.gif HTTP/1.1" 304 -
222.67.232.202 - - [28/Mar/2023:09:16:24 +0800] "GET /xingrg/javascript/jquery_easy_ui/themes/default/images/tabs_leftarrow.png HTTP/1.1" 304 -
222.67.232.202 - - [28/Mar/2023:09:16:24 +0800] "GET /xingrg/images/blue/pingpu.png HTTP/1.1" 304 -
222.67.232.202 - - [28/Mar/2023:09:16:24 +0800] "POST /xingrg/all/common/load_tree.html?tree=area_rest_tree_json&manage=1 HTTP/1.1" 200 3499
222.67.232.202 - - [28/Mar/2023:09:16:24 +0800] "POST /xingrg/load_menu.html HTTP/1.1" 200 9959
222.70.168.128 - - [28/Mar/2023:09:16:24 +0800] "GET /xingrg/all/function/internal_message.html?_=1679966190492&CODE_STATE=getMsg HTTP/1.1" 200 27
116.238.139.35 - - [28/Mar/2023:09:16:25 +0800] "GET /xingrg/all/function/internal_message.html?_=1679966187196&CODE_STATE=getMsg HTTP/1.1" 200 27
222.67.232.202 - - [28/Mar/2023:09:16:26 +0800] "GET /xingrg/kc/buy/cgsh_order_list.html HTTP/1.1" 200 54440
180.157.253.110 - - [28/Mar/2023:09:16:27 +0800] "GET /xingrg/all/function/internal_message.html?_=1679966188500&CODE_STATE=getMsg HTTP/1.1" 200 27
180.157.253.110 - - [28/Mar/2023:09:16:27 +0800] "GET /xingrg/check_reg.html?_=1679966188504 HTTP/1.1" 200 22
116.238.139.35 - - [28/Mar/2023:09:16:28 +0800] "GET /xingrg/all/function/internal_message.html?_=1679966107369&CODE_STATE=getMsg HTTP/1.1" 200 27
222.67.232.202 - - [28/Mar/2023:09:16:29 +0800] "POST /xingrg/kc/buy/cgsh_list_operate.html HTTP/1.1" 200 986
114.83.216.127 - - [28/Mar/2023:09:16:32 +0800] "GET /xingrg/all/function/internal_message.html?_=1679966190869&CODE_STATE=getMsg HTTP/1.1" 200 27
222.67.232.202 - - [28/Mar/2023:09:16:33 +0800] "GET /xingrg/javascript/auto/indicator.gif HTTP/1.1" 404 1066
124.78.155.10 - - [28/Mar/2023:09:16:42 +0800] "GET /xingrg/kc/buy/cgsh_order_operate.html?command=get_materiel&rest_code=00106&code=00101008350&supplier_code=00100007&order_time=2023-03-28 HTTP/1.1" 200 408
222.67.232.202 - - [28/Mar/2023:09:16:42 +0800] "POST /xingrg/kc/buy/cgsh_list_operate.html HTTP/1.1" 200 986
222.67.232.202 - - [28/Mar/2023:09:16:49 +0800] "POST /xingrg/kc/buy/cgsh_list_operate.html HTTP/1.1" 200 1894
101.229.22.234 - - [28/Mar/2023:09:16:51 +0800] "GET /xingrg/all/function/internal_message.html?_=1679966209622&CODE_STATE=getMsg HTTP/1.1" 200 27
222.67.232.202 - - [28/Mar/2023:09:16:52 +0800] "POST /xingrg/kc/buy/cgsh_list_operate.html HTTP/1.1" 200 558
180.169.147.146 - - [28/Mar/2023:09:16:54 +0800] "GET /xingrg/all/function/internal_message.html?_=1679966213540&CODE_STATE=getMsg HTTP/1.1" 200 27
124.78.155.10 - - [28/Mar/2023:09:16:55 +0800] "POST /xingrg/kc/buy/cgsh_order_operate.html HTTP/1.1" 200 37
222.67.232.202 - - [28/Mar/2023:09:16:57 +0800] "POST /xingrg/kc/buy/cgsh_list_operate.html HTTP/1.1" 200 4
124.78.155.10 - - [28/Mar/2023:09:16:59 +0800] "GET /xingrg/all/function/internal_message.html?_=1679966222257&CODE_STATE=getMsg HTTP/1.1" 200 27
124.78.155.10 - - [28/Mar/2023:09:16:59 +0800] "POST /xingrg/kc/buy/cgsh_order_operate.html HTTP/1.1" 200 28654
116.224.158.100 - - [28/Mar/2023:09:17:04 +0800] "GET /xingrg/all/function/internal_message.html?_=1679966224035&CODE_STATE=getMsg HTTP/1.1" 200 27
180.163.28.109 - - [28/Mar/2023:09:17:10 +0800] "GET /xingrg/kc/buy/cgsh_order_operate.html?command=get_materiel&rest_code=00106&code=00101008355&supplier_code=00100007&order_time=2023-03-28 HTTP/1.1" 302 -
180.163.28.109 - - [28/Mar/2023:09:17:10 +0800] "GET /xingrg/login.html HTTP/1.1" 200 7641
222.67.232.202 - - [28/Mar/2023:09:17:11 +0800] "POST /xingrg/kc/buy/cgsh_list_operate.html HTTP/1.1" 200 1869
222.70.221.209 - - [28/Mar/2023:09:17:11 +0800] "GET /xingrg/all/function/internal_message.html?_=1679966327400&CODE_STATE=getMsg HTTP/1.1" 200 27
222.67.232.202 - - [28/Mar/2023:09:17:24 +0800] "GET /xingrg/all/function/internal_message.html?_=1679966243289&CODE_STATE=getMsg HTTP/1.1" 200 27
222.70.168.128 - - [28/Mar/2023:09:17:25 +0800] "GET /xingrg/all/function/internal_message.html?_=1679966250607&CODE_STATE=getMsg HTTP/1.1" 200 27
116.238.139.35 - - [28/Mar/2023:09:17:25 +0800] "GET /xingrg/all/function/internal_message.html?_=1679966247198&CODE_STATE=getMsg HTTP/1.1" 200 27
116.238.139.35 - - [28/Mar/2023:09:17:27 +0800] "GET /xingrg/check_reg.html?_=1679966166693 HTTP/1.1" 200 22
180.157.253.110 - - [28/Mar/2023:09:17:27 +0800] "GET /xingrg/all/function/internal_message.html?_=1679966248512&CODE_STATE=getMsg HTTP/1.1" 200 27
116.238.139.35 - - [28/Mar/2023:09:17:28 +0800] "GET /xingrg/all/function/internal_message.html?_=1679966167382&CODE_STATE=getMsg HTTP/1.1" 200 27
114.83.216.127 - - [28/Mar/2023:09:17:32 +0800] "GET /xingrg/all/function/internal_message.html?_=1679966250842&CODE_STATE=getMsg HTTP/1.1" 200 27
101.229.22.234 - - [28/Mar/2023:09:17:51 +0800] "GET /xingrg/all/function/internal_message.html?_=1679966269621&CODE_STATE=getMsg HTTP/1.1" 200 27
180.169.147.146 - - [28/Mar/2023:09:17:54 +0800] "GET /xingrg/all/function/internal_message.html?_=1679966273536&CODE_STATE=getMsg HTTP/1.1" 200 27
124.78.155.10 - - [28/Mar/2023:09:17:59 +0800] "GET /xingrg/all/function/internal_message.html?_=1679966282255&CODE_STATE=getMsg HTTP/1.1" 200 27
116.224.158.100 - - [28/Mar/2023:09:18:04 +0800] "GET /xingrg/all/function/internal_message.html?_=1679966284042&CODE_STATE=getMsg HTTP/1.1" 200 27
116.224.158.100 - - [28/Mar/2023:09:18:04 +0800] "GET /xingrg/check_reg.html?_=1679966284045 HTTP/1.1" 200 22
222.70.221.209 - - [28/Mar/2023:09:18:11 +0800] "GET /xingrg/all/function/internal_message.html?_=1679966387399&CODE_STATE=getMsg HTTP/1.1" 200 27
222.70.168.128 - - [28/Mar/2023:09:18:25 +0800] "GET /xingrg/all/function/internal_message.html?_=1679966310614&CODE_STATE=getMsg HTTP/1.1" 200 27
116.238.139.35 - - [28/Mar/2023:09:18:25 +0800] "GET /xingrg/check_reg.html?_=1679966307200 HTTP/1.1" 200 22
116.238.139.35 - - [28/Mar/2023:09:18:25 +0800] "GET /xingrg/all/function/internal_message.html?_=1679966307204&CODE_STATE=getMsg HTTP/1.1" 200 27
180.157.253.110 - - [28/Mar/2023:09:18:27 +0800] "GET /xingrg/all/function/internal_message.html?_=1679966308512&CODE_STATE=getMsg HTTP/1.1" 200 27
116.238.139.35 - - [28/Mar/2023:09:18:28 +0800] "GET /xingrg/all/function/internal_message.html?_=1679966227396&CODE_STATE=getMsg HTTP/1.1" 200 27
114.83.216.127 - - [28/Mar/2023:09:18:32 +0800] "GET /xingrg/all/function/internal_message.html?_=1679966310828&CODE_STATE=getMsg HTTP/1.1" 200 27
101.229.22.234 - - [28/Mar/2023:09:18:51 +0800] "GET /xingrg/all/function/internal_message.html?_=1679966329619&CODE_STATE=getMsg HTTP/1.1" 200 27
180.169.147.146 - - [28/Mar/2023:09:18:54 +0800] "GET /xingrg/all/function/internal_message.html?_=1679966333551&CODE_STATE=getMsg HTTP/1.1" 200 27
124.78.155.10 - - [28/Mar/2023:09:18:59 +0800] "GET /xingrg/all/function/internal_message.html?_=1679966342257&CODE_STATE=getMsg HTTP/1.1" 200 27
116.224.158.100 - - [28/Mar/2023:09:19:04 +0800] "GET /xingrg/all/function/internal_message.html?_=1679966344049&CODE_STATE=getMsg HTTP/1.1" 200 27
222.70.221.209 - - [28/Mar/2023:09:19:11 +0800] "GET /xingrg/all/function/internal_message.html?_=1679966447397&CODE_STATE=getMsg HTTP/1.1" 200 27
58.221.95.50 - - [28/Mar/2023:09:19:16 +0800] "GET /xingrg/check_reg.html?_=1679966356862 HTTP/1.1" 302 -
58.221.95.50 - - [28/Mar/2023:09:19:16 +0800] "GET /xingrg/login.html HTTP/1.1" 200 7641
222.70.168.128 - - [28/Mar/2023:09:19:25 +0800] "GET /xingrg/all/function/internal_message.html?_=1679966370759&CODE_STATE=getMsg HTTP/1.1" 200 27
116.238.139.35 - - [28/Mar/2023:09:19:25 +0800] "GET /xingrg/all/function/internal_message.html?_=1679966367205&CODE_STATE=getMsg HTTP/1.1" 200 27
180.157.253.110 - - [28/Mar/2023:09:19:27 +0800] "GET /xingrg/all/function/internal_message.html?_=1679966368515&CODE_STATE=getMsg HTTP/1.1" 200 27
116.238.139.35 - - [28/Mar/2023:09:19:28 +0800] "GET /xingrg/all/function/internal_message.html?_=1679966287409&CODE_STATE=getMsg HTTP/1.1" 200 27
114.83.216.127 - - [28/Mar/2023:09:19:32 +0800] "GET /xingrg/all/function/internal_message.html?_=1679966370804&CODE_STATE=getMsg HTTP/1.1" 200 27
114.83.216.127 - - [28/Mar/2023:09:19:32 +0800] "GET /xingrg/check_reg.html?_=1679966370889 HTTP/1.1" 200 22
101.229.22.234 - - [28/Mar/2023:09:19:51 +0800] "GET /xingrg/all/function/internal_message.html?_=1679966389618&CODE_STATE=getMsg HTTP/1.1" 200 27
101.229.22.234 - - [28/Mar/2023:09:19:51 +0800] "GET /xingrg/check_reg.html?_=1679966389619 HTTP/1.1" 200 22
180.169.147.146 - - [28/Mar/2023:09:19:54 +0800] "GET /xingrg/all/function/internal_message.html?_=1679966393541&CODE_STATE=getMsg HTTP/1.1" 200 27
180.157.253.110 - - [28/Mar/2023:09:19:55 +0800] "GET /xingrg/kc/buy/buy_main.html HTTP/1.1" 200 12412
180.157.253.110 - - [28/Mar/2023:09:19:55 +0800] "GET /xingrg/css/new_ie.css HTTP/1.1" 404 1036
180.157.253.110 - - [28/Mar/2023:09:19:56 +0800] "GET /xingrg/images/yd/bt.gif HTTP/1.1" 404 1040
180.157.253.110 - - [28/Mar/2023:09:19:57 +0800] "GET /xingrg/kc/buy/cgsh_order_list.html HTTP/1.1" 200 54185
180.163.29.217 - - [28/Mar/2023:09:19:59 +0800] "GET /xingrg/all/function/internal_message.html?_=1679966342257&CODE_STATE=getMsg HTTP/1.1" 302 -
180.163.29.217 - - [28/Mar/2023:09:19:59 +0800] "GET /xingrg/login.html HTTP/1.1" 200 7641
124.78.155.10 - - [28/Mar/2023:09:19:59 +0800] "GET /xingrg/check_reg.html?_=1679966402547 HTTP/1.1" 200 22
124.78.155.10 - - [28/Mar/2023:09:19:59 +0800] "GET /xingrg/all/function/internal_message.html?_=1679966402548&CODE_STATE=getMsg HTTP/1.1" 200 27
180.157.253.110 - - [28/Mar/2023:09:19:59 +0800] "POST /xingrg/kc/buy/cgsh_list_operate.html HTTP/1.1" 200 986
116.224.158.100 - - [28/Mar/2023:09:20:04 +0800] "GET /xingrg/all/function/internal_message.html?_=1679966404042&CODE_STATE=getMsg HTTP/1.1" 200 27
180.157.253.110 - - [28/Mar/2023:09:20:04 +0800] "POST /xingrg/services/DataTransmitService HTTP/1.1" 200 524
180.157.253.110 - - [28/Mar/2023:09:20:06 +0800] "POST /xingrg/services/DataTransmitService HTTP/1.1" 200 501
222.70.168.128 - - [28/Mar/2023:09:20:20 +0800] "GET /xingrg/check_reg.html?_=1679966425778 HTTP/1.1" 200 22
114.83.216.127 - - [28/Mar/2023:09:20:22 +0800] "GET /xingrg/kc/buy/cgsh_order_add.html HTTP/1.1" 200 70049
114.83.216.127 - - [28/Mar/2023:09:20:22 +0800] "POST /xingrg/kc/buy/cgsh_order_operate.html HTTP/1.1" 200 8245
114.83.216.127 - - [28/Mar/2023:09:20:22 +0800] "GET /xingrg/javascript/easyui/themes/default/validatebox.css HTTP/1.1" 404 1104
222.70.168.128 - - [28/Mar/2023:09:20:25 +0800] "GET /xingrg/all/function/internal_message.html?_=1679966430765&CODE_STATE=getMsg HTTP/1.1" 200 27
116.238.139.35 - - [28/Mar/2023:09:20:25 +0800] "GET /xingrg/all/function/internal_message.html?_=1679966427206&CODE_STATE=getMsg HTTP/1.1" 200 27
180.157.253.110 - - [28/Mar/2023:09:20:27 +0800] "GET /xingrg/all/function/internal_message.html?_=1679966428529&CODE_STATE=getMsg HTTP/1.1" 200 27
116.238.139.35 - - [28/Mar/2023:09:20:28 +0800] "GET /xingrg/all/function/internal_message.html?_=1679966347501&CODE_STATE=getMsg HTTP/1.1" 200 27
114.83.216.127 - - [28/Mar/2023:09:20:32 +0800] "GET /xingrg/all/function/internal_message.html?_=1679966430789&CODE_STATE=getMsg HTTP/1.1" 200 27
114.83.216.127 - - [28/Mar/2023:09:20:38 +0800] "GET /xingrg/kc/buy/cgsh_order_operate.html?command=get_materiel&rest_code=00149&code=00101004030&supplier_code=00100083&order_time=2023-03-28 HTTP/1.1" 200 410
101.229.22.234 - - [28/Mar/2023:09:20:51 +0800] "GET /xingrg/all/function/internal_message.html?_=1679966449618&CODE_STATE=getMsg HTTP/1.1" 200 27
180.169.147.146 - - [28/Mar/2023:09:20:54 +0800] "GET /xingrg/all/function/internal_message.html?_=1679966453545&CODE_STATE=getMsg HTTP/1.1" 200 27
180.169.147.146 - - [28/Mar/2023:09:20:54 +0800] "GET /xingrg/check_reg.html?_=1679966453550 HTTP/1.1" 200 22
114.83.216.127 - - [28/Mar/2023:09:20:54 +0800] "GET /xingrg/kc/buy/cgsh_order_operate.html?command=get_materiel&rest_code=00149&code=00101004067&supplier_code=00100083&order_time=2023-03-28 HTTP/1.1" 200 413
124.78.155.10 - - [28/Mar/2023:09:20:59 +0800] "GET /xingrg/all/function/internal_message.html?_=1679966462529&CODE_STATE=getMsg HTTP/1.1" 200 27
116.224.158.100 - - [28/Mar/2023:09:21:04 +0800] "GET /xingrg/all/function/internal_message.html?_=1679966464039&CODE_STATE=getMsg HTTP/1.1" 200 27
114.83.216.127 - - [28/Mar/2023:09:21:11 +0800] "GET /xingrg/kc/buy/cgsh_order_operate.html?command=get_materiel&rest_code=00149&code=00101004101&supplier_code=00100083&order_time=2023-03-28 HTTP/1.1" 200 413
172.20.0.100 - - [28/Mar/2023:09:21:24 +0800] "GET /xingrg/check_reg.html?_=1679966488150 HTTP/1.1" 302 -
222.70.168.128 - - [28/Mar/2023:09:21:25 +0800] "GET /xingrg/all/function/internal_message.html?_=1679966490778&CODE_STATE=getMsg HTTP/1.1" 200 27
116.238.139.35 - - [28/Mar/2023:09:21:25 +0800] "GET /xingrg/all/function/internal_message.html?_=1679966487209&CODE_STATE=getMsg HTTP/1.1" 200 27
180.157.253.110 - - [28/Mar/2023:09:21:27 +0800] "GET /xingrg/check_reg.html?_=1679966488515 HTTP/1.1" 200 22
180.157.253.110 - - [28/Mar/2023:09:21:27 +0800] "GET /xingrg/all/function/internal_message.html?_=1679966488519&CODE_STATE=getMsg HTTP/1.1" 200 27
116.238.139.35 - - [28/Mar/2023:09:21:28 +0800] "GET /xingrg/all/function/internal_message.html?_=1679966407515&CODE_STATE=getMsg HTTP/1.1" 200 27
114.83.216.127 - - [28/Mar/2023:09:21:32 +0800] "GET /xingrg/all/function/internal_message.html?_=1679966490789&CODE_STATE=getMsg HTTP/1.1" 200 27
114.83.216.127 - - [28/Mar/2023:09:21:34 +0800] "POST /xingrg/kc/buy/cgsh_order_operate.html HTTP/1.1" 200 37
114.83.216.127 - - [28/Mar/2023:09:21:41 +0800] "POST /xingrg/kc/buy/cgsh_order_operate.html HTTP/1.1" 200 12
114.83.216.127 - - [28/Mar/2023:09:21:43 +0800] "GET /xingrg/kc/buy/cgsh_order_info.html?code=212023032810397 HTTP/1.1" 200 64949
114.83.216.127 - - [28/Mar/2023:09:21:43 +0800] "GET /xingrg/javascript/easyui/themes/default/validatebox.css HTTP/1.1" 404 1104
114.83.216.127 - - [28/Mar/2023:09:21:44 +0800] "POST /xingrg/kc/buy/cgsh_order_operate.html HTTP/1.1" 200 1791
114.83.216.127 - - [28/Mar/2023:09:21:47 +0800] "GET /xingrg/kc/print/load_data.html?order_code=212023032810397&kc_code=cgsh&condition= HTTP/1.1" 200 1169
101.229.22.234 - - [28/Mar/2023:09:21:51 +0800] "GET /xingrg/all/function/internal_message.html?_=1679966509641&CODE_STATE=getMsg HTTP/1.1" 200 27
180.169.147.146 - - [28/Mar/2023:09:21:54 +0800] "GET /xingrg/all/function/internal_message.html?_=1679966513550&CODE_STATE=getMsg HTTP/1.1" 200 27
124.78.155.10 - - [28/Mar/2023:09:21:59 +0800] "GET /xingrg/all/function/internal_message.html?_=1679966522501&CODE_STATE=getMsg HTTP/1.1" 200 27
116.224.158.100 - - [28/Mar/2023:09:22:04 +0800] "GET /xingrg/all/function/internal_message.html?_=1679966524038&CODE_STATE=getMsg HTTP/1.1" 200 27
120.253.135.82 - - [28/Mar/2023:09:22:16 +0800] "GET /xingrg/all/function/internal_message.html?_=1679966362668&CODE_STATE=getMsg HTTP/1.1" 200 27
120.253.135.82 - - [28/Mar/2023:09:22:16 +0800] "GET /xingrg/check_reg.html?_=1679966367415 HTTP/1.1" 200 22
222.70.168.128 - - [28/Mar/2023:09:22:25 +0800] "GET /xingrg/all/function/internal_message.html?_=1679966550903&CODE_STATE=getMsg HTTP/1.1" 200 27
116.238.139.35 - - [28/Mar/2023:09:22:25 +0800] "GET /xingrg/all/function/internal_message.html?_=1679966547209&CODE_STATE=getMsg HTTP/1.1" 200 27
116.238.139.35 - - [28/Mar/2023:09:22:27 +0800] "GET /xingrg/check_reg.html?_=1679966466768 HTTP/1.1" 200 22
180.157.253.110 - - [28/Mar/2023:09:22:27 +0800] "GET /xingrg/all/function/internal_message.html?_=1679966548526&CODE_STATE=getMsg HTTP/1.1" 200 27
120.253.135.82 - - [28/Mar/2023:09:22:28 +0800] "GET /xingrg/kc/pszx/mdqp_order_list.html?state=10 HTTP/1.1" 200 10275
120.253.135.82 - - [28/Mar/2023:09:22:28 +0800] "GET /xingrg/dwr/interface/AjaxQqpsService.js HTTP/1.1" 200 16326
120.253.135.82 - - [28/Mar/2023:09:22:28 +0800] "GET /xingrg/dwr/engine.js HTTP/1.1" 200 43631
120.253.135.82 - - [28/Mar/2023:09:22:28 +0800] "GET /xingrg/dwr/interface/AjaxReportQueryService.js HTTP/1.1" 200 13203
116.238.139.35 - - [28/Mar/2023:09:22:28 +0800] "GET /xingrg/all/function/internal_message.html?_=1679966467528&CODE_STATE=getMsg HTTP/1.1" 200 27
120.253.135.82 - - [28/Mar/2023:09:22:30 +0800] "GET /xingrg/kc/pszx/mdps_order_list.html?orderType=0 HTTP/1.1" 200 21032
120.253.135.82 - - [28/Mar/2023:09:22:30 +0800] "POST /xingrg/kc/pszx/mdps_list_operate.html HTTP/1.1" 200 5377
114.83.216.127 - - [28/Mar/2023:09:22:32 +0800] "GET /xingrg/all/function/internal_message.html?_=1679966550782&CODE_STATE=getMsg HTTP/1.1" 200 27
120.253.135.82 - - [28/Mar/2023:09:22:42 +0800] "POST /xingrg/kc/pszx/mdps_list_operate.html HTTP/1.1" 200 3919
120.253.135.82 - - [28/Mar/2023:09:22:45 +0800] "POST /xingrg/kc/pszx/mdps_list_operate.html HTTP/1.1" 200 637
114.83.216.127 - - [28/Mar/2023:09:22:45 +0800] "GET /xingrg/kc/buy/cgsh_order_add.html HTTP/1.1" 200 70049
114.83.216.127 - - [28/Mar/2023:09:22:46 +0800] "POST /xingrg/kc/buy/cgsh_order_operate.html HTTP/1.1" 200 8245
114.83.216.127 - - [28/Mar/2023:09:22:46 +0800] "GET /xingrg/javascript/easyui/themes/default/validatebox.css HTTP/1.1" 404 1104
120.253.135.82 - - [28/Mar/2023:09:22:46 +0800] "GET /xingrg/kc/pszx/mdps_order_info.html?code=312023032700611 HTTP/1.1" 200 23978
120.253.135.82 - - [28/Mar/2023:09:22:47 +0800] "GET /xingrg/javascript/easyui/themes/default/validatebox.css HTTP/1.1" 404 1104
120.253.135.82 - - [28/Mar/2023:09:22:47 +0800] "POST /xingrg/kc/pszx/mdps_order_operate.html HTTP/1.1" 200 14197
101.229.22.234 - - [28/Mar/2023:09:22:51 +0800] "GET /xingrg/all/function/internal_message.html?_=1679966569641&CODE_STATE=getMsg HTTP/1.1" 200 27
180.169.147.146 - - [28/Mar/2023:09:22:54 +0800] "GET /xingrg/all/function/internal_message.html?_=1679966573538&CODE_STATE=getMsg HTTP/1.1" 200 27
180.163.28.68 - - [28/Mar/2023:09:22:59 +0800] "GET /xingrg/all/function/internal_message.html?_=1679966522501&CODE_STATE=getMsg HTTP/1.1" 302 -
180.163.28.68 - - [28/Mar/2023:09:22:59 +0800] "GET /xingrg/login.html HTTP/1.1" 200 7641
124.78.155.10 - - [28/Mar/2023:09:22:59 +0800] "GET /xingrg/all/function/internal_message.html?_=1679966582485&CODE_STATE=getMsg HTTP/1.1" 200 27
116.224.158.100 - - [28/Mar/2023:09:23:04 +0800] "GET /xingrg/all/function/internal_message.html?_=1679966584045&CODE_STATE=getMsg HTTP/1.1" 200 27
116.224.158.100 - - [28/Mar/2023:09:23:04 +0800] "GET /xingrg/check_reg.html?_=1679966584050 HTTP/1.1" 200 22
120.253.135.82 - - [28/Mar/2023:09:23:15 +0800] "GET /xingrg/all/function/internal_message.html?_=1679966427234&CODE_STATE=getMsg HTTP/1.1" 200 27
222.70.168.128 - - [28/Mar/2023:09:23:25 +0800] "GET /xingrg/all/function/internal_message.html?_=1679966610915&CODE_STATE=getMsg HTTP/1.1" 200 27
116.238.139.35 - - [28/Mar/2023:09:23:25 +0800] "GET /xingrg/check_reg.html?_=1679966607210 HTTP/1.1" 200 22
116.238.139.35 - - [28/Mar/2023:09:23:25 +0800] "GET /xingrg/all/function/internal_message.html?_=1679966607214&CODE_STATE=getMsg HTTP/1.1" 200 27
180.157.253.110 - - [28/Mar/2023:09:23:27 +0800] "GET /xingrg/all/function/internal_message.html?_=1679966608528&CODE_STATE=getMsg HTTP/1.1" 200 27
116.238.139.35 - - [28/Mar/2023:09:23:28 +0800] "GET /xingrg/all/function/internal_message.html?_=1679966527542&CODE_STATE=getMsg HTTP/1.1" 200 27
114.83.216.127 - - [28/Mar/2023:09:23:32 +0800] "GET /xingrg/all/function/internal_message.html?_=1679966610783&CODE_STATE=getMsg HTTP/1.1" 200 27
116.224.158.100 - - [28/Mar/2023:09:23:43 +0800] "GET /xingrg/kc/buy/cgsh_order_operate.html?command=get_materiel&rest_code=00105&code=00102006934&supplier_code=00100460&order_time=2023-03-28 HTTP/1.1" 200 417
101.229.22.234 - - [28/Mar/2023:09:23:51 +0800] "GET /xingrg/all/function/internal_message.html?_=1679966629640&CODE_STATE=getMsg HTTP/1.1" 200 27
120.253.135.82 - - [28/Mar/2023:09:23:53 +0800] "POST /xingrg/kc/pszx/mdps_list_operate.html HTTP/1.1" 200 1685
180.169.147.146 - - [28/Mar/2023:09:23:54 +0800] "GET /xingrg/all/function/internal_message.html?_=1679966633534&CODE_STATE=getMsg HTTP/1.1" 200 27
120.253.135.82 - - [28/Mar/2023:09:23:54 +0800] "POST /xingrg/kc/pszx/mdps_list_operate.html HTTP/1.1" 200 210
120.253.135.82 - - [28/Mar/2023:09:23:55 +0800] "GET /xingrg/kc/pszx/mdps_order_info.html?code=312023032600596 HTTP/1.1" 200 23976
120.253.135.82 - - [28/Mar/2023:09:23:56 +0800] "GET /xingrg/javascript/easyui/themes/default/validatebox.css HTTP/1.1" 404 1104
120.253.135.82 - - [28/Mar/2023:09:23:56 +0800] "POST /xingrg/kc/pszx/mdps_order_operate.html HTTP/1.1" 200 2297
124.78.155.10 - - [28/Mar/2023:09:23:59 +0800] "GET /xingrg/all/function/internal_message.html?_=1679966642476&CODE_STATE=getMsg HTTP/1.1" 200 27
120.253.135.82 - - [28/Mar/2023:09:24:01 +0800] "POST /xingrg/kc/pszx/mdps_order_operate.html HTTP/1.1" 200 37
120.253.135.82 - - [28/Mar/2023:09:24:02 +0800] "GET /xingrg/kc/pszx/mdps_order_info.html?code=312023032600596 HTTP/1.1" 200 23976
120.253.135.82 - - [28/Mar/2023:09:24:03 +0800] "GET /xingrg/javascript/easyui/themes/default/validatebox.css HTTP/1.1" 404 1104
120.253.135.82 - - [28/Mar/2023:09:24:03 +0800] "POST /xingrg/kc/pszx/mdps_order_operate.html HTTP/1.1" 200 2297
116.224.158.100 - - [28/Mar/2023:09:24:04 +0800] "GET /xingrg/all/function/internal_message.html?_=1679966644035&CODE_STATE=getMsg HTTP/1.1" 200 27
120.253.135.82 - - [28/Mar/2023:09:24:06 +0800] "POST /xingrg/kc/pszx/mdps_order_operate.html HTTP/1.1" 200 37
120.253.135.82 - - [28/Mar/2023:09:24:09 +0800] "POST /xingrg/kc/pszx/mdps_order_operate.html HTTP/1.1" 200 12
120.253.135.82 - - [28/Mar/2023:09:24:11 +0800] "GET /xingrg/kc/pszx/mdps_order_info.html?code=312023032600596 HTTP/1.1" 200 19636
120.253.135.82 - - [28/Mar/2023:09:24:11 +0800] "GET /xingrg/javascript/easyui/themes/default/validatebox.css HTTP/1.1" 404 1104
120.253.135.82 - - [28/Mar/2023:09:24:12 +0800] "POST /xingrg/kc/pszx/mdps_order_operate.html HTTP/1.1" 200 519
120.253.135.82 - - [28/Mar/2023:09:24:13 +0800] "POST /xingrg/kc/pszx/mdps_list_operate.html HTTP/1.1" 200 868
120.253.135.82 - - [28/Mar/2023:09:24:15 +0800] "GET /xingrg/all/function/internal_message.html?_=1679966487248&CODE_STATE=getMsg HTTP/1.1" 200 27
58.221.95.50 - - [28/Mar/2023:09:24:15 +0800] "GET /xingrg/check_reg.html?_=1679966656851 HTTP/1.1" 302 -
120.253.135.82 - - [28/Mar/2023:09:24:21 +0800] "POST /xingrg/kc/pszx/mdps_list_operate.html HTTP/1.1" 200 2061
120.253.135.82 - - [28/Mar/2023:09:24:22 +0800] "POST /xingrg/kc/pszx/mdps_list_operate.html HTTP/1.1" 200 211
120.253.135.82 - - [28/Mar/2023:09:24:23 +0800] "GET /xingrg/kc/pszx/mdps_order_info.html?code=312023032700599 HTTP/1.1" 200 23978
120.253.135.82 - - [28/Mar/2023:09:24:23 +0800] "GET /xingrg/javascript/easyui/themes/default/validatebox.css HTTP/1.1" 404 1104
120.253.135.82 - - [28/Mar/2023:09:24:24 +0800] "POST /xingrg/kc/pszx/mdps_order_operate.html HTTP/1.1" 200 2291
222.70.168.128 - - [28/Mar/2023:09:24:25 +0800] "GET /xingrg/all/function/internal_message.html?_=1679966671056&CODE_STATE=getMsg HTTP/1.1" 200 27
116.238.139.35 - - [28/Mar/2023:09:24:25 +0800] "GET /xingrg/all/function/internal_message.html?_=1679966667200&CODE_STATE=getMsg HTTP/1.1" 200 27
180.157.253.110 - - [28/Mar/2023:09:24:27 +0800] "GET /xingrg/all/function/internal_message.html?_=1679966668515&CODE_STATE=getMsg HTTP/1.1" 200 27
116.238.139.35 - - [28/Mar/2023:09:24:28 +0800] "GET /xingrg/all/function/internal_message.html?_=1679966587555&CODE_STATE=getMsg HTTP/1.1" 200 27
120.253.135.82 - - [28/Mar/2023:09:24:29 +0800] "POST /xingrg/kc/pszx/mdps_order_operate.html HTTP/1.1" 200 37
120.253.135.82 - - [28/Mar/2023:09:24:30 +0800] "GET /xingrg/kc/pszx/mdps_order_info.html?code=312023032700599 HTTP/1.1" 200 23978
120.253.135.82 - - [28/Mar/2023:09:24:30 +0800] "GET /xingrg/javascript/easyui/themes/default/validatebox.css HTTP/1.1" 404 1104
120.253.135.82 - - [28/Mar/2023:09:24:31 +0800] "POST /xingrg/kc/pszx/mdps_order_operate.html HTTP/1.1" 200 2291
114.83.216.127 - - [28/Mar/2023:09:24:32 +0800] "GET /xingrg/all/function/internal_message.html?_=1679966670783&CODE_STATE=getMsg HTTP/1.1" 200 27
114.83.216.127 - - [28/Mar/2023:09:24:32 +0800] "GET /xingrg/check_reg.html?_=1679966670892 HTTP/1.1" 200 22
120.253.135.82 - - [28/Mar/2023:09:24:33 +0800] "POST /xingrg/kc/pszx/mdps_order_operate.html HTTP/1.1" 200 37
