222.70.182.87 - - [28/Mar/2023:13:26:37 +0800] "POST /xingrg/kc/buy/cgsh_order_operate.html HTTP/1.1" 200 37
180.169.147.146 - - [28/Mar/2023:13:26:38 +0800] "GET /xingrg/all/function/internal_message.html?_=1679981197179&CODE_STATE=getMsg HTTP/1.1" 200 27
222.70.182.87 - - [28/Mar/2023:13:26:39 +0800] "POST /xingrg/kc/buy/cgsh_order_operate.html HTTP/1.1" 200 3250
222.70.182.87 - - [28/Mar/2023:13:26:41 +0800] "GET /xingrg/kc/print/load_data.html?order_code=212023032810501&kc_code=cgsh&condition= HTTP/1.1" 200 876
120.253.135.82 - - [28/Mar/2023:13:26:41 +0800] "POST /xingrg/kc/pszx/mdps_order_operate.html HTTP/1.1" 200 37
124.79.72.155 - - [28/Mar/2023:13:26:41 +0800] "GET /xingrg/kc/buy/cgsh_order_operate.html?command=get_materiel&rest_code=00156&code=00101012032&supplier_code=00100012&order_time=2023-03-28 HTTP/1.1" 200 416
116.224.106.218 - - [28/Mar/2023:13:26:44 +0800] "GET /xingrg/all/function/internal_message.html?_=1679981203658&CODE_STATE=getMsg HTTP/1.1" 200 27
120.253.135.82 - - [28/Mar/2023:13:26:45 +0800] "POST /xingrg/kc/pszx/mdps_order_operate.html HTTP/1.1" 200 12
222.70.182.87 - - [28/Mar/2023:13:26:45 +0800] "GET /xingrg/kc/buy/cgsh_order_add.html HTTP/1.1" 200 69917
222.70.182.87 - - [28/Mar/2023:13:26:46 +0800] "POST /xingrg/kc/buy/cgsh_order_operate.html HTTP/1.1" 200 8245
222.70.182.87 - - [28/Mar/2023:13:26:46 +0800] "GET /xingrg/javascript/easyui/themes/default/validatebox.css HTTP/1.1" 404 1104
172.20.0.100 - - [28/Mar/2023:13:26:47 +0800] "GET /xingrg/all/function/internal_message.html?_=1679981211569&CODE_STATE=getMsg HTTP/1.1" 200 27
114.83.216.127 - - [28/Mar/2023:13:26:47 +0800] "GET /xingrg/check_reg.html?_=1679981206044 HTTP/1.1" 200 22
114.83.216.127 - - [28/Mar/2023:13:26:47 +0800] "GET /xingrg/all/function/internal_message.html?_=1679981206051&CODE_STATE=getMsg HTTP/1.1" 200 27
124.79.72.155 - - [28/Mar/2023:13:26:49 +0800] "GET /xingrg/kc/buy/cgsh_order_operate.html?command=get_materiel&rest_code=00156&code=00101007109&supplier_code=00100012&order_time=2023-03-28 HTTP/1.1" 200 408
120.253.135.82 - - [28/Mar/2023:13:26:50 +0800] "GET /xingrg/kc/pszx/mdps_order_info.html?code=312023032700603 HTTP/1.1" 200 19638
180.169.147.146 - - [28/Mar/2023:13:26:50 +0800] "GET /xingrg/all/function/internal_message.html?_=1679981210381&CODE_STATE=getMsg HTTP/1.1" 200 27
120.253.135.82 - - [28/Mar/2023:13:26:51 +0800] "GET /xingrg/javascript/easyui/themes/default/validatebox.css HTTP/1.1" 404 1104
120.253.135.82 - - [28/Mar/2023:13:26:51 +0800] "POST /xingrg/kc/pszx/mdps_order_operate.html HTTP/1.1" 200 1506
101.229.22.234 - - [28/Mar/2023:13:26:51 +0800] "GET /xingrg/all/function/internal_message.html?_=1679981210061&CODE_STATE=getMsg HTTP/1.1" 200 27
120.253.135.82 - - [28/Mar/2023:13:26:52 +0800] "POST /xingrg/kc/pszx/mdps_list_operate.html HTTP/1.1" 200 2063
120.253.135.82 - - [28/Mar/2023:13:26:54 +0800] "POST /xingrg/kc/pszx/mdps_list_operate.html HTTP/1.1" 200 626
180.169.147.146 - - [28/Mar/2023:13:26:54 +0800] "GET /xingrg/all/function/internal_message.html?_=1679981213548&CODE_STATE=getMsg HTTP/1.1" 302 -
120.253.135.82 - - [28/Mar/2023:13:26:55 +0800] "GET /xingrg/kc/pszx/mdps_order_info.html?code=312023032700602 HTTP/1.1" 200 23978
120.253.135.82 - - [28/Mar/2023:13:26:56 +0800] "GET /xingrg/javascript/easyui/themes/default/validatebox.css HTTP/1.1" 404 1104
120.253.135.82 - - [28/Mar/2023:13:26:56 +0800] "POST /xingrg/kc/pszx/mdps_order_operate.html HTTP/1.1" 200 5317
116.238.139.35 - - [28/Mar/2023:13:26:57 +0800] "GET /xingrg/all/function/internal_message.html?_=1679981218830&CODE_STATE=getMsg HTTP/1.1" 200 27
124.79.72.155 - - [28/Mar/2023:13:26:58 +0800] "GET /xingrg/all/function/internal_message.html?_=1679981223804&CODE_STATE=getMsg HTTP/1.1" 200 27
116.224.158.100 - - [28/Mar/2023:13:26:58 +0800] "GET /xingrg/all/function/internal_message.html?_=1679981218971&CODE_STATE=getMsg HTTP/1.1" 200 27
222.70.168.128 - - [28/Mar/2023:13:26:59 +0800] "GET /xingrg/all/function/internal_message.html?_=1679981225572&CODE_STATE=getMsg HTTP/1.1" 200 27
180.164.3.199 - - [28/Mar/2023:13:27:01 +0800] "GET /xingrg/all/function/internal_message.html?_=1679981221004&CODE_STATE=getMsg HTTP/1.1" 200 27
124.79.72.155 - - [28/Mar/2023:13:27:01 +0800] "POST /xingrg/kc/buy/cgsh_order_operate.html HTTP/1.1" 200 37
120.253.135.82 - - [28/Mar/2023:13:27:02 +0800] "POST /xingrg/kc/pszx/mdps_order_operate.html HTTP/1.1" 200 37
120.253.135.82 - - [28/Mar/2023:13:27:02 +0800] "GET /xingrg/all/function/internal_message.html?_=1679981054420&CODE_STATE=getMsg HTTP/1.1" 200 27
124.79.72.155 - - [28/Mar/2023:13:27:03 +0800] "POST /xingrg/kc/buy/cgsh_order_operate.html HTTP/1.1" 200 6212
124.79.72.155 - - [28/Mar/2023:13:27:06 +0800] "GET /xingrg/kc/print/load_config.html?kc_code=cgsh HTTP/1.1" 200 1925
120.253.135.82 - - [28/Mar/2023:13:27:06 +0800] "POST /xingrg/kc/pszx/mdps_order_operate.html HTTP/1.1" 200 12
124.79.72.155 - - [28/Mar/2023:13:27:06 +0800] "GET /xingrg/kc/print/load_data.html?order_code=212023032810502&kc_code=cgsh&condition= HTTP/1.1" 200 2108
222.70.182.87 - - [28/Mar/2023:13:27:08 +0800] "GET /xingrg/all/function/internal_message.html?_=1679981227358&CODE_STATE=getMsg HTTP/1.1" 200 27
222.70.182.87 - - [28/Mar/2023:13:27:09 +0800] "GET /xingrg/kc/buy/cgsh_order_operate.html?command=get_materiel&rest_code=00111&code=00101001039&supplier_code=00100430&order_time=2023-03-28 HTTP/1.1" 200 424
120.253.135.82 - - [28/Mar/2023:13:27:13 +0800] "GET /xingrg/kc/pszx/mdps_order_info.html?code=312023032700602 HTTP/1.1" 200 19638
120.253.135.82 - - [28/Mar/2023:13:27:13 +0800] "GET /xingrg/javascript/easyui/themes/default/validatebox.css HTTP/1.1" 404 1104
120.253.135.82 - - [28/Mar/2023:13:27:14 +0800] "POST /xingrg/kc/pszx/mdps_order_operate.html HTTP/1.1" 200 3504
120.253.135.82 - - [28/Mar/2023:13:27:15 +0800] "POST /xingrg/kc/pszx/mdps_list_operate.html HTTP/1.1" 200 1690
120.253.135.82 - - [28/Mar/2023:13:27:16 +0800] "POST /xingrg/kc/pszx/mdps_list_operate.html HTTP/1.1" 200 205
222.70.182.87 - - [28/Mar/2023:13:27:19 +0800] "GET /xingrg/kc/buy/cgsh_order_operate.html?command=get_materiel&rest_code=00111&code=00101001138&supplier_code=00100430&order_time=2023-03-28 HTTP/1.1" 200 413
180.157.253.110 - - [28/Mar/2023:13:27:23 +0800] "GET /xingrg/all/function/internal_message.html?_=1679981244130&CODE_STATE=getMsg HTTP/1.1" 200 27
101.229.22.234 - - [28/Mar/2023:13:27:25 +0800] "POST /xingrg/kc/buy/cgsh_list_operate.html HTTP/1.1" 200 986
124.79.72.155 - - [28/Mar/2023:13:27:26 +0800] "GET /xingrg/kc/buy/cgsh_order_add.html HTTP/1.1" 200 70040
124.79.72.155 - - [28/Mar/2023:13:27:26 +0800] "POST /xingrg/kc/buy/cgsh_order_operate.html HTTP/1.1" 200 8245
124.79.72.155 - - [28/Mar/2023:13:27:26 +0800] "GET /xingrg/javascript/easyui/themes/default/validatebox.css HTTP/1.1" 404 1104
124.79.72.155 - - [28/Mar/2023:13:27:26 +0800] "GET /xingrg/all/common/auto_word.html?type=employee&rest_code=00156 HTTP/1.1" 200 97
124.79.72.155 - - [28/Mar/2023:13:27:26 +0800] "GET /xingrg/all/common/auto_word.html?type=employee&rest_code=00156 HTTP/1.1" 200 97
222.70.182.87 - - [28/Mar/2023:13:27:29 +0800] "POST /xingrg/kc/buy/cgsh_order_operate.html HTTP/1.1" 200 37
222.70.182.87 - - [28/Mar/2023:13:27:31 +0800] "POST /xingrg/kc/buy/cgsh_order_operate.html HTTP/1.1" 200 2660
222.70.182.87 - - [28/Mar/2023:13:27:32 +0800] "GET /xingrg/kc/print/load_data.html?order_code=212023032810503&kc_code=cgsh&condition= HTTP/1.1" 200 652
180.162.110.158 - - [28/Mar/2023:13:27:32 +0800] "GET /xingrg/all/function/internal_message.html?_=1679980146612&CODE_STATE=getMsg HTTP/1.1" 200 27
58.39.110.54 - - [28/Mar/2023:13:27:34 +0800] "GET /xingrg/login.html HTTP/1.1" 200 7641
58.39.110.54 - - [28/Mar/2023:13:27:34 +0800] "GET /favicon.ico HTTP/1.1" 404 -
58.39.110.54 - - [28/Mar/2023:13:27:36 +0800] "POST /xingrg/login.do HTTP/1.1" 302 -
58.39.110.54 - - [28/Mar/2023:13:27:36 +0800] "GET /xingrg/index.html?sysBaseUrl=http%3A%2F%2F180.169.147.146%3A18081%2Fxingrg%2F&costTime=801×tamp=1679981256307 HTTP/1.1" 200 17177
58.39.110.54 - - [28/Mar/2023:13:27:36 +0800] "GET /favicon.ico HTTP/1.1" 404 -
58.39.110.54 - - [28/Mar/2023:13:27:36 +0800] "GET /xingrg/check_reg.html?_=1679981256510 HTTP/1.1" 200 22
58.39.110.54 - - [28/Mar/2023:13:27:36 +0800] "GET /xingrg/all/function/internal_message.html?_=1679981256510&CODE_STATE=count HTTP/1.1" 200 11
58.39.110.54 - - [28/Mar/2023:13:27:37 +0800] "POST /xingrg/all/common/load_tree.html?tree=area_rest_tree_json&manage=1 HTTP/1.1" 200 348
58.39.110.54 - - [28/Mar/2023:13:27:37 +0800] "POST /xingrg/load_menu.html HTTP/1.1" 200 5138
180.169.147.146 - - [28/Mar/2023:13:27:37 +0800] "GET /xingrg/all/function/internal_message.html?_=1679981256526&CODE_STATE=getMsg HTTP/1.1" 200 27
120.253.135.82 - - [28/Mar/2023:13:27:37 +0800] "POST /xingrg/kc/pszx/mdps_list_operate.html HTTP/1.1" 200 4664
222.70.182.87 - - [28/Mar/2023:13:27:37 +0800] "GET /xingrg/kc/buy/cgsh_order_add.html HTTP/1.1" 200 69917
222.70.182.87 - - [28/Mar/2023:13:27:37 +0800] "POST /xingrg/kc/buy/cgsh_order_operate.html HTTP/1.1" 200 8245
222.70.182.87 - - [28/Mar/2023:13:27:37 +0800] "GET /xingrg/javascript/easyui/themes/default/validatebox.css HTTP/1.1" 404 1104
58.39.110.54 - - [28/Mar/2023:13:27:38 +0800] "GET /xingrg/kc/mdqp/qp_main.html HTTP/1.1" 200 10633
180.169.147.146 - - [28/Mar/2023:13:27:38 +0800] "GET /xingrg/all/function/internal_message.html?_=1679981257203&CODE_STATE=getMsg HTTP/1.1" 200 27
58.39.110.54 - - [28/Mar/2023:13:27:39 +0800] "GET /xingrg/images/yd/bt.gif HTTP/1.1" 404 1040
58.39.110.54 - - [28/Mar/2023:13:27:39 +0800] "GET /xingrg/kc/mdqp/pssh_order_list.html HTTP/1.1" 200 16982
58.39.110.54 - - [28/Mar/2023:13:27:39 +0800] "POST /xingrg/kc/mdqp/pssh_list_operate.html HTTP/1.1" 200 5227
58.39.110.54 - - [28/Mar/2023:13:27:43 +0800] "POST /xingrg/kc/mdqp/pssh_list_operate.html HTTP/1.1" 200 469
120.253.135.82 - - [28/Mar/2023:13:27:43 +0800] "POST /xingrg/kc/pszx/mdps_list_operate.html HTTP/1.1" 200 217
116.224.106.218 - - [28/Mar/2023:13:27:44 +0800] "GET /xingrg/all/function/internal_message.html?_=1679981263657&CODE_STATE=getMsg HTTP/1.1" 200 27
58.39.110.54 - - [28/Mar/2023:13:27:44 +0800] "POST /xingrg/kc/mdqp/pssh_list_operate.html HTTP/1.1" 200 371
58.39.110.54 - - [28/Mar/2023:13:27:45 +0800] "POST /xingrg/kc/mdqp/pssh_list_operate.html HTTP/1.1" 200 467
120.253.135.82 - - [28/Mar/2023:13:27:46 +0800] "GET /xingrg/kc/pszx/mdps_order_info.html?code=312023032800631 HTTP/1.1" 200 23978
120.253.135.82 - - [28/Mar/2023:13:27:46 +0800] "GET /xingrg/javascript/easyui/themes/default/validatebox.css HTTP/1.1" 404 1104
172.20.0.100 - - [28/Mar/2023:13:27:47 +0800] "GET /xingrg/check_reg.html?_=1679981271568 HTTP/1.1" 200 22
172.20.0.100 - - [28/Mar/2023:13:27:47 +0800] "GET /xingrg/all/function/internal_message.html?_=1679981271569&CODE_STATE=getMsg HTTP/1.1" 200 27
120.253.135.82 - - [28/Mar/2023:13:27:47 +0800] "POST /xingrg/kc/pszx/mdps_order_operate.html HTTP/1.1" 200 2312
114.83.216.127 - - [28/Mar/2023:13:27:47 +0800] "GET /xingrg/all/function/internal_message.html?_=1679981266041&CODE_STATE=getMsg HTTP/1.1" 200 27
222.70.182.87 - - [28/Mar/2023:13:27:47 +0800] "GET /xingrg/kc/buy/cgsh_order_operate.html?command=get_materiel&rest_code=00111&code=00101001167&supplier_code=00100314&order_time=2023-03-28 HTTP/1.1" 200 411
180.169.147.146 - - [28/Mar/2023:13:27:48 +0800] "GET /xingrg/kc/base/kc_stocks.html HTTP/1.1" 302 -
180.169.147.146 - - [28/Mar/2023:13:27:48 +0800] "GET /xingrg/login.html HTTP/1.1" 200 7641
180.169.147.146 - - [28/Mar/2023:13:27:48 +0800] "GET /xingrg/login.html HTTP/1.1" 200 7641
180.169.147.146 - - [28/Mar/2023:13:27:48 +0800] "GET /favicon.ico HTTP/1.1" 404 -
124.79.72.155 - - [28/Mar/2023:13:27:51 +0800] "GET /xingrg/kc/buy/cgsh_order_operate.html?command=get_materiel&rest_code=00156&code=00101008437&supplier_code=00100007&order_time=2023-03-28 HTTP/1.1" 200 410
120.253.135.82 - - [28/Mar/2023:13:27:51 +0800] "POST /xingrg/kc/pszx/mdps_order_operate.html HTTP/1.1" 200 37
101.229.22.234 - - [28/Mar/2023:13:27:51 +0800] "GET /xingrg/all/function/internal_message.html?_=1679981270063&CODE_STATE=getMsg HTTP/1.1" 200 27
120.253.135.82 - - [28/Mar/2023:13:27:55 +0800] "POST /xingrg/kc/pszx/mdps_order_operate.html HTTP/1.1" 200 12
58.39.110.54 - - [28/Mar/2023:13:27:56 +0800] "GET /xingrg/kc/mdqp/pssh_order_info.html?code=312023032600595 HTTP/1.1" 200 8212
58.39.110.54 - - [28/Mar/2023:13:27:56 +0800] "GET /xingrg/kc/mdqp/pssh_order_info.html?code=312023032600595 HTTP/1.1" 200 14390
58.39.110.54 - - [28/Mar/2023:13:27:56 +0800] "GET /xingrg/javascript/jquery_tools/jquery-1.4.2.min.js HTTP/1.1" 404 1094
58.39.110.54 - - [28/Mar/2023:13:27:56 +0800] "GET /xingrg/javascript/easyui/themes/default/validatebox.css HTTP/1.1" 404 1104
58.39.110.54 - - [28/Mar/2023:13:27:56 +0800] "POST /xingrg/kc/mdqp/pssh_order_operate.html HTTP/1.1" 200 1602
116.238.139.35 - - [28/Mar/2023:13:27:57 +0800] "GET /xingrg/all/function/internal_message.html?_=1679981278830&CODE_STATE=getMsg HTTP/1.1" 200 27
180.169.147.146 - - [28/Mar/2023:13:27:57 +0800] "POST /xingrg/login.do HTTP/1.1" 302 -
180.169.147.146 - - [28/Mar/2023:13:27:57 +0800] "GET /xingrg/index.html?sysBaseUrl=http%3A%2F%2F180.169.147.146%3A18081%2Fxingrg%2F&costTime=833×tamp=1679981277569 HTTP/1.1" 200 17503
180.169.147.146 - - [28/Mar/2023:13:27:57 +0800] "GET /favicon.ico HTTP/1.1" 404 -
180.169.147.146 - - [28/Mar/2023:13:27:57 +0800] "GET /xingrg/all/function/internal_message.html?_=1679981276837&CODE_STATE=count HTTP/1.1" 200 11
180.169.147.146 - - [28/Mar/2023:13:27:57 +0800] "GET /xingrg/check_reg.html?_=1679981276839 HTTP/1.1" 200 22
180.169.147.146 - - [28/Mar/2023:13:27:57 +0800] "POST /xingrg/all/common/load_tree.html?tree=area_rest_tree_json&manage=1 HTTP/1.1" 200 1972
180.157.253.110 - - [28/Mar/2023:13:27:57 +0800] "POST /xingrg/services/DataTransmitService HTTP/1.1" 200 524
180.169.147.146 - - [28/Mar/2023:13:27:57 +0800] "POST /xingrg/load_menu.html HTTP/1.1" 200 11564
222.70.221.209 - - [28/Mar/2023:13:27:58 +0800] "POST /xingrg/services/DataTransmitService HTTP/1.1" 200 524
222.67.232.202 - - [28/Mar/2023:13:27:58 +0800] "POST /xingrg/services/DataTransmitService HTTP/1.1" 200 524
124.79.72.155 - - [28/Mar/2023:13:27:58 +0800] "GET /xingrg/all/function/internal_message.html?_=1679981283802&CODE_STATE=getMsg HTTP/1.1" 200 27
116.224.158.100 - - [28/Mar/2023:13:27:58 +0800] "GET /xingrg/all/function/internal_message.html?_=1679981278944&CODE_STATE=getMsg HTTP/1.1" 200 27
120.253.135.82 - - [28/Mar/2023:13:27:59 +0800] "GET /xingrg/login.html HTTP/1.1" 200 7641
124.79.72.155 - - [28/Mar/2023:13:27:59 +0800] "GET /xingrg/kc/buy/cgsh_order_operate.html?command=get_materiel&rest_code=00156&code=00101008331&supplier_code=00100007&order_time=2023-03-28 HTTP/1.1" 200 416
222.70.168.128 - - [28/Mar/2023:13:27:59 +0800] "GET /xingrg/all/function/internal_message.html?_=1679981285986&CODE_STATE=getMsg HTTP/1.1" 200 27
222.70.221.209 - - [28/Mar/2023:13:27:59 +0800] "POST /xingrg/services/DataTransmitService HTTP/1.1" 200 501
180.157.253.110 - - [28/Mar/2023:13:28:00 +0800] "POST /xingrg/services/DataTransmitService HTTP/1.1" 200 501
222.70.221.209 - - [28/Mar/2023:13:28:00 +0800] "POST /xingrg/services/DataTransmitService HTTP/1.1" 200 501
180.157.253.110 - - [28/Mar/2023:13:28:00 +0800] "POST /xingrg/services/DataTransmitService HTTP/1.1" 200 501
180.164.3.199 - - [28/Mar/2023:13:28:01 +0800] "GET /xingrg/all/function/internal_message.html?_=1679981281010&CODE_STATE=getMsg HTTP/1.1" 200 27
222.70.221.209 - - [28/Mar/2023:13:28:01 +0800] "POST /xingrg/services/DataTransmitService HTTP/1.1" 200 501
222.70.182.87 - - [28/Mar/2023:13:28:02 +0800] "POST /xingrg/kc/buy/cgsh_order_operate.html HTTP/1.1" 200 37
120.253.135.82 - - [28/Mar/2023:13:28:02 +0800] "GET /xingrg/all/function/internal_message.html?_=1679981114432&CODE_STATE=getMsg HTTP/1.1" 200 27
120.253.135.82 - - [28/Mar/2023:13:28:02 +0800] "GET /xingrg/kc/pszx/mdps_order_info.html?code=312023032800631 HTTP/1.1" 200 19638
180.169.147.146 - - [28/Mar/2023:13:28:02 +0800] "POST /xingrg/all/user/operate.html HTTP/1.1" 200 36
180.169.147.146 - - [28/Mar/2023:13:28:03 +0800] "GET /xingrg/index.html?sysBaseUrl=http%3A%2F%2F180.169.147.146%3A18081%2Fxingrg%2F&costTime=833×tamp=1679981277569 HTTP/1.1" 200 17509
180.169.147.146 - - [28/Mar/2023:13:28:03 +0800] "GET /xingrg/javascript/jquery_easy_ui/themes/default/easyui.css HTTP/1.1" 304 -
180.169.147.146 - - [28/Mar/2023:13:28:03 +0800] "GET /xingrg/javascript/jquery_easy_ui/themes/icon.css HTTP/1.1" 304 -
180.169.147.146 - - [28/Mar/2023:13:28:03 +0800] "GET /xingrg/css/form.css HTTP/1.1" 304 -
180.169.147.146 - - [28/Mar/2023:13:28:03 +0800] "GET /xingrg/javascript/jquery-1.4.2.min.js HTTP/1.1" 304 -
180.169.147.146 - - [28/Mar/2023:13:28:03 +0800] "GET /xingrg/javascript/jquery_easy_ui/jquery.easyui.min.js HTTP/1.1" 304 -
180.169.147.146 - - [28/Mar/2023:13:28:03 +0800] "GET /xingrg/javascript/jquery_easy_ui/easyui-lang-zh_CN.js HTTP/1.1" 304 -
180.169.147.146 - - [28/Mar/2023:13:28:03 +0800] "GET /xingrg/javascript/jquery.form.js HTTP/1.1" 304 -
180.169.147.146 - - [28/Mar/2023:13:28:03 +0800] "GET /xingrg/javascript/jquery.utils.js HTTP/1.1" 304 -
180.169.147.146 - - [28/Mar/2023:13:28:03 +0800] "GET /xingrg/javascript/jquery.timers.js HTTP/1.1" 304 -
180.169.147.146 - - [28/Mar/2023:13:28:03 +0800] "GET /xingrg/images/blue/jxLogo.png HTTP/1.1" 304 -
180.169.147.146 - - [28/Mar/2023:13:28:03 +0800] "GET /xingrg/javascript/jquery_easy_ui/themes/icons/settle_new.png HTTP/1.1" 304 -
180.169.147.146 - - [28/Mar/2023:13:28:03 +0800] "GET /xingrg/images/blue/navBackgound.jpg HTTP/1.1" 304 -
120.253.135.82 - - [28/Mar/2023:13:28:03 +0800] "GET /xingrg/javascript/easyui/themes/default/validatebox.css HTTP/1.1" 404 1104
180.169.147.146 - - [28/Mar/2023:13:28:03 +0800] "GET /xingrg/all/function/internal_message.html?_=1679981282409&CODE_STATE=count HTTP/1.1" 200 11
180.169.147.146 - - [28/Mar/2023:13:28:03 +0800] "GET /xingrg/check_reg.html?_=1679981282409 HTTP/1.1" 200 22
180.169.147.146 - - [28/Mar/2023:13:28:03 +0800] "GET /xingrg/images/blue/pingpu.png HTTP/1.1" 304 -
180.169.147.146 - - [28/Mar/2023:13:28:03 +0800] "GET /xingrg/javascript/jquery_easy_ui/themes/default/images/panel_tool_expand.gif HTTP/1.1" 304 -
180.169.147.146 - - [28/Mar/2023:13:28:03 +0800] "GET /xingrg/javascript/jquery_easy_ui/themes/default/images/panel_tool_collapse.gif HTTP/1.1" 304 -
180.169.147.146 - - [28/Mar/2023:13:28:03 +0800] "GET /xingrg/javascript/jquery_easy_ui/themes/default/images/tabs_leftarrow.png HTTP/1.1" 304 -
180.169.147.146 - - [28/Mar/2023:13:28:03 +0800] "GET /xingrg/javascript/jquery_easy_ui/themes/default/images/tabs_rightarrow.png HTTP/1.1" 304 -
180.169.147.146 - - [28/Mar/2023:13:28:03 +0800] "POST /xingrg/all/common/load_tree.html?tree=area_rest_tree_json&manage=1 HTTP/1.1" 200 1972
180.169.147.146 - - [28/Mar/2023:13:28:03 +0800] "POST /xingrg/load_menu.html HTTP/1.1" 200 9959
120.253.135.82 - - [28/Mar/2023:13:28:03 +0800] "POST /xingrg/kc/pszx/mdps_order_operate.html HTTP/1.1" 200 534
116.224.158.100 - - [28/Mar/2023:13:28:04 +0800] "GET /xingrg/check_reg.html?_=1679981284443 HTTP/1.1" 200 22
180.157.253.110 - - [28/Mar/2023:13:28:04 +0800] "POST /xingrg/services/DataTransmitService HTTP/1.1" 200 501
222.67.232.202 - - [28/Mar/2023:13:28:04 +0800] "POST /xingrg/services/DataTransmitService HTTP/1.1" 200 501
120.253.135.82 - - [28/Mar/2023:13:28:05 +0800] "POST /xingrg/kc/pszx/mdps_list_operate.html HTTP/1.1" 200 4294
222.70.221.209 - - [28/Mar/2023:13:28:05 +0800] "POST /xingrg/services/DataTransmitService HTTP/1.1" 200 501
124.79.72.155 - - [28/Mar/2023:13:28:06 +0800] "GET /xingrg/kc/buy/cgsh_order_operate.html?command=get_materiel&rest_code=00156&code=00101008010&supplier_code=00100007&order_time=2023-03-28 HTTP/1.1" 200 412
222.67.232.202 - - [28/Mar/2023:13:28:06 +0800] "POST /xingrg/services/DataTransmitService HTTP/1.1" 200 501
222.70.182.87 - - [28/Mar/2023:13:28:06 +0800] "POST /xingrg/kc/buy/cgsh_order_operate.html HTTP/1.1" 200 2660
180.157.253.110 - - [28/Mar/2023:13:28:07 +0800] "POST /xingrg/services/DataTransmitService HTTP/1.1" 200 501
222.70.182.87 - - [28/Mar/2023:13:28:08 +0800] "GET /xingrg/all/function/internal_message.html?_=1679981287328&CODE_STATE=getMsg HTTP/1.1" 200 27
222.70.182.87 - - [28/Mar/2023:13:28:08 +0800] "GET /xingrg/kc/print/load_data.html?order_code=212023032810504&kc_code=cgsh&condition= HTTP/1.1" 200 674
120.253.135.82 - - [28/Mar/2023:13:28:08 +0800] "POST /xingrg/kc/pszx/mdps_list_operate.html HTTP/1.1" 200 654
120.253.135.82 - - [28/Mar/2023:13:28:10 +0800] "GET /xingrg/kc/pszx/mdps_order_info.html?code=312023032700604 HTTP/1.1" 200 23978
120.253.135.82 - - [28/Mar/2023:13:28:10 +0800] "GET /xingrg/javascript/easyui/themes/default/validatebox.css HTTP/1.1" 404 1104
120.253.135.82 - - [28/Mar/2023:13:28:11 +0800] "POST /xingrg/kc/pszx/mdps_order_operate.html HTTP/1.1" 200 8519
222.67.232.202 - - [28/Mar/2023:13:28:11 +0800] "POST /xingrg/services/DataTransmitService HTTP/1.1" 200 501
222.70.221.209 - - [28/Mar/2023:13:28:11 +0800] "POST /xingrg/services/DataTransmitService HTTP/1.1" 200 501
180.169.147.146 - - [28/Mar/2023:13:28:12 +0800] "GET /xingrg/kc/report/report_main.html HTTP/1.1" 200 7340
222.70.182.87 - - [28/Mar/2023:13:28:13 +0800] "GET /xingrg/kc/buy/cgsh_order_add.html HTTP/1.1" 200 69917
222.70.182.87 - - [28/Mar/2023:13:28:13 +0800] "POST /xingrg/kc/buy/cgsh_order_operate.html HTTP/1.1" 200 8245
180.169.147.146 - - [28/Mar/2023:13:28:13 +0800] "GET /xingrg/kc/base/kc_stocks.html HTTP/1.1" 200 16512
180.169.147.146 - - [28/Mar/2023:13:28:13 +0800] "GET /xingrg/javascript/easyui/themes/sunny/easyui.css HTTP/1.1" 200 34304
222.70.182.87 - - [28/Mar/2023:13:28:13 +0800] "GET /xingrg/javascript/easyui/themes/default/validatebox.css HTTP/1.1" 404 1104
180.169.147.146 - - [28/Mar/2023:13:28:13 +0800] "GET /xingrg/javascript/convert.js HTTP/1.1" 200 1239
180.169.147.146 - - [28/Mar/2023:13:28:13 +0800] "GET /xingrg/javascript/print/LodopFuncs.js HTTP/1.1" 200 5121
180.169.147.146 - - [28/Mar/2023:13:28:13 +0800] "GET /xingrg/javascript/easyui/themes/icons/filter_new.png HTTP/1.1" 200 795
180.169.147.146 - - [28/Mar/2023:13:28:13 +0800] "GET /xingrg/javascript/easyui/themes/icons/print_new.png HTTP/1.1" 200 3580
180.169.147.146 - - [28/Mar/2023:13:28:13 +0800] "GET /xingrg/javascript/easyui/themes/icons/refresh_new.png HTTP/1.1" 200 685
180.169.147.146 - - [28/Mar/2023:13:28:13 +0800] "GET /xingrg/javascript/easyui/themes/icons/import_new.png HTTP/1.1" 200 1247
180.169.147.146 - - [28/Mar/2023:13:28:14 +0800] "GET /xingrg/javascript/easyui/plugins/jquery.draggable.js HTTP/1.1" 200 6121
180.169.147.146 - - [28/Mar/2023:13:28:14 +0800] "GET /xingrg/javascript/easyui/plugins/jquery.droppable.js HTTP/1.1" 200 1167
180.169.147.146 - - [28/Mar/2023:13:28:14 +0800] "GET /xingrg/javascript/easyui/themes/default/tree.css HTTP/1.1" 404 1090
180.169.147.146 - - [28/Mar/2023:13:28:14 +0800] "GET /xingrg/javascript/easyui/plugins/jquery.tree.js HTTP/1.1" 200 20874
180.169.147.146 - - [28/Mar/2023:13:28:14 +0800] "GET /xingrg/all/common/auto_word.html?type=base&rest_code=00146 HTTP/1.1" 200 1799
180.169.147.146 - - [28/Mar/2023:13:28:14 +0800] "POST /xingrg/all/common/load_tree.html?tree=materiel_sort_tree_json HTTP/1.1" 200 9500
124.79.72.155 - - [28/Mar/2023:13:28:14 +0800] "GET /xingrg/kc/buy/cgsh_order_operate.html?command=get_materiel&rest_code=00156&code=00101008277&supplier_code=00100007&order_time=2023-03-28 HTTP/1.1" 200 412
180.169.147.146 - - [28/Mar/2023:13:28:14 +0800] "GET /xingrg/javascript/easyui/themes/sunny/images/tree_folder_open.gif HTTP/1.1" 200 956
180.169.147.146 - - [28/Mar/2023:13:28:14 +0800] "GET /xingrg/javascript/easyui/themes/sunny/images/tree_folder.gif HTTP/1.1" 200 952
180.169.147.146 - - [28/Mar/2023:13:28:14 +0800] "GET /xingrg/javascript/easyui/themes/sunny/images/tree_file.gif HTTP/1.1" 200 118
180.169.147.146 - - [28/Mar/2023:13:28:14 +0800] "GET /xingrg/javascript/easyui/themes/sunny/images/tree_arrows.gif HTTP/1.1" 200 617
222.67.232.202 - - [28/Mar/2023:13:28:14 +0800] "POST /xingrg/services/DataTransmitService HTTP/1.1" 200 501
180.157.253.110 - - [28/Mar/2023:13:28:14 +0800] "POST /xingrg/services/DataTransmitService HTTP/1.1" 200 501
222.70.221.209 - - [28/Mar/2023:13:28:15 +0800] "POST /xingrg/services/DataTransmitService HTTP/1.1" 200 501
222.67.232.202 - - [28/Mar/2023:13:28:15 +0800] "POST /xingrg/services/DataTransmitService HTTP/1.1" 200 501
222.70.221.209 - - [28/Mar/2023:13:28:15 +0800] "POST /xingrg/services/DataTransmitService HTTP/1.1" 200 501
120.253.135.82 - - [28/Mar/2023:13:28:16 +0800] "POST /xingrg/kc/pszx/mdps_order_operate.html HTTP/1.1" 200 37
180.157.253.110 - - [28/Mar/2023:13:28:16 +0800] "POST /xingrg/services/DataTransmitService HTTP/1.1" 200 501
222.70.221.209 - - [28/Mar/2023:13:28:16 +0800] "POST /xingrg/services/DataTransmitService HTTP/1.1" 200 501
222.67.232.202 - - [28/Mar/2023:13:28:17 +0800] "POST /xingrg/services/DataTransmitService HTTP/1.1" 200 501
222.70.221.209 - - [28/Mar/2023:13:28:17 +0800] "POST /xingrg/services/DataTransmitService HTTP/1.1" 200 412
180.157.253.110 - - [28/Mar/2023:13:28:18 +0800] "POST /xingrg/services/DataTransmitService HTTP/1.1" 200 501
222.67.232.202 - - [28/Mar/2023:13:28:18 +0800] "POST /xingrg/services/DataTransmitService HTTP/1.1" 200 501
180.157.253.110 - - [28/Mar/2023:13:28:18 +0800] "POST /xingrg/services/DataTransmitService HTTP/1.1" 200 501
222.67.232.202 - - [28/Mar/2023:13:28:19 +0800] "POST /xingrg/services/DataTransmitService HTTP/1.1" 200 501
180.157.253.110 - - [28/Mar/2023:13:28:19 +0800] "POST /xingrg/services/DataTransmitService HTTP/1.1" 200 412
222.67.232.202 - - [28/Mar/2023:13:28:20 +0800] "POST /xingrg/services/DataTransmitService HTTP/1.1" 200 501
222.67.232.202 - - [28/Mar/2023:13:28:20 +0800] "POST /xingrg/services/DataTransmitService HTTP/1.1" 200 412
120.253.135.82 - - [28/Mar/2023:13:28:21 +0800] "POST /xingrg/kc/pszx/mdps_order_operate.html HTTP/1.1" 200 12
116.224.158.100 - - [28/Mar/2023:13:28:22 +0800] "GET /xingrg/kc/buy/cgsh_order_add.html HTTP/1.1" 200 70043
116.224.158.100 - - [28/Mar/2023:13:28:23 +0800] "GET /xingrg/javascript/easyui/themes/default/validatebox.css HTTP/1.1" 404 1104
116.224.158.100 - - [28/Mar/2023:13:28:23 +0800] "POST /xingrg/kc/buy/cgsh_order_operate.html HTTP/1.1" 200 8245
180.157.253.110 - - [28/Mar/2023:13:28:23 +0800] "GET /xingrg/all/function/internal_message.html?_=1679981304130&CODE_STATE=getMsg HTTP/1.1" 200 27
222.70.182.87 - - [28/Mar/2023:13:28:23 +0800] "GET /xingrg/kc/buy/cgsh_order_operate.html?command=get_materiel&rest_code=00111&code=00101001168&supplier_code=00100313&order_time=2023-03-28 HTTP/1.1" 200 416
120.253.135.82 - - [28/Mar/2023:13:28:26 +0800] "GET /xingrg/kc/pszx/mdps_order_info.html?code=312023032700604 HTTP/1.1" 200 19638
120.253.135.82 - - [28/Mar/2023:13:28:26 +0800] "GET /xingrg/javascript/easyui/themes/default/validatebox.css HTTP/1.1" 404 1104
124.79.72.155 - - [28/Mar/2023:13:28:27 +0800] "POST /xingrg/kc/buy/cgsh_order_operate.html HTTP/1.1" 200 37
120.253.135.82 - - [28/Mar/2023:13:28:27 +0800] "POST /xingrg/kc/pszx/mdps_order_operate.html HTTP/1.1" 200 6668
58.39.110.54 - - [28/Mar/2023:13:28:27 +0800] "POST /xingrg/kc/mdqp/pssh_list_operate.html HTTP/1.1" 200 5227
120.253.135.82 - - [28/Mar/2023:13:28:28 +0800] "POST /xingrg/kc/pszx/mdps_list_operate.html HTTP/1.1" 200 3922
58.39.110.54 - - [28/Mar/2023:13:28:28 +0800] "POST /xingrg/kc/mdqp/pssh_list_operate.html HTTP/1.1" 200 258
180.169.147.146 - - [28/Mar/2023:13:28:28 +0800] "POST /xingrg/kc/base/stock_operate.html HTTP/1.1" 200 2377
180.169.147.146 - - [28/Mar/2023:13:28:28 +0800] "GET /xingrg/javascript/jquery_tools/fix_table.js HTTP/1.1" 200 6528
124.79.72.155 - - [28/Mar/2023:13:28:29 +0800] "POST /xingrg/kc/buy/cgsh_order_operate.html HTTP/1.1" 200 4424
124.79.72.155 - - [28/Mar/2023:13:28:30 +0800] "GET /xingrg/index.html?sysBaseUrl=http%3A%2F%2F180.169.147.146%3A18081%2Fxingrg%2F&costTime=904×tamp=1679978668679 HTTP/1.1" 200 17179
180.169.147.146 - - [28/Mar/2023:13:28:30 +0800] "GET /xingrg/kc/base/stock_detail.html?m=00101001135 HTTP/1.1" 200 7355
124.79.72.155 - - [28/Mar/2023:13:28:30 +0800] "GET /xingrg/all/function/internal_message.html?_=1679981316099&CODE_STATE=count HTTP/1.1" 200 11
124.79.72.155 - - [28/Mar/2023:13:28:30 +0800] "GET /xingrg/check_reg.html?_=1679981316100 HTTP/1.1" 200 22
180.169.147.146 - - [28/Mar/2023:13:28:31 +0800] "GET /xingrg/javascript/jquery_easy_ui/themes/icons/search.png HTTP/1.1" 200 813
180.169.147.146 - - [28/Mar/2023:13:28:31 +0800] "GET /xingrg/javascript/jquery_easy_ui/themes/default/images/menu_downarrow.png HTTP/1.1" 200 173
180.169.147.146 - - [28/Mar/2023:13:28:31 +0800] "GET /xingrg/javascript/jquery_easy_ui/themes/icons/print.png HTTP/1.1" 200 1057
180.169.147.146 - - [28/Mar/2023:13:28:31 +0800] "GET /xingrg/javascript/jquery_easy_ui/themes/default/images/menu.gif HTTP/1.1" 200 834
180.169.147.146 - - [28/Mar/2023:13:28:31 +0800] "GET /xingrg/javascript/jquery_easy_ui/themes/default/images/calendar_prevmonth.gif HTTP/1.1" 200 66
180.169.147.146 - - [28/Mar/2023:13:28:31 +0800] "GET /xingrg/javascript/jquery_easy_ui/themes/default/images/calendar_nextmonth.gif HTTP/1.1" 200 64
180.169.147.146 - - [28/Mar/2023:13:28:31 +0800] "GET /xingrg/javascript/jquery_easy_ui/themes/default/images/calendar_prevyear.gif HTTP/1.1" 200 76
180.169.147.146 - - [28/Mar/2023:13:28:31 +0800] "GET /xingrg/javascript/jquery_easy_ui/themes/default/images/calendar_nextyear.gif HTTP/1.1" 200 75
124.79.72.155 - - [28/Mar/2023:13:28:31 +0800] "POST /xingrg/all/common/load_tree.html?tree=area_rest_tree_json&manage=1 HTTP/1.1" 200 351
124.79.72.155 - - [28/Mar/2023:13:28:31 +0800] "POST /xingrg/load_menu.html HTTP/1.1" 200 5138
120.253.135.82 - - [28/Mar/2023:13:28:32 +0800] "POST /xingrg/kc/pszx/mdps_list_operate.html HTTP/1.1" 200 303
116.224.158.100 - - [28/Mar/2023:13:28:32 +0800] "GET /xingrg/kc/buy/cgsh_order_operate.html?command=get_materiel&rest_code=00105&code=00101011005&supplier_code=00100052&order_time=2023-03-28 HTTP/1.1" 200 408
180.162.110.158 - - [28/Mar/2023:13:28:32 +0800] "GET /xingrg/all/function/internal_message.html?_=1679980206602&CODE_STATE=getMsg HTTP/1.1" 200 27
124.79.72.155 - - [28/Mar/2023:13:28:33 +0800] "GET /xingrg/index.html?sysBaseUrl=http%3A%2F%2F180.169.147.146%3A18081%2Fxingrg%2F&costTime=904×tamp=1679978668679 HTTP/1.1" 200 17179
124.79.72.155 - - [28/Mar/2023:13:28:33 +0800] "GET /xingrg/check_reg.html?_=1679981318810 HTTP/1.1" 200 22
124.79.72.155 - - [28/Mar/2023:13:28:33 +0800] "GET /xingrg/all/function/internal_message.html?_=1679981318809&CODE_STATE=count HTTP/1.1" 200 11
124.79.72.155 - - [28/Mar/2023:13:28:33 +0800] "POST /xingrg/load_menu.html HTTP/1.1" 200 5138
124.79.72.155 - - [28/Mar/2023:13:28:33 +0800] "POST /xingrg/all/common/load_tree.html?tree=area_rest_tree_json&manage=1 HTTP/1.1" 200 351
120.253.135.82 - - [28/Mar/2023:13:28:33 +0800] "GET /xingrg/kc/pszx/mdps_order_info.html?code=312023032700605 HTTP/1.1" 200 23976
120.253.135.82 - - [28/Mar/2023:13:28:34 +0800] "GET /xingrg/javascript/easyui/themes/default/validatebox.css HTTP/1.1" 404 1104
120.253.135.82 - - [28/Mar/2023:13:28:34 +0800] "POST /xingrg/kc/pszx/mdps_order_operate.html HTTP/1.1" 200 2835
124.79.72.155 - - [28/Mar/2023:13:28:35 +0800] "GET /xingrg/kc/report/report_main.html HTTP/1.1" 200 7340
124.79.72.155 - - [28/Mar/2023:13:28:36 +0800] "GET /xingrg/all/report/report_query.html?fileName=kc/buy/gys_amount.xml&rh=99999 HTTP/1.1" 200 52006
58.39.110.54 - - [28/Mar/2023:13:28:36 +0800] "GET /xingrg/all/function/internal_message.html?_=1679981316518&CODE_STATE=getMsg HTTP/1.1" 200 27
124.79.72.155 - - [28/Mar/2023:13:28:36 +0800] "GET /xingrg/dwr/interface/AjaxReportQueryService.js HTTP/1.1" 200 13203
124.79.72.155 - - [28/Mar/2023:13:28:36 +0800] "GET /xingrg/dwr/util.js HTTP/1.1" 304 -
124.79.72.155 - - [28/Mar/2023:13:28:36 +0800] "GET /xingrg/dwr/engine.js HTTP/1.1" 200 43631
124.79.72.155 - - [28/Mar/2023:13:28:36 +0800] "POST /xingrg/dwr/call/plaincall/AjaxReportQueryService.getFixDate.dwr HTTP/1.1" 200 111
180.169.147.146 - - [28/Mar/2023:13:28:37 +0800] "GET /xingrg/all/function/internal_message.html?_=1679981316509&CODE_STATE=getMsg HTTP/1.1" 200 27
180.169.147.146 - - [28/Mar/2023:13:28:37 +0800] "GET /xingrg/kc/base/stock_operate.html?_=1679981316040&command=get_report_file&start_day=20230301 HTTP/1.1" 200 53
180.169.147.146 - - [28/Mar/2023:13:28:37 +0800] "GET /xingrg/all/report/report_query.html?isQuery=1&onlyBody=1&rh=2000&fileName=kc/base/kc_stock_detail_new.xml&queryString=(1=1)&queryText=&tableQueryString=init_table$sp1$base_code='0010076'$sp$crk_table$sp1$order_day%20between%2020230301%20and%2020230331%20and%20base_code='0010076'&varString=start_day:20230301,materiel_code:00101001135,cost_id:4187,end_date:20230228 HTTP/1.1" 200 48744
180.169.147.146 - - [28/Mar/2023:13:28:37 +0800] "GET /xingrg/javascript/multi_select/jqueryMultiSelect.css HTTP/1.1" 200 951
180.169.147.146 - - [28/Mar/2023:13:28:37 +0800] "GET /xingrg/javascript/calendar/timePicker.css HTTP/1.1" 200 523
180.169.147.146 - - [28/Mar/2023:13:28:37 +0800] "GET /xingrg/dwr/interface/AjaxReportQueryService.js HTTP/1.1" 200 13203
180.169.147.146 - - [28/Mar/2023:13:28:37 +0800] "GET /xingrg/javascript/bigrid/fix.css HTTP/1.1" 200 1702
180.169.147.146 - - [28/Mar/2023:13:28:37 +0800] "GET /xingrg/dwr/engine.js HTTP/1.1" 200 43631
180.169.147.146 - - [28/Mar/2023:13:28:37 +0800] "GET /xingrg/dwr/util.js HTTP/1.1" 304 -
124.79.72.155 - - [28/Mar/2023:13:28:37 +0800] "POST /xingrg/dwr/call/plaincall/AjaxReportQueryService.getInitString.dwr HTTP/1.1" 200 1083
180.169.147.146 - - [28/Mar/2023:13:28:37 +0800] "GET /xingrg/javascript/jqueryMultiSelect.js HTTP/1.1" 200 11866
180.169.147.146 - - [28/Mar/2023:13:28:37 +0800] "GET /xingrg/javascript/calendar/jquery.timePicker.min.js HTTP/1.1" 200 2997
180.169.147.146 - - [28/Mar/2023:13:28:37 +0800] "GET /xingrg/javascript/bigrid/fix.js HTTP/1.1" 200 6439
180.169.147.146 - - [28/Mar/2023:13:28:37 +0800] "GET /xingrg/javascript/Calendar.js HTTP/1.1" 200 31561
124.79.72.155 - - [28/Mar/2023:13:28:37 +0800] "POST /xingrg/all/common/load_tree.html?tree=supplier_tree_json&manage=1 HTTP/1.1" 200 73018
124.79.72.155 - - [28/Mar/2023:13:28:37 +0800] "POST /xingrg/all/common/load_tree.html?tree=materiel_sort_tree_json HTTP/1.1" 200 9500
180.169.147.146 - - [28/Mar/2023:13:28:37 +0800] "GET /xingrg/images/control/loading.gif HTTP/1.1" 200 13463
180.169.147.146 - - [28/Mar/2023:13:28:37 +0800] "GET /xingrg/images/blue/button/advanceover.gif HTTP/1.1" 200 1347
180.169.147.146 - - [28/Mar/2023:13:28:37 +0800] "GET /xingrg/images/blue/button/advance2over.gif HTTP/1.1" 200 1336
180.169.147.146 - - [28/Mar/2023:13:28:37 +0800] "GET /xingrg/images/blue/button/back2over.gif HTTP/1.1" 200 1335
180.169.147.146 - - [28/Mar/2023:13:28:37 +0800] "GET /xingrg/images/blue/button/backover.gif HTTP/1.1" 200 1348
180.169.147.146 - - [28/Mar/2023:13:28:37 +0800] "GET /xingrg/javascript/jquery_easy_ui/themes/icons/help.png HTTP/1.1" 200 1187
180.169.147.146 - - [28/Mar/2023:13:28:38 +0800] "GET /xingrg/all/function/internal_message.html?_=1679981317201&CODE_STATE=getMsg HTTP/1.1" 200 27
180.169.147.146 - - [28/Mar/2023:13:28:38 +0800] "GET /xingrg/check_reg.html?_=1679981317203 HTTP/1.1" 200 22
180.169.147.146 - - [28/Mar/2023:13:28:38 +0800] "POST /xingrg/all/report/load_report_page.html HTTP/1.1" 200 20152
180.169.147.146 - - [28/Mar/2023:13:28:38 +0800] "GET /xingrg/servlets/image?cache=0.2555710197171882&image=px HTTP/1.1" 200 807
124.79.72.155 - - [28/Mar/2023:13:28:39 +0800] "POST /xingrg/dwr/call/plaincall/AjaxReportQueryService.refreshCache.dwr HTTP/1.1" 200 78
120.253.135.82 - - [28/Mar/2023:13:28:39 +0800] "POST /xingrg/kc/pszx/mdps_order_operate.html HTTP/1.1" 200 37
120.253.135.82 - - [28/Mar/2023:13:28:43 +0800] "GET /xingrg/check_reg.html?_=1679981155557 HTTP/1.1" 200 22
124.79.72.155 - - [28/Mar/2023:13:28:43 +0800] "POST /xingrg/all/report/load_report_page.html HTTP/1.1" 200 119426
120.253.135.82 - - [28/Mar/2023:13:28:43 +0800] "POST /xingrg/kc/pszx/mdps_order_operate.html HTTP/1.1" 200 12
124.79.72.155 - - [28/Mar/2023:13:28:43 +0800] "GET /xingrg/servlets/image?cache=0.14691493826123492&image=px HTTP/1.1" 200 807
116.224.106.218 - - [28/Mar/2023:13:28:44 +0800] "GET /xingrg/all/function/internal_message.html?_=1679981323658&CODE_STATE=getMsg HTTP/1.1" 200 27
172.20.0.100 - - [28/Mar/2023:13:28:47 +0800] "GET /xingrg/all/function/internal_message.html?_=1679981331567&CODE_STATE=getMsg HTTP/1.1" 200 27
114.83.216.127 - - [28/Mar/2023:13:28:47 +0800] "GET /xingrg/all/function/internal_message.html?_=1679981326041&CODE_STATE=getMsg HTTP/1.1" 200 27
116.224.158.100 - - [28/Mar/2023:13:28:49 +0800] "GET /xingrg/kc/buy/cgsh_order_operate.html?command=get_materiel&rest_code=00105&code=00101011010&supplier_code=00100052&order_time=2023-03-28 HTTP/1.1" 200 418
120.253.135.82 - - [28/Mar/2023:13:28:50 +0800] "GET /xingrg/kc/pszx/mdps_order_info.html?code=312023032700605 HTTP/1.1" 200 19636
120.253.135.82 - - [28/Mar/2023:13:28:51 +0800] "GET /xingrg/javascript/easyui/themes/default/validatebox.css HTTP/1.1" 404 1104
120.253.135.82 - - [28/Mar/2023:13:28:51 +0800] "POST /xingrg/kc/pszx/mdps_order_operate.html HTTP/1.1" 200 1052
101.229.22.234 - - [28/Mar/2023:13:28:51 +0800] "GET /xingrg/all/function/internal_message.html?_=1679981330062&CODE_STATE=getMsg HTTP/1.1" 200 27
120.253.135.82 - - [28/Mar/2023:13:28:52 +0800] "POST /xingrg/kc/pszx/mdps_list_operate.html HTTP/1.1" 200 3552
120.253.135.82 - - [28/Mar/2023:13:28:54 +0800] "POST /xingrg/kc/pszx/mdps_list_operate.html HTTP/1.1" 200 202
120.253.135.82 - - [28/Mar/2023:13:28:55 +0800] "GET /xingrg/kc/pszx/mdps_order_info.html?code=312023032400537 HTTP/1.1" 200 23982
120.253.135.82 - - [28/Mar/2023:13:28:56 +0800] "GET /xingrg/javascript/easyui/themes/default/validatebox.css HTTP/1.1" 404 1104
120.253.135.82 - - [28/Mar/2023:13:28:56 +0800] "POST /xingrg/kc/pszx/mdps_order_operate.html HTTP/1.1" 200 2278
116.238.139.35 - - [28/Mar/2023:13:28:57 +0800] "GET /xingrg/all/function/internal_message.html?_=1679981338831&CODE_STATE=getMsg HTTP/1.1" 200 27
116.238.139.35 - - [28/Mar/2023:13:28:57 +0800] "GET /xingrg/check_reg.html?_=1679981338834 HTTP/1.1" 200 22
180.169.147.146 - - [28/Mar/2023:13:28:58 +0800] "GET /xingrg/kc/base/stock_operate.html?_=1679981336992&command=get_report_file&start_day=20230301 HTTP/1.1" 200 53
180.169.147.146 - - [28/Mar/2023:13:28:58 +0800] "GET /xingrg/all/report/report_query.html?isQuery=1&onlyBody=1&rh=2000&fileName=kc/base/kc_stock_detail_new.xml&queryString=(1=1)&queryText=&tableQueryString=init_table$sp1$base_code='0010132'$sp$crk_table$sp1$order_day%20between%2020230301%20and%2020230331%20and%20base_code='0010132'&varString=start_day:20230301,materiel_code:00101001135,cost_id:4187,end_date:20230228 HTTP/1.1" 200 48744
180.169.147.146 - - [28/Mar/2023:13:28:58 +0800] "GET /xingrg/dwr/interface/AjaxReportQueryService.js HTTP/1.1" 200 13203
180.169.147.146 - - [28/Mar/2023:13:28:58 +0800] "GET /xingrg/dwr/engine.js HTTP/1.1" 200 43631
116.224.158.100 - - [28/Mar/2023:13:28:58 +0800] "GET /xingrg/all/function/internal_message.html?_=1679981338928&CODE_STATE=getMsg HTTP/1.1" 200 27
180.169.147.146 - - [28/Mar/2023:13:28:59 +0800] "POST /xingrg/all/report/load_report_page.html HTTP/1.1" 200 20270
180.169.147.146 - - [28/Mar/2023:13:28:59 +0800] "GET /xingrg/servlets/image?cache=0.04259169909045746&image=px HTTP/1.1" 200 807
222.70.168.128 - - [28/Mar/2023:13:28:59 +0800] "GET /xingrg/all/function/internal_message.html?_=1679981345991&CODE_STATE=getMsg HTTP/1.1" 200 27
116.224.158.100 - - [28/Mar/2023:13:29:00 +0800] "POST /xingrg/kc/buy/cgsh_order_operate.html HTTP/1.1" 200 37
180.164.3.199 - - [28/Mar/2023:13:29:01 +0800] "GET /xingrg/all/function/internal_message.html?_=1679981341019&CODE_STATE=getMsg HTTP/1.1" 200 27
120.253.135.82 - - [28/Mar/2023:13:29:01 +0800] "POST /xingrg/kc/pszx/mdps_order_operate.html HTTP/1.1" 200 37
116.224.158.100 - - [28/Mar/2023:13:29:01 +0800] "POST /xingrg/kc/buy/cgsh_order_operate.html HTTP/1.1" 200 3259
222.70.182.87 - - [28/Mar/2023:13:29:02 +0800] "GET /xingrg/kc/buy/cgsh_order_operate.html?command=get_materiel&rest_code=00111&code=00101001135&supplier_code=00100313&order_time=2023-03-28 HTTP/1.1" 200 415
120.253.135.82 - - [28/Mar/2023:13:29:02 +0800] "GET /xingrg/all/function/internal_message.html?_=1679981174446&CODE_STATE=getMsg HTTP/1.1" 200 27
116.224.158.100 - - [28/Mar/2023:13:29:03 +0800] "GET /xingrg/kc/print/load_data.html?order_code=212023032810506&kc_code=cgsh&condition= HTTP/1.1" 200 950
180.169.147.146 - - [28/Mar/2023:13:29:03 +0800] "GET /xingrg/all/function/internal_message.html?_=1679981342425&CODE_STATE=getMsg HTTP/1.1" 200 27
120.253.135.82 - - [28/Mar/2023:13:29:04 +0800] "POST /xingrg/kc/pszx/mdps_order_operate.html HTTP/1.1" 200 12
222.70.182.87 - - [28/Mar/2023:13:29:08 +0800] "GET /xingrg/all/function/internal_message.html?_=1679981347314&CODE_STATE=getMsg HTTP/1.1" 200 27
222.70.182.87 - - [28/Mar/2023:13:29:08 +0800] "GET /xingrg/check_reg.html?_=1679981348112 HTTP/1.1" 200 22
120.253.135.82 - - [28/Mar/2023:13:29:09 +0800] "GET /xingrg/kc/pszx/mdps_order_info.html?code=312023032400537 HTTP/1.1" 200 19642
222.70.168.128 - - [28/Mar/2023:13:29:09 +0800] "POST /xingrg/services/DataTransmitService HTTP/1.1" 200 524
120.253.135.82 - - [28/Mar/2023:13:29:10 +0800] "GET /xingrg/javascript/easyui/themes/default/validatebox.css HTTP/1.1" 404 1104
120.253.135.82 - - [28/Mar/2023:13:29:10 +0800] "POST /xingrg/kc/pszx/mdps_order_operate.html HTTP/1.1" 200 499
120.253.135.82 - - [28/Mar/2023:13:29:11 +0800] "POST /xingrg/kc/pszx/mdps_list_operate.html HTTP/1.1" 200 3174
116.224.158.100 - - [28/Mar/2023:13:29:12 +0800] "GET /xingrg/kc/buy/cgsh_order_add.html HTTP/1.1" 200 70043
116.224.158.100 - - [28/Mar/2023:13:29:13 +0800] "GET /xingrg/javascript/easyui/themes/default/validatebox.css HTTP/1.1" 404 1104
116.224.158.100 - - [28/Mar/2023:13:29:13 +0800] "POST /xingrg/kc/buy/cgsh_order_operate.html HTTP/1.1" 200 8245
120.253.135.82 - - [28/Mar/2023:13:29:14 +0800] "POST /xingrg/kc/pszx/mdps_list_operate.html HTTP/1.1" 200 458
222.70.182.87 - - [28/Mar/2023:13:29:14 +0800] "GET /xingrg/kc/buy/cgsh_order_operate.html?command=get_materiel&rest_code=00111&code=00101001027&supplier_code=00100313&order_time=2023-03-28 HTTP/1.1" 200 415
120.253.135.82 - - [28/Mar/2023:13:29:15 +0800] "GET /xingrg/kc/pszx/mdps_order_info.html?code=312023032800618 HTTP/1.1" 200 23976
120.253.135.82 - - [28/Mar/2023:13:29:16 +0800] "GET /xingrg/javascript/easyui/themes/default/validatebox.css HTTP/1.1" 404 1104
120.253.135.82 - - [28/Mar/2023:13:29:16 +0800] "POST /xingrg/kc/pszx/mdps_order_operate.html HTTP/1.1" 200 3846
120.253.135.82 - - [28/Mar/2023:13:29:20 +0800] "POST /xingrg/kc/pszx/mdps_order_operate.html HTTP/1.1" 200 37
180.157.253.110 - - [28/Mar/2023:13:29:23 +0800] "GET /xingrg/all/function/internal_message.html?_=1679981364130&CODE_STATE=getMsg HTTP/1.1" 200 27
222.70.168.128 - - [28/Mar/2023:13:29:24 +0800] "POST /xingrg/services/DataTransmitService HTTP/1.1" 200 501
120.253.135.82 - - [28/Mar/2023:13:29:24 +0800] "POST /xingrg/kc/pszx/mdps_order_operate.html HTTP/1.1" 200 12
222.70.168.128 - - [28/Mar/2023:13:29:24 +0800] "POST /xingrg/services/DataTransmitService HTTP/1.1" 200 501
116.224.158.100 - - [28/Mar/2023:13:29:25 +0800] "GET /xingrg/kc/buy/cgsh_order_operate.html?command=get_materiel&rest_code=00105&code=00101031001&supplier_code=00100204&order_time=2023-03-28 HTTP/1.1" 200 420
222.70.182.87 - - [28/Mar/2023:13:29:26 +0800] "GET /xingrg/kc/buy/cgsh_order_operate.html?command=get_materiel&rest_code=00111&code=00101001016&supplier_code=00100313&order_time=2023-03-28 HTTP/1.1" 200 415
124.79.72.155 - - [28/Mar/2023:13:29:26 +0800] "GET /xingrg/check_reg.html?_=1679981372109 HTTP/1.1" 200 22
124.79.72.155 - - [28/Mar/2023:13:29:26 +0800] "GET /xingrg/all/function/internal_message.html?_=1679981372108&CODE_STATE=count HTTP/1.1" 200 11
124.79.72.155 - - [28/Mar/2023:13:29:27 +0800] "POST /xingrg/load_menu.html HTTP/1.1" 200 5138
124.79.72.155 - - [28/Mar/2023:13:29:27 +0800] "POST /xingrg/all/common/load_tree.html?tree=area_rest_tree_json&manage=1 HTTP/1.1" 200 351
124.79.72.155 - - [28/Mar/2023:13:29:28 +0800] "GET /xingrg/kc/buy/buy_main.html HTTP/1.1" 200 12412
124.79.72.155 - - [28/Mar/2023:13:29:28 +0800] "GET /xingrg/css/new_ie.css HTTP/1.1" 404 1036
222.70.168.128 - - [28/Mar/2023:13:29:28 +0800] "POST /xingrg/services/DataTransmitService HTTP/1.1" 200 501
124.79.72.155 - - [28/Mar/2023:13:29:30 +0800] "GET /xingrg/kc/buy/cgsh_order_list.html HTTP/1.1" 200 54185
120.253.135.82 - - [28/Mar/2023:13:29:32 +0800] "GET /xingrg/kc/pszx/mdps_order_info.html?code=312023032800618 HTTP/1.1" 200 19636
180.162.110.158 - - [28/Mar/2023:13:29:32 +0800] "GET /xingrg/check_reg.html?_=1679980266614 HTTP/1.1" 200 22
180.162.110.158 - - [28/Mar/2023:13:29:32 +0800] "GET /xingrg/all/function/internal_message.html?_=1679980266616&CODE_STATE=getMsg HTTP/1.1" 200 27
120.253.135.82 - - [28/Mar/2023:13:29:33 +0800] "GET /xingrg/javascript/easyui/themes/default/validatebox.css HTTP/1.1" 404 1104
120.253.135.82 - - [28/Mar/2023:13:29:33 +0800] "POST /xingrg/kc/pszx/mdps_order_operate.html HTTP/1.1" 200 2053
222.70.168.128 - - [28/Mar/2023:13:29:35 +0800] "POST /xingrg/services/DataTransmitService HTTP/1.1" 200 501
222.70.168.128 - - [28/Mar/2023:13:29:36 +0800] "POST /xingrg/services/DataTransmitService HTTP/1.1" 200 501
58.39.110.54 - - [28/Mar/2023:13:29:36 +0800] "GET /xingrg/all/function/internal_message.html?_=1679981376521&CODE_STATE=getMsg HTTP/1.1" 200 27
180.169.147.146 - - [28/Mar/2023:13:29:37 +0800] "GET /xingrg/all/function/internal_message.html?_=1679981376493&CODE_STATE=getMsg HTTP/1.1" 200 27
222.67.232.202 - - [28/Mar/2023:13:29:37 +0800] "GET /xingrg/check_reg.html?_=1679980921476 HTTP/1.1" 200 22
116.224.158.100 - - [28/Mar/2023:13:29:37 +0800] "POST /xingrg/kc/buy/cgsh_order_operate.html HTTP/1.1" 200 37
124.79.72.155 - - [28/Mar/2023:13:29:37 +0800] "POST /xingrg/kc/buy/cgsh_list_operate.html HTTP/1.1" 200 2278
222.70.168.128 - - [28/Mar/2023:13:29:38 +0800] "POST /xingrg/services/DataTransmitService HTTP/1.1" 200 501
180.169.147.146 - - [28/Mar/2023:13:29:38 +0800] "GET /xingrg/all/function/internal_message.html?_=1679981377202&CODE_STATE=getMsg HTTP/1.1" 200 27
222.70.168.128 - - [28/Mar/2023:13:29:38 +0800] "POST /xingrg/services/DataTransmitService HTTP/1.1" 200 501
222.70.182.87 - - [28/Mar/2023:13:29:39 +0800] "GET /xingrg/kc/buy/cgsh_order_operate.html?command=get_materiel&rest_code=00111&code=00101002058&supplier_code=00100313&order_time=2023-03-28 HTTP/1.1" 200 410
222.70.168.128 - - [28/Mar/2023:13:29:39 +0800] "POST /xingrg/services/DataTransmitService HTTP/1.1" 200 501
222.70.168.128 - - [28/Mar/2023:13:29:39 +0800] "POST /xingrg/services/DataTransmitService HTTP/1.1" 200 412
120.253.135.82 - - [28/Mar/2023:13:29:39 +0800] "POST /xingrg/kc/pszx/mdps_list_operate.html HTTP/1.1" 200 2805
124.79.72.155 - - [28/Mar/2023:13:29:41 +0800] "POST /xingrg/kc/buy/cgsh_list_operate.html HTTP/1.1" 200 426
116.224.158.100 - - [28/Mar/2023:13:29:41 +0800] "POST /xingrg/kc/buy/cgsh_order_operate.html HTTP/1.1" 200 2667
120.253.135.82 - - [28/Mar/2023:13:29:42 +0800] "POST /xingrg/kc/pszx/mdps_list_operate.html HTTP/1.1" 200 214
124.79.72.155 - - [28/Mar/2023:13:29:42 +0800] "GET /xingrg/kc/buy/cgsh_order_info.html?code=212023032810505 HTTP/1.1" 200 70049
124.79.72.155 - - [28/Mar/2023:13:29:42 +0800] "GET /xingrg/javascript/easyui/themes/default/validatebox.css HTTP/1.1" 404 1104
124.79.72.155 - - [28/Mar/2023:13:29:42 +0800] "GET /xingrg/all/common/auto_word.html?type=employee&rest_code=00156 HTTP/1.1" 200 97
124.79.72.155 - - [28/Mar/2023:13:29:42 +0800] "GET /xingrg/all/common/auto_word.html?type=employee&rest_code=00156 HTTP/1.1" 200 97
120.253.135.82 - - [28/Mar/2023:13:29:43 +0800] "GET /xingrg/kc/pszx/mdps_order_info.html?code=312023032800617 HTTP/1.1" 200 23978
124.79.72.155 - - [28/Mar/2023:13:29:43 +0800] "POST /xingrg/kc/buy/cgsh_order_operate.html HTTP/1.1" 200 4424
120.253.135.82 - - [28/Mar/2023:13:29:43 +0800] "GET /xingrg/javascript/easyui/themes/default/validatebox.css HTTP/1.1" 404 1104
116.224.106.218 - - [28/Mar/2023:13:29:44 +0800] "GET /xingrg/all/function/internal_message.html?_=1679981383658&CODE_STATE=getMsg HTTP/1.1" 200 27
116.224.106.218 - - [28/Mar/2023:13:29:44 +0800] "GET /xingrg/check_reg.html?_=1679981383660 HTTP/1.1" 200 22
120.253.135.82 - - [28/Mar/2023:13:29:44 +0800] "POST /xingrg/kc/pszx/mdps_order_operate.html HTTP/1.1" 200 2304
116.224.158.100 - - [28/Mar/2023:13:29:45 +0800] "GET /xingrg/kc/print/load_data.html?order_code=212023032810507&kc_code=cgsh&condition= HTTP/1.1" 200 665
172.20.0.100 - - [28/Mar/2023:13:29:47 +0800] "GET /xingrg/all/function/internal_message.html?_=1679981391566&CODE_STATE=getMsg HTTP/1.1" 200 27
222.70.182.87 - - [28/Mar/2023:13:29:47 +0800] "GET /xingrg/kc/buy/cgsh_order_operate.html?command=get_materiel&rest_code=00111&code=00101001033&supplier_code=00100313&order_time=2023-03-28 HTTP/1.1" 200 417
114.83.216.127 - - [28/Mar/2023:13:29:47 +0800] "GET /xingrg/all/function/internal_message.html?_=1679981386048&CODE_STATE=getMsg HTTP/1.1" 200 27
120.253.135.82 - - [28/Mar/2023:13:29:48 +0800] "POST /xingrg/kc/pszx/mdps_order_operate.html HTTP/1.1" 200 37
180.164.3.199 - - [28/Mar/2023:13:29:50 +0800] "POST /xingrg/services/DataTransmitService HTTP/1.1" 200 524
222.70.221.209 - - [28/Mar/2023:13:29:51 +0800] "GET /xingrg/index.html?sysBaseUrl=http%3A%2F%2F180.169.147.146%3A18081%2Fxingrg%2F&costTime=1277×tamp=1606817596806 HTTP/1.1" 302 -
222.70.221.209 - - [28/Mar/2023:13:29:51 +0800] "GET /xingrg/login.html HTTP/1.1" 200 7641
