116.224.106.218 - - [28/Mar/2023:10:59:43 +0800] "GET /xingrg/all/function/internal_message.html?_=1679972383444&CODE_STATE=getMsg HTTP/1.1" 200 27
114.83.216.127 - - [28/Mar/2023:10:59:46 +0800] "GET /xingrg/all/function/internal_message.html?_=1679972385518&CODE_STATE=getMsg HTTP/1.1" 200 27
172.20.0.100 - - [28/Mar/2023:10:59:47 +0800] "GET /xingrg/all/function/internal_message.html?_=1679972391355&CODE_STATE=getMsg HTTP/1.1" 200 27
101.229.22.234 - - [28/Mar/2023:10:59:51 +0800] "GET /xingrg/check_reg.html?_=1679972389793 HTTP/1.1" 200 22
101.229.22.234 - - [28/Mar/2023:10:59:51 +0800] "GET /xingrg/all/function/internal_message.html?_=1679972389796&CODE_STATE=getMsg HTTP/1.1" 200 27
180.169.147.146 - - [28/Mar/2023:10:59:54 +0800] "GET /xingrg/all/function/internal_message.html?_=1679972393536&CODE_STATE=getMsg HTTP/1.1" 200 27
222.70.182.87 - - [28/Mar/2023:11:00:00 +0800] "GET /xingrg/all/function/internal_message.html?_=1679972400149&CODE_STATE=getMsg HTTP/1.1" 200 27
180.164.3.199 - - [28/Mar/2023:11:00:01 +0800] "GET /xingrg/check_reg.html?_=1679972401025 HTTP/1.1" 200 22
180.164.3.199 - - [28/Mar/2023:11:00:01 +0800] "GET /xingrg/all/function/internal_message.html?_=1679972401027&CODE_STATE=getMsg HTTP/1.1" 200 27
116.224.158.100 - - [28/Mar/2023:11:00:02 +0800] "GET /xingrg/all/function/internal_message.html?_=1679972402332&CODE_STATE=getMsg HTTP/1.1" 200 27
116.238.139.35 - - [28/Mar/2023:11:00:03 +0800] "GET /xingrg/all/function/internal_message.html?_=1679972404688&CODE_STATE=getMsg HTTP/1.1" 200 27
116.192.124.172 - - [28/Mar/2023:11:00:03 +0800] "GET /xingrg/kc/buy/cgsh_order_operate.html?command=get_materiel&rest_code=00102&code=00101012038&supplier_code=00100096&order_time=2023-03-28 HTTP/1.1" 200 412
222.67.232.202 - - [28/Mar/2023:11:00:16 +0800] "GET /xingrg/all/function/internal_message.html?_=1679971960189&CODE_STATE=getMsg HTTP/1.1" 200 27
120.253.135.82 - - [28/Mar/2023:11:00:17 +0800] "GET /xingrg/all/function/internal_message.html?_=1679972249191&CODE_STATE=getMsg HTTP/1.1" 200 27
222.70.168.128 - - [28/Mar/2023:11:00:21 +0800] "GET /xingrg/check_reg.html?_=1679972427233 HTTP/1.1" 200 22
116.192.124.172 - - [28/Mar/2023:11:00:27 +0800] "GET /xingrg/kc/buy/cgsh_order_operate.html?command=get_materiel&rest_code=00102&code=00101006195&supplier_code=00100096&order_time=2023-03-28 HTTP/1.1" 200 409
180.157.253.110 - - [28/Mar/2023:11:00:28 +0800] "GET /xingrg/all/function/internal_message.html?_=1679972428671&CODE_STATE=getMsg HTTP/1.1" 200 27
124.78.155.10 - - [28/Mar/2023:11:00:31 +0800] "GET /xingrg/all/function/internal_message.html?_=1679972433983&CODE_STATE=getMsg HTTP/1.1" 200 27
180.162.110.158 - - [28/Mar/2023:11:00:32 +0800] "GET /xingrg/all/function/internal_message.html?_=1679971326501&CODE_STATE=getMsg HTTP/1.1" 200 27
222.70.168.128 - - [28/Mar/2023:11:00:33 +0800] "GET /xingrg/all/function/internal_message.html?_=1679972439503&CODE_STATE=getMsg HTTP/1.1" 200 27
116.192.124.172 - - [28/Mar/2023:11:00:37 +0800] "GET /xingrg/all/function/internal_message.html?_=1679972437194&CODE_STATE=getMsg HTTP/1.1" 200 27
116.192.124.172 - - [28/Mar/2023:11:00:37 +0800] "GET /xingrg/check_reg.html?_=1679972437621 HTTP/1.1" 200 22
180.169.147.146 - - [28/Mar/2023:11:00:39 +0800] "GET /xingrg/check_reg.html?_=1679972438432 HTTP/1.1" 200 22
180.169.147.146 - - [28/Mar/2023:11:00:39 +0800] "GET /xingrg/all/function/internal_message.html?_=1679972438433&CODE_STATE=getMsg HTTP/1.1" 200 27
116.192.124.172 - - [28/Mar/2023:11:00:41 +0800] "GET /xingrg/kc/buy/cgsh_order_operate.html?command=get_materiel&rest_code=00102&code=00101007077&supplier_code=00100096&order_time=2023-03-28 HTTP/1.1" 200 415
116.192.124.172 - - [28/Mar/2023:11:00:43 +0800] "POST /xingrg/kc/buy/cgsh_order_operate.html HTTP/1.1" 200 2065
116.224.106.218 - - [28/Mar/2023:11:00:43 +0800] "GET /xingrg/all/function/internal_message.html?_=1679972443453&CODE_STATE=getMsg HTTP/1.1" 200 27
114.83.216.127 - - [28/Mar/2023:11:00:46 +0800] "GET /xingrg/all/function/internal_message.html?_=1679972445519&CODE_STATE=getMsg HTTP/1.1" 200 27
172.20.0.100 - - [28/Mar/2023:11:00:47 +0800] "GET /xingrg/all/function/internal_message.html?_=1679972451353&CODE_STATE=getMsg HTTP/1.1" 200 27
101.229.22.234 - - [28/Mar/2023:11:00:51 +0800] "GET /xingrg/all/function/internal_message.html?_=1679972449796&CODE_STATE=getMsg HTTP/1.1" 200 27
180.169.147.146 - - [28/Mar/2023:11:00:54 +0800] "GET /xingrg/all/function/internal_message.html?_=1679972453549&CODE_STATE=getMsg HTTP/1.1" 200 27
180.169.147.146 - - [28/Mar/2023:11:00:54 +0800] "GET /xingrg/check_reg.html?_=1679972453555 HTTP/1.1" 200 22
116.192.124.172 - - [28/Mar/2023:11:00:54 +0800] "POST /xingrg/kc/buy/cgsh_order_operate.html HTTP/1.1" 200 37
222.70.182.87 - - [28/Mar/2023:11:01:00 +0800] "GET /xingrg/check_reg.html?_=1679972460140 HTTP/1.1" 200 22
222.70.182.87 - - [28/Mar/2023:11:01:00 +0800] "GET /xingrg/all/function/internal_message.html?_=1679972460143&CODE_STATE=getMsg HTTP/1.1" 200 27
180.164.3.199 - - [28/Mar/2023:11:01:01 +0800] "GET /xingrg/all/function/internal_message.html?_=1679972461015&CODE_STATE=getMsg HTTP/1.1" 200 27
116.192.124.172 - - [28/Mar/2023:11:01:01 +0800] "POST /xingrg/kc/buy/cgsh_order_operate.html HTTP/1.1" 200 12
116.224.158.100 - - [28/Mar/2023:11:01:02 +0800] "GET /xingrg/all/function/internal_message.html?_=1679972462304&CODE_STATE=getMsg HTTP/1.1" 200 27
116.238.139.35 - - [28/Mar/2023:11:01:03 +0800] "GET /xingrg/all/function/internal_message.html?_=1679972464664&CODE_STATE=getMsg HTTP/1.1" 200 27
116.192.124.172 - - [28/Mar/2023:11:01:04 +0800] "GET /xingrg/kc/buy/cgsh_order_info.html?code=212023032810428 HTTP/1.1" 200 64886
116.192.124.172 - - [28/Mar/2023:11:01:04 +0800] "GET /xingrg/words/20230328100934_words.js HTTP/1.1" 304 -
116.192.124.172 - - [28/Mar/2023:11:01:04 +0800] "GET /xingrg/javascript/easyui/themes/default/validatebox.css HTTP/1.1" 404 1104
116.192.124.172 - - [28/Mar/2023:11:01:05 +0800] "POST /xingrg/kc/buy/cgsh_order_operate.html HTTP/1.1" 200 5929
116.192.124.172 - - [28/Mar/2023:11:01:06 +0800] "GET /xingrg/kc/print/load_config.html?kc_code=cgsh HTTP/1.1" 200 1925
116.192.124.172 - - [28/Mar/2023:11:01:07 +0800] "GET /xingrg/kc/print/load_data.html?order_code=212023032810428&kc_code=cgsh&condition= HTTP/1.1" 200 2686
222.67.232.202 - - [28/Mar/2023:11:01:16 +0800] "GET /xingrg/check_reg.html?_=1679972020188 HTTP/1.1" 200 22
222.67.232.202 - - [28/Mar/2023:11:01:16 +0800] "GET /xingrg/all/function/internal_message.html?_=1679972020189&CODE_STATE=getMsg HTTP/1.1" 200 27
120.253.135.82 - - [28/Mar/2023:11:01:17 +0800] "GET /xingrg/all/function/internal_message.html?_=1679972309443&CODE_STATE=getMsg HTTP/1.1" 200 27
172.20.0.100 - - [28/Mar/2023:11:01:23 +0800] "GET /xingrg/check_reg.html?_=1679972487774 HTTP/1.1" 200 22
180.157.253.110 - - [28/Mar/2023:11:01:28 +0800] "GET /xingrg/all/function/internal_message.html?_=1679972488672&CODE_STATE=getMsg HTTP/1.1" 200 27
180.157.253.110 - - [28/Mar/2023:11:01:28 +0800] "GET /xingrg/check_reg.html?_=1679972488677 HTTP/1.1" 200 22
180.163.29.234 - - [28/Mar/2023:11:01:31 +0800] "GET /xingrg/all/function/internal_message.html?_=1679972433983&CODE_STATE=getMsg HTTP/1.1" 302 -
180.163.29.234 - - [28/Mar/2023:11:01:31 +0800] "GET /xingrg/login.html HTTP/1.1" 200 7641
124.78.155.10 - - [28/Mar/2023:11:01:31 +0800] "GET /xingrg/all/function/internal_message.html?_=1679972493969&CODE_STATE=getMsg HTTP/1.1" 200 27
180.162.110.158 - - [28/Mar/2023:11:01:32 +0800] "GET /xingrg/all/function/internal_message.html?_=1679971386502&CODE_STATE=getMsg HTTP/1.1" 200 27
222.70.168.128 - - [28/Mar/2023:11:01:33 +0800] "GET /xingrg/all/function/internal_message.html?_=1679972499518&CODE_STATE=getMsg HTTP/1.1" 200 27
116.224.158.100 - - [28/Mar/2023:11:01:34 +0800] "GET /xingrg/kc/buy/cgsh_order_list.html HTTP/1.1" 200 54179
116.192.124.172 - - [28/Mar/2023:11:01:37 +0800] "GET /xingrg/kc/buy/cgsh_order_add.html HTTP/1.1" 200 69996
116.192.124.172 - - [28/Mar/2023:11:01:37 +0800] "POST /xingrg/kc/buy/cgsh_order_operate.html HTTP/1.1" 200 8245
116.192.124.172 - - [28/Mar/2023:11:01:37 +0800] "GET /xingrg/javascript/easyui/themes/default/validatebox.css HTTP/1.1" 404 1104
116.192.124.172 - - [28/Mar/2023:11:01:37 +0800] "GET /xingrg/all/function/internal_message.html?_=1679972497211&CODE_STATE=getMsg HTTP/1.1" 200 27
180.169.147.146 - - [28/Mar/2023:11:01:39 +0800] "GET /xingrg/all/function/internal_message.html?_=1679972498431&CODE_STATE=getMsg HTTP/1.1" 200 27
116.224.106.218 - - [28/Mar/2023:11:01:43 +0800] "GET /xingrg/all/function/internal_message.html?_=1679972503453&CODE_STATE=getMsg HTTP/1.1" 200 27
116.224.158.100 - - [28/Mar/2023:11:01:46 +0800] "POST /xingrg/kc/buy/cgsh_list_operate.html HTTP/1.1" 200 4365
114.83.216.127 - - [28/Mar/2023:11:01:46 +0800] "GET /xingrg/check_reg.html?_=1679972505530 HTTP/1.1" 200 22
114.83.216.127 - - [28/Mar/2023:11:01:46 +0800] "GET /xingrg/all/function/internal_message.html?_=1679972505537&CODE_STATE=getMsg HTTP/1.1" 200 27
172.20.0.100 - - [28/Mar/2023:11:01:47 +0800] "GET /xingrg/all/function/internal_message.html?_=1679972511352&CODE_STATE=getMsg HTTP/1.1" 200 27
116.192.124.172 - - [28/Mar/2023:11:01:51 +0800] "GET /xingrg/javascript/easyui/plugins/jquery.draggable.js HTTP/1.1" 200 6121
101.229.22.234 - - [28/Mar/2023:11:01:51 +0800] "GET /xingrg/all/function/internal_message.html?_=1679972509796&CODE_STATE=getMsg HTTP/1.1" 200 27
116.192.124.172 - - [28/Mar/2023:11:01:51 +0800] "GET /xingrg/css/images/panel_loading.gif HTTP/1.1" 200 1737
116.192.124.172 - - [28/Mar/2023:11:01:51 +0800] "GET /xingrg/javascript/easyui/plugins/jquery.droppable.js HTTP/1.1" 200 1167
116.192.124.172 - - [28/Mar/2023:11:01:51 +0800] "GET /xingrg/javascript/easyui/themes/default/tree.css HTTP/1.1" 404 1090
116.192.124.172 - - [28/Mar/2023:11:01:51 +0800] "GET /xingrg/javascript/easyui/plugins/jquery.tree.js HTTP/1.1" 200 20874
116.192.124.172 - - [28/Mar/2023:11:01:52 +0800] "POST /xingrg/all/common/load_tree.html?tree=supplier_tree_json&isDelete=1 HTTP/1.1" 200 71093
116.192.124.172 - - [28/Mar/2023:11:01:53 +0800] "GET /xingrg/javascript/easyui/themes/default/images/tree_arrows.gif HTTP/1.1" 200 617
116.192.124.172 - - [28/Mar/2023:11:01:53 +0800] "GET /xingrg/javascript/easyui/themes/default/images/tree_folder_open.gif HTTP/1.1" 200 956
116.192.124.172 - - [28/Mar/2023:11:01:53 +0800] "GET /xingrg/javascript/easyui/themes/default/images/tree_file.gif HTTP/1.1" 200 118
116.192.124.172 - - [28/Mar/2023:11:01:53 +0800] "GET /xingrg/javascript/easyui/themes/default/images/tree_folder.gif HTTP/1.1" 200 952
180.169.147.146 - - [28/Mar/2023:11:01:54 +0800] "GET /xingrg/all/function/internal_message.html?_=1679972513543&CODE_STATE=getMsg HTTP/1.1" 200 27
222.70.182.87 - - [28/Mar/2023:11:02:00 +0800] "GET /xingrg/all/function/internal_message.html?_=1679972520168&CODE_STATE=getMsg HTTP/1.1" 200 27
180.164.3.199 - - [28/Mar/2023:11:02:01 +0800] "GET /xingrg/all/function/internal_message.html?_=1679972521012&CODE_STATE=getMsg HTTP/1.1" 200 27
116.224.158.100 - - [28/Mar/2023:11:02:02 +0800] "GET /xingrg/all/function/internal_message.html?_=1679972522307&CODE_STATE=getMsg HTTP/1.1" 200 27
116.238.139.35 - - [28/Mar/2023:11:02:02 +0800] "GET /xingrg/all/function/internal_message.html?_=1679972524635&CODE_STATE=getMsg HTTP/1.1" 200 27
120.253.135.82 - - [28/Mar/2023:11:02:16 +0800] "GET /xingrg/check_reg.html?_=1679972367814 HTTP/1.1" 200 22
222.67.232.202 - - [28/Mar/2023:11:02:16 +0800] "GET /xingrg/all/function/internal_message.html?_=1679972080188&CODE_STATE=getMsg HTTP/1.1" 200 27
120.253.135.82 - - [28/Mar/2023:11:02:18 +0800] "GET /xingrg/all/function/internal_message.html?_=1679972369690&CODE_STATE=getMsg HTTP/1.1" 200 27
180.157.253.110 - - [28/Mar/2023:11:02:28 +0800] "GET /xingrg/all/function/internal_message.html?_=1679972548677&CODE_STATE=getMsg HTTP/1.1" 200 27
180.163.29.103 - - [28/Mar/2023:11:02:31 +0800] "GET /xingrg/all/function/internal_message.html?_=1679972493969&CODE_STATE=getMsg HTTP/1.1" 302 -
180.163.29.103 - - [28/Mar/2023:11:02:31 +0800] "GET /xingrg/login.html HTTP/1.1" 200 7641
124.78.155.10 - - [28/Mar/2023:11:02:31 +0800] "GET /xingrg/all/function/internal_message.html?_=1679972553941&CODE_STATE=getMsg HTTP/1.1" 200 27
180.162.110.158 - - [28/Mar/2023:11:02:32 +0800] "GET /xingrg/all/function/internal_message.html?_=1679971446516&CODE_STATE=getMsg HTTP/1.1" 200 27
222.70.168.128 - - [28/Mar/2023:11:02:34 +0800] "GET /xingrg/all/function/internal_message.html?_=1679972560048&CODE_STATE=getMsg HTTP/1.1" 200 27
116.192.124.172 - - [28/Mar/2023:11:02:37 +0800] "GET /xingrg/all/function/internal_message.html?_=1679972557195&CODE_STATE=getMsg HTTP/1.1" 200 27
180.169.147.146 - - [28/Mar/2023:11:02:39 +0800] "GET /xingrg/all/function/internal_message.html?_=1679972558430&CODE_STATE=getMsg HTTP/1.1" 200 27
180.164.3.199 - - [28/Mar/2023:11:02:43 +0800] "POST /xingrg/services/DataTransmitService HTTP/1.1" 200 524
116.224.106.218 - - [28/Mar/2023:11:02:43 +0800] "GET /xingrg/all/function/internal_message.html?_=1679972563456&CODE_STATE=getMsg HTTP/1.1" 200 27
114.83.216.127 - - [28/Mar/2023:11:02:46 +0800] "GET /xingrg/all/function/internal_message.html?_=1679972565514&CODE_STATE=getMsg HTTP/1.1" 200 27
172.20.0.100 - - [28/Mar/2023:11:02:47 +0800] "GET /xingrg/check_reg.html?_=1679972571368 HTTP/1.1" 200 22
172.20.0.100 - - [28/Mar/2023:11:02:47 +0800] "GET /xingrg/all/function/internal_message.html?_=1679972571366&CODE_STATE=getMsg HTTP/1.1" 200 27
101.229.22.234 - - [28/Mar/2023:11:02:51 +0800] "GET /xingrg/all/function/internal_message.html?_=1679972569795&CODE_STATE=getMsg HTTP/1.1" 200 27
180.169.147.146 - - [28/Mar/2023:11:02:54 +0800] "GET /xingrg/all/function/internal_message.html?_=1679972573539&CODE_STATE=getMsg HTTP/1.1" 200 27
222.70.182.87 - - [28/Mar/2023:11:03:00 +0800] "GET /xingrg/all/function/internal_message.html?_=1679972580167&CODE_STATE=getMsg HTTP/1.1" 200 27
180.164.3.199 - - [28/Mar/2023:11:03:01 +0800] "GET /xingrg/all/function/internal_message.html?_=1679972581020&CODE_STATE=getMsg HTTP/1.1" 200 27
116.224.158.100 - - [28/Mar/2023:11:03:02 +0800] "GET /xingrg/all/function/internal_message.html?_=1679972582266&CODE_STATE=getMsg HTTP/1.1" 200 27
116.238.139.35 - - [28/Mar/2023:11:03:02 +0800] "GET /xingrg/all/function/internal_message.html?_=1679972584619&CODE_STATE=getMsg HTTP/1.1" 200 27
180.164.3.199 - - [28/Mar/2023:11:03:03 +0800] "POST /xingrg/services/DataTransmitService HTTP/1.1" 200 501
116.238.139.35 - - [28/Mar/2023:11:03:03 +0800] "GET /xingrg/check_reg.html?_=1679972584750 HTTP/1.1" 200 22
116.224.158.100 - - [28/Mar/2023:11:03:04 +0800] "GET /xingrg/check_reg.html?_=1679972584196 HTTP/1.1" 200 22
222.67.232.202 - - [28/Mar/2023:11:03:16 +0800] "GET /xingrg/all/function/internal_message.html?_=1679972140182&CODE_STATE=getMsg HTTP/1.1" 200 27
120.253.135.82 - - [28/Mar/2023:11:03:18 +0800] "GET /xingrg/all/function/internal_message.html?_=1679972429701&CODE_STATE=getMsg HTTP/1.1" 200 27
180.157.253.110 - - [28/Mar/2023:11:03:28 +0800] "GET /xingrg/all/function/internal_message.html?_=1679972608681&CODE_STATE=getMsg HTTP/1.1" 200 27
180.163.29.234 - - [28/Mar/2023:11:03:31 +0800] "GET /xingrg/all/function/internal_message.html?_=1679972553941&CODE_STATE=getMsg HTTP/1.1" 302 -
180.163.29.234 - - [28/Mar/2023:11:03:31 +0800] "GET /xingrg/login.html HTTP/1.1" 200 7641
124.78.155.10 - - [28/Mar/2023:11:03:31 +0800] "GET /xingrg/all/function/internal_message.html?_=1679972613919&CODE_STATE=getMsg HTTP/1.1" 200 27
124.78.155.10 - - [28/Mar/2023:11:03:32 +0800] "GET /xingrg/check_reg.html?_=1679972614453 HTTP/1.1" 200 22
180.162.110.158 - - [28/Mar/2023:11:03:32 +0800] "GET /xingrg/all/function/internal_message.html?_=1679971506506&CODE_STATE=getMsg HTTP/1.1" 200 27
222.70.168.128 - - [28/Mar/2023:11:03:34 +0800] "GET /xingrg/all/function/internal_message.html?_=1679972620059&CODE_STATE=getMsg HTTP/1.1" 200 27
116.192.124.172 - - [28/Mar/2023:11:03:37 +0800] "GET /xingrg/all/function/internal_message.html?_=1679972617286&CODE_STATE=getMsg HTTP/1.1" 200 27
180.169.147.146 - - [28/Mar/2023:11:03:39 +0800] "GET /xingrg/all/function/internal_message.html?_=1679972618430&CODE_STATE=getMsg HTTP/1.1" 200 27
116.224.106.218 - - [28/Mar/2023:11:03:43 +0800] "GET /xingrg/all/function/internal_message.html?_=1679972623450&CODE_STATE=getMsg HTTP/1.1" 200 27
114.83.216.127 - - [28/Mar/2023:11:03:46 +0800] "GET /xingrg/all/function/internal_message.html?_=1679972625517&CODE_STATE=getMsg HTTP/1.1" 200 27
172.20.0.100 - - [28/Mar/2023:11:03:47 +0800] "GET /xingrg/all/function/internal_message.html?_=1679972631365&CODE_STATE=getMsg HTTP/1.1" 200 27
101.229.22.234 - - [28/Mar/2023:11:03:51 +0800] "GET /xingrg/all/function/internal_message.html?_=1679972629796&CODE_STATE=getMsg HTTP/1.1" 200 27
180.169.147.146 - - [28/Mar/2023:11:03:54 +0800] "GET /xingrg/all/function/internal_message.html?_=1679972633538&CODE_STATE=getMsg HTTP/1.1" 200 27
222.70.182.87 - - [28/Mar/2023:11:04:00 +0800] "GET /xingrg/all/function/internal_message.html?_=1679972640166&CODE_STATE=getMsg HTTP/1.1" 200 27
180.164.3.199 - - [28/Mar/2023:11:04:01 +0800] "GET /xingrg/all/function/internal_message.html?_=1679972641008&CODE_STATE=getMsg HTTP/1.1" 200 27
116.224.158.100 - - [28/Mar/2023:11:04:02 +0800] "GET /xingrg/all/function/internal_message.html?_=1679972642238&CODE_STATE=getMsg HTTP/1.1" 200 27
116.238.139.35 - - [28/Mar/2023:11:04:02 +0800] "GET /xingrg/all/function/internal_message.html?_=1679972644595&CODE_STATE=getMsg HTTP/1.1" 200 27
116.224.106.218 - - [28/Mar/2023:11:04:12 +0800] "GET /xingrg/kc/buy/cgsh_order_list.html HTTP/1.1" 200 54185
116.224.106.218 - - [28/Mar/2023:11:04:12 +0800] "GET /xingrg/css/base.css HTTP/1.1" 200 2811
116.224.106.218 - - [28/Mar/2023:11:04:12 +0800] "GET /xingrg/javascript/jquery_tools/datebox.css HTTP/1.1" 200 2597
116.224.106.218 - - [28/Mar/2023:11:04:12 +0800] "GET /xingrg/javascript/jquery_tools/fix.css HTTP/1.1" 200 1702
116.224.106.218 - - [28/Mar/2023:11:04:12 +0800] "GET /xingrg/css/site.css HTTP/1.1" 200 7541
116.224.106.218 - - [28/Mar/2023:11:04:12 +0800] "GET /xingrg/javascript/easyui/themes/default/easyui.css HTTP/1.1" 200 30432
116.224.106.218 - - [28/Mar/2023:11:04:12 +0800] "GET /xingrg/javascript/auto/jquery.autocomplete.css HTTP/1.1" 200 587
116.224.106.218 - - [28/Mar/2023:11:04:12 +0800] "GET /xingrg/javascript/easyui/themes/icon.css HTTP/1.1" 200 4483
116.224.106.218 - - [28/Mar/2023:11:04:12 +0800] "GET /xingrg/javascript/jquery_tools/table.css HTTP/1.1" 200 1032
116.224.106.218 - - [28/Mar/2023:11:04:12 +0800] "GET /xingrg/javascript/jquery_tools/jquery.tools.hotkey.js HTTP/1.1" 200 3242
116.224.106.218 - - [28/Mar/2023:11:04:12 +0800] "GET /xingrg/javascript/jquery_tools/jquery.tools.min.js HTTP/1.1" 200 138801
116.224.106.218 - - [28/Mar/2023:11:04:12 +0800] "GET /xingrg/javascript/jquery_tools/jquery.tools.table.js HTTP/1.1" 200 6994
116.224.106.218 - - [28/Mar/2023:11:04:12 +0800] "GET /xingrg/javascript/jquery_tools/jquery.tools.extend.js HTTP/1.1" 200 15385
116.224.106.218 - - [28/Mar/2023:11:04:12 +0800] "GET /xingrg/javascript/jquery_tools/list_manager.js HTTP/1.1" 200 3652
116.224.106.218 - - [28/Mar/2023:11:04:12 +0800] "GET /xingrg/javascript/auto/jquery.autocomplete.js HTTP/1.1" 200 21624
116.224.106.218 - - [28/Mar/2023:11:04:12 +0800] "GET /xingrg/javascript/easyui/easyloader.js HTTP/1.1" 200 5975
116.224.106.218 - - [28/Mar/2023:11:04:12 +0800] "GET /xingrg/javascript/jquery.utils.js HTTP/1.1" 200 11805
116.224.106.218 - - [28/Mar/2023:11:04:12 +0800] "GET /xingrg/javascript/jquery.cookie.js HTTP/1.1" 200 5513
116.224.106.218 - - [28/Mar/2023:11:04:12 +0800] "GET /xingrg/javascript/print/LodopFuncs.js HTTP/1.1" 200 5121
116.224.106.218 - - [28/Mar/2023:11:04:13 +0800] "GET /xingrg/javascript/easyui/plugins/jquery.parser.js HTTP/1.1" 200 1142
116.224.106.218 - - [28/Mar/2023:11:04:13 +0800] "GET /xingrg/images/control/ajaxLoader.gif HTTP/1.1" 200 4659
116.224.106.218 - - [28/Mar/2023:11:04:15 +0800] "POST /xingrg/kc/buy/cgsh_list_operate.html HTTP/1.1" 200 986
222.67.232.202 - - [28/Mar/2023:11:04:16 +0800] "GET /xingrg/all/function/internal_message.html?_=1679972200180&CODE_STATE=getMsg HTTP/1.1" 200 27
116.224.106.218 - - [28/Mar/2023:11:04:17 +0800] "GET /xingrg/javascript/pic_change.js HTTP/1.1" 200 4739
116.224.106.218 - - [28/Mar/2023:11:04:17 +0800] "GET /xingrg/javascript/jquery_tools/order_manager.js HTTP/1.1" 200 11183
116.224.106.218 - - [28/Mar/2023:11:04:17 +0800] "GET /xingrg/javascript/convert.js HTTP/1.1" 200 1239
116.224.106.218 - - [28/Mar/2023:11:04:17 +0800] "GET /xingrg/javascript/json2.js HTTP/1.1" 200 11259
116.224.106.218 - - [28/Mar/2023:11:04:17 +0800] "GET /xingrg/javascript/print/kc_print.js HTTP/1.1" 200 11415
116.224.106.218 - - [28/Mar/2023:11:04:17 +0800] "GET /xingrg/kc/buy/cgsh_order_add.html HTTP/1.1" 200 69155
116.224.106.218 - - [28/Mar/2023:11:04:17 +0800] "GET /xingrg/words/20230328100934_words.js HTTP/1.1" 200 957918
116.224.106.218 - - [28/Mar/2023:11:04:17 +0800] "GET /xingrg/javascript/easyui/themes/icons/copy_new.png HTTP/1.1" 200 815
116.224.106.218 - - [28/Mar/2023:11:04:17 +0800] "GET /xingrg/javascript/easyui/themes/icons/ok.png HTTP/1.1" 200 883
116.224.106.218 - - [28/Mar/2023:11:04:17 +0800] "GET /xingrg/javascript/easyui/themes/icons/template_new.png HTTP/1.1" 200 3956
116.224.106.218 - - [28/Mar/2023:11:04:17 +0800] "GET /xingrg/javascript/easyui/themes/icons/print.png HTTP/1.1" 200 1057
116.224.106.218 - - [28/Mar/2023:11:04:17 +0800] "GET /xingrg/javascript/easyui/themes/default/images/menu_downarrow.png HTTP/1.1" 200 173
116.224.106.218 - - [28/Mar/2023:11:04:17 +0800] "GET /xingrg/javascript/easyui/themes/icons/cancel.png HTTP/1.1" 200 1133
120.253.135.82 - - [28/Mar/2023:11:04:18 +0800] "GET /xingrg/all/function/internal_message.html?_=1679972489714&CODE_STATE=getMsg HTTP/1.1" 200 27
116.224.106.218 - - [28/Mar/2023:11:04:18 +0800] "POST /xingrg/kc/buy/cgsh_order_operate.html HTTP/1.1" 200 8245
116.224.106.218 - - [28/Mar/2023:11:04:18 +0800] "GET /xingrg/javascript/easyui/themes/default/validatebox.css HTTP/1.1" 404 1104
116.224.106.218 - - [28/Mar/2023:11:04:18 +0800] "GET /xingrg/javascript/easyui/plugins/jquery.validatebox.js HTTP/1.1" 200 6103
116.224.106.218 - - [28/Mar/2023:11:04:18 +0800] "GET /xingrg/all/common/auto_word.html?type=employee&rest_code=00145 HTTP/1.1" 200 151
116.224.106.218 - - [28/Mar/2023:11:04:18 +0800] "GET /xingrg/all/common/auto_word.html?type=employee&rest_code=00145 HTTP/1.1" 200 151
116.224.106.218 - - [28/Mar/2023:11:04:18 +0800] "GET /xingrg/javascript/easyui/themes/icons/edit_remove.png HTTP/1.1" 200 625
116.224.106.218 - - [28/Mar/2023:11:04:18 +0800] "GET /xingrg/javascript/easyui/plugins/jquery.numberbox.js HTTP/1.1" 200 5213
180.157.253.110 - - [28/Mar/2023:11:04:28 +0800] "GET /xingrg/all/function/internal_message.html?_=1679972668682&CODE_STATE=getMsg HTTP/1.1" 200 27
180.163.29.212 - - [28/Mar/2023:11:04:31 +0800] "GET /xingrg/all/function/internal_message.html?_=1679972613919&CODE_STATE=getMsg HTTP/1.1" 302 -
180.163.29.212 - - [28/Mar/2023:11:04:31 +0800] "GET /xingrg/login.html HTTP/1.1" 200 7641
124.78.155.10 - - [28/Mar/2023:11:04:31 +0800] "GET /xingrg/all/function/internal_message.html?_=1679972673893&CODE_STATE=getMsg HTTP/1.1" 200 27
180.162.110.158 - - [28/Mar/2023:11:04:32 +0800] "GET /xingrg/all/function/internal_message.html?_=1679971566505&CODE_STATE=getMsg HTTP/1.1" 200 27
180.162.110.158 - - [28/Mar/2023:11:04:32 +0800] "GET /xingrg/check_reg.html?_=1679971566503 HTTP/1.1" 200 22
222.70.168.128 - - [28/Mar/2023:11:04:35 +0800] "GET /xingrg/all/function/internal_message.html?_=1679972681054&CODE_STATE=getMsg HTTP/1.1" 200 27
116.192.124.172 - - [28/Mar/2023:11:04:37 +0800] "GET /xingrg/all/function/internal_message.html?_=1679972677167&CODE_STATE=getMsg HTTP/1.1" 200 27
180.169.147.146 - - [28/Mar/2023:11:04:39 +0800] "GET /xingrg/all/function/internal_message.html?_=1679972678428&CODE_STATE=getMsg HTTP/1.1" 200 27
116.224.106.218 - - [28/Mar/2023:11:04:43 +0800] "GET /xingrg/check_reg.html?_=1679972683448 HTTP/1.1" 200 22
116.224.106.218 - - [28/Mar/2023:11:04:43 +0800] "GET /xingrg/all/function/internal_message.html?_=1679972683451&CODE_STATE=getMsg HTTP/1.1" 200 27
116.192.124.172 - - [28/Mar/2023:11:04:45 +0800] "POST /xingrg/services/DataTransmitService HTTP/1.1" 200 524
114.83.216.127 - - [28/Mar/2023:11:04:46 +0800] "GET /xingrg/all/function/internal_message.html?_=1679972685529&CODE_STATE=getMsg HTTP/1.1" 200 27
172.20.0.100 - - [28/Mar/2023:11:04:47 +0800] "GET /xingrg/all/function/internal_message.html?_=1679972691390&CODE_STATE=getMsg HTTP/1.1" 200 27
101.229.22.234 - - [28/Mar/2023:11:04:51 +0800] "GET /xingrg/check_reg.html?_=1679972689804 HTTP/1.1" 200 22
101.229.22.234 - - [28/Mar/2023:11:04:51 +0800] "GET /xingrg/all/function/internal_message.html?_=1679972689806&CODE_STATE=getMsg HTTP/1.1" 200 27
116.192.124.172 - - [28/Mar/2023:11:04:51 +0800] "POST /xingrg/services/DataTransmitService HTTP/1.1" 200 501
180.169.147.146 - - [28/Mar/2023:11:04:54 +0800] "GET /xingrg/all/function/internal_message.html?_=1679972693530&CODE_STATE=getMsg HTTP/1.1" 200 27
222.70.182.87 - - [28/Mar/2023:11:05:00 +0800] "GET /xingrg/all/function/internal_message.html?_=1679972700166&CODE_STATE=getMsg HTTP/1.1" 200 27
180.164.3.199 - - [28/Mar/2023:11:05:01 +0800] "GET /xingrg/all/function/internal_message.html?_=1679972701014&CODE_STATE=getMsg HTTP/1.1" 200 27
180.164.3.199 - - [28/Mar/2023:11:05:01 +0800] "GET /xingrg/check_reg.html?_=1679972701017 HTTP/1.1" 200 22
116.224.158.100 - - [28/Mar/2023:11:05:02 +0800] "GET /xingrg/all/function/internal_message.html?_=1679972702211&CODE_STATE=getMsg HTTP/1.1" 200 27
116.238.139.35 - - [28/Mar/2023:11:05:02 +0800] "GET /xingrg/all/function/internal_message.html?_=1679972704565&CODE_STATE=getMsg HTTP/1.1" 200 27
222.67.232.202 - - [28/Mar/2023:11:05:16 +0800] "GET /xingrg/all/function/internal_message.html?_=1679972260179&CODE_STATE=getMsg HTTP/1.1" 200 27
120.253.135.82 - - [28/Mar/2023:11:05:18 +0800] "GET /xingrg/all/function/internal_message.html?_=1679972549961&CODE_STATE=getMsg HTTP/1.1" 200 27
222.70.168.128 - - [28/Mar/2023:11:05:21 +0800] "GET /xingrg/check_reg.html?_=1679972727231 HTTP/1.1" 200 22
180.157.253.110 - - [28/Mar/2023:11:05:28 +0800] "GET /xingrg/all/function/internal_message.html?_=1679972728683&CODE_STATE=getMsg HTTP/1.1" 200 27
180.162.110.158 - - [28/Mar/2023:11:05:32 +0800] "GET /xingrg/all/function/internal_message.html?_=1679971626520&CODE_STATE=getMsg HTTP/1.1" 200 27
222.70.168.128 - - [28/Mar/2023:11:05:35 +0800] "GET /xingrg/all/function/internal_message.html?_=1679972741067&CODE_STATE=getMsg HTTP/1.1" 200 27
116.192.124.172 - - [28/Mar/2023:11:05:37 +0800] "GET /xingrg/all/function/internal_message.html?_=1679972737154&CODE_STATE=getMsg HTTP/1.1" 200 27
116.192.124.172 - - [28/Mar/2023:11:05:37 +0800] "GET /xingrg/check_reg.html?_=1679972737598 HTTP/1.1" 200 22
180.169.147.146 - - [28/Mar/2023:11:05:39 +0800] "GET /xingrg/all/function/internal_message.html?_=1679972738429&CODE_STATE=getMsg HTTP/1.1" 200 27
180.169.147.146 - - [28/Mar/2023:11:05:39 +0800] "GET /xingrg/check_reg.html?_=1679972738431 HTTP/1.1" 200 22
116.224.106.218 - - [28/Mar/2023:11:05:43 +0800] "GET /xingrg/all/function/internal_message.html?_=1679972743457&CODE_STATE=getMsg HTTP/1.1" 200 27
114.83.216.127 - - [28/Mar/2023:11:05:46 +0800] "GET /xingrg/all/function/internal_message.html?_=1679972745536&CODE_STATE=getMsg HTTP/1.1" 200 27
172.20.0.100 - - [28/Mar/2023:11:05:47 +0800] "GET /xingrg/all/function/internal_message.html?_=1679972751388&CODE_STATE=getMsg HTTP/1.1" 200 27
101.229.22.234 - - [28/Mar/2023:11:05:51 +0800] "GET /xingrg/all/function/internal_message.html?_=1679972749829&CODE_STATE=getMsg HTTP/1.1" 200 27
180.169.147.146 - - [28/Mar/2023:11:05:54 +0800] "GET /xingrg/all/function/internal_message.html?_=1679972753540&CODE_STATE=getMsg HTTP/1.1" 200 27
180.169.147.146 - - [28/Mar/2023:11:05:54 +0800] "GET /xingrg/check_reg.html?_=1679972753546 HTTP/1.1" 200 22
222.70.182.87 - - [28/Mar/2023:11:06:00 +0800] "GET /xingrg/check_reg.html?_=1679972760167 HTTP/1.1" 200 22
222.70.182.87 - - [28/Mar/2023:11:06:00 +0800] "GET /xingrg/all/function/internal_message.html?_=1679972760169&CODE_STATE=getMsg HTTP/1.1" 200 27
180.164.3.199 - - [28/Mar/2023:11:06:01 +0800] "GET /xingrg/all/function/internal_message.html?_=1679972761004&CODE_STATE=getMsg HTTP/1.1" 200 27
116.224.158.100 - - [28/Mar/2023:11:06:02 +0800] "GET /xingrg/all/function/internal_message.html?_=1679972762191&CODE_STATE=getMsg HTTP/1.1" 200 27
116.238.139.35 - - [28/Mar/2023:11:06:02 +0800] "GET /xingrg/all/function/internal_message.html?_=1679972764551&CODE_STATE=getMsg HTTP/1.1" 200 27
180.162.110.158 - - [28/Mar/2023:11:06:11 +0800] "GET /xingrg/javascript/auto/indicator.gif HTTP/1.1" 404 1066
222.67.232.202 - - [28/Mar/2023:11:06:16 +0800] "GET /xingrg/all/function/internal_message.html?_=1679972320178&CODE_STATE=getMsg HTTP/1.1" 200 27
222.67.232.202 - - [28/Mar/2023:11:06:16 +0800] "GET /xingrg/check_reg.html?_=1679972320180 HTTP/1.1" 200 22
120.253.135.82 - - [28/Mar/2023:11:06:18 +0800] "GET /xingrg/all/function/internal_message.html?_=1679972610191&CODE_STATE=getMsg HTTP/1.1" 200 27
180.162.110.158 - - [28/Mar/2023:11:06:19 +0800] "GET /xingrg/kc/buy/cgsh_order_operate.html?command=get_materiel&rest_code=00143&code=00102034051&supplier_code=00100207&order_time=2023-03-27 HTTP/1.1" 200 440
172.20.0.100 - - [28/Mar/2023:11:06:23 +0800] "GET /xingrg/check_reg.html?_=1679972787748 HTTP/1.1" 200 22
180.157.253.110 - - [28/Mar/2023:11:06:28 +0800] "GET /xingrg/check_reg.html?_=1679972788683 HTTP/1.1" 200 22
180.157.253.110 - - [28/Mar/2023:11:06:28 +0800] "GET /xingrg/all/function/internal_message.html?_=1679972788685&CODE_STATE=getMsg HTTP/1.1" 200 27
180.162.110.158 - - [28/Mar/2023:11:06:32 +0800] "GET /xingrg/all/function/internal_message.html?_=1679971686517&CODE_STATE=getMsg HTTP/1.1" 200 27
222.70.168.128 - - [28/Mar/2023:11:06:35 +0800] "GET /xingrg/all/function/internal_message.html?_=1679972801081&CODE_STATE=getMsg HTTP/1.1" 200 27
116.192.124.172 - - [28/Mar/2023:11:06:37 +0800] "GET /xingrg/all/function/internal_message.html?_=1679972797126&CODE_STATE=getMsg HTTP/1.1" 200 27
180.169.147.146 - - [28/Mar/2023:11:06:39 +0800] "GET /xingrg/all/function/internal_message.html?_=1679972798428&CODE_STATE=getMsg HTTP/1.1" 200 27
116.224.106.218 - - [28/Mar/2023:11:06:43 +0800] "GET /xingrg/all/function/internal_message.html?_=1679972803458&CODE_STATE=getMsg HTTP/1.1" 200 27
114.83.216.127 - - [28/Mar/2023:11:06:46 +0800] "GET /xingrg/all/function/internal_message.html?_=1679972805535&CODE_STATE=getMsg HTTP/1.1" 200 27
114.83.216.127 - - [28/Mar/2023:11:06:47 +0800] "GET /xingrg/check_reg.html?_=1679972805540 HTTP/1.1" 200 22
172.20.0.100 - - [28/Mar/2023:11:06:47 +0800] "GET /xingrg/all/function/internal_message.html?_=1679972811386&CODE_STATE=getMsg HTTP/1.1" 200 27
120.253.135.82 - - [28/Mar/2023:11:06:48 +0800] "GET /xingrg/login.html HTTP/1.1" 200 7641
101.229.22.234 - - [28/Mar/2023:11:06:51 +0800] "GET /xingrg/all/function/internal_message.html?_=1679972809826&CODE_STATE=getMsg HTTP/1.1" 200 27
120.253.135.82 - - [28/Mar/2023:11:06:52 +0800] "POST /xingrg/login.do HTTP/1.1" 302 -
120.253.135.82 - - [28/Mar/2023:11:06:52 +0800] "GET /xingrg/index.html?sysBaseUrl=http%3A%2F%2F180.169.147.146%3A18081%2Fxingrg%2F&costTime=822×tamp=1679972812762 HTTP/1.1" 200 17173
120.253.135.82 - - [28/Mar/2023:11:06:53 +0800] "GET /xingrg/all/function/internal_message.html?_=1679972944556&CODE_STATE=count HTTP/1.1" 200 11
120.253.135.82 - - [28/Mar/2023:11:06:53 +0800] "GET /xingrg/check_reg.html?_=1679972944556 HTTP/1.1" 200 22
120.253.135.82 - - [28/Mar/2023:11:06:53 +0800] "POST /xingrg/all/common/load_tree.html?tree=area_rest_tree_json&manage=1 HTTP/1.1" 200 344
120.253.135.82 - - [28/Mar/2023:11:06:53 +0800] "POST /xingrg/load_menu.html HTTP/1.1" 200 6743
180.169.147.146 - - [28/Mar/2023:11:06:54 +0800] "GET /xingrg/all/function/internal_message.html?_=1679972813547&CODE_STATE=getMsg HTTP/1.1" 200 27
120.253.135.82 - - [28/Mar/2023:11:06:57 +0800] "GET /xingrg/kc/pszx/mdps_order_list.html?orderType=0 HTTP/1.1" 200 21032
120.253.135.82 - - [28/Mar/2023:11:06:57 +0800] "POST /xingrg/kc/pszx/mdps_list_operate.html HTTP/1.1" 200 5369
120.253.135.82 - - [28/Mar/2023:11:06:59 +0800] "GET /xingrg/kc/pszx/mdps_order_add.html HTTP/1.1" 200 29101
120.253.135.82 - - [28/Mar/2023:11:06:59 +0800] "GET /xingrg/words/20230328100934_words.js HTTP/1.1" 200 957918
120.253.135.82 - - [28/Mar/2023:11:06:59 +0800] "POST /xingrg/kc/pszx/mdps_order_operate.html HTTP/1.1" 200 7126
120.253.135.82 - - [28/Mar/2023:11:07:00 +0800] "GET /xingrg/all/common/auto_word.html?type=base&rest_code=00101 HTTP/1.1" 200 671
120.253.135.82 - - [28/Mar/2023:11:07:00 +0800] "GET /xingrg/javascript/easyui/themes/default/validatebox.css HTTP/1.1" 404 1104
222.70.182.87 - - [28/Mar/2023:11:07:00 +0800] "GET /xingrg/all/function/internal_message.html?_=1679972820168&CODE_STATE=getMsg HTTP/1.1" 200 27
180.164.3.199 - - [28/Mar/2023:11:07:01 +0800] "GET /xingrg/all/function/internal_message.html?_=1679972821020&CODE_STATE=getMsg HTTP/1.1" 200 27
120.253.135.82 - - [28/Mar/2023:11:07:01 +0800] "POST /xingrg/all/common/load_combo.html?type=base HTTP/1.1" 200 1169
116.224.158.100 - - [28/Mar/2023:11:07:02 +0800] "GET /xingrg/all/function/internal_message.html?_=1679972822164&CODE_STATE=getMsg HTTP/1.1" 200 27
116.238.139.35 - - [28/Mar/2023:11:07:02 +0800] "GET /xingrg/all/function/internal_message.html?_=1679972824537&CODE_STATE=getMsg HTTP/1.1" 200 27
120.253.135.82 - - [28/Mar/2023:11:07:08 +0800] "GET /xingrg/kc/pszx/mdps_order_operate.html?command=get_materiel&pszx_code=00101&rest_code=&base_code=0010250&code=00102002543 HTTP/1.1" 200 431
120.253.135.82 - - [28/Mar/2023:11:07:09 +0800] "POST /xingrg/all/common/load_select.html HTTP/1.1" 200 25
101.229.22.234 - - [28/Mar/2023:11:07:10 +0800] "GET /xingrg/javascript/jquery_easy_ui/themes/default/images/tabs_active.png HTTP/1.1" 304 -
180.162.110.158 - - [28/Mar/2023:11:07:13 +0800] "GET /xingrg/kc/buy/cgsh_order_operate.html?command=get_materiel&rest_code=00143&code=00101010136&supplier_code=00100207&order_time=2023-03-27 HTTP/1.1" 200 408
120.253.135.82 - - [28/Mar/2023:11:07:16 +0800] "GET /xingrg/check_reg.html?_=1679972667820 HTTP/1.1" 200 22
222.67.232.202 - - [28/Mar/2023:11:07:16 +0800] "GET /xingrg/all/function/internal_message.html?_=1679972380178&CODE_STATE=getMsg HTTP/1.1" 200 27
120.253.135.82 - - [28/Mar/2023:11:07:17 +0800] "GET /xingrg/kc/pszx/mdps_order_operate.html?command=get_materiel_price&pszx_code=00101&rest_code=&base_code=0010250&code=00102002543&unit_code=00100129&order_time=2023-03-28 HTTP/1.1" 200 34
120.253.135.82 - - [28/Mar/2023:11:07:18 +0800] "GET /xingrg/all/function/internal_message.html?_=1679972670192&CODE_STATE=getMsg HTTP/1.1" 200 27
180.157.253.110 - - [28/Mar/2023:11:07:28 +0800] "GET /xingrg/all/function/internal_message.html?_=1679972848669&CODE_STATE=getMsg HTTP/1.1" 200 27
180.162.110.158 - - [28/Mar/2023:11:07:32 +0800] "GET /xingrg/all/function/internal_message.html?_=1679971746519&CODE_STATE=getMsg HTTP/1.1" 200 27
222.70.168.128 - - [28/Mar/2023:11:07:35 +0800] "GET /xingrg/all/function/internal_message.html?_=1679972861637&CODE_STATE=getMsg HTTP/1.1" 200 27
116.192.124.172 - - [28/Mar/2023:11:07:37 +0800] "GET /xingrg/all/function/internal_message.html?_=1679972857114&CODE_STATE=getMsg HTTP/1.1" 200 27
180.169.147.146 - - [28/Mar/2023:11:07:39 +0800] "GET /xingrg/all/function/internal_message.html?_=1679972858428&CODE_STATE=getMsg HTTP/1.1" 200 27
116.224.106.218 - - [28/Mar/2023:11:07:43 +0800] "GET /xingrg/all/function/internal_message.html?_=1679972863458&CODE_STATE=getMsg HTTP/1.1" 200 27
180.162.110.158 - - [28/Mar/2023:11:07:45 +0800] "GET /xingrg/kc/buy/cgsh_order_operate.html?command=get_materiel&rest_code=00143&code=00101009122&supplier_code=00100207&order_time=2023-03-27 HTTP/1.1" 200 405
114.83.216.127 - - [28/Mar/2023:11:07:46 +0800] "GET /xingrg/all/function/internal_message.html?_=1679972865535&CODE_STATE=getMsg HTTP/1.1" 200 27
172.20.0.100 - - [28/Mar/2023:11:07:47 +0800] "GET /xingrg/all/function/internal_message.html?_=1679972871384&CODE_STATE=getMsg HTTP/1.1" 200 27
172.20.0.100 - - [28/Mar/2023:11:07:47 +0800] "GET /xingrg/check_reg.html?_=1679972871386 HTTP/1.1" 200 22
101.229.22.234 - - [28/Mar/2023:11:07:51 +0800] "GET /xingrg/all/function/internal_message.html?_=1679972869822&CODE_STATE=getMsg HTTP/1.1" 200 27
120.253.135.82 - - [28/Mar/2023:11:07:53 +0800] "GET /xingrg/all/function/internal_message.html?_=1679973004567&CODE_STATE=getMsg HTTP/1.1" 200 27
180.169.147.146 - - [28/Mar/2023:11:07:54 +0800] "GET /xingrg/all/function/internal_message.html?_=1679972873548&CODE_STATE=getMsg HTTP/1.1" 200 27
116.238.139.35 - - [28/Mar/2023:11:07:56 +0800] "POST /xingrg/services/DataTransmitService HTTP/1.1" 200 524
116.238.139.35 - - [28/Mar/2023:11:07:57 +0800] "POST /xingrg/services/DataTransmitService HTTP/1.1" 200 412
222.70.182.87 - - [28/Mar/2023:11:08:00 +0800] "GET /xingrg/all/function/internal_message.html?_=1679972880167&CODE_STATE=getMsg HTTP/1.1" 200 27
180.164.3.199 - - [28/Mar/2023:11:08:01 +0800] "GET /xingrg/all/function/internal_message.html?_=1679972881010&CODE_STATE=getMsg HTTP/1.1" 200 27
116.224.158.100 - - [28/Mar/2023:11:08:02 +0800] "GET /xingrg/all/function/internal_message.html?_=1679972882142&CODE_STATE=getMsg HTTP/1.1" 200 27
116.238.139.35 - - [28/Mar/2023:11:08:02 +0800] "GET /xingrg/all/function/internal_message.html?_=1679972884507&CODE_STATE=getMsg HTTP/1.1" 200 27
116.238.139.35 - - [28/Mar/2023:11:08:03 +0800] "GET /xingrg/check_reg.html?_=1679972884748 HTTP/1.1" 200 22
116.224.158.100 - - [28/Mar/2023:11:08:04 +0800] "GET /xingrg/check_reg.html?_=1679972884194 HTTP/1.1" 200 22
222.67.232.202 - - [28/Mar/2023:11:08:16 +0800] "GET /xingrg/all/function/internal_message.html?_=1679972440192&CODE_STATE=getMsg HTTP/1.1" 200 27
120.253.135.82 - - [28/Mar/2023:11:08:18 +0800] "GET /xingrg/all/function/internal_message.html?_=1679972730205&CODE_STATE=getMsg HTTP/1.1" 200 27
180.157.253.110 - - [28/Mar/2023:11:08:28 +0800] "GET /xingrg/all/function/internal_message.html?_=1679972908668&CODE_STATE=getMsg HTTP/1.1" 200 27
180.162.110.158 - - [28/Mar/2023:11:08:32 +0800] "GET /xingrg/all/function/internal_message.html?_=1679971806521&CODE_STATE=getMsg HTTP/1.1" 200 27
222.70.168.128 - - [28/Mar/2023:11:08:35 +0800] "GET /xingrg/all/function/internal_message.html?_=1679972921638&CODE_STATE=getMsg HTTP/1.1" 200 27
116.192.124.172 - - [28/Mar/2023:11:08:37 +0800] "GET /xingrg/all/function/internal_message.html?_=1679972917100&CODE_STATE=getMsg HTTP/1.1" 200 27
180.169.147.146 - - [28/Mar/2023:11:08:39 +0800] "GET /xingrg/all/function/internal_message.html?_=1679972918435&CODE_STATE=getMsg HTTP/1.1" 200 27
116.224.106.218 - - [28/Mar/2023:11:08:43 +0800] "GET /xingrg/all/function/internal_message.html?_=1679972923459&CODE_STATE=getMsg HTTP/1.1" 200 27
114.83.216.127 - - [28/Mar/2023:11:08:46 +0800] "GET /xingrg/all/function/internal_message.html?_=1679972925537&CODE_STATE=getMsg HTTP/1.1" 200 27
172.20.0.100 - - [28/Mar/2023:11:08:47 +0800] "GET /xingrg/all/function/internal_message.html?_=1679972931384&CODE_STATE=getMsg HTTP/1.1" 200 27
101.229.22.234 - - [28/Mar/2023:11:08:51 +0800] "GET /xingrg/all/function/internal_message.html?_=1679972929822&CODE_STATE=getMsg HTTP/1.1" 200 27
120.253.135.82 - - [28/Mar/2023:11:08:53 +0800] "GET /xingrg/all/function/internal_message.html?_=1679973064696&CODE_STATE=getMsg HTTP/1.1" 200 27
180.169.147.146 - - [28/Mar/2023:11:08:54 +0800] "GET /xingrg/all/function/internal_message.html?_=1679972933539&CODE_STATE=getMsg HTTP/1.1" 200 27
222.70.182.87 - - [28/Mar/2023:11:09:00 +0800] "GET /xingrg/all/function/internal_message.html?_=1679972940168&CODE_STATE=getMsg HTTP/1.1" 200 27
180.164.3.199 - - [28/Mar/2023:11:09:01 +0800] "GET /xingrg/all/function/internal_message.html?_=1679972941026&CODE_STATE=getMsg HTTP/1.1" 200 27
116.224.158.100 - - [28/Mar/2023:11:09:02 +0800] "GET /xingrg/all/function/internal_message.html?_=1679972942114&CODE_STATE=getMsg HTTP/1.1" 200 27
116.238.139.35 - - [28/Mar/2023:11:09:02 +0800] "GET /xingrg/all/function/internal_message.html?_=1679972944484&CODE_STATE=getMsg HTTP/1.1" 200 27
116.192.124.172 - - [28/Mar/2023:11:09:05 +0800] "GET /xingrg/kc/buy/cgsh_order_operate.html?command=get_materiel&rest_code=00102&code=00101011005&supplier_code=00100047&order_time=2023-03-28 HTTP/1.1" 200 408
124.79.79.194 - - [28/Mar/2023:11:09:13 +0800] "POST /xingrg/services/DataTransmitService HTTP/1.1" 200 524
124.79.79.194 - - [28/Mar/2023:11:09:14 +0800] "POST /xingrg/services/DataTransmitService HTTP/1.1" 200 412
116.192.124.172 - - [28/Mar/2023:11:09:15 +0800] "GET /xingrg/kc/buy/cgsh_order_operate.html?command=get_materiel&rest_code=00102&code=00101011003&supplier_code=00100047&order_time=2023-03-28 HTTP/1.1" 200 413
222.67.232.202 - - [28/Mar/2023:11:09:16 +0800] "GET /xingrg/all/function/internal_message.html?_=1679972500219&CODE_STATE=getMsg HTTP/1.1" 200 27
120.253.135.82 - - [28/Mar/2023:11:09:18 +0800] "GET /xingrg/all/function/internal_message.html?_=1679972790219&CODE_STATE=getMsg HTTP/1.1" 200 27
180.157.253.110 - - [28/Mar/2023:11:09:28 +0800] "GET /xingrg/all/function/internal_message.html?_=1679972968711&CODE_STATE=getMsg HTTP/1.1" 200 27
116.192.124.172 - - [28/Mar/2023:11:09:31 +0800] "GET /xingrg/kc/buy/cgsh_order_operate.html?command=get_materiel&rest_code=00102&code=00101011001&supplier_code=00100047&order_time=2023-03-28 HTTP/1.1" 200 423
180.162.110.158 - - [28/Mar/2023:11:09:32 +0800] "GET /xingrg/all/function/internal_message.html?_=1679971866527&CODE_STATE=getMsg HTTP/1.1" 200 27
180.162.110.158 - - [28/Mar/2023:11:09:32 +0800] "GET /xingrg/check_reg.html?_=1679971866530 HTTP/1.1" 200 22
222.70.168.128 - - [28/Mar/2023:11:09:36 +0800] "GET /xingrg/all/function/internal_message.html?_=1679972982465&CODE_STATE=getMsg HTTP/1.1" 200 27
116.192.124.172 - - [28/Mar/2023:11:09:37 +0800] "GET /xingrg/all/function/internal_message.html?_=1679972977120&CODE_STATE=getMsg HTTP/1.1" 200 27
180.169.147.146 - - [28/Mar/2023:11:09:39 +0800] "GET /xingrg/all/function/internal_message.html?_=1679972978424&CODE_STATE=getMsg HTTP/1.1" 200 27
180.162.110.158 - - [28/Mar/2023:11:09:39 +0800] "GET /xingrg/javascript/easyui/themes/default/images/button_plain_hover.png HTTP/1.1" 304 -
180.162.110.158 - - [28/Mar/2023:11:09:40 +0800] "GET /xingrg/javascript/jquery_tools/images/prev.gif HTTP/1.1" 404 1086
180.162.110.158 - - [28/Mar/2023:11:09:40 +0800] "GET /xingrg/javascript/jquery_tools/images/next.gif HTTP/1.1" 404 1086
116.224.106.218 - - [28/Mar/2023:11:09:43 +0800] "GET /xingrg/check_reg.html?_=1679972983459 HTTP/1.1" 200 22
116.224.106.218 - - [28/Mar/2023:11:09:43 +0800] "GET /xingrg/all/function/internal_message.html?_=1679972983463&CODE_STATE=getMsg HTTP/1.1" 200 27
116.192.124.172 - - [28/Mar/2023:11:09:45 +0800] "POST /xingrg/kc/buy/cgsh_order_operate.html HTTP/1.1" 200 37
114.83.216.127 - - [28/Mar/2023:11:09:46 +0800] "GET /xingrg/all/function/internal_message.html?_=1679972985559&CODE_STATE=getMsg HTTP/1.1" 200 27
172.20.0.100 - - [28/Mar/2023:11:09:47 +0800] "GET /xingrg/all/function/internal_message.html?_=1679972991382&CODE_STATE=getMsg HTTP/1.1" 200 27
180.162.110.158 - - [28/Mar/2023:11:09:49 +0800] "POST /xingrg/kc/buy/cgsh_order_operate.html HTTP/1.1" 200 37
101.229.22.234 - - [28/Mar/2023:11:09:51 +0800] "GET /xingrg/all/function/internal_message.html?_=1679972989822&CODE_STATE=getMsg HTTP/1.1" 200 27
180.162.110.158 - - [28/Mar/2023:11:09:51 +0800] "POST /xingrg/kc/buy/cgsh_order_operate.html HTTP/1.1" 200 12727
101.229.22.234 - - [28/Mar/2023:11:09:51 +0800] "GET /xingrg/check_reg.html?_=1679972989824 HTTP/1.1" 200 22
120.253.135.82 - - [28/Mar/2023:11:09:53 +0800] "GET /xingrg/all/function/internal_message.html?_=1679973124696&CODE_STATE=getMsg HTTP/1.1" 200 27
180.169.147.146 - - [28/Mar/2023:11:09:54 +0800] "GET /xingrg/all/function/internal_message.html?_=1679972993532&CODE_STATE=getMsg HTTP/1.1" 200 27
116.192.124.172 - - [28/Mar/2023:11:09:54 +0800] "POST /xingrg/kc/buy/cgsh_order_operate.html HTTP/1.1" 200 12
222.70.182.87 - - [28/Mar/2023:11:10:00 +0800] "GET /xingrg/all/function/internal_message.html?_=1679973000168&CODE_STATE=getMsg HTTP/1.1" 200 27
180.164.3.199 - - [28/Mar/2023:11:10:01 +0800] "GET /xingrg/check_reg.html?_=1679973001026 HTTP/1.1" 200 22
180.164.3.199 - - [28/Mar/2023:11:10:01 +0800] "GET /xingrg/all/function/internal_message.html?_=1679973001028&CODE_STATE=getMsg HTTP/1.1" 200 27
116.224.158.100 - - [28/Mar/2023:11:10:02 +0800] "GET /xingrg/all/function/internal_message.html?_=1679973002095&CODE_STATE=getMsg HTTP/1.1" 200 27
116.238.139.35 - - [28/Mar/2023:11:10:02 +0800] "GET /xingrg/all/function/internal_message.html?_=1679973004456&CODE_STATE=getMsg HTTP/1.1" 200 27
116.192.124.172 - - [28/Mar/2023:11:10:04 +0800] "GET /xingrg/kc/buy/cgsh_order_info.html?code=212023032810437 HTTP/1.1" 200 64896
116.192.124.172 - - [28/Mar/2023:11:10:04 +0800] "GET /xingrg/words/20230328100934_words.js HTTP/1.1" 304 -
116.192.124.172 - - [28/Mar/2023:11:10:04 +0800] "GET /xingrg/javascript/easyui/themes/default/validatebox.css HTTP/1.1" 404 1104
116.192.124.172 - - [28/Mar/2023:11:10:05 +0800] "POST /xingrg/kc/buy/cgsh_order_operate.html HTTP/1.1" 200 1803
116.192.124.172 - - [28/Mar/2023:11:10:11 +0800] "GET /xingrg/kc/print/load_data.html?order_code=212023032810437&kc_code=cgsh&condition= HTTP/1.1" 200 1201
222.67.232.202 - - [28/Mar/2023:11:10:16 +0800] "GET /xingrg/all/function/internal_message.html?_=1679972560218&CODE_STATE=getMsg HTTP/1.1" 200 27
222.70.168.128 - - [28/Mar/2023:11:10:21 +0800] "GET /xingrg/check_reg.html?_=1679973027240 HTTP/1.1" 200 22
116.192.124.172 - - [28/Mar/2023:11:10:23 +0800] "GET /xingrg/kc/buy/cgsh_order_add.html HTTP/1.1" 200 69996
116.192.124.172 - - [28/Mar/2023:11:10:23 +0800] "POST /xingrg/kc/buy/cgsh_order_operate.html HTTP/1.1" 200 8245
116.192.124.172 - - [28/Mar/2023:11:10:23 +0800] "GET /xingrg/javascript/easyui/themes/default/validatebox.css HTTP/1.1" 404 1104
180.157.253.110 - - [28/Mar/2023:11:10:28 +0800] "GET /xingrg/all/function/internal_message.html?_=1679973028695&CODE_STATE=getMsg HTTP/1.1" 200 27
180.162.110.158 - - [28/Mar/2023:11:10:32 +0800] "GET /xingrg/all/function/internal_message.html?_=1679971926527&CODE_STATE=getMsg HTTP/1.1" 200 27
222.70.168.128 - - [28/Mar/2023:11:10:36 +0800] "GET /xingrg/all/function/internal_message.html?_=1679973042478&CODE_STATE=getMsg HTTP/1.1" 200 27
116.192.124.172 - - [28/Mar/2023:11:10:37 +0800] "GET /xingrg/all/function/internal_message.html?_=1679973037110&CODE_STATE=getMsg HTTP/1.1" 200 27
116.192.124.172 - - [28/Mar/2023:11:10:37 +0800] "GET /xingrg/check_reg.html?_=1679973037587 HTTP/1.1" 200 22
180.169.147.146 - - [28/Mar/2023:11:10:39 +0800] "GET /xingrg/check_reg.html?_=1679973038441 HTTP/1.1" 200 22
180.169.147.146 - - [28/Mar/2023:11:10:39 +0800] "GET /xingrg/all/function/internal_message.html?_=1679973038440&CODE_STATE=getMsg HTTP/1.1" 200 27
116.224.106.218 - - [28/Mar/2023:11:10:43 +0800] "GET /xingrg/all/function/internal_message.html?_=1679973043465&CODE_STATE=getMsg HTTP/1.1" 200 27
180.162.110.158 - - [28/Mar/2023:11:10:46 +0800] "POST /xingrg/kc/buy/cgsh_order_operate.html HTTP/1.1" 200 37
114.83.216.127 - - [28/Mar/2023:11:10:46 +0800] "GET /xingrg/all/function/internal_message.html?_=1679973045550&CODE_STATE=getMsg HTTP/1.1" 200 27
172.20.0.100 - - [28/Mar/2023:11:10:47 +0800] "GET /xingrg/all/function/internal_message.html?_=1679973051380&CODE_STATE=getMsg HTTP/1.1" 200 27
180.162.110.158 - - [28/Mar/2023:11:10:48 +0800] "POST /xingrg/kc/buy/cgsh_order_operate.html HTTP/1.1" 200 12727
101.229.22.234 - - [28/Mar/2023:11:10:51 +0800] "GET /xingrg/all/function/internal_message.html?_=1679973049824&CODE_STATE=getMsg HTTP/1.1" 200 27
120.253.135.82 - - [28/Mar/2023:11:10:53 +0800] "GET /xingrg/all/function/internal_message.html?_=1679973184701&CODE_STATE=getMsg HTTP/1.1" 200 27
180.169.147.146 - - [28/Mar/2023:11:10:54 +0800] "GET /xingrg/all/function/internal_message.html?_=1679973053553&CODE_STATE=getMsg HTTP/1.1" 200 27
180.169.147.146 - - [28/Mar/2023:11:10:54 +0800] "GET /xingrg/check_reg.html?_=1679973053559 HTTP/1.1" 200 22
180.162.110.158 - - [28/Mar/2023:11:10:58 +0800] "GET /xingrg/javascript/jquery_easy_ui/themes/default/images/tabs_active.png HTTP/1.1" 304 -
222.70.182.87 - - [28/Mar/2023:11:11:00 +0800] "GET /xingrg/check_reg.html?_=1679973060167 HTTP/1.1" 200 22
222.70.182.87 - - [28/Mar/2023:11:11:00 +0800] "GET /xingrg/all/function/internal_message.html?_=1679973060171&CODE_STATE=getMsg HTTP/1.1" 200 27
180.164.3.199 - - [28/Mar/2023:11:11:01 +0800] "GET /xingrg/all/function/internal_message.html?_=1679973061018&CODE_STATE=getMsg HTTP/1.1" 200 27
116.224.158.100 - - [28/Mar/2023:11:11:02 +0800] "GET /xingrg/all/function/internal_message.html?_=1679973062075&CODE_STATE=getMsg HTTP/1.1" 200 27
116.238.139.35 - - [28/Mar/2023:11:11:02 +0800] "GET /xingrg/all/function/internal_message.html?_=1679973064441&CODE_STATE=getMsg HTTP/1.1" 200 27
180.162.110.158 - - [28/Mar/2023:11:11:07 +0800] "POST /xingrg/kc/buy/cgsh_list_operate.html HTTP/1.1" 200 2317
222.67.232.202 - - [28/Mar/2023:11:11:16 +0800] "GET /xingrg/check_reg.html?_=1679972620217 HTTP/1.1" 200 22
222.67.232.202 - - [28/Mar/2023:11:11:16 +0800] "GET /xingrg/all/function/internal_message.html?_=1679972620218&CODE_STATE=getMsg HTTP/1.1" 200 27
172.20.0.100 - - [28/Mar/2023:11:11:23 +0800] "GET /xingrg/check_reg.html?_=1679973087754 HTTP/1.1" 200 22
