222.70.182.87 - - [28/Mar/2023:13:34:28 +0800] "GET /xingrg/kc/print/load_data.html?order_code=212023032810512&kc_code=cgsh&condition= HTTP/1.1" 200 750
222.67.232.202 - - [28/Mar/2023:13:34:28 +0800] "POST /xingrg/kc/buy/cgsh_order_operate.html HTTP/1.1" 200 8245
222.67.232.202 - - [28/Mar/2023:13:34:28 +0800] "GET /xingrg/javascript/easyui/themes/default/validatebox.css HTTP/1.1" 404 1104
120.253.135.82 - - [28/Mar/2023:13:34:29 +0800] "GET /xingrg/kc/pszx/mdps_order_info.html?code=312023032700609 HTTP/1.1" 200 19638
120.253.135.82 - - [28/Mar/2023:13:34:30 +0800] "GET /xingrg/javascript/easyui/themes/default/validatebox.css HTTP/1.1" 404 1104
120.253.135.82 - - [28/Mar/2023:13:34:30 +0800] "POST /xingrg/kc/pszx/mdps_order_operate.html HTTP/1.1" 200 1484
116.224.158.100 - - [28/Mar/2023:13:34:31 +0800] "GET /xingrg/kc/buy/cgsh_order_operate.html?command=get_materiel&rest_code=00105&code=00102026001&supplier_code=00100313&order_time=2023-03-28 HTTP/1.1" 200 409
222.70.221.209 - - [28/Mar/2023:13:34:31 +0800] "GET /xingrg/kc/buy/cgsh_order_operate.html?command=get_materiel&rest_code=00155&code=00101001037&supplier_code=00100090&order_time=2023-03-28 HTTP/1.1" 200 418
120.253.135.82 - - [28/Mar/2023:13:34:31 +0800] "POST /xingrg/kc/pszx/mdps_list_operate.html HTTP/1.1" 200 2434
180.162.110.158 - - [28/Mar/2023:13:34:32 +0800] "GET /xingrg/all/function/internal_message.html?_=1679980566599&CODE_STATE=getMsg HTTP/1.1" 200 27
180.162.110.158 - - [28/Mar/2023:13:34:32 +0800] "GET /xingrg/check_reg.html?_=1679980566602 HTTP/1.1" 200 22
120.253.135.82 - - [28/Mar/2023:13:34:33 +0800] "POST /xingrg/kc/pszx/mdps_list_operate.html HTTP/1.1" 200 637
120.253.135.82 - - [28/Mar/2023:13:34:34 +0800] "GET /xingrg/kc/pszx/mdps_order_info.html?code=312023032700611 HTTP/1.1" 200 23978
120.253.135.82 - - [28/Mar/2023:13:34:35 +0800] "GET /xingrg/javascript/easyui/themes/default/validatebox.css HTTP/1.1" 404 1104
120.253.135.82 - - [28/Mar/2023:13:34:35 +0800] "POST /xingrg/kc/pszx/mdps_order_operate.html HTTP/1.1" 200 14199
58.39.110.54 - - [28/Mar/2023:13:34:36 +0800] "GET /xingrg/all/function/internal_message.html?_=1679981676537&CODE_STATE=getMsg HTTP/1.1" 200 27
180.169.147.146 - - [28/Mar/2023:13:34:37 +0800] "GET /xingrg/all/function/internal_message.html?_=1679981676414&CODE_STATE=getMsg HTTP/1.1" 200 27
222.67.232.202 - - [28/Mar/2023:13:34:37 +0800] "GET /xingrg/check_reg.html?_=1679981221473 HTTP/1.1" 200 22
180.169.147.146 - - [28/Mar/2023:13:34:38 +0800] "GET /xingrg/all/function/internal_message.html?_=1679981677199&CODE_STATE=getMsg HTTP/1.1" 200 27
222.70.221.209 - - [28/Mar/2023:13:34:41 +0800] "POST /xingrg/kc/buy/cgsh_order_operate.html HTTP/1.1" 200 37
120.253.135.82 - - [28/Mar/2023:13:34:41 +0800] "POST /xingrg/kc/pszx/mdps_order_operate.html HTTP/1.1" 200 37
180.169.147.146 - - [28/Mar/2023:13:34:41 +0800] "GET /xingrg/kc/base/stock_operate.html?_=1679981680528&command=get_report_file&start_day=20230301 HTTP/1.1" 200 53
180.169.147.146 - - [28/Mar/2023:13:34:41 +0800] "GET /xingrg/all/report/report_query.html?isQuery=1&onlyBody=1&rh=2000&fileName=kc/base/kc_stock_detail_new.xml&queryString=(1=1)&queryText=&tableQueryString=init_table$sp1$base_code='0010132'$sp$crk_table$sp1$order_day%20between%2020230301%20and%2020230331%20and%20base_code='0010132'&varString=start_day:20230301,materiel_code:00101001135,cost_id:4187,end_date:20230228 HTTP/1.1" 200 48744
180.169.147.146 - - [28/Mar/2023:13:34:41 +0800] "GET /xingrg/dwr/interface/AjaxReportQueryService.js HTTP/1.1" 200 13203
180.169.147.146 - - [28/Mar/2023:13:34:41 +0800] "GET /xingrg/dwr/engine.js HTTP/1.1" 200 43631
222.67.232.202 - - [28/Mar/2023:13:34:42 +0800] "GET /xingrg/kc/buy/cgsh_order_operate.html?command=get_materiel&rest_code=00141&code=00101001145&supplier_code=00100314&order_time=2023-03-28 HTTP/1.1" 200 414
180.169.147.146 - - [28/Mar/2023:13:34:43 +0800] "POST /xingrg/all/report/load_report_page.html HTTP/1.1" 200 25092
180.169.147.146 - - [28/Mar/2023:13:34:43 +0800] "GET /xingrg/servlets/image?cache=0.6048070963036959&image=px HTTP/1.1" 200 807
116.224.158.100 - - [28/Mar/2023:13:34:43 +0800] "GET /xingrg/kc/buy/cgsh_order_operate.html?command=get_materiel&rest_code=00105&code=00101004023&supplier_code=00100313&order_time=2023-03-28 HTTP/1.1" 200 409
222.70.221.209 - - [28/Mar/2023:13:34:44 +0800] "POST /xingrg/kc/buy/cgsh_order_operate.html HTTP/1.1" 200 2665
116.224.106.218 - - [28/Mar/2023:13:34:44 +0800] "GET /xingrg/all/function/internal_message.html?_=1679981683670&CODE_STATE=getMsg HTTP/1.1" 200 27
116.224.106.218 - - [28/Mar/2023:13:34:44 +0800] "GET /xingrg/check_reg.html?_=1679981683674 HTTP/1.1" 200 22
222.70.221.209 - - [28/Mar/2023:13:34:44 +0800] "GET /xingrg/kc/print/load_config.html?kc_code=cgsh HTTP/1.1" 200 1925
222.70.221.209 - - [28/Mar/2023:13:34:45 +0800] "GET /xingrg/kc/print/load_data.html?order_code=212023032810513&kc_code=cgsh&condition= HTTP/1.1" 200 754
172.20.0.100 - - [28/Mar/2023:13:34:47 +0800] "GET /xingrg/all/function/internal_message.html?_=1679981691585&CODE_STATE=getMsg HTTP/1.1" 200 27
114.83.216.127 - - [28/Mar/2023:13:34:47 +0800] "GET /xingrg/all/function/internal_message.html?_=1679981686055&CODE_STATE=getMsg HTTP/1.1" 200 27
120.253.135.82 - - [28/Mar/2023:13:34:47 +0800] "POST /xingrg/kc/pszx/mdps_order_operate.html HTTP/1.1" 200 12
180.169.147.146 - - [28/Mar/2023:13:34:51 +0800] "GET /xingrg/kc/base/stock_operate.html?_=1679981690312&command=get_report_file&start_day=20230301 HTTP/1.1" 200 53
180.169.147.146 - - [28/Mar/2023:13:34:51 +0800] "GET /xingrg/all/report/report_query.html?isQuery=1&onlyBody=1&rh=2000&fileName=kc/base/kc_stock_detail_new.xml&queryString=(1=1)&queryText=&tableQueryString=init_table$sp1$base_code='0010077'$sp$crk_table$sp1$order_day%20between%2020230301%20and%2020230331%20and%20base_code='0010077'&varString=start_day:20230301,materiel_code:00101001135,cost_id:4187,end_date:20230228 HTTP/1.1" 200 48744
180.169.147.146 - - [28/Mar/2023:13:34:51 +0800] "GET /xingrg/dwr/interface/AjaxReportQueryService.js HTTP/1.1" 200 13203
180.169.147.146 - - [28/Mar/2023:13:34:51 +0800] "GET /xingrg/dwr/engine.js HTTP/1.1" 200 43631
222.70.221.209 - - [28/Mar/2023:13:34:51 +0800] "GET /xingrg/kc/buy/cgsh_order_add.html HTTP/1.1" 200 70008
101.229.22.234 - - [28/Mar/2023:13:34:51 +0800] "GET /xingrg/check_reg.html?_=1679981690064 HTTP/1.1" 200 22
101.229.22.234 - - [28/Mar/2023:13:34:51 +0800] "GET /xingrg/all/function/internal_message.html?_=1679981690065&CODE_STATE=getMsg HTTP/1.1" 200 27
124.79.72.155 - - [28/Mar/2023:13:34:51 +0800] "GET /xingrg/kc/buy/cgsh_order_operate.html?command=get_materiel&rest_code=00156&code=00101008372&supplier_code=00100007&order_time=2023-03-28 HTTP/1.1" 200 408
222.70.221.209 - - [28/Mar/2023:13:34:52 +0800] "POST /xingrg/kc/buy/cgsh_order_operate.html HTTP/1.1" 200 8245
222.70.221.209 - - [28/Mar/2023:13:34:52 +0800] "GET /xingrg/javascript/easyui/themes/default/validatebox.css HTTP/1.1" 404 1104
180.169.147.146 - - [28/Mar/2023:13:34:52 +0800] "POST /xingrg/all/report/load_report_page.html HTTP/1.1" 200 20291
180.169.147.146 - - [28/Mar/2023:13:34:52 +0800] "GET /xingrg/servlets/image?cache=0.005859269986562499&image=px HTTP/1.1" 200 807
124.79.72.155 - - [28/Mar/2023:13:34:55 +0800] "POST /xingrg/kc/buy/cgsh_order_operate.html HTTP/1.1" 200 2065
180.169.147.146 - - [28/Mar/2023:13:34:56 +0800] "GET /xingrg/kc/base/check_order_list.html HTTP/1.1" 200 16484
180.169.147.146 - - [28/Mar/2023:13:34:56 +0800] "POST /xingrg/kc/base/check_list_operate.html HTTP/1.1" 200 781
116.238.139.35 - - [28/Mar/2023:13:34:57 +0800] "GET /xingrg/all/function/internal_message.html?_=1679981698842&CODE_STATE=getMsg HTTP/1.1" 200 27
116.224.158.100 - - [28/Mar/2023:13:34:58 +0800] "GET /xingrg/all/function/internal_message.html?_=1679981698796&CODE_STATE=getMsg HTTP/1.1" 200 27
180.169.147.146 - - [28/Mar/2023:13:34:58 +0800] "GET /xingrg/kc/base/check_order_add.html HTTP/1.1" 200 26358
180.169.147.146 - - [28/Mar/2023:13:34:58 +0800] "GET /xingrg/dwr/interface/AjaxComOrderService.js HTTP/1.1" 200 18264
180.169.147.146 - - [28/Mar/2023:13:34:58 +0800] "GET /xingrg/dwr/interface/AjaxCheckService.js HTTP/1.1" 200 14003
180.169.147.146 - - [28/Mar/2023:13:34:58 +0800] "GET /xingrg/dwr/engine.js HTTP/1.1" 200 43631
180.169.147.146 - - [28/Mar/2023:13:34:58 +0800] "GET /xingrg/javascript/print/kc_print.js HTTP/1.1" 200 11415
180.169.147.146 - - [28/Mar/2023:13:34:58 +0800] "GET /xingrg/javascript/AjaxInfoList.js HTTP/1.1" 200 3774
120.253.135.82 - - [28/Mar/2023:13:34:58 +0800] "GET /xingrg/kc/pszx/mdps_order_info.html?code=312023032700611 HTTP/1.1" 200 19638
180.169.147.146 - - [28/Mar/2023:13:34:59 +0800] "GET /xingrg/javascript/jquery_easy_ui/themes/icons/check_new.png HTTP/1.1" 200 3224
180.169.147.146 - - [28/Mar/2023:13:34:59 +0800] "GET /xingrg/javascript/jquery_easy_ui/themes/icons/cance_new.png HTTP/1.1" 200 3986
222.70.221.209 - - [28/Mar/2023:13:34:59 +0800] "GET /xingrg/check_reg.html?_=1679981794790 HTTP/1.1" 200 22
222.70.221.209 - - [28/Mar/2023:13:34:59 +0800] "GET /xingrg/all/function/internal_message.html?_=1679981794792&CODE_STATE=getMsg HTTP/1.1" 200 27
120.253.135.82 - - [28/Mar/2023:13:34:59 +0800] "GET /xingrg/javascript/easyui/themes/default/validatebox.css HTTP/1.1" 404 1104
120.253.135.82 - - [28/Mar/2023:13:34:59 +0800] "POST /xingrg/kc/pszx/mdps_order_operate.html HTTP/1.1" 200 12322
120.253.135.82 - - [28/Mar/2023:13:35:00 +0800] "POST /xingrg/kc/pszx/mdps_list_operate.html HTTP/1.1" 200 2062
180.164.3.199 - - [28/Mar/2023:13:35:01 +0800] "GET /xingrg/check_reg.html?_=1679981701027 HTTP/1.1" 200 22
180.164.3.199 - - [28/Mar/2023:13:35:01 +0800] "GET /xingrg/all/function/internal_message.html?_=1679981701030&CODE_STATE=getMsg HTTP/1.1" 200 27
222.70.168.128 - - [28/Mar/2023:13:35:01 +0800] "GET /xingrg/all/function/internal_message.html?_=1679981707653&CODE_STATE=getMsg HTTP/1.1" 200 27
120.253.135.82 - - [28/Mar/2023:13:35:02 +0800] "GET /xingrg/all/function/internal_message.html?_=1679981534574&CODE_STATE=getMsg HTTP/1.1" 200 27
120.253.135.82 - - [28/Mar/2023:13:35:02 +0800] "POST /xingrg/kc/pszx/mdps_list_operate.html HTTP/1.1" 200 440
180.169.147.146 - - [28/Mar/2023:13:35:02 +0800] "GET /xingrg/kc/base/stock_detail.html?m=00101001135 HTTP/1.1" 200 7355
180.169.147.146 - - [28/Mar/2023:13:35:03 +0800] "GET /xingrg/all/function/internal_message.html?_=1679981702486&CODE_STATE=getMsg HTTP/1.1" 200 27
116.224.158.100 - - [28/Mar/2023:13:35:03 +0800] "POST /xingrg/kc/buy/cgsh_order_operate.html HTTP/1.1" 200 37
124.79.72.155 - - [28/Mar/2023:13:35:05 +0800] "GET /xingrg/kc/buy/cgsh_order_operate.html?command=get_materiel&rest_code=00156&code=00101008207&supplier_code=00100007&order_time=2023-03-28 HTTP/1.1" 200 408
222.70.221.209 - - [28/Mar/2023:13:35:05 +0800] "GET /xingrg/kc/buy/cgsh_order_operate.html?command=get_materiel&rest_code=00155&code=00101006005&supplier_code=00100327&order_time=2023-03-28 HTTP/1.1" 200 417
116.224.158.100 - - [28/Mar/2023:13:35:06 +0800] "POST /xingrg/kc/buy/cgsh_order_operate.html HTTP/1.1" 200 9808
180.169.147.146 - - [28/Mar/2023:13:35:06 +0800] "GET /xingrg/kc/base/stock_operate.html?_=1679981704840&command=get_report_file&start_day=20230301 HTTP/1.1" 200 53
180.169.147.146 - - [28/Mar/2023:13:35:06 +0800] "GET /xingrg/all/report/report_query.html?isQuery=1&onlyBody=1&rh=2000&fileName=kc/base/kc_stock_detail_new.xml&queryString=(1=1)&queryText=&tableQueryString=init_table$sp1$base_code='0010063'$sp$crk_table$sp1$order_day%20between%2020230301%20and%2020230331%20and%20base_code='0010063'&varString=start_day:20230301,materiel_code:00101001135,cost_id:4187,end_date:20230228 HTTP/1.1" 200 48744
180.169.147.146 - - [28/Mar/2023:13:35:06 +0800] "GET /xingrg/dwr/interface/AjaxReportQueryService.js HTTP/1.1" 200 13203
180.169.147.146 - - [28/Mar/2023:13:35:06 +0800] "GET /xingrg/dwr/engine.js HTTP/1.1" 200 43631
222.70.182.87 - - [28/Mar/2023:13:35:07 +0800] "GET /xingrg/all/function/internal_message.html?_=1679981707250&CODE_STATE=getMsg HTTP/1.1" 200 27
120.253.135.82 - - [28/Mar/2023:13:35:08 +0800] "GET /xingrg/kc/pszx/mdps_order_info.html?code=312023032700608 HTTP/1.1" 200 23978
222.67.232.202 - - [28/Mar/2023:13:35:08 +0800] "POST /xingrg/kc/buy/cgsh_order_operate.html HTTP/1.1" 200 88
180.169.147.146 - - [28/Mar/2023:13:35:08 +0800] "POST /xingrg/all/report/load_report_page.html HTTP/1.1" 200 89
120.253.135.82 - - [28/Mar/2023:13:35:09 +0800] "GET /xingrg/javascript/easyui/themes/default/validatebox.css HTTP/1.1" 404 1104
116.224.158.100 - - [28/Mar/2023:13:35:09 +0800] "GET /xingrg/kc/print/load_data.html?order_code=212023032810514&kc_code=cgsh&condition= HTTP/1.1" 200 3394
180.169.147.146 - - [28/Mar/2023:13:35:09 +0800] "GET /xingrg/kc/base/stock_operate.html?_=1679981708375&command=get_report_file&start_day=20230301 HTTP/1.1" 200 53
180.169.147.146 - - [28/Mar/2023:13:35:09 +0800] "GET /xingrg/all/report/report_query.html?isQuery=1&onlyBody=1&rh=2000&fileName=kc/base/kc_stock_detail_new.xml&queryString=(1=1)&queryText=&tableQueryString=init_table$sp1$base_code='0010068'$sp$crk_table$sp1$order_day%20between%2020230301%20and%2020230331%20and%20base_code='0010068'&varString=start_day:20230301,materiel_code:00101001135,cost_id:4187,end_date:20230228 HTTP/1.1" 200 48744
180.169.147.146 - - [28/Mar/2023:13:35:09 +0800] "GET /xingrg/dwr/interface/AjaxReportQueryService.js HTTP/1.1" 200 13203
180.169.147.146 - - [28/Mar/2023:13:35:09 +0800] "GET /xingrg/dwr/engine.js HTTP/1.1" 200 43631
120.253.135.82 - - [28/Mar/2023:13:35:09 +0800] "POST /xingrg/kc/pszx/mdps_order_operate.html HTTP/1.1" 200 3777
180.169.147.146 - - [28/Mar/2023:13:35:11 +0800] "POST /xingrg/all/report/load_report_page.html HTTP/1.1" 200 54405
180.169.147.146 - - [28/Mar/2023:13:35:11 +0800] "GET /xingrg/servlets/image?cache=0.6472025037935074&image=px HTTP/1.1" 200 807
222.67.232.202 - - [28/Mar/2023:13:35:15 +0800] "POST /xingrg/kc/buy/cgsh_order_operate.html HTTP/1.1" 200 37
124.79.72.155 - - [28/Mar/2023:13:35:16 +0800] "GET /xingrg/kc/buy/cgsh_order_operate.html?command=get_materiel&rest_code=00156&code=00101008358&supplier_code=00100007&order_time=2023-03-28 HTTP/1.1" 200 412
222.70.221.209 - - [28/Mar/2023:13:35:16 +0800] "GET /xingrg/kc/buy/cgsh_order_operate.html?command=get_materiel&rest_code=00155&code=00101012086&supplier_code=00100327&order_time=2023-03-28 HTTP/1.1" 200 420
116.224.158.100 - - [28/Mar/2023:13:35:17 +0800] "GET /xingrg/kc/buy/cgsh_order_add.html HTTP/1.1" 200 70043
116.224.158.100 - - [28/Mar/2023:13:35:17 +0800] "POST /xingrg/kc/buy/cgsh_order_operate.html HTTP/1.1" 200 8245
116.224.158.100 - - [28/Mar/2023:13:35:17 +0800] "GET /xingrg/javascript/easyui/themes/default/validatebox.css HTTP/1.1" 404 1104
120.253.135.82 - - [28/Mar/2023:13:35:20 +0800] "POST /xingrg/kc/pszx/mdps_order_operate.html HTTP/1.1" 200 37
222.70.168.128 - - [28/Mar/2023:13:35:21 +0800] "GET /xingrg/check_reg.html?_=1679981727943 HTTP/1.1" 200 22
222.67.232.202 - - [28/Mar/2023:13:35:22 +0800] "POST /xingrg/kc/buy/cgsh_order_operate.html HTTP/1.1" 200 12
180.157.253.110 - - [28/Mar/2023:13:35:23 +0800] "GET /xingrg/check_reg.html?_=1679981724134 HTTP/1.1" 200 22
180.157.253.110 - - [28/Mar/2023:13:35:23 +0800] "GET /xingrg/all/function/internal_message.html?_=1679981724137&CODE_STATE=getMsg HTTP/1.1" 200 27
222.70.221.209 - - [28/Mar/2023:13:35:23 +0800] "GET /xingrg/kc/buy/cgsh_order_operate.html?command=get_materiel&rest_code=00155&code=00101010691&supplier_code=00100327&order_time=2023-03-28 HTTP/1.1" 200 411
124.79.72.155 - - [28/Mar/2023:13:35:24 +0800] "GET /xingrg/kc/buy/cgsh_order_operate.html?command=get_materiel&rest_code=00156&code=00101008370&supplier_code=00100007&order_time=2023-03-28 HTTP/1.1" 200 412
222.67.232.202 - - [28/Mar/2023:13:35:24 +0800] "GET /xingrg/kc/buy/cgsh_order_info.html?code=212023032810516 HTTP/1.1" 200 64865
180.169.147.146 - - [28/Mar/2023:13:35:24 +0800] "GET /xingrg/kc/base/stock_operate.html?_=1679981723592&command=get_report_file&start_day=20230301 HTTP/1.1" 200 53
180.169.147.146 - - [28/Mar/2023:13:35:24 +0800] "GET /xingrg/all/report/report_query.html?isQuery=1&onlyBody=1&rh=2000&fileName=kc/base/kc_stock_detail_new.xml&queryString=(1=1)&queryText=&tableQueryString=init_table$sp1$base_code='0010070'$sp$crk_table$sp1$order_day%20between%2020230301%20and%2020230331%20and%20base_code='0010070'&varString=start_day:20230301,materiel_code:00101001135,cost_id:4187,end_date:20230228 HTTP/1.1" 200 48744
180.169.147.146 - - [28/Mar/2023:13:35:24 +0800] "GET /xingrg/dwr/interface/AjaxReportQueryService.js HTTP/1.1" 200 13203
180.169.147.146 - - [28/Mar/2023:13:35:24 +0800] "GET /xingrg/dwr/engine.js HTTP/1.1" 200 43631
222.67.232.202 - - [28/Mar/2023:13:35:24 +0800] "GET /xingrg/javascript/easyui/themes/default/validatebox.css HTTP/1.1" 404 1104
222.67.232.202 - - [28/Mar/2023:13:35:25 +0800] "POST /xingrg/kc/buy/cgsh_order_operate.html HTTP/1.1" 200 610
120.253.135.82 - - [28/Mar/2023:13:35:26 +0800] "POST /xingrg/kc/pszx/mdps_order_operate.html HTTP/1.1" 200 12
180.169.147.146 - - [28/Mar/2023:13:35:26 +0800] "POST /xingrg/all/report/load_report_page.html HTTP/1.1" 200 20180
180.169.147.146 - - [28/Mar/2023:13:35:26 +0800] "GET /xingrg/servlets/image?cache=0.18246390384934696&image=px HTTP/1.1" 200 807
124.79.72.155 - - [28/Mar/2023:13:35:26 +0800] "GET /xingrg/all/function/internal_message.html?_=1679981732122&CODE_STATE=getMsg HTTP/1.1" 200 27
222.67.232.202 - - [28/Mar/2023:13:35:27 +0800] "GET /xingrg/kc/print/load_data.html?order_code=212023032810516&kc_code=cgsh&condition= HTTP/1.1" 200 714
180.169.147.146 - - [28/Mar/2023:13:35:28 +0800] "GET /xingrg/kc/base/stock_operate.html?_=1679981727335&command=get_report_file&start_day=20230301 HTTP/1.1" 200 53
180.169.147.146 - - [28/Mar/2023:13:35:28 +0800] "GET /xingrg/all/report/report_query.html?isQuery=1&onlyBody=1&rh=2000&fileName=kc/base/kc_stock_detail_new.xml&queryString=(1=1)&queryText=&tableQueryString=init_table$sp1$base_code='0010069'$sp$crk_table$sp1$order_day%20between%2020230301%20and%2020230331%20and%20base_code='0010069'&varString=start_day:20230301,materiel_code:00101001135,cost_id:4187,end_date:20230228 HTTP/1.1" 200 48744
180.169.147.146 - - [28/Mar/2023:13:35:28 +0800] "GET /xingrg/dwr/interface/AjaxReportQueryService.js HTTP/1.1" 200 13203
180.169.147.146 - - [28/Mar/2023:13:35:28 +0800] "GET /xingrg/dwr/engine.js HTTP/1.1" 200 43631
180.169.147.146 - - [28/Mar/2023:13:35:29 +0800] "POST /xingrg/all/report/load_report_page.html HTTP/1.1" 200 20152
180.169.147.146 - - [28/Mar/2023:13:35:29 +0800] "GET /xingrg/servlets/image?cache=0.3803056275609815&image=px HTTP/1.1" 200 807
222.70.221.209 - - [28/Mar/2023:13:35:31 +0800] "POST /xingrg/kc/buy/cgsh_order_operate.html HTTP/1.1" 200 37
222.67.232.202 - - [28/Mar/2023:13:35:31 +0800] "GET /xingrg/kc/buy/cgsh_order_add.html HTTP/1.1" 200 69961
222.67.232.202 - - [28/Mar/2023:13:35:31 +0800] "POST /xingrg/kc/buy/cgsh_order_operate.html HTTP/1.1" 200 8245
222.67.232.202 - - [28/Mar/2023:13:35:31 +0800] "GET /xingrg/javascript/easyui/themes/default/validatebox.css HTTP/1.1" 404 1104
116.224.158.100 - - [28/Mar/2023:13:35:31 +0800] "GET /xingrg/kc/buy/cgsh_order_operate.html?command=get_materiel&rest_code=00105&code=00101002006&supplier_code=00100091&order_time=2023-03-28 HTTP/1.1" 200 414
222.70.221.209 - - [28/Mar/2023:13:35:32 +0800] "POST /xingrg/kc/buy/cgsh_order_operate.html HTTP/1.1" 200 3841
180.162.110.158 - - [28/Mar/2023:13:35:32 +0800] "GET /xingrg/all/function/internal_message.html?_=1679980626615&CODE_STATE=getMsg HTTP/1.1" 200 27
124.79.72.155 - - [28/Mar/2023:13:35:32 +0800] "GET /xingrg/kc/buy/cgsh_order_operate.html?command=get_materiel&rest_code=00156&code=00101008126&supplier_code=00100007&order_time=2023-03-28 HTTP/1.1" 200 412
180.169.147.146 - - [28/Mar/2023:13:35:33 +0800] "GET /xingrg/kc/base/stock_operate.html?_=1679981732432&command=get_report_file&start_day=20230301 HTTP/1.1" 200 53
180.169.147.146 - - [28/Mar/2023:13:35:33 +0800] "GET /xingrg/all/report/report_query.html?isQuery=1&onlyBody=1&rh=2000&fileName=kc/base/kc_stock_detail_new.xml&queryString=(1=1)&queryText=&tableQueryString=init_table$sp1$base_code='0010071'$sp$crk_table$sp1$order_day%20between%2020230301%20and%2020230331%20and%20base_code='0010071'&varString=start_day:20230301,materiel_code:00101001135,cost_id:4187,end_date:20230228 HTTP/1.1" 200 48744
180.169.147.146 - - [28/Mar/2023:13:35:33 +0800] "GET /xingrg/dwr/interface/AjaxReportQueryService.js HTTP/1.1" 200 13203
180.169.147.146 - - [28/Mar/2023:13:35:33 +0800] "GET /xingrg/dwr/engine.js HTTP/1.1" 200 43631
222.70.221.209 - - [28/Mar/2023:13:35:34 +0800] "GET /xingrg/kc/print/load_data.html?order_code=212023032810517&kc_code=cgsh&condition= HTTP/1.1" 200 1139
180.169.147.146 - - [28/Mar/2023:13:35:35 +0800] "POST /xingrg/all/report/load_report_page.html HTTP/1.1" 200 89
58.39.110.54 - - [28/Mar/2023:13:35:36 +0800] "GET /xingrg/all/function/internal_message.html?_=1679981736538&CODE_STATE=getMsg HTTP/1.1" 200 27
180.169.147.146 - - [28/Mar/2023:13:35:37 +0800] "GET /xingrg/all/function/internal_message.html?_=1679981736397&CODE_STATE=getMsg HTTP/1.1" 200 27
180.169.147.146 - - [28/Mar/2023:13:35:37 +0800] "GET /xingrg/kc/base/stock_operate.html?_=1679981736344&command=get_report_file&start_day=20230301 HTTP/1.1" 200 53
180.169.147.146 - - [28/Mar/2023:13:35:37 +0800] "GET /xingrg/all/report/report_query.html?isQuery=1&onlyBody=1&rh=2000&fileName=kc/base/kc_stock_detail_new.xml&queryString=(1=1)&queryText=&tableQueryString=init_table$sp1$base_code='0010072'$sp$crk_table$sp1$order_day%20between%2020230301%20and%2020230331%20and%20base_code='0010072'&varString=start_day:20230301,materiel_code:00101001135,cost_id:4187,end_date:20230228 HTTP/1.1" 200 48744
180.169.147.146 - - [28/Mar/2023:13:35:37 +0800] "GET /xingrg/dwr/interface/AjaxReportQueryService.js HTTP/1.1" 200 13203
180.169.147.146 - - [28/Mar/2023:13:35:37 +0800] "GET /xingrg/dwr/engine.js HTTP/1.1" 200 43631
180.169.147.146 - - [28/Mar/2023:13:35:38 +0800] "GET /xingrg/all/function/internal_message.html?_=1679981737215&CODE_STATE=getMsg HTTP/1.1" 200 27
116.238.139.35 - - [28/Mar/2023:13:35:39 +0800] "GET /xingrg/kc/buy/cgsh_order_list.html HTTP/1.1" 200 54185
180.169.147.146 - - [28/Mar/2023:13:35:39 +0800] "GET /xingrg/check_reg.html?_=1679981738598 HTTP/1.1" 200 22
180.169.147.146 - - [28/Mar/2023:13:35:39 +0800] "POST /xingrg/all/report/load_report_page.html HTTP/1.1" 200 89
180.169.147.146 - - [28/Mar/2023:13:35:40 +0800] "GET /xingrg/kc/base/stock_operate.html?_=1679981739944&command=get_report_file&start_day=20230301 HTTP/1.1" 200 53
180.169.147.146 - - [28/Mar/2023:13:35:41 +0800] "GET /xingrg/all/report/report_query.html?isQuery=1&onlyBody=1&rh=2000&fileName=kc/base/kc_stock_detail_new.xml&queryString=(1=1)&queryText=&tableQueryString=init_table$sp1$base_code='0010073'$sp$crk_table$sp1$order_day%20between%2020230301%20and%2020230331%20and%20base_code='0010073'&varString=start_day:20230301,materiel_code:00101001135,cost_id:4187,end_date:20230228 HTTP/1.1" 200 48744
180.169.147.146 - - [28/Mar/2023:13:35:41 +0800] "GET /xingrg/dwr/interface/AjaxReportQueryService.js HTTP/1.1" 200 13203
180.169.147.146 - - [28/Mar/2023:13:35:41 +0800] "GET /xingrg/dwr/engine.js HTTP/1.1" 200 43631
180.169.147.146 - - [28/Mar/2023:13:35:42 +0800] "POST /xingrg/all/report/load_report_page.html HTTP/1.1" 200 89
116.224.158.100 - - [28/Mar/2023:13:35:42 +0800] "POST /xingrg/kc/buy/cgsh_order_operate.html HTTP/1.1" 200 37
116.238.139.35 - - [28/Mar/2023:13:35:43 +0800] "POST /xingrg/kc/buy/cgsh_list_operate.html HTTP/1.1" 200 986
116.224.106.218 - - [28/Mar/2023:13:35:44 +0800] "GET /xingrg/all/function/internal_message.html?_=1679981743674&CODE_STATE=getMsg HTTP/1.1" 200 27
222.67.232.202 - - [28/Mar/2023:13:35:44 +0800] "GET /xingrg/kc/buy/cgsh_order_operate.html?command=get_materiel&rest_code=00141&code=00101010263&supplier_code=00100327&order_time=2023-03-28 HTTP/1.1" 200 409
180.169.147.146 - - [28/Mar/2023:13:35:44 +0800] "GET /xingrg/kc/base/stock_operate.html?_=1679981743366&command=get_report_file&start_day=20230301 HTTP/1.1" 200 53
180.169.147.146 - - [28/Mar/2023:13:35:44 +0800] "GET /xingrg/all/report/report_query.html?isQuery=1&onlyBody=1&rh=2000&fileName=kc/base/kc_stock_detail_new.xml&queryString=(1=1)&queryText=&tableQueryString=init_table$sp1$base_code='0010074'$sp$crk_table$sp1$order_day%20between%2020230301%20and%2020230331%20and%20base_code='0010074'&varString=start_day:20230301,materiel_code:00101001135,cost_id:4187,end_date:20230228 HTTP/1.1" 200 48744
180.169.147.146 - - [28/Mar/2023:13:35:44 +0800] "GET /xingrg/dwr/interface/AjaxReportQueryService.js HTTP/1.1" 200 13203
180.169.147.146 - - [28/Mar/2023:13:35:44 +0800] "GET /xingrg/dwr/engine.js HTTP/1.1" 200 43631
124.79.240.114 - - [28/Mar/2023:13:35:44 +0800] "POST /xingrg/services/DataTransmitService HTTP/1.1" 200 524
116.224.158.100 - - [28/Mar/2023:13:35:44 +0800] "POST /xingrg/kc/buy/cgsh_order_operate.html HTTP/1.1" 200 2661
180.169.147.146 - - [28/Mar/2023:13:35:45 +0800] "POST /xingrg/all/report/load_report_page.html HTTP/1.1" 200 89
116.224.158.100 - - [28/Mar/2023:13:35:46 +0800] "GET /xingrg/kc/print/load_data.html?order_code=212023032810518&kc_code=cgsh&condition= HTTP/1.1" 200 740
222.70.221.209 - - [28/Mar/2023:13:35:46 +0800] "GET /xingrg/kc/buy/cgsh_order_add.html HTTP/1.1" 200 70008
172.20.0.100 - - [28/Mar/2023:13:35:47 +0800] "GET /xingrg/all/function/internal_message.html?_=1679981751598&CODE_STATE=getMsg HTTP/1.1" 200 27
114.83.216.127 - - [28/Mar/2023:13:35:47 +0800] "GET /xingrg/all/function/internal_message.html?_=1679981746054&CODE_STATE=getMsg HTTP/1.1" 200 27
124.79.240.114 - - [28/Mar/2023:13:35:47 +0800] "POST /xingrg/services/DataTransmitService HTTP/1.1" 200 501
222.70.221.209 - - [28/Mar/2023:13:35:47 +0800] "POST /xingrg/kc/buy/cgsh_order_operate.html HTTP/1.1" 200 8245
222.70.221.209 - - [28/Mar/2023:13:35:47 +0800] "GET /xingrg/javascript/easyui/themes/default/validatebox.css HTTP/1.1" 404 1104
180.169.147.146 - - [28/Mar/2023:13:35:47 +0800] "GET /xingrg/kc/base/stock_operate.html?_=1679981746736&command=get_report_file&start_day=20230301 HTTP/1.1" 200 53
180.169.147.146 - - [28/Mar/2023:13:35:47 +0800] "GET /xingrg/all/report/report_query.html?isQuery=1&onlyBody=1&rh=2000&fileName=kc/base/kc_stock_detail_new.xml&queryString=(1=1)&queryText=&tableQueryString=init_table$sp1$base_code='0010075'$sp$crk_table$sp1$order_day%20between%2020230301%20and%2020230331%20and%20base_code='0010075'&varString=start_day:20230301,materiel_code:00101001135,cost_id:4187,end_date:20230228 HTTP/1.1" 200 48744
180.169.147.146 - - [28/Mar/2023:13:35:47 +0800] "GET /xingrg/dwr/interface/AjaxReportQueryService.js HTTP/1.1" 200 13203
180.169.147.146 - - [28/Mar/2023:13:35:47 +0800] "GET /xingrg/dwr/engine.js HTTP/1.1" 200 43631
180.169.147.146 - - [28/Mar/2023:13:35:49 +0800] "POST /xingrg/all/report/load_report_page.html HTTP/1.1" 200 89
116.224.158.100 - - [28/Mar/2023:13:35:50 +0800] "GET /xingrg/kc/buy/cgsh_order_add.html HTTP/1.1" 200 70043
116.224.158.100 - - [28/Mar/2023:13:35:51 +0800] "GET /xingrg/javascript/easyui/themes/default/validatebox.css HTTP/1.1" 404 1104
116.224.158.100 - - [28/Mar/2023:13:35:51 +0800] "POST /xingrg/kc/buy/cgsh_order_operate.html HTTP/1.1" 200 8245
101.229.22.234 - - [28/Mar/2023:13:35:51 +0800] "GET /xingrg/all/function/internal_message.html?_=1679981750064&CODE_STATE=getMsg HTTP/1.1" 200 27
116.238.139.35 - - [28/Mar/2023:13:35:57 +0800] "GET /xingrg/all/function/internal_message.html?_=1679981758846&CODE_STATE=getMsg HTTP/1.1" 200 27
124.79.72.155 - - [28/Mar/2023:13:35:57 +0800] "POST /xingrg/kc/buy/cgsh_order_operate.html HTTP/1.1" 200 37
116.224.158.100 - - [28/Mar/2023:13:35:58 +0800] "GET /xingrg/all/function/internal_message.html?_=1679981758789&CODE_STATE=getMsg HTTP/1.1" 200 27
222.70.221.209 - - [28/Mar/2023:13:35:59 +0800] "GET /xingrg/all/function/internal_message.html?_=1679981854799&CODE_STATE=getMsg HTTP/1.1" 200 27
124.79.72.155 - - [28/Mar/2023:13:35:59 +0800] "POST /xingrg/kc/buy/cgsh_order_operate.html HTTP/1.1" 200 18028
222.70.221.209 - - [28/Mar/2023:13:36:00 +0800] "GET /xingrg/kc/buy/cgsh_order_operate.html?command=get_materiel&rest_code=00155&code=00101006001&supplier_code=00100574&order_time=2023-03-28 HTTP/1.1" 200 23
116.238.139.35 - - [28/Mar/2023:13:36:00 +0800] "GET /xingrg/kc/buy/cgsh_order_add.html HTTP/1.1" 200 70005
124.79.72.155 - - [28/Mar/2023:13:36:00 +0800] "GET /xingrg/kc/print/load_config.html?kc_code=cgsh HTTP/1.1" 200 1925
116.238.139.35 - - [28/Mar/2023:13:36:00 +0800] "GET /xingrg/words/20230328100934_words.js HTTP/1.1" 304 -
180.164.3.199 - - [28/Mar/2023:13:36:01 +0800] "GET /xingrg/all/function/internal_message.html?_=1679981761026&CODE_STATE=getMsg HTTP/1.1" 200 27
116.238.139.35 - - [28/Mar/2023:13:36:01 +0800] "POST /xingrg/kc/buy/cgsh_order_operate.html HTTP/1.1" 200 8245
116.238.139.35 - - [28/Mar/2023:13:36:01 +0800] "GET /xingrg/javascript/easyui/themes/default/validatebox.css HTTP/1.1" 404 1104
222.70.168.128 - - [28/Mar/2023:13:36:01 +0800] "GET /xingrg/all/function/internal_message.html?_=1679981767660&CODE_STATE=getMsg HTTP/1.1" 200 27
124.79.72.155 - - [28/Mar/2023:13:36:01 +0800] "GET /xingrg/kc/print/load_data.html?order_code=212023032810505&kc_code=cgsh&condition= HTTP/1.1" 200 6518
120.253.135.82 - - [28/Mar/2023:13:36:04 +0800] "GET /xingrg/kc/pszx/mdps_order_info.html?code=312023032700608 HTTP/1.1" 200 19638
120.253.135.82 - - [28/Mar/2023:13:36:05 +0800] "GET /xingrg/javascript/easyui/themes/default/validatebox.css HTTP/1.1" 404 1104
120.253.135.82 - - [28/Mar/2023:13:36:05 +0800] "GET /xingrg/all/function/internal_message.html?_=1679981597474&CODE_STATE=getMsg HTTP/1.1" 200 27
120.253.135.82 - - [28/Mar/2023:13:36:05 +0800] "POST /xingrg/kc/pszx/mdps_order_operate.html HTTP/1.1" 200 1983
120.253.135.82 - - [28/Mar/2023:13:36:06 +0800] "POST /xingrg/kc/pszx/mdps_list_operate.html HTTP/1.1" 200 1688
222.70.182.87 - - [28/Mar/2023:13:36:07 +0800] "GET /xingrg/all/function/internal_message.html?_=1679981767236&CODE_STATE=getMsg HTTP/1.1" 200 27
120.253.135.82 - - [28/Mar/2023:13:36:08 +0800] "POST /xingrg/kc/pszx/mdps_list_operate.html HTTP/1.1" 200 216
116.224.158.100 - - [28/Mar/2023:13:36:09 +0800] "GET /xingrg/kc/buy/cgsh_order_operate.html?command=get_materiel&rest_code=00105&code=00101018019&supplier_code=00100330&order_time=2023-03-28 HTTP/1.1" 200 421
120.253.135.82 - - [28/Mar/2023:13:36:11 +0800] "GET /xingrg/kc/pszx/mdqp_order_list.html?state=10 HTTP/1.1" 200 10275
120.253.135.82 - - [28/Mar/2023:13:36:11 +0800] "GET /xingrg/dwr/interface/AjaxQqpsService.js HTTP/1.1" 200 16326
120.253.135.82 - - [28/Mar/2023:13:36:11 +0800] "GET /xingrg/dwr/interface/AjaxReportQueryService.js HTTP/1.1" 200 13203
120.253.135.82 - - [28/Mar/2023:13:36:11 +0800] "GET /xingrg/dwr/engine.js HTTP/1.1" 200 43631
222.70.221.209 - - [28/Mar/2023:13:36:13 +0800] "GET /xingrg/index.html?sysBaseUrl=http%3A%2F%2F180.169.147.146%3A18081%2Fxingrg%2F&costTime=1277×tamp=1606817596806 HTTP/1.1" 302 -
222.70.221.209 - - [28/Mar/2023:13:36:13 +0800] "GET /xingrg/login.html HTTP/1.1" 200 7641
222.70.221.209 - - [28/Mar/2023:13:36:14 +0800] "GET /favicon.ico HTTP/1.1" 404 -
120.253.135.82 - - [28/Mar/2023:13:36:14 +0800] "GET /xingrg/kc/pszx/mdps_order_list.html?orderType=0 HTTP/1.1" 200 21032
120.253.135.82 - - [28/Mar/2023:13:36:14 +0800] "POST /xingrg/kc/pszx/mdps_list_operate.html HTTP/1.1" 200 5252
222.70.221.209 - - [28/Mar/2023:13:36:18 +0800] "POST /xingrg/login.do HTTP/1.1" 302 -
222.70.221.209 - - [28/Mar/2023:13:36:18 +0800] "GET /xingrg/index.html?sysBaseUrl=http%3A%2F%2F180.169.147.146%3A18081%2Fxingrg%2F&costTime=808×tamp=1679981778019 HTTP/1.1" 200 17179
222.70.221.209 - - [28/Mar/2023:13:36:18 +0800] "GET /favicon.ico HTTP/1.1" 404 -
222.70.221.209 - - [28/Mar/2023:13:36:18 +0800] "POST /xingrg/all/common/load_tree.html?tree=area_rest_tree_json&manage=1 HTTP/1.1" 200 479
222.70.221.209 - - [28/Mar/2023:13:36:18 +0800] "GET /xingrg/check_reg.html?_=1679981873953 HTTP/1.1" 200 22
222.70.221.209 - - [28/Mar/2023:13:36:18 +0800] "GET /xingrg/all/function/internal_message.html?_=1679981873952&CODE_STATE=count HTTP/1.1" 200 11
222.70.221.209 - - [28/Mar/2023:13:36:18 +0800] "POST /xingrg/load_menu.html HTTP/1.1" 200 5138
222.70.221.209 - - [28/Mar/2023:13:36:21 +0800] "GET /xingrg/kc/buy/cgsh_order_list.html HTTP/1.1" 200 54185
116.224.158.100 - - [28/Mar/2023:13:36:21 +0800] "POST /xingrg/kc/buy/cgsh_order_operate.html HTTP/1.1" 200 37
172.20.0.100 - - [28/Mar/2023:13:36:22 +0800] "GET /xingrg/check_reg.html?_=1679981787203 HTTP/1.1" 200 22
180.157.253.110 - - [28/Mar/2023:13:36:23 +0800] "GET /xingrg/all/function/internal_message.html?_=1679981784134&CODE_STATE=getMsg HTTP/1.1" 200 27
116.224.158.100 - - [28/Mar/2023:13:36:26 +0800] "POST /xingrg/kc/buy/cgsh_order_operate.html HTTP/1.1" 200 2666
124.79.72.155 - - [28/Mar/2023:13:36:26 +0800] "GET /xingrg/all/function/internal_message.html?_=1679981792126&CODE_STATE=getMsg HTTP/1.1" 200 27
116.224.158.100 - - [28/Mar/2023:13:36:29 +0800] "GET /xingrg/kc/print/load_data.html?order_code=212023032810519&kc_code=cgsh&condition= HTTP/1.1" 200 679
222.70.221.209 - - [28/Mar/2023:13:36:31 +0800] "POST /xingrg/kc/buy/cgsh_list_operate.html HTTP/1.1" 200 4026
180.162.110.158 - - [28/Mar/2023:13:36:32 +0800] "GET /xingrg/all/function/internal_message.html?_=1679980686600&CODE_STATE=getMsg HTTP/1.1" 200 27
116.224.158.100 - - [28/Mar/2023:13:36:33 +0800] "GET /xingrg/kc/buy/cgsh_order_add.html HTTP/1.1" 200 70043
116.224.158.100 - - [28/Mar/2023:13:36:34 +0800] "POST /xingrg/kc/buy/cgsh_order_operate.html HTTP/1.1" 200 8245
116.224.158.100 - - [28/Mar/2023:13:36:34 +0800] "GET /xingrg/javascript/easyui/themes/default/validatebox.css HTTP/1.1" 404 1104
58.39.110.54 - - [28/Mar/2023:13:36:36 +0800] "GET /xingrg/all/function/internal_message.html?_=1679981796535&CODE_STATE=getMsg HTTP/1.1" 200 27
180.169.147.146 - - [28/Mar/2023:13:36:37 +0800] "GET /xingrg/all/function/internal_message.html?_=1679981796381&CODE_STATE=getMsg HTTP/1.1" 200 27
180.169.147.146 - - [28/Mar/2023:13:36:38 +0800] "GET /xingrg/all/function/internal_message.html?_=1679981797214&CODE_STATE=getMsg HTTP/1.1" 200 27
116.224.106.218 - - [28/Mar/2023:13:36:44 +0800] "GET /xingrg/all/function/internal_message.html?_=1679981803680&CODE_STATE=getMsg HTTP/1.1" 200 27
222.70.221.209 - - [28/Mar/2023:13:36:44 +0800] "POST /xingrg/kc/buy/cgsh_list_operate.html HTTP/1.1" 200 4026
222.70.221.209 - - [28/Mar/2023:13:36:45 +0800] "GET /xingrg/kc/buy/cgsh_order_add.html HTTP/1.1" 200 70008
222.70.221.209 - - [28/Mar/2023:13:36:46 +0800] "POST /xingrg/kc/buy/cgsh_order_operate.html HTTP/1.1" 200 8245
222.70.221.209 - - [28/Mar/2023:13:36:46 +0800] "GET /xingrg/javascript/easyui/themes/default/validatebox.css HTTP/1.1" 404 1104
222.70.221.209 - - [28/Mar/2023:13:36:46 +0800] "GET /xingrg/all/common/auto_word.html?type=employee&rest_code=00155 HTTP/1.1" 200 205
222.70.221.209 - - [28/Mar/2023:13:36:46 +0800] "GET /xingrg/all/common/auto_word.html?type=employee&rest_code=00155 HTTP/1.1" 200 205
172.20.0.100 - - [28/Mar/2023:13:36:47 +0800] "GET /xingrg/all/function/internal_message.html?_=1679981811597&CODE_STATE=getMsg HTTP/1.1" 200 27
58.39.110.54 - - [28/Mar/2023:13:36:47 +0800] "POST /xingrg/kc/mdqp/pssh_list_operate.html HTTP/1.1" 200 5227
114.83.216.127 - - [28/Mar/2023:13:36:47 +0800] "GET /xingrg/all/function/internal_message.html?_=1679981806054&CODE_STATE=getMsg HTTP/1.1" 200 27
114.83.216.127 - - [28/Mar/2023:13:36:47 +0800] "GET /xingrg/check_reg.html?_=1679981806055 HTTP/1.1" 200 22
222.70.221.209 - - [28/Mar/2023:13:36:47 +0800] "GET /xingrg/javascript/auto/indicator.gif HTTP/1.1" 404 1066
222.70.221.209 - - [28/Mar/2023:13:36:48 +0800] "GET /xingrg/javascript/jquery_tools/images/prev.gif HTTP/1.1" 404 1086
222.70.221.209 - - [28/Mar/2023:13:36:48 +0800] "GET /xingrg/javascript/jquery_tools/images/next.gif HTTP/1.1" 404 1086
101.229.22.234 - - [28/Mar/2023:13:36:51 +0800] "GET /xingrg/all/function/internal_message.html?_=1679981810063&CODE_STATE=getMsg HTTP/1.1" 200 27
58.39.110.54 - - [28/Mar/2023:13:36:52 +0800] "POST /xingrg/kc/mdqp/pssh_list_operate.html HTTP/1.1" 200 258
222.70.221.209 - - [28/Mar/2023:13:36:54 +0800] "GET /xingrg/kc/buy/cgsh_order_operate.html?command=get_materiel&rest_code=00155&code=00101006001&supplier_code=00100574&order_time=2023-03-28 HTTP/1.1" 200 428
116.238.139.35 - - [28/Mar/2023:13:36:57 +0800] "GET /xingrg/all/function/internal_message.html?_=1679981818850&CODE_STATE=getMsg HTTP/1.1" 200 27
116.224.158.100 - - [28/Mar/2023:13:36:58 +0800] "GET /xingrg/all/function/internal_message.html?_=1679981818757&CODE_STATE=getMsg HTTP/1.1" 200 27
180.164.3.199 - - [28/Mar/2023:13:37:01 +0800] "GET /xingrg/all/function/internal_message.html?_=1679981821024&CODE_STATE=getMsg HTTP/1.1" 200 27
222.70.168.128 - - [28/Mar/2023:13:37:01 +0800] "GET /xingrg/all/function/internal_message.html?_=1679981827675&CODE_STATE=getMsg HTTP/1.1" 200 27
222.70.221.209 - - [28/Mar/2023:13:37:04 +0800] "POST /xingrg/kc/buy/cgsh_order_operate.html HTTP/1.1" 200 37
120.253.135.82 - - [28/Mar/2023:13:37:05 +0800] "GET /xingrg/all/function/internal_message.html?_=1679981657487&CODE_STATE=getMsg HTTP/1.1" 200 27
222.70.221.209 - - [28/Mar/2023:13:37:06 +0800] "POST /xingrg/kc/buy/cgsh_order_operate.html HTTP/1.1" 200 2674
222.67.232.202 - - [28/Mar/2023:13:37:07 +0800] "GET /xingrg/kc/buy/cgsh_order_operate.html?command=get_materiel&rest_code=00141&code=00101010792&supplier_code=00100327&order_time=2023-03-28 HTTP/1.1" 200 410
222.70.182.87 - - [28/Mar/2023:13:37:07 +0800] "GET /xingrg/all/function/internal_message.html?_=1679981827221&CODE_STATE=getMsg HTTP/1.1" 200 27
222.70.221.209 - - [28/Mar/2023:13:37:12 +0800] "GET /xingrg/kc/print/load_config.html?kc_code=cgsh HTTP/1.1" 200 1925
222.70.221.209 - - [28/Mar/2023:13:37:13 +0800] "GET /xingrg/kc/print/load_data.html?order_code=212023032810520&kc_code=cgsh&condition= HTTP/1.1" 200 704
222.67.232.202 - - [28/Mar/2023:13:37:16 +0800] "POST /xingrg/kc/buy/cgsh_order_operate.html HTTP/1.1" 200 37
222.70.221.209 - - [28/Mar/2023:13:37:17 +0800] "GET /xingrg/kc/buy/cgsh_order_add.html HTTP/1.1" 200 70008
222.70.221.209 - - [28/Mar/2023:13:37:17 +0800] "POST /xingrg/kc/buy/cgsh_order_operate.html HTTP/1.1" 200 8245
222.70.221.209 - - [28/Mar/2023:13:37:17 +0800] "GET /xingrg/javascript/easyui/themes/default/validatebox.css HTTP/1.1" 404 1104
222.70.221.209 - - [28/Mar/2023:13:37:18 +0800] "GET /xingrg/all/function/internal_message.html?_=1679981933962&CODE_STATE=getMsg HTTP/1.1" 200 27
222.67.232.202 - - [28/Mar/2023:13:37:22 +0800] "POST /xingrg/kc/buy/cgsh_order_operate.html HTTP/1.1" 200 12
180.157.253.110 - - [28/Mar/2023:13:37:23 +0800] "GET /xingrg/all/function/internal_message.html?_=1679981844134&CODE_STATE=getMsg HTTP/1.1" 200 27
116.224.158.100 - - [28/Mar/2023:13:37:23 +0800] "GET /xingrg/kc/buy/cgsh_order_operate.html?command=get_materiel&rest_code=00105&code=00101008690&supplier_code=00100547&order_time=2023-03-28 HTTP/1.1" 200 413
222.67.232.202 - - [28/Mar/2023:13:37:24 +0800] "GET /xingrg/kc/buy/cgsh_order_info.html?code=212023032810521 HTTP/1.1" 200 64863
222.67.232.202 - - [28/Mar/2023:13:37:24 +0800] "GET /xingrg/javascript/easyui/themes/default/validatebox.css HTTP/1.1" 404 1104
222.67.232.202 - - [28/Mar/2023:13:37:25 +0800] "POST /xingrg/kc/buy/cgsh_order_operate.html HTTP/1.1" 200 1193
222.70.221.209 - - [28/Mar/2023:13:37:26 +0800] "GET /xingrg/kc/buy/cgsh_order_operate.html?command=get_materiel&rest_code=00155&code=00101014017&supplier_code=00100211&order_time=2023-03-28 HTTP/1.1" 200 419
222.67.232.202 - - [28/Mar/2023:13:37:26 +0800] "GET /xingrg/kc/print/load_data.html?order_code=212023032810521&kc_code=cgsh&condition= HTTP/1.1" 200 927
124.79.72.155 - - [28/Mar/2023:13:37:26 +0800] "GET /xingrg/all/function/internal_message.html?_=1679981852128&CODE_STATE=getMsg HTTP/1.1" 200 27
222.67.232.202 - - [28/Mar/2023:13:37:30 +0800] "GET /xingrg/kc/buy/cgsh_order_add.html HTTP/1.1" 200 69961
222.67.232.202 - - [28/Mar/2023:13:37:30 +0800] "POST /xingrg/kc/buy/cgsh_order_operate.html HTTP/1.1" 200 8245
222.67.232.202 - - [28/Mar/2023:13:37:30 +0800] "GET /xingrg/javascript/easyui/themes/default/validatebox.css HTTP/1.1" 404 1104
180.162.110.158 - - [28/Mar/2023:13:37:32 +0800] "GET /xingrg/all/function/internal_message.html?_=1679980746614&CODE_STATE=getMsg HTTP/1.1" 200 27
58.39.110.54 - - [28/Mar/2023:13:37:36 +0800] "GET /xingrg/check_reg.html?_=1679981856525 HTTP/1.1" 200 22
58.39.110.54 - - [28/Mar/2023:13:37:36 +0800] "GET /xingrg/all/function/internal_message.html?_=1679981856527&CODE_STATE=getMsg HTTP/1.1" 200 27
222.70.221.209 - - [28/Mar/2023:13:37:37 +0800] "POST /xingrg/kc/buy/cgsh_order_operate.html HTTP/1.1" 200 37
180.169.147.146 - - [28/Mar/2023:13:37:38 +0800] "GET /xingrg/all/function/internal_message.html?_=1679981857200&CODE_STATE=getMsg HTTP/1.1" 200 27
222.70.221.209 - - [28/Mar/2023:13:37:39 +0800] "POST /xingrg/kc/buy/cgsh_order_operate.html HTTP/1.1" 200 2664
222.70.221.209 - - [28/Mar/2023:13:37:40 +0800] "GET /xingrg/kc/print/load_data.html?order_code=212023032810522&kc_code=cgsh&condition= HTTP/1.1" 200 674
116.224.106.218 - - [28/Mar/2023:13:37:44 +0800] "GET /xingrg/all/function/internal_message.html?_=1679981863680&CODE_STATE=getMsg HTTP/1.1" 200 27
116.224.158.100 - - [28/Mar/2023:13:37:44 +0800] "POST /xingrg/kc/buy/cgsh_order_operate.html HTTP/1.1" 200 37
222.67.232.202 - - [28/Mar/2023:13:37:44 +0800] "GET /xingrg/kc/buy/cgsh_order_operate.html?command=get_materiel&rest_code=00141&code=00101006164&supplier_code=00100326&order_time=2023-03-28 HTTP/1.1" 200 415
116.224.158.100 - - [28/Mar/2023:13:37:45 +0800] "POST /xingrg/kc/buy/cgsh_order_operate.html HTTP/1.1" 200 2658
172.20.0.100 - - [28/Mar/2023:13:37:47 +0800] "GET /xingrg/check_reg.html?_=1679981871595 HTTP/1.1" 200 22
172.20.0.100 - - [28/Mar/2023:13:37:47 +0800] "GET /xingrg/all/function/internal_message.html?_=1679981871597&CODE_STATE=getMsg HTTP/1.1" 200 27
116.224.158.100 - - [28/Mar/2023:13:37:47 +0800] "GET /xingrg/kc/print/load_data.html?order_code=212023032810523&kc_code=cgsh&condition= HTTP/1.1" 200 650
114.83.216.127 - - [28/Mar/2023:13:37:47 +0800] "GET /xingrg/all/function/internal_message.html?_=1679981866071&CODE_STATE=getMsg HTTP/1.1" 200 27
222.70.221.209 - - [28/Mar/2023:13:37:49 +0800] "GET /xingrg/kc/buy/cgsh_order_add.html HTTP/1.1" 200 70008
222.70.221.209 - - [28/Mar/2023:13:37:50 +0800] "POST /xingrg/kc/buy/cgsh_order_operate.html HTTP/1.1" 200 8245
222.70.221.209 - - [28/Mar/2023:13:37:50 +0800] "GET /xingrg/javascript/easyui/themes/default/validatebox.css HTTP/1.1" 404 1104
116.224.158.100 - - [28/Mar/2023:13:37:50 +0800] "GET /xingrg/kc/buy/cgsh_order_add.html HTTP/1.1" 200 70043
116.224.158.100 - - [28/Mar/2023:13:37:51 +0800] "POST /xingrg/kc/buy/cgsh_order_operate.html HTTP/1.1" 200 8245
116.224.158.100 - - [28/Mar/2023:13:37:51 +0800] "GET /xingrg/javascript/easyui/themes/default/validatebox.css HTTP/1.1" 404 1104
101.229.22.234 - - [28/Mar/2023:13:37:51 +0800] "GET /xingrg/all/function/internal_message.html?_=1679981870061&CODE_STATE=getMsg HTTP/1.1" 200 27
116.224.106.218 - - [28/Mar/2023:13:37:55 +0800] "GET /xingrg/kc/buy/cgsh_order_add.html HTTP/1.1" 200 69155
116.224.106.218 - - [28/Mar/2023:13:37:55 +0800] "GET /xingrg/css/site.css HTTP/1.1" 200 7541
116.224.106.218 - - [28/Mar/2023:13:37:55 +0800] "GET /xingrg/javascript/jquery_tools/datebox.css HTTP/1.1" 200 2597
116.224.106.218 - - [28/Mar/2023:13:37:55 +0800] "GET /xingrg/css/base.css HTTP/1.1" 200 2811
116.224.106.218 - - [28/Mar/2023:13:37:55 +0800] "GET /xingrg/javascript/easyui/themes/default/easyui.css HTTP/1.1" 200 30432
116.224.106.218 - - [28/Mar/2023:13:37:55 +0800] "GET /xingrg/javascript/easyui/themes/icon.css HTTP/1.1" 200 4483
116.224.106.218 - - [28/Mar/2023:13:37:55 +0800] "GET /xingrg/javascript/jquery_tools/fix.css HTTP/1.1" 200 1702
116.224.106.218 - - [28/Mar/2023:13:37:55 +0800] "GET /xingrg/javascript/auto/jquery.autocomplete.css HTTP/1.1" 200 587
116.224.106.218 - - [28/Mar/2023:13:37:55 +0800] "GET /xingrg/javascript/jquery_tools/table.css HTTP/1.1" 200 1032
116.224.106.218 - - [28/Mar/2023:13:37:55 +0800] "GET /xingrg/javascript/pic_change.js HTTP/1.1" 200 4739
116.224.106.218 - - [28/Mar/2023:13:37:55 +0800] "GET /xingrg/javascript/jquery_tools/jquery.tools.min.js HTTP/1.1" 200 138801
116.224.106.218 - - [28/Mar/2023:13:37:55 +0800] "GET /xingrg/javascript/jquery_tools/jquery.tools.extend.js HTTP/1.1" 200 15385
116.224.106.218 - - [28/Mar/2023:13:37:55 +0800] "GET /xingrg/javascript/jquery_tools/jquery.tools.hotkey.js HTTP/1.1" 200 3242
116.224.106.218 - - [28/Mar/2023:13:37:55 +0800] "GET /xingrg/javascript/jquery_tools/jquery.tools.table.js HTTP/1.1" 200 6994
116.224.106.218 - - [28/Mar/2023:13:37:55 +0800] "GET /xingrg/javascript/auto/jquery.autocomplete.js HTTP/1.1" 200 21624
116.224.106.218 - - [28/Mar/2023:13:37:55 +0800] "GET /xingrg/javascript/easyui/easyloader.js HTTP/1.1" 200 5975
116.224.106.218 - - [28/Mar/2023:13:37:55 +0800] "GET /xingrg/javascript/jquery.utils.js HTTP/1.1" 200 11805
116.224.106.218 - - [28/Mar/2023:13:37:55 +0800] "GET /xingrg/javascript/jquery_tools/order_manager.js HTTP/1.1" 200 11183
116.224.106.218 - - [28/Mar/2023:13:37:55 +0800] "GET /xingrg/javascript/convert.js HTTP/1.1" 200 1239
116.224.106.218 - - [28/Mar/2023:13:37:55 +0800] "GET /xingrg/javascript/json2.js HTTP/1.1" 200 11259
116.224.106.218 - - [28/Mar/2023:13:37:55 +0800] "GET /xingrg/javascript/jquery.cookie.js HTTP/1.1" 200 5513
116.224.106.218 - - [28/Mar/2023:13:37:55 +0800] "GET /xingrg/javascript/print/kc_print.js HTTP/1.1" 200 11415
116.224.106.218 - - [28/Mar/2023:13:37:55 +0800] "GET /xingrg/javascript/print/LodopFuncs.js HTTP/1.1" 200 5121
116.224.106.218 - - [28/Mar/2023:13:37:55 +0800] "GET /xingrg/words/20230328100934_words.js HTTP/1.1" 200 957918
116.224.106.218 - - [28/Mar/2023:13:37:55 +0800] "GET /xingrg/javascript/easyui/plugins/jquery.parser.js HTTP/1.1" 200 1142
116.224.106.218 - - [28/Mar/2023:13:37:55 +0800] "POST /xingrg/kc/buy/cgsh_order_operate.html HTTP/1.1" 200 8245
116.224.106.218 - - [28/Mar/2023:13:37:55 +0800] "GET /xingrg/javascript/easyui/themes/default/validatebox.css HTTP/1.1" 404 1104
116.224.106.218 - - [28/Mar/2023:13:37:55 +0800] "GET /xingrg/javascript/easyui/plugins/jquery.validatebox.js HTTP/1.1" 200 6103
116.224.106.218 - - [28/Mar/2023:13:37:55 +0800] "GET /xingrg/all/common/auto_word.html?type=employee&rest_code=00145 HTTP/1.1" 200 151
116.224.106.218 - - [28/Mar/2023:13:37:55 +0800] "GET /xingrg/all/common/auto_word.html?type=employee&rest_code=00145 HTTP/1.1" 200 151
116.224.106.218 - - [28/Mar/2023:13:37:55 +0800] "GET /xingrg/javascript/easyui/plugins/jquery.numberbox.js HTTP/1.1" 200 5213
222.67.232.202 - - [28/Mar/2023:13:37:56 +0800] "POST /xingrg/kc/buy/cgsh_order_operate.html HTTP/1.1" 200 37
116.238.139.35 - - [28/Mar/2023:13:37:57 +0800] "GET /xingrg/all/function/internal_message.html?_=1679981878960&CODE_STATE=getMsg HTTP/1.1" 200 27
116.224.106.218 - - [28/Mar/2023:13:37:57 +0800] "GET /xingrg/javascript/auto/indicator.gif HTTP/1.1" 404 1066
116.224.158.100 - - [28/Mar/2023:13:37:58 +0800] "GET /xingrg/all/function/internal_message.html?_=1679981878741&CODE_STATE=getMsg HTTP/1.1" 200 27
222.70.221.209 - - [28/Mar/2023:13:37:58 +0800] "GET /xingrg/kc/buy/cgsh_order_operate.html?command=get_materiel&rest_code=00155&code=00101001167&supplier_code=00100314&order_time=2023-03-28 HTTP/1.1" 200 411
180.164.3.199 - - [28/Mar/2023:13:38:01 +0800] "GET /xingrg/all/function/internal_message.html?_=1679981881010&CODE_STATE=getMsg HTTP/1.1" 200 27
116.224.158.100 - - [28/Mar/2023:13:38:01 +0800] "GET /xingrg/kc/buy/cgsh_order_operate.html?command=get_materiel&rest_code=00105&code=00101001037&supplier_code=00100090&order_time=2023-03-28 HTTP/1.1" 200 416
222.70.168.128 - - [28/Mar/2023:13:38:01 +0800] "GET /xingrg/all/function/internal_message.html?_=1679981888220&CODE_STATE=getMsg HTTP/1.1" 200 27
222.67.232.202 - - [28/Mar/2023:13:38:02 +0800] "POST /xingrg/kc/buy/cgsh_order_operate.html HTTP/1.1" 200 12
222.67.232.202 - - [28/Mar/2023:13:38:04 +0800] "GET /xingrg/kc/buy/cgsh_order_info.html?code=212023032810524 HTTP/1.1" 200 64867
116.224.158.100 - - [28/Mar/2023:13:38:04 +0800] "GET /xingrg/check_reg.html?_=1679981884443 HTTP/1.1" 200 22
222.67.232.202 - - [28/Mar/2023:13:38:04 +0800] "GET /xingrg/javascript/easyui/themes/default/validatebox.css HTTP/1.1" 404 1104
222.67.232.202 - - [28/Mar/2023:13:38:05 +0800] "POST /xingrg/kc/buy/cgsh_order_operate.html HTTP/1.1" 200 610
120.253.135.82 - - [28/Mar/2023:13:38:05 +0800] "GET /xingrg/all/function/internal_message.html?_=1679981717501&CODE_STATE=getMsg HTTP/1.1" 200 27
222.67.232.202 - - [28/Mar/2023:13:38:06 +0800] "GET /xingrg/kc/print/load_data.html?order_code=212023032810524&kc_code=cgsh&condition= HTTP/1.1" 200 711
222.70.221.209 - - [28/Mar/2023:13:38:07 +0800] "GET /xingrg/kc/buy/cgsh_order_operate.html?command=get_materiel&rest_code=00155&code=00101001174&supplier_code=00100314&order_time=2023-03-28 HTTP/1.1" 200 414
222.70.182.87 - - [28/Mar/2023:13:38:07 +0800] "GET /xingrg/all/function/internal_message.html?_=1679981887206&CODE_STATE=getMsg HTTP/1.1" 200 27
222.67.232.202 - - [28/Mar/2023:13:38:10 +0800] "GET /xingrg/kc/buy/cgsh_order_add.html HTTP/1.1" 200 69961
222.67.232.202 - - [28/Mar/2023:13:38:10 +0800] "POST /xingrg/kc/buy/cgsh_order_operate.html HTTP/1.1" 200 8245
222.67.232.202 - - [28/Mar/2023:13:38:10 +0800] "GET /xingrg/javascript/easyui/themes/default/validatebox.css HTTP/1.1" 404 1104
116.224.158.100 - - [28/Mar/2023:13:38:13 +0800] "POST /xingrg/kc/buy/cgsh_order_operate.html HTTP/1.1" 200 37
