120.253.135.82 - - [28/Mar/2023:12:52:54 +0800] "POST /xingrg/kc/buy/cgsh_order_operate.html HTTP/1.1" 200 8245
120.253.135.82 - - [28/Mar/2023:12:52:55 +0800] "GET /xingrg/javascript/easyui/themes/default/validatebox.css HTTP/1.1" 404 1104
120.253.135.82 - - [28/Mar/2023:12:52:55 +0800] "GET /xingrg/all/common/auto_word.html?type=employee&rest_code=00101 HTTP/1.1" 200 927
120.253.135.82 - - [28/Mar/2023:12:52:55 +0800] "GET /xingrg/all/common/auto_word.html?type=employee&rest_code=00101 HTTP/1.1" 200 927
120.253.135.82 - - [28/Mar/2023:12:52:55 +0800] "POST /xingrg/kc/buy/cgsh_order_operate.html HTTP/1.1" 200 644
120.253.135.82 - - [28/Mar/2023:12:52:56 +0800] "POST /xingrg/all/common/load_combo.html?type=employee HTTP/1.1" 200 1664
116.224.158.100 - - [28/Mar/2023:12:52:59 +0800] "GET /xingrg/all/function/internal_message.html?_=1679979179666&CODE_STATE=getMsg HTTP/1.1" 200 27
120.253.135.82 - - [28/Mar/2023:12:52:59 +0800] "GET /xingrg/kc/buy/cgsh_order_add.html HTTP/1.1" 200 69024
120.253.135.82 - - [28/Mar/2023:12:53:00 +0800] "POST /xingrg/kc/buy/cgsh_order_operate.html HTTP/1.1" 200 8245
120.253.135.82 - - [28/Mar/2023:12:53:00 +0800] "GET /xingrg/javascript/easyui/themes/default/validatebox.css HTTP/1.1" 404 1104
116.238.139.35 - - [28/Mar/2023:12:53:00 +0800] "GET /xingrg/all/function/internal_message.html?_=1679979182262&CODE_STATE=getMsg HTTP/1.1" 200 27
180.164.3.199 - - [28/Mar/2023:12:53:01 +0800] "GET /xingrg/all/function/internal_message.html?_=1679979181015&CODE_STATE=getMsg HTTP/1.1" 200 27
116.238.139.35 - - [28/Mar/2023:12:53:03 +0800] "GET /xingrg/check_reg.html?_=1679979184840 HTTP/1.1" 200 22
116.224.158.100 - - [28/Mar/2023:12:53:04 +0800] "GET /xingrg/check_reg.html?_=1679979184358 HTTP/1.1" 200 22
222.70.182.87 - - [28/Mar/2023:12:53:06 +0800] "GET /xingrg/kc/buy/cgsh_order_operate.html?command=get_materiel&rest_code=00111&code=00101008003&supplier_code=00100005&order_time=2023-03-28 HTTP/1.1" 200 408
120.253.135.82 - - [28/Mar/2023:12:53:06 +0800] "POST /xingrg/all/common/load_combo.html?type=employee HTTP/1.1" 200 1664
222.70.182.87 - - [28/Mar/2023:12:53:08 +0800] "GET /xingrg/all/function/internal_message.html?_=1679979187964&CODE_STATE=getMsg HTTP/1.1" 200 27
222.70.182.87 - - [28/Mar/2023:12:53:16 +0800] "GET /xingrg/kc/buy/cgsh_order_operate.html?command=get_materiel&rest_code=00111&code=00101008261&supplier_code=00100005&order_time=2023-03-28 HTTP/1.1" 200 408
180.157.253.110 - - [28/Mar/2023:12:53:23 +0800] "GET /xingrg/all/function/internal_message.html?_=1679979204079&CODE_STATE=getMsg HTTP/1.1" 200 27
120.253.135.82 - - [28/Mar/2023:12:53:24 +0800] "GET /xingrg/check_reg.html?_=1679979036876 HTTP/1.1" 200 22
120.253.135.82 - - [28/Mar/2023:12:53:25 +0800] "GET /xingrg/all/function/internal_message.html?_=1679979037400&CODE_STATE=getMsg HTTP/1.1" 200 27
120.253.135.82 - - [28/Mar/2023:12:53:27 +0800] "GET /xingrg/kc/buy/cgsh_order_operate.html?command=get_materiel&rest_code=00101&code=00101018012&supplier_code=00100141&order_time=2023-03-28 HTTP/1.1" 200 442
124.79.72.155 - - [28/Mar/2023:12:53:28 +0800] "GET /xingrg/all/function/internal_message.html?_=1679979213892&CODE_STATE=getMsg HTTP/1.1" 200 27
180.162.110.158 - - [28/Mar/2023:12:53:32 +0800] "GET /xingrg/all/function/internal_message.html?_=1679978106568&CODE_STATE=getMsg HTTP/1.1" 200 27
120.253.135.82 - - [28/Mar/2023:12:53:32 +0800] "GET /xingrg/kc/buy/cgsh_order_operate.html?command=get_materiel&rest_code=00101&code=00102002205&supplier_code=00100120&order_time=2023-03-28 HTTP/1.1" 200 427
180.169.147.146 - - [28/Mar/2023:12:53:37 +0800] "GET /xingrg/all/function/internal_message.html?_=1679979217086&CODE_STATE=getMsg HTTP/1.1" 200 27
222.70.182.87 - - [28/Mar/2023:12:53:37 +0800] "GET /xingrg/kc/buy/cgsh_order_operate.html?command=get_materiel&rest_code=00111&code=00101008141&supplier_code=00100005&order_time=2023-03-28 HTTP/1.1" 200 412
180.169.147.146 - - [28/Mar/2023:12:53:38 +0800] "GET /xingrg/all/function/internal_message.html?_=1679979217130&CODE_STATE=getMsg HTTP/1.1" 200 27
180.169.147.146 - - [28/Mar/2023:12:53:38 +0800] "GET /xingrg/check_reg.html?_=1679979217133 HTTP/1.1" 200 22
120.253.135.82 - - [28/Mar/2023:12:53:40 +0800] "POST /xingrg/kc/buy/cgsh_order_operate.html HTTP/1.1" 200 37
120.253.135.82 - - [28/Mar/2023:12:53:42 +0800] "POST /xingrg/kc/buy/cgsh_order_operate.html HTTP/1.1" 200 2689
116.224.106.218 - - [28/Mar/2023:12:53:43 +0800] "GET /xingrg/all/function/internal_message.html?_=1679979223619&CODE_STATE=getMsg HTTP/1.1" 200 27
120.253.135.82 - - [28/Mar/2023:12:53:44 +0800] "GET /xingrg/all/function/internal_message.html?_=1679979356253&CODE_STATE=getMsg HTTP/1.1" 200 27
172.20.0.100 - - [28/Mar/2023:12:53:47 +0800] "GET /xingrg/all/function/internal_message.html?_=1679979231517&CODE_STATE=getMsg HTTP/1.1" 200 27
114.83.216.127 - - [28/Mar/2023:12:53:47 +0800] "GET /xingrg/all/function/internal_message.html?_=1679979225921&CODE_STATE=getMsg HTTP/1.1" 200 27
180.169.147.146 - - [28/Mar/2023:12:53:50 +0800] "GET /xingrg/all/function/internal_message.html?_=1679979230211&CODE_STATE=getMsg HTTP/1.1" 200 27
222.70.182.87 - - [28/Mar/2023:12:53:51 +0800] "GET /xingrg/kc/buy/cgsh_order_operate.html?command=get_materiel&rest_code=00111&code=00101008213&supplier_code=00100005&order_time=2023-03-28 HTTP/1.1" 200 412
101.229.22.234 - - [28/Mar/2023:12:53:51 +0800] "GET /xingrg/all/function/internal_message.html?_=1679979230014&CODE_STATE=getMsg HTTP/1.1" 200 27
222.70.168.128 - - [28/Mar/2023:12:53:54 +0800] "GET /xingrg/all/function/internal_message.html?_=1679979240225&CODE_STATE=getMsg HTTP/1.1" 200 27
180.169.147.146 - - [28/Mar/2023:12:53:54 +0800] "GET /xingrg/all/function/internal_message.html?_=1679979233548&CODE_STATE=getMsg HTTP/1.1" 302 -
120.253.135.82 - - [28/Mar/2023:12:53:54 +0800] "GET /xingrg/kc/buy/cgsh_order_operate.html?command=get_materiel&rest_code=00101&code=00102002207&supplier_code=00100120&order_time=2023-03-28 HTTP/1.1" 200 424
120.253.135.82 - - [28/Mar/2023:12:53:58 +0800] "POST /xingrg/all/common/load_select.html HTTP/1.1" 200 25
116.224.158.100 - - [28/Mar/2023:12:53:59 +0800] "GET /xingrg/all/function/internal_message.html?_=1679979239648&CODE_STATE=getMsg HTTP/1.1" 200 27
116.238.139.35 - - [28/Mar/2023:12:54:00 +0800] "GET /xingrg/all/function/internal_message.html?_=1679979242234&CODE_STATE=getMsg HTTP/1.1" 200 27
222.70.182.87 - - [28/Mar/2023:12:54:00 +0800] "GET /xingrg/kc/buy/cgsh_order_operate.html?command=get_materiel&rest_code=00111&code=00101008403&supplier_code=00100005&order_time=2023-03-28 HTTP/1.1" 200 412
180.164.3.199 - - [28/Mar/2023:12:54:01 +0800] "GET /xingrg/all/function/internal_message.html?_=1679979241016&CODE_STATE=getMsg HTTP/1.1" 200 27
120.253.135.82 - - [28/Mar/2023:12:54:03 +0800] "GET /xingrg/kc/buy/cgsh_order_operate.html?command=get_materiel_price&rest_code=00101&code=00102002207&unit_code=00100341&supplier_code=00100120&order_time=2023-03-28 HTTP/1.1" 200 29
222.70.182.87 - - [28/Mar/2023:12:54:08 +0800] "GET /xingrg/all/function/internal_message.html?_=1679979247947&CODE_STATE=getMsg HTTP/1.1" 200 27
222.70.182.87 - - [28/Mar/2023:12:54:08 +0800] "GET /xingrg/check_reg.html?_=1679979248075 HTTP/1.1" 200 22
120.253.135.82 - - [28/Mar/2023:12:54:16 +0800] "GET /xingrg/kc/buy/cgsh_order_operate.html?command=get_materiel&rest_code=00101&code=00101018006&supplier_code=00100141&order_time=2023-03-28 HTTP/1.1" 200 424
120.253.135.82 - - [28/Mar/2023:12:54:21 +0800] "POST /xingrg/kc/buy/cgsh_order_operate.html HTTP/1.1" 200 37
180.157.253.110 - - [28/Mar/2023:12:54:23 +0800] "GET /xingrg/all/function/internal_message.html?_=1679979264079&CODE_STATE=getMsg HTTP/1.1" 200 27
120.253.135.82 - - [28/Mar/2023:12:54:24 +0800] "POST /xingrg/kc/buy/cgsh_order_operate.html HTTP/1.1" 200 3271
120.253.135.82 - - [28/Mar/2023:12:54:25 +0800] "GET /xingrg/all/function/internal_message.html?_=1679979097402&CODE_STATE=getMsg HTTP/1.1" 200 27
124.79.72.155 - - [28/Mar/2023:12:54:28 +0800] "GET /xingrg/check_reg.html?_=1679979273911 HTTP/1.1" 200 22
124.79.72.155 - - [28/Mar/2023:12:54:28 +0800] "GET /xingrg/all/function/internal_message.html?_=1679979273919&CODE_STATE=getMsg HTTP/1.1" 200 27
180.162.110.158 - - [28/Mar/2023:12:54:32 +0800] "GET /xingrg/all/function/internal_message.html?_=1679978166568&CODE_STATE=getMsg HTTP/1.1" 200 27
180.162.110.158 - - [28/Mar/2023:12:54:32 +0800] "GET /xingrg/check_reg.html?_=1679978166570 HTTP/1.1" 200 22
120.253.135.82 - - [28/Mar/2023:12:54:34 +0800] "POST /xingrg/kc/buy/cgsh_order_operate.html HTTP/1.1" 200 37
120.253.135.82 - - [28/Mar/2023:12:54:37 +0800] "POST /xingrg/kc/buy/cgsh_order_operate.html HTTP/1.1" 200 3271
180.169.147.146 - - [28/Mar/2023:12:54:37 +0800] "GET /xingrg/all/function/internal_message.html?_=1679979277070&CODE_STATE=getMsg HTTP/1.1" 200 27
180.169.147.146 - - [28/Mar/2023:12:54:38 +0800] "GET /xingrg/all/function/internal_message.html?_=1679979277132&CODE_STATE=getMsg HTTP/1.1" 200 27
120.253.135.82 - - [28/Mar/2023:12:54:38 +0800] "GET /xingrg/kc/buy/cgsh_order_operate.html?command=get_materiel&rest_code=00101&code=00101013052&supplier_code=00100141&order_time=2023-03-28 HTTP/1.1" 200 423
120.253.135.82 - - [28/Mar/2023:12:54:38 +0800] "GET /xingrg/kc/buy/cgsh_order_add.html HTTP/1.1" 200 69018
120.253.135.82 - - [28/Mar/2023:12:54:38 +0800] "POST /xingrg/kc/buy/cgsh_order_operate.html HTTP/1.1" 200 8245
120.253.135.82 - - [28/Mar/2023:12:54:38 +0800] "GET /xingrg/all/common/auto_word.html?type=employee&rest_code=00101 HTTP/1.1" 200 927
120.253.135.82 - - [28/Mar/2023:12:54:38 +0800] "GET /xingrg/javascript/easyui/themes/default/validatebox.css HTTP/1.1" 404 1104
120.253.135.82 - - [28/Mar/2023:12:54:39 +0800] "GET /xingrg/all/common/auto_word.html?type=employee&rest_code=00101 HTTP/1.1" 200 927
120.253.135.82 - - [28/Mar/2023:12:54:40 +0800] "POST /xingrg/all/common/load_combo.html?type=employee HTTP/1.1" 200 1664
124.79.72.155 - - [28/Mar/2023:12:54:43 +0800] "GET /xingrg/kc/buy/buy_main.html HTTP/1.1" 200 12412
124.79.72.155 - - [28/Mar/2023:12:54:43 +0800] "GET /xingrg/css/new_ie.css HTTP/1.1" 404 1036
116.224.106.218 - - [28/Mar/2023:12:54:43 +0800] "GET /xingrg/check_reg.html?_=1679979283619 HTTP/1.1" 200 22
116.224.106.218 - - [28/Mar/2023:12:54:44 +0800] "GET /xingrg/all/function/internal_message.html?_=1679979283621&CODE_STATE=getMsg HTTP/1.1" 200 27
124.79.72.155 - - [28/Mar/2023:12:54:44 +0800] "GET /xingrg/images/yd/bt.gif HTTP/1.1" 404 1040
120.253.135.82 - - [28/Mar/2023:12:54:44 +0800] "GET /xingrg/all/function/internal_message.html?_=1679979416259&CODE_STATE=getMsg HTTP/1.1" 200 27
124.79.72.155 - - [28/Mar/2023:12:54:45 +0800] "GET /xingrg/kc/buy/cgsh_order_list.html HTTP/1.1" 200 54185
172.20.0.100 - - [28/Mar/2023:12:54:47 +0800] "GET /xingrg/all/function/internal_message.html?_=1679979291515&CODE_STATE=getMsg HTTP/1.1" 200 27
114.83.216.127 - - [28/Mar/2023:12:54:47 +0800] "GET /xingrg/all/function/internal_message.html?_=1679979285931&CODE_STATE=getMsg HTTP/1.1" 200 27
124.79.72.155 - - [28/Mar/2023:12:54:47 +0800] "POST /xingrg/kc/buy/cgsh_list_operate.html HTTP/1.1" 200 986
180.169.147.146 - - [28/Mar/2023:12:54:50 +0800] "GET /xingrg/all/function/internal_message.html?_=1679979290223&CODE_STATE=getMsg HTTP/1.1" 200 27
101.229.22.234 - - [28/Mar/2023:12:54:51 +0800] "GET /xingrg/all/function/internal_message.html?_=1679979290011&CODE_STATE=getMsg HTTP/1.1" 200 27
101.229.22.234 - - [28/Mar/2023:12:54:51 +0800] "GET /xingrg/check_reg.html?_=1679979290012 HTTP/1.1" 200 22
180.169.147.146 - - [28/Mar/2023:12:54:54 +0800] "GET /xingrg/all/function/internal_message.html?_=1679979293548&CODE_STATE=getMsg HTTP/1.1" 302 -
222.70.168.128 - - [28/Mar/2023:12:54:54 +0800] "GET /xingrg/all/function/internal_message.html?_=1679979300750&CODE_STATE=getMsg HTTP/1.1" 200 27
120.253.135.82 - - [28/Mar/2023:12:54:55 +0800] "GET /xingrg/kc/buy/cgsh_order_operate.html?command=get_materiel&rest_code=00101&code=00101013172&supplier_code=00100115&order_time=2023-03-28 HTTP/1.1" 200 409
116.224.158.100 - - [28/Mar/2023:12:54:59 +0800] "GET /xingrg/all/function/internal_message.html?_=1679979299631&CODE_STATE=getMsg HTTP/1.1" 200 27
116.238.139.35 - - [28/Mar/2023:12:55:00 +0800] "GET /xingrg/all/function/internal_message.html?_=1679979302220&CODE_STATE=getMsg HTTP/1.1" 200 27
180.164.3.199 - - [28/Mar/2023:12:55:01 +0800] "GET /xingrg/all/function/internal_message.html?_=1679979301005&CODE_STATE=getMsg HTTP/1.1" 200 27
180.164.3.199 - - [28/Mar/2023:12:55:01 +0800] "GET /xingrg/check_reg.html?_=1679979301008 HTTP/1.1" 200 22
124.79.72.155 - - [28/Mar/2023:12:55:06 +0800] "GET /xingrg/kc/buy/cgsh_order_add.html HTTP/1.1" 200 70040
124.79.72.155 - - [28/Mar/2023:12:55:06 +0800] "GET /xingrg/words/20230328100934_words.js HTTP/1.1" 200 957918
124.79.72.155 - - [28/Mar/2023:12:55:06 +0800] "POST /xingrg/kc/buy/cgsh_order_operate.html HTTP/1.1" 200 8245
124.79.72.155 - - [28/Mar/2023:12:55:06 +0800] "GET /xingrg/javascript/easyui/themes/default/validatebox.css HTTP/1.1" 404 1104
124.79.72.155 - - [28/Mar/2023:12:55:06 +0800] "GET /xingrg/all/common/auto_word.html?type=employee&rest_code=00156 HTTP/1.1" 200 97
124.79.72.155 - - [28/Mar/2023:12:55:06 +0800] "GET /xingrg/all/common/auto_word.html?type=employee&rest_code=00156 HTTP/1.1" 200 97
222.70.182.87 - - [28/Mar/2023:12:55:08 +0800] "GET /xingrg/all/function/internal_message.html?_=1679979307922&CODE_STATE=getMsg HTTP/1.1" 200 27
120.253.135.82 - - [28/Mar/2023:12:55:08 +0800] "POST /xingrg/kc/buy/cgsh_order_operate.html HTTP/1.1" 200 37
124.79.72.155 - - [28/Mar/2023:12:55:12 +0800] "GET /xingrg/index.html?sysBaseUrl=http%3A%2F%2F180.169.147.146%3A18081%2Fxingrg%2F&costTime=904×tamp=1679978668679 HTTP/1.1" 200 17179
124.79.72.155 - - [28/Mar/2023:12:55:12 +0800] "GET /xingrg/all/function/internal_message.html?_=1679979317876&CODE_STATE=count HTTP/1.1" 200 11
124.79.72.155 - - [28/Mar/2023:12:55:12 +0800] "GET /xingrg/check_reg.html?_=1679979317876 HTTP/1.1" 200 22
124.79.72.155 - - [28/Mar/2023:12:55:12 +0800] "GET /favicon.ico HTTP/1.1" 404 -
124.79.72.155 - - [28/Mar/2023:12:55:12 +0800] "POST /xingrg/all/common/load_tree.html?tree=area_rest_tree_json&manage=1 HTTP/1.1" 200 351
124.79.72.155 - - [28/Mar/2023:12:55:13 +0800] "POST /xingrg/load_menu.html HTTP/1.1" 200 5138
120.253.135.82 - - [28/Mar/2023:12:55:13 +0800] "POST /xingrg/kc/buy/cgsh_order_operate.html HTTP/1.1" 200 37
120.253.135.82 - - [28/Mar/2023:12:55:13 +0800] "POST /xingrg/kc/buy/cgsh_order_operate.html HTTP/1.1" 200 3907
124.79.72.155 - - [28/Mar/2023:12:55:14 +0800] "GET /xingrg/kc/buy/buy_main.html HTTP/1.1" 200 12412
124.79.72.155 - - [28/Mar/2023:12:55:14 +0800] "GET /xingrg/css/new_ie.css HTTP/1.1" 404 1036
120.253.135.82 - - [28/Mar/2023:12:55:16 +0800] "POST /xingrg/kc/buy/cgsh_order_operate.html HTTP/1.1" 200 2660
124.79.72.155 - - [28/Mar/2023:12:55:16 +0800] "GET /xingrg/kc/buy/cgsh_order_list.html HTTP/1.1" 200 54185
124.79.72.155 - - [28/Mar/2023:12:55:17 +0800] "POST /xingrg/kc/buy/cgsh_list_operate.html HTTP/1.1" 200 986
120.253.135.82 - - [28/Mar/2023:12:55:18 +0800] "GET /xingrg/kc/buy/cgsh_order_list.html HTTP/1.1" 200 54179
120.253.135.82 - - [28/Mar/2023:12:55:19 +0800] "GET /xingrg/kc/buy/cgsh_order_list.html HTTP/1.1" 200 54179
222.70.168.128 - - [28/Mar/2023:12:55:21 +0800] "GET /xingrg/check_reg.html?_=1679979327904 HTTP/1.1" 200 22
120.253.135.82 - - [28/Mar/2023:12:55:21 +0800] "POST /xingrg/kc/buy/cgsh_order_operate.html HTTP/1.1" 200 37
180.157.253.110 - - [28/Mar/2023:12:55:23 +0800] "GET /xingrg/check_reg.html?_=1679979324082 HTTP/1.1" 200 22
180.157.253.110 - - [28/Mar/2023:12:55:23 +0800] "GET /xingrg/all/function/internal_message.html?_=1679979324084&CODE_STATE=getMsg HTTP/1.1" 200 27
120.253.135.82 - - [28/Mar/2023:12:55:24 +0800] "POST /xingrg/kc/buy/cgsh_order_operate.html HTTP/1.1" 200 3907
120.253.135.82 - - [28/Mar/2023:12:55:25 +0800] "GET /xingrg/all/function/internal_message.html?_=1679979157415&CODE_STATE=getMsg HTTP/1.1" 200 27
120.253.135.82 - - [28/Mar/2023:12:55:25 +0800] "POST /xingrg/kc/buy/cgsh_list_operate.html HTTP/1.1" 200 2688
120.253.135.82 - - [28/Mar/2023:12:55:29 +0800] "GET /xingrg/kc/print/load_data.html?order_code=212023032810484&kc_code=cgsh&condition= HTTP/1.1" 200 1186
120.253.135.82 - - [28/Mar/2023:12:55:32 +0800] "POST /xingrg/kc/buy/cgsh_list_operate.html HTTP/1.1" 200 283
180.162.110.158 - - [28/Mar/2023:12:55:32 +0800] "GET /xingrg/all/function/internal_message.html?_=1679978226583&CODE_STATE=getMsg HTTP/1.1" 200 27
120.253.135.82 - - [28/Mar/2023:12:55:34 +0800] "GET /xingrg/kc/buy/cgsh_order_info.html?code=212023032810485 HTTP/1.1" 200 69033
120.253.135.82 - - [28/Mar/2023:12:55:34 +0800] "GET /xingrg/javascript/easyui/themes/default/validatebox.css HTTP/1.1" 404 1104
120.253.135.82 - - [28/Mar/2023:12:55:34 +0800] "GET /xingrg/all/common/auto_word.html?type=employee&rest_code=00101 HTTP/1.1" 200 927
120.253.135.82 - - [28/Mar/2023:12:55:34 +0800] "GET /xingrg/all/common/auto_word.html?type=employee&rest_code=00101 HTTP/1.1" 200 927
120.253.135.82 - - [28/Mar/2023:12:55:35 +0800] "POST /xingrg/kc/buy/cgsh_order_operate.html HTTP/1.1" 200 3271
180.169.147.146 - - [28/Mar/2023:12:55:37 +0800] "GET /xingrg/all/function/internal_message.html?_=1679979337054&CODE_STATE=getMsg HTTP/1.1" 200 27
180.169.147.146 - - [28/Mar/2023:12:55:38 +0800] "GET /xingrg/all/function/internal_message.html?_=1679979337132&CODE_STATE=getMsg HTTP/1.1" 200 27
120.253.135.82 - - [28/Mar/2023:12:55:38 +0800] "GET /xingrg/kc/buy/cgsh_order_add.html HTTP/1.1" 200 69018
120.253.135.82 - - [28/Mar/2023:12:55:38 +0800] "POST /xingrg/kc/buy/cgsh_order_operate.html HTTP/1.1" 200 8245
120.253.135.82 - - [28/Mar/2023:12:55:39 +0800] "GET /xingrg/javascript/easyui/themes/default/validatebox.css HTTP/1.1" 404 1104
120.253.135.82 - - [28/Mar/2023:12:55:39 +0800] "GET /xingrg/all/common/auto_word.html?type=employee&rest_code=00101 HTTP/1.1" 200 927
120.253.135.82 - - [28/Mar/2023:12:55:39 +0800] "GET /xingrg/all/common/auto_word.html?type=employee&rest_code=00101 HTTP/1.1" 200 927
180.169.147.146 - - [28/Mar/2023:12:55:39 +0800] "GET /xingrg/check_reg.html?_=1679979338553 HTTP/1.1" 200 22
120.253.135.82 - - [28/Mar/2023:12:55:40 +0800] "POST /xingrg/all/common/load_combo.html?type=employee HTTP/1.1" 200 1664
116.224.106.218 - - [28/Mar/2023:12:55:43 +0800] "GET /xingrg/all/function/internal_message.html?_=1679979343613&CODE_STATE=getMsg HTTP/1.1" 200 27
120.253.135.82 - - [28/Mar/2023:12:55:44 +0800] "GET /xingrg/all/function/internal_message.html?_=1679979476259&CODE_STATE=getMsg HTTP/1.1" 200 27
172.20.0.100 - - [28/Mar/2023:12:55:47 +0800] "GET /xingrg/all/function/internal_message.html?_=1679979351514&CODE_STATE=getMsg HTTP/1.1" 200 27
114.83.216.127 - - [28/Mar/2023:12:55:47 +0800] "GET /xingrg/all/function/internal_message.html?_=1679979345933&CODE_STATE=getMsg HTTP/1.1" 200 27
180.169.147.146 - - [28/Mar/2023:12:55:50 +0800] "GET /xingrg/all/function/internal_message.html?_=1679979350216&CODE_STATE=getMsg HTTP/1.1" 200 27
180.169.147.146 - - [28/Mar/2023:12:55:50 +0800] "GET /xingrg/check_reg.html?_=1679979350221 HTTP/1.1" 200 22
101.229.22.234 - - [28/Mar/2023:12:55:51 +0800] "GET /xingrg/all/function/internal_message.html?_=1679979350011&CODE_STATE=getMsg HTTP/1.1" 200 27
120.253.135.82 - - [28/Mar/2023:12:55:54 +0800] "GET /xingrg/javascript/auto/indicator.gif HTTP/1.1" 404 1066
180.169.147.146 - - [28/Mar/2023:12:55:54 +0800] "GET /xingrg/check_reg.html?_=1679979353543 HTTP/1.1" 302 -
180.169.147.146 - - [28/Mar/2023:12:55:54 +0800] "GET /xingrg/all/function/internal_message.html?_=1679979353545&CODE_STATE=getMsg HTTP/1.1" 302 -
222.70.168.128 - - [28/Mar/2023:12:55:54 +0800] "GET /xingrg/all/function/internal_message.html?_=1679979360752&CODE_STATE=getMsg HTTP/1.1" 200 27
116.224.158.100 - - [28/Mar/2023:12:55:59 +0800] "GET /xingrg/all/function/internal_message.html?_=1679979359605&CODE_STATE=getMsg HTTP/1.1" 200 27
116.238.139.35 - - [28/Mar/2023:12:56:00 +0800] "GET /xingrg/all/function/internal_message.html?_=1679979362207&CODE_STATE=getMsg HTTP/1.1" 200 27
180.164.3.199 - - [28/Mar/2023:12:56:01 +0800] "GET /xingrg/all/function/internal_message.html?_=1679979361015&CODE_STATE=getMsg HTTP/1.1" 200 27
120.253.135.82 - - [28/Mar/2023:12:56:02 +0800] "GET /xingrg/kc/buy/cgsh_order_operate.html?command=get_materiel&rest_code=00101&code=00101013093&supplier_code=00100101&order_time=2023-03-28 HTTP/1.1" 200 428
222.70.182.87 - - [28/Mar/2023:12:56:08 +0800] "GET /xingrg/all/function/internal_message.html?_=1679979367898&CODE_STATE=getMsg HTTP/1.1" 200 27
124.79.72.155 - - [28/Mar/2023:12:56:12 +0800] "GET /xingrg/index.html?sysBaseUrl=http%3A%2F%2F180.169.147.146%3A18081%2Fxingrg%2F&costTime=904×tamp=1679978668679 HTTP/1.1" 200 17179
124.79.72.155 - - [28/Mar/2023:12:56:12 +0800] "GET /xingrg/check_reg.html?_=1679979377747 HTTP/1.1" 200 22
124.79.72.155 - - [28/Mar/2023:12:56:12 +0800] "GET /xingrg/all/function/internal_message.html?_=1679979377747&CODE_STATE=count HTTP/1.1" 200 11
124.79.72.155 - - [28/Mar/2023:12:56:12 +0800] "POST /xingrg/all/common/load_tree.html?tree=area_rest_tree_json&manage=1 HTTP/1.1" 200 351
124.79.72.155 - - [28/Mar/2023:12:56:12 +0800] "POST /xingrg/load_menu.html HTTP/1.1" 200 5138
124.79.72.155 - - [28/Mar/2023:12:56:14 +0800] "GET /xingrg/index.html?sysBaseUrl=http%3A%2F%2F180.169.147.146%3A18081%2Fxingrg%2F&costTime=904×tamp=1679978668679 HTTP/1.1" 200 17179
124.79.72.155 - - [28/Mar/2023:12:56:15 +0800] "GET /xingrg/all/function/internal_message.html?_=1679979380197&CODE_STATE=count HTTP/1.1" 200 11
124.79.72.155 - - [28/Mar/2023:12:56:15 +0800] "GET /xingrg/check_reg.html?_=1679979380197 HTTP/1.1" 200 22
124.79.72.155 - - [28/Mar/2023:12:56:15 +0800] "POST /xingrg/all/common/load_tree.html?tree=area_rest_tree_json&manage=1 HTTP/1.1" 200 351
124.79.72.155 - - [28/Mar/2023:12:56:15 +0800] "POST /xingrg/load_menu.html HTTP/1.1" 200 5138
124.79.72.155 - - [28/Mar/2023:12:56:16 +0800] "GET /xingrg/kc/base/base_main.html HTTP/1.1" 200 12142
120.253.135.82 - - [28/Mar/2023:12:56:19 +0800] "GET /xingrg/kc/buy/cgsh_order_operate.html?command=get_materiel&rest_code=00101&code=00101013011&supplier_code=00100101&order_time=2023-03-28 HTTP/1.1" 200 432
124.79.72.155 - - [28/Mar/2023:12:56:21 +0800] "GET /xingrg/kc/report/report_main.html HTTP/1.1" 200 7340
172.20.0.100 - - [28/Mar/2023:12:56:22 +0800] "GET /xingrg/check_reg.html?_=1679979387355 HTTP/1.1" 200 22
180.157.253.110 - - [28/Mar/2023:12:56:23 +0800] "GET /xingrg/all/function/internal_message.html?_=1679979384084&CODE_STATE=getMsg HTTP/1.1" 200 27
120.253.135.82 - - [28/Mar/2023:12:56:25 +0800] "GET /xingrg/all/function/internal_message.html?_=1679979217476&CODE_STATE=getMsg HTTP/1.1" 200 27
180.169.147.146 - - [28/Mar/2023:12:56:26 +0800] "GET /xingrg/kc/buy/cgsh_order_add.html HTTP/1.1" 200 69964
180.169.147.146 - - [28/Mar/2023:12:56:26 +0800] "GET /xingrg/words/20230328100934_words.js HTTP/1.1" 304 -
180.169.147.146 - - [28/Mar/2023:12:56:26 +0800] "POST /xingrg/kc/buy/cgsh_order_operate.html HTTP/1.1" 200 8245
180.169.147.146 - - [28/Mar/2023:12:56:26 +0800] "GET /xingrg/javascript/easyui/themes/default/validatebox.css HTTP/1.1" 404 1104
124.79.72.155 - - [28/Mar/2023:12:56:27 +0800] "GET /xingrg/all/report/report_query.html?fileName=kc/base/rk_by_base.xml&rh=9999 HTTP/1.1" 200 51953
124.79.72.155 - - [28/Mar/2023:12:56:28 +0800] "GET /xingrg/dwr/interface/AjaxReportQueryService.js HTTP/1.1" 200 13203
124.79.72.155 - - [28/Mar/2023:12:56:28 +0800] "GET /xingrg/dwr/util.js HTTP/1.1" 304 -
124.79.72.155 - - [28/Mar/2023:12:56:28 +0800] "GET /xingrg/dwr/engine.js HTTP/1.1" 200 43631
124.79.72.155 - - [28/Mar/2023:12:56:28 +0800] "POST /xingrg/dwr/call/plaincall/AjaxReportQueryService.getFixDate.dwr HTTP/1.1" 200 111
124.79.72.155 - - [28/Mar/2023:12:56:28 +0800] "POST /xingrg/all/common/load_tree.html?tree=materiel_sort_tree_json HTTP/1.1" 200 9500
124.79.72.155 - - [28/Mar/2023:12:56:28 +0800] "POST /xingrg/dwr/call/plaincall/AjaxReportQueryService.getInitString.dwr HTTP/1.1" 200 1083
180.162.110.158 - - [28/Mar/2023:12:56:32 +0800] "GET /xingrg/all/function/internal_message.html?_=1679978286573&CODE_STATE=getMsg HTTP/1.1" 200 27
120.253.135.82 - - [28/Mar/2023:12:56:35 +0800] "GET /xingrg/kc/buy/cgsh_order_operate.html?command=get_materiel&rest_code=00101&code=00101013139&supplier_code=00100101&order_time=2023-03-28 HTTP/1.1" 200 452
180.169.147.146 - - [28/Mar/2023:12:56:37 +0800] "GET /xingrg/all/function/internal_message.html?_=1679979397046&CODE_STATE=getMsg HTTP/1.1" 200 27
180.169.147.146 - - [28/Mar/2023:12:56:38 +0800] "GET /xingrg/all/function/internal_message.html?_=1679979397132&CODE_STATE=getMsg HTTP/1.1" 200 27
124.79.72.155 - - [28/Mar/2023:12:56:39 +0800] "POST /xingrg/dwr/call/plaincall/AjaxReportQueryService.refreshCache.dwr HTTP/1.1" 200 78
124.79.72.155 - - [28/Mar/2023:12:56:40 +0800] "POST /xingrg/all/report/load_report_page.html HTTP/1.1" 200 7446
124.79.72.155 - - [28/Mar/2023:12:56:40 +0800] "GET /xingrg/servlets/image?cache=0.02558096634880269&image=px HTTP/1.1" 200 807
116.192.124.172 - - [28/Mar/2023:12:56:42 +0800] "GET /xingrg/check_reg.html?_=1679979403569 HTTP/1.1" 200 22
116.224.106.218 - - [28/Mar/2023:12:56:43 +0800] "GET /xingrg/all/function/internal_message.html?_=1679979403616&CODE_STATE=getMsg HTTP/1.1" 200 27
120.253.135.82 - - [28/Mar/2023:12:56:44 +0800] "GET /xingrg/all/function/internal_message.html?_=1679979536264&CODE_STATE=getMsg HTTP/1.1" 200 27
172.20.0.100 - - [28/Mar/2023:12:56:47 +0800] "GET /xingrg/all/function/internal_message.html?_=1679979411512&CODE_STATE=getMsg HTTP/1.1" 200 27
114.83.216.127 - - [28/Mar/2023:12:56:47 +0800] "GET /xingrg/check_reg.html?_=1679979405920 HTTP/1.1" 200 22
114.83.216.127 - - [28/Mar/2023:12:56:47 +0800] "GET /xingrg/all/function/internal_message.html?_=1679979405924&CODE_STATE=getMsg HTTP/1.1" 200 27
180.169.147.146 - - [28/Mar/2023:12:56:50 +0800] "GET /xingrg/all/function/internal_message.html?_=1679979410221&CODE_STATE=getMsg HTTP/1.1" 200 27
120.253.135.82 - - [28/Mar/2023:12:56:50 +0800] "POST /xingrg/kc/buy/cgsh_order_operate.html HTTP/1.1" 200 37
101.229.22.234 - - [28/Mar/2023:12:56:51 +0800] "GET /xingrg/all/function/internal_message.html?_=1679979410009&CODE_STATE=getMsg HTTP/1.1" 200 27
120.253.135.82 - - [28/Mar/2023:12:56:52 +0800] "POST /xingrg/kc/buy/cgsh_order_operate.html HTTP/1.1" 200 3894
180.169.147.146 - - [28/Mar/2023:12:56:54 +0800] "GET /xingrg/all/function/internal_message.html?_=1679979413530&CODE_STATE=getMsg HTTP/1.1" 302 -
222.70.168.128 - - [28/Mar/2023:12:56:54 +0800] "GET /xingrg/all/function/internal_message.html?_=1679979420767&CODE_STATE=getMsg HTTP/1.1" 200 27
120.253.135.82 - - [28/Mar/2023:12:56:56 +0800] "POST /xingrg/kc/buy/cgsh_order_operate.html HTTP/1.1" 200 37
116.224.158.100 - - [28/Mar/2023:12:56:59 +0800] "GET /xingrg/all/function/internal_message.html?_=1679979419583&CODE_STATE=getMsg HTTP/1.1" 200 27
124.79.72.155 - - [28/Mar/2023:12:57:00 +0800] "POST /xingrg/dwr/call/plaincall/AjaxReportQueryService.refreshCache.dwr HTTP/1.1" 200 78
116.238.139.35 - - [28/Mar/2023:12:57:00 +0800] "GET /xingrg/all/function/internal_message.html?_=1679979422176&CODE_STATE=getMsg HTTP/1.1" 200 27
124.79.72.155 - - [28/Mar/2023:12:57:00 +0800] "POST /xingrg/all/report/load_report_page.html HTTP/1.1" 200 7412
124.79.72.155 - - [28/Mar/2023:12:57:01 +0800] "GET /xingrg/servlets/image?cache=0.4164636718571494&image=px HTTP/1.1" 200 807
180.164.3.199 - - [28/Mar/2023:12:57:01 +0800] "GET /xingrg/all/function/internal_message.html?_=1679979421012&CODE_STATE=getMsg HTTP/1.1" 200 27
222.70.182.87 - - [28/Mar/2023:12:57:08 +0800] "GET /xingrg/all/function/internal_message.html?_=1679979427878&CODE_STATE=getMsg HTTP/1.1" 200 27
120.253.135.82 - - [28/Mar/2023:12:57:14 +0800] "POST /xingrg/kc/buy/cgsh_order_operate.html HTTP/1.1" 200 12
124.79.72.155 - - [28/Mar/2023:12:57:15 +0800] "GET /xingrg/all/function/internal_message.html?_=1679979440200&CODE_STATE=getMsg HTTP/1.1" 200 27
180.157.253.110 - - [28/Mar/2023:12:57:23 +0800] "GET /xingrg/all/function/internal_message.html?_=1679979444088&CODE_STATE=getMsg HTTP/1.1" 200 27
180.162.110.158 - - [28/Mar/2023:12:57:32 +0800] "GET /xingrg/all/function/internal_message.html?_=1679978346583&CODE_STATE=getMsg HTTP/1.1" 200 27
180.169.147.146 - - [28/Mar/2023:12:57:37 +0800] "GET /xingrg/all/function/internal_message.html?_=1679979457027&CODE_STATE=getMsg HTTP/1.1" 200 27
180.169.147.146 - - [28/Mar/2023:12:57:38 +0800] "GET /xingrg/all/function/internal_message.html?_=1679979457132&CODE_STATE=getMsg HTTP/1.1" 200 27
120.253.135.82 - - [28/Mar/2023:12:57:39 +0800] "POST /xingrg/kc/buy/cgsh_order_operate.html HTTP/1.1" 200 37
120.253.135.82 - - [28/Mar/2023:12:57:41 +0800] "POST /xingrg/kc/buy/cgsh_order_operate.html HTTP/1.1" 200 3894
120.253.135.82 - - [28/Mar/2023:12:57:43 +0800] "GET /xingrg/kc/buy/cgsh_order_add.html HTTP/1.1" 200 69018
120.253.135.82 - - [28/Mar/2023:12:57:43 +0800] "POST /xingrg/kc/buy/cgsh_order_operate.html HTTP/1.1" 200 8245
120.253.135.82 - - [28/Mar/2023:12:57:43 +0800] "GET /xingrg/all/common/auto_word.html?type=employee&rest_code=00101 HTTP/1.1" 200 927
120.253.135.82 - - [28/Mar/2023:12:57:43 +0800] "GET /xingrg/javascript/easyui/themes/default/validatebox.css HTTP/1.1" 404 1104
120.253.135.82 - - [28/Mar/2023:12:57:43 +0800] "GET /xingrg/all/common/auto_word.html?type=employee&rest_code=00101 HTTP/1.1" 200 927
116.224.106.218 - - [28/Mar/2023:12:57:43 +0800] "GET /xingrg/all/function/internal_message.html?_=1679979463616&CODE_STATE=getMsg HTTP/1.1" 200 27
120.253.135.82 - - [28/Mar/2023:12:57:44 +0800] "GET /xingrg/all/function/internal_message.html?_=1679979296661&CODE_STATE=getMsg HTTP/1.1" 200 27
120.253.135.82 - - [28/Mar/2023:12:57:44 +0800] "GET /xingrg/kc/buy/cgsh_order_info.html?code=212023032810484 HTTP/1.1" 200 63923
120.253.135.82 - - [28/Mar/2023:12:57:44 +0800] "POST /xingrg/all/common/load_combo.html?type=employee HTTP/1.1" 200 1664
120.253.135.82 - - [28/Mar/2023:12:57:44 +0800] "GET /xingrg/check_reg.html?_=1679979596271 HTTP/1.1" 200 22
120.253.135.82 - - [28/Mar/2023:12:57:44 +0800] "GET /xingrg/all/function/internal_message.html?_=1679979596269&CODE_STATE=getMsg HTTP/1.1" 200 27
120.253.135.82 - - [28/Mar/2023:12:57:45 +0800] "GET /xingrg/javascript/easyui/themes/default/validatebox.css HTTP/1.1" 404 1104
120.253.135.82 - - [28/Mar/2023:12:57:46 +0800] "POST /xingrg/kc/buy/cgsh_order_operate.html HTTP/1.1" 200 1857
172.20.0.100 - - [28/Mar/2023:12:57:47 +0800] "GET /xingrg/all/function/internal_message.html?_=1679979471537&CODE_STATE=getMsg HTTP/1.1" 200 27
172.20.0.100 - - [28/Mar/2023:12:57:47 +0800] "GET /xingrg/check_reg.html?_=1679979471538 HTTP/1.1" 200 22
114.83.216.127 - - [28/Mar/2023:12:57:47 +0800] "GET /xingrg/all/function/internal_message.html?_=1679979465938&CODE_STATE=getMsg HTTP/1.1" 200 27
180.169.147.146 - - [28/Mar/2023:12:57:50 +0800] "GET /xingrg/all/function/internal_message.html?_=1679979470245&CODE_STATE=getMsg HTTP/1.1" 200 27
101.229.22.234 - - [28/Mar/2023:12:57:51 +0800] "GET /xingrg/all/function/internal_message.html?_=1679979470007&CODE_STATE=getMsg HTTP/1.1" 200 27
180.169.147.146 - - [28/Mar/2023:12:57:54 +0800] "GET /xingrg/all/function/internal_message.html?_=1679979473537&CODE_STATE=getMsg HTTP/1.1" 302 -
222.70.168.128 - - [28/Mar/2023:12:57:55 +0800] "GET /xingrg/all/function/internal_message.html?_=1679979481151&CODE_STATE=getMsg HTTP/1.1" 200 27
116.224.158.100 - - [28/Mar/2023:12:57:59 +0800] "GET /xingrg/all/function/internal_message.html?_=1679979479565&CODE_STATE=getMsg HTTP/1.1" 200 27
116.238.139.35 - - [28/Mar/2023:12:58:00 +0800] "GET /xingrg/all/function/internal_message.html?_=1679979482162&CODE_STATE=getMsg HTTP/1.1" 200 27
120.253.135.82 - - [28/Mar/2023:12:58:00 +0800] "POST /xingrg/kc/buy/cgsh_list_operate.html HTTP/1.1" 200 2699
180.164.3.199 - - [28/Mar/2023:12:58:01 +0800] "GET /xingrg/all/function/internal_message.html?_=1679979481007&CODE_STATE=getMsg HTTP/1.1" 200 27
120.253.135.82 - - [28/Mar/2023:12:58:02 +0800] "GET /xingrg/kc/buy/cgsh_order_operate.html?command=get_materiel&rest_code=00101&code=00101016020&supplier_code=00100100&order_time=2023-03-28 HTTP/1.1" 200 446
116.238.139.35 - - [28/Mar/2023:12:58:03 +0800] "GET /xingrg/check_reg.html?_=1679979484833 HTTP/1.1" 200 22
116.224.158.100 - - [28/Mar/2023:12:58:04 +0800] "GET /xingrg/check_reg.html?_=1679979484360 HTTP/1.1" 200 22
120.253.135.82 - - [28/Mar/2023:12:58:04 +0800] "POST /xingrg/kc/buy/cgsh_list_operate.html HTTP/1.1" 200 362
120.253.135.82 - - [28/Mar/2023:12:58:04 +0800] "POST /xingrg/all/common/load_select.html HTTP/1.1" 200 25
120.253.135.82 - - [28/Mar/2023:12:58:07 +0800] "GET /xingrg/kc/buy/cgsh_order_info.html?code=212023032810487 HTTP/1.1" 200 69041
120.253.135.82 - - [28/Mar/2023:12:58:07 +0800] "GET /xingrg/javascript/easyui/themes/default/validatebox.css HTTP/1.1" 404 1104
120.253.135.82 - - [28/Mar/2023:12:58:08 +0800] "POST /xingrg/kc/buy/cgsh_order_operate.html HTTP/1.1" 200 3894
222.70.182.87 - - [28/Mar/2023:12:58:08 +0800] "GET /xingrg/all/function/internal_message.html?_=1679979487849&CODE_STATE=getMsg HTTP/1.1" 200 27
120.253.135.82 - - [28/Mar/2023:12:58:08 +0800] "GET /xingrg/kc/buy/cgsh_order_operate.html?command=get_materiel_price&rest_code=00101&code=00101016020&unit_code=00100142&supplier_code=00100100&order_time=2023-03-28 HTTP/1.1" 200 29
124.79.72.155 - - [28/Mar/2023:12:58:15 +0800] "GET /xingrg/all/function/internal_message.html?_=1679979500199&CODE_STATE=getMsg HTTP/1.1" 200 27
180.169.147.146 - - [28/Mar/2023:12:58:21 +0800] "GET /xingrg/kc/buy/cgsh_order_operate.html?command=get_materiel&rest_code=00147&code=00101009059&supplier_code=00100151&order_time=2023-03-28 HTTP/1.1" 200 409
120.253.135.82 - - [28/Mar/2023:12:58:21 +0800] "GET /xingrg/kc/print/load_data.html?order_code=212023032810487&kc_code=cgsh&condition= HTTP/1.1" 200 1222
180.157.253.110 - - [28/Mar/2023:12:58:23 +0800] "GET /xingrg/all/function/internal_message.html?_=1679979504075&CODE_STATE=getMsg HTTP/1.1" 200 27
120.253.135.82 - - [28/Mar/2023:12:58:24 +0800] "GET /xingrg/check_reg.html?_=1679979336882 HTTP/1.1" 200 22
180.169.147.146 - - [28/Mar/2023:12:58:25 +0800] "POST /xingrg/all/common/load_select.html HTTP/1.1" 200 12
180.169.147.146 - - [28/Mar/2023:12:58:29 +0800] "GET /xingrg/kc/buy/cgsh_order_operate.html?command=get_materiel_price&rest_code=00147&code=00101009059&unit_code=00100013&supplier_code=00100151&order_time=2023-03-28 HTTP/1.1" 200 28
180.162.110.158 - - [28/Mar/2023:12:58:32 +0800] "GET /xingrg/all/function/internal_message.html?_=1679978406567&CODE_STATE=getMsg HTTP/1.1" 200 27
120.253.135.82 - - [28/Mar/2023:12:58:36 +0800] "GET /xingrg/kc/buy/cgsh_order_operate.html?command=get_materiel&rest_code=00101&code=00101019530&supplier_code=00100100&order_time=2023-03-28 HTTP/1.1" 200 478
180.169.147.146 - - [28/Mar/2023:12:58:37 +0800] "GET /xingrg/all/function/internal_message.html?_=1679979517004&CODE_STATE=getMsg HTTP/1.1" 200 27
180.169.147.146 - - [28/Mar/2023:12:58:38 +0800] "GET /xingrg/all/function/internal_message.html?_=1679979517131&CODE_STATE=getMsg HTTP/1.1" 200 27
180.169.147.146 - - [28/Mar/2023:12:58:38 +0800] "GET /xingrg/check_reg.html?_=1679979517133 HTTP/1.1" 200 22
116.224.106.218 - - [28/Mar/2023:12:58:43 +0800] "GET /xingrg/all/function/internal_message.html?_=1679979523616&CODE_STATE=getMsg HTTP/1.1" 200 27
120.253.135.82 - - [28/Mar/2023:12:58:44 +0800] "GET /xingrg/all/function/internal_message.html?_=1679979356675&CODE_STATE=getMsg HTTP/1.1" 200 27
120.253.135.82 - - [28/Mar/2023:12:58:44 +0800] "GET /xingrg/all/function/internal_message.html?_=1679979656275&CODE_STATE=getMsg HTTP/1.1" 200 27
172.20.0.100 - - [28/Mar/2023:12:58:47 +0800] "GET /xingrg/all/function/internal_message.html?_=1679979531535&CODE_STATE=getMsg HTTP/1.1" 200 27
114.83.216.127 - - [28/Mar/2023:12:58:47 +0800] "GET /xingrg/all/function/internal_message.html?_=1679979525944&CODE_STATE=getMsg HTTP/1.1" 200 27
180.169.147.146 - - [28/Mar/2023:12:58:50 +0800] "GET /xingrg/all/function/internal_message.html?_=1679979530254&CODE_STATE=getMsg HTTP/1.1" 200 27
120.253.135.82 - - [28/Mar/2023:12:58:51 +0800] "GET /xingrg/kc/buy/cgsh_order_operate.html?command=get_materiel&rest_code=00101&code=00101019844&supplier_code=00100100&order_time=2023-03-28 HTTP/1.1" 200 415
101.229.22.234 - - [28/Mar/2023:12:58:51 +0800] "GET /xingrg/all/function/internal_message.html?_=1679979530006&CODE_STATE=getMsg HTTP/1.1" 200 27
180.169.147.146 - - [28/Mar/2023:12:58:54 +0800] "GET /xingrg/all/function/internal_message.html?_=1679979533548&CODE_STATE=getMsg HTTP/1.1" 302 -
222.70.168.128 - - [28/Mar/2023:12:58:55 +0800] "GET /xingrg/all/function/internal_message.html?_=1679979541152&CODE_STATE=getMsg HTTP/1.1" 200 27
116.224.158.100 - - [28/Mar/2023:12:58:59 +0800] "GET /xingrg/all/function/internal_message.html?_=1679979539534&CODE_STATE=getMsg HTTP/1.1" 200 27
116.238.139.35 - - [28/Mar/2023:12:59:00 +0800] "GET /xingrg/all/function/internal_message.html?_=1679979542137&CODE_STATE=getMsg HTTP/1.1" 200 27
180.164.3.199 - - [28/Mar/2023:12:59:01 +0800] "GET /xingrg/all/function/internal_message.html?_=1679979541013&CODE_STATE=getMsg HTTP/1.1" 200 27
222.70.182.87 - - [28/Mar/2023:12:59:08 +0800] "GET /xingrg/all/function/internal_message.html?_=1679979547825&CODE_STATE=getMsg HTTP/1.1" 200 27
222.70.182.87 - - [28/Mar/2023:12:59:08 +0800] "GET /xingrg/check_reg.html?_=1679979548076 HTTP/1.1" 200 22
120.253.135.82 - - [28/Mar/2023:12:59:10 +0800] "GET /xingrg/kc/buy/cgsh_order_operate.html?command=get_materiel&rest_code=00101&code=00101009052&supplier_code=00100100&order_time=2023-03-28 HTTP/1.1" 200 418
124.79.72.155 - - [28/Mar/2023:12:59:15 +0800] "GET /xingrg/all/function/internal_message.html?_=1679979560199&CODE_STATE=getMsg HTTP/1.1" 200 27
180.157.253.110 - - [28/Mar/2023:12:59:23 +0800] "GET /xingrg/all/function/internal_message.html?_=1679979564076&CODE_STATE=getMsg HTTP/1.1" 200 27
180.162.110.158 - - [28/Mar/2023:12:59:32 +0800] "GET /xingrg/all/function/internal_message.html?_=1679978466573&CODE_STATE=getMsg HTTP/1.1" 200 27
180.162.110.158 - - [28/Mar/2023:12:59:32 +0800] "GET /xingrg/check_reg.html?_=1679978466576 HTTP/1.1" 200 22
180.169.147.146 - - [28/Mar/2023:12:59:37 +0800] "GET /xingrg/all/function/internal_message.html?_=1679979576981&CODE_STATE=getMsg HTTP/1.1" 200 27
180.169.147.146 - - [28/Mar/2023:12:59:38 +0800] "GET /xingrg/all/function/internal_message.html?_=1679979577158&CODE_STATE=getMsg HTTP/1.1" 200 27
120.253.135.82 - - [28/Mar/2023:12:59:40 +0800] "GET /xingrg/kc/buy/cgsh_order_operate.html?command=get_materiel&rest_code=00101&code=00101019020&supplier_code=00100100&order_time=2023-03-28 HTTP/1.1" 200 447
116.224.106.218 - - [28/Mar/2023:12:59:43 +0800] "GET /xingrg/all/function/internal_message.html?_=1679979583616&CODE_STATE=getMsg HTTP/1.1" 200 27
116.224.106.218 - - [28/Mar/2023:12:59:44 +0800] "GET /xingrg/check_reg.html?_=1679979583619 HTTP/1.1" 200 22
120.253.135.82 - - [28/Mar/2023:12:59:44 +0800] "GET /xingrg/all/function/internal_message.html?_=1679979416688&CODE_STATE=getMsg HTTP/1.1" 200 27
120.253.135.82 - - [28/Mar/2023:12:59:44 +0800] "GET /xingrg/all/function/internal_message.html?_=1679979716279&CODE_STATE=getMsg HTTP/1.1" 200 27
172.20.0.100 - - [28/Mar/2023:12:59:47 +0800] "GET /xingrg/all/function/internal_message.html?_=1679979591534&CODE_STATE=getMsg HTTP/1.1" 200 27
114.83.216.127 - - [28/Mar/2023:12:59:47 +0800] "GET /xingrg/all/function/internal_message.html?_=1679979585933&CODE_STATE=getMsg HTTP/1.1" 200 27
180.169.147.146 - - [28/Mar/2023:12:59:50 +0800] "GET /xingrg/all/function/internal_message.html?_=1679979590262&CODE_STATE=getMsg HTTP/1.1" 200 27
101.229.22.234 - - [28/Mar/2023:12:59:51 +0800] "GET /xingrg/all/function/internal_message.html?_=1679979590005&CODE_STATE=getMsg HTTP/1.1" 200 27
101.229.22.234 - - [28/Mar/2023:12:59:51 +0800] "GET /xingrg/check_reg.html?_=1679979590006 HTTP/1.1" 200 22
58.40.7.146 - - [28/Mar/2023:12:59:53 +0800] "GET /favicon.ico HTTP/1.1" 404 -
120.253.135.82 - - [28/Mar/2023:12:59:53 +0800] "GET /xingrg/kc/buy/cgsh_order_operate.html?command=get_materiel&rest_code=00101&code=00101019493&supplier_code=00100100&order_time=2023-03-28 HTTP/1.1" 200 455
180.169.147.146 - - [28/Mar/2023:12:59:54 +0800] "GET /xingrg/all/function/internal_message.html?_=1679979593548&CODE_STATE=getMsg HTTP/1.1" 302 -
222.70.168.128 - - [28/Mar/2023:12:59:55 +0800] "GET /xingrg/all/function/internal_message.html?_=1679979601648&CODE_STATE=getMsg HTTP/1.1" 200 27
116.224.158.100 - - [28/Mar/2023:12:59:59 +0800] "GET /xingrg/all/function/internal_message.html?_=1679979599512&CODE_STATE=getMsg HTTP/1.1" 200 27
116.238.139.35 - - [28/Mar/2023:13:00:00 +0800] "GET /xingrg/all/function/internal_message.html?_=1679979602122&CODE_STATE=getMsg HTTP/1.1" 200 27
180.164.3.199 - - [28/Mar/2023:13:00:01 +0800] "GET /xingrg/check_reg.html?_=1679979601020 HTTP/1.1" 200 22
180.164.3.199 - - [28/Mar/2023:13:00:01 +0800] "GET /xingrg/all/function/internal_message.html?_=1679979601024&CODE_STATE=getMsg HTTP/1.1" 200 27
120.253.135.82 - - [28/Mar/2023:13:00:05 +0800] "POST /xingrg/kc/buy/cgsh_order_operate.html HTTP/1.1" 200 37
222.70.182.87 - - [28/Mar/2023:13:00:08 +0800] "GET /xingrg/all/function/internal_message.html?_=1679979607795&CODE_STATE=getMsg HTTP/1.1" 200 27
120.253.135.82 - - [28/Mar/2023:13:00:12 +0800] "POST /xingrg/kc/buy/cgsh_order_operate.html HTTP/1.1" 200 12
120.253.135.82 - - [28/Mar/2023:13:00:14 +0800] "GET /xingrg/kc/buy/cgsh_order_info.html?code=212023032810487 HTTP/1.1" 200 63935
120.253.135.82 - - [28/Mar/2023:13:00:15 +0800] "GET /xingrg/javascript/easyui/themes/default/validatebox.css HTTP/1.1" 404 1104
124.79.72.155 - - [28/Mar/2023:13:00:15 +0800] "GET /xingrg/all/function/internal_message.html?_=1679979620209&CODE_STATE=getMsg HTTP/1.1" 200 27
120.253.135.82 - - [28/Mar/2023:13:00:15 +0800] "POST /xingrg/kc/buy/cgsh_order_operate.html HTTP/1.1" 200 1844
222.70.168.128 - - [28/Mar/2023:13:00:21 +0800] "GET /xingrg/check_reg.html?_=1679979627908 HTTP/1.1" 200 22
120.253.135.82 - - [28/Mar/2023:13:00:22 +0800] "POST /xingrg/kc/buy/cgsh_list_operate.html HTTP/1.1" 200 2269
180.157.253.110 - - [28/Mar/2023:13:00:23 +0800] "GET /xingrg/all/function/internal_message.html?_=1679979624077&CODE_STATE=getMsg HTTP/1.1" 200 27
180.157.253.110 - - [28/Mar/2023:13:00:23 +0800] "GET /xingrg/check_reg.html?_=1679979624082 HTTP/1.1" 200 22
180.169.147.146 - - [28/Mar/2023:13:00:31 +0800] "POST /xingrg/kc/buy/cgsh_order_operate.html HTTP/1.1" 200 37
120.253.135.82 - - [28/Mar/2023:13:00:32 +0800] "POST /xingrg/kc/buy/cgsh_list_operate.html HTTP/1.1" 200 283
120.253.135.82 - - [28/Mar/2023:13:00:32 +0800] "GET /xingrg/kc/buy/cgsh_order_operate.html?command=get_materiel&rest_code=00101&code=00101029092&supplier_code=00100100&order_time=2023-03-28 HTTP/1.1" 200 434
180.162.110.158 - - [28/Mar/2023:13:00:32 +0800] "GET /xingrg/all/function/internal_message.html?_=1679978526584&CODE_STATE=getMsg HTTP/1.1" 200 27
180.169.147.146 - - [28/Mar/2023:13:00:33 +0800] "POST /xingrg/kc/buy/cgsh_order_operate.html HTTP/1.1" 200 5622
180.169.147.146 - - [28/Mar/2023:13:00:36 +0800] "GET /xingrg/kc/print/load_data.html?order_code=212023032810488&kc_code=cgsh&condition= HTTP/1.1" 200 1786
180.169.147.146 - - [28/Mar/2023:13:00:37 +0800] "GET /xingrg/all/function/internal_message.html?_=1679979636975&CODE_STATE=getMsg HTTP/1.1" 200 27
180.169.147.146 - - [28/Mar/2023:13:00:38 +0800] "GET /xingrg/all/function/internal_message.html?_=1679979637160&CODE_STATE=getMsg HTTP/1.1" 200 27
180.169.147.146 - - [28/Mar/2023:13:00:39 +0800] "GET /xingrg/check_reg.html?_=1679979638580 HTTP/1.1" 200 22
120.253.135.82 - - [28/Mar/2023:13:00:40 +0800] "GET /xingrg/kc/buy/cgsh_order_info.html?code=212023032810485 HTTP/1.1" 200 69033
120.253.135.82 - - [28/Mar/2023:13:00:41 +0800] "GET /xingrg/javascript/easyui/themes/default/validatebox.css HTTP/1.1" 404 1104
120.253.135.82 - - [28/Mar/2023:13:00:42 +0800] "POST /xingrg/kc/buy/cgsh_order_operate.html HTTP/1.1" 200 3271
116.224.106.218 - - [28/Mar/2023:13:00:43 +0800] "GET /xingrg/all/function/internal_message.html?_=1679979643624&CODE_STATE=getMsg HTTP/1.1" 200 27
120.253.135.82 - - [28/Mar/2023:13:00:44 +0800] "GET /xingrg/all/function/internal_message.html?_=1679979476702&CODE_STATE=getMsg HTTP/1.1" 200 27
120.253.135.82 - - [28/Mar/2023:13:00:44 +0800] "GET /xingrg/all/function/internal_message.html?_=1679979776283&CODE_STATE=getMsg HTTP/1.1" 200 27
172.20.0.100 - - [28/Mar/2023:13:00:47 +0800] "GET /xingrg/all/function/internal_message.html?_=1679979651548&CODE_STATE=getMsg HTTP/1.1" 200 27
114.83.216.127 - - [28/Mar/2023:13:00:47 +0800] "GET /xingrg/all/function/internal_message.html?_=1679979645939&CODE_STATE=getMsg HTTP/1.1" 200 27
180.169.147.146 - - [28/Mar/2023:13:00:50 +0800] "GET /xingrg/check_reg.html?_=1679979650271 HTTP/1.1" 200 22
180.169.147.146 - - [28/Mar/2023:13:00:50 +0800] "GET /xingrg/all/function/internal_message.html?_=1679979650274&CODE_STATE=getMsg HTTP/1.1" 200 27
101.229.22.234 - - [28/Mar/2023:13:00:51 +0800] "GET /xingrg/all/function/internal_message.html?_=1679979650004&CODE_STATE=getMsg HTTP/1.1" 200 27
120.253.135.82 - - [28/Mar/2023:13:00:52 +0800] "GET /xingrg/kc/print/load_data.html?order_code=212023032810485&kc_code=cgsh&condition= HTTP/1.1" 200 965
120.253.135.82 - - [28/Mar/2023:13:00:53 +0800] "GET /xingrg/kc/buy/cgsh_order_operate.html?command=get_materiel&rest_code=00101&code=00101013158&supplier_code=00100100&order_time=2023-03-28 HTTP/1.1" 200 409
180.169.147.146 - - [28/Mar/2023:13:00:54 +0800] "GET /xingrg/check_reg.html?_=1679979653534 HTTP/1.1" 302 -
180.169.147.146 - - [28/Mar/2023:13:00:54 +0800] "GET /xingrg/all/function/internal_message.html?_=1679979653540&CODE_STATE=getMsg HTTP/1.1" 302 -
222.70.168.128 - - [28/Mar/2023:13:00:55 +0800] "GET /xingrg/all/function/internal_message.html?_=1679979661662&CODE_STATE=getMsg HTTP/1.1" 200 27
116.224.158.100 - - [28/Mar/2023:13:00:59 +0800] "GET /xingrg/all/function/internal_message.html?_=1679979659483&CODE_STATE=getMsg HTTP/1.1" 200 27
116.238.139.35 - - [28/Mar/2023:13:01:00 +0800] "GET /xingrg/all/function/internal_message.html?_=1679979662109&CODE_STATE=getMsg HTTP/1.1" 200 27
180.164.3.199 - - [28/Mar/2023:13:01:01 +0800] "GET /xingrg/all/function/internal_message.html?_=1679979661022&CODE_STATE=getMsg HTTP/1.1" 200 27
120.253.135.82 - - [28/Mar/2023:13:01:03 +0800] "POST /xingrg/kc/buy/cgsh_order_operate.html HTTP/1.1" 200 37
222.70.182.87 - - [28/Mar/2023:13:01:08 +0800] "GET /xingrg/all/function/internal_message.html?_=1679979667767&CODE_STATE=getMsg HTTP/1.1" 200 27
120.253.135.82 - - [28/Mar/2023:13:01:08 +0800] "GET /xingrg/kc/buy/cgsh_order_operate.html?command=get_materiel&rest_code=00101&code=00101019361&supplier_code=00100100&order_time=2023-03-28 HTTP/1.1" 200 454
124.79.72.155 - - [28/Mar/2023:13:01:15 +0800] "GET /xingrg/check_reg.html?_=1679979680201 HTTP/1.1" 200 22
124.79.72.155 - - [28/Mar/2023:13:01:15 +0800] "GET /xingrg/all/function/internal_message.html?_=1679979680214&CODE_STATE=getMsg HTTP/1.1" 200 27
120.253.135.82 - - [28/Mar/2023:13:01:18 +0800] "POST /xingrg/kc/buy/cgsh_order_operate.html HTTP/1.1" 200 12
120.253.135.82 - - [28/Mar/2023:13:01:20 +0800] "GET /xingrg/kc/buy/cgsh_order_info.html?code=212023032810485 HTTP/1.1" 200 63927
120.253.135.82 - - [28/Mar/2023:13:01:21 +0800] "GET /xingrg/kc/buy/cgsh_order_operate.html?command=get_materiel&rest_code=00101&code=00101019362&supplier_code=00100100&order_time=2023-03-28 HTTP/1.1" 200 454
120.253.135.82 - - [28/Mar/2023:13:01:21 +0800] "GET /xingrg/javascript/easyui/themes/default/validatebox.css HTTP/1.1" 404 1104
120.253.135.82 - - [28/Mar/2023:13:01:22 +0800] "POST /xingrg/kc/buy/cgsh_order_operate.html HTTP/1.1" 200 1221
172.20.0.100 - - [28/Mar/2023:13:01:22 +0800] "GET /xingrg/check_reg.html?_=1679979687330 HTTP/1.1" 200 22
180.157.253.110 - - [28/Mar/2023:13:01:23 +0800] "GET /xingrg/all/function/internal_message.html?_=1679979684083&CODE_STATE=getMsg HTTP/1.1" 200 27
120.253.135.82 - - [28/Mar/2023:13:01:27 +0800] "POST /xingrg/kc/buy/cgsh_list_operate.html HTTP/1.1" 200 1849
180.162.110.158 - - [28/Mar/2023:13:01:32 +0800] "GET /xingrg/all/function/internal_message.html?_=1679978586583&CODE_STATE=getMsg HTTP/1.1" 200 27
120.253.135.82 - - [28/Mar/2023:13:01:33 +0800] "POST /xingrg/kc/buy/cgsh_order_operate.html HTTP/1.1" 200 37
120.253.135.82 - - [28/Mar/2023:13:01:33 +0800] "POST /xingrg/kc/buy/cgsh_list_operate.html HTTP/1.1" 200 199
120.253.135.82 - - [28/Mar/2023:13:01:35 +0800] "GET /xingrg/kc/buy/cgsh_order_info.html?code=212023032810486 HTTP/1.1" 200 69027
120.253.135.82 - - [28/Mar/2023:13:01:36 +0800] "GET /xingrg/javascript/easyui/themes/default/validatebox.css HTTP/1.1" 404 1104
120.253.135.82 - - [28/Mar/2023:13:01:36 +0800] "POST /xingrg/kc/buy/cgsh_order_operate.html HTTP/1.1" 200 8256
120.253.135.82 - - [28/Mar/2023:13:01:36 +0800] "POST /xingrg/kc/buy/cgsh_order_operate.html HTTP/1.1" 200 2660
180.169.147.146 - - [28/Mar/2023:13:01:37 +0800] "GET /xingrg/all/function/internal_message.html?_=1679979696950&CODE_STATE=getMsg HTTP/1.1" 200 27
180.169.147.146 - - [28/Mar/2023:13:01:38 +0800] "GET /xingrg/all/function/internal_message.html?_=1679979697160&CODE_STATE=getMsg HTTP/1.1" 200 27
120.253.135.82 - - [28/Mar/2023:13:01:40 +0800] "GET /xingrg/kc/print/load_data.html?order_code=212023032810486&kc_code=cgsh&condition= HTTP/1.1" 200 719
116.224.106.218 - - [28/Mar/2023:13:01:43 +0800] "GET /xingrg/all/function/internal_message.html?_=1679979703624&CODE_STATE=getMsg HTTP/1.1" 200 27
120.253.135.82 - - [28/Mar/2023:13:01:44 +0800] "GET /xingrg/all/function/internal_message.html?_=1679979536716&CODE_STATE=getMsg HTTP/1.1" 200 27
