222.70.168.128 - - [27/Mar/2023:10:37:30 +0800] "GET /xingrg/kc/print/load_data.html?order_code=212023032710132&kc_code=cgsh&condition= HTTP/1.1" 200 2733
124.79.240.114 - - [27/Mar/2023:10:37:31 +0800] "GET /xingrg/all/function/internal_message.html?_=1679884911949&CODE_STATE=getMsg HTTP/1.1" 200 27
116.224.106.218 - - [27/Mar/2023:10:37:32 +0800] "GET /xingrg/all/function/internal_message.html?_=1679884652486&CODE_STATE=getMsg HTTP/1.1" 200 27
120.253.135.82 - - [27/Mar/2023:10:37:36 +0800] "POST /xingrg/kc/pszx/mdps_list_operate.html HTTP/1.1" 200 2063
222.70.168.128 - - [27/Mar/2023:10:37:37 +0800] "GET /xingrg/kc/buy/cgsh_order_add.html HTTP/1.1" 200 69961
222.70.168.128 - - [27/Mar/2023:10:37:38 +0800] "POST /xingrg/kc/buy/cgsh_order_operate.html HTTP/1.1" 200 8245
222.70.168.128 - - [27/Mar/2023:10:37:38 +0800] "GET /xingrg/javascript/easyui/themes/default/validatebox.css HTTP/1.1" 404 1104
120.253.135.82 - - [27/Mar/2023:10:37:38 +0800] "POST /xingrg/kc/pszx/mdps_list_operate.html HTTP/1.1" 200 278
120.253.135.82 - - [27/Mar/2023:10:37:39 +0800] "GET /xingrg/kc/pszx/mdps_order_info.html?code=312023032600593 HTTP/1.1" 200 23978
120.253.135.82 - - [27/Mar/2023:10:37:40 +0800] "GET /xingrg/javascript/easyui/themes/default/validatebox.css HTTP/1.1" 404 1104
120.253.135.82 - - [27/Mar/2023:10:37:40 +0800] "POST /xingrg/kc/pszx/mdps_order_operate.html HTTP/1.1" 200 2769
58.221.95.50 - - [27/Mar/2023:10:37:40 +0800] "GET /xingrg/all/function/internal_message.html?_=1679884661311&CODE_STATE=getMsg HTTP/1.1" 200 27
180.164.3.199 - - [27/Mar/2023:10:37:43 +0800] "GET /xingrg/kc/base/wldb_order_list.html HTTP/1.1" 200 19108
120.253.135.82 - - [27/Mar/2023:10:37:44 +0800] "POST /xingrg/kc/pszx/mdps_order_operate.html HTTP/1.1" 200 37
180.164.3.199 - - [27/Mar/2023:10:37:44 +0800] "POST /xingrg/kc/base/wldb_list_operate.html HTTP/1.1" 200 928
120.253.135.82 - - [27/Mar/2023:10:37:45 +0800] "GET /xingrg/all/function/internal_message.html?_=1679884797642&CODE_STATE=getMsg HTTP/1.1" 302 -
120.253.135.82 - - [27/Mar/2023:10:37:45 +0800] "GET /xingrg/check_reg.html?_=1679884797643 HTTP/1.1" 302 -
120.253.135.82 - - [27/Mar/2023:10:37:45 +0800] "GET /xingrg/login.html HTTP/1.1" 200 7641
120.253.135.82 - - [27/Mar/2023:10:37:46 +0800] "GET /xingrg/login.html HTTP/1.1" 200 7641
120.253.135.82 - - [27/Mar/2023:10:37:47 +0800] "POST /xingrg/kc/pszx/mdps_order_operate.html HTTP/1.1" 200 12
222.67.232.202 - - [27/Mar/2023:10:37:49 +0800] "GET /xingrg/all/function/internal_message.html?_=1679884669795&CODE_STATE=getMsg HTTP/1.1" 200 27
180.164.3.199 - - [27/Mar/2023:10:37:50 +0800] "GET /xingrg/kc/buy/cgsh_order_list.html HTTP/1.1" 200 54189
180.164.3.199 - - [27/Mar/2023:10:37:52 +0800] "POST /xingrg/kc/buy/cgsh_list_operate.html HTTP/1.1" 200 986
120.253.135.82 - - [27/Mar/2023:10:37:53 +0800] "GET /xingrg/kc/pszx/mdps_order_info.html?code=312023032600593 HTTP/1.1" 200 19638
120.253.135.82 - - [27/Mar/2023:10:37:53 +0800] "GET /xingrg/javascript/easyui/themes/default/validatebox.css HTTP/1.1" 404 1104
120.253.135.82 - - [27/Mar/2023:10:37:53 +0800] "POST /xingrg/kc/pszx/mdps_order_operate.html HTTP/1.1" 200 984
222.70.182.87 - - [27/Mar/2023:10:37:54 +0800] "GET /xingrg/all/function/internal_message.html?_=1679884674634&CODE_STATE=getMsg HTTP/1.1" 200 27
222.70.182.87 - - [27/Mar/2023:10:37:54 +0800] "GET /xingrg/check_reg.html?_=1679884674637 HTTP/1.1" 200 22
120.253.135.82 - - [27/Mar/2023:10:37:54 +0800] "POST /xingrg/kc/pszx/mdps_list_operate.html HTTP/1.1" 200 1692
120.253.135.82 - - [27/Mar/2023:10:37:54 +0800] "GET /xingrg/all/function/internal_message.html?_=1679884506613&CODE_STATE=getMsg HTTP/1.1" 200 27
120.253.135.82 - - [27/Mar/2023:10:37:55 +0800] "POST /xingrg/kc/pszx/mdps_list_operate.html HTTP/1.1" 200 636
180.169.147.146 - - [27/Mar/2023:10:37:57 +0800] "GET /xingrg/all/function/internal_message.html?_=1679884677091&CODE_STATE=getMsg HTTP/1.1" 200 27
120.253.135.82 - - [27/Mar/2023:10:37:57 +0800] "GET /xingrg/kc/pszx/mdps_order_info.html?code=312023032600587 HTTP/1.1" 200 23978
120.253.135.82 - - [27/Mar/2023:10:37:57 +0800] "GET /xingrg/javascript/easyui/themes/default/validatebox.css HTTP/1.1" 404 1104
120.253.135.82 - - [27/Mar/2023:10:37:57 +0800] "POST /xingrg/kc/pszx/mdps_order_operate.html HTTP/1.1" 200 15108
120.253.135.82 - - [27/Mar/2023:10:38:00 +0800] "GET /xingrg/all/function/internal_message.html?_=1679884680626&CODE_STATE=getMsg HTTP/1.1" 200 27
120.253.135.82 - - [27/Mar/2023:10:38:03 +0800] "POST /xingrg/kc/pszx/mdps_order_operate.html HTTP/1.1" 200 37
222.70.182.87 - - [27/Mar/2023:10:38:05 +0800] "GET /xingrg/all/function/internal_message.html?_=1679884743148&CODE_STATE=getMsg HTTP/1.1" 200 27
222.70.182.87 - - [27/Mar/2023:10:38:05 +0800] "GET /xingrg/check_reg.html?_=1679884743150 HTTP/1.1" 200 22
120.253.135.82 - - [27/Mar/2023:10:38:08 +0800] "POST /xingrg/kc/pszx/mdps_order_operate.html HTTP/1.1" 200 12
180.164.3.199 - - [27/Mar/2023:10:38:09 +0800] "GET /xingrg/all/function/internal_message.html?_=1679884689956&CODE_STATE=getMsg HTTP/1.1" 200 27
116.238.139.35 - - [27/Mar/2023:10:38:14 +0800] "GET /xingrg/all/function/internal_message.html?_=1679884695711&CODE_STATE=getMsg HTTP/1.1" 200 27
116.238.139.35 - - [27/Mar/2023:10:38:14 +0800] "GET /xingrg/check_reg.html?_=1679884695713 HTTP/1.1" 200 22
222.70.221.209 - - [27/Mar/2023:10:38:14 +0800] "GET /xingrg/all/function/internal_message.html?_=1679884792656&CODE_STATE=getMsg HTTP/1.1" 200 27
180.163.29.79 - - [27/Mar/2023:10:38:15 +0800] "GET /xingrg/check_reg.html?_=1679884637560 HTTP/1.1" 302 -
180.163.29.79 - - [27/Mar/2023:10:38:15 +0800] "GET /xingrg/login.html HTTP/1.1" 200 7641
180.163.28.109 - - [27/Mar/2023:10:38:15 +0800] "GET /xingrg/all/function/internal_message.html?_=1679884637552&CODE_STATE=getMsg HTTP/1.1" 302 -
180.163.28.109 - - [27/Mar/2023:10:38:15 +0800] "GET /xingrg/login.html HTTP/1.1" 200 7641
124.78.155.10 - - [27/Mar/2023:10:38:15 +0800] "GET /xingrg/all/function/internal_message.html?_=1679884697563&CODE_STATE=getMsg HTTP/1.1" 200 27
116.192.124.172 - - [27/Mar/2023:10:38:16 +0800] "GET /xingrg/all/function/internal_message.html?_=1679884697132&CODE_STATE=getMsg HTTP/1.1" 200 27
116.192.124.172 - - [27/Mar/2023:10:38:17 +0800] "GET /xingrg/check_reg.html?_=1679884697594 HTTP/1.1" 200 22
222.67.232.202 - - [27/Mar/2023:10:38:17 +0800] "GET /xingrg/all/function/internal_message.html?_=1679884242315&CODE_STATE=getMsg HTTP/1.1" 200 27
116.224.158.100 - - [27/Mar/2023:10:38:23 +0800] "GET /xingrg/all/function/internal_message.html?_=1679884705326&CODE_STATE=getMsg HTTP/1.1" 200 27
180.169.147.146 - - [27/Mar/2023:10:38:24 +0800] "GET /xingrg/all/function/internal_message.html?_=1679884704063&CODE_STATE=getMsg HTTP/1.1" 200 27
101.229.22.234 - - [27/Mar/2023:10:38:25 +0800] "GET /xingrg/all/function/internal_message.html?_=1679884705006&CODE_STATE=getMsg HTTP/1.1" 200 27
222.70.168.128 - - [27/Mar/2023:10:38:27 +0800] "GET /xingrg/all/function/internal_message.html?_=1679884709508&CODE_STATE=getMsg HTTP/1.1" 200 27
124.79.240.114 - - [27/Mar/2023:10:38:31 +0800] "GET /favicon.ico HTTP/1.1" 404 -
124.79.240.114 - - [27/Mar/2023:10:38:31 +0800] "GET /xingrg/all/function/internal_message.html?_=1679884971936&CODE_STATE=getMsg HTTP/1.1" 200 27
116.224.106.218 - - [27/Mar/2023:10:38:32 +0800] "GET /xingrg/all/function/internal_message.html?_=1679884712470&CODE_STATE=getMsg HTTP/1.1" 200 27
222.70.182.87 - - [27/Mar/2023:10:38:33 +0800] "GET /xingrg/kc/base/wldb_order_list.html HTTP/1.1" 200 19098
222.70.182.87 - - [27/Mar/2023:10:38:34 +0800] "POST /xingrg/kc/base/wldb_list_operate.html HTTP/1.1" 200 928
222.70.182.87 - - [27/Mar/2023:10:38:35 +0800] "GET /xingrg/kc/base/wldb_order_add.html HTTP/1.1" 200 30381
222.70.182.87 - - [27/Mar/2023:10:38:35 +0800] "GET /xingrg/words/20230326163725_words.js HTTP/1.1" 304 -
222.70.182.87 - - [27/Mar/2023:10:38:36 +0800] "POST /xingrg/kc/base/wldb_order_operate.html HTTP/1.1" 200 6806
222.70.182.87 - - [27/Mar/2023:10:38:36 +0800] "GET /xingrg/all/common/auto_word.html?type=base&rest_code=00111 HTTP/1.1" 200 1753
222.70.182.87 - - [27/Mar/2023:10:38:36 +0800] "GET /xingrg/all/common/auto_word.html?type=base&rest_code=00111 HTTP/1.1" 200 1753
222.70.182.87 - - [27/Mar/2023:10:38:36 +0800] "GET /xingrg/javascript/easyui/themes/default/validatebox.css HTTP/1.1" 404 1104
222.70.168.128 - - [27/Mar/2023:10:38:38 +0800] "GET /xingrg/kc/buy/cgsh_order_operate.html?command=get_materiel&rest_code=00146&code=00101001160&supplier_code=00100041&order_time=2023-03-27 HTTP/1.1" 200 410
120.253.135.82 - - [27/Mar/2023:10:38:40 +0800] "GET /xingrg/kc/pszx/mdps_order_info.html?code=312023032600587 HTTP/1.1" 200 19638
120.253.135.82 - - [27/Mar/2023:10:38:40 +0800] "GET /xingrg/javascript/easyui/themes/default/validatebox.css HTTP/1.1" 404 1104
120.253.135.82 - - [27/Mar/2023:10:38:40 +0800] "POST /xingrg/kc/pszx/mdps_order_operate.html HTTP/1.1" 200 13228
58.221.95.50 - - [27/Mar/2023:10:38:40 +0800] "GET /xingrg/all/function/internal_message.html?_=1679884721298&CODE_STATE=getMsg HTTP/1.1" 200 27
222.67.232.202 - - [27/Mar/2023:10:38:42 +0800] "GET /xingrg/kc/buy/cgsh_order_add.html HTTP/1.1" 200 69961
222.67.232.202 - - [27/Mar/2023:10:38:42 +0800] "POST /xingrg/kc/buy/cgsh_order_operate.html HTTP/1.1" 200 8245
222.67.232.202 - - [27/Mar/2023:10:38:42 +0800] "GET /xingrg/javascript/easyui/themes/default/validatebox.css HTTP/1.1" 404 1104
120.253.135.82 - - [27/Mar/2023:10:38:44 +0800] "POST /xingrg/kc/pszx/mdps_list_operate.html HTTP/1.1" 200 868
120.253.135.82 - - [27/Mar/2023:10:38:45 +0800] "GET /xingrg/all/function/internal_message.html?_=1679884857652&CODE_STATE=getMsg HTTP/1.1" 302 -
120.253.135.82 - - [27/Mar/2023:10:38:45 +0800] "GET /xingrg/login.html HTTP/1.1" 200 7641
222.67.232.202 - - [27/Mar/2023:10:38:49 +0800] "GET /xingrg/check_reg.html?_=1679884729746 HTTP/1.1" 200 22
222.67.232.202 - - [27/Mar/2023:10:38:49 +0800] "GET /xingrg/all/function/internal_message.html?_=1679884729764&CODE_STATE=getMsg HTTP/1.1" 200 27
120.253.135.82 - - [27/Mar/2023:10:38:49 +0800] "GET /xingrg/check_reg.html?_=1679884561298 HTTP/1.1" 200 22
222.70.182.87 - - [27/Mar/2023:10:38:54 +0800] "GET /xingrg/all/function/internal_message.html?_=1679884734653&CODE_STATE=getMsg HTTP/1.1" 200 27
120.253.135.82 - - [27/Mar/2023:10:38:54 +0800] "GET /xingrg/all/function/internal_message.html?_=1679884566640&CODE_STATE=getMsg HTTP/1.1" 200 27
180.169.147.146 - - [27/Mar/2023:10:38:57 +0800] "GET /xingrg/all/function/internal_message.html?_=1679884737093&CODE_STATE=getMsg HTTP/1.1" 200 27
120.253.135.82 - - [27/Mar/2023:10:38:57 +0800] "POST /xingrg/kc/pszx/mdps_list_operate.html HTTP/1.1" 200 3495
120.253.135.82 - - [27/Mar/2023:10:39:00 +0800] "GET /xingrg/all/function/internal_message.html?_=1679884740629&CODE_STATE=getMsg HTTP/1.1" 200 27
120.253.135.82 - - [27/Mar/2023:10:39:03 +0800] "POST /xingrg/kc/pszx/mdps_list_operate.html HTTP/1.1" 200 208
120.253.135.82 - - [27/Mar/2023:10:39:04 +0800] "GET /xingrg/kc/pszx/mdps_order_info.html?code=312023032600570 HTTP/1.1" 200 23972
120.253.135.82 - - [27/Mar/2023:10:39:05 +0800] "GET /xingrg/javascript/easyui/themes/default/validatebox.css HTTP/1.1" 404 1104
120.253.135.82 - - [27/Mar/2023:10:39:05 +0800] "POST /xingrg/kc/pszx/mdps_order_operate.html HTTP/1.1" 200 2292
222.70.182.87 - - [27/Mar/2023:10:39:05 +0800] "GET /xingrg/all/function/internal_message.html?_=1679884803160&CODE_STATE=getMsg HTTP/1.1" 200 27
120.253.135.82 - - [27/Mar/2023:10:39:08 +0800] "POST /xingrg/kc/pszx/mdps_order_operate.html HTTP/1.1" 200 37
222.70.168.128 - - [27/Mar/2023:10:39:09 +0800] "GET /xingrg/kc/buy/cgsh_order_operate.html?command=get_materiel&rest_code=00146&code=00101005037&supplier_code=00100041&order_time=2023-03-27 HTTP/1.1" 200 409
180.164.3.199 - - [27/Mar/2023:10:39:09 +0800] "GET /xingrg/check_reg.html?_=1679884749948 HTTP/1.1" 200 22
180.164.3.199 - - [27/Mar/2023:10:39:09 +0800] "GET /xingrg/all/function/internal_message.html?_=1679884749951&CODE_STATE=getMsg HTTP/1.1" 200 27
120.253.135.82 - - [27/Mar/2023:10:39:12 +0800] "POST /xingrg/kc/pszx/mdps_order_operate.html HTTP/1.1" 200 12
222.67.232.202 - - [27/Mar/2023:10:39:13 +0800] "GET /xingrg/kc/buy/cgsh_order_operate.html?command=get_materiel&rest_code=00141&code=00101008323&supplier_code=00100007&order_time=2023-03-27 HTTP/1.1" 200 408
116.238.139.35 - - [27/Mar/2023:10:39:14 +0800] "GET /xingrg/all/function/internal_message.html?_=1679884755715&CODE_STATE=getMsg HTTP/1.1" 200 27
222.70.221.209 - - [27/Mar/2023:10:39:14 +0800] "GET /xingrg/check_reg.html?_=1679884852651 HTTP/1.1" 200 22
222.70.221.209 - - [27/Mar/2023:10:39:14 +0800] "GET /xingrg/all/function/internal_message.html?_=1679884852654&CODE_STATE=getMsg HTTP/1.1" 200 27
180.163.29.217 - - [27/Mar/2023:10:39:15 +0800] "GET /xingrg/all/function/internal_message.html?_=1679884697563&CODE_STATE=getMsg HTTP/1.1" 302 -
180.163.29.217 - - [27/Mar/2023:10:39:15 +0800] "GET /xingrg/login.html HTTP/1.1" 200 7641
124.78.155.10 - - [27/Mar/2023:10:39:15 +0800] "GET /xingrg/all/function/internal_message.html?_=1679884757553&CODE_STATE=getMsg HTTP/1.1" 200 27
116.192.124.172 - - [27/Mar/2023:10:39:16 +0800] "GET /xingrg/all/function/internal_message.html?_=1679884757115&CODE_STATE=getMsg HTTP/1.1" 200 27
58.221.95.50 - - [27/Mar/2023:10:39:17 +0800] "GET /xingrg/check_reg.html?_=1679884757973 HTTP/1.1" 200 22
222.67.232.202 - - [27/Mar/2023:10:39:17 +0800] "GET /xingrg/all/function/internal_message.html?_=1679884302336&CODE_STATE=getMsg HTTP/1.1" 200 27
120.253.135.82 - - [27/Mar/2023:10:39:18 +0800] "GET /xingrg/kc/pszx/mdps_order_info.html?code=312023032600570 HTTP/1.1" 200 19632
120.253.135.82 - - [27/Mar/2023:10:39:18 +0800] "GET /xingrg/javascript/easyui/themes/default/validatebox.css HTTP/1.1" 404 1104
120.253.135.82 - - [27/Mar/2023:10:39:18 +0800] "POST /xingrg/kc/pszx/mdps_order_operate.html HTTP/1.1" 200 513
222.70.182.87 - - [27/Mar/2023:10:39:19 +0800] "GET /xingrg/kc/base/wldb_order_operate.html?command=get_materiel&rest_code=00111&base_code=0010306&code=00102002254 HTTP/1.1" 200 448
120.253.135.82 - - [27/Mar/2023:10:39:19 +0800] "POST /xingrg/kc/pszx/mdps_list_operate.html HTTP/1.1" 200 3133
222.70.168.128 - - [27/Mar/2023:10:39:20 +0800] "GET /xingrg/kc/buy/cgsh_order_operate.html?command=get_materiel&rest_code=00146&code=00101018019&supplier_code=00100041&order_time=2023-03-27 HTTP/1.1" 200 421
222.67.232.202 - - [27/Mar/2023:10:39:22 +0800] "GET /xingrg/kc/buy/cgsh_order_operate.html?command=get_materiel&rest_code=00141&code=00101008027&supplier_code=00100007&order_time=2023-03-27 HTTP/1.1" 200 408
116.224.158.100 - - [27/Mar/2023:10:39:23 +0800] "GET /xingrg/all/function/internal_message.html?_=1679884765306&CODE_STATE=getMsg HTTP/1.1" 200 27
120.253.135.82 - - [27/Mar/2023:10:39:23 +0800] "POST /xingrg/kc/pszx/mdps_list_operate.html HTTP/1.1" 200 286
116.224.158.100 - - [27/Mar/2023:10:39:24 +0800] "GET /xingrg/check_reg.html?_=1679884765809 HTTP/1.1" 200 22
180.169.147.146 - - [27/Mar/2023:10:39:24 +0800] "GET /xingrg/all/function/internal_message.html?_=1679884764043&CODE_STATE=getMsg HTTP/1.1" 200 27
120.253.135.82 - - [27/Mar/2023:10:39:24 +0800] "GET /xingrg/kc/pszx/mdps_order_info.html?code=312023032600569 HTTP/1.1" 200 23972
120.253.135.82 - - [27/Mar/2023:10:39:25 +0800] "GET /xingrg/javascript/easyui/themes/default/validatebox.css HTTP/1.1" 404 1104
120.253.135.82 - - [27/Mar/2023:10:39:25 +0800] "POST /xingrg/kc/pszx/mdps_order_operate.html HTTP/1.1" 200 2772
101.229.22.234 - - [27/Mar/2023:10:39:25 +0800] "GET /xingrg/all/function/internal_message.html?_=1679884765014&CODE_STATE=getMsg HTTP/1.1" 200 27
101.229.22.234 - - [27/Mar/2023:10:39:25 +0800] "GET /xingrg/check_reg.html?_=1679884765017 HTTP/1.1" 200 22
222.70.182.87 - - [27/Mar/2023:10:39:26 +0800] "GET /xingrg/kc/base/wldb_order_operate.html?command=get_materiel&rest_code=00111&base_code=0010306&code=00102002439 HTTP/1.1" 200 472
222.70.168.128 - - [27/Mar/2023:10:39:27 +0800] "GET /xingrg/all/function/internal_message.html?_=1679884769514&CODE_STATE=getMsg HTTP/1.1" 200 27
120.253.135.82 - - [27/Mar/2023:10:39:29 +0800] "POST /xingrg/kc/pszx/mdps_order_operate.html HTTP/1.1" 200 37
222.67.232.202 - - [27/Mar/2023:10:39:30 +0800] "GET /xingrg/kc/buy/cgsh_order_operate.html?command=get_materiel&rest_code=00141&code=00101008354&supplier_code=00100007&order_time=2023-03-27 HTTP/1.1" 200 412
124.79.240.114 - - [27/Mar/2023:10:39:31 +0800] "GET /xingrg/all/function/internal_message.html?_=1679885031937&CODE_STATE=getMsg HTTP/1.1" 200 27
124.79.240.114 - - [27/Mar/2023:10:39:31 +0800] "GET /xingrg/check_reg.html?_=1679885031938 HTTP/1.1" 200 22
116.224.106.218 - - [27/Mar/2023:10:39:32 +0800] "GET /xingrg/all/function/internal_message.html?_=1679884772459&CODE_STATE=getMsg HTTP/1.1" 200 27
120.253.135.82 - - [27/Mar/2023:10:39:32 +0800] "POST /xingrg/kc/pszx/mdps_order_operate.html HTTP/1.1" 200 12
222.70.168.128 - - [27/Mar/2023:10:39:34 +0800] "GET /xingrg/kc/buy/cgsh_order_operate.html?command=get_materiel&rest_code=00146&code=00101006067&supplier_code=00100041&order_time=2023-03-27 HTTP/1.1" 200 409
222.70.182.87 - - [27/Mar/2023:10:39:35 +0800] "GET /xingrg/kc/base/wldb_order_operate.html?command=get_materiel&rest_code=00111&base_code=0010306&code=00102002150 HTTP/1.1" 200 447
222.67.232.202 - - [27/Mar/2023:10:39:39 +0800] "GET /xingrg/kc/buy/cgsh_order_operate.html?command=get_materiel&rest_code=00141&code=00101008370&supplier_code=00100007&order_time=2023-03-27 HTTP/1.1" 200 412
58.221.95.50 - - [27/Mar/2023:10:39:40 +0800] "GET /xingrg/all/function/internal_message.html?_=1679884781275&CODE_STATE=getMsg HTTP/1.1" 200 27
222.70.182.87 - - [27/Mar/2023:10:39:41 +0800] "GET /xingrg/kc/base/wldb_order_operate.html?command=get_materiel&rest_code=00111&base_code=0010306&code=00102002453 HTTP/1.1" 200 435
120.253.135.82 - - [27/Mar/2023:10:39:44 +0800] "GET /xingrg/kc/pszx/mdps_order_info.html?code=312023032600569 HTTP/1.1" 200 19632
120.253.135.82 - - [27/Mar/2023:10:39:45 +0800] "GET /xingrg/javascript/easyui/themes/default/validatebox.css HTTP/1.1" 404 1104
120.253.135.82 - - [27/Mar/2023:10:39:45 +0800] "POST /xingrg/kc/pszx/mdps_order_operate.html HTTP/1.1" 200 990
120.253.135.82 - - [27/Mar/2023:10:39:45 +0800] "GET /xingrg/all/function/internal_message.html?_=1679884917658&CODE_STATE=getMsg HTTP/1.1" 302 -
120.253.135.82 - - [27/Mar/2023:10:39:46 +0800] "GET /xingrg/login.html HTTP/1.1" 200 7641
222.67.232.202 - - [27/Mar/2023:10:39:46 +0800] "GET /xingrg/kc/buy/cgsh_order_operate.html?command=get_materiel&rest_code=00141&code=00102018087&supplier_code=00100007&order_time=2023-03-27 HTTP/1.1" 200 412
120.253.135.82 - - [27/Mar/2023:10:39:46 +0800] "POST /xingrg/kc/pszx/mdps_list_operate.html HTTP/1.1" 200 2771
120.253.135.82 - - [27/Mar/2023:10:39:48 +0800] "POST /xingrg/kc/pszx/mdps_list_operate.html HTTP/1.1" 200 296
222.67.232.202 - - [27/Mar/2023:10:39:49 +0800] "GET /xingrg/all/function/internal_message.html?_=1679884789745&CODE_STATE=getMsg HTTP/1.1" 200 27
120.253.135.82 - - [27/Mar/2023:10:39:49 +0800] "GET /xingrg/kc/pszx/mdps_order_info.html?code=312023032600571 HTTP/1.1" 200 23970
120.253.135.82 - - [27/Mar/2023:10:39:50 +0800] "GET /xingrg/javascript/easyui/themes/default/validatebox.css HTTP/1.1" 404 1104
120.253.135.82 - - [27/Mar/2023:10:39:50 +0800] "POST /xingrg/kc/pszx/mdps_order_operate.html HTTP/1.1" 200 2812
222.70.168.128 - - [27/Mar/2023:10:39:51 +0800] "GET /xingrg/kc/buy/cgsh_order_operate.html?command=get_materiel&rest_code=00146&code=00101018007&supplier_code=00100041&order_time=2023-03-27 HTTP/1.1" 200 409
172.20.0.100 - - [27/Mar/2023:10:39:53 +0800] "GET /xingrg/check_reg.html?_=1679884794860 HTTP/1.1" 302 -
222.67.232.202 - - [27/Mar/2023:10:39:54 +0800] "GET /xingrg/kc/buy/cgsh_order_operate.html?command=get_materiel&rest_code=00141&code=00101008242&supplier_code=00100007&order_time=2023-03-27 HTTP/1.1" 200 408
222.70.182.87 - - [27/Mar/2023:10:39:54 +0800] "GET /xingrg/kc/base/wldb_order_operate.html?command=get_materiel&rest_code=00111&base_code=0010306&code=00102002586 HTTP/1.1" 200 438
222.70.182.87 - - [27/Mar/2023:10:39:54 +0800] "GET /xingrg/all/function/internal_message.html?_=1679884794659&CODE_STATE=getMsg HTTP/1.1" 200 27
120.253.135.82 - - [27/Mar/2023:10:39:54 +0800] "GET /xingrg/all/function/internal_message.html?_=1679884626646&CODE_STATE=getMsg HTTP/1.1" 200 27
180.169.147.146 - - [27/Mar/2023:10:39:57 +0800] "GET /xingrg/all/function/internal_message.html?_=1679884797091&CODE_STATE=getMsg HTTP/1.1" 200 27
120.253.135.82 - - [27/Mar/2023:10:40:00 +0800] "GET /xingrg/check_reg.html?_=1679884800620 HTTP/1.1" 200 22
120.253.135.82 - - [27/Mar/2023:10:40:00 +0800] "GET /xingrg/all/function/internal_message.html?_=1679884800622&CODE_STATE=getMsg HTTP/1.1" 200 27
120.253.135.82 - - [27/Mar/2023:10:40:01 +0800] "POST /xingrg/kc/pszx/mdps_order_operate.html HTTP/1.1" 200 37
222.67.232.202 - - [27/Mar/2023:10:40:01 +0800] "GET /xingrg/kc/buy/cgsh_order_operate.html?command=get_materiel&rest_code=00141&code=00101008286&supplier_code=00100007&order_time=2023-03-27 HTTP/1.1" 200 408
222.70.182.87 - - [27/Mar/2023:10:40:05 +0800] "GET /xingrg/all/function/internal_message.html?_=1679884863161&CODE_STATE=getMsg HTTP/1.1" 200 27
120.253.135.82 - - [27/Mar/2023:10:40:05 +0800] "POST /xingrg/kc/pszx/mdps_order_operate.html HTTP/1.1" 200 12
222.70.182.87 - - [27/Mar/2023:10:40:05 +0800] "GET /xingrg/kc/base/wldb_order_operate.html?command=get_materiel&rest_code=00111&base_code=0010306&code=00102002558 HTTP/1.1" 200 447
222.67.232.202 - - [27/Mar/2023:10:40:08 +0800] "GET /xingrg/kc/buy/cgsh_order_operate.html?command=get_materiel&rest_code=00141&code=00101008353&supplier_code=00100007&order_time=2023-03-27 HTTP/1.1" 200 408
120.253.135.82 - - [27/Mar/2023:10:40:09 +0800] "GET /xingrg/kc/pszx/mdps_order_info.html?code=312023032600571 HTTP/1.1" 200 19630
120.253.135.82 - - [27/Mar/2023:10:40:09 +0800] "GET /xingrg/javascript/easyui/themes/default/validatebox.css HTTP/1.1" 404 1104
180.164.3.199 - - [27/Mar/2023:10:40:09 +0800] "GET /xingrg/all/function/internal_message.html?_=1679884809961&CODE_STATE=getMsg HTTP/1.1" 200 27
120.253.135.82 - - [27/Mar/2023:10:40:10 +0800] "POST /xingrg/kc/pszx/mdps_order_operate.html HTTP/1.1" 200 1029
120.253.135.82 - - [27/Mar/2023:10:40:11 +0800] "POST /xingrg/kc/pszx/mdps_list_operate.html HTTP/1.1" 200 2411
222.70.168.128 - - [27/Mar/2023:10:40:11 +0800] "GET /xingrg/kc/buy/cgsh_order_operate.html?command=get_materiel&rest_code=00146&code=00101001075&supplier_code=00100041&order_time=2023-03-27 HTTP/1.1" 200 409
120.253.135.82 - - [27/Mar/2023:10:40:13 +0800] "POST /xingrg/kc/pszx/mdps_list_operate.html HTTP/1.1" 200 623
116.238.139.35 - - [27/Mar/2023:10:40:14 +0800] "GET /xingrg/all/function/internal_message.html?_=1679884815716&CODE_STATE=getMsg HTTP/1.1" 200 27
120.253.135.82 - - [27/Mar/2023:10:40:14 +0800] "GET /xingrg/kc/pszx/mdps_order_info.html?code=312023032600568 HTTP/1.1" 200 23972
222.70.221.209 - - [27/Mar/2023:10:40:14 +0800] "GET /xingrg/all/function/internal_message.html?_=1679884912656&CODE_STATE=getMsg HTTP/1.1" 200 27
120.253.135.82 - - [27/Mar/2023:10:40:15 +0800] "GET /xingrg/javascript/easyui/themes/default/validatebox.css HTTP/1.1" 404 1104
180.163.29.234 - - [27/Mar/2023:10:40:15 +0800] "GET /xingrg/all/function/internal_message.html?_=1679884757553&CODE_STATE=getMsg HTTP/1.1" 302 -
120.253.135.82 - - [27/Mar/2023:10:40:15 +0800] "POST /xingrg/kc/pszx/mdps_order_operate.html HTTP/1.1" 200 21687
180.163.29.234 - - [27/Mar/2023:10:40:15 +0800] "GET /xingrg/login.html HTTP/1.1" 200 7641
124.78.155.10 - - [27/Mar/2023:10:40:15 +0800] "GET /xingrg/all/function/internal_message.html?_=1679884817559&CODE_STATE=getMsg HTTP/1.1" 200 27
116.192.124.172 - - [27/Mar/2023:10:40:16 +0800] "GET /xingrg/all/function/internal_message.html?_=1679884817089&CODE_STATE=getMsg HTTP/1.1" 200 27
222.67.232.202 - - [27/Mar/2023:10:40:17 +0800] "GET /xingrg/kc/buy/cgsh_order_operate.html?command=get_materiel&rest_code=00141&code=00101008274&supplier_code=00100007&order_time=2023-03-27 HTTP/1.1" 200 412
222.70.182.87 - - [27/Mar/2023:10:40:17 +0800] "GET /xingrg/kc/base/wldb_order_operate.html?command=get_materiel&rest_code=00111&base_code=0010306&code=00102002198 HTTP/1.1" 200 451
222.67.232.202 - - [27/Mar/2023:10:40:17 +0800] "GET /xingrg/all/function/internal_message.html?_=1679884362323&CODE_STATE=getMsg HTTP/1.1" 200 27
222.67.232.202 - - [27/Mar/2023:10:40:17 +0800] "GET /xingrg/check_reg.html?_=1679884362325 HTTP/1.1" 200 22
120.253.135.82 - - [27/Mar/2023:10:40:20 +0800] "POST /xingrg/kc/pszx/mdps_order_operate.html HTTP/1.1" 200 37
116.224.158.100 - - [27/Mar/2023:10:40:23 +0800] "GET /xingrg/all/function/internal_message.html?_=1679884825284&CODE_STATE=getMsg HTTP/1.1" 200 27
180.169.147.146 - - [27/Mar/2023:10:40:24 +0800] "GET /xingrg/all/function/internal_message.html?_=1679884824063&CODE_STATE=getMsg HTTP/1.1" 200 27
101.229.22.234 - - [27/Mar/2023:10:40:25 +0800] "GET /xingrg/all/function/internal_message.html?_=1679884825000&CODE_STATE=getMsg HTTP/1.1" 200 27
120.253.135.82 - - [27/Mar/2023:10:40:26 +0800] "POST /xingrg/kc/pszx/mdps_order_operate.html HTTP/1.1" 200 12
222.70.182.87 - - [27/Mar/2023:10:40:26 +0800] "GET /xingrg/kc/base/wldb_order_operate.html?command=get_materiel&rest_code=00111&base_code=0010306&code=00102002685 HTTP/1.1" 200 459
222.67.232.202 - - [27/Mar/2023:10:40:27 +0800] "GET /xingrg/kc/buy/cgsh_order_operate.html?command=get_materiel&rest_code=00141&code=00101008215&supplier_code=00100007&order_time=2023-03-27 HTTP/1.1" 200 413
222.70.168.128 - - [27/Mar/2023:10:40:27 +0800] "GET /xingrg/all/function/internal_message.html?_=1679884829528&CODE_STATE=getMsg HTTP/1.1" 200 27
222.70.182.87 - - [27/Mar/2023:10:40:28 +0800] "POST /xingrg/all/common/load_select.html HTTP/1.1" 200 25
222.70.182.87 - - [27/Mar/2023:10:40:31 +0800] "GET /xingrg/kc/base/wldb_order_operate.html?command=get_materiel_price&rest_code=00111&base_code=0010306&code=00102002685&unit_code=00100347 HTTP/1.1" 200 34
124.79.240.114 - - [27/Mar/2023:10:40:31 +0800] "GET /xingrg/all/function/internal_message.html?_=1679885091939&CODE_STATE=getMsg HTTP/1.1" 200 27
116.224.106.218 - - [27/Mar/2023:10:40:32 +0800] "GET /xingrg/all/function/internal_message.html?_=1679884832443&CODE_STATE=getMsg HTTP/1.1" 200 27
222.67.232.202 - - [27/Mar/2023:10:40:35 +0800] "GET /xingrg/kc/buy/cgsh_order_operate.html?command=get_materiel&rest_code=00141&code=00101008338&supplier_code=00100007&order_time=2023-03-27 HTTP/1.1" 200 409
120.253.135.82 - - [27/Mar/2023:10:40:36 +0800] "GET /xingrg/kc/pszx/mdps_order_info.html?code=312023032600568 HTTP/1.1" 200 19632
120.253.135.82 - - [27/Mar/2023:10:40:36 +0800] "GET /xingrg/javascript/easyui/themes/default/validatebox.css HTTP/1.1" 404 1104
120.253.135.82 - - [27/Mar/2023:10:40:37 +0800] "POST /xingrg/kc/pszx/mdps_order_operate.html HTTP/1.1" 200 19753
120.253.135.82 - - [27/Mar/2023:10:40:38 +0800] "POST /xingrg/kc/pszx/mdps_list_operate.html HTTP/1.1" 200 2047
222.70.168.128 - - [27/Mar/2023:10:40:39 +0800] "GET /xingrg/kc/buy/cgsh_order_operate.html?command=get_materiel&rest_code=00146&code=00101002027&supplier_code=00100041&order_time=2023-03-27 HTTP/1.1" 200 413
58.221.95.50 - - [27/Mar/2023:10:40:40 +0800] "GET /xingrg/all/function/internal_message.html?_=1679884841249&CODE_STATE=getMsg HTTP/1.1" 200 27
120.253.135.82 - - [27/Mar/2023:10:40:41 +0800] "POST /xingrg/kc/pszx/mdps_list_operate.html HTTP/1.1" 200 608
222.70.182.87 - - [27/Mar/2023:10:40:41 +0800] "GET /xingrg/kc/base/wldb_order_operate.html?command=get_materiel&rest_code=00111&base_code=0010306&code=00102002197 HTTP/1.1" 200 459
120.253.135.82 - - [27/Mar/2023:10:40:42 +0800] "GET /xingrg/kc/pszx/mdps_order_info.html?code=312023032600573 HTTP/1.1" 200 23972
120.253.135.82 - - [27/Mar/2023:10:40:42 +0800] "GET /xingrg/javascript/easyui/themes/default/validatebox.css HTTP/1.1" 404 1104
120.253.135.82 - - [27/Mar/2023:10:40:43 +0800] "POST /xingrg/kc/pszx/mdps_order_operate.html HTTP/1.1" 200 11761
180.169.147.146 - - [27/Mar/2023:10:40:45 +0800] "GET /xingrg/check_reg.html?_=1679884845159 HTTP/1.1" 200 22
120.253.135.82 - - [27/Mar/2023:10:40:45 +0800] "GET /xingrg/all/function/internal_message.html?_=1679884977657&CODE_STATE=getMsg HTTP/1.1" 302 -
120.253.135.82 - - [27/Mar/2023:10:40:45 +0800] "GET /xingrg/login.html HTTP/1.1" 200 7641
222.67.232.202 - - [27/Mar/2023:10:40:47 +0800] "GET /xingrg/kc/buy/cgsh_order_operate.html?command=get_materiel&rest_code=00141&code=00101008013&supplier_code=00100007&order_time=2023-03-27 HTTP/1.1" 200 408
120.253.135.82 - - [27/Mar/2023:10:40:47 +0800] "POST /xingrg/kc/pszx/mdps_order_operate.html HTTP/1.1" 200 37
222.67.232.202 - - [27/Mar/2023:10:40:49 +0800] "GET /xingrg/all/function/internal_message.html?_=1679884849745&CODE_STATE=getMsg HTTP/1.1" 200 27
120.253.135.82 - - [27/Mar/2023:10:40:52 +0800] "POST /xingrg/kc/pszx/mdps_order_operate.html HTTP/1.1" 200 12
222.70.182.87 - - [27/Mar/2023:10:40:52 +0800] "GET /xingrg/kc/base/wldb_order_operate.html?command=get_materiel&rest_code=00111&base_code=0010306&code=00102002118 HTTP/1.1" 200 466
222.70.182.87 - - [27/Mar/2023:10:40:54 +0800] "GET /xingrg/all/function/internal_message.html?_=1679884854663&CODE_STATE=getMsg HTTP/1.1" 200 27
116.224.106.218 - - [27/Mar/2023:10:40:56 +0800] "GET /xingrg/check_reg.html?_=1679884855772 HTTP/1.1" 200 22
180.169.147.146 - - [27/Mar/2023:10:40:57 +0800] "GET /xingrg/all/function/internal_message.html?_=1679884857089&CODE_STATE=getMsg HTTP/1.1" 200 27
180.169.147.146 - - [27/Mar/2023:10:40:57 +0800] "GET /xingrg/check_reg.html?_=1679884857090 HTTP/1.1" 200 22
222.67.232.202 - - [27/Mar/2023:10:40:58 +0800] "GET /xingrg/kc/buy/cgsh_order_operate.html?command=get_materiel&rest_code=00141&code=00101008283&supplier_code=00100007&order_time=2023-03-27 HTTP/1.1" 200 408
120.253.135.82 - - [27/Mar/2023:10:40:59 +0800] "GET /xingrg/kc/pszx/mdps_order_info.html?code=312023032600573 HTTP/1.1" 200 19632
120.253.135.82 - - [27/Mar/2023:10:40:59 +0800] "GET /xingrg/javascript/easyui/themes/default/validatebox.css HTTP/1.1" 404 1104
120.253.135.82 - - [27/Mar/2023:10:40:59 +0800] "GET /xingrg/all/function/internal_message.html?_=1679884691543&CODE_STATE=getMsg HTTP/1.1" 200 27
222.70.182.87 - - [27/Mar/2023:10:40:59 +0800] "GET /xingrg/kc/base/wldb_order_operate.html?command=get_materiel&rest_code=00111&base_code=0010306&code=00102002304 HTTP/1.1" 200 463
120.253.135.82 - - [27/Mar/2023:10:40:59 +0800] "POST /xingrg/kc/pszx/mdps_order_operate.html HTTP/1.1" 200 9908
120.253.135.82 - - [27/Mar/2023:10:41:00 +0800] "GET /xingrg/all/function/internal_message.html?_=1679884860626&CODE_STATE=getMsg HTTP/1.1" 200 27
116.192.124.172 - - [27/Mar/2023:10:41:00 +0800] "GET /xingrg/javascript/auto/indicator.gif HTTP/1.1" 404 1066
120.253.135.82 - - [27/Mar/2023:10:41:01 +0800] "POST /xingrg/kc/pszx/mdps_list_operate.html HTTP/1.1" 200 1683
116.192.124.172 - - [27/Mar/2023:10:41:02 +0800] "GET /xingrg/kc/base/wldb_order_operate.html?command=get_materiel&rest_code=00102&base_code=0010476&code=00101019185 HTTP/1.1" 200 469
120.253.135.82 - - [27/Mar/2023:10:41:03 +0800] "POST /xingrg/kc/pszx/mdps_list_operate.html HTTP/1.1" 200 619
120.253.135.82 - - [27/Mar/2023:10:41:04 +0800] "GET /xingrg/kc/pszx/mdps_order_info.html?code=312023032600572 HTTP/1.1" 200 23972
120.253.135.82 - - [27/Mar/2023:10:41:04 +0800] "GET /xingrg/javascript/easyui/themes/default/validatebox.css HTTP/1.1" 404 1104
120.253.135.82 - - [27/Mar/2023:10:41:05 +0800] "POST /xingrg/kc/pszx/mdps_order_operate.html HTTP/1.1" 200 6319
222.70.182.87 - - [27/Mar/2023:10:41:05 +0800] "GET /xingrg/all/function/internal_message.html?_=1679884923153&CODE_STATE=getMsg HTTP/1.1" 200 27
116.192.124.172 - - [27/Mar/2023:10:41:07 +0800] "GET /xingrg/kc/base/wldb_order_operate.html?command=get_materiel&rest_code=00102&base_code=0010476&code=00101019438 HTTP/1.1" 200 462
222.67.232.202 - - [27/Mar/2023:10:41:08 +0800] "GET /xingrg/kc/buy/cgsh_order_operate.html?command=get_materiel&rest_code=00141&code=00101008037&supplier_code=00100007&order_time=2023-03-27 HTTP/1.1" 200 413
222.70.182.87 - - [27/Mar/2023:10:41:09 +0800] "POST /xingrg/kc/base/wldb_order_operate.html HTTP/1.1" 200 37
120.253.135.82 - - [27/Mar/2023:10:41:09 +0800] "POST /xingrg/kc/pszx/mdps_order_operate.html HTTP/1.1" 200 37
222.70.182.87 - - [27/Mar/2023:10:41:09 +0800] "POST /xingrg/kc/base/wldb_order_operate.html HTTP/1.1" 200 6614
180.164.3.199 - - [27/Mar/2023:10:41:09 +0800] "GET /xingrg/all/function/internal_message.html?_=1679884869949&CODE_STATE=getMsg HTTP/1.1" 200 27
222.70.182.87 - - [27/Mar/2023:10:41:10 +0800] "GET /xingrg/kc/base/wldb_order_info.html?code=422023032702228 HTTP/1.1" 200 30398
222.70.182.87 - - [27/Mar/2023:10:41:11 +0800] "GET /xingrg/javascript/easyui/themes/default/validatebox.css HTTP/1.1" 404 1104
222.70.182.87 - - [27/Mar/2023:10:41:11 +0800] "POST /xingrg/kc/base/wldb_order_operate.html HTTP/1.1" 200 6614
116.192.124.172 - - [27/Mar/2023:10:41:12 +0800] "GET /xingrg/kc/base/wldb_order_operate.html?command=get_materiel&rest_code=00102&base_code=0010476&code=00101019527 HTTP/1.1" 200 474
222.70.182.87 - - [27/Mar/2023:10:41:13 +0800] "GET /xingrg/kc/base/wldb_order_add.html HTTP/1.1" 200 30381
222.70.182.87 - - [27/Mar/2023:10:41:13 +0800] "POST /xingrg/kc/base/wldb_order_operate.html HTTP/1.1" 200 6806
222.70.182.87 - - [27/Mar/2023:10:41:14 +0800] "GET /xingrg/javascript/easyui/themes/default/validatebox.css HTTP/1.1" 404 1104
116.238.139.35 - - [27/Mar/2023:10:41:14 +0800] "GET /xingrg/all/function/internal_message.html?_=1679884875716&CODE_STATE=getMsg HTTP/1.1" 200 27
120.253.135.82 - - [27/Mar/2023:10:41:14 +0800] "POST /xingrg/kc/pszx/mdps_order_operate.html HTTP/1.1" 200 12
222.70.221.209 - - [27/Mar/2023:10:41:14 +0800] "GET /xingrg/all/function/internal_message.html?_=1679884972643&CODE_STATE=getMsg HTTP/1.1" 200 27
180.163.30.27 - - [27/Mar/2023:10:41:15 +0800] "GET /xingrg/all/function/internal_message.html?_=1679884817559&CODE_STATE=getMsg HTTP/1.1" 302 -
180.163.30.27 - - [27/Mar/2023:10:41:15 +0800] "GET /xingrg/login.html HTTP/1.1" 200 7641
124.78.155.10 - - [27/Mar/2023:10:41:15 +0800] "GET /xingrg/all/function/internal_message.html?_=1679884877561&CODE_STATE=getMsg HTTP/1.1" 200 27
116.192.124.172 - - [27/Mar/2023:10:41:16 +0800] "GET /xingrg/kc/base/wldb_order_operate.html?command=get_materiel&rest_code=00102&base_code=0010476&code=00101019111 HTTP/1.1" 200 467
116.192.124.172 - - [27/Mar/2023:10:41:16 +0800] "GET /xingrg/all/function/internal_message.html?_=1679884877065&CODE_STATE=getMsg HTTP/1.1" 200 27
222.67.232.202 - - [27/Mar/2023:10:41:17 +0800] "GET /xingrg/all/function/internal_message.html?_=1679884422313&CODE_STATE=getMsg HTTP/1.1" 200 27
116.192.124.172 - - [27/Mar/2023:10:41:20 +0800] "GET /xingrg/kc/base/wldb_order_operate.html?command=get_materiel&rest_code=00102&base_code=0010476&code=00101019253 HTTP/1.1" 200 481
222.70.182.87 - - [27/Mar/2023:10:41:23 +0800] "GET /xingrg/kc/base/wldb_order_operate.html?command=get_materiel&rest_code=00111&base_code=0010283&code=00101016120 HTTP/1.1" 200 455
116.224.158.100 - - [27/Mar/2023:10:41:23 +0800] "GET /xingrg/all/function/internal_message.html?_=1679884885261&CODE_STATE=getMsg HTTP/1.1" 200 27
222.67.232.202 - - [27/Mar/2023:10:41:24 +0800] "GET /xingrg/kc/buy/cgsh_order_operate.html?command=get_materiel&rest_code=00141&code=00101008134&supplier_code=00100007&order_time=2023-03-27 HTTP/1.1" 200 412
180.169.147.146 - - [27/Mar/2023:10:41:24 +0800] "GET /xingrg/all/function/internal_message.html?_=1679884884042&CODE_STATE=getMsg HTTP/1.1" 200 27
116.192.124.172 - - [27/Mar/2023:10:41:25 +0800] "GET /xingrg/kc/base/wldb_order_operate.html?command=get_materiel&rest_code=00102&base_code=0010476&code=00101019391 HTTP/1.1" 200 485
101.229.22.234 - - [27/Mar/2023:10:41:25 +0800] "GET /xingrg/all/function/internal_message.html?_=1679884885001&CODE_STATE=getMsg HTTP/1.1" 200 27
222.70.168.128 - - [27/Mar/2023:10:41:27 +0800] "GET /xingrg/check_reg.html?_=1679884889343 HTTP/1.1" 200 22
222.70.168.128 - - [27/Mar/2023:10:41:27 +0800] "GET /xingrg/all/function/internal_message.html?_=1679884889542&CODE_STATE=getMsg HTTP/1.1" 200 27
222.70.182.87 - - [27/Mar/2023:10:41:28 +0800] "GET /xingrg/kc/base/wldb_order_operate.html?command=get_materiel&rest_code=00111&base_code=0010283&code=00101019505 HTTP/1.1" 200 480
116.192.124.172 - - [27/Mar/2023:10:41:30 +0800] "GET /xingrg/kc/base/wldb_order_operate.html?command=get_materiel&rest_code=00102&base_code=0010476&code=00101019184 HTTP/1.1" 200 456
124.79.240.114 - - [27/Mar/2023:10:41:31 +0800] "GET /xingrg/all/function/internal_message.html?_=1679885151966&CODE_STATE=getMsg HTTP/1.1" 200 27
114.83.216.127 - - [27/Mar/2023:10:41:32 +0800] "POST /xingrg/services/DataTransmitService HTTP/1.1" 200 524
116.224.106.218 - - [27/Mar/2023:10:41:32 +0800] "GET /xingrg/all/function/internal_message.html?_=1679884892419&CODE_STATE=getMsg HTTP/1.1" 200 27
114.83.216.127 - - [27/Mar/2023:10:41:33 +0800] "POST /xingrg/services/DataTransmitService HTTP/1.1" 200 501
120.253.135.82 - - [27/Mar/2023:10:41:34 +0800] "GET /xingrg/kc/pszx/mdps_order_info.html?code=312023032600572 HTTP/1.1" 200 19632
120.253.135.82 - - [27/Mar/2023:10:41:34 +0800] "GET /xingrg/javascript/easyui/themes/default/validatebox.css HTTP/1.1" 404 1104
120.253.135.82 - - [27/Mar/2023:10:41:35 +0800] "POST /xingrg/kc/pszx/mdps_order_operate.html HTTP/1.1" 200 4500
222.70.182.87 - - [27/Mar/2023:10:41:35 +0800] "GET /xingrg/kc/base/wldb_order_operate.html?command=get_materiel&rest_code=00111&base_code=0010283&code=00101019164 HTTP/1.1" 200 466
116.192.124.172 - - [27/Mar/2023:10:41:36 +0800] "GET /xingrg/kc/base/wldb_order_operate.html?command=get_materiel&rest_code=00102&base_code=0010476&code=00101027001 HTTP/1.1" 200 471
222.67.232.202 - - [27/Mar/2023:10:41:37 +0800] "GET /xingrg/kc/buy/cgsh_order_operate.html?command=get_materiel&rest_code=00141&code=00101008261&supplier_code=00100007&order_time=2023-03-27 HTTP/1.1" 200 408
120.253.135.82 - - [27/Mar/2023:10:41:39 +0800] "POST /xingrg/kc/pszx/mdps_list_operate.html HTTP/1.1" 200 868
58.221.95.50 - - [27/Mar/2023:10:41:40 +0800] "GET /xingrg/all/function/internal_message.html?_=1679884901223&CODE_STATE=getMsg HTTP/1.1" 200 27
222.70.182.87 - - [27/Mar/2023:10:41:42 +0800] "GET /xingrg/kc/base/wldb_order_operate.html?command=get_materiel&rest_code=00111&base_code=0010283&code=00101019536 HTTP/1.1" 200 471
222.70.168.128 - - [27/Mar/2023:10:41:45 +0800] "POST /xingrg/kc/buy/cgsh_order_operate.html HTTP/1.1" 200 37
120.253.135.82 - - [27/Mar/2023:10:41:46 +0800] "GET /xingrg/all/function/internal_message.html?_=1679885037679&CODE_STATE=getMsg HTTP/1.1" 302 -
120.253.135.82 - - [27/Mar/2023:10:41:46 +0800] "GET /xingrg/login.html HTTP/1.1" 200 7641
222.67.232.202 - - [27/Mar/2023:10:41:47 +0800] "GET /xingrg/kc/buy/cgsh_order_operate.html?command=get_materiel&rest_code=00141&code=00101008350&supplier_code=00100007&order_time=2023-03-27 HTTP/1.1" 200 408
222.70.168.128 - - [27/Mar/2023:10:41:47 +0800] "POST /xingrg/kc/buy/cgsh_order_operate.html HTTP/1.1" 200 6201
222.70.182.87 - - [27/Mar/2023:10:41:47 +0800] "GET /xingrg/kc/base/wldb_order_operate.html?command=get_materiel&rest_code=00111&base_code=0010283&code=00101019184 HTTP/1.1" 200 456
222.67.232.202 - - [27/Mar/2023:10:41:49 +0800] "GET /xingrg/all/function/internal_message.html?_=1679884909745&CODE_STATE=getMsg HTTP/1.1" 200 27
116.192.124.172 - - [27/Mar/2023:10:41:51 +0800] "GET /xingrg/kc/base/wldb_order_operate.html?command=get_materiel&rest_code=00102&base_code=0010476&code=00101019372 HTTP/1.1" 200 479
222.70.168.128 - - [27/Mar/2023:10:41:51 +0800] "GET /xingrg/kc/print/load_data.html?order_code=212023032710133&kc_code=cgsh&condition= HTTP/1.1" 200 2040
222.70.182.87 - - [27/Mar/2023:10:41:53 +0800] "GET /xingrg/kc/base/wldb_order_operate.html?command=get_materiel&rest_code=00111&base_code=0010283&code=00101019015 HTTP/1.1" 200 450
120.253.135.82 - - [27/Mar/2023:10:41:53 +0800] "POST /xingrg/kc/pszx/mdps_list_operate.html HTTP/1.1" 200 3925
222.70.182.87 - - [27/Mar/2023:10:41:54 +0800] "GET /xingrg/all/function/internal_message.html?_=1679884914655&CODE_STATE=getMsg HTTP/1.1" 200 27
180.169.147.146 - - [27/Mar/2023:10:41:57 +0800] "GET /xingrg/all/function/internal_message.html?_=1679884917087&CODE_STATE=getMsg HTTP/1.1" 200 27
120.253.135.82 - - [27/Mar/2023:10:41:58 +0800] "POST /xingrg/kc/pszx/mdps_list_operate.html HTTP/1.1" 200 611
120.253.135.82 - - [27/Mar/2023:10:41:59 +0800] "GET /xingrg/kc/pszx/mdps_order_info.html?code=312023032600583 HTTP/1.1" 200 23978
120.253.135.82 - - [27/Mar/2023:10:42:00 +0800] "GET /xingrg/all/function/internal_message.html?_=1679884751898&CODE_STATE=getMsg HTTP/1.1" 200 27
222.67.232.202 - - [27/Mar/2023:10:42:00 +0800] "GET /xingrg/kc/buy/cgsh_order_operate.html?command=get_materiel&rest_code=00141&code=00101008199&supplier_code=00100007&order_time=2023-03-27 HTTP/1.1" 200 408
120.253.135.82 - - [27/Mar/2023:10:42:00 +0800] "GET /xingrg/javascript/easyui/themes/default/validatebox.css HTTP/1.1" 404 1104
120.253.135.82 - - [27/Mar/2023:10:42:00 +0800] "POST /xingrg/kc/pszx/mdps_order_operate.html HTTP/1.1" 200 7898
120.253.135.82 - - [27/Mar/2023:10:42:00 +0800] "GET /xingrg/all/function/internal_message.html?_=1679884920644&CODE_STATE=getMsg HTTP/1.1" 200 27
222.70.182.87 - - [27/Mar/2023:10:42:05 +0800] "GET /xingrg/all/function/internal_message.html?_=1679884983156&CODE_STATE=getMsg HTTP/1.1" 200 27
120.253.135.82 - - [27/Mar/2023:10:42:07 +0800] "POST /xingrg/kc/pszx/mdps_order_operate.html HTTP/1.1" 200 37
180.164.3.199 - - [27/Mar/2023:10:42:09 +0800] "GET /xingrg/all/function/internal_message.html?_=1679884929967&CODE_STATE=getMsg HTTP/1.1" 200 27
116.192.124.172 - - [27/Mar/2023:10:42:11 +0800] "POST /xingrg/kc/base/wldb_order_operate.html HTTP/1.1" 200 37
120.253.135.82 - - [27/Mar/2023:10:42:12 +0800] "POST /xingrg/kc/pszx/mdps_order_operate.html HTTP/1.1" 200 12
222.67.232.202 - - [27/Mar/2023:10:42:13 +0800] "GET /xingrg/kc/buy/cgsh_order_operate.html?command=get_materiel&rest_code=00141&code=00101008141&supplier_code=00100007&order_time=2023-03-27 HTTP/1.1" 200 412
120.253.135.82 - - [27/Mar/2023:10:42:13 +0800] "GET /xingrg/kc/pszx/mdps_order_info.html?code=312023032600583 HTTP/1.1" 200 19638
116.238.139.35 - - [27/Mar/2023:10:42:14 +0800] "GET /xingrg/all/function/internal_message.html?_=1679884935717&CODE_STATE=getMsg HTTP/1.1" 200 27
120.253.135.82 - - [27/Mar/2023:10:42:14 +0800] "GET /xingrg/javascript/easyui/themes/default/validatebox.css HTTP/1.1" 404 1104
120.253.135.82 - - [27/Mar/2023:10:42:14 +0800] "POST /xingrg/kc/pszx/mdps_order_operate.html HTTP/1.1" 200 6069
222.70.221.209 - - [27/Mar/2023:10:42:14 +0800] "GET /xingrg/all/function/internal_message.html?_=1679885032654&CODE_STATE=getMsg HTTP/1.1" 200 27
180.163.28.68 - - [27/Mar/2023:10:42:15 +0800] "GET /xingrg/all/function/internal_message.html?_=1679884877561&CODE_STATE=getMsg HTTP/1.1" 302 -
222.70.168.128 - - [27/Mar/2023:10:42:15 +0800] "GET /xingrg/kc/buy/cgsh_order_add.html HTTP/1.1" 200 69961
180.163.28.68 - - [27/Mar/2023:10:42:15 +0800] "GET /xingrg/login.html HTTP/1.1" 200 7641
124.78.155.10 - - [27/Mar/2023:10:42:15 +0800] "GET /xingrg/check_reg.html?_=1679884937567 HTTP/1.1" 200 22
124.78.155.10 - - [27/Mar/2023:10:42:15 +0800] "GET /xingrg/all/function/internal_message.html?_=1679884937562&CODE_STATE=getMsg HTTP/1.1" 200 27
222.70.168.128 - - [27/Mar/2023:10:42:16 +0800] "POST /xingrg/kc/buy/cgsh_order_operate.html HTTP/1.1" 200 8245
222.70.168.128 - - [27/Mar/2023:10:42:16 +0800] "GET /xingrg/javascript/easyui/themes/default/validatebox.css HTTP/1.1" 404 1104
116.192.124.172 - - [27/Mar/2023:10:42:16 +0800] "GET /xingrg/all/function/internal_message.html?_=1679884937053&CODE_STATE=getMsg HTTP/1.1" 200 27
222.67.232.202 - - [27/Mar/2023:10:42:17 +0800] "GET /xingrg/all/function/internal_message.html?_=1679884482314&CODE_STATE=getMsg HTTP/1.1" 200 27
116.192.124.172 - - [27/Mar/2023:10:42:18 +0800] "POST /xingrg/kc/base/wldb_order_operate.html HTTP/1.1" 200 12
116.192.124.172 - - [27/Mar/2023:10:42:18 +0800] "POST /xingrg/kc/base/wldb_order_operate.html HTTP/1.1" 200 6249
116.192.124.172 - - [27/Mar/2023:10:42:21 +0800] "GET /xingrg/kc/base/wldb_order_info.html?code=422023032702229 HTTP/1.1" 200 26254
116.192.124.172 - - [27/Mar/2023:10:42:22 +0800] "GET /xingrg/javascript/easyui/themes/default/validatebox.css HTTP/1.1" 404 1104
116.192.124.172 - - [27/Mar/2023:10:42:22 +0800] "POST /xingrg/kc/base/wldb_order_operate.html HTTP/1.1" 200 4453
222.67.232.202 - - [27/Mar/2023:10:42:22 +0800] "GET /xingrg/kc/buy/cgsh_order_operate.html?command=get_materiel&rest_code=00141&code=00101008126&supplier_code=00100007&order_time=2023-03-27 HTTP/1.1" 200 412
116.224.158.100 - - [27/Mar/2023:10:42:23 +0800] "GET /xingrg/all/function/internal_message.html?_=1679884945239&CODE_STATE=getMsg HTTP/1.1" 200 27
180.169.147.146 - - [27/Mar/2023:10:42:24 +0800] "GET /xingrg/all/function/internal_message.html?_=1679884944049&CODE_STATE=getMsg HTTP/1.1" 200 27
180.169.147.146 - - [27/Mar/2023:10:42:24 +0800] "GET /xingrg/check_reg.html?_=1679884944055 HTTP/1.1" 200 22
222.67.232.202 - - [27/Mar/2023:10:42:25 +0800] "POST /xingrg/kc/buy/cgsh_order_operate.html HTTP/1.1" 200 2065
116.192.124.172 - - [27/Mar/2023:10:42:25 +0800] "GET /xingrg/kc/base/wldb_order_add.html HTTP/1.1" 200 30377
116.192.124.172 - - [27/Mar/2023:10:42:25 +0800] "POST /xingrg/kc/base/wldb_order_operate.html HTTP/1.1" 200 6806
116.192.124.172 - - [27/Mar/2023:10:42:25 +0800] "GET /xingrg/javascript/easyui/themes/default/validatebox.css HTTP/1.1" 404 1104
101.229.22.234 - - [27/Mar/2023:10:42:25 +0800] "GET /xingrg/all/function/internal_message.html?_=1679884945010&CODE_STATE=getMsg HTTP/1.1" 200 27
120.253.135.82 - - [27/Mar/2023:10:42:26 +0800] "POST /xingrg/kc/pszx/mdps_list_operate.html HTTP/1.1" 200 3553
222.70.168.128 - - [27/Mar/2023:10:42:27 +0800] "GET /xingrg/all/function/internal_message.html?_=1679884949555&CODE_STATE=getMsg HTTP/1.1" 200 27
120.253.135.82 - - [27/Mar/2023:10:42:29 +0800] "POST /xingrg/kc/pszx/mdps_list_operate.html HTTP/1.1" 200 205
222.67.232.202 - - [27/Mar/2023:10:42:29 +0800] "GET /xingrg/kc/buy/cgsh_order_operate.html?command=get_materiel&rest_code=00141&code=00101008213&supplier_code=00100007&order_time=2023-03-27 HTTP/1.1" 200 412
120.253.135.82 - - [27/Mar/2023:10:42:29 +0800] "GET /xingrg/kc/pszx/mdps_order_info.html?code=312023032600581 HTTP/1.1" 200 23978
120.253.135.82 - - [27/Mar/2023:10:42:30 +0800] "GET /xingrg/javascript/easyui/themes/default/validatebox.css HTTP/1.1" 404 1104
116.192.124.172 - - [27/Mar/2023:10:42:30 +0800] "POST /xingrg/all/common/load_combo.html?type=base HTTP/1.1" 200 3321
120.253.135.82 - - [27/Mar/2023:10:42:30 +0800] "POST /xingrg/kc/pszx/mdps_order_operate.html HTTP/1.1" 200 2278
124.79.240.114 - - [27/Mar/2023:10:42:31 +0800] "GET /xingrg/all/function/internal_message.html?_=1679885211968&CODE_STATE=getMsg HTTP/1.1" 200 27
116.224.106.218 - - [27/Mar/2023:10:42:32 +0800] "GET /xingrg/all/function/internal_message.html?_=1679884952405&CODE_STATE=getMsg HTTP/1.1" 200 27
116.192.124.172 - - [27/Mar/2023:10:42:32 +0800] "POST /xingrg/all/common/load_combo.html?type=base HTTP/1.1" 200 3321
222.70.182.87 - - [27/Mar/2023:10:42:34 +0800] "GET /xingrg/kc/base/wldb_order_operate.html?command=get_materiel&rest_code=00111&base_code=0010283&code=00101019243 HTTP/1.1" 200 464
120.253.135.82 - - [27/Mar/2023:10:42:34 +0800] "POST /xingrg/kc/pszx/mdps_order_operate.html HTTP/1.1" 200 37
120.253.135.82 - - [27/Mar/2023:10:42:37 +0800] "POST /xingrg/kc/pszx/mdps_order_operate.html HTTP/1.1" 200 12
116.192.124.172 - - [27/Mar/2023:10:42:38 +0800] "GET /xingrg/kc/base/wldb_order_operate.html?command=get_materiel&rest_code=00102&base_code=0010476&code=00101013011 HTTP/1.1" 200 451
58.221.95.50 - - [27/Mar/2023:10:42:40 +0800] "GET /xingrg/all/function/internal_message.html?_=1679884961197&CODE_STATE=getMsg HTTP/1.1" 200 27
222.70.168.128 - - [27/Mar/2023:10:42:41 +0800] "GET /xingrg/kc/buy/cgsh_order_operate.html?command=get_materiel&rest_code=00146&code=00101020012&supplier_code=00100012&order_time=2023-03-27 HTTP/1.1" 200 414
120.253.135.82 - - [27/Mar/2023:10:42:43 +0800] "GET /xingrg/kc/pszx/mdps_order_info.html?code=312023032600581 HTTP/1.1" 200 19638
120.253.135.82 - - [27/Mar/2023:10:42:44 +0800] "GET /xingrg/javascript/easyui/themes/default/validatebox.css HTTP/1.1" 404 1104
120.253.135.82 - - [27/Mar/2023:10:42:44 +0800] "POST /xingrg/kc/pszx/mdps_order_operate.html HTTP/1.1" 200 500
120.253.135.82 - - [27/Mar/2023:10:42:45 +0800] "POST /xingrg/kc/pszx/mdps_list_operate.html HTTP/1.1" 200 3182
120.253.135.82 - - [27/Mar/2023:10:42:45 +0800] "GET /xingrg/all/function/internal_message.html?_=1679885097670&CODE_STATE=getMsg HTTP/1.1" 302 -
120.253.135.82 - - [27/Mar/2023:10:42:45 +0800] "GET /xingrg/check_reg.html?_=1679885097671 HTTP/1.1" 302 -
120.253.135.82 - - [27/Mar/2023:10:42:46 +0800] "GET /xingrg/login.html HTTP/1.1" 200 7641
120.253.135.82 - - [27/Mar/2023:10:42:46 +0800] "GET /xingrg/login.html HTTP/1.1" 200 7641
222.70.182.87 - - [27/Mar/2023:10:42:46 +0800] "GET /xingrg/kc/base/wldb_order_operate.html?command=get_materiel&rest_code=00111&base_code=0010283&code=00101027001 HTTP/1.1" 200 471
222.67.232.202 - - [27/Mar/2023:10:42:46 +0800] "GET /xingrg/kc/buy/cgsh_order_operate.html?command=get_materiel&rest_code=00141&code=00101008155&supplier_code=00100007&order_time=2023-03-27 HTTP/1.1" 200 408
120.253.135.82 - - [27/Mar/2023:10:42:48 +0800] "POST /xingrg/kc/pszx/mdps_list_operate.html HTTP/1.1" 200 204
222.70.182.87 - - [27/Mar/2023:10:42:48 +0800] "GET /favicon.ico HTTP/1.1" 404 -
