222.70.221.209 - - [27/Mar/2023:08:16:14 +0800] "GET /xingrg/all/function/internal_message.html?_=1679876272671&CODE_STATE=getMsg HTTP/1.1" 200 27
222.70.221.209 - - [27/Mar/2023:08:16:16 +0800] "GET /xingrg/kc/buy/cgsh_order_operate.html?command=get_materiel&rest_code=00155&code=00101008213&supplier_code=00100005&order_time=2023-03-27 HTTP/1.1" 200 412
222.70.168.128 - - [27/Mar/2023:08:16:16 +0800] "GET /xingrg/all/function/internal_message.html?_=1679876177681&CODE_STATE=getMsg HTTP/1.1" 200 27
222.70.221.209 - - [27/Mar/2023:08:16:23 +0800] "GET /xingrg/kc/buy/cgsh_order_operate.html?command=get_materiel&rest_code=00155&code=00101008312&supplier_code=00100005&order_time=2023-03-27 HTTP/1.1" 200 412
117.143.50.161 - - [27/Mar/2023:08:16:26 +0800] "GET /xingrg/all/function/internal_message.html?_=1679876209823&CODE_STATE=getMsg HTTP/1.1" 200 27
117.135.170.82 - - [27/Mar/2023:08:16:26 +0800] "GET /xingrg/all/function/internal_message.html?_=1679876149821&CODE_STATE=getMsg HTTP/1.1" 302 -
117.135.171.41 - - [27/Mar/2023:08:16:26 +0800] "GET /xingrg/check_reg.html?_=1679876149827 HTTP/1.1" 302 -
117.135.170.82 - - [27/Mar/2023:08:16:26 +0800] "GET /xingrg/login.html HTTP/1.1" 200 7641
117.135.171.41 - - [27/Mar/2023:08:16:26 +0800] "GET /xingrg/login.html HTTP/1.1" 200 7641
222.70.221.209 - - [27/Mar/2023:08:16:26 +0800] "POST /xingrg/kc/buy/cgsh_order_operate.html HTTP/1.1" 200 2065
222.70.221.209 - - [27/Mar/2023:08:16:31 +0800] "GET /xingrg/kc/buy/cgsh_order_operate.html?command=get_materiel&rest_code=00155&code=00101008095&supplier_code=00100005&order_time=2023-03-27 HTTP/1.1" 200 413
116.224.106.218 - - [27/Mar/2023:08:16:35 +0800] "GET /xingrg/all/function/internal_message.html?_=1679876194824&CODE_STATE=getMsg HTTP/1.1" 200 27
222.70.221.209 - - [27/Mar/2023:08:16:38 +0800] "GET /xingrg/kc/buy/cgsh_order_operate.html?command=get_materiel&rest_code=00155&code=00101008674&supplier_code=00100005&order_time=2023-03-27 HTTP/1.1" 200 413
58.221.95.50 - - [27/Mar/2023:08:16:43 +0800] "GET /xingrg/all/function/internal_message.html?_=1679876203535&CODE_STATE=getMsg HTTP/1.1" 200 27
120.253.135.82 - - [27/Mar/2023:08:16:45 +0800] "GET /xingrg/all/function/internal_message.html?_=1679876336927&CODE_STATE=getMsg HTTP/1.1" 302 -
120.253.135.82 - - [27/Mar/2023:08:16:45 +0800] "GET /xingrg/login.html HTTP/1.1" 200 7641
222.70.221.209 - - [27/Mar/2023:08:16:46 +0800] "GET /xingrg/kc/buy/cgsh_order_operate.html?command=get_materiel&rest_code=00155&code=00101008283&supplier_code=00100005&order_time=2023-03-27 HTTP/1.1" 200 408
116.238.139.35 - - [27/Mar/2023:08:16:50 +0800] "GET /xingrg/all/function/internal_message.html?_=1679876212439&CODE_STATE=getMsg HTTP/1.1" 200 27
222.70.221.209 - - [27/Mar/2023:08:16:54 +0800] "GET /xingrg/kc/buy/cgsh_order_operate.html?command=get_materiel&rest_code=00155&code=00101008196&supplier_code=00100005&order_time=2023-03-27 HTTP/1.1" 200 416
116.238.139.35 - - [27/Mar/2023:08:16:58 +0800] "GET /xingrg/all/function/internal_message.html?_=1679876138926&CODE_STATE=getMsg HTTP/1.1" 200 27
222.70.221.209 - - [27/Mar/2023:08:17:03 +0800] "GET /xingrg/kc/buy/cgsh_order_operate.html?command=get_materiel&rest_code=00155&code=00101008192&supplier_code=00100005&order_time=2023-03-27 HTTP/1.1" 200 416
222.70.221.209 - - [27/Mar/2023:08:17:05 +0800] "POST /xingrg/kc/buy/cgsh_order_operate.html HTTP/1.1" 200 2065
222.70.221.209 - - [27/Mar/2023:08:17:11 +0800] "GET /xingrg/kc/buy/cgsh_order_operate.html?command=get_materiel&rest_code=00155&code=00101008061&supplier_code=00100005&order_time=2023-03-27 HTTP/1.1" 200 422
222.70.221.209 - - [27/Mar/2023:08:17:14 +0800] "GET /xingrg/all/function/internal_message.html?_=1679876332641&CODE_STATE=getMsg HTTP/1.1" 200 27
222.70.168.128 - - [27/Mar/2023:08:17:16 +0800] "GET /xingrg/all/function/internal_message.html?_=1679876237695&CODE_STATE=getMsg HTTP/1.1" 200 27
222.70.221.209 - - [27/Mar/2023:08:17:21 +0800] "GET /xingrg/kc/buy/cgsh_order_operate.html?command=get_materiel&rest_code=00155&code=00101008633&supplier_code=00100005&order_time=2023-03-27 HTTP/1.1" 200 414
117.143.50.161 - - [27/Mar/2023:08:17:26 +0800] "GET /xingrg/all/function/internal_message.html?_=1679876269818&CODE_STATE=getMsg HTTP/1.1" 200 27
222.70.221.209 - - [27/Mar/2023:08:17:32 +0800] "GET /xingrg/kc/buy/cgsh_order_operate.html?command=get_materiel&rest_code=00155&code=00101008229&supplier_code=00100005&order_time=2023-03-27 HTTP/1.1" 200 420
116.224.106.218 - - [27/Mar/2023:08:17:35 +0800] "GET /xingrg/all/function/internal_message.html?_=1679876254810&CODE_STATE=getMsg HTTP/1.1" 200 27
58.221.95.50 - - [27/Mar/2023:08:17:43 +0800] "GET /xingrg/all/function/internal_message.html?_=1679876263520&CODE_STATE=getMsg HTTP/1.1" 200 27
222.70.221.209 - - [27/Mar/2023:08:17:44 +0800] "GET /xingrg/kc/buy/cgsh_order_operate.html?command=get_materiel&rest_code=00155&code=00101008338&supplier_code=00100005&order_time=2023-03-27 HTTP/1.1" 200 409
120.253.135.82 - - [27/Mar/2023:08:17:45 +0800] "GET /xingrg/all/function/internal_message.html?_=1679876396940&CODE_STATE=getMsg HTTP/1.1" 302 -
120.253.135.82 - - [27/Mar/2023:08:17:45 +0800] "GET /xingrg/check_reg.html?_=1679876396940 HTTP/1.1" 302 -
120.253.135.82 - - [27/Mar/2023:08:17:45 +0800] "GET /xingrg/login.html HTTP/1.1" 200 7641
120.253.135.82 - - [27/Mar/2023:08:17:45 +0800] "GET /xingrg/login.html HTTP/1.1" 200 7641
222.70.221.209 - - [27/Mar/2023:08:17:48 +0800] "POST /xingrg/kc/buy/cgsh_order_operate.html HTTP/1.1" 200 2065
116.238.139.35 - - [27/Mar/2023:08:17:50 +0800] "GET /xingrg/all/function/internal_message.html?_=1679876272457&CODE_STATE=getMsg HTTP/1.1" 200 27
222.70.221.209 - - [27/Mar/2023:08:17:52 +0800] "GET /xingrg/kc/buy/cgsh_order_operate.html?command=get_materiel&rest_code=00155&code=00101008134&supplier_code=00100005&order_time=2023-03-27 HTTP/1.1" 200 412
116.238.139.35 - - [27/Mar/2023:08:17:58 +0800] "GET /xingrg/all/function/internal_message.html?_=1679876198940&CODE_STATE=getMsg HTTP/1.1" 200 27
222.70.221.209 - - [27/Mar/2023:08:18:06 +0800] "POST /xingrg/kc/buy/cgsh_order_operate.html HTTP/1.1" 200 37
222.70.221.209 - - [27/Mar/2023:08:18:08 +0800] "POST /xingrg/kc/buy/cgsh_order_operate.html HTTP/1.1" 200 25756
222.70.221.209 - - [27/Mar/2023:08:18:14 +0800] "GET /xingrg/all/function/internal_message.html?_=1679876392650&CODE_STATE=getMsg HTTP/1.1" 200 27
222.70.221.209 - - [27/Mar/2023:08:18:15 +0800] "GET /xingrg/kc/print/load_data.html?order_code=212023032710083&kc_code=cgsh&condition= HTTP/1.1" 200 9485
222.70.168.128 - - [27/Mar/2023:08:18:16 +0800] "GET /xingrg/all/function/internal_message.html?_=1679876297709&CODE_STATE=getMsg HTTP/1.1" 200 27
222.70.221.209 - - [27/Mar/2023:08:18:21 +0800] "GET /xingrg/kc/print/load_data.html?order_code=212023032710083&kc_code=cgsh HTTP/1.1" 200 9485
117.143.50.161 - - [27/Mar/2023:08:18:26 +0800] "GET /xingrg/all/function/internal_message.html?_=1679876329838&CODE_STATE=getMsg HTTP/1.1" 200 27
116.224.106.218 - - [27/Mar/2023:08:18:35 +0800] "GET /xingrg/all/function/internal_message.html?_=1679876314797&CODE_STATE=getMsg HTTP/1.1" 200 27
58.221.95.50 - - [27/Mar/2023:08:18:43 +0800] "GET /xingrg/all/function/internal_message.html?_=1679876323508&CODE_STATE=getMsg HTTP/1.1" 200 27
120.253.135.82 - - [27/Mar/2023:08:18:45 +0800] "GET /xingrg/all/function/internal_message.html?_=1679876456938&CODE_STATE=getMsg HTTP/1.1" 302 -
120.253.135.82 - - [27/Mar/2023:08:18:45 +0800] "GET /xingrg/login.html HTTP/1.1" 200 7641
116.238.139.35 - - [27/Mar/2023:08:18:50 +0800] "GET /xingrg/all/function/internal_message.html?_=1679876332451&CODE_STATE=getMsg HTTP/1.1" 200 27
116.238.139.35 - - [27/Mar/2023:08:18:58 +0800] "GET /xingrg/all/function/internal_message.html?_=1679876258968&CODE_STATE=getMsg HTTP/1.1" 200 27
116.238.139.35 - - [27/Mar/2023:08:19:05 +0800] "POST /xingrg/kc/buy/cgsh_order_operate.html HTTP/1.1" 200 37
116.238.139.35 - - [27/Mar/2023:08:19:14 +0800] "POST /xingrg/kc/buy/cgsh_order_operate.html HTTP/1.1" 200 12
222.70.221.209 - - [27/Mar/2023:08:19:14 +0800] "GET /xingrg/all/function/internal_message.html?_=1679876452647&CODE_STATE=getMsg HTTP/1.1" 200 27
222.70.221.209 - - [27/Mar/2023:08:19:14 +0800] "GET /xingrg/check_reg.html?_=1679876452655 HTTP/1.1" 200 22
116.238.139.35 - - [27/Mar/2023:08:19:16 +0800] "GET /xingrg/kc/buy/cgsh_order_info.html?code=212023032710084 HTTP/1.1" 200 64459
222.70.168.128 - - [27/Mar/2023:08:19:17 +0800] "GET /xingrg/all/function/internal_message.html?_=1679876358337&CODE_STATE=getMsg HTTP/1.1" 200 27
116.238.139.35 - - [27/Mar/2023:08:19:17 +0800] "GET /xingrg/javascript/easyui/themes/default/validatebox.css HTTP/1.1" 404 1104
58.221.95.50 - - [27/Mar/2023:08:19:17 +0800] "GET /xingrg/check_reg.html?_=1679876357971 HTTP/1.1" 200 22
116.238.139.35 - - [27/Mar/2023:08:19:18 +0800] "POST /xingrg/kc/buy/cgsh_order_operate.html HTTP/1.1" 200 4197
116.238.139.35 - - [27/Mar/2023:08:19:20 +0800] "GET /xingrg/kc/print/load_data.html?order_code=212023032710084&kc_code=cgsh&condition= HTTP/1.1" 200 2125
117.143.50.161 - - [27/Mar/2023:08:19:26 +0800] "GET /xingrg/all/function/internal_message.html?_=1679876389826&CODE_STATE=getMsg HTTP/1.1" 200 27
117.135.171.114 - - [27/Mar/2023:08:19:26 +0800] "GET /xingrg/all/function/internal_message.html?_=1679876329838&CODE_STATE=getMsg HTTP/1.1" 302 -
117.135.171.114 - - [27/Mar/2023:08:19:26 +0800] "GET /xingrg/login.html HTTP/1.1" 200 7641
116.238.139.35 - - [27/Mar/2023:08:19:27 +0800] "GET /xingrg/check_reg.html?_=1679876287348 HTTP/1.1" 200 22
116.224.106.218 - - [27/Mar/2023:08:19:35 +0800] "GET /xingrg/all/function/internal_message.html?_=1679876374781&CODE_STATE=getMsg HTTP/1.1" 200 27
58.221.95.50 - - [27/Mar/2023:08:19:43 +0800] "GET /xingrg/all/function/internal_message.html?_=1679876383504&CODE_STATE=getMsg HTTP/1.1" 200 27
120.253.135.82 - - [27/Mar/2023:08:19:45 +0800] "GET /xingrg/all/function/internal_message.html?_=1679876516949&CODE_STATE=getMsg HTTP/1.1" 302 -
120.253.135.82 - - [27/Mar/2023:08:19:45 +0800] "GET /xingrg/login.html HTTP/1.1" 200 7641
116.238.139.35 - - [27/Mar/2023:08:19:50 +0800] "GET /xingrg/check_reg.html?_=1679876392450 HTTP/1.1" 200 22
116.238.139.35 - - [27/Mar/2023:08:19:50 +0800] "GET /xingrg/all/function/internal_message.html?_=1679876392453&CODE_STATE=getMsg HTTP/1.1" 200 27
116.238.139.35 - - [27/Mar/2023:08:19:59 +0800] "GET /xingrg/all/function/internal_message.html?_=1679876318980&CODE_STATE=getMsg HTTP/1.1" 200 27
222.70.221.209 - - [27/Mar/2023:08:20:14 +0800] "GET /xingrg/all/function/internal_message.html?_=1679876512655&CODE_STATE=getMsg HTTP/1.1" 200 27
222.70.168.128 - - [27/Mar/2023:08:20:17 +0800] "GET /xingrg/all/function/internal_message.html?_=1679876418345&CODE_STATE=getMsg HTTP/1.1" 200 27
117.135.171.114 - - [27/Mar/2023:08:20:26 +0800] "GET /xingrg/all/function/internal_message.html?_=1679876389826&CODE_STATE=getMsg HTTP/1.1" 302 -
117.143.50.161 - - [27/Mar/2023:08:20:26 +0800] "GET /xingrg/all/function/internal_message.html?_=1679876449830&CODE_STATE=getMsg HTTP/1.1" 200 27
117.143.50.161 - - [27/Mar/2023:08:20:26 +0800] "GET /xingrg/check_reg.html?_=1679876449835 HTTP/1.1" 200 22
117.135.171.114 - - [27/Mar/2023:08:20:26 +0800] "GET /xingrg/login.html HTTP/1.1" 200 7641
116.224.106.218 - - [27/Mar/2023:08:20:35 +0800] "GET /xingrg/all/function/internal_message.html?_=1679876434772&CODE_STATE=getMsg HTTP/1.1" 200 27
58.221.95.50 - - [27/Mar/2023:08:20:43 +0800] "GET /xingrg/all/function/internal_message.html?_=1679876443480&CODE_STATE=getMsg HTTP/1.1" 200 27
120.253.135.82 - - [27/Mar/2023:08:20:45 +0800] "GET /xingrg/all/function/internal_message.html?_=1679876576948&CODE_STATE=getMsg HTTP/1.1" 302 -
120.253.135.82 - - [27/Mar/2023:08:20:45 +0800] "GET /xingrg/login.html HTTP/1.1" 200 7641
116.238.139.35 - - [27/Mar/2023:08:20:50 +0800] "GET /xingrg/all/function/internal_message.html?_=1679876452456&CODE_STATE=getMsg HTTP/1.1" 200 27
116.224.106.218 - - [27/Mar/2023:08:20:55 +0800] "GET /xingrg/check_reg.html?_=1679876455555 HTTP/1.1" 200 22
116.238.139.35 - - [27/Mar/2023:08:20:59 +0800] "GET /xingrg/all/function/internal_message.html?_=1679876378994&CODE_STATE=getMsg HTTP/1.1" 200 27
222.70.221.209 - - [27/Mar/2023:08:21:14 +0800] "GET /xingrg/all/function/internal_message.html?_=1679876572653&CODE_STATE=getMsg HTTP/1.1" 200 27
222.70.168.128 - - [27/Mar/2023:08:21:14 +0800] "GET /xingrg/check_reg.html?_=1679876476186 HTTP/1.1" 200 22
222.70.168.128 - - [27/Mar/2023:08:21:17 +0800] "GET /xingrg/all/function/internal_message.html?_=1679876478358&CODE_STATE=getMsg HTTP/1.1" 200 27
117.135.170.82 - - [27/Mar/2023:08:21:26 +0800] "GET /xingrg/check_reg.html?_=1679876449835 HTTP/1.1" 302 -
117.135.173.70 - - [27/Mar/2023:08:21:26 +0800] "GET /xingrg/all/function/internal_message.html?_=1679876449830&CODE_STATE=getMsg HTTP/1.1" 302 -
117.143.50.161 - - [27/Mar/2023:08:21:26 +0800] "GET /xingrg/all/function/internal_message.html?_=1679876509833&CODE_STATE=getMsg HTTP/1.1" 200 27
117.135.170.82 - - [27/Mar/2023:08:21:26 +0800] "GET /xingrg/login.html HTTP/1.1" 200 7641
117.135.173.70 - - [27/Mar/2023:08:21:26 +0800] "GET /xingrg/login.html HTTP/1.1" 200 7641
116.224.106.218 - - [27/Mar/2023:08:21:34 +0800] "GET /xingrg/all/function/internal_message.html?_=1679876494745&CODE_STATE=getMsg HTTP/1.1" 200 27
58.221.95.50 - - [27/Mar/2023:08:21:43 +0800] "GET /xingrg/all/function/internal_message.html?_=1679876503458&CODE_STATE=getMsg HTTP/1.1" 200 27
120.253.135.82 - - [27/Mar/2023:08:21:45 +0800] "GET /xingrg/all/function/internal_message.html?_=1679876636953&CODE_STATE=getMsg HTTP/1.1" 302 -
120.253.135.82 - - [27/Mar/2023:08:21:45 +0800] "GET /xingrg/login.html HTTP/1.1" 200 7641
116.238.139.35 - - [27/Mar/2023:08:21:50 +0800] "GET /xingrg/all/function/internal_message.html?_=1679876512459&CODE_STATE=getMsg HTTP/1.1" 200 27
116.238.139.35 - - [27/Mar/2023:08:21:59 +0800] "GET /xingrg/all/function/internal_message.html?_=1679876439025&CODE_STATE=getMsg HTTP/1.1" 200 27
222.70.168.128 - - [27/Mar/2023:08:22:09 +0800] "GET /xingrg/kc/base/check_order_list.html HTTP/1.1" 200 16223
222.70.168.128 - - [27/Mar/2023:08:22:09 +0800] "GET /xingrg/css/site.css HTTP/1.1" 304 -
222.70.168.128 - - [27/Mar/2023:08:22:09 +0800] "GET /xingrg/css/base.css HTTP/1.1" 304 -
222.70.168.128 - - [27/Mar/2023:08:22:09 +0800] "GET /xingrg/javascript/jquery_tools/datebox.css HTTP/1.1" 304 -
222.70.168.128 - - [27/Mar/2023:08:22:09 +0800] "GET /xingrg/javascript/jquery_tools/fix.css HTTP/1.1" 304 -
222.70.168.128 - - [27/Mar/2023:08:22:09 +0800] "GET /xingrg/javascript/easyui/themes/default/easyui.css HTTP/1.1" 304 -
222.70.168.128 - - [27/Mar/2023:08:22:09 +0800] "GET /xingrg/javascript/jquery_tools/table.css HTTP/1.1" 304 -
222.70.168.128 - - [27/Mar/2023:08:22:09 +0800] "GET /xingrg/javascript/easyui/themes/icon.css HTTP/1.1" 304 -
222.70.168.128 - - [27/Mar/2023:08:22:09 +0800] "GET /xingrg/javascript/auto/jquery.autocomplete.css HTTP/1.1" 304 -
222.70.168.128 - - [27/Mar/2023:08:22:09 +0800] "GET /xingrg/javascript/jquery_tools/list_manager.js HTTP/1.1" 304 -
222.70.168.128 - - [27/Mar/2023:08:22:09 +0800] "GET /xingrg/javascript/auto/jquery.autocomplete.js HTTP/1.1" 304 -
222.70.168.128 - - [27/Mar/2023:08:22:09 +0800] "GET /xingrg/javascript/easyui/easyloader.js HTTP/1.1" 304 -
222.70.168.128 - - [27/Mar/2023:08:22:09 +0800] "GET /xingrg/javascript/jquery.utils.js HTTP/1.1" 304 -
222.70.168.128 - - [27/Mar/2023:08:22:09 +0800] "GET /xingrg/javascript/jquery_tools/jquery.tools.extend.js HTTP/1.1" 304 -
222.70.168.128 - - [27/Mar/2023:08:22:09 +0800] "GET /xingrg/javascript/jquery.cookie.js HTTP/1.1" 304 -
222.70.168.128 - - [27/Mar/2023:08:22:09 +0800] "GET /xingrg/javascript/jquery_tools/jquery.tools.table.js HTTP/1.1" 304 -
222.70.168.128 - - [27/Mar/2023:08:22:09 +0800] "GET /xingrg/javascript/jquery_tools/jquery.tools.min.js HTTP/1.1" 304 -
222.70.168.128 - - [27/Mar/2023:08:22:09 +0800] "GET /xingrg/javascript/jquery_tools/jquery.tools.hotkey.js HTTP/1.1" 304 -
222.70.168.128 - - [27/Mar/2023:08:22:09 +0800] "GET /xingrg/javascript/easyui/plugins/jquery.parser.js HTTP/1.1" 304 -
222.70.168.128 - - [27/Mar/2023:08:22:09 +0800] "POST /xingrg/kc/base/check_list_operate.html HTTP/1.1" 200 2577
222.70.168.128 - - [27/Mar/2023:08:22:12 +0800] "GET /xingrg/kc/base/check_order_info.html?code=452023032600314 HTTP/1.1" 200 26400
222.70.168.128 - - [27/Mar/2023:08:22:12 +0800] "GET /xingrg/css/blue.css HTTP/1.1" 304 -
222.70.168.128 - - [27/Mar/2023:08:22:12 +0800] "GET /xingrg/css/table.css HTTP/1.1" 304 -
222.70.168.128 - - [27/Mar/2023:08:22:12 +0800] "GET /xingrg/javascript/jquery_easy_ui/themes/default/easyui.css HTTP/1.1" 304 -
222.70.168.128 - - [27/Mar/2023:08:22:12 +0800] "GET /xingrg/javascript/jquery_easy_ui/themes/icon.css HTTP/1.1" 304 -
222.70.168.128 - - [27/Mar/2023:08:22:12 +0800] "GET /xingrg/javascript/pic_change.js HTTP/1.1" 304 -
222.70.168.128 - - [27/Mar/2023:08:22:12 +0800] "GET /xingrg/dwr/interface/AjaxComOrderService.js HTTP/1.1" 200 18264
222.70.168.128 - - [27/Mar/2023:08:22:13 +0800] "GET /xingrg/dwr/interface/AjaxCheckService.js HTTP/1.1" 200 14003
222.70.168.128 - - [27/Mar/2023:08:22:13 +0800] "GET /xingrg/dwr/util.js HTTP/1.1" 304 -
222.70.168.128 - - [27/Mar/2023:08:22:13 +0800] "GET /xingrg/javascript/AjaxInfoList.js HTTP/1.1" 304 -
222.70.168.128 - - [27/Mar/2023:08:22:13 +0800] "GET /xingrg/dwr/engine.js HTTP/1.1" 200 43631
222.70.168.128 - - [27/Mar/2023:08:22:13 +0800] "GET /xingrg/javascript/myfunction.js HTTP/1.1" 304 -
222.70.168.128 - - [27/Mar/2023:08:22:13 +0800] "GET /xingrg/javascript/jquery-1.4.2.min.js HTTP/1.1" 304 -
222.70.168.128 - - [27/Mar/2023:08:22:13 +0800] "GET /xingrg/javascript/convert.js HTTP/1.1" 304 -
222.70.168.128 - - [27/Mar/2023:08:22:13 +0800] "GET /xingrg/javascript/print/LodopFuncs.js HTTP/1.1" 304 -
222.70.168.128 - - [27/Mar/2023:08:22:13 +0800] "GET /xingrg/javascript/Calendar.js HTTP/1.1" 304 -
222.70.168.128 - - [27/Mar/2023:08:22:13 +0800] "GET /xingrg/javascript/jquery_easy_ui/jquery.easyui.min.js HTTP/1.1" 304 -
222.70.168.128 - - [27/Mar/2023:08:22:13 +0800] "GET /xingrg/javascript/print/kc_print.js HTTP/1.1" 304 -
222.70.168.128 - - [27/Mar/2023:08:22:13 +0800] "POST /xingrg/dwr/call/plaincall/AjaxCheckService.loadOrderItems.dwr HTTP/1.1" 200 85566
222.70.221.209 - - [27/Mar/2023:08:22:14 +0800] "GET /xingrg/all/function/internal_message.html?_=1679876632646&CODE_STATE=getMsg HTTP/1.1" 200 27
222.70.168.128 - - [27/Mar/2023:08:22:17 +0800] "GET /xingrg/all/function/internal_message.html?_=1679876538372&CODE_STATE=getMsg HTTP/1.1" 200 27
117.143.50.161 - - [27/Mar/2023:08:22:26 +0800] "GET /xingrg/all/function/internal_message.html?_=1679876569836&CODE_STATE=getMsg HTTP/1.1" 200 27
116.224.106.218 - - [27/Mar/2023:08:22:34 +0800] "GET /xingrg/all/function/internal_message.html?_=1679876554731&CODE_STATE=getMsg HTTP/1.1" 200 27
58.221.95.50 - - [27/Mar/2023:08:22:43 +0800] "GET /xingrg/all/function/internal_message.html?_=1679876563443&CODE_STATE=getMsg HTTP/1.1" 200 27
120.253.135.82 - - [27/Mar/2023:08:22:45 +0800] "GET /xingrg/all/function/internal_message.html?_=1679876696960&CODE_STATE=getMsg HTTP/1.1" 302 -
120.253.135.82 - - [27/Mar/2023:08:22:45 +0800] "GET /xingrg/check_reg.html?_=1679876696962 HTTP/1.1" 302 -
120.253.135.82 - - [27/Mar/2023:08:22:45 +0800] "GET /xingrg/login.html HTTP/1.1" 200 7641
120.253.135.82 - - [27/Mar/2023:08:22:45 +0800] "GET /xingrg/login.html HTTP/1.1" 200 7641
116.238.139.35 - - [27/Mar/2023:08:22:50 +0800] "GET /xingrg/all/function/internal_message.html?_=1679876572445&CODE_STATE=getMsg HTTP/1.1" 200 27
116.238.139.35 - - [27/Mar/2023:08:22:59 +0800] "GET /xingrg/all/function/internal_message.html?_=1679876499037&CODE_STATE=getMsg HTTP/1.1" 200 27
222.70.168.128 - - [27/Mar/2023:08:23:02 +0800] "POST /xingrg/dwr/call/plaincall/AjaxCheckService.setItemNumber.dwr HTTP/1.1" 200 76
222.70.168.128 - - [27/Mar/2023:08:23:03 +0800] "POST /xingrg/dwr/call/plaincall/AjaxCheckService.setItemNumber.dwr HTTP/1.1" 200 76
222.70.168.128 - - [27/Mar/2023:08:23:06 +0800] "POST /xingrg/dwr/call/plaincall/AjaxCheckService.setItemNumber.dwr HTTP/1.1" 200 76
222.70.168.128 - - [27/Mar/2023:08:23:08 +0800] "POST /xingrg/dwr/call/plaincall/AjaxCheckService.setItemNumber.dwr HTTP/1.1" 200 76
222.70.168.128 - - [27/Mar/2023:08:23:09 +0800] "POST /xingrg/dwr/call/plaincall/AjaxCheckService.setItemNumber.dwr HTTP/1.1" 200 76
222.70.168.128 - - [27/Mar/2023:08:23:11 +0800] "POST /xingrg/dwr/call/plaincall/AjaxCheckService.setItemNumber.dwr HTTP/1.1" 200 76
222.70.168.128 - - [27/Mar/2023:08:23:12 +0800] "POST /xingrg/dwr/call/plaincall/AjaxCheckService.setItemNumber.dwr HTTP/1.1" 200 76
222.70.168.128 - - [27/Mar/2023:08:23:13 +0800] "POST /xingrg/dwr/call/plaincall/AjaxCheckService.setItemNumber.dwr HTTP/1.1" 200 76
222.70.221.209 - - [27/Mar/2023:08:23:14 +0800] "GET /xingrg/all/function/internal_message.html?_=1679876692656&CODE_STATE=getMsg HTTP/1.1" 200 27
222.70.168.128 - - [27/Mar/2023:08:23:14 +0800] "POST /xingrg/dwr/call/plaincall/AjaxCheckService.setItemNumber.dwr HTTP/1.1" 200 76
222.70.168.128 - - [27/Mar/2023:08:23:16 +0800] "POST /xingrg/dwr/call/plaincall/AjaxCheckService.setItemNumber.dwr HTTP/1.1" 200 77
222.70.168.128 - - [27/Mar/2023:08:23:17 +0800] "GET /xingrg/all/function/internal_message.html?_=1679876598647&CODE_STATE=getMsg HTTP/1.1" 200 27
117.135.170.82 - - [27/Mar/2023:08:23:26 +0800] "GET /xingrg/all/function/internal_message.html?_=1679876569836&CODE_STATE=getMsg HTTP/1.1" 302 -
117.143.50.161 - - [27/Mar/2023:08:23:26 +0800] "GET /xingrg/all/function/internal_message.html?_=1679876629834&CODE_STATE=getMsg HTTP/1.1" 200 27
117.135.170.82 - - [27/Mar/2023:08:23:26 +0800] "GET /xingrg/login.html HTTP/1.1" 200 7641
116.224.106.218 - - [27/Mar/2023:08:23:34 +0800] "GET /xingrg/all/function/internal_message.html?_=1679876614716&CODE_STATE=getMsg HTTP/1.1" 200 27
222.70.168.128 - - [27/Mar/2023:08:23:40 +0800] "POST /xingrg/dwr/call/plaincall/AjaxCheckService.setItemNumber.dwr HTTP/1.1" 200 77
222.70.168.128 - - [27/Mar/2023:08:23:41 +0800] "POST /xingrg/dwr/call/plaincall/AjaxCheckService.setItemNumber.dwr HTTP/1.1" 200 77
58.221.95.50 - - [27/Mar/2023:08:23:43 +0800] "GET /xingrg/all/function/internal_message.html?_=1679876623429&CODE_STATE=getMsg HTTP/1.1" 200 27
222.70.168.128 - - [27/Mar/2023:08:23:45 +0800] "POST /xingrg/dwr/call/plaincall/AjaxCheckService.setItemNumber.dwr HTTP/1.1" 200 77
120.253.135.82 - - [27/Mar/2023:08:23:45 +0800] "GET /xingrg/all/function/internal_message.html?_=1679876756976&CODE_STATE=getMsg HTTP/1.1" 302 -
120.253.135.82 - - [27/Mar/2023:08:23:45 +0800] "GET /xingrg/login.html HTTP/1.1" 200 7641
222.70.168.128 - - [27/Mar/2023:08:23:46 +0800] "POST /xingrg/dwr/call/plaincall/AjaxCheckService.setItemNumber.dwr HTTP/1.1" 200 77
222.70.168.128 - - [27/Mar/2023:08:23:46 +0800] "POST /xingrg/dwr/call/plaincall/AjaxCheckService.setItemNumber.dwr HTTP/1.1" 200 77
222.70.168.128 - - [27/Mar/2023:08:23:49 +0800] "POST /xingrg/dwr/call/plaincall/AjaxCheckService.setItemNumber.dwr HTTP/1.1" 200 77
222.70.168.128 - - [27/Mar/2023:08:23:49 +0800] "POST /xingrg/dwr/call/plaincall/AjaxCheckService.setItemNumber.dwr HTTP/1.1" 200 77
222.70.168.128 - - [27/Mar/2023:08:23:50 +0800] "POST /xingrg/dwr/call/plaincall/AjaxCheckService.setItemNumber.dwr HTTP/1.1" 200 77
116.238.139.35 - - [27/Mar/2023:08:23:50 +0800] "GET /xingrg/all/function/internal_message.html?_=1679876632449&CODE_STATE=getMsg HTTP/1.1" 200 27
222.70.168.128 - - [27/Mar/2023:08:23:52 +0800] "POST /xingrg/dwr/call/plaincall/AjaxCheckService.setItemNumber.dwr HTTP/1.1" 200 77
222.70.168.128 - - [27/Mar/2023:08:23:52 +0800] "POST /xingrg/dwr/call/plaincall/AjaxCheckService.setItemNumber.dwr HTTP/1.1" 200 77
222.70.168.128 - - [27/Mar/2023:08:23:53 +0800] "POST /xingrg/dwr/call/plaincall/AjaxCheckService.setItemNumber.dwr HTTP/1.1" 200 77
222.70.168.128 - - [27/Mar/2023:08:23:55 +0800] "POST /xingrg/dwr/call/plaincall/AjaxCheckService.setItemNumber.dwr HTTP/1.1" 200 77
116.238.139.35 - - [27/Mar/2023:08:23:59 +0800] "GET /xingrg/all/function/internal_message.html?_=1679876559066&CODE_STATE=getMsg HTTP/1.1" 200 27
222.70.168.128 - - [27/Mar/2023:08:23:59 +0800] "POST /xingrg/dwr/call/plaincall/AjaxCheckService.setItemNumber.dwr HTTP/1.1" 200 77
222.70.168.128 - - [27/Mar/2023:08:24:00 +0800] "POST /xingrg/dwr/call/plaincall/AjaxCheckService.setItemNumber.dwr HTTP/1.1" 200 77
222.70.168.128 - - [27/Mar/2023:08:24:02 +0800] "POST /xingrg/dwr/call/plaincall/AjaxCheckService.setItemNumber.dwr HTTP/1.1" 200 77
222.70.168.128 - - [27/Mar/2023:08:24:03 +0800] "POST /xingrg/dwr/call/plaincall/AjaxCheckService.setItemNumber.dwr HTTP/1.1" 200 77
222.70.168.128 - - [27/Mar/2023:08:24:05 +0800] "POST /xingrg/dwr/call/plaincall/AjaxCheckService.setItemNumber.dwr HTTP/1.1" 200 77
222.70.168.128 - - [27/Mar/2023:08:24:07 +0800] "POST /xingrg/dwr/call/plaincall/AjaxCheckService.setItemNumber.dwr HTTP/1.1" 200 77
222.70.168.128 - - [27/Mar/2023:08:24:10 +0800] "POST /xingrg/dwr/call/plaincall/AjaxCheckService.setItemNumber.dwr HTTP/1.1" 200 77
222.70.168.128 - - [27/Mar/2023:08:24:12 +0800] "POST /xingrg/dwr/call/plaincall/AjaxCheckService.setItemNumber.dwr HTTP/1.1" 200 77
222.70.168.128 - - [27/Mar/2023:08:24:13 +0800] "POST /xingrg/dwr/call/plaincall/AjaxCheckService.setItemNumber.dwr HTTP/1.1" 200 77
222.70.221.209 - - [27/Mar/2023:08:24:14 +0800] "GET /xingrg/check_reg.html?_=1679876752657 HTTP/1.1" 200 22
222.70.221.209 - - [27/Mar/2023:08:24:14 +0800] "GET /xingrg/all/function/internal_message.html?_=1679876752659&CODE_STATE=getMsg HTTP/1.1" 200 27
222.70.168.128 - - [27/Mar/2023:08:24:16 +0800] "POST /xingrg/dwr/call/plaincall/AjaxCheckService.setItemNumber.dwr HTTP/1.1" 200 77
222.70.168.128 - - [27/Mar/2023:08:24:17 +0800] "GET /xingrg/all/function/internal_message.html?_=1679876658648&CODE_STATE=getMsg HTTP/1.1" 200 27
58.221.95.50 - - [27/Mar/2023:08:24:17 +0800] "GET /xingrg/check_reg.html?_=1679876657962 HTTP/1.1" 200 22
222.70.168.128 - - [27/Mar/2023:08:24:18 +0800] "POST /xingrg/dwr/call/plaincall/AjaxCheckService.setItemNumber.dwr HTTP/1.1" 200 77
222.70.168.128 - - [27/Mar/2023:08:24:20 +0800] "POST /xingrg/dwr/call/plaincall/AjaxCheckService.setItemNumber.dwr HTTP/1.1" 200 77
222.70.168.128 - - [27/Mar/2023:08:24:21 +0800] "POST /xingrg/dwr/call/plaincall/AjaxCheckService.setItemNumber.dwr HTTP/1.1" 200 77
222.70.168.128 - - [27/Mar/2023:08:24:23 +0800] "POST /xingrg/dwr/call/plaincall/AjaxCheckService.setItemNumber.dwr HTTP/1.1" 200 77
222.70.168.128 - - [27/Mar/2023:08:24:24 +0800] "POST /xingrg/dwr/call/plaincall/AjaxCheckService.setItemNumber.dwr HTTP/1.1" 200 77
117.143.50.161 - - [27/Mar/2023:08:24:26 +0800] "GET /xingrg/all/function/internal_message.html?_=1679876689836&CODE_STATE=getMsg HTTP/1.1" 200 27
222.70.168.128 - - [27/Mar/2023:08:24:26 +0800] "POST /xingrg/dwr/call/plaincall/AjaxCheckService.setItemNumber.dwr HTTP/1.1" 200 77
116.238.139.35 - - [27/Mar/2023:08:24:27 +0800] "GET /xingrg/check_reg.html?_=1679876587349 HTTP/1.1" 200 22
116.224.106.218 - - [27/Mar/2023:08:24:34 +0800] "GET /xingrg/all/function/internal_message.html?_=1679876674702&CODE_STATE=getMsg HTTP/1.1" 200 27
58.221.95.50 - - [27/Mar/2023:08:24:43 +0800] "GET /xingrg/all/function/internal_message.html?_=1679876683406&CODE_STATE=getMsg HTTP/1.1" 200 27
120.253.135.82 - - [27/Mar/2023:08:24:45 +0800] "GET /xingrg/all/function/internal_message.html?_=1679876816982&CODE_STATE=getMsg HTTP/1.1" 302 -
120.253.135.82 - - [27/Mar/2023:08:24:45 +0800] "GET /xingrg/login.html HTTP/1.1" 200 7641
116.238.139.35 - - [27/Mar/2023:08:24:48 +0800] "POST /xingrg/services/DataTransmitService HTTP/1.1" 200 524
116.238.139.35 - - [27/Mar/2023:08:24:50 +0800] "GET /xingrg/all/function/internal_message.html?_=1679876692450&CODE_STATE=getMsg HTTP/1.1" 200 27
116.238.139.35 - - [27/Mar/2023:08:24:50 +0800] "GET /xingrg/check_reg.html?_=1679876692454 HTTP/1.1" 200 22
116.238.139.35 - - [27/Mar/2023:08:24:59 +0800] "GET /xingrg/all/function/internal_message.html?_=1679876619080&CODE_STATE=getMsg HTTP/1.1" 200 27
124.78.155.10 - - [27/Mar/2023:08:25:13 +0800] "POST /xingrg/services/DataTransmitService HTTP/1.1" 200 524
222.70.221.209 - - [27/Mar/2023:08:25:14 +0800] "GET /xingrg/all/function/internal_message.html?_=1679876812647&CODE_STATE=getMsg HTTP/1.1" 200 27
222.70.168.128 - - [27/Mar/2023:08:25:17 +0800] "GET /xingrg/all/function/internal_message.html?_=1679876718661&CODE_STATE=getMsg HTTP/1.1" 200 27
117.143.50.161 - - [27/Mar/2023:08:25:26 +0800] "GET /xingrg/check_reg.html?_=1679876749839 HTTP/1.1" 200 22
117.135.173.70 - - [27/Mar/2023:08:25:26 +0800] "GET /xingrg/all/function/internal_message.html?_=1679876689836&CODE_STATE=getMsg HTTP/1.1" 302 -
117.143.50.161 - - [27/Mar/2023:08:25:26 +0800] "GET /xingrg/all/function/internal_message.html?_=1679876749846&CODE_STATE=getMsg HTTP/1.1" 200 27
117.135.173.70 - - [27/Mar/2023:08:25:26 +0800] "GET /xingrg/login.html HTTP/1.1" 200 7641
116.224.106.218 - - [27/Mar/2023:08:25:34 +0800] "GET /xingrg/all/function/internal_message.html?_=1679876734692&CODE_STATE=getMsg HTTP/1.1" 200 27
116.238.139.35 - - [27/Mar/2023:08:25:42 +0800] "GET /xingrg/kc/buy/cgsh_order_add.html HTTP/1.1" 200 69558
58.221.95.50 - - [27/Mar/2023:08:25:43 +0800] "GET /xingrg/all/function/internal_message.html?_=1679876743400&CODE_STATE=getMsg HTTP/1.1" 200 27
116.238.139.35 - - [27/Mar/2023:08:25:43 +0800] "POST /xingrg/kc/buy/cgsh_order_operate.html HTTP/1.1" 200 8245
116.238.139.35 - - [27/Mar/2023:08:25:43 +0800] "GET /xingrg/javascript/easyui/themes/default/validatebox.css HTTP/1.1" 404 1104
120.253.135.82 - - [27/Mar/2023:08:25:45 +0800] "GET /xingrg/all/function/internal_message.html?_=1679876876974&CODE_STATE=getMsg HTTP/1.1" 302 -
120.253.135.82 - - [27/Mar/2023:08:25:45 +0800] "GET /xingrg/login.html HTTP/1.1" 200 7641
116.238.139.35 - - [27/Mar/2023:08:25:50 +0800] "GET /xingrg/all/function/internal_message.html?_=1679876752451&CODE_STATE=getMsg HTTP/1.1" 200 27
116.238.139.35 - - [27/Mar/2023:08:25:53 +0800] "GET /xingrg/kc/buy/cgsh_order_operate.html?command=get_materiel&rest_code=00151&code=00101016025&supplier_code=00100096&order_time=2023-03-27 HTTP/1.1" 200 408
116.224.106.218 - - [27/Mar/2023:08:25:55 +0800] "GET /xingrg/check_reg.html?_=1679876755566 HTTP/1.1" 200 22
116.238.139.35 - - [27/Mar/2023:08:25:59 +0800] "GET /xingrg/all/function/internal_message.html?_=1679876679094&CODE_STATE=getMsg HTTP/1.1" 200 27
222.70.168.128 - - [27/Mar/2023:08:26:00 +0800] "POST /xingrg/dwr/call/plaincall/AjaxCheckService.setItemNumber.dwr HTTP/1.1" 200 77
222.70.168.128 - - [27/Mar/2023:08:26:04 +0800] "POST /xingrg/dwr/call/plaincall/AjaxCheckService.setItemNumber.dwr HTTP/1.1" 200 77
222.70.168.128 - - [27/Mar/2023:08:26:06 +0800] "POST /xingrg/dwr/call/plaincall/AjaxCheckService.setItemNumber.dwr HTTP/1.1" 200 77
116.238.139.35 - - [27/Mar/2023:08:26:07 +0800] "GET /xingrg/kc/buy/cgsh_order_operate.html?command=get_materiel&rest_code=00151&code=00101012039&supplier_code=00100096&order_time=2023-03-27 HTTP/1.1" 200 408
222.70.168.128 - - [27/Mar/2023:08:26:08 +0800] "POST /xingrg/dwr/call/plaincall/AjaxCheckService.setItemNumber.dwr HTTP/1.1" 200 77
222.70.168.128 - - [27/Mar/2023:08:26:10 +0800] "POST /xingrg/dwr/call/plaincall/AjaxCheckService.setItemNumber.dwr HTTP/1.1" 200 77
222.70.221.209 - - [27/Mar/2023:08:26:14 +0800] "GET /xingrg/all/function/internal_message.html?_=1679876872655&CODE_STATE=getMsg HTTP/1.1" 200 27
222.70.168.128 - - [27/Mar/2023:08:26:14 +0800] "GET /xingrg/check_reg.html?_=1679876776179 HTTP/1.1" 200 22
222.70.168.128 - - [27/Mar/2023:08:26:15 +0800] "POST /xingrg/dwr/call/plaincall/AjaxCheckService.setItemNumber.dwr HTTP/1.1" 200 77
116.238.139.35 - - [27/Mar/2023:08:26:15 +0800] "GET /xingrg/kc/buy/cgsh_order_operate.html?command=get_materiel&rest_code=00151&code=00101012060&supplier_code=00100096&order_time=2023-03-27 HTTP/1.1" 200 408
222.70.168.128 - - [27/Mar/2023:08:26:17 +0800] "GET /xingrg/all/function/internal_message.html?_=1679876778675&CODE_STATE=getMsg HTTP/1.1" 200 27
222.70.168.128 - - [27/Mar/2023:08:26:19 +0800] "POST /xingrg/dwr/call/plaincall/AjaxCheckService.setItemNumber.dwr HTTP/1.1" 200 77
116.238.139.35 - - [27/Mar/2023:08:26:22 +0800] "GET /xingrg/kc/buy/cgsh_order_operate.html?command=get_materiel&rest_code=00151&code=00101012059&supplier_code=00100096&order_time=2023-03-27 HTTP/1.1" 200 412
222.70.168.128 - - [27/Mar/2023:08:26:22 +0800] "POST /xingrg/dwr/call/plaincall/AjaxCheckService.setItemNumber.dwr HTTP/1.1" 200 77
222.70.168.128 - - [27/Mar/2023:08:26:24 +0800] "POST /xingrg/dwr/call/plaincall/AjaxCheckService.setItemNumber.dwr HTTP/1.1" 200 77
222.70.168.128 - - [27/Mar/2023:08:26:25 +0800] "POST /xingrg/dwr/call/plaincall/AjaxCheckService.setItemNumber.dwr HTTP/1.1" 200 77
117.143.50.161 - - [27/Mar/2023:08:26:26 +0800] "GET /xingrg/all/function/internal_message.html?_=1679876809820&CODE_STATE=getMsg HTTP/1.1" 200 27
117.135.169.143 - - [27/Mar/2023:08:26:26 +0800] "GET /xingrg/check_reg.html?_=1679876749839 HTTP/1.1" 302 -
117.135.169.143 - - [27/Mar/2023:08:26:26 +0800] "GET /xingrg/login.html HTTP/1.1" 200 7641
222.70.168.128 - - [27/Mar/2023:08:26:28 +0800] "POST /xingrg/dwr/call/plaincall/AjaxCheckService.setItemNumber.dwr HTTP/1.1" 200 77
222.70.168.128 - - [27/Mar/2023:08:26:29 +0800] "POST /xingrg/dwr/call/plaincall/AjaxCheckService.setItemNumber.dwr HTTP/1.1" 200 77
222.70.168.128 - - [27/Mar/2023:08:26:32 +0800] "POST /xingrg/dwr/call/plaincall/AjaxCheckService.setItemNumber.dwr HTTP/1.1" 200 77
117.135.169.143 - - [27/Mar/2023:08:26:34 +0800] "GET /xingrg/all/function/internal_message.html?_=1679876749846&CODE_STATE=getMsg HTTP/1.1" 302 -
117.135.169.143 - - [27/Mar/2023:08:26:34 +0800] "GET /xingrg/login.html HTTP/1.1" 200 7641
116.224.106.218 - - [27/Mar/2023:08:26:34 +0800] "GET /xingrg/all/function/internal_message.html?_=1679876794663&CODE_STATE=getMsg HTTP/1.1" 200 27
116.238.139.35 - - [27/Mar/2023:08:26:35 +0800] "GET /xingrg/kc/buy/cgsh_order_operate.html?command=get_materiel&rest_code=00151&code=00101001044&supplier_code=00100096&order_time=2023-03-27 HTTP/1.1" 200 411
58.221.95.50 - - [27/Mar/2023:08:26:42 +0800] "GET /xingrg/all/function/internal_message.html?_=1679876803385&CODE_STATE=getMsg HTTP/1.1" 200 27
120.253.135.82 - - [27/Mar/2023:08:26:45 +0800] "GET /xingrg/all/function/internal_message.html?_=1679876936978&CODE_STATE=getMsg HTTP/1.1" 302 -
120.253.135.82 - - [27/Mar/2023:08:26:45 +0800] "GET /xingrg/login.html HTTP/1.1" 200 7641
116.238.139.35 - - [27/Mar/2023:08:26:46 +0800] "GET /xingrg/kc/buy/cgsh_order_operate.html?command=get_materiel&rest_code=00151&code=00101001075&supplier_code=00100096&order_time=2023-03-27 HTTP/1.1" 200 409
222.70.168.128 - - [27/Mar/2023:08:26:50 +0800] "POST /xingrg/dwr/call/plaincall/AjaxCheckService.setItemNumber.dwr HTTP/1.1" 200 77
116.238.139.35 - - [27/Mar/2023:08:26:50 +0800] "GET /xingrg/all/function/internal_message.html?_=1679876812447&CODE_STATE=getMsg HTTP/1.1" 200 27
116.238.139.35 - - [27/Mar/2023:08:26:57 +0800] "GET /xingrg/kc/buy/cgsh_order_operate.html?command=get_materiel&rest_code=00151&code=00101006084&supplier_code=00100096&order_time=2023-03-27 HTTP/1.1" 200 415
222.70.168.128 - - [27/Mar/2023:08:26:57 +0800] "POST /xingrg/dwr/call/plaincall/AjaxCheckService.setItemNumber.dwr HTTP/1.1" 200 77
116.238.139.35 - - [27/Mar/2023:08:26:59 +0800] "GET /xingrg/all/function/internal_message.html?_=1679876739124&CODE_STATE=getMsg HTTP/1.1" 200 27
222.70.168.128 - - [27/Mar/2023:08:27:05 +0800] "POST /xingrg/dwr/call/plaincall/AjaxCheckService.setItemNumber.dwr HTTP/1.1" 200 77
116.238.139.35 - - [27/Mar/2023:08:27:08 +0800] "GET /xingrg/kc/buy/cgsh_order_operate.html?command=get_materiel&rest_code=00151&code=00101007062&supplier_code=00100096&order_time=2023-03-27 HTTP/1.1" 200 412
222.70.168.128 - - [27/Mar/2023:08:27:09 +0800] "POST /xingrg/dwr/call/plaincall/AjaxCheckService.setItemNumber.dwr HTTP/1.1" 200 77
222.70.168.128 - - [27/Mar/2023:08:27:11 +0800] "POST /xingrg/dwr/call/plaincall/AjaxCheckService.setItemNumber.dwr HTTP/1.1" 200 77
222.70.168.128 - - [27/Mar/2023:08:27:12 +0800] "POST /xingrg/dwr/call/plaincall/AjaxCheckService.setItemNumber.dwr HTTP/1.1" 200 77
116.238.139.35 - - [27/Mar/2023:08:27:14 +0800] "GET /xingrg/kc/buy/cgsh_order_operate.html?command=get_materiel&rest_code=00151&code=00101007083&supplier_code=00100096&order_time=2023-03-27 HTTP/1.1" 200 421
222.70.168.128 - - [27/Mar/2023:08:27:14 +0800] "POST /xingrg/dwr/call/plaincall/AjaxCheckService.setItemNumber.dwr HTTP/1.1" 200 77
222.70.221.209 - - [27/Mar/2023:08:27:14 +0800] "GET /xingrg/all/function/internal_message.html?_=1679876932656&CODE_STATE=getMsg HTTP/1.1" 200 27
222.70.168.128 - - [27/Mar/2023:08:27:16 +0800] "POST /xingrg/dwr/call/plaincall/AjaxCheckService.setItemNumber.dwr HTTP/1.1" 200 77
222.70.168.128 - - [27/Mar/2023:08:27:17 +0800] "POST /xingrg/dwr/call/plaincall/AjaxCheckService.setItemNumber.dwr HTTP/1.1" 200 77
222.70.168.128 - - [27/Mar/2023:08:27:17 +0800] "GET /xingrg/all/function/internal_message.html?_=1679876838880&CODE_STATE=getMsg HTTP/1.1" 200 27
222.70.168.128 - - [27/Mar/2023:08:27:18 +0800] "POST /xingrg/dwr/call/plaincall/AjaxCheckService.setItemNumber.dwr HTTP/1.1" 200 77
222.70.168.128 - - [27/Mar/2023:08:27:20 +0800] "POST /xingrg/dwr/call/plaincall/AjaxCheckService.setItemNumber.dwr HTTP/1.1" 200 77
222.70.168.128 - - [27/Mar/2023:08:27:21 +0800] "POST /xingrg/dwr/call/plaincall/AjaxCheckService.setItemNumber.dwr HTTP/1.1" 200 77
222.70.168.128 - - [27/Mar/2023:08:27:23 +0800] "POST /xingrg/dwr/call/plaincall/AjaxCheckService.setItemNumber.dwr HTTP/1.1" 200 77
116.238.139.35 - - [27/Mar/2023:08:27:24 +0800] "GET /xingrg/kc/buy/cgsh_order_operate.html?command=get_materiel&rest_code=00151&code=00101007049&supplier_code=00100096&order_time=2023-03-27 HTTP/1.1" 200 411
222.70.168.128 - - [27/Mar/2023:08:27:24 +0800] "POST /xingrg/dwr/call/plaincall/AjaxCheckService.setItemNumber.dwr HTTP/1.1" 200 77
117.135.171.114 - - [27/Mar/2023:08:27:26 +0800] "GET /xingrg/all/function/internal_message.html?_=1679876809820&CODE_STATE=getMsg HTTP/1.1" 302 -
117.143.50.161 - - [27/Mar/2023:08:27:26 +0800] "GET /xingrg/all/function/internal_message.html?_=1679876869831&CODE_STATE=getMsg HTTP/1.1" 200 27
117.135.171.114 - - [27/Mar/2023:08:27:26 +0800] "GET /xingrg/login.html HTTP/1.1" 200 7641
222.70.168.128 - - [27/Mar/2023:08:27:26 +0800] "POST /xingrg/dwr/call/plaincall/AjaxCheckService.setItemNumber.dwr HTTP/1.1" 200 77
222.70.168.128 - - [27/Mar/2023:08:27:28 +0800] "POST /xingrg/dwr/call/plaincall/AjaxCheckService.setItemNumber.dwr HTTP/1.1" 200 77
222.70.168.128 - - [27/Mar/2023:08:27:28 +0800] "POST /xingrg/dwr/call/plaincall/AjaxCheckService.setItemNumber.dwr HTTP/1.1" 200 77
222.70.168.128 - - [27/Mar/2023:08:27:30 +0800] "POST /xingrg/dwr/call/plaincall/AjaxCheckService.setItemNumber.dwr HTTP/1.1" 200 77
222.70.168.128 - - [27/Mar/2023:08:27:31 +0800] "POST /xingrg/dwr/call/plaincall/AjaxCheckService.setItemNumber.dwr HTTP/1.1" 200 77
222.70.168.128 - - [27/Mar/2023:08:27:32 +0800] "POST /xingrg/dwr/call/plaincall/AjaxCheckService.setItemNumber.dwr HTTP/1.1" 200 77
116.224.106.218 - - [27/Mar/2023:08:27:34 +0800] "GET /xingrg/all/function/internal_message.html?_=1679876854648&CODE_STATE=getMsg HTTP/1.1" 200 27
222.70.168.128 - - [27/Mar/2023:08:27:35 +0800] "POST /xingrg/dwr/call/plaincall/AjaxCheckService.setItemNumber.dwr HTTP/1.1" 200 77
222.70.168.128 - - [27/Mar/2023:08:27:36 +0800] "POST /xingrg/dwr/call/plaincall/AjaxCheckService.setItemNumber.dwr HTTP/1.1" 200 77
222.70.168.128 - - [27/Mar/2023:08:27:37 +0800] "POST /xingrg/dwr/call/plaincall/AjaxCheckService.setItemNumber.dwr HTTP/1.1" 200 77
222.70.168.128 - - [27/Mar/2023:08:27:39 +0800] "POST /xingrg/dwr/call/plaincall/AjaxCheckService.setItemNumber.dwr HTTP/1.1" 200 77
222.70.168.128 - - [27/Mar/2023:08:27:41 +0800] "POST /xingrg/dwr/call/plaincall/AjaxCheckService.setItemNumber.dwr HTTP/1.1" 200 77
58.221.95.50 - - [27/Mar/2023:08:27:42 +0800] "GET /xingrg/all/function/internal_message.html?_=1679876863366&CODE_STATE=getMsg HTTP/1.1" 200 27
222.70.168.128 - - [27/Mar/2023:08:27:43 +0800] "POST /xingrg/dwr/call/plaincall/AjaxCheckService.setItemNumber.dwr HTTP/1.1" 200 77
222.70.168.128 - - [27/Mar/2023:08:27:44 +0800] "POST /xingrg/dwr/call/plaincall/AjaxCheckService.setItemNumber.dwr HTTP/1.1" 200 77
120.253.135.82 - - [27/Mar/2023:08:27:45 +0800] "GET /xingrg/all/function/internal_message.html?_=1679876996988&CODE_STATE=getMsg HTTP/1.1" 302 -
120.253.135.82 - - [27/Mar/2023:08:27:45 +0800] "GET /xingrg/check_reg.html?_=1679876996990 HTTP/1.1" 302 -
120.253.135.82 - - [27/Mar/2023:08:27:45 +0800] "GET /xingrg/login.html HTTP/1.1" 200 7641
120.253.135.82 - - [27/Mar/2023:08:27:45 +0800] "GET /xingrg/login.html HTTP/1.1" 200 7641
116.238.139.35 - - [27/Mar/2023:08:27:45 +0800] "GET /xingrg/kc/buy/cgsh_order_operate.html?command=get_materiel&rest_code=00151&code=00101006229&supplier_code=00100096&order_time=2023-03-27 HTTP/1.1" 200 426
222.70.168.128 - - [27/Mar/2023:08:27:46 +0800] "POST /xingrg/dwr/call/plaincall/AjaxCheckService.setItemNumber.dwr HTTP/1.1" 200 77
222.70.168.128 - - [27/Mar/2023:08:27:49 +0800] "POST /xingrg/dwr/call/plaincall/AjaxCheckService.setItemNumber.dwr HTTP/1.1" 200 77
116.238.139.35 - - [27/Mar/2023:08:27:50 +0800] "GET /xingrg/all/function/internal_message.html?_=1679876872456&CODE_STATE=getMsg HTTP/1.1" 200 27
222.70.168.128 - - [27/Mar/2023:08:27:51 +0800] "POST /xingrg/dwr/call/plaincall/AjaxCheckService.setItemNumber.dwr HTTP/1.1" 200 77
222.70.168.128 - - [27/Mar/2023:08:27:52 +0800] "POST /xingrg/dwr/call/plaincall/AjaxCheckService.setItemNumber.dwr HTTP/1.1" 200 77
222.70.168.128 - - [27/Mar/2023:08:27:53 +0800] "POST /xingrg/dwr/call/plaincall/AjaxCheckService.setItemNumber.dwr HTTP/1.1" 200 77
222.70.168.128 - - [27/Mar/2023:08:27:55 +0800] "POST /xingrg/dwr/call/plaincall/AjaxCheckService.setItemNumber.dwr HTTP/1.1" 200 77
222.70.168.128 - - [27/Mar/2023:08:27:56 +0800] "POST /xingrg/dwr/call/plaincall/AjaxCheckService.setItemNumber.dwr HTTP/1.1" 200 77
116.238.139.35 - - [27/Mar/2023:08:27:59 +0800] "GET /xingrg/all/function/internal_message.html?_=1679876799137&CODE_STATE=getMsg HTTP/1.1" 200 27
222.70.168.128 - - [27/Mar/2023:08:28:00 +0800] "POST /xingrg/dwr/call/plaincall/AjaxCheckService.setItemNumber.dwr HTTP/1.1" 200 77
116.238.139.35 - - [27/Mar/2023:08:28:00 +0800] "GET /xingrg/kc/buy/cgsh_order_operate.html?command=get_materiel&rest_code=00151&code=00101006184&supplier_code=00100096&order_time=2023-03-27 HTTP/1.1" 200 410
222.70.168.128 - - [27/Mar/2023:08:28:02 +0800] "POST /xingrg/dwr/call/plaincall/AjaxCheckService.setItemNumber.dwr HTTP/1.1" 200 77
222.70.168.128 - - [27/Mar/2023:08:28:02 +0800] "POST /xingrg/dwr/call/plaincall/AjaxCheckService.setItemNumber.dwr HTTP/1.1" 200 77
222.70.168.128 - - [27/Mar/2023:08:28:03 +0800] "POST /xingrg/dwr/call/plaincall/AjaxCheckService.setItemNumber.dwr HTTP/1.1" 200 77
222.70.168.128 - - [27/Mar/2023:08:28:04 +0800] "POST /xingrg/dwr/call/plaincall/AjaxCheckService.setItemNumber.dwr HTTP/1.1" 200 77
222.70.168.128 - - [27/Mar/2023:08:28:05 +0800] "POST /xingrg/dwr/call/plaincall/AjaxCheckService.setItemNumber.dwr HTTP/1.1" 200 77
222.70.168.128 - - [27/Mar/2023:08:28:06 +0800] "POST /xingrg/dwr/call/plaincall/AjaxCheckService.setItemNumber.dwr HTTP/1.1" 200 77
116.238.139.35 - - [27/Mar/2023:08:28:11 +0800] "GET /xingrg/kc/buy/cgsh_order_operate.html?command=get_materiel&rest_code=00151&code=00101006065&supplier_code=00100096&order_time=2023-03-27 HTTP/1.1" 200 411
222.70.221.209 - - [27/Mar/2023:08:28:14 +0800] "GET /xingrg/all/function/internal_message.html?_=1679876992654&CODE_STATE=getMsg HTTP/1.1" 200 27
222.70.168.128 - - [27/Mar/2023:08:28:15 +0800] "POST /xingrg/dwr/call/plaincall/AjaxCheckService.setItemNumber.dwr HTTP/1.1" 200 77
222.70.168.128 - - [27/Mar/2023:08:28:17 +0800] "GET /xingrg/all/function/internal_message.html?_=1679876899181&CODE_STATE=getMsg HTTP/1.1" 200 27
222.70.168.128 - - [27/Mar/2023:08:28:24 +0800] "POST /xingrg/dwr/call/plaincall/AjaxCheckService.setItemNumber.dwr HTTP/1.1" 200 77
222.70.168.128 - - [27/Mar/2023:08:28:25 +0800] "POST /xingrg/dwr/call/plaincall/AjaxCheckService.setItemNumber.dwr HTTP/1.1" 200 77
117.143.50.161 - - [27/Mar/2023:08:28:26 +0800] "GET /xingrg/all/function/internal_message.html?_=1679876929824&CODE_STATE=getMsg HTTP/1.1" 200 27
117.135.171.114 - - [27/Mar/2023:08:28:26 +0800] "GET /xingrg/all/function/internal_message.html?_=1679876869831&CODE_STATE=getMsg HTTP/1.1" 302 -
117.135.171.114 - - [27/Mar/2023:08:28:26 +0800] "GET /xingrg/login.html HTTP/1.1" 200 7641
222.70.168.128 - - [27/Mar/2023:08:28:27 +0800] "POST /xingrg/dwr/call/plaincall/AjaxCheckService.setItemNumber.dwr HTTP/1.1" 200 77
222.70.168.128 - - [27/Mar/2023:08:28:28 +0800] "POST /xingrg/dwr/call/plaincall/AjaxCheckService.setItemNumber.dwr HTTP/1.1" 200 77
222.70.168.128 - - [27/Mar/2023:08:28:29 +0800] "POST /xingrg/dwr/call/plaincall/AjaxCheckService.setItemNumber.dwr HTTP/1.1" 200 77
222.70.168.128 - - [27/Mar/2023:08:28:30 +0800] "POST /xingrg/dwr/call/plaincall/AjaxCheckService.setItemNumber.dwr HTTP/1.1" 200 77
222.70.168.128 - - [27/Mar/2023:08:28:32 +0800] "POST /xingrg/dwr/call/plaincall/AjaxCheckService.setItemNumber.dwr HTTP/1.1" 200 78
222.70.168.128 - - [27/Mar/2023:08:28:34 +0800] "POST /xingrg/dwr/call/plaincall/AjaxCheckService.setItemNumber.dwr HTTP/1.1" 200 78
116.224.106.218 - - [27/Mar/2023:08:28:34 +0800] "GET /xingrg/all/function/internal_message.html?_=1679876914636&CODE_STATE=getMsg HTTP/1.1" 200 27
222.70.168.128 - - [27/Mar/2023:08:28:35 +0800] "POST /xingrg/dwr/call/plaincall/AjaxCheckService.setItemNumber.dwr HTTP/1.1" 200 78
222.70.168.128 - - [27/Mar/2023:08:28:37 +0800] "POST /xingrg/dwr/call/plaincall/AjaxCheckService.setItemNumber.dwr HTTP/1.1" 200 78
222.70.168.128 - - [27/Mar/2023:08:28:39 +0800] "POST /xingrg/dwr/call/plaincall/AjaxCheckService.setItemNumber.dwr HTTP/1.1" 200 78
116.238.139.35 - - [27/Mar/2023:08:28:39 +0800] "POST /xingrg/kc/buy/cgsh_order_operate.html HTTP/1.1" 200 37
222.70.168.128 - - [27/Mar/2023:08:28:40 +0800] "POST /xingrg/dwr/call/plaincall/AjaxCheckService.setItemNumber.dwr HTTP/1.1" 200 78
222.70.168.128 - - [27/Mar/2023:08:28:41 +0800] "POST /xingrg/dwr/call/plaincall/AjaxCheckService.setItemNumber.dwr HTTP/1.1" 200 78
222.70.168.128 - - [27/Mar/2023:08:28:42 +0800] "POST /xingrg/dwr/call/plaincall/AjaxCheckService.setItemNumber.dwr HTTP/1.1" 200 78
58.221.95.50 - - [27/Mar/2023:08:28:42 +0800] "GET /xingrg/all/function/internal_message.html?_=1679876923343&CODE_STATE=getMsg HTTP/1.1" 200 27
222.70.168.128 - - [27/Mar/2023:08:28:43 +0800] "POST /xingrg/dwr/call/plaincall/AjaxCheckService.setItemNumber.dwr HTTP/1.1" 200 78
222.70.168.128 - - [27/Mar/2023:08:28:43 +0800] "POST /xingrg/dwr/call/plaincall/AjaxCheckService.setItemNumber.dwr HTTP/1.1" 200 78
222.70.168.128 - - [27/Mar/2023:08:28:45 +0800] "POST /xingrg/dwr/call/plaincall/AjaxCheckService.setItemNumber.dwr HTTP/1.1" 200 78
120.253.135.82 - - [27/Mar/2023:08:28:45 +0800] "GET /xingrg/all/function/internal_message.html?_=1679877056994&CODE_STATE=getMsg HTTP/1.1" 302 -
120.253.135.82 - - [27/Mar/2023:08:28:45 +0800] "GET /xingrg/login.html HTTP/1.1" 200 7641
222.70.168.128 - - [27/Mar/2023:08:28:45 +0800] "POST /xingrg/dwr/call/plaincall/AjaxCheckService.setItemNumber.dwr HTTP/1.1" 200 78
222.70.168.128 - - [27/Mar/2023:08:28:50 +0800] "POST /xingrg/dwr/call/plaincall/AjaxCheckService.setItemNumber.dwr HTTP/1.1" 200 78
116.238.139.35 - - [27/Mar/2023:08:28:50 +0800] "GET /xingrg/all/function/internal_message.html?_=1679876932470&CODE_STATE=getMsg HTTP/1.1" 200 27
222.70.168.128 - - [27/Mar/2023:08:28:51 +0800] "POST /xingrg/dwr/call/plaincall/AjaxCheckService.setItemNumber.dwr HTTP/1.1" 200 78
116.238.139.35 - - [27/Mar/2023:08:28:53 +0800] "POST /xingrg/kc/buy/cgsh_order_operate.html HTTP/1.1" 200 12
222.70.168.128 - - [27/Mar/2023:08:28:53 +0800] "POST /xingrg/dwr/call/plaincall/AjaxCheckService.setItemNumber.dwr HTTP/1.1" 200 78
222.70.168.128 - - [27/Mar/2023:08:28:54 +0800] "POST /xingrg/dwr/call/plaincall/AjaxCheckService.setItemNumber.dwr HTTP/1.1" 200 78
222.70.168.128 - - [27/Mar/2023:08:28:55 +0800] "POST /xingrg/dwr/call/plaincall/AjaxCheckService.setItemNumber.dwr HTTP/1.1" 200 78
222.70.168.128 - - [27/Mar/2023:08:28:56 +0800] "POST /xingrg/dwr/call/plaincall/AjaxCheckService.setItemNumber.dwr HTTP/1.1" 200 78
222.70.168.128 - - [27/Mar/2023:08:28:56 +0800] "POST /xingrg/dwr/call/plaincall/AjaxCheckService.setItemNumber.dwr HTTP/1.1" 200 78
222.70.168.128 - - [27/Mar/2023:08:28:58 +0800] "POST /xingrg/dwr/call/plaincall/AjaxCheckService.setItemNumber.dwr HTTP/1.1" 200 78
116.238.139.35 - - [27/Mar/2023:08:28:59 +0800] "GET /xingrg/all/function/internal_message.html?_=1679876859164&CODE_STATE=getMsg HTTP/1.1" 200 27
222.70.168.128 - - [27/Mar/2023:08:28:59 +0800] "POST /xingrg/dwr/call/plaincall/AjaxCheckService.setItemNumber.dwr HTTP/1.1" 200 78
222.70.168.128 - - [27/Mar/2023:08:29:01 +0800] "POST /xingrg/dwr/call/plaincall/AjaxCheckService.setItemNumber.dwr HTTP/1.1" 200 78
116.238.139.35 - - [27/Mar/2023:08:29:01 +0800] "GET /xingrg/kc/buy/cgsh_order_info.html?code=212023032710085 HTTP/1.1" 200 64451
116.238.139.35 - - [27/Mar/2023:08:29:02 +0800] "GET /xingrg/javascript/easyui/themes/default/validatebox.css HTTP/1.1" 404 1104
222.70.168.128 - - [27/Mar/2023:08:29:02 +0800] "POST /xingrg/dwr/call/plaincall/AjaxCheckService.setItemNumber.dwr HTTP/1.1" 200 78
116.238.139.35 - - [27/Mar/2023:08:29:03 +0800] "POST /xingrg/kc/buy/cgsh_order_operate.html HTTP/1.1" 200 7195
222.70.168.128 - - [27/Mar/2023:08:29:04 +0800] "POST /xingrg/dwr/call/plaincall/AjaxCheckService.setItemNumber.dwr HTTP/1.1" 200 78
