222.70.182.87 - - [27/Mar/2023:10:15:27 +0800] "GET /xingrg/kc/buy/cgsh_order_operate.html?command=get_materiel&rest_code=00111&code=00102007040&supplier_code=00100082&order_time=2023-03-27 HTTP/1.1" 200 431
116.224.106.218 - - [27/Mar/2023:10:15:33 +0800] "GET /xingrg/all/function/internal_message.html?_=1679883332866&CODE_STATE=getMsg HTTP/1.1" 200 27
222.70.168.128 - - [27/Mar/2023:10:15:36 +0800] "GET /xingrg/all/function/internal_message.html?_=1679883338550&CODE_STATE=getMsg HTTP/1.1" 200 27
116.224.158.100 - - [27/Mar/2023:10:15:39 +0800] "GET /xingrg/kc/buy/cgsh_order_operate.html?command=get_materiel&rest_code=00105&code=00101006087&supplier_code=00100012&order_time=2023-03-27 HTTP/1.1" 200 409
114.83.216.127 - - [27/Mar/2023:10:15:40 +0800] "GET /xingrg/all/function/internal_message.html?_=1679883339845&CODE_STATE=getMsg HTTP/1.1" 200 27
222.70.168.128 - - [27/Mar/2023:10:15:40 +0800] "GET /xingrg/kc/buy/cgsh_order_operate.html?command=get_materiel&rest_code=00146&code=00101008291&supplier_code=00100005&order_time=2023-03-27 HTTP/1.1" 200 408
58.221.95.50 - - [27/Mar/2023:10:15:41 +0800] "GET /xingrg/all/function/internal_message.html?_=1679883341605&CODE_STATE=getMsg HTTP/1.1" 200 27
120.253.135.82 - - [27/Mar/2023:10:15:45 +0800] "GET /xingrg/all/function/internal_message.html?_=1679883477544&CODE_STATE=getMsg HTTP/1.1" 302 -
120.253.135.82 - - [27/Mar/2023:10:15:45 +0800] "GET /xingrg/login.html HTTP/1.1" 200 7641
222.70.168.128 - - [27/Mar/2023:10:15:47 +0800] "POST /xingrg/kc/buy/cgsh_order_operate.html HTTP/1.1" 200 2065
120.253.135.82 - - [27/Mar/2023:10:15:49 +0800] "GET /xingrg/all/function/internal_message.html?_=1679883181562&CODE_STATE=getMsg HTTP/1.1" 200 27
222.67.232.202 - - [27/Mar/2023:10:15:50 +0800] "GET /xingrg/all/function/internal_message.html?_=1679883350278&CODE_STATE=getMsg HTTP/1.1" 200 27
222.70.182.87 - - [27/Mar/2023:10:15:54 +0800] "GET /xingrg/all/function/internal_message.html?_=1679883354699&CODE_STATE=getMsg HTTP/1.1" 200 27
116.224.106.218 - - [27/Mar/2023:10:15:55 +0800] "GET /xingrg/check_reg.html?_=1679883355723 HTTP/1.1" 200 22
180.163.30.100 - - [27/Mar/2023:10:15:59 +0800] "GET /xingrg/all/function/internal_message.html?_=1679883301016&CODE_STATE=getMsg HTTP/1.1" 302 -
180.163.29.217 - - [27/Mar/2023:10:15:59 +0800] "GET /xingrg/check_reg.html?_=1679883301030 HTTP/1.1" 302 -
180.163.29.217 - - [27/Mar/2023:10:15:59 +0800] "GET /xingrg/login.html HTTP/1.1" 200 7641
124.78.155.10 - - [27/Mar/2023:10:15:59 +0800] "GET /xingrg/all/function/internal_message.html?_=1679883361028&CODE_STATE=getMsg HTTP/1.1" 200 27
180.163.30.100 - - [27/Mar/2023:10:15:59 +0800] "GET /xingrg/login.html HTTP/1.1" 200 7641
120.253.135.82 - - [27/Mar/2023:10:16:00 +0800] "GET /xingrg/all/function/internal_message.html?_=1679883360641&CODE_STATE=getMsg HTTP/1.1" 200 27
116.224.158.100 - - [27/Mar/2023:10:16:00 +0800] "POST /xingrg/services/DataTransmitService HTTP/1.1" 200 524
222.70.168.128 - - [27/Mar/2023:10:16:04 +0800] "GET /xingrg/kc/buy/cgsh_order_operate.html?command=get_materiel&rest_code=00146&code=00101008312&supplier_code=00100005&order_time=2023-03-27 HTTP/1.1" 200 412
222.70.182.87 - - [27/Mar/2023:10:16:09 +0800] "GET /xingrg/kc/buy/cgsh_order_operate.html?command=get_materiel&rest_code=00111&code=00102007026&supplier_code=00100082&order_time=2023-03-27 HTTP/1.1" 200 431
116.238.139.35 - - [27/Mar/2023:10:16:14 +0800] "GET /xingrg/all/function/internal_message.html?_=1679883375690&CODE_STATE=getMsg HTTP/1.1" 200 27
222.70.221.209 - - [27/Mar/2023:10:16:14 +0800] "GET /xingrg/all/function/internal_message.html?_=1679883472664&CODE_STATE=getMsg HTTP/1.1" 200 27
222.70.168.128 - - [27/Mar/2023:10:16:15 +0800] "GET /xingrg/check_reg.html?_=1679883377131 HTTP/1.1" 200 22
116.192.124.172 - - [27/Mar/2023:10:16:17 +0800] "GET /xingrg/all/function/internal_message.html?_=1679883377539&CODE_STATE=getMsg HTTP/1.1" 200 27
180.163.29.217 - - [27/Mar/2023:10:16:18 +0800] "GET /xingrg/kc/print/load_data.html?order_code=212023032710123&kc_code=cgsh&condition= HTTP/1.1" 302 -
180.163.29.217 - - [27/Mar/2023:10:16:18 +0800] "GET /xingrg/login.html HTTP/1.1" 200 7641
222.70.168.128 - - [27/Mar/2023:10:16:19 +0800] "GET /xingrg/kc/buy/cgsh_order_operate.html?command=get_materiel&rest_code=00146&code=00101016122&supplier_code=00100005&order_time=2023-03-27 HTTP/1.1" 200 409
180.163.28.55 - - [27/Mar/2023:10:16:23 +0800] "GET /xingrg/kc/print/load_data.html?order_code=212023032710123&kc_code=cgsh HTTP/1.1" 302 -
180.163.28.55 - - [27/Mar/2023:10:16:23 +0800] "GET /xingrg/login.html HTTP/1.1" 200 7641
116.224.158.100 - - [27/Mar/2023:10:16:24 +0800] "GET /xingrg/all/function/internal_message.html?_=1679883385785&CODE_STATE=getMsg HTTP/1.1" 200 27
180.169.147.146 - - [27/Mar/2023:10:16:24 +0800] "GET /xingrg/all/function/internal_message.html?_=1679883384050&CODE_STATE=getMsg HTTP/1.1" 200 27
101.229.22.234 - - [27/Mar/2023:10:16:25 +0800] "GET /xingrg/all/function/internal_message.html?_=1679883384992&CODE_STATE=getMsg HTTP/1.1" 200 27
116.224.106.218 - - [27/Mar/2023:10:16:33 +0800] "GET /xingrg/all/function/internal_message.html?_=1679883392840&CODE_STATE=getMsg HTTP/1.1" 200 27
222.70.168.128 - - [27/Mar/2023:10:16:33 +0800] "GET /xingrg/kc/buy/cgsh_order_operate.html?command=get_materiel&rest_code=00146&code=00101008305&supplier_code=00100005&order_time=2023-03-27 HTTP/1.1" 200 412
222.70.182.87 - - [27/Mar/2023:10:16:35 +0800] "GET /xingrg/kc/buy/cgsh_order_operate.html?command=get_materiel&rest_code=00111&code=00102007048&supplier_code=00100082&order_time=2023-03-27 HTTP/1.1" 200 426
222.70.168.128 - - [27/Mar/2023:10:16:37 +0800] "GET /xingrg/all/function/internal_message.html?_=1679883398822&CODE_STATE=getMsg HTTP/1.1" 200 27
114.83.216.127 - - [27/Mar/2023:10:16:40 +0800] "GET /xingrg/all/function/internal_message.html?_=1679883399862&CODE_STATE=getMsg HTTP/1.1" 200 27
114.83.216.127 - - [27/Mar/2023:10:16:40 +0800] "GET /xingrg/check_reg.html?_=1679883399864 HTTP/1.1" 200 22
58.221.95.50 - - [27/Mar/2023:10:16:41 +0800] "GET /xingrg/all/function/internal_message.html?_=1679883401590&CODE_STATE=getMsg HTTP/1.1" 200 27
120.253.135.82 - - [27/Mar/2023:10:16:45 +0800] "GET /xingrg/all/function/internal_message.html?_=1679883537539&CODE_STATE=getMsg HTTP/1.1" 302 -
120.253.135.82 - - [27/Mar/2023:10:16:45 +0800] "GET /xingrg/login.html HTTP/1.1" 200 7641
120.253.135.82 - - [27/Mar/2023:10:16:49 +0800] "GET /xingrg/all/function/internal_message.html?_=1679883241592&CODE_STATE=getMsg HTTP/1.1" 200 27
222.67.232.202 - - [27/Mar/2023:10:16:50 +0800] "GET /xingrg/all/function/internal_message.html?_=1679883410251&CODE_STATE=getMsg HTTP/1.1" 200 27
222.70.182.87 - - [27/Mar/2023:10:16:54 +0800] "GET /xingrg/all/function/internal_message.html?_=1679883414676&CODE_STATE=getMsg HTTP/1.1" 200 27
222.70.168.128 - - [27/Mar/2023:10:16:58 +0800] "GET /xingrg/kc/buy/cgsh_order_operate.html?command=get_materiel&rest_code=00146&code=00101008103&supplier_code=00100005&order_time=2023-03-27 HTTP/1.1" 200 23
222.70.182.87 - - [27/Mar/2023:10:16:58 +0800] "POST /xingrg/kc/buy/cgsh_order_operate.html HTTP/1.1" 200 37
180.163.28.114 - - [27/Mar/2023:10:16:59 +0800] "GET /xingrg/all/function/internal_message.html?_=1679883361028&CODE_STATE=getMsg HTTP/1.1" 302 -
180.163.28.114 - - [27/Mar/2023:10:16:59 +0800] "GET /xingrg/login.html HTTP/1.1" 200 7641
124.78.155.10 - - [27/Mar/2023:10:16:59 +0800] "GET /xingrg/all/function/internal_message.html?_=1679883421019&CODE_STATE=getMsg HTTP/1.1" 200 27
120.253.135.82 - - [27/Mar/2023:10:17:00 +0800] "GET /xingrg/all/function/internal_message.html?_=1679883420627&CODE_STATE=getMsg HTTP/1.1" 200 27
116.224.158.100 - - [27/Mar/2023:10:17:03 +0800] "POST /xingrg/kc/buy/cgsh_order_operate.html HTTP/1.1" 200 88
116.238.139.35 - - [27/Mar/2023:10:17:14 +0800] "GET /xingrg/all/function/internal_message.html?_=1679883435690&CODE_STATE=getMsg HTTP/1.1" 200 27
222.70.221.209 - - [27/Mar/2023:10:17:14 +0800] "GET /xingrg/all/function/internal_message.html?_=1679883532655&CODE_STATE=getMsg HTTP/1.1" 200 27
116.192.124.172 - - [27/Mar/2023:10:17:17 +0800] "GET /xingrg/all/function/internal_message.html?_=1679883437523&CODE_STATE=getMsg HTTP/1.1" 200 27
222.70.168.128 - - [27/Mar/2023:10:17:21 +0800] "POST /xingrg/kc/buy/cgsh_order_operate.html HTTP/1.1" 200 37
222.70.182.87 - - [27/Mar/2023:10:17:21 +0800] "POST /xingrg/kc/buy/cgsh_order_operate.html HTTP/1.1" 200 3902
222.70.182.87 - - [27/Mar/2023:10:17:24 +0800] "GET /xingrg/kc/print/load_data.html?order_code=212023032710124&kc_code=cgsh&condition= HTTP/1.1" 200 1249
180.169.147.146 - - [27/Mar/2023:10:17:24 +0800] "GET /xingrg/all/function/internal_message.html?_=1679883444054&CODE_STATE=getMsg HTTP/1.1" 200 27
180.169.147.146 - - [27/Mar/2023:10:17:24 +0800] "GET /xingrg/check_reg.html?_=1679883444050 HTTP/1.1" 200 22
222.70.168.128 - - [27/Mar/2023:10:17:25 +0800] "POST /xingrg/kc/buy/cgsh_order_operate.html HTTP/1.1" 200 26905
101.229.22.234 - - [27/Mar/2023:10:17:25 +0800] "GET /xingrg/all/function/internal_message.html?_=1679883444985&CODE_STATE=getMsg HTTP/1.1" 200 27
116.224.106.218 - - [27/Mar/2023:10:17:33 +0800] "GET /xingrg/all/function/internal_message.html?_=1679883452827&CODE_STATE=getMsg HTTP/1.1" 200 27
222.70.182.87 - - [27/Mar/2023:10:17:35 +0800] "POST /xingrg/services/DataTransmitService HTTP/1.1" 200 524
222.70.168.128 - - [27/Mar/2023:10:17:40 +0800] "GET /xingrg/login.html HTTP/1.1" 200 7641
222.70.168.128 - - [27/Mar/2023:10:17:40 +0800] "GET /favicon.ico HTTP/1.1" 404 -
114.83.216.127 - - [27/Mar/2023:10:17:40 +0800] "GET /xingrg/all/function/internal_message.html?_=1679883459864&CODE_STATE=getMsg HTTP/1.1" 200 27
58.221.95.50 - - [27/Mar/2023:10:17:41 +0800] "GET /xingrg/all/function/internal_message.html?_=1679883461576&CODE_STATE=getMsg HTTP/1.1" 200 27
222.70.168.128 - - [27/Mar/2023:10:17:43 +0800] "POST /xingrg/login.do HTTP/1.1" 302 -
222.70.168.128 - - [27/Mar/2023:10:17:43 +0800] "GET /xingrg/index.html?sysBaseUrl=http%3A%2F%2F180.169.147.146%3A18081%2Fxingrg%2F&costTime=1165×tamp=1679883463157 HTTP/1.1" 200 17179
222.70.168.128 - - [27/Mar/2023:10:17:43 +0800] "GET /xingrg/javascript/jquery_easy_ui/themes/default/easyui.css HTTP/1.1" 304 -
222.70.168.128 - - [27/Mar/2023:10:17:43 +0800] "GET /xingrg/css/form.css HTTP/1.1" 304 -
222.70.168.128 - - [27/Mar/2023:10:17:43 +0800] "GET /xingrg/javascript/jquery_easy_ui/themes/icon.css HTTP/1.1" 304 -
222.70.168.128 - - [27/Mar/2023:10:17:43 +0800] "GET /xingrg/javascript/jquery.form.js HTTP/1.1" 304 -
222.70.168.128 - - [27/Mar/2023:10:17:43 +0800] "GET /xingrg/javascript/jquery.utils.js HTTP/1.1" 304 -
222.70.168.128 - - [27/Mar/2023:10:17:43 +0800] "GET /xingrg/javascript/jquery-1.4.2.min.js HTTP/1.1" 304 -
222.70.168.128 - - [27/Mar/2023:10:17:43 +0800] "GET /xingrg/javascript/jquery_easy_ui/easyui-lang-zh_CN.js HTTP/1.1" 304 -
222.70.168.128 - - [27/Mar/2023:10:17:43 +0800] "GET /xingrg/javascript/jquery.timers.js HTTP/1.1" 304 -
222.70.168.128 - - [27/Mar/2023:10:17:43 +0800] "GET /xingrg/javascript/jquery_easy_ui/jquery.easyui.min.js HTTP/1.1" 304 -
222.70.168.128 - - [27/Mar/2023:10:17:43 +0800] "GET /favicon.ico HTTP/1.1" 404 -
222.70.168.128 - - [27/Mar/2023:10:17:43 +0800] "GET /xingrg/check_reg.html?_=1679883465054 HTTP/1.1" 200 22
222.70.168.128 - - [27/Mar/2023:10:17:43 +0800] "GET /xingrg/all/function/internal_message.html?_=1679883465053&CODE_STATE=count HTTP/1.1" 200 11
222.70.168.128 - - [27/Mar/2023:10:17:43 +0800] "POST /xingrg/all/common/load_tree.html?tree=area_rest_tree_json&manage=1 HTTP/1.1" 200 479
222.70.168.128 - - [27/Mar/2023:10:17:43 +0800] "POST /xingrg/load_menu.html HTTP/1.1" 200 5138
116.224.158.100 - - [27/Mar/2023:10:17:43 +0800] "POST /xingrg/kc/buy/cgsh_order_operate.html HTTP/1.1" 200 37
120.253.135.82 - - [27/Mar/2023:10:17:45 +0800] "GET /xingrg/all/function/internal_message.html?_=1679883597542&CODE_STATE=getMsg HTTP/1.1" 302 -
120.253.135.82 - - [27/Mar/2023:10:17:45 +0800] "GET /xingrg/check_reg.html?_=1679883597543 HTTP/1.1" 302 -
120.253.135.82 - - [27/Mar/2023:10:17:46 +0800] "GET /xingrg/login.html HTTP/1.1" 200 7641
120.253.135.82 - - [27/Mar/2023:10:17:46 +0800] "GET /xingrg/login.html HTTP/1.1" 200 7641
120.253.135.82 - - [27/Mar/2023:10:17:49 +0800] "GET /xingrg/all/function/internal_message.html?_=1679883301606&CODE_STATE=getMsg HTTP/1.1" 200 27
222.67.232.202 - - [27/Mar/2023:10:17:50 +0800] "GET /xingrg/all/function/internal_message.html?_=1679883470229&CODE_STATE=getMsg HTTP/1.1" 200 27
222.67.232.202 - - [27/Mar/2023:10:17:52 +0800] "POST /xingrg/services/DataTransmitService HTTP/1.1" 200 524
222.70.182.87 - - [27/Mar/2023:10:17:54 +0800] "GET /xingrg/check_reg.html?_=1679883474648 HTTP/1.1" 200 22
222.70.182.87 - - [27/Mar/2023:10:17:54 +0800] "GET /xingrg/all/function/internal_message.html?_=1679883474651&CODE_STATE=getMsg HTTP/1.1" 200 27
222.70.168.128 - - [27/Mar/2023:10:17:55 +0800] "GET /xingrg/kc/buy/cgsh_order_list.html HTTP/1.1" 200 54185
222.70.168.128 - - [27/Mar/2023:10:17:55 +0800] "GET /xingrg/css/base.css HTTP/1.1" 304 -
222.70.168.128 - - [27/Mar/2023:10:17:55 +0800] "GET /xingrg/javascript/easyui/themes/default/easyui.css HTTP/1.1" 304 -
222.70.168.128 - - [27/Mar/2023:10:17:55 +0800] "GET /xingrg/javascript/easyui/themes/icon.css HTTP/1.1" 304 -
222.70.168.128 - - [27/Mar/2023:10:17:55 +0800] "GET /xingrg/javascript/auto/jquery.autocomplete.css HTTP/1.1" 304 -
222.70.168.128 - - [27/Mar/2023:10:17:55 +0800] "GET /xingrg/javascript/jquery_tools/datebox.css HTTP/1.1" 304 -
222.70.168.128 - - [27/Mar/2023:10:17:55 +0800] "GET /xingrg/javascript/jquery_tools/fix.css HTTP/1.1" 304 -
222.70.168.128 - - [27/Mar/2023:10:17:55 +0800] "GET /xingrg/css/site.css HTTP/1.1" 304 -
222.70.168.128 - - [27/Mar/2023:10:17:55 +0800] "GET /xingrg/javascript/jquery_tools/table.css HTTP/1.1" 304 -
222.70.168.128 - - [27/Mar/2023:10:17:55 +0800] "GET /xingrg/javascript/jquery_tools/jquery.tools.hotkey.js HTTP/1.1" 304 -
222.70.168.128 - - [27/Mar/2023:10:17:55 +0800] "GET /xingrg/javascript/jquery_tools/jquery.tools.min.js HTTP/1.1" 304 -
222.70.168.128 - - [27/Mar/2023:10:17:55 +0800] "GET /xingrg/javascript/jquery_tools/jquery.tools.extend.js HTTP/1.1" 304 -
222.70.168.128 - - [27/Mar/2023:10:17:55 +0800] "GET /xingrg/javascript/jquery_tools/jquery.tools.table.js HTTP/1.1" 304 -
222.70.168.128 - - [27/Mar/2023:10:17:55 +0800] "GET /xingrg/javascript/jquery_tools/list_manager.js HTTP/1.1" 304 -
222.70.168.128 - - [27/Mar/2023:10:17:55 +0800] "GET /xingrg/javascript/auto/jquery.autocomplete.js HTTP/1.1" 304 -
222.70.168.128 - - [27/Mar/2023:10:17:55 +0800] "GET /xingrg/javascript/easyui/easyloader.js HTTP/1.1" 304 -
222.70.168.128 - - [27/Mar/2023:10:17:55 +0800] "GET /xingrg/javascript/jquery.cookie.js HTTP/1.1" 304 -
222.70.168.128 - - [27/Mar/2023:10:17:55 +0800] "GET /xingrg/javascript/print/LodopFuncs.js HTTP/1.1" 304 -
222.70.168.128 - - [27/Mar/2023:10:17:55 +0800] "GET /xingrg/javascript/easyui/plugins/jquery.parser.js HTTP/1.1" 304 -
116.224.158.100 - - [27/Mar/2023:10:17:59 +0800] "POST /xingrg/kc/buy/cgsh_order_operate.html HTTP/1.1" 200 5043
180.163.28.55 - - [27/Mar/2023:10:17:59 +0800] "GET /xingrg/all/function/internal_message.html?_=1679883421019&CODE_STATE=getMsg HTTP/1.1" 302 -
180.163.28.55 - - [27/Mar/2023:10:17:59 +0800] "GET /xingrg/login.html HTTP/1.1" 200 7641
124.78.155.10 - - [27/Mar/2023:10:17:59 +0800] "GET /xingrg/all/function/internal_message.html?_=1679883481026&CODE_STATE=getMsg HTTP/1.1" 200 27
120.253.135.82 - - [27/Mar/2023:10:18:00 +0800] "GET /xingrg/all/function/internal_message.html?_=1679883480642&CODE_STATE=getMsg HTTP/1.1" 200 27
116.224.158.100 - - [27/Mar/2023:10:18:01 +0800] "GET /xingrg/kc/print/load_data.html?order_code=212023032710127&kc_code=cgsh&condition= HTTP/1.1" 200 1687
222.70.168.128 - - [27/Mar/2023:10:18:01 +0800] "POST /xingrg/kc/buy/cgsh_list_operate.html HTTP/1.1" 200 1869
222.70.168.128 - - [27/Mar/2023:10:18:10 +0800] "POST /xingrg/kc/buy/cgsh_list_operate.html HTTP/1.1" 200 562
222.70.168.128 - - [27/Mar/2023:10:18:12 +0800] "GET /xingrg/kc/buy/cgsh_order_info.html?code=212023032710126 HTTP/1.1" 200 69970
222.70.168.128 - - [27/Mar/2023:10:18:12 +0800] "GET /xingrg/javascript/pic_change.js HTTP/1.1" 304 -
222.70.168.128 - - [27/Mar/2023:10:18:12 +0800] "GET /xingrg/javascript/convert.js HTTP/1.1" 304 -
222.70.168.128 - - [27/Mar/2023:10:18:12 +0800] "GET /xingrg/javascript/jquery_tools/order_manager.js HTTP/1.1" 304 -
222.70.168.128 - - [27/Mar/2023:10:18:12 +0800] "GET /xingrg/javascript/json2.js HTTP/1.1" 304 -
222.70.168.128 - - [27/Mar/2023:10:18:12 +0800] "GET /xingrg/javascript/print/kc_print.js HTTP/1.1" 304 -
222.70.168.128 - - [27/Mar/2023:10:18:12 +0800] "GET /xingrg/words/20230326163725_words.js HTTP/1.1" 304 -
222.70.168.128 - - [27/Mar/2023:10:18:13 +0800] "GET /xingrg/javascript/easyui/themes/default/validatebox.css HTTP/1.1" 404 1104
222.70.168.128 - - [27/Mar/2023:10:18:13 +0800] "GET /xingrg/javascript/easyui/plugins/jquery.validatebox.js HTTP/1.1" 304 -
222.70.168.128 - - [27/Mar/2023:10:18:13 +0800] "GET /xingrg/javascript/easyui/plugins/jquery.numberbox.js HTTP/1.1" 304 -
222.70.168.128 - - [27/Mar/2023:10:18:13 +0800] "GET /xingrg/all/common/auto_word.html?type=employee&rest_code=00146 HTTP/1.1" 200 101
222.70.168.128 - - [27/Mar/2023:10:18:13 +0800] "GET /xingrg/all/common/auto_word.html?type=employee&rest_code=00146 HTTP/1.1" 200 101
116.238.139.35 - - [27/Mar/2023:10:18:14 +0800] "GET /xingrg/all/function/internal_message.html?_=1679883495695&CODE_STATE=getMsg HTTP/1.1" 200 27
116.238.139.35 - - [27/Mar/2023:10:18:14 +0800] "GET /xingrg/check_reg.html?_=1679883495698 HTTP/1.1" 200 22
222.70.221.209 - - [27/Mar/2023:10:18:14 +0800] "GET /xingrg/all/function/internal_message.html?_=1679883592650&CODE_STATE=getMsg HTTP/1.1" 200 27
222.70.168.128 - - [27/Mar/2023:10:18:15 +0800] "POST /xingrg/kc/buy/cgsh_order_operate.html HTTP/1.1" 200 26905
116.192.124.172 - - [27/Mar/2023:10:18:17 +0800] "GET /xingrg/all/function/internal_message.html?_=1679883497509&CODE_STATE=getMsg HTTP/1.1" 200 27
116.192.124.172 - - [27/Mar/2023:10:18:17 +0800] "GET /xingrg/check_reg.html?_=1679883497593 HTTP/1.1" 200 22
116.224.158.100 - - [27/Mar/2023:10:18:24 +0800] "GET /xingrg/all/function/internal_message.html?_=1679883505807&CODE_STATE=getMsg HTTP/1.1" 200 27
180.169.147.146 - - [27/Mar/2023:10:18:24 +0800] "GET /xingrg/all/function/internal_message.html?_=1679883504045&CODE_STATE=getMsg HTTP/1.1" 200 27
101.229.22.234 - - [27/Mar/2023:10:18:25 +0800] "GET /xingrg/all/function/internal_message.html?_=1679883504984&CODE_STATE=getMsg HTTP/1.1" 200 27
222.70.168.128 - - [27/Mar/2023:10:18:28 +0800] "GET /xingrg/javascript/auto/indicator.gif HTTP/1.1" 404 1066
116.224.106.218 - - [27/Mar/2023:10:18:33 +0800] "GET /xingrg/all/function/internal_message.html?_=1679883512811&CODE_STATE=getMsg HTTP/1.1" 200 27
222.70.168.128 - - [27/Mar/2023:10:18:38 +0800] "GET /xingrg/kc/buy/cgsh_order_operate.html?command=get_materiel&rest_code=00146&code=00101008103&supplier_code=00100005&order_time=2023-03-27 HTTP/1.1" 200 417
114.83.216.127 - - [27/Mar/2023:10:18:40 +0800] "GET /xingrg/all/function/internal_message.html?_=1679883519858&CODE_STATE=getMsg HTTP/1.1" 200 27
58.221.95.50 - - [27/Mar/2023:10:18:41 +0800] "GET /xingrg/all/function/internal_message.html?_=1679883521563&CODE_STATE=getMsg HTTP/1.1" 200 27
222.70.168.128 - - [27/Mar/2023:10:18:43 +0800] "GET /xingrg/all/function/internal_message.html?_=1679883525063&CODE_STATE=getMsg HTTP/1.1" 200 27
120.253.135.82 - - [27/Mar/2023:10:18:45 +0800] "GET /xingrg/all/function/internal_message.html?_=1679883657552&CODE_STATE=getMsg HTTP/1.1" 302 -
120.253.135.82 - - [27/Mar/2023:10:18:45 +0800] "GET /xingrg/login.html HTTP/1.1" 200 7641
222.67.232.202 - - [27/Mar/2023:10:18:49 +0800] "GET /xingrg/check_reg.html?_=1679883529698 HTTP/1.1" 200 22
120.253.135.82 - - [27/Mar/2023:10:18:49 +0800] "GET /xingrg/check_reg.html?_=1679883361243 HTTP/1.1" 200 22
120.253.135.82 - - [27/Mar/2023:10:18:49 +0800] "GET /xingrg/all/function/internal_message.html?_=1679883361620&CODE_STATE=getMsg HTTP/1.1" 200 27
222.67.232.202 - - [27/Mar/2023:10:18:50 +0800] "GET /xingrg/all/function/internal_message.html?_=1679883530210&CODE_STATE=getMsg HTTP/1.1" 200 27
222.70.182.87 - - [27/Mar/2023:10:18:54 +0800] "GET /xingrg/all/function/internal_message.html?_=1679883534636&CODE_STATE=getMsg HTTP/1.1" 200 27
222.70.168.128 - - [27/Mar/2023:10:18:57 +0800] "GET /xingrg/kc/buy/cgsh_order_operate.html?command=get_materiel&rest_code=00146&code=00101008242&supplier_code=00100005&order_time=2023-03-27 HTTP/1.1" 200 408
180.163.29.79 - - [27/Mar/2023:10:18:59 +0800] "GET /xingrg/all/function/internal_message.html?_=1679883481026&CODE_STATE=getMsg HTTP/1.1" 302 -
180.163.29.79 - - [27/Mar/2023:10:18:59 +0800] "GET /xingrg/login.html HTTP/1.1" 200 7641
124.78.155.10 - - [27/Mar/2023:10:18:59 +0800] "GET /xingrg/all/function/internal_message.html?_=1679883541028&CODE_STATE=getMsg HTTP/1.1" 200 27
120.253.135.82 - - [27/Mar/2023:10:19:00 +0800] "GET /xingrg/all/function/internal_message.html?_=1679883540642&CODE_STATE=getMsg HTTP/1.1" 200 27
222.70.168.128 - - [27/Mar/2023:10:19:09 +0800] "GET /xingrg/kc/buy/cgsh_order_operate.html?command=get_materiel&rest_code=00146&code=00101008283&supplier_code=00100005&order_time=2023-03-27 HTTP/1.1" 200 408
116.238.139.35 - - [27/Mar/2023:10:19:14 +0800] "GET /xingrg/all/function/internal_message.html?_=1679883555698&CODE_STATE=getMsg HTTP/1.1" 200 27
222.70.221.209 - - [27/Mar/2023:10:19:14 +0800] "GET /xingrg/all/function/internal_message.html?_=1679883652647&CODE_STATE=getMsg HTTP/1.1" 200 27
222.70.221.209 - - [27/Mar/2023:10:19:14 +0800] "GET /xingrg/check_reg.html?_=1679883652649 HTTP/1.1" 200 22
116.192.124.172 - - [27/Mar/2023:10:19:17 +0800] "GET /xingrg/all/function/internal_message.html?_=1679883557494&CODE_STATE=getMsg HTTP/1.1" 200 27
222.67.232.202 - - [27/Mar/2023:10:19:17 +0800] "GET /xingrg/check_reg.html?_=1679883101943 HTTP/1.1" 302 -
58.221.95.50 - - [27/Mar/2023:10:19:17 +0800] "GET /xingrg/check_reg.html?_=1679883557960 HTTP/1.1" 200 22
116.224.158.100 - - [27/Mar/2023:10:19:24 +0800] "GET /xingrg/check_reg.html?_=1679883565786 HTTP/1.1" 200 22
116.224.158.100 - - [27/Mar/2023:10:19:24 +0800] "GET /xingrg/all/function/internal_message.html?_=1679883565790&CODE_STATE=getMsg HTTP/1.1" 200 27
180.169.147.146 - - [27/Mar/2023:10:19:24 +0800] "GET /xingrg/all/function/internal_message.html?_=1679883564035&CODE_STATE=getMsg HTTP/1.1" 200 27
101.229.22.234 - - [27/Mar/2023:10:19:25 +0800] "GET /xingrg/check_reg.html?_=1679883564982 HTTP/1.1" 200 22
101.229.22.234 - - [27/Mar/2023:10:19:25 +0800] "GET /xingrg/all/function/internal_message.html?_=1679883564984&CODE_STATE=getMsg HTTP/1.1" 200 27
116.224.106.218 - - [27/Mar/2023:10:19:33 +0800] "GET /xingrg/all/function/internal_message.html?_=1679883572797&CODE_STATE=getMsg HTTP/1.1" 200 27
222.70.168.128 - - [27/Mar/2023:10:19:34 +0800] "GET /xingrg/kc/buy/cgsh_order_operate.html?command=get_materiel&rest_code=00146&code=00101008134&supplier_code=00100005&order_time=2023-03-27 HTTP/1.1" 200 412
114.83.216.127 - - [27/Mar/2023:10:19:40 +0800] "GET /xingrg/all/function/internal_message.html?_=1679883579859&CODE_STATE=getMsg HTTP/1.1" 200 27
222.70.168.128 - - [27/Mar/2023:10:19:40 +0800] "POST /xingrg/kc/buy/cgsh_order_operate.html HTTP/1.1" 200 2065
58.221.95.50 - - [27/Mar/2023:10:19:41 +0800] "GET /xingrg/all/function/internal_message.html?_=1679883581545&CODE_STATE=getMsg HTTP/1.1" 200 27
222.70.168.128 - - [27/Mar/2023:10:19:43 +0800] "GET /xingrg/all/function/internal_message.html?_=1679883585077&CODE_STATE=getMsg HTTP/1.1" 200 27
120.253.135.82 - - [27/Mar/2023:10:19:45 +0800] "GET /xingrg/all/function/internal_message.html?_=1679883717555&CODE_STATE=getMsg HTTP/1.1" 302 -
120.253.135.82 - - [27/Mar/2023:10:19:45 +0800] "GET /xingrg/login.html HTTP/1.1" 200 7641
222.70.168.128 - - [27/Mar/2023:10:19:47 +0800] "GET /xingrg/kc/buy/cgsh_order_operate.html?command=get_materiel&rest_code=00146&code=00101008350&supplier_code=00100005&order_time=2023-03-27 HTTP/1.1" 200 408
120.253.135.82 - - [27/Mar/2023:10:19:49 +0800] "GET /xingrg/all/function/internal_message.html?_=1679883421634&CODE_STATE=getMsg HTTP/1.1" 200 27
222.67.232.202 - - [27/Mar/2023:10:19:49 +0800] "GET /xingrg/all/function/internal_message.html?_=1679883590184&CODE_STATE=getMsg HTTP/1.1" 200 27
172.20.0.100 - - [27/Mar/2023:10:19:53 +0800] "GET /xingrg/check_reg.html?_=1679883594936 HTTP/1.1" 302 -
222.70.182.87 - - [27/Mar/2023:10:19:54 +0800] "GET /xingrg/all/function/internal_message.html?_=1679883594636&CODE_STATE=getMsg HTTP/1.1" 200 27
180.163.29.79 - - [27/Mar/2023:10:19:59 +0800] "GET /xingrg/all/function/internal_message.html?_=1679883541028&CODE_STATE=getMsg HTTP/1.1" 302 -
180.163.29.79 - - [27/Mar/2023:10:19:59 +0800] "GET /xingrg/login.html HTTP/1.1" 200 7641
120.253.135.82 - - [27/Mar/2023:10:20:00 +0800] "GET /xingrg/check_reg.html?_=1679883600642 HTTP/1.1" 200 22
120.253.135.82 - - [27/Mar/2023:10:20:00 +0800] "GET /xingrg/all/function/internal_message.html?_=1679883600645&CODE_STATE=getMsg HTTP/1.1" 200 27
222.70.168.128 - - [27/Mar/2023:10:20:02 +0800] "GET /xingrg/kc/buy/cgsh_order_operate.html?command=get_materiel&rest_code=00146&code=00101008298&supplier_code=00100005&order_time=2023-03-27 HTTP/1.1" 200 413
124.78.155.10 - - [27/Mar/2023:10:20:11 +0800] "GET /xingrg/all/function/internal_message.html?_=1679883601028&CODE_STATE=getMsg HTTP/1.1" 200 27
124.78.155.10 - - [27/Mar/2023:10:20:11 +0800] "GET /xingrg/check_reg.html?_=1679883601033 HTTP/1.1" 200 22
116.238.139.35 - - [27/Mar/2023:10:20:14 +0800] "GET /xingrg/all/function/internal_message.html?_=1679883615699&CODE_STATE=getMsg HTTP/1.1" 200 27
222.70.221.209 - - [27/Mar/2023:10:20:14 +0800] "GET /xingrg/all/function/internal_message.html?_=1679883712653&CODE_STATE=getMsg HTTP/1.1" 200 27
222.70.168.128 - - [27/Mar/2023:10:20:16 +0800] "GET /xingrg/kc/buy/cgsh_order_operate.html?command=get_materiel&rest_code=00146&code=00101008061&supplier_code=00100005&order_time=2023-03-27 HTTP/1.1" 200 422
116.192.124.172 - - [27/Mar/2023:10:20:17 +0800] "GET /xingrg/all/function/internal_message.html?_=1679883617477&CODE_STATE=getMsg HTTP/1.1" 200 27
116.224.158.100 - - [27/Mar/2023:10:20:24 +0800] "GET /xingrg/all/function/internal_message.html?_=1679883625765&CODE_STATE=getMsg HTTP/1.1" 200 27
180.169.147.146 - - [27/Mar/2023:10:20:24 +0800] "GET /xingrg/all/function/internal_message.html?_=1679883624043&CODE_STATE=getMsg HTTP/1.1" 200 27
101.229.22.234 - - [27/Mar/2023:10:20:25 +0800] "GET /xingrg/all/function/internal_message.html?_=1679883624982&CODE_STATE=getMsg HTTP/1.1" 200 27
116.224.106.218 - - [27/Mar/2023:10:20:33 +0800] "GET /xingrg/all/function/internal_message.html?_=1679883632786&CODE_STATE=getMsg HTTP/1.1" 200 27
222.70.168.128 - - [27/Mar/2023:10:20:38 +0800] "GET /xingrg/kc/buy/cgsh_order_operate.html?command=get_materiel&rest_code=00146&code=00101008286&supplier_code=00100005&order_time=2023-03-27 HTTP/1.1" 200 408
114.83.216.127 - - [27/Mar/2023:10:20:40 +0800] "GET /xingrg/all/function/internal_message.html?_=1679883639863&CODE_STATE=getMsg HTTP/1.1" 200 27
58.221.95.50 - - [27/Mar/2023:10:20:41 +0800] "GET /xingrg/all/function/internal_message.html?_=1679883641536&CODE_STATE=getMsg HTTP/1.1" 200 27
222.70.168.128 - - [27/Mar/2023:10:20:43 +0800] "GET /xingrg/all/function/internal_message.html?_=1679883645091&CODE_STATE=getMsg HTTP/1.1" 200 27
120.253.135.82 - - [27/Mar/2023:10:20:45 +0800] "GET /xingrg/all/function/internal_message.html?_=1679883777562&CODE_STATE=getMsg HTTP/1.1" 302 -
120.253.135.82 - - [27/Mar/2023:10:20:46 +0800] "GET /xingrg/login.html HTTP/1.1" 200 7641
120.253.135.82 - - [27/Mar/2023:10:20:49 +0800] "GET /xingrg/all/function/internal_message.html?_=1679883481647&CODE_STATE=getMsg HTTP/1.1" 200 27
222.67.232.202 - - [27/Mar/2023:10:20:49 +0800] "GET /xingrg/all/function/internal_message.html?_=1679883650160&CODE_STATE=getMsg HTTP/1.1" 200 27
222.70.182.87 - - [27/Mar/2023:10:20:54 +0800] "GET /xingrg/all/function/internal_message.html?_=1679883654638&CODE_STATE=getMsg HTTP/1.1" 200 27
222.70.168.128 - - [27/Mar/2023:10:20:55 +0800] "GET /xingrg/kc/buy/cgsh_order_operate.html?command=get_materiel&rest_code=00146&code=00101009004&supplier_code=00100005&order_time=2023-03-27 HTTP/1.1" 200 409
116.224.106.218 - - [27/Mar/2023:10:20:55 +0800] "GET /xingrg/check_reg.html?_=1679883655737 HTTP/1.1" 200 22
124.78.155.10 - - [27/Mar/2023:10:20:59 +0800] "GET /xingrg/all/function/internal_message.html?_=1679883661019&CODE_STATE=getMsg HTTP/1.1" 200 27
120.253.135.82 - - [27/Mar/2023:10:21:00 +0800] "GET /xingrg/all/function/internal_message.html?_=1679883660641&CODE_STATE=getMsg HTTP/1.1" 200 27
124.78.155.10 - - [27/Mar/2023:10:21:05 +0800] "POST /xingrg/kc/buy/cgsh_list_operate.html HTTP/1.1" 200 565
124.78.155.10 - - [27/Mar/2023:10:21:06 +0800] "GET /xingrg/kc/buy/cgsh_order_info.html?code=212023032710094 HTTP/1.1" 200 69970
124.78.155.10 - - [27/Mar/2023:10:21:07 +0800] "GET /xingrg/javascript/easyui/themes/default/validatebox.css HTTP/1.1" 404 1104
124.78.155.10 - - [27/Mar/2023:10:21:08 +0800] "POST /xingrg/kc/buy/cgsh_order_operate.html HTTP/1.1" 200 22156
180.163.29.217 - - [27/Mar/2023:10:21:11 +0800] "GET /xingrg/all/function/internal_message.html?_=1679883601028&CODE_STATE=getMsg HTTP/1.1" 302 -
180.163.29.217 - - [27/Mar/2023:10:21:11 +0800] "GET /xingrg/login.html HTTP/1.1" 200 7641
124.78.155.10 - - [27/Mar/2023:10:21:11 +0800] "POST /xingrg/kc/buy/cgsh_list_operate.html HTTP/1.1" 200 1869
180.163.29.217 - - [27/Mar/2023:10:21:11 +0800] "GET /xingrg/check_reg.html?_=1679883601033 HTTP/1.1" 302 -
180.163.29.217 - - [27/Mar/2023:10:21:11 +0800] "GET /xingrg/login.html HTTP/1.1" 200 7641
116.238.139.35 - - [27/Mar/2023:10:21:14 +0800] "GET /xingrg/all/function/internal_message.html?_=1679883675700&CODE_STATE=getMsg HTTP/1.1" 200 27
222.70.221.209 - - [27/Mar/2023:10:21:14 +0800] "GET /xingrg/all/function/internal_message.html?_=1679883772657&CODE_STATE=getMsg HTTP/1.1" 200 27
124.78.155.10 - - [27/Mar/2023:10:21:17 +0800] "POST /xingrg/kc/buy/cgsh_order_operate.html HTTP/1.1" 200 37
116.192.124.172 - - [27/Mar/2023:10:21:17 +0800] "GET /xingrg/all/function/internal_message.html?_=1679883677454&CODE_STATE=getMsg HTTP/1.1" 200 27
116.224.158.100 - - [27/Mar/2023:10:21:23 +0800] "GET /xingrg/all/function/internal_message.html?_=1679883685738&CODE_STATE=getMsg HTTP/1.1" 200 27
180.169.147.146 - - [27/Mar/2023:10:21:24 +0800] "GET /xingrg/all/function/internal_message.html?_=1679883684061&CODE_STATE=getMsg HTTP/1.1" 200 27
101.229.22.234 - - [27/Mar/2023:10:21:25 +0800] "GET /xingrg/all/function/internal_message.html?_=1679883684980&CODE_STATE=getMsg HTTP/1.1" 200 27
116.224.106.218 - - [27/Mar/2023:10:21:32 +0800] "GET /xingrg/all/function/internal_message.html?_=1679883692757&CODE_STATE=getMsg HTTP/1.1" 200 27
124.78.155.10 - - [27/Mar/2023:10:21:33 +0800] "POST /xingrg/kc/buy/cgsh_order_operate.html HTTP/1.1" 200 12
180.171.133.64 - - [27/Mar/2023:10:21:37 +0800] "GET /favicon.ico HTTP/1.1" 404 -
222.70.168.128 - - [27/Mar/2023:10:21:39 +0800] "POST /xingrg/kc/buy/cgsh_order_operate.html HTTP/1.1" 200 2065
114.83.216.127 - - [27/Mar/2023:10:21:40 +0800] "GET /xingrg/check_reg.html?_=1679883699865 HTTP/1.1" 200 22
114.83.216.127 - - [27/Mar/2023:10:21:40 +0800] "GET /xingrg/all/function/internal_message.html?_=1679883699863&CODE_STATE=getMsg HTTP/1.1" 200 27
58.221.95.50 - - [27/Mar/2023:10:21:41 +0800] "GET /xingrg/all/function/internal_message.html?_=1679883701517&CODE_STATE=getMsg HTTP/1.1" 200 27
124.78.155.10 - - [27/Mar/2023:10:21:41 +0800] "GET /xingrg/kc/buy/cgsh_order_info.html?code=212023032710094 HTTP/1.1" 200 64865
124.78.155.10 - - [27/Mar/2023:10:21:42 +0800] "GET /xingrg/javascript/easyui/themes/default/validatebox.css HTTP/1.1" 404 1104
222.70.168.128 - - [27/Mar/2023:10:21:43 +0800] "GET /xingrg/all/function/internal_message.html?_=1679883705104&CODE_STATE=getMsg HTTP/1.1" 200 27
124.78.155.10 - - [27/Mar/2023:10:21:44 +0800] "POST /xingrg/kc/buy/cgsh_order_operate.html HTTP/1.1" 200 20100
120.253.135.82 - - [27/Mar/2023:10:21:45 +0800] "GET /xingrg/all/function/internal_message.html?_=1679883837561&CODE_STATE=getMsg HTTP/1.1" 302 -
120.253.135.82 - - [27/Mar/2023:10:21:45 +0800] "GET /xingrg/login.html HTTP/1.1" 200 7641
124.78.155.10 - - [27/Mar/2023:10:21:46 +0800] "GET /xingrg/kc/print/load_data.html?order_code=212023032710094&kc_code=cgsh&condition= HTTP/1.1" 200 8113
222.67.232.202 - - [27/Mar/2023:10:21:49 +0800] "GET /xingrg/all/function/internal_message.html?_=1679883710142&CODE_STATE=getMsg HTTP/1.1" 200 27
120.253.135.82 - - [27/Mar/2023:10:21:49 +0800] "GET /xingrg/all/function/internal_message.html?_=1679883541675&CODE_STATE=getMsg HTTP/1.1" 200 27
124.78.155.10 - - [27/Mar/2023:10:21:53 +0800] "GET /xingrg/kc/print/load_data.html?order_code=212023032710094&kc_code=cgsh HTTP/1.1" 200 8113
222.70.182.87 - - [27/Mar/2023:10:21:54 +0800] "GET /xingrg/all/function/internal_message.html?_=1679883714638&CODE_STATE=getMsg HTTP/1.1" 200 27
222.70.168.128 - - [27/Mar/2023:10:21:56 +0800] "GET /xingrg/kc/buy/cgsh_order_operate.html?command=get_materiel&rest_code=00146&code=00101009031&supplier_code=00100005&order_time=2023-03-27 HTTP/1.1" 200 408
180.163.29.79 - - [27/Mar/2023:10:21:59 +0800] "GET /xingrg/all/function/internal_message.html?_=1679883661019&CODE_STATE=getMsg HTTP/1.1" 302 -
180.163.29.79 - - [27/Mar/2023:10:21:59 +0800] "GET /xingrg/login.html HTTP/1.1" 200 7641
120.253.135.82 - - [27/Mar/2023:10:22:00 +0800] "GET /xingrg/all/function/internal_message.html?_=1679883720633&CODE_STATE=getMsg HTTP/1.1" 200 27
124.78.155.10 - - [27/Mar/2023:10:22:06 +0800] "GET /xingrg/all/function/internal_message.html?_=1679883728134&CODE_STATE=getMsg HTTP/1.1" 200 27
124.78.155.10 - - [27/Mar/2023:10:22:08 +0800] "GET /xingrg/login.html HTTP/1.1" 200 7641
124.78.155.10 - - [27/Mar/2023:10:22:09 +0800] "GET /favicon.ico HTTP/1.1" 404 -
222.70.168.128 - - [27/Mar/2023:10:22:13 +0800] "GET /xingrg/kc/buy/cgsh_order_operate.html?command=get_materiel&rest_code=00146&code=00101009011&supplier_code=00100005&order_time=2023-03-27 HTTP/1.1" 200 416
116.238.139.35 - - [27/Mar/2023:10:22:14 +0800] "GET /xingrg/all/function/internal_message.html?_=1679883735701&CODE_STATE=getMsg HTTP/1.1" 200 27
222.70.221.209 - - [27/Mar/2023:10:22:14 +0800] "GET /xingrg/all/function/internal_message.html?_=1679883832668&CODE_STATE=getMsg HTTP/1.1" 200 27
124.78.155.10 - - [27/Mar/2023:10:22:15 +0800] "POST /xingrg/login.do HTTP/1.1" 302 -
124.78.155.10 - - [27/Mar/2023:10:22:15 +0800] "GET /xingrg/index.html?sysBaseUrl=http%3A%2F%2F180.169.147.146%3A18081%2Fxingrg%2F&costTime=1484×tamp=1679883735188 HTTP/1.1" 200 17173
124.78.155.10 - - [27/Mar/2023:10:22:15 +0800] "GET /favicon.ico HTTP/1.1" 404 -
124.78.155.10 - - [27/Mar/2023:10:22:15 +0800] "GET /xingrg/check_reg.html?_=1679883737521 HTTP/1.1" 200 22
124.78.155.10 - - [27/Mar/2023:10:22:15 +0800] "GET /xingrg/all/function/internal_message.html?_=1679883737520&CODE_STATE=count HTTP/1.1" 200 11
124.78.155.10 - - [27/Mar/2023:10:22:16 +0800] "POST /xingrg/all/common/load_tree.html?tree=area_rest_tree_json&manage=1 HTTP/1.1" 200 342
124.78.155.10 - - [27/Mar/2023:10:22:16 +0800] "POST /xingrg/load_menu.html HTTP/1.1" 200 5138
116.192.124.172 - - [27/Mar/2023:10:22:17 +0800] "GET /xingrg/all/function/internal_message.html?_=1679883737426&CODE_STATE=getMsg HTTP/1.1" 200 27
116.224.158.100 - - [27/Mar/2023:10:22:23 +0800] "GET /xingrg/all/function/internal_message.html?_=1679883745719&CODE_STATE=getMsg HTTP/1.1" 200 27
180.169.147.146 - - [27/Mar/2023:10:22:24 +0800] "GET /xingrg/check_reg.html?_=1679883744050 HTTP/1.1" 200 22
180.169.147.146 - - [27/Mar/2023:10:22:24 +0800] "GET /xingrg/all/function/internal_message.html?_=1679883744057&CODE_STATE=getMsg HTTP/1.1" 200 27
101.229.22.234 - - [27/Mar/2023:10:22:25 +0800] "GET /xingrg/all/function/internal_message.html?_=1679883744978&CODE_STATE=getMsg HTTP/1.1" 200 27
222.70.168.128 - - [27/Mar/2023:10:22:29 +0800] "GET /xingrg/kc/buy/cgsh_order_operate.html?command=get_materiel&rest_code=00146&code=00101009124&supplier_code=00100005&order_time=2023-03-27 HTTP/1.1" 200 418
116.224.106.218 - - [27/Mar/2023:10:22:32 +0800] "GET /xingrg/all/function/internal_message.html?_=1679883752743&CODE_STATE=getMsg HTTP/1.1" 200 27
114.83.216.127 - - [27/Mar/2023:10:22:40 +0800] "GET /xingrg/all/function/internal_message.html?_=1679883759869&CODE_STATE=getMsg HTTP/1.1" 200 27
58.221.95.50 - - [27/Mar/2023:10:22:41 +0800] "GET /xingrg/all/function/internal_message.html?_=1679883761488&CODE_STATE=getMsg HTTP/1.1" 200 27
222.70.168.128 - - [27/Mar/2023:10:22:43 +0800] "GET /xingrg/check_reg.html?_=1679883765061 HTTP/1.1" 200 22
222.70.168.128 - - [27/Mar/2023:10:22:43 +0800] "GET /xingrg/all/function/internal_message.html?_=1679883765118&CODE_STATE=getMsg HTTP/1.1" 200 27
180.163.29.103 - - [27/Mar/2023:10:22:45 +0800] "GET /xingrg/kc/print/load_data.html?order_code=212023032710094&kc_code=cgsh&condition= HTTP/1.1" 302 -
180.163.29.103 - - [27/Mar/2023:10:22:45 +0800] "GET /xingrg/login.html HTTP/1.1" 200 7641
120.253.135.82 - - [27/Mar/2023:10:22:45 +0800] "GET /xingrg/all/function/internal_message.html?_=1679883897578&CODE_STATE=getMsg HTTP/1.1" 302 -
120.253.135.82 - - [27/Mar/2023:10:22:45 +0800] "GET /xingrg/check_reg.html?_=1679883897579 HTTP/1.1" 302 -
120.253.135.82 - - [27/Mar/2023:10:22:45 +0800] "GET /xingrg/login.html HTTP/1.1" 200 7641
120.253.135.82 - - [27/Mar/2023:10:22:45 +0800] "GET /xingrg/login.html HTTP/1.1" 200 7641
222.67.232.202 - - [27/Mar/2023:10:22:49 +0800] "GET /xingrg/all/function/internal_message.html?_=1679883770151&CODE_STATE=getMsg HTTP/1.1" 200 27
120.253.135.82 - - [27/Mar/2023:10:22:49 +0800] "GET /xingrg/all/function/internal_message.html?_=1679883601689&CODE_STATE=getMsg HTTP/1.1" 200 27
222.70.168.128 - - [27/Mar/2023:10:22:51 +0800] "GET /xingrg/kc/buy/cgsh_order_operate.html?command=get_materiel&rest_code=00146&code=00101009118&supplier_code=00100005&order_time=2023-03-27 HTTP/1.1" 200 406
124.79.79.194 - - [27/Mar/2023:10:22:52 +0800] "POST /xingrg/services/DataTransmitService HTTP/1.1" 200 524
124.79.79.194 - - [27/Mar/2023:10:22:53 +0800] "POST /xingrg/services/DataTransmitService HTTP/1.1" 200 2151
222.70.182.87 - - [27/Mar/2023:10:22:54 +0800] "GET /xingrg/all/function/internal_message.html?_=1679883774642&CODE_STATE=getMsg HTTP/1.1" 200 27
222.70.182.87 - - [27/Mar/2023:10:22:54 +0800] "GET /xingrg/check_reg.html?_=1679883774649 HTTP/1.1" 200 22
120.253.135.82 - - [27/Mar/2023:10:23:00 +0800] "GET /xingrg/all/function/internal_message.html?_=1679883780620&CODE_STATE=getMsg HTTP/1.1" 200 27
222.70.168.128 - - [27/Mar/2023:10:23:03 +0800] "GET /xingrg/kc/buy/cgsh_order_operate.html?command=get_materiel&rest_code=00146&code=00101009044&supplier_code=00100005&order_time=2023-03-27 HTTP/1.1" 200 413
180.163.29.234 - - [27/Mar/2023:10:23:06 +0800] "GET /xingrg/all/function/internal_message.html?_=1679883728134&CODE_STATE=getMsg HTTP/1.1" 302 -
180.163.29.234 - - [27/Mar/2023:10:23:06 +0800] "GET /xingrg/login.html HTTP/1.1" 200 7641
222.70.168.128 - - [27/Mar/2023:10:23:06 +0800] "POST /xingrg/kc/buy/cgsh_order_operate.html HTTP/1.1" 200 2065
124.79.79.194 - - [27/Mar/2023:10:23:08 +0800] "POST /xingrg/services/DataTransmitService HTTP/1.1" 200 524
124.79.79.194 - - [27/Mar/2023:10:23:08 +0800] "POST /xingrg/services/DataTransmitService HTTP/1.1" 200 2151
116.238.139.35 - - [27/Mar/2023:10:23:14 +0800] "GET /xingrg/check_reg.html?_=1679883795702 HTTP/1.1" 200 22
116.238.139.35 - - [27/Mar/2023:10:23:14 +0800] "GET /xingrg/all/function/internal_message.html?_=1679883795705&CODE_STATE=getMsg HTTP/1.1" 200 27
222.70.221.209 - - [27/Mar/2023:10:23:14 +0800] "GET /xingrg/all/function/internal_message.html?_=1679883892653&CODE_STATE=getMsg HTTP/1.1" 200 27
124.78.155.10 - - [27/Mar/2023:10:23:15 +0800] "GET /xingrg/all/function/internal_message.html?_=1679883797552&CODE_STATE=getMsg HTTP/1.1" 200 27
116.192.124.172 - - [27/Mar/2023:10:23:17 +0800] "GET /xingrg/all/function/internal_message.html?_=1679883797410&CODE_STATE=getMsg HTTP/1.1" 200 27
116.192.124.172 - - [27/Mar/2023:10:23:17 +0800] "GET /xingrg/check_reg.html?_=1679883797599 HTTP/1.1" 200 22
180.163.30.85 - - [27/Mar/2023:10:23:18 +0800] "GET /xingrg/all/function/internal_message.html?_=1679883737520&CODE_STATE=count HTTP/1.1" 302 -
180.163.30.85 - - [27/Mar/2023:10:23:18 +0800] "GET /xingrg/login.html HTTP/1.1" 200 7641
222.70.168.128 - - [27/Mar/2023:10:23:19 +0800] "GET /xingrg/kc/buy/cgsh_order_operate.html?command=get_materiel&rest_code=00146&code=00101008041&supplier_code=00100005&order_time=2023-03-27 HTTP/1.1" 200 408
124.79.79.194 - - [27/Mar/2023:10:23:20 +0800] "POST /xingrg/services/DataTransmitService HTTP/1.1" 200 524
124.79.79.194 - - [27/Mar/2023:10:23:20 +0800] "POST /xingrg/services/DataTransmitService HTTP/1.1" 200 2151
124.79.79.194 - - [27/Mar/2023:10:23:22 +0800] "POST /xingrg/services/DataTransmitService HTTP/1.1" 200 524
124.79.79.194 - - [27/Mar/2023:10:23:23 +0800] "POST /xingrg/services/DataTransmitService HTTP/1.1" 200 2151
116.224.158.100 - - [27/Mar/2023:10:23:23 +0800] "GET /xingrg/all/function/internal_message.html?_=1679883805696&CODE_STATE=getMsg HTTP/1.1" 200 27
180.169.147.146 - - [27/Mar/2023:10:23:24 +0800] "GET /xingrg/all/function/internal_message.html?_=1679883804053&CODE_STATE=getMsg HTTP/1.1" 200 27
101.229.22.234 - - [27/Mar/2023:10:23:25 +0800] "GET /xingrg/all/function/internal_message.html?_=1679883804977&CODE_STATE=getMsg HTTP/1.1" 200 27
116.224.106.218 - - [27/Mar/2023:10:23:32 +0800] "GET /xingrg/all/function/internal_message.html?_=1679883812727&CODE_STATE=getMsg HTTP/1.1" 200 27
222.70.168.128 - - [27/Mar/2023:10:23:33 +0800] "GET /xingrg/kc/buy/cgsh_order_operate.html?command=get_materiel&rest_code=00146&code=00101008005&supplier_code=00100005&order_time=2023-03-27 HTTP/1.1" 200 412
114.83.216.127 - - [27/Mar/2023:10:23:40 +0800] "GET /xingrg/all/function/internal_message.html?_=1679883819871&CODE_STATE=getMsg HTTP/1.1" 200 27
58.221.95.50 - - [27/Mar/2023:10:23:41 +0800] "GET /xingrg/all/function/internal_message.html?_=1679883821473&CODE_STATE=getMsg HTTP/1.1" 200 27
124.79.240.114 - - [27/Mar/2023:10:23:42 +0800] "POST /xingrg/services/DataTransmitService HTTP/1.1" 200 524
222.70.168.128 - - [27/Mar/2023:10:23:43 +0800] "GET /xingrg/all/function/internal_message.html?_=1679883825131&CODE_STATE=getMsg HTTP/1.1" 200 27
120.253.135.82 - - [27/Mar/2023:10:23:45 +0800] "GET /xingrg/all/function/internal_message.html?_=1679883957582&CODE_STATE=getMsg HTTP/1.1" 302 -
120.253.135.82 - - [27/Mar/2023:10:23:46 +0800] "GET /xingrg/login.html HTTP/1.1" 200 7641
222.67.232.202 - - [27/Mar/2023:10:23:49 +0800] "GET /xingrg/check_reg.html?_=1679883829712 HTTP/1.1" 200 22
120.253.135.82 - - [27/Mar/2023:10:23:49 +0800] "GET /xingrg/check_reg.html?_=1679883661264 HTTP/1.1" 200 22
222.67.232.202 - - [27/Mar/2023:10:23:49 +0800] "GET /xingrg/all/function/internal_message.html?_=1679883830119&CODE_STATE=getMsg HTTP/1.1" 200 27
120.253.135.82 - - [27/Mar/2023:10:23:50 +0800] "GET /xingrg/all/function/internal_message.html?_=1679883661703&CODE_STATE=getMsg HTTP/1.1" 200 27
222.70.182.87 - - [27/Mar/2023:10:23:54 +0800] "GET /xingrg/all/function/internal_message.html?_=1679883834648&CODE_STATE=getMsg HTTP/1.1" 200 27
222.70.168.128 - - [27/Mar/2023:10:23:58 +0800] "GET /xingrg/kc/buy/cgsh_order_operate.html?command=get_materiel&rest_code=00146&code=00101008036&supplier_code=00100005&order_time=2023-03-27 HTTP/1.1" 200 408
180.164.3.199 - - [27/Mar/2023:10:24:00 +0800] "GET /favicon.ico HTTP/1.1" 404 -
120.253.135.82 - - [27/Mar/2023:10:24:00 +0800] "GET /xingrg/all/function/internal_message.html?_=1679883840625&CODE_STATE=getMsg HTTP/1.1" 200 27
180.164.3.199 - - [27/Mar/2023:10:24:06 +0800] "GET /xingrg/login.html HTTP/1.1" 200 7641
180.164.3.199 - - [27/Mar/2023:10:24:07 +0800] "GET /xingrg/images/blue/jxLogo.png HTTP/1.1" 200 6156
180.164.3.199 - - [27/Mar/2023:10:24:07 +0800] "GET /xingrg/images/blue/login_bg.png HTTP/1.1" 200 22101
180.164.3.199 - - [27/Mar/2023:10:24:07 +0800] "GET /xingrg/images/blue/hj.png HTTP/1.1" 200 1014
180.164.3.199 - - [27/Mar/2023:10:24:07 +0800] "GET /xingrg/images/blue/srbg.png HTTP/1.1" 200 138
180.164.3.199 - - [27/Mar/2023:10:24:07 +0800] "GET /favicon.ico HTTP/1.1" 404 -
180.164.3.199 - - [27/Mar/2023:10:24:09 +0800] "POST /xingrg/login.do HTTP/1.1" 302 -
180.164.3.199 - - [27/Mar/2023:10:24:09 +0800] "GET /xingrg/index.html?sysBaseUrl=http%3A%2F%2F180.169.147.146%3A18081%2Fxingrg%2F&costTime=784×tamp=1679883849404 HTTP/1.1" 200 17183
180.164.3.199 - - [27/Mar/2023:10:24:09 +0800] "GET /xingrg/javascript/jquery_easy_ui/themes/default/easyui.css HTTP/1.1" 200 26500
180.164.3.199 - - [27/Mar/2023:10:24:09 +0800] "GET /xingrg/javascript/jquery_easy_ui/themes/icon.css HTTP/1.1" 200 3949
180.164.3.199 - - [27/Mar/2023:10:24:09 +0800] "GET /xingrg/css/form.css HTTP/1.1" 200 893
180.164.3.199 - - [27/Mar/2023:10:24:09 +0800] "GET /xingrg/javascript/jquery_easy_ui/jquery.easyui.min.js HTTP/1.1" 200 213662
180.164.3.199 - - [27/Mar/2023:10:24:09 +0800] "GET /xingrg/javascript/jquery_easy_ui/easyui-lang-zh_CN.js HTTP/1.1" 200 1900
180.164.3.199 - - [27/Mar/2023:10:24:09 +0800] "GET /xingrg/javascript/jquery-1.4.2.min.js HTTP/1.1" 200 72205
180.164.3.199 - - [27/Mar/2023:10:24:09 +0800] "GET /xingrg/javascript/jquery.form.js HTTP/1.1" 200 23110
180.164.3.199 - - [27/Mar/2023:10:24:09 +0800] "GET /xingrg/javascript/jquery.utils.js HTTP/1.1" 200 11805
180.164.3.199 - - [27/Mar/2023:10:24:09 +0800] "GET /xingrg/javascript/jquery.timers.js HTTP/1.1" 200 3532
180.164.3.199 - - [27/Mar/2023:10:24:09 +0800] "GET /favicon.ico HTTP/1.1" 404 -
180.164.3.199 - - [27/Mar/2023:10:24:09 +0800] "GET /xingrg/javascript/jquery_easy_ui/themes/icons/settle_new.png HTTP/1.1" 200 826
180.164.3.199 - - [27/Mar/2023:10:24:09 +0800] "GET /xingrg/images/blue/navBackgound.jpg HTTP/1.1" 200 12378
180.164.3.199 - - [27/Mar/2023:10:24:09 +0800] "GET /xingrg/all/function/internal_message.html?_=1679883849940&CODE_STATE=count HTTP/1.1" 200 11
180.164.3.199 - - [27/Mar/2023:10:24:09 +0800] "GET /xingrg/images/blue/pingpu.png HTTP/1.1" 200 231
180.164.3.199 - - [27/Mar/2023:10:24:09 +0800] "GET /xingrg/check_reg.html?_=1679883849940 HTTP/1.1" 200 22
180.164.3.199 - - [27/Mar/2023:10:24:09 +0800] "GET /xingrg/javascript/jquery_easy_ui/themes/default/images/tabs_leftarrow.png HTTP/1.1" 200 389
180.164.3.199 - - [27/Mar/2023:10:24:09 +0800] "GET /xingrg/javascript/jquery_easy_ui/themes/default/images/tabs_rightarrow.png HTTP/1.1" 200 395
180.164.3.199 - - [27/Mar/2023:10:24:09 +0800] "GET /xingrg/javascript/jquery_easy_ui/themes/default/images/panel_tool_collapse.gif HTTP/1.1" 200 246
180.164.3.199 - - [27/Mar/2023:10:24:09 +0800] "POST /xingrg/all/common/load_tree.html?tree=area_rest_tree_json&manage=1 HTTP/1.1" 200 357
180.164.3.199 - - [27/Mar/2023:10:24:09 +0800] "POST /xingrg/load_menu.html HTTP/1.1" 200 5138
180.164.3.199 - - [27/Mar/2023:10:24:09 +0800] "GET /xingrg/javascript/jquery_easy_ui/themes/default/images/tree_arrows.gif HTTP/1.1" 200 1043
180.164.3.199 - - [27/Mar/2023:10:24:09 +0800] "GET /xingrg/javascript/jquery_easy_ui/themes/default/images/tree_folder_open.gif HTTP/1.1" 200 956
180.164.3.199 - - [27/Mar/2023:10:24:09 +0800] "GET /xingrg/javascript/jquery_easy_ui/themes/icons/search_new.png HTTP/1.1" 200 586
180.164.3.199 - - [27/Mar/2023:10:24:09 +0800] "GET /xingrg/javascript/jquery_easy_ui/themes/default/images/tree_folder.gif HTTP/1.1" 200 952
180.164.3.199 - - [27/Mar/2023:10:24:09 +0800] "GET /xingrg/javascript/jquery_easy_ui/themes/icons/storage_new.png HTTP/1.1" 200 853
180.164.3.199 - - [27/Mar/2023:10:24:09 +0800] "GET /xingrg/javascript/jquery_easy_ui/themes/icons/forms_new.png HTTP/1.1" 200 350
180.164.3.199 - - [27/Mar/2023:10:24:09 +0800] "GET /xingrg/javascript/jquery_easy_ui/themes/default/images/tree_file.gif HTTP/1.1" 200 118
180.164.3.199 - - [27/Mar/2023:10:24:12 +0800] "GET /xingrg/kc/buy/buy_main.html HTTP/1.1" 200 12412
180.164.3.199 - - [27/Mar/2023:10:24:12 +0800] "GET /xingrg/javascript/jquery_easy_ui/themes/default/images/tabs_close.gif HTTP/1.1" 200 829
180.164.3.199 - - [27/Mar/2023:10:24:12 +0800] "GET /xingrg/css/new_ie.css HTTP/1.1" 404 1036
180.164.3.199 - - [27/Mar/2023:10:24:12 +0800] "GET /xingrg/css/blue.css HTTP/1.1" 200 15949
180.164.3.199 - - [27/Mar/2023:10:24:12 +0800] "GET /xingrg/javascript/pic_change.js HTTP/1.1" 200 4739
180.164.3.199 - - [27/Mar/2023:10:24:12 +0800] "GET /xingrg/javascript/jquery_ui/themes/humanity/humanity.css HTTP/1.1" 200 27801
180.164.3.199 - - [27/Mar/2023:10:24:12 +0800] "GET /xingrg/javascript/ToolTips.js HTTP/1.1" 200 5615
180.164.3.199 - - [27/Mar/2023:10:24:12 +0800] "GET /xingrg/javascript/myfunction.js HTTP/1.1" 200 24559
180.164.3.199 - - [27/Mar/2023:10:24:12 +0800] "GET /xingrg/images/blue/button/cgxqd.gif HTTP/1.1" 200 2619
180.164.3.199 - - [27/Mar/2023:10:24:12 +0800] "GET /xingrg/images/blue/button/cgshd.gif HTTP/1.1" 200 2618
180.164.3.199 - - [27/Mar/2023:10:24:12 +0800] "GET /xingrg/javascript/jquery_ui/jquery-ui.min.js HTTP/1.1" 200 186181
180.164.3.199 - - [27/Mar/2023:10:24:12 +0800] "GET /xingrg/images/blue/button/cgydd.gif HTTP/1.1" 200 2712
180.164.3.199 - - [27/Mar/2023:10:24:12 +0800] "GET /xingrg/images/blue/button/cgfkd.gif HTTP/1.1" 200 2075
180.164.3.199 - - [27/Mar/2023:10:24:12 +0800] "GET /xingrg/images/blue/pic_form2.gif HTTP/1.1" 200 1853
180.164.3.199 - - [27/Mar/2023:10:24:12 +0800] "GET /xingrg/images/blue/button/kc.gif HTTP/1.1" 200 2160
180.164.3.199 - - [27/Mar/2023:10:24:12 +0800] "GET /xingrg/images/blue/button/ckthd.gif HTTP/1.1" 200 2045
