222.70.182.87 - - [27/Mar/2023:10:47:47 +0800] "GET /xingrg/images/yd/bt.gif HTTP/1.1" 404 1040
222.70.182.87 - - [27/Mar/2023:10:47:48 +0800] "GET /xingrg/kc/buy/cgsh_order_list.html HTTP/1.1" 200 54179
222.67.232.202 - - [27/Mar/2023:10:47:49 +0800] "GET /xingrg/all/function/internal_message.html?_=1679885269741&CODE_STATE=getMsg HTTP/1.1" 200 27
101.229.22.234 - - [27/Mar/2023:10:47:49 +0800] "GET /xingrg/kc/buy/cgsh_order_operate.html?command=get_materiel&rest_code=00142&code=00101008108&supplier_code=00100161&order_time=2023-03-27 HTTP/1.1" 200 412
180.163.29.206 - - [27/Mar/2023:10:47:54 +0800] "GET /xingrg/index.html?sysBaseUrl=http://180.169.147.146:18081/xingrg/&costTime=1484×tamp=1679883735188 HTTP/1.1" 302 -
180.163.29.206 - - [27/Mar/2023:10:47:54 +0800] "GET /xingrg/login.html HTTP/1.1" 200 7641
222.70.182.87 - - [27/Mar/2023:10:47:54 +0800] "GET /xingrg/all/function/internal_message.html?_=1679885274680&CODE_STATE=getMsg HTTP/1.1" 200 27
222.70.182.87 - - [27/Mar/2023:10:47:54 +0800] "GET /xingrg/check_reg.html?_=1679885274682 HTTP/1.1" 200 22
180.169.147.146 - - [27/Mar/2023:10:47:54 +0800] "GET /xingrg/all/function/internal_message.html?_=1679885273891&CODE_STATE=getMsg HTTP/1.1" 200 27
180.163.29.217 - - [27/Mar/2023:10:47:55 +0800] "GET /xingrg/check_reg.html?_=1679885217006 HTTP/1.1" 302 -
180.163.29.217 - - [27/Mar/2023:10:47:55 +0800] "GET /xingrg/all/function/internal_message.html?_=1679885217004&CODE_STATE=count HTTP/1.1" 302 -
180.163.29.217 - - [27/Mar/2023:10:47:55 +0800] "GET /xingrg/login.html HTTP/1.1" 200 7641
180.163.29.217 - - [27/Mar/2023:10:47:55 +0800] "GET /xingrg/login.html HTTP/1.1" 200 7641
124.78.155.10 - - [27/Mar/2023:10:47:55 +0800] "GET /xingrg/all/function/internal_message.html?_=1679885277021&CODE_STATE=getMsg HTTP/1.1" 200 27
120.253.135.82 - - [27/Mar/2023:10:47:56 +0800] "GET /xingrg/kc/pszx/mdps_order_info.html?code=312023032400535 HTTP/1.1" 200 19636
180.169.147.146 - - [27/Mar/2023:10:47:57 +0800] "GET /xingrg/all/function/internal_message.html?_=1679885277100&CODE_STATE=getMsg HTTP/1.1" 200 27
120.253.135.82 - - [27/Mar/2023:10:47:57 +0800] "GET /xingrg/javascript/easyui/themes/default/validatebox.css HTTP/1.1" 404 1104
120.253.135.82 - - [27/Mar/2023:10:47:57 +0800] "POST /xingrg/kc/pszx/mdps_order_operate.html HTTP/1.1" 200 499
120.253.135.82 - - [27/Mar/2023:10:47:58 +0800] "POST /xingrg/kc/pszx/mdps_list_operate.html HTTP/1.1" 200 1683
101.229.22.234 - - [27/Mar/2023:10:47:59 +0800] "GET /xingrg/kc/buy/cgsh_order_operate.html?command=get_materiel&rest_code=00142&code=00101008368&supplier_code=00100161&order_time=2023-03-27 HTTP/1.1" 200 408
120.253.135.82 - - [27/Mar/2023:10:48:00 +0800] "POST /xingrg/kc/pszx/mdps_list_operate.html HTTP/1.1" 200 602
120.253.135.82 - - [27/Mar/2023:10:48:00 +0800] "GET /xingrg/all/function/internal_message.html?_=1679885280622&CODE_STATE=getMsg HTTP/1.1" 200 27
120.253.135.82 - - [27/Mar/2023:10:48:01 +0800] "GET /xingrg/kc/pszx/mdps_order_info.html?code=312023032600580 HTTP/1.1" 200 23972
120.253.135.82 - - [27/Mar/2023:10:48:01 +0800] "GET /xingrg/javascript/easyui/themes/default/validatebox.css HTTP/1.1" 404 1104
120.253.135.82 - - [27/Mar/2023:10:48:02 +0800] "POST /xingrg/kc/pszx/mdps_order_operate.html HTTP/1.1" 200 8799
222.70.182.87 - - [27/Mar/2023:10:48:04 +0800] "POST /xingrg/kc/buy/cgsh_list_operate.html HTTP/1.1" 200 5219
222.70.182.87 - - [27/Mar/2023:10:48:05 +0800] "GET /xingrg/check_reg.html?_=1679885343147 HTTP/1.1" 200 22
222.70.182.87 - - [27/Mar/2023:10:48:05 +0800] "GET /xingrg/all/function/internal_message.html?_=1679885343152&CODE_STATE=getMsg HTTP/1.1" 200 27
120.253.135.82 - - [27/Mar/2023:10:48:05 +0800] "POST /xingrg/kc/pszx/mdps_order_operate.html HTTP/1.1" 200 37
222.70.182.87 - - [27/Mar/2023:10:48:08 +0800] "POST /xingrg/kc/buy/cgsh_list_operate.html HTTP/1.1" 200 281
180.164.3.199 - - [27/Mar/2023:10:48:09 +0800] "GET /xingrg/all/function/internal_message.html?_=1679885289958&CODE_STATE=getMsg HTTP/1.1" 200 27
222.70.182.87 - - [27/Mar/2023:10:48:10 +0800] "GET /xingrg/kc/buy/cgsh_order_info.html?code=212023032710106 HTTP/1.1" 200 69928
120.253.135.82 - - [27/Mar/2023:10:48:10 +0800] "POST /xingrg/kc/pszx/mdps_order_operate.html HTTP/1.1" 200 12
222.70.182.87 - - [27/Mar/2023:10:48:11 +0800] "GET /xingrg/javascript/easyui/themes/default/validatebox.css HTTP/1.1" 404 1104
101.229.22.234 - - [27/Mar/2023:10:48:11 +0800] "GET /xingrg/kc/buy/cgsh_order_operate.html?command=get_materiel&rest_code=00142&code=00101008005&supplier_code=00100161&order_time=2023-03-27 HTTP/1.1" 200 412
222.70.182.87 - - [27/Mar/2023:10:48:12 +0800] "POST /xingrg/kc/buy/cgsh_order_operate.html HTTP/1.1" 200 3268
116.238.139.35 - - [27/Mar/2023:10:48:14 +0800] "GET /xingrg/all/function/internal_message.html?_=1679885295719&CODE_STATE=getMsg HTTP/1.1" 200 27
116.238.139.35 - - [27/Mar/2023:10:48:14 +0800] "GET /xingrg/check_reg.html?_=1679885295721 HTTP/1.1" 200 22
222.70.221.209 - - [27/Mar/2023:10:48:14 +0800] "GET /xingrg/all/function/internal_message.html?_=1679885392662&CODE_STATE=getMsg HTTP/1.1" 200 27
116.192.124.172 - - [27/Mar/2023:10:48:16 +0800] "GET /xingrg/all/function/internal_message.html?_=1679885296996&CODE_STATE=getMsg HTTP/1.1" 200 27
222.70.182.87 - - [27/Mar/2023:10:48:17 +0800] "POST /xingrg/kc/buy/cgsh_order_operate.html HTTP/1.1" 200 37
116.192.124.172 - - [27/Mar/2023:10:48:17 +0800] "GET /xingrg/check_reg.html?_=1679885297606 HTTP/1.1" 200 22
222.67.232.202 - - [27/Mar/2023:10:48:17 +0800] "GET /xingrg/all/function/internal_message.html?_=1679884842327&CODE_STATE=getMsg HTTP/1.1" 200 27
180.163.29.217 - - [27/Mar/2023:10:48:20 +0800] "GET /xingrg/kc/mdqp/qp_main.html HTTP/1.1" 302 -
180.163.29.217 - - [27/Mar/2023:10:48:20 +0800] "GET /xingrg/login.html HTTP/1.1" 200 7641
222.70.182.87 - - [27/Mar/2023:10:48:23 +0800] "POST /xingrg/kc/buy/cgsh_order_operate.html HTTP/1.1" 200 12
116.224.158.100 - - [27/Mar/2023:10:48:23 +0800] "GET /xingrg/all/function/internal_message.html?_=1679885305070&CODE_STATE=getMsg HTTP/1.1" 200 27
101.229.22.234 - - [27/Mar/2023:10:48:23 +0800] "GET /xingrg/kc/buy/cgsh_order_operate.html?command=get_materiel&rest_code=00142&code=00101008141&supplier_code=00100161&order_time=2023-03-27 HTTP/1.1" 200 412
180.169.147.146 - - [27/Mar/2023:10:48:24 +0800] "GET /xingrg/all/function/internal_message.html?_=1679885304049&CODE_STATE=getMsg HTTP/1.1" 200 27
222.70.182.87 - - [27/Mar/2023:10:48:25 +0800] "GET /xingrg/kc/buy/cgsh_order_info.html?code=212023032710106 HTTP/1.1" 200 64821
222.70.182.87 - - [27/Mar/2023:10:48:25 +0800] "GET /xingrg/javascript/easyui/themes/default/validatebox.css HTTP/1.1" 404 1104
101.229.22.234 - - [27/Mar/2023:10:48:25 +0800] "GET /xingrg/all/function/internal_message.html?_=1679885305022&CODE_STATE=getMsg HTTP/1.1" 200 27
222.70.182.87 - - [27/Mar/2023:10:48:26 +0800] "POST /xingrg/kc/buy/cgsh_order_operate.html HTTP/1.1" 200 1218
222.70.182.87 - - [27/Mar/2023:10:48:27 +0800] "GET /xingrg/kc/base/wldb_order_list.html HTTP/1.1" 200 19098
222.70.168.128 - - [27/Mar/2023:10:48:28 +0800] "GET /xingrg/all/function/internal_message.html?_=1679885309792&CODE_STATE=getMsg HTTP/1.1" 200 27
222.70.182.87 - - [27/Mar/2023:10:48:28 +0800] "POST /xingrg/kc/base/wldb_list_operate.html HTTP/1.1" 200 3346
222.70.182.87 - - [27/Mar/2023:10:48:30 +0800] "GET /xingrg/kc/base/wldb_order_list.html HTTP/1.1" 200 19098
222.70.182.87 - - [27/Mar/2023:10:48:30 +0800] "POST /xingrg/kc/base/wldb_list_operate.html HTTP/1.1" 200 3346
124.79.240.114 - - [27/Mar/2023:10:48:31 +0800] "GET /xingrg/all/function/internal_message.html?_=1679885571967&CODE_STATE=getMsg HTTP/1.1" 200 27
116.224.106.218 - - [27/Mar/2023:10:48:32 +0800] "GET /xingrg/all/function/internal_message.html?_=1679885312297&CODE_STATE=getMsg HTTP/1.1" 200 27
222.70.182.87 - - [27/Mar/2023:10:48:33 +0800] "GET /xingrg/kc/base/wldb_order_add.html HTTP/1.1" 200 30381
222.70.182.87 - - [27/Mar/2023:10:48:33 +0800] "POST /xingrg/kc/base/wldb_order_operate.html HTTP/1.1" 200 6806
222.70.182.87 - - [27/Mar/2023:10:48:33 +0800] "GET /xingrg/javascript/easyui/themes/default/validatebox.css HTTP/1.1" 404 1104
101.229.22.234 - - [27/Mar/2023:10:48:40 +0800] "GET /xingrg/kc/buy/cgsh_order_operate.html?command=get_materiel&rest_code=00142&code=00101008268&supplier_code=00100161&order_time=2023-03-27 HTTP/1.1" 200 408
58.221.95.50 - - [27/Mar/2023:10:48:40 +0800] "GET /xingrg/all/function/internal_message.html?_=1679885321081&CODE_STATE=getMsg HTTP/1.1" 200 27
120.253.135.82 - - [27/Mar/2023:10:48:46 +0800] "GET /xingrg/all/function/internal_message.html?_=1679885457698&CODE_STATE=getMsg HTTP/1.1" 302 -
120.253.135.82 - - [27/Mar/2023:10:48:46 +0800] "GET /xingrg/login.html HTTP/1.1" 200 7641
222.70.182.87 - - [27/Mar/2023:10:48:46 +0800] "GET /xingrg/index.html?sysBaseUrl=http%3A%2F%2F180.169.147.146%3A18081%2Fxingrg%2F&costTime=839×tamp=1679879274114 HTTP/1.1" 200 17173
222.70.182.87 - - [27/Mar/2023:10:48:46 +0800] "GET /xingrg/javascript/jquery_easy_ui/themes/default/easyui.css HTTP/1.1" 304 -
222.70.182.87 - - [27/Mar/2023:10:48:46 +0800] "GET /xingrg/javascript/jquery_easy_ui/themes/icon.css HTTP/1.1" 304 -
222.70.182.87 - - [27/Mar/2023:10:48:46 +0800] "GET /xingrg/css/form.css HTTP/1.1" 304 -
222.70.182.87 - - [27/Mar/2023:10:48:46 +0800] "GET /xingrg/javascript/jquery-1.4.2.min.js HTTP/1.1" 304 -
222.70.182.87 - - [27/Mar/2023:10:48:46 +0800] "GET /xingrg/javascript/jquery_easy_ui/jquery.easyui.min.js HTTP/1.1" 304 -
222.70.182.87 - - [27/Mar/2023:10:48:46 +0800] "GET /xingrg/javascript/jquery_easy_ui/easyui-lang-zh_CN.js HTTP/1.1" 304 -
222.70.182.87 - - [27/Mar/2023:10:48:46 +0800] "GET /xingrg/javascript/jquery.form.js HTTP/1.1" 304 -
222.70.182.87 - - [27/Mar/2023:10:48:46 +0800] "GET /xingrg/javascript/jquery.utils.js HTTP/1.1" 304 -
222.70.182.87 - - [27/Mar/2023:10:48:46 +0800] "GET /xingrg/javascript/jquery.timers.js HTTP/1.1" 304 -
222.70.182.87 - - [27/Mar/2023:10:48:46 +0800] "GET /xingrg/images/blue/jxLogo.png HTTP/1.1" 304 -
222.70.182.87 - - [27/Mar/2023:10:48:46 +0800] "GET /xingrg/javascript/jquery_easy_ui/themes/icons/settle_new.png HTTP/1.1" 304 -
222.70.182.87 - - [27/Mar/2023:10:48:46 +0800] "GET /xingrg/images/blue/navBackgound.jpg HTTP/1.1" 304 -
222.70.182.87 - - [27/Mar/2023:10:48:46 +0800] "GET /xingrg/all/function/internal_message.html?_=1679885326793&CODE_STATE=count HTTP/1.1" 200 11
222.70.182.87 - - [27/Mar/2023:10:48:46 +0800] "GET /xingrg/check_reg.html?_=1679885326794 HTTP/1.1" 200 22
222.70.182.87 - - [27/Mar/2023:10:48:46 +0800] "GET /xingrg/javascript/jquery_easy_ui/themes/default/images/tabs_leftarrow.png HTTP/1.1" 304 -
222.70.182.87 - - [27/Mar/2023:10:48:46 +0800] "GET /xingrg/images/blue/pingpu.png HTTP/1.1" 304 -
222.70.182.87 - - [27/Mar/2023:10:48:46 +0800] "GET /xingrg/javascript/jquery_easy_ui/themes/default/images/tabs_rightarrow.png HTTP/1.1" 304 -
222.70.182.87 - - [27/Mar/2023:10:48:46 +0800] "GET /xingrg/javascript/jquery_easy_ui/themes/default/images/panel_tool_collapse.gif HTTP/1.1" 304 -
222.70.182.87 - - [27/Mar/2023:10:48:46 +0800] "POST /xingrg/all/common/load_tree.html?tree=area_rest_tree_json&manage=1 HTTP/1.1" 200 342
222.70.182.87 - - [27/Mar/2023:10:48:46 +0800] "POST /xingrg/load_menu.html HTTP/1.1" 200 5138
222.70.182.87 - - [27/Mar/2023:10:48:48 +0800] "GET /xingrg/index.html?sysBaseUrl=http%3A%2F%2F180.169.147.146%3A18081%2Fxingrg%2F&costTime=839×tamp=1679879274114 HTTP/1.1" 200 17173
222.70.182.87 - - [27/Mar/2023:10:48:48 +0800] "GET /xingrg/javascript/jquery_easy_ui/themes/default/easyui.css HTTP/1.1" 304 -
222.70.182.87 - - [27/Mar/2023:10:48:48 +0800] "GET /xingrg/css/form.css HTTP/1.1" 304 -
222.70.182.87 - - [27/Mar/2023:10:48:48 +0800] "GET /xingrg/javascript/jquery_easy_ui/themes/icon.css HTTP/1.1" 304 -
222.70.182.87 - - [27/Mar/2023:10:48:48 +0800] "GET /xingrg/javascript/jquery-1.4.2.min.js HTTP/1.1" 304 -
222.70.182.87 - - [27/Mar/2023:10:48:48 +0800] "GET /xingrg/javascript/jquery_easy_ui/jquery.easyui.min.js HTTP/1.1" 304 -
222.70.182.87 - - [27/Mar/2023:10:48:48 +0800] "GET /xingrg/javascript/jquery_easy_ui/easyui-lang-zh_CN.js HTTP/1.1" 304 -
222.70.182.87 - - [27/Mar/2023:10:48:48 +0800] "GET /xingrg/javascript/jquery.form.js HTTP/1.1" 304 -
222.70.182.87 - - [27/Mar/2023:10:48:48 +0800] "GET /xingrg/javascript/jquery.utils.js HTTP/1.1" 304 -
222.70.182.87 - - [27/Mar/2023:10:48:48 +0800] "GET /xingrg/javascript/jquery.timers.js HTTP/1.1" 304 -
222.70.182.87 - - [27/Mar/2023:10:48:48 +0800] "GET /xingrg/images/blue/jxLogo.png HTTP/1.1" 304 -
222.70.182.87 - - [27/Mar/2023:10:48:48 +0800] "GET /xingrg/images/blue/navBackgound.jpg HTTP/1.1" 304 -
222.70.182.87 - - [27/Mar/2023:10:48:48 +0800] "GET /xingrg/javascript/jquery_easy_ui/themes/icons/settle_new.png HTTP/1.1" 304 -
222.70.182.87 - - [27/Mar/2023:10:48:48 +0800] "GET /xingrg/all/function/internal_message.html?_=1679885328286&CODE_STATE=count HTTP/1.1" 200 11
222.70.182.87 - - [27/Mar/2023:10:48:48 +0800] "GET /xingrg/check_reg.html?_=1679885328287 HTTP/1.1" 200 22
222.70.182.87 - - [27/Mar/2023:10:48:48 +0800] "GET /xingrg/images/blue/pingpu.png HTTP/1.1" 304 -
222.70.182.87 - - [27/Mar/2023:10:48:48 +0800] "GET /xingrg/javascript/jquery_easy_ui/themes/default/images/panel_tool_collapse.gif HTTP/1.1" 304 -
222.70.182.87 - - [27/Mar/2023:10:48:48 +0800] "GET /xingrg/javascript/jquery_easy_ui/themes/default/images/tabs_rightarrow.png HTTP/1.1" 304 -
222.70.182.87 - - [27/Mar/2023:10:48:48 +0800] "GET /xingrg/javascript/jquery_easy_ui/themes/default/images/tabs_leftarrow.png HTTP/1.1" 304 -
222.70.182.87 - - [27/Mar/2023:10:48:48 +0800] "POST /xingrg/all/common/load_tree.html?tree=area_rest_tree_json&manage=1 HTTP/1.1" 200 342
222.70.182.87 - - [27/Mar/2023:10:48:48 +0800] "POST /xingrg/load_menu.html HTTP/1.1" 200 5138
222.67.232.202 - - [27/Mar/2023:10:48:49 +0800] "GET /xingrg/all/function/internal_message.html?_=1679885329769&CODE_STATE=getMsg HTTP/1.1" 200 27
222.67.232.202 - - [27/Mar/2023:10:48:49 +0800] "GET /xingrg/check_reg.html?_=1679885329770 HTTP/1.1" 200 22
222.70.182.87 - - [27/Mar/2023:10:48:51 +0800] "GET /xingrg/kc/base/wldb_order_list.html HTTP/1.1" 200 19098
222.70.182.87 - - [27/Mar/2023:10:48:51 +0800] "POST /xingrg/kc/base/wldb_list_operate.html HTTP/1.1" 200 3346
101.229.22.234 - - [27/Mar/2023:10:48:51 +0800] "GET /xingrg/kc/buy/cgsh_order_operate.html?command=get_materiel&rest_code=00142&code=00101008361&supplier_code=00100161&order_time=2023-03-27 HTTP/1.1" 200 408
222.70.182.87 - - [27/Mar/2023:10:48:53 +0800] "GET /xingrg/kc/base/wldb_order_add.html HTTP/1.1" 200 30381
222.70.182.87 - - [27/Mar/2023:10:48:54 +0800] "POST /xingrg/kc/base/wldb_order_operate.html HTTP/1.1" 200 6806
222.70.182.87 - - [27/Mar/2023:10:48:54 +0800] "GET /xingrg/javascript/easyui/themes/default/validatebox.css HTTP/1.1" 404 1104
180.169.147.146 - - [27/Mar/2023:10:48:54 +0800] "GET /xingrg/check_reg.html?_=1679885333874 HTTP/1.1" 200 22
180.169.147.146 - - [27/Mar/2023:10:48:54 +0800] "GET /xingrg/all/function/internal_message.html?_=1679885333880&CODE_STATE=getMsg HTTP/1.1" 200 27
222.70.182.87 - - [27/Mar/2023:10:48:55 +0800] "GET /xingrg/javascript/auto/indicator.gif HTTP/1.1" 404 1066
124.78.155.10 - - [27/Mar/2023:10:48:55 +0800] "GET /xingrg/all/function/internal_message.html?_=1679885337024&CODE_STATE=getMsg HTTP/1.1" 200 27
180.169.147.146 - - [27/Mar/2023:10:48:57 +0800] "GET /xingrg/all/function/internal_message.html?_=1679885337100&CODE_STATE=getMsg HTTP/1.1" 200 27
222.70.182.87 - - [27/Mar/2023:10:48:57 +0800] "GET /xingrg/javascript/jquery_tools/images/prev.gif HTTP/1.1" 404 1086
222.70.182.87 - - [27/Mar/2023:10:48:57 +0800] "GET /xingrg/javascript/jquery_tools/images/next.gif HTTP/1.1" 404 1086
120.253.135.82 - - [27/Mar/2023:10:49:00 +0800] "GET /xingrg/all/function/internal_message.html?_=1679885340642&CODE_STATE=getMsg HTTP/1.1" 200 27
101.229.22.234 - - [27/Mar/2023:10:49:02 +0800] "GET /xingrg/kc/buy/cgsh_order_operate.html?command=get_materiel&rest_code=00142&code=00101008371&supplier_code=00100161&order_time=2023-03-27 HTTP/1.1" 200 412
180.157.253.110 - - [27/Mar/2023:10:49:04 +0800] "POST /xingrg/services/DataTransmitService HTTP/1.1" 200 524
222.70.182.87 - - [27/Mar/2023:10:49:05 +0800] "GET /xingrg/all/function/internal_message.html?_=1679885403151&CODE_STATE=getMsg HTTP/1.1" 200 27
180.157.253.110 - - [27/Mar/2023:10:49:05 +0800] "POST /xingrg/services/DataTransmitService HTTP/1.1" 200 412
180.164.3.199 - - [27/Mar/2023:10:49:09 +0800] "GET /xingrg/all/function/internal_message.html?_=1679885349946&CODE_STATE=getMsg HTTP/1.1" 200 27
180.164.3.199 - - [27/Mar/2023:10:49:09 +0800] "GET /xingrg/check_reg.html?_=1679885349949 HTTP/1.1" 200 22
101.229.22.234 - - [27/Mar/2023:10:49:12 +0800] "GET /xingrg/kc/buy/cgsh_order_operate.html?command=get_materiel&rest_code=00142&code=00101008355&supplier_code=00100161&order_time=2023-03-27 HTTP/1.1" 200 408
116.238.139.35 - - [27/Mar/2023:10:49:14 +0800] "GET /xingrg/all/function/internal_message.html?_=1679885355724&CODE_STATE=getMsg HTTP/1.1" 200 27
222.70.221.209 - - [27/Mar/2023:10:49:14 +0800] "GET /xingrg/check_reg.html?_=1679885452658 HTTP/1.1" 200 22
222.70.221.209 - - [27/Mar/2023:10:49:14 +0800] "GET /xingrg/all/function/internal_message.html?_=1679885452661&CODE_STATE=getMsg HTTP/1.1" 200 27
116.192.124.172 - - [27/Mar/2023:10:49:16 +0800] "GET /xingrg/all/function/internal_message.html?_=1679885356969&CODE_STATE=getMsg HTTP/1.1" 200 27
58.221.95.50 - - [27/Mar/2023:10:49:17 +0800] "GET /xingrg/check_reg.html?_=1679885357962 HTTP/1.1" 200 22
222.67.232.202 - - [27/Mar/2023:10:49:17 +0800] "GET /xingrg/all/function/internal_message.html?_=1679884902327&CODE_STATE=getMsg HTTP/1.1" 200 27
101.229.22.234 - - [27/Mar/2023:10:49:22 +0800] "GET /xingrg/kc/buy/cgsh_order_operate.html?command=get_materiel&rest_code=00142&code=00101008024&supplier_code=00100161&order_time=2023-03-27 HTTP/1.1" 200 408
116.224.158.100 - - [27/Mar/2023:10:49:23 +0800] "GET /xingrg/all/function/internal_message.html?_=1679885365050&CODE_STATE=getMsg HTTP/1.1" 200 27
116.224.158.100 - - [27/Mar/2023:10:49:24 +0800] "GET /xingrg/check_reg.html?_=1679885365802 HTTP/1.1" 200 22
180.169.147.146 - - [27/Mar/2023:10:49:24 +0800] "GET /xingrg/all/function/internal_message.html?_=1679885364046&CODE_STATE=getMsg HTTP/1.1" 200 27
101.229.22.234 - - [27/Mar/2023:10:49:25 +0800] "GET /xingrg/all/function/internal_message.html?_=1679885365026&CODE_STATE=getMsg HTTP/1.1" 200 27
101.229.22.234 - - [27/Mar/2023:10:49:26 +0800] "GET /xingrg/check_reg.html?_=1679885365029 HTTP/1.1" 200 22
222.70.168.128 - - [27/Mar/2023:10:49:28 +0800] "GET /xingrg/all/function/internal_message.html?_=1679885369871&CODE_STATE=getMsg HTTP/1.1" 200 27
172.20.0.100 - - [27/Mar/2023:10:49:29 +0800] "GET /xingrg/index.html?sysBaseUrl=http%3A%2F%2F172.17.0.8%3A18081%2Fxingrg%2F&costTime=213×tamp=1585200360465 HTTP/1.1" 302 -
172.20.0.100 - - [27/Mar/2023:10:49:29 +0800] "GET /xingrg/login.html HTTP/1.1" 200 7636
172.20.0.100 - - [27/Mar/2023:10:49:30 +0800] "GET /favicon.ico HTTP/1.1" 404 -
124.79.240.114 - - [27/Mar/2023:10:49:31 +0800] "GET /xingrg/all/function/internal_message.html?_=1679885631970&CODE_STATE=getMsg HTTP/1.1" 200 27
124.79.240.114 - - [27/Mar/2023:10:49:31 +0800] "GET /xingrg/check_reg.html?_=1679885631971 HTTP/1.1" 200 22
172.20.0.100 - - [27/Mar/2023:10:49:32 +0800] "POST /xingrg/login.do HTTP/1.1" 302 -
101.229.22.234 - - [27/Mar/2023:10:49:32 +0800] "GET /xingrg/kc/buy/cgsh_order_operate.html?command=get_materiel&rest_code=00142&code=00101008356&supplier_code=00100161&order_time=2023-03-27 HTTP/1.1" 200 408
172.20.0.100 - - [27/Mar/2023:10:49:32 +0800] "GET /xingrg/index.html?sysBaseUrl=http%3A%2F%2F172.20.0.8%3A18081%2Fxingrg%2F&costTime=921×tamp=1679885372336 HTTP/1.1" 200 17448
116.224.106.218 - - [27/Mar/2023:10:49:32 +0800] "GET /xingrg/all/function/internal_message.html?_=1679885372281&CODE_STATE=getMsg HTTP/1.1" 200 27
172.20.0.100 - - [27/Mar/2023:10:49:32 +0800] "GET /favicon.ico HTTP/1.1" 404 -
172.20.0.100 - - [27/Mar/2023:10:49:33 +0800] "GET /xingrg/all/function/internal_message.html?_=1679885367694&CODE_STATE=count HTTP/1.1" 200 11
172.20.0.100 - - [27/Mar/2023:10:49:33 +0800] "GET /xingrg/check_reg.html?_=1679885367695 HTTP/1.1" 200 22
172.20.0.100 - - [27/Mar/2023:10:49:33 +0800] "POST /xingrg/all/common/load_tree.html?tree=area_rest_tree_json&manage=1 HTTP/1.1" 200 3499
172.20.0.100 - - [27/Mar/2023:10:49:33 +0800] "POST /xingrg/load_menu.html HTTP/1.1" 200 11529
172.20.0.100 - - [27/Mar/2023:10:49:36 +0800] "GET /xingrg/index.html?sysBaseUrl=http%3A%2F%2F172.20.0.8%3A18081%2Fxingrg%2F&costTime=921×tamp=1679885372336 HTTP/1.1" 200 17448
172.20.0.100 - - [27/Mar/2023:10:49:37 +0800] "GET /favicon.ico HTTP/1.1" 404 -
58.221.95.50 - - [27/Mar/2023:10:49:40 +0800] "GET /xingrg/all/function/internal_message.html?_=1679885381062&CODE_STATE=getMsg HTTP/1.1" 200 27
101.229.22.234 - - [27/Mar/2023:10:49:45 +0800] "GET /xingrg/kc/buy/cgsh_order_operate.html?command=get_materiel&rest_code=00142&code=00101008286&supplier_code=00100161&order_time=2023-03-27 HTTP/1.1" 200 408
120.253.135.82 - - [27/Mar/2023:10:49:46 +0800] "GET /xingrg/all/function/internal_message.html?_=1679885517712&CODE_STATE=getMsg HTTP/1.1" 302 -
120.253.135.82 - - [27/Mar/2023:10:49:46 +0800] "GET /xingrg/login.html HTTP/1.1" 200 7641
222.70.182.87 - - [27/Mar/2023:10:49:48 +0800] "GET /xingrg/all/function/internal_message.html?_=1679885388297&CODE_STATE=getMsg HTTP/1.1" 200 27
222.67.232.202 - - [27/Mar/2023:10:49:49 +0800] "GET /xingrg/all/function/internal_message.html?_=1679885389769&CODE_STATE=getMsg HTTP/1.1" 200 27
172.20.0.100 - - [27/Mar/2023:10:49:51 +0800] "GET /xingrg/kc/report/report_main.html HTTP/1.1" 200 8579
172.20.0.100 - - [27/Mar/2023:10:49:51 +0800] "GET /xingrg/javascript/jquery_ui/themes/humanity/humanity.css HTTP/1.1" 200 27801
172.20.0.100 - - [27/Mar/2023:10:49:51 +0800] "GET /xingrg/javascript/json2.js HTTP/1.1" 200 11259
172.20.0.100 - - [27/Mar/2023:10:49:52 +0800] "GET /xingrg/kc/base/crk_hz.html HTTP/1.1" 200 11227
172.20.0.100 - - [27/Mar/2023:10:49:52 +0800] "GET /xingrg/javascript/step/step.css HTTP/1.1" 200 999
172.20.0.100 - - [27/Mar/2023:10:49:52 +0800] "GET /xingrg/css/table.css HTTP/1.1" 200 3684
172.20.0.100 - - [27/Mar/2023:10:49:53 +0800] "POST /xingrg/kc/cost/cost_operate.html?command=get_base_tree HTTP/1.1" 200 1008
172.20.0.100 - - [27/Mar/2023:10:49:53 +0800] "POST /xingrg/all/common/load_tree.html?tree=materiel_sort_tree_json HTTP/1.1" 200 9500
172.20.0.100 - - [27/Mar/2023:10:49:53 +0800] "GET /xingrg/javascript/jquery_easy_ui/themes/icons/search.png HTTP/1.1" 200 813
172.20.0.100 - - [27/Mar/2023:10:49:53 +0800] "GET /xingrg/javascript/jquery_easy_ui/themes/default/images/menu.gif HTTP/1.1" 200 834
172.20.0.100 - - [27/Mar/2023:10:49:53 +0800] "GET /xingrg/javascript/jquery_easy_ui/themes/default/images/combo_arrow_dot.gif HTTP/1.1" 200 79
172.20.0.100 - - [27/Mar/2023:10:49:53 +0800] "GET /xingrg/javascript/jquery_easy_ui/themes/default/images/calendar_prevmonth.gif HTTP/1.1" 200 66
172.20.0.100 - - [27/Mar/2023:10:49:53 +0800] "GET /xingrg/javascript/jquery_easy_ui/themes/default/images/calendar_nextmonth.gif HTTP/1.1" 200 64
172.20.0.100 - - [27/Mar/2023:10:49:53 +0800] "GET /xingrg/javascript/jquery_easy_ui/themes/default/images/calendar_prevyear.gif HTTP/1.1" 200 76
172.20.0.100 - - [27/Mar/2023:10:49:53 +0800] "GET /xingrg/javascript/jquery_easy_ui/themes/default/images/calendar_nextyear.gif HTTP/1.1" 200 75
120.253.135.82 - - [27/Mar/2023:10:49:53 +0800] "GET /xingrg/kc/pszx/mdps_order_info.html?code=312023032600580 HTTP/1.1" 200 19632
172.20.0.100 - - [27/Mar/2023:10:49:53 +0800] "GET /xingrg/check_reg.html?_=1679885394812 HTTP/1.1" 302 -
172.20.0.100 - - [27/Mar/2023:10:49:53 +0800] "GET /xingrg/javascript/jquery_easy_ui/themes/default/images/tree_checkbox_0.gif HTTP/1.1" 200 168
120.253.135.82 - - [27/Mar/2023:10:49:53 +0800] "GET /xingrg/javascript/easyui/themes/default/validatebox.css HTTP/1.1" 404 1104
120.253.135.82 - - [27/Mar/2023:10:49:53 +0800] "GET /xingrg/check_reg.html?_=1679885225679 HTTP/1.1" 200 22
120.253.135.82 - - [27/Mar/2023:10:49:53 +0800] "GET /xingrg/all/function/internal_message.html?_=1679885225678&CODE_STATE=getMsg HTTP/1.1" 200 27
120.253.135.82 - - [27/Mar/2023:10:49:54 +0800] "POST /xingrg/kc/pszx/mdps_order_operate.html HTTP/1.1" 200 6935
180.169.147.146 - - [27/Mar/2023:10:49:54 +0800] "GET /xingrg/all/function/internal_message.html?_=1679885393875&CODE_STATE=getMsg HTTP/1.1" 200 27
180.163.30.85 - - [27/Mar/2023:10:49:55 +0800] "GET /xingrg/all/function/internal_message.html?_=1679885337024&CODE_STATE=getMsg HTTP/1.1" 302 -
180.163.30.85 - - [27/Mar/2023:10:49:55 +0800] "GET /xingrg/login.html HTTP/1.1" 200 7641
124.78.155.10 - - [27/Mar/2023:10:49:55 +0800] "GET /xingrg/all/function/internal_message.html?_=1679885397015&CODE_STATE=getMsg HTTP/1.1" 200 27
172.20.0.100 - - [27/Mar/2023:10:49:55 +0800] "GET /xingrg/kc/base/crk_hz.html?_=1679885390174&command=get_cost_id&end_date=2023-03-31&start_date=2023-03-01 HTTP/1.1" 200 51
172.20.0.100 - - [27/Mar/2023:10:49:55 +0800] "GET /xingrg/all/report/report_query.html?isQuery=1&onlyBody=1&rh=99999&rw=1800&varString=start:20230301,cost_id:4201,mid:20230301&fileName=kc/base/crk_hz_type_by_base.xml&queryString=&queryText=ÈÕÆÚ£º2023-03-01ÖÁ2023-03-31&tableQueryString=materiel_table$sp1$$sp$before_table$sp1$$sp$crk_table$sp1$order_day%20between%2020230301%20and%2020230331 HTTP/1.1" 200 49288
172.20.0.100 - - [27/Mar/2023:10:49:55 +0800] "GET /xingrg/javascript/multi_select/jqueryMultiSelect.css HTTP/1.1" 200 951
172.20.0.100 - - [27/Mar/2023:10:49:55 +0800] "GET /xingrg/javascript/calendar/timePicker.css HTTP/1.1" 200 523
172.20.0.100 - - [27/Mar/2023:10:49:55 +0800] "GET /xingrg/javascript/bigrid/fix.css HTTP/1.1" 200 1702
172.20.0.100 - - [27/Mar/2023:10:49:55 +0800] "GET /xingrg/dwr/interface/AjaxReportQueryService.js HTTP/1.1" 200 13203
172.20.0.100 - - [27/Mar/2023:10:49:55 +0800] "GET /xingrg/dwr/engine.js HTTP/1.1" 200 43631
172.20.0.100 - - [27/Mar/2023:10:49:55 +0800] "GET /xingrg/dwr/util.js HTTP/1.1" 304 -
101.229.22.234 - - [27/Mar/2023:10:49:55 +0800] "GET /xingrg/kc/buy/cgsh_order_operate.html?command=get_materiel&rest_code=00142&code=00101008353&supplier_code=00100161&order_time=2023-03-27 HTTP/1.1" 200 408
172.20.0.100 - - [27/Mar/2023:10:49:55 +0800] "GET /xingrg/javascript/jqueryMultiSelect.js HTTP/1.1" 200 11866
120.253.135.82 - - [27/Mar/2023:10:49:55 +0800] "POST /xingrg/kc/pszx/mdps_list_operate.html HTTP/1.1" 200 868
172.20.0.100 - - [27/Mar/2023:10:49:55 +0800] "GET /xingrg/javascript/calendar/jquery.timePicker.min.js HTTP/1.1" 200 2997
172.20.0.100 - - [27/Mar/2023:10:49:55 +0800] "GET /xingrg/javascript/bigrid/fix.js HTTP/1.1" 200 6439
172.20.0.100 - - [27/Mar/2023:10:49:55 +0800] "GET /xingrg/images/control/loading.gif HTTP/1.1" 200 13463
172.20.0.100 - - [27/Mar/2023:10:49:55 +0800] "GET /xingrg/images/blue/button/advanceover.gif HTTP/1.1" 200 1347
172.20.0.100 - - [27/Mar/2023:10:49:55 +0800] "GET /xingrg/images/blue/button/advance2over.gif HTTP/1.1" 200 1336
172.20.0.100 - - [27/Mar/2023:10:49:56 +0800] "GET /xingrg/images/blue/button/back2over.gif HTTP/1.1" 200 1335
172.20.0.100 - - [27/Mar/2023:10:49:56 +0800] "GET /xingrg/images/blue/button/backover.gif HTTP/1.1" 200 1348
172.20.0.100 - - [27/Mar/2023:10:49:56 +0800] "GET /xingrg/javascript/jquery_easy_ui/themes/icons/help.png HTTP/1.1" 200 1187
180.169.147.146 - - [27/Mar/2023:10:49:57 +0800] "GET /xingrg/all/function/internal_message.html?_=1679885397086&CODE_STATE=getMsg HTTP/1.1" 200 27
222.70.221.209 - - [27/Mar/2023:10:49:58 +0800] "POST /xingrg/services/DataTransmitService HTTP/1.1" 200 524
120.253.135.82 - - [27/Mar/2023:10:49:59 +0800] "GET /xingrg/kc/pszx/mdqp_order_list.html?state=10 HTTP/1.1" 200 10715
120.253.135.82 - - [27/Mar/2023:10:49:59 +0800] "GET /xingrg/dwr/interface/AjaxReportQueryService.js HTTP/1.1" 200 13203
120.253.135.82 - - [27/Mar/2023:10:49:59 +0800] "GET /xingrg/dwr/interface/AjaxQqpsService.js HTTP/1.1" 200 16326
120.253.135.82 - - [27/Mar/2023:10:49:59 +0800] "GET /xingrg/dwr/engine.js HTTP/1.1" 200 43631
172.20.0.100 - - [27/Mar/2023:10:49:59 +0800] "POST /xingrg/all/report/load_report_page.html HTTP/1.1" 200 406742
172.20.0.100 - - [27/Mar/2023:10:50:00 +0800] "GET /xingrg/servlets/image?cache=0.46907417602887913&image=px HTTP/1.1" 200 807
120.253.135.82 - - [27/Mar/2023:10:50:00 +0800] "GET /xingrg/check_reg.html?_=1679885400633 HTTP/1.1" 200 22
120.253.135.82 - - [27/Mar/2023:10:50:00 +0800] "GET /xingrg/all/function/internal_message.html?_=1679885400635&CODE_STATE=getMsg HTTP/1.1" 200 27
120.253.135.82 - - [27/Mar/2023:10:50:01 +0800] "GET /xingrg/kc/pszx/mdps_order_list.html?orderType=0 HTTP/1.1" 200 21032
120.253.135.82 - - [27/Mar/2023:10:50:02 +0800] "POST /xingrg/kc/pszx/mdps_list_operate.html HTTP/1.1" 200 5289
222.70.182.87 - - [27/Mar/2023:10:50:05 +0800] "GET /xingrg/all/function/internal_message.html?_=1679885463160&CODE_STATE=getMsg HTTP/1.1" 200 27
124.78.155.10 - - [27/Mar/2023:10:50:09 +0800] "GET /xingrg/kc/buy/buy_main.html HTTP/1.1" 200 12412
124.78.155.10 - - [27/Mar/2023:10:50:09 +0800] "GET /xingrg/css/new_ie.css HTTP/1.1" 404 1036
180.164.3.199 - - [27/Mar/2023:10:50:09 +0800] "GET /xingrg/all/function/internal_message.html?_=1679885409953&CODE_STATE=getMsg HTTP/1.1" 200 27
124.78.155.10 - - [27/Mar/2023:10:50:10 +0800] "GET /xingrg/images/yd/bt.gif HTTP/1.1" 404 1040
124.78.155.10 - - [27/Mar/2023:10:50:10 +0800] "GET /xingrg/kc/buy/cgsh_order_list.html HTTP/1.1" 200 54179
101.229.22.234 - - [27/Mar/2023:10:50:11 +0800] "GET /xingrg/kc/buy/cgsh_order_operate.html?command=get_materiel&rest_code=00142&code=00101008351&supplier_code=00100161&order_time=2023-03-27 HTTP/1.1" 200 408
124.78.155.10 - - [27/Mar/2023:10:50:13 +0800] "POST /xingrg/kc/buy/cgsh_list_operate.html HTTP/1.1" 200 986
116.238.139.35 - - [27/Mar/2023:10:50:14 +0800] "GET /xingrg/all/function/internal_message.html?_=1679885415727&CODE_STATE=getMsg HTTP/1.1" 200 27
222.70.221.209 - - [27/Mar/2023:10:50:14 +0800] "GET /xingrg/all/function/internal_message.html?_=1679885512661&CODE_STATE=getMsg HTTP/1.1" 200 27
116.192.124.172 - - [27/Mar/2023:10:50:16 +0800] "GET /xingrg/all/function/internal_message.html?_=1679885416943&CODE_STATE=getMsg HTTP/1.1" 200 27
222.67.232.202 - - [27/Mar/2023:10:50:17 +0800] "GET /xingrg/all/function/internal_message.html?_=1679884962334&CODE_STATE=getMsg HTTP/1.1" 200 27
222.67.232.202 - - [27/Mar/2023:10:50:17 +0800] "GET /xingrg/check_reg.html?_=1679884962335 HTTP/1.1" 200 22
116.224.158.100 - - [27/Mar/2023:10:50:23 +0800] "GET /xingrg/all/function/internal_message.html?_=1679885425022&CODE_STATE=getMsg HTTP/1.1" 200 27
101.229.22.234 - - [27/Mar/2023:10:50:23 +0800] "GET /xingrg/kc/buy/cgsh_order_operate.html?command=get_materiel&rest_code=00142&code=00101008350&supplier_code=00100161&order_time=2023-03-27 HTTP/1.1" 200 408
180.169.147.146 - - [27/Mar/2023:10:50:24 +0800] "GET /xingrg/all/function/internal_message.html?_=1679885424045&CODE_STATE=getMsg HTTP/1.1" 200 27
101.229.22.234 - - [27/Mar/2023:10:50:25 +0800] "GET /xingrg/all/function/internal_message.html?_=1679885425030&CODE_STATE=getMsg HTTP/1.1" 200 27
172.20.0.100 - - [27/Mar/2023:10:50:27 +0800] "GET /xingrg/javascript/jquery_easy_ui/themes/default/easyui.css HTTP/1.1" 200 26500
222.70.168.128 - - [27/Mar/2023:10:50:28 +0800] "GET /xingrg/all/function/internal_message.html?_=1679885429882&CODE_STATE=getMsg HTTP/1.1" 200 27
172.20.0.100 - - [27/Mar/2023:10:50:30 +0800] "GET /xingrg/kc/base/crk_hz.html?_=1679885425029&command=get_cost_id&end_date=2023-03-31&start_date=2023-03-01 HTTP/1.1" 200 51
172.20.0.100 - - [27/Mar/2023:10:50:30 +0800] "GET /xingrg/all/report/report_query.html?isQuery=1&onlyBody=1&rh=99999&rw=1800&varString=start:20230301,cost_id:4201,mid:20230301&fileName=kc/base/crk_hz_type_by_base.xml&queryString=&queryText=ÈÕÆÚ£º2023-03-01ÖÁ2023-03-31&tableQueryString=materiel_table$sp1$$sp$before_table$sp1$$sp$crk_table$sp1$order_day%20between%2020230301%20and%2020230331 HTTP/1.1" 200 49288
172.20.0.100 - - [27/Mar/2023:10:50:30 +0800] "GET /xingrg/dwr/interface/AjaxReportQueryService.js HTTP/1.1" 200 13203
172.20.0.100 - - [27/Mar/2023:10:50:30 +0800] "GET /xingrg/dwr/engine.js HTTP/1.1" 200 43631
124.79.240.114 - - [27/Mar/2023:10:50:31 +0800] "GET /xingrg/all/function/internal_message.html?_=1679885691972&CODE_STATE=getMsg HTTP/1.1" 200 27
116.224.106.218 - - [27/Mar/2023:10:50:32 +0800] "GET /xingrg/all/function/internal_message.html?_=1679885432266&CODE_STATE=getMsg HTTP/1.1" 200 27
172.20.0.100 - - [27/Mar/2023:10:50:33 +0800] "GET /xingrg/all/function/internal_message.html?_=1679885427705&CODE_STATE=getMsg HTTP/1.1" 200 27
172.20.0.100 - - [27/Mar/2023:10:50:34 +0800] "POST /xingrg/all/report/load_report_page.html HTTP/1.1" 200 406058
172.20.0.100 - - [27/Mar/2023:10:50:34 +0800] "GET /xingrg/servlets/image?cache=0.6065771585182321&image=px HTTP/1.1" 200 807
101.229.22.234 - - [27/Mar/2023:10:50:36 +0800] "GET /xingrg/kc/buy/cgsh_order_operate.html?command=get_materiel&rest_code=00142&code=00101008357&supplier_code=00100161&order_time=2023-03-27 HTTP/1.1" 200 408
58.221.95.50 - - [27/Mar/2023:10:50:40 +0800] "GET /xingrg/all/function/internal_message.html?_=1679885441049&CODE_STATE=getMsg HTTP/1.1" 200 27
180.169.147.146 - - [27/Mar/2023:10:50:45 +0800] "GET /xingrg/check_reg.html?_=1679885445109 HTTP/1.1" 200 22
120.253.135.82 - - [27/Mar/2023:10:50:46 +0800] "GET /xingrg/all/function/internal_message.html?_=1679885577721&CODE_STATE=getMsg HTTP/1.1" 302 -
120.253.135.82 - - [27/Mar/2023:10:50:46 +0800] "GET /xingrg/login.html HTTP/1.1" 200 7641
222.70.182.87 - - [27/Mar/2023:10:50:48 +0800] "GET /xingrg/all/function/internal_message.html?_=1679885448295&CODE_STATE=getMsg HTTP/1.1" 200 27
101.229.22.234 - - [27/Mar/2023:10:50:48 +0800] "GET /xingrg/kc/buy/cgsh_order_operate.html?command=get_materiel&rest_code=00142&code=00101008312&supplier_code=00100161&order_time=2023-03-27 HTTP/1.1" 200 412
222.67.232.202 - - [27/Mar/2023:10:50:49 +0800] "GET /xingrg/all/function/internal_message.html?_=1679885449769&CODE_STATE=getMsg HTTP/1.1" 200 27
120.253.135.82 - - [27/Mar/2023:10:50:53 +0800] "GET /xingrg/all/function/internal_message.html?_=1679885285688&CODE_STATE=getMsg HTTP/1.1" 200 27
180.169.147.146 - - [27/Mar/2023:10:50:54 +0800] "GET /xingrg/all/function/internal_message.html?_=1679885453877&CODE_STATE=getMsg HTTP/1.1" 200 27
180.163.29.79 - - [27/Mar/2023:10:50:55 +0800] "GET /xingrg/all/function/internal_message.html?_=1679885397015&CODE_STATE=getMsg HTTP/1.1" 302 -
180.163.29.79 - - [27/Mar/2023:10:50:55 +0800] "GET /xingrg/login.html HTTP/1.1" 200 7641
124.78.155.10 - - [27/Mar/2023:10:50:55 +0800] "GET /xingrg/all/function/internal_message.html?_=1679885457026&CODE_STATE=getMsg HTTP/1.1" 200 27
116.224.106.218 - - [27/Mar/2023:10:50:56 +0800] "GET /xingrg/check_reg.html?_=1679885455777 HTTP/1.1" 200 22
180.169.147.146 - - [27/Mar/2023:10:50:57 +0800] "GET /xingrg/check_reg.html?_=1679885457127 HTTP/1.1" 200 22
180.169.147.146 - - [27/Mar/2023:10:50:57 +0800] "GET /xingrg/all/function/internal_message.html?_=1679885457126&CODE_STATE=getMsg HTTP/1.1" 200 27
101.229.22.234 - - [27/Mar/2023:10:50:58 +0800] "GET /xingrg/kc/buy/cgsh_order_operate.html?command=get_materiel&rest_code=00142&code=00101008264&supplier_code=00100161&order_time=2023-03-27 HTTP/1.1" 200 412
120.253.135.82 - - [27/Mar/2023:10:51:00 +0800] "GET /xingrg/all/function/internal_message.html?_=1679885460639&CODE_STATE=getMsg HTTP/1.1" 200 27
172.20.0.100 - - [27/Mar/2023:10:51:03 +0800] "GET /xingrg/kc/base/crk_hz.html?_=1679885457658&command=get_cost_id&end_date=2023-03-31&start_date=2023-03-01 HTTP/1.1" 200 51
172.20.0.100 - - [27/Mar/2023:10:51:03 +0800] "GET /xingrg/all/report/report_query.html?isQuery=1&onlyBody=1&rh=99999&rw=1800&varString=start:20230301,cost_id:4201,mid:20230301&fileName=kc/base/crk_hz_type_by_base.xml&queryString=&queryText=ÈÕÆÚ£º2023-03-01ÖÁ2023-03-31&tableQueryString=materiel_table$sp1$$sp$before_table$sp1$$sp$crk_table$sp1$order_day%20between%2020230301%20and%2020230331 HTTP/1.1" 200 49288
172.20.0.100 - - [27/Mar/2023:10:51:03 +0800] "GET /xingrg/dwr/interface/AjaxReportQueryService.js HTTP/1.1" 200 13203
172.20.0.100 - - [27/Mar/2023:10:51:03 +0800] "GET /xingrg/dwr/engine.js HTTP/1.1" 200 43631
222.70.182.87 - - [27/Mar/2023:10:51:05 +0800] "GET /xingrg/all/function/internal_message.html?_=1679885523160&CODE_STATE=getMsg HTTP/1.1" 200 27
172.20.0.100 - - [27/Mar/2023:10:51:07 +0800] "POST /xingrg/all/report/load_report_page.html HTTP/1.1" 200 406742
172.20.0.100 - - [27/Mar/2023:10:51:07 +0800] "GET /xingrg/servlets/image?cache=0.23162702820081305&image=px HTTP/1.1" 200 807
101.229.22.234 - - [27/Mar/2023:10:51:09 +0800] "GET /xingrg/kc/buy/cgsh_order_operate.html?command=get_materiel&rest_code=00142&code=00101008302&supplier_code=00100161&order_time=2023-03-27 HTTP/1.1" 200 412
180.164.3.199 - - [27/Mar/2023:10:51:09 +0800] "GET /xingrg/all/function/internal_message.html?_=1679885469962&CODE_STATE=getMsg HTTP/1.1" 200 27
101.229.22.234 - - [27/Mar/2023:10:51:12 +0800] "POST /xingrg/kc/buy/cgsh_order_operate.html HTTP/1.1" 200 2065
116.238.139.35 - - [27/Mar/2023:10:51:14 +0800] "GET /xingrg/all/function/internal_message.html?_=1679885475729&CODE_STATE=getMsg HTTP/1.1" 200 27
222.70.221.209 - - [27/Mar/2023:10:51:14 +0800] "GET /xingrg/all/function/internal_message.html?_=1679885572657&CODE_STATE=getMsg HTTP/1.1" 200 27
116.192.124.172 - - [27/Mar/2023:10:51:16 +0800] "GET /xingrg/all/function/internal_message.html?_=1679885476939&CODE_STATE=getMsg HTTP/1.1" 200 27
222.67.232.202 - - [27/Mar/2023:10:51:17 +0800] "GET /xingrg/all/function/internal_message.html?_=1679885022336&CODE_STATE=getMsg HTTP/1.1" 200 27
101.229.22.234 - - [27/Mar/2023:10:51:19 +0800] "GET /xingrg/kc/buy/cgsh_order_operate.html?command=get_materiel&rest_code=00142&code=00101008283&supplier_code=00100161&order_time=2023-03-27 HTTP/1.1" 200 408
172.20.0.100 - - [27/Mar/2023:10:51:22 +0800] "GET /xingrg/index.html?sysBaseUrl=http%3A%2F%2F172.20.0.8%3A18081%2Fxingrg%2F&costTime=921×tamp=1679885372336 HTTP/1.1" 302 -
172.20.0.100 - - [27/Mar/2023:10:51:22 +0800] "GET /xingrg/login.html HTTP/1.1" 200 7636
172.20.0.100 - - [27/Mar/2023:10:51:23 +0800] "GET /xingrg/images/blue/jxLogo.png HTTP/1.1" 200 6156
172.20.0.100 - - [27/Mar/2023:10:51:23 +0800] "GET /xingrg/images/blue/login_bg.png HTTP/1.1" 200 22101
172.20.0.100 - - [27/Mar/2023:10:51:23 +0800] "GET /xingrg/images/blue/hj.png HTTP/1.1" 200 1014
172.20.0.100 - - [27/Mar/2023:10:51:23 +0800] "GET /xingrg/images/blue/srbg.png HTTP/1.1" 200 138
172.20.0.100 - - [27/Mar/2023:10:51:23 +0800] "GET /favicon.ico HTTP/1.1" 404 -
116.224.158.100 - - [27/Mar/2023:10:51:23 +0800] "GET /xingrg/all/function/internal_message.html?_=1679885485003&CODE_STATE=getMsg HTTP/1.1" 200 27
180.169.147.146 - - [27/Mar/2023:10:51:24 +0800] "GET /xingrg/all/function/internal_message.html?_=1679885484053&CODE_STATE=getMsg HTTP/1.1" 200 27
101.229.22.234 - - [27/Mar/2023:10:51:26 +0800] "GET /xingrg/all/function/internal_message.html?_=1679885485031&CODE_STATE=getMsg HTTP/1.1" 200 27
172.20.0.100 - - [27/Mar/2023:10:51:26 +0800] "POST /xingrg/login.do HTTP/1.1" 302 -
172.20.0.100 - - [27/Mar/2023:10:51:26 +0800] "GET /xingrg/index.html?sysBaseUrl=http%3A%2F%2F172.20.0.8%3A18081%2Fxingrg%2F&costTime=833×tamp=1679885486722 HTTP/1.1" 200 17448
172.20.0.100 - - [27/Mar/2023:10:51:26 +0800] "GET /xingrg/javascript/jquery_easy_ui/themes/default/easyui.css HTTP/1.1" 200 26500
172.20.0.100 - - [27/Mar/2023:10:51:26 +0800] "GET /xingrg/javascript/jquery_easy_ui/themes/icon.css HTTP/1.1" 200 3949
172.20.0.100 - - [27/Mar/2023:10:51:26 +0800] "GET /xingrg/css/form.css HTTP/1.1" 200 893
172.20.0.100 - - [27/Mar/2023:10:51:26 +0800] "GET /xingrg/javascript/jquery-1.4.2.min.js HTTP/1.1" 200 72205
172.20.0.100 - - [27/Mar/2023:10:51:26 +0800] "GET /xingrg/javascript/jquery.form.js HTTP/1.1" 200 23110
172.20.0.100 - - [27/Mar/2023:10:51:26 +0800] "GET /xingrg/javascript/jquery_easy_ui/easyui-lang-zh_CN.js HTTP/1.1" 200 1900
172.20.0.100 - - [27/Mar/2023:10:51:26 +0800] "GET /xingrg/javascript/jquery_easy_ui/jquery.easyui.min.js HTTP/1.1" 200 213662
172.20.0.100 - - [27/Mar/2023:10:51:26 +0800] "GET /xingrg/javascript/jquery.timers.js HTTP/1.1" 200 3532
172.20.0.100 - - [27/Mar/2023:10:51:26 +0800] "GET /xingrg/javascript/jquery.utils.js HTTP/1.1" 200 11805
172.20.0.100 - - [27/Mar/2023:10:51:26 +0800] "GET /xingrg/images/blue/navBackgound.jpg HTTP/1.1" 200 12378
172.20.0.100 - - [27/Mar/2023:10:51:26 +0800] "GET /xingrg/javascript/jquery_easy_ui/themes/icons/settle_new.png HTTP/1.1" 200 826
172.20.0.100 - - [27/Mar/2023:10:51:26 +0800] "GET /xingrg/images/blue/pingpu.png HTTP/1.1" 200 231
172.20.0.100 - - [27/Mar/2023:10:51:26 +0800] "GET /xingrg/javascript/jquery_easy_ui/themes/default/images/panel_tool_collapse.gif HTTP/1.1" 200 246
172.20.0.100 - - [27/Mar/2023:10:51:26 +0800] "GET /xingrg/javascript/jquery_easy_ui/themes/default/images/panel_tool_expand.gif HTTP/1.1" 200 247
172.20.0.100 - - [27/Mar/2023:10:51:26 +0800] "GET /xingrg/all/function/internal_message.html?_=1679885481623&CODE_STATE=count HTTP/1.1" 200 11
172.20.0.100 - - [27/Mar/2023:10:51:26 +0800] "GET /xingrg/check_reg.html?_=1679885481624 HTTP/1.1" 200 22
172.20.0.100 - - [27/Mar/2023:10:51:27 +0800] "POST /xingrg/all/common/load_tree.html?tree=area_rest_tree_json&manage=1 HTTP/1.1" 200 3499
172.20.0.100 - - [27/Mar/2023:10:51:27 +0800] "POST /xingrg/load_menu.html HTTP/1.1" 200 11529
172.20.0.100 - - [27/Mar/2023:10:51:27 +0800] "GET /xingrg/javascript/jquery_easy_ui/themes/default/images/tree_arrows.gif HTTP/1.1" 200 1043
172.20.0.100 - - [27/Mar/2023:10:51:27 +0800] "GET /xingrg/javascript/jquery_easy_ui/themes/default/images/tree_folder_open.gif HTTP/1.1" 200 956
172.20.0.100 - - [27/Mar/2023:10:51:27 +0800] "GET /xingrg/javascript/jquery_easy_ui/themes/icons/search_new.png HTTP/1.1" 200 586
172.20.0.100 - - [27/Mar/2023:10:51:27 +0800] "GET /xingrg/javascript/jquery_easy_ui/themes/icons/delivery_new.png HTTP/1.1" 200 700
172.20.0.100 - - [27/Mar/2023:10:51:27 +0800] "GET /xingrg/javascript/jquery_easy_ui/themes/icons/storage_new.png HTTP/1.1" 200 853
172.20.0.100 - - [27/Mar/2023:10:51:27 +0800] "GET /xingrg/javascript/jquery_easy_ui/themes/icons/checkout_new.png HTTP/1.1" 200 744
172.20.0.100 - - [27/Mar/2023:10:51:27 +0800] "GET /xingrg/javascript/jquery_easy_ui/themes/icons/forms_new.png HTTP/1.1" 200 350
172.20.0.100 - - [27/Mar/2023:10:51:27 +0800] "GET /xingrg/javascript/jquery_easy_ui/themes/icons/setting_new.png HTTP/1.1" 200 450
172.20.0.100 - - [27/Mar/2023:10:51:27 +0800] "GET /xingrg/javascript/jquery_easy_ui/themes/icons/systemset_new.png HTTP/1.1" 200 606
222.70.168.128 - - [27/Mar/2023:10:51:27 +0800] "GET /xingrg/check_reg.html?_=1679885489357 HTTP/1.1" 200 22
101.229.22.234 - - [27/Mar/2023:10:51:27 +0800] "GET /xingrg/kc/buy/cgsh_order_operate.html?command=get_materiel&rest_code=00142&code=00101008298&supplier_code=00100161&order_time=2023-03-27 HTTP/1.1" 200 413
222.70.168.128 - - [27/Mar/2023:10:51:28 +0800] "GET /xingrg/all/function/internal_message.html?_=1679885489895&CODE_STATE=getMsg HTTP/1.1" 200 27
172.20.0.100 - - [27/Mar/2023:10:51:28 +0800] "GET /xingrg/javascript/jquery_easy_ui/themes/default/images/tabs_close.gif HTTP/1.1" 200 829
172.20.0.100 - - [27/Mar/2023:10:51:28 +0800] "GET /xingrg/kc/report/report_main.html HTTP/1.1" 200 8579
172.20.0.100 - - [27/Mar/2023:10:51:28 +0800] "GET /xingrg/css/blue.css HTTP/1.1" 200 15949
172.20.0.100 - - [27/Mar/2023:10:51:28 +0800] "GET /xingrg/javascript/pic_change.js HTTP/1.1" 200 4739
172.20.0.100 - - [27/Mar/2023:10:51:28 +0800] "GET /xingrg/javascript/json2.js HTTP/1.1" 200 11259
172.20.0.100 - - [27/Mar/2023:10:51:28 +0800] "GET /xingrg/javascript/myfunction.js HTTP/1.1" 200 24559
172.20.0.100 - - [27/Mar/2023:10:51:28 +0800] "GET /xingrg/javascript/jquery_ui/themes/humanity/humanity.css HTTP/1.1" 200 27801
172.20.0.100 - - [27/Mar/2023:10:51:28 +0800] "GET /xingrg/javascript/jquery_easy_ui/themes/icons/back_new.png HTTP/1.1" 200 3414
124.79.240.114 - - [27/Mar/2023:10:51:31 +0800] "GET /xingrg/all/function/internal_message.html?_=1679885751971&CODE_STATE=getMsg HTTP/1.1" 200 27
116.224.106.218 - - [27/Mar/2023:10:51:32 +0800] "GET /xingrg/all/function/internal_message.html?_=1679885492242&CODE_STATE=getMsg HTTP/1.1" 200 27
172.20.0.100 - - [27/Mar/2023:10:51:32 +0800] "GET /xingrg/javascript/jquery_easy_ui/themes/default/images/button_plain_hover.png HTTP/1.1" 200 252
172.20.0.100 - - [27/Mar/2023:10:51:33 +0800] "GET /xingrg/all/function/internal_message.html?_=1679885487703&CODE_STATE=getMsg HTTP/1.1" 302 -
172.20.0.100 - - [27/Mar/2023:10:51:36 +0800] "GET /xingrg/kc/base/crk_hz.html HTTP/1.1" 200 11227
172.20.0.100 - - [27/Mar/2023:10:51:36 +0800] "GET /xingrg/javascript/step/step.css HTTP/1.1" 200 999
172.20.0.100 - - [27/Mar/2023:10:51:36 +0800] "GET /xingrg/css/table.css HTTP/1.1" 200 3684
172.20.0.100 - - [27/Mar/2023:10:51:36 +0800] "GET /xingrg/javascript/jquery_easy_ui/themes/default/images/button_a_bg.gif HTTP/1.1" 200 1194
172.20.0.100 - - [27/Mar/2023:10:51:36 +0800] "GET /xingrg/javascript/jquery_easy_ui/themes/default/images/button_span_bg.gif HTTP/1.1" 200 2061
172.20.0.100 - - [27/Mar/2023:10:51:36 +0800] "GET /xingrg/javascript/jquery_easy_ui/themes/icons/search.png HTTP/1.1" 200 813
172.20.0.100 - - [27/Mar/2023:10:51:36 +0800] "GET /xingrg/javascript/jquery_easy_ui/themes/icons/print.png HTTP/1.1" 200 1057
172.20.0.100 - - [27/Mar/2023:10:51:36 +0800] "GET /xingrg/javascript/jquery_easy_ui/themes/default/images/menu_downarrow.png HTTP/1.1" 200 173
172.20.0.100 - - [27/Mar/2023:10:51:36 +0800] "GET /xingrg/javascript/jquery_easy_ui/themes/default/images/menu.gif HTTP/1.1" 200 834
172.20.0.100 - - [27/Mar/2023:10:51:36 +0800] "GET /xingrg/javascript/jquery_easy_ui/themes/default/images/combo_arrow_dot.gif HTTP/1.1" 200 79
172.20.0.100 - - [27/Mar/2023:10:51:36 +0800] "GET /xingrg/javascript/jquery_easy_ui/themes/default/images/calendar_prevmonth.gif HTTP/1.1" 200 66
172.20.0.100 - - [27/Mar/2023:10:51:36 +0800] "GET /xingrg/javascript/jquery_easy_ui/themes/default/images/calendar_nextmonth.gif HTTP/1.1" 200 64
172.20.0.100 - - [27/Mar/2023:10:51:36 +0800] "GET /xingrg/javascript/jquery_easy_ui/themes/default/images/calendar_prevyear.gif HTTP/1.1" 200 76
172.20.0.100 - - [27/Mar/2023:10:51:36 +0800] "GET /xingrg/javascript/jquery_easy_ui/themes/default/images/calendar_nextyear.gif HTTP/1.1" 200 75
172.20.0.100 - - [27/Mar/2023:10:51:36 +0800] "GET /xingrg/images/control/ajaxLoader.gif HTTP/1.1" 200 4659
172.20.0.100 - - [27/Mar/2023:10:51:36 +0800] "POST /xingrg/kc/cost/cost_operate.html?command=get_base_tree HTTP/1.1" 200 1008
172.20.0.100 - - [27/Mar/2023:10:51:36 +0800] "POST /xingrg/all/common/load_tree.html?tree=materiel_sort_tree_json HTTP/1.1" 200 9500
101.229.22.234 - - [27/Mar/2023:10:51:37 +0800] "GET /xingrg/kc/buy/cgsh_order_operate.html?command=get_materiel&rest_code=00142&code=00101008354&supplier_code=00100161&order_time=2023-03-27 HTTP/1.1" 200 412
58.221.95.50 - - [27/Mar/2023:10:51:40 +0800] "GET /xingrg/all/function/internal_message.html?_=1679885501048&CODE_STATE=getMsg HTTP/1.1" 200 27
222.67.232.202 - - [27/Mar/2023:10:51:42 +0800] "POST /xingrg/services/DataTransmitService HTTP/1.1" 200 524
172.20.0.100 - - [27/Mar/2023:10:51:42 +0800] "GET /xingrg/kc/base/crk_hz.html?_=1679885496926&command=get_cost_id&end_date=2023-03-31&start_date=2023-03-01 HTTP/1.1" 200 51
172.20.0.100 - - [27/Mar/2023:10:51:42 +0800] "GET /xingrg/all/report/report_query.html?isQuery=1&onlyBody=1&rh=99999&rw=1800&varString=start:20230301,cost_id:4201,mid:20230301&fileName=kc/base/crk_hz_type_by_base.xml&queryString=&queryText=%C8%D5%C6%DA%A3%BA2023-03-01%D6%C12023-03-31&tableQueryString=materiel_table$sp1$$sp$before_table$sp1$$sp$crk_table$sp1$order_day%20between%2020230301%20and%2020230331 HTTP/1.1" 200 49288
172.20.0.100 - - [27/Mar/2023:10:51:42 +0800] "GET /xingrg/javascript/multi_select/jqueryMultiSelect.css HTTP/1.1" 200 951
172.20.0.100 - - [27/Mar/2023:10:51:42 +0800] "GET /xingrg/javascript/calendar/timePicker.css HTTP/1.1" 200 523
172.20.0.100 - - [27/Mar/2023:10:51:42 +0800] "GET /xingrg/javascript/bigrid/fix.css HTTP/1.1" 200 1702
172.20.0.100 - - [27/Mar/2023:10:51:42 +0800] "GET /xingrg/dwr/interface/AjaxReportQueryService.js HTTP/1.1" 200 13203
172.20.0.100 - - [27/Mar/2023:10:51:42 +0800] "GET /xingrg/dwr/util.js HTTP/1.1" 200 35990
172.20.0.100 - - [27/Mar/2023:10:51:42 +0800] "GET /xingrg/dwr/engine.js HTTP/1.1" 200 43631
172.20.0.100 - - [27/Mar/2023:10:51:42 +0800] "GET /xingrg/javascript/jqueryMultiSelect.js HTTP/1.1" 200 11866
172.20.0.100 - - [27/Mar/2023:10:51:42 +0800] "GET /xingrg/javascript/Calendar.js HTTP/1.1" 200 31561
172.20.0.100 - - [27/Mar/2023:10:51:42 +0800] "GET /xingrg/javascript/calendar/jquery.timePicker.min.js HTTP/1.1" 200 2997
172.20.0.100 - - [27/Mar/2023:10:51:42 +0800] "GET /xingrg/javascript/bigrid/fix.js HTTP/1.1" 200 6439
172.20.0.100 - - [27/Mar/2023:10:51:42 +0800] "GET /xingrg/images/control/loading.gif HTTP/1.1" 200 13463
172.20.0.100 - - [27/Mar/2023:10:51:42 +0800] "GET /xingrg/images/blue/button/advanceover.gif HTTP/1.1" 200 1347
172.20.0.100 - - [27/Mar/2023:10:51:42 +0800] "GET /xingrg/images/blue/button/advance2over.gif HTTP/1.1" 200 1336
172.20.0.100 - - [27/Mar/2023:10:51:42 +0800] "GET /xingrg/images/blue/button/backover.gif HTTP/1.1" 200 1348
172.20.0.100 - - [27/Mar/2023:10:51:42 +0800] "GET /xingrg/images/blue/button/back2over.gif HTTP/1.1" 200 1335
172.20.0.100 - - [27/Mar/2023:10:51:42 +0800] "GET /xingrg/javascript/jquery_easy_ui/themes/icons/help.png HTTP/1.1" 200 1187
