120.253.135.82 - - [27/Mar/2023:10:02:57 +0800] "GET /xingrg/javascript/jquery_easy_ui/themes/default/images/validatebox_warning.png HTTP/1.1" 304 -
120.253.135.82 - - [27/Mar/2023:10:02:57 +0800] "GET /xingrg/javascript/jquery_easy_ui/themes/default/images/validatebox_pointer.gif HTTP/1.1" 304 -
120.253.135.82 - - [27/Mar/2023:10:02:57 +0800] "GET /xingrg/images/blue/button/kc_tab_add.gif HTTP/1.1" 304 -
120.253.135.82 - - [27/Mar/2023:10:02:57 +0800] "GET /xingrg/images/blue/button/kc_tab_del.gif HTTP/1.1" 304 -
120.253.135.82 - - [27/Mar/2023:10:02:57 +0800] "POST /xingrg/all/common/load_tree.html?tree=supplier_tree_json&isDelete=1 HTTP/1.1" 200 71093
124.78.155.10 - - [27/Mar/2023:10:02:59 +0800] "GET /xingrg/all/function/internal_message.html?_=1679882580993&CODE_STATE=getMsg HTTP/1.1" 200 27
120.253.135.82 - - [27/Mar/2023:10:03:00 +0800] "GET /xingrg/all/function/internal_message.html?_=1679882580624&CODE_STATE=getMsg HTTP/1.1" 200 27
120.253.135.82 - - [27/Mar/2023:10:03:11 +0800] "POST /xingrg/dwr/call/plaincall/AjaxCgthService.saveOrder.dwr HTTP/1.1" 200 78
116.238.139.35 - - [27/Mar/2023:10:03:11 +0800] "GET /xingrg/all/function/internal_message.html?_=1679882593583&CODE_STATE=getMsg HTTP/1.1" 200 27
120.253.135.82 - - [27/Mar/2023:10:03:12 +0800] "GET /xingrg/images/yd/bt.gif HTTP/1.1" 404 1040
116.238.139.35 - - [27/Mar/2023:10:03:13 +0800] "GET /xingrg/check_reg.html?_=1679882594895 HTTP/1.1" 200 22
222.70.221.209 - - [27/Mar/2023:10:03:14 +0800] "GET /xingrg/all/function/internal_message.html?_=1679882692663&CODE_STATE=getMsg HTTP/1.1" 200 27
120.253.135.82 - - [27/Mar/2023:10:03:15 +0800] "POST /xingrg/dwr/call/plaincall/AjaxComOrderService.getMaterielSearchList.dwr HTTP/1.1" 200 525652
120.253.135.82 - - [27/Mar/2023:10:03:15 +0800] "POST /xingrg/dwr/call/plaincall/AjaxComOrderService.getMaterielSearchList.dwr HTTP/1.1" 200 28434
116.192.124.172 - - [27/Mar/2023:10:03:17 +0800] "GET /xingrg/all/function/internal_message.html?_=1679882597593&CODE_STATE=getMsg HTTP/1.1" 200 27
116.192.124.172 - - [27/Mar/2023:10:03:17 +0800] "GET /xingrg/check_reg.html?_=1679882597625 HTTP/1.1" 200 22
120.253.135.82 - - [27/Mar/2023:10:03:18 +0800] "POST /xingrg/dwr/call/plaincall/AjaxComOrderService.getMaterielSearchList.dwr HTTP/1.1" 200 434
120.253.135.82 - - [27/Mar/2023:10:03:22 +0800] "POST /xingrg/dwr/call/plaincall/AjaxCgthService.getMaterielByMap.dwr HTTP/1.1" 200 1745
116.224.158.100 - - [27/Mar/2023:10:03:24 +0800] "GET /xingrg/all/function/internal_message.html?_=1679882605806&CODE_STATE=getMsg HTTP/1.1" 200 27
180.169.147.146 - - [27/Mar/2023:10:03:24 +0800] "GET /xingrg/all/function/internal_message.html?_=1679882604047&CODE_STATE=getMsg HTTP/1.1" 200 27
116.192.124.172 - - [27/Mar/2023:10:03:24 +0800] "GET /xingrg/kc/buy/cgsh_order_operate.html?command=get_materiel&rest_code=00102&code=00102012036&supplier_code=00100054&order_time=2023-03-27 HTTP/1.1" 200 410
101.229.22.234 - - [27/Mar/2023:10:03:25 +0800] "GET /xingrg/all/function/internal_message.html?_=1679882604963&CODE_STATE=getMsg HTTP/1.1" 200 27
120.253.135.82 - - [27/Mar/2023:10:03:30 +0800] "POST /xingrg/dwr/call/plaincall/AjaxCgthService.saveMaterielItem.dwr HTTP/1.1" 200 78
120.253.135.82 - - [27/Mar/2023:10:03:30 +0800] "POST /xingrg/dwr/call/plaincall/AjaxCgthService.saveOrder.dwr HTTP/1.1" 200 78
116.224.106.218 - - [27/Mar/2023:10:03:33 +0800] "GET /xingrg/all/function/internal_message.html?_=1679882613054&CODE_STATE=getMsg HTTP/1.1" 200 27
222.70.168.128 - - [27/Mar/2023:10:03:36 +0800] "GET /xingrg/all/function/internal_message.html?_=1679882617641&CODE_STATE=getMsg HTTP/1.1" 200 27
120.253.135.82 - - [27/Mar/2023:10:03:39 +0800] "GET /xingrg/kc/print/load_config.html?_=1679882451481&kc_code=cgth HTTP/1.1" 200 2458
120.253.135.82 - - [27/Mar/2023:10:03:40 +0800] "GET /xingrg/kc/print/load_data.html?_=1679882451596&order_code=232023032700024&kc_code=cgth&condition= HTTP/1.1" 200 519
114.83.216.127 - - [27/Mar/2023:10:03:40 +0800] "GET /xingrg/all/function/internal_message.html?_=1679882619810&CODE_STATE=getMsg HTTP/1.1" 200 27
58.221.95.50 - - [27/Mar/2023:10:03:41 +0800] "GET /xingrg/all/function/internal_message.html?_=1679882621764&CODE_STATE=getMsg HTTP/1.1" 200 27
120.253.135.82 - - [27/Mar/2023:10:03:45 +0800] "GET /xingrg/all/function/internal_message.html?_=1679882757493&CODE_STATE=getMsg HTTP/1.1" 302 -
120.253.135.82 - - [27/Mar/2023:10:03:45 +0800] "GET /xingrg/login.html HTTP/1.1" 200 7641
116.192.124.172 - - [27/Mar/2023:10:03:47 +0800] "POST /xingrg/kc/buy/cgsh_order_operate.html HTTP/1.1" 200 37
120.253.135.82 - - [27/Mar/2023:10:03:49 +0800] "GET /xingrg/check_reg.html?_=1679882461197 HTTP/1.1" 200 22
120.253.135.82 - - [27/Mar/2023:10:03:49 +0800] "GET /xingrg/all/function/internal_message.html?_=1679882461337&CODE_STATE=getMsg HTTP/1.1" 200 27
116.192.124.172 - - [27/Mar/2023:10:03:53 +0800] "POST /xingrg/kc/buy/cgsh_order_operate.html HTTP/1.1" 200 12
222.70.182.87 - - [27/Mar/2023:10:03:54 +0800] "GET /xingrg/all/function/internal_message.html?_=1679882634620&CODE_STATE=getMsg HTTP/1.1" 200 27
116.192.124.172 - - [27/Mar/2023:10:03:55 +0800] "GET /xingrg/kc/buy/cgsh_order_info.html?code=212023032710114 HTTP/1.1" 200 64894
116.192.124.172 - - [27/Mar/2023:10:03:56 +0800] "GET /xingrg/javascript/easyui/themes/default/validatebox.css HTTP/1.1" 404 1104
116.192.124.172 - - [27/Mar/2023:10:03:57 +0800] "POST /xingrg/kc/buy/cgsh_order_operate.html HTTP/1.1" 200 602
124.78.155.10 - - [27/Mar/2023:10:03:59 +0800] "GET /xingrg/all/function/internal_message.html?_=1679882640995&CODE_STATE=getMsg HTTP/1.1" 200 27
120.253.135.82 - - [27/Mar/2023:10:04:00 +0800] "GET /xingrg/all/function/internal_message.html?_=1679882640638&CODE_STATE=getMsg HTTP/1.1" 200 27
180.163.28.143 - - [27/Mar/2023:10:04:02 +0800] "GET /xingrg/all/function/internal_message.html?_=1679882580993&CODE_STATE=getMsg HTTP/1.1" 302 -
180.163.28.143 - - [27/Mar/2023:10:04:02 +0800] "GET /xingrg/login.html HTTP/1.1" 200 7641
116.192.124.172 - - [27/Mar/2023:10:04:02 +0800] "GET /xingrg/kc/print/load_data.html?order_code=212023032710114&kc_code=cgsh&condition= HTTP/1.1" 200 672
116.224.158.100 - - [27/Mar/2023:10:04:10 +0800] "POST /xingrg/kc/buy/cgsh_order_operate.html HTTP/1.1" 200 37
116.224.158.100 - - [27/Mar/2023:10:04:11 +0800] "POST /xingrg/kc/buy/cgsh_order_operate.html HTTP/1.1" 200 4428
116.238.139.35 - - [27/Mar/2023:10:04:11 +0800] "GET /xingrg/all/function/internal_message.html?_=1679882653555&CODE_STATE=getMsg HTTP/1.1" 200 27
222.70.168.128 - - [27/Mar/2023:10:04:12 +0800] "GET /xingrg/kc/buy/cgsh_order_list.html HTTP/1.1" 200 54185
116.224.158.100 - - [27/Mar/2023:10:04:13 +0800] "GET /xingrg/kc/print/load_data.html?order_code=212023032710115&kc_code=cgsh&condition= HTTP/1.1" 200 1391
222.70.168.128 - - [27/Mar/2023:10:04:14 +0800] "POST /xingrg/kc/buy/cgsh_list_operate.html HTTP/1.1" 200 986
222.70.221.209 - - [27/Mar/2023:10:04:14 +0800] "GET /xingrg/check_reg.html?_=1679882752664 HTTP/1.1" 200 22
222.70.221.209 - - [27/Mar/2023:10:04:14 +0800] "GET /xingrg/all/function/internal_message.html?_=1679882752669&CODE_STATE=getMsg HTTP/1.1" 200 27
116.192.124.172 - - [27/Mar/2023:10:04:17 +0800] "GET /xingrg/all/function/internal_message.html?_=1679882657606&CODE_STATE=getMsg HTTP/1.1" 200 27
58.221.95.50 - - [27/Mar/2023:10:04:17 +0800] "GET /xingrg/check_reg.html?_=1679882657986 HTTP/1.1" 200 22
222.70.168.128 - - [27/Mar/2023:10:04:19 +0800] "GET /xingrg/kc/buy/cgsh_order_add.html HTTP/1.1" 200 69961
222.70.168.128 - - [27/Mar/2023:10:04:19 +0800] "GET /xingrg/javascript/jquery_tools/order_manager.js HTTP/1.1" 304 -
222.70.168.128 - - [27/Mar/2023:10:04:19 +0800] "GET /xingrg/javascript/json2.js HTTP/1.1" 304 -
222.70.168.128 - - [27/Mar/2023:10:04:19 +0800] "GET /xingrg/words/20230326163725_words.js HTTP/1.1" 304 -
222.70.168.128 - - [27/Mar/2023:10:04:19 +0800] "POST /xingrg/kc/buy/cgsh_order_operate.html HTTP/1.1" 200 8245
222.70.168.128 - - [27/Mar/2023:10:04:19 +0800] "GET /xingrg/all/common/auto_word.html?type=employee&rest_code=00146 HTTP/1.1" 200 101
222.70.168.128 - - [27/Mar/2023:10:04:19 +0800] "GET /xingrg/javascript/easyui/themes/default/validatebox.css HTTP/1.1" 404 1104
222.70.168.128 - - [27/Mar/2023:10:04:19 +0800] "GET /xingrg/javascript/easyui/plugins/jquery.validatebox.js HTTP/1.1" 304 -
222.70.168.128 - - [27/Mar/2023:10:04:19 +0800] "GET /xingrg/javascript/easyui/plugins/jquery.numberbox.js HTTP/1.1" 304 -
222.70.168.128 - - [27/Mar/2023:10:04:19 +0800] "GET /xingrg/all/common/auto_word.html?type=employee&rest_code=00146 HTTP/1.1" 200 101
116.224.158.100 - - [27/Mar/2023:10:04:24 +0800] "GET /xingrg/all/function/internal_message.html?_=1679882665763&CODE_STATE=getMsg HTTP/1.1" 200 27
116.224.158.100 - - [27/Mar/2023:10:04:24 +0800] "GET /xingrg/check_reg.html?_=1679882665759 HTTP/1.1" 200 22
180.169.147.146 - - [27/Mar/2023:10:04:24 +0800] "GET /xingrg/all/function/internal_message.html?_=1679882664057&CODE_STATE=getMsg HTTP/1.1" 200 27
101.229.22.234 - - [27/Mar/2023:10:04:25 +0800] "GET /xingrg/check_reg.html?_=1679882664953 HTTP/1.1" 200 22
101.229.22.234 - - [27/Mar/2023:10:04:25 +0800] "GET /xingrg/all/function/internal_message.html?_=1679882664952&CODE_STATE=getMsg HTTP/1.1" 200 27
116.224.106.218 - - [27/Mar/2023:10:04:33 +0800] "GET /xingrg/all/function/internal_message.html?_=1679882673040&CODE_STATE=getMsg HTTP/1.1" 200 27
116.192.124.172 - - [27/Mar/2023:10:04:35 +0800] "GET /xingrg/kc/buy/cgsh_order_add.html HTTP/1.1" 200 69996
222.70.168.128 - - [27/Mar/2023:10:04:36 +0800] "GET /xingrg/all/function/internal_message.html?_=1679882677651&CODE_STATE=getMsg HTTP/1.1" 200 27
116.192.124.172 - - [27/Mar/2023:10:04:36 +0800] "POST /xingrg/kc/buy/cgsh_order_operate.html HTTP/1.1" 200 8245
116.192.124.172 - - [27/Mar/2023:10:04:36 +0800] "GET /xingrg/javascript/easyui/themes/default/validatebox.css HTTP/1.1" 404 1104
222.70.168.128 - - [27/Mar/2023:10:04:37 +0800] "GET /xingrg/kc/buy/cgsh_order_operate.html?command=get_materiel&rest_code=00146&code=00101008175&supplier_code=00100005&order_time=2023-03-27 HTTP/1.1" 200 412
116.192.124.172 - - [27/Mar/2023:10:04:38 +0800] "GET /xingrg/javascript/easyui/themes/default/tree.css HTTP/1.1" 404 1090
116.192.124.172 - - [27/Mar/2023:10:04:39 +0800] "POST /xingrg/all/common/load_tree.html?tree=supplier_tree_json&isDelete=1 HTTP/1.1" 200 71093
114.83.216.127 - - [27/Mar/2023:10:04:40 +0800] "GET /xingrg/all/function/internal_message.html?_=1679882679808&CODE_STATE=getMsg HTTP/1.1" 200 27
58.221.95.50 - - [27/Mar/2023:10:04:41 +0800] "GET /xingrg/all/function/internal_message.html?_=1679882681750&CODE_STATE=getMsg HTTP/1.1" 200 27
120.253.135.82 - - [27/Mar/2023:10:04:45 +0800] "GET /xingrg/all/function/internal_message.html?_=1679882817499&CODE_STATE=getMsg HTTP/1.1" 302 -
120.253.135.82 - - [27/Mar/2023:10:04:46 +0800] "GET /xingrg/login.html HTTP/1.1" 200 7641
120.253.135.82 - - [27/Mar/2023:10:04:49 +0800] "GET /xingrg/all/function/internal_message.html?_=1679882521350&CODE_STATE=getMsg HTTP/1.1" 200 27
172.20.0.100 - - [27/Mar/2023:10:04:53 +0800] "GET /xingrg/check_reg.html?_=1679882694986 HTTP/1.1" 302 -
222.70.182.87 - - [27/Mar/2023:10:04:54 +0800] "GET /xingrg/all/function/internal_message.html?_=1679882694619&CODE_STATE=getMsg HTTP/1.1" 200 27
180.163.30.100 - - [27/Mar/2023:10:04:59 +0800] "GET /xingrg/all/function/internal_message.html?_=1679882640995&CODE_STATE=getMsg HTTP/1.1" 302 -
124.78.155.10 - - [27/Mar/2023:10:04:59 +0800] "GET /xingrg/check_reg.html?_=1679882700994 HTTP/1.1" 200 22
124.78.155.10 - - [27/Mar/2023:10:04:59 +0800] "GET /xingrg/all/function/internal_message.html?_=1679882700999&CODE_STATE=getMsg HTTP/1.1" 200 27
180.163.30.100 - - [27/Mar/2023:10:04:59 +0800] "GET /xingrg/login.html HTTP/1.1" 200 7641
222.70.168.128 - - [27/Mar/2023:10:04:59 +0800] "GET /xingrg/kc/buy/cgsh_order_operate.html?command=get_materiel&rest_code=00146&code=00101008261&supplier_code=00100005&order_time=2023-03-27 HTTP/1.1" 200 408
120.253.135.82 - - [27/Mar/2023:10:05:00 +0800] "GET /xingrg/check_reg.html?_=1679882700626 HTTP/1.1" 200 22
120.253.135.82 - - [27/Mar/2023:10:05:00 +0800] "GET /xingrg/all/function/internal_message.html?_=1679882700628&CODE_STATE=getMsg HTTP/1.1" 200 27
116.192.124.172 - - [27/Mar/2023:10:05:07 +0800] "GET /xingrg/kc/buy/cgsh_order_operate.html?command=get_materiel&rest_code=00102&code=00101031001&supplier_code=00100054&order_time=2023-03-27 HTTP/1.1" 200 419
222.67.232.202 - - [27/Mar/2023:10:05:08 +0800] "GET /favicon.ico HTTP/1.1" 404 -
116.238.139.35 - - [27/Mar/2023:10:05:11 +0800] "GET /xingrg/all/function/internal_message.html?_=1679882713525&CODE_STATE=getMsg HTTP/1.1" 200 27
222.70.221.209 - - [27/Mar/2023:10:05:14 +0800] "GET /xingrg/all/function/internal_message.html?_=1679882812655&CODE_STATE=getMsg HTTP/1.1" 200 27
222.67.232.202 - - [27/Mar/2023:10:05:16 +0800] "GET /xingrg/login.html HTTP/1.1" 200 7641
116.192.124.172 - - [27/Mar/2023:10:05:17 +0800] "GET /xingrg/all/function/internal_message.html?_=1679882717597&CODE_STATE=getMsg HTTP/1.1" 200 27
222.67.232.202 - - [27/Mar/2023:10:05:18 +0800] "GET /favicon.ico HTTP/1.1" 404 -
222.70.168.128 - - [27/Mar/2023:10:05:19 +0800] "GET /xingrg/kc/buy/cgsh_order_operate.html?command=get_materiel&rest_code=00146&code=00101008176&supplier_code=00100005&order_time=2023-03-27 HTTP/1.1" 200 413
116.224.158.100 - - [27/Mar/2023:10:05:24 +0800] "GET /xingrg/all/function/internal_message.html?_=1679882725759&CODE_STATE=getMsg HTTP/1.1" 200 27
180.169.147.146 - - [27/Mar/2023:10:05:24 +0800] "GET /xingrg/all/function/internal_message.html?_=1679882724051&CODE_STATE=getMsg HTTP/1.1" 200 27
101.229.22.234 - - [27/Mar/2023:10:05:25 +0800] "GET /xingrg/all/function/internal_message.html?_=1679882724951&CODE_STATE=getMsg HTTP/1.1" 200 27
222.67.232.202 - - [27/Mar/2023:10:05:29 +0800] "POST /xingrg/login.do HTTP/1.1" 302 -
222.67.232.202 - - [27/Mar/2023:10:05:29 +0800] "GET /xingrg/index.html?sysBaseUrl=http%3A%2F%2F180.169.147.146%3A18081%2Fxingrg%2F&costTime=1614×tamp=1679882729560 HTTP/1.1" 200 17503
222.67.232.202 - - [27/Mar/2023:10:05:29 +0800] "POST /xingrg/all/common/load_tree.html?tree=area_rest_tree_json&manage=1 HTTP/1.1" 200 3499
222.67.232.202 - - [27/Mar/2023:10:05:29 +0800] "GET /xingrg/all/function/internal_message.html?_=1679882730168&CODE_STATE=count HTTP/1.1" 200 11
222.67.232.202 - - [27/Mar/2023:10:05:30 +0800] "GET /favicon.ico HTTP/1.1" 404 -
222.67.232.202 - - [27/Mar/2023:10:05:30 +0800] "GET /xingrg/check_reg.html?_=1679882730169 HTTP/1.1" 200 22
222.67.232.202 - - [27/Mar/2023:10:05:30 +0800] "POST /xingrg/load_menu.html HTTP/1.1" 200 11443
120.253.135.82 - - [27/Mar/2023:10:05:32 +0800] "POST /xingrg/dwr/call/plaincall/AjaxCgthService.checkOrder.dwr HTTP/1.1" 200 78
222.70.168.128 - - [27/Mar/2023:10:05:32 +0800] "GET /xingrg/kc/buy/cgsh_order_operate.html?command=get_materiel&rest_code=00146&code=00101008003&supplier_code=00100005&order_time=2023-03-27 HTTP/1.1" 200 408
116.224.106.218 - - [27/Mar/2023:10:05:33 +0800] "GET /xingrg/all/function/internal_message.html?_=1679882733028&CODE_STATE=getMsg HTTP/1.1" 200 27
222.67.232.202 - - [27/Mar/2023:10:05:34 +0800] "POST /xingrg/all/user/operate.html HTTP/1.1" 200 36
222.67.232.202 - - [27/Mar/2023:10:05:34 +0800] "GET /xingrg/index.html?sysBaseUrl=http%3A%2F%2F180.169.147.146%3A18081%2Fxingrg%2F&costTime=1614×tamp=1679882729560 HTTP/1.1" 200 17509
222.67.232.202 - - [27/Mar/2023:10:05:34 +0800] "GET /xingrg/javascript/jquery_easy_ui/themes/default/easyui.css HTTP/1.1" 304 -
222.67.232.202 - - [27/Mar/2023:10:05:34 +0800] "GET /xingrg/javascript/jquery_easy_ui/themes/icon.css HTTP/1.1" 304 -
222.67.232.202 - - [27/Mar/2023:10:05:34 +0800] "GET /xingrg/css/form.css HTTP/1.1" 304 -
222.67.232.202 - - [27/Mar/2023:10:05:34 +0800] "GET /xingrg/javascript/jquery-1.4.2.min.js HTTP/1.1" 304 -
222.67.232.202 - - [27/Mar/2023:10:05:34 +0800] "GET /xingrg/javascript/jquery_easy_ui/jquery.easyui.min.js HTTP/1.1" 304 -
222.67.232.202 - - [27/Mar/2023:10:05:34 +0800] "GET /xingrg/javascript/jquery_easy_ui/easyui-lang-zh_CN.js HTTP/1.1" 304 -
222.67.232.202 - - [27/Mar/2023:10:05:34 +0800] "GET /xingrg/javascript/jquery.form.js HTTP/1.1" 304 -
222.67.232.202 - - [27/Mar/2023:10:05:34 +0800] "GET /xingrg/javascript/jquery.utils.js HTTP/1.1" 304 -
222.67.232.202 - - [27/Mar/2023:10:05:34 +0800] "GET /xingrg/javascript/jquery.timers.js HTTP/1.1" 304 -
222.67.232.202 - - [27/Mar/2023:10:05:34 +0800] "GET /xingrg/images/blue/jxLogo.png HTTP/1.1" 304 -
222.67.232.202 - - [27/Mar/2023:10:05:34 +0800] "GET /xingrg/javascript/jquery_easy_ui/themes/icons/settle_new.png HTTP/1.1" 304 -
222.67.232.202 - - [27/Mar/2023:10:05:34 +0800] "GET /xingrg/images/blue/navBackgound.jpg HTTP/1.1" 304 -
222.67.232.202 - - [27/Mar/2023:10:05:34 +0800] "GET /xingrg/check_reg.html?_=1679882734932 HTTP/1.1" 200 22
222.67.232.202 - - [27/Mar/2023:10:05:34 +0800] "GET /xingrg/all/function/internal_message.html?_=1679882734932&CODE_STATE=count HTTP/1.1" 200 11
222.67.232.202 - - [27/Mar/2023:10:05:34 +0800] "GET /xingrg/javascript/jquery_easy_ui/themes/default/images/panel_tool_expand.gif HTTP/1.1" 304 -
222.67.232.202 - - [27/Mar/2023:10:05:34 +0800] "GET /xingrg/javascript/jquery_easy_ui/themes/default/images/panel_tool_collapse.gif HTTP/1.1" 304 -
222.67.232.202 - - [27/Mar/2023:10:05:34 +0800] "GET /xingrg/javascript/jquery_easy_ui/themes/default/images/tabs_rightarrow.png HTTP/1.1" 304 -
222.67.232.202 - - [27/Mar/2023:10:05:34 +0800] "GET /xingrg/javascript/jquery_easy_ui/themes/default/images/tabs_leftarrow.png HTTP/1.1" 304 -
222.67.232.202 - - [27/Mar/2023:10:05:34 +0800] "GET /xingrg/images/blue/pingpu.png HTTP/1.1" 304 -
222.67.232.202 - - [27/Mar/2023:10:05:34 +0800] "POST /xingrg/all/common/load_tree.html?tree=area_rest_tree_json&manage=1 HTTP/1.1" 200 3499
222.67.232.202 - - [27/Mar/2023:10:05:35 +0800] "POST /xingrg/load_menu.html HTTP/1.1" 200 9959
120.253.135.82 - - [27/Mar/2023:10:05:35 +0800] "GET /xingrg/kc/buy/cgth_order_info.html?code=232023032700024&part=buyck HTTP/1.1" 200 69125
120.253.135.82 - - [27/Mar/2023:10:05:35 +0800] "GET /xingrg/dwr/interface/AjaxComOrderService.js HTTP/1.1" 200 18264
120.253.135.82 - - [27/Mar/2023:10:05:35 +0800] "GET /xingrg/dwr/engine.js HTTP/1.1" 200 43631
120.253.135.82 - - [27/Mar/2023:10:05:35 +0800] "GET /xingrg/dwr/interface/AjaxCgthService.js HTTP/1.1" 200 14519
222.70.168.128 - - [27/Mar/2023:10:05:36 +0800] "GET /xingrg/all/function/internal_message.html?_=1679882737824&CODE_STATE=getMsg HTTP/1.1" 200 27
120.253.135.82 - - [27/Mar/2023:10:05:37 +0800] "POST /xingrg/all/common/load_tree.html?tree=supplier_tree_json&isDelete=1 HTTP/1.1" 200 71093
222.67.232.202 - - [27/Mar/2023:10:05:37 +0800] "GET /xingrg/kc/base/check_order_list.html HTTP/1.1" 200 16484
222.67.232.202 - - [27/Mar/2023:10:05:38 +0800] "POST /xingrg/kc/base/check_list_operate.html HTTP/1.1" 200 3921
120.253.135.82 - - [27/Mar/2023:10:05:38 +0800] "POST /xingrg/dwr/call/plaincall/AjaxCgthService.loadMaterielItems.dwr HTTP/1.1" 200 791
114.83.216.127 - - [27/Mar/2023:10:05:40 +0800] "GET /xingrg/all/function/internal_message.html?_=1679882739829&CODE_STATE=getMsg HTTP/1.1" 200 27
116.192.124.172 - - [27/Mar/2023:10:05:40 +0800] "POST /xingrg/kc/buy/cgsh_order_operate.html HTTP/1.1" 200 37
58.221.95.50 - - [27/Mar/2023:10:05:41 +0800] "GET /xingrg/all/function/internal_message.html?_=1679882741739&CODE_STATE=getMsg HTTP/1.1" 200 27
116.192.124.172 - - [27/Mar/2023:10:05:42 +0800] "POST /xingrg/kc/buy/cgsh_order_operate.html HTTP/1.1" 200 2663
120.253.135.82 - - [27/Mar/2023:10:05:45 +0800] "GET /xingrg/all/function/internal_message.html?_=1679882877479&CODE_STATE=getMsg HTTP/1.1" 302 -
120.253.135.82 - - [27/Mar/2023:10:05:45 +0800] "GET /xingrg/login.html HTTP/1.1" 200 7641
120.253.135.82 - - [27/Mar/2023:10:05:45 +0800] "GET /xingrg/kc/buy/cgth_order_list.html?isBack=1 HTTP/1.1" 200 53582
222.70.168.128 - - [27/Mar/2023:10:05:45 +0800] "GET /xingrg/kc/buy/cgsh_order_operate.html?command=get_materiel&rest_code=00146&code=00101008087&supplier_code=00100005&order_time=2023-03-27 HTTP/1.1" 200 412
120.253.135.82 - - [27/Mar/2023:10:05:47 +0800] "POST /xingrg/kc/buy/cgth_list_operate.html HTTP/1.1" 200 1035
120.253.135.82 - - [27/Mar/2023:10:05:49 +0800] "GET /xingrg/kc/pszx/mdqp_order_list.html?state=10 HTTP/1.1" 200 10275
120.253.135.82 - - [27/Mar/2023:10:05:49 +0800] "GET /xingrg/dwr/interface/AjaxQqpsService.js HTTP/1.1" 200 16326
120.253.135.82 - - [27/Mar/2023:10:05:49 +0800] "GET /xingrg/dwr/interface/AjaxReportQueryService.js HTTP/1.1" 200 13203
120.253.135.82 - - [27/Mar/2023:10:05:49 +0800] "GET /xingrg/dwr/engine.js HTTP/1.1" 200 43631
120.253.135.82 - - [27/Mar/2023:10:05:49 +0800] "GET /xingrg/all/function/internal_message.html?_=1679882581364&CODE_STATE=getMsg HTTP/1.1" 200 27
116.192.124.172 - - [27/Mar/2023:10:05:51 +0800] "POST /xingrg/kc/buy/cgsh_order_operate.html HTTP/1.1" 200 37
222.70.182.87 - - [27/Mar/2023:10:05:54 +0800] "GET /xingrg/all/function/internal_message.html?_=1679882754619&CODE_STATE=getMsg HTTP/1.1" 200 27
222.67.232.202 - - [27/Mar/2023:10:05:55 +0800] "POST /xingrg/kc/base/check_list_operate.html HTTP/1.1" 200 4
116.224.106.218 - - [27/Mar/2023:10:05:55 +0800] "GET /xingrg/check_reg.html?_=1679882755712 HTTP/1.1" 200 22
116.192.124.172 - - [27/Mar/2023:10:05:58 +0800] "POST /xingrg/kc/buy/cgsh_order_operate.html HTTP/1.1" 200 12
180.163.29.219 - - [27/Mar/2023:10:05:59 +0800] "GET /xingrg/check_reg.html?_=1679882700994 HTTP/1.1" 302 -
180.163.29.219 - - [27/Mar/2023:10:05:59 +0800] "GET /xingrg/login.html HTTP/1.1" 200 7641
180.163.28.55 - - [27/Mar/2023:10:05:59 +0800] "GET /xingrg/all/function/internal_message.html?_=1679882700999&CODE_STATE=getMsg HTTP/1.1" 302 -
180.163.28.55 - - [27/Mar/2023:10:05:59 +0800] "GET /xingrg/login.html HTTP/1.1" 200 7641
124.78.155.10 - - [27/Mar/2023:10:05:59 +0800] "GET /xingrg/all/function/internal_message.html?_=1679882761002&CODE_STATE=getMsg HTTP/1.1" 200 27
120.253.135.82 - - [27/Mar/2023:10:06:00 +0800] "GET /xingrg/all/function/internal_message.html?_=1679882760637&CODE_STATE=getMsg HTTP/1.1" 200 27
116.238.139.35 - - [27/Mar/2023:10:06:00 +0800] "POST /xingrg/kc/buy/cgsh_list_operate.html HTTP/1.1" 200 986
222.70.168.128 - - [27/Mar/2023:10:06:01 +0800] "GET /xingrg/kc/buy/cgsh_order_operate.html?command=get_materiel&rest_code=00146&code=00101008361&supplier_code=00100005&order_time=2023-03-27 HTTP/1.1" 200 408
116.192.124.172 - - [27/Mar/2023:10:06:01 +0800] "GET /xingrg/kc/buy/cgsh_order_info.html?code=212023032710116 HTTP/1.1" 200 64896
116.192.124.172 - - [27/Mar/2023:10:06:01 +0800] "GET /xingrg/javascript/easyui/themes/default/validatebox.css HTTP/1.1" 404 1104
116.192.124.172 - - [27/Mar/2023:10:06:02 +0800] "POST /xingrg/kc/buy/cgsh_order_operate.html HTTP/1.1" 200 613
116.192.124.172 - - [27/Mar/2023:10:06:04 +0800] "GET /xingrg/kc/print/load_data.html?order_code=212023032710116&kc_code=cgsh&condition= HTTP/1.1" 200 735
222.67.232.202 - - [27/Mar/2023:10:06:11 +0800] "POST /xingrg/kc/base/check_list_operate.html HTTP/1.1" 200 781
180.169.147.146 - - [27/Mar/2023:10:06:11 +0800] "GET /favicon.ico HTTP/1.1" 404 -
116.238.139.35 - - [27/Mar/2023:10:06:11 +0800] "GET /xingrg/all/function/internal_message.html?_=1679882773507&CODE_STATE=getMsg HTTP/1.1" 200 27
222.70.221.209 - - [27/Mar/2023:10:06:14 +0800] "GET /xingrg/all/function/internal_message.html?_=1679882872651&CODE_STATE=getMsg HTTP/1.1" 200 27
222.70.168.128 - - [27/Mar/2023:10:06:15 +0800] "GET /xingrg/check_reg.html?_=1679882777120 HTTP/1.1" 200 22
222.70.168.128 - - [27/Mar/2023:10:06:15 +0800] "GET /xingrg/kc/buy/cgsh_order_operate.html?command=get_materiel&rest_code=00146&code=00101008355&supplier_code=00100005&order_time=2023-03-27 HTTP/1.1" 200 408
222.67.232.202 - - [27/Mar/2023:10:06:16 +0800] "POST /xingrg/kc/base/check_list_operate.html HTTP/1.1" 200 5049
116.192.124.172 - - [27/Mar/2023:10:06:17 +0800] "GET /xingrg/all/function/internal_message.html?_=1679882777591&CODE_STATE=getMsg HTTP/1.1" 200 27
222.67.232.202 - - [27/Mar/2023:10:06:23 +0800] "POST /xingrg/kc/base/check_list_operate.html HTTP/1.1" 200 4121
116.224.158.100 - - [27/Mar/2023:10:06:24 +0800] "GET /xingrg/all/function/internal_message.html?_=1679882785760&CODE_STATE=getMsg HTTP/1.1" 200 27
180.169.147.146 - - [27/Mar/2023:10:06:24 +0800] "GET /xingrg/all/function/internal_message.html?_=1679882784054&CODE_STATE=getMsg HTTP/1.1" 200 27
101.229.22.234 - - [27/Mar/2023:10:06:25 +0800] "GET /xingrg/all/function/internal_message.html?_=1679882784952&CODE_STATE=getMsg HTTP/1.1" 200 27
222.67.232.202 - - [27/Mar/2023:10:06:28 +0800] "GET /xingrg/kc/cost/cost_list.html HTTP/1.1" 200 6093
222.67.232.202 - - [27/Mar/2023:10:06:28 +0800] "GET /xingrg/dwr/interface/AjaxReportQueryService.js HTTP/1.1" 200 13203
222.67.232.202 - - [27/Mar/2023:10:06:28 +0800] "GET /xingrg/dwr/util.js HTTP/1.1" 200 35990
222.67.232.202 - - [27/Mar/2023:10:06:28 +0800] "GET /xingrg/dwr/engine.js HTTP/1.1" 200 43631
222.67.232.202 - - [27/Mar/2023:10:06:28 +0800] "GET /xingrg/kc/cost/cost_operate.html?_=1679882788606&command=load_cost_list HTTP/1.1" 200 10133
222.70.168.128 - - [27/Mar/2023:10:06:30 +0800] "GET /xingrg/kc/buy/cgsh_order_operate.html?command=get_materiel&rest_code=00146&code=00101008270&supplier_code=00100005&order_time=2023-03-27 HTTP/1.1" 200 412
116.224.106.218 - - [27/Mar/2023:10:06:33 +0800] "GET /xingrg/all/function/internal_message.html?_=1679882793003&CODE_STATE=getMsg HTTP/1.1" 200 27
222.67.232.202 - - [27/Mar/2023:10:06:34 +0800] "GET /xingrg/all/function/internal_message.html?_=1679882794938&CODE_STATE=getMsg HTTP/1.1" 200 27
222.70.168.128 - - [27/Mar/2023:10:06:36 +0800] "GET /xingrg/all/function/internal_message.html?_=1679882797834&CODE_STATE=getMsg HTTP/1.1" 200 27
114.83.216.127 - - [27/Mar/2023:10:06:40 +0800] "GET /xingrg/check_reg.html?_=1679882799831 HTTP/1.1" 200 22
114.83.216.127 - - [27/Mar/2023:10:06:40 +0800] "GET /xingrg/all/function/internal_message.html?_=1679882799832&CODE_STATE=getMsg HTTP/1.1" 200 27
58.221.95.50 - - [27/Mar/2023:10:06:41 +0800] "GET /xingrg/all/function/internal_message.html?_=1679882801723&CODE_STATE=getMsg HTTP/1.1" 200 27
120.253.135.82 - - [27/Mar/2023:10:06:45 +0800] "GET /xingrg/all/function/internal_message.html?_=1679882937491&CODE_STATE=getMsg HTTP/1.1" 302 -
120.253.135.82 - - [27/Mar/2023:10:06:45 +0800] "GET /xingrg/login.html HTTP/1.1" 200 7641
120.253.135.82 - - [27/Mar/2023:10:06:49 +0800] "GET /xingrg/all/function/internal_message.html?_=1679882641438&CODE_STATE=getMsg HTTP/1.1" 200 27
222.70.168.128 - - [27/Mar/2023:10:06:50 +0800] "GET /xingrg/kc/buy/cgsh_order_operate.html?command=get_materiel&rest_code=00146&code=00101008029&supplier_code=00100005&order_time=2023-03-27 HTTP/1.1" 200 416
222.67.232.202 - - [27/Mar/2023:10:06:52 +0800] "POST /xingrg/kc/cost/cost_operate.html HTTP/1.1" 200 4
222.70.182.87 - - [27/Mar/2023:10:06:54 +0800] "GET /xingrg/all/function/internal_message.html?_=1679882814619&CODE_STATE=getMsg HTTP/1.1" 200 27
180.163.28.68 - - [27/Mar/2023:10:06:59 +0800] "GET /xingrg/all/function/internal_message.html?_=1679882761002&CODE_STATE=getMsg HTTP/1.1" 302 -
180.163.28.68 - - [27/Mar/2023:10:06:59 +0800] "GET /xingrg/login.html HTTP/1.1" 200 7641
124.78.155.10 - - [27/Mar/2023:10:06:59 +0800] "GET /xingrg/all/function/internal_message.html?_=1679882821005&CODE_STATE=getMsg HTTP/1.1" 200 27
120.253.135.82 - - [27/Mar/2023:10:07:00 +0800] "GET /xingrg/all/function/internal_message.html?_=1679882820640&CODE_STATE=getMsg HTTP/1.1" 200 27
116.238.139.35 - - [27/Mar/2023:10:07:11 +0800] "GET /xingrg/all/function/internal_message.html?_=1679882833479&CODE_STATE=getMsg HTTP/1.1" 200 27
222.70.221.209 - - [27/Mar/2023:10:07:14 +0800] "GET /xingrg/all/function/internal_message.html?_=1679882932646&CODE_STATE=getMsg HTTP/1.1" 200 27
116.192.124.172 - - [27/Mar/2023:10:07:17 +0800] "GET /xingrg/all/function/internal_message.html?_=1679882837601&CODE_STATE=getMsg HTTP/1.1" 200 27
222.70.168.128 - - [27/Mar/2023:10:07:18 +0800] "GET /xingrg/kc/buy/cgsh_order_operate.html?command=get_materiel&rest_code=00146&code=00101008256&supplier_code=00100005&order_time=2023-03-27 HTTP/1.1" 200 413
222.67.232.202 - - [27/Mar/2023:10:07:23 +0800] "GET /xingrg/kc/cost/cost_operate.html?_=1679882843866&command=load_cost_list HTTP/1.1" 200 9935
116.224.158.100 - - [27/Mar/2023:10:07:24 +0800] "GET /xingrg/all/function/internal_message.html?_=1679882845761&CODE_STATE=getMsg HTTP/1.1" 200 27
180.169.147.146 - - [27/Mar/2023:10:07:24 +0800] "GET /xingrg/check_reg.html?_=1679882844051 HTTP/1.1" 200 22
180.169.147.146 - - [27/Mar/2023:10:07:24 +0800] "GET /xingrg/all/function/internal_message.html?_=1679882844053&CODE_STATE=getMsg HTTP/1.1" 200 27
222.67.232.202 - - [27/Mar/2023:10:07:25 +0800] "GET /xingrg/kc/base/check_order_list.html HTTP/1.1" 200 16484
101.229.22.234 - - [27/Mar/2023:10:07:25 +0800] "GET /xingrg/all/function/internal_message.html?_=1679882844952&CODE_STATE=getMsg HTTP/1.1" 200 27
222.67.232.202 - - [27/Mar/2023:10:07:26 +0800] "POST /xingrg/kc/base/check_list_operate.html HTTP/1.1" 200 781
180.171.133.64 - - [27/Mar/2023:10:07:27 +0800] "POST /xingrg/services/DataTransmitService HTTP/1.1" 200 524
116.238.139.35 - - [27/Mar/2023:10:07:28 +0800] "GET /xingrg/kc/buy/cgsh_order_add.html HTTP/1.1" 200 70005
116.238.139.35 - - [27/Mar/2023:10:07:28 +0800] "GET /xingrg/words/20230326163725_words.js HTTP/1.1" 304 -
116.238.139.35 - - [27/Mar/2023:10:07:28 +0800] "POST /xingrg/kc/buy/cgsh_order_operate.html HTTP/1.1" 200 8245
116.238.139.35 - - [27/Mar/2023:10:07:28 +0800] "GET /xingrg/javascript/easyui/themes/default/validatebox.css HTTP/1.1" 404 1104
222.70.168.128 - - [27/Mar/2023:10:07:30 +0800] "GET /xingrg/kc/buy/cgsh_order_operate.html?command=get_materiel&rest_code=00146&code=00101008027&supplier_code=00100005&order_time=2023-03-27 HTTP/1.1" 200 408
222.67.232.202 - - [27/Mar/2023:10:07:31 +0800] "POST /xingrg/kc/base/check_list_operate.html HTTP/1.1" 200 4121
116.224.106.218 - - [27/Mar/2023:10:07:33 +0800] "GET /xingrg/all/function/internal_message.html?_=1679882852988&CODE_STATE=getMsg HTTP/1.1" 200 27
222.70.168.128 - - [27/Mar/2023:10:07:36 +0800] "GET /xingrg/all/function/internal_message.html?_=1679882857847&CODE_STATE=getMsg HTTP/1.1" 200 27
116.238.139.35 - - [27/Mar/2023:10:07:36 +0800] "GET /xingrg/kc/buy/cgsh_order_operate.html?command=get_materiel&rest_code=00150&code=00101011003&supplier_code=00100047&order_time=2023-03-27 HTTP/1.1" 200 413
114.83.216.127 - - [27/Mar/2023:10:07:40 +0800] "GET /xingrg/all/function/internal_message.html?_=1679882859835&CODE_STATE=getMsg HTTP/1.1" 200 27
58.221.95.50 - - [27/Mar/2023:10:07:41 +0800] "GET /xingrg/all/function/internal_message.html?_=1679882861698&CODE_STATE=getMsg HTTP/1.1" 200 27
222.70.168.128 - - [27/Mar/2023:10:07:43 +0800] "GET /xingrg/kc/buy/cgsh_order_operate.html?command=get_materiel&rest_code=00146&code=00101008257&supplier_code=00100005&order_time=2023-03-27 HTTP/1.1" 200 416
120.253.135.82 - - [27/Mar/2023:10:07:45 +0800] "GET /xingrg/all/function/internal_message.html?_=1679882997494&CODE_STATE=getMsg HTTP/1.1" 302 -
120.253.135.82 - - [27/Mar/2023:10:07:45 +0800] "GET /xingrg/check_reg.html?_=1679882997494 HTTP/1.1" 302 -
124.78.155.10 - - [27/Mar/2023:10:07:45 +0800] "GET /xingrg/kc/buy/cgsh_order_add.html HTTP/1.1" 200 69961
120.253.135.82 - - [27/Mar/2023:10:07:45 +0800] "GET /xingrg/login.html HTTP/1.1" 200 7641
120.253.135.82 - - [27/Mar/2023:10:07:46 +0800] "GET /xingrg/login.html HTTP/1.1" 200 7641
124.78.155.10 - - [27/Mar/2023:10:07:46 +0800] "POST /xingrg/kc/buy/cgsh_order_operate.html HTTP/1.1" 200 8245
124.78.155.10 - - [27/Mar/2023:10:07:46 +0800] "GET /xingrg/javascript/easyui/themes/default/validatebox.css HTTP/1.1" 404 1104
116.238.139.35 - - [27/Mar/2023:10:07:48 +0800] "POST /xingrg/kc/buy/cgsh_order_operate.html HTTP/1.1" 200 37
120.253.135.82 - - [27/Mar/2023:10:07:49 +0800] "GET /xingrg/all/function/internal_message.html?_=1679882701453&CODE_STATE=getMsg HTTP/1.1" 200 27
124.78.155.10 - - [27/Mar/2023:10:07:52 +0800] "GET /xingrg/javascript/easyui/themes/default/tree.css HTTP/1.1" 404 1090
124.78.155.10 - - [27/Mar/2023:10:07:52 +0800] "POST /xingrg/all/common/load_tree.html?tree=supplier_tree_json&isDelete=1 HTTP/1.1" 200 71093
222.70.182.87 - - [27/Mar/2023:10:07:54 +0800] "GET /xingrg/check_reg.html?_=1679882874619 HTTP/1.1" 200 22
222.70.182.87 - - [27/Mar/2023:10:07:54 +0800] "GET /xingrg/all/function/internal_message.html?_=1679882874622&CODE_STATE=getMsg HTTP/1.1" 200 27
222.70.168.128 - - [27/Mar/2023:10:07:55 +0800] "GET /xingrg/kc/buy/cgsh_order_operate.html?command=get_materiel&rest_code=00146&code=00101008331&supplier_code=00100005&order_time=2023-03-27 HTTP/1.1" 200 416
124.78.155.10 - - [27/Mar/2023:10:07:59 +0800] "GET /xingrg/all/function/internal_message.html?_=1679882881002&CODE_STATE=getMsg HTTP/1.1" 200 27
180.163.29.234 - - [27/Mar/2023:10:07:59 +0800] "GET /xingrg/all/function/internal_message.html?_=1679882821005&CODE_STATE=getMsg HTTP/1.1" 302 -
180.163.29.234 - - [27/Mar/2023:10:07:59 +0800] "GET /xingrg/login.html HTTP/1.1" 200 7641
120.253.135.82 - - [27/Mar/2023:10:08:00 +0800] "GET /xingrg/all/function/internal_message.html?_=1679882880637&CODE_STATE=getMsg HTTP/1.1" 200 27
116.238.139.35 - - [27/Mar/2023:10:08:00 +0800] "POST /xingrg/kc/buy/cgsh_order_operate.html HTTP/1.1" 200 12
116.238.139.35 - - [27/Mar/2023:10:08:03 +0800] "GET /xingrg/kc/buy/cgsh_order_info.html?code=212023032710117 HTTP/1.1" 200 64907
116.238.139.35 - - [27/Mar/2023:10:08:03 +0800] "GET /xingrg/javascript/easyui/themes/default/validatebox.css HTTP/1.1" 404 1104
116.238.139.35 - - [27/Mar/2023:10:08:04 +0800] "POST /xingrg/kc/buy/cgsh_order_operate.html HTTP/1.1" 200 608
116.238.139.35 - - [27/Mar/2023:10:08:06 +0800] "GET /xingrg/kc/print/load_data.html?order_code=212023032710117&kc_code=cgsh&condition= HTTP/1.1" 200 758
124.78.155.10 - - [27/Mar/2023:10:08:06 +0800] "GET /xingrg/kc/buy/cgsh_order_operate.html?command=get_materiel&rest_code=00106&code=00101006240&supplier_code=00100015&order_time=2023-03-27 HTTP/1.1" 200 424
116.238.139.35 - - [27/Mar/2023:10:08:11 +0800] "GET /xingrg/all/function/internal_message.html?_=1679882893452&CODE_STATE=getMsg HTTP/1.1" 200 27
222.70.168.128 - - [27/Mar/2023:10:08:12 +0800] "GET /xingrg/kc/buy/cgsh_order_operate.html?command=get_materiel&rest_code=00146&code=00101008350&supplier_code=00100005&order_time=2023-03-27 HTTP/1.1" 200 408
116.238.139.35 - - [27/Mar/2023:10:08:13 +0800] "GET /xingrg/check_reg.html?_=1679882894908 HTTP/1.1" 200 22
116.238.139.35 - - [27/Mar/2023:10:08:13 +0800] "POST /xingrg/all/user/operate.html HTTP/1.1" 200 36
116.238.139.35 - - [27/Mar/2023:10:08:13 +0800] "GET /xingrg/index.html?sysBaseUrl=http%3A%2F%2F180.169.147.146%3A18081%2Fxingrg%2F&costTime=899×tamp=1679878258265 HTTP/1.1" 200 17177
116.238.139.35 - - [27/Mar/2023:10:08:13 +0800] "GET /xingrg/javascript/jquery_easy_ui/themes/default/easyui.css HTTP/1.1" 304 -
116.238.139.35 - - [27/Mar/2023:10:08:13 +0800] "GET /xingrg/javascript/jquery_easy_ui/themes/icon.css HTTP/1.1" 304 -
116.238.139.35 - - [27/Mar/2023:10:08:13 +0800] "GET /xingrg/css/form.css HTTP/1.1" 304 -
116.238.139.35 - - [27/Mar/2023:10:08:13 +0800] "GET /xingrg/javascript/jquery-1.4.2.min.js HTTP/1.1" 304 -
116.238.139.35 - - [27/Mar/2023:10:08:13 +0800] "GET /xingrg/javascript/jquery_easy_ui/jquery.easyui.min.js HTTP/1.1" 304 -
116.238.139.35 - - [27/Mar/2023:10:08:13 +0800] "GET /xingrg/javascript/jquery_easy_ui/easyui-lang-zh_CN.js HTTP/1.1" 304 -
116.238.139.35 - - [27/Mar/2023:10:08:13 +0800] "GET /xingrg/javascript/jquery.form.js HTTP/1.1" 304 -
116.238.139.35 - - [27/Mar/2023:10:08:13 +0800] "GET /xingrg/javascript/jquery.utils.js HTTP/1.1" 304 -
116.238.139.35 - - [27/Mar/2023:10:08:13 +0800] "GET /xingrg/javascript/jquery.timers.js HTTP/1.1" 304 -
116.238.139.35 - - [27/Mar/2023:10:08:13 +0800] "GET /xingrg/images/blue/jxLogo.png HTTP/1.1" 304 -
116.238.139.35 - - [27/Mar/2023:10:08:13 +0800] "GET /xingrg/javascript/jquery_easy_ui/themes/icons/settle_new.png HTTP/1.1" 304 -
116.238.139.35 - - [27/Mar/2023:10:08:13 +0800] "GET /xingrg/images/blue/navBackgound.jpg HTTP/1.1" 304 -
116.238.139.35 - - [27/Mar/2023:10:08:14 +0800] "GET /xingrg/all/function/internal_message.html?_=1679882895680&CODE_STATE=count HTTP/1.1" 200 11
116.238.139.35 - - [27/Mar/2023:10:08:14 +0800] "GET /xingrg/images/blue/pingpu.png HTTP/1.1" 304 -
116.238.139.35 - - [27/Mar/2023:10:08:14 +0800] "GET /xingrg/javascript/jquery_easy_ui/themes/default/images/panel_tool_collapse.gif HTTP/1.1" 304 -
116.238.139.35 - - [27/Mar/2023:10:08:14 +0800] "GET /xingrg/javascript/jquery_easy_ui/themes/default/images/tabs_leftarrow.png HTTP/1.1" 304 -
116.238.139.35 - - [27/Mar/2023:10:08:14 +0800] "GET /xingrg/javascript/jquery_easy_ui/themes/default/images/tabs_rightarrow.png HTTP/1.1" 304 -
116.238.139.35 - - [27/Mar/2023:10:08:14 +0800] "GET /xingrg/check_reg.html?_=1679882895681 HTTP/1.1" 200 22
116.238.139.35 - - [27/Mar/2023:10:08:14 +0800] "POST /xingrg/all/common/load_tree.html?tree=area_rest_tree_json&manage=1 HTTP/1.1" 200 476
116.238.139.35 - - [27/Mar/2023:10:08:14 +0800] "POST /xingrg/load_menu.html HTTP/1.1" 200 5138
222.70.221.209 - - [27/Mar/2023:10:08:14 +0800] "GET /xingrg/all/function/internal_message.html?_=1679882992664&CODE_STATE=getMsg HTTP/1.1" 200 27
116.192.124.172 - - [27/Mar/2023:10:08:17 +0800] "GET /xingrg/all/function/internal_message.html?_=1679882897596&CODE_STATE=getMsg HTTP/1.1" 200 27
116.192.124.172 - - [27/Mar/2023:10:08:17 +0800] "GET /xingrg/check_reg.html?_=1679882897599 HTTP/1.1" 200 22
116.238.139.35 - - [27/Mar/2023:10:08:17 +0800] "GET /xingrg/kc/buy/cgsh_order_list.html HTTP/1.1" 200 54183
124.78.155.10 - - [27/Mar/2023:10:08:19 +0800] "GET /xingrg/kc/buy/cgsh_order_operate.html?command=get_materiel&rest_code=00106&code=00101006111&supplier_code=00100015&order_time=2023-03-27 HTTP/1.1" 200 409
116.238.139.35 - - [27/Mar/2023:10:08:19 +0800] "POST /xingrg/kc/buy/cgsh_list_operate.html HTTP/1.1" 200 986
116.238.139.35 - - [27/Mar/2023:10:08:21 +0800] "GET /xingrg/kc/buy/cgsh_order_add.html HTTP/1.1" 200 69558
116.238.139.35 - - [27/Mar/2023:10:08:21 +0800] "POST /xingrg/kc/buy/cgsh_order_operate.html HTTP/1.1" 200 8245
116.238.139.35 - - [27/Mar/2023:10:08:21 +0800] "GET /xingrg/javascript/easyui/themes/default/validatebox.css HTTP/1.1" 404 1104
116.238.139.35 - - [27/Mar/2023:10:08:22 +0800] "GET /xingrg/javascript/auto/indicator.gif HTTP/1.1" 404 1066
222.67.232.202 - - [27/Mar/2023:10:08:23 +0800] "POST /xingrg/kc/base/check_list_operate.html HTTP/1.1" 200 4
222.70.168.128 - - [27/Mar/2023:10:08:23 +0800] "GET /xingrg/kc/buy/cgsh_order_operate.html?command=get_materiel&rest_code=00146&code=00101008354&supplier_code=00100005&order_time=2023-03-27 HTTP/1.1" 200 412
116.224.158.100 - - [27/Mar/2023:10:08:24 +0800] "GET /xingrg/all/function/internal_message.html?_=1679882905764&CODE_STATE=getMsg HTTP/1.1" 200 27
180.169.147.146 - - [27/Mar/2023:10:08:24 +0800] "GET /xingrg/all/function/internal_message.html?_=1679882904053&CODE_STATE=getMsg HTTP/1.1" 200 27
222.70.182.87 - - [27/Mar/2023:10:08:25 +0800] "GET /xingrg/kc/mdqp/qqps_order_list.html HTTP/1.1" 200 9222
222.70.182.87 - - [27/Mar/2023:10:08:25 +0800] "GET /xingrg/dwr/interface/AjaxQqpsService.js HTTP/1.1" 200 16326
222.70.182.87 - - [27/Mar/2023:10:08:25 +0800] "GET /xingrg/dwr/interface/AjaxReportQueryService.js HTTP/1.1" 200 13203
222.70.182.87 - - [27/Mar/2023:10:08:25 +0800] "GET /xingrg/dwr/util.js HTTP/1.1" 304 -
222.70.182.87 - - [27/Mar/2023:10:08:25 +0800] "GET /xingrg/dwr/engine.js HTTP/1.1" 200 43631
101.229.22.234 - - [27/Mar/2023:10:08:25 +0800] "GET /xingrg/all/function/internal_message.html?_=1679882904954&CODE_STATE=getMsg HTTP/1.1" 200 27
222.67.232.202 - - [27/Mar/2023:10:08:26 +0800] "POST /xingrg/kc/base/check_list_operate.html HTTP/1.1" 200 781
222.70.182.87 - - [27/Mar/2023:10:08:27 +0800] "GET /xingrg/kc/mdqp/pssh_order_list.html HTTP/1.1" 200 17806
222.70.182.87 - - [27/Mar/2023:10:08:27 +0800] "POST /xingrg/kc/mdqp/pssh_list_operate.html HTTP/1.1" 200 5353
222.70.182.87 - - [27/Mar/2023:10:08:28 +0800] "POST /xingrg/kc/mdqp/pssh_list_operate.html HTTP/1.1" 200 799
116.238.139.35 - - [27/Mar/2023:10:08:29 +0800] "GET /xingrg/kc/buy/cgsh_order_operate.html?command=get_materiel&rest_code=00151&code=00101011005&supplier_code=00100047&order_time=2023-03-27 HTTP/1.1" 200 428
124.78.155.10 - - [27/Mar/2023:10:08:29 +0800] "GET /xingrg/kc/buy/cgsh_order_operate.html?command=get_materiel&rest_code=00106&code=00101006252&supplier_code=00100015&order_time=2023-03-27 HTTP/1.1" 200 409
222.70.182.87 - - [27/Mar/2023:10:08:30 +0800] "GET /xingrg/kc/mdqp/pssh_order_info.html?code=312023032500553 HTTP/1.1" 200 17297
222.70.182.87 - - [27/Mar/2023:10:08:30 +0800] "GET /xingrg/javascript/jquery_tools/jquery-1.4.2.min.js HTTP/1.1" 404 1094
222.70.182.87 - - [27/Mar/2023:10:08:31 +0800] "GET /xingrg/javascript/easyui/themes/icons/back_new.png HTTP/1.1" 200 3414
222.70.182.87 - - [27/Mar/2023:10:08:31 +0800] "GET /xingrg/javascript/easyui/themes/default/validatebox.css HTTP/1.1" 404 1104
222.70.182.87 - - [27/Mar/2023:10:08:31 +0800] "GET /xingrg/all/common/auto_word.html?type=base&rest_code=00111&rest_code=00111 HTTP/1.1" 200 1753
222.70.182.87 - - [27/Mar/2023:10:08:31 +0800] "POST /xingrg/kc/mdqp/pssh_order_operate.html HTTP/1.1" 200 9157
222.67.232.202 - - [27/Mar/2023:10:08:31 +0800] "POST /xingrg/kc/base/check_list_operate.html HTTP/1.1" 200 3921
116.224.106.218 - - [27/Mar/2023:10:08:33 +0800] "GET /xingrg/all/function/internal_message.html?_=1679882912973&CODE_STATE=getMsg HTTP/1.1" 200 27
222.70.182.87 - - [27/Mar/2023:10:08:33 +0800] "POST /xingrg/all/common/load_combo.html?type=employee HTTP/1.1" 200 277
222.70.168.128 - - [27/Mar/2023:10:08:36 +0800] "GET /xingrg/all/function/internal_message.html?_=1679882917861&CODE_STATE=getMsg HTTP/1.1" 200 27
222.70.182.87 - - [27/Mar/2023:10:08:37 +0800] "POST /xingrg/kc/mdqp/pssh_order_operate.html HTTP/1.1" 200 37
222.70.182.87 - - [27/Mar/2023:10:08:38 +0800] "POST /xingrg/kc/mdqp/pssh_order_operate.html HTTP/1.1" 200 9157
116.238.139.35 - - [27/Mar/2023:10:08:40 +0800] "POST /xingrg/kc/buy/cgsh_order_operate.html HTTP/1.1" 200 37
114.83.216.127 - - [27/Mar/2023:10:08:40 +0800] "GET /xingrg/all/function/internal_message.html?_=1679882919837&CODE_STATE=getMsg HTTP/1.1" 200 27
58.221.95.50 - - [27/Mar/2023:10:08:41 +0800] "GET /xingrg/all/function/internal_message.html?_=1679882921686&CODE_STATE=getMsg HTTP/1.1" 200 27
222.70.182.87 - - [27/Mar/2023:10:08:43 +0800] "POST /xingrg/kc/mdqp/pssh_order_operate.html HTTP/1.1" 200 37
124.78.155.10 - - [27/Mar/2023:10:08:43 +0800] "GET /xingrg/kc/buy/cgsh_order_operate.html?command=get_materiel&rest_code=00106&code=00101006174&supplier_code=00100015&order_time=2023-03-27 HTTP/1.1" 200 414
222.67.232.202 - - [27/Mar/2023:10:08:44 +0800] "POST /xingrg/kc/base/check_list_operate.html HTTP/1.1" 200 4
120.253.135.82 - - [27/Mar/2023:10:08:45 +0800] "GET /xingrg/all/function/internal_message.html?_=1679883057501&CODE_STATE=getMsg HTTP/1.1" 302 -
222.67.232.202 - - [27/Mar/2023:10:08:45 +0800] "POST /xingrg/kc/base/check_list_operate.html HTTP/1.1" 200 781
120.253.135.82 - - [27/Mar/2023:10:08:45 +0800] "GET /xingrg/login.html HTTP/1.1" 200 7641
116.238.139.35 - - [27/Mar/2023:10:08:47 +0800] "POST /xingrg/kc/buy/cgsh_order_operate.html HTTP/1.1" 200 12
222.67.232.202 - - [27/Mar/2023:10:08:48 +0800] "POST /xingrg/all/user/operate.html HTTP/1.1" 200 36
222.67.232.202 - - [27/Mar/2023:10:08:49 +0800] "GET /xingrg/index.html?sysBaseUrl=http%3A%2F%2F180.169.147.146%3A18081%2Fxingrg%2F&costTime=1614×tamp=1679882729560 HTTP/1.1" 200 17503
222.67.232.202 - - [27/Mar/2023:10:08:49 +0800] "GET /xingrg/javascript/jquery_easy_ui/themes/default/easyui.css HTTP/1.1" 304 -
222.67.232.202 - - [27/Mar/2023:10:08:49 +0800] "GET /xingrg/javascript/jquery_easy_ui/themes/icon.css HTTP/1.1" 304 -
222.67.232.202 - - [27/Mar/2023:10:08:49 +0800] "GET /xingrg/css/form.css HTTP/1.1" 304 -
222.67.232.202 - - [27/Mar/2023:10:08:49 +0800] "GET /xingrg/javascript/jquery-1.4.2.min.js HTTP/1.1" 304 -
222.67.232.202 - - [27/Mar/2023:10:08:49 +0800] "GET /xingrg/javascript/jquery_easy_ui/jquery.easyui.min.js HTTP/1.1" 304 -
222.67.232.202 - - [27/Mar/2023:10:08:49 +0800] "GET /xingrg/javascript/jquery_easy_ui/easyui-lang-zh_CN.js HTTP/1.1" 304 -
222.67.232.202 - - [27/Mar/2023:10:08:49 +0800] "GET /xingrg/javascript/jquery.form.js HTTP/1.1" 304 -
222.67.232.202 - - [27/Mar/2023:10:08:49 +0800] "GET /xingrg/javascript/jquery.utils.js HTTP/1.1" 304 -
222.67.232.202 - - [27/Mar/2023:10:08:49 +0800] "GET /xingrg/javascript/jquery.timers.js HTTP/1.1" 304 -
222.67.232.202 - - [27/Mar/2023:10:08:49 +0800] "GET /xingrg/images/blue/jxLogo.png HTTP/1.1" 304 -
222.67.232.202 - - [27/Mar/2023:10:08:49 +0800] "GET /xingrg/javascript/jquery_easy_ui/themes/icons/settle_new.png HTTP/1.1" 304 -
222.67.232.202 - - [27/Mar/2023:10:08:49 +0800] "GET /xingrg/images/blue/navBackgound.jpg HTTP/1.1" 304 -
222.67.232.202 - - [27/Mar/2023:10:08:49 +0800] "GET /xingrg/all/function/internal_message.html?_=1679882929679&CODE_STATE=count HTTP/1.1" 200 11
222.67.232.202 - - [27/Mar/2023:10:08:49 +0800] "GET /xingrg/check_reg.html?_=1679882929680 HTTP/1.1" 200 22
222.67.232.202 - - [27/Mar/2023:10:08:49 +0800] "GET /xingrg/images/blue/pingpu.png HTTP/1.1" 304 -
222.67.232.202 - - [27/Mar/2023:10:08:49 +0800] "GET /xingrg/javascript/jquery_easy_ui/themes/default/images/panel_tool_collapse.gif HTTP/1.1" 304 -
222.67.232.202 - - [27/Mar/2023:10:08:49 +0800] "GET /xingrg/javascript/jquery_easy_ui/themes/default/images/panel_tool_expand.gif HTTP/1.1" 304 -
222.67.232.202 - - [27/Mar/2023:10:08:49 +0800] "GET /xingrg/javascript/jquery_easy_ui/themes/default/images/tabs_rightarrow.png HTTP/1.1" 304 -
222.67.232.202 - - [27/Mar/2023:10:08:49 +0800] "GET /xingrg/javascript/jquery_easy_ui/themes/default/images/tabs_leftarrow.png HTTP/1.1" 304 -
120.253.135.82 - - [27/Mar/2023:10:08:49 +0800] "GET /xingrg/check_reg.html?_=1679882761222 HTTP/1.1" 200 22
222.67.232.202 - - [27/Mar/2023:10:08:49 +0800] "POST /xingrg/all/common/load_tree.html?tree=area_rest_tree_json&manage=1 HTTP/1.1" 200 3499
120.253.135.82 - - [27/Mar/2023:10:08:49 +0800] "GET /xingrg/all/function/internal_message.html?_=1679882761468&CODE_STATE=getMsg HTTP/1.1" 200 27
222.67.232.202 - - [27/Mar/2023:10:08:49 +0800] "POST /xingrg/load_menu.html HTTP/1.1" 200 9959
222.70.168.128 - - [27/Mar/2023:10:08:50 +0800] "GET /xingrg/kc/buy/cgsh_order_operate.html?command=get_materiel&rest_code=00146&code=00101008028&supplier_code=00100005&order_time=2023-03-27 HTTP/1.1" 200 412
222.70.182.87 - - [27/Mar/2023:10:08:50 +0800] "POST /xingrg/kc/mdqp/pssh_order_operate.html HTTP/1.1" 200 12
116.238.139.35 - - [27/Mar/2023:10:08:50 +0800] "GET /xingrg/kc/buy/cgsh_order_info.html?code=212023032710118 HTTP/1.1" 200 64461
116.238.139.35 - - [27/Mar/2023:10:08:50 +0800] "GET /xingrg/javascript/easyui/themes/default/validatebox.css HTTP/1.1" 404 1104
116.238.139.35 - - [27/Mar/2023:10:08:51 +0800] "POST /xingrg/kc/buy/cgsh_order_operate.html HTTP/1.1" 200 612
222.70.182.87 - - [27/Mar/2023:10:08:51 +0800] "GET /xingrg/kc/mdqp/pssh_order_info.html?code=312023032500553 HTTP/1.1" 200 14386
222.70.182.87 - - [27/Mar/2023:10:08:51 +0800] "GET /xingrg/javascript/jquery_tools/jquery-1.4.2.min.js HTTP/1.1" 404 1094
222.70.182.87 - - [27/Mar/2023:10:08:51 +0800] "GET /xingrg/javascript/easyui/themes/icons/uncheck_new.png HTTP/1.1" 200 3197
222.70.182.87 - - [27/Mar/2023:10:08:52 +0800] "GET /xingrg/javascript/easyui/themes/default/validatebox.css HTTP/1.1" 404 1104
222.70.182.87 - - [27/Mar/2023:10:08:52 +0800] "POST /xingrg/kc/mdqp/pssh_order_operate.html HTTP/1.1" 200 9157
222.67.232.202 - - [27/Mar/2023:10:08:52 +0800] "GET /xingrg/kc/base/check_order_list.html HTTP/1.1" 200 16478
222.67.232.202 - - [27/Mar/2023:10:08:52 +0800] "POST /xingrg/kc/base/check_list_operate.html HTTP/1.1" 200 3873
124.78.155.10 - - [27/Mar/2023:10:08:52 +0800] "GET /xingrg/kc/buy/cgsh_order_operate.html?command=get_materiel&rest_code=00106&code=00101007067&supplier_code=00100015&order_time=2023-03-27 HTTP/1.1" 200 411
116.238.139.35 - - [27/Mar/2023:10:08:53 +0800] "GET /xingrg/kc/print/load_data.html?order_code=212023032710118&kc_code=cgsh&condition= HTTP/1.1" 200 762
222.70.182.87 - - [27/Mar/2023:10:08:53 +0800] "GET /xingrg/kc/print/load_config.html?kc_code=pssh HTTP/1.1" 200 2362
222.70.182.87 - - [27/Mar/2023:10:08:54 +0800] "GET /xingrg/kc/print/load_data.html?order_code=312023032500553&kc_code=pssh&condition= HTTP/1.1" 200 3765
222.70.182.87 - - [27/Mar/2023:10:08:54 +0800] "GET /xingrg/all/function/internal_message.html?_=1679882934870&CODE_STATE=getMsg HTTP/1.1" 200 27
124.78.155.10 - - [27/Mar/2023:10:08:59 +0800] "GET /xingrg/all/function/internal_message.html?_=1679882941005&CODE_STATE=getMsg HTTP/1.1" 200 27
222.70.182.87 - - [27/Mar/2023:10:08:59 +0800] "GET /xingrg/kc/mdqp/pssh_order_list.html?isBack=1 HTTP/1.1" 200 17806
222.70.182.87 - - [27/Mar/2023:10:09:00 +0800] "POST /xingrg/kc/mdqp/pssh_list_operate.html HTTP/1.1" 200 5378
120.253.135.82 - - [27/Mar/2023:10:09:00 +0800] "GET /xingrg/all/function/internal_message.html?_=1679882940623&CODE_STATE=getMsg HTTP/1.1" 200 27
222.70.182.87 - - [27/Mar/2023:10:09:01 +0800] "POST /xingrg/kc/mdqp/pssh_list_operate.html HTTP/1.1" 200 549
222.70.182.87 - - [27/Mar/2023:10:09:02 +0800] "GET /xingrg/kc/mdqp/pssh_order_info.html?code=312023032500555 HTTP/1.1" 200 17293
222.70.182.87 - - [27/Mar/2023:10:09:02 +0800] "GET /xingrg/javascript/jquery_tools/jquery-1.4.2.min.js HTTP/1.1" 404 1094
