124.78.155.10 - - [27/Mar/2023:11:00:10 +0800] "POST /xingrg/kc/base/wldb_order_operate.html HTTP/1.1" 200 2214
124.78.155.10 - - [27/Mar/2023:11:00:11 +0800] "GET /xingrg/kc/base/wldb_order_info.html?code=422023032702237 HTTP/1.1" 200 30400
124.78.155.10 - - [27/Mar/2023:11:00:11 +0800] "GET /xingrg/javascript/easyui/themes/default/validatebox.css HTTP/1.1" 404 1104
116.224.158.100 - - [27/Mar/2023:11:00:12 +0800] "GET /xingrg/kc/buy/cgsh_order_operate.html?command=get_materiel&rest_code=00105&code=00101002002&supplier_code=00100087&order_time=2023-03-27 HTTP/1.1" 200 422
124.78.155.10 - - [27/Mar/2023:11:00:12 +0800] "POST /xingrg/kc/base/wldb_order_operate.html HTTP/1.1" 200 2214
116.238.139.35 - - [27/Mar/2023:11:00:14 +0800] "GET /xingrg/all/function/internal_message.html?_=1679886015733&CODE_STATE=getMsg HTTP/1.1" 200 27
222.70.221.209 - - [27/Mar/2023:11:00:14 +0800] "GET /xingrg/all/function/internal_message.html?_=1679886112653&CODE_STATE=getMsg HTTP/1.1" 200 27
116.192.124.172 - - [27/Mar/2023:11:00:16 +0800] "GET /xingrg/all/function/internal_message.html?_=1679886016764&CODE_STATE=getMsg HTTP/1.1" 200 27
222.67.232.202 - - [27/Mar/2023:11:00:17 +0800] "GET /xingrg/all/function/internal_message.html?_=1679885562356&CODE_STATE=getMsg HTTP/1.1" 200 27
222.67.232.202 - - [27/Mar/2023:11:00:17 +0800] "GET /xingrg/check_reg.html?_=1679885562357 HTTP/1.1" 200 22
116.224.158.100 - - [27/Mar/2023:11:00:23 +0800] "GET /xingrg/all/function/internal_message.html?_=1679886024813&CODE_STATE=getMsg HTTP/1.1" 200 27
180.169.147.146 - - [27/Mar/2023:11:00:24 +0800] "GET /xingrg/all/function/internal_message.html?_=1679886024064&CODE_STATE=getMsg HTTP/1.1" 200 27
116.224.158.100 - - [27/Mar/2023:11:00:26 +0800] "GET /xingrg/kc/buy/cgsh_order_operate.html?command=get_materiel&rest_code=00105&code=00101002038&supplier_code=00100087&order_time=2023-03-27 HTTP/1.1" 200 438
101.229.22.234 - - [27/Mar/2023:11:00:26 +0800] "GET /xingrg/all/function/internal_message.html?_=1679886025759&CODE_STATE=getMsg HTTP/1.1" 200 27
222.70.168.128 - - [27/Mar/2023:11:00:28 +0800] "GET /xingrg/all/function/internal_message.html?_=1679886030173&CODE_STATE=getMsg HTTP/1.1" 200 27
172.20.0.100 - - [27/Mar/2023:11:00:31 +0800] "GET /xingrg/all/function/internal_message.html?_=1679886025729&CODE_STATE=getMsg HTTP/1.1" 200 27
124.79.240.114 - - [27/Mar/2023:11:00:31 +0800] "GET /xingrg/all/function/internal_message.html?_=1679886292009&CODE_STATE=getMsg HTTP/1.1" 200 27
116.224.106.218 - - [27/Mar/2023:11:00:32 +0800] "GET /xingrg/all/function/internal_message.html?_=1679886032103&CODE_STATE=getMsg HTTP/1.1" 200 27
172.20.0.100 - - [27/Mar/2023:11:00:33 +0800] "GET /xingrg/all/function/internal_message.html?_=1679886027695&CODE_STATE=getMsg HTTP/1.1" 302 -
58.221.95.50 - - [27/Mar/2023:11:00:40 +0800] "GET /xingrg/all/function/internal_message.html?_=1679886040910&CODE_STATE=getMsg HTTP/1.1" 200 27
116.224.158.100 - - [27/Mar/2023:11:00:42 +0800] "POST /xingrg/kc/buy/cgsh_order_operate.html HTTP/1.1" 200 37
116.224.158.100 - - [27/Mar/2023:11:00:44 +0800] "POST /xingrg/kc/buy/cgsh_order_operate.html HTTP/1.1" 200 2663
180.169.147.146 - - [27/Mar/2023:11:00:45 +0800] "GET /xingrg/check_reg.html?_=1679886045086 HTTP/1.1" 200 22
120.253.135.82 - - [27/Mar/2023:11:00:46 +0800] "GET /xingrg/all/function/internal_message.html?_=1679886177764&CODE_STATE=getMsg HTTP/1.1" 302 -
120.253.135.82 - - [27/Mar/2023:11:00:46 +0800] "GET /xingrg/login.html HTTP/1.1" 200 7641
116.224.158.100 - - [27/Mar/2023:11:00:46 +0800] "GET /xingrg/kc/print/load_data.html?order_code=212023032710140&kc_code=cgsh&condition= HTTP/1.1" 200 721
180.163.29.217 - - [27/Mar/2023:11:00:47 +0800] "GET /xingrg/kc/base/wldb_order_info.html?code=422023032702236 HTTP/1.1" 302 -
180.163.29.217 - - [27/Mar/2023:11:00:47 +0800] "GET /xingrg/login.html HTTP/1.1" 200 7641
222.67.232.202 - - [27/Mar/2023:11:00:49 +0800] "GET /xingrg/all/function/internal_message.html?_=1679886049763&CODE_STATE=getMsg HTTP/1.1" 200 27
124.78.155.10 - - [27/Mar/2023:11:00:51 +0800] "POST /xingrg/kc/base/wldb_list_operate.html HTTP/1.1" 200 2578
116.224.158.100 - - [27/Mar/2023:11:00:52 +0800] "GET /xingrg/kc/buy/cgsh_order_add.html HTTP/1.1" 200 70043
116.224.158.100 - - [27/Mar/2023:11:00:53 +0800] "GET /xingrg/javascript/easyui/themes/default/validatebox.css HTTP/1.1" 404 1104
116.224.158.100 - - [27/Mar/2023:11:00:53 +0800] "POST /xingrg/kc/buy/cgsh_order_operate.html HTTP/1.1" 200 8245
124.78.155.10 - - [27/Mar/2023:11:00:53 +0800] "POST /xingrg/kc/base/wldb_list_operate.html HTTP/1.1" 200 214
120.253.135.82 - - [27/Mar/2023:11:00:54 +0800] "GET /xingrg/all/function/internal_message.html?_=1679885885886&CODE_STATE=getMsg HTTP/1.1" 200 27
180.169.147.146 - - [27/Mar/2023:11:00:54 +0800] "GET /xingrg/all/function/internal_message.html?_=1679886053878&CODE_STATE=getMsg HTTP/1.1" 200 27
180.163.29.217 - - [27/Mar/2023:11:00:55 +0800] "GET /xingrg/all/function/internal_message.html?_=1679885997110&CODE_STATE=getMsg HTTP/1.1" 302 -
124.78.155.10 - - [27/Mar/2023:11:00:55 +0800] "POST /xingrg/kc/base/wldb_list_operate.html HTTP/1.1" 200 553
180.163.29.217 - - [27/Mar/2023:11:00:55 +0800] "GET /xingrg/login.html HTTP/1.1" 200 7641
180.164.3.199 - - [27/Mar/2023:11:00:55 +0800] "POST /xingrg/services/DataTransmitService HTTP/1.1" 200 524
124.78.155.10 - - [27/Mar/2023:11:00:55 +0800] "GET /xingrg/all/function/internal_message.html?_=1679886057091&CODE_STATE=getMsg HTTP/1.1" 200 27
116.224.106.218 - - [27/Mar/2023:11:00:56 +0800] "GET /xingrg/check_reg.html?_=1679886055806 HTTP/1.1" 200 22
124.78.155.10 - - [27/Mar/2023:11:00:57 +0800] "GET /xingrg/kc/base/wldb_order_info.html?code=422023032702236 HTTP/1.1" 200 30400
180.169.147.146 - - [27/Mar/2023:11:00:57 +0800] "GET /xingrg/all/function/internal_message.html?_=1679886057122&CODE_STATE=getMsg HTTP/1.1" 200 27
180.169.147.146 - - [27/Mar/2023:11:00:57 +0800] "GET /xingrg/check_reg.html?_=1679886057124 HTTP/1.1" 200 22
124.78.155.10 - - [27/Mar/2023:11:00:57 +0800] "GET /xingrg/javascript/easyui/themes/default/validatebox.css HTTP/1.1" 404 1104
124.78.155.10 - - [27/Mar/2023:11:00:58 +0800] "POST /xingrg/kc/base/wldb_order_operate.html HTTP/1.1" 200 4216
120.253.135.82 - - [27/Mar/2023:11:01:00 +0800] "GET /xingrg/all/function/internal_message.html?_=1679886060628&CODE_STATE=getMsg HTTP/1.1" 200 27
116.224.158.100 - - [27/Mar/2023:11:01:06 +0800] "GET /xingrg/kc/buy/cgsh_order_operate.html?command=get_materiel&rest_code=00105&code=00101010678&supplier_code=00100564&order_time=2023-03-27 HTTP/1.1" 200 427
124.78.155.10 - - [27/Mar/2023:11:01:07 +0800] "POST /xingrg/kc/base/wldb_list_operate.html HTTP/1.1" 200 2578
180.164.3.199 - - [27/Mar/2023:11:01:09 +0800] "GET /xingrg/all/function/internal_message.html?_=1679886069957&CODE_STATE=getMsg HTTP/1.1" 200 27
180.163.28.68 - - [27/Mar/2023:11:01:10 +0800] "GET /xingrg/kc/base/wldb_order_info.html?code=422023032702237 HTTP/1.1" 302 -
180.163.28.68 - - [27/Mar/2023:11:01:10 +0800] "GET /xingrg/login.html HTTP/1.1" 200 7641
116.238.139.35 - - [27/Mar/2023:11:01:14 +0800] "GET /xingrg/all/function/internal_message.html?_=1679886075737&CODE_STATE=getMsg HTTP/1.1" 200 27
222.70.221.209 - - [27/Mar/2023:11:01:14 +0800] "GET /xingrg/all/function/internal_message.html?_=1679886172650&CODE_STATE=getMsg HTTP/1.1" 200 27
116.224.158.100 - - [27/Mar/2023:11:01:15 +0800] "POST /xingrg/kc/buy/cgsh_order_operate.html HTTP/1.1" 200 37
116.192.124.172 - - [27/Mar/2023:11:01:16 +0800] "GET /xingrg/all/function/internal_message.html?_=1679886076735&CODE_STATE=getMsg HTTP/1.1" 200 27
222.67.232.202 - - [27/Mar/2023:11:01:17 +0800] "GET /xingrg/all/function/internal_message.html?_=1679885622356&CODE_STATE=getMsg HTTP/1.1" 200 27
222.70.168.128 - - [27/Mar/2023:11:01:22 +0800] "GET /xingrg/kc/buy/cgsh_order_operate.html?command=get_materiel&rest_code=00146&code=00101006130&supplier_code=00100012&order_time=2023-03-27 HTTP/1.1" 200 427
116.224.158.100 - - [27/Mar/2023:11:01:24 +0800] "POST /xingrg/kc/buy/cgsh_order_operate.html HTTP/1.1" 200 2664
180.169.147.146 - - [27/Mar/2023:11:01:24 +0800] "GET /xingrg/all/function/internal_message.html?_=1679886084044&CODE_STATE=getMsg HTTP/1.1" 200 27
116.224.158.100 - - [27/Mar/2023:11:01:25 +0800] "GET /xingrg/kc/print/load_data.html?order_code=212023032710141&kc_code=cgsh&condition= HTTP/1.1" 200 655
101.229.22.234 - - [27/Mar/2023:11:01:26 +0800] "GET /xingrg/all/function/internal_message.html?_=1679886085741&CODE_STATE=getMsg HTTP/1.1" 200 27
172.20.0.100 - - [27/Mar/2023:11:01:27 +0800] "GET /xingrg/check_reg.html?_=1679886081729 HTTP/1.1" 200 22
222.70.168.128 - - [27/Mar/2023:11:01:27 +0800] "GET /xingrg/check_reg.html?_=1679886089521 HTTP/1.1" 200 22
222.70.168.128 - - [27/Mar/2023:11:01:28 +0800] "GET /xingrg/all/function/internal_message.html?_=1679886090188&CODE_STATE=getMsg HTTP/1.1" 200 27
116.192.124.172 - - [27/Mar/2023:11:01:31 +0800] "POST /xingrg/services/DataTransmitService HTTP/1.1" 200 524
124.79.240.114 - - [27/Mar/2023:11:01:31 +0800] "GET /xingrg/all/function/internal_message.html?_=1679886351992&CODE_STATE=getMsg HTTP/1.1" 200 27
172.20.0.100 - - [27/Mar/2023:11:01:32 +0800] "GET /xingrg/all/function/internal_message.html?_=1679886086730&CODE_STATE=getMsg HTTP/1.1" 200 27
116.224.106.218 - - [27/Mar/2023:11:01:32 +0800] "GET /xingrg/all/function/internal_message.html?_=1679886092078&CODE_STATE=getMsg HTTP/1.1" 200 27
172.20.0.100 - - [27/Mar/2023:11:01:33 +0800] "GET /xingrg/all/function/internal_message.html?_=1679886087697&CODE_STATE=getMsg HTTP/1.1" 302 -
116.224.158.100 - - [27/Mar/2023:11:01:34 +0800] "GET /xingrg/kc/buy/cgsh_order_add.html HTTP/1.1" 200 70043
116.224.158.100 - - [27/Mar/2023:11:01:34 +0800] "GET /xingrg/javascript/easyui/themes/default/validatebox.css HTTP/1.1" 404 1104
116.224.158.100 - - [27/Mar/2023:11:01:34 +0800] "POST /xingrg/kc/buy/cgsh_order_operate.html HTTP/1.1" 200 8245
58.221.95.50 - - [27/Mar/2023:11:01:40 +0800] "GET /xingrg/all/function/internal_message.html?_=1679886100886&CODE_STATE=getMsg HTTP/1.1" 200 27
222.70.168.128 - - [27/Mar/2023:11:01:45 +0800] "GET /xingrg/kc/buy/cgsh_order_operate.html?command=get_materiel&rest_code=00146&code=00101006127&supplier_code=00100012&order_time=2023-03-27 HTTP/1.1" 200 423
120.253.135.82 - - [27/Mar/2023:11:01:46 +0800] "GET /xingrg/all/function/internal_message.html?_=1679886237805&CODE_STATE=getMsg HTTP/1.1" 302 -
120.253.135.82 - - [27/Mar/2023:11:01:46 +0800] "GET /xingrg/login.html HTTP/1.1" 200 7641
116.224.158.100 - - [27/Mar/2023:11:01:47 +0800] "GET /xingrg/kc/buy/cgsh_order_operate.html?command=get_materiel&rest_code=00105&code=00101012101&supplier_code=00100487&order_time=2023-03-27 HTTP/1.1" 200 418
222.67.232.202 - - [27/Mar/2023:11:01:49 +0800] "GET /xingrg/all/function/internal_message.html?_=1679886109804&CODE_STATE=getMsg HTTP/1.1" 200 27
120.253.135.82 - - [27/Mar/2023:11:01:54 +0800] "GET /xingrg/all/function/internal_message.html?_=1679885945900&CODE_STATE=getMsg HTTP/1.1" 200 27
180.169.147.146 - - [27/Mar/2023:11:01:54 +0800] "GET /xingrg/all/function/internal_message.html?_=1679886113880&CODE_STATE=getMsg HTTP/1.1" 200 27
124.78.155.10 - - [27/Mar/2023:11:01:55 +0800] "GET /xingrg/check_reg.html?_=1679886117064 HTTP/1.1" 200 22
124.78.155.10 - - [27/Mar/2023:11:01:55 +0800] "GET /xingrg/all/function/internal_message.html?_=1679886117067&CODE_STATE=getMsg HTTP/1.1" 200 27
180.169.147.146 - - [27/Mar/2023:11:01:57 +0800] "GET /xingrg/all/function/internal_message.html?_=1679886117118&CODE_STATE=getMsg HTTP/1.1" 200 27
120.253.135.82 - - [27/Mar/2023:11:02:00 +0800] "GET /xingrg/all/function/internal_message.html?_=1679886120630&CODE_STATE=getMsg HTTP/1.1" 200 27
116.224.158.100 - - [27/Mar/2023:11:02:05 +0800] "POST /xingrg/kc/buy/cgsh_order_operate.html HTTP/1.1" 200 37
222.70.168.128 - - [27/Mar/2023:11:02:06 +0800] "GET /xingrg/kc/buy/cgsh_order_operate.html?command=get_materiel&rest_code=00146&code=00101006372&supplier_code=00100012&order_time=2023-03-27 HTTP/1.1" 200 407
116.224.158.100 - - [27/Mar/2023:11:02:06 +0800] "POST /xingrg/kc/buy/cgsh_order_operate.html HTTP/1.1" 200 2663
116.224.158.100 - - [27/Mar/2023:11:02:08 +0800] "GET /xingrg/kc/print/load_data.html?order_code=212023032710142&kc_code=cgsh&condition= HTTP/1.1" 200 682
180.164.3.199 - - [27/Mar/2023:11:02:09 +0800] "GET /xingrg/all/function/internal_message.html?_=1679886129960&CODE_STATE=getMsg HTTP/1.1" 200 27
116.224.158.100 - - [27/Mar/2023:11:02:12 +0800] "GET /xingrg/kc/buy/cgsh_order_add.html HTTP/1.1" 200 70043
116.224.158.100 - - [27/Mar/2023:11:02:12 +0800] "GET /xingrg/javascript/easyui/themes/default/validatebox.css HTTP/1.1" 404 1104
116.224.158.100 - - [27/Mar/2023:11:02:12 +0800] "POST /xingrg/kc/buy/cgsh_order_operate.html HTTP/1.1" 200 8245
116.238.139.35 - - [27/Mar/2023:11:02:14 +0800] "GET /xingrg/all/function/internal_message.html?_=1679886135727&CODE_STATE=getMsg HTTP/1.1" 200 27
222.70.221.209 - - [27/Mar/2023:11:02:14 +0800] "GET /xingrg/all/function/internal_message.html?_=1679886232654&CODE_STATE=getMsg HTTP/1.1" 200 27
116.192.124.172 - - [27/Mar/2023:11:02:16 +0800] "GET /xingrg/all/function/internal_message.html?_=1679886136708&CODE_STATE=getMsg HTTP/1.1" 200 27
222.67.232.202 - - [27/Mar/2023:11:02:17 +0800] "GET /xingrg/all/function/internal_message.html?_=1679885682362&CODE_STATE=getMsg HTTP/1.1" 200 27
116.224.158.100 - - [27/Mar/2023:11:02:23 +0800] "GET /xingrg/all/function/internal_message.html?_=1679886144841&CODE_STATE=getMsg HTTP/1.1" 200 27
180.169.147.146 - - [27/Mar/2023:11:02:24 +0800] "GET /xingrg/all/function/internal_message.html?_=1679886144052&CODE_STATE=getMsg HTTP/1.1" 200 27
180.169.147.146 - - [27/Mar/2023:11:02:24 +0800] "GET /xingrg/check_reg.html?_=1679886144058 HTTP/1.1" 200 22
101.229.22.234 - - [27/Mar/2023:11:02:26 +0800] "GET /xingrg/all/function/internal_message.html?_=1679886145728&CODE_STATE=getMsg HTTP/1.1" 200 27
116.224.158.100 - - [27/Mar/2023:11:02:26 +0800] "GET /xingrg/kc/buy/cgsh_order_operate.html?command=get_materiel&rest_code=00105&code=00101007077&supplier_code=00100328&order_time=2023-03-27 HTTP/1.1" 200 415
222.70.168.128 - - [27/Mar/2023:11:02:28 +0800] "GET /xingrg/all/function/internal_message.html?_=1679886150260&CODE_STATE=getMsg HTTP/1.1" 200 27
124.79.240.114 - - [27/Mar/2023:11:02:31 +0800] "GET /xingrg/all/function/internal_message.html?_=1679886411989&CODE_STATE=getMsg HTTP/1.1" 200 27
116.224.106.218 - - [27/Mar/2023:11:02:32 +0800] "GET /xingrg/all/function/internal_message.html?_=1679886152062&CODE_STATE=getMsg HTTP/1.1" 200 27
172.20.0.100 - - [27/Mar/2023:11:02:33 +0800] "GET /xingrg/all/function/internal_message.html?_=1679886147700&CODE_STATE=getMsg HTTP/1.1" 302 -
172.20.0.100 - - [27/Mar/2023:11:02:33 +0800] "GET /xingrg/all/function/internal_message.html?_=1679886147730&CODE_STATE=getMsg HTTP/1.1" 200 27
116.224.158.100 - - [27/Mar/2023:11:02:37 +0800] "POST /xingrg/kc/buy/cgsh_order_operate.html HTTP/1.1" 200 37
222.70.168.128 - - [27/Mar/2023:11:02:40 +0800] "GET /xingrg/kc/buy/cgsh_order_operate.html?command=get_materiel&rest_code=00146&code=00101006177&supplier_code=00100012&order_time=2023-03-27 HTTP/1.1" 200 408
58.221.95.50 - - [27/Mar/2023:11:02:40 +0800] "GET /xingrg/all/function/internal_message.html?_=1679886160864&CODE_STATE=getMsg HTTP/1.1" 200 27
116.224.158.100 - - [27/Mar/2023:11:02:40 +0800] "POST /xingrg/kc/buy/cgsh_order_operate.html HTTP/1.1" 200 2660
120.253.135.82 - - [27/Mar/2023:11:02:46 +0800] "GET /xingrg/all/function/internal_message.html?_=1679886297775&CODE_STATE=getMsg HTTP/1.1" 302 -
120.253.135.82 - - [27/Mar/2023:11:02:46 +0800] "GET /xingrg/check_reg.html?_=1679886297777 HTTP/1.1" 302 -
120.253.135.82 - - [27/Mar/2023:11:02:46 +0800] "GET /xingrg/login.html HTTP/1.1" 200 7641
120.253.135.82 - - [27/Mar/2023:11:02:46 +0800] "GET /xingrg/login.html HTTP/1.1" 200 7641
116.224.158.100 - - [27/Mar/2023:11:02:46 +0800] "GET /xingrg/kc/print/load_data.html?order_code=212023032710143&kc_code=cgsh&condition= HTTP/1.1" 200 679
222.67.232.202 - - [27/Mar/2023:11:02:49 +0800] "GET /xingrg/all/function/internal_message.html?_=1679886169803&CODE_STATE=getMsg HTTP/1.1" 200 27
116.224.158.100 - - [27/Mar/2023:11:02:51 +0800] "GET /xingrg/kc/buy/cgsh_order_add.html HTTP/1.1" 200 70043
116.224.158.100 - - [27/Mar/2023:11:02:51 +0800] "POST /xingrg/kc/buy/cgsh_order_operate.html HTTP/1.1" 200 8245
116.224.158.100 - - [27/Mar/2023:11:02:51 +0800] "GET /xingrg/javascript/easyui/themes/default/validatebox.css HTTP/1.1" 404 1104
120.253.135.82 - - [27/Mar/2023:11:02:54 +0800] "GET /xingrg/all/function/internal_message.html?_=1679886005997&CODE_STATE=getMsg HTTP/1.1" 200 27
180.169.147.146 - - [27/Mar/2023:11:02:54 +0800] "GET /xingrg/all/function/internal_message.html?_=1679886173880&CODE_STATE=getMsg HTTP/1.1" 200 27
180.163.30.27 - - [27/Mar/2023:11:02:55 +0800] "GET /xingrg/check_reg.html?_=1679886117064 HTTP/1.1" 302 -
180.163.30.27 - - [27/Mar/2023:11:02:55 +0800] "GET /xingrg/login.html HTTP/1.1" 200 7641
124.78.155.10 - - [27/Mar/2023:11:02:55 +0800] "GET /xingrg/all/function/internal_message.html?_=1679886177054&CODE_STATE=getMsg HTTP/1.1" 200 27
180.169.147.146 - - [27/Mar/2023:11:02:57 +0800] "GET /xingrg/all/function/internal_message.html?_=1679886177114&CODE_STATE=getMsg HTTP/1.1" 200 27
222.70.168.128 - - [27/Mar/2023:11:02:57 +0800] "GET /xingrg/kc/buy/cgsh_order_operate.html?command=get_materiel&rest_code=00146&code=00101006174&supplier_code=00100012&order_time=2023-03-27 HTTP/1.1" 200 414
120.253.135.82 - - [27/Mar/2023:11:03:00 +0800] "GET /xingrg/all/function/internal_message.html?_=1679886180629&CODE_STATE=getMsg HTTP/1.1" 200 27
116.224.158.100 - - [27/Mar/2023:11:03:02 +0800] "GET /xingrg/kc/buy/cgsh_order_operate.html?command=get_materiel&rest_code=00105&code=00101010810&supplier_code=00100323&order_time=2023-03-27 HTTP/1.1" 200 432
180.164.3.199 - - [27/Mar/2023:11:03:09 +0800] "GET /xingrg/all/function/internal_message.html?_=1679886189948&CODE_STATE=getMsg HTTP/1.1" 200 27
116.238.139.35 - - [27/Mar/2023:11:03:14 +0800] "GET /xingrg/all/function/internal_message.html?_=1679886195726&CODE_STATE=getMsg HTTP/1.1" 200 27
116.238.139.35 - - [27/Mar/2023:11:03:14 +0800] "GET /xingrg/check_reg.html?_=1679886195730 HTTP/1.1" 200 22
222.70.221.209 - - [27/Mar/2023:11:03:14 +0800] "GET /xingrg/all/function/internal_message.html?_=1679886292660&CODE_STATE=getMsg HTTP/1.1" 200 27
116.224.158.100 - - [27/Mar/2023:11:03:15 +0800] "GET /xingrg/kc/buy/cgsh_order_operate.html?command=get_materiel&rest_code=00105&code=00101010063&supplier_code=00100323&order_time=2023-03-27 HTTP/1.1" 200 408
222.70.168.128 - - [27/Mar/2023:11:03:15 +0800] "GET /xingrg/kc/buy/cgsh_order_operate.html?command=get_materiel&rest_code=00146&code=00101006112&supplier_code=00100012&order_time=2023-03-27 HTTP/1.1" 200 409
116.192.124.172 - - [27/Mar/2023:11:03:16 +0800] "GET /xingrg/all/function/internal_message.html?_=1679886196691&CODE_STATE=getMsg HTTP/1.1" 200 27
116.192.124.172 - - [27/Mar/2023:11:03:17 +0800] "GET /xingrg/check_reg.html?_=1679886197587 HTTP/1.1" 200 22
222.67.232.202 - - [27/Mar/2023:11:03:17 +0800] "GET /xingrg/all/function/internal_message.html?_=1679885742394&CODE_STATE=getMsg HTTP/1.1" 200 27
116.224.158.100 - - [27/Mar/2023:11:03:23 +0800] "GET /xingrg/all/function/internal_message.html?_=1679886204797&CODE_STATE=getMsg HTTP/1.1" 200 27
180.169.147.146 - - [27/Mar/2023:11:03:24 +0800] "GET /xingrg/all/function/internal_message.html?_=1679886204062&CODE_STATE=getMsg HTTP/1.1" 200 27
101.229.22.234 - - [27/Mar/2023:11:03:26 +0800] "GET /xingrg/all/function/internal_message.html?_=1679886205700&CODE_STATE=getMsg HTTP/1.1" 200 27
222.70.168.128 - - [27/Mar/2023:11:03:28 +0800] "GET /xingrg/all/function/internal_message.html?_=1679886210261&CODE_STATE=getMsg HTTP/1.1" 200 27
124.79.240.114 - - [27/Mar/2023:11:03:31 +0800] "GET /xingrg/all/function/internal_message.html?_=1679886472001&CODE_STATE=getMsg HTTP/1.1" 200 27
116.224.106.218 - - [27/Mar/2023:11:03:32 +0800] "GET /xingrg/all/function/internal_message.html?_=1679886212050&CODE_STATE=getMsg HTTP/1.1" 200 27
222.70.168.128 - - [27/Mar/2023:11:03:32 +0800] "POST /xingrg/kc/buy/cgsh_order_operate.html HTTP/1.1" 200 37
172.20.0.100 - - [27/Mar/2023:11:03:33 +0800] "GET /xingrg/all/function/internal_message.html?_=1679886207702&CODE_STATE=getMsg HTTP/1.1" 302 -
172.20.0.100 - - [27/Mar/2023:11:03:34 +0800] "GET /xingrg/all/function/internal_message.html?_=1679886208730&CODE_STATE=getMsg HTTP/1.1" 200 27
222.70.168.128 - - [27/Mar/2023:11:03:39 +0800] "POST /xingrg/kc/buy/cgsh_order_operate.html HTTP/1.1" 200 6238
58.221.95.50 - - [27/Mar/2023:11:03:40 +0800] "GET /xingrg/all/function/internal_message.html?_=1679886220843&CODE_STATE=getMsg HTTP/1.1" 200 27
222.70.168.128 - - [27/Mar/2023:11:03:42 +0800] "GET /xingrg/kc/print/load_data.html?order_code=212023032710144&kc_code=cgsh&condition= HTTP/1.1" 200 2150
120.253.135.82 - - [27/Mar/2023:11:03:46 +0800] "GET /xingrg/all/function/internal_message.html?_=1679886357791&CODE_STATE=getMsg HTTP/1.1" 302 -
120.253.135.82 - - [27/Mar/2023:11:03:46 +0800] "GET /xingrg/login.html HTTP/1.1" 200 7641
116.224.158.100 - - [27/Mar/2023:11:03:47 +0800] "GET /xingrg/kc/buy/cgsh_order_operate.html?command=get_materiel&rest_code=00105&code=00101011008&supplier_code=00100323&order_time=2023-03-27 HTTP/1.1" 200 419
222.67.232.202 - - [27/Mar/2023:11:03:49 +0800] "GET /xingrg/check_reg.html?_=1679886229803 HTTP/1.1" 200 22
222.67.232.202 - - [27/Mar/2023:11:03:49 +0800] "GET /xingrg/all/function/internal_message.html?_=1679886229804&CODE_STATE=getMsg HTTP/1.1" 200 27
120.253.135.82 - - [27/Mar/2023:11:03:54 +0800] "GET /xingrg/all/function/internal_message.html?_=1679886066006&CODE_STATE=getMsg HTTP/1.1" 200 27
180.169.147.146 - - [27/Mar/2023:11:03:54 +0800] "GET /xingrg/check_reg.html?_=1679886233874 HTTP/1.1" 200 22
180.169.147.146 - - [27/Mar/2023:11:03:54 +0800] "GET /xingrg/all/function/internal_message.html?_=1679886233876&CODE_STATE=getMsg HTTP/1.1" 200 27
124.78.155.10 - - [27/Mar/2023:11:03:55 +0800] "GET /xingrg/all/function/internal_message.html?_=1679886237036&CODE_STATE=getMsg HTTP/1.1" 200 27
180.169.147.146 - - [27/Mar/2023:11:03:57 +0800] "GET /xingrg/all/function/internal_message.html?_=1679886237117&CODE_STATE=getMsg HTTP/1.1" 200 27
120.253.135.82 - - [27/Mar/2023:11:04:00 +0800] "GET /xingrg/all/function/internal_message.html?_=1679886240632&CODE_STATE=getMsg HTTP/1.1" 200 27
180.162.110.158 - - [27/Mar/2023:11:04:04 +0800] "GET /xingrg HTTP/1.1" 302 -
180.162.110.158 - - [27/Mar/2023:11:04:04 +0800] "GET /xingrg/ HTTP/1.1" 304 -
180.162.110.158 - - [27/Mar/2023:11:04:05 +0800] "GET /xingrg/index.html HTTP/1.1" 302 -
180.162.110.158 - - [27/Mar/2023:11:04:05 +0800] "GET /xingrg/login.html HTTP/1.1" 200 7641
180.162.110.158 - - [27/Mar/2023:11:04:05 +0800] "GET /xingrg/images/blue/jxLogo.png HTTP/1.1" 304 -
180.162.110.158 - - [27/Mar/2023:11:04:05 +0800] "GET /xingrg/images/blue/login_bg.png HTTP/1.1" 304 -
180.162.110.158 - - [27/Mar/2023:11:04:05 +0800] "GET /xingrg/images/blue/hj.png HTTP/1.1" 304 -
180.162.110.158 - - [27/Mar/2023:11:04:05 +0800] "GET /xingrg/images/blue/srbg.png HTTP/1.1" 304 -
180.162.110.158 - - [27/Mar/2023:11:04:06 +0800] "GET /favicon.ico HTTP/1.1" 404 -
116.224.158.100 - - [27/Mar/2023:11:04:08 +0800] "GET /xingrg/kc/buy/cgsh_order_operate.html?command=get_materiel&rest_code=00105&code=00101020019&supplier_code=00100323&order_time=2023-03-27 HTTP/1.1" 200 426
180.164.3.199 - - [27/Mar/2023:11:04:09 +0800] "GET /xingrg/all/function/internal_message.html?_=1679886249953&CODE_STATE=getMsg HTTP/1.1" 200 27
180.164.3.199 - - [27/Mar/2023:11:04:09 +0800] "GET /xingrg/check_reg.html?_=1679886249956 HTTP/1.1" 200 22
222.70.168.128 - - [27/Mar/2023:11:04:11 +0800] "GET /xingrg/kc/buy/cgsh_order_add.html HTTP/1.1" 200 69961
222.70.168.128 - - [27/Mar/2023:11:04:12 +0800] "POST /xingrg/kc/buy/cgsh_order_operate.html HTTP/1.1" 200 8245
222.70.168.128 - - [27/Mar/2023:11:04:12 +0800] "GET /xingrg/javascript/easyui/themes/default/validatebox.css HTTP/1.1" 404 1104
116.238.139.35 - - [27/Mar/2023:11:04:14 +0800] "GET /xingrg/all/function/internal_message.html?_=1679886255729&CODE_STATE=getMsg HTTP/1.1" 200 27
222.70.221.209 - - [27/Mar/2023:11:04:14 +0800] "GET /xingrg/check_reg.html?_=1679886352650 HTTP/1.1" 200 22
222.70.221.209 - - [27/Mar/2023:11:04:14 +0800] "GET /xingrg/all/function/internal_message.html?_=1679886352656&CODE_STATE=getMsg HTTP/1.1" 200 27
116.192.124.172 - - [27/Mar/2023:11:04:16 +0800] "GET /xingrg/all/function/internal_message.html?_=1679886256678&CODE_STATE=getMsg HTTP/1.1" 200 27
58.221.95.50 - - [27/Mar/2023:11:04:17 +0800] "GET /xingrg/check_reg.html?_=1679886257982 HTTP/1.1" 200 22
222.67.232.202 - - [27/Mar/2023:11:04:17 +0800] "GET /xingrg/all/function/internal_message.html?_=1679885802379&CODE_STATE=getMsg HTTP/1.1" 200 27
116.224.158.100 - - [27/Mar/2023:11:04:21 +0800] "POST /xingrg/kc/buy/cgsh_order_operate.html HTTP/1.1" 200 37
116.224.158.100 - - [27/Mar/2023:11:04:23 +0800] "POST /xingrg/kc/buy/cgsh_order_operate.html HTTP/1.1" 200 4461
116.224.158.100 - - [27/Mar/2023:11:04:24 +0800] "GET /xingrg/check_reg.html?_=1679886265839 HTTP/1.1" 200 22
180.169.147.146 - - [27/Mar/2023:11:04:24 +0800] "GET /xingrg/all/function/internal_message.html?_=1679886264052&CODE_STATE=getMsg HTTP/1.1" 200 27
180.162.110.158 - - [27/Mar/2023:11:04:24 +0800] "POST /xingrg/login.do HTTP/1.1" 302 -
180.162.110.158 - - [27/Mar/2023:11:04:24 +0800] "GET /xingrg/index.html?sysBaseUrl=http%3A%2F%2F180.169.147.146%3A18081%2Fxingrg%2F&costTime=776×tamp=1679886264568 HTTP/1.1" 200 17179
180.162.110.158 - - [27/Mar/2023:11:04:24 +0800] "GET /xingrg/javascript/jquery_easy_ui/themes/default/easyui.css HTTP/1.1" 304 -
180.162.110.158 - - [27/Mar/2023:11:04:24 +0800] "GET /xingrg/javascript/jquery_easy_ui/themes/icon.css HTTP/1.1" 304 -
180.162.110.158 - - [27/Mar/2023:11:04:24 +0800] "GET /xingrg/css/form.css HTTP/1.1" 304 -
180.162.110.158 - - [27/Mar/2023:11:04:24 +0800] "GET /xingrg/javascript/jquery-1.4.2.min.js HTTP/1.1" 304 -
180.162.110.158 - - [27/Mar/2023:11:04:24 +0800] "GET /xingrg/javascript/jquery.form.js HTTP/1.1" 304 -
180.162.110.158 - - [27/Mar/2023:11:04:24 +0800] "GET /xingrg/javascript/jquery.utils.js HTTP/1.1" 304 -
180.162.110.158 - - [27/Mar/2023:11:04:24 +0800] "GET /xingrg/javascript/jquery_easy_ui/jquery.easyui.min.js HTTP/1.1" 304 -
180.162.110.158 - - [27/Mar/2023:11:04:24 +0800] "GET /xingrg/javascript/jquery.timers.js HTTP/1.1" 304 -
180.162.110.158 - - [27/Mar/2023:11:04:24 +0800] "GET /xingrg/javascript/jquery_easy_ui/easyui-lang-zh_CN.js HTTP/1.1" 304 -
180.162.110.158 - - [27/Mar/2023:11:04:24 +0800] "GET /favicon.ico HTTP/1.1" 404 -
180.162.110.158 - - [27/Mar/2023:11:04:25 +0800] "GET /xingrg/javascript/jquery_easy_ui/themes/icons/settle_new.png HTTP/1.1" 304 -
180.162.110.158 - - [27/Mar/2023:11:04:25 +0800] "GET /xingrg/images/blue/navBackgound.jpg HTTP/1.1" 304 -
180.162.110.158 - - [27/Mar/2023:11:04:25 +0800] "GET /xingrg/all/function/internal_message.html?_=1679885160485&CODE_STATE=count HTTP/1.1" 200 11
180.162.110.158 - - [27/Mar/2023:11:04:25 +0800] "GET /xingrg/images/blue/pingpu.png HTTP/1.1" 304 -
180.162.110.158 - - [27/Mar/2023:11:04:25 +0800] "GET /xingrg/check_reg.html?_=1679885160486 HTTP/1.1" 200 22
180.162.110.158 - - [27/Mar/2023:11:04:25 +0800] "GET /xingrg/javascript/jquery_easy_ui/themes/default/images/tabs_leftarrow.png HTTP/1.1" 304 -
180.162.110.158 - - [27/Mar/2023:11:04:25 +0800] "GET /xingrg/javascript/jquery_easy_ui/themes/default/images/tabs_rightarrow.png HTTP/1.1" 304 -
180.162.110.158 - - [27/Mar/2023:11:04:25 +0800] "GET /xingrg/javascript/jquery_easy_ui/themes/default/images/panel_tool_collapse.gif HTTP/1.1" 304 -
180.162.110.158 - - [27/Mar/2023:11:04:25 +0800] "POST /xingrg/all/common/load_tree.html?tree=area_rest_tree_json&manage=1 HTTP/1.1" 200 351
180.162.110.158 - - [27/Mar/2023:11:04:25 +0800] "POST /xingrg/load_menu.html HTTP/1.1" 200 5138
180.162.110.158 - - [27/Mar/2023:11:04:25 +0800] "GET /xingrg/javascript/jquery_easy_ui/themes/default/images/tree_arrows.gif HTTP/1.1" 304 -
180.162.110.158 - - [27/Mar/2023:11:04:25 +0800] "GET /xingrg/javascript/jquery_easy_ui/themes/default/images/tree_folder_open.gif HTTP/1.1" 304 -
180.162.110.158 - - [27/Mar/2023:11:04:25 +0800] "GET /xingrg/javascript/jquery_easy_ui/themes/icons/search_new.png HTTP/1.1" 304 -
180.162.110.158 - - [27/Mar/2023:11:04:25 +0800] "GET /xingrg/javascript/jquery_easy_ui/themes/default/images/tree_folder.gif HTTP/1.1" 304 -
180.162.110.158 - - [27/Mar/2023:11:04:25 +0800] "GET /xingrg/javascript/jquery_easy_ui/themes/icons/storage_new.png HTTP/1.1" 304 -
180.162.110.158 - - [27/Mar/2023:11:04:25 +0800] "GET /xingrg/javascript/jquery_easy_ui/themes/icons/forms_new.png HTTP/1.1" 304 -
180.162.110.158 - - [27/Mar/2023:11:04:25 +0800] "GET /xingrg/javascript/jquery_easy_ui/themes/default/images/tree_file.gif HTTP/1.1" 304 -
116.224.158.100 - - [27/Mar/2023:11:04:25 +0800] "GET /xingrg/kc/print/load_data.html?order_code=212023032710145&kc_code=cgsh&condition= HTTP/1.1" 200 1369
180.169.147.146 - - [27/Mar/2023:11:04:25 +0800] "POST /xingrg/kc/buy/cgsh_list_operate.html HTTP/1.1" 200 566
101.229.22.234 - - [27/Mar/2023:11:04:26 +0800] "GET /xingrg/check_reg.html?_=1679886265032 HTTP/1.1" 200 22
101.229.22.234 - - [27/Mar/2023:11:04:26 +0800] "GET /xingrg/all/function/internal_message.html?_=1679886265673&CODE_STATE=getMsg HTTP/1.1" 200 27
180.169.147.146 - - [27/Mar/2023:11:04:27 +0800] "GET /xingrg/kc/buy/cgsh_order_info.html?code=212023032610005 HTTP/1.1" 200 69973
180.169.147.146 - - [27/Mar/2023:11:04:27 +0800] "GET /xingrg/javascript/easyui/themes/default/validatebox.css HTTP/1.1" 404 1104
180.169.147.146 - - [27/Mar/2023:11:04:27 +0800] "GET /xingrg/all/common/auto_word.html?type=employee&rest_code=00147 HTTP/1.1" 200 101
180.162.110.158 - - [27/Mar/2023:11:04:27 +0800] "GET /xingrg/kc/buy/buy_main.html HTTP/1.1" 200 12412
180.162.110.158 - - [27/Mar/2023:11:04:27 +0800] "GET /xingrg/javascript/jquery_easy_ui/themes/default/images/tabs_close.gif HTTP/1.1" 304 -
180.162.110.158 - - [27/Mar/2023:11:04:27 +0800] "GET /xingrg/css/blue.css HTTP/1.1" 304 -
180.162.110.158 - - [27/Mar/2023:11:04:27 +0800] "GET /xingrg/css/new_ie.css HTTP/1.1" 404 1036
180.162.110.158 - - [27/Mar/2023:11:04:27 +0800] "GET /xingrg/javascript/jquery_ui/themes/humanity/humanity.css HTTP/1.1" 304 -
180.169.147.146 - - [27/Mar/2023:11:04:27 +0800] "GET /xingrg/all/common/auto_word.html?type=employee&rest_code=00147 HTTP/1.1" 200 101
180.162.110.158 - - [27/Mar/2023:11:04:27 +0800] "GET /xingrg/javascript/pic_change.js HTTP/1.1" 304 -
180.162.110.158 - - [27/Mar/2023:11:04:27 +0800] "GET /xingrg/javascript/ToolTips.js HTTP/1.1" 304 -
180.162.110.158 - - [27/Mar/2023:11:04:27 +0800] "GET /xingrg/javascript/myfunction.js HTTP/1.1" 304 -
180.162.110.158 - - [27/Mar/2023:11:04:27 +0800] "GET /xingrg/javascript/jquery_ui/jquery-ui.min.js HTTP/1.1" 304 -
180.162.110.158 - - [27/Mar/2023:11:04:27 +0800] "GET /xingrg/images/blue/button/cgydd.gif HTTP/1.1" 304 -
180.162.110.158 - - [27/Mar/2023:11:04:27 +0800] "GET /xingrg/images/blue/button/cgxqd.gif HTTP/1.1" 304 -
180.162.110.158 - - [27/Mar/2023:11:04:27 +0800] "GET /xingrg/images/blue/button/cgshd.gif HTTP/1.1" 304 -
180.162.110.158 - - [27/Mar/2023:11:04:27 +0800] "GET /xingrg/images/blue/button/ckthd.gif HTTP/1.1" 304 -
180.162.110.158 - - [27/Mar/2023:11:04:27 +0800] "GET /xingrg/images/blue/button/cgfkd.gif HTTP/1.1" 304 -
180.162.110.158 - - [27/Mar/2023:11:04:27 +0800] "GET /xingrg/images/blue/pic_form2.gif HTTP/1.1" 304 -
180.162.110.158 - - [27/Mar/2023:11:04:27 +0800] "GET /xingrg/images/blue/button/kc.gif HTTP/1.1" 304 -
180.162.110.158 - - [27/Mar/2023:11:04:27 +0800] "GET /xingrg/javascript/jquery_ui/themes/humanity/images/ui-bg_inset-soft_100_f4f0ec_1x100.png HTTP/1.1" 304 -
180.162.110.158 - - [27/Mar/2023:11:04:27 +0800] "GET /xingrg/images/blue/bg_dotted.jpg HTTP/1.1" 304 -
180.162.110.158 - - [27/Mar/2023:11:04:27 +0800] "GET /xingrg/images/blue/button/right_ah.jpg HTTP/1.1" 304 -
180.162.110.158 - - [27/Mar/2023:11:04:27 +0800] "GET /xingrg/images/blue/button/down_ah.jpg HTTP/1.1" 304 -
180.162.110.158 - - [27/Mar/2023:11:04:27 +0800] "GET /xingrg/javascript/jquery_ui/themes/humanity/images/ui-iconsnew.jpg HTTP/1.1" 304 -
180.162.110.158 - - [27/Mar/2023:11:04:27 +0800] "GET /xingrg/javascript/jquery_ui/themes/humanity/images/ui-icons_ffffff_256x240.png HTTP/1.1" 304 -
180.162.110.158 - - [27/Mar/2023:11:04:27 +0800] "GET /xingrg/javascript/jquery_ui/themes/humanity/images/ui-icons_c47a23_256x240.png HTTP/1.1" 304 -
180.162.110.158 - - [27/Mar/2023:11:04:27 +0800] "GET /xingrg/javascript/jquery_ui/themes/humanity/images/ui-bg_glass_70_ede4d4_1x400.png HTTP/1.1" 304 -
180.169.147.146 - - [27/Mar/2023:11:04:28 +0800] "POST /xingrg/kc/buy/cgsh_order_operate.html HTTP/1.1" 200 20401
180.162.110.158 - - [27/Mar/2023:11:04:28 +0800] "GET /xingrg/images/yd/bt.gif HTTP/1.1" 404 1040
222.70.168.128 - - [27/Mar/2023:11:04:28 +0800] "GET /xingrg/all/function/internal_message.html?_=1679886270276&CODE_STATE=getMsg HTTP/1.1" 200 27
180.162.110.158 - - [27/Mar/2023:11:04:29 +0800] "GET /xingrg/kc/buy/cgsh_order_list.html HTTP/1.1" 200 54185
180.162.110.158 - - [27/Mar/2023:11:04:29 +0800] "GET /xingrg/css/base.css HTTP/1.1" 304 -
180.162.110.158 - - [27/Mar/2023:11:04:29 +0800] "GET /xingrg/css/site.css HTTP/1.1" 304 -
180.162.110.158 - - [27/Mar/2023:11:04:29 +0800] "GET /xingrg/javascript/jquery_tools/datebox.css HTTP/1.1" 304 -
180.162.110.158 - - [27/Mar/2023:11:04:29 +0800] "GET /xingrg/javascript/easyui/themes/default/easyui.css HTTP/1.1" 304 -
180.162.110.158 - - [27/Mar/2023:11:04:29 +0800] "GET /xingrg/javascript/easyui/themes/icon.css HTTP/1.1" 304 -
180.162.110.158 - - [27/Mar/2023:11:04:29 +0800] "GET /xingrg/javascript/auto/jquery.autocomplete.css HTTP/1.1" 304 -
180.162.110.158 - - [27/Mar/2023:11:04:29 +0800] "GET /xingrg/javascript/jquery_tools/fix.css HTTP/1.1" 304 -
180.162.110.158 - - [27/Mar/2023:11:04:29 +0800] "GET /xingrg/javascript/jquery_tools/table.css HTTP/1.1" 304 -
180.162.110.158 - - [27/Mar/2023:11:04:29 +0800] "GET /xingrg/javascript/jquery_tools/jquery.tools.min.js HTTP/1.1" 304 -
180.162.110.158 - - [27/Mar/2023:11:04:29 +0800] "GET /xingrg/javascript/jquery_tools/jquery.tools.extend.js HTTP/1.1" 304 -
180.162.110.158 - - [27/Mar/2023:11:04:29 +0800] "GET /xingrg/javascript/jquery_tools/jquery.tools.hotkey.js HTTP/1.1" 304 -
180.162.110.158 - - [27/Mar/2023:11:04:29 +0800] "GET /xingrg/javascript/jquery_tools/jquery.tools.table.js HTTP/1.1" 304 -
180.162.110.158 - - [27/Mar/2023:11:04:29 +0800] "GET /xingrg/javascript/jquery_tools/list_manager.js HTTP/1.1" 304 -
180.162.110.158 - - [27/Mar/2023:11:04:29 +0800] "GET /xingrg/javascript/auto/jquery.autocomplete.js HTTP/1.1" 304 -
180.162.110.158 - - [27/Mar/2023:11:04:29 +0800] "GET /xingrg/javascript/easyui/easyloader.js HTTP/1.1" 304 -
180.162.110.158 - - [27/Mar/2023:11:04:29 +0800] "GET /xingrg/javascript/jquery.cookie.js HTTP/1.1" 304 -
180.162.110.158 - - [27/Mar/2023:11:04:29 +0800] "GET /xingrg/javascript/print/LodopFuncs.js HTTP/1.1" 304 -
222.70.182.87 - - [27/Mar/2023:11:04:29 +0800] "GET /xingrg/login.html HTTP/1.1" 200 7641
180.162.110.158 - - [27/Mar/2023:11:04:29 +0800] "GET /xingrg/javascript/easyui/themes/icons/field_new.png HTTP/1.1" 304 -
180.162.110.158 - - [27/Mar/2023:11:04:29 +0800] "GET /xingrg/javascript/easyui/themes/icons/check_new.png HTTP/1.1" 304 -
180.162.110.158 - - [27/Mar/2023:11:04:29 +0800] "GET /xingrg/javascript/easyui/themes/icons/cance_new.png HTTP/1.1" 304 -
180.162.110.158 - - [27/Mar/2023:11:04:29 +0800] "GET /xingrg/javascript/easyui/themes/icons/edit_add_new.png HTTP/1.1" 304 -
180.162.110.158 - - [27/Mar/2023:11:04:29 +0800] "GET /xingrg/javascript/easyui/themes/icons/import_new.png HTTP/1.1" 304 -
180.162.110.158 - - [27/Mar/2023:11:04:29 +0800] "GET /xingrg/javascript/easyui/plugins/jquery.parser.js HTTP/1.1" 304 -
180.162.110.158 - - [27/Mar/2023:11:04:29 +0800] "GET /xingrg/images/control/ajaxLoader.gif HTTP/1.1" 304 -
222.70.182.87 - - [27/Mar/2023:11:04:30 +0800] "GET /favicon.ico HTTP/1.1" 404 -
180.169.147.146 - - [27/Mar/2023:11:04:30 +0800] "GET /xingrg/javascript/auto/indicator.gif HTTP/1.1" 404 1066
180.162.110.158 - - [27/Mar/2023:11:04:31 +0800] "GET /xingrg/javascript/jquery_easy_ui/themes/default/images/tabs_active.png HTTP/1.1" 304 -
124.79.240.114 - - [27/Mar/2023:11:04:31 +0800] "GET /xingrg/check_reg.html?_=1679886532000 HTTP/1.1" 200 22
124.79.240.114 - - [27/Mar/2023:11:04:31 +0800] "GET /xingrg/all/function/internal_message.html?_=1679886531999&CODE_STATE=getMsg HTTP/1.1" 200 27
222.70.182.87 - - [27/Mar/2023:11:04:32 +0800] "POST /xingrg/login.do HTTP/1.1" 302 -
222.70.182.87 - - [27/Mar/2023:11:04:32 +0800] "GET /xingrg/index.html?sysBaseUrl=http%3A%2F%2F180.169.147.146%3A18081%2Fxingrg%2F&costTime=778×tamp=1679886272132 HTTP/1.1" 200 17173
116.224.106.218 - - [27/Mar/2023:11:04:32 +0800] "GET /xingrg/all/function/internal_message.html?_=1679886272036&CODE_STATE=getMsg HTTP/1.1" 200 27
222.70.182.87 - - [27/Mar/2023:11:04:32 +0800] "GET /favicon.ico HTTP/1.1" 404 -
222.70.182.87 - - [27/Mar/2023:11:04:32 +0800] "GET /xingrg/check_reg.html?_=1679886272397 HTTP/1.1" 200 22
222.70.182.87 - - [27/Mar/2023:11:04:32 +0800] "GET /xingrg/all/function/internal_message.html?_=1679886272396&CODE_STATE=count HTTP/1.1" 200 11
180.162.110.158 - - [27/Mar/2023:11:04:32 +0800] "POST /xingrg/kc/buy/cgsh_list_operate.html HTTP/1.1" 200 1875
222.70.182.87 - - [27/Mar/2023:11:04:32 +0800] "POST /xingrg/load_menu.html HTTP/1.1" 200 5138
172.20.0.100 - - [27/Mar/2023:11:04:33 +0800] "GET /xingrg/all/function/internal_message.html?_=1679886267709&CODE_STATE=getMsg HTTP/1.1" 302 -
172.20.0.100 - - [27/Mar/2023:11:04:33 +0800] "GET /xingrg/check_reg.html?_=1679886267711 HTTP/1.1" 302 -
222.70.182.87 - - [27/Mar/2023:11:04:33 +0800] "POST /xingrg/all/common/load_tree.html?tree=area_rest_tree_json&manage=1 HTTP/1.1" 200 342
116.224.158.100 - - [27/Mar/2023:11:04:33 +0800] "GET /xingrg/kc/buy/cgsh_order_add.html HTTP/1.1" 200 70043
116.224.158.100 - - [27/Mar/2023:11:04:33 +0800] "POST /xingrg/kc/buy/cgsh_order_operate.html HTTP/1.1" 200 8245
116.224.158.100 - - [27/Mar/2023:11:04:33 +0800] "GET /xingrg/javascript/easyui/themes/default/validatebox.css HTTP/1.1" 404 1104
180.162.110.158 - - [27/Mar/2023:11:04:34 +0800] "GET /xingrg/kc/mdqp/qp_main.html HTTP/1.1" 200 10633
180.162.110.158 - - [27/Mar/2023:11:04:34 +0800] "GET /xingrg/images/blue/button/qqpsd.gif HTTP/1.1" 304 -
180.162.110.158 - - [27/Mar/2023:11:04:34 +0800] "GET /xingrg/images/blue/button/pszx.gif HTTP/1.1" 304 -
180.162.110.158 - - [27/Mar/2023:11:04:34 +0800] "GET /xingrg/images/blue/button/psshd.gif HTTP/1.1" 304 -
180.162.110.158 - - [27/Mar/2023:11:04:34 +0800] "GET /xingrg/images/yd/bt.gif HTTP/1.1" 404 1040
172.20.0.100 - - [27/Mar/2023:11:04:35 +0800] "GET /xingrg/all/function/internal_message.html?_=1679886269730&CODE_STATE=getMsg HTTP/1.1" 200 27
180.162.110.158 - - [27/Mar/2023:11:04:36 +0800] "GET /xingrg/kc/mdqp/qqps_order_list.html HTTP/1.1" 200 9644
180.162.110.158 - - [27/Mar/2023:11:04:36 +0800] "GET /xingrg/dwr/interface/AjaxReportQueryService.js HTTP/1.1" 200 13203
180.162.110.158 - - [27/Mar/2023:11:04:36 +0800] "GET /xingrg/dwr/util.js HTTP/1.1" 200 35990
180.162.110.158 - - [27/Mar/2023:11:04:36 +0800] "GET /xingrg/dwr/engine.js HTTP/1.1" 200 43631
180.162.110.158 - - [27/Mar/2023:11:04:36 +0800] "GET /xingrg/javascript/Calendar.js HTTP/1.1" 304 -
180.162.110.158 - - [27/Mar/2023:11:04:36 +0800] "GET /xingrg/dwr/interface/AjaxQqpsService.js HTTP/1.1" 200 16326
180.162.110.158 - - [27/Mar/2023:11:04:36 +0800] "GET /xingrg/javascript/jquery_easy_ui/themes/icons/cance_new.png HTTP/1.1" 304 -
180.162.110.158 - - [27/Mar/2023:11:04:36 +0800] "GET /xingrg/javascript/jquery_easy_ui/themes/icons/uncheck_new.png HTTP/1.1" 304 -
180.162.110.158 - - [27/Mar/2023:11:04:36 +0800] "GET /xingrg/javascript/jquery_easy_ui/themes/icons/check_new.png HTTP/1.1" 304 -
180.162.110.158 - - [27/Mar/2023:11:04:36 +0800] "GET /xingrg/javascript/jquery_easy_ui/themes/icons/edit_add_new.png HTTP/1.1" 304 -
222.70.168.128 - - [27/Mar/2023:11:04:36 +0800] "GET /xingrg/kc/buy/cgsh_order_operate.html?command=get_materiel&rest_code=00146&code=00101002027&supplier_code=00100199&order_time=2023-03-27 HTTP/1.1" 200 413
222.70.182.87 - - [27/Mar/2023:11:04:37 +0800] "GET /xingrg/kc/base/wldb_order_list.html HTTP/1.1" 200 19098
180.162.110.158 - - [27/Mar/2023:11:04:38 +0800] "GET /xingrg/kc/mdqp/qqps_order_info.html?code=302023032500468 HTTP/1.1" 200 26324
180.162.110.158 - - [27/Mar/2023:11:04:38 +0800] "GET /xingrg/javascript/tools/jquery.qtip-1.0.0-rc3.min.js HTTP/1.1" 304 -
180.162.110.158 - - [27/Mar/2023:11:04:38 +0800] "GET /xingrg/dwr/interface/AjaxComOrderService.js HTTP/1.1" 200 18264
180.162.110.158 - - [27/Mar/2023:11:04:38 +0800] "GET /xingrg/dwr/interface/AjaxQqpsService.js HTTP/1.1" 200 16326
180.162.110.158 - - [27/Mar/2023:11:04:38 +0800] "GET /xingrg/dwr/engine.js HTTP/1.1" 200 43631
180.162.110.158 - - [27/Mar/2023:11:04:38 +0800] "GET /xingrg/javascript/AjaxInfoList.js HTTP/1.1" 304 -
180.162.110.158 - - [27/Mar/2023:11:04:38 +0800] "GET /xingrg/javascript/Grid.js HTTP/1.1" 304 -
180.162.110.158 - - [27/Mar/2023:11:04:38 +0800] "GET /xingrg/javascript/print/kc_print.js HTTP/1.1" 304 -
180.162.110.158 - - [27/Mar/2023:11:04:38 +0800] "GET /xingrg/words/20230326163725_words.js HTTP/1.1" 200 957867
180.162.110.158 - - [27/Mar/2023:11:04:38 +0800] "GET /xingrg/javascript/jquery_easy_ui/themes/icons/print.png HTTP/1.1" 304 -
180.162.110.158 - - [27/Mar/2023:11:04:38 +0800] "GET /xingrg/javascript/jquery_easy_ui/themes/icons/ok.png HTTP/1.1" 304 -
180.162.110.158 - - [27/Mar/2023:11:04:38 +0800] "GET /xingrg/javascript/jquery_easy_ui/themes/icons/copy_new.png HTTP/1.1" 304 -
180.162.110.158 - - [27/Mar/2023:11:04:38 +0800] "GET /xingrg/javascript/jquery_easy_ui/themes/icons/template_new.png HTTP/1.1" 304 -
180.162.110.158 - - [27/Mar/2023:11:04:38 +0800] "GET /xingrg/javascript/jquery_easy_ui/themes/default/images/menu_downarrow.png HTTP/1.1" 304 -
180.162.110.158 - - [27/Mar/2023:11:04:38 +0800] "GET /xingrg/javascript/jquery_easy_ui/themes/icons/back_new.png HTTP/1.1" 304 -
222.70.182.87 - - [27/Mar/2023:11:04:38 +0800] "POST /xingrg/kc/base/wldb_list_operate.html HTTP/1.1" 200 3346
180.162.110.158 - - [27/Mar/2023:11:04:38 +0800] "GET /xingrg/images/blue/button/kc_tab_add.gif HTTP/1.1" 304 -
180.162.110.158 - - [27/Mar/2023:11:04:38 +0800] "GET /xingrg/images/blue/button/kc_tab_edit.gif HTTP/1.1" 304 -
180.162.110.158 - - [27/Mar/2023:11:04:38 +0800] "GET /xingrg/images/blue/button/kc_tab_save.gif HTTP/1.1" 304 -
180.162.110.158 - - [27/Mar/2023:11:04:38 +0800] "GET /xingrg/images/blue/button/kc_tab_del.gif HTTP/1.1" 304 -
180.162.110.158 - - [27/Mar/2023:11:04:38 +0800] "GET /xingrg/images/blue/wait.gif HTTP/1.1" 304 -
180.162.110.158 - - [27/Mar/2023:11:04:38 +0800] "GET /xingrg/javascript/jquery_easy_ui/themes/default/images/combo_arrow_dot.gif HTTP/1.1" 304 -
180.162.110.158 - - [27/Mar/2023:11:04:38 +0800] "GET /xingrg/images/blue/kc_tab_left.gif HTTP/1.1" 304 -
180.162.110.158 - - [27/Mar/2023:11:04:38 +0800] "GET /xingrg/images/blue/kc_tab_mid.gif HTTP/1.1" 304 -
180.162.110.158 - - [27/Mar/2023:11:04:38 +0800] "GET /xingrg/images/blue/kc_tab_right.gif HTTP/1.1" 304 -
180.162.110.158 - - [27/Mar/2023:11:04:38 +0800] "GET /xingrg/images/blue/kc_tab2_left.gif HTTP/1.1" 304 -
180.162.110.158 - - [27/Mar/2023:11:04:38 +0800] "GET /xingrg/images/blue/kc_tab2_right.gif HTTP/1.1" 304 -
180.162.110.158 - - [27/Mar/2023:11:04:38 +0800] "POST /xingrg/dwr/call/plaincall/AjaxQqpsService.loadMaterielItems.dwr HTTP/1.1" 200 4591
58.221.95.50 - - [27/Mar/2023:11:04:40 +0800] "GET /xingrg/all/function/internal_message.html?_=1679886280842&CODE_STATE=getMsg HTTP/1.1" 200 27
116.224.158.100 - - [27/Mar/2023:11:04:45 +0800] "GET /xingrg/kc/buy/cgsh_order_operate.html?command=get_materiel&rest_code=00105&code=00101010646&supplier_code=00100325&order_time=2023-03-27 HTTP/1.1" 200 422
222.70.182.87 - - [27/Mar/2023:11:04:45 +0800] "POST /xingrg/kc/base/wldb_list_operate.html HTTP/1.1" 200 610
120.253.135.82 - - [27/Mar/2023:11:04:46 +0800] "GET /xingrg/all/function/internal_message.html?_=1679886417779&CODE_STATE=getMsg HTTP/1.1" 302 -
120.253.135.82 - - [27/Mar/2023:11:04:46 +0800] "GET /xingrg/login.html HTTP/1.1" 200 7641
180.162.110.158 - - [27/Mar/2023:11:04:46 +0800] "POST /xingrg/dwr/call/plaincall/AjaxQqpsService.saveOrder.dwr HTTP/1.1" 200 78
222.70.182.87 - - [27/Mar/2023:11:04:46 +0800] "GET /xingrg/kc/base/wldb_order_info.html?code=422023032702228 HTTP/1.1" 200 30398
222.70.182.87 - - [27/Mar/2023:11:04:46 +0800] "GET /xingrg/javascript/easyui/themes/default/validatebox.css HTTP/1.1" 404 1104
222.70.182.87 - - [27/Mar/2023:11:04:46 +0800] "GET /xingrg/all/common/auto_word.html?type=base&rest_code=00111 HTTP/1.1" 200 1753
222.70.182.87 - - [27/Mar/2023:11:04:47 +0800] "GET /xingrg/all/common/auto_word.html?type=base&rest_code=00111 HTTP/1.1" 200 1753
222.70.182.87 - - [27/Mar/2023:11:04:47 +0800] "POST /xingrg/kc/base/wldb_order_operate.html HTTP/1.1" 200 6614
222.67.232.202 - - [27/Mar/2023:11:04:49 +0800] "GET /xingrg/all/function/internal_message.html?_=1679886289803&CODE_STATE=getMsg HTTP/1.1" 200 27
180.162.110.158 - - [27/Mar/2023:11:04:52 +0800] "GET /xingrg/javascript/auto/indicator.gif HTTP/1.1" 404 1066
116.224.158.100 - - [27/Mar/2023:11:04:53 +0800] "POST /xingrg/kc/buy/cgsh_order_operate.html HTTP/1.1" 200 37
172.20.0.100 - - [27/Mar/2023:11:04:53 +0800] "GET /xingrg/check_reg.html?_=1679886294761 HTTP/1.1" 302 -
222.70.168.128 - - [27/Mar/2023:11:04:54 +0800] "GET /xingrg/kc/buy/cgsh_order_operate.html?command=get_materiel&rest_code=00146&code=00101002007&supplier_code=00100199&order_time=2023-03-27 HTTP/1.1" 200 411
120.253.135.82 - - [27/Mar/2023:11:04:54 +0800] "GET /xingrg/check_reg.html?_=1679886125842 HTTP/1.1" 200 22
120.253.135.82 - - [27/Mar/2023:11:04:54 +0800] "GET /xingrg/all/function/internal_message.html?_=1679886126019&CODE_STATE=getMsg HTTP/1.1" 200 27
180.169.147.146 - - [27/Mar/2023:11:04:54 +0800] "GET /xingrg/all/function/internal_message.html?_=1679886293874&CODE_STATE=getMsg HTTP/1.1" 200 27
116.224.158.100 - - [27/Mar/2023:11:04:54 +0800] "POST /xingrg/kc/buy/cgsh_order_operate.html HTTP/1.1" 200 2666
180.163.28.114 - - [27/Mar/2023:11:04:55 +0800] "GET /xingrg/all/function/internal_message.html?_=1679886237036&CODE_STATE=getMsg HTTP/1.1" 302 -
180.163.28.114 - - [27/Mar/2023:11:04:55 +0800] "GET /xingrg/login.html HTTP/1.1" 200 7641
124.78.155.10 - - [27/Mar/2023:11:04:55 +0800] "GET /xingrg/all/function/internal_message.html?_=1679886297037&CODE_STATE=getMsg HTTP/1.1" 200 27
180.162.110.158 - - [27/Mar/2023:11:04:55 +0800] "POST /xingrg/dwr/call/plaincall/AjaxQqpsService.getMaterielByCode.dwr HTTP/1.1" 200 1516
116.224.158.100 - - [27/Mar/2023:11:04:56 +0800] "GET /xingrg/kc/print/load_data.html?order_code=212023032710146&kc_code=cgsh&condition= HTTP/1.1" 200 685
222.70.182.87 - - [27/Mar/2023:11:04:56 +0800] "GET /xingrg/javascript/auto/indicator.gif HTTP/1.1" 404 1066
180.169.147.146 - - [27/Mar/2023:11:04:57 +0800] "GET /xingrg/all/function/internal_message.html?_=1679886297128&CODE_STATE=getMsg HTTP/1.1" 200 27
222.70.182.87 - - [27/Mar/2023:11:04:59 +0800] "GET /xingrg/kc/base/wldb_order_operate.html?command=get_materiel&rest_code=00111&base_code=0010306&code=00102002586 HTTP/1.1" 200 438
180.162.110.158 - - [27/Mar/2023:11:04:59 +0800] "GET /xingrg/images/yd/bt2.gif HTTP/1.1" 404 1042
120.253.135.82 - - [27/Mar/2023:11:05:00 +0800] "GET /xingrg/check_reg.html?_=1679886300620 HTTP/1.1" 200 22
120.253.135.82 - - [27/Mar/2023:11:05:00 +0800] "GET /xingrg/all/function/internal_message.html?_=1679886300621&CODE_STATE=getMsg HTTP/1.1" 200 27
180.162.110.158 - - [27/Mar/2023:11:05:01 +0800] "POST /xingrg/dwr/call/plaincall/AjaxQqpsService.saveMaterielItem.dwr HTTP/1.1" 200 78
180.169.147.146 - - [27/Mar/2023:11:05:08 +0800] "POST /xingrg/kc/buy/cgsh_order_operate.html HTTP/1.1" 200 37
180.164.3.199 - - [27/Mar/2023:11:05:09 +0800] "GET /xingrg/all/function/internal_message.html?_=1679886309946&CODE_STATE=getMsg HTTP/1.1" 200 27
222.70.168.128 - - [27/Mar/2023:11:05:10 +0800] "GET /xingrg/kc/buy/cgsh_order_operate.html?command=get_materiel&rest_code=00146&code=00101002041&supplier_code=00100199&order_time=2023-03-27 HTTP/1.1" 200 409
116.238.139.35 - - [27/Mar/2023:11:05:14 +0800] "GET /xingrg/all/function/internal_message.html?_=1679886315731&CODE_STATE=getMsg HTTP/1.1" 200 27
222.70.221.209 - - [27/Mar/2023:11:05:14 +0800] "GET /xingrg/all/function/internal_message.html?_=1679886412654&CODE_STATE=getMsg HTTP/1.1" 200 27
116.192.124.172 - - [27/Mar/2023:11:05:16 +0800] "GET /xingrg/all/function/internal_message.html?_=1679886316666&CODE_STATE=getMsg HTTP/1.1" 200 27
222.67.232.202 - - [27/Mar/2023:11:05:17 +0800] "GET /xingrg/all/function/internal_message.html?_=1679885862384&CODE_STATE=getMsg HTTP/1.1" 200 27
222.67.232.202 - - [27/Mar/2023:11:05:17 +0800] "GET /xingrg/check_reg.html?_=1679885862385 HTTP/1.1" 200 22
116.224.158.100 - - [27/Mar/2023:11:05:23 +0800] "GET /xingrg/all/function/internal_message.html?_=1679886324801&CODE_STATE=getMsg HTTP/1.1" 200 27
180.169.147.146 - - [27/Mar/2023:11:05:24 +0800] "GET /xingrg/all/function/internal_message.html?_=1679886324044&CODE_STATE=getMsg HTTP/1.1" 200 27
116.224.158.100 - - [27/Mar/2023:11:05:24 +0800] "GET /xingrg/kc/base/wldb_order_list.html HTTP/1.1" 200 19098
116.224.158.100 - - [27/Mar/2023:11:05:25 +0800] "POST /xingrg/kc/base/wldb_list_operate.html HTTP/1.1" 200 928
