124.78.155.10 - - [27/Mar/2023:09:10:38 +0800] "GET /xingrg/all/function/internal_message.html?_=1679879440207&CODE_STATE=getMsg HTTP/1.1" 200 27
180.163.30.100 - - [27/Mar/2023:09:10:39 +0800] "GET /xingrg/all/function/internal_message.html?_=1679879380230&CODE_STATE=getMsg HTTP/1.1" 302 -
180.163.30.100 - - [27/Mar/2023:09:10:39 +0800] "GET /xingrg/login.html HTTP/1.1" 200 7641
222.70.182.87 - - [27/Mar/2023:09:10:39 +0800] "GET /xingrg/kc/buy/cgsh_order_operate.html?command=get_materiel&rest_code=00111&code=00101008286&supplier_code=00100005&order_time=2023-03-27 HTTP/1.1" 200 408
222.70.182.87 - - [27/Mar/2023:09:10:42 +0800] "POST /xingrg/kc/buy/cgsh_order_operate.html HTTP/1.1" 200 2065
58.221.95.50 - - [27/Mar/2023:09:10:42 +0800] "GET /xingrg/all/function/internal_message.html?_=1679879442592&CODE_STATE=getMsg HTTP/1.1" 200 27
120.253.135.82 - - [27/Mar/2023:09:10:45 +0800] "GET /xingrg/all/function/internal_message.html?_=1679879577201&CODE_STATE=getMsg HTTP/1.1" 302 -
120.253.135.82 - - [27/Mar/2023:09:10:45 +0800] "GET /xingrg/login.html HTTP/1.1" 200 7641
116.238.139.35 - - [27/Mar/2023:09:10:48 +0800] "GET /xingrg/all/function/internal_message.html?_=1679879368169&CODE_STATE=getMsg HTTP/1.1" 200 27
222.70.182.87 - - [27/Mar/2023:09:10:49 +0800] "GET /xingrg/kc/buy/cgsh_order_operate.html?command=get_materiel&rest_code=00111&code=00101008036&supplier_code=00100005&order_time=2023-03-27 HTTP/1.1" 200 408
222.70.182.87 - - [27/Mar/2023:09:10:54 +0800] "GET /xingrg/all/function/internal_message.html?_=1679879454579&CODE_STATE=getMsg HTTP/1.1" 200 27
116.224.106.218 - - [27/Mar/2023:09:10:55 +0800] "GET /xingrg/check_reg.html?_=1679879455632 HTTP/1.1" 200 22
222.70.182.87 - - [27/Mar/2023:09:10:57 +0800] "GET /xingrg/kc/buy/cgsh_order_operate.html?command=get_materiel&rest_code=00111&code=00101008131&supplier_code=00100005&order_time=2023-03-27 HTTP/1.1" 200 409
114.83.216.127 - - [27/Mar/2023:09:11:03 +0800] "GET /xingrg/all/function/internal_message.html?_=1679879463260&CODE_STATE=getMsg HTTP/1.1" 200 27
222.70.182.87 - - [27/Mar/2023:09:11:08 +0800] "GET /xingrg/kc/buy/cgsh_order_operate.html?command=get_materiel&rest_code=00111&code=00101008213&supplier_code=00100005&order_time=2023-03-27 HTTP/1.1" 200 412
116.238.139.35 - - [27/Mar/2023:09:11:13 +0800] "GET /xingrg/all/function/internal_message.html?_=1679879474679&CODE_STATE=getMsg HTTP/1.1" 200 27
222.70.221.209 - - [27/Mar/2023:09:11:14 +0800] "GET /xingrg/all/function/internal_message.html?_=1679879572691&CODE_STATE=getMsg HTTP/1.1" 200 27
222.70.168.128 - - [27/Mar/2023:09:11:15 +0800] "GET /xingrg/check_reg.html?_=1679879477062 HTTP/1.1" 200 22
222.70.182.87 - - [27/Mar/2023:09:11:16 +0800] "GET /xingrg/kc/buy/cgsh_order_operate.html?command=get_materiel&rest_code=00111&code=00101008027&supplier_code=00100005&order_time=2023-03-27 HTTP/1.1" 200 408
222.70.168.128 - - [27/Mar/2023:09:11:22 +0800] "GET /xingrg/all/function/internal_message.html?_=1679879483951&CODE_STATE=getMsg HTTP/1.1" 200 27
116.224.158.100 - - [27/Mar/2023:09:11:23 +0800] "GET /xingrg/all/function/internal_message.html?_=1679879485685&CODE_STATE=getMsg HTTP/1.1" 200 27
222.70.182.87 - - [27/Mar/2023:09:11:25 +0800] "GET /xingrg/kc/buy/cgsh_order_operate.html?command=get_materiel&rest_code=00111&code=00101008037&supplier_code=00100005&order_time=2023-03-27 HTTP/1.1" 200 413
101.229.22.234 - - [27/Mar/2023:09:11:25 +0800] "GET /xingrg/all/function/internal_message.html?_=1679879484889&CODE_STATE=getMsg HTTP/1.1" 200 27
117.143.50.161 - - [27/Mar/2023:09:11:26 +0800] "GET /xingrg/all/function/internal_message.html?_=1679879509832&CODE_STATE=getMsg HTTP/1.1" 200 27
117.135.170.205 - - [27/Mar/2023:09:11:26 +0800] "GET /xingrg/check_reg.html?_=1679879449828 HTTP/1.1" 302 -
117.135.171.114 - - [27/Mar/2023:09:11:26 +0800] "GET /xingrg/all/function/internal_message.html?_=1679879449832&CODE_STATE=getMsg HTTP/1.1" 302 -
117.135.171.114 - - [27/Mar/2023:09:11:26 +0800] "GET /xingrg/login.html HTTP/1.1" 200 7641
117.135.170.205 - - [27/Mar/2023:09:11:26 +0800] "GET /xingrg/login.html HTTP/1.1" 200 7641
222.70.182.87 - - [27/Mar/2023:09:11:27 +0800] "POST /xingrg/kc/buy/cgsh_order_operate.html HTTP/1.1" 200 2065
114.83.216.127 - - [27/Mar/2023:09:11:30 +0800] "POST /xingrg/services/DataTransmitService HTTP/1.1" 401 565
114.83.216.127 - - [27/Mar/2023:09:11:30 +0800] "POST /xingrg/services/DataTransmitService HTTP/1.1" 200 478
114.83.216.127 - - [27/Mar/2023:09:11:30 +0800] "POST /xingrg/services/DataTransmitService HTTP/1.1" 200 1319
114.83.216.127 - - [27/Mar/2023:09:11:30 +0800] "POST /xingrg/services/DataTransmitService HTTP/1.1" 200 478
114.83.216.127 - - [27/Mar/2023:09:11:30 +0800] "POST /xingrg/services/DataTransmitService HTTP/1.1" 200 1319
114.83.216.127 - - [27/Mar/2023:09:11:30 +0800] "POST /xingrg/services/DataTransmitService HTTP/1.1" 200 524
114.83.216.127 - - [27/Mar/2023:09:11:31 +0800] "POST /xingrg/services/DataTransmitService HTTP/1.1" 200 2163
114.83.216.127 - - [27/Mar/2023:09:11:31 +0800] "POST /xingrg/services/DataTransmitService HTTP/1.1" 200 45454
114.83.216.127 - - [27/Mar/2023:09:11:31 +0800] "POST /xingrg/services/DataTransmitService HTTP/1.1" 200 19237
222.70.182.87 - - [27/Mar/2023:09:11:33 +0800] "GET /xingrg/kc/buy/cgsh_order_operate.html?command=get_materiel&rest_code=00111&code=00101008096&supplier_code=00100005&order_time=2023-03-27 HTTP/1.1" 200 412
116.224.106.218 - - [27/Mar/2023:09:11:34 +0800] "GET /xingrg/all/function/internal_message.html?_=1679879493899&CODE_STATE=getMsg HTTP/1.1" 200 27
180.163.29.103 - - [27/Mar/2023:09:11:38 +0800] "GET /xingrg/all/function/internal_message.html?_=1679879440207&CODE_STATE=getMsg HTTP/1.1" 302 -
180.163.29.103 - - [27/Mar/2023:09:11:38 +0800] "GET /xingrg/login.html HTTP/1.1" 200 7641
124.78.155.10 - - [27/Mar/2023:09:11:38 +0800] "GET /xingrg/all/function/internal_message.html?_=1679879500189&CODE_STATE=getMsg HTTP/1.1" 200 27
222.70.182.87 - - [27/Mar/2023:09:11:42 +0800] "GET /xingrg/kc/buy/cgsh_order_operate.html?command=get_materiel&rest_code=00111&code=00101008038&supplier_code=00100005&order_time=2023-03-27 HTTP/1.1" 200 412
58.221.95.50 - - [27/Mar/2023:09:11:42 +0800] "GET /xingrg/all/function/internal_message.html?_=1679879502564&CODE_STATE=getMsg HTTP/1.1" 200 27
114.83.216.127 - - [27/Mar/2023:09:11:43 +0800] "POST /xingrg/services/DataTransmitService HTTP/1.1" 200 524
114.83.216.127 - - [27/Mar/2023:09:11:44 +0800] "POST /xingrg/services/DataTransmitService HTTP/1.1" 200 2163
120.253.135.82 - - [27/Mar/2023:09:11:45 +0800] "GET /xingrg/all/function/internal_message.html?_=1679879637206&CODE_STATE=getMsg HTTP/1.1" 302 -
120.253.135.82 - - [27/Mar/2023:09:11:45 +0800] "GET /xingrg/login.html HTTP/1.1" 200 7641
116.238.139.35 - - [27/Mar/2023:09:11:48 +0800] "GET /xingrg/all/function/internal_message.html?_=1679879428175&CODE_STATE=getMsg HTTP/1.1" 200 27
222.70.182.87 - - [27/Mar/2023:09:11:54 +0800] "GET /xingrg/all/function/internal_message.html?_=1679879514579&CODE_STATE=getMsg HTTP/1.1" 200 27
222.70.182.87 - - [27/Mar/2023:09:12:01 +0800] "GET /xingrg/kc/buy/cgsh_order_operate.html?command=get_materiel&rest_code=00111&code=00101019254&supplier_code=00100005&order_time=2023-03-27 HTTP/1.1" 200 447
222.70.182.87 - - [27/Mar/2023:09:12:03 +0800] "POST /xingrg/all/common/load_select.html HTTP/1.1" 200 25
114.83.216.127 - - [27/Mar/2023:09:12:03 +0800] "GET /xingrg/all/function/internal_message.html?_=1679879523265&CODE_STATE=getMsg HTTP/1.1" 200 27
222.70.182.87 - - [27/Mar/2023:09:12:07 +0800] "GET /xingrg/kc/buy/cgsh_order_operate.html?command=get_materiel_price&rest_code=00111&code=00101019254&unit_code=00100040&supplier_code=00100005&order_time=2023-03-27 HTTP/1.1" 200 27
116.238.139.35 - - [27/Mar/2023:09:12:13 +0800] "GET /xingrg/all/function/internal_message.html?_=1679879534649&CODE_STATE=getMsg HTTP/1.1" 200 27
222.70.221.209 - - [27/Mar/2023:09:12:14 +0800] "GET /xingrg/all/function/internal_message.html?_=1679879632664&CODE_STATE=getMsg HTTP/1.1" 200 27
222.70.168.128 - - [27/Mar/2023:09:12:22 +0800] "GET /xingrg/all/function/internal_message.html?_=1679879543965&CODE_STATE=getMsg HTTP/1.1" 200 27
116.224.158.100 - - [27/Mar/2023:09:12:23 +0800] "GET /xingrg/all/function/internal_message.html?_=1679879545685&CODE_STATE=getMsg HTTP/1.1" 200 27
101.229.22.234 - - [27/Mar/2023:09:12:25 +0800] "GET /xingrg/all/function/internal_message.html?_=1679879544887&CODE_STATE=getMsg HTTP/1.1" 200 27
117.135.173.70 - - [27/Mar/2023:09:12:26 +0800] "GET /xingrg/all/function/internal_message.html?_=1679879509832&CODE_STATE=getMsg HTTP/1.1" 302 -
117.135.173.70 - - [27/Mar/2023:09:12:26 +0800] "GET /xingrg/login.html HTTP/1.1" 200 7641
117.143.50.161 - - [27/Mar/2023:09:12:26 +0800] "GET /xingrg/all/function/internal_message.html?_=1679879569828&CODE_STATE=getMsg HTTP/1.1" 200 27
222.70.182.87 - - [27/Mar/2023:09:12:29 +0800] "GET /xingrg/kc/buy/cgsh_order_operate.html?command=get_materiel&rest_code=00111&code=00101008372&supplier_code=00100005&order_time=2023-03-27 HTTP/1.1" 200 408
222.70.182.87 - - [27/Mar/2023:09:12:32 +0800] "POST /xingrg/kc/buy/cgsh_order_operate.html HTTP/1.1" 200 2065
116.224.106.218 - - [27/Mar/2023:09:12:34 +0800] "GET /xingrg/all/function/internal_message.html?_=1679879553885&CODE_STATE=getMsg HTTP/1.1" 200 27
180.163.30.27 - - [27/Mar/2023:09:12:38 +0800] "GET /xingrg/all/function/internal_message.html?_=1679879500189&CODE_STATE=getMsg HTTP/1.1" 302 -
180.163.30.27 - - [27/Mar/2023:09:12:38 +0800] "GET /xingrg/login.html HTTP/1.1" 200 7641
124.78.155.10 - - [27/Mar/2023:09:12:38 +0800] "GET /xingrg/all/function/internal_message.html?_=1679879560160&CODE_STATE=getMsg HTTP/1.1" 200 27
58.221.95.50 - - [27/Mar/2023:09:12:42 +0800] "GET /xingrg/all/function/internal_message.html?_=1679879562549&CODE_STATE=getMsg HTTP/1.1" 200 27
222.70.182.87 - - [27/Mar/2023:09:12:44 +0800] "GET /xingrg/kc/buy/cgsh_order_operate.html?command=get_materiel&rest_code=00111&code=00101008069&supplier_code=00100005&order_time=2023-03-27 HTTP/1.1" 200 412
120.253.135.82 - - [27/Mar/2023:09:12:45 +0800] "GET /xingrg/all/function/internal_message.html?_=1679879697217&CODE_STATE=getMsg HTTP/1.1" 302 -
120.253.135.82 - - [27/Mar/2023:09:12:45 +0800] "GET /xingrg/check_reg.html?_=1679879697217 HTTP/1.1" 302 -
120.253.135.82 - - [27/Mar/2023:09:12:45 +0800] "GET /xingrg/login.html HTTP/1.1" 200 7641
120.253.135.82 - - [27/Mar/2023:09:12:45 +0800] "GET /xingrg/login.html HTTP/1.1" 200 7641
116.238.139.35 - - [27/Mar/2023:09:12:47 +0800] "GET /xingrg/check_reg.html?_=1679879487752 HTTP/1.1" 200 22
116.238.139.35 - - [27/Mar/2023:09:12:48 +0800] "GET /xingrg/all/function/internal_message.html?_=1679879488188&CODE_STATE=getMsg HTTP/1.1" 200 27
222.70.182.87 - - [27/Mar/2023:09:12:54 +0800] "GET /xingrg/check_reg.html?_=1679879574582 HTTP/1.1" 200 22
222.70.182.87 - - [27/Mar/2023:09:12:54 +0800] "GET /xingrg/all/function/internal_message.html?_=1679879574585&CODE_STATE=getMsg HTTP/1.1" 200 27
114.83.216.127 - - [27/Mar/2023:09:13:03 +0800] "GET /xingrg/all/function/internal_message.html?_=1679879583268&CODE_STATE=getMsg HTTP/1.1" 200 27
114.83.216.127 - - [27/Mar/2023:09:13:03 +0800] "GET /xingrg/check_reg.html?_=1679879583271 HTTP/1.1" 200 22
222.70.182.87 - - [27/Mar/2023:09:13:12 +0800] "GET /xingrg/kc/buy/cgsh_order_operate.html?command=get_materiel&rest_code=00111&code=00101008296&supplier_code=00100005&order_time=2023-03-27 HTTP/1.1" 200 416
116.238.139.35 - - [27/Mar/2023:09:13:13 +0800] "GET /xingrg/all/function/internal_message.html?_=1679879594620&CODE_STATE=getMsg HTTP/1.1" 200 27
116.238.139.35 - - [27/Mar/2023:09:13:13 +0800] "GET /xingrg/check_reg.html?_=1679879594857 HTTP/1.1" 200 22
222.70.221.209 - - [27/Mar/2023:09:13:14 +0800] "GET /xingrg/all/function/internal_message.html?_=1679879692658&CODE_STATE=getMsg HTTP/1.1" 200 27
222.70.182.87 - - [27/Mar/2023:09:13:14 +0800] "POST /xingrg/kc/buy/cgsh_order_operate.html HTTP/1.1" 200 2065
124.78.155.10 - - [27/Mar/2023:09:13:15 +0800] "GET /xingrg/kc/print/load_config.html?kc_code=cgsh HTTP/1.1" 200 1925
124.78.155.10 - - [27/Mar/2023:09:13:16 +0800] "GET /xingrg/kc/print/load_data.html?order_code=212023032710094&kc_code=cgsh HTTP/1.1" 200 8081
222.70.168.128 - - [27/Mar/2023:09:13:22 +0800] "GET /xingrg/all/function/internal_message.html?_=1679879604365&CODE_STATE=getMsg HTTP/1.1" 200 27
116.224.158.100 - - [27/Mar/2023:09:13:23 +0800] "GET /xingrg/all/function/internal_message.html?_=1679879605685&CODE_STATE=getMsg HTTP/1.1" 200 27
101.229.22.234 - - [27/Mar/2023:09:13:25 +0800] "GET /xingrg/all/function/internal_message.html?_=1679879604886&CODE_STATE=getMsg HTTP/1.1" 200 27
117.135.171.114 - - [27/Mar/2023:09:13:26 +0800] "GET /xingrg/all/function/internal_message.html?_=1679879569828&CODE_STATE=getMsg HTTP/1.1" 302 -
117.143.50.161 - - [27/Mar/2023:09:13:26 +0800] "GET /xingrg/all/function/internal_message.html?_=1679879629821&CODE_STATE=getMsg HTTP/1.1" 200 27
117.135.171.114 - - [27/Mar/2023:09:13:26 +0800] "GET /xingrg/login.html HTTP/1.1" 200 7641
222.70.182.87 - - [27/Mar/2023:09:13:33 +0800] "GET /xingrg/kc/buy/cgsh_order_operate.html?command=get_materiel&rest_code=00111&code=00101008103&supplier_code=00100005&order_time=2023-03-27 HTTP/1.1" 200 417
116.224.106.218 - - [27/Mar/2023:09:13:34 +0800] "GET /xingrg/all/function/internal_message.html?_=1679879613869&CODE_STATE=getMsg HTTP/1.1" 200 27
180.163.29.103 - - [27/Mar/2023:09:13:38 +0800] "GET /xingrg/all/function/internal_message.html?_=1679879560160&CODE_STATE=getMsg HTTP/1.1" 302 -
180.163.29.103 - - [27/Mar/2023:09:13:38 +0800] "GET /xingrg/login.html HTTP/1.1" 200 7641
58.221.95.50 - - [27/Mar/2023:09:13:42 +0800] "GET /xingrg/all/function/internal_message.html?_=1679879622534&CODE_STATE=getMsg HTTP/1.1" 200 27
124.78.155.10 - - [27/Mar/2023:09:13:43 +0800] "GET /xingrg/all/function/internal_message.html?_=1679879624971&CODE_STATE=getMsg HTTP/1.1" 200 27
124.78.155.10 - - [27/Mar/2023:09:13:43 +0800] "GET /xingrg/check_reg.html?_=1679879624968 HTTP/1.1" 200 22
222.70.182.87 - - [27/Mar/2023:09:13:43 +0800] "GET /xingrg/kc/buy/cgsh_order_operate.html?command=get_materiel&rest_code=00111&code=00101008291&supplier_code=00100005&order_time=2023-03-27 HTTP/1.1" 200 410
120.253.135.82 - - [27/Mar/2023:09:13:45 +0800] "GET /xingrg/all/function/internal_message.html?_=1679879757222&CODE_STATE=getMsg HTTP/1.1" 302 -
120.253.135.82 - - [27/Mar/2023:09:13:45 +0800] "GET /xingrg/login.html HTTP/1.1" 200 7641
116.238.139.35 - - [27/Mar/2023:09:13:48 +0800] "GET /xingrg/all/function/internal_message.html?_=1679879548201&CODE_STATE=getMsg HTTP/1.1" 200 27
222.70.182.87 - - [27/Mar/2023:09:13:54 +0800] "GET /xingrg/all/function/internal_message.html?_=1679879634590&CODE_STATE=getMsg HTTP/1.1" 200 27
222.70.182.87 - - [27/Mar/2023:09:13:56 +0800] "GET /xingrg/kc/buy/cgsh_order_operate.html?command=get_materiel&rest_code=00111&code=00101008161&supplier_code=00100005&order_time=2023-03-27 HTTP/1.1" 200 409
114.83.216.127 - - [27/Mar/2023:09:14:03 +0800] "GET /xingrg/all/function/internal_message.html?_=1679879643260&CODE_STATE=getMsg HTTP/1.1" 200 27
222.70.182.87 - - [27/Mar/2023:09:14:06 +0800] "GET /xingrg/kc/buy/cgsh_order_operate.html?command=get_materiel&rest_code=00111&code=00101008274&supplier_code=00100005&order_time=2023-03-27 HTTP/1.1" 200 412
222.70.182.87 - - [27/Mar/2023:09:14:09 +0800] "POST /xingrg/kc/buy/cgsh_order_operate.html HTTP/1.1" 200 2065
116.238.139.35 - - [27/Mar/2023:09:14:13 +0800] "GET /xingrg/all/function/internal_message.html?_=1679879654593&CODE_STATE=getMsg HTTP/1.1" 200 27
222.70.221.209 - - [27/Mar/2023:09:14:14 +0800] "GET /xingrg/all/function/internal_message.html?_=1679879752654&CODE_STATE=getMsg HTTP/1.1" 200 27
222.70.221.209 - - [27/Mar/2023:09:14:14 +0800] "GET /xingrg/check_reg.html?_=1679879752656 HTTP/1.1" 200 22
180.163.28.55 - - [27/Mar/2023:09:14:15 +0800] "GET /xingrg/kc/print/load_data.html?order_code=212023032710094&kc_code=cgsh HTTP/1.1" 302 -
180.163.28.55 - - [27/Mar/2023:09:14:15 +0800] "GET /xingrg/login.html HTTP/1.1" 200 7641
222.70.182.87 - - [27/Mar/2023:09:14:15 +0800] "GET /xingrg/kc/buy/cgsh_order_operate.html?command=get_materiel&rest_code=00111&code=00101008283&supplier_code=00100005&order_time=2023-03-27 HTTP/1.1" 200 408
58.221.95.50 - - [27/Mar/2023:09:14:17 +0800] "GET /xingrg/check_reg.html?_=1679879657972 HTTP/1.1" 200 22
222.70.168.128 - - [27/Mar/2023:09:14:22 +0800] "GET /xingrg/all/function/internal_message.html?_=1679879664366&CODE_STATE=getMsg HTTP/1.1" 200 27
116.224.158.100 - - [27/Mar/2023:09:14:23 +0800] "GET /xingrg/all/function/internal_message.html?_=1679879665687&CODE_STATE=getMsg HTTP/1.1" 200 27
116.224.158.100 - - [27/Mar/2023:09:14:24 +0800] "GET /xingrg/check_reg.html?_=1679879665691 HTTP/1.1" 200 22
101.229.22.234 - - [27/Mar/2023:09:14:25 +0800] "GET /xingrg/all/function/internal_message.html?_=1679879664912&CODE_STATE=getMsg HTTP/1.1" 200 27
101.229.22.234 - - [27/Mar/2023:09:14:25 +0800] "GET /xingrg/check_reg.html?_=1679879664915 HTTP/1.1" 200 22
117.143.50.161 - - [27/Mar/2023:09:14:26 +0800] "GET /xingrg/all/function/internal_message.html?_=1679879689822&CODE_STATE=getMsg HTTP/1.1" 200 27
222.70.182.87 - - [27/Mar/2023:09:14:26 +0800] "GET /xingrg/kc/buy/cgsh_order_operate.html?command=get_materiel&rest_code=00111&code=00101008257&supplier_code=00100005&order_time=2023-03-27 HTTP/1.1" 200 416
116.224.106.218 - - [27/Mar/2023:09:14:34 +0800] "GET /xingrg/all/function/internal_message.html?_=1679879673857&CODE_STATE=getMsg HTTP/1.1" 200 27
222.70.182.87 - - [27/Mar/2023:09:14:35 +0800] "GET /xingrg/kc/buy/cgsh_order_operate.html?command=get_materiel&rest_code=00111&code=00101008298&supplier_code=00100005&order_time=2023-03-27 HTTP/1.1" 200 413
58.221.95.50 - - [27/Mar/2023:09:14:42 +0800] "GET /xingrg/all/function/internal_message.html?_=1679879682511&CODE_STATE=getMsg HTTP/1.1" 200 27
180.163.30.27 - - [27/Mar/2023:09:14:43 +0800] "GET /xingrg/all/function/internal_message.html?_=1679879624971&CODE_STATE=getMsg HTTP/1.1" 302 -
180.163.30.27 - - [27/Mar/2023:09:14:43 +0800] "GET /xingrg/login.html HTTP/1.1" 200 7641
180.163.29.206 - - [27/Mar/2023:09:14:43 +0800] "GET /xingrg/check_reg.html?_=1679879624968 HTTP/1.1" 302 -
180.163.29.206 - - [27/Mar/2023:09:14:43 +0800] "GET /xingrg/login.html HTTP/1.1" 200 7641
124.78.155.10 - - [27/Mar/2023:09:14:43 +0800] "GET /xingrg/all/function/internal_message.html?_=1679879684954&CODE_STATE=getMsg HTTP/1.1" 200 27
222.70.182.87 - - [27/Mar/2023:09:14:45 +0800] "GET /xingrg/kc/buy/cgsh_order_operate.html?command=get_materiel&rest_code=00111&code=00101008350&supplier_code=00100005&order_time=2023-03-27 HTTP/1.1" 200 408
120.253.135.82 - - [27/Mar/2023:09:14:45 +0800] "GET /xingrg/all/function/internal_message.html?_=1679879817222&CODE_STATE=getMsg HTTP/1.1" 302 -
120.253.135.82 - - [27/Mar/2023:09:14:45 +0800] "GET /xingrg/login.html HTTP/1.1" 200 7641
114.83.216.127 - - [27/Mar/2023:09:14:47 +0800] "GET /xingrg/kc/buy/cgsh_order_operate.html?command=get_materiel&rest_code=00149&code=00101012025&supplier_code=00100036&order_time=2023-03-27 HTTP/1.1" 200 412
116.238.139.35 - - [27/Mar/2023:09:14:48 +0800] "GET /xingrg/all/function/internal_message.html?_=1679879608215&CODE_STATE=getMsg HTTP/1.1" 200 27
172.20.0.100 - - [27/Mar/2023:09:14:54 +0800] "GET /xingrg/check_reg.html?_=1679879695183 HTTP/1.1" 302 -
222.70.182.87 - - [27/Mar/2023:09:14:54 +0800] "GET /xingrg/all/function/internal_message.html?_=1679879694600&CODE_STATE=getMsg HTTP/1.1" 200 27
222.70.182.87 - - [27/Mar/2023:09:14:55 +0800] "GET /xingrg/kc/buy/cgsh_order_operate.html?command=get_materiel&rest_code=00111&code=00101008150&supplier_code=00100005&order_time=2023-03-27 HTTP/1.1" 200 409
114.83.216.127 - - [27/Mar/2023:09:14:57 +0800] "GET /xingrg/kc/buy/cgsh_order_operate.html?command=get_materiel&rest_code=00149&code=00101016030&supplier_code=00100036&order_time=2023-03-27 HTTP/1.1" 200 412
222.70.182.87 - - [27/Mar/2023:09:14:59 +0800] "POST /xingrg/kc/buy/cgsh_order_operate.html HTTP/1.1" 200 2065
222.70.182.87 - - [27/Mar/2023:09:15:05 +0800] "GET /xingrg/kc/buy/cgsh_order_operate.html?command=get_materiel&rest_code=00111&code=00101008209&supplier_code=00100005&order_time=2023-03-27 HTTP/1.1" 200 408
114.83.216.127 - - [27/Mar/2023:09:15:08 +0800] "POST /xingrg/kc/buy/cgsh_order_operate.html HTTP/1.1" 200 37
116.238.139.35 - - [27/Mar/2023:09:15:13 +0800] "GET /xingrg/all/function/internal_message.html?_=1679879714578&CODE_STATE=getMsg HTTP/1.1" 200 27
114.83.216.127 - - [27/Mar/2023:09:15:14 +0800] "POST /xingrg/kc/buy/cgsh_order_operate.html HTTP/1.1" 200 12
222.70.221.209 - - [27/Mar/2023:09:15:14 +0800] "GET /xingrg/all/function/internal_message.html?_=1679879812661&CODE_STATE=getMsg HTTP/1.1" 200 27
114.83.216.127 - - [27/Mar/2023:09:15:16 +0800] "GET /xingrg/kc/buy/cgsh_order_info.html?code=212023032710102 HTTP/1.1" 200 64953
114.83.216.127 - - [27/Mar/2023:09:15:16 +0800] "GET /xingrg/javascript/easyui/themes/default/validatebox.css HTTP/1.1" 404 1104
114.83.216.127 - - [27/Mar/2023:09:15:17 +0800] "POST /xingrg/kc/buy/cgsh_order_operate.html HTTP/1.1" 200 1196
222.70.182.87 - - [27/Mar/2023:09:15:22 +0800] "GET /xingrg/kc/buy/cgsh_order_operate.html?command=get_materiel&rest_code=00111&code=00101008032&supplier_code=00100005&order_time=2023-03-27 HTTP/1.1" 200 409
222.70.168.128 - - [27/Mar/2023:09:15:23 +0800] "GET /xingrg/all/function/internal_message.html?_=1679879724920&CODE_STATE=getMsg HTTP/1.1" 200 27
116.224.158.100 - - [27/Mar/2023:09:15:23 +0800] "GET /xingrg/all/function/internal_message.html?_=1679879725690&CODE_STATE=getMsg HTTP/1.1" 200 27
101.229.22.234 - - [27/Mar/2023:09:15:25 +0800] "GET /xingrg/all/function/internal_message.html?_=1679879724900&CODE_STATE=getMsg HTTP/1.1" 200 27
117.143.50.161 - - [27/Mar/2023:09:15:26 +0800] "GET /xingrg/all/function/internal_message.html?_=1679879749842&CODE_STATE=getMsg HTTP/1.1" 200 27
117.143.50.161 - - [27/Mar/2023:09:15:26 +0800] "GET /xingrg/check_reg.html?_=1679879749849 HTTP/1.1" 200 22
222.70.182.87 - - [27/Mar/2023:09:15:31 +0800] "GET /xingrg/kc/buy/cgsh_order_operate.html?command=get_materiel&rest_code=00111&code=00101008168&supplier_code=00100005&order_time=2023-03-27 HTTP/1.1" 200 413
116.224.106.218 - - [27/Mar/2023:09:15:34 +0800] "GET /xingrg/all/function/internal_message.html?_=1679879733842&CODE_STATE=getMsg HTTP/1.1" 200 27
114.83.216.127 - - [27/Mar/2023:09:15:39 +0800] "GET /xingrg/kc/print/load_data.html?order_code=212023032710102&kc_code=cgsh&condition= HTTP/1.1" 200 997
58.221.95.50 - - [27/Mar/2023:09:15:42 +0800] "GET /xingrg/all/function/internal_message.html?_=1679879742486&CODE_STATE=getMsg HTTP/1.1" 200 27
180.163.28.68 - - [27/Mar/2023:09:15:43 +0800] "GET /xingrg/all/function/internal_message.html?_=1679879684954&CODE_STATE=getMsg HTTP/1.1" 302 -
180.163.28.68 - - [27/Mar/2023:09:15:43 +0800] "GET /xingrg/login.html HTTP/1.1" 200 7641
124.78.155.10 - - [27/Mar/2023:09:15:43 +0800] "GET /xingrg/all/function/internal_message.html?_=1679879744925&CODE_STATE=getMsg HTTP/1.1" 200 27
120.253.135.82 - - [27/Mar/2023:09:15:45 +0800] "GET /xingrg/all/function/internal_message.html?_=1679879877233&CODE_STATE=getMsg HTTP/1.1" 302 -
120.253.135.82 - - [27/Mar/2023:09:15:45 +0800] "GET /xingrg/login.html HTTP/1.1" 200 7641
222.70.182.87 - - [27/Mar/2023:09:15:45 +0800] "GET /xingrg/kc/buy/cgsh_order_operate.html?command=get_materiel&rest_code=00111&code=00101008439&supplier_code=00100005&order_time=2023-03-27 HTTP/1.1" 200 413
114.83.216.127 - - [27/Mar/2023:09:15:50 +0800] "GET /xingrg/kc/buy/cgsh_order_add.html HTTP/1.1" 200 70049
114.83.216.127 - - [27/Mar/2023:09:15:50 +0800] "POST /xingrg/kc/buy/cgsh_order_operate.html HTTP/1.1" 200 8245
114.83.216.127 - - [27/Mar/2023:09:15:50 +0800] "GET /xingrg/javascript/easyui/themes/default/validatebox.css HTTP/1.1" 404 1104
222.70.182.87 - - [27/Mar/2023:09:15:54 +0800] "GET /xingrg/kc/buy/cgsh_order_operate.html?command=get_materiel&rest_code=00111&code=00101008172&supplier_code=00100005&order_time=2023-03-27 HTTP/1.1" 200 412
222.70.182.87 - - [27/Mar/2023:09:15:54 +0800] "GET /xingrg/all/function/internal_message.html?_=1679879754579&CODE_STATE=getMsg HTTP/1.1" 200 27
116.224.106.218 - - [27/Mar/2023:09:15:55 +0800] "GET /xingrg/check_reg.html?_=1679879755638 HTTP/1.1" 200 22
222.70.182.87 - - [27/Mar/2023:09:15:57 +0800] "POST /xingrg/kc/buy/cgsh_order_operate.html HTTP/1.1" 200 2065
222.70.182.87 - - [27/Mar/2023:09:16:02 +0800] "GET /xingrg/kc/buy/cgsh_order_operate.html?command=get_materiel&rest_code=00111&code=00101008155&supplier_code=00100005&order_time=2023-03-27 HTTP/1.1" 200 408
114.83.216.127 - - [27/Mar/2023:09:16:03 +0800] "GET /xingrg/all/function/internal_message.html?_=1679879763279&CODE_STATE=getMsg HTTP/1.1" 200 27
116.238.139.35 - - [27/Mar/2023:09:16:12 +0800] "GET /xingrg/all/function/internal_message.html?_=1679879774553&CODE_STATE=getMsg HTTP/1.1" 200 27
222.70.221.209 - - [27/Mar/2023:09:16:14 +0800] "GET /xingrg/all/function/internal_message.html?_=1679879872651&CODE_STATE=getMsg HTTP/1.1" 200 27
222.70.168.128 - - [27/Mar/2023:09:16:15 +0800] "GET /xingrg/check_reg.html?_=1679879777065 HTTP/1.1" 200 22
222.70.168.128 - - [27/Mar/2023:09:16:23 +0800] "GET /xingrg/all/function/internal_message.html?_=1679879784924&CODE_STATE=getMsg HTTP/1.1" 200 27
116.224.158.100 - - [27/Mar/2023:09:16:23 +0800] "GET /xingrg/all/function/internal_message.html?_=1679879785689&CODE_STATE=getMsg HTTP/1.1" 200 27
222.70.182.87 - - [27/Mar/2023:09:16:24 +0800] "POST /xingrg/kc/buy/cgsh_order_operate.html HTTP/1.1" 200 37
101.229.22.234 - - [27/Mar/2023:09:16:25 +0800] "GET /xingrg/all/function/internal_message.html?_=1679879784899&CODE_STATE=getMsg HTTP/1.1" 200 27
117.143.50.161 - - [27/Mar/2023:09:16:26 +0800] "GET /xingrg/all/function/internal_message.html?_=1679879809834&CODE_STATE=getMsg HTTP/1.1" 200 27
114.83.216.127 - - [27/Mar/2023:09:16:26 +0800] "GET /xingrg/kc/buy/cgsh_order_operate.html?command=get_materiel&rest_code=00149&code=00101006130&supplier_code=00100012&order_time=2023-03-27 HTTP/1.1" 200 23
222.70.182.87 - - [27/Mar/2023:09:16:29 +0800] "POST /xingrg/kc/buy/cgsh_order_operate.html HTTP/1.1" 200 45300
222.70.182.87 - - [27/Mar/2023:09:16:30 +0800] "GET /xingrg/kc/print/load_config.html?kc_code=cgsh HTTP/1.1" 200 1925
222.70.182.87 - - [27/Mar/2023:09:16:31 +0800] "GET /xingrg/kc/print/load_data.html?order_code=212023032710098&kc_code=cgsh&condition= HTTP/1.1" 200 16859
114.83.216.127 - - [27/Mar/2023:09:16:32 +0800] "GET /xingrg/login.html HTTP/1.1" 200 7641
114.83.216.127 - - [27/Mar/2023:09:16:32 +0800] "GET /favicon.ico HTTP/1.1" 404 -
116.224.106.218 - - [27/Mar/2023:09:16:34 +0800] "GET /xingrg/all/function/internal_message.html?_=1679879793814&CODE_STATE=getMsg HTTP/1.1" 200 27
222.70.182.87 - - [27/Mar/2023:09:16:37 +0800] "GET /xingrg/kc/buy/cgsh_order_add.html HTTP/1.1" 200 69917
222.70.182.87 - - [27/Mar/2023:09:16:38 +0800] "POST /xingrg/kc/buy/cgsh_order_operate.html HTTP/1.1" 200 8245
222.70.182.87 - - [27/Mar/2023:09:16:38 +0800] "GET /xingrg/javascript/easyui/themes/default/validatebox.css HTTP/1.1" 404 1104
114.83.216.127 - - [27/Mar/2023:09:16:39 +0800] "POST /xingrg/login.do HTTP/1.1" 302 -
114.83.216.127 - - [27/Mar/2023:09:16:39 +0800] "GET /xingrg/index.html?sysBaseUrl=http%3A%2F%2F180.169.147.146%3A18081%2Fxingrg%2F&costTime=799×tamp=1679879799856 HTTP/1.1" 200 17179
114.83.216.127 - - [27/Mar/2023:09:16:40 +0800] "GET /favicon.ico HTTP/1.1" 404 -
114.83.216.127 - - [27/Mar/2023:09:16:40 +0800] "GET /xingrg/check_reg.html?_=1679879799666 HTTP/1.1" 200 22
114.83.216.127 - - [27/Mar/2023:09:16:40 +0800] "GET /xingrg/all/function/internal_message.html?_=1679879799665&CODE_STATE=count HTTP/1.1" 200 11
114.83.216.127 - - [27/Mar/2023:09:16:40 +0800] "POST /xingrg/all/common/load_tree.html?tree=area_rest_tree_json&manage=1 HTTP/1.1" 200 351
114.83.216.127 - - [27/Mar/2023:09:16:40 +0800] "POST /xingrg/load_menu.html HTTP/1.1" 200 5138
222.70.182.87 - - [27/Mar/2023:09:16:41 +0800] "GET /xingrg/javascript/jquery_tools/images/next.gif HTTP/1.1" 404 1086
222.70.182.87 - - [27/Mar/2023:09:16:41 +0800] "GET /xingrg/javascript/jquery_tools/images/prev.gif HTTP/1.1" 404 1086
58.221.95.50 - - [27/Mar/2023:09:16:42 +0800] "GET /xingrg/all/function/internal_message.html?_=1679879802471&CODE_STATE=getMsg HTTP/1.1" 200 27
114.83.216.127 - - [27/Mar/2023:09:16:43 +0800] "GET /xingrg/kc/buy/cgsh_order_list.html HTTP/1.1" 200 54185
180.163.29.79 - - [27/Mar/2023:09:16:43 +0800] "GET /xingrg/all/function/internal_message.html?_=1679879744925&CODE_STATE=getMsg HTTP/1.1" 302 -
180.163.29.79 - - [27/Mar/2023:09:16:43 +0800] "GET /xingrg/login.html HTTP/1.1" 200 7641
124.78.155.10 - - [27/Mar/2023:09:16:43 +0800] "GET /xingrg/all/function/internal_message.html?_=1679879804897&CODE_STATE=getMsg HTTP/1.1" 200 27
114.83.216.127 - - [27/Mar/2023:09:16:45 +0800] "POST /xingrg/kc/buy/cgsh_list_operate.html HTTP/1.1" 200 986
120.253.135.82 - - [27/Mar/2023:09:16:45 +0800] "GET /xingrg/all/function/internal_message.html?_=1679879937232&CODE_STATE=getMsg HTTP/1.1" 302 -
120.253.135.82 - - [27/Mar/2023:09:16:45 +0800] "GET /xingrg/login.html HTTP/1.1" 200 7641
222.70.182.87 - - [27/Mar/2023:09:16:49 +0800] "GET /xingrg/kc/buy/cgsh_order_operate.html?command=get_materiel&rest_code=00111&code=00101002027&supplier_code=00100199&order_time=2023-03-27 HTTP/1.1" 200 413
222.70.182.87 - - [27/Mar/2023:09:16:54 +0800] "GET /xingrg/all/function/internal_message.html?_=1679879814649&CODE_STATE=getMsg HTTP/1.1" 200 27
114.83.216.127 - - [27/Mar/2023:09:16:55 +0800] "GET /xingrg/kc/buy/cgsh_order_add.html HTTP/1.1" 200 70049
114.83.216.127 - - [27/Mar/2023:09:16:55 +0800] "GET /xingrg/javascript/easyui/themes/default/validatebox.css HTTP/1.1" 404 1104
114.83.216.127 - - [27/Mar/2023:09:16:55 +0800] "POST /xingrg/kc/buy/cgsh_order_operate.html HTTP/1.1" 200 8245
114.83.216.127 - - [27/Mar/2023:09:16:55 +0800] "GET /xingrg/all/common/auto_word.html?type=employee&rest_code=00149 HTTP/1.1" 200 197
114.83.216.127 - - [27/Mar/2023:09:16:55 +0800] "GET /xingrg/all/common/auto_word.html?type=employee&rest_code=00149 HTTP/1.1" 200 197
114.83.216.127 - - [27/Mar/2023:09:16:58 +0800] "GET /xingrg/javascript/auto/indicator.gif HTTP/1.1" 404 1066
114.83.216.127 - - [27/Mar/2023:09:16:59 +0800] "GET /xingrg/javascript/jquery_tools/images/prev.gif HTTP/1.1" 404 1086
114.83.216.127 - - [27/Mar/2023:09:16:59 +0800] "GET /xingrg/javascript/jquery_tools/images/next.gif HTTP/1.1" 404 1086
114.83.216.127 - - [27/Mar/2023:09:17:09 +0800] "GET /xingrg/kc/buy/cgsh_order_operate.html?command=get_materiel&rest_code=00149&code=00101006130&supplier_code=00100012&order_time=2023-03-27 HTTP/1.1" 200 427
116.238.139.35 - - [27/Mar/2023:09:17:12 +0800] "GET /xingrg/all/function/internal_message.html?_=1679879834523&CODE_STATE=getMsg HTTP/1.1" 200 27
222.70.182.87 - - [27/Mar/2023:09:17:13 +0800] "GET /xingrg/kc/buy/cgsh_order_operate.html?command=get_materiel&rest_code=00111&code=00101002006&supplier_code=00100199&order_time=2023-03-27 HTTP/1.1" 200 434
222.70.221.209 - - [27/Mar/2023:09:17:14 +0800] "GET /xingrg/all/function/internal_message.html?_=1679879932656&CODE_STATE=getMsg HTTP/1.1" 200 27
114.83.216.127 - - [27/Mar/2023:09:17:22 +0800] "GET /xingrg/kc/buy/cgsh_order_operate.html?command=get_materiel&rest_code=00149&code=00101006144&supplier_code=00100012&order_time=2023-03-27 HTTP/1.1" 200 409
222.70.168.128 - - [27/Mar/2023:09:17:23 +0800] "GET /xingrg/all/function/internal_message.html?_=1679879844942&CODE_STATE=getMsg HTTP/1.1" 200 27
116.224.158.100 - - [27/Mar/2023:09:17:23 +0800] "GET /xingrg/all/function/internal_message.html?_=1679879845691&CODE_STATE=getMsg HTTP/1.1" 200 27
101.229.22.234 - - [27/Mar/2023:09:17:25 +0800] "GET /xingrg/all/function/internal_message.html?_=1679879844899&CODE_STATE=getMsg HTTP/1.1" 200 27
117.143.50.161 - - [27/Mar/2023:09:17:26 +0800] "GET /xingrg/all/function/internal_message.html?_=1679879869832&CODE_STATE=getMsg HTTP/1.1" 200 27
116.224.106.218 - - [27/Mar/2023:09:17:34 +0800] "GET /xingrg/all/function/internal_message.html?_=1679879853799&CODE_STATE=getMsg HTTP/1.1" 200 27
222.70.182.87 - - [27/Mar/2023:09:17:38 +0800] "POST /xingrg/kc/buy/cgsh_order_operate.html HTTP/1.1" 200 37
114.83.216.127 - - [27/Mar/2023:09:17:40 +0800] "GET /xingrg/all/function/internal_message.html?_=1679879859683&CODE_STATE=getMsg HTTP/1.1" 200 27
222.70.182.87 - - [27/Mar/2023:09:17:40 +0800] "POST /xingrg/kc/buy/cgsh_order_operate.html HTTP/1.1" 200 4452
58.221.95.50 - - [27/Mar/2023:09:17:42 +0800] "GET /xingrg/all/function/internal_message.html?_=1679879862461&CODE_STATE=getMsg HTTP/1.1" 200 27
222.70.182.87 - - [27/Mar/2023:09:17:42 +0800] "GET /xingrg/kc/print/load_data.html?order_code=212023032710103&kc_code=cgsh&condition= HTTP/1.1" 200 1366
180.163.28.68 - - [27/Mar/2023:09:17:43 +0800] "GET /xingrg/all/function/internal_message.html?_=1679879804897&CODE_STATE=getMsg HTTP/1.1" 302 -
180.163.28.68 - - [27/Mar/2023:09:17:43 +0800] "GET /xingrg/login.html HTTP/1.1" 200 7641
124.78.155.10 - - [27/Mar/2023:09:17:43 +0800] "GET /xingrg/all/function/internal_message.html?_=1679879864869&CODE_STATE=getMsg HTTP/1.1" 200 27
114.83.216.127 - - [27/Mar/2023:09:17:43 +0800] "GET /xingrg/kc/buy/cgsh_order_operate.html?command=get_materiel&rest_code=00149&code=00101006109&supplier_code=00100012&order_time=2023-03-27 HTTP/1.1" 200 409
120.253.135.82 - - [27/Mar/2023:09:17:45 +0800] "GET /xingrg/all/function/internal_message.html?_=1679879997237&CODE_STATE=getMsg HTTP/1.1" 302 -
120.253.135.82 - - [27/Mar/2023:09:17:45 +0800] "GET /xingrg/check_reg.html?_=1679879997238 HTTP/1.1" 302 -
120.253.135.82 - - [27/Mar/2023:09:17:45 +0800] "GET /xingrg/login.html HTTP/1.1" 200 7641
120.253.135.82 - - [27/Mar/2023:09:17:45 +0800] "GET /xingrg/login.html HTTP/1.1" 200 7641
222.70.182.87 - - [27/Mar/2023:09:17:50 +0800] "POST /xingrg/kc/buy/cgsh_list_operate.html HTTP/1.1" 200 495
222.70.182.87 - - [27/Mar/2023:09:17:52 +0800] "GET /xingrg/kc/buy/cgsh_order_info.html?code=212023032710097 HTTP/1.1" 200 69926
222.70.182.87 - - [27/Mar/2023:09:17:52 +0800] "GET /xingrg/javascript/easyui/themes/default/validatebox.css HTTP/1.1" 404 1104
114.83.216.127 - - [27/Mar/2023:09:17:53 +0800] "POST /xingrg/kc/buy/cgsh_order_operate.html HTTP/1.1" 200 37
222.70.182.87 - - [27/Mar/2023:09:17:53 +0800] "POST /xingrg/kc/buy/cgsh_order_operate.html HTTP/1.1" 200 5030
222.70.182.87 - - [27/Mar/2023:09:17:54 +0800] "GET /xingrg/check_reg.html?_=1679879874589 HTTP/1.1" 200 22
222.70.182.87 - - [27/Mar/2023:09:17:54 +0800] "GET /xingrg/all/function/internal_message.html?_=1679879874590&CODE_STATE=getMsg HTTP/1.1" 200 27
222.70.182.87 - - [27/Mar/2023:09:17:55 +0800] "GET /xingrg/kc/print/load_data.html?order_code=212023032710097&kc_code=cgsh&condition= HTTP/1.1" 200 1636
114.83.216.127 - - [27/Mar/2023:09:18:00 +0800] "POST /xingrg/kc/buy/cgsh_order_operate.html HTTP/1.1" 200 12
114.83.216.127 - - [27/Mar/2023:09:18:01 +0800] "GET /xingrg/kc/buy/cgsh_order_info.html?code=212023032710104 HTTP/1.1" 200 64951
114.83.216.127 - - [27/Mar/2023:09:18:02 +0800] "GET /xingrg/javascript/easyui/themes/default/validatebox.css HTTP/1.1" 404 1104
114.83.216.127 - - [27/Mar/2023:09:18:02 +0800] "POST /xingrg/kc/buy/cgsh_order_operate.html HTTP/1.1" 200 2411
114.83.216.127 - - [27/Mar/2023:09:18:06 +0800] "GET /xingrg/kc/print/load_config.html?kc_code=cgsh HTTP/1.1" 200 1925
114.83.216.127 - - [27/Mar/2023:09:18:06 +0800] "GET /xingrg/kc/print/load_data.html?order_code=212023032710104&kc_code=cgsh&condition= HTTP/1.1" 200 1505
114.83.216.127 - - [27/Mar/2023:09:18:11 +0800] "GET /xingrg/kc/buy/cgsh_order_add.html HTTP/1.1" 200 70049
114.83.216.127 - - [27/Mar/2023:09:18:12 +0800] "POST /xingrg/kc/buy/cgsh_order_operate.html HTTP/1.1" 200 8245
114.83.216.127 - - [27/Mar/2023:09:18:12 +0800] "GET /xingrg/javascript/easyui/themes/default/validatebox.css HTTP/1.1" 404 1104
116.238.139.35 - - [27/Mar/2023:09:18:12 +0800] "GET /xingrg/all/function/internal_message.html?_=1679879894493&CODE_STATE=getMsg HTTP/1.1" 200 27
116.238.139.35 - - [27/Mar/2023:09:18:13 +0800] "GET /xingrg/check_reg.html?_=1679879894855 HTTP/1.1" 200 22
222.70.221.209 - - [27/Mar/2023:09:18:14 +0800] "GET /xingrg/all/function/internal_message.html?_=1679879992656&CODE_STATE=getMsg HTTP/1.1" 200 27
222.70.168.128 - - [27/Mar/2023:09:18:23 +0800] "GET /xingrg/all/function/internal_message.html?_=1679879905351&CODE_STATE=getMsg HTTP/1.1" 200 27
116.224.158.100 - - [27/Mar/2023:09:18:24 +0800] "GET /xingrg/all/function/internal_message.html?_=1679879905692&CODE_STATE=getMsg HTTP/1.1" 200 27
101.229.22.234 - - [27/Mar/2023:09:18:25 +0800] "GET /xingrg/all/function/internal_message.html?_=1679879904899&CODE_STATE=getMsg HTTP/1.1" 200 27
117.135.169.143 - - [27/Mar/2023:09:18:26 +0800] "GET /xingrg/all/function/internal_message.html?_=1679879869832&CODE_STATE=getMsg HTTP/1.1" 302 -
117.143.50.161 - - [27/Mar/2023:09:18:26 +0800] "GET /xingrg/all/function/internal_message.html?_=1679879929836&CODE_STATE=getMsg HTTP/1.1" 200 27
117.135.169.143 - - [27/Mar/2023:09:18:26 +0800] "GET /xingrg/login.html HTTP/1.1" 200 7641
114.83.216.127 - - [27/Mar/2023:09:18:26 +0800] "GET /xingrg/kc/buy/cgsh_order_operate.html?command=get_materiel&rest_code=00149&code=00101002027&supplier_code=00100039&order_time=2023-03-27 HTTP/1.1" 200 413
116.224.106.218 - - [27/Mar/2023:09:18:34 +0800] "GET /xingrg/all/function/internal_message.html?_=1679879913788&CODE_STATE=getMsg HTTP/1.1" 200 27
114.83.216.127 - - [27/Mar/2023:09:18:38 +0800] "GET /xingrg/kc/buy/cgsh_order_operate.html?command=get_materiel&rest_code=00149&code=00101001044&supplier_code=00100039&order_time=2023-03-27 HTTP/1.1" 200 411
114.83.216.127 - - [27/Mar/2023:09:18:40 +0800] "GET /xingrg/all/function/internal_message.html?_=1679879919680&CODE_STATE=getMsg HTTP/1.1" 200 27
58.221.95.50 - - [27/Mar/2023:09:18:42 +0800] "GET /xingrg/all/function/internal_message.html?_=1679879922457&CODE_STATE=getMsg HTTP/1.1" 200 27
180.163.29.219 - - [27/Mar/2023:09:18:43 +0800] "GET /xingrg/all/function/internal_message.html?_=1679879864869&CODE_STATE=getMsg HTTP/1.1" 302 -
180.163.29.219 - - [27/Mar/2023:09:18:43 +0800] "GET /xingrg/login.html HTTP/1.1" 200 7641
124.78.155.10 - - [27/Mar/2023:09:18:43 +0800] "GET /xingrg/all/function/internal_message.html?_=1679879924840&CODE_STATE=getMsg HTTP/1.1" 200 27
124.78.155.10 - - [27/Mar/2023:09:18:43 +0800] "GET /xingrg/check_reg.html?_=1679879924954 HTTP/1.1" 200 22
120.253.135.82 - - [27/Mar/2023:09:18:45 +0800] "GET /xingrg/all/function/internal_message.html?_=1679880057242&CODE_STATE=getMsg HTTP/1.1" 302 -
120.253.135.82 - - [27/Mar/2023:09:18:45 +0800] "GET /xingrg/login.html HTTP/1.1" 200 7641
114.83.216.127 - - [27/Mar/2023:09:18:53 +0800] "GET /xingrg/kc/buy/cgsh_order_operate.html?command=get_materiel&rest_code=00149&code=00101002034&supplier_code=00100039&order_time=2023-03-27 HTTP/1.1" 200 409
222.70.182.87 - - [27/Mar/2023:09:18:54 +0800] "GET /xingrg/all/function/internal_message.html?_=1679879934600&CODE_STATE=getMsg HTTP/1.1" 200 27
180.157.253.110 - - [27/Mar/2023:09:19:04 +0800] "POST /xingrg/services/DataTransmitService HTTP/1.1" 200 524
114.83.216.127 - - [27/Mar/2023:09:19:07 +0800] "GET /xingrg/kc/buy/cgsh_order_operate.html?command=get_materiel&rest_code=00149&code=00101001075&supplier_code=00100039&order_time=2023-03-27 HTTP/1.1" 200 411
116.238.139.35 - - [27/Mar/2023:09:19:12 +0800] "GET /xingrg/all/function/internal_message.html?_=1679879954466&CODE_STATE=getMsg HTTP/1.1" 200 27
222.70.221.209 - - [27/Mar/2023:09:19:14 +0800] "GET /xingrg/check_reg.html?_=1679880052650 HTTP/1.1" 200 22
222.70.221.209 - - [27/Mar/2023:09:19:14 +0800] "GET /xingrg/all/function/internal_message.html?_=1679880052656&CODE_STATE=getMsg HTTP/1.1" 200 27
58.221.95.50 - - [27/Mar/2023:09:19:17 +0800] "GET /xingrg/check_reg.html?_=1679879957968 HTTP/1.1" 200 22
222.70.168.128 - - [27/Mar/2023:09:19:23 +0800] "GET /xingrg/all/function/internal_message.html?_=1679879965355&CODE_STATE=getMsg HTTP/1.1" 200 27
116.224.158.100 - - [27/Mar/2023:09:19:23 +0800] "GET /xingrg/all/function/internal_message.html?_=1679879965697&CODE_STATE=getMsg HTTP/1.1" 200 27
116.224.158.100 - - [27/Mar/2023:09:19:24 +0800] "GET /xingrg/check_reg.html?_=1679879965693 HTTP/1.1" 200 22
101.229.22.234 - - [27/Mar/2023:09:19:25 +0800] "GET /xingrg/all/function/internal_message.html?_=1679879964898&CODE_STATE=getMsg HTTP/1.1" 200 27
101.229.22.234 - - [27/Mar/2023:09:19:25 +0800] "GET /xingrg/check_reg.html?_=1679879964901 HTTP/1.1" 200 22
117.143.50.161 - - [27/Mar/2023:09:19:26 +0800] "GET /xingrg/all/function/internal_message.html?_=1679879989841&CODE_STATE=getMsg HTTP/1.1" 200 27
117.135.173.70 - - [27/Mar/2023:09:19:26 +0800] "GET /xingrg/all/function/internal_message.html?_=1679879929836&CODE_STATE=getMsg HTTP/1.1" 302 -
117.135.173.70 - - [27/Mar/2023:09:19:26 +0800] "GET /xingrg/login.html HTTP/1.1" 200 7641
116.224.106.218 - - [27/Mar/2023:09:19:34 +0800] "GET /xingrg/all/function/internal_message.html?_=1679879973775&CODE_STATE=getMsg HTTP/1.1" 200 27
114.83.216.127 - - [27/Mar/2023:09:19:39 +0800] "GET /xingrg/kc/buy/cgsh_order_operate.html?command=get_materiel&rest_code=00149&code=00101001060&supplier_code=00100039&order_time=2023-03-27 HTTP/1.1" 200 421
114.83.216.127 - - [27/Mar/2023:09:19:40 +0800] "GET /xingrg/all/function/internal_message.html?_=1679879979684&CODE_STATE=getMsg HTTP/1.1" 200 27
58.221.95.50 - - [27/Mar/2023:09:19:42 +0800] "GET /xingrg/all/function/internal_message.html?_=1679879982436&CODE_STATE=getMsg HTTP/1.1" 200 27
180.163.29.103 - - [27/Mar/2023:09:19:43 +0800] "GET /xingrg/all/function/internal_message.html?_=1679879924840&CODE_STATE=getMsg HTTP/1.1" 302 -
180.163.29.103 - - [27/Mar/2023:09:19:43 +0800] "GET /xingrg/login.html HTTP/1.1" 200 7641
124.78.155.10 - - [27/Mar/2023:09:19:43 +0800] "GET /xingrg/all/function/internal_message.html?_=1679879984814&CODE_STATE=getMsg HTTP/1.1" 200 27
120.253.135.82 - - [27/Mar/2023:09:19:45 +0800] "GET /xingrg/all/function/internal_message.html?_=1679880117253&CODE_STATE=getMsg HTTP/1.1" 302 -
120.253.135.82 - - [27/Mar/2023:09:19:45 +0800] "GET /xingrg/login.html HTTP/1.1" 200 7641
172.20.0.100 - - [27/Mar/2023:09:19:54 +0800] "GET /xingrg/check_reg.html?_=1679879995156 HTTP/1.1" 302 -
222.70.182.87 - - [27/Mar/2023:09:19:54 +0800] "GET /xingrg/all/function/internal_message.html?_=1679879994599&CODE_STATE=getMsg HTTP/1.1" 200 27
114.83.216.127 - - [27/Mar/2023:09:19:59 +0800] "GET /xingrg/kc/buy/cgsh_order_operate.html?command=get_materiel&rest_code=00149&code=00101001002&supplier_code=00100039&order_time=2023-03-27 HTTP/1.1" 200 413
116.238.139.35 - - [27/Mar/2023:09:20:12 +0800] "GET /xingrg/all/function/internal_message.html?_=1679880014455&CODE_STATE=getMsg HTTP/1.1" 200 27
222.70.221.209 - - [27/Mar/2023:09:20:14 +0800] "GET /xingrg/all/function/internal_message.html?_=1679880112645&CODE_STATE=getMsg HTTP/1.1" 200 27
114.83.216.127 - - [27/Mar/2023:09:20:23 +0800] "GET /xingrg/kc/buy/cgsh_order_operate.html?command=get_materiel&rest_code=00149&code=00101007214&supplier_code=00100039&order_time=2023-03-27 HTTP/1.1" 200 398
116.224.158.100 - - [27/Mar/2023:09:20:24 +0800] "GET /xingrg/all/function/internal_message.html?_=1679880025697&CODE_STATE=getMsg HTTP/1.1" 200 27
222.70.168.128 - - [27/Mar/2023:09:20:24 +0800] "GET /xingrg/all/function/internal_message.html?_=1679880025991&CODE_STATE=getMsg HTTP/1.1" 200 27
101.229.22.234 - - [27/Mar/2023:09:20:25 +0800] "GET /xingrg/all/function/internal_message.html?_=1679880024901&CODE_STATE=getMsg HTTP/1.1" 200 27
117.135.173.70 - - [27/Mar/2023:09:20:26 +0800] "GET /xingrg/all/function/internal_message.html?_=1679879989841&CODE_STATE=getMsg HTTP/1.1" 302 -
117.135.173.70 - - [27/Mar/2023:09:20:26 +0800] "GET /xingrg/login.html HTTP/1.1" 200 7641
117.143.50.161 - - [27/Mar/2023:09:20:26 +0800] "GET /xingrg/all/function/internal_message.html?_=1679880049829&CODE_STATE=getMsg HTTP/1.1" 200 27
117.143.50.161 - - [27/Mar/2023:09:20:26 +0800] "GET /xingrg/check_reg.html?_=1679880049834 HTTP/1.1" 200 22
116.224.106.218 - - [27/Mar/2023:09:20:34 +0800] "GET /xingrg/all/function/internal_message.html?_=1679880033760&CODE_STATE=getMsg HTTP/1.1" 200 27
114.83.216.127 - - [27/Mar/2023:09:20:40 +0800] "GET /xingrg/all/function/internal_message.html?_=1679880039684&CODE_STATE=getMsg HTTP/1.1" 200 27
58.221.95.50 - - [27/Mar/2023:09:20:42 +0800] "GET /xingrg/all/function/internal_message.html?_=1679880042430&CODE_STATE=getMsg HTTP/1.1" 200 27
124.78.155.10 - - [27/Mar/2023:09:20:43 +0800] "GET /xingrg/all/function/internal_message.html?_=1679880044785&CODE_STATE=getMsg HTTP/1.1" 200 27
114.83.216.127 - - [27/Mar/2023:09:20:43 +0800] "GET /xingrg/kc/buy/cgsh_order_operate.html?command=get_materiel&rest_code=00149&code=00101001061&supplier_code=00100039&order_time=2023-03-27 HTTP/1.1" 200 419
120.253.135.82 - - [27/Mar/2023:09:20:45 +0800] "GET /xingrg/all/function/internal_message.html?_=1679880177270&CODE_STATE=getMsg HTTP/1.1" 302 -
120.253.135.82 - - [27/Mar/2023:09:20:45 +0800] "GET /xingrg/login.html HTTP/1.1" 200 7641
222.70.182.87 - - [27/Mar/2023:09:20:54 +0800] "GET /xingrg/all/function/internal_message.html?_=1679880054599&CODE_STATE=getMsg HTTP/1.1" 200 27
116.224.106.218 - - [27/Mar/2023:09:20:55 +0800] "GET /xingrg/check_reg.html?_=1679880055648 HTTP/1.1" 200 22
222.70.182.87 - - [27/Mar/2023:09:20:58 +0800] "GET /xingrg/kc/buy/cgsh_order_add.html HTTP/1.1" 200 69917
222.70.182.87 - - [27/Mar/2023:09:20:58 +0800] "POST /xingrg/kc/buy/cgsh_order_operate.html HTTP/1.1" 200 8245
222.70.182.87 - - [27/Mar/2023:09:20:58 +0800] "GET /xingrg/javascript/easyui/themes/default/validatebox.css HTTP/1.1" 404 1104
114.83.216.127 - - [27/Mar/2023:09:20:58 +0800] "POST /xingrg/kc/buy/cgsh_order_operate.html HTTP/1.1" 200 37
114.83.216.127 - - [27/Mar/2023:09:21:04 +0800] "POST /xingrg/kc/buy/cgsh_order_operate.html HTTP/1.1" 200 12
114.83.216.127 - - [27/Mar/2023:09:21:07 +0800] "GET /xingrg/kc/buy/cgsh_order_info.html?code=212023032710105 HTTP/1.1" 200 64951
114.83.216.127 - - [27/Mar/2023:09:21:07 +0800] "GET /xingrg/javascript/easyui/themes/default/validatebox.css HTTP/1.1" 404 1104
114.83.216.127 - - [27/Mar/2023:09:21:08 +0800] "POST /xingrg/kc/buy/cgsh_order_operate.html HTTP/1.1" 200 4766
222.70.182.87 - - [27/Mar/2023:09:21:09 +0800] "GET /xingrg/kc/buy/cgsh_order_operate.html?command=get_materiel&rest_code=00111&code=00102002453&supplier_code=00100068&order_time=2023-03-27 HTTP/1.1" 200 433
114.83.216.127 - - [27/Mar/2023:09:21:10 +0800] "GET /xingrg/kc/print/load_data.html?order_code=212023032710105&kc_code=cgsh&condition= HTTP/1.1" 200 2314
116.238.139.35 - - [27/Mar/2023:09:21:12 +0800] "GET /xingrg/all/function/internal_message.html?_=1679880074440&CODE_STATE=getMsg HTTP/1.1" 200 27
222.70.221.209 - - [27/Mar/2023:09:21:14 +0800] "GET /xingrg/all/function/internal_message.html?_=1679880172654&CODE_STATE=getMsg HTTP/1.1" 200 27
222.70.168.128 - - [27/Mar/2023:09:21:15 +0800] "GET /xingrg/check_reg.html?_=1679880077066 HTTP/1.1" 200 22
222.70.182.87 - - [27/Mar/2023:09:21:19 +0800] "GET /xingrg/kc/buy/cgsh_order_operate.html?command=get_materiel&rest_code=00111&code=00102002586&supplier_code=00100068&order_time=2023-03-27 HTTP/1.1" 200 438
116.224.158.100 - - [27/Mar/2023:09:21:24 +0800] "GET /xingrg/all/function/internal_message.html?_=1679880085698&CODE_STATE=getMsg HTTP/1.1" 200 27
222.70.168.128 - - [27/Mar/2023:09:21:24 +0800] "GET /xingrg/all/function/internal_message.html?_=1679880086005&CODE_STATE=getMsg HTTP/1.1" 200 27
101.229.22.234 - - [27/Mar/2023:09:21:25 +0800] "GET /xingrg/all/function/internal_message.html?_=1679880084901&CODE_STATE=getMsg HTTP/1.1" 200 27
117.135.169.143 - - [27/Mar/2023:09:21:26 +0800] "GET /xingrg/check_reg.html?_=1679880049834 HTTP/1.1" 302 -
117.143.50.161 - - [27/Mar/2023:09:21:26 +0800] "GET /xingrg/all/function/internal_message.html?_=1679880109833&CODE_STATE=getMsg HTTP/1.1" 200 27
117.135.169.143 - - [27/Mar/2023:09:21:26 +0800] "GET /xingrg/login.html HTTP/1.1" 200 7641
222.70.182.87 - - [27/Mar/2023:09:21:28 +0800] "POST /xingrg/kc/buy/cgsh_order_operate.html HTTP/1.1" 200 37
222.70.182.87 - - [27/Mar/2023:09:21:30 +0800] "POST /xingrg/kc/buy/cgsh_order_operate.html HTTP/1.1" 200 3268
114.83.216.127 - - [27/Mar/2023:09:21:30 +0800] "GET /xingrg/kc/buy/cgsh_order_add.html HTTP/1.1" 200 70049
114.83.216.127 - - [27/Mar/2023:09:21:31 +0800] "POST /xingrg/kc/buy/cgsh_order_operate.html HTTP/1.1" 200 8245
114.83.216.127 - - [27/Mar/2023:09:21:31 +0800] "GET /xingrg/javascript/easyui/themes/default/validatebox.css HTTP/1.1" 404 1104
222.70.182.87 - - [27/Mar/2023:09:21:31 +0800] "GET /xingrg/kc/print/load_data.html?order_code=212023032710106&kc_code=cgsh&condition= HTTP/1.1" 200 957
116.224.106.218 - - [27/Mar/2023:09:21:33 +0800] "GET /xingrg/all/function/internal_message.html?_=1679880093730&CODE_STATE=getMsg HTTP/1.1" 200 27
222.70.182.87 - - [27/Mar/2023:09:21:36 +0800] "GET /xingrg/kc/buy/cgsh_order_add.html HTTP/1.1" 200 69917
222.70.182.87 - - [27/Mar/2023:09:21:36 +0800] "POST /xingrg/kc/buy/cgsh_order_operate.html HTTP/1.1" 200 8245
222.70.182.87 - - [27/Mar/2023:09:21:36 +0800] "GET /xingrg/javascript/easyui/themes/default/validatebox.css HTTP/1.1" 404 1104
114.83.216.127 - - [27/Mar/2023:09:21:40 +0800] "GET /xingrg/check_reg.html?_=1679880099681 HTTP/1.1" 200 22
114.83.216.127 - - [27/Mar/2023:09:21:40 +0800] "GET /xingrg/all/function/internal_message.html?_=1679880099685&CODE_STATE=getMsg HTTP/1.1" 200 27
58.221.95.50 - - [27/Mar/2023:09:21:41 +0800] "GET /xingrg/all/function/internal_message.html?_=1679880102404&CODE_STATE=getMsg HTTP/1.1" 200 27
