116.225.84.253 - - [24/Mar/2023:08:46:41 +0800] "GET /xingrg/check_reg.html?_=1679618804724 HTTP/1.1" 200 22
116.225.84.253 - - [24/Mar/2023:08:46:41 +0800] "GET /xingrg/all/function/internal_message.html?_=1679618804728&CODE_STATE=getMsg HTTP/1.1" 200 27
116.225.84.253 - - [24/Mar/2023:08:46:42 +0800] "POST /xingrg/kc/base/wldb_order_operate.html HTTP/1.1" 200 37
116.225.84.253 - - [24/Mar/2023:08:46:42 +0800] "POST /xingrg/kc/base/wldb_order_operate.html HTTP/1.1" 200 2200
116.235.244.121 - - [24/Mar/2023:08:46:43 +0800] "GET /xingrg/kc/buy/cgsh_order_operate.html?command=get_materiel&rest_code=00146&code=00101008070&supplier_code=00100005&order_time=2023-03-24 HTTP/1.1" 200 412
116.225.84.253 - - [24/Mar/2023:08:46:43 +0800] "GET /xingrg/kc/base/wldb_order_info.html?code=422023032401952 HTTP/1.1" 200 30395
116.192.124.172 - - [24/Mar/2023:08:46:43 +0800] "GET /xingrg/all/function/internal_message.html?_=1679618803338&CODE_STATE=getMsg HTTP/1.1" 200 27
116.225.84.253 - - [24/Mar/2023:08:46:43 +0800] "GET /xingrg/javascript/easyui/themes/default/validatebox.css HTTP/1.1" 404 1104
116.225.84.253 - - [24/Mar/2023:08:46:44 +0800] "POST /xingrg/kc/base/wldb_order_operate.html HTTP/1.1" 200 2200
116.238.139.35 - - [24/Mar/2023:08:47:00 +0800] "GET /xingrg/all/function/internal_message.html?_=1679618742890&CODE_STATE=getMsg HTTP/1.1" 200 27
58.221.95.50 - - [24/Mar/2023:08:47:00 +0800] "GET /xingrg/all/function/internal_message.html?_=1679618821305&CODE_STATE=getMsg HTTP/1.1" 200 27
116.238.139.35 - - [24/Mar/2023:08:47:04 +0800] "GET /xingrg/kc/buy/cgsh_order_list.html HTTP/1.1" 200 54185
116.238.139.35 - - [24/Mar/2023:08:47:06 +0800] "POST /xingrg/kc/buy/cgsh_list_operate.html HTTP/1.1" 200 986
116.192.124.172 - - [24/Mar/2023:08:47:07 +0800] "GET /xingrg/all/function/internal_message.html?_=1679618827195&CODE_STATE=getMsg HTTP/1.1" 200 27
116.238.139.35 - - [24/Mar/2023:08:47:07 +0800] "GET /xingrg/kc/buy/cgsh_order_add.html HTTP/1.1" 200 70005
116.238.139.35 - - [24/Mar/2023:08:47:07 +0800] "GET /xingrg/words/20230323140141_words.js HTTP/1.1" 304 -
116.238.139.35 - - [24/Mar/2023:08:47:08 +0800] "POST /xingrg/kc/buy/cgsh_order_operate.html HTTP/1.1" 200 8245
116.238.139.35 - - [24/Mar/2023:08:47:08 +0800] "GET /xingrg/javascript/easyui/themes/default/validatebox.css HTTP/1.1" 404 1104
116.238.139.35 - - [24/Mar/2023:08:47:08 +0800] "GET /xingrg/all/common/auto_word.html?type=employee&rest_code=00150 HTTP/1.1" 200 159
116.238.139.35 - - [24/Mar/2023:08:47:08 +0800] "GET /xingrg/all/common/auto_word.html?type=employee&rest_code=00150 HTTP/1.1" 200 159
222.70.221.209 - - [24/Mar/2023:08:47:19 +0800] "GET /xingrg/check_reg.html?_=1679618943083 HTTP/1.1" 200 22
222.70.221.209 - - [24/Mar/2023:08:47:19 +0800] "GET /xingrg/all/function/internal_message.html?_=1679618943712&CODE_STATE=getMsg HTTP/1.1" 200 27
116.225.84.253 - - [24/Mar/2023:08:47:20 +0800] "GET /xingrg/kc/base/base_main.html HTTP/1.1" 200 12142
116.225.84.253 - - [24/Mar/2023:08:47:20 +0800] "POST /xingrg/kc/buy/cgsh_order_operate.html HTTP/1.1" 200 37
116.235.244.121 - - [24/Mar/2023:08:47:21 +0800] "GET /xingrg/kc/buy/cgsh_order_operate.html?command=get_materiel&rest_code=00146&code=00101008387&supplier_code=00100005&order_time=2023-03-24 HTTP/1.1" 200 412
116.225.84.253 - - [24/Mar/2023:08:47:22 +0800] "GET /xingrg/kc/base/wldb_order_list.html HTTP/1.1" 200 19098
116.225.84.253 - - [24/Mar/2023:08:47:22 +0800] "POST /xingrg/kc/base/wldb_list_operate.html HTTP/1.1" 200 1771
116.238.139.35 - - [24/Mar/2023:08:47:24 +0800] "GET /xingrg/kc/buy/cgsh_order_operate.html?command=get_materiel&rest_code=00150&code=00101008261&supplier_code=00100008&order_time=2023-03-24 HTTP/1.1" 200 408
116.235.244.121 - - [24/Mar/2023:08:47:26 +0800] "GET /xingrg/all/function/internal_message.html?_=1679618863527&CODE_STATE=getMsg HTTP/1.1" 200 27
116.225.84.253 - - [24/Mar/2023:08:47:33 +0800] "GET /xingrg/all/function/internal_message.html?_=1679618697471&CODE_STATE=getMsg HTTP/1.1" 200 27
116.238.139.35 - - [24/Mar/2023:08:47:37 +0800] "GET /xingrg/kc/buy/cgsh_order_operate.html?command=get_materiel&rest_code=00150&code=00101008042&supplier_code=00100008&order_time=2023-03-24 HTTP/1.1" 200 416
116.238.139.35 - - [24/Mar/2023:08:47:39 +0800] "GET /xingrg/all/function/internal_message.html?_=1679618860579&CODE_STATE=getMsg HTTP/1.1" 200 27
116.192.124.172 - - [24/Mar/2023:08:47:43 +0800] "GET /xingrg/all/function/internal_message.html?_=1679618863311&CODE_STATE=getMsg HTTP/1.1" 200 27
116.235.244.121 - - [24/Mar/2023:08:47:43 +0800] "GET /xingrg/kc/buy/cgsh_order_operate.html?command=get_materiel&rest_code=00146&code=00101008225&supplier_code=00100005&order_time=2023-03-24 HTTP/1.1" 200 416
116.192.124.172 - - [24/Mar/2023:08:47:44 +0800] "GET /xingrg/check_reg.html?_=1679618864341 HTTP/1.1" 200 22
116.238.139.35 - - [24/Mar/2023:08:47:44 +0800] "GET /xingrg/kc/buy/cgsh_order_operate.html?command=get_materiel&rest_code=00150&code=00101008210&supplier_code=00100008&order_time=2023-03-24 HTTP/1.1" 200 408
116.238.139.35 - - [24/Mar/2023:08:47:53 +0800] "GET /xingrg/kc/buy/cgsh_order_operate.html?command=get_materiel&rest_code=00150&code=00101008027&supplier_code=00100008&order_time=2023-03-24 HTTP/1.1" 200 409
116.235.244.121 - - [24/Mar/2023:08:47:57 +0800] "GET /xingrg/kc/buy/cgsh_order_operate.html?command=get_materiel&rest_code=00146&code=00101008274&supplier_code=00100005&order_time=2023-03-24 HTTP/1.1" 200 412
116.238.139.35 - - [24/Mar/2023:08:48:00 +0800] "GET /xingrg/all/function/internal_message.html?_=1679618802972&CODE_STATE=getMsg HTTP/1.1" 200 27
58.221.95.50 - - [24/Mar/2023:08:48:00 +0800] "GET /xingrg/all/function/internal_message.html?_=1679618881282&CODE_STATE=getMsg HTTP/1.1" 200 27
116.238.139.35 - - [24/Mar/2023:08:48:00 +0800] "GET /xingrg/kc/buy/cgsh_order_operate.html?command=get_materiel&rest_code=00150&code=00101008037&supplier_code=00100008&order_time=2023-03-24 HTTP/1.1" 200 415
116.235.244.121 - - [24/Mar/2023:08:48:06 +0800] "POST /xingrg/kc/buy/cgsh_order_operate.html HTTP/1.1" 200 2065
116.192.124.172 - - [24/Mar/2023:08:48:07 +0800] "GET /xingrg/all/function/internal_message.html?_=1679618887208&CODE_STATE=getMsg HTTP/1.1" 200 27
222.70.221.209 - - [24/Mar/2023:08:48:19 +0800] "GET /xingrg/all/function/internal_message.html?_=1679619003703&CODE_STATE=getMsg HTTP/1.1" 200 27
116.238.139.35 - - [24/Mar/2023:08:48:20 +0800] "GET /xingrg/kc/buy/cgsh_order_operate.html?command=get_materiel&rest_code=00150&code=00101008337&supplier_code=00100008&order_time=2023-03-24 HTTP/1.1" 200 408
116.225.84.253 - - [24/Mar/2023:08:48:20 +0800] "POST /xingrg/kc/buy/cgsh_order_operate.html HTTP/1.1" 200 5022
116.225.84.253 - - [24/Mar/2023:08:48:23 +0800] "GET /xingrg/kc/buy/cgsh_order_add.html HTTP/1.1" 200 70043
116.225.84.253 - - [24/Mar/2023:08:48:23 +0800] "GET /xingrg/javascript/easyui/themes/default/validatebox.css HTTP/1.1" 404 1104
116.235.244.121 - - [24/Mar/2023:08:48:23 +0800] "GET /xingrg/kc/buy/cgsh_order_operate.html?command=get_materiel&rest_code=00146&code=00101008242&supplier_code=00100005&order_time=2023-03-24 HTTP/1.1" 200 408
116.225.84.253 - - [24/Mar/2023:08:48:23 +0800] "POST /xingrg/kc/buy/cgsh_order_operate.html HTTP/1.1" 200 8245
116.235.244.121 - - [24/Mar/2023:08:48:26 +0800] "GET /xingrg/all/function/internal_message.html?_=1679618923541&CODE_STATE=getMsg HTTP/1.1" 200 27
116.238.139.35 - - [24/Mar/2023:08:48:28 +0800] "GET /xingrg/kc/buy/cgsh_order_operate.html?command=get_materiel&rest_code=00150&code=00101008350&supplier_code=00100008&order_time=2023-03-24 HTTP/1.1" 200 408
116.225.84.253 - - [24/Mar/2023:08:48:33 +0800] "GET /xingrg/all/function/internal_message.html?_=1679618757476&CODE_STATE=getMsg HTTP/1.1" 200 27
116.238.139.35 - - [24/Mar/2023:08:48:39 +0800] "GET /xingrg/all/function/internal_message.html?_=1679618920562&CODE_STATE=getMsg HTTP/1.1" 200 27
116.225.84.253 - - [24/Mar/2023:08:48:41 +0800] "GET /xingrg/all/function/internal_message.html?_=1679618924756&CODE_STATE=getMsg HTTP/1.1" 200 27
116.192.124.172 - - [24/Mar/2023:08:48:43 +0800] "GET /xingrg/all/function/internal_message.html?_=1679618923285&CODE_STATE=getMsg HTTP/1.1" 200 27
116.235.244.121 - - [24/Mar/2023:08:48:47 +0800] "POST /xingrg/kc/buy/cgsh_order_operate.html HTTP/1.1" 200 37
116.225.84.253 - - [24/Mar/2023:08:48:50 +0800] "GET /xingrg/kc/buy/cgsh_order_operate.html?command=get_materiel&rest_code=00105&code=00101008312&supplier_code=00100203&order_time=2023-03-24 HTTP/1.1" 200 23
116.235.244.121 - - [24/Mar/2023:08:48:51 +0800] "POST /xingrg/kc/buy/cgsh_order_operate.html HTTP/1.1" 200 27491
116.238.139.35 - - [24/Mar/2023:08:49:00 +0800] "GET /xingrg/all/function/internal_message.html?_=1679618862980&CODE_STATE=getMsg HTTP/1.1" 200 27
58.221.95.50 - - [24/Mar/2023:08:49:00 +0800] "GET /xingrg/all/function/internal_message.html?_=1679618941271&CODE_STATE=getMsg HTTP/1.1" 200 27
116.225.84.253 - - [24/Mar/2023:08:49:03 +0800] "GET /xingrg/index.html?sysBaseUrl=http%3A%2F%2F180.169.147.146%3A18081%2Fxingrg%2F&costTime=36×tamp=1585222720700 HTTP/1.1" 200 17173
116.225.84.253 - - [24/Mar/2023:08:49:03 +0800] "GET /favicon.ico HTTP/1.1" 404 -
116.225.84.253 - - [24/Mar/2023:08:49:03 +0800] "GET /xingrg/check_reg.html?_=1679618946768 HTTP/1.1" 200 22
116.225.84.253 - - [24/Mar/2023:08:49:03 +0800] "GET /xingrg/all/function/internal_message.html?_=1679618946767&CODE_STATE=count HTTP/1.1" 200 11
116.225.84.253 - - [24/Mar/2023:08:49:03 +0800] "POST /xingrg/all/common/load_tree.html?tree=area_rest_tree_json&manage=1 HTTP/1.1" 200 3499
116.225.84.253 - - [24/Mar/2023:08:49:03 +0800] "POST /xingrg/load_menu.html HTTP/1.1" 200 5138
116.192.124.172 - - [24/Mar/2023:08:49:07 +0800] "GET /xingrg/check_reg.html?_=1679618947204 HTTP/1.1" 200 22
116.192.124.172 - - [24/Mar/2023:08:49:07 +0800] "GET /xingrg/all/function/internal_message.html?_=1679618947207&CODE_STATE=getMsg HTTP/1.1" 200 27
116.225.84.253 - - [24/Mar/2023:08:49:08 +0800] "GET /xingrg/kc/buy/cgsh_order_list.html HTTP/1.1" 200 54179
116.225.84.253 - - [24/Mar/2023:08:49:15 +0800] "POST /xingrg/kc/buy/cgsh_list_operate.html HTTP/1.1" 200 3155
222.70.221.209 - - [24/Mar/2023:08:49:19 +0800] "GET /xingrg/all/function/internal_message.html?_=1679619063690&CODE_STATE=getMsg HTTP/1.1" 200 27
116.225.84.253 - - [24/Mar/2023:08:49:25 +0800] "GET /xingrg/kc/buy/cgsh_order_add.html HTTP/1.1" 200 70043
116.225.84.253 - - [24/Mar/2023:08:49:25 +0800] "POST /xingrg/kc/buy/cgsh_order_operate.html HTTP/1.1" 200 8245
116.225.84.253 - - [24/Mar/2023:08:49:25 +0800] "GET /xingrg/javascript/easyui/themes/default/validatebox.css HTTP/1.1" 404 1104
116.225.84.253 - - [24/Mar/2023:08:49:25 +0800] "GET /xingrg/all/common/auto_word.html?type=employee&rest_code=00105 HTTP/1.1" 200 193
116.225.84.253 - - [24/Mar/2023:08:49:25 +0800] "GET /xingrg/all/common/auto_word.html?type=employee&rest_code=00105 HTTP/1.1" 200 193
116.235.244.121 - - [24/Mar/2023:08:49:26 +0800] "GET /xingrg/all/function/internal_message.html?_=1679618983565&CODE_STATE=getMsg HTTP/1.1" 200 27
116.225.84.253 - - [24/Mar/2023:08:49:33 +0800] "GET /xingrg/all/function/internal_message.html?_=1679618817486&CODE_STATE=getMsg HTTP/1.1" 200 27
116.225.84.253 - - [24/Mar/2023:08:49:33 +0800] "GET /xingrg/check_reg.html?_=1679618817491 HTTP/1.1" 200 22
116.238.139.35 - - [24/Mar/2023:08:49:39 +0800] "GET /xingrg/check_reg.html?_=1679618980559 HTTP/1.1" 200 22
116.238.139.35 - - [24/Mar/2023:08:49:39 +0800] "GET /xingrg/all/function/internal_message.html?_=1679618980565&CODE_STATE=getMsg HTTP/1.1" 200 27
116.235.244.121 - - [24/Mar/2023:08:49:39 +0800] "GET /xingrg/kc/buy/cgsh_order_operate.html?command=get_materiel&rest_code=00146&code=00101008134&supplier_code=00100005&order_time=2023-03-24 HTTP/1.1" 200 412
116.192.124.172 - - [24/Mar/2023:08:49:43 +0800] "GET /xingrg/all/function/internal_message.html?_=1679618983259&CODE_STATE=getMsg HTTP/1.1" 200 27
116.235.244.121 - - [24/Mar/2023:08:49:54 +0800] "GET /xingrg/kc/buy/cgsh_order_operate.html?command=get_materiel&rest_code=00146&code=00101008350&supplier_code=00100005&order_time=2023-03-24 HTTP/1.1" 200 408
116.238.139.35 - - [24/Mar/2023:08:50:00 +0800] "GET /xingrg/all/function/internal_message.html?_=1679618923062&CODE_STATE=getMsg HTTP/1.1" 200 27
58.221.95.50 - - [24/Mar/2023:08:50:00 +0800] "GET /xingrg/all/function/internal_message.html?_=1679619001245&CODE_STATE=getMsg HTTP/1.1" 200 27
116.225.84.253 - - [24/Mar/2023:08:50:03 +0800] "GET /xingrg/all/function/internal_message.html?_=1679619006797&CODE_STATE=getMsg HTTP/1.1" 200 27
116.192.124.172 - - [24/Mar/2023:08:50:07 +0800] "GET /xingrg/all/function/internal_message.html?_=1679619007208&CODE_STATE=getMsg HTTP/1.1" 200 27
116.238.139.35 - - [24/Mar/2023:08:50:14 +0800] "GET /xingrg/check_reg.html?_=1679618937284 HTTP/1.1" 200 22
116.235.244.121 - - [24/Mar/2023:08:50:15 +0800] "GET /xingrg/kc/buy/cgsh_order_operate.html?command=get_materiel&rest_code=00146&code=00101008096&supplier_code=00100005&order_time=2023-03-24 HTTP/1.1" 200 412
116.225.84.253 - - [24/Mar/2023:08:50:19 +0800] "GET /xingrg/javascript/auto/indicator.gif HTTP/1.1" 404 1066
222.70.221.209 - - [24/Mar/2023:08:50:19 +0800] "GET /xingrg/all/function/internal_message.html?_=1679619123674&CODE_STATE=getMsg HTTP/1.1" 200 27
116.235.244.121 - - [24/Mar/2023:08:50:24 +0800] "POST /xingrg/kc/buy/cgsh_order_operate.html HTTP/1.1" 200 2065
116.235.244.121 - - [24/Mar/2023:08:50:26 +0800] "GET /xingrg/all/function/internal_message.html?_=1679619043569&CODE_STATE=getMsg HTTP/1.1" 200 27
116.225.84.253 - - [24/Mar/2023:08:50:27 +0800] "GET /xingrg/kc/buy/cgsh_order_operate.html?command=get_materiel&rest_code=00105&code=00101008312&supplier_code=00100203&order_time=2023-03-24 HTTP/1.1" 200 412
116.225.84.253 - - [24/Mar/2023:08:50:33 +0800] "GET /xingrg/all/function/internal_message.html?_=1679618877480&CODE_STATE=getMsg HTTP/1.1" 200 27
116.235.244.121 - - [24/Mar/2023:08:50:36 +0800] "GET /xingrg/kc/buy/cgsh_order_operate.html?command=get_materiel&rest_code=00146&code=00101008283&supplier_code=00100005&order_time=2023-03-24 HTTP/1.1" 200 408
58.221.95.50 - - [24/Mar/2023:08:50:36 +0800] "GET /xingrg/check_reg.html?_=1679619037350 HTTP/1.1" 200 22
116.238.139.35 - - [24/Mar/2023:08:50:39 +0800] "GET /xingrg/all/function/internal_message.html?_=1679619040570&CODE_STATE=getMsg HTTP/1.1" 200 27
116.225.84.253 - - [24/Mar/2023:08:50:41 +0800] "GET /xingrg/kc/buy/cgsh_order_operate.html?command=get_materiel&rest_code=00105&code=00101008356&supplier_code=00100203&order_time=2023-03-24 HTTP/1.1" 200 408
116.192.124.172 - - [24/Mar/2023:08:50:43 +0800] "GET /xingrg/all/function/internal_message.html?_=1679619043241&CODE_STATE=getMsg HTTP/1.1" 200 27
116.235.244.121 - - [24/Mar/2023:08:50:52 +0800] "GET /xingrg/kc/buy/cgsh_order_operate.html?command=get_materiel&rest_code=00146&code=00101015004&supplier_code=00100005&order_time=2023-03-24 HTTP/1.1" 200 408
116.238.139.35 - - [24/Mar/2023:08:51:00 +0800] "GET /xingrg/all/function/internal_message.html?_=1679618983070&CODE_STATE=getMsg HTTP/1.1" 200 27
58.221.95.50 - - [24/Mar/2023:08:51:00 +0800] "GET /xingrg/all/function/internal_message.html?_=1679619061238&CODE_STATE=getMsg HTTP/1.1" 200 27
116.225.84.253 - - [24/Mar/2023:08:51:03 +0800] "GET /xingrg/all/function/internal_message.html?_=1679619066775&CODE_STATE=getMsg HTTP/1.1" 200 27
116.192.124.172 - - [24/Mar/2023:08:51:07 +0800] "GET /xingrg/all/function/internal_message.html?_=1679619067201&CODE_STATE=getMsg HTTP/1.1" 200 27
222.70.221.209 - - [24/Mar/2023:08:51:19 +0800] "GET /xingrg/all/function/internal_message.html?_=1679619183666&CODE_STATE=getMsg HTTP/1.1" 200 27
116.235.244.121 - - [24/Mar/2023:08:51:23 +0800] "GET /xingrg/check_reg.html?_=1679619101448 HTTP/1.1" 200 22
116.235.244.121 - - [24/Mar/2023:08:51:24 +0800] "GET /xingrg/kc/buy/cgsh_order_operate.html?command=get_materiel&rest_code=00146&code=00101008060&supplier_code=00100005&order_time=2023-03-24 HTTP/1.1" 200 416
116.235.244.121 - - [24/Mar/2023:08:51:26 +0800] "GET /xingrg/all/function/internal_message.html?_=1679619103583&CODE_STATE=getMsg HTTP/1.1" 200 27
116.225.84.253 - - [24/Mar/2023:08:51:29 +0800] "GET /xingrg/kc/buy/cgsh_order_operate.html?command=get_materiel&rest_code=00105&code=00101008230&supplier_code=00100203&order_time=2023-03-24 HTTP/1.1" 200 408
116.225.84.253 - - [24/Mar/2023:08:51:33 +0800] "GET /xingrg/all/function/internal_message.html?_=1679618937465&CODE_STATE=getMsg HTTP/1.1" 200 27
116.225.84.253 - - [24/Mar/2023:08:51:38 +0800] "GET /xingrg/kc/buy/cgsh_order_operate.html?command=get_materiel&rest_code=00105&code=00101008286&supplier_code=00100203&order_time=2023-03-24 HTTP/1.1" 200 408
116.238.139.35 - - [24/Mar/2023:08:51:39 +0800] "GET /xingrg/all/function/internal_message.html?_=1679619100565&CODE_STATE=getMsg HTTP/1.1" 200 27
116.235.244.121 - - [24/Mar/2023:08:51:40 +0800] "GET /xingrg/kc/buy/cgsh_order_operate.html?command=get_materiel&rest_code=00146&code=00101008095&supplier_code=00100005&order_time=2023-03-24 HTTP/1.1" 200 413
116.238.139.35 - - [24/Mar/2023:08:51:41 +0800] "GET /xingrg/kc/buy/cgsh_order_operate.html?command=get_materiel&rest_code=00150&code=00101008010&supplier_code=00100008&order_time=2023-03-24 HTTP/1.1" 200 412
116.192.124.172 - - [24/Mar/2023:08:51:43 +0800] "GET /xingrg/all/function/internal_message.html?_=1679619103220&CODE_STATE=getMsg HTTP/1.1" 200 27
116.225.84.253 - - [24/Mar/2023:08:51:47 +0800] "GET /xingrg/kc/buy/cgsh_order_operate.html?command=get_materiel&rest_code=00105&code=00101008098&supplier_code=00100203&order_time=2023-03-24 HTTP/1.1" 200 412
116.238.139.35 - - [24/Mar/2023:08:51:53 +0800] "GET /xingrg/kc/buy/cgsh_order_operate.html?command=get_materiel&rest_code=00150&code=00101008026&supplier_code=00100008&order_time=2023-03-24 HTTP/1.1" 200 409
116.238.139.35 - - [24/Mar/2023:08:52:00 +0800] "GET /xingrg/all/function/internal_message.html?_=1679619043084&CODE_STATE=getMsg HTTP/1.1" 200 27
116.238.139.35 - - [24/Mar/2023:08:52:00 +0800] "GET /xingrg/kc/buy/cgsh_order_operate.html?command=get_materiel&rest_code=00150&code=00101008096&supplier_code=00100008&order_time=2023-03-24 HTTP/1.1" 200 412
58.221.95.50 - - [24/Mar/2023:08:52:00 +0800] "GET /xingrg/all/function/internal_message.html?_=1679619121238&CODE_STATE=getMsg HTTP/1.1" 200 27
116.225.84.253 - - [24/Mar/2023:08:52:03 +0800] "GET /xingrg/all/function/internal_message.html?_=1679619126819&CODE_STATE=getMsg HTTP/1.1" 200 27
116.225.84.253 - - [24/Mar/2023:08:52:04 +0800] "GET /xingrg/kc/buy/cgsh_order_operate.html?command=get_materiel&rest_code=00105&code=00101008256&supplier_code=00100203&order_time=2023-03-24 HTTP/1.1" 200 413
116.235.244.121 - - [24/Mar/2023:08:52:05 +0800] "POST /xingrg/kc/buy/cgsh_order_operate.html HTTP/1.1" 200 2065
116.192.124.172 - - [24/Mar/2023:08:52:07 +0800] "GET /xingrg/all/function/internal_message.html?_=1679619127202&CODE_STATE=getMsg HTTP/1.1" 200 27
222.70.221.209 - - [24/Mar/2023:08:52:19 +0800] "GET /xingrg/check_reg.html?_=1679619243082 HTTP/1.1" 200 22
222.70.221.209 - - [24/Mar/2023:08:52:19 +0800] "GET /xingrg/all/function/internal_message.html?_=1679619243650&CODE_STATE=getMsg HTTP/1.1" 200 27
116.225.84.253 - - [24/Mar/2023:08:52:25 +0800] "GET /xingrg/kc/buy/cgsh_order_operate.html?command=get_materiel&rest_code=00105&code=00101008045&supplier_code=00100203&order_time=2023-03-24 HTTP/1.1" 200 413
116.235.244.121 - - [24/Mar/2023:08:52:26 +0800] "GET /xingrg/all/function/internal_message.html?_=1679619163596&CODE_STATE=getMsg HTTP/1.1" 200 27
116.225.84.253 - - [24/Mar/2023:08:52:33 +0800] "GET /xingrg/all/function/internal_message.html?_=1679618997466&CODE_STATE=getMsg HTTP/1.1" 200 27
116.225.84.253 - - [24/Mar/2023:08:52:38 +0800] "GET /xingrg/kc/buy/cgsh_order_operate.html?command=get_materiel&rest_code=00105&code=00101008677&supplier_code=00100203&order_time=2023-03-24 HTTP/1.1" 200 416
116.238.139.35 - - [24/Mar/2023:08:52:39 +0800] "GET /xingrg/all/function/internal_message.html?_=1679619160561&CODE_STATE=getMsg HTTP/1.1" 200 27
116.192.124.172 - - [24/Mar/2023:08:52:43 +0800] "GET /xingrg/all/function/internal_message.html?_=1679619163198&CODE_STATE=getMsg HTTP/1.1" 200 27
116.192.124.172 - - [24/Mar/2023:08:52:44 +0800] "GET /xingrg/check_reg.html?_=1679619164331 HTTP/1.1" 200 22
116.225.84.253 - - [24/Mar/2023:08:52:49 +0800] "GET /xingrg/kc/buy/cgsh_order_operate.html?command=get_materiel&rest_code=00105&code=00101008354&supplier_code=00100203&order_time=2023-03-24 HTTP/1.1" 200 412
116.238.139.35 - - [24/Mar/2023:08:52:50 +0800] "GET /xingrg/kc/buy/cgsh_order_operate.html?command=get_materiel&rest_code=00150&code=00101008038&supplier_code=00100008&order_time=2023-03-24 HTTP/1.1" 200 412
116.225.84.253 - - [24/Mar/2023:08:52:58 +0800] "GET /xingrg/kc/buy/cgsh_order_operate.html?command=get_materiel&rest_code=00105&code=00101008096&supplier_code=00100203&order_time=2023-03-24 HTTP/1.1" 200 412
116.238.139.35 - - [24/Mar/2023:08:52:58 +0800] "GET /xingrg/kc/buy/cgsh_order_operate.html?command=get_materiel&rest_code=00150&code=00101008403&supplier_code=00100008&order_time=2023-03-24 HTTP/1.1" 200 412
116.238.139.35 - - [24/Mar/2023:08:53:00 +0800] "GET /xingrg/all/function/internal_message.html?_=1679619103166&CODE_STATE=getMsg HTTP/1.1" 200 27
58.221.95.50 - - [24/Mar/2023:08:53:00 +0800] "GET /xingrg/all/function/internal_message.html?_=1679619181241&CODE_STATE=getMsg HTTP/1.1" 200 27
116.225.84.253 - - [24/Mar/2023:08:53:03 +0800] "GET /xingrg/all/function/internal_message.html?_=1679619186782&CODE_STATE=getMsg HTTP/1.1" 200 27
116.225.84.253 - - [24/Mar/2023:08:53:06 +0800] "GET /xingrg/kc/buy/cgsh_order_operate.html?command=get_materiel&rest_code=00105&code=00101008361&supplier_code=00100203&order_time=2023-03-24 HTTP/1.1" 200 408
116.192.124.172 - - [24/Mar/2023:08:53:07 +0800] "GET /xingrg/all/function/internal_message.html?_=1679619187196&CODE_STATE=getMsg HTTP/1.1" 200 27
116.225.84.253 - - [24/Mar/2023:08:53:19 +0800] "GET /xingrg/kc/buy/cgsh_order_operate.html?command=get_materiel&rest_code=00105&code=00101008355&supplier_code=00100203&order_time=2023-03-24 HTTP/1.1" 200 408
116.235.244.121 - - [24/Mar/2023:08:53:19 +0800] "POST /xingrg/kc/buy/cgsh_order_operate.html HTTP/1.1" 200 37
222.70.221.209 - - [24/Mar/2023:08:53:19 +0800] "GET /xingrg/all/function/internal_message.html?_=1679619303630&CODE_STATE=getMsg HTTP/1.1" 200 27
116.235.244.121 - - [24/Mar/2023:08:53:22 +0800] "POST /xingrg/kc/buy/cgsh_order_operate.html HTTP/1.1" 200 33405
116.235.244.121 - - [24/Mar/2023:08:53:26 +0800] "GET /xingrg/all/function/internal_message.html?_=1679619223608&CODE_STATE=getMsg HTTP/1.1" 200 27
116.238.139.35 - - [24/Mar/2023:08:53:27 +0800] "GET /xingrg/kc/buy/cgsh_order_operate.html?command=get_materiel&rest_code=00150&code=00101008358&supplier_code=00100008&order_time=2023-03-24 HTTP/1.1" 200 412
114.83.219.165 - - [24/Mar/2023:08:53:28 +0800] "GET /favicon.ico HTTP/1.1" 404 -
116.225.84.253 - - [24/Mar/2023:08:53:29 +0800] "GET /xingrg/kc/buy/cgsh_order_operate.html?command=get_materiel&rest_code=00105&code=00101008264&supplier_code=00100203&order_time=2023-03-24 HTTP/1.1" 200 412
116.225.84.253 - - [24/Mar/2023:08:53:31 +0800] "POST /xingrg/kc/buy/cgsh_order_operate.html HTTP/1.1" 200 2065
116.225.84.253 - - [24/Mar/2023:08:53:32 +0800] "POST /xingrg/kc/buy/cgsh_order_operate.html HTTP/1.1" 200 2065
116.225.84.253 - - [24/Mar/2023:08:53:33 +0800] "GET /xingrg/all/function/internal_message.html?_=1679619057470&CODE_STATE=getMsg HTTP/1.1" 200 27
114.83.219.165 - - [24/Mar/2023:08:53:38 +0800] "GET /xingrg/login.html HTTP/1.1" 200 7641
116.238.139.35 - - [24/Mar/2023:08:53:39 +0800] "GET /xingrg/all/function/internal_message.html?_=1679619220618&CODE_STATE=getMsg HTTP/1.1" 200 27
114.83.219.165 - - [24/Mar/2023:08:53:39 +0800] "GET /favicon.ico HTTP/1.1" 404 -
116.225.84.253 - - [24/Mar/2023:08:53:41 +0800] "GET /xingrg/kc/buy/cgsh_order_operate.html?command=get_materiel&rest_code=00105&code=00101008024&supplier_code=00100203&order_time=2023-03-24 HTTP/1.1" 200 408
116.192.124.172 - - [24/Mar/2023:08:53:43 +0800] "GET /xingrg/all/function/internal_message.html?_=1679619223192&CODE_STATE=getMsg HTTP/1.1" 200 27
116.238.139.35 - - [24/Mar/2023:08:53:43 +0800] "GET /xingrg/kc/buy/cgsh_order_operate.html?command=get_materiel&rest_code=00150&code=00101008338&supplier_code=00100008&order_time=2023-03-24 HTTP/1.1" 200 408
116.235.244.121 - - [24/Mar/2023:08:53:48 +0800] "GET /xingrg/kc/buy/cgsh_order_operate.html?command=get_materiel&rest_code=00146&code=00101008045&supplier_code=00100005&order_time=2023-03-24 HTTP/1.1" 200 413
116.225.84.253 - - [24/Mar/2023:08:53:49 +0800] "GET /xingrg/kc/buy/cgsh_order_operate.html?command=get_materiel&rest_code=00105&code=00101008137&supplier_code=00100203&order_time=2023-03-24 HTTP/1.1" 200 408
114.83.219.165 - - [24/Mar/2023:08:53:52 +0800] "POST /xingrg/login.do HTTP/1.1" 302 -
114.83.219.165 - - [24/Mar/2023:08:53:52 +0800] "POST /xingrg/login.do HTTP/1.1" 302 -
114.83.219.165 - - [24/Mar/2023:08:53:52 +0800] "GET /xingrg/index.html?sysBaseUrl=http%3A%2F%2F180.169.147.146%3A18081%2Fxingrg%2F&costTime=1576×tamp=1679619232867 HTTP/1.1" 200 17179
114.83.219.165 - - [24/Mar/2023:08:53:53 +0800] "GET /favicon.ico HTTP/1.1" 404 -
114.83.219.165 - - [24/Mar/2023:08:53:53 +0800] "GET /xingrg/check_reg.html?_=1679619230333 HTTP/1.1" 200 22
114.83.219.165 - - [24/Mar/2023:08:53:53 +0800] "GET /xingrg/all/function/internal_message.html?_=1679619230331&CODE_STATE=count HTTP/1.1" 200 11
114.83.219.165 - - [24/Mar/2023:08:53:53 +0800] "POST /xingrg/all/common/load_tree.html?tree=area_rest_tree_json&manage=1 HTTP/1.1" 200 351
114.83.219.165 - - [24/Mar/2023:08:53:53 +0800] "POST /xingrg/load_menu.html HTTP/1.1" 200 5138
114.83.219.165 - - [24/Mar/2023:08:53:56 +0800] "GET /xingrg/kc/buy/cgsh_order_list.html HTTP/1.1" 200 54185
114.83.219.165 - - [24/Mar/2023:08:53:58 +0800] "POST /xingrg/kc/buy/cgsh_list_operate.html HTTP/1.1" 200 986
116.225.84.253 - - [24/Mar/2023:08:53:59 +0800] "GET /xingrg/kc/buy/cgsh_order_operate.html?command=get_materiel&rest_code=00105&code=00101008059&supplier_code=00100203&order_time=2023-03-24 HTTP/1.1" 200 408
116.238.139.35 - - [24/Mar/2023:08:54:00 +0800] "GET /xingrg/all/function/internal_message.html?_=1679619163173&CODE_STATE=getMsg HTTP/1.1" 200 27
58.221.95.50 - - [24/Mar/2023:08:54:00 +0800] "GET /xingrg/all/function/internal_message.html?_=1679619241230&CODE_STATE=getMsg HTTP/1.1" 200 27
116.225.84.253 - - [24/Mar/2023:08:54:03 +0800] "GET /xingrg/check_reg.html?_=1679619246889 HTTP/1.1" 200 22
116.225.84.253 - - [24/Mar/2023:08:54:03 +0800] "GET /xingrg/all/function/internal_message.html?_=1679619246891&CODE_STATE=getMsg HTTP/1.1" 200 27
116.192.124.172 - - [24/Mar/2023:08:54:07 +0800] "GET /xingrg/check_reg.html?_=1679619247216 HTTP/1.1" 200 22
116.192.124.172 - - [24/Mar/2023:08:54:07 +0800] "GET /xingrg/all/function/internal_message.html?_=1679619247212&CODE_STATE=getMsg HTTP/1.1" 200 27
116.225.84.253 - - [24/Mar/2023:08:54:07 +0800] "GET /xingrg/kc/buy/cgsh_order_operate.html?command=get_materiel&rest_code=00105&code=00101008196&supplier_code=00100203&order_time=2023-03-24 HTTP/1.1" 200 416
114.83.219.165 - - [24/Mar/2023:08:54:10 +0800] "GET /xingrg/kc/buy/cgsh_order_add.html HTTP/1.1" 200 70049
114.83.219.165 - - [24/Mar/2023:08:54:10 +0800] "GET /xingrg/words/20230323140141_words.js HTTP/1.1" 304 -
114.83.219.165 - - [24/Mar/2023:08:54:11 +0800] "GET /xingrg/javascript/easyui/themes/default/validatebox.css HTTP/1.1" 404 1104
114.83.219.165 - - [24/Mar/2023:08:54:11 +0800] "POST /xingrg/kc/buy/cgsh_order_operate.html HTTP/1.1" 200 8245
114.83.219.165 - - [24/Mar/2023:08:54:11 +0800] "GET /xingrg/all/common/auto_word.html?type=employee&rest_code=00149 HTTP/1.1" 200 197
114.83.219.165 - - [24/Mar/2023:08:54:11 +0800] "GET /xingrg/all/common/auto_word.html?type=employee&rest_code=00149 HTTP/1.1" 200 197
116.238.139.35 - - [24/Mar/2023:08:54:12 +0800] "GET /xingrg/kc/buy/cgsh_order_operate.html?command=get_materiel&rest_code=00150&code=00101008211&supplier_code=00100008&order_time=2023-03-24 HTTP/1.1" 200 412
114.83.219.165 - - [24/Mar/2023:08:54:15 +0800] "GET /xingrg/javascript/auto/indicator.gif HTTP/1.1" 404 1066
116.225.84.253 - - [24/Mar/2023:08:54:16 +0800] "GET /xingrg/kc/buy/cgsh_order_operate.html?command=get_materiel&rest_code=00105&code=00101008069&supplier_code=00100203&order_time=2023-03-24 HTTP/1.1" 200 412
114.83.219.165 - - [24/Mar/2023:08:54:16 +0800] "GET /xingrg/javascript/jquery_tools/images/prev.gif HTTP/1.1" 404 1086
114.83.219.165 - - [24/Mar/2023:08:54:16 +0800] "GET /xingrg/javascript/jquery_tools/images/next.gif HTTP/1.1" 404 1086
222.70.221.209 - - [24/Mar/2023:08:54:19 +0800] "GET /xingrg/all/function/internal_message.html?_=1679619363605&CODE_STATE=getMsg HTTP/1.1" 200 27
116.235.244.121 - - [24/Mar/2023:08:54:21 +0800] "GET /xingrg/kc/buy/cgsh_order_operate.html?command=get_materiel&rest_code=00146&code=00101008307&supplier_code=00100005&order_time=2023-03-24 HTTP/1.1" 200 420
114.83.219.165 - - [24/Mar/2023:08:54:22 +0800] "GET /xingrg/kc/buy/cgsh_order_operate.html?command=get_materiel&rest_code=00149&code=00101008027&supplier_code=00100008&order_time=2023-03-24 HTTP/1.1" 200 409
116.235.244.121 - - [24/Mar/2023:08:54:26 +0800] "GET /xingrg/all/function/internal_message.html?_=1679619283624&CODE_STATE=getMsg HTTP/1.1" 200 27
116.225.84.253 - - [24/Mar/2023:08:54:27 +0800] "GET /xingrg/kc/buy/cgsh_order_operate.html?command=get_materiel&rest_code=00105&code=00101008036&supplier_code=00100203&order_time=2023-03-24 HTTP/1.1" 200 408
116.238.139.35 - - [24/Mar/2023:08:54:31 +0800] "GET /xingrg/kc/buy/cgsh_order_operate.html?command=get_materiel&rest_code=00150&code=00101008370&supplier_code=00100008&order_time=2023-03-24 HTTP/1.1" 200 412
116.225.84.253 - - [24/Mar/2023:08:54:33 +0800] "GET /xingrg/all/function/internal_message.html?_=1679619117475&CODE_STATE=getMsg HTTP/1.1" 200 27
116.225.84.253 - - [24/Mar/2023:08:54:33 +0800] "GET /xingrg/check_reg.html?_=1679619117479 HTTP/1.1" 200 22
116.225.84.253 - - [24/Mar/2023:08:54:34 +0800] "GET /xingrg/kc/buy/cgsh_order_operate.html?command=get_materiel&rest_code=00105&code=00101008131&supplier_code=00100203&order_time=2023-03-24 HTTP/1.1" 200 409
114.83.219.165 - - [24/Mar/2023:08:54:36 +0800] "GET /xingrg/kc/buy/cgsh_order_operate.html?command=get_materiel&rest_code=00149&code=00101008155&supplier_code=00100008&order_time=2023-03-24 HTTP/1.1" 200 408
116.238.139.35 - - [24/Mar/2023:08:54:39 +0800] "GET /xingrg/check_reg.html?_=1679619280608 HTTP/1.1" 200 22
116.238.139.35 - - [24/Mar/2023:08:54:39 +0800] "GET /xingrg/all/function/internal_message.html?_=1679619280610&CODE_STATE=getMsg HTTP/1.1" 200 27
116.192.124.172 - - [24/Mar/2023:08:54:43 +0800] "GET /xingrg/all/function/internal_message.html?_=1679619283166&CODE_STATE=getMsg HTTP/1.1" 200 27
116.225.84.253 - - [24/Mar/2023:08:54:47 +0800] "GET /xingrg/kc/buy/cgsh_order_operate.html?command=get_materiel&rest_code=00105&code=00101008005&supplier_code=00100203&order_time=2023-03-24 HTTP/1.1" 200 412
116.238.139.35 - - [24/Mar/2023:08:54:48 +0800] "GET /xingrg/kc/buy/cgsh_order_operate.html?command=get_materiel&rest_code=00150&code=00101008087&supplier_code=00100008&order_time=2023-03-24 HTTP/1.1" 200 412
114.83.219.165 - - [24/Mar/2023:08:54:49 +0800] "GET /xingrg/kc/buy/cgsh_order_operate.html?command=get_materiel&rest_code=00149&code=00101008350&supplier_code=00100008&order_time=2023-03-24 HTTP/1.1" 200 408
114.83.219.165 - - [24/Mar/2023:08:54:53 +0800] "GET /xingrg/all/function/internal_message.html?_=1679619290355&CODE_STATE=getMsg HTTP/1.1" 200 27
116.225.84.253 - - [24/Mar/2023:08:54:58 +0800] "GET /xingrg/kc/buy/cgsh_order_operate.html?command=get_materiel&rest_code=00105&code=00101008271&supplier_code=00100203&order_time=2023-03-24 HTTP/1.1" 200 408
58.221.95.50 - - [24/Mar/2023:08:55:00 +0800] "GET /xingrg/all/function/internal_message.html?_=1679619301202&CODE_STATE=getMsg HTTP/1.1" 200 27
116.238.139.35 - - [24/Mar/2023:08:55:00 +0800] "GET /xingrg/all/function/internal_message.html?_=1679619223252&CODE_STATE=getMsg HTTP/1.1" 200 27
116.225.84.253 - - [24/Mar/2023:08:55:03 +0800] "GET /xingrg/all/function/internal_message.html?_=1679619306863&CODE_STATE=getMsg HTTP/1.1" 200 27
116.192.124.172 - - [24/Mar/2023:08:55:07 +0800] "GET /xingrg/all/function/internal_message.html?_=1679619307201&CODE_STATE=getMsg HTTP/1.1" 200 27
116.238.139.35 - - [24/Mar/2023:08:55:08 +0800] "GET /xingrg/kc/buy/cgsh_order_operate.html?command=get_materiel&rest_code=00150&code=00101008355&supplier_code=00100008&order_time=2023-03-24 HTTP/1.1" 200 408
114.83.219.165 - - [24/Mar/2023:08:55:09 +0800] "GET /xingrg/kc/buy/cgsh_order_operate.html?command=get_materiel&rest_code=00149&code=00101008185&supplier_code=00100008&order_time=2023-03-24 HTTP/1.1" 200 408
116.225.84.253 - - [24/Mar/2023:08:55:10 +0800] "GET /xingrg/kc/buy/cgsh_order_operate.html?command=get_materiel&rest_code=00105&code=00101008353&supplier_code=00100203&order_time=2023-03-24 HTTP/1.1" 200 408
116.238.139.35 - - [24/Mar/2023:08:55:14 +0800] "GET /xingrg/check_reg.html?_=1679619237290 HTTP/1.1" 200 22
116.238.139.35 - - [24/Mar/2023:08:55:17 +0800] "GET /xingrg/kc/buy/cgsh_order_operate.html?command=get_materiel&rest_code=00150&code=00101008264&supplier_code=00100008&order_time=2023-03-24 HTTP/1.1" 200 412
114.83.219.165 - - [24/Mar/2023:08:55:17 +0800] "GET /xingrg/kc/buy/cgsh_order_operate.html?command=get_materiel&rest_code=00149&code=00101008354&supplier_code=00100008&order_time=2023-03-24 HTTP/1.1" 200 412
116.225.84.253 - - [24/Mar/2023:08:55:18 +0800] "GET /xingrg/kc/buy/cgsh_order_operate.html?command=get_materiel&rest_code=00105&code=00101008213&supplier_code=00100203&order_time=2023-03-24 HTTP/1.1" 200 412
222.70.221.209 - - [24/Mar/2023:08:55:19 +0800] "GET /xingrg/all/function/internal_message.html?_=1679619423593&CODE_STATE=getMsg HTTP/1.1" 200 27
116.235.244.121 - - [24/Mar/2023:08:55:21 +0800] "GET /xingrg/kc/buy/cgsh_order_operate.html?command=get_materiel&rest_code=00146&code=00101009140&supplier_code=00100005&order_time=2023-03-24 HTTP/1.1" 200 412
116.235.244.121 - - [24/Mar/2023:08:55:26 +0800] "GET /xingrg/all/function/internal_message.html?_=1679619343637&CODE_STATE=getMsg HTTP/1.1" 200 27
116.238.139.35 - - [24/Mar/2023:08:55:26 +0800] "GET /xingrg/kc/buy/cgsh_order_operate.html?command=get_materiel&rest_code=00150&code=00101008562&supplier_code=00100008&order_time=2023-03-24 HTTP/1.1" 200 409
116.225.84.253 - - [24/Mar/2023:08:55:27 +0800] "GET /xingrg/kc/buy/cgsh_order_operate.html?command=get_materiel&rest_code=00105&code=00101008298&supplier_code=00100203&order_time=2023-03-24 HTTP/1.1" 200 413
114.83.219.165 - - [24/Mar/2023:08:55:27 +0800] "GET /xingrg/kc/buy/cgsh_order_operate.html?command=get_materiel&rest_code=00149&code=00101008351&supplier_code=00100008&order_time=2023-03-24 HTTP/1.1" 200 408
116.238.139.35 - - [24/Mar/2023:08:55:29 +0800] "POST /xingrg/kc/buy/cgsh_order_operate.html HTTP/1.1" 200 2065
116.225.84.253 - - [24/Mar/2023:08:55:33 +0800] "GET /xingrg/all/function/internal_message.html?_=1679619177466&CODE_STATE=getMsg HTTP/1.1" 200 27
116.225.84.253 - - [24/Mar/2023:08:55:35 +0800] "GET /xingrg/kc/buy/cgsh_order_operate.html?command=get_materiel&rest_code=00105&code=00101008119&supplier_code=00100203&order_time=2023-03-24 HTTP/1.1" 200 413
58.221.95.50 - - [24/Mar/2023:08:55:36 +0800] "GET /xingrg/check_reg.html?_=1679619337340 HTTP/1.1" 200 22
116.238.139.35 - - [24/Mar/2023:08:55:39 +0800] "GET /xingrg/all/function/internal_message.html?_=1679619340590&CODE_STATE=getMsg HTTP/1.1" 200 27
114.83.219.165 - - [24/Mar/2023:08:55:39 +0800] "GET /xingrg/kc/buy/cgsh_order_operate.html?command=get_materiel&rest_code=00149&code=00101008674&supplier_code=00100008&order_time=2023-03-24 HTTP/1.1" 200 413
116.225.84.253 - - [24/Mar/2023:08:55:39 +0800] "POST /xingrg/kc/buy/cgsh_order_operate.html HTTP/1.1" 200 2065
116.225.84.253 - - [24/Mar/2023:08:55:40 +0800] "POST /xingrg/kc/buy/cgsh_order_operate.html HTTP/1.1" 200 2065
116.238.139.35 - - [24/Mar/2023:08:55:41 +0800] "GET /xingrg/kc/buy/cgsh_order_operate.html?command=get_materiel&rest_code=00150&code=00101008356&supplier_code=00100008&order_time=2023-03-24 HTTP/1.1" 200 408
116.192.124.172 - - [24/Mar/2023:08:55:43 +0800] "GET /xingrg/all/function/internal_message.html?_=1679619343152&CODE_STATE=getMsg HTTP/1.1" 200 27
114.83.219.165 - - [24/Mar/2023:08:55:48 +0800] "GET /xingrg/kc/buy/cgsh_order_operate.html?command=get_materiel&rest_code=00149&code=00101008096&supplier_code=00100008&order_time=2023-03-24 HTTP/1.1" 200 412
116.225.84.253 - - [24/Mar/2023:08:55:49 +0800] "GET /xingrg/kc/buy/cgsh_order_operate.html?command=get_materiel&rest_code=00105&code=00101008041&supplier_code=00100203&order_time=2023-03-24 HTTP/1.1" 200 408
114.83.219.165 - - [24/Mar/2023:08:55:53 +0800] "GET /xingrg/all/function/internal_message.html?_=1679619350351&CODE_STATE=getMsg HTTP/1.1" 200 27
116.235.244.121 - - [24/Mar/2023:08:55:53 +0800] "GET /xingrg/kc/buy/cgsh_order_operate.html?command=get_materiel&rest_code=00146&code=00101009004&supplier_code=00100005&order_time=2023-03-24 HTTP/1.1" 200 409
116.225.84.253 - - [24/Mar/2023:08:55:56 +0800] "GET /xingrg/kc/buy/cgsh_order_operate.html?command=get_materiel&rest_code=00105&code=00101015038&supplier_code=00100203&order_time=2023-03-24 HTTP/1.1" 200 418
116.238.139.35 - - [24/Mar/2023:08:55:58 +0800] "GET /xingrg/kc/buy/cgsh_order_operate.html?command=get_materiel&rest_code=00150&code=00101008137&supplier_code=00100008&order_time=2023-03-24 HTTP/1.1" 200 408
114.83.219.165 - - [24/Mar/2023:08:55:58 +0800] "GET /xingrg/kc/buy/cgsh_order_operate.html?command=get_materiel&rest_code=00149&code=00101008038&supplier_code=00100008&order_time=2023-03-24 HTTP/1.1" 200 412
58.221.95.50 - - [24/Mar/2023:08:56:00 +0800] "GET /xingrg/all/function/internal_message.html?_=1679619361177&CODE_STATE=getMsg HTTP/1.1" 200 27
116.238.139.35 - - [24/Mar/2023:08:56:00 +0800] "GET /xingrg/all/function/internal_message.html?_=1679619283263&CODE_STATE=getMsg HTTP/1.1" 200 27
116.225.84.253 - - [24/Mar/2023:08:56:03 +0800] "GET /xingrg/all/function/internal_message.html?_=1679619366834&CODE_STATE=getMsg HTTP/1.1" 200 27
114.83.219.165 - - [24/Mar/2023:08:56:07 +0800] "GET /xingrg/kc/buy/cgsh_order_operate.html?command=get_materiel&rest_code=00149&code=00101008283&supplier_code=00100008&order_time=2023-03-24 HTTP/1.1" 200 408
116.192.124.172 - - [24/Mar/2023:08:56:07 +0800] "GET /xingrg/all/function/internal_message.html?_=1679619367191&CODE_STATE=getMsg HTTP/1.1" 200 27
116.235.244.121 - - [24/Mar/2023:08:56:11 +0800] "GET /xingrg/kc/buy/cgsh_order_operate.html?command=get_materiel&rest_code=00146&code=00101009079&supplier_code=00100005&order_time=2023-03-24 HTTP/1.1" 200 409
116.238.139.35 - - [24/Mar/2023:08:56:12 +0800] "GET /xingrg/kc/buy/cgsh_order_operate.html?command=get_materiel&rest_code=00150&code=00101008360&supplier_code=00100008&order_time=2023-03-24 HTTP/1.1" 200 412
114.83.219.165 - - [24/Mar/2023:08:56:15 +0800] "GET /xingrg/kc/buy/cgsh_order_operate.html?command=get_materiel&rest_code=00149&code=00101008190&supplier_code=00100008&order_time=2023-03-24 HTTP/1.1" 200 412
116.238.139.35 - - [24/Mar/2023:08:56:19 +0800] "GET /xingrg/kc/buy/cgsh_order_operate.html?command=get_materiel&rest_code=00150&code=00101008077&supplier_code=00100008&order_time=2023-03-24 HTTP/1.1" 200 416
222.70.221.209 - - [24/Mar/2023:08:56:19 +0800] "GET /xingrg/all/function/internal_message.html?_=1679619483569&CODE_STATE=getMsg HTTP/1.1" 200 27
116.225.84.253 - - [24/Mar/2023:08:56:20 +0800] "GET /xingrg/kc/buy/cgsh_order_operate.html?command=get_materiel&rest_code=00105&code=00101008274&supplier_code=00100203&order_time=2023-03-24 HTTP/1.1" 200 412
116.238.139.35 - - [24/Mar/2023:08:56:21 +0800] "POST /xingrg/kc/buy/cgsh_order_operate.html HTTP/1.1" 200 2065
114.83.219.165 - - [24/Mar/2023:08:56:23 +0800] "GET /xingrg/kc/buy/cgsh_order_operate.html?command=get_materiel&rest_code=00149&code=00101008370&supplier_code=00100008&order_time=2023-03-24 HTTP/1.1" 200 412
116.235.244.121 - - [24/Mar/2023:08:56:23 +0800] "GET /xingrg/check_reg.html?_=1679619401450 HTTP/1.1" 200 22
116.235.244.121 - - [24/Mar/2023:08:56:26 +0800] "GET /xingrg/all/function/internal_message.html?_=1679619403734&CODE_STATE=getMsg HTTP/1.1" 200 27
116.238.139.35 - - [24/Mar/2023:08:56:27 +0800] "GET /xingrg/kc/buy/cgsh_order_operate.html?command=get_materiel&rest_code=00150&code=00101008223&supplier_code=00100008&order_time=2023-03-24 HTTP/1.1" 200 412
116.225.84.253 - - [24/Mar/2023:08:56:33 +0800] "GET /xingrg/all/function/internal_message.html?_=1679619237470&CODE_STATE=getMsg HTTP/1.1" 200 27
116.225.84.253 - - [24/Mar/2023:08:56:34 +0800] "GET /xingrg/kc/buy/cgsh_order_operate.html?command=get_materiel&rest_code=00105&code=00101008330&supplier_code=00100203&order_time=2023-03-24 HTTP/1.1" 200 408
114.83.219.165 - - [24/Mar/2023:08:56:36 +0800] "GET /xingrg/kc/buy/cgsh_order_operate.html?command=get_materiel&rest_code=00149&code=00101008361&supplier_code=00100008&order_time=2023-03-24 HTTP/1.1" 200 408
116.238.139.35 - - [24/Mar/2023:08:56:39 +0800] "GET /xingrg/all/function/internal_message.html?_=1679619400575&CODE_STATE=getMsg HTTP/1.1" 200 27
116.225.84.253 - - [24/Mar/2023:08:56:42 +0800] "GET /xingrg/kc/buy/cgsh_order_operate.html?command=get_materiel&rest_code=00105&code=00101008027&supplier_code=00100203&order_time=2023-03-24 HTTP/1.1" 200 408
116.192.124.172 - - [24/Mar/2023:08:56:43 +0800] "GET /xingrg/all/function/internal_message.html?_=1679619403132&CODE_STATE=getMsg HTTP/1.1" 200 27
116.238.139.35 - - [24/Mar/2023:08:56:44 +0800] "GET /xingrg/kc/buy/cgsh_order_operate.html?command=get_materiel&rest_code=00150&code=00101008079&supplier_code=00100008&order_time=2023-03-24 HTTP/1.1" 200 416
116.225.84.253 - - [24/Mar/2023:08:56:52 +0800] "GET /xingrg/kc/buy/cgsh_order_operate.html?command=get_materiel&rest_code=00105&code=00101008055&supplier_code=00100203&order_time=2023-03-24 HTTP/1.1" 200 409
114.83.219.165 - - [24/Mar/2023:08:56:53 +0800] "GET /xingrg/all/function/internal_message.html?_=1679619410364&CODE_STATE=getMsg HTTP/1.1" 200 27
116.225.84.253 - - [24/Mar/2023:08:56:56 +0800] "GET /xingrg/index.html?sysBaseUrl=http%3A%2F%2F180.169.147.146%3A18081%2Fxingrg%2F&costTime=32×tamp=1585224308505 HTTP/1.1" 302 -
116.225.84.253 - - [24/Mar/2023:08:56:56 +0800] "GET /xingrg/login.html HTTP/1.1" 200 7641
116.225.84.253 - - [24/Mar/2023:08:56:57 +0800] "GET /favicon.ico HTTP/1.1" 404 -
58.221.95.50 - - [24/Mar/2023:08:57:00 +0800] "GET /xingrg/all/function/internal_message.html?_=1679619421163&CODE_STATE=getMsg HTTP/1.1" 200 27
116.238.139.35 - - [24/Mar/2023:08:57:00 +0800] "GET /xingrg/all/function/internal_message.html?_=1679619343275&CODE_STATE=getMsg HTTP/1.1" 200 27
116.225.84.253 - - [24/Mar/2023:08:57:03 +0800] "GET /xingrg/all/function/internal_message.html?_=1679619426900&CODE_STATE=getMsg HTTP/1.1" 200 27
116.225.84.253 - - [24/Mar/2023:08:57:04 +0800] "GET /xingrg/kc/buy/cgsh_order_operate.html?command=get_materiel&rest_code=00105&code=00101008244&supplier_code=00100203&order_time=2023-03-24 HTTP/1.1" 200 408
116.192.124.172 - - [24/Mar/2023:08:57:07 +0800] "GET /xingrg/all/function/internal_message.html?_=1679619427208&CODE_STATE=getMsg HTTP/1.1" 200 27
116.225.84.253 - - [24/Mar/2023:08:57:07 +0800] "POST /xingrg/login.do HTTP/1.1" 302 -
116.225.84.253 - - [24/Mar/2023:08:57:07 +0800] "GET /xingrg/index.html?sysBaseUrl=http%3A%2F%2F180.169.147.146%3A18081%2Fxingrg%2F&costTime=769×tamp=1679619427399 HTTP/1.1" 200 17173
116.225.84.253 - - [24/Mar/2023:08:57:07 +0800] "GET /favicon.ico HTTP/1.1" 404 -
116.225.84.253 - - [24/Mar/2023:08:57:08 +0800] "POST /xingrg/all/common/load_tree.html?tree=area_rest_tree_json&manage=1 HTTP/1.1" 200 342
116.225.84.253 - - [24/Mar/2023:08:57:08 +0800] "GET /xingrg/all/function/internal_message.html?_=1679619271903&CODE_STATE=count HTTP/1.1" 200 11
116.225.84.253 - - [24/Mar/2023:08:57:08 +0800] "GET /xingrg/check_reg.html?_=1679619271904 HTTP/1.1" 200 22
116.225.84.253 - - [24/Mar/2023:08:57:08 +0800] "POST /xingrg/load_menu.html HTTP/1.1" 200 5138
222.70.221.209 - - [24/Mar/2023:08:57:19 +0800] "GET /xingrg/check_reg.html?_=1679619543101 HTTP/1.1" 200 22
222.70.221.209 - - [24/Mar/2023:08:57:19 +0800] "GET /xingrg/all/function/internal_message.html?_=1679619543546&CODE_STATE=getMsg HTTP/1.1" 200 27
116.235.244.121 - - [24/Mar/2023:08:57:26 +0800] "GET /xingrg/all/function/internal_message.html?_=1679619463999&CODE_STATE=getMsg HTTP/1.1" 200 27
116.238.139.35 - - [24/Mar/2023:08:57:36 +0800] "GET /xingrg/javascript/easyui/themes/default/images/button_plain_hover.png HTTP/1.1" 304 -
116.238.139.35 - - [24/Mar/2023:08:57:38 +0800] "GET /xingrg/kc/buy/cgsh_order_add.html HTTP/1.1" 200 70017
116.238.139.35 - - [24/Mar/2023:08:57:38 +0800] "GET /xingrg/css/site.css HTTP/1.1" 304 -
116.238.139.35 - - [24/Mar/2023:08:57:38 +0800] "GET /xingrg/javascript/easyui/themes/icon.css HTTP/1.1" 304 -
116.238.139.35 - - [24/Mar/2023:08:57:38 +0800] "GET /xingrg/javascript/auto/jquery.autocomplete.css HTTP/1.1" 304 -
116.238.139.35 - - [24/Mar/2023:08:57:38 +0800] "GET /xingrg/javascript/jquery_tools/jquery.tools.min.js HTTP/1.1" 304 -
116.238.139.35 - - [24/Mar/2023:08:57:38 +0800] "GET /xingrg/javascript/jquery_tools/jquery.tools.extend.js HTTP/1.1" 304 -
116.238.139.35 - - [24/Mar/2023:08:57:38 +0800] "GET /xingrg/javascript/jquery_tools/jquery.tools.hotkey.js HTTP/1.1" 304 -
116.238.139.35 - - [24/Mar/2023:08:57:38 +0800] "GET /xingrg/javascript/pic_change.js HTTP/1.1" 304 -
116.238.139.35 - - [24/Mar/2023:08:57:38 +0800] "GET /xingrg/javascript/jquery_tools/jquery.tools.table.js HTTP/1.1" 304 -
116.238.139.35 - - [24/Mar/2023:08:57:38 +0800] "GET /xingrg/javascript/auto/jquery.autocomplete.js HTTP/1.1" 304 -
116.238.139.35 - - [24/Mar/2023:08:57:38 +0800] "GET /xingrg/javascript/easyui/easyloader.js HTTP/1.1" 304 -
116.238.139.35 - - [24/Mar/2023:08:57:38 +0800] "GET /xingrg/javascript/jquery.utils.js HTTP/1.1" 304 -
116.238.139.35 - - [24/Mar/2023:08:57:38 +0800] "GET /xingrg/javascript/jquery_tools/order_manager.js HTTP/1.1" 304 -
116.238.139.35 - - [24/Mar/2023:08:57:38 +0800] "GET /xingrg/javascript/json2.js HTTP/1.1" 304 -
116.238.139.35 - - [24/Mar/2023:08:57:38 +0800] "GET /xingrg/javascript/convert.js HTTP/1.1" 304 -
116.238.139.35 - - [24/Mar/2023:08:57:38 +0800] "GET /xingrg/javascript/print/LodopFuncs.js HTTP/1.1" 304 -
116.238.139.35 - - [24/Mar/2023:08:57:38 +0800] "GET /xingrg/javascript/print/kc_print.js HTTP/1.1" 304 -
116.238.139.35 - - [24/Mar/2023:08:57:38 +0800] "GET /xingrg/javascript/jquery.cookie.js HTTP/1.1" 304 -
116.238.139.35 - - [24/Mar/2023:08:57:38 +0800] "GET /xingrg/javascript/jquery_tools/datebox.css HTTP/1.1" 304 -
116.238.139.35 - - [24/Mar/2023:08:57:38 +0800] "GET /xingrg/javascript/easyui/themes/default/easyui.css HTTP/1.1" 304 -
116.238.139.35 - - [24/Mar/2023:08:57:39 +0800] "GET /xingrg/all/function/internal_message.html?_=1679619460561&CODE_STATE=getMsg HTTP/1.1" 200 27
116.238.139.35 - - [24/Mar/2023:08:57:39 +0800] "GET /xingrg/words/20230323140141_words.js HTTP/1.1" 200 957657
116.238.139.35 - - [24/Mar/2023:08:57:39 +0800] "GET /xingrg/javascript/easyui/themes/icons/copy_new.png HTTP/1.1" 304 -
116.238.139.35 - - [24/Mar/2023:08:57:39 +0800] "GET /xingrg/javascript/easyui/themes/icons/template_new.png HTTP/1.1" 304 -
116.238.139.35 - - [24/Mar/2023:08:57:39 +0800] "GET /xingrg/javascript/easyui/themes/icons/ok.png HTTP/1.1" 304 -
116.238.139.35 - - [24/Mar/2023:08:57:39 +0800] "GET /xingrg/javascript/easyui/themes/icons/print.png HTTP/1.1" 304 -
116.238.139.35 - - [24/Mar/2023:08:57:39 +0800] "GET /xingrg/javascript/easyui/themes/default/images/menu_downarrow.png HTTP/1.1" 304 -
116.238.139.35 - - [24/Mar/2023:08:57:39 +0800] "GET /xingrg/javascript/easyui/themes/icons/cancel.png HTTP/1.1" 304 -
116.238.139.35 - - [24/Mar/2023:08:57:39 +0800] "GET /xingrg/javascript/easyui/plugins/jquery.parser.js HTTP/1.1" 304 -
116.238.139.35 - - [24/Mar/2023:08:57:39 +0800] "POST /xingrg/kc/buy/cgsh_order_operate.html HTTP/1.1" 200 8245
116.238.139.35 - - [24/Mar/2023:08:57:39 +0800] "GET /xingrg/javascript/easyui/themes/icons/edit_remove.png HTTP/1.1" 304 -
116.238.139.35 - - [24/Mar/2023:08:57:40 +0800] "GET /xingrg/all/common/auto_word.html?type=employee&rest_code=00150 HTTP/1.1" 200 159
116.238.139.35 - - [24/Mar/2023:08:57:40 +0800] "GET /xingrg/javascript/easyui/themes/default/validatebox.css HTTP/1.1" 404 1104
116.238.139.35 - - [24/Mar/2023:08:57:40 +0800] "GET /xingrg/all/common/auto_word.html?type=employee&rest_code=00150 HTTP/1.1" 200 159
116.238.139.35 - - [24/Mar/2023:08:57:40 +0800] "GET /xingrg/javascript/easyui/plugins/jquery.validatebox.js HTTP/1.1" 304 -
116.238.139.35 - - [24/Mar/2023:08:57:40 +0800] "GET /xingrg/javascript/easyui/plugins/jquery.numberbox.js HTTP/1.1" 304 -
116.192.124.172 - - [24/Mar/2023:08:57:43 +0800] "GET /xingrg/all/function/internal_message.html?_=1679619463104&CODE_STATE=getMsg HTTP/1.1" 200 27
116.192.124.172 - - [24/Mar/2023:08:57:44 +0800] "GET /xingrg/check_reg.html?_=1679619464325 HTTP/1.1" 200 22
116.225.84.253 - - [24/Mar/2023:08:57:45 +0800] "GET /xingrg/kc/buy/cgsh_order_operate.html?command=get_materiel&rest_code=00105&code=00101008038&supplier_code=00100203&order_time=2023-03-24 HTTP/1.1" 200 412
114.83.219.165 - - [24/Mar/2023:08:57:53 +0800] "GET /xingrg/all/function/internal_message.html?_=1679619470352&CODE_STATE=getMsg HTTP/1.1" 200 27
58.221.95.50 - - [24/Mar/2023:08:58:00 +0800] "GET /xingrg/all/function/internal_message.html?_=1679619481146&CODE_STATE=getMsg HTTP/1.1" 200 27
