114.83.222.182 - - [24/Mar/2023:10:28:58 +0800] "POST /xingrg/dwr/call/plaincall/AjaxComOrderService.getMaterielSearchList.dwr HTTP/1.1" 200 76
58.221.95.50 - - [24/Mar/2023:10:28:59 +0800] "GET /xingrg/all/function/internal_message.html?_=1679624939626&CODE_STATE=getMsg HTTP/1.1" 200 27
114.83.222.182 - - [24/Mar/2023:10:28:59 +0800] "POST /xingrg/dwr/call/plaincall/AjaxComOrderService.getMaterielSearchList.dwr HTTP/1.1" 200 1398
116.238.139.35 - - [24/Mar/2023:10:28:59 +0800] "POST /xingrg/dwr/call/plaincall/AjaxComOrderService.getMaterielSearchList.dwr HTTP/1.1" 200 49149
116.238.139.35 - - [24/Mar/2023:10:29:00 +0800] "POST /xingrg/dwr/call/plaincall/AjaxComOrderService.getMaterielSearchList.dwr HTTP/1.1" 200 1961
120.253.135.82 - - [24/Mar/2023:10:29:01 +0800] "GET /xingrg/kc/pszx/mdps_order_add.html HTTP/1.1" 200 29101
120.253.135.82 - - [24/Mar/2023:10:29:01 +0800] "POST /xingrg/kc/pszx/mdps_order_operate.html HTTP/1.1" 200 7126
120.253.135.82 - - [24/Mar/2023:10:29:01 +0800] "GET /xingrg/javascript/easyui/themes/default/validatebox.css HTTP/1.1" 404 1104
116.238.139.35 - - [24/Mar/2023:10:29:02 +0800] "POST /xingrg/dwr/call/plaincall/AjaxYddbService.getMaterielByMap.dwr HTTP/1.1" 200 2347
114.83.222.182 - - [24/Mar/2023:10:29:03 +0800] "POST /xingrg/dwr/call/plaincall/AjaxYddbService.getMaterielByMap.dwr HTTP/1.1" 200 1771
116.225.84.253 - - [24/Mar/2023:10:29:03 +0800] "GET /xingrg/check_reg.html?_=1679624946844 HTTP/1.1" 200 22
116.238.139.35 - - [24/Mar/2023:10:29:04 +0800] "POST /xingrg/dwr/call/plaincall/AjaxYddbService.getUnitPrice.dwr HTTP/1.1" 200 86
124.78.155.10 - - [24/Mar/2023:10:29:04 +0800] "GET /xingrg/kc/buy/cgsh_order_operate.html?command=get_materiel&rest_code=00106&code=00101010161&supplier_code=00100032&order_time=2023-03-24 HTTP/1.1" 200 409
114.83.222.182 - - [24/Mar/2023:10:29:04 +0800] "GET /xingrg/check_reg.html?_=1679625016736 HTTP/1.1" 200 22
114.83.222.182 - - [24/Mar/2023:10:29:04 +0800] "GET /xingrg/all/function/internal_message.html?_=1679625016738&CODE_STATE=getMsg HTTP/1.1" 200 27
222.67.232.202 - - [24/Mar/2023:10:29:06 +0800] "POST /xingrg/kc/buy/cgsh_order_operate.html HTTP/1.1" 200 12
116.238.139.35 - - [24/Mar/2023:10:29:07 +0800] "POST /xingrg/dwr/call/plaincall/AjaxYddbService.saveMaterielItem.dwr HTTP/1.1" 200 78
116.192.124.172 - - [24/Mar/2023:10:29:07 +0800] "GET /xingrg/all/function/internal_message.html?_=1679624947211&CODE_STATE=getMsg HTTP/1.1" 200 27
116.192.124.172 - - [24/Mar/2023:10:29:07 +0800] "GET /xingrg/check_reg.html?_=1679624947212 HTTP/1.1" 200 22
116.225.84.253 - - [24/Mar/2023:10:29:08 +0800] "GET /xingrg/all/function/internal_message.html?_=1679624792000&CODE_STATE=getMsg HTTP/1.1" 200 27
222.70.221.209 - - [24/Mar/2023:10:29:08 +0800] "GET /xingrg/all/function/internal_message.html?_=1679625052561&CODE_STATE=getMsg HTTP/1.1" 200 27
116.238.139.35 - - [24/Mar/2023:10:29:09 +0800] "POST /xingrg/dwr/call/plaincall/AjaxComOrderService.getMaterielSearchList.dwr HTTP/1.1" 200 1256
116.238.139.35 - - [24/Mar/2023:10:29:09 +0800] "POST /xingrg/dwr/call/plaincall/AjaxComOrderService.getMaterielSearchList.dwr HTTP/1.1" 200 1256
222.67.232.202 - - [24/Mar/2023:10:29:09 +0800] "GET /xingrg/kc/buy/cgsh_order_info.html?code=212023032408861 HTTP/1.1" 200 64863
116.225.84.253 - - [24/Mar/2023:10:29:10 +0800] "GET /xingrg/kc/buy/cgsh_order_operate.html?command=get_materiel&rest_code=00105&code=00101009113&supplier_code=00100024&order_time=2023-03-24 HTTP/1.1" 200 412
222.67.232.202 - - [24/Mar/2023:10:29:10 +0800] "GET /xingrg/javascript/easyui/themes/default/validatebox.css HTTP/1.1" 404 1104
222.67.232.202 - - [24/Mar/2023:10:29:11 +0800] "POST /xingrg/kc/buy/cgsh_order_operate.html HTTP/1.1" 200 2387
116.238.139.35 - - [24/Mar/2023:10:29:11 +0800] "POST /xingrg/dwr/call/plaincall/AjaxYddbService.getMaterielByMap.dwr HTTP/1.1" 200 2275
180.163.28.114 - - [24/Mar/2023:10:29:12 +0800] "GET /xingrg/kc/buy/cgsh_order_operate.html?command=get_materiel&rest_code=00106&code=00101016025&supplier_code=00100032&order_time=2023-03-24 HTTP/1.1" 302 -
180.163.28.114 - - [24/Mar/2023:10:29:12 +0800] "GET /xingrg/login.html HTTP/1.1" 200 7641
120.253.135.82 - - [24/Mar/2023:10:29:12 +0800] "POST /xingrg/all/common/load_combo.html?type=base HTTP/1.1" 200 1169
124.79.240.233 - - [24/Mar/2023:10:29:12 +0800] "GET /xingrg/all/function/internal_message.html?_=1679625211269&CODE_STATE=getMsg HTTP/1.1" 200 27
116.238.139.35 - - [24/Mar/2023:10:29:13 +0800] "POST /xingrg/dwr/call/plaincall/AjaxYddbService.saveMaterielItem.dwr HTTP/1.1" 200 79
124.78.155.10 - - [24/Mar/2023:10:29:13 +0800] "GET /xingrg/kc/buy/cgsh_order_operate.html?command=get_materiel&rest_code=00106&code=00101020082&supplier_code=00100032&order_time=2023-03-24 HTTP/1.1" 200 409
116.224.106.218 - - [24/Mar/2023:10:29:13 +0800] "GET /xingrg/check_reg.html?_=1679624953551 HTTP/1.1" 200 22
116.225.84.253 - - [24/Mar/2023:10:29:17 +0800] "GET /xingrg/javascript/auto/indicator.gif HTTP/1.1" 404 1066
116.238.139.35 - - [24/Mar/2023:10:29:17 +0800] "GET /xingrg/check_reg.html?_=1679624879661 HTTP/1.1" 200 22
116.225.84.253 - - [24/Mar/2023:10:29:17 +0800] "GET /xingrg/kc/buy/cgsh_order_operate.html?command=get_materiel&rest_code=00105&code=00101009079&supplier_code=00100024&order_time=2023-03-24 HTTP/1.1" 200 409
116.238.139.35 - - [24/Mar/2023:10:29:17 +0800] "POST /xingrg/dwr/call/plaincall/AjaxYddbService.checkOrder.dwr HTTP/1.1" 200 79
116.238.139.35 - - [24/Mar/2023:10:29:18 +0800] "GET /xingrg/all/function/internal_message.html?_=1679624880500&CODE_STATE=getMsg HTTP/1.1" 200 27
180.169.147.146 - - [24/Mar/2023:10:29:18 +0800] "GET /xingrg/all/function/internal_message.html?_=1679624950472&CODE_STATE=getMsg HTTP/1.1" 200 27
116.224.106.218 - - [24/Mar/2023:10:29:19 +0800] "GET /xingrg/all/function/internal_message.html?_=1679624959117&CODE_STATE=getMsg HTTP/1.1" 200 27
116.238.139.35 - - [24/Mar/2023:10:29:19 +0800] "GET /xingrg/kc/base/yddb_order_info.html?code=482023032400173 HTTP/1.1" 200 31307
116.238.139.35 - - [24/Mar/2023:10:29:19 +0800] "GET /xingrg/dwr/interface/AjaxComOrderService.js HTTP/1.1" 200 18264
116.238.139.35 - - [24/Mar/2023:10:29:19 +0800] "GET /xingrg/dwr/interface/AjaxYddbService.js HTTP/1.1" 200 13201
116.238.139.35 - - [24/Mar/2023:10:29:19 +0800] "GET /xingrg/dwr/engine.js HTTP/1.1" 200 43631
116.238.139.35 - - [24/Mar/2023:10:29:19 +0800] "POST /xingrg/dwr/call/plaincall/AjaxYddbService.loadMaterielItems.dwr HTTP/1.1" 200 740
116.224.106.218 - - [24/Mar/2023:10:29:20 +0800] "GET /xingrg/kc/buy/cgsh_order_operate.html?command=get_materiel&rest_code=00145&code=00101010242&supplier_code=00100171&order_time=2023-03-24 HTTP/1.1" 200 413
222.67.232.202 - - [24/Mar/2023:10:29:20 +0800] "GET /xingrg/all/function/internal_message.html?_=1679624506592&CODE_STATE=getMsg HTTP/1.1" 200 27
116.238.139.35 - - [24/Mar/2023:10:29:22 +0800] "POST /xingrg/dwr/call/plaincall/AjaxYddbService.saveOrder.dwr HTTP/1.1" 200 78
222.67.232.202 - - [24/Mar/2023:10:29:24 +0800] "GET /xingrg/kc/print/load_data.html?order_code=212023032408861&kc_code=cgsh&condition= HTTP/1.1" 200 1448
120.253.135.82 - - [24/Mar/2023:10:29:24 +0800] "GET /xingrg/kc/pszx/mdps_order_operate.html?command=get_materiel&pszx_code=00101&rest_code=00155&base_code=0010570&code=00101026177 HTTP/1.1" 200 436
116.225.84.253 - - [24/Mar/2023:10:29:24 +0800] "GET /xingrg/javascript/jquery_tools/images/next.gif HTTP/1.1" 404 1086
116.225.84.253 - - [24/Mar/2023:10:29:24 +0800] "GET /xingrg/javascript/jquery_tools/images/prev.gif HTTP/1.1" 404 1086
116.225.84.253 - - [24/Mar/2023:10:29:24 +0800] "GET /xingrg/kc/buy/cgsh_order_operate.html?command=get_materiel&rest_code=00105&code=00101009004&supplier_code=00100024&order_time=2023-03-24 HTTP/1.1" 200 409
222.70.182.87 - - [24/Mar/2023:10:29:25 +0800] "GET /xingrg/all/function/internal_message.html?_=1679624964530&CODE_STATE=getMsg HTTP/1.1" 200 27
116.238.139.35 - - [24/Mar/2023:10:29:27 +0800] "POST /xingrg/dwr/call/plaincall/AjaxYddbService.objCheckOrder.dwr HTTP/1.1" 200 78
124.78.155.10 - - [24/Mar/2023:10:29:30 +0800] "POST /xingrg/kc/buy/cgsh_order_operate.html HTTP/1.1" 200 37
116.238.139.35 - - [24/Mar/2023:10:29:31 +0800] "GET /xingrg/all/function/internal_message.html?_=1679624972982&CODE_STATE=getMsg HTTP/1.1" 200 27
116.238.139.35 - - [24/Mar/2023:10:29:31 +0800] "GET /xingrg/kc/base/yddb_order_info.html?code=482023032400173 HTTP/1.1" 200 31428
116.238.139.35 - - [24/Mar/2023:10:29:31 +0800] "GET /xingrg/dwr/interface/AjaxComOrderService.js HTTP/1.1" 200 18264
116.238.139.35 - - [24/Mar/2023:10:29:31 +0800] "GET /xingrg/dwr/interface/AjaxYddbService.js HTTP/1.1" 200 13201
116.238.139.35 - - [24/Mar/2023:10:29:31 +0800] "GET /xingrg/dwr/engine.js HTTP/1.1" 200 43631
116.238.139.35 - - [24/Mar/2023:10:29:32 +0800] "POST /xingrg/dwr/call/plaincall/AjaxYddbService.loadMaterielItems.dwr HTTP/1.1" 200 740
116.225.84.253 - - [24/Mar/2023:10:29:34 +0800] "GET /xingrg/kc/buy/cgsh_order_operate.html?command=get_materiel&rest_code=00105&code=00101015158&supplier_code=00100024&order_time=2023-03-24 HTTP/1.1" 200 422
120.253.135.82 - - [24/Mar/2023:10:29:34 +0800] "POST /xingrg/kc/pszx/mdps_order_operate.html HTTP/1.1" 200 37
120.253.135.82 - - [24/Mar/2023:10:29:36 +0800] "GET /xingrg/kc/pszx/mdps_order_info.html?code=312023032400534 HTTP/1.1" 200 23976
120.253.135.82 - - [24/Mar/2023:10:29:36 +0800] "GET /xingrg/javascript/easyui/themes/default/validatebox.css HTTP/1.1" 404 1104
120.253.135.82 - - [24/Mar/2023:10:29:37 +0800] "POST /xingrg/kc/pszx/mdps_order_operate.html HTTP/1.1" 200 2278
116.235.244.121 - - [24/Mar/2023:10:29:38 +0800] "GET /xingrg/all/function/internal_message.html?_=1679624996519&CODE_STATE=getMsg HTTP/1.1" 200 27
116.224.106.218 - - [24/Mar/2023:10:29:38 +0800] "GET /xingrg/kc/buy/cgsh_order_operate.html?command=get_materiel&rest_code=00145&code=00101012010&supplier_code=00100171&order_time=2023-03-24 HTTP/1.1" 200 410
116.238.139.35 - - [24/Mar/2023:10:29:40 +0800] "GET /xingrg/kc/base/yddb_order_add.html HTTP/1.1" 200 29953
116.238.139.35 - - [24/Mar/2023:10:29:40 +0800] "GET /xingrg/dwr/interface/AjaxComOrderService.js HTTP/1.1" 200 18264
116.238.139.35 - - [24/Mar/2023:10:29:40 +0800] "GET /xingrg/dwr/engine.js HTTP/1.1" 200 43631
116.238.139.35 - - [24/Mar/2023:10:29:40 +0800] "GET /xingrg/dwr/interface/AjaxYddbService.js HTTP/1.1" 200 13201
116.192.124.172 - - [24/Mar/2023:10:29:41 +0800] "GET /xingrg/all/function/internal_message.html?_=1679624981700&CODE_STATE=getMsg HTTP/1.1" 200 27
116.225.84.253 - - [24/Mar/2023:10:29:42 +0800] "GET /xingrg/all/function/internal_message.html?_=1679624985069&CODE_STATE=getMsg HTTP/1.1" 200 27
116.238.139.35 - - [24/Mar/2023:10:29:42 +0800] "POST /xingrg/dwr/call/plaincall/AjaxYddbService.getRestBases.dwr HTTP/1.1" 200 1649
124.78.155.10 - - [24/Mar/2023:10:29:44 +0800] "POST /xingrg/kc/buy/cgsh_order_operate.html HTTP/1.1" 200 12
116.238.139.35 - - [24/Mar/2023:10:29:47 +0800] "POST /xingrg/dwr/call/plaincall/AjaxYddbService.saveOrder.dwr HTTP/1.1" 200 78
124.78.155.10 - - [24/Mar/2023:10:29:47 +0800] "GET /xingrg/kc/buy/cgsh_order_info.html?code=212023032408862 HTTP/1.1" 200 64867
124.78.155.10 - - [24/Mar/2023:10:29:47 +0800] "GET /xingrg/javascript/easyui/themes/default/validatebox.css HTTP/1.1" 404 1104
124.78.155.10 - - [24/Mar/2023:10:29:48 +0800] "POST /xingrg/kc/buy/cgsh_order_operate.html HTTP/1.1" 200 4134
116.238.139.35 - - [24/Mar/2023:10:29:50 +0800] "POST /xingrg/dwr/call/plaincall/AjaxComOrderService.getMaterielSearchList.dwr HTTP/1.1" 200 2031
120.253.135.82 - - [24/Mar/2023:10:29:50 +0800] "POST /xingrg/kc/pszx/mdps_order_operate.html HTTP/1.1" 200 37
116.238.139.35 - - [24/Mar/2023:10:29:51 +0800] "POST /xingrg/dwr/call/plaincall/AjaxComOrderService.getMaterielSearchList.dwr HTTP/1.1" 200 2031
120.253.135.82 - - [24/Mar/2023:10:29:51 +0800] "GET /xingrg/kc/pszx/mdps_order_info.html?code=312023032400534 HTTP/1.1" 200 23982
116.238.139.35 - - [24/Mar/2023:10:29:52 +0800] "POST /xingrg/dwr/call/plaincall/AjaxYddbService.getMaterielByMap.dwr HTTP/1.1" 200 2363
120.253.135.82 - - [24/Mar/2023:10:29:52 +0800] "GET /xingrg/javascript/easyui/themes/default/validatebox.css HTTP/1.1" 404 1104
120.253.135.82 - - [24/Mar/2023:10:29:52 +0800] "POST /xingrg/kc/pszx/mdps_order_operate.html HTTP/1.1" 200 2278
116.238.139.35 - - [24/Mar/2023:10:29:53 +0800] "POST /xingrg/dwr/call/plaincall/AjaxYddbService.getUnitPrice.dwr HTTP/1.1" 200 86
116.225.84.253 - - [24/Mar/2023:10:29:54 +0800] "GET /xingrg/kc/base/wldb_order_operate.html?command=get_materiel&rest_code=00105&base_code=0010507&code=00101019133 HTTP/1.1" 200 479
120.253.135.82 - - [24/Mar/2023:10:29:55 +0800] "GET /xingrg/kc/print/load_data.html?order_code=312023032400534&kc_code=mdps&condition= HTTP/1.1" 200 701
116.238.139.35 - - [24/Mar/2023:10:29:57 +0800] "POST /xingrg/dwr/call/plaincall/AjaxYddbService.saveMaterielItem.dwr HTTP/1.1" 200 78
58.221.95.50 - - [24/Mar/2023:10:29:59 +0800] "GET /xingrg/all/function/internal_message.html?_=1679624999612&CODE_STATE=getMsg HTTP/1.1" 200 27
116.238.139.35 - - [24/Mar/2023:10:29:59 +0800] "POST /xingrg/dwr/call/plaincall/AjaxComOrderService.getMaterielSearchList.dwr HTTP/1.1" 200 703
116.238.139.35 - - [24/Mar/2023:10:30:00 +0800] "POST /xingrg/dwr/call/plaincall/AjaxComOrderService.getMaterielSearchList.dwr HTTP/1.1" 200 703
116.238.139.35 - - [24/Mar/2023:10:30:01 +0800] "POST /xingrg/dwr/call/plaincall/AjaxYddbService.getMaterielByMap.dwr HTTP/1.1" 200 2326
116.225.84.253 - - [24/Mar/2023:10:30:03 +0800] "POST /xingrg/kc/base/wldb_order_operate.html HTTP/1.1" 200 37
116.225.84.253 - - [24/Mar/2023:10:30:04 +0800] "POST /xingrg/kc/base/wldb_order_operate.html HTTP/1.1" 200 2223
124.78.155.10 - - [24/Mar/2023:10:30:04 +0800] "GET /xingrg/kc/print/load_data.html?order_code=212023032408862&kc_code=cgsh&condition= HTTP/1.1" 200 2056
114.83.222.182 - - [24/Mar/2023:10:30:04 +0800] "GET /xingrg/all/function/internal_message.html?_=1679625076733&CODE_STATE=getMsg HTTP/1.1" 200 27
116.225.84.253 - - [24/Mar/2023:10:30:04 +0800] "GET /xingrg/kc/base/wldb_order_info.html?code=422023032401957 HTTP/1.1" 200 30395
116.225.84.253 - - [24/Mar/2023:10:30:05 +0800] "GET /xingrg/javascript/easyui/themes/default/validatebox.css HTTP/1.1" 404 1104
116.238.139.35 - - [24/Mar/2023:10:30:05 +0800] "POST /xingrg/dwr/call/plaincall/AjaxYddbService.saveMaterielItem.dwr HTTP/1.1" 200 79
116.225.84.253 - - [24/Mar/2023:10:30:05 +0800] "POST /xingrg/kc/base/wldb_order_operate.html HTTP/1.1" 200 2223
116.192.124.172 - - [24/Mar/2023:10:30:07 +0800] "GET /xingrg/all/function/internal_message.html?_=1679625007197&CODE_STATE=getMsg HTTP/1.1" 200 27
116.225.84.253 - - [24/Mar/2023:10:30:08 +0800] "GET /xingrg/all/function/internal_message.html?_=1679624852006&CODE_STATE=getMsg HTTP/1.1" 200 27
116.238.139.35 - - [24/Mar/2023:10:30:08 +0800] "POST /xingrg/dwr/call/plaincall/AjaxComOrderService.getMaterielSearchList.dwr HTTP/1.1" 200 35588
222.70.221.209 - - [24/Mar/2023:10:30:08 +0800] "GET /xingrg/all/function/internal_message.html?_=1679625112559&CODE_STATE=getMsg HTTP/1.1" 200 27
124.78.155.10 - - [24/Mar/2023:10:30:09 +0800] "GET /xingrg/kc/print/load_data.html?order_code=212023032408862&kc_code=cgsh HTTP/1.1" 200 2056
116.238.139.35 - - [24/Mar/2023:10:30:09 +0800] "POST /xingrg/dwr/call/plaincall/AjaxComOrderService.getMaterielSearchList.dwr HTTP/1.1" 200 1736
116.238.139.35 - - [24/Mar/2023:10:30:10 +0800] "POST /xingrg/dwr/call/plaincall/AjaxYddbService.getMaterielByMap.dwr HTTP/1.1" 200 2332
124.79.240.233 - - [24/Mar/2023:10:30:12 +0800] "GET /xingrg/all/function/internal_message.html?_=1679625271253&CODE_STATE=getMsg HTTP/1.1" 200 27
116.238.139.35 - - [24/Mar/2023:10:30:12 +0800] "GET /xingrg/images/yd/bt2.gif HTTP/1.1" 404 1042
116.238.139.35 - - [24/Mar/2023:10:30:13 +0800] "POST /xingrg/dwr/call/plaincall/AjaxYddbService.saveMaterielItem.dwr HTTP/1.1" 200 79
116.238.139.35 - - [24/Mar/2023:10:30:16 +0800] "POST /xingrg/dwr/call/plaincall/AjaxComOrderService.getMaterielSearchList.dwr HTTP/1.1" 200 9433
116.238.139.35 - - [24/Mar/2023:10:30:16 +0800] "POST /xingrg/dwr/call/plaincall/AjaxComOrderService.getMaterielSearchList.dwr HTTP/1.1" 200 891
116.238.139.35 - - [24/Mar/2023:10:30:18 +0800] "GET /xingrg/all/function/internal_message.html?_=1679624940513&CODE_STATE=getMsg HTTP/1.1" 200 27
180.169.147.146 - - [24/Mar/2023:10:30:18 +0800] "GET /xingrg/all/function/internal_message.html?_=1679625010497&CODE_STATE=getMsg HTTP/1.1" 200 27
116.224.106.218 - - [24/Mar/2023:10:30:19 +0800] "GET /xingrg/all/function/internal_message.html?_=1679625019102&CODE_STATE=getMsg HTTP/1.1" 200 27
116.238.139.35 - - [24/Mar/2023:10:30:19 +0800] "POST /xingrg/dwr/call/plaincall/AjaxYddbService.getMaterielByMap.dwr HTTP/1.1" 200 2374
116.225.84.253 - - [24/Mar/2023:10:30:19 +0800] "GET /xingrg/kc/base/wldb_order_add.html HTTP/1.1" 200 30381
116.225.84.253 - - [24/Mar/2023:10:30:19 +0800] "POST /xingrg/kc/base/wldb_order_operate.html HTTP/1.1" 200 6806
116.225.84.253 - - [24/Mar/2023:10:30:20 +0800] "GET /xingrg/javascript/easyui/themes/default/validatebox.css HTTP/1.1" 404 1104
222.67.232.202 - - [24/Mar/2023:10:30:20 +0800] "GET /xingrg/all/function/internal_message.html?_=1679624566563&CODE_STATE=getMsg HTTP/1.1" 200 27
116.238.139.35 - - [24/Mar/2023:10:30:21 +0800] "POST /xingrg/dwr/call/plaincall/AjaxYddbService.getUnitPrice.dwr HTTP/1.1" 200 87
116.238.139.35 - - [24/Mar/2023:10:30:23 +0800] "POST /xingrg/dwr/call/plaincall/AjaxYddbService.saveMaterielItem.dwr HTTP/1.1" 200 79
116.225.84.253 - - [24/Mar/2023:10:30:23 +0800] "POST /xingrg/kc/buy/cgsh_order_operate.html HTTP/1.1" 200 37
116.225.84.253 - - [24/Mar/2023:10:30:25 +0800] "POST /xingrg/kc/buy/cgsh_order_operate.html HTTP/1.1" 200 6792
222.70.182.87 - - [24/Mar/2023:10:30:25 +0800] "GET /xingrg/all/function/internal_message.html?_=1679625024528&CODE_STATE=getMsg HTTP/1.1" 200 27
116.238.139.35 - - [24/Mar/2023:10:30:26 +0800] "POST /xingrg/dwr/call/plaincall/AjaxComOrderService.getMaterielSearchList.dwr HTTP/1.1" 200 6040
116.238.139.35 - - [24/Mar/2023:10:30:27 +0800] "POST /xingrg/dwr/call/plaincall/AjaxComOrderService.getMaterielSearchList.dwr HTTP/1.1" 200 1130
116.225.84.253 - - [24/Mar/2023:10:30:27 +0800] "GET /xingrg/kc/print/load_data.html?order_code=212023032408863&kc_code=cgsh&condition= HTTP/1.1" 200 2253
116.238.139.35 - - [24/Mar/2023:10:30:29 +0800] "POST /xingrg/dwr/call/plaincall/AjaxYddbService.getMaterielByMap.dwr HTTP/1.1" 200 2354
116.238.139.35 - - [24/Mar/2023:10:30:30 +0800] "POST /xingrg/dwr/call/plaincall/AjaxYddbService.getUnitPrice.dwr HTTP/1.1" 200 87
116.238.139.35 - - [24/Mar/2023:10:30:31 +0800] "GET /xingrg/all/function/internal_message.html?_=1679625032957&CODE_STATE=getMsg HTTP/1.1" 200 27
116.238.139.35 - - [24/Mar/2023:10:30:34 +0800] "POST /xingrg/dwr/call/plaincall/AjaxYddbService.saveMaterielItem.dwr HTTP/1.1" 200 79
116.225.84.253 - - [24/Mar/2023:10:30:35 +0800] "GET /xingrg/kc/base/wldb_order_list.html HTTP/1.1" 200 19098
116.225.84.253 - - [24/Mar/2023:10:30:36 +0800] "POST /xingrg/kc/base/wldb_list_operate.html HTTP/1.1" 200 2164
58.221.95.50 - - [24/Mar/2023:10:30:36 +0800] "GET /xingrg/check_reg.html?_=1679625037054 HTTP/1.1" 200 22
124.78.155.10 - - [24/Mar/2023:10:30:37 +0800] "GET /xingrg/all/function/internal_message.html?_=1679625042882&CODE_STATE=getMsg HTTP/1.1" 200 27
116.225.84.253 - - [24/Mar/2023:10:30:38 +0800] "GET /xingrg/kc/base/wldb_order_add.html HTTP/1.1" 200 30381
116.225.84.253 - - [24/Mar/2023:10:30:38 +0800] "GET /xingrg/all/common/auto_word.html?type=base&rest_code=00105 HTTP/1.1" 200 1907
116.225.84.253 - - [24/Mar/2023:10:30:38 +0800] "GET /xingrg/javascript/easyui/themes/default/validatebox.css HTTP/1.1" 404 1104
116.225.84.253 - - [24/Mar/2023:10:30:38 +0800] "POST /xingrg/kc/base/wldb_order_operate.html HTTP/1.1" 200 6806
116.225.84.253 - - [24/Mar/2023:10:30:38 +0800] "GET /xingrg/all/common/auto_word.html?type=base&rest_code=00105 HTTP/1.1" 200 1907
116.235.244.121 - - [24/Mar/2023:10:30:39 +0800] "GET /xingrg/all/function/internal_message.html?_=1679625057023&CODE_STATE=getMsg HTTP/1.1" 200 27
116.225.84.253 - - [24/Mar/2023:10:30:40 +0800] "GET /xingrg/kc/base/wldb_order_operate.html?command=get_materiel&rest_code=00105&base_code=0010507&code=00101013011 HTTP/1.1" 200 451
116.192.124.172 - - [24/Mar/2023:10:30:41 +0800] "GET /xingrg/all/function/internal_message.html?_=1679625041692&CODE_STATE=getMsg HTTP/1.1" 200 27
116.238.139.35 - - [24/Mar/2023:10:30:42 +0800] "POST /xingrg/dwr/call/plaincall/AjaxYddbService.checkOrder.dwr HTTP/1.1" 200 79
116.225.84.253 - - [24/Mar/2023:10:30:42 +0800] "GET /xingrg/all/function/internal_message.html?_=1679625045077&CODE_STATE=getMsg HTTP/1.1" 200 27
120.253.135.82 - - [24/Mar/2023:10:30:45 +0800] "POST /xingrg/kc/pszx/mdps_list_operate.html HTTP/1.1" 200 3212
116.238.139.35 - - [24/Mar/2023:10:30:46 +0800] "GET /xingrg/kc/base/yddb_order_info.html?code=482023032400174 HTTP/1.1" 200 31308
116.238.139.35 - - [24/Mar/2023:10:30:46 +0800] "GET /xingrg/dwr/interface/AjaxComOrderService.js HTTP/1.1" 200 18264
116.238.139.35 - - [24/Mar/2023:10:30:46 +0800] "GET /xingrg/dwr/interface/AjaxYddbService.js HTTP/1.1" 200 13201
116.238.139.35 - - [24/Mar/2023:10:30:46 +0800] "GET /xingrg/dwr/engine.js HTTP/1.1" 200 43631
116.238.139.35 - - [24/Mar/2023:10:30:46 +0800] "POST /xingrg/dwr/call/plaincall/AjaxYddbService.loadMaterielItems.dwr HTTP/1.1" 200 1877
120.253.135.82 - - [24/Mar/2023:10:30:47 +0800] "POST /xingrg/kc/pszx/mdps_list_operate.html HTTP/1.1" 200 281
116.238.139.35 - - [24/Mar/2023:10:30:49 +0800] "POST /xingrg/dwr/call/plaincall/AjaxYddbService.saveOrder.dwr HTTP/1.1" 200 78
116.225.84.253 - - [24/Mar/2023:10:30:50 +0800] "GET /xingrg/kc/base/wldb_order_operate.html?command=get_materiel&rest_code=00105&base_code=0010507&code=00101016076 HTTP/1.1" 200 477
116.225.84.253 - - [24/Mar/2023:10:30:52 +0800] "GET /xingrg/kc/base/wldb_order_operate.html?command=get_materiel&rest_code=00105&base_code=0010508&code=00102002204 HTTP/1.1" 200 448
58.221.95.50 - - [24/Mar/2023:10:30:59 +0800] "GET /xingrg/all/function/internal_message.html?_=1679625059597&CODE_STATE=getMsg HTTP/1.1" 200 27
116.238.139.35 - - [24/Mar/2023:10:30:59 +0800] "POST /xingrg/dwr/call/plaincall/AjaxYddbService.objCheckOrder.dwr HTTP/1.1" 200 78
116.225.84.253 - - [24/Mar/2023:10:30:59 +0800] "GET /xingrg/kc/base/wldb_order_operate.html?command=get_materiel&rest_code=00105&base_code=0010508&code=00102002304 HTTP/1.1" 200 464
116.238.139.35 - - [24/Mar/2023:10:31:00 +0800] "GET /xingrg/kc/base/yddb_order_info.html?code=482023032400174 HTTP/1.1" 200 31429
116.238.139.35 - - [24/Mar/2023:10:31:00 +0800] "GET /xingrg/dwr/interface/AjaxComOrderService.js HTTP/1.1" 200 18264
116.238.139.35 - - [24/Mar/2023:10:31:00 +0800] "GET /xingrg/dwr/interface/AjaxYddbService.js HTTP/1.1" 200 13201
116.238.139.35 - - [24/Mar/2023:10:31:00 +0800] "GET /xingrg/dwr/engine.js HTTP/1.1" 200 43631
116.238.139.35 - - [24/Mar/2023:10:31:01 +0800] "POST /xingrg/dwr/call/plaincall/AjaxYddbService.loadMaterielItems.dwr HTTP/1.1" 200 1877
180.163.30.76 - - [24/Mar/2023:10:31:03 +0800] "GET /xingrg/kc/print/load_data.html?order_code=212023032408862&kc_code=cgsh&condition= HTTP/1.1" 302 -
120.253.135.82 - - [24/Mar/2023:10:31:03 +0800] "POST /xingrg/kc/pszx/mdps_list_operate.html HTTP/1.1" 200 3577
116.225.84.253 - - [24/Mar/2023:10:31:03 +0800] "GET /xingrg/kc/base/wldb_order_operate.html?command=get_materiel&rest_code=00105&base_code=0010507&code=00101019542 HTTP/1.1" 200 447
180.163.30.76 - - [24/Mar/2023:10:31:03 +0800] "GET /xingrg/login.html HTTP/1.1" 200 7641
114.83.222.182 - - [24/Mar/2023:10:31:04 +0800] "GET /xingrg/all/function/internal_message.html?_=1679625136739&CODE_STATE=getMsg HTTP/1.1" 200 27
120.253.135.82 - - [24/Mar/2023:10:31:05 +0800] "POST /xingrg/kc/pszx/mdps_list_operate.html HTTP/1.1" 200 279
116.192.124.172 - - [24/Mar/2023:10:31:07 +0800] "GET /xingrg/all/function/internal_message.html?_=1679625067202&CODE_STATE=getMsg HTTP/1.1" 200 27
116.225.84.253 - - [24/Mar/2023:10:31:08 +0800] "GET /xingrg/all/function/internal_message.html?_=1679624911997&CODE_STATE=getMsg HTTP/1.1" 200 27
120.253.135.82 - - [24/Mar/2023:10:31:08 +0800] "POST /xingrg/kc/pszx/mdps_list_operate.html HTTP/1.1" 200 202
222.70.221.209 - - [24/Mar/2023:10:31:08 +0800] "GET /xingrg/all/function/internal_message.html?_=1679625172562&CODE_STATE=getMsg HTTP/1.1" 200 27
120.253.135.82 - - [24/Mar/2023:10:31:11 +0800] "POST /xingrg/kc/pszx/mdps_list_operate.html HTTP/1.1" 200 289
124.79.240.233 - - [24/Mar/2023:10:31:12 +0800] "GET /xingrg/all/function/internal_message.html?_=1679625331256&CODE_STATE=getMsg HTTP/1.1" 200 27
116.225.84.253 - - [24/Mar/2023:10:31:17 +0800] "GET /xingrg/kc/base/wldb_order_operate.html?command=get_materiel&rest_code=00105&base_code=0010508&code=00102002451 HTTP/1.1" 200 433
116.225.84.253 - - [24/Mar/2023:10:31:17 +0800] "GET /xingrg/kc/base/wldb_order_operate.html?command=get_materiel&rest_code=00105&base_code=0010507&code=00101019015 HTTP/1.1" 200 451
116.238.139.35 - - [24/Mar/2023:10:31:18 +0800] "GET /xingrg/all/function/internal_message.html?_=1679625000528&CODE_STATE=getMsg HTTP/1.1" 200 27
180.169.147.146 - - [24/Mar/2023:10:31:18 +0800] "GET /xingrg/check_reg.html?_=1679625070496 HTTP/1.1" 200 22
180.169.147.146 - - [24/Mar/2023:10:31:18 +0800] "GET /xingrg/all/function/internal_message.html?_=1679625070495&CODE_STATE=getMsg HTTP/1.1" 200 27
116.224.106.218 - - [24/Mar/2023:10:31:19 +0800] "GET /xingrg/all/function/internal_message.html?_=1679625079090&CODE_STATE=getMsg HTTP/1.1" 200 27
222.67.232.202 - - [24/Mar/2023:10:31:20 +0800] "GET /xingrg/all/function/internal_message.html?_=1679624626534&CODE_STATE=getMsg HTTP/1.1" 200 27
116.225.84.253 - - [24/Mar/2023:10:31:23 +0800] "GET /xingrg/kc/base/wldb_order_operate.html?command=get_materiel&rest_code=00105&base_code=0010508&code=00102002238 HTTP/1.1" 200 434
116.235.244.121 - - [24/Mar/2023:10:31:24 +0800] "GET /xingrg/check_reg.html?_=1679625102194 HTTP/1.1" 200 22
120.253.135.82 - - [24/Mar/2023:10:31:24 +0800] "GET /xingrg/kc/pszx/mdps_order_add.html HTTP/1.1" 200 29101
120.253.135.82 - - [24/Mar/2023:10:31:24 +0800] "POST /xingrg/kc/pszx/mdps_order_operate.html HTTP/1.1" 200 7126
120.253.135.82 - - [24/Mar/2023:10:31:25 +0800] "GET /xingrg/javascript/easyui/themes/default/validatebox.css HTTP/1.1" 404 1104
222.70.182.87 - - [24/Mar/2023:10:31:25 +0800] "GET /xingrg/all/function/internal_message.html?_=1679625084527&CODE_STATE=getMsg HTTP/1.1" 200 27
116.225.84.253 - - [24/Mar/2023:10:31:26 +0800] "POST /xingrg/kc/base/wldb_order_operate.html HTTP/1.1" 200 37
116.225.84.253 - - [24/Mar/2023:10:31:27 +0800] "POST /xingrg/kc/base/wldb_order_operate.html HTTP/1.1" 200 3664
116.225.84.253 - - [24/Mar/2023:10:31:27 +0800] "GET /xingrg/kc/base/wldb_order_info.html?code=422023032401958 HTTP/1.1" 200 30396
116.225.84.253 - - [24/Mar/2023:10:31:28 +0800] "GET /xingrg/words/20230324100208_words.js HTTP/1.1" 304 -
116.225.84.253 - - [24/Mar/2023:10:31:28 +0800] "GET /xingrg/javascript/easyui/themes/default/validatebox.css HTTP/1.1" 404 1104
116.225.84.253 - - [24/Mar/2023:10:31:29 +0800] "POST /xingrg/kc/base/wldb_order_operate.html HTTP/1.1" 200 37
116.225.84.253 - - [24/Mar/2023:10:31:29 +0800] "POST /xingrg/kc/base/wldb_order_operate.html HTTP/1.1" 200 3664
120.253.135.82 - - [24/Mar/2023:10:31:30 +0800] "GET /xingrg/kc/pszx/mdps_order_list.html?orderType=0 HTTP/1.1" 200 21032
116.225.84.253 - - [24/Mar/2023:10:31:30 +0800] "POST /xingrg/kc/base/wldb_order_operate.html HTTP/1.1" 200 3640
120.253.135.82 - - [24/Mar/2023:10:31:30 +0800] "POST /xingrg/kc/pszx/mdps_list_operate.html HTTP/1.1" 200 5370
116.238.139.35 - - [24/Mar/2023:10:31:31 +0800] "GET /xingrg/all/function/internal_message.html?_=1679625092929&CODE_STATE=getMsg HTTP/1.1" 200 27
116.225.84.253 - - [24/Mar/2023:10:31:32 +0800] "GET /xingrg/kc/base/wldb_order_info.html?code=422023032401959 HTTP/1.1" 200 30396
116.225.84.253 - - [24/Mar/2023:10:31:32 +0800] "GET /xingrg/javascript/easyui/themes/default/validatebox.css HTTP/1.1" 404 1104
116.225.84.253 - - [24/Mar/2023:10:31:33 +0800] "POST /xingrg/kc/base/wldb_order_operate.html HTTP/1.1" 200 3640
120.253.135.82 - - [24/Mar/2023:10:31:34 +0800] "POST /xingrg/kc/pszx/mdps_list_operate.html HTTP/1.1" 200 1681
120.253.135.82 - - [24/Mar/2023:10:31:35 +0800] "POST /xingrg/kc/pszx/mdps_list_operate.html HTTP/1.1" 200 204
124.78.155.10 - - [24/Mar/2023:10:31:37 +0800] "GET /xingrg/all/function/internal_message.html?_=1679625102857&CODE_STATE=getMsg HTTP/1.1" 200 27
180.163.28.143 - - [24/Mar/2023:10:31:37 +0800] "GET /xingrg/all/function/internal_message.html?_=1679625042882&CODE_STATE=getMsg HTTP/1.1" 302 -
180.163.28.143 - - [24/Mar/2023:10:31:37 +0800] "GET /xingrg/login.html HTTP/1.1" 200 7641
116.238.139.35 - - [24/Mar/2023:10:31:37 +0800] "GET /favicon.ico HTTP/1.1" 404 -
116.235.244.121 - - [24/Mar/2023:10:31:39 +0800] "GET /xingrg/all/function/internal_message.html?_=1679625117031&CODE_STATE=getMsg HTTP/1.1" 200 27
120.253.135.82 - - [24/Mar/2023:10:31:40 +0800] "GET /xingrg/kc/pszx/mdps_order_add.html HTTP/1.1" 200 29101
120.253.135.82 - - [24/Mar/2023:10:31:40 +0800] "POST /xingrg/kc/pszx/mdps_order_operate.html HTTP/1.1" 200 7126
120.253.135.82 - - [24/Mar/2023:10:31:40 +0800] "GET /xingrg/javascript/easyui/themes/default/validatebox.css HTTP/1.1" 404 1104
116.192.124.172 - - [24/Mar/2023:10:31:41 +0800] "GET /xingrg/all/function/internal_message.html?_=1679625101687&CODE_STATE=getMsg HTTP/1.1" 200 27
116.225.84.253 - - [24/Mar/2023:10:31:41 +0800] "GET /xingrg/all/function/internal_message.html?_=1679625105017&CODE_STATE=getMsg HTTP/1.1" 200 27
116.225.84.253 - - [24/Mar/2023:10:31:44 +0800] "GET /xingrg/kc/base/wldb_order_add.html HTTP/1.1" 200 30381
116.225.84.253 - - [24/Mar/2023:10:31:44 +0800] "GET /xingrg/javascript/easyui/themes/default/validatebox.css HTTP/1.1" 404 1104
116.225.84.253 - - [24/Mar/2023:10:31:44 +0800] "POST /xingrg/kc/base/wldb_order_operate.html HTTP/1.1" 200 6806
116.225.84.253 - - [24/Mar/2023:10:31:45 +0800] "POST /xingrg/all/common/load_combo.html?type=base HTTP/1.1" 200 3409
120.253.135.82 - - [24/Mar/2023:10:31:46 +0800] "POST /xingrg/all/common/load_combo.html?type=base HTTP/1.1" 200 1169
114.83.222.182 - - [24/Mar/2023:10:31:49 +0800] "POST /xingrg/dwr/call/plaincall/AjaxYddbService.saveMaterielItem.dwr HTTP/1.1" 200 78
114.83.222.182 - - [24/Mar/2023:10:31:53 +0800] "POST /xingrg/dwr/call/plaincall/AjaxComOrderService.getMaterielSearchList.dwr HTTP/1.1" 200 76
172.20.0.100 - - [24/Mar/2023:10:31:54 +0800] "GET /xingrg/check_reg.html?_=1679625119979 HTTP/1.1" 302 -
114.83.222.182 - - [24/Mar/2023:10:31:55 +0800] "POST /xingrg/dwr/call/plaincall/AjaxComOrderService.getMaterielSearchList.dwr HTTP/1.1" 200 1398
116.225.84.253 - - [24/Mar/2023:10:31:56 +0800] "GET /xingrg/kc/base/wldb_order_add.html HTTP/1.1" 200 30381
116.225.84.253 - - [24/Mar/2023:10:31:56 +0800] "POST /xingrg/kc/base/wldb_order_operate.html HTTP/1.1" 200 6806
116.225.84.253 - - [24/Mar/2023:10:31:56 +0800] "GET /xingrg/javascript/easyui/themes/default/validatebox.css HTTP/1.1" 404 1104
120.253.135.82 - - [24/Mar/2023:10:31:57 +0800] "GET /xingrg/check_reg.html?_=1679624947932 HTTP/1.1" 200 22
58.221.95.50 - - [24/Mar/2023:10:31:59 +0800] "GET /xingrg/all/function/internal_message.html?_=1679625119574&CODE_STATE=getMsg HTTP/1.1" 200 27
116.225.84.253 - - [24/Mar/2023:10:32:03 +0800] "GET /xingrg/kc/base/wldb_order_operate.html?command=get_materiel&rest_code=00105&base_code=0010508&code=00102002258 HTTP/1.1" 200 448
114.83.222.182 - - [24/Mar/2023:10:32:04 +0800] "GET /xingrg/all/function/internal_message.html?_=1679625196734&CODE_STATE=getMsg HTTP/1.1" 200 27
114.83.222.182 - - [24/Mar/2023:10:32:05 +0800] "POST /xingrg/dwr/call/plaincall/AjaxYddbService.getMaterielByMap.dwr HTTP/1.1" 200 1754
120.253.135.82 - - [24/Mar/2023:10:32:06 +0800] "GET /xingrg/kc/pszx/mdps_order_operate.html?command=get_materiel&pszx_code=00101&rest_code=00106&base_code=0010570&code=00101026177 HTTP/1.1" 200 436
116.192.124.172 - - [24/Mar/2023:10:32:07 +0800] "GET /xingrg/all/function/internal_message.html?_=1679625127197&CODE_STATE=getMsg HTTP/1.1" 200 27
116.225.84.253 - - [24/Mar/2023:10:32:08 +0800] "GET /xingrg/all/function/internal_message.html?_=1679624971999&CODE_STATE=getMsg HTTP/1.1" 200 27
116.225.84.253 - - [24/Mar/2023:10:32:08 +0800] "GET /xingrg/check_reg.html?_=1679624972003 HTTP/1.1" 200 22
222.70.221.209 - - [24/Mar/2023:10:32:08 +0800] "GET /xingrg/all/function/internal_message.html?_=1679625232561&CODE_STATE=getMsg HTTP/1.1" 200 27
116.225.84.253 - - [24/Mar/2023:10:32:11 +0800] "GET /xingrg/kc/base/wldb_order_operate.html?command=get_materiel&rest_code=00105&base_code=0010508&code=00102002439 HTTP/1.1" 200 472
124.79.240.233 - - [24/Mar/2023:10:32:12 +0800] "GET /xingrg/all/function/internal_message.html?_=1679625391255&CODE_STATE=getMsg HTTP/1.1" 200 27
116.225.84.253 - - [24/Mar/2023:10:32:16 +0800] "GET /xingrg/kc/base/wldb_order_operate.html?command=get_materiel&rest_code=00105&base_code=0010507&code=00101013139 HTTP/1.1" 200 450
116.238.139.35 - - [24/Mar/2023:10:32:18 +0800] "GET /xingrg/all/function/internal_message.html?_=1679625060588&CODE_STATE=getMsg HTTP/1.1" 200 27
180.169.147.146 - - [24/Mar/2023:10:32:18 +0800] "GET /xingrg/all/function/internal_message.html?_=1679625130494&CODE_STATE=getMsg HTTP/1.1" 200 27
116.225.84.253 - - [24/Mar/2023:10:32:18 +0800] "GET /xingrg/kc/base/wldb_order_operate.html?command=get_materiel&rest_code=00105&base_code=0010508&code=00102001084 HTTP/1.1" 200 432
116.224.106.218 - - [24/Mar/2023:10:32:19 +0800] "GET /xingrg/all/function/internal_message.html?_=1679625139063&CODE_STATE=getMsg HTTP/1.1" 200 27
120.253.135.82 - - [24/Mar/2023:10:32:19 +0800] "POST /xingrg/kc/pszx/mdps_order_operate.html HTTP/1.1" 200 37
120.253.135.82 - - [24/Mar/2023:10:32:20 +0800] "GET /xingrg/kc/pszx/mdps_order_info.html?code=312023032400535 HTTP/1.1" 200 23976
222.67.232.202 - - [24/Mar/2023:10:32:20 +0800] "GET /xingrg/all/function/internal_message.html?_=1679624686517&CODE_STATE=getMsg HTTP/1.1" 200 27
120.253.135.82 - - [24/Mar/2023:10:32:20 +0800] "GET /xingrg/javascript/easyui/themes/default/validatebox.css HTTP/1.1" 404 1104
120.253.135.82 - - [24/Mar/2023:10:32:21 +0800] "POST /xingrg/kc/pszx/mdps_order_operate.html HTTP/1.1" 200 2278
222.67.232.202 - - [24/Mar/2023:10:32:21 +0800] "GET /xingrg/check_reg.html?_=1679624687486 HTTP/1.1" 200 22
116.225.84.253 - - [24/Mar/2023:10:32:24 +0800] "GET /xingrg/kc/base/wldb_order_operate.html?command=get_materiel&rest_code=00105&base_code=0010507&code=00101019222 HTTP/1.1" 200 454
116.225.84.253 - - [24/Mar/2023:10:32:25 +0800] "GET /xingrg/kc/base/wldb_order_operate.html?command=get_materiel&rest_code=00105&base_code=0010508&code=00102002556 HTTP/1.1" 200 443
222.70.182.87 - - [24/Mar/2023:10:32:25 +0800] "GET /xingrg/check_reg.html?_=1679625144532 HTTP/1.1" 200 22
222.70.182.87 - - [24/Mar/2023:10:32:25 +0800] "GET /xingrg/all/function/internal_message.html?_=1679625144528&CODE_STATE=getMsg HTTP/1.1" 200 27
120.253.135.82 - - [24/Mar/2023:10:32:28 +0800] "POST /xingrg/kc/pszx/mdps_order_operate.html HTTP/1.1" 200 37
120.253.135.82 - - [24/Mar/2023:10:32:29 +0800] "GET /xingrg/kc/pszx/mdps_order_info.html?code=312023032400535 HTTP/1.1" 200 23976
120.253.135.82 - - [24/Mar/2023:10:32:30 +0800] "GET /xingrg/javascript/easyui/themes/default/validatebox.css HTTP/1.1" 404 1104
120.253.135.82 - - [24/Mar/2023:10:32:31 +0800] "POST /xingrg/kc/pszx/mdps_order_operate.html HTTP/1.1" 200 2278
116.238.139.35 - - [24/Mar/2023:10:32:31 +0800] "GET /xingrg/all/function/internal_message.html?_=1679625152914&CODE_STATE=getMsg HTTP/1.1" 200 27
116.238.139.35 - - [24/Mar/2023:10:32:31 +0800] "GET /xingrg/check_reg.html?_=1679625152980 HTTP/1.1" 200 22
120.253.135.82 - - [24/Mar/2023:10:32:31 +0800] "POST /xingrg/kc/pszx/mdps_list_operate.html HTTP/1.1" 200 2051
116.225.84.253 - - [24/Mar/2023:10:32:32 +0800] "POST /xingrg/kc/base/wldb_order_operate.html HTTP/1.1" 200 37
116.225.84.253 - - [24/Mar/2023:10:32:32 +0800] "POST /xingrg/kc/base/wldb_order_operate.html HTTP/1.1" 200 2676
120.253.135.82 - - [24/Mar/2023:10:32:33 +0800] "POST /xingrg/kc/pszx/mdps_list_operate.html HTTP/1.1" 200 204
116.225.84.253 - - [24/Mar/2023:10:32:33 +0800] "GET /xingrg/kc/base/wldb_order_info.html?code=422023032401960 HTTP/1.1" 200 30395
116.225.84.253 - - [24/Mar/2023:10:32:34 +0800] "GET /xingrg/javascript/easyui/themes/default/validatebox.css HTTP/1.1" 404 1104
116.225.84.253 - - [24/Mar/2023:10:32:35 +0800] "POST /xingrg/kc/base/wldb_order_operate.html HTTP/1.1" 200 2676
120.253.135.82 - - [24/Mar/2023:10:32:35 +0800] "GET /xingrg/kc/pszx/mdps_order_add.html HTTP/1.1" 200 29101
120.253.135.82 - - [24/Mar/2023:10:32:35 +0800] "POST /xingrg/kc/pszx/mdps_order_operate.html HTTP/1.1" 200 7126
120.253.135.82 - - [24/Mar/2023:10:32:35 +0800] "GET /xingrg/javascript/easyui/themes/default/validatebox.css HTTP/1.1" 404 1104
116.225.84.253 - - [24/Mar/2023:10:32:36 +0800] "GET /xingrg/kc/base/wldb_order_operate.html?command=get_materiel&rest_code=00105&base_code=0010508&code=00101017003 HTTP/1.1" 200 447
124.78.155.10 - - [24/Mar/2023:10:32:37 +0800] "GET /xingrg/all/function/internal_message.html?_=1679625162829&CODE_STATE=getMsg HTTP/1.1" 200 27
180.163.29.234 - - [24/Mar/2023:10:32:37 +0800] "GET /xingrg/all/function/internal_message.html?_=1679625102857&CODE_STATE=getMsg HTTP/1.1" 302 -
180.163.29.234 - - [24/Mar/2023:10:32:37 +0800] "GET /xingrg/login.html HTTP/1.1" 200 7641
116.235.244.121 - - [24/Mar/2023:10:32:39 +0800] "GET /xingrg/all/function/internal_message.html?_=1679625177355&CODE_STATE=getMsg HTTP/1.1" 200 27
116.192.124.172 - - [24/Mar/2023:10:32:41 +0800] "GET /xingrg/all/function/internal_message.html?_=1679625161686&CODE_STATE=getMsg HTTP/1.1" 200 27
120.253.135.82 - - [24/Mar/2023:10:32:41 +0800] "POST /xingrg/kc/pszx/mdps_list_operate.html HTTP/1.1" 200 2051
116.225.84.253 - - [24/Mar/2023:10:32:41 +0800] "GET /xingrg/all/function/internal_message.html?_=1679625164991&CODE_STATE=getMsg HTTP/1.1" 200 27
116.225.84.253 - - [24/Mar/2023:10:32:42 +0800] "POST /xingrg/kc/base/wldb_order_operate.html HTTP/1.1" 200 37
116.225.84.253 - - [24/Mar/2023:10:32:43 +0800] "POST /xingrg/kc/base/wldb_order_operate.html HTTP/1.1" 200 4136
116.192.124.172 - - [24/Mar/2023:10:32:44 +0800] "GET /xingrg/check_reg.html?_=1679625164013 HTTP/1.1" 200 22
116.225.84.253 - - [24/Mar/2023:10:32:51 +0800] "GET /xingrg/kc/base/wldb_order_add.html HTTP/1.1" 200 30381
116.225.84.253 - - [24/Mar/2023:10:32:52 +0800] "POST /xingrg/kc/base/wldb_order_operate.html HTTP/1.1" 200 6806
116.225.84.253 - - [24/Mar/2023:10:32:52 +0800] "GET /xingrg/javascript/easyui/themes/default/validatebox.css HTTP/1.1" 404 1104
116.225.84.253 - - [24/Mar/2023:10:32:54 +0800] "GET /xingrg/kc/base/wldb_order_info.html?code=422023032401961 HTTP/1.1" 200 30396
116.225.84.253 - - [24/Mar/2023:10:32:54 +0800] "GET /xingrg/javascript/easyui/themes/default/validatebox.css HTTP/1.1" 404 1104
116.225.84.253 - - [24/Mar/2023:10:32:55 +0800] "POST /xingrg/kc/base/wldb_order_operate.html HTTP/1.1" 200 4136
120.253.135.82 - - [24/Mar/2023:10:32:56 +0800] "POST /xingrg/kc/pszx/mdps_list_operate.html HTTP/1.1" 200 868
58.221.95.50 - - [24/Mar/2023:10:32:59 +0800] "GET /xingrg/all/function/internal_message.html?_=1679625179558&CODE_STATE=getMsg HTTP/1.1" 200 27
120.253.135.82 - - [24/Mar/2023:10:33:00 +0800] "GET /xingrg/kc/pszx/mdps_order_add.html HTTP/1.1" 200 29101
120.253.135.82 - - [24/Mar/2023:10:33:00 +0800] "POST /xingrg/kc/pszx/mdps_order_operate.html HTTP/1.1" 200 7126
120.253.135.82 - - [24/Mar/2023:10:33:00 +0800] "GET /xingrg/javascript/easyui/themes/default/validatebox.css HTTP/1.1" 404 1104
114.83.222.182 - - [24/Mar/2023:10:33:04 +0800] "GET /xingrg/all/function/internal_message.html?_=1679625256752&CODE_STATE=getMsg HTTP/1.1" 200 27
116.192.124.172 - - [24/Mar/2023:10:33:07 +0800] "GET /xingrg/all/function/internal_message.html?_=1679625187195&CODE_STATE=getMsg HTTP/1.1" 200 27
116.225.84.253 - - [24/Mar/2023:10:33:08 +0800] "GET /xingrg/all/function/internal_message.html?_=1679625032001&CODE_STATE=getMsg HTTP/1.1" 200 27
222.70.221.209 - - [24/Mar/2023:10:33:08 +0800] "GET /xingrg/check_reg.html?_=1679625292553 HTTP/1.1" 200 22
222.70.221.209 - - [24/Mar/2023:10:33:08 +0800] "GET /xingrg/all/function/internal_message.html?_=1679625292554&CODE_STATE=getMsg HTTP/1.1" 200 27
124.79.240.233 - - [24/Mar/2023:10:33:12 +0800] "GET /xingrg/all/function/internal_message.html?_=1679625451260&CODE_STATE=getMsg HTTP/1.1" 200 27
124.79.240.233 - - [24/Mar/2023:10:33:12 +0800] "GET /xingrg/check_reg.html?_=1679625451261 HTTP/1.1" 200 22
116.235.244.121 - - [24/Mar/2023:10:33:12 +0800] "GET /xingrg/kc/buy/cgsh_order_operate.html?command=get_materiel&rest_code=00146&code=00101006193&supplier_code=00100012&order_time=2023-03-24 HTTP/1.1" 200 409
120.253.135.82 - - [24/Mar/2023:10:33:15 +0800] "POST /xingrg/all/common/load_combo.html?type=base HTTP/1.1" 200 1169
116.225.84.253 - - [24/Mar/2023:10:33:17 +0800] "GET /xingrg/kc/base/wldb_order_operate.html?command=get_materiel&rest_code=00105&base_code=0010507&code=00101019536 HTTP/1.1" 200 471
116.238.139.35 - - [24/Mar/2023:10:33:18 +0800] "GET /xingrg/all/function/internal_message.html?_=1679625120601&CODE_STATE=getMsg HTTP/1.1" 200 27
180.169.147.146 - - [24/Mar/2023:10:33:18 +0800] "GET /xingrg/all/function/internal_message.html?_=1679625190508&CODE_STATE=getMsg HTTP/1.1" 200 27
116.224.106.218 - - [24/Mar/2023:10:33:19 +0800] "GET /xingrg/all/function/internal_message.html?_=1679625199048&CODE_STATE=getMsg HTTP/1.1" 200 27
114.83.222.182 - - [24/Mar/2023:10:33:20 +0800] "POST /xingrg/dwr/call/plaincall/AjaxYddbService.saveMaterielItem.dwr HTTP/1.1" 200 79
222.67.232.202 - - [24/Mar/2023:10:33:20 +0800] "GET /xingrg/all/function/internal_message.html?_=1679624746497&CODE_STATE=getMsg HTTP/1.1" 200 27
222.70.182.87 - - [24/Mar/2023:10:33:25 +0800] "GET /xingrg/all/function/internal_message.html?_=1679625204532&CODE_STATE=getMsg HTTP/1.1" 200 27
120.253.135.82 - - [24/Mar/2023:10:33:26 +0800] "GET /xingrg/kc/pszx/mdps_order_operate.html?command=get_materiel&pszx_code=00101&rest_code=00141&base_code=0010570&code=00101026177 HTTP/1.1" 200 436
116.225.84.253 - - [24/Mar/2023:10:33:29 +0800] "GET /xingrg/kc/base/wldb_order_operate.html?command=get_materiel&rest_code=00105&base_code=0010507&code=00101019438 HTTP/1.1" 200 462
116.238.139.35 - - [24/Mar/2023:10:33:31 +0800] "GET /xingrg/all/function/internal_message.html?_=1679625212887&CODE_STATE=getMsg HTTP/1.1" 200 27
120.253.135.82 - - [24/Mar/2023:10:33:35 +0800] "POST /xingrg/kc/pszx/mdps_order_operate.html HTTP/1.1" 200 37
124.78.155.10 - - [24/Mar/2023:10:33:37 +0800] "GET /xingrg/all/function/internal_message.html?_=1679625222800&CODE_STATE=getMsg HTTP/1.1" 200 27
120.253.135.82 - - [24/Mar/2023:10:33:38 +0800] "GET /xingrg/kc/pszx/mdps_order_info.html?code=312023032400536 HTTP/1.1" 200 23976
120.253.135.82 - - [24/Mar/2023:10:33:39 +0800] "GET /xingrg/javascript/easyui/themes/default/validatebox.css HTTP/1.1" 404 1104
120.253.135.82 - - [24/Mar/2023:10:33:39 +0800] "POST /xingrg/kc/pszx/mdps_order_operate.html HTTP/1.1" 200 2278
116.235.244.121 - - [24/Mar/2023:10:33:39 +0800] "GET /xingrg/all/function/internal_message.html?_=1679625237369&CODE_STATE=getMsg HTTP/1.1" 200 27
116.192.124.172 - - [24/Mar/2023:10:33:41 +0800] "GET /xingrg/all/function/internal_message.html?_=1679625221671&CODE_STATE=getMsg HTTP/1.1" 200 27
116.225.84.253 - - [24/Mar/2023:10:33:41 +0800] "GET /xingrg/all/function/internal_message.html?_=1679625225001&CODE_STATE=getMsg HTTP/1.1" 200 27
116.235.244.121 - - [24/Mar/2023:10:33:46 +0800] "GET /xingrg/kc/buy/cgsh_order_operate.html?command=get_materiel&rest_code=00146&code=00101006133&supplier_code=00100012&order_time=2023-03-24 HTTP/1.1" 200 413
116.225.84.253 - - [24/Mar/2023:10:33:48 +0800] "GET /xingrg/kc/base/wldb_order_operate.html?command=get_materiel&rest_code=00105&base_code=0010507&code=00101019400 HTTP/1.1" 200 465
114.83.222.182 - - [24/Mar/2023:10:33:55 +0800] "POST /xingrg/dwr/call/plaincall/AjaxYddbService.removeMaterielItem.dwr HTTP/1.1" 200 79
116.225.84.253 - - [24/Mar/2023:10:33:58 +0800] "GET /xingrg/kc/base/wldb_order_operate.html?command=get_materiel&rest_code=00105&base_code=0010507&code=00101019018 HTTP/1.1" 200 465
58.221.95.50 - - [24/Mar/2023:10:33:59 +0800] "GET /xingrg/all/function/internal_message.html?_=1679625239542&CODE_STATE=getMsg HTTP/1.1" 200 27
120.253.135.82 - - [24/Mar/2023:10:33:59 +0800] "POST /xingrg/kc/pszx/mdps_order_operate.html HTTP/1.1" 200 37
114.83.222.182 - - [24/Mar/2023:10:34:00 +0800] "POST /xingrg/dwr/call/plaincall/AjaxComOrderService.getMaterielSearchList.dwr HTTP/1.1" 200 77
114.83.222.182 - - [24/Mar/2023:10:34:01 +0800] "POST /xingrg/dwr/call/plaincall/AjaxComOrderService.getMaterielSearchList.dwr HTTP/1.1" 200 77
114.83.222.182 - - [24/Mar/2023:10:34:02 +0800] "POST /xingrg/dwr/call/plaincall/AjaxComOrderService.getMaterielSearchList.dwr HTTP/1.1" 200 1399
116.225.84.253 - - [24/Mar/2023:10:34:03 +0800] "GET /xingrg/check_reg.html?_=1679625246859 HTTP/1.1" 200 22
114.83.222.182 - - [24/Mar/2023:10:34:04 +0800] "GET /xingrg/check_reg.html?_=1679625316750 HTTP/1.1" 200 22
114.83.222.182 - - [24/Mar/2023:10:34:04 +0800] "GET /xingrg/all/function/internal_message.html?_=1679625316753&CODE_STATE=getMsg HTTP/1.1" 200 27
120.253.135.82 - - [24/Mar/2023:10:34:05 +0800] "GET /xingrg/kc/pszx/mdps_order_info.html?code=312023032400536 HTTP/1.1" 200 23982
120.253.135.82 - - [24/Mar/2023:10:34:05 +0800] "GET /xingrg/javascript/easyui/themes/default/validatebox.css HTTP/1.1" 404 1104
120.253.135.82 - - [24/Mar/2023:10:34:06 +0800] "POST /xingrg/kc/pszx/mdps_order_operate.html HTTP/1.1" 200 2278
114.83.222.182 - - [24/Mar/2023:10:34:06 +0800] "POST /xingrg/dwr/call/plaincall/AjaxYddbService.getMaterielByMap.dwr HTTP/1.1" 200 1754
116.192.124.172 - - [24/Mar/2023:10:34:07 +0800] "GET /xingrg/all/function/internal_message.html?_=1679625247200&CODE_STATE=getMsg HTTP/1.1" 200 27
116.192.124.172 - - [24/Mar/2023:10:34:07 +0800] "GET /xingrg/check_reg.html?_=1679625247201 HTTP/1.1" 200 22
120.253.135.82 - - [24/Mar/2023:10:34:07 +0800] "POST /xingrg/kc/pszx/mdps_list_operate.html HTTP/1.1" 200 1698
116.225.84.253 - - [24/Mar/2023:10:34:08 +0800] "GET /xingrg/kc/base/wldb_order_operate.html?command=get_materiel&rest_code=00105&base_code=0010507&code=00101016044 HTTP/1.1" 200 466
116.225.84.253 - - [24/Mar/2023:10:34:08 +0800] "GET /xingrg/all/function/internal_message.html?_=1679625092004&CODE_STATE=getMsg HTTP/1.1" 200 27
222.70.221.209 - - [24/Mar/2023:10:34:08 +0800] "GET /xingrg/all/function/internal_message.html?_=1679625352563&CODE_STATE=getMsg HTTP/1.1" 200 27
120.253.135.82 - - [24/Mar/2023:10:34:09 +0800] "POST /xingrg/kc/pszx/mdps_list_operate.html HTTP/1.1" 200 202
124.79.240.233 - - [24/Mar/2023:10:34:12 +0800] "GET /xingrg/all/function/internal_message.html?_=1679625511259&CODE_STATE=getMsg HTTP/1.1" 200 27
116.224.106.218 - - [24/Mar/2023:10:34:13 +0800] "GET /xingrg/check_reg.html?_=1679625253559 HTTP/1.1" 200 22
116.224.106.218 - - [24/Mar/2023:10:34:14 +0800] "GET /xingrg/kc/buy/cgsh_order_operate.html?command=get_materiel&rest_code=00145&code=00101005002&supplier_code=00100171&order_time=2023-03-24 HTTP/1.1" 200 413
116.238.139.35 - - [24/Mar/2023:10:34:17 +0800] "GET /xingrg/check_reg.html?_=1679625179711 HTTP/1.1" 200 22
116.238.139.35 - - [24/Mar/2023:10:34:18 +0800] "GET /xingrg/all/function/internal_message.html?_=1679625180614&CODE_STATE=getMsg HTTP/1.1" 200 27
180.169.147.146 - - [24/Mar/2023:10:34:18 +0800] "GET /xingrg/all/function/internal_message.html?_=1679625250506&CODE_STATE=getMsg HTTP/1.1" 200 27
116.224.106.218 - - [24/Mar/2023:10:34:19 +0800] "GET /xingrg/all/function/internal_message.html?_=1679625259025&CODE_STATE=getMsg HTTP/1.1" 200 27
116.225.84.253 - - [24/Mar/2023:10:34:19 +0800] "GET /xingrg/kc/base/wldb_order_operate.html?command=get_materiel&rest_code=00105&base_code=0010507&code=00101006047 HTTP/1.1" 200 434
222.70.221.209 - - [24/Mar/2023:10:34:20 +0800] "GET /favicon.ico HTTP/1.1" 404 -
222.67.232.202 - - [24/Mar/2023:10:34:20 +0800] "GET /xingrg/all/function/internal_message.html?_=1679624806468&CODE_STATE=getMsg HTTP/1.1" 200 27
120.253.135.82 - - [24/Mar/2023:10:34:22 +0800] "POST /xingrg/kc/pszx/mdps_list_operate.html HTTP/1.1" 200 1690
120.253.135.82 - - [24/Mar/2023:10:34:23 +0800] "POST /xingrg/kc/pszx/mdps_list_operate.html HTTP/1.1" 200 204
120.253.135.82 - - [24/Mar/2023:10:34:25 +0800] "GET /xingrg/kc/pszx/mdps_order_add.html HTTP/1.1" 200 29101
222.70.182.87 - - [24/Mar/2023:10:34:25 +0800] "GET /xingrg/all/function/internal_message.html?_=1679625264533&CODE_STATE=getMsg HTTP/1.1" 200 27
120.253.135.82 - - [24/Mar/2023:10:34:26 +0800] "POST /xingrg/kc/pszx/mdps_order_operate.html HTTP/1.1" 200 7126
120.253.135.82 - - [24/Mar/2023:10:34:26 +0800] "GET /xingrg/javascript/easyui/themes/default/validatebox.css HTTP/1.1" 404 1104
116.225.84.253 - - [24/Mar/2023:10:34:29 +0800] "GET /xingrg/kc/base/wldb_order_operate.html?command=get_materiel&rest_code=00105&base_code=0010507&code=00101019249 HTTP/1.1" 200 470
180.157.175.44 - - [24/Mar/2023:10:34:30 +0800] "GET /xingrg/logout.do HTTP/1.1" 302 -
180.157.175.44 - - [24/Mar/2023:10:34:31 +0800] "GET /xingrg/login_supplier.html?sysBaseUrl=http%3A%2F%2F180.169.147.146%3A18081%2Fxingrg%2F&costTime=0×tamp=1679625270954 HTTP/1.1" 200 3208
180.157.175.44 - - [24/Mar/2023:10:34:31 +0800] "GET /favicon.ico HTTP/1.1" 404 -
116.238.139.35 - - [24/Mar/2023:10:34:31 +0800] "GET /xingrg/all/function/internal_message.html?_=1679625272873&CODE_STATE=getMsg HTTP/1.1" 200 27
