180.163.29.219 - - [24/Mar/2023:09:26:08 +0800] "GET /xingrg/kc/buy/cgsh_order_operate.html?command=get_materiel&rest_code=00106&code=00101011001&supplier_code=00100007&order_time=2023-03-24 HTTP/1.1" 302 -
180.163.29.219 - - [24/Mar/2023:09:26:08 +0800] "GET /xingrg/login.html HTTP/1.1" 200 7641
120.253.135.82 - - [24/Mar/2023:09:26:08 +0800] "GET /xingrg/all/function/internal_message.html?_=1679620999525&CODE_STATE=getMsg HTTP/1.1" 200 27
222.70.221.209 - - [24/Mar/2023:09:26:08 +0800] "GET /xingrg/all/function/internal_message.html?_=1679621272550&CODE_STATE=getMsg HTTP/1.1" 200 27
172.20.0.100 - - [24/Mar/2023:09:26:09 +0800] "POST /xingrg/kc/buy/cgsh_list_operate.html HTTP/1.1" 200 986
114.83.219.165 - - [24/Mar/2023:09:26:09 +0800] "GET /xingrg/kc/buy/cgsh_order_operate.html?command=get_materiel&rest_code=00149&code=00101006128&supplier_code=00100012&order_time=2023-03-24 HTTP/1.1" 200 427
116.238.139.35 - - [24/Mar/2023:09:26:10 +0800] "GET /xingrg/check_reg.html?_=1679621171936 HTTP/1.1" 200 22
116.238.139.35 - - [24/Mar/2023:09:26:10 +0800] "GET /xingrg/all/function/internal_message.html?_=1679621171940&CODE_STATE=getMsg HTTP/1.1" 200 27
172.20.0.100 - - [24/Mar/2023:09:26:12 +0800] "GET /xingrg/javascript/easyui/plugins/jquery.draggable.js HTTP/1.1" 200 6121
172.20.0.100 - - [24/Mar/2023:09:26:12 +0800] "GET /xingrg/css/images/panel_loading.gif HTTP/1.1" 200 1737
172.20.0.100 - - [24/Mar/2023:09:26:12 +0800] "GET /xingrg/javascript/easyui/plugins/jquery.droppable.js HTTP/1.1" 200 1167
172.20.0.100 - - [24/Mar/2023:09:26:12 +0800] "GET /xingrg/javascript/easyui/themes/default/tree.css HTTP/1.1" 404 1090
172.20.0.100 - - [24/Mar/2023:09:26:12 +0800] "GET /xingrg/javascript/easyui/plugins/jquery.tree.js HTTP/1.1" 200 20874
172.20.0.100 - - [24/Mar/2023:09:26:13 +0800] "POST /xingrg/all/common/load_tree.html?tree=supplier_tree_json&manage=1 HTTP/1.1" 200 73018
172.20.0.100 - - [24/Mar/2023:09:26:13 +0800] "GET /xingrg/javascript/easyui/themes/default/images/tree_arrows.gif HTTP/1.1" 200 617
172.20.0.100 - - [24/Mar/2023:09:26:13 +0800] "GET /xingrg/javascript/easyui/themes/default/images/tree_folder_open.gif HTTP/1.1" 200 956
172.20.0.100 - - [24/Mar/2023:09:26:13 +0800] "GET /xingrg/javascript/easyui/themes/default/images/tree_checkbox_0.gif HTTP/1.1" 200 168
172.20.0.100 - - [24/Mar/2023:09:26:13 +0800] "GET /xingrg/javascript/easyui/themes/default/images/tree_folder.gif HTTP/1.1" 200 952
172.20.0.100 - - [24/Mar/2023:09:26:15 +0800] "GET /xingrg/javascript/auto/indicator.gif HTTP/1.1" 404 1066
116.238.139.35 - - [24/Mar/2023:09:26:16 +0800] "GET /xingrg/all/function/internal_message.html?_=1679621099176&CODE_STATE=getMsg HTTP/1.1" 200 27
124.78.155.10 - - [24/Mar/2023:09:26:19 +0800] "GET /xingrg/all/function/internal_message.html?_=1679621185309&CODE_STATE=getMsg HTTP/1.1" 200 27
116.235.244.121 - - [24/Mar/2023:09:26:24 +0800] "GET /xingrg/check_reg.html?_=1679621201784 HTTP/1.1" 200 22
114.83.219.165 - - [24/Mar/2023:09:26:26 +0800] "GET /xingrg/kc/buy/cgsh_order_operate.html?command=get_materiel&rest_code=00149&code=00101006130&supplier_code=00100012&order_time=2023-03-24 HTTP/1.1" 200 427
180.163.28.109 - - [24/Mar/2023:09:26:27 +0800] "GET /xingrg/kc/buy/cgsh_order_operate.html?command=get_materiel&rest_code=00106&code=00101008370&supplier_code=00100007&order_time=2023-03-24 HTTP/1.1" 302 -
180.163.28.109 - - [24/Mar/2023:09:26:27 +0800] "GET /xingrg/login.html HTTP/1.1" 200 7641
116.235.244.121 - - [24/Mar/2023:09:26:30 +0800] "GET /xingrg/all/function/internal_message.html?_=1679621207927&CODE_STATE=getMsg HTTP/1.1" 200 27
114.83.219.165 - - [24/Mar/2023:09:26:42 +0800] "GET /xingrg/kc/buy/cgsh_order_operate.html?command=get_materiel&rest_code=00149&code=00101006056&supplier_code=00100012&order_time=2023-03-24 HTTP/1.1" 200 413
116.192.124.172 - - [24/Mar/2023:09:26:42 +0800] "GET /xingrg/all/function/internal_message.html?_=1679621202751&CODE_STATE=getMsg HTTP/1.1" 200 27
116.225.84.253 - - [24/Mar/2023:09:26:43 +0800] "GET /xingrg/all/function/internal_message.html?_=1679621206525&CODE_STATE=getMsg HTTP/1.1" 200 27
172.20.0.100 - - [24/Mar/2023:09:26:43 +0800] "POST /xingrg/kc/buy/cgsh_list_operate.html HTTP/1.1" 200 6191
180.164.3.199 - - [24/Mar/2023:09:26:51 +0800] "GET /xingrg/all/function/internal_message.html?_=1679621211059&CODE_STATE=getMsg HTTP/1.1" 200 27
114.83.219.165 - - [24/Mar/2023:09:26:52 +0800] "GET /xingrg/kc/buy/cgsh_order_operate.html?command=get_materiel&rest_code=00149&code=00101006087&supplier_code=00100012&order_time=2023-03-24 HTTP/1.1" 200 409
114.83.219.165 - - [24/Mar/2023:09:26:53 +0800] "GET /xingrg/all/function/internal_message.html?_=1679621210556&CODE_STATE=getMsg HTTP/1.1" 200 27
116.235.244.121 - - [24/Mar/2023:09:26:54 +0800] "GET /xingrg/kc/buy/cgsh_order_add.html HTTP/1.1" 200 69961
172.20.0.100 - - [24/Mar/2023:09:26:55 +0800] "GET /xingrg/check_reg.html?_=1679621220231 HTTP/1.1" 302 -
172.20.0.100 - - [24/Mar/2023:09:26:55 +0800] "GET /xingrg/login.html HTTP/1.1" 200 7636
116.235.244.121 - - [24/Mar/2023:09:26:55 +0800] "POST /xingrg/kc/buy/cgsh_order_operate.html HTTP/1.1" 200 8245
172.20.0.100 - - [24/Mar/2023:09:26:55 +0800] "GET /xingrg/all/function/internal_message.html?_=1679621213957&CODE_STATE=getMsg HTTP/1.1" 200 27
116.235.244.121 - - [24/Mar/2023:09:26:56 +0800] "GET /xingrg/javascript/easyui/themes/default/validatebox.css HTTP/1.1" 404 1104
58.221.95.50 - - [24/Mar/2023:09:27:00 +0800] "GET /xingrg/all/function/internal_message.html?_=1679621220649&CODE_STATE=getMsg HTTP/1.1" 200 27
114.83.219.165 - - [24/Mar/2023:09:27:01 +0800] "GET /xingrg/kc/buy/cgsh_order_operate.html?command=get_materiel&rest_code=00149&code=00101006136&supplier_code=00100012&order_time=2023-03-24 HTTP/1.1" 200 417
114.83.222.182 - - [24/Mar/2023:09:27:04 +0800] "GET /xingrg/all/function/internal_message.html?_=1679621296749&CODE_STATE=getMsg HTTP/1.1" 200 27
116.192.124.172 - - [24/Mar/2023:09:27:07 +0800] "GET /xingrg/all/function/internal_message.html?_=1679621227523&CODE_STATE=getMsg HTTP/1.1" 200 27
116.225.84.253 - - [24/Mar/2023:09:27:08 +0800] "GET /xingrg/all/function/internal_message.html?_=1679621071932&CODE_STATE=getMsg HTTP/1.1" 200 27
116.225.84.253 - - [24/Mar/2023:09:27:08 +0800] "GET /xingrg/check_reg.html?_=1679621071934 HTTP/1.1" 200 22
120.253.135.82 - - [24/Mar/2023:09:27:08 +0800] "GET /xingrg/all/function/internal_message.html?_=1679621059526&CODE_STATE=getMsg HTTP/1.1" 200 27
222.70.221.209 - - [24/Mar/2023:09:27:08 +0800] "GET /xingrg/all/function/internal_message.html?_=1679621332564&CODE_STATE=getMsg HTTP/1.1" 200 27
116.238.139.35 - - [24/Mar/2023:09:27:10 +0800] "GET /xingrg/all/function/internal_message.html?_=1679621231935&CODE_STATE=getMsg HTTP/1.1" 200 27
116.238.139.35 - - [24/Mar/2023:09:27:13 +0800] "POST /xingrg/kc/buy/cgsh_order_operate.html HTTP/1.1" 200 37
114.83.219.165 - - [24/Mar/2023:09:27:14 +0800] "GET /xingrg/kc/buy/cgsh_order_operate.html?command=get_materiel&rest_code=00149&code=00101006112&supplier_code=00100012&order_time=2023-03-24 HTTP/1.1" 200 409
116.238.139.35 - - [24/Mar/2023:09:27:16 +0800] "GET /xingrg/all/function/internal_message.html?_=1679621159221&CODE_STATE=getMsg HTTP/1.1" 200 27
180.163.29.219 - - [24/Mar/2023:09:27:19 +0800] "GET /xingrg/all/function/internal_message.html?_=1679621185309&CODE_STATE=getMsg HTTP/1.1" 302 -
180.163.29.219 - - [24/Mar/2023:09:27:19 +0800] "GET /xingrg/login.html HTTP/1.1" 200 7641
124.78.155.10 - - [24/Mar/2023:09:27:19 +0800] "GET /xingrg/all/function/internal_message.html?_=1679621245292&CODE_STATE=getMsg HTTP/1.1" 200 27
116.238.139.35 - - [24/Mar/2023:09:27:21 +0800] "POST /xingrg/kc/buy/cgsh_order_operate.html HTTP/1.1" 200 12
116.235.244.121 - - [24/Mar/2023:09:27:21 +0800] "GET /xingrg/kc/buy/cgsh_order_operate.html?command=get_materiel&rest_code=00146&code=00101007059&supplier_code=00100002&order_time=2023-03-24 HTTP/1.1" 200 409
114.83.219.165 - - [24/Mar/2023:09:27:21 +0800] "POST /xingrg/services/DataTransmitService HTTP/1.1" 200 524
116.238.139.35 - - [24/Mar/2023:09:27:24 +0800] "GET /xingrg/kc/buy/cgsh_order_info.html?code=212023032408828 HTTP/1.1" 200 64921
116.238.139.35 - - [24/Mar/2023:09:27:24 +0800] "GET /xingrg/javascript/easyui/themes/default/validatebox.css HTTP/1.1" 404 1104
114.83.219.165 - - [24/Mar/2023:09:27:24 +0800] "GET /xingrg/kc/buy/cgsh_order_operate.html?command=get_materiel&rest_code=00149&code=00101006109&supplier_code=00100012&order_time=2023-03-24 HTTP/1.1" 200 409
116.238.139.35 - - [24/Mar/2023:09:27:25 +0800] "POST /xingrg/kc/buy/cgsh_order_operate.html HTTP/1.1" 200 5329
116.235.244.121 - - [24/Mar/2023:09:27:30 +0800] "GET /xingrg/all/function/internal_message.html?_=1679621267940&CODE_STATE=getMsg HTTP/1.1" 200 27
116.238.139.35 - - [24/Mar/2023:09:27:34 +0800] "GET /xingrg/kc/print/load_data.html?order_code=212023032408828&kc_code=cgsh&condition= HTTP/1.1" 200 2560
116.192.124.172 - - [24/Mar/2023:09:27:42 +0800] "GET /xingrg/all/function/internal_message.html?_=1679621262738&CODE_STATE=getMsg HTTP/1.1" 200 27
116.225.84.253 - - [24/Mar/2023:09:27:43 +0800] "GET /xingrg/all/function/internal_message.html?_=1679621266500&CODE_STATE=getMsg HTTP/1.1" 200 27
116.192.124.172 - - [24/Mar/2023:09:27:44 +0800] "GET /xingrg/check_reg.html?_=1679621264257 HTTP/1.1" 200 22
116.238.139.35 - - [24/Mar/2023:09:27:46 +0800] "POST /xingrg/kc/buy/cgsh_order_operate.html HTTP/1.1" 200 37
116.235.244.121 - - [24/Mar/2023:09:27:47 +0800] "GET /xingrg/kc/buy/cgsh_order_operate.html?command=get_materiel&rest_code=00146&code=00101007081&supplier_code=00100002&order_time=2023-03-24 HTTP/1.1" 200 413
180.164.3.199 - - [24/Mar/2023:09:27:51 +0800] "GET /xingrg/all/function/internal_message.html?_=1679621271059&CODE_STATE=getMsg HTTP/1.1" 200 27
114.83.219.165 - - [24/Mar/2023:09:27:53 +0800] "GET /xingrg/all/function/internal_message.html?_=1679621270546&CODE_STATE=getMsg HTTP/1.1" 200 27
116.238.139.35 - - [24/Mar/2023:09:27:56 +0800] "POST /xingrg/kc/buy/cgsh_order_operate.html HTTP/1.1" 200 12
172.20.0.100 - - [24/Mar/2023:09:27:56 +0800] "GET /xingrg/all/function/internal_message.html?_=1679621274730&CODE_STATE=getMsg HTTP/1.1" 200 27
116.238.139.35 - - [24/Mar/2023:09:27:58 +0800] "GET /xingrg/kc/buy/cgsh_order_info.html?code=212023032408829 HTTP/1.1" 200 64461
116.238.139.35 - - [24/Mar/2023:09:27:58 +0800] "GET /xingrg/javascript/easyui/themes/default/validatebox.css HTTP/1.1" 404 1104
116.238.139.35 - - [24/Mar/2023:09:27:59 +0800] "POST /xingrg/kc/buy/cgsh_order_operate.html HTTP/1.1" 200 13726
58.221.95.50 - - [24/Mar/2023:09:28:00 +0800] "GET /xingrg/all/function/internal_message.html?_=1679621280645&CODE_STATE=getMsg HTTP/1.1" 200 27
116.238.139.35 - - [24/Mar/2023:09:28:01 +0800] "GET /xingrg/kc/print/load_data.html?order_code=212023032408829&kc_code=cgsh&condition= HTTP/1.1" 200 5739
114.83.222.182 - - [24/Mar/2023:09:28:04 +0800] "GET /xingrg/all/function/internal_message.html?_=1679621356744&CODE_STATE=getMsg HTTP/1.1" 200 27
116.192.124.172 - - [24/Mar/2023:09:28:07 +0800] "GET /xingrg/all/function/internal_message.html?_=1679621287501&CODE_STATE=getMsg HTTP/1.1" 200 27
116.225.84.253 - - [24/Mar/2023:09:28:08 +0800] "GET /xingrg/all/function/internal_message.html?_=1679621131933&CODE_STATE=getMsg HTTP/1.1" 200 27
120.253.135.82 - - [24/Mar/2023:09:28:08 +0800] "GET /xingrg/check_reg.html?_=1679621119171 HTTP/1.1" 200 22
120.253.135.82 - - [24/Mar/2023:09:28:08 +0800] "GET /xingrg/all/function/internal_message.html?_=1679621119539&CODE_STATE=getMsg HTTP/1.1" 200 27
222.70.221.209 - - [24/Mar/2023:09:28:08 +0800] "GET /xingrg/all/function/internal_message.html?_=1679621392560&CODE_STATE=getMsg HTTP/1.1" 200 27
222.70.221.209 - - [24/Mar/2023:09:28:08 +0800] "GET /xingrg/check_reg.html?_=1679621392564 HTTP/1.1" 200 22
116.238.139.35 - - [24/Mar/2023:09:28:10 +0800] "GET /xingrg/all/function/internal_message.html?_=1679621291942&CODE_STATE=getMsg HTTP/1.1" 200 27
124.78.155.10 - - [24/Mar/2023:09:28:14 +0800] "GET /xingrg/kc/buy/cgsh_order_operate.html?command=get_materiel&rest_code=00106&code=00101008072&supplier_code=00100007&order_time=2023-03-24 HTTP/1.1" 200 408
116.238.139.35 - - [24/Mar/2023:09:28:16 +0800] "GET /xingrg/all/function/internal_message.html?_=1679621219235&CODE_STATE=getMsg HTTP/1.1" 200 27
180.163.29.212 - - [24/Mar/2023:09:28:19 +0800] "GET /xingrg/all/function/internal_message.html?_=1679621245292&CODE_STATE=getMsg HTTP/1.1" 302 -
180.163.29.212 - - [24/Mar/2023:09:28:19 +0800] "GET /xingrg/login.html HTTP/1.1" 200 7641
124.78.155.10 - - [24/Mar/2023:09:28:19 +0800] "GET /xingrg/all/function/internal_message.html?_=1679621305283&CODE_STATE=getMsg HTTP/1.1" 200 27
124.78.155.10 - - [24/Mar/2023:09:28:19 +0800] "GET /xingrg/check_reg.html?_=1679621305330 HTTP/1.1" 200 22
124.78.155.10 - - [24/Mar/2023:09:28:25 +0800] "GET /xingrg/kc/buy/cgsh_order_operate.html?command=get_materiel&rest_code=00106&code=00101008350&supplier_code=00100007&order_time=2023-03-24 HTTP/1.1" 200 408
116.235.244.121 - - [24/Mar/2023:09:28:27 +0800] "GET /xingrg/kc/buy/cgsh_order_operate.html?command=get_materiel&rest_code=00146&code=00101007049&supplier_code=00100002&order_time=2023-03-24 HTTP/1.1" 200 409
116.235.244.121 - - [24/Mar/2023:09:28:30 +0800] "GET /xingrg/all/function/internal_message.html?_=1679621327954&CODE_STATE=getMsg HTTP/1.1" 200 27
124.78.155.10 - - [24/Mar/2023:09:28:34 +0800] "GET /xingrg/kc/buy/cgsh_order_operate.html?command=get_materiel&rest_code=00106&code=00101008036&supplier_code=00100007&order_time=2023-03-24 HTTP/1.1" 200 408
116.238.139.35 - - [24/Mar/2023:09:28:36 +0800] "GET /xingrg/kc/base/yddb_order_list.html HTTP/1.1" 200 16708
116.238.139.35 - - [24/Mar/2023:09:28:36 +0800] "POST /xingrg/kc/base/yddb_list_operate.html HTTP/1.1" 200 636
114.83.219.165 - - [24/Mar/2023:09:28:37 +0800] "GET /xingrg/kc/buy/cgsh_order_operate.html?command=get_materiel&rest_code=00149&code=00101006062&supplier_code=00100012&order_time=2023-03-24 HTTP/1.1" 200 409
116.238.139.35 - - [24/Mar/2023:09:28:38 +0800] "GET /xingrg/kc/base/yddb_order_add.html HTTP/1.1" 200 29953
116.238.139.35 - - [24/Mar/2023:09:28:38 +0800] "GET /xingrg/dwr/interface/AjaxComOrderService.js HTTP/1.1" 200 18264
116.238.139.35 - - [24/Mar/2023:09:28:41 +0800] "GET /xingrg/dwr/interface/AjaxYddbService.js HTTP/1.1" 200 13201
116.238.139.35 - - [24/Mar/2023:09:28:41 +0800] "GET /xingrg/dwr/engine.js HTTP/1.1" 200 43631
116.192.124.172 - - [24/Mar/2023:09:28:42 +0800] "GET /xingrg/all/function/internal_message.html?_=1679621322726&CODE_STATE=getMsg HTTP/1.1" 200 27
116.225.84.253 - - [24/Mar/2023:09:28:43 +0800] "GET /xingrg/all/function/internal_message.html?_=1679621326477&CODE_STATE=getMsg HTTP/1.1" 200 27
116.238.139.35 - - [24/Mar/2023:09:28:44 +0800] "POST /xingrg/dwr/call/plaincall/AjaxYddbService.getRestBases.dwr HTTP/1.1" 200 1649
116.238.139.35 - - [24/Mar/2023:09:28:49 +0800] "POST /xingrg/dwr/call/plaincall/AjaxYddbService.saveOrder.dwr HTTP/1.1" 200 78
180.164.3.199 - - [24/Mar/2023:09:28:51 +0800] "GET /xingrg/all/function/internal_message.html?_=1679621331054&CODE_STATE=getMsg HTTP/1.1" 200 27
116.238.139.35 - - [24/Mar/2023:09:28:52 +0800] "POST /xingrg/dwr/call/plaincall/AjaxComOrderService.getMaterielSearchList.dwr HTTP/1.1" 200 1540
116.238.139.35 - - [24/Mar/2023:09:28:53 +0800] "POST /xingrg/dwr/call/plaincall/AjaxYddbService.getMaterielByMap.dwr HTTP/1.1" 200 2296
114.83.219.165 - - [24/Mar/2023:09:28:53 +0800] "GET /xingrg/check_reg.html?_=1679621330473 HTTP/1.1" 200 22
114.83.219.165 - - [24/Mar/2023:09:28:53 +0800] "GET /xingrg/all/function/internal_message.html?_=1679621330525&CODE_STATE=getMsg HTTP/1.1" 200 27
172.20.0.100 - - [24/Mar/2023:09:28:56 +0800] "GET /xingrg/all/function/internal_message.html?_=1679621334730&CODE_STATE=getMsg HTTP/1.1" 200 27
116.238.139.35 - - [24/Mar/2023:09:28:58 +0800] "POST /xingrg/dwr/call/plaincall/AjaxYddbService.saveMaterielItem.dwr HTTP/1.1" 200 78
124.78.155.10 - - [24/Mar/2023:09:28:59 +0800] "POST /xingrg/kc/buy/cgsh_order_operate.html HTTP/1.1" 200 37
116.238.139.35 - - [24/Mar/2023:09:29:00 +0800] "POST /xingrg/services/DataTransmitService HTTP/1.1" 200 524
58.221.95.50 - - [24/Mar/2023:09:29:00 +0800] "GET /xingrg/all/function/internal_message.html?_=1679621340631&CODE_STATE=getMsg HTTP/1.1" 200 27
116.225.84.253 - - [24/Mar/2023:09:29:03 +0800] "GET /xingrg/check_reg.html?_=1679621346807 HTTP/1.1" 200 22
114.83.222.182 - - [24/Mar/2023:09:29:04 +0800] "GET /xingrg/check_reg.html?_=1679621416741 HTTP/1.1" 200 22
114.83.222.182 - - [24/Mar/2023:09:29:04 +0800] "GET /xingrg/all/function/internal_message.html?_=1679621416742&CODE_STATE=getMsg HTTP/1.1" 200 27
116.238.139.35 - - [24/Mar/2023:09:29:05 +0800] "POST /xingrg/dwr/call/plaincall/AjaxYddbService.checkOrder.dwr HTTP/1.1" 200 78
116.192.124.172 - - [24/Mar/2023:09:29:07 +0800] "GET /xingrg/check_reg.html?_=1679621347189 HTTP/1.1" 200 22
116.192.124.172 - - [24/Mar/2023:09:29:07 +0800] "GET /xingrg/all/function/internal_message.html?_=1679621347475&CODE_STATE=getMsg HTTP/1.1" 200 27
116.238.139.35 - - [24/Mar/2023:09:29:07 +0800] "GET /xingrg/kc/base/yddb_order_info.html?code=482023032400171 HTTP/1.1" 200 31307
116.238.139.35 - - [24/Mar/2023:09:29:07 +0800] "GET /xingrg/dwr/interface/AjaxYddbService.js HTTP/1.1" 200 13201
116.238.139.35 - - [24/Mar/2023:09:29:07 +0800] "GET /xingrg/dwr/engine.js HTTP/1.1" 200 43631
116.238.139.35 - - [24/Mar/2023:09:29:07 +0800] "GET /xingrg/dwr/interface/AjaxComOrderService.js HTTP/1.1" 200 18264
116.225.84.253 - - [24/Mar/2023:09:29:08 +0800] "GET /xingrg/all/function/internal_message.html?_=1679621191932&CODE_STATE=getMsg HTTP/1.1" 200 27
116.235.244.121 - - [24/Mar/2023:09:29:08 +0800] "GET /xingrg/kc/buy/cgsh_order_operate.html?command=get_materiel&rest_code=00146&code=00101007032&supplier_code=00100002&order_time=2023-03-24 HTTP/1.1" 200 413
120.253.135.82 - - [24/Mar/2023:09:29:08 +0800] "GET /xingrg/all/function/internal_message.html?_=1679621179552&CODE_STATE=getMsg HTTP/1.1" 200 27
222.70.221.209 - - [24/Mar/2023:09:29:08 +0800] "GET /xingrg/all/function/internal_message.html?_=1679621452552&CODE_STATE=getMsg HTTP/1.1" 200 27
116.238.139.35 - - [24/Mar/2023:09:29:09 +0800] "POST /xingrg/dwr/call/plaincall/AjaxYddbService.loadMaterielItems.dwr HTTP/1.1" 200 406
116.238.139.35 - - [24/Mar/2023:09:29:10 +0800] "GET /xingrg/all/function/internal_message.html?_=1679621351944&CODE_STATE=getMsg HTTP/1.1" 200 27
180.163.28.109 - - [24/Mar/2023:09:29:11 +0800] "GET /xingrg/kc/buy/cgsh_order_operate.html?command=get_materiel&rest_code=00106&code=00101008072&supplier_code=00100007&order_time=2023-03-24 HTTP/1.1" 302 -
180.163.28.109 - - [24/Mar/2023:09:29:11 +0800] "GET /xingrg/login.html HTTP/1.1" 200 7641
116.238.139.35 - - [24/Mar/2023:09:29:11 +0800] "POST /xingrg/dwr/call/plaincall/AjaxYddbService.saveOrder.dwr HTTP/1.1" 200 78
116.238.139.35 - - [24/Mar/2023:09:29:16 +0800] "POST /xingrg/dwr/call/plaincall/AjaxYddbService.objCheckOrder.dwr HTTP/1.1" 200 78
116.238.139.35 - - [24/Mar/2023:09:29:16 +0800] "GET /xingrg/check_reg.html?_=1679621279155 HTTP/1.1" 200 22
116.238.139.35 - - [24/Mar/2023:09:29:16 +0800] "GET /xingrg/all/function/internal_message.html?_=1679621279248&CODE_STATE=getMsg HTTP/1.1" 200 27
116.238.139.35 - - [24/Mar/2023:09:29:17 +0800] "GET /xingrg/kc/base/yddb_order_info.html?code=482023032400171 HTTP/1.1" 200 31428
116.238.139.35 - - [24/Mar/2023:09:29:17 +0800] "GET /xingrg/dwr/interface/AjaxComOrderService.js HTTP/1.1" 200 18264
116.238.139.35 - - [24/Mar/2023:09:29:17 +0800] "GET /xingrg/dwr/interface/AjaxYddbService.js HTTP/1.1" 200 13201
116.238.139.35 - - [24/Mar/2023:09:29:17 +0800] "GET /xingrg/dwr/engine.js HTTP/1.1" 200 43631
180.163.28.114 - - [24/Mar/2023:09:29:19 +0800] "GET /xingrg/check_reg.html?_=1679621305330 HTTP/1.1" 302 -
180.163.28.114 - - [24/Mar/2023:09:29:19 +0800] "GET /xingrg/login.html HTTP/1.1" 200 7641
116.238.139.35 - - [24/Mar/2023:09:29:19 +0800] "POST /xingrg/dwr/call/plaincall/AjaxYddbService.loadMaterielItems.dwr HTTP/1.1" 200 406
116.238.139.35 - - [24/Mar/2023:09:29:21 +0800] "GET /xingrg/kc/base/wldb_order_list.html HTTP/1.1" 200 19102
116.238.139.35 - - [24/Mar/2023:09:29:21 +0800] "POST /xingrg/kc/base/wldb_list_operate.html HTTP/1.1" 200 928
116.238.139.35 - - [24/Mar/2023:09:29:22 +0800] "GET /xingrg/kc/base/wldb_order_add.html HTTP/1.1" 200 30385
116.238.139.35 - - [24/Mar/2023:09:29:22 +0800] "POST /xingrg/kc/base/wldb_order_operate.html HTTP/1.1" 200 6806
116.238.139.35 - - [24/Mar/2023:09:29:22 +0800] "GET /xingrg/all/common/auto_word.html?type=base&rest_code=00151 HTTP/1.1" 200 1315
116.238.139.35 - - [24/Mar/2023:09:29:22 +0800] "GET /xingrg/all/common/auto_word.html?type=base&rest_code=00151 HTTP/1.1" 200 1315
116.238.139.35 - - [24/Mar/2023:09:29:22 +0800] "GET /xingrg/javascript/easyui/themes/default/validatebox.css HTTP/1.1" 404 1104
116.235.244.121 - - [24/Mar/2023:09:29:30 +0800] "GET /xingrg/all/function/internal_message.html?_=1679621387967&CODE_STATE=getMsg HTTP/1.1" 200 27
116.225.84.253 - - [24/Mar/2023:09:29:35 +0800] "GET /favicon.ico HTTP/1.1" 404 -
116.238.139.35 - - [24/Mar/2023:09:29:40 +0800] "GET /xingrg/kc/base/wldb_order_operate.html?command=get_materiel&rest_code=00151&base_code=0010621&code=00102001182 HTTP/1.1" 200 435
116.192.124.172 - - [24/Mar/2023:09:29:42 +0800] "GET /xingrg/all/function/internal_message.html?_=1679621382703&CODE_STATE=getMsg HTTP/1.1" 200 27
116.225.84.253 - - [24/Mar/2023:09:29:43 +0800] "GET /xingrg/all/function/internal_message.html?_=1679621386445&CODE_STATE=getMsg HTTP/1.1" 200 27
116.225.84.253 - - [24/Mar/2023:09:29:44 +0800] "GET /xingrg/kc/mdqp/pssh_order_list.html HTTP/1.1" 200 17928
116.225.84.253 - - [24/Mar/2023:09:29:45 +0800] "POST /xingrg/kc/mdqp/pssh_list_operate.html HTTP/1.1" 200 5441
116.238.139.35 - - [24/Mar/2023:09:29:46 +0800] "POST /xingrg/kc/base/wldb_order_operate.html HTTP/1.1" 200 37
116.225.84.253 - - [24/Mar/2023:09:29:47 +0800] "POST /xingrg/kc/mdqp/pssh_list_operate.html HTTP/1.1" 200 268
180.164.3.199 - - [24/Mar/2023:09:29:51 +0800] "GET /xingrg/all/function/internal_message.html?_=1679621391066&CODE_STATE=getMsg HTTP/1.1" 200 27
116.238.139.35 - - [24/Mar/2023:09:29:51 +0800] "POST /xingrg/kc/base/wldb_order_operate.html HTTP/1.1" 200 12
116.238.139.35 - - [24/Mar/2023:09:29:51 +0800] "POST /xingrg/kc/base/wldb_order_operate.html HTTP/1.1" 200 2181
114.83.219.165 - - [24/Mar/2023:09:29:53 +0800] "GET /xingrg/all/function/internal_message.html?_=1679621390507&CODE_STATE=getMsg HTTP/1.1" 200 27
116.225.84.253 - - [24/Mar/2023:09:29:55 +0800] "POST /xingrg/kc/mdqp/pssh_list_operate.html HTTP/1.1" 200 266
172.20.0.100 - - [24/Mar/2023:09:29:56 +0800] "GET /xingrg/all/function/internal_message.html?_=1679621394730&CODE_STATE=getMsg HTTP/1.1" 200 27
116.225.84.253 - - [24/Mar/2023:09:29:58 +0800] "POST /xingrg/kc/mdqp/pssh_list_operate.html HTTP/1.1" 200 258
116.225.84.253 - - [24/Mar/2023:09:30:00 +0800] "POST /xingrg/kc/mdqp/pssh_list_operate.html HTTP/1.1" 200 779
58.221.95.50 - - [24/Mar/2023:09:30:00 +0800] "GET /xingrg/all/function/internal_message.html?_=1679621400613&CODE_STATE=getMsg HTTP/1.1" 200 27
116.225.84.253 - - [24/Mar/2023:09:30:02 +0800] "GET /xingrg/kc/mdqp/pssh_order_info.html?code=312023032100466 HTTP/1.1" 200 14386
116.225.84.253 - - [24/Mar/2023:09:30:02 +0800] "GET /xingrg/javascript/jquery_tools/jquery-1.4.2.min.js HTTP/1.1" 404 1094
116.225.84.253 - - [24/Mar/2023:09:30:02 +0800] "GET /xingrg/javascript/easyui/themes/icons/back_new.png HTTP/1.1" 304 -
116.225.84.253 - - [24/Mar/2023:09:30:03 +0800] "GET /xingrg/javascript/easyui/themes/default/validatebox.css HTTP/1.1" 404 1104
116.225.84.253 - - [24/Mar/2023:09:30:03 +0800] "POST /xingrg/kc/mdqp/pssh_order_operate.html HTTP/1.1" 200 6809
114.83.222.182 - - [24/Mar/2023:09:30:04 +0800] "GET /xingrg/all/function/internal_message.html?_=1679621476735&CODE_STATE=getMsg HTTP/1.1" 200 27
116.192.124.172 - - [24/Mar/2023:09:30:07 +0800] "GET /xingrg/all/function/internal_message.html?_=1679621407448&CODE_STATE=getMsg HTTP/1.1" 200 27
116.225.84.253 - - [24/Mar/2023:09:30:08 +0800] "GET /xingrg/all/function/internal_message.html?_=1679621251931&CODE_STATE=getMsg HTTP/1.1" 200 27
120.253.135.82 - - [24/Mar/2023:09:30:08 +0800] "GET /xingrg/all/function/internal_message.html?_=1679621239565&CODE_STATE=getMsg HTTP/1.1" 200 27
222.70.221.209 - - [24/Mar/2023:09:30:08 +0800] "GET /xingrg/all/function/internal_message.html?_=1679621512561&CODE_STATE=getMsg HTTP/1.1" 200 27
116.238.139.35 - - [24/Mar/2023:09:30:16 +0800] "GET /xingrg/all/function/internal_message.html?_=1679621339261&CODE_STATE=getMsg HTTP/1.1" 200 27
116.235.244.121 - - [24/Mar/2023:09:30:30 +0800] "GET /xingrg/all/function/internal_message.html?_=1679621448264&CODE_STATE=getMsg HTTP/1.1" 200 27
58.221.95.50 - - [24/Mar/2023:09:30:36 +0800] "GET /xingrg/check_reg.html?_=1679621437238 HTTP/1.1" 200 22
116.238.139.35 - - [24/Mar/2023:09:30:37 +0800] "GET /xingrg/kc/base/wldb_order_info.html?code=422023032401953 HTTP/1.1" 200 26261
116.238.139.35 - - [24/Mar/2023:09:30:37 +0800] "GET /xingrg/javascript/easyui/themes/default/validatebox.css HTTP/1.1" 404 1104
116.238.139.35 - - [24/Mar/2023:09:30:37 +0800] "POST /xingrg/kc/base/wldb_order_operate.html HTTP/1.1" 200 476
116.238.139.35 - - [24/Mar/2023:09:30:42 +0800] "POST /xingrg/all/user/operate.html HTTP/1.1" 200 36
116.238.139.35 - - [24/Mar/2023:09:30:42 +0800] "GET /xingrg/index.html?sysBaseUrl=http%3A%2F%2F180.169.147.146%3A18081%2Fxingrg%2F&costTime=867×tamp=1679478001537 HTTP/1.1" 200 17179
116.238.139.35 - - [24/Mar/2023:09:30:42 +0800] "GET /xingrg/javascript/jquery_easy_ui/themes/default/easyui.css HTTP/1.1" 304 -
116.238.139.35 - - [24/Mar/2023:09:30:42 +0800] "GET /xingrg/javascript/jquery_easy_ui/themes/icon.css HTTP/1.1" 304 -
116.238.139.35 - - [24/Mar/2023:09:30:42 +0800] "GET /xingrg/css/form.css HTTP/1.1" 304 -
116.238.139.35 - - [24/Mar/2023:09:30:42 +0800] "GET /xingrg/javascript/jquery-1.4.2.min.js HTTP/1.1" 304 -
116.238.139.35 - - [24/Mar/2023:09:30:42 +0800] "GET /xingrg/javascript/jquery_easy_ui/jquery.easyui.min.js HTTP/1.1" 304 -
116.238.139.35 - - [24/Mar/2023:09:30:42 +0800] "GET /xingrg/javascript/jquery_easy_ui/easyui-lang-zh_CN.js HTTP/1.1" 304 -
116.238.139.35 - - [24/Mar/2023:09:30:42 +0800] "GET /xingrg/javascript/jquery.form.js HTTP/1.1" 304 -
116.238.139.35 - - [24/Mar/2023:09:30:42 +0800] "GET /xingrg/javascript/jquery.utils.js HTTP/1.1" 304 -
116.238.139.35 - - [24/Mar/2023:09:30:42 +0800] "GET /xingrg/javascript/jquery.timers.js HTTP/1.1" 304 -
116.238.139.35 - - [24/Mar/2023:09:30:42 +0800] "GET /xingrg/images/blue/jxLogo.png HTTP/1.1" 304 -
116.238.139.35 - - [24/Mar/2023:09:30:42 +0800] "GET /xingrg/images/blue/navBackgound.jpg HTTP/1.1" 304 -
116.238.139.35 - - [24/Mar/2023:09:30:42 +0800] "GET /xingrg/javascript/jquery_easy_ui/themes/icons/settle_new.png HTTP/1.1" 304 -
116.192.124.172 - - [24/Mar/2023:09:30:42 +0800] "GET /xingrg/all/function/internal_message.html?_=1679621442688&CODE_STATE=getMsg HTTP/1.1" 200 27
116.238.139.35 - - [24/Mar/2023:09:30:42 +0800] "GET /xingrg/all/function/internal_message.html?_=1679621444148&CODE_STATE=count HTTP/1.1" 200 11
116.238.139.35 - - [24/Mar/2023:09:30:42 +0800] "GET /xingrg/check_reg.html?_=1679621444148 HTTP/1.1" 200 22
116.238.139.35 - - [24/Mar/2023:09:30:42 +0800] "GET /xingrg/javascript/jquery_easy_ui/themes/default/images/panel_tool_collapse.gif HTTP/1.1" 304 -
116.238.139.35 - - [24/Mar/2023:09:30:42 +0800] "GET /xingrg/javascript/jquery_easy_ui/themes/default/images/tabs_leftarrow.png HTTP/1.1" 304 -
116.238.139.35 - - [24/Mar/2023:09:30:42 +0800] "GET /xingrg/javascript/jquery_easy_ui/themes/default/images/tabs_rightarrow.png HTTP/1.1" 304 -
116.238.139.35 - - [24/Mar/2023:09:30:42 +0800] "GET /xingrg/images/blue/pingpu.png HTTP/1.1" 304 -
116.238.139.35 - - [24/Mar/2023:09:30:42 +0800] "POST /xingrg/all/common/load_tree.html?tree=area_rest_tree_json&manage=1 HTTP/1.1" 200 476
116.238.139.35 - - [24/Mar/2023:09:30:42 +0800] "POST /xingrg/load_menu.html HTTP/1.1" 200 5138
116.225.84.253 - - [24/Mar/2023:09:30:43 +0800] "GET /xingrg/all/function/internal_message.html?_=1679621446434&CODE_STATE=getMsg HTTP/1.1" 200 27
116.238.139.35 - - [24/Mar/2023:09:30:48 +0800] "GET /xingrg/kc/buy/cgsh_order_list.html HTTP/1.1" 200 54185
116.238.139.35 - - [24/Mar/2023:09:30:50 +0800] "POST /xingrg/kc/buy/cgsh_list_operate.html HTTP/1.1" 200 986
180.164.3.199 - - [24/Mar/2023:09:30:51 +0800] "GET /xingrg/check_reg.html?_=1679621451056 HTTP/1.1" 200 22
180.164.3.199 - - [24/Mar/2023:09:30:51 +0800] "GET /xingrg/all/function/internal_message.html?_=1679621451059&CODE_STATE=getMsg HTTP/1.1" 200 27
116.238.139.35 - - [24/Mar/2023:09:30:53 +0800] "GET /xingrg/kc/buy/cgsh_order_add.html HTTP/1.1" 200 70005
116.238.139.35 - - [24/Mar/2023:09:30:53 +0800] "POST /xingrg/kc/buy/cgsh_order_operate.html HTTP/1.1" 200 8245
116.238.139.35 - - [24/Mar/2023:09:30:53 +0800] "GET /xingrg/javascript/easyui/themes/default/validatebox.css HTTP/1.1" 404 1104
114.83.219.165 - - [24/Mar/2023:09:30:53 +0800] "GET /xingrg/all/function/internal_message.html?_=1679621450479&CODE_STATE=getMsg HTTP/1.1" 200 27
172.20.0.100 - - [24/Mar/2023:09:30:56 +0800] "GET /xingrg/all/function/internal_message.html?_=1679621454730&CODE_STATE=getMsg HTTP/1.1" 200 27
172.20.0.100 - - [24/Mar/2023:09:30:56 +0800] "GET /xingrg/check_reg.html?_=1679621454730 HTTP/1.1" 200 22
116.238.139.35 - - [24/Mar/2023:09:31:00 +0800] "GET /xingrg/javascript/auto/indicator.gif HTTP/1.1" 404 1066
58.221.95.50 - - [24/Mar/2023:09:31:00 +0800] "GET /xingrg/all/function/internal_message.html?_=1679621460590&CODE_STATE=getMsg HTTP/1.1" 200 27
116.235.244.121 - - [24/Mar/2023:09:31:00 +0800] "POST /xingrg/kc/buy/cgsh_order_operate.html HTTP/1.1" 200 37
116.235.244.121 - - [24/Mar/2023:09:31:02 +0800] "POST /xingrg/kc/buy/cgsh_order_operate.html HTTP/1.1" 200 4428
114.83.222.182 - - [24/Mar/2023:09:31:04 +0800] "GET /xingrg/all/function/internal_message.html?_=1679621536749&CODE_STATE=getMsg HTTP/1.1" 200 27
116.192.124.172 - - [24/Mar/2023:09:31:07 +0800] "GET /xingrg/all/function/internal_message.html?_=1679621467434&CODE_STATE=getMsg HTTP/1.1" 200 27
116.225.84.253 - - [24/Mar/2023:09:31:08 +0800] "GET /xingrg/all/function/internal_message.html?_=1679621311932&CODE_STATE=getMsg HTTP/1.1" 200 27
120.253.135.82 - - [24/Mar/2023:09:31:08 +0800] "GET /xingrg/all/function/internal_message.html?_=1679621299626&CODE_STATE=getMsg HTTP/1.1" 200 27
222.70.221.209 - - [24/Mar/2023:09:31:08 +0800] "GET /xingrg/all/function/internal_message.html?_=1679621572564&CODE_STATE=getMsg HTTP/1.1" 200 27
116.235.244.121 - - [24/Mar/2023:09:31:12 +0800] "GET /xingrg/kc/print/load_data.html?order_code=212023032408830&kc_code=cgsh&condition= HTTP/1.1" 200 1423
116.238.139.35 - - [24/Mar/2023:09:31:16 +0800] "GET /xingrg/all/function/internal_message.html?_=1679621399275&CODE_STATE=getMsg HTTP/1.1" 200 27
114.83.219.165 - - [24/Mar/2023:09:31:24 +0800] "POST /xingrg/kc/buy/cgsh_order_operate.html HTTP/1.1" 200 37
116.235.244.121 - - [24/Mar/2023:09:31:24 +0800] "GET /xingrg/check_reg.html?_=1679621501785 HTTP/1.1" 200 22
116.235.244.121 - - [24/Mar/2023:09:31:30 +0800] "GET /xingrg/all/function/internal_message.html?_=1679621508274&CODE_STATE=getMsg HTTP/1.1" 200 27
114.83.219.165 - - [24/Mar/2023:09:31:30 +0800] "POST /xingrg/kc/buy/cgsh_order_operate.html HTTP/1.1" 200 12
114.83.219.165 - - [24/Mar/2023:09:31:33 +0800] "GET /xingrg/kc/buy/cgsh_order_info.html?code=212023032408831 HTTP/1.1" 200 64951
114.83.219.165 - - [24/Mar/2023:09:31:33 +0800] "GET /xingrg/javascript/easyui/themes/default/validatebox.css HTTP/1.1" 404 1104
114.83.219.165 - - [24/Mar/2023:09:31:34 +0800] "POST /xingrg/kc/buy/cgsh_order_operate.html HTTP/1.1" 200 5976
114.83.219.165 - - [24/Mar/2023:09:31:35 +0800] "GET /xingrg/kc/print/load_data.html?order_code=212023032408831&kc_code=cgsh&condition= HTTP/1.1" 200 2872
114.83.219.165 - - [24/Mar/2023:09:31:41 +0800] "GET /xingrg/kc/buy/cgsh_order_add.html HTTP/1.1" 200 70049
114.83.219.165 - - [24/Mar/2023:09:31:41 +0800] "POST /xingrg/kc/buy/cgsh_order_operate.html HTTP/1.1" 200 8245
114.83.219.165 - - [24/Mar/2023:09:31:41 +0800] "GET /xingrg/javascript/easyui/themes/default/validatebox.css HTTP/1.1" 404 1104
116.192.124.172 - - [24/Mar/2023:09:31:42 +0800] "GET /xingrg/all/function/internal_message.html?_=1679621502675&CODE_STATE=getMsg HTTP/1.1" 200 27
116.238.139.35 - - [24/Mar/2023:09:31:42 +0800] "GET /xingrg/all/function/internal_message.html?_=1679621504204&CODE_STATE=getMsg HTTP/1.1" 200 27
116.225.84.253 - - [24/Mar/2023:09:31:43 +0800] "GET /xingrg/all/function/internal_message.html?_=1679621506407&CODE_STATE=getMsg HTTP/1.1" 200 27
180.164.3.199 - - [24/Mar/2023:09:31:51 +0800] "GET /xingrg/all/function/internal_message.html?_=1679621511052&CODE_STATE=getMsg HTTP/1.1" 200 27
114.83.219.165 - - [24/Mar/2023:09:31:53 +0800] "GET /xingrg/all/function/internal_message.html?_=1679621510473&CODE_STATE=getMsg HTTP/1.1" 200 27
172.20.0.100 - - [24/Mar/2023:09:31:55 +0800] "GET /xingrg/check_reg.html?_=1679621520204 HTTP/1.1" 302 -
172.20.0.100 - - [24/Mar/2023:09:31:56 +0800] "GET /xingrg/all/function/internal_message.html?_=1679621514729&CODE_STATE=getMsg HTTP/1.1" 200 27
58.221.95.50 - - [24/Mar/2023:09:32:00 +0800] "GET /xingrg/all/function/internal_message.html?_=1679621520569&CODE_STATE=getMsg HTTP/1.1" 200 27
114.83.222.182 - - [24/Mar/2023:09:32:04 +0800] "GET /xingrg/all/function/internal_message.html?_=1679621596746&CODE_STATE=getMsg HTTP/1.1" 200 27
116.192.124.172 - - [24/Mar/2023:09:32:07 +0800] "GET /xingrg/all/function/internal_message.html?_=1679621527417&CODE_STATE=getMsg HTTP/1.1" 200 27
116.225.84.253 - - [24/Mar/2023:09:32:08 +0800] "GET /xingrg/all/function/internal_message.html?_=1679621371931&CODE_STATE=getMsg HTTP/1.1" 200 27
116.225.84.253 - - [24/Mar/2023:09:32:08 +0800] "GET /xingrg/check_reg.html?_=1679621371932 HTTP/1.1" 200 22
120.253.135.82 - - [24/Mar/2023:09:32:08 +0800] "GET /xingrg/all/function/internal_message.html?_=1679621359640&CODE_STATE=getMsg HTTP/1.1" 200 27
222.70.221.209 - - [24/Mar/2023:09:32:08 +0800] "GET /xingrg/all/function/internal_message.html?_=1679621632560&CODE_STATE=getMsg HTTP/1.1" 200 27
116.238.139.35 - - [24/Mar/2023:09:32:16 +0800] "GET /xingrg/all/function/internal_message.html?_=1679621459319&CODE_STATE=getMsg HTTP/1.1" 200 27
172.20.0.100 - - [24/Mar/2023:09:32:17 +0800] "POST /xingrg/kc/buy/cgsh_list_operate.html HTTP/1.1" 200 681
116.225.84.253 - - [24/Mar/2023:09:32:19 +0800] "POST /xingrg/services/DataTransmitService HTTP/1.1" 200 524
172.20.0.100 - - [24/Mar/2023:09:32:20 +0800] "POST /xingrg/kc/buy/cgsh_list_operate.html HTTP/1.1" 200 577
116.225.84.253 - - [24/Mar/2023:09:32:20 +0800] "POST /xingrg/services/DataTransmitService HTTP/1.1" 200 2407
116.225.84.253 - - [24/Mar/2023:09:32:21 +0800] "POST /xingrg/services/DataTransmitService HTTP/1.1" 200 190731
114.83.219.165 - - [24/Mar/2023:09:32:23 +0800] "GET /xingrg/kc/buy/cgsh_order_operate.html?command=get_materiel&rest_code=00149&code=00101010092&supplier_code=00100036&order_time=2023-03-24 HTTP/1.1" 200 450
172.20.0.100 - - [24/Mar/2023:09:32:23 +0800] "GET /xingrg/javascript/jquery_easy_ui/themes/default/images/tabs_active.png HTTP/1.1" 200 2894
172.20.0.100 - - [24/Mar/2023:09:32:25 +0800] "GET /xingrg/kc/buy/cgsh_order_list.html HTTP/1.1" 200 54418
172.20.0.100 - - [24/Mar/2023:09:32:27 +0800] "POST /xingrg/kc/buy/cgsh_list_operate.html HTTP/1.1" 200 986
116.235.244.121 - - [24/Mar/2023:09:32:30 +0800] "GET /xingrg/all/function/internal_message.html?_=1679621568290&CODE_STATE=getMsg HTTP/1.1" 200 27
114.83.219.165 - - [24/Mar/2023:09:32:39 +0800] "GET /xingrg/kc/buy/cgsh_order_operate.html?command=get_materiel&rest_code=00149&code=00101013098&supplier_code=00100036&order_time=2023-03-24 HTTP/1.1" 200 417
116.192.124.172 - - [24/Mar/2023:09:32:42 +0800] "GET /xingrg/all/function/internal_message.html?_=1679621562660&CODE_STATE=getMsg HTTP/1.1" 200 27
116.238.139.35 - - [24/Mar/2023:09:32:42 +0800] "GET /xingrg/all/function/internal_message.html?_=1679621564187&CODE_STATE=getMsg HTTP/1.1" 200 27
116.225.84.253 - - [24/Mar/2023:09:32:43 +0800] "GET /xingrg/all/function/internal_message.html?_=1679621566380&CODE_STATE=getMsg HTTP/1.1" 200 27
116.192.124.172 - - [24/Mar/2023:09:32:44 +0800] "GET /xingrg/check_reg.html?_=1679621564242 HTTP/1.1" 200 22
180.164.3.199 - - [24/Mar/2023:09:32:51 +0800] "GET /xingrg/all/function/internal_message.html?_=1679621571067&CODE_STATE=getMsg HTTP/1.1" 200 27
114.83.219.165 - - [24/Mar/2023:09:32:53 +0800] "GET /xingrg/kc/buy/cgsh_order_operate.html?command=get_materiel&rest_code=00149&code=00101012051&supplier_code=00100036&order_time=2023-03-24 HTTP/1.1" 200 408
114.83.219.165 - - [24/Mar/2023:09:32:53 +0800] "GET /xingrg/all/function/internal_message.html?_=1679621570460&CODE_STATE=getMsg HTTP/1.1" 200 27
172.20.0.100 - - [24/Mar/2023:09:32:55 +0800] "GET /xingrg/all/function/internal_message.html?_=1679621573958&CODE_STATE=getMsg HTTP/1.1" 200 27
116.238.139.35 - - [24/Mar/2023:09:32:59 +0800] "GET /favicon.ico HTTP/1.1" 404 -
58.221.95.50 - - [24/Mar/2023:09:33:00 +0800] "GET /xingrg/all/function/internal_message.html?_=1679621580543&CODE_STATE=getMsg HTTP/1.1" 200 27
116.238.139.35 - - [24/Mar/2023:09:33:01 +0800] "POST /xingrg/login.do HTTP/1.1" 302 -
116.238.139.35 - - [24/Mar/2023:09:33:01 +0800] "GET /xingrg/index.html?sysBaseUrl=http%3A%2F%2F180.169.147.146%3A18081%2Fxingrg%2F&costTime=781×tamp=1679621581619 HTTP/1.1" 200 17177
116.238.139.35 - - [24/Mar/2023:09:33:01 +0800] "GET /xingrg/check_reg.html?_=1679621583267 HTTP/1.1" 200 22
116.238.139.35 - - [24/Mar/2023:09:33:01 +0800] "GET /xingrg/all/function/internal_message.html?_=1679621583266&CODE_STATE=count HTTP/1.1" 200 11
116.238.139.35 - - [24/Mar/2023:09:33:01 +0800] "GET /favicon.ico HTTP/1.1" 404 -
116.238.139.35 - - [24/Mar/2023:09:33:02 +0800] "POST /xingrg/all/common/load_tree.html?tree=area_rest_tree_json&manage=1 HTTP/1.1" 200 476
116.238.139.35 - - [24/Mar/2023:09:33:02 +0800] "POST /xingrg/load_menu.html HTTP/1.1" 200 5138
114.83.219.165 - - [24/Mar/2023:09:33:02 +0800] "POST /xingrg/kc/buy/cgsh_order_operate.html HTTP/1.1" 200 37
114.83.222.182 - - [24/Mar/2023:09:33:04 +0800] "GET /xingrg/all/function/internal_message.html?_=1679621656737&CODE_STATE=getMsg HTTP/1.1" 200 27
116.238.139.35 - - [24/Mar/2023:09:33:05 +0800] "POST /xingrg/all/user/operate.html HTTP/1.1" 200 36
116.238.139.35 - - [24/Mar/2023:09:33:05 +0800] "GET /xingrg/index.html?sysBaseUrl=http%3A%2F%2F180.169.147.146%3A18081%2Fxingrg%2F&costTime=781×tamp=1679621581619 HTTP/1.1" 200 17179
116.238.139.35 - - [24/Mar/2023:09:33:05 +0800] "GET /xingrg/javascript/jquery_easy_ui/themes/default/easyui.css HTTP/1.1" 304 -
116.238.139.35 - - [24/Mar/2023:09:33:05 +0800] "GET /xingrg/javascript/jquery_easy_ui/themes/icon.css HTTP/1.1" 304 -
116.238.139.35 - - [24/Mar/2023:09:33:05 +0800] "GET /xingrg/css/form.css HTTP/1.1" 304 -
116.238.139.35 - - [24/Mar/2023:09:33:05 +0800] "GET /xingrg/javascript/jquery-1.4.2.min.js HTTP/1.1" 304 -
116.238.139.35 - - [24/Mar/2023:09:33:05 +0800] "GET /xingrg/javascript/jquery_easy_ui/jquery.easyui.min.js HTTP/1.1" 304 -
116.238.139.35 - - [24/Mar/2023:09:33:05 +0800] "GET /xingrg/javascript/jquery_easy_ui/easyui-lang-zh_CN.js HTTP/1.1" 304 -
116.238.139.35 - - [24/Mar/2023:09:33:05 +0800] "GET /xingrg/javascript/jquery.form.js HTTP/1.1" 304 -
116.238.139.35 - - [24/Mar/2023:09:33:05 +0800] "GET /xingrg/javascript/jquery.utils.js HTTP/1.1" 304 -
116.238.139.35 - - [24/Mar/2023:09:33:05 +0800] "GET /xingrg/javascript/jquery.timers.js HTTP/1.1" 304 -
116.238.139.35 - - [24/Mar/2023:09:33:05 +0800] "GET /xingrg/images/blue/jxLogo.png HTTP/1.1" 304 -
116.238.139.35 - - [24/Mar/2023:09:33:05 +0800] "GET /xingrg/javascript/jquery_easy_ui/themes/icons/settle_new.png HTTP/1.1" 304 -
116.238.139.35 - - [24/Mar/2023:09:33:05 +0800] "GET /xingrg/images/blue/navBackgound.jpg HTTP/1.1" 304 -
116.238.139.35 - - [24/Mar/2023:09:33:06 +0800] "GET /xingrg/all/function/internal_message.html?_=1679621587368&CODE_STATE=count HTTP/1.1" 200 11
116.238.139.35 - - [24/Mar/2023:09:33:06 +0800] "GET /xingrg/javascript/jquery_easy_ui/themes/default/images/tabs_rightarrow.png HTTP/1.1" 304 -
116.238.139.35 - - [24/Mar/2023:09:33:06 +0800] "GET /xingrg/check_reg.html?_=1679621587369 HTTP/1.1" 200 22
116.238.139.35 - - [24/Mar/2023:09:33:06 +0800] "GET /xingrg/javascript/jquery_easy_ui/themes/default/images/tabs_leftarrow.png HTTP/1.1" 304 -
116.238.139.35 - - [24/Mar/2023:09:33:06 +0800] "GET /xingrg/images/blue/pingpu.png HTTP/1.1" 304 -
116.238.139.35 - - [24/Mar/2023:09:33:06 +0800] "GET /xingrg/javascript/jquery_easy_ui/themes/default/images/panel_tool_collapse.gif HTTP/1.1" 304 -
116.238.139.35 - - [24/Mar/2023:09:33:06 +0800] "POST /xingrg/all/common/load_tree.html?tree=area_rest_tree_json&manage=1 HTTP/1.1" 200 476
116.238.139.35 - - [24/Mar/2023:09:33:06 +0800] "POST /xingrg/load_menu.html HTTP/1.1" 200 5138
116.192.124.172 - - [24/Mar/2023:09:33:07 +0800] "GET /xingrg/all/function/internal_message.html?_=1679621587406&CODE_STATE=getMsg HTTP/1.1" 200 27
116.225.84.253 - - [24/Mar/2023:09:33:08 +0800] "GET /xingrg/all/function/internal_message.html?_=1679621431945&CODE_STATE=getMsg HTTP/1.1" 200 27
120.253.135.82 - - [24/Mar/2023:09:33:08 +0800] "GET /xingrg/check_reg.html?_=1679621419170 HTTP/1.1" 200 22
120.253.135.82 - - [24/Mar/2023:09:33:08 +0800] "GET /xingrg/all/function/internal_message.html?_=1679621419746&CODE_STATE=getMsg HTTP/1.1" 200 27
222.70.221.209 - - [24/Mar/2023:09:33:08 +0800] "GET /xingrg/all/function/internal_message.html?_=1679621692559&CODE_STATE=getMsg HTTP/1.1" 200 27
222.70.221.209 - - [24/Mar/2023:09:33:08 +0800] "GET /xingrg/check_reg.html?_=1679621692566 HTTP/1.1" 200 22
114.83.219.165 - - [24/Mar/2023:09:33:09 +0800] "POST /xingrg/kc/buy/cgsh_order_operate.html HTTP/1.1" 200 12
116.238.139.35 - - [24/Mar/2023:09:33:09 +0800] "GET /xingrg/kc/buy/cgsh_order_list.html HTTP/1.1" 200 54185
172.20.0.100 - - [24/Mar/2023:09:33:09 +0800] "GET /xingrg/javascript/easyui/themes/default/images/button_plain_hover.png HTTP/1.1" 200 144
116.238.139.35 - - [24/Mar/2023:09:33:11 +0800] "POST /xingrg/kc/buy/cgsh_list_operate.html HTTP/1.1" 200 986
114.83.219.165 - - [24/Mar/2023:09:33:11 +0800] "GET /xingrg/kc/buy/cgsh_order_info.html?code=212023032408832 HTTP/1.1" 200 64953
114.83.219.165 - - [24/Mar/2023:09:33:11 +0800] "GET /xingrg/javascript/easyui/themes/default/validatebox.css HTTP/1.1" 404 1104
114.83.219.165 - - [24/Mar/2023:09:33:12 +0800] "POST /xingrg/kc/buy/cgsh_order_operate.html HTTP/1.1" 200 1808
116.238.139.35 - - [24/Mar/2023:09:33:13 +0800] "GET /xingrg/kc/buy/cgsh_order_add.html HTTP/1.1" 200 70005
116.238.139.35 - - [24/Mar/2023:09:33:13 +0800] "POST /xingrg/kc/buy/cgsh_order_operate.html HTTP/1.1" 200 8245
116.238.139.35 - - [24/Mar/2023:09:33:13 +0800] "GET /xingrg/javascript/easyui/themes/default/validatebox.css HTTP/1.1" 404 1104
114.83.219.165 - - [24/Mar/2023:09:33:14 +0800] "GET /xingrg/kc/print/report_design.html?orderType=cgsh HTTP/1.1" 200 8625
114.83.219.165 - - [24/Mar/2023:09:33:14 +0800] "GET /xingrg/css/design.css HTTP/1.1" 200 2477
114.83.219.165 - - [24/Mar/2023:09:33:14 +0800] "GET /xingrg/javascript/print/report.js HTTP/1.1" 200 10993
114.83.219.165 - - [24/Mar/2023:09:33:14 +0800] "GET /xingrg/javascript/easyui/jquery.easyui.min.js HTTP/1.1" 200 272531
114.83.219.165 - - [24/Mar/2023:09:33:14 +0800] "GET /xingrg/javascript/print/report.helper.js HTTP/1.1" 200 7208
114.83.219.165 - - [24/Mar/2023:09:33:14 +0800] "GET /xingrg/javascript/easyui/themes/sunny/images/ui-bg_highlight-soft_100_feeebd_1x100.png HTTP/1.1" 200 108
114.83.219.165 - - [24/Mar/2023:09:33:14 +0800] "GET /xingrg/javascript/easyui/themes/sunny/images/ui-bg_gloss-wave_45_817865_500x100.png HTTP/1.1" 200 3971
114.83.219.165 - - [24/Mar/2023:09:33:14 +0800] "GET /xingrg/javascript/easyui/themes/sunny/images/blank.gif HTTP/1.1" 200 43
114.83.219.165 - - [24/Mar/2023:09:33:14 +0800] "GET /xingrg/javascript/easyui/themes/sunny/images/ui-icons_fadc7a_256x240.png HTTP/1.1" 200 4369
114.83.219.165 - - [24/Mar/2023:09:33:14 +0800] "GET /xingrg/javascript/easyui/themes/sunny/images/ui-bg_gloss-wave_70_ffdd57_500x100.png HTTP/1.1" 200 3830
114.83.219.165 - - [24/Mar/2023:09:33:14 +0800] "GET /xingrg/javascript/easyui/themes/sunny/images/ui-icons_bd7b00_256x240.png HTTP/1.1" 200 4369
114.83.219.165 - - [24/Mar/2023:09:33:14 +0800] "GET /favicon.ico HTTP/1.1" 404 -
114.83.219.165 - - [24/Mar/2023:09:33:14 +0800] "GET /xingrg/kc/print/design_operate.html?_=1679621591205&command=load_config&code=cgsh HTTP/1.1" 200 2835
114.83.219.165 - - [24/Mar/2023:09:33:14 +0800] "GET /xingrg/css/images/background.png HTTP/1.1" 200 137
116.238.139.35 - - [24/Mar/2023:09:33:14 +0800] "GET /xingrg/javascript/auto/indicator.gif HTTP/1.1" 404 1066
116.238.139.35 - - [24/Mar/2023:09:33:16 +0800] "GET /xingrg/all/function/internal_message.html?_=1679621519333&CODE_STATE=getMsg HTTP/1.1" 200 27
114.83.219.165 - - [24/Mar/2023:09:33:17 +0800] "GET /xingrg/kc/print/load_data.html?order_code=212023032408832&kc_code=cgsh&condition= HTTP/1.1" 200 1248
124.78.155.10 - - [24/Mar/2023:09:33:23 +0800] "GET /xingrg/all/function/internal_message.html?_=1679621609672&CODE_STATE=getMsg HTTP/1.1" 200 27
124.78.155.10 - - [24/Mar/2023:09:33:23 +0800] "GET /xingrg/check_reg.html?_=1679621609692 HTTP/1.1" 200 22
124.78.155.10 - - [24/Mar/2023:09:33:24 +0800] "POST /xingrg/kc/buy/cgsh_order_operate.html HTTP/1.1" 200 20411
116.235.244.121 - - [24/Mar/2023:09:33:31 +0800] "GET /xingrg/all/function/internal_message.html?_=1679621628626&CODE_STATE=getMsg HTTP/1.1" 200 27
116.192.124.172 - - [24/Mar/2023:09:33:42 +0800] "GET /xingrg/all/function/internal_message.html?_=1679621622642&CODE_STATE=getMsg HTTP/1.1" 200 27
124.78.155.10 - - [24/Mar/2023:09:33:43 +0800] "GET /xingrg/kc/buy/cgsh_order_operate.html?command=get_materiel&rest_code=00106&code=00101008080&supplier_code=00100007&order_time=2023-03-24 HTTP/1.1" 200 417
116.225.84.253 - - [24/Mar/2023:09:33:43 +0800] "GET /xingrg/all/function/internal_message.html?_=1679621626357&CODE_STATE=getMsg HTTP/1.1" 200 27
180.164.3.199 - - [24/Mar/2023:09:33:51 +0800] "GET /xingrg/all/function/internal_message.html?_=1679621631056&CODE_STATE=getMsg HTTP/1.1" 200 27
114.83.219.165 - - [24/Mar/2023:09:33:53 +0800] "GET /xingrg/all/function/internal_message.html?_=1679621630444&CODE_STATE=getMsg HTTP/1.1" 200 27
114.83.219.165 - - [24/Mar/2023:09:33:53 +0800] "GET /xingrg/check_reg.html?_=1679621630494 HTTP/1.1" 200 22
172.20.0.100 - - [24/Mar/2023:09:33:55 +0800] "GET /xingrg/all/function/internal_message.html?_=1679621633958&CODE_STATE=getMsg HTTP/1.1" 200 27
124.78.155.10 - - [24/Mar/2023:09:33:58 +0800] "GET /xingrg/kc/buy/cgsh_order_operate.html?command=get_materiel&rest_code=00106&code=00101008185&supplier_code=00100007&order_time=2023-03-24 HTTP/1.1" 200 408
58.221.95.50 - - [24/Mar/2023:09:34:00 +0800] "GET /xingrg/all/function/internal_message.html?_=1679621640523&CODE_STATE=getMsg HTTP/1.1" 200 27
116.225.84.253 - - [24/Mar/2023:09:34:03 +0800] "GET /xingrg/check_reg.html?_=1679621646813 HTTP/1.1" 200 22
114.83.222.182 - - [24/Mar/2023:09:34:04 +0800] "GET /xingrg/all/function/internal_message.html?_=1679621716744&CODE_STATE=getMsg HTTP/1.1" 200 27
114.83.222.182 - - [24/Mar/2023:09:34:04 +0800] "GET /xingrg/check_reg.html?_=1679621716746 HTTP/1.1" 200 22
116.238.139.35 - - [24/Mar/2023:09:34:06 +0800] "GET /xingrg/all/function/internal_message.html?_=1679621647389&CODE_STATE=getMsg HTTP/1.1" 200 27
124.78.155.10 - - [24/Mar/2023:09:34:06 +0800] "GET /xingrg/kc/buy/cgsh_order_operate.html?command=get_materiel&rest_code=00106&code=00101008224&supplier_code=00100007&order_time=2023-03-24 HTTP/1.1" 200 416
116.192.124.172 - - [24/Mar/2023:09:34:07 +0800] "GET /xingrg/check_reg.html?_=1679621647198 HTTP/1.1" 200 22
116.192.124.172 - - [24/Mar/2023:09:34:07 +0800] "GET /xingrg/all/function/internal_message.html?_=1679621647386&CODE_STATE=getMsg HTTP/1.1" 200 27
116.225.84.253 - - [24/Mar/2023:09:34:08 +0800] "GET /xingrg/all/function/internal_message.html?_=1679621491944&CODE_STATE=getMsg HTTP/1.1" 200 27
120.253.135.82 - - [24/Mar/2023:09:34:08 +0800] "GET /xingrg/all/function/internal_message.html?_=1679621479761&CODE_STATE=getMsg HTTP/1.1" 200 27
222.70.221.209 - - [24/Mar/2023:09:34:08 +0800] "GET /xingrg/all/function/internal_message.html?_=1679621752566&CODE_STATE=getMsg HTTP/1.1" 200 27
124.78.155.10 - - [24/Mar/2023:09:34:16 +0800] "GET /xingrg/kc/buy/cgsh_order_operate.html?command=get_materiel&rest_code=00106&code=00101008356&supplier_code=00100007&order_time=2023-03-24 HTTP/1.1" 200 408
116.238.139.35 - - [24/Mar/2023:09:34:16 +0800] "GET /xingrg/check_reg.html?_=1679621579190 HTTP/1.1" 200 22
116.238.139.35 - - [24/Mar/2023:09:34:16 +0800] "GET /xingrg/all/function/internal_message.html?_=1679621579348&CODE_STATE=getMsg HTTP/1.1" 200 27
124.78.155.10 - - [24/Mar/2023:09:34:21 +0800] "POST /xingrg/kc/buy/cgsh_order_operate.html HTTP/1.1" 200 2065
180.163.28.114 - - [24/Mar/2023:09:34:23 +0800] "GET /xingrg/all/function/internal_message.html?_=1679621609672&CODE_STATE=getMsg HTTP/1.1" 302 -
180.163.28.114 - - [24/Mar/2023:09:34:23 +0800] "GET /xingrg/login.html HTTP/1.1" 200 7641
124.78.155.10 - - [24/Mar/2023:09:34:23 +0800] "GET /xingrg/all/function/internal_message.html?_=1679621669674&CODE_STATE=getMsg HTTP/1.1" 200 27
180.163.29.217 - - [24/Mar/2023:09:34:26 +0800] "GET /xingrg/check_reg.html?_=1679621609692 HTTP/1.1" 302 -
180.163.29.217 - - [24/Mar/2023:09:34:26 +0800] "GET /xingrg/login.html HTTP/1.1" 200 7641
