116.192.124.172 - - [22/Mar/2023:12:22:59 +0800] "GET /xingrg/kc/buy/cgsh_order_operate.html?command=get_materiel&rest_code=00102&code=00101043010&supplier_code=00100008&order_time=2023-03-22 HTTP/1.1" 200 409
116.192.124.172 - - [22/Mar/2023:12:23:00 +0800] "GET /xingrg/all/function/internal_message.html?_=1679458980936&CODE_STATE=getMsg HTTP/1.1" 200 27
116.192.124.172 - - [22/Mar/2023:12:23:01 +0800] "GET /xingrg/all/function/internal_message.html?_=1679458995189&CODE_STATE=getMsg HTTP/1.1" 200 27
116.192.124.172 - - [22/Mar/2023:12:23:02 +0800] "GET /xingrg/check_reg.html?_=1679458983002 HTTP/1.1" 200 22
124.78.156.53 - - [22/Mar/2023:12:23:03 +0800] "GET /xingrg/all/function/internal_message.html?_=1679458987879&CODE_STATE=getMsg HTTP/1.1" 200 27
124.78.156.53 - - [22/Mar/2023:12:23:03 +0800] "GET /xingrg/check_reg.html?_=1679458987881 HTTP/1.1" 200 22
116.192.124.172 - - [22/Mar/2023:12:23:05 +0800] "GET /xingrg/kc/buy/cgsh_order_operate.html?command=get_materiel&rest_code=00102&code=00101008321&supplier_code=00100008&order_time=2023-03-22 HTTP/1.1" 200 412
222.67.232.202 - - [22/Mar/2023:12:23:09 +0800] "GET /xingrg/all/function/internal_message.html?_=1679458536574&CODE_STATE=getMsg HTTP/1.1" 200 27
114.83.222.182 - - [22/Mar/2023:12:23:09 +0800] "GET /xingrg/all/function/internal_message.html?_=1679459060274&CODE_STATE=getMsg HTTP/1.1" 200 27
114.83.222.182 - - [22/Mar/2023:12:23:09 +0800] "GET /xingrg/check_reg.html?_=1679459060275 HTTP/1.1" 200 22
120.253.135.82 - - [22/Mar/2023:12:23:10 +0800] "GET /xingrg/all/function/internal_message.html?_=1679458820497&CODE_STATE=getMsg HTTP/1.1" 200 27
114.83.219.160 - - [22/Mar/2023:12:23:11 +0800] "GET /xingrg/all/function/internal_message.html?_=1679458989699&CODE_STATE=getMsg HTTP/1.1" 200 27
116.192.124.172 - - [22/Mar/2023:12:23:14 +0800] "GET /xingrg/kc/buy/cgsh_order_operate.html?command=get_materiel&rest_code=00102&code=00101008300&supplier_code=00100008&order_time=2023-03-22 HTTP/1.1" 200 412
180.162.110.76 - - [22/Mar/2023:12:23:16 +0800] "GET /xingrg/all/function/internal_message.html?_=1679457897755&CODE_STATE=getMsg HTTP/1.1" 200 27
116.192.124.172 - - [22/Mar/2023:12:23:16 +0800] "POST /xingrg/kc/buy/cgsh_order_operate.html HTTP/1.1" 200 2065
116.232.35.78 - - [22/Mar/2023:12:23:20 +0800] "GET /xingrg/all/function/internal_message.html?_=1679459001167&CODE_STATE=getMsg HTTP/1.1" 200 27
124.78.156.53 - - [22/Mar/2023:12:23:20 +0800] "GET /xingrg/all/function/internal_message.html?_=1679458999189&CODE_STATE=getMsg HTTP/1.1" 200 27
116.192.124.172 - - [22/Mar/2023:12:23:21 +0800] "GET /xingrg/kc/buy/cgsh_order_operate.html?command=get_materiel&rest_code=00102&code=00101008213&supplier_code=00100008&order_time=2023-03-22 HTTP/1.1" 200 412
116.225.84.253 - - [22/Mar/2023:12:23:22 +0800] "GET /xingrg/index.html?sysBaseUrl=http%3A%2F%2F180.169.147.146%3A18081%2Fxingrg%2F&costTime=35×tamp=1585363447539 HTTP/1.1" 302 -
116.225.84.253 - - [22/Mar/2023:12:23:22 +0800] "GET /xingrg/login.html HTTP/1.1" 200 7641
116.238.139.35 - - [22/Mar/2023:12:23:25 +0800] "GET /xingrg/all/function/internal_message.html?_=1679458929757&CODE_STATE=getMsg HTTP/1.1" 200 27
116.192.124.172 - - [22/Mar/2023:12:23:28 +0800] "GET /xingrg/kc/buy/cgsh_order_operate.html?command=get_materiel&rest_code=00102&code=00101020126&supplier_code=00100008&order_time=2023-03-22 HTTP/1.1" 200 412
116.225.84.253 - - [22/Mar/2023:12:23:29 +0800] "GET /xingrg/index.html?sysBaseUrl=http%3A%2F%2F180.169.147.146%3A18081%2Fxingrg%2F&costTime=35×tamp=1585363447539 HTTP/1.1" 302 -
116.225.84.253 - - [22/Mar/2023:12:23:29 +0800] "GET /xingrg/login.html HTTP/1.1" 200 7641
116.225.84.253 - - [22/Mar/2023:12:23:29 +0800] "GET /xingrg/index.html?sysBaseUrl=http%3A%2F%2F180.169.147.146%3A18081%2Fxingrg%2F&costTime=35×tamp=1585363447539 HTTP/1.1" 302 -
116.225.84.253 - - [22/Mar/2023:12:23:29 +0800] "GET /xingrg/login.html HTTP/1.1" 200 7641
116.225.84.253 - - [22/Mar/2023:12:23:32 +0800] "GET /favicon.ico HTTP/1.1" 404 -
116.225.84.253 - - [22/Mar/2023:12:23:32 +0800] "GET /favicon.ico HTTP/1.1" 404 -
116.225.84.253 - - [22/Mar/2023:12:23:32 +0800] "GET /favicon.ico HTTP/1.1" 404 -
116.192.124.172 - - [22/Mar/2023:12:23:36 +0800] "GET /xingrg/kc/buy/cgsh_order_operate.html?command=get_materiel&rest_code=00102&code=00101010137&supplier_code=00100008&order_time=2023-03-22 HTTP/1.1" 200 418
124.79.72.155 - - [22/Mar/2023:12:23:37 +0800] "GET /xingrg/all/function/internal_message.html?_=1679459024178&CODE_STATE=getMsg HTTP/1.1" 200 27
116.235.240.214 - - [22/Mar/2023:12:23:37 +0800] "GET /xingrg/all/function/internal_message.html?_=1679459027572&CODE_STATE=getMsg HTTP/1.1" 200 27
116.225.84.253 - - [22/Mar/2023:12:23:38 +0800] "GET /xingrg/all/function/internal_message.html?_=1679458862713&CODE_STATE=getMsg HTTP/1.1" 200 27
180.164.3.199 - - [22/Mar/2023:12:23:41 +0800] "GET /xingrg/all/function/internal_message.html?_=1679459020719&CODE_STATE=getMsg HTTP/1.1" 200 27
180.164.3.199 - - [22/Mar/2023:12:23:41 +0800] "GET /xingrg/check_reg.html?_=1679459020722 HTTP/1.1" 200 22
58.221.95.50 - - [22/Mar/2023:12:23:43 +0800] "GET /xingrg/all/function/internal_message.html?_=1679459024468&CODE_STATE=getMsg HTTP/1.1" 200 27
222.70.221.209 - - [22/Mar/2023:12:23:49 +0800] "GET /xingrg/all/function/internal_message.html?_=1679459136498&CODE_STATE=getMsg HTTP/1.1" 200 27
124.79.240.233 - - [22/Mar/2023:12:23:50 +0800] "GET /xingrg/all/function/internal_message.html?_=1679459288412&CODE_STATE=getMsg HTTP/1.1" 200 27
120.253.135.82 - - [22/Mar/2023:12:23:50 +0800] "POST /xingrg/kc/pszx/mdps_list_operate.html HTTP/1.1" 200 661
120.253.135.82 - - [22/Mar/2023:12:23:51 +0800] "GET /xingrg/kc/pszx/mdps_order_info.html?code=312023032100467 HTTP/1.1" 200 23972
120.253.135.82 - - [22/Mar/2023:12:23:51 +0800] "GET /xingrg/javascript/jquery_tools/order_manager.js HTTP/1.1" 304 -
120.253.135.82 - - [22/Mar/2023:12:23:51 +0800] "GET /xingrg/javascript/convert.js HTTP/1.1" 304 -
120.253.135.82 - - [22/Mar/2023:12:23:51 +0800] "GET /xingrg/javascript/json2.js HTTP/1.1" 304 -
120.253.135.82 - - [22/Mar/2023:12:23:51 +0800] "GET /xingrg/javascript/print/kc_print.js HTTP/1.1" 304 -
120.253.135.82 - - [22/Mar/2023:12:23:51 +0800] "GET /xingrg/words/20230321173137_words.js HTTP/1.1" 304 -
120.253.135.82 - - [22/Mar/2023:12:23:52 +0800] "GET /xingrg/javascript/easyui/themes/icons/ok.png HTTP/1.1" 304 -
120.253.135.82 - - [22/Mar/2023:12:23:52 +0800] "GET /xingrg/javascript/easyui/themes/icons/print.png HTTP/1.1" 304 -
120.253.135.82 - - [22/Mar/2023:12:23:52 +0800] "GET /xingrg/javascript/easyui/themes/icons/copy_new.png HTTP/1.1" 304 -
120.253.135.82 - - [22/Mar/2023:12:23:52 +0800] "GET /xingrg/javascript/easyui/themes/default/images/menu_downarrow.png HTTP/1.1" 304 -
120.253.135.82 - - [22/Mar/2023:12:23:52 +0800] "GET /xingrg/javascript/easyui/themes/icons/cancel.png HTTP/1.1" 304 -
120.253.135.82 - - [22/Mar/2023:12:23:52 +0800] "GET /xingrg/javascript/easyui/plugins/jquery.validatebox.js HTTP/1.1" 304 -
120.253.135.82 - - [22/Mar/2023:12:23:52 +0800] "GET /xingrg/javascript/easyui/themes/default/validatebox.css HTTP/1.1" 404 1104
120.253.135.82 - - [22/Mar/2023:12:23:52 +0800] "GET /xingrg/javascript/easyui/plugins/jquery.numberbox.js HTTP/1.1" 304 -
120.253.135.82 - - [22/Mar/2023:12:23:52 +0800] "GET /xingrg/all/common/auto_word.html?type=base&rest_code=00101 HTTP/1.1" 200 671
116.192.124.172 - - [22/Mar/2023:12:23:52 +0800] "POST /xingrg/kc/buy/cgsh_order_operate.html HTTP/1.1" 200 37
120.253.135.82 - - [22/Mar/2023:12:23:52 +0800] "POST /xingrg/kc/pszx/mdps_order_operate.html HTTP/1.1" 200 12590
120.253.135.82 - - [22/Mar/2023:12:23:52 +0800] "GET /xingrg/javascript/easyui/themes/icons/edit_remove.png HTTP/1.1" 304 -
180.157.253.110 - - [22/Mar/2023:12:23:53 +0800] "GET /xingrg/all/function/internal_message.html?_=1679459032724&CODE_STATE=getMsg HTTP/1.1" 302 -
101.229.22.234 - - [22/Mar/2023:12:23:54 +0800] "GET /xingrg/all/function/internal_message.html?_=1679459032761&CODE_STATE=getMsg HTTP/1.1" 200 27
101.229.22.234 - - [22/Mar/2023:12:23:54 +0800] "GET /xingrg/check_reg.html?_=1679459032763 HTTP/1.1" 200 22
222.70.182.154 - - [22/Mar/2023:12:23:55 +0800] "GET /xingrg/all/function/internal_message.html?_=1679459032778&CODE_STATE=getMsg HTTP/1.1" 200 27
120.253.135.82 - - [22/Mar/2023:12:23:56 +0800] "GET /xingrg/javascript/easyui/themes/default/images/button_plain_hover.png HTTP/1.1" 304 -
116.235.240.214 - - [22/Mar/2023:12:23:57 +0800] "GET /xingrg/check_reg.html?_=1679458910940 HTTP/1.1" 200 22
116.235.240.214 - - [22/Mar/2023:12:23:57 +0800] "GET /xingrg/all/function/internal_message.html?_=1679458910941&CODE_STATE=getMsg HTTP/1.1" 200 27
116.225.84.253 - - [22/Mar/2023:12:23:57 +0800] "POST /xingrg/login.do HTTP/1.1" 302 -
116.225.84.253 - - [22/Mar/2023:12:23:57 +0800] "GET /xingrg/index.html?sysBaseUrl=http%3A%2F%2F180.169.147.146%3A18081%2Fxingrg%2F&costTime=1631×tamp=1679459037291 HTTP/1.1" 200 17413
116.224.106.218 - - [22/Mar/2023:12:23:57 +0800] "GET /xingrg/all/function/internal_message.html?_=1679459034071&CODE_STATE=getMsg HTTP/1.1" 200 27
58.40.7.146 - - [22/Mar/2023:12:23:58 +0800] "GET /xingrg/all/function/internal_message.html?_=1679459038152&CODE_STATE=getMsg HTTP/1.1" 302 -
120.253.135.82 - - [22/Mar/2023:12:23:59 +0800] "POST /xingrg/kc/pszx/mdps_order_operate.html HTTP/1.1" 200 37
116.192.124.172 - - [22/Mar/2023:12:24:00 +0800] "GET /xingrg/all/function/internal_message.html?_=1679459040922&CODE_STATE=getMsg HTTP/1.1" 200 27
116.192.124.172 - - [22/Mar/2023:12:24:01 +0800] "GET /xingrg/all/function/internal_message.html?_=1679459055175&CODE_STATE=getMsg HTTP/1.1" 200 27
116.225.84.253 - - [22/Mar/2023:12:24:02 +0800] "GET /favicon.ico HTTP/1.1" 404 -
116.225.84.253 - - [22/Mar/2023:12:24:03 +0800] "POST /xingrg/all/common/load_tree.html?tree=area_rest_tree_json&manage=1 HTTP/1.1" 200 342
116.192.124.172 - - [22/Mar/2023:12:24:03 +0800] "POST /xingrg/kc/buy/cgsh_order_operate.html HTTP/1.1" 200 12
124.78.156.53 - - [22/Mar/2023:12:24:03 +0800] "GET /xingrg/all/function/internal_message.html?_=1679459047883&CODE_STATE=getMsg HTTP/1.1" 200 27
116.225.84.253 - - [22/Mar/2023:12:24:04 +0800] "GET /xingrg/check_reg.html?_=1679459138791 HTTP/1.1" 200 22
116.225.84.253 - - [22/Mar/2023:12:24:04 +0800] "GET /xingrg/all/function/internal_message.html?_=1679459138789&CODE_STATE=count HTTP/1.1" 200 11
116.225.84.253 - - [22/Mar/2023:12:24:04 +0800] "POST /xingrg/load_menu.html HTTP/1.1" 200 9959
120.253.135.82 - - [22/Mar/2023:12:24:06 +0800] "POST /xingrg/kc/pszx/mdps_order_operate.html HTTP/1.1" 200 12
116.192.124.172 - - [22/Mar/2023:12:24:07 +0800] "GET /xingrg/kc/buy/cgsh_order_info.html?code=212023032208301 HTTP/1.1" 200 64904
116.225.84.253 - - [22/Mar/2023:12:24:07 +0800] "GET /xingrg/kc/report/report_main.html HTTP/1.1" 200 7340
116.192.124.172 - - [22/Mar/2023:12:24:07 +0800] "GET /xingrg/javascript/easyui/themes/default/validatebox.css HTTP/1.1" 404 1104
116.192.124.172 - - [22/Mar/2023:12:24:08 +0800] "POST /xingrg/kc/buy/cgsh_order_operate.html HTTP/1.1" 200 21922
116.225.84.253 - - [22/Mar/2023:12:24:08 +0800] "GET /xingrg/all/report/report_query.html?fileName=kc/buy/gys_amount_category.xml&rh=99999 HTTP/1.1" 200 51878
116.225.84.253 - - [22/Mar/2023:12:24:09 +0800] "GET /xingrg/dwr/interface/AjaxReportQueryService.js HTTP/1.1" 200 13203
116.225.84.253 - - [22/Mar/2023:12:24:09 +0800] "GET /xingrg/dwr/engine.js HTTP/1.1" 200 43631
116.225.84.253 - - [22/Mar/2023:12:24:09 +0800] "GET /xingrg/dwr/util.js HTTP/1.1" 200 35990
222.67.232.202 - - [22/Mar/2023:12:24:09 +0800] "GET /xingrg/all/function/internal_message.html?_=1679458596549&CODE_STATE=getMsg HTTP/1.1" 200 27
114.83.222.182 - - [22/Mar/2023:12:24:09 +0800] "GET /xingrg/all/function/internal_message.html?_=1679459120270&CODE_STATE=getMsg HTTP/1.1" 200 27
116.225.84.253 - - [22/Mar/2023:12:24:10 +0800] "POST /xingrg/dwr/call/plaincall/AjaxReportQueryService.getFixDate.dwr HTTP/1.1" 200 111
116.225.84.253 - - [22/Mar/2023:12:24:10 +0800] "POST /xingrg/dwr/call/plaincall/AjaxReportQueryService.getInitString.dwr HTTP/1.1" 200 1062
116.225.84.253 - - [22/Mar/2023:12:24:10 +0800] "POST /xingrg/all/common/load_tree.html?tree=supplier_tree_json&manage=1 HTTP/1.1" 200 73018
116.225.84.253 - - [22/Mar/2023:12:24:10 +0800] "POST /xingrg/all/common/load_tree.html?tree=materiel_sort_tree_json HTTP/1.1" 200 9500
114.83.219.160 - - [22/Mar/2023:12:24:11 +0800] "GET /xingrg/all/function/internal_message.html?_=1679459049676&CODE_STATE=getMsg HTTP/1.1" 200 27
180.162.110.76 - - [22/Mar/2023:12:24:16 +0800] "GET /xingrg/all/function/internal_message.html?_=1679457957740&CODE_STATE=getMsg HTTP/1.1" 200 27
116.232.35.78 - - [22/Mar/2023:12:24:20 +0800] "GET /xingrg/all/function/internal_message.html?_=1679459061155&CODE_STATE=getMsg HTTP/1.1" 200 27
124.78.156.53 - - [22/Mar/2023:12:24:20 +0800] "GET /xingrg/all/function/internal_message.html?_=1679459059193&CODE_STATE=getMsg HTTP/1.1" 200 27
180.163.29.212 - - [22/Mar/2023:12:24:20 +0800] "GET /xingrg/all/function/internal_message.html?_=1679458999189&CODE_STATE=getMsg HTTP/1.1" 302 -
180.163.29.212 - - [22/Mar/2023:12:24:20 +0800] "GET /xingrg/login.html HTTP/1.1" 200 7641
120.253.135.82 - - [22/Mar/2023:12:24:21 +0800] "GET /xingrg/kc/pszx/mdps_order_info.html?code=312023032100467 HTTP/1.1" 200 19632
120.253.135.82 - - [22/Mar/2023:12:24:22 +0800] "GET /xingrg/javascript/easyui/themes/default/validatebox.css HTTP/1.1" 404 1104
120.253.135.82 - - [22/Mar/2023:12:24:22 +0800] "GET /xingrg/check_reg.html?_=1679458891914 HTTP/1.1" 200 22
120.253.135.82 - - [22/Mar/2023:12:24:22 +0800] "GET /xingrg/all/function/internal_message.html?_=1679458891916&CODE_STATE=getMsg HTTP/1.1" 200 27
120.253.135.82 - - [22/Mar/2023:12:24:22 +0800] "POST /xingrg/kc/pszx/mdps_order_operate.html HTTP/1.1" 200 10726
116.238.139.35 - - [22/Mar/2023:12:24:25 +0800] "GET /xingrg/all/function/internal_message.html?_=1679458989823&CODE_STATE=getMsg HTTP/1.1" 200 27
120.253.135.82 - - [22/Mar/2023:12:24:31 +0800] "POST /xingrg/kc/pszx/mdps_list_operate.html HTTP/1.1" 200 618
120.253.135.82 - - [22/Mar/2023:12:24:32 +0800] "GET /xingrg/kc/pszx/mdps_order_info.html?code=312023032100466 HTTP/1.1" 200 23972
120.253.135.82 - - [22/Mar/2023:12:24:32 +0800] "GET /xingrg/javascript/easyui/themes/default/validatebox.css HTTP/1.1" 404 1104
120.253.135.82 - - [22/Mar/2023:12:24:33 +0800] "POST /xingrg/kc/pszx/mdps_order_operate.html HTTP/1.1" 200 8295
116.225.84.253 - - [22/Mar/2023:12:24:35 +0800] "POST /xingrg/dwr/call/plaincall/AjaxReportQueryService.refreshCache.dwr HTTP/1.1" 200 78
124.79.72.155 - - [22/Mar/2023:12:24:37 +0800] "GET /xingrg/all/function/internal_message.html?_=1679459084180&CODE_STATE=getMsg HTTP/1.1" 200 27
116.235.240.214 - - [22/Mar/2023:12:24:37 +0800] "GET /xingrg/all/function/internal_message.html?_=1679459087584&CODE_STATE=getMsg HTTP/1.1" 200 27
116.225.84.253 - - [22/Mar/2023:12:24:37 +0800] "POST /xingrg/all/report/load_report_page.html HTTP/1.1" 200 7307
116.225.84.253 - - [22/Mar/2023:12:24:38 +0800] "GET /xingrg/servlets/image?cache=0.36645404711434826&image=px HTTP/1.1" 200 807
120.253.135.82 - - [22/Mar/2023:12:24:38 +0800] "POST /xingrg/kc/pszx/mdps_order_operate.html HTTP/1.1" 200 37
116.225.84.253 - - [22/Mar/2023:12:24:38 +0800] "GET /xingrg/all/function/internal_message.html?_=1679458922691&CODE_STATE=getMsg HTTP/1.1" 200 27
180.164.3.199 - - [22/Mar/2023:12:24:41 +0800] "GET /xingrg/all/function/internal_message.html?_=1679459080722&CODE_STATE=getMsg HTTP/1.1" 200 27
116.225.84.253 - - [22/Mar/2023:12:24:42 +0800] "GET /xingrg/all/report/report_query.html?isQuery=1&fileName=kc/buy/wlcg_cate_hz.xml&queryString=(CONVERT(char(10)%2Ca.order_time%2C%20120)%3E%3D'2023-02-01')%20and%20(CONVERT(char(10)%2Ca.order_time%2C%20120)%3C%3D'2023-02-28')%20and%20(a.supplier_code%20in%20('00100017'))%20and%20(a.supplier_code%3D'00100017')%20and%20(a.big_sort%3D'00101')&queryText=%E3%80%90%E9%87%87%E8%B4%AD%E6%97%A5%E6%9C%9F%3A2023-02-01%20%E8%87%B3%202023-02-28%E3%80%91%20%E5%B9%B6%E4%B8%94%20%20%E3%80%90%E4%BE%9B%E5%BA%94%E5%95%86%20%3D%20%E9%85%92%E6%B0%B4%EF%BC%88%E9%BE%99%E5%B7%9D%EF%BC%89%E3%80%91%20%E5%B9%B6%E4%B8%94%20%E3%80%90%E4%BE%9B%E5%BA%94%E5%95%86%3D%E9%85%92%E6%B0%B4%EF%BC%88%E9%BE%99%E5%B7%9D%EF%BC%89%E3%80%91%E5%B9%B6%E4%B8%94%E3%80%90%E7%B1%BB%E5%88%AB%E5%90%8D%E7%A7%B0%20%3D%20%E6%88%90%E6%9C%AC%E7%B1%BB%E3%80%91&rand=0.36668820599908946 HTTP/1.1" 200 54532
116.225.84.253 - - [22/Mar/2023:12:24:42 +0800] "GET /xingrg/all/report/report_query.html?isQuery=1&fileName=kc/buy/wlcg_cate_hz.xml&queryString=(CONVERT(char(10)%2Ca.order_time%2C%20120)%3E%3D'2023-02-01')%20and%20(CONVERT(char(10)%2Ca.order_time%2C%20120)%3C%3D'2023-02-28')%20and%20(a.supplier_code%20in%20('00100017'))%20and%20(a.supplier_code%3D'00100017')%20and%20(a.big_sort%3D'00101')&queryText=%E3%80%90%E9%87%87%E8%B4%AD%E6%97%A5%E6%9C%9F%3A2023-02-01%20%E8%87%B3%202023-02-28%E3%80%91%20%E5%B9%B6%E4%B8%94%20%20%E3%80%90%E4%BE%9B%E5%BA%94%E5%95%86%20%3D%20%E9%85%92%E6%B0%B4%EF%BC%88%E9%BE%99%E5%B7%9D%EF%BC%89%E3%80%91%20%E5%B9%B6%E4%B8%94%20%E3%80%90%E4%BE%9B%E5%BA%94%E5%95%86%3D%E9%85%92%E6%B0%B4%EF%BC%88%E9%BE%99%E5%B7%9D%EF%BC%89%E3%80%91%E5%B9%B6%E4%B8%94%E3%80%90%E7%B1%BB%E5%88%AB%E5%90%8D%E7%A7%B0%20%3D%20%E6%88%90%E6%9C%AC%E7%B1%BB%E3%80%91&rand=0.36668820599908946 HTTP/1.1" 200 54532
116.225.84.253 - - [22/Mar/2023:12:24:42 +0800] "GET /xingrg/dwr/interface/AjaxReportQueryService.js HTTP/1.1" 200 13203
116.225.84.253 - - [22/Mar/2023:12:24:42 +0800] "GET /xingrg/dwr/engine.js HTTP/1.1" 200 43631
120.253.135.82 - - [22/Mar/2023:12:24:43 +0800] "POST /xingrg/kc/pszx/mdps_order_operate.html HTTP/1.1" 200 12
58.221.95.50 - - [22/Mar/2023:12:24:43 +0800] "GET /xingrg/all/function/internal_message.html?_=1679459084452&CODE_STATE=getMsg HTTP/1.1" 200 27
116.225.84.253 - - [22/Mar/2023:12:24:45 +0800] "POST /xingrg/all/report/load_report_page.html HTTP/1.1" 200 8724
116.225.84.253 - - [22/Mar/2023:12:24:45 +0800] "GET /xingrg/servlets/image?cache=0.38821068006651327&image=px HTTP/1.1" 200 807
120.253.135.82 - - [22/Mar/2023:12:24:45 +0800] "GET /xingrg/kc/pszx/mdps_order_info.html?code=312023032100466 HTTP/1.1" 200 19632
120.253.135.82 - - [22/Mar/2023:12:24:45 +0800] "GET /xingrg/javascript/easyui/themes/default/validatebox.css HTTP/1.1" 404 1104
120.253.135.82 - - [22/Mar/2023:12:24:46 +0800] "POST /xingrg/kc/pszx/mdps_order_operate.html HTTP/1.1" 200 6434
116.225.84.253 - - [22/Mar/2023:12:24:48 +0800] "POST /xingrg/all/report/load_report_page.html HTTP/1.1" 200 101790
116.225.84.253 - - [22/Mar/2023:12:24:48 +0800] "GET /xingrg/servlets/image?cache=0.6332037015820485&image=px HTTP/1.1" 200 807
222.70.221.209 - - [22/Mar/2023:12:24:49 +0800] "GET /xingrg/all/function/internal_message.html?_=1679459196497&CODE_STATE=getMsg HTTP/1.1" 200 27
124.79.240.233 - - [22/Mar/2023:12:24:50 +0800] "GET /xingrg/all/function/internal_message.html?_=1679459348383&CODE_STATE=getMsg HTTP/1.1" 200 27
120.253.135.82 - - [22/Mar/2023:12:24:50 +0800] "POST /xingrg/kc/pszx/mdps_list_operate.html HTTP/1.1" 200 2410
116.225.84.253 - - [22/Mar/2023:12:24:52 +0800] "POST /xingrg/all/report/load_report_page.html HTTP/1.1" 200 101790
116.225.84.253 - - [22/Mar/2023:12:24:52 +0800] "GET /xingrg/servlets/image?cache=0.5364937340922807&image=px HTTP/1.1" 200 807
124.79.240.233 - - [22/Mar/2023:12:24:52 +0800] "GET /xingrg/check_reg.html?_=1679459350849 HTTP/1.1" 200 22
120.253.135.82 - - [22/Mar/2023:12:24:53 +0800] "POST /xingrg/kc/pszx/mdps_list_operate.html HTTP/1.1" 200 609
180.157.253.110 - - [22/Mar/2023:12:24:53 +0800] "GET /xingrg/all/function/internal_message.html?_=1679459092705&CODE_STATE=getMsg HTTP/1.1" 302 -
101.229.22.234 - - [22/Mar/2023:12:24:54 +0800] "GET /xingrg/all/function/internal_message.html?_=1679459092763&CODE_STATE=getMsg HTTP/1.1" 200 27
120.253.135.82 - - [22/Mar/2023:12:24:54 +0800] "GET /xingrg/kc/pszx/mdps_order_info.html?code=312023032100465 HTTP/1.1" 200 23972
222.70.182.154 - - [22/Mar/2023:12:24:55 +0800] "GET /xingrg/all/function/internal_message.html?_=1679459092735&CODE_STATE=getMsg HTTP/1.1" 200 27
120.253.135.82 - - [22/Mar/2023:12:24:55 +0800] "GET /xingrg/javascript/easyui/themes/default/validatebox.css HTTP/1.1" 404 1104
116.225.84.253 - - [22/Mar/2023:12:24:55 +0800] "POST /xingrg/all/report/load_report_page.html HTTP/1.1" 200 101790
116.225.84.253 - - [22/Mar/2023:12:24:55 +0800] "GET /xingrg/servlets/image?cache=0.9372369277999762&image=px HTTP/1.1" 200 807
120.253.135.82 - - [22/Mar/2023:12:24:55 +0800] "POST /xingrg/kc/pszx/mdps_order_operate.html HTTP/1.1" 200 8341
116.235.240.214 - - [22/Mar/2023:12:24:57 +0800] "GET /xingrg/all/function/internal_message.html?_=1679458970944&CODE_STATE=getMsg HTTP/1.1" 200 27
180.157.253.110 - - [22/Mar/2023:12:24:57 +0800] "GET /xingrg/check_reg.html?_=1679459096193 HTTP/1.1" 302 -
116.224.106.218 - - [22/Mar/2023:12:24:57 +0800] "GET /xingrg/all/function/internal_message.html?_=1679459094049&CODE_STATE=getMsg HTTP/1.1" 200 27
58.40.7.146 - - [22/Mar/2023:12:24:58 +0800] "GET /xingrg/all/function/internal_message.html?_=1679459098124&CODE_STATE=getMsg HTTP/1.1" 302 -
116.225.84.253 - - [22/Mar/2023:12:24:59 +0800] "POST /xingrg/all/report/report_print.html HTTP/1.1" 200 12821
116.192.124.172 - - [22/Mar/2023:12:25:00 +0800] "GET /xingrg/all/function/internal_message.html?_=1679459100895&CODE_STATE=getMsg HTTP/1.1" 200 27
120.253.135.82 - - [22/Mar/2023:12:25:00 +0800] "POST /xingrg/kc/pszx/mdps_order_operate.html HTTP/1.1" 200 37
116.192.124.172 - - [22/Mar/2023:12:25:01 +0800] "GET /xingrg/all/function/internal_message.html?_=1679459115165&CODE_STATE=getMsg HTTP/1.1" 200 27
124.78.156.53 - - [22/Mar/2023:12:25:03 +0800] "GET /xingrg/all/function/internal_message.html?_=1679459107887&CODE_STATE=getMsg HTTP/1.1" 200 27
120.253.135.82 - - [22/Mar/2023:12:25:05 +0800] "POST /xingrg/kc/pszx/mdps_order_operate.html HTTP/1.1" 200 12
116.225.84.253 - - [22/Mar/2023:12:25:05 +0800] "GET /xingrg/all/function/internal_message.html?_=1679459199811&CODE_STATE=getMsg HTTP/1.1" 200 27
116.238.139.35 - - [22/Mar/2023:12:25:07 +0800] "GET /xingrg/check_reg.html?_=1679459031157 HTTP/1.1" 200 22
222.67.232.202 - - [22/Mar/2023:12:25:09 +0800] "GET /xingrg/all/function/internal_message.html?_=1679458656551&CODE_STATE=getMsg HTTP/1.1" 200 27
114.83.222.182 - - [22/Mar/2023:12:25:09 +0800] "GET /xingrg/all/function/internal_message.html?_=1679459180262&CODE_STATE=getMsg HTTP/1.1" 200 27
114.83.219.160 - - [22/Mar/2023:12:25:11 +0800] "GET /xingrg/all/function/internal_message.html?_=1679459109680&CODE_STATE=getMsg HTTP/1.1" 200 27
58.40.7.146 - - [22/Mar/2023:12:25:11 +0800] "GET /xingrg/check_reg.html?_=1679459111553 HTTP/1.1" 302 -
120.253.135.82 - - [22/Mar/2023:12:25:11 +0800] "GET /xingrg/kc/pszx/mdps_order_info.html?code=312023032100465 HTTP/1.1" 200 19632
120.253.135.82 - - [22/Mar/2023:12:25:12 +0800] "GET /xingrg/javascript/easyui/themes/default/validatebox.css HTTP/1.1" 404 1104
120.253.135.82 - - [22/Mar/2023:12:25:12 +0800] "POST /xingrg/kc/pszx/mdps_order_operate.html HTTP/1.1" 200 6498
120.253.135.82 - - [22/Mar/2023:12:25:13 +0800] "POST /xingrg/kc/pszx/mdps_list_operate.html HTTP/1.1" 200 2047
120.253.135.82 - - [22/Mar/2023:12:25:16 +0800] "POST /xingrg/kc/pszx/mdps_list_operate.html HTTP/1.1" 200 212
180.162.110.76 - - [22/Mar/2023:12:25:16 +0800] "GET /xingrg/all/function/internal_message.html?_=1679458017742&CODE_STATE=getMsg HTTP/1.1" 200 27
120.253.135.82 - - [22/Mar/2023:12:25:17 +0800] "GET /xingrg/kc/pszx/mdps_order_info.html?code=312023031700407 HTTP/1.1" 200 23972
120.253.135.82 - - [22/Mar/2023:12:25:17 +0800] "GET /xingrg/javascript/easyui/themes/default/validatebox.css HTTP/1.1" 404 1104
120.253.135.82 - - [22/Mar/2023:12:25:18 +0800] "POST /xingrg/kc/pszx/mdps_order_operate.html HTTP/1.1" 200 2290
180.163.29.212 - - [22/Mar/2023:12:25:20 +0800] "GET /xingrg/all/function/internal_message.html?_=1679459059193&CODE_STATE=getMsg HTTP/1.1" 302 -
180.163.29.212 - - [22/Mar/2023:12:25:20 +0800] "GET /xingrg/login.html HTTP/1.1" 200 7641
116.232.35.78 - - [22/Mar/2023:12:25:20 +0800] "GET /xingrg/all/function/internal_message.html?_=1679459121137&CODE_STATE=getMsg HTTP/1.1" 200 27
124.78.156.53 - - [22/Mar/2023:12:25:20 +0800] "GET /xingrg/all/function/internal_message.html?_=1679459119184&CODE_STATE=getMsg HTTP/1.1" 200 27
124.78.156.53 - - [22/Mar/2023:12:25:20 +0800] "GET /xingrg/check_reg.html?_=1679459119330 HTTP/1.1" 200 22
120.253.135.82 - - [22/Mar/2023:12:25:21 +0800] "POST /xingrg/kc/pszx/mdps_order_operate.html HTTP/1.1" 200 37
120.253.135.82 - - [22/Mar/2023:12:25:22 +0800] "GET /xingrg/all/function/internal_message.html?_=1679458951928&CODE_STATE=getMsg HTTP/1.1" 200 27
120.253.135.82 - - [22/Mar/2023:12:25:25 +0800] "POST /xingrg/kc/pszx/mdps_order_operate.html HTTP/1.1" 200 12
116.238.139.35 - - [22/Mar/2023:12:25:25 +0800] "GET /xingrg/all/function/internal_message.html?_=1679459049831&CODE_STATE=getMsg HTTP/1.1" 200 27
120.253.135.82 - - [22/Mar/2023:12:25:28 +0800] "GET /xingrg/kc/pszx/mdps_order_info.html?code=312023031700407 HTTP/1.1" 200 19632
120.253.135.82 - - [22/Mar/2023:12:25:29 +0800] "GET /xingrg/javascript/easyui/themes/default/validatebox.css HTTP/1.1" 404 1104
120.253.135.82 - - [22/Mar/2023:12:25:29 +0800] "POST /xingrg/kc/pszx/mdps_order_operate.html HTTP/1.1" 200 512
120.253.135.82 - - [22/Mar/2023:12:25:30 +0800] "POST /xingrg/kc/pszx/mdps_list_operate.html HTTP/1.1" 200 1683
120.253.135.82 - - [22/Mar/2023:12:25:31 +0800] "POST /xingrg/kc/pszx/mdps_list_operate.html HTTP/1.1" 200 213
124.79.72.155 - - [22/Mar/2023:12:25:37 +0800] "GET /xingrg/all/function/internal_message.html?_=1679459144182&CODE_STATE=getMsg HTTP/1.1" 200 27
116.235.240.214 - - [22/Mar/2023:12:25:38 +0800] "GET /xingrg/all/function/internal_message.html?_=1679459148021&CODE_STATE=getMsg HTTP/1.1" 200 27
116.225.84.253 - - [22/Mar/2023:12:25:38 +0800] "GET /xingrg/all/function/internal_message.html?_=1679458982667&CODE_STATE=getMsg HTTP/1.1" 200 27
180.164.3.199 - - [22/Mar/2023:12:25:41 +0800] "GET /xingrg/all/function/internal_message.html?_=1679459140723&CODE_STATE=getMsg HTTP/1.1" 200 27
58.221.95.50 - - [22/Mar/2023:12:25:43 +0800] "GET /xingrg/all/function/internal_message.html?_=1679459144434&CODE_STATE=getMsg HTTP/1.1" 200 27
58.221.95.50 - - [22/Mar/2023:12:25:44 +0800] "GET /xingrg/check_reg.html?_=1679459145497 HTTP/1.1" 200 22
222.70.221.209 - - [22/Mar/2023:12:25:48 +0800] "GET /xingrg/check_reg.html?_=1679459256484 HTTP/1.1" 200 22
222.70.221.209 - - [22/Mar/2023:12:25:48 +0800] "GET /xingrg/all/function/internal_message.html?_=1679459256486&CODE_STATE=getMsg HTTP/1.1" 200 27
124.79.240.233 - - [22/Mar/2023:12:25:50 +0800] "GET /xingrg/all/function/internal_message.html?_=1679459408363&CODE_STATE=getMsg HTTP/1.1" 200 27
180.157.253.110 - - [22/Mar/2023:12:25:52 +0800] "GET /xingrg/index.html?sysBaseUrl=http%3A%2F%2F180.169.147.146%3A18081%2Fxingrg%2F&costTime=44×tamp=1622098168715 HTTP/1.1" 302 -
180.157.253.110 - - [22/Mar/2023:12:25:52 +0800] "GET /xingrg/login.html HTTP/1.1" 200 7641
180.157.253.110 - - [22/Mar/2023:12:25:52 +0800] "GET /xingrg/login.html HTTP/1.1" 200 7641
180.157.253.110 - - [22/Mar/2023:12:25:53 +0800] "GET /favicon.ico HTTP/1.1" 404 -
180.157.253.110 - - [22/Mar/2023:12:25:53 +0800] "GET /favicon.ico HTTP/1.1" 404 -
180.157.253.110 - - [22/Mar/2023:12:25:53 +0800] "GET /xingrg/all/function/internal_message.html?_=1679459152694&CODE_STATE=getMsg HTTP/1.1" 302 -
101.229.22.234 - - [22/Mar/2023:12:25:54 +0800] "GET /xingrg/all/function/internal_message.html?_=1679459152763&CODE_STATE=getMsg HTTP/1.1" 200 27
120.253.135.82 - - [22/Mar/2023:12:25:55 +0800] "GET /xingrg/login.html HTTP/1.1" 200 7641
222.70.182.154 - - [22/Mar/2023:12:25:55 +0800] "GET /xingrg/all/function/internal_message.html?_=1679459152727&CODE_STATE=getMsg HTTP/1.1" 200 27
120.253.135.82 - - [22/Mar/2023:12:25:55 +0800] "GET /favicon.ico HTTP/1.1" 404 -
116.235.240.214 - - [22/Mar/2023:12:25:57 +0800] "GET /xingrg/all/function/internal_message.html?_=1679459030947&CODE_STATE=getMsg HTTP/1.1" 200 27
116.224.106.218 - - [22/Mar/2023:12:25:57 +0800] "GET /xingrg/all/function/internal_message.html?_=1679459154029&CODE_STATE=getMsg HTTP/1.1" 200 27
120.253.135.82 - - [22/Mar/2023:12:25:58 +0800] "POST /xingrg/kc/pszx/mdps_list_operate.html HTTP/1.1" 200 3178
58.40.7.146 - - [22/Mar/2023:12:25:58 +0800] "GET /xingrg/all/function/internal_message.html?_=1679459158104&CODE_STATE=getMsg HTTP/1.1" 302 -
116.235.240.214 - - [22/Mar/2023:12:25:58 +0800] "GET /xingrg/check_reg.html?_=1679459168646 HTTP/1.1" 200 22
120.253.135.82 - - [22/Mar/2023:12:25:59 +0800] "POST /xingrg/login.do HTTP/1.1" 302 -
180.157.253.110 - - [22/Mar/2023:12:25:59 +0800] "POST /xingrg/login.do HTTP/1.1" 302 -
120.253.135.82 - - [22/Mar/2023:12:25:59 +0800] "GET /xingrg/index.html?sysBaseUrl=http%3A%2F%2F180.169.147.146%3A18081%2Fxingrg%2F&costTime=1608×tamp=1679459159370 HTTP/1.1" 200 17173
180.157.253.110 - - [22/Mar/2023:12:25:59 +0800] "GET /xingrg/index.html?sysBaseUrl=http%3A%2F%2F180.169.147.146%3A18081%2Fxingrg%2F&costTime=1450×tamp=1679459159537 HTTP/1.1" 200 17179
180.157.253.110 - - [22/Mar/2023:12:25:59 +0800] "GET /favicon.ico HTTP/1.1" 404 -
120.253.135.82 - - [22/Mar/2023:12:25:59 +0800] "GET /xingrg/check_reg.html?_=1679459290973 HTTP/1.1" 200 22
120.253.135.82 - - [22/Mar/2023:12:25:59 +0800] "GET /xingrg/all/function/internal_message.html?_=1679459290972&CODE_STATE=count HTTP/1.1" 200 11
180.157.253.110 - - [22/Mar/2023:12:25:59 +0800] "GET /xingrg/check_reg.html?_=1679459166613 HTTP/1.1" 200 22
120.253.135.82 - - [22/Mar/2023:12:25:59 +0800] "POST /xingrg/all/common/load_tree.html?tree=area_rest_tree_json&manage=1 HTTP/1.1" 200 344
120.253.135.82 - - [22/Mar/2023:12:26:00 +0800] "POST /xingrg/load_menu.html HTTP/1.1" 200 6743
180.157.253.110 - - [22/Mar/2023:12:26:00 +0800] "GET /xingrg/all/function/internal_message.html?_=1679459166612&CODE_STATE=count HTTP/1.1" 200 11
180.157.253.110 - - [22/Mar/2023:12:26:00 +0800] "POST /xingrg/all/common/load_tree.html?tree=area_rest_tree_json&manage=1 HTTP/1.1" 200 351
180.157.253.110 - - [22/Mar/2023:12:26:00 +0800] "POST /xingrg/load_menu.html HTTP/1.1" 200 5138
116.192.124.172 - - [22/Mar/2023:12:26:00 +0800] "GET /xingrg/all/function/internal_message.html?_=1679459160867&CODE_STATE=getMsg HTTP/1.1" 200 27
116.192.124.172 - - [22/Mar/2023:12:26:01 +0800] "GET /xingrg/check_reg.html?_=1679459175161 HTTP/1.1" 200 22
116.192.124.172 - - [22/Mar/2023:12:26:01 +0800] "GET /xingrg/all/function/internal_message.html?_=1679459175165&CODE_STATE=getMsg HTTP/1.1" 200 27
124.78.156.53 - - [22/Mar/2023:12:26:03 +0800] "GET /xingrg/all/function/internal_message.html?_=1679459167874&CODE_STATE=getMsg HTTP/1.1" 200 27
180.157.253.110 - - [22/Mar/2023:12:26:04 +0800] "GET /xingrg/kc/buy/cgsh_order_list.html HTTP/1.1" 200 54185
116.225.84.253 - - [22/Mar/2023:12:26:04 +0800] "GET /xingrg/all/function/internal_message.html?_=1679459258798&CODE_STATE=getMsg HTTP/1.1" 200 27
120.253.135.82 - - [22/Mar/2023:12:26:05 +0800] "POST /xingrg/kc/pszx/mdps_list_operate.html HTTP/1.1" 200 611
120.253.135.82 - - [22/Mar/2023:12:26:06 +0800] "GET /xingrg/kc/pszx/mdps_order_info.html?code=312023032100460 HTTP/1.1" 200 23978
120.253.135.82 - - [22/Mar/2023:12:26:07 +0800] "GET /xingrg/javascript/easyui/themes/default/validatebox.css HTTP/1.1" 404 1104
180.157.253.110 - - [22/Mar/2023:12:26:07 +0800] "POST /xingrg/kc/buy/cgsh_list_operate.html HTTP/1.1" 200 986
120.253.135.82 - - [22/Mar/2023:12:26:07 +0800] "POST /xingrg/kc/pszx/mdps_order_operate.html HTTP/1.1" 200 8439
116.238.139.35 - - [22/Mar/2023:12:26:08 +0800] "POST /xingrg/services/DataTransmitService HTTP/1.1" 200 524
180.157.253.110 - - [22/Mar/2023:12:26:08 +0800] "GET /xingrg/kc/base/wldb_order_list.html HTTP/1.1" 200 19104
222.67.232.202 - - [22/Mar/2023:12:26:09 +0800] "GET /xingrg/all/function/internal_message.html?_=1679458716531&CODE_STATE=getMsg HTTP/1.1" 200 27
116.238.139.35 - - [22/Mar/2023:12:26:09 +0800] "POST /xingrg/services/DataTransmitService HTTP/1.1" 200 412
180.157.253.110 - - [22/Mar/2023:12:26:09 +0800] "POST /xingrg/kc/base/wldb_list_operate.html HTTP/1.1" 200 928
114.83.222.182 - - [22/Mar/2023:12:26:09 +0800] "GET /xingrg/all/function/internal_message.html?_=1679459240271&CODE_STATE=getMsg HTTP/1.1" 200 27
114.83.219.160 - - [22/Mar/2023:12:26:11 +0800] "GET /xingrg/all/function/internal_message.html?_=1679459169657&CODE_STATE=getMsg HTTP/1.1" 200 27
180.157.253.110 - - [22/Mar/2023:12:26:11 +0800] "POST /xingrg/login.do HTTP/1.1" 302 -
180.157.253.110 - - [22/Mar/2023:12:26:11 +0800] "GET /xingrg/index.html?sysBaseUrl=http%3A%2F%2F180.169.147.146%3A18081%2Fxingrg%2F&costTime=811×tamp=1679459171673 HTTP/1.1" 200 17179
114.83.219.160 - - [22/Mar/2023:12:26:11 +0800] "GET /xingrg/check_reg.html?_=1679459170387 HTTP/1.1" 200 22
180.157.253.110 - - [22/Mar/2023:12:26:11 +0800] "GET /favicon.ico HTTP/1.1" 404 -
180.157.253.110 - - [22/Mar/2023:12:26:12 +0800] "POST /xingrg/all/common/load_tree.html?tree=area_rest_tree_json&manage=1 HTTP/1.1" 200 476
180.157.253.110 - - [22/Mar/2023:12:26:12 +0800] "GET /xingrg/check_reg.html?_=1679459173523 HTTP/1.1" 200 22
180.157.253.110 - - [22/Mar/2023:12:26:12 +0800] "GET /xingrg/all/function/internal_message.html?_=1679459173521&CODE_STATE=count HTTP/1.1" 200 11
180.157.253.110 - - [22/Mar/2023:12:26:12 +0800] "POST /xingrg/load_menu.html HTTP/1.1" 200 5138
120.253.135.82 - - [22/Mar/2023:12:26:13 +0800] "POST /xingrg/kc/pszx/mdps_order_operate.html HTTP/1.1" 200 37
180.157.253.110 - - [22/Mar/2023:12:26:15 +0800] "GET /xingrg/kc/base/kc_stocks.html HTTP/1.1" 200 16512
180.157.253.110 - - [22/Mar/2023:12:26:15 +0800] "GET /xingrg/javascript/easyui/themes/default/tree.css HTTP/1.1" 404 1090
180.157.253.110 - - [22/Mar/2023:12:26:15 +0800] "GET /xingrg/all/common/auto_word.html?type=base&rest_code=00148 HTTP/1.1" 200 1799
180.157.253.110 - - [22/Mar/2023:12:26:15 +0800] "POST /xingrg/all/common/load_tree.html?tree=materiel_sort_tree_json HTTP/1.1" 200 9500
180.162.110.76 - - [22/Mar/2023:12:26:16 +0800] "GET /xingrg/all/function/internal_message.html?_=1679458077743&CODE_STATE=getMsg HTTP/1.1" 200 27
120.253.135.82 - - [22/Mar/2023:12:26:17 +0800] "POST /xingrg/kc/pszx/mdps_order_operate.html HTTP/1.1" 200 12
116.238.139.35 - - [22/Mar/2023:12:26:19 +0800] "GET /xingrg/check_reg.html?_=1679459180606 HTTP/1.1" 302 -
180.157.253.110 - - [22/Mar/2023:12:26:19 +0800] "GET /xingrg/kc/buy/buy_main.html HTTP/1.1" 200 12412
180.157.253.110 - - [22/Mar/2023:12:26:19 +0800] "GET /xingrg/css/new_ie.css HTTP/1.1" 404 1036
180.163.28.68 - - [22/Mar/2023:12:26:20 +0800] "GET /xingrg/check_reg.html?_=1679459119330 HTTP/1.1" 302 -
180.163.30.85 - - [22/Mar/2023:12:26:20 +0800] "GET /xingrg/all/function/internal_message.html?_=1679459119184&CODE_STATE=getMsg HTTP/1.1" 302 -
180.163.28.68 - - [22/Mar/2023:12:26:20 +0800] "GET /xingrg/login.html HTTP/1.1" 200 7641
180.163.30.85 - - [22/Mar/2023:12:26:20 +0800] "GET /xingrg/login.html HTTP/1.1" 200 7641
116.232.35.78 - - [22/Mar/2023:12:26:20 +0800] "GET /xingrg/all/function/internal_message.html?_=1679459181117&CODE_STATE=getMsg HTTP/1.1" 200 27
124.78.156.53 - - [22/Mar/2023:12:26:20 +0800] "GET /xingrg/all/function/internal_message.html?_=1679459179189&CODE_STATE=getMsg HTTP/1.1" 200 27
120.253.135.82 - - [22/Mar/2023:12:26:20 +0800] "GET /xingrg/kc/pszx/mdps_order_info.html?code=312023032100460 HTTP/1.1" 200 19638
120.253.135.82 - - [22/Mar/2023:12:26:20 +0800] "GET /xingrg/javascript/easyui/themes/default/validatebox.css HTTP/1.1" 404 1104
180.157.253.110 - - [22/Mar/2023:12:26:21 +0800] "GET /xingrg/images/yd/bt.gif HTTP/1.1" 404 1040
120.253.135.82 - - [22/Mar/2023:12:26:21 +0800] "POST /xingrg/kc/pszx/mdps_order_operate.html HTTP/1.1" 200 6590
180.157.253.110 - - [22/Mar/2023:12:26:22 +0800] "GET /xingrg/kc/base/crk_hz.html HTTP/1.1" 200 11247
120.253.135.82 - - [22/Mar/2023:12:26:22 +0800] "GET /xingrg/all/function/internal_message.html?_=1679459011942&CODE_STATE=getMsg HTTP/1.1" 200 27
120.253.135.82 - - [22/Mar/2023:12:26:22 +0800] "POST /xingrg/kc/pszx/mdps_list_operate.html HTTP/1.1" 200 2806
180.157.253.110 - - [22/Mar/2023:12:26:22 +0800] "POST /xingrg/kc/cost/cost_operate.html?command=get_base_tree HTTP/1.1" 200 2583
180.157.253.110 - - [22/Mar/2023:12:26:22 +0800] "POST /xingrg/all/common/load_tree.html?tree=materiel_sort_tree_json HTTP/1.1" 200 9500
120.253.135.82 - - [22/Mar/2023:12:26:24 +0800] "POST /xingrg/kc/pszx/mdps_list_operate.html HTTP/1.1" 200 281
180.157.253.110 - - [22/Mar/2023:12:26:25 +0800] "GET /xingrg/kc/report/report_main.html HTTP/1.1" 200 7340
180.157.253.110 - - [22/Mar/2023:12:26:25 +0800] "GET /xingrg/kc/report/report_main.html HTTP/1.1" 200 7340
116.238.139.35 - - [22/Mar/2023:12:26:25 +0800] "GET /xingrg/all/function/internal_message.html?_=1679459109844&CODE_STATE=getMsg HTTP/1.1" 200 27
120.253.135.82 - - [22/Mar/2023:12:26:26 +0800] "GET /xingrg/kc/pszx/mdps_order_info.html?code=312023032100462 HTTP/1.1" 200 23978
180.157.253.110 - - [22/Mar/2023:12:26:26 +0800] "GET /xingrg/all/report/report_query.html?fileName=kc/buy/gys_amount.xml&rh=99999 HTTP/1.1" 200 52006
120.253.135.82 - - [22/Mar/2023:12:26:26 +0800] "GET /xingrg/javascript/easyui/themes/default/validatebox.css HTTP/1.1" 404 1104
180.157.253.110 - - [22/Mar/2023:12:26:26 +0800] "GET /xingrg/dwr/interface/AjaxReportQueryService.js HTTP/1.1" 200 13203
180.157.253.110 - - [22/Mar/2023:12:26:26 +0800] "GET /xingrg/dwr/engine.js HTTP/1.1" 200 43631
180.157.253.110 - - [22/Mar/2023:12:26:26 +0800] "GET /xingrg/dwr/util.js HTTP/1.1" 200 35990
180.157.253.110 - - [22/Mar/2023:12:26:26 +0800] "POST /xingrg/dwr/call/plaincall/AjaxReportQueryService.getFixDate.dwr HTTP/1.1" 200 111
120.253.135.82 - - [22/Mar/2023:12:26:26 +0800] "POST /xingrg/kc/pszx/mdps_order_operate.html HTTP/1.1" 200 2782
180.157.253.110 - - [22/Mar/2023:12:26:27 +0800] "GET /xingrg/all/report/report_query.html?fileName=kc/buy/gys_amount.xml&rh=99999 HTTP/1.1" 200 52006
180.157.253.110 - - [22/Mar/2023:12:26:27 +0800] "GET /xingrg/dwr/interface/AjaxReportQueryService.js HTTP/1.1" 200 13203
180.157.253.110 - - [22/Mar/2023:12:26:27 +0800] "GET /xingrg/dwr/engine.js HTTP/1.1" 200 43631
180.157.253.110 - - [22/Mar/2023:12:26:27 +0800] "GET /xingrg/dwr/util.js HTTP/1.1" 200 35990
180.157.253.110 - - [22/Mar/2023:12:26:27 +0800] "POST /xingrg/dwr/call/plaincall/AjaxReportQueryService.getFixDate.dwr HTTP/1.1" 200 111
180.157.253.110 - - [22/Mar/2023:12:26:27 +0800] "POST /xingrg/dwr/call/plaincall/AjaxReportQueryService.getInitString.dwr HTTP/1.1" 200 1023
180.157.253.110 - - [22/Mar/2023:12:26:27 +0800] "POST /xingrg/all/common/load_tree.html?tree=materiel_sort_tree_json HTTP/1.1" 200 9500
180.157.253.110 - - [22/Mar/2023:12:26:28 +0800] "POST /xingrg/all/common/load_tree.html?tree=supplier_tree_json&manage=1 HTTP/1.1" 200 73018
180.157.253.110 - - [22/Mar/2023:12:26:28 +0800] "POST /xingrg/dwr/call/plaincall/AjaxReportQueryService.getInitString.dwr HTTP/1.1" 200 1023
180.157.253.110 - - [22/Mar/2023:12:26:28 +0800] "POST /xingrg/all/common/load_tree.html?tree=materiel_sort_tree_json HTTP/1.1" 200 9500
180.157.253.110 - - [22/Mar/2023:12:26:28 +0800] "POST /xingrg/all/common/load_tree.html?tree=supplier_tree_json&manage=1 HTTP/1.1" 200 73018
120.253.135.82 - - [22/Mar/2023:12:26:31 +0800] "POST /xingrg/kc/pszx/mdps_order_operate.html HTTP/1.1" 200 37
120.253.135.82 - - [22/Mar/2023:12:26:34 +0800] "GET /xingrg/kc/buy/cgsh_order_list.html HTTP/1.1" 200 54179
120.253.135.82 - - [22/Mar/2023:12:26:37 +0800] "POST /xingrg/kc/buy/cgsh_list_operate.html HTTP/1.1" 200 986
120.253.135.82 - - [22/Mar/2023:12:26:37 +0800] "POST /xingrg/kc/pszx/mdps_order_operate.html HTTP/1.1" 200 12
124.79.72.155 - - [22/Mar/2023:12:26:37 +0800] "GET /xingrg/all/function/internal_message.html?_=1679459204184&CODE_STATE=getMsg HTTP/1.1" 200 27
124.79.72.155 - - [22/Mar/2023:12:26:37 +0800] "GET /xingrg/check_reg.html?_=1679459204186 HTTP/1.1" 200 22
116.235.240.214 - - [22/Mar/2023:12:26:38 +0800] "GET /xingrg/all/function/internal_message.html?_=1679459208033&CODE_STATE=getMsg HTTP/1.1" 200 27
116.225.84.253 - - [22/Mar/2023:12:26:38 +0800] "GET /xingrg/all/function/internal_message.html?_=1679459042640&CODE_STATE=getMsg HTTP/1.1" 200 27
116.225.84.253 - - [22/Mar/2023:12:26:39 +0800] "GET /xingrg/check_reg.html?_=1679459043017 HTTP/1.1" 200 22
120.253.135.82 - - [22/Mar/2023:12:26:39 +0800] "GET /xingrg/kc/buy/cgsh_order_add.html HTTP/1.1" 200 69018
120.253.135.82 - - [22/Mar/2023:12:26:39 +0800] "GET /xingrg/words/20230321173137_words.js HTTP/1.1" 200 956230
120.253.135.82 - - [22/Mar/2023:12:26:40 +0800] "POST /xingrg/kc/buy/cgsh_order_operate.html HTTP/1.1" 200 8245
120.253.135.82 - - [22/Mar/2023:12:26:40 +0800] "GET /xingrg/all/common/auto_word.html?type=employee&rest_code=00101 HTTP/1.1" 200 927
120.253.135.82 - - [22/Mar/2023:12:26:40 +0800] "GET /xingrg/javascript/easyui/themes/default/validatebox.css HTTP/1.1" 404 1104
120.253.135.82 - - [22/Mar/2023:12:26:40 +0800] "GET /xingrg/all/common/auto_word.html?type=employee&rest_code=00101 HTTP/1.1" 200 927
180.164.3.199 - - [22/Mar/2023:12:26:41 +0800] "GET /xingrg/all/function/internal_message.html?_=1679459200709&CODE_STATE=getMsg HTTP/1.1" 200 27
120.253.135.82 - - [22/Mar/2023:12:26:41 +0800] "POST /xingrg/all/common/load_combo.html?type=employee HTTP/1.1" 200 1664
180.157.253.110 - - [22/Mar/2023:12:26:42 +0800] "POST /xingrg/dwr/call/plaincall/AjaxReportQueryService.refreshCache.dwr HTTP/1.1" 200 78
120.253.135.82 - - [22/Mar/2023:12:26:42 +0800] "GET /xingrg/kc/pszx/mdps_order_info.html?code=312023032100462 HTTP/1.1" 200 19638
120.253.135.82 - - [22/Mar/2023:12:26:42 +0800] "GET /xingrg/javascript/easyui/themes/default/validatebox.css HTTP/1.1" 404 1104
120.253.135.82 - - [22/Mar/2023:12:26:43 +0800] "POST /xingrg/kc/pszx/mdps_order_operate.html HTTP/1.1" 200 999
58.221.95.50 - - [22/Mar/2023:12:26:43 +0800] "GET /xingrg/all/function/internal_message.html?_=1679459204410&CODE_STATE=getMsg HTTP/1.1" 200 27
120.253.135.82 - - [22/Mar/2023:12:26:44 +0800] "POST /xingrg/kc/pszx/mdps_list_operate.html HTTP/1.1" 200 2434
120.253.135.82 - - [22/Mar/2023:12:26:46 +0800] "POST /xingrg/kc/pszx/mdps_list_operate.html HTTP/1.1" 200 294
120.253.135.82 - - [22/Mar/2023:12:26:47 +0800] "GET /xingrg/kc/pszx/mdps_order_info.html?code=312023032100461 HTTP/1.1" 200 23978
180.157.253.110 - - [22/Mar/2023:12:26:48 +0800] "POST /xingrg/all/report/load_report_page.html HTTP/1.1" 200 352204
180.157.253.110 - - [22/Mar/2023:12:26:48 +0800] "GET /xingrg/servlets/image?cache=0.6452020578321028&image=px HTTP/1.1" 200 807
120.253.135.82 - - [22/Mar/2023:12:26:48 +0800] "GET /xingrg/javascript/easyui/themes/default/validatebox.css HTTP/1.1" 404 1104
120.253.135.82 - - [22/Mar/2023:12:26:48 +0800] "POST /xingrg/kc/pszx/mdps_order_operate.html HTTP/1.1" 200 2807
222.70.221.209 - - [22/Mar/2023:12:26:49 +0800] "GET /xingrg/all/function/internal_message.html?_=1679459316500&CODE_STATE=getMsg HTTP/1.1" 200 27
124.79.240.233 - - [22/Mar/2023:12:26:50 +0800] "GET /xingrg/all/function/internal_message.html?_=1679459468339&CODE_STATE=getMsg HTTP/1.1" 200 27
120.253.135.82 - - [22/Mar/2023:12:26:53 +0800] "POST /xingrg/kc/pszx/mdps_order_operate.html HTTP/1.1" 200 37
180.157.253.110 - - [22/Mar/2023:12:26:53 +0800] "GET /xingrg/all/function/internal_message.html?_=1679459212695&CODE_STATE=getMsg HTTP/1.1" 302 -
101.229.22.234 - - [22/Mar/2023:12:26:54 +0800] "GET /xingrg/all/function/internal_message.html?_=1679459212762&CODE_STATE=getMsg HTTP/1.1" 200 27
222.70.182.154 - - [22/Mar/2023:12:26:55 +0800] "GET /xingrg/check_reg.html?_=1679459212727 HTTP/1.1" 200 22
222.70.182.154 - - [22/Mar/2023:12:26:55 +0800] "GET /xingrg/all/function/internal_message.html?_=1679459212729&CODE_STATE=getMsg HTTP/1.1" 200 27
180.157.253.110 - - [22/Mar/2023:12:26:55 +0800] "POST /xingrg/dwr/call/plaincall/AjaxReportQueryService.refreshCache.dwr HTTP/1.1" 200 78
120.253.135.82 - - [22/Mar/2023:12:26:57 +0800] "POST /xingrg/kc/pszx/mdps_order_operate.html HTTP/1.1" 200 12
116.235.240.214 - - [22/Mar/2023:12:26:57 +0800] "GET /xingrg/all/function/internal_message.html?_=1679459090948&CODE_STATE=getMsg HTTP/1.1" 200 27
116.224.106.218 - - [22/Mar/2023:12:26:57 +0800] "GET /xingrg/all/function/internal_message.html?_=1679459214012&CODE_STATE=getMsg HTTP/1.1" 200 27
58.40.7.146 - - [22/Mar/2023:12:26:58 +0800] "GET /xingrg/all/function/internal_message.html?_=1679459218075&CODE_STATE=getMsg HTTP/1.1" 302 -
120.253.135.82 - - [22/Mar/2023:12:26:59 +0800] "GET /xingrg/all/function/internal_message.html?_=1679459350980&CODE_STATE=getMsg HTTP/1.1" 200 27
180.157.253.110 - - [22/Mar/2023:12:26:59 +0800] "GET /xingrg/all/function/internal_message.html?_=1679459226619&CODE_STATE=getMsg HTTP/1.1" 200 27
116.192.124.172 - - [22/Mar/2023:12:27:00 +0800] "GET /xingrg/all/function/internal_message.html?_=1679459220853&CODE_STATE=getMsg HTTP/1.1" 200 27
116.192.124.172 - - [22/Mar/2023:12:27:01 +0800] "GET /xingrg/all/function/internal_message.html?_=1679459235159&CODE_STATE=getMsg HTTP/1.1" 200 27
180.157.253.110 - - [22/Mar/2023:12:27:02 +0800] "POST /xingrg/all/report/load_report_page.html HTTP/1.1" 200 27536
180.157.253.110 - - [22/Mar/2023:12:27:02 +0800] "GET /xingrg/servlets/image?cache=0.4108187821731374&image=px HTTP/1.1" 200 807
124.78.156.53 - - [22/Mar/2023:12:27:03 +0800] "GET /xingrg/all/function/internal_message.html?_=1679459227876&CODE_STATE=getMsg HTTP/1.1" 200 27
116.225.84.253 - - [22/Mar/2023:12:27:05 +0800] "GET /xingrg/all/function/internal_message.html?_=1679459318801&CODE_STATE=getMsg HTTP/1.1" 200 27
120.253.135.82 - - [22/Mar/2023:12:27:08 +0800] "GET /xingrg/kc/pszx/mdps_order_info.html?code=312023032100461 HTTP/1.1" 200 19638
120.253.135.82 - - [22/Mar/2023:12:27:08 +0800] "GET /xingrg/javascript/easyui/themes/default/validatebox.css HTTP/1.1" 404 1104
120.253.135.82 - - [22/Mar/2023:12:27:08 +0800] "POST /xingrg/kc/pszx/mdps_order_operate.html HTTP/1.1" 200 1025
222.67.232.202 - - [22/Mar/2023:12:27:09 +0800] "GET /xingrg/all/function/internal_message.html?_=1679458776501&CODE_STATE=getMsg HTTP/1.1" 200 27
222.67.232.202 - - [22/Mar/2023:12:27:09 +0800] "GET /xingrg/check_reg.html?_=1679458776969 HTTP/1.1" 200 22
114.83.222.182 - - [22/Mar/2023:12:27:09 +0800] "GET /xingrg/all/function/internal_message.html?_=1679459300262&CODE_STATE=getMsg HTTP/1.1" 200 27
180.157.253.110 - - [22/Mar/2023:12:27:09 +0800] "GET /xingrg/all/report/report_query.html?isQuery=1&fileName=kc/buy/wlcg_cate_hz.xml&queryString=(CONVERT(char(10)%252Ca.order_time%252C%2520120)%253E%253D'2020-03-01')%2520and%2520(CONVERT(char(10)%252Ca.order_time%252C%2520120)%253C%253D'2023-03-31')%2520and%2520(a.supplier_code%2520in%2520('00100076'%252C'00100077'%252C'00100078'%252C'00100079'%252C'00100080'%252C'00100081'%252C'00100238'%252C'00100249'%252C'00100254'%252C'00100255'%252C'00100257'%252C'00100395'%252C'00100444'%252C'00100451'%252C'00100460'%252C'00100478'%252C'00100511'%252C'00100586'))%2520and%2520(a.supplier_code%253D'00100079')&queryText=%25E3%2580%2590%25E9%2587%2587%25E8%25B4%25AD%25E6%2597%25A5%25E6%259C%259F%253A2020-03-01%2520%25E8%2587%25B3%25202023-03-31%25E3%2580%2591%2520%25E5%25B9%25B6%25E4%25B8%2594%2520%2520%25E3%2580%2590%25E4%25BE%259B%25E5%25BA%2594%25E5%2595%2586%2520%253D%2520%25E9%25A4%2590%25E5%2585%25B7%25E7%25B1%25BB%2520%255B18%255D%252C%25E4%25BD%25B3%25E7%25A6%258F%25E7%258E%25BB%25E7%2592%2583%252C%25E9%2587%2591%25E4%25BC%2598%25E9%2585%2592%25E5%25BA%2597%252C%25E9%2599%25B6%25E9%2581%2593%25E9%2585%2592%25E5%25BA%2597%252C%25E5%2588%25A9%25E6%2584%259F%25E8%25B4%25B8%25E6%2598%2593%252C%25E4%25BC%258D%25E4%25BB%259F%25E5%25B9%25B4%25E5%25AE%259E%25E4%25B8%259A%252C%25E7%2593%25B7%25E9%259F%25B5%25E9%2585%2592%25E5%25BA%2597%25EF%25BC%2588%25E9%2587%2591%25E5%2592%258C%25E7%25BE%258E%25EF%25BC%2589%252C%25E6%2581%2592%25E9%2591%25AB%25E9%259B%2585%25E9%2585%2592%25E5%25BA%2597%25E7%2594%25A8%25E5%2593%2581%252C%25E4%25B8%258A%25E6%25B5%25B7%25E4%25BA%2594%25E8%258A%25B1%25E9%25A9%25AC%25E9%2585%2592%25E5%25BA%2597%25E7%2594%25A8%25E5%2593%2581%252C%25E4%25B8%258A%25E6%25B5%25B7%25E7%2590%25B3%25E7%2590%25BC%25E5%25B7%25A5%25E8%25B4%25B8%25E6%259C%2589%25E9%2599%2590%25E5%2585%25AC%25E5%258F%25B8%252C%25E8%25BF%25AA%25E5%25A2%259E%25E5%25AE%259E%25E4%25B8%259A%252C%25E4%25B8%258A%25E6%25B5%25B7%25E9%2599%2588%25E8%258A%25AC%25E5%25A1%2591%25E6%2596%2599%25E5%2588%25B6%25E5%2593%2581%25E6%259C%2589%25E9%2599%2590%25E5%2585%25AC%25E5%258F%25B8%252C%25E4%25B8%258A%25E6%25B5%25B7%25E7%2593%25B7%25E6%259E%2597%25E9%2585%2592%25E5%25BA%2597%25E7%2594%25A8%25E5%2593%2581%252C%25E4%25B8%258A%25E6%25B5%25B7%25E6%259D%2583%25E6%259D%2583%25E5%2585%25B4%25E9%2585%2592%25E5%25BA%2597%25E7%2594%25A8%25E5%2593%2581%252C%25E4%25B8%258A%25E6%25B5%25B7%25E4%25BA%25AC%25E5%258E%25A8%25E6%25B1%2587%25E9%2585%2592%25E5%25BA%2597%25E7%2594%25A8%25E5%2593%2581%25E6%259C%2589%25E9%2599%2590%25E5%2585%25AC%25E5%258F%25B8%252C%25E4%25B8%258A%25E6%25B5%25B7%25E5%2593%2581%25E5%2592%258C%25E6%258A%2595%25E8%25B5%2584%252C%25E4%25B8%258A%25E6%25B5%25B7%25E5%25A5%25A5%25E5%259F%25BA%25E9%25A4%2590%25E5%2585%25B7%25E6%259C%2589%25E9%2599%2590%25E5%2585%25AC%25E5%258F%25B8%252C%25E4%25B8%258A%25E6%25B5%25B7%25E7%2593%25B7%25E8%2588%258D%25E5%25AE%259E%25E4%25B8%259A%252C%25E4%25B8%258A%25E6%25B5%25B7%25E8%25B1%25AA%25E7%2589%25B9%25E9%2585%2592%25E5%25BA%2597%25E3%2580%2591%2520%25E5%25B9%25B6%25E4%25B8%2594%2520%25E3%2580%2590%25E4%25BE%259B%25E5%25BA%2594%25E5%2595%2586%253D%25E5%2588%25A9%25E6%2584%259F%25E8%25B4%25B8%25E6%2598%2593%25E3%2580%2591 HTTP/1.1" 200 55190
180.157.253.110 - - [22/Mar/2023:12:27:10 +0800] "GET /xingrg/dwr/interface/AjaxReportQueryService.js HTTP/1.1" 200 13203
