222.70.221.209 - - [22/Mar/2023:08:48:01 +0800] "GET /xingrg/kc/buy/cgsh_order_operate.html?command=get_materiel&rest_code=00155&code=00101008357&supplier_code=00100005&order_time=2023-03-22 HTTP/1.1" 200 408
58.40.7.146 - - [22/Mar/2023:08:48:02 +0800] "GET /xingrg/all/function/internal_message.html?_=1679446082602&CODE_STATE=getMsg HTTP/1.1" 302 -
116.238.139.35 - - [22/Mar/2023:08:48:06 +0800] "GET /xingrg/kc/buy/cgsh_order_operate.html?command=get_materiel&rest_code=00151&code=00101012039&supplier_code=00100096&order_time=2023-03-22 HTTP/1.1" 200 408
222.70.221.209 - - [22/Mar/2023:08:48:10 +0800] "GET /xingrg/all/function/internal_message.html?_=1679446198728&CODE_STATE=getMsg HTTP/1.1" 200 27
222.70.221.209 - - [22/Mar/2023:08:48:11 +0800] "GET /xingrg/kc/buy/cgsh_order_operate.html?command=get_materiel&rest_code=00155&code=00101008230&supplier_code=00100005&order_time=2023-03-22 HTTP/1.1" 200 408
222.70.221.209 - - [22/Mar/2023:08:48:12 +0800] "POST /xingrg/kc/buy/cgsh_order_operate.html HTTP/1.1" 200 2065
116.238.139.35 - - [22/Mar/2023:08:48:13 +0800] "GET /xingrg/kc/buy/cgsh_order_operate.html?command=get_materiel&rest_code=00151&code=00101016038&supplier_code=00100096&order_time=2023-03-22 HTTP/1.1" 200 408
116.238.139.35 - - [22/Mar/2023:08:48:14 +0800] "GET /xingrg/all/function/internal_message.html?_=1679446018521&CODE_STATE=getMsg HTTP/1.1" 200 27
222.70.221.209 - - [22/Mar/2023:08:48:18 +0800] "GET /xingrg/kc/buy/cgsh_order_operate.html?command=get_materiel&rest_code=00155&code=00101008069&supplier_code=00100005&order_time=2023-03-22 HTTP/1.1" 200 412
116.238.139.35 - - [22/Mar/2023:08:48:20 +0800] "GET /xingrg/kc/buy/cgsh_order_operate.html?command=get_materiel&rest_code=00151&code=00101016051&supplier_code=00100096&order_time=2023-03-22 HTTP/1.1" 200 408
116.235.240.214 - - [22/Mar/2023:08:48:21 +0800] "GET /xingrg/all/function/internal_message.html?_=1679446111253&CODE_STATE=getMsg HTTP/1.1" 200 27
116.192.124.172 - - [22/Mar/2023:08:48:22 +0800] "GET /xingrg/all/function/internal_message.html?_=1679446102443&CODE_STATE=getMsg HTTP/1.1" 302 -
116.225.84.253 - - [22/Mar/2023:08:48:26 +0800] "GET /xingrg/kc/buy/cgsh_order_operate.html?command=get_materiel&rest_code=00105&code=00101008196&supplier_code=00100203&order_time=2023-03-22 HTTP/1.1" 200 416
222.70.221.209 - - [22/Mar/2023:08:48:27 +0800] "GET /xingrg/kc/buy/cgsh_order_operate.html?command=get_materiel&rest_code=00155&code=00101008006&supplier_code=00100005&order_time=2023-03-22 HTTP/1.1" 200 416
124.79.72.155 - - [22/Mar/2023:08:48:29 +0800] "GET /xingrg/all/report/report_query.html?isQuery=1&fileName=kc/buy/wlcg_cate_hz.xml&queryString=(CONVERT(char(10)%252Ca.order_time%252C%2520120)%253E%253D'2023-01-01')%2520and%2520(CONVERT(char(10)%252Ca.order_time%252C%2520120)%253C%253D'2023-02-28')%2520and%2520(a.number%253E0%2520and%2520a.supplier_code%253D'00100017')&queryText=%25E3%2580%2590%25E9%2587%2587%25E8%25B4%25AD%25E6%2597%25A5%25E6%259C%259F%253A2023-01-01%2520%25E8%2587%25B3%25202023-02-28%25E3%2580%2591%2520%25E5%25B9%25B6%25E4%25B8%2594%2520%25E3%2580%2590%25E4%25BE%259B%25E5%25BA%2594%25E5%2595%2586%253D%25E9%2585%2592%25E6%25B0%25B4%25EF%25BC%2588%25E9%25BE%2599%25E5%25B7%259D%25EF%25BC%2589%25E3%2580%2591 HTTP/1.1" 200 54370
124.79.72.155 - - [22/Mar/2023:08:48:29 +0800] "GET /xingrg/dwr/interface/AjaxReportQueryService.js HTTP/1.1" 200 13203
124.79.72.155 - - [22/Mar/2023:08:48:29 +0800] "GET /xingrg/dwr/engine.js HTTP/1.1" 200 43631
124.79.72.155 - - [22/Mar/2023:08:48:31 +0800] "POST /xingrg/all/report/load_report_page.html HTTP/1.1" 200 8714
124.79.72.155 - - [22/Mar/2023:08:48:31 +0800] "GET /xingrg/servlets/image?cache=0.6438034976126136&image=px HTTP/1.1" 200 807
124.79.72.155 - - [22/Mar/2023:08:48:34 +0800] "POST /xingrg/all/report/load_report_page.html HTTP/1.1" 200 47077
124.79.72.155 - - [22/Mar/2023:08:48:34 +0800] "GET /xingrg/servlets/image?cache=0.5730657736291083&image=px HTTP/1.1" 200 807
116.238.139.35 - - [22/Mar/2023:08:48:35 +0800] "GET /xingrg/kc/buy/cgsh_order_operate.html?command=get_materiel&rest_code=00151&code=00101006013&supplier_code=00100096&order_time=2023-03-22 HTTP/1.1" 200 411
222.70.221.209 - - [22/Mar/2023:08:48:35 +0800] "GET /xingrg/kc/buy/cgsh_order_operate.html?command=get_materiel&rest_code=00155&code=00101008036&supplier_code=00100005&order_time=2023-03-22 HTTP/1.1" 200 408
124.79.72.155 - - [22/Mar/2023:08:48:36 +0800] "GET /xingrg/all/function/internal_message.html?_=1679446122921&CODE_STATE=getMsg HTTP/1.1" 200 27
124.79.72.155 - - [22/Mar/2023:08:48:36 +0800] "POST /xingrg/all/report/report_print.html HTTP/1.1" 302 -
124.79.72.155 - - [22/Mar/2023:08:48:36 +0800] "GET /xingrg/servlets/html?sysBaseUrl=http%3A%2F%2F180.169.147.146%3A18081%2Fxingrg%2F&costTime=883×tamp=1679446116913 HTTP/1.1" 200 46074
124.79.72.155 - - [22/Mar/2023:08:48:36 +0800] "GET /xingrg/servlets/image?image=px HTTP/1.1" 200 807
116.225.84.253 - - [22/Mar/2023:08:48:38 +0800] "GET /xingrg/all/function/internal_message.html?_=1679445962718&CODE_STATE=getMsg HTTP/1.1" 200 27
222.70.221.209 - - [22/Mar/2023:08:48:42 +0800] "GET /xingrg/kc/buy/cgsh_order_operate.html?command=get_materiel&rest_code=00155&code=00101008131&supplier_code=00100005&order_time=2023-03-22 HTTP/1.1" 200 409
120.253.135.82 - - [22/Mar/2023:08:48:42 +0800] "GET /xingrg/all/function/internal_message.html?_=1679445952740&CODE_STATE=getMsg HTTP/1.1" 200 27
116.238.139.35 - - [22/Mar/2023:08:48:44 +0800] "GET /xingrg/kc/buy/cgsh_order_operate.html?command=get_materiel&rest_code=00151&code=00101006131&supplier_code=00100096&order_time=2023-03-22 HTTP/1.1" 200 417
116.225.84.253 - - [22/Mar/2023:08:48:45 +0800] "GET /xingrg/kc/buy/cgsh_order_operate.html?command=get_materiel&rest_code=00105&code=00101008131&supplier_code=00100203&order_time=2023-03-22 HTTP/1.1" 200 409
222.70.221.209 - - [22/Mar/2023:08:48:49 +0800] "GET /xingrg/kc/buy/cgsh_order_operate.html?command=get_materiel&rest_code=00155&code=00101008108&supplier_code=00100005&order_time=2023-03-22 HTTP/1.1" 200 412
222.70.221.209 - - [22/Mar/2023:08:48:51 +0800] "POST /xingrg/kc/buy/cgsh_order_operate.html HTTP/1.1" 200 2065
180.157.253.110 - - [22/Mar/2023:08:48:57 +0800] "GET /xingrg/all/function/internal_message.html?_=1679446136726&CODE_STATE=getMsg HTTP/1.1" 302 -
222.70.221.209 - - [22/Mar/2023:08:49:01 +0800] "GET /xingrg/kc/buy/cgsh_order_operate.html?command=get_materiel&rest_code=00155&code=00101008318&supplier_code=00100005&order_time=2023-03-22 HTTP/1.1" 200 408
58.40.7.146 - - [22/Mar/2023:08:49:02 +0800] "GET /xingrg/all/function/internal_message.html?_=1679446142601&CODE_STATE=getMsg HTTP/1.1" 302 -
116.238.139.35 - - [22/Mar/2023:08:49:05 +0800] "GET /xingrg/kc/buy/cgsh_order_operate.html?command=get_materiel&rest_code=00151&code=00101006056&supplier_code=00100096&order_time=2023-03-22 HTTP/1.1" 200 413
116.225.84.253 - - [22/Mar/2023:08:49:06 +0800] "GET /xingrg/kc/buy/cgsh_order_operate.html?command=get_materiel&rest_code=00105&code=00101008005&supplier_code=00100203&order_time=2023-03-22 HTTP/1.1" 200 412
222.70.221.209 - - [22/Mar/2023:08:49:07 +0800] "GET /xingrg/kc/buy/cgsh_order_operate.html?command=get_materiel&rest_code=00155&code=00101008353&supplier_code=00100005&order_time=2023-03-22 HTTP/1.1" 200 408
222.70.221.209 - - [22/Mar/2023:08:49:11 +0800] "GET /xingrg/all/function/internal_message.html?_=1679446258839&CODE_STATE=getMsg HTTP/1.1" 200 27
116.238.139.35 - - [22/Mar/2023:08:49:13 +0800] "GET /xingrg/kc/buy/cgsh_order_operate.html?command=get_materiel&rest_code=00151&code=00101006006&supplier_code=00100096&order_time=2023-03-22 HTTP/1.1" 200 408
116.238.139.35 - - [22/Mar/2023:08:49:14 +0800] "GET /xingrg/all/function/internal_message.html?_=1679446078535&CODE_STATE=getMsg HTTP/1.1" 200 27
116.235.240.214 - - [22/Mar/2023:08:49:21 +0800] "GET /xingrg/all/function/internal_message.html?_=1679446171267&CODE_STATE=getMsg HTTP/1.1" 200 27
116.192.124.172 - - [22/Mar/2023:08:49:22 +0800] "GET /xingrg/all/function/internal_message.html?_=1679446162417&CODE_STATE=getMsg HTTP/1.1" 302 -
222.70.221.209 - - [22/Mar/2023:08:49:22 +0800] "GET /xingrg/kc/buy/cgsh_order_operate.html?command=get_materiel&rest_code=00155&code=00101008674&supplier_code=00100005&order_time=2023-03-22 HTTP/1.1" 200 413
116.192.124.172 - - [22/Mar/2023:08:49:23 +0800] "GET /xingrg/check_reg.html?_=1679446163334 HTTP/1.1" 302 -
116.225.84.253 - - [22/Mar/2023:08:49:26 +0800] "GET /xingrg/kc/buy/cgsh_order_operate.html?command=get_materiel&rest_code=00105&code=00101008041&supplier_code=00100203&order_time=2023-03-22 HTTP/1.1" 200 408
222.70.221.209 - - [22/Mar/2023:08:49:31 +0800] "GET /xingrg/kc/buy/cgsh_order_operate.html?command=get_materiel&rest_code=00155&code=00101008095&supplier_code=00100005&order_time=2023-03-22 HTTP/1.1" 200 413
222.70.221.209 - - [22/Mar/2023:08:49:33 +0800] "POST /xingrg/kc/buy/cgsh_order_operate.html HTTP/1.1" 200 2065
124.79.72.155 - - [22/Mar/2023:08:49:36 +0800] "GET /xingrg/all/function/internal_message.html?_=1679446182919&CODE_STATE=getMsg HTTP/1.1" 200 27
116.225.84.253 - - [22/Mar/2023:08:49:38 +0800] "GET /xingrg/all/function/internal_message.html?_=1679446022704&CODE_STATE=getMsg HTTP/1.1" 200 27
222.70.221.209 - - [22/Mar/2023:08:49:39 +0800] "GET /xingrg/kc/buy/cgsh_order_operate.html?command=get_materiel&rest_code=00155&code=00101008192&supplier_code=00100005&order_time=2023-03-22 HTTP/1.1" 200 416
120.253.135.82 - - [22/Mar/2023:08:49:42 +0800] "GET /xingrg/all/function/internal_message.html?_=1679446012782&CODE_STATE=getMsg HTTP/1.1" 200 27
222.70.221.209 - - [22/Mar/2023:08:49:45 +0800] "GET /xingrg/kc/buy/cgsh_order_operate.html?command=get_materiel&rest_code=00155&code=00101008633&supplier_code=00100005&order_time=2023-03-22 HTTP/1.1" 200 414
116.238.139.35 - - [22/Mar/2023:08:49:55 +0800] "POST /xingrg/kc/buy/cgsh_order_operate.html HTTP/1.1" 200 37
116.225.84.253 - - [22/Mar/2023:08:49:55 +0800] "GET /xingrg/kc/buy/cgsh_order_operate.html?command=get_materiel&rest_code=00105&code=00101015136&supplier_code=00100203&order_time=2023-03-22 HTTP/1.1" 200 414
180.157.253.110 - - [22/Mar/2023:08:49:57 +0800] "GET /xingrg/all/function/internal_message.html?_=1679446196700&CODE_STATE=getMsg HTTP/1.1" 302 -
180.157.253.110 - - [22/Mar/2023:08:49:57 +0800] "GET /xingrg/check_reg.html?_=1679446196870 HTTP/1.1" 302 -
222.70.221.209 - - [22/Mar/2023:08:49:58 +0800] "GET /xingrg/kc/buy/cgsh_order_operate.html?command=get_materiel&rest_code=00155&code=00101008172&supplier_code=00100005&order_time=2023-03-22 HTTP/1.1" 200 412
116.238.139.35 - - [22/Mar/2023:08:50:01 +0800] "POST /xingrg/kc/buy/cgsh_order_operate.html HTTP/1.1" 200 12
58.40.7.146 - - [22/Mar/2023:08:50:02 +0800] "GET /xingrg/all/function/internal_message.html?_=1679446202580&CODE_STATE=getMsg HTTP/1.1" 302 -
116.238.139.35 - - [22/Mar/2023:08:50:03 +0800] "GET /xingrg/kc/buy/cgsh_order_info.html?code=212023032208100 HTTP/1.1" 200 64467
116.238.139.35 - - [22/Mar/2023:08:50:04 +0800] "GET /xingrg/javascript/easyui/themes/default/validatebox.css HTTP/1.1" 404 1104
116.238.139.35 - - [22/Mar/2023:08:50:04 +0800] "POST /xingrg/kc/buy/cgsh_order_operate.html HTTP/1.1" 200 5974
116.238.139.35 - - [22/Mar/2023:08:50:06 +0800] "GET /xingrg/kc/print/load_config.html?kc_code=cgsh HTTP/1.1" 200 1925
222.70.221.209 - - [22/Mar/2023:08:50:06 +0800] "GET /xingrg/kc/buy/cgsh_order_operate.html?command=get_materiel&rest_code=00155&code=00101008209&supplier_code=00100005&order_time=2023-03-22 HTTP/1.1" 200 408
116.238.139.35 - - [22/Mar/2023:08:50:06 +0800] "GET /xingrg/kc/print/load_data.html?order_code=212023032208100&kc_code=cgsh&condition= HTTP/1.1" 200 2773
222.70.221.209 - - [22/Mar/2023:08:50:11 +0800] "GET /xingrg/all/function/internal_message.html?_=1679446318828&CODE_STATE=getMsg HTTP/1.1" 200 27
58.40.7.146 - - [22/Mar/2023:08:50:12 +0800] "GET /xingrg/check_reg.html?_=1679446211990 HTTP/1.1" 302 -
222.70.221.209 - - [22/Mar/2023:08:50:14 +0800] "POST /xingrg/kc/buy/cgsh_order_operate.html HTTP/1.1" 200 2065
116.238.139.35 - - [22/Mar/2023:08:50:14 +0800] "GET /xingrg/all/function/internal_message.html?_=1679446138548&CODE_STATE=getMsg HTTP/1.1" 200 27
222.70.221.209 - - [22/Mar/2023:08:50:19 +0800] "GET /xingrg/kc/buy/cgsh_order_operate.html?command=get_materiel&rest_code=00155&code=00101008134&supplier_code=00100005&order_time=2023-03-22 HTTP/1.1" 200 412
116.225.84.253 - - [22/Mar/2023:08:50:21 +0800] "GET /xingrg/kc/buy/cgsh_order_operate.html?command=get_materiel&rest_code=00105&code=00101020147&supplier_code=00100203&order_time=2023-03-22 HTTP/1.1" 200 408
116.235.240.214 - - [22/Mar/2023:08:50:21 +0800] "GET /xingrg/all/function/internal_message.html?_=1679446231279&CODE_STATE=getMsg HTTP/1.1" 200 27
116.192.124.172 - - [22/Mar/2023:08:50:22 +0800] "GET /xingrg/all/function/internal_message.html?_=1679446222410&CODE_STATE=getMsg HTTP/1.1" 302 -
222.70.221.209 - - [22/Mar/2023:08:50:34 +0800] "GET /xingrg/kc/buy/cgsh_order_operate.html?command=get_materiel&rest_code=00155&code=00101008196&supplier_code=00100005&order_time=2023-03-22 HTTP/1.1" 200 416
116.238.139.35 - - [22/Mar/2023:08:50:34 +0800] "GET /xingrg/kc/buy/cgsh_order_add.html HTTP/1.1" 200 69570
116.238.139.35 - - [22/Mar/2023:08:50:34 +0800] "POST /xingrg/kc/buy/cgsh_order_operate.html HTTP/1.1" 200 8245
116.238.139.35 - - [22/Mar/2023:08:50:35 +0800] "GET /xingrg/javascript/easyui/themes/default/validatebox.css HTTP/1.1" 404 1104
124.79.72.155 - - [22/Mar/2023:08:50:36 +0800] "GET /xingrg/all/function/internal_message.html?_=1679446242920&CODE_STATE=getMsg HTTP/1.1" 200 27
116.225.84.253 - - [22/Mar/2023:08:50:38 +0800] "GET /xingrg/all/function/internal_message.html?_=1679446082716&CODE_STATE=getMsg HTTP/1.1" 200 27
222.70.221.209 - - [22/Mar/2023:08:50:42 +0800] "GET /xingrg/kc/buy/cgsh_order_operate.html?command=get_materiel&rest_code=00155&code=00101008229&supplier_code=00100005&order_time=2023-03-22 HTTP/1.1" 200 420
120.253.135.82 - - [22/Mar/2023:08:50:42 +0800] "GET /xingrg/all/function/internal_message.html?_=1679446072798&CODE_STATE=getMsg HTTP/1.1" 200 27
116.238.139.35 - - [22/Mar/2023:08:50:44 +0800] "GET /xingrg/kc/buy/cgsh_order_operate.html?command=get_materiel&rest_code=00151&code=00101008323&supplier_code=00100008&order_time=2023-03-22 HTTP/1.1" 200 408
180.157.253.110 - - [22/Mar/2023:08:50:57 +0800] "GET /xingrg/all/function/internal_message.html?_=1679446256689&CODE_STATE=getMsg HTTP/1.1" 302 -
116.235.240.214 - - [22/Mar/2023:08:50:58 +0800] "GET /xingrg/check_reg.html?_=1679446267831 HTTP/1.1" 200 22
222.70.221.209 - - [22/Mar/2023:08:51:01 +0800] "POST /xingrg/kc/buy/cgsh_order_operate.html HTTP/1.1" 200 37
58.40.7.146 - - [22/Mar/2023:08:51:02 +0800] "GET /xingrg/all/function/internal_message.html?_=1679446262562&CODE_STATE=getMsg HTTP/1.1" 302 -
222.70.221.209 - - [22/Mar/2023:08:51:02 +0800] "POST /xingrg/kc/buy/cgsh_order_operate.html HTTP/1.1" 200 27501
116.238.139.35 - - [22/Mar/2023:08:51:03 +0800] "GET /xingrg/kc/buy/cgsh_order_operate.html?command=get_materiel&rest_code=00151&code=00101008331&supplier_code=00100008&order_time=2023-03-22 HTTP/1.1" 200 416
222.70.221.209 - - [22/Mar/2023:08:51:04 +0800] "GET /xingrg/kc/print/load_data.html?order_code=212023032208101&kc_code=cgsh&condition= HTTP/1.1" 200 10123
116.225.84.253 - - [22/Mar/2023:08:51:06 +0800] "GET /xingrg/kc/buy/cgsh_order_operate.html?command=get_materiel&rest_code=00105&code=00101008274&supplier_code=00100203&order_time=2023-03-22 HTTP/1.1" 200 412
222.70.221.209 - - [22/Mar/2023:08:51:07 +0800] "GET /xingrg/kc/print/load_data.html?order_code=212023032208101&kc_code=cgsh HTTP/1.1" 200 10123
222.70.221.209 - - [22/Mar/2023:08:51:11 +0800] "GET /xingrg/all/function/internal_message.html?_=1679446378826&CODE_STATE=getMsg HTTP/1.1" 200 27
116.238.139.35 - - [22/Mar/2023:08:51:14 +0800] "GET /xingrg/kc/buy/cgsh_order_operate.html?command=get_materiel&rest_code=00151&code=00101008350&supplier_code=00100008&order_time=2023-03-22 HTTP/1.1" 200 408
116.238.139.35 - - [22/Mar/2023:08:51:14 +0800] "GET /xingrg/all/function/internal_message.html?_=1679446198562&CODE_STATE=getMsg HTTP/1.1" 200 27
116.235.240.214 - - [22/Mar/2023:08:51:21 +0800] "GET /xingrg/all/function/internal_message.html?_=1679446291292&CODE_STATE=getMsg HTTP/1.1" 200 27
116.192.124.172 - - [22/Mar/2023:08:51:22 +0800] "GET /xingrg/all/function/internal_message.html?_=1679446282409&CODE_STATE=getMsg HTTP/1.1" 302 -
116.238.139.35 - - [22/Mar/2023:08:51:23 +0800] "GET /xingrg/kc/buy/cgsh_order_operate.html?command=get_materiel&rest_code=00151&code=00101008096&supplier_code=00100008&order_time=2023-03-22 HTTP/1.1" 200 412
116.225.84.253 - - [22/Mar/2023:08:51:23 +0800] "GET /xingrg/kc/buy/cgsh_order_operate.html?command=get_materiel&rest_code=00105&code=00101008027&supplier_code=00100203&order_time=2023-03-22 HTTP/1.1" 200 408
116.238.139.35 - - [22/Mar/2023:08:51:31 +0800] "GET /xingrg/kc/buy/cgsh_order_operate.html?command=get_materiel&rest_code=00151&code=00101008370&supplier_code=00100008&order_time=2023-03-22 HTTP/1.1" 200 412
124.79.72.155 - - [22/Mar/2023:08:51:36 +0800] "GET /xingrg/check_reg.html?_=1679446302920 HTTP/1.1" 200 22
124.79.72.155 - - [22/Mar/2023:08:51:36 +0800] "GET /xingrg/all/function/internal_message.html?_=1679446302923&CODE_STATE=getMsg HTTP/1.1" 200 27
116.225.84.253 - - [22/Mar/2023:08:51:38 +0800] "GET /xingrg/all/function/internal_message.html?_=1679446142717&CODE_STATE=getMsg HTTP/1.1" 200 27
116.225.84.253 - - [22/Mar/2023:08:51:38 +0800] "GET /xingrg/check_reg.html?_=1679446142722 HTTP/1.1" 200 22
116.238.139.35 - - [22/Mar/2023:08:51:38 +0800] "GET /xingrg/kc/buy/cgsh_order_operate.html?command=get_materiel&rest_code=00151&code=00101008353&supplier_code=00100008&order_time=2023-03-22 HTTP/1.1" 200 408
120.253.135.82 - - [22/Mar/2023:08:51:42 +0800] "GET /xingrg/all/function/internal_message.html?_=1679446132827&CODE_STATE=getMsg HTTP/1.1" 200 27
116.225.84.253 - - [22/Mar/2023:08:51:45 +0800] "GET /xingrg/kc/buy/cgsh_order_operate.html?command=get_materiel&rest_code=00105&code=00101008155&supplier_code=00100203&order_time=2023-03-22 HTTP/1.1" 200 408
116.238.139.35 - - [22/Mar/2023:08:51:49 +0800] "GET /xingrg/kc/buy/cgsh_order_operate.html?command=get_materiel&rest_code=00151&code=00101008223&supplier_code=00100008&order_time=2023-03-22 HTTP/1.1" 200 412
180.157.253.110 - - [22/Mar/2023:08:51:57 +0800] "GET /xingrg/all/function/internal_message.html?_=1679446316673&CODE_STATE=getMsg HTTP/1.1" 302 -
116.238.139.35 - - [22/Mar/2023:08:52:00 +0800] "GET /xingrg/kc/buy/cgsh_order_operate.html?command=get_materiel&rest_code=00151&code=00101008286&supplier_code=00100008&order_time=2023-03-22 HTTP/1.1" 200 408
58.221.95.50 - - [22/Mar/2023:08:52:02 +0800] "GET /xingrg/check_reg.html?_=1679446323041 HTTP/1.1" 302 -
58.40.7.146 - - [22/Mar/2023:08:52:02 +0800] "GET /xingrg/all/function/internal_message.html?_=1679446322541&CODE_STATE=getMsg HTTP/1.1" 302 -
116.225.84.253 - - [22/Mar/2023:08:52:05 +0800] "GET /xingrg/kc/buy/cgsh_order_operate.html?command=get_materiel&rest_code=00105&code=00101008080&supplier_code=00100203&order_time=2023-03-22 HTTP/1.1" 200 417
222.70.221.209 - - [22/Mar/2023:08:52:10 +0800] "GET /xingrg/check_reg.html?_=1679446438745 HTTP/1.1" 200 22
222.70.221.209 - - [22/Mar/2023:08:52:11 +0800] "GET /xingrg/all/function/internal_message.html?_=1679446438813&CODE_STATE=getMsg HTTP/1.1" 200 27
116.238.139.35 - - [22/Mar/2023:08:52:11 +0800] "GET /xingrg/kc/buy/cgsh_order_operate.html?command=get_materiel&rest_code=00151&code=00101008169&supplier_code=00100008&order_time=2023-03-22 HTTP/1.1" 200 412
116.238.139.35 - - [22/Mar/2023:08:52:14 +0800] "GET /xingrg/check_reg.html?_=1679446258546 HTTP/1.1" 200 22
116.238.139.35 - - [22/Mar/2023:08:52:14 +0800] "GET /xingrg/all/function/internal_message.html?_=1679446258575&CODE_STATE=getMsg HTTP/1.1" 200 27
116.235.240.214 - - [22/Mar/2023:08:52:21 +0800] "GET /xingrg/all/function/internal_message.html?_=1679446351303&CODE_STATE=getMsg HTTP/1.1" 200 27
116.192.124.172 - - [22/Mar/2023:08:52:22 +0800] "GET /xingrg/all/function/internal_message.html?_=1679446342390&CODE_STATE=getMsg HTTP/1.1" 302 -
116.225.84.253 - - [22/Mar/2023:08:52:24 +0800] "GET /xingrg/kc/buy/cgsh_order_operate.html?command=get_materiel&rest_code=00105&code=00101008244&supplier_code=00100203&order_time=2023-03-22 HTTP/1.1" 200 408
180.157.253.110 - - [22/Mar/2023:08:52:28 +0800] "GET /favicon.ico HTTP/1.1" 404 -
116.225.84.253 - - [22/Mar/2023:08:52:30 +0800] "POST /xingrg/kc/buy/cgsh_order_operate.html HTTP/1.1" 200 2065
116.238.139.35 - - [22/Mar/2023:08:52:33 +0800] "GET /xingrg/kc/buy/cgsh_order_operate.html?command=get_materiel&rest_code=00151&code=00101008352&supplier_code=00100008&order_time=2023-03-22 HTTP/1.1" 200 412
124.79.72.155 - - [22/Mar/2023:08:52:36 +0800] "GET /xingrg/all/function/internal_message.html?_=1679446362922&CODE_STATE=getMsg HTTP/1.1" 200 27
120.253.135.82 - - [22/Mar/2023:08:52:37 +0800] "GET /xingrg/check_reg.html?_=1679446187396 HTTP/1.1" 200 22
116.225.84.253 - - [22/Mar/2023:08:52:38 +0800] "GET /xingrg/all/function/internal_message.html?_=1679446202714&CODE_STATE=getMsg HTTP/1.1" 200 27
116.238.139.35 - - [22/Mar/2023:08:52:41 +0800] "GET /xingrg/kc/buy/cgsh_order_operate.html?command=get_materiel&rest_code=00151&code=00101008312&supplier_code=00100008&order_time=2023-03-22 HTTP/1.1" 200 412
120.253.135.82 - - [22/Mar/2023:08:52:42 +0800] "GET /xingrg/all/function/internal_message.html?_=1679446192841&CODE_STATE=getMsg HTTP/1.1" 200 27
116.238.139.35 - - [22/Mar/2023:08:52:49 +0800] "GET /xingrg/kc/buy/cgsh_order_operate.html?command=get_materiel&rest_code=00151&code=00101008344&supplier_code=00100008&order_time=2023-03-22 HTTP/1.1" 200 412
116.225.84.253 - - [22/Mar/2023:08:52:56 +0800] "GET /xingrg/kc/buy/cgsh_order_operate.html?command=get_materiel&rest_code=00105&code=00101008354&supplier_code=00100203&order_time=2023-03-22 HTTP/1.1" 200 412
180.157.253.110 - - [22/Mar/2023:08:52:57 +0800] "GET /xingrg/all/function/internal_message.html?_=1679446376654&CODE_STATE=getMsg HTTP/1.1" 302 -
116.238.139.35 - - [22/Mar/2023:08:52:58 +0800] "GET /xingrg/kc/buy/cgsh_order_operate.html?command=get_materiel&rest_code=00151&code=00101008283&supplier_code=00100008&order_time=2023-03-22 HTTP/1.1" 200 409
58.40.7.146 - - [22/Mar/2023:08:53:02 +0800] "GET /xingrg/all/function/internal_message.html?_=1679446382525&CODE_STATE=getMsg HTTP/1.1" 302 -
116.238.139.35 - - [22/Mar/2023:08:53:06 +0800] "POST /xingrg/kc/buy/cgsh_order_operate.html HTTP/1.1" 200 37
116.238.139.35 - - [22/Mar/2023:08:53:08 +0800] "POST /xingrg/kc/buy/cgsh_order_operate.html HTTP/1.1" 200 9860
222.70.221.209 - - [22/Mar/2023:08:53:10 +0800] "GET /xingrg/all/function/internal_message.html?_=1679446498785&CODE_STATE=getMsg HTTP/1.1" 200 27
116.225.84.253 - - [22/Mar/2023:08:53:11 +0800] "GET /xingrg/kc/buy/cgsh_order_operate.html?command=get_materiel&rest_code=00105&code=00101008351&supplier_code=00100203&order_time=2023-03-22 HTTP/1.1" 200 408
116.238.139.35 - - [22/Mar/2023:08:53:14 +0800] "GET /xingrg/all/function/internal_message.html?_=1679446318588&CODE_STATE=getMsg HTTP/1.1" 200 27
116.235.240.214 - - [22/Mar/2023:08:53:21 +0800] "GET /xingrg/all/function/internal_message.html?_=1679446411321&CODE_STATE=getMsg HTTP/1.1" 200 27
116.192.124.172 - - [22/Mar/2023:08:53:22 +0800] "GET /xingrg/all/function/internal_message.html?_=1679446402375&CODE_STATE=getMsg HTTP/1.1" 302 -
124.79.72.155 - - [22/Mar/2023:08:53:36 +0800] "GET /xingrg/all/function/internal_message.html?_=1679446422922&CODE_STATE=getMsg HTTP/1.1" 200 27
116.225.84.253 - - [22/Mar/2023:08:53:36 +0800] "GET /xingrg/kc/buy/cgsh_order_operate.html?command=get_materiel&rest_code=00105&code=00101008290&supplier_code=00100203&order_time=2023-03-22 HTTP/1.1" 200 416
116.225.84.253 - - [22/Mar/2023:08:53:38 +0800] "GET /xingrg/all/function/internal_message.html?_=1679446262717&CODE_STATE=getMsg HTTP/1.1" 200 27
120.253.135.82 - - [22/Mar/2023:08:53:42 +0800] "GET /xingrg/all/function/internal_message.html?_=1679446252853&CODE_STATE=getMsg HTTP/1.1" 200 27
116.225.84.253 - - [22/Mar/2023:08:53:57 +0800] "GET /xingrg/kc/buy/cgsh_order_operate.html?command=get_materiel&rest_code=00105&code=00101008224&supplier_code=00100203&order_time=2023-03-22 HTTP/1.1" 200 416
180.157.253.110 - - [22/Mar/2023:08:53:57 +0800] "GET /xingrg/all/function/internal_message.html?_=1679446436630&CODE_STATE=getMsg HTTP/1.1" 302 -
58.40.7.146 - - [22/Mar/2023:08:54:02 +0800] "GET /xingrg/all/function/internal_message.html?_=1679446442500&CODE_STATE=getMsg HTTP/1.1" 302 -
222.70.221.209 - - [22/Mar/2023:08:54:10 +0800] "GET /xingrg/all/function/internal_message.html?_=1679446558771&CODE_STATE=getMsg HTTP/1.1" 200 27
116.238.139.35 - - [22/Mar/2023:08:54:14 +0800] "GET /xingrg/all/function/internal_message.html?_=1679446378602&CODE_STATE=getMsg HTTP/1.1" 200 27
116.235.240.214 - - [22/Mar/2023:08:54:21 +0800] "GET /xingrg/all/function/internal_message.html?_=1679446471330&CODE_STATE=getMsg HTTP/1.1" 200 27
116.192.124.172 - - [22/Mar/2023:08:54:22 +0800] "GET /xingrg/all/function/internal_message.html?_=1679446462365&CODE_STATE=getMsg HTTP/1.1" 302 -
116.192.124.172 - - [22/Mar/2023:08:54:23 +0800] "GET /xingrg/check_reg.html?_=1679446463313 HTTP/1.1" 302 -
116.225.84.253 - - [22/Mar/2023:08:54:25 +0800] "GET /xingrg/kc/buy/cgsh_order_operate.html?command=get_materiel&rest_code=00105&code=00101008212&supplier_code=00100203&order_time=2023-03-22 HTTP/1.1" 200 412
116.225.84.253 - - [22/Mar/2023:08:54:33 +0800] "POST /xingrg/kc/buy/cgsh_order_operate.html HTTP/1.1" 200 2065
124.79.72.155 - - [22/Mar/2023:08:54:36 +0800] "GET /xingrg/all/function/internal_message.html?_=1679446482922&CODE_STATE=getMsg HTTP/1.1" 200 27
116.225.84.253 - - [22/Mar/2023:08:54:38 +0800] "GET /xingrg/all/function/internal_message.html?_=1679446322709&CODE_STATE=getMsg HTTP/1.1" 200 27
120.253.135.82 - - [22/Mar/2023:08:54:43 +0800] "GET /xingrg/all/function/internal_message.html?_=1679446312900&CODE_STATE=getMsg HTTP/1.1" 200 27
116.225.84.253 - - [22/Mar/2023:08:54:45 +0800] "GET /xingrg/kc/buy/cgsh_order_operate.html?command=get_materiel&rest_code=00105&code=00101008172&supplier_code=00100203&order_time=2023-03-22 HTTP/1.1" 200 412
180.157.253.110 - - [22/Mar/2023:08:54:57 +0800] "GET /xingrg/all/function/internal_message.html?_=1679446496602&CODE_STATE=getMsg HTTP/1.1" 302 -
180.157.253.110 - - [22/Mar/2023:08:54:57 +0800] "GET /xingrg/check_reg.html?_=1679446496855 HTTP/1.1" 302 -
58.40.7.146 - - [22/Mar/2023:08:55:02 +0800] "GET /xingrg/all/function/internal_message.html?_=1679446502484&CODE_STATE=getMsg HTTP/1.1" 302 -
116.238.139.35 - - [22/Mar/2023:08:55:02 +0800] "GET /xingrg/kc/buy/cgsh_order_operate.html?command=get_materiel&rest_code=00151&code=00101008318&supplier_code=00100008&order_time=2023-03-22 HTTP/1.1" 200 408
222.70.221.209 - - [22/Mar/2023:08:55:10 +0800] "GET /xingrg/all/function/internal_message.html?_=1679446618746&CODE_STATE=getMsg HTTP/1.1" 200 27
58.40.7.146 - - [22/Mar/2023:08:55:11 +0800] "GET /xingrg/check_reg.html?_=1679446511982 HTTP/1.1" 302 -
116.238.139.35 - - [22/Mar/2023:08:55:14 +0800] "GET /xingrg/all/function/internal_message.html?_=1679446438616&CODE_STATE=getMsg HTTP/1.1" 200 27
116.238.139.35 - - [22/Mar/2023:08:55:14 +0800] "POST /xingrg/kc/buy/cgsh_order_operate.html HTTP/1.1" 200 37
116.238.139.35 - - [22/Mar/2023:08:55:21 +0800] "POST /xingrg/kc/buy/cgsh_order_operate.html HTTP/1.1" 200 12
116.235.240.214 - - [22/Mar/2023:08:55:21 +0800] "GET /xingrg/all/function/internal_message.html?_=1679446531350&CODE_STATE=getMsg HTTP/1.1" 200 27
116.192.124.172 - - [22/Mar/2023:08:55:22 +0800] "GET /xingrg/all/function/internal_message.html?_=1679446522359&CODE_STATE=getMsg HTTP/1.1" 302 -
116.238.139.35 - - [22/Mar/2023:08:55:23 +0800] "GET /xingrg/kc/buy/cgsh_order_info.html?code=212023032208102 HTTP/1.1" 200 64477
116.238.139.35 - - [22/Mar/2023:08:55:24 +0800] "GET /xingrg/javascript/easyui/themes/default/validatebox.css HTTP/1.1" 404 1104
116.238.139.35 - - [22/Mar/2023:08:55:25 +0800] "POST /xingrg/kc/buy/cgsh_order_operate.html HTTP/1.1" 200 8400
116.238.139.35 - - [22/Mar/2023:08:55:27 +0800] "GET /xingrg/kc/print/load_data.html?order_code=212023032208102&kc_code=cgsh&condition= HTTP/1.1" 200 3748
124.79.72.155 - - [22/Mar/2023:08:55:36 +0800] "GET /xingrg/all/function/internal_message.html?_=1679446542923&CODE_STATE=getMsg HTTP/1.1" 200 27
116.238.139.35 - - [22/Mar/2023:08:55:38 +0800] "POST /xingrg/all/user/operate.html HTTP/1.1" 200 36
116.225.84.253 - - [22/Mar/2023:08:55:38 +0800] "GET /xingrg/all/function/internal_message.html?_=1679446382727&CODE_STATE=getMsg HTTP/1.1" 200 27
116.238.139.35 - - [22/Mar/2023:08:55:39 +0800] "GET /xingrg/index.html?sysBaseUrl=http%3A%2F%2F180.169.147.146%3A18081%2Fxingrg%2F&costTime=849×tamp=1679444370802 HTTP/1.1" 200 17179
116.238.139.35 - - [22/Mar/2023:08:55:39 +0800] "GET /xingrg/javascript/jquery_easy_ui/themes/default/easyui.css HTTP/1.1" 304 -
116.238.139.35 - - [22/Mar/2023:08:55:39 +0800] "GET /xingrg/javascript/jquery_easy_ui/themes/icon.css HTTP/1.1" 304 -
116.238.139.35 - - [22/Mar/2023:08:55:39 +0800] "GET /xingrg/css/form.css HTTP/1.1" 304 -
116.238.139.35 - - [22/Mar/2023:08:55:39 +0800] "GET /xingrg/javascript/jquery-1.4.2.min.js HTTP/1.1" 304 -
116.238.139.35 - - [22/Mar/2023:08:55:39 +0800] "GET /xingrg/javascript/jquery_easy_ui/jquery.easyui.min.js HTTP/1.1" 304 -
116.238.139.35 - - [22/Mar/2023:08:55:39 +0800] "GET /xingrg/javascript/jquery_easy_ui/easyui-lang-zh_CN.js HTTP/1.1" 304 -
116.238.139.35 - - [22/Mar/2023:08:55:39 +0800] "GET /xingrg/javascript/jquery.form.js HTTP/1.1" 304 -
116.238.139.35 - - [22/Mar/2023:08:55:39 +0800] "GET /xingrg/javascript/jquery.utils.js HTTP/1.1" 304 -
116.238.139.35 - - [22/Mar/2023:08:55:39 +0800] "GET /xingrg/javascript/jquery.timers.js HTTP/1.1" 304 -
116.238.139.35 - - [22/Mar/2023:08:55:39 +0800] "GET /xingrg/images/blue/navBackgound.jpg HTTP/1.1" 304 -
116.238.139.35 - - [22/Mar/2023:08:55:39 +0800] "GET /xingrg/images/blue/jxLogo.png HTTP/1.1" 304 -
116.238.139.35 - - [22/Mar/2023:08:55:39 +0800] "GET /xingrg/javascript/jquery_easy_ui/themes/icons/settle_new.png HTTP/1.1" 304 -
116.238.139.35 - - [22/Mar/2023:08:55:39 +0800] "GET /xingrg/images/blue/pingpu.png HTTP/1.1" 304 -
116.238.139.35 - - [22/Mar/2023:08:55:39 +0800] "GET /xingrg/javascript/jquery_easy_ui/themes/default/images/tabs_leftarrow.png HTTP/1.1" 304 -
116.238.139.35 - - [22/Mar/2023:08:55:39 +0800] "GET /xingrg/javascript/jquery_easy_ui/themes/default/images/tabs_rightarrow.png HTTP/1.1" 304 -
116.238.139.35 - - [22/Mar/2023:08:55:39 +0800] "GET /xingrg/javascript/jquery_easy_ui/themes/default/images/panel_tool_collapse.gif HTTP/1.1" 304 -
116.238.139.35 - - [22/Mar/2023:08:55:39 +0800] "GET /xingrg/all/function/internal_message.html?_=1679446463990&CODE_STATE=count HTTP/1.1" 200 11
116.238.139.35 - - [22/Mar/2023:08:55:39 +0800] "GET /xingrg/check_reg.html?_=1679446463990 HTTP/1.1" 200 22
116.238.139.35 - - [22/Mar/2023:08:55:39 +0800] "POST /xingrg/all/common/load_tree.html?tree=area_rest_tree_json&manage=1 HTTP/1.1" 200 476
116.238.139.35 - - [22/Mar/2023:08:55:39 +0800] "POST /xingrg/load_menu.html HTTP/1.1" 200 5138
120.253.135.82 - - [22/Mar/2023:08:55:43 +0800] "GET /xingrg/all/function/internal_message.html?_=1679446372913&CODE_STATE=getMsg HTTP/1.1" 200 27
116.238.139.35 - - [22/Mar/2023:08:55:43 +0800] "GET /xingrg/kc/buy/cgsh_order_list.html HTTP/1.1" 200 54185
116.225.84.253 - - [22/Mar/2023:08:55:45 +0800] "GET /xingrg/kc/buy/cgsh_order_operate.html?command=get_materiel&rest_code=00105&code=00101008350&supplier_code=00100203&order_time=2023-03-22 HTTP/1.1" 200 408
116.238.139.35 - - [22/Mar/2023:08:55:46 +0800] "POST /xingrg/kc/buy/cgsh_list_operate.html HTTP/1.1" 200 1887
116.238.139.35 - - [22/Mar/2023:08:55:48 +0800] "POST /xingrg/kc/buy/cgsh_list_operate.html HTTP/1.1" 200 582
116.238.139.35 - - [22/Mar/2023:08:55:51 +0800] "GET /xingrg/javascript/jquery_tools/images/prev.gif HTTP/1.1" 404 1086
116.238.139.35 - - [22/Mar/2023:08:55:51 +0800] "GET /xingrg/javascript/jquery_tools/images/next.gif HTTP/1.1" 404 1086
180.157.253.110 - - [22/Mar/2023:08:55:57 +0800] "GET /xingrg/all/function/internal_message.html?_=1679446556590&CODE_STATE=getMsg HTTP/1.1" 302 -
116.235.240.214 - - [22/Mar/2023:08:55:58 +0800] "GET /xingrg/check_reg.html?_=1679446567838 HTTP/1.1" 200 22
116.238.139.35 - - [22/Mar/2023:08:56:00 +0800] "POST /xingrg/kc/buy/cgsh_list_operate.html HTTP/1.1" 200 1903
58.40.7.146 - - [22/Mar/2023:08:56:02 +0800] "GET /xingrg/all/function/internal_message.html?_=1679446562460&CODE_STATE=getMsg HTTP/1.1" 302 -
116.238.139.35 - - [22/Mar/2023:08:56:02 +0800] "POST /xingrg/kc/buy/cgsh_list_operate.html HTTP/1.1" 200 583
116.238.139.35 - - [22/Mar/2023:08:56:04 +0800] "GET /xingrg/kc/buy/cgsh_order_info.html?code=212023032208092 HTTP/1.1" 200 64913
116.238.139.35 - - [22/Mar/2023:08:56:05 +0800] "GET /xingrg/javascript/easyui/themes/default/validatebox.css HTTP/1.1" 404 1104
116.238.139.35 - - [22/Mar/2023:08:56:05 +0800] "POST /xingrg/kc/buy/cgsh_order_operate.html HTTP/1.1" 200 4185
116.238.139.35 - - [22/Mar/2023:08:56:09 +0800] "GET /xingrg/kc/print/load_data.html?order_code=212023032208092&kc_code=cgsh&condition= HTTP/1.1" 200 2079
222.70.221.209 - - [22/Mar/2023:08:56:10 +0800] "GET /xingrg/all/function/internal_message.html?_=1679446678741&CODE_STATE=getMsg HTTP/1.1" 200 27
116.238.139.35 - - [22/Mar/2023:08:56:14 +0800] "GET /xingrg/javascript/jquery_easy_ui/themes/default/images/tabs_active.png HTTP/1.1" 304 -
116.238.139.35 - - [22/Mar/2023:08:56:21 +0800] "POST /xingrg/kc/buy/cgsh_list_operate.html HTTP/1.1" 200 1887
116.235.240.214 - - [22/Mar/2023:08:56:21 +0800] "GET /xingrg/all/function/internal_message.html?_=1679446591357&CODE_STATE=getMsg HTTP/1.1" 200 27
116.192.124.172 - - [22/Mar/2023:08:56:22 +0800] "GET /xingrg/all/function/internal_message.html?_=1679446582344&CODE_STATE=getMsg HTTP/1.1" 302 -
222.70.221.209 - - [22/Mar/2023:08:56:24 +0800] "GET /xingrg/kc/buy/cgsh_order_list.html HTTP/1.1" 200 54185
116.225.84.253 - - [22/Mar/2023:08:56:25 +0800] "GET /xingrg/kc/buy/cgsh_order_operate.html?command=get_materiel&rest_code=00105&code=00101008357&supplier_code=00100203&order_time=2023-03-22 HTTP/1.1" 200 408
116.238.139.35 - - [22/Mar/2023:08:56:32 +0800] "POST /xingrg/kc/buy/cgsh_list_operate.html HTTP/1.1" 200 582
222.70.221.209 - - [22/Mar/2023:08:56:32 +0800] "POST /xingrg/kc/buy/cgsh_list_operate.html HTTP/1.1" 200 3593
116.238.139.35 - - [22/Mar/2023:08:56:34 +0800] "GET /xingrg/kc/buy/cgsh_order_info.html?code=212023032208099 HTTP/1.1" 200 70026
116.238.139.35 - - [22/Mar/2023:08:56:35 +0800] "GET /xingrg/javascript/easyui/themes/default/validatebox.css HTTP/1.1" 404 1104
116.238.139.35 - - [22/Mar/2023:08:56:35 +0800] "POST /xingrg/kc/buy/cgsh_order_operate.html HTTP/1.1" 200 19830
124.79.72.155 - - [22/Mar/2023:08:56:36 +0800] "GET /xingrg/check_reg.html?_=1679446602924 HTTP/1.1" 200 22
124.79.72.155 - - [22/Mar/2023:08:56:36 +0800] "GET /xingrg/all/function/internal_message.html?_=1679446602927&CODE_STATE=getMsg HTTP/1.1" 200 27
116.225.84.253 - - [22/Mar/2023:08:56:38 +0800] "GET /xingrg/check_reg.html?_=1679446442723 HTTP/1.1" 200 22
116.225.84.253 - - [22/Mar/2023:08:56:38 +0800] "GET /xingrg/all/function/internal_message.html?_=1679446442727&CODE_STATE=getMsg HTTP/1.1" 200 27
116.238.139.35 - - [22/Mar/2023:08:56:39 +0800] "GET /xingrg/all/function/internal_message.html?_=1679446523996&CODE_STATE=getMsg HTTP/1.1" 200 27
120.253.135.82 - - [22/Mar/2023:08:56:43 +0800] "GET /xingrg/all/function/internal_message.html?_=1679446432942&CODE_STATE=getMsg HTTP/1.1" 200 27
222.70.221.209 - - [22/Mar/2023:08:56:43 +0800] "POST /xingrg/kc/buy/cgsh_list_operate.html HTTP/1.1" 200 3593
180.157.253.110 - - [22/Mar/2023:08:56:57 +0800] "GET /xingrg/all/function/internal_message.html?_=1679446616567&CODE_STATE=getMsg HTTP/1.1" 302 -
222.70.221.209 - - [22/Mar/2023:08:57:00 +0800] "POST /xingrg/kc/buy/cgsh_list_operate.html HTTP/1.1" 200 564
222.70.221.209 - - [22/Mar/2023:08:57:02 +0800] "GET /xingrg/kc/buy/cgsh_order_info.html?code=212023032208093 HTTP/1.1" 200 70019
58.221.95.50 - - [22/Mar/2023:08:57:02 +0800] "GET /xingrg/check_reg.html?_=1679446623019 HTTP/1.1" 302 -
222.70.221.209 - - [22/Mar/2023:08:57:02 +0800] "GET /xingrg/javascript/easyui/themes/default/validatebox.css HTTP/1.1" 404 1104
58.40.7.146 - - [22/Mar/2023:08:57:02 +0800] "GET /xingrg/all/function/internal_message.html?_=1679446622441&CODE_STATE=getMsg HTTP/1.1" 302 -
222.70.221.209 - - [22/Mar/2023:08:57:03 +0800] "POST /xingrg/kc/buy/cgsh_order_operate.html HTTP/1.1" 200 9745
222.70.221.209 - - [22/Mar/2023:08:57:10 +0800] "GET /xingrg/all/function/internal_message.html?_=1679446738732&CODE_STATE=getMsg HTTP/1.1" 200 27
222.70.221.209 - - [22/Mar/2023:08:57:10 +0800] "GET /xingrg/check_reg.html?_=1679446738734 HTTP/1.1" 200 22
116.225.84.253 - - [22/Mar/2023:08:57:18 +0800] "POST /xingrg/kc/buy/cgsh_order_operate.html HTTP/1.1" 200 2065
116.235.240.214 - - [22/Mar/2023:08:57:21 +0800] "GET /xingrg/all/function/internal_message.html?_=1679446651373&CODE_STATE=getMsg HTTP/1.1" 200 27
116.192.124.172 - - [22/Mar/2023:08:57:22 +0800] "GET /xingrg/all/function/internal_message.html?_=1679446642331&CODE_STATE=getMsg HTTP/1.1" 302 -
222.70.221.209 - - [22/Mar/2023:08:57:25 +0800] "POST /xingrg/kc/buy/cgsh_order_operate.html HTTP/1.1" 200 37
222.70.221.209 - - [22/Mar/2023:08:57:26 +0800] "POST /xingrg/kc/buy/cgsh_order_operate.html HTTP/1.1" 200 9745
222.70.221.209 - - [22/Mar/2023:08:57:35 +0800] "GET /xingrg/index.html?sysBaseUrl=http%3A%2F%2F180.169.147.146%3A18081%2Fxingrg%2F&costTime=1277×tamp=1606817596806 HTTP/1.1" 302 -
222.70.221.209 - - [22/Mar/2023:08:57:35 +0800] "GET /xingrg/login.html HTTP/1.1" 200 7641
222.70.221.209 - - [22/Mar/2023:08:57:36 +0800] "GET /favicon.ico HTTP/1.1" 404 -
124.79.72.155 - - [22/Mar/2023:08:57:36 +0800] "GET /xingrg/all/function/internal_message.html?_=1679446662927&CODE_STATE=getMsg HTTP/1.1" 200 27
120.253.135.82 - - [22/Mar/2023:08:57:37 +0800] "GET /xingrg/check_reg.html?_=1679446487433 HTTP/1.1" 200 22
116.225.84.253 - - [22/Mar/2023:08:57:38 +0800] "GET /xingrg/all/function/internal_message.html?_=1679446502717&CODE_STATE=getMsg HTTP/1.1" 200 27
116.238.139.35 - - [22/Mar/2023:08:57:39 +0800] "GET /xingrg/all/function/internal_message.html?_=1679446584009&CODE_STATE=getMsg HTTP/1.1" 200 27
120.253.135.82 - - [22/Mar/2023:08:57:43 +0800] "GET /xingrg/all/function/internal_message.html?_=1679446492955&CODE_STATE=getMsg HTTP/1.1" 200 27
222.70.221.209 - - [22/Mar/2023:08:57:43 +0800] "GET /xingrg/login.do HTTP/1.1" 302 -
222.70.221.209 - - [22/Mar/2023:08:57:43 +0800] "GET /xingrg/login.html?sysBaseUrl=http%3A%2F%2F180.169.147.146%3A18081%2Fxingrg%2F&costTime=0×tamp=1679446663193 HTTP/1.1" 200 7641
222.70.221.209 - - [22/Mar/2023:08:57:43 +0800] "GET /favicon.ico HTTP/1.1" 404 -
222.70.221.209 - - [22/Mar/2023:08:57:44 +0800] "POST /xingrg/login.do HTTP/1.1" 302 -
222.70.221.209 - - [22/Mar/2023:08:57:44 +0800] "GET /xingrg/index.html?sysBaseUrl=http%3A%2F%2F180.169.147.146%3A18081%2Fxingrg%2F&costTime=839×tamp=1679446664614 HTTP/1.1" 200 17179
222.70.221.209 - - [22/Mar/2023:08:57:44 +0800] "GET /favicon.ico HTTP/1.1" 404 -
222.70.221.209 - - [22/Mar/2023:08:57:44 +0800] "POST /xingrg/all/common/load_tree.html?tree=area_rest_tree_json&manage=1 HTTP/1.1" 200 479
222.70.221.209 - - [22/Mar/2023:08:57:44 +0800] "GET /xingrg/all/function/internal_message.html?_=1679446772730&CODE_STATE=count HTTP/1.1" 200 11
222.70.221.209 - - [22/Mar/2023:08:57:44 +0800] "GET /xingrg/check_reg.html?_=1679446772731 HTTP/1.1" 200 22
222.70.221.209 - - [22/Mar/2023:08:57:45 +0800] "POST /xingrg/load_menu.html HTTP/1.1" 200 5138
222.70.221.209 - - [22/Mar/2023:08:57:47 +0800] "GET /xingrg/kc/buy/cgsh_order_list.html HTTP/1.1" 200 54185
222.70.221.209 - - [22/Mar/2023:08:57:55 +0800] "POST /xingrg/kc/buy/cgsh_list_operate.html HTTP/1.1" 200 3593
180.157.253.110 - - [22/Mar/2023:08:57:57 +0800] "GET /xingrg/all/function/internal_message.html?_=1679446676548&CODE_STATE=getMsg HTTP/1.1" 302 -
58.40.7.146 - - [22/Mar/2023:08:58:02 +0800] "GET /xingrg/all/function/internal_message.html?_=1679446682420&CODE_STATE=getMsg HTTP/1.1" 302 -
222.70.221.209 - - [22/Mar/2023:08:58:06 +0800] "POST /xingrg/kc/buy/cgsh_list_operate.html HTTP/1.1" 200 3593
222.70.221.209 - - [22/Mar/2023:08:58:13 +0800] "POST /xingrg/kc/buy/cgsh_list_operate.html HTTP/1.1" 200 564
116.225.84.253 - - [22/Mar/2023:08:58:13 +0800] "GET /xingrg/kc/buy/cgsh_order_operate.html?command=get_materiel&rest_code=00105&code=00101008209&supplier_code=00100203&order_time=2023-03-22 HTTP/1.1" 200 408
222.70.221.209 - - [22/Mar/2023:08:58:14 +0800] "GET /xingrg/kc/buy/cgsh_order_info.html?code=212023032208093 HTTP/1.1" 200 70019
222.70.221.209 - - [22/Mar/2023:08:58:14 +0800] "GET /xingrg/javascript/easyui/themes/default/validatebox.css HTTP/1.1" 404 1104
222.70.221.209 - - [22/Mar/2023:08:58:14 +0800] "GET /xingrg/all/common/auto_word.html?type=employee&rest_code=00155 HTTP/1.1" 200 205
222.70.221.209 - - [22/Mar/2023:08:58:14 +0800] "GET /xingrg/all/common/auto_word.html?type=employee&rest_code=00155 HTTP/1.1" 200 205
222.70.221.209 - - [22/Mar/2023:08:58:15 +0800] "POST /xingrg/kc/buy/cgsh_order_operate.html HTTP/1.1" 200 9745
222.70.221.209 - - [22/Mar/2023:08:58:16 +0800] "GET /xingrg/kc/print/load_config.html?kc_code=cgsh HTTP/1.1" 200 1925
222.70.221.209 - - [22/Mar/2023:08:58:17 +0800] "GET /xingrg/kc/print/load_data.html?order_code=212023032208093&kc_code=cgsh&condition= HTTP/1.1" 200 3401
116.238.139.35 - - [22/Mar/2023:08:58:19 +0800] "POST /xingrg/kc/buy/cgsh_order_operate.html HTTP/1.1" 200 37
116.235.240.214 - - [22/Mar/2023:08:58:21 +0800] "GET /xingrg/all/function/internal_message.html?_=1679446711389&CODE_STATE=getMsg HTTP/1.1" 200 27
116.192.124.172 - - [22/Mar/2023:08:58:22 +0800] "GET /xingrg/all/function/internal_message.html?_=1679446702318&CODE_STATE=getMsg HTTP/1.1" 302 -
116.238.139.35 - - [22/Mar/2023:08:58:36 +0800] "POST /xingrg/kc/buy/cgsh_order_operate.html HTTP/1.1" 200 12
124.79.72.155 - - [22/Mar/2023:08:58:36 +0800] "GET /xingrg/all/function/internal_message.html?_=1679446722914&CODE_STATE=getMsg HTTP/1.1" 200 27
116.225.84.253 - - [22/Mar/2023:08:58:38 +0800] "GET /xingrg/all/function/internal_message.html?_=1679446562714&CODE_STATE=getMsg HTTP/1.1" 200 27
116.225.84.253 - - [22/Mar/2023:08:58:38 +0800] "GET /xingrg/kc/buy/cgsh_order_operate.html?command=get_materiel&rest_code=00105&code=00101008300&supplier_code=00100203&order_time=2023-03-22 HTTP/1.1" 200 412
116.238.139.35 - - [22/Mar/2023:08:58:38 +0800] "GET /xingrg/kc/buy/cgsh_order_info.html?code=212023032208099 HTTP/1.1" 200 64923
116.238.139.35 - - [22/Mar/2023:08:58:39 +0800] "GET /xingrg/javascript/easyui/themes/default/validatebox.css HTTP/1.1" 404 1104
116.238.139.35 - - [22/Mar/2023:08:58:39 +0800] "GET /xingrg/all/function/internal_message.html?_=1679446644023&CODE_STATE=getMsg HTTP/1.1" 200 27
116.238.139.35 - - [22/Mar/2023:08:58:39 +0800] "POST /xingrg/kc/buy/cgsh_order_operate.html HTTP/1.1" 200 17775
116.238.139.35 - - [22/Mar/2023:08:58:42 +0800] "GET /xingrg/kc/print/load_data.html?order_code=212023032208099&kc_code=cgsh&condition= HTTP/1.1" 200 7234
120.253.135.82 - - [22/Mar/2023:08:58:43 +0800] "GET /xingrg/all/function/internal_message.html?_=1679446552969&CODE_STATE=getMsg HTTP/1.1" 200 27
222.70.221.209 - - [22/Mar/2023:08:58:44 +0800] "GET /xingrg/all/function/internal_message.html?_=1679446832738&CODE_STATE=getMsg HTTP/1.1" 200 27
180.157.253.110 - - [22/Mar/2023:08:58:57 +0800] "GET /xingrg/all/function/internal_message.html?_=1679446736523&CODE_STATE=getMsg HTTP/1.1" 302 -
58.40.7.146 - - [22/Mar/2023:08:59:02 +0800] "GET /xingrg/all/function/internal_message.html?_=1679446742402&CODE_STATE=getMsg HTTP/1.1" 302 -
116.235.240.214 - - [22/Mar/2023:08:59:21 +0800] "GET /xingrg/all/function/internal_message.html?_=1679446771400&CODE_STATE=getMsg HTTP/1.1" 200 27
116.192.124.172 - - [22/Mar/2023:08:59:22 +0800] "GET /xingrg/all/function/internal_message.html?_=1679446762308&CODE_STATE=getMsg HTTP/1.1" 302 -
116.192.124.172 - - [22/Mar/2023:08:59:22 +0800] "GET /xingrg/check_reg.html?_=1679446763297 HTTP/1.1" 302 -
124.79.72.155 - - [22/Mar/2023:08:59:36 +0800] "GET /xingrg/all/function/internal_message.html?_=1679446782915&CODE_STATE=getMsg HTTP/1.1" 200 27
116.225.84.253 - - [22/Mar/2023:08:59:38 +0800] "GET /xingrg/all/function/internal_message.html?_=1679446622753&CODE_STATE=getMsg HTTP/1.1" 200 27
116.238.139.35 - - [22/Mar/2023:08:59:39 +0800] "GET /xingrg/all/function/internal_message.html?_=1679446704036&CODE_STATE=getMsg HTTP/1.1" 200 27
120.253.135.82 - - [22/Mar/2023:08:59:41 +0800] "GET /xingrg/kc/pszx/mdqp_order_list.html?state=10 HTTP/1.1" 200 10275
120.253.135.82 - - [22/Mar/2023:08:59:41 +0800] "GET /xingrg/dwr/interface/AjaxQqpsService.js HTTP/1.1" 200 16326
120.253.135.82 - - [22/Mar/2023:08:59:41 +0800] "GET /xingrg/dwr/util.js HTTP/1.1" 304 -
120.253.135.82 - - [22/Mar/2023:08:59:41 +0800] "GET /xingrg/javascript/Calendar.js HTTP/1.1" 304 -
120.253.135.82 - - [22/Mar/2023:08:59:41 +0800] "GET /xingrg/dwr/interface/AjaxReportQueryService.js HTTP/1.1" 200 13203
120.253.135.82 - - [22/Mar/2023:08:59:41 +0800] "GET /xingrg/dwr/engine.js HTTP/1.1" 200 43631
120.253.135.82 - - [22/Mar/2023:08:59:41 +0800] "GET /xingrg/javascript/jquery_easy_ui/themes/icons/check_new.png HTTP/1.1" 304 -
120.253.135.82 - - [22/Mar/2023:08:59:41 +0800] "GET /xingrg/javascript/jquery_easy_ui/themes/icons/uncheck_new.png HTTP/1.1" 304 -
120.253.135.82 - - [22/Mar/2023:08:59:43 +0800] "GET /xingrg/all/function/internal_message.html?_=1679446613046&CODE_STATE=getMsg HTTP/1.1" 200 27
120.253.135.82 - - [22/Mar/2023:08:59:43 +0800] "GET /xingrg/kc/pszx/mdps_order_list.html?orderType=0 HTTP/1.1" 200 21032
120.253.135.82 - - [22/Mar/2023:08:59:43 +0800] "GET /xingrg/javascript/easyui/themes/icons/uncheck_new.png HTTP/1.1" 304 -
120.253.135.82 - - [22/Mar/2023:08:59:43 +0800] "POST /xingrg/kc/pszx/mdps_list_operate.html HTTP/1.1" 200 5405
222.70.221.209 - - [22/Mar/2023:08:59:44 +0800] "GET /xingrg/all/function/internal_message.html?_=1679446892752&CODE_STATE=getMsg HTTP/1.1" 200 27
120.253.135.82 - - [22/Mar/2023:08:59:55 +0800] "POST /xingrg/kc/pszx/mdps_list_operate.html HTTP/1.1" 200 3550
180.157.253.110 - - [22/Mar/2023:08:59:57 +0800] "GET /xingrg/all/function/internal_message.html?_=1679446796502&CODE_STATE=getMsg HTTP/1.1" 302 -
180.157.253.110 - - [22/Mar/2023:08:59:57 +0800] "GET /xingrg/check_reg.html?_=1679446796847 HTTP/1.1" 302 -
58.40.7.146 - - [22/Mar/2023:09:00:02 +0800] "GET /xingrg/all/function/internal_message.html?_=1679446802378&CODE_STATE=getMsg HTTP/1.1" 302 -
120.253.135.82 - - [22/Mar/2023:09:00:04 +0800] "POST /xingrg/kc/pszx/mdps_list_operate.html HTTP/1.1" 200 284
58.40.7.146 - - [22/Mar/2023:09:00:11 +0800] "GET /xingrg/check_reg.html?_=1679446811976 HTTP/1.1" 302 -
120.253.135.82 - - [22/Mar/2023:09:00:13 +0800] "POST /xingrg/kc/pszx/mdps_list_operate.html HTTP/1.1" 200 217
120.253.135.82 - - [22/Mar/2023:09:00:14 +0800] "GET /xingrg/kc/pszx/mdps_order_info.html?code=312023032100476 HTTP/1.1" 200 23976
120.253.135.82 - - [22/Mar/2023:09:00:15 +0800] "GET /xingrg/javascript/easyui/themes/default/validatebox.css HTTP/1.1" 404 1104
120.253.135.82 - - [22/Mar/2023:09:00:15 +0800] "POST /xingrg/kc/pszx/mdps_order_operate.html HTTP/1.1" 200 2305
120.253.135.82 - - [22/Mar/2023:09:00:18 +0800] "POST /xingrg/kc/pszx/mdps_order_operate.html HTTP/1.1" 200 37
116.192.124.172 - - [22/Mar/2023:09:00:21 +0800] "GET /xingrg/all/function/internal_message.html?_=1679446822291&CODE_STATE=getMsg HTTP/1.1" 302 -
116.235.240.214 - - [22/Mar/2023:09:00:21 +0800] "GET /xingrg/all/function/internal_message.html?_=1679446831414&CODE_STATE=getMsg HTTP/1.1" 200 27
120.253.135.82 - - [22/Mar/2023:09:00:22 +0800] "POST /xingrg/kc/pszx/mdps_order_operate.html HTTP/1.1" 200 12
120.253.135.82 - - [22/Mar/2023:09:00:30 +0800] "GET /xingrg/kc/pszx/mdps_order_info.html?code=312023032100476 HTTP/1.1" 200 19636
120.253.135.82 - - [22/Mar/2023:09:00:30 +0800] "GET /xingrg/javascript/easyui/themes/default/validatebox.css HTTP/1.1" 404 1104
120.253.135.82 - - [22/Mar/2023:09:00:31 +0800] "POST /xingrg/kc/pszx/mdps_order_operate.html HTTP/1.1" 200 526
120.253.135.82 - - [22/Mar/2023:09:00:34 +0800] "POST /xingrg/kc/pszx/mdps_list_operate.html HTTP/1.1" 200 202
120.253.135.82 - - [22/Mar/2023:09:00:35 +0800] "GET /xingrg/kc/pszx/mdps_order_info.html?code=312023032100479 HTTP/1.1" 200 23978
120.253.135.82 - - [22/Mar/2023:09:00:36 +0800] "GET /xingrg/javascript/easyui/themes/default/validatebox.css HTTP/1.1" 404 1104
124.79.72.155 - - [22/Mar/2023:09:00:36 +0800] "GET /xingrg/all/function/internal_message.html?_=1679446842916&CODE_STATE=getMsg HTTP/1.1" 200 27
120.253.135.82 - - [22/Mar/2023:09:00:36 +0800] "POST /xingrg/kc/pszx/mdps_order_operate.html HTTP/1.1" 200 2276
116.225.84.253 - - [22/Mar/2023:09:00:38 +0800] "POST /xingrg/kc/buy/cgsh_order_operate.html HTTP/1.1" 200 2065
116.225.84.253 - - [22/Mar/2023:09:00:38 +0800] "GET /xingrg/all/function/internal_message.html?_=1679446682746&CODE_STATE=getMsg HTTP/1.1" 200 27
116.238.139.35 - - [22/Mar/2023:09:00:39 +0800] "GET /xingrg/check_reg.html?_=1679446763988 HTTP/1.1" 200 22
116.238.139.35 - - [22/Mar/2023:09:00:39 +0800] "GET /xingrg/all/function/internal_message.html?_=1679446764049&CODE_STATE=getMsg HTTP/1.1" 200 27
120.253.135.82 - - [22/Mar/2023:09:00:40 +0800] "POST /xingrg/kc/pszx/mdps_order_operate.html HTTP/1.1" 200 37
120.253.135.82 - - [22/Mar/2023:09:00:43 +0800] "GET /xingrg/all/function/internal_message.html?_=1679446673058&CODE_STATE=getMsg HTTP/1.1" 200 27
