116.192.124.172 - - [22/Mar/2023:10:33:13 +0800] "POST /xingrg/all/common/load_combo.html?type=base HTTP/1.1" 200 3321
124.79.79.194 - - [22/Mar/2023:10:33:13 +0800] "POST /xingrg/services/DataTransmitService HTTP/1.1" 200 524
124.79.79.194 - - [22/Mar/2023:10:33:14 +0800] "POST /xingrg/services/DataTransmitService HTTP/1.1" 200 2151
116.225.84.253 - - [22/Mar/2023:10:33:20 +0800] "GET /xingrg/kc/buy/cgsh_order_operate.html?command=get_materiel&rest_code=00105&code=00101029024&supplier_code=00100017&order_time=2023-03-22 HTTP/1.1" 200 438
116.235.240.214 - - [22/Mar/2023:10:33:23 +0800] "GET /xingrg/all/function/internal_message.html?_=1679452412804&CODE_STATE=getMsg HTTP/1.1" 200 27
116.192.124.172 - - [22/Mar/2023:10:33:24 +0800] "GET /xingrg/kc/base/wldb_order_operate.html?command=get_materiel&rest_code=00102&base_code=0010476&code=00101019084 HTTP/1.1" 200 471
116.192.124.172 - - [22/Mar/2023:10:33:30 +0800] "POST /xingrg/kc/base/wldb_order_operate.html HTTP/1.1" 200 37
180.169.147.146 - - [22/Mar/2023:10:33:30 +0800] "GET /xingrg/check_reg.html?_=1679452411745 HTTP/1.1" 200 22
180.169.147.146 - - [22/Mar/2023:10:33:30 +0800] "GET /xingrg/all/function/internal_message.html?_=1679452411825&CODE_STATE=getMsg HTTP/1.1" 200 27
116.235.240.214 - - [22/Mar/2023:10:33:35 +0800] "GET /xingrg/kc/buy/cgsh_order_operate.html?command=get_materiel&rest_code=00146&code=00101008005&supplier_code=00100005&order_time=2023-03-22 HTTP/1.1" 200 412
116.192.124.172 - - [22/Mar/2023:10:33:35 +0800] "POST /xingrg/kc/base/wldb_order_operate.html HTTP/1.1" 200 12
116.192.124.172 - - [22/Mar/2023:10:33:35 +0800] "POST /xingrg/kc/base/wldb_order_operate.html HTTP/1.1" 200 2213
124.79.72.155 - - [22/Mar/2023:10:33:36 +0800] "GET /xingrg/all/function/internal_message.html?_=1679452423128&CODE_STATE=getMsg HTTP/1.1" 200 27
116.192.124.172 - - [22/Mar/2023:10:33:37 +0800] "GET /xingrg/kc/base/wldb_order_info.html?code=422023032201819 HTTP/1.1" 200 26250
116.192.124.172 - - [22/Mar/2023:10:33:37 +0800] "GET /xingrg/javascript/easyui/themes/default/validatebox.css HTTP/1.1" 404 1104
116.192.124.172 - - [22/Mar/2023:10:33:37 +0800] "POST /xingrg/kc/base/wldb_order_operate.html HTTP/1.1" 200 508
116.225.84.253 - - [22/Mar/2023:10:33:38 +0800] "GET /xingrg/all/function/internal_message.html?_=1679452262868&CODE_STATE=getMsg HTTP/1.1" 200 27
116.192.124.172 - - [22/Mar/2023:10:33:39 +0800] "GET /xingrg/kc/base/wldb_order_add.html HTTP/1.1" 200 30377
116.192.124.172 - - [22/Mar/2023:10:33:40 +0800] "POST /xingrg/kc/base/wldb_order_operate.html HTTP/1.1" 200 6806
116.192.124.172 - - [22/Mar/2023:10:33:40 +0800] "GET /xingrg/javascript/easyui/themes/default/validatebox.css HTTP/1.1" 404 1104
116.192.124.172 - - [22/Mar/2023:10:33:40 +0800] "POST /xingrg/all/common/load_combo.html?type=base HTTP/1.1" 200 3321
180.164.3.199 - - [22/Mar/2023:10:33:41 +0800] "GET /xingrg/all/function/internal_message.html?_=1679452420732&CODE_STATE=getMsg HTTP/1.1" 200 27
180.164.3.199 - - [22/Mar/2023:10:33:41 +0800] "GET /xingrg/check_reg.html?_=1679452420737 HTTP/1.1" 200 22
116.192.124.172 - - [22/Mar/2023:10:33:42 +0800] "POST /xingrg/all/common/load_combo.html?type=base HTTP/1.1" 200 3321
120.253.135.82 - - [22/Mar/2023:10:33:42 +0800] "GET /xingrg/all/function/internal_message.html?_=1679452252721&CODE_STATE=getMsg HTTP/1.1" 200 27
222.70.221.209 - - [22/Mar/2023:10:33:45 +0800] "GET /xingrg/all/function/internal_message.html?_=1679452532752&CODE_STATE=getMsg HTTP/1.1" 200 27
116.192.124.172 - - [22/Mar/2023:10:33:49 +0800] "GET /xingrg/kc/base/wldb_order_operate.html?command=get_materiel&rest_code=00102&base_code=0010476&code=00101027001 HTTP/1.1" 200 471
124.79.240.233 - - [22/Mar/2023:10:33:52 +0800] "GET /xingrg/all/function/internal_message.html?_=1679452691004&CODE_STATE=getMsg HTTP/1.1" 200 27
180.157.253.110 - - [22/Mar/2023:10:33:55 +0800] "GET /xingrg/all/function/internal_message.html?_=1679452434742&CODE_STATE=getMsg HTTP/1.1" 302 -
58.40.7.146 - - [22/Mar/2023:10:34:00 +0800] "GET /xingrg/all/function/internal_message.html?_=1679452440714&CODE_STATE=getMsg HTTP/1.1" 302 -
116.192.124.172 - - [22/Mar/2023:10:34:02 +0800] "GET /xingrg/all/function/internal_message.html?_=1679452442706&CODE_STATE=getMsg HTTP/1.1" 200 27
120.253.135.82 - - [22/Mar/2023:10:34:05 +0800] "GET /xingrg/javascript/easyui/themes/sunny/images/ui-bg_gloss-wave_60_fece2f_500x100.png HTTP/1.1" 304 -
116.225.84.253 - - [22/Mar/2023:10:34:05 +0800] "GET /xingrg/kc/buy/cgsh_order_operate.html?command=get_materiel&rest_code=00105&code=00101029025&supplier_code=00100017&order_time=2023-03-22 HTTP/1.1" 200 442
222.70.182.154 - - [22/Mar/2023:10:34:08 +0800] "GET /xingrg/all/function/internal_message.html?_=1679452446007&CODE_STATE=getMsg HTTP/1.1" 200 27
120.253.135.82 - - [22/Mar/2023:10:34:09 +0800] "GET /xingrg/kc/base/wldb_order_list.html HTTP/1.1" 200 19098
120.253.135.82 - - [22/Mar/2023:10:34:09 +0800] "GET /xingrg/javascript/easyui/themes/default/easyui.css HTTP/1.1" 304 -
120.253.135.82 - - [22/Mar/2023:10:34:09 +0800] "GET /xingrg/javascript/jquery_tools/jquery.tools.table.js HTTP/1.1" 304 -
120.253.135.82 - - [22/Mar/2023:10:34:09 +0800] "GET /xingrg/javascript/jquery_tools/table.css HTTP/1.1" 304 -
120.253.135.82 - - [22/Mar/2023:10:34:09 +0800] "GET /xingrg/javascript/easyui/themes/icons/check_new.png HTTP/1.1" 304 -
120.253.135.82 - - [22/Mar/2023:10:34:09 +0800] "GET /xingrg/javascript/easyui/themes/icons/cance_new.png HTTP/1.1" 304 -
120.253.135.82 - - [22/Mar/2023:10:34:09 +0800] "GET /xingrg/javascript/easyui/themes/icons/edit_add_new.png HTTP/1.1" 304 -
222.70.182.154 - - [22/Mar/2023:10:34:09 +0800] "GET /xingrg/check_reg.html?_=1679452447086 HTTP/1.1" 200 22
114.83.222.182 - - [22/Mar/2023:10:34:09 +0800] "GET /xingrg/all/function/internal_message.html?_=1679452520273&CODE_STATE=getMsg HTTP/1.1" 200 27
120.253.135.82 - - [22/Mar/2023:10:34:10 +0800] "POST /xingrg/kc/base/wldb_list_operate.html HTTP/1.1" 200 928
114.83.219.160 - - [22/Mar/2023:10:34:11 +0800] "GET /xingrg/all/function/internal_message.html?_=1679452449925&CODE_STATE=getMsg HTTP/1.1" 200 27
116.192.124.172 - - [22/Mar/2023:10:34:15 +0800] "POST /xingrg/kc/base/wldb_order_operate.html HTTP/1.1" 200 37
116.192.124.172 - - [22/Mar/2023:10:34:20 +0800] "POST /xingrg/kc/base/wldb_order_operate.html HTTP/1.1" 200 12
116.192.124.172 - - [22/Mar/2023:10:34:20 +0800] "POST /xingrg/kc/base/wldb_order_operate.html HTTP/1.1" 200 2216
116.192.124.172 - - [22/Mar/2023:10:34:21 +0800] "GET /xingrg/kc/base/wldb_order_info.html?code=422023032201820 HTTP/1.1" 200 26254
116.192.124.172 - - [22/Mar/2023:10:34:21 +0800] "GET /xingrg/javascript/easyui/themes/default/validatebox.css HTTP/1.1" 404 1104
116.192.124.172 - - [22/Mar/2023:10:34:22 +0800] "POST /xingrg/kc/base/wldb_order_operate.html HTTP/1.1" 200 510
116.235.240.214 - - [22/Mar/2023:10:34:23 +0800] "GET /xingrg/all/function/internal_message.html?_=1679452472815&CODE_STATE=getMsg HTTP/1.1" 200 27
116.235.240.214 - - [22/Mar/2023:10:34:27 +0800] "GET /xingrg/kc/buy/cgsh_order_operate.html?command=get_materiel&rest_code=00146&code=00101008353&supplier_code=00100005&order_time=2023-03-22 HTTP/1.1" 200 408
116.192.124.172 - - [22/Mar/2023:10:34:30 +0800] "GET /favicon.ico HTTP/1.1" 404 -
180.169.147.146 - - [22/Mar/2023:10:34:30 +0800] "GET /xingrg/all/function/internal_message.html?_=1679452471813&CODE_STATE=getMsg HTTP/1.1" 200 27
124.79.72.155 - - [22/Mar/2023:10:34:36 +0800] "GET /xingrg/all/function/internal_message.html?_=1679452483129&CODE_STATE=getMsg HTTP/1.1" 200 27
116.225.84.253 - - [22/Mar/2023:10:34:38 +0800] "GET /xingrg/all/function/internal_message.html?_=1679452322883&CODE_STATE=getMsg HTTP/1.1" 200 27
116.235.240.214 - - [22/Mar/2023:10:34:39 +0800] "GET /xingrg/kc/buy/cgsh_order_operate.html?command=get_materiel&rest_code=00146&code=00101008213&supplier_code=00100005&order_time=2023-03-22 HTTP/1.1" 200 412
180.164.3.199 - - [22/Mar/2023:10:34:41 +0800] "GET /xingrg/all/function/internal_message.html?_=1679452480738&CODE_STATE=getMsg HTTP/1.1" 200 27
124.79.240.233 - - [22/Mar/2023:10:34:41 +0800] "GET /xingrg/kc/buy/cgsh_order_operate.html?command=get_materiel&rest_code=00104&code=00101006127&supplier_code=00100012&order_time=2023-03-21 HTTP/1.1" 200 423
120.253.135.82 - - [22/Mar/2023:10:34:42 +0800] "GET /xingrg/all/function/internal_message.html?_=1679452312728&CODE_STATE=getMsg HTTP/1.1" 200 27
116.192.124.172 - - [22/Mar/2023:10:34:43 +0800] "GET /favicon.ico HTTP/1.1" 404 -
222.70.221.209 - - [22/Mar/2023:10:34:45 +0800] "GET /xingrg/all/function/internal_message.html?_=1679452592753&CODE_STATE=getMsg HTTP/1.1" 200 27
124.79.240.233 - - [22/Mar/2023:10:34:52 +0800] "GET /xingrg/check_reg.html?_=1679452750717 HTTP/1.1" 200 22
124.79.240.233 - - [22/Mar/2023:10:34:52 +0800] "GET /xingrg/all/function/internal_message.html?_=1679452750982&CODE_STATE=getMsg HTTP/1.1" 200 27
180.157.253.110 - - [22/Mar/2023:10:34:55 +0800] "GET /xingrg/all/function/internal_message.html?_=1679452494725&CODE_STATE=getMsg HTTP/1.1" 302 -
180.157.253.110 - - [22/Mar/2023:10:34:57 +0800] "GET /xingrg/check_reg.html?_=1679452496575 HTTP/1.1" 302 -
58.40.7.146 - - [22/Mar/2023:10:35:00 +0800] "GET /xingrg/all/function/internal_message.html?_=1679452500690&CODE_STATE=getMsg HTTP/1.1" 302 -
116.235.240.214 - - [22/Mar/2023:10:35:01 +0800] "GET /xingrg/kc/buy/cgsh_order_operate.html?command=get_materiel&rest_code=00146&code=00101008291&supplier_code=00100005&order_time=2023-03-22 HTTP/1.1" 200 408
116.192.124.172 - - [22/Mar/2023:10:35:02 +0800] "GET /xingrg/all/function/internal_message.html?_=1679452502690&CODE_STATE=getMsg HTTP/1.1" 200 27
116.235.240.214 - - [22/Mar/2023:10:35:06 +0800] "POST /xingrg/kc/buy/cgsh_order_operate.html HTTP/1.1" 200 2065
222.70.182.154 - - [22/Mar/2023:10:35:08 +0800] "GET /xingrg/all/function/internal_message.html?_=1679452505978&CODE_STATE=getMsg HTTP/1.1" 200 27
114.83.222.182 - - [22/Mar/2023:10:35:09 +0800] "GET /xingrg/all/function/internal_message.html?_=1679452580262&CODE_STATE=getMsg HTTP/1.1" 200 27
114.83.219.160 - - [22/Mar/2023:10:35:11 +0800] "GET /xingrg/all/function/internal_message.html?_=1679452509950&CODE_STATE=getMsg HTTP/1.1" 200 27
58.40.7.146 - - [22/Mar/2023:10:35:11 +0800] "GET /xingrg/check_reg.html?_=1679452511774 HTTP/1.1" 302 -
116.235.240.214 - - [22/Mar/2023:10:35:15 +0800] "GET /xingrg/kc/buy/cgsh_order_operate.html?command=get_materiel&rest_code=00146&code=00101008103&supplier_code=00100005&order_time=2023-03-22 HTTP/1.1" 200 417
116.235.240.214 - - [22/Mar/2023:10:35:23 +0800] "GET /xingrg/all/function/internal_message.html?_=1679452532828&CODE_STATE=getMsg HTTP/1.1" 200 27
124.79.240.233 - - [22/Mar/2023:10:35:24 +0800] "GET /xingrg/kc/buy/cgsh_order_operate.html?command=get_materiel&rest_code=00104&code=00101006006&supplier_code=00100012&order_time=2023-03-21 HTTP/1.1" 200 409
180.169.147.146 - - [22/Mar/2023:10:35:30 +0800] "GET /xingrg/all/function/internal_message.html?_=1679452531794&CODE_STATE=getMsg HTTP/1.1" 200 27
116.235.240.214 - - [22/Mar/2023:10:35:31 +0800] "GET /xingrg/kc/buy/cgsh_order_operate.html?command=get_materiel&rest_code=00146&code=00101008110&supplier_code=00100005&order_time=2023-03-22 HTTP/1.1" 200 409
124.79.72.155 - - [22/Mar/2023:10:35:36 +0800] "GET /xingrg/all/function/internal_message.html?_=1679452543130&CODE_STATE=getMsg HTTP/1.1" 200 27
116.225.84.253 - - [22/Mar/2023:10:35:38 +0800] "GET /xingrg/all/function/internal_message.html?_=1679452382875&CODE_STATE=getMsg HTTP/1.1" 200 27
124.79.240.233 - - [22/Mar/2023:10:35:40 +0800] "GET /xingrg/kc/buy/cgsh_order_operate.html?command=get_materiel&rest_code=00104&code=00101006111&supplier_code=00100012&order_time=2023-03-21 HTTP/1.1" 200 409
180.164.3.199 - - [22/Mar/2023:10:35:41 +0800] "GET /xingrg/all/function/internal_message.html?_=1679452540717&CODE_STATE=getMsg HTTP/1.1" 200 27
120.253.135.82 - - [22/Mar/2023:10:35:42 +0800] "GET /xingrg/check_reg.html?_=1679452372681 HTTP/1.1" 200 22
120.253.135.82 - - [22/Mar/2023:10:35:42 +0800] "GET /xingrg/all/function/internal_message.html?_=1679452372741&CODE_STATE=getMsg HTTP/1.1" 200 27
116.235.240.214 - - [22/Mar/2023:10:35:43 +0800] "GET /xingrg/kc/buy/cgsh_order_operate.html?command=get_materiel&rest_code=00146&code=00101008242&supplier_code=00100005&order_time=2023-03-22 HTTP/1.1" 200 408
222.70.221.209 - - [22/Mar/2023:10:35:45 +0800] "GET /xingrg/all/function/internal_message.html?_=1679452652752&CODE_STATE=getMsg HTTP/1.1" 200 27
124.79.240.233 - - [22/Mar/2023:10:35:52 +0800] "GET /xingrg/all/function/internal_message.html?_=1679452810963&CODE_STATE=getMsg HTTP/1.1" 200 27
180.157.253.110 - - [22/Mar/2023:10:35:55 +0800] "GET /xingrg/all/function/internal_message.html?_=1679452554712&CODE_STATE=getMsg HTTP/1.1" 302 -
116.235.240.214 - - [22/Mar/2023:10:35:58 +0800] "GET /xingrg/check_reg.html?_=1679452567946 HTTP/1.1" 200 22
124.79.240.233 - - [22/Mar/2023:10:35:58 +0800] "POST /xingrg/kc/buy/cgsh_order_operate.html HTTP/1.1" 200 37
58.40.7.146 - - [22/Mar/2023:10:36:00 +0800] "GET /xingrg/all/function/internal_message.html?_=1679452560672&CODE_STATE=getMsg HTTP/1.1" 302 -
116.192.124.172 - - [22/Mar/2023:10:36:02 +0800] "GET /xingrg/all/function/internal_message.html?_=1679452562673&CODE_STATE=getMsg HTTP/1.1" 200 27
124.79.240.233 - - [22/Mar/2023:10:36:04 +0800] "POST /xingrg/kc/buy/cgsh_order_operate.html HTTP/1.1" 200 3850
124.79.240.233 - - [22/Mar/2023:10:36:06 +0800] "GET /xingrg/kc/print/load_data.html?order_code=212023032208130&kc_code=cgsh&condition= HTTP/1.1" 200 1229
222.70.182.154 - - [22/Mar/2023:10:36:08 +0800] "GET /xingrg/all/function/internal_message.html?_=1679452565962&CODE_STATE=getMsg HTTP/1.1" 200 27
114.83.222.182 - - [22/Mar/2023:10:36:09 +0800] "GET /xingrg/all/function/internal_message.html?_=1679452640264&CODE_STATE=getMsg HTTP/1.1" 200 27
124.78.156.53 - - [22/Mar/2023:10:36:10 +0800] "GET /favicon.ico HTTP/1.1" 404 -
116.225.84.253 - - [22/Mar/2023:10:36:10 +0800] "GET /xingrg/kc/buy/cgsh_order_operate.html?command=get_materiel&rest_code=00105&code=00101027063&supplier_code=00100017&order_time=2023-03-22 HTTP/1.1" 200 451
114.83.219.160 - - [22/Mar/2023:10:36:11 +0800] "GET /xingrg/all/function/internal_message.html?_=1679452569958&CODE_STATE=getMsg HTTP/1.1" 200 27
114.83.219.160 - - [22/Mar/2023:10:36:11 +0800] "GET /xingrg/check_reg.html?_=1679452569962 HTTP/1.1" 200 22
124.79.240.233 - - [22/Mar/2023:10:36:12 +0800] "GET /xingrg/kc/buy/cgsh_order_add.html HTTP/1.1" 200 70002
124.79.240.233 - - [22/Mar/2023:10:36:12 +0800] "POST /xingrg/kc/buy/cgsh_order_operate.html HTTP/1.1" 200 8245
124.79.240.233 - - [22/Mar/2023:10:36:12 +0800] "GET /xingrg/javascript/easyui/themes/default/validatebox.css HTTP/1.1" 404 1104
124.78.156.53 - - [22/Mar/2023:10:36:20 +0800] "GET /xingrg/login.html?r=1 HTTP/1.1" 200 7641
124.78.156.53 - - [22/Mar/2023:10:36:20 +0800] "GET /xingrg/login.html?r=1 HTTP/1.1" 200 7641
124.78.156.53 - - [22/Mar/2023:10:36:20 +0800] "GET /xingrg/images/blue/jxLogo.png HTTP/1.1" 304 -
124.78.156.53 - - [22/Mar/2023:10:36:20 +0800] "GET /xingrg/images/blue/jxLogo.png HTTP/1.1" 304 -
124.78.156.53 - - [22/Mar/2023:10:36:20 +0800] "GET /xingrg/images/blue/login_bg.png HTTP/1.1" 304 -
124.78.156.53 - - [22/Mar/2023:10:36:20 +0800] "GET /xingrg/images/blue/login_bg.png HTTP/1.1" 304 -
124.78.156.53 - - [22/Mar/2023:10:36:20 +0800] "GET /xingrg/images/blue/hj.png HTTP/1.1" 304 -
124.78.156.53 - - [22/Mar/2023:10:36:20 +0800] "GET /xingrg/images/blue/srbg.png HTTP/1.1" 304 -
124.78.156.53 - - [22/Mar/2023:10:36:20 +0800] "GET /xingrg/images/blue/srbg.png HTTP/1.1" 304 -
124.78.156.53 - - [22/Mar/2023:10:36:20 +0800] "GET /xingrg/images/blue/hj.png HTTP/1.1" 304 -
124.78.156.53 - - [22/Mar/2023:10:36:21 +0800] "GET /favicon.ico HTTP/1.1" 404 -
124.78.156.53 - - [22/Mar/2023:10:36:21 +0800] "GET /favicon.ico HTTP/1.1" 404 -
116.235.240.214 - - [22/Mar/2023:10:36:23 +0800] "GET /xingrg/all/function/internal_message.html?_=1679452592842&CODE_STATE=getMsg HTTP/1.1" 200 27
124.78.156.53 - - [22/Mar/2023:10:36:24 +0800] "POST /xingrg/login.do HTTP/1.1" 302 -
124.78.156.53 - - [22/Mar/2023:10:36:24 +0800] "GET /xingrg/index.html?sysBaseUrl=http%3A%2F%2F180.169.147.146%3A18081%2Fxingrg%2F&costTime=824×tamp=1679452584116 HTTP/1.1" 200 17173
124.78.156.53 - - [22/Mar/2023:10:36:24 +0800] "GET /xingrg/javascript/jquery_easy_ui/themes/default/easyui.css HTTP/1.1" 304 -
124.78.156.53 - - [22/Mar/2023:10:36:24 +0800] "GET /xingrg/javascript/jquery_easy_ui/themes/icon.css HTTP/1.1" 304 -
124.78.156.53 - - [22/Mar/2023:10:36:24 +0800] "GET /xingrg/css/form.css HTTP/1.1" 304 -
124.78.156.53 - - [22/Mar/2023:10:36:24 +0800] "GET /xingrg/javascript/jquery.form.js HTTP/1.1" 304 -
124.78.156.53 - - [22/Mar/2023:10:36:24 +0800] "GET /xingrg/javascript/jquery-1.4.2.min.js HTTP/1.1" 304 -
124.78.156.53 - - [22/Mar/2023:10:36:24 +0800] "GET /xingrg/javascript/jquery.utils.js HTTP/1.1" 304 -
124.78.156.53 - - [22/Mar/2023:10:36:24 +0800] "GET /xingrg/javascript/jquery_easy_ui/jquery.easyui.min.js HTTP/1.1" 304 -
124.78.156.53 - - [22/Mar/2023:10:36:24 +0800] "GET /xingrg/javascript/jquery_easy_ui/easyui-lang-zh_CN.js HTTP/1.1" 304 -
124.78.156.53 - - [22/Mar/2023:10:36:24 +0800] "GET /xingrg/javascript/jquery.timers.js HTTP/1.1" 304 -
124.78.156.53 - - [22/Mar/2023:10:36:24 +0800] "GET /favicon.ico HTTP/1.1" 404 -
124.78.156.53 - - [22/Mar/2023:10:36:24 +0800] "GET /xingrg/javascript/jquery_easy_ui/themes/icons/settle_new.png HTTP/1.1" 304 -
124.78.156.53 - - [22/Mar/2023:10:36:24 +0800] "GET /xingrg/images/blue/navBackgound.jpg HTTP/1.1" 304 -
124.78.156.53 - - [22/Mar/2023:10:36:24 +0800] "GET /xingrg/check_reg.html?_=1679452585155 HTTP/1.1" 200 22
124.78.156.53 - - [22/Mar/2023:10:36:24 +0800] "GET /xingrg/images/blue/pingpu.png HTTP/1.1" 304 -
124.78.156.53 - - [22/Mar/2023:10:36:24 +0800] "GET /xingrg/javascript/jquery_easy_ui/themes/default/images/tabs_leftarrow.png HTTP/1.1" 304 -
124.78.156.53 - - [22/Mar/2023:10:36:24 +0800] "GET /xingrg/javascript/jquery_easy_ui/themes/default/images/tabs_rightarrow.png HTTP/1.1" 304 -
124.78.156.53 - - [22/Mar/2023:10:36:24 +0800] "GET /xingrg/javascript/jquery_easy_ui/themes/default/images/panel_tool_collapse.gif HTTP/1.1" 304 -
124.78.156.53 - - [22/Mar/2023:10:36:24 +0800] "POST /xingrg/all/common/load_tree.html?tree=area_rest_tree_json&manage=1 HTTP/1.1" 200 342
124.78.156.53 - - [22/Mar/2023:10:36:24 +0800] "GET /xingrg/all/function/internal_message.html?_=1679452585154&CODE_STATE=count HTTP/1.1" 200 11
124.78.156.53 - - [22/Mar/2023:10:36:24 +0800] "POST /xingrg/load_menu.html HTTP/1.1" 200 5138
124.78.156.53 - - [22/Mar/2023:10:36:24 +0800] "GET /xingrg/javascript/jquery_easy_ui/themes/default/images/tree_arrows.gif HTTP/1.1" 304 -
124.78.156.53 - - [22/Mar/2023:10:36:24 +0800] "GET /xingrg/javascript/jquery_easy_ui/themes/default/images/tree_folder_open.gif HTTP/1.1" 304 -
124.78.156.53 - - [22/Mar/2023:10:36:24 +0800] "GET /xingrg/javascript/jquery_easy_ui/themes/icons/search_new.png HTTP/1.1" 304 -
124.78.156.53 - - [22/Mar/2023:10:36:24 +0800] "GET /xingrg/javascript/jquery_easy_ui/themes/default/images/tree_folder.gif HTTP/1.1" 304 -
124.78.156.53 - - [22/Mar/2023:10:36:24 +0800] "GET /xingrg/javascript/jquery_easy_ui/themes/icons/storage_new.png HTTP/1.1" 304 -
124.78.156.53 - - [22/Mar/2023:10:36:24 +0800] "GET /xingrg/javascript/jquery_easy_ui/themes/icons/forms_new.png HTTP/1.1" 304 -
124.78.156.53 - - [22/Mar/2023:10:36:24 +0800] "GET /xingrg/javascript/jquery_easy_ui/themes/default/images/tree_file.gif HTTP/1.1" 304 -
124.79.240.233 - - [22/Mar/2023:10:36:27 +0800] "GET /xingrg/kc/buy/cgsh_order_operate.html?command=get_materiel&rest_code=00104&code=00101016025&supplier_code=00100036&order_time=2023-03-21 HTTP/1.1" 200 408
124.78.156.53 - - [22/Mar/2023:10:36:27 +0800] "GET /xingrg/javascript/jquery_easy_ui/themes/default/images/tabs_active.png HTTP/1.1" 304 -
180.169.147.146 - - [22/Mar/2023:10:36:30 +0800] "GET /xingrg/all/function/internal_message.html?_=1679452591772&CODE_STATE=getMsg HTTP/1.1" 200 27
116.235.240.214 - - [22/Mar/2023:10:36:32 +0800] "GET /xingrg/kc/buy/cgsh_order_operate.html?command=get_materiel&rest_code=00146&code=00101008478&supplier_code=00100005&order_time=2023-03-22 HTTP/1.1" 200 413
124.79.72.155 - - [22/Mar/2023:10:36:36 +0800] "GET /xingrg/check_reg.html?_=1679452603130 HTTP/1.1" 200 22
124.79.72.155 - - [22/Mar/2023:10:36:36 +0800] "GET /xingrg/all/function/internal_message.html?_=1679452603133&CODE_STATE=getMsg HTTP/1.1" 200 27
116.225.84.253 - - [22/Mar/2023:10:36:38 +0800] "GET /xingrg/check_reg.html?_=1679452442887 HTTP/1.1" 200 22
116.225.84.253 - - [22/Mar/2023:10:36:38 +0800] "GET /xingrg/all/function/internal_message.html?_=1679452442883&CODE_STATE=getMsg HTTP/1.1" 200 27
124.79.240.233 - - [22/Mar/2023:10:36:40 +0800] "GET /xingrg/kc/buy/cgsh_order_operate.html?command=get_materiel&rest_code=00104&code=00101011001&supplier_code=00100036&order_time=2023-03-21 HTTP/1.1" 200 423
180.164.3.199 - - [22/Mar/2023:10:36:41 +0800] "GET /xingrg/all/function/internal_message.html?_=1679452600732&CODE_STATE=getMsg HTTP/1.1" 200 27
120.253.135.82 - - [22/Mar/2023:10:36:42 +0800] "GET /xingrg/all/function/internal_message.html?_=1679452432756&CODE_STATE=getMsg HTTP/1.1" 200 27
222.70.221.209 - - [22/Mar/2023:10:36:45 +0800] "GET /xingrg/all/function/internal_message.html?_=1679452712740&CODE_STATE=getMsg HTTP/1.1" 200 27
124.79.240.233 - - [22/Mar/2023:10:36:52 +0800] "GET /xingrg/all/function/internal_message.html?_=1679452870938&CODE_STATE=getMsg HTTP/1.1" 200 27
180.157.253.110 - - [22/Mar/2023:10:36:55 +0800] "GET /xingrg/all/function/internal_message.html?_=1679452614688&CODE_STATE=getMsg HTTP/1.1" 302 -
124.78.156.53 - - [22/Mar/2023:10:37:00 +0800] "GET /xingrg/javascript/jquery_easy_ui/themes/default/images/tabs_close.gif HTTP/1.1" 304 -
124.78.156.53 - - [22/Mar/2023:10:37:00 +0800] "GET /xingrg/kc/base/base_main.html HTTP/1.1" 200 12142
124.78.156.53 - - [22/Mar/2023:10:37:00 +0800] "GET /xingrg/css/blue.css HTTP/1.1" 304 -
124.78.156.53 - - [22/Mar/2023:10:37:00 +0800] "GET /xingrg/javascript/pic_change.js HTTP/1.1" 304 -
124.78.156.53 - - [22/Mar/2023:10:37:00 +0800] "GET /xingrg/javascript/myfunction.js HTTP/1.1" 304 -
124.78.156.53 - - [22/Mar/2023:10:37:00 +0800] "GET /xingrg/images/blue/button/ckpd.gif HTTP/1.1" 200 2051
124.78.156.53 - - [22/Mar/2023:10:37:00 +0800] "GET /xingrg/images/blue/button/wlsy.gif HTTP/1.1" 200 2536
124.78.156.53 - - [22/Mar/2023:10:37:00 +0800] "GET /xingrg/images/blue/button/kc.gif HTTP/1.1" 304 -
124.78.156.53 - - [22/Mar/2023:10:37:00 +0800] "GET /xingrg/images/blue/button/yddb.gif HTTP/1.1" 200 2040
124.78.156.53 - - [22/Mar/2023:10:37:00 +0800] "GET /xingrg/images/blue/button/ckdb.gif HTTP/1.1" 200 1950
124.78.156.53 - - [22/Mar/2023:10:37:00 +0800] "GET /xingrg/images/blue/pic_form2.gif HTTP/1.1" 304 -
124.78.156.53 - - [22/Mar/2023:10:37:00 +0800] "GET /xingrg/images/blue/bg_dotted.jpg HTTP/1.1" 304 -
124.78.156.53 - - [22/Mar/2023:10:37:00 +0800] "GET /xingrg/images/blue/button/top_left.jpg HTTP/1.1" 200 1632
124.78.156.53 - - [22/Mar/2023:10:37:00 +0800] "GET /xingrg/images/blue/button/top_right.jpg HTTP/1.1" 200 1708
124.78.156.53 - - [22/Mar/2023:10:37:00 +0800] "GET /xingrg/images/blue/button/down.jpg HTTP/1.1" 200 1560
124.78.156.53 - - [22/Mar/2023:10:37:00 +0800] "GET /xingrg/images/blue/button/right_ah.jpg HTTP/1.1" 304 -
124.78.156.53 - - [22/Mar/2023:10:37:00 +0800] "GET /xingrg/images/blue/button/left_ah.jpg HTTP/1.1" 200 1643
124.78.156.53 - - [22/Mar/2023:10:37:00 +0800] "GET /xingrg/images/blue/button/bottom_left.jpg HTTP/1.1" 200 1524
124.78.156.53 - - [22/Mar/2023:10:37:00 +0800] "GET /xingrg/images/blue/button/bottom_right.jpg HTTP/1.1" 200 1436
58.40.7.146 - - [22/Mar/2023:10:37:00 +0800] "GET /xingrg/all/function/internal_message.html?_=1679452620651&CODE_STATE=getMsg HTTP/1.1" 302 -
180.157.253.110 - - [22/Mar/2023:10:37:00 +0800] "POST /xingrg/services/DataTransmitService HTTP/1.1" 200 524
180.157.253.110 - - [22/Mar/2023:10:37:02 +0800] "POST /xingrg/services/DataTransmitService HTTP/1.1" 200 412
58.221.95.50 - - [22/Mar/2023:10:37:02 +0800] "GET /xingrg/check_reg.html?_=1679452622782 HTTP/1.1" 302 -
124.78.156.53 - - [22/Mar/2023:10:37:02 +0800] "GET /xingrg/kc/base/wldb_order_list.html HTTP/1.1" 200 19098
124.78.156.53 - - [22/Mar/2023:10:37:02 +0800] "GET /xingrg/css/base.css HTTP/1.1" 304 -
124.78.156.53 - - [22/Mar/2023:10:37:02 +0800] "GET /xingrg/css/site.css HTTP/1.1" 304 -
124.78.156.53 - - [22/Mar/2023:10:37:02 +0800] "GET /xingrg/javascript/jquery_tools/datebox.css HTTP/1.1" 304 -
124.78.156.53 - - [22/Mar/2023:10:37:02 +0800] "GET /xingrg/javascript/easyui/themes/default/easyui.css HTTP/1.1" 304 -
124.78.156.53 - - [22/Mar/2023:10:37:02 +0800] "GET /xingrg/javascript/easyui/themes/icon.css HTTP/1.1" 304 -
124.78.156.53 - - [22/Mar/2023:10:37:02 +0800] "GET /xingrg/javascript/auto/jquery.autocomplete.css HTTP/1.1" 304 -
124.78.156.53 - - [22/Mar/2023:10:37:02 +0800] "GET /xingrg/javascript/jquery_tools/fix.css HTTP/1.1" 304 -
124.78.156.53 - - [22/Mar/2023:10:37:02 +0800] "GET /xingrg/javascript/jquery_tools/table.css HTTP/1.1" 304 -
124.78.156.53 - - [22/Mar/2023:10:37:02 +0800] "GET /xingrg/javascript/jquery_tools/jquery.tools.extend.js HTTP/1.1" 304 -
124.78.156.53 - - [22/Mar/2023:10:37:02 +0800] "GET /xingrg/javascript/jquery_tools/jquery.tools.min.js HTTP/1.1" 304 -
124.78.156.53 - - [22/Mar/2023:10:37:02 +0800] "GET /xingrg/javascript/jquery_tools/jquery.tools.hotkey.js HTTP/1.1" 304 -
124.78.156.53 - - [22/Mar/2023:10:37:02 +0800] "GET /xingrg/javascript/jquery_tools/jquery.tools.table.js HTTP/1.1" 304 -
124.78.156.53 - - [22/Mar/2023:10:37:02 +0800] "GET /xingrg/javascript/jquery_tools/list_manager.js HTTP/1.1" 304 -
124.78.156.53 - - [22/Mar/2023:10:37:02 +0800] "GET /xingrg/javascript/jquery.cookie.js HTTP/1.1" 304 -
124.78.156.53 - - [22/Mar/2023:10:37:02 +0800] "GET /xingrg/javascript/auto/jquery.autocomplete.js HTTP/1.1" 304 -
124.78.156.53 - - [22/Mar/2023:10:37:02 +0800] "GET /xingrg/javascript/easyui/easyloader.js HTTP/1.1" 304 -
124.78.156.53 - - [22/Mar/2023:10:37:02 +0800] "GET /xingrg/javascript/print/LodopFuncs.js HTTP/1.1" 304 -
116.192.124.172 - - [22/Mar/2023:10:37:02 +0800] "GET /xingrg/all/function/internal_message.html?_=1679452622667&CODE_STATE=getMsg HTTP/1.1" 200 27
124.78.156.53 - - [22/Mar/2023:10:37:02 +0800] "GET /xingrg/javascript/easyui/themes/icons/edit_add_new.png HTTP/1.1" 304 -
124.78.156.53 - - [22/Mar/2023:10:37:02 +0800] "GET /xingrg/javascript/easyui/themes/icons/field_new.png HTTP/1.1" 304 -
124.78.156.53 - - [22/Mar/2023:10:37:02 +0800] "GET /xingrg/javascript/easyui/themes/icons/import_new.png HTTP/1.1" 304 -
124.78.156.53 - - [22/Mar/2023:10:37:02 +0800] "GET /xingrg/javascript/easyui/themes/icons/check_new.png HTTP/1.1" 304 -
124.78.156.53 - - [22/Mar/2023:10:37:02 +0800] "GET /xingrg/javascript/easyui/themes/icons/cance_new.png HTTP/1.1" 304 -
124.78.156.53 - - [22/Mar/2023:10:37:02 +0800] "GET /xingrg/javascript/easyui/plugins/jquery.parser.js HTTP/1.1" 304 -
124.78.156.53 - - [22/Mar/2023:10:37:02 +0800] "GET /xingrg/images/control/ajaxLoader.gif HTTP/1.1" 304 -
124.78.156.53 - - [22/Mar/2023:10:37:03 +0800] "POST /xingrg/kc/base/wldb_list_operate.html HTTP/1.1" 200 928
124.78.156.53 - - [22/Mar/2023:10:37:04 +0800] "GET /xingrg/javascript/easyui/themes/default/images/button_plain_hover.png HTTP/1.1" 304 -
124.78.156.53 - - [22/Mar/2023:10:37:06 +0800] "GET /xingrg/kc/base/wldb_order_add.html HTTP/1.1" 200 30381
124.78.156.53 - - [22/Mar/2023:10:37:06 +0800] "GET /xingrg/javascript/jquery_tools/order_manager.js HTTP/1.1" 304 -
124.78.156.53 - - [22/Mar/2023:10:37:06 +0800] "GET /xingrg/javascript/json2.js HTTP/1.1" 304 -
124.78.156.53 - - [22/Mar/2023:10:37:06 +0800] "GET /xingrg/javascript/convert.js HTTP/1.1" 304 -
124.78.156.53 - - [22/Mar/2023:10:37:06 +0800] "GET /xingrg/javascript/print/kc_print.js HTTP/1.1" 304 -
124.78.156.53 - - [22/Mar/2023:10:37:06 +0800] "GET /xingrg/words/20230321173137_words.js HTTP/1.1" 200 956230
124.78.156.53 - - [22/Mar/2023:10:37:06 +0800] "GET /xingrg/javascript/easyui/themes/icons/ok.png HTTP/1.1" 200 883
124.78.156.53 - - [22/Mar/2023:10:37:06 +0800] "GET /xingrg/javascript/easyui/themes/icons/template_new.png HTTP/1.1" 200 3956
124.78.156.53 - - [22/Mar/2023:10:37:06 +0800] "GET /xingrg/javascript/easyui/themes/icons/print.png HTTP/1.1" 304 -
124.78.156.53 - - [22/Mar/2023:10:37:06 +0800] "GET /xingrg/javascript/easyui/themes/default/images/menu_downarrow.png HTTP/1.1" 304 -
124.78.156.53 - - [22/Mar/2023:10:37:06 +0800] "GET /xingrg/javascript/easyui/themes/icons/cancel.png HTTP/1.1" 304 -
124.78.156.53 - - [22/Mar/2023:10:37:06 +0800] "POST /xingrg/kc/base/wldb_order_operate.html HTTP/1.1" 200 6806
124.78.156.53 - - [22/Mar/2023:10:37:06 +0800] "GET /xingrg/javascript/easyui/themes/default/validatebox.css HTTP/1.1" 404 1104
124.78.156.53 - - [22/Mar/2023:10:37:06 +0800] "GET /xingrg/javascript/easyui/plugins/jquery.validatebox.js HTTP/1.1" 304 -
124.78.156.53 - - [22/Mar/2023:10:37:06 +0800] "GET /xingrg/all/common/auto_word.html?type=base&rest_code=00106 HTTP/1.1" 200 1799
124.78.156.53 - - [22/Mar/2023:10:37:06 +0800] "GET /xingrg/all/common/auto_word.html?type=base&rest_code=00106 HTTP/1.1" 200 1799
124.78.156.53 - - [22/Mar/2023:10:37:06 +0800] "GET /xingrg/javascript/easyui/plugins/jquery.numberbox.js HTTP/1.1" 304 -
124.78.156.53 - - [22/Mar/2023:10:37:06 +0800] "GET /xingrg/javascript/easyui/themes/icons/edit_remove.png HTTP/1.1" 304 -
116.235.240.214 - - [22/Mar/2023:10:37:07 +0800] "GET /xingrg/kc/buy/cgsh_order_operate.html?command=get_materiel&rest_code=00146&code=00101008161&supplier_code=00100005&order_time=2023-03-22 HTTP/1.1" 200 409
222.70.182.154 - - [22/Mar/2023:10:37:08 +0800] "GET /xingrg/all/function/internal_message.html?_=1679452625947&CODE_STATE=getMsg HTTP/1.1" 200 27
124.78.156.53 - - [22/Mar/2023:10:37:08 +0800] "GET /xingrg/css/images/panel_loading.gif HTTP/1.1" 200 1737
124.78.156.53 - - [22/Mar/2023:10:37:08 +0800] "POST /xingrg/all/common/load_combo.html?type=base HTTP/1.1" 200 3227
114.83.222.182 - - [22/Mar/2023:10:37:09 +0800] "GET /xingrg/all/function/internal_message.html?_=1679452700270&CODE_STATE=getMsg HTTP/1.1" 200 27
114.83.219.160 - - [22/Mar/2023:10:37:11 +0800] "GET /xingrg/all/function/internal_message.html?_=1679452629963&CODE_STATE=getMsg HTTP/1.1" 200 27
124.78.156.53 - - [22/Mar/2023:10:37:11 +0800] "POST /xingrg/all/common/load_combo.html?type=base HTTP/1.1" 200 3227
116.235.240.214 - - [22/Mar/2023:10:37:23 +0800] "GET /xingrg/all/function/internal_message.html?_=1679452652958&CODE_STATE=getMsg HTTP/1.1" 200 27
116.225.84.253 - - [22/Mar/2023:10:37:23 +0800] "POST /xingrg/kc/buy/cgsh_order_operate.html HTTP/1.1" 200 37
124.78.156.53 - - [22/Mar/2023:10:37:24 +0800] "GET /xingrg/all/function/internal_message.html?_=1679452645168&CODE_STATE=getMsg HTTP/1.1" 200 27
116.225.84.253 - - [22/Mar/2023:10:37:26 +0800] "POST /xingrg/kc/buy/cgsh_order_operate.html HTTP/1.1" 200 7038
124.79.240.233 - - [22/Mar/2023:10:37:28 +0800] "GET /xingrg/kc/buy/cgsh_order_operate.html?command=get_materiel&rest_code=00104&code=00101012025&supplier_code=00100036&order_time=2023-03-21 HTTP/1.1" 200 412
124.78.156.53 - - [22/Mar/2023:10:37:29 +0800] "GET /xingrg/javascript/auto/indicator.gif HTTP/1.1" 404 1066
116.225.84.253 - - [22/Mar/2023:10:37:30 +0800] "GET /xingrg/kc/print/load_data.html?order_code=212023032208131&kc_code=cgsh&condition= HTTP/1.1" 200 2546
180.169.147.146 - - [22/Mar/2023:10:37:30 +0800] "GET /xingrg/all/function/internal_message.html?_=1679452651750&CODE_STATE=getMsg HTTP/1.1" 200 27
116.235.240.214 - - [22/Mar/2023:10:37:33 +0800] "POST /xingrg/kc/buy/cgsh_order_operate.html HTTP/1.1" 200 2065
124.79.72.155 - - [22/Mar/2023:10:37:36 +0800] "GET /xingrg/all/function/internal_message.html?_=1679452663133&CODE_STATE=getMsg HTTP/1.1" 200 27
124.79.240.233 - - [22/Mar/2023:10:37:37 +0800] "GET /xingrg/kc/buy/cgsh_order_operate.html?command=get_materiel&rest_code=00104&code=00101016057&supplier_code=00100036&order_time=2023-03-21 HTTP/1.1" 200 408
116.225.84.253 - - [22/Mar/2023:10:37:38 +0800] "GET /xingrg/all/function/internal_message.html?_=1679452502893&CODE_STATE=getMsg HTTP/1.1" 200 27
180.164.3.199 - - [22/Mar/2023:10:37:41 +0800] "GET /xingrg/all/function/internal_message.html?_=1679452660732&CODE_STATE=getMsg HTTP/1.1" 200 27
124.78.156.53 - - [22/Mar/2023:10:37:42 +0800] "GET /xingrg/kc/base/wldb_order_operate.html?command=get_materiel&rest_code=00106&base_code=0010396&code=00101016029 HTTP/1.1" 200 461
120.253.135.82 - - [22/Mar/2023:10:37:42 +0800] "GET /xingrg/all/function/internal_message.html?_=1679452492769&CODE_STATE=getMsg HTTP/1.1" 200 27
222.70.221.209 - - [22/Mar/2023:10:37:45 +0800] "GET /xingrg/check_reg.html?_=1679452772756 HTTP/1.1" 200 22
222.70.221.209 - - [22/Mar/2023:10:37:45 +0800] "GET /xingrg/all/function/internal_message.html?_=1679452772758&CODE_STATE=getMsg HTTP/1.1" 200 27
116.235.240.214 - - [22/Mar/2023:10:37:47 +0800] "GET /xingrg/kc/buy/cgsh_order_operate.html?command=get_materiel&rest_code=00146&code=00101008274&supplier_code=00100005&order_time=2023-03-22 HTTP/1.1" 200 412
124.78.156.53 - - [22/Mar/2023:10:37:55 +0800] "GET /xingrg/kc/base/wldb_order_operate.html?command=get_materiel&rest_code=00106&base_code=0010396&code=00101019492 HTTP/1.1" 200 457
180.157.253.110 - - [22/Mar/2023:10:37:55 +0800] "GET /xingrg/all/function/internal_message.html?_=1679452674672&CODE_STATE=getMsg HTTP/1.1" 302 -
124.79.240.233 - - [22/Mar/2023:10:37:56 +0800] "POST /xingrg/kc/buy/cgsh_order_operate.html HTTP/1.1" 200 37
124.79.240.233 - - [22/Mar/2023:10:37:59 +0800] "POST /xingrg/kc/buy/cgsh_order_operate.html HTTP/1.1" 200 4432
58.40.7.146 - - [22/Mar/2023:10:38:00 +0800] "GET /xingrg/all/function/internal_message.html?_=1679452680636&CODE_STATE=getMsg HTTP/1.1" 302 -
124.79.240.233 - - [22/Mar/2023:10:38:00 +0800] "GET /xingrg/kc/print/load_data.html?order_code=212023032208132&kc_code=cgsh&condition= HTTP/1.1" 200 1427
116.192.124.172 - - [22/Mar/2023:10:38:02 +0800] "GET /xingrg/all/function/internal_message.html?_=1679452682662&CODE_STATE=getMsg HTTP/1.1" 200 27
116.192.124.172 - - [22/Mar/2023:10:38:02 +0800] "GET /xingrg/check_reg.html?_=1679452683021 HTTP/1.1" 200 22
124.79.240.233 - - [22/Mar/2023:10:38:04 +0800] "GET /xingrg/kc/buy/cgsh_order_add.html HTTP/1.1" 200 70002
124.79.240.233 - - [22/Mar/2023:10:38:05 +0800] "POST /xingrg/kc/buy/cgsh_order_operate.html HTTP/1.1" 200 8245
124.79.240.233 - - [22/Mar/2023:10:38:05 +0800] "GET /xingrg/javascript/easyui/themes/default/validatebox.css HTTP/1.1" 404 1104
222.70.182.154 - - [22/Mar/2023:10:38:08 +0800] "GET /xingrg/all/function/internal_message.html?_=1679452685932&CODE_STATE=getMsg HTTP/1.1" 200 27
114.83.222.182 - - [22/Mar/2023:10:38:09 +0800] "GET /xingrg/check_reg.html?_=1679452760272 HTTP/1.1" 200 22
114.83.222.182 - - [22/Mar/2023:10:38:09 +0800] "GET /xingrg/all/function/internal_message.html?_=1679452760273&CODE_STATE=getMsg HTTP/1.1" 200 27
116.235.240.214 - - [22/Mar/2023:10:38:11 +0800] "GET /xingrg/kc/buy/cgsh_order_operate.html?command=get_materiel&rest_code=00146&code=00101008403&supplier_code=00100005&order_time=2023-03-22 HTTP/1.1" 200 412
114.83.219.160 - - [22/Mar/2023:10:38:11 +0800] "GET /xingrg/all/function/internal_message.html?_=1679452689971&CODE_STATE=getMsg HTTP/1.1" 200 27
124.78.156.53 - - [22/Mar/2023:10:38:11 +0800] "GET /xingrg/kc/base/wldb_order_operate.html?command=get_materiel&rest_code=00106&base_code=0010396&code=00101019071 HTTP/1.1" 200 471
124.79.240.233 - - [22/Mar/2023:10:38:18 +0800] "GET /xingrg/kc/buy/cgsh_order_operate.html?command=get_materiel&rest_code=00104&code=00101005037&supplier_code=00100040&order_time=2023-03-21 HTTP/1.1" 200 409
116.235.240.214 - - [22/Mar/2023:10:38:23 +0800] "GET /xingrg/all/function/internal_message.html?_=1679452712963&CODE_STATE=getMsg HTTP/1.1" 200 27
124.78.156.53 - - [22/Mar/2023:10:38:24 +0800] "GET /xingrg/all/function/internal_message.html?_=1679452705163&CODE_STATE=getMsg HTTP/1.1" 200 27
116.225.84.253 - - [22/Mar/2023:10:38:27 +0800] "GET /xingrg/kc/buy/cgsh_order_add.html HTTP/1.1" 200 70043
116.225.84.253 - - [22/Mar/2023:10:38:27 +0800] "POST /xingrg/kc/buy/cgsh_order_operate.html HTTP/1.1" 200 8245
116.225.84.253 - - [22/Mar/2023:10:38:27 +0800] "GET /xingrg/javascript/easyui/themes/default/validatebox.css HTTP/1.1" 404 1104
180.169.147.146 - - [22/Mar/2023:10:38:30 +0800] "GET /xingrg/check_reg.html?_=1679452711765 HTTP/1.1" 200 22
180.169.147.146 - - [22/Mar/2023:10:38:30 +0800] "GET /xingrg/all/function/internal_message.html?_=1679452711770&CODE_STATE=getMsg HTTP/1.1" 200 27
124.79.240.233 - - [22/Mar/2023:10:38:34 +0800] "POST /xingrg/kc/buy/cgsh_order_operate.html HTTP/1.1" 200 37
124.79.240.233 - - [22/Mar/2023:10:38:36 +0800] "POST /xingrg/kc/buy/cgsh_order_operate.html HTTP/1.1" 200 2653
124.79.72.155 - - [22/Mar/2023:10:38:36 +0800] "GET /xingrg/all/function/internal_message.html?_=1679452723135&CODE_STATE=getMsg HTTP/1.1" 200 27
101.229.22.234 - - [22/Mar/2023:10:38:37 +0800] "GET /favicon.ico HTTP/1.1" 404 -
101.229.22.234 - - [22/Mar/2023:10:38:37 +0800] "GET /xingrg/login.html HTTP/1.1" 200 7641
124.79.240.233 - - [22/Mar/2023:10:38:37 +0800] "GET /xingrg/kc/print/load_data.html?order_code=212023032208133&kc_code=cgsh&condition= HTTP/1.1" 200 749
101.229.22.234 - - [22/Mar/2023:10:38:37 +0800] "GET /xingrg/images/blue/jxLogo.png HTTP/1.1" 304 -
101.229.22.234 - - [22/Mar/2023:10:38:37 +0800] "GET /xingrg/images/blue/login_bg.png HTTP/1.1" 304 -
101.229.22.234 - - [22/Mar/2023:10:38:37 +0800] "GET /xingrg/images/blue/hj.png HTTP/1.1" 304 -
101.229.22.234 - - [22/Mar/2023:10:38:37 +0800] "GET /xingrg/images/blue/srbg.png HTTP/1.1" 304 -
116.225.84.253 - - [22/Mar/2023:10:38:38 +0800] "GET /xingrg/all/function/internal_message.html?_=1679452562891&CODE_STATE=getMsg HTTP/1.1" 200 27
101.229.22.234 - - [22/Mar/2023:10:38:39 +0800] "GET /favicon.ico HTTP/1.1" 404 -
180.164.3.199 - - [22/Mar/2023:10:38:41 +0800] "GET /xingrg/all/function/internal_message.html?_=1679452720729&CODE_STATE=getMsg HTTP/1.1" 200 27
180.164.3.199 - - [22/Mar/2023:10:38:41 +0800] "GET /xingrg/check_reg.html?_=1679452720729 HTTP/1.1" 200 22
124.79.240.233 - - [22/Mar/2023:10:38:41 +0800] "GET /xingrg/kc/buy/cgsh_order_add.html HTTP/1.1" 200 70002
124.79.240.233 - - [22/Mar/2023:10:38:42 +0800] "GET /xingrg/javascript/easyui/themes/default/validatebox.css HTTP/1.1" 404 1104
124.79.240.233 - - [22/Mar/2023:10:38:42 +0800] "POST /xingrg/kc/buy/cgsh_order_operate.html HTTP/1.1" 200 8245
120.253.135.82 - - [22/Mar/2023:10:38:42 +0800] "GET /xingrg/all/function/internal_message.html?_=1679452552786&CODE_STATE=getMsg HTTP/1.1" 200 27
222.70.221.209 - - [22/Mar/2023:10:38:45 +0800] "GET /xingrg/all/function/internal_message.html?_=1679452832747&CODE_STATE=getMsg HTTP/1.1" 200 27
116.235.240.214 - - [22/Mar/2023:10:38:45 +0800] "GET /xingrg/kc/buy/cgsh_order_operate.html?command=get_materiel&rest_code=00146&code=00101008114&supplier_code=00100005&order_time=2023-03-22 HTTP/1.1" 200 413
116.225.84.253 - - [22/Mar/2023:10:38:46 +0800] "GET /xingrg/kc/buy/cgsh_order_operate.html?command=get_materiel&rest_code=00105&code=00101006109&supplier_code=00100012&order_time=2023-03-22 HTTP/1.1" 200 409
124.78.156.53 - - [22/Mar/2023:10:38:47 +0800] "GET /xingrg/kc/base/wldb_order_operate.html?command=get_materiel&rest_code=00106&base_code=0010396&code=00101019536 HTTP/1.1" 200 471
124.79.240.233 - - [22/Mar/2023:10:38:52 +0800] "GET /xingrg/all/function/internal_message.html?_=1679452990950&CODE_STATE=getMsg HTTP/1.1" 200 27
101.229.22.234 - - [22/Mar/2023:10:38:53 +0800] "POST /xingrg/login.do HTTP/1.1" 302 -
101.229.22.234 - - [22/Mar/2023:10:38:53 +0800] "GET /xingrg/index.html?sysBaseUrl=http%3A%2F%2F180.169.147.146%3A18081%2Fxingrg%2F&costTime=872×tamp=1679452733653 HTTP/1.1" 200 17179
101.229.22.234 - - [22/Mar/2023:10:38:53 +0800] "GET /xingrg/javascript/jquery_easy_ui/themes/default/easyui.css HTTP/1.1" 304 -
101.229.22.234 - - [22/Mar/2023:10:38:53 +0800] "GET /xingrg/javascript/jquery_easy_ui/themes/icon.css HTTP/1.1" 304 -
101.229.22.234 - - [22/Mar/2023:10:38:53 +0800] "GET /xingrg/javascript/jquery-1.4.2.min.js HTTP/1.1" 304 -
101.229.22.234 - - [22/Mar/2023:10:38:53 +0800] "GET /xingrg/javascript/jquery.form.js HTTP/1.1" 304 -
101.229.22.234 - - [22/Mar/2023:10:38:53 +0800] "GET /xingrg/css/form.css HTTP/1.1" 304 -
101.229.22.234 - - [22/Mar/2023:10:38:53 +0800] "GET /xingrg/javascript/jquery.utils.js HTTP/1.1" 304 -
101.229.22.234 - - [22/Mar/2023:10:38:53 +0800] "GET /xingrg/javascript/jquery.timers.js HTTP/1.1" 304 -
101.229.22.234 - - [22/Mar/2023:10:38:53 +0800] "GET /xingrg/javascript/jquery_easy_ui/jquery.easyui.min.js HTTP/1.1" 304 -
101.229.22.234 - - [22/Mar/2023:10:38:53 +0800] "GET /xingrg/javascript/jquery_easy_ui/easyui-lang-zh_CN.js HTTP/1.1" 304 -
101.229.22.234 - - [22/Mar/2023:10:38:53 +0800] "GET /favicon.ico HTTP/1.1" 404 -
101.229.22.234 - - [22/Mar/2023:10:38:53 +0800] "GET /xingrg/javascript/jquery_easy_ui/themes/icons/settle_new.png HTTP/1.1" 304 -
101.229.22.234 - - [22/Mar/2023:10:38:53 +0800] "GET /xingrg/images/blue/navBackgound.jpg HTTP/1.1" 304 -
101.229.22.234 - - [22/Mar/2023:10:38:54 +0800] "GET /xingrg/check_reg.html?_=1679452732692 HTTP/1.1" 200 22
101.229.22.234 - - [22/Mar/2023:10:38:54 +0800] "GET /xingrg/images/blue/pingpu.png HTTP/1.1" 304 -
101.229.22.234 - - [22/Mar/2023:10:38:54 +0800] "GET /xingrg/javascript/jquery_easy_ui/themes/default/images/tabs_leftarrow.png HTTP/1.1" 304 -
101.229.22.234 - - [22/Mar/2023:10:38:54 +0800] "POST /xingrg/all/common/load_tree.html?tree=area_rest_tree_json&manage=1 HTTP/1.1" 200 351
101.229.22.234 - - [22/Mar/2023:10:38:54 +0800] "GET /xingrg/javascript/jquery_easy_ui/themes/default/images/tabs_rightarrow.png HTTP/1.1" 304 -
101.229.22.234 - - [22/Mar/2023:10:38:54 +0800] "GET /xingrg/javascript/jquery_easy_ui/themes/default/images/panel_tool_collapse.gif HTTP/1.1" 304 -
101.229.22.234 - - [22/Mar/2023:10:38:54 +0800] "GET /xingrg/all/function/internal_message.html?_=1679452732691&CODE_STATE=count HTTP/1.1" 200 11
101.229.22.234 - - [22/Mar/2023:10:38:54 +0800] "POST /xingrg/load_menu.html HTTP/1.1" 200 5138
101.229.22.234 - - [22/Mar/2023:10:38:54 +0800] "GET /xingrg/javascript/jquery_easy_ui/themes/default/images/tree_arrows.gif HTTP/1.1" 304 -
101.229.22.234 - - [22/Mar/2023:10:38:54 +0800] "GET /xingrg/javascript/jquery_easy_ui/themes/default/images/tree_folder_open.gif HTTP/1.1" 304 -
101.229.22.234 - - [22/Mar/2023:10:38:54 +0800] "GET /xingrg/javascript/jquery_easy_ui/themes/icons/search_new.png HTTP/1.1" 304 -
101.229.22.234 - - [22/Mar/2023:10:38:54 +0800] "GET /xingrg/javascript/jquery_easy_ui/themes/default/images/tree_folder.gif HTTP/1.1" 304 -
101.229.22.234 - - [22/Mar/2023:10:38:54 +0800] "GET /xingrg/javascript/jquery_easy_ui/themes/icons/storage_new.png HTTP/1.1" 304 -
101.229.22.234 - - [22/Mar/2023:10:38:54 +0800] "GET /xingrg/javascript/jquery_easy_ui/themes/icons/forms_new.png HTTP/1.1" 304 -
101.229.22.234 - - [22/Mar/2023:10:38:54 +0800] "GET /xingrg/javascript/jquery_easy_ui/themes/default/images/tree_file.gif HTTP/1.1" 304 -
180.157.253.110 - - [22/Mar/2023:10:38:55 +0800] "GET /xingrg/all/function/internal_message.html?_=1679452734648&CODE_STATE=getMsg HTTP/1.1" 302 -
124.79.240.233 - - [22/Mar/2023:10:38:56 +0800] "GET /xingrg/kc/buy/cgsh_order_operate.html?command=get_materiel&rest_code=00104&code=00101007081&supplier_code=00100003&order_time=2023-03-21 HTTP/1.1" 200 413
58.40.7.146 - - [22/Mar/2023:10:39:00 +0800] "GET /xingrg/all/function/internal_message.html?_=1679452740621&CODE_STATE=getMsg HTTP/1.1" 302 -
101.229.22.234 - - [22/Mar/2023:10:39:02 +0800] "GET /xingrg/javascript/jquery_easy_ui/themes/icons/area.png HTTP/1.1" 304 -
101.229.22.234 - - [22/Mar/2023:10:39:02 +0800] "GET /xingrg/javascript/jquery_easy_ui/themes/icons/rest.png HTTP/1.1" 304 -
116.192.124.172 - - [22/Mar/2023:10:39:02 +0800] "GET /xingrg/all/function/internal_message.html?_=1679452742656&CODE_STATE=getMsg HTTP/1.1" 200 27
116.235.240.214 - - [22/Mar/2023:10:39:07 +0800] "GET /xingrg/kc/buy/cgsh_order_operate.html?command=get_materiel&rest_code=00146&code=00101008223&supplier_code=00100005&order_time=2023-03-22 HTTP/1.1" 200 412
101.229.22.234 - - [22/Mar/2023:10:39:08 +0800] "GET /xingrg/javascript/jquery_easy_ui/themes/default/images/tabs_close.gif HTTP/1.1" 304 -
222.70.182.154 - - [22/Mar/2023:10:39:08 +0800] "GET /xingrg/all/function/internal_message.html?_=1679452745917&CODE_STATE=getMsg HTTP/1.1" 200 27
101.229.22.234 - - [22/Mar/2023:10:39:08 +0800] "GET /xingrg/kc/base/yddb_order_list.html HTTP/1.1" 200 16710
101.229.22.234 - - [22/Mar/2023:10:39:08 +0800] "GET /xingrg/css/base.css HTTP/1.1" 304 -
101.229.22.234 - - [22/Mar/2023:10:39:08 +0800] "GET /xingrg/css/site.css HTTP/1.1" 304 -
101.229.22.234 - - [22/Mar/2023:10:39:08 +0800] "GET /xingrg/javascript/easyui/themes/default/easyui.css HTTP/1.1" 304 -
101.229.22.234 - - [22/Mar/2023:10:39:08 +0800] "GET /xingrg/javascript/jquery_tools/datebox.css HTTP/1.1" 304 -
101.229.22.234 - - [22/Mar/2023:10:39:08 +0800] "GET /xingrg/javascript/easyui/themes/icon.css HTTP/1.1" 304 -
101.229.22.234 - - [22/Mar/2023:10:39:08 +0800] "GET /xingrg/javascript/auto/jquery.autocomplete.css HTTP/1.1" 304 -
101.229.22.234 - - [22/Mar/2023:10:39:08 +0800] "GET /xingrg/javascript/jquery_tools/table.css HTTP/1.1" 304 -
101.229.22.234 - - [22/Mar/2023:10:39:08 +0800] "GET /xingrg/javascript/jquery_tools/fix.css HTTP/1.1" 304 -
101.229.22.234 - - [22/Mar/2023:10:39:08 +0800] "GET /xingrg/javascript/jquery_tools/jquery.tools.min.js HTTP/1.1" 304 -
101.229.22.234 - - [22/Mar/2023:10:39:08 +0800] "GET /xingrg/javascript/jquery_tools/jquery.tools.extend.js HTTP/1.1" 304 -
101.229.22.234 - - [22/Mar/2023:10:39:08 +0800] "GET /xingrg/javascript/jquery_tools/jquery.tools.hotkey.js HTTP/1.1" 304 -
101.229.22.234 - - [22/Mar/2023:10:39:08 +0800] "GET /xingrg/javascript/jquery_tools/jquery.tools.table.js HTTP/1.1" 304 -
101.229.22.234 - - [22/Mar/2023:10:39:08 +0800] "GET /xingrg/javascript/jquery_tools/list_manager.js HTTP/1.1" 304 -
101.229.22.234 - - [22/Mar/2023:10:39:08 +0800] "GET /xingrg/javascript/auto/jquery.autocomplete.js HTTP/1.1" 304 -
101.229.22.234 - - [22/Mar/2023:10:39:08 +0800] "GET /xingrg/javascript/jquery.cookie.js HTTP/1.1" 304 -
101.229.22.234 - - [22/Mar/2023:10:39:08 +0800] "GET /xingrg/javascript/easyui/easyloader.js HTTP/1.1" 304 -
101.229.22.234 - - [22/Mar/2023:10:39:08 +0800] "GET /xingrg/javascript/print/LodopFuncs.js HTTP/1.1" 304 -
101.229.22.234 - - [22/Mar/2023:10:39:09 +0800] "GET /xingrg/javascript/easyui/themes/icons/edit_add_new.png HTTP/1.1" 304 -
101.229.22.234 - - [22/Mar/2023:10:39:09 +0800] "GET /xingrg/javascript/easyui/themes/icons/field_new.png HTTP/1.1" 304 -
101.229.22.234 - - [22/Mar/2023:10:39:09 +0800] "GET /xingrg/javascript/easyui/themes/icons/import_new.png HTTP/1.1" 304 -
101.229.22.234 - - [22/Mar/2023:10:39:09 +0800] "GET /xingrg/javascript/easyui/plugins/jquery.parser.js HTTP/1.1" 304 -
101.229.22.234 - - [22/Mar/2023:10:39:09 +0800] "GET /xingrg/images/control/ajaxLoader.gif HTTP/1.1" 304 -
101.229.22.234 - - [22/Mar/2023:10:39:09 +0800] "POST /xingrg/kc/base/yddb_list_operate.html HTTP/1.1" 200 636
222.70.182.154 - - [22/Mar/2023:10:39:09 +0800] "GET /xingrg/check_reg.html?_=1679452747074 HTTP/1.1" 200 22
114.83.222.182 - - [22/Mar/2023:10:39:09 +0800] "GET /xingrg/all/function/internal_message.html?_=1679452820263&CODE_STATE=getMsg HTTP/1.1" 200 27
124.79.240.233 - - [22/Mar/2023:10:39:10 +0800] "POST /xingrg/kc/buy/cgsh_order_operate.html HTTP/1.1" 200 37
114.83.219.160 - - [22/Mar/2023:10:39:11 +0800] "GET /xingrg/all/function/internal_message.html?_=1679452749972&CODE_STATE=getMsg HTTP/1.1" 200 27
124.79.240.233 - - [22/Mar/2023:10:39:12 +0800] "POST /xingrg/kc/buy/cgsh_order_operate.html HTTP/1.1" 200 2661
101.229.22.234 - - [22/Mar/2023:10:39:12 +0800] "POST /xingrg/kc/base/yddb_list_operate.html HTTP/1.1" 200 4387
124.79.240.233 - - [22/Mar/2023:10:39:13 +0800] "GET /xingrg/kc/print/load_data.html?order_code=212023032208134&kc_code=cgsh&condition= HTTP/1.1" 200 737
124.79.240.233 - - [22/Mar/2023:10:39:18 +0800] "GET /xingrg/kc/buy/cgsh_order_add.html HTTP/1.1" 200 70002
124.79.240.233 - - [22/Mar/2023:10:39:18 +0800] "GET /xingrg/javascript/easyui/themes/default/validatebox.css HTTP/1.1" 404 1104
124.79.240.233 - - [22/Mar/2023:10:39:18 +0800] "POST /xingrg/kc/buy/cgsh_order_operate.html HTTP/1.1" 200 8245
114.83.219.160 - - [22/Mar/2023:10:39:22 +0800] "GET /xingrg/kc/buy/cgsh_order_add.html HTTP/1.1" 200 70049
114.83.219.160 - - [22/Mar/2023:10:39:22 +0800] "POST /xingrg/kc/buy/cgsh_order_operate.html HTTP/1.1" 200 8245
114.83.219.160 - - [22/Mar/2023:10:39:22 +0800] "GET /xingrg/javascript/easyui/themes/default/validatebox.css HTTP/1.1" 404 1104
116.235.240.214 - - [22/Mar/2023:10:39:23 +0800] "GET /xingrg/all/function/internal_message.html?_=1679452772978&CODE_STATE=getMsg HTTP/1.1" 200 27
124.78.156.53 - - [22/Mar/2023:10:39:24 +0800] "GET /xingrg/all/function/internal_message.html?_=1679452765158&CODE_STATE=getMsg HTTP/1.1" 200 27
124.78.156.53 - - [22/Mar/2023:10:39:25 +0800] "GET /xingrg/kc/base/wldb_order_operate.html?command=get_materiel&rest_code=00106&base_code=0010396&code=00101019187 HTTP/1.1" 200 479
116.235.240.214 - - [22/Mar/2023:10:39:26 +0800] "GET /xingrg/kc/buy/cgsh_order_operate.html?command=get_materiel&rest_code=00146&code=00101013114&supplier_code=00100005&order_time=2023-03-22 HTTP/1.1" 200 409
116.235.240.214 - - [22/Mar/2023:10:39:29 +0800] "POST /xingrg/kc/buy/cgsh_order_operate.html HTTP/1.1" 200 2065
