222.70.221.209 - - [22/Mar/2023:12:16:48 +0800] "GET /xingrg/all/function/internal_message.html?_=1679458716497&CODE_STATE=getMsg HTTP/1.1" 200 27
124.78.156.53 - - [22/Mar/2023:12:16:50 +0800] "POST /xingrg/kc/buy/cgsh_list_operate.html HTTP/1.1" 200 986
124.79.240.233 - - [22/Mar/2023:12:16:50 +0800] "GET /xingrg/all/function/internal_message.html?_=1679458868475&CODE_STATE=getMsg HTTP/1.1" 200 27
180.157.253.110 - - [22/Mar/2023:12:16:54 +0800] "GET /xingrg/all/function/internal_message.html?_=1679458612892&CODE_STATE=getMsg HTTP/1.1" 302 -
101.229.22.234 - - [22/Mar/2023:12:16:54 +0800] "GET /xingrg/all/function/internal_message.html?_=1679458612769&CODE_STATE=getMsg HTTP/1.1" 200 27
124.79.240.233 - - [22/Mar/2023:12:16:55 +0800] "GET /xingrg/kc/buy/cgsh_order_operate.html?command=get_materiel&rest_code=00104&code=00101007061&supplier_code=00100003&order_time=2023-03-22 HTTP/1.1" 200 409
222.70.182.154 - - [22/Mar/2023:12:16:55 +0800] "GET /xingrg/check_reg.html?_=1679458612724 HTTP/1.1" 200 22
222.70.182.154 - - [22/Mar/2023:12:16:55 +0800] "GET /xingrg/all/function/internal_message.html?_=1679458612728&CODE_STATE=getMsg HTTP/1.1" 200 27
114.83.219.160 - - [22/Mar/2023:12:16:56 +0800] "GET /xingrg/kc/base/wldb_order_operate.html?command=get_materiel&rest_code=00149&base_code=0010394&code=00101019438 HTTP/1.1" 200 461
116.235.240.214 - - [22/Mar/2023:12:16:57 +0800] "GET /xingrg/all/function/internal_message.html?_=1679458490954&CODE_STATE=getMsg HTTP/1.1" 200 27
116.224.106.218 - - [22/Mar/2023:12:16:57 +0800] "GET /xingrg/all/function/internal_message.html?_=1679458614230&CODE_STATE=getMsg HTTP/1.1" 200 27
58.40.7.146 - - [22/Mar/2023:12:16:58 +0800] "GET /xingrg/all/function/internal_message.html?_=1679458618341&CODE_STATE=getMsg HTTP/1.1" 302 -
116.192.124.172 - - [22/Mar/2023:12:17:00 +0800] "GET /xingrg/all/function/internal_message.html?_=1679458621040&CODE_STATE=getMsg HTTP/1.1" 200 27
116.192.124.172 - - [22/Mar/2023:12:17:01 +0800] "GET /xingrg/all/function/internal_message.html?_=1679458635149&CODE_STATE=getMsg HTTP/1.1" 200 27
124.78.156.53 - - [22/Mar/2023:12:17:03 +0800] "GET /xingrg/all/function/internal_message.html?_=1679458627876&CODE_STATE=getMsg HTTP/1.1" 200 27
180.164.3.199 - - [22/Mar/2023:12:17:08 +0800] "POST /xingrg/services/DataTransmitService HTTP/1.1" 200 524
222.67.232.202 - - [22/Mar/2023:12:17:09 +0800] "GET /xingrg/all/function/internal_message.html?_=1679458176731&CODE_STATE=getMsg HTTP/1.1" 200 27
222.67.232.202 - - [22/Mar/2023:12:17:09 +0800] "GET /xingrg/check_reg.html?_=1679458176996 HTTP/1.1" 200 22
180.164.3.199 - - [22/Mar/2023:12:17:09 +0800] "POST /xingrg/services/DataTransmitService HTTP/1.1" 200 501
114.83.222.182 - - [22/Mar/2023:12:17:09 +0800] "GET /xingrg/all/function/internal_message.html?_=1679458700267&CODE_STATE=getMsg HTTP/1.1" 200 27
180.164.3.199 - - [22/Mar/2023:12:17:09 +0800] "POST /xingrg/services/DataTransmitService HTTP/1.1" 200 501
180.164.3.199 - - [22/Mar/2023:12:17:10 +0800] "POST /xingrg/services/DataTransmitService HTTP/1.1" 200 501
120.253.135.82 - - [22/Mar/2023:12:17:10 +0800] "GET /xingrg/all/function/internal_message.html?_=1679458460421&CODE_STATE=getMsg HTTP/1.1" 200 27
180.164.3.199 - - [22/Mar/2023:12:17:11 +0800] "POST /xingrg/services/DataTransmitService HTTP/1.1" 200 501
114.83.219.160 - - [22/Mar/2023:12:17:11 +0800] "GET /xingrg/all/function/internal_message.html?_=1679458629758&CODE_STATE=getMsg HTTP/1.1" 200 27
180.164.3.199 - - [22/Mar/2023:12:17:11 +0800] "POST /xingrg/services/DataTransmitService HTTP/1.1" 200 501
180.164.3.199 - - [22/Mar/2023:12:17:12 +0800] "POST /xingrg/services/DataTransmitService HTTP/1.1" 200 412
114.83.219.160 - - [22/Mar/2023:12:17:12 +0800] "POST /xingrg/kc/base/wldb_order_operate.html HTTP/1.1" 200 37
116.232.35.78 - - [22/Mar/2023:12:17:15 +0800] "GET /xingrg/check_reg.html?_=1679458636827 HTTP/1.1" 200 22
116.232.35.78 - - [22/Mar/2023:12:17:15 +0800] "GET /xingrg/all/function/internal_message.html?_=1679458636829&CODE_STATE=getMsg HTTP/1.1" 200 27
180.162.110.76 - - [22/Mar/2023:12:17:16 +0800] "GET /xingrg/check_reg.html?_=1679457537708 HTTP/1.1" 200 22
180.162.110.76 - - [22/Mar/2023:12:17:16 +0800] "GET /xingrg/all/function/internal_message.html?_=1679457537706&CODE_STATE=getMsg HTTP/1.1" 200 27
114.83.219.160 - - [22/Mar/2023:12:17:18 +0800] "POST /xingrg/kc/base/wldb_order_operate.html HTTP/1.1" 200 12
114.83.219.160 - - [22/Mar/2023:12:17:18 +0800] "POST /xingrg/kc/base/wldb_order_operate.html HTTP/1.1" 200 4727
114.83.219.160 - - [22/Mar/2023:12:17:19 +0800] "GET /xingrg/kc/base/wldb_order_info.html?code=422023032201830 HTTP/1.1" 200 26263
114.83.219.160 - - [22/Mar/2023:12:17:20 +0800] "GET /xingrg/javascript/easyui/themes/default/validatebox.css HTTP/1.1" 404 1104
124.78.156.53 - - [22/Mar/2023:12:17:20 +0800] "GET /xingrg/all/function/internal_message.html?_=1679458639180&CODE_STATE=getMsg HTTP/1.1" 200 27
124.79.240.233 - - [22/Mar/2023:12:17:20 +0800] "GET /xingrg/kc/buy/cgsh_order_operate.html?command=get_materiel&rest_code=00104&code=00101007049&supplier_code=00100003&order_time=2023-03-22 HTTP/1.1" 200 409
114.83.219.160 - - [22/Mar/2023:12:17:20 +0800] "POST /xingrg/kc/base/wldb_order_operate.html HTTP/1.1" 200 2965
116.192.124.172 - - [22/Mar/2023:12:17:22 +0800] "GET /xingrg/kc/buy/cgsh_order_add.html HTTP/1.1" 200 70002
116.192.124.172 - - [22/Mar/2023:12:17:22 +0800] "GET /xingrg/words/20230321173137_words.js HTTP/1.1" 200 956230
116.192.124.172 - - [22/Mar/2023:12:17:23 +0800] "GET /xingrg/javascript/easyui/themes/default/validatebox.css HTTP/1.1" 404 1104
116.192.124.172 - - [22/Mar/2023:12:17:23 +0800] "POST /xingrg/kc/buy/cgsh_order_operate.html HTTP/1.1" 200 8245
116.192.124.172 - - [22/Mar/2023:12:17:23 +0800] "GET /xingrg/all/common/auto_word.html?type=employee&rest_code=00102 HTTP/1.1" 200 189
116.192.124.172 - - [22/Mar/2023:12:17:23 +0800] "GET /xingrg/all/common/auto_word.html?type=employee&rest_code=00102 HTTP/1.1" 200 189
114.83.219.160 - - [22/Mar/2023:12:17:23 +0800] "GET /xingrg/kc/base/wldb_order_add.html HTTP/1.1" 200 30387
114.83.219.160 - - [22/Mar/2023:12:17:24 +0800] "POST /xingrg/kc/base/wldb_order_operate.html HTTP/1.1" 200 6806
114.83.219.160 - - [22/Mar/2023:12:17:24 +0800] "GET /xingrg/javascript/easyui/themes/default/validatebox.css HTTP/1.1" 404 1104
116.192.124.172 - - [22/Mar/2023:12:17:24 +0800] "GET /xingrg/javascript/auto/indicator.gif HTTP/1.1" 404 1066
116.192.124.172 - - [22/Mar/2023:12:17:24 +0800] "GET /xingrg/javascript/jquery_tools/images/prev.gif HTTP/1.1" 404 1086
116.192.124.172 - - [22/Mar/2023:12:17:24 +0800] "GET /xingrg/javascript/jquery_tools/images/next.gif HTTP/1.1" 404 1086
116.238.139.35 - - [22/Mar/2023:12:17:25 +0800] "GET /xingrg/all/function/internal_message.html?_=1679458569586&CODE_STATE=getMsg HTTP/1.1" 200 27
114.83.219.160 - - [22/Mar/2023:12:17:25 +0800] "POST /xingrg/all/common/load_combo.html?type=base HTTP/1.1" 200 3409
116.192.124.172 - - [22/Mar/2023:12:17:31 +0800] "GET /xingrg/kc/buy/cgsh_order_operate.html?command=get_materiel&rest_code=00102&code=00101008055&supplier_code=00100008&order_time=2023-03-22 HTTP/1.1" 200 409
124.79.240.233 - - [22/Mar/2023:12:17:32 +0800] "GET /xingrg/kc/buy/cgsh_order_operate.html?command=get_materiel&rest_code=00104&code=00101007125&supplier_code=00100003&order_time=2023-03-22 HTTP/1.1" 200 406
116.232.35.78 - - [22/Mar/2023:12:17:34 +0800] "POST /xingrg/kc/buy/cgsh_list_operate.html HTTP/1.1" 200 5983
116.235.240.214 - - [22/Mar/2023:12:17:36 +0800] "GET /xingrg/all/function/internal_message.html?_=1679458666366&CODE_STATE=getMsg HTTP/1.1" 200 27
124.79.72.155 - - [22/Mar/2023:12:17:37 +0800] "GET /xingrg/all/function/internal_message.html?_=1679458664166&CODE_STATE=getMsg HTTP/1.1" 200 27
114.83.219.160 - - [22/Mar/2023:12:17:37 +0800] "GET /xingrg/kc/base/wldb_order_operate.html?command=get_materiel&rest_code=00149&base_code=0010394&code=00101019400 HTTP/1.1" 200 463
116.192.124.172 - - [22/Mar/2023:12:17:38 +0800] "GET /xingrg/kc/buy/cgsh_order_operate.html?command=get_materiel&rest_code=00102&code=00101008185&supplier_code=00100008&order_time=2023-03-22 HTTP/1.1" 200 408
116.225.84.253 - - [22/Mar/2023:12:17:38 +0800] "GET /xingrg/all/function/internal_message.html?_=1679458502843&CODE_STATE=getMsg HTTP/1.1" 200 27
180.164.3.199 - - [22/Mar/2023:12:17:41 +0800] "GET /xingrg/all/function/internal_message.html?_=1679458660734&CODE_STATE=getMsg HTTP/1.1" 200 27
124.79.240.233 - - [22/Mar/2023:12:17:42 +0800] "POST /xingrg/kc/buy/cgsh_order_operate.html HTTP/1.1" 200 37
58.221.95.50 - - [22/Mar/2023:12:17:43 +0800] "GET /xingrg/all/function/internal_message.html?_=1679458664536&CODE_STATE=getMsg HTTP/1.1" 200 27
124.79.240.233 - - [22/Mar/2023:12:17:44 +0800] "POST /xingrg/kc/buy/cgsh_order_operate.html HTTP/1.1" 200 3827
124.79.240.233 - - [22/Mar/2023:12:17:46 +0800] "GET /xingrg/kc/print/load_data.html?order_code=212023032208297&kc_code=cgsh&condition= HTTP/1.1" 200 1166
116.192.124.172 - - [22/Mar/2023:12:17:47 +0800] "GET /xingrg/kc/buy/cgsh_order_operate.html?command=get_materiel&rest_code=00102&code=00101008354&supplier_code=00100008&order_time=2023-03-22 HTTP/1.1" 200 412
222.70.221.209 - - [22/Mar/2023:12:17:48 +0800] "GET /xingrg/all/function/internal_message.html?_=1679458776491&CODE_STATE=getMsg HTTP/1.1" 200 27
114.83.219.160 - - [22/Mar/2023:12:17:50 +0800] "GET /xingrg/kc/base/wldb_order_operate.html?command=get_materiel&rest_code=00149&base_code=0010394&code=00101019297 HTTP/1.1" 200 478
124.79.240.233 - - [22/Mar/2023:12:17:50 +0800] "GET /xingrg/kc/buy/cgsh_order_add.html HTTP/1.1" 200 70002
124.79.240.233 - - [22/Mar/2023:12:17:50 +0800] "POST /xingrg/kc/buy/cgsh_order_operate.html HTTP/1.1" 200 8245
124.79.240.233 - - [22/Mar/2023:12:17:50 +0800] "GET /xingrg/all/function/internal_message.html?_=1679458928537&CODE_STATE=getMsg HTTP/1.1" 200 27
124.79.240.233 - - [22/Mar/2023:12:17:50 +0800] "GET /xingrg/javascript/easyui/themes/default/validatebox.css HTTP/1.1" 404 1104
116.192.124.172 - - [22/Mar/2023:12:17:53 +0800] "GET /xingrg/kc/buy/cgsh_order_operate.html?command=get_materiel&rest_code=00102&code=00101008010&supplier_code=00100008&order_time=2023-03-22 HTTP/1.1" 200 412
180.157.253.110 - - [22/Mar/2023:12:17:54 +0800] "GET /xingrg/all/function/internal_message.html?_=1679458672865&CODE_STATE=getMsg HTTP/1.1" 302 -
101.229.22.234 - - [22/Mar/2023:12:17:54 +0800] "GET /xingrg/all/function/internal_message.html?_=1679458672768&CODE_STATE=getMsg HTTP/1.1" 200 27
222.70.182.154 - - [22/Mar/2023:12:17:55 +0800] "GET /xingrg/all/function/internal_message.html?_=1679458672723&CODE_STATE=getMsg HTTP/1.1" 200 27
116.224.106.218 - - [22/Mar/2023:12:17:57 +0800] "GET /xingrg/check_reg.html?_=1679458673671 HTTP/1.1" 200 22
116.235.240.214 - - [22/Mar/2023:12:17:57 +0800] "GET /xingrg/all/function/internal_message.html?_=1679458550939&CODE_STATE=getMsg HTTP/1.1" 200 27
116.224.106.218 - - [22/Mar/2023:12:17:57 +0800] "GET /xingrg/all/function/internal_message.html?_=1679458674202&CODE_STATE=getMsg HTTP/1.1" 200 27
58.40.7.146 - - [22/Mar/2023:12:17:58 +0800] "GET /xingrg/all/function/internal_message.html?_=1679458678314&CODE_STATE=getMsg HTTP/1.1" 302 -
116.192.124.172 - - [22/Mar/2023:12:17:59 +0800] "GET /xingrg/kc/buy/cgsh_order_operate.html?command=get_materiel&rest_code=00102&code=00101008312&supplier_code=00100008&order_time=2023-03-22 HTTP/1.1" 200 412
114.83.219.160 - - [22/Mar/2023:12:18:00 +0800] "GET /xingrg/kc/base/wldb_order_operate.html?command=get_materiel&rest_code=00149&base_code=0010394&code=00101019270 HTTP/1.1" 200 477
116.192.124.172 - - [22/Mar/2023:12:18:00 +0800] "GET /xingrg/all/function/internal_message.html?_=1679458681023&CODE_STATE=getMsg HTTP/1.1" 200 27
116.192.124.172 - - [22/Mar/2023:12:18:01 +0800] "GET /xingrg/all/function/internal_message.html?_=1679458695163&CODE_STATE=getMsg HTTP/1.1" 200 27
116.192.124.172 - - [22/Mar/2023:12:18:02 +0800] "GET /xingrg/check_reg.html?_=1679458683017 HTTP/1.1" 200 22
124.78.156.53 - - [22/Mar/2023:12:18:03 +0800] "GET /xingrg/all/function/internal_message.html?_=1679458687878&CODE_STATE=getMsg HTTP/1.1" 200 27
124.78.156.53 - - [22/Mar/2023:12:18:03 +0800] "GET /xingrg/check_reg.html?_=1679458687880 HTTP/1.1" 200 22
124.79.240.233 - - [22/Mar/2023:12:18:04 +0800] "GET /xingrg/kc/buy/cgsh_order_operate.html?command=get_materiel&rest_code=00104&code=00101013098&supplier_code=00100036&order_time=2023-03-22 HTTP/1.1" 200 417
222.67.232.202 - - [22/Mar/2023:12:18:09 +0800] "GET /xingrg/all/function/internal_message.html?_=1679458236713&CODE_STATE=getMsg HTTP/1.1" 200 27
114.83.219.160 - - [22/Mar/2023:12:18:09 +0800] "GET /xingrg/kc/base/wldb_order_operate.html?command=get_materiel&rest_code=00149&base_code=0010394&code=00101019306 HTTP/1.1" 200 479
114.83.222.182 - - [22/Mar/2023:12:18:09 +0800] "GET /xingrg/check_reg.html?_=1679458760277 HTTP/1.1" 200 22
114.83.222.182 - - [22/Mar/2023:12:18:09 +0800] "GET /xingrg/all/function/internal_message.html?_=1679458760279&CODE_STATE=getMsg HTTP/1.1" 200 27
120.253.135.82 - - [22/Mar/2023:12:18:10 +0800] "GET /xingrg/all/function/internal_message.html?_=1679458520430&CODE_STATE=getMsg HTTP/1.1" 200 27
114.83.219.160 - - [22/Mar/2023:12:18:11 +0800] "GET /xingrg/all/function/internal_message.html?_=1679458689753&CODE_STATE=getMsg HTTP/1.1" 200 27
116.232.35.78 - - [22/Mar/2023:12:18:15 +0800] "GET /xingrg/all/function/internal_message.html?_=1679458696823&CODE_STATE=getMsg HTTP/1.1" 200 27
180.162.110.76 - - [22/Mar/2023:12:18:16 +0800] "GET /xingrg/all/function/internal_message.html?_=1679457597717&CODE_STATE=getMsg HTTP/1.1" 200 27
124.79.240.233 - - [22/Mar/2023:12:18:19 +0800] "GET /xingrg/kc/buy/cgsh_order_operate.html?command=get_materiel&rest_code=00104&code=00101012003&supplier_code=00100036&order_time=2023-03-22 HTTP/1.1" 200 413
180.163.28.143 - - [22/Mar/2023:12:18:20 +0800] "GET /xingrg/all/function/internal_message.html?_=1679458639180&CODE_STATE=getMsg HTTP/1.1" 302 -
180.163.28.143 - - [22/Mar/2023:12:18:20 +0800] "GET /xingrg/login.html HTTP/1.1" 200 7641
124.78.156.53 - - [22/Mar/2023:12:18:20 +0800] "GET /xingrg/all/function/internal_message.html?_=1679458699180&CODE_STATE=getMsg HTTP/1.1" 200 27
114.83.219.160 - - [22/Mar/2023:12:18:24 +0800] "GET /xingrg/kc/base/wldb_order_operate.html?command=get_materiel&rest_code=00149&base_code=0010394&code=00101019448 HTTP/1.1" 200 483
116.238.139.35 - - [22/Mar/2023:12:18:25 +0800] "GET /xingrg/all/function/internal_message.html?_=1679458629595&CODE_STATE=getMsg HTTP/1.1" 200 27
116.192.124.172 - - [22/Mar/2023:12:18:31 +0800] "GET /xingrg/kc/buy/cgsh_order_operate.html?command=get_materiel&rest_code=00102&code=00101008110&supplier_code=00100008&order_time=2023-03-22 HTTP/1.1" 200 409
114.83.219.160 - - [22/Mar/2023:12:18:33 +0800] "GET /xingrg/kc/base/wldb_order_operate.html?command=get_materiel&rest_code=00149&base_code=0010394&code=00101019079 HTTP/1.1" 200 479
116.235.240.214 - - [22/Mar/2023:12:18:36 +0800] "GET /xingrg/all/function/internal_message.html?_=1679458726726&CODE_STATE=getMsg HTTP/1.1" 200 27
124.79.72.155 - - [22/Mar/2023:12:18:37 +0800] "GET /xingrg/all/function/internal_message.html?_=1679458724170&CODE_STATE=getMsg HTTP/1.1" 200 27
116.192.124.172 - - [22/Mar/2023:12:18:38 +0800] "GET /xingrg/kc/buy/cgsh_order_operate.html?command=get_materiel&rest_code=00102&code=00101008038&supplier_code=00100008&order_time=2023-03-22 HTTP/1.1" 200 412
116.225.84.253 - - [22/Mar/2023:12:18:38 +0800] "GET /xingrg/all/function/internal_message.html?_=1679458562829&CODE_STATE=getMsg HTTP/1.1" 200 27
180.164.3.199 - - [22/Mar/2023:12:18:41 +0800] "GET /xingrg/all/function/internal_message.html?_=1679458720723&CODE_STATE=getMsg HTTP/1.1" 200 27
180.164.3.199 - - [22/Mar/2023:12:18:41 +0800] "GET /xingrg/check_reg.html?_=1679458720724 HTTP/1.1" 200 22
58.221.95.50 - - [22/Mar/2023:12:18:43 +0800] "GET /xingrg/all/function/internal_message.html?_=1679458724509&CODE_STATE=getMsg HTTP/1.1" 200 27
222.70.221.209 - - [22/Mar/2023:12:18:48 +0800] "GET /xingrg/all/function/internal_message.html?_=1679458836492&CODE_STATE=getMsg HTTP/1.1" 200 27
116.232.35.78 - - [22/Mar/2023:12:18:49 +0800] "POST /xingrg/kc/buy/cgsh_list_operate.html HTTP/1.1" 200 4
114.83.219.160 - - [22/Mar/2023:12:18:50 +0800] "POST /xingrg/kc/base/wldb_order_operate.html HTTP/1.1" 200 37
124.79.240.233 - - [22/Mar/2023:12:18:50 +0800] "GET /xingrg/all/function/internal_message.html?_=1679458988517&CODE_STATE=getMsg HTTP/1.1" 200 27
180.157.253.110 - - [22/Mar/2023:12:18:53 +0800] "GET /xingrg/all/function/internal_message.html?_=1679458732842&CODE_STATE=getMsg HTTP/1.1" 302 -
101.229.22.234 - - [22/Mar/2023:12:18:54 +0800] "GET /xingrg/all/function/internal_message.html?_=1679458732769&CODE_STATE=getMsg HTTP/1.1" 200 27
101.229.22.234 - - [22/Mar/2023:12:18:54 +0800] "GET /xingrg/check_reg.html?_=1679458732772 HTTP/1.1" 200 22
222.70.182.154 - - [22/Mar/2023:12:18:55 +0800] "GET /xingrg/all/function/internal_message.html?_=1679458732738&CODE_STATE=getMsg HTTP/1.1" 200 27
114.83.219.160 - - [22/Mar/2023:12:18:56 +0800] "POST /xingrg/kc/base/wldb_order_operate.html HTTP/1.1" 200 12
114.83.219.160 - - [22/Mar/2023:12:18:56 +0800] "POST /xingrg/kc/base/wldb_order_operate.html HTTP/1.1" 200 4761
116.235.240.214 - - [22/Mar/2023:12:18:57 +0800] "GET /xingrg/all/function/internal_message.html?_=1679458610941&CODE_STATE=getMsg HTTP/1.1" 200 27
116.235.240.214 - - [22/Mar/2023:12:18:57 +0800] "GET /xingrg/check_reg.html?_=1679458610946 HTTP/1.1" 200 22
116.224.106.218 - - [22/Mar/2023:12:18:57 +0800] "GET /xingrg/all/function/internal_message.html?_=1679458734176&CODE_STATE=getMsg HTTP/1.1" 200 27
58.40.7.146 - - [22/Mar/2023:12:18:58 +0800] "GET /xingrg/all/function/internal_message.html?_=1679458738285&CODE_STATE=getMsg HTTP/1.1" 302 -
116.192.124.172 - - [22/Mar/2023:12:19:00 +0800] "GET /xingrg/all/function/internal_message.html?_=1679458741004&CODE_STATE=getMsg HTTP/1.1" 200 27
116.192.124.172 - - [22/Mar/2023:12:19:01 +0800] "GET /xingrg/all/function/internal_message.html?_=1679458755166&CODE_STATE=getMsg HTTP/1.1" 200 27
124.78.156.53 - - [22/Mar/2023:12:19:03 +0800] "GET /xingrg/all/function/internal_message.html?_=1679458747882&CODE_STATE=getMsg HTTP/1.1" 200 27
124.79.240.233 - - [22/Mar/2023:12:19:03 +0800] "GET /xingrg/kc/buy/cgsh_order_operate.html?command=get_materiel&rest_code=00104&code=00101016030&supplier_code=00100036&order_time=2023-03-22 HTTP/1.1" 200 412
222.67.232.202 - - [22/Mar/2023:12:19:09 +0800] "GET /xingrg/all/function/internal_message.html?_=1679458296683&CODE_STATE=getMsg HTTP/1.1" 200 27
114.83.222.182 - - [22/Mar/2023:12:19:09 +0800] "GET /xingrg/all/function/internal_message.html?_=1679458820268&CODE_STATE=getMsg HTTP/1.1" 200 27
120.253.135.82 - - [22/Mar/2023:12:19:10 +0800] "GET /xingrg/check_reg.html?_=1679458580324 HTTP/1.1" 200 22
120.253.135.82 - - [22/Mar/2023:12:19:10 +0800] "GET /xingrg/all/function/internal_message.html?_=1679458580443&CODE_STATE=getMsg HTTP/1.1" 200 27
114.83.219.160 - - [22/Mar/2023:12:19:10 +0800] "GET /xingrg/kc/base/wldb_order_info.html?code=422023032201831 HTTP/1.1" 200 26265
114.83.219.160 - - [22/Mar/2023:12:19:11 +0800] "GET /xingrg/javascript/easyui/themes/default/validatebox.css HTTP/1.1" 404 1104
114.83.219.160 - - [22/Mar/2023:12:19:11 +0800] "POST /xingrg/kc/base/wldb_order_operate.html HTTP/1.1" 200 3000
114.83.219.160 - - [22/Mar/2023:12:19:11 +0800] "GET /xingrg/all/function/internal_message.html?_=1679458749799&CODE_STATE=getMsg HTTP/1.1" 200 27
124.79.240.233 - - [22/Mar/2023:12:19:14 +0800] "GET /xingrg/kc/buy/cgsh_order_operate.html?command=get_materiel&rest_code=00104&code=00101012026&supplier_code=00100036&order_time=2023-03-22 HTTP/1.1" 200 408
180.162.110.76 - - [22/Mar/2023:12:19:16 +0800] "GET /xingrg/all/function/internal_message.html?_=1679457657723&CODE_STATE=getMsg HTTP/1.1" 200 27
116.192.124.172 - - [22/Mar/2023:12:19:16 +0800] "GET /xingrg/kc/buy/cgsh_order_operate.html?command=get_materiel&rest_code=00102&code=00101008338&supplier_code=00100008&order_time=2023-03-22 HTTP/1.1" 200 408
124.78.156.53 - - [22/Mar/2023:12:19:20 +0800] "GET /xingrg/all/function/internal_message.html?_=1679458759186&CODE_STATE=getMsg HTTP/1.1" 200 27
116.192.124.172 - - [22/Mar/2023:12:19:24 +0800] "GET /xingrg/kc/buy/cgsh_order_operate.html?command=get_materiel&rest_code=00102&code=00101008163&supplier_code=00100008&order_time=2023-03-22 HTTP/1.1" 200 409
116.238.139.35 - - [22/Mar/2023:12:19:25 +0800] "GET /xingrg/all/function/internal_message.html?_=1679458689665&CODE_STATE=getMsg HTTP/1.1" 200 27
124.79.240.233 - - [22/Mar/2023:12:19:28 +0800] "POST /xingrg/kc/buy/cgsh_order_operate.html HTTP/1.1" 200 37
124.79.240.233 - - [22/Mar/2023:12:19:30 +0800] "POST /xingrg/kc/buy/cgsh_order_operate.html HTTP/1.1" 200 4437
124.79.240.233 - - [22/Mar/2023:12:19:32 +0800] "GET /xingrg/kc/print/load_data.html?order_code=212023032208298&kc_code=cgsh&condition= HTTP/1.1" 200 1438
116.192.124.172 - - [22/Mar/2023:12:19:33 +0800] "GET /xingrg/kc/buy/cgsh_order_operate.html?command=get_materiel&rest_code=00102&code=00101008355&supplier_code=00100008&order_time=2023-03-22 HTTP/1.1" 200 408
116.235.240.214 - - [22/Mar/2023:12:19:36 +0800] "GET /xingrg/all/function/internal_message.html?_=1679458786737&CODE_STATE=getMsg HTTP/1.1" 200 27
124.79.72.155 - - [22/Mar/2023:12:19:37 +0800] "GET /xingrg/all/function/internal_message.html?_=1679458784170&CODE_STATE=getMsg HTTP/1.1" 200 27
114.83.219.160 - - [22/Mar/2023:12:19:37 +0800] "GET /xingrg/kc/base/wldb_order_add.html HTTP/1.1" 200 30387
124.79.240.233 - - [22/Mar/2023:12:19:37 +0800] "GET /xingrg/kc/buy/cgsh_order_add.html HTTP/1.1" 200 70002
114.83.219.160 - - [22/Mar/2023:12:19:37 +0800] "POST /xingrg/kc/base/wldb_order_operate.html HTTP/1.1" 200 6806
124.79.240.233 - - [22/Mar/2023:12:19:37 +0800] "POST /xingrg/kc/buy/cgsh_order_operate.html HTTP/1.1" 200 8245
124.79.240.233 - - [22/Mar/2023:12:19:37 +0800] "GET /xingrg/javascript/easyui/themes/default/validatebox.css HTTP/1.1" 404 1104
114.83.219.160 - - [22/Mar/2023:12:19:37 +0800] "GET /xingrg/javascript/easyui/themes/default/validatebox.css HTTP/1.1" 404 1104
116.225.84.253 - - [22/Mar/2023:12:19:38 +0800] "GET /xingrg/all/function/internal_message.html?_=1679458622799&CODE_STATE=getMsg HTTP/1.1" 200 27
114.83.219.160 - - [22/Mar/2023:12:19:39 +0800] "POST /xingrg/all/common/load_combo.html?type=base HTTP/1.1" 200 3409
180.164.3.199 - - [22/Mar/2023:12:19:41 +0800] "GET /xingrg/all/function/internal_message.html?_=1679458780712&CODE_STATE=getMsg HTTP/1.1" 200 27
116.192.124.172 - - [22/Mar/2023:12:19:41 +0800] "GET /xingrg/kc/buy/cgsh_order_operate.html?command=get_materiel&rest_code=00102&code=00101008144&supplier_code=00100008&order_time=2023-03-22 HTTP/1.1" 200 414
58.221.95.50 - - [22/Mar/2023:12:19:43 +0800] "GET /xingrg/all/function/internal_message.html?_=1679458784495&CODE_STATE=getMsg HTTP/1.1" 200 27
114.83.219.160 - - [22/Mar/2023:12:19:48 +0800] "GET /xingrg/kc/base/wldb_order_operate.html?command=get_materiel&rest_code=00149&base_code=0010394&code=00101013225 HTTP/1.1" 200 448
222.70.221.209 - - [22/Mar/2023:12:19:48 +0800] "GET /xingrg/all/function/internal_message.html?_=1679458896493&CODE_STATE=getMsg HTTP/1.1" 200 27
124.79.240.233 - - [22/Mar/2023:12:19:50 +0800] "GET /xingrg/all/function/internal_message.html?_=1679459048499&CODE_STATE=getMsg HTTP/1.1" 200 27
124.79.240.233 - - [22/Mar/2023:12:19:51 +0800] "GET /xingrg/kc/buy/cgsh_order_operate.html?command=get_materiel&rest_code=00104&code=00101029017&supplier_code=00100017&order_time=2023-03-22 HTTP/1.1" 200 447
116.192.124.172 - - [22/Mar/2023:12:19:52 +0800] "GET /xingrg/kc/buy/cgsh_order_operate.html?command=get_materiel&rest_code=00102&code=00101008077&supplier_code=00100008&order_time=2023-03-22 HTTP/1.1" 200 416
124.79.240.233 - - [22/Mar/2023:12:19:52 +0800] "GET /xingrg/check_reg.html?_=1679459050847 HTTP/1.1" 200 22
180.157.253.110 - - [22/Mar/2023:12:19:53 +0800] "GET /xingrg/all/function/internal_message.html?_=1679458792820&CODE_STATE=getMsg HTTP/1.1" 302 -
101.229.22.234 - - [22/Mar/2023:12:19:54 +0800] "GET /xingrg/all/function/internal_message.html?_=1679458792774&CODE_STATE=getMsg HTTP/1.1" 200 27
222.70.182.154 - - [22/Mar/2023:12:19:55 +0800] "GET /xingrg/all/function/internal_message.html?_=1679458792723&CODE_STATE=getMsg HTTP/1.1" 200 27
116.235.240.214 - - [22/Mar/2023:12:19:57 +0800] "GET /xingrg/all/function/internal_message.html?_=1679458670947&CODE_STATE=getMsg HTTP/1.1" 200 27
180.157.253.110 - - [22/Mar/2023:12:19:57 +0800] "GET /xingrg/check_reg.html?_=1679458796219 HTTP/1.1" 302 -
116.224.106.218 - - [22/Mar/2023:12:19:57 +0800] "GET /xingrg/all/function/internal_message.html?_=1679458794161&CODE_STATE=getMsg HTTP/1.1" 200 27
58.40.7.146 - - [22/Mar/2023:12:19:58 +0800] "GET /xingrg/all/function/internal_message.html?_=1679458798256&CODE_STATE=getMsg HTTP/1.1" 302 -
116.192.124.172 - - [22/Mar/2023:12:20:00 +0800] "GET /xingrg/kc/buy/cgsh_order_operate.html?command=get_materiel&rest_code=00102&code=00101008161&supplier_code=00100008&order_time=2023-03-22 HTTP/1.1" 200 409
116.192.124.172 - - [22/Mar/2023:12:20:00 +0800] "GET /xingrg/all/function/internal_message.html?_=1679458800981&CODE_STATE=getMsg HTTP/1.1" 200 27
116.192.124.172 - - [22/Mar/2023:12:20:01 +0800] "GET /xingrg/all/function/internal_message.html?_=1679458815154&CODE_STATE=getMsg HTTP/1.1" 200 27
124.78.156.53 - - [22/Mar/2023:12:20:03 +0800] "GET /xingrg/all/function/internal_message.html?_=1679458807885&CODE_STATE=getMsg HTTP/1.1" 200 27
124.79.240.233 - - [22/Mar/2023:12:20:05 +0800] "GET /xingrg/kc/buy/cgsh_order_operate.html?command=get_materiel&rest_code=00104&code=00101029010&supplier_code=00100017&order_time=2023-03-22 HTTP/1.1" 200 439
116.238.139.35 - - [22/Mar/2023:12:20:07 +0800] "GET /xingrg/check_reg.html?_=1679458731152 HTTP/1.1" 200 22
116.192.124.172 - - [22/Mar/2023:12:20:08 +0800] "GET /xingrg/kc/buy/cgsh_order_operate.html?command=get_materiel&rest_code=00102&code=00101008069&supplier_code=00100008&order_time=2023-03-22 HTTP/1.1" 200 412
222.67.232.202 - - [22/Mar/2023:12:20:09 +0800] "GET /xingrg/all/function/internal_message.html?_=1679458356653&CODE_STATE=getMsg HTTP/1.1" 200 27
114.83.222.182 - - [22/Mar/2023:12:20:09 +0800] "GET /xingrg/all/function/internal_message.html?_=1679458880273&CODE_STATE=getMsg HTTP/1.1" 200 27
116.232.35.78 - - [22/Mar/2023:12:20:10 +0800] "GET /xingrg/all/function/internal_message.html?_=1679458811422&CODE_STATE=getMsg HTTP/1.1" 200 27
120.253.135.82 - - [22/Mar/2023:12:20:10 +0800] "GET /xingrg/all/function/internal_message.html?_=1679458640457&CODE_STATE=getMsg HTTP/1.1" 200 27
114.83.219.160 - - [22/Mar/2023:12:20:11 +0800] "GET /xingrg/all/function/internal_message.html?_=1679458809779&CODE_STATE=getMsg HTTP/1.1" 200 27
114.83.219.160 - - [22/Mar/2023:12:20:11 +0800] "POST /xingrg/kc/base/wldb_order_operate.html HTTP/1.1" 200 37
58.40.7.146 - - [22/Mar/2023:12:20:11 +0800] "GET /xingrg/check_reg.html?_=1679458811560 HTTP/1.1" 302 -
116.192.124.172 - - [22/Mar/2023:12:20:15 +0800] "GET /xingrg/kc/buy/cgsh_order_operate.html?command=get_materiel&rest_code=00102&code=00101008131&supplier_code=00100008&order_time=2023-03-22 HTTP/1.1" 200 408
180.162.110.76 - - [22/Mar/2023:12:20:16 +0800] "GET /xingrg/all/function/internal_message.html?_=1679457717734&CODE_STATE=getMsg HTTP/1.1" 200 27
114.83.219.160 - - [22/Mar/2023:12:20:17 +0800] "POST /xingrg/kc/base/wldb_order_operate.html HTTP/1.1" 200 12
114.83.219.160 - - [22/Mar/2023:12:20:17 +0800] "POST /xingrg/kc/base/wldb_order_operate.html HTTP/1.1" 200 2190
124.79.240.233 - - [22/Mar/2023:12:20:18 +0800] "GET /xingrg/kc/buy/cgsh_order_operate.html?command=get_materiel&rest_code=00104&code=00101028011&supplier_code=00100017&order_time=2023-03-22 HTTP/1.1" 200 452
114.83.219.160 - - [22/Mar/2023:12:20:19 +0800] "GET /xingrg/kc/base/wldb_order_info.html?code=422023032201832 HTTP/1.1" 200 26270
114.83.219.160 - - [22/Mar/2023:12:20:19 +0800] "GET /xingrg/javascript/easyui/themes/default/validatebox.css HTTP/1.1" 404 1104
114.83.219.160 - - [22/Mar/2023:12:20:20 +0800] "POST /xingrg/kc/base/wldb_order_operate.html HTTP/1.1" 200 484
180.163.29.234 - - [22/Mar/2023:12:20:20 +0800] "GET /xingrg/all/function/internal_message.html?_=1679458759186&CODE_STATE=getMsg HTTP/1.1" 302 -
124.78.156.53 - - [22/Mar/2023:12:20:20 +0800] "GET /xingrg/all/function/internal_message.html?_=1679458819188&CODE_STATE=getMsg HTTP/1.1" 200 27
180.163.29.234 - - [22/Mar/2023:12:20:20 +0800] "GET /xingrg/login.html HTTP/1.1" 200 7641
124.78.156.53 - - [22/Mar/2023:12:20:20 +0800] "GET /xingrg/check_reg.html?_=1679458819349 HTTP/1.1" 200 22
116.192.124.172 - - [22/Mar/2023:12:20:21 +0800] "GET /xingrg/kc/buy/cgsh_order_operate.html?command=get_materiel&rest_code=00102&code=00101008098&supplier_code=00100008&order_time=2023-03-22 HTTP/1.1" 200 412
116.225.84.253 - - [22/Mar/2023:12:20:22 +0800] "GET /xingrg/kc/buy/cgsh_order_add.html HTTP/1.1" 200 70043
116.225.84.253 - - [22/Mar/2023:12:20:22 +0800] "POST /xingrg/kc/buy/cgsh_order_operate.html HTTP/1.1" 200 8245
116.225.84.253 - - [22/Mar/2023:12:20:22 +0800] "GET /xingrg/javascript/easyui/themes/default/validatebox.css HTTP/1.1" 404 1104
114.83.219.160 - - [22/Mar/2023:12:20:22 +0800] "GET /xingrg/kc/base/wldb_order_add.html HTTP/1.1" 200 30387
114.83.219.160 - - [22/Mar/2023:12:20:23 +0800] "POST /xingrg/kc/base/wldb_order_operate.html HTTP/1.1" 200 6806
114.83.219.160 - - [22/Mar/2023:12:20:23 +0800] "GET /xingrg/javascript/easyui/themes/default/validatebox.css HTTP/1.1" 404 1104
116.238.139.35 - - [22/Mar/2023:12:20:25 +0800] "GET /xingrg/all/function/internal_message.html?_=1679458749669&CODE_STATE=getMsg HTTP/1.1" 200 27
114.83.219.160 - - [22/Mar/2023:12:20:26 +0800] "POST /xingrg/all/common/load_combo.html?type=base HTTP/1.1" 200 3409
116.232.35.78 - - [22/Mar/2023:12:20:27 +0800] "POST /xingrg/kc/buy/cgsh_list_operate.html HTTP/1.1" 200 5728
124.79.240.233 - - [22/Mar/2023:12:20:28 +0800] "GET /xingrg/kc/buy/cgsh_order_operate.html?command=get_materiel&rest_code=00104&code=00101029025&supplier_code=00100017&order_time=2023-03-22 HTTP/1.1" 200 442
116.192.124.172 - - [22/Mar/2023:12:20:29 +0800] "GET /xingrg/kc/buy/cgsh_order_operate.html?command=get_materiel&rest_code=00102&code=00101008005&supplier_code=00100008&order_time=2023-03-22 HTTP/1.1" 200 412
116.232.35.78 - - [22/Mar/2023:12:20:33 +0800] "POST /xingrg/kc/buy/cgsh_list_operate.html HTTP/1.1" 200 202
116.192.124.172 - - [22/Mar/2023:12:20:36 +0800] "GET /xingrg/kc/buy/cgsh_order_operate.html?command=get_materiel&rest_code=00102&code=00101008353&supplier_code=00100008&order_time=2023-03-22 HTTP/1.1" 200 408
116.235.240.214 - - [22/Mar/2023:12:20:37 +0800] "GET /xingrg/all/function/internal_message.html?_=1679458847100&CODE_STATE=getMsg HTTP/1.1" 200 27
124.79.72.155 - - [22/Mar/2023:12:20:37 +0800] "GET /xingrg/all/function/internal_message.html?_=1679458844171&CODE_STATE=getMsg HTTP/1.1" 200 27
116.225.84.253 - - [22/Mar/2023:12:20:38 +0800] "GET /xingrg/all/function/internal_message.html?_=1679458682782&CODE_STATE=getMsg HTTP/1.1" 200 27
180.164.3.199 - - [22/Mar/2023:12:20:41 +0800] "GET /xingrg/all/function/internal_message.html?_=1679458840715&CODE_STATE=getMsg HTTP/1.1" 200 27
114.83.219.160 - - [22/Mar/2023:12:20:41 +0800] "GET /xingrg/kc/base/wldb_order_operate.html?command=get_materiel&rest_code=00149&base_code=0010436&code=00101014041 HTTP/1.1" 200 433
58.221.95.50 - - [22/Mar/2023:12:20:43 +0800] "GET /xingrg/all/function/internal_message.html?_=1679458844480&CODE_STATE=getMsg HTTP/1.1" 200 27
58.221.95.50 - - [22/Mar/2023:12:20:44 +0800] "GET /xingrg/check_reg.html?_=1679458845503 HTTP/1.1" 200 22
124.79.240.233 - - [22/Mar/2023:12:20:45 +0800] "GET /xingrg/kc/buy/cgsh_order_operate.html?command=get_materiel&rest_code=00104&code=00101029009&supplier_code=00100017&order_time=2023-03-22 HTTP/1.1" 200 456
116.192.124.172 - - [22/Mar/2023:12:20:45 +0800] "GET /xingrg/kc/buy/cgsh_order_operate.html?command=get_materiel&rest_code=00102&code=00101008347&supplier_code=00100008&order_time=2023-03-22 HTTP/1.1" 200 408
116.225.84.253 - - [22/Mar/2023:12:20:46 +0800] "GET /xingrg/kc/buy/cgsh_order_operate.html?command=get_materiel&rest_code=00105&code=00101009109&supplier_code=00100024&order_time=2023-03-22 HTTP/1.1" 200 413
116.192.124.172 - - [22/Mar/2023:12:20:48 +0800] "POST /xingrg/kc/buy/cgsh_order_operate.html HTTP/1.1" 200 2065
222.70.221.209 - - [22/Mar/2023:12:20:48 +0800] "GET /xingrg/check_reg.html?_=1679458956485 HTTP/1.1" 200 22
222.70.221.209 - - [22/Mar/2023:12:20:48 +0800] "GET /xingrg/all/function/internal_message.html?_=1679458956487&CODE_STATE=getMsg HTTP/1.1" 200 27
124.79.240.233 - - [22/Mar/2023:12:20:50 +0800] "GET /xingrg/all/function/internal_message.html?_=1679459108487&CODE_STATE=getMsg HTTP/1.1" 200 27
116.192.124.172 - - [22/Mar/2023:12:20:53 +0800] "GET /xingrg/kc/buy/cgsh_order_operate.html?command=get_materiel&rest_code=00102&code=00101008042&supplier_code=00100008&order_time=2023-03-22 HTTP/1.1" 200 416
180.157.253.110 - - [22/Mar/2023:12:20:53 +0800] "GET /xingrg/all/function/internal_message.html?_=1679458852801&CODE_STATE=getMsg HTTP/1.1" 302 -
101.229.22.234 - - [22/Mar/2023:12:20:54 +0800] "GET /xingrg/all/function/internal_message.html?_=1679458852775&CODE_STATE=getMsg HTTP/1.1" 200 27
222.70.182.154 - - [22/Mar/2023:12:20:55 +0800] "GET /xingrg/all/function/internal_message.html?_=1679458852725&CODE_STATE=getMsg HTTP/1.1" 200 27
116.235.240.214 - - [22/Mar/2023:12:20:57 +0800] "GET /xingrg/all/function/internal_message.html?_=1679458730949&CODE_STATE=getMsg HTTP/1.1" 200 27
116.224.106.218 - - [22/Mar/2023:12:20:57 +0800] "GET /xingrg/all/function/internal_message.html?_=1679458854134&CODE_STATE=getMsg HTTP/1.1" 200 27
58.40.7.146 - - [22/Mar/2023:12:20:58 +0800] "GET /xingrg/all/function/internal_message.html?_=1679458858235&CODE_STATE=getMsg HTTP/1.1" 302 -
116.235.240.214 - - [22/Mar/2023:12:20:58 +0800] "GET /xingrg/check_reg.html?_=1679458868636 HTTP/1.1" 200 22
124.79.240.233 - - [22/Mar/2023:12:21:00 +0800] "POST /xingrg/kc/buy/cgsh_order_operate.html HTTP/1.1" 200 37
116.192.124.172 - - [22/Mar/2023:12:21:00 +0800] "GET /xingrg/all/function/internal_message.html?_=1679458860953&CODE_STATE=getMsg HTTP/1.1" 200 27
124.79.240.233 - - [22/Mar/2023:12:21:01 +0800] "POST /xingrg/kc/buy/cgsh_order_operate.html HTTP/1.1" 200 5173
116.192.124.172 - - [22/Mar/2023:12:21:01 +0800] "GET /xingrg/check_reg.html?_=1679458875164 HTTP/1.1" 200 22
116.192.124.172 - - [22/Mar/2023:12:21:01 +0800] "GET /xingrg/all/function/internal_message.html?_=1679458875168&CODE_STATE=getMsg HTTP/1.1" 200 27
116.192.124.172 - - [22/Mar/2023:12:21:02 +0800] "GET /xingrg/kc/buy/cgsh_order_operate.html?command=get_materiel&rest_code=00102&code=00101008285&supplier_code=00100008&order_time=2023-03-22 HTTP/1.1" 200 413
124.79.240.233 - - [22/Mar/2023:12:21:02 +0800] "GET /xingrg/kc/print/load_data.html?order_code=212023032208299&kc_code=cgsh&condition= HTTP/1.1" 200 1805
124.78.156.53 - - [22/Mar/2023:12:21:03 +0800] "GET /xingrg/all/function/internal_message.html?_=1679458867888&CODE_STATE=getMsg HTTP/1.1" 200 27
116.225.84.253 - - [22/Mar/2023:12:21:08 +0800] "GET /xingrg/kc/buy/cgsh_order_operate.html?command=get_materiel&rest_code=00105&code=00101009062&supplier_code=00100024&order_time=2023-03-22 HTTP/1.1" 200 412
222.67.232.202 - - [22/Mar/2023:12:21:09 +0800] "GET /xingrg/all/function/internal_message.html?_=1679458416624&CODE_STATE=getMsg HTTP/1.1" 200 27
114.83.222.182 - - [22/Mar/2023:12:21:09 +0800] "GET /xingrg/all/function/internal_message.html?_=1679458940265&CODE_STATE=getMsg HTTP/1.1" 200 27
116.232.35.78 - - [22/Mar/2023:12:21:10 +0800] "GET /xingrg/all/function/internal_message.html?_=1679458871417&CODE_STATE=getMsg HTTP/1.1" 200 27
120.253.135.82 - - [22/Mar/2023:12:21:10 +0800] "GET /xingrg/all/function/internal_message.html?_=1679458700470&CODE_STATE=getMsg HTTP/1.1" 200 27
116.192.124.172 - - [22/Mar/2023:12:21:10 +0800] "GET /xingrg/kc/buy/cgsh_order_operate.html?command=get_materiel&rest_code=00102&code=00101008350&supplier_code=00100008&order_time=2023-03-22 HTTP/1.1" 200 408
114.83.219.160 - - [22/Mar/2023:12:21:11 +0800] "GET /xingrg/all/function/internal_message.html?_=1679458869752&CODE_STATE=getMsg HTTP/1.1" 200 27
114.83.219.160 - - [22/Mar/2023:12:21:11 +0800] "GET /xingrg/check_reg.html?_=1679458870360 HTTP/1.1" 200 22
180.162.110.76 - - [22/Mar/2023:12:21:16 +0800] "GET /xingrg/all/function/internal_message.html?_=1679457777737&CODE_STATE=getMsg HTTP/1.1" 200 27
116.238.139.35 - - [22/Mar/2023:12:21:19 +0800] "GET /xingrg/check_reg.html?_=1679458880630 HTTP/1.1" 302 -
116.192.124.172 - - [22/Mar/2023:12:21:20 +0800] "GET /xingrg/kc/buy/cgsh_order_operate.html?command=get_materiel&rest_code=00102&code=00101008223&supplier_code=00100008&order_time=2023-03-22 HTTP/1.1" 200 412
124.78.156.53 - - [22/Mar/2023:12:21:20 +0800] "GET /xingrg/all/function/internal_message.html?_=1679458879194&CODE_STATE=getMsg HTTP/1.1" 200 27
116.225.84.253 - - [22/Mar/2023:12:21:23 +0800] "GET /xingrg/kc/buy/cgsh_order_operate.html?command=get_materiel&rest_code=00105&code=00101009004&supplier_code=00100024&order_time=2023-03-22 HTTP/1.1" 200 409
116.238.139.35 - - [22/Mar/2023:12:21:25 +0800] "GET /xingrg/all/function/internal_message.html?_=1679458809682&CODE_STATE=getMsg HTTP/1.1" 200 27
116.192.124.172 - - [22/Mar/2023:12:21:27 +0800] "GET /xingrg/kc/buy/cgsh_order_operate.html?command=get_materiel&rest_code=00102&code=00101008172&supplier_code=00100008&order_time=2023-03-22 HTTP/1.1" 200 412
124.79.240.233 - - [22/Mar/2023:12:21:28 +0800] "GET /xingrg/kc/buy/cgsh_order_add.html HTTP/1.1" 200 70002
124.79.240.233 - - [22/Mar/2023:12:21:28 +0800] "POST /xingrg/kc/buy/cgsh_order_operate.html HTTP/1.1" 200 8245
124.79.240.233 - - [22/Mar/2023:12:21:28 +0800] "GET /xingrg/javascript/easyui/themes/default/validatebox.css HTTP/1.1" 404 1104
116.192.124.172 - - [22/Mar/2023:12:21:29 +0800] "POST /xingrg/kc/buy/cgsh_order_operate.html HTTP/1.1" 200 2065
116.192.124.172 - - [22/Mar/2023:12:21:37 +0800] "GET /xingrg/kc/buy/cgsh_order_operate.html?command=get_materiel&rest_code=00102&code=00101008168&supplier_code=00100008&order_time=2023-03-22 HTTP/1.1" 200 413
116.235.240.214 - - [22/Mar/2023:12:21:37 +0800] "GET /xingrg/all/function/internal_message.html?_=1679458907107&CODE_STATE=getMsg HTTP/1.1" 200 27
124.79.72.155 - - [22/Mar/2023:12:21:37 +0800] "GET /xingrg/all/function/internal_message.html?_=1679458904177&CODE_STATE=getMsg HTTP/1.1" 200 27
124.79.72.155 - - [22/Mar/2023:12:21:37 +0800] "GET /xingrg/check_reg.html?_=1679458904179 HTTP/1.1" 200 22
116.232.35.78 - - [22/Mar/2023:12:21:37 +0800] "POST /xingrg/kc/buy/cgsh_list_operate.html HTTP/1.1" 200 4
116.225.84.253 - - [22/Mar/2023:12:21:38 +0800] "GET /xingrg/all/function/internal_message.html?_=1679458742757&CODE_STATE=getMsg HTTP/1.1" 200 27
116.225.84.253 - - [22/Mar/2023:12:21:39 +0800] "GET /xingrg/check_reg.html?_=1679458743041 HTTP/1.1" 200 22
180.164.3.199 - - [22/Mar/2023:12:21:41 +0800] "GET /xingrg/all/function/internal_message.html?_=1679458900724&CODE_STATE=getMsg HTTP/1.1" 200 27
58.221.95.50 - - [22/Mar/2023:12:21:43 +0800] "GET /xingrg/all/function/internal_message.html?_=1679458904471&CODE_STATE=getMsg HTTP/1.1" 200 27
116.192.124.172 - - [22/Mar/2023:12:21:44 +0800] "GET /xingrg/kc/buy/cgsh_order_operate.html?command=get_materiel&rest_code=00102&code=00101008284&supplier_code=00100008&order_time=2023-03-22 HTTP/1.1" 200 412
222.70.221.209 - - [22/Mar/2023:12:21:49 +0800] "GET /xingrg/all/function/internal_message.html?_=1679459016501&CODE_STATE=getMsg HTTP/1.1" 200 27
124.79.240.233 - - [22/Mar/2023:12:21:50 +0800] "GET /xingrg/all/function/internal_message.html?_=1679459168467&CODE_STATE=getMsg HTTP/1.1" 200 27
180.157.253.110 - - [22/Mar/2023:12:21:53 +0800] "GET /xingrg/all/function/internal_message.html?_=1679458912782&CODE_STATE=getMsg HTTP/1.1" 302 -
101.229.22.234 - - [22/Mar/2023:12:21:54 +0800] "GET /xingrg/all/function/internal_message.html?_=1679458912776&CODE_STATE=getMsg HTTP/1.1" 200 27
116.225.84.253 - - [22/Mar/2023:12:21:55 +0800] "POST /xingrg/kc/buy/cgsh_order_operate.html HTTP/1.1" 200 37
116.192.124.172 - - [22/Mar/2023:12:21:55 +0800] "GET /xingrg/kc/buy/cgsh_order_operate.html?command=get_materiel&rest_code=00102&code=00101008114&supplier_code=00100008&order_time=2023-03-22 HTTP/1.1" 200 413
222.70.182.154 - - [22/Mar/2023:12:21:55 +0800] "GET /xingrg/check_reg.html?_=1679458912744 HTTP/1.1" 200 22
222.70.182.154 - - [22/Mar/2023:12:21:55 +0800] "GET /xingrg/all/function/internal_message.html?_=1679458912752&CODE_STATE=getMsg HTTP/1.1" 200 27
116.225.84.253 - - [22/Mar/2023:12:21:56 +0800] "POST /xingrg/kc/buy/cgsh_order_operate.html HTTP/1.1" 200 3835
116.235.240.214 - - [22/Mar/2023:12:21:57 +0800] "GET /xingrg/all/function/internal_message.html?_=1679458790951&CODE_STATE=getMsg HTTP/1.1" 200 27
116.224.106.218 - - [22/Mar/2023:12:21:57 +0800] "GET /xingrg/all/function/internal_message.html?_=1679458914108&CODE_STATE=getMsg HTTP/1.1" 200 27
58.40.7.146 - - [22/Mar/2023:12:21:58 +0800] "GET /xingrg/all/function/internal_message.html?_=1679458918208&CODE_STATE=getMsg HTTP/1.1" 302 -
116.225.84.253 - - [22/Mar/2023:12:21:59 +0800] "GET /xingrg/kc/print/load_data.html?order_code=212023032208300&kc_code=cgsh&condition= HTTP/1.1" 200 1137
116.192.124.172 - - [22/Mar/2023:12:22:00 +0800] "GET /xingrg/all/function/internal_message.html?_=1679458920942&CODE_STATE=getMsg HTTP/1.1" 200 27
116.192.124.172 - - [22/Mar/2023:12:22:01 +0800] "GET /xingrg/all/function/internal_message.html?_=1679458935176&CODE_STATE=getMsg HTTP/1.1" 200 27
124.78.156.53 - - [22/Mar/2023:12:22:03 +0800] "GET /xingrg/all/function/internal_message.html?_=1679458927876&CODE_STATE=getMsg HTTP/1.1" 200 27
116.192.124.172 - - [22/Mar/2023:12:22:05 +0800] "GET /xingrg/kc/buy/cgsh_order_operate.html?command=get_materiel&rest_code=00102&code=00101008261&supplier_code=00100008&order_time=2023-03-22 HTTP/1.1" 200 408
222.67.232.202 - - [22/Mar/2023:12:22:09 +0800] "GET /xingrg/all/function/internal_message.html?_=1679458476595&CODE_STATE=getMsg HTTP/1.1" 200 27
222.67.232.202 - - [22/Mar/2023:12:22:09 +0800] "GET /xingrg/check_reg.html?_=1679458476969 HTTP/1.1" 200 22
114.83.222.182 - - [22/Mar/2023:12:22:09 +0800] "GET /xingrg/all/function/internal_message.html?_=1679459000268&CODE_STATE=getMsg HTTP/1.1" 200 27
120.253.135.82 - - [22/Mar/2023:12:22:10 +0800] "GET /xingrg/all/function/internal_message.html?_=1679458760488&CODE_STATE=getMsg HTTP/1.1" 200 27
114.83.219.160 - - [22/Mar/2023:12:22:11 +0800] "GET /xingrg/all/function/internal_message.html?_=1679458929724&CODE_STATE=getMsg HTTP/1.1" 200 27
116.192.124.172 - - [22/Mar/2023:12:22:12 +0800] "GET /xingrg/kc/buy/cgsh_order_operate.html?command=get_materiel&rest_code=00102&code=00101008331&supplier_code=00100008&order_time=2023-03-22 HTTP/1.1" 200 416
180.162.110.76 - - [22/Mar/2023:12:22:16 +0800] "GET /xingrg/all/function/internal_message.html?_=1679457837740&CODE_STATE=getMsg HTTP/1.1" 200 27
180.162.110.76 - - [22/Mar/2023:12:22:16 +0800] "GET /xingrg/check_reg.html?_=1679457837738 HTTP/1.1" 200 22
180.163.28.109 - - [22/Mar/2023:12:22:20 +0800] "GET /xingrg/all/function/internal_message.html?_=1679458879194&CODE_STATE=getMsg HTTP/1.1" 302 -
180.163.28.109 - - [22/Mar/2023:12:22:20 +0800] "GET /xingrg/login.html HTTP/1.1" 200 7641
116.232.35.78 - - [22/Mar/2023:12:22:20 +0800] "GET /xingrg/check_reg.html?_=1679458941179 HTTP/1.1" 200 22
116.232.35.78 - - [22/Mar/2023:12:22:20 +0800] "GET /xingrg/all/function/internal_message.html?_=1679458941178&CODE_STATE=getMsg HTTP/1.1" 200 27
124.78.156.53 - - [22/Mar/2023:12:22:20 +0800] "GET /xingrg/all/function/internal_message.html?_=1679458939188&CODE_STATE=getMsg HTTP/1.1" 200 27
116.232.35.78 - - [22/Mar/2023:12:22:22 +0800] "POST /xingrg/kc/buy/cgsh_list_operate.html HTTP/1.1" 200 986
116.232.35.78 - - [22/Mar/2023:12:22:24 +0800] "GET /xingrg/kc/buy/cgsh_order_add.html HTTP/1.1" 200 69964
116.232.35.78 - - [22/Mar/2023:12:22:24 +0800] "GET /xingrg/javascript/convert.js HTTP/1.1" 200 1239
116.232.35.78 - - [22/Mar/2023:12:22:24 +0800] "GET /xingrg/javascript/jquery_tools/order_manager.js HTTP/1.1" 200 11183
116.232.35.78 - - [22/Mar/2023:12:22:24 +0800] "GET /xingrg/javascript/json2.js HTTP/1.1" 200 11259
116.232.35.78 - - [22/Mar/2023:12:22:24 +0800] "GET /xingrg/javascript/print/kc_print.js HTTP/1.1" 200 11415
116.232.35.78 - - [22/Mar/2023:12:22:24 +0800] "GET /xingrg/words/20230321173137_words.js HTTP/1.1" 200 956230
116.232.35.78 - - [22/Mar/2023:12:22:24 +0800] "GET /xingrg/javascript/easyui/themes/icons/template_new.png HTTP/1.1" 200 3956
116.232.35.78 - - [22/Mar/2023:12:22:24 +0800] "GET /xingrg/javascript/easyui/themes/icons/copy_new.png HTTP/1.1" 200 815
116.232.35.78 - - [22/Mar/2023:12:22:24 +0800] "GET /xingrg/javascript/easyui/themes/icons/ok.png HTTP/1.1" 200 883
116.232.35.78 - - [22/Mar/2023:12:22:24 +0800] "GET /xingrg/javascript/easyui/themes/icons/print.png HTTP/1.1" 200 1057
116.232.35.78 - - [22/Mar/2023:12:22:24 +0800] "GET /xingrg/javascript/easyui/themes/icons/cancel.png HTTP/1.1" 200 1133
116.232.35.78 - - [22/Mar/2023:12:22:24 +0800] "GET /xingrg/javascript/easyui/themes/default/images/menu_downarrow.png HTTP/1.1" 200 173
116.232.35.78 - - [22/Mar/2023:12:22:24 +0800] "POST /xingrg/kc/buy/cgsh_order_operate.html HTTP/1.1" 200 8245
116.232.35.78 - - [22/Mar/2023:12:22:25 +0800] "GET /xingrg/javascript/easyui/themes/default/validatebox.css HTTP/1.1" 404 1104
116.232.35.78 - - [22/Mar/2023:12:22:25 +0800] "GET /xingrg/javascript/easyui/plugins/jquery.validatebox.js HTTP/1.1" 200 6103
116.232.35.78 - - [22/Mar/2023:12:22:25 +0800] "GET /xingrg/all/common/auto_word.html?type=employee&rest_code=00147 HTTP/1.1" 200 101
116.232.35.78 - - [22/Mar/2023:12:22:25 +0800] "GET /xingrg/javascript/easyui/themes/icons/edit_remove.png HTTP/1.1" 200 625
116.232.35.78 - - [22/Mar/2023:12:22:25 +0800] "GET /xingrg/javascript/easyui/plugins/jquery.numberbox.js HTTP/1.1" 200 5213
116.232.35.78 - - [22/Mar/2023:12:22:25 +0800] "GET /xingrg/all/common/auto_word.html?type=employee&rest_code=00147 HTTP/1.1" 200 101
116.238.139.35 - - [22/Mar/2023:12:22:25 +0800] "GET /xingrg/all/function/internal_message.html?_=1679458869753&CODE_STATE=getMsg HTTP/1.1" 200 27
116.232.35.78 - - [22/Mar/2023:12:22:27 +0800] "GET /xingrg/javascript/auto/indicator.gif HTTP/1.1" 404 1066
116.232.35.78 - - [22/Mar/2023:12:22:30 +0800] "GET /xingrg/javascript/jquery_tools/images/next.gif HTTP/1.1" 404 1086
116.232.35.78 - - [22/Mar/2023:12:22:30 +0800] "GET /xingrg/javascript/jquery_tools/images/prev.gif HTTP/1.1" 404 1086
116.192.124.172 - - [22/Mar/2023:12:22:36 +0800] "POST /xingrg/kc/buy/cgsh_order_operate.html HTTP/1.1" 200 2065
116.235.240.214 - - [22/Mar/2023:12:22:37 +0800] "GET /xingrg/all/function/internal_message.html?_=1679458967120&CODE_STATE=getMsg HTTP/1.1" 200 27
124.79.72.155 - - [22/Mar/2023:12:22:37 +0800] "GET /xingrg/all/function/internal_message.html?_=1679458964176&CODE_STATE=getMsg HTTP/1.1" 200 27
116.225.84.253 - - [22/Mar/2023:12:22:38 +0800] "GET /xingrg/all/function/internal_message.html?_=1679458802743&CODE_STATE=getMsg HTTP/1.1" 200 27
116.232.35.78 - - [22/Mar/2023:12:22:40 +0800] "GET /xingrg/kc/buy/cgsh_order_operate.html?command=get_materiel&rest_code=00147&code=00101001010&supplier_code=00100454&order_time=2023-03-22 HTTP/1.1" 200 409
180.164.3.199 - - [22/Mar/2023:12:22:41 +0800] "GET /xingrg/all/function/internal_message.html?_=1679458960714&CODE_STATE=getMsg HTTP/1.1" 200 27
58.221.95.50 - - [22/Mar/2023:12:22:43 +0800] "GET /xingrg/all/function/internal_message.html?_=1679458964473&CODE_STATE=getMsg HTTP/1.1" 200 27
116.192.124.172 - - [22/Mar/2023:12:22:47 +0800] "GET /xingrg/kc/buy/cgsh_order_operate.html?command=get_materiel&rest_code=00102&code=00101008283&supplier_code=00100008&order_time=2023-03-22 HTTP/1.1" 200 408
222.70.221.209 - - [22/Mar/2023:12:22:49 +0800] "GET /xingrg/all/function/internal_message.html?_=1679459076503&CODE_STATE=getMsg HTTP/1.1" 200 27
124.79.240.233 - - [22/Mar/2023:12:22:50 +0800] "GET /xingrg/all/function/internal_message.html?_=1679459228441&CODE_STATE=getMsg HTTP/1.1" 200 27
116.232.35.78 - - [22/Mar/2023:12:22:53 +0800] "GET /xingrg/kc/buy/cgsh_order_operate.html?command=get_materiel&rest_code=00147&code=00101002016&supplier_code=00100454&order_time=2023-03-22 HTTP/1.1" 200 415
180.157.253.110 - - [22/Mar/2023:12:22:53 +0800] "GET /xingrg/all/function/internal_message.html?_=1679458972753&CODE_STATE=getMsg HTTP/1.1" 302 -
101.229.22.234 - - [22/Mar/2023:12:22:54 +0800] "GET /xingrg/all/function/internal_message.html?_=1679458972760&CODE_STATE=getMsg HTTP/1.1" 200 27
116.192.124.172 - - [22/Mar/2023:12:22:54 +0800] "GET /xingrg/kc/buy/cgsh_order_operate.html?command=get_materiel&rest_code=00102&code=00101008201&supplier_code=00100008&order_time=2023-03-22 HTTP/1.1" 200 412
222.70.182.154 - - [22/Mar/2023:12:22:55 +0800] "GET /xingrg/all/function/internal_message.html?_=1679458972729&CODE_STATE=getMsg HTTP/1.1" 200 27
116.224.106.218 - - [22/Mar/2023:12:22:57 +0800] "GET /xingrg/check_reg.html?_=1679458973689 HTTP/1.1" 200 22
116.235.240.214 - - [22/Mar/2023:12:22:57 +0800] "GET /xingrg/all/function/internal_message.html?_=1679458850954&CODE_STATE=getMsg HTTP/1.1" 200 27
116.224.106.218 - - [22/Mar/2023:12:22:57 +0800] "GET /xingrg/all/function/internal_message.html?_=1679458974091&CODE_STATE=getMsg HTTP/1.1" 200 27
58.40.7.146 - - [22/Mar/2023:12:22:58 +0800] "GET /xingrg/all/function/internal_message.html?_=1679458978180&CODE_STATE=getMsg HTTP/1.1" 302 -
