222.70.221.209 - - [22/Mar/2023:11:23:58 +0800] "POST /xingrg/kc/buy/cgsh_order_operate.html HTTP/1.1" 200 3267
58.40.7.146 - - [22/Mar/2023:11:23:59 +0800] "GET /xingrg/all/function/internal_message.html?_=1679455439733&CODE_STATE=getMsg HTTP/1.1" 302 -
222.70.221.209 - - [22/Mar/2023:11:24:00 +0800] "GET /xingrg/kc/print/load_data.html?order_code=212023032208210&kc_code=cgsh&condition= HTTP/1.1" 200 931
116.192.124.172 - - [22/Mar/2023:11:24:01 +0800] "GET /xingrg/all/function/internal_message.html?_=1679455441970&CODE_STATE=getMsg HTTP/1.1" 200 27
222.70.221.209 - - [22/Mar/2023:11:24:03 +0800] "GET /xingrg/kc/buy/cgsh_order_add.html HTTP/1.1" 200 70008
222.70.221.209 - - [22/Mar/2023:11:24:03 +0800] "POST /xingrg/kc/buy/cgsh_order_operate.html HTTP/1.1" 200 8245
222.70.221.209 - - [22/Mar/2023:11:24:03 +0800] "GET /xingrg/javascript/easyui/themes/default/validatebox.css HTTP/1.1" 404 1104
180.169.147.146 - - [22/Mar/2023:11:24:08 +0800] "GET /xingrg/all/function/internal_message.html?_=1679455448826&CODE_STATE=getMsg HTTP/1.1" 200 27
222.67.232.202 - - [22/Mar/2023:11:24:09 +0800] "GET /xingrg/all/function/internal_message.html?_=1679454996868&CODE_STATE=getMsg HTTP/1.1" 200 27
114.83.222.182 - - [22/Mar/2023:11:24:09 +0800] "GET /xingrg/all/function/internal_message.html?_=1679455520272&CODE_STATE=getMsg HTTP/1.1" 200 27
114.83.219.160 - - [22/Mar/2023:11:24:11 +0800] "GET /xingrg/all/function/internal_message.html?_=1679455450135&CODE_STATE=getMsg HTTP/1.1" 200 27
222.70.221.209 - - [22/Mar/2023:11:24:12 +0800] "GET /xingrg/kc/buy/cgsh_order_operate.html?command=get_materiel&rest_code=00155&code=00101010237&supplier_code=00100325&order_time=2023-03-22 HTTP/1.1" 200 413
222.70.221.209 - - [22/Mar/2023:11:24:19 +0800] "GET /xingrg/kc/buy/cgsh_order_operate.html?command=get_materiel&rest_code=00155&code=00101010241&supplier_code=00100325&order_time=2023-03-22 HTTP/1.1" 200 409
180.163.29.234 - - [22/Mar/2023:11:24:20 +0800] "GET /xingrg/all/function/internal_message.html?_=1679455399540&CODE_STATE=getMsg HTTP/1.1" 302 -
180.163.29.234 - - [22/Mar/2023:11:24:20 +0800] "GET /xingrg/login.html HTTP/1.1" 200 7641
124.78.156.53 - - [22/Mar/2023:11:24:20 +0800] "GET /xingrg/all/function/internal_message.html?_=1679455459511&CODE_STATE=getMsg HTTP/1.1" 200 27
116.235.240.214 - - [22/Mar/2023:11:24:26 +0800] "GET /xingrg/all/function/internal_message.html?_=1679455476146&CODE_STATE=getMsg HTTP/1.1" 200 27
222.70.221.209 - - [22/Mar/2023:11:24:29 +0800] "GET /xingrg/kc/buy/cgsh_order_operate.html?command=get_materiel&rest_code=00155&code=00101010045&supplier_code=00100325&order_time=2023-03-22 HTTP/1.1" 200 418
124.79.72.155 - - [22/Mar/2023:11:24:36 +0800] "GET /xingrg/all/function/internal_message.html?_=1679455483257&CODE_STATE=getMsg HTTP/1.1" 200 27
116.225.84.253 - - [22/Mar/2023:11:24:39 +0800] "GET /xingrg/all/function/internal_message.html?_=1679455322950&CODE_STATE=getMsg HTTP/1.1" 200 27
180.164.3.199 - - [22/Mar/2023:11:24:41 +0800] "GET /xingrg/all/function/internal_message.html?_=1679455480714&CODE_STATE=getMsg HTTP/1.1" 200 27
58.221.95.50 - - [22/Mar/2023:11:24:44 +0800] "GET /xingrg/all/function/internal_message.html?_=1679455485377&CODE_STATE=getMsg HTTP/1.1" 200 27
222.70.221.209 - - [22/Mar/2023:11:24:44 +0800] "GET /xingrg/kc/buy/cgsh_order_operate.html?command=get_materiel&rest_code=00155&code=00101018008&supplier_code=00100325&order_time=2023-03-22 HTTP/1.1" 200 413
222.70.221.209 - - [22/Mar/2023:11:24:48 +0800] "GET /xingrg/all/function/internal_message.html?_=1679455596495&CODE_STATE=getMsg HTTP/1.1" 200 27
124.79.240.233 - - [22/Mar/2023:11:24:51 +0800] "GET /xingrg/all/function/internal_message.html?_=1679455749808&CODE_STATE=getMsg HTTP/1.1" 200 27
124.79.240.233 - - [22/Mar/2023:11:24:52 +0800] "GET /xingrg/check_reg.html?_=1679455750760 HTTP/1.1" 200 22
101.229.22.234 - - [22/Mar/2023:11:24:54 +0800] "GET /xingrg/all/function/internal_message.html?_=1679455492731&CODE_STATE=getMsg HTTP/1.1" 200 27
222.70.221.209 - - [22/Mar/2023:11:24:54 +0800] "GET /xingrg/kc/buy/cgsh_order_operate.html?command=get_materiel&rest_code=00155&code=00101010036&supplier_code=00100325&order_time=2023-03-22 HTTP/1.1" 200 413
180.157.253.110 - - [22/Mar/2023:11:24:54 +0800] "GET /xingrg/all/function/internal_message.html?_=1679455493859&CODE_STATE=getMsg HTTP/1.1" 302 -
222.70.182.154 - - [22/Mar/2023:11:24:55 +0800] "GET /xingrg/all/function/internal_message.html?_=1679455492665&CODE_STATE=getMsg HTTP/1.1" 200 27
180.157.253.110 - - [22/Mar/2023:11:24:57 +0800] "GET /xingrg/check_reg.html?_=1679455496396 HTTP/1.1" 302 -
58.40.7.146 - - [22/Mar/2023:11:24:59 +0800] "GET /xingrg/all/function/internal_message.html?_=1679455499708&CODE_STATE=getMsg HTTP/1.1" 302 -
116.192.124.172 - - [22/Mar/2023:11:25:01 +0800] "GET /xingrg/all/function/internal_message.html?_=1679455501944&CODE_STATE=getMsg HTTP/1.1" 200 27
222.70.221.209 - - [22/Mar/2023:11:25:05 +0800] "GET /xingrg/kc/buy/cgsh_order_operate.html?command=get_materiel&rest_code=00155&code=00101006179&supplier_code=00100325&order_time=2023-03-22 HTTP/1.1" 200 419
180.169.147.146 - - [22/Mar/2023:11:25:08 +0800] "GET /xingrg/check_reg.html?_=1679455508825 HTTP/1.1" 200 22
180.169.147.146 - - [22/Mar/2023:11:25:08 +0800] "GET /xingrg/all/function/internal_message.html?_=1679455508828&CODE_STATE=getMsg HTTP/1.1" 200 27
222.67.232.202 - - [22/Mar/2023:11:25:09 +0800] "GET /xingrg/all/function/internal_message.html?_=1679455056870&CODE_STATE=getMsg HTTP/1.1" 200 27
114.83.222.182 - - [22/Mar/2023:11:25:09 +0800] "GET /xingrg/all/function/internal_message.html?_=1679455580260&CODE_STATE=getMsg HTTP/1.1" 200 27
58.40.7.146 - - [22/Mar/2023:11:25:11 +0800] "GET /xingrg/check_reg.html?_=1679455511638 HTTP/1.1" 302 -
114.83.219.160 - - [22/Mar/2023:11:25:11 +0800] "GET /xingrg/all/function/internal_message.html?_=1679455510149&CODE_STATE=getMsg HTTP/1.1" 200 27
124.78.156.53 - - [22/Mar/2023:11:25:20 +0800] "GET /xingrg/all/function/internal_message.html?_=1679455519484&CODE_STATE=getMsg HTTP/1.1" 200 27
124.78.156.53 - - [22/Mar/2023:11:25:20 +0800] "GET /xingrg/check_reg.html?_=1679455519549 HTTP/1.1" 200 22
222.70.221.209 - - [22/Mar/2023:11:25:21 +0800] "GET /xingrg/kc/buy/cgsh_order_operate.html?command=get_materiel&rest_code=00155&code=00101006187&supplier_code=00100325&order_time=2023-03-22 HTTP/1.1" 200 415
116.235.240.214 - - [22/Mar/2023:11:25:26 +0800] "GET /xingrg/all/function/internal_message.html?_=1679455536610&CODE_STATE=getMsg HTTP/1.1" 200 27
222.70.221.209 - - [22/Mar/2023:11:25:35 +0800] "GET /xingrg/kc/buy/cgsh_order_operate.html?command=get_materiel&rest_code=00155&code=00101004003&supplier_code=00100325&order_time=2023-03-22 HTTP/1.1" 200 410
124.79.72.155 - - [22/Mar/2023:11:25:36 +0800] "GET /xingrg/all/function/internal_message.html?_=1679455543259&CODE_STATE=getMsg HTTP/1.1" 200 27
116.225.84.253 - - [22/Mar/2023:11:25:39 +0800] "GET /xingrg/all/function/internal_message.html?_=1679455382951&CODE_STATE=getMsg HTTP/1.1" 200 27
180.164.3.199 - - [22/Mar/2023:11:25:41 +0800] "GET /xingrg/all/function/internal_message.html?_=1679455540730&CODE_STATE=getMsg HTTP/1.1" 200 27
222.67.232.202 - - [22/Mar/2023:11:25:43 +0800] "GET /xingrg/kc/buy/cgsh_order_operate.html?command=get_materiel&rest_code=00141&code=00101008356&supplier_code=00100007&order_time=2023-03-22 HTTP/1.1" 200 408
222.70.221.209 - - [22/Mar/2023:11:25:44 +0800] "GET /xingrg/kc/buy/cgsh_order_operate.html?command=get_materiel&rest_code=00155&code=00101037319&supplier_code=00100325&order_time=2023-03-22 HTTP/1.1" 200 419
58.221.95.50 - - [22/Mar/2023:11:25:44 +0800] "GET /xingrg/all/function/internal_message.html?_=1679455545361&CODE_STATE=getMsg HTTP/1.1" 200 27
58.221.95.50 - - [22/Mar/2023:11:25:44 +0800] "GET /xingrg/check_reg.html?_=1679455545626 HTTP/1.1" 200 22
222.70.221.209 - - [22/Mar/2023:11:25:48 +0800] "GET /xingrg/all/function/internal_message.html?_=1679455656485&CODE_STATE=getMsg HTTP/1.1" 200 27
222.70.221.209 - - [22/Mar/2023:11:25:48 +0800] "GET /xingrg/check_reg.html?_=1679455656487 HTTP/1.1" 200 22
124.79.240.233 - - [22/Mar/2023:11:25:51 +0800] "GET /xingrg/all/function/internal_message.html?_=1679455809778&CODE_STATE=getMsg HTTP/1.1" 200 27
222.70.221.209 - - [22/Mar/2023:11:25:53 +0800] "GET /xingrg/kc/buy/cgsh_order_operate.html?command=get_materiel&rest_code=00155&code=00101007043&supplier_code=00100325&order_time=2023-03-22 HTTP/1.1" 200 408
101.229.22.234 - - [22/Mar/2023:11:25:54 +0800] "GET /xingrg/all/function/internal_message.html?_=1679455552731&CODE_STATE=getMsg HTTP/1.1" 200 27
222.67.232.202 - - [22/Mar/2023:11:25:54 +0800] "GET /xingrg/kc/buy/cgsh_order_operate.html?command=get_materiel&rest_code=00141&code=00101008357&supplier_code=00100007&order_time=2023-03-22 HTTP/1.1" 200 408
180.157.253.110 - - [22/Mar/2023:11:25:54 +0800] "GET /xingrg/all/function/internal_message.html?_=1679455553847&CODE_STATE=getMsg HTTP/1.1" 302 -
222.70.182.154 - - [22/Mar/2023:11:25:55 +0800] "GET /xingrg/all/function/internal_message.html?_=1679455552665&CODE_STATE=getMsg HTTP/1.1" 200 27
116.235.240.214 - - [22/Mar/2023:11:25:58 +0800] "GET /xingrg/check_reg.html?_=1679455568577 HTTP/1.1" 200 22
58.40.7.146 - - [22/Mar/2023:11:25:59 +0800] "GET /xingrg/all/function/internal_message.html?_=1679455559692&CODE_STATE=getMsg HTTP/1.1" 302 -
116.192.124.172 - - [22/Mar/2023:11:26:01 +0800] "GET /xingrg/all/function/internal_message.html?_=1679455561919&CODE_STATE=getMsg HTTP/1.1" 200 27
222.70.221.209 - - [22/Mar/2023:11:26:02 +0800] "GET /xingrg/kc/buy/cgsh_order_operate.html?command=get_materiel&rest_code=00155&code=00101001150&supplier_code=00100325&order_time=2023-03-22 HTTP/1.1" 200 417
222.67.232.202 - - [22/Mar/2023:11:26:05 +0800] "GET /xingrg/kc/buy/cgsh_order_operate.html?command=get_materiel&rest_code=00141&code=00101008131&supplier_code=00100007&order_time=2023-03-22 HTTP/1.1" 200 409
180.169.147.146 - - [22/Mar/2023:11:26:08 +0800] "GET /xingrg/all/function/internal_message.html?_=1679455568825&CODE_STATE=getMsg HTTP/1.1" 200 27
222.67.232.202 - - [22/Mar/2023:11:26:09 +0800] "GET /xingrg/all/function/internal_message.html?_=1679455116868&CODE_STATE=getMsg HTTP/1.1" 200 27
114.83.222.182 - - [22/Mar/2023:11:26:09 +0800] "GET /xingrg/all/function/internal_message.html?_=1679455640272&CODE_STATE=getMsg HTTP/1.1" 200 27
114.83.219.160 - - [22/Mar/2023:11:26:11 +0800] "GET /xingrg/check_reg.html?_=1679455570160 HTTP/1.1" 200 22
114.83.219.160 - - [22/Mar/2023:11:26:11 +0800] "GET /xingrg/all/function/internal_message.html?_=1679455570165&CODE_STATE=getMsg HTTP/1.1" 200 27
222.70.221.209 - - [22/Mar/2023:11:26:13 +0800] "POST /xingrg/kc/buy/cgsh_order_operate.html HTTP/1.1" 200 37
222.70.221.209 - - [22/Mar/2023:11:26:15 +0800] "POST /xingrg/kc/buy/cgsh_order_operate.html HTTP/1.1" 200 8627
222.67.232.202 - - [22/Mar/2023:11:26:16 +0800] "GET /xingrg/kc/buy/cgsh_order_operate.html?command=get_materiel&rest_code=00141&code=00101008213&supplier_code=00100007&order_time=2023-03-22 HTTP/1.1" 200 412
222.70.221.209 - - [22/Mar/2023:11:26:16 +0800] "GET /xingrg/kc/print/load_data.html?order_code=212023032208211&kc_code=cgsh&condition= HTTP/1.1" 200 2975
116.238.139.35 - - [22/Mar/2023:11:26:19 +0800] "GET /xingrg/check_reg.html?_=1679455580834 HTTP/1.1" 302 -
124.78.156.53 - - [22/Mar/2023:11:26:20 +0800] "GET /xingrg/all/function/internal_message.html?_=1679455579470&CODE_STATE=getMsg HTTP/1.1" 200 27
222.67.232.202 - - [22/Mar/2023:11:26:25 +0800] "GET /xingrg/kc/buy/cgsh_order_operate.html?command=get_materiel&rest_code=00141&code=00101008274&supplier_code=00100007&order_time=2023-03-22 HTTP/1.1" 200 412
116.235.240.214 - - [22/Mar/2023:11:26:26 +0800] "GET /xingrg/all/function/internal_message.html?_=1679455596635&CODE_STATE=getMsg HTTP/1.1" 200 27
222.67.232.202 - - [22/Mar/2023:11:26:35 +0800] "GET /xingrg/kc/buy/cgsh_order_operate.html?command=get_materiel&rest_code=00141&code=00101008285&supplier_code=00100007&order_time=2023-03-22 HTTP/1.1" 200 413
124.79.72.155 - - [22/Mar/2023:11:26:36 +0800] "GET /xingrg/all/function/internal_message.html?_=1679455603261&CODE_STATE=getMsg HTTP/1.1" 200 27
124.79.72.155 - - [22/Mar/2023:11:26:36 +0800] "GET /xingrg/check_reg.html?_=1679455603262 HTTP/1.1" 200 22
116.225.84.253 - - [22/Mar/2023:11:26:39 +0800] "GET /xingrg/all/function/internal_message.html?_=1679455442952&CODE_STATE=getMsg HTTP/1.1" 200 27
116.225.84.253 - - [22/Mar/2023:11:26:39 +0800] "GET /xingrg/check_reg.html?_=1679455442955 HTTP/1.1" 200 22
180.164.3.199 - - [22/Mar/2023:11:26:41 +0800] "GET /xingrg/all/function/internal_message.html?_=1679455600726&CODE_STATE=getMsg HTTP/1.1" 200 27
222.67.232.202 - - [22/Mar/2023:11:26:44 +0800] "GET /xingrg/kc/buy/cgsh_order_operate.html?command=get_materiel&rest_code=00141&code=00101008283&supplier_code=00100007&order_time=2023-03-22 HTTP/1.1" 200 408
58.221.95.50 - - [22/Mar/2023:11:26:44 +0800] "GET /xingrg/all/function/internal_message.html?_=1679455605341&CODE_STATE=getMsg HTTP/1.1" 200 27
222.70.221.209 - - [22/Mar/2023:11:26:48 +0800] "GET /xingrg/all/function/internal_message.html?_=1679455716501&CODE_STATE=getMsg HTTP/1.1" 200 27
124.79.240.233 - - [22/Mar/2023:11:26:51 +0800] "GET /xingrg/all/function/internal_message.html?_=1679455869747&CODE_STATE=getMsg HTTP/1.1" 200 27
101.229.22.234 - - [22/Mar/2023:11:26:54 +0800] "GET /xingrg/all/function/internal_message.html?_=1679455612723&CODE_STATE=getMsg HTTP/1.1" 200 27
180.157.253.110 - - [22/Mar/2023:11:26:54 +0800] "GET /xingrg/all/function/internal_message.html?_=1679455613827&CODE_STATE=getMsg HTTP/1.1" 302 -
222.70.182.154 - - [22/Mar/2023:11:26:55 +0800] "GET /xingrg/check_reg.html?_=1679455612665 HTTP/1.1" 200 22
222.70.182.154 - - [22/Mar/2023:11:26:55 +0800] "GET /xingrg/all/function/internal_message.html?_=1679455612667&CODE_STATE=getMsg HTTP/1.1" 200 27
222.67.232.202 - - [22/Mar/2023:11:26:55 +0800] "GET /xingrg/kc/buy/cgsh_order_operate.html?command=get_materiel&rest_code=00141&code=00101008562&supplier_code=00100007&order_time=2023-03-22 HTTP/1.1" 200 409
58.40.7.146 - - [22/Mar/2023:11:26:59 +0800] "GET /xingrg/all/function/internal_message.html?_=1679455619663&CODE_STATE=getMsg HTTP/1.1" 302 -
124.78.156.53 - - [22/Mar/2023:11:26:59 +0800] "GET /xingrg/login.html?r=1 HTTP/1.1" 200 7641
124.78.156.53 - - [22/Mar/2023:11:27:00 +0800] "GET /favicon.ico HTTP/1.1" 404 -
116.192.124.172 - - [22/Mar/2023:11:27:01 +0800] "GET /xingrg/all/function/internal_message.html?_=1679455621897&CODE_STATE=getMsg HTTP/1.1" 200 27
124.78.156.53 - - [22/Mar/2023:11:27:02 +0800] "POST /xingrg/login.do HTTP/1.1" 302 -
124.78.156.53 - - [22/Mar/2023:11:27:02 +0800] "GET /xingrg/index.html?sysBaseUrl=http%3A%2F%2F180.169.147.146%3A18081%2Fxingrg%2F&costTime=777×tamp=1679455622826 HTTP/1.1" 200 17173
124.78.156.53 - - [22/Mar/2023:11:27:03 +0800] "GET /favicon.ico HTTP/1.1" 404 -
124.78.156.53 - - [22/Mar/2023:11:27:03 +0800] "GET /xingrg/check_reg.html?_=1679455623735 HTTP/1.1" 200 22
124.78.156.53 - - [22/Mar/2023:11:27:03 +0800] "GET /xingrg/all/function/internal_message.html?_=1679455623734&CODE_STATE=count HTTP/1.1" 200 11
124.78.156.53 - - [22/Mar/2023:11:27:03 +0800] "POST /xingrg/all/common/load_tree.html?tree=area_rest_tree_json&manage=1 HTTP/1.1" 200 342
124.78.156.53 - - [22/Mar/2023:11:27:03 +0800] "POST /xingrg/load_menu.html HTTP/1.1" 200 5138
124.78.156.53 - - [22/Mar/2023:11:27:05 +0800] "GET /xingrg/kc/base/base_main.html HTTP/1.1" 200 12142
124.78.156.53 - - [22/Mar/2023:11:27:06 +0800] "GET /xingrg/kc/base/wldb_order_list.html HTTP/1.1" 200 19098
124.78.156.53 - - [22/Mar/2023:11:27:07 +0800] "POST /xingrg/kc/base/wldb_list_operate.html HTTP/1.1" 200 2562
180.169.147.146 - - [22/Mar/2023:11:27:08 +0800] "GET /xingrg/all/function/internal_message.html?_=1679455628827&CODE_STATE=getMsg HTTP/1.1" 200 27
222.67.232.202 - - [22/Mar/2023:11:27:09 +0800] "GET /xingrg/check_reg.html?_=1679455176886 HTTP/1.1" 200 22
222.67.232.202 - - [22/Mar/2023:11:27:09 +0800] "GET /xingrg/all/function/internal_message.html?_=1679455176888&CODE_STATE=getMsg HTTP/1.1" 200 27
114.83.222.182 - - [22/Mar/2023:11:27:09 +0800] "GET /xingrg/all/function/internal_message.html?_=1679455700270&CODE_STATE=getMsg HTTP/1.1" 200 27
124.78.156.53 - - [22/Mar/2023:11:27:10 +0800] "GET /xingrg/kc/base/wldb_order_add.html HTTP/1.1" 200 30381
124.78.156.53 - - [22/Mar/2023:11:27:10 +0800] "GET /xingrg/all/common/auto_word.html?type=base&rest_code=00106 HTTP/1.1" 200 1799
124.78.156.53 - - [22/Mar/2023:11:27:10 +0800] "GET /xingrg/javascript/easyui/themes/default/validatebox.css HTTP/1.1" 404 1104
124.78.156.53 - - [22/Mar/2023:11:27:10 +0800] "GET /xingrg/all/common/auto_word.html?type=base&rest_code=00106 HTTP/1.1" 200 1799
124.78.156.53 - - [22/Mar/2023:11:27:10 +0800] "POST /xingrg/kc/base/wldb_order_operate.html HTTP/1.1" 200 6806
222.67.232.202 - - [22/Mar/2023:11:27:11 +0800] "GET /xingrg/kc/buy/cgsh_order_operate.html?command=get_materiel&rest_code=00141&code=00101008353&supplier_code=00100007&order_time=2023-03-22 HTTP/1.1" 200 408
114.83.219.160 - - [22/Mar/2023:11:27:11 +0800] "GET /xingrg/all/function/internal_message.html?_=1679455630164&CODE_STATE=getMsg HTTP/1.1" 200 27
124.78.156.53 - - [22/Mar/2023:11:27:12 +0800] "POST /xingrg/all/common/load_combo.html?type=base HTTP/1.1" 200 3227
124.78.156.53 - - [22/Mar/2023:11:27:19 +0800] "POST /xingrg/all/common/load_combo.html?type=base HTTP/1.1" 200 3227
27.115.124.6 - - [22/Mar/2023:11:27:19 +0800] "GET / HTTP/1.1" 404 -
27.115.124.6 - - [22/Mar/2023:11:27:19 +0800] "GET / HTTP/1.1" 404 -
27.115.124.53 - - [22/Mar/2023:11:27:19 +0800] "GET /xingrg/index.html HTTP/1.1" 302 -
27.115.124.53 - - [22/Mar/2023:11:27:19 +0800] "GET /xingrg/login.html HTTP/1.1" 200 2139
27.115.124.53 - - [22/Mar/2023:11:27:19 +0800] "GET /xingrg/index.html HTTP/1.1" 302 -
27.115.124.53 - - [22/Mar/2023:11:27:19 +0800] "GET /xingrg/javascript/mobile/jquery.mobile-1.3.2.min.css HTTP/1.1" 200 94670
27.115.124.53 - - [22/Mar/2023:11:27:19 +0800] "GET /xingrg/javascript/mobile/jquery-1.8.3.min.js HTTP/1.1" 200 93637
27.115.124.45 - - [22/Mar/2023:11:27:19 +0800] "GET /xingrg/javascript/mobile/jquery.mobile-1.3.2.min.js HTTP/1.1" 200 145396
27.115.124.53 - - [22/Mar/2023:11:27:19 +0800] "GET /xingrg/login.html HTTP/1.1" 200 2139
27.115.124.53 - - [22/Mar/2023:11:27:20 +0800] "GET /xingrg/javascript/mobile/jquery.mobile-1.3.2.min.css HTTP/1.1" 200 94670
27.115.124.53 - - [22/Mar/2023:11:27:20 +0800] "GET /xingrg/javascript/mobile/jquery.mobile-1.3.2.min.js HTTP/1.1" 200 145396
27.115.124.45 - - [22/Mar/2023:11:27:20 +0800] "GET /xingrg/javascript/mobile/jquery-1.8.3.min.js HTTP/1.1" 200 93637
27.115.124.53 - - [22/Mar/2023:11:27:20 +0800] "GET /xingrg/javascript/mobile/images/ajax-loader.gif HTTP/1.1" 200 7825
124.78.156.53 - - [22/Mar/2023:11:27:20 +0800] "GET /xingrg/all/function/internal_message.html?_=1679455639440&CODE_STATE=getMsg HTTP/1.1" 200 27
27.115.124.118 - - [22/Mar/2023:11:27:23 +0800] "GET / HTTP/1.1" 404 -
27.115.124.109 - - [22/Mar/2023:11:27:23 +0800] "GET / HTTP/1.1" 404 -
116.235.240.214 - - [22/Mar/2023:11:27:26 +0800] "GET /xingrg/all/function/internal_message.html?_=1679455656638&CODE_STATE=getMsg HTTP/1.1" 200 27
124.78.156.53 - - [22/Mar/2023:11:27:28 +0800] "GET /xingrg/javascript/auto/indicator.gif HTTP/1.1" 404 1066
116.224.106.218 - - [22/Mar/2023:11:27:31 +0800] "GET /xingrg/login.html HTTP/1.1" 200 7641
116.224.106.218 - - [22/Mar/2023:11:27:34 +0800] "GET /xingrg/images/blue/jxLogo.png HTTP/1.1" 200 6156
124.78.156.53 - - [22/Mar/2023:11:27:34 +0800] "GET /xingrg/kc/base/wldb_order_operate.html?command=get_materiel&rest_code=00106&base_code=0010396&code=00101016065 HTTP/1.1" 200 469
116.224.106.218 - - [22/Mar/2023:11:27:36 +0800] "GET /xingrg/images/blue/hj.png HTTP/1.1" 200 1014
116.224.106.218 - - [22/Mar/2023:11:27:36 +0800] "GET /xingrg/images/blue/login_bg.png HTTP/1.1" 200 22101
116.224.106.218 - - [22/Mar/2023:11:27:36 +0800] "GET /xingrg/images/blue/srbg.png HTTP/1.1" 200 138
124.79.72.155 - - [22/Mar/2023:11:27:36 +0800] "GET /xingrg/all/function/internal_message.html?_=1679455663263&CODE_STATE=getMsg HTTP/1.1" 200 27
222.67.232.202 - - [22/Mar/2023:11:27:36 +0800] "GET /xingrg/kc/buy/cgsh_order_operate.html?command=get_materiel&rest_code=00141&code=00101008209&supplier_code=00100007&order_time=2023-03-22 HTTP/1.1" 200 408
116.224.106.218 - - [22/Mar/2023:11:27:37 +0800] "GET /favicon.ico HTTP/1.1" 404 -
116.225.84.253 - - [22/Mar/2023:11:27:39 +0800] "GET /xingrg/all/function/internal_message.html?_=1679455502956&CODE_STATE=getMsg HTTP/1.1" 200 27
180.164.3.199 - - [22/Mar/2023:11:27:41 +0800] "GET /xingrg/all/function/internal_message.html?_=1679455660718&CODE_STATE=getMsg HTTP/1.1" 200 27
58.221.95.50 - - [22/Mar/2023:11:27:44 +0800] "GET /xingrg/all/function/internal_message.html?_=1679455665321&CODE_STATE=getMsg HTTP/1.1" 200 27
222.67.232.202 - - [22/Mar/2023:11:27:45 +0800] "GET /xingrg/kc/buy/cgsh_order_operate.html?command=get_materiel&rest_code=00141&code=00101008172&supplier_code=00100007&order_time=2023-03-22 HTTP/1.1" 200 412
222.70.221.209 - - [22/Mar/2023:11:27:48 +0800] "GET /xingrg/all/function/internal_message.html?_=1679455776492&CODE_STATE=getMsg HTTP/1.1" 200 27
124.78.156.53 - - [22/Mar/2023:11:27:50 +0800] "GET /xingrg/kc/base/wldb_order_operate.html?command=get_materiel&rest_code=00106&base_code=0010396&code=00101019392 HTTP/1.1" 200 476
124.79.240.233 - - [22/Mar/2023:11:27:51 +0800] "GET /xingrg/all/function/internal_message.html?_=1679455929717&CODE_STATE=getMsg HTTP/1.1" 200 27
101.229.22.234 - - [22/Mar/2023:11:27:54 +0800] "GET /xingrg/all/function/internal_message.html?_=1679455672723&CODE_STATE=getMsg HTTP/1.1" 200 27
180.157.253.110 - - [22/Mar/2023:11:27:54 +0800] "GET /xingrg/all/function/internal_message.html?_=1679455673802&CODE_STATE=getMsg HTTP/1.1" 302 -
222.70.182.154 - - [22/Mar/2023:11:27:55 +0800] "GET /xingrg/all/function/internal_message.html?_=1679455672667&CODE_STATE=getMsg HTTP/1.1" 200 27
116.224.106.218 - - [22/Mar/2023:11:27:55 +0800] "POST /xingrg/login.do HTTP/1.1" 302 -
116.224.106.218 - - [22/Mar/2023:11:27:55 +0800] "GET /xingrg/index.html?sysBaseUrl=http%3A%2F%2F180.169.147.146%3A18081%2Fxingrg%2F&costTime=788×tamp=1679455675906 HTTP/1.1" 200 17179
116.224.106.218 - - [22/Mar/2023:11:27:55 +0800] "GET /xingrg/javascript/jquery_easy_ui/themes/default/easyui.css HTTP/1.1" 200 26500
116.224.106.218 - - [22/Mar/2023:11:27:56 +0800] "GET /xingrg/javascript/jquery_easy_ui/themes/icon.css HTTP/1.1" 200 3949
116.224.106.218 - - [22/Mar/2023:11:27:56 +0800] "GET /xingrg/css/form.css HTTP/1.1" 200 893
116.224.106.218 - - [22/Mar/2023:11:27:56 +0800] "GET /xingrg/javascript/jquery-1.4.2.min.js HTTP/1.1" 200 72205
116.224.106.218 - - [22/Mar/2023:11:27:56 +0800] "GET /xingrg/javascript/jquery.form.js HTTP/1.1" 200 23110
116.224.106.218 - - [22/Mar/2023:11:27:56 +0800] "GET /xingrg/javascript/jquery_easy_ui/jquery.easyui.min.js HTTP/1.1" 200 213662
116.224.106.218 - - [22/Mar/2023:11:27:56 +0800] "GET /xingrg/javascript/jquery.utils.js HTTP/1.1" 200 11805
116.224.106.218 - - [22/Mar/2023:11:27:56 +0800] "GET /xingrg/javascript/jquery_easy_ui/easyui-lang-zh_CN.js HTTP/1.1" 200 1900
116.224.106.218 - - [22/Mar/2023:11:27:56 +0800] "GET /xingrg/javascript/jquery.timers.js HTTP/1.1" 200 3532
116.224.106.218 - - [22/Mar/2023:11:27:56 +0800] "GET /favicon.ico HTTP/1.1" 404 -
116.224.106.218 - - [22/Mar/2023:11:27:56 +0800] "GET /xingrg/javascript/jquery_easy_ui/themes/icons/settle_new.png HTTP/1.1" 200 826
116.224.106.218 - - [22/Mar/2023:11:27:56 +0800] "GET /xingrg/images/blue/navBackgound.jpg HTTP/1.1" 200 12378
116.224.106.218 - - [22/Mar/2023:11:27:56 +0800] "GET /xingrg/check_reg.html?_=1679455673601 HTTP/1.1" 200 22
116.224.106.218 - - [22/Mar/2023:11:27:56 +0800] "GET /xingrg/images/blue/pingpu.png HTTP/1.1" 200 231
116.224.106.218 - - [22/Mar/2023:11:27:56 +0800] "GET /xingrg/javascript/jquery_easy_ui/themes/default/images/tabs_leftarrow.png HTTP/1.1" 200 389
116.224.106.218 - - [22/Mar/2023:11:27:56 +0800] "GET /xingrg/javascript/jquery_easy_ui/themes/default/images/tabs_rightarrow.png HTTP/1.1" 200 395
116.224.106.218 - - [22/Mar/2023:11:27:56 +0800] "GET /xingrg/javascript/jquery_easy_ui/themes/default/images/panel_tool_collapse.gif HTTP/1.1" 200 246
116.224.106.218 - - [22/Mar/2023:11:27:57 +0800] "POST /xingrg/all/common/load_tree.html?tree=area_rest_tree_json&manage=1 HTTP/1.1" 200 351
116.224.106.218 - - [22/Mar/2023:11:27:57 +0800] "GET /xingrg/all/function/internal_message.html?_=1679455673598&CODE_STATE=count HTTP/1.1" 200 11
116.224.106.218 - - [22/Mar/2023:11:27:57 +0800] "POST /xingrg/load_menu.html HTTP/1.1" 200 5138
116.224.106.218 - - [22/Mar/2023:11:27:57 +0800] "GET /xingrg/javascript/jquery_easy_ui/themes/default/images/tree_folder_open.gif HTTP/1.1" 200 956
116.224.106.218 - - [22/Mar/2023:11:27:57 +0800] "GET /xingrg/javascript/jquery_easy_ui/themes/default/images/tree_arrows.gif HTTP/1.1" 200 1043
116.224.106.218 - - [22/Mar/2023:11:27:57 +0800] "GET /xingrg/javascript/jquery_easy_ui/themes/icons/search_new.png HTTP/1.1" 200 586
116.224.106.218 - - [22/Mar/2023:11:27:57 +0800] "GET /xingrg/javascript/jquery_easy_ui/themes/default/images/tree_folder.gif HTTP/1.1" 200 952
116.224.106.218 - - [22/Mar/2023:11:27:57 +0800] "GET /xingrg/javascript/jquery_easy_ui/themes/icons/storage_new.png HTTP/1.1" 200 853
116.224.106.218 - - [22/Mar/2023:11:27:57 +0800] "GET /xingrg/javascript/jquery_easy_ui/themes/icons/forms_new.png HTTP/1.1" 200 350
116.224.106.218 - - [22/Mar/2023:11:27:57 +0800] "GET /xingrg/javascript/jquery_easy_ui/themes/default/images/tree_file.gif HTTP/1.1" 200 118
124.78.156.53 - - [22/Mar/2023:11:27:58 +0800] "POST /xingrg/kc/base/wldb_order_operate.html HTTP/1.1" 200 37
124.78.156.53 - - [22/Mar/2023:11:27:59 +0800] "POST /xingrg/kc/base/wldb_order_operate.html HTTP/1.1" 200 2721
124.78.156.53 - - [22/Mar/2023:11:27:59 +0800] "GET /xingrg/kc/base/wldb_order_info.html?code=422023032201824 HTTP/1.1" 200 30396
58.40.7.146 - - [22/Mar/2023:11:27:59 +0800] "GET /xingrg/all/function/internal_message.html?_=1679455679636&CODE_STATE=getMsg HTTP/1.1" 302 -
124.78.156.53 - - [22/Mar/2023:11:27:59 +0800] "GET /xingrg/javascript/easyui/themes/default/validatebox.css HTTP/1.1" 404 1104
124.78.156.53 - - [22/Mar/2023:11:28:00 +0800] "POST /xingrg/kc/base/wldb_order_operate.html HTTP/1.1" 200 2721
222.67.232.202 - - [22/Mar/2023:11:28:00 +0800] "GET /xingrg/kc/buy/cgsh_order_operate.html?command=get_materiel&rest_code=00141&code=00101008114&supplier_code=00100007&order_time=2023-03-22 HTTP/1.1" 200 413
124.78.156.53 - - [22/Mar/2023:11:28:01 +0800] "GET /xingrg/javascript/jquery_easy_ui/themes/icons/rest.png HTTP/1.1" 304 -
124.78.156.53 - - [22/Mar/2023:11:28:01 +0800] "GET /xingrg/javascript/jquery_easy_ui/themes/icons/area.png HTTP/1.1" 304 -
116.192.124.172 - - [22/Mar/2023:11:28:01 +0800] "GET /xingrg/all/function/internal_message.html?_=1679455681883&CODE_STATE=getMsg HTTP/1.1" 200 27
116.192.124.172 - - [22/Mar/2023:11:28:02 +0800] "GET /xingrg/check_reg.html?_=1679455683004 HTTP/1.1" 200 22
180.169.147.146 - - [22/Mar/2023:11:28:08 +0800] "GET /xingrg/all/function/internal_message.html?_=1679455688826&CODE_STATE=getMsg HTTP/1.1" 200 27
222.67.232.202 - - [22/Mar/2023:11:28:09 +0800] "GET /xingrg/all/function/internal_message.html?_=1679455236870&CODE_STATE=getMsg HTTP/1.1" 200 27
114.83.222.182 - - [22/Mar/2023:11:28:09 +0800] "GET /xingrg/all/function/internal_message.html?_=1679455760255&CODE_STATE=getMsg HTTP/1.1" 200 27
114.83.222.182 - - [22/Mar/2023:11:28:09 +0800] "GET /xingrg/check_reg.html?_=1679455760256 HTTP/1.1" 200 22
114.83.219.160 - - [22/Mar/2023:11:28:11 +0800] "GET /xingrg/all/function/internal_message.html?_=1679455690162&CODE_STATE=getMsg HTTP/1.1" 200 27
222.67.232.202 - - [22/Mar/2023:11:28:12 +0800] "GET /xingrg/kc/buy/cgsh_order_operate.html?command=get_materiel&rest_code=00141&code=00101008277&supplier_code=00100007&order_time=2023-03-22 HTTP/1.1" 200 412
180.163.29.219 - - [22/Mar/2023:11:28:20 +0800] "GET /xingrg/all/function/internal_message.html?_=1679455639440&CODE_STATE=getMsg HTTP/1.1" 302 -
180.163.29.219 - - [22/Mar/2023:11:28:20 +0800] "GET /xingrg/login.html HTTP/1.1" 200 7641
124.78.156.53 - - [22/Mar/2023:11:28:20 +0800] "GET /xingrg/all/function/internal_message.html?_=1679455699415&CODE_STATE=getMsg HTTP/1.1" 200 27
116.235.240.214 - - [22/Mar/2023:11:28:27 +0800] "GET /xingrg/all/function/internal_message.html?_=1679455717086&CODE_STATE=getMsg HTTP/1.1" 200 27
116.225.84.253 - - [22/Mar/2023:11:28:29 +0800] "POST /xingrg/services/DataTransmitService HTTP/1.1" 200 524
116.225.84.253 - - [22/Mar/2023:11:28:30 +0800] "POST /xingrg/services/DataTransmitService HTTP/1.1" 200 501
116.225.84.253 - - [22/Mar/2023:11:28:30 +0800] "POST /xingrg/services/DataTransmitService HTTP/1.1" 200 501
116.225.84.253 - - [22/Mar/2023:11:28:31 +0800] "POST /xingrg/services/DataTransmitService HTTP/1.1" 200 501
116.225.84.253 - - [22/Mar/2023:11:28:31 +0800] "POST /xingrg/services/DataTransmitService HTTP/1.1" 200 501
116.225.84.253 - - [22/Mar/2023:11:28:32 +0800] "POST /xingrg/services/DataTransmitService HTTP/1.1" 200 501
116.225.84.253 - - [22/Mar/2023:11:28:32 +0800] "POST /xingrg/services/DataTransmitService HTTP/1.1" 200 501
116.225.84.253 - - [22/Mar/2023:11:28:34 +0800] "POST /xingrg/services/DataTransmitService HTTP/1.1" 200 412
124.79.72.155 - - [22/Mar/2023:11:28:36 +0800] "GET /xingrg/all/function/internal_message.html?_=1679455723265&CODE_STATE=getMsg HTTP/1.1" 200 27
222.67.232.202 - - [22/Mar/2023:11:28:37 +0800] "GET /xingrg/kc/buy/cgsh_order_operate.html?command=get_materiel&rest_code=00141&code=00101008005&supplier_code=00100007&order_time=2023-03-22 HTTP/1.1" 200 412
116.225.84.253 - - [22/Mar/2023:11:28:39 +0800] "GET /xingrg/all/function/internal_message.html?_=1679455562957&CODE_STATE=getMsg HTTP/1.1" 200 27
116.224.106.218 - - [22/Mar/2023:11:28:39 +0800] "GET /xingrg/javascript/jquery_easy_ui/themes/default/images/tabs_close.gif HTTP/1.1" 200 829
116.224.106.218 - - [22/Mar/2023:11:28:39 +0800] "GET /xingrg/kc/buy/cgsh_order_list.html HTTP/1.1" 200 54185
116.224.106.218 - - [22/Mar/2023:11:28:39 +0800] "GET /xingrg/css/base.css HTTP/1.1" 200 2811
116.224.106.218 - - [22/Mar/2023:11:28:39 +0800] "GET /xingrg/css/site.css HTTP/1.1" 200 7541
116.224.106.218 - - [22/Mar/2023:11:28:39 +0800] "GET /xingrg/javascript/jquery_tools/datebox.css HTTP/1.1" 200 2597
116.224.106.218 - - [22/Mar/2023:11:28:39 +0800] "GET /xingrg/javascript/easyui/themes/default/easyui.css HTTP/1.1" 200 30432
116.224.106.218 - - [22/Mar/2023:11:28:39 +0800] "GET /xingrg/javascript/easyui/themes/icon.css HTTP/1.1" 200 4483
116.224.106.218 - - [22/Mar/2023:11:28:39 +0800] "GET /xingrg/javascript/auto/jquery.autocomplete.css HTTP/1.1" 200 587
116.224.106.218 - - [22/Mar/2023:11:28:39 +0800] "GET /xingrg/javascript/jquery_tools/fix.css HTTP/1.1" 200 1702
116.224.106.218 - - [22/Mar/2023:11:28:39 +0800] "GET /xingrg/javascript/jquery_tools/table.css HTTP/1.1" 200 1032
116.224.106.218 - - [22/Mar/2023:11:28:39 +0800] "GET /xingrg/javascript/jquery_tools/jquery.tools.min.js HTTP/1.1" 200 138801
116.224.106.218 - - [22/Mar/2023:11:28:39 +0800] "GET /xingrg/javascript/jquery_tools/jquery.tools.extend.js HTTP/1.1" 200 15385
116.224.106.218 - - [22/Mar/2023:11:28:39 +0800] "GET /xingrg/javascript/jquery_tools/jquery.tools.hotkey.js HTTP/1.1" 200 3242
116.224.106.218 - - [22/Mar/2023:11:28:39 +0800] "GET /xingrg/javascript/jquery_tools/jquery.tools.table.js HTTP/1.1" 200 6994
116.224.106.218 - - [22/Mar/2023:11:28:39 +0800] "GET /xingrg/javascript/jquery_tools/list_manager.js HTTP/1.1" 200 3652
116.224.106.218 - - [22/Mar/2023:11:28:39 +0800] "GET /xingrg/javascript/auto/jquery.autocomplete.js HTTP/1.1" 200 21624
116.224.106.218 - - [22/Mar/2023:11:28:39 +0800] "GET /xingrg/javascript/easyui/easyloader.js HTTP/1.1" 200 5975
116.224.106.218 - - [22/Mar/2023:11:28:39 +0800] "GET /xingrg/javascript/jquery.cookie.js HTTP/1.1" 200 5513
116.224.106.218 - - [22/Mar/2023:11:28:39 +0800] "GET /xingrg/javascript/print/LodopFuncs.js HTTP/1.1" 200 5121
116.224.106.218 - - [22/Mar/2023:11:28:40 +0800] "GET /xingrg/javascript/easyui/themes/icons/edit_add_new.png HTTP/1.1" 200 2997
116.224.106.218 - - [22/Mar/2023:11:28:40 +0800] "GET /xingrg/javascript/easyui/themes/icons/cance_new.png HTTP/1.1" 200 3986
116.224.106.218 - - [22/Mar/2023:11:28:40 +0800] "GET /xingrg/javascript/easyui/themes/icons/check_new.png HTTP/1.1" 200 3224
116.224.106.218 - - [22/Mar/2023:11:28:40 +0800] "GET /xingrg/javascript/easyui/themes/icons/field_new.png HTTP/1.1" 200 1097
116.224.106.218 - - [22/Mar/2023:11:28:40 +0800] "GET /xingrg/javascript/easyui/themes/icons/import_new.png HTTP/1.1" 200 1247
116.224.106.218 - - [22/Mar/2023:11:28:40 +0800] "GET /xingrg/javascript/easyui/plugins/jquery.parser.js HTTP/1.1" 200 1142
116.224.106.218 - - [22/Mar/2023:11:28:40 +0800] "GET /xingrg/images/control/ajaxLoader.gif HTTP/1.1" 200 4659
180.164.3.199 - - [22/Mar/2023:11:28:41 +0800] "GET /xingrg/all/function/internal_message.html?_=1679455720734&CODE_STATE=getMsg HTTP/1.1" 200 27
180.164.3.199 - - [22/Mar/2023:11:28:41 +0800] "GET /xingrg/check_reg.html?_=1679455720735 HTTP/1.1" 200 22
116.224.106.218 - - [22/Mar/2023:11:28:43 +0800] "POST /xingrg/kc/buy/cgsh_list_operate.html HTTP/1.1" 200 986
58.221.95.50 - - [22/Mar/2023:11:28:44 +0800] "GET /xingrg/all/function/internal_message.html?_=1679455725298&CODE_STATE=getMsg HTTP/1.1" 200 27
116.224.106.218 - - [22/Mar/2023:11:28:46 +0800] "GET /xingrg/javascript/easyui/themes/default/images/button_plain_hover.png HTTP/1.1" 200 144
116.224.106.218 - - [22/Mar/2023:11:28:47 +0800] "GET /xingrg/kc/buy/cgsh_order_add.html HTTP/1.1" 200 69155
116.224.106.218 - - [22/Mar/2023:11:28:47 +0800] "GET /xingrg/javascript/pic_change.js HTTP/1.1" 200 4739
116.224.106.218 - - [22/Mar/2023:11:28:47 +0800] "GET /xingrg/javascript/jquery_tools/order_manager.js HTTP/1.1" 200 11183
116.224.106.218 - - [22/Mar/2023:11:28:47 +0800] "GET /xingrg/javascript/convert.js HTTP/1.1" 200 1239
116.224.106.218 - - [22/Mar/2023:11:28:47 +0800] "GET /xingrg/javascript/json2.js HTTP/1.1" 200 11259
116.224.106.218 - - [22/Mar/2023:11:28:47 +0800] "GET /xingrg/javascript/print/kc_print.js HTTP/1.1" 200 11415
116.224.106.218 - - [22/Mar/2023:11:28:47 +0800] "GET /xingrg/words/20230321173137_words.js HTTP/1.1" 200 956230
116.224.106.218 - - [22/Mar/2023:11:28:47 +0800] "GET /xingrg/javascript/easyui/themes/icons/copy_new.png HTTP/1.1" 200 815
116.224.106.218 - - [22/Mar/2023:11:28:47 +0800] "GET /xingrg/javascript/easyui/themes/icons/template_new.png HTTP/1.1" 200 3956
116.224.106.218 - - [22/Mar/2023:11:28:47 +0800] "GET /xingrg/javascript/easyui/themes/icons/ok.png HTTP/1.1" 200 883
116.224.106.218 - - [22/Mar/2023:11:28:47 +0800] "GET /xingrg/javascript/easyui/themes/icons/print.png HTTP/1.1" 200 1057
116.224.106.218 - - [22/Mar/2023:11:28:47 +0800] "GET /xingrg/javascript/easyui/themes/default/images/menu_downarrow.png HTTP/1.1" 200 173
116.224.106.218 - - [22/Mar/2023:11:28:47 +0800] "GET /xingrg/javascript/easyui/themes/icons/cancel.png HTTP/1.1" 200 1133
116.224.106.218 - - [22/Mar/2023:11:28:47 +0800] "POST /xingrg/kc/buy/cgsh_order_operate.html HTTP/1.1" 200 8245
116.224.106.218 - - [22/Mar/2023:11:28:48 +0800] "GET /xingrg/javascript/easyui/themes/default/validatebox.css HTTP/1.1" 404 1104
116.224.106.218 - - [22/Mar/2023:11:28:48 +0800] "GET /xingrg/javascript/easyui/plugins/jquery.validatebox.js HTTP/1.1" 200 6103
116.224.106.218 - - [22/Mar/2023:11:28:48 +0800] "GET /xingrg/javascript/easyui/plugins/jquery.numberbox.js HTTP/1.1" 200 5213
116.224.106.218 - - [22/Mar/2023:11:28:48 +0800] "GET /xingrg/all/common/auto_word.html?type=employee&rest_code=00145 HTTP/1.1" 200 151
116.224.106.218 - - [22/Mar/2023:11:28:48 +0800] "GET /xingrg/all/common/auto_word.html?type=employee&rest_code=00145 HTTP/1.1" 200 151
116.224.106.218 - - [22/Mar/2023:11:28:48 +0800] "GET /xingrg/javascript/easyui/themes/icons/edit_remove.png HTTP/1.1" 200 625
222.70.221.209 - - [22/Mar/2023:11:28:48 +0800] "GET /xingrg/all/function/internal_message.html?_=1679455836491&CODE_STATE=getMsg HTTP/1.1" 200 27
124.79.240.233 - - [22/Mar/2023:11:28:51 +0800] "GET /xingrg/all/function/internal_message.html?_=1679455989687&CODE_STATE=getMsg HTTP/1.1" 200 27
101.229.22.234 - - [22/Mar/2023:11:28:54 +0800] "GET /xingrg/check_reg.html?_=1679455732727 HTTP/1.1" 200 22
101.229.22.234 - - [22/Mar/2023:11:28:54 +0800] "GET /xingrg/all/function/internal_message.html?_=1679455732725&CODE_STATE=getMsg HTTP/1.1" 200 27
180.157.253.110 - - [22/Mar/2023:11:28:54 +0800] "GET /xingrg/all/function/internal_message.html?_=1679455733780&CODE_STATE=getMsg HTTP/1.1" 302 -
222.70.182.154 - - [22/Mar/2023:11:28:55 +0800] "GET /xingrg/all/function/internal_message.html?_=1679455732667&CODE_STATE=getMsg HTTP/1.1" 200 27
222.67.232.202 - - [22/Mar/2023:11:28:56 +0800] "GET /xingrg/kc/buy/cgsh_order_operate.html?command=get_materiel&rest_code=00141&code=00101009118&supplier_code=00100007&order_time=2023-03-22 HTTP/1.1" 200 405
116.224.106.218 - - [22/Mar/2023:11:28:56 +0800] "GET /xingrg/all/function/internal_message.html?_=1679455733607&CODE_STATE=getMsg HTTP/1.1" 200 27
58.40.7.146 - - [22/Mar/2023:11:28:59 +0800] "GET /xingrg/all/function/internal_message.html?_=1679455739611&CODE_STATE=getMsg HTTP/1.1" 302 -
116.192.124.172 - - [22/Mar/2023:11:29:01 +0800] "GET /xingrg/all/function/internal_message.html?_=1679455741875&CODE_STATE=getMsg HTTP/1.1" 200 27
180.169.147.146 - - [22/Mar/2023:11:29:08 +0800] "GET /xingrg/all/function/internal_message.html?_=1679455748829&CODE_STATE=getMsg HTTP/1.1" 200 27
222.67.232.202 - - [22/Mar/2023:11:29:09 +0800] "GET /xingrg/all/function/internal_message.html?_=1679455296948&CODE_STATE=getMsg HTTP/1.1" 200 27
114.83.222.182 - - [22/Mar/2023:11:29:09 +0800] "GET /xingrg/all/function/internal_message.html?_=1679455820271&CODE_STATE=getMsg HTTP/1.1" 200 27
114.83.219.160 - - [22/Mar/2023:11:29:11 +0800] "GET /xingrg/all/function/internal_message.html?_=1679455750160&CODE_STATE=getMsg HTTP/1.1" 200 27
114.83.219.160 - - [22/Mar/2023:11:29:11 +0800] "GET /xingrg/kc/buy/cgsh_order_add.html HTTP/1.1" 200 70049
114.83.219.160 - - [22/Mar/2023:11:29:12 +0800] "GET /xingrg/words/20230321173137_words.js HTTP/1.1" 304 -
114.83.219.160 - - [22/Mar/2023:11:29:12 +0800] "POST /xingrg/kc/buy/cgsh_order_operate.html HTTP/1.1" 200 8245
114.83.219.160 - - [22/Mar/2023:11:29:12 +0800] "GET /xingrg/javascript/easyui/themes/default/validatebox.css HTTP/1.1" 404 1104
222.67.232.202 - - [22/Mar/2023:11:29:12 +0800] "GET /xingrg/kc/buy/cgsh_order_operate.html?command=get_materiel&rest_code=00141&code=00101008331&supplier_code=00100007&order_time=2023-03-22 HTTP/1.1" 200 416
222.67.232.202 - - [22/Mar/2023:11:29:17 +0800] "POST /xingrg/kc/buy/cgsh_order_operate.html HTTP/1.1" 200 2065
116.225.84.253 - - [22/Mar/2023:11:29:17 +0800] "GET /xingrg/kc/buy/cgsh_order_add.html HTTP/1.1" 200 70043
116.225.84.253 - - [22/Mar/2023:11:29:17 +0800] "POST /xingrg/kc/buy/cgsh_order_operate.html HTTP/1.1" 200 8245
116.225.84.253 - - [22/Mar/2023:11:29:17 +0800] "GET /xingrg/javascript/easyui/themes/default/validatebox.css HTTP/1.1" 404 1104
124.78.156.53 - - [22/Mar/2023:11:29:20 +0800] "GET /xingrg/all/function/internal_message.html?_=1679455759385&CODE_STATE=getMsg HTTP/1.1" 200 27
114.83.219.160 - - [22/Mar/2023:11:29:25 +0800] "GET /xingrg/javascript/auto/indicator.gif HTTP/1.1" 404 1066
116.235.240.214 - - [22/Mar/2023:11:29:27 +0800] "GET /xingrg/all/function/internal_message.html?_=1679455777086&CODE_STATE=getMsg HTTP/1.1" 200 27
222.67.232.202 - - [22/Mar/2023:11:29:29 +0800] "GET /xingrg/kc/buy/cgsh_order_operate.html?command=get_materiel&rest_code=00141&code=00101008350&supplier_code=00100007&order_time=2023-03-22 HTTP/1.1" 200 408
124.79.72.155 - - [22/Mar/2023:11:29:36 +0800] "GET /xingrg/all/function/internal_message.html?_=1679455783267&CODE_STATE=getMsg HTTP/1.1" 200 27
116.225.84.253 - - [22/Mar/2023:11:29:39 +0800] "GET /xingrg/all/function/internal_message.html?_=1679455622971&CODE_STATE=getMsg HTTP/1.1" 200 27
124.78.156.53 - - [22/Mar/2023:11:29:40 +0800] "GET /xingrg/kc/buy/cgsh_order_operate.html?command=get_materiel&rest_code=00106&code=00101009050&supplier_code=00100022&order_time=2023-03-22 HTTP/1.1" 200 410
180.164.3.199 - - [22/Mar/2023:11:29:41 +0800] "GET /xingrg/all/function/internal_message.html?_=1679455780731&CODE_STATE=getMsg HTTP/1.1" 200 27
58.221.95.50 - - [22/Mar/2023:11:29:44 +0800] "GET /xingrg/all/function/internal_message.html?_=1679455785284&CODE_STATE=getMsg HTTP/1.1" 200 27
116.225.84.253 - - [22/Mar/2023:11:29:48 +0800] "GET /xingrg/kc/buy/cgsh_order_operate.html?command=get_materiel&rest_code=00105&code=00101003016&supplier_code=00100094&order_time=2023-03-22 HTTP/1.1" 200 422
222.70.221.209 - - [22/Mar/2023:11:29:48 +0800] "GET /xingrg/all/function/internal_message.html?_=1679455896497&CODE_STATE=getMsg HTTP/1.1" 200 27
124.78.156.53 - - [22/Mar/2023:11:29:51 +0800] "POST /xingrg/kc/buy/cgsh_order_operate.html HTTP/1.1" 200 37
124.79.240.233 - - [22/Mar/2023:11:29:51 +0800] "GET /xingrg/all/function/internal_message.html?_=1679456049658&CODE_STATE=getMsg HTTP/1.1" 200 27
124.79.240.233 - - [22/Mar/2023:11:29:52 +0800] "GET /xingrg/check_reg.html?_=1679456050781 HTTP/1.1" 200 22
101.229.22.234 - - [22/Mar/2023:11:29:54 +0800] "GET /xingrg/all/function/internal_message.html?_=1679455792725&CODE_STATE=getMsg HTTP/1.1" 200 27
180.157.253.110 - - [22/Mar/2023:11:29:54 +0800] "GET /xingrg/all/function/internal_message.html?_=1679455793763&CODE_STATE=getMsg HTTP/1.1" 302 -
222.70.182.154 - - [22/Mar/2023:11:29:55 +0800] "GET /xingrg/all/function/internal_message.html?_=1679455792667&CODE_STATE=getMsg HTTP/1.1" 200 27
116.224.106.218 - - [22/Mar/2023:11:29:56 +0800] "GET /xingrg/all/function/internal_message.html?_=1679455793613&CODE_STATE=getMsg HTTP/1.1" 200 27
180.157.253.110 - - [22/Mar/2023:11:29:57 +0800] "GET /xingrg/check_reg.html?_=1679455796377 HTTP/1.1" 302 -
114.83.219.160 - - [22/Mar/2023:11:29:57 +0800] "GET /xingrg/kc/buy/cgsh_order_operate.html?command=get_materiel&rest_code=00149&code=00101004003&supplier_code=00100323&order_time=2023-03-22 HTTP/1.1" 200 410
58.40.7.146 - - [22/Mar/2023:11:29:59 +0800] "GET /xingrg/all/function/internal_message.html?_=1679455799583&CODE_STATE=getMsg HTTP/1.1" 302 -
222.67.232.202 - - [22/Mar/2023:11:30:01 +0800] "GET /xingrg/kc/buy/cgsh_order_operate.html?command=get_materiel&rest_code=00141&code=00101008096&supplier_code=00100007&order_time=2023-03-22 HTTP/1.1" 200 412
116.192.124.172 - - [22/Mar/2023:11:30:01 +0800] "GET /xingrg/all/function/internal_message.html?_=1679455801866&CODE_STATE=getMsg HTTP/1.1" 200 27
124.78.156.53 - - [22/Mar/2023:11:30:06 +0800] "POST /xingrg/kc/buy/cgsh_order_operate.html HTTP/1.1" 200 2656
222.67.232.202 - - [22/Mar/2023:11:30:08 +0800] "GET /xingrg/kc/buy/cgsh_order_operate.html?command=get_materiel&rest_code=00141&code=00101008126&supplier_code=00100007&order_time=2023-03-22 HTTP/1.1" 200 412
180.169.147.146 - - [22/Mar/2023:11:30:08 +0800] "GET /xingrg/check_reg.html?_=1679455808829 HTTP/1.1" 200 22
180.169.147.146 - - [22/Mar/2023:11:30:08 +0800] "GET /xingrg/all/function/internal_message.html?_=1679455808832&CODE_STATE=getMsg HTTP/1.1" 200 27
222.67.232.202 - - [22/Mar/2023:11:30:09 +0800] "GET /xingrg/all/function/internal_message.html?_=1679455356896&CODE_STATE=getMsg HTTP/1.1" 200 27
114.83.222.182 - - [22/Mar/2023:11:30:09 +0800] "GET /xingrg/all/function/internal_message.html?_=1679455880269&CODE_STATE=getMsg HTTP/1.1" 200 27
58.40.7.146 - - [22/Mar/2023:11:30:11 +0800] "GET /xingrg/check_reg.html?_=1679455811625 HTTP/1.1" 302 -
114.83.219.160 - - [22/Mar/2023:11:30:11 +0800] "GET /xingrg/all/function/internal_message.html?_=1679455810192&CODE_STATE=getMsg HTTP/1.1" 200 27
116.225.84.253 - - [22/Mar/2023:11:30:14 +0800] "GET /xingrg/kc/buy/cgsh_order_operate.html?command=get_materiel&rest_code=00105&code=00101003003&supplier_code=00100094&order_time=2023-03-22 HTTP/1.1" 200 418
222.67.232.202 - - [22/Mar/2023:11:30:15 +0800] "GET /xingrg/kc/buy/cgsh_order_operate.html?command=get_materiel&rest_code=00141&code=00101008361&supplier_code=00100007&order_time=2023-03-22 HTTP/1.1" 200 408
180.163.29.103 - - [22/Mar/2023:11:30:20 +0800] "GET /xingrg/all/function/internal_message.html?_=1679455759385&CODE_STATE=getMsg HTTP/1.1" 302 -
180.163.29.103 - - [22/Mar/2023:11:30:20 +0800] "GET /xingrg/login.html HTTP/1.1" 200 7641
124.78.156.53 - - [22/Mar/2023:11:30:20 +0800] "GET /xingrg/all/function/internal_message.html?_=1679455819361&CODE_STATE=getMsg HTTP/1.1" 200 27
124.78.156.53 - - [22/Mar/2023:11:30:20 +0800] "GET /xingrg/check_reg.html?_=1679455819521 HTTP/1.1" 200 22
114.83.219.160 - - [22/Mar/2023:11:30:21 +0800] "GET /xingrg/kc/buy/cgsh_order_operate.html?command=get_materiel&rest_code=00149&code=00101006102&supplier_code=00100323&order_time=2023-03-22 HTTP/1.1" 200 412
222.67.232.202 - - [22/Mar/2023:11:30:24 +0800] "GET /xingrg/kc/buy/cgsh_order_operate.html?command=get_materiel&rest_code=00141&code=00101008321&supplier_code=00100007&order_time=2023-03-22 HTTP/1.1" 200 412
116.235.240.214 - - [22/Mar/2023:11:30:27 +0800] "GET /xingrg/all/function/internal_message.html?_=1679455837564&CODE_STATE=getMsg HTTP/1.1" 200 27
114.83.219.160 - - [22/Mar/2023:11:30:30 +0800] "GET /xingrg/kc/buy/cgsh_order_operate.html?command=get_materiel&rest_code=00149&code=00101020301&supplier_code=00100323&order_time=2023-03-22 HTTP/1.1" 200 426
222.67.232.202 - - [22/Mar/2023:11:30:34 +0800] "POST /xingrg/kc/buy/cgsh_order_operate.html HTTP/1.1" 200 2065
124.79.72.155 - - [22/Mar/2023:11:30:36 +0800] "GET /xingrg/all/function/internal_message.html?_=1679455843269&CODE_STATE=getMsg HTTP/1.1" 200 27
116.225.84.253 - - [22/Mar/2023:11:30:39 +0800] "GET /xingrg/all/function/internal_message.html?_=1679455682967&CODE_STATE=getMsg HTTP/1.1" 200 27
180.164.3.199 - - [22/Mar/2023:11:30:41 +0800] "GET /xingrg/all/function/internal_message.html?_=1679455840728&CODE_STATE=getMsg HTTP/1.1" 200 27
222.67.232.202 - - [22/Mar/2023:11:30:41 +0800] "GET /xingrg/kc/buy/cgsh_order_operate.html?command=get_materiel&rest_code=00141&code=00101008059&supplier_code=00100007&order_time=2023-03-22 HTTP/1.1" 200 408
58.221.95.50 - - [22/Mar/2023:11:30:44 +0800] "GET /xingrg/all/function/internal_message.html?_=1679455845265&CODE_STATE=getMsg HTTP/1.1" 200 27
58.221.95.50 - - [22/Mar/2023:11:30:44 +0800] "GET /xingrg/check_reg.html?_=1679455845621 HTTP/1.1" 200 22
222.70.182.154 - - [22/Mar/2023:11:30:47 +0800] "GET /xingrg/kc/base/wldb_order_list.html HTTP/1.1" 200 19098
222.70.182.154 - - [22/Mar/2023:11:30:47 +0800] "POST /xingrg/kc/base/wldb_list_operate.html HTTP/1.1" 200 928
222.70.221.209 - - [22/Mar/2023:11:30:48 +0800] "GET /xingrg/check_reg.html?_=1679455956494 HTTP/1.1" 200 22
222.70.221.209 - - [22/Mar/2023:11:30:48 +0800] "GET /xingrg/all/function/internal_message.html?_=1679455956496&CODE_STATE=getMsg HTTP/1.1" 200 27
222.67.232.202 - - [22/Mar/2023:11:30:49 +0800] "GET /xingrg/kc/buy/cgsh_order_operate.html?command=get_materiel&rest_code=00141&code=00101008298&supplier_code=00100007&order_time=2023-03-22 HTTP/1.1" 200 413
222.70.182.154 - - [22/Mar/2023:11:30:49 +0800] "GET /xingrg/kc/base/wldb_order_add.html HTTP/1.1" 200 30381
222.70.182.154 - - [22/Mar/2023:11:30:49 +0800] "POST /xingrg/kc/base/wldb_order_operate.html HTTP/1.1" 200 6806
222.70.182.154 - - [22/Mar/2023:11:30:49 +0800] "GET /xingrg/all/common/auto_word.html?type=base&rest_code=00111 HTTP/1.1" 200 1753
222.70.182.154 - - [22/Mar/2023:11:30:50 +0800] "GET /xingrg/all/common/auto_word.html?type=base&rest_code=00111 HTTP/1.1" 200 1753
222.70.182.154 - - [22/Mar/2023:11:30:50 +0800] "GET /xingrg/javascript/easyui/themes/default/validatebox.css HTTP/1.1" 404 1104
124.79.240.233 - - [22/Mar/2023:11:30:51 +0800] "GET /xingrg/all/function/internal_message.html?_=1679456109627&CODE_STATE=getMsg HTTP/1.1" 200 27
101.229.22.234 - - [22/Mar/2023:11:30:54 +0800] "GET /xingrg/all/function/internal_message.html?_=1679455852724&CODE_STATE=getMsg HTTP/1.1" 200 27
180.157.253.110 - - [22/Mar/2023:11:30:54 +0800] "GET /xingrg/all/function/internal_message.html?_=1679455853738&CODE_STATE=getMsg HTTP/1.1" 302 -
222.70.182.154 - - [22/Mar/2023:11:30:55 +0800] "GET /xingrg/all/function/internal_message.html?_=1679455852675&CODE_STATE=getMsg HTTP/1.1" 200 27
116.224.106.218 - - [22/Mar/2023:11:30:56 +0800] "GET /xingrg/all/function/internal_message.html?_=1679455853613&CODE_STATE=getMsg HTTP/1.1" 200 27
116.235.240.214 - - [22/Mar/2023:11:30:58 +0800] "GET /xingrg/check_reg.html?_=1679455868590 HTTP/1.1" 200 22
58.40.7.146 - - [22/Mar/2023:11:30:59 +0800] "GET /xingrg/all/function/internal_message.html?_=1679455859564&CODE_STATE=getMsg HTTP/1.1" 302 -
114.83.219.160 - - [22/Mar/2023:11:31:00 +0800] "GET /xingrg/kc/buy/cgsh_order_operate.html?command=get_materiel&rest_code=00149&code=00101012010&supplier_code=00100323&order_time=2023-03-22 HTTP/1.1" 200 409
116.192.124.172 - - [22/Mar/2023:11:31:01 +0800] "GET /xingrg/all/function/internal_message.html?_=1679455861845&CODE_STATE=getMsg HTTP/1.1" 200 27
180.169.147.146 - - [22/Mar/2023:11:31:08 +0800] "GET /xingrg/all/function/internal_message.html?_=1679455868833&CODE_STATE=getMsg HTTP/1.1" 200 27
222.67.232.202 - - [22/Mar/2023:11:31:09 +0800] "GET /xingrg/all/function/internal_message.html?_=1679455416983&CODE_STATE=getMsg HTTP/1.1" 200 27
114.83.222.182 - - [22/Mar/2023:11:31:09 +0800] "GET /xingrg/all/function/internal_message.html?_=1679455940258&CODE_STATE=getMsg HTTP/1.1" 200 27
222.67.232.202 - - [22/Mar/2023:11:31:10 +0800] "POST /xingrg/kc/buy/cgsh_order_operate.html HTTP/1.1" 200 37
