120.253.135.82 - - [21/Mar/2023:06:43:40 +0800] "GET /xingrg/all/function/internal_message.html?_=1679352049965&CODE_STATE=getMsg HTTP/1.1" 200 27
180.157.253.110 - - [21/Mar/2023:06:43:40 +0800] "GET /xingrg/check_reg.html?_=1679352221774 HTTP/1.1" 200 22
120.253.135.82 - - [21/Mar/2023:06:43:44 +0800] "POST /xingrg/kc/pszx/mdps_list_operate.html HTTP/1.1" 200 3499
120.253.135.82 - - [21/Mar/2023:06:43:46 +0800] "POST /xingrg/kc/pszx/mdps_list_operate.html HTTP/1.1" 200 588
120.253.135.82 - - [21/Mar/2023:06:43:47 +0800] "GET /xingrg/kc/pszx/mdps_order_info.html?code=312023032100472 HTTP/1.1" 200 23972
120.253.135.82 - - [21/Mar/2023:06:43:47 +0800] "GET /xingrg/javascript/easyui/themes/default/validatebox.css HTTP/1.1" 404 1104
116.238.139.35 - - [21/Mar/2023:06:43:47 +0800] "GET /xingrg/all/function/internal_message.html?_=1679352153016&CODE_STATE=getMsg HTTP/1.1" 200 27
120.253.135.82 - - [21/Mar/2023:06:43:48 +0800] "POST /xingrg/kc/pszx/mdps_order_operate.html HTTP/1.1" 200 5758
116.235.240.214 - - [21/Mar/2023:06:43:48 +0800] "GET /xingrg/check_reg.html?_=1679352233546 HTTP/1.1" 200 22
116.235.240.214 - - [21/Mar/2023:06:43:48 +0800] "GET /xingrg/all/function/internal_message.html?_=1679352233592&CODE_STATE=getMsg HTTP/1.1" 200 27
116.238.139.35 - - [21/Mar/2023:06:43:58 +0800] "GET /xingrg/check_reg.html?_=1679352239168 HTTP/1.1" 200 22
116.238.139.35 - - [21/Mar/2023:06:43:58 +0800] "GET /xingrg/all/function/internal_message.html?_=1679352239171&CODE_STATE=getMsg HTTP/1.1" 200 27
120.253.135.82 - - [21/Mar/2023:06:44:01 +0800] "POST /xingrg/kc/pszx/mdps_list_operate.html HTTP/1.1" 200 3499
120.253.135.82 - - [21/Mar/2023:06:44:02 +0800] "POST /xingrg/kc/pszx/mdps_list_operate.html HTTP/1.1" 200 650
120.253.135.82 - - [21/Mar/2023:06:44:03 +0800] "GET /xingrg/kc/pszx/mdps_order_info.html?code=312023032100473 HTTP/1.1" 200 23972
120.253.135.82 - - [21/Mar/2023:06:44:04 +0800] "GET /xingrg/javascript/easyui/themes/default/validatebox.css HTTP/1.1" 404 1104
120.253.135.82 - - [21/Mar/2023:06:44:04 +0800] "POST /xingrg/kc/pszx/mdps_order_operate.html HTTP/1.1" 200 6350
120.253.135.82 - - [21/Mar/2023:06:44:13 +0800] "POST /xingrg/kc/pszx/mdps_list_operate.html HTTP/1.1" 200 3499
120.253.135.82 - - [21/Mar/2023:06:44:25 +0800] "POST /xingrg/kc/pszx/mdps_list_operate.html HTTP/1.1" 200 3180
120.253.135.82 - - [21/Mar/2023:06:44:27 +0800] "POST /xingrg/kc/pszx/mdps_list_operate.html HTTP/1.1" 200 622
120.253.135.82 - - [21/Mar/2023:06:44:28 +0800] "GET /xingrg/kc/pszx/mdps_order_info.html?code=312023032100474 HTTP/1.1" 200 23978
120.253.135.82 - - [21/Mar/2023:06:44:28 +0800] "GET /xingrg/javascript/easyui/themes/default/validatebox.css HTTP/1.1" 404 1104
120.253.135.82 - - [21/Mar/2023:06:44:28 +0800] "POST /xingrg/kc/pszx/mdps_order_operate.html HTTP/1.1" 200 20419
116.224.106.218 - - [21/Mar/2023:06:44:31 +0800] "GET /xingrg/all/function/internal_message.html?_=1679352271077&CODE_STATE=getMsg HTTP/1.1" 200 27
120.253.135.82 - - [21/Mar/2023:06:44:32 +0800] "POST /xingrg/kc/pszx/mdps_order_operate.html HTTP/1.1" 200 37
120.253.135.82 - - [21/Mar/2023:06:44:33 +0800] "GET /xingrg/kc/pszx/mdps_order_info.html?code=312023032100474 HTTP/1.1" 200 23978
120.253.135.82 - - [21/Mar/2023:06:44:34 +0800] "GET /xingrg/javascript/easyui/themes/default/validatebox.css HTTP/1.1" 404 1104
120.253.135.82 - - [21/Mar/2023:06:44:34 +0800] "POST /xingrg/kc/pszx/mdps_order_operate.html HTTP/1.1" 200 20707
61.170.234.120 - - [21/Mar/2023:06:44:40 +0800] "GET /xingrg/all/function/internal_message.html?_=1679352279523&CODE_STATE=getMsg HTTP/1.1" 200 27
61.170.234.120 - - [21/Mar/2023:06:44:40 +0800] "GET /xingrg/check_reg.html?_=1679352279525 HTTP/1.1" 200 22
120.253.135.82 - - [21/Mar/2023:06:44:40 +0800] "GET /xingrg/all/function/internal_message.html?_=1679352109978&CODE_STATE=getMsg HTTP/1.1" 200 27
116.238.139.35 - - [21/Mar/2023:06:44:47 +0800] "GET /xingrg/all/function/internal_message.html?_=1679352213045&CODE_STATE=getMsg HTTP/1.1" 200 27
116.235.240.214 - - [21/Mar/2023:06:44:48 +0800] "GET /xingrg/all/function/internal_message.html?_=1679352293606&CODE_STATE=getMsg HTTP/1.1" 200 27
116.238.139.35 - - [21/Mar/2023:06:44:58 +0800] "GET /xingrg/all/function/internal_message.html?_=1679352299155&CODE_STATE=getMsg HTTP/1.1" 200 27
120.253.135.82 - - [21/Mar/2023:06:45:11 +0800] "POST /xingrg/kc/pszx/mdps_list_operate.html HTTP/1.1" 200 3180
120.253.135.82 - - [21/Mar/2023:06:45:13 +0800] "POST /xingrg/kc/pszx/mdps_list_operate.html HTTP/1.1" 200 290
120.253.135.82 - - [21/Mar/2023:06:45:16 +0800] "GET /xingrg/kc/pszx/mdps_order_add.html HTTP/1.1" 200 29101
120.253.135.82 - - [21/Mar/2023:06:45:16 +0800] "POST /xingrg/kc/pszx/mdps_order_operate.html HTTP/1.1" 200 7126
120.253.135.82 - - [21/Mar/2023:06:45:16 +0800] "GET /xingrg/javascript/easyui/themes/default/validatebox.css HTTP/1.1" 404 1104
120.253.135.82 - - [21/Mar/2023:06:45:29 +0800] "POST /xingrg/all/common/load_combo.html?type=base HTTP/1.1" 200 1169
116.224.106.218 - - [21/Mar/2023:06:45:31 +0800] "GET /xingrg/all/function/internal_message.html?_=1679352331062&CODE_STATE=getMsg HTTP/1.1" 200 27
120.253.135.82 - - [21/Mar/2023:06:45:38 +0800] "GET /xingrg/kc/pszx/mdps_order_operate.html?command=get_materiel&pszx_code=00101&rest_code=00146&base_code=0010252&code=00101014041 HTTP/1.1" 200 434
120.253.135.82 - - [21/Mar/2023:06:45:38 +0800] "GET /xingrg/check_reg.html?_=1679352168277 HTTP/1.1" 200 22
180.163.28.143 - - [21/Mar/2023:06:45:40 +0800] "GET /xingrg/all/function/internal_message.html?_=1679352279523&CODE_STATE=getMsg HTTP/1.1" 302 -
180.163.28.143 - - [21/Mar/2023:06:45:40 +0800] "GET /xingrg/login.html HTTP/1.1" 200 7641
61.170.234.120 - - [21/Mar/2023:06:45:40 +0800] "GET /xingrg/all/function/internal_message.html?_=1679352339525&CODE_STATE=getMsg HTTP/1.1" 200 27
120.253.135.82 - - [21/Mar/2023:06:45:40 +0800] "GET /xingrg/all/function/internal_message.html?_=1679352170102&CODE_STATE=getMsg HTTP/1.1" 200 27
120.253.135.82 - - [21/Mar/2023:06:45:44 +0800] "POST /xingrg/kc/pszx/mdps_order_operate.html HTTP/1.1" 200 37
120.253.135.82 - - [21/Mar/2023:06:45:46 +0800] "GET /xingrg/kc/pszx/mdps_order_info.html?code=312023032100479 HTTP/1.1" 200 23978
120.253.135.82 - - [21/Mar/2023:06:45:46 +0800] "GET /xingrg/javascript/easyui/themes/default/validatebox.css HTTP/1.1" 404 1104
120.253.135.82 - - [21/Mar/2023:06:45:47 +0800] "POST /xingrg/kc/pszx/mdps_order_operate.html HTTP/1.1" 200 2276
116.238.139.35 - - [21/Mar/2023:06:45:47 +0800] "GET /xingrg/all/function/internal_message.html?_=1679352273058&CODE_STATE=getMsg HTTP/1.1" 200 27
120.253.135.82 - - [21/Mar/2023:06:45:48 +0800] "POST /xingrg/kc/pszx/mdps_list_operate.html HTTP/1.1" 200 3552
116.235.240.214 - - [21/Mar/2023:06:45:48 +0800] "GET /xingrg/all/function/internal_message.html?_=1679352353618&CODE_STATE=getMsg HTTP/1.1" 200 27
120.253.135.82 - - [21/Mar/2023:06:45:51 +0800] "POST /xingrg/kc/pszx/mdps_list_operate.html HTTP/1.1" 200 622
120.253.135.82 - - [21/Mar/2023:06:45:52 +0800] "GET /xingrg/kc/pszx/mdps_order_info.html?code=312023032100474 HTTP/1.1" 200 23978
120.253.135.82 - - [21/Mar/2023:06:45:53 +0800] "GET /xingrg/javascript/easyui/themes/default/validatebox.css HTTP/1.1" 404 1104
120.253.135.82 - - [21/Mar/2023:06:45:53 +0800] "POST /xingrg/kc/pszx/mdps_order_operate.html HTTP/1.1" 200 20707
116.238.139.35 - - [21/Mar/2023:06:45:58 +0800] "GET /xingrg/all/function/internal_message.html?_=1679352359156&CODE_STATE=getMsg HTTP/1.1" 200 27
120.253.135.82 - - [21/Mar/2023:06:46:00 +0800] "POST /xingrg/kc/pszx/mdps_order_operate.html HTTP/1.1" 200 37
120.253.135.82 - - [21/Mar/2023:06:46:02 +0800] "GET /xingrg/kc/pszx/mdps_order_info.html?code=312023032100474 HTTP/1.1" 200 23978
120.253.135.82 - - [21/Mar/2023:06:46:02 +0800] "GET /xingrg/javascript/easyui/themes/default/validatebox.css HTTP/1.1" 404 1104
120.253.135.82 - - [21/Mar/2023:06:46:03 +0800] "POST /xingrg/kc/pszx/mdps_order_operate.html HTTP/1.1" 200 20217
116.224.106.218 - - [21/Mar/2023:06:46:31 +0800] "GET /xingrg/all/function/internal_message.html?_=1679352391050&CODE_STATE=getMsg HTTP/1.1" 200 27
180.163.29.234 - - [21/Mar/2023:06:46:40 +0800] "GET /xingrg/all/function/internal_message.html?_=1679352339525&CODE_STATE=getMsg HTTP/1.1" 302 -
180.163.29.234 - - [21/Mar/2023:06:46:40 +0800] "GET /xingrg/login.html HTTP/1.1" 200 7641
61.170.234.120 - - [21/Mar/2023:06:46:40 +0800] "GET /xingrg/all/function/internal_message.html?_=1679352399531&CODE_STATE=getMsg HTTP/1.1" 200 27
120.253.135.82 - - [21/Mar/2023:06:46:40 +0800] "GET /xingrg/all/function/internal_message.html?_=1679352230115&CODE_STATE=getMsg HTTP/1.1" 200 27
116.238.139.35 - - [21/Mar/2023:06:46:47 +0800] "GET /xingrg/all/function/internal_message.html?_=1679352333091&CODE_STATE=getMsg HTTP/1.1" 200 27
116.224.106.218 - - [21/Mar/2023:06:46:48 +0800] "GET /xingrg/check_reg.html?_=1679352407950 HTTP/1.1" 200 22
116.235.240.214 - - [21/Mar/2023:06:46:48 +0800] "GET /xingrg/all/function/internal_message.html?_=1679352413994&CODE_STATE=getMsg HTTP/1.1" 200 27
116.238.139.35 - - [21/Mar/2023:06:46:58 +0800] "GET /xingrg/all/function/internal_message.html?_=1679352419157&CODE_STATE=getMsg HTTP/1.1" 200 27
116.224.106.218 - - [21/Mar/2023:06:47:31 +0800] "GET /xingrg/all/function/internal_message.html?_=1679352451025&CODE_STATE=getMsg HTTP/1.1" 200 27
116.238.139.35 - - [21/Mar/2023:06:47:32 +0800] "GET /xingrg/check_reg.html?_=1679352378163 HTTP/1.1" 200 22
61.170.234.120 - - [21/Mar/2023:06:47:40 +0800] "GET /xingrg/all/function/internal_message.html?_=1679352459532&CODE_STATE=getMsg HTTP/1.1" 200 27
120.253.135.82 - - [21/Mar/2023:06:47:41 +0800] "GET /xingrg/all/function/internal_message.html?_=1679352290330&CODE_STATE=getMsg HTTP/1.1" 200 27
116.238.139.35 - - [21/Mar/2023:06:47:47 +0800] "GET /xingrg/all/function/internal_message.html?_=1679352393101&CODE_STATE=getMsg HTTP/1.1" 200 27
116.235.240.214 - - [21/Mar/2023:06:47:48 +0800] "GET /xingrg/all/function/internal_message.html?_=1679352474005&CODE_STATE=getMsg HTTP/1.1" 200 27
116.238.139.35 - - [21/Mar/2023:06:47:58 +0800] "GET /xingrg/all/function/internal_message.html?_=1679352479163&CODE_STATE=getMsg HTTP/1.1" 200 27
116.224.106.218 - - [21/Mar/2023:06:48:31 +0800] "GET /xingrg/all/function/internal_message.html?_=1679352511011&CODE_STATE=getMsg HTTP/1.1" 200 27
180.163.28.55 - - [21/Mar/2023:06:48:40 +0800] "GET /xingrg/all/function/internal_message.html?_=1679352459532&CODE_STATE=getMsg HTTP/1.1" 302 -
61.170.234.120 - - [21/Mar/2023:06:48:40 +0800] "GET /xingrg/all/function/internal_message.html?_=1679352519531&CODE_STATE=getMsg HTTP/1.1" 200 27
180.163.28.55 - - [21/Mar/2023:06:48:40 +0800] "GET /xingrg/login.html HTTP/1.1" 200 7641
180.157.253.110 - - [21/Mar/2023:06:48:40 +0800] "GET /xingrg/check_reg.html?_=1679352521780 HTTP/1.1" 200 22
120.253.135.82 - - [21/Mar/2023:06:48:41 +0800] "GET /xingrg/all/function/internal_message.html?_=1679352350547&CODE_STATE=getMsg HTTP/1.1" 200 27
116.238.139.35 - - [21/Mar/2023:06:48:47 +0800] "GET /xingrg/all/function/internal_message.html?_=1679352453114&CODE_STATE=getMsg HTTP/1.1" 200 27
116.235.240.214 - - [21/Mar/2023:06:48:48 +0800] "GET /xingrg/check_reg.html?_=1679352533988 HTTP/1.1" 200 22
116.235.240.214 - - [21/Mar/2023:06:48:48 +0800] "GET /xingrg/all/function/internal_message.html?_=1679352534018&CODE_STATE=getMsg HTTP/1.1" 200 27
116.238.139.35 - - [21/Mar/2023:06:48:58 +0800] "GET /xingrg/all/function/internal_message.html?_=1679352539164&CODE_STATE=getMsg HTTP/1.1" 200 27
116.238.139.35 - - [21/Mar/2023:06:48:58 +0800] "GET /xingrg/check_reg.html?_=1679352539168 HTTP/1.1" 200 22
116.224.106.218 - - [21/Mar/2023:06:49:31 +0800] "GET /xingrg/all/function/internal_message.html?_=1679352570997&CODE_STATE=getMsg HTTP/1.1" 200 27
61.170.234.120 - - [21/Mar/2023:06:49:40 +0800] "GET /xingrg/check_reg.html?_=1679352579532 HTTP/1.1" 200 22
61.170.234.120 - - [21/Mar/2023:06:49:40 +0800] "GET /xingrg/all/function/internal_message.html?_=1679352579560&CODE_STATE=getMsg HTTP/1.1" 200 27
120.253.135.82 - - [21/Mar/2023:06:49:41 +0800] "GET /xingrg/all/function/internal_message.html?_=1679352410561&CODE_STATE=getMsg HTTP/1.1" 200 27
116.238.139.35 - - [21/Mar/2023:06:49:47 +0800] "GET /xingrg/all/function/internal_message.html?_=1679352513147&CODE_STATE=getMsg HTTP/1.1" 200 27
116.235.240.214 - - [21/Mar/2023:06:49:48 +0800] "GET /xingrg/all/function/internal_message.html?_=1679352594032&CODE_STATE=getMsg HTTP/1.1" 200 27
116.238.139.35 - - [21/Mar/2023:06:49:58 +0800] "GET /xingrg/all/function/internal_message.html?_=1679352599168&CODE_STATE=getMsg HTTP/1.1" 200 27
116.224.106.218 - - [21/Mar/2023:06:50:31 +0800] "GET /xingrg/all/function/internal_message.html?_=1679352630982&CODE_STATE=getMsg HTTP/1.1" 200 27
120.253.135.82 - - [21/Mar/2023:06:50:38 +0800] "GET /xingrg/check_reg.html?_=1679352468281 HTTP/1.1" 200 22
61.170.234.120 - - [21/Mar/2023:06:50:40 +0800] "GET /xingrg/all/function/internal_message.html?_=1679352639546&CODE_STATE=getMsg HTTP/1.1" 200 27
120.253.135.82 - - [21/Mar/2023:06:50:40 +0800] "GET /xingrg/kc/pszx/mdps_order_operate.html?command=get_materiel&pszx_code=00101&rest_code=00146&base_code=0010246&code=00101019812 HTTP/1.1" 200 466
120.253.135.82 - - [21/Mar/2023:06:50:41 +0800] "GET /xingrg/all/function/internal_message.html?_=1679352470575&CODE_STATE=getMsg HTTP/1.1" 200 27
116.238.139.35 - - [21/Mar/2023:06:50:47 +0800] "GET /xingrg/all/function/internal_message.html?_=1679352573157&CODE_STATE=getMsg HTTP/1.1" 200 27
116.235.240.214 - - [21/Mar/2023:06:50:49 +0800] "GET /xingrg/all/function/internal_message.html?_=1679352654046&CODE_STATE=getMsg HTTP/1.1" 200 27
120.253.135.82 - - [21/Mar/2023:06:50:56 +0800] "GET /xingrg/kc/pszx/mdps_order_operate.html?command=get_materiel&pszx_code=00101&rest_code=00146&base_code=0010246&code=00101019424 HTTP/1.1" 200 435
116.238.139.35 - - [21/Mar/2023:06:50:58 +0800] "GET /xingrg/all/function/internal_message.html?_=1679352659168&CODE_STATE=getMsg HTTP/1.1" 200 27
120.253.135.82 - - [21/Mar/2023:06:51:08 +0800] "POST /xingrg/kc/pszx/mdps_order_operate.html HTTP/1.1" 200 37
120.253.135.82 - - [21/Mar/2023:06:51:10 +0800] "GET /xingrg/kc/pszx/mdps_order_info.html?code=312023032100474 HTTP/1.1" 200 23978
120.253.135.82 - - [21/Mar/2023:06:51:11 +0800] "GET /xingrg/javascript/easyui/themes/default/validatebox.css HTTP/1.1" 404 1104
120.253.135.82 - - [21/Mar/2023:06:51:11 +0800] "POST /xingrg/kc/pszx/mdps_order_operate.html HTTP/1.1" 200 20237
120.253.135.82 - - [21/Mar/2023:06:51:14 +0800] "POST /xingrg/kc/pszx/mdps_list_operate.html HTTP/1.1" 200 3551
120.253.135.82 - - [21/Mar/2023:06:51:17 +0800] "POST /xingrg/kc/pszx/mdps_list_operate.html HTTP/1.1" 200 202
120.253.135.82 - - [21/Mar/2023:06:51:21 +0800] "POST /xingrg/kc/pszx/mdps_list_operate.html HTTP/1.1" 200 607
120.253.135.82 - - [21/Mar/2023:06:51:27 +0800] "GET /xingrg/kc/pszx/mdps_order_add.html HTTP/1.1" 200 29101
120.253.135.82 - - [21/Mar/2023:06:51:27 +0800] "POST /xingrg/kc/pszx/mdps_order_operate.html HTTP/1.1" 200 7126
120.253.135.82 - - [21/Mar/2023:06:51:27 +0800] "GET /xingrg/javascript/easyui/themes/default/validatebox.css HTTP/1.1" 404 1104
116.224.106.218 - - [21/Mar/2023:06:51:31 +0800] "GET /xingrg/all/function/internal_message.html?_=1679352690967&CODE_STATE=getMsg HTTP/1.1" 200 27
120.253.135.82 - - [21/Mar/2023:06:51:35 +0800] "POST /xingrg/all/common/load_combo.html?type=base HTTP/1.1" 200 1169
61.170.234.120 - - [21/Mar/2023:06:51:40 +0800] "GET /xingrg/all/function/internal_message.html?_=1679352699533&CODE_STATE=getMsg HTTP/1.1" 200 27
120.253.135.82 - - [21/Mar/2023:06:51:41 +0800] "GET /xingrg/all/function/internal_message.html?_=1679352530587&CODE_STATE=getMsg HTTP/1.1" 200 27
120.253.135.82 - - [21/Mar/2023:06:51:45 +0800] "GET /xingrg/kc/pszx/mdps_order_operate.html?command=get_materiel&pszx_code=00101&rest_code=00146&base_code=0010246&code=00101006002 HTTP/1.1" 200 440
116.238.139.35 - - [21/Mar/2023:06:51:48 +0800] "GET /xingrg/all/function/internal_message.html?_=1679352633191&CODE_STATE=getMsg HTTP/1.1" 200 27
116.224.106.218 - - [21/Mar/2023:06:51:48 +0800] "GET /xingrg/check_reg.html?_=1679352707958 HTTP/1.1" 200 22
116.235.240.214 - - [21/Mar/2023:06:51:49 +0800] "GET /xingrg/all/function/internal_message.html?_=1679352714416&CODE_STATE=getMsg HTTP/1.1" 200 27
120.253.135.82 - - [21/Mar/2023:06:51:51 +0800] "POST /xingrg/kc/pszx/mdps_order_operate.html HTTP/1.1" 200 37
120.253.135.82 - - [21/Mar/2023:06:51:52 +0800] "GET /xingrg/kc/pszx/mdps_order_info.html?code=312023032100480 HTTP/1.1" 200 23978
120.253.135.82 - - [21/Mar/2023:06:51:53 +0800] "GET /xingrg/javascript/easyui/themes/default/validatebox.css HTTP/1.1" 404 1104
120.253.135.82 - - [21/Mar/2023:06:51:54 +0800] "POST /xingrg/kc/pszx/mdps_order_operate.html HTTP/1.1" 200 2282
120.253.135.82 - - [21/Mar/2023:06:51:55 +0800] "POST /xingrg/kc/pszx/mdps_list_operate.html HTTP/1.1" 200 3923
120.253.135.82 - - [21/Mar/2023:06:51:57 +0800] "POST /xingrg/kc/pszx/mdps_list_operate.html HTTP/1.1" 200 205
116.238.139.35 - - [21/Mar/2023:06:51:58 +0800] "GET /xingrg/all/function/internal_message.html?_=1679352719170&CODE_STATE=getMsg HTTP/1.1" 200 27
120.253.135.82 - - [21/Mar/2023:06:51:59 +0800] "POST /xingrg/kc/pszx/mdps_list_operate.html HTTP/1.1" 200 627
120.253.135.82 - - [21/Mar/2023:06:52:00 +0800] "GET /xingrg/kc/pszx/mdps_order_info.html?code=312023032100474 HTTP/1.1" 200 23978
120.253.135.82 - - [21/Mar/2023:06:52:00 +0800] "GET /xingrg/javascript/easyui/themes/default/validatebox.css HTTP/1.1" 404 1104
120.253.135.82 - - [21/Mar/2023:06:52:01 +0800] "POST /xingrg/kc/pszx/mdps_order_operate.html HTTP/1.1" 200 20237
120.253.135.82 - - [21/Mar/2023:06:52:14 +0800] "POST /xingrg/kc/pszx/mdps_order_operate.html HTTP/1.1" 200 37
120.253.135.82 - - [21/Mar/2023:06:52:16 +0800] "GET /xingrg/kc/pszx/mdps_order_info.html?code=312023032100474 HTTP/1.1" 200 23978
120.253.135.82 - - [21/Mar/2023:06:52:17 +0800] "GET /xingrg/javascript/easyui/themes/default/validatebox.css HTTP/1.1" 404 1104
120.253.135.82 - - [21/Mar/2023:06:52:17 +0800] "POST /xingrg/kc/pszx/mdps_order_operate.html HTTP/1.1" 200 19741
120.253.135.82 - - [21/Mar/2023:06:52:22 +0800] "POST /xingrg/kc/pszx/mdps_list_operate.html HTTP/1.1" 200 3923
120.253.135.82 - - [21/Mar/2023:06:52:23 +0800] "POST /xingrg/kc/pszx/mdps_list_operate.html HTTP/1.1" 200 607
120.253.135.82 - - [21/Mar/2023:06:52:24 +0800] "GET /xingrg/kc/pszx/mdps_order_info.html?code=312023032100475 HTTP/1.1" 200 23978
120.253.135.82 - - [21/Mar/2023:06:52:25 +0800] "GET /xingrg/javascript/easyui/themes/default/validatebox.css HTTP/1.1" 404 1104
120.253.135.82 - - [21/Mar/2023:06:52:25 +0800] "POST /xingrg/kc/pszx/mdps_order_operate.html HTTP/1.1" 200 6263
120.253.135.82 - - [21/Mar/2023:06:52:27 +0800] "POST /xingrg/all/common/load_combo.html?type=base HTTP/1.1" 200 1169
120.253.135.82 - - [21/Mar/2023:06:52:31 +0800] "POST /xingrg/kc/pszx/mdps_order_operate.html HTTP/1.1" 200 37
116.224.106.218 - - [21/Mar/2023:06:52:31 +0800] "GET /xingrg/all/function/internal_message.html?_=1679352750943&CODE_STATE=getMsg HTTP/1.1" 200 27
120.253.135.82 - - [21/Mar/2023:06:52:32 +0800] "GET /xingrg/kc/pszx/mdps_order_info.html?code=312023032100475 HTTP/1.1" 200 23978
116.238.139.35 - - [21/Mar/2023:06:52:32 +0800] "GET /xingrg/check_reg.html?_=1679352678168 HTTP/1.1" 200 22
120.253.135.82 - - [21/Mar/2023:06:52:33 +0800] "GET /xingrg/javascript/easyui/themes/default/validatebox.css HTTP/1.1" 404 1104
120.253.135.82 - - [21/Mar/2023:06:52:33 +0800] "POST /xingrg/kc/pszx/mdps_order_operate.html HTTP/1.1" 200 6338
180.163.29.212 - - [21/Mar/2023:06:52:40 +0800] "GET /xingrg/all/function/internal_message.html?_=1679352699533&CODE_STATE=getMsg HTTP/1.1" 302 -
61.170.234.120 - - [21/Mar/2023:06:52:40 +0800] "GET /xingrg/all/function/internal_message.html?_=1679352759530&CODE_STATE=getMsg HTTP/1.1" 200 27
180.163.29.212 - - [21/Mar/2023:06:52:40 +0800] "GET /xingrg/login.html HTTP/1.1" 200 7641
120.253.135.82 - - [21/Mar/2023:06:52:41 +0800] "GET /xingrg/all/function/internal_message.html?_=1679352590602&CODE_STATE=getMsg HTTP/1.1" 200 27
116.238.139.35 - - [21/Mar/2023:06:52:48 +0800] "GET /xingrg/all/function/internal_message.html?_=1679352693200&CODE_STATE=getMsg HTTP/1.1" 200 27
120.253.135.82 - - [21/Mar/2023:06:52:49 +0800] "POST /xingrg/kc/pszx/mdps_list_operate.html HTTP/1.1" 200 3923
116.235.240.214 - - [21/Mar/2023:06:52:49 +0800] "GET /xingrg/all/function/internal_message.html?_=1679352774431&CODE_STATE=getMsg HTTP/1.1" 200 27
120.253.135.82 - - [21/Mar/2023:06:52:50 +0800] "POST /xingrg/kc/pszx/mdps_list_operate.html HTTP/1.1" 200 217
120.253.135.82 - - [21/Mar/2023:06:52:51 +0800] "GET /xingrg/kc/pszx/mdps_order_info.html?code=312023032100476 HTTP/1.1" 200 23978
120.253.135.82 - - [21/Mar/2023:06:52:52 +0800] "GET /xingrg/javascript/easyui/themes/default/validatebox.css HTTP/1.1" 404 1104
120.253.135.82 - - [21/Mar/2023:06:52:52 +0800] "POST /xingrg/kc/pszx/mdps_order_operate.html HTTP/1.1" 200 2297
120.253.135.82 - - [21/Mar/2023:06:52:53 +0800] "POST /xingrg/all/common/load_combo.html?type=base HTTP/1.1" 200 1169
116.238.139.35 - - [21/Mar/2023:06:52:58 +0800] "GET /xingrg/all/function/internal_message.html?_=1679352779170&CODE_STATE=getMsg HTTP/1.1" 200 27
120.253.135.82 - - [21/Mar/2023:06:53:00 +0800] "POST /xingrg/kc/pszx/mdps_order_operate.html HTTP/1.1" 200 37
120.253.135.82 - - [21/Mar/2023:06:53:01 +0800] "GET /xingrg/kc/pszx/mdps_order_info.html?code=312023032100476 HTTP/1.1" 200 23976
120.253.135.82 - - [21/Mar/2023:06:53:02 +0800] "GET /xingrg/javascript/easyui/themes/default/validatebox.css HTTP/1.1" 404 1104
120.253.135.82 - - [21/Mar/2023:06:53:03 +0800] "POST /xingrg/kc/pszx/mdps_order_operate.html HTTP/1.1" 200 2306
120.253.135.82 - - [21/Mar/2023:06:53:05 +0800] "POST /xingrg/all/common/load_select.html HTTP/1.1" 200 25
120.253.135.82 - - [21/Mar/2023:06:53:07 +0800] "GET /xingrg/kc/pszx/mdps_order_operate.html?command=get_materiel_price&pszx_code=00101&rest_code=00146&base_code=0010570&code=00101026179&unit_code=00100189&order_time=2023-03-22 HTTP/1.1" 200 35
120.253.135.82 - - [21/Mar/2023:06:53:14 +0800] "POST /xingrg/kc/pszx/mdps_order_operate.html HTTP/1.1" 200 37
120.253.135.82 - - [21/Mar/2023:06:53:15 +0800] "GET /xingrg/kc/pszx/mdps_order_info.html?code=312023032100476 HTTP/1.1" 200 23976
120.253.135.82 - - [21/Mar/2023:06:53:16 +0800] "GET /xingrg/javascript/easyui/themes/default/validatebox.css HTTP/1.1" 404 1104
120.253.135.82 - - [21/Mar/2023:06:53:17 +0800] "POST /xingrg/kc/pszx/mdps_order_operate.html HTTP/1.1" 200 2305
120.253.135.82 - - [21/Mar/2023:06:53:27 +0800] "POST /xingrg/kc/pszx/mdps_list_operate.html HTTP/1.1" 200 3920
120.253.135.82 - - [21/Mar/2023:06:53:29 +0800] "POST /xingrg/kc/pszx/mdps_list_operate.html HTTP/1.1" 200 201
120.253.135.82 - - [21/Mar/2023:06:53:31 +0800] "GET /xingrg/kc/pszx/mdps_order_info.html?code=312023032100477 HTTP/1.1" 200 23978
120.253.135.82 - - [21/Mar/2023:06:53:31 +0800] "GET /xingrg/javascript/easyui/themes/default/validatebox.css HTTP/1.1" 404 1104
116.224.106.218 - - [21/Mar/2023:06:53:31 +0800] "GET /xingrg/all/function/internal_message.html?_=1679352810927&CODE_STATE=getMsg HTTP/1.1" 200 27
120.253.135.82 - - [21/Mar/2023:06:53:31 +0800] "POST /xingrg/kc/pszx/mdps_order_operate.html HTTP/1.1" 200 2268
120.253.135.82 - - [21/Mar/2023:06:53:36 +0800] "POST /xingrg/kc/pszx/mdps_order_operate.html HTTP/1.1" 200 37
120.253.135.82 - - [21/Mar/2023:06:53:37 +0800] "GET /xingrg/kc/pszx/mdps_order_info.html?code=312023032100477 HTTP/1.1" 200 23978
120.253.135.82 - - [21/Mar/2023:06:53:38 +0800] "GET /xingrg/javascript/easyui/themes/default/validatebox.css HTTP/1.1" 404 1104
120.253.135.82 - - [21/Mar/2023:06:53:38 +0800] "POST /xingrg/kc/pszx/mdps_order_operate.html HTTP/1.1" 200 2275
120.253.135.82 - - [21/Mar/2023:06:53:39 +0800] "POST /xingrg/kc/pszx/mdps_list_operate.html HTTP/1.1" 200 3920
61.170.234.120 - - [21/Mar/2023:06:53:40 +0800] "GET /xingrg/all/function/internal_message.html?_=1679352819532&CODE_STATE=getMsg HTTP/1.1" 200 27
180.157.253.110 - - [21/Mar/2023:06:53:40 +0800] "GET /xingrg/check_reg.html?_=1679352821759 HTTP/1.1" 200 22
120.253.135.82 - - [21/Mar/2023:06:53:41 +0800] "POST /xingrg/kc/pszx/mdps_list_operate.html HTTP/1.1" 200 290
120.253.135.82 - - [21/Mar/2023:06:53:41 +0800] "GET /xingrg/all/function/internal_message.html?_=1679352650615&CODE_STATE=getMsg HTTP/1.1" 200 27
120.253.135.82 - - [21/Mar/2023:06:53:42 +0800] "GET /xingrg/kc/pszx/mdps_order_info.html?code=312023032100478 HTTP/1.1" 200 23978
120.253.135.82 - - [21/Mar/2023:06:53:43 +0800] "GET /xingrg/javascript/easyui/themes/default/validatebox.css HTTP/1.1" 404 1104
120.253.135.82 - - [21/Mar/2023:06:53:43 +0800] "POST /xingrg/kc/pszx/mdps_order_operate.html HTTP/1.1" 200 2785
120.253.135.82 - - [21/Mar/2023:06:53:47 +0800] "POST /xingrg/kc/pszx/mdps_order_operate.html HTTP/1.1" 200 37
116.238.139.35 - - [21/Mar/2023:06:53:48 +0800] "GET /xingrg/all/function/internal_message.html?_=1679352753214&CODE_STATE=getMsg HTTP/1.1" 200 27
120.253.135.82 - - [21/Mar/2023:06:53:48 +0800] "GET /xingrg/kc/pszx/mdps_order_info.html?code=312023032100478 HTTP/1.1" 200 23978
116.235.240.214 - - [21/Mar/2023:06:53:49 +0800] "GET /xingrg/check_reg.html?_=1679352834420 HTTP/1.1" 200 22
116.235.240.214 - - [21/Mar/2023:06:53:49 +0800] "GET /xingrg/all/function/internal_message.html?_=1679352834446&CODE_STATE=getMsg HTTP/1.1" 200 27
120.253.135.82 - - [21/Mar/2023:06:53:49 +0800] "GET /xingrg/javascript/easyui/themes/default/validatebox.css HTTP/1.1" 404 1104
120.253.135.82 - - [21/Mar/2023:06:53:50 +0800] "POST /xingrg/kc/pszx/mdps_order_operate.html HTTP/1.1" 200 2799
116.238.139.35 - - [21/Mar/2023:06:53:58 +0800] "GET /xingrg/check_reg.html?_=1679352839172 HTTP/1.1" 200 22
116.238.139.35 - - [21/Mar/2023:06:53:58 +0800] "GET /xingrg/all/function/internal_message.html?_=1679352839176&CODE_STATE=getMsg HTTP/1.1" 200 27
116.225.84.253 - - [21/Mar/2023:06:54:06 +0800] "POST /xingrg/services/DataTransmitService HTTP/1.1" 200 524
120.253.135.82 - - [21/Mar/2023:06:54:09 +0800] "POST /xingrg/kc/pszx/mdps_list_operate.html HTTP/1.1" 200 3920
120.253.135.82 - - [21/Mar/2023:06:54:13 +0800] "POST /xingrg/kc/pszx/mdps_list_operate.html HTTP/1.1" 200 201
120.253.135.82 - - [21/Mar/2023:06:54:14 +0800] "POST /xingrg/kc/pszx/mdps_list_operate.html HTTP/1.1" 200 290
120.253.135.82 - - [21/Mar/2023:06:54:16 +0800] "GET /xingrg/kc/pszx/mdps_order_info.html?code=312023032100478 HTTP/1.1" 200 23978
120.253.135.82 - - [21/Mar/2023:06:54:16 +0800] "GET /xingrg/javascript/easyui/themes/default/validatebox.css HTTP/1.1" 404 1104
120.253.135.82 - - [21/Mar/2023:06:54:16 +0800] "POST /xingrg/kc/pszx/mdps_order_operate.html HTTP/1.1" 200 2799
120.253.135.82 - - [21/Mar/2023:06:54:25 +0800] "GET /xingrg/kc/pszx/mdps_order_operate.html?command=get_materiel&pszx_code=00101&rest_code=00146&base_code=0010246&code=00101030030 HTTP/1.1" 200 438
116.224.106.218 - - [21/Mar/2023:06:54:31 +0800] "GET /xingrg/all/function/internal_message.html?_=1679352870914&CODE_STATE=getMsg HTTP/1.1" 200 27
120.253.135.82 - - [21/Mar/2023:06:54:33 +0800] "POST /xingrg/kc/pszx/mdps_order_operate.html HTTP/1.1" 200 37
120.253.135.82 - - [21/Mar/2023:06:54:34 +0800] "GET /xingrg/kc/pszx/mdps_order_info.html?code=312023032100478 HTTP/1.1" 200 23978
120.253.135.82 - - [21/Mar/2023:06:54:35 +0800] "GET /xingrg/javascript/easyui/themes/default/validatebox.css HTTP/1.1" 404 1104
120.253.135.82 - - [21/Mar/2023:06:54:36 +0800] "POST /xingrg/kc/pszx/mdps_order_operate.html HTTP/1.1" 200 3287
116.235.240.214 - - [21/Mar/2023:06:54:36 +0800] "GET /xingrg/kc/buy/cgsh_order_list.html HTTP/1.1" 200 54185
116.235.240.214 - - [21/Mar/2023:06:54:36 +0800] "GET /xingrg/javascript/jquery_tools/jquery.tools.min.js HTTP/1.1" 304 -
116.235.240.214 - - [21/Mar/2023:06:54:36 +0800] "GET /xingrg/css/base.css HTTP/1.1" 304 -
116.235.240.214 - - [21/Mar/2023:06:54:36 +0800] "GET /xingrg/css/site.css HTTP/1.1" 304 -
116.235.240.214 - - [21/Mar/2023:06:54:36 +0800] "GET /xingrg/javascript/jquery_tools/datebox.css HTTP/1.1" 304 -
116.235.240.214 - - [21/Mar/2023:06:54:36 +0800] "GET /xingrg/javascript/easyui/themes/icon.css HTTP/1.1" 304 -
116.235.240.214 - - [21/Mar/2023:06:54:36 +0800] "GET /xingrg/javascript/easyui/themes/default/easyui.css HTTP/1.1" 304 -
116.235.240.214 - - [21/Mar/2023:06:54:36 +0800] "GET /xingrg/javascript/jquery_tools/jquery.tools.extend.js HTTP/1.1" 304 -
116.235.240.214 - - [21/Mar/2023:06:54:36 +0800] "GET /xingrg/javascript/jquery_tools/fix.css HTTP/1.1" 304 -
116.235.240.214 - - [21/Mar/2023:06:54:36 +0800] "GET /xingrg/javascript/auto/jquery.autocomplete.css HTTP/1.1" 304 -
116.235.240.214 - - [21/Mar/2023:06:54:36 +0800] "GET /xingrg/javascript/auto/jquery.autocomplete.js HTTP/1.1" 304 -
116.235.240.214 - - [21/Mar/2023:06:54:36 +0800] "GET /xingrg/javascript/jquery_tools/jquery.tools.table.js HTTP/1.1" 304 -
116.235.240.214 - - [21/Mar/2023:06:54:36 +0800] "GET /xingrg/javascript/jquery_tools/table.css HTTP/1.1" 304 -
116.235.240.214 - - [21/Mar/2023:06:54:36 +0800] "GET /xingrg/javascript/jquery_tools/jquery.tools.hotkey.js HTTP/1.1" 304 -
116.235.240.214 - - [21/Mar/2023:06:54:36 +0800] "GET /xingrg/javascript/jquery.utils.js HTTP/1.1" 304 -
116.235.240.214 - - [21/Mar/2023:06:54:36 +0800] "GET /xingrg/javascript/jquery_tools/list_manager.js HTTP/1.1" 304 -
116.235.240.214 - - [21/Mar/2023:06:54:36 +0800] "GET /xingrg/javascript/easyui/easyloader.js HTTP/1.1" 304 -
116.235.240.214 - - [21/Mar/2023:06:54:36 +0800] "GET /xingrg/javascript/jquery.cookie.js HTTP/1.1" 304 -
116.235.240.214 - - [21/Mar/2023:06:54:36 +0800] "GET /xingrg/javascript/print/LodopFuncs.js HTTP/1.1" 304 -
116.235.240.214 - - [21/Mar/2023:06:54:36 +0800] "GET /xingrg/javascript/easyui/plugins/jquery.parser.js HTTP/1.1" 304 -
120.253.135.82 - - [21/Mar/2023:06:54:38 +0800] "POST /xingrg/kc/pszx/mdps_list_operate.html HTTP/1.1" 200 3920
120.253.135.82 - - [21/Mar/2023:06:54:39 +0800] "POST /xingrg/kc/pszx/mdps_list_operate.html HTTP/1.1" 200 201
61.170.234.120 - - [21/Mar/2023:06:54:40 +0800] "GET /xingrg/check_reg.html?_=1679352879537 HTTP/1.1" 200 22
61.170.234.120 - - [21/Mar/2023:06:54:40 +0800] "GET /xingrg/all/function/internal_message.html?_=1679352879541&CODE_STATE=getMsg HTTP/1.1" 200 27
120.253.135.82 - - [21/Mar/2023:06:54:41 +0800] "GET /xingrg/kc/pszx/mdps_order_info.html?code=312023032100477 HTTP/1.1" 200 23978
120.253.135.82 - - [21/Mar/2023:06:54:41 +0800] "GET /xingrg/all/function/internal_message.html?_=1679352710737&CODE_STATE=getMsg HTTP/1.1" 200 27
120.253.135.82 - - [21/Mar/2023:06:54:41 +0800] "GET /xingrg/javascript/easyui/themes/default/validatebox.css HTTP/1.1" 404 1104
120.253.135.82 - - [21/Mar/2023:06:54:42 +0800] "POST /xingrg/kc/pszx/mdps_order_operate.html HTTP/1.1" 200 2275
120.253.135.82 - - [21/Mar/2023:06:54:46 +0800] "POST /xingrg/kc/pszx/mdps_order_operate.html HTTP/1.1" 200 12
120.253.135.82 - - [21/Mar/2023:06:54:47 +0800] "POST /xingrg/kc/pszx/mdps_list_operate.html HTTP/1.1" 200 3550
116.238.139.35 - - [21/Mar/2023:06:54:48 +0800] "GET /xingrg/all/function/internal_message.html?_=1679352813245&CODE_STATE=getMsg HTTP/1.1" 200 27
120.253.135.82 - - [21/Mar/2023:06:54:49 +0800] "POST /xingrg/kc/pszx/mdps_list_operate.html HTTP/1.1" 200 371
116.235.240.214 - - [21/Mar/2023:06:54:49 +0800] "GET /xingrg/all/function/internal_message.html?_=1679352895001&CODE_STATE=getMsg HTTP/1.1" 200 27
120.253.135.82 - - [21/Mar/2023:06:54:51 +0800] "POST /xingrg/kc/pszx/mdps_list_operate.html HTTP/1.1" 200 217
120.253.135.82 - - [21/Mar/2023:06:54:53 +0800] "POST /xingrg/kc/pszx/mdps_list_operate.html HTTP/1.1" 200 202
120.253.135.82 - - [21/Mar/2023:06:54:56 +0800] "POST /xingrg/kc/pszx/mdps_list_operate.html HTTP/1.1" 200 205
116.238.139.35 - - [21/Mar/2023:06:54:58 +0800] "GET /xingrg/all/function/internal_message.html?_=1679352899177&CODE_STATE=getMsg HTTP/1.1" 200 27
116.235.240.214 - - [21/Mar/2023:06:55:07 +0800] "POST /xingrg/kc/buy/cgsh_list_operate.html HTTP/1.1" 200 6003
175.42.36.8 - - [21/Mar/2023:06:55:18 +0800] "GET /favicon.ico HTTP/1.1" 404 -
116.224.106.218 - - [21/Mar/2023:06:55:31 +0800] "GET /xingrg/all/function/internal_message.html?_=1679352930899&CODE_STATE=getMsg HTTP/1.1" 200 27
120.253.135.82 - - [21/Mar/2023:06:55:39 +0800] "GET /xingrg/check_reg.html?_=1679352768542 HTTP/1.1" 200 22
180.163.29.103 - - [21/Mar/2023:06:55:40 +0800] "GET /xingrg/all/function/internal_message.html?_=1679352879541&CODE_STATE=getMsg HTTP/1.1" 302 -
61.170.234.120 - - [21/Mar/2023:06:55:40 +0800] "GET /xingrg/all/function/internal_message.html?_=1679352939527&CODE_STATE=getMsg HTTP/1.1" 200 27
180.163.29.103 - - [21/Mar/2023:06:55:40 +0800] "GET /xingrg/login.html HTTP/1.1" 200 7641
120.253.135.82 - - [21/Mar/2023:06:55:41 +0800] "GET /xingrg/all/function/internal_message.html?_=1679352770752&CODE_STATE=getMsg HTTP/1.1" 200 27
116.238.139.35 - - [21/Mar/2023:06:55:48 +0800] "GET /xingrg/all/function/internal_message.html?_=1679352873256&CODE_STATE=getMsg HTTP/1.1" 200 27
116.235.240.214 - - [21/Mar/2023:06:55:49 +0800] "GET /xingrg/all/function/internal_message.html?_=1679352955003&CODE_STATE=getMsg HTTP/1.1" 200 27
116.238.139.35 - - [21/Mar/2023:06:55:58 +0800] "GET /xingrg/all/function/internal_message.html?_=1679352959177&CODE_STATE=getMsg HTTP/1.1" 200 27
116.235.240.214 - - [21/Mar/2023:06:56:28 +0800] "POST /xingrg/kc/buy/cgsh_list_operate.html HTTP/1.1" 200 573
116.224.106.218 - - [21/Mar/2023:06:56:31 +0800] "GET /xingrg/all/function/internal_message.html?_=1679352990884&CODE_STATE=getMsg HTTP/1.1" 200 27
116.235.240.214 - - [21/Mar/2023:06:56:31 +0800] "POST /xingrg/kc/buy/cgsh_list_operate.html HTTP/1.1" 200 563
120.253.135.82 - - [21/Mar/2023:06:56:34 +0800] "POST /xingrg/kc/pszx/mdps_list_operate.html HTTP/1.1" 200 627
120.253.135.82 - - [21/Mar/2023:06:56:35 +0800] "POST /xingrg/kc/pszx/mdps_list_operate.html HTTP/1.1" 200 607
116.235.240.214 - - [21/Mar/2023:06:56:37 +0800] "POST /xingrg/kc/buy/cgsh_list_operate.html HTTP/1.1" 200 496
61.170.234.120 - - [21/Mar/2023:06:56:40 +0800] "GET /xingrg/all/function/internal_message.html?_=1679352999533&CODE_STATE=getMsg HTTP/1.1" 200 27
116.235.240.214 - - [21/Mar/2023:06:56:40 +0800] "POST /xingrg/kc/buy/cgsh_list_operate.html HTTP/1.1" 200 353
120.253.135.82 - - [21/Mar/2023:06:56:41 +0800] "GET /xingrg/all/function/internal_message.html?_=1679352830764&CODE_STATE=getMsg HTTP/1.1" 200 27
116.235.240.214 - - [21/Mar/2023:06:56:43 +0800] "POST /xingrg/kc/buy/cgsh_list_operate.html HTTP/1.1" 200 350
116.235.240.214 - - [21/Mar/2023:06:56:47 +0800] "POST /xingrg/kc/buy/cgsh_list_operate.html HTTP/1.1" 200 581
116.238.139.35 - - [21/Mar/2023:06:56:48 +0800] "GET /xingrg/all/function/internal_message.html?_=1679352933288&CODE_STATE=getMsg HTTP/1.1" 200 27
116.224.106.218 - - [21/Mar/2023:06:56:48 +0800] "GET /xingrg/check_reg.html?_=1679353007972 HTTP/1.1" 200 22
116.235.240.214 - - [21/Mar/2023:06:56:49 +0800] "GET /xingrg/all/function/internal_message.html?_=1679353015016&CODE_STATE=getMsg HTTP/1.1" 200 27
116.235.240.214 - - [21/Mar/2023:06:56:51 +0800] "POST /xingrg/kc/buy/cgsh_list_operate.html HTTP/1.1" 200 488
116.238.139.35 - - [21/Mar/2023:06:56:58 +0800] "GET /xingrg/all/function/internal_message.html?_=1679353019169&CODE_STATE=getMsg HTTP/1.1" 200 27
116.224.106.218 - - [21/Mar/2023:06:57:31 +0800] "GET /xingrg/all/function/internal_message.html?_=1679353050859&CODE_STATE=getMsg HTTP/1.1" 200 27
116.238.139.35 - - [21/Mar/2023:06:57:32 +0800] "GET /xingrg/check_reg.html?_=1679352978167 HTTP/1.1" 200 22
61.170.234.120 - - [21/Mar/2023:06:57:40 +0800] "GET /xingrg/all/function/internal_message.html?_=1679353059533&CODE_STATE=getMsg HTTP/1.1" 200 27
180.163.29.206 - - [21/Mar/2023:06:57:40 +0800] "GET /xingrg/all/function/internal_message.html?_=1679352999533&CODE_STATE=getMsg HTTP/1.1" 302 -
180.163.29.206 - - [21/Mar/2023:06:57:40 +0800] "GET /xingrg/login.html HTTP/1.1" 200 7641
120.253.135.82 - - [21/Mar/2023:06:57:41 +0800] "GET /xingrg/all/function/internal_message.html?_=1679352891027&CODE_STATE=getMsg HTTP/1.1" 200 27
116.238.139.35 - - [21/Mar/2023:06:57:48 +0800] "GET /xingrg/all/function/internal_message.html?_=1679352993300&CODE_STATE=getMsg HTTP/1.1" 200 27
116.235.240.214 - - [21/Mar/2023:06:57:50 +0800] "GET /xingrg/all/function/internal_message.html?_=1679353075324&CODE_STATE=getMsg HTTP/1.1" 200 27
116.235.240.214 - - [21/Mar/2023:06:57:57 +0800] "POST /xingrg/kc/buy/cgsh_list_operate.html HTTP/1.1" 200 4
116.238.139.35 - - [21/Mar/2023:06:57:58 +0800] "GET /xingrg/all/function/internal_message.html?_=1679353079170&CODE_STATE=getMsg HTTP/1.1" 200 27
116.235.240.214 - - [21/Mar/2023:06:58:18 +0800] "POST /xingrg/kc/buy/cgsh_list_operate.html HTTP/1.1" 200 5969
116.224.106.218 - - [21/Mar/2023:06:58:31 +0800] "GET /xingrg/all/function/internal_message.html?_=1679353110842&CODE_STATE=getMsg HTTP/1.1" 200 27
61.170.234.120 - - [21/Mar/2023:06:58:40 +0800] "GET /xingrg/all/function/internal_message.html?_=1679353119537&CODE_STATE=getMsg HTTP/1.1" 200 27
180.157.253.110 - - [21/Mar/2023:06:58:40 +0800] "GET /xingrg/check_reg.html?_=1679353121744 HTTP/1.1" 200 22
120.253.135.82 - - [21/Mar/2023:06:58:41 +0800] "GET /xingrg/all/function/internal_message.html?_=1679352951041&CODE_STATE=getMsg HTTP/1.1" 200 27
116.238.139.35 - - [21/Mar/2023:06:58:48 +0800] "GET /xingrg/all/function/internal_message.html?_=1679353053312&CODE_STATE=getMsg HTTP/1.1" 200 27
116.235.240.214 - - [21/Mar/2023:06:58:49 +0800] "GET /xingrg/check_reg.html?_=1679353134423 HTTP/1.1" 200 22
116.235.240.214 - - [21/Mar/2023:06:58:50 +0800] "GET /xingrg/all/function/internal_message.html?_=1679353135588&CODE_STATE=getMsg HTTP/1.1" 200 27
116.238.139.35 - - [21/Mar/2023:06:58:58 +0800] "GET /xingrg/all/function/internal_message.html?_=1679353139171&CODE_STATE=getMsg HTTP/1.1" 200 27
116.238.139.35 - - [21/Mar/2023:06:58:58 +0800] "GET /xingrg/check_reg.html?_=1679353139174 HTTP/1.1" 200 22
116.235.240.214 - - [21/Mar/2023:06:59:28 +0800] "POST /xingrg/kc/buy/cgsh_list_operate.html HTTP/1.1" 200 4
116.224.106.218 - - [21/Mar/2023:06:59:31 +0800] "GET /xingrg/all/function/internal_message.html?_=1679353170829&CODE_STATE=getMsg HTTP/1.1" 200 27
120.253.135.82 - - [21/Mar/2023:06:59:32 +0800] "GET /xingrg/kc/report/report_main.html HTTP/1.1" 200 8599
120.253.135.82 - - [21/Mar/2023:06:59:32 +0800] "GET /xingrg/javascript/jquery_ui/themes/humanity/humanity.css HTTP/1.1" 304 -
120.253.135.82 - - [21/Mar/2023:06:59:34 +0800] "GET /xingrg/kc/base/kc_stocks.html HTTP/1.1" 200 16506
120.253.135.82 - - [21/Mar/2023:06:59:34 +0800] "GET /xingrg/javascript/easyui/themes/sunny/easyui.css HTTP/1.1" 304 -
120.253.135.82 - - [21/Mar/2023:06:59:34 +0800] "GET /xingrg/javascript/easyui/themes/icons/print_new.png HTTP/1.1" 304 -
120.253.135.82 - - [21/Mar/2023:06:59:34 +0800] "GET /xingrg/javascript/easyui/themes/icons/refresh_new.png HTTP/1.1" 304 -
120.253.135.82 - - [21/Mar/2023:06:59:34 +0800] "GET /xingrg/javascript/easyui/themes/icons/filter_new.png HTTP/1.1" 304 -
120.253.135.82 - - [21/Mar/2023:06:59:34 +0800] "GET /xingrg/javascript/easyui/plugins/jquery.draggable.js HTTP/1.1" 304 -
120.253.135.82 - - [21/Mar/2023:06:59:34 +0800] "GET /xingrg/javascript/easyui/plugins/jquery.droppable.js HTTP/1.1" 304 -
120.253.135.82 - - [21/Mar/2023:06:59:34 +0800] "GET /xingrg/javascript/easyui/themes/default/tree.css HTTP/1.1" 404 1090
120.253.135.82 - - [21/Mar/2023:06:59:34 +0800] "GET /xingrg/javascript/easyui/plugins/jquery.tree.js HTTP/1.1" 304 -
120.253.135.82 - - [21/Mar/2023:06:59:34 +0800] "POST /xingrg/all/common/load_tree.html?tree=materiel_sort_tree_json HTTP/1.1" 200 9500
120.253.135.82 - - [21/Mar/2023:06:59:34 +0800] "GET /xingrg/javascript/easyui/themes/sunny/images/tree_arrows.gif HTTP/1.1" 304 -
120.253.135.82 - - [21/Mar/2023:06:59:34 +0800] "GET /xingrg/javascript/easyui/themes/sunny/images/tree_folder_open.gif HTTP/1.1" 304 -
120.253.135.82 - - [21/Mar/2023:06:59:34 +0800] "GET /xingrg/javascript/easyui/themes/sunny/images/tree_folder.gif HTTP/1.1" 304 -
120.253.135.82 - - [21/Mar/2023:06:59:34 +0800] "GET /xingrg/javascript/easyui/themes/sunny/images/tree_file.gif HTTP/1.1" 304 -
120.253.135.82 - - [21/Mar/2023:06:59:35 +0800] "POST /xingrg/all/common/load_combo.html?type=base HTTP/1.1" 200 1169
180.163.28.143 - - [21/Mar/2023:06:59:40 +0800] "GET /xingrg/all/function/internal_message.html?_=1679353119537&CODE_STATE=getMsg HTTP/1.1" 302 -
61.170.234.120 - - [21/Mar/2023:06:59:40 +0800] "GET /xingrg/check_reg.html?_=1679353179545 HTTP/1.1" 200 22
61.170.234.120 - - [21/Mar/2023:06:59:40 +0800] "GET /xingrg/all/function/internal_message.html?_=1679353179541&CODE_STATE=getMsg HTTP/1.1" 200 27
180.163.28.143 - - [21/Mar/2023:06:59:40 +0800] "GET /xingrg/login.html HTTP/1.1" 200 7641
120.253.135.82 - - [21/Mar/2023:06:59:41 +0800] "GET /xingrg/all/function/internal_message.html?_=1679353011057&CODE_STATE=getMsg HTTP/1.1" 200 27
120.253.135.82 - - [21/Mar/2023:06:59:46 +0800] "POST /xingrg/kc/base/stock_operate.html HTTP/1.1" 200 1732
120.253.135.82 - - [21/Mar/2023:06:59:46 +0800] "GET /xingrg/javascript/jquery_tools/fix_table.js HTTP/1.1" 304 -
116.238.139.35 - - [21/Mar/2023:06:59:48 +0800] "GET /xingrg/all/function/internal_message.html?_=1679353113345&CODE_STATE=getMsg HTTP/1.1" 200 27
116.238.139.35 - - [21/Mar/2023:06:59:58 +0800] "GET /xingrg/all/function/internal_message.html?_=1679353199174&CODE_STATE=getMsg HTTP/1.1" 200 27
222.67.232.202 - - [21/Mar/2023:07:00:00 +0800] "POST /xingrg/services/DataTransmitService HTTP/1.1" 200 524
116.224.106.218 - - [21/Mar/2023:07:00:31 +0800] "GET /xingrg/all/function/internal_message.html?_=1679353230817&CODE_STATE=getMsg HTTP/1.1" 200 27
120.253.135.82 - - [21/Mar/2023:07:00:39 +0800] "GET /xingrg/check_reg.html?_=1679353068544 HTTP/1.1" 200 22
120.253.135.82 - - [21/Mar/2023:07:00:41 +0800] "GET /xingrg/all/function/internal_message.html?_=1679353071069&CODE_STATE=getMsg HTTP/1.1" 200 27
116.238.139.35 - - [21/Mar/2023:07:00:48 +0800] "GET /xingrg/all/function/internal_message.html?_=1679353173355&CODE_STATE=getMsg HTTP/1.1" 200 27
116.235.240.214 - - [21/Mar/2023:07:00:49 +0800] "POST /xingrg/kc/buy/cgsh_list_operate.html HTTP/1.1" 200 2298
116.235.240.214 - - [21/Mar/2023:07:00:50 +0800] "GET /xingrg/all/function/internal_message.html?_=1679353255616&CODE_STATE=getMsg HTTP/1.1" 200 27
116.237.76.6 - - [21/Mar/2023:07:00:52 +0800] "GET /xingrg/all/function/internal_message.html?_=1679353239533&CODE_STATE=getMsg HTTP/1.1" 200 27
120.253.135.82 - - [21/Mar/2023:07:00:56 +0800] "POST /xingrg/kc/base/stock_operate.html HTTP/1.1" 200 1480
116.238.139.35 - - [21/Mar/2023:07:00:58 +0800] "GET /xingrg/all/function/internal_message.html?_=1679353259177&CODE_STATE=getMsg HTTP/1.1" 200 27
116.235.240.214 - - [21/Mar/2023:07:01:06 +0800] "POST /xingrg/kc/buy/cgsh_list_operate.html HTTP/1.1" 200 4
116.235.240.214 - - [21/Mar/2023:07:01:21 +0800] "POST /xingrg/kc/buy/cgsh_list_operate.html HTTP/1.1" 200 986
116.224.106.218 - - [21/Mar/2023:07:01:31 +0800] "GET /xingrg/all/function/internal_message.html?_=1679353290803&CODE_STATE=getMsg HTTP/1.1" 200 27
120.253.135.82 - - [21/Mar/2023:07:01:33 +0800] "POST /xingrg/kc/base/stock_operate.html HTTP/1.1" 200 1483
116.237.76.6 - - [21/Mar/2023:07:01:40 +0800] "GET /xingrg/all/function/internal_message.html?_=1679353299536&CODE_STATE=getMsg HTTP/1.1" 200 27
120.253.135.82 - - [21/Mar/2023:07:01:41 +0800] "GET /xingrg/all/function/internal_message.html?_=1679353131083&CODE_STATE=getMsg HTTP/1.1" 200 27
116.238.139.35 - - [21/Mar/2023:07:01:48 +0800] "GET /xingrg/all/function/internal_message.html?_=1679353233389&CODE_STATE=getMsg HTTP/1.1" 200 27
116.224.106.218 - - [21/Mar/2023:07:01:48 +0800] "GET /xingrg/check_reg.html?_=1679353307965 HTTP/1.1" 200 22
116.235.240.214 - - [21/Mar/2023:07:01:50 +0800] "GET /xingrg/all/function/internal_message.html?_=1679353315630&CODE_STATE=getMsg HTTP/1.1" 200 27
116.238.139.35 - - [21/Mar/2023:07:01:58 +0800] "GET /xingrg/all/function/internal_message.html?_=1679353319177&CODE_STATE=getMsg HTTP/1.1" 200 27
120.253.135.82 - - [21/Mar/2023:07:02:12 +0800] "POST /xingrg/kc/base/stock_operate.html HTTP/1.1" 200 1468
116.224.106.218 - - [21/Mar/2023:07:02:31 +0800] "GET /xingrg/all/function/internal_message.html?_=1679353350775&CODE_STATE=getMsg HTTP/1.1" 200 27
116.238.139.35 - - [21/Mar/2023:07:02:33 +0800] "GET /xingrg/check_reg.html?_=1679353278181 HTTP/1.1" 200 22
180.163.30.85 - - [21/Mar/2023:07:02:40 +0800] "GET /xingrg/all/function/internal_message.html?_=1679353299536&CODE_STATE=getMsg HTTP/1.1" 302 -
180.163.30.85 - - [21/Mar/2023:07:02:40 +0800] "GET /xingrg/login.html HTTP/1.1" 200 7641
116.237.76.6 - - [21/Mar/2023:07:02:40 +0800] "GET /xingrg/all/function/internal_message.html?_=1679353359531&CODE_STATE=getMsg HTTP/1.1" 200 27
120.253.135.82 - - [21/Mar/2023:07:02:41 +0800] "GET /xingrg/all/function/internal_message.html?_=1679353191096&CODE_STATE=getMsg HTTP/1.1" 200 27
116.238.139.35 - - [21/Mar/2023:07:02:48 +0800] "GET /xingrg/all/function/internal_message.html?_=1679353293399&CODE_STATE=getMsg HTTP/1.1" 200 27
116.235.240.214 - - [21/Mar/2023:07:02:50 +0800] "GET /xingrg/all/function/internal_message.html?_=1679353375643&CODE_STATE=getMsg HTTP/1.1" 200 27
116.238.139.35 - - [21/Mar/2023:07:02:58 +0800] "GET /xingrg/all/function/internal_message.html?_=1679353379179&CODE_STATE=getMsg HTTP/1.1" 200 27
116.224.106.218 - - [21/Mar/2023:07:03:31 +0800] "GET /xingrg/all/function/internal_message.html?_=1679353410760&CODE_STATE=getMsg HTTP/1.1" 200 27
116.237.76.6 - - [21/Mar/2023:07:03:40 +0800] "GET /xingrg/all/function/internal_message.html?_=1679353419537&CODE_STATE=getMsg HTTP/1.1" 200 27
180.163.29.219 - - [21/Mar/2023:07:03:40 +0800] "GET /xingrg/all/function/internal_message.html?_=1679353359531&CODE_STATE=getMsg HTTP/1.1" 302 -
180.163.29.219 - - [21/Mar/2023:07:03:40 +0800] "GET /xingrg/login.html HTTP/1.1" 200 7641
180.157.253.110 - - [21/Mar/2023:07:03:40 +0800] "GET /xingrg/check_reg.html?_=1679353421721 HTTP/1.1" 200 22
120.253.135.82 - - [21/Mar/2023:07:03:41 +0800] "GET /xingrg/all/function/internal_message.html?_=1679353251109&CODE_STATE=getMsg HTTP/1.1" 200 27
116.238.139.35 - - [21/Mar/2023:07:03:48 +0800] "GET /xingrg/all/function/internal_message.html?_=1679353353413&CODE_STATE=getMsg HTTP/1.1" 200 27
116.235.240.214 - - [21/Mar/2023:07:03:49 +0800] "GET /xingrg/check_reg.html?_=1679353434751 HTTP/1.1" 200 22
116.235.240.214 - - [21/Mar/2023:07:03:50 +0800] "GET /xingrg/all/function/internal_message.html?_=1679353435657&CODE_STATE=getMsg HTTP/1.1" 200 27
116.238.139.35 - - [21/Mar/2023:07:03:58 +0800] "GET /xingrg/check_reg.html?_=1679353439180 HTTP/1.1" 200 22
116.238.139.35 - - [21/Mar/2023:07:03:58 +0800] "GET /xingrg/all/function/internal_message.html?_=1679353439184&CODE_STATE=getMsg HTTP/1.1" 200 27
116.224.106.218 - - [21/Mar/2023:07:04:31 +0800] "GET /xingrg/all/function/internal_message.html?_=1679353470745&CODE_STATE=getMsg HTTP/1.1" 200 27
116.237.76.6 - - [21/Mar/2023:07:04:40 +0800] "GET /xingrg/all/function/internal_message.html?_=1679353479542&CODE_STATE=getMsg HTTP/1.1" 200 27
116.237.76.6 - - [21/Mar/2023:07:04:40 +0800] "GET /xingrg/check_reg.html?_=1679353479545 HTTP/1.1" 200 22
120.253.135.82 - - [21/Mar/2023:07:04:42 +0800] "GET /xingrg/all/function/internal_message.html?_=1679353311397&CODE_STATE=getMsg HTTP/1.1" 200 27
116.238.139.35 - - [21/Mar/2023:07:04:48 +0800] "GET /xingrg/all/function/internal_message.html?_=1679353413445&CODE_STATE=getMsg HTTP/1.1" 200 27
116.235.240.214 - - [21/Mar/2023:07:04:50 +0800] "GET /xingrg/all/function/internal_message.html?_=1679353495671&CODE_STATE=getMsg HTTP/1.1" 200 27
116.238.139.35 - - [21/Mar/2023:07:04:58 +0800] "GET /xingrg/all/function/internal_message.html?_=1679353499187&CODE_STATE=getMsg HTTP/1.1" 200 27
116.224.106.218 - - [21/Mar/2023:07:05:31 +0800] "GET /xingrg/all/function/internal_message.html?_=1679353530730&CODE_STATE=getMsg HTTP/1.1" 200 27
120.253.135.82 - - [21/Mar/2023:07:05:39 +0800] "GET /xingrg/check_reg.html?_=1679353368548 HTTP/1.1" 200 22
120.253.135.82 - - [21/Mar/2023:07:05:39 +0800] "POST /xingrg/kc/base/stock_operate.html HTTP/1.1" 200 1755
180.163.29.212 - - [21/Mar/2023:07:05:40 +0800] "GET /xingrg/check_reg.html?_=1679353479545 HTTP/1.1" 302 -
116.237.76.6 - - [21/Mar/2023:07:05:40 +0800] "GET /xingrg/all/function/internal_message.html?_=1679353539547&CODE_STATE=getMsg HTTP/1.1" 200 27
180.163.29.212 - - [21/Mar/2023:07:05:41 +0800] "GET /xingrg/login.html HTTP/1.1" 200 7641
120.253.135.82 - - [21/Mar/2023:07:05:42 +0800] "GET /xingrg/all/function/internal_message.html?_=1679353371402&CODE_STATE=getMsg HTTP/1.1" 200 27
116.238.139.35 - - [21/Mar/2023:07:05:48 +0800] "GET /xingrg/all/function/internal_message.html?_=1679353473454&CODE_STATE=getMsg HTTP/1.1" 200 27
116.235.240.214 - - [21/Mar/2023:07:05:50 +0800] "GET /xingrg/all/function/internal_message.html?_=1679353555686&CODE_STATE=getMsg HTTP/1.1" 200 27
116.238.139.35 - - [21/Mar/2023:07:05:58 +0800] "GET /xingrg/all/function/internal_message.html?_=1679353559187&CODE_STATE=getMsg HTTP/1.1" 200 27
116.224.106.218 - - [21/Mar/2023:07:06:31 +0800] "GET /xingrg/all/function/internal_message.html?_=1679353590718&CODE_STATE=getMsg HTTP/1.1" 200 27
116.237.76.6 - - [21/Mar/2023:07:06:40 +0800] "GET /xingrg/all/function/internal_message.html?_=1679353599539&CODE_STATE=getMsg HTTP/1.1" 200 27
120.253.135.82 - - [21/Mar/2023:07:06:42 +0800] "GET /xingrg/all/function/internal_message.html?_=1679353431416&CODE_STATE=getMsg HTTP/1.1" 200 27
116.238.139.35 - - [21/Mar/2023:07:06:48 +0800] "GET /xingrg/all/function/internal_message.html?_=1679353533488&CODE_STATE=getMsg HTTP/1.1" 200 27
