116.192.124.172 - - [21/Mar/2023:11:07:15 +0800] "GET /xingrg/kc/buy/cgsh_order_operate.html?command=get_materiel&rest_code=00102&code=00101008024&supplier_code=00100008&order_time=2023-03-21 HTTP/1.1" 200 408
116.225.84.253 - - [21/Mar/2023:11:07:21 +0800] "GET /xingrg/all/function/internal_message.html?_=1679368042294&CODE_STATE=getMsg HTTP/1.1" 200 27
116.238.139.35 - - [21/Mar/2023:11:07:23 +0800] "GET /xingrg/all/function/internal_message.html?_=1679367968833&CODE_STATE=getMsg HTTP/1.1" 200 27
116.225.84.253 - - [21/Mar/2023:11:07:24 +0800] "GET /xingrg/kc/buy/cgsh_order_operate.html?command=get_materiel&rest_code=00105&code=00101006109&supplier_code=00100012&order_time=2023-03-21 HTTP/1.1" 200 428
180.157.253.110 - - [21/Mar/2023:11:07:24 +0800] "POST /xingrg/kc/buy/cgsh_order_operate.html HTTP/1.1" 200 37
180.157.253.110 - - [21/Mar/2023:11:07:25 +0800] "POST /xingrg/kc/buy/cgsh_order_operate.html HTTP/1.1" 200 18624
116.192.124.172 - - [21/Mar/2023:11:07:26 +0800] "GET /xingrg/kc/buy/cgsh_order_operate.html?command=get_materiel&rest_code=00102&code=00101008161&supplier_code=00100008&order_time=2023-03-21 HTTP/1.1" 200 409
116.224.106.218 - - [21/Mar/2023:11:07:27 +0800] "GET /xingrg/all/function/internal_message.html?_=1679368046507&CODE_STATE=getMsg HTTP/1.1" 200 27
116.228.172.94 - - [21/Mar/2023:11:07:27 +0800] "GET /xingrg/all/function/internal_message.html?_=1679368043068&CODE_STATE=getMsg HTTP/1.1" 200 27
116.235.240.214 - - [21/Mar/2023:11:07:28 +0800] "GET /xingrg/all/function/internal_message.html?_=1679368053886&CODE_STATE=getMsg HTTP/1.1" 200 27
116.225.84.253 - - [21/Mar/2023:11:07:30 +0800] "POST /xingrg/kc/base/wldb_order_operate.html HTTP/1.1" 200 37
116.225.84.253 - - [21/Mar/2023:11:07:30 +0800] "POST /xingrg/kc/base/wldb_order_operate.html HTTP/1.1" 200 4723
116.225.84.253 - - [21/Mar/2023:11:07:32 +0800] "GET /xingrg/kc/base/wldb_order_info.html?code=422023032101746 HTTP/1.1" 200 30396
116.225.84.253 - - [21/Mar/2023:11:07:32 +0800] "GET /xingrg/javascript/easyui/themes/default/validatebox.css HTTP/1.1" 404 1104
116.225.84.253 - - [21/Mar/2023:11:07:33 +0800] "POST /xingrg/kc/base/wldb_order_operate.html HTTP/1.1" 200 4723
116.192.124.172 - - [21/Mar/2023:11:07:33 +0800] "GET /xingrg/kc/buy/cgsh_order_operate.html?command=get_materiel&rest_code=00102&code=00101008230&supplier_code=00100008&order_time=2023-03-21 HTTP/1.1" 200 408
116.225.84.253 - - [21/Mar/2023:11:07:33 +0800] "GET /xingrg/kc/buy/cgsh_order_operate.html?command=get_materiel&rest_code=00105&code=00101010248&supplier_code=00100012&order_time=2023-03-21 HTTP/1.1" 200 430
124.79.72.155 - - [21/Mar/2023:11:07:36 +0800] "GET /xingrg/all/function/internal_message.html?_=1679368059036&CODE_STATE=getMsg HTTP/1.1" 200 27
124.79.72.155 - - [21/Mar/2023:11:07:36 +0800] "GET /xingrg/check_reg.html?_=1679368059040 HTTP/1.1" 200 22
116.225.84.253 - - [21/Mar/2023:11:07:36 +0800] "POST /xingrg/all/common/load_select.html HTTP/1.1" 200 25
222.67.232.202 - - [21/Mar/2023:11:07:37 +0800] "GET /xingrg/all/function/internal_message.html?_=1679367604874&CODE_STATE=getMsg HTTP/1.1" 200 27
114.83.222.182 - - [21/Mar/2023:11:07:37 +0800] "GET /xingrg/all/function/internal_message.html?_=1679368128231&CODE_STATE=getMsg HTTP/1.1" 200 27
114.83.222.182 - - [21/Mar/2023:11:07:37 +0800] "GET /xingrg/check_reg.html?_=1679368128374 HTTP/1.1" 200 22
116.225.84.253 - - [21/Mar/2023:11:07:41 +0800] "GET /xingrg/all/function/internal_message.html?_=1679367904636&CODE_STATE=getMsg HTTP/1.1" 200 27
116.225.84.253 - - [21/Mar/2023:11:07:41 +0800] "GET /xingrg/kc/buy/cgsh_order_operate.html?command=get_materiel_price&rest_code=00105&code=00101010248&unit_code=00100043&supplier_code=00100012&order_time=2023-03-21 HTTP/1.1" 200 29
58.40.7.146 - - [21/Mar/2023:11:07:41 +0800] "GET /xingrg/all/function/internal_message.html?_=1679368061596&CODE_STATE=getMsg HTTP/1.1" 200 27
58.40.7.146 - - [21/Mar/2023:11:07:41 +0800] "GET /xingrg/check_reg.html?_=1679368061598 HTTP/1.1" 200 22
116.192.124.172 - - [21/Mar/2023:11:07:42 +0800] "GET /xingrg/kc/buy/cgsh_order_operate.html?command=get_materiel&rest_code=00102&code=00101008286&supplier_code=00100008&order_time=2023-03-21 HTTP/1.1" 200 408
116.237.76.6 - - [21/Mar/2023:11:07:44 +0800] "GET /xingrg/all/function/internal_message.html?_=1679368063616&CODE_STATE=getMsg HTTP/1.1" 200 27
120.253.135.82 - - [21/Mar/2023:11:07:46 +0800] "GET /xingrg/all/function/internal_message.html?_=1679367895574&CODE_STATE=getMsg HTTP/1.1" 200 27
58.40.7.146 - - [21/Mar/2023:11:07:47 +0800] "GET /xingrg/all/report/report_query.html?fileName=kc/make/wlps_rest_hz.xml HTTP/1.1" 200 51639
58.40.7.146 - - [21/Mar/2023:11:07:48 +0800] "GET /xingrg/dwr/interface/AjaxReportQueryService.js HTTP/1.1" 200 13203
58.40.7.146 - - [21/Mar/2023:11:07:48 +0800] "GET /xingrg/dwr/engine.js HTTP/1.1" 200 43631
58.40.7.146 - - [21/Mar/2023:11:07:48 +0800] "POST /xingrg/dwr/call/plaincall/AjaxReportQueryService.getFixDate.dwr HTTP/1.1" 200 111
58.40.7.146 - - [21/Mar/2023:11:07:48 +0800] "POST /xingrg/dwr/call/plaincall/AjaxReportQueryService.getInitString.dwr HTTP/1.1" 200 1323
58.40.7.146 - - [21/Mar/2023:11:07:48 +0800] "POST /xingrg/dwr/call/plaincall/AjaxReportQueryService.getInitString.dwr HTTP/1.1" 200 76
58.40.7.146 - - [21/Mar/2023:11:07:48 +0800] "POST /xingrg/all/common/load_tree.html?tree=materiel_sort_tree_json HTTP/1.1" 200 9500
116.192.124.172 - - [21/Mar/2023:11:07:49 +0800] "GET /xingrg/kc/buy/cgsh_order_operate.html?command=get_materiel&rest_code=00102&code=00101008036&supplier_code=00100008&order_time=2023-03-21 HTTP/1.1" 200 408
180.164.3.199 - - [21/Mar/2023:11:07:49 +0800] "GET /xingrg/all/function/internal_message.html?_=1679368069767&CODE_STATE=getMsg HTTP/1.1" 200 27
116.225.84.253 - - [21/Mar/2023:11:07:51 +0800] "GET /xingrg/kc/buy/cgsh_order_operate.html?command=get_materiel&rest_code=00105&code=00101006177&supplier_code=00100012&order_time=2023-03-21 HTTP/1.1" 200 408
180.169.147.146 - - [21/Mar/2023:11:07:52 +0800] "GET /xingrg/all/function/internal_message.html?_=1679368072668&CODE_STATE=getMsg HTTP/1.1" 200 27
116.238.139.35 - - [21/Mar/2023:11:07:53 +0800] "GET /xingrg/all/function/internal_message.html?_=1679368074694&CODE_STATE=getMsg HTTP/1.1" 200 27
222.70.182.154 - - [21/Mar/2023:11:07:55 +0800] "GET /xingrg/all/function/internal_message.html?_=1679368073240&CODE_STATE=getMsg HTTP/1.1" 200 27
116.192.124.172 - - [21/Mar/2023:11:07:57 +0800] "GET /xingrg/kc/buy/cgsh_order_operate.html?command=get_materiel&rest_code=00102&code=00101008131&supplier_code=00100008&order_time=2023-03-21 HTTP/1.1" 200 408
222.69.129.178 - - [21/Mar/2023:11:07:59 +0800] "GET /xingrg/all/function/internal_message.html?_=1679368077826&CODE_STATE=getMsg HTTP/1.1" 200 27
116.225.84.253 - - [21/Mar/2023:11:08:02 +0800] "GET /xingrg/kc/buy/cgsh_order_operate.html?command=get_materiel&rest_code=00105&code=00101010847&supplier_code=00100012&order_time=2023-03-21 HTTP/1.1" 200 410
101.229.22.234 - - [21/Mar/2023:11:08:04 +0800] "GET /xingrg/all/function/internal_message.html?_=1679368084808&CODE_STATE=getMsg HTTP/1.1" 200 27
116.192.124.172 - - [21/Mar/2023:11:08:06 +0800] "GET /xingrg/kc/buy/cgsh_order_operate.html?command=get_materiel&rest_code=00102&code=00101008005&supplier_code=00100008&order_time=2023-03-21 HTTP/1.1" 200 412
180.169.147.146 - - [21/Mar/2023:11:08:07 +0800] "GET /xingrg/all/function/internal_message.html?_=1679368083825&CODE_STATE=getMsg HTTP/1.1" 200 27
180.169.147.146 - - [21/Mar/2023:11:08:07 +0800] "GET /xingrg/check_reg.html?_=1679368083829 HTTP/1.1" 200 22
58.40.7.146 - - [21/Mar/2023:11:08:09 +0800] "POST /xingrg/all/user/operate.html HTTP/1.1" 200 36
58.40.7.146 - - [21/Mar/2023:11:08:09 +0800] "GET /xingrg/index.html?sysBaseUrl=http%3A%2F%2F180.169.147.146%3A18081%2Fxingrg%2F&costTime=820×tamp=1679366869812 HTTP/1.1" 200 17179
58.40.7.146 - - [21/Mar/2023:11:08:09 +0800] "GET /xingrg/javascript/jquery_easy_ui/themes/default/easyui.css HTTP/1.1" 304 -
58.40.7.146 - - [21/Mar/2023:11:08:09 +0800] "GET /xingrg/javascript/jquery_easy_ui/themes/icon.css HTTP/1.1" 304 -
116.192.124.172 - - [21/Mar/2023:11:08:09 +0800] "GET /xingrg/all/function/internal_message.html?_=1679368097489&CODE_STATE=getMsg HTTP/1.1" 200 27
58.40.7.146 - - [21/Mar/2023:11:08:09 +0800] "GET /xingrg/css/form.css HTTP/1.1" 304 -
58.40.7.146 - - [21/Mar/2023:11:08:09 +0800] "GET /xingrg/javascript/jquery-1.4.2.min.js HTTP/1.1" 304 -
58.40.7.146 - - [21/Mar/2023:11:08:09 +0800] "GET /xingrg/javascript/jquery_easy_ui/jquery.easyui.min.js HTTP/1.1" 304 -
58.40.7.146 - - [21/Mar/2023:11:08:09 +0800] "GET /xingrg/javascript/jquery_easy_ui/easyui-lang-zh_CN.js HTTP/1.1" 304 -
58.40.7.146 - - [21/Mar/2023:11:08:09 +0800] "GET /xingrg/javascript/jquery.form.js HTTP/1.1" 304 -
58.40.7.146 - - [21/Mar/2023:11:08:09 +0800] "GET /xingrg/javascript/jquery.utils.js HTTP/1.1" 304 -
58.40.7.146 - - [21/Mar/2023:11:08:09 +0800] "GET /xingrg/javascript/jquery.timers.js HTTP/1.1" 304 -
58.40.7.146 - - [21/Mar/2023:11:08:09 +0800] "GET /xingrg/images/blue/jxLogo.png HTTP/1.1" 304 -
58.40.7.146 - - [21/Mar/2023:11:08:09 +0800] "GET /xingrg/all/function/internal_message.html?_=1679368089903&CODE_STATE=count HTTP/1.1" 200 11
58.40.7.146 - - [21/Mar/2023:11:08:09 +0800] "GET /xingrg/check_reg.html?_=1679368089904 HTTP/1.1" 200 22
58.40.7.146 - - [21/Mar/2023:11:08:09 +0800] "GET /xingrg/images/blue/pingpu.png HTTP/1.1" 304 -
58.40.7.146 - - [21/Mar/2023:11:08:09 +0800] "GET /xingrg/javascript/jquery_easy_ui/themes/icons/settle_new.png HTTP/1.1" 304 -
58.40.7.146 - - [21/Mar/2023:11:08:09 +0800] "GET /xingrg/javascript/jquery_easy_ui/themes/default/images/tabs_leftarrow.png HTTP/1.1" 304 -
58.40.7.146 - - [21/Mar/2023:11:08:09 +0800] "GET /xingrg/javascript/jquery_easy_ui/themes/default/images/tabs_rightarrow.png HTTP/1.1" 304 -
58.40.7.146 - - [21/Mar/2023:11:08:09 +0800] "GET /xingrg/javascript/jquery_easy_ui/themes/default/images/panel_tool_collapse.gif HTTP/1.1" 304 -
58.40.7.146 - - [21/Mar/2023:11:08:09 +0800] "GET /xingrg/images/blue/navBackgound.jpg HTTP/1.1" 304 -
58.40.7.146 - - [21/Mar/2023:11:08:10 +0800] "POST /xingrg/all/common/load_tree.html?tree=area_rest_tree_json&manage=1 HTTP/1.1" 200 3499
58.40.7.146 - - [21/Mar/2023:11:08:10 +0800] "POST /xingrg/load_menu.html HTTP/1.1" 200 5138
58.40.7.146 - - [21/Mar/2023:11:08:14 +0800] "GET /xingrg/kc/report/report_main.html HTTP/1.1" 200 7340
222.70.221.209 - - [21/Mar/2023:11:08:15 +0800] "GET /xingrg/all/function/internal_message.html?_=1679368205349&CODE_STATE=getMsg HTTP/1.1" 200 27
116.192.124.172 - - [21/Mar/2023:11:08:15 +0800] "GET /xingrg/kc/buy/cgsh_order_operate.html?command=get_materiel&rest_code=00102&code=00101008353&supplier_code=00100008&order_time=2023-03-21 HTTP/1.1" 200 408
116.225.84.253 - - [21/Mar/2023:11:08:16 +0800] "GET /xingrg/kc/buy/cgsh_order_operate.html?command=get_materiel&rest_code=00105&code=00101006307&supplier_code=00100012&order_time=2023-03-21 HTTP/1.1" 200 410
222.70.221.209 - - [21/Mar/2023:11:08:18 +0800] "GET /xingrg/check_reg.html?_=1679368208268 HTTP/1.1" 200 22
116.225.84.253 - - [21/Mar/2023:11:08:21 +0800] "GET /xingrg/all/function/internal_message.html?_=1679368102276&CODE_STATE=getMsg HTTP/1.1" 200 27
58.40.7.146 - - [21/Mar/2023:11:08:21 +0800] "GET /xingrg/all/report/report_query.html?fileName=kc/mdqp/qp_report_mdps_hz_report.xml HTTP/1.1" 200 51570
58.40.7.146 - - [21/Mar/2023:11:08:22 +0800] "GET /xingrg/dwr/interface/AjaxReportQueryService.js HTTP/1.1" 200 13203
58.40.7.146 - - [21/Mar/2023:11:08:22 +0800] "GET /xingrg/dwr/engine.js HTTP/1.1" 200 43631
58.40.7.146 - - [21/Mar/2023:11:08:22 +0800] "POST /xingrg/dwr/call/plaincall/AjaxReportQueryService.getFixDate.dwr HTTP/1.1" 200 111
58.40.7.146 - - [21/Mar/2023:11:08:22 +0800] "POST /xingrg/dwr/call/plaincall/AjaxReportQueryService.getInitString.dwr HTTP/1.1" 200 106
58.40.7.146 - - [21/Mar/2023:11:08:22 +0800] "POST /xingrg/dwr/call/plaincall/AjaxReportQueryService.getInitString.dwr HTTP/1.1" 200 125
116.238.139.35 - - [21/Mar/2023:11:08:23 +0800] "GET /xingrg/all/function/internal_message.html?_=1679368028854&CODE_STATE=getMsg HTTP/1.1" 200 27
116.224.106.218 - - [21/Mar/2023:11:08:27 +0800] "GET /xingrg/all/function/internal_message.html?_=1679368106494&CODE_STATE=getMsg HTTP/1.1" 200 27
116.228.172.94 - - [21/Mar/2023:11:08:27 +0800] "GET /xingrg/all/function/internal_message.html?_=1679368103060&CODE_STATE=getMsg HTTP/1.1" 200 27
116.225.84.253 - - [21/Mar/2023:11:08:27 +0800] "GET /xingrg/kc/buy/cgsh_order_operate.html?command=get_materiel&rest_code=00105&code=00101006193&supplier_code=00100012&order_time=2023-03-21 HTTP/1.1" 200 409
116.235.240.214 - - [21/Mar/2023:11:08:28 +0800] "GET /xingrg/all/function/internal_message.html?_=1679368114441&CODE_STATE=getMsg HTTP/1.1" 200 27
120.253.135.82 - - [21/Mar/2023:11:08:29 +0800] "GET /xingrg/check_reg.html?_=1679367938823 HTTP/1.1" 200 22
116.225.84.253 - - [21/Mar/2023:11:08:34 +0800] "POST /xingrg/kc/buy/cgsh_order_operate.html HTTP/1.1" 200 37
116.192.124.172 - - [21/Mar/2023:11:08:34 +0800] "GET /xingrg/kc/buy/cgsh_order_operate.html?command=get_materiel&rest_code=00102&code=00101008042&supplier_code=00100008&order_time=2023-03-21 HTTP/1.1" 200 416
124.79.72.155 - - [21/Mar/2023:11:08:36 +0800] "GET /xingrg/all/function/internal_message.html?_=1679368119039&CODE_STATE=getMsg HTTP/1.1" 200 27
222.67.232.202 - - [21/Mar/2023:11:08:37 +0800] "GET /xingrg/all/function/internal_message.html?_=1679367664846&CODE_STATE=getMsg HTTP/1.1" 200 27
114.83.222.182 - - [21/Mar/2023:11:08:37 +0800] "GET /xingrg/all/function/internal_message.html?_=1679368188208&CODE_STATE=getMsg HTTP/1.1" 200 27
180.157.253.110 - - [21/Mar/2023:11:08:40 +0800] "GET /xingrg/check_reg.html?_=1679368121027 HTTP/1.1" 200 22
116.225.84.253 - - [21/Mar/2023:11:08:41 +0800] "GET /xingrg/all/function/internal_message.html?_=1679367964643&CODE_STATE=getMsg HTTP/1.1" 200 27
116.225.84.253 - - [21/Mar/2023:11:08:41 +0800] "GET /xingrg/check_reg.html?_=1679367964646 HTTP/1.1" 200 22
116.192.124.172 - - [21/Mar/2023:11:08:42 +0800] "GET /xingrg/kc/buy/cgsh_order_operate.html?command=get_materiel&rest_code=00102&code=00101013222&supplier_code=00100008&order_time=2023-03-21 HTTP/1.1" 200 409
180.163.30.27 - - [21/Mar/2023:11:08:44 +0800] "GET /xingrg/all/function/internal_message.html?_=1679368063616&CODE_STATE=getMsg HTTP/1.1" 302 -
180.163.30.27 - - [21/Mar/2023:11:08:44 +0800] "GET /xingrg/login.html HTTP/1.1" 200 7641
116.237.76.6 - - [21/Mar/2023:11:08:44 +0800] "GET /xingrg/all/function/internal_message.html?_=1679368123603&CODE_STATE=getMsg HTTP/1.1" 200 27
120.253.135.82 - - [21/Mar/2023:11:08:46 +0800] "GET /xingrg/all/function/internal_message.html?_=1679367955576&CODE_STATE=getMsg HTTP/1.1" 200 27
180.164.3.199 - - [21/Mar/2023:11:08:49 +0800] "GET /xingrg/all/function/internal_message.html?_=1679368129749&CODE_STATE=getMsg HTTP/1.1" 200 27
58.40.7.146 - - [21/Mar/2023:11:08:50 +0800] "POST /xingrg/dwr/call/plaincall/AjaxReportQueryService.refreshCache.dwr HTTP/1.1" 200 78
58.40.7.146 - - [21/Mar/2023:11:08:51 +0800] "POST /xingrg/all/report/load_report_page.html HTTP/1.1" 200 73428
58.40.7.146 - - [21/Mar/2023:11:08:51 +0800] "GET /xingrg/servlets/image?cache=0.5340320910619485&image=px HTTP/1.1" 200 807
180.169.147.146 - - [21/Mar/2023:11:08:52 +0800] "GET /xingrg/all/function/internal_message.html?_=1679368132685&CODE_STATE=getMsg HTTP/1.1" 200 27
116.238.139.35 - - [21/Mar/2023:11:08:53 +0800] "GET /xingrg/all/function/internal_message.html?_=1679368134696&CODE_STATE=getMsg HTTP/1.1" 200 27
222.70.182.154 - - [21/Mar/2023:11:08:55 +0800] "GET /xingrg/all/function/internal_message.html?_=1679368133225&CODE_STATE=getMsg HTTP/1.1" 200 27
222.70.182.154 - - [21/Mar/2023:11:08:56 +0800] "GET /xingrg/check_reg.html?_=1679368134118 HTTP/1.1" 200 22
124.79.72.155 - - [21/Mar/2023:11:08:57 +0800] "GET /xingrg/kc/buy/buy_main.html HTTP/1.1" 200 12412
124.79.72.155 - - [21/Mar/2023:11:08:57 +0800] "GET /xingrg/css/new_ie.css HTTP/1.1" 404 1036
124.79.72.155 - - [21/Mar/2023:11:08:58 +0800] "GET /xingrg/images/yd/bt.gif HTTP/1.1" 404 1040
222.69.129.178 - - [21/Mar/2023:11:08:59 +0800] "GET /xingrg/all/function/internal_message.html?_=1679368137837&CODE_STATE=getMsg HTTP/1.1" 200 27
124.79.72.155 - - [21/Mar/2023:11:08:59 +0800] "GET /xingrg/kc/buy/cgsh_order_list.html HTTP/1.1" 200 54185
116.192.124.172 - - [21/Mar/2023:11:09:01 +0800] "GET /xingrg/kc/buy/cgsh_order_operate.html?command=get_materiel&rest_code=00102&code=00101008096&supplier_code=00100008&order_time=2023-03-21 HTTP/1.1" 200 412
124.79.72.155 - - [21/Mar/2023:11:09:01 +0800] "POST /xingrg/kc/buy/cgsh_list_operate.html HTTP/1.1" 200 986
101.229.22.234 - - [21/Mar/2023:11:09:04 +0800] "GET /xingrg/all/function/internal_message.html?_=1679368144809&CODE_STATE=getMsg HTTP/1.1" 200 27
124.79.72.155 - - [21/Mar/2023:11:09:05 +0800] "GET /xingrg/kc/buy/cgsh_order_add.html HTTP/1.1" 200 70040
124.79.72.155 - - [21/Mar/2023:11:09:05 +0800] "GET /xingrg/words/20230320111603_words.js HTTP/1.1" 200 956011
124.79.72.155 - - [21/Mar/2023:11:09:05 +0800] "POST /xingrg/kc/buy/cgsh_order_operate.html HTTP/1.1" 200 8245
124.79.72.155 - - [21/Mar/2023:11:09:05 +0800] "GET /xingrg/javascript/easyui/themes/default/validatebox.css HTTP/1.1" 404 1104
124.79.72.155 - - [21/Mar/2023:11:09:05 +0800] "GET /xingrg/all/common/auto_word.html?type=employee&rest_code=00156 HTTP/1.1" 200 97
124.79.72.155 - - [21/Mar/2023:11:09:05 +0800] "GET /xingrg/all/common/auto_word.html?type=employee&rest_code=00156 HTTP/1.1" 200 97
222.69.129.178 - - [21/Mar/2023:11:09:06 +0800] "GET /xingrg/kc/buy/cgsh_order_operate.html?command=get_materiel&rest_code=00149&code=00102010104&supplier_code=00100151&order_time=2023-03-21 HTTP/1.1" 200 408
180.169.147.146 - - [21/Mar/2023:11:09:07 +0800] "GET /xingrg/all/function/internal_message.html?_=1679368143829&CODE_STATE=getMsg HTTP/1.1" 200 27
116.192.124.172 - - [21/Mar/2023:11:09:09 +0800] "GET /xingrg/kc/buy/cgsh_order_operate.html?command=get_materiel&rest_code=00102&code=00101008223&supplier_code=00100008&order_time=2023-03-21 HTTP/1.1" 200 431
116.235.240.214 - - [21/Mar/2023:11:09:09 +0800] "GET /xingrg/check_reg.html?_=1679368155288 HTTP/1.1" 200 22
116.192.124.172 - - [21/Mar/2023:11:09:09 +0800] "GET /xingrg/all/function/internal_message.html?_=1679368157506&CODE_STATE=getMsg HTTP/1.1" 200 27
58.40.7.146 - - [21/Mar/2023:11:09:09 +0800] "GET /xingrg/all/function/internal_message.html?_=1679368149932&CODE_STATE=getMsg HTTP/1.1" 200 27
222.70.221.209 - - [21/Mar/2023:11:09:15 +0800] "GET /xingrg/all/function/internal_message.html?_=1679368265348&CODE_STATE=getMsg HTTP/1.1" 200 27
222.69.129.178 - - [21/Mar/2023:11:09:16 +0800] "GET /xingrg/kc/buy/cgsh_order_operate.html?command=get_materiel&rest_code=00149&code=00102010219&supplier_code=00100151&order_time=2023-03-21 HTTP/1.1" 200 409
116.238.139.35 - - [21/Mar/2023:11:09:23 +0800] "GET /xingrg/all/function/internal_message.html?_=1679368088860&CODE_STATE=getMsg HTTP/1.1" 200 27
116.224.106.218 - - [21/Mar/2023:11:09:27 +0800] "GET /xingrg/all/function/internal_message.html?_=1679368166480&CODE_STATE=getMsg HTTP/1.1" 200 27
116.228.172.94 - - [21/Mar/2023:11:09:27 +0800] "GET /xingrg/all/function/internal_message.html?_=1679368163056&CODE_STATE=getMsg HTTP/1.1" 200 27
116.228.172.94 - - [21/Mar/2023:11:09:27 +0800] "GET /xingrg/check_reg.html?_=1679368163060 HTTP/1.1" 200 22
116.235.240.214 - - [21/Mar/2023:11:09:28 +0800] "GET /xingrg/all/function/internal_message.html?_=1679368174446&CODE_STATE=getMsg HTTP/1.1" 200 27
116.192.124.172 - - [21/Mar/2023:11:09:31 +0800] "POST /xingrg/kc/buy/cgsh_order_operate.html HTTP/1.1" 200 2065
222.69.129.178 - - [21/Mar/2023:11:09:31 +0800] "GET /xingrg/kc/buy/cgsh_order_operate.html?command=get_materiel&rest_code=00149&code=00102016167&supplier_code=00100151&order_time=2023-03-21 HTTP/1.1" 200 419
116.192.124.172 - - [21/Mar/2023:11:09:35 +0800] "GET /xingrg/kc/buy/cgsh_order_operate.html?command=get_materiel&rest_code=00102&code=00101015046&supplier_code=00100008&order_time=2023-03-21 HTTP/1.1" 200 412
124.79.72.155 - - [21/Mar/2023:11:09:36 +0800] "GET /xingrg/all/function/internal_message.html?_=1679368179062&CODE_STATE=getMsg HTTP/1.1" 200 27
222.67.232.202 - - [21/Mar/2023:11:09:37 +0800] "GET /xingrg/all/function/internal_message.html?_=1679367724850&CODE_STATE=getMsg HTTP/1.1" 200 27
114.83.222.182 - - [21/Mar/2023:11:09:37 +0800] "GET /xingrg/all/function/internal_message.html?_=1679368248177&CODE_STATE=getMsg HTTP/1.1" 200 27
116.237.76.6 - - [21/Mar/2023:11:09:40 +0800] "GET /xingrg/check_reg.html?_=1679368179365 HTTP/1.1" 200 22
116.225.84.253 - - [21/Mar/2023:11:09:41 +0800] "GET /xingrg/all/function/internal_message.html?_=1679368024641&CODE_STATE=getMsg HTTP/1.1" 200 27
116.192.124.172 - - [21/Mar/2023:11:09:44 +0800] "GET /xingrg/kc/buy/cgsh_order_operate.html?command=get_materiel&rest_code=00102&code=00101010033&supplier_code=00100008&order_time=2023-03-21 HTTP/1.1" 200 417
116.237.76.6 - - [21/Mar/2023:11:09:44 +0800] "GET /xingrg/all/function/internal_message.html?_=1679368183580&CODE_STATE=getMsg HTTP/1.1" 200 27
120.253.135.82 - - [21/Mar/2023:11:09:46 +0800] "GET /xingrg/all/function/internal_message.html?_=1679368015591&CODE_STATE=getMsg HTTP/1.1" 200 27
222.69.129.178 - - [21/Mar/2023:11:09:48 +0800] "GET /xingrg/kc/buy/cgsh_order_operate.html?command=get_materiel&rest_code=00149&code=00102012036&supplier_code=00100151&order_time=2023-03-21 HTTP/1.1" 200 409
180.164.3.199 - - [21/Mar/2023:11:09:49 +0800] "GET /xingrg/all/function/internal_message.html?_=1679368189731&CODE_STATE=getMsg HTTP/1.1" 200 27
180.169.147.146 - - [21/Mar/2023:11:09:52 +0800] "GET /xingrg/all/function/internal_message.html?_=1679368192684&CODE_STATE=getMsg HTTP/1.1" 200 27
116.238.139.35 - - [21/Mar/2023:11:09:53 +0800] "GET /xingrg/all/function/internal_message.html?_=1679368194695&CODE_STATE=getMsg HTTP/1.1" 200 27
222.70.182.154 - - [21/Mar/2023:11:09:55 +0800] "GET /xingrg/all/function/internal_message.html?_=1679368193196&CODE_STATE=getMsg HTTP/1.1" 200 27
222.69.129.178 - - [21/Mar/2023:11:09:57 +0800] "GET /xingrg/kc/buy/cgsh_order_operate.html?command=get_materiel&rest_code=00149&code=00101015047&supplier_code=00100151&order_time=2023-03-21 HTTP/1.1" 200 408
222.69.129.178 - - [21/Mar/2023:11:09:59 +0800] "GET /xingrg/check_reg.html?_=1679368197831 HTTP/1.1" 200 22
222.69.129.178 - - [21/Mar/2023:11:09:59 +0800] "GET /xingrg/all/function/internal_message.html?_=1679368197831&CODE_STATE=getMsg HTTP/1.1" 200 27
116.192.124.172 - - [21/Mar/2023:11:10:03 +0800] "GET /xingrg/kc/buy/cgsh_order_operate.html?command=get_materiel&rest_code=00102&code=00101015147&supplier_code=00100008&order_time=2023-03-21 HTTP/1.1" 200 410
101.229.22.234 - - [21/Mar/2023:11:10:04 +0800] "GET /xingrg/all/function/internal_message.html?_=1679368204813&CODE_STATE=getMsg HTTP/1.1" 200 27
101.229.22.234 - - [21/Mar/2023:11:10:04 +0800] "GET /xingrg/check_reg.html?_=1679368204811 HTTP/1.1" 200 22
222.69.129.178 - - [21/Mar/2023:11:10:06 +0800] "GET /xingrg/kc/buy/cgsh_order_operate.html?command=get_materiel&rest_code=00149&code=00102002407&supplier_code=00100151&order_time=2023-03-21 HTTP/1.1" 200 408
180.169.147.146 - - [21/Mar/2023:11:10:07 +0800] "GET /xingrg/all/function/internal_message.html?_=1679368203828&CODE_STATE=getMsg HTTP/1.1" 200 27
116.192.124.172 - - [21/Mar/2023:11:10:09 +0800] "GET /xingrg/check_reg.html?_=1679368217498 HTTP/1.1" 200 22
116.192.124.172 - - [21/Mar/2023:11:10:09 +0800] "GET /xingrg/all/function/internal_message.html?_=1679368217502&CODE_STATE=getMsg HTTP/1.1" 200 27
58.40.7.146 - - [21/Mar/2023:11:10:09 +0800] "GET /xingrg/all/function/internal_message.html?_=1679368209922&CODE_STATE=getMsg HTTP/1.1" 200 27
222.70.221.209 - - [21/Mar/2023:11:10:15 +0800] "GET /xingrg/all/function/internal_message.html?_=1679368325331&CODE_STATE=getMsg HTTP/1.1" 200 27
116.238.139.35 - - [21/Mar/2023:11:10:23 +0800] "GET /xingrg/check_reg.html?_=1679368148278 HTTP/1.1" 200 22
116.238.139.35 - - [21/Mar/2023:11:10:23 +0800] "GET /xingrg/all/function/internal_message.html?_=1679368148875&CODE_STATE=getMsg HTTP/1.1" 200 27
116.224.106.218 - - [21/Mar/2023:11:10:27 +0800] "GET /xingrg/all/function/internal_message.html?_=1679368226466&CODE_STATE=getMsg HTTP/1.1" 200 27
116.228.172.94 - - [21/Mar/2023:11:10:27 +0800] "GET /xingrg/all/function/internal_message.html?_=1679368223075&CODE_STATE=getMsg HTTP/1.1" 200 27
222.64.62.25 - - [21/Mar/2023:11:10:29 +0800] "POST /xingrg/services/DataTransmitService HTTP/1.1" 200 524
116.235.240.214 - - [21/Mar/2023:11:10:29 +0800] "GET /xingrg/all/function/internal_message.html?_=1679368234459&CODE_STATE=getMsg HTTP/1.1" 200 27
222.64.62.25 - - [21/Mar/2023:11:10:30 +0800] "POST /xingrg/services/DataTransmitService HTTP/1.1" 200 412
124.79.72.155 - - [21/Mar/2023:11:10:36 +0800] "GET /xingrg/all/function/internal_message.html?_=1679368239067&CODE_STATE=getMsg HTTP/1.1" 200 27
222.67.232.202 - - [21/Mar/2023:11:10:37 +0800] "GET /xingrg/all/function/internal_message.html?_=1679367784828&CODE_STATE=getMsg HTTP/1.1" 200 27
114.83.222.182 - - [21/Mar/2023:11:10:37 +0800] "GET /xingrg/all/function/internal_message.html?_=1679368308164&CODE_STATE=getMsg HTTP/1.1" 200 27
222.67.232.202 - - [21/Mar/2023:11:10:39 +0800] "GET /xingrg/check_reg.html?_=1679367786592 HTTP/1.1" 200 22
116.225.84.253 - - [21/Mar/2023:11:10:41 +0800] "GET /xingrg/all/function/internal_message.html?_=1679368084640&CODE_STATE=getMsg HTTP/1.1" 200 27
116.237.76.6 - - [21/Mar/2023:11:10:44 +0800] "GET /xingrg/all/function/internal_message.html?_=1679368243565&CODE_STATE=getMsg HTTP/1.1" 200 27
120.253.135.82 - - [21/Mar/2023:11:10:46 +0800] "GET /xingrg/all/function/internal_message.html?_=1679368075684&CODE_STATE=getMsg HTTP/1.1" 200 27
180.164.3.199 - - [21/Mar/2023:11:10:49 +0800] "GET /xingrg/all/function/internal_message.html?_=1679368249711&CODE_STATE=getMsg HTTP/1.1" 200 27
180.164.3.199 - - [21/Mar/2023:11:10:50 +0800] "GET /xingrg/check_reg.html?_=1679368249991 HTTP/1.1" 200 22
180.169.147.146 - - [21/Mar/2023:11:10:52 +0800] "GET /xingrg/check_reg.html?_=1679368252668 HTTP/1.1" 200 22
180.169.147.146 - - [21/Mar/2023:11:10:53 +0800] "GET /xingrg/all/function/internal_message.html?_=1679368252675&CODE_STATE=getMsg HTTP/1.1" 200 27
116.238.139.35 - - [21/Mar/2023:11:10:53 +0800] "GET /xingrg/check_reg.html?_=1679368254696 HTTP/1.1" 200 22
116.238.139.35 - - [21/Mar/2023:11:10:53 +0800] "GET /xingrg/all/function/internal_message.html?_=1679368254700&CODE_STATE=getMsg HTTP/1.1" 200 27
222.70.182.154 - - [21/Mar/2023:11:10:55 +0800] "GET /xingrg/all/function/internal_message.html?_=1679368253166&CODE_STATE=getMsg HTTP/1.1" 200 27
222.69.129.178 - - [21/Mar/2023:11:10:59 +0800] "GET /xingrg/all/function/internal_message.html?_=1679368257854&CODE_STATE=getMsg HTTP/1.1" 200 27
101.229.22.234 - - [21/Mar/2023:11:11:04 +0800] "GET /xingrg/all/function/internal_message.html?_=1679368264812&CODE_STATE=getMsg HTTP/1.1" 200 27
180.169.147.146 - - [21/Mar/2023:11:11:07 +0800] "GET /xingrg/all/function/internal_message.html?_=1679368263854&CODE_STATE=getMsg HTTP/1.1" 200 27
116.192.124.172 - - [21/Mar/2023:11:11:09 +0800] "GET /xingrg/all/function/internal_message.html?_=1679368277491&CODE_STATE=getMsg HTTP/1.1" 200 27
58.40.7.146 - - [21/Mar/2023:11:11:09 +0800] "GET /xingrg/all/function/internal_message.html?_=1679368269930&CODE_STATE=getMsg HTTP/1.1" 200 27
222.69.129.178 - - [21/Mar/2023:11:11:15 +0800] "POST /xingrg/kc/buy/cgsh_order_operate.html HTTP/1.1" 200 37
222.70.221.209 - - [21/Mar/2023:11:11:15 +0800] "GET /xingrg/all/function/internal_message.html?_=1679368385315&CODE_STATE=getMsg HTTP/1.1" 200 27
116.238.139.35 - - [21/Mar/2023:11:11:23 +0800] "GET /xingrg/all/function/internal_message.html?_=1679368208888&CODE_STATE=getMsg HTTP/1.1" 200 27
116.224.106.218 - - [21/Mar/2023:11:11:27 +0800] "GET /xingrg/all/function/internal_message.html?_=1679368286451&CODE_STATE=getMsg HTTP/1.1" 200 27
222.69.129.178 - - [21/Mar/2023:11:11:27 +0800] "POST /xingrg/kc/buy/cgsh_order_operate.html HTTP/1.1" 200 12
116.228.172.94 - - [21/Mar/2023:11:11:27 +0800] "GET /xingrg/all/function/internal_message.html?_=1679368283068&CODE_STATE=getMsg HTTP/1.1" 200 27
116.235.240.214 - - [21/Mar/2023:11:11:29 +0800] "GET /xingrg/all/function/internal_message.html?_=1679368295205&CODE_STATE=getMsg HTTP/1.1" 200 27
222.69.129.178 - - [21/Mar/2023:11:11:31 +0800] "GET /xingrg/kc/buy/cgsh_order_info.html?code=212023032107803 HTTP/1.1" 200 64941
222.69.129.178 - - [21/Mar/2023:11:11:31 +0800] "GET /xingrg/words/20230320111603_words.js HTTP/1.1" 304 -
222.69.129.178 - - [21/Mar/2023:11:11:31 +0800] "GET /xingrg/javascript/easyui/themes/default/validatebox.css HTTP/1.1" 404 1104
222.69.129.178 - - [21/Mar/2023:11:11:32 +0800] "POST /xingrg/kc/buy/cgsh_order_operate.html HTTP/1.1" 200 3566
124.79.72.155 - - [21/Mar/2023:11:11:36 +0800] "GET /xingrg/all/function/internal_message.html?_=1679368299053&CODE_STATE=getMsg HTTP/1.1" 200 27
222.69.129.178 - - [21/Mar/2023:11:11:36 +0800] "GET /xingrg/kc/print/load_data.html?order_code=212023032107803&kc_code=cgsh&condition= HTTP/1.1" 200 1811
222.67.232.202 - - [21/Mar/2023:11:11:37 +0800] "GET /xingrg/all/function/internal_message.html?_=1679367844804&CODE_STATE=getMsg HTTP/1.1" 200 27
114.83.222.182 - - [21/Mar/2023:11:11:37 +0800] "GET /xingrg/all/function/internal_message.html?_=1679368368160&CODE_STATE=getMsg HTTP/1.1" 200 27
180.157.253.110 - - [21/Mar/2023:11:11:38 +0800] "GET /favicon.ico HTTP/1.1" 404 -
116.225.84.253 - - [21/Mar/2023:11:11:41 +0800] "GET /xingrg/all/function/internal_message.html?_=1679368144640&CODE_STATE=getMsg HTTP/1.1" 200 27
116.237.76.6 - - [21/Mar/2023:11:11:44 +0800] "GET /xingrg/all/function/internal_message.html?_=1679368303549&CODE_STATE=getMsg HTTP/1.1" 200 27
120.253.135.82 - - [21/Mar/2023:11:11:46 +0800] "GET /xingrg/all/function/internal_message.html?_=1679368135696&CODE_STATE=getMsg HTTP/1.1" 200 27
116.224.106.218 - - [21/Mar/2023:11:11:48 +0800] "GET /xingrg/check_reg.html?_=1679368308169 HTTP/1.1" 200 22
180.164.3.199 - - [21/Mar/2023:11:11:49 +0800] "GET /xingrg/all/function/internal_message.html?_=1679368309693&CODE_STATE=getMsg HTTP/1.1" 200 27
180.169.147.146 - - [21/Mar/2023:11:11:52 +0800] "GET /xingrg/all/function/internal_message.html?_=1679368312666&CODE_STATE=getMsg HTTP/1.1" 200 27
116.238.139.35 - - [21/Mar/2023:11:11:53 +0800] "GET /xingrg/all/function/internal_message.html?_=1679368314703&CODE_STATE=getMsg HTTP/1.1" 200 27
222.70.182.154 - - [21/Mar/2023:11:11:55 +0800] "GET /xingrg/all/function/internal_message.html?_=1679368313136&CODE_STATE=getMsg HTTP/1.1" 200 27
222.69.129.178 - - [21/Mar/2023:11:11:59 +0800] "GET /xingrg/all/function/internal_message.html?_=1679368317848&CODE_STATE=getMsg HTTP/1.1" 200 27
116.225.84.253 - - [21/Mar/2023:11:12:01 +0800] "POST /xingrg/kc/buy/cgsh_order_operate.html HTTP/1.1" 200 6205
101.229.22.234 - - [21/Mar/2023:11:12:04 +0800] "GET /xingrg/all/function/internal_message.html?_=1679368324809&CODE_STATE=getMsg HTTP/1.1" 200 27
116.225.84.253 - - [21/Mar/2023:11:12:05 +0800] "POST /xingrg/all/common/load_select.html HTTP/1.1" 200 12
58.221.95.50 - - [21/Mar/2023:11:12:06 +0800] "GET /xingrg/check_reg.html?_=1679368326267 HTTP/1.1" 200 22
180.169.147.146 - - [21/Mar/2023:11:12:07 +0800] "GET /xingrg/all/function/internal_message.html?_=1679368323855&CODE_STATE=getMsg HTTP/1.1" 200 27
116.192.124.172 - - [21/Mar/2023:11:12:09 +0800] "GET /xingrg/all/function/internal_message.html?_=1679368337490&CODE_STATE=getMsg HTTP/1.1" 200 27
58.40.7.146 - - [21/Mar/2023:11:12:09 +0800] "GET /xingrg/all/function/internal_message.html?_=1679368329930&CODE_STATE=getMsg HTTP/1.1" 200 27
116.225.84.253 - - [21/Mar/2023:11:12:10 +0800] "GET /xingrg/kc/buy/cgsh_order_operate.html?command=get_materiel_price&rest_code=00105&code=00101010847&unit_code=00100005&supplier_code=00100012&order_time=2023-03-21 HTTP/1.1" 200 29
222.70.221.209 - - [21/Mar/2023:11:12:15 +0800] "GET /xingrg/all/function/internal_message.html?_=1679368445300&CODE_STATE=getMsg HTTP/1.1" 200 27
116.238.139.35 - - [21/Mar/2023:11:12:23 +0800] "GET /xingrg/all/function/internal_message.html?_=1679368268902&CODE_STATE=getMsg HTTP/1.1" 200 27
116.225.84.253 - - [21/Mar/2023:11:12:25 +0800] "POST /xingrg/kc/buy/cgsh_order_operate.html HTTP/1.1" 200 37
116.224.106.218 - - [21/Mar/2023:11:12:27 +0800] "GET /xingrg/all/function/internal_message.html?_=1679368346425&CODE_STATE=getMsg HTTP/1.1" 200 27
116.228.172.94 - - [21/Mar/2023:11:12:27 +0800] "GET /xingrg/all/function/internal_message.html?_=1679368343060&CODE_STATE=getMsg HTTP/1.1" 200 27
116.225.84.253 - - [21/Mar/2023:11:12:27 +0800] "POST /xingrg/kc/buy/cgsh_order_operate.html HTTP/1.1" 200 6205
116.225.84.253 - - [21/Mar/2023:11:12:29 +0800] "GET /xingrg/kc/print/load_data.html?order_code=212023032107802&kc_code=cgsh&condition= HTTP/1.1" 200 2114
116.235.240.214 - - [21/Mar/2023:11:12:30 +0800] "GET /xingrg/all/function/internal_message.html?_=1679368355219&CODE_STATE=getMsg HTTP/1.1" 200 27
124.79.72.155 - - [21/Mar/2023:11:12:36 +0800] "GET /xingrg/all/function/internal_message.html?_=1679368359054&CODE_STATE=getMsg HTTP/1.1" 200 27
124.79.72.155 - - [21/Mar/2023:11:12:36 +0800] "GET /xingrg/check_reg.html?_=1679368359057 HTTP/1.1" 200 22
222.67.232.202 - - [21/Mar/2023:11:12:37 +0800] "GET /xingrg/all/function/internal_message.html?_=1679367904775&CODE_STATE=getMsg HTTP/1.1" 200 27
114.83.222.182 - - [21/Mar/2023:11:12:37 +0800] "GET /xingrg/all/function/internal_message.html?_=1679368428150&CODE_STATE=getMsg HTTP/1.1" 200 27
114.83.222.182 - - [21/Mar/2023:11:12:37 +0800] "GET /xingrg/check_reg.html?_=1679368428382 HTTP/1.1" 200 22
116.225.84.253 - - [21/Mar/2023:11:12:41 +0800] "GET /xingrg/all/function/internal_message.html?_=1679368204639&CODE_STATE=getMsg HTTP/1.1" 200 27
116.237.76.6 - - [21/Mar/2023:11:12:44 +0800] "GET /xingrg/all/function/internal_message.html?_=1679368363519&CODE_STATE=getMsg HTTP/1.1" 200 27
120.253.135.82 - - [21/Mar/2023:11:12:46 +0800] "GET /xingrg/all/function/internal_message.html?_=1679368195783&CODE_STATE=getMsg HTTP/1.1" 200 27
180.164.3.199 - - [21/Mar/2023:11:12:49 +0800] "GET /xingrg/all/function/internal_message.html?_=1679368369686&CODE_STATE=getMsg HTTP/1.1" 200 27
116.192.124.172 - - [21/Mar/2023:11:12:50 +0800] "GET /xingrg/kc/buy/cgsh_order_operate.html?command=get_materiel&rest_code=00102&code=00101013179&supplier_code=00100008&order_time=2023-03-21 HTTP/1.1" 200 412
180.169.147.146 - - [21/Mar/2023:11:12:52 +0800] "GET /xingrg/all/function/internal_message.html?_=1679368372679&CODE_STATE=getMsg HTTP/1.1" 200 27
116.238.139.35 - - [21/Mar/2023:11:12:53 +0800] "GET /xingrg/all/function/internal_message.html?_=1679368374704&CODE_STATE=getMsg HTTP/1.1" 200 27
222.70.182.154 - - [21/Mar/2023:11:12:55 +0800] "GET /xingrg/all/function/internal_message.html?_=1679368373121&CODE_STATE=getMsg HTTP/1.1" 200 27
222.69.129.178 - - [21/Mar/2023:11:12:59 +0800] "GET /xingrg/all/function/internal_message.html?_=1679368377845&CODE_STATE=getMsg HTTP/1.1" 200 27
116.192.124.172 - - [21/Mar/2023:11:12:59 +0800] "GET /xingrg/kc/buy/cgsh_order_operate.html?command=get_materiel&rest_code=00102&code=00101008029&supplier_code=00100008&order_time=2023-03-21 HTTP/1.1" 200 416
101.229.22.234 - - [21/Mar/2023:11:13:04 +0800] "GET /xingrg/all/function/internal_message.html?_=1679368384802&CODE_STATE=getMsg HTTP/1.1" 200 27
180.169.147.146 - - [21/Mar/2023:11:13:07 +0800] "GET /xingrg/check_reg.html?_=1679368383855 HTTP/1.1" 200 22
180.169.147.146 - - [21/Mar/2023:11:13:07 +0800] "GET /xingrg/all/function/internal_message.html?_=1679368383856&CODE_STATE=getMsg HTTP/1.1" 200 27
116.192.124.172 - - [21/Mar/2023:11:13:08 +0800] "GET /xingrg/kc/buy/cgsh_order_operate.html?command=get_materiel&rest_code=00102&code=00101008041&supplier_code=00100008&order_time=2023-03-21 HTTP/1.1" 200 408
116.192.124.172 - - [21/Mar/2023:11:13:09 +0800] "GET /xingrg/all/function/internal_message.html?_=1679368397490&CODE_STATE=getMsg HTTP/1.1" 200 27
58.40.7.146 - - [21/Mar/2023:11:13:09 +0800] "GET /xingrg/check_reg.html?_=1679368389925 HTTP/1.1" 200 22
58.40.7.146 - - [21/Mar/2023:11:13:09 +0800] "GET /xingrg/all/function/internal_message.html?_=1679368389927&CODE_STATE=getMsg HTTP/1.1" 200 27
116.192.124.172 - - [21/Mar/2023:11:13:11 +0800] "POST /xingrg/kc/buy/cgsh_order_operate.html HTTP/1.1" 200 2065
222.70.221.209 - - [21/Mar/2023:11:13:15 +0800] "GET /xingrg/all/function/internal_message.html?_=1679368505270&CODE_STATE=getMsg HTTP/1.1" 200 27
222.70.221.209 - - [21/Mar/2023:11:13:18 +0800] "GET /xingrg/check_reg.html?_=1679368508283 HTTP/1.1" 200 22
116.225.84.253 - - [21/Mar/2023:11:13:21 +0800] "GET /xingrg/all/function/internal_message.html?_=1679368402299&CODE_STATE=getMsg HTTP/1.1" 200 27
116.192.124.172 - - [21/Mar/2023:11:13:22 +0800] "GET /xingrg/kc/buy/cgsh_order_operate.html?command=get_materiel&rest_code=00102&code=00101008300&supplier_code=00100008&order_time=2023-03-21 HTTP/1.1" 200 412
116.238.139.35 - - [21/Mar/2023:11:13:23 +0800] "GET /xingrg/all/function/internal_message.html?_=1679368328921&CODE_STATE=getMsg HTTP/1.1" 200 27
222.70.221.209 - - [21/Mar/2023:11:13:24 +0800] "POST /xingrg/services/DataTransmitService HTTP/1.1" 200 524
222.70.221.209 - - [21/Mar/2023:11:13:25 +0800] "POST /xingrg/services/DataTransmitService HTTP/1.1" 200 501
116.224.106.218 - - [21/Mar/2023:11:13:27 +0800] "GET /xingrg/all/function/internal_message.html?_=1679368406410&CODE_STATE=getMsg HTTP/1.1" 200 27
116.228.172.94 - - [21/Mar/2023:11:13:27 +0800] "GET /xingrg/all/function/internal_message.html?_=1679368403064&CODE_STATE=getMsg HTTP/1.1" 200 27
120.253.135.82 - - [21/Mar/2023:11:13:29 +0800] "GET /xingrg/check_reg.html?_=1679368238828 HTTP/1.1" 200 22
116.235.240.214 - - [21/Mar/2023:11:13:30 +0800] "GET /xingrg/all/function/internal_message.html?_=1679368415824&CODE_STATE=getMsg HTTP/1.1" 200 27
116.192.124.172 - - [21/Mar/2023:11:13:32 +0800] "GET /xingrg/kc/buy/cgsh_order_operate.html?command=get_materiel&rest_code=00102&code=00101008356&supplier_code=00100008&order_time=2023-03-21 HTTP/1.1" 200 408
124.79.72.155 - - [21/Mar/2023:11:13:36 +0800] "GET /xingrg/all/function/internal_message.html?_=1679368419057&CODE_STATE=getMsg HTTP/1.1" 200 27
222.67.232.202 - - [21/Mar/2023:11:13:37 +0800] "GET /xingrg/all/function/internal_message.html?_=1679367964743&CODE_STATE=getMsg HTTP/1.1" 200 27
114.83.222.182 - - [21/Mar/2023:11:13:37 +0800] "GET /xingrg/all/function/internal_message.html?_=1679368488143&CODE_STATE=getMsg HTTP/1.1" 200 27
180.157.253.110 - - [21/Mar/2023:11:13:40 +0800] "GET /xingrg/check_reg.html?_=1679368421007 HTTP/1.1" 200 22
116.225.84.253 - - [21/Mar/2023:11:13:41 +0800] "GET /xingrg/all/function/internal_message.html?_=1679368264639&CODE_STATE=getMsg HTTP/1.1" 200 27
116.225.84.253 - - [21/Mar/2023:11:13:41 +0800] "GET /xingrg/check_reg.html?_=1679368264641 HTTP/1.1" 200 22
116.237.76.6 - - [21/Mar/2023:11:13:44 +0800] "GET /xingrg/all/function/internal_message.html?_=1679368423502&CODE_STATE=getMsg HTTP/1.1" 200 27
120.253.135.82 - - [21/Mar/2023:11:13:46 +0800] "GET /xingrg/all/function/internal_message.html?_=1679368255785&CODE_STATE=getMsg HTTP/1.1" 200 27
180.164.3.199 - - [21/Mar/2023:11:13:49 +0800] "GET /xingrg/all/function/internal_message.html?_=1679368429677&CODE_STATE=getMsg HTTP/1.1" 200 27
116.192.124.172 - - [21/Mar/2023:11:13:51 +0800] "GET /xingrg/kc/buy/cgsh_order_operate.html?command=get_materiel&rest_code=00102&code=00101008085&supplier_code=00100008&order_time=2023-03-21 HTTP/1.1" 200 412
180.169.147.146 - - [21/Mar/2023:11:13:52 +0800] "GET /xingrg/all/function/internal_message.html?_=1679368432674&CODE_STATE=getMsg HTTP/1.1" 200 27
116.238.139.35 - - [21/Mar/2023:11:13:53 +0800] "GET /xingrg/all/function/internal_message.html?_=1679368434715&CODE_STATE=getMsg HTTP/1.1" 200 27
222.70.182.154 - - [21/Mar/2023:11:13:55 +0800] "GET /xingrg/all/function/internal_message.html?_=1679368433091&CODE_STATE=getMsg HTTP/1.1" 200 27
222.70.182.154 - - [21/Mar/2023:11:13:56 +0800] "GET /xingrg/check_reg.html?_=1679368434122 HTTP/1.1" 200 22
222.69.129.178 - - [21/Mar/2023:11:13:59 +0800] "GET /xingrg/all/function/internal_message.html?_=1679368437854&CODE_STATE=getMsg HTTP/1.1" 200 27
116.192.124.172 - - [21/Mar/2023:11:13:59 +0800] "GET /xingrg/kc/buy/cgsh_order_operate.html?command=get_materiel&rest_code=00102&code=00101008313&supplier_code=00100008&order_time=2023-03-21 HTTP/1.1" 200 412
101.229.22.234 - - [21/Mar/2023:11:14:04 +0800] "GET /xingrg/all/function/internal_message.html?_=1679368444804&CODE_STATE=getMsg HTTP/1.1" 200 27
180.169.147.146 - - [21/Mar/2023:11:14:07 +0800] "GET /xingrg/all/function/internal_message.html?_=1679368443855&CODE_STATE=getMsg HTTP/1.1" 200 27
116.235.240.214 - - [21/Mar/2023:11:14:09 +0800] "GET /xingrg/check_reg.html?_=1679368455297 HTTP/1.1" 200 22
116.192.124.172 - - [21/Mar/2023:11:14:09 +0800] "GET /xingrg/all/function/internal_message.html?_=1679368457495&CODE_STATE=getMsg HTTP/1.1" 200 27
58.40.7.146 - - [21/Mar/2023:11:14:09 +0800] "GET /xingrg/all/function/internal_message.html?_=1679368449920&CODE_STATE=getMsg HTTP/1.1" 200 27
116.192.124.172 - - [21/Mar/2023:11:14:14 +0800] "GET /xingrg/kc/buy/cgsh_order_operate.html?command=get_materiel&rest_code=00102&code=00101008003&supplier_code=00100008&order_time=2023-03-21 HTTP/1.1" 200 408
222.70.221.209 - - [21/Mar/2023:11:14:15 +0800] "GET /xingrg/all/function/internal_message.html?_=1679368565265&CODE_STATE=getMsg HTTP/1.1" 200 27
116.192.124.172 - - [21/Mar/2023:11:14:17 +0800] "POST /xingrg/kc/buy/cgsh_order_operate.html HTTP/1.1" 200 2065
222.69.129.178 - - [21/Mar/2023:11:14:21 +0800] "GET /xingrg/kc/buy/cgsh_order_add.html HTTP/1.1" 200 70049
116.225.84.253 - - [21/Mar/2023:11:14:21 +0800] "GET /xingrg/all/function/internal_message.html?_=1679368462272&CODE_STATE=getMsg HTTP/1.1" 200 27
222.69.129.178 - - [21/Mar/2023:11:14:21 +0800] "POST /xingrg/kc/buy/cgsh_order_operate.html HTTP/1.1" 200 8245
222.69.129.178 - - [21/Mar/2023:11:14:21 +0800] "GET /xingrg/javascript/easyui/themes/default/validatebox.css HTTP/1.1" 404 1104
116.192.124.172 - - [21/Mar/2023:11:14:21 +0800] "GET /xingrg/kc/buy/cgsh_order_operate.html?command=get_materiel&rest_code=00102&code=00101008201&supplier_code=00100008&order_time=2023-03-21 HTTP/1.1" 200 412
116.238.139.35 - - [21/Mar/2023:11:14:23 +0800] "GET /xingrg/all/function/internal_message.html?_=1679368388929&CODE_STATE=getMsg HTTP/1.1" 200 27
116.224.106.218 - - [21/Mar/2023:11:14:27 +0800] "GET /xingrg/all/function/internal_message.html?_=1679368466395&CODE_STATE=getMsg HTTP/1.1" 200 27
116.228.172.94 - - [21/Mar/2023:11:14:27 +0800] "GET /xingrg/check_reg.html?_=1679368463064 HTTP/1.1" 200 22
116.228.172.94 - - [21/Mar/2023:11:14:27 +0800] "GET /xingrg/all/function/internal_message.html?_=1679368463067&CODE_STATE=getMsg HTTP/1.1" 200 27
116.192.124.172 - - [21/Mar/2023:11:14:27 +0800] "GET /xingrg/kc/buy/cgsh_order_operate.html?command=get_materiel&rest_code=00102&code=00101008087&supplier_code=00100008&order_time=2023-03-21 HTTP/1.1" 200 412
116.235.240.214 - - [21/Mar/2023:11:14:30 +0800] "GET /xingrg/all/function/internal_message.html?_=1679368475839&CODE_STATE=getMsg HTTP/1.1" 200 27
116.192.124.172 - - [21/Mar/2023:11:14:34 +0800] "GET /xingrg/kc/buy/cgsh_order_operate.html?command=get_materiel&rest_code=00102&code=00101008361&supplier_code=00100008&order_time=2023-03-21 HTTP/1.1" 200 408
124.79.72.155 - - [21/Mar/2023:11:14:36 +0800] "GET /xingrg/all/function/internal_message.html?_=1679368479062&CODE_STATE=getMsg HTTP/1.1" 200 27
222.67.232.202 - - [21/Mar/2023:11:14:37 +0800] "GET /xingrg/all/function/internal_message.html?_=1679368024720&CODE_STATE=getMsg HTTP/1.1" 200 27
114.83.222.182 - - [21/Mar/2023:11:14:37 +0800] "GET /xingrg/all/function/internal_message.html?_=1679368548131&CODE_STATE=getMsg HTTP/1.1" 200 27
116.237.76.6 - - [21/Mar/2023:11:14:39 +0800] "GET /xingrg/check_reg.html?_=1679368479336 HTTP/1.1" 200 22
116.225.84.253 - - [21/Mar/2023:11:14:41 +0800] "GET /xingrg/all/function/internal_message.html?_=1679368324639&CODE_STATE=getMsg HTTP/1.1" 200 27
180.163.29.103 - - [21/Mar/2023:11:14:44 +0800] "GET /xingrg/all/function/internal_message.html?_=1679368423502&CODE_STATE=getMsg HTTP/1.1" 302 -
180.163.29.103 - - [21/Mar/2023:11:14:44 +0800] "GET /xingrg/login.html HTTP/1.1" 200 7641
116.237.76.6 - - [21/Mar/2023:11:14:44 +0800] "GET /xingrg/all/function/internal_message.html?_=1679368483475&CODE_STATE=getMsg HTTP/1.1" 200 27
120.253.135.82 - - [21/Mar/2023:11:14:46 +0800] "GET /xingrg/all/function/internal_message.html?_=1679368315799&CODE_STATE=getMsg HTTP/1.1" 200 27
116.192.124.172 - - [21/Mar/2023:11:14:46 +0800] "GET /xingrg/kc/buy/cgsh_order_operate.html?command=get_materiel&rest_code=00102&code=00101008357&supplier_code=00100008&order_time=2023-03-21 HTTP/1.1" 200 408
116.192.124.172 - - [21/Mar/2023:11:14:49 +0800] "POST /xingrg/kc/buy/cgsh_order_operate.html HTTP/1.1" 200 2065
180.164.3.199 - - [21/Mar/2023:11:14:49 +0800] "GET /xingrg/all/function/internal_message.html?_=1679368489660&CODE_STATE=getMsg HTTP/1.1" 200 27
116.238.139.35 - - [21/Mar/2023:11:14:53 +0800] "GET /xingrg/all/function/internal_message.html?_=1679368494703&CODE_STATE=getMsg HTTP/1.1" 200 27
116.192.124.172 - - [21/Mar/2023:11:14:54 +0800] "GET /xingrg/kc/buy/cgsh_order_operate.html?command=get_materiel&rest_code=00102&code=00101020126&supplier_code=00100008&order_time=2023-03-21 HTTP/1.1" 200 412
222.70.182.154 - - [21/Mar/2023:11:14:55 +0800] "GET /xingrg/all/function/internal_message.html?_=1679368493075&CODE_STATE=getMsg HTTP/1.1" 200 27
222.69.129.178 - - [21/Mar/2023:11:14:59 +0800] "GET /xingrg/check_reg.html?_=1679368497862 HTTP/1.1" 200 22
222.69.129.178 - - [21/Mar/2023:11:14:59 +0800] "GET /xingrg/all/function/internal_message.html?_=1679368497871&CODE_STATE=getMsg HTTP/1.1" 200 27
116.192.124.172 - - [21/Mar/2023:11:15:03 +0800] "GET /xingrg/kc/buy/cgsh_order_operate.html?command=get_materiel&rest_code=00102&code=00101008403&supplier_code=00100008&order_time=2023-03-21 HTTP/1.1" 200 412
222.69.129.178 - - [21/Mar/2023:11:15:04 +0800] "GET /xingrg/kc/buy/cgsh_order_operate.html?command=get_materiel&rest_code=00149&code=00102003086&supplier_code=00100151&order_time=2023-03-21 HTTP/1.1" 200 409
101.229.22.234 - - [21/Mar/2023:11:15:04 +0800] "GET /xingrg/check_reg.html?_=1679368504805 HTTP/1.1" 200 22
101.229.22.234 - - [21/Mar/2023:11:15:04 +0800] "GET /xingrg/all/function/internal_message.html?_=1679368504804&CODE_STATE=getMsg HTTP/1.1" 200 27
180.169.147.146 - - [21/Mar/2023:11:15:07 +0800] "GET /xingrg/all/function/internal_message.html?_=1679368503854&CODE_STATE=getMsg HTTP/1.1" 200 27
116.192.124.172 - - [21/Mar/2023:11:15:09 +0800] "GET /xingrg/all/function/internal_message.html?_=1679368517481&CODE_STATE=getMsg HTTP/1.1" 200 27
116.192.124.172 - - [21/Mar/2023:11:15:09 +0800] "GET /xingrg/check_reg.html?_=1679368517485 HTTP/1.1" 200 22
58.40.7.146 - - [21/Mar/2023:11:15:09 +0800] "GET /xingrg/all/function/internal_message.html?_=1679368509923&CODE_STATE=getMsg HTTP/1.1" 200 27
58.40.7.146 - - [21/Mar/2023:11:15:13 +0800] "POST /xingrg/services/DataTransmitService HTTP/1.1" 200 524
222.70.221.209 - - [21/Mar/2023:11:15:15 +0800] "GET /xingrg/all/function/internal_message.html?_=1679368625244&CODE_STATE=getMsg HTTP/1.1" 200 27
116.192.124.172 - - [21/Mar/2023:11:15:19 +0800] "POST /xingrg/kc/buy/cgsh_order_operate.html HTTP/1.1" 200 37
116.225.84.253 - - [21/Mar/2023:11:15:21 +0800] "GET /xingrg/all/function/internal_message.html?_=1679368522252&CODE_STATE=getMsg HTTP/1.1" 200 27
116.238.139.35 - - [21/Mar/2023:11:15:23 +0800] "GET /xingrg/check_reg.html?_=1679368448283 HTTP/1.1" 200 22
116.238.139.35 - - [21/Mar/2023:11:15:23 +0800] "GET /xingrg/all/function/internal_message.html?_=1679368448942&CODE_STATE=getMsg HTTP/1.1" 200 27
222.69.129.178 - - [21/Mar/2023:11:15:26 +0800] "GET /xingrg/kc/buy/cgsh_order_operate.html?command=get_materiel&rest_code=00149&code=00102010244&supplier_code=00100151&order_time=2023-03-21 HTTP/1.1" 200 413
116.224.106.218 - - [21/Mar/2023:11:15:27 +0800] "GET /xingrg/all/function/internal_message.html?_=1679368526380&CODE_STATE=getMsg HTTP/1.1" 200 27
116.228.172.94 - - [21/Mar/2023:11:15:27 +0800] "GET /xingrg/all/function/internal_message.html?_=1679368523059&CODE_STATE=getMsg HTTP/1.1" 200 27
116.235.240.214 - - [21/Mar/2023:11:15:30 +0800] "GET /xingrg/all/function/internal_message.html?_=1679368535853&CODE_STATE=getMsg HTTP/1.1" 200 27
124.79.72.155 - - [21/Mar/2023:11:15:36 +0800] "GET /xingrg/all/function/internal_message.html?_=1679368539065&CODE_STATE=getMsg HTTP/1.1" 200 27
222.67.232.202 - - [21/Mar/2023:11:15:37 +0800] "GET /xingrg/all/function/internal_message.html?_=1679368084700&CODE_STATE=getMsg HTTP/1.1" 200 27
114.83.222.182 - - [21/Mar/2023:11:15:37 +0800] "GET /xingrg/all/function/internal_message.html?_=1679368608113&CODE_STATE=getMsg HTTP/1.1" 200 27
116.192.124.172 - - [21/Mar/2023:11:15:38 +0800] "POST /xingrg/kc/buy/cgsh_order_operate.html HTTP/1.1" 200 12
222.67.232.202 - - [21/Mar/2023:11:15:39 +0800] "GET /xingrg/check_reg.html?_=1679368086589 HTTP/1.1" 200 22
180.163.28.109 - - [21/Mar/2023:11:15:39 +0800] "GET /xingrg/check_reg.html?_=1679368479336 HTTP/1.1" 302 -
180.163.28.109 - - [21/Mar/2023:11:15:39 +0800] "GET /xingrg/login.html HTTP/1.1" 200 7641
116.225.84.253 - - [21/Mar/2023:11:15:41 +0800] "GET /xingrg/all/function/internal_message.html?_=1679368384639&CODE_STATE=getMsg HTTP/1.1" 200 27
116.192.124.172 - - [21/Mar/2023:11:15:41 +0800] "GET /xingrg/kc/buy/cgsh_order_info.html?code=212023032107804 HTTP/1.1" 200 64904
