120.253.135.82 - - [21/Mar/2023:06:26:25 +0800] "GET /xingrg/javascript/easyui/themes/default/validatebox.css HTTP/1.1" 404 1104
120.253.135.82 - - [21/Mar/2023:06:26:26 +0800] "POST /xingrg/kc/pszx/mdps_order_operate.html HTTP/1.1" 200 2290
120.253.135.82 - - [21/Mar/2023:06:26:27 +0800] "POST /xingrg/kc/pszx/mdps_list_operate.html HTTP/1.1" 200 2774
116.224.106.218 - - [21/Mar/2023:06:26:32 +0800] "GET /xingrg/all/function/internal_message.html?_=1679351191403&CODE_STATE=getMsg HTTP/1.1" 200 27
120.253.135.82 - - [21/Mar/2023:06:26:33 +0800] "GET /xingrg/kc/pszx/mdqp_order_list.html?state=10 HTTP/1.1" 200 14723
120.253.135.82 - - [21/Mar/2023:06:26:33 +0800] "GET /xingrg/dwr/interface/AjaxQqpsService.js HTTP/1.1" 200 16326
120.253.135.82 - - [21/Mar/2023:06:26:33 +0800] "GET /xingrg/dwr/interface/AjaxReportQueryService.js HTTP/1.1" 200 13203
120.253.135.82 - - [21/Mar/2023:06:26:33 +0800] "GET /xingrg/dwr/engine.js HTTP/1.1" 200 43631
120.253.135.82 - - [21/Mar/2023:06:26:37 +0800] "GET /xingrg/kc/pszx/mdqp_order_info.html?code=302023032000376 HTTP/1.1" 200 13338
120.253.135.82 - - [21/Mar/2023:06:26:37 +0800] "GET /xingrg/dwr/interface/AjaxQqpsService.js HTTP/1.1" 200 16326
120.253.135.82 - - [21/Mar/2023:06:26:37 +0800] "GET /xingrg/dwr/interface/AjaxComOrderService.js HTTP/1.1" 200 18264
120.253.135.82 - - [21/Mar/2023:06:26:37 +0800] "GET /xingrg/dwr/engine.js HTTP/1.1" 200 43631
120.253.135.82 - - [21/Mar/2023:06:26:38 +0800] "POST /xingrg/dwr/call/plaincall/AjaxQqpsService.loadMaterielItems.dwr HTTP/1.1" 200 1526
120.253.135.82 - - [21/Mar/2023:06:26:39 +0800] "GET /xingrg/all/function/internal_message.html?_=1679351028923&CODE_STATE=getMsg HTTP/1.1" 200 27
61.170.234.120 - - [21/Mar/2023:06:26:40 +0800] "GET /xingrg/all/function/internal_message.html?_=1679351199514&CODE_STATE=getMsg HTTP/1.1" 200 27
120.253.135.82 - - [21/Mar/2023:06:26:43 +0800] "GET /xingrg/images/yd/bt.gif HTTP/1.1" 404 1040
120.253.135.82 - - [21/Mar/2023:06:26:43 +0800] "GET /xingrg/images/yd/bt2.gif HTTP/1.1" 404 1042
116.235.240.214 - - [21/Mar/2023:06:26:47 +0800] "GET /xingrg/all/function/internal_message.html?_=1679351212263&CODE_STATE=getMsg HTTP/1.1" 200 27
116.238.139.35 - - [21/Mar/2023:06:26:47 +0800] "GET /xingrg/all/function/internal_message.html?_=1679351132694&CODE_STATE=getMsg HTTP/1.1" 200 27
120.253.135.82 - - [21/Mar/2023:06:26:48 +0800] "GET /xingrg/kc/pszx/mdqp_order_list.html?isBack=1 HTTP/1.1" 302 -
116.224.106.218 - - [21/Mar/2023:06:26:48 +0800] "GET /xingrg/check_reg.html?_=1679351207945 HTTP/1.1" 200 22
120.253.135.82 - - [21/Mar/2023:06:26:48 +0800] "GET /xingrg/kc/pszx/mdqp_order_list.html?state=10 HTTP/1.1" 200 14723
120.253.135.82 - - [21/Mar/2023:06:26:48 +0800] "GET /xingrg/dwr/interface/AjaxReportQueryService.js HTTP/1.1" 200 13203
120.253.135.82 - - [21/Mar/2023:06:26:48 +0800] "GET /xingrg/dwr/interface/AjaxQqpsService.js HTTP/1.1" 200 16326
120.253.135.82 - - [21/Mar/2023:06:26:48 +0800] "GET /xingrg/dwr/engine.js HTTP/1.1" 200 43631
120.253.135.82 - - [21/Mar/2023:06:26:51 +0800] "GET /xingrg/kc/pszx/mdqp_order_info.html?code=302023032000377 HTTP/1.1" 200 13338
120.253.135.82 - - [21/Mar/2023:06:26:51 +0800] "GET /xingrg/dwr/interface/AjaxQqpsService.js HTTP/1.1" 200 16326
120.253.135.82 - - [21/Mar/2023:06:26:51 +0800] "GET /xingrg/dwr/interface/AjaxComOrderService.js HTTP/1.1" 200 18264
120.253.135.82 - - [21/Mar/2023:06:26:51 +0800] "GET /xingrg/dwr/engine.js HTTP/1.1" 200 43631
120.253.135.82 - - [21/Mar/2023:06:26:52 +0800] "POST /xingrg/dwr/call/plaincall/AjaxQqpsService.loadMaterielItems.dwr HTTP/1.1" 200 2072
116.238.139.35 - - [21/Mar/2023:06:26:58 +0800] "GET /xingrg/all/function/internal_message.html?_=1679351219147&CODE_STATE=getMsg HTTP/1.1" 200 27
120.253.135.82 - - [21/Mar/2023:06:27:30 +0800] "GET /xingrg/images/yd/bt.gif HTTP/1.1" 404 1040
124.79.240.233 - - [21/Mar/2023:06:27:31 +0800] "POST /xingrg/services/DataTransmitService HTTP/1.1" 200 524
116.224.106.218 - - [21/Mar/2023:06:27:32 +0800] "GET /xingrg/all/function/internal_message.html?_=1679351251377&CODE_STATE=getMsg HTTP/1.1" 200 27
120.253.135.82 - - [21/Mar/2023:06:27:32 +0800] "GET /xingrg/kc/pszx/mdqp_order_list.html?isBack=1 HTTP/1.1" 302 -
120.253.135.82 - - [21/Mar/2023:06:27:32 +0800] "GET /xingrg/images/yd/bt2.gif HTTP/1.1" 404 1042
120.253.135.82 - - [21/Mar/2023:06:27:32 +0800] "GET /xingrg/kc/pszx/mdqp_order_list.html?state=10 HTTP/1.1" 200 14723
120.253.135.82 - - [21/Mar/2023:06:27:32 +0800] "GET /xingrg/dwr/interface/AjaxQqpsService.js HTTP/1.1" 200 16326
120.253.135.82 - - [21/Mar/2023:06:27:32 +0800] "GET /xingrg/dwr/interface/AjaxReportQueryService.js HTTP/1.1" 200 13203
120.253.135.82 - - [21/Mar/2023:06:27:32 +0800] "GET /xingrg/dwr/engine.js HTTP/1.1" 200 43631
116.238.139.35 - - [21/Mar/2023:06:27:32 +0800] "GET /xingrg/check_reg.html?_=1679351178143 HTTP/1.1" 200 22
120.253.135.82 - - [21/Mar/2023:06:27:36 +0800] "GET /xingrg/kc/pszx/mdqp_order_info.html?code=302023032000378 HTTP/1.1" 200 13338
120.253.135.82 - - [21/Mar/2023:06:27:36 +0800] "GET /xingrg/dwr/interface/AjaxQqpsService.js HTTP/1.1" 200 16326
120.253.135.82 - - [21/Mar/2023:06:27:36 +0800] "GET /xingrg/dwr/interface/AjaxComOrderService.js HTTP/1.1" 200 18264
120.253.135.82 - - [21/Mar/2023:06:27:36 +0800] "GET /xingrg/dwr/engine.js HTTP/1.1" 200 43631
120.253.135.82 - - [21/Mar/2023:06:27:37 +0800] "POST /xingrg/dwr/call/plaincall/AjaxQqpsService.loadMaterielItems.dwr HTTP/1.1" 200 3272
120.253.135.82 - - [21/Mar/2023:06:27:38 +0800] "GET /xingrg/images/yd/bt.gif HTTP/1.1" 404 1040
120.253.135.82 - - [21/Mar/2023:06:27:38 +0800] "GET /xingrg/images/yd/bt2.gif HTTP/1.1" 404 1042
120.253.135.82 - - [21/Mar/2023:06:27:39 +0800] "GET /xingrg/all/function/internal_message.html?_=1679351088936&CODE_STATE=getMsg HTTP/1.1" 200 27
61.170.234.120 - - [21/Mar/2023:06:27:40 +0800] "GET /xingrg/all/function/internal_message.html?_=1679351259520&CODE_STATE=getMsg HTTP/1.1" 200 27
120.253.135.82 - - [21/Mar/2023:06:27:42 +0800] "GET /xingrg/kc/pszx/mdqp_order_list.html?isBack=1 HTTP/1.1" 302 -
120.253.135.82 - - [21/Mar/2023:06:27:42 +0800] "GET /xingrg/kc/pszx/mdqp_order_list.html?state=10 HTTP/1.1" 200 14723
120.253.135.82 - - [21/Mar/2023:06:27:42 +0800] "GET /xingrg/dwr/interface/AjaxQqpsService.js HTTP/1.1" 200 16326
120.253.135.82 - - [21/Mar/2023:06:27:42 +0800] "GET /xingrg/dwr/engine.js HTTP/1.1" 200 43631
120.253.135.82 - - [21/Mar/2023:06:27:42 +0800] "GET /xingrg/dwr/interface/AjaxReportQueryService.js HTTP/1.1" 200 13203
120.253.135.82 - - [21/Mar/2023:06:27:46 +0800] "GET /xingrg/kc/pszx/mdqp_order_info.html?code=302023032000382 HTTP/1.1" 200 13338
120.253.135.82 - - [21/Mar/2023:06:27:46 +0800] "GET /xingrg/dwr/interface/AjaxComOrderService.js HTTP/1.1" 200 18264
120.253.135.82 - - [21/Mar/2023:06:27:46 +0800] "GET /xingrg/dwr/engine.js HTTP/1.1" 200 43631
120.253.135.82 - - [21/Mar/2023:06:27:46 +0800] "GET /xingrg/dwr/interface/AjaxQqpsService.js HTTP/1.1" 200 16326
120.253.135.82 - - [21/Mar/2023:06:27:47 +0800] "POST /xingrg/dwr/call/plaincall/AjaxQqpsService.loadMaterielItems.dwr HTTP/1.1" 200 2309
116.235.240.214 - - [21/Mar/2023:06:27:47 +0800] "GET /xingrg/all/function/internal_message.html?_=1679351272267&CODE_STATE=getMsg HTTP/1.1" 200 27
116.238.139.35 - - [21/Mar/2023:06:27:47 +0800] "GET /xingrg/all/function/internal_message.html?_=1679351192704&CODE_STATE=getMsg HTTP/1.1" 200 27
120.253.135.82 - - [21/Mar/2023:06:27:55 +0800] "GET /xingrg/images/yd/bt.gif HTTP/1.1" 404 1040
120.253.135.82 - - [21/Mar/2023:06:27:55 +0800] "GET /xingrg/images/yd/bt2.gif HTTP/1.1" 404 1042
120.253.135.82 - - [21/Mar/2023:06:27:57 +0800] "GET /xingrg/kc/pszx/mdqp_order_list.html?isBack=1 HTTP/1.1" 302 -
116.238.139.35 - - [21/Mar/2023:06:27:58 +0800] "GET /xingrg/all/function/internal_message.html?_=1679351279150&CODE_STATE=getMsg HTTP/1.1" 200 27
120.253.135.82 - - [21/Mar/2023:06:27:58 +0800] "GET /xingrg/kc/pszx/mdqp_order_list.html?state=10 HTTP/1.1" 200 14723
120.253.135.82 - - [21/Mar/2023:06:27:58 +0800] "GET /xingrg/dwr/interface/AjaxReportQueryService.js HTTP/1.1" 200 13203
120.253.135.82 - - [21/Mar/2023:06:27:58 +0800] "GET /xingrg/dwr/interface/AjaxQqpsService.js HTTP/1.1" 200 16326
120.253.135.82 - - [21/Mar/2023:06:27:58 +0800] "GET /xingrg/dwr/engine.js HTTP/1.1" 200 43631
120.253.135.82 - - [21/Mar/2023:06:28:01 +0800] "GET /xingrg/kc/pszx/mdqp_order_info.html?code=302023032000383 HTTP/1.1" 200 13338
120.253.135.82 - - [21/Mar/2023:06:28:01 +0800] "GET /xingrg/dwr/interface/AjaxQqpsService.js HTTP/1.1" 200 16326
120.253.135.82 - - [21/Mar/2023:06:28:01 +0800] "GET /xingrg/dwr/interface/AjaxComOrderService.js HTTP/1.1" 200 18264
120.253.135.82 - - [21/Mar/2023:06:28:01 +0800] "GET /xingrg/dwr/engine.js HTTP/1.1" 200 43631
120.253.135.82 - - [21/Mar/2023:06:28:02 +0800] "POST /xingrg/dwr/call/plaincall/AjaxQqpsService.loadMaterielItems.dwr HTTP/1.1" 200 2728
120.253.135.82 - - [21/Mar/2023:06:28:04 +0800] "GET /xingrg/images/yd/bt.gif HTTP/1.1" 404 1040
120.253.135.82 - - [21/Mar/2023:06:28:04 +0800] "GET /xingrg/images/yd/bt2.gif HTTP/1.1" 404 1042
120.253.135.82 - - [21/Mar/2023:06:28:10 +0800] "GET /xingrg/kc/pszx/mdqp_order_list.html?isBack=1 HTTP/1.1" 302 -
120.253.135.82 - - [21/Mar/2023:06:28:10 +0800] "GET /xingrg/kc/pszx/mdqp_order_list.html?state=10 HTTP/1.1" 200 14723
120.253.135.82 - - [21/Mar/2023:06:28:10 +0800] "GET /xingrg/dwr/interface/AjaxReportQueryService.js HTTP/1.1" 200 13203
120.253.135.82 - - [21/Mar/2023:06:28:10 +0800] "GET /xingrg/dwr/interface/AjaxQqpsService.js HTTP/1.1" 200 16326
120.253.135.82 - - [21/Mar/2023:06:28:10 +0800] "GET /xingrg/dwr/engine.js HTTP/1.1" 200 43631
120.253.135.82 - - [21/Mar/2023:06:28:15 +0800] "GET /xingrg/kc/pszx/mdqp_order_info.html?code=302023032000396 HTTP/1.1" 200 13338
120.253.135.82 - - [21/Mar/2023:06:28:15 +0800] "GET /xingrg/dwr/interface/AjaxComOrderService.js HTTP/1.1" 200 18264
120.253.135.82 - - [21/Mar/2023:06:28:15 +0800] "GET /xingrg/dwr/interface/AjaxQqpsService.js HTTP/1.1" 200 16326
120.253.135.82 - - [21/Mar/2023:06:28:15 +0800] "GET /xingrg/dwr/engine.js HTTP/1.1" 200 43631
120.253.135.82 - - [21/Mar/2023:06:28:16 +0800] "POST /xingrg/dwr/call/plaincall/AjaxQqpsService.loadMaterielItems.dwr HTTP/1.1" 200 591
120.253.135.82 - - [21/Mar/2023:06:28:19 +0800] "GET /xingrg/kc/pszx/mdqp_order_list.html?isBack=1 HTTP/1.1" 302 -
120.253.135.82 - - [21/Mar/2023:06:28:20 +0800] "GET /xingrg/images/yd/bt.gif HTTP/1.1" 404 1040
120.253.135.82 - - [21/Mar/2023:06:28:20 +0800] "GET /xingrg/images/yd/bt2.gif HTTP/1.1" 404 1042
120.253.135.82 - - [21/Mar/2023:06:28:20 +0800] "GET /xingrg/kc/pszx/mdqp_order_list.html?state=10 HTTP/1.1" 200 14723
120.253.135.82 - - [21/Mar/2023:06:28:20 +0800] "GET /xingrg/dwr/interface/AjaxQqpsService.js HTTP/1.1" 200 16326
120.253.135.82 - - [21/Mar/2023:06:28:20 +0800] "GET /xingrg/dwr/engine.js HTTP/1.1" 200 43631
120.253.135.82 - - [21/Mar/2023:06:28:20 +0800] "GET /xingrg/dwr/interface/AjaxReportQueryService.js HTTP/1.1" 200 13203
120.253.135.82 - - [21/Mar/2023:06:28:23 +0800] "GET /xingrg/kc/pszx/jzcl_ps.html HTTP/1.1" 200 7683
120.253.135.82 - - [21/Mar/2023:06:28:24 +0800] "POST /xingrg/all/common/load_tree.html?tree=area_rest_tree_json HTTP/1.1" 200 3499
120.253.135.82 - - [21/Mar/2023:06:28:24 +0800] "POST /xingrg/kc/pszx/jzcl_ps_operate.html HTTP/1.1" 200 4700
120.253.135.82 - - [21/Mar/2023:06:28:24 +0800] "POST /xingrg/kc/pszx/jzcl_ps_operate.html HTTP/1.1" 200 4700
116.224.106.218 - - [21/Mar/2023:06:28:32 +0800] "GET /xingrg/all/function/internal_message.html?_=1679351311363&CODE_STATE=getMsg HTTP/1.1" 200 27
120.253.135.82 - - [21/Mar/2023:06:28:39 +0800] "GET /xingrg/all/function/internal_message.html?_=1679351149099&CODE_STATE=getMsg HTTP/1.1" 200 27
180.163.29.79 - - [21/Mar/2023:06:28:40 +0800] "GET /xingrg/all/function/internal_message.html?_=1679351259520&CODE_STATE=getMsg HTTP/1.1" 302 -
61.170.234.120 - - [21/Mar/2023:06:28:40 +0800] "GET /xingrg/all/function/internal_message.html?_=1679351319523&CODE_STATE=getMsg HTTP/1.1" 200 27
180.163.29.79 - - [21/Mar/2023:06:28:40 +0800] "GET /xingrg/login.html HTTP/1.1" 200 7641
180.157.253.110 - - [21/Mar/2023:06:28:40 +0800] "GET /xingrg/check_reg.html?_=1679351321841 HTTP/1.1" 200 22
116.235.240.214 - - [21/Mar/2023:06:28:47 +0800] "GET /xingrg/check_reg.html?_=1679351332308 HTTP/1.1" 200 22
116.235.240.214 - - [21/Mar/2023:06:28:47 +0800] "GET /xingrg/all/function/internal_message.html?_=1679351332310&CODE_STATE=getMsg HTTP/1.1" 200 27
116.238.139.35 - - [21/Mar/2023:06:28:47 +0800] "GET /xingrg/all/function/internal_message.html?_=1679351252719&CODE_STATE=getMsg HTTP/1.1" 200 27
120.253.135.82 - - [21/Mar/2023:06:28:57 +0800] "POST /xingrg/kc/pszx/jzcl_ps_operate.html HTTP/1.1" 200 4
120.253.135.82 - - [21/Mar/2023:06:28:57 +0800] "GET /xingrg/javascript/step/images/navBtn.gif HTTP/1.1" 304 -
116.238.139.35 - - [21/Mar/2023:06:28:58 +0800] "GET /xingrg/check_reg.html?_=1679351339153 HTTP/1.1" 200 22
116.238.139.35 - - [21/Mar/2023:06:28:58 +0800] "GET /xingrg/all/function/internal_message.html?_=1679351339157&CODE_STATE=getMsg HTTP/1.1" 200 27
120.253.135.82 - - [21/Mar/2023:06:28:58 +0800] "GET /xingrg/kc/pszx/mdps_order_list.html HTTP/1.1" 200 21032
120.253.135.82 - - [21/Mar/2023:06:28:59 +0800] "POST /xingrg/kc/pszx/jzcl_ps_operate.html HTTP/1.1" 200 2098
120.253.135.82 - - [21/Mar/2023:06:28:59 +0800] "POST /xingrg/kc/pszx/mdps_list_operate.html HTTP/1.1" 200 5288
120.253.135.82 - - [21/Mar/2023:06:29:04 +0800] "POST /xingrg/kc/pszx/mdps_list_operate.html HTTP/1.1" 200 3499
120.253.135.82 - - [21/Mar/2023:06:29:24 +0800] "POST /xingrg/kc/pszx/mdps_list_operate.html HTTP/1.1" 200 283
120.253.135.82 - - [21/Mar/2023:06:29:25 +0800] "GET /xingrg/kc/pszx/mdps_order_info.html?code=312023032100468 HTTP/1.1" 200 23972
120.253.135.82 - - [21/Mar/2023:06:29:25 +0800] "GET /xingrg/javascript/easyui/themes/default/validatebox.css HTTP/1.1" 404 1104
120.253.135.82 - - [21/Mar/2023:06:29:25 +0800] "POST /xingrg/kc/pszx/mdps_order_operate.html HTTP/1.1" 200 2753
120.253.135.82 - - [21/Mar/2023:06:29:29 +0800] "POST /xingrg/kc/pszx/mdps_order_operate.html HTTP/1.1" 200 37
120.253.135.82 - - [21/Mar/2023:06:29:30 +0800] "GET /xingrg/kc/pszx/mdps_order_info.html?code=312023032100468 HTTP/1.1" 200 23972
120.253.135.82 - - [21/Mar/2023:06:29:30 +0800] "GET /xingrg/javascript/easyui/themes/default/validatebox.css HTTP/1.1" 404 1104
120.253.135.82 - - [21/Mar/2023:06:29:31 +0800] "POST /xingrg/kc/pszx/mdps_order_operate.html HTTP/1.1" 200 2769
116.224.106.218 - - [21/Mar/2023:06:29:32 +0800] "GET /xingrg/all/function/internal_message.html?_=1679351371350&CODE_STATE=getMsg HTTP/1.1" 200 27
120.253.135.82 - - [21/Mar/2023:06:29:36 +0800] "POST /xingrg/kc/pszx/mdps_list_operate.html HTTP/1.1" 200 612
120.253.135.82 - - [21/Mar/2023:06:29:37 +0800] "GET /xingrg/kc/pszx/mdps_order_info.html?code=312023032100469 HTTP/1.1" 200 23972
120.253.135.82 - - [21/Mar/2023:06:29:37 +0800] "GET /xingrg/javascript/easyui/themes/default/validatebox.css HTTP/1.1" 404 1104
120.253.135.82 - - [21/Mar/2023:06:29:37 +0800] "POST /xingrg/kc/pszx/mdps_order_operate.html HTTP/1.1" 200 7228
120.253.135.82 - - [21/Mar/2023:06:29:39 +0800] "GET /xingrg/all/function/internal_message.html?_=1679351209104&CODE_STATE=getMsg HTTP/1.1" 200 27
61.170.234.120 - - [21/Mar/2023:06:29:40 +0800] "GET /xingrg/check_reg.html?_=1679351379510 HTTP/1.1" 200 22
61.170.234.120 - - [21/Mar/2023:06:29:40 +0800] "GET /xingrg/all/function/internal_message.html?_=1679351379515&CODE_STATE=getMsg HTTP/1.1" 200 27
120.253.135.82 - - [21/Mar/2023:06:29:41 +0800] "POST /xingrg/all/common/load_combo.html?type=base HTTP/1.1" 200 1169
120.253.135.82 - - [21/Mar/2023:06:29:45 +0800] "POST /xingrg/kc/pszx/mdps_order_operate.html HTTP/1.1" 200 37
120.253.135.82 - - [21/Mar/2023:06:29:46 +0800] "GET /xingrg/kc/pszx/mdps_order_info.html?code=312023032100469 HTTP/1.1" 200 23972
120.253.135.82 - - [21/Mar/2023:06:29:47 +0800] "GET /xingrg/javascript/easyui/themes/default/validatebox.css HTTP/1.1" 404 1104
116.235.240.214 - - [21/Mar/2023:06:29:47 +0800] "GET /xingrg/all/function/internal_message.html?_=1679351392325&CODE_STATE=getMsg HTTP/1.1" 200 27
116.238.139.35 - - [21/Mar/2023:06:29:47 +0800] "GET /xingrg/all/function/internal_message.html?_=1679351312750&CODE_STATE=getMsg HTTP/1.1" 200 27
120.253.135.82 - - [21/Mar/2023:06:29:47 +0800] "POST /xingrg/kc/pszx/mdps_order_operate.html HTTP/1.1" 200 7318
116.238.139.35 - - [21/Mar/2023:06:29:58 +0800] "GET /xingrg/all/function/internal_message.html?_=1679351399157&CODE_STATE=getMsg HTTP/1.1" 200 27
120.253.135.82 - - [21/Mar/2023:06:29:58 +0800] "POST /xingrg/all/common/load_select.html HTTP/1.1" 200 25
120.253.135.82 - - [21/Mar/2023:06:30:00 +0800] "GET /xingrg/kc/pszx/mdps_order_operate.html?command=get_materiel_price&pszx_code=00101&rest_code=00106&base_code=0010250&code=00102002433&unit_code=00100104&order_time=2023-03-22 HTTP/1.1" 200 39
120.253.135.82 - - [21/Mar/2023:06:30:17 +0800] "POST /xingrg/kc/pszx/mdps_order_operate.html HTTP/1.1" 200 37
120.253.135.82 - - [21/Mar/2023:06:30:18 +0800] "GET /xingrg/kc/pszx/mdps_order_info.html?code=312023032100469 HTTP/1.1" 200 23972
120.253.135.82 - - [21/Mar/2023:06:30:19 +0800] "GET /xingrg/javascript/easyui/themes/default/validatebox.css HTTP/1.1" 404 1104
120.253.135.82 - - [21/Mar/2023:06:30:19 +0800] "POST /xingrg/kc/pszx/mdps_order_operate.html HTTP/1.1" 200 7320
116.224.106.218 - - [21/Mar/2023:06:30:31 +0800] "GET /xingrg/all/function/internal_message.html?_=1679351431334&CODE_STATE=getMsg HTTP/1.1" 200 27
120.253.135.82 - - [21/Mar/2023:06:30:34 +0800] "POST /xingrg/kc/pszx/mdps_order_operate.html HTTP/1.1" 200 37
120.253.135.82 - - [21/Mar/2023:06:30:35 +0800] "GET /xingrg/kc/pszx/mdps_order_info.html?code=312023032100469 HTTP/1.1" 200 23972
120.253.135.82 - - [21/Mar/2023:06:30:36 +0800] "GET /xingrg/javascript/easyui/themes/default/validatebox.css HTTP/1.1" 404 1104
120.253.135.82 - - [21/Mar/2023:06:30:37 +0800] "POST /xingrg/kc/pszx/mdps_order_operate.html HTTP/1.1" 200 7320
120.253.135.82 - - [21/Mar/2023:06:30:37 +0800] "POST /xingrg/kc/pszx/mdps_list_operate.html HTTP/1.1" 200 3499
120.253.135.82 - - [21/Mar/2023:06:30:38 +0800] "GET /xingrg/check_reg.html?_=1679351268259 HTTP/1.1" 200 22
120.253.135.82 - - [21/Mar/2023:06:30:39 +0800] "GET /xingrg/all/function/internal_message.html?_=1679351269117&CODE_STATE=getMsg HTTP/1.1" 200 27
120.253.135.82 - - [21/Mar/2023:06:30:39 +0800] "POST /xingrg/kc/pszx/mdps_list_operate.html HTTP/1.1" 200 534
61.170.234.120 - - [21/Mar/2023:06:30:40 +0800] "GET /xingrg/all/function/internal_message.html?_=1679351439515&CODE_STATE=getMsg HTTP/1.1" 200 27
120.253.135.82 - - [21/Mar/2023:06:30:41 +0800] "GET /xingrg/kc/pszx/mdps_order_info.html?code=312023032100470 HTTP/1.1" 200 23972
120.253.135.82 - - [21/Mar/2023:06:30:41 +0800] "GET /xingrg/javascript/easyui/themes/default/validatebox.css HTTP/1.1" 404 1104
120.253.135.82 - - [21/Mar/2023:06:30:42 +0800] "POST /xingrg/kc/pszx/mdps_order_operate.html HTTP/1.1" 200 4267
120.253.135.82 - - [21/Mar/2023:06:30:44 +0800] "POST /xingrg/kc/pszx/mdps_order_operate.html HTTP/1.1" 200 37
120.253.135.82 - - [21/Mar/2023:06:30:45 +0800] "GET /xingrg/kc/pszx/mdps_order_info.html?code=312023032100470 HTTP/1.1" 200 23972
120.253.135.82 - - [21/Mar/2023:06:30:46 +0800] "GET /xingrg/javascript/easyui/themes/default/validatebox.css HTTP/1.1" 404 1104
120.253.135.82 - - [21/Mar/2023:06:30:46 +0800] "POST /xingrg/kc/pszx/mdps_order_operate.html HTTP/1.1" 200 4304
116.235.240.214 - - [21/Mar/2023:06:30:47 +0800] "GET /xingrg/all/function/internal_message.html?_=1679351452338&CODE_STATE=getMsg HTTP/1.1" 200 27
116.238.139.35 - - [21/Mar/2023:06:30:47 +0800] "GET /xingrg/all/function/internal_message.html?_=1679351372760&CODE_STATE=getMsg HTTP/1.1" 200 27
120.253.135.82 - - [21/Mar/2023:06:30:55 +0800] "GET /xingrg/kc/pszx/mdps_order_operate.html?command=get_materiel&pszx_code=00101&rest_code=00106&base_code=0010246&code=00101018006 HTTP/1.1" 200 444
116.238.139.35 - - [21/Mar/2023:06:30:58 +0800] "GET /xingrg/all/function/internal_message.html?_=1679351459157&CODE_STATE=getMsg HTTP/1.1" 200 27
120.253.135.82 - - [21/Mar/2023:06:30:59 +0800] "POST /xingrg/all/common/load_select.html HTTP/1.1" 200 25
120.253.135.82 - - [21/Mar/2023:06:31:00 +0800] "GET /xingrg/kc/pszx/mdps_order_operate.html?command=get_materiel_price&pszx_code=00101&rest_code=00106&base_code=0010246&code=00101018006&unit_code=00100169&order_time=2023-03-22 HTTP/1.1" 200 36
120.253.135.82 - - [21/Mar/2023:06:31:10 +0800] "GET /xingrg/kc/pszx/mdps_order_operate.html?command=get_materiel&pszx_code=00101&rest_code=00106&base_code=0010246&code=00101020397 HTTP/1.1" 200 421
120.253.135.82 - - [21/Mar/2023:06:31:26 +0800] "POST /xingrg/kc/pszx/mdps_order_operate.html HTTP/1.1" 200 37
120.253.135.82 - - [21/Mar/2023:06:31:27 +0800] "GET /xingrg/kc/pszx/mdps_order_info.html?code=312023032100470 HTTP/1.1" 200 23972
120.253.135.82 - - [21/Mar/2023:06:31:28 +0800] "GET /xingrg/javascript/easyui/themes/default/validatebox.css HTTP/1.1" 404 1104
120.253.135.82 - - [21/Mar/2023:06:31:28 +0800] "POST /xingrg/kc/pszx/mdps_order_operate.html HTTP/1.1" 200 4297
120.253.135.82 - - [21/Mar/2023:06:31:31 +0800] "POST /xingrg/kc/pszx/mdps_list_operate.html HTTP/1.1" 200 3499
116.224.106.218 - - [21/Mar/2023:06:31:31 +0800] "GET /xingrg/all/function/internal_message.html?_=1679351491321&CODE_STATE=getMsg HTTP/1.1" 200 27
120.253.135.82 - - [21/Mar/2023:06:31:33 +0800] "POST /xingrg/kc/pszx/mdps_list_operate.html HTTP/1.1" 200 526
120.253.135.82 - - [21/Mar/2023:06:31:34 +0800] "GET /xingrg/kc/pszx/mdps_order_info.html?code=312023032100470 HTTP/1.1" 200 23972
120.253.135.82 - - [21/Mar/2023:06:31:35 +0800] "GET /xingrg/javascript/easyui/themes/default/validatebox.css HTTP/1.1" 404 1104
120.253.135.82 - - [21/Mar/2023:06:31:35 +0800] "POST /xingrg/kc/pszx/mdps_order_operate.html HTTP/1.1" 200 4297
120.253.135.82 - - [21/Mar/2023:06:31:36 +0800] "POST /xingrg/kc/pszx/mdps_list_operate.html HTTP/1.1" 200 3499
120.253.135.82 - - [21/Mar/2023:06:31:38 +0800] "POST /xingrg/kc/pszx/mdps_list_operate.html HTTP/1.1" 200 623
120.253.135.82 - - [21/Mar/2023:06:31:39 +0800] "GET /xingrg/kc/pszx/mdps_order_info.html?code=312023032100471 HTTP/1.1" 200 23972
61.170.234.120 - - [21/Mar/2023:06:31:40 +0800] "GET /xingrg/all/function/internal_message.html?_=1679351499517&CODE_STATE=getMsg HTTP/1.1" 200 27
120.253.135.82 - - [21/Mar/2023:06:31:40 +0800] "GET /xingrg/all/function/internal_message.html?_=1679351329414&CODE_STATE=getMsg HTTP/1.1" 200 27
120.253.135.82 - - [21/Mar/2023:06:31:40 +0800] "GET /xingrg/javascript/easyui/themes/default/validatebox.css HTTP/1.1" 404 1104
120.253.135.82 - - [21/Mar/2023:06:31:40 +0800] "POST /xingrg/kc/pszx/mdps_order_operate.html HTTP/1.1" 200 5250
120.253.135.82 - - [21/Mar/2023:06:31:43 +0800] "POST /xingrg/kc/pszx/mdps_order_operate.html HTTP/1.1" 200 37
120.253.135.82 - - [21/Mar/2023:06:31:44 +0800] "GET /xingrg/kc/pszx/mdps_order_info.html?code=312023032100471 HTTP/1.1" 200 23972
120.253.135.82 - - [21/Mar/2023:06:31:44 +0800] "GET /xingrg/javascript/easyui/themes/default/validatebox.css HTTP/1.1" 404 1104
120.253.135.82 - - [21/Mar/2023:06:31:45 +0800] "POST /xingrg/kc/pszx/mdps_order_operate.html HTTP/1.1" 200 5306
116.238.139.35 - - [21/Mar/2023:06:31:47 +0800] "GET /xingrg/all/function/internal_message.html?_=1679351432793&CODE_STATE=getMsg HTTP/1.1" 200 27
116.235.240.214 - - [21/Mar/2023:06:31:47 +0800] "GET /xingrg/all/function/internal_message.html?_=1679351512726&CODE_STATE=getMsg HTTP/1.1" 200 27
116.224.106.218 - - [21/Mar/2023:06:31:48 +0800] "GET /xingrg/check_reg.html?_=1679351507937 HTTP/1.1" 200 22
120.253.135.82 - - [21/Mar/2023:06:31:56 +0800] "POST /xingrg/kc/pszx/mdps_list_operate.html HTTP/1.1" 200 3499
116.238.139.35 - - [21/Mar/2023:06:31:58 +0800] "GET /xingrg/all/function/internal_message.html?_=1679351519159&CODE_STATE=getMsg HTTP/1.1" 200 27
120.253.135.82 - - [21/Mar/2023:06:31:58 +0800] "POST /xingrg/kc/pszx/mdps_list_operate.html HTTP/1.1" 200 598
120.253.135.82 - - [21/Mar/2023:06:31:59 +0800] "GET /xingrg/kc/pszx/mdps_order_info.html?code=312023032100472 HTTP/1.1" 200 23972
120.253.135.82 - - [21/Mar/2023:06:32:00 +0800] "GET /xingrg/javascript/easyui/themes/default/validatebox.css HTTP/1.1" 404 1104
120.253.135.82 - - [21/Mar/2023:06:32:00 +0800] "POST /xingrg/kc/pszx/mdps_order_operate.html HTTP/1.1" 200 5715
120.253.135.82 - - [21/Mar/2023:06:32:02 +0800] "POST /xingrg/kc/pszx/mdps_order_operate.html HTTP/1.1" 200 37
120.253.135.82 - - [21/Mar/2023:06:32:04 +0800] "GET /xingrg/kc/pszx/mdps_order_info.html?code=312023032100472 HTTP/1.1" 200 23972
120.253.135.82 - - [21/Mar/2023:06:32:04 +0800] "GET /xingrg/javascript/easyui/themes/default/validatebox.css HTTP/1.1" 404 1104
120.253.135.82 - - [21/Mar/2023:06:32:05 +0800] "POST /xingrg/kc/pszx/mdps_order_operate.html HTTP/1.1" 200 5773
116.224.106.218 - - [21/Mar/2023:06:32:31 +0800] "GET /xingrg/all/function/internal_message.html?_=1679351551292&CODE_STATE=getMsg HTTP/1.1" 200 27
116.238.139.35 - - [21/Mar/2023:06:32:32 +0800] "GET /xingrg/check_reg.html?_=1679351478140 HTTP/1.1" 200 22
61.170.234.120 - - [21/Mar/2023:06:32:40 +0800] "GET /xingrg/all/function/internal_message.html?_=1679351559518&CODE_STATE=getMsg HTTP/1.1" 200 27
120.253.135.82 - - [21/Mar/2023:06:32:40 +0800] "GET /xingrg/all/function/internal_message.html?_=1679351389425&CODE_STATE=getMsg HTTP/1.1" 200 27
116.238.139.35 - - [21/Mar/2023:06:32:47 +0800] "GET /xingrg/all/function/internal_message.html?_=1679351492803&CODE_STATE=getMsg HTTP/1.1" 200 27
116.235.240.214 - - [21/Mar/2023:06:32:47 +0800] "GET /xingrg/all/function/internal_message.html?_=1679351572740&CODE_STATE=getMsg HTTP/1.1" 200 27
116.238.139.35 - - [21/Mar/2023:06:32:58 +0800] "GET /xingrg/all/function/internal_message.html?_=1679351579160&CODE_STATE=getMsg HTTP/1.1" 200 27
120.253.135.82 - - [21/Mar/2023:06:33:09 +0800] "GET /xingrg/kc/pszx/mdps_order_operate.html?command=get_materiel&pszx_code=00101&rest_code=00106&base_code=0010246&code=00101010256 HTTP/1.1" 200 428
120.253.135.82 - - [21/Mar/2023:06:33:17 +0800] "POST /xingrg/kc/pszx/mdps_order_operate.html HTTP/1.1" 200 37
120.253.135.82 - - [21/Mar/2023:06:33:18 +0800] "GET /xingrg/kc/pszx/mdps_order_info.html?code=312023032100472 HTTP/1.1" 200 23972
120.253.135.82 - - [21/Mar/2023:06:33:19 +0800] "GET /xingrg/javascript/easyui/themes/default/validatebox.css HTTP/1.1" 404 1104
120.253.135.82 - - [21/Mar/2023:06:33:19 +0800] "POST /xingrg/kc/pszx/mdps_order_operate.html HTTP/1.1" 200 5758
120.253.135.82 - - [21/Mar/2023:06:33:21 +0800] "POST /xingrg/kc/pszx/mdps_list_operate.html HTTP/1.1" 200 3499
120.253.135.82 - - [21/Mar/2023:06:33:23 +0800] "POST /xingrg/kc/pszx/mdps_list_operate.html HTTP/1.1" 200 650
120.253.135.82 - - [21/Mar/2023:06:33:25 +0800] "GET /xingrg/kc/pszx/mdps_order_info.html?code=312023032100473 HTTP/1.1" 200 23972
120.253.135.82 - - [21/Mar/2023:06:33:25 +0800] "GET /xingrg/javascript/easyui/themes/default/validatebox.css HTTP/1.1" 404 1104
120.253.135.82 - - [21/Mar/2023:06:33:26 +0800] "POST /xingrg/kc/pszx/mdps_order_operate.html HTTP/1.1" 200 6283
120.253.135.82 - - [21/Mar/2023:06:33:28 +0800] "POST /xingrg/kc/pszx/mdps_order_operate.html HTTP/1.1" 200 37
120.253.135.82 - - [21/Mar/2023:06:33:30 +0800] "GET /xingrg/kc/pszx/mdps_order_info.html?code=312023032100473 HTTP/1.1" 200 23972
120.253.135.82 - - [21/Mar/2023:06:33:30 +0800] "GET /xingrg/javascript/easyui/themes/default/validatebox.css HTTP/1.1" 404 1104
120.253.135.82 - - [21/Mar/2023:06:33:31 +0800] "POST /xingrg/kc/pszx/mdps_order_operate.html HTTP/1.1" 200 6351
116.224.106.218 - - [21/Mar/2023:06:33:31 +0800] "GET /xingrg/all/function/internal_message.html?_=1679351611278&CODE_STATE=getMsg HTTP/1.1" 200 27
61.170.234.120 - - [21/Mar/2023:06:33:40 +0800] "GET /xingrg/all/function/internal_message.html?_=1679351619527&CODE_STATE=getMsg HTTP/1.1" 200 27
120.253.135.82 - - [21/Mar/2023:06:33:40 +0800] "GET /xingrg/all/function/internal_message.html?_=1679351449438&CODE_STATE=getMsg HTTP/1.1" 200 27
180.157.253.110 - - [21/Mar/2023:06:33:40 +0800] "GET /xingrg/check_reg.html?_=1679351621818 HTTP/1.1" 200 22
116.238.139.35 - - [21/Mar/2023:06:33:47 +0800] "GET /xingrg/all/function/internal_message.html?_=1679351552817&CODE_STATE=getMsg HTTP/1.1" 200 27
116.235.240.214 - - [21/Mar/2023:06:33:47 +0800] "GET /xingrg/check_reg.html?_=1679351632718 HTTP/1.1" 200 22
116.235.240.214 - - [21/Mar/2023:06:33:47 +0800] "GET /xingrg/all/function/internal_message.html?_=1679351632753&CODE_STATE=getMsg HTTP/1.1" 200 27
116.238.139.35 - - [21/Mar/2023:06:33:58 +0800] "GET /xingrg/check_reg.html?_=1679351639162 HTTP/1.1" 200 22
116.238.139.35 - - [21/Mar/2023:06:33:58 +0800] "GET /xingrg/all/function/internal_message.html?_=1679351639166&CODE_STATE=getMsg HTTP/1.1" 200 27
120.253.135.82 - - [21/Mar/2023:06:34:02 +0800] "POST /xingrg/kc/pszx/mdps_order_operate.html HTTP/1.1" 200 37
120.253.135.82 - - [21/Mar/2023:06:34:04 +0800] "GET /xingrg/kc/pszx/mdps_order_info.html?code=312023032100473 HTTP/1.1" 200 23972
120.253.135.82 - - [21/Mar/2023:06:34:04 +0800] "GET /xingrg/javascript/easyui/themes/default/validatebox.css HTTP/1.1" 404 1104
120.253.135.82 - - [21/Mar/2023:06:34:05 +0800] "POST /xingrg/kc/pszx/mdps_order_operate.html HTTP/1.1" 200 6350
120.253.135.82 - - [21/Mar/2023:06:34:29 +0800] "POST /xingrg/kc/pszx/mdps_order_operate.html HTTP/1.1" 200 37
222.70.182.154 - - [21/Mar/2023:06:34:29 +0800] "POST /xingrg/services/DataTransmitService HTTP/1.1" 200 524
120.253.135.82 - - [21/Mar/2023:06:34:31 +0800] "GET /xingrg/kc/pszx/mdps_order_info.html?code=312023032100473 HTTP/1.1" 200 23972
116.224.106.218 - - [21/Mar/2023:06:34:31 +0800] "GET /xingrg/all/function/internal_message.html?_=1679351671263&CODE_STATE=getMsg HTTP/1.1" 200 27
120.253.135.82 - - [21/Mar/2023:06:34:32 +0800] "GET /xingrg/javascript/easyui/themes/default/validatebox.css HTTP/1.1" 404 1104
120.253.135.82 - - [21/Mar/2023:06:34:32 +0800] "POST /xingrg/kc/pszx/mdps_order_operate.html HTTP/1.1" 200 6350
120.253.135.82 - - [21/Mar/2023:06:34:38 +0800] "POST /xingrg/kc/pszx/mdps_list_operate.html HTTP/1.1" 200 3499
120.253.135.82 - - [21/Mar/2023:06:34:39 +0800] "POST /xingrg/kc/pszx/mdps_list_operate.html HTTP/1.1" 200 650
61.170.234.120 - - [21/Mar/2023:06:34:40 +0800] "GET /xingrg/all/function/internal_message.html?_=1679351679519&CODE_STATE=getMsg HTTP/1.1" 200 27
61.170.234.120 - - [21/Mar/2023:06:34:40 +0800] "GET /xingrg/check_reg.html?_=1679351679514 HTTP/1.1" 200 22
120.253.135.82 - - [21/Mar/2023:06:34:40 +0800] "GET /xingrg/all/function/internal_message.html?_=1679351509452&CODE_STATE=getMsg HTTP/1.1" 200 27
120.253.135.82 - - [21/Mar/2023:06:34:46 +0800] "GET /xingrg/kc/pszx/mdqp_order_list.html?state=10 HTTP/1.1" 200 12332
120.253.135.82 - - [21/Mar/2023:06:34:46 +0800] "GET /xingrg/dwr/interface/AjaxQqpsService.js HTTP/1.1" 200 16326
120.253.135.82 - - [21/Mar/2023:06:34:46 +0800] "GET /xingrg/dwr/interface/AjaxReportQueryService.js HTTP/1.1" 200 13203
120.253.135.82 - - [21/Mar/2023:06:34:46 +0800] "GET /xingrg/dwr/engine.js HTTP/1.1" 200 43631
116.238.139.35 - - [21/Mar/2023:06:34:47 +0800] "GET /xingrg/all/function/internal_message.html?_=1679351612848&CODE_STATE=getMsg HTTP/1.1" 200 27
116.235.240.214 - - [21/Mar/2023:06:34:47 +0800] "GET /xingrg/all/function/internal_message.html?_=1679351692769&CODE_STATE=getMsg HTTP/1.1" 200 27
120.253.135.82 - - [21/Mar/2023:06:34:48 +0800] "GET /xingrg/kc/pszx/mdqp_order_info.html?code=302023032000389 HTTP/1.1" 200 13350
120.253.135.82 - - [21/Mar/2023:06:34:48 +0800] "GET /xingrg/dwr/interface/AjaxComOrderService.js HTTP/1.1" 200 18264
120.253.135.82 - - [21/Mar/2023:06:34:48 +0800] "GET /xingrg/dwr/interface/AjaxQqpsService.js HTTP/1.1" 200 16326
120.253.135.82 - - [21/Mar/2023:06:34:48 +0800] "GET /xingrg/dwr/engine.js HTTP/1.1" 200 43631
120.253.135.82 - - [21/Mar/2023:06:34:50 +0800] "POST /xingrg/dwr/call/plaincall/AjaxQqpsService.loadMaterielItems.dwr HTTP/1.1" 200 673
120.253.135.82 - - [21/Mar/2023:06:34:53 +0800] "GET /xingrg/kc/pszx/mdqp_order_list.html?isBack=1 HTTP/1.1" 302 -
120.253.135.82 - - [21/Mar/2023:06:34:54 +0800] "GET /xingrg/kc/pszx/mdqp_order_list.html?state=10 HTTP/1.1" 200 12332
120.253.135.82 - - [21/Mar/2023:06:34:54 +0800] "GET /xingrg/dwr/interface/AjaxQqpsService.js HTTP/1.1" 200 16326
120.253.135.82 - - [21/Mar/2023:06:34:54 +0800] "GET /xingrg/dwr/interface/AjaxReportQueryService.js HTTP/1.1" 200 13203
120.253.135.82 - - [21/Mar/2023:06:34:54 +0800] "GET /xingrg/dwr/engine.js HTTP/1.1" 200 43631
120.253.135.82 - - [21/Mar/2023:06:34:56 +0800] "GET /xingrg/kc/pszx/mdqp_order_info.html?code=302023032000390 HTTP/1.1" 200 13350
120.253.135.82 - - [21/Mar/2023:06:34:56 +0800] "GET /xingrg/dwr/interface/AjaxComOrderService.js HTTP/1.1" 200 18264
120.253.135.82 - - [21/Mar/2023:06:34:56 +0800] "GET /xingrg/dwr/interface/AjaxQqpsService.js HTTP/1.1" 200 16326
120.253.135.82 - - [21/Mar/2023:06:34:56 +0800] "GET /xingrg/dwr/engine.js HTTP/1.1" 200 43631
120.253.135.82 - - [21/Mar/2023:06:34:57 +0800] "POST /xingrg/dwr/call/plaincall/AjaxQqpsService.loadMaterielItems.dwr HTTP/1.1" 200 329
116.238.139.35 - - [21/Mar/2023:06:34:58 +0800] "GET /xingrg/all/function/internal_message.html?_=1679351699154&CODE_STATE=getMsg HTTP/1.1" 200 27
120.253.135.82 - - [21/Mar/2023:06:34:59 +0800] "GET /xingrg/kc/pszx/mdqp_order_list.html?isBack=1 HTTP/1.1" 302 -
120.253.135.82 - - [21/Mar/2023:06:34:59 +0800] "GET /xingrg/kc/pszx/mdqp_order_list.html?state=10 HTTP/1.1" 200 12332
120.253.135.82 - - [21/Mar/2023:06:34:59 +0800] "GET /xingrg/dwr/interface/AjaxQqpsService.js HTTP/1.1" 200 16326
120.253.135.82 - - [21/Mar/2023:06:34:59 +0800] "GET /xingrg/dwr/engine.js HTTP/1.1" 200 43631
120.253.135.82 - - [21/Mar/2023:06:34:59 +0800] "GET /xingrg/dwr/interface/AjaxReportQueryService.js HTTP/1.1" 200 13203
120.253.135.82 - - [21/Mar/2023:06:35:02 +0800] "GET /xingrg/kc/pszx/mdqp_order_info.html?code=302023032000391 HTTP/1.1" 200 13350
120.253.135.82 - - [21/Mar/2023:06:35:02 +0800] "GET /xingrg/dwr/interface/AjaxComOrderService.js HTTP/1.1" 200 18264
120.253.135.82 - - [21/Mar/2023:06:35:02 +0800] "GET /xingrg/dwr/engine.js HTTP/1.1" 200 43631
120.253.135.82 - - [21/Mar/2023:06:35:02 +0800] "GET /xingrg/dwr/interface/AjaxQqpsService.js HTTP/1.1" 200 16326
120.253.135.82 - - [21/Mar/2023:06:35:03 +0800] "POST /xingrg/dwr/call/plaincall/AjaxQqpsService.loadMaterielItems.dwr HTTP/1.1" 200 391
120.253.135.82 - - [21/Mar/2023:06:35:06 +0800] "GET /xingrg/kc/pszx/mdqp_order_list.html?isBack=1 HTTP/1.1" 302 -
120.253.135.82 - - [21/Mar/2023:06:35:06 +0800] "GET /xingrg/kc/pszx/mdqp_order_list.html?state=10 HTTP/1.1" 200 12332
120.253.135.82 - - [21/Mar/2023:06:35:06 +0800] "GET /xingrg/dwr/interface/AjaxQqpsService.js HTTP/1.1" 200 16326
120.253.135.82 - - [21/Mar/2023:06:35:06 +0800] "GET /xingrg/dwr/interface/AjaxReportQueryService.js HTTP/1.1" 200 13203
120.253.135.82 - - [21/Mar/2023:06:35:06 +0800] "GET /xingrg/dwr/engine.js HTTP/1.1" 200 43631
120.253.135.82 - - [21/Mar/2023:06:35:09 +0800] "GET /xingrg/kc/pszx/mdqp_order_info.html?code=302023032000392 HTTP/1.1" 200 13350
120.253.135.82 - - [21/Mar/2023:06:35:09 +0800] "GET /xingrg/dwr/interface/AjaxComOrderService.js HTTP/1.1" 200 18264
120.253.135.82 - - [21/Mar/2023:06:35:09 +0800] "GET /xingrg/dwr/engine.js HTTP/1.1" 200 43631
120.253.135.82 - - [21/Mar/2023:06:35:09 +0800] "GET /xingrg/dwr/interface/AjaxQqpsService.js HTTP/1.1" 200 16326
120.253.135.82 - - [21/Mar/2023:06:35:10 +0800] "POST /xingrg/dwr/call/plaincall/AjaxQqpsService.loadMaterielItems.dwr HTTP/1.1" 200 2724
120.253.135.82 - - [21/Mar/2023:06:35:11 +0800] "GET /xingrg/images/yd/bt.gif HTTP/1.1" 404 1040
120.253.135.82 - - [21/Mar/2023:06:35:11 +0800] "GET /xingrg/images/yd/bt2.gif HTTP/1.1" 404 1042
120.253.135.82 - - [21/Mar/2023:06:35:14 +0800] "GET /xingrg/kc/pszx/mdqp_order_list.html?isBack=1 HTTP/1.1" 302 -
120.253.135.82 - - [21/Mar/2023:06:35:14 +0800] "GET /xingrg/kc/pszx/mdqp_order_list.html?state=10 HTTP/1.1" 200 12332
120.253.135.82 - - [21/Mar/2023:06:35:14 +0800] "GET /xingrg/dwr/interface/AjaxQqpsService.js HTTP/1.1" 200 16326
120.253.135.82 - - [21/Mar/2023:06:35:14 +0800] "GET /xingrg/dwr/engine.js HTTP/1.1" 200 43631
120.253.135.82 - - [21/Mar/2023:06:35:14 +0800] "GET /xingrg/dwr/interface/AjaxReportQueryService.js HTTP/1.1" 200 13203
120.253.135.82 - - [21/Mar/2023:06:35:17 +0800] "GET /xingrg/kc/pszx/mdqp_order_info.html?code=302023032000393 HTTP/1.1" 200 13350
120.253.135.82 - - [21/Mar/2023:06:35:17 +0800] "GET /xingrg/dwr/interface/AjaxComOrderService.js HTTP/1.1" 200 18264
120.253.135.82 - - [21/Mar/2023:06:35:17 +0800] "GET /xingrg/dwr/interface/AjaxQqpsService.js HTTP/1.1" 200 16326
120.253.135.82 - - [21/Mar/2023:06:35:17 +0800] "GET /xingrg/dwr/engine.js HTTP/1.1" 200 43631
120.253.135.82 - - [21/Mar/2023:06:35:19 +0800] "POST /xingrg/dwr/call/plaincall/AjaxQqpsService.loadMaterielItems.dwr HTTP/1.1" 200 11681
120.253.135.82 - - [21/Mar/2023:06:35:20 +0800] "GET /xingrg/images/yd/bt.gif HTTP/1.1" 404 1040
120.253.135.82 - - [21/Mar/2023:06:35:20 +0800] "GET /xingrg/images/yd/bt2.gif HTTP/1.1" 404 1042
116.224.106.218 - - [21/Mar/2023:06:35:31 +0800] "GET /xingrg/all/function/internal_message.html?_=1679351731249&CODE_STATE=getMsg HTTP/1.1" 200 27
120.253.135.82 - - [21/Mar/2023:06:35:38 +0800] "GET /xingrg/check_reg.html?_=1679351568264 HTTP/1.1" 200 22
180.163.28.68 - - [21/Mar/2023:06:35:40 +0800] "GET /xingrg/check_reg.html?_=1679351679514 HTTP/1.1" 302 -
61.170.234.120 - - [21/Mar/2023:06:35:40 +0800] "GET /xingrg/all/function/internal_message.html?_=1679351739522&CODE_STATE=getMsg HTTP/1.1" 200 27
120.253.135.82 - - [21/Mar/2023:06:35:40 +0800] "GET /xingrg/all/function/internal_message.html?_=1679351569466&CODE_STATE=getMsg HTTP/1.1" 200 27
180.163.28.68 - - [21/Mar/2023:06:35:40 +0800] "GET /xingrg/login.html HTTP/1.1" 200 7641
120.253.135.82 - - [21/Mar/2023:06:35:40 +0800] "GET /xingrg/kc/pszx/mdqp_order_list.html?isBack=1 HTTP/1.1" 302 -
120.253.135.82 - - [21/Mar/2023:06:35:41 +0800] "GET /xingrg/kc/pszx/mdqp_order_list.html?state=10 HTTP/1.1" 200 12332
120.253.135.82 - - [21/Mar/2023:06:35:41 +0800] "GET /xingrg/dwr/interface/AjaxQqpsService.js HTTP/1.1" 200 16326
120.253.135.82 - - [21/Mar/2023:06:35:41 +0800] "GET /xingrg/dwr/interface/AjaxReportQueryService.js HTTP/1.1" 200 13203
120.253.135.82 - - [21/Mar/2023:06:35:41 +0800] "GET /xingrg/dwr/engine.js HTTP/1.1" 200 43631
116.238.139.35 - - [21/Mar/2023:06:35:47 +0800] "GET /xingrg/all/function/internal_message.html?_=1679351672861&CODE_STATE=getMsg HTTP/1.1" 200 27
116.235.240.214 - - [21/Mar/2023:06:35:47 +0800] "GET /xingrg/all/function/internal_message.html?_=1679351752782&CODE_STATE=getMsg HTTP/1.1" 200 27
116.238.139.35 - - [21/Mar/2023:06:35:58 +0800] "GET /xingrg/all/function/internal_message.html?_=1679351759155&CODE_STATE=getMsg HTTP/1.1" 200 27
120.253.135.82 - - [21/Mar/2023:06:36:13 +0800] "GET /xingrg/kc/pszx/jzcl_ps.html HTTP/1.1" 200 7683
120.253.135.82 - - [21/Mar/2023:06:36:13 +0800] "POST /xingrg/all/common/load_tree.html?tree=area_rest_tree_json HTTP/1.1" 200 3499
120.253.135.82 - - [21/Mar/2023:06:36:14 +0800] "POST /xingrg/kc/pszx/jzcl_ps_operate.html HTTP/1.1" 200 2098
120.253.135.82 - - [21/Mar/2023:06:36:14 +0800] "POST /xingrg/kc/pszx/jzcl_ps_operate.html HTTP/1.1" 200 2098
116.224.106.218 - - [21/Mar/2023:06:36:31 +0800] "GET /xingrg/all/function/internal_message.html?_=1679351791236&CODE_STATE=getMsg HTTP/1.1" 200 27
61.170.234.120 - - [21/Mar/2023:06:36:40 +0800] "GET /xingrg/all/function/internal_message.html?_=1679351799525&CODE_STATE=getMsg HTTP/1.1" 200 27
120.253.135.82 - - [21/Mar/2023:06:36:40 +0800] "GET /xingrg/all/function/internal_message.html?_=1679351629480&CODE_STATE=getMsg HTTP/1.1" 200 27
120.253.135.82 - - [21/Mar/2023:06:36:44 +0800] "POST /xingrg/kc/pszx/jzcl_ps_operate.html HTTP/1.1" 200 4
120.253.135.82 - - [21/Mar/2023:06:36:46 +0800] "GET /xingrg/kc/pszx/mdps_order_list.html HTTP/1.1" 200 21032
120.253.135.82 - - [21/Mar/2023:06:36:46 +0800] "POST /xingrg/kc/pszx/jzcl_ps_operate.html HTTP/1.1" 200 21
120.253.135.82 - - [21/Mar/2023:06:36:47 +0800] "POST /xingrg/kc/pszx/mdps_list_operate.html HTTP/1.1" 200 5347
116.238.139.35 - - [21/Mar/2023:06:36:47 +0800] "GET /xingrg/all/function/internal_message.html?_=1679351732891&CODE_STATE=getMsg HTTP/1.1" 200 27
116.235.240.214 - - [21/Mar/2023:06:36:48 +0800] "GET /xingrg/all/function/internal_message.html?_=1679351813157&CODE_STATE=getMsg HTTP/1.1" 200 27
116.224.106.218 - - [21/Mar/2023:06:36:48 +0800] "GET /xingrg/check_reg.html?_=1679351807945 HTTP/1.1" 200 22
116.238.139.35 - - [21/Mar/2023:06:36:58 +0800] "GET /xingrg/all/function/internal_message.html?_=1679351819155&CODE_STATE=getMsg HTTP/1.1" 200 27
116.224.106.218 - - [21/Mar/2023:06:37:31 +0800] "GET /xingrg/all/function/internal_message.html?_=1679351851208&CODE_STATE=getMsg HTTP/1.1" 200 27
116.238.139.35 - - [21/Mar/2023:06:37:32 +0800] "GET /xingrg/check_reg.html?_=1679351778149 HTTP/1.1" 200 22
180.163.29.79 - - [21/Mar/2023:06:37:40 +0800] "GET /xingrg/all/function/internal_message.html?_=1679351799525&CODE_STATE=getMsg HTTP/1.1" 302 -
180.163.29.79 - - [21/Mar/2023:06:37:40 +0800] "GET /xingrg/login.html HTTP/1.1" 200 7641
61.170.234.120 - - [21/Mar/2023:06:37:40 +0800] "GET /xingrg/all/function/internal_message.html?_=1679351859527&CODE_STATE=getMsg HTTP/1.1" 200 27
120.253.135.82 - - [21/Mar/2023:06:37:40 +0800] "GET /xingrg/all/function/internal_message.html?_=1679351689685&CODE_STATE=getMsg HTTP/1.1" 200 27
116.238.139.35 - - [21/Mar/2023:06:37:47 +0800] "GET /xingrg/all/function/internal_message.html?_=1679351792903&CODE_STATE=getMsg HTTP/1.1" 200 27
116.235.240.214 - - [21/Mar/2023:06:37:48 +0800] "GET /xingrg/all/function/internal_message.html?_=1679351873167&CODE_STATE=getMsg HTTP/1.1" 200 27
116.238.139.35 - - [21/Mar/2023:06:37:58 +0800] "GET /xingrg/all/function/internal_message.html?_=1679351879156&CODE_STATE=getMsg HTTP/1.1" 200 27
116.224.106.218 - - [21/Mar/2023:06:38:31 +0800] "GET /xingrg/all/function/internal_message.html?_=1679351911192&CODE_STATE=getMsg HTTP/1.1" 200 27
116.235.240.214 - - [21/Mar/2023:06:38:39 +0800] "POST /xingrg/services/DataTransmitService HTTP/1.1" 200 524
180.163.28.114 - - [21/Mar/2023:06:38:40 +0800] "GET /xingrg/all/function/internal_message.html?_=1679351859527&CODE_STATE=getMsg HTTP/1.1" 302 -
180.163.28.114 - - [21/Mar/2023:06:38:40 +0800] "GET /xingrg/login.html HTTP/1.1" 200 7641
61.170.234.120 - - [21/Mar/2023:06:38:40 +0800] "GET /xingrg/all/function/internal_message.html?_=1679351919518&CODE_STATE=getMsg HTTP/1.1" 200 27
116.235.240.214 - - [21/Mar/2023:06:38:40 +0800] "POST /xingrg/services/DataTransmitService HTTP/1.1" 200 412
120.253.135.82 - - [21/Mar/2023:06:38:40 +0800] "GET /xingrg/all/function/internal_message.html?_=1679351749693&CODE_STATE=getMsg HTTP/1.1" 200 27
180.157.253.110 - - [21/Mar/2023:06:38:40 +0800] "GET /xingrg/check_reg.html?_=1679351921795 HTTP/1.1" 200 22
116.238.139.35 - - [21/Mar/2023:06:38:47 +0800] "GET /xingrg/all/function/internal_message.html?_=1679351852917&CODE_STATE=getMsg HTTP/1.1" 200 27
116.235.240.214 - - [21/Mar/2023:06:38:48 +0800] "GET /xingrg/check_reg.html?_=1679351933138 HTTP/1.1" 200 22
116.235.240.214 - - [21/Mar/2023:06:38:48 +0800] "GET /xingrg/all/function/internal_message.html?_=1679351933181&CODE_STATE=getMsg HTTP/1.1" 200 27
116.238.139.35 - - [21/Mar/2023:06:38:58 +0800] "GET /xingrg/all/function/internal_message.html?_=1679351939157&CODE_STATE=getMsg HTTP/1.1" 200 27
116.238.139.35 - - [21/Mar/2023:06:38:58 +0800] "GET /xingrg/check_reg.html?_=1679351939161 HTTP/1.1" 200 22
116.224.106.218 - - [21/Mar/2023:06:39:31 +0800] "GET /xingrg/all/function/internal_message.html?_=1679351971178&CODE_STATE=getMsg HTTP/1.1" 200 27
61.170.234.120 - - [21/Mar/2023:06:39:40 +0800] "GET /xingrg/check_reg.html?_=1679351979519 HTTP/1.1" 200 22
61.170.234.120 - - [21/Mar/2023:06:39:40 +0800] "GET /xingrg/all/function/internal_message.html?_=1679351979523&CODE_STATE=getMsg HTTP/1.1" 200 27
120.253.135.82 - - [21/Mar/2023:06:39:40 +0800] "GET /xingrg/all/function/internal_message.html?_=1679351809910&CODE_STATE=getMsg HTTP/1.1" 200 27
116.238.139.35 - - [21/Mar/2023:06:39:47 +0800] "GET /xingrg/all/function/internal_message.html?_=1679351912950&CODE_STATE=getMsg HTTP/1.1" 200 27
116.235.240.214 - - [21/Mar/2023:06:39:48 +0800] "GET /xingrg/all/function/internal_message.html?_=1679351993194&CODE_STATE=getMsg HTTP/1.1" 200 27
116.238.139.35 - - [21/Mar/2023:06:39:58 +0800] "GET /xingrg/all/function/internal_message.html?_=1679351999163&CODE_STATE=getMsg HTTP/1.1" 200 27
222.64.62.25 - - [21/Mar/2023:06:40:29 +0800] "POST /xingrg/services/DataTransmitService HTTP/1.1" 200 524
116.224.106.218 - - [21/Mar/2023:06:40:31 +0800] "GET /xingrg/all/function/internal_message.html?_=1679352031148&CODE_STATE=getMsg HTTP/1.1" 200 27
120.253.135.82 - - [21/Mar/2023:06:40:38 +0800] "GET /xingrg/check_reg.html?_=1679351868269 HTTP/1.1" 200 22
180.163.28.55 - - [21/Mar/2023:06:40:40 +0800] "GET /xingrg/check_reg.html?_=1679351979519 HTTP/1.1" 302 -
180.163.28.55 - - [21/Mar/2023:06:40:40 +0800] "GET /xingrg/login.html HTTP/1.1" 200 7641
61.170.234.120 - - [21/Mar/2023:06:40:40 +0800] "GET /xingrg/all/function/internal_message.html?_=1679352039525&CODE_STATE=getMsg HTTP/1.1" 200 27
120.253.135.82 - - [21/Mar/2023:06:40:40 +0800] "GET /xingrg/all/function/internal_message.html?_=1679351869923&CODE_STATE=getMsg HTTP/1.1" 200 27
116.238.139.35 - - [21/Mar/2023:06:40:47 +0800] "GET /xingrg/all/function/internal_message.html?_=1679351972960&CODE_STATE=getMsg HTTP/1.1" 200 27
116.235.240.214 - - [21/Mar/2023:06:40:48 +0800] "GET /xingrg/all/function/internal_message.html?_=1679352053207&CODE_STATE=getMsg HTTP/1.1" 200 27
116.238.139.35 - - [21/Mar/2023:06:40:58 +0800] "GET /xingrg/all/function/internal_message.html?_=1679352059162&CODE_STATE=getMsg HTTP/1.1" 200 27
116.224.106.218 - - [21/Mar/2023:06:41:31 +0800] "GET /xingrg/all/function/internal_message.html?_=1679352091133&CODE_STATE=getMsg HTTP/1.1" 200 27
61.170.234.120 - - [21/Mar/2023:06:41:40 +0800] "GET /xingrg/all/function/internal_message.html?_=1679352099527&CODE_STATE=getMsg HTTP/1.1" 200 27
120.253.135.82 - - [21/Mar/2023:06:41:40 +0800] "GET /xingrg/all/function/internal_message.html?_=1679351929938&CODE_STATE=getMsg HTTP/1.1" 200 27
116.238.139.35 - - [21/Mar/2023:06:41:47 +0800] "GET /xingrg/all/function/internal_message.html?_=1679352032993&CODE_STATE=getMsg HTTP/1.1" 200 27
116.235.240.214 - - [21/Mar/2023:06:41:48 +0800] "GET /xingrg/all/function/internal_message.html?_=1679352113573&CODE_STATE=getMsg HTTP/1.1" 200 27
116.224.106.218 - - [21/Mar/2023:06:41:48 +0800] "GET /xingrg/check_reg.html?_=1679352107954 HTTP/1.1" 200 22
116.238.139.35 - - [21/Mar/2023:06:41:58 +0800] "GET /xingrg/all/function/internal_message.html?_=1679352119166&CODE_STATE=getMsg HTTP/1.1" 200 27
222.70.221.209 - - [21/Mar/2023:06:42:22 +0800] "POST /xingrg/services/DataTransmitService HTTP/1.1" 200 524
116.224.106.218 - - [21/Mar/2023:06:42:31 +0800] "GET /xingrg/all/function/internal_message.html?_=1679352151107&CODE_STATE=getMsg HTTP/1.1" 200 27
116.238.139.35 - - [21/Mar/2023:06:42:32 +0800] "GET /xingrg/check_reg.html?_=1679352078154 HTTP/1.1" 200 22
61.170.234.120 - - [21/Mar/2023:06:42:40 +0800] "GET /xingrg/all/function/internal_message.html?_=1679352159520&CODE_STATE=getMsg HTTP/1.1" 200 27
120.253.135.82 - - [21/Mar/2023:06:42:40 +0800] "GET /xingrg/all/function/internal_message.html?_=1679351989950&CODE_STATE=getMsg HTTP/1.1" 200 27
116.238.139.35 - - [21/Mar/2023:06:42:47 +0800] "GET /xingrg/all/function/internal_message.html?_=1679352093002&CODE_STATE=getMsg HTTP/1.1" 200 27
116.235.240.214 - - [21/Mar/2023:06:42:48 +0800] "GET /xingrg/all/function/internal_message.html?_=1679352173577&CODE_STATE=getMsg HTTP/1.1" 200 27
116.238.139.35 - - [21/Mar/2023:06:42:58 +0800] "GET /xingrg/all/function/internal_message.html?_=1679352179166&CODE_STATE=getMsg HTTP/1.1" 200 27
120.253.135.82 - - [21/Mar/2023:06:43:22 +0800] "POST /xingrg/kc/pszx/mdps_list_operate.html HTTP/1.1" 200 3499
120.253.135.82 - - [21/Mar/2023:06:43:24 +0800] "POST /xingrg/kc/pszx/mdps_list_operate.html HTTP/1.1" 200 283
120.253.135.82 - - [21/Mar/2023:06:43:26 +0800] "POST /xingrg/kc/pszx/mdps_list_operate.html HTTP/1.1" 200 612
120.253.135.82 - - [21/Mar/2023:06:43:28 +0800] "POST /xingrg/kc/pszx/mdps_list_operate.html HTTP/1.1" 200 526
120.253.135.82 - - [21/Mar/2023:06:43:29 +0800] "GET /xingrg/kc/pszx/mdps_order_info.html?code=312023032100470 HTTP/1.1" 200 23972
120.253.135.82 - - [21/Mar/2023:06:43:29 +0800] "GET /xingrg/javascript/easyui/themes/default/validatebox.css HTTP/1.1" 404 1104
120.253.135.82 - - [21/Mar/2023:06:43:30 +0800] "POST /xingrg/kc/pszx/mdps_order_operate.html HTTP/1.1" 200 4297
116.224.106.218 - - [21/Mar/2023:06:43:31 +0800] "GET /xingrg/all/function/internal_message.html?_=1679352211092&CODE_STATE=getMsg HTTP/1.1" 200 27
120.253.135.82 - - [21/Mar/2023:06:43:36 +0800] "POST /xingrg/kc/pszx/mdps_list_operate.html HTTP/1.1" 200 623
120.253.135.82 - - [21/Mar/2023:06:43:37 +0800] "GET /xingrg/kc/pszx/mdps_order_info.html?code=312023032100471 HTTP/1.1" 200 23972
120.253.135.82 - - [21/Mar/2023:06:43:38 +0800] "GET /xingrg/javascript/easyui/themes/default/validatebox.css HTTP/1.1" 404 1104
120.253.135.82 - - [21/Mar/2023:06:43:38 +0800] "POST /xingrg/kc/pszx/mdps_order_operate.html HTTP/1.1" 200 5306
61.170.234.120 - - [21/Mar/2023:06:43:40 +0800] "GET /xingrg/all/function/internal_message.html?_=1679352219522&CODE_STATE=getMsg HTTP/1.1" 200 27
