58.40.7.146 - - [21/Mar/2023:10:52:20 +0800] "GET /xingrg/javascript/multi_select/dropdown_active.gif HTTP/1.1" 200 61
116.235.240.214 - - [21/Mar/2023:10:52:20 +0800] "GET /xingrg/all/function/internal_message.html?_=1679367146444&CODE_STATE=getMsg HTTP/1.1" 200 27
116.225.84.253 - - [21/Mar/2023:10:52:21 +0800] "GET /xingrg/all/function/internal_message.html?_=1679367142254&CODE_STATE=getMsg HTTP/1.1" 200 27
116.235.240.214 - - [21/Mar/2023:10:52:21 +0800] "GET /xingrg/kc/print/load_data.html?order_code=212023032107792&kc_code=cgsh&condition= HTTP/1.1" 200 1603
116.238.139.35 - - [21/Mar/2023:10:52:23 +0800] "GET /xingrg/all/function/internal_message.html?_=1679367068629&CODE_STATE=getMsg HTTP/1.1" 200 27
116.224.106.218 - - [21/Mar/2023:10:52:27 +0800] "GET /xingrg/all/function/internal_message.html?_=1679367146763&CODE_STATE=getMsg HTTP/1.1" 200 27
116.228.172.94 - - [21/Mar/2023:10:52:27 +0800] "GET /xingrg/all/function/internal_message.html?_=1679367143065&CODE_STATE=getMsg HTTP/1.1" 200 27
116.235.240.214 - - [21/Mar/2023:10:52:28 +0800] "GET /xingrg/kc/buy/cgsh_order_add.html HTTP/1.1" 200 69961
116.235.240.214 - - [21/Mar/2023:10:52:30 +0800] "POST /xingrg/kc/buy/cgsh_order_operate.html HTTP/1.1" 200 8245
116.235.240.214 - - [21/Mar/2023:10:52:30 +0800] "GET /xingrg/javascript/easyui/themes/default/validatebox.css HTTP/1.1" 404 1104
114.83.222.182 - - [21/Mar/2023:10:52:31 +0800] "POST /xingrg/kc/buy/cgsh_order_operate.html HTTP/1.1" 200 37
124.79.72.155 - - [21/Mar/2023:10:52:36 +0800] "GET /xingrg/check_reg.html?_=1679367159009 HTTP/1.1" 200 22
124.79.72.155 - - [21/Mar/2023:10:52:36 +0800] "GET /xingrg/all/function/internal_message.html?_=1679367159010&CODE_STATE=getMsg HTTP/1.1" 200 27
114.83.222.182 - - [21/Mar/2023:10:52:36 +0800] "POST /xingrg/kc/buy/cgsh_order_operate.html HTTP/1.1" 200 12
222.67.232.202 - - [21/Mar/2023:10:52:37 +0800] "GET /xingrg/all/function/internal_message.html?_=1679366705234&CODE_STATE=getMsg HTTP/1.1" 200 27
114.83.222.182 - - [21/Mar/2023:10:52:37 +0800] "GET /xingrg/check_reg.html?_=1679367228408 HTTP/1.1" 200 22
114.83.222.182 - - [21/Mar/2023:10:52:37 +0800] "GET /xingrg/all/function/internal_message.html?_=1679367228409&CODE_STATE=getMsg HTTP/1.1" 200 27
114.83.222.182 - - [21/Mar/2023:10:52:38 +0800] "GET /xingrg/kc/buy/cgsh_order_info.html?code=212023032107794 HTTP/1.1" 200 64070
114.83.222.182 - - [21/Mar/2023:10:52:39 +0800] "GET /xingrg/javascript/easyui/themes/default/validatebox.css HTTP/1.1" 404 1104
114.83.222.182 - - [21/Mar/2023:10:52:40 +0800] "POST /xingrg/kc/buy/cgsh_order_operate.html HTTP/1.1" 200 600
116.225.84.253 - - [21/Mar/2023:10:52:41 +0800] "GET /xingrg/all/function/internal_message.html?_=1679367004629&CODE_STATE=getMsg HTTP/1.1" 200 27
114.83.222.182 - - [21/Mar/2023:10:52:41 +0800] "GET /xingrg/kc/print/load_data.html?order_code=212023032107794&kc_code=cgsh&condition= HTTP/1.1" 200 715
116.237.76.6 - - [21/Mar/2023:10:52:44 +0800] "GET /xingrg/all/function/internal_message.html?_=1679367163896&CODE_STATE=getMsg HTTP/1.1" 200 27
120.253.135.82 - - [21/Mar/2023:10:52:45 +0800] "GET /xingrg/all/function/internal_message.html?_=1679366995032&CODE_STATE=getMsg HTTP/1.1" 200 27
180.164.3.199 - - [21/Mar/2023:10:52:47 +0800] "POST /xingrg/kc/buy/cgsh_list_operate.html HTTP/1.1" 200 271
116.235.240.214 - - [21/Mar/2023:10:52:47 +0800] "GET /xingrg/kc/buy/cgsh_order_operate.html?command=get_materiel&rest_code=00146&code=00101002027&supplier_code=00100041&order_time=2023-03-21 HTTP/1.1" 200 413
180.164.3.199 - - [21/Mar/2023:10:52:48 +0800] "POST /xingrg/kc/buy/cgsh_list_operate.html HTTP/1.1" 200 274
58.40.7.146 - - [21/Mar/2023:10:52:50 +0800] "GET /xingrg/check_reg.html?_=1679367170147 HTTP/1.1" 200 22
58.40.7.146 - - [21/Mar/2023:10:52:50 +0800] "GET /xingrg/all/function/internal_message.html?_=1679367170149&CODE_STATE=getMsg HTTP/1.1" 200 27
180.164.3.199 - - [21/Mar/2023:10:52:50 +0800] "GET /xingrg/all/function/internal_message.html?_=1679367170008&CODE_STATE=getMsg HTTP/1.1" 200 27
58.40.7.146 - - [21/Mar/2023:10:52:52 +0800] "POST /xingrg/dwr/call/plaincall/AjaxReportQueryService.refreshCache.dwr HTTP/1.1" 200 78
180.169.147.146 - - [21/Mar/2023:10:52:52 +0800] "GET /xingrg/all/function/internal_message.html?_=1679367172675&CODE_STATE=getMsg HTTP/1.1" 200 27
58.40.7.146 - - [21/Mar/2023:10:52:53 +0800] "POST /xingrg/all/report/load_report_page.html HTTP/1.1" 200 14820
58.40.7.146 - - [21/Mar/2023:10:52:53 +0800] "GET /xingrg/servlets/image?cache=0.10969668699412793&image=px HTTP/1.1" 200 807
116.238.139.35 - - [21/Mar/2023:10:52:53 +0800] "GET /xingrg/all/function/internal_message.html?_=1679367174689&CODE_STATE=getMsg HTTP/1.1" 200 27
222.70.182.154 - - [21/Mar/2023:10:52:55 +0800] "GET /xingrg/all/function/internal_message.html?_=1679367173545&CODE_STATE=getMsg HTTP/1.1" 200 27
222.69.129.178 - - [21/Mar/2023:10:52:58 +0800] "GET /xingrg/all/function/internal_message.html?_=1679367177778&CODE_STATE=getMsg HTTP/1.1" 200 27
101.229.22.234 - - [21/Mar/2023:10:53:04 +0800] "GET /xingrg/all/function/internal_message.html?_=1679367182207&CODE_STATE=getMsg HTTP/1.1" 200 27
180.169.147.146 - - [21/Mar/2023:10:53:07 +0800] "GET /xingrg/all/function/internal_message.html?_=1679367183807&CODE_STATE=getMsg HTTP/1.1" 200 27
180.169.147.146 - - [21/Mar/2023:10:53:07 +0800] "GET /xingrg/check_reg.html?_=1679367183810 HTTP/1.1" 200 22
116.235.240.214 - - [21/Mar/2023:10:53:08 +0800] "GET /xingrg/kc/buy/cgsh_order_operate.html?command=get_materiel&rest_code=00146&code=00101002007&supplier_code=00100041&order_time=2023-03-21 HTTP/1.1" 200 411
58.40.7.146 - - [21/Mar/2023:10:53:12 +0800] "POST /xingrg/all/report/load_report_page.html HTTP/1.1" 200 14809
58.40.7.146 - - [21/Mar/2023:10:53:12 +0800] "GET /xingrg/servlets/image?cache=0.6966641469153206&image=px HTTP/1.1" 200 807
58.40.7.146 - - [21/Mar/2023:10:53:15 +0800] "POST /xingrg/dwr/call/plaincall/AjaxReportQueryService.refreshCache.dwr HTTP/1.1" 200 78
222.70.221.209 - - [21/Mar/2023:10:53:15 +0800] "GET /xingrg/all/function/internal_message.html?_=1679367305580&CODE_STATE=getMsg HTTP/1.1" 200 27
58.40.7.146 - - [21/Mar/2023:10:53:16 +0800] "POST /xingrg/all/report/load_report_page.html HTTP/1.1" 200 14820
58.40.7.146 - - [21/Mar/2023:10:53:16 +0800] "GET /xingrg/servlets/image?cache=0.18700102164816124&image=px HTTP/1.1" 200 807
222.70.221.209 - - [21/Mar/2023:10:53:18 +0800] "GET /xingrg/check_reg.html?_=1679367308278 HTTP/1.1" 200 22
116.235.240.214 - - [21/Mar/2023:10:53:20 +0800] "GET /xingrg/all/function/internal_message.html?_=1679367206459&CODE_STATE=getMsg HTTP/1.1" 200 27
116.225.84.253 - - [21/Mar/2023:10:53:21 +0800] "GET /xingrg/all/function/internal_message.html?_=1679367202256&CODE_STATE=getMsg HTTP/1.1" 200 27
116.238.139.35 - - [21/Mar/2023:10:53:23 +0800] "GET /xingrg/all/function/internal_message.html?_=1679367128648&CODE_STATE=getMsg HTTP/1.1" 200 27
116.224.106.218 - - [21/Mar/2023:10:53:27 +0800] "GET /xingrg/all/function/internal_message.html?_=1679367206748&CODE_STATE=getMsg HTTP/1.1" 200 27
116.228.172.94 - - [21/Mar/2023:10:53:27 +0800] "GET /xingrg/all/function/internal_message.html?_=1679367203065&CODE_STATE=getMsg HTTP/1.1" 200 27
120.253.135.82 - - [21/Mar/2023:10:53:29 +0800] "GET /xingrg/check_reg.html?_=1679367038805 HTTP/1.1" 200 22
58.40.7.146 - - [21/Mar/2023:10:53:31 +0800] "GET /xingrg/all/report/report_query.html?isQuery=1&fileName=kc/make/wlps_cate_hz.xml&queryString=(CONVERT(char(10)%2Ca.order_time%2C%20120)%3E%3D'2022-12-01')%20and%20(CONVERT(char(10)%2Ca.order_time%2C%20120)%3C%3D'2023-01-18')%20and%20(a.rest_code%20in%20('00146'))%20and%20(a.rest_code%3D'00146')&queryText=%E3%80%90%E9%80%81%E8%B4%A7%E6%97%A5%E6%9C%9F%3A2022-12-01%20%E8%87%B3%202023-01-18%E3%80%91%20%E5%B9%B6%E4%B8%94%20%20%E3%80%90%E9%97%A8%E5%BA%97%20%3D%20%E6%B7%B1%E6%B5%B7%E6%B8%94%E6%B8%AF%E9%95%BF%E9%98%B3%E8%B7%AF%E3%80%91%20%E5%B9%B6%E4%B8%94%20%E3%80%90%E9%97%A8%E5%BA%97%E5%90%8D%E7%A7%B0%20%3D%20%E6%B7%B1%E6%B5%B7%E6%B8%94%E6%B8%AF%E9%95%BF%E9%98%B3%E8%B7%AF%E3%80%91&rand=0.7606199195301913 HTTP/1.1" 200 8211
58.40.7.146 - - [21/Mar/2023:10:53:31 +0800] "GET /xingrg/all/report/report_query.html?isQuery=1&fileName=kc/make/wlps_cate_hz.xml&queryString=(CONVERT(char(10)%2Ca.order_time%2C%20120)%3E%3D'2022-12-01')%20and%20(CONVERT(char(10)%2Ca.order_time%2C%20120)%3C%3D'2023-01-18')%20and%20(a.rest_code%20in%20('00146'))%20and%20(a.rest_code%3D'00146')&queryText=%E3%80%90%E9%80%81%E8%B4%A7%E6%97%A5%E6%9C%9F%3A2022-12-01%20%E8%87%B3%202023-01-18%E3%80%91%20%E5%B9%B6%E4%B8%94%20%20%E3%80%90%E9%97%A8%E5%BA%97%20%3D%20%E6%B7%B1%E6%B5%B7%E6%B8%94%E6%B8%AF%E9%95%BF%E9%98%B3%E8%B7%AF%E3%80%91%20%E5%B9%B6%E4%B8%94%20%E3%80%90%E9%97%A8%E5%BA%97%E5%90%8D%E7%A7%B0%20%3D%20%E6%B7%B1%E6%B5%B7%E6%B8%94%E6%B8%AF%E9%95%BF%E9%98%B3%E8%B7%AF%E3%80%91&rand=0.7606199195301913 HTTP/1.1" 200 56183
58.40.7.146 - - [21/Mar/2023:10:53:32 +0800] "GET /xingrg/dwr/interface/AjaxReportQueryService.js HTTP/1.1" 200 13203
58.40.7.146 - - [21/Mar/2023:10:53:32 +0800] "GET /xingrg/dwr/engine.js HTTP/1.1" 200 43631
116.235.240.214 - - [21/Mar/2023:10:53:34 +0800] "GET /xingrg/kc/buy/cgsh_order_operate.html?command=get_materiel&rest_code=00146&code=00101004030&supplier_code=00100041&order_time=2023-03-21 HTTP/1.1" 200 408
58.40.7.146 - - [21/Mar/2023:10:53:35 +0800] "POST /xingrg/all/report/load_report_page.html HTTP/1.1" 200 20530
58.40.7.146 - - [21/Mar/2023:10:53:35 +0800] "GET /xingrg/servlets/image?cache=0.7275882672783288&image=px HTTP/1.1" 200 807
124.79.72.155 - - [21/Mar/2023:10:53:36 +0800] "GET /xingrg/all/function/internal_message.html?_=1679367219066&CODE_STATE=getMsg HTTP/1.1" 200 27
222.67.232.202 - - [21/Mar/2023:10:53:37 +0800] "GET /xingrg/all/function/internal_message.html?_=1679366765206&CODE_STATE=getMsg HTTP/1.1" 200 27
114.83.222.182 - - [21/Mar/2023:10:53:37 +0800] "GET /xingrg/all/function/internal_message.html?_=1679367288401&CODE_STATE=getMsg HTTP/1.1" 200 27
180.157.253.110 - - [21/Mar/2023:10:53:40 +0800] "GET /xingrg/check_reg.html?_=1679367221045 HTTP/1.1" 200 22
116.225.84.253 - - [21/Mar/2023:10:53:41 +0800] "GET /xingrg/all/function/internal_message.html?_=1679367064617&CODE_STATE=getMsg HTTP/1.1" 200 27
116.225.84.253 - - [21/Mar/2023:10:53:41 +0800] "GET /xingrg/check_reg.html?_=1679367064620 HTTP/1.1" 200 22
116.237.76.6 - - [21/Mar/2023:10:53:44 +0800] "GET /xingrg/all/function/internal_message.html?_=1679367223885&CODE_STATE=getMsg HTTP/1.1" 200 27
120.253.135.82 - - [21/Mar/2023:10:53:45 +0800] "GET /xingrg/all/function/internal_message.html?_=1679367055046&CODE_STATE=getMsg HTTP/1.1" 200 27
58.40.7.146 - - [21/Mar/2023:10:53:45 +0800] "POST /xingrg/all/report/load_report_page.html HTTP/1.1" 200 186830
58.40.7.146 - - [21/Mar/2023:10:53:45 +0800] "GET /xingrg/images/blue/button/back2.gif HTTP/1.1" 200 1339
58.40.7.146 - - [21/Mar/2023:10:53:45 +0800] "GET /xingrg/images/blue/button/back.gif HTTP/1.1" 200 1352
58.40.7.146 - - [21/Mar/2023:10:53:45 +0800] "GET /xingrg/servlets/image?cache=0.583632938781113&image=px HTTP/1.1" 200 807
180.164.3.199 - - [21/Mar/2023:10:53:50 +0800] "GET /xingrg/all/function/internal_message.html?_=1679367229989&CODE_STATE=getMsg HTTP/1.1" 200 27
58.40.7.146 - - [21/Mar/2023:10:53:50 +0800] "GET /xingrg/all/function/internal_message.html?_=1679367230164&CODE_STATE=getMsg HTTP/1.1" 200 27
114.83.222.182 - - [21/Mar/2023:10:53:51 +0800] "GET /xingrg/kc/buy/cgsh_order_add.html HTTP/1.1" 200 8212
114.83.222.182 - - [21/Mar/2023:10:53:52 +0800] "GET /xingrg/kc/buy/cgsh_order_add.html HTTP/1.1" 200 69164
114.83.222.182 - - [21/Mar/2023:10:53:52 +0800] "GET /xingrg/javascript/easyui/themes/default/validatebox.css HTTP/1.1" 404 1104
114.83.222.182 - - [21/Mar/2023:10:53:52 +0800] "POST /xingrg/kc/buy/cgsh_order_operate.html HTTP/1.1" 200 8245
180.169.147.146 - - [21/Mar/2023:10:53:52 +0800] "GET /xingrg/all/function/internal_message.html?_=1679367232668&CODE_STATE=getMsg HTTP/1.1" 200 27
116.238.139.35 - - [21/Mar/2023:10:53:53 +0800] "GET /xingrg/all/function/internal_message.html?_=1679367234689&CODE_STATE=getMsg HTTP/1.1" 200 27
222.70.182.154 - - [21/Mar/2023:10:53:55 +0800] "GET /xingrg/all/function/internal_message.html?_=1679367233517&CODE_STATE=getMsg HTTP/1.1" 200 27
222.70.182.154 - - [21/Mar/2023:10:53:56 +0800] "GET /xingrg/check_reg.html?_=1679367234143 HTTP/1.1" 200 22
116.235.240.214 - - [21/Mar/2023:10:53:56 +0800] "GET /xingrg/kc/buy/cgsh_order_operate.html?command=get_materiel&rest_code=00146&code=00101002041&supplier_code=00100041&order_time=2023-03-21 HTTP/1.1" 200 411
222.69.129.178 - - [21/Mar/2023:10:53:58 +0800] "GET /xingrg/all/function/internal_message.html?_=1679367237778&CODE_STATE=getMsg HTTP/1.1" 200 27
58.40.7.146 - - [21/Mar/2023:10:54:01 +0800] "POST /xingrg/dwr/call/plaincall/AjaxReportQueryService.getFixDate.dwr HTTP/1.1" 200 111
58.40.7.146 - - [21/Mar/2023:10:54:01 +0800] "POST /xingrg/dwr/call/plaincall/AjaxReportQueryService.getInitString.dwr HTTP/1.1" 200 1323
58.40.7.146 - - [21/Mar/2023:10:54:01 +0800] "POST /xingrg/all/common/load_tree.html?tree=materiel_sort_tree_json HTTP/1.1" 200 9500
116.237.76.6 - - [21/Mar/2023:10:54:01 +0800] "POST /xingrg/services/DataTransmitService HTTP/1.1" 200 524
116.237.76.6 - - [21/Mar/2023:10:54:02 +0800] "POST /xingrg/services/DataTransmitService HTTP/1.1" 200 501
101.229.22.234 - - [21/Mar/2023:10:54:04 +0800] "GET /xingrg/all/function/internal_message.html?_=1679367242214&CODE_STATE=getMsg HTTP/1.1" 200 27
180.169.147.146 - - [21/Mar/2023:10:54:07 +0800] "GET /xingrg/all/function/internal_message.html?_=1679367243795&CODE_STATE=getMsg HTTP/1.1" 200 27
116.235.240.214 - - [21/Mar/2023:10:54:09 +0800] "GET /xingrg/check_reg.html?_=1679367254836 HTTP/1.1" 200 22
222.70.221.209 - - [21/Mar/2023:10:54:15 +0800] "GET /xingrg/all/function/internal_message.html?_=1679367365573&CODE_STATE=getMsg HTTP/1.1" 200 27
114.83.222.182 - - [21/Mar/2023:10:54:18 +0800] "GET /xingrg/kc/buy/cgsh_order_operate.html?command=get_materiel&rest_code=00154&code=00101006183&supplier_code=00100176&order_time=2023-03-21 HTTP/1.1" 200 408
116.235.240.214 - - [21/Mar/2023:10:54:20 +0800] "GET /xingrg/all/function/internal_message.html?_=1679367266472&CODE_STATE=getMsg HTTP/1.1" 200 27
116.225.84.253 - - [21/Mar/2023:10:54:21 +0800] "GET /xingrg/all/function/internal_message.html?_=1679367262257&CODE_STATE=getMsg HTTP/1.1" 200 27
116.238.139.35 - - [21/Mar/2023:10:54:23 +0800] "GET /xingrg/all/function/internal_message.html?_=1679367188657&CODE_STATE=getMsg HTTP/1.1" 200 27
58.40.7.146 - - [21/Mar/2023:10:54:23 +0800] "GET /xingrg/javascript/jquery_easy_ui/themes/default/images/tree_checkbox_1.gif HTTP/1.1" 200 174
58.40.7.146 - - [21/Mar/2023:10:54:23 +0800] "GET /xingrg/javascript/jquery_easy_ui/themes/default/images/tree_checkbox_2.gif HTTP/1.1" 200 181
58.40.7.146 - - [21/Mar/2023:10:54:27 +0800] "POST /xingrg/all/report/load_report_page.html HTTP/1.1" 200 164763
58.40.7.146 - - [21/Mar/2023:10:54:27 +0800] "GET /xingrg/servlets/image?cache=0.36613566271759856&image=px HTTP/1.1" 200 807
116.224.106.218 - - [21/Mar/2023:10:54:27 +0800] "GET /xingrg/all/function/internal_message.html?_=1679367266733&CODE_STATE=getMsg HTTP/1.1" 200 27
116.228.172.94 - - [21/Mar/2023:10:54:27 +0800] "GET /xingrg/all/function/internal_message.html?_=1679367263063&CODE_STATE=getMsg HTTP/1.1" 200 27
116.228.172.94 - - [21/Mar/2023:10:54:27 +0800] "GET /xingrg/check_reg.html?_=1679367263072 HTTP/1.1" 200 22
114.83.222.182 - - [21/Mar/2023:10:54:33 +0800] "POST /xingrg/kc/buy/cgsh_order_operate.html HTTP/1.1" 200 37
124.79.72.155 - - [21/Mar/2023:10:54:36 +0800] "GET /xingrg/all/function/internal_message.html?_=1679367279103&CODE_STATE=getMsg HTTP/1.1" 200 27
222.67.232.202 - - [21/Mar/2023:10:54:37 +0800] "GET /xingrg/all/function/internal_message.html?_=1679366825174&CODE_STATE=getMsg HTTP/1.1" 200 27
116.237.76.6 - - [21/Mar/2023:10:54:40 +0800] "GET /xingrg/check_reg.html?_=1679367279427 HTTP/1.1" 200 22
116.225.84.253 - - [21/Mar/2023:10:54:41 +0800] "GET /xingrg/all/function/internal_message.html?_=1679367124620&CODE_STATE=getMsg HTTP/1.1" 200 27
116.237.76.6 - - [21/Mar/2023:10:54:44 +0800] "GET /xingrg/all/function/internal_message.html?_=1679367283861&CODE_STATE=getMsg HTTP/1.1" 200 27
180.163.29.219 - - [21/Mar/2023:10:54:44 +0800] "GET /xingrg/all/function/internal_message.html?_=1679367223885&CODE_STATE=getMsg HTTP/1.1" 302 -
180.163.29.219 - - [21/Mar/2023:10:54:44 +0800] "GET /xingrg/login.html HTTP/1.1" 200 7641
120.253.135.82 - - [21/Mar/2023:10:54:45 +0800] "GET /xingrg/all/function/internal_message.html?_=1679367115058&CODE_STATE=getMsg HTTP/1.1" 200 27
180.164.3.199 - - [21/Mar/2023:10:54:48 +0800] "POST /xingrg/kc/buy/cgsh_list_operate.html HTTP/1.1" 200 4
58.40.7.146 - - [21/Mar/2023:10:54:50 +0800] "GET /xingrg/all/function/internal_message.html?_=1679367290164&CODE_STATE=getMsg HTTP/1.1" 200 27
180.169.147.146 - - [21/Mar/2023:10:54:52 +0800] "GET /xingrg/all/function/internal_message.html?_=1679367292681&CODE_STATE=getMsg HTTP/1.1" 200 27
116.238.139.35 - - [21/Mar/2023:10:54:53 +0800] "GET /xingrg/all/function/internal_message.html?_=1679367294689&CODE_STATE=getMsg HTTP/1.1" 200 27
222.70.182.154 - - [21/Mar/2023:10:54:55 +0800] "GET /xingrg/all/function/internal_message.html?_=1679367293487&CODE_STATE=getMsg HTTP/1.1" 200 27
222.69.129.178 - - [21/Mar/2023:10:54:58 +0800] "GET /xingrg/check_reg.html?_=1679367297776 HTTP/1.1" 200 22
222.69.129.178 - - [21/Mar/2023:10:54:58 +0800] "GET /xingrg/all/function/internal_message.html?_=1679367297779&CODE_STATE=getMsg HTTP/1.1" 200 27
101.229.22.234 - - [21/Mar/2023:10:55:04 +0800] "GET /xingrg/all/function/internal_message.html?_=1679367302214&CODE_STATE=getMsg HTTP/1.1" 200 27
101.229.22.234 - - [21/Mar/2023:10:55:04 +0800] "GET /xingrg/check_reg.html?_=1679367302208 HTTP/1.1" 200 22
114.83.222.182 - - [21/Mar/2023:10:55:05 +0800] "POST /xingrg/kc/buy/cgsh_order_operate.html HTTP/1.1" 200 12
180.169.147.146 - - [21/Mar/2023:10:55:07 +0800] "GET /xingrg/all/function/internal_message.html?_=1679367303795&CODE_STATE=getMsg HTTP/1.1" 200 27
180.157.253.110 - - [21/Mar/2023:10:55:08 +0800] "GET /xingrg/kc/buy/cgsh_order_operate.html?command=get_materiel&rest_code=00148&code=00101008072&supplier_code=00100008&order_time=2023-03-20 HTTP/1.1" 200 408
222.70.221.209 - - [21/Mar/2023:10:55:15 +0800] "GET /xingrg/all/function/internal_message.html?_=1679367425554&CODE_STATE=getMsg HTTP/1.1" 200 27
116.225.84.253 - - [21/Mar/2023:10:55:21 +0800] "GET /xingrg/all/function/internal_message.html?_=1679367322258&CODE_STATE=getMsg HTTP/1.1" 200 27
116.235.240.214 - - [21/Mar/2023:10:55:21 +0800] "GET /xingrg/all/function/internal_message.html?_=1679367326885&CODE_STATE=getMsg HTTP/1.1" 200 27
114.83.222.182 - - [21/Mar/2023:10:55:23 +0800] "GET /xingrg/kc/buy/cgsh_order_info.html?code=212023032107795 HTTP/1.1" 200 64070
116.238.139.35 - - [21/Mar/2023:10:55:23 +0800] "GET /xingrg/check_reg.html?_=1679367248259 HTTP/1.1" 200 22
116.238.139.35 - - [21/Mar/2023:10:55:23 +0800] "GET /xingrg/all/function/internal_message.html?_=1679367248671&CODE_STATE=getMsg HTTP/1.1" 200 27
114.83.222.182 - - [21/Mar/2023:10:55:24 +0800] "POST /xingrg/kc/buy/cgsh_order_operate.html HTTP/1.1" 200 -
114.83.222.182 - - [21/Mar/2023:10:55:24 +0800] "GET /xingrg/javascript/easyui/themes/default/validatebox.css HTTP/1.1" 404 1104
116.224.106.218 - - [21/Mar/2023:10:55:27 +0800] "GET /xingrg/all/function/internal_message.html?_=1679367326720&CODE_STATE=getMsg HTTP/1.1" 200 27
116.228.172.94 - - [21/Mar/2023:10:55:27 +0800] "GET /xingrg/all/function/internal_message.html?_=1679367323073&CODE_STATE=getMsg HTTP/1.1" 200 27
58.40.7.146 - - [21/Mar/2023:10:55:28 +0800] "GET /xingrg/javascript/jquery_easy_ui/themes/default/images/button_plain_hover.png HTTP/1.1" 200 252
180.157.253.110 - - [21/Mar/2023:10:55:29 +0800] "GET /xingrg/kc/buy/cgsh_order_operate.html?command=get_materiel&rest_code=00148&code=00101008210&supplier_code=00100008&order_time=2023-03-20 HTTP/1.1" 200 408
114.83.222.182 - - [21/Mar/2023:10:55:29 +0800] "POST /xingrg/kc/buy/cgsh_order_operate.html HTTP/1.1" 200 1187
114.83.222.182 - - [21/Mar/2023:10:55:34 +0800] "GET /xingrg/kc/print/load_data.html?order_code=212023032107795&kc_code=cgsh&condition= HTTP/1.1" 200 938
58.40.7.146 - - [21/Mar/2023:10:55:34 +0800] "POST /xingrg/all/report/load_report_page.html HTTP/1.1" 200 186046
58.40.7.146 - - [21/Mar/2023:10:55:34 +0800] "GET /xingrg/servlets/image?cache=0.6584727713733657&image=px HTTP/1.1" 200 807
124.79.72.155 - - [21/Mar/2023:10:55:36 +0800] "GET /xingrg/all/function/internal_message.html?_=1679367339154&CODE_STATE=getMsg HTTP/1.1" 200 27
222.67.232.202 - - [21/Mar/2023:10:55:37 +0800] "GET /xingrg/all/function/internal_message.html?_=1679366885153&CODE_STATE=getMsg HTTP/1.1" 200 27
114.83.222.182 - - [21/Mar/2023:10:55:37 +0800] "GET /xingrg/all/function/internal_message.html?_=1679367408420&CODE_STATE=getMsg HTTP/1.1" 200 27
222.67.232.202 - - [21/Mar/2023:10:55:39 +0800] "GET /xingrg/check_reg.html?_=1679366886543 HTTP/1.1" 200 22
116.225.84.253 - - [21/Mar/2023:10:55:41 +0800] "GET /xingrg/all/function/internal_message.html?_=1679367184627&CODE_STATE=getMsg HTTP/1.1" 200 27
116.237.76.6 - - [21/Mar/2023:10:55:44 +0800] "GET /xingrg/all/function/internal_message.html?_=1679367343845&CODE_STATE=getMsg HTTP/1.1" 200 27
116.235.240.214 - - [21/Mar/2023:10:55:45 +0800] "GET /xingrg/kc/buy/cgsh_order_operate.html?command=get_materiel&rest_code=00146&code=00101003006&supplier_code=00100041&order_time=2023-03-21 HTTP/1.1" 200 412
120.253.135.82 - - [21/Mar/2023:10:55:45 +0800] "GET /xingrg/all/function/internal_message.html?_=1679367175149&CODE_STATE=getMsg HTTP/1.1" 200 27
180.157.253.110 - - [21/Mar/2023:10:55:47 +0800] "GET /xingrg/kc/buy/cgsh_order_operate.html?command=get_materiel&rest_code=00148&code=00101008155&supplier_code=00100008&order_time=2023-03-20 HTTP/1.1" 200 408
180.164.3.199 - - [21/Mar/2023:10:55:50 +0800] "GET /xingrg/check_reg.html?_=1679367349993 HTTP/1.1" 200 22
180.164.3.199 - - [21/Mar/2023:10:55:50 +0800] "GET /xingrg/all/function/internal_message.html?_=1679367349992&CODE_STATE=getMsg HTTP/1.1" 200 27
58.40.7.146 - - [21/Mar/2023:10:55:50 +0800] "GET /xingrg/all/function/internal_message.html?_=1679367350171&CODE_STATE=getMsg HTTP/1.1" 200 27
180.164.3.199 - - [21/Mar/2023:10:55:51 +0800] "POST /xingrg/kc/buy/cgsh_list_operate.html HTTP/1.1" 200 6015
180.169.147.146 - - [21/Mar/2023:10:55:52 +0800] "GET /xingrg/check_reg.html?_=1679367352677 HTTP/1.1" 200 22
180.169.147.146 - - [21/Mar/2023:10:55:52 +0800] "GET /xingrg/all/function/internal_message.html?_=1679367352679&CODE_STATE=getMsg HTTP/1.1" 200 27
116.238.139.35 - - [21/Mar/2023:10:55:53 +0800] "GET /xingrg/check_reg.html?_=1679367354690 HTTP/1.1" 200 22
116.238.139.35 - - [21/Mar/2023:10:55:53 +0800] "GET /xingrg/all/function/internal_message.html?_=1679367354696&CODE_STATE=getMsg HTTP/1.1" 200 27
222.70.182.154 - - [21/Mar/2023:10:55:55 +0800] "GET /xingrg/all/function/internal_message.html?_=1679367353472&CODE_STATE=getMsg HTTP/1.1" 200 27
58.40.7.146 - - [21/Mar/2023:10:55:58 +0800] "POST /xingrg/all/report/load_report_page.html HTTP/1.1" 200 186861
58.40.7.146 - - [21/Mar/2023:10:55:58 +0800] "GET /xingrg/servlets/image?cache=0.35053896916267846&image=px HTTP/1.1" 200 807
222.69.129.178 - - [21/Mar/2023:10:55:58 +0800] "GET /xingrg/all/function/internal_message.html?_=1679367357779&CODE_STATE=getMsg HTTP/1.1" 200 27
180.164.3.199 - - [21/Mar/2023:10:56:03 +0800] "POST /xingrg/kc/buy/cgsh_list_operate.html HTTP/1.1" 200 271
180.164.3.199 - - [21/Mar/2023:10:56:04 +0800] "POST /xingrg/kc/buy/cgsh_list_operate.html HTTP/1.1" 200 274
101.229.22.234 - - [21/Mar/2023:10:56:04 +0800] "GET /xingrg/all/function/internal_message.html?_=1679367364801&CODE_STATE=getMsg HTTP/1.1" 200 27
180.169.147.146 - - [21/Mar/2023:10:56:07 +0800] "GET /xingrg/all/function/internal_message.html?_=1679367363797&CODE_STATE=getMsg HTTP/1.1" 200 27
114.83.222.182 - - [21/Mar/2023:10:56:13 +0800] "GET /xingrg/kc/buy/cgsh_order_add.html HTTP/1.1" 200 69164
114.83.222.182 - - [21/Mar/2023:10:56:13 +0800] "POST /xingrg/kc/buy/cgsh_order_operate.html HTTP/1.1" 200 8245
114.83.222.182 - - [21/Mar/2023:10:56:13 +0800] "GET /xingrg/javascript/easyui/themes/default/validatebox.css HTTP/1.1" 404 1104
222.70.221.209 - - [21/Mar/2023:10:56:15 +0800] "GET /xingrg/all/function/internal_message.html?_=1679367485538&CODE_STATE=getMsg HTTP/1.1" 200 27
180.157.253.110 - - [21/Mar/2023:10:56:17 +0800] "GET /xingrg/kc/buy/cgsh_order_operate.html?command=get_materiel&rest_code=00148&code=00101008350&supplier_code=00100008&order_time=2023-03-20 HTTP/1.1" 200 408
58.40.7.146 - - [21/Mar/2023:10:56:20 +0800] "POST /xingrg/all/report/load_report_page.html HTTP/1.1" 200 186898
58.40.7.146 - - [21/Mar/2023:10:56:20 +0800] "GET /xingrg/images/blue/button/advance.gif HTTP/1.1" 200 1354
58.40.7.146 - - [21/Mar/2023:10:56:20 +0800] "GET /xingrg/images/blue/button/advance2.gif HTTP/1.1" 200 1338
58.40.7.146 - - [21/Mar/2023:10:56:20 +0800] "GET /xingrg/servlets/image?cache=0.8053537266364692&image=px HTTP/1.1" 200 807
116.225.84.253 - - [21/Mar/2023:10:56:21 +0800] "GET /xingrg/check_reg.html?_=1679367382259 HTTP/1.1" 200 22
116.225.84.253 - - [21/Mar/2023:10:56:21 +0800] "GET /xingrg/all/function/internal_message.html?_=1679367382263&CODE_STATE=getMsg HTTP/1.1" 200 27
116.235.240.214 - - [21/Mar/2023:10:56:21 +0800] "GET /xingrg/all/function/internal_message.html?_=1679367387287&CODE_STATE=getMsg HTTP/1.1" 200 27
116.238.139.35 - - [21/Mar/2023:10:56:23 +0800] "GET /xingrg/all/function/internal_message.html?_=1679367308685&CODE_STATE=getMsg HTTP/1.1" 200 27
116.224.106.218 - - [21/Mar/2023:10:56:27 +0800] "GET /xingrg/all/function/internal_message.html?_=1679367386707&CODE_STATE=getMsg HTTP/1.1" 200 27
116.228.172.94 - - [21/Mar/2023:10:56:27 +0800] "GET /xingrg/all/function/internal_message.html?_=1679367383061&CODE_STATE=getMsg HTTP/1.1" 200 27
180.157.253.110 - - [21/Mar/2023:10:56:31 +0800] "GET /xingrg/kc/buy/cgsh_order_operate.html?command=get_materiel&rest_code=00148&code=00101008207&supplier_code=00100008&order_time=2023-03-20 HTTP/1.1" 200 408
114.83.222.182 - - [21/Mar/2023:10:56:35 +0800] "POST /xingrg/kc/buy/cgsh_order_operate.html HTTP/1.1" 200 37
124.79.72.155 - - [21/Mar/2023:10:56:36 +0800] "GET /xingrg/all/function/internal_message.html?_=1679367399137&CODE_STATE=getMsg HTTP/1.1" 200 27
222.67.232.202 - - [21/Mar/2023:10:56:37 +0800] "GET /xingrg/all/function/internal_message.html?_=1679366945130&CODE_STATE=getMsg HTTP/1.1" 200 27
58.40.7.146 - - [21/Mar/2023:10:56:41 +0800] "POST /xingrg/all/report/load_report_page.html HTTP/1.1" 200 74646
58.40.7.146 - - [21/Mar/2023:10:56:41 +0800] "GET /xingrg/servlets/image?cache=0.9405294849183446&image=px HTTP/1.1" 200 807
116.225.84.253 - - [21/Mar/2023:10:56:41 +0800] "GET /xingrg/all/function/internal_message.html?_=1679367244628&CODE_STATE=getMsg HTTP/1.1" 200 27
116.237.76.6 - - [21/Mar/2023:10:56:44 +0800] "GET /xingrg/all/function/internal_message.html?_=1679367403818&CODE_STATE=getMsg HTTP/1.1" 200 27
120.253.135.82 - - [21/Mar/2023:10:56:45 +0800] "GET /xingrg/all/function/internal_message.html?_=1679367235148&CODE_STATE=getMsg HTTP/1.1" 200 27
116.224.106.218 - - [21/Mar/2023:10:56:48 +0800] "GET /xingrg/check_reg.html?_=1679367408160 HTTP/1.1" 200 22
180.164.3.199 - - [21/Mar/2023:10:56:50 +0800] "GET /xingrg/all/function/internal_message.html?_=1679367409973&CODE_STATE=getMsg HTTP/1.1" 200 27
58.40.7.146 - - [21/Mar/2023:10:56:50 +0800] "GET /xingrg/all/function/internal_message.html?_=1679367410153&CODE_STATE=getMsg HTTP/1.1" 200 27
180.169.147.146 - - [21/Mar/2023:10:56:52 +0800] "GET /xingrg/all/function/internal_message.html?_=1679367412676&CODE_STATE=getMsg HTTP/1.1" 200 27
116.238.139.35 - - [21/Mar/2023:10:56:53 +0800] "GET /xingrg/all/function/internal_message.html?_=1679367414682&CODE_STATE=getMsg HTTP/1.1" 200 27
58.40.7.146 - - [21/Mar/2023:10:56:53 +0800] "POST /xingrg/all/report/load_report_page.html HTTP/1.1" 200 186898
58.40.7.146 - - [21/Mar/2023:10:56:53 +0800] "GET /xingrg/servlets/image?cache=0.7205401163557582&image=px HTTP/1.1" 200 807
222.70.182.154 - - [21/Mar/2023:10:56:55 +0800] "GET /xingrg/all/function/internal_message.html?_=1679367413455&CODE_STATE=getMsg HTTP/1.1" 200 27
114.83.222.182 - - [21/Mar/2023:10:56:58 +0800] "POST /xingrg/kc/buy/cgsh_order_operate.html HTTP/1.1" 200 12
222.69.129.178 - - [21/Mar/2023:10:56:58 +0800] "GET /xingrg/all/function/internal_message.html?_=1679367417786&CODE_STATE=getMsg HTTP/1.1" 200 27
180.157.253.110 - - [21/Mar/2023:10:57:02 +0800] "GET /xingrg/kc/buy/cgsh_order_operate.html?command=get_materiel&rest_code=00148&code=00101008038&supplier_code=00100008&order_time=2023-03-20 HTTP/1.1" 200 412
101.229.22.234 - - [21/Mar/2023:10:57:04 +0800] "GET /xingrg/all/function/internal_message.html?_=1679367424813&CODE_STATE=getMsg HTTP/1.1" 200 27
58.221.95.50 - - [21/Mar/2023:10:57:06 +0800] "GET /xingrg/check_reg.html?_=1679367426303 HTTP/1.1" 200 22
180.169.147.146 - - [21/Mar/2023:10:57:07 +0800] "GET /xingrg/all/function/internal_message.html?_=1679367423829&CODE_STATE=getMsg HTTP/1.1" 200 27
114.83.222.182 - - [21/Mar/2023:10:57:10 +0800] "POST /xingrg/kc/buy/cgsh_order_operate.html HTTP/1.1" 200 78
222.70.221.209 - - [21/Mar/2023:10:57:15 +0800] "GET /xingrg/all/function/internal_message.html?_=1679367545519&CODE_STATE=getMsg HTTP/1.1" 200 27
58.40.7.146 - - [21/Mar/2023:10:57:20 +0800] "GET /xingrg/all/report/report_query.html?isQuery=1&fileName=kc/make/wlps_mx.xml&queryString=(CONVERT(char(10)%2Ca.order_time%2C%20120)%3E%3D'2022-12-01')%20and%20(CONVERT(char(10)%2Ca.order_time%2C%20120)%3C%3D'2023-01-18')%20and%20(b.sort_code%20in%20('00102001'%2C'00102002'%2C'00102003'%2C'00102004'%2C'00102005'%2C'00102006'%2C'00102007'%2C'00102008'%2C'00102009'%2C'00102010'%2C'00102011'%2C'00102012'%2C'00102013'%2C'00102014'%2C'00102015'%2C'00102016'%2C'00102017'%2C'00102018'%2C'00102019'%2C'00102020'%2C'00102021'%2C'00102022'%2C'00102023'%2C'00102024'%2C'00102025'%2C'00102026'%2C'00102027'%2C'00102028'%2C'00102029'%2C'00102030'%2C'00102031'%2C'00102032'%2C'00102033'%2C'00102034'%2C'00102035'%2C'00102036'))%20and%20(a.qp_department_code%20in%20('00146'))%20and%20(a.materiel_code%3D'00102003680')&queryText=%E3%80%90%E9%80%81%E8%B4%A7%E6%97%A5%E6%9C%9F%3A2022-12-01%20%E8%87%B3%202023-01-18%E3%80%91%20%E5%B9%B6%E4%B8%94%20%20%E3%80%90%E6%9D%90%E6%96%99%E7%B1%BB%E5%88%AB%20%3D%20%E8%B4%B9%E7%94%A8%E7%B1%BB%2C%E7%89%A9%E6%96%99%E7%94%A8%E5%93%81%E7%B1%BB-%E5%8A%9E%E5%85%AC%E7%94%A8%E5%93%81%2C%E7%89%A9%E6%96%99%E7%94%A8%E5%93%81%E7%B1%BB-%E6%97%A5%E5%B8%B8%E7%94%A8%E5%93%81%2C%E5%91%A8%E8%BD%AC%E6%9D%90%E6%96%99-%E7%94%A8%E5%93%81%E7%B1%BB%2C%E5%91%A8%E8%BD%AC%E6%9D%90%E6%96%99-%E5%B8%83%E8%8D%89%E3%80%81%E6%AF%9B%E5%B7%BE%2C%E5%91%A8%E8%BD%AC%E6%9D%90%E6%96%99-%E9%A4%90%E5%85%B7%E7%B1%BB%2C%E5%91%A8%E8%BD%AC%E6%9D%90%E6%96%99-%E9%A4%90%E5%85%B7%E7%B1%BB2%2C%E5%91%A8%E8%BD%AC%E6%9D%90%E6%96%99-%E6%9C%8D%E8%A3%85%E7%B1%BB%2C%E5%91%A8%E8%BD%AC%E6%9D%90%E6%96%99-%E5%85%B6%E4%BB%96%E5%91%A8%E8%BD%AC%2C%E5%B7%A5%E7%A8%8B%E6%9D%90%E6%96%99-%E7%BB%B4%E4%BF%AE%E6%9D%90%E6%96%99%2C%E5%B7%A5%E7%A8%8B%E6%9D%90%E6%96%99-%E7%BB%B4%E4%BF%AE%E6%9D%90%E6%96%992%2C%E5%B7%A5%E7%A8%8B%E6%9D%90%E6%96%99-%E7%BB%B4%E4%BF%AE%E6%9D%90%E6%96%993%2C%E5%AE%A2%E6%88%B7%E7%94%A8%E5%93%81-%E5%AE%A2%E6%88%B7%E7%A4%BC%E5%93%81%2C%E8%90%A5%E9%94%80%E7%94%A8%E5%93%81-%E5%8D%B0%E5%88%B7%E5%93%81%2C%E8%A3%85%E9%A5%B0%E5%93%81%E7%B1%BB-%E8%A3%85%E9%A5%B0%E5%93%81%2C%E5%91%98%E5%B7%A5%E7%94%A8%E5%93%81-%E7%A6%8F%E5%88%A9%E7%94%A8%E5%93%81%2C%E8%A3%85%E4%BF%AE%E7%B1%BB-%E5%B7%A5%E7%A8%8B%E6%9D%90%E6%96%99%E7%B1%BB%2C%E8%A3%85%E4%BF%AE%E7%B1%BB-%E5%AE%B6%E5%85%B7%E7%B1%BB%2C%E5%9B%BA%E5%AE%9A%E8%B5%84%E4%BA%A7-%E8%AE%BE%E5%A4%87%E7%B1%BB%2C%E7%BB%B4%E4%B9%9F%E7%BA%B3-%E5%B8%83%E8%8D%89%E7%B1%BB%EF%BC%88%E7%BB%B4%EF%BC%89%2C%E7%BB%B4%E4%B9%9F%E7%BA%B3-%E4%BD%8E%E5%80%BC%EF%BC%88%E7%BB%B4%EF%BC%89%2C%E7%BB%B4-%E6%A0%B8%E5%BF%83%E7%89%A9%E8%B5%84%2C%E7%BB%B4-%E5%B0%8F%E5%95%86%E5%93%81%E7%B1%BB%EF%BC%88%E7%BB%B4%EF%BC%89%2C%E7%BB%B4-%E4%B8%80%E6%AC%A1%E6%80%A7%2C%E7%BB%B4-%E5%8D%B0%E5%88%B7%E5%93%81%EF%BC%88%E7%BB%B4%EF%BC%89%2C%E7%BB%B4-%E5%9B%BA%E5%AE%9A%E8%B5%84%E4%BA%A7%E7%B1%BB%2C%E5%85%B6%E4%BB%96%E8%B4%B9%E7%94%A8%E7%B1%BB%2C%E6%B6%88%E9%98%B2%E6%9D%90%E6%96%99%E8%AE%BE%E5%A4%87%2C%E4%B8%87%E6%80%A1-%E5%AE%A2%E6%88%BF%E6%A0%B8%E5%BF%83%E7%89%A9%E8%B5%84%2C%E4%B8%87%E6%80%A1-%E5%B0%8F%E5%95%86%E5%93%81%E7%B1%BB%2C%E4%B8%87%E6%80%A1-%E4%B8%80%E6%AC%A1%E6%80%A7%E7%94%A8%E5%93%81%2C%E4%B8%87%E6%80%A1-%E4%BD%8E%E5%80%BC%E6%98%93%E8%80%97%E5%93%81%2C%E4%B8%87%E6%80%A1-%E7%89%A9%E6%96%99%E7%94%A8%E5%93%81%2C%E4%B8%87%E6%80%A1-%E6%9C%8D%E8%A3%85%E7%B1%BB%2C%E7%89%A9%E6%96%99%E7%94%A8%E5%93%81%E7%B1%BB-%E6%97%A5%E5%B8%B8%E7%94%A8%E5%93%812%2C%E5%91%A8%E8%BD%AC%E6%9D%90%E6%96%99-%E9%A4%90%E5%85%B7%E7%B1%BB3%2C%E5%8D%A4%E6%A0%A1%E9%95%BF-%E9%A4%90%E5%85%B7%E7%B1%BB%E3%80%91%20%E5%B9%B6%E4%B8%94%20%20%E3%80%90%E9%97%A8%E5%BA%97%20%3D%20%E6%B7%B1%E6%B5%B7%E6%B8%94%E6%B8%AF%E9%95%BF%E9%98%B3%E8%B7%AF%E3%80%91%20%E5%B9%B6%E4%B8%94%20%E3%80%90%E6%9D%90%E6%96%99%E5%90%8D%E7%A7%B0%20%3D%20%E4%B8%8D%E9%94%88%E9%92%A2%E7%89%99%E7%BA%BF%E7%9B%92%E3%80%91&rand=0.39218775149075074 HTTP/1.1" 200 8210
58.40.7.146 - - [21/Mar/2023:10:57:20 +0800] "GET /xingrg/all/report/report_query.html?isQuery=1&fileName=kc/make/wlps_mx.xml&queryString=(CONVERT(char(10)%2Ca.order_time%2C%20120)%3E%3D'2022-12-01')%20and%20(CONVERT(char(10)%2Ca.order_time%2C%20120)%3C%3D'2023-01-18')%20and%20(b.sort_code%20in%20('00102001'%2C'00102002'%2C'00102003'%2C'00102004'%2C'00102005'%2C'00102006'%2C'00102007'%2C'00102008'%2C'00102009'%2C'00102010'%2C'00102011'%2C'00102012'%2C'00102013'%2C'00102014'%2C'00102015'%2C'00102016'%2C'00102017'%2C'00102018'%2C'00102019'%2C'00102020'%2C'00102021'%2C'00102022'%2C'00102023'%2C'00102024'%2C'00102025'%2C'00102026'%2C'00102027'%2C'00102028'%2C'00102029'%2C'00102030'%2C'00102031'%2C'00102032'%2C'00102033'%2C'00102034'%2C'00102035'%2C'00102036'))%20and%20(a.qp_department_code%20in%20('00146'))%20and%20(a.materiel_code%3D'00102003680')&queryText=%E3%80%90%E9%80%81%E8%B4%A7%E6%97%A5%E6%9C%9F%3A2022-12-01%20%E8%87%B3%202023-01-18%E3%80%91%20%E5%B9%B6%E4%B8%94%20%20%E3%80%90%E6%9D%90%E6%96%99%E7%B1%BB%E5%88%AB%20%3D%20%E8%B4%B9%E7%94%A8%E7%B1%BB%2C%E7%89%A9%E6%96%99%E7%94%A8%E5%93%81%E7%B1%BB-%E5%8A%9E%E5%85%AC%E7%94%A8%E5%93%81%2C%E7%89%A9%E6%96%99%E7%94%A8%E5%93%81%E7%B1%BB-%E6%97%A5%E5%B8%B8%E7%94%A8%E5%93%81%2C%E5%91%A8%E8%BD%AC%E6%9D%90%E6%96%99-%E7%94%A8%E5%93%81%E7%B1%BB%2C%E5%91%A8%E8%BD%AC%E6%9D%90%E6%96%99-%E5%B8%83%E8%8D%89%E3%80%81%E6%AF%9B%E5%B7%BE%2C%E5%91%A8%E8%BD%AC%E6%9D%90%E6%96%99-%E9%A4%90%E5%85%B7%E7%B1%BB%2C%E5%91%A8%E8%BD%AC%E6%9D%90%E6%96%99-%E9%A4%90%E5%85%B7%E7%B1%BB2%2C%E5%91%A8%E8%BD%AC%E6%9D%90%E6%96%99-%E6%9C%8D%E8%A3%85%E7%B1%BB%2C%E5%91%A8%E8%BD%AC%E6%9D%90%E6%96%99-%E5%85%B6%E4%BB%96%E5%91%A8%E8%BD%AC%2C%E5%B7%A5%E7%A8%8B%E6%9D%90%E6%96%99-%E7%BB%B4%E4%BF%AE%E6%9D%90%E6%96%99%2C%E5%B7%A5%E7%A8%8B%E6%9D%90%E6%96%99-%E7%BB%B4%E4%BF%AE%E6%9D%90%E6%96%992%2C%E5%B7%A5%E7%A8%8B%E6%9D%90%E6%96%99-%E7%BB%B4%E4%BF%AE%E6%9D%90%E6%96%993%2C%E5%AE%A2%E6%88%B7%E7%94%A8%E5%93%81-%E5%AE%A2%E6%88%B7%E7%A4%BC%E5%93%81%2C%E8%90%A5%E9%94%80%E7%94%A8%E5%93%81-%E5%8D%B0%E5%88%B7%E5%93%81%2C%E8%A3%85%E9%A5%B0%E5%93%81%E7%B1%BB-%E8%A3%85%E9%A5%B0%E5%93%81%2C%E5%91%98%E5%B7%A5%E7%94%A8%E5%93%81-%E7%A6%8F%E5%88%A9%E7%94%A8%E5%93%81%2C%E8%A3%85%E4%BF%AE%E7%B1%BB-%E5%B7%A5%E7%A8%8B%E6%9D%90%E6%96%99%E7%B1%BB%2C%E8%A3%85%E4%BF%AE%E7%B1%BB-%E5%AE%B6%E5%85%B7%E7%B1%BB%2C%E5%9B%BA%E5%AE%9A%E8%B5%84%E4%BA%A7-%E8%AE%BE%E5%A4%87%E7%B1%BB%2C%E7%BB%B4%E4%B9%9F%E7%BA%B3-%E5%B8%83%E8%8D%89%E7%B1%BB%EF%BC%88%E7%BB%B4%EF%BC%89%2C%E7%BB%B4%E4%B9%9F%E7%BA%B3-%E4%BD%8E%E5%80%BC%EF%BC%88%E7%BB%B4%EF%BC%89%2C%E7%BB%B4-%E6%A0%B8%E5%BF%83%E7%89%A9%E8%B5%84%2C%E7%BB%B4-%E5%B0%8F%E5%95%86%E5%93%81%E7%B1%BB%EF%BC%88%E7%BB%B4%EF%BC%89%2C%E7%BB%B4-%E4%B8%80%E6%AC%A1%E6%80%A7%2C%E7%BB%B4-%E5%8D%B0%E5%88%B7%E5%93%81%EF%BC%88%E7%BB%B4%EF%BC%89%2C%E7%BB%B4-%E5%9B%BA%E5%AE%9A%E8%B5%84%E4%BA%A7%E7%B1%BB%2C%E5%85%B6%E4%BB%96%E8%B4%B9%E7%94%A8%E7%B1%BB%2C%E6%B6%88%E9%98%B2%E6%9D%90%E6%96%99%E8%AE%BE%E5%A4%87%2C%E4%B8%87%E6%80%A1-%E5%AE%A2%E6%88%BF%E6%A0%B8%E5%BF%83%E7%89%A9%E8%B5%84%2C%E4%B8%87%E6%80%A1-%E5%B0%8F%E5%95%86%E5%93%81%E7%B1%BB%2C%E4%B8%87%E6%80%A1-%E4%B8%80%E6%AC%A1%E6%80%A7%E7%94%A8%E5%93%81%2C%E4%B8%87%E6%80%A1-%E4%BD%8E%E5%80%BC%E6%98%93%E8%80%97%E5%93%81%2C%E4%B8%87%E6%80%A1-%E7%89%A9%E6%96%99%E7%94%A8%E5%93%81%2C%E4%B8%87%E6%80%A1-%E6%9C%8D%E8%A3%85%E7%B1%BB%2C%E7%89%A9%E6%96%99%E7%94%A8%E5%93%81%E7%B1%BB-%E6%97%A5%E5%B8%B8%E7%94%A8%E5%93%812%2C%E5%91%A8%E8%BD%AC%E6%9D%90%E6%96%99-%E9%A4%90%E5%85%B7%E7%B1%BB3%2C%E5%8D%A4%E6%A0%A1%E9%95%BF-%E9%A4%90%E5%85%B7%E7%B1%BB%E3%80%91%20%E5%B9%B6%E4%B8%94%20%20%E3%80%90%E9%97%A8%E5%BA%97%20%3D%20%E6%B7%B1%E6%B5%B7%E6%B8%94%E6%B8%AF%E9%95%BF%E9%98%B3%E8%B7%AF%E3%80%91%20%E5%B9%B6%E4%B8%94%20%E3%80%90%E6%9D%90%E6%96%99%E5%90%8D%E7%A7%B0%20%3D%20%E4%B8%8D%E9%94%88%E9%92%A2%E7%89%99%E7%BA%BF%E7%9B%92%E3%80%91&rand=0.39218775149075074 HTTP/1.1" 200 53100
58.40.7.146 - - [21/Mar/2023:10:57:20 +0800] "GET /xingrg/dwr/interface/AjaxReportQueryService.js HTTP/1.1" 200 13203
58.40.7.146 - - [21/Mar/2023:10:57:20 +0800] "GET /xingrg/dwr/engine.js HTTP/1.1" 200 43631
116.235.240.214 - - [21/Mar/2023:10:57:20 +0800] "POST /xingrg/kc/buy/cgsh_order_operate.html HTTP/1.1" 200 37
114.83.222.182 - - [21/Mar/2023:10:57:20 +0800] "POST /xingrg/kc/buy/cgsh_order_operate.html HTTP/1.1" 200 78
116.225.84.253 - - [21/Mar/2023:10:57:21 +0800] "GET /xingrg/all/function/internal_message.html?_=1679367442263&CODE_STATE=getMsg HTTP/1.1" 200 27
58.40.7.146 - - [21/Mar/2023:10:57:21 +0800] "POST /xingrg/all/report/load_report_page.html HTTP/1.1" 200 18953
58.40.7.146 - - [21/Mar/2023:10:57:21 +0800] "GET /xingrg/servlets/image?cache=0.8988886934863523&image=px HTTP/1.1" 200 807
114.83.222.182 - - [21/Mar/2023:10:57:22 +0800] "GET /xingrg/kc/buy/cgsh_order_info.html?code=212023032107796 HTTP/1.1" 200 64070
114.83.222.182 - - [21/Mar/2023:10:57:23 +0800] "GET /xingrg/javascript/easyui/themes/default/validatebox.css HTTP/1.1" 404 1104
116.238.139.35 - - [21/Mar/2023:10:57:23 +0800] "GET /xingrg/all/function/internal_message.html?_=1679367368697&CODE_STATE=getMsg HTTP/1.1" 200 27
116.235.240.214 - - [21/Mar/2023:10:57:24 +0800] "POST /xingrg/kc/buy/cgsh_order_operate.html HTTP/1.1" 200 5031
114.83.222.182 - - [21/Mar/2023:10:57:24 +0800] "POST /xingrg/kc/buy/cgsh_order_operate.html HTTP/1.1" 200 600
116.235.240.214 - - [21/Mar/2023:10:57:26 +0800] "GET /xingrg/all/function/internal_message.html?_=1679367452471&CODE_STATE=getMsg HTTP/1.1" 200 27
114.83.222.182 - - [21/Mar/2023:10:57:27 +0800] "GET /xingrg/kc/print/load_data.html?order_code=212023032107796&kc_code=cgsh&condition= HTTP/1.1" 200 715
116.224.106.218 - - [21/Mar/2023:10:57:27 +0800] "GET /xingrg/all/function/internal_message.html?_=1679367446679&CODE_STATE=getMsg HTTP/1.1" 200 27
180.164.3.199 - - [21/Mar/2023:10:57:27 +0800] "POST /xingrg/kc/buy/cgsh_list_operate.html HTTP/1.1" 200 4
116.228.172.94 - - [21/Mar/2023:10:57:27 +0800] "GET /xingrg/all/function/internal_message.html?_=1679367443061&CODE_STATE=getMsg HTTP/1.1" 200 27
116.235.240.214 - - [21/Mar/2023:10:57:28 +0800] "GET /xingrg/kc/print/load_data.html?order_code=212023032107797&kc_code=cgsh&condition= HTTP/1.1" 200 1598
124.79.240.233 - - [21/Mar/2023:10:57:31 +0800] "POST /xingrg/services/DataTransmitService HTTP/1.1" 200 524
124.79.240.233 - - [21/Mar/2023:10:57:33 +0800] "POST /xingrg/services/DataTransmitService HTTP/1.1" 200 412
180.164.3.199 - - [21/Mar/2023:10:57:34 +0800] "POST /xingrg/kc/buy/cgsh_list_operate.html HTTP/1.1" 200 2756
116.235.240.214 - - [21/Mar/2023:10:57:35 +0800] "GET /xingrg/kc/buy/cgsh_order_add.html HTTP/1.1" 200 69961
124.79.72.155 - - [21/Mar/2023:10:57:36 +0800] "GET /xingrg/check_reg.html?_=1679367459013 HTTP/1.1" 200 22
124.79.72.155 - - [21/Mar/2023:10:57:36 +0800] "GET /xingrg/all/function/internal_message.html?_=1679367459110&CODE_STATE=getMsg HTTP/1.1" 200 27
116.235.240.214 - - [21/Mar/2023:10:57:37 +0800] "POST /xingrg/kc/buy/cgsh_order_operate.html HTTP/1.1" 200 8245
116.235.240.214 - - [21/Mar/2023:10:57:37 +0800] "GET /xingrg/javascript/easyui/themes/default/validatebox.css HTTP/1.1" 404 1104
222.67.232.202 - - [21/Mar/2023:10:57:37 +0800] "GET /xingrg/all/function/internal_message.html?_=1679367005100&CODE_STATE=getMsg HTTP/1.1" 200 27
114.83.222.182 - - [21/Mar/2023:10:57:37 +0800] "GET /xingrg/check_reg.html?_=1679367528384 HTTP/1.1" 200 22
114.83.222.182 - - [21/Mar/2023:10:57:37 +0800] "GET /xingrg/all/function/internal_message.html?_=1679367528433&CODE_STATE=getMsg HTTP/1.1" 200 27
180.164.3.199 - - [21/Mar/2023:10:57:37 +0800] "POST /xingrg/kc/buy/cgsh_list_operate.html HTTP/1.1" 200 201
116.225.84.253 - - [21/Mar/2023:10:57:41 +0800] "GET /xingrg/all/function/internal_message.html?_=1679367304636&CODE_STATE=getMsg HTTP/1.1" 200 27
58.40.7.146 - - [21/Mar/2023:10:57:41 +0800] "GET /xingrg/index.html?sysBaseUrl=http%3A%2F%2F180.169.147.146%3A18081%2Fxingrg%2F&costTime=820×tamp=1679366869812 HTTP/1.1" 200 17173
58.40.7.146 - - [21/Mar/2023:10:57:41 +0800] "GET /xingrg/all/function/internal_message.html?_=1679367461585&CODE_STATE=count HTTP/1.1" 200 11
58.40.7.146 - - [21/Mar/2023:10:57:41 +0800] "GET /xingrg/check_reg.html?_=1679367461586 HTTP/1.1" 200 22
58.40.7.146 - - [21/Mar/2023:10:57:41 +0800] "GET /favicon.ico HTTP/1.1" 404 -
58.40.7.146 - - [21/Mar/2023:10:57:42 +0800] "POST /xingrg/all/common/load_tree.html?tree=area_rest_tree_json&manage=1 HTTP/1.1" 200 3499
116.237.76.6 - - [21/Mar/2023:10:57:44 +0800] "GET /xingrg/all/function/internal_message.html?_=1679367463800&CODE_STATE=getMsg HTTP/1.1" 200 27
120.253.135.82 - - [21/Mar/2023:10:57:45 +0800] "GET /xingrg/all/function/internal_message.html?_=1679367295225&CODE_STATE=getMsg HTTP/1.1" 200 27
58.40.7.146 - - [21/Mar/2023:10:57:46 +0800] "POST /xingrg/load_menu.html HTTP/1.1" 200 6743
180.163.28.114 - - [21/Mar/2023:10:57:47 +0800] "GET /xingrg/all/function/internal_message.html?_=1679367403818&CODE_STATE=getMsg HTTP/1.1" 302 -
180.163.28.114 - - [21/Mar/2023:10:57:47 +0800] "GET /xingrg/login.html HTTP/1.1" 200 7641
180.164.3.199 - - [21/Mar/2023:10:57:50 +0800] "GET /xingrg/all/function/internal_message.html?_=1679367469958&CODE_STATE=getMsg HTTP/1.1" 200 27
58.40.7.146 - - [21/Mar/2023:10:57:52 +0800] "GET /xingrg/kc/report/report_main.html HTTP/1.1" 200 8599
180.169.147.146 - - [21/Mar/2023:10:57:52 +0800] "GET /xingrg/all/function/internal_message.html?_=1679367472667&CODE_STATE=getMsg HTTP/1.1" 200 27
116.238.139.35 - - [21/Mar/2023:10:57:53 +0800] "GET /xingrg/all/function/internal_message.html?_=1679367474691&CODE_STATE=getMsg HTTP/1.1" 200 27
222.70.182.154 - - [21/Mar/2023:10:57:55 +0800] "GET /xingrg/all/function/internal_message.html?_=1679367473440&CODE_STATE=getMsg HTTP/1.1" 200 27
180.157.253.110 - - [21/Mar/2023:10:57:56 +0800] "GET /xingrg/kc/buy/cgsh_order_operate.html?command=get_materiel&rest_code=00148&code=00101008283&supplier_code=00100008&order_time=2023-03-20 HTTP/1.1" 200 409
222.69.129.178 - - [21/Mar/2023:10:57:58 +0800] "GET /xingrg/all/function/internal_message.html?_=1679367477788&CODE_STATE=getMsg HTTP/1.1" 200 27
180.164.3.199 - - [21/Mar/2023:10:58:02 +0800] "POST /xingrg/kc/buy/cgsh_list_operate.html HTTP/1.1" 200 4
101.229.22.234 - - [21/Mar/2023:10:58:04 +0800] "GET /xingrg/all/function/internal_message.html?_=1679367484814&CODE_STATE=getMsg HTTP/1.1" 200 27
180.169.147.146 - - [21/Mar/2023:10:58:07 +0800] "GET /xingrg/all/function/internal_message.html?_=1679367483829&CODE_STATE=getMsg HTTP/1.1" 200 27
180.169.147.146 - - [21/Mar/2023:10:58:07 +0800] "GET /xingrg/check_reg.html?_=1679367483831 HTTP/1.1" 200 22
116.235.240.214 - - [21/Mar/2023:10:58:10 +0800] "GET /xingrg/kc/buy/cgsh_order_operate.html?command=get_materiel&rest_code=00146&code=00101006065&supplier_code=00100012&order_time=2023-03-21 HTTP/1.1" 200 409
222.70.221.209 - - [21/Mar/2023:10:58:15 +0800] "GET /xingrg/all/function/internal_message.html?_=1679367605497&CODE_STATE=getMsg HTTP/1.1" 200 27
222.70.221.209 - - [21/Mar/2023:10:58:18 +0800] "GET /xingrg/check_reg.html?_=1679367608264 HTTP/1.1" 200 22
116.225.84.253 - - [21/Mar/2023:10:58:21 +0800] "GET /xingrg/all/function/internal_message.html?_=1679367502264&CODE_STATE=getMsg HTTP/1.1" 200 27
116.238.139.35 - - [21/Mar/2023:10:58:23 +0800] "GET /xingrg/all/function/internal_message.html?_=1679367428718&CODE_STATE=getMsg HTTP/1.1" 200 27
116.235.240.214 - - [21/Mar/2023:10:58:26 +0800] "GET /xingrg/all/function/internal_message.html?_=1679367512485&CODE_STATE=getMsg HTTP/1.1" 200 27
116.224.106.218 - - [21/Mar/2023:10:58:27 +0800] "GET /xingrg/all/function/internal_message.html?_=1679367506664&CODE_STATE=getMsg HTTP/1.1" 200 27
116.228.172.94 - - [21/Mar/2023:10:58:27 +0800] "GET /xingrg/all/function/internal_message.html?_=1679367503052&CODE_STATE=getMsg HTTP/1.1" 200 27
120.253.135.82 - - [21/Mar/2023:10:58:29 +0800] "GET /xingrg/check_reg.html?_=1679367338818 HTTP/1.1" 200 22
114.83.222.182 - - [21/Mar/2023:10:58:30 +0800] "GET /xingrg/kc/base/yddb_order_list.html HTTP/1.1" 200 16710
114.83.222.182 - - [21/Mar/2023:10:58:31 +0800] "POST /xingrg/kc/base/yddb_list_operate.html HTTP/1.1" 200 1340
180.157.253.110 - - [21/Mar/2023:10:58:35 +0800] "GET /xingrg/kc/buy/cgsh_order_operate.html?command=get_materiel&rest_code=00148&code=00101008358&supplier_code=00100008&order_time=2023-03-20 HTTP/1.1" 200 412
114.83.222.182 - - [21/Mar/2023:10:58:36 +0800] "POST /xingrg/kc/base/yddb_list_operate.html HTTP/1.1" 200 1343
124.79.72.155 - - [21/Mar/2023:10:58:36 +0800] "GET /xingrg/all/function/internal_message.html?_=1679367519083&CODE_STATE=getMsg HTTP/1.1" 200 27
180.164.3.199 - - [21/Mar/2023:10:58:37 +0800] "POST /xingrg/kc/buy/cgsh_list_operate.html HTTP/1.1" 200 2309
222.67.232.202 - - [21/Mar/2023:10:58:37 +0800] "GET /xingrg/all/function/internal_message.html?_=1679367065082&CODE_STATE=getMsg HTTP/1.1" 200 27
114.83.222.182 - - [21/Mar/2023:10:58:37 +0800] "GET /xingrg/all/function/internal_message.html?_=1679367588420&CODE_STATE=getMsg HTTP/1.1" 200 27
180.157.253.110 - - [21/Mar/2023:10:58:40 +0800] "GET /xingrg/check_reg.html?_=1679367521020 HTTP/1.1" 200 22
116.225.84.253 - - [21/Mar/2023:10:58:41 +0800] "GET /xingrg/check_reg.html?_=1679367364628 HTTP/1.1" 200 22
116.225.84.253 - - [21/Mar/2023:10:58:41 +0800] "GET /xingrg/all/function/internal_message.html?_=1679367364631&CODE_STATE=getMsg HTTP/1.1" 200 27
58.40.7.146 - - [21/Mar/2023:10:58:41 +0800] "GET /xingrg/all/function/internal_message.html?_=1679367521585&CODE_STATE=getMsg HTTP/1.1" 200 27
116.237.76.6 - - [21/Mar/2023:10:58:44 +0800] "GET /xingrg/all/function/internal_message.html?_=1679367523775&CODE_STATE=getMsg HTTP/1.1" 200 27
120.253.135.82 - - [21/Mar/2023:10:58:45 +0800] "GET /xingrg/all/function/internal_message.html?_=1679367355238&CODE_STATE=getMsg HTTP/1.1" 200 27
116.235.240.214 - - [21/Mar/2023:10:58:47 +0800] "GET /xingrg/kc/buy/cgsh_order_operate.html?command=get_materiel&rest_code=00146&code=00101006184&supplier_code=00100012&order_time=2023-03-21 HTTP/1.1" 200 408
180.164.3.199 - - [21/Mar/2023:10:58:50 +0800] "GET /xingrg/all/function/internal_message.html?_=1679367529948&CODE_STATE=getMsg HTTP/1.1" 200 27
180.169.147.146 - - [21/Mar/2023:10:58:52 +0800] "GET /xingrg/all/function/internal_message.html?_=1679367532675&CODE_STATE=getMsg HTTP/1.1" 200 27
116.238.139.35 - - [21/Mar/2023:10:58:53 +0800] "GET /xingrg/all/function/internal_message.html?_=1679367534692&CODE_STATE=getMsg HTTP/1.1" 200 27
222.70.182.154 - - [21/Mar/2023:10:58:55 +0800] "GET /xingrg/all/function/internal_message.html?_=1679367533426&CODE_STATE=getMsg HTTP/1.1" 200 27
222.70.182.154 - - [21/Mar/2023:10:58:56 +0800] "GET /xingrg/check_reg.html?_=1679367534116 HTTP/1.1" 200 22
222.69.129.178 - - [21/Mar/2023:10:58:58 +0800] "GET /xingrg/all/function/internal_message.html?_=1679367537795&CODE_STATE=getMsg HTTP/1.1" 200 27
116.235.240.214 - - [21/Mar/2023:10:59:01 +0800] "GET /xingrg/kc/buy/cgsh_order_operate.html?command=get_materiel&rest_code=00146&code=00101006111&supplier_code=00100012&order_time=2023-03-21 HTTP/1.1" 200 428
180.157.253.110 - - [21/Mar/2023:10:59:02 +0800] "GET /xingrg/kc/buy/cgsh_order_operate.html?command=get_materiel&rest_code=00148&code=00101008355&supplier_code=00100008&order_time=2023-03-20 HTTP/1.1" 200 408
101.229.22.234 - - [21/Mar/2023:10:59:04 +0800] "GET /xingrg/all/function/internal_message.html?_=1679367544802&CODE_STATE=getMsg HTTP/1.1" 200 27
180.169.147.146 - - [21/Mar/2023:10:59:07 +0800] "GET /xingrg/all/function/internal_message.html?_=1679367543821&CODE_STATE=getMsg HTTP/1.1" 200 27
116.235.240.214 - - [21/Mar/2023:10:59:09 +0800] "GET /xingrg/check_reg.html?_=1679367554840 HTTP/1.1" 200 22
180.157.253.110 - - [21/Mar/2023:10:59:12 +0800] "GET /xingrg/kc/buy/cgsh_order_operate.html?command=get_materiel&rest_code=00148&code=00101008209&supplier_code=00100008&order_time=2023-03-20 HTTP/1.1" 200 408
222.70.221.209 - - [21/Mar/2023:10:59:15 +0800] "GET /xingrg/all/function/internal_message.html?_=1679367665480&CODE_STATE=getMsg HTTP/1.1" 200 27
116.235.240.214 - - [21/Mar/2023:10:59:17 +0800] "POST /xingrg/kc/buy/cgsh_order_operate.html HTTP/1.1" 200 37
116.225.84.253 - - [21/Mar/2023:10:59:21 +0800] "GET /xingrg/all/function/internal_message.html?_=1679367562250&CODE_STATE=getMsg HTTP/1.1" 200 27
116.238.139.35 - - [21/Mar/2023:10:59:23 +0800] "GET /xingrg/all/function/internal_message.html?_=1679367488725&CODE_STATE=getMsg HTTP/1.1" 200 27
116.235.240.214 - - [21/Mar/2023:10:59:26 +0800] "GET /xingrg/all/function/internal_message.html?_=1679367572499&CODE_STATE=getMsg HTTP/1.1" 200 27
