116.238.139.35 - - [21/Mar/2023:08:28:58 +0800] "GET /xingrg/all/function/internal_message.html?_=1679358539240&CODE_STATE=getMsg HTTP/1.1" 200 27
116.238.139.35 - - [21/Mar/2023:08:28:58 +0800] "GET /xingrg/check_reg.html?_=1679358539244 HTTP/1.1" 200 22
116.235.240.214 - - [21/Mar/2023:08:28:58 +0800] "GET /xingrg/all/function/internal_message.html?_=1679358543504&CODE_STATE=getMsg HTTP/1.1" 200 27
116.192.124.172 - - [21/Mar/2023:08:29:05 +0800] "GET /xingrg/all/function/internal_message.html?_=1679358545652&CODE_STATE=getMsg HTTP/1.1" 200 27
222.70.221.209 - - [21/Mar/2023:08:29:18 +0800] "GET /xingrg/all/function/internal_message.html?_=1679358668050&CODE_STATE=getMsg HTTP/1.1" 200 27
120.253.135.82 - - [21/Mar/2023:08:29:27 +0800] "GET /xingrg/all/function/internal_message.html?_=1679358396553&CODE_STATE=getMsg HTTP/1.1" 200 27
116.228.172.94 - - [21/Mar/2023:08:29:27 +0800] "GET /xingrg/check_reg.html?_=1679358563060 HTTP/1.1" 200 22
116.228.172.94 - - [21/Mar/2023:08:29:27 +0800] "GET /xingrg/all/function/internal_message.html?_=1679358563064&CODE_STATE=getMsg HTTP/1.1" 200 27
116.224.106.218 - - [21/Mar/2023:08:29:29 +0800] "GET /xingrg/all/function/internal_message.html?_=1679358569266&CODE_STATE=getMsg HTTP/1.1" 200 27
116.237.76.6 - - [21/Mar/2023:08:29:40 +0800] "GET /xingrg/all/function/internal_message.html?_=1679358579592&CODE_STATE=getMsg HTTP/1.1" 200 27
116.237.76.6 - - [21/Mar/2023:08:29:40 +0800] "GET /xingrg/check_reg.html?_=1679358579596 HTTP/1.1" 200 22
116.238.139.35 - - [21/Mar/2023:08:29:49 +0800] "GET /xingrg/all/function/internal_message.html?_=1679358515130&CODE_STATE=getMsg HTTP/1.1" 200 27
222.70.182.154 - - [21/Mar/2023:08:29:55 +0800] "GET /xingrg/all/function/internal_message.html?_=1679358593951&CODE_STATE=getMsg HTTP/1.1" 200 27
116.238.139.35 - - [21/Mar/2023:08:29:58 +0800] "GET /xingrg/all/function/internal_message.html?_=1679358599243&CODE_STATE=getMsg HTTP/1.1" 200 27
116.235.240.214 - - [21/Mar/2023:08:29:58 +0800] "GET /xingrg/all/function/internal_message.html?_=1679358603518&CODE_STATE=getMsg HTTP/1.1" 200 27
222.67.232.202 - - [21/Mar/2023:08:30:00 +0800] "POST /xingrg/services/DataTransmitService HTTP/1.1" 200 524
116.192.124.172 - - [21/Mar/2023:08:30:05 +0800] "GET /xingrg/all/function/internal_message.html?_=1679358605642&CODE_STATE=getMsg HTTP/1.1" 200 27
222.70.221.209 - - [21/Mar/2023:08:30:18 +0800] "GET /xingrg/all/function/internal_message.html?_=1679358728024&CODE_STATE=getMsg HTTP/1.1" 200 27
222.70.182.154 - - [21/Mar/2023:08:30:26 +0800] "POST /xingrg/services/DataTransmitService HTTP/1.1" 200 524
120.253.135.82 - - [21/Mar/2023:08:30:27 +0800] "GET /xingrg/all/function/internal_message.html?_=1679358456567&CODE_STATE=getMsg HTTP/1.1" 200 27
116.228.172.94 - - [21/Mar/2023:08:30:27 +0800] "GET /xingrg/all/function/internal_message.html?_=1679358623053&CODE_STATE=getMsg HTTP/1.1" 200 27
116.224.106.218 - - [21/Mar/2023:08:30:29 +0800] "GET /xingrg/all/function/internal_message.html?_=1679358629251&CODE_STATE=getMsg HTTP/1.1" 200 27
116.225.84.253 - - [21/Mar/2023:08:30:38 +0800] "GET /favicon.ico HTTP/1.1" 404 -
180.163.28.143 - - [21/Mar/2023:08:30:40 +0800] "GET /xingrg/all/function/internal_message.html?_=1679358579592&CODE_STATE=getMsg HTTP/1.1" 302 -
180.163.28.143 - - [21/Mar/2023:08:30:40 +0800] "GET /xingrg/login.html HTTP/1.1" 200 7641
116.225.84.253 - - [21/Mar/2023:08:30:40 +0800] "GET /xingrg/index.html?sysBaseUrl=http%3A%2F%2F180.169.147.146%3A18081%2Fxingrg%2F&costTime=36×tamp=1585223203754 HTTP/1.1" 302 -
116.237.76.6 - - [21/Mar/2023:08:30:40 +0800] "GET /xingrg/all/function/internal_message.html?_=1679358639589&CODE_STATE=getMsg HTTP/1.1" 200 27
116.225.84.253 - - [21/Mar/2023:08:30:40 +0800] "GET /xingrg/login.html HTTP/1.1" 200 7641
116.238.139.35 - - [21/Mar/2023:08:30:50 +0800] "GET /xingrg/all/function/internal_message.html?_=1679358575139&CODE_STATE=getMsg HTTP/1.1" 200 27
222.70.182.154 - - [21/Mar/2023:08:30:55 +0800] "GET /xingrg/all/function/internal_message.html?_=1679358653951&CODE_STATE=getMsg HTTP/1.1" 200 27
116.238.139.35 - - [21/Mar/2023:08:30:58 +0800] "GET /xingrg/all/function/internal_message.html?_=1679358659249&CODE_STATE=getMsg HTTP/1.1" 200 27
116.235.240.214 - - [21/Mar/2023:08:30:58 +0800] "GET /xingrg/all/function/internal_message.html?_=1679358663531&CODE_STATE=getMsg HTTP/1.1" 200 27
116.225.84.253 - - [21/Mar/2023:08:31:01 +0800] "GET /favicon.ico HTTP/1.1" 404 -
116.192.124.172 - - [21/Mar/2023:08:31:05 +0800] "GET /xingrg/check_reg.html?_=1679358665660 HTTP/1.1" 200 22
116.192.124.172 - - [21/Mar/2023:08:31:05 +0800] "GET /xingrg/all/function/internal_message.html?_=1679358665659&CODE_STATE=getMsg HTTP/1.1" 200 27
116.225.84.253 - - [21/Mar/2023:08:31:10 +0800] "POST /xingrg/login.do HTTP/1.1" 302 -
116.225.84.253 - - [21/Mar/2023:08:31:10 +0800] "GET /xingrg/index.html?sysBaseUrl=http%3A%2F%2F180.169.147.146%3A18081%2Fxingrg%2F&costTime=813×tamp=1679358670385 HTTP/1.1" 200 17173
116.225.84.253 - - [21/Mar/2023:08:31:11 +0800] "GET /favicon.ico HTTP/1.1" 404 -
116.225.84.253 - - [21/Mar/2023:08:31:11 +0800] "POST /xingrg/all/common/load_tree.html?tree=area_rest_tree_json&manage=1 HTTP/1.1" 200 3499
116.225.84.253 - - [21/Mar/2023:08:31:11 +0800] "GET /xingrg/all/function/internal_message.html?_=1679358673035&CODE_STATE=count HTTP/1.1" 200 11
116.225.84.253 - - [21/Mar/2023:08:31:11 +0800] "GET /xingrg/check_reg.html?_=1679358673035 HTTP/1.1" 200 22
116.225.84.253 - - [21/Mar/2023:08:31:12 +0800] "POST /xingrg/load_menu.html HTTP/1.1" 200 5138
116.225.84.253 - - [21/Mar/2023:08:31:16 +0800] "GET /xingrg/kc/mdqp/qqps_order_list.html HTTP/1.1" 200 9222
116.225.84.253 - - [21/Mar/2023:08:31:17 +0800] "GET /xingrg/dwr/interface/AjaxQqpsService.js HTTP/1.1" 200 16326
116.225.84.253 - - [21/Mar/2023:08:31:17 +0800] "GET /xingrg/dwr/interface/AjaxReportQueryService.js HTTP/1.1" 200 13203
116.225.84.253 - - [21/Mar/2023:08:31:17 +0800] "GET /xingrg/dwr/engine.js HTTP/1.1" 200 43631
116.225.84.253 - - [21/Mar/2023:08:31:17 +0800] "GET /xingrg/dwr/util.js HTTP/1.1" 200 35990
116.225.84.253 - - [21/Mar/2023:08:31:17 +0800] "GET /xingrg/javascript/jquery_easy_ui/themes/icons/uncheck_new.png HTTP/1.1" 304 -
116.225.84.253 - - [21/Mar/2023:08:31:17 +0800] "GET /xingrg/javascript/jquery_easy_ui/themes/icons/cance_new.png HTTP/1.1" 304 -
222.70.221.209 - - [21/Mar/2023:08:31:18 +0800] "GET /xingrg/all/function/internal_message.html?_=1679358788001&CODE_STATE=getMsg HTTP/1.1" 200 27
116.225.84.253 - - [21/Mar/2023:08:31:22 +0800] "GET /xingrg/kc/mdqp/qqps_order_list.html?isQuery=1&timeSelect=1&orderTime=day&startTime=2023-03-20&endTime=2023-03-21&state=all&query=%C8%B7++%B6%A8 HTTP/1.1" 200 10587
116.225.84.253 - - [21/Mar/2023:08:31:22 +0800] "GET /xingrg/dwr/interface/AjaxReportQueryService.js HTTP/1.1" 200 13203
116.225.84.253 - - [21/Mar/2023:08:31:22 +0800] "GET /xingrg/dwr/interface/AjaxQqpsService.js HTTP/1.1" 200 16326
116.225.84.253 - - [21/Mar/2023:08:31:22 +0800] "GET /xingrg/dwr/engine.js HTTP/1.1" 200 43631
120.253.135.82 - - [21/Mar/2023:08:31:27 +0800] "GET /xingrg/all/function/internal_message.html?_=1679358516632&CODE_STATE=getMsg HTTP/1.1" 200 27
116.225.84.253 - - [21/Mar/2023:08:31:27 +0800] "GET /xingrg/kc/buy/cgsh_order_list.html HTTP/1.1" 200 54179
116.228.172.94 - - [21/Mar/2023:08:31:27 +0800] "GET /xingrg/all/function/internal_message.html?_=1679358683059&CODE_STATE=getMsg HTTP/1.1" 200 27
116.224.106.218 - - [21/Mar/2023:08:31:29 +0800] "GET /xingrg/all/function/internal_message.html?_=1679358689236&CODE_STATE=getMsg HTTP/1.1" 200 27
116.225.84.253 - - [21/Mar/2023:08:31:33 +0800] "POST /xingrg/kc/buy/cgsh_list_operate.html HTTP/1.1" 200 986
116.237.76.6 - - [21/Mar/2023:08:31:40 +0800] "GET /xingrg/all/function/internal_message.html?_=1679358699594&CODE_STATE=getMsg HTTP/1.1" 200 27
116.224.106.218 - - [21/Mar/2023:08:31:48 +0800] "GET /xingrg/check_reg.html?_=1679358708046 HTTP/1.1" 200 22
116.238.139.35 - - [21/Mar/2023:08:31:50 +0800] "GET /xingrg/all/function/internal_message.html?_=1679358635174&CODE_STATE=getMsg HTTP/1.1" 200 27
222.70.182.154 - - [21/Mar/2023:08:31:55 +0800] "GET /xingrg/all/function/internal_message.html?_=1679358713952&CODE_STATE=getMsg HTTP/1.1" 200 27
116.238.139.35 - - [21/Mar/2023:08:31:58 +0800] "GET /xingrg/all/function/internal_message.html?_=1679358719251&CODE_STATE=getMsg HTTP/1.1" 200 27
116.235.240.214 - - [21/Mar/2023:08:31:58 +0800] "GET /xingrg/all/function/internal_message.html?_=1679358723912&CODE_STATE=getMsg HTTP/1.1" 200 27
116.192.124.172 - - [21/Mar/2023:08:32:05 +0800] "GET /xingrg/all/function/internal_message.html?_=1679358725651&CODE_STATE=getMsg HTTP/1.1" 200 27
116.225.84.253 - - [21/Mar/2023:08:32:11 +0800] "GET /xingrg/all/function/internal_message.html?_=1679358733047&CODE_STATE=getMsg HTTP/1.1" 200 27
222.70.221.209 - - [21/Mar/2023:08:32:18 +0800] "GET /xingrg/all/function/internal_message.html?_=1679358847989&CODE_STATE=getMsg HTTP/1.1" 200 27
120.253.135.82 - - [21/Mar/2023:08:32:27 +0800] "GET /xingrg/all/function/internal_message.html?_=1679358576642&CODE_STATE=getMsg HTTP/1.1" 200 27
116.228.172.94 - - [21/Mar/2023:08:32:27 +0800] "GET /xingrg/all/function/internal_message.html?_=1679358743075&CODE_STATE=getMsg HTTP/1.1" 200 27
116.224.106.218 - - [21/Mar/2023:08:32:29 +0800] "GET /xingrg/all/function/internal_message.html?_=1679358749217&CODE_STATE=getMsg HTTP/1.1" 200 27
116.238.139.35 - - [21/Mar/2023:08:32:33 +0800] "GET /xingrg/check_reg.html?_=1679358678277 HTTP/1.1" 200 22
116.237.76.6 - - [21/Mar/2023:08:32:40 +0800] "GET /xingrg/all/function/internal_message.html?_=1679358759595&CODE_STATE=getMsg HTTP/1.1" 200 27
116.225.84.253 - - [21/Mar/2023:08:32:49 +0800] "GET /xingrg/kc/buy/cgsh_order_add.html HTTP/1.1" 200 70043
116.225.84.253 - - [21/Mar/2023:08:32:50 +0800] "GET /xingrg/words/20230320111603_words.js HTTP/1.1" 200 956011
116.238.139.35 - - [21/Mar/2023:08:32:50 +0800] "GET /xingrg/all/function/internal_message.html?_=1679358695183&CODE_STATE=getMsg HTTP/1.1" 200 27
120.253.135.82 - - [21/Mar/2023:08:32:50 +0800] "GET /xingrg/kc/pszx/mdps_order_list.html?orderType=0 HTTP/1.1" 200 21032
120.253.135.82 - - [21/Mar/2023:08:32:50 +0800] "POST /xingrg/kc/pszx/mdps_list_operate.html HTTP/1.1" 200 5347
116.225.84.253 - - [21/Mar/2023:08:32:50 +0800] "GET /xingrg/javascript/easyui/themes/default/validatebox.css HTTP/1.1" 404 1104
116.225.84.253 - - [21/Mar/2023:08:32:50 +0800] "GET /xingrg/all/common/auto_word.html?type=employee&rest_code=00105 HTTP/1.1" 200 193
116.225.84.253 - - [21/Mar/2023:08:32:50 +0800] "GET /xingrg/all/common/auto_word.html?type=employee&rest_code=00105 HTTP/1.1" 200 193
116.225.84.253 - - [21/Mar/2023:08:32:50 +0800] "POST /xingrg/kc/buy/cgsh_order_operate.html HTTP/1.1" 200 8245
116.225.84.253 - - [21/Mar/2023:08:32:52 +0800] "GET /xingrg/javascript/auto/indicator.gif HTTP/1.1" 404 1066
222.70.182.154 - - [21/Mar/2023:08:32:55 +0800] "GET /xingrg/all/function/internal_message.html?_=1679358773943&CODE_STATE=getMsg HTTP/1.1" 200 27
116.238.139.35 - - [21/Mar/2023:08:32:58 +0800] "GET /xingrg/all/function/internal_message.html?_=1679358779250&CODE_STATE=getMsg HTTP/1.1" 200 27
116.235.240.214 - - [21/Mar/2023:08:32:58 +0800] "GET /xingrg/all/function/internal_message.html?_=1679358783917&CODE_STATE=getMsg HTTP/1.1" 200 27
120.253.135.82 - - [21/Mar/2023:08:32:59 +0800] "POST /xingrg/kc/pszx/mdps_list_operate.html HTTP/1.1" 200 2806
120.253.135.82 - - [21/Mar/2023:08:33:01 +0800] "POST /xingrg/kc/pszx/mdps_list_operate.html HTTP/1.1" 200 201
120.253.135.82 - - [21/Mar/2023:08:33:02 +0800] "GET /xingrg/kc/pszx/mdps_order_info.html?code=312023032000455 HTTP/1.1" 200 23978
120.253.135.82 - - [21/Mar/2023:08:33:02 +0800] "GET /xingrg/javascript/easyui/themes/default/validatebox.css HTTP/1.1" 404 1104
120.253.135.82 - - [21/Mar/2023:08:33:03 +0800] "POST /xingrg/kc/pszx/mdps_order_operate.html HTTP/1.1" 200 2272
116.192.124.172 - - [21/Mar/2023:08:33:05 +0800] "GET /xingrg/all/function/internal_message.html?_=1679358785642&CODE_STATE=getMsg HTTP/1.1" 200 27
120.253.135.82 - - [21/Mar/2023:08:33:06 +0800] "GET /xingrg/kc/print/load_data.html?order_code=312023032000455&kc_code=mdps&condition= HTTP/1.1" 200 658
116.225.84.253 - - [21/Mar/2023:08:33:06 +0800] "GET /xingrg/kc/buy/cgsh_order_operate.html?command=get_materiel&rest_code=00105&code=00101008312&supplier_code=00100203&order_time=2023-03-21 HTTP/1.1" 200 412
116.225.84.253 - - [21/Mar/2023:08:33:12 +0800] "GET /xingrg/all/function/internal_message.html?_=1679358793084&CODE_STATE=getMsg HTTP/1.1" 200 27
222.70.221.209 - - [21/Mar/2023:08:33:18 +0800] "GET /xingrg/all/function/internal_message.html?_=1679358907986&CODE_STATE=getMsg HTTP/1.1" 200 27
222.70.221.209 - - [21/Mar/2023:08:33:18 +0800] "GET /xingrg/check_reg.html?_=1679358908270 HTTP/1.1" 200 22
116.225.84.253 - - [21/Mar/2023:08:33:20 +0800] "GET /xingrg/kc/buy/cgsh_order_operate.html?command=get_materiel&rest_code=00105&code=00101008286&supplier_code=00100203&order_time=2023-03-21 HTTP/1.1" 200 408
120.253.135.82 - - [21/Mar/2023:08:33:26 +0800] "GET /xingrg/check_reg.html?_=1679358635343 HTTP/1.1" 200 22
120.253.135.82 - - [21/Mar/2023:08:33:27 +0800] "GET /xingrg/all/function/internal_message.html?_=1679358636669&CODE_STATE=getMsg HTTP/1.1" 200 27
116.228.172.94 - - [21/Mar/2023:08:33:27 +0800] "GET /xingrg/all/function/internal_message.html?_=1679358803071&CODE_STATE=getMsg HTTP/1.1" 200 27
116.224.106.218 - - [21/Mar/2023:08:33:29 +0800] "GET /xingrg/all/function/internal_message.html?_=1679358809202&CODE_STATE=getMsg HTTP/1.1" 200 27
116.225.84.253 - - [21/Mar/2023:08:33:32 +0800] "GET /xingrg/kc/buy/cgsh_order_operate.html?command=get_materiel&rest_code=00105&code=00101008045&supplier_code=00100203&order_time=2023-03-21 HTTP/1.1" 200 413
180.163.29.212 - - [21/Mar/2023:08:33:40 +0800] "GET /xingrg/all/function/internal_message.html?_=1679358759595&CODE_STATE=getMsg HTTP/1.1" 302 -
116.237.76.6 - - [21/Mar/2023:08:33:40 +0800] "GET /xingrg/all/function/internal_message.html?_=1679358819597&CODE_STATE=getMsg HTTP/1.1" 200 27
180.163.29.212 - - [21/Mar/2023:08:33:40 +0800] "GET /xingrg/login.html HTTP/1.1" 200 7641
180.157.253.110 - - [21/Mar/2023:08:33:40 +0800] "GET /xingrg/check_reg.html?_=1679358821464 HTTP/1.1" 200 22
116.225.84.253 - - [21/Mar/2023:08:33:45 +0800] "GET /xingrg/kc/buy/cgsh_order_operate.html?command=get_materiel&rest_code=00105&code=00101008361&supplier_code=00100203&order_time=2023-03-21 HTTP/1.1" 200 408
116.238.139.35 - - [21/Mar/2023:08:33:50 +0800] "GET /xingrg/all/function/internal_message.html?_=1679358755197&CODE_STATE=getMsg HTTP/1.1" 200 27
116.225.84.253 - - [21/Mar/2023:08:33:53 +0800] "GET /xingrg/kc/buy/cgsh_order_operate.html?command=get_materiel&rest_code=00105&code=00101008264&supplier_code=00100203&order_time=2023-03-21 HTTP/1.1" 200 412
222.70.182.154 - - [21/Mar/2023:08:33:55 +0800] "GET /xingrg/all/function/internal_message.html?_=1679358833948&CODE_STATE=getMsg HTTP/1.1" 200 27
222.70.182.154 - - [21/Mar/2023:08:33:55 +0800] "GET /xingrg/check_reg.html?_=1679358833952 HTTP/1.1" 200 22
116.238.139.35 - - [21/Mar/2023:08:33:58 +0800] "GET /xingrg/check_reg.html?_=1679358839251 HTTP/1.1" 200 22
116.238.139.35 - - [21/Mar/2023:08:33:58 +0800] "GET /xingrg/all/function/internal_message.html?_=1679358839254&CODE_STATE=getMsg HTTP/1.1" 200 27
116.235.240.214 - - [21/Mar/2023:08:33:58 +0800] "GET /xingrg/check_reg.html?_=1679358843696 HTTP/1.1" 200 22
116.235.240.214 - - [21/Mar/2023:08:33:58 +0800] "GET /xingrg/all/function/internal_message.html?_=1679358843931&CODE_STATE=getMsg HTTP/1.1" 200 27
116.225.84.253 - - [21/Mar/2023:08:34:00 +0800] "GET /xingrg/kc/buy/cgsh_order_operate.html?command=get_materiel&rest_code=00105&code=00101008136&supplier_code=00100203&order_time=2023-03-21 HTTP/1.1" 200 413
116.192.124.172 - - [21/Mar/2023:08:34:05 +0800] "GET /xingrg/all/function/internal_message.html?_=1679358845649&CODE_STATE=getMsg HTTP/1.1" 200 27
116.225.84.253 - - [21/Mar/2023:08:34:09 +0800] "GET /xingrg/kc/buy/cgsh_order_operate.html?command=get_materiel&rest_code=00105&code=00101008131&supplier_code=00100203&order_time=2023-03-21 HTTP/1.1" 200 409
116.225.84.253 - - [21/Mar/2023:08:34:11 +0800] "GET /xingrg/all/function/internal_message.html?_=1679358853057&CODE_STATE=getMsg HTTP/1.1" 200 27
116.225.84.253 - - [21/Mar/2023:08:34:17 +0800] "GET /xingrg/kc/buy/cgsh_order_operate.html?command=get_materiel&rest_code=00105&code=00101008318&supplier_code=00100203&order_time=2023-03-21 HTTP/1.1" 200 408
222.70.221.209 - - [21/Mar/2023:08:34:18 +0800] "GET /xingrg/all/function/internal_message.html?_=1679358967971&CODE_STATE=getMsg HTTP/1.1" 200 27
116.225.84.253 - - [21/Mar/2023:08:34:24 +0800] "GET /xingrg/kc/buy/cgsh_order_operate.html?command=get_materiel&rest_code=00105&code=00101008352&supplier_code=00100203&order_time=2023-03-21 HTTP/1.1" 200 412
120.253.135.82 - - [21/Mar/2023:08:34:27 +0800] "GET /xingrg/all/function/internal_message.html?_=1679358696735&CODE_STATE=getMsg HTTP/1.1" 200 27
116.228.172.94 - - [21/Mar/2023:08:34:27 +0800] "GET /xingrg/check_reg.html?_=1679358863060 HTTP/1.1" 200 22
116.228.172.94 - - [21/Mar/2023:08:34:27 +0800] "GET /xingrg/all/function/internal_message.html?_=1679358863063&CODE_STATE=getMsg HTTP/1.1" 200 27
116.224.106.218 - - [21/Mar/2023:08:34:29 +0800] "GET /xingrg/all/function/internal_message.html?_=1679358869172&CODE_STATE=getMsg HTTP/1.1" 200 27
116.225.84.253 - - [21/Mar/2023:08:34:34 +0800] "GET /xingrg/kc/buy/cgsh_order_operate.html?command=get_materiel&rest_code=00105&code=00101008005&supplier_code=00100203&order_time=2023-03-21 HTTP/1.1" 200 412
180.163.30.27 - - [21/Mar/2023:08:34:40 +0800] "GET /xingrg/all/function/internal_message.html?_=1679358819597&CODE_STATE=getMsg HTTP/1.1" 302 -
180.163.30.27 - - [21/Mar/2023:08:34:40 +0800] "GET /xingrg/login.html HTTP/1.1" 200 7641
116.237.76.6 - - [21/Mar/2023:08:34:40 +0800] "GET /xingrg/all/function/internal_message.html?_=1679358879586&CODE_STATE=getMsg HTTP/1.1" 200 27
116.237.76.6 - - [21/Mar/2023:08:34:40 +0800] "GET /xingrg/check_reg.html?_=1679358879591 HTTP/1.1" 200 22
116.225.84.253 - - [21/Mar/2023:08:34:41 +0800] "GET /xingrg/kc/buy/cgsh_order_operate.html?command=get_materiel&rest_code=00105&code=00101008271&supplier_code=00100203&order_time=2023-03-21 HTTP/1.1" 200 408
116.225.84.253 - - [21/Mar/2023:08:34:49 +0800] "GET /xingrg/kc/buy/cgsh_order_operate.html?command=get_materiel&rest_code=00105&code=00101008213&supplier_code=00100203&order_time=2023-03-21 HTTP/1.1" 200 412
116.238.139.35 - - [21/Mar/2023:08:34:50 +0800] "GET /xingrg/all/function/internal_message.html?_=1679358815228&CODE_STATE=getMsg HTTP/1.1" 200 27
222.70.182.154 - - [21/Mar/2023:08:34:55 +0800] "GET /xingrg/all/function/internal_message.html?_=1679358893953&CODE_STATE=getMsg HTTP/1.1" 200 27
116.238.139.35 - - [21/Mar/2023:08:34:58 +0800] "GET /xingrg/all/function/internal_message.html?_=1679358899254&CODE_STATE=getMsg HTTP/1.1" 200 27
116.225.84.253 - - [21/Mar/2023:08:34:58 +0800] "GET /xingrg/kc/buy/cgsh_order_operate.html?command=get_materiel&rest_code=00105&code=00101008027&supplier_code=00100203&order_time=2023-03-21 HTTP/1.1" 200 408
116.235.240.214 - - [21/Mar/2023:08:34:58 +0800] "GET /xingrg/all/function/internal_message.html?_=1679358903945&CODE_STATE=getMsg HTTP/1.1" 200 27
116.225.84.253 - - [21/Mar/2023:08:35:04 +0800] "POST /xingrg/kc/buy/cgsh_order_operate.html HTTP/1.1" 200 2065
116.192.124.172 - - [21/Mar/2023:08:35:05 +0800] "GET /xingrg/all/function/internal_message.html?_=1679358905646&CODE_STATE=getMsg HTTP/1.1" 200 27
116.225.84.253 - - [21/Mar/2023:08:35:05 +0800] "POST /xingrg/kc/buy/cgsh_order_operate.html HTTP/1.1" 200 2065
116.225.84.253 - - [21/Mar/2023:08:35:12 +0800] "GET /xingrg/all/function/internal_message.html?_=1679358913096&CODE_STATE=getMsg HTTP/1.1" 200 27
116.225.84.253 - - [21/Mar/2023:08:35:15 +0800] "GET /xingrg/kc/buy/cgsh_order_operate.html?command=get_materiel&rest_code=00105&code=00101008186&supplier_code=00100203&order_time=2023-03-21 HTTP/1.1" 200 408
222.70.221.209 - - [21/Mar/2023:08:35:18 +0800] "GET /xingrg/all/function/internal_message.html?_=1679359027946&CODE_STATE=getMsg HTTP/1.1" 200 27
116.225.84.253 - - [21/Mar/2023:08:35:24 +0800] "GET /xingrg/kc/buy/cgsh_order_operate.html?command=get_materiel&rest_code=00105&code=00101008224&supplier_code=00100203&order_time=2023-03-21 HTTP/1.1" 200 416
120.253.135.82 - - [21/Mar/2023:08:35:27 +0800] "GET /xingrg/all/function/internal_message.html?_=1679358756743&CODE_STATE=getMsg HTTP/1.1" 200 27
116.228.172.94 - - [21/Mar/2023:08:35:27 +0800] "GET /xingrg/all/function/internal_message.html?_=1679358923053&CODE_STATE=getMsg HTTP/1.1" 200 27
116.224.106.218 - - [21/Mar/2023:08:35:29 +0800] "GET /xingrg/all/function/internal_message.html?_=1679358929159&CODE_STATE=getMsg HTTP/1.1" 200 27
180.163.29.103 - - [21/Mar/2023:08:35:40 +0800] "GET /xingrg/all/function/internal_message.html?_=1679358879586&CODE_STATE=getMsg HTTP/1.1" 302 -
180.163.29.103 - - [21/Mar/2023:08:35:40 +0800] "GET /xingrg/login.html HTTP/1.1" 200 7641
116.237.76.6 - - [21/Mar/2023:08:35:40 +0800] "GET /xingrg/all/function/internal_message.html?_=1679358939593&CODE_STATE=getMsg HTTP/1.1" 200 27
116.225.84.253 - - [21/Mar/2023:08:35:42 +0800] "GET /xingrg/kc/buy/cgsh_order_operate.html?command=get_materiel&rest_code=00105&code=00101008172&supplier_code=00100203&order_time=2023-03-21 HTTP/1.1" 200 412
116.238.139.35 - - [21/Mar/2023:08:35:50 +0800] "GET /xingrg/all/function/internal_message.html?_=1679358875240&CODE_STATE=getMsg HTTP/1.1" 200 27
116.225.84.253 - - [21/Mar/2023:08:35:52 +0800] "GET /xingrg/kc/buy/cgsh_order_operate.html?command=get_materiel&rest_code=00105&code=00101008357&supplier_code=00100203&order_time=2023-03-21 HTTP/1.1" 200 408
222.70.182.154 - - [21/Mar/2023:08:35:55 +0800] "GET /xingrg/all/function/internal_message.html?_=1679358953952&CODE_STATE=getMsg HTTP/1.1" 200 27
116.238.139.35 - - [21/Mar/2023:08:35:58 +0800] "GET /xingrg/all/function/internal_message.html?_=1679358959264&CODE_STATE=getMsg HTTP/1.1" 200 27
116.235.240.214 - - [21/Mar/2023:08:35:58 +0800] "GET /xingrg/all/function/internal_message.html?_=1679358963959&CODE_STATE=getMsg HTTP/1.1" 200 27
116.225.84.253 - - [21/Mar/2023:08:36:00 +0800] "GET /xingrg/kc/buy/cgsh_order_operate.html?command=get_materiel&rest_code=00105&code=00101008036&supplier_code=00100203&order_time=2023-03-21 HTTP/1.1" 200 408
116.192.124.172 - - [21/Mar/2023:08:36:05 +0800] "GET /xingrg/all/function/internal_message.html?_=1679358965633&CODE_STATE=getMsg HTTP/1.1" 200 27
116.192.124.172 - - [21/Mar/2023:08:36:05 +0800] "GET /xingrg/check_reg.html?_=1679358965635 HTTP/1.1" 200 22
116.225.84.253 - - [21/Mar/2023:08:36:07 +0800] "GET /xingrg/kc/buy/cgsh_order_operate.html?command=get_materiel&rest_code=00105&code=00101008108&supplier_code=00100203&order_time=2023-03-21 HTTP/1.1" 200 412
116.225.84.253 - - [21/Mar/2023:08:36:11 +0800] "GET /xingrg/check_reg.html?_=1679358973063 HTTP/1.1" 200 22
116.225.84.253 - - [21/Mar/2023:08:36:11 +0800] "GET /xingrg/all/function/internal_message.html?_=1679358973065&CODE_STATE=getMsg HTTP/1.1" 200 27
116.225.84.253 - - [21/Mar/2023:08:36:15 +0800] "GET /xingrg/kc/buy/cgsh_order_operate.html?command=get_materiel&rest_code=00105&code=00101008041&supplier_code=00100203&order_time=2023-03-21 HTTP/1.1" 200 408
222.70.221.209 - - [21/Mar/2023:08:36:18 +0800] "GET /xingrg/all/function/internal_message.html?_=1679359087924&CODE_STATE=getMsg HTTP/1.1" 200 27
120.253.135.82 - - [21/Mar/2023:08:36:27 +0800] "GET /xingrg/all/function/internal_message.html?_=1679358816803&CODE_STATE=getMsg HTTP/1.1" 200 27
116.228.172.94 - - [21/Mar/2023:08:36:27 +0800] "GET /xingrg/all/function/internal_message.html?_=1679358983066&CODE_STATE=getMsg HTTP/1.1" 200 27
116.224.106.218 - - [21/Mar/2023:08:36:29 +0800] "GET /xingrg/all/function/internal_message.html?_=1679358989144&CODE_STATE=getMsg HTTP/1.1" 200 27
116.225.84.253 - - [21/Mar/2023:08:36:34 +0800] "GET /xingrg/kc/buy/cgsh_order_operate.html?command=get_materiel&rest_code=00105&code=00101008350&supplier_code=00100203&order_time=2023-03-21 HTTP/1.1" 200 408
116.237.76.6 - - [21/Mar/2023:08:36:40 +0800] "GET /xingrg/all/function/internal_message.html?_=1679358999594&CODE_STATE=getMsg HTTP/1.1" 200 27
116.225.84.253 - - [21/Mar/2023:08:36:41 +0800] "GET /xingrg/kc/buy/cgsh_order_operate.html?command=get_materiel&rest_code=00105&code=00101008355&supplier_code=00100203&order_time=2023-03-21 HTTP/1.1" 200 408
116.224.106.218 - - [21/Mar/2023:08:36:48 +0800] "GET /xingrg/check_reg.html?_=1679359008040 HTTP/1.1" 200 22
116.238.139.35 - - [21/Mar/2023:08:36:50 +0800] "GET /xingrg/all/function/internal_message.html?_=1679358935273&CODE_STATE=getMsg HTTP/1.1" 200 27
222.70.182.154 - - [21/Mar/2023:08:36:55 +0800] "GET /xingrg/all/function/internal_message.html?_=1679359013952&CODE_STATE=getMsg HTTP/1.1" 200 27
116.238.139.35 - - [21/Mar/2023:08:36:58 +0800] "GET /xingrg/all/function/internal_message.html?_=1679359019251&CODE_STATE=getMsg HTTP/1.1" 200 27
116.235.240.214 - - [21/Mar/2023:08:36:58 +0800] "GET /xingrg/all/function/internal_message.html?_=1679359024305&CODE_STATE=getMsg HTTP/1.1" 200 27
116.192.124.172 - - [21/Mar/2023:08:37:05 +0800] "GET /xingrg/all/function/internal_message.html?_=1679359025641&CODE_STATE=getMsg HTTP/1.1" 200 27
116.225.84.253 - - [21/Mar/2023:08:37:11 +0800] "GET /xingrg/all/function/internal_message.html?_=1679359033046&CODE_STATE=getMsg HTTP/1.1" 200 27
222.70.221.209 - - [21/Mar/2023:08:37:18 +0800] "GET /xingrg/all/function/internal_message.html?_=1679359147909&CODE_STATE=getMsg HTTP/1.1" 200 27
116.225.84.253 - - [21/Mar/2023:08:37:21 +0800] "GET /xingrg/kc/buy/cgsh_order_operate.html?command=get_materiel&rest_code=00105&code=00101008229&supplier_code=00100203&order_time=2023-03-21 HTTP/1.1" 200 420
116.225.84.253 - - [21/Mar/2023:08:37:24 +0800] "POST /xingrg/kc/buy/cgsh_order_operate.html HTTP/1.1" 200 2065
124.79.79.194 - - [21/Mar/2023:08:37:24 +0800] "POST /xingrg/services/DataTransmitService HTTP/1.1" 200 524
116.225.84.253 - - [21/Mar/2023:08:37:25 +0800] "POST /xingrg/kc/buy/cgsh_order_operate.html HTTP/1.1" 200 2065
120.253.135.82 - - [21/Mar/2023:08:37:27 +0800] "GET /xingrg/all/function/internal_message.html?_=1679358876817&CODE_STATE=getMsg HTTP/1.1" 200 27
116.228.172.94 - - [21/Mar/2023:08:37:27 +0800] "GET /xingrg/all/function/internal_message.html?_=1679359043057&CODE_STATE=getMsg HTTP/1.1" 200 27
116.224.106.218 - - [21/Mar/2023:08:37:29 +0800] "GET /xingrg/all/function/internal_message.html?_=1679359049118&CODE_STATE=getMsg HTTP/1.1" 200 27
116.238.139.35 - - [21/Mar/2023:08:37:33 +0800] "GET /xingrg/check_reg.html?_=1679358978283 HTTP/1.1" 200 22
116.225.84.253 - - [21/Mar/2023:08:37:44 +0800] "GET /xingrg/kc/buy/cgsh_order_operate.html?command=get_materiel&rest_code=00105&code=00101008032&supplier_code=00100203&order_time=2023-03-21 HTTP/1.1" 200 409
116.238.139.35 - - [21/Mar/2023:08:37:50 +0800] "GET /xingrg/all/function/internal_message.html?_=1679358995281&CODE_STATE=getMsg HTTP/1.1" 200 27
116.225.84.253 - - [21/Mar/2023:08:37:50 +0800] "GET /xingrg/kc/buy/cgsh_order_operate.html?command=get_materiel&rest_code=00105&code=00101008123&supplier_code=00100203&order_time=2023-03-21 HTTP/1.1" 200 412
116.237.76.6 - - [21/Mar/2023:08:37:52 +0800] "GET /xingrg/all/function/internal_message.html?_=1679359059597&CODE_STATE=getMsg HTTP/1.1" 200 27
222.70.182.154 - - [21/Mar/2023:08:37:55 +0800] "GET /xingrg/all/function/internal_message.html?_=1679359073952&CODE_STATE=getMsg HTTP/1.1" 200 27
116.225.84.253 - - [21/Mar/2023:08:37:57 +0800] "GET /xingrg/kc/buy/cgsh_order_operate.html?command=get_materiel&rest_code=00105&code=00101008509&supplier_code=00100203&order_time=2023-03-21 HTTP/1.1" 200 409
116.238.139.35 - - [21/Mar/2023:08:37:58 +0800] "GET /xingrg/all/function/internal_message.html?_=1679359079252&CODE_STATE=getMsg HTTP/1.1" 200 27
116.235.240.214 - - [21/Mar/2023:08:37:58 +0800] "GET /xingrg/all/function/internal_message.html?_=1679359084313&CODE_STATE=getMsg HTTP/1.1" 200 27
116.225.84.253 - - [21/Mar/2023:08:38:04 +0800] "GET /xingrg/kc/buy/cgsh_order_operate.html?command=get_materiel&rest_code=00105&code=00101008568&supplier_code=00100203&order_time=2023-03-21 HTTP/1.1" 200 412
116.192.124.172 - - [21/Mar/2023:08:38:05 +0800] "GET /xingrg/all/function/internal_message.html?_=1679359085657&CODE_STATE=getMsg HTTP/1.1" 200 27
116.225.84.253 - - [21/Mar/2023:08:38:11 +0800] "GET /xingrg/all/function/internal_message.html?_=1679359093070&CODE_STATE=getMsg HTTP/1.1" 200 27
222.70.221.209 - - [21/Mar/2023:08:38:18 +0800] "GET /xingrg/all/function/internal_message.html?_=1679359207882&CODE_STATE=getMsg HTTP/1.1" 200 27
222.70.221.209 - - [21/Mar/2023:08:38:18 +0800] "GET /xingrg/check_reg.html?_=1679359208275 HTTP/1.1" 200 22
120.253.135.82 - - [21/Mar/2023:08:38:26 +0800] "GET /xingrg/check_reg.html?_=1679358935403 HTTP/1.1" 200 22
120.253.135.82 - - [21/Mar/2023:08:38:27 +0800] "GET /xingrg/all/function/internal_message.html?_=1679358936832&CODE_STATE=getMsg HTTP/1.1" 200 27
116.228.172.94 - - [21/Mar/2023:08:38:27 +0800] "GET /xingrg/all/function/internal_message.html?_=1679359103071&CODE_STATE=getMsg HTTP/1.1" 200 27
116.224.106.218 - - [21/Mar/2023:08:38:29 +0800] "GET /xingrg/all/function/internal_message.html?_=1679359109104&CODE_STATE=getMsg HTTP/1.1" 200 27
116.225.84.253 - - [21/Mar/2023:08:38:34 +0800] "GET /xingrg/kc/buy/cgsh_order_operate.html?command=get_materiel&rest_code=00105&code=00101008248&supplier_code=00100203&order_time=2023-03-21 HTTP/1.1" 200 412
116.237.76.6 - - [21/Mar/2023:08:38:40 +0800] "GET /xingrg/all/function/internal_message.html?_=1679359119604&CODE_STATE=getMsg HTTP/1.1" 200 27
180.157.253.110 - - [21/Mar/2023:08:38:40 +0800] "GET /xingrg/check_reg.html?_=1679359121441 HTTP/1.1" 200 22
116.225.84.253 - - [21/Mar/2023:08:38:42 +0800] "GET /xingrg/kc/buy/cgsh_order_operate.html?command=get_materiel&rest_code=00105&code=00101008261&supplier_code=00100203&order_time=2023-03-21 HTTP/1.1" 200 408
116.238.139.35 - - [21/Mar/2023:08:38:50 +0800] "GET /xingrg/all/function/internal_message.html?_=1679359055296&CODE_STATE=getMsg HTTP/1.1" 200 27
116.225.84.253 - - [21/Mar/2023:08:38:50 +0800] "GET /xingrg/kc/buy/cgsh_order_operate.html?command=get_materiel&rest_code=00105&code=00101008210&supplier_code=00100203&order_time=2023-03-21 HTTP/1.1" 200 408
222.70.182.154 - - [21/Mar/2023:08:38:55 +0800] "GET /xingrg/check_reg.html?_=1679359133950 HTTP/1.1" 200 22
222.70.182.154 - - [21/Mar/2023:08:38:55 +0800] "GET /xingrg/all/function/internal_message.html?_=1679359133952&CODE_STATE=getMsg HTTP/1.1" 200 27
116.238.139.35 - - [21/Mar/2023:08:38:58 +0800] "GET /xingrg/all/function/internal_message.html?_=1679359139254&CODE_STATE=getMsg HTTP/1.1" 200 27
116.238.139.35 - - [21/Mar/2023:08:38:58 +0800] "GET /xingrg/check_reg.html?_=1679359139257 HTTP/1.1" 200 22
116.225.84.253 - - [21/Mar/2023:08:38:58 +0800] "GET /xingrg/kc/buy/cgsh_order_operate.html?command=get_materiel&rest_code=00105&code=00101008096&supplier_code=00100203&order_time=2023-03-21 HTTP/1.1" 200 412
116.235.240.214 - - [21/Mar/2023:08:38:58 +0800] "GET /xingrg/check_reg.html?_=1679359144125 HTTP/1.1" 200 22
116.235.240.214 - - [21/Mar/2023:08:38:58 +0800] "GET /xingrg/all/function/internal_message.html?_=1679359144327&CODE_STATE=getMsg HTTP/1.1" 200 27
116.225.84.253 - - [21/Mar/2023:08:39:05 +0800] "GET /xingrg/kc/buy/cgsh_order_operate.html?command=get_materiel&rest_code=00105&code=00101008283&supplier_code=00100203&order_time=2023-03-21 HTTP/1.1" 200 408
116.192.124.172 - - [21/Mar/2023:08:39:05 +0800] "GET /xingrg/all/function/internal_message.html?_=1679359145660&CODE_STATE=getMsg HTTP/1.1" 200 27
116.225.84.253 - - [21/Mar/2023:08:39:11 +0800] "GET /xingrg/all/function/internal_message.html?_=1679359153052&CODE_STATE=getMsg HTTP/1.1" 200 27
116.225.84.253 - - [21/Mar/2023:08:39:12 +0800] "GET /xingrg/kc/buy/cgsh_order_operate.html?command=get_materiel&rest_code=00105&code=00101008358&supplier_code=00100203&order_time=2023-03-21 HTTP/1.1" 200 412
222.70.221.209 - - [21/Mar/2023:08:39:17 +0800] "GET /xingrg/all/function/internal_message.html?_=1679359267855&CODE_STATE=getMsg HTTP/1.1" 200 27
116.225.84.253 - - [21/Mar/2023:08:39:20 +0800] "GET /xingrg/kc/buy/cgsh_order_operate.html?command=get_materiel&rest_code=00105&code=00101008064&supplier_code=00100203&order_time=2023-03-21 HTTP/1.1" 200 412
120.253.135.82 - - [21/Mar/2023:08:39:27 +0800] "GET /xingrg/all/function/internal_message.html?_=1679358996845&CODE_STATE=getMsg HTTP/1.1" 200 27
116.228.172.94 - - [21/Mar/2023:08:39:27 +0800] "GET /xingrg/check_reg.html?_=1679359163063 HTTP/1.1" 200 22
116.228.172.94 - - [21/Mar/2023:08:39:27 +0800] "GET /xingrg/all/function/internal_message.html?_=1679359163067&CODE_STATE=getMsg HTTP/1.1" 200 27
116.224.106.218 - - [21/Mar/2023:08:39:29 +0800] "GET /xingrg/all/function/internal_message.html?_=1679359169089&CODE_STATE=getMsg HTTP/1.1" 200 27
116.225.84.253 - - [21/Mar/2023:08:39:35 +0800] "GET /xingrg/kc/buy/cgsh_order_operate.html?command=get_materiel&rest_code=00105&code=00101008211&supplier_code=00100203&order_time=2023-03-21 HTTP/1.1" 200 412
116.225.84.253 - - [21/Mar/2023:08:39:38 +0800] "POST /xingrg/kc/buy/cgsh_order_operate.html HTTP/1.1" 200 2065
116.237.76.6 - - [21/Mar/2023:08:39:40 +0800] "GET /xingrg/check_reg.html?_=1679359179589 HTTP/1.1" 200 22
116.237.76.6 - - [21/Mar/2023:08:39:40 +0800] "GET /xingrg/all/function/internal_message.html?_=1679359179593&CODE_STATE=getMsg HTTP/1.1" 200 27
116.238.139.35 - - [21/Mar/2023:08:39:50 +0800] "GET /xingrg/all/function/internal_message.html?_=1679359115330&CODE_STATE=getMsg HTTP/1.1" 200 27
116.225.84.253 - - [21/Mar/2023:08:39:53 +0800] "GET /xingrg/kc/buy/cgsh_order_operate.html?command=get_materiel&rest_code=00105&code=00101008059&supplier_code=00100203&order_time=2023-03-21 HTTP/1.1" 200 408
222.70.182.154 - - [21/Mar/2023:08:39:55 +0800] "GET /xingrg/all/function/internal_message.html?_=1679359193976&CODE_STATE=getMsg HTTP/1.1" 200 27
116.238.139.35 - - [21/Mar/2023:08:39:58 +0800] "GET /xingrg/all/function/internal_message.html?_=1679359199258&CODE_STATE=getMsg HTTP/1.1" 200 27
116.235.240.214 - - [21/Mar/2023:08:39:58 +0800] "GET /xingrg/all/function/internal_message.html?_=1679359204341&CODE_STATE=getMsg HTTP/1.1" 200 27
116.192.124.172 - - [21/Mar/2023:08:40:05 +0800] "GET /xingrg/all/function/internal_message.html?_=1679359205651&CODE_STATE=getMsg HTTP/1.1" 200 27
116.225.84.253 - - [21/Mar/2023:08:40:12 +0800] "GET /xingrg/all/function/internal_message.html?_=1679359213126&CODE_STATE=getMsg HTTP/1.1" 200 27
116.225.84.253 - - [21/Mar/2023:08:40:16 +0800] "GET /xingrg/kc/buy/cgsh_order_operate.html?command=get_materiel&rest_code=00105&code=00101010136&supplier_code=00100203&order_time=2023-03-21 HTTP/1.1" 200 408
222.70.221.209 - - [21/Mar/2023:08:40:17 +0800] "GET /xingrg/all/function/internal_message.html?_=1679359327852&CODE_STATE=getMsg HTTP/1.1" 200 27
116.225.84.253 - - [21/Mar/2023:08:40:27 +0800] "POST /xingrg/kc/buy/cgsh_order_operate.html HTTP/1.1" 200 37
116.228.172.94 - - [21/Mar/2023:08:40:27 +0800] "GET /xingrg/all/function/internal_message.html?_=1679359223056&CODE_STATE=getMsg HTTP/1.1" 200 27
120.253.135.82 - - [21/Mar/2023:08:40:27 +0800] "GET /xingrg/all/function/internal_message.html?_=1679359056858&CODE_STATE=getMsg HTTP/1.1" 200 27
116.225.84.253 - - [21/Mar/2023:08:40:29 +0800] "POST /xingrg/kc/buy/cgsh_order_operate.html HTTP/1.1" 200 27495
116.224.106.218 - - [21/Mar/2023:08:40:29 +0800] "GET /xingrg/all/function/internal_message.html?_=1679359229076&CODE_STATE=getMsg HTTP/1.1" 200 27
116.225.84.253 - - [21/Mar/2023:08:40:39 +0800] "GET /xingrg/kc/buy/cgsh_order_add.html HTTP/1.1" 200 70043
116.237.76.6 - - [21/Mar/2023:08:40:40 +0800] "GET /xingrg/all/function/internal_message.html?_=1679359239596&CODE_STATE=getMsg HTTP/1.1" 200 27
116.225.84.253 - - [21/Mar/2023:08:40:40 +0800] "POST /xingrg/kc/buy/cgsh_order_operate.html HTTP/1.1" 200 8245
116.225.84.253 - - [21/Mar/2023:08:40:40 +0800] "GET /xingrg/javascript/easyui/themes/default/validatebox.css HTTP/1.1" 404 1104
180.163.29.219 - - [21/Mar/2023:08:40:43 +0800] "GET /xingrg/all/function/internal_message.html?_=1679359179593&CODE_STATE=getMsg HTTP/1.1" 302 -
180.163.29.219 - - [21/Mar/2023:08:40:43 +0800] "GET /xingrg/login.html HTTP/1.1" 200 7641
116.238.139.35 - - [21/Mar/2023:08:40:50 +0800] "GET /xingrg/all/function/internal_message.html?_=1679359175339&CODE_STATE=getMsg HTTP/1.1" 200 27
222.70.182.154 - - [21/Mar/2023:08:40:55 +0800] "GET /xingrg/all/function/internal_message.html?_=1679359253978&CODE_STATE=getMsg HTTP/1.1" 200 27
116.238.139.35 - - [21/Mar/2023:08:40:58 +0800] "GET /xingrg/all/function/internal_message.html?_=1679359259258&CODE_STATE=getMsg HTTP/1.1" 200 27
116.235.240.214 - - [21/Mar/2023:08:40:58 +0800] "GET /xingrg/all/function/internal_message.html?_=1679359264354&CODE_STATE=getMsg HTTP/1.1" 200 27
116.192.124.172 - - [21/Mar/2023:08:41:05 +0800] "GET /xingrg/check_reg.html?_=1679359265645 HTTP/1.1" 200 22
116.192.124.172 - - [21/Mar/2023:08:41:05 +0800] "GET /xingrg/all/function/internal_message.html?_=1679359265646&CODE_STATE=getMsg HTTP/1.1" 200 27
116.225.84.253 - - [21/Mar/2023:08:41:11 +0800] "GET /xingrg/check_reg.html?_=1679359273058 HTTP/1.1" 200 22
116.225.84.253 - - [21/Mar/2023:08:41:11 +0800] "GET /xingrg/all/function/internal_message.html?_=1679359273055&CODE_STATE=getMsg HTTP/1.1" 200 27
222.70.221.209 - - [21/Mar/2023:08:41:17 +0800] "GET /xingrg/all/function/internal_message.html?_=1679359387836&CODE_STATE=getMsg HTTP/1.1" 200 27
116.225.84.253 - - [21/Mar/2023:08:41:19 +0800] "GET /xingrg/kc/buy/cgsh_order_operate.html?command=get_materiel&rest_code=00105&code=00101016030&supplier_code=00100034&order_time=2023-03-21 HTTP/1.1" 200 412
116.228.172.94 - - [21/Mar/2023:08:41:27 +0800] "GET /xingrg/all/function/internal_message.html?_=1679359283061&CODE_STATE=getMsg HTTP/1.1" 200 27
120.253.135.82 - - [21/Mar/2023:08:41:27 +0800] "GET /xingrg/all/function/internal_message.html?_=1679359116917&CODE_STATE=getMsg HTTP/1.1" 200 27
116.224.106.218 - - [21/Mar/2023:08:41:29 +0800] "GET /xingrg/all/function/internal_message.html?_=1679359289059&CODE_STATE=getMsg HTTP/1.1" 200 27
116.237.76.6 - - [21/Mar/2023:08:41:40 +0800] "GET /xingrg/all/function/internal_message.html?_=1679359299598&CODE_STATE=getMsg HTTP/1.1" 200 27
116.225.84.253 - - [21/Mar/2023:08:41:40 +0800] "GET /xingrg/kc/buy/cgsh_order_operate.html?command=get_materiel&rest_code=00105&code=00101012033&supplier_code=00100034&order_time=2023-03-21 HTTP/1.1" 200 426
116.224.106.218 - - [21/Mar/2023:08:41:48 +0800] "GET /xingrg/check_reg.html?_=1679359308049 HTTP/1.1" 200 22
116.225.84.253 - - [21/Mar/2023:08:41:49 +0800] "POST /xingrg/kc/buy/cgsh_order_operate.html HTTP/1.1" 200 37
116.238.139.35 - - [21/Mar/2023:08:41:50 +0800] "GET /xingrg/all/function/internal_message.html?_=1679359235369&CODE_STATE=getMsg HTTP/1.1" 200 27
116.225.84.253 - - [21/Mar/2023:08:41:50 +0800] "POST /xingrg/kc/buy/cgsh_order_operate.html HTTP/1.1" 200 3253
116.225.84.253 - - [21/Mar/2023:08:41:51 +0800] "GET /xingrg/kc/print/load_config.html?kc_code=cgsh HTTP/1.1" 200 1925
116.225.84.253 - - [21/Mar/2023:08:41:52 +0800] "GET /xingrg/kc/print/load_data.html?order_code=212023032107732&kc_code=cgsh&condition= HTTP/1.1" 200 944
222.70.182.154 - - [21/Mar/2023:08:41:55 +0800] "GET /xingrg/all/function/internal_message.html?_=1679359313978&CODE_STATE=getMsg HTTP/1.1" 200 27
116.238.139.35 - - [21/Mar/2023:08:41:58 +0800] "GET /xingrg/all/function/internal_message.html?_=1679359319260&CODE_STATE=getMsg HTTP/1.1" 200 27
116.235.240.214 - - [21/Mar/2023:08:41:59 +0800] "GET /xingrg/all/function/internal_message.html?_=1679359324726&CODE_STATE=getMsg HTTP/1.1" 200 27
116.192.124.172 - - [21/Mar/2023:08:42:05 +0800] "GET /xingrg/all/function/internal_message.html?_=1679359325636&CODE_STATE=getMsg HTTP/1.1" 200 27
116.225.84.253 - - [21/Mar/2023:08:42:11 +0800] "GET /xingrg/all/function/internal_message.html?_=1679359333056&CODE_STATE=getMsg HTTP/1.1" 200 27
222.70.221.209 - - [21/Mar/2023:08:42:17 +0800] "GET /xingrg/all/function/internal_message.html?_=1679359447837&CODE_STATE=getMsg HTTP/1.1" 200 27
116.228.172.94 - - [21/Mar/2023:08:42:27 +0800] "GET /xingrg/all/function/internal_message.html?_=1679359343053&CODE_STATE=getMsg HTTP/1.1" 200 27
120.253.135.82 - - [21/Mar/2023:08:42:27 +0800] "GET /xingrg/all/function/internal_message.html?_=1679359176932&CODE_STATE=getMsg HTTP/1.1" 200 27
116.224.106.218 - - [21/Mar/2023:08:42:29 +0800] "GET /xingrg/all/function/internal_message.html?_=1679359349033&CODE_STATE=getMsg HTTP/1.1" 200 27
116.238.139.35 - - [21/Mar/2023:08:42:33 +0800] "GET /xingrg/check_reg.html?_=1679359278287 HTTP/1.1" 200 22
180.163.29.79 - - [21/Mar/2023:08:42:40 +0800] "GET /xingrg/all/function/internal_message.html?_=1679359299598&CODE_STATE=getMsg HTTP/1.1" 302 -
180.163.29.79 - - [21/Mar/2023:08:42:40 +0800] "GET /xingrg/login.html HTTP/1.1" 200 7641
116.237.76.6 - - [21/Mar/2023:08:42:40 +0800] "GET /xingrg/all/function/internal_message.html?_=1679359359602&CODE_STATE=getMsg HTTP/1.1" 200 27
116.238.139.35 - - [21/Mar/2023:08:42:50 +0800] "GET /xingrg/all/function/internal_message.html?_=1679359295381&CODE_STATE=getMsg HTTP/1.1" 200 27
222.70.182.154 - - [21/Mar/2023:08:42:55 +0800] "GET /xingrg/all/function/internal_message.html?_=1679359373978&CODE_STATE=getMsg HTTP/1.1" 200 27
116.238.139.35 - - [21/Mar/2023:08:42:58 +0800] "GET /xingrg/all/function/internal_message.html?_=1679359379262&CODE_STATE=getMsg HTTP/1.1" 200 27
116.235.240.214 - - [21/Mar/2023:08:42:59 +0800] "GET /xingrg/all/function/internal_message.html?_=1679359384742&CODE_STATE=getMsg HTTP/1.1" 200 27
116.192.124.172 - - [21/Mar/2023:08:43:05 +0800] "GET /xingrg/all/function/internal_message.html?_=1679359385638&CODE_STATE=getMsg HTTP/1.1" 200 27
116.225.84.253 - - [21/Mar/2023:08:43:11 +0800] "GET /xingrg/all/function/internal_message.html?_=1679359393056&CODE_STATE=getMsg HTTP/1.1" 200 27
222.70.221.209 - - [21/Mar/2023:08:43:17 +0800] "GET /xingrg/all/function/internal_message.html?_=1679359507808&CODE_STATE=getMsg HTTP/1.1" 200 27
222.70.221.209 - - [21/Mar/2023:08:43:18 +0800] "GET /xingrg/check_reg.html?_=1679359508282 HTTP/1.1" 200 22
120.253.135.82 - - [21/Mar/2023:08:43:26 +0800] "GET /xingrg/check_reg.html?_=1679359235404 HTTP/1.1" 200 22
116.228.172.94 - - [21/Mar/2023:08:43:27 +0800] "GET /xingrg/all/function/internal_message.html?_=1679359403061&CODE_STATE=getMsg HTTP/1.1" 200 27
120.253.135.82 - - [21/Mar/2023:08:43:27 +0800] "GET /xingrg/all/function/internal_message.html?_=1679359237034&CODE_STATE=getMsg HTTP/1.1" 200 27
116.224.106.218 - - [21/Mar/2023:08:43:29 +0800] "GET /xingrg/all/function/internal_message.html?_=1679359409017&CODE_STATE=getMsg HTTP/1.1" 200 27
116.237.76.6 - - [21/Mar/2023:08:43:40 +0800] "GET /xingrg/all/function/internal_message.html?_=1679359419608&CODE_STATE=getMsg HTTP/1.1" 200 27
180.157.253.110 - - [21/Mar/2023:08:43:40 +0800] "GET /xingrg/check_reg.html?_=1679359421418 HTTP/1.1" 200 22
116.238.139.35 - - [21/Mar/2023:08:43:50 +0800] "GET /xingrg/all/function/internal_message.html?_=1679359355395&CODE_STATE=getMsg HTTP/1.1" 200 27
222.70.182.154 - - [21/Mar/2023:08:43:55 +0800] "GET /xingrg/all/function/internal_message.html?_=1679359433984&CODE_STATE=getMsg HTTP/1.1" 200 27
222.70.182.154 - - [21/Mar/2023:08:43:55 +0800] "GET /xingrg/check_reg.html?_=1679359433980 HTTP/1.1" 200 22
116.238.139.35 - - [21/Mar/2023:08:43:58 +0800] "GET /xingrg/check_reg.html?_=1679359439264 HTTP/1.1" 200 22
116.238.139.35 - - [21/Mar/2023:08:43:58 +0800] "GET /xingrg/all/function/internal_message.html?_=1679359439267&CODE_STATE=getMsg HTTP/1.1" 200 27
116.235.240.214 - - [21/Mar/2023:08:43:59 +0800] "GET /xingrg/check_reg.html?_=1679359444570 HTTP/1.1" 200 22
116.235.240.214 - - [21/Mar/2023:08:43:59 +0800] "GET /xingrg/all/function/internal_message.html?_=1679359444754&CODE_STATE=getMsg HTTP/1.1" 200 27
116.192.124.172 - - [21/Mar/2023:08:44:05 +0800] "GET /xingrg/all/function/internal_message.html?_=1679359445652&CODE_STATE=getMsg HTTP/1.1" 200 27
116.225.84.253 - - [21/Mar/2023:08:44:10 +0800] "GET /xingrg/kc/buy/cgsh_order_list.html HTTP/1.1" 200 54179
116.225.84.253 - - [21/Mar/2023:08:44:11 +0800] "GET /xingrg/all/function/internal_message.html?_=1679359453069&CODE_STATE=getMsg HTTP/1.1" 200 27
116.225.84.253 - - [21/Mar/2023:08:44:15 +0800] "POST /xingrg/kc/buy/cgsh_list_operate.html HTTP/1.1" 200 2274
222.70.221.209 - - [21/Mar/2023:08:44:17 +0800] "GET /xingrg/all/function/internal_message.html?_=1679359567794&CODE_STATE=getMsg HTTP/1.1" 200 27
116.225.84.253 - - [21/Mar/2023:08:44:24 +0800] "POST /xingrg/kc/buy/cgsh_list_operate.html HTTP/1.1" 200 567
116.225.84.253 - - [21/Mar/2023:08:44:26 +0800] "GET /xingrg/kc/buy/cgsh_order_info.html?code=212023032107731 HTTP/1.1" 200 70046
116.225.84.253 - - [21/Mar/2023:08:44:26 +0800] "GET /xingrg/javascript/easyui/themes/default/validatebox.css HTTP/1.1" 404 1104
116.225.84.253 - - [21/Mar/2023:08:44:27 +0800] "POST /xingrg/kc/buy/cgsh_order_operate.html HTTP/1.1" 200 27495
116.228.172.94 - - [21/Mar/2023:08:44:27 +0800] "GET /xingrg/all/function/internal_message.html?_=1679359463059&CODE_STATE=getMsg HTTP/1.1" 200 27
116.228.172.94 - - [21/Mar/2023:08:44:27 +0800] "GET /xingrg/check_reg.html?_=1679359463061 HTTP/1.1" 200 22
120.253.135.82 - - [21/Mar/2023:08:44:27 +0800] "GET /xingrg/all/function/internal_message.html?_=1679359297038&CODE_STATE=getMsg HTTP/1.1" 200 27
116.224.106.218 - - [21/Mar/2023:08:44:29 +0800] "GET /xingrg/all/function/internal_message.html?_=1679359469003&CODE_STATE=getMsg HTTP/1.1" 200 27
180.163.29.217 - - [21/Mar/2023:08:44:40 +0800] "GET /xingrg/all/function/internal_message.html?_=1679359419608&CODE_STATE=getMsg HTTP/1.1" 302 -
116.237.76.6 - - [21/Mar/2023:08:44:40 +0800] "GET /xingrg/check_reg.html?_=1679359479606 HTTP/1.1" 200 22
116.237.76.6 - - [21/Mar/2023:08:44:40 +0800] "GET /xingrg/all/function/internal_message.html?_=1679359479611&CODE_STATE=getMsg HTTP/1.1" 200 27
180.163.29.217 - - [21/Mar/2023:08:44:40 +0800] "GET /xingrg/login.html HTTP/1.1" 200 7641
116.238.139.35 - - [21/Mar/2023:08:44:50 +0800] "GET /xingrg/all/function/internal_message.html?_=1679359415427&CODE_STATE=getMsg HTTP/1.1" 200 27
222.70.182.154 - - [21/Mar/2023:08:44:55 +0800] "GET /xingrg/all/function/internal_message.html?_=1679359493969&CODE_STATE=getMsg HTTP/1.1" 200 27
116.238.139.35 - - [21/Mar/2023:08:44:58 +0800] "GET /xingrg/all/function/internal_message.html?_=1679359499266&CODE_STATE=getMsg HTTP/1.1" 200 27
116.235.240.214 - - [21/Mar/2023:08:44:59 +0800] "GET /xingrg/all/function/internal_message.html?_=1679359504767&CODE_STATE=getMsg HTTP/1.1" 200 27
116.192.124.172 - - [21/Mar/2023:08:45:05 +0800] "GET /xingrg/all/function/internal_message.html?_=1679359505639&CODE_STATE=getMsg HTTP/1.1" 200 27
116.225.84.253 - - [21/Mar/2023:08:45:11 +0800] "GET /xingrg/all/function/internal_message.html?_=1679359513061&CODE_STATE=getMsg HTTP/1.1" 200 27
222.70.221.209 - - [21/Mar/2023:08:45:17 +0800] "GET /xingrg/all/function/internal_message.html?_=1679359627776&CODE_STATE=getMsg HTTP/1.1" 200 27
116.228.172.94 - - [21/Mar/2023:08:45:27 +0800] "GET /xingrg/all/function/internal_message.html?_=1679359523078&CODE_STATE=getMsg HTTP/1.1" 200 27
120.253.135.82 - - [21/Mar/2023:08:45:27 +0800] "GET /xingrg/all/function/internal_message.html?_=1679359357052&CODE_STATE=getMsg HTTP/1.1" 200 27
116.224.106.218 - - [21/Mar/2023:08:45:29 +0800] "GET /xingrg/all/function/internal_message.html?_=1679359528988&CODE_STATE=getMsg HTTP/1.1" 200 27
180.163.29.212 - - [21/Mar/2023:08:45:40 +0800] "GET /xingrg/check_reg.html?_=1679359479606 HTTP/1.1" 302 -
180.163.29.212 - - [21/Mar/2023:08:45:40 +0800] "GET /xingrg/login.html HTTP/1.1" 200 7641
180.163.28.114 - - [21/Mar/2023:08:45:40 +0800] "GET /xingrg/all/function/internal_message.html?_=1679359479611&CODE_STATE=getMsg HTTP/1.1" 302 -
116.237.76.6 - - [21/Mar/2023:08:45:40 +0800] "GET /xingrg/all/function/internal_message.html?_=1679359539598&CODE_STATE=getMsg HTTP/1.1" 200 27
180.163.28.114 - - [21/Mar/2023:08:45:40 +0800] "GET /xingrg/login.html HTTP/1.1" 200 7641
116.238.139.35 - - [21/Mar/2023:08:45:50 +0800] "GET /xingrg/all/function/internal_message.html?_=1679359475437&CODE_STATE=getMsg HTTP/1.1" 200 27
222.70.182.154 - - [21/Mar/2023:08:45:55 +0800] "GET /xingrg/all/function/internal_message.html?_=1679359553970&CODE_STATE=getMsg HTTP/1.1" 200 27
116.238.139.35 - - [21/Mar/2023:08:45:58 +0800] "GET /xingrg/all/function/internal_message.html?_=1679359559274&CODE_STATE=getMsg HTTP/1.1" 200 27
116.235.240.214 - - [21/Mar/2023:08:45:59 +0800] "GET /xingrg/all/function/internal_message.html?_=1679359564781&CODE_STATE=getMsg HTTP/1.1" 200 27
116.192.124.172 - - [21/Mar/2023:08:46:05 +0800] "GET /xingrg/all/function/internal_message.html?_=1679359565648&CODE_STATE=getMsg HTTP/1.1" 200 27
116.192.124.172 - - [21/Mar/2023:08:46:05 +0800] "GET /xingrg/check_reg.html?_=1679359565649 HTTP/1.1" 200 22
116.225.84.253 - - [21/Mar/2023:08:46:11 +0800] "GET /xingrg/all/function/internal_message.html?_=1679359573062&CODE_STATE=getMsg HTTP/1.1" 200 27
116.225.84.253 - - [21/Mar/2023:08:46:11 +0800] "GET /xingrg/check_reg.html?_=1679359573064 HTTP/1.1" 200 22
222.70.221.209 - - [21/Mar/2023:08:46:17 +0800] "GET /xingrg/all/function/internal_message.html?_=1679359687760&CODE_STATE=getMsg HTTP/1.1" 200 27
116.228.172.94 - - [21/Mar/2023:08:46:27 +0800] "GET /xingrg/all/function/internal_message.html?_=1679359583055&CODE_STATE=getMsg HTTP/1.1" 200 27
