116.237.74.250 - - [17/Mar/2023:10:09:34 +0800] "GET /xingrg/all/function/internal_message.html?_=1679018978061&CODE_STATE=getMsg HTTP/1.1" 200 27
116.238.139.35 - - [17/Mar/2023:10:09:36 +0800] "GET /xingrg/all/function/internal_message.html?_=1679018977543&CODE_STATE=getMsg HTTP/1.1" 200 27
116.224.106.218 - - [17/Mar/2023:10:09:38 +0800] "GET /xingrg/all/function/internal_message.html?_=1679018977847&CODE_STATE=getMsg HTTP/1.1" 302 -
114.83.220.158 - - [17/Mar/2023:10:09:41 +0800] "GET /xingrg/kc/buy/cgsh_order_operate.html?command=get_materiel&rest_code=00149&code=00101008029&supplier_code=00100008&order_time=2023-03-17 HTTP/1.1" 200 417
124.77.245.38 - - [17/Mar/2023:10:09:44 +0800] "GET /xingrg/kc/buy/cgsh_order_operate.html?command=get_materiel&rest_code=00146&code=00101008126&supplier_code=00100005&order_time=2023-03-17 HTTP/1.1" 200 412
120.253.135.82 - - [17/Mar/2023:10:09:49 +0800] "GET /xingrg/all/function/internal_message.html?_=1679018818152&CODE_STATE=getMsg HTTP/1.1" 200 27
114.83.220.158 - - [17/Mar/2023:10:09:51 +0800] "GET /xingrg/kc/buy/cgsh_order_operate.html?command=get_materiel&rest_code=00149&code=00101008172&supplier_code=00100008&order_time=2023-03-17 HTTP/1.1" 200 412
124.77.245.38 - - [17/Mar/2023:10:09:53 +0800] "GET /xingrg/all/function/internal_message.html?_=1679019011036&CODE_STATE=getMsg HTTP/1.1" 200 27
114.83.220.158 - - [17/Mar/2023:10:09:53 +0800] "GET /xingrg/all/function/internal_message.html?_=1679018991653&CODE_STATE=getMsg HTTP/1.1" 200 27
114.83.220.158 - - [17/Mar/2023:10:09:53 +0800] "GET /xingrg/check_reg.html?_=1679018991657 HTTP/1.1" 200 22
101.229.22.234 - - [17/Mar/2023:10:09:55 +0800] "GET /xingrg/all/function/internal_message.html?_=1679018995013&CODE_STATE=getMsg HTTP/1.1" 200 27
116.225.84.253 - - [17/Mar/2023:10:09:58 +0800] "GET /xingrg/all/function/internal_message.html?_=1679018841609&CODE_STATE=getMsg HTTP/1.1" 200 27
124.77.245.38 - - [17/Mar/2023:10:10:05 +0800] "GET /xingrg/kc/buy/cgsh_order_operate.html?command=get_materiel&rest_code=00146&code=00101008003&supplier_code=00100005&order_time=2023-03-17 HTTP/1.1" 200 408
222.70.182.154 - - [17/Mar/2023:10:10:08 +0800] "GET /xingrg/all/function/internal_message.html?_=1679019006228&CODE_STATE=getMsg HTTP/1.1" 200 27
222.70.182.154 - - [17/Mar/2023:10:10:09 +0800] "GET /xingrg/check_reg.html?_=1679019007092 HTTP/1.1" 200 22
117.143.46.121 - - [17/Mar/2023:10:10:09 +0800] "GET /xingrg/all/function/internal_message.html?_=1679019009391&CODE_STATE=getMsg HTTP/1.1" 200 27
116.225.84.253 - - [17/Mar/2023:10:10:11 +0800] "GET /xingrg/all/function/internal_message.html?_=1679019010090&CODE_STATE=getMsg HTTP/1.1" 200 27
114.83.222.182 - - [17/Mar/2023:10:10:11 +0800] "GET /xingrg/all/function/internal_message.html?_=1679019078305&CODE_STATE=getMsg HTTP/1.1" 200 27
124.77.245.38 - - [17/Mar/2023:10:10:17 +0800] "GET /xingrg/kc/buy/cgsh_order_operate.html?command=get_materiel&rest_code=00146&code=00101008359&supplier_code=00100005&order_time=2023-03-17 HTTP/1.1" 200 409
116.237.74.250 - - [17/Mar/2023:10:10:27 +0800] "GET /xingrg/all/function/internal_message.html?_=1679019025231&CODE_STATE=getMsg HTTP/1.1" 200 27
124.77.245.38 - - [17/Mar/2023:10:10:30 +0800] "GET /xingrg/check_reg.html?_=1679019048211 HTTP/1.1" 200 22
222.70.221.209 - - [17/Mar/2023:10:10:33 +0800] "GET /xingrg/all/function/internal_message.html?_=1679019143281&CODE_STATE=getMsg HTTP/1.1" 200 27
116.237.74.250 - - [17/Mar/2023:10:10:34 +0800] "GET /xingrg/all/function/internal_message.html?_=1679019038056&CODE_STATE=getMsg HTTP/1.1" 200 27
116.238.139.35 - - [17/Mar/2023:10:10:36 +0800] "GET /xingrg/all/function/internal_message.html?_=1679019037550&CODE_STATE=getMsg HTTP/1.1" 200 27
116.224.106.218 - - [17/Mar/2023:10:10:38 +0800] "GET /xingrg/all/function/internal_message.html?_=1679019037871&CODE_STATE=getMsg HTTP/1.1" 302 -
124.77.245.38 - - [17/Mar/2023:10:10:40 +0800] "GET /xingrg/kc/buy/cgsh_order_operate.html?command=get_materiel&rest_code=00146&code=00101008239&supplier_code=00100005&order_time=2023-03-17 HTTP/1.1" 200 416
120.253.135.82 - - [17/Mar/2023:10:10:49 +0800] "GET /xingrg/all/function/internal_message.html?_=1679018878164&CODE_STATE=getMsg HTTP/1.1" 200 27
124.77.245.38 - - [17/Mar/2023:10:10:52 +0800] "GET /xingrg/kc/buy/cgsh_order_operate.html?command=get_materiel&rest_code=00146&code=00101008403&supplier_code=00100005&order_time=2023-03-17 HTTP/1.1" 200 412
124.77.245.38 - - [17/Mar/2023:10:10:53 +0800] "GET /xingrg/all/function/internal_message.html?_=1679019071049&CODE_STATE=getMsg HTTP/1.1" 200 27
114.83.220.158 - - [17/Mar/2023:10:10:53 +0800] "GET /xingrg/all/function/internal_message.html?_=1679019051644&CODE_STATE=getMsg HTTP/1.1" 200 27
101.229.22.234 - - [17/Mar/2023:10:10:55 +0800] "GET /xingrg/all/function/internal_message.html?_=1679019055011&CODE_STATE=getMsg HTTP/1.1" 200 27
116.225.84.253 - - [17/Mar/2023:10:10:58 +0800] "GET /xingrg/all/function/internal_message.html?_=1679018901609&CODE_STATE=getMsg HTTP/1.1" 200 27
222.70.182.154 - - [17/Mar/2023:10:11:08 +0800] "GET /xingrg/all/function/internal_message.html?_=1679019066211&CODE_STATE=getMsg HTTP/1.1" 200 27
117.143.46.121 - - [17/Mar/2023:10:11:09 +0800] "GET /xingrg/all/function/internal_message.html?_=1679019069385&CODE_STATE=getMsg HTTP/1.1" 200 27
116.225.84.253 - - [17/Mar/2023:10:11:11 +0800] "GET /xingrg/all/function/internal_message.html?_=1679019070090&CODE_STATE=getMsg HTTP/1.1" 200 27
114.83.222.182 - - [17/Mar/2023:10:11:11 +0800] "GET /xingrg/all/function/internal_message.html?_=1679019138303&CODE_STATE=getMsg HTTP/1.1" 200 27
114.83.220.158 - - [17/Mar/2023:10:11:11 +0800] "POST /xingrg/kc/buy/cgsh_order_operate.html HTTP/1.1" 200 2065
114.83.220.158 - - [17/Mar/2023:10:11:18 +0800] "GET /xingrg/kc/buy/cgsh_order_operate.html?command=get_materiel&rest_code=00149&code=00101009004&supplier_code=00100008&order_time=2023-03-17 HTTP/1.1" 200 409
116.237.74.250 - - [17/Mar/2023:10:11:27 +0800] "GET /xingrg/all/function/internal_message.html?_=1679019085201&CODE_STATE=getMsg HTTP/1.1" 200 27
114.83.220.158 - - [17/Mar/2023:10:11:28 +0800] "GET /xingrg/kc/buy/cgsh_order_operate.html?command=get_materiel&rest_code=00149&code=00101009015&supplier_code=00100008&order_time=2023-03-17 HTTP/1.1" 200 416
222.70.221.209 - - [17/Mar/2023:10:11:33 +0800] "GET /xingrg/all/function/internal_message.html?_=1679019203279&CODE_STATE=getMsg HTTP/1.1" 200 27
124.77.245.38 - - [17/Mar/2023:10:11:33 +0800] "GET /xingrg/kc/buy/cgsh_order_operate.html?command=get_materiel&rest_code=00146&code=00101008084&supplier_code=00100005&order_time=2023-03-17 HTTP/1.1" 200 412
116.238.139.35 - - [17/Mar/2023:10:11:36 +0800] "GET /xingrg/all/function/internal_message.html?_=1679019097551&CODE_STATE=getMsg HTTP/1.1" 200 27
116.224.106.218 - - [17/Mar/2023:10:11:38 +0800] "GET /xingrg/check_reg.html?_=1679019097872 HTTP/1.1" 302 -
116.224.106.218 - - [17/Mar/2023:10:11:38 +0800] "GET /xingrg/all/function/internal_message.html?_=1679019097875&CODE_STATE=getMsg HTTP/1.1" 302 -
114.83.220.158 - - [17/Mar/2023:10:11:40 +0800] "GET /xingrg/kc/buy/cgsh_order_operate.html?command=get_materiel&rest_code=00149&code=00101008706&supplier_code=00100008&order_time=2023-03-17 HTTP/1.1" 200 413
120.253.135.82 - - [17/Mar/2023:10:11:49 +0800] "GET /xingrg/all/function/internal_message.html?_=1679018938202&CODE_STATE=getMsg HTTP/1.1" 200 27
114.83.220.158 - - [17/Mar/2023:10:11:51 +0800] "GET /xingrg/kc/buy/cgsh_order_operate.html?command=get_materiel&rest_code=00149&code=00101015038&supplier_code=00100008&order_time=2023-03-17 HTTP/1.1" 200 418
124.77.245.38 - - [17/Mar/2023:10:11:53 +0800] "GET /xingrg/all/function/internal_message.html?_=1679019131064&CODE_STATE=getMsg HTTP/1.1" 200 27
114.83.220.158 - - [17/Mar/2023:10:11:53 +0800] "GET /xingrg/all/function/internal_message.html?_=1679019111665&CODE_STATE=getMsg HTTP/1.1" 200 27
101.229.22.234 - - [17/Mar/2023:10:11:55 +0800] "GET /xingrg/check_reg.html?_=1679019115010 HTTP/1.1" 200 22
101.229.22.234 - - [17/Mar/2023:10:11:55 +0800] "GET /xingrg/all/function/internal_message.html?_=1679019115014&CODE_STATE=getMsg HTTP/1.1" 200 27
116.225.84.253 - - [17/Mar/2023:10:11:58 +0800] "GET /xingrg/check_reg.html?_=1679018961606 HTTP/1.1" 200 22
116.225.84.253 - - [17/Mar/2023:10:11:58 +0800] "GET /xingrg/all/function/internal_message.html?_=1679018961607&CODE_STATE=getMsg HTTP/1.1" 200 27
114.83.220.158 - - [17/Mar/2023:10:12:00 +0800] "GET /xingrg/kc/buy/cgsh_order_operate.html?command=get_materiel&rest_code=00149&code=00101008591&supplier_code=00100008&order_time=2023-03-17 HTTP/1.1" 200 409
222.70.182.154 - - [17/Mar/2023:10:12:02 +0800] "GET /xingrg/check_reg.html?_=1679019425528 HTTP/1.1" 200 22
114.83.220.158 - - [17/Mar/2023:10:12:05 +0800] "POST /xingrg/kc/buy/cgsh_order_operate.html HTTP/1.1" 200 2065
222.70.182.154 - - [17/Mar/2023:10:12:08 +0800] "GET /xingrg/all/function/internal_message.html?_=1679019126192&CODE_STATE=getMsg HTTP/1.1" 200 27
116.238.139.35 - - [17/Mar/2023:10:12:09 +0800] "GET /xingrg/check_reg.html?_=1679019057509 HTTP/1.1" 302 -
117.135.169.143 - - [17/Mar/2023:10:12:09 +0800] "GET /xingrg/all/function/internal_message.html?_=1679019069385&CODE_STATE=getMsg HTTP/1.1" 302 -
117.135.169.143 - - [17/Mar/2023:10:12:09 +0800] "GET /xingrg/login.html HTTP/1.1" 200 7641
117.143.46.121 - - [17/Mar/2023:10:12:09 +0800] "GET /xingrg/all/function/internal_message.html?_=1679019129374&CODE_STATE=getMsg HTTP/1.1" 200 27
117.143.46.121 - - [17/Mar/2023:10:12:09 +0800] "GET /xingrg/check_reg.html?_=1679019129378 HTTP/1.1" 200 22
116.225.84.253 - - [17/Mar/2023:10:12:11 +0800] "GET /xingrg/all/function/internal_message.html?_=1679019130101&CODE_STATE=getMsg HTTP/1.1" 200 27
116.225.84.253 - - [17/Mar/2023:10:12:11 +0800] "GET /xingrg/check_reg.html?_=1679019130129 HTTP/1.1" 200 22
114.83.222.182 - - [17/Mar/2023:10:12:11 +0800] "GET /xingrg/check_reg.html?_=1679019198304 HTTP/1.1" 200 22
114.83.222.182 - - [17/Mar/2023:10:12:11 +0800] "GET /xingrg/all/function/internal_message.html?_=1679019198305&CODE_STATE=getMsg HTTP/1.1" 200 27
114.83.220.158 - - [17/Mar/2023:10:12:12 +0800] "GET /xingrg/kc/buy/cgsh_order_operate.html?command=get_materiel&rest_code=00149&code=00101008123&supplier_code=00100008&order_time=2023-03-17 HTTP/1.1" 200 412
114.83.220.158 - - [17/Mar/2023:10:12:23 +0800] "GET /xingrg/kc/buy/cgsh_order_operate.html?command=get_materiel&rest_code=00149&code=00101008284&supplier_code=00100008&order_time=2023-03-17 HTTP/1.1" 200 412
116.237.74.250 - - [17/Mar/2023:10:12:27 +0800] "GET /xingrg/all/function/internal_message.html?_=1679019145188&CODE_STATE=getMsg HTTP/1.1" 200 27
124.77.245.38 - - [17/Mar/2023:10:12:28 +0800] "GET /xingrg/kc/buy/cgsh_order_operate.html?command=get_materiel&rest_code=00146&code=00101008175&supplier_code=00100005&order_time=2023-03-17 HTTP/1.1" 200 412
222.70.221.209 - - [17/Mar/2023:10:12:33 +0800] "GET /xingrg/all/function/internal_message.html?_=1679019263273&CODE_STATE=getMsg HTTP/1.1" 200 27
114.83.220.158 - - [17/Mar/2023:10:12:33 +0800] "GET /xingrg/kc/buy/cgsh_order_operate.html?command=get_materiel&rest_code=00149&code=00101008704&supplier_code=00100008&order_time=2023-03-17 HTTP/1.1" 200 409
116.238.139.35 - - [17/Mar/2023:10:12:36 +0800] "GET /xingrg/check_reg.html?_=1679019157553 HTTP/1.1" 200 22
116.238.139.35 - - [17/Mar/2023:10:12:36 +0800] "GET /xingrg/all/function/internal_message.html?_=1679019157557&CODE_STATE=getMsg HTTP/1.1" 200 27
116.224.106.218 - - [17/Mar/2023:10:12:38 +0800] "GET /xingrg/all/function/internal_message.html?_=1679019157860&CODE_STATE=getMsg HTTP/1.1" 302 -
124.77.245.38 - - [17/Mar/2023:10:12:43 +0800] "GET /xingrg/kc/buy/cgsh_order_operate.html?command=get_materiel&rest_code=00146&code=00101008331&supplier_code=00100005&order_time=2023-03-17 HTTP/1.1" 200 416
120.253.135.82 - - [17/Mar/2023:10:12:49 +0800] "GET /xingrg/all/function/internal_message.html?_=1679018998208&CODE_STATE=getMsg HTTP/1.1" 200 27
116.225.84.253 - - [17/Mar/2023:10:12:52 +0800] "GET /xingrg/kc/buy/cgsh_order_add.html HTTP/1.1" 200 70043
116.225.84.253 - - [17/Mar/2023:10:12:52 +0800] "GET /xingrg/words/20230316230843_words.js HTTP/1.1" 304 -
116.225.84.253 - - [17/Mar/2023:10:12:52 +0800] "POST /xingrg/kc/buy/cgsh_order_operate.html HTTP/1.1" 200 8245
116.225.84.253 - - [17/Mar/2023:10:12:52 +0800] "GET /xingrg/javascript/easyui/themes/default/validatebox.css HTTP/1.1" 404 1104
124.77.245.38 - - [17/Mar/2023:10:12:53 +0800] "GET /xingrg/all/function/internal_message.html?_=1679019191076&CODE_STATE=getMsg HTTP/1.1" 200 27
114.83.220.158 - - [17/Mar/2023:10:12:53 +0800] "GET /xingrg/all/function/internal_message.html?_=1679019171771&CODE_STATE=getMsg HTTP/1.1" 200 27
101.229.22.234 - - [17/Mar/2023:10:12:55 +0800] "GET /xingrg/all/function/internal_message.html?_=1679019175013&CODE_STATE=getMsg HTTP/1.1" 200 27
114.83.220.158 - - [17/Mar/2023:10:12:57 +0800] "GET /xingrg/kc/buy/cgsh_order_operate.html?command=get_materiel&rest_code=00149&code=00101015043&supplier_code=00100008&order_time=2023-03-17 HTTP/1.1" 200 413
222.67.232.202 - - [17/Mar/2023:10:12:57 +0800] "GET /xingrg/check_reg.html?_=1679018726461 HTTP/1.1" 302 -
116.225.84.253 - - [17/Mar/2023:10:12:58 +0800] "GET /xingrg/all/function/internal_message.html?_=1679019021606&CODE_STATE=getMsg HTTP/1.1" 200 27
124.77.245.38 - - [17/Mar/2023:10:13:04 +0800] "GET /xingrg/kc/buy/cgsh_order_operate.html?command=get_materiel&rest_code=00146&code=00101008354&supplier_code=00100005&order_time=2023-03-17 HTTP/1.1" 200 412
114.83.220.158 - - [17/Mar/2023:10:13:07 +0800] "GET /xingrg/kc/buy/cgsh_order_operate.html?command=get_materiel&rest_code=00149&code=00101008658&supplier_code=00100008&order_time=2023-03-17 HTTP/1.1" 200 408
222.70.182.154 - - [17/Mar/2023:10:13:08 +0800] "GET /xingrg/all/function/internal_message.html?_=1679019186176&CODE_STATE=getMsg HTTP/1.1" 200 27
117.143.46.121 - - [17/Mar/2023:10:13:09 +0800] "GET /xingrg/all/function/internal_message.html?_=1679019189391&CODE_STATE=getMsg HTTP/1.1" 200 27
114.83.220.158 - - [17/Mar/2023:10:13:10 +0800] "POST /xingrg/kc/buy/cgsh_order_operate.html HTTP/1.1" 200 2065
116.225.84.253 - - [17/Mar/2023:10:13:10 +0800] "GET /xingrg/kc/buy/cgsh_order_operate.html?command=get_materiel&rest_code=00105&code=00101029002&supplier_code=00100017&order_time=2023-03-17 HTTP/1.1" 200 450
116.225.84.253 - - [17/Mar/2023:10:13:11 +0800] "GET /xingrg/all/function/internal_message.html?_=1679019190125&CODE_STATE=getMsg HTTP/1.1" 200 27
116.237.74.250 - - [17/Mar/2023:10:13:11 +0800] "GET /xingrg/check_reg.html?_=1679019189172 HTTP/1.1" 200 22
114.83.222.182 - - [17/Mar/2023:10:13:11 +0800] "GET /xingrg/all/function/internal_message.html?_=1679019258305&CODE_STATE=getMsg HTTP/1.1" 200 27
114.83.220.158 - - [17/Mar/2023:10:13:16 +0800] "GET /xingrg/kc/buy/cgsh_order_operate.html?command=get_materiel&rest_code=00149&code=00101009044&supplier_code=00100008&order_time=2023-03-17 HTTP/1.1" 200 413
116.237.74.250 - - [17/Mar/2023:10:13:27 +0800] "GET /xingrg/all/function/internal_message.html?_=1679019205167&CODE_STATE=getMsg HTTP/1.1" 200 27
114.83.220.158 - - [17/Mar/2023:10:13:28 +0800] "GET /xingrg/kc/buy/cgsh_order_operate.html?command=get_materiel&rest_code=00149&code=00101009011&supplier_code=00100008&order_time=2023-03-17 HTTP/1.1" 200 416
116.225.84.253 - - [17/Mar/2023:10:13:28 +0800] "GET /xingrg/kc/buy/cgsh_order_operate.html?command=get_materiel&rest_code=00105&code=00101027001&supplier_code=00100017&order_time=2023-03-17 HTTP/1.1" 200 469
124.77.245.38 - - [17/Mar/2023:10:13:30 +0800] "GET /xingrg/kc/buy/cgsh_order_operate.html?command=get_materiel&rest_code=00146&code=00101008096&supplier_code=00100005&order_time=2023-03-17 HTTP/1.1" 200 412
222.70.221.209 - - [17/Mar/2023:10:13:33 +0800] "GET /xingrg/all/function/internal_message.html?_=1679019323287&CODE_STATE=getMsg HTTP/1.1" 200 27
116.238.139.35 - - [17/Mar/2023:10:13:36 +0800] "GET /xingrg/all/function/internal_message.html?_=1679019217558&CODE_STATE=getMsg HTTP/1.1" 200 27
116.224.106.218 - - [17/Mar/2023:10:13:38 +0800] "GET /xingrg/all/function/internal_message.html?_=1679019217862&CODE_STATE=getMsg HTTP/1.1" 302 -
124.79.240.233 - - [17/Mar/2023:10:13:45 +0800] "GET /xingrg/login.html HTTP/1.1" 200 7641
124.79.240.233 - - [17/Mar/2023:10:13:45 +0800] "GET /favicon.ico HTTP/1.1" 404 -
120.253.135.82 - - [17/Mar/2023:10:13:48 +0800] "GET /xingrg/check_reg.html?_=1679019056849 HTTP/1.1" 200 22
120.253.135.82 - - [17/Mar/2023:10:13:49 +0800] "GET /xingrg/all/function/internal_message.html?_=1679019058221&CODE_STATE=getMsg HTTP/1.1" 200 27
114.83.220.158 - - [17/Mar/2023:10:13:51 +0800] "POST /xingrg/kc/buy/cgsh_order_operate.html HTTP/1.1" 200 37
124.77.245.38 - - [17/Mar/2023:10:13:53 +0800] "GET /xingrg/all/function/internal_message.html?_=1679019251089&CODE_STATE=getMsg HTTP/1.1" 200 27
114.83.220.158 - - [17/Mar/2023:10:13:53 +0800] "GET /xingrg/all/function/internal_message.html?_=1679019232053&CODE_STATE=getMsg HTTP/1.1" 200 27
101.229.22.234 - - [17/Mar/2023:10:13:55 +0800] "GET /xingrg/all/function/internal_message.html?_=1679019235016&CODE_STATE=getMsg HTTP/1.1" 200 27
114.83.220.158 - - [17/Mar/2023:10:13:55 +0800] "POST /xingrg/kc/buy/cgsh_order_operate.html HTTP/1.1" 200 47615
124.77.245.38 - - [17/Mar/2023:10:13:57 +0800] "GET /xingrg/kc/buy/cgsh_order_operate.html?command=get_materiel&rest_code=00146&code=00101008038&supplier_code=00100005&order_time=2023-03-17 HTTP/1.1" 200 23
116.225.84.253 - - [17/Mar/2023:10:13:58 +0800] "GET /xingrg/all/function/internal_message.html?_=1679019081629&CODE_STATE=getMsg HTTP/1.1" 200 27
116.225.84.253 - - [17/Mar/2023:10:13:58 +0800] "GET /xingrg/kc/buy/cgsh_order_operate.html?command=get_materiel&rest_code=00105&code=00101028053&supplier_code=00100017&order_time=2023-03-17 HTTP/1.1" 200 23
124.79.240.233 - - [17/Mar/2023:10:13:58 +0800] "POST /xingrg/login.do HTTP/1.1" 302 -
124.79.240.233 - - [17/Mar/2023:10:13:58 +0800] "GET /xingrg/index.html?sysBaseUrl=http%3A%2F%2F180.169.147.146%3A18081%2Fxingrg%2F&costTime=4890×tamp=1679019238740 HTTP/1.1" 200 17503
124.79.240.233 - - [17/Mar/2023:10:13:59 +0800] "GET /xingrg/check_reg.html?_=1679019236198 HTTP/1.1" 200 22
124.79.240.233 - - [17/Mar/2023:10:13:59 +0800] "GET /xingrg/all/function/internal_message.html?_=1679019236194&CODE_STATE=count HTTP/1.1" 200 11
124.79.240.233 - - [17/Mar/2023:10:13:59 +0800] "POST /xingrg/all/common/load_tree.html?tree=area_rest_tree_json&manage=1 HTTP/1.1" 200 591
124.79.240.233 - - [17/Mar/2023:10:13:59 +0800] "GET /favicon.ico HTTP/1.1" 404 -
124.79.240.233 - - [17/Mar/2023:10:13:59 +0800] "POST /xingrg/load_menu.html HTTP/1.1" 200 11564
124.79.240.233 - - [17/Mar/2023:10:14:03 +0800] "POST /xingrg/all/user/operate.html HTTP/1.1" 200 36
124.79.240.233 - - [17/Mar/2023:10:14:03 +0800] "GET /xingrg/index.html?sysBaseUrl=http%3A%2F%2F180.169.147.146%3A18081%2Fxingrg%2F&costTime=4890×tamp=1679019238740 HTTP/1.1" 200 17509
124.79.240.233 - - [17/Mar/2023:10:14:03 +0800] "GET /xingrg/javascript/jquery_easy_ui/themes/default/easyui.css HTTP/1.1" 304 -
124.79.240.233 - - [17/Mar/2023:10:14:03 +0800] "GET /xingrg/javascript/jquery_easy_ui/themes/icon.css HTTP/1.1" 304 -
124.79.240.233 - - [17/Mar/2023:10:14:03 +0800] "GET /xingrg/css/form.css HTTP/1.1" 304 -
124.79.240.233 - - [17/Mar/2023:10:14:03 +0800] "GET /xingrg/javascript/jquery-1.4.2.min.js HTTP/1.1" 304 -
124.79.240.233 - - [17/Mar/2023:10:14:03 +0800] "GET /xingrg/javascript/jquery_easy_ui/jquery.easyui.min.js HTTP/1.1" 304 -
124.79.240.233 - - [17/Mar/2023:10:14:03 +0800] "GET /xingrg/javascript/jquery_easy_ui/easyui-lang-zh_CN.js HTTP/1.1" 304 -
124.79.240.233 - - [17/Mar/2023:10:14:03 +0800] "GET /xingrg/javascript/jquery.form.js HTTP/1.1" 304 -
124.79.240.233 - - [17/Mar/2023:10:14:03 +0800] "GET /xingrg/javascript/jquery.utils.js HTTP/1.1" 304 -
124.79.240.233 - - [17/Mar/2023:10:14:03 +0800] "GET /xingrg/javascript/jquery.timers.js HTTP/1.1" 304 -
124.79.240.233 - - [17/Mar/2023:10:14:03 +0800] "GET /xingrg/images/blue/jxLogo.png HTTP/1.1" 304 -
124.79.240.233 - - [17/Mar/2023:10:14:03 +0800] "GET /xingrg/all/function/internal_message.html?_=1679019240578&CODE_STATE=count HTTP/1.1" 200 11
124.79.240.233 - - [17/Mar/2023:10:14:03 +0800] "GET /xingrg/check_reg.html?_=1679019240580 HTTP/1.1" 200 22
124.79.240.233 - - [17/Mar/2023:10:14:03 +0800] "GET /xingrg/javascript/jquery_easy_ui/themes/default/images/tabs_rightarrow.png HTTP/1.1" 304 -
124.79.240.233 - - [17/Mar/2023:10:14:03 +0800] "GET /xingrg/javascript/jquery_easy_ui/themes/default/images/panel_tool_expand.gif HTTP/1.1" 304 -
124.79.240.233 - - [17/Mar/2023:10:14:03 +0800] "GET /xingrg/javascript/jquery_easy_ui/themes/default/images/panel_tool_collapse.gif HTTP/1.1" 304 -
124.79.240.233 - - [17/Mar/2023:10:14:03 +0800] "GET /xingrg/javascript/jquery_easy_ui/themes/icons/settle_new.png HTTP/1.1" 304 -
124.79.240.233 - - [17/Mar/2023:10:14:03 +0800] "GET /xingrg/javascript/jquery_easy_ui/themes/default/images/tabs_leftarrow.png HTTP/1.1" 304 -
124.79.240.233 - - [17/Mar/2023:10:14:03 +0800] "GET /xingrg/images/blue/navBackgound.jpg HTTP/1.1" 304 -
124.79.240.233 - - [17/Mar/2023:10:14:03 +0800] "GET /xingrg/images/blue/pingpu.png HTTP/1.1" 304 -
124.79.240.233 - - [17/Mar/2023:10:14:03 +0800] "POST /xingrg/all/common/load_tree.html?tree=area_rest_tree_json&manage=1 HTTP/1.1" 200 591
124.79.240.233 - - [17/Mar/2023:10:14:03 +0800] "POST /xingrg/load_menu.html HTTP/1.1" 200 9959
116.225.84.253 - - [17/Mar/2023:10:14:05 +0800] "GET /xingrg/index.html?sysBaseUrl=http%3A%2F%2F180.169.147.146%3A18081%2Fxingrg%2F&costTime=36×tamp=1585222720700 HTTP/1.1" 200 17173
116.225.84.253 - - [17/Mar/2023:10:14:06 +0800] "GET /xingrg/check_reg.html?_=1679019245400 HTTP/1.1" 200 22
116.225.84.253 - - [17/Mar/2023:10:14:06 +0800] "GET /xingrg/all/function/internal_message.html?_=1679019245400&CODE_STATE=count HTTP/1.1" 200 11
116.225.84.253 - - [17/Mar/2023:10:14:06 +0800] "GET /favicon.ico HTTP/1.1" 404 -
116.225.84.253 - - [17/Mar/2023:10:14:06 +0800] "POST /xingrg/all/common/load_tree.html?tree=area_rest_tree_json&manage=1 HTTP/1.1" 200 3499
116.225.84.253 - - [17/Mar/2023:10:14:06 +0800] "POST /xingrg/load_menu.html HTTP/1.1" 200 5138
124.79.240.233 - - [17/Mar/2023:10:14:06 +0800] "GET /xingrg/kc/base/check_order_list.html HTTP/1.1" 200 16484
124.79.240.233 - - [17/Mar/2023:10:14:06 +0800] "POST /xingrg/kc/base/check_list_operate.html HTTP/1.1" 200 2583
124.77.245.38 - - [17/Mar/2023:10:14:08 +0800] "POST /xingrg/kc/buy/cgsh_order_operate.html HTTP/1.1" 200 37
222.70.182.154 - - [17/Mar/2023:10:14:08 +0800] "GET /xingrg/all/function/internal_message.html?_=1679019246173&CODE_STATE=getMsg HTTP/1.1" 200 27
116.225.84.253 - - [17/Mar/2023:10:14:09 +0800] "GET /xingrg/kc/buy/cgsh_order_list.html HTTP/1.1" 200 54179
117.143.46.121 - - [17/Mar/2023:10:14:09 +0800] "GET /xingrg/all/function/internal_message.html?_=1679019249393&CODE_STATE=getMsg HTTP/1.1" 200 27
124.77.245.38 - - [17/Mar/2023:10:14:10 +0800] "POST /xingrg/kc/buy/cgsh_order_operate.html HTTP/1.1" 200 10973
124.79.240.233 - - [17/Mar/2023:10:14:10 +0800] "GET /xingrg/kc/base/check_order_info.html?code=452023031500198 HTTP/1.1" 200 26557
124.79.240.233 - - [17/Mar/2023:10:14:10 +0800] "GET /xingrg/dwr/interface/AjaxComOrderService.js HTTP/1.1" 200 18264
124.79.240.233 - - [17/Mar/2023:10:14:10 +0800] "GET /xingrg/dwr/interface/AjaxCheckService.js HTTP/1.1" 200 14003
124.79.240.233 - - [17/Mar/2023:10:14:10 +0800] "GET /xingrg/dwr/engine.js HTTP/1.1" 200 43631
124.79.240.233 - - [17/Mar/2023:10:14:10 +0800] "GET /xingrg/dwr/util.js HTTP/1.1" 200 35990
114.83.222.182 - - [17/Mar/2023:10:14:11 +0800] "GET /xingrg/all/function/internal_message.html?_=1679019318307&CODE_STATE=getMsg HTTP/1.1" 200 27
124.79.240.233 - - [17/Mar/2023:10:14:12 +0800] "POST /xingrg/dwr/call/plaincall/AjaxCheckService.loadOrderItems.dwr HTTP/1.1" 200 6132
116.225.84.253 - - [17/Mar/2023:10:14:18 +0800] "POST /xingrg/kc/buy/cgsh_list_operate.html HTTP/1.1" 200 3542
124.77.245.38 - - [17/Mar/2023:10:14:19 +0800] "GET /xingrg/login.html HTTP/1.1" 200 7641
124.77.245.38 - - [17/Mar/2023:10:14:19 +0800] "GET /favicon.ico HTTP/1.1" 404 -
124.77.245.38 - - [17/Mar/2023:10:14:22 +0800] "POST /xingrg/login.do HTTP/1.1" 302 -
124.77.245.38 - - [17/Mar/2023:10:14:22 +0800] "GET /xingrg/index.html?sysBaseUrl=http%3A%2F%2F180.169.147.146%3A18081%2Fxingrg%2F&costTime=780×tamp=1679019262328 HTTP/1.1" 200 17179
124.77.245.38 - - [17/Mar/2023:10:14:22 +0800] "GET /xingrg/javascript/jquery_easy_ui/themes/default/easyui.css HTTP/1.1" 304 -
124.77.245.38 - - [17/Mar/2023:10:14:22 +0800] "GET /xingrg/javascript/jquery_easy_ui/themes/icon.css HTTP/1.1" 304 -
124.77.245.38 - - [17/Mar/2023:10:14:22 +0800] "GET /xingrg/css/form.css HTTP/1.1" 304 -
124.77.245.38 - - [17/Mar/2023:10:14:22 +0800] "GET /xingrg/javascript/jquery-1.4.2.min.js HTTP/1.1" 304 -
124.77.245.38 - - [17/Mar/2023:10:14:22 +0800] "GET /xingrg/javascript/jquery_easy_ui/easyui-lang-zh_CN.js HTTP/1.1" 304 -
124.77.245.38 - - [17/Mar/2023:10:14:22 +0800] "GET /xingrg/javascript/jquery_easy_ui/jquery.easyui.min.js HTTP/1.1" 304 -
124.77.245.38 - - [17/Mar/2023:10:14:22 +0800] "GET /xingrg/javascript/jquery.form.js HTTP/1.1" 304 -
124.77.245.38 - - [17/Mar/2023:10:14:22 +0800] "GET /xingrg/javascript/jquery.utils.js HTTP/1.1" 304 -
124.77.245.38 - - [17/Mar/2023:10:14:22 +0800] "GET /xingrg/javascript/jquery.timers.js HTTP/1.1" 304 -
124.77.245.38 - - [17/Mar/2023:10:14:22 +0800] "GET /favicon.ico HTTP/1.1" 404 -
124.77.245.38 - - [17/Mar/2023:10:14:22 +0800] "GET /xingrg/all/function/internal_message.html?_=1679019280575&CODE_STATE=count HTTP/1.1" 200 11
124.77.245.38 - - [17/Mar/2023:10:14:22 +0800] "GET /xingrg/check_reg.html?_=1679019280576 HTTP/1.1" 200 22
124.77.245.38 - - [17/Mar/2023:10:14:22 +0800] "POST /xingrg/all/common/load_tree.html?tree=area_rest_tree_json&manage=1 HTTP/1.1" 200 479
124.77.245.38 - - [17/Mar/2023:10:14:22 +0800] "POST /xingrg/load_menu.html HTTP/1.1" 200 5138
116.225.84.253 - - [17/Mar/2023:10:14:23 +0800] "GET /xingrg/kc/buy/cgsh_order_add.html HTTP/1.1" 200 70043
116.225.84.253 - - [17/Mar/2023:10:14:24 +0800] "GET /xingrg/javascript/easyui/themes/default/validatebox.css HTTP/1.1" 404 1104
116.225.84.253 - - [17/Mar/2023:10:14:24 +0800] "POST /xingrg/kc/buy/cgsh_order_operate.html HTTP/1.1" 200 8245
116.225.84.253 - - [17/Mar/2023:10:14:24 +0800] "GET /xingrg/all/common/auto_word.html?type=employee&rest_code=00105 HTTP/1.1" 200 193
116.225.84.253 - - [17/Mar/2023:10:14:24 +0800] "GET /xingrg/all/common/auto_word.html?type=employee&rest_code=00105 HTTP/1.1" 200 193
116.225.84.253 - - [17/Mar/2023:10:14:25 +0800] "GET /xingrg/javascript/auto/indicator.gif HTTP/1.1" 404 1066
124.77.245.38 - - [17/Mar/2023:10:14:26 +0800] "GET /xingrg/kc/buy/cgsh_order_list.html HTTP/1.1" 200 54185
124.77.245.38 - - [17/Mar/2023:10:14:26 +0800] "GET /xingrg/css/base.css HTTP/1.1" 304 -
124.77.245.38 - - [17/Mar/2023:10:14:26 +0800] "GET /xingrg/javascript/jquery_tools/datebox.css HTTP/1.1" 304 -
124.77.245.38 - - [17/Mar/2023:10:14:26 +0800] "GET /xingrg/css/site.css HTTP/1.1" 304 -
124.77.245.38 - - [17/Mar/2023:10:14:26 +0800] "GET /xingrg/javascript/easyui/themes/default/easyui.css HTTP/1.1" 304 -
124.77.245.38 - - [17/Mar/2023:10:14:26 +0800] "GET /xingrg/javascript/auto/jquery.autocomplete.css HTTP/1.1" 304 -
124.77.245.38 - - [17/Mar/2023:10:14:26 +0800] "GET /xingrg/javascript/jquery_tools/fix.css HTTP/1.1" 304 -
124.77.245.38 - - [17/Mar/2023:10:14:26 +0800] "GET /xingrg/javascript/jquery_tools/table.css HTTP/1.1" 304 -
124.77.245.38 - - [17/Mar/2023:10:14:26 +0800] "GET /xingrg/javascript/jquery_tools/jquery.tools.min.js HTTP/1.1" 304 -
124.77.245.38 - - [17/Mar/2023:10:14:26 +0800] "GET /xingrg/javascript/jquery_tools/jquery.tools.extend.js HTTP/1.1" 304 -
124.77.245.38 - - [17/Mar/2023:10:14:26 +0800] "GET /xingrg/javascript/easyui/themes/icon.css HTTP/1.1" 304 -
124.77.245.38 - - [17/Mar/2023:10:14:26 +0800] "GET /xingrg/javascript/auto/jquery.autocomplete.js HTTP/1.1" 304 -
124.77.245.38 - - [17/Mar/2023:10:14:26 +0800] "GET /xingrg/javascript/jquery_tools/list_manager.js HTTP/1.1" 304 -
124.77.245.38 - - [17/Mar/2023:10:14:26 +0800] "GET /xingrg/javascript/easyui/easyloader.js HTTP/1.1" 304 -
124.77.245.38 - - [17/Mar/2023:10:14:26 +0800] "GET /xingrg/javascript/print/LodopFuncs.js HTTP/1.1" 304 -
124.77.245.38 - - [17/Mar/2023:10:14:26 +0800] "GET /xingrg/javascript/jquery.cookie.js HTTP/1.1" 304 -
124.77.245.38 - - [17/Mar/2023:10:14:26 +0800] "GET /xingrg/javascript/jquery_tools/jquery.tools.table.js HTTP/1.1" 304 -
124.77.245.38 - - [17/Mar/2023:10:14:26 +0800] "GET /xingrg/javascript/jquery_tools/jquery.tools.hotkey.js HTTP/1.1" 304 -
124.77.245.38 - - [17/Mar/2023:10:14:26 +0800] "GET /xingrg/javascript/easyui/plugins/jquery.parser.js HTTP/1.1" 304 -
116.237.74.250 - - [17/Mar/2023:10:14:27 +0800] "GET /xingrg/all/function/internal_message.html?_=1679019265152&CODE_STATE=getMsg HTTP/1.1" 200 27
124.77.245.38 - - [17/Mar/2023:10:14:30 +0800] "POST /xingrg/kc/buy/cgsh_list_operate.html HTTP/1.1" 200 1867
124.77.245.38 - - [17/Mar/2023:10:14:32 +0800] "POST /xingrg/kc/buy/cgsh_list_operate.html HTTP/1.1" 200 566
222.70.221.209 - - [17/Mar/2023:10:14:33 +0800] "GET /xingrg/check_reg.html?_=1679019383283 HTTP/1.1" 200 22
222.70.221.209 - - [17/Mar/2023:10:14:33 +0800] "GET /xingrg/all/function/internal_message.html?_=1679019383285&CODE_STATE=getMsg HTTP/1.1" 200 27
124.77.245.38 - - [17/Mar/2023:10:14:33 +0800] "GET /xingrg/kc/buy/cgsh_order_info.html?code=212023031706076 HTTP/1.1" 200 69970
124.77.245.38 - - [17/Mar/2023:10:14:34 +0800] "GET /xingrg/javascript/pic_change.js HTTP/1.1" 304 -
124.77.245.38 - - [17/Mar/2023:10:14:34 +0800] "GET /xingrg/javascript/convert.js HTTP/1.1" 304 -
124.77.245.38 - - [17/Mar/2023:10:14:34 +0800] "GET /xingrg/javascript/jquery_tools/order_manager.js HTTP/1.1" 304 -
124.77.245.38 - - [17/Mar/2023:10:14:34 +0800] "GET /xingrg/javascript/json2.js HTTP/1.1" 304 -
124.77.245.38 - - [17/Mar/2023:10:14:34 +0800] "GET /xingrg/javascript/print/kc_print.js HTTP/1.1" 304 -
124.77.245.38 - - [17/Mar/2023:10:14:34 +0800] "GET /xingrg/words/20230316230843_words.js HTTP/1.1" 304 -
124.77.245.38 - - [17/Mar/2023:10:14:34 +0800] "GET /xingrg/javascript/easyui/themes/default/validatebox.css HTTP/1.1" 404 1104
124.77.245.38 - - [17/Mar/2023:10:14:34 +0800] "GET /xingrg/javascript/easyui/plugins/jquery.validatebox.js HTTP/1.1" 304 -
124.77.245.38 - - [17/Mar/2023:10:14:34 +0800] "GET /xingrg/javascript/easyui/plugins/jquery.numberbox.js HTTP/1.1" 304 -
124.77.245.38 - - [17/Mar/2023:10:14:34 +0800] "GET /xingrg/all/common/auto_word.html?type=employee&rest_code=00146 HTTP/1.1" 200 101
124.77.245.38 - - [17/Mar/2023:10:14:34 +0800] "GET /xingrg/all/common/auto_word.html?type=employee&rest_code=00146 HTTP/1.1" 200 101
116.225.84.253 - - [17/Mar/2023:10:14:34 +0800] "GET /xingrg/kc/buy/cgsh_order_operate.html?command=get_materiel&rest_code=00105&code=00101029002&supplier_code=00100017&order_time=2023-03-17 HTTP/1.1" 200 450
124.77.245.38 - - [17/Mar/2023:10:14:35 +0800] "POST /xingrg/kc/buy/cgsh_order_operate.html HTTP/1.1" 200 10973
222.70.182.154 - - [17/Mar/2023:10:14:35 +0800] "GET /xingrg/kc/buy/cgsh_order_operate.html?command=get_materiel&rest_code=00111&code=00101013223&supplier_code=00100037&order_time=2023-03-17 HTTP/1.1" 200 413
116.238.139.35 - - [17/Mar/2023:10:14:36 +0800] "GET /xingrg/all/function/internal_message.html?_=1679019277558&CODE_STATE=getMsg HTTP/1.1" 200 27
116.224.106.218 - - [17/Mar/2023:10:14:38 +0800] "GET /xingrg/all/function/internal_message.html?_=1679019277861&CODE_STATE=getMsg HTTP/1.1" 302 -
124.79.240.233 - - [17/Mar/2023:10:14:41 +0800] "GET /xingrg/kc/print/load_config.html?_=1679019278629&kc_code=check HTTP/1.1" 200 2488
124.79.240.233 - - [17/Mar/2023:10:14:41 +0800] "GET /xingrg/kc/print/load_data.html?_=1679019278697&order_code=452023031500198&kc_code=check&condition= HTTP/1.1" 200 1773
124.77.245.38 - - [17/Mar/2023:10:14:43 +0800] "GET /xingrg/javascript/auto/indicator.gif HTTP/1.1" 404 1066
222.70.182.154 - - [17/Mar/2023:10:14:44 +0800] "GET /xingrg/kc/buy/cgsh_order_operate.html?command=get_materiel&rest_code=00111&code=00101019011&supplier_code=00100037&order_time=2023-03-17 HTTP/1.1" 200 412
116.225.84.253 - - [17/Mar/2023:10:14:48 +0800] "GET /xingrg/kc/buy/cgsh_order_operate.html?command=get_materiel&rest_code=00105&code=00101027001&supplier_code=00100017&order_time=2023-03-17 HTTP/1.1" 200 469
120.253.135.82 - - [17/Mar/2023:10:14:49 +0800] "GET /xingrg/all/function/internal_message.html?_=1679019118235&CODE_STATE=getMsg HTTP/1.1" 200 27
124.77.245.38 - - [17/Mar/2023:10:14:51 +0800] "GET /xingrg/kc/buy/cgsh_order_operate.html?command=get_materiel&rest_code=00146&code=00101008038&supplier_code=00100005&order_time=2023-03-17 HTTP/1.1" 200 412
114.83.220.158 - - [17/Mar/2023:10:14:53 +0800] "GET /xingrg/check_reg.html?_=1679019291678 HTTP/1.1" 200 22
114.83.220.158 - - [17/Mar/2023:10:14:53 +0800] "GET /xingrg/all/function/internal_message.html?_=1679019292036&CODE_STATE=getMsg HTTP/1.1" 200 27
101.229.22.234 - - [17/Mar/2023:10:14:55 +0800] "GET /xingrg/all/function/internal_message.html?_=1679019295024&CODE_STATE=getMsg HTTP/1.1" 200 27
222.70.182.154 - - [17/Mar/2023:10:14:56 +0800] "GET /xingrg/kc/buy/cgsh_order_operate.html?command=get_materiel&rest_code=00111&code=00101013092&supplier_code=00100037&order_time=2023-03-17 HTTP/1.1" 200 432
116.225.84.253 - - [17/Mar/2023:10:14:57 +0800] "GET /xingrg/kc/buy/cgsh_order_operate.html?command=get_materiel&rest_code=00105&code=00101028053&supplier_code=00100017&order_time=2023-03-17 HTTP/1.1" 200 431
116.225.84.253 - - [17/Mar/2023:10:14:58 +0800] "GET /xingrg/all/function/internal_message.html?_=1679019141628&CODE_STATE=getMsg HTTP/1.1" 200 27
124.79.240.233 - - [17/Mar/2023:10:15:03 +0800] "GET /xingrg/all/function/internal_message.html?_=1679019300612&CODE_STATE=getMsg HTTP/1.1" 200 27
116.225.84.253 - - [17/Mar/2023:10:15:06 +0800] "GET /xingrg/all/function/internal_message.html?_=1679019305436&CODE_STATE=getMsg HTTP/1.1" 200 27
222.70.182.154 - - [17/Mar/2023:10:15:08 +0800] "GET /xingrg/all/function/internal_message.html?_=1679019306144&CODE_STATE=getMsg HTTP/1.1" 200 27
222.70.182.154 - - [17/Mar/2023:10:15:09 +0800] "GET /xingrg/check_reg.html?_=1679019307100 HTTP/1.1" 200 22
117.143.46.121 - - [17/Mar/2023:10:15:09 +0800] "GET /xingrg/all/function/internal_message.html?_=1679019309387&CODE_STATE=getMsg HTTP/1.1" 200 27
117.135.171.114 - - [17/Mar/2023:10:15:10 +0800] "GET /xingrg/all/function/internal_message.html?_=1679019249393&CODE_STATE=getMsg HTTP/1.1" 302 -
117.135.171.114 - - [17/Mar/2023:10:15:10 +0800] "GET /xingrg/login.html HTTP/1.1" 200 7641
114.83.222.182 - - [17/Mar/2023:10:15:11 +0800] "GET /xingrg/all/function/internal_message.html?_=1679019378304&CODE_STATE=getMsg HTTP/1.1" 200 27
222.70.182.154 - - [17/Mar/2023:10:15:21 +0800] "GET /xingrg/kc/buy/cgsh_order_operate.html?command=get_materiel&rest_code=00111&code=00101008356&supplier_code=00100037&order_time=2023-03-17 HTTP/1.1" 200 408
124.77.245.38 - - [17/Mar/2023:10:15:22 +0800] "GET /xingrg/all/function/internal_message.html?_=1679019340587&CODE_STATE=getMsg HTTP/1.1" 200 27
116.237.74.250 - - [17/Mar/2023:10:15:27 +0800] "GET /xingrg/all/function/internal_message.html?_=1679019325123&CODE_STATE=getMsg HTTP/1.1" 200 27
222.70.182.154 - - [17/Mar/2023:10:15:29 +0800] "POST /xingrg/kc/buy/cgsh_order_operate.html HTTP/1.1" 200 2065
116.225.84.253 - - [17/Mar/2023:10:15:32 +0800] "GET /xingrg/kc/buy/cgsh_order_operate.html?command=get_materiel&rest_code=00105&code=00101029084&supplier_code=00100017&order_time=2023-03-17 HTTP/1.1" 200 448
222.70.221.209 - - [17/Mar/2023:10:15:33 +0800] "GET /xingrg/all/function/internal_message.html?_=1679019443278&CODE_STATE=getMsg HTTP/1.1" 200 27
222.70.182.154 - - [17/Mar/2023:10:15:34 +0800] "GET /xingrg/kc/buy/cgsh_order_operate.html?command=get_materiel&rest_code=00111&code=00101008077&supplier_code=00100037&order_time=2023-03-17 HTTP/1.1" 200 416
116.238.139.35 - - [17/Mar/2023:10:15:36 +0800] "GET /xingrg/all/function/internal_message.html?_=1679019337559&CODE_STATE=getMsg HTTP/1.1" 200 27
116.224.106.218 - - [17/Mar/2023:10:15:38 +0800] "GET /xingrg/all/function/internal_message.html?_=1679019337861&CODE_STATE=getMsg HTTP/1.1" 302 -
124.77.245.38 - - [17/Mar/2023:10:15:45 +0800] "GET /xingrg/kc/buy/cgsh_order_operate.html?command=get_materiel&rest_code=00146&code=00101008358&supplier_code=00100005&order_time=2023-03-17 HTTP/1.1" 200 412
222.70.182.154 - - [17/Mar/2023:10:15:48 +0800] "GET /xingrg/kc/buy/cgsh_order_operate.html?command=get_materiel&rest_code=00111&code=00101012046&supplier_code=00100037&order_time=2023-03-17 HTTP/1.1" 200 417
120.253.135.82 - - [17/Mar/2023:10:15:49 +0800] "GET /xingrg/all/function/internal_message.html?_=1679019178249&CODE_STATE=getMsg HTTP/1.1" 200 27
114.83.220.158 - - [17/Mar/2023:10:15:53 +0800] "GET /xingrg/all/function/internal_message.html?_=1679019352006&CODE_STATE=getMsg HTTP/1.1" 200 27
101.229.22.234 - - [17/Mar/2023:10:15:55 +0800] "GET /xingrg/all/function/internal_message.html?_=1679019355007&CODE_STATE=getMsg HTTP/1.1" 200 27
116.225.84.253 - - [17/Mar/2023:10:15:55 +0800] "GET /xingrg/kc/buy/cgsh_order_operate.html?command=get_materiel&rest_code=00105&code=00101028012&supplier_code=00100017&order_time=2023-03-17 HTTP/1.1" 200 454
116.225.84.253 - - [17/Mar/2023:10:15:58 +0800] "GET /xingrg/all/function/internal_message.html?_=1679019201626&CODE_STATE=getMsg HTTP/1.1" 200 27
124.77.245.38 - - [17/Mar/2023:10:15:58 +0800] "GET /xingrg/kc/buy/cgsh_order_operate.html?command=get_materiel&rest_code=00146&code=00101008338&supplier_code=00100005&order_time=2023-03-17 HTTP/1.1" 200 409
124.79.240.233 - - [17/Mar/2023:10:16:03 +0800] "GET /xingrg/all/function/internal_message.html?_=1679019360597&CODE_STATE=getMsg HTTP/1.1" 200 27
116.225.84.253 - - [17/Mar/2023:10:16:06 +0800] "GET /xingrg/all/function/internal_message.html?_=1679019365444&CODE_STATE=getMsg HTTP/1.1" 200 27
116.225.84.253 - - [17/Mar/2023:10:16:07 +0800] "GET /xingrg/kc/buy/cgsh_order_operate.html?command=get_materiel&rest_code=00105&code=00101029011&supplier_code=00100017&order_time=2023-03-17 HTTP/1.1" 200 460
222.70.182.154 - - [17/Mar/2023:10:16:08 +0800] "GET /xingrg/all/function/internal_message.html?_=1679019366130&CODE_STATE=getMsg HTTP/1.1" 200 27
117.143.46.121 - - [17/Mar/2023:10:16:09 +0800] "GET /xingrg/all/function/internal_message.html?_=1679019369382&CODE_STATE=getMsg HTTP/1.1" 200 27
222.70.182.154 - - [17/Mar/2023:10:16:10 +0800] "GET /xingrg/kc/buy/cgsh_order_operate.html?command=get_materiel&rest_code=00111&code=00101007109&supplier_code=00100037&order_time=2023-03-17 HTTP/1.1" 200 408
114.83.222.182 - - [17/Mar/2023:10:16:11 +0800] "GET /xingrg/all/function/internal_message.html?_=1679019438306&CODE_STATE=getMsg HTTP/1.1" 200 27
124.79.240.233 - - [17/Mar/2023:10:16:14 +0800] "GET /xingrg/kc/buy/buy_main.html HTTP/1.1" 200 12412
124.79.240.233 - - [17/Mar/2023:10:16:14 +0800] "GET /xingrg/css/new_ie.css HTTP/1.1" 404 1036
124.77.245.38 - - [17/Mar/2023:10:16:17 +0800] "GET /xingrg/kc/buy/cgsh_order_operate.html?command=get_materiel&rest_code=00146&code=00101008290&supplier_code=00100005&order_time=2023-03-17 HTTP/1.1" 200 416
124.79.240.233 - - [17/Mar/2023:10:16:17 +0800] "GET /xingrg/kc/mdqp/pssh_order_list.html HTTP/1.1" 200 17884
124.79.240.233 - - [17/Mar/2023:10:16:18 +0800] "POST /xingrg/kc/mdqp/pssh_list_operate.html HTTP/1.1" 200 5183
222.70.182.154 - - [17/Mar/2023:10:16:18 +0800] "GET /xingrg/kc/buy/cgsh_order_operate.html?command=get_materiel&rest_code=00111&code=00101016105&supplier_code=00100037&order_time=2023-03-17 HTTP/1.1" 200 409
124.77.245.38 - - [17/Mar/2023:10:16:22 +0800] "GET /xingrg/all/function/internal_message.html?_=1679019400602&CODE_STATE=getMsg HTTP/1.1" 200 27
116.225.84.253 - - [17/Mar/2023:10:16:26 +0800] "GET /xingrg/kc/buy/cgsh_order_operate.html?command=get_materiel&rest_code=00105&code=00101028016&supplier_code=00100017&order_time=2023-03-17 HTTP/1.1" 200 447
116.237.74.250 - - [17/Mar/2023:10:16:27 +0800] "GET /xingrg/all/function/internal_message.html?_=1679019385099&CODE_STATE=getMsg HTTP/1.1" 200 27
124.77.245.38 - - [17/Mar/2023:10:16:28 +0800] "POST /xingrg/kc/buy/cgsh_order_operate.html HTTP/1.1" 200 2065
116.237.74.250 - - [17/Mar/2023:10:16:29 +0800] "POST /xingrg/kc/buy/cgsh_list_operate.html HTTP/1.1" 200 364
116.237.74.250 - - [17/Mar/2023:10:16:30 +0800] "POST /xingrg/kc/buy/cgsh_list_operate.html HTTP/1.1" 200 569
222.70.182.154 - - [17/Mar/2023:10:16:31 +0800] "GET /xingrg/kc/buy/cgsh_order_operate.html?command=get_materiel&rest_code=00111&code=00101012040&supplier_code=00100037&order_time=2023-03-17 HTTP/1.1" 200 413
116.237.74.250 - - [17/Mar/2023:10:16:32 +0800] "GET /xingrg/kc/buy/cgsh_order_info.html?code=212023031706055 HTTP/1.1" 200 69970
116.237.74.250 - - [17/Mar/2023:10:16:32 +0800] "GET /xingrg/words/20230316230843_words.js HTTP/1.1" 304 -
116.237.74.250 - - [17/Mar/2023:10:16:32 +0800] "GET /xingrg/javascript/easyui/themes/default/validatebox.css HTTP/1.1" 404 1104
222.70.221.209 - - [17/Mar/2023:10:16:33 +0800] "GET /xingrg/all/function/internal_message.html?_=1679019503282&CODE_STATE=getMsg HTTP/1.1" 200 27
116.237.74.250 - - [17/Mar/2023:10:16:33 +0800] "POST /xingrg/kc/buy/cgsh_order_operate.html HTTP/1.1" 200 32805
116.238.139.35 - - [17/Mar/2023:10:16:36 +0800] "GET /xingrg/all/function/internal_message.html?_=1679019397560&CODE_STATE=getMsg HTTP/1.1" 200 27
124.77.245.38 - - [17/Mar/2023:10:16:37 +0800] "GET /xingrg/kc/buy/cgsh_order_operate.html?command=get_materiel&rest_code=00146&code=00101008003&supplier_code=00100005&order_time=2023-03-17 HTTP/1.1" 200 408
116.224.106.218 - - [17/Mar/2023:10:16:38 +0800] "GET /xingrg/all/function/internal_message.html?_=1679019397861&CODE_STATE=getMsg HTTP/1.1" 302 -
116.224.106.218 - - [17/Mar/2023:10:16:38 +0800] "GET /xingrg/check_reg.html?_=1679019397863 HTTP/1.1" 302 -
222.70.182.154 - - [17/Mar/2023:10:16:38 +0800] "POST /xingrg/kc/buy/cgsh_order_operate.html HTTP/1.1" 200 2065
116.225.84.253 - - [17/Mar/2023:10:16:38 +0800] "GET /xingrg/kc/buy/cgsh_order_operate.html?command=get_materiel&rest_code=00105&code=00101029022&supplier_code=00100017&order_time=2023-03-17 HTTP/1.1" 200 474
116.237.74.250 - - [17/Mar/2023:10:16:40 +0800] "POST /xingrg/kc/buy/cgsh_order_operate.html HTTP/1.1" 200 37
222.70.182.154 - - [17/Mar/2023:10:16:48 +0800] "GET /xingrg/kc/buy/cgsh_order_operate.html?command=get_materiel&rest_code=00111&code=00101012051&supplier_code=00100037&order_time=2023-03-17 HTTP/1.1" 200 408
120.253.135.82 - - [17/Mar/2023:10:16:49 +0800] "GET /xingrg/all/function/internal_message.html?_=1679019238303&CODE_STATE=getMsg HTTP/1.1" 200 27
116.237.74.250 - - [17/Mar/2023:10:16:50 +0800] "POST /xingrg/kc/buy/cgsh_order_operate.html HTTP/1.1" 200 12
116.237.74.250 - - [17/Mar/2023:10:16:52 +0800] "GET /xingrg/kc/buy/cgsh_order_info.html?code=212023031706055 HTTP/1.1" 200 64865
116.237.74.250 - - [17/Mar/2023:10:16:52 +0800] "GET /xingrg/javascript/easyui/themes/default/validatebox.css HTTP/1.1" 404 1104
116.237.74.250 - - [17/Mar/2023:10:16:53 +0800] "POST /xingrg/kc/buy/cgsh_order_operate.html HTTP/1.1" 200 30750
114.83.220.158 - - [17/Mar/2023:10:16:53 +0800] "GET /xingrg/all/function/internal_message.html?_=1679019411979&CODE_STATE=getMsg HTTP/1.1" 200 27
124.77.245.38 - - [17/Mar/2023:10:16:54 +0800] "GET /xingrg/kc/buy/cgsh_order_operate.html?command=get_materiel&rest_code=00146&code=00101008355&supplier_code=00100005&order_time=2023-03-17 HTTP/1.1" 200 408
101.229.22.234 - - [17/Mar/2023:10:16:55 +0800] "GET /xingrg/check_reg.html?_=1679019415009 HTTP/1.1" 200 22
101.229.22.234 - - [17/Mar/2023:10:16:55 +0800] "GET /xingrg/all/function/internal_message.html?_=1679019415007&CODE_STATE=getMsg HTTP/1.1" 200 27
116.237.74.250 - - [17/Mar/2023:10:16:55 +0800] "GET /xingrg/kc/print/load_config.html?kc_code=cgsh HTTP/1.1" 200 1925
116.237.74.250 - - [17/Mar/2023:10:16:56 +0800] "GET /xingrg/kc/print/load_data.html?order_code=212023031706055&kc_code=cgsh&condition= HTTP/1.1" 200 12135
116.225.84.253 - - [17/Mar/2023:10:16:58 +0800] "GET /xingrg/all/function/internal_message.html?_=1679019261625&CODE_STATE=getMsg HTTP/1.1" 200 27
116.225.84.253 - - [17/Mar/2023:10:16:58 +0800] "GET /xingrg/check_reg.html?_=1679019261626 HTTP/1.1" 200 22
222.70.182.154 - - [17/Mar/2023:10:16:58 +0800] "GET /xingrg/kc/buy/cgsh_order_operate.html?command=get_materiel&rest_code=00111&code=00101007095&supplier_code=00100037&order_time=2023-03-17 HTTP/1.1" 200 415
222.70.182.154 - - [17/Mar/2023:10:17:02 +0800] "GET /xingrg/check_reg.html?_=1679019725525 HTTP/1.1" 302 -
222.70.182.154 - - [17/Mar/2023:10:17:02 +0800] "GET /xingrg/login.html HTTP/1.1" 200 7641
116.225.84.253 - - [17/Mar/2023:10:17:03 +0800] "POST /xingrg/kc/buy/cgsh_order_operate.html HTTP/1.1" 200 37
124.79.240.233 - - [17/Mar/2023:10:17:03 +0800] "GET /xingrg/all/function/internal_message.html?_=1679019420596&CODE_STATE=getMsg HTTP/1.1" 200 27
116.225.84.253 - - [17/Mar/2023:10:17:05 +0800] "POST /xingrg/kc/buy/cgsh_order_operate.html HTTP/1.1" 200 7054
116.225.84.253 - - [17/Mar/2023:10:17:06 +0800] "GET /xingrg/all/function/internal_message.html?_=1679019425406&CODE_STATE=getMsg HTTP/1.1" 200 27
116.225.84.253 - - [17/Mar/2023:10:17:06 +0800] "GET /xingrg/kc/print/load_config.html?kc_code=cgsh HTTP/1.1" 200 1925
222.70.182.154 - - [17/Mar/2023:10:17:06 +0800] "GET /xingrg/kc/buy/cgsh_order_operate.html?command=get_materiel&rest_code=00111&code=00101016071&supplier_code=00100037&order_time=2023-03-17 HTTP/1.1" 200 416
116.225.84.253 - - [17/Mar/2023:10:17:07 +0800] "GET /xingrg/kc/print/load_data.html?order_code=212023031706077&kc_code=cgsh&condition= HTTP/1.1" 200 2564
222.70.182.154 - - [17/Mar/2023:10:17:08 +0800] "GET /xingrg/all/function/internal_message.html?_=1679019426112&CODE_STATE=getMsg HTTP/1.1" 200 27
116.238.139.35 - - [17/Mar/2023:10:17:09 +0800] "GET /xingrg/check_reg.html?_=1679019357553 HTTP/1.1" 302 -
124.77.245.38 - - [17/Mar/2023:10:17:09 +0800] "GET /xingrg/kc/buy/cgsh_order_operate.html?command=get_materiel&rest_code=00146&code=00101008067&supplier_code=00100005&order_time=2023-03-17 HTTP/1.1" 200 416
117.143.46.121 - - [17/Mar/2023:10:17:09 +0800] "GET /xingrg/check_reg.html?_=1679019429375 HTTP/1.1" 200 22
117.143.46.121 - - [17/Mar/2023:10:17:09 +0800] "GET /xingrg/all/function/internal_message.html?_=1679019429382&CODE_STATE=getMsg HTTP/1.1" 200 27
114.83.222.182 - - [17/Mar/2023:10:17:11 +0800] "GET /xingrg/check_reg.html?_=1679019498296 HTTP/1.1" 200 22
114.83.222.182 - - [17/Mar/2023:10:17:11 +0800] "GET /xingrg/all/function/internal_message.html?_=1679019498298&CODE_STATE=getMsg HTTP/1.1" 200 27
124.79.240.233 - - [17/Mar/2023:10:17:13 +0800] "GET /xingrg/login.html HTTP/1.1" 200 7641
124.79.240.233 - - [17/Mar/2023:10:17:13 +0800] "GET /favicon.ico HTTP/1.1" 404 -
222.70.182.154 - - [17/Mar/2023:10:17:15 +0800] "GET /xingrg/kc/buy/cgsh_order_operate.html?command=get_materiel&rest_code=00111&code=00101009113&supplier_code=00100037&order_time=2023-03-17 HTTP/1.1" 200 413
124.79.240.233 - - [17/Mar/2023:10:17:22 +0800] "POST /xingrg/login.do HTTP/1.1" 200 2421
124.79.240.233 - - [17/Mar/2023:10:17:22 +0800] "GET /favicon.ico HTTP/1.1" 404 -
124.77.245.38 - - [17/Mar/2023:10:17:22 +0800] "GET /xingrg/all/function/internal_message.html?_=1679019460614&CODE_STATE=getMsg HTTP/1.1" 200 27
124.77.245.38 - - [17/Mar/2023:10:17:23 +0800] "GET /xingrg/kc/buy/cgsh_order_operate.html?command=get_materiel&rest_code=00146&code=00101008264&supplier_code=00100005&order_time=2023-03-17 HTTP/1.1" 200 412
222.70.182.154 - - [17/Mar/2023:10:17:24 +0800] "GET /xingrg/kc/buy/cgsh_order_operate.html?command=get_materiel&rest_code=00111&code=00101009016&supplier_code=00100037&order_time=2023-03-17 HTTP/1.1" 200 412
124.79.240.233 - - [17/Mar/2023:10:17:24 +0800] "GET /xingrg/login.html HTTP/1.1" 200 7641
124.79.240.233 - - [17/Mar/2023:10:17:24 +0800] "GET /favicon.ico HTTP/1.1" 404 -
116.237.74.250 - - [17/Mar/2023:10:17:26 +0800] "GET /xingrg/all/function/internal_message.html?_=1679019445070&CODE_STATE=getMsg HTTP/1.1" 200 27
222.70.182.154 - - [17/Mar/2023:10:17:27 +0800] "POST /xingrg/kc/buy/cgsh_order_operate.html HTTP/1.1" 200 2065
222.70.221.209 - - [17/Mar/2023:10:17:33 +0800] "GET /xingrg/all/function/internal_message.html?_=1679019563273&CODE_STATE=getMsg HTTP/1.1" 200 27
222.70.182.154 - - [17/Mar/2023:10:17:33 +0800] "GET /xingrg/kc/buy/cgsh_order_operate.html?command=get_materiel&rest_code=00111&code=00101009013&supplier_code=00100037&order_time=2023-03-17 HTTP/1.1" 200 420
124.79.240.233 - - [17/Mar/2023:10:17:35 +0800] "POST /xingrg/login.do HTTP/1.1" 200 2421
124.79.240.233 - - [17/Mar/2023:10:17:35 +0800] "GET /favicon.ico HTTP/1.1" 404 -
116.238.139.35 - - [17/Mar/2023:10:17:36 +0800] "GET /xingrg/check_reg.html?_=1679019457551 HTTP/1.1" 200 22
116.238.139.35 - - [17/Mar/2023:10:17:36 +0800] "GET /xingrg/all/function/internal_message.html?_=1679019457554&CODE_STATE=getMsg HTTP/1.1" 200 27
124.79.240.233 - - [17/Mar/2023:10:17:38 +0800] "GET /xingrg/login.html HTTP/1.1" 200 7641
124.79.240.233 - - [17/Mar/2023:10:17:38 +0800] "GET /favicon.ico HTTP/1.1" 404 -
116.224.106.218 - - [17/Mar/2023:10:17:38 +0800] "GET /xingrg/all/function/internal_message.html?_=1679019457862&CODE_STATE=getMsg HTTP/1.1" 302 -
124.77.245.38 - - [17/Mar/2023:10:17:43 +0800] "GET /xingrg/kc/buy/cgsh_order_operate.html?command=get_materiel&rest_code=00146&code=00101008356&supplier_code=00100005&order_time=2023-03-17 HTTP/1.1" 200 408
