101.229.22.234 - - [17/Mar/2023:10:28:55 +0800] "GET /xingrg/all/function/internal_message.html?_=1679020135039&CODE_STATE=getMsg HTTP/1.1" 200 27
116.225.84.253 - - [17/Mar/2023:10:28:55 +0800] "GET /xingrg/kc/base/wldb_order_operate.html?command=get_materiel&rest_code=00105&base_code=0010508&code=00102002347 HTTP/1.1" 200 457
116.238.139.35 - - [17/Mar/2023:10:28:57 +0800] "POST /xingrg/dwr/call/plaincall/AjaxYddbService.saveMaterielItem.dwr HTTP/1.1" 200 79
116.225.84.253 - - [17/Mar/2023:10:28:58 +0800] "GET /xingrg/all/function/internal_message.html?_=1679019981624&CODE_STATE=getMsg HTTP/1.1" 200 27
116.238.139.35 - - [17/Mar/2023:10:28:59 +0800] "POST /xingrg/dwr/call/plaincall/AjaxComOrderService.getMaterielSearchList.dwr HTTP/1.1" 200 524180
116.238.139.35 - - [17/Mar/2023:10:29:00 +0800] "POST /xingrg/dwr/call/plaincall/AjaxComOrderService.getMaterielSearchList.dwr HTTP/1.1" 200 577
116.238.139.35 - - [17/Mar/2023:10:29:02 +0800] "POST /xingrg/dwr/call/plaincall/AjaxYddbService.getMaterielByMap.dwr HTTP/1.1" 200 2319
116.225.84.253 - - [17/Mar/2023:10:29:03 +0800] "GET /xingrg/kc/base/wldb_order_operate.html?command=get_materiel&rest_code=00105&base_code=0010508&code=00102002557 HTTP/1.1" 200 443
116.238.139.35 - - [17/Mar/2023:10:29:04 +0800] "POST /xingrg/dwr/call/plaincall/AjaxYddbService.saveMaterielItem.dwr HTTP/1.1" 200 79
116.225.84.253 - - [17/Mar/2023:10:29:06 +0800] "GET /xingrg/check_reg.html?_=1679020145498 HTTP/1.1" 200 22
116.225.84.253 - - [17/Mar/2023:10:29:06 +0800] "GET /xingrg/all/function/internal_message.html?_=1679020145500&CODE_STATE=getMsg HTTP/1.1" 200 27
222.70.182.154 - - [17/Mar/2023:10:29:08 +0800] "GET /xingrg/all/function/internal_message.html?_=1679020145879&CODE_STATE=getMsg HTTP/1.1" 200 27
117.143.46.121 - - [17/Mar/2023:10:29:09 +0800] "GET /xingrg/all/function/internal_message.html?_=1679020149390&CODE_STATE=getMsg HTTP/1.1" 200 27
116.225.84.253 - - [17/Mar/2023:10:29:10 +0800] "GET /xingrg/kc/base/wldb_order_operate.html?command=get_materiel&rest_code=00105&base_code=0010508&code=00102002448 HTTP/1.1" 200 440
114.83.222.182 - - [17/Mar/2023:10:29:11 +0800] "GET /xingrg/all/function/internal_message.html?_=1679020218294&CODE_STATE=getMsg HTTP/1.1" 200 27
116.238.139.35 - - [17/Mar/2023:10:29:11 +0800] "POST /xingrg/dwr/call/plaincall/AjaxYddbService.checkOrder.dwr HTTP/1.1" 200 79
116.238.139.35 - - [17/Mar/2023:10:29:14 +0800] "GET /xingrg/kc/base/yddb_order_info.html?code=482023031700129 HTTP/1.1" 200 31307
116.238.139.35 - - [17/Mar/2023:10:29:14 +0800] "GET /xingrg/dwr/interface/AjaxComOrderService.js HTTP/1.1" 200 18264
116.238.139.35 - - [17/Mar/2023:10:29:14 +0800] "GET /xingrg/dwr/interface/AjaxYddbService.js HTTP/1.1" 200 13201
116.238.139.35 - - [17/Mar/2023:10:29:14 +0800] "GET /xingrg/dwr/engine.js HTTP/1.1" 200 43631
116.238.139.35 - - [17/Mar/2023:10:29:15 +0800] "POST /xingrg/dwr/call/plaincall/AjaxYddbService.loadMaterielItems.dwr HTTP/1.1" 200 1165
116.238.139.35 - - [17/Mar/2023:10:29:19 +0800] "POST /xingrg/dwr/call/plaincall/AjaxYddbService.saveOrder.dwr HTTP/1.1" 200 78
116.225.84.253 - - [17/Mar/2023:10:29:22 +0800] "GET /xingrg/kc/base/wldb_order_operate.html?command=get_materiel&rest_code=00105&base_code=0010508&code=00102001084 HTTP/1.1" 200 432
124.77.245.38 - - [17/Mar/2023:10:29:22 +0800] "GET /xingrg/check_reg.html?_=1679020180636 HTTP/1.1" 200 22
124.77.245.38 - - [17/Mar/2023:10:29:22 +0800] "GET /xingrg/all/function/internal_message.html?_=1679020180871&CODE_STATE=getMsg HTTP/1.1" 200 27
116.238.139.35 - - [17/Mar/2023:10:29:23 +0800] "POST /xingrg/dwr/call/plaincall/AjaxYddbService.objCheckOrder.dwr HTTP/1.1" 200 78
116.238.139.35 - - [17/Mar/2023:10:29:24 +0800] "GET /xingrg/kc/base/yddb_order_info.html?code=482023031700129 HTTP/1.1" 200 31428
116.238.139.35 - - [17/Mar/2023:10:29:24 +0800] "GET /xingrg/dwr/interface/AjaxComOrderService.js HTTP/1.1" 200 18264
116.238.139.35 - - [17/Mar/2023:10:29:24 +0800] "GET /xingrg/dwr/interface/AjaxYddbService.js HTTP/1.1" 200 13201
116.238.139.35 - - [17/Mar/2023:10:29:24 +0800] "GET /xingrg/dwr/engine.js HTTP/1.1" 200 43631
116.238.139.35 - - [17/Mar/2023:10:29:25 +0800] "POST /xingrg/dwr/call/plaincall/AjaxYddbService.loadMaterielItems.dwr HTTP/1.1" 200 1165
116.225.84.253 - - [17/Mar/2023:10:29:28 +0800] "POST /xingrg/kc/base/wldb_order_operate.html HTTP/1.1" 200 37
116.225.84.253 - - [17/Mar/2023:10:29:29 +0800] "POST /xingrg/kc/base/wldb_order_operate.html HTTP/1.1" 200 3638
124.77.245.38 - - [17/Mar/2023:10:29:30 +0800] "POST /xingrg/kc/buy/cgsh_order_operate.html HTTP/1.1" 200 2065
222.70.221.209 - - [17/Mar/2023:10:29:33 +0800] "GET /xingrg/check_reg.html?_=1679020283281 HTTP/1.1" 200 22
222.70.221.209 - - [17/Mar/2023:10:29:33 +0800] "GET /xingrg/all/function/internal_message.html?_=1679020283284&CODE_STATE=getMsg HTTP/1.1" 200 27
116.224.106.218 - - [17/Mar/2023:10:29:38 +0800] "GET /xingrg/all/function/internal_message.html?_=1679020177864&CODE_STATE=getMsg HTTP/1.1" 302 -
116.238.139.35 - - [17/Mar/2023:10:29:41 +0800] "GET /xingrg/all/function/internal_message.html?_=1679020182653&CODE_STATE=getMsg HTTP/1.1" 200 27
116.237.74.250 - - [17/Mar/2023:10:29:43 +0800] "GET /xingrg/all/function/internal_message.html?_=1679020181916&CODE_STATE=getMsg HTTP/1.1" 200 27
114.83.220.158 - - [17/Mar/2023:10:29:53 +0800] "GET /xingrg/check_reg.html?_=1679020191712 HTTP/1.1" 200 22
114.83.220.158 - - [17/Mar/2023:10:29:53 +0800] "GET /xingrg/all/function/internal_message.html?_=1679020191727&CODE_STATE=getMsg HTTP/1.1" 200 27
101.229.22.234 - - [17/Mar/2023:10:29:55 +0800] "GET /xingrg/all/function/internal_message.html?_=1679020195038&CODE_STATE=getMsg HTTP/1.1" 200 27
116.225.84.253 - - [17/Mar/2023:10:29:55 +0800] "GET /xingrg/kc/base/wldb_order_info.html?code=422023031701357 HTTP/1.1" 200 30395
116.225.84.253 - - [17/Mar/2023:10:29:55 +0800] "GET /xingrg/javascript/easyui/themes/default/validatebox.css HTTP/1.1" 404 1104
116.225.84.253 - - [17/Mar/2023:10:29:56 +0800] "POST /xingrg/kc/base/wldb_order_operate.html HTTP/1.1" 200 3638
124.77.245.38 - - [17/Mar/2023:10:29:57 +0800] "GET /xingrg/kc/buy/cgsh_order_operate.html?command=get_materiel&rest_code=00146&code=00101008720&supplier_code=00100005&order_time=2023-03-17 HTTP/1.1" 200 398
116.225.84.253 - - [17/Mar/2023:10:29:58 +0800] "GET /xingrg/all/function/internal_message.html?_=1679020041622&CODE_STATE=getMsg HTTP/1.1" 200 27
114.83.220.158 - - [17/Mar/2023:10:30:03 +0800] "POST /xingrg/kc/buy/cgsh_order_operate.html HTTP/1.1" 200 37
116.225.84.253 - - [17/Mar/2023:10:30:06 +0800] "GET /xingrg/all/function/internal_message.html?_=1679020205524&CODE_STATE=getMsg HTTP/1.1" 200 27
222.70.182.154 - - [17/Mar/2023:10:30:08 +0800] "GET /xingrg/all/function/internal_message.html?_=1679020205850&CODE_STATE=getMsg HTTP/1.1" 200 27
180.157.253.110 - - [17/Mar/2023:10:30:08 +0800] "GET /xingrg/index.html?sysBaseUrl=http%3A%2F%2F180.169.147.146%3A18081%2Fxingrg%2F&costTime=44×tamp=1622098168715 HTTP/1.1" 302 -
180.157.253.110 - - [17/Mar/2023:10:30:08 +0800] "GET /xingrg/login.html HTTP/1.1" 200 7641
180.157.253.110 - - [17/Mar/2023:10:30:08 +0800] "GET /favicon.ico HTTP/1.1" 404 -
222.70.182.154 - - [17/Mar/2023:10:30:09 +0800] "GET /xingrg/check_reg.html?_=1679020207056 HTTP/1.1" 200 22
117.143.46.121 - - [17/Mar/2023:10:30:09 +0800] "GET /xingrg/all/function/internal_message.html?_=1679020209391&CODE_STATE=getMsg HTTP/1.1" 200 27
114.83.222.182 - - [17/Mar/2023:10:30:11 +0800] "GET /xingrg/all/function/internal_message.html?_=1679020278299&CODE_STATE=getMsg HTTP/1.1" 200 27
180.157.253.110 - - [17/Mar/2023:10:30:12 +0800] "POST /xingrg/login.do HTTP/1.1" 302 -
180.157.253.110 - - [17/Mar/2023:10:30:12 +0800] "GET /xingrg/index.html?sysBaseUrl=http%3A%2F%2F180.169.147.146%3A18081%2Fxingrg%2F&costTime=1437×tamp=1679020212636 HTTP/1.1" 200 17179
180.157.253.110 - - [17/Mar/2023:10:30:12 +0800] "GET /favicon.ico HTTP/1.1" 404 -
180.157.253.110 - - [17/Mar/2023:10:30:13 +0800] "GET /xingrg/all/function/internal_message.html?_=1679020223139&CODE_STATE=count HTTP/1.1" 200 11
180.157.253.110 - - [17/Mar/2023:10:30:13 +0800] "GET /xingrg/check_reg.html?_=1679020223141 HTTP/1.1" 200 22
180.157.253.110 - - [17/Mar/2023:10:30:13 +0800] "POST /xingrg/all/common/load_tree.html?tree=area_rest_tree_json&manage=1 HTTP/1.1" 200 351
180.157.253.110 - - [17/Mar/2023:10:30:13 +0800] "POST /xingrg/load_menu.html HTTP/1.1" 200 5138
180.157.253.110 - - [17/Mar/2023:10:30:15 +0800] "GET /xingrg/kc/base/wldb_order_list.html HTTP/1.1" 200 19104
180.157.253.110 - - [17/Mar/2023:10:30:16 +0800] "POST /xingrg/kc/base/wldb_list_operate.html HTTP/1.1" 200 928
114.83.220.158 - - [17/Mar/2023:10:30:16 +0800] "POST /xingrg/kc/buy/cgsh_order_operate.html HTTP/1.1" 200 12
180.157.253.110 - - [17/Mar/2023:10:30:16 +0800] "GET /xingrg/kc/base/kc_stocks.html HTTP/1.1" 200 16512
180.157.253.110 - - [17/Mar/2023:10:30:17 +0800] "GET /xingrg/javascript/easyui/themes/default/tree.css HTTP/1.1" 404 1090
180.157.253.110 - - [17/Mar/2023:10:30:17 +0800] "GET /xingrg/all/common/auto_word.html?type=base&rest_code=00148 HTTP/1.1" 200 1799
180.157.253.110 - - [17/Mar/2023:10:30:17 +0800] "POST /xingrg/all/common/load_tree.html?tree=materiel_sort_tree_json HTTP/1.1" 200 9500
180.157.253.110 - - [17/Mar/2023:10:30:21 +0800] "GET /xingrg/kc/base/wldb_order_list.html HTTP/1.1" 200 19104
180.157.253.110 - - [17/Mar/2023:10:30:21 +0800] "POST /xingrg/kc/base/wldb_list_operate.html HTTP/1.1" 200 928
124.77.245.38 - - [17/Mar/2023:10:30:22 +0800] "GET /xingrg/all/function/internal_message.html?_=1679020240885&CODE_STATE=getMsg HTTP/1.1" 200 27
180.157.253.110 - - [17/Mar/2023:10:30:26 +0800] "GET /xingrg/kc/base/wldb_order_list.html HTTP/1.1" 200 19104
180.157.253.110 - - [17/Mar/2023:10:30:26 +0800] "POST /xingrg/kc/base/wldb_list_operate.html HTTP/1.1" 200 928
114.83.220.158 - - [17/Mar/2023:10:30:27 +0800] "GET /xingrg/kc/buy/cgsh_order_info.html?code=212023031706073 HTTP/1.1" 200 64951
180.157.253.110 - - [17/Mar/2023:10:30:27 +0800] "GET /xingrg/kc/base/wldb_order_add.html HTTP/1.1" 200 30383
114.83.220.158 - - [17/Mar/2023:10:30:28 +0800] "GET /xingrg/javascript/easyui/themes/default/validatebox.css HTTP/1.1" 404 1104
180.157.253.110 - - [17/Mar/2023:10:30:28 +0800] "POST /xingrg/kc/base/wldb_order_operate.html HTTP/1.1" 200 6806
180.157.253.110 - - [17/Mar/2023:10:30:28 +0800] "GET /xingrg/javascript/easyui/themes/default/validatebox.css HTTP/1.1" 404 1104
114.83.220.158 - - [17/Mar/2023:10:30:29 +0800] "POST /xingrg/kc/buy/cgsh_order_operate.html HTTP/1.1" 200 45560
180.157.253.110 - - [17/Mar/2023:10:30:29 +0800] "GET /xingrg/javascript/auto/indicator.gif HTTP/1.1" 404 1066
180.157.253.110 - - [17/Mar/2023:10:30:30 +0800] "GET /xingrg/javascript/jquery_tools/images/prev.gif HTTP/1.1" 404 1086
180.157.253.110 - - [17/Mar/2023:10:30:30 +0800] "GET /xingrg/javascript/jquery_tools/images/next.gif HTTP/1.1" 404 1086
222.70.221.209 - - [17/Mar/2023:10:30:33 +0800] "GET /xingrg/all/function/internal_message.html?_=1679020343277&CODE_STATE=getMsg HTTP/1.1" 200 27
116.225.84.253 - - [17/Mar/2023:10:30:34 +0800] "GET /xingrg/kc/base/wldb_order_add.html HTTP/1.1" 200 30381
180.157.253.110 - - [17/Mar/2023:10:30:34 +0800] "GET /xingrg/kc/base/wldb_order_operate.html?command=get_materiel&rest_code=00148&base_code=0010001&code=00101013052 HTTP/1.1" 200 440
116.225.84.253 - - [17/Mar/2023:10:30:35 +0800] "GET /xingrg/javascript/easyui/themes/default/validatebox.css HTTP/1.1" 404 1104
116.225.84.253 - - [17/Mar/2023:10:30:35 +0800] "POST /xingrg/kc/base/wldb_order_operate.html HTTP/1.1" 200 6806
116.225.84.253 - - [17/Mar/2023:10:30:35 +0800] "POST /xingrg/all/common/load_combo.html?type=base HTTP/1.1" 200 3409
116.224.106.218 - - [17/Mar/2023:10:30:38 +0800] "GET /xingrg/all/function/internal_message.html?_=1679020237868&CODE_STATE=getMsg HTTP/1.1" 302 -
116.238.139.35 - - [17/Mar/2023:10:30:41 +0800] "GET /xingrg/check_reg.html?_=1679020242656 HTTP/1.1" 200 22
116.238.139.35 - - [17/Mar/2023:10:30:41 +0800] "GET /xingrg/all/function/internal_message.html?_=1679020242659&CODE_STATE=getMsg HTTP/1.1" 200 27
116.237.74.250 - - [17/Mar/2023:10:30:43 +0800] "GET /xingrg/all/function/internal_message.html?_=1679020241900&CODE_STATE=getMsg HTTP/1.1" 200 27
116.225.84.253 - - [17/Mar/2023:10:30:47 +0800] "GET /xingrg/kc/base/wldb_order_operate.html?command=get_materiel&rest_code=00105&base_code=0010508&code=00102002258 HTTP/1.1" 200 448
116.225.84.253 - - [17/Mar/2023:10:30:51 +0800] "POST /xingrg/kc/base/wldb_order_operate.html HTTP/1.1" 200 37
116.225.84.253 - - [17/Mar/2023:10:30:52 +0800] "POST /xingrg/kc/base/wldb_order_operate.html HTTP/1.1" 200 2188
116.225.84.253 - - [17/Mar/2023:10:30:52 +0800] "GET /xingrg/kc/base/wldb_order_info.html?code=422023031701358 HTTP/1.1" 200 30394
116.225.84.253 - - [17/Mar/2023:10:30:53 +0800] "GET /xingrg/javascript/easyui/themes/default/validatebox.css HTTP/1.1" 404 1104
114.83.220.158 - - [17/Mar/2023:10:30:53 +0800] "GET /xingrg/all/function/internal_message.html?_=1679020251727&CODE_STATE=getMsg HTTP/1.1" 200 27
116.225.84.253 - - [17/Mar/2023:10:30:53 +0800] "POST /xingrg/kc/base/wldb_order_operate.html HTTP/1.1" 200 2188
114.83.220.158 - - [17/Mar/2023:10:30:54 +0800] "GET /xingrg/kc/print/load_config.html?kc_code=cgsh HTTP/1.1" 200 1925
114.83.220.158 - - [17/Mar/2023:10:30:54 +0800] "GET /xingrg/kc/print/load_data.html?order_code=212023031706073&kc_code=cgsh&condition= HTTP/1.1" 200 17701
101.229.22.234 - - [17/Mar/2023:10:30:55 +0800] "GET /xingrg/all/function/internal_message.html?_=1679020255037&CODE_STATE=getMsg HTTP/1.1" 200 27
116.225.84.253 - - [17/Mar/2023:10:30:58 +0800] "GET /xingrg/all/function/internal_message.html?_=1679020101620&CODE_STATE=getMsg HTTP/1.1" 200 27
116.225.84.253 - - [17/Mar/2023:10:31:06 +0800] "GET /xingrg/all/function/internal_message.html?_=1679020265511&CODE_STATE=getMsg HTTP/1.1" 200 27
222.70.182.154 - - [17/Mar/2023:10:31:08 +0800] "GET /xingrg/all/function/internal_message.html?_=1679020265826&CODE_STATE=getMsg HTTP/1.1" 200 27
117.143.46.121 - - [17/Mar/2023:10:31:09 +0800] "GET /xingrg/all/function/internal_message.html?_=1679020269386&CODE_STATE=getMsg HTTP/1.1" 200 27
114.83.222.182 - - [17/Mar/2023:10:31:11 +0800] "GET /xingrg/all/function/internal_message.html?_=1679020338303&CODE_STATE=getMsg HTTP/1.1" 200 27
180.157.253.110 - - [17/Mar/2023:10:31:13 +0800] "GET /xingrg/all/function/internal_message.html?_=1679020283152&CODE_STATE=getMsg HTTP/1.1" 200 27
114.83.220.158 - - [17/Mar/2023:10:31:16 +0800] "GET /xingrg/kc/buy/cgsh_order_add.html HTTP/1.1" 200 70049
114.83.220.158 - - [17/Mar/2023:10:31:16 +0800] "GET /xingrg/javascript/easyui/themes/default/validatebox.css HTTP/1.1" 404 1104
114.83.220.158 - - [17/Mar/2023:10:31:16 +0800] "POST /xingrg/kc/buy/cgsh_order_operate.html HTTP/1.1" 200 8245
124.77.245.38 - - [17/Mar/2023:10:31:22 +0800] "GET /xingrg/all/function/internal_message.html?_=1679020300898&CODE_STATE=getMsg HTTP/1.1" 200 27
222.70.221.209 - - [17/Mar/2023:10:31:33 +0800] "GET /xingrg/all/function/internal_message.html?_=1679020403294&CODE_STATE=getMsg HTTP/1.1" 200 27
116.224.106.218 - - [17/Mar/2023:10:31:38 +0800] "GET /xingrg/check_reg.html?_=1679020297868 HTTP/1.1" 302 -
116.224.106.218 - - [17/Mar/2023:10:31:38 +0800] "GET /xingrg/all/function/internal_message.html?_=1679020297870&CODE_STATE=getMsg HTTP/1.1" 302 -
116.238.139.35 - - [17/Mar/2023:10:31:41 +0800] "GET /xingrg/all/function/internal_message.html?_=1679020302644&CODE_STATE=getMsg HTTP/1.1" 200 27
116.225.84.253 - - [17/Mar/2023:10:31:42 +0800] "GET /xingrg/kc/base/wldb_order_add.html HTTP/1.1" 200 30381
116.225.84.253 - - [17/Mar/2023:10:31:43 +0800] "POST /xingrg/kc/base/wldb_order_operate.html HTTP/1.1" 200 6806
116.225.84.253 - - [17/Mar/2023:10:31:43 +0800] "GET /xingrg/javascript/easyui/themes/default/validatebox.css HTTP/1.1" 404 1104
116.237.74.250 - - [17/Mar/2023:10:31:43 +0800] "GET /xingrg/all/function/internal_message.html?_=1679020301872&CODE_STATE=getMsg HTTP/1.1" 200 27
116.225.84.253 - - [17/Mar/2023:10:31:44 +0800] "POST /xingrg/all/common/load_combo.html?type=base HTTP/1.1" 200 3409
114.83.220.158 - - [17/Mar/2023:10:31:53 +0800] "GET /xingrg/all/function/internal_message.html?_=1679020311729&CODE_STATE=getMsg HTTP/1.1" 200 27
101.229.22.234 - - [17/Mar/2023:10:31:55 +0800] "GET /xingrg/check_reg.html?_=1679020315037 HTTP/1.1" 200 22
101.229.22.234 - - [17/Mar/2023:10:31:55 +0800] "GET /xingrg/all/function/internal_message.html?_=1679020315036&CODE_STATE=getMsg HTTP/1.1" 200 27
124.77.245.38 - - [17/Mar/2023:10:31:55 +0800] "GET /xingrg/kc/buy/cgsh_order_operate.html?command=get_materiel&rest_code=00146&code=00101008168&supplier_code=00100005&order_time=2023-03-17 HTTP/1.1" 200 413
116.225.84.253 - - [17/Mar/2023:10:31:58 +0800] "GET /xingrg/all/function/internal_message.html?_=1679020161635&CODE_STATE=getMsg HTTP/1.1" 200 27
116.225.84.253 - - [17/Mar/2023:10:31:58 +0800] "GET /xingrg/check_reg.html?_=1679020161637 HTTP/1.1" 200 22
116.225.84.253 - - [17/Mar/2023:10:31:58 +0800] "GET /xingrg/kc/base/wldb_order_list.html HTTP/1.1" 200 19098
116.225.84.253 - - [17/Mar/2023:10:31:59 +0800] "POST /xingrg/kc/base/wldb_list_operate.html HTTP/1.1" 200 2162
116.225.84.253 - - [17/Mar/2023:10:32:01 +0800] "POST /xingrg/kc/base/wldb_list_operate.html HTTP/1.1" 200 200
222.70.182.154 - - [17/Mar/2023:10:32:01 +0800] "GET /xingrg/check_reg.html?_=1679020625487 HTTP/1.1" 302 -
116.225.84.253 - - [17/Mar/2023:10:32:04 +0800] "POST /xingrg/kc/base/wldb_list_operate.html HTTP/1.1" 200 437
116.225.84.253 - - [17/Mar/2023:10:32:05 +0800] "GET /xingrg/kc/base/wldb_order_info.html?code=422023031701357 HTTP/1.1" 200 30395
116.225.84.253 - - [17/Mar/2023:10:32:06 +0800] "GET /xingrg/javascript/easyui/themes/default/validatebox.css HTTP/1.1" 404 1104
116.225.84.253 - - [17/Mar/2023:10:32:06 +0800] "GET /xingrg/all/function/internal_message.html?_=1679020325435&CODE_STATE=getMsg HTTP/1.1" 200 27
116.225.84.253 - - [17/Mar/2023:10:32:06 +0800] "POST /xingrg/kc/base/wldb_order_operate.html HTTP/1.1" 200 3638
222.70.182.154 - - [17/Mar/2023:10:32:08 +0800] "GET /xingrg/all/function/internal_message.html?_=1679020325797&CODE_STATE=getMsg HTTP/1.1" 200 27
124.77.245.38 - - [17/Mar/2023:10:32:08 +0800] "GET /xingrg/kc/buy/cgsh_order_operate.html?command=get_materiel&rest_code=00146&code=00101009031&supplier_code=00100005&order_time=2023-03-17 HTTP/1.1" 200 408
116.238.139.35 - - [17/Mar/2023:10:32:09 +0800] "GET /xingrg/check_reg.html?_=1679020257656 HTTP/1.1" 302 -
117.143.46.121 - - [17/Mar/2023:10:32:09 +0800] "GET /xingrg/all/function/internal_message.html?_=1679020329385&CODE_STATE=getMsg HTTP/1.1" 200 27
117.143.46.121 - - [17/Mar/2023:10:32:09 +0800] "GET /xingrg/check_reg.html?_=1679020329394 HTTP/1.1" 200 22
114.83.222.182 - - [17/Mar/2023:10:32:11 +0800] "GET /xingrg/all/function/internal_message.html?_=1679020398307&CODE_STATE=getMsg HTTP/1.1" 200 27
114.83.222.182 - - [17/Mar/2023:10:32:11 +0800] "GET /xingrg/check_reg.html?_=1679020398309 HTTP/1.1" 200 22
116.225.84.253 - - [17/Mar/2023:10:32:11 +0800] "POST /xingrg/kc/base/wldb_order_operate.html HTTP/1.1" 200 37
116.225.84.253 - - [17/Mar/2023:10:32:12 +0800] "POST /xingrg/kc/base/wldb_order_operate.html HTTP/1.1" 200 3638
180.157.253.110 - - [17/Mar/2023:10:32:13 +0800] "GET /xingrg/all/function/internal_message.html?_=1679020343157&CODE_STATE=getMsg HTTP/1.1" 200 27
124.77.245.38 - - [17/Mar/2023:10:32:22 +0800] "GET /xingrg/all/function/internal_message.html?_=1679020360911&CODE_STATE=getMsg HTTP/1.1" 200 27
124.77.245.38 - - [17/Mar/2023:10:32:26 +0800] "GET /xingrg/kc/buy/cgsh_order_operate.html?command=get_materiel&rest_code=00146&code=00101008223&supplier_code=00100005&order_time=2023-03-17 HTTP/1.1" 200 412
222.70.221.209 - - [17/Mar/2023:10:32:33 +0800] "GET /xingrg/all/function/internal_message.html?_=1679020463288&CODE_STATE=getMsg HTTP/1.1" 200 27
116.224.106.218 - - [17/Mar/2023:10:32:38 +0800] "GET /xingrg/all/function/internal_message.html?_=1679020357869&CODE_STATE=getMsg HTTP/1.1" 302 -
116.238.139.35 - - [17/Mar/2023:10:32:41 +0800] "GET /xingrg/all/function/internal_message.html?_=1679020362646&CODE_STATE=getMsg HTTP/1.1" 200 27
116.237.74.250 - - [17/Mar/2023:10:32:43 +0800] "GET /xingrg/all/function/internal_message.html?_=1679020361861&CODE_STATE=getMsg HTTP/1.1" 200 27
116.225.84.253 - - [17/Mar/2023:10:32:48 +0800] "GET /xingrg/kc/base/wldb_order_info.html?code=422023031701357 HTTP/1.1" 200 30395
116.225.84.253 - - [17/Mar/2023:10:32:48 +0800] "GET /xingrg/javascript/easyui/themes/default/validatebox.css HTTP/1.1" 404 1104
116.225.84.253 - - [17/Mar/2023:10:32:49 +0800] "POST /xingrg/kc/base/wldb_order_operate.html HTTP/1.1" 200 3638
116.225.84.253 - - [17/Mar/2023:10:32:50 +0800] "GET /xingrg/kc/base/wldb_order_list.html HTTP/1.1" 200 19098
116.225.84.253 - - [17/Mar/2023:10:32:51 +0800] "POST /xingrg/kc/base/wldb_list_operate.html HTTP/1.1" 200 2162
180.157.253.110 - - [17/Mar/2023:10:32:51 +0800] "GET /xingrg/check_reg.html?_=1679020372066 HTTP/1.1" 302 -
180.157.253.110 - - [17/Mar/2023:10:32:51 +0800] "GET /xingrg/login.html HTTP/1.1" 200 7641
116.225.84.253 - - [17/Mar/2023:10:32:53 +0800] "POST /xingrg/kc/base/wldb_list_operate.html HTTP/1.1" 200 200
114.83.220.158 - - [17/Mar/2023:10:32:53 +0800] "GET /xingrg/all/function/internal_message.html?_=1679020371828&CODE_STATE=getMsg HTTP/1.1" 200 27
180.157.253.110 - - [17/Mar/2023:10:32:54 +0800] "GET /xingrg/login.html HTTP/1.1" 200 7641
116.225.84.253 - - [17/Mar/2023:10:32:55 +0800] "GET /xingrg/kc/base/wldb_order_info.html?code=422023031701358 HTTP/1.1" 200 30394
101.229.22.234 - - [17/Mar/2023:10:32:55 +0800] "GET /xingrg/all/function/internal_message.html?_=1679020375035&CODE_STATE=getMsg HTTP/1.1" 200 27
116.225.84.253 - - [17/Mar/2023:10:32:55 +0800] "GET /xingrg/javascript/easyui/themes/default/validatebox.css HTTP/1.1" 404 1104
180.157.253.110 - - [17/Mar/2023:10:32:55 +0800] "GET /favicon.ico HTTP/1.1" 404 -
116.225.84.253 - - [17/Mar/2023:10:32:56 +0800] "POST /xingrg/kc/base/wldb_order_operate.html HTTP/1.1" 200 2188
116.225.84.253 - - [17/Mar/2023:10:32:58 +0800] "GET /xingrg/all/function/internal_message.html?_=1679020221620&CODE_STATE=getMsg HTTP/1.1" 200 27
180.157.253.110 - - [17/Mar/2023:10:33:02 +0800] "POST /xingrg/login.do HTTP/1.1" 302 -
180.157.253.110 - - [17/Mar/2023:10:33:02 +0800] "GET /xingrg/index.html?sysBaseUrl=http%3A%2F%2F180.169.147.146%3A18081%2Fxingrg%2F&costTime=2317×tamp=1679020382327 HTTP/1.1" 200 17179
180.157.253.110 - - [17/Mar/2023:10:33:02 +0800] "GET /favicon.ico HTTP/1.1" 404 -
180.157.253.110 - - [17/Mar/2023:10:33:03 +0800] "GET /xingrg/all/function/internal_message.html?_=1679020383464&CODE_STATE=count HTTP/1.1" 200 11
180.157.253.110 - - [17/Mar/2023:10:33:03 +0800] "GET /xingrg/check_reg.html?_=1679020383466 HTTP/1.1" 200 22
180.157.253.110 - - [17/Mar/2023:10:33:03 +0800] "POST /xingrg/all/common/load_tree.html?tree=area_rest_tree_json&manage=1 HTTP/1.1" 200 476
180.157.253.110 - - [17/Mar/2023:10:33:03 +0800] "POST /xingrg/load_menu.html HTTP/1.1" 200 5138
116.225.84.253 - - [17/Mar/2023:10:33:05 +0800] "GET /xingrg/kc/base/wldb_order_operate.html?command=get_materiel&rest_code=00105&base_code=0010508&code=00102002376 HTTP/1.1" 200 431
180.157.253.110 - - [17/Mar/2023:10:33:05 +0800] "GET /xingrg/kc/base/base_main.html HTTP/1.1" 200 12142
180.157.253.110 - - [17/Mar/2023:10:33:06 +0800] "GET /xingrg/kc/base/wldb_order_list.html HTTP/1.1" 200 19104
116.225.84.253 - - [17/Mar/2023:10:33:06 +0800] "GET /xingrg/all/function/internal_message.html?_=1679020385433&CODE_STATE=getMsg HTTP/1.1" 200 27
180.157.253.110 - - [17/Mar/2023:10:33:07 +0800] "POST /xingrg/kc/base/wldb_list_operate.html HTTP/1.1" 200 928
222.70.182.154 - - [17/Mar/2023:10:33:08 +0800] "GET /xingrg/all/function/internal_message.html?_=1679020385767&CODE_STATE=getMsg HTTP/1.1" 200 27
124.77.245.38 - - [17/Mar/2023:10:33:08 +0800] "POST /xingrg/kc/buy/cgsh_order_operate.html HTTP/1.1" 200 37
117.143.46.121 - - [17/Mar/2023:10:33:09 +0800] "GET /xingrg/all/function/internal_message.html?_=1679020389387&CODE_STATE=getMsg HTTP/1.1" 200 27
180.157.253.110 - - [17/Mar/2023:10:33:10 +0800] "GET /xingrg/kc/base/base_main.html HTTP/1.1" 200 12142
114.83.222.182 - - [17/Mar/2023:10:33:11 +0800] "GET /xingrg/all/function/internal_message.html?_=1679020458303&CODE_STATE=getMsg HTTP/1.1" 200 27
116.237.74.250 - - [17/Mar/2023:10:33:11 +0800] "GET /xingrg/check_reg.html?_=1679020389177 HTTP/1.1" 200 22
124.77.245.38 - - [17/Mar/2023:10:33:11 +0800] "POST /xingrg/kc/buy/cgsh_order_operate.html HTTP/1.1" 200 34016
180.157.253.110 - - [17/Mar/2023:10:33:11 +0800] "GET /xingrg/kc/base/wldb_order_list.html HTTP/1.1" 200 19104
180.157.253.110 - - [17/Mar/2023:10:33:12 +0800] "POST /xingrg/kc/base/wldb_list_operate.html HTTP/1.1" 200 928
180.157.253.110 - - [17/Mar/2023:10:33:13 +0800] "GET /xingrg/all/function/internal_message.html?_=1679020403147&CODE_STATE=getMsg HTTP/1.1" 200 27
180.157.253.110 - - [17/Mar/2023:10:33:13 +0800] "GET /xingrg/kc/base/wldb_order_add.html HTTP/1.1" 200 30383
180.157.253.110 - - [17/Mar/2023:10:33:13 +0800] "GET /xingrg/words/20230316230843_words.js HTTP/1.1" 200 955828
180.157.253.110 - - [17/Mar/2023:10:33:14 +0800] "POST /xingrg/kc/base/wldb_order_operate.html HTTP/1.1" 200 6806
180.157.253.110 - - [17/Mar/2023:10:33:14 +0800] "GET /xingrg/all/common/auto_word.html?type=base&rest_code=00148 HTTP/1.1" 200 1799
180.157.253.110 - - [17/Mar/2023:10:33:14 +0800] "GET /xingrg/all/common/auto_word.html?type=base&rest_code=00148 HTTP/1.1" 200 1799
180.157.253.110 - - [17/Mar/2023:10:33:14 +0800] "GET /xingrg/javascript/easyui/themes/default/validatebox.css HTTP/1.1" 404 1104
124.77.245.38 - - [17/Mar/2023:10:33:14 +0800] "GET /xingrg/kc/print/load_config.html?kc_code=cgsh HTTP/1.1" 200 1925
124.77.245.38 - - [17/Mar/2023:10:33:15 +0800] "GET /xingrg/kc/print/load_data.html?order_code=212023031706076&kc_code=cgsh&condition= HTTP/1.1" 200 12586
180.157.253.110 - - [17/Mar/2023:10:33:15 +0800] "GET /xingrg/javascript/auto/indicator.gif HTTP/1.1" 404 1066
180.157.253.110 - - [17/Mar/2023:10:33:20 +0800] "GET /xingrg/kc/base/wldb_order_operate.html?command=get_materiel&rest_code=00148&base_code=0010002&code=00102001118 HTTP/1.1" 200 432
124.77.245.38 - - [17/Mar/2023:10:33:22 +0800] "GET /xingrg/all/function/internal_message.html?_=1679020420926&CODE_STATE=getMsg HTTP/1.1" 200 27
116.225.84.253 - - [17/Mar/2023:10:33:28 +0800] "GET /xingrg/kc/base/wldb_order_operate.html?command=get_materiel&rest_code=00105&base_code=0010508&code=00102002204 HTTP/1.1" 200 448
222.70.221.209 - - [17/Mar/2023:10:33:33 +0800] "GET /xingrg/all/function/internal_message.html?_=1679020523285&CODE_STATE=getMsg HTTP/1.1" 200 27
116.224.106.218 - - [17/Mar/2023:10:33:38 +0800] "GET /xingrg/all/function/internal_message.html?_=1679020417870&CODE_STATE=getMsg HTTP/1.1" 302 -
116.225.84.253 - - [17/Mar/2023:10:33:39 +0800] "GET /xingrg/kc/base/wldb_order_operate.html?command=get_materiel&rest_code=00105&base_code=0010508&code=00102004030 HTTP/1.1" 200 442
116.238.139.35 - - [17/Mar/2023:10:33:41 +0800] "GET /xingrg/all/function/internal_message.html?_=1679020422648&CODE_STATE=getMsg HTTP/1.1" 200 27
180.157.253.110 - - [17/Mar/2023:10:33:43 +0800] "GET /xingrg/kc/base/wldb_order_operate.html?command=get_materiel&rest_code=00148&base_code=0010002&code=00102026006 HTTP/1.1" 200 433
116.237.74.250 - - [17/Mar/2023:10:33:43 +0800] "GET /xingrg/all/function/internal_message.html?_=1679020421847&CODE_STATE=getMsg HTTP/1.1" 200 27
116.225.84.253 - - [17/Mar/2023:10:33:45 +0800] "GET /xingrg/kc/base/wldb_order_operate.html?command=get_materiel&rest_code=00105&base_code=0010508&code=00102002304 HTTP/1.1" 200 464
180.157.253.110 - - [17/Mar/2023:10:33:50 +0800] "GET /xingrg/kc/base/wldb_order_operate.html?command=get_materiel&rest_code=00148&base_code=0010002&code=00102001074 HTTP/1.1" 200 434
180.157.253.110 - - [17/Mar/2023:10:33:53 +0800] "GET /xingrg/kc/base/wldb_order_operate.html?command=get_materiel&rest_code=00148&base_code=0010002&code=00102001151 HTTP/1.1" 200 433
114.83.220.158 - - [17/Mar/2023:10:33:53 +0800] "GET /xingrg/all/function/internal_message.html?_=1679020431741&CODE_STATE=getMsg HTTP/1.1" 200 27
101.229.22.234 - - [17/Mar/2023:10:33:55 +0800] "GET /xingrg/all/function/internal_message.html?_=1679020435034&CODE_STATE=getMsg HTTP/1.1" 200 27
116.225.84.253 - - [17/Mar/2023:10:33:58 +0800] "GET /xingrg/all/function/internal_message.html?_=1679020281634&CODE_STATE=getMsg HTTP/1.1" 200 27
180.157.253.110 - - [17/Mar/2023:10:34:03 +0800] "GET /xingrg/all/function/internal_message.html?_=1679020443475&CODE_STATE=getMsg HTTP/1.1" 200 27
116.225.84.253 - - [17/Mar/2023:10:34:06 +0800] "GET /xingrg/kc/base/wldb_order_operate.html?command=get_materiel&rest_code=00105&base_code=0010508&code=00102002315 HTTP/1.1" 200 461
116.225.84.253 - - [17/Mar/2023:10:34:06 +0800] "GET /xingrg/check_reg.html?_=1679020445421 HTTP/1.1" 200 22
116.225.84.253 - - [17/Mar/2023:10:34:06 +0800] "GET /xingrg/all/function/internal_message.html?_=1679020445424&CODE_STATE=getMsg HTTP/1.1" 200 27
222.70.182.154 - - [17/Mar/2023:10:34:08 +0800] "GET /xingrg/all/function/internal_message.html?_=1679020445738&CODE_STATE=getMsg HTTP/1.1" 200 27
117.143.46.121 - - [17/Mar/2023:10:34:09 +0800] "GET /xingrg/all/function/internal_message.html?_=1679020449383&CODE_STATE=getMsg HTTP/1.1" 200 27
114.83.222.182 - - [17/Mar/2023:10:34:11 +0800] "GET /xingrg/all/function/internal_message.html?_=1679020518303&CODE_STATE=getMsg HTTP/1.1" 200 27
116.225.84.253 - - [17/Mar/2023:10:34:11 +0800] "POST /xingrg/kc/base/wldb_order_operate.html HTTP/1.1" 200 1710
180.157.253.110 - - [17/Mar/2023:10:34:13 +0800] "GET /xingrg/all/function/internal_message.html?_=1679020463147&CODE_STATE=getMsg HTTP/1.1" 200 27
124.77.245.38 - - [17/Mar/2023:10:34:22 +0800] "GET /xingrg/check_reg.html?_=1679020480761 HTTP/1.1" 200 22
124.77.245.38 - - [17/Mar/2023:10:34:22 +0800] "GET /xingrg/all/function/internal_message.html?_=1679020480939&CODE_STATE=getMsg HTTP/1.1" 200 27
222.70.221.209 - - [17/Mar/2023:10:34:33 +0800] "GET /xingrg/check_reg.html?_=1679020583285 HTTP/1.1" 200 22
222.70.221.209 - - [17/Mar/2023:10:34:33 +0800] "GET /xingrg/all/function/internal_message.html?_=1679020583287&CODE_STATE=getMsg HTTP/1.1" 200 27
116.224.106.218 - - [17/Mar/2023:10:34:38 +0800] "GET /xingrg/all/function/internal_message.html?_=1679020477870&CODE_STATE=getMsg HTTP/1.1" 302 -
116.238.139.35 - - [17/Mar/2023:10:34:41 +0800] "GET /xingrg/all/function/internal_message.html?_=1679020482649&CODE_STATE=getMsg HTTP/1.1" 200 27
116.237.74.250 - - [17/Mar/2023:10:34:43 +0800] "GET /xingrg/all/function/internal_message.html?_=1679020481832&CODE_STATE=getMsg HTTP/1.1" 200 27
114.83.220.158 - - [17/Mar/2023:10:34:53 +0800] "GET /xingrg/check_reg.html?_=1679020491737 HTTP/1.1" 200 22
114.83.220.158 - - [17/Mar/2023:10:34:53 +0800] "GET /xingrg/all/function/internal_message.html?_=1679020491742&CODE_STATE=getMsg HTTP/1.1" 200 27
101.229.22.234 - - [17/Mar/2023:10:34:55 +0800] "GET /xingrg/all/function/internal_message.html?_=1679020495033&CODE_STATE=getMsg HTTP/1.1" 200 27
116.225.84.253 - - [17/Mar/2023:10:34:58 +0800] "GET /xingrg/all/function/internal_message.html?_=1679020341633&CODE_STATE=getMsg HTTP/1.1" 200 27
180.157.253.110 - - [17/Mar/2023:10:35:03 +0800] "GET /xingrg/all/function/internal_message.html?_=1679020503478&CODE_STATE=getMsg HTTP/1.1" 200 27
116.225.84.253 - - [17/Mar/2023:10:35:06 +0800] "GET /xingrg/all/function/internal_message.html?_=1679020505423&CODE_STATE=getMsg HTTP/1.1" 200 27
222.70.182.154 - - [17/Mar/2023:10:35:08 +0800] "GET /xingrg/all/function/internal_message.html?_=1679020505708&CODE_STATE=getMsg HTTP/1.1" 200 27
222.70.182.154 - - [17/Mar/2023:10:35:09 +0800] "GET /xingrg/check_reg.html?_=1679020507039 HTTP/1.1" 200 22
117.135.171.114 - - [17/Mar/2023:10:35:09 +0800] "GET /xingrg/all/function/internal_message.html?_=1679020449383&CODE_STATE=getMsg HTTP/1.1" 302 -
117.135.171.114 - - [17/Mar/2023:10:35:09 +0800] "GET /xingrg/login.html HTTP/1.1" 200 7641
117.143.46.121 - - [17/Mar/2023:10:35:09 +0800] "GET /xingrg/all/function/internal_message.html?_=1679020509380&CODE_STATE=getMsg HTTP/1.1" 200 27
114.83.222.182 - - [17/Mar/2023:10:35:11 +0800] "GET /xingrg/all/function/internal_message.html?_=1679020578297&CODE_STATE=getMsg HTTP/1.1" 200 27
180.157.253.110 - - [17/Mar/2023:10:35:13 +0800] "GET /xingrg/check_reg.html?_=1679020523157 HTTP/1.1" 200 22
180.157.253.110 - - [17/Mar/2023:10:35:13 +0800] "GET /xingrg/all/function/internal_message.html?_=1679020523158&CODE_STATE=getMsg HTTP/1.1" 200 27
124.77.245.38 - - [17/Mar/2023:10:35:22 +0800] "GET /xingrg/all/function/internal_message.html?_=1679020540953&CODE_STATE=getMsg HTTP/1.1" 200 27
222.70.221.209 - - [17/Mar/2023:10:35:33 +0800] "GET /xingrg/all/function/internal_message.html?_=1679020643279&CODE_STATE=getMsg HTTP/1.1" 200 27
116.224.106.218 - - [17/Mar/2023:10:35:38 +0800] "GET /xingrg/all/function/internal_message.html?_=1679020537870&CODE_STATE=getMsg HTTP/1.1" 302 -
116.238.139.35 - - [17/Mar/2023:10:35:41 +0800] "GET /xingrg/all/function/internal_message.html?_=1679020542650&CODE_STATE=getMsg HTTP/1.1" 200 27
116.238.139.35 - - [17/Mar/2023:10:35:41 +0800] "GET /xingrg/check_reg.html?_=1679020542653 HTTP/1.1" 200 22
116.237.74.250 - - [17/Mar/2023:10:35:43 +0800] "GET /xingrg/all/function/internal_message.html?_=1679020541806&CODE_STATE=getMsg HTTP/1.1" 200 27
114.83.220.158 - - [17/Mar/2023:10:35:53 +0800] "GET /xingrg/all/function/internal_message.html?_=1679020551750&CODE_STATE=getMsg HTTP/1.1" 200 27
101.229.22.234 - - [17/Mar/2023:10:35:55 +0800] "GET /xingrg/all/function/internal_message.html?_=1679020555056&CODE_STATE=getMsg HTTP/1.1" 200 27
124.77.245.38 - - [17/Mar/2023:10:35:55 +0800] "GET /xingrg/kc/buy/cgsh_order_add.html HTTP/1.1" 200 69961
124.77.245.38 - - [17/Mar/2023:10:35:56 +0800] "POST /xingrg/kc/buy/cgsh_order_operate.html HTTP/1.1" 200 8245
124.77.245.38 - - [17/Mar/2023:10:35:56 +0800] "GET /xingrg/javascript/easyui/themes/default/validatebox.css HTTP/1.1" 404 1104
116.225.84.253 - - [17/Mar/2023:10:35:58 +0800] "GET /xingrg/all/function/internal_message.html?_=1679020401631&CODE_STATE=getMsg HTTP/1.1" 200 27
180.157.253.110 - - [17/Mar/2023:10:36:03 +0800] "GET /xingrg/all/function/internal_message.html?_=1679020563469&CODE_STATE=getMsg HTTP/1.1" 200 27
116.225.84.253 - - [17/Mar/2023:10:36:06 +0800] "GET /xingrg/all/function/internal_message.html?_=1679020565431&CODE_STATE=getMsg HTTP/1.1" 200 27
124.77.245.38 - - [17/Mar/2023:10:36:06 +0800] "GET /xingrg/javascript/jquery_tools/images/prev.gif HTTP/1.1" 404 1086
124.77.245.38 - - [17/Mar/2023:10:36:06 +0800] "GET /xingrg/javascript/jquery_tools/images/next.gif HTTP/1.1" 404 1086
222.70.182.154 - - [17/Mar/2023:10:36:08 +0800] "GET /xingrg/all/function/internal_message.html?_=1679020565681&CODE_STATE=getMsg HTTP/1.1" 200 27
117.143.46.121 - - [17/Mar/2023:10:36:09 +0800] "GET /xingrg/all/function/internal_message.html?_=1679020569391&CODE_STATE=getMsg HTTP/1.1" 200 27
114.83.222.182 - - [17/Mar/2023:10:36:11 +0800] "GET /xingrg/all/function/internal_message.html?_=1679020638314&CODE_STATE=getMsg HTTP/1.1" 200 27
180.157.253.110 - - [17/Mar/2023:10:36:13 +0800] "GET /xingrg/all/function/internal_message.html?_=1679020583146&CODE_STATE=getMsg HTTP/1.1" 200 27
124.77.245.38 - - [17/Mar/2023:10:36:21 +0800] "GET /xingrg/kc/buy/cgsh_order_operate.html?command=get_materiel&rest_code=00146&code=00101016097&supplier_code=00100049&order_time=2023-03-17 HTTP/1.1" 200 450
124.77.245.38 - - [17/Mar/2023:10:36:22 +0800] "GET /xingrg/all/function/internal_message.html?_=1679020600966&CODE_STATE=getMsg HTTP/1.1" 200 27
222.70.221.209 - - [17/Mar/2023:10:36:33 +0800] "GET /xingrg/all/function/internal_message.html?_=1679020703277&CODE_STATE=getMsg HTTP/1.1" 200 27
116.224.106.218 - - [17/Mar/2023:10:36:38 +0800] "GET /xingrg/check_reg.html?_=1679020597869 HTTP/1.1" 302 -
116.224.106.218 - - [17/Mar/2023:10:36:38 +0800] "GET /xingrg/all/function/internal_message.html?_=1679020597871&CODE_STATE=getMsg HTTP/1.1" 302 -
116.238.139.35 - - [17/Mar/2023:10:36:41 +0800] "GET /xingrg/all/function/internal_message.html?_=1679020602654&CODE_STATE=getMsg HTTP/1.1" 200 27
116.237.74.250 - - [17/Mar/2023:10:36:43 +0800] "GET /xingrg/all/function/internal_message.html?_=1679020601792&CODE_STATE=getMsg HTTP/1.1" 200 27
124.77.245.38 - - [17/Mar/2023:10:36:43 +0800] "GET /xingrg/kc/buy/cgsh_order_operate.html?command=get_materiel&rest_code=00146&code=00101016037&supplier_code=00100049&order_time=2023-03-17 HTTP/1.1" 200 432
114.83.220.158 - - [17/Mar/2023:10:36:53 +0800] "GET /xingrg/all/function/internal_message.html?_=1679020611736&CODE_STATE=getMsg HTTP/1.1" 200 27
116.238.139.35 - - [17/Mar/2023:10:36:54 +0800] "POST /xingrg/services/DataTransmitService HTTP/1.1" 200 524
101.229.22.234 - - [17/Mar/2023:10:36:55 +0800] "GET /xingrg/all/function/internal_message.html?_=1679020615054&CODE_STATE=getMsg HTTP/1.1" 200 27
101.229.22.234 - - [17/Mar/2023:10:36:55 +0800] "GET /xingrg/check_reg.html?_=1679020615055 HTTP/1.1" 200 22
116.225.84.253 - - [17/Mar/2023:10:36:58 +0800] "GET /xingrg/all/function/internal_message.html?_=1679020461630&CODE_STATE=getMsg HTTP/1.1" 200 27
116.225.84.253 - - [17/Mar/2023:10:36:58 +0800] "GET /xingrg/check_reg.html?_=1679020461632 HTTP/1.1" 200 22
124.77.245.38 - - [17/Mar/2023:10:36:59 +0800] "GET /xingrg/kc/buy/cgsh_order_operate.html?command=get_materiel&rest_code=00146&code=00101013011&supplier_code=00100049&order_time=2023-03-17 HTTP/1.1" 200 449
222.70.182.154 - - [17/Mar/2023:10:37:01 +0800] "GET /xingrg/check_reg.html?_=1679020925475 HTTP/1.1" 302 -
180.157.253.110 - - [17/Mar/2023:10:37:03 +0800] "GET /xingrg/all/function/internal_message.html?_=1679020623477&CODE_STATE=getMsg HTTP/1.1" 200 27
116.225.84.253 - - [17/Mar/2023:10:37:06 +0800] "GET /xingrg/all/function/internal_message.html?_=1679020625424&CODE_STATE=getMsg HTTP/1.1" 200 27
222.70.182.154 - - [17/Mar/2023:10:37:08 +0800] "GET /xingrg/all/function/internal_message.html?_=1679020625666&CODE_STATE=getMsg HTTP/1.1" 200 27
116.238.139.35 - - [17/Mar/2023:10:37:09 +0800] "GET /xingrg/check_reg.html?_=1679020557700 HTTP/1.1" 302 -
117.135.169.143 - - [17/Mar/2023:10:37:09 +0800] "GET /xingrg/all/function/internal_message.html?_=1679020569391&CODE_STATE=getMsg HTTP/1.1" 302 -
117.135.169.143 - - [17/Mar/2023:10:37:09 +0800] "GET /xingrg/login.html HTTP/1.1" 200 7641
117.143.46.121 - - [17/Mar/2023:10:37:09 +0800] "GET /xingrg/all/function/internal_message.html?_=1679020629398&CODE_STATE=getMsg HTTP/1.1" 200 27
117.143.46.121 - - [17/Mar/2023:10:37:09 +0800] "GET /xingrg/check_reg.html?_=1679020629404 HTTP/1.1" 200 22
114.83.222.182 - - [17/Mar/2023:10:37:11 +0800] "GET /xingrg/check_reg.html?_=1679020698304 HTTP/1.1" 200 22
114.83.222.182 - - [17/Mar/2023:10:37:11 +0800] "GET /xingrg/all/function/internal_message.html?_=1679020698305&CODE_STATE=getMsg HTTP/1.1" 200 27
180.157.253.110 - - [17/Mar/2023:10:37:13 +0800] "GET /xingrg/all/function/internal_message.html?_=1679020643159&CODE_STATE=getMsg HTTP/1.1" 200 27
124.77.245.38 - - [17/Mar/2023:10:37:18 +0800] "GET /xingrg/kc/buy/cgsh_order_operate.html?command=get_materiel&rest_code=00146&code=00101016094&supplier_code=00100049&order_time=2023-03-17 HTTP/1.1" 200 467
124.77.245.38 - - [17/Mar/2023:10:37:23 +0800] "GET /xingrg/all/function/internal_message.html?_=1679020661040&CODE_STATE=getMsg HTTP/1.1" 200 27
222.70.221.209 - - [17/Mar/2023:10:37:33 +0800] "GET /xingrg/all/function/internal_message.html?_=1679020763292&CODE_STATE=getMsg HTTP/1.1" 200 27
124.77.245.38 - - [17/Mar/2023:10:37:35 +0800] "GET /xingrg/kc/buy/cgsh_order_operate.html?command=get_materiel&rest_code=00146&code=00101011005&supplier_code=00100049&order_time=2023-03-17 HTTP/1.1" 200 430
116.224.106.218 - - [17/Mar/2023:10:37:38 +0800] "GET /xingrg/all/function/internal_message.html?_=1679020657871&CODE_STATE=getMsg HTTP/1.1" 302 -
116.238.139.35 - - [17/Mar/2023:10:37:41 +0800] "GET /xingrg/all/function/internal_message.html?_=1679020662656&CODE_STATE=getMsg HTTP/1.1" 200 27
116.237.74.250 - - [17/Mar/2023:10:37:43 +0800] "GET /xingrg/all/function/internal_message.html?_=1679020661762&CODE_STATE=getMsg HTTP/1.1" 200 27
114.83.220.158 - - [17/Mar/2023:10:37:53 +0800] "GET /xingrg/all/function/internal_message.html?_=1679020671744&CODE_STATE=getMsg HTTP/1.1" 200 27
101.229.22.234 - - [17/Mar/2023:10:37:55 +0800] "GET /xingrg/all/function/internal_message.html?_=1679020675069&CODE_STATE=getMsg HTTP/1.1" 200 27
116.225.84.253 - - [17/Mar/2023:10:37:58 +0800] "GET /xingrg/all/function/internal_message.html?_=1679020521629&CODE_STATE=getMsg HTTP/1.1" 200 27
180.157.253.110 - - [17/Mar/2023:10:38:03 +0800] "GET /xingrg/check_reg.html?_=1679020683477 HTTP/1.1" 200 22
180.157.253.110 - - [17/Mar/2023:10:38:03 +0800] "GET /xingrg/all/function/internal_message.html?_=1679020683479&CODE_STATE=getMsg HTTP/1.1" 200 27
116.237.74.250 - - [17/Mar/2023:10:38:04 +0800] "GET /xingrg/kc/buy/cgsh_order_add.html HTTP/1.1" 200 69961
116.237.74.250 - - [17/Mar/2023:10:38:05 +0800] "GET /xingrg/javascript/easyui/themes/default/validatebox.css HTTP/1.1" 404 1104
116.237.74.250 - - [17/Mar/2023:10:38:05 +0800] "POST /xingrg/kc/buy/cgsh_order_operate.html HTTP/1.1" 200 8245
116.225.84.253 - - [17/Mar/2023:10:38:06 +0800] "GET /xingrg/all/function/internal_message.html?_=1679020685422&CODE_STATE=getMsg HTTP/1.1" 200 27
222.70.182.154 - - [17/Mar/2023:10:38:08 +0800] "GET /xingrg/all/function/internal_message.html?_=1679020685637&CODE_STATE=getMsg HTTP/1.1" 200 27
116.237.74.250 - - [17/Mar/2023:10:38:09 +0800] "GET /xingrg/javascript/easyui/themes/default/tree.css HTTP/1.1" 404 1090
116.237.74.250 - - [17/Mar/2023:10:38:09 +0800] "POST /xingrg/all/common/load_tree.html?tree=supplier_tree_json&isDelete=1 HTTP/1.1" 200 71093
117.143.46.121 - - [17/Mar/2023:10:38:09 +0800] "GET /xingrg/all/function/internal_message.html?_=1679020689391&CODE_STATE=getMsg HTTP/1.1" 200 27
117.135.173.70 - - [17/Mar/2023:10:38:10 +0800] "GET /xingrg/check_reg.html?_=1679020629404 HTTP/1.1" 302 -
117.135.173.70 - - [17/Mar/2023:10:38:10 +0800] "GET /xingrg/login.html HTTP/1.1" 200 7641
114.83.222.182 - - [17/Mar/2023:10:38:11 +0800] "GET /xingrg/all/function/internal_message.html?_=1679020758304&CODE_STATE=getMsg HTTP/1.1" 200 27
116.237.74.250 - - [17/Mar/2023:10:38:11 +0800] "GET /xingrg/check_reg.html?_=1679020689863 HTTP/1.1" 200 22
180.157.253.110 - - [17/Mar/2023:10:38:13 +0800] "GET /xingrg/all/function/internal_message.html?_=1679020703144&CODE_STATE=getMsg HTTP/1.1" 200 27
124.77.245.38 - - [17/Mar/2023:10:38:23 +0800] "GET /xingrg/all/function/internal_message.html?_=1679020721057&CODE_STATE=getMsg HTTP/1.1" 200 27
58.35.212.231 - - [17/Mar/2023:10:38:25 +0800] "POST /xingrg/services/DataTransmitService HTTP/1.1" 200 524
58.35.212.231 - - [17/Mar/2023:10:38:26 +0800] "POST /xingrg/services/DataTransmitService HTTP/1.1" 200 2151
58.35.212.231 - - [17/Mar/2023:10:38:27 +0800] "POST /xingrg/services/DataTransmitService HTTP/1.1" 200 103088
222.70.221.209 - - [17/Mar/2023:10:38:33 +0800] "GET /xingrg/all/function/internal_message.html?_=1679020823284&CODE_STATE=getMsg HTTP/1.1" 200 27
124.79.240.233 - - [17/Mar/2023:10:38:33 +0800] "GET /favicon.ico HTTP/1.1" 404 -
116.224.106.218 - - [17/Mar/2023:10:38:38 +0800] "GET /xingrg/all/function/internal_message.html?_=1679020717872&CODE_STATE=getMsg HTTP/1.1" 302 -
124.79.240.233 - - [17/Mar/2023:10:38:38 +0800] "GET /xingrg/login.html HTTP/1.1" 200 7641
124.79.240.233 - - [17/Mar/2023:10:38:39 +0800] "GET /favicon.ico HTTP/1.1" 404 -
116.238.139.35 - - [17/Mar/2023:10:38:41 +0800] "GET /xingrg/all/function/internal_message.html?_=1679020722657&CODE_STATE=getMsg HTTP/1.1" 200 27
116.237.74.250 - - [17/Mar/2023:10:38:43 +0800] "GET /xingrg/all/function/internal_message.html?_=1679020721788&CODE_STATE=getMsg HTTP/1.1" 200 27
124.79.240.233 - - [17/Mar/2023:10:38:46 +0800] "POST /xingrg/login.do HTTP/1.1" 302 -
124.79.240.233 - - [17/Mar/2023:10:38:46 +0800] "GET /xingrg/index.html?sysBaseUrl=http%3A%2F%2F180.169.147.146%3A18081%2Fxingrg%2F&costTime=875×tamp=1679020726205 HTTP/1.1" 200 17179
124.79.240.233 - - [17/Mar/2023:10:38:46 +0800] "GET /favicon.ico HTTP/1.1" 404 -
124.79.240.233 - - [17/Mar/2023:10:38:46 +0800] "GET /xingrg/check_reg.html?_=1679020983053 HTTP/1.1" 200 22
124.79.240.233 - - [17/Mar/2023:10:38:46 +0800] "GET /xingrg/all/function/internal_message.html?_=1679020983052&CODE_STATE=count HTTP/1.1" 200 11
124.79.240.233 - - [17/Mar/2023:10:38:46 +0800] "POST /xingrg/all/common/load_tree.html?tree=area_rest_tree_json&manage=1 HTTP/1.1" 200 351
124.79.240.233 - - [17/Mar/2023:10:38:46 +0800] "POST /xingrg/load_menu.html HTTP/1.1" 200 5138
116.237.74.250 - - [17/Mar/2023:10:38:47 +0800] "GET /xingrg/kc/buy/cgsh_order_operate.html?command=get_materiel&rest_code=00106&code=00101006240&supplier_code=00100015&order_time=2023-03-17 HTTP/1.1" 200 424
124.79.240.233 - - [17/Mar/2023:10:38:50 +0800] "GET /xingrg/kc/buy/cgsh_order_list.html HTTP/1.1" 200 54185
124.79.240.233 - - [17/Mar/2023:10:38:53 +0800] "GET /xingrg/kc/mdqp/qqps_order_list.html HTTP/1.1" 200 9222
124.79.240.233 - - [17/Mar/2023:10:38:53 +0800] "GET /xingrg/dwr/interface/AjaxQqpsService.js HTTP/1.1" 200 16326
124.79.240.233 - - [17/Mar/2023:10:38:53 +0800] "GET /xingrg/dwr/interface/AjaxReportQueryService.js HTTP/1.1" 200 13203
124.79.240.233 - - [17/Mar/2023:10:38:53 +0800] "GET /xingrg/dwr/engine.js HTTP/1.1" 200 43631
124.79.240.233 - - [17/Mar/2023:10:38:53 +0800] "GET /xingrg/dwr/util.js HTTP/1.1" 304 -
114.83.220.158 - - [17/Mar/2023:10:38:53 +0800] "GET /xingrg/all/function/internal_message.html?_=1679020731757&CODE_STATE=getMsg HTTP/1.1" 200 27
124.79.240.233 - - [17/Mar/2023:10:38:54 +0800] "POST /xingrg/kc/buy/cgsh_list_operate.html HTTP/1.1" 200 1866
101.229.22.234 - - [17/Mar/2023:10:38:55 +0800] "GET /xingrg/all/function/internal_message.html?_=1679020735067&CODE_STATE=getMsg HTTP/1.1" 200 27
124.79.240.233 - - [17/Mar/2023:10:38:55 +0800] "GET /xingrg/kc/mdqp/qqps_order_add.html HTTP/1.1" 200 28386
124.79.240.233 - - [17/Mar/2023:10:38:55 +0800] "GET /xingrg/dwr/interface/AjaxQqpsService.js HTTP/1.1" 200 16326
124.79.240.233 - - [17/Mar/2023:10:38:55 +0800] "GET /xingrg/dwr/engine.js HTTP/1.1" 200 43631
124.79.240.233 - - [17/Mar/2023:10:38:55 +0800] "GET /xingrg/dwr/interface/AjaxComOrderService.js HTTP/1.1" 200 18264
124.79.240.233 - - [17/Mar/2023:10:38:55 +0800] "GET /xingrg/words/20230316230843_words.js HTTP/1.1" 200 955828
58.35.212.231 - - [17/Mar/2023:10:38:57 +0800] "POST /xingrg/services/DataTransmitService HTTP/1.1" 200 524
180.157.253.110 - - [17/Mar/2023:10:38:58 +0800] "GET /xingrg/kc/base/base_main.html HTTP/1.1" 200 12142
116.225.84.253 - - [17/Mar/2023:10:38:58 +0800] "GET /xingrg/all/function/internal_message.html?_=1679020581628&CODE_STATE=getMsg HTTP/1.1" 200 27
58.35.212.231 - - [17/Mar/2023:10:38:58 +0800] "POST /xingrg/services/DataTransmitService HTTP/1.1" 200 2151
58.35.212.231 - - [17/Mar/2023:10:38:59 +0800] "POST /xingrg/services/DataTransmitService HTTP/1.1" 200 524
180.157.253.110 - - [17/Mar/2023:10:38:59 +0800] "GET /xingrg/kc/base/check_order_list.html HTTP/1.1" 200 16223
58.35.212.231 - - [17/Mar/2023:10:38:59 +0800] "POST /xingrg/services/DataTransmitService HTTP/1.1" 200 2151
180.157.253.110 - - [17/Mar/2023:10:39:00 +0800] "POST /xingrg/kc/base/check_list_operate.html HTTP/1.1" 200 781
58.35.212.231 - - [17/Mar/2023:10:39:01 +0800] "POST /xingrg/services/DataTransmitService HTTP/1.1" 200 524
58.35.212.231 - - [17/Mar/2023:10:39:01 +0800] "POST /xingrg/services/DataTransmitService HTTP/1.1" 200 2151
180.157.253.110 - - [17/Mar/2023:10:39:02 +0800] "POST /xingrg/kc/base/check_list_operate.html HTTP/1.1" 200 5421
180.157.253.110 - - [17/Mar/2023:10:39:03 +0800] "GET /xingrg/all/function/internal_message.html?_=1679020743663&CODE_STATE=getMsg HTTP/1.1" 200 27
180.157.253.110 - - [17/Mar/2023:10:39:05 +0800] "GET /xingrg/kc/base/check_order_info.html?code=452023022800183 HTTP/1.1" 200 22858
180.157.253.110 - - [17/Mar/2023:10:39:05 +0800] "GET /xingrg/dwr/interface/AjaxComOrderService.js HTTP/1.1" 200 18264
180.157.253.110 - - [17/Mar/2023:10:39:05 +0800] "GET /xingrg/dwr/interface/AjaxCheckService.js HTTP/1.1" 200 14003
180.157.253.110 - - [17/Mar/2023:10:39:05 +0800] "GET /xingrg/dwr/engine.js HTTP/1.1" 200 43631
180.157.253.110 - - [17/Mar/2023:10:39:05 +0800] "GET /xingrg/dwr/util.js HTTP/1.1" 304 -
180.157.253.110 - - [17/Mar/2023:10:39:05 +0800] "GET /xingrg/javascript/jquery_easy_ui/themes/icons/exam_new.png HTTP/1.1" 200 756
116.225.84.253 - - [17/Mar/2023:10:39:06 +0800] "GET /xingrg/check_reg.html?_=1679020745421 HTTP/1.1" 200 22
116.225.84.253 - - [17/Mar/2023:10:39:06 +0800] "GET /xingrg/all/function/internal_message.html?_=1679020745424&CODE_STATE=getMsg HTTP/1.1" 200 27
180.157.253.110 - - [17/Mar/2023:10:39:06 +0800] "POST /xingrg/dwr/call/plaincall/AjaxCheckService.loadOrderItems.dwr HTTP/1.1" 200 33696
124.79.240.233 - - [17/Mar/2023:10:39:07 +0800] "POST /xingrg/dwr/call/plaincall/AjaxQqpsService.saveOrder.dwr HTTP/1.1" 200 78
222.70.182.154 - - [17/Mar/2023:10:39:07 +0800] "GET /xingrg/all/function/internal_message.html?_=1679020745612&CODE_STATE=getMsg HTTP/1.1" 200 27
124.79.240.233 - - [17/Mar/2023:10:39:09 +0800] "GET /xingrg/javascript/auto/indicator.gif HTTP/1.1" 404 1066
117.143.46.121 - - [17/Mar/2023:10:39:09 +0800] "GET /xingrg/all/function/internal_message.html?_=1679020749387&CODE_STATE=getMsg HTTP/1.1" 200 27
114.83.222.182 - - [17/Mar/2023:10:39:11 +0800] "GET /xingrg/all/function/internal_message.html?_=1679020818295&CODE_STATE=getMsg HTTP/1.1" 200 27
