120.253.135.82 - - [17/Mar/2023:09:18:48 +0800] "GET /xingrg/all/function/internal_message.html?_=1679015756967&CODE_STATE=getMsg HTTP/1.1" 200 27
124.77.245.38 - - [17/Mar/2023:09:18:50 +0800] "GET /xingrg/all/function/internal_message.html?_=1679015948066&CODE_STATE=getMsg HTTP/1.1" 200 27
116.238.139.35 - - [17/Mar/2023:09:18:53 +0800] "GET /xingrg/all/function/internal_message.html?_=1679015934473&CODE_STATE=getMsg HTTP/1.1" 200 27
101.229.22.234 - - [17/Mar/2023:09:18:54 +0800] "GET /xingrg/all/function/internal_message.html?_=1679015934955&CODE_STATE=getMsg HTTP/1.1" 200 27
116.225.84.253 - - [17/Mar/2023:09:18:57 +0800] "GET /xingrg/all/function/internal_message.html?_=1679015781557&CODE_STATE=getMsg HTTP/1.1" 200 27
116.238.139.35 - - [17/Mar/2023:09:19:06 +0800] "POST /xingrg/all/user/operate.html HTTP/1.1" 200 36
116.238.139.35 - - [17/Mar/2023:09:19:07 +0800] "GET /xingrg/index.html?sysBaseUrl=http%3A%2F%2F180.169.147.146%3A18081%2Fxingrg%2F&costTime=1501×tamp=1678929172488 HTTP/1.1" 200 17177
116.238.139.35 - - [17/Mar/2023:09:19:07 +0800] "GET /xingrg/javascript/jquery_easy_ui/themes/default/easyui.css HTTP/1.1" 304 -
116.238.139.35 - - [17/Mar/2023:09:19:07 +0800] "GET /xingrg/javascript/jquery_easy_ui/themes/icon.css HTTP/1.1" 304 -
116.238.139.35 - - [17/Mar/2023:09:19:07 +0800] "GET /xingrg/css/form.css HTTP/1.1" 304 -
116.238.139.35 - - [17/Mar/2023:09:19:07 +0800] "GET /xingrg/javascript/jquery-1.4.2.min.js HTTP/1.1" 304 -
116.238.139.35 - - [17/Mar/2023:09:19:07 +0800] "GET /xingrg/javascript/jquery_easy_ui/jquery.easyui.min.js HTTP/1.1" 304 -
116.238.139.35 - - [17/Mar/2023:09:19:07 +0800] "GET /xingrg/javascript/jquery_easy_ui/easyui-lang-zh_CN.js HTTP/1.1" 304 -
116.238.139.35 - - [17/Mar/2023:09:19:07 +0800] "GET /xingrg/javascript/jquery.form.js HTTP/1.1" 304 -
116.238.139.35 - - [17/Mar/2023:09:19:07 +0800] "GET /xingrg/javascript/jquery.utils.js HTTP/1.1" 304 -
116.238.139.35 - - [17/Mar/2023:09:19:07 +0800] "GET /xingrg/javascript/jquery.timers.js HTTP/1.1" 304 -
116.238.139.35 - - [17/Mar/2023:09:19:07 +0800] "GET /xingrg/images/blue/jxLogo.png HTTP/1.1" 304 -
116.238.139.35 - - [17/Mar/2023:09:19:07 +0800] "GET /xingrg/images/blue/navBackgound.jpg HTTP/1.1" 304 -
116.238.139.35 - - [17/Mar/2023:09:19:07 +0800] "GET /xingrg/javascript/jquery_easy_ui/themes/icons/settle_new.png HTTP/1.1" 304 -
116.238.139.35 - - [17/Mar/2023:09:19:07 +0800] "GET /xingrg/all/function/internal_message.html?_=1679015948330&CODE_STATE=count HTTP/1.1" 200 11
116.238.139.35 - - [17/Mar/2023:09:19:07 +0800] "GET /xingrg/javascript/jquery_easy_ui/themes/default/images/tabs_leftarrow.png HTTP/1.1" 304 -
116.238.139.35 - - [17/Mar/2023:09:19:07 +0800] "GET /xingrg/javascript/jquery_easy_ui/themes/default/images/tabs_rightarrow.png HTTP/1.1" 304 -
116.238.139.35 - - [17/Mar/2023:09:19:07 +0800] "GET /xingrg/images/blue/pingpu.png HTTP/1.1" 304 -
116.238.139.35 - - [17/Mar/2023:09:19:07 +0800] "GET /xingrg/javascript/jquery_easy_ui/themes/default/images/panel_tool_collapse.gif HTTP/1.1" 304 -
116.238.139.35 - - [17/Mar/2023:09:19:07 +0800] "GET /xingrg/check_reg.html?_=1679015948332 HTTP/1.1" 200 22
116.238.139.35 - - [17/Mar/2023:09:19:07 +0800] "POST /xingrg/all/common/load_tree.html?tree=area_rest_tree_json&manage=1 HTTP/1.1" 200 476
116.238.139.35 - - [17/Mar/2023:09:19:07 +0800] "POST /xingrg/load_menu.html HTTP/1.1" 200 5138
222.70.182.154 - - [17/Mar/2023:09:19:09 +0800] "GET /xingrg/all/function/internal_message.html?_=1679015947196&CODE_STATE=getMsg HTTP/1.1" 200 27
117.143.46.121 - - [17/Mar/2023:09:19:09 +0800] "GET /xingrg/all/function/internal_message.html?_=1679015949397&CODE_STATE=getMsg HTTP/1.1" 200 27
116.225.84.253 - - [17/Mar/2023:09:19:11 +0800] "GET /xingrg/all/function/internal_message.html?_=1679015950087&CODE_STATE=getMsg HTTP/1.1" 200 27
114.83.222.182 - - [17/Mar/2023:09:19:11 +0800] "GET /xingrg/all/function/internal_message.html?_=1679016018305&CODE_STATE=getMsg HTTP/1.1" 200 27
116.238.139.35 - - [17/Mar/2023:09:19:14 +0800] "GET /xingrg/kc/buy/cgsh_order_list.html HTTP/1.1" 200 54183
116.238.139.35 - - [17/Mar/2023:09:19:16 +0800] "POST /xingrg/kc/buy/cgsh_list_operate.html HTTP/1.1" 200 986
116.238.139.35 - - [17/Mar/2023:09:19:19 +0800] "GET /xingrg/kc/buy/cgsh_order_add.html HTTP/1.1" 200 69558
116.238.139.35 - - [17/Mar/2023:09:19:19 +0800] "POST /xingrg/kc/buy/cgsh_order_operate.html HTTP/1.1" 200 8245
116.238.139.35 - - [17/Mar/2023:09:19:20 +0800] "GET /xingrg/javascript/easyui/themes/default/validatebox.css HTTP/1.1" 404 1104
116.238.139.35 - - [17/Mar/2023:09:19:20 +0800] "GET /xingrg/all/common/auto_word.html?type=employee&rest_code=00151 HTTP/1.1" 200 293
116.238.139.35 - - [17/Mar/2023:09:19:20 +0800] "GET /xingrg/all/common/auto_word.html?type=employee&rest_code=00151 HTTP/1.1" 200 293
116.237.74.250 - - [17/Mar/2023:09:19:28 +0800] "GET /xingrg/all/function/internal_message.html?_=1679015966479&CODE_STATE=getMsg HTTP/1.1" 200 27
58.35.212.231 - - [17/Mar/2023:09:19:30 +0800] "POST /xingrg/services/DataTransmitService HTTP/1.1" 200 524
116.224.106.218 - - [17/Mar/2023:09:19:38 +0800] "GET /xingrg/all/function/internal_message.html?_=1679015977820&CODE_STATE=getMsg HTTP/1.1" 302 -
116.238.139.35 - - [17/Mar/2023:09:19:40 +0800] "GET /xingrg/javascript/auto/indicator.gif HTTP/1.1" 404 1066
222.70.221.209 - - [17/Mar/2023:09:19:42 +0800] "GET /xingrg/check_reg.html?_=1679016093184 HTTP/1.1" 200 22
222.70.221.209 - - [17/Mar/2023:09:19:42 +0800] "GET /xingrg/all/function/internal_message.html?_=1679016093190&CODE_STATE=getMsg HTTP/1.1" 200 27
120.253.135.82 - - [17/Mar/2023:09:19:48 +0800] "GET /xingrg/all/function/internal_message.html?_=1679015816972&CODE_STATE=getMsg HTTP/1.1" 200 27
124.77.245.38 - - [17/Mar/2023:09:19:50 +0800] "GET /xingrg/all/function/internal_message.html?_=1679016008220&CODE_STATE=getMsg HTTP/1.1" 200 27
101.229.22.234 - - [17/Mar/2023:09:19:54 +0800] "GET /xingrg/all/function/internal_message.html?_=1679015994939&CODE_STATE=getMsg HTTP/1.1" 200 27
116.225.84.253 - - [17/Mar/2023:09:19:57 +0800] "GET /xingrg/all/function/internal_message.html?_=1679015841555&CODE_STATE=getMsg HTTP/1.1" 200 27
116.238.139.35 - - [17/Mar/2023:09:20:02 +0800] "GET /xingrg/kc/buy/cgsh_order_operate.html?command=get_materiel&rest_code=00151&code=00101008323&supplier_code=00100008&order_time=2023-03-17 HTTP/1.1" 200 408
116.238.139.35 - - [17/Mar/2023:09:20:07 +0800] "GET /xingrg/all/function/internal_message.html?_=1679016008338&CODE_STATE=getMsg HTTP/1.1" 200 27
117.135.173.70 - - [17/Mar/2023:09:20:09 +0800] "GET /xingrg/all/function/internal_message.html?_=1679015949397&CODE_STATE=getMsg HTTP/1.1" 302 -
117.135.173.70 - - [17/Mar/2023:09:20:09 +0800] "GET /xingrg/login.html HTTP/1.1" 200 7641
222.70.182.154 - - [17/Mar/2023:09:20:09 +0800] "GET /xingrg/all/function/internal_message.html?_=1679016007179&CODE_STATE=getMsg HTTP/1.1" 200 27
222.70.182.154 - - [17/Mar/2023:09:20:09 +0800] "GET /xingrg/check_reg.html?_=1679016007263 HTTP/1.1" 200 22
117.143.46.121 - - [17/Mar/2023:09:20:09 +0800] "GET /xingrg/all/function/internal_message.html?_=1679016009384&CODE_STATE=getMsg HTTP/1.1" 200 27
116.225.84.253 - - [17/Mar/2023:09:20:10 +0800] "GET /xingrg/all/function/internal_message.html?_=1679016010065&CODE_STATE=getMsg HTTP/1.1" 200 27
114.83.222.182 - - [17/Mar/2023:09:20:11 +0800] "GET /xingrg/all/function/internal_message.html?_=1679016078302&CODE_STATE=getMsg HTTP/1.1" 200 27
116.237.74.250 - - [17/Mar/2023:09:20:28 +0800] "GET /xingrg/all/function/internal_message.html?_=1679016026453&CODE_STATE=getMsg HTTP/1.1" 200 27
124.77.245.38 - - [17/Mar/2023:09:20:29 +0800] "GET /xingrg/check_reg.html?_=1679016047675 HTTP/1.1" 200 22
116.224.106.218 - - [17/Mar/2023:09:20:38 +0800] "GET /xingrg/all/function/internal_message.html?_=1679016037822&CODE_STATE=getMsg HTTP/1.1" 302 -
222.70.221.209 - - [17/Mar/2023:09:20:42 +0800] "GET /xingrg/all/function/internal_message.html?_=1679016153194&CODE_STATE=getMsg HTTP/1.1" 200 27
120.253.135.82 - - [17/Mar/2023:09:20:48 +0800] "GET /xingrg/all/function/internal_message.html?_=1679015876987&CODE_STATE=getMsg HTTP/1.1" 200 27
124.77.245.38 - - [17/Mar/2023:09:20:50 +0800] "GET /xingrg/all/function/internal_message.html?_=1679016068232&CODE_STATE=getMsg HTTP/1.1" 200 27
101.229.22.234 - - [17/Mar/2023:09:20:54 +0800] "GET /xingrg/all/function/internal_message.html?_=1679016054941&CODE_STATE=getMsg HTTP/1.1" 200 27
116.225.84.253 - - [17/Mar/2023:09:20:57 +0800] "GET /xingrg/all/function/internal_message.html?_=1679015901555&CODE_STATE=getMsg HTTP/1.1" 200 27
116.238.139.35 - - [17/Mar/2023:09:21:07 +0800] "GET /xingrg/all/function/internal_message.html?_=1679016068340&CODE_STATE=getMsg HTTP/1.1" 200 27
222.70.182.154 - - [17/Mar/2023:09:21:09 +0800] "GET /xingrg/all/function/internal_message.html?_=1679016067164&CODE_STATE=getMsg HTTP/1.1" 200 27
117.143.46.121 - - [17/Mar/2023:09:21:09 +0800] "GET /xingrg/all/function/internal_message.html?_=1679016069386&CODE_STATE=getMsg HTTP/1.1" 200 27
116.225.84.253 - - [17/Mar/2023:09:21:10 +0800] "GET /xingrg/all/function/internal_message.html?_=1679016070058&CODE_STATE=getMsg HTTP/1.1" 200 27
114.83.222.182 - - [17/Mar/2023:09:21:11 +0800] "GET /xingrg/all/function/internal_message.html?_=1679016138308&CODE_STATE=getMsg HTTP/1.1" 200 27
222.70.182.154 - - [17/Mar/2023:09:21:20 +0800] "GET /xingrg/kc/buy/cgsh_order_operate.html?command=get_materiel&rest_code=00111&code=00101013060&supplier_code=00100037&order_time=2023-03-17 HTTP/1.1" 200 413
116.237.74.250 - - [17/Mar/2023:09:21:28 +0800] "GET /xingrg/all/function/internal_message.html?_=1679016086423&CODE_STATE=getMsg HTTP/1.1" 200 27
116.238.139.35 - - [17/Mar/2023:09:21:29 +0800] "GET /xingrg/kc/buy/cgsh_order_operate.html?command=get_materiel&rest_code=00151&code=00101008042&supplier_code=00100008&order_time=2023-03-17 HTTP/1.1" 200 416
222.70.182.154 - - [17/Mar/2023:09:21:33 +0800] "GET /xingrg/kc/buy/cgsh_order_operate.html?command=get_materiel&rest_code=00111&code=00101013081&supplier_code=00100037&order_time=2023-03-17 HTTP/1.1" 200 427
116.238.139.35 - - [17/Mar/2023:09:21:36 +0800] "GET /xingrg/kc/buy/cgsh_order_operate.html?command=get_materiel&rest_code=00151&code=00101008350&supplier_code=00100008&order_time=2023-03-17 HTTP/1.1" 200 408
116.224.106.218 - - [17/Mar/2023:09:21:38 +0800] "GET /xingrg/check_reg.html?_=1679016097821 HTTP/1.1" 302 -
116.224.106.218 - - [17/Mar/2023:09:21:38 +0800] "GET /xingrg/all/function/internal_message.html?_=1679016097824&CODE_STATE=getMsg HTTP/1.1" 302 -
222.70.221.209 - - [17/Mar/2023:09:21:42 +0800] "GET /xingrg/all/function/internal_message.html?_=1679016213187&CODE_STATE=getMsg HTTP/1.1" 200 27
222.70.182.154 - - [17/Mar/2023:09:21:43 +0800] "GET /xingrg/kc/buy/cgsh_order_operate.html?command=get_materiel&rest_code=00111&code=00101013034&supplier_code=00100037&order_time=2023-03-17 HTTP/1.1" 200 410
116.238.139.35 - - [17/Mar/2023:09:21:45 +0800] "GET /xingrg/kc/buy/cgsh_order_operate.html?command=get_materiel&rest_code=00151&code=00101008186&supplier_code=00100008&order_time=2023-03-17 HTTP/1.1" 200 408
120.253.135.82 - - [17/Mar/2023:09:21:48 +0800] "GET /xingrg/all/function/internal_message.html?_=1679015937000&CODE_STATE=getMsg HTTP/1.1" 200 27
124.77.245.38 - - [17/Mar/2023:09:21:50 +0800] "GET /xingrg/all/function/internal_message.html?_=1679016128248&CODE_STATE=getMsg HTTP/1.1" 200 27
116.238.139.35 - - [17/Mar/2023:09:21:53 +0800] "GET /xingrg/kc/buy/cgsh_order_operate.html?command=get_materiel&rest_code=00151&code=00101008338&supplier_code=00100008&order_time=2023-03-17 HTTP/1.1" 200 408
101.229.22.234 - - [17/Mar/2023:09:21:54 +0800] "GET /xingrg/all/function/internal_message.html?_=1679016114944&CODE_STATE=getMsg HTTP/1.1" 200 27
101.229.22.234 - - [17/Mar/2023:09:21:54 +0800] "GET /xingrg/check_reg.html?_=1679016114948 HTTP/1.1" 200 22
222.70.182.154 - - [17/Mar/2023:09:21:55 +0800] "GET /xingrg/kc/buy/cgsh_order_operate.html?command=get_materiel&rest_code=00111&code=00101013123&supplier_code=00100037&order_time=2023-03-17 HTTP/1.1" 200 413
116.225.84.253 - - [17/Mar/2023:09:21:57 +0800] "GET /xingrg/all/function/internal_message.html?_=1679015961579&CODE_STATE=getMsg HTTP/1.1" 200 27
116.225.84.253 - - [17/Mar/2023:09:21:57 +0800] "GET /xingrg/check_reg.html?_=1679015961580 HTTP/1.1" 200 22
116.238.139.35 - - [17/Mar/2023:09:22:02 +0800] "GET /xingrg/kc/buy/cgsh_order_operate.html?command=get_materiel&rest_code=00151&code=00101008283&supplier_code=00100008&order_time=2023-03-17 HTTP/1.1" 200 409
222.70.182.154 - - [17/Mar/2023:09:22:02 +0800] "GET /xingrg/check_reg.html?_=1679016425663 HTTP/1.1" 200 22
116.238.139.35 - - [17/Mar/2023:09:22:07 +0800] "GET /xingrg/all/function/internal_message.html?_=1679016128341&CODE_STATE=getMsg HTTP/1.1" 200 27
116.238.139.35 - - [17/Mar/2023:09:22:08 +0800] "GET /xingrg/check_reg.html?_=1679016057160 HTTP/1.1" 302 -
222.70.182.154 - - [17/Mar/2023:09:22:09 +0800] "GET /xingrg/all/function/internal_message.html?_=1679016127145&CODE_STATE=getMsg HTTP/1.1" 200 27
117.143.46.121 - - [17/Mar/2023:09:22:09 +0800] "GET /xingrg/check_reg.html?_=1679016129377 HTTP/1.1" 200 22
117.143.46.121 - - [17/Mar/2023:09:22:09 +0800] "GET /xingrg/all/function/internal_message.html?_=1679016129384&CODE_STATE=getMsg HTTP/1.1" 200 27
116.225.84.253 - - [17/Mar/2023:09:22:11 +0800] "GET /xingrg/check_reg.html?_=1679016130097 HTTP/1.1" 200 22
116.225.84.253 - - [17/Mar/2023:09:22:11 +0800] "GET /xingrg/all/function/internal_message.html?_=1679016130101&CODE_STATE=getMsg HTTP/1.1" 200 27
114.83.222.182 - - [17/Mar/2023:09:22:11 +0800] "GET /xingrg/check_reg.html?_=1679016198308 HTTP/1.1" 200 22
114.83.222.182 - - [17/Mar/2023:09:22:11 +0800] "GET /xingrg/all/function/internal_message.html?_=1679016198311&CODE_STATE=getMsg HTTP/1.1" 200 27
116.238.139.35 - - [17/Mar/2023:09:22:12 +0800] "GET /xingrg/kc/buy/cgsh_order_operate.html?command=get_materiel&rest_code=00151&code=00101008096&supplier_code=00100008&order_time=2023-03-17 HTTP/1.1" 200 412
222.70.182.154 - - [17/Mar/2023:09:22:15 +0800] "GET /xingrg/kc/buy/cgsh_order_operate.html?command=get_materiel&rest_code=00111&code=00101013012&supplier_code=00100037&order_time=2023-03-17 HTTP/1.1" 200 428
116.237.74.250 - - [17/Mar/2023:09:22:28 +0800] "GET /xingrg/all/function/internal_message.html?_=1679016146394&CODE_STATE=getMsg HTTP/1.1" 200 27
116.224.106.218 - - [17/Mar/2023:09:22:38 +0800] "GET /xingrg/all/function/internal_message.html?_=1679016157828&CODE_STATE=getMsg HTTP/1.1" 302 -
222.70.221.209 - - [17/Mar/2023:09:22:42 +0800] "GET /xingrg/all/function/internal_message.html?_=1679016273165&CODE_STATE=getMsg HTTP/1.1" 200 27
120.253.135.82 - - [17/Mar/2023:09:22:48 +0800] "GET /xingrg/all/function/internal_message.html?_=1679015997014&CODE_STATE=getMsg HTTP/1.1" 200 27
222.70.182.154 - - [17/Mar/2023:09:22:50 +0800] "GET /xingrg/kc/buy/cgsh_order_operate.html?command=get_materiel&rest_code=00111&code=00101008233&supplier_code=00100037&order_time=2023-03-17 HTTP/1.1" 200 408
124.77.245.38 - - [17/Mar/2023:09:22:50 +0800] "GET /xingrg/all/function/internal_message.html?_=1679016188407&CODE_STATE=getMsg HTTP/1.1" 200 27
116.238.139.35 - - [17/Mar/2023:09:22:54 +0800] "GET /xingrg/kc/buy/cgsh_order_operate.html?command=get_materiel&rest_code=00151&code=00101008264&supplier_code=00100008&order_time=2023-03-17 HTTP/1.1" 200 412
101.229.22.234 - - [17/Mar/2023:09:22:54 +0800] "GET /xingrg/all/function/internal_message.html?_=1679016174947&CODE_STATE=getMsg HTTP/1.1" 200 27
116.225.84.253 - - [17/Mar/2023:09:22:57 +0800] "GET /xingrg/all/function/internal_message.html?_=1679016021579&CODE_STATE=getMsg HTTP/1.1" 200 27
116.238.139.35 - - [17/Mar/2023:09:23:02 +0800] "GET /xingrg/kc/buy/cgsh_order_operate.html?command=get_materiel&rest_code=00151&code=00101008371&supplier_code=00100008&order_time=2023-03-17 HTTP/1.1" 200 412
222.70.182.154 - - [17/Mar/2023:09:23:06 +0800] "GET /xingrg/kc/buy/cgsh_order_operate.html?command=get_materiel&rest_code=00111&code=00101013050&supplier_code=00100037&order_time=2023-03-17 HTTP/1.1" 200 409
116.238.139.35 - - [17/Mar/2023:09:23:07 +0800] "GET /xingrg/all/function/internal_message.html?_=1679016188338&CODE_STATE=getMsg HTTP/1.1" 200 27
222.70.182.154 - - [17/Mar/2023:09:23:09 +0800] "GET /xingrg/all/function/internal_message.html?_=1679016187123&CODE_STATE=getMsg HTTP/1.1" 200 27
117.135.170.205 - - [17/Mar/2023:09:23:09 +0800] "GET /xingrg/check_reg.html?_=1679016129377 HTTP/1.1" 302 -
117.135.170.205 - - [17/Mar/2023:09:23:09 +0800] "GET /xingrg/login.html HTTP/1.1" 200 7641
116.238.139.35 - - [17/Mar/2023:09:23:09 +0800] "GET /xingrg/kc/buy/cgsh_order_operate.html?command=get_materiel&rest_code=00151&code=00101008036&supplier_code=00100008&order_time=2023-03-17 HTTP/1.1" 200 408
117.143.46.121 - - [17/Mar/2023:09:23:09 +0800] "GET /xingrg/all/function/internal_message.html?_=1679016189391&CODE_STATE=getMsg HTTP/1.1" 200 27
116.225.84.253 - - [17/Mar/2023:09:23:11 +0800] "GET /xingrg/all/function/internal_message.html?_=1679016190071&CODE_STATE=getMsg HTTP/1.1" 200 27
116.237.74.250 - - [17/Mar/2023:09:23:11 +0800] "GET /xingrg/check_reg.html?_=1679016189176 HTTP/1.1" 200 22
114.83.222.182 - - [17/Mar/2023:09:23:11 +0800] "GET /xingrg/all/function/internal_message.html?_=1679016258304&CODE_STATE=getMsg HTTP/1.1" 200 27
180.164.3.199 - - [17/Mar/2023:09:23:13 +0800] "POST /xingrg/services/DataTransmitService HTTP/1.1" 200 524
116.238.139.35 - - [17/Mar/2023:09:23:17 +0800] "GET /xingrg/kc/buy/cgsh_order_operate.html?command=get_materiel&rest_code=00151&code=00101008286&supplier_code=00100008&order_time=2023-03-17 HTTP/1.1" 200 408
116.238.139.35 - - [17/Mar/2023:09:23:24 +0800] "GET /xingrg/kc/buy/cgsh_order_operate.html?command=get_materiel&rest_code=00151&code=00101008131&supplier_code=00100008&order_time=2023-03-17 HTTP/1.1" 200 408
116.237.74.250 - - [17/Mar/2023:09:23:28 +0800] "GET /xingrg/all/function/internal_message.html?_=1679016206375&CODE_STATE=getMsg HTTP/1.1" 200 27
116.238.139.35 - - [17/Mar/2023:09:23:32 +0800] "GET /xingrg/kc/buy/cgsh_order_operate.html?command=get_materiel&rest_code=00151&code=00101008355&supplier_code=00100008&order_time=2023-03-17 HTTP/1.1" 200 408
116.224.106.218 - - [17/Mar/2023:09:23:38 +0800] "GET /xingrg/all/function/internal_message.html?_=1679016217827&CODE_STATE=getMsg HTTP/1.1" 302 -
222.70.221.209 - - [17/Mar/2023:09:23:42 +0800] "GET /xingrg/all/function/internal_message.html?_=1679016333176&CODE_STATE=getMsg HTTP/1.1" 200 27
222.70.182.154 - - [17/Mar/2023:09:23:42 +0800] "GET /xingrg/kc/buy/cgsh_order_operate.html?command=get_materiel&rest_code=00111&code=00101013224&supplier_code=00100037&order_time=2023-03-17 HTTP/1.1" 200 413
116.238.139.35 - - [17/Mar/2023:09:23:44 +0800] "GET /xingrg/kc/buy/cgsh_order_operate.html?command=get_materiel&rest_code=00151&code=00101008300&supplier_code=00100008&order_time=2023-03-17 HTTP/1.1" 200 412
120.253.135.82 - - [17/Mar/2023:09:23:48 +0800] "GET /xingrg/check_reg.html?_=1679016056606 HTTP/1.1" 200 22
120.253.135.82 - - [17/Mar/2023:09:23:48 +0800] "GET /xingrg/all/function/internal_message.html?_=1679016057059&CODE_STATE=getMsg HTTP/1.1" 200 27
124.77.245.38 - - [17/Mar/2023:09:23:50 +0800] "GET /xingrg/all/function/internal_message.html?_=1679016248413&CODE_STATE=getMsg HTTP/1.1" 200 27
116.238.139.35 - - [17/Mar/2023:09:23:54 +0800] "GET /xingrg/kc/buy/cgsh_order_operate.html?command=get_materiel&rest_code=00151&code=00101008137&supplier_code=00100008&order_time=2023-03-17 HTTP/1.1" 200 408
101.229.22.234 - - [17/Mar/2023:09:23:54 +0800] "GET /xingrg/all/function/internal_message.html?_=1679016234947&CODE_STATE=getMsg HTTP/1.1" 200 27
222.70.182.154 - - [17/Mar/2023:09:23:55 +0800] "GET /xingrg/kc/buy/cgsh_order_operate.html?command=get_materiel&rest_code=00111&code=00101013188&supplier_code=00100037&order_time=2023-03-17 HTTP/1.1" 200 412
116.225.84.253 - - [17/Mar/2023:09:23:57 +0800] "GET /xingrg/all/function/internal_message.html?_=1679016081577&CODE_STATE=getMsg HTTP/1.1" 200 27
116.238.139.35 - - [17/Mar/2023:09:24:00 +0800] "GET /xingrg/kc/buy/cgsh_order_operate.html?command=get_materiel&rest_code=00151&code=00101008362&supplier_code=00100008&order_time=2023-03-17 HTTP/1.1" 200 408
222.70.221.209 - - [17/Mar/2023:09:24:00 +0800] "GET /xingrg/kc/buy/cgsh_order_add.html HTTP/1.1" 200 68602
222.70.221.209 - - [17/Mar/2023:09:24:01 +0800] "POST /xingrg/kc/buy/cgsh_order_operate.html HTTP/1.1" 200 8245
222.70.221.209 - - [17/Mar/2023:09:24:01 +0800] "GET /xingrg/javascript/easyui/themes/default/validatebox.css HTTP/1.1" 404 1104
116.238.139.35 - - [17/Mar/2023:09:24:07 +0800] "GET /xingrg/kc/buy/cgsh_order_operate.html?command=get_materiel&rest_code=00151&code=00101008077&supplier_code=00100008&order_time=2023-03-17 HTTP/1.1" 200 416
116.238.139.35 - - [17/Mar/2023:09:24:07 +0800] "GET /xingrg/check_reg.html?_=1679016248340 HTTP/1.1" 200 22
116.238.139.35 - - [17/Mar/2023:09:24:07 +0800] "GET /xingrg/all/function/internal_message.html?_=1679016248343&CODE_STATE=getMsg HTTP/1.1" 200 27
222.70.182.154 - - [17/Mar/2023:09:24:08 +0800] "GET /xingrg/kc/buy/cgsh_order_operate.html?command=get_materiel&rest_code=00111&code=00101013027&supplier_code=00100037&order_time=2023-03-17 HTTP/1.1" 200 428
222.70.182.154 - - [17/Mar/2023:09:24:09 +0800] "GET /xingrg/all/function/internal_message.html?_=1679016247095&CODE_STATE=getMsg HTTP/1.1" 200 27
117.143.46.121 - - [17/Mar/2023:09:24:09 +0800] "GET /xingrg/all/function/internal_message.html?_=1679016249388&CODE_STATE=getMsg HTTP/1.1" 200 27
116.225.84.253 - - [17/Mar/2023:09:24:11 +0800] "GET /xingrg/all/function/internal_message.html?_=1679016250086&CODE_STATE=getMsg HTTP/1.1" 200 27
114.83.222.182 - - [17/Mar/2023:09:24:11 +0800] "GET /xingrg/all/function/internal_message.html?_=1679016318299&CODE_STATE=getMsg HTTP/1.1" 200 27
222.70.221.209 - - [17/Mar/2023:09:24:13 +0800] "GET /xingrg/kc/buy/cgsh_order_operate.html?command=get_materiel&rest_code=00107&code=00101016030&supplier_code=00100012&order_time=2023-03-17 HTTP/1.1" 200 412
222.70.221.209 - - [17/Mar/2023:09:24:25 +0800] "POST /xingrg/kc/buy/cgsh_order_operate.html HTTP/1.1" 200 37
222.70.182.154 - - [17/Mar/2023:09:24:25 +0800] "GET /xingrg/kc/buy/cgsh_order_operate.html?command=get_materiel&rest_code=00111&code=00101013047&supplier_code=00100037&order_time=2023-03-17 HTTP/1.1" 200 410
222.70.221.209 - - [17/Mar/2023:09:24:26 +0800] "POST /xingrg/kc/buy/cgsh_order_operate.html HTTP/1.1" 200 2658
222.70.221.209 - - [17/Mar/2023:09:24:27 +0800] "GET /xingrg/kc/print/load_data.html?order_code=212023031706063&kc_code=cgsh&condition= HTTP/1.1" 200 758
116.237.74.250 - - [17/Mar/2023:09:24:28 +0800] "GET /xingrg/all/function/internal_message.html?_=1679016266360&CODE_STATE=getMsg HTTP/1.1" 200 27
116.238.139.35 - - [17/Mar/2023:09:24:28 +0800] "GET /xingrg/kc/buy/cgsh_order_operate.html?command=get_materiel&rest_code=00151&code=00101008169&supplier_code=00100008&order_time=2023-03-17 HTTP/1.1" 200 412
222.70.221.209 - - [17/Mar/2023:09:24:32 +0800] "POST /xingrg/all/user/operate.html HTTP/1.1" 200 36
116.238.139.35 - - [17/Mar/2023:09:24:32 +0800] "POST /xingrg/kc/buy/cgsh_order_operate.html HTTP/1.1" 200 2065
222.70.221.209 - - [17/Mar/2023:09:24:32 +0800] "GET /xingrg/index.html?sysBaseUrl=http%3A%2F%2F180.169.147.146%3A18081%2Fxingrg%2F&costTime=789×tamp=1679013218546 HTTP/1.1" 200 17179
222.70.221.209 - - [17/Mar/2023:09:24:32 +0800] "GET /xingrg/javascript/jquery_easy_ui/themes/default/easyui.css HTTP/1.1" 304 -
222.70.221.209 - - [17/Mar/2023:09:24:32 +0800] "GET /xingrg/javascript/jquery_easy_ui/themes/icon.css HTTP/1.1" 304 -
222.70.221.209 - - [17/Mar/2023:09:24:32 +0800] "GET /xingrg/css/form.css HTTP/1.1" 304 -
222.70.221.209 - - [17/Mar/2023:09:24:32 +0800] "GET /xingrg/javascript/jquery-1.4.2.min.js HTTP/1.1" 304 -
222.70.221.209 - - [17/Mar/2023:09:24:32 +0800] "GET /xingrg/javascript/jquery_easy_ui/jquery.easyui.min.js HTTP/1.1" 304 -
222.70.221.209 - - [17/Mar/2023:09:24:32 +0800] "GET /xingrg/javascript/jquery_easy_ui/easyui-lang-zh_CN.js HTTP/1.1" 304 -
222.70.221.209 - - [17/Mar/2023:09:24:32 +0800] "GET /xingrg/javascript/jquery.form.js HTTP/1.1" 304 -
222.70.221.209 - - [17/Mar/2023:09:24:32 +0800] "GET /xingrg/javascript/jquery.utils.js HTTP/1.1" 304 -
222.70.221.209 - - [17/Mar/2023:09:24:32 +0800] "GET /xingrg/javascript/jquery.timers.js HTTP/1.1" 304 -
222.70.221.209 - - [17/Mar/2023:09:24:32 +0800] "GET /xingrg/images/blue/jxLogo.png HTTP/1.1" 304 -
222.70.221.209 - - [17/Mar/2023:09:24:32 +0800] "GET /xingrg/javascript/jquery_easy_ui/themes/icons/settle_new.png HTTP/1.1" 304 -
222.70.221.209 - - [17/Mar/2023:09:24:32 +0800] "GET /xingrg/images/blue/navBackgound.jpg HTTP/1.1" 304 -
222.70.221.209 - - [17/Mar/2023:09:24:33 +0800] "GET /xingrg/all/function/internal_message.html?_=1679016383264&CODE_STATE=count HTTP/1.1" 200 11
222.70.221.209 - - [17/Mar/2023:09:24:33 +0800] "GET /xingrg/check_reg.html?_=1679016383265 HTTP/1.1" 200 22
222.70.221.209 - - [17/Mar/2023:09:24:33 +0800] "GET /xingrg/javascript/jquery_easy_ui/themes/default/images/tabs_rightarrow.png HTTP/1.1" 304 -
222.70.221.209 - - [17/Mar/2023:09:24:33 +0800] "GET /xingrg/images/blue/pingpu.png HTTP/1.1" 304 -
222.70.221.209 - - [17/Mar/2023:09:24:33 +0800] "GET /xingrg/javascript/jquery_easy_ui/themes/default/images/panel_tool_collapse.gif HTTP/1.1" 304 -
222.70.221.209 - - [17/Mar/2023:09:24:33 +0800] "GET /xingrg/javascript/jquery_easy_ui/themes/default/images/tabs_leftarrow.png HTTP/1.1" 304 -
222.70.221.209 - - [17/Mar/2023:09:24:33 +0800] "POST /xingrg/all/common/load_tree.html?tree=area_rest_tree_json&manage=1 HTTP/1.1" 200 479
222.70.221.209 - - [17/Mar/2023:09:24:33 +0800] "POST /xingrg/load_menu.html HTTP/1.1" 200 5138
222.70.221.209 - - [17/Mar/2023:09:24:37 +0800] "GET /xingrg/kc/buy/cgsh_order_list.html HTTP/1.1" 200 54185
116.224.106.218 - - [17/Mar/2023:09:24:38 +0800] "GET /xingrg/all/function/internal_message.html?_=1679016277828&CODE_STATE=getMsg HTTP/1.1" 302 -
222.70.182.154 - - [17/Mar/2023:09:24:38 +0800] "GET /xingrg/kc/buy/cgsh_order_operate.html?command=get_materiel&rest_code=00111&code=00101013182&supplier_code=00100037&order_time=2023-03-17 HTTP/1.1" 200 408
116.238.139.35 - - [17/Mar/2023:09:24:39 +0800] "GET /xingrg/kc/buy/cgsh_order_operate.html?command=get_materiel&rest_code=00151&code=00101008318&supplier_code=00100008&order_time=2023-03-17 HTTP/1.1" 200 408
120.253.135.82 - - [17/Mar/2023:09:24:39 +0800] "POST /xingrg/kc/pszx/mdps_list_operate.html HTTP/1.1" 200 1689
120.253.135.82 - - [17/Mar/2023:09:24:41 +0800] "POST /xingrg/kc/pszx/mdps_list_operate.html HTTP/1.1" 200 370
120.253.135.82 - - [17/Mar/2023:09:24:42 +0800] "GET /xingrg/kc/pszx/mdps_order_info.html?code=312023031700403 HTTP/1.1" 200 23976
120.253.135.82 - - [17/Mar/2023:09:24:42 +0800] "GET /xingrg/javascript/easyui/themes/default/validatebox.css HTTP/1.1" 404 1104
120.253.135.82 - - [17/Mar/2023:09:24:43 +0800] "POST /xingrg/kc/pszx/mdps_order_operate.html HTTP/1.1" 200 3281
222.70.221.209 - - [17/Mar/2023:09:24:44 +0800] "POST /xingrg/kc/buy/cgsh_list_operate.html HTTP/1.1" 200 3161
120.253.135.82 - - [17/Mar/2023:09:24:46 +0800] "GET /xingrg/kc/print/load_config.html?kc_code=mdps HTTP/1.1" 200 2390
120.253.135.82 - - [17/Mar/2023:09:24:46 +0800] "GET /xingrg/kc/print/load_data.html?order_code=312023031700403&kc_code=mdps&condition= HTTP/1.1" 200 1158
116.238.139.35 - - [17/Mar/2023:09:24:46 +0800] "GET /xingrg/kc/buy/cgsh_order_operate.html?command=get_materiel&rest_code=00151&code=00101008352&supplier_code=00100008&order_time=2023-03-17 HTTP/1.1" 200 412
120.253.135.82 - - [17/Mar/2023:09:24:48 +0800] "GET /xingrg/all/function/internal_message.html?_=1679016117071&CODE_STATE=getMsg HTTP/1.1" 200 27
222.70.221.209 - - [17/Mar/2023:09:24:49 +0800] "GET /xingrg/kc/buy/cgsh_order_add.html HTTP/1.1" 200 70008
222.70.221.209 - - [17/Mar/2023:09:24:49 +0800] "POST /xingrg/kc/buy/cgsh_order_operate.html HTTP/1.1" 200 8245
222.70.221.209 - - [17/Mar/2023:09:24:49 +0800] "GET /xingrg/javascript/easyui/themes/default/validatebox.css HTTP/1.1" 404 1104
222.70.221.209 - - [17/Mar/2023:09:24:50 +0800] "GET /xingrg/javascript/auto/indicator.gif HTTP/1.1" 404 1066
124.77.245.38 - - [17/Mar/2023:09:24:50 +0800] "GET /xingrg/all/function/internal_message.html?_=1679016308565&CODE_STATE=getMsg HTTP/1.1" 200 27
222.70.221.209 - - [17/Mar/2023:09:24:52 +0800] "GET /xingrg/javascript/jquery_tools/images/next.gif HTTP/1.1" 404 1086
222.70.221.209 - - [17/Mar/2023:09:24:52 +0800] "GET /xingrg/javascript/jquery_tools/images/prev.gif HTTP/1.1" 404 1086
116.238.139.35 - - [17/Mar/2023:09:24:53 +0800] "GET /xingrg/kc/buy/cgsh_order_operate.html?command=get_materiel&rest_code=00151&code=00101008288&supplier_code=00100008&order_time=2023-03-17 HTTP/1.1" 200 408
222.70.182.154 - - [17/Mar/2023:09:24:54 +0800] "GET /xingrg/kc/buy/cgsh_order_operate.html?command=get_materiel&rest_code=00111&code=00101019113&supplier_code=00100037&order_time=2023-03-17 HTTP/1.1" 200 424
101.229.22.234 - - [17/Mar/2023:09:24:54 +0800] "GET /xingrg/all/function/internal_message.html?_=1679016294947&CODE_STATE=getMsg HTTP/1.1" 200 27
116.225.84.253 - - [17/Mar/2023:09:24:57 +0800] "GET /xingrg/all/function/internal_message.html?_=1679016141577&CODE_STATE=getMsg HTTP/1.1" 200 27
116.238.139.35 - - [17/Mar/2023:09:24:58 +0800] "GET /xingrg/kc/buy/cgsh_order_operate.html?command=get_materiel&rest_code=00151&code=00101008271&supplier_code=00100008&order_time=2023-03-17 HTTP/1.1" 200 408
116.238.139.35 - - [17/Mar/2023:09:25:05 +0800] "GET /xingrg/kc/buy/cgsh_order_operate.html?command=get_materiel&rest_code=00151&code=00101008092&supplier_code=00100008&order_time=2023-03-17 HTTP/1.1" 200 413
222.70.182.154 - - [17/Mar/2023:09:25:06 +0800] "GET /xingrg/kc/buy/cgsh_order_operate.html?command=get_materiel&rest_code=00111&code=00101019446&supplier_code=00100037&order_time=2023-03-17 HTTP/1.1" 200 441
116.238.139.35 - - [17/Mar/2023:09:25:07 +0800] "GET /xingrg/all/function/internal_message.html?_=1679016308377&CODE_STATE=getMsg HTTP/1.1" 200 27
222.70.182.154 - - [17/Mar/2023:09:25:09 +0800] "GET /xingrg/all/function/internal_message.html?_=1679016307073&CODE_STATE=getMsg HTTP/1.1" 200 27
222.70.182.154 - - [17/Mar/2023:09:25:09 +0800] "GET /xingrg/check_reg.html?_=1679016307235 HTTP/1.1" 200 22
117.143.46.121 - - [17/Mar/2023:09:25:09 +0800] "GET /xingrg/all/function/internal_message.html?_=1679016309387&CODE_STATE=getMsg HTTP/1.1" 200 27
116.225.84.253 - - [17/Mar/2023:09:25:11 +0800] "GET /xingrg/all/function/internal_message.html?_=1679016310174&CODE_STATE=getMsg HTTP/1.1" 200 27
114.83.222.182 - - [17/Mar/2023:09:25:11 +0800] "GET /xingrg/all/function/internal_message.html?_=1679016378316&CODE_STATE=getMsg HTTP/1.1" 200 27
222.70.221.209 - - [17/Mar/2023:09:25:13 +0800] "GET /xingrg/kc/buy/cgsh_order_operate.html?command=get_materiel&rest_code=00155&code=00101006168&supplier_code=00100012&order_time=2023-03-17 HTTP/1.1" 200 421
116.238.139.35 - - [17/Mar/2023:09:25:14 +0800] "GET /xingrg/kc/buy/cgsh_order_operate.html?command=get_materiel&rest_code=00151&code=00101008312&supplier_code=00100008&order_time=2023-03-17 HTTP/1.1" 200 412
116.238.139.35 - - [17/Mar/2023:09:25:16 +0800] "POST /xingrg/kc/buy/cgsh_order_operate.html HTTP/1.1" 200 2065
222.70.221.209 - - [17/Mar/2023:09:25:21 +0800] "GET /xingrg/kc/buy/cgsh_order_operate.html?command=get_materiel&rest_code=00155&code=00101006124&supplier_code=00100012&order_time=2023-03-17 HTTP/1.1" 200 409
116.238.139.35 - - [17/Mar/2023:09:25:26 +0800] "GET /xingrg/kc/buy/cgsh_order_operate.html?command=get_materiel&rest_code=00151&code=00101008450&supplier_code=00100008&order_time=2023-03-17 HTTP/1.1" 200 405
101.229.22.234 - - [17/Mar/2023:09:25:27 +0800] "GET /xingrg/kc/buy/cgsh_order_list.html HTTP/1.1" 200 54185
116.237.74.250 - - [17/Mar/2023:09:25:28 +0800] "GET /xingrg/all/function/internal_message.html?_=1679016326334&CODE_STATE=getMsg HTTP/1.1" 200 27
222.70.221.209 - - [17/Mar/2023:09:25:28 +0800] "GET /xingrg/kc/buy/cgsh_order_operate.html?command=get_materiel&rest_code=00155&code=00101006065&supplier_code=00100012&order_time=2023-03-17 HTTP/1.1" 200 409
124.77.245.38 - - [17/Mar/2023:09:25:29 +0800] "GET /xingrg/check_reg.html?_=1679016347679 HTTP/1.1" 200 22
101.229.22.234 - - [17/Mar/2023:09:25:30 +0800] "POST /xingrg/kc/buy/cgsh_list_operate.html HTTP/1.1" 200 1875
101.229.22.234 - - [17/Mar/2023:09:25:33 +0800] "GET /xingrg/javascript/easyui/themes/default/images/button_plain_hover.png HTTP/1.1" 304 -
222.70.221.209 - - [17/Mar/2023:09:25:33 +0800] "GET /xingrg/all/function/internal_message.html?_=1679016443278&CODE_STATE=getMsg HTTP/1.1" 200 27
101.229.22.234 - - [17/Mar/2023:09:25:34 +0800] "GET /xingrg/kc/buy/cgsh_order_add.html HTTP/1.1" 200 69079
101.229.22.234 - - [17/Mar/2023:09:25:34 +0800] "GET /xingrg/javascript/jquery_tools/order_manager.js HTTP/1.1" 304 -
101.229.22.234 - - [17/Mar/2023:09:25:34 +0800] "GET /xingrg/javascript/json2.js HTTP/1.1" 304 -
101.229.22.234 - - [17/Mar/2023:09:25:34 +0800] "GET /xingrg/words/20230316230843_words.js HTTP/1.1" 200 955828
101.229.22.234 - - [17/Mar/2023:09:25:34 +0800] "GET /xingrg/javascript/easyui/themes/icons/template_new.png HTTP/1.1" 304 -
101.229.22.234 - - [17/Mar/2023:09:25:34 +0800] "GET /xingrg/javascript/easyui/themes/icons/cancel.png HTTP/1.1" 304 -
101.229.22.234 - - [17/Mar/2023:09:25:34 +0800] "GET /xingrg/javascript/easyui/themes/icons/ok.png HTTP/1.1" 304 -
101.229.22.234 - - [17/Mar/2023:09:25:34 +0800] "GET /xingrg/javascript/easyui/themes/icons/print.png HTTP/1.1" 304 -
101.229.22.234 - - [17/Mar/2023:09:25:34 +0800] "GET /xingrg/javascript/easyui/themes/icons/copy_new.png HTTP/1.1" 304 -
101.229.22.234 - - [17/Mar/2023:09:25:34 +0800] "GET /xingrg/javascript/easyui/themes/default/images/menu_downarrow.png HTTP/1.1" 304 -
101.229.22.234 - - [17/Mar/2023:09:25:34 +0800] "POST /xingrg/kc/buy/cgsh_order_operate.html HTTP/1.1" 200 8245
101.229.22.234 - - [17/Mar/2023:09:25:34 +0800] "GET /xingrg/javascript/easyui/themes/default/validatebox.css HTTP/1.1" 404 1104
101.229.22.234 - - [17/Mar/2023:09:25:34 +0800] "GET /xingrg/javascript/easyui/plugins/jquery.validatebox.js HTTP/1.1" 304 -
101.229.22.234 - - [17/Mar/2023:09:25:34 +0800] "GET /xingrg/all/common/auto_word.html?type=employee&rest_code=00142 HTTP/1.1" 200 105
101.229.22.234 - - [17/Mar/2023:09:25:34 +0800] "GET /xingrg/all/common/auto_word.html?type=employee&rest_code=00142 HTTP/1.1" 200 105
101.229.22.234 - - [17/Mar/2023:09:25:34 +0800] "GET /xingrg/javascript/easyui/themes/icons/edit_remove.png HTTP/1.1" 304 -
101.229.22.234 - - [17/Mar/2023:09:25:34 +0800] "GET /xingrg/javascript/easyui/plugins/jquery.numberbox.js HTTP/1.1" 304 -
222.70.221.209 - - [17/Mar/2023:09:25:35 +0800] "GET /xingrg/kc/buy/cgsh_order_operate.html?command=get_materiel&rest_code=00155&code=00101006055&supplier_code=00100012&order_time=2023-03-17 HTTP/1.1" 200 409
101.229.22.234 - - [17/Mar/2023:09:25:37 +0800] "GET /xingrg/javascript/auto/indicator.gif HTTP/1.1" 404 1066
116.224.106.218 - - [17/Mar/2023:09:25:38 +0800] "GET /xingrg/all/function/internal_message.html?_=1679016337828&CODE_STATE=getMsg HTTP/1.1" 302 -
222.70.221.209 - - [17/Mar/2023:09:25:41 +0800] "GET /xingrg/kc/buy/cgsh_order_operate.html?command=get_materiel&rest_code=00155&code=00101006109&supplier_code=00100012&order_time=2023-03-17 HTTP/1.1" 200 409
101.229.22.234 - - [17/Mar/2023:09:25:41 +0800] "GET /xingrg/javascript/jquery_tools/images/prev.gif HTTP/1.1" 404 1086
101.229.22.234 - - [17/Mar/2023:09:25:41 +0800] "GET /xingrg/javascript/jquery_tools/images/next.gif HTTP/1.1" 404 1086
120.253.135.82 - - [17/Mar/2023:09:25:48 +0800] "POST /xingrg/kc/pszx/mdps_order_operate.html HTTP/1.1" 200 37
120.253.135.82 - - [17/Mar/2023:09:25:48 +0800] "GET /xingrg/all/function/internal_message.html?_=1679016177085&CODE_STATE=getMsg HTTP/1.1" 200 27
222.70.221.209 - - [17/Mar/2023:09:25:50 +0800] "POST /xingrg/kc/buy/cgsh_order_operate.html HTTP/1.1" 200 37
124.77.245.38 - - [17/Mar/2023:09:25:50 +0800] "GET /xingrg/all/function/internal_message.html?_=1679016368565&CODE_STATE=getMsg HTTP/1.1" 200 27
222.70.221.209 - - [17/Mar/2023:09:25:52 +0800] "POST /xingrg/kc/buy/cgsh_order_operate.html HTTP/1.1" 200 5019
101.229.22.234 - - [17/Mar/2023:09:25:52 +0800] "GET /xingrg/kc/buy/cgsh_order_operate.html?command=get_materiel&rest_code=00142&code=00101008108&supplier_code=00100161&order_time=2023-03-17 HTTP/1.1" 200 412
120.253.135.82 - - [17/Mar/2023:09:25:54 +0800] "POST /xingrg/kc/pszx/mdps_order_operate.html HTTP/1.1" 200 12
101.229.22.234 - - [17/Mar/2023:09:25:54 +0800] "GET /xingrg/all/function/internal_message.html?_=1679016354957&CODE_STATE=getMsg HTTP/1.1" 200 27
116.225.84.253 - - [17/Mar/2023:09:25:57 +0800] "POST /xingrg/kc/buy/cgsh_order_operate.html HTTP/1.1" 200 37
222.70.221.209 - - [17/Mar/2023:09:25:57 +0800] "GET /xingrg/kc/print/load_data.html?order_code=212023031706064&kc_code=cgsh&condition= HTTP/1.1" 200 1666
116.225.84.253 - - [17/Mar/2023:09:25:57 +0800] "GET /xingrg/all/function/internal_message.html?_=1679016201575&CODE_STATE=getMsg HTTP/1.1" 200 27
116.238.139.35 - - [17/Mar/2023:09:25:58 +0800] "GET /xingrg/kc/buy/cgsh_order_operate.html?command=get_materiel&rest_code=00151&code=00101008085&supplier_code=00100008&order_time=2023-03-17 HTTP/1.1" 200 412
222.70.221.209 - - [17/Mar/2023:09:26:01 +0800] "GET /xingrg/kc/print/load_data.html?order_code=212023031706064&kc_code=cgsh HTTP/1.1" 200 1666
116.238.139.35 - - [17/Mar/2023:09:26:07 +0800] "GET /xingrg/all/function/internal_message.html?_=1679016368363&CODE_STATE=getMsg HTTP/1.1" 200 27
222.70.182.154 - - [17/Mar/2023:09:26:09 +0800] "GET /xingrg/all/function/internal_message.html?_=1679016367048&CODE_STATE=getMsg HTTP/1.1" 200 27
116.238.139.35 - - [17/Mar/2023:09:26:09 +0800] "POST /xingrg/kc/buy/cgsh_order_operate.html HTTP/1.1" 200 37
116.225.84.253 - - [17/Mar/2023:09:26:09 +0800] "POST /xingrg/kc/buy/cgsh_order_operate.html HTTP/1.1" 200 48771
117.143.46.121 - - [17/Mar/2023:09:26:09 +0800] "GET /xingrg/all/function/internal_message.html?_=1679016369379&CODE_STATE=getMsg HTTP/1.1" 200 27
116.225.84.253 - - [17/Mar/2023:09:26:11 +0800] "GET /xingrg/all/function/internal_message.html?_=1679016370150&CODE_STATE=getMsg HTTP/1.1" 200 27
114.83.222.182 - - [17/Mar/2023:09:26:11 +0800] "GET /xingrg/all/function/internal_message.html?_=1679016438309&CODE_STATE=getMsg HTTP/1.1" 200 27
116.238.139.35 - - [17/Mar/2023:09:26:14 +0800] "POST /xingrg/kc/buy/cgsh_order_operate.html HTTP/1.1" 200 18771
120.253.135.82 - - [17/Mar/2023:09:26:14 +0800] "GET /xingrg/kc/pszx/mdps_order_info.html?code=312023031700403 HTTP/1.1" 200 19636
120.253.135.82 - - [17/Mar/2023:09:26:15 +0800] "GET /xingrg/javascript/easyui/themes/default/validatebox.css HTTP/1.1" 404 1104
120.253.135.82 - - [17/Mar/2023:09:26:15 +0800] "POST /xingrg/kc/pszx/mdps_order_operate.html HTTP/1.1" 200 1493
120.253.135.82 - - [17/Mar/2023:09:26:17 +0800] "POST /xingrg/kc/pszx/mdps_list_operate.html HTTP/1.1" 200 868
120.253.135.82 - - [17/Mar/2023:09:26:19 +0800] "GET /xingrg/kc/pszx/mdqp_order_list.html?state=10 HTTP/1.1" 200 10275
120.253.135.82 - - [17/Mar/2023:09:26:19 +0800] "GET /xingrg/dwr/interface/AjaxQqpsService.js HTTP/1.1" 200 16326
120.253.135.82 - - [17/Mar/2023:09:26:19 +0800] "GET /xingrg/dwr/interface/AjaxReportQueryService.js HTTP/1.1" 200 13203
120.253.135.82 - - [17/Mar/2023:09:26:19 +0800] "GET /xingrg/dwr/engine.js HTTP/1.1" 200 43631
116.237.74.250 - - [17/Mar/2023:09:26:19 +0800] "POST /xingrg/kc/buy/cgsh_order_operate.html HTTP/1.1" 200 37
116.237.74.250 - - [17/Mar/2023:09:26:21 +0800] "POST /xingrg/kc/buy/cgsh_order_operate.html HTTP/1.1" 200 32805
101.229.22.234 - - [17/Mar/2023:09:26:22 +0800] "GET /xingrg/kc/buy/cgsh_order_operate.html?command=get_materiel&rest_code=00142&code=00101008368&supplier_code=00100161&order_time=2023-03-17 HTTP/1.1" 200 408
116.237.74.250 - - [17/Mar/2023:09:26:22 +0800] "GET /xingrg/kc/buy/cgsh_order_add.html HTTP/1.1" 200 69961
116.237.74.250 - - [17/Mar/2023:09:26:24 +0800] "GET /xingrg/javascript/easyui/themes/default/validatebox.css HTTP/1.1" 404 1104
116.237.74.250 - - [17/Mar/2023:09:26:24 +0800] "POST /xingrg/kc/buy/cgsh_order_operate.html HTTP/1.1" 200 8245
116.237.74.250 - - [17/Mar/2023:09:26:24 +0800] "GET /xingrg/javascript/easyui/themes/default/tree.css HTTP/1.1" 404 1090
116.237.74.250 - - [17/Mar/2023:09:26:25 +0800] "POST /xingrg/all/common/load_tree.html?tree=supplier_tree_json&isDelete=1 HTTP/1.1" 200 71093
116.237.74.250 - - [17/Mar/2023:09:26:28 +0800] "GET /xingrg/all/function/internal_message.html?_=1679016386305&CODE_STATE=getMsg HTTP/1.1" 200 27
222.70.221.209 - - [17/Mar/2023:09:26:33 +0800] "GET /xingrg/all/function/internal_message.html?_=1679016503280&CODE_STATE=getMsg HTTP/1.1" 200 27
101.229.22.234 - - [17/Mar/2023:09:26:36 +0800] "GET /xingrg/kc/buy/cgsh_order_operate.html?command=get_materiel&rest_code=00142&code=00101008268&supplier_code=00100161&order_time=2023-03-17 HTTP/1.1" 200 408
116.237.74.250 - - [17/Mar/2023:09:26:37 +0800] "GET /xingrg/kc/buy/cgsh_order_operate.html?command=get_materiel&rest_code=00106&code=00101008146&supplier_code=00100009&order_time=2023-03-17 HTTP/1.1" 200 416
116.224.106.218 - - [17/Mar/2023:09:26:38 +0800] "GET /xingrg/check_reg.html?_=1679016397827 HTTP/1.1" 302 -
116.224.106.218 - - [17/Mar/2023:09:26:38 +0800] "GET /xingrg/all/function/internal_message.html?_=1679016397830&CODE_STATE=getMsg HTTP/1.1" 302 -
116.237.74.250 - - [17/Mar/2023:09:26:44 +0800] "GET /xingrg/kc/buy/cgsh_order_operate.html?command=get_materiel&rest_code=00106&code=00101008147&supplier_code=00100009&order_time=2023-03-17 HTTP/1.1" 200 416
120.253.135.82 - - [17/Mar/2023:09:26:48 +0800] "GET /xingrg/all/function/internal_message.html?_=1679016237140&CODE_STATE=getMsg HTTP/1.1" 200 27
124.77.245.38 - - [17/Mar/2023:09:26:50 +0800] "GET /xingrg/all/function/internal_message.html?_=1679016428580&CODE_STATE=getMsg HTTP/1.1" 200 27
116.237.74.250 - - [17/Mar/2023:09:26:51 +0800] "GET /xingrg/kc/buy/cgsh_order_operate.html?command=get_materiel&rest_code=00106&code=00101008530&supplier_code=00100009&order_time=2023-03-17 HTTP/1.1" 200 436
101.229.22.234 - - [17/Mar/2023:09:26:54 +0800] "GET /xingrg/all/function/internal_message.html?_=1679016414959&CODE_STATE=getMsg HTTP/1.1" 200 27
101.229.22.234 - - [17/Mar/2023:09:26:54 +0800] "GET /xingrg/check_reg.html?_=1679016414962 HTTP/1.1" 200 22
116.225.84.253 - - [17/Mar/2023:09:26:57 +0800] "GET /xingrg/all/function/internal_message.html?_=1679016261574&CODE_STATE=getMsg HTTP/1.1" 200 27
116.225.84.253 - - [17/Mar/2023:09:26:58 +0800] "GET /xingrg/check_reg.html?_=1679016261577 HTTP/1.1" 200 22
116.237.74.250 - - [17/Mar/2023:09:27:01 +0800] "POST /xingrg/kc/buy/cgsh_order_operate.html HTTP/1.1" 200 37
101.229.22.234 - - [17/Mar/2023:09:27:01 +0800] "GET /xingrg/kc/buy/cgsh_order_operate.html?command=get_materiel&rest_code=00142&code=00101008059&supplier_code=00100161&order_time=2023-03-17 HTTP/1.1" 200 408
222.70.182.154 - - [17/Mar/2023:09:27:02 +0800] "GET /xingrg/check_reg.html?_=1679016725649 HTTP/1.1" 200 22
116.237.74.250 - - [17/Mar/2023:09:27:03 +0800] "POST /xingrg/kc/buy/cgsh_order_operate.html HTTP/1.1" 200 3864
116.238.139.35 - - [17/Mar/2023:09:27:07 +0800] "GET /xingrg/all/function/internal_message.html?_=1679016428354&CODE_STATE=getMsg HTTP/1.1" 200 27
116.238.139.35 - - [17/Mar/2023:09:27:08 +0800] "GET /xingrg/check_reg.html?_=1679016357196 HTTP/1.1" 302 -
222.70.182.154 - - [17/Mar/2023:09:27:09 +0800] "GET /xingrg/all/function/internal_message.html?_=1679016427029&CODE_STATE=getMsg HTTP/1.1" 200 27
117.143.46.121 - - [17/Mar/2023:09:27:09 +0800] "GET /xingrg/check_reg.html?_=1679016429392 HTTP/1.1" 200 22
117.143.46.121 - - [17/Mar/2023:09:27:09 +0800] "GET /xingrg/all/function/internal_message.html?_=1679016429399&CODE_STATE=getMsg HTTP/1.1" 200 27
116.225.84.253 - - [17/Mar/2023:09:27:11 +0800] "GET /xingrg/check_reg.html?_=1679016430063 HTTP/1.1" 200 22
116.225.84.253 - - [17/Mar/2023:09:27:11 +0800] "GET /xingrg/all/function/internal_message.html?_=1679016430127&CODE_STATE=getMsg HTTP/1.1" 200 27
114.83.222.182 - - [17/Mar/2023:09:27:11 +0800] "GET /xingrg/check_reg.html?_=1679016498314 HTTP/1.1" 200 22
114.83.222.182 - - [17/Mar/2023:09:27:11 +0800] "GET /xingrg/all/function/internal_message.html?_=1679016498317&CODE_STATE=getMsg HTTP/1.1" 200 27
116.237.74.250 - - [17/Mar/2023:09:27:11 +0800] "POST /xingrg/kc/buy/cgsh_list_operate.html HTTP/1.1" 200 2305
101.229.22.234 - - [17/Mar/2023:09:27:13 +0800] "GET /xingrg/kc/buy/cgsh_order_operate.html?command=get_materiel&rest_code=00142&code=00101008199&supplier_code=00100161&order_time=2023-03-17 HTTP/1.1" 200 408
101.229.22.234 - - [17/Mar/2023:09:27:27 +0800] "GET /xingrg/kc/buy/cgsh_order_operate.html?command=get_materiel&rest_code=00142&code=00101008361&supplier_code=00100161&order_time=2023-03-17 HTTP/1.1" 200 408
116.237.74.250 - - [17/Mar/2023:09:27:28 +0800] "GET /xingrg/all/function/internal_message.html?_=1679016446335&CODE_STATE=getMsg HTTP/1.1" 200 27
222.70.221.209 - - [17/Mar/2023:09:27:33 +0800] "GET /xingrg/all/function/internal_message.html?_=1679016563274&CODE_STATE=getMsg HTTP/1.1" 200 27
101.229.22.234 - - [17/Mar/2023:09:27:37 +0800] "GET /xingrg/kc/buy/cgsh_order_operate.html?command=get_materiel&rest_code=00142&code=00101008155&supplier_code=00100161&order_time=2023-03-17 HTTP/1.1" 200 408
116.224.106.218 - - [17/Mar/2023:09:27:38 +0800] "GET /xingrg/all/function/internal_message.html?_=1679016457836&CODE_STATE=getMsg HTTP/1.1" 302 -
116.237.74.250 - - [17/Mar/2023:09:27:46 +0800] "GET /xingrg/login.html HTTP/1.1" 200 7641
116.237.74.250 - - [17/Mar/2023:09:27:47 +0800] "GET /favicon.ico HTTP/1.1" 404 -
120.253.135.82 - - [17/Mar/2023:09:27:48 +0800] "GET /xingrg/all/function/internal_message.html?_=1679016297144&CODE_STATE=getMsg HTTP/1.1" 200 27
124.77.245.38 - - [17/Mar/2023:09:27:50 +0800] "GET /xingrg/all/function/internal_message.html?_=1679016488720&CODE_STATE=getMsg HTTP/1.1" 200 27
116.237.74.250 - - [17/Mar/2023:09:27:52 +0800] "POST /xingrg/login.do HTTP/1.1" 302 -
116.237.74.250 - - [17/Mar/2023:09:27:52 +0800] "GET /xingrg/index.html?sysBaseUrl=http%3A%2F%2F180.169.147.146%3A18081%2Fxingrg%2F&costTime=791×tamp=1679016472310 HTTP/1.1" 200 17503
116.237.74.250 - - [17/Mar/2023:09:27:52 +0800] "GET /favicon.ico HTTP/1.1" 404 -
116.237.74.250 - - [17/Mar/2023:09:27:52 +0800] "POST /xingrg/all/common/load_tree.html?tree=area_rest_tree_json&manage=1 HTTP/1.1" 200 3499
116.237.74.250 - - [17/Mar/2023:09:27:52 +0800] "GET /xingrg/check_reg.html?_=1679016476889 HTTP/1.1" 200 22
116.237.74.250 - - [17/Mar/2023:09:27:52 +0800] "GET /xingrg/all/function/internal_message.html?_=1679016476887&CODE_STATE=count HTTP/1.1" 200 11
116.237.74.250 - - [17/Mar/2023:09:27:53 +0800] "POST /xingrg/load_menu.html HTTP/1.1" 200 11443
101.229.22.234 - - [17/Mar/2023:09:27:54 +0800] "GET /xingrg/all/function/internal_message.html?_=1679016474967&CODE_STATE=getMsg HTTP/1.1" 200 27
116.237.74.250 - - [17/Mar/2023:09:27:56 +0800] "POST /xingrg/all/user/operate.html HTTP/1.1" 200 36
116.237.74.250 - - [17/Mar/2023:09:27:56 +0800] "GET /xingrg/index.html?sysBaseUrl=http%3A%2F%2F180.169.147.146%3A18081%2Fxingrg%2F&costTime=791×tamp=1679016472310 HTTP/1.1" 200 17503
116.237.74.250 - - [17/Mar/2023:09:27:57 +0800] "GET /xingrg/javascript/jquery_easy_ui/themes/default/easyui.css HTTP/1.1" 304 -
116.237.74.250 - - [17/Mar/2023:09:27:57 +0800] "GET /xingrg/javascript/jquery_easy_ui/themes/icon.css HTTP/1.1" 304 -
116.237.74.250 - - [17/Mar/2023:09:27:57 +0800] "GET /xingrg/css/form.css HTTP/1.1" 304 -
116.237.74.250 - - [17/Mar/2023:09:27:57 +0800] "GET /xingrg/javascript/jquery-1.4.2.min.js HTTP/1.1" 304 -
116.237.74.250 - - [17/Mar/2023:09:27:57 +0800] "GET /xingrg/javascript/jquery_easy_ui/jquery.easyui.min.js HTTP/1.1" 304 -
116.237.74.250 - - [17/Mar/2023:09:27:57 +0800] "GET /xingrg/javascript/jquery_easy_ui/easyui-lang-zh_CN.js HTTP/1.1" 304 -
116.237.74.250 - - [17/Mar/2023:09:27:57 +0800] "GET /xingrg/javascript/jquery.form.js HTTP/1.1" 304 -
116.237.74.250 - - [17/Mar/2023:09:27:57 +0800] "GET /xingrg/javascript/jquery.utils.js HTTP/1.1" 304 -
116.237.74.250 - - [17/Mar/2023:09:27:57 +0800] "GET /xingrg/javascript/jquery.timers.js HTTP/1.1" 304 -
116.237.74.250 - - [17/Mar/2023:09:27:57 +0800] "GET /xingrg/images/blue/jxLogo.png HTTP/1.1" 304 -
116.237.74.250 - - [17/Mar/2023:09:27:57 +0800] "GET /xingrg/images/blue/navBackgound.jpg HTTP/1.1" 304 -
116.237.74.250 - - [17/Mar/2023:09:27:57 +0800] "GET /xingrg/javascript/jquery_easy_ui/themes/icons/settle_new.png HTTP/1.1" 304 -
116.237.74.250 - - [17/Mar/2023:09:27:57 +0800] "GET /xingrg/all/function/internal_message.html?_=1679016481713&CODE_STATE=count HTTP/1.1" 200 11
116.237.74.250 - - [17/Mar/2023:09:27:57 +0800] "GET /xingrg/check_reg.html?_=1679016481713 HTTP/1.1" 200 22
116.237.74.250 - - [17/Mar/2023:09:27:57 +0800] "GET /xingrg/images/blue/pingpu.png HTTP/1.1" 304 -
116.237.74.250 - - [17/Mar/2023:09:27:57 +0800] "GET /xingrg/javascript/jquery_easy_ui/themes/default/images/tabs_leftarrow.png HTTP/1.1" 304 -
116.237.74.250 - - [17/Mar/2023:09:27:57 +0800] "GET /xingrg/javascript/jquery_easy_ui/themes/default/images/panel_tool_collapse.gif HTTP/1.1" 304 -
116.237.74.250 - - [17/Mar/2023:09:27:57 +0800] "GET /xingrg/javascript/jquery_easy_ui/themes/default/images/panel_tool_expand.gif HTTP/1.1" 304 -
116.237.74.250 - - [17/Mar/2023:09:27:57 +0800] "GET /xingrg/javascript/jquery_easy_ui/themes/default/images/tabs_rightarrow.png HTTP/1.1" 304 -
116.237.74.250 - - [17/Mar/2023:09:27:57 +0800] "POST /xingrg/all/common/load_tree.html?tree=area_rest_tree_json&manage=1 HTTP/1.1" 200 3499
