116.192.124.172 - - [15/Mar/2023:10:37:42 +0800] "GET /xingrg/javascript/easyui/themes/default/tree.css HTTP/1.1" 404 1090
116.192.124.172 - - [15/Mar/2023:10:37:43 +0800] "POST /xingrg/all/common/load_tree.html?tree=supplier_tree_json&isDelete=1 HTTP/1.1" 200 71093
116.225.84.253 - - [15/Mar/2023:10:37:43 +0800] "GET /xingrg/kc/buy/buy_main.html HTTP/1.1" 200 12412
116.225.84.253 - - [15/Mar/2023:10:37:43 +0800] "GET /xingrg/css/new_ie.css HTTP/1.1" 404 1036
124.77.245.38 - - [15/Mar/2023:10:37:43 +0800] "GET /xingrg/kc/buy/cgsh_order_operate.html?command=get_materiel&rest_code=00146&code=00101011013&supplier_code=00100033&order_time=2023-03-15 HTTP/1.1" 200 412
116.225.84.253 - - [15/Mar/2023:10:37:44 +0800] "GET /xingrg/images/yd/bt.gif HTTP/1.1" 404 1040
120.253.135.82 - - [15/Mar/2023:10:37:44 +0800] "GET /xingrg/kc/pszx/mdps_order_list.html?orderType=0 HTTP/1.1" 200 21032
120.253.135.82 - - [15/Mar/2023:10:37:45 +0800] "GET /xingrg/javascript/easyui/themes/icons/uncheck_new.png HTTP/1.1" 200 3197
124.77.245.38 - - [15/Mar/2023:10:37:45 +0800] "GET /xingrg/check_reg.html?_=1678847875301 HTTP/1.1" 200 22
120.253.135.82 - - [15/Mar/2023:10:37:45 +0800] "POST /xingrg/kc/pszx/mdps_list_operate.html HTTP/1.1" 200 5197
116.225.84.253 - - [15/Mar/2023:10:37:45 +0800] "GET /xingrg/kc/buy/cgsh_order_list.html HTTP/1.1" 200 54179
180.169.147.146 - - [15/Mar/2023:10:37:46 +0800] "GET /xingrg/check_reg.html?_=1678847866659 HTTP/1.1" 200 22
180.169.147.146 - - [15/Mar/2023:10:37:46 +0800] "GET /xingrg/all/function/internal_message.html?_=1678847866665&CODE_STATE=getMsg HTTP/1.1" 200 27
124.77.245.38 - - [15/Mar/2023:10:37:47 +0800] "GET /xingrg/all/function/internal_message.html?_=1678847877611&CODE_STATE=getMsg HTTP/1.1" 200 27
116.225.84.253 - - [15/Mar/2023:10:37:47 +0800] "GET /xingrg/all/function/internal_message.html?_=1678847866766&CODE_STATE=getMsg HTTP/1.1" 200 27
116.225.84.253 - - [15/Mar/2023:10:37:48 +0800] "GET /xingrg/all/function/internal_message.html?_=1678847712265&CODE_STATE=getMsg HTTP/1.1" 200 27
120.253.135.82 - - [15/Mar/2023:10:37:51 +0800] "POST /xingrg/kc/pszx/mdps_list_operate.html HTTP/1.1" 200 868
180.169.147.146 - - [15/Mar/2023:10:37:54 +0800] "GET /xingrg/all/function/internal_message.html?_=1678847874371&CODE_STATE=getMsg HTTP/1.1" 200 27
116.225.84.253 - - [15/Mar/2023:10:37:55 +0800] "POST /xingrg/kc/buy/cgsh_list_operate.html HTTP/1.1" 200 3541
124.78.153.221 - - [15/Mar/2023:10:37:56 +0800] "GET /xingrg/kc/buy/cgsh_order_operate.html?command=get_materiel&rest_code=00106&code=00101008223&supplier_code=00100007&order_time=2023-03-15 HTTP/1.1" 200 412
222.67.232.202 - - [15/Mar/2023:10:37:57 +0800] "GET /xingrg/kc/buy/cgsh_order_operate.html?command=get_materiel&rest_code=00141&code=00101008354&supplier_code=00100007&order_time=2023-03-15 HTTP/1.1" 200 412
120.253.135.82 - - [15/Mar/2023:10:37:57 +0800] "GET /xingrg/kc/pszx/mdps_order_list.html?orderType=0 HTTP/1.1" 200 21032
120.253.135.82 - - [15/Mar/2023:10:37:57 +0800] "POST /xingrg/kc/pszx/mdps_list_operate.html HTTP/1.1" 200 5197
124.79.240.233 - - [15/Mar/2023:10:37:58 +0800] "GET /xingrg/all/function/internal_message.html?_=1678847868061&CODE_STATE=getMsg HTTP/1.1" 200 27
124.77.245.38 - - [15/Mar/2023:10:37:59 +0800] "GET /xingrg/kc/buy/cgsh_order_operate.html?command=get_materiel&rest_code=00146&code=00101012051&supplier_code=00100033&order_time=2023-03-15 HTTP/1.1" 200 408
116.192.124.172 - - [15/Mar/2023:10:38:01 +0800] "GET /xingrg/kc/buy/cgsh_order_operate.html?command=get_materiel&rest_code=00102&code=00101002027&supplier_code=00100400&order_time=2023-03-15 HTTP/1.1" 200 413
116.192.124.172 - - [15/Mar/2023:10:38:02 +0800] "GET /xingrg/check_reg.html?_=1678847881728 HTTP/1.1" 200 22
120.253.135.82 - - [15/Mar/2023:10:38:02 +0800] "POST /xingrg/kc/pszx/mdps_list_operate.html HTTP/1.1" 200 2046
180.164.3.199 - - [15/Mar/2023:10:38:02 +0800] "GET /xingrg/all/function/internal_message.html?_=1678847883377&CODE_STATE=getMsg HTTP/1.1" 200 27
120.253.135.82 - - [15/Mar/2023:10:38:03 +0800] "POST /xingrg/kc/pszx/mdps_list_operate.html HTTP/1.1" 200 662
114.83.222.182 - - [15/Mar/2023:10:38:04 +0800] "GET /xingrg/all/function/internal_message.html?_=1678847950295&CODE_STATE=getMsg HTTP/1.1" 200 27
124.78.153.221 - - [15/Mar/2023:10:38:04 +0800] "GET /xingrg/kc/buy/cgsh_order_operate.html?command=get_materiel&rest_code=00106&code=00101008061&supplier_code=00100007&order_time=2023-03-15 HTTP/1.1" 200 423
120.253.135.82 - - [15/Mar/2023:10:38:04 +0800] "POST /xingrg/kc/pszx/mdps_list_operate.html HTTP/1.1" 200 646
124.78.153.221 - - [15/Mar/2023:10:38:05 +0800] "GET /xingrg/all/function/internal_message.html?_=1678847884520&CODE_STATE=getMsg HTTP/1.1" 200 27
120.253.135.82 - - [15/Mar/2023:10:38:06 +0800] "GET /xingrg/kc/pszx/mdps_order_info.html?code=312023031500350 HTTP/1.1" 200 23972
120.253.135.82 - - [15/Mar/2023:10:38:06 +0800] "GET /xingrg/javascript/easyui/themes/default/validatebox.css HTTP/1.1" 404 1104
120.253.135.82 - - [15/Mar/2023:10:38:06 +0800] "POST /xingrg/kc/pszx/mdps_order_operate.html HTTP/1.1" 200 8839
116.238.139.35 - - [15/Mar/2023:10:38:08 +0800] "GET /xingrg/all/function/internal_message.html?_=1678847889217&CODE_STATE=getMsg HTTP/1.1" 200 27
114.83.219.234 - - [15/Mar/2023:10:38:09 +0800] "GET /xingrg/all/function/internal_message.html?_=1678847889395&CODE_STATE=getMsg HTTP/1.1" 200 27
116.192.124.172 - - [15/Mar/2023:10:38:10 +0800] "GET /xingrg/all/function/internal_message.html?_=1678847903239&CODE_STATE=getMsg HTTP/1.1" 200 27
124.77.245.38 - - [15/Mar/2023:10:38:12 +0800] "POST /xingrg/kc/buy/cgsh_order_operate.html HTTP/1.1" 200 37
116.225.84.253 - - [15/Mar/2023:10:38:12 +0800] "POST /xingrg/kc/buy/cgsh_list_operate.html HTTP/1.1" 200 349
116.225.84.253 - - [15/Mar/2023:10:38:14 +0800] "GET /xingrg/kc/buy/cgsh_order_info.html?code=212023031505311 HTTP/1.1" 200 70054
116.192.124.172 - - [15/Mar/2023:10:38:14 +0800] "GET /xingrg/kc/buy/cgsh_order_operate.html?command=get_materiel&rest_code=00102&code=00101002022&supplier_code=00100400&order_time=2023-03-15 HTTP/1.1" 200 409
116.225.84.253 - - [15/Mar/2023:10:38:15 +0800] "GET /xingrg/javascript/easyui/themes/default/validatebox.css HTTP/1.1" 404 1104
116.225.84.253 - - [15/Mar/2023:10:38:15 +0800] "GET /xingrg/all/common/auto_word.html?type=employee&rest_code=00105 HTTP/1.1" 200 193
116.225.84.253 - - [15/Mar/2023:10:38:15 +0800] "GET /xingrg/all/common/auto_word.html?type=employee&rest_code=00105 HTTP/1.1" 200 193
116.225.84.253 - - [15/Mar/2023:10:38:16 +0800] "POST /xingrg/kc/buy/cgsh_order_operate.html HTTP/1.1" 200 3843
222.67.232.202 - - [15/Mar/2023:10:38:16 +0800] "GET /xingrg/all/function/internal_message.html?_=1678847446952&CODE_STATE=getMsg HTTP/1.1" 200 27
124.77.245.38 - - [15/Mar/2023:10:38:16 +0800] "POST /xingrg/kc/buy/cgsh_order_operate.html HTTP/1.1" 200 4418
120.253.135.82 - - [15/Mar/2023:10:38:17 +0800] "GET /xingrg/all/function/internal_message.html?_=1678847725201&CODE_STATE=getMsg HTTP/1.1" 200 27
120.253.135.82 - - [15/Mar/2023:10:38:17 +0800] "GET /xingrg/kc/buy/cgsh_order_list.html HTTP/1.1" 200 54179
124.78.153.221 - - [15/Mar/2023:10:38:20 +0800] "GET /xingrg/kc/buy/cgsh_order_operate.html?command=get_materiel&rest_code=00106&code=00101008150&supplier_code=00100007&order_time=2023-03-15 HTTP/1.1" 200 409
124.77.245.38 - - [15/Mar/2023:10:38:20 +0800] "GET /xingrg/kc/print/load_data.html?order_code=212023031505350&kc_code=cgsh&condition= HTTP/1.1" 200 1381
120.253.135.82 - - [15/Mar/2023:10:38:21 +0800] "POST /xingrg/kc/buy/cgsh_list_operate.html HTTP/1.1" 200 1853
222.70.182.154 - - [15/Mar/2023:10:38:21 +0800] "GET /xingrg/all/function/internal_message.html?_=1678847900223&CODE_STATE=getMsg HTTP/1.1" 200 27
124.77.245.38 - - [15/Mar/2023:10:38:21 +0800] "GET /favicon.ico HTTP/1.1" 404 -
116.192.124.172 - - [15/Mar/2023:10:38:23 +0800] "GET /xingrg/kc/buy/cgsh_order_operate.html?command=get_materiel&rest_code=00102&code=00101010161&supplier_code=00100400&order_time=2023-03-15 HTTP/1.1" 200 409
222.67.232.202 - - [15/Mar/2023:10:38:23 +0800] "GET /xingrg/kc/buy/cgsh_order_operate.html?command=get_materiel&rest_code=00141&code=00101008038&supplier_code=00100007&order_time=2023-03-15 HTTP/1.1" 200 412
120.253.135.82 - - [15/Mar/2023:10:38:24 +0800] "POST /xingrg/kc/buy/cgsh_list_operate.html HTTP/1.1" 200 649
124.78.153.221 - - [15/Mar/2023:10:38:24 +0800] "POST /xingrg/kc/buy/cgsh_order_operate.html HTTP/1.1" 200 2065
120.253.135.82 - - [15/Mar/2023:10:38:25 +0800] "GET /xingrg/kc/buy/cgsh_order_info.html?code=212023031505342 HTTP/1.1" 200 69027
120.253.135.82 - - [15/Mar/2023:10:38:26 +0800] "GET /xingrg/javascript/easyui/themes/default/validatebox.css HTTP/1.1" 404 1104
120.253.135.82 - - [15/Mar/2023:10:38:26 +0800] "POST /xingrg/kc/buy/cgsh_order_operate.html HTTP/1.1" 200 8863
116.225.84.253 - - [15/Mar/2023:10:38:27 +0800] "GET /xingrg/kc/buy/cgsh_order_add.html HTTP/1.1" 200 70043
101.229.22.234 - - [15/Mar/2023:10:38:27 +0800] "GET /xingrg/all/function/internal_message.html?_=1678847907489&CODE_STATE=getMsg HTTP/1.1" 200 27
116.225.84.253 - - [15/Mar/2023:10:38:27 +0800] "POST /xingrg/kc/buy/cgsh_order_operate.html HTTP/1.1" 200 8245
116.225.84.253 - - [15/Mar/2023:10:38:27 +0800] "GET /xingrg/javascript/easyui/themes/default/validatebox.css HTTP/1.1" 404 1104
124.78.153.221 - - [15/Mar/2023:10:38:30 +0800] "GET /xingrg/kc/buy/cgsh_order_operate.html?command=get_materiel&rest_code=00106&code=00101008114&supplier_code=00100007&order_time=2023-03-15 HTTP/1.1" 200 413
116.225.84.253 - - [15/Mar/2023:10:38:33 +0800] "GET /xingrg/javascript/auto/indicator.gif HTTP/1.1" 404 1066
222.70.221.209 - - [15/Mar/2023:10:38:33 +0800] "GET /xingrg/all/function/internal_message.html?_=1678848027677&CODE_STATE=getMsg HTTP/1.1" 200 27
116.224.106.218 - - [15/Mar/2023:10:38:35 +0800] "GET /xingrg/all/function/internal_message.html?_=1678847915625&CODE_STATE=getMsg HTTP/1.1" 200 27
124.77.245.38 - - [15/Mar/2023:10:38:38 +0800] "GET /xingrg/kc/buy/cgsh_order_add.html HTTP/1.1" 200 69961
120.253.135.82 - - [15/Mar/2023:10:38:38 +0800] "GET /xingrg/kc/buy/cgsh_order_operate.html?command=get_materiel&rest_code=00101&code=00102034039&supplier_code=00100145&order_time=2023-03-15 HTTP/1.1" 200 434
124.77.245.38 - - [15/Mar/2023:10:38:38 +0800] "POST /xingrg/kc/buy/cgsh_order_operate.html HTTP/1.1" 200 8245
124.77.245.38 - - [15/Mar/2023:10:38:39 +0800] "GET /xingrg/javascript/easyui/themes/default/validatebox.css HTTP/1.1" 404 1104
222.67.232.202 - - [15/Mar/2023:10:38:39 +0800] "GET /xingrg/kc/buy/cgsh_order_operate.html?command=get_materiel&rest_code=00141&code=00101008355&supplier_code=00100007&order_time=2023-03-15 HTTP/1.1" 200 408
116.224.106.218 - - [15/Mar/2023:10:38:40 +0800] "GET /favicon.ico HTTP/1.1" 404 -
116.224.106.218 - - [15/Mar/2023:10:38:41 +0800] "GET /favicon.ico HTTP/1.1" 404 -
124.78.153.221 - - [15/Mar/2023:10:38:41 +0800] "GET /xingrg/kc/buy/cgsh_order_operate.html?command=get_materiel&rest_code=00106&code=00101009015&supplier_code=00100007&order_time=2023-03-15 HTTP/1.1" 200 416
116.224.106.218 - - [15/Mar/2023:10:38:41 +0800] "GET /favicon.ico HTTP/1.1" 404 -
116.224.106.218 - - [15/Mar/2023:10:38:42 +0800] "GET /favicon.ico HTTP/1.1" 404 -
116.224.106.218 - - [15/Mar/2023:10:38:43 +0800] "GET /favicon.ico HTTP/1.1" 404 -
116.224.106.218 - - [15/Mar/2023:10:38:43 +0800] "GET /favicon.ico HTTP/1.1" 404 -
116.224.106.218 - - [15/Mar/2023:10:38:44 +0800] "GET /favicon.ico HTTP/1.1" 404 -
116.224.106.218 - - [15/Mar/2023:10:38:45 +0800] "GET /favicon.ico HTTP/1.1" 404 -
116.225.84.253 - - [15/Mar/2023:10:38:45 +0800] "GET /xingrg/kc/buy/cgsh_order_operate.html?command=get_materiel&rest_code=00105&code=00101011005&supplier_code=00100052&order_time=2023-03-15 HTTP/1.1" 200 428
116.224.106.218 - - [15/Mar/2023:10:38:45 +0800] "GET /favicon.ico HTTP/1.1" 404 -
180.169.147.146 - - [15/Mar/2023:10:38:46 +0800] "GET /xingrg/all/function/internal_message.html?_=1678847926664&CODE_STATE=getMsg HTTP/1.1" 200 27
124.77.245.38 - - [15/Mar/2023:10:38:47 +0800] "GET /xingrg/all/function/internal_message.html?_=1678847937623&CODE_STATE=getMsg HTTP/1.1" 200 27
116.225.84.253 - - [15/Mar/2023:10:38:47 +0800] "GET /xingrg/all/function/internal_message.html?_=1678847926766&CODE_STATE=getMsg HTTP/1.1" 200 27
222.67.232.202 - - [15/Mar/2023:10:38:48 +0800] "GET /xingrg/kc/buy/cgsh_order_operate.html?command=get_materiel&rest_code=00141&code=00101008264&supplier_code=00100007&order_time=2023-03-15 HTTP/1.1" 200 412
116.225.84.253 - - [15/Mar/2023:10:38:48 +0800] "GET /xingrg/all/function/internal_message.html?_=1678847772258&CODE_STATE=getMsg HTTP/1.1" 200 27
124.78.153.221 - - [15/Mar/2023:10:38:50 +0800] "GET /xingrg/kc/buy/cgsh_order_operate.html?command=get_materiel&rest_code=00106&code=00101009011&supplier_code=00100007&order_time=2023-03-15 HTTP/1.1" 200 416
180.169.147.146 - - [15/Mar/2023:10:38:54 +0800] "GET /xingrg/all/function/internal_message.html?_=1678847934365&CODE_STATE=getMsg HTTP/1.1" 200 27
124.79.240.233 - - [15/Mar/2023:10:38:58 +0800] "GET /xingrg/all/function/internal_message.html?_=1678847928077&CODE_STATE=getMsg HTTP/1.1" 200 27
222.67.232.202 - - [15/Mar/2023:10:39:01 +0800] "GET /xingrg/kc/buy/cgsh_order_operate.html?command=get_materiel&rest_code=00141&code=00101015060&supplier_code=00100007&order_time=2023-03-15 HTTP/1.1" 200 413
124.78.153.221 - - [15/Mar/2023:10:39:02 +0800] "POST /xingrg/kc/buy/cgsh_order_operate.html HTTP/1.1" 200 37
180.164.3.199 - - [15/Mar/2023:10:39:02 +0800] "GET /xingrg/all/function/internal_message.html?_=1678847943350&CODE_STATE=getMsg HTTP/1.1" 200 27
114.83.222.182 - - [15/Mar/2023:10:39:04 +0800] "GET /xingrg/all/function/internal_message.html?_=1678848010283&CODE_STATE=getMsg HTTP/1.1" 200 27
116.225.84.253 - - [15/Mar/2023:10:39:04 +0800] "POST /xingrg/kc/buy/cgsh_order_operate.html HTTP/1.1" 200 37
114.83.219.234 - - [15/Mar/2023:10:39:05 +0800] "GET /xingrg/kc/buy/cgsh_order_add.html HTTP/1.1" 200 70049
114.83.219.234 - - [15/Mar/2023:10:39:06 +0800] "POST /xingrg/kc/buy/cgsh_order_operate.html HTTP/1.1" 200 8245
114.83.219.234 - - [15/Mar/2023:10:39:06 +0800] "GET /xingrg/javascript/easyui/themes/default/validatebox.css HTTP/1.1" 404 1104
116.238.139.35 - - [15/Mar/2023:10:39:08 +0800] "GET /xingrg/all/function/internal_message.html?_=1678847949225&CODE_STATE=getMsg HTTP/1.1" 200 27
116.238.139.35 - - [15/Mar/2023:10:39:08 +0800] "GET /xingrg/check_reg.html?_=1678847949229 HTTP/1.1" 200 22
116.225.84.253 - - [15/Mar/2023:10:39:09 +0800] "POST /xingrg/kc/buy/cgsh_order_operate.html HTTP/1.1" 200 2065
114.83.219.234 - - [15/Mar/2023:10:39:09 +0800] "GET /xingrg/all/function/internal_message.html?_=1678847949408&CODE_STATE=getMsg HTTP/1.1" 200 27
120.253.135.82 - - [15/Mar/2023:10:39:09 +0800] "POST /xingrg/kc/buy/cgsh_order_operate.html HTTP/1.1" 200 37
114.83.219.234 - - [15/Mar/2023:10:39:09 +0800] "GET /xingrg/check_reg.html?_=1678847949414 HTTP/1.1" 200 22
116.192.124.172 - - [15/Mar/2023:10:39:10 +0800] "GET /xingrg/all/function/internal_message.html?_=1678847963236&CODE_STATE=getMsg HTTP/1.1" 200 27
116.225.84.253 - - [15/Mar/2023:10:39:11 +0800] "GET /xingrg/kc/print/load_config.html?kc_code=cgsh HTTP/1.1" 200 1925
116.225.84.253 - - [15/Mar/2023:10:39:11 +0800] "GET /xingrg/kc/print/load_data.html?order_code=212023031505351&kc_code=cgsh&condition= HTTP/1.1" 200 720
120.253.135.82 - - [15/Mar/2023:10:39:12 +0800] "POST /xingrg/kc/buy/cgsh_order_operate.html HTTP/1.1" 200 8873
124.78.153.221 - - [15/Mar/2023:10:39:13 +0800] "GET /xingrg/all/function/internal_message.html?_=1678847952488&CODE_STATE=getMsg HTTP/1.1" 200 27
222.67.232.202 - - [15/Mar/2023:10:39:14 +0800] "GET /xingrg/kc/buy/cgsh_order_operate.html?command=get_materiel&rest_code=00141&code=00101008137&supplier_code=00100007&order_time=2023-03-15 HTTP/1.1" 200 408
124.78.153.221 - - [15/Mar/2023:10:39:14 +0800] "POST /xingrg/kc/buy/cgsh_order_operate.html HTTP/1.1" 200 31115
222.67.232.202 - - [15/Mar/2023:10:39:16 +0800] "GET /xingrg/all/function/internal_message.html?_=1678847506925&CODE_STATE=getMsg HTTP/1.1" 200 27
222.70.182.154 - - [15/Mar/2023:10:39:16 +0800] "POST /xingrg/services/DataTransmitService HTTP/1.1" 200 524
222.70.182.154 - - [15/Mar/2023:10:39:21 +0800] "GET /xingrg/all/function/internal_message.html?_=1678847960223&CODE_STATE=getMsg HTTP/1.1" 200 27
222.67.232.202 - - [15/Mar/2023:10:39:22 +0800] "GET /xingrg/kc/buy/cgsh_order_operate.html?command=get_materiel&rest_code=00141&code=00101008077&supplier_code=00100007&order_time=2023-03-15 HTTP/1.1" 200 416
101.229.22.234 - - [15/Mar/2023:10:39:27 +0800] "GET /xingrg/all/function/internal_message.html?_=1678847967488&CODE_STATE=getMsg HTTP/1.1" 200 27
120.253.135.82 - - [15/Mar/2023:10:39:28 +0800] "GET /xingrg/login.html HTTP/1.1" 200 7641
120.253.135.82 - - [15/Mar/2023:10:39:29 +0800] "GET /xingrg/images/blue/jxLogo.png HTTP/1.1" 304 -
120.253.135.82 - - [15/Mar/2023:10:39:29 +0800] "GET /xingrg/images/blue/login_bg.png HTTP/1.1" 304 -
120.253.135.82 - - [15/Mar/2023:10:39:29 +0800] "GET /xingrg/images/blue/hj.png HTTP/1.1" 304 -
120.253.135.82 - - [15/Mar/2023:10:39:29 +0800] "GET /xingrg/images/blue/srbg.png HTTP/1.1" 304 -
120.253.135.82 - - [15/Mar/2023:10:39:29 +0800] "GET /favicon.ico HTTP/1.1" 404 -
222.67.232.202 - - [15/Mar/2023:10:39:30 +0800] "GET /xingrg/kc/buy/cgsh_order_operate.html?command=get_materiel&rest_code=00141&code=00101008286&supplier_code=00100007&order_time=2023-03-15 HTTP/1.1" 200 408
120.253.135.82 - - [15/Mar/2023:10:39:33 +0800] "POST /xingrg/login.do HTTP/1.1" 302 -
124.78.153.221 - - [15/Mar/2023:10:39:33 +0800] "POST /xingrg/kc/buy/cgsh_order_operate.html HTTP/1.1" 200 37
120.253.135.82 - - [15/Mar/2023:10:39:33 +0800] "GET /xingrg/index.html?sysBaseUrl=http%3A%2F%2F180.169.147.146%3A18081%2Fxingrg%2F&costTime=1521×tamp=1678847973103 HTTP/1.1" 200 17173
120.253.135.82 - - [15/Mar/2023:10:39:33 +0800] "GET /xingrg/javascript/jquery_easy_ui/themes/default/easyui.css HTTP/1.1" 304 -
120.253.135.82 - - [15/Mar/2023:10:39:33 +0800] "GET /xingrg/javascript/jquery_easy_ui/themes/icon.css HTTP/1.1" 304 -
120.253.135.82 - - [15/Mar/2023:10:39:33 +0800] "GET /xingrg/javascript/jquery.form.js HTTP/1.1" 304 -
120.253.135.82 - - [15/Mar/2023:10:39:33 +0800] "GET /xingrg/javascript/jquery.timers.js HTTP/1.1" 304 -
120.253.135.82 - - [15/Mar/2023:10:39:33 +0800] "GET /xingrg/javascript/jquery-1.4.2.min.js HTTP/1.1" 304 -
120.253.135.82 - - [15/Mar/2023:10:39:33 +0800] "GET /xingrg/javascript/jquery.utils.js HTTP/1.1" 304 -
120.253.135.82 - - [15/Mar/2023:10:39:33 +0800] "GET /xingrg/javascript/jquery_easy_ui/jquery.easyui.min.js HTTP/1.1" 304 -
120.253.135.82 - - [15/Mar/2023:10:39:33 +0800] "GET /xingrg/css/form.css HTTP/1.1" 304 -
120.253.135.82 - - [15/Mar/2023:10:39:33 +0800] "GET /xingrg/javascript/jquery_easy_ui/easyui-lang-zh_CN.js HTTP/1.1" 304 -
120.253.135.82 - - [15/Mar/2023:10:39:33 +0800] "GET /xingrg/images/blue/navBackgound.jpg HTTP/1.1" 304 -
120.253.135.82 - - [15/Mar/2023:10:39:33 +0800] "GET /xingrg/javascript/jquery_easy_ui/themes/icons/settle_new.png HTTP/1.1" 304 -
120.253.135.82 - - [15/Mar/2023:10:39:33 +0800] "GET /xingrg/images/blue/pingpu.png HTTP/1.1" 304 -
120.253.135.82 - - [15/Mar/2023:10:39:33 +0800] "GET /xingrg/javascript/jquery_easy_ui/themes/default/images/tabs_leftarrow.png HTTP/1.1" 304 -
120.253.135.82 - - [15/Mar/2023:10:39:33 +0800] "GET /xingrg/javascript/jquery_easy_ui/themes/default/images/tabs_rightarrow.png HTTP/1.1" 304 -
120.253.135.82 - - [15/Mar/2023:10:39:33 +0800] "GET /xingrg/javascript/jquery_easy_ui/themes/default/images/panel_tool_collapse.gif HTTP/1.1" 304 -
120.253.135.82 - - [15/Mar/2023:10:39:33 +0800] "GET /favicon.ico HTTP/1.1" 404 -
120.253.135.82 - - [15/Mar/2023:10:39:33 +0800] "GET /xingrg/all/function/internal_message.html?_=1678847801624&CODE_STATE=count HTTP/1.1" 200 11
120.253.135.82 - - [15/Mar/2023:10:39:33 +0800] "GET /xingrg/check_reg.html?_=1678847801625 HTTP/1.1" 200 22
222.70.221.209 - - [15/Mar/2023:10:39:33 +0800] "GET /xingrg/all/function/internal_message.html?_=1678848087679&CODE_STATE=getMsg HTTP/1.1" 200 27
120.253.135.82 - - [15/Mar/2023:10:39:33 +0800] "POST /xingrg/all/common/load_tree.html?tree=area_rest_tree_json&manage=1 HTTP/1.1" 200 344
120.253.135.82 - - [15/Mar/2023:10:39:33 +0800] "GET /xingrg/javascript/jquery_easy_ui/themes/default/images/tree_arrows.gif HTTP/1.1" 304 -
120.253.135.82 - - [15/Mar/2023:10:39:33 +0800] "POST /xingrg/load_menu.html HTTP/1.1" 200 6743
120.253.135.82 - - [15/Mar/2023:10:39:33 +0800] "GET /xingrg/javascript/jquery_easy_ui/themes/icons/forms_new.png HTTP/1.1" 304 -
120.253.135.82 - - [15/Mar/2023:10:39:33 +0800] "GET /xingrg/javascript/jquery_easy_ui/themes/icons/storage_new.png HTTP/1.1" 304 -
120.253.135.82 - - [15/Mar/2023:10:39:33 +0800] "GET /xingrg/javascript/jquery_easy_ui/themes/icons/search_new.png HTTP/1.1" 304 -
120.253.135.82 - - [15/Mar/2023:10:39:33 +0800] "GET /xingrg/javascript/jquery_easy_ui/themes/default/images/tree_folder.gif HTTP/1.1" 304 -
120.253.135.82 - - [15/Mar/2023:10:39:33 +0800] "GET /xingrg/javascript/jquery_easy_ui/themes/default/images/tree_folder_open.gif HTTP/1.1" 304 -
120.253.135.82 - - [15/Mar/2023:10:39:33 +0800] "GET /xingrg/javascript/jquery_easy_ui/themes/icons/delivery_new.png HTTP/1.1" 304 -
120.253.135.82 - - [15/Mar/2023:10:39:33 +0800] "GET /xingrg/javascript/jquery_easy_ui/themes/default/images/tree_file.gif HTTP/1.1" 304 -
116.224.106.218 - - [15/Mar/2023:10:39:35 +0800] "GET /xingrg/all/function/internal_message.html?_=1678847975610&CODE_STATE=getMsg HTTP/1.1" 200 27
120.253.135.82 - - [15/Mar/2023:10:39:36 +0800] "GET /xingrg/javascript/jquery_easy_ui/themes/default/images/tabs_close.gif HTTP/1.1" 304 -
120.253.135.82 - - [15/Mar/2023:10:39:37 +0800] "GET /xingrg/kc/pszx/mdqp_order_list.html?state=10 HTTP/1.1" 200 10275
120.253.135.82 - - [15/Mar/2023:10:39:37 +0800] "GET /xingrg/dwr/util.js HTTP/1.1" 304 -
120.253.135.82 - - [15/Mar/2023:10:39:37 +0800] "GET /xingrg/css/blue.css HTTP/1.1" 304 -
120.253.135.82 - - [15/Mar/2023:10:39:37 +0800] "GET /xingrg/javascript/pic_change.js HTTP/1.1" 304 -
120.253.135.82 - - [15/Mar/2023:10:39:37 +0800] "GET /xingrg/dwr/interface/AjaxReportQueryService.js HTTP/1.1" 200 13203
120.253.135.82 - - [15/Mar/2023:10:39:37 +0800] "GET /xingrg/javascript/Calendar.js HTTP/1.1" 304 -
120.253.135.82 - - [15/Mar/2023:10:39:37 +0800] "GET /xingrg/dwr/interface/AjaxQqpsService.js HTTP/1.1" 200 16326
120.253.135.82 - - [15/Mar/2023:10:39:37 +0800] "GET /xingrg/dwr/engine.js HTTP/1.1" 200 43631
120.253.135.82 - - [15/Mar/2023:10:39:37 +0800] "GET /xingrg/javascript/myfunction.js HTTP/1.1" 304 -
120.253.135.82 - - [15/Mar/2023:10:39:37 +0800] "GET /xingrg/javascript/jquery_easy_ui/themes/icons/back_new.png HTTP/1.1" 304 -
120.253.135.82 - - [15/Mar/2023:10:39:37 +0800] "GET /xingrg/javascript/jquery_easy_ui/themes/icons/check_new.png HTTP/1.1" 304 -
120.253.135.82 - - [15/Mar/2023:10:39:37 +0800] "GET /xingrg/javascript/jquery_easy_ui/themes/icons/uncheck_new.png HTTP/1.1" 304 -
120.253.135.82 - - [15/Mar/2023:10:39:39 +0800] "GET /xingrg/kc/pszx/mdps_order_list.html?orderType=0 HTTP/1.1" 200 21032
222.67.232.202 - - [15/Mar/2023:10:39:39 +0800] "GET /xingrg/kc/buy/cgsh_order_operate.html?command=get_materiel&rest_code=00141&code=00101008352&supplier_code=00100007&order_time=2023-03-15 HTTP/1.1" 200 412
120.253.135.82 - - [15/Mar/2023:10:39:39 +0800] "GET /xingrg/css/base.css HTTP/1.1" 304 -
120.253.135.82 - - [15/Mar/2023:10:39:39 +0800] "GET /xingrg/javascript/easyui/themes/icon.css HTTP/1.1" 304 -
120.253.135.82 - - [15/Mar/2023:10:39:39 +0800] "GET /xingrg/css/site.css HTTP/1.1" 304 -
120.253.135.82 - - [15/Mar/2023:10:39:39 +0800] "GET /xingrg/javascript/jquery_tools/datebox.css HTTP/1.1" 304 -
120.253.135.82 - - [15/Mar/2023:10:39:39 +0800] "GET /xingrg/javascript/easyui/themes/default/easyui.css HTTP/1.1" 304 -
120.253.135.82 - - [15/Mar/2023:10:39:39 +0800] "GET /xingrg/javascript/auto/jquery.autocomplete.css HTTP/1.1" 304 -
120.253.135.82 - - [15/Mar/2023:10:39:39 +0800] "GET /xingrg/javascript/jquery_tools/fix.css HTTP/1.1" 304 -
120.253.135.82 - - [15/Mar/2023:10:39:39 +0800] "GET /xingrg/javascript/jquery_tools/table.css HTTP/1.1" 304 -
120.253.135.82 - - [15/Mar/2023:10:39:39 +0800] "GET /xingrg/javascript/jquery_tools/jquery.tools.min.js HTTP/1.1" 304 -
120.253.135.82 - - [15/Mar/2023:10:39:39 +0800] "GET /xingrg/javascript/jquery_tools/jquery.tools.hotkey.js HTTP/1.1" 304 -
120.253.135.82 - - [15/Mar/2023:10:39:39 +0800] "GET /xingrg/javascript/easyui/easyloader.js HTTP/1.1" 304 -
120.253.135.82 - - [15/Mar/2023:10:39:39 +0800] "GET /xingrg/javascript/jquery_tools/list_manager.js HTTP/1.1" 304 -
120.253.135.82 - - [15/Mar/2023:10:39:39 +0800] "GET /xingrg/javascript/jquery_tools/jquery.tools.table.js HTTP/1.1" 304 -
120.253.135.82 - - [15/Mar/2023:10:39:39 +0800] "GET /xingrg/javascript/auto/jquery.autocomplete.js HTTP/1.1" 304 -
120.253.135.82 - - [15/Mar/2023:10:39:39 +0800] "GET /xingrg/javascript/jquery.cookie.js HTTP/1.1" 304 -
120.253.135.82 - - [15/Mar/2023:10:39:39 +0800] "GET /xingrg/javascript/jquery_tools/jquery.tools.extend.js HTTP/1.1" 304 -
120.253.135.82 - - [15/Mar/2023:10:39:39 +0800] "GET /xingrg/javascript/print/LodopFuncs.js HTTP/1.1" 304 -
120.253.135.82 - - [15/Mar/2023:10:39:39 +0800] "GET /xingrg/javascript/easyui/themes/icons/edit_add_new.png HTTP/1.1" 304 -
120.253.135.82 - - [15/Mar/2023:10:39:39 +0800] "GET /xingrg/javascript/easyui/themes/icons/cance_new.png HTTP/1.1" 304 -
120.253.135.82 - - [15/Mar/2023:10:39:39 +0800] "GET /xingrg/javascript/easyui/themes/icons/check_new.png HTTP/1.1" 304 -
120.253.135.82 - - [15/Mar/2023:10:39:39 +0800] "GET /xingrg/javascript/easyui/themes/icons/uncheck_new.png HTTP/1.1" 304 -
120.253.135.82 - - [15/Mar/2023:10:39:39 +0800] "GET /xingrg/javascript/easyui/themes/icons/import_new.png HTTP/1.1" 304 -
120.253.135.82 - - [15/Mar/2023:10:39:39 +0800] "GET /xingrg/javascript/easyui/themes/icons/field_new.png HTTP/1.1" 304 -
120.253.135.82 - - [15/Mar/2023:10:39:39 +0800] "GET /xingrg/javascript/easyui/plugins/jquery.parser.js HTTP/1.1" 304 -
120.253.135.82 - - [15/Mar/2023:10:39:40 +0800] "GET /xingrg/images/control/ajaxLoader.gif HTTP/1.1" 304 -
120.253.135.82 - - [15/Mar/2023:10:39:40 +0800] "POST /xingrg/kc/pszx/mdps_list_operate.html HTTP/1.1" 200 5197
124.77.245.38 - - [15/Mar/2023:10:39:40 +0800] "GET /xingrg/kc/buy/cgsh_order_operate.html?command=get_materiel&rest_code=00146&code=00101009050&supplier_code=00100023&order_time=2023-03-15 HTTP/1.1" 200 408
120.253.135.82 - - [15/Mar/2023:10:39:42 +0800] "GET /xingrg/javascript/auto/indicator.gif HTTP/1.1" 404 1066
180.169.147.146 - - [15/Mar/2023:10:39:46 +0800] "GET /xingrg/all/function/internal_message.html?_=1678847986667&CODE_STATE=getMsg HTTP/1.1" 200 27
124.78.153.221 - - [15/Mar/2023:10:39:46 +0800] "POST /xingrg/kc/buy/cgsh_order_operate.html HTTP/1.1" 200 12
124.77.245.38 - - [15/Mar/2023:10:39:47 +0800] "GET /xingrg/all/function/internal_message.html?_=1678847997638&CODE_STATE=getMsg HTTP/1.1" 200 27
116.225.84.253 - - [15/Mar/2023:10:39:47 +0800] "GET /xingrg/check_reg.html?_=1678847986766 HTTP/1.1" 200 22
116.225.84.253 - - [15/Mar/2023:10:39:47 +0800] "GET /xingrg/all/function/internal_message.html?_=1678847986769&CODE_STATE=getMsg HTTP/1.1" 200 27
116.225.84.253 - - [15/Mar/2023:10:39:48 +0800] "GET /xingrg/all/function/internal_message.html?_=1678847832272&CODE_STATE=getMsg HTTP/1.1" 200 27
222.67.232.202 - - [15/Mar/2023:10:39:49 +0800] "GET /xingrg/kc/buy/cgsh_order_operate.html?command=get_materiel&rest_code=00141&code=00101008005&supplier_code=00100007&order_time=2023-03-15 HTTP/1.1" 200 412
124.78.153.221 - - [15/Mar/2023:10:39:49 +0800] "GET /xingrg/kc/buy/cgsh_order_info.html?code=212023031505340 HTTP/1.1" 200 64865
120.253.135.82 - - [15/Mar/2023:10:39:49 +0800] "GET /xingrg/kc/buy/cgsh_order_list.html HTTP/1.1" 200 54179
124.78.153.221 - - [15/Mar/2023:10:39:50 +0800] "GET /favicon.ico HTTP/1.1" 404 -
116.224.106.218 - - [15/Mar/2023:10:39:50 +0800] "GET /xingrg/check_reg.html?_=1678847990337 HTTP/1.1" 200 22
124.78.153.221 - - [15/Mar/2023:10:39:51 +0800] "GET /xingrg/javascript/easyui/themes/default/validatebox.css HTTP/1.1" 404 1104
124.78.153.221 - - [15/Mar/2023:10:39:52 +0800] "POST /xingrg/kc/buy/cgsh_order_operate.html HTTP/1.1" 200 29060
120.253.135.82 - - [15/Mar/2023:10:39:53 +0800] "POST /xingrg/kc/buy/cgsh_list_operate.html HTTP/1.1" 200 1853
124.78.153.221 - - [15/Mar/2023:10:39:53 +0800] "GET /xingrg/kc/print/load_config.html?kc_code=cgsh HTTP/1.1" 200 1925
124.78.153.221 - - [15/Mar/2023:10:39:54 +0800] "GET /xingrg/kc/print/load_data.html?order_code=212023031505340&kc_code=cgsh&condition= HTTP/1.1" 200 11561
180.169.147.146 - - [15/Mar/2023:10:39:54 +0800] "GET /xingrg/all/function/internal_message.html?_=1678847994368&CODE_STATE=getMsg HTTP/1.1" 200 27
120.253.135.82 - - [15/Mar/2023:10:39:56 +0800] "POST /xingrg/kc/buy/cgsh_list_operate.html HTTP/1.1" 200 649
124.79.240.233 - - [15/Mar/2023:10:39:58 +0800] "GET /xingrg/all/function/internal_message.html?_=1678847988077&CODE_STATE=getMsg HTTP/1.1" 200 27
124.79.240.233 - - [15/Mar/2023:10:39:58 +0800] "GET /xingrg/check_reg.html?_=1678847988072 HTTP/1.1" 200 22
120.253.135.82 - - [15/Mar/2023:10:39:58 +0800] "GET /xingrg/kc/buy/cgsh_order_info.html?code=212023031505342 HTTP/1.1" 200 69027
120.253.135.82 - - [15/Mar/2023:10:39:58 +0800] "GET /xingrg/javascript/jquery_tools/order_manager.js HTTP/1.1" 304 -
120.253.135.82 - - [15/Mar/2023:10:39:58 +0800] "GET /xingrg/javascript/convert.js HTTP/1.1" 304 -
120.253.135.82 - - [15/Mar/2023:10:39:58 +0800] "GET /xingrg/javascript/json2.js HTTP/1.1" 304 -
120.253.135.82 - - [15/Mar/2023:10:39:58 +0800] "GET /xingrg/javascript/print/kc_print.js HTTP/1.1" 304 -
120.253.135.82 - - [15/Mar/2023:10:39:59 +0800] "GET /xingrg/words/20230314142943_words.js HTTP/1.1" 304 -
120.253.135.82 - - [15/Mar/2023:10:39:59 +0800] "GET /xingrg/javascript/easyui/themes/icons/template_new.png HTTP/1.1" 304 -
120.253.135.82 - - [15/Mar/2023:10:39:59 +0800] "GET /xingrg/javascript/easyui/themes/icons/copy_new.png HTTP/1.1" 304 -
120.253.135.82 - - [15/Mar/2023:10:39:59 +0800] "GET /xingrg/javascript/easyui/themes/icons/ok.png HTTP/1.1" 304 -
120.253.135.82 - - [15/Mar/2023:10:39:59 +0800] "GET /xingrg/javascript/easyui/themes/icons/print.png HTTP/1.1" 304 -
120.253.135.82 - - [15/Mar/2023:10:39:59 +0800] "GET /xingrg/javascript/easyui/themes/default/images/menu_downarrow.png HTTP/1.1" 304 -
120.253.135.82 - - [15/Mar/2023:10:39:59 +0800] "GET /xingrg/javascript/easyui/themes/icons/cancel.png HTTP/1.1" 304 -
120.253.135.82 - - [15/Mar/2023:10:39:59 +0800] "GET /xingrg/javascript/easyui/themes/default/validatebox.css HTTP/1.1" 404 1104
120.253.135.82 - - [15/Mar/2023:10:39:59 +0800] "GET /xingrg/javascript/easyui/plugins/jquery.validatebox.js HTTP/1.1" 304 -
120.253.135.82 - - [15/Mar/2023:10:39:59 +0800] "GET /xingrg/javascript/easyui/plugins/jquery.numberbox.js HTTP/1.1" 304 -
120.253.135.82 - - [15/Mar/2023:10:39:59 +0800] "GET /xingrg/all/common/auto_word.html?type=employee&rest_code=00101 HTTP/1.1" 200 927
120.253.135.82 - - [15/Mar/2023:10:39:59 +0800] "GET /xingrg/all/common/auto_word.html?type=employee&rest_code=00101 HTTP/1.1" 200 927
222.67.232.202 - - [15/Mar/2023:10:39:59 +0800] "GET /xingrg/kc/buy/cgsh_order_operate.html?command=get_materiel&rest_code=00141&code=00101008271&supplier_code=00100007&order_time=2023-03-15 HTTP/1.1" 200 408
120.253.135.82 - - [15/Mar/2023:10:40:00 +0800] "POST /xingrg/kc/buy/cgsh_order_operate.html HTTP/1.1" 200 8873
120.253.135.82 - - [15/Mar/2023:10:40:00 +0800] "GET /xingrg/javascript/easyui/themes/icons/edit_remove.png HTTP/1.1" 304 -
124.78.153.221 - - [15/Mar/2023:10:40:01 +0800] "GET /xingrg/login.html?r=1 HTTP/1.1" 200 7641
124.78.153.221 - - [15/Mar/2023:10:40:01 +0800] "GET /xingrg/images/blue/jxLogo.png HTTP/1.1" 304 -
124.78.153.221 - - [15/Mar/2023:10:40:01 +0800] "GET /xingrg/images/blue/login_bg.png HTTP/1.1" 304 -
124.78.153.221 - - [15/Mar/2023:10:40:01 +0800] "GET /xingrg/images/blue/srbg.png HTTP/1.1" 304 -
124.78.153.221 - - [15/Mar/2023:10:40:01 +0800] "GET /xingrg/images/blue/hj.png HTTP/1.1" 304 -
124.78.153.221 - - [15/Mar/2023:10:40:01 +0800] "GET /favicon.ico HTTP/1.1" 404 -
120.253.135.82 - - [15/Mar/2023:10:40:01 +0800] "GET /xingrg/javascript/easyui/themes/default/images/button_plain_hover.png HTTP/1.1" 304 -
180.164.3.199 - - [15/Mar/2023:10:40:02 +0800] "GET /xingrg/all/function/internal_message.html?_=1678848003340&CODE_STATE=getMsg HTTP/1.1" 200 27
120.253.135.82 - - [15/Mar/2023:10:40:03 +0800] "GET /xingrg/kc/print/load_config.html?kc_code=cgsh HTTP/1.1" 200 1925
120.253.135.82 - - [15/Mar/2023:10:40:04 +0800] "GET /xingrg/kc/print/load_data.html?order_code=212023031505342&kc_code=cgsh&condition= HTTP/1.1" 200 3300
114.83.222.182 - - [15/Mar/2023:10:40:04 +0800] "GET /xingrg/all/function/internal_message.html?_=1678848070299&CODE_STATE=getMsg HTTP/1.1" 200 27
114.83.222.182 - - [15/Mar/2023:10:40:04 +0800] "GET /xingrg/check_reg.html?_=1678848070301 HTTP/1.1" 200 22
124.78.153.221 - - [15/Mar/2023:10:40:05 +0800] "POST /xingrg/login.do HTTP/1.1" 302 -
124.78.153.221 - - [15/Mar/2023:10:40:05 +0800] "GET /xingrg/index.html?sysBaseUrl=http%3A%2F%2F180.169.147.146%3A18081%2Fxingrg%2F&costTime=1788×tamp=1678848005548 HTTP/1.1" 200 17173
124.78.153.221 - - [15/Mar/2023:10:40:05 +0800] "GET /xingrg/javascript/jquery_easy_ui/themes/default/easyui.css HTTP/1.1" 304 -
124.78.153.221 - - [15/Mar/2023:10:40:05 +0800] "GET /xingrg/javascript/jquery_easy_ui/themes/icon.css HTTP/1.1" 304 -
124.78.153.221 - - [15/Mar/2023:10:40:05 +0800] "GET /xingrg/javascript/jquery-1.4.2.min.js HTTP/1.1" 304 -
124.78.153.221 - - [15/Mar/2023:10:40:05 +0800] "GET /xingrg/css/form.css HTTP/1.1" 304 -
124.78.153.221 - - [15/Mar/2023:10:40:05 +0800] "GET /xingrg/javascript/jquery_easy_ui/easyui-lang-zh_CN.js HTTP/1.1" 304 -
124.78.153.221 - - [15/Mar/2023:10:40:05 +0800] "GET /xingrg/javascript/jquery_easy_ui/jquery.easyui.min.js HTTP/1.1" 304 -
124.78.153.221 - - [15/Mar/2023:10:40:05 +0800] "GET /xingrg/javascript/jquery.form.js HTTP/1.1" 304 -
124.78.153.221 - - [15/Mar/2023:10:40:05 +0800] "GET /xingrg/javascript/jquery.utils.js HTTP/1.1" 304 -
124.78.153.221 - - [15/Mar/2023:10:40:05 +0800] "GET /xingrg/javascript/jquery.timers.js HTTP/1.1" 304 -
124.78.153.221 - - [15/Mar/2023:10:40:05 +0800] "GET /favicon.ico HTTP/1.1" 404 -
124.78.153.221 - - [15/Mar/2023:10:40:05 +0800] "GET /xingrg/javascript/jquery_easy_ui/themes/icons/settle_new.png HTTP/1.1" 304 -
124.78.153.221 - - [15/Mar/2023:10:40:05 +0800] "GET /xingrg/images/blue/navBackgound.jpg HTTP/1.1" 304 -
124.78.153.221 - - [15/Mar/2023:10:40:06 +0800] "GET /xingrg/all/function/internal_message.html?_=1678848006120&CODE_STATE=count HTTP/1.1" 200 11
124.78.153.221 - - [15/Mar/2023:10:40:06 +0800] "GET /xingrg/check_reg.html?_=1678848006121 HTTP/1.1" 200 22
124.78.153.221 - - [15/Mar/2023:10:40:06 +0800] "GET /xingrg/images/blue/pingpu.png HTTP/1.1" 304 -
124.78.153.221 - - [15/Mar/2023:10:40:06 +0800] "GET /xingrg/javascript/jquery_easy_ui/themes/default/images/tabs_leftarrow.png HTTP/1.1" 304 -
124.78.153.221 - - [15/Mar/2023:10:40:06 +0800] "GET /xingrg/javascript/jquery_easy_ui/themes/default/images/tabs_rightarrow.png HTTP/1.1" 304 -
124.78.153.221 - - [15/Mar/2023:10:40:06 +0800] "GET /xingrg/javascript/jquery_easy_ui/themes/default/images/panel_tool_collapse.gif HTTP/1.1" 304 -
124.78.153.221 - - [15/Mar/2023:10:40:06 +0800] "POST /xingrg/all/common/load_tree.html?tree=area_rest_tree_json&manage=1 HTTP/1.1" 200 342
124.78.153.221 - - [15/Mar/2023:10:40:06 +0800] "POST /xingrg/load_menu.html HTTP/1.1" 200 5138
124.78.153.221 - - [15/Mar/2023:10:40:06 +0800] "GET /xingrg/javascript/jquery_easy_ui/themes/default/images/tree_arrows.gif HTTP/1.1" 304 -
124.78.153.221 - - [15/Mar/2023:10:40:06 +0800] "GET /xingrg/javascript/jquery_easy_ui/themes/default/images/tree_folder_open.gif HTTP/1.1" 304 -
124.78.153.221 - - [15/Mar/2023:10:40:06 +0800] "GET /xingrg/javascript/jquery_easy_ui/themes/icons/search_new.png HTTP/1.1" 304 -
124.78.153.221 - - [15/Mar/2023:10:40:06 +0800] "GET /xingrg/javascript/jquery_easy_ui/themes/default/images/tree_folder.gif HTTP/1.1" 304 -
124.78.153.221 - - [15/Mar/2023:10:40:06 +0800] "GET /xingrg/javascript/jquery_easy_ui/themes/icons/storage_new.png HTTP/1.1" 304 -
124.78.153.221 - - [15/Mar/2023:10:40:06 +0800] "GET /xingrg/javascript/jquery_easy_ui/themes/icons/forms_new.png HTTP/1.1" 304 -
124.78.153.221 - - [15/Mar/2023:10:40:06 +0800] "GET /xingrg/javascript/jquery_easy_ui/themes/default/images/tree_file.gif HTTP/1.1" 304 -
222.67.232.202 - - [15/Mar/2023:10:40:07 +0800] "GET /xingrg/kc/buy/cgsh_order_operate.html?command=get_materiel&rest_code=00141&code=00101008353&supplier_code=00100007&order_time=2023-03-15 HTTP/1.1" 200 408
116.238.139.35 - - [15/Mar/2023:10:40:08 +0800] "GET /xingrg/all/function/internal_message.html?_=1678848009229&CODE_STATE=getMsg HTTP/1.1" 200 27
124.78.153.221 - - [15/Mar/2023:10:40:09 +0800] "GET /xingrg/kc/print/load_data.html?order_code=212023031505340&kc_code=cgsh HTTP/1.1" 200 11561
124.78.153.221 - - [15/Mar/2023:10:40:09 +0800] "GET /xingrg/kc/base/base_main.html HTTP/1.1" 200 12142
124.78.153.221 - - [15/Mar/2023:10:40:09 +0800] "GET /xingrg/javascript/jquery_easy_ui/themes/default/images/tabs_close.gif HTTP/1.1" 304 -
124.78.153.221 - - [15/Mar/2023:10:40:09 +0800] "GET /xingrg/javascript/pic_change.js HTTP/1.1" 304 -
124.78.153.221 - - [15/Mar/2023:10:40:09 +0800] "GET /xingrg/css/blue.css HTTP/1.1" 304 -
124.78.153.221 - - [15/Mar/2023:10:40:09 +0800] "GET /xingrg/javascript/myfunction.js HTTP/1.1" 304 -
124.78.153.221 - - [15/Mar/2023:10:40:09 +0800] "GET /xingrg/images/blue/button/ckpd.gif HTTP/1.1" 200 2051
124.78.153.221 - - [15/Mar/2023:10:40:09 +0800] "GET /xingrg/images/blue/button/wlsy.gif HTTP/1.1" 200 2536
124.78.153.221 - - [15/Mar/2023:10:40:09 +0800] "GET /xingrg/images/blue/button/kc.gif HTTP/1.1" 304 -
124.78.153.221 - - [15/Mar/2023:10:40:09 +0800] "GET /xingrg/images/blue/button/ckdb.gif HTTP/1.1" 200 1950
124.78.153.221 - - [15/Mar/2023:10:40:09 +0800] "GET /xingrg/images/blue/button/yddb.gif HTTP/1.1" 200 2040
124.78.153.221 - - [15/Mar/2023:10:40:09 +0800] "GET /xingrg/images/blue/pic_form2.gif HTTP/1.1" 304 -
124.78.153.221 - - [15/Mar/2023:10:40:09 +0800] "GET /xingrg/images/blue/button/top_left.jpg HTTP/1.1" 200 1632
124.78.153.221 - - [15/Mar/2023:10:40:09 +0800] "GET /xingrg/images/blue/bg_dotted.jpg HTTP/1.1" 304 -
124.78.153.221 - - [15/Mar/2023:10:40:09 +0800] "GET /xingrg/images/blue/button/top_right.jpg HTTP/1.1" 200 1708
124.78.153.221 - - [15/Mar/2023:10:40:09 +0800] "GET /xingrg/images/blue/button/down.jpg HTTP/1.1" 200 1560
124.78.153.221 - - [15/Mar/2023:10:40:09 +0800] "GET /xingrg/images/blue/button/right_ah.jpg HTTP/1.1" 304 -
124.78.153.221 - - [15/Mar/2023:10:40:09 +0800] "GET /xingrg/images/blue/button/left_ah.jpg HTTP/1.1" 200 1643
124.78.153.221 - - [15/Mar/2023:10:40:09 +0800] "GET /xingrg/images/blue/button/bottom_left.jpg HTTP/1.1" 200 1524
124.78.153.221 - - [15/Mar/2023:10:40:09 +0800] "GET /xingrg/images/blue/button/bottom_right.jpg HTTP/1.1" 200 1436
114.83.219.234 - - [15/Mar/2023:10:40:09 +0800] "GET /xingrg/all/function/internal_message.html?_=1678848009411&CODE_STATE=getMsg HTTP/1.1" 200 27
116.192.124.172 - - [15/Mar/2023:10:40:10 +0800] "GET /xingrg/all/function/internal_message.html?_=1678848023232&CODE_STATE=getMsg HTTP/1.1" 200 27
124.78.153.221 - - [15/Mar/2023:10:40:10 +0800] "GET /xingrg/kc/base/wldb_order_list.html HTTP/1.1" 200 19098
124.78.153.221 - - [15/Mar/2023:10:40:10 +0800] "GET /xingrg/css/base.css HTTP/1.1" 304 -
124.78.153.221 - - [15/Mar/2023:10:40:10 +0800] "GET /xingrg/css/site.css HTTP/1.1" 304 -
124.78.153.221 - - [15/Mar/2023:10:40:10 +0800] "GET /xingrg/javascript/jquery_tools/datebox.css HTTP/1.1" 304 -
124.78.153.221 - - [15/Mar/2023:10:40:10 +0800] "GET /xingrg/javascript/easyui/themes/default/easyui.css HTTP/1.1" 304 -
124.78.153.221 - - [15/Mar/2023:10:40:10 +0800] "GET /xingrg/javascript/easyui/themes/icon.css HTTP/1.1" 304 -
124.78.153.221 - - [15/Mar/2023:10:40:10 +0800] "GET /xingrg/javascript/auto/jquery.autocomplete.css HTTP/1.1" 304 -
124.78.153.221 - - [15/Mar/2023:10:40:10 +0800] "GET /xingrg/javascript/jquery_tools/fix.css HTTP/1.1" 304 -
124.78.153.221 - - [15/Mar/2023:10:40:10 +0800] "GET /xingrg/javascript/jquery_tools/table.css HTTP/1.1" 304 -
124.78.153.221 - - [15/Mar/2023:10:40:10 +0800] "GET /xingrg/javascript/jquery_tools/jquery.tools.min.js HTTP/1.1" 304 -
124.78.153.221 - - [15/Mar/2023:10:40:11 +0800] "GET /xingrg/javascript/jquery_tools/jquery.tools.extend.js HTTP/1.1" 304 -
124.78.153.221 - - [15/Mar/2023:10:40:11 +0800] "GET /xingrg/javascript/jquery_tools/jquery.tools.hotkey.js HTTP/1.1" 304 -
124.78.153.221 - - [15/Mar/2023:10:40:11 +0800] "GET /xingrg/javascript/jquery_tools/list_manager.js HTTP/1.1" 304 -
124.78.153.221 - - [15/Mar/2023:10:40:11 +0800] "GET /xingrg/javascript/jquery_tools/jquery.tools.table.js HTTP/1.1" 304 -
124.78.153.221 - - [15/Mar/2023:10:40:11 +0800] "GET /xingrg/javascript/auto/jquery.autocomplete.js HTTP/1.1" 304 -
124.78.153.221 - - [15/Mar/2023:10:40:11 +0800] "GET /xingrg/javascript/jquery.cookie.js HTTP/1.1" 304 -
124.78.153.221 - - [15/Mar/2023:10:40:11 +0800] "GET /xingrg/javascript/print/LodopFuncs.js HTTP/1.1" 304 -
124.78.153.221 - - [15/Mar/2023:10:40:11 +0800] "GET /xingrg/javascript/easyui/easyloader.js HTTP/1.1" 304 -
124.78.153.221 - - [15/Mar/2023:10:40:11 +0800] "GET /xingrg/javascript/easyui/themes/icons/edit_add_new.png HTTP/1.1" 304 -
124.78.153.221 - - [15/Mar/2023:10:40:11 +0800] "GET /xingrg/javascript/easyui/themes/icons/field_new.png HTTP/1.1" 304 -
124.78.153.221 - - [15/Mar/2023:10:40:11 +0800] "GET /xingrg/javascript/easyui/themes/icons/import_new.png HTTP/1.1" 304 -
124.78.153.221 - - [15/Mar/2023:10:40:11 +0800] "GET /xingrg/javascript/easyui/themes/icons/check_new.png HTTP/1.1" 304 -
124.78.153.221 - - [15/Mar/2023:10:40:11 +0800] "GET /xingrg/javascript/easyui/themes/icons/cance_new.png HTTP/1.1" 304 -
124.78.153.221 - - [15/Mar/2023:10:40:11 +0800] "GET /xingrg/javascript/easyui/plugins/jquery.parser.js HTTP/1.1" 304 -
124.78.153.221 - - [15/Mar/2023:10:40:11 +0800] "GET /xingrg/images/control/ajaxLoader.gif HTTP/1.1" 304 -
124.78.153.221 - - [15/Mar/2023:10:40:12 +0800] "POST /xingrg/kc/base/wldb_list_operate.html HTTP/1.1" 200 928
124.78.153.221 - - [15/Mar/2023:10:40:12 +0800] "GET /xingrg/javascript/easyui/themes/default/images/button_plain_hover.png HTTP/1.1" 304 -
124.78.153.221 - - [15/Mar/2023:10:40:13 +0800] "GET /xingrg/all/function/internal_message.html?_=1678848012700&CODE_STATE=getMsg HTTP/1.1" 200 27
124.78.153.221 - - [15/Mar/2023:10:40:14 +0800] "GET /xingrg/kc/base/wldb_order_add.html HTTP/1.1" 200 30381
124.78.153.221 - - [15/Mar/2023:10:40:14 +0800] "GET /xingrg/javascript/jquery_tools/order_manager.js HTTP/1.1" 304 -
124.78.153.221 - - [15/Mar/2023:10:40:14 +0800] "GET /xingrg/javascript/convert.js HTTP/1.1" 304 -
124.78.153.221 - - [15/Mar/2023:10:40:14 +0800] "GET /xingrg/javascript/json2.js HTTP/1.1" 304 -
124.78.153.221 - - [15/Mar/2023:10:40:14 +0800] "GET /xingrg/javascript/print/kc_print.js HTTP/1.1" 304 -
124.78.153.221 - - [15/Mar/2023:10:40:14 +0800] "GET /xingrg/words/20230314142943_words.js HTTP/1.1" 200 955196
124.78.153.221 - - [15/Mar/2023:10:40:14 +0800] "GET /xingrg/javascript/easyui/themes/icons/ok.png HTTP/1.1" 200 883
124.78.153.221 - - [15/Mar/2023:10:40:14 +0800] "GET /xingrg/javascript/easyui/themes/icons/template_new.png HTTP/1.1" 200 3956
124.78.153.221 - - [15/Mar/2023:10:40:14 +0800] "GET /xingrg/javascript/easyui/themes/icons/print.png HTTP/1.1" 304 -
124.78.153.221 - - [15/Mar/2023:10:40:14 +0800] "GET /xingrg/javascript/easyui/themes/default/images/menu_downarrow.png HTTP/1.1" 304 -
124.78.153.221 - - [15/Mar/2023:10:40:14 +0800] "GET /xingrg/javascript/easyui/themes/icons/cancel.png HTTP/1.1" 304 -
124.78.153.221 - - [15/Mar/2023:10:40:15 +0800] "POST /xingrg/kc/base/wldb_order_operate.html HTTP/1.1" 200 6806
124.78.153.221 - - [15/Mar/2023:10:40:15 +0800] "GET /xingrg/javascript/easyui/themes/default/validatebox.css HTTP/1.1" 404 1104
124.78.153.221 - - [15/Mar/2023:10:40:15 +0800] "GET /xingrg/javascript/easyui/plugins/jquery.validatebox.js HTTP/1.1" 304 -
124.78.153.221 - - [15/Mar/2023:10:40:15 +0800] "GET /xingrg/javascript/easyui/plugins/jquery.numberbox.js HTTP/1.1" 304 -
124.78.153.221 - - [15/Mar/2023:10:40:15 +0800] "GET /xingrg/all/common/auto_word.html?type=base&rest_code=00106 HTTP/1.1" 200 1799
124.78.153.221 - - [15/Mar/2023:10:40:15 +0800] "GET /xingrg/all/common/auto_word.html?type=base&rest_code=00106 HTTP/1.1" 200 1799
124.78.153.221 - - [15/Mar/2023:10:40:15 +0800] "GET /xingrg/javascript/easyui/themes/icons/edit_remove.png HTTP/1.1" 304 -
222.67.232.202 - - [15/Mar/2023:10:40:16 +0800] "GET /xingrg/all/function/internal_message.html?_=1678847566929&CODE_STATE=getMsg HTTP/1.1" 200 27
124.78.153.221 - - [15/Mar/2023:10:40:16 +0800] "GET /xingrg/css/images/panel_loading.gif HTTP/1.1" 200 1737
124.78.153.221 - - [15/Mar/2023:10:40:16 +0800] "POST /xingrg/all/common/load_combo.html?type=base HTTP/1.1" 200 3227
222.67.232.202 - - [15/Mar/2023:10:40:17 +0800] "GET /xingrg/kc/buy/cgsh_order_operate.html?command=get_materiel&rest_code=00141&code=00101008037&supplier_code=00100007&order_time=2023-03-15 HTTP/1.1" 200 413
124.77.245.38 - - [15/Mar/2023:10:40:18 +0800] "GET /xingrg/kc/buy/cgsh_order_operate.html?command=get_materiel&rest_code=00146&code=00101009011&supplier_code=00100023&order_time=2023-03-15 HTTP/1.1" 200 416
222.70.182.154 - - [15/Mar/2023:10:40:21 +0800] "GET /xingrg/all/function/internal_message.html?_=1678848020222&CODE_STATE=getMsg HTTP/1.1" 200 27
124.78.153.221 - - [15/Mar/2023:10:40:23 +0800] "POST /xingrg/all/common/load_combo.html?type=base HTTP/1.1" 200 3227
101.229.22.234 - - [15/Mar/2023:10:40:27 +0800] "GET /xingrg/all/function/internal_message.html?_=1678848027487&CODE_STATE=getMsg HTTP/1.1" 200 27
222.67.232.202 - - [15/Mar/2023:10:40:28 +0800] "GET /xingrg/kc/buy/cgsh_order_operate.html?command=get_materiel&rest_code=00141&code=00101008134&supplier_code=00100007&order_time=2023-03-15 HTTP/1.1" 200 413
222.70.221.209 - - [15/Mar/2023:10:40:33 +0800] "GET /xingrg/all/function/internal_message.html?_=1678848147674&CODE_STATE=getMsg HTTP/1.1" 200 27
120.253.135.82 - - [15/Mar/2023:10:40:33 +0800] "GET /xingrg/all/function/internal_message.html?_=1678847861640&CODE_STATE=getMsg HTTP/1.1" 200 27
116.224.106.218 - - [15/Mar/2023:10:40:35 +0800] "GET /xingrg/all/function/internal_message.html?_=1678848035580&CODE_STATE=getMsg HTTP/1.1" 200 27
124.77.245.38 - - [15/Mar/2023:10:40:35 +0800] "POST /xingrg/kc/buy/cgsh_order_operate.html HTTP/1.1" 200 37
222.67.232.202 - - [15/Mar/2023:10:40:39 +0800] "GET /xingrg/kc/buy/cgsh_order_operate.html?command=get_materiel&rest_code=00141&code=00101008027&supplier_code=00100007&order_time=2023-03-15 HTTP/1.1" 200 409
222.70.182.154 - - [15/Mar/2023:10:40:39 +0800] "POST /xingrg/services/DataTransmitService HTTP/1.1" 200 501
124.78.153.221 - - [15/Mar/2023:10:40:40 +0800] "GET /xingrg/javascript/auto/indicator.gif HTTP/1.1" 404 1066
124.78.153.221 - - [15/Mar/2023:10:40:45 +0800] "GET /xingrg/kc/base/wldb_order_operate.html?command=get_materiel&rest_code=00106&base_code=0010396&code=00101019400 HTTP/1.1" 200 463
180.169.147.146 - - [15/Mar/2023:10:40:46 +0800] "GET /xingrg/all/function/internal_message.html?_=1678848046648&CODE_STATE=getMsg HTTP/1.1" 200 27
116.192.124.172 - - [15/Mar/2023:10:40:46 +0800] "POST /xingrg/kc/buy/cgsh_order_operate.html HTTP/1.1" 200 37
124.77.245.38 - - [15/Mar/2023:10:40:46 +0800] "POST /xingrg/kc/buy/cgsh_order_operate.html HTTP/1.1" 200 3247
124.77.245.38 - - [15/Mar/2023:10:40:47 +0800] "GET /xingrg/all/function/internal_message.html?_=1678848057667&CODE_STATE=getMsg HTTP/1.1" 200 27
116.225.84.253 - - [15/Mar/2023:10:40:47 +0800] "GET /xingrg/all/function/internal_message.html?_=1678848046768&CODE_STATE=getMsg HTTP/1.1" 200 27
116.225.84.253 - - [15/Mar/2023:10:40:48 +0800] "GET /xingrg/all/function/internal_message.html?_=1678847892262&CODE_STATE=getMsg HTTP/1.1" 200 27
124.77.245.38 - - [15/Mar/2023:10:40:50 +0800] "GET /xingrg/kc/print/load_data.html?order_code=212023031505352&kc_code=cgsh&condition= HTTP/1.1" 200 925
116.192.124.172 - - [15/Mar/2023:10:40:54 +0800] "POST /xingrg/kc/buy/cgsh_order_operate.html HTTP/1.1" 200 12
180.169.147.146 - - [15/Mar/2023:10:40:54 +0800] "GET /xingrg/all/function/internal_message.html?_=1678848054370&CODE_STATE=getMsg HTTP/1.1" 200 27
116.192.124.172 - - [15/Mar/2023:10:40:56 +0800] "GET /xingrg/kc/buy/cgsh_order_info.html?code=212023031505353 HTTP/1.1" 200 64894
116.192.124.172 - - [15/Mar/2023:10:40:56 +0800] "GET /xingrg/javascript/easyui/themes/default/validatebox.css HTTP/1.1" 404 1104
116.192.124.172 - - [15/Mar/2023:10:40:57 +0800] "POST /xingrg/kc/buy/cgsh_order_operate.html HTTP/1.1" 200 1791
124.77.245.38 - - [15/Mar/2023:10:40:58 +0800] "GET /xingrg/kc/buy/cgsh_order_add.html HTTP/1.1" 200 69961
124.79.240.233 - - [15/Mar/2023:10:40:58 +0800] "GET /xingrg/all/function/internal_message.html?_=1678848048068&CODE_STATE=getMsg HTTP/1.1" 200 27
124.77.245.38 - - [15/Mar/2023:10:40:59 +0800] "POST /xingrg/kc/buy/cgsh_order_operate.html HTTP/1.1" 200 8245
124.77.245.38 - - [15/Mar/2023:10:40:59 +0800] "GET /xingrg/javascript/easyui/themes/default/validatebox.css HTTP/1.1" 404 1104
222.67.232.202 - - [15/Mar/2023:10:40:59 +0800] "GET /xingrg/kc/buy/cgsh_order_operate.html?command=get_materiel&rest_code=00141&code=00101008224&supplier_code=00100007&order_time=2023-03-15 HTTP/1.1" 200 416
