116.192.124.172 - - [15/Mar/2023:10:41:00 +0800] "GET /xingrg/kc/print/load_data.html?order_code=212023031505353&kc_code=cgsh&condition= HTTP/1.1" 200 1129
180.164.3.199 - - [15/Mar/2023:10:41:02 +0800] "GET /xingrg/all/function/internal_message.html?_=1678848063322&CODE_STATE=getMsg HTTP/1.1" 200 27
180.164.3.199 - - [15/Mar/2023:10:41:03 +0800] "GET /xingrg/check_reg.html?_=1678848064271 HTTP/1.1" 200 22
114.83.222.182 - - [15/Mar/2023:10:41:04 +0800] "GET /xingrg/all/function/internal_message.html?_=1678848130292&CODE_STATE=getMsg HTTP/1.1" 200 27
124.78.153.221 - - [15/Mar/2023:10:41:04 +0800] "GET /xingrg/kc/base/wldb_order_operate.html?command=get_materiel&rest_code=00106&base_code=0010396&code=00101016029 HTTP/1.1" 200 461
124.78.153.221 - - [15/Mar/2023:10:41:06 +0800] "GET /xingrg/all/function/internal_message.html?_=1678848066127&CODE_STATE=getMsg HTTP/1.1" 200 27
116.238.139.35 - - [15/Mar/2023:10:41:08 +0800] "GET /xingrg/all/function/internal_message.html?_=1678848069232&CODE_STATE=getMsg HTTP/1.1" 200 27
222.67.232.202 - - [15/Mar/2023:10:41:08 +0800] "GET /xingrg/kc/buy/cgsh_order_operate.html?command=get_materiel&rest_code=00141&code=00101008242&supplier_code=00100007&order_time=2023-03-15 HTTP/1.1" 200 408
114.83.219.234 - - [15/Mar/2023:10:41:09 +0800] "GET /xingrg/all/function/internal_message.html?_=1678848069411&CODE_STATE=getMsg HTTP/1.1" 200 27
116.192.124.172 - - [15/Mar/2023:10:41:10 +0800] "GET /xingrg/all/function/internal_message.html?_=1678848083271&CODE_STATE=getMsg HTTP/1.1" 200 27
116.192.124.172 - - [15/Mar/2023:10:41:10 +0800] "GET /xingrg/check_reg.html?_=1678848083275 HTTP/1.1" 200 22
124.79.240.233 - - [15/Mar/2023:10:41:10 +0800] "POST /xingrg/services/DataTransmitService HTTP/1.1" 200 524
222.67.232.202 - - [15/Mar/2023:10:41:12 +0800] "POST /xingrg/kc/buy/cgsh_order_operate.html HTTP/1.1" 200 2065
124.78.153.221 - - [15/Mar/2023:10:41:13 +0800] "GET /xingrg/all/function/internal_message.html?_=1678848072690&CODE_STATE=getMsg HTTP/1.1" 200 27
222.67.232.202 - - [15/Mar/2023:10:41:16 +0800] "GET /xingrg/all/function/internal_message.html?_=1678847626875&CODE_STATE=getMsg HTTP/1.1" 200 27
222.67.232.202 - - [15/Mar/2023:10:41:19 +0800] "GET /xingrg/kc/buy/cgsh_order_operate.html?command=get_materiel&rest_code=00141&code=00101008356&supplier_code=00100007&order_time=2023-03-15 HTTP/1.1" 200 408
124.78.153.221 - - [15/Mar/2023:10:41:22 +0800] "GET /xingrg/kc/base/wldb_order_operate.html?command=get_materiel&rest_code=00106&base_code=0010396&code=00101019133 HTTP/1.1" 200 480
101.229.22.234 - - [15/Mar/2023:10:41:27 +0800] "GET /xingrg/all/function/internal_message.html?_=1678848087486&CODE_STATE=getMsg HTTP/1.1" 200 27
124.77.245.38 - - [15/Mar/2023:10:41:31 +0800] "GET /xingrg/kc/buy/cgsh_order_operate.html?command=get_materiel&rest_code=00146&code=00101001111&supplier_code=00100041&order_time=2023-03-15 HTTP/1.1" 200 409
222.67.232.202 - - [15/Mar/2023:10:41:32 +0800] "GET /xingrg/kc/buy/cgsh_order_operate.html?command=get_materiel&rest_code=00141&code=00101008655&supplier_code=00100007&order_time=2023-03-15 HTTP/1.1" 200 409
222.70.221.209 - - [15/Mar/2023:10:41:33 +0800] "GET /xingrg/all/function/internal_message.html?_=1678848207667&CODE_STATE=getMsg HTTP/1.1" 200 27
222.70.221.209 - - [15/Mar/2023:10:41:33 +0800] "GET /xingrg/check_reg.html?_=1678848207671 HTTP/1.1" 200 22
120.253.135.82 - - [15/Mar/2023:10:41:33 +0800] "GET /xingrg/all/function/internal_message.html?_=1678847921669&CODE_STATE=getMsg HTTP/1.1" 200 27
124.78.153.221 - - [15/Mar/2023:10:41:33 +0800] "GET /xingrg/kc/base/wldb_order_operate.html?command=get_materiel&rest_code=00106&base_code=0010396&code=00101019127 HTTP/1.1" 200 480
116.224.106.218 - - [15/Mar/2023:10:41:35 +0800] "GET /xingrg/all/function/internal_message.html?_=1678848095553&CODE_STATE=getMsg HTTP/1.1" 200 27
116.192.124.172 - - [15/Mar/2023:10:41:39 +0800] "GET /xingrg/kc/base/wldb_order_list.html HTTP/1.1" 200 19098
116.192.124.172 - - [15/Mar/2023:10:41:39 +0800] "POST /xingrg/kc/base/wldb_list_operate.html HTTP/1.1" 200 928
116.192.124.172 - - [15/Mar/2023:10:41:40 +0800] "GET /xingrg/kc/base/wldb_order_add.html HTTP/1.1" 200 30377
116.192.124.172 - - [15/Mar/2023:10:41:40 +0800] "POST /xingrg/kc/base/wldb_order_operate.html HTTP/1.1" 200 6806
116.192.124.172 - - [15/Mar/2023:10:41:40 +0800] "GET /xingrg/javascript/easyui/themes/default/validatebox.css HTTP/1.1" 404 1104
116.192.124.172 - - [15/Mar/2023:10:41:40 +0800] "GET /xingrg/all/common/auto_word.html?type=base&rest_code=00102 HTTP/1.1" 200 1857
116.192.124.172 - - [15/Mar/2023:10:41:40 +0800] "GET /xingrg/all/common/auto_word.html?type=base&rest_code=00102 HTTP/1.1" 200 1857
180.169.147.146 - - [15/Mar/2023:10:41:46 +0800] "GET /xingrg/all/function/internal_message.html?_=1678848106657&CODE_STATE=getMsg HTTP/1.1" 200 27
124.77.245.38 - - [15/Mar/2023:10:41:47 +0800] "GET /xingrg/all/function/internal_message.html?_=1678848117681&CODE_STATE=getMsg HTTP/1.1" 200 27
116.238.139.35 - - [15/Mar/2023:10:41:47 +0800] "GET /xingrg/check_reg.html?_=1678848038003 HTTP/1.1" 302 -
116.225.84.253 - - [15/Mar/2023:10:41:47 +0800] "GET /xingrg/all/function/internal_message.html?_=1678848106768&CODE_STATE=getMsg HTTP/1.1" 200 27
116.225.84.253 - - [15/Mar/2023:10:41:48 +0800] "GET /xingrg/all/function/internal_message.html?_=1678847952263&CODE_STATE=getMsg HTTP/1.1" 200 27
116.225.84.253 - - [15/Mar/2023:10:41:48 +0800] "GET /xingrg/check_reg.html?_=1678847952266 HTTP/1.1" 200 22
222.67.232.202 - - [15/Mar/2023:10:41:50 +0800] "GET /xingrg/kc/buy/cgsh_order_operate.html?command=get_materiel&rest_code=00141&code=00101008274&supplier_code=00100007&order_time=2023-03-15 HTTP/1.1" 200 412
124.77.245.38 - - [15/Mar/2023:10:41:53 +0800] "GET /xingrg/kc/buy/cgsh_order_operate.html?command=get_materiel&rest_code=00146&code=00101001032&supplier_code=00100041&order_time=2023-03-15 HTTP/1.1" 200 413
180.169.147.146 - - [15/Mar/2023:10:41:54 +0800] "GET /xingrg/all/function/internal_message.html?_=1678848114362&CODE_STATE=getMsg HTTP/1.1" 200 27
180.169.147.146 - - [15/Mar/2023:10:41:54 +0800] "GET /xingrg/check_reg.html?_=1678848114365 HTTP/1.1" 200 22
124.78.153.221 - - [15/Mar/2023:10:41:55 +0800] "GET /xingrg/kc/base/wldb_order_operate.html?command=get_materiel&rest_code=00106&base_code=0010396&code=00101019185 HTTP/1.1" 200 469
120.253.135.82 - - [15/Mar/2023:10:41:58 +0800] "POST /xingrg/kc/buy/cgsh_order_operate.html HTTP/1.1" 200 37
124.79.240.233 - - [15/Mar/2023:10:41:58 +0800] "GET /xingrg/all/function/internal_message.html?_=1678848108060&CODE_STATE=getMsg HTTP/1.1" 200 27
124.79.240.233 - - [15/Mar/2023:10:41:59 +0800] "POST /xingrg/services/DataTransmitService HTTP/1.1" 200 501
222.67.232.202 - - [15/Mar/2023:10:42:01 +0800] "GET /xingrg/kc/buy/cgsh_order_operate.html?command=get_materiel&rest_code=00141&code=00101008283&supplier_code=00100007&order_time=2023-03-15 HTTP/1.1" 200 408
180.164.3.199 - - [15/Mar/2023:10:42:02 +0800] "GET /xingrg/all/function/internal_message.html?_=1678848123317&CODE_STATE=getMsg HTTP/1.1" 200 27
114.83.222.182 - - [15/Mar/2023:10:42:04 +0800] "GET /xingrg/all/function/internal_message.html?_=1678848190280&CODE_STATE=getMsg HTTP/1.1" 200 27
222.67.232.202 - - [15/Mar/2023:10:42:04 +0800] "POST /xingrg/kc/buy/cgsh_order_operate.html HTTP/1.1" 200 2065
124.78.153.221 - - [15/Mar/2023:10:42:05 +0800] "GET /xingrg/check_reg.html?_=1678848124519 HTTP/1.1" 200 22
120.253.135.82 - - [15/Mar/2023:10:42:06 +0800] "POST /xingrg/kc/buy/cgsh_order_operate.html HTTP/1.1" 200 12
124.78.153.221 - - [15/Mar/2023:10:42:06 +0800] "GET /xingrg/all/function/internal_message.html?_=1678848126128&CODE_STATE=getMsg HTTP/1.1" 200 27
116.238.139.35 - - [15/Mar/2023:10:42:08 +0800] "GET /xingrg/all/function/internal_message.html?_=1678848129218&CODE_STATE=getMsg HTTP/1.1" 200 27
120.253.135.82 - - [15/Mar/2023:10:42:08 +0800] "GET /xingrg/kc/buy/cgsh_order_info.html?code=212023031505342 HTTP/1.1" 200 63921
120.253.135.82 - - [15/Mar/2023:10:42:08 +0800] "GET /xingrg/javascript/jquery_easy_ui/themes/icons/area.png HTTP/1.1" 304 -
120.253.135.82 - - [15/Mar/2023:10:42:08 +0800] "GET /xingrg/javascript/jquery_easy_ui/themes/icons/manage.png HTTP/1.1" 304 -
124.78.153.221 - - [15/Mar/2023:10:42:08 +0800] "GET /xingrg/kc/base/wldb_order_operate.html?command=get_materiel&rest_code=00106&base_code=0010396&code=00101019492 HTTP/1.1" 200 457
120.253.135.82 - - [15/Mar/2023:10:42:09 +0800] "GET /xingrg/javascript/easyui/themes/default/validatebox.css HTTP/1.1" 404 1104
114.83.219.234 - - [15/Mar/2023:10:42:09 +0800] "GET /xingrg/all/function/internal_message.html?_=1678848129421&CODE_STATE=getMsg HTTP/1.1" 200 27
120.253.135.82 - - [15/Mar/2023:10:42:09 +0800] "POST /xingrg/kc/buy/cgsh_order_operate.html HTTP/1.1" 200 6798
116.192.124.172 - - [15/Mar/2023:10:42:10 +0800] "GET /xingrg/all/function/internal_message.html?_=1678848143267&CODE_STATE=getMsg HTTP/1.1" 200 27
222.67.232.202 - - [15/Mar/2023:10:42:11 +0800] "GET /xingrg/kc/buy/cgsh_order_operate.html?command=get_materiel&rest_code=00141&code=00101008261&supplier_code=00100007&order_time=2023-03-15 HTTP/1.1" 200 408
124.78.153.221 - - [15/Mar/2023:10:42:13 +0800] "GET /xingrg/all/function/internal_message.html?_=1678848132657&CODE_STATE=getMsg HTTP/1.1" 200 27
120.253.135.82 - - [15/Mar/2023:10:42:15 +0800] "GET /xingrg/kc/buy/cgsh_order_info.html?code=212023031505342 HTTP/1.1" 200 63921
120.253.135.82 - - [15/Mar/2023:10:42:15 +0800] "GET /xingrg/javascript/easyui/themes/default/validatebox.css HTTP/1.1" 404 1104
120.253.135.82 - - [15/Mar/2023:10:42:16 +0800] "POST /xingrg/kc/buy/cgsh_order_operate.html HTTP/1.1" 200 6798
222.67.232.202 - - [15/Mar/2023:10:42:16 +0800] "GET /xingrg/all/function/internal_message.html?_=1678847686856&CODE_STATE=getMsg HTTP/1.1" 200 27
222.67.232.202 - - [15/Mar/2023:10:42:16 +0800] "GET /xingrg/check_reg.html?_=1678847687112 HTTP/1.1" 200 22
120.253.135.82 - - [15/Mar/2023:10:42:18 +0800] "GET /xingrg/javascript/jquery_easy_ui/themes/default/images/tabs_active.png HTTP/1.1" 304 -
120.253.135.82 - - [15/Mar/2023:10:42:18 +0800] "POST /xingrg/kc/buy/cgsh_list_operate.html HTTP/1.1" 200 986
222.67.232.202 - - [15/Mar/2023:10:42:20 +0800] "GET /xingrg/kc/buy/cgsh_order_operate.html?command=get_materiel&rest_code=00141&code=00101008331&supplier_code=00100007&order_time=2023-03-15 HTTP/1.1" 200 416
124.78.153.221 - - [15/Mar/2023:10:42:21 +0800] "GET /xingrg/kc/base/wldb_order_operate.html?command=get_materiel&rest_code=00106&base_code=0010396&code=00101019184 HTTP/1.1" 200 458
222.70.221.209 - - [15/Mar/2023:10:42:24 +0800] "GET /favicon.ico HTTP/1.1" 404 -
101.229.22.234 - - [15/Mar/2023:10:42:27 +0800] "GET /xingrg/all/function/internal_message.html?_=1678848147485&CODE_STATE=getMsg HTTP/1.1" 200 27
101.229.22.234 - - [15/Mar/2023:10:42:27 +0800] "GET /xingrg/check_reg.html?_=1678848147486 HTTP/1.1" 200 22
120.253.135.82 - - [15/Mar/2023:10:42:27 +0800] "GET /xingrg/kc/pszx/mdps_order_list.html?orderType=0 HTTP/1.1" 200 21032
120.253.135.82 - - [15/Mar/2023:10:42:28 +0800] "POST /xingrg/kc/pszx/mdps_list_operate.html HTTP/1.1" 200 5197
124.77.245.38 - - [15/Mar/2023:10:42:28 +0800] "GET /xingrg/kc/buy/cgsh_order_operate.html?command=get_materiel&rest_code=00146&code=00101005037&supplier_code=00100041&order_time=2023-03-15 HTTP/1.1" 200 409
120.253.135.82 - - [15/Mar/2023:10:42:32 +0800] "POST /xingrg/kc/pszx/mdps_list_operate.html HTTP/1.1" 200 2046
222.67.232.202 - - [15/Mar/2023:10:42:32 +0800] "GET /xingrg/kc/buy/cgsh_order_operate.html?command=get_materiel&rest_code=00141&code=00101008396&supplier_code=00100007&order_time=2023-03-15 HTTP/1.1" 200 412
222.70.221.209 - - [15/Mar/2023:10:42:33 +0800] "GET /xingrg/all/function/internal_message.html?_=1678848267685&CODE_STATE=getMsg HTTP/1.1" 200 27
120.253.135.82 - - [15/Mar/2023:10:42:33 +0800] "GET /xingrg/all/function/internal_message.html?_=1678847981682&CODE_STATE=getMsg HTTP/1.1" 200 27
120.253.135.82 - - [15/Mar/2023:10:42:33 +0800] "POST /xingrg/kc/pszx/mdps_list_operate.html HTTP/1.1" 200 662
120.253.135.82 - - [15/Mar/2023:10:42:35 +0800] "GET /xingrg/kc/pszx/mdps_order_info.html?code=312023031500349 HTTP/1.1" 200 23972
116.224.106.218 - - [15/Mar/2023:10:42:35 +0800] "GET /xingrg/all/function/internal_message.html?_=1678848155523&CODE_STATE=getMsg HTTP/1.1" 200 27
120.253.135.82 - - [15/Mar/2023:10:42:36 +0800] "GET /xingrg/javascript/easyui/themes/default/validatebox.css HTTP/1.1" 404 1104
120.253.135.82 - - [15/Mar/2023:10:42:36 +0800] "GET /xingrg/all/common/auto_word.html?type=base&rest_code=00101 HTTP/1.1" 200 671
120.253.135.82 - - [15/Mar/2023:10:42:36 +0800] "POST /xingrg/kc/pszx/mdps_order_operate.html HTTP/1.1" 200 13059
222.67.232.202 - - [15/Mar/2023:10:42:40 +0800] "GET /xingrg/kc/buy/cgsh_order_operate.html?command=get_materiel&rest_code=00141&code=00101008141&supplier_code=00100007&order_time=2023-03-15 HTTP/1.1" 200 412
124.77.245.38 - - [15/Mar/2023:10:42:43 +0800] "GET /xingrg/kc/buy/cgsh_order_operate.html?command=get_materiel&rest_code=00146&code=00101018019&supplier_code=00100041&order_time=2023-03-15 HTTP/1.1" 200 421
120.253.135.82 - - [15/Mar/2023:10:42:45 +0800] "POST /xingrg/kc/pszx/mdps_list_operate.html HTTP/1.1" 200 646
124.77.245.38 - - [15/Mar/2023:10:42:45 +0800] "GET /xingrg/check_reg.html?_=1678848175332 HTTP/1.1" 200 22
180.169.147.146 - - [15/Mar/2023:10:42:46 +0800] "GET /xingrg/all/function/internal_message.html?_=1678848166658&CODE_STATE=getMsg HTTP/1.1" 200 27
180.169.147.146 - - [15/Mar/2023:10:42:46 +0800] "GET /xingrg/check_reg.html?_=1678848166664 HTTP/1.1" 200 22
120.253.135.82 - - [15/Mar/2023:10:42:46 +0800] "GET /xingrg/kc/pszx/mdps_order_info.html?code=312023031500350 HTTP/1.1" 200 23972
120.253.135.82 - - [15/Mar/2023:10:42:46 +0800] "GET /xingrg/javascript/easyui/themes/default/validatebox.css HTTP/1.1" 404 1104
120.253.135.82 - - [15/Mar/2023:10:42:47 +0800] "POST /xingrg/kc/pszx/mdps_order_operate.html HTTP/1.1" 200 8840
124.77.245.38 - - [15/Mar/2023:10:42:47 +0800] "GET /xingrg/all/function/internal_message.html?_=1678848177694&CODE_STATE=getMsg HTTP/1.1" 200 27
116.225.84.253 - - [15/Mar/2023:10:42:47 +0800] "GET /xingrg/all/function/internal_message.html?_=1678848166767&CODE_STATE=getMsg HTTP/1.1" 200 27
116.225.84.253 - - [15/Mar/2023:10:42:48 +0800] "GET /xingrg/all/function/internal_message.html?_=1678848012253&CODE_STATE=getMsg HTTP/1.1" 200 27
222.67.232.202 - - [15/Mar/2023:10:42:51 +0800] "GET /xingrg/kc/buy/cgsh_order_operate.html?command=get_materiel&rest_code=00141&code=00101008087&supplier_code=00100007&order_time=2023-03-15 HTTP/1.1" 200 412
180.169.147.146 - - [15/Mar/2023:10:42:54 +0800] "GET /xingrg/all/function/internal_message.html?_=1678848174372&CODE_STATE=getMsg HTTP/1.1" 200 27
124.78.153.221 - - [15/Mar/2023:10:42:55 +0800] "GET /xingrg/kc/base/wldb_order_operate.html?command=get_materiel&rest_code=00106&base_code=0010396&code=00101019359 HTTP/1.1" 200 461
222.67.232.202 - - [15/Mar/2023:10:42:57 +0800] "POST /xingrg/kc/buy/cgsh_order_operate.html HTTP/1.1" 200 2065
124.77.245.38 - - [15/Mar/2023:10:42:58 +0800] "GET /xingrg/kc/buy/cgsh_order_operate.html?command=get_materiel&rest_code=00146&code=00101001075&supplier_code=00100041&order_time=2023-03-15 HTTP/1.1" 200 409
124.79.240.233 - - [15/Mar/2023:10:42:58 +0800] "GET /xingrg/all/function/internal_message.html?_=1678848168081&CODE_STATE=getMsg HTTP/1.1" 200 27
116.192.124.172 - - [15/Mar/2023:10:43:01 +0800] "GET /xingrg/check_reg.html?_=1678848181700 HTTP/1.1" 200 22
180.164.3.199 - - [15/Mar/2023:10:43:02 +0800] "GET /xingrg/all/function/internal_message.html?_=1678848183296&CODE_STATE=getMsg HTTP/1.1" 200 27
114.83.222.182 - - [15/Mar/2023:10:43:04 +0800] "GET /xingrg/all/function/internal_message.html?_=1678848250291&CODE_STATE=getMsg HTTP/1.1" 200 27
120.253.135.82 - - [15/Mar/2023:10:43:04 +0800] "POST /xingrg/kc/pszx/mdps_list_operate.html HTTP/1.1" 200 2046
124.78.153.221 - - [15/Mar/2023:10:43:06 +0800] "GET /xingrg/all/function/internal_message.html?_=1678848186274&CODE_STATE=getMsg HTTP/1.1" 200 27
222.67.232.202 - - [15/Mar/2023:10:43:06 +0800] "GET /xingrg/kc/buy/cgsh_order_operate.html?command=get_materiel&rest_code=00141&code=00101008357&supplier_code=00100007&order_time=2023-03-15 HTTP/1.1" 200 408
116.238.139.35 - - [15/Mar/2023:10:43:08 +0800] "GET /xingrg/all/function/internal_message.html?_=1678848189218&CODE_STATE=getMsg HTTP/1.1" 200 27
114.83.219.234 - - [15/Mar/2023:10:43:09 +0800] "GET /xingrg/all/function/internal_message.html?_=1678848189423&CODE_STATE=getMsg HTTP/1.1" 200 27
116.192.124.172 - - [15/Mar/2023:10:43:10 +0800] "GET /xingrg/all/function/internal_message.html?_=1678848203264&CODE_STATE=getMsg HTTP/1.1" 200 27
116.192.124.172 - - [15/Mar/2023:10:43:14 +0800] "POST /xingrg/all/common/load_combo.html?type=base HTTP/1.1" 200 3321
116.192.124.172 - - [15/Mar/2023:10:43:16 +0800] "POST /xingrg/all/common/load_combo.html?type=base HTTP/1.1" 200 3321
222.67.232.202 - - [15/Mar/2023:10:43:16 +0800] "GET /xingrg/all/function/internal_message.html?_=1678847746826&CODE_STATE=getMsg HTTP/1.1" 200 27
124.77.245.38 - - [15/Mar/2023:10:43:19 +0800] "POST /xingrg/kc/buy/cgsh_order_operate.html HTTP/1.1" 200 37
222.67.232.202 - - [15/Mar/2023:10:43:19 +0800] "GET /xingrg/kc/buy/cgsh_order_operate.html?command=get_materiel&rest_code=00141&code=00101008213&supplier_code=00100007&order_time=2023-03-15 HTTP/1.1" 200 412
116.192.124.172 - - [15/Mar/2023:10:43:20 +0800] "GET /xingrg/javascript/auto/indicator.gif HTTP/1.1" 404 1066
101.229.22.234 - - [15/Mar/2023:10:43:21 +0800] "POST /xingrg/kc/buy/cgsh_list_operate.html HTTP/1.1" 200 1869
124.77.245.38 - - [15/Mar/2023:10:43:21 +0800] "POST /xingrg/kc/buy/cgsh_order_operate.html HTTP/1.1" 200 5022
116.192.124.172 - - [15/Mar/2023:10:43:22 +0800] "GET /xingrg/kc/base/wldb_order_operate.html?command=get_materiel&rest_code=00102&base_code=0010476&code=00101010057 HTTP/1.1" 200 440
124.78.153.221 - - [15/Mar/2023:10:43:22 +0800] "GET /xingrg/kc/base/wldb_order_operate.html?command=get_materiel&rest_code=00106&base_code=0010396&code=00101016094 HTTP/1.1" 200 470
124.78.153.221 - - [15/Mar/2023:10:43:23 +0800] "GET /xingrg/all/function/internal_message.html?_=1678848202339&CODE_STATE=getMsg HTTP/1.1" 200 27
124.77.245.38 - - [15/Mar/2023:10:43:25 +0800] "GET /xingrg/kc/print/load_data.html?order_code=212023031505354&kc_code=cgsh&condition= HTTP/1.1" 200 1592
124.78.153.221 - - [15/Mar/2023:10:43:27 +0800] "GET /xingrg/kc/buy/cgsh_order_add.html HTTP/1.1" 200 69961
101.229.22.234 - - [15/Mar/2023:10:43:27 +0800] "GET /xingrg/all/function/internal_message.html?_=1678848207490&CODE_STATE=getMsg HTTP/1.1" 200 27
124.78.153.221 - - [15/Mar/2023:10:43:27 +0800] "POST /xingrg/kc/buy/cgsh_order_operate.html HTTP/1.1" 200 8245
124.78.153.221 - - [15/Mar/2023:10:43:27 +0800] "GET /xingrg/javascript/easyui/themes/default/validatebox.css HTTP/1.1" 404 1104
124.78.153.221 - - [15/Mar/2023:10:43:28 +0800] "GET /xingrg/javascript/easyui/themes/default/tree.css HTTP/1.1" 404 1090
116.192.124.172 - - [15/Mar/2023:10:43:29 +0800] "GET /xingrg/kc/base/wldb_order_operate.html?command=get_materiel&rest_code=00102&base_code=0010476&code=00101019527 HTTP/1.1" 200 473
124.78.153.221 - - [15/Mar/2023:10:43:29 +0800] "POST /xingrg/all/common/load_tree.html?tree=supplier_tree_json&isDelete=1 HTTP/1.1" 200 71093
222.70.221.209 - - [15/Mar/2023:10:43:33 +0800] "GET /xingrg/all/function/internal_message.html?_=1678848327676&CODE_STATE=getMsg HTTP/1.1" 200 27
120.253.135.82 - - [15/Mar/2023:10:43:33 +0800] "GET /xingrg/all/function/internal_message.html?_=1678848041723&CODE_STATE=getMsg HTTP/1.1" 200 27
116.192.124.172 - - [15/Mar/2023:10:43:35 +0800] "GET /xingrg/kc/base/wldb_order_operate.html?command=get_materiel&rest_code=00102&base_code=0010476&code=00101019184 HTTP/1.1" 200 456
116.224.106.218 - - [15/Mar/2023:10:43:35 +0800] "GET /xingrg/all/function/internal_message.html?_=1678848215513&CODE_STATE=getMsg HTTP/1.1" 200 27
124.78.153.221 - - [15/Mar/2023:10:43:39 +0800] "POST /xingrg/kc/base/wldb_order_operate.html HTTP/1.1" 200 37
124.78.153.221 - - [15/Mar/2023:10:43:39 +0800] "POST /xingrg/kc/base/wldb_order_operate.html HTTP/1.1" 200 6212
124.78.153.221 - - [15/Mar/2023:10:43:40 +0800] "GET /xingrg/kc/base/wldb_order_info.html?code=422023031501202 HTTP/1.1" 200 30395
124.78.153.221 - - [15/Mar/2023:10:43:40 +0800] "GET /xingrg/javascript/easyui/themes/default/validatebox.css HTTP/1.1" 404 1104
124.78.153.221 - - [15/Mar/2023:10:43:41 +0800] "POST /xingrg/kc/base/wldb_order_operate.html HTTP/1.1" 200 6212
116.192.124.172 - - [15/Mar/2023:10:43:41 +0800] "GET /xingrg/kc/base/wldb_order_operate.html?command=get_materiel&rest_code=00102&base_code=0010476&code=00101019187 HTTP/1.1" 200 479
222.67.232.202 - - [15/Mar/2023:10:43:42 +0800] "GET /xingrg/kc/buy/cgsh_order_operate.html?command=get_materiel&rest_code=00141&code=00101008155&supplier_code=00100007&order_time=2023-03-15 HTTP/1.1" 200 408
124.78.153.221 - - [15/Mar/2023:10:43:43 +0800] "GET /xingrg/kc/buy/cgsh_order_operate.html?command=get_materiel&rest_code=00106&code=00101008146&supplier_code=00100009&order_time=2023-03-15 HTTP/1.1" 200 416
124.78.153.221 - - [15/Mar/2023:10:43:45 +0800] "GET /xingrg/kc/base/wldb_order_add.html HTTP/1.1" 200 30381
124.78.153.221 - - [15/Mar/2023:10:43:45 +0800] "POST /xingrg/kc/base/wldb_order_operate.html HTTP/1.1" 200 6806
124.78.153.221 - - [15/Mar/2023:10:43:45 +0800] "GET /xingrg/javascript/easyui/themes/default/validatebox.css HTTP/1.1" 404 1104
180.169.147.146 - - [15/Mar/2023:10:43:46 +0800] "GET /xingrg/all/function/internal_message.html?_=1678848226663&CODE_STATE=getMsg HTTP/1.1" 200 27
124.78.153.221 - - [15/Mar/2023:10:43:46 +0800] "POST /xingrg/all/common/load_combo.html?type=base HTTP/1.1" 200 3227
116.225.84.253 - - [15/Mar/2023:10:43:47 +0800] "GET /xingrg/all/function/internal_message.html?_=1678848226768&CODE_STATE=getMsg HTTP/1.1" 200 27
124.77.245.38 - - [15/Mar/2023:10:43:47 +0800] "GET /xingrg/all/function/internal_message.html?_=1678848237888&CODE_STATE=getMsg HTTP/1.1" 200 27
116.225.84.253 - - [15/Mar/2023:10:43:48 +0800] "GET /xingrg/all/function/internal_message.html?_=1678848072263&CODE_STATE=getMsg HTTP/1.1" 200 27
116.192.124.172 - - [15/Mar/2023:10:43:48 +0800] "GET /xingrg/kc/base/wldb_order_operate.html?command=get_materiel&rest_code=00102&base_code=0010476&code=00101019405 HTTP/1.1" 200 482
124.78.153.221 - - [15/Mar/2023:10:43:50 +0800] "POST /xingrg/all/common/load_combo.html?type=base HTTP/1.1" 200 3227
116.192.124.172 - - [15/Mar/2023:10:43:53 +0800] "GET /xingrg/kc/base/wldb_order_operate.html?command=get_materiel&rest_code=00102&base_code=0010476&code=00101019131 HTTP/1.1" 200 466
180.169.147.146 - - [15/Mar/2023:10:43:54 +0800] "GET /xingrg/all/function/internal_message.html?_=1678848234362&CODE_STATE=getMsg HTTP/1.1" 200 27
124.78.153.221 - - [15/Mar/2023:10:43:55 +0800] "GET /xingrg/kc/buy/cgsh_order_operate.html?command=get_materiel&rest_code=00106&code=00101008147&supplier_code=00100009&order_time=2023-03-15 HTTP/1.1" 200 418
222.67.232.202 - - [15/Mar/2023:10:43:56 +0800] "GET /xingrg/kc/buy/cgsh_order_operate.html?command=get_materiel&rest_code=00141&code=00101008350&supplier_code=00100007&order_time=2023-03-15 HTTP/1.1" 200 408
124.79.240.233 - - [15/Mar/2023:10:43:58 +0800] "GET /xingrg/all/function/internal_message.html?_=1678848228077&CODE_STATE=getMsg HTTP/1.1" 200 27
180.164.3.199 - - [15/Mar/2023:10:44:02 +0800] "GET /xingrg/all/function/internal_message.html?_=1678848243272&CODE_STATE=getMsg HTTP/1.1" 200 27
114.83.222.182 - - [15/Mar/2023:10:44:04 +0800] "GET /xingrg/all/function/internal_message.html?_=1678848310279&CODE_STATE=getMsg HTTP/1.1" 200 27
124.78.153.221 - - [15/Mar/2023:10:44:06 +0800] "GET /xingrg/all/function/internal_message.html?_=1678848246282&CODE_STATE=getMsg HTTP/1.1" 200 27
124.78.153.221 - - [15/Mar/2023:10:44:07 +0800] "POST /xingrg/kc/buy/cgsh_order_operate.html HTTP/1.1" 200 37
222.67.232.202 - - [15/Mar/2023:10:44:07 +0800] "GET /xingrg/kc/buy/cgsh_order_operate.html?command=get_materiel&rest_code=00141&code=00101008119&supplier_code=00100007&order_time=2023-03-15 HTTP/1.1" 200 413
116.238.139.35 - - [15/Mar/2023:10:44:08 +0800] "GET /xingrg/all/function/internal_message.html?_=1678848249225&CODE_STATE=getMsg HTTP/1.1" 200 27
116.238.139.35 - - [15/Mar/2023:10:44:08 +0800] "GET /xingrg/check_reg.html?_=1678848249228 HTTP/1.1" 200 22
114.83.219.234 - - [15/Mar/2023:10:44:09 +0800] "GET /xingrg/all/function/internal_message.html?_=1678848249425&CODE_STATE=getMsg HTTP/1.1" 200 27
114.83.219.234 - - [15/Mar/2023:10:44:09 +0800] "GET /xingrg/check_reg.html?_=1678848249428 HTTP/1.1" 200 22
116.192.124.172 - - [15/Mar/2023:10:44:10 +0800] "GET /xingrg/all/function/internal_message.html?_=1678848263257&CODE_STATE=getMsg HTTP/1.1" 200 27
222.67.232.202 - - [15/Mar/2023:10:44:10 +0800] "POST /xingrg/kc/buy/cgsh_order_operate.html HTTP/1.1" 200 2065
124.78.153.221 - - [15/Mar/2023:10:44:14 +0800] "POST /xingrg/kc/buy/cgsh_order_operate.html HTTP/1.1" 200 12
124.78.153.221 - - [15/Mar/2023:10:44:16 +0800] "GET /xingrg/kc/buy/cgsh_order_info.html?code=212023031505355 HTTP/1.1" 200 64869
222.67.232.202 - - [15/Mar/2023:10:44:16 +0800] "GET /xingrg/all/function/internal_message.html?_=1678847806879&CODE_STATE=getMsg HTTP/1.1" 200 27
124.78.153.221 - - [15/Mar/2023:10:44:16 +0800] "GET /xingrg/javascript/easyui/themes/default/validatebox.css HTTP/1.1" 404 1104
222.67.232.202 - - [15/Mar/2023:10:44:17 +0800] "GET /xingrg/kc/buy/cgsh_order_operate.html?command=get_materiel&rest_code=00141&code=00101008095&supplier_code=00100007&order_time=2023-03-15 HTTP/1.1" 200 412
124.78.153.221 - - [15/Mar/2023:10:44:17 +0800] "POST /xingrg/kc/buy/cgsh_order_operate.html HTTP/1.1" 200 1212
124.78.153.221 - - [15/Mar/2023:10:44:20 +0800] "GET /xingrg/kc/print/load_data.html?order_code=212023031505355&kc_code=cgsh&condition= HTTP/1.1" 200 1014
124.78.153.221 - - [15/Mar/2023:10:44:23 +0800] "GET /xingrg/all/function/internal_message.html?_=1678848262492&CODE_STATE=getMsg HTTP/1.1" 200 27
222.67.232.202 - - [15/Mar/2023:10:44:25 +0800] "GET /xingrg/kc/buy/cgsh_order_operate.html?command=get_materiel&rest_code=00141&code=00101008209&supplier_code=00100007&order_time=2023-03-15 HTTP/1.1" 200 408
101.229.22.234 - - [15/Mar/2023:10:44:27 +0800] "GET /xingrg/all/function/internal_message.html?_=1678848267476&CODE_STATE=getMsg HTTP/1.1" 200 27
124.78.153.221 - - [15/Mar/2023:10:44:32 +0800] "GET /xingrg/kc/base/wldb_order_operate.html?command=get_materiel&rest_code=00106&base_code=0010396&code=00101016044 HTTP/1.1" 200 466
120.253.135.82 - - [15/Mar/2023:10:44:33 +0800] "GET /xingrg/check_reg.html?_=1678848101634 HTTP/1.1" 200 22
222.70.221.209 - - [15/Mar/2023:10:44:33 +0800] "GET /xingrg/all/function/internal_message.html?_=1678848387668&CODE_STATE=getMsg HTTP/1.1" 200 27
120.253.135.82 - - [15/Mar/2023:10:44:33 +0800] "GET /xingrg/all/function/internal_message.html?_=1678848101724&CODE_STATE=getMsg HTTP/1.1" 200 27
116.224.106.218 - - [15/Mar/2023:10:44:35 +0800] "GET /xingrg/all/function/internal_message.html?_=1678848275498&CODE_STATE=getMsg HTTP/1.1" 200 27
222.67.232.202 - - [15/Mar/2023:10:44:38 +0800] "GET /xingrg/kc/buy/cgsh_order_operate.html?command=get_materiel&rest_code=00141&code=00101008172&supplier_code=00100007&order_time=2023-03-15 HTTP/1.1" 200 412
116.192.124.172 - - [15/Mar/2023:10:44:39 +0800] "GET /xingrg/kc/base/wldb_order_operate.html?command=get_materiel&rest_code=00102&base_code=0010476&code=00101019450 HTTP/1.1" 200 482
116.192.124.172 - - [15/Mar/2023:10:44:43 +0800] "GET /xingrg/kc/base/wldb_order_operate.html?command=get_materiel&rest_code=00102&base_code=0010476&code=00101016044 HTTP/1.1" 200 466
180.169.147.146 - - [15/Mar/2023:10:44:46 +0800] "GET /xingrg/all/function/internal_message.html?_=1678848286663&CODE_STATE=getMsg HTTP/1.1" 200 27
222.67.232.202 - - [15/Mar/2023:10:44:47 +0800] "GET /xingrg/kc/buy/cgsh_order_operate.html?command=get_materiel&rest_code=00141&code=00101013175&supplier_code=00100007&order_time=2023-03-15 HTTP/1.1" 200 412
116.192.124.172 - - [15/Mar/2023:10:44:47 +0800] "GET /xingrg/kc/base/wldb_order_operate.html?command=get_materiel&rest_code=00102&base_code=0010476&code=00101019430 HTTP/1.1" 200 478
116.225.84.253 - - [15/Mar/2023:10:44:47 +0800] "GET /xingrg/check_reg.html?_=1678848286768 HTTP/1.1" 200 22
116.225.84.253 - - [15/Mar/2023:10:44:47 +0800] "GET /xingrg/all/function/internal_message.html?_=1678848286769&CODE_STATE=getMsg HTTP/1.1" 200 27
124.77.245.38 - - [15/Mar/2023:10:44:47 +0800] "GET /xingrg/all/function/internal_message.html?_=1678848297893&CODE_STATE=getMsg HTTP/1.1" 200 27
124.78.153.221 - - [15/Mar/2023:10:44:48 +0800] "GET /xingrg/kc/buy/cgsh_order_add.html HTTP/1.1" 200 69961
116.225.84.253 - - [15/Mar/2023:10:44:48 +0800] "GET /xingrg/all/function/internal_message.html?_=1678848132262&CODE_STATE=getMsg HTTP/1.1" 200 27
124.78.153.221 - - [15/Mar/2023:10:44:49 +0800] "POST /xingrg/kc/buy/cgsh_order_operate.html HTTP/1.1" 200 8245
124.78.153.221 - - [15/Mar/2023:10:44:49 +0800] "GET /xingrg/javascript/easyui/themes/default/validatebox.css HTTP/1.1" 404 1104
124.78.153.221 - - [15/Mar/2023:10:44:49 +0800] "GET /xingrg/javascript/easyui/themes/default/tree.css HTTP/1.1" 404 1090
124.78.153.221 - - [15/Mar/2023:10:44:50 +0800] "POST /xingrg/all/common/load_tree.html?tree=supplier_tree_json&isDelete=1 HTTP/1.1" 200 71093
116.224.106.218 - - [15/Mar/2023:10:44:50 +0800] "GET /xingrg/check_reg.html?_=1678848290327 HTTP/1.1" 200 22
124.78.153.221 - - [15/Mar/2023:10:44:53 +0800] "GET /xingrg/kc/base/wldb_order_operate.html?command=get_materiel&rest_code=00106&base_code=0010396&code=00101016001 HTTP/1.1" 200 458
180.169.147.146 - - [15/Mar/2023:10:44:54 +0800] "GET /xingrg/all/function/internal_message.html?_=1678848294365&CODE_STATE=getMsg HTTP/1.1" 200 27
116.192.124.172 - - [15/Mar/2023:10:44:56 +0800] "GET /xingrg/kc/base/wldb_order_operate.html?command=get_materiel&rest_code=00102&base_code=0010476&code=00101019359 HTTP/1.1" 200 462
222.67.232.202 - - [15/Mar/2023:10:44:57 +0800] "GET /xingrg/kc/buy/cgsh_order_operate.html?command=get_materiel&rest_code=00141&code=00101009031&supplier_code=00100007&order_time=2023-03-15 HTTP/1.1" 200 409
124.79.240.233 - - [15/Mar/2023:10:44:58 +0800] "GET /xingrg/check_reg.html?_=1678848288077 HTTP/1.1" 200 22
124.79.240.233 - - [15/Mar/2023:10:44:58 +0800] "GET /xingrg/all/function/internal_message.html?_=1678848288083&CODE_STATE=getMsg HTTP/1.1" 200 27
222.67.232.202 - - [15/Mar/2023:10:45:01 +0800] "POST /xingrg/kc/buy/cgsh_order_operate.html HTTP/1.1" 200 2065
180.164.3.199 - - [15/Mar/2023:10:45:02 +0800] "GET /xingrg/all/function/internal_message.html?_=1678848303244&CODE_STATE=getMsg HTTP/1.1" 200 27
124.78.153.221 - - [15/Mar/2023:10:45:02 +0800] "GET /xingrg/kc/buy/cgsh_order_operate.html?command=get_materiel&rest_code=00106&code=00101006195&supplier_code=00100015&order_time=2023-03-15 HTTP/1.1" 200 411
114.83.222.182 - - [15/Mar/2023:10:45:04 +0800] "GET /xingrg/all/function/internal_message.html?_=1678848370283&CODE_STATE=getMsg HTTP/1.1" 200 27
114.83.222.182 - - [15/Mar/2023:10:45:04 +0800] "GET /xingrg/check_reg.html?_=1678848370287 HTTP/1.1" 200 22
124.78.153.221 - - [15/Mar/2023:10:45:06 +0800] "GET /xingrg/check_reg.html?_=1678848306140 HTTP/1.1" 200 22
124.78.153.221 - - [15/Mar/2023:10:45:06 +0800] "GET /xingrg/all/function/internal_message.html?_=1678848306253&CODE_STATE=getMsg HTTP/1.1" 200 27
116.192.124.172 - - [15/Mar/2023:10:45:08 +0800] "GET /xingrg/kc/base/wldb_order_operate.html?command=get_materiel&rest_code=00102&base_code=0010476&code=00101019134 HTTP/1.1" 200 480
116.238.139.35 - - [15/Mar/2023:10:45:08 +0800] "GET /xingrg/all/function/internal_message.html?_=1678848309229&CODE_STATE=getMsg HTTP/1.1" 200 27
124.78.153.221 - - [15/Mar/2023:10:45:09 +0800] "GET /xingrg/kc/base/wldb_order_operate.html?command=get_materiel&rest_code=00106&base_code=0010396&code=00101016083 HTTP/1.1" 200 448
114.83.219.234 - - [15/Mar/2023:10:45:09 +0800] "GET /xingrg/all/function/internal_message.html?_=1678848309416&CODE_STATE=getMsg HTTP/1.1" 200 27
116.192.124.172 - - [15/Mar/2023:10:45:10 +0800] "GET /xingrg/all/function/internal_message.html?_=1678848323269&CODE_STATE=getMsg HTTP/1.1" 200 27
222.67.232.202 - - [15/Mar/2023:10:45:10 +0800] "GET /xingrg/kc/buy/cgsh_order_operate.html?command=get_materiel&rest_code=00141&code=00101008165&supplier_code=00100007&order_time=2023-03-15 HTTP/1.1" 200 417
222.67.232.202 - - [15/Mar/2023:10:45:16 +0800] "GET /xingrg/all/function/internal_message.html?_=1678847866802&CODE_STATE=getMsg HTTP/1.1" 200 27
116.192.124.172 - - [15/Mar/2023:10:45:18 +0800] "GET /xingrg/kc/base/wldb_order_operate.html?command=get_materiel&rest_code=00102&base_code=0010476&code=00101019238 HTTP/1.1" 200 467
222.67.232.202 - - [15/Mar/2023:10:45:19 +0800] "GET /xingrg/kc/buy/cgsh_order_operate.html?command=get_materiel&rest_code=00141&code=00101009004&supplier_code=00100007&order_time=2023-03-15 HTTP/1.1" 200 409
124.78.153.221 - - [15/Mar/2023:10:45:23 +0800] "GET /xingrg/all/function/internal_message.html?_=1678848322476&CODE_STATE=getMsg HTTP/1.1" 200 27
101.229.22.234 - - [15/Mar/2023:10:45:27 +0800] "GET /xingrg/all/function/internal_message.html?_=1678848327478&CODE_STATE=getMsg HTTP/1.1" 200 27
124.78.153.221 - - [15/Mar/2023:10:45:30 +0800] "GET /xingrg/kc/base/wldb_order_operate.html?command=get_materiel&rest_code=00106&base_code=0010396&code=00101019258 HTTP/1.1" 200 482
222.70.221.209 - - [15/Mar/2023:10:45:33 +0800] "GET /xingrg/all/function/internal_message.html?_=1678848447676&CODE_STATE=getMsg HTTP/1.1" 200 27
120.253.135.82 - - [15/Mar/2023:10:45:33 +0800] "GET /xingrg/all/function/internal_message.html?_=1678848161739&CODE_STATE=getMsg HTTP/1.1" 200 27
222.67.232.202 - - [15/Mar/2023:10:45:34 +0800] "GET /xingrg/kc/buy/cgsh_order_operate.html?command=get_materiel&rest_code=00141&code=00101008036&supplier_code=00100007&order_time=2023-03-15 HTTP/1.1" 200 408
124.78.153.221 - - [15/Mar/2023:10:45:34 +0800] "GET /xingrg/kc/buy/cgsh_order_operate.html?command=get_materiel&rest_code=00106&code=00101006109&supplier_code=00100015&order_time=2023-03-15 HTTP/1.1" 200 411
116.224.106.218 - - [15/Mar/2023:10:45:35 +0800] "GET /xingrg/all/function/internal_message.html?_=1678848335480&CODE_STATE=getMsg HTTP/1.1" 200 27
124.78.153.221 - - [15/Mar/2023:10:45:41 +0800] "POST /xingrg/kc/base/wldb_order_operate.html HTTP/1.1" 200 37
124.78.153.221 - - [15/Mar/2023:10:45:42 +0800] "POST /xingrg/kc/base/wldb_order_operate.html HTTP/1.1" 200 4196
124.78.153.221 - - [15/Mar/2023:10:45:42 +0800] "GET /xingrg/kc/base/wldb_order_info.html?code=422023031501203 HTTP/1.1" 200 30396
124.78.153.221 - - [15/Mar/2023:10:45:43 +0800] "GET /xingrg/javascript/easyui/themes/default/validatebox.css HTTP/1.1" 404 1104
124.78.153.221 - - [15/Mar/2023:10:45:43 +0800] "POST /xingrg/kc/base/wldb_order_operate.html HTTP/1.1" 200 4196
124.78.153.221 - - [15/Mar/2023:10:45:45 +0800] "GET /xingrg/kc/base/wldb_order_add.html HTTP/1.1" 200 30381
180.169.147.146 - - [15/Mar/2023:10:45:46 +0800] "GET /xingrg/all/function/internal_message.html?_=1678848346661&CODE_STATE=getMsg HTTP/1.1" 200 27
124.78.153.221 - - [15/Mar/2023:10:45:46 +0800] "GET /xingrg/javascript/easyui/themes/default/validatebox.css HTTP/1.1" 404 1104
124.78.153.221 - - [15/Mar/2023:10:45:46 +0800] "POST /xingrg/kc/base/wldb_order_operate.html HTTP/1.1" 200 6806
116.225.84.253 - - [15/Mar/2023:10:45:47 +0800] "GET /xingrg/all/function/internal_message.html?_=1678848346768&CODE_STATE=getMsg HTTP/1.1" 200 27
124.78.153.221 - - [15/Mar/2023:10:45:48 +0800] "POST /xingrg/all/common/load_combo.html?type=base HTTP/1.1" 200 3227
124.77.245.38 - - [15/Mar/2023:10:45:48 +0800] "GET /xingrg/all/function/internal_message.html?_=1678848358116&CODE_STATE=getMsg HTTP/1.1" 200 27
116.225.84.253 - - [15/Mar/2023:10:45:48 +0800] "GET /xingrg/all/function/internal_message.html?_=1678848192262&CODE_STATE=getMsg HTTP/1.1" 200 27
116.192.124.172 - - [15/Mar/2023:10:45:50 +0800] "POST /xingrg/kc/base/wldb_order_operate.html HTTP/1.1" 200 37
124.78.153.221 - - [15/Mar/2023:10:45:50 +0800] "GET /xingrg/kc/buy/cgsh_order_operate.html?command=get_materiel&rest_code=00106&code=00101006240&supplier_code=00100015&order_time=2023-03-15 HTTP/1.1" 200 424
124.78.153.221 - - [15/Mar/2023:10:45:51 +0800] "POST /xingrg/all/common/load_combo.html?type=base HTTP/1.1" 200 3227
180.169.147.146 - - [15/Mar/2023:10:45:54 +0800] "GET /xingrg/all/function/internal_message.html?_=1678848354371&CODE_STATE=getMsg HTTP/1.1" 200 27
116.192.124.172 - - [15/Mar/2023:10:45:56 +0800] "POST /xingrg/kc/base/wldb_order_operate.html HTTP/1.1" 200 12
116.192.124.172 - - [15/Mar/2023:10:45:56 +0800] "POST /xingrg/kc/base/wldb_order_operate.html HTTP/1.1" 200 7227
124.79.240.233 - - [15/Mar/2023:10:45:58 +0800] "GET /xingrg/all/function/internal_message.html?_=1678848348081&CODE_STATE=getMsg HTTP/1.1" 200 27
116.192.124.172 - - [15/Mar/2023:10:45:58 +0800] "GET /xingrg/kc/base/wldb_order_info.html?code=422023031501204 HTTP/1.1" 200 26254
116.192.124.172 - - [15/Mar/2023:10:45:59 +0800] "GET /xingrg/javascript/easyui/themes/default/validatebox.css HTTP/1.1" 404 1104
116.192.124.172 - - [15/Mar/2023:10:45:59 +0800] "POST /xingrg/kc/base/wldb_order_operate.html HTTP/1.1" 200 5410
124.78.153.221 - - [15/Mar/2023:10:46:00 +0800] "GET /xingrg/kc/buy/cgsh_order_operate.html?command=get_materiel&rest_code=00106&code=00101006111&supplier_code=00100015&order_time=2023-03-15 HTTP/1.1" 200 409
116.192.124.172 - - [15/Mar/2023:10:46:01 +0800] "GET /xingrg/kc/base/wldb_order_add.html HTTP/1.1" 200 30377
116.192.124.172 - - [15/Mar/2023:10:46:02 +0800] "GET /xingrg/javascript/easyui/themes/default/validatebox.css HTTP/1.1" 404 1104
116.192.124.172 - - [15/Mar/2023:10:46:02 +0800] "POST /xingrg/kc/base/wldb_order_operate.html HTTP/1.1" 200 6806
180.164.3.199 - - [15/Mar/2023:10:46:02 +0800] "GET /xingrg/all/function/internal_message.html?_=1678848363242&CODE_STATE=getMsg HTTP/1.1" 200 27
116.192.124.172 - - [15/Mar/2023:10:46:03 +0800] "POST /xingrg/all/common/load_combo.html?type=base HTTP/1.1" 200 3321
180.164.3.199 - - [15/Mar/2023:10:46:03 +0800] "GET /xingrg/check_reg.html?_=1678848364275 HTTP/1.1" 200 22
114.83.222.182 - - [15/Mar/2023:10:46:04 +0800] "GET /xingrg/all/function/internal_message.html?_=1678848430297&CODE_STATE=getMsg HTTP/1.1" 200 27
116.192.124.172 - - [15/Mar/2023:10:46:05 +0800] "POST /xingrg/all/common/load_combo.html?type=base HTTP/1.1" 200 3321
124.78.153.221 - - [15/Mar/2023:10:46:06 +0800] "GET /xingrg/all/function/internal_message.html?_=1678848366230&CODE_STATE=getMsg HTTP/1.1" 200 27
222.67.232.202 - - [15/Mar/2023:10:46:06 +0800] "GET /xingrg/kc/buy/cgsh_order_operate.html?command=get_materiel&rest_code=00141&code=00101006372&supplier_code=00100007&order_time=2023-03-15 HTTP/1.1" 200 406
116.238.139.35 - - [15/Mar/2023:10:46:08 +0800] "GET /xingrg/all/function/internal_message.html?_=1678848369230&CODE_STATE=getMsg HTTP/1.1" 200 27
114.83.219.234 - - [15/Mar/2023:10:46:09 +0800] "GET /xingrg/all/function/internal_message.html?_=1678848369430&CODE_STATE=getMsg HTTP/1.1" 200 27
116.192.124.172 - - [15/Mar/2023:10:46:10 +0800] "GET /xingrg/check_reg.html?_=1678848383270 HTTP/1.1" 200 22
116.192.124.172 - - [15/Mar/2023:10:46:10 +0800] "GET /xingrg/all/function/internal_message.html?_=1678848383266&CODE_STATE=getMsg HTTP/1.1" 200 27
116.192.124.172 - - [15/Mar/2023:10:46:13 +0800] "GET /xingrg/kc/base/wldb_order_operate.html?command=get_materiel&rest_code=00102&base_code=0010476&code=00101019199 HTTP/1.1" 200 472
222.67.232.202 - - [15/Mar/2023:10:46:16 +0800] "GET /xingrg/all/function/internal_message.html?_=1678847926782&CODE_STATE=getMsg HTTP/1.1" 200 27
222.67.232.202 - - [15/Mar/2023:10:46:17 +0800] "GET /xingrg/kc/buy/cgsh_order_operate.html?command=get_materiel&rest_code=00141&code=00101008301&supplier_code=00100007&order_time=2023-03-15 HTTP/1.1" 200 422
116.192.124.172 - - [15/Mar/2023:10:46:17 +0800] "GET /xingrg/kc/base/wldb_order_operate.html?command=get_materiel&rest_code=00102&base_code=0010476&code=00101019297 HTTP/1.1" 200 478
124.78.153.221 - - [15/Mar/2023:10:46:19 +0800] "GET /xingrg/kc/base/wldb_order_operate.html?command=get_materiel&rest_code=00106&base_code=0010396&code=00101019079 HTTP/1.1" 200 479
116.192.124.172 - - [15/Mar/2023:10:46:23 +0800] "GET /xingrg/kc/base/wldb_order_operate.html?command=get_materiel&rest_code=00102&base_code=0010476&code=00101013139 HTTP/1.1" 200 451
124.78.153.221 - - [15/Mar/2023:10:46:23 +0800] "GET /xingrg/all/function/internal_message.html?_=1678848382453&CODE_STATE=getMsg HTTP/1.1" 200 27
101.229.22.234 - - [15/Mar/2023:10:46:27 +0800] "GET /xingrg/all/function/internal_message.html?_=1678848387506&CODE_STATE=getMsg HTTP/1.1" 200 27
116.192.124.172 - - [15/Mar/2023:10:46:32 +0800] "POST /xingrg/kc/base/wldb_order_operate.html HTTP/1.1" 200 37
222.70.221.209 - - [15/Mar/2023:10:46:33 +0800] "GET /xingrg/check_reg.html?_=1678848507667 HTTP/1.1" 200 22
222.70.221.209 - - [15/Mar/2023:10:46:33 +0800] "GET /xingrg/all/function/internal_message.html?_=1678848507670&CODE_STATE=getMsg HTTP/1.1" 200 27
120.253.135.82 - - [15/Mar/2023:10:46:33 +0800] "GET /xingrg/all/function/internal_message.html?_=1678848221752&CODE_STATE=getMsg HTTP/1.1" 200 27
222.67.232.202 - - [15/Mar/2023:10:46:34 +0800] "POST /xingrg/kc/buy/cgsh_order_operate.html HTTP/1.1" 200 37
116.224.106.218 - - [15/Mar/2023:10:46:35 +0800] "GET /xingrg/all/function/internal_message.html?_=1678848395466&CODE_STATE=getMsg HTTP/1.1" 200 27
124.78.153.221 - - [15/Mar/2023:10:46:36 +0800] "GET /xingrg/kc/buy/cgsh_order_operate.html?command=get_materiel&rest_code=00106&code=00101006056&supplier_code=00100015&order_time=2023-03-15 HTTP/1.1" 200 413
116.192.124.172 - - [15/Mar/2023:10:46:37 +0800] "POST /xingrg/kc/base/wldb_order_operate.html HTTP/1.1" 200 12
116.192.124.172 - - [15/Mar/2023:10:46:37 +0800] "POST /xingrg/kc/base/wldb_order_operate.html HTTP/1.1" 200 3203
180.169.147.146 - - [15/Mar/2023:10:46:46 +0800] "GET /xingrg/all/function/internal_message.html?_=1678848406664&CODE_STATE=getMsg HTTP/1.1" 200 27
222.67.232.202 - - [15/Mar/2023:10:46:46 +0800] "POST /xingrg/kc/buy/cgsh_order_operate.html HTTP/1.1" 200 12
116.238.139.35 - - [15/Mar/2023:10:46:47 +0800] "GET /xingrg/check_reg.html?_=1678848338036 HTTP/1.1" 302 -
116.225.84.253 - - [15/Mar/2023:10:46:47 +0800] "GET /xingrg/all/function/internal_message.html?_=1678848406768&CODE_STATE=getMsg HTTP/1.1" 200 27
124.77.245.38 - - [15/Mar/2023:10:46:48 +0800] "GET /xingrg/all/function/internal_message.html?_=1678848418123&CODE_STATE=getMsg HTTP/1.1" 200 27
222.67.232.202 - - [15/Mar/2023:10:46:48 +0800] "GET /xingrg/kc/buy/cgsh_order_info.html?code=212023031505356 HTTP/1.1" 200 64863
116.225.84.253 - - [15/Mar/2023:10:46:48 +0800] "GET /xingrg/all/function/internal_message.html?_=1678848252263&CODE_STATE=getMsg HTTP/1.1" 200 27
116.225.84.253 - - [15/Mar/2023:10:46:48 +0800] "GET /xingrg/check_reg.html?_=1678848252266 HTTP/1.1" 200 22
222.67.232.202 - - [15/Mar/2023:10:46:49 +0800] "GET /xingrg/javascript/easyui/themes/default/validatebox.css HTTP/1.1" 404 1104
124.78.153.221 - - [15/Mar/2023:10:46:53 +0800] "POST /xingrg/kc/buy/cgsh_order_operate.html HTTP/1.1" 200 37
222.67.232.202 - - [15/Mar/2023:10:46:53 +0800] "POST /xingrg/kc/buy/cgsh_order_operate.html HTTP/1.1" 200 26009
180.169.147.146 - - [15/Mar/2023:10:46:54 +0800] "GET /xingrg/check_reg.html?_=1678848414363 HTTP/1.1" 200 22
180.169.147.146 - - [15/Mar/2023:10:46:54 +0800] "GET /xingrg/all/function/internal_message.html?_=1678848414368&CODE_STATE=getMsg HTTP/1.1" 200 27
222.67.232.202 - - [15/Mar/2023:10:46:55 +0800] "GET /xingrg/kc/print/load_data.html?order_code=212023031505356&kc_code=cgsh&condition= HTTP/1.1" 200 10353
124.79.240.233 - - [15/Mar/2023:10:46:58 +0800] "GET /xingrg/all/function/internal_message.html?_=1678848408081&CODE_STATE=getMsg HTTP/1.1" 200 27
124.78.153.221 - - [15/Mar/2023:10:47:01 +0800] "POST /xingrg/kc/buy/cgsh_order_operate.html HTTP/1.1" 200 12
180.164.3.199 - - [15/Mar/2023:10:47:02 +0800] "GET /xingrg/all/function/internal_message.html?_=1678848423224&CODE_STATE=getMsg HTTP/1.1" 200 27
124.78.153.221 - - [15/Mar/2023:10:47:03 +0800] "GET /xingrg/kc/buy/cgsh_order_info.html?code=212023031505357 HTTP/1.1" 200 64865
124.78.153.221 - - [15/Mar/2023:10:47:03 +0800] "GET /xingrg/javascript/easyui/themes/default/validatebox.css HTTP/1.1" 404 1104
114.83.222.182 - - [15/Mar/2023:10:47:04 +0800] "GET /xingrg/all/function/internal_message.html?_=1678848490295&CODE_STATE=getMsg HTTP/1.1" 200 27
124.78.153.221 - - [15/Mar/2023:10:47:04 +0800] "POST /xingrg/kc/buy/cgsh_order_operate.html HTTP/1.1" 200 4190
124.78.153.221 - - [15/Mar/2023:10:47:05 +0800] "GET /xingrg/check_reg.html?_=1678848424502 HTTP/1.1" 200 22
124.78.153.221 - - [15/Mar/2023:10:47:06 +0800] "GET /xingrg/all/function/internal_message.html?_=1678848426215&CODE_STATE=getMsg HTTP/1.1" 200 27
124.78.153.221 - - [15/Mar/2023:10:47:06 +0800] "GET /xingrg/kc/print/load_data.html?order_code=212023031505357&kc_code=cgsh&condition= HTTP/1.1" 200 2179
116.238.139.35 - - [15/Mar/2023:10:47:08 +0800] "GET /xingrg/all/function/internal_message.html?_=1678848429233&CODE_STATE=getMsg HTTP/1.1" 200 27
114.83.219.234 - - [15/Mar/2023:10:47:09 +0800] "GET /xingrg/all/function/internal_message.html?_=1678848429432&CODE_STATE=getMsg HTTP/1.1" 200 27
116.192.124.172 - - [15/Mar/2023:10:47:10 +0800] "GET /xingrg/all/function/internal_message.html?_=1678848443263&CODE_STATE=getMsg HTTP/1.1" 200 27
124.78.153.221 - - [15/Mar/2023:10:47:12 +0800] "GET /xingrg/kc/print/load_data.html?order_code=212023031505357&kc_code=cgsh HTTP/1.1" 200 2179
116.192.124.172 - - [15/Mar/2023:10:47:15 +0800] "GET /xingrg/kc/base/wldb_order_info.html?code=422023031501205 HTTP/1.1" 200 26254
116.192.124.172 - - [15/Mar/2023:10:47:15 +0800] "GET /xingrg/javascript/easyui/themes/default/validatebox.css HTTP/1.1" 404 1104
116.192.124.172 - - [15/Mar/2023:10:47:15 +0800] "POST /xingrg/kc/base/wldb_order_operate.html HTTP/1.1" 200 1477
222.67.232.202 - - [15/Mar/2023:10:47:16 +0800] "GET /xingrg/all/function/internal_message.html?_=1678847986773&CODE_STATE=getMsg HTTP/1.1" 200 27
222.67.232.202 - - [15/Mar/2023:10:47:16 +0800] "GET /xingrg/check_reg.html?_=1678847987127 HTTP/1.1" 200 22
124.78.153.221 - - [15/Mar/2023:10:47:23 +0800] "GET /xingrg/all/function/internal_message.html?_=1678848442438&CODE_STATE=getMsg HTTP/1.1" 200 27
101.229.22.234 - - [15/Mar/2023:10:47:27 +0800] "GET /xingrg/all/function/internal_message.html?_=1678848447506&CODE_STATE=getMsg HTTP/1.1" 200 27
101.229.22.234 - - [15/Mar/2023:10:47:27 +0800] "GET /xingrg/check_reg.html?_=1678848447509 HTTP/1.1" 200 22
222.70.221.209 - - [15/Mar/2023:10:47:33 +0800] "GET /xingrg/all/function/internal_message.html?_=1678848567681&CODE_STATE=getMsg HTTP/1.1" 200 27
120.253.135.82 - - [15/Mar/2023:10:47:33 +0800] "GET /xingrg/all/function/internal_message.html?_=1678848281782&CODE_STATE=getMsg HTTP/1.1" 200 27
116.224.106.218 - - [15/Mar/2023:10:47:35 +0800] "GET /xingrg/all/function/internal_message.html?_=1678848455451&CODE_STATE=getMsg HTTP/1.1" 200 27
124.78.153.221 - - [15/Mar/2023:10:47:36 +0800] "GET /xingrg/kc/base/wldb_order_operate.html?command=get_materiel&rest_code=00106&base_code=0010396&code=00101019295 HTTP/1.1" 200 477
124.78.153.221 - - [15/Mar/2023:10:47:43 +0800] "GET /xingrg/kc/buy/cgsh_order_add.html HTTP/1.1" 200 69961
124.78.153.221 - - [15/Mar/2023:10:47:44 +0800] "POST /xingrg/kc/buy/cgsh_order_operate.html HTTP/1.1" 200 8245
124.78.153.221 - - [15/Mar/2023:10:47:44 +0800] "GET /xingrg/javascript/easyui/themes/default/validatebox.css HTTP/1.1" 404 1104
124.78.153.221 - - [15/Mar/2023:10:47:45 +0800] "GET /xingrg/javascript/easyui/themes/default/tree.css HTTP/1.1" 404 1090
124.78.153.221 - - [15/Mar/2023:10:47:45 +0800] "POST /xingrg/all/common/load_tree.html?tree=supplier_tree_json&isDelete=1 HTTP/1.1" 200 71093
124.77.245.38 - - [15/Mar/2023:10:47:45 +0800] "GET /xingrg/check_reg.html?_=1678848475541 HTTP/1.1" 200 22
180.169.147.146 - - [15/Mar/2023:10:47:46 +0800] "GET /xingrg/check_reg.html?_=1678848466662 HTTP/1.1" 200 22
180.169.147.146 - - [15/Mar/2023:10:47:46 +0800] "GET /xingrg/all/function/internal_message.html?_=1678848466664&CODE_STATE=getMsg HTTP/1.1" 200 27
124.78.153.221 - - [15/Mar/2023:10:47:47 +0800] "POST /xingrg/kc/base/wldb_order_operate.html HTTP/1.1" 200 37
124.78.153.221 - - [15/Mar/2023:10:47:47 +0800] "POST /xingrg/kc/base/wldb_order_operate.html HTTP/1.1" 200 4238
116.225.84.253 - - [15/Mar/2023:10:47:47 +0800] "GET /xingrg/all/function/internal_message.html?_=1678848466768&CODE_STATE=getMsg HTTP/1.1" 200 27
124.77.245.38 - - [15/Mar/2023:10:47:48 +0800] "GET /xingrg/all/function/internal_message.html?_=1678848478137&CODE_STATE=getMsg HTTP/1.1" 200 27
124.78.153.221 - - [15/Mar/2023:10:47:48 +0800] "GET /xingrg/kc/base/wldb_order_info.html?code=422023031501206 HTTP/1.1" 200 30396
124.78.153.221 - - [15/Mar/2023:10:47:48 +0800] "GET /xingrg/javascript/easyui/themes/default/validatebox.css HTTP/1.1" 404 1104
116.225.84.253 - - [15/Mar/2023:10:47:48 +0800] "GET /xingrg/all/function/internal_message.html?_=1678848312253&CODE_STATE=getMsg HTTP/1.1" 200 27
124.78.153.221 - - [15/Mar/2023:10:47:49 +0800] "POST /xingrg/kc/base/wldb_order_operate.html HTTP/1.1" 200 4238
180.169.147.146 - - [15/Mar/2023:10:47:51 +0800] "GET /xingrg/kc/report/report_main.html HTTP/1.1" 200 7340
124.78.153.221 - - [15/Mar/2023:10:47:54 +0800] "GET /xingrg/kc/base/base_main.html HTTP/1.1" 200 12142
180.169.147.146 - - [15/Mar/2023:10:47:54 +0800] "POST /xingrg/all/user/operate.html HTTP/1.1" 200 36
