116.238.139.35 - - [15/Mar/2023:08:45:56 +0800] "GET /xingrg/all/function/internal_message.html?_=1678841157213&CODE_STATE=getMsg HTTP/1.1" 200 27
222.70.221.209 - - [15/Mar/2023:08:45:56 +0800] "GET /xingrg/kc/buy/cgsh_order_add.html HTTP/1.1" 200 70008
222.70.221.209 - - [15/Mar/2023:08:45:57 +0800] "POST /xingrg/kc/buy/cgsh_order_operate.html HTTP/1.1" 200 8245
222.70.221.209 - - [15/Mar/2023:08:45:57 +0800] "GET /xingrg/javascript/easyui/themes/default/validatebox.css HTTP/1.1" 404 1104
116.225.84.253 - - [15/Mar/2023:08:45:58 +0800] "GET /xingrg/index.html?sysBaseUrl=http%3A%2F%2F180.169.147.146%3A18081%2Fxingrg%2F&costTime=36×tamp=1585223203754 HTTP/1.1" 302 -
116.225.84.253 - - [15/Mar/2023:08:45:58 +0800] "GET /xingrg/login.html HTTP/1.1" 200 7641
116.238.139.35 - - [15/Mar/2023:08:46:00 +0800] "GET /xingrg/kc/buy/cgsh_order_operate.html?command=get_materiel&rest_code=00150&code=00101009039&supplier_code=00100022&order_time=2023-03-15 HTTP/1.1" 200 408
116.225.84.253 - - [15/Mar/2023:08:46:05 +0800] "GET /xingrg/index.html?sysBaseUrl=http%3A%2F%2F180.169.147.146%3A18081%2Fxingrg%2F&costTime=36×tamp=1585223203754 HTTP/1.1" 302 -
116.225.84.253 - - [15/Mar/2023:08:46:05 +0800] "GET /xingrg/login.html HTTP/1.1" 200 7641
222.70.221.209 - - [15/Mar/2023:08:46:07 +0800] "GET /xingrg/kc/buy/cgsh_order_operate.html?command=get_materiel&rest_code=00155&code=00101008323&supplier_code=00100005&order_time=2023-03-15 HTTP/1.1" 200 408
116.238.139.35 - - [15/Mar/2023:08:46:08 +0800] "GET /xingrg/kc/buy/cgsh_order_operate.html?command=get_materiel&rest_code=00150&code=00101009016&supplier_code=00100022&order_time=2023-03-15 HTTP/1.1" 200 412
222.70.221.209 - - [15/Mar/2023:08:46:15 +0800] "GET /xingrg/kc/buy/cgsh_order_operate.html?command=get_materiel&rest_code=00155&code=00101008003&supplier_code=00100005&order_time=2023-03-15 HTTP/1.1" 200 408
116.238.139.35 - - [15/Mar/2023:08:46:21 +0800] "GET /xingrg/kc/buy/cgsh_order_operate.html?command=get_materiel&rest_code=00150&code=00101009053&supplier_code=00100022&order_time=2023-03-15 HTTP/1.1" 200 408
222.70.221.209 - - [15/Mar/2023:08:46:25 +0800] "GET /xingrg/kc/buy/cgsh_order_operate.html?command=get_materiel&rest_code=00155&code=00101008355&supplier_code=00100005&order_time=2023-03-15 HTTP/1.1" 200 408
180.171.63.47 - - [15/Mar/2023:08:46:31 +0800] "GET /xingrg/all/function/internal_message.html?_=1678841195960&CODE_STATE=getMsg HTTP/1.1" 200 27
222.70.221.209 - - [15/Mar/2023:08:46:31 +0800] "GET /xingrg/kc/buy/cgsh_order_operate.html?command=get_materiel&rest_code=00155&code=00101008067&supplier_code=00100005&order_time=2023-03-15 HTTP/1.1" 200 416
116.238.139.35 - - [15/Mar/2023:08:46:32 +0800] "GET /xingrg/kc/buy/cgsh_order_operate.html?command=get_materiel&rest_code=00150&code=00101009066&supplier_code=00100022&order_time=2023-03-15 HTTP/1.1" 200 416
222.70.221.209 - - [15/Mar/2023:08:46:33 +0800] "GET /xingrg/all/function/internal_message.html?_=1678841307716&CODE_STATE=getMsg HTTP/1.1" 200 27
222.70.221.209 - - [15/Mar/2023:08:46:33 +0800] "GET /xingrg/check_reg.html?_=1678841307718 HTTP/1.1" 200 22
116.225.84.253 - - [15/Mar/2023:08:46:33 +0800] "GET /favicon.ico HTTP/1.1" 404 -
124.77.245.38 - - [15/Mar/2023:08:46:33 +0800] "GET /xingrg/all/function/internal_message.html?_=1678841203178&CODE_STATE=getMsg HTTP/1.1" 200 27
116.225.84.253 - - [15/Mar/2023:08:46:34 +0800] "GET /favicon.ico HTTP/1.1" 404 -
116.224.106.218 - - [15/Mar/2023:08:46:37 +0800] "GET /xingrg/all/function/internal_message.html?_=1678841197542&CODE_STATE=getMsg HTTP/1.1" 200 27
222.70.221.209 - - [15/Mar/2023:08:46:38 +0800] "GET /xingrg/kc/buy/cgsh_order_operate.html?command=get_materiel&rest_code=00155&code=00101008371&supplier_code=00100005&order_time=2023-03-15 HTTP/1.1" 200 412
116.238.139.35 - - [15/Mar/2023:08:46:43 +0800] "POST /xingrg/kc/buy/cgsh_order_operate.html HTTP/1.1" 200 37
116.238.139.35 - - [15/Mar/2023:08:46:44 +0800] "POST /xingrg/kc/buy/cgsh_order_operate.html HTTP/1.1" 200 7964
222.70.221.209 - - [15/Mar/2023:08:46:45 +0800] "GET /xingrg/kc/buy/cgsh_order_operate.html?command=get_materiel&rest_code=00155&code=00101008298&supplier_code=00100005&order_time=2023-03-15 HTTP/1.1" 200 412
116.238.139.35 - - [15/Mar/2023:08:46:47 +0800] "GET /xingrg/check_reg.html?_=1678841137269 HTTP/1.1" 302 -
222.70.221.209 - - [15/Mar/2023:08:46:51 +0800] "GET /xingrg/kc/buy/cgsh_order_operate.html?command=get_materiel&rest_code=00155&code=00101008256&supplier_code=00100005&order_time=2023-03-15 HTTP/1.1" 200 412
116.238.139.35 - - [15/Mar/2023:08:46:55 +0800] "POST /xingrg/all/user/operate.html HTTP/1.1" 200 36
116.238.139.35 - - [15/Mar/2023:08:46:55 +0800] "GET /xingrg/index.html?sysBaseUrl=http%3A%2F%2F180.169.147.146%3A18081%2Fxingrg%2F&costTime=1626×tamp=1678755163456 HTTP/1.1" 200 17177
116.238.139.35 - - [15/Mar/2023:08:46:55 +0800] "GET /xingrg/javascript/jquery_easy_ui/themes/default/easyui.css HTTP/1.1" 304 -
116.238.139.35 - - [15/Mar/2023:08:46:55 +0800] "GET /xingrg/javascript/jquery_easy_ui/themes/icon.css HTTP/1.1" 304 -
116.238.139.35 - - [15/Mar/2023:08:46:55 +0800] "GET /xingrg/css/form.css HTTP/1.1" 304 -
116.238.139.35 - - [15/Mar/2023:08:46:55 +0800] "GET /xingrg/javascript/jquery-1.4.2.min.js HTTP/1.1" 304 -
116.238.139.35 - - [15/Mar/2023:08:46:55 +0800] "GET /xingrg/javascript/jquery_easy_ui/jquery.easyui.min.js HTTP/1.1" 304 -
116.238.139.35 - - [15/Mar/2023:08:46:55 +0800] "GET /xingrg/javascript/jquery_easy_ui/easyui-lang-zh_CN.js HTTP/1.1" 304 -
116.238.139.35 - - [15/Mar/2023:08:46:55 +0800] "GET /xingrg/javascript/jquery.form.js HTTP/1.1" 304 -
116.238.139.35 - - [15/Mar/2023:08:46:55 +0800] "GET /xingrg/javascript/jquery.utils.js HTTP/1.1" 304 -
116.238.139.35 - - [15/Mar/2023:08:46:55 +0800] "GET /xingrg/javascript/jquery.timers.js HTTP/1.1" 304 -
116.238.139.35 - - [15/Mar/2023:08:46:55 +0800] "GET /xingrg/images/blue/jxLogo.png HTTP/1.1" 304 -
116.238.139.35 - - [15/Mar/2023:08:46:55 +0800] "GET /xingrg/images/blue/navBackgound.jpg HTTP/1.1" 304 -
116.238.139.35 - - [15/Mar/2023:08:46:55 +0800] "GET /xingrg/javascript/jquery_easy_ui/themes/icons/settle_new.png HTTP/1.1" 304 -
116.238.139.35 - - [15/Mar/2023:08:46:55 +0800] "GET /xingrg/images/blue/pingpu.png HTTP/1.1" 304 -
116.238.139.35 - - [15/Mar/2023:08:46:55 +0800] "GET /xingrg/all/function/internal_message.html?_=1678841216534&CODE_STATE=count HTTP/1.1" 200 11
116.238.139.35 - - [15/Mar/2023:08:46:55 +0800] "GET /xingrg/check_reg.html?_=1678841216535 HTTP/1.1" 200 22
116.238.139.35 - - [15/Mar/2023:08:46:55 +0800] "GET /xingrg/javascript/jquery_easy_ui/themes/default/images/tabs_rightarrow.png HTTP/1.1" 304 -
116.238.139.35 - - [15/Mar/2023:08:46:55 +0800] "GET /xingrg/javascript/jquery_easy_ui/themes/default/images/tabs_leftarrow.png HTTP/1.1" 304 -
116.238.139.35 - - [15/Mar/2023:08:46:55 +0800] "GET /xingrg/javascript/jquery_easy_ui/themes/default/images/panel_tool_collapse.gif HTTP/1.1" 304 -
116.238.139.35 - - [15/Mar/2023:08:46:55 +0800] "POST /xingrg/all/common/load_tree.html?tree=area_rest_tree_json&manage=1 HTTP/1.1" 200 476
116.238.139.35 - - [15/Mar/2023:08:46:56 +0800] "POST /xingrg/load_menu.html HTTP/1.1" 200 5138
222.70.221.209 - - [15/Mar/2023:08:46:58 +0800] "GET /xingrg/kc/buy/cgsh_order_operate.html?command=get_materiel&rest_code=00155&code=00101008055&supplier_code=00100005&order_time=2023-03-15 HTTP/1.1" 200 411
116.238.139.35 - - [15/Mar/2023:08:47:02 +0800] "GET /xingrg/kc/buy/cgsh_order_list.html HTTP/1.1" 200 54183
116.238.139.35 - - [15/Mar/2023:08:47:04 +0800] "POST /xingrg/kc/buy/cgsh_list_operate.html HTTP/1.1" 200 986
116.225.84.253 - - [15/Mar/2023:08:47:04 +0800] "GET /favicon.ico HTTP/1.1" 404 -
116.225.84.253 - - [15/Mar/2023:08:47:05 +0800] "GET /favicon.ico HTTP/1.1" 404 -
116.238.139.35 - - [15/Mar/2023:08:47:05 +0800] "GET /xingrg/kc/buy/cgsh_order_add.html HTTP/1.1" 200 69558
116.225.84.253 - - [15/Mar/2023:08:47:05 +0800] "GET /favicon.ico HTTP/1.1" 404 -
116.238.139.35 - - [15/Mar/2023:08:47:06 +0800] "POST /xingrg/kc/buy/cgsh_order_operate.html HTTP/1.1" 200 8245
116.238.139.35 - - [15/Mar/2023:08:47:06 +0800] "GET /xingrg/javascript/easyui/themes/default/validatebox.css HTTP/1.1" 404 1104
116.238.139.35 - - [15/Mar/2023:08:47:06 +0800] "GET /xingrg/all/common/auto_word.html?type=employee&rest_code=00151 HTTP/1.1" 200 293
116.238.139.35 - - [15/Mar/2023:08:47:06 +0800] "GET /xingrg/all/common/auto_word.html?type=employee&rest_code=00151 HTTP/1.1" 200 293
116.225.84.253 - - [15/Mar/2023:08:47:06 +0800] "GET /favicon.ico HTTP/1.1" 404 -
222.70.221.209 - - [15/Mar/2023:08:47:06 +0800] "GET /xingrg/kc/buy/cgsh_order_operate.html?command=get_materiel&rest_code=00155&code=00101008349&supplier_code=00100005&order_time=2023-03-15 HTTP/1.1" 200 412
116.225.84.253 - - [15/Mar/2023:08:47:07 +0800] "GET /favicon.ico HTTP/1.1" 404 -
116.238.139.35 - - [15/Mar/2023:08:47:07 +0800] "GET /xingrg/javascript/auto/indicator.gif HTTP/1.1" 404 1066
116.225.84.253 - - [15/Mar/2023:08:47:07 +0800] "GET /favicon.ico HTTP/1.1" 404 -
116.225.84.253 - - [15/Mar/2023:08:47:08 +0800] "GET /favicon.ico HTTP/1.1" 404 -
222.70.221.209 - - [15/Mar/2023:08:47:13 +0800] "GET /xingrg/kc/buy/cgsh_order_operate.html?command=get_materiel&rest_code=00155&code=00101008415&supplier_code=00100005&order_time=2023-03-15 HTTP/1.1" 200 412
116.238.139.35 - - [15/Mar/2023:08:47:16 +0800] "GET /xingrg/kc/buy/cgsh_order_operate.html?command=get_materiel&rest_code=00151&code=00101009078&supplier_code=00100022&order_time=2023-03-15 HTTP/1.1" 200 408
222.70.221.209 - - [15/Mar/2023:08:47:19 +0800] "GET /xingrg/kc/buy/cgsh_order_operate.html?command=get_materiel&rest_code=00155&code=00101008354&supplier_code=00100005&order_time=2023-03-15 HTTP/1.1" 200 412
222.70.221.209 - - [15/Mar/2023:08:47:26 +0800] "GET /xingrg/kc/buy/cgsh_order_operate.html?command=get_materiel&rest_code=00155&code=00101008096&supplier_code=00100005&order_time=2023-03-15 HTTP/1.1" 200 412
116.238.139.35 - - [15/Mar/2023:08:47:26 +0800] "GET /xingrg/kc/buy/cgsh_order_operate.html?command=get_materiel&rest_code=00151&code=00101009053&supplier_code=00100022&order_time=2023-03-15 HTTP/1.1" 200 408
180.171.63.47 - - [15/Mar/2023:08:47:30 +0800] "GET /xingrg/all/function/internal_message.html?_=1678841255959&CODE_STATE=getMsg HTTP/1.1" 200 27
180.171.63.47 - - [15/Mar/2023:08:47:30 +0800] "GET /xingrg/check_reg.html?_=1678841255960 HTTP/1.1" 200 22
222.70.221.209 - - [15/Mar/2023:08:47:33 +0800] "GET /xingrg/all/function/internal_message.html?_=1678841367714&CODE_STATE=getMsg HTTP/1.1" 200 27
124.77.245.38 - - [15/Mar/2023:08:47:33 +0800] "GET /xingrg/all/function/internal_message.html?_=1678841263186&CODE_STATE=getMsg HTTP/1.1" 200 27
116.238.139.35 - - [15/Mar/2023:08:47:35 +0800] "GET /xingrg/kc/buy/cgsh_order_operate.html?command=get_materiel&rest_code=00151&code=00101009062&supplier_code=00100022&order_time=2023-03-15 HTTP/1.1" 200 412
222.70.221.209 - - [15/Mar/2023:08:47:37 +0800] "GET /xingrg/kc/buy/cgsh_order_operate.html?command=get_materiel&rest_code=00155&code=00101008290&supplier_code=00100005&order_time=2023-03-15 HTTP/1.1" 200 416
116.224.106.218 - - [15/Mar/2023:08:47:37 +0800] "GET /xingrg/all/function/internal_message.html?_=1678841257528&CODE_STATE=getMsg HTTP/1.1" 200 27
116.238.139.35 - - [15/Mar/2023:08:47:45 +0800] "GET /xingrg/kc/buy/cgsh_order_operate.html?command=get_materiel&rest_code=00151&code=00101009006&supplier_code=00100022&order_time=2023-03-15 HTTP/1.1" 200 409
222.70.221.209 - - [15/Mar/2023:08:47:45 +0800] "GET /xingrg/kc/buy/cgsh_order_operate.html?command=get_materiel&rest_code=00155&code=00101008185&supplier_code=00100005&order_time=2023-03-15 HTTP/1.1" 200 409
116.238.139.35 - - [15/Mar/2023:08:47:52 +0800] "GET /xingrg/kc/buy/cgsh_order_operate.html?command=get_materiel&rest_code=00151&code=00101009049&supplier_code=00100022&order_time=2023-03-15 HTTP/1.1" 200 416
222.70.221.209 - - [15/Mar/2023:08:47:53 +0800] "GET /xingrg/kc/buy/cgsh_order_operate.html?command=get_materiel&rest_code=00155&code=00101008141&supplier_code=00100005&order_time=2023-03-15 HTTP/1.1" 200 412
116.238.139.35 - - [15/Mar/2023:08:47:55 +0800] "GET /xingrg/all/function/internal_message.html?_=1678841276543&CODE_STATE=getMsg HTTP/1.1" 200 27
222.70.221.209 - - [15/Mar/2023:08:47:59 +0800] "GET /xingrg/kc/buy/cgsh_order_operate.html?command=get_materiel&rest_code=00155&code=00101008361&supplier_code=00100005&order_time=2023-03-15 HTTP/1.1" 200 408
116.238.139.35 - - [15/Mar/2023:08:48:00 +0800] "GET /xingrg/kc/buy/cgsh_order_operate.html?command=get_materiel&rest_code=00151&code=00101009044&supplier_code=00100022&order_time=2023-03-15 HTTP/1.1" 200 413
222.70.221.209 - - [15/Mar/2023:08:48:07 +0800] "GET /xingrg/kc/buy/cgsh_order_operate.html?command=get_materiel&rest_code=00155&code=00101008285&supplier_code=00100005&order_time=2023-03-15 HTTP/1.1" 200 413
101.224.192.199 - - [15/Mar/2023:08:48:07 +0800] "GET /favicon.ico HTTP/1.1" 404 -
222.70.221.209 - - [15/Mar/2023:08:48:14 +0800] "GET /xingrg/kc/buy/cgsh_order_operate.html?command=get_materiel&rest_code=00155&code=00101008356&supplier_code=00100005&order_time=2023-03-15 HTTP/1.1" 200 408
222.70.221.209 - - [15/Mar/2023:08:48:21 +0800] "GET /xingrg/kc/buy/cgsh_order_operate.html?command=get_materiel&rest_code=00155&code=00101008272&supplier_code=00100005&order_time=2023-03-15 HTTP/1.1" 200 412
222.70.221.209 - - [15/Mar/2023:08:48:22 +0800] "POST /xingrg/kc/buy/cgsh_order_operate.html HTTP/1.1" 200 2065
222.70.221.209 - - [15/Mar/2023:08:48:27 +0800] "GET /xingrg/kc/buy/cgsh_order_operate.html?command=get_materiel&rest_code=00155&code=00101008270&supplier_code=00100005&order_time=2023-03-15 HTTP/1.1" 200 412
180.171.63.47 - - [15/Mar/2023:08:48:30 +0800] "GET /xingrg/all/function/internal_message.html?_=1678841315958&CODE_STATE=getMsg HTTP/1.1" 200 27
124.77.245.38 - - [15/Mar/2023:08:48:32 +0800] "GET /xingrg/check_reg.html?_=1678841322078 HTTP/1.1" 200 22
222.70.221.209 - - [15/Mar/2023:08:48:33 +0800] "GET /xingrg/all/function/internal_message.html?_=1678841427717&CODE_STATE=getMsg HTTP/1.1" 200 27
124.77.245.38 - - [15/Mar/2023:08:48:33 +0800] "GET /xingrg/all/function/internal_message.html?_=1678841323198&CODE_STATE=getMsg HTTP/1.1" 200 27
222.70.221.209 - - [15/Mar/2023:08:48:33 +0800] "GET /xingrg/kc/buy/cgsh_order_operate.html?command=get_materiel&rest_code=00155&code=00101008196&supplier_code=00100005&order_time=2023-03-15 HTTP/1.1" 200 416
116.224.106.218 - - [15/Mar/2023:08:48:37 +0800] "GET /xingrg/all/function/internal_message.html?_=1678841317512&CODE_STATE=getMsg HTTP/1.1" 200 27
222.70.221.209 - - [15/Mar/2023:08:48:40 +0800] "GET /xingrg/kc/buy/cgsh_order_operate.html?command=get_materiel&rest_code=00155&code=00101008411&supplier_code=00100005&order_time=2023-03-15 HTTP/1.1" 200 412
116.192.124.172 - - [15/Mar/2023:08:48:45 +0800] "GET /xingrg/check_reg.html?_=1678841325191 HTTP/1.1" 200 22
116.238.139.35 - - [15/Mar/2023:08:48:49 +0800] "POST /xingrg/kc/buy/cgsh_order_operate.html HTTP/1.1" 200 37
222.70.221.209 - - [15/Mar/2023:08:48:49 +0800] "GET /xingrg/kc/buy/cgsh_order_operate.html?command=get_materiel&rest_code=00155&code=00101008006&supplier_code=00100005&order_time=2023-03-15 HTTP/1.1" 200 416
116.238.139.35 - - [15/Mar/2023:08:48:55 +0800] "GET /xingrg/all/function/internal_message.html?_=1678841336548&CODE_STATE=getMsg HTTP/1.1" 200 27
116.238.139.35 - - [15/Mar/2023:08:48:56 +0800] "POST /xingrg/kc/buy/cgsh_order_operate.html HTTP/1.1" 200 12
222.70.221.209 - - [15/Mar/2023:08:48:56 +0800] "GET /xingrg/kc/buy/cgsh_order_operate.html?command=get_materiel&rest_code=00155&code=00101008036&supplier_code=00100005&order_time=2023-03-15 HTTP/1.1" 200 408
222.70.221.209 - - [15/Mar/2023:08:48:58 +0800] "POST /xingrg/kc/buy/cgsh_order_operate.html HTTP/1.1" 200 2065
116.238.139.35 - - [15/Mar/2023:08:48:58 +0800] "GET /xingrg/kc/buy/cgsh_order_info.html?code=212023031505308 HTTP/1.1" 200 64459
116.238.139.35 - - [15/Mar/2023:08:48:58 +0800] "GET /xingrg/javascript/easyui/themes/default/validatebox.css HTTP/1.1" 404 1104
116.238.139.35 - - [15/Mar/2023:08:48:59 +0800] "POST /xingrg/kc/buy/cgsh_order_operate.html HTTP/1.1" 200 3610
116.238.139.35 - - [15/Mar/2023:08:49:00 +0800] "GET /xingrg/kc/print/load_config.html?kc_code=cgsh HTTP/1.1" 200 1925
116.238.139.35 - - [15/Mar/2023:08:49:01 +0800] "GET /xingrg/kc/print/load_data.html?order_code=212023031505308&kc_code=cgsh&condition= HTTP/1.1" 200 1910
222.70.221.209 - - [15/Mar/2023:08:49:03 +0800] "GET /xingrg/kc/buy/cgsh_order_operate.html?command=get_materiel&rest_code=00155&code=00101008131&supplier_code=00100005&order_time=2023-03-15 HTTP/1.1" 200 408
116.238.139.35 - - [15/Mar/2023:08:49:08 +0800] "POST /xingrg/all/user/operate.html HTTP/1.1" 200 36
116.238.139.35 - - [15/Mar/2023:08:49:08 +0800] "GET /xingrg/index.html?sysBaseUrl=http%3A%2F%2F180.169.147.146%3A18081%2Fxingrg%2F&costTime=1626×tamp=1678755163456 HTTP/1.1" 200 17179
116.238.139.35 - - [15/Mar/2023:08:49:08 +0800] "GET /xingrg/javascript/jquery_easy_ui/themes/default/easyui.css HTTP/1.1" 304 -
116.238.139.35 - - [15/Mar/2023:08:49:08 +0800] "GET /xingrg/javascript/jquery_easy_ui/themes/icon.css HTTP/1.1" 304 -
116.238.139.35 - - [15/Mar/2023:08:49:08 +0800] "GET /xingrg/css/form.css HTTP/1.1" 304 -
116.238.139.35 - - [15/Mar/2023:08:49:08 +0800] "GET /xingrg/javascript/jquery-1.4.2.min.js HTTP/1.1" 304 -
116.238.139.35 - - [15/Mar/2023:08:49:08 +0800] "GET /xingrg/javascript/jquery_easy_ui/jquery.easyui.min.js HTTP/1.1" 304 -
116.238.139.35 - - [15/Mar/2023:08:49:08 +0800] "GET /xingrg/javascript/jquery_easy_ui/easyui-lang-zh_CN.js HTTP/1.1" 304 -
116.238.139.35 - - [15/Mar/2023:08:49:08 +0800] "GET /xingrg/javascript/jquery.form.js HTTP/1.1" 304 -
116.238.139.35 - - [15/Mar/2023:08:49:08 +0800] "GET /xingrg/javascript/jquery.utils.js HTTP/1.1" 304 -
116.238.139.35 - - [15/Mar/2023:08:49:08 +0800] "GET /xingrg/javascript/jquery.timers.js HTTP/1.1" 304 -
116.238.139.35 - - [15/Mar/2023:08:49:08 +0800] "GET /xingrg/images/blue/jxLogo.png HTTP/1.1" 304 -
116.238.139.35 - - [15/Mar/2023:08:49:08 +0800] "GET /xingrg/javascript/jquery_easy_ui/themes/icons/settle_new.png HTTP/1.1" 304 -
116.238.139.35 - - [15/Mar/2023:08:49:08 +0800] "GET /xingrg/images/blue/navBackgound.jpg HTTP/1.1" 304 -
116.238.139.35 - - [15/Mar/2023:08:49:08 +0800] "GET /xingrg/all/function/internal_message.html?_=1678841349126&CODE_STATE=count HTTP/1.1" 200 11
116.238.139.35 - - [15/Mar/2023:08:49:08 +0800] "GET /xingrg/check_reg.html?_=1678841349127 HTTP/1.1" 200 22
116.238.139.35 - - [15/Mar/2023:08:49:08 +0800] "GET /xingrg/javascript/jquery_easy_ui/themes/default/images/panel_tool_collapse.gif HTTP/1.1" 304 -
116.238.139.35 - - [15/Mar/2023:08:49:08 +0800] "GET /xingrg/images/blue/pingpu.png HTTP/1.1" 304 -
116.238.139.35 - - [15/Mar/2023:08:49:08 +0800] "GET /xingrg/javascript/jquery_easy_ui/themes/default/images/tabs_rightarrow.png HTTP/1.1" 304 -
116.238.139.35 - - [15/Mar/2023:08:49:08 +0800] "GET /xingrg/javascript/jquery_easy_ui/themes/default/images/tabs_leftarrow.png HTTP/1.1" 304 -
116.238.139.35 - - [15/Mar/2023:08:49:08 +0800] "POST /xingrg/all/common/load_tree.html?tree=area_rest_tree_json&manage=1 HTTP/1.1" 200 476
116.238.139.35 - - [15/Mar/2023:08:49:08 +0800] "POST /xingrg/load_menu.html HTTP/1.1" 200 5138
222.70.221.209 - - [15/Mar/2023:08:49:10 +0800] "GET /xingrg/kc/buy/cgsh_order_operate.html?command=get_materiel&rest_code=00155&code=00101008108&supplier_code=00100005&order_time=2023-03-15 HTTP/1.1" 200 412
116.238.139.35 - - [15/Mar/2023:08:49:10 +0800] "GET /xingrg/kc/buy/cgsh_order_list.html HTTP/1.1" 200 54185
116.238.139.35 - - [15/Mar/2023:08:49:15 +0800] "POST /xingrg/kc/buy/cgsh_list_operate.html HTTP/1.1" 200 2296
222.70.221.209 - - [15/Mar/2023:08:49:16 +0800] "GET /xingrg/kc/buy/cgsh_order_operate.html?command=get_materiel&rest_code=00155&code=00101008213&supplier_code=00100005&order_time=2023-03-15 HTTP/1.1" 200 412
116.238.139.35 - - [15/Mar/2023:08:49:17 +0800] "POST /xingrg/kc/buy/cgsh_list_operate.html HTTP/1.1" 200 571
116.238.139.35 - - [15/Mar/2023:08:49:18 +0800] "GET /xingrg/kc/buy/cgsh_order_info.html?code=212023031505307 HTTP/1.1" 200 70012
116.238.139.35 - - [15/Mar/2023:08:49:19 +0800] "GET /xingrg/javascript/easyui/themes/default/validatebox.css HTTP/1.1" 404 1104
116.238.139.35 - - [15/Mar/2023:08:49:20 +0800] "POST /xingrg/kc/buy/cgsh_order_operate.html HTTP/1.1" 200 7964
222.70.221.209 - - [15/Mar/2023:08:49:23 +0800] "GET /xingrg/kc/buy/cgsh_order_operate.html?command=get_materiel&rest_code=00155&code=00101008095&supplier_code=00100005&order_time=2023-03-15 HTTP/1.1" 200 412
222.70.221.209 - - [15/Mar/2023:08:49:28 +0800] "GET /xingrg/kc/buy/cgsh_order_operate.html?command=get_materiel&rest_code=00155&code=00101008674&supplier_code=00100005&order_time=2023-03-15 HTTP/1.1" 200 413
222.70.221.209 - - [15/Mar/2023:08:49:30 +0800] "POST /xingrg/kc/buy/cgsh_order_operate.html HTTP/1.1" 200 2065
180.171.63.47 - - [15/Mar/2023:08:49:30 +0800] "GET /xingrg/all/function/internal_message.html?_=1678841375962&CODE_STATE=getMsg HTTP/1.1" 200 27
222.70.221.209 - - [15/Mar/2023:08:49:33 +0800] "GET /xingrg/all/function/internal_message.html?_=1678841487690&CODE_STATE=getMsg HTTP/1.1" 200 27
124.77.245.38 - - [15/Mar/2023:08:49:33 +0800] "GET /xingrg/all/function/internal_message.html?_=1678841383212&CODE_STATE=getMsg HTTP/1.1" 200 27
222.70.221.209 - - [15/Mar/2023:08:49:37 +0800] "GET /xingrg/kc/buy/cgsh_order_operate.html?command=get_materiel&rest_code=00155&code=00101008283&supplier_code=00100005&order_time=2023-03-15 HTTP/1.1" 200 408
116.224.106.218 - - [15/Mar/2023:08:49:37 +0800] "GET /xingrg/all/function/internal_message.html?_=1678841377498&CODE_STATE=getMsg HTTP/1.1" 200 27
222.70.221.209 - - [15/Mar/2023:08:49:45 +0800] "GET /xingrg/kc/buy/cgsh_order_operate.html?command=get_materiel&rest_code=00155&code=00101008192&supplier_code=00100005&order_time=2023-03-15 HTTP/1.1" 200 416
116.224.106.218 - - [15/Mar/2023:08:49:51 +0800] "GET /xingrg/check_reg.html?_=1678841390799 HTTP/1.1" 200 22
222.70.221.209 - - [15/Mar/2023:08:49:56 +0800] "GET /xingrg/kc/buy/cgsh_order_operate.html?command=get_materiel&rest_code=00155&code=00101008338&supplier_code=00100005&order_time=2023-03-15 HTTP/1.1" 200 409
222.70.221.209 - - [15/Mar/2023:08:50:05 +0800] "GET /xingrg/kc/buy/cgsh_order_operate.html?command=get_materiel&rest_code=00155&code=00101008209&supplier_code=00100005&order_time=2023-03-15 HTTP/1.1" 200 408
116.238.139.35 - - [15/Mar/2023:08:50:08 +0800] "GET /xingrg/all/function/internal_message.html?_=1678841409134&CODE_STATE=getMsg HTTP/1.1" 200 27
222.70.221.209 - - [15/Mar/2023:08:50:25 +0800] "GET /xingrg/kc/buy/cgsh_order_operate.html?command=get_materiel&rest_code=00155&code=00101008114&supplier_code=00100005&order_time=2023-03-15 HTTP/1.1" 200 413
180.171.63.47 - - [15/Mar/2023:08:50:31 +0800] "GET /xingrg/all/function/internal_message.html?_=1678841435961&CODE_STATE=getMsg HTTP/1.1" 200 27
222.70.221.209 - - [15/Mar/2023:08:50:33 +0800] "GET /xingrg/all/function/internal_message.html?_=1678841547681&CODE_STATE=getMsg HTTP/1.1" 200 27
124.77.245.38 - - [15/Mar/2023:08:50:33 +0800] "GET /xingrg/all/function/internal_message.html?_=1678841443224&CODE_STATE=getMsg HTTP/1.1" 200 27
222.70.221.209 - - [15/Mar/2023:08:50:35 +0800] "POST /xingrg/kc/buy/cgsh_order_operate.html HTTP/1.1" 200 2065
116.224.106.218 - - [15/Mar/2023:08:50:37 +0800] "GET /xingrg/all/function/internal_message.html?_=1678841437476&CODE_STATE=getMsg HTTP/1.1" 200 27
222.70.221.209 - - [15/Mar/2023:08:50:41 +0800] "GET /xingrg/kc/buy/cgsh_order_operate.html?command=get_materiel&rest_code=00155&code=00101008353&supplier_code=00100005&order_time=2023-03-15 HTTP/1.1" 200 408
222.70.221.209 - - [15/Mar/2023:08:51:04 +0800] "POST /xingrg/kc/buy/cgsh_order_operate.html HTTP/1.1" 200 37
222.70.221.209 - - [15/Mar/2023:08:51:05 +0800] "POST /xingrg/kc/buy/cgsh_order_operate.html HTTP/1.1" 200 23964
222.70.221.209 - - [15/Mar/2023:08:51:06 +0800] "GET /xingrg/kc/print/report_design.html?orderType=cgsh HTTP/1.1" 200 8625
222.70.221.209 - - [15/Mar/2023:08:51:06 +0800] "GET /favicon.ico HTTP/1.1" 404 -
222.70.221.209 - - [15/Mar/2023:08:51:06 +0800] "GET /xingrg/kc/print/design_operate.html?_=1678841580746&command=load_config&code=cgsh HTTP/1.1" 200 2835
116.238.139.35 - - [15/Mar/2023:08:51:08 +0800] "GET /xingrg/all/function/internal_message.html?_=1678841469132&CODE_STATE=getMsg HTTP/1.1" 200 27
222.70.221.209 - - [15/Mar/2023:08:51:08 +0800] "GET /xingrg/kc/print/load_data.html?order_code=212023031505309&kc_code=cgsh&condition= HTTP/1.1" 200 8791
222.70.221.209 - - [15/Mar/2023:08:51:12 +0800] "GET /xingrg/kc/print/load_data.html?order_code=212023031505309&kc_code=cgsh HTTP/1.1" 200 8791
116.238.139.35 - - [15/Mar/2023:08:51:21 +0800] "POST /xingrg/kc/buy/cgsh_order_operate.html HTTP/1.1" 200 37
116.238.139.35 - - [15/Mar/2023:08:51:28 +0800] "POST /xingrg/kc/buy/cgsh_order_operate.html HTTP/1.1" 200 12
116.238.139.35 - - [15/Mar/2023:08:51:29 +0800] "GET /xingrg/kc/buy/cgsh_order_info.html?code=212023031505307 HTTP/1.1" 200 64905
116.238.139.35 - - [15/Mar/2023:08:51:30 +0800] "GET /xingrg/javascript/easyui/themes/default/validatebox.css HTTP/1.1" 404 1104
116.238.139.35 - - [15/Mar/2023:08:51:30 +0800] "POST /xingrg/kc/buy/cgsh_order_operate.html HTTP/1.1" 200 5910
180.171.63.47 - - [15/Mar/2023:08:51:30 +0800] "GET /xingrg/all/function/internal_message.html?_=1678841495958&CODE_STATE=getMsg HTTP/1.1" 200 27
116.238.139.35 - - [15/Mar/2023:08:51:32 +0800] "GET /xingrg/kc/print/load_data.html?order_code=212023031505307&kc_code=cgsh&condition= HTTP/1.1" 200 2752
222.70.221.209 - - [15/Mar/2023:08:51:33 +0800] "GET /xingrg/all/function/internal_message.html?_=1678841607667&CODE_STATE=getMsg HTTP/1.1" 200 27
222.70.221.209 - - [15/Mar/2023:08:51:33 +0800] "GET /xingrg/check_reg.html?_=1678841607691 HTTP/1.1" 200 22
124.77.245.38 - - [15/Mar/2023:08:51:33 +0800] "GET /xingrg/all/function/internal_message.html?_=1678841503540&CODE_STATE=getMsg HTTP/1.1" 200 27
116.224.106.218 - - [15/Mar/2023:08:51:37 +0800] "GET /xingrg/all/function/internal_message.html?_=1678841497463&CODE_STATE=getMsg HTTP/1.1" 200 27
116.238.139.35 - - [15/Mar/2023:08:51:47 +0800] "GET /xingrg/check_reg.html?_=1678841437297 HTTP/1.1" 302 -
116.192.124.172 - - [15/Mar/2023:08:52:04 +0800] "POST /xingrg/services/DataTransmitService HTTP/1.1" 200 524
116.238.139.35 - - [15/Mar/2023:08:52:08 +0800] "GET /xingrg/all/function/internal_message.html?_=1678841529142&CODE_STATE=getMsg HTTP/1.1" 200 27
180.171.63.47 - - [15/Mar/2023:08:52:30 +0800] "GET /xingrg/all/function/internal_message.html?_=1678841555960&CODE_STATE=getMsg HTTP/1.1" 200 27
180.171.63.47 - - [15/Mar/2023:08:52:30 +0800] "GET /xingrg/check_reg.html?_=1678841555961 HTTP/1.1" 200 22
222.70.221.209 - - [15/Mar/2023:08:52:33 +0800] "GET /xingrg/all/function/internal_message.html?_=1678841667667&CODE_STATE=getMsg HTTP/1.1" 200 27
124.77.245.38 - - [15/Mar/2023:08:52:33 +0800] "GET /xingrg/all/function/internal_message.html?_=1678841563548&CODE_STATE=getMsg HTTP/1.1" 200 27
116.224.106.218 - - [15/Mar/2023:08:52:37 +0800] "GET /xingrg/all/function/internal_message.html?_=1678841557448&CODE_STATE=getMsg HTTP/1.1" 200 27
116.238.139.35 - - [15/Mar/2023:08:53:08 +0800] "GET /xingrg/all/function/internal_message.html?_=1678841589142&CODE_STATE=getMsg HTTP/1.1" 200 27
180.171.63.47 - - [15/Mar/2023:08:53:30 +0800] "GET /xingrg/all/function/internal_message.html?_=1678841615961&CODE_STATE=getMsg HTTP/1.1" 200 27
124.77.245.38 - - [15/Mar/2023:08:53:32 +0800] "GET /xingrg/check_reg.html?_=1678841622378 HTTP/1.1" 200 22
222.70.221.209 - - [15/Mar/2023:08:53:33 +0800] "GET /xingrg/all/function/internal_message.html?_=1678841727678&CODE_STATE=getMsg HTTP/1.1" 200 27
124.77.245.38 - - [15/Mar/2023:08:53:33 +0800] "GET /xingrg/all/function/internal_message.html?_=1678841623561&CODE_STATE=getMsg HTTP/1.1" 200 27
116.224.106.218 - - [15/Mar/2023:08:53:37 +0800] "GET /xingrg/all/function/internal_message.html?_=1678841617433&CODE_STATE=getMsg HTTP/1.1" 200 27
116.192.124.172 - - [15/Mar/2023:08:53:45 +0800] "GET /xingrg/check_reg.html?_=1678841625187 HTTP/1.1" 200 22
116.238.139.35 - - [15/Mar/2023:08:54:08 +0800] "GET /xingrg/check_reg.html?_=1678841649144 HTTP/1.1" 200 22
116.238.139.35 - - [15/Mar/2023:08:54:08 +0800] "GET /xingrg/all/function/internal_message.html?_=1678841649147&CODE_STATE=getMsg HTTP/1.1" 200 27
180.171.63.47 - - [15/Mar/2023:08:54:30 +0800] "GET /xingrg/all/function/internal_message.html?_=1678841675959&CODE_STATE=getMsg HTTP/1.1" 200 27
222.70.221.209 - - [15/Mar/2023:08:54:33 +0800] "GET /xingrg/all/function/internal_message.html?_=1678841787679&CODE_STATE=getMsg HTTP/1.1" 200 27
124.77.245.38 - - [15/Mar/2023:08:54:34 +0800] "GET /xingrg/all/function/internal_message.html?_=1678841683575&CODE_STATE=getMsg HTTP/1.1" 200 27
116.224.106.218 - - [15/Mar/2023:08:54:37 +0800] "GET /xingrg/all/function/internal_message.html?_=1678841677423&CODE_STATE=getMsg HTTP/1.1" 200 27
120.253.135.82 - - [15/Mar/2023:08:54:44 +0800] "GET /xingrg/login.html HTTP/1.1" 200 7641
120.253.135.82 - - [15/Mar/2023:08:54:44 +0800] "GET /xingrg/images/blue/jxLogo.png HTTP/1.1" 200 6156
120.253.135.82 - - [15/Mar/2023:08:54:45 +0800] "GET /xingrg/images/blue/login_bg.png HTTP/1.1" 200 22101
120.253.135.82 - - [15/Mar/2023:08:54:45 +0800] "GET /xingrg/images/blue/hj.png HTTP/1.1" 200 1014
120.253.135.82 - - [15/Mar/2023:08:54:45 +0800] "GET /xingrg/images/blue/srbg.png HTTP/1.1" 200 138
120.253.135.82 - - [15/Mar/2023:08:54:45 +0800] "GET /favicon.ico HTTP/1.1" 404 -
120.253.135.82 - - [15/Mar/2023:08:54:48 +0800] "POST /xingrg/login.do HTTP/1.1" 302 -
120.253.135.82 - - [15/Mar/2023:08:54:48 +0800] "GET /xingrg/index.html?sysBaseUrl=http%3A%2F%2F180.169.147.146%3A18081%2Fxingrg%2F&costTime=854×tamp=1678841688302 HTTP/1.1" 200 17173
120.253.135.82 - - [15/Mar/2023:08:54:48 +0800] "GET /xingrg/javascript/jquery_easy_ui/themes/default/easyui.css HTTP/1.1" 200 26500
120.253.135.82 - - [15/Mar/2023:08:54:48 +0800] "GET /xingrg/javascript/jquery_easy_ui/themes/icon.css HTTP/1.1" 200 3949
120.253.135.82 - - [15/Mar/2023:08:54:48 +0800] "GET /xingrg/javascript/jquery.timers.js HTTP/1.1" 200 3532
120.253.135.82 - - [15/Mar/2023:08:54:48 +0800] "GET /xingrg/javascript/jquery_easy_ui/jquery.easyui.min.js HTTP/1.1" 200 213662
120.253.135.82 - - [15/Mar/2023:08:54:48 +0800] "GET /xingrg/javascript/jquery.form.js HTTP/1.1" 200 23110
120.253.135.82 - - [15/Mar/2023:08:54:48 +0800] "GET /xingrg/javascript/jquery_easy_ui/easyui-lang-zh_CN.js HTTP/1.1" 200 1900
120.253.135.82 - - [15/Mar/2023:08:54:48 +0800] "GET /xingrg/javascript/jquery-1.4.2.min.js HTTP/1.1" 200 72205
120.253.135.82 - - [15/Mar/2023:08:54:48 +0800] "GET /xingrg/javascript/jquery.utils.js HTTP/1.1" 200 11805
120.253.135.82 - - [15/Mar/2023:08:54:48 +0800] "GET /xingrg/css/form.css HTTP/1.1" 200 893
120.253.135.82 - - [15/Mar/2023:08:54:48 +0800] "GET /favicon.ico HTTP/1.1" 404 -
120.253.135.82 - - [15/Mar/2023:08:54:48 +0800] "GET /xingrg/images/blue/navBackgound.jpg HTTP/1.1" 200 12378
120.253.135.82 - - [15/Mar/2023:08:54:48 +0800] "GET /xingrg/javascript/jquery_easy_ui/themes/icons/settle_new.png HTTP/1.1" 200 826
120.253.135.82 - - [15/Mar/2023:08:54:48 +0800] "GET /xingrg/images/blue/pingpu.png HTTP/1.1" 200 231
120.253.135.82 - - [15/Mar/2023:08:54:48 +0800] "GET /xingrg/javascript/jquery_easy_ui/themes/default/images/tabs_leftarrow.png HTTP/1.1" 200 389
120.253.135.82 - - [15/Mar/2023:08:54:48 +0800] "GET /xingrg/javascript/jquery_easy_ui/themes/default/images/panel_tool_collapse.gif HTTP/1.1" 200 246
120.253.135.82 - - [15/Mar/2023:08:54:48 +0800] "GET /xingrg/javascript/jquery_easy_ui/themes/default/images/tabs_rightarrow.png HTTP/1.1" 200 395
120.253.135.82 - - [15/Mar/2023:08:54:48 +0800] "POST /xingrg/all/common/load_tree.html?tree=area_rest_tree_json&manage=1 HTTP/1.1" 200 344
120.253.135.82 - - [15/Mar/2023:08:54:48 +0800] "GET /xingrg/all/function/internal_message.html?_=1678841516657&CODE_STATE=count HTTP/1.1" 200 11
120.253.135.82 - - [15/Mar/2023:08:54:48 +0800] "GET /xingrg/check_reg.html?_=1678841516658 HTTP/1.1" 200 22
120.253.135.82 - - [15/Mar/2023:08:54:48 +0800] "GET /xingrg/javascript/jquery_easy_ui/themes/default/images/tree_arrows.gif HTTP/1.1" 200 1043
120.253.135.82 - - [15/Mar/2023:08:54:48 +0800] "POST /xingrg/load_menu.html HTTP/1.1" 200 6743
120.253.135.82 - - [15/Mar/2023:08:54:49 +0800] "GET /xingrg/javascript/jquery_easy_ui/themes/default/images/tree_folder_open.gif HTTP/1.1" 200 956
120.253.135.82 - - [15/Mar/2023:08:54:49 +0800] "GET /xingrg/javascript/jquery_easy_ui/themes/icons/search_new.png HTTP/1.1" 200 586
120.253.135.82 - - [15/Mar/2023:08:54:49 +0800] "GET /xingrg/javascript/jquery_easy_ui/themes/icons/delivery_new.png HTTP/1.1" 200 700
120.253.135.82 - - [15/Mar/2023:08:54:49 +0800] "GET /xingrg/javascript/jquery_easy_ui/themes/default/images/tree_folder.gif HTTP/1.1" 200 952
120.253.135.82 - - [15/Mar/2023:08:54:49 +0800] "GET /xingrg/javascript/jquery_easy_ui/themes/icons/storage_new.png HTTP/1.1" 200 853
120.253.135.82 - - [15/Mar/2023:08:54:49 +0800] "GET /xingrg/javascript/jquery_easy_ui/themes/default/images/tree_file.gif HTTP/1.1" 200 118
120.253.135.82 - - [15/Mar/2023:08:54:49 +0800] "GET /xingrg/javascript/jquery_easy_ui/themes/icons/forms_new.png HTTP/1.1" 200 350
116.224.106.218 - - [15/Mar/2023:08:54:51 +0800] "GET /xingrg/check_reg.html?_=1678841690781 HTTP/1.1" 200 22
120.253.135.82 - - [15/Mar/2023:08:54:51 +0800] "GET /xingrg/javascript/jquery_easy_ui/themes/default/images/tabs_close.gif HTTP/1.1" 200 829
120.253.135.82 - - [15/Mar/2023:08:54:52 +0800] "GET /xingrg/kc/pszx/mdqp_order_list.html?state=10 HTTP/1.1" 200 10275
120.253.135.82 - - [15/Mar/2023:08:54:52 +0800] "GET /xingrg/dwr/interface/AjaxReportQueryService.js HTTP/1.1" 200 13203
120.253.135.82 - - [15/Mar/2023:08:54:52 +0800] "GET /xingrg/dwr/util.js HTTP/1.1" 200 35990
120.253.135.82 - - [15/Mar/2023:08:54:52 +0800] "GET /xingrg/javascript/pic_change.js HTTP/1.1" 200 4739
120.253.135.82 - - [15/Mar/2023:08:54:52 +0800] "GET /xingrg/dwr/interface/AjaxQqpsService.js HTTP/1.1" 200 16326
120.253.135.82 - - [15/Mar/2023:08:54:52 +0800] "GET /xingrg/css/blue.css HTTP/1.1" 200 15949
120.253.135.82 - - [15/Mar/2023:08:54:52 +0800] "GET /xingrg/javascript/myfunction.js HTTP/1.1" 200 24559
120.253.135.82 - - [15/Mar/2023:08:54:52 +0800] "GET /xingrg/javascript/Calendar.js HTTP/1.1" 200 31561
120.253.135.82 - - [15/Mar/2023:08:54:52 +0800] "GET /xingrg/dwr/engine.js HTTP/1.1" 200 43631
120.253.135.82 - - [15/Mar/2023:08:54:52 +0800] "GET /xingrg/javascript/jquery_easy_ui/themes/icons/uncheck_new.png HTTP/1.1" 200 3197
120.253.135.82 - - [15/Mar/2023:08:54:52 +0800] "GET /xingrg/javascript/jquery_easy_ui/themes/icons/check_new.png HTTP/1.1" 200 3224
120.253.135.82 - - [15/Mar/2023:08:54:52 +0800] "GET /xingrg/javascript/jquery_easy_ui/themes/icons/back_new.png HTTP/1.1" 200 3414
120.253.135.82 - - [15/Mar/2023:08:54:56 +0800] "GET /xingrg/kc/pszx/mdqp_order_list.html?state=10 HTTP/1.1" 200 10275
120.253.135.82 - - [15/Mar/2023:08:54:56 +0800] "GET /xingrg/dwr/interface/AjaxQqpsService.js HTTP/1.1" 200 16326
120.253.135.82 - - [15/Mar/2023:08:54:56 +0800] "GET /xingrg/dwr/interface/AjaxReportQueryService.js HTTP/1.1" 200 13203
120.253.135.82 - - [15/Mar/2023:08:54:56 +0800] "GET /xingrg/dwr/engine.js HTTP/1.1" 200 43631
120.253.135.82 - - [15/Mar/2023:08:55:00 +0800] "GET /xingrg/kc/pszx/mdth_order_list.html HTTP/1.1" 200 18456
120.253.135.82 - - [15/Mar/2023:08:55:00 +0800] "GET /xingrg/css/site.css HTTP/1.1" 200 7541
120.253.135.82 - - [15/Mar/2023:08:55:00 +0800] "GET /xingrg/css/base.css HTTP/1.1" 200 2811
120.253.135.82 - - [15/Mar/2023:08:55:00 +0800] "GET /xingrg/javascript/easyui/themes/icon.css HTTP/1.1" 200 4483
120.253.135.82 - - [15/Mar/2023:08:55:00 +0800] "GET /xingrg/javascript/auto/jquery.autocomplete.css HTTP/1.1" 200 587
120.253.135.82 - - [15/Mar/2023:08:55:00 +0800] "GET /xingrg/javascript/easyui/themes/default/easyui.css HTTP/1.1" 200 30432
120.253.135.82 - - [15/Mar/2023:08:55:00 +0800] "GET /xingrg/javascript/jquery_tools/datebox.css HTTP/1.1" 200 2597
120.253.135.82 - - [15/Mar/2023:08:55:00 +0800] "GET /xingrg/javascript/jquery_tools/fix.css HTTP/1.1" 200 1702
120.253.135.82 - - [15/Mar/2023:08:55:00 +0800] "GET /xingrg/javascript/jquery_tools/table.css HTTP/1.1" 200 1032
120.253.135.82 - - [15/Mar/2023:08:55:00 +0800] "GET /xingrg/javascript/jquery_tools/jquery.tools.min.js HTTP/1.1" 200 138801
120.253.135.82 - - [15/Mar/2023:08:55:00 +0800] "GET /xingrg/javascript/jquery_tools/jquery.tools.hotkey.js HTTP/1.1" 200 3242
120.253.135.82 - - [15/Mar/2023:08:55:00 +0800] "GET /xingrg/javascript/jquery_tools/list_manager.js HTTP/1.1" 200 3652
120.253.135.82 - - [15/Mar/2023:08:55:00 +0800] "GET /xingrg/javascript/jquery_tools/jquery.tools.extend.js HTTP/1.1" 200 15385
120.253.135.82 - - [15/Mar/2023:08:55:00 +0800] "GET /xingrg/javascript/auto/jquery.autocomplete.js HTTP/1.1" 200 21624
120.253.135.82 - - [15/Mar/2023:08:55:00 +0800] "GET /xingrg/javascript/jquery_tools/jquery.tools.table.js HTTP/1.1" 200 6994
120.253.135.82 - - [15/Mar/2023:08:55:00 +0800] "GET /xingrg/javascript/jquery.cookie.js HTTP/1.1" 200 5513
120.253.135.82 - - [15/Mar/2023:08:55:00 +0800] "GET /xingrg/javascript/print/LodopFuncs.js HTTP/1.1" 200 5121
120.253.135.82 - - [15/Mar/2023:08:55:00 +0800] "GET /xingrg/javascript/easyui/easyloader.js HTTP/1.1" 200 5975
120.253.135.82 - - [15/Mar/2023:08:55:01 +0800] "GET /xingrg/javascript/easyui/themes/icons/import_new.png HTTP/1.1" 200 1247
120.253.135.82 - - [15/Mar/2023:08:55:01 +0800] "GET /xingrg/javascript/jquery_easy_ui/themes/icons/area.png HTTP/1.1" 200 262
120.253.135.82 - - [15/Mar/2023:08:55:01 +0800] "GET /xingrg/javascript/jquery_easy_ui/themes/icons/manage.png HTTP/1.1" 200 696
120.253.135.82 - - [15/Mar/2023:08:55:01 +0800] "GET /xingrg/javascript/easyui/plugins/jquery.parser.js HTTP/1.1" 200 1142
120.253.135.82 - - [15/Mar/2023:08:55:01 +0800] "GET /xingrg/images/control/ajaxLoader.gif HTTP/1.1" 200 4659
120.253.135.82 - - [15/Mar/2023:08:55:01 +0800] "POST /xingrg/kc/pszx/mdth_order_new_list.html HTTP/1.1" 200 4726
116.238.139.35 - - [15/Mar/2023:08:55:08 +0800] "GET /xingrg/all/function/internal_message.html?_=1678841709134&CODE_STATE=getMsg HTTP/1.1" 200 27
120.253.135.82 - - [15/Mar/2023:08:55:11 +0800] "GET /xingrg/kc/pszx/mdqp_order_list.html?state=10 HTTP/1.1" 200 10275
120.253.135.82 - - [15/Mar/2023:08:55:11 +0800] "GET /xingrg/dwr/interface/AjaxQqpsService.js HTTP/1.1" 200 16326
120.253.135.82 - - [15/Mar/2023:08:55:11 +0800] "GET /xingrg/dwr/interface/AjaxReportQueryService.js HTTP/1.1" 200 13203
120.253.135.82 - - [15/Mar/2023:08:55:11 +0800] "GET /xingrg/dwr/engine.js HTTP/1.1" 200 43631
120.253.135.82 - - [15/Mar/2023:08:55:22 +0800] "GET /xingrg/javascript/jquery_easy_ui/themes/default/images/button_plain_hover.png HTTP/1.1" 200 252
120.253.135.82 - - [15/Mar/2023:08:55:25 +0800] "GET /xingrg/kc/pszx/ps_main.html?isBack=1 HTTP/1.1" 200 13401
120.253.135.82 - - [15/Mar/2023:08:55:25 +0800] "GET /xingrg/javascript/ToolTips.js HTTP/1.1" 200 5615
120.253.135.82 - - [15/Mar/2023:08:55:25 +0800] "GET /xingrg/images/blue/button/ckpd.gif HTTP/1.1" 200 2051
120.253.135.82 - - [15/Mar/2023:08:55:25 +0800] "GET /xingrg/images/blue/button/fdqpd.gif HTTP/1.1" 200 2116
120.253.135.82 - - [15/Mar/2023:08:55:25 +0800] "GET /xingrg/images/blue/button/pszx.gif HTTP/1.1" 200 2648
120.253.135.82 - - [15/Mar/2023:08:55:25 +0800] "GET /xingrg/images/blue/button/yddb.gif HTTP/1.1" 200 2040
120.253.135.82 - - [15/Mar/2023:08:55:25 +0800] "GET /xingrg/images/blue/button/fdps2.gif HTTP/1.1" 200 2548
120.253.135.82 - - [15/Mar/2023:08:55:25 +0800] "GET /xingrg/images/blue/button/cgydd.gif HTTP/1.1" 200 2712
120.253.135.82 - - [15/Mar/2023:08:55:25 +0800] "GET /xingrg/images/blue/button/jzcgd.gif HTTP/1.1" 200 1976
120.253.135.82 - - [15/Mar/2023:08:55:25 +0800] "GET /xingrg/images/blue/pic_form2.gif HTTP/1.1" 200 1853
120.253.135.82 - - [15/Mar/2023:08:55:25 +0800] "GET /xingrg/images/blue/button/down_ah.jpg HTTP/1.1" 200 1732
120.253.135.82 - - [15/Mar/2023:08:55:25 +0800] "GET /xingrg/images/blue/bg_dotted.jpg HTTP/1.1" 200 319
120.253.135.82 - - [15/Mar/2023:08:55:25 +0800] "GET /xingrg/images/blue/button/left_down_ah.jpg HTTP/1.1" 200 1848
120.253.135.82 - - [15/Mar/2023:08:55:25 +0800] "GET /xingrg/images/blue/button/line.jpg HTTP/1.1" 200 1397
120.253.135.82 - - [15/Mar/2023:08:55:25 +0800] "GET /xingrg/images/blue/button/right_down_ah.jpg HTTP/1.1" 200 1842
120.253.135.82 - - [15/Mar/2023:08:55:27 +0800] "GET /xingrg/kc/pszx/mdqp_order_list.html?state=10 HTTP/1.1" 200 10275
120.253.135.82 - - [15/Mar/2023:08:55:27 +0800] "GET /xingrg/dwr/interface/AjaxQqpsService.js HTTP/1.1" 200 16326
120.253.135.82 - - [15/Mar/2023:08:55:27 +0800] "GET /xingrg/dwr/interface/AjaxReportQueryService.js HTTP/1.1" 200 13203
120.253.135.82 - - [15/Mar/2023:08:55:27 +0800] "GET /xingrg/dwr/engine.js HTTP/1.1" 200 43631
180.171.63.47 - - [15/Mar/2023:08:55:30 +0800] "GET /xingrg/all/function/internal_message.html?_=1678841735959&CODE_STATE=getMsg HTTP/1.1" 200 27
222.70.221.209 - - [15/Mar/2023:08:55:33 +0800] "GET /xingrg/all/function/internal_message.html?_=1678841847678&CODE_STATE=getMsg HTTP/1.1" 200 27
124.77.245.38 - - [15/Mar/2023:08:55:34 +0800] "GET /xingrg/all/function/internal_message.html?_=1678841743589&CODE_STATE=getMsg HTTP/1.1" 200 27
116.224.106.218 - - [15/Mar/2023:08:55:37 +0800] "GET /xingrg/all/function/internal_message.html?_=1678841737397&CODE_STATE=getMsg HTTP/1.1" 200 27
116.238.139.35 - - [15/Mar/2023:08:56:08 +0800] "GET /xingrg/all/function/internal_message.html?_=1678841769137&CODE_STATE=getMsg HTTP/1.1" 200 27
180.171.63.47 - - [15/Mar/2023:08:56:30 +0800] "GET /xingrg/all/function/internal_message.html?_=1678841795959&CODE_STATE=getMsg HTTP/1.1" 200 27
222.70.221.209 - - [15/Mar/2023:08:56:33 +0800] "GET /xingrg/all/function/internal_message.html?_=1678841907677&CODE_STATE=getMsg HTTP/1.1" 200 27
222.70.221.209 - - [15/Mar/2023:08:56:33 +0800] "GET /xingrg/check_reg.html?_=1678841907681 HTTP/1.1" 200 22
124.77.245.38 - - [15/Mar/2023:08:56:34 +0800] "GET /xingrg/all/function/internal_message.html?_=1678841803902&CODE_STATE=getMsg HTTP/1.1" 200 27
116.224.106.218 - - [15/Mar/2023:08:56:37 +0800] "GET /xingrg/all/function/internal_message.html?_=1678841797382&CODE_STATE=getMsg HTTP/1.1" 200 27
116.238.139.35 - - [15/Mar/2023:08:56:47 +0800] "GET /xingrg/check_reg.html?_=1678841737339 HTTP/1.1" 302 -
116.238.139.35 - - [15/Mar/2023:08:57:08 +0800] "GET /xingrg/all/function/internal_message.html?_=1678841829149&CODE_STATE=getMsg HTTP/1.1" 200 27
124.77.245.38 - - [15/Mar/2023:08:57:21 +0800] "POST /xingrg/kc/buy/cgsh_list_operate.html HTTP/1.1" 200 986
180.171.63.47 - - [15/Mar/2023:08:57:31 +0800] "GET /xingrg/check_reg.html?_=1678841855976 HTTP/1.1" 200 22
180.171.63.47 - - [15/Mar/2023:08:57:31 +0800] "GET /xingrg/all/function/internal_message.html?_=1678841855974&CODE_STATE=getMsg HTTP/1.1" 200 27
222.70.221.209 - - [15/Mar/2023:08:57:33 +0800] "GET /xingrg/all/function/internal_message.html?_=1678841967683&CODE_STATE=getMsg HTTP/1.1" 200 27
116.224.106.218 - - [15/Mar/2023:08:57:37 +0800] "GET /xingrg/all/function/internal_message.html?_=1678841857368&CODE_STATE=getMsg HTTP/1.1" 200 27
124.77.245.38 - - [15/Mar/2023:08:57:40 +0800] "GET /favicon.ico HTTP/1.1" 404 -
124.77.245.38 - - [15/Mar/2023:08:57:40 +0800] "GET /xingrg/login.html HTTP/1.1" 200 7641
124.77.245.38 - - [15/Mar/2023:08:57:41 +0800] "GET /favicon.ico HTTP/1.1" 404 -
124.77.245.38 - - [15/Mar/2023:08:57:43 +0800] "POST /xingrg/login.do HTTP/1.1" 302 -
124.77.245.38 - - [15/Mar/2023:08:57:43 +0800] "GET /xingrg/index.html?sysBaseUrl=http%3A%2F%2F180.169.147.146%3A18081%2Fxingrg%2F&costTime=862×tamp=1678841863246 HTTP/1.1" 200 17179
124.77.245.38 - - [15/Mar/2023:08:57:43 +0800] "GET /xingrg/javascript/jquery_easy_ui/themes/default/easyui.css HTTP/1.1" 304 -
124.77.245.38 - - [15/Mar/2023:08:57:43 +0800] "GET /xingrg/javascript/jquery.form.js HTTP/1.1" 304 -
124.77.245.38 - - [15/Mar/2023:08:57:43 +0800] "GET /xingrg/javascript/jquery_easy_ui/themes/icon.css HTTP/1.1" 304 -
124.77.245.38 - - [15/Mar/2023:08:57:43 +0800] "GET /xingrg/javascript/jquery-1.4.2.min.js HTTP/1.1" 304 -
124.77.245.38 - - [15/Mar/2023:08:57:43 +0800] "GET /xingrg/css/form.css HTTP/1.1" 304 -
124.77.245.38 - - [15/Mar/2023:08:57:43 +0800] "GET /xingrg/javascript/jquery_easy_ui/jquery.easyui.min.js HTTP/1.1" 304 -
124.77.245.38 - - [15/Mar/2023:08:57:43 +0800] "GET /xingrg/javascript/jquery_easy_ui/easyui-lang-zh_CN.js HTTP/1.1" 304 -
124.77.245.38 - - [15/Mar/2023:08:57:43 +0800] "GET /xingrg/javascript/jquery.timers.js HTTP/1.1" 304 -
124.77.245.38 - - [15/Mar/2023:08:57:43 +0800] "GET /xingrg/javascript/jquery.utils.js HTTP/1.1" 304 -
124.77.245.38 - - [15/Mar/2023:08:57:43 +0800] "GET /favicon.ico HTTP/1.1" 404 -
124.77.245.38 - - [15/Mar/2023:08:57:43 +0800] "GET /xingrg/all/function/internal_message.html?_=1678841873084&CODE_STATE=count HTTP/1.1" 200 11
124.77.245.38 - - [15/Mar/2023:08:57:43 +0800] "GET /xingrg/check_reg.html?_=1678841873085 HTTP/1.1" 200 22
124.77.245.38 - - [15/Mar/2023:08:57:43 +0800] "POST /xingrg/all/common/load_tree.html?tree=area_rest_tree_json&manage=1 HTTP/1.1" 200 479
124.77.245.38 - - [15/Mar/2023:08:57:43 +0800] "POST /xingrg/load_menu.html HTTP/1.1" 200 5138
124.77.245.38 - - [15/Mar/2023:08:57:46 +0800] "GET /xingrg/kc/buy/cgsh_order_list.html HTTP/1.1" 200 54185
124.77.245.38 - - [15/Mar/2023:08:57:46 +0800] "GET /xingrg/css/base.css HTTP/1.1" 304 -
124.77.245.38 - - [15/Mar/2023:08:57:46 +0800] "GET /xingrg/css/site.css HTTP/1.1" 304 -
124.77.245.38 - - [15/Mar/2023:08:57:46 +0800] "GET /xingrg/javascript/jquery_tools/datebox.css HTTP/1.1" 304 -
124.77.245.38 - - [15/Mar/2023:08:57:46 +0800] "GET /xingrg/javascript/easyui/themes/icon.css HTTP/1.1" 304 -
124.77.245.38 - - [15/Mar/2023:08:57:46 +0800] "GET /xingrg/javascript/easyui/themes/default/easyui.css HTTP/1.1" 304 -
124.77.245.38 - - [15/Mar/2023:08:57:46 +0800] "GET /xingrg/javascript/jquery_tools/fix.css HTTP/1.1" 304 -
124.77.245.38 - - [15/Mar/2023:08:57:46 +0800] "GET /xingrg/javascript/auto/jquery.autocomplete.css HTTP/1.1" 304 -
124.77.245.38 - - [15/Mar/2023:08:57:47 +0800] "GET /xingrg/javascript/jquery_tools/jquery.tools.min.js HTTP/1.1" 304 -
124.77.245.38 - - [15/Mar/2023:08:57:47 +0800] "GET /xingrg/javascript/jquery_tools/jquery.tools.hotkey.js HTTP/1.1" 304 -
124.77.245.38 - - [15/Mar/2023:08:57:47 +0800] "GET /xingrg/javascript/jquery_tools/list_manager.js HTTP/1.1" 304 -
124.77.245.38 - - [15/Mar/2023:08:57:47 +0800] "GET /xingrg/javascript/jquery_tools/jquery.tools.table.js HTTP/1.1" 304 -
124.77.245.38 - - [15/Mar/2023:08:57:47 +0800] "GET /xingrg/javascript/easyui/easyloader.js HTTP/1.1" 304 -
124.77.245.38 - - [15/Mar/2023:08:57:47 +0800] "GET /xingrg/javascript/jquery_tools/jquery.tools.extend.js HTTP/1.1" 304 -
124.77.245.38 - - [15/Mar/2023:08:57:47 +0800] "GET /xingrg/javascript/jquery_tools/table.css HTTP/1.1" 304 -
124.77.245.38 - - [15/Mar/2023:08:57:47 +0800] "GET /xingrg/javascript/auto/jquery.autocomplete.js HTTP/1.1" 304 -
124.77.245.38 - - [15/Mar/2023:08:57:47 +0800] "GET /xingrg/javascript/jquery.cookie.js HTTP/1.1" 304 -
124.77.245.38 - - [15/Mar/2023:08:57:47 +0800] "GET /xingrg/javascript/print/LodopFuncs.js HTTP/1.1" 304 -
124.77.245.38 - - [15/Mar/2023:08:57:47 +0800] "GET /xingrg/javascript/easyui/plugins/jquery.parser.js HTTP/1.1" 304 -
124.77.245.38 - - [15/Mar/2023:08:57:49 +0800] "POST /xingrg/kc/buy/cgsh_list_operate.html HTTP/1.1" 200 986
124.77.245.38 - - [15/Mar/2023:08:57:53 +0800] "GET /xingrg/kc/buy/cgsh_order_add.html HTTP/1.1" 200 69961
124.77.245.38 - - [15/Mar/2023:08:57:53 +0800] "GET /xingrg/javascript/pic_change.js HTTP/1.1" 304 -
124.77.245.38 - - [15/Mar/2023:08:57:53 +0800] "GET /xingrg/javascript/jquery_tools/order_manager.js HTTP/1.1" 304 -
124.77.245.38 - - [15/Mar/2023:08:57:53 +0800] "GET /xingrg/javascript/convert.js HTTP/1.1" 304 -
124.77.245.38 - - [15/Mar/2023:08:57:53 +0800] "GET /xingrg/javascript/json2.js HTTP/1.1" 304 -
124.77.245.38 - - [15/Mar/2023:08:57:53 +0800] "GET /xingrg/javascript/print/kc_print.js HTTP/1.1" 304 -
124.77.245.38 - - [15/Mar/2023:08:57:53 +0800] "GET /xingrg/words/20230314142943_words.js HTTP/1.1" 304 -
124.77.245.38 - - [15/Mar/2023:08:57:54 +0800] "POST /xingrg/kc/buy/cgsh_order_operate.html HTTP/1.1" 200 8245
124.77.245.38 - - [15/Mar/2023:08:57:54 +0800] "GET /xingrg/javascript/easyui/themes/icons/edit_remove.png HTTP/1.1" 304 -
124.77.245.38 - - [15/Mar/2023:08:57:54 +0800] "GET /xingrg/all/common/auto_word.html?type=employee&rest_code=00146 HTTP/1.1" 200 101
124.77.245.38 - - [15/Mar/2023:08:57:54 +0800] "GET /xingrg/all/common/auto_word.html?type=employee&rest_code=00146 HTTP/1.1" 200 101
124.77.245.38 - - [15/Mar/2023:08:57:54 +0800] "GET /xingrg/javascript/easyui/themes/default/validatebox.css HTTP/1.1" 404 1104
124.77.245.38 - - [15/Mar/2023:08:57:54 +0800] "GET /xingrg/javascript/easyui/plugins/jquery.validatebox.js HTTP/1.1" 304 -
124.77.245.38 - - [15/Mar/2023:08:57:54 +0800] "GET /xingrg/javascript/easyui/plugins/jquery.numberbox.js HTTP/1.1" 304 -
124.77.245.38 - - [15/Mar/2023:08:57:56 +0800] "GET /xingrg/javascript/auto/indicator.gif HTTP/1.1" 404 1066
124.77.245.38 - - [15/Mar/2023:08:58:00 +0800] "GET /xingrg/javascript/jquery_tools/images/next.gif HTTP/1.1" 404 1086
124.77.245.38 - - [15/Mar/2023:08:58:00 +0800] "GET /xingrg/javascript/jquery_tools/images/prev.gif HTTP/1.1" 404 1086
116.238.139.35 - - [15/Mar/2023:08:58:08 +0800] "GET /xingrg/all/function/internal_message.html?_=1678841889149&CODE_STATE=getMsg HTTP/1.1" 200 27
