120.253.135.82 - - [15/Mar/2023:11:37:25 +0800] "GET /xingrg/dwr/interface/AjaxQqpsService.js HTTP/1.1" 200 16326
120.253.135.82 - - [15/Mar/2023:11:37:25 +0800] "GET /xingrg/dwr/interface/AjaxReportQueryService.js HTTP/1.1" 200 13203
222.70.221.209 - - [15/Mar/2023:11:37:25 +0800] "GET /xingrg/all/function/internal_message.html?_=1678851559659&CODE_STATE=getMsg HTTP/1.1" 200 27
124.79.72.155 - - [15/Mar/2023:11:37:26 +0800] "GET /xingrg/all/function/internal_message.html?_=1678851450886&CODE_STATE=getMsg HTTP/1.1" 200 27
116.225.84.253 - - [15/Mar/2023:11:37:26 +0800] "GET /xingrg/kc/buy/cgsh_order_operate.html?command=get_materiel&rest_code=00105&code=00101001140&supplier_code=00100319&order_time=2023-03-15 HTTP/1.1" 200 417
101.229.22.234 - - [15/Mar/2023:11:37:27 +0800] "GET /xingrg/check_reg.html?_=1678851447569 HTTP/1.1" 200 22
101.229.22.234 - - [15/Mar/2023:11:37:27 +0800] "GET /xingrg/all/function/internal_message.html?_=1678851447570&CODE_STATE=getMsg HTTP/1.1" 200 27
120.253.135.82 - - [15/Mar/2023:11:37:28 +0800] "GET /xingrg/kc/pszx/mdps_order_list.html?orderType=0 HTTP/1.1" 200 21032
120.253.135.82 - - [15/Mar/2023:11:37:28 +0800] "GET /xingrg/kc/pszx/mdps_order_list.html?orderType=0 HTTP/1.1" 200 21032
120.253.135.82 - - [15/Mar/2023:11:37:28 +0800] "POST /xingrg/kc/pszx/mdps_list_operate.html HTTP/1.1" 200 5197
116.238.139.35 - - [15/Mar/2023:11:37:30 +0800] "GET /xingrg/all/function/internal_message.html?_=1678851450926&CODE_STATE=getMsg HTTP/1.1" 200 27
120.253.135.82 - - [15/Mar/2023:11:37:31 +0800] "GET /xingrg/all/function/internal_message.html?_=1678851279335&CODE_STATE=getMsg HTTP/1.1" 200 27
116.224.106.218 - - [15/Mar/2023:11:37:34 +0800] "GET /xingrg/all/function/internal_message.html?_=1678851454432&CODE_STATE=getMsg HTTP/1.1" 200 27
222.70.221.209 - - [15/Mar/2023:11:37:36 +0800] "GET /xingrg/javascript/auto/indicator.gif HTTP/1.1" 404 1066
124.78.153.221 - - [15/Mar/2023:11:37:36 +0800] "POST /xingrg/kc/buy/cgsh_order_operate.html HTTP/1.1" 200 37
222.70.221.209 - - [15/Mar/2023:11:37:37 +0800] "GET /xingrg/javascript/jquery_tools/images/prev.gif HTTP/1.1" 404 1086
222.70.221.209 - - [15/Mar/2023:11:37:37 +0800] "GET /xingrg/javascript/jquery_tools/images/next.gif HTTP/1.1" 404 1086
120.253.135.82 - - [15/Mar/2023:11:37:37 +0800] "GET /xingrg/kc/pszx/mdqp_order_list.html?state=10 HTTP/1.1" 200 10709
120.253.135.82 - - [15/Mar/2023:11:37:37 +0800] "GET /xingrg/css/blue.css HTTP/1.1" 200 15949
120.253.135.82 - - [15/Mar/2023:11:37:37 +0800] "GET /xingrg/dwr/interface/AjaxReportQueryService.js HTTP/1.1" 200 13203
120.253.135.82 - - [15/Mar/2023:11:37:37 +0800] "GET /xingrg/dwr/interface/AjaxQqpsService.js HTTP/1.1" 200 16326
120.253.135.82 - - [15/Mar/2023:11:37:37 +0800] "GET /xingrg/dwr/util.js HTTP/1.1" 200 35990
120.253.135.82 - - [15/Mar/2023:11:37:38 +0800] "GET /xingrg/javascript/myfunction.js HTTP/1.1" 200 24559
120.253.135.82 - - [15/Mar/2023:11:37:38 +0800] "GET /xingrg/dwr/engine.js HTTP/1.1" 200 43631
120.253.135.82 - - [15/Mar/2023:11:37:38 +0800] "GET /xingrg/javascript/Calendar.js HTTP/1.1" 200 31561
120.253.135.82 - - [15/Mar/2023:11:37:38 +0800] "GET /xingrg/javascript/jquery_easy_ui/themes/icons/check_new.png HTTP/1.1" 200 3224
120.253.135.82 - - [15/Mar/2023:11:37:38 +0800] "GET /xingrg/javascript/jquery_easy_ui/themes/icons/uncheck_new.png HTTP/1.1" 200 3197
120.253.135.82 - - [15/Mar/2023:11:37:38 +0800] "GET /xingrg/javascript/jquery_easy_ui/themes/icons/back_new.png HTTP/1.1" 200 3414
124.78.153.221 - - [15/Mar/2023:11:37:38 +0800] "POST /xingrg/kc/buy/cgsh_order_operate.html HTTP/1.1" 200 6796
124.78.153.221 - - [15/Mar/2023:11:37:39 +0800] "GET /xingrg/kc/base/base_main.html HTTP/1.1" 200 12142
116.192.124.172 - - [15/Mar/2023:11:37:40 +0800] "GET /xingrg/all/function/internal_message.html?_=1678851459824&CODE_STATE=getMsg HTTP/1.1" 200 27
124.78.153.221 - - [15/Mar/2023:11:37:40 +0800] "GET /xingrg/kc/base/wldb_order_list.html HTTP/1.1" 200 19098
120.253.135.82 - - [15/Mar/2023:11:37:40 +0800] "GET /xingrg/kc/pszx/mdqp_order_info.html?code=302023031500282 HTTP/1.1" 200 13338
120.253.135.82 - - [15/Mar/2023:11:37:40 +0800] "GET /xingrg/javascript/tools/jquery.qtip-1.0.0-rc3.min.js HTTP/1.1" 200 38404
120.253.135.82 - - [15/Mar/2023:11:37:40 +0800] "GET /xingrg/dwr/interface/AjaxComOrderService.js HTTP/1.1" 200 18264
120.253.135.82 - - [15/Mar/2023:11:37:40 +0800] "GET /xingrg/dwr/engine.js HTTP/1.1" 200 43631
120.253.135.82 - - [15/Mar/2023:11:37:40 +0800] "GET /xingrg/dwr/interface/AjaxQqpsService.js HTTP/1.1" 200 16326
120.253.135.82 - - [15/Mar/2023:11:37:40 +0800] "GET /xingrg/javascript/checkform.js HTTP/1.1" 200 18351
120.253.135.82 - - [15/Mar/2023:11:37:40 +0800] "GET /xingrg/javascript/AjaxInfoList.js HTTP/1.1" 200 3774
120.253.135.82 - - [15/Mar/2023:11:37:40 +0800] "GET /xingrg/javascript/Grid.js HTTP/1.1" 200 58908
120.253.135.82 - - [15/Mar/2023:11:37:40 +0800] "GET /xingrg/javascript/ToolTips.js HTTP/1.1" 200 5615
120.253.135.82 - - [15/Mar/2023:11:37:40 +0800] "GET /xingrg/javascript/jquery_easy_ui/themes/icons/print.png HTTP/1.1" 200 1057
120.253.135.82 - - [15/Mar/2023:11:37:40 +0800] "GET /xingrg/javascript/jquery_easy_ui/themes/default/images/menu_downarrow.png HTTP/1.1" 200 173
120.253.135.82 - - [15/Mar/2023:11:37:40 +0800] "GET /xingrg/images/blue/button/kc_tab_edit.gif HTTP/1.1" 200 551
120.253.135.82 - - [15/Mar/2023:11:37:40 +0800] "GET /xingrg/images/blue/button/kc_tab_save.gif HTTP/1.1" 200 777
120.253.135.82 - - [15/Mar/2023:11:37:40 +0800] "GET /xingrg/images/blue/kc_tab_left.gif HTTP/1.1" 200 188
120.253.135.82 - - [15/Mar/2023:11:37:40 +0800] "GET /xingrg/images/blue/kc_tab_right.gif HTTP/1.1" 200 643
120.253.135.82 - - [15/Mar/2023:11:37:40 +0800] "GET /xingrg/images/blue/kc_tab_mid.gif HTTP/1.1" 200 44
120.253.135.82 - - [15/Mar/2023:11:37:40 +0800] "GET /xingrg/images/blue/kc_tab2_left.gif HTTP/1.1" 200 625
120.253.135.82 - - [15/Mar/2023:11:37:40 +0800] "GET /xingrg/images/blue/kc_tab2_right.gif HTTP/1.1" 200 192
120.253.135.82 - - [15/Mar/2023:11:37:40 +0800] "GET /xingrg/images/blue/wait.gif HTTP/1.1" 200 1100
124.78.153.221 - - [15/Mar/2023:11:37:41 +0800] "POST /xingrg/kc/base/wldb_list_operate.html HTTP/1.1" 200 2958
120.253.135.82 - - [15/Mar/2023:11:37:41 +0800] "POST /xingrg/dwr/call/plaincall/AjaxQqpsService.loadMaterielItems.dwr HTTP/1.1" 200 340
222.70.221.209 - - [15/Mar/2023:11:37:42 +0800] "GET /xingrg/kc/buy/cgsh_order_operate.html?command=get_materiel&rest_code=00155&code=00101003006&supplier_code=00100092&order_time=2023-03-15 HTTP/1.1" 200 414
114.83.222.182 - - [15/Mar/2023:11:37:43 +0800] "GET /xingrg/all/function/internal_message.html?_=1678851529250&CODE_STATE=getMsg HTTP/1.1" 200 27
124.78.153.221 - - [15/Mar/2023:11:37:43 +0800] "GET /xingrg/kc/base/wldb_order_add.html HTTP/1.1" 200 30385
124.78.153.221 - - [15/Mar/2023:11:37:43 +0800] "POST /xingrg/kc/base/wldb_order_operate.html HTTP/1.1" 200 6806
124.78.153.221 - - [15/Mar/2023:11:37:43 +0800] "GET /xingrg/javascript/easyui/themes/default/validatebox.css HTTP/1.1" 404 1104
120.253.135.82 - - [15/Mar/2023:11:37:43 +0800] "GET /xingrg/javascript/jquery_easy_ui/themes/default/images/button_plain_hover.png HTTP/1.1" 200 252
120.253.135.82 - - [15/Mar/2023:11:37:44 +0800] "GET /xingrg/kc/pszx/mdqp_order_list.html?isBack=1 HTTP/1.1" 302 -
120.253.135.82 - - [15/Mar/2023:11:37:44 +0800] "GET /xingrg/images/yd/bt.gif HTTP/1.1" 404 1040
120.253.135.82 - - [15/Mar/2023:11:37:44 +0800] "GET /xingrg/images/yd/bt2.gif HTTP/1.1" 404 1042
120.253.135.82 - - [15/Mar/2023:11:37:44 +0800] "GET /xingrg/kc/pszx/mdqp_order_list.html?state=10 HTTP/1.1" 200 10709
120.253.135.82 - - [15/Mar/2023:11:37:45 +0800] "GET /xingrg/dwr/interface/AjaxQqpsService.js HTTP/1.1" 200 16326
120.253.135.82 - - [15/Mar/2023:11:37:45 +0800] "GET /xingrg/dwr/interface/AjaxReportQueryService.js HTTP/1.1" 200 13203
120.253.135.82 - - [15/Mar/2023:11:37:45 +0800] "GET /xingrg/dwr/engine.js HTTP/1.1" 200 43631
114.83.219.234 - - [15/Mar/2023:11:37:45 +0800] "GET /xingrg/kc/buy/cgsh_order_add.html HTTP/1.1" 200 70049
124.78.153.221 - - [15/Mar/2023:11:37:45 +0800] "POST /xingrg/all/common/load_combo.html?type=base HTTP/1.1" 200 3227
114.83.219.234 - - [15/Mar/2023:11:37:45 +0800] "POST /xingrg/kc/buy/cgsh_order_operate.html HTTP/1.1" 200 8245
114.83.219.234 - - [15/Mar/2023:11:37:45 +0800] "GET /xingrg/javascript/easyui/themes/default/validatebox.css HTTP/1.1" 404 1104
124.77.245.38 - - [15/Mar/2023:11:37:45 +0800] "GET /xingrg/check_reg.html?_=1678851475587 HTTP/1.1" 200 22
116.225.84.253 - - [15/Mar/2023:11:37:47 +0800] "GET /xingrg/all/function/internal_message.html?_=1678851466794&CODE_STATE=getMsg HTTP/1.1" 200 27
120.253.135.82 - - [15/Mar/2023:11:37:48 +0800] "GET /xingrg/kc/pszx/mdqp_order_list.html?state=10 HTTP/1.1" 200 10709
120.253.135.82 - - [15/Mar/2023:11:37:48 +0800] "GET /xingrg/dwr/interface/AjaxReportQueryService.js HTTP/1.1" 200 13203
120.253.135.82 - - [15/Mar/2023:11:37:48 +0800] "GET /xingrg/dwr/interface/AjaxQqpsService.js HTTP/1.1" 200 16326
120.253.135.82 - - [15/Mar/2023:11:37:48 +0800] "GET /xingrg/dwr/engine.js HTTP/1.1" 200 43631
116.225.84.253 - - [15/Mar/2023:11:37:48 +0800] "GET /xingrg/all/function/internal_message.html?_=1678851312304&CODE_STATE=getMsg HTTP/1.1" 200 27
180.163.30.85 - - [15/Mar/2023:11:37:49 +0800] "GET /xingrg/all/function/internal_message.html?_=1678851408122&CODE_STATE=getMsg HTTP/1.1" 302 -
180.163.30.85 - - [15/Mar/2023:11:37:49 +0800] "GET /xingrg/login.html HTTP/1.1" 200 7641
124.78.153.221 - - [15/Mar/2023:11:37:49 +0800] "GET /xingrg/all/function/internal_message.html?_=1678851468146&CODE_STATE=getMsg HTTP/1.1" 200 27
124.78.153.221 - - [15/Mar/2023:11:37:49 +0800] "POST /xingrg/all/common/load_combo.html?type=base HTTP/1.1" 200 3227
116.225.84.253 - - [15/Mar/2023:11:37:51 +0800] "GET /xingrg/kc/buy/cgsh_order_operate.html?command=get_materiel&rest_code=00105&code=00101001125&supplier_code=00100319&order_time=2023-03-15 HTTP/1.1" 200 417
120.253.135.82 - - [15/Mar/2023:11:37:54 +0800] "GET /xingrg/check_reg.html?_=1678851604041 HTTP/1.1" 200 22
120.253.135.82 - - [15/Mar/2023:11:37:54 +0800] "GET /xingrg/all/function/internal_message.html?_=1678851604039&CODE_STATE=getMsg HTTP/1.1" 200 27
124.77.245.38 - - [15/Mar/2023:11:37:54 +0800] "GET /xingrg/all/function/internal_message.html?_=1678851484979&CODE_STATE=getMsg HTTP/1.1" 200 27
180.169.147.146 - - [15/Mar/2023:11:37:54 +0800] "GET /xingrg/all/function/internal_message.html?_=1678851474367&CODE_STATE=getMsg HTTP/1.1" 200 27
222.70.221.209 - - [15/Mar/2023:11:37:57 +0800] "POST /xingrg/kc/buy/cgsh_order_operate.html HTTP/1.1" 200 37
120.253.135.82 - - [15/Mar/2023:11:37:58 +0800] "GET /xingrg/kc/pszx/mdps_order_list.html?orderType=0 HTTP/1.1" 200 21032
124.79.240.233 - - [15/Mar/2023:11:37:58 +0800] "GET /xingrg/all/function/internal_message.html?_=1678851468060&CODE_STATE=getMsg HTTP/1.1" 200 27
222.70.221.209 - - [15/Mar/2023:11:37:58 +0800] "POST /xingrg/kc/buy/cgsh_order_operate.html HTTP/1.1" 200 2662
120.253.135.82 - - [15/Mar/2023:11:37:59 +0800] "POST /xingrg/kc/pszx/mdps_list_operate.html HTTP/1.1" 200 5197
222.70.221.209 - - [15/Mar/2023:11:37:59 +0800] "GET /xingrg/kc/print/load_config.html?kc_code=cgsh HTTP/1.1" 200 1925
222.70.221.209 - - [15/Mar/2023:11:38:00 +0800] "GET /xingrg/kc/print/load_data.html?order_code=212023031505412&kc_code=cgsh&condition= HTTP/1.1" 200 736
114.83.219.234 - - [15/Mar/2023:11:38:00 +0800] "GET /xingrg/kc/buy/cgsh_order_operate.html?command=get_materiel&rest_code=00149&code=00101031006&supplier_code=00100151&order_time=2023-03-15 HTTP/1.1" 200 417
120.253.135.82 - - [15/Mar/2023:11:38:01 +0800] "GET /xingrg/javascript/auto/indicator.gif HTTP/1.1" 404 1066
180.164.3.199 - - [15/Mar/2023:11:38:01 +0800] "GET /xingrg/all/function/internal_message.html?_=1678851482310&CODE_STATE=getMsg HTTP/1.1" 200 27
116.225.84.253 - - [15/Mar/2023:11:38:02 +0800] "GET /xingrg/kc/buy/cgsh_order_operate.html?command=get_materiel&rest_code=00105&code=00101001169&supplier_code=00100319&order_time=2023-03-15 HTTP/1.1" 200 417
114.83.222.182 - - [15/Mar/2023:11:38:03 +0800] "GET /xingrg/kc/buy/cgsh_order_add.html HTTP/1.1" 200 69164
114.83.222.182 - - [15/Mar/2023:11:38:03 +0800] "POST /xingrg/kc/buy/cgsh_order_operate.html HTTP/1.1" 200 8245
114.83.222.182 - - [15/Mar/2023:11:38:03 +0800] "GET /xingrg/javascript/easyui/themes/default/validatebox.css HTTP/1.1" 404 1104
222.70.221.209 - - [15/Mar/2023:11:38:05 +0800] "GET /xingrg/kc/buy/cgsh_order_add.html HTTP/1.1" 200 70008
222.70.221.209 - - [15/Mar/2023:11:38:05 +0800] "POST /xingrg/kc/buy/cgsh_order_operate.html HTTP/1.1" 200 8245
222.70.221.209 - - [15/Mar/2023:11:38:05 +0800] "GET /xingrg/javascript/easyui/themes/default/validatebox.css HTTP/1.1" 404 1104
120.253.135.82 - - [15/Mar/2023:11:38:06 +0800] "POST /xingrg/kc/pszx/mdps_list_operate.html HTTP/1.1" 200 2809
124.77.245.38 - - [15/Mar/2023:11:38:07 +0800] "GET /xingrg/kc/buy/cgsh_order_operate.html?command=get_materiel&rest_code=00146&code=00101001167&supplier_code=00100314&order_time=2023-03-15 HTTP/1.1" 200 413
222.70.221.209 - - [15/Mar/2023:11:38:08 +0800] "GET /xingrg/kc/buy/cgsh_order_add.html HTTP/1.1" 200 70008
222.70.221.209 - - [15/Mar/2023:11:38:09 +0800] "POST /xingrg/kc/buy/cgsh_order_operate.html HTTP/1.1" 200 8245
222.70.221.209 - - [15/Mar/2023:11:38:09 +0800] "GET /xingrg/javascript/easyui/themes/default/validatebox.css HTTP/1.1" 404 1104
120.253.135.82 - - [15/Mar/2023:11:38:09 +0800] "POST /xingrg/kc/pszx/mdps_list_operate.html HTTP/1.1" 200 612
114.83.219.234 - - [15/Mar/2023:11:38:09 +0800] "GET /xingrg/all/function/internal_message.html?_=1678851489621&CODE_STATE=getMsg HTTP/1.1" 200 27
116.192.124.172 - - [15/Mar/2023:11:38:10 +0800] "GET /xingrg/all/function/internal_message.html?_=1678851503322&CODE_STATE=getMsg HTTP/1.1" 200 27
120.253.135.82 - - [15/Mar/2023:11:38:11 +0800] "POST /xingrg/kc/pszx/mdps_list_operate.html HTTP/1.1" 200 664
120.253.135.82 - - [15/Mar/2023:11:38:12 +0800] "GET /xingrg/kc/pszx/mdps_order_info.html?code=312023031500345 HTTP/1.1" 200 23978
120.253.135.82 - - [15/Mar/2023:11:38:12 +0800] "GET /xingrg/javascript/easyui/themes/icons/copy_new.png HTTP/1.1" 200 815
120.253.135.82 - - [15/Mar/2023:11:38:12 +0800] "GET /xingrg/javascript/easyui/themes/default/validatebox.css HTTP/1.1" 404 1104
180.169.147.146 - - [15/Mar/2023:11:38:13 +0800] "GET /xingrg/all/function/internal_message.html?_=1678851493433&CODE_STATE=getMsg HTTP/1.1" 200 27
180.169.147.146 - - [15/Mar/2023:11:38:13 +0800] "GET /xingrg/check_reg.html?_=1678851493438 HTTP/1.1" 200 22
120.253.135.82 - - [15/Mar/2023:11:38:13 +0800] "POST /xingrg/kc/pszx/mdps_order_operate.html HTTP/1.1" 200 17838
120.253.135.82 - - [15/Mar/2023:11:38:13 +0800] "GET /xingrg/javascript/easyui/themes/icons/edit_remove.png HTTP/1.1" 200 625
124.78.153.221 - - [15/Mar/2023:11:38:15 +0800] "GET /xingrg/kc/base/wldb_order_operate.html?command=get_materiel&rest_code=00106&base_code=0010397&code=00102002238 HTTP/1.1" 200 434
222.67.232.202 - - [15/Mar/2023:11:38:15 +0800] "GET /xingrg/all/function/internal_message.html?_=1678851046213&CODE_STATE=getMsg HTTP/1.1" 200 27
222.70.221.209 - - [15/Mar/2023:11:38:16 +0800] "GET /xingrg/kc/buy/cgsh_order_operate.html?command=get_materiel&rest_code=00155&code=00101002038&supplier_code=00100087&order_time=2023-03-15 HTTP/1.1" 200 418
124.78.153.221 - - [15/Mar/2023:11:38:21 +0800] "POST /xingrg/kc/base/wldb_order_operate.html HTTP/1.1" 200 37
222.70.182.154 - - [15/Mar/2023:11:38:22 +0800] "GET /xingrg/all/function/internal_message.html?_=1678851500752&CODE_STATE=getMsg HTTP/1.1" 200 27
124.78.153.221 - - [15/Mar/2023:11:38:22 +0800] "POST /xingrg/kc/base/wldb_order_operate.html HTTP/1.1" 200 2679
124.78.153.221 - - [15/Mar/2023:11:38:23 +0800] "GET /xingrg/kc/base/wldb_order_info.html?code=422023031501209 HTTP/1.1" 200 30401
124.78.153.221 - - [15/Mar/2023:11:38:24 +0800] "GET /xingrg/javascript/easyui/themes/default/validatebox.css HTTP/1.1" 404 1104
124.78.153.221 - - [15/Mar/2023:11:38:24 +0800] "POST /xingrg/kc/base/wldb_order_operate.html HTTP/1.1" 200 2679
222.70.221.209 - - [15/Mar/2023:11:38:25 +0800] "GET /xingrg/all/function/internal_message.html?_=1678851619658&CODE_STATE=getMsg HTTP/1.1" 200 27
124.79.72.155 - - [15/Mar/2023:11:38:26 +0800] "GET /xingrg/all/function/internal_message.html?_=1678851510877&CODE_STATE=getMsg HTTP/1.1" 200 27
116.225.84.253 - - [15/Mar/2023:11:38:27 +0800] "POST /xingrg/kc/buy/cgsh_order_operate.html HTTP/1.1" 200 37
101.229.22.234 - - [15/Mar/2023:11:38:27 +0800] "GET /xingrg/all/function/internal_message.html?_=1678851507568&CODE_STATE=getMsg HTTP/1.1" 200 27
116.238.139.35 - - [15/Mar/2023:11:38:30 +0800] "GET /xingrg/all/function/internal_message.html?_=1678851510926&CODE_STATE=getMsg HTTP/1.1" 200 27
120.253.135.82 - - [15/Mar/2023:11:38:31 +0800] "GET /xingrg/all/function/internal_message.html?_=1678851339349&CODE_STATE=getMsg HTTP/1.1" 200 27
222.70.221.209 - - [15/Mar/2023:11:38:31 +0800] "POST /xingrg/kc/buy/cgsh_order_operate.html HTTP/1.1" 200 88
114.83.222.182 - - [15/Mar/2023:11:38:31 +0800] "POST /xingrg/kc/buy/cgsh_order_operate.html HTTP/1.1" 200 37
116.225.84.253 - - [15/Mar/2023:11:38:31 +0800] "POST /xingrg/kc/buy/cgsh_order_operate.html HTTP/1.1" 200 3860
116.225.84.253 - - [15/Mar/2023:11:38:33 +0800] "GET /xingrg/kc/print/load_data.html?order_code=212023031505413&kc_code=cgsh&condition= HTTP/1.1" 200 1141
116.224.106.218 - - [15/Mar/2023:11:38:34 +0800] "GET /xingrg/all/function/internal_message.html?_=1678851514408&CODE_STATE=getMsg HTTP/1.1" 200 27
222.70.221.209 - - [15/Mar/2023:11:38:36 +0800] "POST /xingrg/kc/buy/cgsh_order_operate.html HTTP/1.1" 200 37
222.70.221.209 - - [15/Mar/2023:11:38:37 +0800] "POST /xingrg/kc/buy/cgsh_order_operate.html HTTP/1.1" 200 2664
116.225.84.253 - - [15/Mar/2023:11:38:38 +0800] "GET /xingrg/kc/buy/cgsh_order_add.html HTTP/1.1" 200 70043
116.225.84.253 - - [15/Mar/2023:11:38:38 +0800] "GET /xingrg/javascript/easyui/themes/default/validatebox.css HTTP/1.1" 404 1104
116.225.84.253 - - [15/Mar/2023:11:38:38 +0800] "POST /xingrg/kc/buy/cgsh_order_operate.html HTTP/1.1" 200 8245
180.163.28.55 - - [15/Mar/2023:11:38:39 +0800] "GET /xingrg/kc/base/base_main.html HTTP/1.1" 302 -
180.163.28.55 - - [15/Mar/2023:11:38:39 +0800] "GET /xingrg/login.html HTTP/1.1" 200 7641
222.70.221.209 - - [15/Mar/2023:11:38:39 +0800] "GET /xingrg/kc/print/load_data.html?order_code=212023031505416&kc_code=cgsh&condition= HTTP/1.1" 200 741
116.192.124.172 - - [15/Mar/2023:11:38:40 +0800] "GET /xingrg/all/function/internal_message.html?_=1678851519818&CODE_STATE=getMsg HTTP/1.1" 200 27
114.83.222.182 - - [15/Mar/2023:11:38:41 +0800] "POST /xingrg/kc/buy/cgsh_order_operate.html HTTP/1.1" 200 12
124.78.153.221 - - [15/Mar/2023:11:38:42 +0800] "GET /xingrg/kc/base/wldb_order_add.html HTTP/1.1" 200 30385
124.78.153.221 - - [15/Mar/2023:11:38:43 +0800] "GET /xingrg/javascript/easyui/themes/default/validatebox.css HTTP/1.1" 404 1104
124.78.153.221 - - [15/Mar/2023:11:38:43 +0800] "POST /xingrg/kc/base/wldb_order_operate.html HTTP/1.1" 200 6806
180.163.29.217 - - [15/Mar/2023:11:38:43 +0800] "GET /xingrg/kc/base/wldb_order_add.html HTTP/1.1" 302 -
180.163.29.217 - - [15/Mar/2023:11:38:43 +0800] "GET /xingrg/login.html HTTP/1.1" 200 7641
124.78.153.221 - - [15/Mar/2023:11:38:43 +0800] "POST /xingrg/all/common/load_combo.html?type=base HTTP/1.1" 200 3227
222.70.221.209 - - [15/Mar/2023:11:38:44 +0800] "GET /xingrg/kc/buy/cgsh_order_add.html HTTP/1.1" 200 70008
222.70.221.209 - - [15/Mar/2023:11:38:44 +0800] "POST /xingrg/kc/buy/cgsh_order_operate.html HTTP/1.1" 200 8245
222.70.221.209 - - [15/Mar/2023:11:38:44 +0800] "GET /xingrg/javascript/easyui/themes/default/validatebox.css HTTP/1.1" 404 1104
124.78.153.221 - - [15/Mar/2023:11:38:47 +0800] "POST /xingrg/all/common/load_combo.html?type=base HTTP/1.1" 200 3227
116.225.84.253 - - [15/Mar/2023:11:38:47 +0800] "GET /xingrg/all/function/internal_message.html?_=1678851526770&CODE_STATE=getMsg HTTP/1.1" 200 27
116.225.84.253 - - [15/Mar/2023:11:38:48 +0800] "GET /xingrg/all/function/internal_message.html?_=1678851372303&CODE_STATE=getMsg HTTP/1.1" 200 27
180.163.28.143 - - [15/Mar/2023:11:38:49 +0800] "GET /xingrg/all/function/internal_message.html?_=1678851468146&CODE_STATE=getMsg HTTP/1.1" 302 -
124.78.153.221 - - [15/Mar/2023:11:38:49 +0800] "GET /xingrg/check_reg.html?_=1678851528121 HTTP/1.1" 200 22
180.163.28.143 - - [15/Mar/2023:11:38:49 +0800] "GET /xingrg/login.html HTTP/1.1" 200 7641
124.78.153.221 - - [15/Mar/2023:11:38:49 +0800] "GET /xingrg/all/function/internal_message.html?_=1678851528123&CODE_STATE=getMsg HTTP/1.1" 200 27
114.83.222.182 - - [15/Mar/2023:11:38:49 +0800] "GET /xingrg/kc/buy/cgsh_order_info.html?code=212023031505415 HTTP/1.1" 200 64070
114.83.222.182 - - [15/Mar/2023:11:38:49 +0800] "GET /xingrg/javascript/easyui/themes/default/validatebox.css HTTP/1.1" 404 1104
114.83.222.182 - - [15/Mar/2023:11:38:50 +0800] "POST /xingrg/kc/buy/cgsh_order_operate.html HTTP/1.1" 200 600
222.70.221.209 - - [15/Mar/2023:11:38:52 +0800] "GET /xingrg/kc/buy/cgsh_order_operate.html?command=get_materiel&rest_code=00155&code=00101001037&supplier_code=00100090&order_time=2023-03-15 HTTP/1.1" 200 416
114.83.222.182 - - [15/Mar/2023:11:38:53 +0800] "GET /xingrg/kc/print/load_data.html?order_code=212023031505415&kc_code=cgsh&condition= HTTP/1.1" 200 715
116.225.84.253 - - [15/Mar/2023:11:38:53 +0800] "GET /xingrg/kc/buy/cgsh_order_operate.html?command=get_materiel&rest_code=00105&code=00101004051&supplier_code=00100312&order_time=2023-03-15 HTTP/1.1" 200 408
120.253.135.82 - - [15/Mar/2023:11:38:54 +0800] "GET /xingrg/all/function/internal_message.html?_=1678851664039&CODE_STATE=getMsg HTTP/1.1" 200 27
124.78.153.221 - - [15/Mar/2023:11:38:54 +0800] "GET /xingrg/kc/base/wldb_order_operate.html?command=get_materiel&rest_code=00106&base_code=0010397&code=00102002433 HTTP/1.1" 200 457
180.169.147.146 - - [15/Mar/2023:11:38:54 +0800] "GET /xingrg/all/function/internal_message.html?_=1678851534370&CODE_STATE=getMsg HTTP/1.1" 200 27
120.253.135.82 - - [15/Mar/2023:11:38:56 +0800] "GET /xingrg/check_reg.html?_=1678851364059 HTTP/1.1" 200 22
124.79.240.233 - - [15/Mar/2023:11:38:58 +0800] "GET /xingrg/all/function/internal_message.html?_=1678851528079&CODE_STATE=getMsg HTTP/1.1" 200 27
124.77.245.38 - - [15/Mar/2023:11:38:59 +0800] "POST /xingrg/kc/buy/cgsh_order_operate.html HTTP/1.1" 200 37
114.83.219.234 - - [15/Mar/2023:11:38:59 +0800] "GET /xingrg/kc/buy/cgsh_order_operate.html?command=get_materiel&rest_code=00149&code=00101021011&supplier_code=00100151&order_time=2023-03-15 HTTP/1.1" 200 413
180.164.3.199 - - [15/Mar/2023:11:39:01 +0800] "GET /xingrg/all/function/internal_message.html?_=1678851542286&CODE_STATE=getMsg HTTP/1.1" 200 27
124.77.245.38 - - [15/Mar/2023:11:39:01 +0800] "POST /xingrg/kc/buy/cgsh_order_operate.html HTTP/1.1" 200 2658
124.77.245.38 - - [15/Mar/2023:11:39:03 +0800] "GET /xingrg/all/function/internal_message.html?_=1678851553618&CODE_STATE=getMsg HTTP/1.1" 200 27
222.70.221.209 - - [15/Mar/2023:11:39:03 +0800] "GET /xingrg/kc/buy/cgsh_order_operate.html?command=get_materiel&rest_code=00155&code=00101001140&supplier_code=00100090&order_time=2023-03-15 HTTP/1.1" 200 417
116.225.84.253 - - [15/Mar/2023:11:39:05 +0800] "GET /xingrg/kc/buy/cgsh_order_operate.html?command=get_materiel&rest_code=00105&code=00101004074&supplier_code=00100312&order_time=2023-03-15 HTTP/1.1" 200 408
124.77.245.38 - - [15/Mar/2023:11:39:05 +0800] "GET /xingrg/kc/print/load_data.html?order_code=212023031505417&kc_code=cgsh&condition= HTTP/1.1" 200 680
114.83.219.234 - - [15/Mar/2023:11:39:09 +0800] "GET /xingrg/all/function/internal_message.html?_=1678851549632&CODE_STATE=getMsg HTTP/1.1" 200 27
114.83.219.234 - - [15/Mar/2023:11:39:09 +0800] "GET /xingrg/check_reg.html?_=1678851549635 HTTP/1.1" 200 22
116.192.124.172 - - [15/Mar/2023:11:39:10 +0800] "GET /xingrg/all/function/internal_message.html?_=1678851563318&CODE_STATE=getMsg HTTP/1.1" 200 27
222.70.221.209 - - [15/Mar/2023:11:39:11 +0800] "POST /xingrg/kc/buy/cgsh_order_operate.html HTTP/1.1" 200 37
180.169.147.146 - - [15/Mar/2023:11:39:13 +0800] "GET /xingrg/all/function/internal_message.html?_=1678851553421&CODE_STATE=getMsg HTTP/1.1" 200 27
114.83.219.234 - - [15/Mar/2023:11:39:13 +0800] "GET /xingrg/kc/buy/cgsh_order_operate.html?command=get_materiel&rest_code=00149&code=00101008064&supplier_code=00100151&order_time=2023-03-15 HTTP/1.1" 200 412
222.70.221.209 - - [15/Mar/2023:11:39:13 +0800] "POST /xingrg/kc/buy/cgsh_order_operate.html HTTP/1.1" 200 3265
180.163.29.217 - - [15/Mar/2023:11:39:14 +0800] "GET /xingrg/kc/base/wldb_order_operate.html?command=get_materiel&rest_code=00106&base_code=0010397&code=00102002238 HTTP/1.1" 302 -
180.163.29.217 - - [15/Mar/2023:11:39:14 +0800] "GET /xingrg/login.html HTTP/1.1" 200 7641
222.67.232.202 - - [15/Mar/2023:11:39:15 +0800] "GET /xingrg/all/function/internal_message.html?_=1678851106193&CODE_STATE=getMsg HTTP/1.1" 200 27
124.78.153.221 - - [15/Mar/2023:11:39:16 +0800] "GET /xingrg/login.html?r=1 HTTP/1.1" 200 7641
124.78.153.221 - - [15/Mar/2023:11:39:16 +0800] "GET /favicon.ico HTTP/1.1" 404 -
124.78.153.221 - - [15/Mar/2023:11:39:19 +0800] "POST /xingrg/login.do HTTP/1.1" 302 -
124.78.153.221 - - [15/Mar/2023:11:39:20 +0800] "GET /xingrg/index.html?sysBaseUrl=http%3A%2F%2F180.169.147.146%3A18081%2Fxingrg%2F&costTime=1090×tamp=1678851559942 HTTP/1.1" 200 17173
124.78.153.221 - - [15/Mar/2023:11:39:20 +0800] "GET /favicon.ico HTTP/1.1" 404 -
124.78.153.221 - - [15/Mar/2023:11:39:20 +0800] "GET /xingrg/all/function/internal_message.html?_=1678851560277&CODE_STATE=count HTTP/1.1" 200 11
124.78.153.221 - - [15/Mar/2023:11:39:20 +0800] "GET /xingrg/check_reg.html?_=1678851560277 HTTP/1.1" 200 22
124.78.153.221 - - [15/Mar/2023:11:39:20 +0800] "POST /xingrg/all/common/load_tree.html?tree=area_rest_tree_json&manage=1 HTTP/1.1" 200 342
124.78.153.221 - - [15/Mar/2023:11:39:20 +0800] "POST /xingrg/load_menu.html HTTP/1.1" 200 5138
222.70.182.154 - - [15/Mar/2023:11:39:22 +0800] "GET /xingrg/all/function/internal_message.html?_=1678851560737&CODE_STATE=getMsg HTTP/1.1" 200 27
124.78.153.221 - - [15/Mar/2023:11:39:22 +0800] "GET /xingrg/kc/base/base_main.html HTTP/1.1" 200 12142
114.83.222.182 - - [15/Mar/2023:11:39:22 +0800] "GET /xingrg/kc/buy/cgsh_order_add.html HTTP/1.1" 200 69164
114.83.222.182 - - [15/Mar/2023:11:39:22 +0800] "POST /xingrg/kc/buy/cgsh_order_operate.html HTTP/1.1" 200 8245
114.83.222.182 - - [15/Mar/2023:11:39:22 +0800] "GET /xingrg/javascript/easyui/themes/default/validatebox.css HTTP/1.1" 404 1104
222.70.221.209 - - [15/Mar/2023:11:39:22 +0800] "POST /xingrg/kc/buy/cgsh_order_operate.html HTTP/1.1" 200 37
180.163.28.109 - - [15/Mar/2023:11:39:23 +0800] "GET /xingrg/kc/base/wldb_order_info.html?code=422023031501209 HTTP/1.1" 302 -
180.163.28.109 - - [15/Mar/2023:11:39:23 +0800] "GET /xingrg/login.html HTTP/1.1" 200 7641
124.78.153.221 - - [15/Mar/2023:11:39:23 +0800] "GET /xingrg/kc/base/wldb_order_list.html HTTP/1.1" 200 19098
124.78.153.221 - - [15/Mar/2023:11:39:24 +0800] "POST /xingrg/kc/base/wldb_list_operate.html HTTP/1.1" 200 3359
222.70.221.209 - - [15/Mar/2023:11:39:24 +0800] "POST /xingrg/kc/buy/cgsh_order_operate.html HTTP/1.1" 200 3265
116.225.84.253 - - [15/Mar/2023:11:39:25 +0800] "GET /xingrg/kc/buy/cgsh_order_operate.html?command=get_materiel&rest_code=00105&code=00101004067&supplier_code=00100312&order_time=2023-03-15 HTTP/1.1" 200 413
222.70.221.209 - - [15/Mar/2023:11:39:25 +0800] "GET /xingrg/check_reg.html?_=1678851679658 HTTP/1.1" 200 22
222.70.221.209 - - [15/Mar/2023:11:39:25 +0800] "GET /xingrg/all/function/internal_message.html?_=1678851679660&CODE_STATE=getMsg HTTP/1.1" 200 27
222.70.221.209 - - [15/Mar/2023:11:39:26 +0800] "GET /xingrg/kc/print/load_data.html?order_code=212023031505418&kc_code=cgsh&condition= HTTP/1.1" 200 994
124.79.72.155 - - [15/Mar/2023:11:39:26 +0800] "GET /xingrg/all/function/internal_message.html?_=1678851570882&CODE_STATE=getMsg HTTP/1.1" 200 27
124.79.72.155 - - [15/Mar/2023:11:39:26 +0800] "GET /xingrg/check_reg.html?_=1678851570885 HTTP/1.1" 200 22
114.83.219.234 - - [15/Mar/2023:11:39:26 +0800] "GET /xingrg/kc/buy/cgsh_order_operate.html?command=get_materiel&rest_code=00149&code=00101008144&supplier_code=00100151&order_time=2023-03-15 HTTP/1.1" 200 412
101.229.22.234 - - [15/Mar/2023:11:39:27 +0800] "GET /xingrg/all/function/internal_message.html?_=1678851567604&CODE_STATE=getMsg HTTP/1.1" 200 27
124.78.153.221 - - [15/Mar/2023:11:39:27 +0800] "GET /xingrg/kc/base/wldb_order_add.html HTTP/1.1" 200 30381
124.78.153.221 - - [15/Mar/2023:11:39:28 +0800] "GET /xingrg/all/common/auto_word.html?type=base&rest_code=00106 HTTP/1.1" 200 1799
124.78.153.221 - - [15/Mar/2023:11:39:28 +0800] "GET /xingrg/javascript/easyui/themes/default/validatebox.css HTTP/1.1" 404 1104
124.78.153.221 - - [15/Mar/2023:11:39:28 +0800] "POST /xingrg/kc/base/wldb_order_operate.html HTTP/1.1" 200 6806
124.78.153.221 - - [15/Mar/2023:11:39:28 +0800] "GET /xingrg/all/common/auto_word.html?type=base&rest_code=00106 HTTP/1.1" 200 1799
124.78.153.221 - - [15/Mar/2023:11:39:29 +0800] "POST /xingrg/all/common/load_combo.html?type=base HTTP/1.1" 200 3227
116.238.139.35 - - [15/Mar/2023:11:39:30 +0800] "GET /xingrg/check_reg.html?_=1678851570927 HTTP/1.1" 200 22
116.238.139.35 - - [15/Mar/2023:11:39:30 +0800] "GET /xingrg/all/function/internal_message.html?_=1678851570931&CODE_STATE=getMsg HTTP/1.1" 200 27
124.77.245.38 - - [15/Mar/2023:11:39:30 +0800] "GET /xingrg/kc/buy/cgsh_order_add.html HTTP/1.1" 200 69961
124.77.245.38 - - [15/Mar/2023:11:39:31 +0800] "POST /xingrg/kc/buy/cgsh_order_operate.html HTTP/1.1" 200 8245
124.77.245.38 - - [15/Mar/2023:11:39:31 +0800] "GET /xingrg/javascript/easyui/themes/default/validatebox.css HTTP/1.1" 404 1104
120.253.135.82 - - [15/Mar/2023:11:39:31 +0800] "GET /xingrg/all/function/internal_message.html?_=1678851399363&CODE_STATE=getMsg HTTP/1.1" 200 27
222.70.221.209 - - [15/Mar/2023:11:39:33 +0800] "GET /xingrg/kc/buy/cgsh_order_add.html HTTP/1.1" 200 70008
116.225.84.253 - - [15/Mar/2023:11:39:33 +0800] "GET /xingrg/kc/buy/cgsh_order_operate.html?command=get_materiel&rest_code=00105&code=00101004027&supplier_code=00100312&order_time=2023-03-15 HTTP/1.1" 200 411
222.70.221.209 - - [15/Mar/2023:11:39:34 +0800] "POST /xingrg/kc/buy/cgsh_order_operate.html HTTP/1.1" 200 8245
222.70.221.209 - - [15/Mar/2023:11:39:34 +0800] "GET /xingrg/javascript/easyui/themes/default/validatebox.css HTTP/1.1" 404 1104
116.224.106.218 - - [15/Mar/2023:11:39:34 +0800] "GET /xingrg/all/function/internal_message.html?_=1678851574390&CODE_STATE=getMsg HTTP/1.1" 200 27
124.78.153.221 - - [15/Mar/2023:11:39:36 +0800] "POST /xingrg/all/common/load_combo.html?type=base HTTP/1.1" 200 3227
222.70.221.209 - - [15/Mar/2023:11:39:39 +0800] "GET /xingrg/kc/buy/cgsh_order_operate.html?command=get_materiel&rest_code=00155&code=00101004034&supplier_code=00100085&order_time=2023-03-15 HTTP/1.1" 200 416
116.192.124.172 - - [15/Mar/2023:11:39:40 +0800] "GET /xingrg/all/function/internal_message.html?_=1678851579824&CODE_STATE=getMsg HTTP/1.1" 200 27
114.83.222.182 - - [15/Mar/2023:11:39:43 +0800] "GET /xingrg/all/function/internal_message.html?_=1678851649259&CODE_STATE=getMsg HTTP/1.1" 200 27
114.83.222.182 - - [15/Mar/2023:11:39:43 +0800] "GET /xingrg/check_reg.html?_=1678851649434 HTTP/1.1" 200 22
116.225.84.253 - - [15/Mar/2023:11:39:44 +0800] "GET /xingrg/kc/buy/cgsh_order_operate.html?command=get_materiel&rest_code=00105&code=00101004030&supplier_code=00100312&order_time=2023-03-15 HTTP/1.1" 200 408
116.225.84.253 - - [15/Mar/2023:11:39:47 +0800] "GET /xingrg/all/function/internal_message.html?_=1678851586761&CODE_STATE=getMsg HTTP/1.1" 200 27
116.225.84.253 - - [15/Mar/2023:11:39:47 +0800] "GET /xingrg/check_reg.html?_=1678851586809 HTTP/1.1" 200 22
222.70.221.209 - - [15/Mar/2023:11:39:48 +0800] "POST /xingrg/kc/buy/cgsh_order_operate.html HTTP/1.1" 200 37
124.77.245.38 - - [15/Mar/2023:11:39:48 +0800] "GET /xingrg/kc/buy/cgsh_order_operate.html?command=get_materiel&rest_code=00146&code=00101010792&supplier_code=00100327&order_time=2023-03-15 HTTP/1.1" 200 410
116.238.139.35 - - [15/Mar/2023:11:39:48 +0800] "POST /xingrg/all/user/operate.html HTTP/1.1" 200 36
116.238.139.35 - - [15/Mar/2023:11:39:48 +0800] "GET /xingrg/index.html?sysBaseUrl=http%3A%2F%2F180.169.147.146%3A18081%2Fxingrg%2F&costTime=1626×tamp=1678755163456 HTTP/1.1" 200 17179
116.238.139.35 - - [15/Mar/2023:11:39:48 +0800] "GET /xingrg/javascript/jquery_easy_ui/themes/default/easyui.css HTTP/1.1" 304 -
116.238.139.35 - - [15/Mar/2023:11:39:48 +0800] "GET /xingrg/javascript/jquery_easy_ui/themes/icon.css HTTP/1.1" 304 -
116.238.139.35 - - [15/Mar/2023:11:39:48 +0800] "GET /xingrg/css/form.css HTTP/1.1" 304 -
116.238.139.35 - - [15/Mar/2023:11:39:48 +0800] "GET /xingrg/javascript/jquery-1.4.2.min.js HTTP/1.1" 304 -
116.238.139.35 - - [15/Mar/2023:11:39:48 +0800] "GET /xingrg/javascript/jquery_easy_ui/jquery.easyui.min.js HTTP/1.1" 304 -
116.238.139.35 - - [15/Mar/2023:11:39:48 +0800] "GET /xingrg/javascript/jquery_easy_ui/easyui-lang-zh_CN.js HTTP/1.1" 304 -
116.238.139.35 - - [15/Mar/2023:11:39:48 +0800] "GET /xingrg/javascript/jquery.form.js HTTP/1.1" 304 -
116.238.139.35 - - [15/Mar/2023:11:39:48 +0800] "GET /xingrg/javascript/jquery.utils.js HTTP/1.1" 304 -
116.238.139.35 - - [15/Mar/2023:11:39:48 +0800] "GET /xingrg/javascript/jquery.timers.js HTTP/1.1" 304 -
116.238.139.35 - - [15/Mar/2023:11:39:48 +0800] "GET /xingrg/images/blue/jxLogo.png HTTP/1.1" 304 -
116.238.139.35 - - [15/Mar/2023:11:39:48 +0800] "GET /xingrg/javascript/jquery_easy_ui/themes/icons/settle_new.png HTTP/1.1" 304 -
116.238.139.35 - - [15/Mar/2023:11:39:48 +0800] "GET /xingrg/images/blue/navBackgound.jpg HTTP/1.1" 304 -
116.225.84.253 - - [15/Mar/2023:11:39:48 +0800] "GET /xingrg/all/function/internal_message.html?_=1678851432303&CODE_STATE=getMsg HTTP/1.1" 200 27
116.238.139.35 - - [15/Mar/2023:11:39:48 +0800] "GET /xingrg/javascript/jquery_easy_ui/themes/default/images/tabs_leftarrow.png HTTP/1.1" 304 -
116.238.139.35 - - [15/Mar/2023:11:39:48 +0800] "GET /xingrg/javascript/jquery_easy_ui/themes/default/images/tabs_rightarrow.png HTTP/1.1" 304 -
116.238.139.35 - - [15/Mar/2023:11:39:48 +0800] "GET /xingrg/all/function/internal_message.html?_=1678851589600&CODE_STATE=count HTTP/1.1" 200 11
116.238.139.35 - - [15/Mar/2023:11:39:48 +0800] "GET /xingrg/check_reg.html?_=1678851589601 HTTP/1.1" 200 22
116.238.139.35 - - [15/Mar/2023:11:39:48 +0800] "GET /xingrg/images/blue/pingpu.png HTTP/1.1" 304 -
116.238.139.35 - - [15/Mar/2023:11:39:48 +0800] "GET /xingrg/javascript/jquery_easy_ui/themes/default/images/panel_tool_collapse.gif HTTP/1.1" 304 -
116.238.139.35 - - [15/Mar/2023:11:39:48 +0800] "POST /xingrg/all/common/load_tree.html?tree=area_rest_tree_json&manage=1 HTTP/1.1" 200 476
114.83.219.234 - - [15/Mar/2023:11:39:49 +0800] "GET /xingrg/kc/buy/cgsh_order_operate.html?command=get_materiel&rest_code=00149&code=00101008032&supplier_code=00100151&order_time=2023-03-15 HTTP/1.1" 200 409
180.163.29.103 - - [15/Mar/2023:11:39:49 +0800] "GET /xingrg/check_reg.html?_=1678851528121 HTTP/1.1" 302 -
116.238.139.35 - - [15/Mar/2023:11:39:49 +0800] "POST /xingrg/load_menu.html HTTP/1.1" 200 5138
124.78.153.221 - - [15/Mar/2023:11:39:49 +0800] "GET /xingrg/all/function/internal_message.html?_=1678851588129&CODE_STATE=getMsg HTTP/1.1" 200 27
180.163.29.103 - - [15/Mar/2023:11:39:49 +0800] "GET /xingrg/login.html HTTP/1.1" 200 7641
222.70.221.209 - - [15/Mar/2023:11:39:49 +0800] "POST /xingrg/kc/buy/cgsh_order_operate.html HTTP/1.1" 200 2664
116.224.106.218 - - [15/Mar/2023:11:39:50 +0800] "GET /xingrg/check_reg.html?_=1678851590151 HTTP/1.1" 200 22
222.70.221.209 - - [15/Mar/2023:11:39:50 +0800] "GET /xingrg/kc/print/load_data.html?order_code=212023031505419&kc_code=cgsh&condition= HTTP/1.1" 200 743
222.70.221.209 - - [15/Mar/2023:11:39:53 +0800] "GET /xingrg/kc/buy/cgsh_order_add.html HTTP/1.1" 200 70008
222.70.221.209 - - [15/Mar/2023:11:39:53 +0800] "POST /xingrg/kc/buy/cgsh_order_operate.html HTTP/1.1" 200 8245
222.70.221.209 - - [15/Mar/2023:11:39:53 +0800] "GET /xingrg/javascript/easyui/themes/default/validatebox.css HTTP/1.1" 404 1104
116.238.139.35 - - [15/Mar/2023:11:39:53 +0800] "GET /xingrg/kc/base/yddb_order_list.html HTTP/1.1" 200 16710
180.163.28.109 - - [15/Mar/2023:11:39:54 +0800] "GET /xingrg/kc/base/wldb_order_operate.html?command=get_materiel&rest_code=00106&base_code=0010397&code=00102002433 HTTP/1.1" 302 -
180.163.28.109 - - [15/Mar/2023:11:39:54 +0800] "GET /xingrg/login.html HTTP/1.1" 200 7641
116.238.139.35 - - [15/Mar/2023:11:39:54 +0800] "POST /xingrg/kc/base/yddb_list_operate.html HTTP/1.1" 200 1346
120.253.135.82 - - [15/Mar/2023:11:39:54 +0800] "GET /xingrg/all/function/internal_message.html?_=1678851724045&CODE_STATE=getMsg HTTP/1.1" 200 27
180.169.147.146 - - [15/Mar/2023:11:39:54 +0800] "GET /xingrg/all/function/internal_message.html?_=1678851594369&CODE_STATE=getMsg HTTP/1.1" 200 27
124.78.153.221 - - [15/Mar/2023:11:39:55 +0800] "GET /xingrg/javascript/auto/indicator.gif HTTP/1.1" 404 1066
116.225.84.253 - - [15/Mar/2023:11:39:57 +0800] "GET /xingrg/kc/buy/cgsh_order_operate.html?command=get_materiel&rest_code=00105&code=00101004103&supplier_code=00100312&order_time=2023-03-15 HTTP/1.1" 200 413
116.238.139.35 - - [15/Mar/2023:11:39:57 +0800] "GET /xingrg/kc/base/yddb_order_add.html HTTP/1.1" 200 29953
116.238.139.35 - - [15/Mar/2023:11:39:57 +0800] "GET /xingrg/dwr/interface/AjaxComOrderService.js HTTP/1.1" 200 18264
116.238.139.35 - - [15/Mar/2023:11:39:57 +0800] "GET /xingrg/dwr/interface/AjaxYddbService.js HTTP/1.1" 200 13201
116.238.139.35 - - [15/Mar/2023:11:39:57 +0800] "GET /xingrg/dwr/engine.js HTTP/1.1" 200 43631
124.79.240.233 - - [15/Mar/2023:11:39:58 +0800] "GET /xingrg/check_reg.html?_=1678851588078 HTTP/1.1" 200 22
124.79.240.233 - - [15/Mar/2023:11:39:58 +0800] "GET /xingrg/all/function/internal_message.html?_=1678851588084&CODE_STATE=getMsg HTTP/1.1" 200 27
114.83.222.182 - - [15/Mar/2023:11:40:00 +0800] "POST /xingrg/kc/buy/cgsh_order_operate.html HTTP/1.1" 200 37
116.238.139.35 - - [15/Mar/2023:11:40:00 +0800] "POST /xingrg/dwr/call/plaincall/AjaxYddbService.getRestBases.dwr HTTP/1.1" 200 1649
180.164.3.199 - - [15/Mar/2023:11:40:01 +0800] "GET /xingrg/all/function/internal_message.html?_=1678851602262&CODE_STATE=getMsg HTTP/1.1" 200 27
114.83.219.234 - - [15/Mar/2023:11:40:01 +0800] "GET /xingrg/kc/buy/cgsh_order_operate.html?command=get_materiel&rest_code=00149&code=00101010032&supplier_code=00100151&order_time=2023-03-15 HTTP/1.1" 200 421
124.78.153.221 - - [15/Mar/2023:11:40:01 +0800] "GET /xingrg/kc/base/wldb_order_operate.html?command=get_materiel&rest_code=00106&base_code=0010245&code=00101029011 HTTP/1.1" 200 482
222.70.221.209 - - [15/Mar/2023:11:40:02 +0800] "GET /xingrg/kc/buy/cgsh_order_operate.html?command=get_materiel&rest_code=00155&code=00101008555&supplier_code=00100327&order_time=2023-03-15 HTTP/1.1" 200 425
124.77.245.38 - - [15/Mar/2023:11:40:03 +0800] "GET /xingrg/all/function/internal_message.html?_=1678851613632&CODE_STATE=getMsg HTTP/1.1" 200 27
124.77.245.38 - - [15/Mar/2023:11:40:03 +0800] "GET /xingrg/kc/buy/cgsh_order_operate.html?command=get_materiel&rest_code=00146&code=00101010691&supplier_code=00100327&order_time=2023-03-15 HTTP/1.1" 200 411
116.238.139.35 - - [15/Mar/2023:11:40:07 +0800] "POST /xingrg/dwr/call/plaincall/AjaxYddbService.saveOrder.dwr HTTP/1.1" 200 78
116.238.139.35 - - [15/Mar/2023:11:40:07 +0800] "GET /xingrg/images/yd/bt.gif HTTP/1.1" 404 1040
222.70.221.209 - - [15/Mar/2023:11:40:09 +0800] "POST /xingrg/kc/buy/cgsh_order_operate.html HTTP/1.1" 200 37
114.83.219.234 - - [15/Mar/2023:11:40:09 +0800] "GET /xingrg/all/function/internal_message.html?_=1678851609636&CODE_STATE=getMsg HTTP/1.1" 200 27
116.192.124.172 - - [15/Mar/2023:11:40:10 +0800] "GET /xingrg/all/function/internal_message.html?_=1678851623315&CODE_STATE=getMsg HTTP/1.1" 200 27
222.70.221.209 - - [15/Mar/2023:11:40:10 +0800] "POST /xingrg/kc/buy/cgsh_order_operate.html HTTP/1.1" 200 2670
116.238.139.35 - - [15/Mar/2023:11:40:10 +0800] "POST /xingrg/dwr/call/plaincall/AjaxComOrderService.getMaterielSearchList.dwr HTTP/1.1" 200 3510
124.78.153.221 - - [15/Mar/2023:11:40:10 +0800] "POST /xingrg/kc/base/wldb_order_operate.html HTTP/1.1" 200 37
124.78.153.221 - - [15/Mar/2023:11:40:11 +0800] "POST /xingrg/kc/base/wldb_order_operate.html HTTP/1.1" 200 2226
124.78.153.221 - - [15/Mar/2023:11:40:12 +0800] "GET /xingrg/kc/base/wldb_order_info.html?code=422023031501210 HTTP/1.1" 200 30393
124.78.153.221 - - [15/Mar/2023:11:40:12 +0800] "GET /xingrg/javascript/easyui/themes/default/validatebox.css HTTP/1.1" 404 1104
116.225.84.253 - - [15/Mar/2023:11:40:12 +0800] "GET /xingrg/kc/buy/cgsh_order_operate.html?command=get_materiel&rest_code=00105&code=00101005015&supplier_code=00100312&order_time=2023-03-15 HTTP/1.1" 200 409
124.78.153.221 - - [15/Mar/2023:11:40:13 +0800] "POST /xingrg/kc/base/wldb_order_operate.html HTTP/1.1" 200 2226
180.169.147.146 - - [15/Mar/2023:11:40:13 +0800] "GET /xingrg/all/function/internal_message.html?_=1678851613425&CODE_STATE=getMsg HTTP/1.1" 200 27
116.238.139.35 - - [15/Mar/2023:11:40:15 +0800] "POST /xingrg/dwr/call/plaincall/AjaxYddbService.getMaterielByMap.dwr HTTP/1.1" 200 3954
222.67.232.202 - - [15/Mar/2023:11:40:15 +0800] "GET /xingrg/all/function/internal_message.html?_=1678851166161&CODE_STATE=getMsg HTTP/1.1" 200 27
124.77.245.38 - - [15/Mar/2023:11:40:16 +0800] "POST /xingrg/kc/buy/cgsh_order_operate.html HTTP/1.1" 200 37
124.78.153.221 - - [15/Mar/2023:11:40:16 +0800] "GET /xingrg/kc/base/wldb_order_add.html HTTP/1.1" 200 30381
124.78.153.221 - - [15/Mar/2023:11:40:16 +0800] "POST /xingrg/kc/base/wldb_order_operate.html HTTP/1.1" 200 6806
124.78.153.221 - - [15/Mar/2023:11:40:17 +0800] "GET /xingrg/javascript/easyui/themes/default/validatebox.css HTTP/1.1" 404 1104
124.78.153.221 - - [15/Mar/2023:11:40:18 +0800] "POST /xingrg/all/common/load_combo.html?type=base HTTP/1.1" 200 3227
124.77.245.38 - - [15/Mar/2023:11:40:18 +0800] "POST /xingrg/kc/buy/cgsh_order_operate.html HTTP/1.1" 200 3244
124.78.153.221 - - [15/Mar/2023:11:40:20 +0800] "GET /xingrg/all/function/internal_message.html?_=1678851620280&CODE_STATE=getMsg HTTP/1.1" 200 27
222.70.221.209 - - [15/Mar/2023:11:40:20 +0800] "GET /xingrg/kc/print/load_data.html?order_code=212023031505421&kc_code=cgsh&condition= HTTP/1.1" 200 689
222.70.182.154 - - [15/Mar/2023:11:40:22 +0800] "GET /xingrg/all/function/internal_message.html?_=1678851620721&CODE_STATE=getMsg HTTP/1.1" 200 27
124.77.245.38 - - [15/Mar/2023:11:40:22 +0800] "GET /xingrg/kc/print/load_data.html?order_code=212023031505422&kc_code=cgsh&condition= HTTP/1.1" 200 899
116.238.139.35 - - [15/Mar/2023:11:40:23 +0800] "POST /xingrg/dwr/call/plaincall/AjaxYddbService.saveMaterielItem.dwr HTTP/1.1" 200 78
124.78.153.221 - - [15/Mar/2023:11:40:23 +0800] "POST /xingrg/all/common/load_combo.html?type=base HTTP/1.1" 200 3227
222.70.221.209 - - [15/Mar/2023:11:40:25 +0800] "GET /xingrg/all/function/internal_message.html?_=1678851739671&CODE_STATE=getMsg HTTP/1.1" 200 27
124.79.72.155 - - [15/Mar/2023:11:40:26 +0800] "GET /xingrg/all/function/internal_message.html?_=1678851630884&CODE_STATE=getMsg HTTP/1.1" 200 27
101.229.22.234 - - [15/Mar/2023:11:40:27 +0800] "GET /xingrg/all/function/internal_message.html?_=1678851627587&CODE_STATE=getMsg HTTP/1.1" 200 27
120.253.135.82 - - [15/Mar/2023:11:40:31 +0800] "GET /xingrg/all/function/internal_message.html?_=1678851459376&CODE_STATE=getMsg HTTP/1.1" 200 27
116.238.139.35 - - [15/Mar/2023:11:40:33 +0800] "POST /xingrg/dwr/call/plaincall/AjaxYddbService.checkOrder.dwr HTTP/1.1" 200 78
116.224.106.218 - - [15/Mar/2023:11:40:34 +0800] "GET /xingrg/all/function/internal_message.html?_=1678851634366&CODE_STATE=getMsg HTTP/1.1" 200 27
116.238.139.35 - - [15/Mar/2023:11:40:34 +0800] "GET /xingrg/kc/base/yddb_order_info.html?code=482023031500101 HTTP/1.1" 200 29744
116.238.139.35 - - [15/Mar/2023:11:40:34 +0800] "GET /xingrg/dwr/interface/AjaxComOrderService.js HTTP/1.1" 200 18264
116.238.139.35 - - [15/Mar/2023:11:40:34 +0800] "GET /xingrg/dwr/interface/AjaxYddbService.js HTTP/1.1" 200 13201
116.238.139.35 - - [15/Mar/2023:11:40:34 +0800] "GET /xingrg/dwr/engine.js HTTP/1.1" 200 43631
116.238.139.35 - - [15/Mar/2023:11:40:35 +0800] "POST /xingrg/dwr/call/plaincall/AjaxYddbService.loadMaterielItems.dwr HTTP/1.1" 200 409
222.70.221.209 - - [15/Mar/2023:11:40:36 +0800] "GET /xingrg/kc/buy/cgsh_order_add.html HTTP/1.1" 200 70008
222.70.221.209 - - [15/Mar/2023:11:40:36 +0800] "POST /xingrg/kc/buy/cgsh_order_operate.html HTTP/1.1" 200 8245
222.70.221.209 - - [15/Mar/2023:11:40:36 +0800] "GET /xingrg/javascript/easyui/themes/default/validatebox.css HTTP/1.1" 404 1104
114.83.219.234 - - [15/Mar/2023:11:40:37 +0800] "GET /xingrg/kc/buy/cgsh_order_operate.html?command=get_materiel&rest_code=00149&code=00101019726&supplier_code=00100151&order_time=2023-03-15 HTTP/1.1" 200 422
116.238.139.35 - - [15/Mar/2023:11:40:37 +0800] "GET /xingrg/kc/base/yddb_order_report.html?fileType=servlets/html&code=482023031500101&reportName=ck_order_report&subName=yddb HTTP/1.1" 302 -
116.238.139.35 - - [15/Mar/2023:11:40:37 +0800] "GET /xingrg/servlets/html?sysBaseUrl=http%3A%2F%2F180.169.147.146%3A18081%2Fxingrg%2F&costTime=1058×tamp=1678851637892 HTTP/1.1" 200 14767
116.238.139.35 - - [15/Mar/2023:11:40:38 +0800] "GET /favicon.ico HTTP/1.1" 404 -
124.77.245.38 - - [15/Mar/2023:11:40:39 +0800] "GET /xingrg/kc/buy/cgsh_order_add.html HTTP/1.1" 200 69961
116.192.124.172 - - [15/Mar/2023:11:40:40 +0800] "GET /xingrg/all/function/internal_message.html?_=1678851639811&CODE_STATE=getMsg HTTP/1.1" 200 27
116.192.124.172 - - [15/Mar/2023:11:40:40 +0800] "GET /xingrg/check_reg.html?_=1678851639814 HTTP/1.1" 200 22
124.77.245.38 - - [15/Mar/2023:11:40:40 +0800] "POST /xingrg/kc/buy/cgsh_order_operate.html HTTP/1.1" 200 8245
124.77.245.38 - - [15/Mar/2023:11:40:40 +0800] "GET /xingrg/javascript/easyui/themes/default/validatebox.css HTTP/1.1" 404 1104
116.225.84.253 - - [15/Mar/2023:11:40:41 +0800] "POST /xingrg/kc/buy/cgsh_order_operate.html HTTP/1.1" 200 37
124.78.153.221 - - [15/Mar/2023:11:40:42 +0800] "GET /xingrg/kc/base/wldb_order_operate.html?command=get_materiel&rest_code=00106&base_code=0010232&code=00101025014 HTTP/1.1" 200 464
116.225.84.253 - - [15/Mar/2023:11:40:42 +0800] "POST /xingrg/kc/buy/cgsh_order_operate.html HTTP/1.1" 200 6200
116.225.84.253 - - [15/Mar/2023:11:40:44 +0800] "GET /xingrg/kc/print/load_data.html?order_code=212023031505423&kc_code=cgsh&condition= HTTP/1.1" 200 2014
222.70.221.209 - - [15/Mar/2023:11:40:44 +0800] "GET /xingrg/kc/buy/cgsh_order_operate.html?command=get_materiel&rest_code=00155&code=00101006001&supplier_code=00100574&order_time=2023-03-15 HTTP/1.1" 200 428
116.225.84.253 - - [15/Mar/2023:11:40:47 +0800] "GET /xingrg/all/function/internal_message.html?_=1678851646713&CODE_STATE=getMsg HTTP/1.1" 200 27
116.225.84.253 - - [15/Mar/2023:11:40:48 +0800] "GET /xingrg/kc/buy/cgsh_order_add.html HTTP/1.1" 200 70043
116.238.139.35 - - [15/Mar/2023:11:40:48 +0800] "GET /xingrg/kc/base/wldb_order_list.html HTTP/1.1" 200 19104
116.225.84.253 - - [15/Mar/2023:11:40:48 +0800] "POST /xingrg/kc/buy/cgsh_order_operate.html HTTP/1.1" 200 8245
116.225.84.253 - - [15/Mar/2023:11:40:48 +0800] "GET /xingrg/javascript/easyui/themes/default/validatebox.css HTTP/1.1" 404 1104
116.225.84.253 - - [15/Mar/2023:11:40:48 +0800] "GET /xingrg/all/function/internal_message.html?_=1678851492302&CODE_STATE=getMsg HTTP/1.1" 200 27
116.238.139.35 - - [15/Mar/2023:11:40:48 +0800] "GET /xingrg/all/function/internal_message.html?_=1678851649605&CODE_STATE=getMsg HTTP/1.1" 200 27
116.238.139.35 - - [15/Mar/2023:11:40:49 +0800] "POST /xingrg/kc/base/wldb_list_operate.html HTTP/1.1" 200 928
124.78.153.221 - - [15/Mar/2023:11:40:49 +0800] "GET /xingrg/all/function/internal_message.html?_=1678851648113&CODE_STATE=getMsg HTTP/1.1" 200 27
116.238.139.35 - - [15/Mar/2023:11:40:49 +0800] "GET /xingrg/kc/base/wldb_order_add.html HTTP/1.1" 200 30387
116.238.139.35 - - [15/Mar/2023:11:40:50 +0800] "POST /xingrg/kc/base/wldb_order_operate.html HTTP/1.1" 200 6806
116.238.139.35 - - [15/Mar/2023:11:40:50 +0800] "GET /xingrg/javascript/easyui/themes/default/validatebox.css HTTP/1.1" 404 1104
124.78.153.221 - - [15/Mar/2023:11:40:51 +0800] "POST /xingrg/kc/base/wldb_order_operate.html HTTP/1.1" 200 37
124.78.153.221 - - [15/Mar/2023:11:40:52 +0800] "POST /xingrg/kc/base/wldb_order_operate.html HTTP/1.1" 200 2209
116.238.139.35 - - [15/Mar/2023:11:40:52 +0800] "GET /xingrg/javascript/auto/indicator.gif HTTP/1.1" 404 1066
124.78.153.221 - - [15/Mar/2023:11:40:52 +0800] "GET /xingrg/kc/base/wldb_order_info.html?code=422023031501211 HTTP/1.1" 200 30396
124.78.153.221 - - [15/Mar/2023:11:40:53 +0800] "GET /xingrg/javascript/easyui/themes/default/validatebox.css HTTP/1.1" 404 1104
124.78.153.221 - - [15/Mar/2023:11:40:53 +0800] "POST /xingrg/kc/base/wldb_order_operate.html HTTP/1.1" 200 2209
120.253.135.82 - - [15/Mar/2023:11:40:54 +0800] "GET /xingrg/all/function/internal_message.html?_=1678851784042&CODE_STATE=getMsg HTTP/1.1" 200 27
180.169.147.146 - - [15/Mar/2023:11:40:54 +0800] "GET /xingrg/all/function/internal_message.html?_=1678851654370&CODE_STATE=getMsg HTTP/1.1" 200 27
124.78.153.221 - - [15/Mar/2023:11:40:55 +0800] "GET /xingrg/kc/base/base_main.html HTTP/1.1" 200 12142
222.70.221.209 - - [15/Mar/2023:11:40:56 +0800] "POST /xingrg/kc/buy/cgsh_order_operate.html HTTP/1.1" 200 37
124.78.153.221 - - [15/Mar/2023:11:40:57 +0800] "GET /xingrg/kc/base/wldb_order_list.html HTTP/1.1" 200 19098
