222.70.182.154 - - [15/Mar/2023:10:56:51 +0800] "POST /xingrg/kc/buy/cgsh_list_operate.html HTTP/1.1" 200 3546
180.169.147.146 - - [15/Mar/2023:10:56:54 +0800] "GET /xingrg/all/function/internal_message.html?_=1678849014370&CODE_STATE=getMsg HTTP/1.1" 200 27
180.169.147.146 - - [15/Mar/2023:10:56:54 +0800] "GET /xingrg/check_reg.html?_=1678849014371 HTTP/1.1" 200 22
116.238.139.35 - - [15/Mar/2023:10:56:58 +0800] "GET /xingrg/all/function/internal_message.html?_=1678849018920&CODE_STATE=getMsg HTTP/1.1" 200 27
124.79.240.233 - - [15/Mar/2023:10:56:58 +0800] "GET /xingrg/all/function/internal_message.html?_=1678849008080&CODE_STATE=getMsg HTTP/1.1" 200 27
222.70.182.154 - - [15/Mar/2023:10:57:00 +0800] "GET /xingrg/kc/buy/cgsh_order_add.html HTTP/1.1" 200 69917
222.70.182.154 - - [15/Mar/2023:10:57:00 +0800] "POST /xingrg/kc/buy/cgsh_order_operate.html HTTP/1.1" 200 8245
222.70.182.154 - - [15/Mar/2023:10:57:00 +0800] "GET /xingrg/javascript/easyui/themes/default/validatebox.css HTTP/1.1" 404 1104
222.70.182.154 - - [15/Mar/2023:10:57:00 +0800] "GET /xingrg/all/common/auto_word.html?type=employee&rest_code=00111 HTTP/1.1" 200 155
222.70.182.154 - - [15/Mar/2023:10:57:00 +0800] "GET /xingrg/all/common/auto_word.html?type=employee&rest_code=00111 HTTP/1.1" 200 155
180.164.3.199 - - [15/Mar/2023:10:57:02 +0800] "GET /xingrg/all/function/internal_message.html?_=1678849023056&CODE_STATE=getMsg HTTP/1.1" 200 27
124.78.153.221 - - [15/Mar/2023:10:57:02 +0800] "POST /xingrg/dwr/call/plaincall/AjaxQqpsService.getMaterielByCode.dwr HTTP/1.1" 200 2666
114.83.222.182 - - [15/Mar/2023:10:57:04 +0800] "GET /xingrg/all/function/internal_message.html?_=1678849090293&CODE_STATE=getMsg HTTP/1.1" 200 27
116.238.139.35 - - [15/Mar/2023:10:57:05 +0800] "GET /xingrg/kc/buy/cgsh_order_operate.html?command=get_materiel&rest_code=00151&code=00101006131&supplier_code=00100096&order_time=2023-03-15 HTTP/1.1" 200 417
124.78.153.221 - - [15/Mar/2023:10:57:05 +0800] "GET /xingrg/check_reg.html?_=1678849024458 HTTP/1.1" 200 22
124.78.153.221 - - [15/Mar/2023:10:57:06 +0800] "GET /xingrg/all/function/internal_message.html?_=1678849026180&CODE_STATE=getMsg HTTP/1.1" 200 27
124.78.153.221 - - [15/Mar/2023:10:57:06 +0800] "POST /xingrg/dwr/call/plaincall/AjaxQqpsService.saveMaterielItem.dwr HTTP/1.1" 200 79
114.83.219.234 - - [15/Mar/2023:10:57:09 +0800] "GET /xingrg/all/function/internal_message.html?_=1678849029453&CODE_STATE=getMsg HTTP/1.1" 200 27
116.192.124.172 - - [15/Mar/2023:10:57:10 +0800] "GET /xingrg/all/function/internal_message.html?_=1678849043262&CODE_STATE=getMsg HTTP/1.1" 200 27
180.169.147.146 - - [15/Mar/2023:10:57:13 +0800] "GET /xingrg/all/function/internal_message.html?_=1678849033435&CODE_STATE=getMsg HTTP/1.1" 200 27
222.70.182.154 - - [15/Mar/2023:10:57:15 +0800] "GET /xingrg/javascript/auto/indicator.gif HTTP/1.1" 404 1066
222.67.232.202 - - [15/Mar/2023:10:57:16 +0800] "GET /xingrg/all/function/internal_message.html?_=1678848586571&CODE_STATE=getMsg HTTP/1.1" 200 27
222.67.232.202 - - [15/Mar/2023:10:57:16 +0800] "GET /xingrg/check_reg.html?_=1678848587092 HTTP/1.1" 200 22
222.70.182.154 - - [15/Mar/2023:10:57:19 +0800] "GET /xingrg/all/function/internal_message.html?_=1678849037747&CODE_STATE=getMsg HTTP/1.1" 200 27
222.70.182.154 - - [15/Mar/2023:10:57:20 +0800] "GET /xingrg/kc/buy/cgsh_order_operate.html?command=get_materiel&rest_code=00111&code=00101005017&supplier_code=&order_time=2023-03-15 HTTP/1.1" 200 411
124.78.153.221 - - [15/Mar/2023:10:57:22 +0800] "POST /xingrg/dwr/call/plaincall/AjaxQqpsService.getMaterielByCode.dwr HTTP/1.1" 200 2710
124.78.153.221 - - [15/Mar/2023:10:57:23 +0800] "GET /xingrg/all/function/internal_message.html?_=1678849042367&CODE_STATE=getMsg HTTP/1.1" 200 27
124.78.153.221 - - [15/Mar/2023:10:57:25 +0800] "GET /xingrg/all/function/internal_message.html?_=1678849048982&CODE_STATE=getMsg HTTP/1.1" 200 27
124.78.153.221 - - [15/Mar/2023:10:57:25 +0800] "POST /xingrg/dwr/call/plaincall/AjaxQqpsService.saveMaterielItem.dwr HTTP/1.1" 200 79
124.79.72.155 - - [15/Mar/2023:10:57:26 +0800] "GET /xingrg/all/function/internal_message.html?_=1678849050780&CODE_STATE=getMsg HTTP/1.1" 200 27
101.229.22.234 - - [15/Mar/2023:10:57:27 +0800] "GET /xingrg/all/function/internal_message.html?_=1678849047511&CODE_STATE=getMsg HTTP/1.1" 200 27
101.229.22.234 - - [15/Mar/2023:10:57:27 +0800] "GET /xingrg/check_reg.html?_=1678849047512 HTTP/1.1" 200 22
222.70.221.209 - - [15/Mar/2023:10:57:33 +0800] "GET /xingrg/all/function/internal_message.html?_=1678849167683&CODE_STATE=getMsg HTTP/1.1" 200 27
120.253.135.82 - - [15/Mar/2023:10:57:33 +0800] "GET /xingrg/all/function/internal_message.html?_=1678848881948&CODE_STATE=getMsg HTTP/1.1" 200 27
124.78.153.221 - - [15/Mar/2023:10:57:34 +0800] "POST /xingrg/dwr/call/plaincall/AjaxQqpsService.getMaterielByCode.dwr HTTP/1.1" 200 2660
116.224.106.218 - - [15/Mar/2023:10:57:35 +0800] "GET /xingrg/all/function/internal_message.html?_=1678849055230&CODE_STATE=getMsg HTTP/1.1" 200 27
124.78.153.221 - - [15/Mar/2023:10:57:39 +0800] "POST /xingrg/dwr/call/plaincall/AjaxQqpsService.saveMaterielItem.dwr HTTP/1.1" 200 79
222.70.182.154 - - [15/Mar/2023:10:57:40 +0800] "GET /xingrg/kc/buy/cgsh_order_operate.html?command=get_materiel&rest_code=00111&code=00101004094&supplier_code=&order_time=2023-03-15 HTTP/1.1" 200 411
124.77.245.38 - - [15/Mar/2023:10:57:45 +0800] "GET /xingrg/check_reg.html?_=1678849075550 HTTP/1.1" 200 22
116.225.84.253 - - [15/Mar/2023:10:57:47 +0800] "GET /xingrg/all/function/internal_message.html?_=1678849066761&CODE_STATE=getMsg HTTP/1.1" 200 27
116.225.84.253 - - [15/Mar/2023:10:57:48 +0800] "GET /xingrg/all/function/internal_message.html?_=1678848912263&CODE_STATE=getMsg HTTP/1.1" 200 27
124.77.245.38 - - [15/Mar/2023:10:57:49 +0800] "GET /xingrg/all/function/internal_message.html?_=1678849079598&CODE_STATE=getMsg HTTP/1.1" 200 27
180.169.147.146 - - [15/Mar/2023:10:57:54 +0800] "GET /xingrg/all/function/internal_message.html?_=1678849074359&CODE_STATE=getMsg HTTP/1.1" 200 27
116.238.139.35 - - [15/Mar/2023:10:57:58 +0800] "GET /xingrg/all/function/internal_message.html?_=1678849078895&CODE_STATE=getMsg HTTP/1.1" 200 27
124.79.240.233 - - [15/Mar/2023:10:57:58 +0800] "GET /xingrg/all/function/internal_message.html?_=1678849068077&CODE_STATE=getMsg HTTP/1.1" 200 27
116.192.124.172 - - [15/Mar/2023:10:58:01 +0800] "GET /xingrg/check_reg.html?_=1678849081666 HTTP/1.1" 200 22
180.164.3.199 - - [15/Mar/2023:10:58:02 +0800] "GET /xingrg/all/function/internal_message.html?_=1678849083044&CODE_STATE=getMsg HTTP/1.1" 200 27
124.78.153.221 - - [15/Mar/2023:10:58:03 +0800] "POST /xingrg/dwr/call/plaincall/AjaxQqpsService.saveOrder.dwr HTTP/1.1" 200 79
114.83.222.182 - - [15/Mar/2023:10:58:04 +0800] "GET /xingrg/all/function/internal_message.html?_=1678849150282&CODE_STATE=getMsg HTTP/1.1" 200 27
124.78.153.221 - - [15/Mar/2023:10:58:06 +0800] "GET /xingrg/all/function/internal_message.html?_=1678849086178&CODE_STATE=getMsg HTTP/1.1" 200 27
114.83.219.234 - - [15/Mar/2023:10:58:09 +0800] "GET /xingrg/all/function/internal_message.html?_=1678849089478&CODE_STATE=getMsg HTTP/1.1" 200 27
116.192.124.172 - - [15/Mar/2023:10:58:10 +0800] "GET /xingrg/all/function/internal_message.html?_=1678849103259&CODE_STATE=getMsg HTTP/1.1" 200 27
180.169.147.146 - - [15/Mar/2023:10:58:13 +0800] "GET /xingrg/check_reg.html?_=1678849093431 HTTP/1.1" 200 22
180.169.147.146 - - [15/Mar/2023:10:58:13 +0800] "GET /xingrg/all/function/internal_message.html?_=1678849093433&CODE_STATE=getMsg HTTP/1.1" 200 27
222.67.232.202 - - [15/Mar/2023:10:58:15 +0800] "GET /xingrg/all/function/internal_message.html?_=1678848646541&CODE_STATE=getMsg HTTP/1.1" 200 27
124.78.153.221 - - [15/Mar/2023:10:58:17 +0800] "GET /xingrg/kc/mdqp/qp_main.html HTTP/1.1" 200 10633
222.70.182.154 - - [15/Mar/2023:10:58:19 +0800] "GET /xingrg/all/function/internal_message.html?_=1678849097746&CODE_STATE=getMsg HTTP/1.1" 200 27
124.78.153.221 - - [15/Mar/2023:10:58:19 +0800] "GET /xingrg/kc/mdqp/qqps_order_list.html HTTP/1.1" 200 10027
124.78.153.221 - - [15/Mar/2023:10:58:19 +0800] "GET /xingrg/dwr/interface/AjaxQqpsService.js HTTP/1.1" 200 16326
124.78.153.221 - - [15/Mar/2023:10:58:19 +0800] "GET /xingrg/dwr/interface/AjaxReportQueryService.js HTTP/1.1" 200 13203
124.78.153.221 - - [15/Mar/2023:10:58:19 +0800] "GET /xingrg/dwr/engine.js HTTP/1.1" 200 43631
124.78.153.221 - - [15/Mar/2023:10:58:23 +0800] "GET /xingrg/all/function/internal_message.html?_=1678849102351&CODE_STATE=getMsg HTTP/1.1" 200 27
124.78.153.221 - - [15/Mar/2023:10:58:23 +0800] "GET /xingrg/kc/mdqp/qp_main.html HTTP/1.1" 200 10633
124.78.153.221 - - [15/Mar/2023:10:58:25 +0800] "GET /xingrg/check_reg.html?_=1678849108969 HTTP/1.1" 200 22
124.78.153.221 - - [15/Mar/2023:10:58:25 +0800] "GET /xingrg/all/function/internal_message.html?_=1678849108972&CODE_STATE=getMsg HTTP/1.1" 200 27
124.78.153.221 - - [15/Mar/2023:10:58:26 +0800] "GET /xingrg/kc/mdqp/qqps_order_list.html HTTP/1.1" 200 10027
124.79.72.155 - - [15/Mar/2023:10:58:26 +0800] "GET /xingrg/all/function/internal_message.html?_=1678849110771&CODE_STATE=getMsg HTTP/1.1" 200 27
124.78.153.221 - - [15/Mar/2023:10:58:26 +0800] "GET /xingrg/dwr/interface/AjaxQqpsService.js HTTP/1.1" 200 16326
124.78.153.221 - - [15/Mar/2023:10:58:26 +0800] "GET /xingrg/dwr/interface/AjaxReportQueryService.js HTTP/1.1" 200 13203
124.78.153.221 - - [15/Mar/2023:10:58:26 +0800] "GET /xingrg/dwr/engine.js HTTP/1.1" 200 43631
101.229.22.234 - - [15/Mar/2023:10:58:27 +0800] "GET /xingrg/all/function/internal_message.html?_=1678849107510&CODE_STATE=getMsg HTTP/1.1" 200 27
124.78.153.221 - - [15/Mar/2023:10:58:28 +0800] "GET /xingrg/kc/mdqp/qp_main.html HTTP/1.1" 200 10633
124.78.153.221 - - [15/Mar/2023:10:58:30 +0800] "GET /xingrg/images/yd/bt.gif HTTP/1.1" 404 1040
124.78.153.221 - - [15/Mar/2023:10:58:32 +0800] "GET /xingrg/kc/mdqp/qqps_order_list.html HTTP/1.1" 200 10027
124.78.153.221 - - [15/Mar/2023:10:58:32 +0800] "GET /xingrg/dwr/interface/AjaxQqpsService.js HTTP/1.1" 200 16326
124.78.153.221 - - [15/Mar/2023:10:58:32 +0800] "GET /xingrg/dwr/engine.js HTTP/1.1" 200 43631
124.78.153.221 - - [15/Mar/2023:10:58:32 +0800] "GET /xingrg/dwr/interface/AjaxReportQueryService.js HTTP/1.1" 200 13203
222.70.221.209 - - [15/Mar/2023:10:58:33 +0800] "GET /xingrg/all/function/internal_message.html?_=1678849227677&CODE_STATE=getMsg HTTP/1.1" 200 27
120.253.135.82 - - [15/Mar/2023:10:58:33 +0800] "GET /xingrg/all/function/internal_message.html?_=1678848941961&CODE_STATE=getMsg HTTP/1.1" 200 27
116.224.106.218 - - [15/Mar/2023:10:58:35 +0800] "GET /xingrg/all/function/internal_message.html?_=1678849115217&CODE_STATE=getMsg HTTP/1.1" 200 27
116.238.139.35 - - [15/Mar/2023:10:58:45 +0800] "POST /xingrg/kc/buy/cgsh_order_operate.html HTTP/1.1" 200 37
116.225.84.253 - - [15/Mar/2023:10:58:47 +0800] "GET /xingrg/all/function/internal_message.html?_=1678849126761&CODE_STATE=getMsg HTTP/1.1" 200 27
116.225.84.253 - - [15/Mar/2023:10:58:48 +0800] "GET /xingrg/all/function/internal_message.html?_=1678848972262&CODE_STATE=getMsg HTTP/1.1" 200 27
124.77.245.38 - - [15/Mar/2023:10:58:49 +0800] "GET /xingrg/all/function/internal_message.html?_=1678849139612&CODE_STATE=getMsg HTTP/1.1" 200 27
180.169.147.146 - - [15/Mar/2023:10:58:54 +0800] "GET /xingrg/all/function/internal_message.html?_=1678849134376&CODE_STATE=getMsg HTTP/1.1" 200 27
116.238.139.35 - - [15/Mar/2023:10:58:58 +0800] "GET /xingrg/all/function/internal_message.html?_=1678849138880&CODE_STATE=getMsg HTTP/1.1" 200 27
124.79.240.233 - - [15/Mar/2023:10:58:58 +0800] "GET /xingrg/all/function/internal_message.html?_=1678849128076&CODE_STATE=getMsg HTTP/1.1" 200 27
116.238.139.35 - - [15/Mar/2023:10:59:00 +0800] "POST /xingrg/kc/buy/cgsh_order_operate.html HTTP/1.1" 200 12
180.164.3.199 - - [15/Mar/2023:10:59:02 +0800] "GET /xingrg/all/function/internal_message.html?_=1678849143021&CODE_STATE=getMsg HTTP/1.1" 200 27
114.83.222.182 - - [15/Mar/2023:10:59:04 +0800] "GET /xingrg/all/function/internal_message.html?_=1678849210287&CODE_STATE=getMsg HTTP/1.1" 200 27
124.78.153.221 - - [15/Mar/2023:10:59:06 +0800] "GET /xingrg/all/function/internal_message.html?_=1678849146191&CODE_STATE=getMsg HTTP/1.1" 200 27
116.238.139.35 - - [15/Mar/2023:10:59:09 +0800] "GET /xingrg/kc/buy/cgsh_order_info.html?code=212023031505362 HTTP/1.1" 200 64451
114.83.219.234 - - [15/Mar/2023:10:59:09 +0800] "GET /xingrg/all/function/internal_message.html?_=1678849149478&CODE_STATE=getMsg HTTP/1.1" 200 27
114.83.219.234 - - [15/Mar/2023:10:59:09 +0800] "GET /xingrg/check_reg.html?_=1678849149485 HTTP/1.1" 200 22
116.238.139.35 - - [15/Mar/2023:10:59:09 +0800] "GET /xingrg/javascript/easyui/themes/default/validatebox.css HTTP/1.1" 404 1104
116.192.124.172 - - [15/Mar/2023:10:59:10 +0800] "GET /xingrg/all/function/internal_message.html?_=1678849163271&CODE_STATE=getMsg HTTP/1.1" 200 27
116.238.139.35 - - [15/Mar/2023:10:59:11 +0800] "GET /xingrg/kc/print/load_data.html?order_code=212023031505362&kc_code=cgsh&condition= HTTP/1.1" 200 3676
180.169.147.146 - - [15/Mar/2023:10:59:13 +0800] "GET /xingrg/all/function/internal_message.html?_=1678849153421&CODE_STATE=getMsg HTTP/1.1" 200 27
116.238.139.35 - - [15/Mar/2023:10:59:13 +0800] "POST /xingrg/kc/buy/cgsh_order_operate.html HTTP/1.1" 200 8394
222.67.232.202 - - [15/Mar/2023:10:59:15 +0800] "GET /xingrg/all/function/internal_message.html?_=1678848706514&CODE_STATE=getMsg HTTP/1.1" 200 27
116.238.139.35 - - [15/Mar/2023:10:59:18 +0800] "GET /xingrg/kc/print/load_data.html?order_code=212023031505362&kc_code=cgsh&condition= HTTP/1.1" 200 3676
222.70.182.154 - - [15/Mar/2023:10:59:19 +0800] "GET /xingrg/all/function/internal_message.html?_=1678849157755&CODE_STATE=getMsg HTTP/1.1" 200 27
124.78.153.221 - - [15/Mar/2023:10:59:23 +0800] "GET /xingrg/all/function/internal_message.html?_=1678849162322&CODE_STATE=getMsg HTTP/1.1" 200 27
116.238.139.35 - - [15/Mar/2023:10:59:24 +0800] "GET /xingrg/kc/buy/cgsh_order_add.html HTTP/1.1" 200 69558
124.78.153.221 - - [15/Mar/2023:10:59:25 +0800] "GET /xingrg/all/function/internal_message.html?_=1678849168972&CODE_STATE=getMsg HTTP/1.1" 200 27
116.238.139.35 - - [15/Mar/2023:10:59:25 +0800] "POST /xingrg/kc/buy/cgsh_order_operate.html HTTP/1.1" 200 8245
116.238.139.35 - - [15/Mar/2023:10:59:25 +0800] "GET /xingrg/javascript/easyui/themes/default/validatebox.css HTTP/1.1" 404 1104
124.79.72.155 - - [15/Mar/2023:10:59:26 +0800] "GET /xingrg/all/function/internal_message.html?_=1678849170777&CODE_STATE=getMsg HTTP/1.1" 200 27
124.79.72.155 - - [15/Mar/2023:10:59:26 +0800] "GET /xingrg/check_reg.html?_=1678849170785 HTTP/1.1" 200 22
101.229.22.234 - - [15/Mar/2023:10:59:27 +0800] "GET /xingrg/all/function/internal_message.html?_=1678849167512&CODE_STATE=getMsg HTTP/1.1" 200 27
116.238.139.35 - - [15/Mar/2023:10:59:33 +0800] "GET /xingrg/kc/buy/cgsh_order_operate.html?command=get_materiel&rest_code=00151&code=00101008323&supplier_code=00100008&order_time=2023-03-15 HTTP/1.1" 200 408
222.70.221.209 - - [15/Mar/2023:10:59:33 +0800] "GET /xingrg/all/function/internal_message.html?_=1678849287680&CODE_STATE=getMsg HTTP/1.1" 200 27
120.253.135.82 - - [15/Mar/2023:10:59:33 +0800] "GET /xingrg/check_reg.html?_=1678849001793 HTTP/1.1" 200 22
120.253.135.82 - - [15/Mar/2023:10:59:33 +0800] "GET /xingrg/all/function/internal_message.html?_=1678849001976&CODE_STATE=getMsg HTTP/1.1" 200 27
116.224.106.218 - - [15/Mar/2023:10:59:35 +0800] "GET /xingrg/all/function/internal_message.html?_=1678849175196&CODE_STATE=getMsg HTTP/1.1" 200 27
116.238.139.35 - - [15/Mar/2023:10:59:42 +0800] "GET /xingrg/kc/buy/cgsh_order_operate.html?command=get_materiel&rest_code=00151&code=00101008261&supplier_code=00100008&order_time=2023-03-15 HTTP/1.1" 200 408
116.225.84.253 - - [15/Mar/2023:10:59:47 +0800] "GET /xingrg/all/function/internal_message.html?_=1678849186762&CODE_STATE=getMsg HTTP/1.1" 200 27
116.225.84.253 - - [15/Mar/2023:10:59:47 +0800] "GET /xingrg/check_reg.html?_=1678849186765 HTTP/1.1" 200 22
116.225.84.253 - - [15/Mar/2023:10:59:48 +0800] "GET /xingrg/all/function/internal_message.html?_=1678849032263&CODE_STATE=getMsg HTTP/1.1" 200 27
124.77.245.38 - - [15/Mar/2023:10:59:50 +0800] "GET /xingrg/all/function/internal_message.html?_=1678849199958&CODE_STATE=getMsg HTTP/1.1" 200 27
116.238.139.35 - - [15/Mar/2023:10:59:50 +0800] "GET /xingrg/kc/buy/cgsh_order_operate.html?command=get_materiel&rest_code=00151&code=00101008042&supplier_code=00100008&order_time=2023-03-15 HTTP/1.1" 200 416
116.224.106.218 - - [15/Mar/2023:10:59:50 +0800] "GET /xingrg/check_reg.html?_=1678849190290 HTTP/1.1" 200 22
180.169.147.146 - - [15/Mar/2023:10:59:54 +0800] "GET /xingrg/all/function/internal_message.html?_=1678849194363&CODE_STATE=getMsg HTTP/1.1" 200 27
116.238.139.35 - - [15/Mar/2023:10:59:58 +0800] "GET /xingrg/check_reg.html?_=1678849198858 HTTP/1.1" 200 22
116.238.139.35 - - [15/Mar/2023:10:59:58 +0800] "GET /xingrg/all/function/internal_message.html?_=1678849198861&CODE_STATE=getMsg HTTP/1.1" 200 27
116.238.139.35 - - [15/Mar/2023:10:59:58 +0800] "GET /xingrg/kc/buy/cgsh_order_operate.html?command=get_materiel&rest_code=00151&code=00101008350&supplier_code=00100008&order_time=2023-03-15 HTTP/1.1" 200 408
124.79.240.233 - - [15/Mar/2023:10:59:58 +0800] "GET /xingrg/all/function/internal_message.html?_=1678849188078&CODE_STATE=getMsg HTTP/1.1" 200 27
124.79.240.233 - - [15/Mar/2023:10:59:58 +0800] "GET /xingrg/check_reg.html?_=1678849188084 HTTP/1.1" 200 22
180.164.3.199 - - [15/Mar/2023:11:00:02 +0800] "GET /xingrg/all/function/internal_message.html?_=1678849203002&CODE_STATE=getMsg HTTP/1.1" 200 27
114.83.222.182 - - [15/Mar/2023:11:00:04 +0800] "GET /xingrg/all/function/internal_message.html?_=1678849270295&CODE_STATE=getMsg HTTP/1.1" 200 27
114.83.222.182 - - [15/Mar/2023:11:00:04 +0800] "GET /xingrg/check_reg.html?_=1678849270297 HTTP/1.1" 200 22
116.238.139.35 - - [15/Mar/2023:11:00:05 +0800] "GET /xingrg/kc/buy/cgsh_order_operate.html?command=get_materiel&rest_code=00151&code=00101008186&supplier_code=00100008&order_time=2023-03-15 HTTP/1.1" 200 409
114.83.219.234 - - [15/Mar/2023:11:00:09 +0800] "GET /xingrg/all/function/internal_message.html?_=1678849209486&CODE_STATE=getMsg HTTP/1.1" 200 27
116.192.124.172 - - [15/Mar/2023:11:00:10 +0800] "GET /xingrg/all/function/internal_message.html?_=1678849223268&CODE_STATE=getMsg HTTP/1.1" 200 27
180.169.147.146 - - [15/Mar/2023:11:00:13 +0800] "GET /xingrg/all/function/internal_message.html?_=1678849213426&CODE_STATE=getMsg HTTP/1.1" 200 27
116.238.139.35 - - [15/Mar/2023:11:00:13 +0800] "GET /xingrg/kc/buy/cgsh_order_operate.html?command=get_materiel&rest_code=00151&code=00101008221&supplier_code=00100008&order_time=2023-03-15 HTTP/1.1" 200 412
222.67.232.202 - - [15/Mar/2023:11:00:15 +0800] "GET /xingrg/all/function/internal_message.html?_=1678848766486&CODE_STATE=getMsg HTTP/1.1" 200 27
222.70.182.154 - - [15/Mar/2023:11:00:19 +0800] "GET /xingrg/all/function/internal_message.html?_=1678849217750&CODE_STATE=getMsg HTTP/1.1" 200 27
116.238.139.35 - - [15/Mar/2023:11:00:20 +0800] "GET /xingrg/kc/buy/cgsh_order_operate.html?command=get_materiel&rest_code=00151&code=00101008370&supplier_code=00100008&order_time=2023-03-15 HTTP/1.1" 200 412
124.78.153.221 - - [15/Mar/2023:11:00:23 +0800] "GET /xingrg/all/function/internal_message.html?_=1678849222307&CODE_STATE=getMsg HTTP/1.1" 200 27
124.78.153.221 - - [15/Mar/2023:11:00:25 +0800] "GET /xingrg/all/function/internal_message.html?_=1678849228976&CODE_STATE=getMsg HTTP/1.1" 200 27
124.79.72.155 - - [15/Mar/2023:11:00:26 +0800] "GET /xingrg/all/function/internal_message.html?_=1678849230785&CODE_STATE=getMsg HTTP/1.1" 200 27
101.229.22.234 - - [15/Mar/2023:11:00:27 +0800] "GET /xingrg/all/function/internal_message.html?_=1678849227512&CODE_STATE=getMsg HTTP/1.1" 200 27
116.238.139.35 - - [15/Mar/2023:11:00:29 +0800] "GET /xingrg/kc/buy/cgsh_order_operate.html?command=get_materiel&rest_code=00151&code=00101008137&supplier_code=00100008&order_time=2023-03-15 HTTP/1.1" 200 408
222.70.221.209 - - [15/Mar/2023:11:00:33 +0800] "GET /xingrg/all/function/internal_message.html?_=1678849347673&CODE_STATE=getMsg HTTP/1.1" 200 27
120.253.135.82 - - [15/Mar/2023:11:00:33 +0800] "GET /xingrg/all/function/internal_message.html?_=1678849061989&CODE_STATE=getMsg HTTP/1.1" 200 27
116.224.106.218 - - [15/Mar/2023:11:00:35 +0800] "GET /xingrg/all/function/internal_message.html?_=1678849235177&CODE_STATE=getMsg HTTP/1.1" 200 27
116.238.139.35 - - [15/Mar/2023:11:00:36 +0800] "GET /xingrg/kc/buy/cgsh_order_operate.html?command=get_materiel&rest_code=00151&code=00101008029&supplier_code=00100008&order_time=2023-03-15 HTTP/1.1" 200 417
116.225.84.253 - - [15/Mar/2023:11:00:47 +0800] "GET /xingrg/all/function/internal_message.html?_=1678849246765&CODE_STATE=getMsg HTTP/1.1" 200 27
116.225.84.253 - - [15/Mar/2023:11:00:48 +0800] "GET /xingrg/all/function/internal_message.html?_=1678849092273&CODE_STATE=getMsg HTTP/1.1" 200 27
124.78.153.221 - - [15/Mar/2023:11:00:49 +0800] "POST /xingrg/services/DataTransmitService HTTP/1.1" 200 524
124.77.245.38 - - [15/Mar/2023:11:00:50 +0800] "GET /xingrg/all/function/internal_message.html?_=1678849259968&CODE_STATE=getMsg HTTP/1.1" 200 27
116.238.139.35 - - [15/Mar/2023:11:00:52 +0800] "GET /xingrg/kc/buy/cgsh_order_operate.html?command=get_materiel&rest_code=00151&code=00101008356&supplier_code=00100008&order_time=2023-03-15 HTTP/1.1" 200 408
180.169.147.146 - - [15/Mar/2023:11:00:54 +0800] "GET /xingrg/all/function/internal_message.html?_=1678849254373&CODE_STATE=getMsg HTTP/1.1" 200 27
116.238.139.35 - - [15/Mar/2023:11:00:58 +0800] "GET /xingrg/all/function/internal_message.html?_=1678849258866&CODE_STATE=getMsg HTTP/1.1" 200 27
124.79.240.233 - - [15/Mar/2023:11:00:58 +0800] "GET /xingrg/all/function/internal_message.html?_=1678849248070&CODE_STATE=getMsg HTTP/1.1" 200 27
116.238.139.35 - - [15/Mar/2023:11:01:01 +0800] "GET /xingrg/kc/buy/cgsh_order_operate.html?command=get_materiel&rest_code=00151&code=00101008300&supplier_code=00100008&order_time=2023-03-15 HTTP/1.1" 200 412
180.164.3.199 - - [15/Mar/2023:11:01:02 +0800] "GET /xingrg/all/function/internal_message.html?_=1678849262986&CODE_STATE=getMsg HTTP/1.1" 200 27
180.164.3.199 - - [15/Mar/2023:11:01:03 +0800] "GET /xingrg/check_reg.html?_=1678849264264 HTTP/1.1" 200 22
114.83.222.182 - - [15/Mar/2023:11:01:04 +0800] "GET /xingrg/all/function/internal_message.html?_=1678849330286&CODE_STATE=getMsg HTTP/1.1" 200 27
114.83.219.234 - - [15/Mar/2023:11:01:09 +0800] "GET /xingrg/all/function/internal_message.html?_=1678849269488&CODE_STATE=getMsg HTTP/1.1" 200 27
116.238.139.35 - - [15/Mar/2023:11:01:09 +0800] "GET /xingrg/kc/buy/cgsh_order_operate.html?command=get_materiel&rest_code=00151&code=00101008223&supplier_code=00100008&order_time=2023-03-15 HTTP/1.1" 200 412
116.192.124.172 - - [15/Mar/2023:11:01:10 +0800] "GET /xingrg/all/function/internal_message.html?_=1678849283264&CODE_STATE=getMsg HTTP/1.1" 200 27
116.192.124.172 - - [15/Mar/2023:11:01:10 +0800] "GET /xingrg/check_reg.html?_=1678849283268 HTTP/1.1" 200 22
180.169.147.146 - - [15/Mar/2023:11:01:13 +0800] "GET /xingrg/all/function/internal_message.html?_=1678849273417&CODE_STATE=getMsg HTTP/1.1" 200 27
222.67.232.202 - - [15/Mar/2023:11:01:15 +0800] "GET /xingrg/all/function/internal_message.html?_=1678848826457&CODE_STATE=getMsg HTTP/1.1" 200 27
116.238.139.35 - - [15/Mar/2023:11:01:17 +0800] "GET /xingrg/kc/buy/cgsh_order_operate.html?command=get_materiel&rest_code=00151&code=00101008286&supplier_code=00100008&order_time=2023-03-15 HTTP/1.1" 200 408
222.70.182.154 - - [15/Mar/2023:11:01:19 +0800] "GET /xingrg/all/function/internal_message.html?_=1678849277747&CODE_STATE=getMsg HTTP/1.1" 200 27
222.70.182.154 - - [15/Mar/2023:11:01:19 +0800] "GET /xingrg/check_reg.html?_=1678849277744 HTTP/1.1" 200 22
124.78.153.221 - - [15/Mar/2023:11:01:23 +0800] "GET /xingrg/all/function/internal_message.html?_=1678849282290&CODE_STATE=getMsg HTTP/1.1" 200 27
124.78.153.221 - - [15/Mar/2023:11:01:25 +0800] "GET /xingrg/all/function/internal_message.html?_=1678849288977&CODE_STATE=getMsg HTTP/1.1" 200 27
124.79.72.155 - - [15/Mar/2023:11:01:26 +0800] "GET /xingrg/all/function/internal_message.html?_=1678849290802&CODE_STATE=getMsg HTTP/1.1" 200 27
116.238.139.35 - - [15/Mar/2023:11:01:26 +0800] "GET /xingrg/kc/buy/cgsh_order_operate.html?command=get_materiel&rest_code=00151&code=00101008169&supplier_code=00100008&order_time=2023-03-15 HTTP/1.1" 200 412
101.229.22.234 - - [15/Mar/2023:11:01:27 +0800] "GET /xingrg/all/function/internal_message.html?_=1678849287510&CODE_STATE=getMsg HTTP/1.1" 200 27
222.70.221.209 - - [15/Mar/2023:11:01:33 +0800] "GET /xingrg/check_reg.html?_=1678849407664 HTTP/1.1" 200 22
222.70.221.209 - - [15/Mar/2023:11:01:33 +0800] "GET /xingrg/all/function/internal_message.html?_=1678849407669&CODE_STATE=getMsg HTTP/1.1" 200 27
120.253.135.82 - - [15/Mar/2023:11:01:33 +0800] "GET /xingrg/all/function/internal_message.html?_=1678849122003&CODE_STATE=getMsg HTTP/1.1" 200 27
116.238.139.35 - - [15/Mar/2023:11:01:35 +0800] "GET /xingrg/kc/buy/cgsh_order_operate.html?command=get_materiel&rest_code=00151&code=00101008318&supplier_code=00100008&order_time=2023-03-15 HTTP/1.1" 200 408
116.224.106.218 - - [15/Mar/2023:11:01:35 +0800] "GET /xingrg/all/function/internal_message.html?_=1678849295163&CODE_STATE=getMsg HTTP/1.1" 200 27
116.238.139.35 - - [15/Mar/2023:11:01:42 +0800] "GET /xingrg/kc/buy/cgsh_order_operate.html?command=get_materiel&rest_code=00151&code=00101008371&supplier_code=00100008&order_time=2023-03-15 HTTP/1.1" 200 412
116.225.84.253 - - [15/Mar/2023:11:01:47 +0800] "GET /xingrg/all/function/internal_message.html?_=1678849306766&CODE_STATE=getMsg HTTP/1.1" 200 27
116.238.139.35 - - [15/Mar/2023:11:01:48 +0800] "GET /xingrg/check_reg.html?_=1678849238126 HTTP/1.1" 302 -
116.225.84.253 - - [15/Mar/2023:11:01:48 +0800] "GET /xingrg/all/function/internal_message.html?_=1678849152263&CODE_STATE=getMsg HTTP/1.1" 200 27
116.225.84.253 - - [15/Mar/2023:11:01:48 +0800] "GET /xingrg/check_reg.html?_=1678849152266 HTTP/1.1" 200 22
124.77.245.38 - - [15/Mar/2023:11:01:50 +0800] "GET /xingrg/all/function/internal_message.html?_=1678849320298&CODE_STATE=getMsg HTTP/1.1" 200 27
116.238.139.35 - - [15/Mar/2023:11:01:51 +0800] "GET /xingrg/kc/buy/cgsh_order_operate.html?command=get_materiel&rest_code=00151&code=00101008271&supplier_code=00100008&order_time=2023-03-15 HTTP/1.1" 200 408
180.169.147.146 - - [15/Mar/2023:11:01:54 +0800] "GET /xingrg/check_reg.html?_=1678849314373 HTTP/1.1" 200 22
180.169.147.146 - - [15/Mar/2023:11:01:54 +0800] "GET /xingrg/all/function/internal_message.html?_=1678849314379&CODE_STATE=getMsg HTTP/1.1" 200 27
116.238.139.35 - - [15/Mar/2023:11:01:58 +0800] "GET /xingrg/all/function/internal_message.html?_=1678849318868&CODE_STATE=getMsg HTTP/1.1" 200 27
124.79.240.233 - - [15/Mar/2023:11:01:58 +0800] "GET /xingrg/all/function/internal_message.html?_=1678849308070&CODE_STATE=getMsg HTTP/1.1" 200 27
116.238.139.35 - - [15/Mar/2023:11:01:59 +0800] "GET /xingrg/kc/buy/cgsh_order_operate.html?command=get_materiel&rest_code=00151&code=00101008095&supplier_code=00100008&order_time=2023-03-15 HTTP/1.1" 200 413
180.164.3.199 - - [15/Mar/2023:11:02:02 +0800] "GET /xingrg/all/function/internal_message.html?_=1678849322965&CODE_STATE=getMsg HTTP/1.1" 200 27
114.83.222.182 - - [15/Mar/2023:11:02:04 +0800] "GET /xingrg/all/function/internal_message.html?_=1678849390289&CODE_STATE=getMsg HTTP/1.1" 200 27
124.78.153.221 - - [15/Mar/2023:11:02:05 +0800] "GET /xingrg/check_reg.html?_=1678849324448 HTTP/1.1" 200 22
114.83.219.234 - - [15/Mar/2023:11:02:09 +0800] "GET /xingrg/all/function/internal_message.html?_=1678849329496&CODE_STATE=getMsg HTTP/1.1" 200 27
116.238.139.35 - - [15/Mar/2023:11:02:09 +0800] "GET /xingrg/kc/buy/cgsh_order_operate.html?command=get_materiel&rest_code=00151&code=00101008110&supplier_code=00100008&order_time=2023-03-15 HTTP/1.1" 200 409
116.192.124.172 - - [15/Mar/2023:11:02:10 +0800] "GET /xingrg/all/function/internal_message.html?_=1678849343261&CODE_STATE=getMsg HTTP/1.1" 200 27
180.169.147.146 - - [15/Mar/2023:11:02:13 +0800] "GET /xingrg/all/function/internal_message.html?_=1678849333425&CODE_STATE=getMsg HTTP/1.1" 200 27
222.67.232.202 - - [15/Mar/2023:11:02:15 +0800] "GET /xingrg/all/function/internal_message.html?_=1678848886438&CODE_STATE=getMsg HTTP/1.1" 200 27
222.67.232.202 - - [15/Mar/2023:11:02:16 +0800] "GET /xingrg/check_reg.html?_=1678848887063 HTTP/1.1" 200 22
116.238.139.35 - - [15/Mar/2023:11:02:16 +0800] "GET /xingrg/kc/buy/cgsh_order_operate.html?command=get_materiel&rest_code=00151&code=00101008298&supplier_code=00100008&order_time=2023-03-15 HTTP/1.1" 200 412
222.70.182.154 - - [15/Mar/2023:11:02:19 +0800] "GET /xingrg/all/function/internal_message.html?_=1678849337745&CODE_STATE=getMsg HTTP/1.1" 200 27
116.238.139.35 - - [15/Mar/2023:11:02:19 +0800] "POST /xingrg/kc/buy/cgsh_order_operate.html HTTP/1.1" 200 2065
124.78.153.221 - - [15/Mar/2023:11:02:23 +0800] "GET /xingrg/all/function/internal_message.html?_=1678849342267&CODE_STATE=getMsg HTTP/1.1" 200 27
116.238.139.35 - - [15/Mar/2023:11:02:25 +0800] "GET /xingrg/kc/buy/cgsh_order_operate.html?command=get_materiel&rest_code=00151&code=00101008338&supplier_code=00100008&order_time=2023-03-15 HTTP/1.1" 200 409
124.78.153.221 - - [15/Mar/2023:11:02:25 +0800] "GET /xingrg/all/function/internal_message.html?_=1678849348980&CODE_STATE=getMsg HTTP/1.1" 200 27
124.79.72.155 - - [15/Mar/2023:11:02:26 +0800] "GET /xingrg/all/function/internal_message.html?_=1678849350802&CODE_STATE=getMsg HTTP/1.1" 200 27
101.229.22.234 - - [15/Mar/2023:11:02:27 +0800] "GET /xingrg/all/function/internal_message.html?_=1678849347513&CODE_STATE=getMsg HTTP/1.1" 200 27
101.229.22.234 - - [15/Mar/2023:11:02:27 +0800] "GET /xingrg/check_reg.html?_=1678849347514 HTTP/1.1" 200 22
222.70.221.209 - - [15/Mar/2023:11:02:33 +0800] "GET /xingrg/all/function/internal_message.html?_=1678849467681&CODE_STATE=getMsg HTTP/1.1" 200 27
120.253.135.82 - - [15/Mar/2023:11:02:33 +0800] "GET /xingrg/all/function/internal_message.html?_=1678849182032&CODE_STATE=getMsg HTTP/1.1" 200 27
116.224.106.218 - - [15/Mar/2023:11:02:35 +0800] "GET /xingrg/all/function/internal_message.html?_=1678849355148&CODE_STATE=getMsg HTTP/1.1" 200 27
124.77.245.38 - - [15/Mar/2023:11:02:45 +0800] "GET /xingrg/check_reg.html?_=1678849375547 HTTP/1.1" 200 22
116.225.84.253 - - [15/Mar/2023:11:02:47 +0800] "GET /xingrg/all/function/internal_message.html?_=1678849366767&CODE_STATE=getMsg HTTP/1.1" 200 27
116.225.84.253 - - [15/Mar/2023:11:02:48 +0800] "GET /xingrg/all/function/internal_message.html?_=1678849212278&CODE_STATE=getMsg HTTP/1.1" 200 27
116.238.139.35 - - [15/Mar/2023:11:02:49 +0800] "POST /xingrg/kc/buy/cgsh_order_operate.html HTTP/1.1" 200 37
124.77.245.38 - - [15/Mar/2023:11:02:50 +0800] "GET /xingrg/all/function/internal_message.html?_=1678849380305&CODE_STATE=getMsg HTTP/1.1" 200 27
180.169.147.146 - - [15/Mar/2023:11:02:54 +0800] "GET /xingrg/all/function/internal_message.html?_=1678849374368&CODE_STATE=getMsg HTTP/1.1" 200 27
124.79.240.233 - - [15/Mar/2023:11:02:58 +0800] "GET /xingrg/all/function/internal_message.html?_=1678849368068&CODE_STATE=getMsg HTTP/1.1" 200 27
116.238.139.35 - - [15/Mar/2023:11:03:00 +0800] "POST /xingrg/kc/buy/cgsh_order_operate.html HTTP/1.1" 200 15230
116.192.124.172 - - [15/Mar/2023:11:03:01 +0800] "GET /xingrg/check_reg.html?_=1678849381660 HTTP/1.1" 200 22
180.164.3.199 - - [15/Mar/2023:11:03:02 +0800] "GET /xingrg/all/function/internal_message.html?_=1678849382963&CODE_STATE=getMsg HTTP/1.1" 200 27
114.83.222.182 - - [15/Mar/2023:11:03:04 +0800] "GET /xingrg/all/function/internal_message.html?_=1678849450304&CODE_STATE=getMsg HTTP/1.1" 200 27
114.83.219.234 - - [15/Mar/2023:11:03:09 +0800] "GET /xingrg/all/function/internal_message.html?_=1678849389483&CODE_STATE=getMsg HTTP/1.1" 200 27
116.192.124.172 - - [15/Mar/2023:11:03:10 +0800] "GET /xingrg/all/function/internal_message.html?_=1678849403274&CODE_STATE=getMsg HTTP/1.1" 200 27
180.169.147.146 - - [15/Mar/2023:11:03:13 +0800] "GET /xingrg/all/function/internal_message.html?_=1678849393432&CODE_STATE=getMsg HTTP/1.1" 200 27
180.169.147.146 - - [15/Mar/2023:11:03:13 +0800] "GET /xingrg/check_reg.html?_=1678849393437 HTTP/1.1" 200 22
222.67.232.202 - - [15/Mar/2023:11:03:15 +0800] "GET /xingrg/all/function/internal_message.html?_=1678848946420&CODE_STATE=getMsg HTTP/1.1" 200 27
222.70.182.154 - - [15/Mar/2023:11:03:19 +0800] "GET /xingrg/all/function/internal_message.html?_=1678849397743&CODE_STATE=getMsg HTTP/1.1" 200 27
124.78.153.221 - - [15/Mar/2023:11:03:23 +0800] "GET /xingrg/all/function/internal_message.html?_=1678849402254&CODE_STATE=getMsg HTTP/1.1" 200 27
124.78.153.221 - - [15/Mar/2023:11:03:25 +0800] "GET /xingrg/check_reg.html?_=1678849408981 HTTP/1.1" 200 22
124.78.153.221 - - [15/Mar/2023:11:03:25 +0800] "GET /xingrg/all/function/internal_message.html?_=1678849408987&CODE_STATE=getMsg HTTP/1.1" 200 27
124.79.72.155 - - [15/Mar/2023:11:03:26 +0800] "GET /xingrg/all/function/internal_message.html?_=1678849410808&CODE_STATE=getMsg HTTP/1.1" 200 27
101.229.22.234 - - [15/Mar/2023:11:03:27 +0800] "GET /xingrg/all/function/internal_message.html?_=1678849407512&CODE_STATE=getMsg HTTP/1.1" 200 27
222.70.221.209 - - [15/Mar/2023:11:03:33 +0800] "GET /xingrg/all/function/internal_message.html?_=1678849527685&CODE_STATE=getMsg HTTP/1.1" 200 27
120.253.135.82 - - [15/Mar/2023:11:03:33 +0800] "GET /xingrg/all/function/internal_message.html?_=1678849242046&CODE_STATE=getMsg HTTP/1.1" 200 27
116.224.106.218 - - [15/Mar/2023:11:03:35 +0800] "GET /xingrg/all/function/internal_message.html?_=1678849415134&CODE_STATE=getMsg HTTP/1.1" 200 27
116.225.84.253 - - [15/Mar/2023:11:03:47 +0800] "GET /xingrg/all/function/internal_message.html?_=1678849426767&CODE_STATE=getMsg HTTP/1.1" 200 27
116.225.84.253 - - [15/Mar/2023:11:03:48 +0800] "GET /xingrg/all/function/internal_message.html?_=1678849272278&CODE_STATE=getMsg HTTP/1.1" 200 27
124.77.245.38 - - [15/Mar/2023:11:03:50 +0800] "GET /xingrg/all/function/internal_message.html?_=1678849440321&CODE_STATE=getMsg HTTP/1.1" 200 27
180.169.147.146 - - [15/Mar/2023:11:03:54 +0800] "GET /xingrg/all/function/internal_message.html?_=1678849434375&CODE_STATE=getMsg HTTP/1.1" 200 27
116.238.139.35 - - [15/Mar/2023:11:03:58 +0800] "GET /xingrg/all/function/internal_message.html?_=1678849438876&CODE_STATE=getMsg HTTP/1.1" 200 27
124.79.240.233 - - [15/Mar/2023:11:03:58 +0800] "GET /xingrg/all/function/internal_message.html?_=1678849428066&CODE_STATE=getMsg HTTP/1.1" 200 27
180.164.3.199 - - [15/Mar/2023:11:04:02 +0800] "GET /xingrg/all/function/internal_message.html?_=1678849442942&CODE_STATE=getMsg HTTP/1.1" 200 27
114.83.222.182 - - [15/Mar/2023:11:04:04 +0800] "GET /xingrg/all/function/internal_message.html?_=1678849510299&CODE_STATE=getMsg HTTP/1.1" 200 27
114.83.219.234 - - [15/Mar/2023:11:04:09 +0800] "GET /xingrg/all/function/internal_message.html?_=1678849449484&CODE_STATE=getMsg HTTP/1.1" 200 27
114.83.219.234 - - [15/Mar/2023:11:04:09 +0800] "GET /xingrg/check_reg.html?_=1678849449488 HTTP/1.1" 200 22
116.192.124.172 - - [15/Mar/2023:11:04:10 +0800] "GET /xingrg/all/function/internal_message.html?_=1678849463270&CODE_STATE=getMsg HTTP/1.1" 200 27
180.169.147.146 - - [15/Mar/2023:11:04:13 +0800] "GET /xingrg/all/function/internal_message.html?_=1678849453412&CODE_STATE=getMsg HTTP/1.1" 200 27
222.67.232.202 - - [15/Mar/2023:11:04:15 +0800] "GET /xingrg/all/function/internal_message.html?_=1678849006423&CODE_STATE=getMsg HTTP/1.1" 200 27
222.70.182.154 - - [15/Mar/2023:11:04:19 +0800] "GET /xingrg/all/function/internal_message.html?_=1678849457755&CODE_STATE=getMsg HTTP/1.1" 200 27
124.78.153.221 - - [15/Mar/2023:11:04:23 +0800] "GET /xingrg/all/function/internal_message.html?_=1678849462226&CODE_STATE=getMsg HTTP/1.1" 200 27
124.78.153.221 - - [15/Mar/2023:11:04:25 +0800] "GET /xingrg/all/function/internal_message.html?_=1678849468972&CODE_STATE=getMsg HTTP/1.1" 200 27
124.79.72.155 - - [15/Mar/2023:11:04:26 +0800] "GET /xingrg/all/function/internal_message.html?_=1678849470799&CODE_STATE=getMsg HTTP/1.1" 200 27
124.79.72.155 - - [15/Mar/2023:11:04:26 +0800] "GET /xingrg/check_reg.html?_=1678849470808 HTTP/1.1" 200 22
101.229.22.234 - - [15/Mar/2023:11:04:27 +0800] "GET /xingrg/all/function/internal_message.html?_=1678849467511&CODE_STATE=getMsg HTTP/1.1" 200 27
222.70.221.209 - - [15/Mar/2023:11:04:33 +0800] "GET /xingrg/all/function/internal_message.html?_=1678849587680&CODE_STATE=getMsg HTTP/1.1" 200 27
120.253.135.82 - - [15/Mar/2023:11:04:33 +0800] "GET /xingrg/check_reg.html?_=1678849301812 HTTP/1.1" 200 22
120.253.135.82 - - [15/Mar/2023:11:04:33 +0800] "GET /xingrg/all/function/internal_message.html?_=1678849302059&CODE_STATE=getMsg HTTP/1.1" 200 27
116.224.106.218 - - [15/Mar/2023:11:04:35 +0800] "GET /xingrg/all/function/internal_message.html?_=1678849475116&CODE_STATE=getMsg HTTP/1.1" 200 27
116.225.84.253 - - [15/Mar/2023:11:04:47 +0800] "GET /xingrg/all/function/internal_message.html?_=1678849486771&CODE_STATE=getMsg HTTP/1.1" 200 27
116.225.84.253 - - [15/Mar/2023:11:04:47 +0800] "GET /xingrg/check_reg.html?_=1678849486768 HTTP/1.1" 200 22
116.225.84.253 - - [15/Mar/2023:11:04:48 +0800] "GET /xingrg/all/function/internal_message.html?_=1678849332288&CODE_STATE=getMsg HTTP/1.1" 200 27
116.224.106.218 - - [15/Mar/2023:11:04:50 +0800] "GET /xingrg/check_reg.html?_=1678849490270 HTTP/1.1" 200 22
124.77.245.38 - - [15/Mar/2023:11:04:50 +0800] "GET /xingrg/all/function/internal_message.html?_=1678849500624&CODE_STATE=getMsg HTTP/1.1" 200 27
180.169.147.146 - - [15/Mar/2023:11:04:54 +0800] "GET /xingrg/all/function/internal_message.html?_=1678849494376&CODE_STATE=getMsg HTTP/1.1" 200 27
116.238.139.35 - - [15/Mar/2023:11:04:58 +0800] "GET /xingrg/check_reg.html?_=1678849498861 HTTP/1.1" 200 22
116.238.139.35 - - [15/Mar/2023:11:04:58 +0800] "GET /xingrg/all/function/internal_message.html?_=1678849498864&CODE_STATE=getMsg HTTP/1.1" 200 27
124.79.240.233 - - [15/Mar/2023:11:04:58 +0800] "GET /xingrg/all/function/internal_message.html?_=1678849488085&CODE_STATE=getMsg HTTP/1.1" 200 27
124.79.240.233 - - [15/Mar/2023:11:04:58 +0800] "GET /xingrg/check_reg.html?_=1678849488091 HTTP/1.1" 200 22
180.164.3.199 - - [15/Mar/2023:11:05:02 +0800] "GET /xingrg/all/function/internal_message.html?_=1678849502917&CODE_STATE=getMsg HTTP/1.1" 200 27
114.83.222.182 - - [15/Mar/2023:11:05:04 +0800] "GET /xingrg/check_reg.html?_=1678849570287 HTTP/1.1" 200 22
114.83.222.182 - - [15/Mar/2023:11:05:04 +0800] "GET /xingrg/all/function/internal_message.html?_=1678849570288&CODE_STATE=getMsg HTTP/1.1" 200 27
114.83.219.234 - - [15/Mar/2023:11:05:09 +0800] "GET /xingrg/all/function/internal_message.html?_=1678849509489&CODE_STATE=getMsg HTTP/1.1" 200 27
116.192.124.172 - - [15/Mar/2023:11:05:10 +0800] "GET /xingrg/all/function/internal_message.html?_=1678849523267&CODE_STATE=getMsg HTTP/1.1" 200 27
180.169.147.146 - - [15/Mar/2023:11:05:13 +0800] "GET /xingrg/all/function/internal_message.html?_=1678849513428&CODE_STATE=getMsg HTTP/1.1" 200 27
222.67.232.202 - - [15/Mar/2023:11:05:15 +0800] "GET /xingrg/all/function/internal_message.html?_=1678849066391&CODE_STATE=getMsg HTTP/1.1" 200 27
222.70.182.154 - - [15/Mar/2023:11:05:19 +0800] "GET /xingrg/all/function/internal_message.html?_=1678849517752&CODE_STATE=getMsg HTTP/1.1" 200 27
124.78.153.221 - - [15/Mar/2023:11:05:23 +0800] "GET /xingrg/all/function/internal_message.html?_=1678849522199&CODE_STATE=getMsg HTTP/1.1" 200 27
116.238.139.35 - - [15/Mar/2023:11:05:23 +0800] "POST /xingrg/kc/buy/cgsh_order_operate.html HTTP/1.1" 200 37
124.78.153.221 - - [15/Mar/2023:11:05:25 +0800] "GET /xingrg/all/function/internal_message.html?_=1678849528977&CODE_STATE=getMsg HTTP/1.1" 200 27
124.79.72.155 - - [15/Mar/2023:11:05:26 +0800] "GET /xingrg/all/function/internal_message.html?_=1678849530807&CODE_STATE=getMsg HTTP/1.1" 200 27
101.229.22.234 - - [15/Mar/2023:11:05:27 +0800] "GET /xingrg/all/function/internal_message.html?_=1678849527543&CODE_STATE=getMsg HTTP/1.1" 200 27
222.70.221.209 - - [15/Mar/2023:11:05:33 +0800] "GET /xingrg/all/function/internal_message.html?_=1678849647673&CODE_STATE=getMsg HTTP/1.1" 200 27
120.253.135.82 - - [15/Mar/2023:11:05:33 +0800] "GET /xingrg/all/function/internal_message.html?_=1678849362072&CODE_STATE=getMsg HTTP/1.1" 200 27
116.224.106.218 - - [15/Mar/2023:11:05:35 +0800] "GET /xingrg/all/function/internal_message.html?_=1678849535091&CODE_STATE=getMsg HTTP/1.1" 200 27
116.238.139.35 - - [15/Mar/2023:11:05:45 +0800] "POST /xingrg/kc/buy/cgsh_order_operate.html HTTP/1.1" 200 12
116.238.139.35 - - [15/Mar/2023:11:05:47 +0800] "GET /xingrg/kc/buy/cgsh_order_info.html?code=212023031505363 HTTP/1.1" 200 64461
116.238.139.35 - - [15/Mar/2023:11:05:47 +0800] "GET /xingrg/javascript/easyui/themes/default/validatebox.css HTTP/1.1" 404 1104
116.225.84.253 - - [15/Mar/2023:11:05:47 +0800] "GET /xingrg/all/function/internal_message.html?_=1678849546771&CODE_STATE=getMsg HTTP/1.1" 200 27
116.225.84.253 - - [15/Mar/2023:11:05:48 +0800] "GET /xingrg/all/function/internal_message.html?_=1678849392298&CODE_STATE=getMsg HTTP/1.1" 200 27
116.238.139.35 - - [15/Mar/2023:11:05:49 +0800] "POST /xingrg/kc/buy/cgsh_order_operate.html HTTP/1.1" 200 13175
124.77.245.38 - - [15/Mar/2023:11:05:50 +0800] "GET /xingrg/all/function/internal_message.html?_=1678849560628&CODE_STATE=getMsg HTTP/1.1" 200 27
116.238.139.35 - - [15/Mar/2023:11:05:51 +0800] "GET /xingrg/kc/print/load_data.html?order_code=212023031505363&kc_code=cgsh&condition= HTTP/1.1" 200 5556
180.169.147.146 - - [15/Mar/2023:11:05:54 +0800] "GET /xingrg/all/function/internal_message.html?_=1678849554361&CODE_STATE=getMsg HTTP/1.1" 200 27
116.238.139.35 - - [15/Mar/2023:11:05:58 +0800] "GET /xingrg/all/function/internal_message.html?_=1678849558850&CODE_STATE=getMsg HTTP/1.1" 200 27
124.79.240.233 - - [15/Mar/2023:11:05:58 +0800] "GET /xingrg/all/function/internal_message.html?_=1678849548080&CODE_STATE=getMsg HTTP/1.1" 200 27
180.164.3.199 - - [15/Mar/2023:11:06:02 +0800] "GET /xingrg/all/function/internal_message.html?_=1678849562897&CODE_STATE=getMsg HTTP/1.1" 200 27
180.164.3.199 - - [15/Mar/2023:11:06:03 +0800] "GET /xingrg/check_reg.html?_=1678849564274 HTTP/1.1" 200 22
114.83.222.182 - - [15/Mar/2023:11:06:04 +0800] "GET /xingrg/all/function/internal_message.html?_=1678849630295&CODE_STATE=getMsg HTTP/1.1" 200 27
114.83.219.234 - - [15/Mar/2023:11:06:09 +0800] "GET /xingrg/all/function/internal_message.html?_=1678849569503&CODE_STATE=getMsg HTTP/1.1" 200 27
116.192.124.172 - - [15/Mar/2023:11:06:10 +0800] "GET /xingrg/all/function/internal_message.html?_=1678849583264&CODE_STATE=getMsg HTTP/1.1" 200 27
116.192.124.172 - - [15/Mar/2023:11:06:10 +0800] "GET /xingrg/check_reg.html?_=1678849583268 HTTP/1.1" 200 22
180.169.147.146 - - [15/Mar/2023:11:06:13 +0800] "GET /xingrg/all/function/internal_message.html?_=1678849573425&CODE_STATE=getMsg HTTP/1.1" 200 27
222.67.232.202 - - [15/Mar/2023:11:06:15 +0800] "GET /xingrg/all/function/internal_message.html?_=1678849126366&CODE_STATE=getMsg HTTP/1.1" 200 27
222.70.182.154 - - [15/Mar/2023:11:06:19 +0800] "GET /xingrg/check_reg.html?_=1678849577752 HTTP/1.1" 200 22
222.70.182.154 - - [15/Mar/2023:11:06:19 +0800] "GET /xingrg/all/function/internal_message.html?_=1678849577755&CODE_STATE=getMsg HTTP/1.1" 200 27
124.78.153.221 - - [15/Mar/2023:11:06:25 +0800] "GET /xingrg/all/function/internal_message.html?_=1678849588979&CODE_STATE=getMsg HTTP/1.1" 200 27
124.79.72.155 - - [15/Mar/2023:11:06:26 +0800] "GET /xingrg/all/function/internal_message.html?_=1678849590798&CODE_STATE=getMsg HTTP/1.1" 200 27
101.229.22.234 - - [15/Mar/2023:11:06:27 +0800] "GET /xingrg/all/function/internal_message.html?_=1678849587542&CODE_STATE=getMsg HTTP/1.1" 200 27
222.70.221.209 - - [15/Mar/2023:11:06:33 +0800] "GET /xingrg/check_reg.html?_=1678849707665 HTTP/1.1" 200 22
222.70.221.209 - - [15/Mar/2023:11:06:33 +0800] "GET /xingrg/all/function/internal_message.html?_=1678849707670&CODE_STATE=getMsg HTTP/1.1" 200 27
120.253.135.82 - - [15/Mar/2023:11:06:34 +0800] "GET /xingrg/all/function/internal_message.html?_=1678849422086&CODE_STATE=getMsg HTTP/1.1" 200 27
116.224.106.218 - - [15/Mar/2023:11:06:35 +0800] "GET /xingrg/all/function/internal_message.html?_=1678849595080&CODE_STATE=getMsg HTTP/1.1" 200 27
180.171.131.251 - - [15/Mar/2023:11:06:36 +0800] "POST /xingrg/services/DataTransmitService HTTP/1.1" 200 524
180.171.131.251 - - [15/Mar/2023:11:06:39 +0800] "POST /xingrg/services/DataTransmitService HTTP/1.1" 200 2251
116.225.84.253 - - [15/Mar/2023:11:06:47 +0800] "GET /xingrg/all/function/internal_message.html?_=1678849606772&CODE_STATE=getMsg HTTP/1.1" 200 27
116.238.139.35 - - [15/Mar/2023:11:06:48 +0800] "GET /xingrg/check_reg.html?_=1678849538167 HTTP/1.1" 302 -
180.171.131.251 - - [15/Mar/2023:11:06:48 +0800] "POST /xingrg/services/DataTransmitService HTTP/1.1" 200 206431
116.225.84.253 - - [15/Mar/2023:11:06:48 +0800] "GET /xingrg/check_reg.html?_=1678849452287 HTTP/1.1" 200 22
116.225.84.253 - - [15/Mar/2023:11:06:48 +0800] "GET /xingrg/all/function/internal_message.html?_=1678849452291&CODE_STATE=getMsg HTTP/1.1" 200 27
124.77.245.38 - - [15/Mar/2023:11:06:50 +0800] "GET /xingrg/all/function/internal_message.html?_=1678849620952&CODE_STATE=getMsg HTTP/1.1" 200 27
180.169.147.146 - - [15/Mar/2023:11:06:54 +0800] "GET /xingrg/all/function/internal_message.html?_=1678849614371&CODE_STATE=getMsg HTTP/1.1" 200 27
180.169.147.146 - - [15/Mar/2023:11:06:54 +0800] "GET /xingrg/check_reg.html?_=1678849614373 HTTP/1.1" 200 22
116.238.139.35 - - [15/Mar/2023:11:06:58 +0800] "GET /xingrg/all/function/internal_message.html?_=1678849618818&CODE_STATE=getMsg HTTP/1.1" 200 27
124.79.240.233 - - [15/Mar/2023:11:06:58 +0800] "GET /xingrg/all/function/internal_message.html?_=1678849608089&CODE_STATE=getMsg HTTP/1.1" 200 27
180.164.3.199 - - [15/Mar/2023:11:07:02 +0800] "GET /xingrg/all/function/internal_message.html?_=1678849622876&CODE_STATE=getMsg HTTP/1.1" 200 27
114.83.222.182 - - [15/Mar/2023:11:07:04 +0800] "GET /xingrg/all/function/internal_message.html?_=1678849690289&CODE_STATE=getMsg HTTP/1.1" 200 27
114.83.219.234 - - [15/Mar/2023:11:07:09 +0800] "GET /xingrg/all/function/internal_message.html?_=1678849629504&CODE_STATE=getMsg HTTP/1.1" 200 27
116.192.124.172 - - [15/Mar/2023:11:07:10 +0800] "GET /xingrg/all/function/internal_message.html?_=1678849643261&CODE_STATE=getMsg HTTP/1.1" 200 27
180.169.147.146 - - [15/Mar/2023:11:07:13 +0800] "GET /xingrg/all/function/internal_message.html?_=1678849633421&CODE_STATE=getMsg HTTP/1.1" 200 27
222.67.232.202 - - [15/Mar/2023:11:07:15 +0800] "GET /xingrg/all/function/internal_message.html?_=1678849186346&CODE_STATE=getMsg HTTP/1.1" 200 27
222.67.232.202 - - [15/Mar/2023:11:07:16 +0800] "GET /xingrg/check_reg.html?_=1678849187057 HTTP/1.1" 200 22
222.70.182.154 - - [15/Mar/2023:11:07:19 +0800] "GET /xingrg/all/function/internal_message.html?_=1678849637755&CODE_STATE=getMsg HTTP/1.1" 200 27
124.79.72.155 - - [15/Mar/2023:11:07:26 +0800] "GET /xingrg/all/function/internal_message.html?_=1678849650802&CODE_STATE=getMsg HTTP/1.1" 200 27
101.229.22.234 - - [15/Mar/2023:11:07:27 +0800] "GET /xingrg/check_reg.html?_=1678849647543 HTTP/1.1" 200 22
101.229.22.234 - - [15/Mar/2023:11:07:27 +0800] "GET /xingrg/all/function/internal_message.html?_=1678849647544&CODE_STATE=getMsg HTTP/1.1" 200 27
222.70.221.209 - - [15/Mar/2023:11:07:33 +0800] "GET /xingrg/all/function/internal_message.html?_=1678849767681&CODE_STATE=getMsg HTTP/1.1" 200 27
120.253.135.82 - - [15/Mar/2023:11:07:34 +0800] "GET /xingrg/all/function/internal_message.html?_=1678849482116&CODE_STATE=getMsg HTTP/1.1" 200 27
116.224.106.218 - - [15/Mar/2023:11:07:35 +0800] "GET /xingrg/all/function/internal_message.html?_=1678849655065&CODE_STATE=getMsg HTTP/1.1" 200 27
124.77.245.38 - - [15/Mar/2023:11:07:45 +0800] "GET /xingrg/check_reg.html?_=1678849675557 HTTP/1.1" 200 22
116.225.84.253 - - [15/Mar/2023:11:07:47 +0800] "GET /xingrg/all/function/internal_message.html?_=1678849666772&CODE_STATE=getMsg HTTP/1.1" 200 27
116.225.84.253 - - [15/Mar/2023:11:07:48 +0800] "GET /xingrg/all/function/internal_message.html?_=1678849512278&CODE_STATE=getMsg HTTP/1.1" 200 27
124.77.245.38 - - [15/Mar/2023:11:07:51 +0800] "GET /xingrg/all/function/internal_message.html?_=1678849680967&CODE_STATE=getMsg HTTP/1.1" 200 27
180.169.147.146 - - [15/Mar/2023:11:07:54 +0800] "GET /xingrg/all/function/internal_message.html?_=1678849674361&CODE_STATE=getMsg HTTP/1.1" 200 27
116.238.139.35 - - [15/Mar/2023:11:07:58 +0800] "GET /xingrg/all/function/internal_message.html?_=1678849678804&CODE_STATE=getMsg HTTP/1.1" 200 27
124.79.240.233 - - [15/Mar/2023:11:07:58 +0800] "GET /xingrg/all/function/internal_message.html?_=1678849668082&CODE_STATE=getMsg HTTP/1.1" 200 27
116.192.124.172 - - [15/Mar/2023:11:08:01 +0800] "GET /xingrg/check_reg.html?_=1678849681655 HTTP/1.1" 200 22
180.164.3.199 - - [15/Mar/2023:11:08:02 +0800] "GET /xingrg/all/function/internal_message.html?_=1678849682851&CODE_STATE=getMsg HTTP/1.1" 200 27
114.83.222.182 - - [15/Mar/2023:11:08:04 +0800] "GET /xingrg/all/function/internal_message.html?_=1678849750300&CODE_STATE=getMsg HTTP/1.1" 200 27
114.83.219.234 - - [15/Mar/2023:11:08:09 +0800] "GET /xingrg/all/function/internal_message.html?_=1678849689505&CODE_STATE=getMsg HTTP/1.1" 200 27
116.192.124.172 - - [15/Mar/2023:11:08:10 +0800] "GET /xingrg/all/function/internal_message.html?_=1678849703273&CODE_STATE=getMsg HTTP/1.1" 200 27
