124.77.245.38 - - [15/Mar/2023:11:16:52 +0800] "GET /xingrg/all/function/internal_message.html?_=1678850222294&CODE_STATE=getMsg HTTP/1.1" 200 27
124.78.153.221 - - [15/Mar/2023:11:16:52 +0800] "GET /xingrg/javascript/jquery_easy_ui/themes/default/images/tabs_active.png HTTP/1.1" 304 -
114.83.222.182 - - [15/Mar/2023:11:16:53 +0800] "GET /xingrg/javascript/auto/indicator.gif HTTP/1.1" 404 1066
180.169.147.146 - - [15/Mar/2023:11:16:54 +0800] "GET /xingrg/all/function/internal_message.html?_=1678850214371&CODE_STATE=getMsg HTTP/1.1" 200 27
180.169.147.146 - - [15/Mar/2023:11:16:54 +0800] "GET /xingrg/check_reg.html?_=1678850214372 HTTP/1.1" 200 22
124.78.153.221 - - [15/Mar/2023:11:16:55 +0800] "POST /xingrg/kc/base/wldb_list_operate.html HTTP/1.1" 200 544
124.78.153.221 - - [15/Mar/2023:11:16:56 +0800] "GET /xingrg/kc/base/wldb_order_info.html?code=422023031501203 HTTP/1.1" 200 30396
124.78.153.221 - - [15/Mar/2023:11:16:56 +0800] "GET /xingrg/javascript/easyui/themes/default/validatebox.css HTTP/1.1" 404 1104
124.78.153.221 - - [15/Mar/2023:11:16:57 +0800] "POST /xingrg/kc/base/wldb_order_operate.html HTTP/1.1" 200 4196
116.238.139.35 - - [15/Mar/2023:11:16:57 +0800] "GET /xingrg/all/function/internal_message.html?_=1678850218614&CODE_STATE=getMsg HTTP/1.1" 200 27
124.79.240.233 - - [15/Mar/2023:11:16:58 +0800] "GET /xingrg/all/function/internal_message.html?_=1678850208071&CODE_STATE=getMsg HTTP/1.1" 200 27
180.164.3.199 - - [15/Mar/2023:11:17:01 +0800] "GET /xingrg/all/function/internal_message.html?_=1678850222671&CODE_STATE=getMsg HTTP/1.1" 200 27
114.83.222.182 - - [15/Mar/2023:11:17:04 +0800] "GET /xingrg/all/function/internal_message.html?_=1678850290242&CODE_STATE=getMsg HTTP/1.1" 200 27
114.83.219.234 - - [15/Mar/2023:11:17:09 +0800] "GET /xingrg/all/function/internal_message.html?_=1678850229546&CODE_STATE=getMsg HTTP/1.1" 200 27
116.192.124.172 - - [15/Mar/2023:11:17:10 +0800] "GET /xingrg/all/function/internal_message.html?_=1678850243285&CODE_STATE=getMsg HTTP/1.1" 200 27
180.169.147.146 - - [15/Mar/2023:11:17:13 +0800] "GET /xingrg/all/function/internal_message.html?_=1678850233421&CODE_STATE=getMsg HTTP/1.1" 200 27
124.78.153.221 - - [15/Mar/2023:11:17:14 +0800] "GET /xingrg/javascript/auto/indicator.gif HTTP/1.1" 404 1066
222.67.232.202 - - [15/Mar/2023:11:17:15 +0800] "GET /xingrg/all/function/internal_message.html?_=1678849786129&CODE_STATE=getMsg HTTP/1.1" 200 27
222.67.232.202 - - [15/Mar/2023:11:17:16 +0800] "GET /xingrg/check_reg.html?_=1678849787029 HTTP/1.1" 200 22
114.83.222.182 - - [15/Mar/2023:11:17:19 +0800] "GET /xingrg/kc/buy/cgsh_order_operate.html?command=get_materiel&rest_code=00154&code=00101027042&supplier_code=00100427&order_time=2023-03-15 HTTP/1.1" 200 438
222.70.182.154 - - [15/Mar/2023:11:17:21 +0800] "GET /xingrg/all/function/internal_message.html?_=1678850239852&CODE_STATE=getMsg HTTP/1.1" 200 27
114.83.222.182 - - [15/Mar/2023:11:17:21 +0800] "POST /xingrg/all/common/load_select.html HTTP/1.1" 200 25
114.83.222.182 - - [15/Mar/2023:11:17:24 +0800] "GET /xingrg/kc/buy/cgsh_order_operate.html?command=get_materiel_price&rest_code=00154&code=00101027042&unit_code=00100156&supplier_code=00100427&order_time=2023-03-15 HTTP/1.1" 200 27
124.78.153.221 - - [15/Mar/2023:11:17:26 +0800] "GET /xingrg/all/function/internal_message.html?_=1678850246033&CODE_STATE=getMsg HTTP/1.1" 200 27
222.70.182.154 - - [15/Mar/2023:11:17:26 +0800] "GET /xingrg/kc/buy/cgsh_order_add.html HTTP/1.1" 200 69917
124.79.72.155 - - [15/Mar/2023:11:17:26 +0800] "GET /xingrg/all/function/internal_message.html?_=1678850250828&CODE_STATE=getMsg HTTP/1.1" 200 27
222.70.182.154 - - [15/Mar/2023:11:17:26 +0800] "POST /xingrg/kc/buy/cgsh_order_operate.html HTTP/1.1" 200 8245
222.70.182.154 - - [15/Mar/2023:11:17:26 +0800] "GET /xingrg/javascript/easyui/themes/default/validatebox.css HTTP/1.1" 404 1104
101.229.22.234 - - [15/Mar/2023:11:17:27 +0800] "GET /xingrg/all/function/internal_message.html?_=1678850247544&CODE_STATE=getMsg HTTP/1.1" 200 27
101.229.22.234 - - [15/Mar/2023:11:17:27 +0800] "GET /xingrg/check_reg.html?_=1678850247545 HTTP/1.1" 200 22
114.83.222.182 - - [15/Mar/2023:11:17:30 +0800] "GET /xingrg/kc/buy/cgsh_order_operate.html?command=get_materiel_price&rest_code=00154&code=00101027042&unit_code=00100157&supplier_code=00100427&order_time=2023-03-15 HTTP/1.1" 200 29
222.70.221.209 - - [15/Mar/2023:11:17:33 +0800] "GET /xingrg/all/function/internal_message.html?_=1678850367675&CODE_STATE=getMsg HTTP/1.1" 200 27
116.224.106.218 - - [15/Mar/2023:11:17:35 +0800] "GET /xingrg/all/function/internal_message.html?_=1678850254853&CODE_STATE=getMsg HTTP/1.1" 200 27
222.70.182.154 - - [15/Mar/2023:11:17:37 +0800] "GET /xingrg/kc/buy/cgsh_order_operate.html?command=get_materiel&rest_code=00111&code=00101001093&supplier_code=00100319&order_time=2023-03-15 HTTP/1.1" 200 413
116.238.139.35 - - [15/Mar/2023:11:17:40 +0800] "POST /xingrg/all/user/operate.html HTTP/1.1" 200 36
116.238.139.35 - - [15/Mar/2023:11:17:40 +0800] "GET /xingrg/index.html?sysBaseUrl=http%3A%2F%2F180.169.147.146%3A18081%2Fxingrg%2F&costTime=1626×tamp=1678755163456 HTTP/1.1" 200 17179
116.238.139.35 - - [15/Mar/2023:11:17:40 +0800] "GET /xingrg/javascript/jquery_easy_ui/themes/default/easyui.css HTTP/1.1" 304 -
116.238.139.35 - - [15/Mar/2023:11:17:40 +0800] "GET /xingrg/javascript/jquery_easy_ui/themes/icon.css HTTP/1.1" 304 -
116.238.139.35 - - [15/Mar/2023:11:17:40 +0800] "GET /xingrg/css/form.css HTTP/1.1" 304 -
116.238.139.35 - - [15/Mar/2023:11:17:40 +0800] "GET /xingrg/javascript/jquery-1.4.2.min.js HTTP/1.1" 304 -
116.238.139.35 - - [15/Mar/2023:11:17:40 +0800] "GET /xingrg/javascript/jquery_easy_ui/jquery.easyui.min.js HTTP/1.1" 304 -
116.238.139.35 - - [15/Mar/2023:11:17:40 +0800] "GET /xingrg/javascript/jquery_easy_ui/easyui-lang-zh_CN.js HTTP/1.1" 304 -
116.238.139.35 - - [15/Mar/2023:11:17:40 +0800] "GET /xingrg/javascript/jquery.form.js HTTP/1.1" 304 -
116.238.139.35 - - [15/Mar/2023:11:17:40 +0800] "GET /xingrg/javascript/jquery.utils.js HTTP/1.1" 304 -
116.238.139.35 - - [15/Mar/2023:11:17:40 +0800] "GET /xingrg/javascript/jquery.timers.js HTTP/1.1" 304 -
116.238.139.35 - - [15/Mar/2023:11:17:40 +0800] "GET /xingrg/images/blue/jxLogo.png HTTP/1.1" 304 -
116.238.139.35 - - [15/Mar/2023:11:17:40 +0800] "GET /xingrg/images/blue/navBackgound.jpg HTTP/1.1" 304 -
116.238.139.35 - - [15/Mar/2023:11:17:40 +0800] "GET /xingrg/javascript/jquery_easy_ui/themes/icons/settle_new.png HTTP/1.1" 304 -
116.238.139.35 - - [15/Mar/2023:11:17:40 +0800] "GET /xingrg/all/function/internal_message.html?_=1678850261548&CODE_STATE=count HTTP/1.1" 200 11
116.238.139.35 - - [15/Mar/2023:11:17:40 +0800] "GET /xingrg/check_reg.html?_=1678850261549 HTTP/1.1" 200 22
116.238.139.35 - - [15/Mar/2023:11:17:40 +0800] "GET /xingrg/javascript/jquery_easy_ui/themes/default/images/panel_tool_collapse.gif HTTP/1.1" 304 -
116.238.139.35 - - [15/Mar/2023:11:17:40 +0800] "GET /xingrg/javascript/jquery_easy_ui/themes/default/images/tabs_leftarrow.png HTTP/1.1" 304 -
116.238.139.35 - - [15/Mar/2023:11:17:40 +0800] "GET /xingrg/images/blue/pingpu.png HTTP/1.1" 304 -
116.238.139.35 - - [15/Mar/2023:11:17:40 +0800] "GET /xingrg/javascript/jquery_easy_ui/themes/default/images/tabs_rightarrow.png HTTP/1.1" 304 -
116.238.139.35 - - [15/Mar/2023:11:17:40 +0800] "POST /xingrg/all/common/load_tree.html?tree=area_rest_tree_json&manage=1 HTTP/1.1" 200 476
116.238.139.35 - - [15/Mar/2023:11:17:41 +0800] "POST /xingrg/load_menu.html HTTP/1.1" 200 5138
116.238.139.35 - - [15/Mar/2023:11:17:44 +0800] "GET /xingrg/kc/buy/cgsh_order_list.html HTTP/1.1" 200 54185
124.77.245.38 - - [15/Mar/2023:11:17:45 +0800] "GET /xingrg/check_reg.html?_=1678850275570 HTTP/1.1" 200 22
114.83.222.182 - - [15/Mar/2023:11:17:47 +0800] "GET /xingrg/kc/buy/cgsh_order_operate.html?command=get_materiel&rest_code=00154&code=00101027072&supplier_code=00100427&order_time=2023-03-15 HTTP/1.1" 200 435
116.238.139.35 - - [15/Mar/2023:11:17:47 +0800] "POST /xingrg/kc/buy/cgsh_list_operate.html HTTP/1.1" 200 1868
116.225.84.253 - - [15/Mar/2023:11:17:47 +0800] "GET /xingrg/all/function/internal_message.html?_=1678850266797&CODE_STATE=getMsg HTTP/1.1" 200 27
116.225.84.253 - - [15/Mar/2023:11:17:48 +0800] "GET /xingrg/all/function/internal_message.html?_=1678850112275&CODE_STATE=getMsg HTTP/1.1" 200 27
116.238.139.35 - - [15/Mar/2023:11:17:49 +0800] "POST /xingrg/kc/buy/cgsh_list_operate.html HTTP/1.1" 200 641
222.70.182.154 - - [15/Mar/2023:11:17:50 +0800] "GET /xingrg/kc/buy/cgsh_order_operate.html?command=get_materiel&rest_code=00111&code=00101001140&supplier_code=00100319&order_time=2023-03-15 HTTP/1.1" 200 417
120.253.135.82 - - [15/Mar/2023:11:17:50 +0800] "GET /xingrg/login.html HTTP/1.1" 200 7641
116.238.139.35 - - [15/Mar/2023:11:17:51 +0800] "GET /xingrg/kc/buy/cgsh_order_info.html?code=212023031405094 HTTP/1.1" 200 70012
116.238.139.35 - - [15/Mar/2023:11:17:51 +0800] "GET /xingrg/javascript/easyui/themes/default/validatebox.css HTTP/1.1" 404 1104
120.253.135.82 - - [15/Mar/2023:11:17:51 +0800] "GET /favicon.ico HTTP/1.1" 404 -
124.77.245.38 - - [15/Mar/2023:11:17:52 +0800] "GET /xingrg/all/function/internal_message.html?_=1678850282303&CODE_STATE=getMsg HTTP/1.1" 200 27
116.238.139.35 - - [15/Mar/2023:11:17:52 +0800] "POST /xingrg/kc/buy/cgsh_order_operate.html HTTP/1.1" 200 27359
124.78.153.221 - - [15/Mar/2023:11:17:52 +0800] "GET /xingrg/kc/base/wldb_order_operate.html?command=get_materiel&rest_code=00106&base_code=0010396&code=00101019306 HTTP/1.1" 200 479
120.253.135.82 - - [15/Mar/2023:11:17:53 +0800] "POST /xingrg/login.do HTTP/1.1" 302 -
120.253.135.82 - - [15/Mar/2023:11:17:53 +0800] "GET /xingrg/index.html?sysBaseUrl=http%3A%2F%2F180.169.147.146%3A18081%2Fxingrg%2F&costTime=845×tamp=1678850273813 HTTP/1.1" 200 17173
120.253.135.82 - - [15/Mar/2023:11:17:54 +0800] "GET /xingrg/check_reg.html?_=1678850404003 HTTP/1.1" 200 22
120.253.135.82 - - [15/Mar/2023:11:17:54 +0800] "GET /xingrg/all/function/internal_message.html?_=1678850404003&CODE_STATE=count HTTP/1.1" 200 11
120.253.135.82 - - [15/Mar/2023:11:17:54 +0800] "POST /xingrg/all/common/load_tree.html?tree=area_rest_tree_json&manage=1 HTTP/1.1" 200 344
120.253.135.82 - - [15/Mar/2023:11:17:54 +0800] "POST /xingrg/load_menu.html HTTP/1.1" 200 6743
180.169.147.146 - - [15/Mar/2023:11:17:54 +0800] "GET /xingrg/all/function/internal_message.html?_=1678850274361&CODE_STATE=getMsg HTTP/1.1" 200 27
124.79.240.233 - - [15/Mar/2023:11:17:58 +0800] "GET /xingrg/all/function/internal_message.html?_=1678850268068&CODE_STATE=getMsg HTTP/1.1" 200 27
114.83.222.182 - - [15/Mar/2023:11:17:59 +0800] "GET /xingrg/kc/buy/cgsh_order_operate.html?command=get_materiel&rest_code=00154&code=00101027051&supplier_code=00100427&order_time=2023-03-15 HTTP/1.1" 200 424
120.253.135.82 - - [15/Mar/2023:11:18:00 +0800] "GET /xingrg/kc/pszx/mdqp_order_list.html?state=10 HTTP/1.1" 200 10709
120.253.135.82 - - [15/Mar/2023:11:18:00 +0800] "GET /xingrg/css/blue.css HTTP/1.1" 200 15949
120.253.135.82 - - [15/Mar/2023:11:18:00 +0800] "GET /xingrg/dwr/interface/AjaxQqpsService.js HTTP/1.1" 200 16326
120.253.135.82 - - [15/Mar/2023:11:18:00 +0800] "GET /xingrg/dwr/interface/AjaxReportQueryService.js HTTP/1.1" 200 13203
120.253.135.82 - - [15/Mar/2023:11:18:00 +0800] "GET /xingrg/dwr/engine.js HTTP/1.1" 200 43631
120.253.135.82 - - [15/Mar/2023:11:18:00 +0800] "GET /xingrg/dwr/util.js HTTP/1.1" 200 35990
120.253.135.82 - - [15/Mar/2023:11:18:00 +0800] "GET /xingrg/javascript/myfunction.js HTTP/1.1" 200 24559
120.253.135.82 - - [15/Mar/2023:11:18:00 +0800] "GET /xingrg/javascript/Calendar.js HTTP/1.1" 200 31561
120.253.135.82 - - [15/Mar/2023:11:18:01 +0800] "GET /xingrg/javascript/jquery_easy_ui/themes/icons/check_new.png HTTP/1.1" 200 3224
120.253.135.82 - - [15/Mar/2023:11:18:01 +0800] "GET /xingrg/javascript/jquery_easy_ui/themes/icons/uncheck_new.png HTTP/1.1" 200 3197
120.253.135.82 - - [15/Mar/2023:11:18:01 +0800] "GET /xingrg/javascript/jquery_easy_ui/themes/icons/back_new.png HTTP/1.1" 200 3414
180.164.3.199 - - [15/Mar/2023:11:18:01 +0800] "GET /xingrg/all/function/internal_message.html?_=1678850282642&CODE_STATE=getMsg HTTP/1.1" 200 27
114.83.222.182 - - [15/Mar/2023:11:18:01 +0800] "POST /xingrg/all/common/load_select.html HTTP/1.1" 200 12
116.192.124.172 - - [15/Mar/2023:11:18:01 +0800] "GET /xingrg/check_reg.html?_=1678850281623 HTTP/1.1" 200 22
114.83.222.182 - - [15/Mar/2023:11:18:04 +0800] "GET /xingrg/all/function/internal_message.html?_=1678850350210&CODE_STATE=getMsg HTTP/1.1" 200 27
120.253.135.82 - - [15/Mar/2023:11:18:04 +0800] "GET /xingrg/kc/pszx/mdps_order_list.html?orderType=0 HTTP/1.1" 200 21032
120.253.135.82 - - [15/Mar/2023:11:18:05 +0800] "GET /xingrg/javascript/easyui/themes/icons/uncheck_new.png HTTP/1.1" 200 3197
120.253.135.82 - - [15/Mar/2023:11:18:05 +0800] "POST /xingrg/kc/pszx/mdps_list_operate.html HTTP/1.1" 200 5197
222.70.182.154 - - [15/Mar/2023:11:18:05 +0800] "POST /xingrg/kc/buy/cgsh_order_operate.html HTTP/1.1" 200 37
124.78.153.221 - - [15/Mar/2023:11:18:06 +0800] "GET /xingrg/kc/base/wldb_order_operate.html?command=get_materiel&rest_code=00106&base_code=0010396&code=00101019079 HTTP/1.1" 200 479
114.83.222.182 - - [15/Mar/2023:11:18:08 +0800] "GET /xingrg/kc/buy/cgsh_order_operate.html?command=get_materiel_price&rest_code=00154&code=00101027051&unit_code=00100016&supplier_code=00100427&order_time=2023-03-15 HTTP/1.1" 200 28
114.83.219.234 - - [15/Mar/2023:11:18:09 +0800] "GET /xingrg/all/function/internal_message.html?_=1678850289548&CODE_STATE=getMsg HTTP/1.1" 200 27
116.192.124.172 - - [15/Mar/2023:11:18:10 +0800] "GET /xingrg/all/function/internal_message.html?_=1678850303298&CODE_STATE=getMsg HTTP/1.1" 200 27
116.238.139.35 - - [15/Mar/2023:11:18:12 +0800] "GET /xingrg/javascript/auto/indicator.gif HTTP/1.1" 404 1066
120.253.135.82 - - [15/Mar/2023:11:18:13 +0800] "POST /xingrg/kc/pszx/mdps_list_operate.html HTTP/1.1" 200 212
180.169.147.146 - - [15/Mar/2023:11:18:13 +0800] "GET /xingrg/all/function/internal_message.html?_=1678850293421&CODE_STATE=getMsg HTTP/1.1" 200 27
180.169.147.146 - - [15/Mar/2023:11:18:13 +0800] "GET /xingrg/check_reg.html?_=1678850293423 HTTP/1.1" 200 22
120.253.135.82 - - [15/Mar/2023:11:18:14 +0800] "GET /xingrg/kc/pszx/mdps_order_info.html?code=312023031400341 HTTP/1.1" 200 23976
120.253.135.82 - - [15/Mar/2023:11:18:14 +0800] "GET /xingrg/words/20230314142943_words.js HTTP/1.1" 200 955196
120.253.135.82 - - [15/Mar/2023:11:18:14 +0800] "GET /xingrg/javascript/easyui/themes/default/validatebox.css HTTP/1.1" 404 1104
120.253.135.82 - - [15/Mar/2023:11:18:14 +0800] "GET /xingrg/all/common/auto_word.html?type=base&rest_code=00101 HTTP/1.1" 200 671
120.253.135.82 - - [15/Mar/2023:11:18:14 +0800] "POST /xingrg/kc/pszx/mdps_order_operate.html HTTP/1.1" 200 2297
222.67.232.202 - - [15/Mar/2023:11:18:15 +0800] "GET /xingrg/all/function/internal_message.html?_=1678849846100&CODE_STATE=getMsg HTTP/1.1" 200 27
124.78.153.221 - - [15/Mar/2023:11:18:15 +0800] "GET /xingrg/kc/base/wldb_order_operate.html?command=get_materiel&rest_code=00106&base_code=0010396&code=00101019315 HTTP/1.1" 200 474
120.253.135.82 - - [15/Mar/2023:11:18:18 +0800] "POST /xingrg/kc/pszx/mdps_list_operate.html HTTP/1.1" 200 615
120.253.135.82 - - [15/Mar/2023:11:18:19 +0800] "GET /xingrg/kc/pszx/mdps_order_info.html?code=312023031500351 HTTP/1.1" 200 23976
120.253.135.82 - - [15/Mar/2023:11:18:19 +0800] "GET /xingrg/javascript/easyui/themes/default/validatebox.css HTTP/1.1" 404 1104
120.253.135.82 - - [15/Mar/2023:11:18:19 +0800] "GET /xingrg/all/common/auto_word.html?type=base&rest_code=00101 HTTP/1.1" 200 671
120.253.135.82 - - [15/Mar/2023:11:18:20 +0800] "POST /xingrg/kc/pszx/mdps_order_operate.html HTTP/1.1" 200 4815
124.78.153.221 - - [15/Mar/2023:11:18:26 +0800] "GET /xingrg/all/function/internal_message.html?_=1678850306025&CODE_STATE=getMsg HTTP/1.1" 200 27
124.79.72.155 - - [15/Mar/2023:11:18:26 +0800] "GET /xingrg/all/function/internal_message.html?_=1678850310834&CODE_STATE=getMsg HTTP/1.1" 200 27
114.83.222.182 - - [15/Mar/2023:11:18:26 +0800] "POST /xingrg/all/common/load_select.html HTTP/1.1" 200 12
101.229.22.234 - - [15/Mar/2023:11:18:27 +0800] "GET /xingrg/all/function/internal_message.html?_=1678850307544&CODE_STATE=getMsg HTTP/1.1" 200 27
120.253.135.82 - - [15/Mar/2023:11:18:30 +0800] "POST /xingrg/kc/pszx/mdps_list_operate.html HTTP/1.1" 200 5197
124.78.153.221 - - [15/Mar/2023:11:18:31 +0800] "GET /xingrg/kc/base/wldb_order_operate.html?command=get_materiel&rest_code=00106&base_code=0010396&code=00101019195 HTTP/1.1" 200 475
120.253.135.82 - - [15/Mar/2023:11:18:32 +0800] "POST /xingrg/kc/pszx/mdps_list_operate.html HTTP/1.1" 200 664
222.70.221.209 - - [15/Mar/2023:11:18:33 +0800] "GET /xingrg/all/function/internal_message.html?_=1678850427663&CODE_STATE=getMsg HTTP/1.1" 200 27
120.253.135.82 - - [15/Mar/2023:11:18:33 +0800] "GET /xingrg/kc/pszx/mdps_order_info.html?code=312023031500345 HTTP/1.1" 200 23978
120.253.135.82 - - [15/Mar/2023:11:18:34 +0800] "GET /xingrg/javascript/easyui/themes/default/validatebox.css HTTP/1.1" 404 1104
120.253.135.82 - - [15/Mar/2023:11:18:34 +0800] "GET /xingrg/all/common/auto_word.html?type=base&rest_code=00101 HTTP/1.1" 200 671
120.253.135.82 - - [15/Mar/2023:11:18:34 +0800] "POST /xingrg/kc/pszx/mdps_order_operate.html HTTP/1.1" 200 17837
124.78.153.221 - - [15/Mar/2023:11:18:34 +0800] "POST /xingrg/kc/base/wldb_order_operate.html HTTP/1.1" 200 1710
116.224.106.218 - - [15/Mar/2023:11:18:35 +0800] "GET /xingrg/all/function/internal_message.html?_=1678850314837&CODE_STATE=getMsg HTTP/1.1" 200 27
116.238.139.35 - - [15/Mar/2023:11:18:41 +0800] "GET /xingrg/all/function/internal_message.html?_=1678850321788&CODE_STATE=getMsg HTTP/1.1" 200 27
222.70.182.154 - - [15/Mar/2023:11:18:42 +0800] "POST /xingrg/kc/buy/cgsh_order_operate.html HTTP/1.1" 200 3259
222.70.182.154 - - [15/Mar/2023:11:18:44 +0800] "GET /xingrg/kc/print/load_data.html?order_code=212023031505366&kc_code=cgsh&condition= HTTP/1.1" 200 910
124.78.153.221 - - [15/Mar/2023:11:18:46 +0800] "GET /xingrg/kc/base/wldb_order_operate.html?command=get_materiel&rest_code=00106&base_code=0010396&code=00101019183 HTTP/1.1" 200 448
124.78.153.221 - - [15/Mar/2023:11:18:46 +0800] "GET /xingrg/index.html?sysBaseUrl=http%3A%2F%2F180.169.147.146%3A18081%2Fxingrg%2F&costTime=835×tamp=1678846323630 HTTP/1.1" 200 17173
124.78.153.221 - - [15/Mar/2023:11:18:47 +0800] "GET /favicon.ico HTTP/1.1" 404 -
116.225.84.253 - - [15/Mar/2023:11:18:47 +0800] "GET /xingrg/all/function/internal_message.html?_=1678850326797&CODE_STATE=getMsg HTTP/1.1" 200 27
124.78.153.221 - - [15/Mar/2023:11:18:48 +0800] "POST /xingrg/all/common/load_tree.html?tree=area_rest_tree_json&manage=1 HTTP/1.1" 200 342
116.225.84.253 - - [15/Mar/2023:11:18:48 +0800] "GET /xingrg/all/function/internal_message.html?_=1678850172290&CODE_STATE=getMsg HTTP/1.1" 200 27
124.78.153.221 - - [15/Mar/2023:11:18:49 +0800] "GET /xingrg/check_reg.html?_=1678850328097 HTTP/1.1" 200 22
124.78.153.221 - - [15/Mar/2023:11:18:49 +0800] "GET /xingrg/all/function/internal_message.html?_=1678850328095&CODE_STATE=count HTTP/1.1" 200 11
124.78.153.221 - - [15/Mar/2023:11:18:49 +0800] "POST /xingrg/load_menu.html HTTP/1.1" 200 5138
222.70.182.154 - - [15/Mar/2023:11:18:50 +0800] "GET /xingrg/kc/buy/cgsh_order_add.html HTTP/1.1" 200 69917
222.70.182.154 - - [15/Mar/2023:11:18:50 +0800] "POST /xingrg/kc/buy/cgsh_order_operate.html HTTP/1.1" 200 8245
222.70.182.154 - - [15/Mar/2023:11:18:50 +0800] "GET /xingrg/javascript/easyui/themes/default/validatebox.css HTTP/1.1" 404 1104
124.77.245.38 - - [15/Mar/2023:11:18:52 +0800] "GET /xingrg/all/function/internal_message.html?_=1678850342316&CODE_STATE=getMsg HTTP/1.1" 200 27
120.253.135.82 - - [15/Mar/2023:11:18:54 +0800] "GET /xingrg/all/function/internal_message.html?_=1678850464009&CODE_STATE=getMsg HTTP/1.1" 200 27
114.83.222.182 - - [15/Mar/2023:11:18:54 +0800] "POST /xingrg/kc/buy/cgsh_order_operate.html HTTP/1.1" 200 37
180.169.147.146 - - [15/Mar/2023:11:18:54 +0800] "GET /xingrg/all/function/internal_message.html?_=1678850334367&CODE_STATE=getMsg HTTP/1.1" 200 27
124.78.153.221 - - [15/Mar/2023:11:18:57 +0800] "GET /xingrg/kc/mdqp/qp_main.html HTTP/1.1" 200 10633
124.78.153.221 - - [15/Mar/2023:11:18:58 +0800] "GET /xingrg/images/yd/bt.gif HTTP/1.1" 404 1040
124.78.153.221 - - [15/Mar/2023:11:18:58 +0800] "GET /xingrg/kc/base/wldb_order_operate.html?command=get_materiel&rest_code=00106&base_code=0010396&code=00101019503 HTTP/1.1" 200 467
124.79.240.233 - - [15/Mar/2023:11:18:58 +0800] "GET /xingrg/all/function/internal_message.html?_=1678850328067&CODE_STATE=getMsg HTTP/1.1" 200 27
124.78.153.221 - - [15/Mar/2023:11:18:59 +0800] "GET /xingrg/kc/mdqp/qqps_order_list.html HTTP/1.1" 200 10027
124.78.153.221 - - [15/Mar/2023:11:18:59 +0800] "GET /xingrg/dwr/interface/AjaxQqpsService.js HTTP/1.1" 200 16326
124.78.153.221 - - [15/Mar/2023:11:18:59 +0800] "GET /xingrg/dwr/interface/AjaxReportQueryService.js HTTP/1.1" 200 13203
124.78.153.221 - - [15/Mar/2023:11:18:59 +0800] "GET /xingrg/dwr/engine.js HTTP/1.1" 200 43631
124.78.153.221 - - [15/Mar/2023:11:18:59 +0800] "GET /xingrg/dwr/util.js HTTP/1.1" 200 35990
180.164.3.199 - - [15/Mar/2023:11:19:01 +0800] "GET /xingrg/all/function/internal_message.html?_=1678850342631&CODE_STATE=getMsg HTTP/1.1" 200 27
114.83.222.182 - - [15/Mar/2023:11:19:04 +0800] "GET /xingrg/all/function/internal_message.html?_=1678850410182&CODE_STATE=getMsg HTTP/1.1" 200 27
124.78.153.221 - - [15/Mar/2023:11:19:05 +0800] "GET /xingrg/kc/mdqp/qqps_order_add.html HTTP/1.1" 200 28238
124.78.153.221 - - [15/Mar/2023:11:19:05 +0800] "GET /xingrg/dwr/interface/AjaxComOrderService.js HTTP/1.1" 200 18264
124.78.153.221 - - [15/Mar/2023:11:19:05 +0800] "GET /xingrg/dwr/interface/AjaxQqpsService.js HTTP/1.1" 200 16326
124.78.153.221 - - [15/Mar/2023:11:19:05 +0800] "GET /xingrg/dwr/engine.js HTTP/1.1" 200 43631
114.83.222.182 - - [15/Mar/2023:11:19:05 +0800] "POST /xingrg/kc/buy/cgsh_order_operate.html HTTP/1.1" 200 12
222.70.182.154 - - [15/Mar/2023:11:19:08 +0800] "GET /xingrg/kc/buy/cgsh_order_operate.html?command=get_materiel&rest_code=00111&code=00101010837&supplier_code=00100575&order_time=2023-03-15 HTTP/1.1" 200 420
114.83.219.234 - - [15/Mar/2023:11:19:09 +0800] "GET /xingrg/all/function/internal_message.html?_=1678850349549&CODE_STATE=getMsg HTTP/1.1" 200 27
114.83.219.234 - - [15/Mar/2023:11:19:09 +0800] "GET /xingrg/check_reg.html?_=1678850349553 HTTP/1.1" 200 22
116.192.124.172 - - [15/Mar/2023:11:19:10 +0800] "GET /xingrg/all/function/internal_message.html?_=1678850363294&CODE_STATE=getMsg HTTP/1.1" 200 27
124.78.153.221 - - [15/Mar/2023:11:19:10 +0800] "GET /xingrg/kc/base/wldb_order_operate.html?command=get_materiel&rest_code=00106&base_code=0010396&code=00101013076 HTTP/1.1" 200 440
222.70.182.154 - - [15/Mar/2023:11:19:12 +0800] "POST /xingrg/all/common/load_select.html HTTP/1.1" 200 25
180.169.147.146 - - [15/Mar/2023:11:19:13 +0800] "GET /xingrg/all/function/internal_message.html?_=1678850353409&CODE_STATE=getMsg HTTP/1.1" 200 27
222.67.232.202 - - [15/Mar/2023:11:19:15 +0800] "GET /xingrg/all/function/internal_message.html?_=1678849906077&CODE_STATE=getMsg HTTP/1.1" 200 27
116.238.139.35 - - [15/Mar/2023:11:19:17 +0800] "POST /xingrg/kc/buy/cgsh_order_operate.html HTTP/1.1" 200 37
124.78.153.221 - - [15/Mar/2023:11:19:18 +0800] "POST /xingrg/dwr/call/plaincall/AjaxQqpsService.saveOrder.dwr HTTP/1.1" 200 78
222.67.232.202 - - [15/Mar/2023:11:19:19 +0800] "GET /xingrg/kc/buy/cgsh_order_add.html HTTP/1.1" 200 69961
222.67.232.202 - - [15/Mar/2023:11:19:19 +0800] "POST /xingrg/kc/buy/cgsh_order_operate.html HTTP/1.1" 200 8245
222.67.232.202 - - [15/Mar/2023:11:19:19 +0800] "GET /xingrg/javascript/easyui/themes/default/validatebox.css HTTP/1.1" 404 1104
222.70.182.154 - - [15/Mar/2023:11:19:19 +0800] "GET /xingrg/kc/buy/cgsh_order_operate.html?command=get_materiel_price&rest_code=00111&code=00101010837&unit_code=00100626&supplier_code=00100575&order_time=2023-03-15 HTTP/1.1" 200 28
124.78.153.221 - - [15/Mar/2023:11:19:20 +0800] "GET /xingrg/javascript/auto/indicator.gif HTTP/1.1" 404 1066
222.70.182.154 - - [15/Mar/2023:11:19:21 +0800] "GET /xingrg/all/function/internal_message.html?_=1678850359867&CODE_STATE=getMsg HTTP/1.1" 200 27
124.78.153.221 - - [15/Mar/2023:11:19:26 +0800] "GET /xingrg/all/function/internal_message.html?_=1678850366020&CODE_STATE=getMsg HTTP/1.1" 200 27
124.79.72.155 - - [15/Mar/2023:11:19:26 +0800] "GET /xingrg/all/function/internal_message.html?_=1678850370825&CODE_STATE=getMsg HTTP/1.1" 200 27
124.79.72.155 - - [15/Mar/2023:11:19:26 +0800] "GET /xingrg/check_reg.html?_=1678850370833 HTTP/1.1" 200 22
101.229.22.234 - - [15/Mar/2023:11:19:27 +0800] "GET /xingrg/all/function/internal_message.html?_=1678850367543&CODE_STATE=getMsg HTTP/1.1" 200 27
222.70.221.209 - - [15/Mar/2023:11:19:33 +0800] "GET /xingrg/all/function/internal_message.html?_=1678850487682&CODE_STATE=getMsg HTTP/1.1" 200 27
124.78.153.221 - - [15/Mar/2023:11:19:34 +0800] "POST /xingrg/dwr/call/plaincall/AjaxQqpsService.getMaterielByCode.dwr HTTP/1.1" 200 2709
222.70.182.154 - - [15/Mar/2023:11:19:35 +0800] "POST /xingrg/kc/buy/cgsh_order_operate.html HTTP/1.1" 200 37
222.67.232.202 - - [15/Mar/2023:11:19:35 +0800] "GET /xingrg/kc/buy/cgsh_order_operate.html?command=get_materiel&rest_code=00141&code=00101001174&supplier_code=00100314&order_time=2023-03-15 HTTP/1.1" 200 414
116.224.106.218 - - [15/Mar/2023:11:19:35 +0800] "GET /xingrg/all/function/internal_message.html?_=1678850374818&CODE_STATE=getMsg HTTP/1.1" 200 27
116.238.139.35 - - [15/Mar/2023:11:19:36 +0800] "POST /xingrg/kc/buy/cgsh_order_operate.html HTTP/1.1" 200 12
124.78.153.221 - - [15/Mar/2023:11:19:37 +0800] "POST /xingrg/dwr/call/plaincall/AjaxQqpsService.saveMaterielItem.dwr HTTP/1.1" 200 78
116.238.139.35 - - [15/Mar/2023:11:19:38 +0800] "GET /xingrg/kc/buy/cgsh_order_info.html?code=212023031405094 HTTP/1.1" 200 64905
116.238.139.35 - - [15/Mar/2023:11:19:39 +0800] "GET /xingrg/javascript/easyui/themes/default/validatebox.css HTTP/1.1" 404 1104
116.238.139.35 - - [15/Mar/2023:11:19:40 +0800] "POST /xingrg/kc/buy/cgsh_order_operate.html HTTP/1.1" 200 25304
124.78.153.221 - - [15/Mar/2023:11:19:40 +0800] "POST /xingrg/kc/base/wldb_order_operate.html HTTP/1.1" 200 37
116.238.139.35 - - [15/Mar/2023:11:19:41 +0800] "GET /xingrg/all/function/internal_message.html?_=1678850381766&CODE_STATE=getMsg HTTP/1.1" 200 27
124.78.153.221 - - [15/Mar/2023:11:19:41 +0800] "POST /xingrg/kc/base/wldb_order_operate.html HTTP/1.1" 200 7693
116.238.139.35 - - [15/Mar/2023:11:19:42 +0800] "GET /xingrg/kc/print/load_data.html?order_code=212023031405094&kc_code=cgsh&condition= HTTP/1.1" 200 10290
124.78.153.221 - - [15/Mar/2023:11:19:42 +0800] "POST /xingrg/dwr/call/plaincall/AjaxQqpsService.getMaterielByCode.dwr HTTP/1.1" 200 2666
124.78.153.221 - - [15/Mar/2023:11:19:43 +0800] "GET /xingrg/kc/base/wldb_order_info.html?code=422023031501203 HTTP/1.1" 200 30396
124.78.153.221 - - [15/Mar/2023:11:19:43 +0800] "GET /xingrg/javascript/easyui/themes/default/validatebox.css HTTP/1.1" 404 1104
124.78.153.221 - - [15/Mar/2023:11:19:44 +0800] "POST /xingrg/kc/base/wldb_order_operate.html HTTP/1.1" 200 7693
222.67.232.202 - - [15/Mar/2023:11:19:46 +0800] "POST /xingrg/kc/buy/cgsh_order_operate.html HTTP/1.1" 200 37
116.225.84.253 - - [15/Mar/2023:11:19:47 +0800] "GET /xingrg/check_reg.html?_=1678850386796 HTTP/1.1" 200 22
116.225.84.253 - - [15/Mar/2023:11:19:47 +0800] "GET /xingrg/all/function/internal_message.html?_=1678850386799&CODE_STATE=getMsg HTTP/1.1" 200 27
116.238.139.35 - - [15/Mar/2023:11:19:48 +0800] "GET /xingrg/kc/buy/cgsh_order_add.html HTTP/1.1" 200 70005
116.225.84.253 - - [15/Mar/2023:11:19:48 +0800] "GET /xingrg/all/function/internal_message.html?_=1678850232288&CODE_STATE=getMsg HTTP/1.1" 200 27
180.163.29.206 - - [15/Mar/2023:11:19:49 +0800] "GET /xingrg/check_reg.html?_=1678850328097 HTTP/1.1" 302 -
116.238.139.35 - - [15/Mar/2023:11:19:49 +0800] "POST /xingrg/kc/buy/cgsh_order_operate.html HTTP/1.1" 200 8245
124.78.153.221 - - [15/Mar/2023:11:19:49 +0800] "GET /xingrg/all/function/internal_message.html?_=1678850388104&CODE_STATE=getMsg HTTP/1.1" 200 27
116.238.139.35 - - [15/Mar/2023:11:19:49 +0800] "GET /xingrg/javascript/easyui/themes/default/validatebox.css HTTP/1.1" 404 1104
180.163.29.206 - - [15/Mar/2023:11:19:49 +0800] "GET /xingrg/login.html HTTP/1.1" 200 7641
180.163.29.212 - - [15/Mar/2023:11:19:49 +0800] "GET /xingrg/all/function/internal_message.html?_=1678850328095&CODE_STATE=count HTTP/1.1" 302 -
180.163.29.212 - - [15/Mar/2023:11:19:49 +0800] "GET /xingrg/login.html HTTP/1.1" 200 7641
124.78.153.221 - - [15/Mar/2023:11:19:50 +0800] "POST /xingrg/dwr/call/plaincall/AjaxQqpsService.saveMaterielItem.dwr HTTP/1.1" 200 78
116.224.106.218 - - [15/Mar/2023:11:19:50 +0800] "GET /xingrg/check_reg.html?_=1678850390210 HTTP/1.1" 200 22
124.77.245.38 - - [15/Mar/2023:11:19:52 +0800] "GET /xingrg/all/function/internal_message.html?_=1678850402626&CODE_STATE=getMsg HTTP/1.1" 200 27
222.67.232.202 - - [15/Mar/2023:11:19:52 +0800] "POST /xingrg/kc/buy/cgsh_order_operate.html HTTP/1.1" 200 12
124.78.153.221 - - [15/Mar/2023:11:19:53 +0800] "POST /xingrg/dwr/call/plaincall/AjaxQqpsService.getMaterielByCode.dwr HTTP/1.1" 200 2709
120.253.135.82 - - [15/Mar/2023:11:19:54 +0800] "GET /xingrg/all/function/internal_message.html?_=1678850524008&CODE_STATE=getMsg HTTP/1.1" 200 27
222.67.232.202 - - [15/Mar/2023:11:19:54 +0800] "GET /xingrg/kc/buy/cgsh_order_info.html?code=212023031505369 HTTP/1.1" 200 64865
180.169.147.146 - - [15/Mar/2023:11:19:54 +0800] "GET /xingrg/all/function/internal_message.html?_=1678850394378&CODE_STATE=getMsg HTTP/1.1" 200 27
222.67.232.202 - - [15/Mar/2023:11:19:54 +0800] "GET /xingrg/javascript/easyui/themes/default/validatebox.css HTTP/1.1" 404 1104
124.78.153.221 - - [15/Mar/2023:11:19:55 +0800] "POST /xingrg/dwr/call/plaincall/AjaxQqpsService.saveMaterielItem.dwr HTTP/1.1" 200 78
222.67.232.202 - - [15/Mar/2023:11:19:55 +0800] "POST /xingrg/kc/buy/cgsh_order_operate.html HTTP/1.1" 200 612
222.70.182.154 - - [15/Mar/2023:11:19:56 +0800] "POST /xingrg/kc/buy/cgsh_order_operate.html HTTP/1.1" 200 2655
222.67.232.202 - - [15/Mar/2023:11:19:57 +0800] "GET /xingrg/kc/print/load_data.html?order_code=212023031505369&kc_code=cgsh&condition= HTTP/1.1" 200 715
180.163.30.100 - - [15/Mar/2023:11:19:57 +0800] "GET /xingrg/kc/mdqp/qp_main.html HTTP/1.1" 302 -
180.163.30.100 - - [15/Mar/2023:11:19:57 +0800] "GET /xingrg/login.html HTTP/1.1" 200 7641
124.78.153.221 - - [15/Mar/2023:11:19:58 +0800] "POST /xingrg/dwr/call/plaincall/AjaxQqpsService.getMaterielByCode.dwr HTTP/1.1" 200 2723
180.163.30.27 - - [15/Mar/2023:11:19:58 +0800] "GET /xingrg/kc/mdqp/qqps_order_list.html HTTP/1.1" 302 -
180.163.30.27 - - [15/Mar/2023:11:19:58 +0800] "GET /xingrg/login.html HTTP/1.1" 200 7641
222.70.182.154 - - [15/Mar/2023:11:19:58 +0800] "GET /xingrg/kc/print/load_data.html?order_code=212023031505368&kc_code=cgsh&condition= HTTP/1.1" 200 681
124.79.240.233 - - [15/Mar/2023:11:19:58 +0800] "GET /xingrg/all/function/internal_message.html?_=1678850388072&CODE_STATE=getMsg HTTP/1.1" 200 27
124.79.240.233 - - [15/Mar/2023:11:19:58 +0800] "GET /xingrg/check_reg.html?_=1678850388078 HTTP/1.1" 200 22
124.78.153.221 - - [15/Mar/2023:11:20:00 +0800] "POST /xingrg/dwr/call/plaincall/AjaxQqpsService.saveMaterielItem.dwr HTTP/1.1" 200 78
180.164.3.199 - - [15/Mar/2023:11:20:01 +0800] "GET /xingrg/all/function/internal_message.html?_=1678850402609&CODE_STATE=getMsg HTTP/1.1" 200 27
180.163.30.76 - - [15/Mar/2023:11:20:04 +0800] "GET /xingrg/kc/mdqp/qqps_order_add.html HTTP/1.1" 302 -
180.163.30.76 - - [15/Mar/2023:11:20:04 +0800] "GET /xingrg/login.html HTTP/1.1" 200 7641
222.70.182.154 - - [15/Mar/2023:11:20:05 +0800] "GET /xingrg/kc/buy/cgsh_order_add.html HTTP/1.1" 200 69917
222.70.182.154 - - [15/Mar/2023:11:20:05 +0800] "POST /xingrg/kc/buy/cgsh_order_operate.html HTTP/1.1" 200 8245
222.70.182.154 - - [15/Mar/2023:11:20:05 +0800] "GET /xingrg/javascript/easyui/themes/default/validatebox.css HTTP/1.1" 404 1104
124.78.153.221 - - [15/Mar/2023:11:20:06 +0800] "POST /xingrg/dwr/call/plaincall/AjaxQqpsService.getMaterielByCode.dwr HTTP/1.1" 200 2730
124.78.153.221 - - [15/Mar/2023:11:20:08 +0800] "POST /xingrg/dwr/call/plaincall/AjaxQqpsService.saveMaterielItem.dwr HTTP/1.1" 200 79
114.83.219.234 - - [15/Mar/2023:11:20:09 +0800] "GET /xingrg/all/function/internal_message.html?_=1678850409555&CODE_STATE=getMsg HTTP/1.1" 200 27
116.192.124.172 - - [15/Mar/2023:11:20:10 +0800] "GET /xingrg/all/function/internal_message.html?_=1678850423291&CODE_STATE=getMsg HTTP/1.1" 200 27
180.169.147.146 - - [15/Mar/2023:11:20:13 +0800] "GET /xingrg/all/function/internal_message.html?_=1678850413428&CODE_STATE=getMsg HTTP/1.1" 200 27
124.78.153.221 - - [15/Mar/2023:11:20:14 +0800] "POST /xingrg/dwr/call/plaincall/AjaxQqpsService.getMaterielByCode.dwr HTTP/1.1" 200 2725
222.67.232.202 - - [15/Mar/2023:11:20:15 +0800] "GET /xingrg/all/function/internal_message.html?_=1678849966114&CODE_STATE=getMsg HTTP/1.1" 200 27
124.78.153.221 - - [15/Mar/2023:11:20:17 +0800] "GET /xingrg/javascript/jquery_easy_ui/themes/icons/rest.png HTTP/1.1" 304 -
124.78.153.221 - - [15/Mar/2023:11:20:17 +0800] "GET /xingrg/javascript/jquery_easy_ui/themes/icons/area.png HTTP/1.1" 304 -
124.78.153.221 - - [15/Mar/2023:11:20:19 +0800] "GET /xingrg/kc/base/base_main.html HTTP/1.1" 200 12142
222.67.232.202 - - [15/Mar/2023:11:20:19 +0800] "GET /xingrg/kc/buy/cgsh_order_add.html HTTP/1.1" 200 69961
222.67.232.202 - - [15/Mar/2023:11:20:20 +0800] "POST /xingrg/kc/buy/cgsh_order_operate.html HTTP/1.1" 200 8245
222.67.232.202 - - [15/Mar/2023:11:20:20 +0800] "GET /xingrg/javascript/easyui/themes/default/validatebox.css HTTP/1.1" 404 1104
222.70.182.154 - - [15/Mar/2023:11:20:21 +0800] "GET /xingrg/all/function/internal_message.html?_=1678850419850&CODE_STATE=getMsg HTTP/1.1" 200 27
124.78.153.221 - - [15/Mar/2023:11:20:22 +0800] "POST /xingrg/dwr/call/plaincall/AjaxQqpsService.saveMaterielItem.dwr HTTP/1.1" 200 79
124.78.153.221 - - [15/Mar/2023:11:20:22 +0800] "GET /xingrg/kc/base/wldb_order_list.html HTTP/1.1" 200 19098
124.78.153.221 - - [15/Mar/2023:11:20:23 +0800] "POST /xingrg/kc/base/wldb_list_operate.html HTTP/1.1" 200 2560
222.70.182.154 - - [15/Mar/2023:11:20:24 +0800] "GET /xingrg/kc/buy/cgsh_order_operate.html?command=get_materiel&rest_code=00111&code=00101001138&supplier_code=00100430&order_time=2023-03-15 HTTP/1.1" 200 413
124.78.153.221 - - [15/Mar/2023:11:20:26 +0800] "GET /xingrg/all/function/internal_message.html?_=1678850426043&CODE_STATE=getMsg HTTP/1.1" 200 27
124.78.153.221 - - [15/Mar/2023:11:20:26 +0800] "GET /xingrg/kc/mdqp/qp_main.html HTTP/1.1" 200 10633
124.79.72.155 - - [15/Mar/2023:11:20:26 +0800] "GET /xingrg/all/function/internal_message.html?_=1678850430834&CODE_STATE=getMsg HTTP/1.1" 200 27
124.78.153.221 - - [15/Mar/2023:11:20:26 +0800] "POST /xingrg/dwr/call/plaincall/AjaxQqpsService.getMaterielByCode.dwr HTTP/1.1" 200 2730
101.229.22.234 - - [15/Mar/2023:11:20:27 +0800] "GET /xingrg/all/function/internal_message.html?_=1678850427542&CODE_STATE=getMsg HTTP/1.1" 200 27
124.78.153.221 - - [15/Mar/2023:11:20:27 +0800] "GET /xingrg/images/yd/bt.gif HTTP/1.1" 404 1040
222.67.232.202 - - [15/Mar/2023:11:20:28 +0800] "GET /xingrg/kc/buy/cgsh_order_operate.html?command=get_materiel&rest_code=00141&code=00101010792&supplier_code=00100327&order_time=2023-03-15 HTTP/1.1" 200 410
124.78.153.221 - - [15/Mar/2023:11:20:29 +0800] "POST /xingrg/dwr/call/plaincall/AjaxQqpsService.saveMaterielItem.dwr HTTP/1.1" 200 79
124.78.153.221 - - [15/Mar/2023:11:20:29 +0800] "GET /xingrg/kc/mdqp/qqps_order_list.html HTTP/1.1" 200 10412
124.78.153.221 - - [15/Mar/2023:11:20:29 +0800] "GET /xingrg/dwr/interface/AjaxQqpsService.js HTTP/1.1" 200 16326
124.78.153.221 - - [15/Mar/2023:11:20:29 +0800] "GET /xingrg/dwr/interface/AjaxReportQueryService.js HTTP/1.1" 200 13203
124.78.153.221 - - [15/Mar/2023:11:20:29 +0800] "GET /xingrg/dwr/engine.js HTTP/1.1" 200 43631
124.78.153.221 - - [15/Mar/2023:11:20:32 +0800] "GET /xingrg/kc/mdqp/qp_main.html HTTP/1.1" 200 10633
124.78.153.221 - - [15/Mar/2023:11:20:33 +0800] "POST /xingrg/dwr/call/plaincall/AjaxQqpsService.getMaterielByCode.dwr HTTP/1.1" 200 2749
222.70.221.209 - - [15/Mar/2023:11:20:33 +0800] "GET /xingrg/all/function/internal_message.html?_=1678850547671&CODE_STATE=getMsg HTTP/1.1" 200 27
116.224.106.218 - - [15/Mar/2023:11:20:35 +0800] "GET /xingrg/all/function/internal_message.html?_=1678850434801&CODE_STATE=getMsg HTTP/1.1" 200 27
124.78.153.221 - - [15/Mar/2023:11:20:35 +0800] "POST /xingrg/dwr/call/plaincall/AjaxQqpsService.saveMaterielItem.dwr HTTP/1.1" 200 79
124.78.153.221 - - [15/Mar/2023:11:20:40 +0800] "POST /xingrg/dwr/call/plaincall/AjaxQqpsService.getMaterielByCode.dwr HTTP/1.1" 200 2680
116.238.139.35 - - [15/Mar/2023:11:20:41 +0800] "GET /xingrg/all/function/internal_message.html?_=1678850441738&CODE_STATE=getMsg HTTP/1.1" 200 27
114.83.219.234 - - [15/Mar/2023:11:20:41 +0800] "POST /xingrg/services/DataTransmitService HTTP/1.1" 200 524
114.83.219.234 - - [15/Mar/2023:11:20:42 +0800] "POST /xingrg/services/DataTransmitService HTTP/1.1" 200 412
124.78.153.221 - - [15/Mar/2023:11:20:43 +0800] "POST /xingrg/dwr/call/plaincall/AjaxQqpsService.saveMaterielItem.dwr HTTP/1.1" 200 79
116.225.84.253 - - [15/Mar/2023:11:20:47 +0800] "GET /xingrg/all/function/internal_message.html?_=1678850446799&CODE_STATE=getMsg HTTP/1.1" 200 27
116.225.84.253 - - [15/Mar/2023:11:20:48 +0800] "GET /xingrg/all/function/internal_message.html?_=1678850292287&CODE_STATE=getMsg HTTP/1.1" 200 27
124.78.153.221 - - [15/Mar/2023:11:20:49 +0800] "GET /xingrg/all/function/internal_message.html?_=1678850448106&CODE_STATE=getMsg HTTP/1.1" 200 27
124.78.153.221 - - [15/Mar/2023:11:20:50 +0800] "POST /xingrg/dwr/call/plaincall/AjaxQqpsService.getMaterielByCode.dwr HTTP/1.1" 200 2699
124.77.245.38 - - [15/Mar/2023:11:20:52 +0800] "GET /xingrg/all/function/internal_message.html?_=1678850462641&CODE_STATE=getMsg HTTP/1.1" 200 27
116.238.139.35 - - [15/Mar/2023:11:20:53 +0800] "GET /xingrg/kc/buy/cgsh_order_operate.html?command=get_materiel&rest_code=00150&code=00102006443&supplier_code=00100254&order_time=2023-03-15 HTTP/1.1" 200 409
222.67.232.202 - - [15/Mar/2023:11:20:53 +0800] "GET /xingrg/kc/buy/cgsh_order_operate.html?command=get_materiel&rest_code=00141&code=00101010691&supplier_code=00100327&order_time=2023-03-15 HTTP/1.1" 200 411
222.70.182.154 - - [15/Mar/2023:11:20:53 +0800] "GET /xingrg/kc/buy/cgsh_order_operate.html?command=get_materiel&rest_code=00111&code=00101001190&supplier_code=00100430&order_time=2023-03-15 HTTP/1.1" 200 409
120.253.135.82 - - [15/Mar/2023:11:20:54 +0800] "GET /xingrg/all/function/internal_message.html?_=1678850584010&CODE_STATE=getMsg HTTP/1.1" 200 27
180.169.147.146 - - [15/Mar/2023:11:20:54 +0800] "GET /xingrg/all/function/internal_message.html?_=1678850454375&CODE_STATE=getMsg HTTP/1.1" 200 27
124.78.153.221 - - [15/Mar/2023:11:20:56 +0800] "POST /xingrg/dwr/call/plaincall/AjaxQqpsService.saveMaterielItem.dwr HTTP/1.1" 200 79
124.79.240.233 - - [15/Mar/2023:11:20:58 +0800] "GET /xingrg/all/function/internal_message.html?_=1678850448067&CODE_STATE=getMsg HTTP/1.1" 200 27
124.78.153.221 - - [15/Mar/2023:11:21:00 +0800] "POST /xingrg/dwr/call/plaincall/AjaxQqpsService.getMaterielByCode.dwr HTTP/1.1" 200 2734
222.67.232.202 - - [15/Mar/2023:11:21:01 +0800] "POST /xingrg/kc/buy/cgsh_order_operate.html HTTP/1.1" 200 37
180.164.3.199 - - [15/Mar/2023:11:21:01 +0800] "GET /xingrg/all/function/internal_message.html?_=1678850462595&CODE_STATE=getMsg HTTP/1.1" 200 27
180.164.3.199 - - [15/Mar/2023:11:21:03 +0800] "GET /xingrg/check_reg.html?_=1678850464264 HTTP/1.1" 200 22
124.78.153.221 - - [15/Mar/2023:11:21:03 +0800] "POST /xingrg/dwr/call/plaincall/AjaxQqpsService.saveMaterielItem.dwr HTTP/1.1" 200 79
124.78.153.221 - - [15/Mar/2023:11:21:07 +0800] "POST /xingrg/dwr/call/plaincall/AjaxQqpsService.getMaterielByCode.dwr HTTP/1.1" 200 2667
222.67.232.202 - - [15/Mar/2023:11:21:07 +0800] "POST /xingrg/kc/buy/cgsh_order_operate.html HTTP/1.1" 200 12
114.83.219.234 - - [15/Mar/2023:11:21:09 +0800] "GET /xingrg/all/function/internal_message.html?_=1678850469541&CODE_STATE=getMsg HTTP/1.1" 200 27
116.192.124.172 - - [15/Mar/2023:11:21:10 +0800] "GET /xingrg/all/function/internal_message.html?_=1678850483287&CODE_STATE=getMsg HTTP/1.1" 200 27
116.192.124.172 - - [15/Mar/2023:11:21:10 +0800] "GET /xingrg/check_reg.html?_=1678850483291 HTTP/1.1" 200 22
124.78.153.221 - - [15/Mar/2023:11:21:10 +0800] "POST /xingrg/dwr/call/plaincall/AjaxQqpsService.saveMaterielItem.dwr HTTP/1.1" 200 79
222.70.182.154 - - [15/Mar/2023:11:21:11 +0800] "POST /xingrg/kc/buy/cgsh_order_operate.html HTTP/1.1" 200 37
222.67.232.202 - - [15/Mar/2023:11:21:11 +0800] "GET /xingrg/kc/buy/cgsh_order_info.html?code=212023031505370 HTTP/1.1" 200 64863
222.67.232.202 - - [15/Mar/2023:11:21:12 +0800] "GET /xingrg/javascript/easyui/themes/default/validatebox.css HTTP/1.1" 404 1104
222.70.182.154 - - [15/Mar/2023:11:21:12 +0800] "POST /xingrg/kc/buy/cgsh_order_operate.html HTTP/1.1" 200 3251
222.67.232.202 - - [15/Mar/2023:11:21:13 +0800] "POST /xingrg/kc/buy/cgsh_order_operate.html HTTP/1.1" 200 1194
180.169.147.146 - - [15/Mar/2023:11:21:13 +0800] "GET /xingrg/all/function/internal_message.html?_=1678850473424&CODE_STATE=getMsg HTTP/1.1" 200 27
124.78.153.221 - - [15/Mar/2023:11:21:13 +0800] "POST /xingrg/dwr/call/plaincall/AjaxQqpsService.getMaterielByCode.dwr HTTP/1.1" 200 2674
222.67.232.202 - - [15/Mar/2023:11:21:14 +0800] "GET /xingrg/kc/print/load_data.html?order_code=212023031505370&kc_code=cgsh&condition= HTTP/1.1" 200 928
222.70.182.154 - - [15/Mar/2023:11:21:14 +0800] "GET /xingrg/kc/print/load_data.html?order_code=212023031505371&kc_code=cgsh&condition= HTTP/1.1" 200 879
222.67.232.202 - - [15/Mar/2023:11:21:15 +0800] "GET /xingrg/all/function/internal_message.html?_=1678850026115&CODE_STATE=getMsg HTTP/1.1" 200 27
124.78.153.221 - - [15/Mar/2023:11:21:16 +0800] "POST /xingrg/dwr/call/plaincall/AjaxQqpsService.saveMaterielItem.dwr HTTP/1.1" 200 79
222.67.232.202 - - [15/Mar/2023:11:21:19 +0800] "GET /xingrg/kc/buy/cgsh_order_add.html HTTP/1.1" 200 69961
124.78.153.221 - - [15/Mar/2023:11:21:19 +0800] "POST /xingrg/dwr/call/plaincall/AjaxQqpsService.saveOrder.dwr HTTP/1.1" 200 79
222.67.232.202 - - [15/Mar/2023:11:21:19 +0800] "POST /xingrg/kc/buy/cgsh_order_operate.html HTTP/1.1" 200 8245
222.70.182.154 - - [15/Mar/2023:11:21:19 +0800] "GET /xingrg/check_reg.html?_=1678850477989 HTTP/1.1" 200 22
222.67.232.202 - - [15/Mar/2023:11:21:19 +0800] "GET /xingrg/javascript/easyui/themes/default/validatebox.css HTTP/1.1" 404 1104
222.70.182.154 - - [15/Mar/2023:11:21:20 +0800] "GET /xingrg/kc/buy/cgsh_order_add.html HTTP/1.1" 200 69917
222.70.182.154 - - [15/Mar/2023:11:21:21 +0800] "POST /xingrg/kc/buy/cgsh_order_operate.html HTTP/1.1" 200 8245
222.70.182.154 - - [15/Mar/2023:11:21:21 +0800] "GET /xingrg/all/function/internal_message.html?_=1678850479986&CODE_STATE=getMsg HTTP/1.1" 200 27
222.70.182.154 - - [15/Mar/2023:11:21:21 +0800] "GET /xingrg/javascript/easyui/themes/default/validatebox.css HTTP/1.1" 404 1104
124.78.153.221 - - [15/Mar/2023:11:21:26 +0800] "GET /xingrg/check_reg.html?_=1678850486033 HTTP/1.1" 200 22
124.78.153.221 - - [15/Mar/2023:11:21:26 +0800] "GET /xingrg/all/function/internal_message.html?_=1678850486037&CODE_STATE=getMsg HTTP/1.1" 200 27
124.79.72.155 - - [15/Mar/2023:11:21:26 +0800] "GET /xingrg/all/function/internal_message.html?_=1678850490834&CODE_STATE=getMsg HTTP/1.1" 200 27
101.229.22.234 - - [15/Mar/2023:11:21:27 +0800] "GET /xingrg/all/function/internal_message.html?_=1678850487540&CODE_STATE=getMsg HTTP/1.1" 200 27
222.67.232.202 - - [15/Mar/2023:11:21:27 +0800] "GET /xingrg/kc/buy/cgsh_order_operate.html?command=get_materiel&rest_code=00141&code=00101001037&supplier_code=00100090&order_time=2023-03-15 HTTP/1.1" 200 416
222.70.221.209 - - [15/Mar/2023:11:21:33 +0800] "GET /xingrg/check_reg.html?_=1678850607679 HTTP/1.1" 200 22
222.70.221.209 - - [15/Mar/2023:11:21:33 +0800] "GET /xingrg/all/function/internal_message.html?_=1678850607682&CODE_STATE=getMsg HTTP/1.1" 200 27
222.70.182.154 - - [15/Mar/2023:11:21:33 +0800] "GET /xingrg/kc/buy/cgsh_order_operate.html?command=get_materiel&rest_code=00111&code=00101008619&supplier_code=00100339&order_time=2023-03-15 HTTP/1.1" 200 419
116.224.106.218 - - [15/Mar/2023:11:21:35 +0800] "GET /xingrg/all/function/internal_message.html?_=1678850494779&CODE_STATE=getMsg HTTP/1.1" 200 27
120.253.135.82 - - [15/Mar/2023:11:21:38 +0800] "POST /xingrg/kc/pszx/mdps_list_operate.html HTTP/1.1" 200 5197
120.253.135.82 - - [15/Mar/2023:11:21:39 +0800] "POST /xingrg/kc/pszx/mdps_list_operate.html HTTP/1.1" 200 612
124.77.245.38 - - [15/Mar/2023:11:21:40 +0800] "POST /xingrg/services/DataTransmitService HTTP/1.1" 200 524
120.253.135.82 - - [15/Mar/2023:11:21:40 +0800] "GET /xingrg/kc/pszx/mdps_order_info.html?code=312023031500346 HTTP/1.1" 200 23978
120.253.135.82 - - [15/Mar/2023:11:21:40 +0800] "GET /xingrg/javascript/easyui/themes/default/validatebox.css HTTP/1.1" 404 1104
116.238.139.35 - - [15/Mar/2023:11:21:41 +0800] "GET /xingrg/all/function/internal_message.html?_=1678850501731&CODE_STATE=getMsg HTTP/1.1" 200 27
120.253.135.82 - - [15/Mar/2023:11:21:41 +0800] "GET /xingrg/all/common/auto_word.html?type=base&rest_code=00101 HTTP/1.1" 200 671
120.253.135.82 - - [15/Mar/2023:11:21:41 +0800] "POST /xingrg/kc/pszx/mdps_order_operate.html HTTP/1.1" 200 5795
222.70.182.154 - - [15/Mar/2023:11:21:44 +0800] "POST /xingrg/kc/buy/cgsh_order_operate.html HTTP/1.1" 200 37
222.67.232.202 - - [15/Mar/2023:11:21:45 +0800] "GET /xingrg/kc/buy/cgsh_order_operate.html?command=get_materiel&rest_code=00141&code=00101001140&supplier_code=00100090&order_time=2023-03-15 HTTP/1.1" 200 417
222.70.182.154 - - [15/Mar/2023:11:21:46 +0800] "POST /xingrg/kc/buy/cgsh_order_operate.html HTTP/1.1" 200 2662
116.225.84.253 - - [15/Mar/2023:11:21:47 +0800] "GET /xingrg/all/function/internal_message.html?_=1678850506798&CODE_STATE=getMsg HTTP/1.1" 200 27
116.238.139.35 - - [15/Mar/2023:11:21:48 +0800] "GET /xingrg/check_reg.html?_=1678850438283 HTTP/1.1" 302 -
222.70.182.154 - - [15/Mar/2023:11:21:48 +0800] "GET /xingrg/kc/print/load_data.html?order_code=212023031505372&kc_code=cgsh&condition= HTTP/1.1" 200 672
116.225.84.253 - - [15/Mar/2023:11:21:48 +0800] "GET /xingrg/check_reg.html?_=1678850352284 HTTP/1.1" 200 22
116.225.84.253 - - [15/Mar/2023:11:21:48 +0800] "GET /xingrg/all/function/internal_message.html?_=1678850352287&CODE_STATE=getMsg HTTP/1.1" 200 27
124.78.153.221 - - [15/Mar/2023:11:21:49 +0800] "GET /xingrg/all/function/internal_message.html?_=1678850508105&CODE_STATE=getMsg HTTP/1.1" 200 27
124.77.245.38 - - [15/Mar/2023:11:21:49 +0800] "POST /xingrg/services/DataTransmitService HTTP/1.1" 200 501
124.77.245.38 - - [15/Mar/2023:11:21:52 +0800] "GET /xingrg/all/function/internal_message.html?_=1678850522951&CODE_STATE=getMsg HTTP/1.1" 200 27
120.253.135.82 - - [15/Mar/2023:11:21:54 +0800] "GET /xingrg/all/function/internal_message.html?_=1678850644014&CODE_STATE=getMsg HTTP/1.1" 200 27
180.169.147.146 - - [15/Mar/2023:11:21:54 +0800] "GET /xingrg/check_reg.html?_=1678850514369 HTTP/1.1" 200 22
180.169.147.146 - - [15/Mar/2023:11:21:54 +0800] "GET /xingrg/all/function/internal_message.html?_=1678850514370&CODE_STATE=getMsg HTTP/1.1" 200 27
222.70.182.154 - - [15/Mar/2023:11:21:55 +0800] "GET /xingrg/kc/buy/cgsh_order_add.html HTTP/1.1" 200 69917
222.70.182.154 - - [15/Mar/2023:11:21:55 +0800] "POST /xingrg/kc/buy/cgsh_order_operate.html HTTP/1.1" 200 8245
222.70.182.154 - - [15/Mar/2023:11:21:55 +0800] "GET /xingrg/javascript/easyui/themes/default/validatebox.css HTTP/1.1" 404 1104
124.79.240.233 - - [15/Mar/2023:11:21:58 +0800] "GET /xingrg/all/function/internal_message.html?_=1678850508070&CODE_STATE=getMsg HTTP/1.1" 200 27
180.164.3.199 - - [15/Mar/2023:11:22:01 +0800] "GET /xingrg/all/function/internal_message.html?_=1678850522581&CODE_STATE=getMsg HTTP/1.1" 200 27
222.67.232.202 - - [15/Mar/2023:11:22:03 +0800] "GET /xingrg/kc/buy/cgsh_order_operate.html?command=get_materiel&rest_code=00141&code=00101001044&supplier_code=00100090&order_time=2023-03-15 HTTP/1.1" 200 413
120.253.135.82 - - [15/Mar/2023:11:22:03 +0800] "POST /xingrg/kc/pszx/mdps_list_operate.html HTTP/1.1" 200 5197
120.253.135.82 - - [15/Mar/2023:11:22:03 +0800] "GET /xingrg/javascript/jquery_easy_ui/themes/default/images/tabs_active.png HTTP/1.1" 200 2894
120.253.135.82 - - [15/Mar/2023:11:22:04 +0800] "POST /xingrg/kc/pszx/mdps_list_operate.html HTTP/1.1" 200 293
120.253.135.82 - - [15/Mar/2023:11:22:05 +0800] "GET /xingrg/kc/pszx/mdps_order_info.html?code=312023031500347 HTTP/1.1" 200 23976
120.253.135.82 - - [15/Mar/2023:11:22:05 +0800] "GET /xingrg/javascript/easyui/themes/default/validatebox.css HTTP/1.1" 404 1104
222.70.182.154 - - [15/Mar/2023:11:22:05 +0800] "GET /xingrg/kc/buy/cgsh_order_operate.html?command=get_materiel&rest_code=00111&code=00101001174&supplier_code=00100314&order_time=2023-03-15 HTTP/1.1" 200 414
120.253.135.82 - - [15/Mar/2023:11:22:05 +0800] "GET /xingrg/all/common/auto_word.html?type=base&rest_code=00101 HTTP/1.1" 200 671
120.253.135.82 - - [15/Mar/2023:11:22:06 +0800] "POST /xingrg/kc/pszx/mdps_order_operate.html HTTP/1.1" 200 2802
114.83.219.234 - - [15/Mar/2023:11:22:09 +0800] "GET /xingrg/all/function/internal_message.html?_=1678850529542&CODE_STATE=getMsg HTTP/1.1" 200 27
116.192.124.172 - - [15/Mar/2023:11:22:10 +0800] "GET /xingrg/all/function/internal_message.html?_=1678850543284&CODE_STATE=getMsg HTTP/1.1" 200 27
