120.253.135.82 - - [13/Mar/2023:08:50:30 +0800] "GET /xingrg/all/function/internal_message.html?_=1678668458259&CODE_STATE=getMsg HTTP/1.1" 200 27
124.77.245.38 - - [13/Mar/2023:08:50:40 +0800] "GET /xingrg/kc/buy/cgsh_order_operate.html?command=get_materiel&rest_code=00146&code=00101008155&supplier_code=00100005&order_time=2023-03-13 HTTP/1.1" 200 408
124.77.245.38 - - [13/Mar/2023:08:50:42 +0800] "GET /xingrg/all/function/internal_message.html?_=1678668643663&CODE_STATE=getMsg HTTP/1.1" 200 27
116.238.139.35 - - [13/Mar/2023:08:50:54 +0800] "GET /favicon.ico HTTP/1.1" 404 -
116.224.106.218 - - [13/Mar/2023:08:51:03 +0800] "GET /xingrg/all/function/internal_message.html?_=1678668663161&CODE_STATE=getMsg HTTP/1.1" 302 -
124.77.245.38 - - [13/Mar/2023:08:51:05 +0800] "GET /xingrg/kc/buy/cgsh_order_operate.html?command=get_materiel&rest_code=00146&code=00101008049&supplier_code=00100005&order_time=2023-03-13 HTTP/1.1" 200 408
120.253.135.82 - - [13/Mar/2023:08:51:05 +0800] "GET /xingrg/check_reg.html?_=1678668493614 HTTP/1.1" 200 22
116.192.124.172 - - [13/Mar/2023:08:51:07 +0800] "GET /xingrg/all/function/internal_message.html?_=1678668667149&CODE_STATE=getMsg HTTP/1.1" 200 27
116.225.84.253 - - [13/Mar/2023:08:51:08 +0800] "POST /xingrg/kc/mdqp/pssh_list_operate.html HTTP/1.1" 200 803
116.225.84.253 - - [13/Mar/2023:08:51:11 +0800] "GET /xingrg/all/function/internal_message.html?_=1678668515699&CODE_STATE=getMsg HTTP/1.1" 200 27
116.238.139.35 - - [13/Mar/2023:08:51:12 +0800] "POST /xingrg/login.do HTTP/1.1" 200 2241
116.238.139.35 - - [13/Mar/2023:08:51:12 +0800] "GET /favicon.ico HTTP/1.1" 404 -
116.225.84.253 - - [13/Mar/2023:08:51:12 +0800] "GET /xingrg/kc/mdqp/pssh_order_info.html?code=312023031100252 HTTP/1.1" 200 17295
116.225.84.253 - - [13/Mar/2023:08:51:12 +0800] "GET /xingrg/javascript/jquery_tools/jquery-1.4.2.min.js HTTP/1.1" 404 1094
116.225.84.253 - - [13/Mar/2023:08:51:12 +0800] "GET /xingrg/javascript/jquery_tools/order_manager.js HTTP/1.1" 304 -
116.225.84.253 - - [13/Mar/2023:08:51:12 +0800] "GET /xingrg/javascript/convert.js HTTP/1.1" 304 -
116.225.84.253 - - [13/Mar/2023:08:51:12 +0800] "GET /xingrg/javascript/json2.js HTTP/1.1" 304 -
116.225.84.253 - - [13/Mar/2023:08:51:12 +0800] "GET /xingrg/javascript/print/kc_print.js HTTP/1.1" 304 -
116.225.84.253 - - [13/Mar/2023:08:51:12 +0800] "GET /xingrg/javascript/print/LodopFuncs.js HTTP/1.1" 304 -
116.225.84.253 - - [13/Mar/2023:08:51:12 +0800] "GET /xingrg/words/20230312004807_words.js HTTP/1.1" 200 953239
116.225.84.253 - - [13/Mar/2023:08:51:13 +0800] "GET /xingrg/javascript/easyui/themes/icons/cance_new.png HTTP/1.1" 304 -
116.225.84.253 - - [13/Mar/2023:08:51:13 +0800] "GET /xingrg/javascript/easyui/themes/icons/back_new.png HTTP/1.1" 304 -
116.225.84.253 - - [13/Mar/2023:08:51:13 +0800] "GET /xingrg/javascript/easyui/themes/icons/ok.png HTTP/1.1" 304 -
116.225.84.253 - - [13/Mar/2023:08:51:13 +0800] "GET /xingrg/javascript/easyui/themes/icons/check_new.png HTTP/1.1" 304 -
116.225.84.253 - - [13/Mar/2023:08:51:13 +0800] "GET /xingrg/javascript/easyui/themes/icons/print.png HTTP/1.1" 304 -
116.225.84.253 - - [13/Mar/2023:08:51:13 +0800] "GET /xingrg/javascript/easyui/themes/default/images/menu_downarrow.png HTTP/1.1" 304 -
116.225.84.253 - - [13/Mar/2023:08:51:13 +0800] "GET /xingrg/javascript/easyui/themes/default/validatebox.css HTTP/1.1" 404 1104
116.225.84.253 - - [13/Mar/2023:08:51:13 +0800] "GET /xingrg/javascript/easyui/plugins/jquery.validatebox.js HTTP/1.1" 304 -
116.225.84.253 - - [13/Mar/2023:08:51:13 +0800] "GET /xingrg/javascript/easyui/plugins/jquery.numberbox.js HTTP/1.1" 304 -
116.225.84.253 - - [13/Mar/2023:08:51:13 +0800] "GET /xingrg/all/common/auto_word.html?type=employee&rest_code=00105 HTTP/1.1" 200 193
116.225.84.253 - - [13/Mar/2023:08:51:13 +0800] "GET /xingrg/all/common/auto_word.html?type=base&rest_code=00105&rest_code=00105 HTTP/1.1" 200 1907
116.225.84.253 - - [13/Mar/2023:08:51:13 +0800] "POST /xingrg/kc/mdqp/pssh_order_operate.html HTTP/1.1" 200 10179
116.238.139.35 - - [13/Mar/2023:08:51:14 +0800] "GET /favicon.ico HTTP/1.1" 404 -
116.225.84.253 - - [13/Mar/2023:08:51:20 +0800] "GET /xingrg/javascript/jquery_tools/images/next.gif HTTP/1.1" 404 1086
116.225.84.253 - - [13/Mar/2023:08:51:20 +0800] "GET /xingrg/javascript/jquery_tools/images/prev.gif HTTP/1.1" 404 1086
116.225.84.253 - - [13/Mar/2023:08:51:25 +0800] "GET /xingrg/javascript/auto/indicator.gif HTTP/1.1" 404 1066
116.238.139.35 - - [13/Mar/2023:08:51:26 +0800] "GET /xingrg/check_reg.html?_=1678668618812 HTTP/1.1" 302 -
116.238.139.35 - - [13/Mar/2023:08:51:27 +0800] "GET /xingrg/login.html HTTP/1.1" 200 7641
116.238.139.35 - - [13/Mar/2023:08:51:27 +0800] "GET /favicon.ico HTTP/1.1" 404 -
116.225.84.253 - - [13/Mar/2023:08:51:29 +0800] "GET /xingrg/javascript/easyui/themes/default/images/button_plain_hover.png HTTP/1.1" 304 -
120.253.135.82 - - [13/Mar/2023:08:51:30 +0800] "GET /xingrg/all/function/internal_message.html?_=1678668518273&CODE_STATE=getMsg HTTP/1.1" 200 27
222.70.221.209 - - [13/Mar/2023:08:51:30 +0800] "POST /xingrg/services/DataTransmitService HTTP/1.1" 200 524
124.77.245.38 - - [13/Mar/2023:08:51:42 +0800] "GET /xingrg/all/function/internal_message.html?_=1678668703676&CODE_STATE=getMsg HTTP/1.1" 200 27
116.225.84.253 - - [13/Mar/2023:08:51:43 +0800] "POST /xingrg/kc/mdqp/pssh_order_operate.html HTTP/1.1" 200 1067
116.238.139.35 - - [13/Mar/2023:08:51:48 +0800] "POST /xingrg/login.do HTTP/1.1" 200 2241
116.225.84.253 - - [13/Mar/2023:08:51:52 +0800] "GET /favicon.ico HTTP/1.1" 404 -
116.238.139.35 - - [13/Mar/2023:08:51:55 +0800] "POST /xingrg/login.do HTTP/1.1" 200 2098
116.238.139.35 - - [13/Mar/2023:08:51:56 +0800] "POST /xingrg/login.do HTTP/1.1" 200 2241
116.238.139.35 - - [13/Mar/2023:08:51:58 +0800] "POST /xingrg/login.do HTTP/1.1" 200 2241
116.238.139.35 - - [13/Mar/2023:08:51:58 +0800] "GET /favicon.ico HTTP/1.1" 404 -
116.224.106.218 - - [13/Mar/2023:08:52:03 +0800] "GET /xingrg/all/function/internal_message.html?_=1678668723160&CODE_STATE=getMsg HTTP/1.1" 302 -
116.225.84.253 - - [13/Mar/2023:08:52:05 +0800] "POST /xingrg/kc/mdqp/pssh_order_operate.html HTTP/1.1" 200 1067
116.192.124.172 - - [13/Mar/2023:08:52:07 +0800] "GET /xingrg/all/function/internal_message.html?_=1678668727132&CODE_STATE=getMsg HTTP/1.1" 200 27
116.192.124.172 - - [13/Mar/2023:08:52:07 +0800] "GET /xingrg/check_reg.html?_=1678668727677 HTTP/1.1" 200 22
116.225.84.253 - - [13/Mar/2023:08:52:11 +0800] "POST /xingrg/login.do HTTP/1.1" 200 2241
116.225.84.253 - - [13/Mar/2023:08:52:16 +0800] "GET /xingrg/all/function/internal_message.html?_=1678668580624&CODE_STATE=getMsg HTTP/1.1" 200 27
116.225.84.253 - - [13/Mar/2023:08:52:20 +0800] "POST /xingrg/login.do HTTP/1.1" 200 2241
116.225.84.253 - - [13/Mar/2023:08:52:20 +0800] "GET /xingrg/javascript/jquery_easy_ui/themes/default/images/tabs_active.png HTTP/1.1" 304 -
116.225.84.253 - - [13/Mar/2023:08:52:23 +0800] "POST /xingrg/login.do HTTP/1.1" 200 2241
116.225.84.253 - - [13/Mar/2023:08:52:24 +0800] "POST /xingrg/login.do HTTP/1.1" 200 2241
116.225.84.253 - - [13/Mar/2023:08:52:26 +0800] "POST /xingrg/login.do HTTP/1.1" 200 2241
120.253.135.82 - - [13/Mar/2023:08:52:30 +0800] "GET /xingrg/all/function/internal_message.html?_=1678668578287&CODE_STATE=getMsg HTTP/1.1" 200 27
116.225.84.253 - - [13/Mar/2023:08:52:30 +0800] "POST /xingrg/login.do HTTP/1.1" 200 2241
116.225.84.253 - - [13/Mar/2023:08:52:33 +0800] "GET /xingrg/kc/mdqp/pssh_order_info.html?code=312023031100252 HTTP/1.1" 200 17295
116.225.84.253 - - [13/Mar/2023:08:52:33 +0800] "GET /xingrg/javascript/jquery_tools/jquery-1.4.2.min.js HTTP/1.1" 404 1094
116.225.84.253 - - [13/Mar/2023:08:52:33 +0800] "GET /xingrg/javascript/easyui/themes/default/validatebox.css HTTP/1.1" 404 1104
172.20.0.100 - - [13/Mar/2023:08:52:35 +0800] "GET /xingrg/index.html?sysBaseUrl=http%3A%2F%2F172.17.0.8%3A18081%2Fxingrg%2F&costTime=213×tamp=1585200360465 HTTP/1.1" 302 -
172.20.0.100 - - [13/Mar/2023:08:52:35 +0800] "GET /xingrg/login.html HTTP/1.1" 200 7636
172.20.0.100 - - [13/Mar/2023:08:52:35 +0800] "GET /xingrg/images/blue/jxLogo.png HTTP/1.1" 200 6156
172.20.0.100 - - [13/Mar/2023:08:52:35 +0800] "GET /xingrg/images/blue/login_bg.png HTTP/1.1" 200 22101
172.20.0.100 - - [13/Mar/2023:08:52:35 +0800] "GET /xingrg/images/blue/hj.png HTTP/1.1" 200 1014
172.20.0.100 - - [13/Mar/2023:08:52:35 +0800] "GET /xingrg/images/blue/srbg.png HTTP/1.1" 200 138
172.20.0.100 - - [13/Mar/2023:08:52:35 +0800] "GET /favicon.ico HTTP/1.1" 404 -
116.225.84.253 - - [13/Mar/2023:08:52:35 +0800] "POST /xingrg/login.do HTTP/1.1" 200 2241
116.225.84.253 - - [13/Mar/2023:08:52:36 +0800] "POST /xingrg/kc/mdqp/pssh_order_operate.html HTTP/1.1" 200 10179
124.77.245.38 - - [13/Mar/2023:08:52:37 +0800] "GET /xingrg/check_reg.html?_=1678668758592 HTTP/1.1" 200 22
116.225.84.253 - - [13/Mar/2023:08:52:37 +0800] "POST /xingrg/login.do HTTP/1.1" 200 2241
116.225.84.253 - - [13/Mar/2023:08:52:37 +0800] "GET /favicon.ico HTTP/1.1" 404 -
172.20.0.100 - - [13/Mar/2023:08:52:41 +0800] "POST /xingrg/login.do HTTP/1.1" 200 2236
124.77.245.38 - - [13/Mar/2023:08:52:42 +0800] "GET /xingrg/all/function/internal_message.html?_=1678668763691&CODE_STATE=getMsg HTTP/1.1" 200 27
172.20.0.100 - - [13/Mar/2023:08:52:45 +0800] "POST /xingrg/login.do HTTP/1.1" 200 2236
172.20.0.100 - - [13/Mar/2023:08:52:45 +0800] "GET /xingrg/css/blue.css HTTP/1.1" 200 15949
172.20.0.100 - - [13/Mar/2023:08:52:45 +0800] "GET /xingrg/images/blue/pic_top.gif HTTP/1.1" 200 3656
172.20.0.100 - - [13/Mar/2023:08:52:45 +0800] "GET /xingrg/images/blue/pic_notice.jpg HTTP/1.1" 200 3583
172.20.0.100 - - [13/Mar/2023:08:52:45 +0800] "GET /xingrg/images/blue/error_mid.gif HTTP/1.1" 200 215
172.20.0.100 - - [13/Mar/2023:08:52:45 +0800] "GET /xingrg/images/blue/error_top.gif HTTP/1.1" 200 1790
172.20.0.100 - - [13/Mar/2023:08:52:45 +0800] "GET /xingrg/images/blue/error_buttom.gif HTTP/1.1" 200 1750
172.20.0.100 - - [13/Mar/2023:08:52:46 +0800] "GET /favicon.ico HTTP/1.1" 404 -
172.20.0.100 - - [13/Mar/2023:08:52:47 +0800] "GET /favicon.ico HTTP/1.1" 404 -
124.77.245.38 - - [13/Mar/2023:08:52:48 +0800] "GET /xingrg/kc/buy/cgsh_order_operate.html?command=get_materiel&rest_code=00146&code=00101008083&supplier_code=00100005&order_time=2023-03-13 HTTP/1.1" 200 427
172.20.0.100 - - [13/Mar/2023:08:52:54 +0800] "POST /xingrg/login.do HTTP/1.1" 200 2236
172.20.0.100 - - [13/Mar/2023:08:52:54 +0800] "GET /favicon.ico HTTP/1.1" 404 -
124.77.245.38 - - [13/Mar/2023:08:52:59 +0800] "POST /xingrg/all/common/load_select.html HTTP/1.1" 200 25
116.225.84.253 - - [13/Mar/2023:08:53:00 +0800] "GET /xingrg/javascript/jquery_easy_ui/themes/icons/rest.png HTTP/1.1" 304 -
116.225.84.253 - - [13/Mar/2023:08:53:00 +0800] "GET /xingrg/javascript/jquery_easy_ui/themes/icons/area.png HTTP/1.1" 304 -
116.224.106.218 - - [13/Mar/2023:08:53:03 +0800] "GET /xingrg/all/function/internal_message.html?_=1678668783161&CODE_STATE=getMsg HTTP/1.1" 302 -
124.77.245.38 - - [13/Mar/2023:08:53:04 +0800] "GET /xingrg/kc/buy/cgsh_order_operate.html?command=get_materiel_price&rest_code=00146&code=00101008083&unit_code=00100027&supplier_code=00100005&order_time=2023-03-13 HTTP/1.1" 200 29
116.192.124.172 - - [13/Mar/2023:08:53:07 +0800] "GET /xingrg/all/function/internal_message.html?_=1678668787118&CODE_STATE=getMsg HTTP/1.1" 200 27
116.225.84.253 - - [13/Mar/2023:08:53:08 +0800] "GET /xingrg/css/images/panel_loading.gif HTTP/1.1" 304 -
116.225.84.253 - - [13/Mar/2023:08:53:08 +0800] "POST /xingrg/all/common/load_combo.html?type=employee HTTP/1.1" 200 356
172.20.0.100 - - [13/Mar/2023:08:53:08 +0800] "GET /favicon.ico HTTP/1.1" 404 -
124.77.245.38 - - [13/Mar/2023:08:53:12 +0800] "GET /xingrg/kc/buy/cgsh_order_operate.html?command=get_materiel&rest_code=00146&code=00101008084&supplier_code=00100005&order_time=2023-03-13 HTTP/1.1" 200 412
116.225.84.253 - - [13/Mar/2023:08:53:16 +0800] "GET /xingrg/all/function/internal_message.html?_=1678668640592&CODE_STATE=getMsg HTTP/1.1" 200 27
116.225.84.253 - - [13/Mar/2023:08:53:19 +0800] "POST /xingrg/kc/mdqp/pssh_order_operate.html HTTP/1.1" 200 1067
120.253.135.82 - - [13/Mar/2023:08:53:30 +0800] "GET /xingrg/all/function/internal_message.html?_=1678668638347&CODE_STATE=getMsg HTTP/1.1" 200 27
120.253.135.82 - - [13/Mar/2023:08:53:37 +0800] "GET /xingrg/check_reg.html?_=1678668817240 HTTP/1.1" 302 -
124.77.245.38 - - [13/Mar/2023:08:53:39 +0800] "GET /xingrg/kc/buy/cgsh_order_operate.html?command=get_materiel&rest_code=00146&code=00101008502&supplier_code=00100005&order_time=2023-03-13 HTTP/1.1" 200 412
124.77.245.38 - - [13/Mar/2023:08:53:42 +0800] "GET /xingrg/all/function/internal_message.html?_=1678668823702&CODE_STATE=getMsg HTTP/1.1" 200 27
58.221.95.50 - - [13/Mar/2023:08:53:57 +0800] "GET /xingrg/check_reg.html?_=1678668837706 HTTP/1.1" 302 -
172.20.0.100 - - [13/Mar/2023:08:53:58 +0800] "POST /xingrg/login.do HTTP/1.1" 200 2236
172.20.0.100 - - [13/Mar/2023:08:53:58 +0800] "GET /favicon.ico HTTP/1.1" 404 -
116.224.106.218 - - [13/Mar/2023:08:54:03 +0800] "GET /xingrg/all/function/internal_message.html?_=1678668843161&CODE_STATE=getMsg HTTP/1.1" 302 -
116.192.124.172 - - [13/Mar/2023:08:54:07 +0800] "GET /xingrg/all/function/internal_message.html?_=1678668847103&CODE_STATE=getMsg HTTP/1.1" 200 27
116.225.84.253 - - [13/Mar/2023:08:54:16 +0800] "GET /xingrg/all/function/internal_message.html?_=1678668700576&CODE_STATE=getMsg HTTP/1.1" 200 27
120.253.135.82 - - [13/Mar/2023:08:54:30 +0800] "GET /xingrg/all/function/internal_message.html?_=1678668698361&CODE_STATE=getMsg HTTP/1.1" 200 27
124.77.245.38 - - [13/Mar/2023:08:54:37 +0800] "GET /xingrg/kc/buy/cgsh_order_operate.html?command=get_materiel&rest_code=00146&code=00101008370&supplier_code=00100005&order_time=2023-03-13 HTTP/1.1" 200 412
116.232.33.0 - - [13/Mar/2023:08:54:42 +0800] "GET /favicon.ico HTTP/1.1" 404 -
124.77.245.38 - - [13/Mar/2023:08:54:42 +0800] "GET /xingrg/all/function/internal_message.html?_=1678668883716&CODE_STATE=getMsg HTTP/1.1" 200 27
124.77.245.38 - - [13/Mar/2023:08:54:55 +0800] "GET /xingrg/kc/buy/cgsh_order_operate.html?command=get_materiel&rest_code=00146&code=00101008126&supplier_code=00100005&order_time=2023-03-13 HTTP/1.1" 200 412
116.224.106.218 - - [13/Mar/2023:08:55:03 +0800] "GET /xingrg/check_reg.html?_=1678668903160 HTTP/1.1" 302 -
116.224.106.218 - - [13/Mar/2023:08:55:03 +0800] "GET /xingrg/all/function/internal_message.html?_=1678668903163&CODE_STATE=getMsg HTTP/1.1" 302 -
116.192.124.172 - - [13/Mar/2023:08:55:07 +0800] "GET /xingrg/all/function/internal_message.html?_=1678668907079&CODE_STATE=getMsg HTTP/1.1" 200 27
116.225.84.253 - - [13/Mar/2023:08:55:11 +0800] "GET /xingrg/check_reg.html?_=1678668755698 HTTP/1.1" 200 22
116.225.84.253 - - [13/Mar/2023:08:55:16 +0800] "GET /xingrg/all/function/internal_message.html?_=1678668760553&CODE_STATE=getMsg HTTP/1.1" 200 27
120.253.135.82 - - [13/Mar/2023:08:55:30 +0800] "GET /xingrg/all/function/internal_message.html?_=1678668758424&CODE_STATE=getMsg HTTP/1.1" 200 27
124.77.245.38 - - [13/Mar/2023:08:55:42 +0800] "GET /xingrg/all/function/internal_message.html?_=1678668943730&CODE_STATE=getMsg HTTP/1.1" 200 27
116.224.106.218 - - [13/Mar/2023:08:56:03 +0800] "GET /xingrg/all/function/internal_message.html?_=1678668963163&CODE_STATE=getMsg HTTP/1.1" 302 -
120.253.135.82 - - [13/Mar/2023:08:56:05 +0800] "GET /xingrg/check_reg.html?_=1678668793614 HTTP/1.1" 200 22
116.192.124.172 - - [13/Mar/2023:08:56:07 +0800] "GET /xingrg/all/function/internal_message.html?_=1678668967076&CODE_STATE=getMsg HTTP/1.1" 200 27
116.225.84.253 - - [13/Mar/2023:08:56:16 +0800] "GET /xingrg/all/function/internal_message.html?_=1678668820538&CODE_STATE=getMsg HTTP/1.1" 200 27
116.238.139.35 - - [13/Mar/2023:08:56:26 +0800] "GET /xingrg/check_reg.html?_=1678668918848 HTTP/1.1" 302 -
120.253.135.82 - - [13/Mar/2023:08:56:30 +0800] "GET /xingrg/all/function/internal_message.html?_=1678668818435&CODE_STATE=getMsg HTTP/1.1" 200 27
124.77.245.38 - - [13/Mar/2023:08:56:42 +0800] "GET /xingrg/all/function/internal_message.html?_=1678669003744&CODE_STATE=getMsg HTTP/1.1" 200 27
124.77.245.38 - - [13/Mar/2023:08:56:54 +0800] "GET /xingrg/kc/buy/cgsh_order_operate.html?command=get_materiel&rest_code=00146&code=00101008059&supplier_code=00100005&order_time=2023-03-13 HTTP/1.1" 200 408
172.20.0.100 - - [13/Mar/2023:08:56:54 +0800] "GET /favicon.ico HTTP/1.1" 404 -
172.20.0.100 - - [13/Mar/2023:08:57:00 +0800] "POST /xingrg/login.do HTTP/1.1" 200 2236
172.20.0.100 - - [13/Mar/2023:08:57:00 +0800] "GET /favicon.ico HTTP/1.1" 404 -
116.224.106.218 - - [13/Mar/2023:08:57:03 +0800] "GET /xingrg/all/function/internal_message.html?_=1678669023163&CODE_STATE=getMsg HTTP/1.1" 302 -
116.192.124.172 - - [13/Mar/2023:08:57:07 +0800] "GET /xingrg/all/function/internal_message.html?_=1678669027062&CODE_STATE=getMsg HTTP/1.1" 200 27
116.192.124.172 - - [13/Mar/2023:08:57:07 +0800] "GET /xingrg/check_reg.html?_=1678669027669 HTTP/1.1" 200 22
124.77.245.38 - - [13/Mar/2023:08:57:07 +0800] "GET /xingrg/kc/buy/cgsh_order_operate.html?command=get_materiel&rest_code=00146&code=00101008169&supplier_code=00100005&order_time=2023-03-13 HTTP/1.1" 200 412
116.225.84.253 - - [13/Mar/2023:08:57:16 +0800] "GET /xingrg/all/function/internal_message.html?_=1678668880523&CODE_STATE=getMsg HTTP/1.1" 200 27
58.40.7.146 - - [13/Mar/2023:08:57:29 +0800] "GET /favicon.ico HTTP/1.1" 404 -
120.253.135.82 - - [13/Mar/2023:08:57:30 +0800] "GET /xingrg/all/function/internal_message.html?_=1678668878448&CODE_STATE=getMsg HTTP/1.1" 200 27
58.40.7.146 - - [13/Mar/2023:08:57:34 +0800] "GET /favicon.ico HTTP/1.1" 404 -
124.77.245.38 - - [13/Mar/2023:08:57:37 +0800] "GET /xingrg/check_reg.html?_=1678669058597 HTTP/1.1" 200 22
124.77.245.38 - - [13/Mar/2023:08:57:42 +0800] "GET /xingrg/all/function/internal_message.html?_=1678669063757&CODE_STATE=getMsg HTTP/1.1" 200 27
116.224.106.218 - - [13/Mar/2023:08:58:03 +0800] "GET /xingrg/all/function/internal_message.html?_=1678669083162&CODE_STATE=getMsg HTTP/1.1" 302 -
116.192.124.172 - - [13/Mar/2023:08:58:07 +0800] "GET /xingrg/all/function/internal_message.html?_=1678669087037&CODE_STATE=getMsg HTTP/1.1" 200 27
116.225.84.253 - - [13/Mar/2023:08:58:16 +0800] "GET /xingrg/all/function/internal_message.html?_=1678668940493&CODE_STATE=getMsg HTTP/1.1" 200 27
124.77.245.38 - - [13/Mar/2023:08:58:19 +0800] "GET /xingrg/kc/buy/cgsh_order_operate.html?command=get_materiel&rest_code=00146&code=00101008175&supplier_code=00100005&order_time=2023-03-13 HTTP/1.1" 200 412
180.169.147.146 - - [13/Mar/2023:08:58:46 +0800] "GET /favicon.ico HTTP/1.1" 404 -
124.77.245.38 - - [13/Mar/2023:08:58:50 +0800] "GET /xingrg/all/function/internal_message.html?_=1678669123770&CODE_STATE=getMsg HTTP/1.1" 302 -
180.169.147.146 - - [13/Mar/2023:08:58:50 +0800] "GET /xingrg/index.html?sysBaseUrl=http%3A%2F%2F180.169.147.146%3A18081%2Fxingrg%2F&costTime=39×tamp=1592034574635 HTTP/1.1" 302 -
120.253.135.82 - - [13/Mar/2023:08:58:50 +0800] "GET /xingrg/check_reg.html?_=1678669117225 HTTP/1.1" 302 -
180.169.147.146 - - [13/Mar/2023:08:58:50 +0800] "GET /xingrg/login.html HTTP/1.1" 200 7641
180.169.147.146 - - [13/Mar/2023:08:58:51 +0800] "GET /favicon.ico HTTP/1.1" 404 -
58.221.95.50 - - [13/Mar/2023:08:58:57 +0800] "GET /xingrg/check_reg.html?_=1678669137708 HTTP/1.1" 302 -
223.104.212.98 - - [13/Mar/2023:08:59:01 +0800] "GET /xingrg HTTP/1.1" 302 -
223.104.212.98 - - [13/Mar/2023:08:59:01 +0800] "GET /xingrg/ HTTP/1.1" 200 292
223.104.212.98 - - [13/Mar/2023:08:59:02 +0800] "GET /xingrg/index.html HTTP/1.1" 302 -
223.104.212.98 - - [13/Mar/2023:08:59:02 +0800] "GET /xingrg/login.html HTTP/1.1" 200 2139
223.104.212.98 - - [13/Mar/2023:08:59:02 +0800] "GET /xingrg/javascript/mobile/jquery-1.8.3.min.js HTTP/1.1" 200 93637
223.104.212.98 - - [13/Mar/2023:08:59:02 +0800] "GET /xingrg/javascript/mobile/jquery.mobile-1.3.2.min.css HTTP/1.1" 200 94670
223.104.212.98 - - [13/Mar/2023:08:59:02 +0800] "GET /xingrg/javascript/mobile/jquery.mobile-1.3.2.min.js HTTP/1.1" 200 145396
223.104.212.98 - - [13/Mar/2023:08:59:02 +0800] "GET /xingrg/javascript/mobile/images/ajax-loader.gif HTTP/1.1" 200 7825
223.104.212.98 - - [13/Mar/2023:08:59:02 +0800] "GET /favicon.ico HTTP/1.1" 404 -
116.224.106.218 - - [13/Mar/2023:08:59:03 +0800] "GET /xingrg/all/function/internal_message.html?_=1678669143162&CODE_STATE=getMsg HTTP/1.1" 302 -
120.253.135.82 - - [13/Mar/2023:08:59:04 +0800] "GET /xingrg/kc/pszx/mdps_order_list.html?orderType=0 HTTP/1.1" 302 -
120.253.135.82 - - [13/Mar/2023:08:59:04 +0800] "GET /xingrg/login.html HTTP/1.1" 200 7641
120.253.135.82 - - [13/Mar/2023:08:59:04 +0800] "GET /xingrg/login.html HTTP/1.1" 200 7641
120.253.135.82 - - [13/Mar/2023:08:59:04 +0800] "GET /favicon.ico HTTP/1.1" 404 -
223.104.212.98 - - [13/Mar/2023:08:59:05 +0800] "POST /xingrg/login.do HTTP/1.1" 302 -
223.104.212.98 - - [13/Mar/2023:08:59:05 +0800] "GET /xingrg/index_mobile.html?sysBaseUrl=http%3A%2F%2F180.169.147.146%3A18081%2Fxingrg%2F&costTime=261×tamp=1678669145591 HTTP/1.1" 200 3182
223.104.212.98 - - [13/Mar/2023:08:59:05 +0800] "GET /xingrg/javascript/convert.js HTTP/1.1" 200 1239
223.104.212.98 - - [13/Mar/2023:08:59:05 +0800] "GET /xingrg/javascript/mobile/mobile.css HTTP/1.1" 200 347
223.104.212.98 - - [13/Mar/2023:08:59:05 +0800] "GET /xingrg/javascript/mobile/mobiscroll/mobiscroll.custom-2.6.2.min.css HTTP/1.1" 200 38004
223.104.212.98 - - [13/Mar/2023:08:59:06 +0800] "GET /xingrg/javascript/mobile/images/album-k.jpg HTTP/1.1" 200 4120
223.104.212.98 - - [13/Mar/2023:08:59:06 +0800] "GET /xingrg/javascript/mobile/mobiscroll/mobiscroll.custom-2.6.2.min.js HTTP/1.1" 200 43737
223.104.212.98 - - [13/Mar/2023:08:59:06 +0800] "GET /xingrg/javascript/mobile/images/icons-36-white.png HTTP/1.1" 200 3861
120.253.135.82 - - [13/Mar/2023:08:59:07 +0800] "POST /xingrg/login.do HTTP/1.1" 302 -
116.192.124.172 - - [13/Mar/2023:08:59:07 +0800] "GET /xingrg/all/function/internal_message.html?_=1678669147020&CODE_STATE=getMsg HTTP/1.1" 302 -
120.253.135.82 - - [13/Mar/2023:08:59:07 +0800] "GET /xingrg/index.html?sysBaseUrl=http%3A%2F%2F180.169.147.146%3A18081%2Fxingrg%2F&costTime=41×tamp=1678669147015 HTTP/1.1" 200 17173
120.253.135.82 - - [13/Mar/2023:08:59:07 +0800] "GET /xingrg/all/function/internal_message.html?_=1678668975275&CODE_STATE=count HTTP/1.1" 200 11
120.253.135.82 - - [13/Mar/2023:08:59:07 +0800] "GET /xingrg/check_reg.html?_=1678668975276 HTTP/1.1" 200 22
120.253.135.82 - - [13/Mar/2023:08:59:07 +0800] "POST /xingrg/all/common/load_tree.html?tree=area_rest_tree_json&manage=1 HTTP/1.1" 200 344
120.253.135.82 - - [13/Mar/2023:08:59:07 +0800] "GET /favicon.ico HTTP/1.1" 404 -
223.104.212.98 - - [13/Mar/2023:08:59:07 +0800] "GET /xingrg/dma/mobile/column_pie.html?type=yyfx&title=%D3%AA%D2%B5%B7%D6%CE%F6 HTTP/1.1" 200 10245
120.253.135.82 - - [13/Mar/2023:08:59:07 +0800] "POST /xingrg/load_menu.html HTTP/1.1" 200 6743
223.104.212.98 - - [13/Mar/2023:08:59:07 +0800] "GET /xingrg/javascript/mobile/js/highcharts.js HTTP/1.1" 200 134656
223.104.212.98 - - [13/Mar/2023:08:59:07 +0800] "GET /xingrg/javascript/mobile/mobile-common.js HTTP/1.1" 200 1484
223.104.212.98 - - [13/Mar/2023:08:59:07 +0800] "GET /xingrg/javascript/mobile/js/modules/exporting.js HTTP/1.1" 200 7123
223.104.212.98 - - [13/Mar/2023:08:59:07 +0800] "POST /xingrg/dma/mobile/report_query.html HTTP/1.1" 200 121
120.253.135.82 - - [13/Mar/2023:08:59:11 +0800] "GET /xingrg/kc/pszx/mdps_order_list.html?orderType=0 HTTP/1.1" 200 21032
120.253.135.82 - - [13/Mar/2023:08:59:11 +0800] "POST /xingrg/kc/pszx/mdps_list_operate.html HTTP/1.1" 200 5516
223.104.212.98 - - [13/Mar/2023:08:59:13 +0800] "GET /xingrg/index.html HTTP/1.1" 200 17550
223.104.212.98 - - [13/Mar/2023:08:59:13 +0800] "GET /xingrg/javascript/jquery-1.4.2.min.js HTTP/1.1" 200 72205
223.104.212.98 - - [13/Mar/2023:08:59:13 +0800] "GET /xingrg/javascript/jquery_easy_ui/themes/icon.css HTTP/1.1" 200 3949
223.104.212.98 - - [13/Mar/2023:08:59:13 +0800] "GET /xingrg/javascript/jquery_easy_ui/themes/default/easyui.css HTTP/1.1" 200 26500
223.104.212.98 - - [13/Mar/2023:08:59:13 +0800] "GET /xingrg/css/form.css HTTP/1.1" 200 893
223.104.212.98 - - [13/Mar/2023:08:59:13 +0800] "GET /xingrg/javascript/jquery_easy_ui/jquery.easyui.min.js HTTP/1.1" 200 213662
223.104.212.98 - - [13/Mar/2023:08:59:13 +0800] "GET /xingrg/javascript/jquery_easy_ui/easyui-lang-zh_CN.js HTTP/1.1" 200 1900
223.104.212.98 - - [13/Mar/2023:08:59:13 +0800] "GET /xingrg/javascript/jquery.timers.js HTTP/1.1" 200 3532
223.104.212.98 - - [13/Mar/2023:08:59:13 +0800] "GET /xingrg/javascript/jquery.form.js HTTP/1.1" 200 23110
223.104.212.98 - - [13/Mar/2023:08:59:13 +0800] "GET /xingrg/javascript/jquery.utils.js HTTP/1.1" 200 11805
223.104.212.98 - - [13/Mar/2023:08:59:13 +0800] "GET /xingrg/images/blue/jxLogo.png HTTP/1.1" 200 6156
223.104.212.98 - - [13/Mar/2023:08:59:13 +0800] "GET /xingrg/images/blue/navBackgound.jpg HTTP/1.1" 200 12378
223.104.212.98 - - [13/Mar/2023:08:59:13 +0800] "GET /xingrg/javascript/jquery_easy_ui/themes/icons/settle_new.png HTTP/1.1" 200 826
223.104.212.98 - - [13/Mar/2023:08:59:13 +0800] "POST /xingrg/all/common/load_tree.html?tree=area_rest_tree_json&manage=1 HTTP/1.1" 200 3499
223.104.212.98 - - [13/Mar/2023:08:59:13 +0800] "GET /xingrg/images/blue/pingpu.png HTTP/1.1" 200 231
223.104.212.98 - - [13/Mar/2023:08:59:13 +0800] "GET /xingrg/javascript/jquery_easy_ui/themes/default/images/panel_tool_collapse.gif HTTP/1.1" 200 246
223.104.212.98 - - [13/Mar/2023:08:59:13 +0800] "GET /xingrg/javascript/jquery_easy_ui/themes/default/images/panel_tool_expand.gif HTTP/1.1" 200 247
223.104.212.98 - - [13/Mar/2023:08:59:13 +0800] "GET /xingrg/check_reg.html?_=1678669152520 HTTP/1.1" 200 22
223.104.212.98 - - [13/Mar/2023:08:59:13 +0800] "GET /xingrg/all/function/internal_message.html?_=1678669152519&CODE_STATE=count HTTP/1.1" 200 11
223.104.212.98 - - [13/Mar/2023:08:59:14 +0800] "POST /xingrg/load_menu.html HTTP/1.1" 200 11564
223.104.212.98 - - [13/Mar/2023:08:59:14 +0800] "GET /xingrg/javascript/jquery_easy_ui/themes/default/images/tree_arrows.gif HTTP/1.1" 200 1043
223.104.212.98 - - [13/Mar/2023:08:59:14 +0800] "GET /xingrg/javascript/jquery_easy_ui/themes/default/images/tree_folder_open.gif HTTP/1.1" 200 956
223.104.212.98 - - [13/Mar/2023:08:59:14 +0800] "GET /xingrg/javascript/jquery_easy_ui/themes/icons/search_new.png HTTP/1.1" 200 586
223.104.212.98 - - [13/Mar/2023:08:59:14 +0800] "GET /xingrg/javascript/jquery_easy_ui/themes/icons/delivery_new.png HTTP/1.1" 200 700
223.104.212.98 - - [13/Mar/2023:08:59:14 +0800] "GET /xingrg/javascript/jquery_easy_ui/themes/icons/checkout_new.png HTTP/1.1" 200 744
223.104.212.98 - - [13/Mar/2023:08:59:14 +0800] "GET /xingrg/javascript/jquery_easy_ui/themes/icons/storage_new.png HTTP/1.1" 200 853
223.104.212.98 - - [13/Mar/2023:08:59:14 +0800] "GET /xingrg/javascript/jquery_easy_ui/themes/icons/setting_new.png HTTP/1.1" 200 450
223.104.212.98 - - [13/Mar/2023:08:59:14 +0800] "GET /xingrg/javascript/jquery_easy_ui/themes/icons/systemset_new.png HTTP/1.1" 200 606
223.104.212.98 - - [13/Mar/2023:08:59:14 +0800] "GET /xingrg/javascript/jquery_easy_ui/themes/icons/forms_new.png HTTP/1.1" 200 350
116.225.84.253 - - [13/Mar/2023:08:59:16 +0800] "GET /xingrg/all/function/internal_message.html?_=1678669000479&CODE_STATE=getMsg HTTP/1.1" 302 -
116.225.84.253 - - [13/Mar/2023:08:59:16 +0800] "GET /xingrg/login.html HTTP/1.1" 200 7641
116.232.33.0 - - [13/Mar/2023:08:59:16 +0800] "GET /favicon.ico HTTP/1.1" 404 -
120.253.135.82 - - [13/Mar/2023:08:59:17 +0800] "POST /xingrg/kc/pszx/mdps_list_operate.html HTTP/1.1" 200 2108
120.253.135.82 - - [13/Mar/2023:08:59:19 +0800] "POST /xingrg/kc/pszx/mdps_list_operate.html HTTP/1.1" 200 5582
120.253.135.82 - - [13/Mar/2023:08:59:25 +0800] "POST /xingrg/kc/pszx/mdps_list_operate.html HTTP/1.1" 200 5597
120.253.135.82 - - [13/Mar/2023:08:59:29 +0800] "POST /xingrg/kc/pszx/mdps_list_operate.html HTTP/1.1" 200 5575
120.253.135.82 - - [13/Mar/2023:08:59:33 +0800] "POST /xingrg/kc/pszx/mdps_list_operate.html HTTP/1.1" 200 538
120.253.135.82 - - [13/Mar/2023:08:59:33 +0800] "GET /xingrg/kc/pszx/mdps_order_info.html?code=312023031100263 HTTP/1.1" 200 23976
124.79.72.155 - - [13/Mar/2023:08:59:34 +0800] "GET /xingrg/login.html HTTP/1.1" 200 7641
120.253.135.82 - - [13/Mar/2023:08:59:34 +0800] "GET /xingrg/javascript/easyui/themes/default/validatebox.css HTTP/1.1" 404 1104
124.79.72.155 - - [13/Mar/2023:08:59:34 +0800] "GET /favicon.ico HTTP/1.1" 404 -
120.253.135.82 - - [13/Mar/2023:08:59:34 +0800] "POST /xingrg/kc/pszx/mdps_order_operate.html HTTP/1.1" 200 4284
124.77.245.38 - - [13/Mar/2023:08:59:42 +0800] "GET /xingrg/all/function/internal_message.html?_=1678669183785&CODE_STATE=getMsg HTTP/1.1" 302 -
120.253.135.82 - - [13/Mar/2023:08:59:45 +0800] "GET /xingrg/login.html HTTP/1.1" 200 7641
120.253.135.82 - - [13/Mar/2023:08:59:48 +0800] "POST /xingrg/login.do HTTP/1.1" 302 -
120.253.135.82 - - [13/Mar/2023:08:59:48 +0800] "GET /xingrg/index.html?sysBaseUrl=http%3A%2F%2F180.169.147.146%3A18081%2Fxingrg%2F&costTime=37×tamp=1678669188771 HTTP/1.1" 200 17173
120.253.135.82 - - [13/Mar/2023:08:59:49 +0800] "POST /xingrg/all/common/load_tree.html?tree=area_rest_tree_json&manage=1 HTTP/1.1" 200 344
120.253.135.82 - - [13/Mar/2023:08:59:49 +0800] "GET /xingrg/all/function/internal_message.html?_=1678669319280&CODE_STATE=count HTTP/1.1" 200 11
120.253.135.82 - - [13/Mar/2023:08:59:49 +0800] "POST /xingrg/load_menu.html HTTP/1.1" 200 6743
120.253.135.82 - - [13/Mar/2023:08:59:49 +0800] "GET /xingrg/check_reg.html?_=1678669319283 HTTP/1.1" 200 22
116.238.139.35 - - [13/Mar/2023:08:59:51 +0800] "GET /favicon.ico HTTP/1.1" 404 -
116.238.139.35 - - [13/Mar/2023:08:59:51 +0800] "POST /xingrg/services/DataTransmitService HTTP/1.1" 200 524
116.238.139.35 - - [13/Mar/2023:08:59:52 +0800] "POST /xingrg/login.do HTTP/1.1" 302 -
116.238.139.35 - - [13/Mar/2023:08:59:52 +0800] "GET /xingrg/index.html?sysBaseUrl=http%3A%2F%2F180.169.147.146%3A18081%2Fxingrg%2F&costTime=58×tamp=1678669192553 HTTP/1.1" 200 17177
116.238.139.35 - - [13/Mar/2023:08:59:52 +0800] "POST /xingrg/all/common/load_tree.html?tree=area_rest_tree_json&manage=1 HTTP/1.1" 200 476
116.238.139.35 - - [13/Mar/2023:08:59:52 +0800] "GET /xingrg/check_reg.html?_=1678669193365 HTTP/1.1" 200 22
124.79.72.155 - - [13/Mar/2023:08:59:52 +0800] "POST /xingrg/login.do HTTP/1.1" 302 -
116.238.139.35 - - [13/Mar/2023:08:59:52 +0800] "GET /favicon.ico HTTP/1.1" 404 -
116.238.139.35 - - [13/Mar/2023:08:59:52 +0800] "GET /xingrg/all/function/internal_message.html?_=1678669193363&CODE_STATE=count HTTP/1.1" 200 11
124.79.72.155 - - [13/Mar/2023:08:59:52 +0800] "GET /xingrg/index.html?sysBaseUrl=http%3A%2F%2F180.169.147.146%3A18081%2Fxingrg%2F&costTime=54×tamp=1678669192900 HTTP/1.1" 200 17179
116.238.139.35 - - [13/Mar/2023:08:59:52 +0800] "POST /xingrg/load_menu.html HTTP/1.1" 200 5138
124.79.72.155 - - [13/Mar/2023:08:59:52 +0800] "POST /xingrg/all/common/load_tree.html?tree=area_rest_tree_json&manage=1 HTTP/1.1" 200 351
124.79.72.155 - - [13/Mar/2023:08:59:53 +0800] "GET /xingrg/check_reg.html?_=1678669197988 HTTP/1.1" 200 22
124.79.72.155 - - [13/Mar/2023:08:59:53 +0800] "GET /xingrg/all/function/internal_message.html?_=1678669197987&CODE_STATE=count HTTP/1.1" 200 11
124.79.72.155 - - [13/Mar/2023:08:59:53 +0800] "POST /xingrg/load_menu.html HTTP/1.1" 200 5138
120.253.135.82 - - [13/Mar/2023:08:59:53 +0800] "GET /xingrg/kc/pszx/mdps_order_list.html?orderType=0 HTTP/1.1" 200 21032
120.253.135.82 - - [13/Mar/2023:08:59:53 +0800] "POST /xingrg/kc/pszx/mdps_list_operate.html HTTP/1.1" 200 5516
124.79.72.155 - - [13/Mar/2023:08:59:55 +0800] "GET /xingrg/kc/buy/buy_main.html HTTP/1.1" 200 12412
124.79.72.155 - - [13/Mar/2023:08:59:55 +0800] "GET /xingrg/css/new_ie.css HTTP/1.1" 404 1036
120.253.135.82 - - [13/Mar/2023:08:59:56 +0800] "GET /xingrg/kc/pszx/mdps_order_add.html HTTP/1.1" 200 29101
124.77.245.38 - - [13/Mar/2023:08:59:56 +0800] "GET /xingrg/kc/buy/cgsh_order_operate.html?command=get_materiel&rest_code=00146&code=00101008256&supplier_code=00100005&order_time=2023-03-13 HTTP/1.1" 302 -
120.253.135.82 - - [13/Mar/2023:08:59:56 +0800] "POST /xingrg/kc/pszx/mdps_order_operate.html HTTP/1.1" 200 7126
120.253.135.82 - - [13/Mar/2023:08:59:56 +0800] "GET /xingrg/all/common/auto_word.html?type=base&rest_code=00101 HTTP/1.1" 200 671
120.253.135.82 - - [13/Mar/2023:08:59:56 +0800] "GET /xingrg/javascript/easyui/themes/default/validatebox.css HTTP/1.1" 404 1104
124.79.72.155 - - [13/Mar/2023:08:59:58 +0800] "GET /xingrg/kc/buy/cgsh_order_list.html HTTP/1.1" 200 54185
120.253.135.82 - - [13/Mar/2023:08:59:59 +0800] "POST /xingrg/all/common/load_combo.html?type=base HTTP/1.1" 200 1169
124.79.72.155 - - [13/Mar/2023:08:59:59 +0800] "POST /xingrg/kc/buy/cgsh_list_operate.html HTTP/1.1" 200 986
120.253.135.82 - - [13/Mar/2023:09:00:01 +0800] "GET /xingrg/javascript/easyui/themes/default/tree.css HTTP/1.1" 404 1090
120.253.135.82 - - [13/Mar/2023:09:00:02 +0800] "POST /xingrg/all/common/load_tree.html?tree=area_rest_tree_json&only_rest=1 HTTP/1.1" 200 3378
116.224.106.218 - - [13/Mar/2023:09:00:03 +0800] "GET /xingrg/check_reg.html?_=1678669203162 HTTP/1.1" 302 -
116.224.106.218 - - [13/Mar/2023:09:00:03 +0800] "GET /xingrg/all/function/internal_message.html?_=1678669203165&CODE_STATE=getMsg HTTP/1.1" 302 -
124.79.72.155 - - [13/Mar/2023:09:00:06 +0800] "GET /xingrg/kc/base/base_main.html HTTP/1.1" 200 12142
116.192.124.172 - - [13/Mar/2023:09:00:06 +0800] "GET /xingrg/all/function/internal_message.html?_=1678669206992&CODE_STATE=getMsg HTTP/1.1" 302 -
124.77.245.38 - - [13/Mar/2023:09:00:07 +0800] "POST /xingrg/kc/buy/cgsh_order_operate.html HTTP/1.1" 302 -
120.253.135.82 - - [13/Mar/2023:09:00:07 +0800] "GET /xingrg/all/function/internal_message.html?_=1678669035283&CODE_STATE=getMsg HTTP/1.1" 200 27
124.79.72.155 - - [13/Mar/2023:09:00:07 +0800] "GET /xingrg/kc/base/check_order_list.html HTTP/1.1" 200 16223
124.79.72.155 - - [13/Mar/2023:09:00:07 +0800] "POST /xingrg/kc/base/check_list_operate.html HTTP/1.1" 200 1566
116.225.84.253 - - [13/Mar/2023:09:00:11 +0800] "GET /xingrg/check_reg.html?_=1678669055698 HTTP/1.1" 302 -
124.77.245.38 - - [13/Mar/2023:09:00:12 +0800] "POST /xingrg/kc/buy/cgsh_order_operate.html HTTP/1.1" 302 -
116.225.84.253 - - [13/Mar/2023:09:00:16 +0800] "GET /xingrg/all/function/internal_message.html?_=1678669060459&CODE_STATE=getMsg HTTP/1.1" 302 -
120.253.135.82 - - [13/Mar/2023:09:00:17 +0800] "GET /xingrg/kc/pszx/mdps_order_operate.html?command=get_materiel&pszx_code=00101&rest_code=00103&base_code=0010246&code=00102002361 HTTP/1.1" 200 415
124.77.245.38 - - [13/Mar/2023:09:00:21 +0800] "POST /xingrg/kc/buy/cgsh_order_operate.html HTTP/1.1" 302 -
180.169.147.146 - - [13/Mar/2023:09:00:22 +0800] "GET /xingrg/index.html?sysBaseUrl=http%3A%2F%2F180.169.147.146%3A18081%2Fxingrg%2F&costTime=39×tamp=1592034574635 HTTP/1.1" 302 -
180.169.147.146 - - [13/Mar/2023:09:00:22 +0800] "GET /xingrg/login.html HTTP/1.1" 200 7641
180.169.147.146 - - [13/Mar/2023:09:00:22 +0800] "GET /favicon.ico HTTP/1.1" 404 -
116.238.139.35 - - [13/Mar/2023:09:00:25 +0800] "GET /xingrg/kc/buy/cgsh_order_list.html HTTP/1.1" 200 54183
116.238.139.35 - - [13/Mar/2023:09:00:26 +0800] "POST /xingrg/kc/buy/cgsh_list_operate.html HTTP/1.1" 200 986
116.238.139.35 - - [13/Mar/2023:09:00:28 +0800] "GET /xingrg/kc/buy/cgsh_order_add.html HTTP/1.1" 200 69558
116.238.139.35 - - [13/Mar/2023:09:00:28 +0800] "GET /xingrg/words/20230312004807_words.js HTTP/1.1" 304 -
116.238.139.35 - - [13/Mar/2023:09:00:29 +0800] "GET /xingrg/all/common/auto_word.html?type=employee&rest_code=00151 HTTP/1.1" 200 293
116.238.139.35 - - [13/Mar/2023:09:00:29 +0800] "GET /xingrg/javascript/easyui/themes/default/validatebox.css HTTP/1.1" 404 1104
116.238.139.35 - - [13/Mar/2023:09:00:29 +0800] "GET /xingrg/all/common/auto_word.html?type=employee&rest_code=00151 HTTP/1.1" 200 293
116.238.139.35 - - [13/Mar/2023:09:00:29 +0800] "POST /xingrg/kc/buy/cgsh_order_operate.html HTTP/1.1" 200 8245
124.77.245.38 - - [13/Mar/2023:09:00:29 +0800] "GET /xingrg/kc/buy/cgsh_order_operate.html?command=get_materiel&rest_code=00146&code=00101008027&supplier_code=00100005&order_time=2023-03-13 HTTP/1.1" 302 -
116.238.139.35 - - [13/Mar/2023:09:00:34 +0800] "GET /xingrg/javascript/auto/indicator.gif HTTP/1.1" 404 1066
124.77.245.38 - - [13/Mar/2023:09:00:36 +0800] "POST /xingrg/kc/buy/cgsh_order_operate.html HTTP/1.1" 302 -
124.79.72.155 - - [13/Mar/2023:09:00:41 +0800] "GET /xingrg/kc/base/check_order_info.html?code=452023031200141 HTTP/1.1" 200 26480
124.79.72.155 - - [13/Mar/2023:09:00:41 +0800] "GET /xingrg/dwr/util.js HTTP/1.1" 200 35990
124.79.72.155 - - [13/Mar/2023:09:00:41 +0800] "GET /xingrg/dwr/engine.js HTTP/1.1" 200 43631
124.79.72.155 - - [13/Mar/2023:09:00:41 +0800] "GET /xingrg/dwr/interface/AjaxCheckService.js HTTP/1.1" 200 14003
124.79.72.155 - - [13/Mar/2023:09:00:41 +0800] "GET /xingrg/dwr/interface/AjaxComOrderService.js HTTP/1.1" 200 18264
124.77.245.38 - - [13/Mar/2023:09:00:42 +0800] "GET /xingrg/all/function/internal_message.html?_=1678669243797&CODE_STATE=getMsg HTTP/1.1" 302 -
120.253.135.82 - - [13/Mar/2023:09:00:42 +0800] "POST /xingrg/kc/pszx/mdps_order_operate.html HTTP/1.1" 200 37
116.238.139.35 - - [13/Mar/2023:09:00:42 +0800] "GET /xingrg/kc/buy/cgsh_order_operate.html?command=get_materiel&rest_code=00151&code=00101009078&supplier_code=00100022&order_time=2023-03-13 HTTP/1.1" 200 408
120.253.135.82 - - [13/Mar/2023:09:00:44 +0800] "GET /xingrg/kc/pszx/mdps_order_info.html?code=312023031300326 HTTP/1.1" 200 23974
124.79.72.155 - - [13/Mar/2023:09:00:44 +0800] "GET /xingrg/index.html?sysBaseUrl=http%3A%2F%2F180.169.147.146%3A18081%2Fxingrg%2F&costTime=54×tamp=1678669192900 HTTP/1.1" 200 17179
120.253.135.82 - - [13/Mar/2023:09:00:44 +0800] "GET /xingrg/javascript/easyui/themes/default/validatebox.css HTTP/1.1" 404 1104
120.253.135.82 - - [13/Mar/2023:09:00:44 +0800] "GET /xingrg/all/common/auto_word.html?type=base&rest_code=00101 HTTP/1.1" 200 671
120.253.135.82 - - [13/Mar/2023:09:00:44 +0800] "POST /xingrg/kc/pszx/mdps_order_operate.html HTTP/1.1" 200 2268
124.79.72.155 - - [13/Mar/2023:09:00:44 +0800] "POST /xingrg/all/common/load_tree.html?tree=area_rest_tree_json&manage=1 HTTP/1.1" 200 351
124.79.72.155 - - [13/Mar/2023:09:00:44 +0800] "GET /xingrg/all/function/internal_message.html?_=1678669249933&CODE_STATE=count HTTP/1.1" 200 11
124.79.72.155 - - [13/Mar/2023:09:00:44 +0800] "GET /xingrg/check_reg.html?_=1678669249934 HTTP/1.1" 200 22
124.79.72.155 - - [13/Mar/2023:09:00:45 +0800] "POST /xingrg/load_menu.html HTTP/1.1" 200 5138
124.77.245.38 - - [13/Mar/2023:09:00:47 +0800] "POST /xingrg/kc/buy/cgsh_order_operate.html HTTP/1.1" 302 -
124.79.72.155 - - [13/Mar/2023:09:00:47 +0800] "GET /xingrg/index.html?sysBaseUrl=http%3A%2F%2F180.169.147.146%3A18081%2Fxingrg%2F&costTime=54×tamp=1678669192900 HTTP/1.1" 200 17179
124.79.72.155 - - [13/Mar/2023:09:00:47 +0800] "POST /xingrg/all/common/load_tree.html?tree=area_rest_tree_json&manage=1 HTTP/1.1" 200 351
124.79.72.155 - - [13/Mar/2023:09:00:47 +0800] "GET /xingrg/all/function/internal_message.html?_=1678669252562&CODE_STATE=count HTTP/1.1" 200 11
124.79.72.155 - - [13/Mar/2023:09:00:47 +0800] "GET /xingrg/check_reg.html?_=1678669252563 HTTP/1.1" 200 22
124.79.72.155 - - [13/Mar/2023:09:00:47 +0800] "POST /xingrg/load_menu.html HTTP/1.1" 200 5138
124.79.72.155 - - [13/Mar/2023:09:00:48 +0800] "GET /xingrg/kc/base/base_main.html HTTP/1.1" 200 12142
120.253.135.82 - - [13/Mar/2023:09:00:49 +0800] "GET /xingrg/all/function/internal_message.html?_=1678669379294&CODE_STATE=getMsg HTTP/1.1" 200 27
124.79.72.155 - - [13/Mar/2023:09:00:49 +0800] "GET /xingrg/kc/base/check_order_list.html HTTP/1.1" 200 16223
120.253.135.82 - - [13/Mar/2023:09:00:50 +0800] "POST /xingrg/all/common/load_combo.html?type=base HTTP/1.1" 200 1169
180.169.147.146 - - [13/Mar/2023:09:00:50 +0800] "GET /xingrg/index.html?sysBaseUrl=http%3A%2F%2F180.169.147.146%3A18081%2Fxingrg%2F&costTime=39×tamp=1592034574635 HTTP/1.1" 302 -
180.169.147.146 - - [13/Mar/2023:09:00:50 +0800] "GET /xingrg/login.html HTTP/1.1" 200 7641
124.79.72.155 - - [13/Mar/2023:09:00:50 +0800] "POST /xingrg/kc/base/check_list_operate.html HTTP/1.1" 200 1566
180.169.147.146 - - [13/Mar/2023:09:00:50 +0800] "GET /favicon.ico HTTP/1.1" 404 -
180.169.147.146 - - [13/Mar/2023:09:00:51 +0800] "POST /xingrg/login.do HTTP/1.1" 302 -
180.169.147.146 - - [13/Mar/2023:09:00:51 +0800] "GET /xingrg/index.html?sysBaseUrl=http%3A%2F%2F180.169.147.146%3A18081%2Fxingrg%2F&costTime=43×tamp=1678669251449 HTTP/1.1" 200 17503
180.169.147.146 - - [13/Mar/2023:09:00:51 +0800] "GET /favicon.ico HTTP/1.1" 404 -
180.169.147.146 - - [13/Mar/2023:09:00:51 +0800] "POST /xingrg/all/common/load_tree.html?tree=area_rest_tree_json&manage=1 HTTP/1.1" 200 3499
180.169.147.146 - - [13/Mar/2023:09:00:51 +0800] "GET /xingrg/check_reg.html?_=1678669252090 HTTP/1.1" 200 22
180.169.147.146 - - [13/Mar/2023:09:00:51 +0800] "GET /xingrg/all/function/internal_message.html?_=1678669252089&CODE_STATE=count HTTP/1.1" 200 11
180.169.147.146 - - [13/Mar/2023:09:00:51 +0800] "POST /xingrg/load_menu.html HTTP/1.1" 200 11564
116.238.139.35 - - [13/Mar/2023:09:00:52 +0800] "GET /xingrg/all/function/internal_message.html?_=1678669253369&CODE_STATE=getMsg HTTP/1.1" 200 27
180.169.147.146 - - [13/Mar/2023:09:00:53 +0800] "GET /xingrg/kc/report/report_main.html HTTP/1.1" 200 8599
124.79.72.155 - - [13/Mar/2023:09:00:53 +0800] "GET /xingrg/kc/base/check_order_info.html?code=452023031200141 HTTP/1.1" 200 26480
124.79.72.155 - - [13/Mar/2023:09:00:53 +0800] "GET /xingrg/css/table.css HTTP/1.1" 200 3684
124.79.72.155 - - [13/Mar/2023:09:00:53 +0800] "GET /xingrg/dwr/interface/AjaxCheckService.js HTTP/1.1" 200 14003
124.79.72.155 - - [13/Mar/2023:09:00:53 +0800] "GET /xingrg/dwr/interface/AjaxComOrderService.js HTTP/1.1" 200 18264
124.79.72.155 - - [13/Mar/2023:09:00:53 +0800] "GET /xingrg/javascript/AjaxInfoList.js HTTP/1.1" 200 3774
124.79.72.155 - - [13/Mar/2023:09:00:53 +0800] "GET /xingrg/dwr/util.js HTTP/1.1" 200 35990
124.79.72.155 - - [13/Mar/2023:09:00:53 +0800] "GET /xingrg/dwr/engine.js HTTP/1.1" 200 43631
124.79.72.155 - - [13/Mar/2023:09:00:53 +0800] "GET /xingrg/javascript/jquery_easy_ui/themes/icons/cance_new.png HTTP/1.1" 200 3986
124.79.72.155 - - [13/Mar/2023:09:00:53 +0800] "GET /xingrg/javascript/jquery_easy_ui/themes/icons/check_new.png HTTP/1.1" 200 3224
124.79.72.155 - - [13/Mar/2023:09:00:54 +0800] "POST /xingrg/dwr/call/plaincall/AjaxCheckService.loadOrderItems.dwr HTTP/1.1" 200 28432
124.79.72.155 - - [13/Mar/2023:09:00:54 +0800] "GET /xingrg/javascript/jquery_easy_ui/themes/icons/no.png HTTP/1.1" 200 922
180.169.147.146 - - [13/Mar/2023:09:00:55 +0800] "GET /xingrg/all/report/report_query.html?fileName=kc/buy/gys_amount_base_rest.xml HTTP/1.1" 200 51664
180.169.147.146 - - [13/Mar/2023:09:00:55 +0800] "GET /xingrg/dwr/interface/AjaxReportQueryService.js HTTP/1.1" 200 13203
180.169.147.146 - - [13/Mar/2023:09:00:55 +0800] "GET /xingrg/dwr/engine.js HTTP/1.1" 200 43631
180.169.147.146 - - [13/Mar/2023:09:00:55 +0800] "GET /xingrg/dwr/util.js HTTP/1.1" 200 35990
116.238.139.35 - - [13/Mar/2023:09:00:55 +0800] "GET /xingrg/kc/buy/cgsh_order_operate.html?command=get_materiel&rest_code=00151&code=00101009053&supplier_code=00100022&order_time=2023-03-13 HTTP/1.1" 200 408
180.169.147.146 - - [13/Mar/2023:09:00:55 +0800] "POST /xingrg/dwr/call/plaincall/AjaxReportQueryService.getFixDate.dwr HTTP/1.1" 200 111
180.169.147.146 - - [13/Mar/2023:09:00:55 +0800] "POST /xingrg/all/common/load_tree.html?tree=area_rest_tree_json&manage=1 HTTP/1.1" 200 3499
180.169.147.146 - - [13/Mar/2023:09:00:55 +0800] "POST /xingrg/all/common/load_tree.html?tree=supplier_tree_json&manage=1 HTTP/1.1" 200 73018
120.253.135.82 - - [13/Mar/2023:09:00:56 +0800] "POST /xingrg/kc/pszx/mdps_order_operate.html HTTP/1.1" 200 37
120.253.135.82 - - [13/Mar/2023:09:00:58 +0800] "GET /xingrg/kc/pszx/mdps_order_info.html?code=312023031300326 HTTP/1.1" 200 23974
120.253.135.82 - - [13/Mar/2023:09:00:58 +0800] "GET /xingrg/javascript/easyui/themes/default/validatebox.css HTTP/1.1" 404 1104
120.253.135.82 - - [13/Mar/2023:09:00:58 +0800] "GET /xingrg/all/common/auto_word.html?type=base&rest_code=00101 HTTP/1.1" 200 671
120.253.135.82 - - [13/Mar/2023:09:00:58 +0800] "POST /xingrg/kc/pszx/mdps_order_operate.html HTTP/1.1" 200 2268
116.238.139.35 - - [13/Mar/2023:09:01:01 +0800] "GET /xingrg/kc/buy/cgsh_order_operate.html?command=get_materiel&rest_code=00151&code=00101009062&supplier_code=00100022&order_time=2023-03-13 HTTP/1.1" 200 412
116.224.106.218 - - [13/Mar/2023:09:01:03 +0800] "GET /xingrg/all/function/internal_message.html?_=1678669263167&CODE_STATE=getMsg HTTP/1.1" 302 -
124.77.245.38 - - [13/Mar/2023:09:01:03 +0800] "GET /xingrg/kc/buy/cgsh_order_operate.html?command=get_materiel&rest_code=00146&code=00101008350&supplier_code=00100005&order_time=2023-03-13 HTTP/1.1" 302 -
120.253.135.82 - - [13/Mar/2023:09:01:05 +0800] "POST /xingrg/kc/pszx/mdps_order_operate.html HTTP/1.1" 200 37
120.253.135.82 - - [13/Mar/2023:09:01:06 +0800] "GET /xingrg/kc/pszx/mdps_order_info.html?code=312023031300326 HTTP/1.1" 200 23974
120.253.135.82 - - [13/Mar/2023:09:01:06 +0800] "GET /xingrg/javascript/easyui/themes/default/validatebox.css HTTP/1.1" 404 1104
120.253.135.82 - - [13/Mar/2023:09:01:06 +0800] "GET /xingrg/all/common/auto_word.html?type=base&rest_code=00101 HTTP/1.1" 200 671
120.253.135.82 - - [13/Mar/2023:09:01:06 +0800] "POST /xingrg/kc/pszx/mdps_order_operate.html HTTP/1.1" 200 2268
116.192.124.172 - - [13/Mar/2023:09:01:06 +0800] "GET /xingrg/all/function/internal_message.html?_=1678669266968&CODE_STATE=getMsg HTTP/1.1" 302 -
120.253.135.82 - - [13/Mar/2023:09:01:07 +0800] "GET /xingrg/all/function/internal_message.html?_=1678669095290&CODE_STATE=getMsg HTTP/1.1" 200 27
120.253.135.82 - - [13/Mar/2023:09:01:09 +0800] "GET /xingrg/kc/pszx/mdps_order_add.html HTTP/1.1" 200 29101
120.253.135.82 - - [13/Mar/2023:09:01:09 +0800] "POST /xingrg/kc/pszx/mdps_order_operate.html HTTP/1.1" 200 7126
120.253.135.82 - - [13/Mar/2023:09:01:09 +0800] "GET /xingrg/javascript/easyui/themes/default/validatebox.css HTTP/1.1" 404 1104
120.253.135.82 - - [13/Mar/2023:09:01:09 +0800] "GET /xingrg/all/common/auto_word.html?type=base&rest_code=00101 HTTP/1.1" 200 671
116.192.124.172 - - [13/Mar/2023:09:01:09 +0800] "POST /xingrg/services/DataTransmitService HTTP/1.1" 200 524
116.238.139.35 - - [13/Mar/2023:09:01:10 +0800] "GET /xingrg/kc/buy/cgsh_order_operate.html?command=get_materiel&rest_code=00151&code=00101009039&supplier_code=00100022&order_time=2023-03-13 HTTP/1.1" 200 408
120.253.135.82 - - [13/Mar/2023:09:01:10 +0800] "POST /xingrg/all/common/load_combo.html?type=base HTTP/1.1" 200 1169
180.169.147.146 - - [13/Mar/2023:09:01:14 +0800] "POST /xingrg/dwr/call/plaincall/AjaxReportQueryService.refreshCache.dwr HTTP/1.1" 200 78
120.253.135.82 - - [13/Mar/2023:09:01:14 +0800] "GET /xingrg/javascript/easyui/themes/default/tree.css HTTP/1.1" 404 1090
120.253.135.82 - - [13/Mar/2023:09:01:14 +0800] "POST /xingrg/all/common/load_tree.html?tree=area_rest_tree_json&only_rest=1 HTTP/1.1" 200 3378
116.225.84.253 - - [13/Mar/2023:09:01:16 +0800] "GET /xingrg/all/function/internal_message.html?_=1678669120445&CODE_STATE=getMsg HTTP/1.1" 302 -
180.169.147.146 - - [13/Mar/2023:09:01:16 +0800] "POST /xingrg/all/report/load_report_page.html HTTP/1.1" 200 51821
180.169.147.146 - - [13/Mar/2023:09:01:16 +0800] "GET /xingrg/servlets/image?cache=0.03793228532132731&image=px HTTP/1.1" 200 807
116.238.139.35 - - [13/Mar/2023:09:01:20 +0800] "GET /xingrg/kc/buy/cgsh_order_operate.html?command=get_materiel&rest_code=00151&code=00101009045&supplier_code=00100022&order_time=2023-03-13 HTTP/1.1" 200 412
120.253.135.82 - - [13/Mar/2023:09:01:25 +0800] "GET /xingrg/kc/pszx/mdps_order_operate.html?command=get_materiel&pszx_code=00101&rest_code=00103&base_code=0010246&code=00101013223 HTTP/1.1" 200 419
116.238.139.35 - - [13/Mar/2023:09:01:26 +0800] "GET /xingrg/check_reg.html?_=1678669218874 HTTP/1.1" 302 -
124.77.245.38 - - [13/Mar/2023:09:01:27 +0800] "GET /xingrg/login.html HTTP/1.1" 200 7641
124.77.245.38 - - [13/Mar/2023:09:01:27 +0800] "GET /favicon.ico HTTP/1.1" 404 -
124.77.245.38 - - [13/Mar/2023:09:01:28 +0800] "POST /xingrg/login.do HTTP/1.1" 302 -
124.77.245.38 - - [13/Mar/2023:09:01:28 +0800] "GET /xingrg/index.html?sysBaseUrl=http%3A%2F%2F180.169.147.146%3A18081%2Fxingrg%2F&costTime=44×tamp=1678669288969 HTTP/1.1" 200 17179
124.77.245.38 - - [13/Mar/2023:09:01:29 +0800] "GET /xingrg/javascript/jquery-1.4.2.min.js HTTP/1.1" 304 -
124.77.245.38 - - [13/Mar/2023:09:01:29 +0800] "GET /xingrg/javascript/jquery_easy_ui/themes/icon.css HTTP/1.1" 304 -
124.77.245.38 - - [13/Mar/2023:09:01:29 +0800] "GET /xingrg/javascript/jquery_easy_ui/jquery.easyui.min.js HTTP/1.1" 304 -
124.77.245.38 - - [13/Mar/2023:09:01:29 +0800] "GET /xingrg/css/form.css HTTP/1.1" 304 -
124.77.245.38 - - [13/Mar/2023:09:01:29 +0800] "GET /xingrg/javascript/jquery_easy_ui/themes/default/easyui.css HTTP/1.1" 304 -
124.77.245.38 - - [13/Mar/2023:09:01:29 +0800] "GET /xingrg/javascript/jquery_easy_ui/easyui-lang-zh_CN.js HTTP/1.1" 304 -
124.77.245.38 - - [13/Mar/2023:09:01:29 +0800] "GET /xingrg/javascript/jquery.form.js HTTP/1.1" 304 -
124.77.245.38 - - [13/Mar/2023:09:01:29 +0800] "GET /xingrg/javascript/jquery.timers.js HTTP/1.1" 304 -
124.77.245.38 - - [13/Mar/2023:09:01:29 +0800] "GET /xingrg/javascript/jquery.utils.js HTTP/1.1" 304 -
124.77.245.38 - - [13/Mar/2023:09:01:29 +0800] "GET /favicon.ico HTTP/1.1" 404 -
124.77.245.38 - - [13/Mar/2023:09:01:29 +0800] "POST /xingrg/all/common/load_tree.html?tree=area_rest_tree_json&manage=1 HTTP/1.1" 200 479
