124.77.245.38 - - [13/Mar/2023:07:40:41 +0800] "GET /xingrg/all/function/internal_message.html?_=1678664442712&CODE_STATE=getMsg HTTP/1.1" 200 27
116.192.124.172 - - [13/Mar/2023:07:40:43 +0800] "GET /xingrg/check_reg.html?_=1678664443357 HTTP/1.1" 200 22
116.192.124.172 - - [13/Mar/2023:07:40:43 +0800] "GET /xingrg/all/function/internal_message.html?_=1678664443361&CODE_STATE=getMsg HTTP/1.1" 200 27
120.253.135.82 - - [13/Mar/2023:07:40:59 +0800] "GET /xingrg/login.html HTTP/1.1" 200 7641
120.253.135.82 - - [13/Mar/2023:07:41:00 +0800] "GET /favicon.ico HTTP/1.1" 404 -
116.224.106.218 - - [13/Mar/2023:07:41:03 +0800] "GET /xingrg/all/function/internal_message.html?_=1678664463099&CODE_STATE=getMsg HTTP/1.1" 302 -
120.253.135.82 - - [13/Mar/2023:07:41:04 +0800] "POST /xingrg/login.do HTTP/1.1" 302 -
120.253.135.82 - - [13/Mar/2023:07:41:04 +0800] "GET /xingrg/index.html?sysBaseUrl=http%3A%2F%2F180.169.147.146%3A18081%2Fxingrg%2F&costTime=780×tamp=1678664464613 HTTP/1.1" 200 17173
120.253.135.82 - - [13/Mar/2023:07:41:04 +0800] "GET /xingrg/javascript/jquery_easy_ui/themes/default/easyui.css HTTP/1.1" 304 -
120.253.135.82 - - [13/Mar/2023:07:41:04 +0800] "GET /xingrg/javascript/jquery-1.4.2.min.js HTTP/1.1" 304 -
120.253.135.82 - - [13/Mar/2023:07:41:04 +0800] "GET /xingrg/javascript/jquery_easy_ui/themes/icon.css HTTP/1.1" 304 -
120.253.135.82 - - [13/Mar/2023:07:41:04 +0800] "GET /xingrg/javascript/jquery.utils.js HTTP/1.1" 304 -
120.253.135.82 - - [13/Mar/2023:07:41:04 +0800] "GET /xingrg/css/form.css HTTP/1.1" 304 -
120.253.135.82 - - [13/Mar/2023:07:41:04 +0800] "GET /xingrg/javascript/jquery_easy_ui/easyui-lang-zh_CN.js HTTP/1.1" 304 -
120.253.135.82 - - [13/Mar/2023:07:41:04 +0800] "GET /xingrg/javascript/jquery_easy_ui/jquery.easyui.min.js HTTP/1.1" 304 -
120.253.135.82 - - [13/Mar/2023:07:41:04 +0800] "GET /xingrg/javascript/jquery.timers.js HTTP/1.1" 304 -
120.253.135.82 - - [13/Mar/2023:07:41:04 +0800] "GET /xingrg/javascript/jquery.form.js HTTP/1.1" 304 -
120.253.135.82 - - [13/Mar/2023:07:41:04 +0800] "GET /favicon.ico HTTP/1.1" 404 -
120.253.135.82 - - [13/Mar/2023:07:41:05 +0800] "POST /xingrg/all/common/load_tree.html?tree=area_rest_tree_json&manage=1 HTTP/1.1" 200 344
120.253.135.82 - - [13/Mar/2023:07:41:05 +0800] "GET /xingrg/check_reg.html?_=1678664293167 HTTP/1.1" 200 22
120.253.135.82 - - [13/Mar/2023:07:41:05 +0800] "GET /xingrg/all/function/internal_message.html?_=1678664293166&CODE_STATE=count HTTP/1.1" 200 11
120.253.135.82 - - [13/Mar/2023:07:41:05 +0800] "POST /xingrg/load_menu.html HTTP/1.1" 200 6743
120.253.135.82 - - [13/Mar/2023:07:41:13 +0800] "GET /xingrg/kc/buy/cgth_order_list.html HTTP/1.1" 200 53582
120.253.135.82 - - [13/Mar/2023:07:41:13 +0800] "GET /xingrg/css/base.css HTTP/1.1" 304 -
120.253.135.82 - - [13/Mar/2023:07:41:13 +0800] "GET /xingrg/javascript/jquery_tools/datebox.css HTTP/1.1" 304 -
120.253.135.82 - - [13/Mar/2023:07:41:13 +0800] "GET /xingrg/css/site.css HTTP/1.1" 304 -
120.253.135.82 - - [13/Mar/2023:07:41:13 +0800] "GET /xingrg/javascript/easyui/themes/default/easyui.css HTTP/1.1" 304 -
120.253.135.82 - - [13/Mar/2023:07:41:13 +0800] "GET /xingrg/javascript/auto/jquery.autocomplete.css HTTP/1.1" 304 -
120.253.135.82 - - [13/Mar/2023:07:41:13 +0800] "GET /xingrg/javascript/easyui/themes/icon.css HTTP/1.1" 304 -
120.253.135.82 - - [13/Mar/2023:07:41:13 +0800] "GET /xingrg/javascript/jquery_tools/jquery.tools.extend.js HTTP/1.1" 304 -
120.253.135.82 - - [13/Mar/2023:07:41:13 +0800] "GET /xingrg/javascript/jquery_tools/fix.css HTTP/1.1" 304 -
120.253.135.82 - - [13/Mar/2023:07:41:13 +0800] "GET /xingrg/javascript/jquery_tools/table.css HTTP/1.1" 304 -
120.253.135.82 - - [13/Mar/2023:07:41:13 +0800] "GET /xingrg/javascript/jquery_tools/list_manager.js HTTP/1.1" 304 -
120.253.135.82 - - [13/Mar/2023:07:41:13 +0800] "GET /xingrg/javascript/jquery_tools/jquery.tools.hotkey.js HTTP/1.1" 304 -
120.253.135.82 - - [13/Mar/2023:07:41:13 +0800] "GET /xingrg/javascript/jquery.cookie.js HTTP/1.1" 304 -
120.253.135.82 - - [13/Mar/2023:07:41:13 +0800] "GET /xingrg/javascript/auto/jquery.autocomplete.js HTTP/1.1" 304 -
120.253.135.82 - - [13/Mar/2023:07:41:13 +0800] "GET /xingrg/javascript/jquery_tools/jquery.tools.min.js HTTP/1.1" 304 -
120.253.135.82 - - [13/Mar/2023:07:41:13 +0800] "GET /xingrg/javascript/jquery_tools/jquery.tools.table.js HTTP/1.1" 304 -
120.253.135.82 - - [13/Mar/2023:07:41:13 +0800] "GET /xingrg/javascript/easyui/easyloader.js HTTP/1.1" 304 -
120.253.135.82 - - [13/Mar/2023:07:41:13 +0800] "GET /xingrg/javascript/print/LodopFuncs.js HTTP/1.1" 304 -
120.253.135.82 - - [13/Mar/2023:07:41:14 +0800] "GET /xingrg/javascript/easyui/plugins/jquery.parser.js HTTP/1.1" 304 -
120.253.135.82 - - [13/Mar/2023:07:41:15 +0800] "POST /xingrg/kc/buy/cgth_list_operate.html HTTP/1.1" 200 1920
120.253.135.82 - - [13/Mar/2023:07:41:21 +0800] "POST /xingrg/kc/buy/cgth_list_operate.html HTTP/1.1" 200 204
120.253.135.82 - - [13/Mar/2023:07:41:23 +0800] "GET /xingrg/kc/buy/cgth_order_info.html?code=232023031200006 HTTP/1.1" 200 71380
120.253.135.82 - - [13/Mar/2023:07:41:23 +0800] "GET /xingrg/css/blue.css HTTP/1.1" 304 -
120.253.135.82 - - [13/Mar/2023:07:41:23 +0800] "GET /xingrg/javascript/tools/jquery.qtip-1.0.0-rc3.min.js HTTP/1.1" 304 -
120.253.135.82 - - [13/Mar/2023:07:41:23 +0800] "GET /xingrg/javascript/pic_change.js HTTP/1.1" 304 -
120.253.135.82 - - [13/Mar/2023:07:41:23 +0800] "GET /xingrg/dwr/interface/AjaxComOrderService.js HTTP/1.1" 200 18264
120.253.135.82 - - [13/Mar/2023:07:41:23 +0800] "GET /xingrg/dwr/util.js HTTP/1.1" 304 -
120.253.135.82 - - [13/Mar/2023:07:41:23 +0800] "GET /xingrg/javascript/Calendar.js HTTP/1.1" 304 -
120.253.135.82 - - [13/Mar/2023:07:41:23 +0800] "GET /xingrg/javascript/myfunction.js HTTP/1.1" 304 -
120.253.135.82 - - [13/Mar/2023:07:41:23 +0800] "GET /xingrg/dwr/engine.js HTTP/1.1" 200 43631
120.253.135.82 - - [13/Mar/2023:07:41:23 +0800] "GET /xingrg/javascript/AjaxInfoList.js HTTP/1.1" 304 -
120.253.135.82 - - [13/Mar/2023:07:41:23 +0800] "GET /xingrg/javascript/Grid.js HTTP/1.1" 304 -
120.253.135.82 - - [13/Mar/2023:07:41:23 +0800] "GET /xingrg/dwr/interface/AjaxCgthService.js HTTP/1.1" 200 14519
120.253.135.82 - - [13/Mar/2023:07:41:23 +0800] "GET /xingrg/javascript/convert.js HTTP/1.1" 304 -
120.253.135.82 - - [13/Mar/2023:07:41:23 +0800] "GET /xingrg/javascript/ToolTips.js HTTP/1.1" 304 -
120.253.135.82 - - [13/Mar/2023:07:41:23 +0800] "GET /xingrg/javascript/print/kc_print.js HTTP/1.1" 304 -
120.253.135.82 - - [13/Mar/2023:07:41:23 +0800] "GET /xingrg/javascript/jquery_easy_ui/themes/icons/edit_add_new.png HTTP/1.1" 304 -
120.253.135.82 - - [13/Mar/2023:07:41:23 +0800] "GET /xingrg/javascript/jquery_easy_ui/themes/icons/ok.png HTTP/1.1" 304 -
120.253.135.82 - - [13/Mar/2023:07:41:23 +0800] "GET /xingrg/javascript/jquery_easy_ui/themes/icons/cance_new.png HTTP/1.1" 304 -
120.253.135.82 - - [13/Mar/2023:07:41:23 +0800] "GET /xingrg/images/blue/button/kc_tab_add.gif HTTP/1.1" 304 -
120.253.135.82 - - [13/Mar/2023:07:41:23 +0800] "GET /xingrg/images/blue/button/kc_tab_del.gif HTTP/1.1" 304 -
120.253.135.82 - - [13/Mar/2023:07:41:24 +0800] "POST /xingrg/all/common/load_tree.html?tree=supplier_tree_json&isDelete=1 HTTP/1.1" 200 71093
120.253.135.82 - - [13/Mar/2023:07:41:25 +0800] "POST /xingrg/dwr/call/plaincall/AjaxCgthService.loadMaterielItems.dwr HTTP/1.1" 200 856
116.238.139.35 - - [13/Mar/2023:07:41:26 +0800] "GET /xingrg/check_reg.html?_=1678664418377 HTTP/1.1" 302 -
120.253.135.82 - - [13/Mar/2023:07:41:34 +0800] "POST /xingrg/dwr/call/plaincall/AjaxCgthService.checkOrder.dwr HTTP/1.1" 200 78
120.253.135.82 - - [13/Mar/2023:07:41:36 +0800] "GET /xingrg/kc/buy/cgth_order_info.html?code=232023031200006&part=buyck HTTP/1.1" 200 69126
120.253.135.82 - - [13/Mar/2023:07:41:36 +0800] "GET /xingrg/dwr/interface/AjaxCgthService.js HTTP/1.1" 200 14519
120.253.135.82 - - [13/Mar/2023:07:41:36 +0800] "GET /xingrg/dwr/interface/AjaxComOrderService.js HTTP/1.1" 200 18264
120.253.135.82 - - [13/Mar/2023:07:41:36 +0800] "GET /xingrg/dwr/engine.js HTTP/1.1" 200 43631
120.253.135.82 - - [13/Mar/2023:07:41:38 +0800] "POST /xingrg/all/common/load_tree.html?tree=supplier_tree_json&isDelete=1 HTTP/1.1" 200 71093
120.253.135.82 - - [13/Mar/2023:07:41:39 +0800] "POST /xingrg/dwr/call/plaincall/AjaxCgthService.loadMaterielItems.dwr HTTP/1.1" 200 768
124.77.245.38 - - [13/Mar/2023:07:41:41 +0800] "GET /xingrg/all/function/internal_message.html?_=1678664502726&CODE_STATE=getMsg HTTP/1.1" 200 27
116.192.124.172 - - [13/Mar/2023:07:41:43 +0800] "GET /xingrg/all/function/internal_message.html?_=1678664503356&CODE_STATE=getMsg HTTP/1.1" 200 27
116.224.106.218 - - [13/Mar/2023:07:42:03 +0800] "GET /xingrg/all/function/internal_message.html?_=1678664523099&CODE_STATE=getMsg HTTP/1.1" 302 -
120.253.135.82 - - [13/Mar/2023:07:42:05 +0800] "GET /xingrg/all/function/internal_message.html?_=1678664353171&CODE_STATE=getMsg HTTP/1.1" 200 27
120.253.135.82 - - [13/Mar/2023:07:42:15 +0800] "GET /xingrg/kc/buy/cgth_order_list.html?isBack=1 HTTP/1.1" 200 53582
120.253.135.82 - - [13/Mar/2023:07:42:16 +0800] "POST /xingrg/kc/buy/cgth_list_operate.html HTTP/1.1" 200 1035
120.253.135.82 - - [13/Mar/2023:07:42:22 +0800] "GET /xingrg/kc/base/wldb_order_list.html HTTP/1.1" 200 19098
120.253.135.82 - - [13/Mar/2023:07:42:23 +0800] "POST /xingrg/kc/base/wldb_list_operate.html HTTP/1.1" 200 1782
120.253.135.82 - - [13/Mar/2023:07:42:25 +0800] "POST /xingrg/kc/base/wldb_list_operate.html HTTP/1.1" 200 356
120.253.135.82 - - [13/Mar/2023:07:42:26 +0800] "GET /xingrg/kc/base/wldb_order_info.html?code=422023031201020 HTTP/1.1" 200 30402
120.253.135.82 - - [13/Mar/2023:07:42:26 +0800] "GET /xingrg/javascript/jquery_tools/order_manager.js HTTP/1.1" 304 -
120.253.135.82 - - [13/Mar/2023:07:42:26 +0800] "GET /xingrg/javascript/json2.js HTTP/1.1" 304 -
120.253.135.82 - - [13/Mar/2023:07:42:26 +0800] "GET /xingrg/words/20230312004807_words.js HTTP/1.1" 304 -
120.253.135.82 - - [13/Mar/2023:07:42:27 +0800] "GET /xingrg/all/common/auto_word.html?type=base&rest_code=00101 HTTP/1.1" 200 671
120.253.135.82 - - [13/Mar/2023:07:42:27 +0800] "GET /xingrg/all/common/auto_word.html?type=base&rest_code=00101 HTTP/1.1" 200 671
120.253.135.82 - - [13/Mar/2023:07:42:27 +0800] "GET /xingrg/javascript/easyui/plugins/jquery.validatebox.js HTTP/1.1" 304 -
120.253.135.82 - - [13/Mar/2023:07:42:27 +0800] "GET /xingrg/javascript/easyui/themes/default/validatebox.css HTTP/1.1" 404 1104
120.253.135.82 - - [13/Mar/2023:07:42:27 +0800] "GET /xingrg/javascript/easyui/plugins/jquery.numberbox.js HTTP/1.1" 304 -
120.253.135.82 - - [13/Mar/2023:07:42:27 +0800] "POST /xingrg/kc/base/wldb_order_operate.html HTTP/1.1" 200 3153
120.253.135.82 - - [13/Mar/2023:07:42:35 +0800] "POST /xingrg/kc/base/wldb_order_operate.html HTTP/1.1" 200 37
120.253.135.82 - - [13/Mar/2023:07:42:35 +0800] "POST /xingrg/kc/base/wldb_order_operate.html HTTP/1.1" 200 3153
120.253.135.82 - - [13/Mar/2023:07:42:36 +0800] "GET /xingrg/kc/base/wldb_order_info.html?code=422023031201020 HTTP/1.1" 200 30402
120.253.135.82 - - [13/Mar/2023:07:42:37 +0800] "GET /xingrg/javascript/easyui/themes/default/validatebox.css HTTP/1.1" 404 1104
124.77.245.38 - - [13/Mar/2023:07:42:37 +0800] "GET /xingrg/check_reg.html?_=1678664558515 HTTP/1.1" 200 22
120.253.135.82 - - [13/Mar/2023:07:42:37 +0800] "POST /xingrg/kc/base/wldb_order_operate.html HTTP/1.1" 200 3153
180.157.253.110 - - [13/Mar/2023:07:42:39 +0800] "POST /xingrg/services/DataTransmitService HTTP/1.1" 200 524
124.77.245.38 - - [13/Mar/2023:07:42:41 +0800] "GET /xingrg/all/function/internal_message.html?_=1678664562738&CODE_STATE=getMsg HTTP/1.1" 200 27
120.253.135.82 - - [13/Mar/2023:07:42:41 +0800] "POST /xingrg/kc/base/wldb_order_operate.html HTTP/1.1" 200 37
116.192.124.172 - - [13/Mar/2023:07:42:43 +0800] "GET /xingrg/all/function/internal_message.html?_=1678664563346&CODE_STATE=getMsg HTTP/1.1" 200 27
120.253.135.82 - - [13/Mar/2023:07:42:47 +0800] "POST /xingrg/kc/base/wldb_order_operate.html HTTP/1.1" 200 12
120.253.135.82 - - [13/Mar/2023:07:42:47 +0800] "POST /xingrg/kc/base/wldb_order_operate.html HTTP/1.1" 200 3152
120.253.135.82 - - [13/Mar/2023:07:43:02 +0800] "GET /xingrg/kc/base/wldb_order_info.html?code=422023031201020 HTTP/1.1" 200 26266
120.253.135.82 - - [13/Mar/2023:07:43:02 +0800] "GET /xingrg/javascript/easyui/themes/default/validatebox.css HTTP/1.1" 404 1104
120.253.135.82 - - [13/Mar/2023:07:43:02 +0800] "POST /xingrg/kc/base/wldb_order_operate.html HTTP/1.1" 200 1423
116.224.106.218 - - [13/Mar/2023:07:43:03 +0800] "GET /xingrg/all/function/internal_message.html?_=1678664583099&CODE_STATE=getMsg HTTP/1.1" 302 -
120.253.135.82 - - [13/Mar/2023:07:43:06 +0800] "GET /xingrg/all/function/internal_message.html?_=1678664413943&CODE_STATE=getMsg HTTP/1.1" 200 27
120.253.135.82 - - [13/Mar/2023:07:43:07 +0800] "POST /xingrg/kc/base/wldb_list_operate.html HTTP/1.1" 200 928
120.253.135.82 - - [13/Mar/2023:07:43:11 +0800] "GET /xingrg/kc/buy/cgsh_order_list.html HTTP/1.1" 200 54179
120.253.135.82 - - [13/Mar/2023:07:43:15 +0800] "POST /xingrg/kc/buy/cgsh_list_operate.html HTTP/1.1" 200 1844
120.253.135.82 - - [13/Mar/2023:07:43:17 +0800] "POST /xingrg/kc/buy/cgsh_list_operate.html HTTP/1.1" 200 203
120.253.135.82 - - [13/Mar/2023:07:43:19 +0800] "GET /xingrg/kc/buy/cgsh_order_info.html?code=212023031204628 HTTP/1.1" 200 69021
120.253.135.82 - - [13/Mar/2023:07:43:20 +0800] "GET /xingrg/javascript/easyui/themes/default/validatebox.css HTTP/1.1" 404 1104
120.253.135.82 - - [13/Mar/2023:07:43:20 +0800] "GET /xingrg/all/common/auto_word.html?type=employee&rest_code=00101 HTTP/1.1" 200 927
120.253.135.82 - - [13/Mar/2023:07:43:20 +0800] "GET /xingrg/all/common/auto_word.html?type=employee&rest_code=00101 HTTP/1.1" 200 927
120.253.135.82 - - [13/Mar/2023:07:43:20 +0800] "POST /xingrg/kc/buy/cgsh_order_operate.html HTTP/1.1" 200 2667
120.253.135.82 - - [13/Mar/2023:07:43:27 +0800] "POST /xingrg/kc/buy/cgsh_order_operate.html HTTP/1.1" 200 37
124.77.245.38 - - [13/Mar/2023:07:43:41 +0800] "GET /xingrg/all/function/internal_message.html?_=1678664622752&CODE_STATE=getMsg HTTP/1.1" 200 27
116.192.124.172 - - [13/Mar/2023:07:43:43 +0800] "GET /xingrg/all/function/internal_message.html?_=1678664623352&CODE_STATE=getMsg HTTP/1.1" 200 27
222.70.182.154 - - [13/Mar/2023:07:43:45 +0800] "POST /xingrg/services/DataTransmitService HTTP/1.1" 200 524
120.253.135.82 - - [13/Mar/2023:07:43:46 +0800] "POST /xingrg/kc/buy/cgsh_order_operate.html HTTP/1.1" 200 12
120.253.135.82 - - [13/Mar/2023:07:43:49 +0800] "GET /xingrg/kc/buy/cgsh_order_info.html?code=212023031204628 HTTP/1.1" 200 63915
120.253.135.82 - - [13/Mar/2023:07:43:49 +0800] "GET /xingrg/javascript/easyui/themes/default/validatebox.css HTTP/1.1" 404 1104
120.253.135.82 - - [13/Mar/2023:07:43:50 +0800] "POST /xingrg/kc/buy/cgsh_order_operate.html HTTP/1.1" 200 617
120.253.135.82 - - [13/Mar/2023:07:43:54 +0800] "GET /xingrg/kc/buy/cgsh_order_info.html?code=212023031204628 HTTP/1.1" 200 63915
120.253.135.82 - - [13/Mar/2023:07:43:55 +0800] "GET /xingrg/javascript/easyui/themes/default/validatebox.css HTTP/1.1" 404 1104
120.253.135.82 - - [13/Mar/2023:07:43:55 +0800] "POST /xingrg/kc/buy/cgsh_order_operate.html HTTP/1.1" 200 617
58.221.95.50 - - [13/Mar/2023:07:43:57 +0800] "GET /xingrg/check_reg.html?_=1678664637665 HTTP/1.1" 302 -
116.224.106.218 - - [13/Mar/2023:07:44:03 +0800] "GET /xingrg/all/function/internal_message.html?_=1678664643100&CODE_STATE=getMsg HTTP/1.1" 302 -
120.253.135.82 - - [13/Mar/2023:07:44:06 +0800] "GET /xingrg/all/function/internal_message.html?_=1678664473947&CODE_STATE=getMsg HTTP/1.1" 200 27
180.164.3.199 - - [13/Mar/2023:07:44:21 +0800] "POST /xingrg/services/DataTransmitService HTTP/1.1" 200 524
120.253.135.82 - - [13/Mar/2023:07:44:31 +0800] "POST /xingrg/kc/buy/cgsh_list_operate.html HTTP/1.1" 200 986
120.253.135.82 - - [13/Mar/2023:07:44:37 +0800] "POST /xingrg/kc/buy/cgsh_list_operate.html HTTP/1.1" 200 986
120.253.135.82 - - [13/Mar/2023:07:44:37 +0800] "POST /xingrg/kc/buy/cgsh_list_operate.html HTTP/1.1" 200 986
124.77.245.38 - - [13/Mar/2023:07:44:41 +0800] "GET /xingrg/all/function/internal_message.html?_=1678664682770&CODE_STATE=getMsg HTTP/1.1" 200 27
116.192.124.172 - - [13/Mar/2023:07:44:43 +0800] "GET /xingrg/all/function/internal_message.html?_=1678664683341&CODE_STATE=getMsg HTTP/1.1" 200 27
120.253.135.82 - - [13/Mar/2023:07:44:45 +0800] "GET /xingrg/kc/pszx/mdqp_order_list.html?state=10 HTTP/1.1" 200 10275
120.253.135.82 - - [13/Mar/2023:07:44:45 +0800] "GET /xingrg/dwr/interface/AjaxQqpsService.js HTTP/1.1" 200 16326
120.253.135.82 - - [13/Mar/2023:07:44:45 +0800] "GET /xingrg/dwr/interface/AjaxReportQueryService.js HTTP/1.1" 200 13203
120.253.135.82 - - [13/Mar/2023:07:44:45 +0800] "GET /xingrg/dwr/engine.js HTTP/1.1" 200 43631
120.253.135.82 - - [13/Mar/2023:07:44:47 +0800] "GET /xingrg/kc/pszx/mdps_order_list.html?orderType=0 HTTP/1.1" 200 21032
120.253.135.82 - - [13/Mar/2023:07:44:47 +0800] "POST /xingrg/kc/pszx/mdps_list_operate.html HTTP/1.1" 200 5518
120.253.135.82 - - [13/Mar/2023:07:44:49 +0800] "GET /xingrg/javascript/auto/indicator.gif HTTP/1.1" 404 1066
120.253.135.82 - - [13/Mar/2023:07:44:57 +0800] "POST /xingrg/kc/pszx/mdps_list_operate.html HTTP/1.1" 200 2815
120.253.135.82 - - [13/Mar/2023:07:44:59 +0800] "POST /xingrg/kc/pszx/mdps_list_operate.html HTTP/1.1" 200 202
120.253.135.82 - - [13/Mar/2023:07:45:00 +0800] "GET /xingrg/kc/pszx/mdps_order_info.html?code=312023031200306 HTTP/1.1" 200 23984
120.253.135.82 - - [13/Mar/2023:07:45:01 +0800] "GET /xingrg/javascript/easyui/themes/default/validatebox.css HTTP/1.1" 404 1104
120.253.135.82 - - [13/Mar/2023:07:45:01 +0800] "POST /xingrg/kc/pszx/mdps_order_operate.html HTTP/1.1" 200 2277
116.224.106.218 - - [13/Mar/2023:07:45:03 +0800] "GET /xingrg/all/function/internal_message.html?_=1678664703099&CODE_STATE=getMsg HTTP/1.1" 302 -
116.224.106.218 - - [13/Mar/2023:07:45:03 +0800] "GET /xingrg/check_reg.html?_=1678664703102 HTTP/1.1" 302 -
120.253.135.82 - - [13/Mar/2023:07:45:06 +0800] "GET /xingrg/all/function/internal_message.html?_=1678664533961&CODE_STATE=getMsg HTTP/1.1" 200 27
120.253.135.82 - - [13/Mar/2023:07:45:07 +0800] "POST /xingrg/kc/pszx/mdps_list_operate.html HTTP/1.1" 200 215
120.253.135.82 - - [13/Mar/2023:07:45:09 +0800] "POST /xingrg/kc/pszx/mdps_list_operate.html HTTP/1.1" 200 353
120.253.135.82 - - [13/Mar/2023:07:45:19 +0800] "POST /xingrg/kc/pszx/mdps_list_operate.html HTTP/1.1" 200 361
120.253.135.82 - - [13/Mar/2023:07:45:26 +0800] "POST /xingrg/kc/pszx/mdps_list_operate.html HTTP/1.1" 200 2425
120.253.135.82 - - [13/Mar/2023:07:45:29 +0800] "POST /xingrg/kc/pszx/mdps_list_operate.html HTTP/1.1" 200 202
120.253.135.82 - - [13/Mar/2023:07:45:33 +0800] "POST /xingrg/kc/pszx/mdps_list_operate.html HTTP/1.1" 200 204
120.253.135.82 - - [13/Mar/2023:07:45:35 +0800] "GET /xingrg/kc/pszx/mdps_order_info.html?code=312023031200301 HTTP/1.1" 200 23978
120.253.135.82 - - [13/Mar/2023:07:45:36 +0800] "GET /xingrg/javascript/easyui/themes/default/validatebox.css HTTP/1.1" 404 1104
120.253.135.82 - - [13/Mar/2023:07:45:36 +0800] "POST /xingrg/kc/pszx/mdps_order_operate.html HTTP/1.1" 200 2277
120.253.135.82 - - [13/Mar/2023:07:45:37 +0800] "GET /xingrg/javascript/jquery_tools/images/prev.gif HTTP/1.1" 404 1086
120.253.135.82 - - [13/Mar/2023:07:45:37 +0800] "GET /xingrg/javascript/jquery_tools/images/next.gif HTTP/1.1" 404 1086
124.77.245.38 - - [13/Mar/2023:07:45:41 +0800] "GET /xingrg/all/function/internal_message.html?_=1678664742781&CODE_STATE=getMsg HTTP/1.1" 200 27
120.253.135.82 - - [13/Mar/2023:07:45:42 +0800] "POST /xingrg/kc/pszx/mdps_order_operate.html HTTP/1.1" 200 37
116.192.124.172 - - [13/Mar/2023:07:45:43 +0800] "GET /xingrg/all/function/internal_message.html?_=1678664743350&CODE_STATE=getMsg HTTP/1.1" 200 27
116.192.124.172 - - [13/Mar/2023:07:45:43 +0800] "GET /xingrg/check_reg.html?_=1678664743354 HTTP/1.1" 200 22
120.253.135.82 - - [13/Mar/2023:07:45:44 +0800] "GET /xingrg/kc/pszx/mdps_order_info.html?code=312023031200301 HTTP/1.1" 200 23978
120.253.135.82 - - [13/Mar/2023:07:45:44 +0800] "GET /xingrg/javascript/easyui/themes/default/validatebox.css HTTP/1.1" 404 1104
120.253.135.82 - - [13/Mar/2023:07:45:44 +0800] "POST /xingrg/kc/pszx/mdps_order_operate.html HTTP/1.1" 200 2277
120.253.135.82 - - [13/Mar/2023:07:45:46 +0800] "POST /xingrg/kc/pszx/mdps_list_operate.html HTTP/1.1" 200 2425
120.253.135.82 - - [13/Mar/2023:07:46:00 +0800] "POST /xingrg/kc/pszx/mdps_list_operate.html HTTP/1.1" 200 233
120.253.135.82 - - [13/Mar/2023:07:46:02 +0800] "POST /xingrg/kc/pszx/mdps_list_operate.html HTTP/1.1" 200 202
116.224.106.218 - - [13/Mar/2023:07:46:03 +0800] "GET /xingrg/all/function/internal_message.html?_=1678664763112&CODE_STATE=getMsg HTTP/1.1" 302 -
120.253.135.82 - - [13/Mar/2023:07:46:05 +0800] "GET /xingrg/check_reg.html?_=1678664593163 HTTP/1.1" 200 22
120.253.135.82 - - [13/Mar/2023:07:46:06 +0800] "GET /xingrg/all/function/internal_message.html?_=1678664593975&CODE_STATE=getMsg HTTP/1.1" 200 27
120.253.135.82 - - [13/Mar/2023:07:46:15 +0800] "POST /xingrg/kc/pszx/mdps_list_operate.html HTTP/1.1" 200 4672
120.253.135.82 - - [13/Mar/2023:07:46:17 +0800] "POST /xingrg/kc/pszx/mdps_list_operate.html HTTP/1.1" 200 203
120.253.135.82 - - [13/Mar/2023:07:46:19 +0800] "GET /xingrg/kc/pszx/mdps_order_info.html?code=312023031200307 HTTP/1.1" 200 23984
120.253.135.82 - - [13/Mar/2023:07:46:19 +0800] "GET /xingrg/javascript/easyui/themes/default/validatebox.css HTTP/1.1" 404 1104
120.253.135.82 - - [13/Mar/2023:07:46:19 +0800] "POST /xingrg/kc/pszx/mdps_order_operate.html HTTP/1.1" 200 2278
120.253.135.82 - - [13/Mar/2023:07:46:21 +0800] "POST /xingrg/kc/pszx/mdps_list_operate.html HTTP/1.1" 200 4672
116.238.139.35 - - [13/Mar/2023:07:46:26 +0800] "GET /xingrg/check_reg.html?_=1678664718401 HTTP/1.1" 302 -
120.253.135.82 - - [13/Mar/2023:07:46:30 +0800] "POST /xingrg/kc/pszx/mdps_list_operate.html HTTP/1.1" 200 2820
120.253.135.82 - - [13/Mar/2023:07:46:32 +0800] "POST /xingrg/kc/pszx/mdps_list_operate.html HTTP/1.1" 200 202
120.253.135.82 - - [13/Mar/2023:07:46:33 +0800] "GET /xingrg/kc/pszx/mdps_order_info.html?code=312023031200305 HTTP/1.1" 200 23984
120.253.135.82 - - [13/Mar/2023:07:46:33 +0800] "GET /xingrg/javascript/easyui/themes/default/validatebox.css HTTP/1.1" 404 1104
120.253.135.82 - - [13/Mar/2023:07:46:34 +0800] "POST /xingrg/kc/pszx/mdps_order_operate.html HTTP/1.1" 200 2277
120.253.135.82 - - [13/Mar/2023:07:46:36 +0800] "POST /xingrg/kc/pszx/mdps_list_operate.html HTTP/1.1" 200 2820
124.77.245.38 - - [13/Mar/2023:07:46:41 +0800] "GET /xingrg/all/function/internal_message.html?_=1678664802795&CODE_STATE=getMsg HTTP/1.1" 200 27
116.192.124.172 - - [13/Mar/2023:07:46:43 +0800] "GET /xingrg/all/function/internal_message.html?_=1678664803343&CODE_STATE=getMsg HTTP/1.1" 200 27
120.253.135.82 - - [13/Mar/2023:07:46:52 +0800] "POST /xingrg/kc/pszx/mdps_list_operate.html HTTP/1.1" 200 3608
120.253.135.82 - - [13/Mar/2023:07:46:54 +0800] "POST /xingrg/kc/pszx/mdps_list_operate.html HTTP/1.1" 200 212
120.253.135.82 - - [13/Mar/2023:07:46:56 +0800] "POST /xingrg/kc/pszx/mdps_list_operate.html HTTP/1.1" 200 287
120.253.135.82 - - [13/Mar/2023:07:46:58 +0800] "POST /xingrg/kc/pszx/mdps_list_operate.html HTTP/1.1" 200 202
120.253.135.82 - - [13/Mar/2023:07:47:01 +0800] "POST /xingrg/kc/pszx/mdps_list_operate.html HTTP/1.1" 200 591
116.224.106.218 - - [13/Mar/2023:07:47:03 +0800] "GET /xingrg/all/function/internal_message.html?_=1678664823111&CODE_STATE=getMsg HTTP/1.1" 302 -
120.253.135.82 - - [13/Mar/2023:07:47:03 +0800] "POST /xingrg/kc/pszx/mdps_list_operate.html HTTP/1.1" 200 627
120.253.135.82 - - [13/Mar/2023:07:47:06 +0800] "GET /xingrg/all/function/internal_message.html?_=1678664653988&CODE_STATE=getMsg HTTP/1.1" 200 27
120.253.135.82 - - [13/Mar/2023:07:47:11 +0800] "GET /xingrg/kc/pszx/mdps_order_info.html?code=312023031300323 HTTP/1.1" 200 23982
120.253.135.82 - - [13/Mar/2023:07:47:11 +0800] "GET /xingrg/javascript/easyui/themes/default/validatebox.css HTTP/1.1" 404 1104
120.253.135.82 - - [13/Mar/2023:07:47:12 +0800] "POST /xingrg/kc/pszx/mdps_order_operate.html HTTP/1.1" 200 7722
124.77.245.38 - - [13/Mar/2023:07:47:37 +0800] "GET /xingrg/check_reg.html?_=1678664858522 HTTP/1.1" 200 22
124.77.245.38 - - [13/Mar/2023:07:47:41 +0800] "GET /xingrg/all/function/internal_message.html?_=1678664862806&CODE_STATE=getMsg HTTP/1.1" 200 27
116.192.124.172 - - [13/Mar/2023:07:47:43 +0800] "GET /xingrg/all/function/internal_message.html?_=1678664863350&CODE_STATE=getMsg HTTP/1.1" 200 27
116.224.106.218 - - [13/Mar/2023:07:48:03 +0800] "GET /xingrg/all/function/internal_message.html?_=1678664883110&CODE_STATE=getMsg HTTP/1.1" 302 -
120.253.135.82 - - [13/Mar/2023:07:48:06 +0800] "GET /xingrg/all/function/internal_message.html?_=1678664714032&CODE_STATE=getMsg HTTP/1.1" 200 27
124.77.245.38 - - [13/Mar/2023:07:48:41 +0800] "GET /xingrg/all/function/internal_message.html?_=1678664922819&CODE_STATE=getMsg HTTP/1.1" 200 27
116.192.124.172 - - [13/Mar/2023:07:48:43 +0800] "GET /xingrg/all/function/internal_message.html?_=1678664923358&CODE_STATE=getMsg HTTP/1.1" 200 27
120.253.135.82 - - [13/Mar/2023:07:48:44 +0800] "POST /xingrg/kc/pszx/mdps_list_operate.html HTTP/1.1" 200 3608
120.253.135.82 - - [13/Mar/2023:07:48:56 +0800] "POST /xingrg/kc/pszx/mdps_list_operate.html HTTP/1.1" 200 2820
58.221.95.50 - - [13/Mar/2023:07:48:57 +0800] "GET /xingrg/check_reg.html?_=1678664937692 HTTP/1.1" 302 -
120.253.135.82 - - [13/Mar/2023:07:48:57 +0800] "POST /xingrg/kc/pszx/mdps_list_operate.html HTTP/1.1" 200 202
120.253.135.82 - - [13/Mar/2023:07:48:58 +0800] "POST /xingrg/kc/pszx/mdps_list_operate.html HTTP/1.1" 200 440
120.253.135.82 - - [13/Mar/2023:07:49:01 +0800] "GET /xingrg/kc/pszx/mdps_order_info.html?code=312023031300316 HTTP/1.1" 200 23978
120.253.135.82 - - [13/Mar/2023:07:49:01 +0800] "GET /xingrg/javascript/easyui/themes/default/validatebox.css HTTP/1.1" 404 1104
120.253.135.82 - - [13/Mar/2023:07:49:01 +0800] "POST /xingrg/kc/pszx/mdps_order_operate.html HTTP/1.1" 200 3775
116.224.106.218 - - [13/Mar/2023:07:49:03 +0800] "GET /xingrg/all/function/internal_message.html?_=1678664943112&CODE_STATE=getMsg HTTP/1.1" 302 -
120.253.135.82 - - [13/Mar/2023:07:49:06 +0800] "GET /xingrg/all/function/internal_message.html?_=1678664774047&CODE_STATE=getMsg HTTP/1.1" 200 27
124.77.245.38 - - [13/Mar/2023:07:49:41 +0800] "GET /xingrg/all/function/internal_message.html?_=1678664982836&CODE_STATE=getMsg HTTP/1.1" 200 27
116.192.124.172 - - [13/Mar/2023:07:49:43 +0800] "GET /xingrg/all/function/internal_message.html?_=1678664983352&CODE_STATE=getMsg HTTP/1.1" 200 27
116.224.106.218 - - [13/Mar/2023:07:50:03 +0800] "GET /xingrg/check_reg.html?_=1678665003121 HTTP/1.1" 302 -
116.224.106.218 - - [13/Mar/2023:07:50:03 +0800] "GET /xingrg/all/function/internal_message.html?_=1678665003123&CODE_STATE=getMsg HTTP/1.1" 302 -
120.253.135.82 - - [13/Mar/2023:07:50:06 +0800] "GET /xingrg/all/function/internal_message.html?_=1678664834090&CODE_STATE=getMsg HTTP/1.1" 200 27
124.77.245.38 - - [13/Mar/2023:07:50:41 +0800] "GET /xingrg/all/function/internal_message.html?_=1678665042847&CODE_STATE=getMsg HTTP/1.1" 200 27
116.224.106.218 - - [13/Mar/2023:07:51:03 +0800] "GET /xingrg/all/function/internal_message.html?_=1678665063107&CODE_STATE=getMsg HTTP/1.1" 302 -
120.253.135.82 - - [13/Mar/2023:07:51:05 +0800] "GET /xingrg/check_reg.html?_=1678664893169 HTTP/1.1" 200 22
120.253.135.82 - - [13/Mar/2023:07:51:06 +0800] "GET /xingrg/all/function/internal_message.html?_=1678664894104&CODE_STATE=getMsg HTTP/1.1" 200 27
116.238.139.35 - - [13/Mar/2023:07:51:26 +0800] "GET /xingrg/check_reg.html?_=1678665018435 HTTP/1.1" 302 -
120.253.135.82 - - [13/Mar/2023:07:51:28 +0800] "POST /xingrg/all/common/load_tree.html?tree=area_rest_tree_json&manage=1 HTTP/1.1" 302 -
120.253.135.82 - - [13/Mar/2023:07:51:28 +0800] "POST /xingrg/load_menu.html HTTP/1.1" 302 -
120.253.135.82 - - [13/Mar/2023:07:51:29 +0800] "GET /xingrg/all/function/internal_message.html?_=1678665219065&CODE_STATE=count HTTP/1.1" 302 -
120.253.135.82 - - [13/Mar/2023:07:51:29 +0800] "GET /xingrg/check_reg.html?_=1678665219066 HTTP/1.1" 302 -
120.253.135.82 - - [13/Mar/2023:07:51:30 +0800] "GET /xingrg/login.html HTTP/1.1" 200 7641
120.253.135.82 - - [13/Mar/2023:07:51:30 +0800] "GET /favicon.ico HTTP/1.1" 404 -
120.253.135.82 - - [13/Mar/2023:07:51:30 +0800] "GET /xingrg/login.html HTTP/1.1" 200 7641
120.253.135.82 - - [13/Mar/2023:07:51:30 +0800] "GET /xingrg/login.html HTTP/1.1" 200 7641
120.253.135.82 - - [13/Mar/2023:07:51:30 +0800] "GET /xingrg/login.html HTTP/1.1" 200 7641
124.77.245.38 - - [13/Mar/2023:07:51:41 +0800] "GET /xingrg/all/function/internal_message.html?_=1678665102865&CODE_STATE=getMsg HTTP/1.1" 200 27
116.224.106.218 - - [13/Mar/2023:07:52:03 +0800] "GET /xingrg/all/function/internal_message.html?_=1678665123114&CODE_STATE=getMsg HTTP/1.1" 302 -
120.253.135.82 - - [13/Mar/2023:07:52:06 +0800] "GET /xingrg/all/function/internal_message.html?_=1678664954119&CODE_STATE=getMsg HTTP/1.1" 200 27
120.253.135.82 - - [13/Mar/2023:07:52:29 +0800] "GET /xingrg/all/function/internal_message.html?_=1678665279073&CODE_STATE=getMsg HTTP/1.1" 302 -
120.253.135.82 - - [13/Mar/2023:07:52:29 +0800] "GET /xingrg/login.html HTTP/1.1" 200 7641
124.77.245.38 - - [13/Mar/2023:07:52:37 +0800] "GET /xingrg/check_reg.html?_=1678665158530 HTTP/1.1" 200 22
124.77.245.38 - - [13/Mar/2023:07:52:41 +0800] "GET /xingrg/all/function/internal_message.html?_=1678665162874&CODE_STATE=getMsg HTTP/1.1" 200 27
116.224.106.218 - - [13/Mar/2023:07:53:03 +0800] "GET /xingrg/all/function/internal_message.html?_=1678665183114&CODE_STATE=getMsg HTTP/1.1" 302 -
120.253.135.82 - - [13/Mar/2023:07:53:06 +0800] "GET /xingrg/all/function/internal_message.html?_=1678665014132&CODE_STATE=getMsg HTTP/1.1" 200 27
120.253.135.82 - - [13/Mar/2023:07:53:12 +0800] "GET /xingrg/login.html HTTP/1.1" 200 7641
120.253.135.82 - - [13/Mar/2023:07:53:15 +0800] "POST /xingrg/login.do HTTP/1.1" 302 -
120.253.135.82 - - [13/Mar/2023:07:53:15 +0800] "GET /xingrg/index.html?sysBaseUrl=http%3A%2F%2F180.169.147.146%3A18081%2Fxingrg%2F&costTime=823×tamp=1678665195904 HTTP/1.1" 200 17173
120.253.135.82 - - [13/Mar/2023:07:53:16 +0800] "GET /xingrg/check_reg.html?_=1678665326218 HTTP/1.1" 200 22
120.253.135.82 - - [13/Mar/2023:07:53:16 +0800] "POST /xingrg/all/common/load_tree.html?tree=area_rest_tree_json&manage=1 HTTP/1.1" 200 344
120.253.135.82 - - [13/Mar/2023:07:53:16 +0800] "GET /xingrg/all/function/internal_message.html?_=1678665326216&CODE_STATE=count HTTP/1.1" 200 11
120.253.135.82 - - [13/Mar/2023:07:53:16 +0800] "POST /xingrg/load_menu.html HTTP/1.1" 200 6743
120.253.135.82 - - [13/Mar/2023:07:53:21 +0800] "GET /xingrg/kc/pszx/mdps_order_list.html?orderType=0 HTTP/1.1" 200 21032
120.253.135.82 - - [13/Mar/2023:07:53:22 +0800] "POST /xingrg/kc/pszx/mdps_list_operate.html HTTP/1.1" 200 5518
120.253.135.82 - - [13/Mar/2023:07:53:31 +0800] "GET /xingrg/javascript/easyui/plugins/jquery.draggable.js HTTP/1.1" 200 6121
120.253.135.82 - - [13/Mar/2023:07:53:31 +0800] "GET /xingrg/javascript/easyui/plugins/jquery.droppable.js HTTP/1.1" 200 1167
120.253.135.82 - - [13/Mar/2023:07:53:32 +0800] "GET /xingrg/javascript/easyui/themes/default/tree.css HTTP/1.1" 404 1090
120.253.135.82 - - [13/Mar/2023:07:53:32 +0800] "GET /xingrg/javascript/easyui/plugins/jquery.tree.js HTTP/1.1" 200 20874
120.253.135.82 - - [13/Mar/2023:07:53:32 +0800] "POST /xingrg/all/common/load_tree.html?tree=area_rest_tree_json HTTP/1.1" 200 3499
120.253.135.82 - - [13/Mar/2023:07:53:32 +0800] "GET /xingrg/javascript/easyui/themes/default/images/tree_arrows.gif HTTP/1.1" 200 617
120.253.135.82 - - [13/Mar/2023:07:53:32 +0800] "GET /xingrg/javascript/easyui/themes/default/images/tree_folder_open.gif HTTP/1.1" 200 956
120.253.135.82 - - [13/Mar/2023:07:53:32 +0800] "GET /xingrg/javascript/easyui/themes/default/images/tree_checkbox_0.gif HTTP/1.1" 200 168
120.253.135.82 - - [13/Mar/2023:07:53:32 +0800] "GET /xingrg/javascript/easyui/themes/icons/area.png HTTP/1.1" 200 262
120.253.135.82 - - [13/Mar/2023:07:53:32 +0800] "GET /xingrg/javascript/easyui/themes/icons/manage.png HTTP/1.1" 200 696
120.253.135.82 - - [13/Mar/2023:07:53:32 +0800] "GET /xingrg/javascript/easyui/themes/icons/rest.png HTTP/1.1" 200 695
120.253.135.82 - - [13/Mar/2023:07:53:34 +0800] "GET /xingrg/javascript/easyui/themes/default/images/tree_checkbox_2.gif HTTP/1.1" 200 181
120.253.135.82 - - [13/Mar/2023:07:53:34 +0800] "GET /xingrg/javascript/easyui/themes/default/images/tree_checkbox_1.gif HTTP/1.1" 200 174
124.77.245.38 - - [13/Mar/2023:07:53:41 +0800] "GET /xingrg/all/function/internal_message.html?_=1678665222889&CODE_STATE=getMsg HTTP/1.1" 200 27
120.253.135.82 - - [13/Mar/2023:07:53:50 +0800] "POST /xingrg/kc/pszx/mdps_list_operate.html HTTP/1.1" 200 5351
120.253.135.82 - - [13/Mar/2023:07:53:56 +0800] "POST /xingrg/kc/pszx/mdps_list_operate.html HTTP/1.1" 200 626
120.253.135.82 - - [13/Mar/2023:07:53:57 +0800] "GET /xingrg/kc/pszx/mdps_order_info.html?code=312023031000238 HTTP/1.1" 200 19628
120.253.135.82 - - [13/Mar/2023:07:53:57 +0800] "GET /xingrg/words/20230312004807_words.js HTTP/1.1" 304 -
58.221.95.50 - - [13/Mar/2023:07:53:57 +0800] "GET /xingrg/check_reg.html?_=1678665237683 HTTP/1.1" 302 -
120.253.135.82 - - [13/Mar/2023:07:53:57 +0800] "GET /xingrg/javascript/easyui/themes/default/validatebox.css HTTP/1.1" 404 1104
120.253.135.82 - - [13/Mar/2023:07:53:57 +0800] "POST /xingrg/kc/pszx/mdps_order_operate.html HTTP/1.1" 200 16866
116.224.106.218 - - [13/Mar/2023:07:54:03 +0800] "GET /xingrg/all/function/internal_message.html?_=1678665243113&CODE_STATE=getMsg HTTP/1.1" 302 -
120.253.135.82 - - [13/Mar/2023:07:54:06 +0800] "GET /xingrg/all/function/internal_message.html?_=1678665074179&CODE_STATE=getMsg HTTP/1.1" 200 27
120.253.135.82 - - [13/Mar/2023:07:54:16 +0800] "GET /xingrg/all/function/internal_message.html?_=1678665386233&CODE_STATE=getMsg HTTP/1.1" 200 27
124.77.245.38 - - [13/Mar/2023:07:54:45 +0800] "GET /xingrg/all/function/internal_message.html?_=1678665282904&CODE_STATE=getMsg HTTP/1.1" 200 27
116.224.106.218 - - [13/Mar/2023:07:55:03 +0800] "GET /xingrg/all/function/internal_message.html?_=1678665303112&CODE_STATE=getMsg HTTP/1.1" 302 -
116.224.106.218 - - [13/Mar/2023:07:55:03 +0800] "GET /xingrg/check_reg.html?_=1678665303116 HTTP/1.1" 302 -
120.253.135.82 - - [13/Mar/2023:07:55:06 +0800] "GET /xingrg/all/function/internal_message.html?_=1678665134190&CODE_STATE=getMsg HTTP/1.1" 200 27
120.253.135.82 - - [13/Mar/2023:07:55:16 +0800] "GET /xingrg/all/function/internal_message.html?_=1678665446235&CODE_STATE=getMsg HTTP/1.1" 200 27
124.77.245.38 - - [13/Mar/2023:07:55:41 +0800] "GET /xingrg/all/function/internal_message.html?_=1678665342914&CODE_STATE=getMsg HTTP/1.1" 200 27
116.224.106.218 - - [13/Mar/2023:07:56:03 +0800] "GET /xingrg/all/function/internal_message.html?_=1678665363114&CODE_STATE=getMsg HTTP/1.1" 302 -
120.253.135.82 - - [13/Mar/2023:07:56:05 +0800] "GET /xingrg/check_reg.html?_=1678665193211 HTTP/1.1" 200 22
120.253.135.82 - - [13/Mar/2023:07:56:06 +0800] "GET /xingrg/all/function/internal_message.html?_=1678665194204&CODE_STATE=getMsg HTTP/1.1" 200 27
120.253.135.82 - - [13/Mar/2023:07:56:17 +0800] "GET /xingrg/all/function/internal_message.html?_=1678665506239&CODE_STATE=getMsg HTTP/1.1" 200 27
116.238.139.35 - - [13/Mar/2023:07:56:26 +0800] "GET /xingrg/check_reg.html?_=1678665318471 HTTP/1.1" 302 -
124.77.245.38 - - [13/Mar/2023:07:56:41 +0800] "GET /xingrg/all/function/internal_message.html?_=1678665402932&CODE_STATE=getMsg HTTP/1.1" 200 27
116.224.106.218 - - [13/Mar/2023:07:57:03 +0800] "GET /xingrg/all/function/internal_message.html?_=1678665423114&CODE_STATE=getMsg HTTP/1.1" 302 -
120.253.135.82 - - [13/Mar/2023:07:57:06 +0800] "GET /xingrg/all/function/internal_message.html?_=1678665254218&CODE_STATE=getMsg HTTP/1.1" 200 27
120.253.135.82 - - [13/Mar/2023:07:57:16 +0800] "GET /xingrg/all/function/internal_message.html?_=1678665566244&CODE_STATE=getMsg HTTP/1.1" 200 27
124.77.245.38 - - [13/Mar/2023:07:57:37 +0800] "GET /xingrg/check_reg.html?_=1678665458536 HTTP/1.1" 200 22
124.77.245.38 - - [13/Mar/2023:07:57:41 +0800] "GET /xingrg/all/function/internal_message.html?_=1678665462942&CODE_STATE=getMsg HTTP/1.1" 200 27
116.224.106.218 - - [13/Mar/2023:07:58:03 +0800] "GET /xingrg/all/function/internal_message.html?_=1678665483113&CODE_STATE=getMsg HTTP/1.1" 302 -
120.253.135.82 - - [13/Mar/2023:07:58:06 +0800] "GET /xingrg/all/function/internal_message.html?_=1678665314230&CODE_STATE=getMsg HTTP/1.1" 200 27
120.253.135.82 - - [13/Mar/2023:07:58:16 +0800] "GET /xingrg/check_reg.html?_=1678665626251 HTTP/1.1" 200 22
120.253.135.82 - - [13/Mar/2023:07:58:16 +0800] "GET /xingrg/all/function/internal_message.html?_=1678665626249&CODE_STATE=getMsg HTTP/1.1" 200 27
124.77.245.38 - - [13/Mar/2023:07:58:41 +0800] "GET /xingrg/all/function/internal_message.html?_=1678665522956&CODE_STATE=getMsg HTTP/1.1" 200 27
58.221.95.50 - - [13/Mar/2023:07:58:57 +0800] "GET /xingrg/check_reg.html?_=1678665537681 HTTP/1.1" 302 -
116.224.106.218 - - [13/Mar/2023:07:59:03 +0800] "GET /xingrg/all/function/internal_message.html?_=1678665543113&CODE_STATE=getMsg HTTP/1.1" 302 -
120.253.135.82 - - [13/Mar/2023:07:59:06 +0800] "GET /xingrg/all/function/internal_message.html?_=1678665374245&CODE_STATE=getMsg HTTP/1.1" 200 27
120.253.135.82 - - [13/Mar/2023:07:59:16 +0800] "GET /xingrg/all/function/internal_message.html?_=1678665686254&CODE_STATE=getMsg HTTP/1.1" 200 27
124.77.245.38 - - [13/Mar/2023:07:59:41 +0800] "GET /xingrg/all/function/internal_message.html?_=1678665582971&CODE_STATE=getMsg HTTP/1.1" 200 27
116.224.106.218 - - [13/Mar/2023:08:00:03 +0800] "GET /xingrg/all/function/internal_message.html?_=1678665603117&CODE_STATE=getMsg HTTP/1.1" 302 -
116.224.106.218 - - [13/Mar/2023:08:00:03 +0800] "GET /xingrg/check_reg.html?_=1678665603121 HTTP/1.1" 302 -
120.253.135.82 - - [13/Mar/2023:08:00:06 +0800] "GET /xingrg/all/function/internal_message.html?_=1678665434290&CODE_STATE=getMsg HTTP/1.1" 200 27
124.79.240.233 - - [13/Mar/2023:08:00:09 +0800] "POST /xingrg/services/DataTransmitService HTTP/1.1" 200 524
120.253.135.82 - - [13/Mar/2023:08:00:16 +0800] "GET /xingrg/all/function/internal_message.html?_=1678665746812&CODE_STATE=getMsg HTTP/1.1" 200 27
124.77.245.38 - - [13/Mar/2023:08:00:41 +0800] "GET /xingrg/all/function/internal_message.html?_=1678665642982&CODE_STATE=getMsg HTTP/1.1" 200 27
116.224.106.218 - - [13/Mar/2023:08:01:03 +0800] "GET /xingrg/all/function/internal_message.html?_=1678665663114&CODE_STATE=getMsg HTTP/1.1" 302 -
120.253.135.82 - - [13/Mar/2023:08:01:05 +0800] "GET /xingrg/check_reg.html?_=1678665493211 HTTP/1.1" 200 22
120.253.135.82 - - [13/Mar/2023:08:01:06 +0800] "GET /xingrg/all/function/internal_message.html?_=1678665494369&CODE_STATE=getMsg HTTP/1.1" 200 27
120.253.135.82 - - [13/Mar/2023:08:01:16 +0800] "GET /xingrg/all/function/internal_message.html?_=1678665806805&CODE_STATE=getMsg HTTP/1.1" 200 27
116.238.139.35 - - [13/Mar/2023:08:01:26 +0800] "GET /xingrg/check_reg.html?_=1678665618512 HTTP/1.1" 302 -
124.77.245.38 - - [13/Mar/2023:08:01:41 +0800] "GET /xingrg/all/function/internal_message.html?_=1678665703003&CODE_STATE=getMsg HTTP/1.1" 200 27
116.224.106.218 - - [13/Mar/2023:08:02:03 +0800] "GET /xingrg/all/function/internal_message.html?_=1678665723114&CODE_STATE=getMsg HTTP/1.1" 302 -
120.253.135.82 - - [13/Mar/2023:08:02:06 +0800] "GET /xingrg/all/function/internal_message.html?_=1678665554379&CODE_STATE=getMsg HTTP/1.1" 200 27
120.253.135.82 - - [13/Mar/2023:08:02:16 +0800] "GET /xingrg/all/function/internal_message.html?_=1678665866809&CODE_STATE=getMsg HTTP/1.1" 200 27
124.77.245.38 - - [13/Mar/2023:08:02:37 +0800] "GET /xingrg/check_reg.html?_=1678665758539 HTTP/1.1" 200 22
124.77.245.38 - - [13/Mar/2023:08:02:41 +0800] "GET /xingrg/all/function/internal_message.html?_=1678665763010&CODE_STATE=getMsg HTTP/1.1" 200 27
116.224.106.218 - - [13/Mar/2023:08:03:03 +0800] "GET /xingrg/all/function/internal_message.html?_=1678665783114&CODE_STATE=getMsg HTTP/1.1" 302 -
120.253.135.82 - - [13/Mar/2023:08:03:06 +0800] "GET /xingrg/all/function/internal_message.html?_=1678665614431&CODE_STATE=getMsg HTTP/1.1" 200 27
120.253.135.82 - - [13/Mar/2023:08:03:16 +0800] "GET /xingrg/all/function/internal_message.html?_=1678665926820&CODE_STATE=getMsg HTTP/1.1" 200 27
120.253.135.82 - - [13/Mar/2023:08:03:16 +0800] "GET /xingrg/check_reg.html?_=1678665926821 HTTP/1.1" 200 22
120.253.135.82 - - [13/Mar/2023:08:03:28 +0800] "GET /xingrg/kc/pszx/mdps_order_operate.html?command=get_materiel&pszx_code=00101&rest_code=00156&base_code=0010250&code=00102002287 HTTP/1.1" 200 425
120.253.135.82 - - [13/Mar/2023:08:03:41 +0800] "POST /xingrg/kc/pszx/mdps_order_operate.html HTTP/1.1" 200 37
124.77.245.38 - - [13/Mar/2023:08:03:41 +0800] "GET /xingrg/all/function/internal_message.html?_=1678665823025&CODE_STATE=getMsg HTTP/1.1" 200 27
120.253.135.82 - - [13/Mar/2023:08:03:43 +0800] "GET /xingrg/kc/pszx/mdps_order_info.html?code=312023031300316 HTTP/1.1" 200 23978
120.253.135.82 - - [13/Mar/2023:08:03:43 +0800] "GET /xingrg/javascript/easyui/themes/default/validatebox.css HTTP/1.1" 404 1104
120.253.135.82 - - [13/Mar/2023:08:03:44 +0800] "POST /xingrg/kc/pszx/mdps_order_operate.html HTTP/1.1" 200 3778
120.253.135.82 - - [13/Mar/2023:08:03:46 +0800] "POST /xingrg/kc/pszx/mdps_list_operate.html HTTP/1.1" 200 2817
120.253.135.82 - - [13/Mar/2023:08:03:48 +0800] "POST /xingrg/kc/pszx/mdps_list_operate.html HTTP/1.1" 200 442
120.253.135.82 - - [13/Mar/2023:08:03:50 +0800] "POST /xingrg/kc/pszx/mdps_list_operate.html HTTP/1.1" 200 202
120.253.135.82 - - [13/Mar/2023:08:03:52 +0800] "POST /xingrg/kc/pszx/mdps_list_operate.html HTTP/1.1" 200 643
58.221.95.50 - - [13/Mar/2023:08:03:57 +0800] "GET /xingrg/check_reg.html?_=1678665837683 HTTP/1.1" 302 -
116.224.106.218 - - [13/Mar/2023:08:04:03 +0800] "GET /xingrg/all/function/internal_message.html?_=1678665843114&CODE_STATE=getMsg HTTP/1.1" 302 -
120.253.135.82 - - [13/Mar/2023:08:04:06 +0800] "GET /xingrg/all/function/internal_message.html?_=1678665674488&CODE_STATE=getMsg HTTP/1.1" 200 27
124.77.245.38 - - [13/Mar/2023:08:04:41 +0800] "GET /xingrg/all/function/internal_message.html?_=1678665883039&CODE_STATE=getMsg HTTP/1.1" 200 27
222.67.232.202 - - [13/Mar/2023:08:04:50 +0800] "POST /xingrg/services/DataTransmitService HTTP/1.1" 200 524
116.224.106.218 - - [13/Mar/2023:08:05:03 +0800] "GET /xingrg/all/function/internal_message.html?_=1678665903114&CODE_STATE=getMsg HTTP/1.1" 302 -
116.224.106.218 - - [13/Mar/2023:08:05:03 +0800] "GET /xingrg/check_reg.html?_=1678665903116 HTTP/1.1" 302 -
120.253.135.82 - - [13/Mar/2023:08:05:06 +0800] "GET /xingrg/all/function/internal_message.html?_=1678665734498&CODE_STATE=getMsg HTTP/1.1" 200 27
124.77.245.38 - - [13/Mar/2023:08:05:41 +0800] "GET /xingrg/all/function/internal_message.html?_=1678665943050&CODE_STATE=getMsg HTTP/1.1" 200 27
116.224.106.218 - - [13/Mar/2023:08:06:03 +0800] "GET /xingrg/all/function/internal_message.html?_=1678665963129&CODE_STATE=getMsg HTTP/1.1" 302 -
120.253.135.82 - - [13/Mar/2023:08:06:05 +0800] "GET /xingrg/check_reg.html?_=1678665793259 HTTP/1.1" 200 22
120.253.135.82 - - [13/Mar/2023:08:06:06 +0800] "GET /xingrg/all/function/internal_message.html?_=1678665794512&CODE_STATE=getMsg HTTP/1.1" 200 27
116.238.139.35 - - [13/Mar/2023:08:06:26 +0800] "GET /xingrg/check_reg.html?_=1678665918545 HTTP/1.1" 302 -
120.253.135.82 - - [13/Mar/2023:08:06:30 +0800] "GET /xingrg/kc/pszx/mdqp_order_list.html?state=10 HTTP/1.1" 200 10275
120.253.135.82 - - [13/Mar/2023:08:06:30 +0800] "GET /xingrg/dwr/interface/AjaxQqpsService.js HTTP/1.1" 200 16326
120.253.135.82 - - [13/Mar/2023:08:06:30 +0800] "GET /xingrg/dwr/interface/AjaxReportQueryService.js HTTP/1.1" 200 13203
120.253.135.82 - - [13/Mar/2023:08:06:30 +0800] "GET /xingrg/dwr/engine.js HTTP/1.1" 200 43631
120.253.135.82 - - [13/Mar/2023:08:06:32 +0800] "GET /xingrg/kc/pszx/mdps_order_list.html?orderType=0 HTTP/1.1" 200 21032
120.253.135.82 - - [13/Mar/2023:08:06:33 +0800] "POST /xingrg/kc/pszx/mdps_list_operate.html HTTP/1.1" 200 5516
124.77.245.38 - - [13/Mar/2023:08:06:41 +0800] "GET /xingrg/all/function/internal_message.html?_=1678666003067&CODE_STATE=getMsg HTTP/1.1" 200 27
116.224.106.218 - - [13/Mar/2023:08:07:03 +0800] "GET /xingrg/all/function/internal_message.html?_=1678666023129&CODE_STATE=getMsg HTTP/1.1" 302 -
120.253.135.82 - - [13/Mar/2023:08:07:06 +0800] "GET /xingrg/all/function/internal_message.html?_=1678665854565&CODE_STATE=getMsg HTTP/1.1" 200 27
120.253.135.82 - - [13/Mar/2023:08:07:30 +0800] "GET /xingrg/kc/pszx/mdqp_order_list.html?state=10 HTTP/1.1" 200 10275
120.253.135.82 - - [13/Mar/2023:08:07:30 +0800] "GET /xingrg/dwr/interface/AjaxReportQueryService.js HTTP/1.1" 200 13203
120.253.135.82 - - [13/Mar/2023:08:07:30 +0800] "GET /xingrg/dwr/interface/AjaxQqpsService.js HTTP/1.1" 200 16326
120.253.135.82 - - [13/Mar/2023:08:07:30 +0800] "GET /xingrg/dwr/engine.js HTTP/1.1" 200 43631
120.253.135.82 - - [13/Mar/2023:08:07:33 +0800] "GET /xingrg/kc/pszx/mdps_order_list.html?orderType=0 HTTP/1.1" 200 21032
120.253.135.82 - - [13/Mar/2023:08:07:33 +0800] "POST /xingrg/kc/pszx/mdps_list_operate.html HTTP/1.1" 200 5516
124.77.245.38 - - [13/Mar/2023:08:07:37 +0800] "GET /xingrg/check_reg.html?_=1678666058538 HTTP/1.1" 200 22
124.77.245.38 - - [13/Mar/2023:08:07:41 +0800] "GET /xingrg/all/function/internal_message.html?_=1678666063077&CODE_STATE=getMsg HTTP/1.1" 200 27
116.224.106.218 - - [13/Mar/2023:08:08:03 +0800] "GET /xingrg/all/function/internal_message.html?_=1678666083127&CODE_STATE=getMsg HTTP/1.1" 302 -
120.253.135.82 - - [13/Mar/2023:08:08:06 +0800] "GET /xingrg/all/function/internal_message.html?_=1678665914570&CODE_STATE=getMsg HTTP/1.1" 200 27
124.77.245.38 - - [13/Mar/2023:08:08:41 +0800] "GET /xingrg/all/function/internal_message.html?_=1678666123092&CODE_STATE=getMsg HTTP/1.1" 200 27
58.221.95.50 - - [13/Mar/2023:08:08:57 +0800] "GET /xingrg/check_reg.html?_=1678666137678 HTTP/1.1" 302 -
116.224.106.218 - - [13/Mar/2023:08:09:03 +0800] "GET /xingrg/all/function/internal_message.html?_=1678666143129&CODE_STATE=getMsg HTTP/1.1" 302 -
120.253.135.82 - - [13/Mar/2023:08:09:06 +0800] "GET /xingrg/all/function/internal_message.html?_=1678665974583&CODE_STATE=getMsg HTTP/1.1" 200 27
124.77.245.38 - - [13/Mar/2023:08:09:41 +0800] "GET /xingrg/all/function/internal_message.html?_=1678666183107&CODE_STATE=getMsg HTTP/1.1" 200 27
116.224.106.218 - - [13/Mar/2023:08:10:03 +0800] "GET /xingrg/all/function/internal_message.html?_=1678666203127&CODE_STATE=getMsg HTTP/1.1" 302 -
116.224.106.218 - - [13/Mar/2023:08:10:03 +0800] "GET /xingrg/check_reg.html?_=1678666203130 HTTP/1.1" 302 -
120.253.135.82 - - [13/Mar/2023:08:10:06 +0800] "GET /xingrg/all/function/internal_message.html?_=1678666034639&CODE_STATE=getMsg HTTP/1.1" 200 27
124.77.245.38 - - [13/Mar/2023:08:10:41 +0800] "GET /xingrg/all/function/internal_message.html?_=1678666243119&CODE_STATE=getMsg HTTP/1.1" 200 27
116.224.106.218 - - [13/Mar/2023:08:11:03 +0800] "GET /xingrg/all/function/internal_message.html?_=1678666263129&CODE_STATE=getMsg HTTP/1.1" 302 -
120.253.135.82 - - [13/Mar/2023:08:11:05 +0800] "GET /xingrg/check_reg.html?_=1678666093253 HTTP/1.1" 200 22
120.253.135.82 - - [13/Mar/2023:08:11:06 +0800] "GET /xingrg/all/function/internal_message.html?_=1678666094687&CODE_STATE=getMsg HTTP/1.1" 200 27
116.238.139.35 - - [13/Mar/2023:08:11:26 +0800] "GET /xingrg/check_reg.html?_=1678666218578 HTTP/1.1" 302 -
124.77.245.38 - - [13/Mar/2023:08:11:41 +0800] "GET /xingrg/all/function/internal_message.html?_=1678666303135&CODE_STATE=getMsg HTTP/1.1" 200 27
114.83.219.234 - - [13/Mar/2023:08:11:44 +0800] "POST /xingrg/services/DataTransmitService HTTP/1.1" 200 524
116.224.106.218 - - [13/Mar/2023:08:12:03 +0800] "GET /xingrg/all/function/internal_message.html?_=1678666323129&CODE_STATE=getMsg HTTP/1.1" 302 -
120.253.135.82 - - [13/Mar/2023:08:12:06 +0800] "GET /xingrg/all/function/internal_message.html?_=1678666154701&CODE_STATE=getMsg HTTP/1.1" 200 27
124.77.245.38 - - [13/Mar/2023:08:12:37 +0800] "GET /xingrg/check_reg.html?_=1678666358543 HTTP/1.1" 200 22
124.77.245.38 - - [13/Mar/2023:08:12:41 +0800] "GET /xingrg/all/function/internal_message.html?_=1678666363146&CODE_STATE=getMsg HTTP/1.1" 200 27
116.224.106.218 - - [13/Mar/2023:08:13:03 +0800] "GET /xingrg/all/function/internal_message.html?_=1678666383129&CODE_STATE=getMsg HTTP/1.1" 302 -
120.253.135.82 - - [13/Mar/2023:08:13:06 +0800] "GET /xingrg/all/function/internal_message.html?_=1678666214715&CODE_STATE=getMsg HTTP/1.1" 200 27
124.77.245.38 - - [13/Mar/2023:08:13:41 +0800] "GET /xingrg/all/function/internal_message.html?_=1678666423160&CODE_STATE=getMsg HTTP/1.1" 200 27
58.221.95.50 - - [13/Mar/2023:08:13:57 +0800] "GET /xingrg/check_reg.html?_=1678666437691 HTTP/1.1" 302 -
116.224.106.218 - - [13/Mar/2023:08:14:03 +0800] "GET /xingrg/all/function/internal_message.html?_=1678666443121&CODE_STATE=getMsg HTTP/1.1" 302 -
120.253.135.82 - - [13/Mar/2023:08:14:06 +0800] "GET /xingrg/all/function/internal_message.html?_=1678666274757&CODE_STATE=getMsg HTTP/1.1" 200 27
124.77.245.38 - - [13/Mar/2023:08:14:41 +0800] "GET /xingrg/all/function/internal_message.html?_=1678666483176&CODE_STATE=getMsg HTTP/1.1" 200 27
116.224.106.218 - - [13/Mar/2023:08:15:03 +0800] "GET /xingrg/all/function/internal_message.html?_=1678666503121&CODE_STATE=getMsg HTTP/1.1" 302 -
116.224.106.218 - - [13/Mar/2023:08:15:03 +0800] "GET /xingrg/check_reg.html?_=1678666503123 HTTP/1.1" 302 -
