124.77.245.38 - - [13/Mar/2023:10:52:46 +0800] "GET /xingrg/kc/buy/cgsh_order_operate.html?command=get_materiel&rest_code=00146&code=00101009122&supplier_code=00100023&order_time=2023-03-13 HTTP/1.1" 200 407
124.79.72.155 - - [13/Mar/2023:10:52:47 +0800] "GET /xingrg/all/function/internal_message.html?_=1678675967857&CODE_STATE=getMsg HTTP/1.1" 200 27
116.225.84.253 - - [13/Mar/2023:10:52:49 +0800] "POST /xingrg/kc/buy/cgsh_order_operate.html HTTP/1.1" 200 2665
180.164.3.199 - - [13/Mar/2023:10:52:49 +0800] "GET /xingrg/kc/buy/cgsh_order_operate.html?command=get_materiel&rest_code=00108&code=00101009062&supplier_code=00100007&order_time=2023-03-13 HTTP/1.1" 200 412
124.78.158.199 - - [13/Mar/2023:10:52:50 +0800] "GET /xingrg/kc/base/wldb_order_operate.html?command=get_materiel&rest_code=00106&base_code=0010397&code=00102002362 HTTP/1.1" 200 434
180.169.147.146 - - [13/Mar/2023:10:52:51 +0800] "GET /xingrg/all/function/internal_message.html?_=1678675971885&CODE_STATE=getMsg HTTP/1.1" 200 27
180.169.147.146 - - [13/Mar/2023:10:52:52 +0800] "GET /xingrg/all/function/internal_message.html?_=1678675972619&CODE_STATE=getMsg HTTP/1.1" 200 27
116.192.124.172 - - [13/Mar/2023:10:52:54 +0800] "GET /xingrg/all/function/internal_message.html?_=1678675974893&CODE_STATE=getMsg HTTP/1.1" 200 27
124.78.158.199 - - [13/Mar/2023:10:52:55 +0800] "GET /xingrg/kc/base/wldb_order_operate.html?command=get_materiel&rest_code=00106&base_code=0010397&code=00102002238 HTTP/1.1" 200 434
116.225.84.253 - - [13/Mar/2023:10:52:56 +0800] "GET /xingrg/kc/print/load_data.html?order_code=212023031304724&kc_code=cgsh&condition= HTTP/1.1" 200 742
116.192.124.172 - - [13/Mar/2023:10:52:59 +0800] "GET /xingrg/check_reg.html?_=1678675979959 HTTP/1.1" 200 22
116.225.84.253 - - [13/Mar/2023:10:53:00 +0800] "GET /xingrg/kc/buy/cgsh_order_add.html HTTP/1.1" 200 70043
124.78.158.199 - - [13/Mar/2023:10:53:00 +0800] "GET /xingrg/kc/base/wldb_order_operate.html?command=get_materiel&rest_code=00106&base_code=0010397&code=00102002453 HTTP/1.1" 200 433
180.164.3.199 - - [13/Mar/2023:10:53:00 +0800] "GET /xingrg/kc/buy/cgsh_order_operate.html?command=get_materiel&rest_code=00108&code=00101009011&supplier_code=00100007&order_time=2023-03-13 HTTP/1.1" 200 416
116.225.84.253 - - [13/Mar/2023:10:53:00 +0800] "GET /xingrg/javascript/easyui/themes/default/validatebox.css HTTP/1.1" 404 1104
116.225.84.253 - - [13/Mar/2023:10:53:00 +0800] "POST /xingrg/kc/buy/cgsh_order_operate.html HTTP/1.1" 200 8245
116.224.106.218 - - [13/Mar/2023:10:53:03 +0800] "GET /xingrg/all/function/internal_message.html?_=1678675983252&CODE_STATE=getMsg HTTP/1.1" 302 -
114.83.222.182 - - [13/Mar/2023:10:53:03 +0800] "GET /xingrg/all/function/internal_message.html?_=1678676048236&CODE_STATE=getMsg HTTP/1.1" 200 27
124.78.158.199 - - [13/Mar/2023:10:53:05 +0800] "GET /xingrg/all/function/internal_message.html?_=1678675985118&CODE_STATE=getMsg HTTP/1.1" 200 27
124.78.158.199 - - [13/Mar/2023:10:53:08 +0800] "POST /xingrg/kc/base/wldb_order_operate.html HTTP/1.1" 200 37
116.225.84.253 - - [13/Mar/2023:10:53:08 +0800] "GET /xingrg/all/function/internal_message.html?_=1678675989617&CODE_STATE=getMsg HTTP/1.1" 200 27
222.67.232.202 - - [13/Mar/2023:10:53:09 +0800] "GET /xingrg/check_reg.html?_=1678675540843 HTTP/1.1" 200 22
124.78.158.199 - - [13/Mar/2023:10:53:09 +0800] "POST /xingrg/kc/base/wldb_order_operate.html HTTP/1.1" 200 3599
124.78.158.199 - - [13/Mar/2023:10:53:09 +0800] "GET /xingrg/kc/base/wldb_order_info.html?code=422023031301082 HTTP/1.1" 200 30400
180.164.3.199 - - [13/Mar/2023:10:53:09 +0800] "GET /xingrg/kc/buy/cgsh_order_operate.html?command=get_materiel&rest_code=00108&code=00101009122&supplier_code=00100007&order_time=2023-03-13 HTTP/1.1" 200 405
120.253.135.82 - - [13/Mar/2023:10:53:10 +0800] "GET /xingrg/all/function/internal_message.html?_=1678675818121&CODE_STATE=getMsg HTTP/1.1" 200 27
101.229.22.234 - - [13/Mar/2023:10:53:10 +0800] "GET /xingrg/all/function/internal_message.html?_=1678675990151&CODE_STATE=getMsg HTTP/1.1" 200 27
124.78.158.199 - - [13/Mar/2023:10:53:10 +0800] "GET /xingrg/javascript/easyui/themes/default/validatebox.css HTTP/1.1" 404 1104
124.78.158.199 - - [13/Mar/2023:10:53:10 +0800] "POST /xingrg/kc/base/wldb_order_operate.html HTTP/1.1" 200 3599
222.70.182.154 - - [13/Mar/2023:10:53:10 +0800] "GET /xingrg/all/function/internal_message.html?_=1678676258261&CODE_STATE=getMsg HTTP/1.1" 200 27
116.225.84.253 - - [13/Mar/2023:10:53:11 +0800] "GET /xingrg/kc/buy/cgsh_order_operate.html?command=get_materiel&rest_code=00105&code=00101004104&supplier_code=00100086&order_time=2023-03-13 HTTP/1.1" 200 410
124.78.158.199 - - [13/Mar/2023:10:53:14 +0800] "POST /xingrg/kc/base/wldb_list_operate.html HTTP/1.1" 200 2974
124.78.158.199 - - [13/Mar/2023:10:53:16 +0800] "POST /xingrg/kc/base/wldb_list_operate.html HTTP/1.1" 200 217
116.225.84.253 - - [13/Mar/2023:10:53:16 +0800] "GET /xingrg/all/function/internal_message.html?_=1678675840909&CODE_STATE=getMsg HTTP/1.1" 200 27
180.164.3.199 - - [13/Mar/2023:10:53:17 +0800] "GET /xingrg/all/function/internal_message.html?_=1678675998182&CODE_STATE=getMsg HTTP/1.1" 200 27
222.70.221.209 - - [13/Mar/2023:10:53:24 +0800] "GET /xingrg/all/function/internal_message.html?_=1678676004471&CODE_STATE=getMsg HTTP/1.1" 200 27
124.78.158.199 - - [13/Mar/2023:10:53:24 +0800] "GET /xingrg/kc/buy/buy_main.html HTTP/1.1" 200 12412
124.78.158.199 - - [13/Mar/2023:10:53:24 +0800] "GET /xingrg/css/new_ie.css HTTP/1.1" 404 1036
124.78.158.199 - - [13/Mar/2023:10:53:25 +0800] "GET /xingrg/all/function/internal_message.html?_=1678676009234&CODE_STATE=getMsg HTTP/1.1" 200 27
124.78.158.199 - - [13/Mar/2023:10:53:25 +0800] "GET /xingrg/images/yd/bt.gif HTTP/1.1" 404 1040
124.78.158.199 - - [13/Mar/2023:10:53:26 +0800] "GET /xingrg/kc/buy/cgsh_order_list.html HTTP/1.1" 200 54179
116.225.84.253 - - [13/Mar/2023:10:53:27 +0800] "POST /xingrg/kc/buy/cgsh_order_operate.html HTTP/1.1" 200 37
124.79.240.233 - - [13/Mar/2023:10:53:28 +0800] "GET /xingrg/check_reg.html?_=1678676262020 HTTP/1.1" 200 22
180.169.147.146 - - [13/Mar/2023:10:53:30 +0800] "GET /xingrg/all/function/internal_message.html?_=1678676010201&CODE_STATE=getMsg HTTP/1.1" 200 27
124.78.158.199 - - [13/Mar/2023:10:53:30 +0800] "POST /xingrg/kc/buy/cgsh_list_operate.html HTTP/1.1" 200 986
124.77.245.38 - - [13/Mar/2023:10:53:31 +0800] "POST /xingrg/kc/buy/cgsh_order_operate.html HTTP/1.1" 200 88
180.164.3.199 - - [13/Mar/2023:10:53:31 +0800] "GET /xingrg/all/function/internal_message.html?_=1678676012327&CODE_STATE=getMsg HTTP/1.1" 200 27
180.164.3.199 - - [13/Mar/2023:10:53:31 +0800] "GET /xingrg/check_reg.html?_=1678676012507 HTTP/1.1" 200 22
116.225.84.253 - - [13/Mar/2023:10:53:32 +0800] "POST /xingrg/kc/buy/cgsh_order_operate.html HTTP/1.1" 200 2657
116.225.84.253 - - [13/Mar/2023:10:53:34 +0800] "GET /xingrg/kc/print/load_data.html?order_code=212023031304725&kc_code=cgsh&condition= HTTP/1.1" 200 731
114.83.219.234 - - [13/Mar/2023:10:53:37 +0800] "GET /xingrg/all/function/internal_message.html?_=1678676016960&CODE_STATE=getMsg HTTP/1.1" 200 27
116.225.84.253 - - [13/Mar/2023:10:53:37 +0800] "GET /xingrg/kc/buy/cgsh_order_add.html HTTP/1.1" 200 70043
116.225.84.253 - - [13/Mar/2023:10:53:38 +0800] "GET /xingrg/javascript/easyui/themes/default/validatebox.css HTTP/1.1" 404 1104
116.225.84.253 - - [13/Mar/2023:10:53:38 +0800] "POST /xingrg/kc/buy/cgsh_order_operate.html HTTP/1.1" 200 8245
116.192.124.172 - - [13/Mar/2023:10:53:38 +0800] "GET /xingrg/all/function/internal_message.html?_=1678676018936&CODE_STATE=getMsg HTTP/1.1" 200 27
124.77.245.38 - - [13/Mar/2023:10:53:40 +0800] "GET /xingrg/all/function/internal_message.html?_=1678676021979&CODE_STATE=getMsg HTTP/1.1" 200 27
180.163.30.76 - - [13/Mar/2023:10:53:41 +0800] "GET /xingrg/kc/base/wldb_order_operate.html?command=get_materiel&rest_code=00106&base_code=0010397&code=00102002171 HTTP/1.1" 302 -
180.163.30.76 - - [13/Mar/2023:10:53:41 +0800] "GET /xingrg/login.html HTTP/1.1" 200 7641
116.238.139.35 - - [13/Mar/2023:10:53:42 +0800] "GET /xingrg/all/function/internal_message.html?_=1678676022797&CODE_STATE=getMsg HTTP/1.1" 200 27
124.77.245.38 - - [13/Mar/2023:10:53:46 +0800] "POST /xingrg/kc/buy/cgsh_order_operate.html HTTP/1.1" 200 37
124.79.72.155 - - [13/Mar/2023:10:53:47 +0800] "GET /xingrg/all/function/internal_message.html?_=1678676027861&CODE_STATE=getMsg HTTP/1.1" 200 27
124.77.245.38 - - [13/Mar/2023:10:53:50 +0800] "POST /xingrg/kc/buy/cgsh_order_operate.html HTTP/1.1" 200 3237
116.225.84.253 - - [13/Mar/2023:10:53:51 +0800] "GET /xingrg/kc/buy/cgsh_order_operate.html?command=get_materiel&rest_code=00105&code=00101019547&supplier_code=00100338&order_time=2023-03-13 HTTP/1.1" 200 437
180.169.147.146 - - [13/Mar/2023:10:53:51 +0800] "GET /xingrg/all/function/internal_message.html?_=1678676031878&CODE_STATE=getMsg HTTP/1.1" 200 27
124.79.240.233 - - [13/Mar/2023:10:53:52 +0800] "GET /xingrg/kc/buy/cgsh_order_operate.html?command=get_materiel&rest_code=00104&code=00101008038&supplier_code=00100007&order_time=2023-03-09 HTTP/1.1" 200 412
124.77.245.38 - - [13/Mar/2023:10:53:52 +0800] "GET /xingrg/kc/print/load_data.html?order_code=212023031304727&kc_code=cgsh&condition= HTTP/1.1" 200 900
180.169.147.146 - - [13/Mar/2023:10:53:52 +0800] "GET /xingrg/check_reg.html?_=1678676032410 HTTP/1.1" 200 22
180.169.147.146 - - [13/Mar/2023:10:53:52 +0800] "GET /xingrg/all/function/internal_message.html?_=1678676032603&CODE_STATE=getMsg HTTP/1.1" 200 27
116.192.124.172 - - [13/Mar/2023:10:53:54 +0800] "GET /xingrg/all/function/internal_message.html?_=1678676034880&CODE_STATE=getMsg HTTP/1.1" 200 27
58.221.95.50 - - [13/Mar/2023:10:53:57 +0800] "GET /xingrg/check_reg.html?_=1678676037738 HTTP/1.1" 302 -
124.78.158.199 - - [13/Mar/2023:10:53:58 +0800] "GET /xingrg/login.html HTTP/1.1" 200 7641
124.78.158.199 - - [13/Mar/2023:10:53:58 +0800] "GET /favicon.ico HTTP/1.1" 404 -
116.224.106.218 - - [13/Mar/2023:10:54:03 +0800] "GET /xingrg/all/function/internal_message.html?_=1678676043252&CODE_STATE=getMsg HTTP/1.1" 302 -
124.77.245.38 - - [13/Mar/2023:10:54:03 +0800] "GET /xingrg/kc/buy/cgsh_order_add.html HTTP/1.1" 200 69961
114.83.222.182 - - [13/Mar/2023:10:54:03 +0800] "GET /xingrg/all/function/internal_message.html?_=1678676108244&CODE_STATE=getMsg HTTP/1.1" 200 27
114.83.222.182 - - [13/Mar/2023:10:54:03 +0800] "GET /xingrg/check_reg.html?_=1678676108245 HTTP/1.1" 200 22
180.164.3.199 - - [13/Mar/2023:10:54:03 +0800] "POST /xingrg/kc/buy/cgsh_order_operate.html HTTP/1.1" 200 37
124.78.158.199 - - [13/Mar/2023:10:54:03 +0800] "POST /xingrg/login.do HTTP/1.1" 302 -
124.78.158.199 - - [13/Mar/2023:10:54:04 +0800] "GET /xingrg/index.html?sysBaseUrl=http%3A%2F%2F180.169.147.146%3A18081%2Fxingrg%2F&costTime=1144×tamp=1678676043948 HTTP/1.1" 200 17503
124.77.245.38 - - [13/Mar/2023:10:54:04 +0800] "POST /xingrg/kc/buy/cgsh_order_operate.html HTTP/1.1" 200 8245
124.78.158.199 - - [13/Mar/2023:10:54:04 +0800] "GET /favicon.ico HTTP/1.1" 404 -
124.77.245.38 - - [13/Mar/2023:10:54:04 +0800] "GET /xingrg/javascript/easyui/themes/default/validatebox.css HTTP/1.1" 404 1104
124.78.158.199 - - [13/Mar/2023:10:54:04 +0800] "POST /xingrg/all/common/load_tree.html?tree=area_rest_tree_json&manage=1 HTTP/1.1" 200 3499
124.78.158.199 - - [13/Mar/2023:10:54:04 +0800] "GET /xingrg/all/function/internal_message.html?_=1678676048112&CODE_STATE=count HTTP/1.1" 200 11
124.78.158.199 - - [13/Mar/2023:10:54:04 +0800] "GET /xingrg/check_reg.html?_=1678676048113 HTTP/1.1" 200 22
124.78.158.199 - - [13/Mar/2023:10:54:04 +0800] "POST /xingrg/load_menu.html HTTP/1.1" 200 11443
124.78.158.199 - - [13/Mar/2023:10:54:05 +0800] "GET /xingrg/all/function/internal_message.html?_=1678676045098&CODE_STATE=getMsg HTTP/1.1" 200 27
180.164.3.199 - - [13/Mar/2023:10:54:06 +0800] "POST /xingrg/kc/buy/cgsh_order_operate.html HTTP/1.1" 200 29260
120.253.135.82 - - [13/Mar/2023:10:54:07 +0800] "GET /xingrg/check_reg.html?_=1678675875826 HTTP/1.1" 200 22
116.225.84.253 - - [13/Mar/2023:10:54:08 +0800] "GET /xingrg/kc/buy/cgsh_order_operate.html?command=get_materiel&rest_code=00105&code=00101008328&supplier_code=00100338&order_time=2023-03-13 HTTP/1.1" 200 410
116.225.84.253 - - [13/Mar/2023:10:54:08 +0800] "GET /xingrg/all/function/internal_message.html?_=1678676049589&CODE_STATE=getMsg HTTP/1.1" 200 27
120.253.135.82 - - [13/Mar/2023:10:54:10 +0800] "GET /xingrg/all/function/internal_message.html?_=1678675878135&CODE_STATE=getMsg HTTP/1.1" 200 27
101.229.22.234 - - [13/Mar/2023:10:54:10 +0800] "GET /xingrg/all/function/internal_message.html?_=1678676050150&CODE_STATE=getMsg HTTP/1.1" 200 27
222.70.182.154 - - [13/Mar/2023:10:54:10 +0800] "GET /xingrg/all/function/internal_message.html?_=1678676318244&CODE_STATE=getMsg HTTP/1.1" 200 27
124.78.158.199 - - [13/Mar/2023:10:54:10 +0800] "POST /xingrg/all/user/operate.html HTTP/1.1" 200 36
124.78.158.199 - - [13/Mar/2023:10:54:11 +0800] "GET /xingrg/index.html?sysBaseUrl=http%3A%2F%2F180.169.147.146%3A18081%2Fxingrg%2F&costTime=1144×tamp=1678676043948 HTTP/1.1" 200 17503
124.78.158.199 - - [13/Mar/2023:10:54:11 +0800] "GET /xingrg/javascript/jquery_easy_ui/themes/default/easyui.css HTTP/1.1" 304 -
124.78.158.199 - - [13/Mar/2023:10:54:11 +0800] "GET /xingrg/javascript/jquery_easy_ui/themes/icon.css HTTP/1.1" 304 -
124.78.158.199 - - [13/Mar/2023:10:54:11 +0800] "GET /xingrg/css/form.css HTTP/1.1" 304 -
124.78.158.199 - - [13/Mar/2023:10:54:11 +0800] "GET /xingrg/javascript/jquery-1.4.2.min.js HTTP/1.1" 304 -
124.78.158.199 - - [13/Mar/2023:10:54:11 +0800] "GET /xingrg/javascript/jquery_easy_ui/jquery.easyui.min.js HTTP/1.1" 304 -
124.78.158.199 - - [13/Mar/2023:10:54:11 +0800] "GET /xingrg/javascript/jquery_easy_ui/easyui-lang-zh_CN.js HTTP/1.1" 304 -
124.78.158.199 - - [13/Mar/2023:10:54:11 +0800] "GET /xingrg/javascript/jquery.form.js HTTP/1.1" 304 -
124.78.158.199 - - [13/Mar/2023:10:54:11 +0800] "GET /xingrg/javascript/jquery.utils.js HTTP/1.1" 304 -
124.78.158.199 - - [13/Mar/2023:10:54:11 +0800] "GET /xingrg/javascript/jquery.timers.js HTTP/1.1" 304 -
124.78.158.199 - - [13/Mar/2023:10:54:11 +0800] "GET /xingrg/images/blue/jxLogo.png HTTP/1.1" 304 -
124.78.158.199 - - [13/Mar/2023:10:54:11 +0800] "GET /xingrg/images/blue/navBackgound.jpg HTTP/1.1" 304 -
124.78.158.199 - - [13/Mar/2023:10:54:11 +0800] "GET /xingrg/javascript/jquery_easy_ui/themes/icons/settle_new.png HTTP/1.1" 304 -
124.78.158.199 - - [13/Mar/2023:10:54:11 +0800] "GET /xingrg/check_reg.html?_=1678676055529 HTTP/1.1" 200 22
124.78.158.199 - - [13/Mar/2023:10:54:11 +0800] "GET /xingrg/all/function/internal_message.html?_=1678676055528&CODE_STATE=count HTTP/1.1" 200 11
124.78.158.199 - - [13/Mar/2023:10:54:11 +0800] "GET /xingrg/javascript/jquery_easy_ui/themes/default/images/tabs_leftarrow.png HTTP/1.1" 304 -
124.78.158.199 - - [13/Mar/2023:10:54:11 +0800] "GET /xingrg/javascript/jquery_easy_ui/themes/default/images/panel_tool_expand.gif HTTP/1.1" 304 -
124.78.158.199 - - [13/Mar/2023:10:54:11 +0800] "GET /xingrg/javascript/jquery_easy_ui/themes/default/images/panel_tool_collapse.gif HTTP/1.1" 304 -
124.78.158.199 - - [13/Mar/2023:10:54:11 +0800] "GET /xingrg/javascript/jquery_easy_ui/themes/default/images/tabs_rightarrow.png HTTP/1.1" 304 -
124.78.158.199 - - [13/Mar/2023:10:54:11 +0800] "GET /xingrg/images/blue/pingpu.png HTTP/1.1" 304 -
124.78.158.199 - - [13/Mar/2023:10:54:11 +0800] "POST /xingrg/all/common/load_tree.html?tree=area_rest_tree_json&manage=1 HTTP/1.1" 200 3499
124.78.158.199 - - [13/Mar/2023:10:54:11 +0800] "POST /xingrg/load_menu.html HTTP/1.1" 200 9959
116.192.124.172 - - [13/Mar/2023:10:54:12 +0800] "GET /xingrg/check_reg.html?_=1678676053618 HTTP/1.1" 200 22
124.78.158.199 - - [13/Mar/2023:10:54:14 +0800] "GET /xingrg/kc/buy/cgsh_order_list.html HTTP/1.1" 200 54434
116.225.84.253 - - [13/Mar/2023:10:54:16 +0800] "GET /xingrg/all/function/internal_message.html?_=1678675900895&CODE_STATE=getMsg HTTP/1.1" 200 27
124.78.158.199 - - [13/Mar/2023:10:54:16 +0800] "POST /xingrg/kc/buy/cgsh_list_operate.html HTTP/1.1" 200 986
180.164.3.199 - - [13/Mar/2023:10:54:17 +0800] "GET /xingrg/all/function/internal_message.html?_=1678676058183&CODE_STATE=getMsg HTTP/1.1" 200 27
222.70.221.209 - - [13/Mar/2023:10:54:24 +0800] "GET /xingrg/all/function/internal_message.html?_=1678676064451&CODE_STATE=getMsg HTTP/1.1" 200 27
116.225.84.253 - - [13/Mar/2023:10:54:25 +0800] "POST /xingrg/kc/buy/cgsh_order_operate.html HTTP/1.1" 200 37
116.225.84.253 - - [13/Mar/2023:10:54:26 +0800] "POST /xingrg/kc/buy/cgsh_order_operate.html HTTP/1.1" 200 3271
116.225.84.253 - - [13/Mar/2023:10:54:28 +0800] "GET /xingrg/kc/print/load_data.html?order_code=212023031304728&kc_code=cgsh&condition= HTTP/1.1" 200 922
124.78.158.199 - - [13/Mar/2023:10:54:28 +0800] "POST /xingrg/kc/buy/cgsh_list_operate.html HTTP/1.1" 200 3282
180.169.147.146 - - [13/Mar/2023:10:54:30 +0800] "GET /xingrg/check_reg.html?_=1678676070138 HTTP/1.1" 200 22
180.169.147.146 - - [13/Mar/2023:10:54:30 +0800] "GET /xingrg/all/function/internal_message.html?_=1678676070186&CODE_STATE=getMsg HTTP/1.1" 200 27
116.225.84.253 - - [13/Mar/2023:10:54:31 +0800] "GET /xingrg/kc/buy/cgsh_order_add.html HTTP/1.1" 200 70043
116.225.84.253 - - [13/Mar/2023:10:54:31 +0800] "GET /xingrg/javascript/easyui/themes/default/validatebox.css HTTP/1.1" 404 1104
116.225.84.253 - - [13/Mar/2023:10:54:31 +0800] "POST /xingrg/kc/buy/cgsh_order_operate.html HTTP/1.1" 200 8245
180.164.3.199 - - [13/Mar/2023:10:54:31 +0800] "GET /xingrg/all/function/internal_message.html?_=1678676072334&CODE_STATE=getMsg HTTP/1.1" 200 27
114.83.219.234 - - [13/Mar/2023:10:54:37 +0800] "GET /xingrg/all/function/internal_message.html?_=1678676076960&CODE_STATE=getMsg HTTP/1.1" 200 27
114.83.219.234 - - [13/Mar/2023:10:54:37 +0800] "GET /xingrg/check_reg.html?_=1678676076963 HTTP/1.1" 200 22
124.78.158.199 - - [13/Mar/2023:10:54:38 +0800] "POST /xingrg/kc/buy/cgsh_list_operate.html HTTP/1.1" 200 562
116.192.124.172 - - [13/Mar/2023:10:54:38 +0800] "GET /xingrg/all/function/internal_message.html?_=1678676078925&CODE_STATE=getMsg HTTP/1.1" 200 27
222.70.182.154 - - [13/Mar/2023:10:54:39 +0800] "GET /xingrg/check_reg.html?_=1678676346949 HTTP/1.1" 200 22
124.77.245.38 - - [13/Mar/2023:10:54:40 +0800] "GET /xingrg/all/function/internal_message.html?_=1678676082009&CODE_STATE=getMsg HTTP/1.1" 200 27
116.238.139.35 - - [13/Mar/2023:10:54:42 +0800] "GET /xingrg/all/function/internal_message.html?_=1678676082797&CODE_STATE=getMsg HTTP/1.1" 200 27
116.225.84.253 - - [13/Mar/2023:10:54:42 +0800] "GET /xingrg/kc/buy/cgsh_order_operate.html?command=get_materiel&rest_code=00105&code=00101001060&supplier_code=00100442&order_time=2023-03-13 HTTP/1.1" 200 419
180.164.3.199 - - [13/Mar/2023:10:54:45 +0800] "POST /xingrg/kc/buy/cgsh_order_operate.html HTTP/1.1" 200 37
124.78.158.199 - - [13/Mar/2023:10:54:45 +0800] "POST /xingrg/kc/buy/cgsh_list_operate.html HTTP/1.1" 200 4
124.79.72.155 - - [13/Mar/2023:10:54:47 +0800] "GET /xingrg/all/function/internal_message.html?_=1678676087858&CODE_STATE=getMsg HTTP/1.1" 200 27
180.164.3.199 - - [13/Mar/2023:10:54:47 +0800] "POST /xingrg/kc/buy/cgsh_order_operate.html HTTP/1.1" 200 29265
124.78.158.199 - - [13/Mar/2023:10:54:49 +0800] "POST /xingrg/kc/base/wldb_list_operate.html HTTP/1.1" 200 2974
124.78.158.199 - - [13/Mar/2023:10:54:50 +0800] "POST /xingrg/kc/base/wldb_list_operate.html HTTP/1.1" 200 424
180.169.147.146 - - [13/Mar/2023:10:54:51 +0800] "GET /xingrg/all/function/internal_message.html?_=1678676091921&CODE_STATE=getMsg HTTP/1.1" 200 27
180.169.147.146 - - [13/Mar/2023:10:54:52 +0800] "GET /xingrg/all/function/internal_message.html?_=1678676092577&CODE_STATE=getMsg HTTP/1.1" 200 27
116.192.124.172 - - [13/Mar/2023:10:54:54 +0800] "GET /xingrg/all/function/internal_message.html?_=1678676094867&CODE_STATE=getMsg HTTP/1.1" 200 27
124.78.158.199 - - [13/Mar/2023:10:54:55 +0800] "POST /xingrg/kc/base/wldb_list_operate.html HTTP/1.1" 200 217
124.78.158.199 - - [13/Mar/2023:10:54:56 +0800] "POST /xingrg/kc/buy/cgsh_list_operate.html HTTP/1.1" 200 2820
124.78.158.199 - - [13/Mar/2023:10:54:57 +0800] "GET /xingrg/kc/base/wldb_order_info.html?code=422023031301081 HTTP/1.1" 200 30396
124.78.158.199 - - [13/Mar/2023:10:54:58 +0800] "GET /xingrg/javascript/easyui/themes/default/validatebox.css HTTP/1.1" 404 1104
124.78.158.199 - - [13/Mar/2023:10:54:58 +0800] "POST /xingrg/kc/base/wldb_order_operate.html HTTP/1.1" 200 2207
116.225.84.253 - - [13/Mar/2023:10:55:01 +0800] "POST /xingrg/kc/buy/cgsh_order_operate.html HTTP/1.1" 200 37
116.224.106.218 - - [13/Mar/2023:10:55:03 +0800] "GET /xingrg/all/function/internal_message.html?_=1678676103252&CODE_STATE=getMsg HTTP/1.1" 302 -
116.224.106.218 - - [13/Mar/2023:10:55:03 +0800] "GET /xingrg/check_reg.html?_=1678676103255 HTTP/1.1" 302 -
114.83.222.182 - - [13/Mar/2023:10:55:03 +0800] "GET /xingrg/all/function/internal_message.html?_=1678676168244&CODE_STATE=getMsg HTTP/1.1" 200 27
180.163.30.100 - - [13/Mar/2023:10:55:05 +0800] "GET /xingrg/all/function/internal_message.html?_=1678676045098&CODE_STATE=getMsg HTTP/1.1" 302 -
180.163.30.100 - - [13/Mar/2023:10:55:05 +0800] "GET /xingrg/login.html HTTP/1.1" 200 7641
124.78.158.199 - - [13/Mar/2023:10:55:05 +0800] "GET /xingrg/all/function/internal_message.html?_=1678676105091&CODE_STATE=getMsg HTTP/1.1" 200 27
58.40.7.146 - - [13/Mar/2023:10:55:05 +0800] "GET /xingrg/login.html HTTP/1.1" 200 7641
116.225.84.253 - - [13/Mar/2023:10:55:05 +0800] "POST /xingrg/kc/buy/cgsh_order_operate.html HTTP/1.1" 200 2666
58.40.7.146 - - [13/Mar/2023:10:55:06 +0800] "GET /favicon.ico HTTP/1.1" 404 -
116.225.84.253 - - [13/Mar/2023:10:55:06 +0800] "GET /xingrg/kc/print/load_data.html?order_code=212023031304729&kc_code=cgsh&condition= HTTP/1.1" 200 680
58.40.7.146 - - [13/Mar/2023:10:55:07 +0800] "POST /xingrg/login.do HTTP/1.1" 302 -
58.40.7.146 - - [13/Mar/2023:10:55:07 +0800] "GET /xingrg/index.html?sysBaseUrl=http%3A%2F%2F180.169.147.146%3A18081%2Fxingrg%2F&costTime=841×tamp=1678676107838 HTTP/1.1" 200 17503
58.40.7.146 - - [13/Mar/2023:10:55:08 +0800] "GET /favicon.ico HTTP/1.1" 404 -
58.40.7.146 - - [13/Mar/2023:10:55:08 +0800] "GET /xingrg/all/function/internal_message.html?_=1678676108907&CODE_STATE=count HTTP/1.1" 200 11
58.40.7.146 - - [13/Mar/2023:10:55:08 +0800] "GET /xingrg/check_reg.html?_=1678676108909 HTTP/1.1" 200 22
58.40.7.146 - - [13/Mar/2023:10:55:08 +0800] "POST /xingrg/all/common/load_tree.html?tree=area_rest_tree_json&manage=1 HTTP/1.1" 200 3499
58.40.7.146 - - [13/Mar/2023:10:55:08 +0800] "POST /xingrg/load_menu.html HTTP/1.1" 200 11564
116.225.84.253 - - [13/Mar/2023:10:55:08 +0800] "GET /xingrg/all/function/internal_message.html?_=1678676109562&CODE_STATE=getMsg HTTP/1.1" 200 27
120.253.135.82 - - [13/Mar/2023:10:55:10 +0800] "GET /xingrg/all/function/internal_message.html?_=1678675938150&CODE_STATE=getMsg HTTP/1.1" 200 27
101.229.22.234 - - [13/Mar/2023:10:55:10 +0800] "GET /xingrg/all/function/internal_message.html?_=1678676110158&CODE_STATE=getMsg HTTP/1.1" 200 27
101.229.22.234 - - [13/Mar/2023:10:55:10 +0800] "GET /xingrg/check_reg.html?_=1678676110164 HTTP/1.1" 200 22
222.70.182.154 - - [13/Mar/2023:10:55:10 +0800] "GET /xingrg/all/function/internal_message.html?_=1678676378230&CODE_STATE=getMsg HTTP/1.1" 200 27
124.78.158.199 - - [13/Mar/2023:10:55:11 +0800] "POST /xingrg/kc/base/wldb_order_operate.html HTTP/1.1" 200 37
116.225.84.253 - - [13/Mar/2023:10:55:11 +0800] "GET /xingrg/kc/buy/cgsh_order_add.html HTTP/1.1" 200 70043
116.225.84.253 - - [13/Mar/2023:10:55:11 +0800] "GET /xingrg/javascript/easyui/themes/default/validatebox.css HTTP/1.1" 404 1104
116.225.84.253 - - [13/Mar/2023:10:55:11 +0800] "POST /xingrg/kc/buy/cgsh_order_operate.html HTTP/1.1" 200 8245
124.78.158.199 - - [13/Mar/2023:10:55:11 +0800] "GET /xingrg/all/function/internal_message.html?_=1678676115541&CODE_STATE=getMsg HTTP/1.1" 200 27
124.78.158.199 - - [13/Mar/2023:10:55:12 +0800] "POST /xingrg/kc/base/wldb_order_operate.html HTTP/1.1" 200 2707
124.78.158.199 - - [13/Mar/2023:10:55:12 +0800] "GET /xingrg/kc/base/wldb_order_info.html?code=422023031301081 HTTP/1.1" 200 30400
124.78.158.199 - - [13/Mar/2023:10:55:12 +0800] "GET /xingrg/javascript/easyui/themes/default/validatebox.css HTTP/1.1" 404 1104
124.78.158.199 - - [13/Mar/2023:10:55:13 +0800] "POST /xingrg/kc/base/wldb_order_operate.html HTTP/1.1" 200 2707
58.40.7.146 - - [13/Mar/2023:10:55:13 +0800] "POST /xingrg/all/user/operate.html HTTP/1.1" 200 36
58.40.7.146 - - [13/Mar/2023:10:55:13 +0800] "GET /xingrg/index.html?sysBaseUrl=http%3A%2F%2F180.169.147.146%3A18081%2Fxingrg%2F&costTime=841×tamp=1678676107838 HTTP/1.1" 200 17509
58.40.7.146 - - [13/Mar/2023:10:55:13 +0800] "GET /xingrg/javascript/jquery_easy_ui/themes/default/easyui.css HTTP/1.1" 304 -
58.40.7.146 - - [13/Mar/2023:10:55:13 +0800] "GET /xingrg/javascript/jquery_easy_ui/themes/icon.css HTTP/1.1" 304 -
58.40.7.146 - - [13/Mar/2023:10:55:13 +0800] "GET /xingrg/css/form.css HTTP/1.1" 304 -
58.40.7.146 - - [13/Mar/2023:10:55:13 +0800] "GET /xingrg/javascript/jquery-1.4.2.min.js HTTP/1.1" 304 -
58.40.7.146 - - [13/Mar/2023:10:55:13 +0800] "GET /xingrg/javascript/jquery_easy_ui/jquery.easyui.min.js HTTP/1.1" 304 -
58.40.7.146 - - [13/Mar/2023:10:55:13 +0800] "GET /xingrg/javascript/jquery_easy_ui/easyui-lang-zh_CN.js HTTP/1.1" 304 -
58.40.7.146 - - [13/Mar/2023:10:55:13 +0800] "GET /xingrg/javascript/jquery.form.js HTTP/1.1" 304 -
58.40.7.146 - - [13/Mar/2023:10:55:13 +0800] "GET /xingrg/javascript/jquery.utils.js HTTP/1.1" 304 -
58.40.7.146 - - [13/Mar/2023:10:55:13 +0800] "GET /xingrg/javascript/jquery.timers.js HTTP/1.1" 304 -
58.40.7.146 - - [13/Mar/2023:10:55:13 +0800] "GET /xingrg/images/blue/jxLogo.png HTTP/1.1" 304 -
58.40.7.146 - - [13/Mar/2023:10:55:13 +0800] "GET /xingrg/images/blue/navBackgound.jpg HTTP/1.1" 304 -
58.40.7.146 - - [13/Mar/2023:10:55:13 +0800] "GET /xingrg/javascript/jquery_easy_ui/themes/icons/settle_new.png HTTP/1.1" 304 -
58.40.7.146 - - [13/Mar/2023:10:55:13 +0800] "GET /xingrg/all/function/internal_message.html?_=1678676114644&CODE_STATE=count HTTP/1.1" 200 11
58.40.7.146 - - [13/Mar/2023:10:55:13 +0800] "GET /xingrg/check_reg.html?_=1678676114646 HTTP/1.1" 200 22
58.40.7.146 - - [13/Mar/2023:10:55:13 +0800] "GET /xingrg/javascript/jquery_easy_ui/themes/default/images/tabs_leftarrow.png HTTP/1.1" 304 -
58.40.7.146 - - [13/Mar/2023:10:55:13 +0800] "GET /xingrg/javascript/jquery_easy_ui/themes/default/images/panel_tool_expand.gif HTTP/1.1" 304 -
58.40.7.146 - - [13/Mar/2023:10:55:13 +0800] "GET /xingrg/javascript/jquery_easy_ui/themes/default/images/panel_tool_collapse.gif HTTP/1.1" 304 -
58.40.7.146 - - [13/Mar/2023:10:55:13 +0800] "GET /xingrg/images/blue/pingpu.png HTTP/1.1" 304 -
58.40.7.146 - - [13/Mar/2023:10:55:13 +0800] "GET /xingrg/javascript/jquery_easy_ui/themes/default/images/tabs_rightarrow.png HTTP/1.1" 304 -
58.40.7.146 - - [13/Mar/2023:10:55:13 +0800] "POST /xingrg/all/common/load_tree.html?tree=area_rest_tree_json&manage=1 HTTP/1.1" 200 3499
58.40.7.146 - - [13/Mar/2023:10:55:14 +0800] "POST /xingrg/load_menu.html HTTP/1.1" 200 9959
58.40.7.146 - - [13/Mar/2023:10:55:15 +0800] "GET /xingrg/kc/base/base_main.html HTTP/1.1" 200 12142
58.40.7.146 - - [13/Mar/2023:10:55:15 +0800] "GET /xingrg/kc/base/check_order_list.html HTTP/1.1" 200 16484
58.40.7.146 - - [13/Mar/2023:10:55:16 +0800] "POST /xingrg/kc/base/check_list_operate.html HTTP/1.1" 200 1566
116.225.84.253 - - [13/Mar/2023:10:55:16 +0800] "GET /xingrg/all/function/internal_message.html?_=1678675960905&CODE_STATE=getMsg HTTP/1.1" 200 27
180.164.3.199 - - [13/Mar/2023:10:55:17 +0800] "GET /xingrg/all/function/internal_message.html?_=1678676118181&CODE_STATE=getMsg HTTP/1.1" 200 27
124.78.158.199 - - [13/Mar/2023:10:55:20 +0800] "POST /xingrg/kc/base/wldb_list_operate.html HTTP/1.1" 200 2975
116.225.84.253 - - [13/Mar/2023:10:55:21 +0800] "GET /xingrg/kc/buy/cgsh_order_operate.html?command=get_materiel&rest_code=00105&code=00101004074&supplier_code=00100312&order_time=2023-03-13 HTTP/1.1" 200 406
124.78.158.199 - - [13/Mar/2023:10:55:21 +0800] "POST /xingrg/kc/base/wldb_list_operate.html HTTP/1.1" 200 301
222.70.221.209 - - [13/Mar/2023:10:55:24 +0800] "GET /xingrg/all/function/internal_message.html?_=1678676124436&CODE_STATE=getMsg HTTP/1.1" 200 27
180.164.3.199 - - [13/Mar/2023:10:55:25 +0800] "POST /xingrg/kc/buy/cgsh_order_operate.html HTTP/1.1" 200 37
124.78.158.199 - - [13/Mar/2023:10:55:26 +0800] "GET /xingrg/kc/base/base_main.html HTTP/1.1" 200 12142
124.78.158.199 - - [13/Mar/2023:10:55:27 +0800] "GET /xingrg/kc/base/wldb_order_list.html HTTP/1.1" 200 19098
180.164.3.199 - - [13/Mar/2023:10:55:28 +0800] "POST /xingrg/kc/buy/cgsh_order_operate.html HTTP/1.1" 200 29269
124.78.158.199 - - [13/Mar/2023:10:55:28 +0800] "POST /xingrg/kc/base/wldb_list_operate.html HTTP/1.1" 200 2975
180.169.147.146 - - [13/Mar/2023:10:55:30 +0800] "GET /xingrg/all/function/internal_message.html?_=1678676130163&CODE_STATE=getMsg HTTP/1.1" 200 27
124.78.158.199 - - [13/Mar/2023:10:55:30 +0800] "GET /xingrg/kc/base/base_main.html HTTP/1.1" 200 12142
180.164.3.199 - - [13/Mar/2023:10:55:31 +0800] "GET /xingrg/all/function/internal_message.html?_=1678676132319&CODE_STATE=getMsg HTTP/1.1" 200 27
124.78.158.199 - - [13/Mar/2023:10:55:31 +0800] "GET /xingrg/kc/base/kc_stocks.html HTTP/1.1" 200 16506
116.225.84.253 - - [13/Mar/2023:10:55:32 +0800] "GET /xingrg/kc/buy/cgsh_order_operate.html?command=get_materiel&rest_code=00105&code=00101004067&supplier_code=00100312&order_time=2023-03-13 HTTP/1.1" 200 413
124.78.158.199 - - [13/Mar/2023:10:55:32 +0800] "GET /xingrg/javascript/easyui/themes/default/tree.css HTTP/1.1" 404 1090
124.78.158.199 - - [13/Mar/2023:10:55:32 +0800] "POST /xingrg/all/common/load_tree.html?tree=materiel_sort_tree_json HTTP/1.1" 200 9500
124.78.158.199 - - [13/Mar/2023:10:55:33 +0800] "POST /xingrg/all/common/load_combo.html?type=base HTTP/1.1" 200 3227
124.78.158.199 - - [13/Mar/2023:10:55:36 +0800] "POST /xingrg/kc/base/stock_operate.html HTTP/1.1" 200 4346
114.83.219.234 - - [13/Mar/2023:10:55:37 +0800] "GET /xingrg/all/function/internal_message.html?_=1678676136963&CODE_STATE=getMsg HTTP/1.1" 200 27
180.164.3.199 - - [13/Mar/2023:10:55:38 +0800] "GET /xingrg/kc/print/load_config.html?kc_code=cgsh HTTP/1.1" 200 1925
116.192.124.172 - - [13/Mar/2023:10:55:38 +0800] "GET /xingrg/all/function/internal_message.html?_=1678676138927&CODE_STATE=getMsg HTTP/1.1" 200 27
180.164.3.199 - - [13/Mar/2023:10:55:38 +0800] "GET /xingrg/kc/print/load_data.html?order_code=212023031304711&kc_code=cgsh&condition= HTTP/1.1" 200 10794
124.77.245.38 - - [13/Mar/2023:10:55:40 +0800] "GET /xingrg/all/function/internal_message.html?_=1678676142021&CODE_STATE=getMsg HTTP/1.1" 200 27
124.78.158.199 - - [13/Mar/2023:10:55:40 +0800] "GET /xingrg/kc/buy/buy_main.html HTTP/1.1" 200 12412
124.78.158.199 - - [13/Mar/2023:10:55:40 +0800] "GET /xingrg/css/new_ie.css HTTP/1.1" 404 1036
124.78.158.199 - - [13/Mar/2023:10:55:41 +0800] "GET /xingrg/images/yd/bt.gif HTTP/1.1" 404 1040
124.78.158.199 - - [13/Mar/2023:10:55:41 +0800] "GET /xingrg/kc/buy/cgsh_order_list.html HTTP/1.1" 200 54179
58.40.7.146 - - [13/Mar/2023:10:55:42 +0800] "GET /xingrg/kc/base/check_order_info.html?code=452023031200119 HTTP/1.1" 200 26486
58.40.7.146 - - [13/Mar/2023:10:55:42 +0800] "GET /xingrg/dwr/interface/AjaxComOrderService.js HTTP/1.1" 200 18264
58.40.7.146 - - [13/Mar/2023:10:55:42 +0800] "GET /xingrg/dwr/interface/AjaxCheckService.js HTTP/1.1" 200 14003
116.238.139.35 - - [13/Mar/2023:10:55:42 +0800] "GET /xingrg/all/function/internal_message.html?_=1678676142800&CODE_STATE=getMsg HTTP/1.1" 200 27
58.40.7.146 - - [13/Mar/2023:10:55:42 +0800] "GET /xingrg/dwr/engine.js HTTP/1.1" 200 43631
58.40.7.146 - - [13/Mar/2023:10:55:42 +0800] "GET /xingrg/dwr/util.js HTTP/1.1" 304 -
58.40.7.146 - - [13/Mar/2023:10:55:43 +0800] "POST /xingrg/dwr/call/plaincall/AjaxCheckService.loadOrderItems.dwr HTTP/1.1" 200 259751
116.225.84.253 - - [13/Mar/2023:10:55:44 +0800] "GET /xingrg/kc/buy/cgsh_order_operate.html?command=get_materiel&rest_code=00105&code=00101004030&supplier_code=00100312&order_time=2023-03-13 HTTP/1.1" 200 408
124.78.158.199 - - [13/Mar/2023:10:55:45 +0800] "POST /xingrg/kc/buy/cgsh_list_operate.html HTTP/1.1" 200 1872
124.79.72.155 - - [13/Mar/2023:10:55:47 +0800] "GET /xingrg/all/function/internal_message.html?_=1678676147850&CODE_STATE=getMsg HTTP/1.1" 200 27
124.79.72.155 - - [13/Mar/2023:10:55:47 +0800] "GET /xingrg/check_reg.html?_=1678676147859 HTTP/1.1" 200 22
124.78.158.199 - - [13/Mar/2023:10:55:47 +0800] "POST /xingrg/kc/buy/cgsh_list_operate.html HTTP/1.1" 200 562
124.78.158.199 - - [13/Mar/2023:10:55:51 +0800] "GET /xingrg/kc/buy/cgsh_order_info.html?code=212023031304718 HTTP/1.1" 200 69972
124.78.158.199 - - [13/Mar/2023:10:55:51 +0800] "GET /xingrg/javascript/easyui/themes/default/validatebox.css HTTP/1.1" 404 1104
180.169.147.146 - - [13/Mar/2023:10:55:51 +0800] "GET /xingrg/check_reg.html?_=1678676151915 HTTP/1.1" 200 22
180.169.147.146 - - [13/Mar/2023:10:55:51 +0800] "GET /xingrg/all/function/internal_message.html?_=1678676151919&CODE_STATE=getMsg HTTP/1.1" 200 27
124.78.158.199 - - [13/Mar/2023:10:55:52 +0800] "POST /xingrg/kc/buy/cgsh_order_operate.html HTTP/1.1" 200 9143
180.169.147.146 - - [13/Mar/2023:10:55:52 +0800] "GET /xingrg/all/function/internal_message.html?_=1678676152560&CODE_STATE=getMsg HTTP/1.1" 200 27
116.192.124.172 - - [13/Mar/2023:10:55:54 +0800] "GET /xingrg/all/function/internal_message.html?_=1678676154850&CODE_STATE=getMsg HTTP/1.1" 200 27
116.225.84.253 - - [13/Mar/2023:10:56:01 +0800] "POST /xingrg/kc/buy/cgsh_order_operate.html HTTP/1.1" 200 37
116.224.106.218 - - [13/Mar/2023:10:56:03 +0800] "GET /xingrg/all/function/internal_message.html?_=1678676163255&CODE_STATE=getMsg HTTP/1.1" 302 -
116.225.84.253 - - [13/Mar/2023:10:56:03 +0800] "POST /xingrg/kc/buy/cgsh_order_operate.html HTTP/1.1" 200 4421
114.83.222.182 - - [13/Mar/2023:10:56:03 +0800] "GET /xingrg/all/function/internal_message.html?_=1678676228232&CODE_STATE=getMsg HTTP/1.1" 200 27
116.225.84.253 - - [13/Mar/2023:10:56:04 +0800] "GET /xingrg/kc/print/load_data.html?order_code=212023031304730&kc_code=cgsh&condition= HTTP/1.1" 200 1339
124.78.158.199 - - [13/Mar/2023:10:56:05 +0800] "GET /xingrg/all/function/internal_message.html?_=1678676165054&CODE_STATE=getMsg HTTP/1.1" 200 27
116.225.84.253 - - [13/Mar/2023:10:56:08 +0800] "GET /xingrg/kc/buy/cgsh_order_add.html HTTP/1.1" 200 70043
116.225.84.253 - - [13/Mar/2023:10:56:08 +0800] "POST /xingrg/kc/buy/cgsh_order_operate.html HTTP/1.1" 200 8245
116.225.84.253 - - [13/Mar/2023:10:56:08 +0800] "GET /xingrg/javascript/easyui/themes/default/validatebox.css HTTP/1.1" 404 1104
116.225.84.253 - - [13/Mar/2023:10:56:08 +0800] "GET /xingrg/all/function/internal_message.html?_=1678676169539&CODE_STATE=getMsg HTTP/1.1" 200 27
120.253.135.82 - - [13/Mar/2023:10:56:10 +0800] "GET /xingrg/all/function/internal_message.html?_=1678675998163&CODE_STATE=getMsg HTTP/1.1" 200 27
101.229.22.234 - - [13/Mar/2023:10:56:10 +0800] "GET /xingrg/all/function/internal_message.html?_=1678676170152&CODE_STATE=getMsg HTTP/1.1" 200 27
222.70.182.154 - - [13/Mar/2023:10:56:10 +0800] "GET /xingrg/all/function/internal_message.html?_=1678676438213&CODE_STATE=getMsg HTTP/1.1" 200 27
124.78.158.199 - - [13/Mar/2023:10:56:11 +0800] "GET /xingrg/all/function/internal_message.html?_=1678676175542&CODE_STATE=getMsg HTTP/1.1" 200 27
124.78.158.199 - - [13/Mar/2023:10:56:12 +0800] "POST /xingrg/kc/buy/cgsh_order_operate.html HTTP/1.1" 200 37
58.40.7.146 - - [13/Mar/2023:10:56:13 +0800] "GET /xingrg/all/function/internal_message.html?_=1678676174656&CODE_STATE=getMsg HTTP/1.1" 200 27
124.78.158.199 - - [13/Mar/2023:10:56:14 +0800] "POST /xingrg/kc/buy/cgsh_order_operate.html HTTP/1.1" 200 5592
116.225.84.253 - - [13/Mar/2023:10:56:16 +0800] "GET /xingrg/all/function/internal_message.html?_=1678676020891&CODE_STATE=getMsg HTTP/1.1" 200 27
116.225.84.253 - - [13/Mar/2023:10:56:17 +0800] "GET /xingrg/kc/buy/cgsh_order_operate.html?command=get_materiel&rest_code=00105&code=00101002035&supplier_code=00100088&order_time=2023-03-13 HTTP/1.1" 200 418
180.164.3.199 - - [13/Mar/2023:10:56:17 +0800] "GET /xingrg/all/function/internal_message.html?_=1678676178177&CODE_STATE=getMsg HTTP/1.1" 200 27
116.225.84.253 - - [13/Mar/2023:10:56:17 +0800] "GET /xingrg/check_reg.html?_=1678676022369 HTTP/1.1" 200 22
58.40.7.146 - - [13/Mar/2023:10:56:18 +0800] "POST /xingrg/kc/base/check_list_operate.html HTTP/1.1" 200 3013
124.78.158.199 - - [13/Mar/2023:10:56:19 +0800] "POST /xingrg/kc/buy/cgsh_list_operate.html HTTP/1.1" 200 1870
124.78.158.199 - - [13/Mar/2023:10:56:21 +0800] "POST /xingrg/kc/buy/cgsh_list_operate.html HTTP/1.1" 200 562
124.78.158.199 - - [13/Mar/2023:10:56:23 +0800] "GET /xingrg/kc/buy/cgsh_order_info.html?code=212023031304718 HTTP/1.1" 200 69972
124.78.158.199 - - [13/Mar/2023:10:56:24 +0800] "GET /xingrg/javascript/easyui/themes/default/validatebox.css HTTP/1.1" 404 1104
222.70.221.209 - - [13/Mar/2023:10:56:24 +0800] "GET /xingrg/all/function/internal_message.html?_=1678676184411&CODE_STATE=getMsg HTTP/1.1" 200 27
124.78.158.199 - - [13/Mar/2023:10:56:25 +0800] "POST /xingrg/kc/buy/cgsh_order_operate.html HTTP/1.1" 200 5592
116.238.139.35 - - [13/Mar/2023:10:56:27 +0800] "GET /xingrg/check_reg.html?_=1678676119586 HTTP/1.1" 302 -
116.225.84.253 - - [13/Mar/2023:10:56:29 +0800] "POST /xingrg/kc/buy/cgsh_order_operate.html HTTP/1.1" 200 37
180.169.147.146 - - [13/Mar/2023:10:56:30 +0800] "GET /xingrg/all/function/internal_message.html?_=1678676190159&CODE_STATE=getMsg HTTP/1.1" 200 27
124.77.245.38 - - [13/Mar/2023:10:56:31 +0800] "GET /xingrg/check_reg.html?_=1678676192810 HTTP/1.1" 200 22
124.78.158.199 - - [13/Mar/2023:10:56:31 +0800] "POST /xingrg/kc/buy/cgsh_order_operate.html HTTP/1.1" 200 37
116.225.84.253 - - [13/Mar/2023:10:56:31 +0800] "POST /xingrg/kc/buy/cgsh_order_operate.html HTTP/1.1" 200 2665
180.163.29.206 - - [13/Mar/2023:10:56:31 +0800] "GET /xingrg/kc/base/kc_stocks.html HTTP/1.1" 302 -
180.164.3.199 - - [13/Mar/2023:10:56:31 +0800] "GET /xingrg/all/function/internal_message.html?_=1678676192304&CODE_STATE=getMsg HTTP/1.1" 200 27
180.163.29.206 - - [13/Mar/2023:10:56:31 +0800] "GET /xingrg/login.html HTTP/1.1" 200 7641
116.225.84.253 - - [13/Mar/2023:10:56:33 +0800] "GET /xingrg/kc/print/load_data.html?order_code=212023031304731&kc_code=cgsh&condition= HTTP/1.1" 200 753
114.83.219.234 - - [13/Mar/2023:10:56:37 +0800] "GET /xingrg/all/function/internal_message.html?_=1678676196987&CODE_STATE=getMsg HTTP/1.1" 200 27
116.192.124.172 - - [13/Mar/2023:10:56:38 +0800] "GET /xingrg/all/function/internal_message.html?_=1678676198898&CODE_STATE=getMsg HTTP/1.1" 200 27
124.78.158.199 - - [13/Mar/2023:10:56:38 +0800] "POST /xingrg/kc/buy/cgsh_order_operate.html HTTP/1.1" 200 12
124.77.245.38 - - [13/Mar/2023:10:56:40 +0800] "GET /xingrg/all/function/internal_message.html?_=1678676202035&CODE_STATE=getMsg HTTP/1.1" 200 27
116.238.139.35 - - [13/Mar/2023:10:56:42 +0800] "GET /xingrg/all/function/internal_message.html?_=1678676202801&CODE_STATE=getMsg HTTP/1.1" 200 27
116.225.84.253 - - [13/Mar/2023:10:56:46 +0800] "GET /xingrg/kc/buy/cgsh_order_add.html HTTP/1.1" 200 70043
116.225.84.253 - - [13/Mar/2023:10:56:47 +0800] "POST /xingrg/kc/buy/cgsh_order_operate.html HTTP/1.1" 200 8245
116.225.84.253 - - [13/Mar/2023:10:56:47 +0800] "GET /xingrg/javascript/easyui/themes/default/validatebox.css HTTP/1.1" 404 1104
124.78.158.199 - - [13/Mar/2023:10:56:47 +0800] "GET /xingrg/kc/buy/cgsh_order_info.html?code=212023031304718 HTTP/1.1" 200 64867
124.79.72.155 - - [13/Mar/2023:10:56:47 +0800] "GET /xingrg/all/function/internal_message.html?_=1678676207865&CODE_STATE=getMsg HTTP/1.1" 200 27
124.78.158.199 - - [13/Mar/2023:10:56:48 +0800] "GET /xingrg/javascript/easyui/themes/default/validatebox.css HTTP/1.1" 404 1104
124.78.158.199 - - [13/Mar/2023:10:56:48 +0800] "POST /xingrg/kc/buy/cgsh_order_operate.html HTTP/1.1" 200 3540
180.169.147.146 - - [13/Mar/2023:10:56:51 +0800] "GET /xingrg/all/function/internal_message.html?_=1678676211905&CODE_STATE=getMsg HTTP/1.1" 200 27
180.169.147.146 - - [13/Mar/2023:10:56:52 +0800] "GET /xingrg/all/function/internal_message.html?_=1678676212544&CODE_STATE=getMsg HTTP/1.1" 200 27
116.192.124.172 - - [13/Mar/2023:10:56:54 +0800] "GET /xingrg/all/function/internal_message.html?_=1678676214835&CODE_STATE=getMsg HTTP/1.1" 200 27
124.78.158.199 - - [13/Mar/2023:10:56:55 +0800] "GET /xingrg/kc/print/load_data.html?order_code=212023031304718&kc_code=cgsh&condition= HTTP/1.1" 200 1829
116.225.84.253 - - [13/Mar/2023:10:56:56 +0800] "GET /xingrg/kc/buy/cgsh_order_operate.html?command=get_materiel&rest_code=00105&code=00101001045&supplier_code=00100439&order_time=2023-03-13 HTTP/1.1" 200 421
180.164.3.199 - - [13/Mar/2023:10:57:00 +0800] "POST /xingrg/kc/buy/cgsh_order_operate.html HTTP/1.1" 200 37
124.78.158.199 - - [13/Mar/2023:10:57:02 +0800] "GET /xingrg/kc/print/load_data.html?order_code=212023031304718&kc_code=cgsh HTTP/1.1" 200 1829
116.224.106.218 - - [13/Mar/2023:10:57:03 +0800] "GET /xingrg/all/function/internal_message.html?_=1678676223248&CODE_STATE=getMsg HTTP/1.1" 302 -
114.83.222.182 - - [13/Mar/2023:10:57:03 +0800] "GET /xingrg/all/function/internal_message.html?_=1678676288247&CODE_STATE=getMsg HTTP/1.1" 200 27
180.164.3.199 - - [13/Mar/2023:10:57:03 +0800] "POST /xingrg/kc/buy/cgsh_order_operate.html HTTP/1.1" 200 29269
180.163.30.76 - - [13/Mar/2023:10:57:05 +0800] "GET /xingrg/all/function/internal_message.html?_=1678676165054&CODE_STATE=getMsg HTTP/1.1" 302 -
180.163.30.76 - - [13/Mar/2023:10:57:05 +0800] "GET /xingrg/login.html HTTP/1.1" 200 7641
124.78.158.199 - - [13/Mar/2023:10:57:05 +0800] "GET /xingrg/check_reg.html?_=1678676224949 HTTP/1.1" 200 22
124.78.158.199 - - [13/Mar/2023:10:57:05 +0800] "GET /xingrg/all/function/internal_message.html?_=1678676225055&CODE_STATE=getMsg HTTP/1.1" 200 27
116.225.84.253 - - [13/Mar/2023:10:57:08 +0800] "GET /xingrg/all/function/internal_message.html?_=1678676229575&CODE_STATE=getMsg HTTP/1.1" 200 27
101.229.22.234 - - [13/Mar/2023:10:57:10 +0800] "GET /xingrg/all/function/internal_message.html?_=1678676230153&CODE_STATE=getMsg HTTP/1.1" 200 27
120.253.135.82 - - [13/Mar/2023:10:57:10 +0800] "GET /xingrg/all/function/internal_message.html?_=1678676058277&CODE_STATE=getMsg HTTP/1.1" 200 27
222.70.182.154 - - [13/Mar/2023:10:57:10 +0800] "GET /xingrg/all/function/internal_message.html?_=1678676498190&CODE_STATE=getMsg HTTP/1.1" 200 27
116.225.84.253 - - [13/Mar/2023:10:57:11 +0800] "GET /xingrg/check_reg.html?_=1678676231928 HTTP/1.1" 200 22
124.78.158.199 - - [13/Mar/2023:10:57:11 +0800] "GET /xingrg/all/function/internal_message.html?_=1678676235530&CODE_STATE=getMsg HTTP/1.1" 200 27
180.164.3.199 - - [13/Mar/2023:10:57:12 +0800] "GET /xingrg/kc/mdqp/qp_main.html HTTP/1.1" 200 10633
180.164.3.199 - - [13/Mar/2023:10:57:12 +0800] "GET /xingrg/images/blue/button/qqpsd.gif HTTP/1.1" 200 2548
180.164.3.199 - - [13/Mar/2023:10:57:12 +0800] "GET /xingrg/images/blue/button/psshd.gif HTTP/1.1" 200 2692
180.164.3.199 - - [13/Mar/2023:10:57:12 +0800] "GET /xingrg/images/blue/button/pszx.gif HTTP/1.1" 200 2648
116.225.84.253 - - [13/Mar/2023:10:57:13 +0800] "GET /xingrg/kc/buy/cgsh_order_operate.html?command=get_materiel&rest_code=00105&code=00101001138&supplier_code=00100439&order_time=2023-03-13 HTTP/1.1" 200 413
58.40.7.146 - - [13/Mar/2023:10:57:13 +0800] "GET /xingrg/all/function/internal_message.html?_=1678676234660&CODE_STATE=getMsg HTTP/1.1" 200 27
180.164.3.199 - - [13/Mar/2023:10:57:14 +0800] "GET /xingrg/images/yd/bt.gif HTTP/1.1" 404 1040
116.225.84.253 - - [13/Mar/2023:10:57:16 +0800] "GET /xingrg/all/function/internal_message.html?_=1678676080871&CODE_STATE=getMsg HTTP/1.1" 200 27
180.164.3.199 - - [13/Mar/2023:10:57:17 +0800] "GET /xingrg/kc/mdqp/qqps_order_list.html HTTP/1.1" 200 9222
180.164.3.199 - - [13/Mar/2023:10:57:17 +0800] "GET /xingrg/dwr/interface/AjaxReportQueryService.js HTTP/1.1" 200 13203
180.164.3.199 - - [13/Mar/2023:10:57:17 +0800] "GET /xingrg/dwr/interface/AjaxQqpsService.js HTTP/1.1" 200 16326
180.164.3.199 - - [13/Mar/2023:10:57:17 +0800] "GET /xingrg/dwr/engine.js HTTP/1.1" 200 43631
180.164.3.199 - - [13/Mar/2023:10:57:17 +0800] "GET /xingrg/dwr/util.js HTTP/1.1" 304 -
180.164.3.199 - - [13/Mar/2023:10:57:17 +0800] "GET /xingrg/all/function/internal_message.html?_=1678676238171&CODE_STATE=getMsg HTTP/1.1" 200 27
180.164.3.199 - - [13/Mar/2023:10:57:17 +0800] "GET /xingrg/check_reg.html?_=1678676238174 HTTP/1.1" 200 22
180.164.3.199 - - [13/Mar/2023:10:57:19 +0800] "GET /xingrg/kc/mdqp/qqps_order_list.html?isQuery=1&timeSelect=1&orderTime=day&startTime=2023-03-13&endTime=2023-03-13&state=all&query=%C8%B7++%B6%A8 HTTP/1.1" 200 9321
180.164.3.199 - - [13/Mar/2023:10:57:19 +0800] "GET /xingrg/dwr/interface/AjaxQqpsService.js HTTP/1.1" 200 16326
180.164.3.199 - - [13/Mar/2023:10:57:19 +0800] "GET /xingrg/dwr/interface/AjaxReportQueryService.js HTTP/1.1" 200 13203
180.164.3.199 - - [13/Mar/2023:10:57:19 +0800] "GET /xingrg/dwr/engine.js HTTP/1.1" 200 43631
180.164.3.199 - - [13/Mar/2023:10:57:22 +0800] "GET /xingrg/kc/mdqp/qqps_order_add.html HTTP/1.1" 200 28241
180.164.3.199 - - [13/Mar/2023:10:57:22 +0800] "GET /xingrg/dwr/interface/AjaxComOrderService.js HTTP/1.1" 200 18264
180.164.3.199 - - [13/Mar/2023:10:57:22 +0800] "GET /xingrg/dwr/interface/AjaxQqpsService.js HTTP/1.1" 200 16326
180.164.3.199 - - [13/Mar/2023:10:57:22 +0800] "GET /xingrg/dwr/engine.js HTTP/1.1" 200 43631
222.70.221.209 - - [13/Mar/2023:10:57:24 +0800] "GET /xingrg/all/function/internal_message.html?_=1678676244392&CODE_STATE=getMsg HTTP/1.1" 200 27
116.225.84.253 - - [13/Mar/2023:10:57:24 +0800] "POST /xingrg/kc/buy/cgsh_order_operate.html HTTP/1.1" 200 37
222.70.221.209 - - [13/Mar/2023:10:57:25 +0800] "GET /xingrg/check_reg.html?_=1678676245137 HTTP/1.1" 200 22
116.225.84.253 - - [13/Mar/2023:10:57:26 +0800] "POST /xingrg/kc/buy/cgsh_order_operate.html HTTP/1.1" 200 2662
116.225.84.253 - - [13/Mar/2023:10:57:28 +0800] "GET /xingrg/kc/print/load_data.html?order_code=212023031304732&kc_code=cgsh&condition= HTTP/1.1" 200 673
180.169.147.146 - - [13/Mar/2023:10:57:30 +0800] "GET /xingrg/all/function/internal_message.html?_=1678676250155&CODE_STATE=getMsg HTTP/1.1" 200 27
116.225.84.253 - - [13/Mar/2023:10:57:31 +0800] "GET /xingrg/kc/buy/cgsh_order_add.html HTTP/1.1" 200 70043
180.164.3.199 - - [13/Mar/2023:10:57:31 +0800] "GET /xingrg/all/function/internal_message.html?_=1678676252278&CODE_STATE=getMsg HTTP/1.1" 200 27
116.225.84.253 - - [13/Mar/2023:10:57:31 +0800] "POST /xingrg/kc/buy/cgsh_order_operate.html HTTP/1.1" 200 8245
116.225.84.253 - - [13/Mar/2023:10:57:31 +0800] "GET /xingrg/javascript/easyui/themes/default/validatebox.css HTTP/1.1" 404 1104
180.164.3.199 - - [13/Mar/2023:10:57:33 +0800] "POST /xingrg/dwr/call/plaincall/AjaxQqpsService.saveOrder.dwr HTTP/1.1" 200 78
180.164.3.199 - - [13/Mar/2023:10:57:35 +0800] "GET /xingrg/javascript/auto/indicator.gif HTTP/1.1" 404 1066
114.83.219.234 - - [13/Mar/2023:10:57:37 +0800] "GET /xingrg/all/function/internal_message.html?_=1678676256989&CODE_STATE=getMsg HTTP/1.1" 200 27
116.192.124.172 - - [13/Mar/2023:10:57:38 +0800] "GET /xingrg/all/function/internal_message.html?_=1678676258887&CODE_STATE=getMsg HTTP/1.1" 200 27
124.77.245.38 - - [13/Mar/2023:10:57:40 +0800] "GET /xingrg/all/function/internal_message.html?_=1678676262049&CODE_STATE=getMsg HTTP/1.1" 200 27
116.225.84.253 - - [13/Mar/2023:10:57:42 +0800] "GET /xingrg/kc/buy/cgsh_order_operate.html?command=get_materiel&rest_code=00105&code=00101006064&supplier_code=00100329&order_time=2023-03-13 HTTP/1.1" 200 421
116.238.139.35 - - [13/Mar/2023:10:57:42 +0800] "GET /xingrg/all/function/internal_message.html?_=1678676262802&CODE_STATE=getMsg HTTP/1.1" 200 27
116.238.139.35 - - [13/Mar/2023:10:57:42 +0800] "GET /xingrg/check_reg.html?_=1678676262806 HTTP/1.1" 200 22
124.79.72.155 - - [13/Mar/2023:10:57:47 +0800] "GET /xingrg/all/function/internal_message.html?_=1678676267860&CODE_STATE=getMsg HTTP/1.1" 200 27
180.169.147.146 - - [13/Mar/2023:10:57:51 +0800] "GET /xingrg/all/function/internal_message.html?_=1678676271903&CODE_STATE=getMsg HTTP/1.1" 200 27
180.169.147.146 - - [13/Mar/2023:10:57:52 +0800] "GET /xingrg/all/function/internal_message.html?_=1678676272525&CODE_STATE=getMsg HTTP/1.1" 200 27
116.192.124.172 - - [13/Mar/2023:10:57:54 +0800] "GET /xingrg/all/function/internal_message.html?_=1678676274821&CODE_STATE=getMsg HTTP/1.1" 200 27
180.163.29.217 - - [13/Mar/2023:10:57:55 +0800] "GET /xingrg/kc/print/load_data.html?order_code=212023031304718&kc_code=cgsh&condition= HTTP/1.1" 302 -
180.163.29.217 - - [13/Mar/2023:10:57:55 +0800] "GET /xingrg/login.html HTTP/1.1" 200 7641
116.192.124.172 - - [13/Mar/2023:10:57:59 +0800] "GET /xingrg/check_reg.html?_=1678676279939 HTTP/1.1" 200 22
116.225.84.253 - - [13/Mar/2023:10:58:00 +0800] "GET /xingrg/kc/buy/cgsh_order_operate.html?command=get_materiel&rest_code=00105&code=00101010351&supplier_code=00100329&order_time=2023-03-13 HTTP/1.1" 200 456
116.224.106.218 - - [13/Mar/2023:10:58:03 +0800] "GET /xingrg/all/function/internal_message.html?_=1678676283248&CODE_STATE=getMsg HTTP/1.1" 302 -
114.83.222.182 - - [13/Mar/2023:10:58:03 +0800] "GET /xingrg/all/function/internal_message.html?_=1678676348233&CODE_STATE=getMsg HTTP/1.1" 200 27
124.78.158.199 - - [13/Mar/2023:10:58:05 +0800] "GET /xingrg/all/function/internal_message.html?_=1678676285030&CODE_STATE=getMsg HTTP/1.1" 200 27
222.67.232.202 - - [13/Mar/2023:10:58:09 +0800] "GET /xingrg/check_reg.html?_=1678675840834 HTTP/1.1" 200 22
101.229.22.234 - - [13/Mar/2023:10:58:10 +0800] "GET /xingrg/all/function/internal_message.html?_=1678676290154&CODE_STATE=getMsg HTTP/1.1" 200 27
