124.79.72.155 - - [13/Mar/2023:10:47:10 +0800] "POST /xingrg/dwr/call/plaincall/AjaxCheckService.setItemNumber.dwr HTTP/1.1" 200 78
222.70.182.154 - - [13/Mar/2023:10:47:10 +0800] "GET /xingrg/all/function/internal_message.html?_=1678675898296&CODE_STATE=getMsg HTTP/1.1" 200 27
124.79.72.155 - - [13/Mar/2023:10:47:11 +0800] "POST /xingrg/dwr/call/plaincall/AjaxCheckService.setItemNumber.dwr HTTP/1.1" 200 78
116.225.84.253 - - [13/Mar/2023:10:47:11 +0800] "GET /xingrg/check_reg.html?_=1678675631886 HTTP/1.1" 200 22
124.79.72.155 - - [13/Mar/2023:10:47:13 +0800] "POST /xingrg/dwr/call/plaincall/AjaxCheckService.setItemNumber.dwr HTTP/1.1" 200 78
124.79.72.155 - - [13/Mar/2023:10:47:13 +0800] "POST /xingrg/dwr/call/plaincall/AjaxCheckService.setItemNumber.dwr HTTP/1.1" 200 78
124.79.72.155 - - [13/Mar/2023:10:47:14 +0800] "POST /xingrg/dwr/call/plaincall/AjaxCheckService.setItemNumber.dwr HTTP/1.1" 200 78
124.79.72.155 - - [13/Mar/2023:10:47:14 +0800] "POST /xingrg/dwr/call/plaincall/AjaxCheckService.setItemNumber.dwr HTTP/1.1" 200 78
124.79.72.155 - - [13/Mar/2023:10:47:15 +0800] "POST /xingrg/dwr/call/plaincall/AjaxCheckService.setItemNumber.dwr HTTP/1.1" 200 78
116.238.139.35 - - [13/Mar/2023:10:47:15 +0800] "POST /xingrg/kc/base/wldb_order_operate.html HTTP/1.1" 200 37
124.79.72.155 - - [13/Mar/2023:10:47:15 +0800] "POST /xingrg/dwr/call/plaincall/AjaxCheckService.setItemNumber.dwr HTTP/1.1" 200 78
116.238.139.35 - - [13/Mar/2023:10:47:16 +0800] "POST /xingrg/kc/base/wldb_order_operate.html HTTP/1.1" 200 7609
124.79.72.155 - - [13/Mar/2023:10:47:16 +0800] "POST /xingrg/dwr/call/plaincall/AjaxCheckService.setItemNumber.dwr HTTP/1.1" 200 78
116.225.84.253 - - [13/Mar/2023:10:47:16 +0800] "GET /xingrg/all/function/internal_message.html?_=1678675481003&CODE_STATE=getMsg HTTP/1.1" 200 27
124.79.72.155 - - [13/Mar/2023:10:47:16 +0800] "POST /xingrg/dwr/call/plaincall/AjaxCheckService.setItemNumber.dwr HTTP/1.1" 200 78
124.79.72.155 - - [13/Mar/2023:10:47:17 +0800] "POST /xingrg/dwr/call/plaincall/AjaxCheckService.setItemNumber.dwr HTTP/1.1" 200 78
124.79.72.155 - - [13/Mar/2023:10:47:17 +0800] "POST /xingrg/dwr/call/plaincall/AjaxCheckService.setItemNumber.dwr HTTP/1.1" 200 78
180.164.3.199 - - [13/Mar/2023:10:47:17 +0800] "GET /xingrg/all/function/internal_message.html?_=1678675638162&CODE_STATE=getMsg HTTP/1.1" 200 27
180.164.3.199 - - [13/Mar/2023:10:47:17 +0800] "GET /xingrg/check_reg.html?_=1678675638166 HTTP/1.1" 200 22
124.79.72.155 - - [13/Mar/2023:10:47:17 +0800] "POST /xingrg/dwr/call/plaincall/AjaxCheckService.setItemNumber.dwr HTTP/1.1" 200 78
124.79.72.155 - - [13/Mar/2023:10:47:18 +0800] "POST /xingrg/dwr/call/plaincall/AjaxCheckService.setItemNumber.dwr HTTP/1.1" 200 78
124.79.72.155 - - [13/Mar/2023:10:47:18 +0800] "POST /xingrg/dwr/call/plaincall/AjaxCheckService.setItemNumber.dwr HTTP/1.1" 200 78
124.79.72.155 - - [13/Mar/2023:10:47:19 +0800] "POST /xingrg/dwr/call/plaincall/AjaxCheckService.setItemNumber.dwr HTTP/1.1" 200 78
124.79.72.155 - - [13/Mar/2023:10:47:19 +0800] "POST /xingrg/dwr/call/plaincall/AjaxCheckService.setItemNumber.dwr HTTP/1.1" 200 78
124.79.72.155 - - [13/Mar/2023:10:47:19 +0800] "POST /xingrg/dwr/call/plaincall/AjaxCheckService.setItemNumber.dwr HTTP/1.1" 200 78
124.79.72.155 - - [13/Mar/2023:10:47:19 +0800] "POST /xingrg/dwr/call/plaincall/AjaxCheckService.setItemNumber.dwr HTTP/1.1" 200 78
124.79.72.155 - - [13/Mar/2023:10:47:20 +0800] "POST /xingrg/dwr/call/plaincall/AjaxCheckService.setItemNumber.dwr HTTP/1.1" 200 78
124.79.72.155 - - [13/Mar/2023:10:47:21 +0800] "POST /xingrg/dwr/call/plaincall/AjaxCheckService.setItemNumber.dwr HTTP/1.1" 200 78
124.79.72.155 - - [13/Mar/2023:10:47:21 +0800] "POST /xingrg/dwr/call/plaincall/AjaxCheckService.setItemNumber.dwr HTTP/1.1" 200 78
124.79.240.233 - - [13/Mar/2023:10:47:22 +0800] "POST /xingrg/kc/buy/cgsh_order_operate.html HTTP/1.1" 200 37
124.79.72.155 - - [13/Mar/2023:10:47:22 +0800] "POST /xingrg/dwr/call/plaincall/AjaxCheckService.setItemNumber.dwr HTTP/1.1" 200 78
124.79.72.155 - - [13/Mar/2023:10:47:22 +0800] "POST /xingrg/dwr/call/plaincall/AjaxCheckService.setItemNumber.dwr HTTP/1.1" 200 78
124.79.72.155 - - [13/Mar/2023:10:47:23 +0800] "POST /xingrg/dwr/call/plaincall/AjaxCheckService.setItemNumber.dwr HTTP/1.1" 200 78
124.79.72.155 - - [13/Mar/2023:10:47:23 +0800] "POST /xingrg/dwr/call/plaincall/AjaxCheckService.setItemNumber.dwr HTTP/1.1" 200 78
124.79.72.155 - - [13/Mar/2023:10:47:23 +0800] "POST /xingrg/dwr/call/plaincall/AjaxCheckService.setItemNumber.dwr HTTP/1.1" 200 78
124.79.240.233 - - [13/Mar/2023:10:47:24 +0800] "POST /xingrg/kc/buy/cgsh_order_operate.html HTTP/1.1" 200 19188
124.78.158.199 - - [13/Mar/2023:10:47:24 +0800] "GET /xingrg/kc/buy/cgsh_order_operate.html?command=get_materiel&rest_code=00106&code=00101016025&supplier_code=00100032&order_time=2023-03-13 HTTP/1.1" 200 408
222.70.221.209 - - [13/Mar/2023:10:47:24 +0800] "GET /xingrg/all/function/internal_message.html?_=1678675644559&CODE_STATE=getMsg HTTP/1.1" 200 27
222.70.221.209 - - [13/Mar/2023:10:47:25 +0800] "GET /xingrg/check_reg.html?_=1678675645150 HTTP/1.1" 200 22
124.78.158.199 - - [13/Mar/2023:10:47:25 +0800] "GET /xingrg/all/function/internal_message.html?_=1678675649375&CODE_STATE=getMsg HTTP/1.1" 200 27
124.79.72.155 - - [13/Mar/2023:10:47:26 +0800] "POST /xingrg/dwr/call/plaincall/AjaxCheckService.setItemNumber.dwr HTTP/1.1" 200 78
124.79.240.233 - - [13/Mar/2023:10:47:26 +0800] "GET /xingrg/kc/buy/cgsh_order_add.html HTTP/1.1" 200 70002
124.79.72.155 - - [13/Mar/2023:10:47:26 +0800] "POST /xingrg/dwr/call/plaincall/AjaxCheckService.setItemNumber.dwr HTTP/1.1" 200 78
116.238.139.35 - - [13/Mar/2023:10:47:26 +0800] "POST /xingrg/kc/base/wldb_order_operate.html HTTP/1.1" 200 12
124.79.240.233 - - [13/Mar/2023:10:47:27 +0800] "POST /xingrg/kc/buy/cgsh_order_operate.html HTTP/1.1" 200 8245
124.79.240.233 - - [13/Mar/2023:10:47:27 +0800] "GET /xingrg/javascript/easyui/themes/default/validatebox.css HTTP/1.1" 404 1104
116.238.139.35 - - [13/Mar/2023:10:47:28 +0800] "GET /xingrg/kc/base/wldb_order_info.html?code=422023031301078 HTTP/1.1" 200 26268
116.238.139.35 - - [13/Mar/2023:10:47:29 +0800] "GET /xingrg/javascript/easyui/themes/default/validatebox.css HTTP/1.1" 404 1104
116.238.139.35 - - [13/Mar/2023:10:47:29 +0800] "POST /xingrg/kc/base/wldb_order_operate.html HTTP/1.1" 200 5777
180.169.147.146 - - [13/Mar/2023:10:47:30 +0800] "GET /xingrg/all/function/internal_message.html?_=1678675650314&CODE_STATE=getMsg HTTP/1.1" 200 27
124.79.72.155 - - [13/Mar/2023:10:47:31 +0800] "POST /xingrg/dwr/call/plaincall/AjaxCheckService.setItemNumber.dwr HTTP/1.1" 200 78
124.79.72.155 - - [13/Mar/2023:10:47:31 +0800] "POST /xingrg/dwr/call/plaincall/AjaxCheckService.setItemNumber.dwr HTTP/1.1" 200 78
116.238.139.35 - - [13/Mar/2023:10:47:31 +0800] "GET /xingrg/kc/print/load_config.html?kc_code=wldb HTTP/1.1" 200 2173
180.164.3.199 - - [13/Mar/2023:10:47:31 +0800] "GET /xingrg/all/function/internal_message.html?_=1678675652415&CODE_STATE=getMsg HTTP/1.1" 200 27
124.79.72.155 - - [13/Mar/2023:10:47:32 +0800] "POST /xingrg/dwr/call/plaincall/AjaxCheckService.setItemNumber.dwr HTTP/1.1" 200 78
116.238.139.35 - - [13/Mar/2023:10:47:32 +0800] "GET /xingrg/kc/print/load_data.html?order_code=422023031301078&kc_code=wldb&condition= HTTP/1.1" 200 2284
124.77.245.38 - - [13/Mar/2023:10:47:33 +0800] "GET /xingrg/all/function/internal_message.html?_=1678675654801&CODE_STATE=getMsg HTTP/1.1" 200 27
124.79.72.155 - - [13/Mar/2023:10:47:33 +0800] "POST /xingrg/dwr/call/plaincall/AjaxCheckService.setItemNumber.dwr HTTP/1.1" 200 78
124.78.158.199 - - [13/Mar/2023:10:47:33 +0800] "GET /xingrg/kc/buy/cgsh_order_operate.html?command=get_materiel&rest_code=00106&code=00101020082&supplier_code=00100032&order_time=2023-03-13 HTTP/1.1" 200 409
124.79.72.155 - - [13/Mar/2023:10:47:34 +0800] "POST /xingrg/dwr/call/plaincall/AjaxCheckService.setItemNumber.dwr HTTP/1.1" 200 78
124.79.72.155 - - [13/Mar/2023:10:47:35 +0800] "POST /xingrg/dwr/call/plaincall/AjaxCheckService.setItemNumber.dwr HTTP/1.1" 200 78
124.79.72.155 - - [13/Mar/2023:10:47:35 +0800] "POST /xingrg/dwr/call/plaincall/AjaxCheckService.setItemNumber.dwr HTTP/1.1" 200 78
124.79.72.155 - - [13/Mar/2023:10:47:36 +0800] "POST /xingrg/dwr/call/plaincall/AjaxCheckService.setItemNumber.dwr HTTP/1.1" 200 78
124.79.72.155 - - [13/Mar/2023:10:47:36 +0800] "POST /xingrg/dwr/call/plaincall/AjaxCheckService.setItemNumber.dwr HTTP/1.1" 200 78
124.79.72.155 - - [13/Mar/2023:10:47:37 +0800] "POST /xingrg/dwr/call/plaincall/AjaxCheckService.setItemNumber.dwr HTTP/1.1" 200 78
114.83.219.234 - - [13/Mar/2023:10:47:37 +0800] "GET /xingrg/all/function/internal_message.html?_=1678675656940&CODE_STATE=getMsg HTTP/1.1" 200 27
124.79.72.155 - - [13/Mar/2023:10:47:37 +0800] "POST /xingrg/dwr/call/plaincall/AjaxCheckService.setItemNumber.dwr HTTP/1.1" 200 78
124.79.72.155 - - [13/Mar/2023:10:47:38 +0800] "POST /xingrg/dwr/call/plaincall/AjaxCheckService.setItemNumber.dwr HTTP/1.1" 200 78
124.79.72.155 - - [13/Mar/2023:10:47:38 +0800] "POST /xingrg/dwr/call/plaincall/AjaxCheckService.setItemNumber.dwr HTTP/1.1" 200 78
116.192.124.172 - - [13/Mar/2023:10:47:38 +0800] "GET /xingrg/all/function/internal_message.html?_=1678675659040&CODE_STATE=getMsg HTTP/1.1" 200 27
124.79.72.155 - - [13/Mar/2023:10:47:38 +0800] "POST /xingrg/dwr/call/plaincall/AjaxCheckService.setItemNumber.dwr HTTP/1.1" 200 78
124.79.72.155 - - [13/Mar/2023:10:47:39 +0800] "POST /xingrg/dwr/call/plaincall/AjaxCheckService.setItemNumber.dwr HTTP/1.1" 200 78
124.79.72.155 - - [13/Mar/2023:10:47:39 +0800] "POST /xingrg/dwr/call/plaincall/AjaxCheckService.setItemNumber.dwr HTTP/1.1" 200 78
124.79.72.155 - - [13/Mar/2023:10:47:40 +0800] "POST /xingrg/dwr/call/plaincall/AjaxCheckService.setItemNumber.dwr HTTP/1.1" 200 78
124.79.72.155 - - [13/Mar/2023:10:47:40 +0800] "POST /xingrg/dwr/call/plaincall/AjaxCheckService.setItemNumber.dwr HTTP/1.1" 200 78
124.79.72.155 - - [13/Mar/2023:10:47:41 +0800] "POST /xingrg/dwr/call/plaincall/AjaxCheckService.setItemNumber.dwr HTTP/1.1" 200 78
124.79.72.155 - - [13/Mar/2023:10:47:41 +0800] "POST /xingrg/dwr/call/plaincall/AjaxCheckService.setItemNumber.dwr HTTP/1.1" 200 78
124.79.72.155 - - [13/Mar/2023:10:47:42 +0800] "POST /xingrg/dwr/call/plaincall/AjaxCheckService.setItemRemark.dwr HTTP/1.1" 200 78
116.238.139.35 - - [13/Mar/2023:10:47:42 +0800] "GET /xingrg/check_reg.html?_=1678675662795 HTTP/1.1" 200 22
116.238.139.35 - - [13/Mar/2023:10:47:42 +0800] "GET /xingrg/all/function/internal_message.html?_=1678675662815&CODE_STATE=getMsg HTTP/1.1" 200 27
124.79.72.155 - - [13/Mar/2023:10:47:42 +0800] "POST /xingrg/dwr/call/plaincall/AjaxCheckService.setItemRemark.dwr HTTP/1.1" 200 78
124.78.158.199 - - [13/Mar/2023:10:47:44 +0800] "GET /xingrg/kc/buy/cgsh_order_operate.html?command=get_materiel&rest_code=00106&code=00101016030&supplier_code=00100032&order_time=2023-03-13 HTTP/1.1" 200 412
124.79.240.233 - - [13/Mar/2023:10:47:44 +0800] "GET /xingrg/kc/buy/cgsh_order_operate.html?command=get_materiel&rest_code=00104&code=00101008209&supplier_code=00100007&order_time=2023-03-07 HTTP/1.1" 200 409
124.79.72.155 - - [13/Mar/2023:10:47:47 +0800] "GET /xingrg/all/function/internal_message.html?_=1678675667848&CODE_STATE=getMsg HTTP/1.1" 200 27
180.169.147.146 - - [13/Mar/2023:10:47:51 +0800] "GET /xingrg/all/function/internal_message.html?_=1678675671893&CODE_STATE=getMsg HTTP/1.1" 200 27
180.169.147.146 - - [13/Mar/2023:10:47:52 +0800] "GET /xingrg/all/function/internal_message.html?_=1678675672686&CODE_STATE=getMsg HTTP/1.1" 200 27
124.79.72.155 - - [13/Mar/2023:10:47:52 +0800] "POST /xingrg/dwr/call/plaincall/AjaxCheckService.setItemRemark.dwr HTTP/1.1" 200 78
116.192.124.172 - - [13/Mar/2023:10:47:54 +0800] "GET /xingrg/all/function/internal_message.html?_=1678675674971&CODE_STATE=getMsg HTTP/1.1" 200 27
124.78.158.199 - - [13/Mar/2023:10:47:55 +0800] "GET /xingrg/kc/buy/cgsh_order_operate.html?command=get_materiel&rest_code=00106&code=00101016017&supplier_code=00100032&order_time=2023-03-13 HTTP/1.1" 200 408
222.70.182.154 - - [13/Mar/2023:10:47:56 +0800] "POST /xingrg/all/common/load_tree.html?tree=supplier_tree_json&manage=1 HTTP/1.1" 200 73018
124.79.72.155 - - [13/Mar/2023:10:47:57 +0800] "POST /xingrg/dwr/call/plaincall/AjaxCheckService.setItemRemark.dwr HTTP/1.1" 200 78
124.79.240.233 - - [13/Mar/2023:10:47:58 +0800] "GET /xingrg/kc/buy/cgsh_order_operate.html?command=get_materiel&rest_code=00104&code=00101008032&supplier_code=00100007&order_time=2023-03-07 HTTP/1.1" 200 409
116.192.124.172 - - [13/Mar/2023:10:47:59 +0800] "GET /xingrg/check_reg.html?_=1678675679938 HTTP/1.1" 200 22
124.78.158.199 - - [13/Mar/2023:10:48:03 +0800] "GET /xingrg/kc/buy/cgsh_order_operate.html?command=get_materiel&rest_code=00106&code=00101001111&supplier_code=00100032&order_time=2023-03-13 HTTP/1.1" 200 409
116.224.106.218 - - [13/Mar/2023:10:48:03 +0800] "GET /xingrg/all/function/internal_message.html?_=1678675683258&CODE_STATE=getMsg HTTP/1.1" 302 -
114.83.222.182 - - [13/Mar/2023:10:48:03 +0800] "GET /xingrg/all/function/internal_message.html?_=1678675748251&CODE_STATE=getMsg HTTP/1.1" 200 27
124.78.158.199 - - [13/Mar/2023:10:48:05 +0800] "GET /xingrg/all/function/internal_message.html?_=1678675685180&CODE_STATE=getMsg HTTP/1.1" 200 27
116.225.84.253 - - [13/Mar/2023:10:48:09 +0800] "GET /xingrg/all/function/internal_message.html?_=1678675689727&CODE_STATE=getMsg HTTP/1.1" 200 27
222.67.232.202 - - [13/Mar/2023:10:48:09 +0800] "GET /xingrg/check_reg.html?_=1678675240808 HTTP/1.1" 200 22
120.253.135.82 - - [13/Mar/2023:10:48:09 +0800] "GET /xingrg/all/function/internal_message.html?_=1678675517804&CODE_STATE=getMsg HTTP/1.1" 200 27
101.229.22.234 - - [13/Mar/2023:10:48:10 +0800] "GET /xingrg/all/function/internal_message.html?_=1678675690131&CODE_STATE=getMsg HTTP/1.1" 200 27
222.70.182.154 - - [13/Mar/2023:10:48:10 +0800] "GET /xingrg/all/function/internal_message.html?_=1678675958286&CODE_STATE=getMsg HTTP/1.1" 200 27
124.79.72.155 - - [13/Mar/2023:10:48:14 +0800] "POST /xingrg/dwr/call/plaincall/AjaxCheckService.setItemNumber.dwr HTTP/1.1" 200 78
124.78.158.199 - - [13/Mar/2023:10:48:15 +0800] "GET /xingrg/kc/buy/cgsh_order_operate.html?command=get_materiel&rest_code=00106&code=00101016105&supplier_code=00100032&order_time=2023-03-13 HTTP/1.1" 200 409
116.225.84.253 - - [13/Mar/2023:10:48:16 +0800] "GET /xingrg/all/function/internal_message.html?_=1678675540988&CODE_STATE=getMsg HTTP/1.1" 200 27
124.79.240.233 - - [13/Mar/2023:10:48:17 +0800] "GET /xingrg/kc/buy/cgsh_order_operate.html?command=get_materiel&rest_code=00104&code=00101008123&supplier_code=00100007&order_time=2023-03-07 HTTP/1.1" 200 412
180.164.3.199 - - [13/Mar/2023:10:48:17 +0800] "GET /xingrg/all/function/internal_message.html?_=1678675698178&CODE_STATE=getMsg HTTP/1.1" 200 27
222.70.182.154 - - [13/Mar/2023:10:48:18 +0800] "POST /xingrg/kc/buy/cgsh_list_operate.html HTTP/1.1" 200 6348
222.70.182.154 - - [13/Mar/2023:10:48:23 +0800] "POST /xingrg/kc/buy/cgsh_list_operate.html HTTP/1.1" 200 212
222.70.221.209 - - [13/Mar/2023:10:48:24 +0800] "GET /xingrg/all/function/internal_message.html?_=1678675704542&CODE_STATE=getMsg HTTP/1.1" 200 27
124.78.158.199 - - [13/Mar/2023:10:48:25 +0800] "GET /xingrg/all/function/internal_message.html?_=1678675709349&CODE_STATE=getMsg HTTP/1.1" 200 27
124.79.240.233 - - [13/Mar/2023:10:48:27 +0800] "GET /xingrg/kc/buy/cgsh_order_operate.html?command=get_materiel&rest_code=00104&code=00101009044&supplier_code=00100007&order_time=2023-03-07 HTTP/1.1" 200 413
124.79.240.233 - - [13/Mar/2023:10:48:28 +0800] "GET /xingrg/check_reg.html?_=1678675962040 HTTP/1.1" 200 22
180.169.147.146 - - [13/Mar/2023:10:48:30 +0800] "GET /xingrg/all/function/internal_message.html?_=1678675710302&CODE_STATE=getMsg HTTP/1.1" 200 27
180.164.3.199 - - [13/Mar/2023:10:48:31 +0800] "GET /xingrg/all/function/internal_message.html?_=1678675712398&CODE_STATE=getMsg HTTP/1.1" 200 27
180.164.3.199 - - [13/Mar/2023:10:48:31 +0800] "GET /xingrg/check_reg.html?_=1678675712516 HTTP/1.1" 200 22
124.78.158.199 - - [13/Mar/2023:10:48:32 +0800] "POST /xingrg/kc/buy/cgsh_order_operate.html HTTP/1.1" 200 37
222.70.182.154 - - [13/Mar/2023:10:48:32 +0800] "POST /xingrg/kc/buy/cgsh_list_operate.html HTTP/1.1" 200 4
124.77.245.38 - - [13/Mar/2023:10:48:33 +0800] "GET /xingrg/all/function/internal_message.html?_=1678675714814&CODE_STATE=getMsg HTTP/1.1" 200 27
124.79.72.155 - - [13/Mar/2023:10:48:33 +0800] "GET /xingrg/kc/base/check_order_list.html?isBack=1 HTTP/1.1" 200 16223
124.79.72.155 - - [13/Mar/2023:10:48:33 +0800] "POST /xingrg/kc/base/check_list_operate.html HTTP/1.1" 200 2889
114.83.219.234 - - [13/Mar/2023:10:48:37 +0800] "GET /xingrg/all/function/internal_message.html?_=1678675716952&CODE_STATE=getMsg HTTP/1.1" 200 27
124.77.245.38 - - [13/Mar/2023:10:48:38 +0800] "GET /favicon.ico HTTP/1.1" 404 -
116.192.124.172 - - [13/Mar/2023:10:48:38 +0800] "GET /xingrg/all/function/internal_message.html?_=1678675719020&CODE_STATE=getMsg HTTP/1.1" 200 27
124.78.158.199 - - [13/Mar/2023:10:48:41 +0800] "POST /xingrg/kc/buy/cgsh_order_operate.html HTTP/1.1" 200 116
116.238.139.35 - - [13/Mar/2023:10:48:42 +0800] "GET /xingrg/all/function/internal_message.html?_=1678675722802&CODE_STATE=getMsg HTTP/1.1" 200 27
180.164.3.199 - - [13/Mar/2023:10:48:47 +0800] "POST /xingrg/kc/buy/cgsh_order_operate.html HTTP/1.1" 200 37
124.79.72.155 - - [13/Mar/2023:10:48:47 +0800] "GET /xingrg/all/function/internal_message.html?_=1678675727855&CODE_STATE=getMsg HTTP/1.1" 200 27
222.70.182.154 - - [13/Mar/2023:10:48:50 +0800] "POST /xingrg/kc/buy/cgsh_list_operate.html HTTP/1.1" 200 6323
180.164.3.199 - - [13/Mar/2023:10:48:50 +0800] "POST /xingrg/kc/buy/cgsh_order_operate.html HTTP/1.1" 200 24512
124.79.240.233 - - [13/Mar/2023:10:48:51 +0800] "GET /xingrg/kc/buy/cgsh_order_operate.html?command=get_materiel&rest_code=00104&code=00101008223&supplier_code=00100007&order_time=2023-03-07 HTTP/1.1" 200 23
180.169.147.146 - - [13/Mar/2023:10:48:51 +0800] "GET /xingrg/all/function/internal_message.html?_=1678675731887&CODE_STATE=getMsg HTTP/1.1" 200 27
180.169.147.146 - - [13/Mar/2023:10:48:52 +0800] "GET /xingrg/check_reg.html?_=1678675732414 HTTP/1.1" 200 22
180.169.147.146 - - [13/Mar/2023:10:48:52 +0800] "GET /xingrg/all/function/internal_message.html?_=1678675732682&CODE_STATE=getMsg HTTP/1.1" 200 27
116.192.124.172 - - [13/Mar/2023:10:48:55 +0800] "GET /xingrg/all/function/internal_message.html?_=1678675734956&CODE_STATE=getMsg HTTP/1.1" 200 27
124.78.158.199 - - [13/Mar/2023:10:48:56 +0800] "POST /xingrg/kc/buy/cgsh_order_operate.html HTTP/1.1" 200 37
58.221.95.50 - - [13/Mar/2023:10:48:57 +0800] "GET /xingrg/check_reg.html?_=1678675737745 HTTP/1.1" 302 -
180.164.3.199 - - [13/Mar/2023:10:48:59 +0800] "GET /xingrg/kc/buy/cgsh_order_operate.html?command=get_materiel&rest_code=00108&code=00101008270&supplier_code=00100007&order_time=2023-03-13 HTTP/1.1" 200 412
116.224.106.218 - - [13/Mar/2023:10:49:03 +0800] "GET /xingrg/all/function/internal_message.html?_=1678675743258&CODE_STATE=getMsg HTTP/1.1" 302 -
114.83.222.182 - - [13/Mar/2023:10:49:03 +0800] "GET /xingrg/all/function/internal_message.html?_=1678675808249&CODE_STATE=getMsg HTTP/1.1" 200 27
114.83.222.182 - - [13/Mar/2023:10:49:03 +0800] "GET /xingrg/check_reg.html?_=1678675808250 HTTP/1.1" 200 22
124.78.158.199 - - [13/Mar/2023:10:49:05 +0800] "GET /xingrg/all/function/internal_message.html?_=1678675745148&CODE_STATE=getMsg HTTP/1.1" 200 27
124.78.158.199 - - [13/Mar/2023:10:49:06 +0800] "POST /xingrg/kc/buy/cgsh_order_operate.html HTTP/1.1" 200 12
120.253.135.82 - - [13/Mar/2023:10:49:07 +0800] "GET /xingrg/check_reg.html?_=1678675575715 HTTP/1.1" 200 22
124.78.158.199 - - [13/Mar/2023:10:49:08 +0800] "GET /xingrg/kc/buy/cgsh_order_info.html?code=212023031304718 HTTP/1.1" 200 64867
116.225.84.253 - - [13/Mar/2023:10:49:09 +0800] "GET /xingrg/all/function/internal_message.html?_=1678675749702&CODE_STATE=getMsg HTTP/1.1" 200 27
124.78.158.199 - - [13/Mar/2023:10:49:09 +0800] "GET /xingrg/javascript/easyui/themes/default/validatebox.css HTTP/1.1" 404 1104
120.253.135.82 - - [13/Mar/2023:10:49:09 +0800] "GET /xingrg/all/function/internal_message.html?_=1678675577896&CODE_STATE=getMsg HTTP/1.1" 200 27
101.229.22.234 - - [13/Mar/2023:10:49:10 +0800] "GET /xingrg/all/function/internal_message.html?_=1678675750131&CODE_STATE=getMsg HTTP/1.1" 200 27
124.79.240.233 - - [13/Mar/2023:10:49:10 +0800] "GET /xingrg/kc/buy/cgsh_order_operate.html?command=get_materiel&rest_code=00104&code=00101008355&supplier_code=00100007&order_time=2023-03-07 HTTP/1.1" 200 408
124.78.158.199 - - [13/Mar/2023:10:49:10 +0800] "POST /xingrg/kc/buy/cgsh_order_operate.html HTTP/1.1" 200 7068
222.70.182.154 - - [13/Mar/2023:10:49:10 +0800] "GET /xingrg/all/function/internal_message.html?_=1678676018351&CODE_STATE=getMsg HTTP/1.1" 200 27
116.192.124.172 - - [13/Mar/2023:10:49:12 +0800] "GET /xingrg/check_reg.html?_=1678675753603 HTTP/1.1" 200 22
222.70.182.154 - - [13/Mar/2023:10:49:14 +0800] "GET /xingrg/kc/base/check_order_list.html HTTP/1.1" 200 16484
222.70.182.154 - - [13/Mar/2023:10:49:15 +0800] "POST /xingrg/kc/base/check_list_operate.html HTTP/1.1" 200 2913
116.225.84.253 - - [13/Mar/2023:10:49:16 +0800] "GET /xingrg/all/function/internal_message.html?_=1678675600974&CODE_STATE=getMsg HTTP/1.1" 200 27
222.70.182.154 - - [13/Mar/2023:10:49:16 +0800] "POST /xingrg/kc/base/check_list_operate.html HTTP/1.1" 200 2913
180.164.3.199 - - [13/Mar/2023:10:49:17 +0800] "GET /xingrg/all/function/internal_message.html?_=1678675758172&CODE_STATE=getMsg HTTP/1.1" 200 27
124.77.245.38 - - [13/Mar/2023:10:49:17 +0800] "GET /xingrg/kc/buy/cgsh_order_operate.html?command=get_materiel&rest_code=00146&code=00101012025&supplier_code=00100033&order_time=2023-03-13 HTTP/1.1" 200 412
124.79.240.233 - - [13/Mar/2023:10:49:22 +0800] "GET /xingrg/kc/buy/cgsh_order_operate.html?command=get_materiel&rest_code=00104&code=00101008114&supplier_code=00100007&order_time=2023-03-07 HTTP/1.1" 200 413
124.78.158.199 - - [13/Mar/2023:10:49:23 +0800] "GET /xingrg/check_reg.html?_=1678675766788 HTTP/1.1" 200 22
222.70.221.209 - - [13/Mar/2023:10:49:24 +0800] "GET /xingrg/all/function/internal_message.html?_=1678675764525&CODE_STATE=getMsg HTTP/1.1" 200 27
116.225.84.253 - - [13/Mar/2023:10:49:24 +0800] "GET /xingrg/kc/buy/cgsh_order_add.html HTTP/1.1" 200 70043
116.225.84.253 - - [13/Mar/2023:10:49:25 +0800] "GET /xingrg/javascript/easyui/themes/default/validatebox.css HTTP/1.1" 404 1104
116.225.84.253 - - [13/Mar/2023:10:49:25 +0800] "POST /xingrg/kc/buy/cgsh_order_operate.html HTTP/1.1" 200 8245
124.78.158.199 - - [13/Mar/2023:10:49:25 +0800] "GET /xingrg/all/function/internal_message.html?_=1678675769320&CODE_STATE=getMsg HTTP/1.1" 200 27
180.169.147.146 - - [13/Mar/2023:10:49:30 +0800] "GET /xingrg/check_reg.html?_=1678675770145 HTTP/1.1" 200 22
180.169.147.146 - - [13/Mar/2023:10:49:30 +0800] "GET /xingrg/all/function/internal_message.html?_=1678675770286&CODE_STATE=getMsg HTTP/1.1" 200 27
180.164.3.199 - - [13/Mar/2023:10:49:31 +0800] "GET /xingrg/all/function/internal_message.html?_=1678675772416&CODE_STATE=getMsg HTTP/1.1" 200 27
124.77.245.38 - - [13/Mar/2023:10:49:33 +0800] "GET /xingrg/all/function/internal_message.html?_=1678675774836&CODE_STATE=getMsg HTTP/1.1" 200 27
116.225.84.253 - - [13/Mar/2023:10:49:34 +0800] "GET /xingrg/kc/buy/cgsh_order_operate.html?command=get_materiel&rest_code=00105&code=00101002006&supplier_code=00100091&order_time=2023-03-13 HTTP/1.1" 200 414
124.79.240.233 - - [13/Mar/2023:10:49:36 +0800] "GET /xingrg/kc/buy/cgsh_order_operate.html?command=get_materiel&rest_code=00104&code=00101008321&supplier_code=00100007&order_time=2023-03-07 HTTP/1.1" 200 412
114.83.219.234 - - [13/Mar/2023:10:49:37 +0800] "GET /xingrg/all/function/internal_message.html?_=1678675776955&CODE_STATE=getMsg HTTP/1.1" 200 27
114.83.219.234 - - [13/Mar/2023:10:49:37 +0800] "GET /xingrg/check_reg.html?_=1678675776959 HTTP/1.1" 200 22
116.192.124.172 - - [13/Mar/2023:10:49:38 +0800] "GET /xingrg/all/function/internal_message.html?_=1678675779012&CODE_STATE=getMsg HTTP/1.1" 200 27
222.70.182.154 - - [13/Mar/2023:10:49:39 +0800] "GET /xingrg/check_reg.html?_=1678676046949 HTTP/1.1" 200 22
124.77.245.38 - - [13/Mar/2023:10:49:39 +0800] "GET /xingrg/kc/buy/cgsh_order_operate.html?command=get_materiel&rest_code=00146&code=00101016080&supplier_code=00100033&order_time=2023-03-13 HTTP/1.1" 200 408
116.238.139.35 - - [13/Mar/2023:10:49:42 +0800] "GET /xingrg/all/function/internal_message.html?_=1678675782802&CODE_STATE=getMsg HTTP/1.1" 200 27
124.79.240.233 - - [13/Mar/2023:10:49:46 +0800] "GET /xingrg/kc/buy/cgsh_order_operate.html?command=get_materiel&rest_code=00104&code=00101008219&supplier_code=00100007&order_time=2023-03-07 HTTP/1.1" 200 412
124.79.72.155 - - [13/Mar/2023:10:49:47 +0800] "GET /xingrg/all/function/internal_message.html?_=1678675787855&CODE_STATE=getMsg HTTP/1.1" 200 27
116.225.84.253 - - [13/Mar/2023:10:49:49 +0800] "POST /xingrg/kc/buy/cgsh_order_operate.html HTTP/1.1" 200 37
116.225.84.253 - - [13/Mar/2023:10:49:51 +0800] "POST /xingrg/kc/buy/cgsh_order_operate.html HTTP/1.1" 200 2661
180.169.147.146 - - [13/Mar/2023:10:49:51 +0800] "GET /xingrg/all/function/internal_message.html?_=1678675791891&CODE_STATE=getMsg HTTP/1.1" 200 27
116.225.84.253 - - [13/Mar/2023:10:49:52 +0800] "GET /xingrg/kc/print/load_data.html?order_code=212023031304719&kc_code=cgsh&condition= HTTP/1.1" 200 740
180.169.147.146 - - [13/Mar/2023:10:49:52 +0800] "GET /xingrg/all/function/internal_message.html?_=1678675792656&CODE_STATE=getMsg HTTP/1.1" 200 27
116.192.124.172 - - [13/Mar/2023:10:49:54 +0800] "GET /xingrg/all/function/internal_message.html?_=1678675794943&CODE_STATE=getMsg HTTP/1.1" 200 27
124.77.245.38 - - [13/Mar/2023:10:49:55 +0800] "GET /xingrg/kc/buy/cgsh_order_operate.html?command=get_materiel&rest_code=00146&code=00101016025&supplier_code=00100033&order_time=2023-03-13 HTTP/1.1" 200 408
116.225.84.253 - - [13/Mar/2023:10:49:56 +0800] "GET /xingrg/kc/buy/cgsh_order_add.html HTTP/1.1" 200 70043
116.225.84.253 - - [13/Mar/2023:10:49:56 +0800] "POST /xingrg/kc/buy/cgsh_order_operate.html HTTP/1.1" 200 8245
116.225.84.253 - - [13/Mar/2023:10:49:56 +0800] "GET /xingrg/javascript/easyui/themes/default/validatebox.css HTTP/1.1" 404 1104
124.78.158.199 - - [13/Mar/2023:10:50:01 +0800] "GET /xingrg/kc/base/base_main.html HTTP/1.1" 200 12142
116.224.106.218 - - [13/Mar/2023:10:50:03 +0800] "GET /xingrg/all/function/internal_message.html?_=1678675803258&CODE_STATE=getMsg HTTP/1.1" 302 -
116.224.106.218 - - [13/Mar/2023:10:50:03 +0800] "GET /xingrg/check_reg.html?_=1678675803261 HTTP/1.1" 302 -
124.78.158.199 - - [13/Mar/2023:10:50:03 +0800] "GET /xingrg/kc/base/wldb_order_list.html HTTP/1.1" 200 19098
114.83.222.182 - - [13/Mar/2023:10:50:03 +0800] "GET /xingrg/all/function/internal_message.html?_=1678675868237&CODE_STATE=getMsg HTTP/1.1" 200 27
124.78.158.199 - - [13/Mar/2023:10:50:04 +0800] "POST /xingrg/kc/base/wldb_list_operate.html HTTP/1.1" 200 928
124.78.158.199 - - [13/Mar/2023:10:50:05 +0800] "GET /xingrg/all/function/internal_message.html?_=1678675805137&CODE_STATE=getMsg HTTP/1.1" 200 27
124.78.158.199 - - [13/Mar/2023:10:50:06 +0800] "GET /xingrg/kc/base/wldb_order_add.html HTTP/1.1" 200 30385
124.78.158.199 - - [13/Mar/2023:10:50:07 +0800] "POST /xingrg/kc/base/wldb_order_operate.html HTTP/1.1" 200 6806
124.78.158.199 - - [13/Mar/2023:10:50:07 +0800] "GET /xingrg/all/common/auto_word.html?type=base&rest_code=00106 HTTP/1.1" 200 1799
124.78.158.199 - - [13/Mar/2023:10:50:07 +0800] "GET /xingrg/all/common/auto_word.html?type=base&rest_code=00106 HTTP/1.1" 200 1799
124.78.158.199 - - [13/Mar/2023:10:50:07 +0800] "GET /xingrg/javascript/easyui/themes/default/validatebox.css HTTP/1.1" 404 1104
124.79.240.233 - - [13/Mar/2023:10:50:07 +0800] "GET /xingrg/kc/buy/cgsh_order_operate.html?command=get_materiel&rest_code=00104&code=00101008126&supplier_code=00100007&order_time=2023-03-07 HTTP/1.1" 200 412
116.225.84.253 - - [13/Mar/2023:10:50:09 +0800] "GET /xingrg/all/function/internal_message.html?_=1678675809689&CODE_STATE=getMsg HTTP/1.1" 200 27
124.78.158.199 - - [13/Mar/2023:10:50:09 +0800] "POST /xingrg/kc/base/wldb_list_operate.html HTTP/1.1" 200 928
116.225.84.253 - - [13/Mar/2023:10:50:09 +0800] "GET /xingrg/kc/buy/cgsh_order_operate.html?command=get_materiel&rest_code=00105&code=00101001301&supplier_code=00100430&order_time=2023-03-13 HTTP/1.1" 200 420
120.253.135.82 - - [13/Mar/2023:10:50:09 +0800] "GET /xingrg/all/function/internal_message.html?_=1678675638003&CODE_STATE=getMsg HTTP/1.1" 200 27
101.229.22.234 - - [13/Mar/2023:10:50:10 +0800] "GET /xingrg/check_reg.html?_=1678675810154 HTTP/1.1" 200 22
101.229.22.234 - - [13/Mar/2023:10:50:10 +0800] "GET /xingrg/all/function/internal_message.html?_=1678675810155&CODE_STATE=getMsg HTTP/1.1" 200 27
124.78.158.199 - - [13/Mar/2023:10:50:10 +0800] "POST /xingrg/all/common/load_combo.html?type=base HTTP/1.1" 200 3227
222.70.182.154 - - [13/Mar/2023:10:50:10 +0800] "GET /xingrg/all/function/internal_message.html?_=1678676078332&CODE_STATE=getMsg HTTP/1.1" 200 27
124.78.158.199 - - [13/Mar/2023:10:50:13 +0800] "POST /xingrg/all/common/load_combo.html?type=base HTTP/1.1" 200 3227
124.77.245.38 - - [13/Mar/2023:10:50:15 +0800] "POST /xingrg/kc/buy/cgsh_order_operate.html HTTP/1.1" 200 37
116.225.84.253 - - [13/Mar/2023:10:50:16 +0800] "GET /xingrg/all/function/internal_message.html?_=1678675660959&CODE_STATE=getMsg HTTP/1.1" 200 27
180.164.3.199 - - [13/Mar/2023:10:50:17 +0800] "GET /xingrg/all/function/internal_message.html?_=1678675818174&CODE_STATE=getMsg HTTP/1.1" 200 27
124.78.158.199 - - [13/Mar/2023:10:50:18 +0800] "GET /xingrg/kc/base/wldb_order_operate.html?command=get_materiel&rest_code=00106&base_code=0010396&code=00102002347 HTTP/1.1" 200 456
116.225.84.253 - - [13/Mar/2023:10:50:19 +0800] "POST /xingrg/kc/buy/cgsh_order_operate.html HTTP/1.1" 200 37
124.79.240.233 - - [13/Mar/2023:10:50:19 +0800] "GET /xingrg/kc/buy/cgsh_order_operate.html?command=get_materiel&rest_code=00104&code=00101008072&supplier_code=00100007&order_time=2023-03-07 HTTP/1.1" 200 408
124.77.245.38 - - [13/Mar/2023:10:50:19 +0800] "POST /xingrg/kc/buy/cgsh_order_operate.html HTTP/1.1" 200 3827
124.77.245.38 - - [13/Mar/2023:10:50:21 +0800] "GET /xingrg/kc/print/load_data.html?order_code=212023031304720&kc_code=cgsh&condition= HTTP/1.1" 200 1147
116.225.84.253 - - [13/Mar/2023:10:50:24 +0800] "POST /xingrg/kc/buy/cgsh_order_operate.html HTTP/1.1" 200 2667
222.70.221.209 - - [13/Mar/2023:10:50:24 +0800] "GET /xingrg/all/function/internal_message.html?_=1678675824509&CODE_STATE=getMsg HTTP/1.1" 200 27
124.78.158.199 - - [13/Mar/2023:10:50:25 +0800] "GET /xingrg/all/function/internal_message.html?_=1678675829305&CODE_STATE=getMsg HTTP/1.1" 200 27
116.225.84.253 - - [13/Mar/2023:10:50:26 +0800] "GET /xingrg/kc/print/load_data.html?order_code=212023031304721&kc_code=cgsh&condition= HTTP/1.1" 200 659
124.78.158.199 - - [13/Mar/2023:10:50:29 +0800] "POST /xingrg/kc/base/wldb_order_operate.html HTTP/1.1" 200 37
124.79.240.233 - - [13/Mar/2023:10:50:29 +0800] "GET /xingrg/kc/buy/cgsh_order_operate.html?command=get_materiel&rest_code=00104&code=00101008041&supplier_code=00100007&order_time=2023-03-07 HTTP/1.1" 200 408
124.78.158.199 - - [13/Mar/2023:10:50:29 +0800] "POST /xingrg/kc/base/wldb_order_operate.html HTTP/1.1" 200 2207
124.78.158.199 - - [13/Mar/2023:10:50:30 +0800] "GET /xingrg/kc/base/wldb_order_info.html?code=422023031301079 HTTP/1.1" 200 30399
180.169.147.146 - - [13/Mar/2023:10:50:30 +0800] "GET /xingrg/all/function/internal_message.html?_=1678675830266&CODE_STATE=getMsg HTTP/1.1" 200 27
124.78.158.199 - - [13/Mar/2023:10:50:30 +0800] "GET /xingrg/javascript/easyui/themes/default/validatebox.css HTTP/1.1" 404 1104
116.225.84.253 - - [13/Mar/2023:10:50:30 +0800] "GET /xingrg/kc/buy/cgsh_order_add.html HTTP/1.1" 200 70043
116.225.84.253 - - [13/Mar/2023:10:50:31 +0800] "GET /xingrg/javascript/easyui/themes/default/validatebox.css HTTP/1.1" 404 1104
116.225.84.253 - - [13/Mar/2023:10:50:31 +0800] "POST /xingrg/kc/buy/cgsh_order_operate.html HTTP/1.1" 200 8245
124.78.158.199 - - [13/Mar/2023:10:50:31 +0800] "POST /xingrg/kc/base/wldb_order_operate.html HTTP/1.1" 200 2207
180.164.3.199 - - [13/Mar/2023:10:50:31 +0800] "GET /xingrg/all/function/internal_message.html?_=1678675832371&CODE_STATE=getMsg HTTP/1.1" 200 27
124.77.245.38 - - [13/Mar/2023:10:50:33 +0800] "GET /xingrg/all/function/internal_message.html?_=1678675835054&CODE_STATE=getMsg HTTP/1.1" 200 27
124.78.158.199 - - [13/Mar/2023:10:50:37 +0800] "POST /xingrg/kc/base/wldb_list_operate.html HTTP/1.1" 200 1777
114.83.219.234 - - [13/Mar/2023:10:50:37 +0800] "GET /xingrg/all/function/internal_message.html?_=1678675836953&CODE_STATE=getMsg HTTP/1.1" 200 27
124.78.158.199 - - [13/Mar/2023:10:50:37 +0800] "POST /xingrg/kc/base/wldb_list_operate.html HTTP/1.1" 200 212
116.192.124.172 - - [13/Mar/2023:10:50:38 +0800] "GET /xingrg/all/function/internal_message.html?_=1678675839008&CODE_STATE=getMsg HTTP/1.1" 200 27
124.78.158.199 - - [13/Mar/2023:10:50:40 +0800] "GET /xingrg/kc/base/wldb_order_add.html HTTP/1.1" 200 30385
124.78.158.199 - - [13/Mar/2023:10:50:40 +0800] "POST /xingrg/kc/base/wldb_order_operate.html HTTP/1.1" 200 6806
124.78.158.199 - - [13/Mar/2023:10:50:40 +0800] "GET /xingrg/javascript/easyui/themes/default/validatebox.css HTTP/1.1" 404 1104
116.225.84.253 - - [13/Mar/2023:10:50:41 +0800] "GET /xingrg/kc/buy/cgsh_order_operate.html?command=get_materiel&rest_code=00105&code=00101001140&supplier_code=00100319&order_time=2023-03-13 HTTP/1.1" 200 415
116.238.139.35 - - [13/Mar/2023:10:50:42 +0800] "GET /xingrg/all/function/internal_message.html?_=1678675842804&CODE_STATE=getMsg HTTP/1.1" 200 27
124.78.158.199 - - [13/Mar/2023:10:50:42 +0800] "POST /xingrg/all/common/load_combo.html?type=base HTTP/1.1" 200 3227
124.79.240.233 - - [13/Mar/2023:10:50:42 +0800] "GET /xingrg/kc/buy/cgsh_order_operate.html?command=get_materiel&rest_code=00104&code=00101015022&supplier_code=00100007&order_time=2023-03-07 HTTP/1.1" 200 409
124.79.72.155 - - [13/Mar/2023:10:50:47 +0800] "GET /xingrg/all/function/internal_message.html?_=1678675847860&CODE_STATE=getMsg HTTP/1.1" 200 27
124.79.72.155 - - [13/Mar/2023:10:50:47 +0800] "GET /xingrg/check_reg.html?_=1678675847862 HTTP/1.1" 200 22
124.78.158.199 - - [13/Mar/2023:10:50:48 +0800] "POST /xingrg/all/common/load_combo.html?type=base HTTP/1.1" 200 3227
180.169.147.146 - - [13/Mar/2023:10:50:51 +0800] "GET /xingrg/check_reg.html?_=1678675851889 HTTP/1.1" 200 22
180.169.147.146 - - [13/Mar/2023:10:50:51 +0800] "GET /xingrg/all/function/internal_message.html?_=1678675851891&CODE_STATE=getMsg HTTP/1.1" 200 27
180.169.147.146 - - [13/Mar/2023:10:50:52 +0800] "GET /xingrg/all/function/internal_message.html?_=1678675852635&CODE_STATE=getMsg HTTP/1.1" 200 27
116.192.124.172 - - [13/Mar/2023:10:50:54 +0800] "GET /xingrg/all/function/internal_message.html?_=1678675854924&CODE_STATE=getMsg HTTP/1.1" 200 27
124.78.158.199 - - [13/Mar/2023:10:50:55 +0800] "GET /xingrg/kc/base/wldb_order_operate.html?command=get_materiel&rest_code=00106&base_code=0010397&code=00102004006 HTTP/1.1" 200 442
124.78.158.199 - - [13/Mar/2023:10:51:00 +0800] "GET /xingrg/kc/base/wldb_order_operate.html?command=get_materiel&rest_code=00106&base_code=0010397&code=00102004030 HTTP/1.1" 200 442
116.224.106.218 - - [13/Mar/2023:10:51:03 +0800] "GET /xingrg/all/function/internal_message.html?_=1678675863246&CODE_STATE=getMsg HTTP/1.1" 302 -
114.83.222.182 - - [13/Mar/2023:10:51:03 +0800] "GET /xingrg/all/function/internal_message.html?_=1678675928248&CODE_STATE=getMsg HTTP/1.1" 200 27
124.78.158.199 - - [13/Mar/2023:10:51:05 +0800] "GET /xingrg/all/function/internal_message.html?_=1678675865106&CODE_STATE=getMsg HTTP/1.1" 200 27
124.78.158.199 - - [13/Mar/2023:10:51:08 +0800] "GET /xingrg/kc/base/wldb_order_operate.html?command=get_materiel&rest_code=00106&base_code=0010397&code=00102002448 HTTP/1.1" 200 440
116.225.84.253 - - [13/Mar/2023:10:51:09 +0800] "GET /xingrg/all/function/internal_message.html?_=1678675869661&CODE_STATE=getMsg HTTP/1.1" 200 27
120.253.135.82 - - [13/Mar/2023:10:51:09 +0800] "GET /xingrg/all/function/internal_message.html?_=1678675698017&CODE_STATE=getMsg HTTP/1.1" 200 27
101.229.22.234 - - [13/Mar/2023:10:51:10 +0800] "GET /xingrg/all/function/internal_message.html?_=1678675870154&CODE_STATE=getMsg HTTP/1.1" 200 27
222.70.182.154 - - [13/Mar/2023:10:51:10 +0800] "GET /xingrg/all/function/internal_message.html?_=1678676138307&CODE_STATE=getMsg HTTP/1.1" 200 27
116.225.84.253 - - [13/Mar/2023:10:51:11 +0800] "GET /xingrg/kc/buy/cgsh_order_operate.html?command=get_materiel&rest_code=00105&code=00101001125&supplier_code=00100319&order_time=2023-03-13 HTTP/1.1" 200 417
124.79.240.233 - - [13/Mar/2023:10:51:13 +0800] "GET /xingrg/kc/buy/cgsh_order_operate.html?command=get_materiel&rest_code=00104&code=00101015062&supplier_code=00100007&order_time=2023-03-07 HTTP/1.1" 200 412
124.78.158.199 - - [13/Mar/2023:10:51:14 +0800] "GET /xingrg/kc/base/wldb_order_operate.html?command=get_materiel&rest_code=00106&base_code=0010397&code=00102002204 HTTP/1.1" 200 448
116.225.84.253 - - [13/Mar/2023:10:51:16 +0800] "GET /xingrg/all/function/internal_message.html?_=1678675720945&CODE_STATE=getMsg HTTP/1.1" 200 27
180.164.3.199 - - [13/Mar/2023:10:51:17 +0800] "GET /xingrg/all/function/internal_message.html?_=1678675878166&CODE_STATE=getMsg HTTP/1.1" 200 27
116.225.84.253 - - [13/Mar/2023:10:51:17 +0800] "GET /xingrg/check_reg.html?_=1678675722344 HTTP/1.1" 200 22
124.78.158.199 - - [13/Mar/2023:10:51:19 +0800] "GET /xingrg/kc/base/wldb_order_operate.html?command=get_materiel&rest_code=00106&base_code=0010397&code=00102002006 HTTP/1.1" 200 468
116.225.84.253 - - [13/Mar/2023:10:51:19 +0800] "GET /xingrg/kc/buy/cgsh_order_operate.html?command=get_materiel&rest_code=00105&code=00101001169&supplier_code=00100319&order_time=2023-03-13 HTTP/1.1" 200 417
124.78.158.199 - - [13/Mar/2023:10:51:24 +0800] "GET /xingrg/kc/base/wldb_order_operate.html?command=get_materiel&rest_code=00106&base_code=0010397&code=00102002022 HTTP/1.1" 200 473
222.70.221.209 - - [13/Mar/2023:10:51:24 +0800] "GET /xingrg/all/function/internal_message.html?_=1678675884484&CODE_STATE=getMsg HTTP/1.1" 200 27
124.78.158.199 - - [13/Mar/2023:10:51:25 +0800] "GET /xingrg/all/function/internal_message.html?_=1678675889276&CODE_STATE=getMsg HTTP/1.1" 200 27
116.238.139.35 - - [13/Mar/2023:10:51:27 +0800] "GET /xingrg/check_reg.html?_=1678675819559 HTTP/1.1" 302 -
124.79.240.233 - - [13/Mar/2023:10:51:28 +0800] "POST /xingrg/kc/buy/cgsh_order_operate.html HTTP/1.1" 200 37
180.163.30.76 - - [13/Mar/2023:10:51:29 +0800] "GET /xingrg/kc/base/wldb_order_info.html?code=422023031301079 HTTP/1.1" 302 -
180.163.30.76 - - [13/Mar/2023:10:51:29 +0800] "GET /xingrg/login.html HTTP/1.1" 200 7641
116.225.84.253 - - [13/Mar/2023:10:51:30 +0800] "GET /xingrg/javascript/jquery_easy_ui/themes/icons/manage.png HTTP/1.1" 304 -
116.225.84.253 - - [13/Mar/2023:10:51:30 +0800] "GET /xingrg/javascript/jquery_easy_ui/themes/icons/area.png HTTP/1.1" 304 -
116.225.84.253 - - [13/Mar/2023:10:51:30 +0800] "GET /xingrg/javascript/jquery_easy_ui/themes/icons/rest.png HTTP/1.1" 304 -
180.169.147.146 - - [13/Mar/2023:10:51:30 +0800] "GET /xingrg/all/function/internal_message.html?_=1678675890259&CODE_STATE=getMsg HTTP/1.1" 200 27
124.77.245.38 - - [13/Mar/2023:10:51:30 +0800] "GET /xingrg/check_reg.html?_=1678675892544 HTTP/1.1" 200 22
180.164.3.199 - - [13/Mar/2023:10:51:31 +0800] "GET /xingrg/all/function/internal_message.html?_=1678675892350&CODE_STATE=getMsg HTTP/1.1" 200 27
124.78.158.199 - - [13/Mar/2023:10:51:32 +0800] "POST /xingrg/kc/base/wldb_order_operate.html HTTP/1.1" 200 37
116.225.84.253 - - [13/Mar/2023:10:51:32 +0800] "GET /xingrg/kc/buy/cgsh_order_operate.html?command=get_materiel&rest_code=00105&code=00101001043&supplier_code=00100319&order_time=2023-03-13 HTTP/1.1" 200 415
124.79.240.233 - - [13/Mar/2023:10:51:32 +0800] "POST /xingrg/kc/buy/cgsh_order_operate.html HTTP/1.1" 200 10352
124.78.158.199 - - [13/Mar/2023:10:51:33 +0800] "POST /xingrg/kc/base/wldb_order_operate.html HTTP/1.1" 200 4642
124.78.158.199 - - [13/Mar/2023:10:51:33 +0800] "GET /xingrg/kc/base/wldb_order_info.html?code=422023031301080 HTTP/1.1" 200 30400
124.77.245.38 - - [13/Mar/2023:10:51:33 +0800] "GET /xingrg/all/function/internal_message.html?_=1678675895057&CODE_STATE=getMsg HTTP/1.1" 200 27
124.78.158.199 - - [13/Mar/2023:10:51:33 +0800] "GET /xingrg/javascript/easyui/themes/default/validatebox.css HTTP/1.1" 404 1104
124.78.158.199 - - [13/Mar/2023:10:51:34 +0800] "POST /xingrg/kc/base/wldb_order_operate.html HTTP/1.1" 200 4642
114.83.219.234 - - [13/Mar/2023:10:51:37 +0800] "GET /xingrg/all/function/internal_message.html?_=1678675896955&CODE_STATE=getMsg HTTP/1.1" 200 27
124.79.240.233 - - [13/Mar/2023:10:51:37 +0800] "GET /xingrg/kc/buy/cgsh_order_add.html HTTP/1.1" 200 70002
124.77.245.38 - - [13/Mar/2023:10:51:37 +0800] "GET /xingrg/kc/buy/cgsh_order_add.html HTTP/1.1" 200 69961
124.79.240.233 - - [13/Mar/2023:10:51:37 +0800] "POST /xingrg/kc/buy/cgsh_order_operate.html HTTP/1.1" 200 8245
124.79.240.233 - - [13/Mar/2023:10:51:37 +0800] "GET /xingrg/javascript/easyui/themes/default/validatebox.css HTTP/1.1" 404 1104
116.192.124.172 - - [13/Mar/2023:10:51:38 +0800] "GET /xingrg/all/function/internal_message.html?_=1678675898983&CODE_STATE=getMsg HTTP/1.1" 200 27
124.77.245.38 - - [13/Mar/2023:10:51:38 +0800] "POST /xingrg/kc/buy/cgsh_order_operate.html HTTP/1.1" 200 8245
124.77.245.38 - - [13/Mar/2023:10:51:38 +0800] "GET /xingrg/javascript/easyui/themes/default/validatebox.css HTTP/1.1" 404 1104
116.238.139.35 - - [13/Mar/2023:10:51:42 +0800] "GET /xingrg/all/function/internal_message.html?_=1678675902806&CODE_STATE=getMsg HTTP/1.1" 200 27
116.225.84.253 - - [13/Mar/2023:10:51:43 +0800] "POST /xingrg/kc/buy/cgsh_order_operate.html HTTP/1.1" 200 37
180.164.3.199 - - [13/Mar/2023:10:51:43 +0800] "GET /xingrg/kc/buy/cgsh_order_operate.html?command=get_materiel&rest_code=00108&code=00101008372&supplier_code=00100007&order_time=2023-03-13 HTTP/1.1" 200 408
116.225.84.253 - - [13/Mar/2023:10:51:44 +0800] "POST /xingrg/kc/buy/cgsh_order_operate.html HTTP/1.1" 200 4452
116.225.84.253 - - [13/Mar/2023:10:51:45 +0800] "GET /xingrg/kc/print/load_data.html?order_code=212023031304723&kc_code=cgsh&condition= HTTP/1.1" 200 1368
124.79.72.155 - - [13/Mar/2023:10:51:47 +0800] "GET /xingrg/all/function/internal_message.html?_=1678675907856&CODE_STATE=getMsg HTTP/1.1" 200 27
180.169.147.146 - - [13/Mar/2023:10:51:51 +0800] "GET /xingrg/all/function/internal_message.html?_=1678675911886&CODE_STATE=getMsg HTTP/1.1" 200 27
124.78.158.199 - - [13/Mar/2023:10:51:52 +0800] "GET /xingrg/kc/base/wldb_order_add.html HTTP/1.1" 200 30385
124.78.158.199 - - [13/Mar/2023:10:51:52 +0800] "POST /xingrg/kc/base/wldb_order_operate.html HTTP/1.1" 200 6806
180.169.147.146 - - [13/Mar/2023:10:51:52 +0800] "GET /xingrg/all/function/internal_message.html?_=1678675912622&CODE_STATE=getMsg HTTP/1.1" 200 27
124.78.158.199 - - [13/Mar/2023:10:51:52 +0800] "GET /xingrg/javascript/easyui/themes/default/validatebox.css HTTP/1.1" 404 1104
124.78.158.199 - - [13/Mar/2023:10:51:53 +0800] "POST /xingrg/all/common/load_combo.html?type=base HTTP/1.1" 200 3227
116.192.124.172 - - [13/Mar/2023:10:51:54 +0800] "GET /xingrg/all/function/internal_message.html?_=1678675914908&CODE_STATE=getMsg HTTP/1.1" 200 27
124.78.158.199 - - [13/Mar/2023:10:51:55 +0800] "POST /xingrg/all/common/load_combo.html?type=base HTTP/1.1" 200 3227
116.225.84.253 - - [13/Mar/2023:10:51:58 +0800] "GET /xingrg/kc/buy/cgsh_order_add.html HTTP/1.1" 200 70043
116.225.84.253 - - [13/Mar/2023:10:51:59 +0800] "GET /xingrg/javascript/easyui/themes/default/validatebox.css HTTP/1.1" 404 1104
116.225.84.253 - - [13/Mar/2023:10:51:59 +0800] "POST /xingrg/kc/buy/cgsh_order_operate.html HTTP/1.1" 200 8245
124.78.158.199 - - [13/Mar/2023:10:52:02 +0800] "GET /xingrg/kc/base/wldb_order_operate.html?command=get_materiel&rest_code=00106&base_code=0010397&code=00102002484 HTTP/1.1" 200 456
116.224.106.218 - - [13/Mar/2023:10:52:03 +0800] "GET /xingrg/all/function/internal_message.html?_=1678675923246&CODE_STATE=getMsg HTTP/1.1" 302 -
114.83.222.182 - - [13/Mar/2023:10:52:03 +0800] "GET /xingrg/all/function/internal_message.html?_=1678675988245&CODE_STATE=getMsg HTTP/1.1" 200 27
124.77.245.38 - - [13/Mar/2023:10:52:04 +0800] "GET /xingrg/kc/buy/cgsh_order_operate.html?command=get_materiel&rest_code=00146&code=00101009031&supplier_code=00100023&order_time=2023-03-13 HTTP/1.1" 200 408
124.78.158.199 - - [13/Mar/2023:10:52:05 +0800] "GET /xingrg/check_reg.html?_=1678675924921 HTTP/1.1" 200 22
124.78.158.199 - - [13/Mar/2023:10:52:05 +0800] "GET /xingrg/all/function/internal_message.html?_=1678675925083&CODE_STATE=getMsg HTTP/1.1" 200 27
116.225.84.253 - - [13/Mar/2023:10:52:09 +0800] "GET /xingrg/all/function/internal_message.html?_=1678675929637&CODE_STATE=getMsg HTTP/1.1" 200 27
180.164.3.199 - - [13/Mar/2023:10:52:09 +0800] "GET /xingrg/kc/buy/cgsh_order_operate.html?command=get_materiel&rest_code=00108&code=00101008331&supplier_code=00100007&order_time=2023-03-13 HTTP/1.1" 200 416
120.253.135.82 - - [13/Mar/2023:10:52:10 +0800] "GET /xingrg/all/function/internal_message.html?_=1678675758118&CODE_STATE=getMsg HTTP/1.1" 200 27
101.229.22.234 - - [13/Mar/2023:10:52:10 +0800] "GET /xingrg/all/function/internal_message.html?_=1678675930152&CODE_STATE=getMsg HTTP/1.1" 200 27
222.70.182.154 - - [13/Mar/2023:10:52:10 +0800] "GET /xingrg/all/function/internal_message.html?_=1678676198284&CODE_STATE=getMsg HTTP/1.1" 200 27
124.78.158.199 - - [13/Mar/2023:10:52:11 +0800] "POST /xingrg/kc/base/wldb_order_operate.html HTTP/1.1" 200 37
116.225.84.253 - - [13/Mar/2023:10:52:11 +0800] "GET /xingrg/check_reg.html?_=1678675931930 HTTP/1.1" 200 22
124.78.158.199 - - [13/Mar/2023:10:52:11 +0800] "POST /xingrg/kc/base/wldb_order_operate.html HTTP/1.1" 200 2207
180.164.3.199 - - [13/Mar/2023:10:52:11 +0800] "POST /xingrg/kc/buy/cgsh_order_operate.html HTTP/1.1" 200 2065
124.78.158.199 - - [13/Mar/2023:10:52:11 +0800] "GET /xingrg/kc/base/wldb_order_info.html?code=422023031301081 HTTP/1.1" 200 30396
124.78.158.199 - - [13/Mar/2023:10:52:12 +0800] "GET /xingrg/javascript/easyui/themes/default/validatebox.css HTTP/1.1" 404 1104
124.78.158.199 - - [13/Mar/2023:10:52:13 +0800] "POST /xingrg/kc/base/wldb_order_operate.html HTTP/1.1" 200 2207
116.225.84.253 - - [13/Mar/2023:10:52:16 +0800] "GET /xingrg/all/function/internal_message.html?_=1678675780924&CODE_STATE=getMsg HTTP/1.1" 200 27
180.164.3.199 - - [13/Mar/2023:10:52:17 +0800] "GET /xingrg/check_reg.html?_=1678675938178 HTTP/1.1" 200 22
180.164.3.199 - - [13/Mar/2023:10:52:17 +0800] "GET /xingrg/all/function/internal_message.html?_=1678675938181&CODE_STATE=getMsg HTTP/1.1" 200 27
116.225.84.253 - - [13/Mar/2023:10:52:18 +0800] "GET /xingrg/kc/buy/cgsh_order_operate.html?command=get_materiel&rest_code=00105&code=00101001037&supplier_code=00100090&order_time=2023-03-13 HTTP/1.1" 200 416
124.78.158.199 - - [13/Mar/2023:10:52:20 +0800] "GET /xingrg/kc/base/wldb_order_add.html HTTP/1.1" 200 30385
124.78.158.199 - - [13/Mar/2023:10:52:20 +0800] "POST /xingrg/kc/base/wldb_order_operate.html HTTP/1.1" 200 6806
124.78.158.199 - - [13/Mar/2023:10:52:20 +0800] "GET /xingrg/javascript/easyui/themes/default/validatebox.css HTTP/1.1" 404 1104
222.70.221.209 - - [13/Mar/2023:10:52:24 +0800] "GET /xingrg/all/function/internal_message.html?_=1678675944478&CODE_STATE=getMsg HTTP/1.1" 200 27
222.70.221.209 - - [13/Mar/2023:10:52:25 +0800] "GET /xingrg/check_reg.html?_=1678675945145 HTTP/1.1" 200 22
124.78.158.199 - - [13/Mar/2023:10:52:25 +0800] "GET /xingrg/all/function/internal_message.html?_=1678675949264&CODE_STATE=getMsg HTTP/1.1" 200 27
124.78.158.199 - - [13/Mar/2023:10:52:28 +0800] "POST /xingrg/all/common/load_combo.html?type=base HTTP/1.1" 200 3227
180.169.147.146 - - [13/Mar/2023:10:52:30 +0800] "GET /xingrg/all/function/internal_message.html?_=1678675950230&CODE_STATE=getMsg HTTP/1.1" 200 27
124.78.158.199 - - [13/Mar/2023:10:52:30 +0800] "POST /xingrg/all/common/load_combo.html?type=base HTTP/1.1" 200 3227
180.164.3.199 - - [13/Mar/2023:10:52:31 +0800] "GET /xingrg/kc/buy/cgsh_order_operate.html?command=get_materiel&rest_code=00108&code=00101009050&supplier_code=00100007&order_time=2023-03-13 HTTP/1.1" 200 408
180.164.3.199 - - [13/Mar/2023:10:52:31 +0800] "GET /xingrg/all/function/internal_message.html?_=1678675952331&CODE_STATE=getMsg HTTP/1.1" 200 27
124.77.245.38 - - [13/Mar/2023:10:52:33 +0800] "GET /xingrg/all/function/internal_message.html?_=1678675955070&CODE_STATE=getMsg HTTP/1.1" 200 27
114.83.219.234 - - [13/Mar/2023:10:52:37 +0800] "GET /xingrg/all/function/internal_message.html?_=1678675956955&CODE_STATE=getMsg HTTP/1.1" 200 27
116.225.84.253 - - [13/Mar/2023:10:52:37 +0800] "POST /xingrg/kc/buy/cgsh_order_operate.html HTTP/1.1" 200 37
116.192.124.172 - - [13/Mar/2023:10:52:38 +0800] "GET /xingrg/all/function/internal_message.html?_=1678675958957&CODE_STATE=getMsg HTTP/1.1" 200 27
124.78.158.199 - - [13/Mar/2023:10:52:38 +0800] "GET /xingrg/kc/base/wldb_order_operate.html?command=get_materiel&rest_code=00106&base_code=0010397&code=00102002171 HTTP/1.1" 200 434
116.238.139.35 - - [13/Mar/2023:10:52:42 +0800] "GET /xingrg/check_reg.html?_=1678675962806 HTTP/1.1" 200 22
116.238.139.35 - - [13/Mar/2023:10:52:42 +0800] "GET /xingrg/all/function/internal_message.html?_=1678675962810&CODE_STATE=getMsg HTTP/1.1" 200 27
