116.225.84.253 - - [09/Mar/2023:08:58:00 +0800] "GET /xingrg/kc/buy/cgsh_order_operate.html?command=get_materiel&rest_code=00105&code=00101008024&supplier_code=00100203&order_time=2023-03-09 HTTP/1.1" 200 408
58.40.7.146 - - [09/Mar/2023:08:58:02 +0800] "GET /xingrg/check_reg.html?_=1678323500500 HTTP/1.1" 200 22
58.40.7.146 - - [09/Mar/2023:08:58:02 +0800] "GET /xingrg/all/function/internal_message.html?_=1678323500502&CODE_STATE=getMsg HTTP/1.1" 200 27
116.238.139.35 - - [09/Mar/2023:08:58:04 +0800] "GET /xingrg/all/function/internal_message.html?_=1678323503337&CODE_STATE=getMsg HTTP/1.1" 200 27
58.40.7.146 - - [09/Mar/2023:08:58:05 +0800] "GET /xingrg/all/function/internal_message.html?_=1678323503645&CODE_STATE=getMsg HTTP/1.1" 200 27
58.40.7.146 - - [09/Mar/2023:08:58:06 +0800] "GET /xingrg/all/function/internal_message.html?_=1678323505381&CODE_STATE=getMsg HTTP/1.1" 200 27
120.253.135.82 - - [09/Mar/2023:08:58:08 +0800] "GET /xingrg/all/function/internal_message.html?_=1678323505885&CODE_STATE=getMsg HTTP/1.1" 200 27
116.225.84.253 - - [09/Mar/2023:08:58:10 +0800] "GET /xingrg/kc/buy/cgsh_order_operate.html?command=get_materiel&rest_code=00105&code=00101008415&supplier_code=00100203&order_time=2023-03-09 HTTP/1.1" 200 412
116.238.139.35 - - [09/Mar/2023:08:58:10 +0800] "GET /xingrg/all/function/internal_message.html?_=1678323444594&CODE_STATE=getMsg HTTP/1.1" 200 27
222.70.182.154 - - [09/Mar/2023:08:58:11 +0800] "GET /xingrg/kc/buy/cgsh_order_operate.html?command=get_materiel&rest_code=00111&code=00101008318&supplier_code=00100005&order_time=2023-03-09 HTTP/1.1" 200 408
116.225.84.253 - - [09/Mar/2023:08:58:13 +0800] "GET /xingrg/all/function/internal_message.html?_=1678323511937&CODE_STATE=getMsg HTTP/1.1" 200 27
116.230.118.11 - - [09/Mar/2023:08:58:13 +0800] "GET /xingrg/all/function/internal_message.html?_=1678323525123&CODE_STATE=getMsg HTTP/1.1" 200 27
58.40.7.146 - - [09/Mar/2023:08:58:13 +0800] "GET /xingrg/all/function/internal_message.html?_=1678323511878&CODE_STATE=getMsg HTTP/1.1" 302 -
116.225.84.253 - - [09/Mar/2023:08:58:15 +0800] "GET /xingrg/all/function/internal_message.html?_=1678323357886&CODE_STATE=getMsg HTTP/1.1" 200 27
116.225.84.253 - - [09/Mar/2023:08:58:15 +0800] "GET /xingrg/check_reg.html?_=1678323357889 HTTP/1.1" 200 22
116.225.84.253 - - [09/Mar/2023:08:58:18 +0800] "GET /xingrg/kc/buy/cgsh_order_operate.html?command=get_materiel&rest_code=00105&code=00101008137&supplier_code=00100203&order_time=2023-03-09 HTTP/1.1" 200 408
120.253.135.82 - - [09/Mar/2023:08:58:19 +0800] "POST /xingrg/kc/buy/cgsh_list_operate.html HTTP/1.1" 200 986
120.253.135.82 - - [09/Mar/2023:08:58:21 +0800] "POST /xingrg/kc/buy/cgsh_list_operate.html HTTP/1.1" 200 986
116.225.84.253 - - [09/Mar/2023:08:58:25 +0800] "GET /xingrg/kc/buy/cgsh_order_operate.html?command=get_materiel&rest_code=00105&code=00101008360&supplier_code=00100203&order_time=2023-03-09 HTTP/1.1" 200 413
222.70.221.209 - - [09/Mar/2023:08:58:29 +0800] "GET /xingrg/all/function/internal_message.html?_=1678323644718&CODE_STATE=getMsg HTTP/1.1" 200 27
222.70.182.154 - - [09/Mar/2023:08:58:32 +0800] "GET /xingrg/all/function/internal_message.html?_=1678323528756&CODE_STATE=getMsg HTTP/1.1" 200 27
116.238.139.35 - - [09/Mar/2023:08:58:32 +0800] "GET /xingrg/javascript/auto/indicator.gif HTTP/1.1" 404 1066
116.225.84.253 - - [09/Mar/2023:08:58:34 +0800] "GET /xingrg/kc/buy/cgsh_order_operate.html?command=get_materiel&rest_code=00105&code=00101008196&supplier_code=00100203&order_time=2023-03-09 HTTP/1.1" 200 416
116.224.106.218 - - [09/Mar/2023:08:58:37 +0800] "GET /xingrg/all/function/internal_message.html?_=1678323535431&CODE_STATE=getMsg HTTP/1.1" 200 27
116.238.139.35 - - [09/Mar/2023:08:58:39 +0800] "GET /xingrg/kc/buy/cgsh_order_operate.html?command=get_materiel&rest_code=00150&code=00101008261&supplier_code=00100008&order_time=2023-03-09 HTTP/1.1" 200 408
58.221.95.50 - - [09/Mar/2023:08:58:47 +0800] "GET /xingrg/check_reg.html?_=1678323545904 HTTP/1.1" 200 22
116.238.139.35 - - [09/Mar/2023:08:58:51 +0800] "GET /xingrg/kc/buy/cgsh_order_operate.html?command=get_materiel&rest_code=00150&code=00101008072&supplier_code=00100008&order_time=2023-03-09 HTTP/1.1" 200 408
120.253.135.82 - - [09/Mar/2023:08:58:57 +0800] "GET /xingrg/all/function/internal_message.html?_=1678323683981&CODE_STATE=getMsg HTTP/1.1" 200 27
120.253.135.82 - - [09/Mar/2023:08:58:57 +0800] "GET /xingrg/check_reg.html?_=1678323683982 HTTP/1.1" 200 22
116.225.84.253 - - [09/Mar/2023:08:59:00 +0800] "GET /xingrg/kc/buy/cgsh_order_operate.html?command=get_materiel&rest_code=00105&code=00101008131&supplier_code=00100203&order_time=2023-03-09 HTTP/1.1" 200 408
116.238.139.35 - - [09/Mar/2023:08:59:02 +0800] "GET /xingrg/kc/buy/cgsh_order_operate.html?command=get_materiel&rest_code=00150&code=00101008257&supplier_code=00100008&order_time=2023-03-09 HTTP/1.1" 200 416
58.40.7.146 - - [09/Mar/2023:08:59:02 +0800] "GET /xingrg/all/function/internal_message.html?_=1678323560503&CODE_STATE=getMsg HTTP/1.1" 200 27
116.238.139.35 - - [09/Mar/2023:08:59:04 +0800] "GET /xingrg/all/function/internal_message.html?_=1678323563345&CODE_STATE=getMsg HTTP/1.1" 200 27
58.40.7.146 - - [09/Mar/2023:08:59:05 +0800] "GET /xingrg/all/function/internal_message.html?_=1678323563647&CODE_STATE=getMsg HTTP/1.1" 200 27
58.40.7.146 - - [09/Mar/2023:08:59:05 +0800] "GET /xingrg/check_reg.html?_=1678323563647 HTTP/1.1" 200 22
58.40.7.146 - - [09/Mar/2023:08:59:06 +0800] "GET /xingrg/all/function/internal_message.html?_=1678323565376&CODE_STATE=getMsg HTTP/1.1" 200 27
116.225.84.253 - - [09/Mar/2023:08:59:08 +0800] "GET /xingrg/kc/buy/cgsh_order_operate.html?command=get_materiel&rest_code=00105&code=00101008318&supplier_code=00100203&order_time=2023-03-09 HTTP/1.1" 200 408
120.253.135.82 - - [09/Mar/2023:08:59:08 +0800] "GET /xingrg/all/function/internal_message.html?_=1678323565890&CODE_STATE=getMsg HTTP/1.1" 200 27
116.238.139.35 - - [09/Mar/2023:08:59:09 +0800] "GET /xingrg/kc/buy/cgsh_order_operate.html?command=get_materiel&rest_code=00150&code=00101008331&supplier_code=00100008&order_time=2023-03-09 HTTP/1.1" 200 416
116.238.139.35 - - [09/Mar/2023:08:59:10 +0800] "GET /xingrg/all/function/internal_message.html?_=1678323504604&CODE_STATE=getMsg HTTP/1.1" 200 27
116.230.118.11 - - [09/Mar/2023:08:59:12 +0800] "GET /xingrg/check_reg.html?_=1678323583799 HTTP/1.1" 200 22
116.225.84.253 - - [09/Mar/2023:08:59:13 +0800] "GET /xingrg/all/function/internal_message.html?_=1678323571864&CODE_STATE=getMsg HTTP/1.1" 200 27
116.225.84.253 - - [09/Mar/2023:08:59:13 +0800] "GET /xingrg/check_reg.html?_=1678323571867 HTTP/1.1" 200 22
116.230.118.11 - - [09/Mar/2023:08:59:13 +0800] "GET /xingrg/all/function/internal_message.html?_=1678323585137&CODE_STATE=getMsg HTTP/1.1" 200 27
58.40.7.146 - - [09/Mar/2023:08:59:13 +0800] "GET /xingrg/all/function/internal_message.html?_=1678323571852&CODE_STATE=getMsg HTTP/1.1" 302 -
116.225.84.253 - - [09/Mar/2023:08:59:15 +0800] "GET /xingrg/all/function/internal_message.html?_=1678323417878&CODE_STATE=getMsg HTTP/1.1" 200 27
116.238.139.35 - - [09/Mar/2023:08:59:15 +0800] "GET /xingrg/kc/buy/cgsh_order_operate.html?command=get_materiel&rest_code=00150&code=00101008350&supplier_code=00100008&order_time=2023-03-09 HTTP/1.1" 200 408
116.225.84.253 - - [09/Mar/2023:08:59:16 +0800] "GET /xingrg/kc/buy/cgsh_order_operate.html?command=get_materiel&rest_code=00105&code=00101008005&supplier_code=00100203&order_time=2023-03-09 HTTP/1.1" 200 412
222.70.182.154 - - [09/Mar/2023:08:59:22 +0800] "GET /xingrg/kc/buy/cgsh_order_operate.html?command=get_materiel&rest_code=00111&code=00101008264&supplier_code=00100005&order_time=2023-03-09 HTTP/1.1" 200 412
58.40.7.146 - - [09/Mar/2023:08:59:24 +0800] "GET /xingrg/check_reg.html?_=1678323583005 HTTP/1.1" 302 -
116.225.84.253 - - [09/Mar/2023:08:59:24 +0800] "GET /xingrg/kc/buy/cgsh_order_operate.html?command=get_materiel&rest_code=00105&code=00101008213&supplier_code=00100203&order_time=2023-03-09 HTTP/1.1" 200 412
222.70.221.209 - - [09/Mar/2023:08:59:29 +0800] "GET /xingrg/all/function/internal_message.html?_=1678323704705&CODE_STATE=getMsg HTTP/1.1" 200 27
222.70.182.154 - - [09/Mar/2023:08:59:31 +0800] "GET /xingrg/kc/buy/cgsh_order_operate.html?command=get_materiel&rest_code=00111&code=00101008163&supplier_code=00100005&order_time=2023-03-09 HTTP/1.1" 200 409
116.238.139.35 - - [09/Mar/2023:08:59:31 +0800] "GET /xingrg/kc/buy/cgsh_order_operate.html?command=get_materiel&rest_code=00150&code=00101008612&supplier_code=00100008&order_time=2023-03-09 HTTP/1.1" 200 420
222.70.182.154 - - [09/Mar/2023:08:59:32 +0800] "GET /xingrg/check_reg.html?_=1678323588766 HTTP/1.1" 200 22
222.70.182.154 - - [09/Mar/2023:08:59:32 +0800] "GET /xingrg/all/function/internal_message.html?_=1678323588767&CODE_STATE=getMsg HTTP/1.1" 200 27
116.225.84.253 - - [09/Mar/2023:08:59:33 +0800] "GET /xingrg/kc/buy/cgsh_order_operate.html?command=get_materiel&rest_code=00105&code=00101008119&supplier_code=00100203&order_time=2023-03-09 HTTP/1.1" 200 413
116.224.106.218 - - [09/Mar/2023:08:59:37 +0800] "GET /xingrg/all/function/internal_message.html?_=1678323595435&CODE_STATE=getMsg HTTP/1.1" 200 27
116.238.139.35 - - [09/Mar/2023:08:59:42 +0800] "GET /xingrg/kc/buy/cgsh_order_operate.html?command=get_materiel&rest_code=00150&code=00101008308&supplier_code=00100008&order_time=2023-03-09 HTTP/1.1" 200 420
116.225.84.253 - - [09/Mar/2023:08:59:42 +0800] "GET /xingrg/kc/buy/cgsh_order_operate.html?command=get_materiel&rest_code=00105&code=00101020147&supplier_code=00100203&order_time=2023-03-09 HTTP/1.1" 200 408
222.70.182.154 - - [09/Mar/2023:08:59:44 +0800] "GET /xingrg/kc/buy/cgsh_order_operate.html?command=get_materiel&rest_code=00111&code=00101008349&supplier_code=00100005&order_time=2023-03-09 HTTP/1.1" 200 412
116.238.139.35 - - [09/Mar/2023:08:59:49 +0800] "GET /xingrg/kc/buy/cgsh_order_operate.html?command=get_materiel&rest_code=00150&code=00101008026&supplier_code=00100008&order_time=2023-03-09 HTTP/1.1" 200 409
116.225.84.253 - - [09/Mar/2023:08:59:51 +0800] "GET /xingrg/kc/buy/cgsh_order_operate.html?command=get_materiel&rest_code=00105&code=00101008274&supplier_code=00100203&order_time=2023-03-09 HTTP/1.1" 200 412
222.70.182.154 - - [09/Mar/2023:08:59:54 +0800] "GET /xingrg/kc/buy/cgsh_order_operate.html?command=get_materiel&rest_code=00111&code=00101008599&supplier_code=00100005&order_time=2023-03-09 HTTP/1.1" 200 405
116.238.139.35 - - [09/Mar/2023:08:59:55 +0800] "GET /xingrg/kc/buy/cgsh_order_operate.html?command=get_materiel&rest_code=00150&code=00101008096&supplier_code=00100008&order_time=2023-03-09 HTTP/1.1" 200 412
120.253.135.82 - - [09/Mar/2023:08:59:57 +0800] "GET /xingrg/all/function/internal_message.html?_=1678323743986&CODE_STATE=getMsg HTTP/1.1" 200 27
58.40.7.146 - - [09/Mar/2023:09:00:02 +0800] "GET /xingrg/all/function/internal_message.html?_=1678323620508&CODE_STATE=getMsg HTTP/1.1" 200 27
222.70.182.154 - - [09/Mar/2023:09:00:04 +0800] "GET /xingrg/kc/buy/cgsh_order_operate.html?command=get_materiel&rest_code=00111&code=00101008351&supplier_code=00100005&order_time=2023-03-09 HTTP/1.1" 200 408
116.238.139.35 - - [09/Mar/2023:09:00:04 +0800] "GET /xingrg/kc/buy/cgsh_order_operate.html?command=get_materiel&rest_code=00150&code=00101008338&supplier_code=00100008&order_time=2023-03-09 HTTP/1.1" 200 409
116.238.139.35 - - [09/Mar/2023:09:00:04 +0800] "GET /xingrg/all/function/internal_message.html?_=1678323623339&CODE_STATE=getMsg HTTP/1.1" 200 27
58.40.7.146 - - [09/Mar/2023:09:00:05 +0800] "GET /xingrg/all/function/internal_message.html?_=1678323623649&CODE_STATE=getMsg HTTP/1.1" 200 27
222.70.182.154 - - [09/Mar/2023:09:00:05 +0800] "POST /xingrg/kc/buy/cgsh_order_operate.html HTTP/1.1" 200 2065
58.40.7.146 - - [09/Mar/2023:09:00:06 +0800] "GET /xingrg/all/function/internal_message.html?_=1678323625370&CODE_STATE=getMsg HTTP/1.1" 200 27
120.253.135.82 - - [09/Mar/2023:09:00:08 +0800] "GET /xingrg/all/function/internal_message.html?_=1678323625891&CODE_STATE=getMsg HTTP/1.1" 200 27
116.238.139.35 - - [09/Mar/2023:09:00:10 +0800] "GET /xingrg/all/function/internal_message.html?_=1678323564629&CODE_STATE=getMsg HTTP/1.1" 200 27
222.70.182.154 - - [09/Mar/2023:09:00:12 +0800] "GET /xingrg/kc/buy/cgsh_order_operate.html?command=get_materiel&rest_code=00111&code=00101008125&supplier_code=00100005&order_time=2023-03-09 HTTP/1.1" 200 413
116.225.84.253 - - [09/Mar/2023:09:00:13 +0800] "GET /xingrg/all/function/internal_message.html?_=1678323631855&CODE_STATE=getMsg HTTP/1.1" 200 27
116.230.118.11 - - [09/Mar/2023:09:00:13 +0800] "GET /xingrg/all/function/internal_message.html?_=1678323645150&CODE_STATE=getMsg HTTP/1.1" 200 27
116.238.139.35 - - [09/Mar/2023:09:00:13 +0800] "GET /xingrg/kc/buy/cgsh_order_operate.html?command=get_materiel&rest_code=00150&code=00101008163&supplier_code=00100008&order_time=2023-03-09 HTTP/1.1" 200 409
58.40.7.146 - - [09/Mar/2023:09:00:13 +0800] "GET /xingrg/all/function/internal_message.html?_=1678323631849&CODE_STATE=getMsg HTTP/1.1" 302 -
116.225.84.253 - - [09/Mar/2023:09:00:15 +0800] "GET /xingrg/all/function/internal_message.html?_=1678323477885&CODE_STATE=getMsg HTTP/1.1" 200 27
222.70.182.154 - - [09/Mar/2023:09:00:21 +0800] "GET /xingrg/kc/buy/cgsh_order_operate.html?command=get_materiel&rest_code=00111&code=00101008245&supplier_code=00100005&order_time=2023-03-09 HTTP/1.1" 200 410
116.238.139.35 - - [09/Mar/2023:09:00:21 +0800] "GET /xingrg/kc/buy/cgsh_order_operate.html?command=get_materiel&rest_code=00150&code=00101008439&supplier_code=00100008&order_time=2023-03-09 HTTP/1.1" 200 413
222.70.182.154 - - [09/Mar/2023:09:00:27 +0800] "GET /xingrg/kc/buy/cgsh_order_operate.html?command=get_materiel&rest_code=00111&code=00101008353&supplier_code=00100005&order_time=2023-03-09 HTTP/1.1" 200 408
222.70.221.209 - - [09/Mar/2023:09:00:29 +0800] "GET /xingrg/all/function/internal_message.html?_=1678323764689&CODE_STATE=getMsg HTTP/1.1" 200 27
116.238.139.35 - - [09/Mar/2023:09:00:30 +0800] "GET /xingrg/kc/buy/cgsh_order_operate.html?command=get_materiel&rest_code=00150&code=00101008125&supplier_code=00100008&order_time=2023-03-09 HTTP/1.1" 200 413
222.70.182.154 - - [09/Mar/2023:09:00:32 +0800] "GET /xingrg/all/function/internal_message.html?_=1678323648759&CODE_STATE=getMsg HTTP/1.1" 200 27
222.70.182.154 - - [09/Mar/2023:09:00:36 +0800] "GET /xingrg/kc/buy/cgsh_order_operate.html?command=get_materiel&rest_code=00111&code=00101008350&supplier_code=00100005&order_time=2023-03-09 HTTP/1.1" 200 408
116.224.106.218 - - [09/Mar/2023:09:00:37 +0800] "GET /xingrg/all/function/internal_message.html?_=1678323655441&CODE_STATE=getMsg HTTP/1.1" 200 27
116.238.139.35 - - [09/Mar/2023:09:00:38 +0800] "GET /xingrg/check_reg.html?_=1678323591918 HTTP/1.1" 200 22
116.238.139.35 - - [09/Mar/2023:09:00:39 +0800] "GET /xingrg/kc/buy/cgsh_order_operate.html?command=get_materiel&rest_code=00150&code=00101008042&supplier_code=00100008&order_time=2023-03-09 HTTP/1.1" 200 416
222.70.182.154 - - [09/Mar/2023:09:00:53 +0800] "GET /xingrg/kc/buy/cgsh_order_operate.html?command=get_materiel&rest_code=00111&code=00101008037&supplier_code=00100005&order_time=2023-03-09 HTTP/1.1" 200 415
116.238.139.35 - - [09/Mar/2023:09:00:56 +0800] "GET /xingrg/kc/buy/cgsh_order_operate.html?command=get_materiel&rest_code=00150&code=00101008238&supplier_code=00100008&order_time=2023-03-09 HTTP/1.1" 200 416
116.225.84.253 - - [09/Mar/2023:09:00:57 +0800] "POST /xingrg/kc/buy/cgsh_order_operate.html HTTP/1.1" 200 2065
120.253.135.82 - - [09/Mar/2023:09:00:57 +0800] "GET /xingrg/all/function/internal_message.html?_=1678323803991&CODE_STATE=getMsg HTTP/1.1" 200 27
222.70.182.154 - - [09/Mar/2023:09:00:58 +0800] "POST /xingrg/kc/buy/cgsh_order_operate.html HTTP/1.1" 200 2065
116.225.84.253 - - [09/Mar/2023:09:00:59 +0800] "POST /xingrg/kc/buy/cgsh_order_operate.html HTTP/1.1" 200 2065
58.40.7.146 - - [09/Mar/2023:09:01:02 +0800] "GET /xingrg/all/function/internal_message.html?_=1678323680513&CODE_STATE=getMsg HTTP/1.1" 200 27
116.238.139.35 - - [09/Mar/2023:09:01:04 +0800] "GET /xingrg/all/function/internal_message.html?_=1678323683355&CODE_STATE=getMsg HTTP/1.1" 200 27
58.40.7.146 - - [09/Mar/2023:09:01:05 +0800] "GET /xingrg/all/function/internal_message.html?_=1678323683651&CODE_STATE=getMsg HTTP/1.1" 200 27
222.70.182.154 - - [09/Mar/2023:09:01:06 +0800] "GET /xingrg/kc/buy/cgsh_order_operate.html?command=get_materiel&rest_code=00111&code=00101008244&supplier_code=00100005&order_time=2023-03-09 HTTP/1.1" 200 408
58.40.7.146 - - [09/Mar/2023:09:01:06 +0800] "GET /xingrg/all/function/internal_message.html?_=1678323685372&CODE_STATE=getMsg HTTP/1.1" 200 27
116.225.84.253 - - [09/Mar/2023:09:01:07 +0800] "GET /xingrg/kc/buy/cgsh_order_operate.html?command=get_materiel&rest_code=00105&code=00101008330&supplier_code=00100203&order_time=2023-03-09 HTTP/1.1" 200 408
116.238.139.35 - - [09/Mar/2023:09:01:09 +0800] "GET /xingrg/kc/buy/cgsh_order_operate.html?command=get_materiel&rest_code=00150&code=00101008558&supplier_code=00100008&order_time=2023-03-09 HTTP/1.1" 200 409
116.238.139.35 - - [09/Mar/2023:09:01:11 +0800] "GET /xingrg/all/function/internal_message.html?_=1678323624633&CODE_STATE=getMsg HTTP/1.1" 200 27
120.253.135.82 - - [09/Mar/2023:09:01:11 +0800] "GET /xingrg/all/function/internal_message.html?_=1678323685897&CODE_STATE=getMsg HTTP/1.1" 200 27
116.225.84.253 - - [09/Mar/2023:09:01:13 +0800] "GET /xingrg/all/function/internal_message.html?_=1678323691882&CODE_STATE=getMsg HTTP/1.1" 200 27
116.230.118.11 - - [09/Mar/2023:09:01:13 +0800] "GET /xingrg/all/function/internal_message.html?_=1678323705166&CODE_STATE=getMsg HTTP/1.1" 200 27
58.40.7.146 - - [09/Mar/2023:09:01:13 +0800] "GET /xingrg/all/function/internal_message.html?_=1678323691834&CODE_STATE=getMsg HTTP/1.1" 302 -
222.70.182.154 - - [09/Mar/2023:09:01:14 +0800] "GET /xingrg/kc/buy/cgsh_order_operate.html?command=get_materiel&rest_code=00111&code=00101008354&supplier_code=00100005&order_time=2023-03-09 HTTP/1.1" 200 412
116.225.84.253 - - [09/Mar/2023:09:01:15 +0800] "GET /xingrg/all/function/internal_message.html?_=1678323537895&CODE_STATE=getMsg HTTP/1.1" 200 27
116.225.84.253 - - [09/Mar/2023:09:01:15 +0800] "GET /xingrg/kc/buy/cgsh_order_operate.html?command=get_materiel&rest_code=00105&code=00101008027&supplier_code=00100203&order_time=2023-03-09 HTTP/1.1" 200 409
222.70.182.154 - - [09/Mar/2023:09:01:23 +0800] "GET /xingrg/kc/buy/cgsh_order_operate.html?command=get_materiel&rest_code=00111&code=00101008296&supplier_code=00100005&order_time=2023-03-09 HTTP/1.1" 200 416
116.238.139.35 - - [09/Mar/2023:09:01:25 +0800] "GET /xingrg/kc/buy/cgsh_order_operate.html?command=get_materiel&rest_code=00150&code=00101008403&supplier_code=00100008&order_time=2023-03-09 HTTP/1.1" 200 412
116.225.84.253 - - [09/Mar/2023:09:01:26 +0800] "GET /xingrg/kc/buy/cgsh_order_operate.html?command=get_materiel&rest_code=00105&code=00101008080&supplier_code=00100203&order_time=2023-03-09 HTTP/1.1" 200 417
222.70.221.209 - - [09/Mar/2023:09:01:29 +0800] "GET /xingrg/all/function/internal_message.html?_=1678323824674&CODE_STATE=getMsg HTTP/1.1" 200 27
222.70.182.154 - - [09/Mar/2023:09:01:32 +0800] "GET /xingrg/kc/buy/cgsh_order_operate.html?command=get_materiel&rest_code=00111&code=00101008103&supplier_code=00100005&order_time=2023-03-09 HTTP/1.1" 200 417
222.70.182.154 - - [09/Mar/2023:09:01:32 +0800] "GET /xingrg/all/function/internal_message.html?_=1678323708754&CODE_STATE=getMsg HTTP/1.1" 200 27
116.238.139.35 - - [09/Mar/2023:09:01:32 +0800] "GET /xingrg/kc/buy/cgsh_order_operate.html?command=get_materiel&rest_code=00150&code=00101008221&supplier_code=00100008&order_time=2023-03-09 HTTP/1.1" 200 412
116.224.106.218 - - [09/Mar/2023:09:01:37 +0800] "GET /xingrg/all/function/internal_message.html?_=1678323715454&CODE_STATE=getMsg HTTP/1.1" 200 27
116.238.139.35 - - [09/Mar/2023:09:01:39 +0800] "GET /xingrg/kc/buy/cgsh_order_operate.html?command=get_materiel&rest_code=00150&code=00101008211&supplier_code=00100008&order_time=2023-03-09 HTTP/1.1" 200 412
116.225.84.253 - - [09/Mar/2023:09:01:40 +0800] "GET /xingrg/kc/buy/cgsh_order_operate.html?command=get_materiel&rest_code=00105&code=00101008351&supplier_code=00100203&order_time=2023-03-09 HTTP/1.1" 200 408
222.70.182.154 - - [09/Mar/2023:09:01:40 +0800] "GET /xingrg/kc/buy/cgsh_order_operate.html?command=get_materiel&rest_code=00111&code=00101008403&supplier_code=00100005&order_time=2023-03-09 HTTP/1.1" 200 412
222.70.182.154 - - [09/Mar/2023:09:01:42 +0800] "POST /xingrg/kc/buy/cgsh_order_operate.html HTTP/1.1" 200 2065
116.238.139.35 - - [09/Mar/2023:09:01:42 +0800] "POST /xingrg/kc/buy/cgsh_order_operate.html HTTP/1.1" 200 2065
222.70.182.154 - - [09/Mar/2023:09:01:48 +0800] "GET /xingrg/kc/buy/cgsh_order_operate.html?command=get_materiel&rest_code=00111&code=00101008001&supplier_code=00100005&order_time=2023-03-09 HTTP/1.1" 200 413
116.225.84.253 - - [09/Mar/2023:09:01:50 +0800] "GET /xingrg/kc/buy/cgsh_order_operate.html?command=get_materiel&rest_code=00105&code=00101008224&supplier_code=00100203&order_time=2023-03-09 HTTP/1.1" 200 416
116.238.139.35 - - [09/Mar/2023:09:01:51 +0800] "GET /xingrg/kc/buy/cgsh_order_operate.html?command=get_materiel&rest_code=00150&code=00101008082&supplier_code=00100008&order_time=2023-03-09 HTTP/1.1" 200 422
120.253.135.82 - - [09/Mar/2023:09:01:57 +0800] "GET /xingrg/all/function/internal_message.html?_=1678323863996&CODE_STATE=getMsg HTTP/1.1" 200 27
116.238.139.35 - - [09/Mar/2023:09:01:57 +0800] "GET /xingrg/kc/buy/cgsh_order_operate.html?command=get_materiel&rest_code=00150&code=00101008087&supplier_code=00100008&order_time=2023-03-09 HTTP/1.1" 200 412
222.70.182.154 - - [09/Mar/2023:09:01:59 +0800] "GET /xingrg/kc/buy/cgsh_order_operate.html?command=get_materiel&rest_code=00111&code=00101008274&supplier_code=00100005&order_time=2023-03-09 HTTP/1.1" 200 412
58.40.7.146 - - [09/Mar/2023:09:02:02 +0800] "GET /xingrg/all/function/internal_message.html?_=1678323740516&CODE_STATE=getMsg HTTP/1.1" 200 27
116.238.139.35 - - [09/Mar/2023:09:02:04 +0800] "GET /xingrg/check_reg.html?_=1678323743338 HTTP/1.1" 200 22
116.238.139.35 - - [09/Mar/2023:09:02:04 +0800] "GET /xingrg/all/function/internal_message.html?_=1678323743340&CODE_STATE=getMsg HTTP/1.1" 200 27
116.225.84.253 - - [09/Mar/2023:09:02:05 +0800] "GET /xingrg/kc/buy/cgsh_order_operate.html?command=get_materiel&rest_code=00105&code=00101008003&supplier_code=00100203&order_time=2023-03-09 HTTP/1.1" 200 408
58.40.7.146 - - [09/Mar/2023:09:02:05 +0800] "GET /xingrg/all/function/internal_message.html?_=1678323743653&CODE_STATE=getMsg HTTP/1.1" 200 27
116.238.139.35 - - [09/Mar/2023:09:02:06 +0800] "GET /xingrg/kc/buy/cgsh_order_operate.html?command=get_materiel&rest_code=00150&code=00101008355&supplier_code=00100008&order_time=2023-03-09 HTTP/1.1" 200 408
58.40.7.146 - - [09/Mar/2023:09:02:06 +0800] "GET /xingrg/check_reg.html?_=1678323745362 HTTP/1.1" 200 22
58.40.7.146 - - [09/Mar/2023:09:02:06 +0800] "GET /xingrg/all/function/internal_message.html?_=1678323745364&CODE_STATE=getMsg HTTP/1.1" 200 27
120.253.135.82 - - [09/Mar/2023:09:02:08 +0800] "GET /xingrg/check_reg.html?_=1678323745882 HTTP/1.1" 200 22
120.253.135.82 - - [09/Mar/2023:09:02:08 +0800] "GET /xingrg/all/function/internal_message.html?_=1678323745888&CODE_STATE=getMsg HTTP/1.1" 200 27
116.238.139.35 - - [09/Mar/2023:09:02:11 +0800] "GET /xingrg/all/function/internal_message.html?_=1678323684646&CODE_STATE=getMsg HTTP/1.1" 200 27
116.225.84.253 - - [09/Mar/2023:09:02:13 +0800] "GET /xingrg/all/function/internal_message.html?_=1678323751862&CODE_STATE=getMsg HTTP/1.1" 200 27
116.230.118.11 - - [09/Mar/2023:09:02:13 +0800] "GET /xingrg/all/function/internal_message.html?_=1678323765313&CODE_STATE=getMsg HTTP/1.1" 200 27
58.40.7.146 - - [09/Mar/2023:09:02:13 +0800] "GET /xingrg/all/function/internal_message.html?_=1678323751819&CODE_STATE=getMsg HTTP/1.1" 302 -
116.225.84.253 - - [09/Mar/2023:09:02:15 +0800] "GET /xingrg/all/function/internal_message.html?_=1678323597887&CODE_STATE=getMsg HTTP/1.1" 200 27
116.225.84.253 - - [09/Mar/2023:09:02:15 +0800] "GET /xingrg/kc/buy/cgsh_order_operate.html?command=get_materiel&rest_code=00105&code=00101008212&supplier_code=00100203&order_time=2023-03-09 HTTP/1.1" 200 412
116.238.139.35 - - [09/Mar/2023:09:02:15 +0800] "GET /xingrg/kc/buy/cgsh_order_operate.html?command=get_materiel&rest_code=00150&code=00101008562&supplier_code=00100008&order_time=2023-03-09 HTTP/1.1" 200 409
222.70.221.209 - - [09/Mar/2023:09:02:24 +0800] "GET /xingrg/check_reg.html?_=1678323879661 HTTP/1.1" 200 22
116.238.139.35 - - [09/Mar/2023:09:02:24 +0800] "GET /xingrg/kc/buy/cgsh_order_operate.html?command=get_materiel&rest_code=00150&code=00101008077&supplier_code=00100008&order_time=2023-03-09 HTTP/1.1" 200 416
222.70.221.209 - - [09/Mar/2023:09:02:29 +0800] "GET /xingrg/all/function/internal_message.html?_=1678323884649&CODE_STATE=getMsg HTTP/1.1" 200 27
116.238.139.35 - - [09/Mar/2023:09:02:31 +0800] "GET /xingrg/kc/buy/cgsh_order_operate.html?command=get_materiel&rest_code=00150&code=00101008223&supplier_code=00100008&order_time=2023-03-09 HTTP/1.1" 200 412
222.70.182.154 - - [09/Mar/2023:09:02:32 +0800] "GET /xingrg/all/function/internal_message.html?_=1678323768755&CODE_STATE=getMsg HTTP/1.1" 200 27
116.238.139.35 - - [09/Mar/2023:09:02:32 +0800] "POST /xingrg/kc/buy/cgsh_order_operate.html HTTP/1.1" 200 2065
116.224.106.218 - - [09/Mar/2023:09:02:37 +0800] "GET /xingrg/check_reg.html?_=1678323775441 HTTP/1.1" 200 22
116.224.106.218 - - [09/Mar/2023:09:02:37 +0800] "GET /xingrg/all/function/internal_message.html?_=1678323775444&CODE_STATE=getMsg HTTP/1.1" 200 27
116.238.139.35 - - [09/Mar/2023:09:02:38 +0800] "GET /xingrg/kc/buy/cgsh_order_operate.html?command=get_materiel&rest_code=00150&code=00101008079&supplier_code=00100008&order_time=2023-03-09 HTTP/1.1" 200 416
222.70.182.154 - - [09/Mar/2023:09:02:41 +0800] "GET /xingrg/kc/buy/cgsh_order_operate.html?command=get_materiel&rest_code=00111&code=00101008045&supplier_code=00100005&order_time=2023-03-09 HTTP/1.1" 200 412
222.70.182.154 - - [09/Mar/2023:09:02:45 +0800] "POST /xingrg/services/DataTransmitService HTTP/1.1" 200 524
116.238.139.35 - - [09/Mar/2023:09:02:48 +0800] "GET /xingrg/kc/buy/cgsh_order_operate.html?command=get_materiel&rest_code=00150&code=00101008069&supplier_code=00100008&order_time=2023-03-09 HTTP/1.1" 200 412
222.70.182.154 - - [09/Mar/2023:09:02:52 +0800] "GET /xingrg/kc/buy/cgsh_order_operate.html?command=get_materiel&rest_code=00111&code=00101008137&supplier_code=00100005&order_time=2023-03-09 HTTP/1.1" 200 408
116.238.139.35 - - [09/Mar/2023:09:02:54 +0800] "GET /xingrg/kc/buy/cgsh_order_operate.html?command=get_materiel&rest_code=00150&code=00101008286&supplier_code=00100008&order_time=2023-03-09 HTTP/1.1" 200 408
120.253.135.82 - - [09/Mar/2023:09:02:57 +0800] "GET /xingrg/all/function/internal_message.html?_=1678323924006&CODE_STATE=getMsg HTTP/1.1" 200 27
116.225.84.253 - - [09/Mar/2023:09:02:59 +0800] "GET /xingrg/kc/buy/cgsh_order_operate.html?command=get_materiel&rest_code=00105&code=00101008161&supplier_code=00100203&order_time=2023-03-09 HTTP/1.1" 200 409
222.70.182.154 - - [09/Mar/2023:09:03:00 +0800] "GET /xingrg/kc/buy/cgsh_order_operate.html?command=get_materiel&rest_code=00111&code=00101008190&supplier_code=00100005&order_time=2023-03-09 HTTP/1.1" 200 412
116.238.139.35 - - [09/Mar/2023:09:03:00 +0800] "GET /xingrg/kc/buy/cgsh_order_operate.html?command=get_materiel&rest_code=00150&code=00101008036&supplier_code=00100008&order_time=2023-03-09 HTTP/1.1" 200 408
58.40.7.146 - - [09/Mar/2023:09:03:02 +0800] "GET /xingrg/check_reg.html?_=1678323800502 HTTP/1.1" 200 22
58.40.7.146 - - [09/Mar/2023:09:03:02 +0800] "GET /xingrg/all/function/internal_message.html?_=1678323800504&CODE_STATE=getMsg HTTP/1.1" 200 27
222.70.182.154 - - [09/Mar/2023:09:03:03 +0800] "POST /xingrg/kc/buy/cgsh_order_operate.html HTTP/1.1" 200 2065
116.238.139.35 - - [09/Mar/2023:09:03:04 +0800] "GET /xingrg/all/function/internal_message.html?_=1678323803343&CODE_STATE=getMsg HTTP/1.1" 200 27
58.40.7.146 - - [09/Mar/2023:09:03:05 +0800] "GET /xingrg/all/function/internal_message.html?_=1678323803656&CODE_STATE=getMsg HTTP/1.1" 200 27
58.40.7.146 - - [09/Mar/2023:09:03:06 +0800] "GET /xingrg/all/function/internal_message.html?_=1678323805377&CODE_STATE=getMsg HTTP/1.1" 200 27
116.238.139.35 - - [09/Mar/2023:09:03:07 +0800] "GET /xingrg/kc/buy/cgsh_order_operate.html?command=get_materiel&rest_code=00150&code=00101008318&supplier_code=00100008&order_time=2023-03-09 HTTP/1.1" 200 408
116.225.84.253 - - [09/Mar/2023:09:03:07 +0800] "GET /xingrg/kc/buy/cgsh_order_operate.html?command=get_materiel&rest_code=00105&code=00101008357&supplier_code=00100203&order_time=2023-03-09 HTTP/1.1" 200 408
120.253.135.82 - - [09/Mar/2023:09:03:08 +0800] "GET /xingrg/all/function/internal_message.html?_=1678323805889&CODE_STATE=getMsg HTTP/1.1" 200 27
116.238.139.35 - - [09/Mar/2023:09:03:08 +0800] "POST /xingrg/kc/buy/cgsh_order_operate.html HTTP/1.1" 200 2065
222.70.182.154 - - [09/Mar/2023:09:03:10 +0800] "GET /xingrg/kc/buy/cgsh_order_operate.html?command=get_materiel&rest_code=00111&code=00101008239&supplier_code=00100005&order_time=2023-03-09 HTTP/1.1" 200 416
116.238.139.35 - - [09/Mar/2023:09:03:11 +0800] "GET /xingrg/all/function/internal_message.html?_=1678323744677&CODE_STATE=getMsg HTTP/1.1" 200 27
116.225.84.253 - - [09/Mar/2023:09:03:13 +0800] "GET /xingrg/all/function/internal_message.html?_=1678323811962&CODE_STATE=getMsg HTTP/1.1" 200 27
116.230.118.11 - - [09/Mar/2023:09:03:13 +0800] "GET /xingrg/all/function/internal_message.html?_=1678323825315&CODE_STATE=getMsg HTTP/1.1" 200 27
58.40.7.146 - - [09/Mar/2023:09:03:13 +0800] "GET /xingrg/all/function/internal_message.html?_=1678323811804&CODE_STATE=getMsg HTTP/1.1" 302 -
116.238.139.35 - - [09/Mar/2023:09:03:15 +0800] "GET /xingrg/kc/buy/cgsh_order_operate.html?command=get_materiel&rest_code=00150&code=00101008371&supplier_code=00100008&order_time=2023-03-09 HTTP/1.1" 200 412
116.225.84.253 - - [09/Mar/2023:09:03:15 +0800] "GET /xingrg/all/function/internal_message.html?_=1678323657895&CODE_STATE=getMsg HTTP/1.1" 200 27
116.225.84.253 - - [09/Mar/2023:09:03:15 +0800] "GET /xingrg/check_reg.html?_=1678323657898 HTTP/1.1" 200 22
222.70.182.154 - - [09/Mar/2023:09:03:18 +0800] "GET /xingrg/kc/buy/cgsh_order_operate.html?command=get_materiel&rest_code=00111&code=00101008087&supplier_code=00100005&order_time=2023-03-09 HTTP/1.1" 200 412
116.225.84.253 - - [09/Mar/2023:09:03:22 +0800] "GET /xingrg/kc/buy/cgsh_order_operate.html?command=get_materiel&rest_code=00105&code=00101008108&supplier_code=00100203&order_time=2023-03-09 HTTP/1.1" 200 412
116.238.139.35 - - [09/Mar/2023:09:03:26 +0800] "GET /xingrg/kc/buy/cgsh_order_operate.html?command=get_materiel&rest_code=00150&code=00101008005&supplier_code=00100008&order_time=2023-03-09 HTTP/1.1" 200 412
222.70.221.209 - - [09/Mar/2023:09:03:29 +0800] "GET /xingrg/all/function/internal_message.html?_=1678323944629&CODE_STATE=getMsg HTTP/1.1" 200 27
116.225.84.253 - - [09/Mar/2023:09:03:29 +0800] "GET /xingrg/kc/buy/cgsh_order_operate.html?command=get_materiel&rest_code=00105&code=00101008271&supplier_code=00100203&order_time=2023-03-09 HTTP/1.1" 200 408
116.225.84.253 - - [09/Mar/2023:09:03:31 +0800] "POST /xingrg/kc/buy/cgsh_order_operate.html HTTP/1.1" 200 2065
222.70.182.154 - - [09/Mar/2023:09:03:32 +0800] "GET /xingrg/all/function/internal_message.html?_=1678323828751&CODE_STATE=getMsg HTTP/1.1" 200 27
116.225.84.253 - - [09/Mar/2023:09:03:32 +0800] "POST /xingrg/kc/buy/cgsh_order_operate.html HTTP/1.1" 200 2065
116.225.84.253 - - [09/Mar/2023:09:03:33 +0800] "POST /xingrg/kc/buy/cgsh_order_operate.html HTTP/1.1" 200 2065
222.70.221.209 - - [09/Mar/2023:09:03:34 +0800] "GET /xingrg/kc/buy/cgsh_order_add.html HTTP/1.1" 200 70008
116.238.139.35 - - [09/Mar/2023:09:03:34 +0800] "GET /xingrg/kc/buy/cgsh_order_operate.html?command=get_materiel&rest_code=00150&code=00101008312&supplier_code=00100008&order_time=2023-03-09 HTTP/1.1" 200 412
222.70.221.209 - - [09/Mar/2023:09:03:34 +0800] "POST /xingrg/kc/buy/cgsh_order_operate.html HTTP/1.1" 200 8245
222.70.221.209 - - [09/Mar/2023:09:03:34 +0800] "GET /xingrg/javascript/easyui/themes/default/validatebox.css HTTP/1.1" 404 1104
116.224.106.218 - - [09/Mar/2023:09:03:37 +0800] "GET /xingrg/all/function/internal_message.html?_=1678323835438&CODE_STATE=getMsg HTTP/1.1" 200 27
222.70.182.154 - - [09/Mar/2023:09:03:40 +0800] "GET /xingrg/kc/buy/cgsh_order_operate.html?command=get_materiel&rest_code=00111&code=00101008357&supplier_code=00100005&order_time=2023-03-09 HTTP/1.1" 200 408
116.238.139.35 - - [09/Mar/2023:09:03:41 +0800] "GET /xingrg/kc/buy/cgsh_order_operate.html?command=get_materiel&rest_code=00150&code=00101008344&supplier_code=00100008&order_time=2023-03-09 HTTP/1.1" 200 412
222.70.221.209 - - [09/Mar/2023:09:03:43 +0800] "GET /xingrg/kc/buy/cgsh_order_operate.html?command=get_materiel&rest_code=00155&code=00101002027&supplier_code=00100199&order_time=2023-03-09 HTTP/1.1" 200 415
58.221.95.50 - - [09/Mar/2023:09:03:47 +0800] "GET /xingrg/check_reg.html?_=1678323845887 HTTP/1.1" 200 22
116.225.84.253 - - [09/Mar/2023:09:03:47 +0800] "GET /xingrg/kc/buy/cgsh_order_operate.html?command=get_materiel&rest_code=00105&code=00101008403&supplier_code=00100203&order_time=2023-03-09 HTTP/1.1" 200 412
222.70.221.209 - - [09/Mar/2023:09:03:50 +0800] "GET /xingrg/kc/buy/cgsh_order_operate.html?command=get_materiel&rest_code=00155&code=00101005009&supplier_code=00100199&order_time=2023-03-09 HTTP/1.1" 200 415
222.70.182.154 - - [09/Mar/2023:09:03:51 +0800] "GET /xingrg/kc/buy/cgsh_order_operate.html?command=get_materiel&rest_code=00111&code=00101008199&supplier_code=00100005&order_time=2023-03-09 HTTP/1.1" 200 408
222.70.182.154 - - [09/Mar/2023:09:03:53 +0800] "POST /xingrg/kc/buy/cgsh_order_operate.html HTTP/1.1" 200 2065
116.238.139.35 - - [09/Mar/2023:09:03:55 +0800] "POST /xingrg/kc/buy/cgsh_order_operate.html HTTP/1.1" 200 2065
120.253.135.82 - - [09/Mar/2023:09:03:57 +0800] "GET /xingrg/all/function/internal_message.html?_=1678323984012&CODE_STATE=getMsg HTTP/1.1" 200 27
120.253.135.82 - - [09/Mar/2023:09:03:57 +0800] "GET /xingrg/check_reg.html?_=1678323984014 HTTP/1.1" 200 22
222.70.182.154 - - [09/Mar/2023:09:04:00 +0800] "GET /xingrg/kc/buy/cgsh_order_operate.html?command=get_materiel&rest_code=00111&code=00101008038&supplier_code=00100005&order_time=2023-03-09 HTTP/1.1" 200 412
116.238.139.35 - - [09/Mar/2023:09:04:00 +0800] "GET /xingrg/kc/buy/cgsh_order_operate.html?command=get_materiel&rest_code=00150&code=00101008150&supplier_code=00100008&order_time=2023-03-09 HTTP/1.1" 200 409
58.40.7.146 - - [09/Mar/2023:09:04:02 +0800] "GET /xingrg/all/function/internal_message.html?_=1678323860505&CODE_STATE=getMsg HTTP/1.1" 200 27
222.70.221.209 - - [09/Mar/2023:09:04:04 +0800] "GET /xingrg/kc/buy/cgsh_order_operate.html?command=get_materiel&rest_code=00155&code=00101002022&supplier_code=00100199&order_time=2023-03-09 HTTP/1.1" 200 410
116.225.84.253 - - [09/Mar/2023:09:04:04 +0800] "GET /xingrg/kc/buy/cgsh_order_operate.html?command=get_materiel&rest_code=00105&code=00101008350&supplier_code=00100203&order_time=2023-03-09 HTTP/1.1" 200 408
116.238.139.35 - - [09/Mar/2023:09:04:04 +0800] "GET /xingrg/all/function/internal_message.html?_=1678323863371&CODE_STATE=getMsg HTTP/1.1" 200 27
58.40.7.146 - - [09/Mar/2023:09:04:05 +0800] "GET /xingrg/check_reg.html?_=1678323863657 HTTP/1.1" 200 22
58.40.7.146 - - [09/Mar/2023:09:04:05 +0800] "GET /xingrg/all/function/internal_message.html?_=1678323863658&CODE_STATE=getMsg HTTP/1.1" 200 27
58.40.7.146 - - [09/Mar/2023:09:04:06 +0800] "GET /xingrg/all/function/internal_message.html?_=1678323865373&CODE_STATE=getMsg HTTP/1.1" 200 27
120.253.135.82 - - [09/Mar/2023:09:04:08 +0800] "GET /xingrg/all/function/internal_message.html?_=1678323865893&CODE_STATE=getMsg HTTP/1.1" 200 27
116.238.139.35 - - [09/Mar/2023:09:04:11 +0800] "GET /xingrg/all/function/internal_message.html?_=1678323804688&CODE_STATE=getMsg HTTP/1.1" 200 27
222.70.221.209 - - [09/Mar/2023:09:04:11 +0800] "GET /xingrg/kc/buy/cgsh_order_operate.html?command=get_materiel&rest_code=00155&code=00101001075&supplier_code=00100199&order_time=2023-03-09 HTTP/1.1" 200 411
116.238.139.35 - - [09/Mar/2023:09:04:11 +0800] "GET /xingrg/kc/buy/cgsh_order_operate.html?command=get_materiel&rest_code=00150&code=00101008165&supplier_code=00100008&order_time=2023-03-09 HTTP/1.1" 200 417
116.230.118.11 - - [09/Mar/2023:09:04:12 +0800] "GET /xingrg/check_reg.html?_=1678323883929 HTTP/1.1" 200 22
222.70.182.154 - - [09/Mar/2023:09:04:12 +0800] "GET /xingrg/kc/buy/cgsh_order_operate.html?command=get_materiel&rest_code=00111&code=00101008291&supplier_code=00100005&order_time=2023-03-09 HTTP/1.1" 200 408
116.225.84.253 - - [09/Mar/2023:09:04:13 +0800] "GET /xingrg/check_reg.html?_=1678323871894 HTTP/1.1" 200 22
116.225.84.253 - - [09/Mar/2023:09:04:13 +0800] "GET /xingrg/all/function/internal_message.html?_=1678323871893&CODE_STATE=getMsg HTTP/1.1" 200 27
116.230.118.11 - - [09/Mar/2023:09:04:13 +0800] "GET /xingrg/all/function/internal_message.html?_=1678323885329&CODE_STATE=getMsg HTTP/1.1" 200 27
58.40.7.146 - - [09/Mar/2023:09:04:13 +0800] "GET /xingrg/all/function/internal_message.html?_=1678323871790&CODE_STATE=getMsg HTTP/1.1" 302 -
116.225.84.253 - - [09/Mar/2023:09:04:15 +0800] "GET /xingrg/all/function/internal_message.html?_=1678323717886&CODE_STATE=getMsg HTTP/1.1" 200 27
222.70.221.209 - - [09/Mar/2023:09:04:19 +0800] "GET /xingrg/kc/buy/cgsh_order_operate.html?command=get_materiel&rest_code=00155&code=00101010161&supplier_code=00100199&order_time=2023-03-09 HTTP/1.1" 200 409
116.238.139.35 - - [09/Mar/2023:09:04:19 +0800] "GET /xingrg/kc/buy/cgsh_order_operate.html?command=get_materiel&rest_code=00150&code=00101009015&supplier_code=00100008&order_time=2023-03-09 HTTP/1.1" 200 416
222.70.182.154 - - [09/Mar/2023:09:04:21 +0800] "GET /xingrg/kc/buy/cgsh_order_operate.html?command=get_materiel&rest_code=00111&code=00101008213&supplier_code=00100005&order_time=2023-03-09 HTTP/1.1" 200 412
58.40.7.146 - - [09/Mar/2023:09:04:24 +0800] "GET /xingrg/check_reg.html?_=1678323882980 HTTP/1.1" 302 -
116.238.139.35 - - [09/Mar/2023:09:04:27 +0800] "GET /xingrg/kc/buy/cgsh_order_operate.html?command=get_materiel&rest_code=00150&code=00101008283&supplier_code=00100008&order_time=2023-03-09 HTTP/1.1" 200 408
222.70.221.209 - - [09/Mar/2023:09:04:29 +0800] "GET /xingrg/all/function/internal_message.html?_=1678324004604&CODE_STATE=getMsg HTTP/1.1" 200 27
222.70.182.154 - - [09/Mar/2023:09:04:32 +0800] "GET /xingrg/kc/buy/cgsh_order_operate.html?command=get_materiel&rest_code=00111&code=00101008270&supplier_code=00100005&order_time=2023-03-09 HTTP/1.1" 200 412
222.70.182.154 - - [09/Mar/2023:09:04:32 +0800] "GET /xingrg/all/function/internal_message.html?_=1678323888758&CODE_STATE=getMsg HTTP/1.1" 200 27
222.70.182.154 - - [09/Mar/2023:09:04:32 +0800] "GET /xingrg/check_reg.html?_=1678323888760 HTTP/1.1" 200 22
222.70.221.209 - - [09/Mar/2023:09:04:36 +0800] "POST /xingrg/kc/buy/cgsh_order_operate.html HTTP/1.1" 200 37
116.224.106.218 - - [09/Mar/2023:09:04:37 +0800] "GET /xingrg/all/function/internal_message.html?_=1678323895460&CODE_STATE=getMsg HTTP/1.1" 200 27
222.70.221.209 - - [09/Mar/2023:09:04:37 +0800] "POST /xingrg/kc/buy/cgsh_order_operate.html HTTP/1.1" 200 5027
222.70.221.209 - - [09/Mar/2023:09:04:38 +0800] "GET /xingrg/kc/print/load_data.html?order_code=212023030903004&kc_code=cgsh&condition= HTTP/1.1" 200 1587
222.70.182.154 - - [09/Mar/2023:09:04:46 +0800] "POST /xingrg/kc/buy/cgsh_order_operate.html HTTP/1.1" 200 2065
222.70.182.154 - - [09/Mar/2023:09:04:54 +0800] "GET /xingrg/kc/buy/cgsh_order_operate.html?command=get_materiel&rest_code=00111&code=00101008088&supplier_code=00100005&order_time=2023-03-09 HTTP/1.1" 200 409
120.253.135.82 - - [09/Mar/2023:09:04:57 +0800] "GET /xingrg/all/function/internal_message.html?_=1678324044020&CODE_STATE=getMsg HTTP/1.1" 200 27
58.40.7.146 - - [09/Mar/2023:09:05:02 +0800] "GET /xingrg/all/function/internal_message.html?_=1678323920508&CODE_STATE=getMsg HTTP/1.1" 200 27
116.238.139.35 - - [09/Mar/2023:09:05:04 +0800] "GET /xingrg/all/function/internal_message.html?_=1678323923345&CODE_STATE=getMsg HTTP/1.1" 200 27
58.40.7.146 - - [09/Mar/2023:09:05:05 +0800] "GET /xingrg/all/function/internal_message.html?_=1678323923662&CODE_STATE=getMsg HTTP/1.1" 200 27
58.40.7.146 - - [09/Mar/2023:09:05:06 +0800] "GET /xingrg/all/function/internal_message.html?_=1678323925363&CODE_STATE=getMsg HTTP/1.1" 200 27
222.70.182.154 - - [09/Mar/2023:09:05:06 +0800] "GET /xingrg/kc/buy/cgsh_order_operate.html?command=get_materiel&rest_code=00111&code=00101008168&supplier_code=00100005&order_time=2023-03-09 HTTP/1.1" 200 413
120.253.135.82 - - [09/Mar/2023:09:05:08 +0800] "GET /xingrg/all/function/internal_message.html?_=1678323925896&CODE_STATE=getMsg HTTP/1.1" 200 27
116.238.139.35 - - [09/Mar/2023:09:05:11 +0800] "GET /xingrg/all/function/internal_message.html?_=1678323864720&CODE_STATE=getMsg HTTP/1.1" 200 27
116.225.84.253 - - [09/Mar/2023:09:05:13 +0800] "GET /xingrg/all/function/internal_message.html?_=1678323931861&CODE_STATE=getMsg HTTP/1.1" 200 27
116.230.118.11 - - [09/Mar/2023:09:05:13 +0800] "GET /xingrg/all/function/internal_message.html?_=1678323945345&CODE_STATE=getMsg HTTP/1.1" 200 27
58.40.7.146 - - [09/Mar/2023:09:05:13 +0800] "GET /xingrg/all/function/internal_message.html?_=1678323931777&CODE_STATE=getMsg HTTP/1.1" 302 -
116.225.84.253 - - [09/Mar/2023:09:05:15 +0800] "GET /xingrg/all/function/internal_message.html?_=1678323777895&CODE_STATE=getMsg HTTP/1.1" 200 27
116.225.84.253 - - [09/Mar/2023:09:05:21 +0800] "GET /xingrg/kc/buy/cgsh_order_operate.html?command=get_materiel&rest_code=00105&code=00101008098&supplier_code=00100203&order_time=2023-03-09 HTTP/1.1" 200 412
222.70.182.154 - - [09/Mar/2023:09:05:23 +0800] "GET /xingrg/kc/buy/cgsh_order_operate.html?command=get_materiel&rest_code=00111&code=00101008209&supplier_code=00100005&order_time=2023-03-09 HTTP/1.1" 200 408
222.70.221.209 - - [09/Mar/2023:09:05:29 +0800] "GET /xingrg/all/function/internal_message.html?_=1678324064599&CODE_STATE=getMsg HTTP/1.1" 200 27
222.70.182.154 - - [09/Mar/2023:09:05:32 +0800] "GET /xingrg/kc/buy/cgsh_order_operate.html?command=get_materiel&rest_code=00111&code=00101008356&supplier_code=00100005&order_time=2023-03-09 HTTP/1.1" 200 408
222.70.182.154 - - [09/Mar/2023:09:05:32 +0800] "GET /xingrg/all/function/internal_message.html?_=1678323948754&CODE_STATE=getMsg HTTP/1.1" 200 27
222.70.182.154 - - [09/Mar/2023:09:05:34 +0800] "POST /xingrg/kc/buy/cgsh_order_operate.html HTTP/1.1" 200 2065
116.224.106.218 - - [09/Mar/2023:09:05:37 +0800] "GET /xingrg/all/function/internal_message.html?_=1678323955447&CODE_STATE=getMsg HTTP/1.1" 200 27
116.238.139.35 - - [09/Mar/2023:09:05:38 +0800] "GET /xingrg/check_reg.html?_=1678323891932 HTTP/1.1" 200 22
222.70.182.154 - - [09/Mar/2023:09:05:38 +0800] "GET /xingrg/kc/buy/cgsh_order_operate.html?command=get_materiel&rest_code=00111&code=00101008223&supplier_code=00100005&order_time=2023-03-09 HTTP/1.1" 200 412
116.225.84.253 - - [09/Mar/2023:09:05:43 +0800] "GET /xingrg/kc/buy/cgsh_order_operate.html?command=get_materiel&rest_code=00105&code=00101008307&supplier_code=00100203&order_time=2023-03-09 HTTP/1.1" 200 420
222.70.182.154 - - [09/Mar/2023:09:05:48 +0800] "GET /xingrg/kc/buy/cgsh_order_operate.html?command=get_materiel&rest_code=00111&code=00101008172&supplier_code=00100005&order_time=2023-03-09 HTTP/1.1" 200 412
116.238.139.35 - - [09/Mar/2023:09:05:54 +0800] "POST /xingrg/kc/buy/cgsh_order_operate.html HTTP/1.1" 200 37
116.238.139.35 - - [09/Mar/2023:09:05:55 +0800] "POST /xingrg/kc/buy/cgsh_order_operate.html HTTP/1.1" 200 25175
120.253.135.82 - - [09/Mar/2023:09:05:57 +0800] "GET /xingrg/all/function/internal_message.html?_=1678324104017&CODE_STATE=getMsg HTTP/1.1" 200 27
58.40.7.146 - - [09/Mar/2023:09:06:02 +0800] "GET /xingrg/all/function/internal_message.html?_=1678323980514&CODE_STATE=getMsg HTTP/1.1" 200 27
116.238.139.35 - - [09/Mar/2023:09:06:04 +0800] "GET /xingrg/all/function/internal_message.html?_=1678323983343&CODE_STATE=getMsg HTTP/1.1" 200 27
116.225.84.253 - - [09/Mar/2023:09:06:05 +0800] "GET /xingrg/kc/buy/cgsh_order_operate.html?command=get_materiel&rest_code=00105&code=00101008041&supplier_code=00100203&order_time=2023-03-09 HTTP/1.1" 200 408
58.40.7.146 - - [09/Mar/2023:09:06:05 +0800] "GET /xingrg/all/function/internal_message.html?_=1678323983649&CODE_STATE=getMsg HTTP/1.1" 200 27
222.70.182.154 - - [09/Mar/2023:09:06:06 +0800] "GET /xingrg/kc/buy/cgsh_order_operate.html?command=get_materiel&rest_code=00111&code=00101008114&supplier_code=00100005&order_time=2023-03-09 HTTP/1.1" 200 413
58.40.7.146 - - [09/Mar/2023:09:06:06 +0800] "GET /xingrg/all/function/internal_message.html?_=1678323985368&CODE_STATE=getMsg HTTP/1.1" 200 27
120.253.135.82 - - [09/Mar/2023:09:06:08 +0800] "GET /xingrg/all/function/internal_message.html?_=1678323985899&CODE_STATE=getMsg HTTP/1.1" 200 27
116.238.139.35 - - [09/Mar/2023:09:06:11 +0800] "GET /xingrg/all/function/internal_message.html?_=1678323924731&CODE_STATE=getMsg HTTP/1.1" 200 27
116.225.84.253 - - [09/Mar/2023:09:06:12 +0800] "GET /xingrg/kc/buy/cgsh_order_operate.html?command=get_materiel&rest_code=00105&code=00101015022&supplier_code=00100203&order_time=2023-03-09 HTTP/1.1" 200 408
116.225.84.253 - - [09/Mar/2023:09:06:13 +0800] "GET /xingrg/all/function/internal_message.html?_=1678323991857&CODE_STATE=getMsg HTTP/1.1" 200 27
116.230.118.11 - - [09/Mar/2023:09:06:13 +0800] "GET /xingrg/all/function/internal_message.html?_=1678324005357&CODE_STATE=getMsg HTTP/1.1" 200 27
58.40.7.146 - - [09/Mar/2023:09:06:13 +0800] "GET /xingrg/all/function/internal_message.html?_=1678323991774&CODE_STATE=getMsg HTTP/1.1" 302 -
116.225.84.253 - - [09/Mar/2023:09:06:15 +0800] "GET /xingrg/all/function/internal_message.html?_=1678323837916&CODE_STATE=getMsg HTTP/1.1" 200 27
116.225.84.253 - - [09/Mar/2023:09:06:25 +0800] "GET /xingrg/kc/buy/cgsh_order_operate.html?command=get_materiel&rest_code=00105&code=00101015061&supplier_code=00100203&order_time=2023-03-09 HTTP/1.1" 200 412
180.169.147.146 - - [09/Mar/2023:09:06:25 +0800] "GET /favicon.ico HTTP/1.1" 404 -
180.169.147.146 - - [09/Mar/2023:09:06:26 +0800] "GET /xingrg/index.html?sysBaseUrl=http%3A%2F%2F180.169.147.146%3A18081%2Fxingrg%2F&costTime=39×tamp=1592034574635 HTTP/1.1" 302 -
180.169.147.146 - - [09/Mar/2023:09:06:26 +0800] "GET /xingrg/login.html HTTP/1.1" 200 7641
180.169.147.146 - - [09/Mar/2023:09:06:27 +0800] "GET /favicon.ico HTTP/1.1" 404 -
180.169.147.146 - - [09/Mar/2023:09:06:28 +0800] "POST /xingrg/login.do HTTP/1.1" 302 -
180.169.147.146 - - [09/Mar/2023:09:06:28 +0800] "GET /xingrg/index.html?sysBaseUrl=http%3A%2F%2F180.169.147.146%3A18081%2Fxingrg%2F&costTime=37×tamp=1678323988293 HTTP/1.1" 200 17503
180.169.147.146 - - [09/Mar/2023:09:06:28 +0800] "GET /favicon.ico HTTP/1.1" 404 -
180.169.147.146 - - [09/Mar/2023:09:06:28 +0800] "POST /xingrg/all/common/load_tree.html?tree=area_rest_tree_json&manage=1 HTTP/1.1" 200 3499
180.169.147.146 - - [09/Mar/2023:09:06:28 +0800] "GET /xingrg/check_reg.html?_=1678324006691 HTTP/1.1" 200 22
180.169.147.146 - - [09/Mar/2023:09:06:28 +0800] "GET /xingrg/all/function/internal_message.html?_=1678324006691&CODE_STATE=count HTTP/1.1" 200 11
180.169.147.146 - - [09/Mar/2023:09:06:28 +0800] "POST /xingrg/load_menu.html HTTP/1.1" 200 11564
222.70.221.209 - - [09/Mar/2023:09:06:29 +0800] "GET /xingrg/all/function/internal_message.html?_=1678324124599&CODE_STATE=getMsg HTTP/1.1" 200 27
222.70.182.154 - - [09/Mar/2023:09:06:32 +0800] "GET /xingrg/all/function/internal_message.html?_=1678324008766&CODE_STATE=getMsg HTTP/1.1" 200 27
180.169.147.146 - - [09/Mar/2023:09:06:36 +0800] "GET /xingrg/kc/report/report_main.html HTTP/1.1" 200 8599
116.224.106.218 - - [09/Mar/2023:09:06:37 +0800] "GET /xingrg/all/function/internal_message.html?_=1678324015455&CODE_STATE=getMsg HTTP/1.1" 200 27
180.169.147.146 - - [09/Mar/2023:09:06:38 +0800] "GET /xingrg/all/report/report_query.html?fileName=kc/buy/gys_amount_base_rest.xml HTTP/1.1" 200 51664
180.169.147.146 - - [09/Mar/2023:09:06:38 +0800] "GET /xingrg/dwr/interface/AjaxReportQueryService.js HTTP/1.1" 200 13203
180.169.147.146 - - [09/Mar/2023:09:06:38 +0800] "GET /xingrg/dwr/util.js HTTP/1.1" 304 -
180.169.147.146 - - [09/Mar/2023:09:06:38 +0800] "GET /xingrg/dwr/engine.js HTTP/1.1" 200 43631
180.169.147.146 - - [09/Mar/2023:09:06:38 +0800] "POST /xingrg/dwr/call/plaincall/AjaxReportQueryService.getFixDate.dwr HTTP/1.1" 200 111
180.169.147.146 - - [09/Mar/2023:09:06:38 +0800] "POST /xingrg/all/common/load_tree.html?tree=area_rest_tree_json&manage=1 HTTP/1.1" 200 3499
180.169.147.146 - - [09/Mar/2023:09:06:39 +0800] "POST /xingrg/all/common/load_tree.html?tree=supplier_tree_json&manage=1 HTTP/1.1" 200 73018
180.169.147.146 - - [09/Mar/2023:09:06:45 +0800] "POST /xingrg/dwr/call/plaincall/AjaxReportQueryService.getFixDate.dwr HTTP/1.1" 200 111
180.169.147.146 - - [09/Mar/2023:09:06:50 +0800] "POST /xingrg/dwr/call/plaincall/AjaxReportQueryService.getFixDate.dwr HTTP/1.1" 200 111
180.169.147.146 - - [09/Mar/2023:09:06:52 +0800] "POST /xingrg/dwr/call/plaincall/AjaxReportQueryService.getFixDate.dwr HTTP/1.1" 200 111
120.253.135.82 - - [09/Mar/2023:09:06:57 +0800] "GET /xingrg/all/function/internal_message.html?_=1678324164021&CODE_STATE=getMsg HTTP/1.1" 200 27
222.70.182.154 - - [09/Mar/2023:09:06:57 +0800] "GET /xingrg/kc/buy/cgsh_order_operate.html?command=get_materiel&rest_code=00111&code=00101008061&supplier_code=00100005&order_time=2023-03-09 HTTP/1.1" 200 422
