180.169.147.146 - - [09/Mar/2023:10:27:29 +0800] "GET /xingrg/all/function/internal_message.html?_=1678328875700&CODE_STATE=getMsg HTTP/1.1" 200 27
172.20.0.100 - - [09/Mar/2023:10:27:30 +0800] "POST /xingrg/all/report/load_report_page.html HTTP/1.1" 200 18608
172.20.0.100 - - [09/Mar/2023:10:27:30 +0800] "GET /xingrg/servlets/image?cache=0.9087540809844769&image=px HTTP/1.1" 200 807
222.70.182.154 - - [09/Mar/2023:10:27:31 +0800] "GET /xingrg/all/function/internal_message.html?_=1678328867719&CODE_STATE=getMsg HTTP/1.1" 200 27
222.67.232.202 - - [09/Mar/2023:10:27:32 +0800] "GET /xingrg/kc/buy/cgsh_order_operate.html?command=get_materiel&rest_code=00141&code=00101008361&supplier_code=00100007&order_time=2023-03-09 HTTP/1.1" 200 408
116.192.124.172 - - [09/Mar/2023:10:27:32 +0800] "GET /xingrg/check_reg.html?_=1678328871426 HTTP/1.1" 200 22
116.224.106.218 - - [09/Mar/2023:10:27:37 +0800] "GET /xingrg/all/function/internal_message.html?_=1678328875583&CODE_STATE=getMsg HTTP/1.1" 200 27
116.224.106.218 - - [09/Mar/2023:10:27:37 +0800] "GET /xingrg/check_reg.html?_=1678328875586 HTTP/1.1" 200 22
120.253.135.82 - - [09/Mar/2023:10:27:38 +0800] "GET /xingrg/all/function/internal_message.html?_=1678328703075&CODE_STATE=getMsg HTTP/1.1" 200 27
116.230.118.11 - - [09/Mar/2023:10:27:40 +0800] "POST /xingrg/kc/buy/cgsh_order_operate.html HTTP/1.1" 200 37
222.67.232.202 - - [09/Mar/2023:10:27:41 +0800] "GET /xingrg/kc/buy/cgsh_order_operate.html?command=get_materiel&rest_code=00141&code=00101008134&supplier_code=00100007&order_time=2023-03-09 HTTP/1.1" 200 413
116.230.118.11 - - [09/Mar/2023:10:27:42 +0800] "POST /xingrg/kc/buy/cgsh_order_operate.html HTTP/1.1" 200 5618
222.67.232.202 - - [09/Mar/2023:10:27:43 +0800] "GET /xingrg/check_reg.html?_=1678328434068 HTTP/1.1" 200 22
222.67.232.202 - - [09/Mar/2023:10:27:43 +0800] "GET /xingrg/all/function/internal_message.html?_=1678328434413&CODE_STATE=getMsg HTTP/1.1" 200 27
116.192.124.172 - - [09/Mar/2023:10:27:43 +0800] "GET /xingrg/all/function/internal_message.html?_=1678328882387&CODE_STATE=getMsg HTTP/1.1" 200 27
116.230.118.11 - - [09/Mar/2023:10:27:45 +0800] "GET /xingrg/kc/print/load_data.html?order_code=212023030903033&kc_code=cgsh&condition= HTTP/1.1" 200 1805
61.170.234.154 - - [09/Mar/2023:10:27:45 +0800] "POST /xingrg/services/DataTransmitService HTTP/1.1" 200 524
172.20.0.100 - - [09/Mar/2023:10:27:46 +0800] "GET /xingrg/all/function/internal_message.html?_=1678328884202&CODE_STATE=getMsg HTTP/1.1" 200 27
61.170.234.154 - - [09/Mar/2023:10:27:47 +0800] "POST /xingrg/services/DataTransmitService HTTP/1.1" 200 412
61.170.234.154 - - [09/Mar/2023:10:27:48 +0800] "GET /xingrg/all/function/internal_message.html?_=1678328890977&CODE_STATE=getMsg HTTP/1.1" 200 27
222.67.232.202 - - [09/Mar/2023:10:27:51 +0800] "GET /xingrg/kc/buy/cgsh_order_operate.html?command=get_materiel&rest_code=00141&code=00101008037&supplier_code=00100007&order_time=2023-03-09 HTTP/1.1" 200 413
101.229.22.234 - - [09/Mar/2023:10:27:54 +0800] "GET /xingrg/all/function/internal_message.html?_=1678328892403&CODE_STATE=getMsg HTTP/1.1" 200 27
222.67.232.202 - - [09/Mar/2023:10:28:00 +0800] "GET /xingrg/kc/buy/cgsh_order_operate.html?command=get_materiel&rest_code=00141&code=00101008131&supplier_code=00100007&order_time=2023-03-09 HTTP/1.1" 200 408
58.40.7.146 - - [09/Mar/2023:10:28:02 +0800] "GET /xingrg/all/function/internal_message.html?_=1678328900504&CODE_STATE=getMsg HTTP/1.1" 200 27
58.40.7.146 - - [09/Mar/2023:10:28:02 +0800] "GET /xingrg/check_reg.html?_=1678328900506 HTTP/1.1" 200 22
58.40.7.146 - - [09/Mar/2023:10:28:05 +0800] "GET /xingrg/all/function/internal_message.html?_=1678328903690&CODE_STATE=getMsg HTTP/1.1" 200 27
58.40.7.146 - - [09/Mar/2023:10:28:06 +0800] "GET /xingrg/all/function/internal_message.html?_=1678328905374&CODE_STATE=getMsg HTTP/1.1" 200 27
116.238.139.35 - - [09/Mar/2023:10:28:09 +0800] "GET /xingrg/all/function/internal_message.html?_=1678328907514&CODE_STATE=getMsg HTTP/1.1" 200 27
222.67.232.202 - - [09/Mar/2023:10:28:11 +0800] "GET /xingrg/kc/buy/cgsh_order_operate.html?command=get_materiel&rest_code=00141&code=00101008210&supplier_code=00100007&order_time=2023-03-09 HTTP/1.1" 200 408
58.40.7.146 - - [09/Mar/2023:10:28:12 +0800] "GET /xingrg/all/function/internal_message.html?_=1678328910731&CODE_STATE=getMsg HTTP/1.1" 302 -
116.238.139.35 - - [09/Mar/2023:10:28:12 +0800] "GET /xingrg/all/function/internal_message.html?_=1678328846362&CODE_STATE=getMsg HTTP/1.1" 200 27
116.225.84.253 - - [09/Mar/2023:10:28:13 +0800] "GET /xingrg/all/function/internal_message.html?_=1678328911958&CODE_STATE=getMsg HTTP/1.1" 200 27
180.164.3.199 - - [09/Mar/2023:10:28:13 +0800] "GET /xingrg/all/function/internal_message.html?_=1678328910905&CODE_STATE=getMsg HTTP/1.1" 200 27
180.164.3.199 - - [09/Mar/2023:10:28:13 +0800] "GET /xingrg/check_reg.html?_=1678328910908 HTTP/1.1" 200 22
116.225.84.253 - - [09/Mar/2023:10:28:15 +0800] "GET /xingrg/check_reg.html?_=1678328757987 HTTP/1.1" 200 22
116.225.84.253 - - [09/Mar/2023:10:28:15 +0800] "GET /xingrg/all/function/internal_message.html?_=1678328757990&CODE_STATE=getMsg HTTP/1.1" 200 27
172.20.0.100 - - [09/Mar/2023:10:28:18 +0800] "GET /xingrg/kc/cost/crk_report.html HTTP/1.1" 200 23503
172.20.0.100 - - [09/Mar/2023:10:28:20 +0800] "POST /xingrg/kc/cost/cost_operate.html?command=get_base_tree HTTP/1.1" 200 3643
172.20.0.100 - - [09/Mar/2023:10:28:20 +0800] "POST /xingrg/all/common/load_tree.html?tree=materiel_sort_tree_json HTTP/1.1" 200 9500
172.20.0.100 - - [09/Mar/2023:10:28:20 +0800] "POST /xingrg/kc/cost/cost_operate.html HTTP/1.1" 200 37
116.192.124.172 - - [09/Mar/2023:10:28:22 +0800] "GET /xingrg/all/function/internal_message.html?_=1678328921559&CODE_STATE=getMsg HTTP/1.1" 200 27
180.169.147.146 - - [09/Mar/2023:10:28:24 +0800] "GET /xingrg/all/function/internal_message.html?_=1678328922551&CODE_STATE=getMsg HTTP/1.1" 200 27
116.230.118.11 - - [09/Mar/2023:10:28:27 +0800] "GET /xingrg/all/function/internal_message.html?_=1678328939179&CODE_STATE=getMsg HTTP/1.1" 200 27
222.70.221.209 - - [09/Mar/2023:10:28:27 +0800] "GET /xingrg/all/function/internal_message.html?_=1678329043154&CODE_STATE=getMsg HTTP/1.1" 200 27
172.20.0.100 - - [09/Mar/2023:10:28:28 +0800] "GET /xingrg/all/report/report_query.html?isQuery=1&onlyBody=1&rh=999&varString=cost_id:4121,rk_cost:cgsh_rk_money-cgth_ck_money$add$pssh_rk_money-psth_ck_money$add$yddb_rk_money$add$qt_rk_money$add$wldb_rk_money$add$check_rk_money,ck_cost:cgsh_rk_money-cgth_ck_money$add$pssh_rk_money-psth_ck_money$add$yddb_rk_money$add$qt_rk_money$add$wldb_rk_money$add$check_rk_money,rk_nums:cgsh_rk_number-cgth_ck_number$add$pssh_rk_number-psth_ck_number$add$yddb_rk_number$add$qt_rk_number$add$wldb_rk_number$add$check_rk_number,ck_nums:cgsh_rk_number-cgth_ck_number$add$pssh_rk_number-psth_ck_number$add$yddb_rk_number$add$qt_rk_number$add$wldb_rk_number$add$check_rk_number&fileName=kc/cost/crk_define_by_materiel.xml&queryString=%20a.base_code%20in%20('0010450')%20%20and%20m.sort_code%20in%20('00101001','00101002','00101003','00101004','00101005','00101006','00101007','00101008','00101009','00101010','00101011','00101012','00101013','00101014','00101015','00101016','00101017','00101018','00101019','00101020','00101021','00101022','00101023','00101024','00101025','00101026','00101027','00101028','00101029','00101030','00101031','00101032','00101033','00101034','00101036','00101037','00101038','00101039','00101040','00101041','00101042','00101043')%20&queryText=Ô·ݣº2023Äê2ÔÂ%20²Ö¿â£ºº£ÏʳØ&tableQueryString=materiel_table$sp1$$sp$before_table$sp1$$sp$crk_table$sp1$order_day%20between%2020230201%20and%2020230228 HTTP/1.1" 200 49513
172.20.0.100 - - [09/Mar/2023:10:28:29 +0800] "GET /xingrg/dwr/interface/AjaxReportQueryService.js HTTP/1.1" 200 13203
172.20.0.100 - - [09/Mar/2023:10:28:29 +0800] "GET /xingrg/dwr/engine.js HTTP/1.1" 200 43631
180.169.147.146 - - [09/Mar/2023:10:28:29 +0800] "GET /xingrg/all/function/internal_message.html?_=1678328935699&CODE_STATE=getMsg HTTP/1.1" 200 27
172.20.0.100 - - [09/Mar/2023:10:28:31 +0800] "POST /xingrg/all/report/load_report_page.html HTTP/1.1" 200 217198
172.20.0.100 - - [09/Mar/2023:10:28:31 +0800] "GET /xingrg/servlets/image?cache=0.9665259915128858&image=px HTTP/1.1" 200 807
222.70.182.154 - - [09/Mar/2023:10:28:31 +0800] "GET /xingrg/all/function/internal_message.html?_=1678328927704&CODE_STATE=getMsg HTTP/1.1" 200 27
172.20.0.100 - - [09/Mar/2023:10:28:34 +0800] "GET /xingrg/all/report/report_query.html?isQuery=1&onlyBody=1&rh=999&rw=1800&varString=cost_id:4121&fileName=kc/cost/crk_type_by_materiel.xml&queryString=%20a.base_code%20in%20('0010450')%20%20and%20m.sort_code%20in%20('00101001','00101002','00101003','00101004','00101005','00101006','00101007','00101008','00101009','00101010','00101011','00101012','00101013','00101014','00101015','00101016','00101017','00101018','00101019','00101020','00101021','00101022','00101023','00101024','00101025','00101026','00101027','00101028','00101029','00101030','00101031','00101032','00101033','00101034','00101036','00101037','00101038','00101039','00101040','00101041','00101042','00101043')%20&queryText=Ô·ݣº2023Äê2ÔÂ%20²Ö¿â£ºº£ÏʳØ&tableQueryString=materiel_table$sp1$$sp$before_table$sp1$$sp$crk_table$sp1$order_day%20between%2020230201%20and%2020230228 HTTP/1.1" 200 48934
172.20.0.100 - - [09/Mar/2023:10:28:34 +0800] "GET /xingrg/dwr/interface/AjaxReportQueryService.js HTTP/1.1" 200 13203
172.20.0.100 - - [09/Mar/2023:10:28:34 +0800] "GET /xingrg/dwr/engine.js HTTP/1.1" 200 43631
222.67.232.202 - - [09/Mar/2023:10:28:35 +0800] "GET /xingrg/kc/buy/cgsh_order_operate.html?command=get_materiel&rest_code=00141&code=00101008207&supplier_code=00100007&order_time=2023-03-09 HTTP/1.1" 200 408
172.20.0.100 - - [09/Mar/2023:10:28:35 +0800] "POST /xingrg/all/report/load_report_page.html HTTP/1.1" 200 530240
172.20.0.100 - - [09/Mar/2023:10:28:35 +0800] "GET /xingrg/servlets/image?cache=0.28205690127901106&image=px HTTP/1.1" 200 807
120.253.135.82 - - [09/Mar/2023:10:28:37 +0800] "GET /xingrg/check_reg.html?_=1678328762061 HTTP/1.1" 200 22
116.224.106.218 - - [09/Mar/2023:10:28:37 +0800] "GET /xingrg/all/function/internal_message.html?_=1678328935574&CODE_STATE=getMsg HTTP/1.1" 200 27
116.230.118.11 - - [09/Mar/2023:10:28:37 +0800] "GET /xingrg/kc/buy/cgsh_order_add.html HTTP/1.1" 200 69961
120.253.135.82 - - [09/Mar/2023:10:28:38 +0800] "GET /xingrg/all/function/internal_message.html?_=1678328763088&CODE_STATE=getMsg HTTP/1.1" 200 27
116.225.84.253 - - [09/Mar/2023:10:28:38 +0800] "GET /xingrg/kc/base/wldb_order_list.html HTTP/1.1" 200 19098
116.230.118.11 - - [09/Mar/2023:10:28:38 +0800] "POST /xingrg/kc/buy/cgsh_order_operate.html HTTP/1.1" 200 8245
116.230.118.11 - - [09/Mar/2023:10:28:38 +0800] "GET /xingrg/javascript/easyui/themes/default/validatebox.css HTTP/1.1" 404 1104
116.225.84.253 - - [09/Mar/2023:10:28:39 +0800] "POST /xingrg/kc/base/wldb_list_operate.html HTTP/1.1" 200 2951
116.225.84.253 - - [09/Mar/2023:10:28:40 +0800] "GET /xingrg/kc/base/wldb_order_add.html HTTP/1.1" 200 30381
116.225.84.253 - - [09/Mar/2023:10:28:40 +0800] "GET /xingrg/all/common/auto_word.html?type=base&rest_code=00105 HTTP/1.1" 200 1907
116.225.84.253 - - [09/Mar/2023:10:28:40 +0800] "GET /xingrg/all/common/auto_word.html?type=base&rest_code=00105 HTTP/1.1" 200 1907
116.225.84.253 - - [09/Mar/2023:10:28:40 +0800] "POST /xingrg/kc/base/wldb_order_operate.html HTTP/1.1" 200 6806
116.225.84.253 - - [09/Mar/2023:10:28:40 +0800] "GET /xingrg/javascript/easyui/themes/default/validatebox.css HTTP/1.1" 404 1104
116.225.84.253 - - [09/Mar/2023:10:28:41 +0800] "GET /xingrg/css/images/panel_loading.gif HTTP/1.1" 304 -
116.225.84.253 - - [09/Mar/2023:10:28:41 +0800] "POST /xingrg/all/common/load_combo.html?type=base HTTP/1.1" 200 3409
172.20.0.100 - - [09/Mar/2023:10:28:41 +0800] "GET /xingrg/all/report/report_query.html?isQuery=1&onlyBody=1&rh=999&varString=cost_id:4121,rk_cost:cgsh_rk_money-cgth_ck_money$add$pssh_rk_money-psth_ck_money$add$yddb_rk_money$add$qt_rk_money$add$wldb_rk_money$add$check_rk_money,ck_cost:cgsh_rk_money-cgth_ck_money$add$pssh_rk_money-psth_ck_money$add$yddb_rk_money$add$qt_rk_money$add$wldb_rk_money$add$check_rk_money,rk_nums:cgsh_rk_number-cgth_ck_number$add$pssh_rk_number-psth_ck_number$add$yddb_rk_number$add$qt_rk_number$add$wldb_rk_number$add$check_rk_number,ck_nums:cgsh_rk_number-cgth_ck_number$add$pssh_rk_number-psth_ck_number$add$yddb_rk_number$add$qt_rk_number$add$wldb_rk_number$add$check_rk_number&fileName=kc/cost/crk_define_by_materiel.xml&queryString=%20a.base_code%20in%20('0010450')%20%20and%20m.sort_code%20in%20('00101001','00101002','00101003','00101004','00101005','00101006','00101007','00101008','00101009','00101010','00101011','00101012','00101013','00101014','00101015','00101016','00101017','00101018','00101019','00101020','00101021','00101022','00101023','00101024','00101025','00101026','00101027','00101028','00101029','00101030','00101031','00101032','00101033','00101034','00101036','00101037','00101038','00101039','00101040','00101041','00101042','00101043')%20&queryText=Ô·ݣº2023Äê2ÔÂ%20²Ö¿â£ºº£ÏʳØ&tableQueryString=materiel_table$sp1$$sp$before_table$sp1$$sp$crk_table$sp1$order_day%20between%2020230201%20and%2020230228 HTTP/1.1" 200 49513
172.20.0.100 - - [09/Mar/2023:10:28:41 +0800] "GET /xingrg/dwr/interface/AjaxReportQueryService.js HTTP/1.1" 200 13203
172.20.0.100 - - [09/Mar/2023:10:28:41 +0800] "GET /xingrg/dwr/engine.js HTTP/1.1" 200 43631
172.20.0.100 - - [09/Mar/2023:10:28:43 +0800] "POST /xingrg/all/report/load_report_page.html HTTP/1.1" 200 217286
172.20.0.100 - - [09/Mar/2023:10:28:43 +0800] "GET /xingrg/servlets/image?cache=0.38911473693983156&image=px HTTP/1.1" 200 807
222.67.232.202 - - [09/Mar/2023:10:28:43 +0800] "GET /xingrg/all/function/internal_message.html?_=1678328494415&CODE_STATE=getMsg HTTP/1.1" 200 27
116.192.124.172 - - [09/Mar/2023:10:28:43 +0800] "GET /xingrg/check_reg.html?_=1678328942385 HTTP/1.1" 200 22
116.192.124.172 - - [09/Mar/2023:10:28:43 +0800] "GET /xingrg/all/function/internal_message.html?_=1678328942389&CODE_STATE=getMsg HTTP/1.1" 200 27
172.20.0.100 - - [09/Mar/2023:10:28:46 +0800] "GET /xingrg/all/function/internal_message.html?_=1678328944233&CODE_STATE=getMsg HTTP/1.1" 200 27
58.221.95.50 - - [09/Mar/2023:10:28:47 +0800] "GET /xingrg/check_reg.html?_=1678328945673 HTTP/1.1" 200 22
222.67.232.202 - - [09/Mar/2023:10:28:48 +0800] "GET /xingrg/kc/buy/cgsh_order_operate.html?command=get_materiel&rest_code=00141&code=00101008199&supplier_code=00100007&order_time=2023-03-09 HTTP/1.1" 200 408
61.170.234.154 - - [09/Mar/2023:10:28:48 +0800] "GET /xingrg/all/function/internal_message.html?_=1678328950977&CODE_STATE=getMsg HTTP/1.1" 200 27
172.20.0.100 - - [09/Mar/2023:10:28:50 +0800] "POST /xingrg/all/report/load_report_page.html HTTP/1.1" 200 216191
172.20.0.100 - - [09/Mar/2023:10:28:50 +0800] "GET /xingrg/servlets/image?cache=0.8350493611132782&image=px HTTP/1.1" 200 807
116.225.84.253 - - [09/Mar/2023:10:28:53 +0800] "GET /xingrg/kc/base/wldb_order_operate.html?command=get_materiel&rest_code=00105&base_code=0010508&code=00102002118 HTTP/1.1" 200 467
116.225.84.253 - - [09/Mar/2023:10:28:54 +0800] "POST /xingrg/all/common/load_select.html HTTP/1.1" 200 38
101.229.22.234 - - [09/Mar/2023:10:28:54 +0800] "GET /xingrg/check_reg.html?_=1678328952402 HTTP/1.1" 200 22
101.229.22.234 - - [09/Mar/2023:10:28:54 +0800] "GET /xingrg/all/function/internal_message.html?_=1678328952403&CODE_STATE=getMsg HTTP/1.1" 200 27
116.225.84.253 - - [09/Mar/2023:10:28:55 +0800] "GET /xingrg/kc/base/wldb_order_operate.html?command=get_materiel_price&rest_code=00105&base_code=0010508&code=00102002118&unit_code=00100339 HTTP/1.1" 200 36
172.20.0.100 - - [09/Mar/2023:10:28:56 +0800] "POST /xingrg/all/report/load_report_page.html HTTP/1.1" 200 218281
172.20.0.100 - - [09/Mar/2023:10:28:56 +0800] "GET /xingrg/servlets/image?cache=0.5073180021064331&image=px HTTP/1.1" 200 807
222.67.232.202 - - [09/Mar/2023:10:28:56 +0800] "GET /xingrg/kc/buy/cgsh_order_operate.html?command=get_materiel&rest_code=00141&code=00101008126&supplier_code=00100007&order_time=2023-03-09 HTTP/1.1" 200 412
116.230.118.11 - - [09/Mar/2023:10:29:00 +0800] "GET /xingrg/kc/buy/cgsh_order_operate.html?command=get_materiel&rest_code=00146&code=00101006193&supplier_code=00100012&order_time=2023-03-09 HTTP/1.1" 200 409
116.225.84.253 - - [09/Mar/2023:10:29:02 +0800] "GET /xingrg/kc/base/wldb_order_operate.html?command=get_materiel&rest_code=00105&base_code=0010508&code=00102002685 HTTP/1.1" 200 458
58.40.7.146 - - [09/Mar/2023:10:29:02 +0800] "GET /xingrg/all/function/internal_message.html?_=1678328960506&CODE_STATE=getMsg HTTP/1.1" 200 27
222.67.232.202 - - [09/Mar/2023:10:29:05 +0800] "GET /xingrg/kc/buy/cgsh_order_operate.html?command=get_materiel&rest_code=00141&code=00101008087&supplier_code=00100007&order_time=2023-03-09 HTTP/1.1" 200 412
58.40.7.146 - - [09/Mar/2023:10:29:05 +0800] "GET /xingrg/all/function/internal_message.html?_=1678328963695&CODE_STATE=getMsg HTTP/1.1" 200 27
58.40.7.146 - - [09/Mar/2023:10:29:05 +0800] "GET /xingrg/check_reg.html?_=1678328963697 HTTP/1.1" 200 22
58.40.7.146 - - [09/Mar/2023:10:29:06 +0800] "GET /xingrg/all/function/internal_message.html?_=1678328965374&CODE_STATE=getMsg HTTP/1.1" 200 27
116.225.84.253 - - [09/Mar/2023:10:29:07 +0800] "POST /xingrg/kc/base/wldb_order_operate.html HTTP/1.1" 200 37
116.225.84.253 - - [09/Mar/2023:10:29:08 +0800] "POST /xingrg/kc/base/wldb_order_operate.html HTTP/1.1" 200 2700
116.238.139.35 - - [09/Mar/2023:10:29:09 +0800] "GET /xingrg/all/function/internal_message.html?_=1678328967502&CODE_STATE=getMsg HTTP/1.1" 200 27
116.238.139.35 - - [09/Mar/2023:10:29:09 +0800] "GET /xingrg/check_reg.html?_=1678328967818 HTTP/1.1" 200 22
116.225.84.253 - - [09/Mar/2023:10:29:09 +0800] "GET /xingrg/kc/base/wldb_order_info.html?code=422023030900682 HTTP/1.1" 200 30397
116.225.84.253 - - [09/Mar/2023:10:29:09 +0800] "GET /xingrg/javascript/easyui/themes/default/validatebox.css HTTP/1.1" 404 1104
116.225.84.253 - - [09/Mar/2023:10:29:10 +0800] "POST /xingrg/kc/base/wldb_order_operate.html HTTP/1.1" 200 2700
58.40.7.146 - - [09/Mar/2023:10:29:12 +0800] "GET /xingrg/all/function/internal_message.html?_=1678328970712&CODE_STATE=getMsg HTTP/1.1" 302 -
116.238.139.35 - - [09/Mar/2023:10:29:12 +0800] "GET /xingrg/all/function/internal_message.html?_=1678328906374&CODE_STATE=getMsg HTTP/1.1" 200 27
116.225.84.253 - - [09/Mar/2023:10:29:13 +0800] "GET /xingrg/check_reg.html?_=1678328972002 HTTP/1.1" 200 22
116.225.84.253 - - [09/Mar/2023:10:29:13 +0800] "GET /xingrg/all/function/internal_message.html?_=1678328972000&CODE_STATE=getMsg HTTP/1.1" 200 27
180.164.3.199 - - [09/Mar/2023:10:29:13 +0800] "GET /xingrg/all/function/internal_message.html?_=1678328970915&CODE_STATE=getMsg HTTP/1.1" 200 27
116.225.84.253 - - [09/Mar/2023:10:29:15 +0800] "GET /xingrg/all/function/internal_message.html?_=1678328817987&CODE_STATE=getMsg HTTP/1.1" 200 27
222.67.232.202 - - [09/Mar/2023:10:29:15 +0800] "GET /xingrg/kc/buy/cgsh_order_operate.html?command=get_materiel&rest_code=00141&code=00101008353&supplier_code=00100007&order_time=2023-03-09 HTTP/1.1" 200 408
222.67.232.202 - - [09/Mar/2023:10:29:18 +0800] "POST /xingrg/kc/buy/cgsh_order_operate.html HTTP/1.1" 200 2065
116.225.84.253 - - [09/Mar/2023:10:29:22 +0800] "GET /xingrg/kc/base/wldb_order_add.html HTTP/1.1" 200 30381
116.192.124.172 - - [09/Mar/2023:10:29:22 +0800] "GET /xingrg/check_reg.html?_=1678328981549 HTTP/1.1" 200 22
116.192.124.172 - - [09/Mar/2023:10:29:22 +0800] "GET /xingrg/all/function/internal_message.html?_=1678328981552&CODE_STATE=getMsg HTTP/1.1" 200 27
116.225.84.253 - - [09/Mar/2023:10:29:22 +0800] "GET /xingrg/javascript/easyui/themes/default/validatebox.css HTTP/1.1" 404 1104
116.225.84.253 - - [09/Mar/2023:10:29:22 +0800] "POST /xingrg/kc/base/wldb_order_operate.html HTTP/1.1" 200 6806
116.225.84.253 - - [09/Mar/2023:10:29:23 +0800] "POST /xingrg/all/common/load_combo.html?type=base HTTP/1.1" 200 3409
180.169.147.146 - - [09/Mar/2023:10:29:24 +0800] "GET /xingrg/all/function/internal_message.html?_=1678328982544&CODE_STATE=getMsg HTTP/1.1" 200 27
58.40.7.146 - - [09/Mar/2023:10:29:24 +0800] "GET /xingrg/check_reg.html?_=1678328982820 HTTP/1.1" 302 -
222.67.232.202 - - [09/Mar/2023:10:29:25 +0800] "GET /xingrg/kc/buy/cgsh_order_operate.html?command=get_materiel&rest_code=00141&code=00101008350&supplier_code=00100007&order_time=2023-03-09 HTTP/1.1" 200 408
116.230.118.11 - - [09/Mar/2023:10:29:27 +0800] "GET /xingrg/all/function/internal_message.html?_=1678328999182&CODE_STATE=getMsg HTTP/1.1" 200 27
222.70.221.209 - - [09/Mar/2023:10:29:27 +0800] "GET /xingrg/all/function/internal_message.html?_=1678329103131&CODE_STATE=getMsg HTTP/1.1" 200 27
180.169.147.146 - - [09/Mar/2023:10:29:29 +0800] "GET /xingrg/all/function/internal_message.html?_=1678328995700&CODE_STATE=getMsg HTTP/1.1" 200 27
180.169.147.146 - - [09/Mar/2023:10:29:29 +0800] "GET /xingrg/check_reg.html?_=1678328995698 HTTP/1.1" 200 22
222.70.182.154 - - [09/Mar/2023:10:29:31 +0800] "GET /xingrg/all/function/internal_message.html?_=1678328987689&CODE_STATE=getMsg HTTP/1.1" 200 27
222.70.182.154 - - [09/Mar/2023:10:29:32 +0800] "GET /xingrg/check_reg.html?_=1678328988565 HTTP/1.1" 200 22
116.225.84.253 - - [09/Mar/2023:10:29:33 +0800] "GET /xingrg/kc/base/wldb_order_operate.html?command=get_materiel&rest_code=00105&base_code=0010508&code=00102002254 HTTP/1.1" 200 449
222.67.232.202 - - [09/Mar/2023:10:29:34 +0800] "GET /xingrg/kc/buy/cgsh_order_operate.html?command=get_materiel&rest_code=00141&code=00101008036&supplier_code=00100007&order_time=2023-03-09 HTTP/1.1" 200 408
116.230.118.11 - - [09/Mar/2023:10:29:35 +0800] "GET /xingrg/kc/buy/cgsh_order_operate.html?command=get_materiel&rest_code=00146&code=00101006065&supplier_code=00100012&order_time=2023-03-09 HTTP/1.1" 200 409
116.224.106.218 - - [09/Mar/2023:10:29:37 +0800] "GET /xingrg/all/function/internal_message.html?_=1678328995573&CODE_STATE=getMsg HTTP/1.1" 200 27
120.253.135.82 - - [09/Mar/2023:10:29:38 +0800] "GET /xingrg/all/function/internal_message.html?_=1678328823102&CODE_STATE=getMsg HTTP/1.1" 200 27
116.225.84.253 - - [09/Mar/2023:10:29:41 +0800] "GET /xingrg/kc/base/wldb_order_operate.html?command=get_materiel&rest_code=00105&base_code=0010508&code=00102002610 HTTP/1.1" 200 444
222.67.232.202 - - [09/Mar/2023:10:29:43 +0800] "GET /xingrg/all/function/internal_message.html?_=1678328554457&CODE_STATE=getMsg HTTP/1.1" 200 27
116.192.124.172 - - [09/Mar/2023:10:29:43 +0800] "GET /xingrg/all/function/internal_message.html?_=1678329002402&CODE_STATE=getMsg HTTP/1.1" 200 27
172.20.0.100 - - [09/Mar/2023:10:29:46 +0800] "GET /xingrg/all/function/internal_message.html?_=1678329004212&CODE_STATE=getMsg HTTP/1.1" 200 27
61.170.234.154 - - [09/Mar/2023:10:29:48 +0800] "GET /xingrg/all/function/internal_message.html?_=1678329010969&CODE_STATE=getMsg HTTP/1.1" 200 27
101.229.22.234 - - [09/Mar/2023:10:29:54 +0800] "GET /xingrg/all/function/internal_message.html?_=1678329012402&CODE_STATE=getMsg HTTP/1.1" 200 27
116.225.84.253 - - [09/Mar/2023:10:29:57 +0800] "GET /xingrg/kc/base/wldb_order_operate.html?command=get_materiel&rest_code=00105&base_code=0010508&code=00102002082 HTTP/1.1" 200 454
58.40.7.146 - - [09/Mar/2023:10:30:02 +0800] "GET /xingrg/all/function/internal_message.html?_=1678329020493&CODE_STATE=getMsg HTTP/1.1" 200 27
116.225.84.253 - - [09/Mar/2023:10:30:03 +0800] "POST /xingrg/kc/base/wldb_order_operate.html HTTP/1.1" 200 37
116.225.84.253 - - [09/Mar/2023:10:30:04 +0800] "POST /xingrg/kc/base/wldb_order_operate.html HTTP/1.1" 200 3166
58.40.7.146 - - [09/Mar/2023:10:30:05 +0800] "GET /xingrg/all/function/internal_message.html?_=1678329023683&CODE_STATE=getMsg HTTP/1.1" 200 27
58.40.7.146 - - [09/Mar/2023:10:30:06 +0800] "GET /xingrg/all/function/internal_message.html?_=1678329025373&CODE_STATE=getMsg HTTP/1.1" 200 27
116.238.139.35 - - [09/Mar/2023:10:30:09 +0800] "GET /xingrg/all/function/internal_message.html?_=1678329027477&CODE_STATE=getMsg HTTP/1.1" 200 27
58.40.7.146 - - [09/Mar/2023:10:30:12 +0800] "GET /xingrg/all/function/internal_message.html?_=1678329030698&CODE_STATE=getMsg HTTP/1.1" 302 -
116.238.139.35 - - [09/Mar/2023:10:30:12 +0800] "GET /xingrg/all/function/internal_message.html?_=1678328966404&CODE_STATE=getMsg HTTP/1.1" 200 27
180.164.3.199 - - [09/Mar/2023:10:30:13 +0800] "GET /xingrg/all/function/internal_message.html?_=1678329030912&CODE_STATE=getMsg HTTP/1.1" 200 27
116.230.118.11 - - [09/Mar/2023:10:30:14 +0800] "GET /xingrg/kc/buy/cgsh_order_operate.html?command=get_materiel&rest_code=00146&code=00101006184&supplier_code=00100012&order_time=2023-03-09 HTTP/1.1" 200 408
116.225.84.253 - - [09/Mar/2023:10:30:15 +0800] "GET /xingrg/all/function/internal_message.html?_=1678328877990&CODE_STATE=getMsg HTTP/1.1" 200 27
116.225.84.253 - - [09/Mar/2023:10:30:16 +0800] "GET /xingrg/kc/base/wldb_order_info.html?code=422023030900683 HTTP/1.1" 200 30397
116.225.84.253 - - [09/Mar/2023:10:30:16 +0800] "GET /xingrg/javascript/easyui/themes/default/validatebox.css HTTP/1.1" 404 1104
116.225.84.253 - - [09/Mar/2023:10:30:17 +0800] "POST /xingrg/kc/base/wldb_order_operate.html HTTP/1.1" 200 3166
116.225.84.253 - - [09/Mar/2023:10:30:18 +0800] "GET /xingrg/kc/base/wldb_order_add.html HTTP/1.1" 200 30381
116.225.84.253 - - [09/Mar/2023:10:30:19 +0800] "POST /xingrg/kc/base/wldb_order_operate.html HTTP/1.1" 200 6806
116.225.84.253 - - [09/Mar/2023:10:30:19 +0800] "GET /xingrg/javascript/easyui/themes/default/validatebox.css HTTP/1.1" 404 1104
116.225.84.253 - - [09/Mar/2023:10:30:19 +0800] "POST /xingrg/all/common/load_combo.html?type=base HTTP/1.1" 200 3409
116.192.124.172 - - [09/Mar/2023:10:30:22 +0800] "GET /xingrg/all/function/internal_message.html?_=1678329041551&CODE_STATE=getMsg HTTP/1.1" 200 27
180.169.147.146 - - [09/Mar/2023:10:30:24 +0800] "GET /xingrg/check_reg.html?_=1678329042538 HTTP/1.1" 200 22
180.169.147.146 - - [09/Mar/2023:10:30:24 +0800] "GET /xingrg/all/function/internal_message.html?_=1678329042543&CODE_STATE=getMsg HTTP/1.1" 200 27
116.230.118.11 - - [09/Mar/2023:10:30:27 +0800] "GET /xingrg/all/function/internal_message.html?_=1678329059198&CODE_STATE=getMsg HTTP/1.1" 200 27
222.70.221.209 - - [09/Mar/2023:10:30:27 +0800] "GET /xingrg/all/function/internal_message.html?_=1678329163106&CODE_STATE=getMsg HTTP/1.1" 200 27
116.230.118.11 - - [09/Mar/2023:10:30:28 +0800] "GET /xingrg/kc/buy/cgsh_order_operate.html?command=get_materiel&rest_code=00146&code=00101006178&supplier_code=00100012&order_time=2023-03-09 HTTP/1.1" 200 409
180.169.147.146 - - [09/Mar/2023:10:30:29 +0800] "GET /xingrg/all/function/internal_message.html?_=1678329055698&CODE_STATE=getMsg HTTP/1.1" 200 27
116.225.84.253 - - [09/Mar/2023:10:30:30 +0800] "GET /xingrg/kc/base/wldb_order_operate.html?command=get_materiel&rest_code=00105&base_code=0010508&code=00102002204 HTTP/1.1" 200 448
222.70.182.154 - - [09/Mar/2023:10:30:31 +0800] "GET /xingrg/all/function/internal_message.html?_=1678329047660&CODE_STATE=getMsg HTTP/1.1" 200 27
116.225.84.253 - - [09/Mar/2023:10:30:35 +0800] "GET /xingrg/kc/buy/buy_main.html HTTP/1.1" 200 12412
116.225.84.253 - - [09/Mar/2023:10:30:35 +0800] "GET /xingrg/css/new_ie.css HTTP/1.1" 404 1036
116.225.84.253 - - [09/Mar/2023:10:30:35 +0800] "POST /xingrg/kc/base/wldb_order_operate.html HTTP/1.1" 200 37
116.225.84.253 - - [09/Mar/2023:10:30:35 +0800] "GET /xingrg/images/yd/bt.gif HTTP/1.1" 404 1040
116.225.84.253 - - [09/Mar/2023:10:30:35 +0800] "POST /xingrg/kc/base/wldb_order_operate.html HTTP/1.1" 200 2198
222.67.232.202 - - [09/Mar/2023:10:30:35 +0800] "GET /xingrg/kc/buy/cgsh_order_operate.html?command=get_materiel&rest_code=00141&code=00101008027&supplier_code=00100007&order_time=2023-03-09 HTTP/1.1" 200 409
116.225.84.253 - - [09/Mar/2023:10:30:37 +0800] "GET /xingrg/kc/buy/cgsh_order_list.html HTTP/1.1" 200 54179
116.224.106.218 - - [09/Mar/2023:10:30:37 +0800] "GET /xingrg/all/function/internal_message.html?_=1678329055580&CODE_STATE=getMsg HTTP/1.1" 200 27
120.253.135.82 - - [09/Mar/2023:10:30:38 +0800] "GET /xingrg/all/function/internal_message.html?_=1678328883117&CODE_STATE=getMsg HTTP/1.1" 200 27
116.238.139.35 - - [09/Mar/2023:10:30:38 +0800] "GET /xingrg/check_reg.html?_=1678328992026 HTTP/1.1" 200 22
222.67.232.202 - - [09/Mar/2023:10:30:43 +0800] "GET /xingrg/all/function/internal_message.html?_=1678328614434&CODE_STATE=getMsg HTTP/1.1" 200 27
116.192.124.172 - - [09/Mar/2023:10:30:43 +0800] "GET /xingrg/all/function/internal_message.html?_=1678329062389&CODE_STATE=getMsg HTTP/1.1" 200 27
116.225.84.253 - - [09/Mar/2023:10:30:43 +0800] "GET /xingrg/kc/base/wldb_order_info.html?code=422023030900684 HTTP/1.1" 200 30395
116.225.84.253 - - [09/Mar/2023:10:30:44 +0800] "GET /xingrg/javascript/easyui/themes/default/validatebox.css HTTP/1.1" 404 1104
116.225.84.253 - - [09/Mar/2023:10:30:44 +0800] "POST /xingrg/kc/base/wldb_order_operate.html HTTP/1.1" 200 2198
222.67.232.202 - - [09/Mar/2023:10:30:45 +0800] "POST /xingrg/kc/buy/cgsh_order_operate.html HTTP/1.1" 200 2065
172.20.0.100 - - [09/Mar/2023:10:30:46 +0800] "GET /xingrg/all/function/internal_message.html?_=1678329064203&CODE_STATE=getMsg HTTP/1.1" 200 27
116.225.84.253 - - [09/Mar/2023:10:30:46 +0800] "GET /xingrg/kc/base/wldb_order_add.html HTTP/1.1" 200 30381
116.225.84.253 - - [09/Mar/2023:10:30:47 +0800] "GET /xingrg/javascript/easyui/themes/default/validatebox.css HTTP/1.1" 404 1104
116.225.84.253 - - [09/Mar/2023:10:30:47 +0800] "POST /xingrg/kc/base/wldb_order_operate.html HTTP/1.1" 200 6806
116.225.84.253 - - [09/Mar/2023:10:30:47 +0800] "POST /xingrg/all/common/load_combo.html?type=base HTTP/1.1" 200 3409
116.230.118.11 - - [09/Mar/2023:10:30:48 +0800] "GET /xingrg/kc/buy/cgsh_order_operate.html?command=get_materiel&rest_code=00146&code=00101006177&supplier_code=00100012&order_time=2023-03-09 HTTP/1.1" 200 409
116.225.84.253 - - [09/Mar/2023:10:30:48 +0800] "POST /xingrg/kc/buy/cgsh_list_operate.html HTTP/1.1" 200 4386
61.170.234.154 - - [09/Mar/2023:10:30:48 +0800] "GET /xingrg/all/function/internal_message.html?_=1678329070973&CODE_STATE=getMsg HTTP/1.1" 200 27
61.170.234.154 - - [09/Mar/2023:10:30:48 +0800] "GET /xingrg/check_reg.html?_=1678329070973 HTTP/1.1" 200 22
101.229.22.234 - - [09/Mar/2023:10:30:54 +0800] "GET /xingrg/all/function/internal_message.html?_=1678329072402&CODE_STATE=getMsg HTTP/1.1" 200 27
58.40.7.146 - - [09/Mar/2023:10:31:02 +0800] "GET /xingrg/all/function/internal_message.html?_=1678329080495&CODE_STATE=getMsg HTTP/1.1" 200 27
58.40.7.146 - - [09/Mar/2023:10:31:05 +0800] "GET /xingrg/all/function/internal_message.html?_=1678329083687&CODE_STATE=getMsg HTTP/1.1" 200 27
116.225.84.253 - - [09/Mar/2023:10:31:06 +0800] "GET /xingrg/kc/base/wldb_order_operate.html?command=get_materiel&rest_code=00105&base_code=0010508&code=00102002315 HTTP/1.1" 200 461
58.40.7.146 - - [09/Mar/2023:10:31:06 +0800] "GET /xingrg/all/function/internal_message.html?_=1678329085371&CODE_STATE=getMsg HTTP/1.1" 200 27
222.67.232.202 - - [09/Mar/2023:10:31:08 +0800] "GET /xingrg/kc/buy/cgsh_order_operate.html?command=get_materiel&rest_code=00141&code=00101008396&supplier_code=00100007&order_time=2023-03-09 HTTP/1.1" 200 412
116.238.139.35 - - [09/Mar/2023:10:31:09 +0800] "GET /xingrg/all/function/internal_message.html?_=1678329087448&CODE_STATE=getMsg HTTP/1.1" 200 27
116.225.84.253 - - [09/Mar/2023:10:31:09 +0800] "GET /xingrg/kc/buy/cgsh_order_add.html HTTP/1.1" 200 70043
116.225.84.253 - - [09/Mar/2023:10:31:09 +0800] "GET /xingrg/words/20230309101227_words.js HTTP/1.1" 304 -
116.225.84.253 - - [09/Mar/2023:10:31:09 +0800] "POST /xingrg/kc/buy/cgsh_order_operate.html HTTP/1.1" 200 8245
116.225.84.253 - - [09/Mar/2023:10:31:09 +0800] "GET /xingrg/javascript/easyui/themes/default/validatebox.css HTTP/1.1" 404 1104
58.40.7.146 - - [09/Mar/2023:10:31:12 +0800] "GET /xingrg/all/function/internal_message.html?_=1678329090674&CODE_STATE=getMsg HTTP/1.1" 302 -
116.238.139.35 - - [09/Mar/2023:10:31:12 +0800] "GET /xingrg/all/function/internal_message.html?_=1678329026416&CODE_STATE=getMsg HTTP/1.1" 200 27
116.225.84.253 - - [09/Mar/2023:10:31:13 +0800] "GET /xingrg/all/function/internal_message.html?_=1678329091973&CODE_STATE=getMsg HTTP/1.1" 200 27
180.164.3.199 - - [09/Mar/2023:10:31:13 +0800] "GET /xingrg/all/function/internal_message.html?_=1678329090916&CODE_STATE=getMsg HTTP/1.1" 200 27
116.225.84.253 - - [09/Mar/2023:10:31:15 +0800] "GET /xingrg/all/function/internal_message.html?_=1678328938036&CODE_STATE=getMsg HTTP/1.1" 200 27
116.225.84.253 - - [09/Mar/2023:10:31:18 +0800] "GET /xingrg/kc/base/wldb_order_operate.html?command=get_materiel&rest_code=00105&base_code=0010508&code=00102002347 HTTP/1.1" 200 457
222.67.232.202 - - [09/Mar/2023:10:31:18 +0800] "GET /xingrg/kc/buy/cgsh_order_operate.html?command=get_materiel&rest_code=00141&code=00101008357&supplier_code=00100007&order_time=2023-03-09 HTTP/1.1" 200 408
116.192.124.172 - - [09/Mar/2023:10:31:22 +0800] "GET /xingrg/all/function/internal_message.html?_=1678329101547&CODE_STATE=getMsg HTTP/1.1" 200 27
180.169.147.146 - - [09/Mar/2023:10:31:24 +0800] "GET /xingrg/all/function/internal_message.html?_=1678329102553&CODE_STATE=getMsg HTTP/1.1" 200 27
116.225.84.253 - - [09/Mar/2023:10:31:25 +0800] "GET /xingrg/kc/base/wldb_order_operate.html?command=get_materiel&rest_code=00105&base_code=0010508&code=00102002448 HTTP/1.1" 200 440
222.67.232.202 - - [09/Mar/2023:10:31:26 +0800] "GET /xingrg/kc/buy/cgsh_order_operate.html?command=get_materiel&rest_code=00141&code=00101008296&supplier_code=00100007&order_time=2023-03-09 HTTP/1.1" 200 416
116.230.118.11 - - [09/Mar/2023:10:31:27 +0800] "GET /xingrg/all/function/internal_message.html?_=1678329119211&CODE_STATE=getMsg HTTP/1.1" 200 27
222.70.221.209 - - [09/Mar/2023:10:31:27 +0800] "GET /xingrg/all/function/internal_message.html?_=1678329223090&CODE_STATE=getMsg HTTP/1.1" 200 27
180.169.147.146 - - [09/Mar/2023:10:31:29 +0800] "GET /xingrg/all/function/internal_message.html?_=1678329115697&CODE_STATE=getMsg HTTP/1.1" 200 27
222.70.182.154 - - [09/Mar/2023:10:31:31 +0800] "GET /xingrg/all/function/internal_message.html?_=1678329107644&CODE_STATE=getMsg HTTP/1.1" 200 27
116.230.118.11 - - [09/Mar/2023:10:31:31 +0800] "GET /xingrg/kc/buy/cgsh_order_operate.html?command=get_materiel&rest_code=00146&code=00101006174&supplier_code=00100012&order_time=2023-03-09 HTTP/1.1" 200 414
116.224.106.218 - - [09/Mar/2023:10:31:37 +0800] "GET /xingrg/all/function/internal_message.html?_=1678329115566&CODE_STATE=getMsg HTTP/1.1" 200 27
120.253.135.82 - - [09/Mar/2023:10:31:38 +0800] "GET /xingrg/all/function/internal_message.html?_=1678328943129&CODE_STATE=getMsg HTTP/1.1" 200 27
222.67.232.202 - - [09/Mar/2023:10:31:39 +0800] "POST /xingrg/kc/buy/cgsh_order_operate.html HTTP/1.1" 200 2065
222.67.232.202 - - [09/Mar/2023:10:31:43 +0800] "GET /xingrg/all/function/internal_message.html?_=1678328674344&CODE_STATE=getMsg HTTP/1.1" 200 27
116.192.124.172 - - [09/Mar/2023:10:31:43 +0800] "GET /xingrg/all/function/internal_message.html?_=1678329122393&CODE_STATE=getMsg HTTP/1.1" 200 27
116.230.118.11 - - [09/Mar/2023:10:31:44 +0800] "GET /xingrg/kc/buy/cgsh_order_operate.html?command=get_materiel&rest_code=00146&code=00101006109&supplier_code=00100012&order_time=2023-03-09 HTTP/1.1" 200 409
222.67.232.202 - - [09/Mar/2023:10:31:45 +0800] "GET /xingrg/kc/buy/cgsh_order_operate.html?command=get_materiel&rest_code=00141&code=00101008213&supplier_code=00100007&order_time=2023-03-09 HTTP/1.1" 200 412
172.20.0.100 - - [09/Mar/2023:10:31:46 +0800] "GET /xingrg/check_reg.html?_=1678329124204 HTTP/1.1" 200 22
172.20.0.100 - - [09/Mar/2023:10:31:46 +0800] "GET /xingrg/all/function/internal_message.html?_=1678329124206&CODE_STATE=getMsg HTTP/1.1" 200 27
172.20.0.100 - - [09/Mar/2023:10:31:48 +0800] "GET /xingrg/kc/report/report_main.html HTTP/1.1" 200 7320
61.170.234.154 - - [09/Mar/2023:10:31:48 +0800] "GET /xingrg/all/function/internal_message.html?_=1678329130975&CODE_STATE=getMsg HTTP/1.1" 200 27
172.20.0.100 - - [09/Mar/2023:10:31:49 +0800] "GET /xingrg/kc/base/kc_stocks.html HTTP/1.1" 200 16487
172.20.0.100 - - [09/Mar/2023:10:31:49 +0800] "GET /xingrg/css/base.css HTTP/1.1" 200 2811
172.20.0.100 - - [09/Mar/2023:10:31:49 +0800] "GET /xingrg/css/site.css HTTP/1.1" 200 7541
172.20.0.100 - - [09/Mar/2023:10:31:49 +0800] "GET /xingrg/javascript/jquery_tools/datebox.css HTTP/1.1" 200 2597
172.20.0.100 - - [09/Mar/2023:10:31:49 +0800] "GET /xingrg/javascript/easyui/themes/sunny/easyui.css HTTP/1.1" 200 34304
172.20.0.100 - - [09/Mar/2023:10:31:49 +0800] "GET /xingrg/javascript/easyui/themes/icon.css HTTP/1.1" 200 4483
172.20.0.100 - - [09/Mar/2023:10:31:49 +0800] "GET /xingrg/javascript/auto/jquery.autocomplete.css HTTP/1.1" 200 587
172.20.0.100 - - [09/Mar/2023:10:31:49 +0800] "GET /xingrg/javascript/jquery_tools/fix.css HTTP/1.1" 200 1702
172.20.0.100 - - [09/Mar/2023:10:31:49 +0800] "GET /xingrg/javascript/jquery_tools/jquery.tools.min.js HTTP/1.1" 200 138801
172.20.0.100 - - [09/Mar/2023:10:31:49 +0800] "GET /xingrg/javascript/jquery_tools/jquery.tools.extend.js HTTP/1.1" 200 15385
172.20.0.100 - - [09/Mar/2023:10:31:49 +0800] "GET /xingrg/javascript/jquery_tools/jquery.tools.hotkey.js HTTP/1.1" 200 3242
172.20.0.100 - - [09/Mar/2023:10:31:49 +0800] "GET /xingrg/javascript/jquery_tools/list_manager.js HTTP/1.1" 200 3652
172.20.0.100 - - [09/Mar/2023:10:31:49 +0800] "GET /xingrg/javascript/auto/jquery.autocomplete.js HTTP/1.1" 200 21624
172.20.0.100 - - [09/Mar/2023:10:31:49 +0800] "GET /xingrg/javascript/easyui/easyloader.js HTTP/1.1" 200 5975
172.20.0.100 - - [09/Mar/2023:10:31:49 +0800] "GET /xingrg/javascript/jquery.cookie.js HTTP/1.1" 200 5513
172.20.0.100 - - [09/Mar/2023:10:31:49 +0800] "GET /xingrg/javascript/convert.js HTTP/1.1" 200 1239
172.20.0.100 - - [09/Mar/2023:10:31:49 +0800] "GET /xingrg/javascript/print/LodopFuncs.js HTTP/1.1" 200 5121
172.20.0.100 - - [09/Mar/2023:10:31:50 +0800] "GET /xingrg/javascript/easyui/themes/icons/print_new.png HTTP/1.1" 200 3580
172.20.0.100 - - [09/Mar/2023:10:31:50 +0800] "GET /xingrg/javascript/easyui/themes/icons/filter_new.png HTTP/1.1" 200 795
172.20.0.100 - - [09/Mar/2023:10:31:50 +0800] "GET /xingrg/javascript/easyui/themes/icons/field_new.png HTTP/1.1" 200 1097
172.20.0.100 - - [09/Mar/2023:10:31:50 +0800] "GET /xingrg/javascript/easyui/themes/icons/refresh_new.png HTTP/1.1" 200 685
172.20.0.100 - - [09/Mar/2023:10:31:50 +0800] "GET /xingrg/javascript/easyui/themes/icons/import_new.png HTTP/1.1" 200 1247
172.20.0.100 - - [09/Mar/2023:10:31:50 +0800] "GET /xingrg/javascript/easyui/plugins/jquery.parser.js HTTP/1.1" 200 1142
172.20.0.100 - - [09/Mar/2023:10:31:50 +0800] "GET /xingrg/javascript/easyui/plugins/jquery.draggable.js HTTP/1.1" 200 6121
172.20.0.100 - - [09/Mar/2023:10:31:50 +0800] "GET /xingrg/all/common/auto_word.html?type=base&rest_code=00150 HTTP/1.1" 200 1853
172.20.0.100 - - [09/Mar/2023:10:31:50 +0800] "GET /xingrg/javascript/easyui/plugins/jquery.droppable.js HTTP/1.1" 200 1167
172.20.0.100 - - [09/Mar/2023:10:31:50 +0800] "GET /xingrg/javascript/easyui/themes/default/tree.css HTTP/1.1" 404 1090
172.20.0.100 - - [09/Mar/2023:10:31:50 +0800] "GET /xingrg/javascript/easyui/plugins/jquery.tree.js HTTP/1.1" 200 20874
172.20.0.100 - - [09/Mar/2023:10:31:51 +0800] "POST /xingrg/all/common/load_tree.html?tree=materiel_sort_tree_json HTTP/1.1" 200 9500
172.20.0.100 - - [09/Mar/2023:10:31:51 +0800] "GET /xingrg/javascript/easyui/themes/sunny/images/tree_arrows.gif HTTP/1.1" 200 617
172.20.0.100 - - [09/Mar/2023:10:31:51 +0800] "GET /xingrg/javascript/easyui/themes/sunny/images/tree_folder_open.gif HTTP/1.1" 200 956
172.20.0.100 - - [09/Mar/2023:10:31:51 +0800] "GET /xingrg/javascript/easyui/themes/sunny/images/tree_folder.gif HTTP/1.1" 200 952
172.20.0.100 - - [09/Mar/2023:10:31:51 +0800] "GET /xingrg/javascript/easyui/themes/sunny/images/tree_file.gif HTTP/1.1" 200 118
116.225.84.253 - - [09/Mar/2023:10:31:51 +0800] "GET /xingrg/kc/base/wldb_order_operate.html?command=get_materiel&rest_code=00105&base_code=0010508&code=00102001084 HTTP/1.1" 200 432
172.20.0.100 - - [09/Mar/2023:10:31:54 +0800] "POST /xingrg/kc/base/stock_operate.html HTTP/1.1" 200 1980
172.20.0.100 - - [09/Mar/2023:10:31:54 +0800] "GET /xingrg/javascript/jquery_tools/fix_table.js HTTP/1.1" 200 6528
101.229.22.234 - - [09/Mar/2023:10:31:54 +0800] "GET /xingrg/all/function/internal_message.html?_=1678329132400&CODE_STATE=getMsg HTTP/1.1" 200 27
116.225.84.253 - - [09/Mar/2023:10:31:54 +0800] "POST /xingrg/kc/base/wldb_order_operate.html HTTP/1.1" 200 37
116.225.84.253 - - [09/Mar/2023:10:31:55 +0800] "POST /xingrg/kc/base/wldb_order_operate.html HTTP/1.1" 200 3642
172.20.0.100 - - [09/Mar/2023:10:31:55 +0800] "GET /xingrg/kc/base/stock_detail.html?m=00101002003 HTTP/1.1" 200 7973
116.225.84.253 - - [09/Mar/2023:10:31:56 +0800] "GET /xingrg/kc/base/wldb_order_info.html?code=422023030900685 HTTP/1.1" 200 30395
116.225.84.253 - - [09/Mar/2023:10:31:56 +0800] "GET /xingrg/javascript/easyui/themes/default/validatebox.css HTTP/1.1" 404 1104
116.225.84.253 - - [09/Mar/2023:10:31:57 +0800] "POST /xingrg/kc/base/wldb_order_operate.html HTTP/1.1" 200 3642
58.40.7.146 - - [09/Mar/2023:10:32:02 +0800] "GET /xingrg/all/function/internal_message.html?_=1678329140498&CODE_STATE=getMsg HTTP/1.1" 200 27
172.20.0.100 - - [09/Mar/2023:10:32:03 +0800] "GET /xingrg/kc/base/stock_operate.html?_=1678329141168&command=get_report_file&start_day=20220901 HTTP/1.1" 200 53
172.20.0.100 - - [09/Mar/2023:10:32:03 +0800] "GET /xingrg/all/report/report_query.html?isQuery=1&onlyBody=1&rh=2000&fileName=kc/base/kc_stock_detail_new.xml&queryString=(1=1)&queryText=&tableQueryString=init_table$sp1$$sp$crk_table$sp1$order_day%20between%2020220901%20and%2020230331&varString=start_day:20220901,materiel_code:00101002003,cost_id:3897,end_date:20220831 HTTP/1.1" 200 48626
172.20.0.100 - - [09/Mar/2023:10:32:03 +0800] "GET /xingrg/dwr/interface/AjaxReportQueryService.js HTTP/1.1" 200 13203
172.20.0.100 - - [09/Mar/2023:10:32:03 +0800] "GET /xingrg/dwr/engine.js HTTP/1.1" 200 43631
172.20.0.100 - - [09/Mar/2023:10:32:04 +0800] "POST /xingrg/all/report/load_report_page.html HTTP/1.1" 200 191238
172.20.0.100 - - [09/Mar/2023:10:32:04 +0800] "GET /xingrg/servlets/image?cache=0.39956879766659803&image=px HTTP/1.1" 200 807
58.40.7.146 - - [09/Mar/2023:10:32:05 +0800] "GET /xingrg/all/function/internal_message.html?_=1678329143690&CODE_STATE=getMsg HTTP/1.1" 200 27
222.67.232.202 - - [09/Mar/2023:10:32:06 +0800] "GET /xingrg/kc/buy/cgsh_order_operate.html?command=get_materiel&rest_code=00141&code=00101008274&supplier_code=00100007&order_time=2023-03-09 HTTP/1.1" 200 412
58.40.7.146 - - [09/Mar/2023:10:32:06 +0800] "GET /xingrg/check_reg.html?_=1678329145360 HTTP/1.1" 200 22
58.40.7.146 - - [09/Mar/2023:10:32:06 +0800] "GET /xingrg/all/function/internal_message.html?_=1678329145362&CODE_STATE=getMsg HTTP/1.1" 200 27
172.20.0.100 - - [09/Mar/2023:10:32:07 +0800] "GET /xingrg/kc/base/stock_operate.html?_=1678329145440&command=get_report_file&start_day=20220901 HTTP/1.1" 200 53
172.20.0.100 - - [09/Mar/2023:10:32:07 +0800] "GET /xingrg/all/report/report_query.html?isQuery=1&onlyBody=1&rh=2000&fileName=kc/base/kc_stock_detail_new.xml&queryString=(1=1)&queryText=&tableQueryString=init_table$sp1$base_code='0010450'$sp$crk_table$sp1$order_day%20between%2020220901%20and%2020230331%20and%20base_code='0010450'&varString=start_day:20220901,materiel_code:00101002003,cost_id:3897,end_date:20220831 HTTP/1.1" 200 48669
172.20.0.100 - - [09/Mar/2023:10:32:07 +0800] "GET /xingrg/dwr/interface/AjaxReportQueryService.js HTTP/1.1" 200 13203
172.20.0.100 - - [09/Mar/2023:10:32:07 +0800] "GET /xingrg/dwr/engine.js HTTP/1.1" 200 43631
172.20.0.100 - - [09/Mar/2023:10:32:08 +0800] "POST /xingrg/all/report/load_report_page.html HTTP/1.1" 200 162158
116.230.118.11 - - [09/Mar/2023:10:32:08 +0800] "GET /xingrg/kc/buy/cgsh_order_operate.html?command=get_materiel&rest_code=00146&code=00101006111&supplier_code=00100012&order_time=2023-03-09 HTTP/1.1" 200 409
172.20.0.100 - - [09/Mar/2023:10:32:08 +0800] "GET /xingrg/servlets/image?cache=0.30741319112116927&image=px HTTP/1.1" 200 807
116.238.139.35 - - [09/Mar/2023:10:32:09 +0800] "GET /xingrg/all/function/internal_message.html?_=1678329147436&CODE_STATE=getMsg HTTP/1.1" 200 27
116.225.84.253 - - [09/Mar/2023:10:32:10 +0800] "GET /xingrg/kc/buy/cgsh_order_operate.html?command=get_materiel&rest_code=00105&code=00101016098&supplier_code=00100151&order_time=2023-03-09 HTTP/1.1" 200 420
58.40.7.146 - - [09/Mar/2023:10:32:12 +0800] "GET /xingrg/all/function/internal_message.html?_=1678329150646&CODE_STATE=getMsg HTTP/1.1" 302 -
116.238.139.35 - - [09/Mar/2023:10:32:12 +0800] "GET /xingrg/all/function/internal_message.html?_=1678329086429&CODE_STATE=getMsg HTTP/1.1" 200 27
116.225.84.253 - - [09/Mar/2023:10:32:13 +0800] "GET /xingrg/all/function/internal_message.html?_=1678329151998&CODE_STATE=getMsg HTTP/1.1" 200 27
180.164.3.199 - - [09/Mar/2023:10:32:13 +0800] "GET /xingrg/all/function/internal_message.html?_=1678329150905&CODE_STATE=getMsg HTTP/1.1" 200 27
116.225.84.253 - - [09/Mar/2023:10:32:15 +0800] "GET /xingrg/all/function/internal_message.html?_=1678328998009&CODE_STATE=getMsg HTTP/1.1" 200 27
116.192.124.172 - - [09/Mar/2023:10:32:22 +0800] "GET /xingrg/all/function/internal_message.html?_=1678329161558&CODE_STATE=getMsg HTTP/1.1" 200 27
222.70.221.209 - - [09/Mar/2023:10:32:24 +0800] "GET /xingrg/check_reg.html?_=1678329279672 HTTP/1.1" 200 22
180.169.147.146 - - [09/Mar/2023:10:32:24 +0800] "GET /xingrg/all/function/internal_message.html?_=1678329162539&CODE_STATE=getMsg HTTP/1.1" 200 27
116.230.118.11 - - [09/Mar/2023:10:32:24 +0800] "GET /xingrg/check_reg.html?_=1678329176902 HTTP/1.1" 200 22
116.230.118.11 - - [09/Mar/2023:10:32:27 +0800] "GET /xingrg/all/function/internal_message.html?_=1678329179223&CODE_STATE=getMsg HTTP/1.1" 200 27
222.70.221.209 - - [09/Mar/2023:10:32:27 +0800] "GET /xingrg/all/function/internal_message.html?_=1678329283079&CODE_STATE=getMsg HTTP/1.1" 200 27
172.20.0.100 - - [09/Mar/2023:10:32:28 +0800] "GET /xingrg/kc/guide/show_order.html?code=212022112107219&type=21 HTTP/1.1" 302 -
172.20.0.100 - - [09/Mar/2023:10:32:28 +0800] "GET /xingrg/kc/buy/cgsh_order_info.html?code=212022112107219&sysBaseUrl=http%3A%2F%2F172.20.0.8%3A18081%2Fxingrg%2F&costTime=0×tamp=1678329148419 HTTP/1.1" 200 65142
172.20.0.100 - - [09/Mar/2023:10:32:28 +0800] "GET /favicon.ico HTTP/1.1" 404 -
172.20.0.100 - - [09/Mar/2023:10:32:28 +0800] "GET /xingrg/javascript/easyui/themes/default/easyui.css HTTP/1.1" 200 30432
172.20.0.100 - - [09/Mar/2023:10:32:28 +0800] "GET /xingrg/javascript/jquery_tools/table.css HTTP/1.1" 200 1032
172.20.0.100 - - [09/Mar/2023:10:32:28 +0800] "GET /xingrg/javascript/jquery_tools/jquery.tools.table.js HTTP/1.1" 200 6994
172.20.0.100 - - [09/Mar/2023:10:32:28 +0800] "GET /xingrg/javascript/jquery_tools/order_manager.js HTTP/1.1" 200 11183
172.20.0.100 - - [09/Mar/2023:10:32:28 +0800] "GET /xingrg/javascript/print/kc_print.js HTTP/1.1" 200 11415
172.20.0.100 - - [09/Mar/2023:10:32:29 +0800] "GET /xingrg/words/20230309101227_words.js HTTP/1.1" 200 952072
172.20.0.100 - - [09/Mar/2023:10:32:29 +0800] "GET /xingrg/javascript/easyui/themes/icons/edit_add_new.png HTTP/1.1" 200 2997
172.20.0.100 - - [09/Mar/2023:10:32:29 +0800] "GET /xingrg/javascript/easyui/themes/icons/copy_new.png HTTP/1.1" 200 815
172.20.0.100 - - [09/Mar/2023:10:32:29 +0800] "GET /xingrg/javascript/easyui/themes/icons/uncheck_new.png HTTP/1.1" 200 3197
172.20.0.100 - - [09/Mar/2023:10:32:29 +0800] "GET /xingrg/javascript/easyui/themes/icons/print.png HTTP/1.1" 200 1057
172.20.0.100 - - [09/Mar/2023:10:32:29 +0800] "GET /xingrg/javascript/easyui/themes/default/images/menu_downarrow.png HTTP/1.1" 200 173
172.20.0.100 - - [09/Mar/2023:10:32:29 +0800] "GET /xingrg/javascript/easyui/themes/icons/cancel.png HTTP/1.1" 200 1133
172.20.0.100 - - [09/Mar/2023:10:32:29 +0800] "GET /xingrg/javascript/easyui/themes/default/validatebox.css HTTP/1.1" 404 1104
172.20.0.100 - - [09/Mar/2023:10:32:29 +0800] "GET /xingrg/javascript/easyui/plugins/jquery.validatebox.js HTTP/1.1" 200 6103
172.20.0.100 - - [09/Mar/2023:10:32:29 +0800] "GET /xingrg/javascript/easyui/plugins/jquery.numberbox.js HTTP/1.1" 200 5213
180.169.147.146 - - [09/Mar/2023:10:32:29 +0800] "GET /xingrg/all/function/internal_message.html?_=1678329175696&CODE_STATE=getMsg HTTP/1.1" 200 27
172.20.0.100 - - [09/Mar/2023:10:32:30 +0800] "POST /xingrg/kc/buy/cgsh_order_operate.html HTTP/1.1" 200 1241
172.20.0.100 - - [09/Mar/2023:10:32:30 +0800] "GET /xingrg/javascript/easyui/themes/icons/edit_remove.png HTTP/1.1" 200 625
222.70.182.154 - - [09/Mar/2023:10:32:31 +0800] "GET /xingrg/all/function/internal_message.html?_=1678329167629&CODE_STATE=getMsg HTTP/1.1" 200 27
222.67.232.202 - - [09/Mar/2023:10:32:32 +0800] "GET /xingrg/kc/buy/cgsh_order_operate.html?command=get_materiel&rest_code=00141&code=00101008283&supplier_code=00100007&order_time=2023-03-09 HTTP/1.1" 200 408
116.192.124.172 - - [09/Mar/2023:10:32:32 +0800] "GET /xingrg/check_reg.html?_=1678329171416 HTTP/1.1" 200 22
116.224.106.218 - - [09/Mar/2023:10:32:37 +0800] "GET /xingrg/all/function/internal_message.html?_=1678329175566&CODE_STATE=getMsg HTTP/1.1" 200 27
116.224.106.218 - - [09/Mar/2023:10:32:37 +0800] "GET /xingrg/check_reg.html?_=1678329175570 HTTP/1.1" 200 22
120.253.135.82 - - [09/Mar/2023:10:32:38 +0800] "GET /xingrg/all/function/internal_message.html?_=1678329003143&CODE_STATE=getMsg HTTP/1.1" 200 27
116.230.118.11 - - [09/Mar/2023:10:32:42 +0800] "POST /xingrg/kc/buy/cgsh_order_operate.html HTTP/1.1" 200 37
