116.192.124.172 - - [09/Mar/2023:10:14:22 +0800] "GET /favicon.ico HTTP/1.1" 404 -
116.192.124.172 - - [09/Mar/2023:10:14:22 +0800] "POST /xingrg/all/common/load_tree.html?tree=area_rest_tree_json&manage=1 HTTP/1.1" 200 342
116.192.124.172 - - [09/Mar/2023:10:14:22 +0800] "GET /xingrg/check_reg.html?_=1678328081536 HTTP/1.1" 200 22
116.192.124.172 - - [09/Mar/2023:10:14:22 +0800] "GET /xingrg/all/function/internal_message.html?_=1678328081535&CODE_STATE=count HTTP/1.1" 200 11
116.192.124.172 - - [09/Mar/2023:10:14:22 +0800] "POST /xingrg/load_menu.html HTTP/1.1" 200 5138
116.192.124.172 - - [09/Mar/2023:10:14:24 +0800] "GET /xingrg/kc/base/wldb_order_list.html HTTP/1.1" 200 19098
58.40.7.146 - - [09/Mar/2023:10:14:24 +0800] "GET /xingrg/check_reg.html?_=1678328082843 HTTP/1.1" 302 -
116.192.124.172 - - [09/Mar/2023:10:14:25 +0800] "POST /xingrg/kc/base/wldb_list_operate.html HTTP/1.1" 200 928
116.192.124.172 - - [09/Mar/2023:10:14:25 +0800] "GET /xingrg/javascript/easyui/themes/default/images/button_plain_hover.png HTTP/1.1" 200 144
116.230.118.11 - - [09/Mar/2023:10:14:25 +0800] "GET /xingrg/all/function/internal_message.html?_=1678328097824&CODE_STATE=getMsg HTTP/1.1" 200 27
116.192.124.172 - - [09/Mar/2023:10:14:26 +0800] "GET /xingrg/kc/base/wldb_order_add.html HTTP/1.1" 200 30377
116.192.124.172 - - [09/Mar/2023:10:14:26 +0800] "GET /xingrg/javascript/pic_change.js HTTP/1.1" 200 4739
116.192.124.172 - - [09/Mar/2023:10:14:26 +0800] "GET /xingrg/javascript/convert.js HTTP/1.1" 200 1239
116.192.124.172 - - [09/Mar/2023:10:14:26 +0800] "GET /xingrg/javascript/jquery_tools/order_manager.js HTTP/1.1" 200 11183
116.192.124.172 - - [09/Mar/2023:10:14:26 +0800] "GET /xingrg/javascript/print/kc_print.js HTTP/1.1" 200 11415
116.192.124.172 - - [09/Mar/2023:10:14:26 +0800] "GET /xingrg/javascript/json2.js HTTP/1.1" 200 11259
116.192.124.172 - - [09/Mar/2023:10:14:26 +0800] "GET /xingrg/words/20230309101227_words.js HTTP/1.1" 200 952072
116.192.124.172 - - [09/Mar/2023:10:14:26 +0800] "GET /xingrg/javascript/easyui/themes/icons/template_new.png HTTP/1.1" 200 3956
116.192.124.172 - - [09/Mar/2023:10:14:26 +0800] "GET /xingrg/javascript/easyui/themes/icons/ok.png HTTP/1.1" 200 883
116.192.124.172 - - [09/Mar/2023:10:14:26 +0800] "GET /xingrg/javascript/easyui/themes/icons/print.png HTTP/1.1" 200 1057
116.192.124.172 - - [09/Mar/2023:10:14:26 +0800] "GET /xingrg/javascript/easyui/themes/default/images/menu_downarrow.png HTTP/1.1" 200 173
116.192.124.172 - - [09/Mar/2023:10:14:26 +0800] "GET /xingrg/javascript/easyui/themes/icons/cancel.png HTTP/1.1" 200 1133
116.192.124.172 - - [09/Mar/2023:10:14:26 +0800] "POST /xingrg/kc/base/wldb_order_operate.html HTTP/1.1" 200 6806
116.192.124.172 - - [09/Mar/2023:10:14:26 +0800] "GET /xingrg/all/common/auto_word.html?type=base&rest_code=00102 HTTP/1.1" 200 1857
116.192.124.172 - - [09/Mar/2023:10:14:26 +0800] "GET /xingrg/all/common/auto_word.html?type=base&rest_code=00102 HTTP/1.1" 200 1857
116.192.124.172 - - [09/Mar/2023:10:14:26 +0800] "GET /xingrg/javascript/easyui/themes/default/validatebox.css HTTP/1.1" 404 1104
116.192.124.172 - - [09/Mar/2023:10:14:26 +0800] "GET /xingrg/javascript/easyui/plugins/jquery.validatebox.js HTTP/1.1" 200 6103
116.192.124.172 - - [09/Mar/2023:10:14:26 +0800] "GET /xingrg/javascript/easyui/plugins/jquery.numberbox.js HTTP/1.1" 200 5213
116.192.124.172 - - [09/Mar/2023:10:14:26 +0800] "GET /xingrg/javascript/easyui/themes/icons/edit_remove.png HTTP/1.1" 200 625
116.192.124.172 - - [09/Mar/2023:10:14:27 +0800] "GET /xingrg/css/images/panel_loading.gif HTTP/1.1" 200 1737
116.192.124.172 - - [09/Mar/2023:10:14:27 +0800] "POST /xingrg/all/common/load_combo.html?type=base HTTP/1.1" 200 3321
222.70.221.209 - - [09/Mar/2023:10:14:28 +0800] "GET /xingrg/all/function/internal_message.html?_=1678328203421&CODE_STATE=getMsg HTTP/1.1" 200 27
116.225.84.253 - - [09/Mar/2023:10:14:28 +0800] "GET /xingrg/kc/base/wldb_order_operate.html?command=get_materiel&rest_code=00105&base_code=0010507&code=00101016044 HTTP/1.1" 200 466
180.169.147.146 - - [09/Mar/2023:10:14:29 +0800] "GET /xingrg/check_reg.html?_=1678328095672 HTTP/1.1" 200 22
180.169.147.146 - - [09/Mar/2023:10:14:29 +0800] "GET /xingrg/all/function/internal_message.html?_=1678328095675&CODE_STATE=getMsg HTTP/1.1" 200 27
222.70.182.154 - - [09/Mar/2023:10:14:31 +0800] "GET /xingrg/all/function/internal_message.html?_=1678328087914&CODE_STATE=getMsg HTTP/1.1" 200 27
116.192.124.172 - - [09/Mar/2023:10:14:32 +0800] "GET /xingrg/javascript/auto/indicator.gif HTTP/1.1" 404 1066
222.70.182.154 - - [09/Mar/2023:10:14:32 +0800] "GET /xingrg/check_reg.html?_=1678328088619 HTTP/1.1" 200 22
116.224.106.218 - - [09/Mar/2023:10:14:37 +0800] "GET /xingrg/all/function/internal_message.html?_=1678328095543&CODE_STATE=getMsg HTTP/1.1" 200 27
116.192.124.172 - - [09/Mar/2023:10:14:37 +0800] "GET /xingrg/kc/base/wldb_order_operate.html?command=get_materiel&rest_code=00102&base_code=0010476&code=00101013221 HTTP/1.1" 200 434
120.253.135.82 - - [09/Mar/2023:10:14:38 +0800] "GET /xingrg/all/function/internal_message.html?_=1678327922820&CODE_STATE=getMsg HTTP/1.1" 200 27
116.225.84.253 - - [09/Mar/2023:10:14:38 +0800] "GET /xingrg/kc/base/wldb_order_operate.html?command=get_materiel&rest_code=00105&base_code=0010507&code=00101011005 HTTP/1.1" 200 430
116.192.124.172 - - [09/Mar/2023:10:14:39 +0800] "GET /xingrg/javascript/jquery_easy_ui/themes/default/images/tabs_active.png HTTP/1.1" 200 2894
222.67.232.202 - - [09/Mar/2023:10:14:42 +0800] "GET /xingrg/all/function/internal_message.html?_=1678327653832&CODE_STATE=getMsg HTTP/1.1" 200 27
116.225.84.253 - - [09/Mar/2023:10:14:44 +0800] "POST /xingrg/kc/base/wldb_order_operate.html HTTP/1.1" 200 37
116.225.84.253 - - [09/Mar/2023:10:14:45 +0800] "POST /xingrg/kc/base/wldb_order_operate.html HTTP/1.1" 200 5675
116.225.84.253 - - [09/Mar/2023:10:14:45 +0800] "GET /xingrg/kc/base/wldb_order_info.html?code=422023030900679 HTTP/1.1" 200 30396
116.225.84.253 - - [09/Mar/2023:10:14:45 +0800] "GET /xingrg/words/20230309101227_words.js HTTP/1.1" 304 -
116.225.84.253 - - [09/Mar/2023:10:14:46 +0800] "GET /xingrg/words/20230309101227_words.js HTTP/1.1" 304 -
116.225.84.253 - - [09/Mar/2023:10:14:46 +0800] "GET /xingrg/javascript/easyui/themes/default/validatebox.css HTTP/1.1" 404 1104
116.225.84.253 - - [09/Mar/2023:10:14:46 +0800] "POST /xingrg/kc/base/wldb_order_operate.html HTTP/1.1" 200 5675
101.229.22.234 - - [09/Mar/2023:10:14:54 +0800] "GET /xingrg/all/function/internal_message.html?_=1678328112397&CODE_STATE=getMsg HTTP/1.1" 200 27
172.20.0.100 - - [09/Mar/2023:10:14:58 +0800] "GET /xingrg/check_reg.html?_=1678328116340 HTTP/1.1" 200 22
172.20.0.100 - - [09/Mar/2023:10:14:58 +0800] "GET /xingrg/all/function/internal_message.html?_=1678328116341&CODE_STATE=getMsg HTTP/1.1" 200 27
116.225.84.253 - - [09/Mar/2023:10:15:01 +0800] "GET /xingrg/javascript/jquery_easy_ui/themes/icons/area.png HTTP/1.1" 304 -
116.225.84.253 - - [09/Mar/2023:10:15:01 +0800] "GET /xingrg/javascript/jquery_easy_ui/themes/icons/rest.png HTTP/1.1" 304 -
58.40.7.146 - - [09/Mar/2023:10:15:02 +0800] "GET /xingrg/all/function/internal_message.html?_=1678328120495&CODE_STATE=getMsg HTTP/1.1" 200 27
116.225.84.253 - - [09/Mar/2023:10:15:03 +0800] "GET /xingrg/kc/base/wldb_order_add.html HTTP/1.1" 200 30381
116.225.84.253 - - [09/Mar/2023:10:15:03 +0800] "GET /xingrg/words/20230309101227_words.js HTTP/1.1" 304 -
116.225.84.253 - - [09/Mar/2023:10:15:03 +0800] "POST /xingrg/kc/base/wldb_order_operate.html HTTP/1.1" 200 6806
116.225.84.253 - - [09/Mar/2023:10:15:04 +0800] "GET /xingrg/javascript/easyui/themes/default/validatebox.css HTTP/1.1" 404 1104
58.40.7.146 - - [09/Mar/2023:10:15:05 +0800] "GET /xingrg/all/function/internal_message.html?_=1678328123686&CODE_STATE=getMsg HTTP/1.1" 200 27
58.40.7.146 - - [09/Mar/2023:10:15:06 +0800] "GET /xingrg/all/function/internal_message.html?_=1678328125382&CODE_STATE=getMsg HTTP/1.1" 200 27
116.238.139.35 - - [09/Mar/2023:10:15:09 +0800] "GET /xingrg/all/function/internal_message.html?_=1678328127769&CODE_STATE=getMsg HTTP/1.1" 200 27
116.225.84.253 - - [09/Mar/2023:10:15:11 +0800] "GET /xingrg/javascript/jquery_tools/images/next.gif HTTP/1.1" 404 1086
116.225.84.253 - - [09/Mar/2023:10:15:11 +0800] "GET /xingrg/javascript/jquery_tools/images/prev.gif HTTP/1.1" 404 1086
116.238.139.35 - - [09/Mar/2023:10:15:12 +0800] "GET /xingrg/all/function/internal_message.html?_=1678328066109&CODE_STATE=getMsg HTTP/1.1" 200 27
58.40.7.146 - - [09/Mar/2023:10:15:12 +0800] "GET /xingrg/all/function/internal_message.html?_=1678328130908&CODE_STATE=getMsg HTTP/1.1" 302 -
116.225.84.253 - - [09/Mar/2023:10:15:13 +0800] "GET /xingrg/all/function/internal_message.html?_=1678328131931&CODE_STATE=getMsg HTTP/1.1" 200 27
180.164.3.199 - - [09/Mar/2023:10:15:13 +0800] "GET /xingrg/all/function/internal_message.html?_=1678328130902&CODE_STATE=getMsg HTTP/1.1" 200 27
116.225.84.253 - - [09/Mar/2023:10:15:15 +0800] "GET /xingrg/all/function/internal_message.html?_=1678327977988&CODE_STATE=getMsg HTTP/1.1" 200 27
116.192.124.172 - - [09/Mar/2023:10:15:22 +0800] "GET /xingrg/all/function/internal_message.html?_=1678328141546&CODE_STATE=getMsg HTTP/1.1" 200 27
116.230.118.11 - - [09/Mar/2023:10:15:25 +0800] "GET /xingrg/all/function/internal_message.html?_=1678328157838&CODE_STATE=getMsg HTTP/1.1" 200 27
222.70.221.209 - - [09/Mar/2023:10:15:28 +0800] "GET /xingrg/all/function/internal_message.html?_=1678328263407&CODE_STATE=getMsg HTTP/1.1" 200 27
116.225.84.253 - - [09/Mar/2023:10:15:28 +0800] "GET /xingrg/kc/base/wldb_order_operate.html?command=get_materiel&rest_code=00105&base_code=0010507&code=00101019079 HTTP/1.1" 200 479
116.230.118.11 - - [09/Mar/2023:10:15:29 +0800] "GET /xingrg/kc/buy/cgsh_order_add.html HTTP/1.1" 200 69961
116.230.118.11 - - [09/Mar/2023:10:15:29 +0800] "GET /xingrg/words/20230309101227_words.js HTTP/1.1" 200 952072
180.169.147.146 - - [09/Mar/2023:10:15:29 +0800] "GET /xingrg/all/function/internal_message.html?_=1678328155673&CODE_STATE=getMsg HTTP/1.1" 200 27
116.230.118.11 - - [09/Mar/2023:10:15:30 +0800] "POST /xingrg/kc/buy/cgsh_order_operate.html HTTP/1.1" 200 8245
116.230.118.11 - - [09/Mar/2023:10:15:30 +0800] "GET /xingrg/javascript/easyui/themes/default/validatebox.css HTTP/1.1" 404 1104
222.70.182.154 - - [09/Mar/2023:10:15:31 +0800] "GET /xingrg/all/function/internal_message.html?_=1678328147892&CODE_STATE=getMsg HTTP/1.1" 200 27
116.225.84.253 - - [09/Mar/2023:10:15:36 +0800] "GET /xingrg/kc/base/wldb_order_operate.html?command=get_materiel&rest_code=00105&base_code=0010507&code=00101019315 HTTP/1.1" 200 475
116.224.106.218 - - [09/Mar/2023:10:15:37 +0800] "GET /xingrg/all/function/internal_message.html?_=1678328155549&CODE_STATE=getMsg HTTP/1.1" 200 27
120.253.135.82 - - [09/Mar/2023:10:15:38 +0800] "GET /xingrg/all/function/internal_message.html?_=1678327982834&CODE_STATE=getMsg HTTP/1.1" 200 27
116.238.139.35 - - [09/Mar/2023:10:15:38 +0800] "GET /xingrg/check_reg.html?_=1678328092001 HTTP/1.1" 200 22
116.225.84.253 - - [09/Mar/2023:10:15:42 +0800] "POST /xingrg/kc/base/wldb_order_operate.html HTTP/1.1" 200 37
222.67.232.202 - - [09/Mar/2023:10:15:42 +0800] "GET /xingrg/all/function/internal_message.html?_=1678327713812&CODE_STATE=getMsg HTTP/1.1" 200 27
116.225.84.253 - - [09/Mar/2023:10:15:43 +0800] "POST /xingrg/kc/base/wldb_order_operate.html HTTP/1.1" 200 3199
116.225.84.253 - - [09/Mar/2023:10:15:43 +0800] "GET /xingrg/kc/base/wldb_order_info.html?code=422023030900680 HTTP/1.1" 200 30396
116.225.84.253 - - [09/Mar/2023:10:15:43 +0800] "GET /xingrg/words/20230309101227_words.js HTTP/1.1" 304 -
116.225.84.253 - - [09/Mar/2023:10:15:44 +0800] "GET /xingrg/javascript/easyui/themes/default/validatebox.css HTTP/1.1" 404 1104
116.225.84.253 - - [09/Mar/2023:10:15:44 +0800] "POST /xingrg/kc/base/wldb_order_operate.html HTTP/1.1" 200 3199
101.229.22.234 - - [09/Mar/2023:10:15:54 +0800] "GET /xingrg/all/function/internal_message.html?_=1678328172403&CODE_STATE=getMsg HTTP/1.1" 200 27
116.225.84.253 - - [09/Mar/2023:10:15:56 +0800] "GET /xingrg/kc/base/wldb_order_add.html HTTP/1.1" 200 30381
116.225.84.253 - - [09/Mar/2023:10:15:56 +0800] "GET /xingrg/words/20230309101227_words.js HTTP/1.1" 304 -
116.225.84.253 - - [09/Mar/2023:10:15:56 +0800] "POST /xingrg/kc/base/wldb_order_operate.html HTTP/1.1" 200 6806
116.225.84.253 - - [09/Mar/2023:10:15:56 +0800] "GET /xingrg/javascript/easyui/themes/default/validatebox.css HTTP/1.1" 404 1104
172.20.0.100 - - [09/Mar/2023:10:15:58 +0800] "GET /xingrg/all/function/internal_message.html?_=1678328176329&CODE_STATE=getMsg HTTP/1.1" 200 27
58.40.7.146 - - [09/Mar/2023:10:16:02 +0800] "GET /xingrg/all/function/internal_message.html?_=1678328180502&CODE_STATE=getMsg HTTP/1.1" 200 27
58.40.7.146 - - [09/Mar/2023:10:16:05 +0800] "GET /xingrg/all/function/internal_message.html?_=1678328183677&CODE_STATE=getMsg HTTP/1.1" 200 27
58.40.7.146 - - [09/Mar/2023:10:16:06 +0800] "GET /xingrg/all/function/internal_message.html?_=1678328185381&CODE_STATE=getMsg HTTP/1.1" 200 27
116.238.139.35 - - [09/Mar/2023:10:16:07 +0800] "POST /xingrg/kc/buy/cgsh_order_operate.html HTTP/1.1" 200 37
116.238.139.35 - - [09/Mar/2023:10:16:09 +0800] "GET /xingrg/all/function/internal_message.html?_=1678328187749&CODE_STATE=getMsg HTTP/1.1" 200 27
116.238.139.35 - - [09/Mar/2023:10:16:11 +0800] "POST /xingrg/kc/buy/cgsh_order_operate.html HTTP/1.1" 200 12
116.238.139.35 - - [09/Mar/2023:10:16:12 +0800] "GET /xingrg/kc/buy/cgsh_order_info.html?code=212023030903025 HTTP/1.1" 200 64903
116.238.139.35 - - [09/Mar/2023:10:16:12 +0800] "GET /xingrg/words/20230309101227_words.js HTTP/1.1" 200 952072
58.40.7.146 - - [09/Mar/2023:10:16:12 +0800] "GET /xingrg/all/function/internal_message.html?_=1678328190909&CODE_STATE=getMsg HTTP/1.1" 302 -
116.238.139.35 - - [09/Mar/2023:10:16:12 +0800] "GET /xingrg/all/function/internal_message.html?_=1678328126119&CODE_STATE=getMsg HTTP/1.1" 200 27
116.225.84.253 - - [09/Mar/2023:10:16:13 +0800] "GET /xingrg/all/function/internal_message.html?_=1678328191930&CODE_STATE=getMsg HTTP/1.1" 200 27
180.164.3.199 - - [09/Mar/2023:10:16:13 +0800] "GET /xingrg/all/function/internal_message.html?_=1678328190910&CODE_STATE=getMsg HTTP/1.1" 200 27
116.225.84.253 - - [09/Mar/2023:10:16:15 +0800] "GET /xingrg/all/function/internal_message.html?_=1678328038027&CODE_STATE=getMsg HTTP/1.1" 200 27
116.225.84.253 - - [09/Mar/2023:10:16:17 +0800] "POST /xingrg/kc/base/wldb_order_operate.html HTTP/1.1" 200 37
116.238.139.35 - - [09/Mar/2023:10:16:17 +0800] "GET /xingrg/javascript/easyui/themes/default/validatebox.css HTTP/1.1" 404 1104
116.225.84.253 - - [09/Mar/2023:10:16:17 +0800] "POST /xingrg/kc/base/wldb_order_operate.html HTTP/1.1" 200 2179
116.238.139.35 - - [09/Mar/2023:10:16:17 +0800] "POST /xingrg/kc/buy/cgsh_order_operate.html HTTP/1.1" 200 608
116.225.84.253 - - [09/Mar/2023:10:16:17 +0800] "GET /xingrg/kc/base/wldb_order_info.html?code=422023030900681 HTTP/1.1" 200 30395
116.225.84.253 - - [09/Mar/2023:10:16:18 +0800] "GET /xingrg/words/20230309101227_words.js HTTP/1.1" 304 -
116.225.84.253 - - [09/Mar/2023:10:16:18 +0800] "GET /xingrg/javascript/easyui/themes/default/validatebox.css HTTP/1.1" 404 1104
116.225.84.253 - - [09/Mar/2023:10:16:18 +0800] "POST /xingrg/kc/base/wldb_order_operate.html HTTP/1.1" 200 2179
116.238.139.35 - - [09/Mar/2023:10:16:18 +0800] "GET /xingrg/kc/print/load_data.html?order_code=212023030903025&kc_code=cgsh&condition= HTTP/1.1" 200 737
116.192.124.172 - - [09/Mar/2023:10:16:22 +0800] "GET /xingrg/all/function/internal_message.html?_=1678328201558&CODE_STATE=getMsg HTTP/1.1" 200 27
116.238.139.35 - - [09/Mar/2023:10:16:25 +0800] "POST /xingrg/kc/buy/cgsh_list_operate.html HTTP/1.1" 200 4145
116.230.118.11 - - [09/Mar/2023:10:16:26 +0800] "GET /xingrg/all/function/internal_message.html?_=1678328218008&CODE_STATE=getMsg HTTP/1.1" 200 27
222.70.221.209 - - [09/Mar/2023:10:16:28 +0800] "GET /xingrg/all/function/internal_message.html?_=1678328323387&CODE_STATE=getMsg HTTP/1.1" 200 27
180.169.147.146 - - [09/Mar/2023:10:16:29 +0800] "GET /xingrg/all/function/internal_message.html?_=1678328215671&CODE_STATE=getMsg HTTP/1.1" 200 27
222.70.182.154 - - [09/Mar/2023:10:16:31 +0800] "GET /xingrg/all/function/internal_message.html?_=1678328207877&CODE_STATE=getMsg HTTP/1.1" 200 27
116.224.106.218 - - [09/Mar/2023:10:16:37 +0800] "GET /xingrg/all/function/internal_message.html?_=1678328215553&CODE_STATE=getMsg HTTP/1.1" 200 27
120.253.135.82 - - [09/Mar/2023:10:16:38 +0800] "GET /xingrg/all/function/internal_message.html?_=1678328042847&CODE_STATE=getMsg HTTP/1.1" 200 27
222.67.232.202 - - [09/Mar/2023:10:16:42 +0800] "GET /xingrg/all/function/internal_message.html?_=1678327773817&CODE_STATE=getMsg HTTP/1.1" 200 27
101.229.22.234 - - [09/Mar/2023:10:16:54 +0800] "GET /xingrg/all/function/internal_message.html?_=1678328232402&CODE_STATE=getMsg HTTP/1.1" 200 27
172.20.0.100 - - [09/Mar/2023:10:16:58 +0800] "GET /xingrg/all/function/internal_message.html?_=1678328236334&CODE_STATE=getMsg HTTP/1.1" 200 27
116.225.84.253 - - [09/Mar/2023:10:16:58 +0800] "GET /xingrg/kc/buy/cgsh_order_add.html HTTP/1.1" 200 70043
116.225.84.253 - - [09/Mar/2023:10:16:59 +0800] "GET /xingrg/words/20230309101227_words.js HTTP/1.1" 200 952072
120.253.135.82 - - [09/Mar/2023:10:16:59 +0800] "GET /xingrg/kc/pszx/mdqp_order_list.html?state=10 HTTP/1.1" 200 10713
120.253.135.82 - - [09/Mar/2023:10:16:59 +0800] "GET /xingrg/dwr/util.js HTTP/1.1" 304 -
120.253.135.82 - - [09/Mar/2023:10:16:59 +0800] "GET /xingrg/javascript/Calendar.js HTTP/1.1" 304 -
120.253.135.82 - - [09/Mar/2023:10:16:59 +0800] "GET /xingrg/dwr/interface/AjaxQqpsService.js HTTP/1.1" 200 16326
120.253.135.82 - - [09/Mar/2023:10:16:59 +0800] "GET /xingrg/dwr/interface/AjaxReportQueryService.js HTTP/1.1" 200 13203
120.253.135.82 - - [09/Mar/2023:10:16:59 +0800] "GET /xingrg/dwr/engine.js HTTP/1.1" 200 43631
120.253.135.82 - - [09/Mar/2023:10:16:59 +0800] "GET /xingrg/javascript/jquery_easy_ui/themes/icons/check_new.png HTTP/1.1" 304 -
120.253.135.82 - - [09/Mar/2023:10:16:59 +0800] "GET /xingrg/javascript/jquery_easy_ui/themes/icons/uncheck_new.png HTTP/1.1" 304 -
120.253.135.82 - - [09/Mar/2023:10:16:59 +0800] "GET /xingrg/javascript/jquery_easy_ui/themes/icons/back_new.png HTTP/1.1" 304 -
116.230.118.11 - - [09/Mar/2023:10:17:00 +0800] "GET /xingrg/kc/buy/cgsh_order_operate.html?command=get_materiel&rest_code=00146&code=00101016037&supplier_code=00100049&order_time=2023-03-09 HTTP/1.1" 200 450
116.225.84.253 - - [09/Mar/2023:10:17:00 +0800] "GET /xingrg/javascript/easyui/themes/default/validatebox.css HTTP/1.1" 404 1104
116.225.84.253 - - [09/Mar/2023:10:17:00 +0800] "POST /xingrg/kc/buy/cgsh_order_operate.html HTTP/1.1" 200 8245
58.40.7.146 - - [09/Mar/2023:10:17:02 +0800] "GET /xingrg/all/function/internal_message.html?_=1678328240506&CODE_STATE=getMsg HTTP/1.1" 200 27
120.253.135.82 - - [09/Mar/2023:10:17:03 +0800] "GET /xingrg/kc/pszx/mdps_order_list.html?orderType=0 HTTP/1.1" 200 21032
120.253.135.82 - - [09/Mar/2023:10:17:04 +0800] "POST /xingrg/kc/pszx/mdps_list_operate.html HTTP/1.1" 200 5276
58.40.7.146 - - [09/Mar/2023:10:17:05 +0800] "GET /xingrg/all/function/internal_message.html?_=1678328243680&CODE_STATE=getMsg HTTP/1.1" 200 27
58.40.7.146 - - [09/Mar/2023:10:17:06 +0800] "GET /xingrg/check_reg.html?_=1678328245375 HTTP/1.1" 200 22
58.40.7.146 - - [09/Mar/2023:10:17:06 +0800] "GET /xingrg/all/function/internal_message.html?_=1678328245376&CODE_STATE=getMsg HTTP/1.1" 200 27
116.238.139.35 - - [09/Mar/2023:10:17:09 +0800] "GET /xingrg/all/function/internal_message.html?_=1678328247734&CODE_STATE=getMsg HTTP/1.1" 200 27
116.238.139.35 - - [09/Mar/2023:10:17:12 +0800] "GET /xingrg/all/function/internal_message.html?_=1678328186134&CODE_STATE=getMsg HTTP/1.1" 200 27
58.40.7.146 - - [09/Mar/2023:10:17:12 +0800] "GET /xingrg/all/function/internal_message.html?_=1678328250911&CODE_STATE=getMsg HTTP/1.1" 302 -
116.225.84.253 - - [09/Mar/2023:10:17:13 +0800] "GET /xingrg/all/function/internal_message.html?_=1678328251963&CODE_STATE=getMsg HTTP/1.1" 200 27
180.164.3.199 - - [09/Mar/2023:10:17:13 +0800] "GET /xingrg/all/function/internal_message.html?_=1678328250913&CODE_STATE=getMsg HTTP/1.1" 200 27
116.225.84.253 - - [09/Mar/2023:10:17:15 +0800] "GET /xingrg/all/function/internal_message.html?_=1678328098016&CODE_STATE=getMsg HTTP/1.1" 200 27
116.192.124.172 - - [09/Mar/2023:10:17:22 +0800] "GET /xingrg/all/function/internal_message.html?_=1678328261547&CODE_STATE=getMsg HTTP/1.1" 200 27
222.70.221.209 - - [09/Mar/2023:10:17:24 +0800] "GET /xingrg/check_reg.html?_=1678328379686 HTTP/1.1" 200 22
116.230.118.11 - - [09/Mar/2023:10:17:24 +0800] "GET /xingrg/check_reg.html?_=1678328276890 HTTP/1.1" 200 22
116.230.118.11 - - [09/Mar/2023:10:17:26 +0800] "GET /xingrg/all/function/internal_message.html?_=1678328278022&CODE_STATE=getMsg HTTP/1.1" 200 27
116.225.84.253 - - [09/Mar/2023:10:17:27 +0800] "GET /xingrg/kc/buy/cgsh_order_operate.html?command=get_materiel&rest_code=00105&code=00101006193&supplier_code=00100012&order_time=2023-03-09 HTTP/1.1" 200 409
222.70.221.209 - - [09/Mar/2023:10:17:28 +0800] "GET /xingrg/all/function/internal_message.html?_=1678328383375&CODE_STATE=getMsg HTTP/1.1" 200 27
180.169.147.146 - - [09/Mar/2023:10:17:29 +0800] "GET /xingrg/all/function/internal_message.html?_=1678328275670&CODE_STATE=getMsg HTTP/1.1" 200 27
222.70.182.154 - - [09/Mar/2023:10:17:31 +0800] "GET /xingrg/all/function/internal_message.html?_=1678328267861&CODE_STATE=getMsg HTTP/1.1" 200 27
116.192.124.172 - - [09/Mar/2023:10:17:32 +0800] "GET /xingrg/check_reg.html?_=1678328271453 HTTP/1.1" 200 22
116.224.106.218 - - [09/Mar/2023:10:17:37 +0800] "GET /xingrg/check_reg.html?_=1678328275556 HTTP/1.1" 200 22
116.224.106.218 - - [09/Mar/2023:10:17:37 +0800] "GET /xingrg/all/function/internal_message.html?_=1678328275559&CODE_STATE=getMsg HTTP/1.1" 200 27
116.230.118.11 - - [09/Mar/2023:10:17:37 +0800] "GET /xingrg/kc/buy/cgsh_order_operate.html?command=get_materiel&rest_code=00146&code=00101011005&supplier_code=00100049&order_time=2023-03-09 HTTP/1.1" 200 430
120.253.135.82 - - [09/Mar/2023:10:17:38 +0800] "GET /xingrg/all/function/internal_message.html?_=1678328102923&CODE_STATE=getMsg HTTP/1.1" 200 27
222.67.232.202 - - [09/Mar/2023:10:17:43 +0800] "GET /xingrg/check_reg.html?_=1678327834033 HTTP/1.1" 200 22
222.67.232.202 - - [09/Mar/2023:10:17:43 +0800] "GET /xingrg/all/function/internal_message.html?_=1678327834034&CODE_STATE=getMsg HTTP/1.1" 200 27
116.225.84.253 - - [09/Mar/2023:10:17:50 +0800] "GET /xingrg/kc/buy/cgsh_order_operate.html?command=get_materiel&rest_code=00105&code=00101006330&supplier_code=00100012&order_time=2023-03-09 HTTP/1.1" 200 415
222.67.232.202 - - [09/Mar/2023:10:17:51 +0800] "GET /xingrg/kc/buy/cgsh_order_add.html HTTP/1.1" 200 69961
222.67.232.202 - - [09/Mar/2023:10:17:51 +0800] "GET /xingrg/javascript/easyui/themes/default/validatebox.css HTTP/1.1" 404 1104
222.67.232.202 - - [09/Mar/2023:10:17:51 +0800] "POST /xingrg/kc/buy/cgsh_order_operate.html HTTP/1.1" 200 8245
101.229.22.234 - - [09/Mar/2023:10:17:54 +0800] "GET /xingrg/all/function/internal_message.html?_=1678328292402&CODE_STATE=getMsg HTTP/1.1" 200 27
172.20.0.100 - - [09/Mar/2023:10:17:58 +0800] "GET /xingrg/all/function/internal_message.html?_=1678328296339&CODE_STATE=getMsg HTTP/1.1" 200 27
116.230.118.11 - - [09/Mar/2023:10:17:59 +0800] "GET /xingrg/kc/buy/cgsh_order_operate.html?command=get_materiel&rest_code=00146&code=00101013011&supplier_code=00100049&order_time=2023-03-09 HTTP/1.1" 200 448
58.40.7.146 - - [09/Mar/2023:10:18:02 +0800] "GET /xingrg/check_reg.html?_=1678328300508 HTTP/1.1" 200 22
58.40.7.146 - - [09/Mar/2023:10:18:02 +0800] "GET /xingrg/all/function/internal_message.html?_=1678328300510&CODE_STATE=getMsg HTTP/1.1" 200 27
58.40.7.146 - - [09/Mar/2023:10:18:05 +0800] "GET /xingrg/all/function/internal_message.html?_=1678328303685&CODE_STATE=getMsg HTTP/1.1" 200 27
58.40.7.146 - - [09/Mar/2023:10:18:06 +0800] "GET /xingrg/all/function/internal_message.html?_=1678328305374&CODE_STATE=getMsg HTTP/1.1" 200 27
116.225.84.253 - - [09/Mar/2023:10:18:09 +0800] "GET /xingrg/kc/buy/cgsh_order_operate.html?command=get_materiel&rest_code=00105&code=00101010248&supplier_code=00100012&order_time=2023-03-09 HTTP/1.1" 200 430
116.238.139.35 - - [09/Mar/2023:10:18:09 +0800] "GET /xingrg/all/function/internal_message.html?_=1678328307709&CODE_STATE=getMsg HTTP/1.1" 200 27
116.225.84.253 - - [09/Mar/2023:10:18:09 +0800] "POST /xingrg/all/common/load_select.html HTTP/1.1" 200 25
116.238.139.35 - - [09/Mar/2023:10:18:12 +0800] "GET /xingrg/all/function/internal_message.html?_=1678328246164&CODE_STATE=getMsg HTTP/1.1" 200 27
58.40.7.146 - - [09/Mar/2023:10:18:12 +0800] "GET /xingrg/all/function/internal_message.html?_=1678328310896&CODE_STATE=getMsg HTTP/1.1" 302 -
116.225.84.253 - - [09/Mar/2023:10:18:13 +0800] "GET /xingrg/all/function/internal_message.html?_=1678328311995&CODE_STATE=getMsg HTTP/1.1" 200 27
180.164.3.199 - - [09/Mar/2023:10:18:13 +0800] "GET /xingrg/check_reg.html?_=1678328310906 HTTP/1.1" 200 22
180.164.3.199 - - [09/Mar/2023:10:18:13 +0800] "GET /xingrg/all/function/internal_message.html?_=1678328310910&CODE_STATE=getMsg HTTP/1.1" 200 27
116.225.84.253 - - [09/Mar/2023:10:18:13 +0800] "GET /xingrg/kc/buy/cgsh_order_operate.html?command=get_materiel_price&rest_code=00105&code=00101010248&unit_code=00100043&supplier_code=00100012&order_time=2023-03-09 HTTP/1.1" 200 29
116.225.84.253 - - [09/Mar/2023:10:18:15 +0800] "GET /xingrg/check_reg.html?_=1678328158046 HTTP/1.1" 200 22
116.225.84.253 - - [09/Mar/2023:10:18:15 +0800] "GET /xingrg/all/function/internal_message.html?_=1678328158049&CODE_STATE=getMsg HTTP/1.1" 200 27
222.67.232.202 - - [09/Mar/2023:10:18:16 +0800] "GET /xingrg/kc/buy/cgsh_order_operate.html?command=get_materiel&rest_code=00141&code=00101006180&supplier_code=00100012&order_time=2023-03-09 HTTP/1.1" 200 423
116.192.124.172 - - [09/Mar/2023:10:18:22 +0800] "GET /xingrg/all/function/internal_message.html?_=1678328321555&CODE_STATE=getMsg HTTP/1.1" 200 27
116.230.118.11 - - [09/Mar/2023:10:18:23 +0800] "GET /xingrg/kc/buy/cgsh_order_operate.html?command=get_materiel&rest_code=00146&code=00101016094&supplier_code=00100049&order_time=2023-03-09 HTTP/1.1" 200 467
116.230.118.11 - - [09/Mar/2023:10:18:26 +0800] "GET /xingrg/all/function/internal_message.html?_=1678328338034&CODE_STATE=getMsg HTTP/1.1" 200 27
222.67.232.202 - - [09/Mar/2023:10:18:27 +0800] "GET /xingrg/kc/buy/cgsh_order_operate.html?command=get_materiel&rest_code=00141&code=00101007038&supplier_code=00100012&order_time=2023-03-09 HTTP/1.1" 200 420
222.70.221.209 - - [09/Mar/2023:10:18:28 +0800] "GET /xingrg/all/function/internal_message.html?_=1678328443351&CODE_STATE=getMsg HTTP/1.1" 200 27
180.169.147.146 - - [09/Mar/2023:10:18:29 +0800] "GET /xingrg/all/function/internal_message.html?_=1678328335669&CODE_STATE=getMsg HTTP/1.1" 200 27
222.70.182.154 - - [09/Mar/2023:10:18:31 +0800] "GET /xingrg/all/function/internal_message.html?_=1678328327845&CODE_STATE=getMsg HTTP/1.1" 200 27
120.253.135.82 - - [09/Mar/2023:10:18:37 +0800] "GET /xingrg/check_reg.html?_=1678328162050 HTTP/1.1" 200 22
116.224.106.218 - - [09/Mar/2023:10:18:37 +0800] "GET /xingrg/all/function/internal_message.html?_=1678328335559&CODE_STATE=getMsg HTTP/1.1" 200 27
120.253.135.82 - - [09/Mar/2023:10:18:38 +0800] "GET /xingrg/all/function/internal_message.html?_=1678328162937&CODE_STATE=getMsg HTTP/1.1" 200 27
116.225.84.253 - - [09/Mar/2023:10:18:42 +0800] "GET /xingrg/kc/buy/cgsh_order_operate.html?command=get_materiel&rest_code=00105&code=00101019533&supplier_code=00100012&order_time=2023-03-09 HTTP/1.1" 200 415
116.230.118.11 - - [09/Mar/2023:10:18:42 +0800] "GET /xingrg/kc/buy/cgsh_order_operate.html?command=get_materiel&rest_code=00146&code=00101016004&supplier_code=00100049&order_time=2023-03-09 HTTP/1.1" 200 440
222.67.232.202 - - [09/Mar/2023:10:18:43 +0800] "GET /xingrg/all/function/internal_message.html?_=1678327894040&CODE_STATE=getMsg HTTP/1.1" 200 27
58.221.95.50 - - [09/Mar/2023:10:18:47 +0800] "GET /xingrg/check_reg.html?_=1678328345697 HTTP/1.1" 200 22
101.229.22.234 - - [09/Mar/2023:10:18:54 +0800] "GET /xingrg/check_reg.html?_=1678328352400 HTTP/1.1" 200 22
101.229.22.234 - - [09/Mar/2023:10:18:54 +0800] "GET /xingrg/all/function/internal_message.html?_=1678328352401&CODE_STATE=getMsg HTTP/1.1" 200 27
116.230.118.11 - - [09/Mar/2023:10:18:54 +0800] "POST /xingrg/kc/buy/cgsh_order_operate.html HTTP/1.1" 200 37
116.230.118.11 - - [09/Mar/2023:10:18:57 +0800] "POST /xingrg/kc/buy/cgsh_order_operate.html HTTP/1.1" 200 5112
172.20.0.100 - - [09/Mar/2023:10:18:58 +0800] "GET /xingrg/all/function/internal_message.html?_=1678328356325&CODE_STATE=getMsg HTTP/1.1" 200 27
116.230.118.11 - - [09/Mar/2023:10:19:00 +0800] "GET /xingrg/kc/print/load_data.html?order_code=212023030903027&kc_code=cgsh&condition= HTTP/1.1" 200 1712
116.225.84.253 - - [09/Mar/2023:10:19:01 +0800] "GET /xingrg/kc/buy/cgsh_order_operate.html?command=get_materiel&rest_code=00105&code=00101007122&supplier_code=00100012&order_time=2023-03-09 HTTP/1.1" 200 437
58.40.7.146 - - [09/Mar/2023:10:19:02 +0800] "GET /xingrg/all/function/internal_message.html?_=1678328360495&CODE_STATE=getMsg HTTP/1.1" 200 27
58.40.7.146 - - [09/Mar/2023:10:19:05 +0800] "GET /xingrg/all/function/internal_message.html?_=1678328363688&CODE_STATE=getMsg HTTP/1.1" 200 27
58.40.7.146 - - [09/Mar/2023:10:19:05 +0800] "GET /xingrg/check_reg.html?_=1678328363691 HTTP/1.1" 200 22
58.40.7.146 - - [09/Mar/2023:10:19:06 +0800] "GET /xingrg/all/function/internal_message.html?_=1678328365367&CODE_STATE=getMsg HTTP/1.1" 200 27
116.238.139.35 - - [09/Mar/2023:10:19:09 +0800] "GET /xingrg/all/function/internal_message.html?_=1678328367696&CODE_STATE=getMsg HTTP/1.1" 200 27
116.238.139.35 - - [09/Mar/2023:10:19:09 +0800] "GET /xingrg/check_reg.html?_=1678328367855 HTTP/1.1" 200 22
116.238.139.35 - - [09/Mar/2023:10:19:12 +0800] "GET /xingrg/all/function/internal_message.html?_=1678328306175&CODE_STATE=getMsg HTTP/1.1" 200 27
58.40.7.146 - - [09/Mar/2023:10:19:12 +0800] "GET /xingrg/all/function/internal_message.html?_=1678328370880&CODE_STATE=getMsg HTTP/1.1" 302 -
116.225.84.253 - - [09/Mar/2023:10:19:13 +0800] "GET /xingrg/all/function/internal_message.html?_=1678328371957&CODE_STATE=getMsg HTTP/1.1" 200 27
116.225.84.253 - - [09/Mar/2023:10:19:13 +0800] "GET /xingrg/check_reg.html?_=1678328371975 HTTP/1.1" 200 22
180.164.3.199 - - [09/Mar/2023:10:19:13 +0800] "GET /xingrg/all/function/internal_message.html?_=1678328370896&CODE_STATE=getMsg HTTP/1.1" 200 27
116.225.84.253 - - [09/Mar/2023:10:19:15 +0800] "GET /xingrg/all/function/internal_message.html?_=1678328218028&CODE_STATE=getMsg HTTP/1.1" 200 27
116.225.84.253 - - [09/Mar/2023:10:19:19 +0800] "GET /xingrg/kc/buy/cgsh_order_operate.html?command=get_materiel&rest_code=00105&code=00101006310&supplier_code=00100012&order_time=2023-03-09 HTTP/1.1" 200 415
116.192.124.172 - - [09/Mar/2023:10:19:22 +0800] "GET /xingrg/check_reg.html?_=1678328381550 HTTP/1.1" 200 22
116.192.124.172 - - [09/Mar/2023:10:19:22 +0800] "GET /xingrg/all/function/internal_message.html?_=1678328381556&CODE_STATE=getMsg HTTP/1.1" 200 27
58.40.7.146 - - [09/Mar/2023:10:19:24 +0800] "GET /xingrg/check_reg.html?_=1678328382829 HTTP/1.1" 302 -
116.230.118.11 - - [09/Mar/2023:10:19:26 +0800] "GET /xingrg/all/function/internal_message.html?_=1678328398217&CODE_STATE=getMsg HTTP/1.1" 200 27
222.70.221.209 - - [09/Mar/2023:10:19:28 +0800] "GET /xingrg/all/function/internal_message.html?_=1678328503326&CODE_STATE=getMsg HTTP/1.1" 200 27
180.169.147.146 - - [09/Mar/2023:10:19:29 +0800] "GET /xingrg/check_reg.html?_=1678328395669 HTTP/1.1" 200 22
180.169.147.146 - - [09/Mar/2023:10:19:29 +0800] "GET /xingrg/all/function/internal_message.html?_=1678328395668&CODE_STATE=getMsg HTTP/1.1" 200 27
222.70.182.154 - - [09/Mar/2023:10:19:31 +0800] "GET /xingrg/all/function/internal_message.html?_=1678328387828&CODE_STATE=getMsg HTTP/1.1" 200 27
222.70.182.154 - - [09/Mar/2023:10:19:32 +0800] "GET /xingrg/check_reg.html?_=1678328388593 HTTP/1.1" 200 22
116.225.84.253 - - [09/Mar/2023:10:19:32 +0800] "POST /xingrg/kc/buy/cgsh_order_operate.html HTTP/1.1" 200 37
116.225.84.253 - - [09/Mar/2023:10:19:34 +0800] "POST /xingrg/kc/buy/cgsh_order_operate.html HTTP/1.1" 200 5067
116.225.84.253 - - [09/Mar/2023:10:19:35 +0800] "GET /xingrg/kc/print/load_data.html?order_code=212023030903028&kc_code=cgsh&condition= HTTP/1.1" 200 1711
116.224.106.218 - - [09/Mar/2023:10:19:37 +0800] "GET /xingrg/all/function/internal_message.html?_=1678328395563&CODE_STATE=getMsg HTTP/1.1" 200 27
120.253.135.82 - - [09/Mar/2023:10:19:38 +0800] "GET /xingrg/all/function/internal_message.html?_=1678328222950&CODE_STATE=getMsg HTTP/1.1" 200 27
222.67.232.202 - - [09/Mar/2023:10:19:43 +0800] "GET /xingrg/all/function/internal_message.html?_=1678327954590&CODE_STATE=getMsg HTTP/1.1" 200 27
222.67.232.202 - - [09/Mar/2023:10:19:51 +0800] "GET /xingrg/kc/buy/cgsh_order_operate.html?command=get_materiel&rest_code=00141&code=00101006108&supplier_code=00100012&order_time=2023-03-09 HTTP/1.1" 200 421
101.229.22.234 - - [09/Mar/2023:10:19:54 +0800] "GET /xingrg/all/function/internal_message.html?_=1678328412402&CODE_STATE=getMsg HTTP/1.1" 200 27
172.20.0.100 - - [09/Mar/2023:10:19:58 +0800] "GET /xingrg/all/function/internal_message.html?_=1678328416328&CODE_STATE=getMsg HTTP/1.1" 200 27
172.20.0.100 - - [09/Mar/2023:10:19:58 +0800] "GET /xingrg/check_reg.html?_=1678328416330 HTTP/1.1" 200 22
58.40.7.146 - - [09/Mar/2023:10:20:02 +0800] "GET /xingrg/all/function/internal_message.html?_=1678328420498&CODE_STATE=getMsg HTTP/1.1" 200 27
222.67.232.202 - - [09/Mar/2023:10:20:05 +0800] "GET /xingrg/kc/buy/cgsh_order_operate.html?command=get_materiel&rest_code=00141&code=00101006193&supplier_code=00100012&order_time=2023-03-09 HTTP/1.1" 200 409
58.40.7.146 - - [09/Mar/2023:10:20:05 +0800] "GET /xingrg/all/function/internal_message.html?_=1678328423677&CODE_STATE=getMsg HTTP/1.1" 200 27
58.40.7.146 - - [09/Mar/2023:10:20:06 +0800] "GET /xingrg/all/function/internal_message.html?_=1678328425371&CODE_STATE=getMsg HTTP/1.1" 200 27
116.238.139.35 - - [09/Mar/2023:10:20:09 +0800] "GET /xingrg/all/function/internal_message.html?_=1678328427669&CODE_STATE=getMsg HTTP/1.1" 200 27
116.238.139.35 - - [09/Mar/2023:10:20:12 +0800] "GET /xingrg/all/function/internal_message.html?_=1678328366206&CODE_STATE=getMsg HTTP/1.1" 200 27
58.40.7.146 - - [09/Mar/2023:10:20:12 +0800] "GET /xingrg/all/function/internal_message.html?_=1678328430866&CODE_STATE=getMsg HTTP/1.1" 302 -
116.225.84.253 - - [09/Mar/2023:10:20:13 +0800] "GET /xingrg/all/function/internal_message.html?_=1678328431941&CODE_STATE=getMsg HTTP/1.1" 200 27
180.164.3.199 - - [09/Mar/2023:10:20:13 +0800] "GET /xingrg/all/function/internal_message.html?_=1678328430910&CODE_STATE=getMsg HTTP/1.1" 200 27
116.225.84.253 - - [09/Mar/2023:10:20:15 +0800] "GET /xingrg/all/function/internal_message.html?_=1678328278018&CODE_STATE=getMsg HTTP/1.1" 200 27
222.67.232.202 - - [09/Mar/2023:10:20:18 +0800] "GET /xingrg/kc/buy/cgsh_order_operate.html?command=get_materiel&rest_code=00141&code=00101006129&supplier_code=00100012&order_time=2023-03-09 HTTP/1.1" 200 431
61.170.234.154 - - [09/Mar/2023:10:20:20 +0800] "GET /xingrg/login.html HTTP/1.1" 200 7641
61.170.234.154 - - [09/Mar/2023:10:20:20 +0800] "GET /xingrg/images/blue/jxLogo.png HTTP/1.1" 200 6156
61.170.234.154 - - [09/Mar/2023:10:20:20 +0800] "GET /xingrg/images/blue/hj.png HTTP/1.1" 200 1014
61.170.234.154 - - [09/Mar/2023:10:20:20 +0800] "GET /xingrg/images/blue/srbg.png HTTP/1.1" 200 138
61.170.234.154 - - [09/Mar/2023:10:20:20 +0800] "GET /xingrg/images/blue/login_bg.png HTTP/1.1" 200 22101
61.170.234.154 - - [09/Mar/2023:10:20:21 +0800] "GET /favicon.ico HTTP/1.1" 404 -
116.192.124.172 - - [09/Mar/2023:10:20:22 +0800] "GET /xingrg/all/function/internal_message.html?_=1678328441546&CODE_STATE=getMsg HTTP/1.1" 200 27
61.170.234.154 - - [09/Mar/2023:10:20:24 +0800] "POST /xingrg/login.do HTTP/1.1" 302 -
61.170.234.154 - - [09/Mar/2023:10:20:24 +0800] "GET /xingrg/css/form.css HTTP/1.1" 200 893
61.170.234.154 - - [09/Mar/2023:10:20:24 +0800] "GET /xingrg/index.html?sysBaseUrl=http%3A%2F%2F180.169.147.146%3A18081%2Fxingrg%2F&costTime=38×tamp=1678328424729 HTTP/1.1" 200 17503
61.170.234.154 - - [09/Mar/2023:10:20:24 +0800] "GET /xingrg/javascript/jquery_easy_ui/themes/default/easyui.css HTTP/1.1" 200 26500
61.170.234.154 - - [09/Mar/2023:10:20:24 +0800] "GET /xingrg/javascript/jquery_easy_ui/jquery.easyui.min.js HTTP/1.1" 200 213662
61.170.234.154 - - [09/Mar/2023:10:20:24 +0800] "GET /xingrg/javascript/jquery_easy_ui/easyui-lang-zh_CN.js HTTP/1.1" 200 1900
61.170.234.154 - - [09/Mar/2023:10:20:24 +0800] "GET /xingrg/javascript/jquery_easy_ui/themes/icon.css HTTP/1.1" 200 3949
61.170.234.154 - - [09/Mar/2023:10:20:24 +0800] "GET /xingrg/javascript/jquery.timers.js HTTP/1.1" 200 3532
61.170.234.154 - - [09/Mar/2023:10:20:24 +0800] "GET /xingrg/javascript/jquery-1.4.2.min.js HTTP/1.1" 200 72205
61.170.234.154 - - [09/Mar/2023:10:20:24 +0800] "GET /favicon.ico HTTP/1.1" 404 -
61.170.234.154 - - [09/Mar/2023:10:20:25 +0800] "GET /xingrg/javascript/jquery.utils.js HTTP/1.1" 200 11805
61.170.234.154 - - [09/Mar/2023:10:20:25 +0800] "GET /xingrg/javascript/jquery.form.js HTTP/1.1" 200 23110
61.170.234.154 - - [09/Mar/2023:10:20:25 +0800] "GET /xingrg/javascript/jquery_easy_ui/themes/icons/settle_new.png HTTP/1.1" 200 826
61.170.234.154 - - [09/Mar/2023:10:20:25 +0800] "GET /xingrg/images/blue/navBackgound.jpg HTTP/1.1" 200 12378
61.170.234.154 - - [09/Mar/2023:10:20:25 +0800] "POST /xingrg/all/common/load_tree.html?tree=area_rest_tree_json&manage=1 HTTP/1.1" 200 3499
61.170.234.154 - - [09/Mar/2023:10:20:25 +0800] "GET /xingrg/images/blue/pingpu.png HTTP/1.1" 200 231
61.170.234.154 - - [09/Mar/2023:10:20:25 +0800] "GET /xingrg/check_reg.html?_=1678328447781 HTTP/1.1" 200 22
61.170.234.154 - - [09/Mar/2023:10:20:25 +0800] "GET /xingrg/javascript/jquery_easy_ui/themes/default/images/tabs_rightarrow.png HTTP/1.1" 200 395
61.170.234.154 - - [09/Mar/2023:10:20:25 +0800] "GET /xingrg/javascript/jquery_easy_ui/themes/default/images/tabs_leftarrow.png HTTP/1.1" 200 389
61.170.234.154 - - [09/Mar/2023:10:20:25 +0800] "GET /xingrg/javascript/jquery_easy_ui/themes/default/images/panel_tool_expand.gif HTTP/1.1" 200 247
61.170.234.154 - - [09/Mar/2023:10:20:25 +0800] "GET /xingrg/javascript/jquery_easy_ui/themes/default/images/panel_tool_collapse.gif HTTP/1.1" 200 246
61.170.234.154 - - [09/Mar/2023:10:20:25 +0800] "GET /xingrg/all/function/internal_message.html?_=1678328447780&CODE_STATE=count HTTP/1.1" 200 11
61.170.234.154 - - [09/Mar/2023:10:20:25 +0800] "POST /xingrg/load_menu.html HTTP/1.1" 200 11443
61.170.234.154 - - [09/Mar/2023:10:20:26 +0800] "GET /xingrg/javascript/jquery_easy_ui/themes/icons/checkout_new.png HTTP/1.1" 200 744
61.170.234.154 - - [09/Mar/2023:10:20:26 +0800] "GET /xingrg/javascript/jquery_easy_ui/themes/icons/delivery_new.png HTTP/1.1" 200 700
61.170.234.154 - - [09/Mar/2023:10:20:26 +0800] "GET /xingrg/javascript/jquery_easy_ui/themes/default/images/tree_folder_open.gif HTTP/1.1" 200 956
61.170.234.154 - - [09/Mar/2023:10:20:26 +0800] "GET /xingrg/javascript/jquery_easy_ui/themes/icons/forms_new.png HTTP/1.1" 200 350
61.170.234.154 - - [09/Mar/2023:10:20:26 +0800] "GET /xingrg/javascript/jquery_easy_ui/themes/icons/search_new.png HTTP/1.1" 200 586
61.170.234.154 - - [09/Mar/2023:10:20:26 +0800] "GET /xingrg/javascript/jquery_easy_ui/themes/icons/storage_new.png HTTP/1.1" 200 853
61.170.234.154 - - [09/Mar/2023:10:20:26 +0800] "GET /xingrg/javascript/jquery_easy_ui/themes/default/images/tree_arrows.gif HTTP/1.1" 200 1043
61.170.234.154 - - [09/Mar/2023:10:20:26 +0800] "GET /xingrg/javascript/jquery_easy_ui/themes/icons/setting_new.png HTTP/1.1" 200 450
61.170.234.154 - - [09/Mar/2023:10:20:26 +0800] "GET /xingrg/javascript/jquery_easy_ui/themes/default/images/tree_file.gif HTTP/1.1" 200 118
61.170.234.154 - - [09/Mar/2023:10:20:26 +0800] "GET /xingrg/javascript/jquery_easy_ui/themes/default/images/tree_folder.gif HTTP/1.1" 200 952
61.170.234.154 - - [09/Mar/2023:10:20:26 +0800] "GET /xingrg/javascript/jquery_easy_ui/themes/icons/systemset_new.png HTTP/1.1" 200 606
116.230.118.11 - - [09/Mar/2023:10:20:26 +0800] "GET /xingrg/all/function/internal_message.html?_=1678328458218&CODE_STATE=getMsg HTTP/1.1" 200 27
61.170.234.154 - - [09/Mar/2023:10:20:26 +0800] "GET /xingrg/javascript/jquery_easy_ui/themes/icons/area.png HTTP/1.1" 200 262
61.170.234.154 - - [09/Mar/2023:10:20:26 +0800] "GET /xingrg/javascript/jquery_easy_ui/themes/icons/manage.png HTTP/1.1" 200 696
61.170.234.154 - - [09/Mar/2023:10:20:26 +0800] "GET /xingrg/javascript/jquery_easy_ui/themes/icons/rest.png HTTP/1.1" 200 695
61.170.234.154 - - [09/Mar/2023:10:20:26 +0800] "GET /xingrg/javascript/jquery_easy_ui/themes/icons/ok.png HTTP/1.1" 200 883
61.170.234.154 - - [09/Mar/2023:10:20:26 +0800] "GET /xingrg/javascript/jquery_easy_ui/themes/default/images/button_a_bg.gif HTTP/1.1" 200 1194
61.170.234.154 - - [09/Mar/2023:10:20:26 +0800] "GET /xingrg/javascript/jquery_easy_ui/themes/default/images/button_span_bg.gif HTTP/1.1" 200 2061
61.170.234.154 - - [09/Mar/2023:10:20:26 +0800] "GET /xingrg/javascript/jquery_easy_ui/themes/default/images/panel_title.png HTTP/1.1" 200 266
61.170.234.154 - - [09/Mar/2023:10:20:26 +0800] "GET /xingrg/javascript/jquery_easy_ui/themes/default/images/panel_tools.gif HTTP/1.1" 200 737
180.164.3.199 - - [09/Mar/2023:10:20:27 +0800] "POST /xingrg/services/DataTransmitService HTTP/1.1" 200 524
222.70.221.209 - - [09/Mar/2023:10:20:28 +0800] "GET /xingrg/all/function/internal_message.html?_=1678328563311&CODE_STATE=getMsg HTTP/1.1" 200 27
61.170.234.154 - - [09/Mar/2023:10:20:28 +0800] "GET /xingrg/images/control/ajaxLoader.gif HTTP/1.1" 200 4659
61.170.234.154 - - [09/Mar/2023:10:20:28 +0800] "POST /xingrg/all/user/operate.html HTTP/1.1" 200 36
61.170.234.154 - - [09/Mar/2023:10:20:28 +0800] "GET /xingrg/index.html?sysBaseUrl=http%3A%2F%2F180.169.147.146%3A18081%2Fxingrg%2F&costTime=38×tamp=1678328424729 HTTP/1.1" 200 17503
61.170.234.154 - - [09/Mar/2023:10:20:28 +0800] "GET /xingrg/javascript/jquery_easy_ui/themes/default/easyui.css HTTP/1.1" 304 -
61.170.234.154 - - [09/Mar/2023:10:20:28 +0800] "GET /xingrg/javascript/jquery_easy_ui/themes/icon.css HTTP/1.1" 304 -
61.170.234.154 - - [09/Mar/2023:10:20:28 +0800] "GET /xingrg/css/form.css HTTP/1.1" 304 -
61.170.234.154 - - [09/Mar/2023:10:20:29 +0800] "GET /xingrg/javascript/jquery-1.4.2.min.js HTTP/1.1" 304 -
61.170.234.154 - - [09/Mar/2023:10:20:29 +0800] "GET /xingrg/javascript/jquery_easy_ui/jquery.easyui.min.js HTTP/1.1" 304 -
61.170.234.154 - - [09/Mar/2023:10:20:29 +0800] "GET /xingrg/javascript/jquery_easy_ui/easyui-lang-zh_CN.js HTTP/1.1" 304 -
61.170.234.154 - - [09/Mar/2023:10:20:29 +0800] "GET /xingrg/javascript/jquery.form.js HTTP/1.1" 304 -
61.170.234.154 - - [09/Mar/2023:10:20:29 +0800] "GET /xingrg/javascript/jquery.utils.js HTTP/1.1" 304 -
61.170.234.154 - - [09/Mar/2023:10:20:29 +0800] "GET /xingrg/javascript/jquery.timers.js HTTP/1.1" 304 -
61.170.234.154 - - [09/Mar/2023:10:20:29 +0800] "GET /xingrg/images/blue/navBackgound.jpg HTTP/1.1" 304 -
61.170.234.154 - - [09/Mar/2023:10:20:29 +0800] "GET /xingrg/images/blue/jxLogo.png HTTP/1.1" 304 -
61.170.234.154 - - [09/Mar/2023:10:20:29 +0800] "GET /xingrg/javascript/jquery_easy_ui/themes/icons/settle_new.png HTTP/1.1" 304 -
61.170.234.154 - - [09/Mar/2023:10:20:29 +0800] "POST /xingrg/all/common/load_tree.html?tree=area_rest_tree_json&manage=1 HTTP/1.1" 200 3499
61.170.234.154 - - [09/Mar/2023:10:20:29 +0800] "GET /xingrg/javascript/jquery_easy_ui/themes/default/images/panel_tool_collapse.gif HTTP/1.1" 304 -
61.170.234.154 - - [09/Mar/2023:10:20:29 +0800] "GET /xingrg/javascript/jquery_easy_ui/themes/default/images/tabs_rightarrow.png HTTP/1.1" 304 -
61.170.234.154 - - [09/Mar/2023:10:20:29 +0800] "GET /xingrg/javascript/jquery_easy_ui/themes/default/images/panel_tool_expand.gif HTTP/1.1" 304 -
61.170.234.154 - - [09/Mar/2023:10:20:29 +0800] "GET /xingrg/check_reg.html?_=1678328451461 HTTP/1.1" 200 22
61.170.234.154 - - [09/Mar/2023:10:20:29 +0800] "GET /xingrg/all/function/internal_message.html?_=1678328451461&CODE_STATE=count HTTP/1.1" 200 11
61.170.234.154 - - [09/Mar/2023:10:20:29 +0800] "GET /xingrg/javascript/jquery_easy_ui/themes/default/images/tabs_leftarrow.png HTTP/1.1" 304 -
61.170.234.154 - - [09/Mar/2023:10:20:29 +0800] "GET /xingrg/images/blue/pingpu.png HTTP/1.1" 304 -
61.170.234.154 - - [09/Mar/2023:10:20:29 +0800] "POST /xingrg/load_menu.html HTTP/1.1" 200 9959
180.169.147.146 - - [09/Mar/2023:10:20:29 +0800] "GET /xingrg/all/function/internal_message.html?_=1678328455667&CODE_STATE=getMsg HTTP/1.1" 200 27
61.170.234.154 - - [09/Mar/2023:10:20:30 +0800] "GET /xingrg/javascript/jquery_easy_ui/themes/default/images/tabs_active.png HTTP/1.1" 200 2894
222.67.232.202 - - [09/Mar/2023:10:20:30 +0800] "GET /xingrg/kc/buy/cgsh_order_operate.html?command=get_materiel&rest_code=00141&code=00101006109&supplier_code=00100012&order_time=2023-03-09 HTTP/1.1" 200 409
222.70.182.154 - - [09/Mar/2023:10:20:31 +0800] "GET /xingrg/all/function/internal_message.html?_=1678328447812&CODE_STATE=getMsg HTTP/1.1" 200 27
61.170.234.154 - - [09/Mar/2023:10:20:32 +0800] "GET /xingrg/javascript/jquery_easy_ui/themes/default/images/tabs_close.gif HTTP/1.1" 200 829
61.170.234.154 - - [09/Mar/2023:10:20:32 +0800] "GET /xingrg/css/base.css HTTP/1.1" 200 2811
61.170.234.154 - - [09/Mar/2023:10:20:32 +0800] "GET /xingrg/css/site.css HTTP/1.1" 200 7541
61.170.234.154 - - [09/Mar/2023:10:20:32 +0800] "GET /xingrg/javascript/jquery_tools/datebox.css HTTP/1.1" 200 2597
61.170.234.154 - - [09/Mar/2023:10:20:32 +0800] "GET /xingrg/javascript/easyui/themes/icon.css HTTP/1.1" 200 4483
61.170.234.154 - - [09/Mar/2023:10:20:32 +0800] "GET /xingrg/javascript/auto/jquery.autocomplete.css HTTP/1.1" 200 587
61.170.234.154 - - [09/Mar/2023:10:20:32 +0800] "GET /xingrg/javascript/jquery_tools/jquery.tools.min.js HTTP/1.1" 200 138801
61.170.234.154 - - [09/Mar/2023:10:20:32 +0800] "GET /xingrg/javascript/jquery_tools/fix.css HTTP/1.1" 200 1702
61.170.234.154 - - [09/Mar/2023:10:20:32 +0800] "GET /xingrg/javascript/jquery_tools/table.css HTTP/1.1" 200 1032
61.170.234.154 - - [09/Mar/2023:10:20:32 +0800] "GET /xingrg/javascript/jquery_tools/jquery.tools.table.js HTTP/1.1" 200 6994
61.170.234.154 - - [09/Mar/2023:10:20:32 +0800] "GET /xingrg/javascript/jquery_tools/jquery.tools.hotkey.js HTTP/1.1" 200 3242
61.170.234.154 - - [09/Mar/2023:10:20:32 +0800] "GET /xingrg/javascript/jquery_tools/list_manager.js HTTP/1.1" 200 3652
61.170.234.154 - - [09/Mar/2023:10:20:32 +0800] "GET /xingrg/javascript/jquery.cookie.js HTTP/1.1" 200 5513
61.170.234.154 - - [09/Mar/2023:10:20:32 +0800] "GET /xingrg/javascript/easyui/easyloader.js HTTP/1.1" 200 5975
61.170.234.154 - - [09/Mar/2023:10:20:32 +0800] "GET /xingrg/kc/buy/cgsh_order_list.html HTTP/1.1" 200 54434
61.170.234.154 - - [09/Mar/2023:10:20:32 +0800] "GET /xingrg/javascript/easyui/themes/default/easyui.css HTTP/1.1" 200 30432
61.170.234.154 - - [09/Mar/2023:10:20:32 +0800] "GET /xingrg/javascript/jquery_tools/jquery.tools.extend.js HTTP/1.1" 200 15385
61.170.234.154 - - [09/Mar/2023:10:20:32 +0800] "GET /xingrg/javascript/print/LodopFuncs.js HTTP/1.1" 200 5121
61.170.234.154 - - [09/Mar/2023:10:20:32 +0800] "GET /xingrg/javascript/auto/jquery.autocomplete.js HTTP/1.1" 200 21624
61.170.234.154 - - [09/Mar/2023:10:20:34 +0800] "GET /xingrg/javascript/easyui/themes/icons/cance_new.png HTTP/1.1" 200 3986
61.170.234.154 - - [09/Mar/2023:10:20:34 +0800] "GET /xingrg/javascript/easyui/themes/icons/uncheck_new.png HTTP/1.1" 200 3197
61.170.234.154 - - [09/Mar/2023:10:20:34 +0800] "GET /xingrg/javascript/easyui/themes/icons/check_new.png HTTP/1.1" 200 3224
61.170.234.154 - - [09/Mar/2023:10:20:34 +0800] "GET /xingrg/javascript/easyui/themes/icons/field_new.png HTTP/1.1" 200 1097
61.170.234.154 - - [09/Mar/2023:10:20:34 +0800] "GET /xingrg/javascript/easyui/themes/icons/edit_add_new.png HTTP/1.1" 200 2997
61.170.234.154 - - [09/Mar/2023:10:20:34 +0800] "GET /xingrg/javascript/easyui/themes/icons/import_new.png HTTP/1.1" 200 1247
61.170.234.154 - - [09/Mar/2023:10:20:34 +0800] "GET /xingrg/javascript/easyui/plugins/jquery.parser.js HTTP/1.1" 200 1142
61.170.234.154 - - [09/Mar/2023:10:20:35 +0800] "POST /xingrg/kc/buy/cgsh_list_operate.html HTTP/1.1" 200 986
222.67.232.202 - - [09/Mar/2023:10:20:36 +0800] "GET /xingrg/kc/buy/cgsh_order_operate.html?command=get_materiel&rest_code=00141&code=00101006111&supplier_code=00100012&order_time=2023-03-09 HTTP/1.1" 200 409
61.170.234.154 - - [09/Mar/2023:10:20:36 +0800] "GET /xingrg/kc/mdqp/pssh_order_list.html HTTP/1.1" 200 17844
61.170.234.154 - - [09/Mar/2023:10:20:37 +0800] "POST /xingrg/kc/mdqp/pssh_list_operate.html HTTP/1.1" 200 5474
116.224.106.218 - - [09/Mar/2023:10:20:37 +0800] "GET /xingrg/all/function/internal_message.html?_=1678328455550&CODE_STATE=getMsg HTTP/1.1" 200 27
120.253.135.82 - - [09/Mar/2023:10:20:38 +0800] "GET /xingrg/all/function/internal_message.html?_=1678328282964&CODE_STATE=getMsg HTTP/1.1" 200 27
116.238.139.35 - - [09/Mar/2023:10:20:38 +0800] "GET /xingrg/check_reg.html?_=1678328392016 HTTP/1.1" 200 22
61.170.234.154 - - [09/Mar/2023:10:20:43 +0800] "POST /xingrg/kc/mdqp/pssh_list_operate.html HTTP/1.1" 200 5197
222.67.232.202 - - [09/Mar/2023:10:20:43 +0800] "GET /xingrg/all/function/internal_message.html?_=1678328014590&CODE_STATE=getMsg HTTP/1.1" 200 27
61.170.234.154 - - [09/Mar/2023:10:20:48 +0800] "POST /xingrg/all/user/operate.html HTTP/1.1" 200 36
