172.20.0.100 - - [08/Mar/2023:10:16:19 +0800] "GET /xingrg/all/report/report_query.html?isQuery=1&fileName=kc/base/crk_detail_by_small.xml&rh=99999&queryString=&queryText=%25E3%2580%2590%25E4%25BB%2593%25E5%25BA%2593%25E5%2590%258D%25E7%25A7%25B0%253A%25E6%25A5%25BC%25E9%259D%25A2%25E3%2580%2591%25E3%2580%2590%25E4%25B8%259A%25E5%258A%25A1%25E7%25B1%25BB%25E5%259E%258B%25EF%25BC%259A%25E9%2587%2587%25E8%25B4%25AD%25E5%2585%25A5%25E5%25BA%2593%25E3%2580%2591%2520%253F%253F%253F%253F%253F2023-02-01%253F%253F2023-02-28&tableQueryString=crk_table%2524sp1%2524order_day%2520between%252020230201%2520and%252020230228%2520and%2520(base_code%253D'0010492')%2520and%2520(src_order_type%2520in%2520(21))%2520and%2520(is_rk%2520in%2520(1)) HTTP/1.1" 200 53687
116.192.124.172 - - [08/Mar/2023:10:16:20 +0800] "POST /xingrg/all/report/load_report_page.html HTTP/1.1" 200 115114
116.192.124.172 - - [08/Mar/2023:10:16:20 +0800] "GET /xingrg/servlets/image?cache=0.4536961605097689&image=px HTTP/1.1" 200 807
172.20.0.100 - - [08/Mar/2023:10:16:21 +0800] "GET /xingrg/dwr/interface/AjaxReportQueryService.js HTTP/1.1" 200 13203
172.20.0.100 - - [08/Mar/2023:10:16:21 +0800] "GET /xingrg/dwr/engine.js HTTP/1.1" 200 43631
172.20.0.100 - - [08/Mar/2023:10:16:22 +0800] "POST /xingrg/all/report/load_report_page.html HTTP/1.1" 200 41298
180.163.28.143 - - [08/Mar/2023:10:16:23 +0800] "GET /xingrg/kc/buy/cgsh_order_operate.html?command=get_materiel&rest_code=00106&code=00101008059&supplier_code=00100007&order_time=2023-03-08 HTTP/1.1" 302 -
172.20.0.100 - - [08/Mar/2023:10:16:23 +0800] "GET /xingrg/servlets/image?cache=0.6297839495826266&image=px HTTP/1.1" 200 807
180.163.28.143 - - [08/Mar/2023:10:16:23 +0800] "GET /xingrg/login.html HTTP/1.1" 200 7641
116.225.84.253 - - [08/Mar/2023:10:16:24 +0800] "GET /xingrg/all/function/internal_message.html?_=1678241647726&CODE_STATE=getMsg HTTP/1.1" 200 27
101.229.22.234 - - [08/Mar/2023:10:16:25 +0800] "GET /xingrg/check_reg.html?_=1678241802052 HTTP/1.1" 200 22
101.229.22.234 - - [08/Mar/2023:10:16:25 +0800] "GET /xingrg/all/function/internal_message.html?_=1678241802537&CODE_STATE=getMsg HTTP/1.1" 200 27
180.169.147.146 - - [08/Mar/2023:10:16:27 +0800] "GET /xingrg/all/function/internal_message.html?_=1678241804823&CODE_STATE=getMsg HTTP/1.1" 200 27
180.169.147.146 - - [08/Mar/2023:10:16:27 +0800] "GET /xingrg/check_reg.html?_=1678241805357 HTTP/1.1" 200 22
116.238.139.35 - - [08/Mar/2023:10:16:28 +0800] "GET /xingrg/all/function/internal_message.html?_=1678241807478&CODE_STATE=getMsg HTTP/1.1" 200 27
116.192.124.172 - - [08/Mar/2023:10:16:30 +0800] "GET /xingrg/all/function/internal_message.html?_=1678241813643&CODE_STATE=getMsg HTTP/1.1" 200 27
222.70.221.209 - - [08/Mar/2023:10:16:32 +0800] "GET /xingrg/all/function/internal_message.html?_=1678241930276&CODE_STATE=getMsg HTTP/1.1" 200 27
116.192.124.172 - - [08/Mar/2023:10:16:34 +0800] "GET /xingrg/kc/report/report_main.html HTTP/1.1" 200 7340
116.192.124.172 - - [08/Mar/2023:10:16:34 +0800] "GET /xingrg/kc/base/kc_stocks.html HTTP/1.1" 200 16506
116.192.124.172 - - [08/Mar/2023:10:16:35 +0800] "GET /xingrg/javascript/easyui/themes/default/tree.css HTTP/1.1" 404 1090
116.192.124.172 - - [08/Mar/2023:10:16:35 +0800] "GET /xingrg/all/common/auto_word.html?type=base&rest_code=00102 HTTP/1.1" 200 1857
116.192.124.172 - - [08/Mar/2023:10:16:36 +0800] "POST /xingrg/all/common/load_tree.html?tree=materiel_sort_tree_json HTTP/1.1" 200 9500
172.20.0.100 - - [08/Mar/2023:10:16:37 +0800] "GET /xingrg/all/report/report_query.html?isQuery=1&fileName=kc/base/crk_detail_by_materiel.xml&queryString=&queryText=%25E3%2580%2590%25E4%25BB%2593%25E5%25BA%2593%25E5%2590%258D%25E7%25A7%25B0%253A%25E6%25A5%25BC%25E9%259D%25A2%25E3%2580%2591%25E3%2580%2590%25E4%25B8%259A%25E5%258A%25A1%25E7%25B1%25BB%25E5%259E%258B%25EF%25BC%259A%25E9%2587%2587%25E8%25B4%25AD%25E5%2585%25A5%25E5%25BA%2593%25E3%2580%2591%2520%253F%253F%253F%253F%253F2023-02-01%253F%253F2023-02-28&tableQueryString=crk_table%2524sp1%2524order_day%2520between%252020230201%2520and%252020230228%2520and%2520(base_code%253D'0010492')%2520and%2520(src_order_type%2520in%2520(21))%2520and%2520(is_rk%2520in%2520(1))%2520and%2520(m.sort_code%253D'00101009') HTTP/1.1" 200 53714
172.20.0.100 - - [08/Mar/2023:10:16:38 +0800] "GET /xingrg/dwr/interface/AjaxReportQueryService.js HTTP/1.1" 200 13203
172.20.0.100 - - [08/Mar/2023:10:16:38 +0800] "GET /xingrg/dwr/engine.js HTTP/1.1" 200 43631
172.20.0.100 - - [08/Mar/2023:10:16:39 +0800] "POST /xingrg/all/report/load_report_page.html HTTP/1.1" 200 55302
172.20.0.100 - - [08/Mar/2023:10:16:39 +0800] "GET /xingrg/servlets/image?cache=0.814686452563236&image=px HTTP/1.1" 200 807
116.230.118.11 - - [08/Mar/2023:10:16:40 +0800] "GET /xingrg/all/function/internal_message.html?_=1678241829286&CODE_STATE=getMsg HTTP/1.1" 200 27
124.79.72.155 - - [08/Mar/2023:10:16:42 +0800] "GET /xingrg/all/function/internal_message.html?_=1678241825134&CODE_STATE=getMsg HTTP/1.1" 200 27
101.83.241.0 - - [08/Mar/2023:10:16:46 +0800] "GET /xingrg/kc/buy/cgsh_order_add.html HTTP/1.1" 200 70049
101.83.241.0 - - [08/Mar/2023:10:16:46 +0800] "POST /xingrg/kc/buy/cgsh_order_operate.html HTTP/1.1" 200 8245
101.83.241.0 - - [08/Mar/2023:10:16:46 +0800] "GET /xingrg/javascript/easyui/themes/default/validatebox.css HTTP/1.1" 404 1104
116.192.124.172 - - [08/Mar/2023:10:16:47 +0800] "GET /xingrg/kc/report/report_main.html HTTP/1.1" 200 7340
116.192.124.172 - - [08/Mar/2023:10:16:49 +0800] "GET /xingrg/kc/base/crk_hz.html HTTP/1.1" 200 11247
116.192.124.172 - - [08/Mar/2023:10:16:49 +0800] "POST /xingrg/kc/cost/cost_operate.html?command=get_base_tree HTTP/1.1" 200 2589
116.192.124.172 - - [08/Mar/2023:10:16:49 +0800] "POST /xingrg/all/common/load_tree.html?tree=materiel_sort_tree_json HTTP/1.1" 200 9500
180.164.3.199 - - [08/Mar/2023:10:16:50 +0800] "GET /xingrg/all/function/internal_message.html?_=1678241828157&CODE_STATE=getMsg HTTP/1.1" 200 27
116.192.124.172 - - [08/Mar/2023:10:16:51 +0800] "GET /xingrg/all/common/get_data_part.html?part=previousMonth&_=1678241834062 HTTP/1.1" 200 41
116.225.84.253 - - [08/Mar/2023:10:16:56 +0800] "GET /xingrg/kc/base/wldb_order_add.html HTTP/1.1" 200 30381
116.225.84.253 - - [08/Mar/2023:10:16:57 +0800] "GET /xingrg/javascript/easyui/themes/default/validatebox.css HTTP/1.1" 404 1104
116.225.84.253 - - [08/Mar/2023:10:16:57 +0800] "POST /xingrg/kc/base/wldb_order_operate.html HTTP/1.1" 200 6806
172.20.0.100 - - [08/Mar/2023:10:16:57 +0800] "GET /xingrg/all/function/internal_message.html?_=1678241835694&CODE_STATE=getMsg HTTP/1.1" 200 27
101.83.241.0 - - [08/Mar/2023:10:16:59 +0800] "GET /xingrg/all/function/internal_message.html?_=1678241836766&CODE_STATE=getMsg HTTP/1.1" 200 27
101.83.241.0 - - [08/Mar/2023:10:16:59 +0800] "GET /xingrg/check_reg.html?_=1678241836803 HTTP/1.1" 200 22
58.40.7.146 - - [08/Mar/2023:10:17:01 +0800] "GET /xingrg/all/function/internal_message.html?_=1678241840007&CODE_STATE=getMsg HTTP/1.1" 200 27
61.170.233.90 - - [08/Mar/2023:10:17:02 +0800] "POST /xingrg/kc/buy/cgsh_order_operate.html HTTP/1.1" 200 19224
114.83.222.182 - - [08/Mar/2023:10:17:05 +0800] "GET /xingrg/all/function/internal_message.html?_=1678241906767&CODE_STATE=getMsg HTTP/1.1" 200 27
58.40.7.146 - - [08/Mar/2023:10:17:08 +0800] "GET /xingrg/check_reg.html?_=1678241847111 HTTP/1.1" 200 22
58.40.7.146 - - [08/Mar/2023:10:17:08 +0800] "GET /xingrg/all/function/internal_message.html?_=1678241847112&CODE_STATE=getMsg HTTP/1.1" 200 27
222.70.182.154 - - [08/Mar/2023:10:17:09 +0800] "GET /xingrg/check_reg.html?_=1678241847133 HTTP/1.1" 200 22
222.70.221.209 - - [08/Mar/2023:10:17:09 +0800] "GET /xingrg/all/function/internal_message.html?_=1678241848411&CODE_STATE=getMsg HTTP/1.1" 200 27
222.70.221.209 - - [08/Mar/2023:10:17:09 +0800] "GET /xingrg/check_reg.html?_=1678241848414 HTTP/1.1" 200 22
116.192.124.172 - - [08/Mar/2023:10:17:09 +0800] "GET /xingrg/kc/base/crk_hz.html?_=1678241852799&command=get_cost_id&end_date=2023-02-28&start_date=2023-02-01 HTTP/1.1" 200 51
116.192.124.172 - - [08/Mar/2023:10:17:09 +0800] "GET /xingrg/all/report/report_query.html?isQuery=1&onlyBody=1&rh=99999&rw=1800&varString=start:20230201,cost_id:4157,mid:20230201&fileName=kc/base/crk_hz_type_by_base.xml&queryString=%20a.base_code%20in%20('0010492')%20%20and%20m.sort_code%20in%20('00101001','00101002','00101003','00101004','00101005','00101006','00101007','00101008','00101009','00101010','00101011','00101012','00101013','00101014','00101015','00101016','00101017','00101018','00101019','00101020','00101021','00101022','00101023','00101024','00101025','00101026','00101027','00101028','00101029','00101030','00101031','00101032','00101033','00101034','00101036','00101037','00101038','00101039','00101040','00101041','00101042','00101043')%20&queryText=ÈÕÆÚ£º2023-02-01ÖÁ2023-02-28%20²Ö¿â£ºÂ¥Ãæ&tableQueryString=materiel_table$sp1$$sp$before_table$sp1$$sp$crk_table$sp1$order_day%20between%2020230201%20and%2020230228 HTTP/1.1" 200 49883
116.192.124.172 - - [08/Mar/2023:10:17:09 +0800] "GET /xingrg/dwr/interface/AjaxReportQueryService.js HTTP/1.1" 200 13203
116.192.124.172 - - [08/Mar/2023:10:17:10 +0800] "GET /xingrg/dwr/engine.js HTTP/1.1" 200 43631
222.70.182.154 - - [08/Mar/2023:10:17:10 +0800] "GET /xingrg/all/function/internal_message.html?_=1678241847979&CODE_STATE=getMsg HTTP/1.1" 200 27
116.192.124.172 - - [08/Mar/2023:10:17:11 +0800] "POST /xingrg/all/report/load_report_page.html HTTP/1.1" 200 94440
116.192.124.172 - - [08/Mar/2023:10:17:11 +0800] "GET /xingrg/servlets/image?cache=0.3330680899347719&image=px HTTP/1.1" 200 807
101.83.241.0 - - [08/Mar/2023:10:17:11 +0800] "GET /xingrg/kc/buy/cgsh_order_operate.html?command=get_materiel&rest_code=00149&code=00101010247&supplier_code=00100205&order_time=2023-03-08 HTTP/1.1" 200 409
120.253.135.82 - - [08/Mar/2023:10:17:19 +0800] "GET /xingrg/check_reg.html?_=1678241986501 HTTP/1.1" 200 22
120.253.135.82 - - [08/Mar/2023:10:17:19 +0800] "GET /xingrg/all/function/internal_message.html?_=1678241986491&CODE_STATE=getMsg HTTP/1.1" 200 27
61.170.233.90 - - [08/Mar/2023:10:17:23 +0800] "GET /xingrg/all/function/internal_message.html?_=1678241861514&CODE_STATE=getMsg HTTP/1.1" 200 27
116.225.84.253 - - [08/Mar/2023:10:17:24 +0800] "GET /xingrg/all/function/internal_message.html?_=1678241707711&CODE_STATE=getMsg HTTP/1.1" 200 27
101.229.22.234 - - [08/Mar/2023:10:17:25 +0800] "GET /xingrg/all/function/internal_message.html?_=1678241862511&CODE_STATE=getMsg HTTP/1.1" 200 27
180.169.147.146 - - [08/Mar/2023:10:17:27 +0800] "GET /xingrg/all/function/internal_message.html?_=1678241864810&CODE_STATE=getMsg HTTP/1.1" 200 27
116.238.139.35 - - [08/Mar/2023:10:17:28 +0800] "GET /xingrg/all/function/internal_message.html?_=1678241867481&CODE_STATE=getMsg HTTP/1.1" 200 27
116.192.124.172 - - [08/Mar/2023:10:17:31 +0800] "GET /xingrg/all/function/internal_message.html?_=1678241873654&CODE_STATE=getMsg HTTP/1.1" 200 27
222.70.221.209 - - [08/Mar/2023:10:17:32 +0800] "GET /xingrg/all/function/internal_message.html?_=1678241990271&CODE_STATE=getMsg HTTP/1.1" 200 27
101.83.241.0 - - [08/Mar/2023:10:17:35 +0800] "GET /xingrg/kc/buy/cgsh_order_operate.html?command=get_materiel&rest_code=00149&code=00101007061&supplier_code=00100205&order_time=2023-03-08 HTTP/1.1" 200 409
116.230.118.11 - - [08/Mar/2023:10:17:40 +0800] "GET /xingrg/all/function/internal_message.html?_=1678241889301&CODE_STATE=getMsg HTTP/1.1" 200 27
180.157.253.110 - - [08/Mar/2023:10:17:40 +0800] "GET /xingrg/check_reg.html?_=1678241880890 HTTP/1.1" 200 22
124.79.72.155 - - [08/Mar/2023:10:17:42 +0800] "GET /xingrg/all/function/internal_message.html?_=1678241885140&CODE_STATE=getMsg HTTP/1.1" 200 27
124.79.72.155 - - [08/Mar/2023:10:17:42 +0800] "GET /xingrg/check_reg.html?_=1678241885148 HTTP/1.1" 200 22
180.164.3.199 - - [08/Mar/2023:10:17:50 +0800] "GET /xingrg/all/function/internal_message.html?_=1678241888144&CODE_STATE=getMsg HTTP/1.1" 200 27
180.164.3.199 - - [08/Mar/2023:10:17:50 +0800] "GET /xingrg/check_reg.html?_=1678241888144 HTTP/1.1" 200 22
172.20.0.100 - - [08/Mar/2023:10:17:57 +0800] "GET /xingrg/all/function/internal_message.html?_=1678241895686&CODE_STATE=getMsg HTTP/1.1" 200 27
101.83.241.0 - - [08/Mar/2023:10:17:59 +0800] "GET /xingrg/all/function/internal_message.html?_=1678241896765&CODE_STATE=getMsg HTTP/1.1" 200 27
116.225.84.253 - - [08/Mar/2023:10:17:59 +0800] "GET /xingrg/kc/base/wldb_order_operate.html?command=get_materiel&rest_code=00105&base_code=0010508&code=00102002685 HTTP/1.1" 200 458
58.40.7.146 - - [08/Mar/2023:10:18:01 +0800] "GET /xingrg/all/function/internal_message.html?_=1678241900010&CODE_STATE=getMsg HTTP/1.1" 200 27
58.40.7.146 - - [08/Mar/2023:10:18:01 +0800] "GET /xingrg/check_reg.html?_=1678241900497 HTTP/1.1" 200 22
116.225.84.253 - - [08/Mar/2023:10:18:02 +0800] "POST /xingrg/all/common/load_select.html HTTP/1.1" 200 25
114.83.222.182 - - [08/Mar/2023:10:18:05 +0800] "GET /xingrg/all/function/internal_message.html?_=1678241966757&CODE_STATE=getMsg HTTP/1.1" 200 27
116.225.84.253 - - [08/Mar/2023:10:18:07 +0800] "GET /xingrg/kc/base/wldb_order_operate.html?command=get_materiel_price&rest_code=00105&base_code=0010508&code=00102002685&unit_code=00100348 HTTP/1.1" 200 36
58.40.7.146 - - [08/Mar/2023:10:18:08 +0800] "GET /xingrg/all/function/internal_message.html?_=1678241907115&CODE_STATE=getMsg HTTP/1.1" 200 27
101.83.241.0 - - [08/Mar/2023:10:18:09 +0800] "GET /xingrg/kc/buy/cgsh_order_operate.html?command=get_materiel&rest_code=00149&code=00101007049&supplier_code=00100205&order_time=2023-03-08 HTTP/1.1" 200 409
222.70.221.209 - - [08/Mar/2023:10:18:09 +0800] "GET /xingrg/all/function/internal_message.html?_=1678241908423&CODE_STATE=getMsg HTTP/1.1" 200 27
222.70.182.154 - - [08/Mar/2023:10:18:10 +0800] "GET /xingrg/all/function/internal_message.html?_=1678241907953&CODE_STATE=getMsg HTTP/1.1" 200 27
116.225.84.253 - - [08/Mar/2023:10:18:11 +0800] "GET /xingrg/kc/base/wldb_order_operate.html?command=get_materiel_price&rest_code=00105&base_code=0010508&code=00102002685&unit_code=00100347 HTTP/1.1" 200 36
120.253.135.82 - - [08/Mar/2023:10:18:20 +0800] "GET /xingrg/all/function/internal_message.html?_=1678242046494&CODE_STATE=getMsg HTTP/1.1" 200 27
180.163.30.85 - - [08/Mar/2023:10:18:23 +0800] "GET /xingrg/all/function/internal_message.html?_=1678241861514&CODE_STATE=getMsg HTTP/1.1" 302 -
180.163.30.85 - - [08/Mar/2023:10:18:24 +0800] "GET /xingrg/login.html HTTP/1.1" 200 7641
101.83.241.0 - - [08/Mar/2023:10:18:24 +0800] "POST /xingrg/kc/buy/cgsh_order_operate.html HTTP/1.1" 200 37
116.225.84.253 - - [08/Mar/2023:10:18:24 +0800] "GET /xingrg/all/function/internal_message.html?_=1678241767702&CODE_STATE=getMsg HTTP/1.1" 200 27
101.229.22.234 - - [08/Mar/2023:10:18:25 +0800] "GET /xingrg/all/function/internal_message.html?_=1678241922495&CODE_STATE=getMsg HTTP/1.1" 200 27
116.225.84.253 - - [08/Mar/2023:10:18:26 +0800] "GET /xingrg/check_reg.html?_=1678241769566 HTTP/1.1" 200 22
116.192.124.172 - - [08/Mar/2023:10:18:26 +0800] "GET /xingrg/kc/base/wldb_order_list.html HTTP/1.1" 200 19098
180.169.147.146 - - [08/Mar/2023:10:18:27 +0800] "GET /xingrg/all/function/internal_message.html?_=1678241924792&CODE_STATE=getMsg HTTP/1.1" 200 27
116.192.124.172 - - [08/Mar/2023:10:18:27 +0800] "POST /xingrg/kc/base/wldb_list_operate.html HTTP/1.1" 200 928
116.192.124.172 - - [08/Mar/2023:10:18:28 +0800] "GET /xingrg/kc/base/wldb_order_add.html HTTP/1.1" 200 30377
116.192.124.172 - - [08/Mar/2023:10:18:28 +0800] "POST /xingrg/kc/base/wldb_order_operate.html HTTP/1.1" 200 6806
116.192.124.172 - - [08/Mar/2023:10:18:28 +0800] "GET /xingrg/all/common/auto_word.html?type=base&rest_code=00102 HTTP/1.1" 200 1857
116.192.124.172 - - [08/Mar/2023:10:18:28 +0800] "GET /xingrg/all/common/auto_word.html?type=base&rest_code=00102 HTTP/1.1" 200 1857
116.238.139.35 - - [08/Mar/2023:10:18:28 +0800] "GET /xingrg/all/function/internal_message.html?_=1678241927482&CODE_STATE=getMsg HTTP/1.1" 200 27
116.192.124.172 - - [08/Mar/2023:10:18:28 +0800] "GET /xingrg/javascript/easyui/themes/default/validatebox.css HTTP/1.1" 404 1104
61.170.233.90 - - [08/Mar/2023:10:18:29 +0800] "POST /xingrg/kc/buy/cgsh_order_operate.html HTTP/1.1" 200 37
101.83.241.0 - - [08/Mar/2023:10:18:30 +0800] "POST /xingrg/kc/buy/cgsh_order_operate.html HTTP/1.1" 200 12
116.192.124.172 - - [08/Mar/2023:10:18:30 +0800] "GET /xingrg/all/function/internal_message.html?_=1678241933649&CODE_STATE=getMsg HTTP/1.1" 200 27
101.83.241.0 - - [08/Mar/2023:10:18:32 +0800] "GET /xingrg/kc/buy/cgsh_order_info.html?code=212023030802650 HTTP/1.1" 200 64949
101.83.241.0 - - [08/Mar/2023:10:18:32 +0800] "GET /xingrg/words/20230307174845_words.js HTTP/1.1" 304 -
222.70.221.209 - - [08/Mar/2023:10:18:32 +0800] "GET /xingrg/all/function/internal_message.html?_=1678242050273&CODE_STATE=getMsg HTTP/1.1" 200 27
101.83.241.0 - - [08/Mar/2023:10:18:32 +0800] "GET /xingrg/javascript/easyui/themes/default/validatebox.css HTTP/1.1" 404 1104
116.192.124.172 - - [08/Mar/2023:10:18:32 +0800] "POST /xingrg/all/common/load_combo.html?type=base HTTP/1.1" 200 3321
101.83.241.0 - - [08/Mar/2023:10:18:33 +0800] "POST /xingrg/kc/buy/cgsh_order_operate.html HTTP/1.1" 200 1788
61.170.233.90 - - [08/Mar/2023:10:18:33 +0800] "POST /xingrg/kc/buy/cgsh_order_operate.html HTTP/1.1" 200 18630
116.192.124.172 - - [08/Mar/2023:10:18:34 +0800] "POST /xingrg/all/common/load_combo.html?type=base HTTP/1.1" 200 3321
101.83.241.0 - - [08/Mar/2023:10:18:35 +0800] "GET /xingrg/kc/print/load_data.html?order_code=212023030802650&kc_code=cgsh&condition= HTTP/1.1" 200 1145
61.170.233.90 - - [08/Mar/2023:10:18:38 +0800] "POST /xingrg/kc/buy/cgsh_list_operate.html HTTP/1.1" 200 1869
116.192.124.172 - - [08/Mar/2023:10:18:38 +0800] "GET /xingrg/javascript/auto/indicator.gif HTTP/1.1" 404 1066
116.192.124.172 - - [08/Mar/2023:10:18:40 +0800] "GET /xingrg/kc/base/wldb_order_operate.html?command=get_materiel&rest_code=00102&base_code=0010476&code=00101013011 HTTP/1.1" 200 451
116.230.118.11 - - [08/Mar/2023:10:18:40 +0800] "GET /xingrg/all/function/internal_message.html?_=1678241949325&CODE_STATE=getMsg HTTP/1.1" 200 27
61.170.233.90 - - [08/Mar/2023:10:18:41 +0800] "POST /xingrg/kc/buy/cgsh_list_operate.html HTTP/1.1" 200 561
124.79.72.155 - - [08/Mar/2023:10:18:42 +0800] "GET /xingrg/all/function/internal_message.html?_=1678241945148&CODE_STATE=getMsg HTTP/1.1" 200 27
61.170.233.90 - - [08/Mar/2023:10:18:45 +0800] "GET /xingrg/kc/buy/cgsh_order_info.html?code=212023030802647 HTTP/1.1" 200 69970
61.170.233.90 - - [08/Mar/2023:10:18:46 +0800] "GET /xingrg/javascript/easyui/themes/default/validatebox.css HTTP/1.1" 404 1104
61.170.233.90 - - [08/Mar/2023:10:18:46 +0800] "POST /xingrg/kc/buy/cgsh_order_operate.html HTTP/1.1" 200 18630
222.67.232.202 - - [08/Mar/2023:10:18:49 +0800] "GET /xingrg/check_reg.html?_=1678241502491 HTTP/1.1" 302 -
180.164.3.199 - - [08/Mar/2023:10:18:50 +0800] "GET /xingrg/all/function/internal_message.html?_=1678241948157&CODE_STATE=getMsg HTTP/1.1" 200 27
172.20.0.100 - - [08/Mar/2023:10:18:57 +0800] "GET /xingrg/all/function/internal_message.html?_=1678241955690&CODE_STATE=getMsg HTTP/1.1" 200 27
61.170.233.90 - - [08/Mar/2023:10:18:58 +0800] "GET /xingrg/kc/buy/cgsh_order_operate.html?command=get_materiel&rest_code=00106&code=00101008185&supplier_code=00100007&order_time=2023-03-08 HTTP/1.1" 200 409
101.83.241.0 - - [08/Mar/2023:10:18:59 +0800] "GET /xingrg/all/function/internal_message.html?_=1678241956735&CODE_STATE=getMsg HTTP/1.1" 200 27
58.40.7.146 - - [08/Mar/2023:10:19:01 +0800] "GET /xingrg/all/function/internal_message.html?_=1678241960018&CODE_STATE=getMsg HTTP/1.1" 200 27
116.192.124.172 - - [08/Mar/2023:10:19:05 +0800] "POST /xingrg/kc/base/wldb_order_operate.html HTTP/1.1" 200 37
114.83.222.182 - - [08/Mar/2023:10:19:05 +0800] "GET /xingrg/check_reg.html?_=1678242026755 HTTP/1.1" 200 22
114.83.222.182 - - [08/Mar/2023:10:19:05 +0800] "GET /xingrg/all/function/internal_message.html?_=1678242026763&CODE_STATE=getMsg HTTP/1.1" 200 27
61.170.233.90 - - [08/Mar/2023:10:19:07 +0800] "GET /xingrg/kc/buy/cgsh_order_operate.html?command=get_materiel&rest_code=00106&code=00101008224&supplier_code=00100007&order_time=2023-03-08 HTTP/1.1" 200 416
116.192.124.172 - - [08/Mar/2023:10:19:07 +0800] "POST /xingrg/kc/base/wldb_order_operate.html HTTP/1.1" 200 12
116.192.124.172 - - [08/Mar/2023:10:19:08 +0800] "POST /xingrg/kc/base/wldb_order_operate.html HTTP/1.1" 200 2193
58.40.7.146 - - [08/Mar/2023:10:19:08 +0800] "GET /xingrg/all/function/internal_message.html?_=1678241967115&CODE_STATE=getMsg HTTP/1.1" 200 27
116.192.124.172 - - [08/Mar/2023:10:19:09 +0800] "GET /xingrg/kc/base/wldb_order_info.html?code=422023030800604 HTTP/1.1" 200 26255
222.70.221.209 - - [08/Mar/2023:10:19:09 +0800] "GET /xingrg/all/function/internal_message.html?_=1678241968425&CODE_STATE=getMsg HTTP/1.1" 200 27
116.192.124.172 - - [08/Mar/2023:10:19:10 +0800] "GET /xingrg/javascript/easyui/themes/default/validatebox.css HTTP/1.1" 404 1104
116.192.124.172 - - [08/Mar/2023:10:19:10 +0800] "POST /xingrg/kc/base/wldb_order_operate.html HTTP/1.1" 200 487
222.70.182.154 - - [08/Mar/2023:10:19:10 +0800] "GET /xingrg/all/function/internal_message.html?_=1678241967933&CODE_STATE=getMsg HTTP/1.1" 200 27
116.192.124.172 - - [08/Mar/2023:10:19:15 +0800] "GET /xingrg/kc/base/wldb_order_add.html HTTP/1.1" 200 30377
116.192.124.172 - - [08/Mar/2023:10:19:15 +0800] "POST /xingrg/kc/base/wldb_order_operate.html HTTP/1.1" 200 6806
116.192.124.172 - - [08/Mar/2023:10:19:15 +0800] "GET /xingrg/javascript/easyui/themes/default/validatebox.css HTTP/1.1" 404 1104
61.170.233.90 - - [08/Mar/2023:10:19:16 +0800] "GET /xingrg/kc/buy/cgsh_order_operate.html?command=get_materiel&rest_code=00106&code=00101008370&supplier_code=00100007&order_time=2023-03-08 HTTP/1.1" 200 412
116.192.124.172 - - [08/Mar/2023:10:19:16 +0800] "POST /xingrg/all/common/load_combo.html?type=base HTTP/1.1" 200 3321
116.192.124.172 - - [08/Mar/2023:10:19:18 +0800] "POST /xingrg/all/common/load_combo.html?type=base HTTP/1.1" 200 3321
120.253.135.82 - - [08/Mar/2023:10:19:19 +0800] "GET /xingrg/all/function/internal_message.html?_=1678242106499&CODE_STATE=getMsg HTTP/1.1" 200 27
120.253.135.82 - - [08/Mar/2023:10:19:21 +0800] "GET /xingrg/check_reg.html?_=1678241805666 HTTP/1.1" 200 22
116.192.124.172 - - [08/Mar/2023:10:19:23 +0800] "GET /xingrg/kc/base/wldb_order_operate.html?command=get_materiel&rest_code=00102&base_code=0010476&code=00101019063 HTTP/1.1" 200 460
61.170.233.90 - - [08/Mar/2023:10:19:23 +0800] "GET /xingrg/all/function/internal_message.html?_=1678241981527&CODE_STATE=getMsg HTTP/1.1" 200 27
116.225.84.253 - - [08/Mar/2023:10:19:24 +0800] "GET /xingrg/all/function/internal_message.html?_=1678241827666&CODE_STATE=getMsg HTTP/1.1" 200 27
101.229.22.234 - - [08/Mar/2023:10:19:25 +0800] "GET /xingrg/all/function/internal_message.html?_=1678241982480&CODE_STATE=getMsg HTTP/1.1" 200 27
61.170.233.90 - - [08/Mar/2023:10:19:26 +0800] "POST /xingrg/kc/buy/cgsh_order_operate.html HTTP/1.1" 200 2065
180.169.147.146 - - [08/Mar/2023:10:19:27 +0800] "GET /xingrg/all/function/internal_message.html?_=1678241984765&CODE_STATE=getMsg HTTP/1.1" 200 27
116.238.139.35 - - [08/Mar/2023:10:19:28 +0800] "GET /xingrg/all/function/internal_message.html?_=1678241987483&CODE_STATE=getMsg HTTP/1.1" 200 27
116.192.124.172 - - [08/Mar/2023:10:19:28 +0800] "GET /xingrg/kc/base/wldb_order_operate.html?command=get_materiel&rest_code=00102&base_code=0010476&code=00101019071 HTTP/1.1" 200 471
116.192.124.172 - - [08/Mar/2023:10:19:31 +0800] "GET /xingrg/all/function/internal_message.html?_=1678241993647&CODE_STATE=getMsg HTTP/1.1" 200 27
116.224.106.218 - - [08/Mar/2023:10:19:31 +0800] "GET /xingrg/check_reg.html?_=1678241989632 HTTP/1.1" 200 22
222.70.221.209 - - [08/Mar/2023:10:19:32 +0800] "GET /xingrg/all/function/internal_message.html?_=1678242110271&CODE_STATE=getMsg HTTP/1.1" 200 27
124.79.240.233 - - [08/Mar/2023:10:19:32 +0800] "GET /xingrg/login.html HTTP/1.1" 200 7641
116.192.124.172 - - [08/Mar/2023:10:19:35 +0800] "GET /xingrg/kc/base/wldb_order_operate.html?command=get_materiel&rest_code=00102&base_code=0010476&code=00101019405 HTTP/1.1" 200 482
116.192.124.172 - - [08/Mar/2023:10:19:39 +0800] "GET /xingrg/kc/base/wldb_order_operate.html?command=get_materiel&rest_code=00102&base_code=0010476&code=00101019184 HTTP/1.1" 200 456
116.230.118.11 - - [08/Mar/2023:10:19:40 +0800] "GET /xingrg/all/function/internal_message.html?_=1678242009328&CODE_STATE=getMsg HTTP/1.1" 200 27
101.83.241.0 - - [08/Mar/2023:10:19:40 +0800] "GET /xingrg/kc/buy/cgsh_order_add.html HTTP/1.1" 200 70049
101.83.241.0 - - [08/Mar/2023:10:19:41 +0800] "POST /xingrg/kc/buy/cgsh_order_operate.html HTTP/1.1" 200 8245
101.83.241.0 - - [08/Mar/2023:10:19:41 +0800] "GET /xingrg/javascript/easyui/themes/default/validatebox.css HTTP/1.1" 404 1104
124.79.240.233 - - [08/Mar/2023:10:19:41 +0800] "GET /favicon.ico HTTP/1.1" 404 -
124.79.72.155 - - [08/Mar/2023:10:19:42 +0800] "GET /xingrg/all/function/internal_message.html?_=1678242005139&CODE_STATE=getMsg HTTP/1.1" 200 27
116.192.124.172 - - [08/Mar/2023:10:19:43 +0800] "GET /xingrg/kc/base/wldb_order_operate.html?command=get_materiel&rest_code=00102&base_code=0010476&code=00101016019 HTTP/1.1" 200 448
61.170.233.90 - - [08/Mar/2023:10:19:45 +0800] "GET /xingrg/kc/buy/cgsh_order_operate.html?command=get_materiel&rest_code=00106&code=00101008295&supplier_code=00100007&order_time=2023-03-08 HTTP/1.1" 200 412
116.192.124.172 - - [08/Mar/2023:10:19:47 +0800] "GET /xingrg/kc/base/wldb_order_operate.html?command=get_materiel&rest_code=00102&base_code=0010476&code=00101013076 HTTP/1.1" 200 442
180.164.3.199 - - [08/Mar/2023:10:19:50 +0800] "GET /xingrg/all/function/internal_message.html?_=1678242008158&CODE_STATE=getMsg HTTP/1.1" 200 27
180.163.28.109 - - [08/Mar/2023:10:19:55 +0800] "GET /xingrg/kc/buy/cgsh_order_operate.html?command=get_materiel&rest_code=00106&code=00101008185&supplier_code=00100007&order_time=2023-03-08 HTTP/1.1" 302 -
180.163.28.109 - - [08/Mar/2023:10:19:55 +0800] "GET /xingrg/login.html HTTP/1.1" 200 7641
61.170.233.90 - - [08/Mar/2023:10:19:55 +0800] "GET /xingrg/kc/buy/cgsh_order_operate.html?command=get_materiel&rest_code=00106&code=00101008213&supplier_code=00100007&order_time=2023-03-08 HTTP/1.1" 200 412
172.20.0.100 - - [08/Mar/2023:10:19:57 +0800] "GET /xingrg/all/function/internal_message.html?_=1678242015682&CODE_STATE=getMsg HTTP/1.1" 200 27
101.83.241.0 - - [08/Mar/2023:10:19:58 +0800] "GET /xingrg/kc/buy/cgsh_order_operate.html?command=get_materiel&rest_code=00149&code=00101011003&supplier_code=00100051&order_time=2023-03-08 HTTP/1.1" 200 413
101.83.241.0 - - [08/Mar/2023:10:19:59 +0800] "GET /xingrg/all/function/internal_message.html?_=1678242016710&CODE_STATE=getMsg HTTP/1.1" 200 27
58.40.7.146 - - [08/Mar/2023:10:20:01 +0800] "GET /xingrg/all/function/internal_message.html?_=1678242020024&CODE_STATE=getMsg HTTP/1.1" 200 27
180.164.3.199 - - [08/Mar/2023:10:20:01 +0800] "POST /xingrg/services/DataTransmitService HTTP/1.1" 200 524
114.83.222.182 - - [08/Mar/2023:10:20:05 +0800] "GET /xingrg/all/function/internal_message.html?_=1678242086767&CODE_STATE=getMsg HTTP/1.1" 200 27
116.192.124.172 - - [08/Mar/2023:10:20:06 +0800] "GET /xingrg/kc/base/wldb_order_operate.html?command=get_materiel&rest_code=00102&base_code=0010476&code=00101019199 HTTP/1.1" 200 472
58.40.7.146 - - [08/Mar/2023:10:20:08 +0800] "GET /xingrg/all/function/internal_message.html?_=1678242027120&CODE_STATE=getMsg HTTP/1.1" 200 27
222.70.221.209 - - [08/Mar/2023:10:20:09 +0800] "GET /xingrg/all/function/internal_message.html?_=1678242028430&CODE_STATE=getMsg HTTP/1.1" 200 27
222.70.182.154 - - [08/Mar/2023:10:20:10 +0800] "GET /xingrg/all/function/internal_message.html?_=1678242027913&CODE_STATE=getMsg HTTP/1.1" 200 27
61.170.233.90 - - [08/Mar/2023:10:20:11 +0800] "GET /xingrg/kc/buy/cgsh_order_operate.html?command=get_materiel&rest_code=00106&code=00101008285&supplier_code=00100007&order_time=2023-03-08 HTTP/1.1" 200 413
116.192.124.172 - - [08/Mar/2023:10:20:19 +0800] "POST /xingrg/kc/base/wldb_order_operate.html HTTP/1.1" 200 37
120.253.135.82 - - [08/Mar/2023:10:20:19 +0800] "GET /xingrg/all/function/internal_message.html?_=1678242166508&CODE_STATE=getMsg HTTP/1.1" 200 27
61.170.233.90 - - [08/Mar/2023:10:20:21 +0800] "GET /xingrg/kc/buy/cgsh_order_operate.html?command=get_materiel&rest_code=00106&code=00101011013&supplier_code=00100007&order_time=2023-03-08 HTTP/1.1" 200 413
116.192.124.172 - - [08/Mar/2023:10:20:22 +0800] "POST /xingrg/kc/base/wldb_order_operate.html HTTP/1.1" 200 12
116.192.124.172 - - [08/Mar/2023:10:20:22 +0800] "POST /xingrg/kc/base/wldb_order_operate.html HTTP/1.1" 200 5166
61.170.233.90 - - [08/Mar/2023:10:20:23 +0800] "GET /xingrg/all/function/internal_message.html?_=1678242041503&CODE_STATE=getMsg HTTP/1.1" 200 27
61.170.233.90 - - [08/Mar/2023:10:20:24 +0800] "POST /xingrg/kc/buy/cgsh_order_operate.html HTTP/1.1" 200 2065
116.225.84.253 - - [08/Mar/2023:10:20:24 +0800] "GET /xingrg/all/function/internal_message.html?_=1678241887642&CODE_STATE=getMsg HTTP/1.1" 200 27
116.192.124.172 - - [08/Mar/2023:10:20:24 +0800] "GET /xingrg/kc/base/wldb_order_info.html?code=422023030800605 HTTP/1.1" 200 26253
116.192.124.172 - - [08/Mar/2023:10:20:25 +0800] "GET /xingrg/javascript/easyui/themes/default/validatebox.css HTTP/1.1" 404 1104
116.192.124.172 - - [08/Mar/2023:10:20:25 +0800] "POST /xingrg/kc/base/wldb_order_operate.html HTTP/1.1" 200 3394
101.229.22.234 - - [08/Mar/2023:10:20:25 +0800] "GET /xingrg/all/function/internal_message.html?_=1678242042464&CODE_STATE=getMsg HTTP/1.1" 200 27
180.169.147.146 - - [08/Mar/2023:10:20:26 +0800] "GET /xingrg/all/function/internal_message.html?_=1678242044748&CODE_STATE=getMsg HTTP/1.1" 200 27
116.192.124.172 - - [08/Mar/2023:10:20:27 +0800] "GET /xingrg/kc/base/wldb_order_add.html HTTP/1.1" 200 30377
116.192.124.172 - - [08/Mar/2023:10:20:27 +0800] "POST /xingrg/kc/base/wldb_order_operate.html HTTP/1.1" 200 6806
116.192.124.172 - - [08/Mar/2023:10:20:27 +0800] "GET /xingrg/javascript/easyui/themes/default/validatebox.css HTTP/1.1" 404 1104
116.192.124.172 - - [08/Mar/2023:10:20:28 +0800] "POST /xingrg/all/common/load_combo.html?type=base HTTP/1.1" 200 3321
116.238.139.35 - - [08/Mar/2023:10:20:28 +0800] "GET /xingrg/check_reg.html?_=1678242047483 HTTP/1.1" 200 22
116.238.139.35 - - [08/Mar/2023:10:20:28 +0800] "GET /xingrg/all/function/internal_message.html?_=1678242047487&CODE_STATE=getMsg HTTP/1.1" 200 27
116.192.124.172 - - [08/Mar/2023:10:20:30 +0800] "POST /xingrg/all/common/load_combo.html?type=base HTTP/1.1" 200 3321
116.192.124.172 - - [08/Mar/2023:10:20:30 +0800] "GET /xingrg/check_reg.html?_=1678242053647 HTTP/1.1" 200 22
116.192.124.172 - - [08/Mar/2023:10:20:30 +0800] "GET /xingrg/all/function/internal_message.html?_=1678242053648&CODE_STATE=getMsg HTTP/1.1" 200 27
61.170.233.90 - - [08/Mar/2023:10:20:30 +0800] "GET /xingrg/kc/buy/cgsh_order_operate.html?command=get_materiel&rest_code=00106&code=00101008042&supplier_code=00100007&order_time=2023-03-08 HTTP/1.1" 200 416
222.70.221.209 - - [08/Mar/2023:10:20:32 +0800] "GET /xingrg/all/function/internal_message.html?_=1678242170267&CODE_STATE=getMsg HTTP/1.1" 200 27
222.70.221.209 - - [08/Mar/2023:10:20:32 +0800] "GET /xingrg/check_reg.html?_=1678242170271 HTTP/1.1" 200 22
116.192.124.172 - - [08/Mar/2023:10:20:39 +0800] "GET /xingrg/kc/base/wldb_order_operate.html?command=get_materiel&rest_code=00102&base_code=0010476&code=00101019079 HTTP/1.1" 200 479
116.230.118.11 - - [08/Mar/2023:10:20:39 +0800] "GET /xingrg/check_reg.html?_=1678242068372 HTTP/1.1" 200 22
101.83.241.0 - - [08/Mar/2023:10:20:40 +0800] "POST /xingrg/kc/buy/cgsh_order_operate.html HTTP/1.1" 200 37
116.230.118.11 - - [08/Mar/2023:10:20:40 +0800] "GET /xingrg/all/function/internal_message.html?_=1678242069342&CODE_STATE=getMsg HTTP/1.1" 200 27
180.163.28.114 - - [08/Mar/2023:10:20:41 +0800] "GET /xingrg/kc/buy/cgsh_order_operate.html?command=get_materiel&rest_code=00106&code=00101008295&supplier_code=00100007&order_time=2023-03-08 HTTP/1.1" 302 -
180.163.28.114 - - [08/Mar/2023:10:20:41 +0800] "GET /xingrg/login.html HTTP/1.1" 200 7641
61.170.233.90 - - [08/Mar/2023:10:20:42 +0800] "GET /xingrg/kc/buy/cgsh_order_operate.html?command=get_materiel&rest_code=00106&code=00101013137&supplier_code=00100007&order_time=2023-03-08 HTTP/1.1" 200 412
180.169.147.146 - - [08/Mar/2023:10:20:42 +0800] "GET /xingrg/check_reg.html?_=1678242062244 HTTP/1.1" 302 -
124.79.72.155 - - [08/Mar/2023:10:20:42 +0800] "GET /xingrg/all/function/internal_message.html?_=1678242065145&CODE_STATE=getMsg HTTP/1.1" 200 27
116.192.124.172 - - [08/Mar/2023:10:20:43 +0800] "GET /xingrg/kc/base/wldb_order_operate.html?command=get_materiel&rest_code=00102&base_code=0010476&code=00101019315 HTTP/1.1" 200 475
101.83.241.0 - - [08/Mar/2023:10:20:44 +0800] "POST /xingrg/kc/buy/cgsh_order_operate.html HTTP/1.1" 200 12
101.83.241.0 - - [08/Mar/2023:10:20:46 +0800] "GET /xingrg/kc/buy/cgsh_order_info.html?code=212023030802651 HTTP/1.1" 200 64951
101.83.241.0 - - [08/Mar/2023:10:20:46 +0800] "GET /xingrg/javascript/easyui/themes/default/validatebox.css HTTP/1.1" 404 1104
101.83.241.0 - - [08/Mar/2023:10:20:47 +0800] "POST /xingrg/kc/buy/cgsh_order_operate.html HTTP/1.1" 200 1197
116.192.124.172 - - [08/Mar/2023:10:20:49 +0800] "GET /xingrg/kc/base/wldb_order_operate.html?command=get_materiel&rest_code=00102&base_code=0010476&code=00101019195 HTTP/1.1" 200 473
101.83.241.0 - - [08/Mar/2023:10:20:50 +0800] "GET /xingrg/kc/print/load_data.html?order_code=212023030802651&kc_code=cgsh&condition= HTTP/1.1" 200 945
180.164.3.199 - - [08/Mar/2023:10:20:50 +0800] "GET /xingrg/all/function/internal_message.html?_=1678242068152&CODE_STATE=getMsg HTTP/1.1" 200 27
61.170.233.90 - - [08/Mar/2023:10:20:52 +0800] "GET /xingrg/kc/buy/cgsh_order_operate.html?command=get_materiel&rest_code=00106&code=00101008298&supplier_code=00100007&order_time=2023-03-08 HTTP/1.1" 200 412
116.192.124.172 - - [08/Mar/2023:10:20:53 +0800] "GET /xingrg/kc/base/wldb_order_operate.html?command=get_materiel&rest_code=00102&base_code=0010476&code=00101019391 HTTP/1.1" 200 485
172.20.0.100 - - [08/Mar/2023:10:20:57 +0800] "GET /xingrg/check_reg.html?_=1678242075684 HTTP/1.1" 200 22
172.20.0.100 - - [08/Mar/2023:10:20:57 +0800] "GET /xingrg/all/function/internal_message.html?_=1678242075686&CODE_STATE=getMsg HTTP/1.1" 200 27
116.225.84.253 - - [08/Mar/2023:10:20:59 +0800] "POST /xingrg/kc/base/wldb_order_operate.html HTTP/1.1" 200 37
101.83.241.0 - - [08/Mar/2023:10:20:59 +0800] "GET /xingrg/all/function/internal_message.html?_=1678242076697&CODE_STATE=getMsg HTTP/1.1" 200 27
116.225.84.253 - - [08/Mar/2023:10:20:59 +0800] "POST /xingrg/kc/base/wldb_order_operate.html HTTP/1.1" 200 2204
116.192.124.172 - - [08/Mar/2023:10:21:00 +0800] "GET /xingrg/kc/base/wldb_order_operate.html?command=get_materiel&rest_code=00102&base_code=0010476&code=00101016029 HTTP/1.1" 200 462
116.225.84.253 - - [08/Mar/2023:10:21:00 +0800] "GET /xingrg/kc/base/wldb_order_info.html?code=422023030800606 HTTP/1.1" 200 30397
116.225.84.253 - - [08/Mar/2023:10:21:00 +0800] "GET /xingrg/javascript/easyui/themes/default/validatebox.css HTTP/1.1" 404 1104
58.40.7.146 - - [08/Mar/2023:10:21:01 +0800] "GET /xingrg/all/function/internal_message.html?_=1678242080011&CODE_STATE=getMsg HTTP/1.1" 200 27
116.225.84.253 - - [08/Mar/2023:10:21:01 +0800] "POST /xingrg/kc/base/wldb_order_operate.html HTTP/1.1" 200 2204
116.225.84.253 - - [08/Mar/2023:10:21:03 +0800] "GET /xingrg/kc/report/report_main.html HTTP/1.1" 200 7340
116.192.124.172 - - [08/Mar/2023:10:21:04 +0800] "GET /xingrg/kc/base/wldb_order_operate.html?command=get_materiel&rest_code=00102&base_code=0010476&code=00101016044 HTTP/1.1" 200 465
114.83.222.182 - - [08/Mar/2023:10:21:05 +0800] "GET /xingrg/all/function/internal_message.html?_=1678242146757&CODE_STATE=getMsg HTTP/1.1" 200 27
116.225.84.253 - - [08/Mar/2023:10:21:05 +0800] "GET /xingrg/kc/base/kc_stocks.html HTTP/1.1" 200 16506
116.225.84.253 - - [08/Mar/2023:10:21:05 +0800] "GET /xingrg/javascript/easyui/themes/sunny/easyui.css HTTP/1.1" 304 -
116.225.84.253 - - [08/Mar/2023:10:21:05 +0800] "GET /xingrg/javascript/easyui/themes/icons/filter_new.png HTTP/1.1" 304 -
116.225.84.253 - - [08/Mar/2023:10:21:05 +0800] "GET /xingrg/javascript/easyui/themes/icons/print_new.png HTTP/1.1" 304 -
116.225.84.253 - - [08/Mar/2023:10:21:05 +0800] "GET /xingrg/javascript/easyui/themes/icons/refresh_new.png HTTP/1.1" 304 -
116.225.84.253 - - [08/Mar/2023:10:21:05 +0800] "GET /xingrg/javascript/easyui/plugins/jquery.draggable.js HTTP/1.1" 304 -
116.225.84.253 - - [08/Mar/2023:10:21:05 +0800] "GET /xingrg/javascript/easyui/plugins/jquery.droppable.js HTTP/1.1" 304 -
116.225.84.253 - - [08/Mar/2023:10:21:05 +0800] "GET /xingrg/javascript/easyui/plugins/jquery.tree.js HTTP/1.1" 304 -
116.225.84.253 - - [08/Mar/2023:10:21:05 +0800] "GET /xingrg/javascript/easyui/themes/default/tree.css HTTP/1.1" 404 1090
116.225.84.253 - - [08/Mar/2023:10:21:05 +0800] "POST /xingrg/all/common/load_tree.html?tree=materiel_sort_tree_json HTTP/1.1" 200 9500
116.225.84.253 - - [08/Mar/2023:10:21:06 +0800] "GET /xingrg/javascript/easyui/themes/sunny/images/tree_folder.gif HTTP/1.1" 304 -
116.225.84.253 - - [08/Mar/2023:10:21:06 +0800] "GET /xingrg/javascript/easyui/themes/sunny/images/tree_folder_open.gif HTTP/1.1" 304 -
116.225.84.253 - - [08/Mar/2023:10:21:06 +0800] "GET /xingrg/javascript/easyui/themes/sunny/images/tree_arrows.gif HTTP/1.1" 304 -
116.225.84.253 - - [08/Mar/2023:10:21:06 +0800] "GET /xingrg/javascript/easyui/themes/sunny/images/tree_file.gif HTTP/1.1" 304 -
116.225.84.253 - - [08/Mar/2023:10:21:06 +0800] "GET /xingrg/javascript/easyui/themes/sunny/images/ui-bg_gloss-wave_60_fece2f_500x100.png HTTP/1.1" 304 -
116.225.84.253 - - [08/Mar/2023:10:21:07 +0800] "GET /xingrg/javascript/easyui/themes/sunny/images/ui-bg_gloss-wave_70_ffdd57_500x100.png HTTP/1.1" 304 -
58.40.7.146 - - [08/Mar/2023:10:21:08 +0800] "GET /xingrg/all/function/internal_message.html?_=1678242087122&CODE_STATE=getMsg HTTP/1.1" 200 27
116.225.84.253 - - [08/Mar/2023:10:21:08 +0800] "POST /xingrg/kc/base/stock_operate.html HTTP/1.1" 200 4211
116.225.84.253 - - [08/Mar/2023:10:21:08 +0800] "GET /xingrg/javascript/jquery_tools/fix_table.js HTTP/1.1" 304 -
222.70.221.209 - - [08/Mar/2023:10:21:09 +0800] "GET /xingrg/all/function/internal_message.html?_=1678242088441&CODE_STATE=getMsg HTTP/1.1" 200 27
222.70.182.154 - - [08/Mar/2023:10:21:10 +0800] "GET /xingrg/all/function/internal_message.html?_=1678242087893&CODE_STATE=getMsg HTTP/1.1" 200 27
116.225.84.253 - - [08/Mar/2023:10:21:11 +0800] "POST /xingrg/kc/base/stock_operate.html HTTP/1.1" 200 4242
61.170.233.90 - - [08/Mar/2023:10:21:17 +0800] "GET /xingrg/kc/buy/cgsh_order_operate.html?command=get_materiel&rest_code=00106&code=00101008350&supplier_code=00100007&order_time=2023-03-08 HTTP/1.1" 200 408
120.253.135.82 - - [08/Mar/2023:10:21:19 +0800] "GET /xingrg/all/function/internal_message.html?_=1678242226513&CODE_STATE=getMsg HTTP/1.1" 200 27
116.225.84.253 - - [08/Mar/2023:10:21:19 +0800] "POST /xingrg/kc/base/stock_operate.html HTTP/1.1" 200 4438
61.170.233.90 - - [08/Mar/2023:10:21:20 +0800] "POST /xingrg/kc/buy/cgsh_order_operate.html HTTP/1.1" 200 2065
61.170.233.90 - - [08/Mar/2023:10:21:23 +0800] "GET /xingrg/all/function/internal_message.html?_=1678242101486&CODE_STATE=getMsg HTTP/1.1" 200 27
116.225.84.253 - - [08/Mar/2023:10:21:24 +0800] "POST /xingrg/kc/base/stock_operate.html HTTP/1.1" 200 4336
116.225.84.253 - - [08/Mar/2023:10:21:24 +0800] "GET /xingrg/all/function/internal_message.html?_=1678241947632&CODE_STATE=getMsg HTTP/1.1" 200 27
101.229.22.234 - - [08/Mar/2023:10:21:25 +0800] "GET /xingrg/check_reg.html?_=1678242102058 HTTP/1.1" 200 22
101.229.22.234 - - [08/Mar/2023:10:21:25 +0800] "GET /xingrg/all/function/internal_message.html?_=1678242102449&CODE_STATE=getMsg HTTP/1.1" 200 27
180.169.147.146 - - [08/Mar/2023:10:21:26 +0800] "GET /xingrg/all/function/internal_message.html?_=1678242104731&CODE_STATE=getMsg HTTP/1.1" 200 27
61.170.233.90 - - [08/Mar/2023:10:21:27 +0800] "GET /xingrg/kc/buy/cgsh_order_operate.html?command=get_materiel&rest_code=00106&code=00101008209&supplier_code=00100007&order_time=2023-03-08 HTTP/1.1" 200 408
180.163.28.68 - - [08/Mar/2023:10:21:27 +0800] "GET /xingrg/kc/buy/cgsh_order_operate.html?command=get_materiel&rest_code=00106&code=00101008042&supplier_code=00100007&order_time=2023-03-08 HTTP/1.1" 302 -
180.163.28.68 - - [08/Mar/2023:10:21:27 +0800] "GET /xingrg/login.html HTTP/1.1" 200 7641
180.169.147.146 - - [08/Mar/2023:10:21:27 +0800] "GET /xingrg/check_reg.html?_=1678242105349 HTTP/1.1" 200 22
116.238.139.35 - - [08/Mar/2023:10:21:28 +0800] "GET /xingrg/all/function/internal_message.html?_=1678242107486&CODE_STATE=getMsg HTTP/1.1" 200 27
116.192.124.172 - - [08/Mar/2023:10:21:29 +0800] "POST /xingrg/kc/base/wldb_order_operate.html HTTP/1.1" 200 37
116.225.84.253 - - [08/Mar/2023:10:21:29 +0800] "POST /xingrg/kc/base/stock_operate.html HTTP/1.1" 200 4363
116.192.124.172 - - [08/Mar/2023:10:21:31 +0800] "GET /xingrg/all/function/internal_message.html?_=1678242113648&CODE_STATE=getMsg HTTP/1.1" 200 27
116.192.124.172 - - [08/Mar/2023:10:21:31 +0800] "POST /xingrg/kc/base/wldb_order_operate.html HTTP/1.1" 200 12
116.192.124.172 - - [08/Mar/2023:10:21:32 +0800] "POST /xingrg/kc/base/wldb_order_operate.html HTTP/1.1" 200 4743
222.70.221.209 - - [08/Mar/2023:10:21:32 +0800] "GET /xingrg/all/function/internal_message.html?_=1678242230261&CODE_STATE=getMsg HTTP/1.1" 200 27
61.170.233.90 - - [08/Mar/2023:10:21:34 +0800] "GET /xingrg/kc/buy/cgsh_order_operate.html?command=get_materiel&rest_code=00106&code=00101008223&supplier_code=00100007&order_time=2023-03-08 HTTP/1.1" 200 412
116.192.124.172 - - [08/Mar/2023:10:21:34 +0800] "GET /xingrg/kc/base/wldb_order_info.html?code=422023030800607 HTTP/1.1" 200 26254
116.192.124.172 - - [08/Mar/2023:10:21:35 +0800] "GET /xingrg/javascript/easyui/themes/default/validatebox.css HTTP/1.1" 404 1104
116.192.124.172 - - [08/Mar/2023:10:21:35 +0800] "POST /xingrg/kc/base/wldb_order_operate.html HTTP/1.1" 200 2981
116.225.84.253 - - [08/Mar/2023:10:21:37 +0800] "POST /xingrg/kc/base/stock_operate.html HTTP/1.1" 200 4347
116.230.118.11 - - [08/Mar/2023:10:21:40 +0800] "GET /xingrg/all/function/internal_message.html?_=1678242129355&CODE_STATE=getMsg HTTP/1.1" 200 27
124.79.72.155 - - [08/Mar/2023:10:21:42 +0800] "GET /xingrg/all/function/internal_message.html?_=1678242125136&CODE_STATE=getMsg HTTP/1.1" 200 27
116.225.84.253 - - [08/Mar/2023:10:21:43 +0800] "POST /xingrg/kc/base/stock_operate.html HTTP/1.1" 200 4364
61.170.233.90 - - [08/Mar/2023:10:21:46 +0800] "POST /xingrg/kc/buy/cgsh_order_operate.html HTTP/1.1" 200 37
116.225.84.253 - - [08/Mar/2023:10:21:47 +0800] "POST /xingrg/kc/base/stock_operate.html HTTP/1.1" 200 4425
61.170.233.90 - - [08/Mar/2023:10:21:49 +0800] "POST /xingrg/kc/buy/cgsh_order_operate.html HTTP/1.1" 200 28086
180.164.3.199 - - [08/Mar/2023:10:21:50 +0800] "GET /xingrg/all/function/internal_message.html?_=1678242128167&CODE_STATE=getMsg HTTP/1.1" 200 27
116.225.84.253 - - [08/Mar/2023:10:21:52 +0800] "POST /xingrg/kc/base/stock_operate.html HTTP/1.1" 200 4303
116.225.84.253 - - [08/Mar/2023:10:21:56 +0800] "POST /xingrg/kc/base/stock_operate.html HTTP/1.1" 200 4389
172.20.0.100 - - [08/Mar/2023:10:21:57 +0800] "GET /xingrg/all/function/internal_message.html?_=1678242135687&CODE_STATE=getMsg HTTP/1.1" 200 27
61.170.233.90 - - [08/Mar/2023:10:21:57 +0800] "GET /xingrg/kc/buy/cgsh_order_operate.html?command=get_materiel&rest_code=00106&code=00101008095&supplier_code=00100007&order_time=2023-03-08 HTTP/1.1" 200 412
101.83.241.0 - - [08/Mar/2023:10:21:59 +0800] "GET /xingrg/all/function/internal_message.html?_=1678242136681&CODE_STATE=getMsg HTTP/1.1" 200 27
101.83.241.0 - - [08/Mar/2023:10:21:59 +0800] "GET /xingrg/check_reg.html?_=1678242136825 HTTP/1.1" 200 22
58.40.7.146 - - [08/Mar/2023:10:22:01 +0800] "GET /xingrg/all/function/internal_message.html?_=1678242140018&CODE_STATE=getMsg HTTP/1.1" 200 27
116.225.84.253 - - [08/Mar/2023:10:22:03 +0800] "POST /xingrg/kc/base/stock_operate.html HTTP/1.1" 200 4385
114.83.222.182 - - [08/Mar/2023:10:22:05 +0800] "GET /xingrg/all/function/internal_message.html?_=1678242206760&CODE_STATE=getMsg HTTP/1.1" 200 27
58.40.7.146 - - [08/Mar/2023:10:22:08 +0800] "GET /xingrg/check_reg.html?_=1678242147125 HTTP/1.1" 200 22
58.40.7.146 - - [08/Mar/2023:10:22:08 +0800] "GET /xingrg/all/function/internal_message.html?_=1678242147127&CODE_STATE=getMsg HTTP/1.1" 200 27
222.70.182.154 - - [08/Mar/2023:10:22:09 +0800] "GET /xingrg/check_reg.html?_=1678242147132 HTTP/1.1" 200 22
222.70.221.209 - - [08/Mar/2023:10:22:09 +0800] "GET /xingrg/check_reg.html?_=1678242148449 HTTP/1.1" 200 22
222.70.221.209 - - [08/Mar/2023:10:22:09 +0800] "GET /xingrg/all/function/internal_message.html?_=1678242148456&CODE_STATE=getMsg HTTP/1.1" 200 27
116.225.84.253 - - [08/Mar/2023:10:22:10 +0800] "POST /xingrg/kc/base/stock_operate.html HTTP/1.1" 200 4343
222.70.182.154 - - [08/Mar/2023:10:22:10 +0800] "GET /xingrg/all/function/internal_message.html?_=1678242147869&CODE_STATE=getMsg HTTP/1.1" 200 27
116.225.84.253 - - [08/Mar/2023:10:22:15 +0800] "POST /xingrg/kc/base/stock_operate.html HTTP/1.1" 200 4330
120.253.135.82 - - [08/Mar/2023:10:22:19 +0800] "GET /xingrg/all/function/internal_message.html?_=1678242286518&CODE_STATE=getMsg HTTP/1.1" 200 27
120.253.135.82 - - [08/Mar/2023:10:22:19 +0800] "GET /xingrg/check_reg.html?_=1678242286519 HTTP/1.1" 200 22
116.225.84.253 - - [08/Mar/2023:10:22:19 +0800] "POST /xingrg/kc/base/stock_operate.html HTTP/1.1" 200 4364
61.170.233.90 - - [08/Mar/2023:10:22:21 +0800] "GET /xingrg/kc/buy/cgsh_order_operate.html?command=get_materiel&rest_code=00106&code=00101008172&supplier_code=00100007&order_time=2023-03-08 HTTP/1.1" 200 412
180.163.29.103 - - [08/Mar/2023:10:22:23 +0800] "GET /xingrg/all/function/internal_message.html?_=1678242101486&CODE_STATE=getMsg HTTP/1.1" 302 -
180.163.29.103 - - [08/Mar/2023:10:22:23 +0800] "GET /xingrg/login.html HTTP/1.1" 200 7641
61.170.233.90 - - [08/Mar/2023:10:22:23 +0800] "GET /xingrg/all/function/internal_message.html?_=1678242161459&CODE_STATE=getMsg HTTP/1.1" 200 27
180.163.30.27 - - [08/Mar/2023:10:22:24 +0800] "GET /xingrg/kc/buy/cgsh_order_operate.html?command=get_materiel&rest_code=00106&code=00101008209&supplier_code=00100007&order_time=2023-03-08 HTTP/1.1" 302 -
180.163.30.27 - - [08/Mar/2023:10:22:24 +0800] "GET /xingrg/login.html HTTP/1.1" 200 7641
116.225.84.253 - - [08/Mar/2023:10:22:24 +0800] "GET /xingrg/all/function/internal_message.html?_=1678242007603&CODE_STATE=getMsg HTTP/1.1" 200 27
101.229.22.234 - - [08/Mar/2023:10:22:25 +0800] "GET /xingrg/all/function/internal_message.html?_=1678242162432&CODE_STATE=getMsg HTTP/1.1" 200 27
116.225.84.253 - - [08/Mar/2023:10:22:26 +0800] "POST /xingrg/kc/base/stock_operate.html HTTP/1.1" 200 4464
180.169.147.146 - - [08/Mar/2023:10:22:26 +0800] "GET /xingrg/all/function/internal_message.html?_=1678242164718&CODE_STATE=getMsg HTTP/1.1" 200 27
116.238.139.35 - - [08/Mar/2023:10:22:28 +0800] "GET /xingrg/all/function/internal_message.html?_=1678242167472&CODE_STATE=getMsg HTTP/1.1" 200 27
116.192.124.172 - - [08/Mar/2023:10:22:30 +0800] "GET /xingrg/all/function/internal_message.html?_=1678242173650&CODE_STATE=getMsg HTTP/1.1" 200 27
222.70.221.209 - - [08/Mar/2023:10:22:32 +0800] "GET /xingrg/all/function/internal_message.html?_=1678242290276&CODE_STATE=getMsg HTTP/1.1" 200 27
61.170.233.90 - - [08/Mar/2023:10:22:32 +0800] "POST /xingrg/kc/buy/cgsh_order_operate.html HTTP/1.1" 200 2065
116.225.84.253 - - [08/Mar/2023:10:22:33 +0800] "POST /xingrg/kc/base/stock_operate.html HTTP/1.1" 200 4357
61.170.233.90 - - [08/Mar/2023:10:22:38 +0800] "GET /xingrg/kc/buy/cgsh_order_operate.html?command=get_materiel&rest_code=00106&code=00101008114&supplier_code=00100007&order_time=2023-03-08 HTTP/1.1" 200 413
116.225.84.253 - - [08/Mar/2023:10:22:38 +0800] "POST /xingrg/kc/base/stock_operate.html HTTP/1.1" 200 4344
116.230.118.11 - - [08/Mar/2023:10:22:40 +0800] "GET /xingrg/all/function/internal_message.html?_=1678242189368&CODE_STATE=getMsg HTTP/1.1" 200 27
180.157.253.110 - - [08/Mar/2023:10:22:40 +0800] "GET /xingrg/check_reg.html?_=1678242180860 HTTP/1.1" 200 22
124.79.72.155 - - [08/Mar/2023:10:22:42 +0800] "GET /xingrg/all/function/internal_message.html?_=1678242185169&CODE_STATE=getMsg HTTP/1.1" 200 27
124.79.72.155 - - [08/Mar/2023:10:22:42 +0800] "GET /xingrg/check_reg.html?_=1678242185177 HTTP/1.1" 200 22
61.170.233.90 - - [08/Mar/2023:10:22:46 +0800] "GET /xingrg/kc/buy/cgsh_order_operate.html?command=get_materiel&rest_code=00106&code=00101008123&supplier_code=00100007&order_time=2023-03-08 HTTP/1.1" 200 413
180.164.3.199 - - [08/Mar/2023:10:22:50 +0800] "GET /xingrg/check_reg.html?_=1678242188154 HTTP/1.1" 200 22
180.164.3.199 - - [08/Mar/2023:10:22:50 +0800] "GET /xingrg/all/function/internal_message.html?_=1678242188158&CODE_STATE=getMsg HTTP/1.1" 200 27
116.225.84.253 - - [08/Mar/2023:10:22:51 +0800] "POST /xingrg/kc/base/stock_operate.html HTTP/1.1" 200 4448
180.163.29.217 - - [08/Mar/2023:10:22:55 +0800] "GET /xingrg/kc/buy/cgsh_order_operate.html?command=get_materiel&rest_code=00106&code=00101008095&supplier_code=00100007&order_time=2023-03-08 HTTP/1.1" 302 -
180.163.29.217 - - [08/Mar/2023:10:22:55 +0800] "GET /xingrg/login.html HTTP/1.1" 200 7641
61.170.233.90 - - [08/Mar/2023:10:22:59 +0800] "GET /xingrg/kc/buy/cgsh_order_operate.html?command=get_materiel&rest_code=00106&code=00101008041&supplier_code=00100007&order_time=2023-03-08 HTTP/1.1" 200 408
