180.164.3.199 - - [08/Mar/2023:09:52:50 +0800] "GET /xingrg/all/function/internal_message.html?_=1678240388149&CODE_STATE=getMsg HTTP/1.1" 200 27
180.164.3.199 - - [08/Mar/2023:09:52:50 +0800] "GET /xingrg/check_reg.html?_=1678240388151 HTTP/1.1" 200 22
101.83.241.0 - - [08/Mar/2023:09:52:59 +0800] "GET /xingrg/all/function/internal_message.html?_=1678240396724&CODE_STATE=getMsg HTTP/1.1" 200 27
116.192.124.172 - - [08/Mar/2023:09:53:00 +0800] "GET /xingrg/all/function/internal_message.html?_=1678240399639&CODE_STATE=getMsg HTTP/1.1" 200 27
116.192.124.172 - - [08/Mar/2023:09:53:01 +0800] "GET /xingrg/check_reg.html?_=1678240400087 HTTP/1.1" 200 22
58.40.7.146 - - [08/Mar/2023:09:53:01 +0800] "GET /xingrg/all/function/internal_message.html?_=1678240399997&CODE_STATE=getMsg HTTP/1.1" 200 27
58.40.7.146 - - [08/Mar/2023:09:53:01 +0800] "GET /xingrg/check_reg.html?_=1678240400576 HTTP/1.1" 200 22
114.83.222.182 - - [08/Mar/2023:09:53:05 +0800] "GET /xingrg/all/function/internal_message.html?_=1678240466748&CODE_STATE=getMsg HTTP/1.1" 200 27
58.40.7.146 - - [08/Mar/2023:09:53:08 +0800] "GET /xingrg/all/function/internal_message.html?_=1678240407104&CODE_STATE=getMsg HTTP/1.1" 200 27
222.70.221.209 - - [08/Mar/2023:09:53:09 +0800] "GET /xingrg/all/function/internal_message.html?_=1678240408342&CODE_STATE=getMsg HTTP/1.1" 200 27
120.253.135.82 - - [08/Mar/2023:09:53:19 +0800] "GET /xingrg/all/function/internal_message.html?_=1678240546382&CODE_STATE=getMsg HTTP/1.1" 200 27
116.225.84.253 - - [08/Mar/2023:09:53:25 +0800] "GET /xingrg/all/function/internal_message.html?_=1678240268113&CODE_STATE=getMsg HTTP/1.1" 200 27
101.229.22.234 - - [08/Mar/2023:09:53:25 +0800] "GET /xingrg/all/function/internal_message.html?_=1678240422907&CODE_STATE=getMsg HTTP/1.1" 200 27
116.225.84.253 - - [08/Mar/2023:09:53:26 +0800] "GET /xingrg/check_reg.html?_=1678240269505 HTTP/1.1" 200 22
180.169.147.146 - - [08/Mar/2023:09:53:27 +0800] "GET /xingrg/all/function/internal_message.html?_=1678240425151&CODE_STATE=getMsg HTTP/1.1" 200 27
116.238.139.35 - - [08/Mar/2023:09:53:28 +0800] "GET /xingrg/all/function/internal_message.html?_=1678240427450&CODE_STATE=getMsg HTTP/1.1" 200 27
222.70.221.209 - - [08/Mar/2023:09:53:32 +0800] "GET /xingrg/all/function/internal_message.html?_=1678240550282&CODE_STATE=getMsg HTTP/1.1" 200 27
116.230.118.11 - - [08/Mar/2023:09:53:40 +0800] "GET /xingrg/all/function/internal_message.html?_=1678240448959&CODE_STATE=getMsg HTTP/1.1" 200 27
124.79.72.155 - - [08/Mar/2023:09:53:42 +0800] "GET /xingrg/all/function/internal_message.html?_=1678240445085&CODE_STATE=getMsg HTTP/1.1" 200 27
180.164.3.199 - - [08/Mar/2023:09:53:50 +0800] "GET /xingrg/all/function/internal_message.html?_=1678240448162&CODE_STATE=getMsg HTTP/1.1" 200 27
101.83.241.0 - - [08/Mar/2023:09:53:59 +0800] "GET /xingrg/all/function/internal_message.html?_=1678240456726&CODE_STATE=getMsg HTTP/1.1" 200 27
116.192.124.172 - - [08/Mar/2023:09:54:00 +0800] "GET /xingrg/all/function/internal_message.html?_=1678240459629&CODE_STATE=getMsg HTTP/1.1" 200 27
58.40.7.146 - - [08/Mar/2023:09:54:01 +0800] "GET /xingrg/all/function/internal_message.html?_=1678240460003&CODE_STATE=getMsg HTTP/1.1" 200 27
114.83.222.182 - - [08/Mar/2023:09:54:05 +0800] "GET /xingrg/check_reg.html?_=1678240526760 HTTP/1.1" 200 22
114.83.222.182 - - [08/Mar/2023:09:54:05 +0800] "GET /xingrg/all/function/internal_message.html?_=1678240526765&CODE_STATE=getMsg HTTP/1.1" 200 27
58.40.7.146 - - [08/Mar/2023:09:54:08 +0800] "GET /xingrg/all/function/internal_message.html?_=1678240467109&CODE_STATE=getMsg HTTP/1.1" 200 27
222.70.221.209 - - [08/Mar/2023:09:54:09 +0800] "GET /xingrg/all/function/internal_message.html?_=1678240468335&CODE_STATE=getMsg HTTP/1.1" 200 27
120.253.135.82 - - [08/Mar/2023:09:54:19 +0800] "GET /xingrg/all/function/internal_message.html?_=1678240606381&CODE_STATE=getMsg HTTP/1.1" 200 27
222.67.232.202 - - [08/Mar/2023:09:54:23 +0800] "GET /favicon.ico HTTP/1.1" 404 -
116.225.84.253 - - [08/Mar/2023:09:54:25 +0800] "GET /xingrg/all/function/internal_message.html?_=1678240328084&CODE_STATE=getMsg HTTP/1.1" 200 27
101.229.22.234 - - [08/Mar/2023:09:54:25 +0800] "GET /xingrg/all/function/internal_message.html?_=1678240482887&CODE_STATE=getMsg HTTP/1.1" 200 27
101.229.22.234 - - [08/Mar/2023:09:54:26 +0800] "GET /xingrg/kc/buy/cgsh_order_operate.html?command=get_materiel&rest_code=00142&code=00101029022&supplier_code=00100156&order_time=2023-03-08 HTTP/1.1" 200 472
180.169.147.146 - - [08/Mar/2023:09:54:27 +0800] "GET /xingrg/all/function/internal_message.html?_=1678240485123&CODE_STATE=getMsg HTTP/1.1" 200 27
116.238.139.35 - - [08/Mar/2023:09:54:28 +0800] "GET /xingrg/all/function/internal_message.html?_=1678240487452&CODE_STATE=getMsg HTTP/1.1" 200 27
101.229.22.234 - - [08/Mar/2023:09:54:29 +0800] "POST /xingrg/all/common/load_select.html HTTP/1.1" 200 25
116.224.106.218 - - [08/Mar/2023:09:54:31 +0800] "GET /xingrg/check_reg.html?_=1678240489585 HTTP/1.1" 200 22
222.70.221.209 - - [08/Mar/2023:09:54:32 +0800] "GET /xingrg/all/function/internal_message.html?_=1678240610279&CODE_STATE=getMsg HTTP/1.1" 200 27
101.229.22.234 - - [08/Mar/2023:09:54:34 +0800] "GET /xingrg/kc/buy/cgsh_order_operate.html?command=get_materiel_price&rest_code=00142&code=00101029022&unit_code=00100157&supplier_code=00100156&order_time=2023-03-08 HTTP/1.1" 200 29
116.230.118.11 - - [08/Mar/2023:09:54:40 +0800] "GET /xingrg/all/function/internal_message.html?_=1678240508972&CODE_STATE=getMsg HTTP/1.1" 200 27
124.79.72.155 - - [08/Mar/2023:09:54:42 +0800] "GET /xingrg/all/function/internal_message.html?_=1678240505085&CODE_STATE=getMsg HTTP/1.1" 200 27
101.229.22.234 - - [08/Mar/2023:09:54:47 +0800] "GET /xingrg/kc/buy/cgsh_order_operate.html?command=get_materiel&rest_code=00142&code=00101029002&supplier_code=00100156&order_time=2023-03-08 HTTP/1.1" 200 471
101.229.22.234 - - [08/Mar/2023:09:54:48 +0800] "POST /xingrg/all/common/load_select.html HTTP/1.1" 200 25
180.164.3.199 - - [08/Mar/2023:09:54:50 +0800] "GET /xingrg/all/function/internal_message.html?_=1678240508165&CODE_STATE=getMsg HTTP/1.1" 200 27
101.229.22.234 - - [08/Mar/2023:09:54:52 +0800] "GET /xingrg/kc/buy/cgsh_order_operate.html?command=get_materiel_price&rest_code=00142&code=00101029002&unit_code=00100157&supplier_code=00100156&order_time=2023-03-08 HTTP/1.1" 200 29
101.83.241.0 - - [08/Mar/2023:09:54:59 +0800] "GET /xingrg/all/function/internal_message.html?_=1678240516739&CODE_STATE=getMsg HTTP/1.1" 200 27
116.192.124.172 - - [08/Mar/2023:09:55:00 +0800] "GET /xingrg/all/function/internal_message.html?_=1678240519613&CODE_STATE=getMsg HTTP/1.1" 200 27
58.40.7.146 - - [08/Mar/2023:09:55:01 +0800] "GET /xingrg/all/function/internal_message.html?_=1678240520004&CODE_STATE=getMsg HTTP/1.1" 200 27
114.83.222.182 - - [08/Mar/2023:09:55:05 +0800] "GET /xingrg/all/function/internal_message.html?_=1678240586764&CODE_STATE=getMsg HTTP/1.1" 200 27
101.229.22.234 - - [08/Mar/2023:09:55:05 +0800] "GET /xingrg/kc/buy/cgsh_order_operate.html?command=get_materiel&rest_code=00142&code=00101029011&supplier_code=00100156&order_time=2023-03-08 HTTP/1.1" 200 478
101.229.22.234 - - [08/Mar/2023:09:55:07 +0800] "POST /xingrg/all/common/load_select.html HTTP/1.1" 200 25
58.40.7.146 - - [08/Mar/2023:09:55:08 +0800] "GET /xingrg/all/function/internal_message.html?_=1678240527110&CODE_STATE=getMsg HTTP/1.1" 200 27
222.70.221.209 - - [08/Mar/2023:09:55:09 +0800] "GET /xingrg/all/function/internal_message.html?_=1678240528350&CODE_STATE=getMsg HTTP/1.1" 200 27
101.229.22.234 - - [08/Mar/2023:09:55:11 +0800] "GET /xingrg/kc/buy/cgsh_order_operate.html?command=get_materiel_price&rest_code=00142&code=00101029011&unit_code=00100157&supplier_code=00100156&order_time=2023-03-08 HTTP/1.1" 200 29
120.253.135.82 - - [08/Mar/2023:09:55:19 +0800] "GET /xingrg/all/function/internal_message.html?_=1678240666386&CODE_STATE=getMsg HTTP/1.1" 200 27
101.229.22.234 - - [08/Mar/2023:09:55:24 +0800] "GET /xingrg/kc/buy/cgsh_order_operate.html?command=get_materiel&rest_code=00142&code=00101027042&supplier_code=00100156&order_time=2023-03-08 HTTP/1.1" 200 438
116.225.84.253 - - [08/Mar/2023:09:55:25 +0800] "GET /xingrg/all/function/internal_message.html?_=1678240388054&CODE_STATE=getMsg HTTP/1.1" 200 27
101.229.22.234 - - [08/Mar/2023:09:55:25 +0800] "GET /xingrg/all/function/internal_message.html?_=1678240542867&CODE_STATE=getMsg HTTP/1.1" 200 27
101.229.22.234 - - [08/Mar/2023:09:55:26 +0800] "POST /xingrg/all/common/load_select.html HTTP/1.1" 200 25
180.169.147.146 - - [08/Mar/2023:09:55:27 +0800] "GET /xingrg/all/function/internal_message.html?_=1678240545122&CODE_STATE=getMsg HTTP/1.1" 200 27
116.238.139.35 - - [08/Mar/2023:09:55:28 +0800] "GET /xingrg/check_reg.html?_=1678240547461 HTTP/1.1" 200 22
116.238.139.35 - - [08/Mar/2023:09:55:28 +0800] "GET /xingrg/all/function/internal_message.html?_=1678240547465&CODE_STATE=getMsg HTTP/1.1" 200 27
101.229.22.234 - - [08/Mar/2023:09:55:31 +0800] "GET /xingrg/kc/buy/cgsh_order_operate.html?command=get_materiel_price&rest_code=00142&code=00101027042&unit_code=00100157&supplier_code=00100156&order_time=2023-03-08 HTTP/1.1" 200 29
222.70.221.209 - - [08/Mar/2023:09:55:32 +0800] "GET /xingrg/all/function/internal_message.html?_=1678240670279&CODE_STATE=getMsg HTTP/1.1" 200 27
222.70.221.209 - - [08/Mar/2023:09:55:32 +0800] "GET /xingrg/check_reg.html?_=1678240670284 HTTP/1.1" 200 22
116.230.118.11 - - [08/Mar/2023:09:55:39 +0800] "GET /xingrg/check_reg.html?_=1678240568313 HTTP/1.1" 200 22
116.230.118.11 - - [08/Mar/2023:09:55:40 +0800] "GET /xingrg/all/function/internal_message.html?_=1678240568987&CODE_STATE=getMsg HTTP/1.1" 200 27
180.169.147.146 - - [08/Mar/2023:09:55:42 +0800] "GET /xingrg/check_reg.html?_=1678240562336 HTTP/1.1" 302 -
124.79.72.155 - - [08/Mar/2023:09:55:42 +0800] "GET /xingrg/all/function/internal_message.html?_=1678240565083&CODE_STATE=getMsg HTTP/1.1" 200 27
180.164.3.199 - - [08/Mar/2023:09:55:50 +0800] "GET /xingrg/all/function/internal_message.html?_=1678240568165&CODE_STATE=getMsg HTTP/1.1" 200 27
101.83.241.0 - - [08/Mar/2023:09:55:59 +0800] "GET /xingrg/all/function/internal_message.html?_=1678240576723&CODE_STATE=getMsg HTTP/1.1" 200 27
116.192.124.172 - - [08/Mar/2023:09:56:00 +0800] "GET /xingrg/all/function/internal_message.html?_=1678240579591&CODE_STATE=getMsg HTTP/1.1" 200 27
58.40.7.146 - - [08/Mar/2023:09:56:01 +0800] "GET /xingrg/all/function/internal_message.html?_=1678240580007&CODE_STATE=getMsg HTTP/1.1" 200 27
101.229.22.234 - - [08/Mar/2023:09:56:02 +0800] "POST /xingrg/kc/buy/cgsh_order_operate.html HTTP/1.1" 200 37
114.83.222.182 - - [08/Mar/2023:09:56:05 +0800] "GET /xingrg/all/function/internal_message.html?_=1678240646765&CODE_STATE=getMsg HTTP/1.1" 200 27
58.40.7.146 - - [08/Mar/2023:09:56:08 +0800] "GET /xingrg/all/function/internal_message.html?_=1678240587111&CODE_STATE=getMsg HTTP/1.1" 200 27
222.70.221.209 - - [08/Mar/2023:09:56:09 +0800] "GET /xingrg/all/function/internal_message.html?_=1678240588343&CODE_STATE=getMsg HTTP/1.1" 200 27
120.253.135.82 - - [08/Mar/2023:09:56:19 +0800] "GET /xingrg/all/function/internal_message.html?_=1678240726391&CODE_STATE=getMsg HTTP/1.1" 200 27
101.229.22.234 - - [08/Mar/2023:09:56:19 +0800] "POST /xingrg/kc/buy/cgsh_order_operate.html HTTP/1.1" 200 12
101.229.22.234 - - [08/Mar/2023:09:56:20 +0800] "GET /xingrg/kc/buy/cgsh_order_info.html?code=212023030802641 HTTP/1.1" 200 63982
101.229.22.234 - - [08/Mar/2023:09:56:21 +0800] "GET /xingrg/javascript/easyui/themes/default/validatebox.css HTTP/1.1" 404 1104
101.229.22.234 - - [08/Mar/2023:09:56:22 +0800] "POST /xingrg/kc/buy/cgsh_order_operate.html HTTP/1.1" 200 4979
101.229.22.234 - - [08/Mar/2023:09:56:23 +0800] "GET /xingrg/kc/print/load_data.html?order_code=212023030802641&kc_code=cgsh&condition= HTTP/1.1" 200 2601
101.229.22.234 - - [08/Mar/2023:09:56:25 +0800] "GET /xingrg/check_reg.html?_=1678240602037 HTTP/1.1" 200 22
116.225.84.253 - - [08/Mar/2023:09:56:25 +0800] "GET /xingrg/all/function/internal_message.html?_=1678240448065&CODE_STATE=getMsg HTTP/1.1" 200 27
101.229.22.234 - - [08/Mar/2023:09:56:25 +0800] "GET /xingrg/all/function/internal_message.html?_=1678240602878&CODE_STATE=getMsg HTTP/1.1" 200 27
180.169.147.146 - - [08/Mar/2023:09:56:27 +0800] "GET /xingrg/all/function/internal_message.html?_=1678240605108&CODE_STATE=getMsg HTTP/1.1" 200 27
180.169.147.146 - - [08/Mar/2023:09:56:27 +0800] "GET /xingrg/check_reg.html?_=1678240605357 HTTP/1.1" 200 22
116.238.139.35 - - [08/Mar/2023:09:56:28 +0800] "GET /xingrg/all/function/internal_message.html?_=1678240607466&CODE_STATE=getMsg HTTP/1.1" 200 27
222.70.221.209 - - [08/Mar/2023:09:56:32 +0800] "GET /xingrg/all/function/internal_message.html?_=1678240730258&CODE_STATE=getMsg HTTP/1.1" 200 27
116.230.118.11 - - [08/Mar/2023:09:56:40 +0800] "GET /xingrg/all/function/internal_message.html?_=1678240629001&CODE_STATE=getMsg HTTP/1.1" 200 27
124.79.72.155 - - [08/Mar/2023:09:56:42 +0800] "GET /xingrg/all/function/internal_message.html?_=1678240625083&CODE_STATE=getMsg HTTP/1.1" 200 27
180.164.3.199 - - [08/Mar/2023:09:56:50 +0800] "GET /xingrg/all/function/internal_message.html?_=1678240628162&CODE_STATE=getMsg HTTP/1.1" 200 27
101.83.241.0 - - [08/Mar/2023:09:56:59 +0800] "GET /xingrg/all/function/internal_message.html?_=1678240636725&CODE_STATE=getMsg HTTP/1.1" 200 27
101.83.241.0 - - [08/Mar/2023:09:56:59 +0800] "GET /xingrg/check_reg.html?_=1678240636728 HTTP/1.1" 200 22
116.192.124.172 - - [08/Mar/2023:09:57:00 +0800] "GET /xingrg/all/function/internal_message.html?_=1678240639568&CODE_STATE=getMsg HTTP/1.1" 200 27
58.40.7.146 - - [08/Mar/2023:09:57:01 +0800] "GET /xingrg/all/function/internal_message.html?_=1678240640008&CODE_STATE=getMsg HTTP/1.1" 200 27
114.83.222.182 - - [08/Mar/2023:09:57:05 +0800] "GET /xingrg/all/function/internal_message.html?_=1678240706766&CODE_STATE=getMsg HTTP/1.1" 200 27
58.40.7.146 - - [08/Mar/2023:09:57:08 +0800] "GET /xingrg/check_reg.html?_=1678240647115 HTTP/1.1" 200 22
58.40.7.146 - - [08/Mar/2023:09:57:08 +0800] "GET /xingrg/all/function/internal_message.html?_=1678240647117&CODE_STATE=getMsg HTTP/1.1" 200 27
222.70.221.209 - - [08/Mar/2023:09:57:09 +0800] "GET /xingrg/all/function/internal_message.html?_=1678240648360&CODE_STATE=getMsg HTTP/1.1" 200 27
222.70.221.209 - - [08/Mar/2023:09:57:09 +0800] "GET /xingrg/check_reg.html?_=1678240648362 HTTP/1.1" 200 22
120.253.135.82 - - [08/Mar/2023:09:57:19 +0800] "GET /xingrg/all/function/internal_message.html?_=1678240786400&CODE_STATE=getMsg HTTP/1.1" 200 27
120.253.135.82 - - [08/Mar/2023:09:57:19 +0800] "GET /xingrg/check_reg.html?_=1678240786401 HTTP/1.1" 200 22
116.225.84.253 - - [08/Mar/2023:09:57:25 +0800] "GET /xingrg/all/function/internal_message.html?_=1678240508049&CODE_STATE=getMsg HTTP/1.1" 200 27
101.229.22.234 - - [08/Mar/2023:09:57:25 +0800] "GET /xingrg/all/function/internal_message.html?_=1678240662861&CODE_STATE=getMsg HTTP/1.1" 200 27
180.169.147.146 - - [08/Mar/2023:09:57:27 +0800] "GET /xingrg/all/function/internal_message.html?_=1678240665105&CODE_STATE=getMsg HTTP/1.1" 200 27
116.238.139.35 - - [08/Mar/2023:09:57:28 +0800] "GET /xingrg/all/function/internal_message.html?_=1678240667467&CODE_STATE=getMsg HTTP/1.1" 200 27
222.70.221.209 - - [08/Mar/2023:09:57:32 +0800] "GET /xingrg/all/function/internal_message.html?_=1678240790266&CODE_STATE=getMsg HTTP/1.1" 200 27
116.230.118.11 - - [08/Mar/2023:09:57:40 +0800] "GET /xingrg/all/function/internal_message.html?_=1678240689013&CODE_STATE=getMsg HTTP/1.1" 200 27
124.79.72.155 - - [08/Mar/2023:09:57:42 +0800] "GET /xingrg/check_reg.html?_=1678240685101 HTTP/1.1" 200 22
124.79.72.155 - - [08/Mar/2023:09:57:42 +0800] "GET /xingrg/all/function/internal_message.html?_=1678240685097&CODE_STATE=getMsg HTTP/1.1" 200 27
180.164.3.199 - - [08/Mar/2023:09:57:50 +0800] "GET /xingrg/check_reg.html?_=1678240688163 HTTP/1.1" 200 22
180.164.3.199 - - [08/Mar/2023:09:57:50 +0800] "GET /xingrg/all/function/internal_message.html?_=1678240688168&CODE_STATE=getMsg HTTP/1.1" 200 27
101.83.241.0 - - [08/Mar/2023:09:57:59 +0800] "GET /xingrg/all/function/internal_message.html?_=1678240696728&CODE_STATE=getMsg HTTP/1.1" 200 27
116.192.124.172 - - [08/Mar/2023:09:58:00 +0800] "GET /xingrg/all/function/internal_message.html?_=1678240699547&CODE_STATE=getMsg HTTP/1.1" 200 27
58.35.212.231 - - [08/Mar/2023:09:58:01 +0800] "POST /xingrg/services/DataTransmitService HTTP/1.1" 200 524
116.192.124.172 - - [08/Mar/2023:09:58:01 +0800] "GET /xingrg/check_reg.html?_=1678240700092 HTTP/1.1" 200 22
58.40.7.146 - - [08/Mar/2023:09:58:01 +0800] "GET /xingrg/all/function/internal_message.html?_=1678240700012&CODE_STATE=getMsg HTTP/1.1" 200 27
58.35.212.231 - - [08/Mar/2023:09:58:01 +0800] "POST /xingrg/services/DataTransmitService HTTP/1.1" 200 412
58.40.7.146 - - [08/Mar/2023:09:58:01 +0800] "GET /xingrg/check_reg.html?_=1678240700560 HTTP/1.1" 200 22
101.229.22.234 - - [08/Mar/2023:09:58:02 +0800] "GET /xingrg/kc/buy/cgsh_order_add.html HTTP/1.1" 200 69079
101.229.22.234 - - [08/Mar/2023:09:58:03 +0800] "POST /xingrg/kc/buy/cgsh_order_operate.html HTTP/1.1" 200 8245
101.229.22.234 - - [08/Mar/2023:09:58:03 +0800] "GET /xingrg/javascript/easyui/themes/default/validatebox.css HTTP/1.1" 404 1104
114.83.222.182 - - [08/Mar/2023:09:58:05 +0800] "GET /xingrg/all/function/internal_message.html?_=1678240766755&CODE_STATE=getMsg HTTP/1.1" 200 27
58.40.7.146 - - [08/Mar/2023:09:58:08 +0800] "GET /xingrg/all/function/internal_message.html?_=1678240707103&CODE_STATE=getMsg HTTP/1.1" 200 27
222.70.221.209 - - [08/Mar/2023:09:58:09 +0800] "GET /xingrg/all/function/internal_message.html?_=1678240708362&CODE_STATE=getMsg HTTP/1.1" 200 27
101.229.22.234 - - [08/Mar/2023:09:58:09 +0800] "GET /xingrg/javascript/jquery_tools/images/prev.gif HTTP/1.1" 404 1086
101.229.22.234 - - [08/Mar/2023:09:58:09 +0800] "GET /xingrg/javascript/jquery_tools/images/next.gif HTTP/1.1" 404 1086
120.253.135.82 - - [08/Mar/2023:09:58:19 +0800] "GET /xingrg/all/function/internal_message.html?_=1678240846405&CODE_STATE=getMsg HTTP/1.1" 200 27
116.225.84.253 - - [08/Mar/2023:09:58:25 +0800] "GET /xingrg/all/function/internal_message.html?_=1678240568034&CODE_STATE=getMsg HTTP/1.1" 200 27
101.229.22.234 - - [08/Mar/2023:09:58:25 +0800] "GET /xingrg/all/function/internal_message.html?_=1678240722846&CODE_STATE=getMsg HTTP/1.1" 200 27
116.225.84.253 - - [08/Mar/2023:09:58:26 +0800] "GET /xingrg/check_reg.html?_=1678240569534 HTTP/1.1" 200 22
180.169.147.146 - - [08/Mar/2023:09:58:27 +0800] "GET /xingrg/all/function/internal_message.html?_=1678240725089&CODE_STATE=getMsg HTTP/1.1" 200 27
116.238.139.35 - - [08/Mar/2023:09:58:28 +0800] "GET /xingrg/all/function/internal_message.html?_=1678240727467&CODE_STATE=getMsg HTTP/1.1" 200 27
222.70.221.209 - - [08/Mar/2023:09:58:32 +0800] "GET /xingrg/all/function/internal_message.html?_=1678240850274&CODE_STATE=getMsg HTTP/1.1" 200 27
101.229.22.234 - - [08/Mar/2023:09:58:36 +0800] "GET /xingrg/kc/buy/cgsh_order_operate.html?command=get_materiel&rest_code=00142&code=00101001225&supplier_code=00100161&order_time=2023-03-08 HTTP/1.1" 200 412
116.230.118.11 - - [08/Mar/2023:09:58:40 +0800] "GET /xingrg/all/function/internal_message.html?_=1678240749038&CODE_STATE=getMsg HTTP/1.1" 200 27
124.79.72.155 - - [08/Mar/2023:09:58:42 +0800] "GET /xingrg/all/function/internal_message.html?_=1678240745085&CODE_STATE=getMsg HTTP/1.1" 200 27
101.229.22.234 - - [08/Mar/2023:09:58:47 +0800] "GET /xingrg/kc/buy/cgsh_order_operate.html?command=get_materiel&rest_code=00142&code=00101008108&supplier_code=00100161&order_time=2023-03-08 HTTP/1.1" 200 412
180.164.3.199 - - [08/Mar/2023:09:58:50 +0800] "GET /xingrg/all/function/internal_message.html?_=1678240748161&CODE_STATE=getMsg HTTP/1.1" 200 27
101.83.241.0 - - [08/Mar/2023:09:58:59 +0800] "GET /xingrg/all/function/internal_message.html?_=1678240756728&CODE_STATE=getMsg HTTP/1.1" 200 27
101.229.22.234 - - [08/Mar/2023:09:59:00 +0800] "GET /xingrg/kc/buy/cgsh_order_operate.html?command=get_materiel&rest_code=00142&code=00101008005&supplier_code=00100161&order_time=2023-03-08 HTTP/1.1" 200 412
116.192.124.172 - - [08/Mar/2023:09:59:00 +0800] "GET /xingrg/all/function/internal_message.html?_=1678240759564&CODE_STATE=getMsg HTTP/1.1" 200 27
58.40.7.146 - - [08/Mar/2023:09:59:01 +0800] "GET /xingrg/all/function/internal_message.html?_=1678240760029&CODE_STATE=getMsg HTTP/1.1" 200 27
114.83.222.182 - - [08/Mar/2023:09:59:05 +0800] "GET /xingrg/all/function/internal_message.html?_=1678240826745&CODE_STATE=getMsg HTTP/1.1" 200 27
114.83.222.182 - - [08/Mar/2023:09:59:05 +0800] "GET /xingrg/check_reg.html?_=1678240826747 HTTP/1.1" 200 22
58.40.7.146 - - [08/Mar/2023:09:59:09 +0800] "GET /xingrg/all/function/internal_message.html?_=1678240767392&CODE_STATE=getMsg HTTP/1.1" 200 27
222.70.221.209 - - [08/Mar/2023:09:59:09 +0800] "GET /xingrg/all/function/internal_message.html?_=1678240768361&CODE_STATE=getMsg HTTP/1.1" 200 27
101.229.22.234 - - [08/Mar/2023:09:59:10 +0800] "GET /xingrg/kc/buy/cgsh_order_operate.html?command=get_materiel&rest_code=00142&code=00101008059&supplier_code=00100161&order_time=2023-03-08 HTTP/1.1" 200 408
120.253.135.82 - - [08/Mar/2023:09:59:19 +0800] "GET /xingrg/all/function/internal_message.html?_=1678240906415&CODE_STATE=getMsg HTTP/1.1" 200 27
116.225.84.253 - - [08/Mar/2023:09:59:19 +0800] "POST /xingrg/services/DataTransmitService HTTP/1.1" 200 524
116.225.84.253 - - [08/Mar/2023:09:59:19 +0800] "POST /xingrg/services/DataTransmitService HTTP/1.1" 200 501
120.253.135.82 - - [08/Mar/2023:09:59:21 +0800] "GET /xingrg/check_reg.html?_=1678240605648 HTTP/1.1" 200 22
120.253.135.82 - - [08/Mar/2023:09:59:21 +0800] "GET /xingrg/kc/pszx/mdqp_order_list.html?state=10 HTTP/1.1" 200 10713
120.253.135.82 - - [08/Mar/2023:09:59:21 +0800] "GET /xingrg/dwr/interface/AjaxReportQueryService.js HTTP/1.1" 200 13203
120.253.135.82 - - [08/Mar/2023:09:59:21 +0800] "GET /xingrg/dwr/interface/AjaxQqpsService.js HTTP/1.1" 200 16326
120.253.135.82 - - [08/Mar/2023:09:59:21 +0800] "GET /xingrg/dwr/engine.js HTTP/1.1" 200 43631
120.253.135.82 - - [08/Mar/2023:09:59:24 +0800] "GET /xingrg/kc/pszx/mdqp_order_list.html?state=10 HTTP/1.1" 200 10713
120.253.135.82 - - [08/Mar/2023:09:59:24 +0800] "GET /xingrg/dwr/interface/AjaxReportQueryService.js HTTP/1.1" 200 13203
120.253.135.82 - - [08/Mar/2023:09:59:24 +0800] "GET /xingrg/dwr/interface/AjaxQqpsService.js HTTP/1.1" 200 16326
120.253.135.82 - - [08/Mar/2023:09:59:24 +0800] "GET /xingrg/dwr/engine.js HTTP/1.1" 200 43631
116.225.84.253 - - [08/Mar/2023:09:59:25 +0800] "GET /xingrg/all/function/internal_message.html?_=1678240628006&CODE_STATE=getMsg HTTP/1.1" 200 27
101.229.22.234 - - [08/Mar/2023:09:59:25 +0800] "GET /xingrg/all/function/internal_message.html?_=1678240782829&CODE_STATE=getMsg HTTP/1.1" 200 27
180.169.147.146 - - [08/Mar/2023:09:59:27 +0800] "GET /xingrg/all/function/internal_message.html?_=1678240785084&CODE_STATE=getMsg HTTP/1.1" 200 27
116.238.139.35 - - [08/Mar/2023:09:59:28 +0800] "GET /xingrg/all/function/internal_message.html?_=1678240787468&CODE_STATE=getMsg HTTP/1.1" 200 27
116.224.106.218 - - [08/Mar/2023:09:59:31 +0800] "GET /xingrg/check_reg.html?_=1678240789592 HTTP/1.1" 200 22
222.70.221.209 - - [08/Mar/2023:09:59:32 +0800] "GET /xingrg/all/function/internal_message.html?_=1678240910268&CODE_STATE=getMsg HTTP/1.1" 200 27
101.229.22.234 - - [08/Mar/2023:09:59:32 +0800] "GET /xingrg/kc/buy/cgsh_order_operate.html?command=get_materiel&rest_code=00142&code=00101008199&supplier_code=00100161&order_time=2023-03-08 HTTP/1.1" 200 408
116.230.118.11 - - [08/Mar/2023:09:59:40 +0800] "GET /xingrg/all/function/internal_message.html?_=1678240809040&CODE_STATE=getMsg HTTP/1.1" 200 27
101.229.22.234 - - [08/Mar/2023:09:59:41 +0800] "GET /xingrg/kc/buy/cgsh_order_operate.html?command=get_materiel&rest_code=00142&code=00101008361&supplier_code=00100161&order_time=2023-03-08 HTTP/1.1" 200 408
124.79.72.155 - - [08/Mar/2023:09:59:42 +0800] "GET /xingrg/all/function/internal_message.html?_=1678240805085&CODE_STATE=getMsg HTTP/1.1" 200 27
180.164.3.199 - - [08/Mar/2023:09:59:50 +0800] "GET /xingrg/all/function/internal_message.html?_=1678240808154&CODE_STATE=getMsg HTTP/1.1" 200 27
101.229.22.234 - - [08/Mar/2023:09:59:52 +0800] "GET /xingrg/kc/buy/cgsh_order_operate.html?command=get_materiel&rest_code=00142&code=00101008155&supplier_code=00100161&order_time=2023-03-08 HTTP/1.1" 200 408
101.83.241.0 - - [08/Mar/2023:09:59:59 +0800] "GET /xingrg/all/function/internal_message.html?_=1678240816730&CODE_STATE=getMsg HTTP/1.1" 200 27
116.192.124.172 - - [08/Mar/2023:10:00:00 +0800] "GET /xingrg/all/function/internal_message.html?_=1678240819532&CODE_STATE=getMsg HTTP/1.1" 200 27
58.40.7.146 - - [08/Mar/2023:10:00:01 +0800] "GET /xingrg/all/function/internal_message.html?_=1678240820085&CODE_STATE=getMsg HTTP/1.1" 200 27
101.229.22.234 - - [08/Mar/2023:10:00:03 +0800] "GET /xingrg/kc/buy/cgsh_order_operate.html?command=get_materiel&rest_code=00142&code=00101008355&supplier_code=00100161&order_time=2023-03-08 HTTP/1.1" 200 408
114.83.222.182 - - [08/Mar/2023:10:00:05 +0800] "GET /xingrg/all/function/internal_message.html?_=1678240886748&CODE_STATE=getMsg HTTP/1.1" 200 27
58.40.7.146 - - [08/Mar/2023:10:00:08 +0800] "GET /xingrg/all/function/internal_message.html?_=1678240827430&CODE_STATE=getMsg HTTP/1.1" 200 27
222.70.221.209 - - [08/Mar/2023:10:00:09 +0800] "GET /xingrg/all/function/internal_message.html?_=1678240828368&CODE_STATE=getMsg HTTP/1.1" 200 27
101.229.22.234 - - [08/Mar/2023:10:00:16 +0800] "GET /xingrg/kc/buy/cgsh_order_operate.html?command=get_materiel&rest_code=00142&code=00101008024&supplier_code=00100161&order_time=2023-03-08 HTTP/1.1" 200 408
120.253.135.82 - - [08/Mar/2023:10:00:19 +0800] "GET /xingrg/all/function/internal_message.html?_=1678240966409&CODE_STATE=getMsg HTTP/1.1" 200 27
116.225.84.253 - - [08/Mar/2023:10:00:25 +0800] "GET /xingrg/all/function/internal_message.html?_=1678240687992&CODE_STATE=getMsg HTTP/1.1" 200 27
101.229.22.234 - - [08/Mar/2023:10:00:25 +0800] "GET /xingrg/all/function/internal_message.html?_=1678240842813&CODE_STATE=getMsg HTTP/1.1" 200 27
180.169.147.146 - - [08/Mar/2023:10:00:27 +0800] "GET /xingrg/all/function/internal_message.html?_=1678240845084&CODE_STATE=getMsg HTTP/1.1" 200 27
116.238.139.35 - - [08/Mar/2023:10:00:28 +0800] "GET /xingrg/check_reg.html?_=1678240847470 HTTP/1.1" 200 22
116.238.139.35 - - [08/Mar/2023:10:00:28 +0800] "GET /xingrg/all/function/internal_message.html?_=1678240847473&CODE_STATE=getMsg HTTP/1.1" 200 27
101.229.22.234 - - [08/Mar/2023:10:00:31 +0800] "GET /xingrg/kc/buy/cgsh_order_operate.html?command=get_materiel&rest_code=00142&code=00101008372&supplier_code=00100161&order_time=2023-03-08 HTTP/1.1" 200 408
222.70.221.209 - - [08/Mar/2023:10:00:32 +0800] "GET /xingrg/all/function/internal_message.html?_=1678240970262&CODE_STATE=getMsg HTTP/1.1" 200 27
222.70.221.209 - - [08/Mar/2023:10:00:32 +0800] "GET /xingrg/check_reg.html?_=1678240970268 HTTP/1.1" 200 22
116.230.118.11 - - [08/Mar/2023:10:00:39 +0800] "GET /xingrg/check_reg.html?_=1678240868333 HTTP/1.1" 200 22
116.230.118.11 - - [08/Mar/2023:10:00:40 +0800] "GET /xingrg/all/function/internal_message.html?_=1678240869057&CODE_STATE=getMsg HTTP/1.1" 200 27
180.169.147.146 - - [08/Mar/2023:10:00:42 +0800] "GET /xingrg/check_reg.html?_=1678240862309 HTTP/1.1" 302 -
124.79.72.155 - - [08/Mar/2023:10:00:42 +0800] "GET /xingrg/all/function/internal_message.html?_=1678240865161&CODE_STATE=getMsg HTTP/1.1" 200 27
101.229.22.234 - - [08/Mar/2023:10:00:43 +0800] "GET /xingrg/kc/buy/cgsh_order_operate.html?command=get_materiel&rest_code=00142&code=00101008356&supplier_code=00100161&order_time=2023-03-08 HTTP/1.1" 200 408
180.164.3.199 - - [08/Mar/2023:10:00:50 +0800] "GET /xingrg/all/function/internal_message.html?_=1678240868160&CODE_STATE=getMsg HTTP/1.1" 200 27
101.229.22.234 - - [08/Mar/2023:10:00:53 +0800] "POST /xingrg/kc/buy/cgsh_order_operate.html HTTP/1.1" 200 37
101.229.22.234 - - [08/Mar/2023:10:00:54 +0800] "POST /xingrg/kc/buy/cgsh_order_operate.html HTTP/1.1" 200 7939
101.83.241.0 - - [08/Mar/2023:10:00:59 +0800] "GET /xingrg/all/function/internal_message.html?_=1678240876754&CODE_STATE=getMsg HTTP/1.1" 200 27
116.192.124.172 - - [08/Mar/2023:10:01:00 +0800] "GET /xingrg/all/function/internal_message.html?_=1678240879514&CODE_STATE=getMsg HTTP/1.1" 200 27
101.229.22.234 - - [08/Mar/2023:10:01:01 +0800] "POST /xingrg/kc/buy/cgsh_order_operate.html HTTP/1.1" 200 37
58.40.7.146 - - [08/Mar/2023:10:01:01 +0800] "GET /xingrg/all/function/internal_message.html?_=1678240880114&CODE_STATE=getMsg HTTP/1.1" 200 27
101.229.22.234 - - [08/Mar/2023:10:01:03 +0800] "POST /xingrg/kc/buy/cgsh_order_operate.html HTTP/1.1" 200 7939
101.229.22.234 - - [08/Mar/2023:10:01:03 +0800] "GET /xingrg/javascript/jquery_easy_ui/themes/default/images/tabs_active.png HTTP/1.1" 304 -
114.83.222.182 - - [08/Mar/2023:10:01:05 +0800] "GET /xingrg/all/function/internal_message.html?_=1678240946758&CODE_STATE=getMsg HTTP/1.1" 200 27
101.229.22.234 - - [08/Mar/2023:10:01:07 +0800] "POST /xingrg/kc/buy/cgsh_list_operate.html HTTP/1.1" 200 1869
58.40.7.146 - - [08/Mar/2023:10:01:08 +0800] "GET /xingrg/all/function/internal_message.html?_=1678240887457&CODE_STATE=getMsg HTTP/1.1" 200 27
222.70.221.209 - - [08/Mar/2023:10:01:09 +0800] "GET /xingrg/all/function/internal_message.html?_=1678240888376&CODE_STATE=getMsg HTTP/1.1" 200 27
120.253.135.82 - - [08/Mar/2023:10:01:19 +0800] "GET /xingrg/all/function/internal_message.html?_=1678241026414&CODE_STATE=getMsg HTTP/1.1" 200 27
101.229.22.234 - - [08/Mar/2023:10:01:25 +0800] "GET /xingrg/check_reg.html?_=1678240902037 HTTP/1.1" 200 22
116.225.84.253 - - [08/Mar/2023:10:01:25 +0800] "GET /xingrg/all/function/internal_message.html?_=1678240747978&CODE_STATE=getMsg HTTP/1.1" 200 27
101.229.22.234 - - [08/Mar/2023:10:01:25 +0800] "GET /xingrg/all/function/internal_message.html?_=1678240902788&CODE_STATE=getMsg HTTP/1.1" 200 27
180.169.147.146 - - [08/Mar/2023:10:01:27 +0800] "GET /xingrg/all/function/internal_message.html?_=1678240905061&CODE_STATE=getMsg HTTP/1.1" 200 27
180.169.147.146 - - [08/Mar/2023:10:01:27 +0800] "GET /xingrg/check_reg.html?_=1678240905369 HTTP/1.1" 200 22
116.238.139.35 - - [08/Mar/2023:10:01:28 +0800] "GET /xingrg/all/function/internal_message.html?_=1678240907460&CODE_STATE=getMsg HTTP/1.1" 200 27
222.70.182.154 - - [08/Mar/2023:10:01:31 +0800] "GET /xingrg/check_reg.html?_=1678240909306 HTTP/1.1" 200 22
222.70.221.209 - - [08/Mar/2023:10:01:32 +0800] "GET /xingrg/all/function/internal_message.html?_=1678241030257&CODE_STATE=getMsg HTTP/1.1" 200 27
222.70.182.154 - - [08/Mar/2023:10:01:36 +0800] "GET /xingrg/kc/buy/cgsh_order_list.html HTTP/1.1" 200 54179
116.230.118.11 - - [08/Mar/2023:10:01:40 +0800] "GET /xingrg/all/function/internal_message.html?_=1678240929068&CODE_STATE=getMsg HTTP/1.1" 200 27
124.79.72.155 - - [08/Mar/2023:10:01:42 +0800] "GET /xingrg/all/function/internal_message.html?_=1678240925173&CODE_STATE=getMsg HTTP/1.1" 200 27
180.164.3.199 - - [08/Mar/2023:10:01:50 +0800] "GET /xingrg/all/function/internal_message.html?_=1678240928158&CODE_STATE=getMsg HTTP/1.1" 200 27
222.70.182.154 - - [08/Mar/2023:10:01:58 +0800] "GET /xingrg/login.html HTTP/1.1" 200 7641
222.70.182.154 - - [08/Mar/2023:10:01:59 +0800] "GET /favicon.ico HTTP/1.1" 404 -
101.83.241.0 - - [08/Mar/2023:10:01:59 +0800] "GET /xingrg/check_reg.html?_=1678240936756 HTTP/1.1" 200 22
101.83.241.0 - - [08/Mar/2023:10:01:59 +0800] "GET /xingrg/all/function/internal_message.html?_=1678240936757&CODE_STATE=getMsg HTTP/1.1" 200 27
116.192.124.172 - - [08/Mar/2023:10:02:00 +0800] "GET /xingrg/all/function/internal_message.html?_=1678240939500&CODE_STATE=getMsg HTTP/1.1" 200 27
58.40.7.146 - - [08/Mar/2023:10:02:01 +0800] "GET /xingrg/all/function/internal_message.html?_=1678240940087&CODE_STATE=getMsg HTTP/1.1" 200 27
222.70.182.154 - - [08/Mar/2023:10:02:04 +0800] "POST /xingrg/kc/buy/cgsh_list_operate.html HTTP/1.1" 200 5862
114.83.222.182 - - [08/Mar/2023:10:02:05 +0800] "GET /xingrg/all/function/internal_message.html?_=1678241006751&CODE_STATE=getMsg HTTP/1.1" 200 27
58.40.7.146 - - [08/Mar/2023:10:02:08 +0800] "GET /xingrg/check_reg.html?_=1678240947117 HTTP/1.1" 200 22
58.40.7.146 - - [08/Mar/2023:10:02:08 +0800] "GET /xingrg/all/function/internal_message.html?_=1678240947430&CODE_STATE=getMsg HTTP/1.1" 200 27
222.70.182.154 - - [08/Mar/2023:10:02:09 +0800] "POST /xingrg/login.do HTTP/1.1" 302 -
222.70.182.154 - - [08/Mar/2023:10:02:09 +0800] "GET /xingrg/index.html?sysBaseUrl=http%3A%2F%2F180.169.147.146%3A18081%2Fxingrg%2F&costTime=41×tamp=1678240929262 HTTP/1.1" 200 17173
222.70.182.154 - - [08/Mar/2023:10:02:09 +0800] "GET /favicon.ico HTTP/1.1" 404 -
222.70.182.154 - - [08/Mar/2023:10:02:09 +0800] "POST /xingrg/all/common/load_tree.html?tree=area_rest_tree_json&manage=1 HTTP/1.1" 200 342
222.70.182.154 - - [08/Mar/2023:10:02:09 +0800] "GET /xingrg/check_reg.html?_=1678240947112 HTTP/1.1" 200 22
222.70.182.154 - - [08/Mar/2023:10:02:09 +0800] "GET /xingrg/all/function/internal_message.html?_=1678240947111&CODE_STATE=count HTTP/1.1" 200 11
222.70.182.154 - - [08/Mar/2023:10:02:09 +0800] "POST /xingrg/load_menu.html HTTP/1.1" 200 5138
222.70.221.209 - - [08/Mar/2023:10:02:09 +0800] "GET /xingrg/check_reg.html?_=1678240948378 HTTP/1.1" 200 22
222.70.221.209 - - [08/Mar/2023:10:02:09 +0800] "GET /xingrg/all/function/internal_message.html?_=1678240948381&CODE_STATE=getMsg HTTP/1.1" 200 27
222.70.182.154 - - [08/Mar/2023:10:02:12 +0800] "GET /xingrg/kc/buy/buy_main.html HTTP/1.1" 200 12412
222.70.182.154 - - [08/Mar/2023:10:02:12 +0800] "GET /xingrg/css/new_ie.css HTTP/1.1" 404 1036
222.70.182.154 - - [08/Mar/2023:10:02:13 +0800] "GET /xingrg/images/yd/bt.gif HTTP/1.1" 404 1040
222.70.182.154 - - [08/Mar/2023:10:02:14 +0800] "GET /xingrg/kc/buy/cgsh_order_list.html HTTP/1.1" 200 54179
120.253.135.82 - - [08/Mar/2023:10:02:19 +0800] "GET /xingrg/all/function/internal_message.html?_=1678241086424&CODE_STATE=getMsg HTTP/1.1" 200 27
120.253.135.82 - - [08/Mar/2023:10:02:19 +0800] "GET /xingrg/check_reg.html?_=1678241086426 HTTP/1.1" 200 22
116.225.84.253 - - [08/Mar/2023:10:02:25 +0800] "GET /xingrg/all/function/internal_message.html?_=1678240807948&CODE_STATE=getMsg HTTP/1.1" 200 27
101.229.22.234 - - [08/Mar/2023:10:02:25 +0800] "GET /xingrg/all/function/internal_message.html?_=1678240962773&CODE_STATE=getMsg HTTP/1.1" 200 27
180.169.147.146 - - [08/Mar/2023:10:02:27 +0800] "GET /xingrg/all/function/internal_message.html?_=1678240965048&CODE_STATE=getMsg HTTP/1.1" 200 27
116.238.139.35 - - [08/Mar/2023:10:02:28 +0800] "GET /xingrg/all/function/internal_message.html?_=1678240967460&CODE_STATE=getMsg HTTP/1.1" 200 27
222.70.221.209 - - [08/Mar/2023:10:02:32 +0800] "GET /xingrg/all/function/internal_message.html?_=1678241090265&CODE_STATE=getMsg HTTP/1.1" 200 27
116.230.118.11 - - [08/Mar/2023:10:02:40 +0800] "GET /xingrg/all/function/internal_message.html?_=1678240989081&CODE_STATE=getMsg HTTP/1.1" 200 27
222.70.182.154 - - [08/Mar/2023:10:02:42 +0800] "POST /xingrg/kc/buy/cgsh_list_operate.html HTTP/1.1" 200 5862
124.79.72.155 - - [08/Mar/2023:10:02:42 +0800] "GET /xingrg/check_reg.html?_=1678240985111 HTTP/1.1" 200 22
124.79.72.155 - - [08/Mar/2023:10:02:42 +0800] "GET /xingrg/all/function/internal_message.html?_=1678240985151&CODE_STATE=getMsg HTTP/1.1" 200 27
180.164.3.199 - - [08/Mar/2023:10:02:50 +0800] "GET /xingrg/all/function/internal_message.html?_=1678240988153&CODE_STATE=getMsg HTTP/1.1" 200 27
180.164.3.199 - - [08/Mar/2023:10:02:50 +0800] "GET /xingrg/check_reg.html?_=1678240988155 HTTP/1.1" 200 22
101.83.241.0 - - [08/Mar/2023:10:02:59 +0800] "GET /xingrg/all/function/internal_message.html?_=1678240996760&CODE_STATE=getMsg HTTP/1.1" 200 27
116.192.124.172 - - [08/Mar/2023:10:03:00 +0800] "GET /xingrg/all/function/internal_message.html?_=1678240999474&CODE_STATE=getMsg HTTP/1.1" 200 27
116.192.124.172 - - [08/Mar/2023:10:03:01 +0800] "GET /xingrg/check_reg.html?_=1678241000096 HTTP/1.1" 200 22
58.40.7.146 - - [08/Mar/2023:10:03:01 +0800] "GET /xingrg/all/function/internal_message.html?_=1678241000057&CODE_STATE=getMsg HTTP/1.1" 200 27
58.40.7.146 - - [08/Mar/2023:10:03:01 +0800] "GET /xingrg/check_reg.html?_=1678241000542 HTTP/1.1" 200 22
114.83.222.182 - - [08/Mar/2023:10:03:05 +0800] "GET /xingrg/all/function/internal_message.html?_=1678241066761&CODE_STATE=getMsg HTTP/1.1" 200 27
58.40.7.146 - - [08/Mar/2023:10:03:08 +0800] "GET /xingrg/all/function/internal_message.html?_=1678241007417&CODE_STATE=getMsg HTTP/1.1" 200 27
222.70.182.154 - - [08/Mar/2023:10:03:09 +0800] "GET /xingrg/all/function/internal_message.html?_=1678241007124&CODE_STATE=getMsg HTTP/1.1" 200 27
222.70.221.209 - - [08/Mar/2023:10:03:09 +0800] "GET /xingrg/all/function/internal_message.html?_=1678241008372&CODE_STATE=getMsg HTTP/1.1" 200 27
222.70.182.154 - - [08/Mar/2023:10:03:18 +0800] "POST /xingrg/kc/buy/cgsh_list_operate.html HTTP/1.1" 200 4
120.253.135.82 - - [08/Mar/2023:10:03:19 +0800] "GET /xingrg/all/function/internal_message.html?_=1678241146431&CODE_STATE=getMsg HTTP/1.1" 200 27
116.225.84.253 - - [08/Mar/2023:10:03:25 +0800] "GET /xingrg/all/function/internal_message.html?_=1678240867918&CODE_STATE=getMsg HTTP/1.1" 200 27
101.229.22.234 - - [08/Mar/2023:10:03:25 +0800] "GET /xingrg/all/function/internal_message.html?_=1678241022758&CODE_STATE=getMsg HTTP/1.1" 200 27
116.225.84.253 - - [08/Mar/2023:10:03:26 +0800] "GET /xingrg/check_reg.html?_=1678240869527 HTTP/1.1" 200 22
180.169.147.146 - - [08/Mar/2023:10:03:27 +0800] "GET /xingrg/all/function/internal_message.html?_=1678241025032&CODE_STATE=getMsg HTTP/1.1" 200 27
116.238.139.35 - - [08/Mar/2023:10:03:28 +0800] "GET /xingrg/all/function/internal_message.html?_=1678241027463&CODE_STATE=getMsg HTTP/1.1" 200 27
222.70.221.209 - - [08/Mar/2023:10:03:32 +0800] "GET /xingrg/all/function/internal_message.html?_=1678241150273&CODE_STATE=getMsg HTTP/1.1" 200 27
222.70.182.154 - - [08/Mar/2023:10:03:35 +0800] "POST /xingrg/kc/buy/cgsh_list_operate.html HTTP/1.1" 200 5686
116.230.118.11 - - [08/Mar/2023:10:03:40 +0800] "GET /xingrg/all/function/internal_message.html?_=1678241049103&CODE_STATE=getMsg HTTP/1.1" 200 27
124.79.72.155 - - [08/Mar/2023:10:03:42 +0800] "GET /xingrg/all/function/internal_message.html?_=1678241045135&CODE_STATE=getMsg HTTP/1.1" 200 27
222.67.232.202 - - [08/Mar/2023:10:03:50 +0800] "GET /xingrg/check_reg.html?_=1678240602501 HTTP/1.1" 302 -
180.164.3.199 - - [08/Mar/2023:10:03:50 +0800] "GET /xingrg/all/function/internal_message.html?_=1678241048161&CODE_STATE=getMsg HTTP/1.1" 200 27
222.67.232.202 - - [08/Mar/2023:10:03:50 +0800] "GET /xingrg/login.html HTTP/1.1" 200 7641
101.83.241.0 - - [08/Mar/2023:10:03:59 +0800] "GET /xingrg/all/function/internal_message.html?_=1678241056761&CODE_STATE=getMsg HTTP/1.1" 200 27
116.192.124.172 - - [08/Mar/2023:10:04:00 +0800] "GET /xingrg/all/function/internal_message.html?_=1678241059459&CODE_STATE=getMsg HTTP/1.1" 200 27
58.40.7.146 - - [08/Mar/2023:10:04:01 +0800] "GET /xingrg/all/function/internal_message.html?_=1678241060029&CODE_STATE=getMsg HTTP/1.1" 200 27
114.83.222.182 - - [08/Mar/2023:10:04:05 +0800] "GET /xingrg/all/function/internal_message.html?_=1678241126749&CODE_STATE=getMsg HTTP/1.1" 200 27
114.83.222.182 - - [08/Mar/2023:10:04:05 +0800] "GET /xingrg/check_reg.html?_=1678241126747 HTTP/1.1" 200 22
222.70.182.154 - - [08/Mar/2023:10:04:07 +0800] "POST /xingrg/kc/buy/cgsh_list_operate.html HTTP/1.1" 200 4
58.40.7.146 - - [08/Mar/2023:10:04:08 +0800] "GET /xingrg/all/function/internal_message.html?_=1678241067404&CODE_STATE=getMsg HTTP/1.1" 200 27
222.70.221.209 - - [08/Mar/2023:10:04:09 +0800] "GET /xingrg/all/function/internal_message.html?_=1678241068380&CODE_STATE=getMsg HTTP/1.1" 200 27
222.70.182.154 - - [08/Mar/2023:10:04:10 +0800] "GET /xingrg/all/function/internal_message.html?_=1678241068158&CODE_STATE=getMsg HTTP/1.1" 200 27
222.70.182.154 - - [08/Mar/2023:10:04:11 +0800] "POST /xingrg/kc/buy/cgsh_list_operate.html HTTP/1.1" 200 986
222.70.182.154 - - [08/Mar/2023:10:04:14 +0800] "GET /xingrg/kc/buy/cgsh_order_add.html HTTP/1.1" 200 69917
222.70.182.154 - - [08/Mar/2023:10:04:14 +0800] "GET /xingrg/words/20230307174845_words.js HTTP/1.1" 304 -
222.70.182.154 - - [08/Mar/2023:10:04:14 +0800] "GET /xingrg/all/common/auto_word.html?type=employee&rest_code=00111 HTTP/1.1" 200 155
222.70.182.154 - - [08/Mar/2023:10:04:14 +0800] "GET /xingrg/javascript/easyui/themes/default/validatebox.css HTTP/1.1" 404 1104
222.70.182.154 - - [08/Mar/2023:10:04:14 +0800] "GET /xingrg/all/common/auto_word.html?type=employee&rest_code=00111 HTTP/1.1" 200 155
222.70.182.154 - - [08/Mar/2023:10:04:14 +0800] "POST /xingrg/kc/buy/cgsh_order_operate.html HTTP/1.1" 200 8245
222.70.182.154 - - [08/Mar/2023:10:04:15 +0800] "GET /xingrg/javascript/auto/indicator.gif HTTP/1.1" 404 1066
120.253.135.82 - - [08/Mar/2023:10:04:19 +0800] "GET /xingrg/all/function/internal_message.html?_=1678241206428&CODE_STATE=getMsg HTTP/1.1" 200 27
120.253.135.82 - - [08/Mar/2023:10:04:21 +0800] "GET /xingrg/check_reg.html?_=1678240905652 HTTP/1.1" 200 22
116.225.84.253 - - [08/Mar/2023:10:04:25 +0800] "GET /xingrg/all/function/internal_message.html?_=1678240927889&CODE_STATE=getMsg HTTP/1.1" 200 27
101.229.22.234 - - [08/Mar/2023:10:04:25 +0800] "GET /xingrg/all/function/internal_message.html?_=1678241082743&CODE_STATE=getMsg HTTP/1.1" 200 27
180.169.147.146 - - [08/Mar/2023:10:04:27 +0800] "GET /xingrg/all/function/internal_message.html?_=1678241085032&CODE_STATE=getMsg HTTP/1.1" 200 27
116.238.139.35 - - [08/Mar/2023:10:04:28 +0800] "GET /xingrg/all/function/internal_message.html?_=1678241087464&CODE_STATE=getMsg HTTP/1.1" 200 27
116.224.106.218 - - [08/Mar/2023:10:04:31 +0800] "GET /xingrg/check_reg.html?_=1678241089606 HTTP/1.1" 200 22
222.70.221.209 - - [08/Mar/2023:10:04:32 +0800] "GET /xingrg/all/function/internal_message.html?_=1678241210274&CODE_STATE=getMsg HTTP/1.1" 200 27
222.70.182.154 - - [08/Mar/2023:10:04:33 +0800] "GET /xingrg/javascript/jquery_tools/images/next.gif HTTP/1.1" 404 1086
222.70.182.154 - - [08/Mar/2023:10:04:33 +0800] "GET /xingrg/javascript/jquery_tools/images/prev.gif HTTP/1.1" 404 1086
116.230.118.11 - - [08/Mar/2023:10:04:40 +0800] "GET /xingrg/all/function/internal_message.html?_=1678241109109&CODE_STATE=getMsg HTTP/1.1" 200 27
124.79.72.155 - - [08/Mar/2023:10:04:42 +0800] "GET /xingrg/all/function/internal_message.html?_=1678241105110&CODE_STATE=getMsg HTTP/1.1" 200 27
180.164.3.199 - - [08/Mar/2023:10:04:50 +0800] "GET /xingrg/all/function/internal_message.html?_=1678241108155&CODE_STATE=getMsg HTTP/1.1" 200 27
101.83.241.0 - - [08/Mar/2023:10:04:59 +0800] "GET /xingrg/all/function/internal_message.html?_=1678241116769&CODE_STATE=getMsg HTTP/1.1" 200 27
116.192.124.172 - - [08/Mar/2023:10:05:00 +0800] "GET /xingrg/all/function/internal_message.html?_=1678241119437&CODE_STATE=getMsg HTTP/1.1" 200 27
58.40.7.146 - - [08/Mar/2023:10:05:01 +0800] "GET /xingrg/all/function/internal_message.html?_=1678241120016&CODE_STATE=getMsg HTTP/1.1" 200 27
114.83.222.182 - - [08/Mar/2023:10:05:05 +0800] "GET /xingrg/all/function/internal_message.html?_=1678241186765&CODE_STATE=getMsg HTTP/1.1" 200 27
58.40.7.146 - - [08/Mar/2023:10:05:08 +0800] "GET /xingrg/all/function/internal_message.html?_=1678241127389&CODE_STATE=getMsg HTTP/1.1" 200 27
222.70.221.209 - - [08/Mar/2023:10:05:09 +0800] "GET /xingrg/all/function/internal_message.html?_=1678241128383&CODE_STATE=getMsg HTTP/1.1" 200 27
222.70.182.154 - - [08/Mar/2023:10:05:10 +0800] "GET /xingrg/all/function/internal_message.html?_=1678241128146&CODE_STATE=getMsg HTTP/1.1" 200 27
120.253.135.82 - - [08/Mar/2023:10:05:19 +0800] "GET /xingrg/all/function/internal_message.html?_=1678241266433&CODE_STATE=getMsg HTTP/1.1" 200 27
180.164.3.199 - - [08/Mar/2023:10:05:20 +0800] "GET /xingrg/kc/buy/cgsh_order_list.html HTTP/1.1" 200 54189
180.164.3.199 - - [08/Mar/2023:10:05:21 +0800] "POST /xingrg/kc/buy/cgsh_list_operate.html HTTP/1.1" 200 986
116.225.84.253 - - [08/Mar/2023:10:05:25 +0800] "GET /xingrg/all/function/internal_message.html?_=1678240987874&CODE_STATE=getMsg HTTP/1.1" 200 27
101.229.22.234 - - [08/Mar/2023:10:05:25 +0800] "GET /xingrg/all/function/internal_message.html?_=1678241142728&CODE_STATE=getMsg HTTP/1.1" 200 27
222.70.182.154 - - [08/Mar/2023:10:05:27 +0800] "GET /xingrg/kc/buy/cgsh_order_operate.html?command=get_materiel&rest_code=00111&code=00101002027&supplier_code=00100199&order_time=2023-03-08 HTTP/1.1" 200 415
180.169.147.146 - - [08/Mar/2023:10:05:27 +0800] "GET /xingrg/all/function/internal_message.html?_=1678241145014&CODE_STATE=getMsg HTTP/1.1" 200 27
116.238.139.35 - - [08/Mar/2023:10:05:28 +0800] "GET /xingrg/all/function/internal_message.html?_=1678241147465&CODE_STATE=getMsg HTTP/1.1" 200 27
116.238.139.35 - - [08/Mar/2023:10:05:28 +0800] "GET /xingrg/check_reg.html?_=1678241147468 HTTP/1.1" 200 22
222.70.221.209 - - [08/Mar/2023:10:05:32 +0800] "GET /xingrg/check_reg.html?_=1678241270277 HTTP/1.1" 200 22
222.70.221.209 - - [08/Mar/2023:10:05:32 +0800] "GET /xingrg/all/function/internal_message.html?_=1678241270281&CODE_STATE=getMsg HTTP/1.1" 200 27
116.230.118.11 - - [08/Mar/2023:10:05:39 +0800] "GET /xingrg/check_reg.html?_=1678241168341 HTTP/1.1" 200 22
116.230.118.11 - - [08/Mar/2023:10:05:40 +0800] "GET /xingrg/all/function/internal_message.html?_=1678241169121&CODE_STATE=getMsg HTTP/1.1" 200 27
180.169.147.146 - - [08/Mar/2023:10:05:42 +0800] "GET /xingrg/check_reg.html?_=1678241162286 HTTP/1.1" 302 -
124.79.72.155 - - [08/Mar/2023:10:05:42 +0800] "GET /xingrg/all/function/internal_message.html?_=1678241165116&CODE_STATE=getMsg HTTP/1.1" 200 27
180.157.253.110 - - [08/Mar/2023:10:05:42 +0800] "POST /xingrg/services/DataTransmitService HTTP/1.1" 200 524
180.164.3.199 - - [08/Mar/2023:10:05:50 +0800] "GET /xingrg/all/function/internal_message.html?_=1678241168144&CODE_STATE=getMsg HTTP/1.1" 200 27
222.70.182.154 - - [08/Mar/2023:10:05:52 +0800] "GET /xingrg/kc/buy/cgsh_order_operate.html?command=get_materiel&rest_code=00111&code=00101002006&supplier_code=00100199&order_time=2023-03-08 HTTP/1.1" 200 414
180.164.3.199 - - [08/Mar/2023:10:05:52 +0800] "POST /xingrg/kc/buy/cgsh_list_operate.html HTTP/1.1" 200 6253
112.84.81.34 - - [08/Mar/2023:10:05:58 +0800] "GET /favicon.ico HTTP/1.1" 404 -
101.83.241.0 - - [08/Mar/2023:10:05:59 +0800] "GET /xingrg/all/function/internal_message.html?_=1678241176769&CODE_STATE=getMsg HTTP/1.1" 200 27
116.192.124.172 - - [08/Mar/2023:10:06:00 +0800] "GET /xingrg/all/function/internal_message.html?_=1678241179415&CODE_STATE=getMsg HTTP/1.1" 200 27
58.40.7.146 - - [08/Mar/2023:10:06:01 +0800] "GET /xingrg/all/function/internal_message.html?_=1678241180003&CODE_STATE=getMsg HTTP/1.1" 200 27
180.164.3.199 - - [08/Mar/2023:10:06:03 +0800] "POST /xingrg/kc/buy/cgsh_list_operate.html HTTP/1.1" 200 5747
114.83.222.182 - - [08/Mar/2023:10:06:05 +0800] "GET /xingrg/all/function/internal_message.html?_=1678241246765&CODE_STATE=getMsg HTTP/1.1" 200 27
180.164.3.199 - - [08/Mar/2023:10:06:06 +0800] "POST /xingrg/kc/buy/cgsh_list_operate.html HTTP/1.1" 200 283
180.164.3.199 - - [08/Mar/2023:10:06:07 +0800] "GET /xingrg/kc/buy/cgsh_order_info.html?code=212023030602108 HTTP/1.1" 200 64961
180.164.3.199 - - [08/Mar/2023:10:06:07 +0800] "GET /xingrg/javascript/easyui/themes/default/validatebox.css HTTP/1.1" 404 1104
180.164.3.199 - - [08/Mar/2023:10:06:08 +0800] "POST /xingrg/kc/buy/cgsh_order_operate.html HTTP/1.1" 200 1211
58.40.7.146 - - [08/Mar/2023:10:06:08 +0800] "GET /xingrg/all/function/internal_message.html?_=1678241187375&CODE_STATE=getMsg HTTP/1.1" 200 27
222.70.221.209 - - [08/Mar/2023:10:06:09 +0800] "GET /xingrg/all/function/internal_message.html?_=1678241188380&CODE_STATE=getMsg HTTP/1.1" 200 27
222.70.182.154 - - [08/Mar/2023:10:06:10 +0800] "GET /xingrg/all/function/internal_message.html?_=1678241188119&CODE_STATE=getMsg HTTP/1.1" 200 27
120.253.135.82 - - [08/Mar/2023:10:06:19 +0800] "GET /xingrg/all/function/internal_message.html?_=1678241326441&CODE_STATE=getMsg HTTP/1.1" 200 27
101.229.22.234 - - [08/Mar/2023:10:06:25 +0800] "GET /xingrg/check_reg.html?_=1678241202032 HTTP/1.1" 200 22
116.225.84.253 - - [08/Mar/2023:10:06:25 +0800] "GET /xingrg/all/function/internal_message.html?_=1678241047858&CODE_STATE=getMsg HTTP/1.1" 200 27
101.229.22.234 - - [08/Mar/2023:10:06:25 +0800] "GET /xingrg/all/function/internal_message.html?_=1678241202703&CODE_STATE=getMsg HTTP/1.1" 200 27
180.169.147.146 - - [08/Mar/2023:10:06:27 +0800] "GET /xingrg/all/function/internal_message.html?_=1678241205012&CODE_STATE=getMsg HTTP/1.1" 200 27
180.169.147.146 - - [08/Mar/2023:10:06:27 +0800] "GET /xingrg/check_reg.html?_=1678241205359 HTTP/1.1" 200 22
116.238.139.35 - - [08/Mar/2023:10:06:28 +0800] "GET /xingrg/all/function/internal_message.html?_=1678241207470&CODE_STATE=getMsg HTTP/1.1" 200 27
222.70.182.154 - - [08/Mar/2023:10:06:31 +0800] "POST /xingrg/kc/buy/cgsh_order_operate.html HTTP/1.1" 200 37
222.70.221.209 - - [08/Mar/2023:10:06:32 +0800] "GET /xingrg/all/function/internal_message.html?_=1678241330269&CODE_STATE=getMsg HTTP/1.1" 200 27
222.70.182.154 - - [08/Mar/2023:10:06:38 +0800] "POST /xingrg/kc/buy/cgsh_order_operate.html HTTP/1.1" 200 3854
222.70.182.154 - - [08/Mar/2023:10:06:40 +0800] "GET /xingrg/kc/print/load_config.html?kc_code=cgsh HTTP/1.1" 200 1925
116.230.118.11 - - [08/Mar/2023:10:06:40 +0800] "GET /xingrg/all/function/internal_message.html?_=1678241229136&CODE_STATE=getMsg HTTP/1.1" 200 27
222.70.182.154 - - [08/Mar/2023:10:06:40 +0800] "GET /xingrg/kc/print/load_data.html?order_code=212023030802643&kc_code=cgsh&condition= HTTP/1.1" 200 1135
