58.221.95.50 - - [08/Mar/2023:08:44:45 +0800] "GET /xingrg/all/function/internal_message.html?_=1678236305403&CODE_STATE=getMsg HTTP/1.1" 200 27
116.225.84.253 - - [08/Mar/2023:08:44:50 +0800] "GET /xingrg/kc/mdqp/pssh_order_list.html?isBack=1 HTTP/1.1" 200 17928
116.225.84.253 - - [08/Mar/2023:08:44:51 +0800] "POST /xingrg/kc/mdqp/pssh_list_operate.html HTTP/1.1" 200 5371
120.253.135.82 - - [08/Mar/2023:08:44:53 +0800] "GET /xingrg/kc/pszx/mdps_order_add.html HTTP/1.1" 200 29101
120.253.135.82 - - [08/Mar/2023:08:44:53 +0800] "POST /xingrg/kc/pszx/mdps_order_operate.html HTTP/1.1" 200 7126
120.253.135.82 - - [08/Mar/2023:08:44:53 +0800] "GET /xingrg/all/common/auto_word.html?type=base&rest_code=00101 HTTP/1.1" 200 671
120.253.135.82 - - [08/Mar/2023:08:44:53 +0800] "GET /xingrg/javascript/easyui/themes/default/validatebox.css HTTP/1.1" 404 1104
120.253.135.82 - - [08/Mar/2023:08:44:55 +0800] "POST /xingrg/all/common/load_combo.html?type=base HTTP/1.1" 200 1169
180.169.147.146 - - [08/Mar/2023:08:44:55 +0800] "GET /xingrg/all/function/internal_message.html?_=1678236321567&CODE_STATE=getMsg HTTP/1.1" 302 -
120.253.135.82 - - [08/Mar/2023:08:44:59 +0800] "GET /xingrg/javascript/easyui/themes/default/tree.css HTTP/1.1" 404 1090
120.253.135.82 - - [08/Mar/2023:08:44:59 +0800] "POST /xingrg/all/common/load_tree.html?tree=area_rest_tree_json&only_rest=1 HTTP/1.1" 200 3378
116.225.84.253 - - [08/Mar/2023:08:44:59 +0800] "POST /xingrg/kc/mdqp/pssh_list_operate.html HTTP/1.1" 200 771
116.225.84.253 - - [08/Mar/2023:08:44:59 +0800] "GET /xingrg/kc/mdqp/pssh_order_info.html?code=312023030600118 HTTP/1.1" 200 17291
116.225.84.253 - - [08/Mar/2023:08:44:59 +0800] "GET /xingrg/javascript/jquery_tools/jquery-1.4.2.min.js HTTP/1.1" 404 1094
116.225.84.253 - - [08/Mar/2023:08:45:00 +0800] "POST /xingrg/kc/mdqp/pssh_order_operate.html HTTP/1.1" 200 9498
116.225.84.253 - - [08/Mar/2023:08:45:00 +0800] "GET /xingrg/javascript/easyui/themes/default/validatebox.css HTTP/1.1" 404 1104
58.40.7.146 - - [08/Mar/2023:08:45:01 +0800] "GET /xingrg/all/function/internal_message.html?_=1678236319975&CODE_STATE=getMsg HTTP/1.1" 200 27
116.225.84.253 - - [08/Mar/2023:08:45:07 +0800] "POST /xingrg/all/common/load_combo.html?type=employee HTTP/1.1" 200 356
222.70.221.209 - - [08/Mar/2023:08:45:07 +0800] "GET /xingrg/kc/buy/cgsh_order_operate.html?command=get_materiel&rest_code=00155&code=00101008331&supplier_code=00100005&order_time=2023-03-08 HTTP/1.1" 200 416
58.40.7.146 - - [08/Mar/2023:08:45:08 +0800] "GET /xingrg/all/function/internal_message.html?_=1678236327090&CODE_STATE=getMsg HTTP/1.1" 200 27
120.253.135.82 - - [08/Mar/2023:08:45:14 +0800] "GET /xingrg/kc/pszx/mdps_order_operate.html?command=get_materiel&pszx_code=00101&rest_code=00151&base_code=0010250&code=00102002197 HTTP/1.1" 200 459
120.253.135.82 - - [08/Mar/2023:08:45:16 +0800] "POST /xingrg/all/common/load_select.html HTTP/1.1" 200 25
120.253.135.82 - - [08/Mar/2023:08:45:18 +0800] "GET /xingrg/kc/pszx/mdps_order_operate.html?command=get_materiel_price&pszx_code=00101&rest_code=00151&base_code=0010250&code=00102002197&unit_code=00100018&order_time=2023-03-08 HTTP/1.1" 200 35
120.253.135.82 - - [08/Mar/2023:08:45:18 +0800] "GET /xingrg/all/function/internal_message.html?_=1678236465960&CODE_STATE=getMsg HTTP/1.1" 200 27
222.70.221.209 - - [08/Mar/2023:08:45:19 +0800] "GET /xingrg/kc/buy/cgsh_order_operate.html?command=get_materiel&rest_code=00155&code=00101008010&supplier_code=00100005&order_time=2023-03-08 HTTP/1.1" 200 412
120.253.135.82 - - [08/Mar/2023:08:45:23 +0800] "GET /xingrg/all/function/internal_message.html?_=1678236168133&CODE_STATE=getMsg HTTP/1.1" 200 27
116.225.84.253 - - [08/Mar/2023:08:45:24 +0800] "POST /xingrg/kc/mdqp/pssh_order_operate.html HTTP/1.1" 200 37
116.225.84.253 - - [08/Mar/2023:08:45:25 +0800] "POST /xingrg/kc/mdqp/pssh_order_operate.html HTTP/1.1" 200 12
120.253.135.82 - - [08/Mar/2023:08:45:26 +0800] "POST /xingrg/kc/pszx/mdps_order_operate.html HTTP/1.1" 200 37
222.70.221.209 - - [08/Mar/2023:08:45:26 +0800] "GET /xingrg/kc/buy/cgsh_order_operate.html?command=get_materiel&rest_code=00155&code=00101008354&supplier_code=00100005&order_time=2023-03-08 HTTP/1.1" 200 412
116.225.84.253 - - [08/Mar/2023:08:45:26 +0800] "GET /xingrg/kc/mdqp/pssh_order_info.html?code=312023030600118 HTTP/1.1" 200 14382
116.225.84.253 - - [08/Mar/2023:08:45:26 +0800] "GET /xingrg/javascript/jquery_tools/jquery-1.4.2.min.js HTTP/1.1" 404 1094
120.253.135.82 - - [08/Mar/2023:08:45:27 +0800] "GET /xingrg/kc/pszx/mdps_order_info.html?code=312023030800210 HTTP/1.1" 200 23974
116.225.84.253 - - [08/Mar/2023:08:45:27 +0800] "POST /xingrg/kc/mdqp/pssh_order_operate.html HTTP/1.1" 200 9498
116.225.84.253 - - [08/Mar/2023:08:45:27 +0800] "GET /xingrg/javascript/easyui/themes/default/validatebox.css HTTP/1.1" 404 1104
120.253.135.82 - - [08/Mar/2023:08:45:27 +0800] "GET /xingrg/all/common/auto_word.html?type=base&rest_code=00101 HTTP/1.1" 200 671
120.253.135.82 - - [08/Mar/2023:08:45:27 +0800] "GET /xingrg/javascript/easyui/themes/default/validatebox.css HTTP/1.1" 404 1104
120.253.135.82 - - [08/Mar/2023:08:45:27 +0800] "POST /xingrg/kc/pszx/mdps_order_operate.html HTTP/1.1" 200 2293
116.238.139.35 - - [08/Mar/2023:08:45:28 +0800] "GET /xingrg/check_reg.html?_=1678236347403 HTTP/1.1" 200 22
116.238.139.35 - - [08/Mar/2023:08:45:28 +0800] "GET /xingrg/all/function/internal_message.html?_=1678236347407&CODE_STATE=getMsg HTTP/1.1" 200 27
116.238.139.35 - - [08/Mar/2023:08:45:28 +0800] "GET /xingrg/check_reg.html?_=1678236282621 HTTP/1.1" 200 22
116.238.139.35 - - [08/Mar/2023:08:45:28 +0800] "GET /xingrg/all/function/internal_message.html?_=1678236282688&CODE_STATE=getMsg HTTP/1.1" 200 27
116.225.84.253 - - [08/Mar/2023:08:45:30 +0800] "GET /xingrg/kc/print/load_data.html?order_code=312023030600118&kc_code=pssh&condition= HTTP/1.1" 200 3708
222.70.221.209 - - [08/Mar/2023:08:45:32 +0800] "GET /xingrg/check_reg.html?_=1678236470284 HTTP/1.1" 200 22
222.70.221.209 - - [08/Mar/2023:08:45:32 +0800] "GET /xingrg/all/function/internal_message.html?_=1678236470287&CODE_STATE=getMsg HTTP/1.1" 200 27
222.70.221.209 - - [08/Mar/2023:08:45:33 +0800] "GET /xingrg/kc/buy/cgsh_order_operate.html?command=get_materiel&rest_code=00155&code=00101008096&supplier_code=00100005&order_time=2023-03-08 HTTP/1.1" 200 412
116.230.118.11 - - [08/Mar/2023:08:45:37 +0800] "GET /xingrg/all/function/internal_message.html?_=1678236365267&CODE_STATE=getMsg HTTP/1.1" 200 27
120.253.135.82 - - [08/Mar/2023:08:45:37 +0800] "GET /xingrg/kc/pszx/mdps_order_list.html?orderType=0 HTTP/1.1" 200 21032
120.253.135.82 - - [08/Mar/2023:08:45:37 +0800] "POST /xingrg/kc/pszx/mdps_list_operate.html HTTP/1.1" 200 5511
222.70.221.209 - - [08/Mar/2023:08:45:39 +0800] "GET /xingrg/kc/buy/cgsh_order_operate.html?command=get_materiel&rest_code=00155&code=00101008290&supplier_code=00100005&order_time=2023-03-08 HTTP/1.1" 200 416
120.253.135.82 - - [08/Mar/2023:08:45:42 +0800] "POST /xingrg/kc/pszx/mdps_list_operate.html HTTP/1.1" 200 5617
180.169.147.146 - - [08/Mar/2023:08:45:42 +0800] "GET /xingrg/check_reg.html?_=1678236362580 HTTP/1.1" 302 -
120.253.135.82 - - [08/Mar/2023:08:45:45 +0800] "POST /xingrg/kc/pszx/mdps_list_operate.html HTTP/1.1" 200 211
58.221.95.50 - - [08/Mar/2023:08:45:45 +0800] "GET /xingrg/all/function/internal_message.html?_=1678236365422&CODE_STATE=getMsg HTTP/1.1" 200 27
120.253.135.82 - - [08/Mar/2023:08:45:45 +0800] "GET /xingrg/kc/pszx/mdps_order_info.html?code=312023030800210 HTTP/1.1" 200 23974
120.253.135.82 - - [08/Mar/2023:08:45:45 +0800] "GET /xingrg/javascript/easyui/themes/default/validatebox.css HTTP/1.1" 404 1104
120.253.135.82 - - [08/Mar/2023:08:45:45 +0800] "POST /xingrg/kc/pszx/mdps_order_operate.html HTTP/1.1" 200 2293
222.70.221.209 - - [08/Mar/2023:08:45:46 +0800] "GET /xingrg/kc/buy/cgsh_order_operate.html?command=get_materiel&rest_code=00155&code=00101008361&supplier_code=00100005&order_time=2023-03-08 HTTP/1.1" 200 408
120.253.135.82 - - [08/Mar/2023:08:45:49 +0800] "GET /xingrg/kc/print/load_data.html?order_code=312023030800210&kc_code=mdps&condition= HTTP/1.1" 200 693
180.169.147.146 - - [08/Mar/2023:08:45:55 +0800] "GET /xingrg/all/function/internal_message.html?_=1678236381565&CODE_STATE=getMsg HTTP/1.1" 302 -
222.70.221.209 - - [08/Mar/2023:08:45:55 +0800] "GET /xingrg/kc/buy/cgsh_order_operate.html?command=get_materiel&rest_code=00155&code=00101008717&supplier_code=00100005&order_time=2023-03-08 HTTP/1.1" 200 398
58.40.7.146 - - [08/Mar/2023:08:46:01 +0800] "GET /xingrg/all/function/internal_message.html?_=1678236379977&CODE_STATE=getMsg HTTP/1.1" 200 27
120.253.135.82 - - [08/Mar/2023:08:46:01 +0800] "POST /xingrg/kc/pszx/mdps_list_operate.html HTTP/1.1" 200 5617
120.253.135.82 - - [08/Mar/2023:08:46:04 +0800] "POST /xingrg/kc/pszx/mdps_list_operate.html HTTP/1.1" 200 205
120.253.135.82 - - [08/Mar/2023:08:46:04 +0800] "GET /xingrg/kc/pszx/mdps_order_info.html?code=312023030800205 HTTP/1.1" 200 23976
120.253.135.82 - - [08/Mar/2023:08:46:05 +0800] "GET /xingrg/javascript/easyui/themes/default/validatebox.css HTTP/1.1" 404 1104
120.253.135.82 - - [08/Mar/2023:08:46:05 +0800] "POST /xingrg/kc/pszx/mdps_order_operate.html HTTP/1.1" 200 2283
58.40.7.146 - - [08/Mar/2023:08:46:08 +0800] "GET /xingrg/all/function/internal_message.html?_=1678236387077&CODE_STATE=getMsg HTTP/1.1" 200 27
222.70.221.209 - - [08/Mar/2023:08:46:10 +0800] "GET /xingrg/kc/buy/cgsh_order_operate.html?command=get_materiel&rest_code=00155&code=00101008338&supplier_code=00100005&order_time=2023-03-08 HTTP/1.1" 200 409
120.253.135.82 - - [08/Mar/2023:08:46:13 +0800] "GET /xingrg/kc/print/load_data.html?order_code=312023030800205&kc_code=mdps&condition= HTTP/1.1" 200 683
120.253.135.82 - - [08/Mar/2023:08:46:18 +0800] "GET /xingrg/all/function/internal_message.html?_=1678236525966&CODE_STATE=getMsg HTTP/1.1" 200 27
222.70.221.209 - - [08/Mar/2023:08:46:19 +0800] "GET /xingrg/kc/buy/cgsh_order_operate.html?command=get_materiel&rest_code=00155&code=00101008024&supplier_code=00100005&order_time=2023-03-08 HTTP/1.1" 200 408
120.253.135.82 - - [08/Mar/2023:08:46:23 +0800] "GET /xingrg/check_reg.html?_=1678236227585 HTTP/1.1" 200 22
120.253.135.82 - - [08/Mar/2023:08:46:23 +0800] "GET /xingrg/all/function/internal_message.html?_=1678236228147&CODE_STATE=getMsg HTTP/1.1" 200 27
222.70.221.209 - - [08/Mar/2023:08:46:26 +0800] "GET /xingrg/kc/buy/cgsh_order_operate.html?command=get_materiel&rest_code=00155&code=00101008356&supplier_code=00100005&order_time=2023-03-08 HTTP/1.1" 200 408
116.225.84.253 - - [08/Mar/2023:08:46:26 +0800] "GET /xingrg/all/function/internal_message.html?_=1678236249434&CODE_STATE=getMsg HTTP/1.1" 200 27
116.238.139.35 - - [08/Mar/2023:08:46:28 +0800] "GET /xingrg/all/function/internal_message.html?_=1678236407409&CODE_STATE=getMsg HTTP/1.1" 200 27
116.238.139.35 - - [08/Mar/2023:08:46:28 +0800] "GET /xingrg/all/function/internal_message.html?_=1678236342702&CODE_STATE=getMsg HTTP/1.1" 200 27
116.192.124.172 - - [08/Mar/2023:08:46:30 +0800] "GET /xingrg/check_reg.html?_=1678236409381 HTTP/1.1" 302 -
116.230.118.11 - - [08/Mar/2023:08:46:30 +0800] "GET /xingrg/check_reg.html?_=1678236418845 HTTP/1.1" 200 22
222.70.221.209 - - [08/Mar/2023:08:46:32 +0800] "GET /xingrg/all/function/internal_message.html?_=1678236530288&CODE_STATE=getMsg HTTP/1.1" 200 27
222.70.221.209 - - [08/Mar/2023:08:46:33 +0800] "GET /xingrg/kc/buy/cgsh_order_operate.html?command=get_materiel&rest_code=00155&code=00101008411&supplier_code=00100005&order_time=2023-03-08 HTTP/1.1" 200 412
116.230.118.11 - - [08/Mar/2023:08:46:37 +0800] "GET /xingrg/all/function/internal_message.html?_=1678236425281&CODE_STATE=getMsg HTTP/1.1" 200 27
222.70.221.209 - - [08/Mar/2023:08:46:40 +0800] "GET /xingrg/kc/buy/cgsh_order_operate.html?command=get_materiel&rest_code=00155&code=00101008251&supplier_code=00100005&order_time=2023-03-08 HTTP/1.1" 200 408
116.225.84.253 - - [08/Mar/2023:08:46:41 +0800] "GET /xingrg/kc/mdqp/pssh_order_list.html?isBack=1 HTTP/1.1" 200 17928
116.225.84.253 - - [08/Mar/2023:08:46:41 +0800] "POST /xingrg/kc/mdqp/pssh_list_operate.html HTTP/1.1" 200 5396
58.221.95.50 - - [08/Mar/2023:08:46:45 +0800] "GET /xingrg/check_reg.html?_=1678236425401 HTTP/1.1" 200 22
58.221.95.50 - - [08/Mar/2023:08:46:45 +0800] "GET /xingrg/all/function/internal_message.html?_=1678236425404&CODE_STATE=getMsg HTTP/1.1" 200 27
222.70.221.209 - - [08/Mar/2023:08:46:46 +0800] "GET /xingrg/kc/buy/cgsh_order_operate.html?command=get_materiel&rest_code=00155&code=00101008360&supplier_code=00100005&order_time=2023-03-08 HTTP/1.1" 200 413
222.70.221.209 - - [08/Mar/2023:08:46:48 +0800] "POST /xingrg/kc/buy/cgsh_order_operate.html HTTP/1.1" 200 2065
116.225.84.253 - - [08/Mar/2023:08:46:48 +0800] "POST /xingrg/kc/mdqp/pssh_list_operate.html HTTP/1.1" 200 784
116.225.84.253 - - [08/Mar/2023:08:46:49 +0800] "GET /xingrg/kc/mdqp/pssh_order_info.html?code=312023030500115 HTTP/1.1" 200 17295
116.225.84.253 - - [08/Mar/2023:08:46:49 +0800] "POST /xingrg/kc/mdqp/pssh_list_operate.html HTTP/1.1" 200 814
116.225.84.253 - - [08/Mar/2023:08:46:49 +0800] "GET /xingrg/javascript/jquery_tools/jquery-1.4.2.min.js HTTP/1.1" 404 1094
116.225.84.253 - - [08/Mar/2023:08:46:49 +0800] "POST /xingrg/kc/mdqp/pssh_order_operate.html HTTP/1.1" 200 4772
116.225.84.253 - - [08/Mar/2023:08:46:49 +0800] "GET /xingrg/javascript/easyui/themes/default/validatebox.css HTTP/1.1" 404 1104
101.83.241.0 - - [08/Mar/2023:08:46:51 +0800] "GET /xingrg/login.html HTTP/1.1" 200 7641
101.83.241.0 - - [08/Mar/2023:08:46:51 +0800] "GET /favicon.ico HTTP/1.1" 404 -
222.70.221.209 - - [08/Mar/2023:08:46:52 +0800] "GET /xingrg/kc/buy/cgsh_order_operate.html?command=get_materiel&rest_code=00155&code=00101008196&supplier_code=00100005&order_time=2023-03-08 HTTP/1.1" 200 416
180.169.147.146 - - [08/Mar/2023:08:46:55 +0800] "GET /xingrg/all/function/internal_message.html?_=1678236441563&CODE_STATE=getMsg HTTP/1.1" 302 -
101.83.241.0 - - [08/Mar/2023:08:46:58 +0800] "POST /xingrg/login.do HTTP/1.1" 302 -
101.83.241.0 - - [08/Mar/2023:08:46:58 +0800] "GET /xingrg/index.html?sysBaseUrl=http%3A%2F%2F180.169.147.146%3A18081%2Fxingrg%2F&costTime=55×tamp=1678236418744 HTTP/1.1" 200 17179
101.83.241.0 - - [08/Mar/2023:08:46:58 +0800] "GET /favicon.ico HTTP/1.1" 404 -
101.83.241.0 - - [08/Mar/2023:08:46:58 +0800] "POST /xingrg/all/common/load_tree.html?tree=area_rest_tree_json&manage=1 HTTP/1.1" 200 351
101.83.241.0 - - [08/Mar/2023:08:46:59 +0800] "GET /xingrg/check_reg.html?_=1678236436471 HTTP/1.1" 200 22
101.83.241.0 - - [08/Mar/2023:08:46:59 +0800] "GET /xingrg/all/function/internal_message.html?_=1678236436469&CODE_STATE=count HTTP/1.1" 200 11
101.83.241.0 - - [08/Mar/2023:08:46:59 +0800] "POST /xingrg/load_menu.html HTTP/1.1" 200 5138
222.70.221.209 - - [08/Mar/2023:08:46:59 +0800] "GET /xingrg/kc/buy/cgsh_order_operate.html?command=get_materiel&rest_code=00155&code=00101008197&supplier_code=00100005&order_time=2023-03-08 HTTP/1.1" 200 417
58.40.7.146 - - [08/Mar/2023:08:47:01 +0800] "GET /xingrg/all/function/internal_message.html?_=1678236439981&CODE_STATE=getMsg HTTP/1.1" 200 27
101.83.241.0 - - [08/Mar/2023:08:47:06 +0800] "GET /xingrg/kc/buy/cgsh_order_list.html HTTP/1.1" 200 54185
222.70.221.209 - - [08/Mar/2023:08:47:06 +0800] "GET /xingrg/kc/buy/cgsh_order_operate.html?command=get_materiel&rest_code=00155&code=00101008238&supplier_code=00100005&order_time=2023-03-08 HTTP/1.1" 200 416
116.225.84.253 - - [08/Mar/2023:08:47:07 +0800] "POST /xingrg/all/common/load_combo.html?type=employee HTTP/1.1" 200 356
58.40.7.146 - - [08/Mar/2023:08:47:08 +0800] "GET /xingrg/all/function/internal_message.html?_=1678236447079&CODE_STATE=getMsg HTTP/1.1" 200 27
58.40.7.146 - - [08/Mar/2023:08:47:08 +0800] "GET /xingrg/check_reg.html?_=1678236447081 HTTP/1.1" 200 22
101.83.241.0 - - [08/Mar/2023:08:47:08 +0800] "POST /xingrg/kc/buy/cgsh_list_operate.html HTTP/1.1" 200 986
101.83.241.0 - - [08/Mar/2023:08:47:09 +0800] "GET /xingrg/kc/buy/cgsh_order_add.html HTTP/1.1" 200 70049
101.83.241.0 - - [08/Mar/2023:08:47:09 +0800] "GET /xingrg/words/20230307174845_words.js HTTP/1.1" 200 951964
101.83.241.0 - - [08/Mar/2023:08:47:10 +0800] "GET /xingrg/javascript/easyui/themes/default/validatebox.css HTTP/1.1" 404 1104
101.83.241.0 - - [08/Mar/2023:08:47:10 +0800] "GET /xingrg/all/common/auto_word.html?type=employee&rest_code=00149 HTTP/1.1" 200 197
101.83.241.0 - - [08/Mar/2023:08:47:10 +0800] "GET /xingrg/all/common/auto_word.html?type=employee&rest_code=00149 HTTP/1.1" 200 197
101.83.241.0 - - [08/Mar/2023:08:47:10 +0800] "POST /xingrg/kc/buy/cgsh_order_operate.html HTTP/1.1" 200 8245
101.83.241.0 - - [08/Mar/2023:08:47:12 +0800] "GET /xingrg/javascript/auto/indicator.gif HTTP/1.1" 404 1066
222.70.221.209 - - [08/Mar/2023:08:47:14 +0800] "GET /xingrg/kc/buy/cgsh_order_operate.html?command=get_materiel&rest_code=00155&code=00101008006&supplier_code=00100005&order_time=2023-03-08 HTTP/1.1" 200 416
116.225.84.253 - - [08/Mar/2023:08:47:14 +0800] "POST /xingrg/kc/mdqp/pssh_order_operate.html HTTP/1.1" 200 37
116.225.84.253 - - [08/Mar/2023:08:47:15 +0800] "POST /xingrg/kc/mdqp/pssh_order_operate.html HTTP/1.1" 200 12
116.225.84.253 - - [08/Mar/2023:08:47:16 +0800] "GET /xingrg/kc/mdqp/pssh_order_info.html?code=312023030500115 HTTP/1.1" 200 14386
116.225.84.253 - - [08/Mar/2023:08:47:16 +0800] "GET /xingrg/javascript/jquery_tools/jquery-1.4.2.min.js HTTP/1.1" 404 1094
116.225.84.253 - - [08/Mar/2023:08:47:16 +0800] "POST /xingrg/kc/mdqp/pssh_order_operate.html HTTP/1.1" 200 4772
116.225.84.253 - - [08/Mar/2023:08:47:16 +0800] "GET /xingrg/javascript/easyui/themes/default/validatebox.css HTTP/1.1" 404 1104
120.253.135.82 - - [08/Mar/2023:08:47:18 +0800] "GET /xingrg/all/function/internal_message.html?_=1678236585971&CODE_STATE=getMsg HTTP/1.1" 200 27
120.253.135.82 - - [08/Mar/2023:08:47:18 +0800] "GET /xingrg/check_reg.html?_=1678236585974 HTTP/1.1" 200 22
116.225.84.253 - - [08/Mar/2023:08:47:21 +0800] "GET /xingrg/kc/print/load_data.html?order_code=312023030500115&kc_code=pssh&condition= HTTP/1.1" 200 2148
222.70.221.209 - - [08/Mar/2023:08:47:21 +0800] "GET /xingrg/kc/buy/cgsh_order_operate.html?command=get_materiel&rest_code=00155&code=00101008131&supplier_code=00100005&order_time=2023-03-08 HTTP/1.1" 200 408
222.70.221.209 - - [08/Mar/2023:08:47:22 +0800] "POST /xingrg/kc/buy/cgsh_order_operate.html HTTP/1.1" 200 2065
120.253.135.82 - - [08/Mar/2023:08:47:23 +0800] "GET /xingrg/all/function/internal_message.html?_=1678236288160&CODE_STATE=getMsg HTTP/1.1" 200 27
101.83.241.0 - - [08/Mar/2023:08:47:23 +0800] "GET /xingrg/kc/buy/cgsh_order_operate.html?command=get_materiel&rest_code=00149&code=00101008091&supplier_code=00100008&order_time=2023-03-08 HTTP/1.1" 200 412
116.225.84.253 - - [08/Mar/2023:08:47:26 +0800] "GET /xingrg/all/function/internal_message.html?_=1678236309415&CODE_STATE=getMsg HTTP/1.1" 200 27
222.70.221.209 - - [08/Mar/2023:08:47:28 +0800] "GET /xingrg/kc/buy/cgsh_order_operate.html?command=get_materiel&rest_code=00155&code=00101008318&supplier_code=00100005&order_time=2023-03-08 HTTP/1.1" 200 408
116.238.139.35 - - [08/Mar/2023:08:47:28 +0800] "GET /xingrg/all/function/internal_message.html?_=1678236467410&CODE_STATE=getMsg HTTP/1.1" 200 27
116.238.139.35 - - [08/Mar/2023:08:47:28 +0800] "GET /xingrg/all/function/internal_message.html?_=1678236402716&CODE_STATE=getMsg HTTP/1.1" 200 27
222.70.221.209 - - [08/Mar/2023:08:47:32 +0800] "GET /xingrg/all/function/internal_message.html?_=1678236590262&CODE_STATE=getMsg HTTP/1.1" 200 27
222.70.221.209 - - [08/Mar/2023:08:47:33 +0800] "GET /xingrg/kc/buy/cgsh_order_operate.html?command=get_materiel&rest_code=00155&code=00101008353&supplier_code=00100005&order_time=2023-03-08 HTTP/1.1" 200 408
116.230.118.11 - - [08/Mar/2023:08:47:37 +0800] "GET /xingrg/all/function/internal_message.html?_=1678236485286&CODE_STATE=getMsg HTTP/1.1" 200 27
222.70.221.209 - - [08/Mar/2023:08:47:40 +0800] "GET /xingrg/kc/buy/cgsh_order_operate.html?command=get_materiel&rest_code=00155&code=00101008213&supplier_code=00100005&order_time=2023-03-08 HTTP/1.1" 200 412
101.83.241.0 - - [08/Mar/2023:08:47:40 +0800] "GET /xingrg/kc/buy/cgsh_order_operate.html?command=get_materiel&rest_code=00149&code=00101008072&supplier_code=00100008&order_time=2023-03-08 HTTP/1.1" 200 408
58.221.95.50 - - [08/Mar/2023:08:47:45 +0800] "GET /xingrg/all/function/internal_message.html?_=1678236485416&CODE_STATE=getMsg HTTP/1.1" 200 27
222.70.221.209 - - [08/Mar/2023:08:47:45 +0800] "GET /xingrg/kc/buy/cgsh_order_operate.html?command=get_materiel&rest_code=00155&code=00102002997&supplier_code=00100005&order_time=2023-03-08 HTTP/1.1" 200 420
222.70.221.209 - - [08/Mar/2023:08:47:50 +0800] "GET /xingrg/kc/buy/cgsh_order_operate.html?command=get_materiel&rest_code=00155&code=00101008312&supplier_code=00100005&order_time=2023-03-08 HTTP/1.1" 200 412
180.169.147.146 - - [08/Mar/2023:08:47:55 +0800] "GET /xingrg/all/function/internal_message.html?_=1678236501563&CODE_STATE=getMsg HTTP/1.1" 302 -
116.225.84.253 - - [08/Mar/2023:08:47:56 +0800] "GET /xingrg/kc/mdqp/pssh_order_list.html?isBack=1 HTTP/1.1" 200 17928
116.225.84.253 - - [08/Mar/2023:08:47:57 +0800] "POST /xingrg/kc/mdqp/pssh_list_operate.html HTTP/1.1" 200 5421
101.83.241.0 - - [08/Mar/2023:08:47:59 +0800] "GET /xingrg/all/function/internal_message.html?_=1678236496486&CODE_STATE=getMsg HTTP/1.1" 200 27
58.40.7.146 - - [08/Mar/2023:08:48:01 +0800] "GET /xingrg/all/function/internal_message.html?_=1678236499984&CODE_STATE=getMsg HTTP/1.1" 200 27
58.40.7.146 - - [08/Mar/2023:08:48:01 +0800] "GET /xingrg/check_reg.html?_=1678236500563 HTTP/1.1" 200 22
116.225.84.253 - - [08/Mar/2023:08:48:02 +0800] "POST /xingrg/kc/mdqp/pssh_list_operate.html HTTP/1.1" 200 262
116.225.84.253 - - [08/Mar/2023:08:48:02 +0800] "GET /xingrg/kc/mdqp/pssh_order_info.html?code=312023030500116 HTTP/1.1" 200 17293
116.225.84.253 - - [08/Mar/2023:08:48:02 +0800] "GET /xingrg/javascript/jquery_tools/jquery-1.4.2.min.js HTTP/1.1" 404 1094
116.225.84.253 - - [08/Mar/2023:08:48:02 +0800] "POST /xingrg/kc/mdqp/pssh_list_operate.html HTTP/1.1" 200 814
116.225.84.253 - - [08/Mar/2023:08:48:03 +0800] "GET /xingrg/javascript/easyui/themes/default/validatebox.css HTTP/1.1" 404 1104
116.225.84.253 - - [08/Mar/2023:08:48:03 +0800] "POST /xingrg/kc/mdqp/pssh_order_operate.html HTTP/1.1" 200 541
101.83.241.0 - - [08/Mar/2023:08:48:03 +0800] "GET /xingrg/kc/buy/cgsh_order_operate.html?command=get_materiel&rest_code=00149&code=00101008349&supplier_code=00100008&order_time=2023-03-08 HTTP/1.1" 200 414
222.70.221.209 - - [08/Mar/2023:08:48:03 +0800] "GET /xingrg/kc/buy/cgsh_order_operate.html?command=get_materiel&rest_code=00155&code=00101008283&supplier_code=00100005&order_time=2023-03-08 HTTP/1.1" 200 408
222.70.221.209 - - [08/Mar/2023:08:48:05 +0800] "POST /xingrg/kc/buy/cgsh_order_operate.html HTTP/1.1" 200 2065
58.40.7.146 - - [08/Mar/2023:08:48:08 +0800] "GET /xingrg/all/function/internal_message.html?_=1678236507082&CODE_STATE=getMsg HTTP/1.1" 200 27
116.225.84.253 - - [08/Mar/2023:08:48:09 +0800] "POST /xingrg/all/common/load_combo.html?type=employee HTTP/1.1" 200 356
222.70.221.209 - - [08/Mar/2023:08:48:12 +0800] "GET /xingrg/kc/buy/cgsh_order_operate.html?command=get_materiel&rest_code=00155&code=00101008658&supplier_code=00100005&order_time=2023-03-08 HTTP/1.1" 200 408
116.225.84.253 - - [08/Mar/2023:08:48:18 +0800] "POST /xingrg/kc/mdqp/pssh_order_operate.html HTTP/1.1" 200 37
120.253.135.82 - - [08/Mar/2023:08:48:18 +0800] "GET /xingrg/all/function/internal_message.html?_=1678236645974&CODE_STATE=getMsg HTTP/1.1" 200 27
116.225.84.253 - - [08/Mar/2023:08:48:19 +0800] "POST /xingrg/kc/mdqp/pssh_order_operate.html HTTP/1.1" 200 12
116.225.84.253 - - [08/Mar/2023:08:48:21 +0800] "GET /xingrg/kc/mdqp/pssh_order_info.html?code=312023030500116 HTTP/1.1" 200 14384
116.225.84.253 - - [08/Mar/2023:08:48:21 +0800] "GET /xingrg/javascript/jquery_tools/jquery-1.4.2.min.js HTTP/1.1" 404 1094
222.70.221.209 - - [08/Mar/2023:08:48:21 +0800] "GET /xingrg/kc/buy/cgsh_order_operate.html?command=get_materiel&rest_code=00155&code=00101008633&supplier_code=00100005&order_time=2023-03-08 HTTP/1.1" 200 414
116.225.84.253 - - [08/Mar/2023:08:48:21 +0800] "POST /xingrg/kc/mdqp/pssh_order_operate.html HTTP/1.1" 200 541
116.225.84.253 - - [08/Mar/2023:08:48:21 +0800] "GET /xingrg/javascript/easyui/themes/default/validatebox.css HTTP/1.1" 404 1104
120.253.135.82 - - [08/Mar/2023:08:48:23 +0800] "GET /xingrg/all/function/internal_message.html?_=1678236348174&CODE_STATE=getMsg HTTP/1.1" 200 27
116.225.84.253 - - [08/Mar/2023:08:48:24 +0800] "GET /xingrg/kc/print/load_data.html?order_code=312023030500116&kc_code=pssh&condition= HTTP/1.1" 200 665
116.225.84.253 - - [08/Mar/2023:08:48:26 +0800] "GET /xingrg/all/function/internal_message.html?_=1678236369409&CODE_STATE=getMsg HTTP/1.1" 200 27
116.225.84.253 - - [08/Mar/2023:08:48:26 +0800] "GET /xingrg/check_reg.html?_=1678236369428 HTTP/1.1" 200 22
101.83.241.0 - - [08/Mar/2023:08:48:27 +0800] "GET /xingrg/kc/buy/cgsh_order_operate.html?command=get_materiel&rest_code=00149&code=00101008350&supplier_code=00100008&order_time=2023-03-08 HTTP/1.1" 200 408
116.238.139.35 - - [08/Mar/2023:08:48:28 +0800] "GET /xingrg/all/function/internal_message.html?_=1678236527411&CODE_STATE=getMsg HTTP/1.1" 200 27
116.238.139.35 - - [08/Mar/2023:08:48:28 +0800] "GET /xingrg/all/function/internal_message.html?_=1678236462853&CODE_STATE=getMsg HTTP/1.1" 200 27
222.70.221.209 - - [08/Mar/2023:08:48:29 +0800] "GET /xingrg/kc/buy/cgsh_order_operate.html?command=get_materiel&rest_code=00155&code=00101009011&supplier_code=00100005&order_time=2023-03-08 HTTP/1.1" 200 416
222.70.221.209 - - [08/Mar/2023:08:48:32 +0800] "GET /xingrg/all/function/internal_message.html?_=1678236650280&CODE_STATE=getMsg HTTP/1.1" 200 27
116.230.118.11 - - [08/Mar/2023:08:48:37 +0800] "GET /xingrg/all/function/internal_message.html?_=1678236545428&CODE_STATE=getMsg HTTP/1.1" 200 27
222.70.221.209 - - [08/Mar/2023:08:48:37 +0800] "GET /xingrg/kc/buy/cgsh_order_operate.html?command=get_materiel&rest_code=00155&code=00101009015&supplier_code=00100005&order_time=2023-03-08 HTTP/1.1" 200 416
222.70.221.209 - - [08/Mar/2023:08:48:44 +0800] "GET /xingrg/kc/buy/cgsh_order_operate.html?command=get_materiel&rest_code=00155&code=00101008125&supplier_code=00100005&order_time=2023-03-08 HTTP/1.1" 200 413
58.221.95.50 - - [08/Mar/2023:08:48:45 +0800] "GET /xingrg/all/function/internal_message.html?_=1678236545420&CODE_STATE=getMsg HTTP/1.1" 200 27
222.70.221.209 - - [08/Mar/2023:08:48:46 +0800] "POST /xingrg/kc/buy/cgsh_order_operate.html HTTP/1.1" 200 2065
180.169.147.146 - - [08/Mar/2023:08:48:55 +0800] "GET /xingrg/all/function/internal_message.html?_=1678236561563&CODE_STATE=getMsg HTTP/1.1" 302 -
180.169.147.146 - - [08/Mar/2023:08:48:55 +0800] "GET /xingrg/check_reg.html?_=1678236561565 HTTP/1.1" 302 -
101.83.241.0 - - [08/Mar/2023:08:48:56 +0800] "GET /xingrg/kc/buy/cgsh_order_operate.html?command=get_materiel&rest_code=00149&code=00101008185&supplier_code=00100008&order_time=2023-03-08 HTTP/1.1" 200 408
101.83.241.0 - - [08/Mar/2023:08:48:59 +0800] "GET /xingrg/all/function/internal_message.html?_=1678236556508&CODE_STATE=getMsg HTTP/1.1" 200 27
58.40.7.146 - - [08/Mar/2023:08:49:01 +0800] "GET /xingrg/all/function/internal_message.html?_=1678236559971&CODE_STATE=getMsg HTTP/1.1" 200 27
222.70.221.209 - - [08/Mar/2023:08:49:01 +0800] "GET /xingrg/kc/buy/cgsh_order_operate.html?command=get_materiel&rest_code=00155&code=00101008134&supplier_code=00100005&order_time=2023-03-08 HTTP/1.1" 200 413
58.40.7.146 - - [08/Mar/2023:08:49:08 +0800] "GET /xingrg/all/function/internal_message.html?_=1678236567084&CODE_STATE=getMsg HTTP/1.1" 200 27
222.70.221.209 - - [08/Mar/2023:08:49:08 +0800] "GET /xingrg/kc/buy/cgsh_order_operate.html?command=get_materiel&rest_code=00155&code=00101008172&supplier_code=00100005&order_time=2023-03-08 HTTP/1.1" 200 412
101.83.241.0 - - [08/Mar/2023:08:49:13 +0800] "GET /xingrg/kc/buy/cgsh_order_operate.html?command=get_materiel&rest_code=00149&code=00101008312&supplier_code=00100008&order_time=2023-03-08 HTTP/1.1" 200 412
222.70.221.209 - - [08/Mar/2023:08:49:16 +0800] "GET /xingrg/kc/buy/cgsh_order_operate.html?command=get_materiel&rest_code=00155&code=00101008558&supplier_code=00100005&order_time=2023-03-08 HTTP/1.1" 200 411
120.253.135.82 - - [08/Mar/2023:08:49:18 +0800] "GET /xingrg/all/function/internal_message.html?_=1678236705979&CODE_STATE=getMsg HTTP/1.1" 200 27
222.70.221.209 - - [08/Mar/2023:08:49:20 +0800] "POST /xingrg/kc/buy/cgsh_order_operate.html HTTP/1.1" 200 2065
116.225.84.253 - - [08/Mar/2023:08:49:22 +0800] "POST /xingrg/kc/mdqp/pssh_list_operate.html HTTP/1.1" 200 814
120.253.135.82 - - [08/Mar/2023:08:49:23 +0800] "GET /xingrg/all/function/internal_message.html?_=1678236408209&CODE_STATE=getMsg HTTP/1.1" 200 27
116.225.84.253 - - [08/Mar/2023:08:49:25 +0800] "GET /xingrg/kc/buy/buy_main.html HTTP/1.1" 200 12412
116.225.84.253 - - [08/Mar/2023:08:49:25 +0800] "GET /xingrg/css/new_ie.css HTTP/1.1" 404 1036
116.225.84.253 - - [08/Mar/2023:08:49:25 +0800] "GET /xingrg/images/blue/button/cgydd.gif HTTP/1.1" 304 -
116.225.84.253 - - [08/Mar/2023:08:49:25 +0800] "GET /xingrg/images/blue/button/cgshd.gif HTTP/1.1" 304 -
116.225.84.253 - - [08/Mar/2023:08:49:25 +0800] "GET /xingrg/images/blue/button/cgfkd.gif HTTP/1.1" 304 -
116.225.84.253 - - [08/Mar/2023:08:49:25 +0800] "GET /xingrg/images/blue/button/kc.gif HTTP/1.1" 304 -
116.225.84.253 - - [08/Mar/2023:08:49:25 +0800] "GET /xingrg/images/blue/button/ckthd.gif HTTP/1.1" 304 -
116.225.84.253 - - [08/Mar/2023:08:49:26 +0800] "GET /xingrg/all/function/internal_message.html?_=1678236429382&CODE_STATE=getMsg HTTP/1.1" 200 27
116.225.84.253 - - [08/Mar/2023:08:49:26 +0800] "GET /xingrg/images/yd/bt.gif HTTP/1.1" 404 1040
116.225.84.253 - - [08/Mar/2023:08:49:27 +0800] "GET /xingrg/kc/buy/cgsh_order_list.html HTTP/1.1" 200 54179
116.225.84.253 - - [08/Mar/2023:08:49:27 +0800] "GET /xingrg/javascript/easyui/themes/icons/import_new.png HTTP/1.1" 304 -
116.225.84.253 - - [08/Mar/2023:08:49:27 +0800] "GET /xingrg/javascript/easyui/themes/icons/edit_add_new.png HTTP/1.1" 304 -
116.238.139.35 - - [08/Mar/2023:08:49:28 +0800] "GET /xingrg/all/function/internal_message.html?_=1678236587411&CODE_STATE=getMsg HTTP/1.1" 200 27
116.225.84.253 - - [08/Mar/2023:08:49:28 +0800] "POST /xingrg/kc/buy/cgsh_list_operate.html HTTP/1.1" 200 986
116.238.139.35 - - [08/Mar/2023:08:49:28 +0800] "GET /xingrg/all/function/internal_message.html?_=1678236522868&CODE_STATE=getMsg HTTP/1.1" 200 27
116.224.106.218 - - [08/Mar/2023:08:49:30 +0800] "GET /xingrg/check_reg.html?_=1678236589502 HTTP/1.1" 200 22
116.225.84.253 - - [08/Mar/2023:08:49:31 +0800] "GET /xingrg/kc/buy/cgsh_order_add.html HTTP/1.1" 200 70043
116.225.84.253 - - [08/Mar/2023:08:49:31 +0800] "GET /xingrg/javascript/easyui/themes/icons/template_new.png HTTP/1.1" 304 -
116.225.84.253 - - [08/Mar/2023:08:49:31 +0800] "GET /xingrg/javascript/easyui/themes/icons/cancel.png HTTP/1.1" 304 -
116.225.84.253 - - [08/Mar/2023:08:49:31 +0800] "GET /xingrg/javascript/easyui/themes/icons/copy_new.png HTTP/1.1" 304 -
116.225.84.253 - - [08/Mar/2023:08:49:31 +0800] "POST /xingrg/kc/buy/cgsh_order_operate.html HTTP/1.1" 200 8245
116.225.84.253 - - [08/Mar/2023:08:49:31 +0800] "GET /xingrg/javascript/easyui/themes/default/validatebox.css HTTP/1.1" 404 1104
116.225.84.253 - - [08/Mar/2023:08:49:31 +0800] "GET /xingrg/javascript/easyui/themes/icons/edit_remove.png HTTP/1.1" 304 -
222.70.221.209 - - [08/Mar/2023:08:49:32 +0800] "GET /xingrg/all/function/internal_message.html?_=1678236710279&CODE_STATE=getMsg HTTP/1.1" 200 27
222.70.221.209 - - [08/Mar/2023:08:49:32 +0800] "GET /xingrg/kc/buy/cgsh_order_operate.html?command=get_materiel&rest_code=00155&code=00101008114&supplier_code=00100005&order_time=2023-03-08 HTTP/1.1" 200 413
101.83.241.0 - - [08/Mar/2023:08:49:36 +0800] "GET /xingrg/kc/buy/cgsh_order_operate.html?command=get_materiel&rest_code=00149&code=00101008096&supplier_code=00100008&order_time=2023-03-08 HTTP/1.1" 200 412
116.230.118.11 - - [08/Mar/2023:08:49:37 +0800] "GET /xingrg/all/function/internal_message.html?_=1678236605440&CODE_STATE=getMsg HTTP/1.1" 200 27
116.225.84.253 - - [08/Mar/2023:08:49:37 +0800] "GET /xingrg/javascript/auto/indicator.gif HTTP/1.1" 404 1066
222.70.221.209 - - [08/Mar/2023:08:49:44 +0800] "GET /xingrg/kc/buy/cgsh_order_operate.html?command=get_materiel&rest_code=00155&code=00101008137&supplier_code=00100005&order_time=2023-03-08 HTTP/1.1" 200 408
58.221.95.50 - - [08/Mar/2023:08:49:45 +0800] "GET /xingrg/all/function/internal_message.html?_=1678236605425&CODE_STATE=getMsg HTTP/1.1" 200 27
222.70.221.209 - - [08/Mar/2023:08:49:51 +0800] "GET /xingrg/kc/buy/cgsh_order_operate.html?command=get_materiel&rest_code=00155&code=00101015006&supplier_code=00100005&order_time=2023-03-08 HTTP/1.1" 200 412
116.225.84.253 - - [08/Mar/2023:08:49:52 +0800] "GET /xingrg/kc/buy/cgsh_order_operate.html?command=get_materiel&rest_code=00105&code=00101002027&supplier_code=00100397&order_time=2023-03-08 HTTP/1.1" 200 413
180.169.147.146 - - [08/Mar/2023:08:49:55 +0800] "GET /xingrg/all/function/internal_message.html?_=1678236621565&CODE_STATE=getMsg HTTP/1.1" 302 -
101.83.241.0 - - [08/Mar/2023:08:49:56 +0800] "GET /xingrg/kc/buy/cgsh_order_operate.html?command=get_materiel&rest_code=00149&code=00101008283&supplier_code=00100008&order_time=2023-03-08 HTTP/1.1" 200 408
101.83.241.0 - - [08/Mar/2023:08:49:59 +0800] "GET /xingrg/all/function/internal_message.html?_=1678236616486&CODE_STATE=getMsg HTTP/1.1" 200 27
58.40.7.146 - - [08/Mar/2023:08:50:01 +0800] "GET /xingrg/all/function/internal_message.html?_=1678236619973&CODE_STATE=getMsg HTTP/1.1" 200 27
180.164.3.199 - - [08/Mar/2023:08:50:01 +0800] "POST /xingrg/services/DataTransmitService HTTP/1.1" 200 524
58.40.7.146 - - [08/Mar/2023:08:50:08 +0800] "GET /xingrg/all/function/internal_message.html?_=1678236627089&CODE_STATE=getMsg HTTP/1.1" 200 27
116.225.84.253 - - [08/Mar/2023:08:50:08 +0800] "POST /xingrg/kc/buy/cgsh_order_operate.html HTTP/1.1" 200 37
116.225.84.253 - - [08/Mar/2023:08:50:10 +0800] "POST /xingrg/kc/buy/cgsh_order_operate.html HTTP/1.1" 200 2660
116.225.84.253 - - [08/Mar/2023:08:50:12 +0800] "GET /xingrg/kc/print/load_config.html?kc_code=cgsh HTTP/1.1" 200 1925
116.225.84.253 - - [08/Mar/2023:08:50:13 +0800] "GET /xingrg/kc/print/load_data.html?order_code=212023030802625&kc_code=cgsh&condition= HTTP/1.1" 200 670
101.83.241.0 - - [08/Mar/2023:08:50:14 +0800] "GET /xingrg/kc/buy/cgsh_order_operate.html?command=get_materiel&rest_code=00149&code=00101008411&supplier_code=00100008&order_time=2023-03-08 HTTP/1.1" 200 414
120.253.135.82 - - [08/Mar/2023:08:50:18 +0800] "GET /xingrg/all/function/internal_message.html?_=1678236765988&CODE_STATE=getMsg HTTP/1.1" 200 27
222.70.221.209 - - [08/Mar/2023:08:50:23 +0800] "POST /xingrg/kc/buy/cgsh_order_operate.html HTTP/1.1" 200 37
120.253.135.82 - - [08/Mar/2023:08:50:23 +0800] "GET /xingrg/all/function/internal_message.html?_=1678236468217&CODE_STATE=getMsg HTTP/1.1" 200 27
222.70.221.209 - - [08/Mar/2023:08:50:24 +0800] "POST /xingrg/kc/buy/cgsh_order_operate.html HTTP/1.1" 200 27521
222.70.221.209 - - [08/Mar/2023:08:50:25 +0800] "GET /xingrg/kc/print/load_data.html?order_code=212023030802626&kc_code=cgsh&condition= HTTP/1.1" 200 10146
116.225.84.253 - - [08/Mar/2023:08:50:26 +0800] "GET /xingrg/all/function/internal_message.html?_=1678236489355&CODE_STATE=getMsg HTTP/1.1" 200 27
116.238.139.35 - - [08/Mar/2023:08:50:28 +0800] "GET /xingrg/check_reg.html?_=1678236647411 HTTP/1.1" 200 22
116.238.139.35 - - [08/Mar/2023:08:50:28 +0800] "GET /xingrg/all/function/internal_message.html?_=1678236647415&CODE_STATE=getMsg HTTP/1.1" 200 27
116.238.139.35 - - [08/Mar/2023:08:50:28 +0800] "GET /xingrg/check_reg.html?_=1678236582743 HTTP/1.1" 200 22
116.238.139.35 - - [08/Mar/2023:08:50:28 +0800] "GET /xingrg/all/function/internal_message.html?_=1678236582881&CODE_STATE=getMsg HTTP/1.1" 200 27
222.70.221.209 - - [08/Mar/2023:08:50:29 +0800] "GET /xingrg/kc/print/load_data.html?order_code=212023030802626&kc_code=cgsh HTTP/1.1" 200 10146
222.70.221.209 - - [08/Mar/2023:08:50:32 +0800] "GET /xingrg/check_reg.html?_=1678236770292 HTTP/1.1" 200 22
222.70.221.209 - - [08/Mar/2023:08:50:32 +0800] "GET /xingrg/all/function/internal_message.html?_=1678236770298&CODE_STATE=getMsg HTTP/1.1" 200 27
116.230.118.11 - - [08/Mar/2023:08:50:37 +0800] "GET /xingrg/all/function/internal_message.html?_=1678236665646&CODE_STATE=getMsg HTTP/1.1" 200 27
101.83.241.0 - - [08/Mar/2023:08:50:37 +0800] "GET /xingrg/kc/buy/cgsh_order_operate.html?command=get_materiel&rest_code=00149&code=00101008361&supplier_code=00100008&order_time=2023-03-08 HTTP/1.1" 200 408
180.169.147.146 - - [08/Mar/2023:08:50:42 +0800] "GET /xingrg/check_reg.html?_=1678236662562 HTTP/1.1" 302 -
222.70.221.209 - - [08/Mar/2023:08:50:43 +0800] "GET /xingrg/kc/buy/cgsh_order_add.html HTTP/1.1" 200 70008
222.70.221.209 - - [08/Mar/2023:08:50:45 +0800] "POST /xingrg/kc/buy/cgsh_order_operate.html HTTP/1.1" 200 8245
222.70.221.209 - - [08/Mar/2023:08:50:45 +0800] "GET /xingrg/javascript/easyui/themes/default/validatebox.css HTTP/1.1" 404 1104
58.221.95.50 - - [08/Mar/2023:08:50:45 +0800] "GET /xingrg/all/function/internal_message.html?_=1678236665427&CODE_STATE=getMsg HTTP/1.1" 200 27
101.83.241.0 - - [08/Mar/2023:08:50:52 +0800] "GET /xingrg/kc/buy/cgsh_order_operate.html?command=get_materiel&rest_code=00149&code=00101008355&supplier_code=00100008&order_time=2023-03-08 HTTP/1.1" 200 408
222.70.221.209 - - [08/Mar/2023:08:50:55 +0800] "GET /xingrg/kc/buy/cgsh_order_operate.html?command=get_materiel&rest_code=00155&code=00101008568&supplier_code=00100450&order_time=2023-03-08 HTTP/1.1" 200 413
180.169.147.146 - - [08/Mar/2023:08:50:55 +0800] "GET /xingrg/all/function/internal_message.html?_=1678236681564&CODE_STATE=getMsg HTTP/1.1" 302 -
101.83.241.0 - - [08/Mar/2023:08:50:59 +0800] "GET /xingrg/all/function/internal_message.html?_=1678236676488&CODE_STATE=getMsg HTTP/1.1" 200 27
58.40.7.146 - - [08/Mar/2023:08:51:01 +0800] "GET /xingrg/all/function/internal_message.html?_=1678236679975&CODE_STATE=getMsg HTTP/1.1" 200 27
222.70.221.209 - - [08/Mar/2023:08:51:03 +0800] "GET /xingrg/kc/buy/cgsh_order_operate.html?command=get_materiel&rest_code=00155&code=00101015038&supplier_code=00100450&order_time=2023-03-08 HTTP/1.1" 200 419
101.83.241.0 - - [08/Mar/2023:08:51:08 +0800] "GET /xingrg/kc/buy/cgsh_order_operate.html?command=get_materiel&rest_code=00149&code=00101008024&supplier_code=00100008&order_time=2023-03-08 HTTP/1.1" 200 408
58.40.7.146 - - [08/Mar/2023:08:51:08 +0800] "GET /xingrg/all/function/internal_message.html?_=1678236687091&CODE_STATE=getMsg HTTP/1.1" 200 27
222.70.221.209 - - [08/Mar/2023:08:51:12 +0800] "GET /xingrg/kc/buy/cgsh_order_operate.html?command=get_materiel&rest_code=00155&code=00101008123&supplier_code=00100450&order_time=2023-03-08 HTTP/1.1" 200 413
116.225.84.253 - - [08/Mar/2023:08:51:16 +0800] "GET /xingrg/kc/buy/cgsh_order_add.html HTTP/1.1" 200 70043
116.225.84.253 - - [08/Mar/2023:08:51:16 +0800] "POST /xingrg/kc/buy/cgsh_order_operate.html HTTP/1.1" 200 8245
116.225.84.253 - - [08/Mar/2023:08:51:16 +0800] "GET /xingrg/javascript/easyui/themes/default/validatebox.css HTTP/1.1" 404 1104
101.229.22.234 - - [08/Mar/2023:08:51:18 +0800] "GET /favicon.ico HTTP/1.1" 404 -
120.253.135.82 - - [08/Mar/2023:08:51:18 +0800] "GET /xingrg/all/function/internal_message.html?_=1678236825992&CODE_STATE=getMsg HTTP/1.1" 200 27
101.229.22.234 - - [08/Mar/2023:08:51:18 +0800] "GET /xingrg/login.html HTTP/1.1" 200 7641
101.229.22.234 - - [08/Mar/2023:08:51:19 +0800] "GET /xingrg/images/blue/jxLogo.png HTTP/1.1" 304 -
101.229.22.234 - - [08/Mar/2023:08:51:19 +0800] "GET /xingrg/images/blue/login_bg.png HTTP/1.1" 304 -
101.229.22.234 - - [08/Mar/2023:08:51:19 +0800] "GET /favicon.ico HTTP/1.1" 404 -
101.229.22.234 - - [08/Mar/2023:08:51:19 +0800] "GET /xingrg/images/blue/srbg.png HTTP/1.1" 304 -
101.229.22.234 - - [08/Mar/2023:08:51:19 +0800] "GET /xingrg/images/blue/hj.png HTTP/1.1" 304 -
101.83.241.0 - - [08/Mar/2023:08:51:21 +0800] "GET /xingrg/kc/buy/cgsh_order_operate.html?command=get_materiel&rest_code=00149&code=00101008205&supplier_code=00100008&order_time=2023-03-08 HTTP/1.1" 200 412
222.70.221.209 - - [08/Mar/2023:08:51:21 +0800] "GET /xingrg/kc/buy/cgsh_order_operate.html?command=get_materiel&rest_code=00155&code=00101015046&supplier_code=00100450&order_time=2023-03-08 HTTP/1.1" 200 413
120.253.135.82 - - [08/Mar/2023:08:51:23 +0800] "GET /xingrg/check_reg.html?_=1678236527613 HTTP/1.1" 200 22
101.229.22.234 - - [08/Mar/2023:08:51:23 +0800] "POST /xingrg/login.do HTTP/1.1" 302 -
101.229.22.234 - - [08/Mar/2023:08:51:23 +0800] "GET /xingrg/javascript/jquery_easy_ui/themes/icon.css HTTP/1.1" 304 -
101.229.22.234 - - [08/Mar/2023:08:51:23 +0800] "GET /xingrg/javascript/jquery_easy_ui/themes/default/easyui.css HTTP/1.1" 304 -
101.229.22.234 - - [08/Mar/2023:08:51:23 +0800] "GET /xingrg/css/form.css HTTP/1.1" 304 -
101.229.22.234 - - [08/Mar/2023:08:51:23 +0800] "GET /xingrg/index.html?sysBaseUrl=http%3A%2F%2F180.169.147.146%3A18081%2Fxingrg%2F&costTime=41×tamp=1678236683389 HTTP/1.1" 200 17179
101.229.22.234 - - [08/Mar/2023:08:51:23 +0800] "GET /xingrg/javascript/jquery_easy_ui/easyui-lang-zh_CN.js HTTP/1.1" 304 -
101.229.22.234 - - [08/Mar/2023:08:51:23 +0800] "GET /xingrg/javascript/jquery-1.4.2.min.js HTTP/1.1" 304 -
101.229.22.234 - - [08/Mar/2023:08:51:23 +0800] "GET /xingrg/javascript/jquery.form.js HTTP/1.1" 304 -
101.229.22.234 - - [08/Mar/2023:08:51:23 +0800] "GET /xingrg/javascript/jquery_easy_ui/jquery.easyui.min.js HTTP/1.1" 304 -
101.229.22.234 - - [08/Mar/2023:08:51:23 +0800] "GET /xingrg/javascript/jquery.utils.js HTTP/1.1" 304 -
101.229.22.234 - - [08/Mar/2023:08:51:23 +0800] "GET /xingrg/javascript/jquery.timers.js HTTP/1.1" 304 -
120.253.135.82 - - [08/Mar/2023:08:51:23 +0800] "GET /xingrg/all/function/internal_message.html?_=1678236528231&CODE_STATE=getMsg HTTP/1.1" 200 27
101.229.22.234 - - [08/Mar/2023:08:51:24 +0800] "GET /favicon.ico HTTP/1.1" 404 -
101.229.22.234 - - [08/Mar/2023:08:51:24 +0800] "GET /xingrg/images/blue/navBackgound.jpg HTTP/1.1" 304 -
101.229.22.234 - - [08/Mar/2023:08:51:24 +0800] "GET /xingrg/javascript/jquery_easy_ui/themes/icons/settle_new.png HTTP/1.1" 304 -
101.229.22.234 - - [08/Mar/2023:08:51:24 +0800] "POST /xingrg/all/common/load_tree.html?tree=area_rest_tree_json&manage=1 HTTP/1.1" 200 351
101.229.22.234 - - [08/Mar/2023:08:51:24 +0800] "GET /xingrg/all/function/internal_message.html?_=1678236701923&CODE_STATE=count HTTP/1.1" 200 11
101.229.22.234 - - [08/Mar/2023:08:51:24 +0800] "GET /xingrg/check_reg.html?_=1678236701924 HTTP/1.1" 200 22
101.229.22.234 - - [08/Mar/2023:08:51:24 +0800] "GET /xingrg/images/blue/pingpu.png HTTP/1.1" 304 -
101.229.22.234 - - [08/Mar/2023:08:51:24 +0800] "GET /xingrg/javascript/jquery_easy_ui/themes/default/images/tabs_leftarrow.png HTTP/1.1" 304 -
101.229.22.234 - - [08/Mar/2023:08:51:24 +0800] "GET /xingrg/javascript/jquery_easy_ui/themes/default/images/tabs_rightarrow.png HTTP/1.1" 304 -
101.229.22.234 - - [08/Mar/2023:08:51:24 +0800] "GET /xingrg/javascript/jquery_easy_ui/themes/default/images/panel_tool_collapse.gif HTTP/1.1" 304 -
101.229.22.234 - - [08/Mar/2023:08:51:24 +0800] "POST /xingrg/load_menu.html HTTP/1.1" 200 5138
101.229.22.234 - - [08/Mar/2023:08:51:25 +0800] "GET /xingrg/javascript/jquery_easy_ui/themes/icons/search_new.png HTTP/1.1" 304 -
101.229.22.234 - - [08/Mar/2023:08:51:25 +0800] "GET /xingrg/javascript/jquery_easy_ui/themes/default/images/tree_arrows.gif HTTP/1.1" 304 -
101.229.22.234 - - [08/Mar/2023:08:51:25 +0800] "GET /xingrg/javascript/jquery_easy_ui/themes/default/images/tree_folder_open.gif HTTP/1.1" 304 -
101.229.22.234 - - [08/Mar/2023:08:51:25 +0800] "GET /xingrg/javascript/jquery_easy_ui/themes/default/images/tree_folder.gif HTTP/1.1" 304 -
101.229.22.234 - - [08/Mar/2023:08:51:25 +0800] "GET /xingrg/javascript/jquery_easy_ui/themes/icons/storage_new.png HTTP/1.1" 304 -
101.229.22.234 - - [08/Mar/2023:08:51:25 +0800] "GET /xingrg/javascript/jquery_easy_ui/themes/icons/forms_new.png HTTP/1.1" 304 -
101.229.22.234 - - [08/Mar/2023:08:51:25 +0800] "GET /xingrg/javascript/jquery_easy_ui/themes/default/images/tree_file.gif HTTP/1.1" 304 -
116.225.84.253 - - [08/Mar/2023:08:51:26 +0800] "GET /xingrg/all/function/internal_message.html?_=1678236549331&CODE_STATE=getMsg HTTP/1.1" 200 27
116.238.139.35 - - [08/Mar/2023:08:51:28 +0800] "GET /xingrg/all/function/internal_message.html?_=1678236707401&CODE_STATE=getMsg HTTP/1.1" 200 27
116.238.139.35 - - [08/Mar/2023:08:51:28 +0800] "GET /xingrg/all/function/internal_message.html?_=1678236642894&CODE_STATE=getMsg HTTP/1.1" 200 27
222.70.221.209 - - [08/Mar/2023:08:51:29 +0800] "GET /xingrg/kc/buy/cgsh_order_operate.html?command=get_materiel&rest_code=00155&code=00101008509&supplier_code=00100450&order_time=2023-03-08 HTTP/1.1" 200 410
116.192.124.172 - - [08/Mar/2023:08:51:30 +0800] "GET /xingrg/check_reg.html?_=1678236709367 HTTP/1.1" 302 -
116.230.118.11 - - [08/Mar/2023:08:51:30 +0800] "GET /xingrg/check_reg.html?_=1678236718859 HTTP/1.1" 200 22
222.70.221.209 - - [08/Mar/2023:08:51:32 +0800] "GET /xingrg/all/function/internal_message.html?_=1678236830302&CODE_STATE=getMsg HTTP/1.1" 200 27
222.70.221.209 - - [08/Mar/2023:08:51:35 +0800] "POST /xingrg/kc/buy/cgsh_order_operate.html HTTP/1.1" 200 37
222.70.221.209 - - [08/Mar/2023:08:51:37 +0800] "POST /xingrg/kc/buy/cgsh_order_operate.html HTTP/1.1" 200 5024
116.225.84.253 - - [08/Mar/2023:08:51:37 +0800] "GET /xingrg/kc/buy/cgsh_order_operate.html?command=get_materiel&rest_code=00105&code=00101016030&supplier_code=00100034&order_time=2023-03-08 HTTP/1.1" 200 412
116.230.118.11 - - [08/Mar/2023:08:51:37 +0800] "GET /xingrg/all/function/internal_message.html?_=1678236725652&CODE_STATE=getMsg HTTP/1.1" 200 27
222.70.221.209 - - [08/Mar/2023:08:51:37 +0800] "GET /xingrg/kc/print/load_data.html?order_code=212023030802627&kc_code=cgsh&condition= HTTP/1.1" 200 1595
101.83.241.0 - - [08/Mar/2023:08:51:39 +0800] "GET /xingrg/kc/buy/cgsh_order_operate.html?command=get_materiel&rest_code=00149&code=00101008439&supplier_code=00100008&order_time=2023-03-08 HTTP/1.1" 200 413
58.221.95.50 - - [08/Mar/2023:08:51:45 +0800] "GET /xingrg/check_reg.html?_=1678236725402 HTTP/1.1" 200 22
116.238.139.35 - - [08/Mar/2023:08:51:54 +0800] "GET /xingrg/javascript/jquery_easy_ui/themes/default/images/button_a_bg.gif HTTP/1.1" 200 1194
116.238.139.35 - - [08/Mar/2023:08:51:54 +0800] "GET /xingrg/javascript/jquery_easy_ui/themes/default/images/panel_tools.gif HTTP/1.1" 200 737
116.238.139.35 - - [08/Mar/2023:08:51:54 +0800] "GET /xingrg/javascript/jquery_easy_ui/themes/default/images/panel_title.png HTTP/1.1" 200 266
116.238.139.35 - - [08/Mar/2023:08:51:55 +0800] "GET /xingrg/javascript/jquery_easy_ui/themes/icons/ok.png HTTP/1.1" 304 -
116.238.139.35 - - [08/Mar/2023:08:51:55 +0800] "GET /xingrg/javascript/jquery_easy_ui/themes/default/images/button_span_bg.gif HTTP/1.1" 200 2061
180.169.147.146 - - [08/Mar/2023:08:51:55 +0800] "GET /xingrg/all/function/internal_message.html?_=1678236741563&CODE_STATE=getMsg HTTP/1.1" 302 -
101.83.241.0 - - [08/Mar/2023:08:51:59 +0800] "GET /xingrg/check_reg.html?_=1678236736490 HTTP/1.1" 200 22
101.83.241.0 - - [08/Mar/2023:08:51:59 +0800] "GET /xingrg/all/function/internal_message.html?_=1678236736495&CODE_STATE=getMsg HTTP/1.1" 200 27
101.83.241.0 - - [08/Mar/2023:08:51:59 +0800] "GET /xingrg/kc/buy/cgsh_order_operate.html?command=get_materiel&rest_code=00149&code=00101008360&supplier_code=00100008&order_time=2023-03-08 HTTP/1.1" 200 413
58.40.7.146 - - [08/Mar/2023:08:52:01 +0800] "GET /xingrg/all/function/internal_message.html?_=1678236739977&CODE_STATE=getMsg HTTP/1.1" 200 27
116.238.139.35 - - [08/Mar/2023:08:52:04 +0800] "POST /xingrg/all/user/operate.html HTTP/1.1" 200 36
116.238.139.35 - - [08/Mar/2023:08:52:05 +0800] "GET /xingrg/index.html?sysBaseUrl=http%3A%2F%2F180.169.147.146%3A18081%2Fxingrg%2F&costTime=42×tamp=1678235427939 HTTP/1.1" 200 17177
116.238.139.35 - - [08/Mar/2023:08:52:05 +0800] "GET /xingrg/javascript/jquery_easy_ui/themes/default/easyui.css HTTP/1.1" 304 -
116.238.139.35 - - [08/Mar/2023:08:52:05 +0800] "GET /xingrg/javascript/jquery_easy_ui/themes/icon.css HTTP/1.1" 304 -
116.238.139.35 - - [08/Mar/2023:08:52:05 +0800] "GET /xingrg/css/form.css HTTP/1.1" 304 -
116.238.139.35 - - [08/Mar/2023:08:52:05 +0800] "GET /xingrg/javascript/jquery-1.4.2.min.js HTTP/1.1" 304 -
116.238.139.35 - - [08/Mar/2023:08:52:05 +0800] "GET /xingrg/javascript/jquery_easy_ui/jquery.easyui.min.js HTTP/1.1" 304 -
116.238.139.35 - - [08/Mar/2023:08:52:05 +0800] "GET /xingrg/javascript/jquery_easy_ui/easyui-lang-zh_CN.js HTTP/1.1" 304 -
116.238.139.35 - - [08/Mar/2023:08:52:05 +0800] "GET /xingrg/javascript/jquery.form.js HTTP/1.1" 304 -
116.238.139.35 - - [08/Mar/2023:08:52:05 +0800] "GET /xingrg/javascript/jquery.utils.js HTTP/1.1" 304 -
116.238.139.35 - - [08/Mar/2023:08:52:05 +0800] "GET /xingrg/javascript/jquery.timers.js HTTP/1.1" 304 -
116.238.139.35 - - [08/Mar/2023:08:52:05 +0800] "GET /xingrg/images/blue/jxLogo.png HTTP/1.1" 304 -
116.238.139.35 - - [08/Mar/2023:08:52:05 +0800] "GET /xingrg/images/blue/navBackgound.jpg HTTP/1.1" 304 -
116.238.139.35 - - [08/Mar/2023:08:52:05 +0800] "GET /xingrg/javascript/jquery_easy_ui/themes/icons/settle_new.png HTTP/1.1" 304 -
116.238.139.35 - - [08/Mar/2023:08:52:05 +0800] "POST /xingrg/all/common/load_tree.html?tree=area_rest_tree_json&manage=1 HTTP/1.1" 200 476
116.238.139.35 - - [08/Mar/2023:08:52:05 +0800] "GET /xingrg/images/blue/pingpu.png HTTP/1.1" 304 -
