116.230.118.11 - - [08/Mar/2023:10:31:49 +0800] "GET /xingrg/kc/buy/cgsh_order_operate.html?command=get_materiel&rest_code=00146&code=00101008338&supplier_code=00100005&order_time=2023-03-08 HTTP/1.1" 200 409
180.164.3.199 - - [08/Mar/2023:10:31:50 +0800] "GET /xingrg/all/function/internal_message.html?_=1678242728156&CODE_STATE=getMsg HTTP/1.1" 200 27
222.70.182.154 - - [08/Mar/2023:10:31:50 +0800] "GET /xingrg/kc/buy/cgsh_order_operate.html?command=get_materiel&rest_code=00111&code=00101008296&supplier_code=00100005&order_time=2023-03-08 HTTP/1.1" 200 416
180.164.3.199 - - [08/Mar/2023:10:31:50 +0800] "GET /xingrg/kc/mdqp/qqps_order_list.html HTTP/1.1" 200 9222
180.164.3.199 - - [08/Mar/2023:10:31:50 +0800] "GET /xingrg/dwr/interface/AjaxQqpsService.js HTTP/1.1" 200 16326
180.164.3.199 - - [08/Mar/2023:10:31:50 +0800] "GET /xingrg/dwr/interface/AjaxReportQueryService.js HTTP/1.1" 200 13203
180.164.3.199 - - [08/Mar/2023:10:31:50 +0800] "GET /xingrg/dwr/engine.js HTTP/1.1" 200 43631
222.70.182.154 - - [08/Mar/2023:10:31:51 +0800] "POST /xingrg/services/DataTransmitService HTTP/1.1" 200 524
180.164.3.199 - - [08/Mar/2023:10:31:51 +0800] "GET /xingrg/kc/mdqp/qqps_order_add.html HTTP/1.1" 200 28241
180.164.3.199 - - [08/Mar/2023:10:31:51 +0800] "GET /xingrg/dwr/interface/AjaxComOrderService.js HTTP/1.1" 200 18264
180.164.3.199 - - [08/Mar/2023:10:31:51 +0800] "GET /xingrg/dwr/interface/AjaxQqpsService.js HTTP/1.1" 200 16326
180.164.3.199 - - [08/Mar/2023:10:31:51 +0800] "GET /xingrg/dwr/engine.js HTTP/1.1" 200 43631
61.170.233.90 - - [08/Mar/2023:10:31:51 +0800] "POST /xingrg/all/common/load_combo.html?type=employee HTTP/1.1" 200 365
61.170.233.90 - - [08/Mar/2023:10:31:56 +0800] "POST /xingrg/kc/mdqp/pssh_order_operate.html HTTP/1.1" 200 37
61.170.233.90 - - [08/Mar/2023:10:31:57 +0800] "POST /xingrg/kc/mdqp/pssh_order_operate.html HTTP/1.1" 200 12
61.170.233.90 - - [08/Mar/2023:10:31:58 +0800] "GET /xingrg/kc/mdqp/pssh_order_info.html?code=312023030600126 HTTP/1.1" 200 14384
61.170.233.90 - - [08/Mar/2023:10:31:58 +0800] "GET /xingrg/javascript/jquery_tools/jquery-1.4.2.min.js HTTP/1.1" 404 1094
61.170.233.90 - - [08/Mar/2023:10:31:58 +0800] "GET /xingrg/javascript/easyui/themes/default/validatebox.css HTTP/1.1" 404 1104
61.170.233.90 - - [08/Mar/2023:10:31:58 +0800] "POST /xingrg/kc/mdqp/pssh_order_operate.html HTTP/1.1" 200 529
101.83.241.0 - - [08/Mar/2023:10:31:59 +0800] "GET /xingrg/all/function/internal_message.html?_=1678242736471&CODE_STATE=getMsg HTTP/1.1" 200 27
180.164.3.199 - - [08/Mar/2023:10:31:59 +0800] "POST /xingrg/dwr/call/plaincall/AjaxQqpsService.saveOrder.dwr HTTP/1.1" 200 78
101.83.241.0 - - [08/Mar/2023:10:31:59 +0800] "GET /xingrg/check_reg.html?_=1678242736863 HTTP/1.1" 200 22
116.230.118.11 - - [08/Mar/2023:10:32:00 +0800] "GET /xingrg/kc/buy/cgsh_order_operate.html?command=get_materiel&rest_code=00146&code=00101008290&supplier_code=00100005&order_time=2023-03-08 HTTP/1.1" 200 416
58.40.7.146 - - [08/Mar/2023:10:32:01 +0800] "GET /xingrg/all/function/internal_message.html?_=1678242740014&CODE_STATE=getMsg HTTP/1.1" 200 27
61.170.233.90 - - [08/Mar/2023:10:32:01 +0800] "GET /xingrg/kc/print/load_data.html?order_code=312023030600126&kc_code=pssh&condition= HTTP/1.1" 200 642
222.70.182.154 - - [08/Mar/2023:10:32:02 +0800] "POST /xingrg/kc/buy/cgsh_order_operate.html HTTP/1.1" 200 2065
180.164.3.199 - - [08/Mar/2023:10:32:05 +0800] "POST /xingrg/dwr/call/plaincall/AjaxQqpsService.getMaterielByCode.dwr HTTP/1.1" 200 2961
114.83.222.182 - - [08/Mar/2023:10:32:05 +0800] "GET /xingrg/all/function/internal_message.html?_=1678242806755&CODE_STATE=getMsg HTTP/1.1" 200 27
101.93.223.81 - - [08/Mar/2023:10:32:08 +0800] "GET /favicon.ico HTTP/1.1" 404 -
58.40.7.146 - - [08/Mar/2023:10:32:08 +0800] "GET /xingrg/all/function/internal_message.html?_=1678242747122&CODE_STATE=getMsg HTTP/1.1" 200 27
58.40.7.146 - - [08/Mar/2023:10:32:08 +0800] "GET /xingrg/check_reg.html?_=1678242747124 HTTP/1.1" 200 22
222.70.182.154 - - [08/Mar/2023:10:32:09 +0800] "GET /xingrg/check_reg.html?_=1678242747177 HTTP/1.1" 200 22
222.70.221.209 - - [08/Mar/2023:10:32:09 +0800] "GET /xingrg/all/function/internal_message.html?_=1678242748443&CODE_STATE=getMsg HTTP/1.1" 200 27
222.70.221.209 - - [08/Mar/2023:10:32:09 +0800] "GET /xingrg/check_reg.html?_=1678242748446 HTTP/1.1" 200 22
222.70.182.154 - - [08/Mar/2023:10:32:10 +0800] "GET /xingrg/all/function/internal_message.html?_=1678242747736&CODE_STATE=getMsg HTTP/1.1" 200 27
120.253.135.82 - - [08/Mar/2023:10:32:19 +0800] "GET /xingrg/check_reg.html?_=1678242886566 HTTP/1.1" 200 22
120.253.135.82 - - [08/Mar/2023:10:32:19 +0800] "GET /xingrg/all/function/internal_message.html?_=1678242886565&CODE_STATE=getMsg HTTP/1.1" 200 27
222.70.182.154 - - [08/Mar/2023:10:32:19 +0800] "GET /xingrg/kc/buy/cgsh_order_operate.html?command=get_materiel&rest_code=00111&code=00101008010&supplier_code=00100005&order_time=2023-03-08 HTTP/1.1" 200 412
180.164.3.199 - - [08/Mar/2023:10:32:21 +0800] "POST /xingrg/dwr/call/plaincall/AjaxQqpsService.saveMaterielItem.dwr HTTP/1.1" 200 78
61.170.233.90 - - [08/Mar/2023:10:32:23 +0800] "GET /xingrg/all/function/internal_message.html?_=1678242761221&CODE_STATE=getMsg HTTP/1.1" 200 27
116.225.84.253 - - [08/Mar/2023:10:32:24 +0800] "GET /xingrg/all/function/internal_message.html?_=1678242607431&CODE_STATE=getMsg HTTP/1.1" 200 27
101.229.22.234 - - [08/Mar/2023:10:32:25 +0800] "GET /xingrg/all/function/internal_message.html?_=1678242762283&CODE_STATE=getMsg HTTP/1.1" 200 27
180.169.147.146 - - [08/Mar/2023:10:32:26 +0800] "GET /xingrg/all/function/internal_message.html?_=1678242764520&CODE_STATE=getMsg HTTP/1.1" 200 27
222.70.182.154 - - [08/Mar/2023:10:32:27 +0800] "GET /xingrg/kc/buy/cgsh_order_operate.html?command=get_materiel&rest_code=00111&code=00101008306&supplier_code=00100005&order_time=2023-03-08 HTTP/1.1" 200 412
116.238.139.35 - - [08/Mar/2023:10:32:28 +0800] "GET /xingrg/all/function/internal_message.html?_=1678242767494&CODE_STATE=getMsg HTTP/1.1" 200 27
61.170.233.90 - - [08/Mar/2023:10:32:29 +0800] "GET /xingrg/all/function/internal_message.html?_=1678242768739&CODE_STATE=getMsg HTTP/1.1" 200 27
222.70.221.209 - - [08/Mar/2023:10:32:32 +0800] "GET /xingrg/all/function/internal_message.html?_=1678242890271&CODE_STATE=getMsg HTTP/1.1" 200 27
180.157.253.110 - - [08/Mar/2023:10:32:40 +0800] "GET /xingrg/check_reg.html?_=1678242780812 HTTP/1.1" 200 22
116.230.118.11 - - [08/Mar/2023:10:32:41 +0800] "GET /xingrg/all/function/internal_message.html?_=1678242789613&CODE_STATE=getMsg HTTP/1.1" 200 27
124.79.240.233 - - [08/Mar/2023:10:32:42 +0800] "GET /xingrg/all/function/internal_message.html?_=1678243033267&CODE_STATE=getMsg HTTP/1.1" 200 27
124.79.72.155 - - [08/Mar/2023:10:32:42 +0800] "GET /xingrg/all/function/internal_message.html?_=1678242785169&CODE_STATE=getMsg HTTP/1.1" 200 27
124.79.72.155 - - [08/Mar/2023:10:32:42 +0800] "GET /xingrg/check_reg.html?_=1678242785177 HTTP/1.1" 200 22
180.164.3.199 - - [08/Mar/2023:10:32:47 +0800] "POST /xingrg/dwr/call/plaincall/AjaxQqpsService.getMaterielByCode.dwr HTTP/1.1" 200 2993
222.70.182.154 - - [08/Mar/2023:10:32:49 +0800] "GET /xingrg/kc/buy/cgsh_order_operate.html?command=get_materiel&rest_code=00111&code=00101016081&supplier_code=00100005&order_time=2023-03-08 HTTP/1.1" 200 447
180.164.3.199 - - [08/Mar/2023:10:32:50 +0800] "GET /xingrg/check_reg.html?_=1678242788162 HTTP/1.1" 200 22
180.164.3.199 - - [08/Mar/2023:10:32:50 +0800] "GET /xingrg/all/function/internal_message.html?_=1678242788164&CODE_STATE=getMsg HTTP/1.1" 200 27
222.70.182.154 - - [08/Mar/2023:10:32:51 +0800] "POST /xingrg/kc/buy/cgsh_order_operate.html HTTP/1.1" 200 2065
180.164.3.199 - - [08/Mar/2023:10:32:52 +0800] "POST /xingrg/dwr/call/plaincall/AjaxQqpsService.saveMaterielItem.dwr HTTP/1.1" 200 78
101.83.241.0 - - [08/Mar/2023:10:32:59 +0800] "GET /xingrg/all/function/internal_message.html?_=1678242796450&CODE_STATE=getMsg HTTP/1.1" 200 27
116.230.118.11 - - [08/Mar/2023:10:33:00 +0800] "GET /xingrg/kc/buy/cgsh_order_operate.html?command=get_materiel&rest_code=00146&code=00101008355&supplier_code=00100005&order_time=2023-03-08 HTTP/1.1" 200 408
58.40.7.146 - - [08/Mar/2023:10:33:01 +0800] "GET /xingrg/all/function/internal_message.html?_=1678242800045&CODE_STATE=getMsg HTTP/1.1" 200 27
58.40.7.146 - - [08/Mar/2023:10:33:01 +0800] "GET /xingrg/check_reg.html?_=1678242800465 HTTP/1.1" 200 22
61.170.233.90 - - [08/Mar/2023:10:33:03 +0800] "GET /xingrg/kc/mdqp/pssh_order_list.html?isBack=1 HTTP/1.1" 200 17844
61.170.233.90 - - [08/Mar/2023:10:33:03 +0800] "POST /xingrg/kc/mdqp/pssh_list_operate.html HTTP/1.1" 200 5293
114.83.222.182 - - [08/Mar/2023:10:33:05 +0800] "GET /xingrg/all/function/internal_message.html?_=1678242866745&CODE_STATE=getMsg HTTP/1.1" 200 27
116.192.124.172 - - [08/Mar/2023:10:33:07 +0800] "GET /xingrg/check_reg.html?_=1678242806159 HTTP/1.1" 200 22
61.170.233.90 - - [08/Mar/2023:10:33:07 +0800] "POST /xingrg/kc/mdqp/pssh_list_operate.html HTTP/1.1" 200 364
61.170.233.90 - - [08/Mar/2023:10:33:08 +0800] "GET /xingrg/kc/mdqp/pssh_order_info.html?code=312023030600125 HTTP/1.1" 200 17293
61.170.233.90 - - [08/Mar/2023:10:33:08 +0800] "POST /xingrg/kc/mdqp/pssh_list_operate.html HTTP/1.1" 200 814
61.170.233.90 - - [08/Mar/2023:10:33:08 +0800] "GET /xingrg/javascript/jquery_tools/jquery-1.4.2.min.js HTTP/1.1" 404 1094
61.170.233.90 - - [08/Mar/2023:10:33:08 +0800] "POST /xingrg/kc/mdqp/pssh_order_operate.html HTTP/1.1" 200 1073
61.170.233.90 - - [08/Mar/2023:10:33:08 +0800] "GET /xingrg/javascript/easyui/themes/default/validatebox.css HTTP/1.1" 404 1104
58.40.7.146 - - [08/Mar/2023:10:33:08 +0800] "GET /xingrg/all/function/internal_message.html?_=1678242807138&CODE_STATE=getMsg HTTP/1.1" 200 27
222.70.221.209 - - [08/Mar/2023:10:33:09 +0800] "GET /xingrg/all/function/internal_message.html?_=1678242808445&CODE_STATE=getMsg HTTP/1.1" 200 27
222.70.182.154 - - [08/Mar/2023:10:33:10 +0800] "GET /xingrg/all/function/internal_message.html?_=1678242807715&CODE_STATE=getMsg HTTP/1.1" 200 27
61.170.233.90 - - [08/Mar/2023:10:33:11 +0800] "POST /xingrg/all/common/load_combo.html?type=employee HTTP/1.1" 200 365
222.70.182.154 - - [08/Mar/2023:10:33:11 +0800] "GET /xingrg/kc/buy/cgsh_order_operate.html?command=get_materiel&rest_code=00111&code=00101008161&supplier_code=00100005&order_time=2023-03-08 HTTP/1.1" 200 409
61.170.233.90 - - [08/Mar/2023:10:33:16 +0800] "POST /xingrg/kc/mdqp/pssh_order_operate.html HTTP/1.1" 200 37
61.170.233.90 - - [08/Mar/2023:10:33:18 +0800] "POST /xingrg/kc/mdqp/pssh_order_operate.html HTTP/1.1" 200 12
61.170.233.90 - - [08/Mar/2023:10:33:19 +0800] "GET /xingrg/kc/mdqp/pssh_order_info.html?code=312023030600125 HTTP/1.1" 200 14384
61.170.233.90 - - [08/Mar/2023:10:33:19 +0800] "GET /xingrg/javascript/jquery_tools/jquery-1.4.2.min.js HTTP/1.1" 404 1094
120.253.135.82 - - [08/Mar/2023:10:33:19 +0800] "GET /xingrg/all/function/internal_message.html?_=1678242946570&CODE_STATE=getMsg HTTP/1.1" 200 27
61.170.233.90 - - [08/Mar/2023:10:33:19 +0800] "POST /xingrg/kc/mdqp/pssh_order_operate.html HTTP/1.1" 200 1073
61.170.233.90 - - [08/Mar/2023:10:33:19 +0800] "GET /xingrg/javascript/easyui/themes/default/validatebox.css HTTP/1.1" 404 1104
61.170.233.90 - - [08/Mar/2023:10:33:22 +0800] "GET /xingrg/kc/print/load_data.html?order_code=312023030600125&kc_code=pssh&condition= HTTP/1.1" 200 865
180.163.29.103 - - [08/Mar/2023:10:33:23 +0800] "GET /xingrg/all/function/internal_message.html?_=1678242761221&CODE_STATE=getMsg HTTP/1.1" 302 -
180.163.29.103 - - [08/Mar/2023:10:33:23 +0800] "GET /xingrg/login.html HTTP/1.1" 200 7641
61.170.233.90 - - [08/Mar/2023:10:33:23 +0800] "GET /xingrg/all/function/internal_message.html?_=1678242821189&CODE_STATE=getMsg HTTP/1.1" 200 27
61.170.233.90 - - [08/Mar/2023:10:33:23 +0800] "GET /xingrg/check_reg.html?_=1678242821475 HTTP/1.1" 200 22
116.225.84.253 - - [08/Mar/2023:10:33:24 +0800] "GET /xingrg/all/function/internal_message.html?_=1678242667396&CODE_STATE=getMsg HTTP/1.1" 200 27
61.170.233.90 - - [08/Mar/2023:10:33:25 +0800] "GET /xingrg/kc/base/base_main.html HTTP/1.1" 200 12142
101.229.22.234 - - [08/Mar/2023:10:33:25 +0800] "GET /xingrg/all/function/internal_message.html?_=1678242822266&CODE_STATE=getMsg HTTP/1.1" 200 27
222.70.182.154 - - [08/Mar/2023:10:33:25 +0800] "GET /xingrg/kc/buy/cgsh_order_operate.html?command=get_materiel&rest_code=00111&code=00101008001&supplier_code=00100005&order_time=2023-03-08 HTTP/1.1" 200 413
61.170.233.90 - - [08/Mar/2023:10:33:26 +0800] "GET /xingrg/kc/base/wldb_order_list.html HTTP/1.1" 200 19098
180.169.147.146 - - [08/Mar/2023:10:33:26 +0800] "GET /xingrg/all/function/internal_message.html?_=1678242824521&CODE_STATE=getMsg HTTP/1.1" 200 27
116.225.84.253 - - [08/Mar/2023:10:33:26 +0800] "GET /xingrg/check_reg.html?_=1678242669582 HTTP/1.1" 200 22
61.170.233.90 - - [08/Mar/2023:10:33:27 +0800] "POST /xingrg/kc/base/wldb_list_operate.html HTTP/1.1" 200 928
116.238.139.35 - - [08/Mar/2023:10:33:28 +0800] "GET /xingrg/all/function/internal_message.html?_=1678242827495&CODE_STATE=getMsg HTTP/1.1" 200 27
61.170.233.90 - - [08/Mar/2023:10:33:28 +0800] "GET /xingrg/kc/base/wldb_order_add.html HTTP/1.1" 200 30385
61.170.233.90 - - [08/Mar/2023:10:33:29 +0800] "GET /xingrg/all/common/auto_word.html?type=base&rest_code=00106 HTTP/1.1" 200 1799
61.170.233.90 - - [08/Mar/2023:10:33:29 +0800] "GET /xingrg/all/common/auto_word.html?type=base&rest_code=00106 HTTP/1.1" 200 1799
61.170.233.90 - - [08/Mar/2023:10:33:29 +0800] "GET /xingrg/javascript/easyui/themes/default/validatebox.css HTTP/1.1" 404 1104
61.170.233.90 - - [08/Mar/2023:10:33:29 +0800] "POST /xingrg/kc/base/wldb_order_operate.html HTTP/1.1" 200 6806
61.170.233.90 - - [08/Mar/2023:10:33:29 +0800] "GET /xingrg/all/function/internal_message.html?_=1678242828748&CODE_STATE=getMsg HTTP/1.1" 200 27
61.170.233.90 - - [08/Mar/2023:10:33:30 +0800] "POST /xingrg/all/common/load_combo.html?type=base HTTP/1.1" 200 3227
222.70.221.209 - - [08/Mar/2023:10:33:32 +0800] "GET /xingrg/all/function/internal_message.html?_=1678242950266&CODE_STATE=getMsg HTTP/1.1" 200 27
61.170.233.90 - - [08/Mar/2023:10:33:35 +0800] "GET /xingrg/kc/base/wldb_order_operate.html?command=get_materiel&rest_code=00106&base_code=0010397&code=00102002258 HTTP/1.1" 200 447
61.170.233.90 - - [08/Mar/2023:10:33:38 +0800] "GET /xingrg/kc/mdqp/pssh_order_list.html?isBack=1 HTTP/1.1" 200 17844
61.170.233.90 - - [08/Mar/2023:10:33:38 +0800] "POST /xingrg/kc/mdqp/pssh_list_operate.html HTTP/1.1" 200 5318
116.230.118.11 - - [08/Mar/2023:10:33:41 +0800] "GET /xingrg/all/function/internal_message.html?_=1678242849627&CODE_STATE=getMsg HTTP/1.1" 200 27
61.170.233.90 - - [08/Mar/2023:10:33:42 +0800] "POST /xingrg/kc/mdqp/pssh_list_operate.html HTTP/1.1" 200 774
222.70.182.154 - - [08/Mar/2023:10:33:42 +0800] "GET /xingrg/kc/buy/cgsh_order_operate.html?command=get_materiel&rest_code=00111&code=00101008274&supplier_code=00100005&order_time=2023-03-08 HTTP/1.1" 200 412
61.170.233.90 - - [08/Mar/2023:10:33:42 +0800] "GET /xingrg/kc/mdqp/pssh_order_info.html?code=312023030600127 HTTP/1.1" 200 17291
61.170.233.90 - - [08/Mar/2023:10:33:42 +0800] "GET /xingrg/javascript/jquery_tools/jquery-1.4.2.min.js HTTP/1.1" 404 1094
61.170.233.90 - - [08/Mar/2023:10:33:42 +0800] "POST /xingrg/kc/mdqp/pssh_list_operate.html HTTP/1.1" 200 814
124.79.240.233 - - [08/Mar/2023:10:33:42 +0800] "GET /xingrg/check_reg.html?_=1678243093267 HTTP/1.1" 200 22
124.79.240.233 - - [08/Mar/2023:10:33:42 +0800] "GET /xingrg/all/function/internal_message.html?_=1678243093268&CODE_STATE=getMsg HTTP/1.1" 200 27
61.170.233.90 - - [08/Mar/2023:10:33:42 +0800] "POST /xingrg/kc/mdqp/pssh_order_operate.html HTTP/1.1" 200 4234
61.170.233.90 - - [08/Mar/2023:10:33:42 +0800] "GET /xingrg/javascript/easyui/themes/default/validatebox.css HTTP/1.1" 404 1104
124.79.72.155 - - [08/Mar/2023:10:33:42 +0800] "GET /xingrg/all/function/internal_message.html?_=1678242845189&CODE_STATE=getMsg HTTP/1.1" 200 27
61.170.233.90 - - [08/Mar/2023:10:33:44 +0800] "POST /xingrg/all/common/load_combo.html?type=employee HTTP/1.1" 200 365
61.170.233.90 - - [08/Mar/2023:10:33:49 +0800] "POST /xingrg/kc/mdqp/pssh_order_operate.html HTTP/1.1" 200 37
222.67.232.202 - - [08/Mar/2023:10:33:49 +0800] "GET /xingrg/check_reg.html?_=1678242402439 HTTP/1.1" 302 -
180.164.3.199 - - [08/Mar/2023:10:33:50 +0800] "GET /xingrg/all/function/internal_message.html?_=1678242848151&CODE_STATE=getMsg HTTP/1.1" 200 27
61.170.233.90 - - [08/Mar/2023:10:33:50 +0800] "POST /xingrg/kc/mdqp/pssh_order_operate.html HTTP/1.1" 200 12
61.170.233.90 - - [08/Mar/2023:10:33:51 +0800] "GET /xingrg/kc/mdqp/pssh_order_info.html?code=312023030600127 HTTP/1.1" 200 14382
61.170.233.90 - - [08/Mar/2023:10:33:51 +0800] "GET /xingrg/javascript/jquery_tools/jquery-1.4.2.min.js HTTP/1.1" 404 1094
61.170.233.90 - - [08/Mar/2023:10:33:51 +0800] "POST /xingrg/kc/mdqp/pssh_order_operate.html HTTP/1.1" 200 4234
61.170.233.90 - - [08/Mar/2023:10:33:51 +0800] "GET /xingrg/javascript/easyui/themes/default/validatebox.css HTTP/1.1" 404 1104
61.170.233.90 - - [08/Mar/2023:10:33:53 +0800] "GET /xingrg/kc/print/load_data.html?order_code=312023030600127&kc_code=pssh&condition= HTTP/1.1" 200 1944
222.70.182.154 - - [08/Mar/2023:10:33:54 +0800] "GET /xingrg/kc/buy/cgsh_order_operate.html?command=get_materiel&rest_code=00111&code=00101008155&supplier_code=00100005&order_time=2023-03-08 HTTP/1.1" 200 408
101.83.241.0 - - [08/Mar/2023:10:33:59 +0800] "GET /xingrg/all/function/internal_message.html?_=1678242856421&CODE_STATE=getMsg HTTP/1.1" 200 27
222.70.182.154 - - [08/Mar/2023:10:33:59 +0800] "POST /xingrg/kc/buy/cgsh_order_operate.html HTTP/1.1" 200 2065
116.230.118.11 - - [08/Mar/2023:10:33:59 +0800] "GET /xingrg/kc/buy/cgsh_order_operate.html?command=get_materiel&rest_code=00146&code=00101008264&supplier_code=00100005&order_time=2023-03-08 HTTP/1.1" 200 412
58.40.7.146 - - [08/Mar/2023:10:34:01 +0800] "GET /xingrg/all/function/internal_message.html?_=1678242860114&CODE_STATE=getMsg HTTP/1.1" 200 27
61.170.233.90 - - [08/Mar/2023:10:34:02 +0800] "GET /xingrg/kc/mdqp/pssh_order_list.html?isBack=1 HTTP/1.1" 200 17844
61.170.233.90 - - [08/Mar/2023:10:34:02 +0800] "POST /xingrg/kc/mdqp/pssh_list_operate.html HTTP/1.1" 200 5343
114.83.222.182 - - [08/Mar/2023:10:34:05 +0800] "GET /xingrg/all/function/internal_message.html?_=1678242926749&CODE_STATE=getMsg HTTP/1.1" 200 27
114.83.222.182 - - [08/Mar/2023:10:34:05 +0800] "GET /xingrg/check_reg.html?_=1678242926750 HTTP/1.1" 200 22
58.40.7.146 - - [08/Mar/2023:10:34:08 +0800] "GET /xingrg/all/function/internal_message.html?_=1678242867150&CODE_STATE=getMsg HTTP/1.1" 200 27
222.70.221.209 - - [08/Mar/2023:10:34:09 +0800] "GET /xingrg/all/function/internal_message.html?_=1678242868432&CODE_STATE=getMsg HTTP/1.1" 200 27
222.70.182.154 - - [08/Mar/2023:10:34:10 +0800] "GET /xingrg/all/function/internal_message.html?_=1678242867697&CODE_STATE=getMsg HTTP/1.1" 200 27
116.230.118.11 - - [08/Mar/2023:10:34:12 +0800] "GET /xingrg/kc/buy/cgsh_order_operate.html?command=get_materiel&rest_code=00146&code=00101008251&supplier_code=00100005&order_time=2023-03-08 HTTP/1.1" 200 408
61.170.233.90 - - [08/Mar/2023:10:34:12 +0800] "POST /xingrg/kc/mdqp/pssh_list_operate.html HTTP/1.1" 200 259
61.170.233.90 - - [08/Mar/2023:10:34:12 +0800] "GET /xingrg/kc/mdqp/pssh_order_info.html?code=312023030400096 HTTP/1.1" 200 17272
61.170.233.90 - - [08/Mar/2023:10:34:12 +0800] "POST /xingrg/kc/mdqp/pssh_list_operate.html HTTP/1.1" 200 814
61.170.233.90 - - [08/Mar/2023:10:34:12 +0800] "GET /xingrg/javascript/jquery_tools/jquery-1.4.2.min.js HTTP/1.1" 404 1094
61.170.233.90 - - [08/Mar/2023:10:34:13 +0800] "POST /xingrg/kc/mdqp/pssh_order_operate.html HTTP/1.1" 200 529
61.170.233.90 - - [08/Mar/2023:10:34:13 +0800] "GET /xingrg/javascript/easyui/themes/default/validatebox.css HTTP/1.1" 404 1104
61.170.233.90 - - [08/Mar/2023:10:34:17 +0800] "POST /xingrg/all/common/load_combo.html?type=base&rest_code=00106 HTTP/1.1" 200 3227
120.253.135.82 - - [08/Mar/2023:10:34:19 +0800] "GET /xingrg/all/function/internal_message.html?_=1678243006569&CODE_STATE=getMsg HTTP/1.1" 200 27
61.170.233.90 - - [08/Mar/2023:10:34:22 +0800] "POST /xingrg/all/common/load_combo.html?type=employee HTTP/1.1" 200 365
180.163.29.206 - - [08/Mar/2023:10:34:23 +0800] "GET /xingrg/all/function/internal_message.html?_=1678242821189&CODE_STATE=getMsg HTTP/1.1" 302 -
180.163.28.68 - - [08/Mar/2023:10:34:23 +0800] "GET /xingrg/check_reg.html?_=1678242821475 HTTP/1.1" 302 -
180.163.29.206 - - [08/Mar/2023:10:34:23 +0800] "GET /xingrg/login.html HTTP/1.1" 200 7641
180.163.28.68 - - [08/Mar/2023:10:34:23 +0800] "GET /xingrg/login.html HTTP/1.1" 200 7641
61.170.233.90 - - [08/Mar/2023:10:34:23 +0800] "GET /xingrg/all/function/internal_message.html?_=1678242881164&CODE_STATE=getMsg HTTP/1.1" 200 27
116.225.84.253 - - [08/Mar/2023:10:34:24 +0800] "GET /xingrg/all/function/internal_message.html?_=1678242727379&CODE_STATE=getMsg HTTP/1.1" 200 27
101.229.22.234 - - [08/Mar/2023:10:34:25 +0800] "GET /xingrg/all/function/internal_message.html?_=1678242882249&CODE_STATE=getMsg HTTP/1.1" 200 27
116.230.118.11 - - [08/Mar/2023:10:34:25 +0800] "GET /xingrg/kc/buy/cgsh_order_operate.html?command=get_materiel&rest_code=00146&code=00101008196&supplier_code=00100005&order_time=2023-03-08 HTTP/1.1" 200 416
180.163.29.212 - - [08/Mar/2023:10:34:26 +0800] "GET /xingrg/kc/base/wldb_order_list.html HTTP/1.1" 302 -
180.169.147.146 - - [08/Mar/2023:10:34:26 +0800] "GET /xingrg/all/function/internal_message.html?_=1678242884500&CODE_STATE=getMsg HTTP/1.1" 200 27
61.170.233.90 - - [08/Mar/2023:10:34:27 +0800] "POST /xingrg/kc/mdqp/pssh_order_operate.html HTTP/1.1" 200 37
61.170.233.90 - - [08/Mar/2023:10:34:28 +0800] "POST /xingrg/kc/mdqp/pssh_order_operate.html HTTP/1.1" 200 12
116.238.139.35 - - [08/Mar/2023:10:34:28 +0800] "GET /xingrg/all/function/internal_message.html?_=1678242887485&CODE_STATE=getMsg HTTP/1.1" 200 27
180.163.29.234 - - [08/Mar/2023:10:34:28 +0800] "GET /xingrg/kc/base/wldb_order_add.html HTTP/1.1" 302 -
180.163.30.100 - - [08/Mar/2023:10:34:28 +0800] "GET /xingrg/all/common/auto_word.html?type=base&rest_code=00106 HTTP/1.1" 302 -
180.163.29.234 - - [08/Mar/2023:10:34:28 +0800] "GET /xingrg/login.html HTTP/1.1" 200 7641
180.163.30.100 - - [08/Mar/2023:10:34:28 +0800] "GET /xingrg/login.html HTTP/1.1" 200 7641
61.170.233.90 - - [08/Mar/2023:10:34:29 +0800] "GET /xingrg/kc/mdqp/pssh_order_info.html?code=312023030400096 HTTP/1.1" 200 14388
61.170.233.90 - - [08/Mar/2023:10:34:29 +0800] "GET /xingrg/javascript/jquery_tools/jquery-1.4.2.min.js HTTP/1.1" 404 1094
61.170.233.90 - - [08/Mar/2023:10:34:29 +0800] "GET /xingrg/javascript/easyui/themes/default/validatebox.css HTTP/1.1" 404 1104
61.170.233.90 - - [08/Mar/2023:10:34:29 +0800] "GET /xingrg/check_reg.html?_=1678242888744 HTTP/1.1" 200 22
61.170.233.90 - - [08/Mar/2023:10:34:29 +0800] "GET /xingrg/all/function/internal_message.html?_=1678242888745&CODE_STATE=getMsg HTTP/1.1" 200 27
61.170.233.90 - - [08/Mar/2023:10:34:29 +0800] "POST /xingrg/kc/mdqp/pssh_order_operate.html HTTP/1.1" 200 529
116.230.118.11 - - [08/Mar/2023:10:34:29 +0800] "POST /xingrg/kc/buy/cgsh_order_operate.html HTTP/1.1" 200 2065
180.163.29.212 - - [08/Mar/2023:10:34:29 +0800] "GET /xingrg/login.html HTTP/1.1" 200 7641
116.224.106.218 - - [08/Mar/2023:10:34:31 +0800] "GET /xingrg/check_reg.html?_=1678242889645 HTTP/1.1" 200 22
61.170.233.90 - - [08/Mar/2023:10:34:31 +0800] "GET /xingrg/kc/print/load_data.html?order_code=312023030400096&kc_code=pssh&condition= HTTP/1.1" 200 658
222.70.221.209 - - [08/Mar/2023:10:34:32 +0800] "GET /xingrg/all/function/internal_message.html?_=1678243010263&CODE_STATE=getMsg HTTP/1.1" 200 27
222.70.182.154 - - [08/Mar/2023:10:34:34 +0800] "GET /xingrg/kc/buy/cgsh_order_operate.html?command=get_materiel&rest_code=00111&code=00101022052&supplier_code=00100005&order_time=2023-03-08 HTTP/1.1" 200 413
180.163.29.219 - - [08/Mar/2023:10:34:35 +0800] "GET /xingrg/kc/base/wldb_order_operate.html?command=get_materiel&rest_code=00106&base_code=0010397&code=00102002258 HTTP/1.1" 302 -
180.163.29.219 - - [08/Mar/2023:10:34:35 +0800] "GET /xingrg/login.html HTTP/1.1" 200 7641
116.230.118.11 - - [08/Mar/2023:10:34:36 +0800] "GET /xingrg/kc/buy/cgsh_order_operate.html?command=get_materiel&rest_code=00146&code=00101008197&supplier_code=00100005&order_time=2023-03-08 HTTP/1.1" 200 417
116.230.118.11 - - [08/Mar/2023:10:34:41 +0800] "GET /xingrg/all/function/internal_message.html?_=1678242909641&CODE_STATE=getMsg HTTP/1.1" 200 27
61.170.233.90 - - [08/Mar/2023:10:34:41 +0800] "GET /xingrg/kc/mdqp/pssh_order_list.html?isBack=1 HTTP/1.1" 200 17844
61.170.233.90 - - [08/Mar/2023:10:34:41 +0800] "POST /xingrg/kc/mdqp/pssh_list_operate.html HTTP/1.1" 200 5374
124.79.240.233 - - [08/Mar/2023:10:34:42 +0800] "GET /xingrg/all/function/internal_message.html?_=1678243153298&CODE_STATE=getMsg HTTP/1.1" 200 27
124.79.72.155 - - [08/Mar/2023:10:34:42 +0800] "GET /xingrg/all/function/internal_message.html?_=1678242905194&CODE_STATE=getMsg HTTP/1.1" 200 27
61.170.233.90 - - [08/Mar/2023:10:34:43 +0800] "POST /xingrg/kc/mdqp/pssh_list_operate.html HTTP/1.1" 200 257
61.170.233.90 - - [08/Mar/2023:10:34:44 +0800] "GET /xingrg/javascript/jquery_tools/jquery-1.4.2.min.js HTTP/1.1" 404 1094
61.170.233.90 - - [08/Mar/2023:10:34:44 +0800] "GET /xingrg/kc/mdqp/pssh_order_info.html?code=312023030500113 HTTP/1.1" 200 17266
61.170.233.90 - - [08/Mar/2023:10:34:44 +0800] "POST /xingrg/kc/mdqp/pssh_list_operate.html HTTP/1.1" 200 814
61.170.233.90 - - [08/Mar/2023:10:34:44 +0800] "POST /xingrg/kc/mdqp/pssh_order_operate.html HTTP/1.1" 200 526
61.170.233.90 - - [08/Mar/2023:10:34:44 +0800] "GET /xingrg/javascript/easyui/themes/default/validatebox.css HTTP/1.1" 404 1104
180.164.3.199 - - [08/Mar/2023:10:34:44 +0800] "GET /xingrg/kc/mdqp/qqps_order_list.html?isBack=1 HTTP/1.1" 200 9651
180.164.3.199 - - [08/Mar/2023:10:34:45 +0800] "GET /xingrg/dwr/interface/AjaxQqpsService.js HTTP/1.1" 200 16326
180.164.3.199 - - [08/Mar/2023:10:34:45 +0800] "GET /xingrg/dwr/interface/AjaxReportQueryService.js HTTP/1.1" 200 13203
180.164.3.199 - - [08/Mar/2023:10:34:45 +0800] "GET /xingrg/dwr/engine.js HTTP/1.1" 200 43631
180.164.3.199 - - [08/Mar/2023:10:34:47 +0800] "GET /xingrg/kc/mdqp/pssh_order_list.html HTTP/1.1" 200 17928
61.170.233.90 - - [08/Mar/2023:10:34:47 +0800] "POST /xingrg/all/common/load_combo.html?type=base&rest_code=00106 HTTP/1.1" 200 3227
180.164.3.199 - - [08/Mar/2023:10:34:47 +0800] "POST /xingrg/kc/mdqp/pssh_list_operate.html HTTP/1.1" 200 5287
180.164.3.199 - - [08/Mar/2023:10:34:48 +0800] "POST /xingrg/kc/mdqp/pssh_list_operate.html HTTP/1.1" 200 791
180.164.3.199 - - [08/Mar/2023:10:34:49 +0800] "GET /xingrg/kc/mdqp/pssh_order_info.html?code=312023030800199 HTTP/1.1" 200 17283
180.164.3.199 - - [08/Mar/2023:10:34:49 +0800] "GET /xingrg/javascript/jquery_tools/jquery-1.4.2.min.js HTTP/1.1" 404 1094
180.164.3.199 - - [08/Mar/2023:10:34:49 +0800] "POST /xingrg/kc/mdqp/pssh_order_operate.html HTTP/1.1" 200 4858
180.164.3.199 - - [08/Mar/2023:10:34:49 +0800] "GET /xingrg/javascript/easyui/themes/default/validatebox.css HTTP/1.1" 404 1104
116.230.118.11 - - [08/Mar/2023:10:34:49 +0800] "GET /xingrg/kc/buy/cgsh_order_operate.html?command=get_materiel&rest_code=00146&code=00101008069&supplier_code=00100005&order_time=2023-03-08 HTTP/1.1" 200 412
180.164.3.199 - - [08/Mar/2023:10:34:50 +0800] "GET /xingrg/all/function/internal_message.html?_=1678242908169&CODE_STATE=getMsg HTTP/1.1" 200 27
61.170.233.90 - - [08/Mar/2023:10:34:51 +0800] "POST /xingrg/all/common/load_combo.html?type=employee HTTP/1.1" 200 365
180.164.3.199 - - [08/Mar/2023:10:34:55 +0800] "GET /xingrg/kc/mdqp/pssh_order_list.html?isBack=1 HTTP/1.1" 200 17928
180.164.3.199 - - [08/Mar/2023:10:34:55 +0800] "POST /xingrg/kc/mdqp/pssh_list_operate.html HTTP/1.1" 200 5287
61.170.233.90 - - [08/Mar/2023:10:34:55 +0800] "POST /xingrg/kc/mdqp/pssh_order_operate.html HTTP/1.1" 200 37
61.170.233.90 - - [08/Mar/2023:10:34:56 +0800] "POST /xingrg/kc/mdqp/pssh_order_operate.html HTTP/1.1" 200 12
180.164.3.199 - - [08/Mar/2023:10:34:56 +0800] "GET /xingrg/kc/mdqp/qqps_order_list.html HTTP/1.1" 200 9642
180.164.3.199 - - [08/Mar/2023:10:34:56 +0800] "GET /xingrg/dwr/interface/AjaxQqpsService.js HTTP/1.1" 200 16326
180.164.3.199 - - [08/Mar/2023:10:34:56 +0800] "GET /xingrg/dwr/interface/AjaxReportQueryService.js HTTP/1.1" 200 13203
180.164.3.199 - - [08/Mar/2023:10:34:56 +0800] "GET /xingrg/dwr/engine.js HTTP/1.1" 200 43631
61.170.233.90 - - [08/Mar/2023:10:34:57 +0800] "GET /xingrg/kc/mdqp/pssh_order_info.html?code=312023030500113 HTTP/1.1" 200 14382
61.170.233.90 - - [08/Mar/2023:10:34:57 +0800] "GET /xingrg/javascript/jquery_tools/jquery-1.4.2.min.js HTTP/1.1" 404 1094
180.164.3.199 - - [08/Mar/2023:10:34:57 +0800] "GET /xingrg/kc/mdqp/qqps_order_info.html?code=302023030800171 HTTP/1.1" 200 28403
180.164.3.199 - - [08/Mar/2023:10:34:57 +0800] "GET /xingrg/dwr/interface/AjaxQqpsService.js HTTP/1.1" 200 16326
180.164.3.199 - - [08/Mar/2023:10:34:57 +0800] "GET /xingrg/dwr/interface/AjaxComOrderService.js HTTP/1.1" 200 18264
180.164.3.199 - - [08/Mar/2023:10:34:57 +0800] "GET /xingrg/dwr/engine.js HTTP/1.1" 200 43631
61.170.233.90 - - [08/Mar/2023:10:34:58 +0800] "POST /xingrg/kc/mdqp/pssh_order_operate.html HTTP/1.1" 200 526
61.170.233.90 - - [08/Mar/2023:10:34:58 +0800] "GET /xingrg/javascript/easyui/themes/default/validatebox.css HTTP/1.1" 404 1104
222.70.182.154 - - [08/Mar/2023:10:34:58 +0800] "GET /xingrg/kc/buy/cgsh_order_operate.html?command=get_materiel&rest_code=00111&code=00101008633&supplier_code=00100005&order_time=2023-03-08 HTTP/1.1" 200 414
180.164.3.199 - - [08/Mar/2023:10:34:58 +0800] "POST /xingrg/dwr/call/plaincall/AjaxQqpsService.loadMaterielItems.dwr HTTP/1.1" 200 627
180.164.3.199 - - [08/Mar/2023:10:34:58 +0800] "GET /xingrg/images/yd/bt.gif HTTP/1.1" 404 1040
180.164.3.199 - - [08/Mar/2023:10:34:58 +0800] "GET /xingrg/images/yd/bt2.gif HTTP/1.1" 404 1042
101.83.241.0 - - [08/Mar/2023:10:34:59 +0800] "GET /xingrg/all/function/internal_message.html?_=1678242916391&CODE_STATE=getMsg HTTP/1.1" 200 27
61.170.233.90 - - [08/Mar/2023:10:35:00 +0800] "GET /xingrg/kc/print/load_data.html?order_code=312023030500113&kc_code=pssh&condition= HTTP/1.1" 200 639
116.230.118.11 - - [08/Mar/2023:10:35:00 +0800] "GET /xingrg/kc/buy/cgsh_order_operate.html?command=get_materiel&rest_code=00146&code=00101008357&supplier_code=00100005&order_time=2023-03-08 HTTP/1.1" 200 408
58.40.7.146 - - [08/Mar/2023:10:35:01 +0800] "GET /xingrg/all/function/internal_message.html?_=1678242920091&CODE_STATE=getMsg HTTP/1.1" 200 27
180.164.3.199 - - [08/Mar/2023:10:35:04 +0800] "POST /xingrg/dwr/call/plaincall/AjaxQqpsService.getMaterielByCode.dwr HTTP/1.1" 200 3005
114.83.222.182 - - [08/Mar/2023:10:35:05 +0800] "GET /xingrg/all/function/internal_message.html?_=1678242986766&CODE_STATE=getMsg HTTP/1.1" 200 27
58.40.7.146 - - [08/Mar/2023:10:35:08 +0800] "GET /xingrg/all/function/internal_message.html?_=1678242927122&CODE_STATE=getMsg HTTP/1.1" 200 27
222.70.221.209 - - [08/Mar/2023:10:35:09 +0800] "GET /xingrg/all/function/internal_message.html?_=1678242928449&CODE_STATE=getMsg HTTP/1.1" 200 27
180.164.3.199 - - [08/Mar/2023:10:35:09 +0800] "POST /xingrg/dwr/call/plaincall/AjaxQqpsService.saveMaterielItem.dwr HTTP/1.1" 200 78
222.70.182.154 - - [08/Mar/2023:10:35:10 +0800] "GET /xingrg/all/function/internal_message.html?_=1678242927670&CODE_STATE=getMsg HTTP/1.1" 200 27
61.170.233.90 - - [08/Mar/2023:10:35:12 +0800] "GET /xingrg/kc/mdqp/pssh_order_list.html?isBack=1 HTTP/1.1" 200 17844
116.230.118.11 - - [08/Mar/2023:10:35:13 +0800] "GET /xingrg/kc/buy/cgsh_order_operate.html?command=get_materiel&rest_code=00146&code=00101008036&supplier_code=00100005&order_time=2023-03-08 HTTP/1.1" 200 408
61.170.233.90 - - [08/Mar/2023:10:35:13 +0800] "POST /xingrg/kc/mdqp/pssh_list_operate.html HTTP/1.1" 200 5405
180.164.3.199 - - [08/Mar/2023:10:35:16 +0800] "POST /xingrg/dwr/call/plaincall/AjaxQqpsService.getMaterielByCode.dwr HTTP/1.1" 200 3001
61.170.233.90 - - [08/Mar/2023:10:35:17 +0800] "POST /xingrg/kc/mdqp/pssh_list_operate.html HTTP/1.1" 200 560
61.170.233.90 - - [08/Mar/2023:10:35:17 +0800] "GET /xingrg/javascript/jquery_tools/jquery-1.4.2.min.js HTTP/1.1" 404 1094
61.170.233.90 - - [08/Mar/2023:10:35:17 +0800] "GET /xingrg/kc/mdqp/pssh_order_info.html?code=312023030600130 HTTP/1.1" 200 17291
61.170.233.90 - - [08/Mar/2023:10:35:17 +0800] "POST /xingrg/kc/mdqp/pssh_list_operate.html HTTP/1.1" 200 814
61.170.233.90 - - [08/Mar/2023:10:35:17 +0800] "POST /xingrg/kc/mdqp/pssh_order_operate.html HTTP/1.1" 200 2102
61.170.233.90 - - [08/Mar/2023:10:35:17 +0800] "GET /xingrg/javascript/easyui/themes/default/validatebox.css HTTP/1.1" 404 1104
180.164.3.199 - - [08/Mar/2023:10:35:18 +0800] "POST /xingrg/dwr/call/plaincall/AjaxQqpsService.saveMaterielItem.dwr HTTP/1.1" 200 78
120.253.135.82 - - [08/Mar/2023:10:35:19 +0800] "GET /xingrg/all/function/internal_message.html?_=1678243066574&CODE_STATE=getMsg HTTP/1.1" 200 27
222.70.182.154 - - [08/Mar/2023:10:35:21 +0800] "POST /xingrg/kc/buy/cgsh_order_operate.html HTTP/1.1" 200 2065
61.170.233.90 - - [08/Mar/2023:10:35:22 +0800] "POST /xingrg/all/common/load_combo.html?type=employee HTTP/1.1" 200 365
61.170.233.90 - - [08/Mar/2023:10:35:23 +0800] "GET /xingrg/all/function/internal_message.html?_=1678242941138&CODE_STATE=getMsg HTTP/1.1" 200 27
116.225.84.253 - - [08/Mar/2023:10:35:24 +0800] "GET /xingrg/all/function/internal_message.html?_=1678242787365&CODE_STATE=getMsg HTTP/1.1" 200 27
101.229.22.234 - - [08/Mar/2023:10:35:25 +0800] "GET /xingrg/all/function/internal_message.html?_=1678242942233&CODE_STATE=getMsg HTTP/1.1" 200 27
116.230.118.11 - - [08/Mar/2023:10:35:25 +0800] "GET /xingrg/kc/buy/cgsh_order_operate.html?command=get_materiel&rest_code=00146&code=00101008286&supplier_code=00100005&order_time=2023-03-08 HTTP/1.1" 200 408
180.169.147.146 - - [08/Mar/2023:10:35:26 +0800] "GET /xingrg/all/function/internal_message.html?_=1678242944476&CODE_STATE=getMsg HTTP/1.1" 200 27
61.170.233.90 - - [08/Mar/2023:10:35:26 +0800] "POST /xingrg/kc/mdqp/pssh_order_operate.html HTTP/1.1" 200 37
61.170.233.90 - - [08/Mar/2023:10:35:27 +0800] "POST /xingrg/kc/mdqp/pssh_order_operate.html HTTP/1.1" 200 12
116.238.139.35 - - [08/Mar/2023:10:35:28 +0800] "GET /xingrg/all/function/internal_message.html?_=1678242947486&CODE_STATE=getMsg HTTP/1.1" 200 27
116.238.139.35 - - [08/Mar/2023:10:35:28 +0800] "GET /xingrg/check_reg.html?_=1678242947494 HTTP/1.1" 200 22
61.170.233.90 - - [08/Mar/2023:10:35:28 +0800] "GET /xingrg/kc/mdqp/pssh_order_info.html?code=312023030600130 HTTP/1.1" 200 14382
61.170.233.90 - - [08/Mar/2023:10:35:28 +0800] "GET /xingrg/javascript/jquery_tools/jquery-1.4.2.min.js HTTP/1.1" 404 1094
116.230.118.11 - - [08/Mar/2023:10:35:28 +0800] "POST /xingrg/kc/buy/cgsh_order_operate.html HTTP/1.1" 200 2065
61.170.233.90 - - [08/Mar/2023:10:35:29 +0800] "POST /xingrg/kc/mdqp/pssh_order_operate.html HTTP/1.1" 200 2102
61.170.233.90 - - [08/Mar/2023:10:35:29 +0800] "GET /xingrg/javascript/easyui/themes/default/validatebox.css HTTP/1.1" 404 1104
61.170.233.90 - - [08/Mar/2023:10:35:29 +0800] "GET /xingrg/all/function/internal_message.html?_=1678242948748&CODE_STATE=getMsg HTTP/1.1" 200 27
61.170.233.90 - - [08/Mar/2023:10:35:32 +0800] "GET /xingrg/kc/print/load_data.html?order_code=312023030600130&kc_code=pssh&condition= HTTP/1.1" 200 1187
222.70.221.209 - - [08/Mar/2023:10:35:32 +0800] "GET /xingrg/check_reg.html?_=1678243070272 HTTP/1.1" 200 22
222.70.221.209 - - [08/Mar/2023:10:35:32 +0800] "GET /xingrg/all/function/internal_message.html?_=1678243070273&CODE_STATE=getMsg HTTP/1.1" 200 27
116.230.118.11 - - [08/Mar/2023:10:35:37 +0800] "GET /xingrg/kc/buy/cgsh_order_operate.html?command=get_materiel&rest_code=00146&code=00101008131&supplier_code=00100005&order_time=2023-03-08 HTTP/1.1" 200 408
61.170.233.90 - - [08/Mar/2023:10:35:37 +0800] "GET /xingrg/kc/mdqp/pssh_order_list.html?isBack=1 HTTP/1.1" 200 17844
61.170.233.90 - - [08/Mar/2023:10:35:38 +0800] "POST /xingrg/kc/mdqp/pssh_list_operate.html HTTP/1.1" 200 5430
116.230.118.11 - - [08/Mar/2023:10:35:39 +0800] "GET /xingrg/check_reg.html?_=1678242968390 HTTP/1.1" 200 22
116.230.118.11 - - [08/Mar/2023:10:35:41 +0800] "GET /xingrg/all/function/internal_message.html?_=1678242969654&CODE_STATE=getMsg HTTP/1.1" 200 27
222.70.182.154 - - [08/Mar/2023:10:35:41 +0800] "GET /xingrg/kc/buy/cgsh_order_operate.html?command=get_materiel&rest_code=00111&code=00101008172&supplier_code=00100005&order_time=2023-03-08 HTTP/1.1" 200 414
180.169.147.146 - - [08/Mar/2023:10:35:42 +0800] "GET /xingrg/check_reg.html?_=1678242962179 HTTP/1.1" 302 -
124.79.240.233 - - [08/Mar/2023:10:35:42 +0800] "GET /xingrg/all/function/internal_message.html?_=1678243213284&CODE_STATE=getMsg HTTP/1.1" 200 27
124.79.72.155 - - [08/Mar/2023:10:35:42 +0800] "GET /xingrg/all/function/internal_message.html?_=1678242965200&CODE_STATE=getMsg HTTP/1.1" 200 27
116.230.118.11 - - [08/Mar/2023:10:35:48 +0800] "GET /xingrg/kc/buy/cgsh_order_operate.html?command=get_materiel&rest_code=00146&code=00101008296&supplier_code=00100005&order_time=2023-03-08 HTTP/1.1" 200 416
180.164.3.199 - - [08/Mar/2023:10:35:50 +0800] "GET /xingrg/all/function/internal_message.html?_=1678242968166&CODE_STATE=getMsg HTTP/1.1" 200 27
61.170.233.90 - - [08/Mar/2023:10:35:52 +0800] "POST /xingrg/kc/mdqp/pssh_list_operate.html HTTP/1.1" 200 814
61.170.233.90 - - [08/Mar/2023:10:35:56 +0800] "GET /xingrg/kc/mdqp/qp_main.html HTTP/1.1" 200 10633
222.70.182.154 - - [08/Mar/2023:10:35:56 +0800] "GET /xingrg/kc/buy/cgsh_order_operate.html?command=get_materiel&rest_code=00111&code=00101008558&supplier_code=00100005&order_time=2023-03-08 HTTP/1.1" 200 409
61.170.233.90 - - [08/Mar/2023:10:35:57 +0800] "GET /xingrg/images/yd/bt.gif HTTP/1.1" 404 1040
61.170.233.90 - - [08/Mar/2023:10:35:58 +0800] "GET /xingrg/kc/mdqp/pssh_order_list.html HTTP/1.1" 200 17844
61.170.233.90 - - [08/Mar/2023:10:35:58 +0800] "POST /xingrg/kc/mdqp/pssh_list_operate.html HTTP/1.1" 200 6816
101.83.241.0 - - [08/Mar/2023:10:35:59 +0800] "GET /xingrg/all/function/internal_message.html?_=1678242976374&CODE_STATE=getMsg HTTP/1.1" 200 27
61.170.233.90 - - [08/Mar/2023:10:35:59 +0800] "GET /xingrg/kc/buy/cgsh_order_add.html HTTP/1.1" 200 69961
61.170.233.90 - - [08/Mar/2023:10:36:00 +0800] "POST /xingrg/kc/buy/cgsh_order_operate.html HTTP/1.1" 200 8245
61.170.233.90 - - [08/Mar/2023:10:36:00 +0800] "GET /xingrg/javascript/easyui/themes/default/validatebox.css HTTP/1.1" 404 1104
61.170.233.90 - - [08/Mar/2023:10:36:01 +0800] "POST /xingrg/kc/mdqp/pssh_list_operate.html HTTP/1.1" 200 256
61.170.233.90 - - [08/Mar/2023:10:36:01 +0800] "GET /xingrg/javascript/easyui/themes/default/tree.css HTTP/1.1" 404 1090
58.40.7.146 - - [08/Mar/2023:10:36:01 +0800] "GET /xingrg/all/function/internal_message.html?_=1678242980048&CODE_STATE=getMsg HTTP/1.1" 200 27
61.170.233.90 - - [08/Mar/2023:10:36:01 +0800] "POST /xingrg/all/common/load_tree.html?tree=supplier_tree_json&isDelete=1 HTTP/1.1" 200 71093
61.170.233.90 - - [08/Mar/2023:10:36:01 +0800] "GET /xingrg/kc/mdqp/pssh_order_info.html?code=312023030600131 HTTP/1.1" 200 17266
61.170.233.90 - - [08/Mar/2023:10:36:01 +0800] "GET /xingrg/javascript/jquery_tools/jquery-1.4.2.min.js HTTP/1.1" 404 1094
116.230.118.11 - - [08/Mar/2023:10:36:01 +0800] "GET /xingrg/kc/buy/cgsh_order_operate.html?command=get_materiel&rest_code=00146&code=00101008352&supplier_code=00100005&order_time=2023-03-08 HTTP/1.1" 200 412
61.170.233.90 - - [08/Mar/2023:10:36:01 +0800] "POST /xingrg/kc/mdqp/pssh_order_operate.html HTTP/1.1" 200 526
61.170.233.90 - - [08/Mar/2023:10:36:01 +0800] "GET /xingrg/javascript/easyui/themes/default/validatebox.css HTTP/1.1" 404 1104
61.170.233.90 - - [08/Mar/2023:10:36:05 +0800] "POST /xingrg/all/common/load_combo.html?type=base&rest_code=00106 HTTP/1.1" 200 3227
114.83.222.182 - - [08/Mar/2023:10:36:05 +0800] "GET /xingrg/all/function/internal_message.html?_=1678243046767&CODE_STATE=getMsg HTTP/1.1" 200 27
58.40.7.146 - - [08/Mar/2023:10:36:08 +0800] "GET /xingrg/all/function/internal_message.html?_=1678242987126&CODE_STATE=getMsg HTTP/1.1" 200 27
222.70.221.209 - - [08/Mar/2023:10:36:09 +0800] "GET /xingrg/all/function/internal_message.html?_=1678242988446&CODE_STATE=getMsg HTTP/1.1" 200 27
222.70.182.154 - - [08/Mar/2023:10:36:10 +0800] "GET /xingrg/kc/buy/cgsh_order_operate.html?command=get_materiel&rest_code=00111&code=00101008359&supplier_code=00100005&order_time=2023-03-08 HTTP/1.1" 200 409
222.70.182.154 - - [08/Mar/2023:10:36:10 +0800] "GET /xingrg/all/function/internal_message.html?_=1678242987642&CODE_STATE=getMsg HTTP/1.1" 200 27
61.170.233.90 - - [08/Mar/2023:10:36:12 +0800] "POST /xingrg/all/common/load_combo.html?type=employee HTTP/1.1" 200 365
61.170.233.90 - - [08/Mar/2023:10:36:14 +0800] "GET /xingrg/kc/buy/cgsh_order_operate.html?command=get_materiel&rest_code=00106&code=00101006195&supplier_code=00100015&order_time=2023-03-08 HTTP/1.1" 200 411
120.253.135.82 - - [08/Mar/2023:10:36:19 +0800] "GET /xingrg/all/function/internal_message.html?_=1678243126579&CODE_STATE=getMsg HTTP/1.1" 200 27
222.70.182.154 - - [08/Mar/2023:10:36:19 +0800] "GET /xingrg/kc/buy/cgsh_order_operate.html?command=get_materiel&rest_code=00111&code=00101008114&supplier_code=00100005&order_time=2023-03-08 HTTP/1.1" 200 413
61.170.233.90 - - [08/Mar/2023:10:36:20 +0800] "POST /xingrg/kc/mdqp/pssh_order_operate.html HTTP/1.1" 200 37
61.170.233.90 - - [08/Mar/2023:10:36:22 +0800] "POST /xingrg/kc/mdqp/pssh_order_operate.html HTTP/1.1" 200 12
61.170.233.90 - - [08/Mar/2023:10:36:23 +0800] "GET /xingrg/kc/mdqp/pssh_order_info.html?code=312023030600131 HTTP/1.1" 200 14382
61.170.233.90 - - [08/Mar/2023:10:36:23 +0800] "GET /xingrg/javascript/jquery_tools/jquery-1.4.2.min.js HTTP/1.1" 404 1094
61.170.233.90 - - [08/Mar/2023:10:36:23 +0800] "GET /xingrg/javascript/easyui/themes/default/validatebox.css HTTP/1.1" 404 1104
222.70.182.154 - - [08/Mar/2023:10:36:23 +0800] "POST /xingrg/kc/buy/cgsh_order_operate.html HTTP/1.1" 200 2065
61.170.233.90 - - [08/Mar/2023:10:36:23 +0800] "POST /xingrg/kc/mdqp/pssh_order_operate.html HTTP/1.1" 200 526
61.170.233.90 - - [08/Mar/2023:10:36:23 +0800] "GET /xingrg/all/function/internal_message.html?_=1678243001118&CODE_STATE=getMsg HTTP/1.1" 200 27
116.225.84.253 - - [08/Mar/2023:10:36:24 +0800] "GET /xingrg/all/function/internal_message.html?_=1678242847324&CODE_STATE=getMsg HTTP/1.1" 200 27
116.230.118.11 - - [08/Mar/2023:10:36:24 +0800] "GET /xingrg/kc/buy/cgsh_order_operate.html?command=get_materiel&rest_code=00146&code=00101008353&supplier_code=00100005&order_time=2023-03-08 HTTP/1.1" 200 408
101.229.22.234 - - [08/Mar/2023:10:36:25 +0800] "GET /xingrg/check_reg.html?_=1678243002091 HTTP/1.1" 200 22
101.229.22.234 - - [08/Mar/2023:10:36:25 +0800] "GET /xingrg/all/function/internal_message.html?_=1678243002216&CODE_STATE=getMsg HTTP/1.1" 200 27
61.170.233.90 - - [08/Mar/2023:10:36:26 +0800] "GET /xingrg/kc/print/load_data.html?order_code=312023030600131&kc_code=pssh&condition= HTTP/1.1" 200 646
180.169.147.146 - - [08/Mar/2023:10:36:26 +0800] "GET /xingrg/all/function/internal_message.html?_=1678243004467&CODE_STATE=getMsg HTTP/1.1" 200 27
180.169.147.146 - - [08/Mar/2023:10:36:27 +0800] "GET /xingrg/check_reg.html?_=1678243005351 HTTP/1.1" 200 22
61.170.233.90 - - [08/Mar/2023:10:36:27 +0800] "GET /xingrg/kc/buy/cgsh_order_operate.html?command=get_materiel&rest_code=00106&code=00101006109&supplier_code=00100015&order_time=2023-03-08 HTTP/1.1" 200 409
116.238.139.35 - - [08/Mar/2023:10:36:28 +0800] "GET /xingrg/all/function/internal_message.html?_=1678243007494&CODE_STATE=getMsg HTTP/1.1" 200 27
61.170.233.90 - - [08/Mar/2023:10:36:29 +0800] "GET /xingrg/all/function/internal_message.html?_=1678243008979&CODE_STATE=getMsg HTTP/1.1" 200 27
222.70.182.154 - - [08/Mar/2023:10:36:31 +0800] "GET /xingrg/kc/buy/cgsh_order_operate.html?command=get_materiel&rest_code=00111&code=00101008060&supplier_code=00100005&order_time=2023-03-08 HTTP/1.1" 200 416
222.70.221.209 - - [08/Mar/2023:10:36:32 +0800] "GET /xingrg/all/function/internal_message.html?_=1678243130267&CODE_STATE=getMsg HTTP/1.1" 200 27
61.170.233.90 - - [08/Mar/2023:10:36:32 +0800] "GET /xingrg/kc/mdqp/pssh_order_list.html?isBack=1 HTTP/1.1" 200 17844
61.170.233.90 - - [08/Mar/2023:10:36:33 +0800] "POST /xingrg/kc/mdqp/pssh_list_operate.html HTTP/1.1" 200 6854
61.170.233.90 - - [08/Mar/2023:10:36:36 +0800] "POST /xingrg/kc/mdqp/pssh_list_operate.html HTTP/1.1" 200 784
61.170.233.90 - - [08/Mar/2023:10:36:37 +0800] "GET /xingrg/kc/mdqp/pssh_order_info.html?code=312023030600124 HTTP/1.1" 200 17291
61.170.233.90 - - [08/Mar/2023:10:36:37 +0800] "GET /xingrg/javascript/jquery_tools/jquery-1.4.2.min.js HTTP/1.1" 404 1094
61.170.233.90 - - [08/Mar/2023:10:36:37 +0800] "POST /xingrg/kc/mdqp/pssh_list_operate.html HTTP/1.1" 200 814
61.170.233.90 - - [08/Mar/2023:10:36:37 +0800] "POST /xingrg/kc/mdqp/pssh_order_operate.html HTTP/1.1" 200 4229
61.170.233.90 - - [08/Mar/2023:10:36:37 +0800] "GET /xingrg/javascript/easyui/themes/default/validatebox.css HTTP/1.1" 404 1104
116.230.118.11 - - [08/Mar/2023:10:36:41 +0800] "GET /xingrg/all/function/internal_message.html?_=1678243029668&CODE_STATE=getMsg HTTP/1.1" 200 27
61.170.233.90 - - [08/Mar/2023:10:36:41 +0800] "POST /xingrg/all/common/load_combo.html?type=employee HTTP/1.1" 200 365
116.230.118.11 - - [08/Mar/2023:10:36:41 +0800] "GET /xingrg/kc/buy/cgsh_order_operate.html?command=get_materiel&rest_code=00146&code=00101008103&supplier_code=00100005&order_time=2023-03-08 HTTP/1.1" 200 417
124.79.240.233 - - [08/Mar/2023:10:36:42 +0800] "GET /xingrg/all/function/internal_message.html?_=1678243273287&CODE_STATE=getMsg HTTP/1.1" 200 27
61.170.233.90 - - [08/Mar/2023:10:36:42 +0800] "GET /xingrg/kc/buy/cgsh_order_operate.html?command=get_materiel&rest_code=00106&code=00101006240&supplier_code=00100015&order_time=2023-03-08 HTTP/1.1" 200 424
124.79.72.155 - - [08/Mar/2023:10:36:42 +0800] "GET /xingrg/all/function/internal_message.html?_=1678243025190&CODE_STATE=getMsg HTTP/1.1" 200 27
222.70.182.154 - - [08/Mar/2023:10:36:43 +0800] "GET /xingrg/kc/buy/cgsh_order_operate.html?command=get_materiel&rest_code=00111&code=00101008061&supplier_code=00100005&order_time=2023-03-08 HTTP/1.1" 200 422
61.170.233.90 - - [08/Mar/2023:10:36:45 +0800] "POST /xingrg/kc/mdqp/pssh_order_operate.html HTTP/1.1" 200 37
61.170.233.90 - - [08/Mar/2023:10:36:46 +0800] "POST /xingrg/kc/mdqp/pssh_order_operate.html HTTP/1.1" 200 12
116.230.118.11 - - [08/Mar/2023:10:36:46 +0800] "POST /xingrg/kc/buy/cgsh_order_operate.html HTTP/1.1" 200 2065
61.170.233.90 - - [08/Mar/2023:10:36:47 +0800] "GET /xingrg/kc/mdqp/pssh_order_info.html?code=312023030600124 HTTP/1.1" 200 14382
61.170.233.90 - - [08/Mar/2023:10:36:47 +0800] "GET /xingrg/javascript/jquery_tools/jquery-1.4.2.min.js HTTP/1.1" 404 1094
61.170.233.90 - - [08/Mar/2023:10:36:47 +0800] "POST /xingrg/kc/mdqp/pssh_order_operate.html HTTP/1.1" 200 4229
61.170.233.90 - - [08/Mar/2023:10:36:47 +0800] "GET /xingrg/javascript/easyui/themes/default/validatebox.css HTTP/1.1" 404 1104
180.164.3.199 - - [08/Mar/2023:10:36:50 +0800] "GET /xingrg/all/function/internal_message.html?_=1678243028160&CODE_STATE=getMsg HTTP/1.1" 200 27
61.170.233.90 - - [08/Mar/2023:10:36:52 +0800] "GET /xingrg/kc/print/load_data.html?order_code=312023030600124&kc_code=pssh&condition= HTTP/1.1" 200 1942
116.230.118.11 - - [08/Mar/2023:10:36:55 +0800] "GET /xingrg/kc/buy/cgsh_order_operate.html?command=get_materiel&rest_code=00146&code=00101008110&supplier_code=00100005&order_time=2023-03-08 HTTP/1.1" 200 409
101.83.241.0 - - [08/Mar/2023:10:36:59 +0800] "GET /xingrg/all/function/internal_message.html?_=1678243036349&CODE_STATE=getMsg HTTP/1.1" 200 27
101.83.241.0 - - [08/Mar/2023:10:36:59 +0800] "GET /xingrg/check_reg.html?_=1678243036884 HTTP/1.1" 200 22
58.40.7.146 - - [08/Mar/2023:10:37:01 +0800] "GET /xingrg/all/function/internal_message.html?_=1678243040022&CODE_STATE=getMsg HTTP/1.1" 200 27
61.170.233.90 - - [08/Mar/2023:10:37:01 +0800] "GET /xingrg/kc/buy/cgsh_order_operate.html?command=get_materiel&rest_code=00106&code=00101006111&supplier_code=00100015&order_time=2023-03-08 HTTP/1.1" 200 409
61.170.233.90 - - [08/Mar/2023:10:37:03 +0800] "GET /xingrg/kc/mdqp/pssh_order_list.html?isBack=1 HTTP/1.1" 200 17844
61.170.233.90 - - [08/Mar/2023:10:37:03 +0800] "POST /xingrg/kc/mdqp/pssh_list_operate.html HTTP/1.1" 200 6879
114.83.222.182 - - [08/Mar/2023:10:37:05 +0800] "GET /xingrg/all/function/internal_message.html?_=1678243106767&CODE_STATE=getMsg HTTP/1.1" 200 27
58.40.7.146 - - [08/Mar/2023:10:37:08 +0800] "GET /xingrg/check_reg.html?_=1678243047131 HTTP/1.1" 200 22
58.40.7.146 - - [08/Mar/2023:10:37:08 +0800] "GET /xingrg/all/function/internal_message.html?_=1678243047133&CODE_STATE=getMsg HTTP/1.1" 200 27
61.170.233.90 - - [08/Mar/2023:10:37:08 +0800] "GET /xingrg/kc/buy/cgsh_order_operate.html?command=get_materiel&rest_code=00106&code=00101006138&supplier_code=00100015&order_time=2023-03-08 HTTP/1.1" 200 411
222.70.182.154 - - [08/Mar/2023:10:37:09 +0800] "GET /xingrg/check_reg.html?_=1678243047160 HTTP/1.1" 200 22
222.70.221.209 - - [08/Mar/2023:10:37:09 +0800] "GET /xingrg/all/function/internal_message.html?_=1678243048445&CODE_STATE=getMsg HTTP/1.1" 200 27
222.70.221.209 - - [08/Mar/2023:10:37:09 +0800] "GET /xingrg/check_reg.html?_=1678243048448 HTTP/1.1" 200 22
222.70.182.154 - - [08/Mar/2023:10:37:10 +0800] "GET /xingrg/all/function/internal_message.html?_=1678243047615&CODE_STATE=getMsg HTTP/1.1" 200 27
