124.79.72.155 - - [08/Mar/2023:10:06:42 +0800] "GET /xingrg/all/function/internal_message.html?_=1678241225122&CODE_STATE=getMsg HTTP/1.1" 200 27
116.225.84.253 - - [08/Mar/2023:10:06:44 +0800] "GET /xingrg/kc/base/base_main.html HTTP/1.1" 200 12142
116.225.84.253 - - [08/Mar/2023:10:06:44 +0800] "GET /xingrg/images/blue/button/wlsy.gif HTTP/1.1" 304 -
116.225.84.253 - - [08/Mar/2023:10:06:44 +0800] "GET /xingrg/images/blue/button/ckdb.gif HTTP/1.1" 304 -
116.225.84.253 - - [08/Mar/2023:10:06:44 +0800] "GET /xingrg/images/blue/button/ckpd.gif HTTP/1.1" 304 -
116.225.84.253 - - [08/Mar/2023:10:06:44 +0800] "GET /xingrg/images/blue/button/yddb.gif HTTP/1.1" 304 -
116.225.84.253 - - [08/Mar/2023:10:06:44 +0800] "GET /xingrg/images/blue/button/top_left.jpg HTTP/1.1" 304 -
116.225.84.253 - - [08/Mar/2023:10:06:44 +0800] "GET /xingrg/images/blue/button/top_right.jpg HTTP/1.1" 304 -
116.225.84.253 - - [08/Mar/2023:10:06:44 +0800] "GET /xingrg/images/blue/button/down.jpg HTTP/1.1" 304 -
116.225.84.253 - - [08/Mar/2023:10:06:44 +0800] "GET /xingrg/images/blue/button/left_ah.jpg HTTP/1.1" 304 -
116.225.84.253 - - [08/Mar/2023:10:06:44 +0800] "GET /xingrg/images/blue/button/bottom_right.jpg HTTP/1.1" 304 -
116.225.84.253 - - [08/Mar/2023:10:06:44 +0800] "GET /xingrg/images/blue/button/bottom_left.jpg HTTP/1.1" 304 -
116.225.84.253 - - [08/Mar/2023:10:06:45 +0800] "GET /xingrg/kc/base/wldb_order_list.html HTTP/1.1" 200 19098
116.225.84.253 - - [08/Mar/2023:10:06:46 +0800] "POST /xingrg/kc/base/wldb_list_operate.html HTTP/1.1" 200 928
222.70.182.154 - - [08/Mar/2023:10:06:48 +0800] "GET /xingrg/kc/buy/cgsh_order_add.html HTTP/1.1" 200 69917
222.70.182.154 - - [08/Mar/2023:10:06:49 +0800] "POST /xingrg/kc/buy/cgsh_order_operate.html HTTP/1.1" 200 8245
222.70.182.154 - - [08/Mar/2023:10:06:49 +0800] "GET /xingrg/javascript/easyui/themes/default/validatebox.css HTTP/1.1" 404 1104
180.164.3.199 - - [08/Mar/2023:10:06:50 +0800] "GET /xingrg/all/function/internal_message.html?_=1678241228165&CODE_STATE=getMsg HTTP/1.1" 200 27
116.225.84.253 - - [08/Mar/2023:10:06:54 +0800] "GET /xingrg/kc/base/wldb_order_add.html HTTP/1.1" 200 30381
116.225.84.253 - - [08/Mar/2023:10:06:54 +0800] "POST /xingrg/kc/base/wldb_order_operate.html HTTP/1.1" 200 6806
116.225.84.253 - - [08/Mar/2023:10:06:54 +0800] "GET /xingrg/all/common/auto_word.html?type=base&rest_code=00105 HTTP/1.1" 200 1907
116.225.84.253 - - [08/Mar/2023:10:06:54 +0800] "GET /xingrg/all/common/auto_word.html?type=base&rest_code=00105 HTTP/1.1" 200 1907
116.225.84.253 - - [08/Mar/2023:10:06:54 +0800] "GET /xingrg/javascript/easyui/themes/default/validatebox.css HTTP/1.1" 404 1104
101.83.241.0 - - [08/Mar/2023:10:06:59 +0800] "GET /xingrg/check_reg.html?_=1678241236780 HTTP/1.1" 200 22
101.83.241.0 - - [08/Mar/2023:10:06:59 +0800] "GET /xingrg/all/function/internal_message.html?_=1678241236785&CODE_STATE=getMsg HTTP/1.1" 200 27
116.192.124.172 - - [08/Mar/2023:10:07:00 +0800] "GET /xingrg/all/function/internal_message.html?_=1678241239399&CODE_STATE=getMsg HTTP/1.1" 200 27
58.40.7.146 - - [08/Mar/2023:10:07:01 +0800] "GET /xingrg/all/function/internal_message.html?_=1678241240005&CODE_STATE=getMsg HTTP/1.1" 200 27
222.70.182.154 - - [08/Mar/2023:10:07:04 +0800] "GET /xingrg/kc/buy/cgsh_order_operate.html?command=get_materiel&rest_code=00111&code=00101006184&supplier_code=00100012&order_time=2023-03-08 HTTP/1.1" 200 408
114.83.222.182 - - [08/Mar/2023:10:07:05 +0800] "GET /xingrg/all/function/internal_message.html?_=1678241306765&CODE_STATE=getMsg HTTP/1.1" 200 27
58.40.7.146 - - [08/Mar/2023:10:07:08 +0800] "GET /xingrg/check_reg.html?_=1678241247111 HTTP/1.1" 200 22
58.40.7.146 - - [08/Mar/2023:10:07:08 +0800] "GET /xingrg/all/function/internal_message.html?_=1678241247346&CODE_STATE=getMsg HTTP/1.1" 200 27
222.70.182.154 - - [08/Mar/2023:10:07:09 +0800] "GET /xingrg/check_reg.html?_=1678241247135 HTTP/1.1" 200 22
222.70.221.209 - - [08/Mar/2023:10:07:09 +0800] "GET /xingrg/all/function/internal_message.html?_=1678241248381&CODE_STATE=getMsg HTTP/1.1" 200 27
222.70.221.209 - - [08/Mar/2023:10:07:09 +0800] "GET /xingrg/check_reg.html?_=1678241248394 HTTP/1.1" 200 22
222.70.182.154 - - [08/Mar/2023:10:07:10 +0800] "GET /xingrg/all/function/internal_message.html?_=1678241248116&CODE_STATE=getMsg HTTP/1.1" 200 27
116.225.84.253 - - [08/Mar/2023:10:07:15 +0800] "GET /xingrg/kc/base/wldb_order_operate.html?command=get_materiel&rest_code=00105&base_code=0010514&code=00101019425 HTTP/1.1" 200 458
120.253.135.82 - - [08/Mar/2023:10:07:19 +0800] "GET /xingrg/all/function/internal_message.html?_=1678241386443&CODE_STATE=getMsg HTTP/1.1" 200 27
120.253.135.82 - - [08/Mar/2023:10:07:19 +0800] "GET /xingrg/check_reg.html?_=1678241386445 HTTP/1.1" 200 22
116.225.84.253 - - [08/Mar/2023:10:07:25 +0800] "GET /xingrg/all/function/internal_message.html?_=1678241107858&CODE_STATE=getMsg HTTP/1.1" 200 27
101.229.22.234 - - [08/Mar/2023:10:07:25 +0800] "GET /xingrg/all/function/internal_message.html?_=1678241262686&CODE_STATE=getMsg HTTP/1.1" 200 27
180.169.147.146 - - [08/Mar/2023:10:07:27 +0800] "GET /xingrg/all/function/internal_message.html?_=1678241264997&CODE_STATE=getMsg HTTP/1.1" 200 27
116.238.139.35 - - [08/Mar/2023:10:07:28 +0800] "GET /xingrg/all/function/internal_message.html?_=1678241267471&CODE_STATE=getMsg HTTP/1.1" 200 27
116.225.84.253 - - [08/Mar/2023:10:07:32 +0800] "GET /xingrg/kc/base/wldb_order_operate.html?command=get_materiel&rest_code=00105&base_code=0010514&code=00101019158 HTTP/1.1" 200 455
222.70.221.209 - - [08/Mar/2023:10:07:32 +0800] "GET /xingrg/all/function/internal_message.html?_=1678241390264&CODE_STATE=getMsg HTTP/1.1" 200 27
116.230.118.11 - - [08/Mar/2023:10:07:40 +0800] "GET /xingrg/all/function/internal_message.html?_=1678241289151&CODE_STATE=getMsg HTTP/1.1" 200 27
124.79.72.155 - - [08/Mar/2023:10:07:42 +0800] "GET /xingrg/check_reg.html?_=1678241285112 HTTP/1.1" 200 22
124.79.72.155 - - [08/Mar/2023:10:07:42 +0800] "GET /xingrg/all/function/internal_message.html?_=1678241285121&CODE_STATE=getMsg HTTP/1.1" 200 27
222.70.182.154 - - [08/Mar/2023:10:07:43 +0800] "GET /xingrg/kc/buy/cgsh_order_operate.html?command=get_materiel&rest_code=00111&code=00101006129&supplier_code=00100012&order_time=2023-03-08 HTTP/1.1" 200 431
180.164.3.199 - - [08/Mar/2023:10:07:50 +0800] "GET /xingrg/check_reg.html?_=1678241288162 HTTP/1.1" 200 22
180.164.3.199 - - [08/Mar/2023:10:07:50 +0800] "GET /xingrg/all/function/internal_message.html?_=1678241288164&CODE_STATE=getMsg HTTP/1.1" 200 27
101.83.241.0 - - [08/Mar/2023:10:07:59 +0800] "GET /xingrg/all/function/internal_message.html?_=1678241296773&CODE_STATE=getMsg HTTP/1.1" 200 27
116.192.124.172 - - [08/Mar/2023:10:08:00 +0800] "GET /xingrg/all/function/internal_message.html?_=1678241299383&CODE_STATE=getMsg HTTP/1.1" 200 27
116.192.124.172 - - [08/Mar/2023:10:08:01 +0800] "GET /xingrg/check_reg.html?_=1678241300102 HTTP/1.1" 200 22
58.40.7.146 - - [08/Mar/2023:10:08:01 +0800] "GET /xingrg/all/function/internal_message.html?_=1678241300010&CODE_STATE=getMsg HTTP/1.1" 200 27
58.40.7.146 - - [08/Mar/2023:10:08:01 +0800] "GET /xingrg/check_reg.html?_=1678241300526 HTTP/1.1" 200 22
180.164.3.199 - - [08/Mar/2023:10:08:04 +0800] "GET /xingrg/kc/buy/cgsh_order_list.html HTTP/1.1" 200 54189
114.83.222.182 - - [08/Mar/2023:10:08:05 +0800] "GET /xingrg/all/function/internal_message.html?_=1678241366757&CODE_STATE=getMsg HTTP/1.1" 200 27
180.164.3.199 - - [08/Mar/2023:10:08:05 +0800] "POST /xingrg/kc/buy/cgsh_list_operate.html HTTP/1.1" 200 986
222.70.182.154 - - [08/Mar/2023:10:08:08 +0800] "GET /xingrg/kc/buy/cgsh_order_operate.html?command=get_materiel&rest_code=00111&code=00101006087&supplier_code=00100012&order_time=2023-03-08 HTTP/1.1" 200 409
58.40.7.146 - - [08/Mar/2023:10:08:08 +0800] "GET /xingrg/all/function/internal_message.html?_=1678241307316&CODE_STATE=getMsg HTTP/1.1" 200 27
222.70.221.209 - - [08/Mar/2023:10:08:09 +0800] "GET /xingrg/all/function/internal_message.html?_=1678241308387&CODE_STATE=getMsg HTTP/1.1" 200 27
61.170.233.90 - - [08/Mar/2023:10:08:09 +0800] "GET /xingrg/login.html HTTP/1.1" 200 7641
222.70.182.154 - - [08/Mar/2023:10:08:10 +0800] "GET /xingrg/all/function/internal_message.html?_=1678241308097&CODE_STATE=getMsg HTTP/1.1" 200 27
61.170.233.90 - - [08/Mar/2023:10:08:15 +0800] "GET /favicon.ico HTTP/1.1" 404 -
120.253.135.82 - - [08/Mar/2023:10:08:19 +0800] "GET /xingrg/all/function/internal_message.html?_=1678241446452&CODE_STATE=getMsg HTTP/1.1" 200 27
61.170.233.90 - - [08/Mar/2023:10:08:22 +0800] "POST /xingrg/login.do HTTP/1.1" 302 -
61.170.233.90 - - [08/Mar/2023:10:08:22 +0800] "GET /xingrg/index.html?sysBaseUrl=http%3A%2F%2F180.169.147.146%3A18081%2Fxingrg%2F&costTime=41×tamp=1678241302178 HTTP/1.1" 200 17173
222.70.182.154 - - [08/Mar/2023:10:08:22 +0800] "GET /xingrg/kc/buy/cgsh_order_operate.html?command=get_materiel&rest_code=00111&code=00101006065&supplier_code=00100012&order_time=2023-03-08 HTTP/1.1" 200 409
61.170.233.90 - - [08/Mar/2023:10:08:23 +0800] "GET /favicon.ico HTTP/1.1" 404 -
61.170.233.90 - - [08/Mar/2023:10:08:23 +0800] "POST /xingrg/all/common/load_tree.html?tree=area_rest_tree_json&manage=1 HTTP/1.1" 200 342
61.170.233.90 - - [08/Mar/2023:10:08:23 +0800] "GET /xingrg/all/function/internal_message.html?_=1678241321443&CODE_STATE=count HTTP/1.1" 200 11
61.170.233.90 - - [08/Mar/2023:10:08:23 +0800] "GET /xingrg/check_reg.html?_=1678241321445 HTTP/1.1" 200 22
61.170.233.90 - - [08/Mar/2023:10:08:24 +0800] "POST /xingrg/load_menu.html HTTP/1.1" 200 5138
116.225.84.253 - - [08/Mar/2023:10:08:25 +0800] "GET /xingrg/all/function/internal_message.html?_=1678241167836&CODE_STATE=getMsg HTTP/1.1" 200 27
61.170.233.90 - - [08/Mar/2023:10:08:25 +0800] "GET /xingrg/kc/buy/buy_main.html HTTP/1.1" 200 12412
61.170.233.90 - - [08/Mar/2023:10:08:25 +0800] "GET /xingrg/css/new_ie.css HTTP/1.1" 404 1036
101.229.22.234 - - [08/Mar/2023:10:08:25 +0800] "GET /xingrg/all/function/internal_message.html?_=1678241322669&CODE_STATE=getMsg HTTP/1.1" 200 27
116.225.84.253 - - [08/Mar/2023:10:08:26 +0800] "GET /xingrg/check_reg.html?_=1678241169541 HTTP/1.1" 200 22
61.170.233.90 - - [08/Mar/2023:10:08:26 +0800] "GET /xingrg/images/yd/bt.gif HTTP/1.1" 404 1040
180.169.147.146 - - [08/Mar/2023:10:08:27 +0800] "GET /xingrg/all/function/internal_message.html?_=1678241324985&CODE_STATE=getMsg HTTP/1.1" 200 27
61.170.233.90 - - [08/Mar/2023:10:08:27 +0800] "GET /xingrg/kc/buy/cgsh_order_list.html HTTP/1.1" 200 54179
116.238.139.35 - - [08/Mar/2023:10:08:28 +0800] "GET /xingrg/all/function/internal_message.html?_=1678241327472&CODE_STATE=getMsg HTTP/1.1" 200 27
61.170.233.90 - - [08/Mar/2023:10:08:30 +0800] "POST /xingrg/kc/buy/cgsh_list_operate.html HTTP/1.1" 200 986
61.170.233.90 - - [08/Mar/2023:10:08:31 +0800] "GET /xingrg/kc/mdqp/qp_main.html HTTP/1.1" 200 10633
222.70.221.209 - - [08/Mar/2023:10:08:32 +0800] "GET /xingrg/all/function/internal_message.html?_=1678241450274&CODE_STATE=getMsg HTTP/1.1" 200 27
61.170.233.90 - - [08/Mar/2023:10:08:32 +0800] "GET /xingrg/images/yd/bt.gif HTTP/1.1" 404 1040
101.83.241.0 - - [08/Mar/2023:10:08:32 +0800] "GET /xingrg/login.html HTTP/1.1" 200 7641
61.170.233.90 - - [08/Mar/2023:10:08:32 +0800] "GET /xingrg/kc/mdqp/qqps_order_list.html HTTP/1.1" 200 9222
61.170.233.90 - - [08/Mar/2023:10:08:32 +0800] "GET /xingrg/dwr/interface/AjaxQqpsService.js HTTP/1.1" 200 16326
61.170.233.90 - - [08/Mar/2023:10:08:32 +0800] "GET /xingrg/dwr/interface/AjaxReportQueryService.js HTTP/1.1" 200 13203
61.170.233.90 - - [08/Mar/2023:10:08:32 +0800] "GET /xingrg/dwr/engine.js HTTP/1.1" 200 43631
61.170.233.90 - - [08/Mar/2023:10:08:32 +0800] "GET /xingrg/dwr/util.js HTTP/1.1" 304 -
101.83.241.0 - - [08/Mar/2023:10:08:32 +0800] "GET /favicon.ico HTTP/1.1" 404 -
222.70.182.154 - - [08/Mar/2023:10:08:35 +0800] "GET /xingrg/kc/buy/cgsh_order_operate.html?command=get_materiel&rest_code=00111&code=00101006111&supplier_code=00100012&order_time=2023-03-08 HTTP/1.1" 200 409
61.170.233.90 - - [08/Mar/2023:10:08:37 +0800] "POST /xingrg/dwr/call/plaincall/AjaxReportQueryService.getFixDate.dwr HTTP/1.1" 200 111
61.170.233.90 - - [08/Mar/2023:10:08:39 +0800] "GET /xingrg/kc/mdqp/qqps_order_list.html?isQuery=1&timeSelect=1&orderTime=lastWeek&startTime=2023-02-27&endTime=2023-03-05&state=all&query=%C8%B7++%B6%A8 HTTP/1.1" 200 14333
61.170.233.90 - - [08/Mar/2023:10:08:39 +0800] "GET /xingrg/dwr/interface/AjaxQqpsService.js HTTP/1.1" 200 16326
61.170.233.90 - - [08/Mar/2023:10:08:39 +0800] "GET /xingrg/dwr/interface/AjaxReportQueryService.js HTTP/1.1" 200 13203
61.170.233.90 - - [08/Mar/2023:10:08:39 +0800] "GET /xingrg/dwr/engine.js HTTP/1.1" 200 43631
116.230.118.11 - - [08/Mar/2023:10:08:40 +0800] "GET /xingrg/all/function/internal_message.html?_=1678241349179&CODE_STATE=getMsg HTTP/1.1" 200 27
124.79.72.155 - - [08/Mar/2023:10:08:42 +0800] "GET /xingrg/all/function/internal_message.html?_=1678241345120&CODE_STATE=getMsg HTTP/1.1" 200 27
61.170.233.90 - - [08/Mar/2023:10:08:43 +0800] "GET /xingrg/kc/mdqp/qqps_order_info.html?code=302023030500093 HTTP/1.1" 200 26643
61.170.233.90 - - [08/Mar/2023:10:08:44 +0800] "GET /xingrg/dwr/interface/AjaxQqpsService.js HTTP/1.1" 200 16326
61.170.233.90 - - [08/Mar/2023:10:08:44 +0800] "GET /xingrg/dwr/interface/AjaxComOrderService.js HTTP/1.1" 200 18264
61.170.233.90 - - [08/Mar/2023:10:08:44 +0800] "GET /xingrg/dwr/engine.js HTTP/1.1" 200 43631
61.170.233.90 - - [08/Mar/2023:10:08:44 +0800] "GET /xingrg/words/20230307174845_words.js HTTP/1.1" 304 -
61.170.233.90 - - [08/Mar/2023:10:08:45 +0800] "POST /xingrg/dwr/call/plaincall/AjaxQqpsService.loadMaterielItems.dwr HTTP/1.1" 200 2409
61.170.233.90 - - [08/Mar/2023:10:08:47 +0800] "GET /xingrg/kc/mdqp/qp_main.html HTTP/1.1" 200 10633
61.170.233.90 - - [08/Mar/2023:10:08:48 +0800] "GET /xingrg/kc/mdqp/pssh_order_list.html HTTP/1.1" 200 17844
61.170.233.90 - - [08/Mar/2023:10:08:49 +0800] "POST /xingrg/kc/mdqp/pssh_list_operate.html HTTP/1.1" 200 5243
222.67.232.202 - - [08/Mar/2023:10:08:49 +0800] "GET /xingrg/check_reg.html?_=1678240902504 HTTP/1.1" 302 -
222.70.182.154 - - [08/Mar/2023:10:08:50 +0800] "GET /xingrg/kc/buy/cgsh_order_operate.html?command=get_materiel&rest_code=00111&code=00101006109&supplier_code=00100012&order_time=2023-03-08 HTTP/1.1" 200 409
180.164.3.199 - - [08/Mar/2023:10:08:50 +0800] "GET /xingrg/all/function/internal_message.html?_=1678241348160&CODE_STATE=getMsg HTTP/1.1" 200 27
61.170.233.90 - - [08/Mar/2023:10:08:50 +0800] "POST /xingrg/kc/mdqp/pssh_list_operate.html HTTP/1.1" 200 257
61.170.233.90 - - [08/Mar/2023:10:08:51 +0800] "POST /xingrg/kc/mdqp/pssh_list_operate.html HTTP/1.1" 200 259
61.170.233.90 - - [08/Mar/2023:10:08:54 +0800] "POST /xingrg/kc/mdqp/pssh_list_operate.html HTTP/1.1" 200 809
61.170.233.90 - - [08/Mar/2023:10:08:58 +0800] "POST /xingrg/kc/mdqp/pssh_list_operate.html HTTP/1.1" 200 814
101.83.241.0 - - [08/Mar/2023:10:08:59 +0800] "GET /xingrg/all/function/internal_message.html?_=1678241356770&CODE_STATE=getMsg HTTP/1.1" 200 27
116.225.84.253 - - [08/Mar/2023:10:08:59 +0800] "POST /xingrg/kc/base/wldb_order_operate.html HTTP/1.1" 200 37
116.225.84.253 - - [08/Mar/2023:10:09:00 +0800] "POST /xingrg/kc/base/wldb_order_operate.html HTTP/1.1" 200 2690
116.192.124.172 - - [08/Mar/2023:10:09:00 +0800] "GET /xingrg/all/function/internal_message.html?_=1678241359363&CODE_STATE=getMsg HTTP/1.1" 200 27
58.40.7.146 - - [08/Mar/2023:10:09:01 +0800] "GET /xingrg/all/function/internal_message.html?_=1678241360013&CODE_STATE=getMsg HTTP/1.1" 200 27
61.170.233.90 - - [08/Mar/2023:10:09:02 +0800] "POST /xingrg/kc/mdqp/pssh_list_operate.html HTTP/1.1" 200 5243
116.225.84.253 - - [08/Mar/2023:10:09:03 +0800] "GET /xingrg/kc/base/wldb_order_info.html?code=422023030800600 HTTP/1.1" 200 30389
61.170.233.90 - - [08/Mar/2023:10:09:03 +0800] "POST /xingrg/kc/mdqp/pssh_list_operate.html HTTP/1.1" 200 364
116.225.84.253 - - [08/Mar/2023:10:09:03 +0800] "GET /xingrg/words/20230307174845_words.js HTTP/1.1" 304 -
116.225.84.253 - - [08/Mar/2023:10:09:03 +0800] "GET /xingrg/javascript/easyui/themes/default/validatebox.css HTTP/1.1" 404 1104
116.225.84.253 - - [08/Mar/2023:10:09:04 +0800] "POST /xingrg/kc/base/wldb_order_operate.html HTTP/1.1" 200 2690
61.170.233.90 - - [08/Mar/2023:10:09:04 +0800] "POST /xingrg/kc/mdqp/pssh_list_operate.html HTTP/1.1" 200 256
114.83.222.182 - - [08/Mar/2023:10:09:05 +0800] "GET /xingrg/check_reg.html?_=1678241426756 HTTP/1.1" 200 22
114.83.222.182 - - [08/Mar/2023:10:09:05 +0800] "GET /xingrg/all/function/internal_message.html?_=1678241426758&CODE_STATE=getMsg HTTP/1.1" 200 27
61.170.233.90 - - [08/Mar/2023:10:09:06 +0800] "POST /xingrg/kc/mdqp/pssh_list_operate.html HTTP/1.1" 200 560
116.225.84.253 - - [08/Mar/2023:10:09:07 +0800] "GET /xingrg/kc/base/wldb_order_add.html HTTP/1.1" 200 30381
116.225.84.253 - - [08/Mar/2023:10:09:08 +0800] "POST /xingrg/kc/base/wldb_order_operate.html HTTP/1.1" 200 6806
116.225.84.253 - - [08/Mar/2023:10:09:08 +0800] "GET /xingrg/javascript/easyui/themes/default/validatebox.css HTTP/1.1" 404 1104
61.170.233.90 - - [08/Mar/2023:10:09:08 +0800] "POST /xingrg/kc/mdqp/pssh_list_operate.html HTTP/1.1" 200 809
58.40.7.146 - - [08/Mar/2023:10:09:08 +0800] "GET /xingrg/all/function/internal_message.html?_=1678241367302&CODE_STATE=getMsg HTTP/1.1" 200 27
222.70.221.209 - - [08/Mar/2023:10:09:09 +0800] "GET /xingrg/all/function/internal_message.html?_=1678241368403&CODE_STATE=getMsg HTTP/1.1" 200 27
222.70.182.154 - - [08/Mar/2023:10:09:10 +0800] "GET /xingrg/kc/buy/cgsh_order_operate.html?command=get_materiel&rest_code=00111&code=00101006026&supplier_code=00100012&order_time=2023-03-08 HTTP/1.1" 200 409
222.70.182.154 - - [08/Mar/2023:10:09:10 +0800] "GET /xingrg/all/function/internal_message.html?_=1678241368133&CODE_STATE=getMsg HTTP/1.1" 200 27
61.170.233.90 - - [08/Mar/2023:10:09:12 +0800] "POST /xingrg/kc/mdqp/pssh_list_operate.html HTTP/1.1" 200 5585
61.170.233.90 - - [08/Mar/2023:10:09:13 +0800] "POST /xingrg/kc/mdqp/pssh_list_operate.html HTTP/1.1" 200 256
116.225.84.253 - - [08/Mar/2023:10:09:17 +0800] "GET /xingrg/javascript/jquery_tools/images/prev.gif HTTP/1.1" 404 1086
116.225.84.253 - - [08/Mar/2023:10:09:17 +0800] "GET /xingrg/javascript/jquery_tools/images/next.gif HTTP/1.1" 404 1086
120.253.135.82 - - [08/Mar/2023:10:09:19 +0800] "GET /xingrg/all/function/internal_message.html?_=1678241506457&CODE_STATE=getMsg HTTP/1.1" 200 27
61.170.233.90 - - [08/Mar/2023:10:09:19 +0800] "POST /xingrg/kc/mdqp/pssh_list_operate.html HTTP/1.1" 200 5243
120.253.135.82 - - [08/Mar/2023:10:09:21 +0800] "GET /xingrg/check_reg.html?_=1678241205658 HTTP/1.1" 200 22
61.170.233.90 - - [08/Mar/2023:10:09:21 +0800] "POST /xingrg/kc/mdqp/pssh_list_operate.html HTTP/1.1" 200 257
61.170.233.90 - - [08/Mar/2023:10:09:22 +0800] "POST /xingrg/kc/mdqp/pssh_list_operate.html HTTP/1.1" 200 259
180.163.30.76 - - [08/Mar/2023:10:09:23 +0800] "GET /xingrg/check_reg.html?_=1678241321445 HTTP/1.1" 302 -
180.163.29.79 - - [08/Mar/2023:10:09:23 +0800] "GET /xingrg/all/function/internal_message.html?_=1678241321443&CODE_STATE=count HTTP/1.1" 302 -
180.163.29.79 - - [08/Mar/2023:10:09:23 +0800] "GET /xingrg/login.html HTTP/1.1" 200 7641
180.163.30.76 - - [08/Mar/2023:10:09:23 +0800] "GET /xingrg/login.html HTTP/1.1" 200 7641
61.170.233.90 - - [08/Mar/2023:10:09:23 +0800] "GET /xingrg/all/function/internal_message.html?_=1678241381470&CODE_STATE=getMsg HTTP/1.1" 200 27
61.170.233.90 - - [08/Mar/2023:10:09:24 +0800] "POST /xingrg/kc/mdqp/pssh_list_operate.html HTTP/1.1" 200 754
116.225.84.253 - - [08/Mar/2023:10:09:25 +0800] "GET /xingrg/all/function/internal_message.html?_=1678241227818&CODE_STATE=getMsg HTTP/1.1" 200 27
172.20.0.100 - - [08/Mar/2023:10:09:25 +0800] "GET /xingrg/index.html?sysBaseUrl=http%3A%2F%2F172.17.0.8%3A18081%2Fxingrg%2F&costTime=213×tamp=1585200360465 HTTP/1.1" 302 -
172.20.0.100 - - [08/Mar/2023:10:09:25 +0800] "GET /xingrg/login.html HTTP/1.1" 200 7636
172.20.0.100 - - [08/Mar/2023:10:09:25 +0800] "GET /xingrg/images/blue/jxLogo.png HTTP/1.1" 200 6156
180.163.30.76 - - [08/Mar/2023:10:09:25 +0800] "GET /xingrg/kc/buy/buy_main.html HTTP/1.1" 302 -
180.163.30.76 - - [08/Mar/2023:10:09:25 +0800] "GET /xingrg/login.html HTTP/1.1" 200 7641
101.229.22.234 - - [08/Mar/2023:10:09:25 +0800] "GET /xingrg/all/function/internal_message.html?_=1678241382652&CODE_STATE=getMsg HTTP/1.1" 200 27
61.170.233.90 - - [08/Mar/2023:10:09:25 +0800] "POST /xingrg/kc/mdqp/pssh_list_operate.html HTTP/1.1" 200 809
172.20.0.100 - - [08/Mar/2023:10:09:25 +0800] "GET /xingrg/images/blue/login_bg.png HTTP/1.1" 200 22101
172.20.0.100 - - [08/Mar/2023:10:09:25 +0800] "GET /xingrg/images/blue/hj.png HTTP/1.1" 200 1014
172.20.0.100 - - [08/Mar/2023:10:09:25 +0800] "GET /xingrg/images/blue/srbg.png HTTP/1.1" 200 138
172.20.0.100 - - [08/Mar/2023:10:09:25 +0800] "GET /favicon.ico HTTP/1.1" 404 -
180.169.147.146 - - [08/Mar/2023:10:09:27 +0800] "GET /xingrg/all/function/internal_message.html?_=1678241384966&CODE_STATE=getMsg HTTP/1.1" 200 27
172.20.0.100 - - [08/Mar/2023:10:09:27 +0800] "POST /xingrg/login.do HTTP/1.1" 302 -
180.163.30.100 - - [08/Mar/2023:10:09:27 +0800] "GET /xingrg/kc/buy/cgsh_order_list.html HTTP/1.1" 302 -
180.163.30.100 - - [08/Mar/2023:10:09:27 +0800] "GET /xingrg/login.html HTTP/1.1" 200 7641
172.20.0.100 - - [08/Mar/2023:10:09:27 +0800] "GET /xingrg/index.html?sysBaseUrl=http%3A%2F%2F172.20.0.8%3A18081%2Fxingrg%2F&costTime=42×tamp=1678241367217 HTTP/1.1" 200 17448
172.20.0.100 - - [08/Mar/2023:10:09:27 +0800] "GET /xingrg/javascript/jquery_easy_ui/themes/default/easyui.css HTTP/1.1" 200 26500
172.20.0.100 - - [08/Mar/2023:10:09:27 +0800] "GET /xingrg/javascript/jquery_easy_ui/themes/icon.css HTTP/1.1" 200 3949
172.20.0.100 - - [08/Mar/2023:10:09:27 +0800] "GET /xingrg/css/form.css HTTP/1.1" 200 893
172.20.0.100 - - [08/Mar/2023:10:09:27 +0800] "GET /xingrg/javascript/jquery-1.4.2.min.js HTTP/1.1" 200 72205
172.20.0.100 - - [08/Mar/2023:10:09:27 +0800] "GET /xingrg/javascript/jquery_easy_ui/jquery.easyui.min.js HTTP/1.1" 200 213662
172.20.0.100 - - [08/Mar/2023:10:09:27 +0800] "GET /xingrg/javascript/jquery_easy_ui/easyui-lang-zh_CN.js HTTP/1.1" 200 1900
172.20.0.100 - - [08/Mar/2023:10:09:27 +0800] "GET /xingrg/javascript/jquery.form.js HTTP/1.1" 200 23110
172.20.0.100 - - [08/Mar/2023:10:09:27 +0800] "GET /xingrg/javascript/jquery.utils.js HTTP/1.1" 200 11805
172.20.0.100 - - [08/Mar/2023:10:09:27 +0800] "GET /xingrg/javascript/jquery.timers.js HTTP/1.1" 200 3532
172.20.0.100 - - [08/Mar/2023:10:09:27 +0800] "GET /favicon.ico HTTP/1.1" 404 -
172.20.0.100 - - [08/Mar/2023:10:09:27 +0800] "GET /xingrg/javascript/jquery_easy_ui/themes/icons/settle_new.png HTTP/1.1" 200 826
172.20.0.100 - - [08/Mar/2023:10:09:27 +0800] "GET /xingrg/images/blue/navBackgound.jpg HTTP/1.1" 200 12378
172.20.0.100 - - [08/Mar/2023:10:09:27 +0800] "POST /xingrg/all/common/load_tree.html?tree=area_rest_tree_json&manage=1 HTTP/1.1" 200 3499
61.170.233.90 - - [08/Mar/2023:10:09:27 +0800] "GET /xingrg/kc/mdqp/pssh_order_info.html?code=312023030600135 HTTP/1.1" 200 17295
61.170.233.90 - - [08/Mar/2023:10:09:27 +0800] "GET /xingrg/javascript/jquery_tools/jquery-1.4.2.min.js HTTP/1.1" 404 1094
172.20.0.100 - - [08/Mar/2023:10:09:27 +0800] "GET /xingrg/all/function/internal_message.html?_=1678241385919&CODE_STATE=count HTTP/1.1" 200 11
172.20.0.100 - - [08/Mar/2023:10:09:27 +0800] "GET /xingrg/check_reg.html?_=1678241385920 HTTP/1.1" 200 22
172.20.0.100 - - [08/Mar/2023:10:09:27 +0800] "GET /xingrg/images/blue/pingpu.png HTTP/1.1" 200 231
172.20.0.100 - - [08/Mar/2023:10:09:27 +0800] "GET /xingrg/javascript/jquery_easy_ui/themes/default/images/tabs_leftarrow.png HTTP/1.1" 200 389
172.20.0.100 - - [08/Mar/2023:10:09:27 +0800] "GET /xingrg/javascript/jquery_easy_ui/themes/default/images/tabs_rightarrow.png HTTP/1.1" 200 395
172.20.0.100 - - [08/Mar/2023:10:09:27 +0800] "GET /xingrg/javascript/jquery_easy_ui/themes/default/images/panel_tool_expand.gif HTTP/1.1" 200 247
172.20.0.100 - - [08/Mar/2023:10:09:27 +0800] "GET /xingrg/javascript/jquery_easy_ui/themes/default/images/panel_tool_collapse.gif HTTP/1.1" 200 246
172.20.0.100 - - [08/Mar/2023:10:09:27 +0800] "POST /xingrg/load_menu.html HTTP/1.1" 200 11529
172.20.0.100 - - [08/Mar/2023:10:09:28 +0800] "GET /xingrg/javascript/jquery_easy_ui/themes/default/images/tree_arrows.gif HTTP/1.1" 200 1043
172.20.0.100 - - [08/Mar/2023:10:09:28 +0800] "GET /xingrg/javascript/jquery_easy_ui/themes/default/images/tree_folder_open.gif HTTP/1.1" 200 956
172.20.0.100 - - [08/Mar/2023:10:09:28 +0800] "GET /xingrg/javascript/jquery_easy_ui/themes/icons/search_new.png HTTP/1.1" 200 586
172.20.0.100 - - [08/Mar/2023:10:09:28 +0800] "GET /xingrg/javascript/jquery_easy_ui/themes/icons/delivery_new.png HTTP/1.1" 200 700
172.20.0.100 - - [08/Mar/2023:10:09:28 +0800] "GET /xingrg/javascript/jquery_easy_ui/themes/icons/storage_new.png HTTP/1.1" 200 853
172.20.0.100 - - [08/Mar/2023:10:09:28 +0800] "GET /xingrg/javascript/jquery_easy_ui/themes/icons/checkout_new.png HTTP/1.1" 200 744
172.20.0.100 - - [08/Mar/2023:10:09:28 +0800] "GET /xingrg/javascript/jquery_easy_ui/themes/icons/forms_new.png HTTP/1.1" 200 350
172.20.0.100 - - [08/Mar/2023:10:09:28 +0800] "GET /xingrg/javascript/jquery_easy_ui/themes/icons/setting_new.png HTTP/1.1" 200 450
172.20.0.100 - - [08/Mar/2023:10:09:28 +0800] "GET /xingrg/javascript/jquery_easy_ui/themes/icons/systemset_new.png HTTP/1.1" 200 606
172.20.0.100 - - [08/Mar/2023:10:09:28 +0800] "GET /xingrg/javascript/jquery_easy_ui/themes/default/images/tree_file.gif HTTP/1.1" 200 118
172.20.0.100 - - [08/Mar/2023:10:09:28 +0800] "GET /xingrg/javascript/jquery_easy_ui/themes/default/images/tree_folder.gif HTTP/1.1" 200 952
61.170.233.90 - - [08/Mar/2023:10:09:28 +0800] "GET /xingrg/all/common/auto_word.html?type=base&rest_code=00106&rest_code=00106 HTTP/1.1" 200 1799
61.170.233.90 - - [08/Mar/2023:10:09:28 +0800] "GET /xingrg/all/common/auto_word.html?type=employee&rest_code=00106 HTTP/1.1" 200 205
61.170.233.90 - - [08/Mar/2023:10:09:28 +0800] "GET /xingrg/javascript/easyui/themes/default/validatebox.css HTTP/1.1" 404 1104
61.170.233.90 - - [08/Mar/2023:10:09:28 +0800] "POST /xingrg/kc/mdqp/pssh_order_operate.html HTTP/1.1" 200 15585
116.238.139.35 - - [08/Mar/2023:10:09:28 +0800] "GET /xingrg/all/function/internal_message.html?_=1678241387476&CODE_STATE=getMsg HTTP/1.1" 200 27
222.70.182.154 - - [08/Mar/2023:10:09:28 +0800] "POST /xingrg/kc/buy/cgsh_order_operate.html HTTP/1.1" 200 37
172.20.0.100 - - [08/Mar/2023:10:09:30 +0800] "POST /xingrg/load_menu.html HTTP/1.1" 200 10512
116.224.106.218 - - [08/Mar/2023:10:09:31 +0800] "GET /xingrg/check_reg.html?_=1678241389620 HTTP/1.1" 200 22
222.70.182.154 - - [08/Mar/2023:10:09:31 +0800] "POST /xingrg/kc/buy/cgsh_order_operate.html HTTP/1.1" 200 6827
180.163.28.68 - - [08/Mar/2023:10:09:31 +0800] "GET /xingrg/kc/mdqp/qp_main.html HTTP/1.1" 302 -
180.163.28.68 - - [08/Mar/2023:10:09:31 +0800] "GET /xingrg/login.html HTTP/1.1" 200 7641
222.70.221.209 - - [08/Mar/2023:10:09:32 +0800] "GET /xingrg/all/function/internal_message.html?_=1678241510270&CODE_STATE=getMsg HTTP/1.1" 200 27
180.163.30.27 - - [08/Mar/2023:10:09:32 +0800] "GET /xingrg/kc/mdqp/qqps_order_list.html HTTP/1.1" 302 -
180.163.30.27 - - [08/Mar/2023:10:09:32 +0800] "GET /xingrg/login.html HTTP/1.1" 200 7641
222.70.182.154 - - [08/Mar/2023:10:09:34 +0800] "GET /xingrg/kc/print/load_data.html?order_code=212023030802644&kc_code=cgsh&condition= HTTP/1.1" 200 2358
61.170.233.90 - - [08/Mar/2023:10:09:34 +0800] "POST /xingrg/kc/mdqp/pssh_list_operate.html HTTP/1.1" 200 560
101.83.241.0 - - [08/Mar/2023:10:09:36 +0800] "GET /xingrg/javascript/jquery_tools/images/prev.gif HTTP/1.1" 404 1086
101.83.241.0 - - [08/Mar/2023:10:09:36 +0800] "GET /xingrg/javascript/jquery_tools/images/next.gif HTTP/1.1" 404 1086
61.170.233.90 - - [08/Mar/2023:10:09:36 +0800] "GET /xingrg/kc/mdqp/pssh_order_info.html?code=312023030600130 HTTP/1.1" 200 17291
61.170.233.90 - - [08/Mar/2023:10:09:36 +0800] "GET /xingrg/javascript/jquery_tools/jquery-1.4.2.min.js HTTP/1.1" 404 1094
172.20.0.100 - - [08/Mar/2023:10:09:36 +0800] "GET /xingrg/system/rest/list_page.html?p=cuxiao HTTP/1.1" 200 26810
172.20.0.100 - - [08/Mar/2023:10:09:36 +0800] "GET /xingrg/javascript/jquery_easy_ui/themes/default/images/tabs_close.gif HTTP/1.1" 200 829
172.20.0.100 - - [08/Mar/2023:10:09:36 +0800] "GET /xingrg/css/table.css HTTP/1.1" 200 3684
61.170.233.90 - - [08/Mar/2023:10:09:37 +0800] "GET /xingrg/javascript/easyui/themes/default/validatebox.css HTTP/1.1" 404 1104
61.170.233.90 - - [08/Mar/2023:10:09:37 +0800] "POST /xingrg/kc/mdqp/pssh_order_operate.html HTTP/1.1" 200 2102
172.20.0.100 - - [08/Mar/2023:10:09:37 +0800] "GET /xingrg/images/control/ajaxLoader.gif HTTP/1.1" 200 4659
172.20.0.100 - - [08/Mar/2023:10:09:37 +0800] "GET /xingrg/javascript/jquery_easy_ui/themes/icons/search.png HTTP/1.1" 200 813
172.20.0.100 - - [08/Mar/2023:10:09:37 +0800] "GET /xingrg/javascript/jquery_easy_ui/themes/default/images/button_a_bg.gif HTTP/1.1" 200 1194
172.20.0.100 - - [08/Mar/2023:10:09:37 +0800] "GET /xingrg/javascript/jquery_easy_ui/themes/icons/edit_add.png HTTP/1.1" 200 1088
172.20.0.100 - - [08/Mar/2023:10:09:37 +0800] "GET /xingrg/javascript/jquery_easy_ui/themes/icons/pencil.png HTTP/1.1" 200 713
172.20.0.100 - - [08/Mar/2023:10:09:37 +0800] "GET /xingrg/javascript/jquery_easy_ui/themes/icons/edit_remove.png HTTP/1.1" 200 625
172.20.0.100 - - [08/Mar/2023:10:09:37 +0800] "GET /xingrg/javascript/jquery_easy_ui/themes/default/images/button_span_bg.gif HTTP/1.1" 200 2061
172.20.0.100 - - [08/Mar/2023:10:09:37 +0800] "GET /xingrg/javascript/jquery_easy_ui/themes/default/images/calendar_prevmonth.gif HTTP/1.1" 200 66
172.20.0.100 - - [08/Mar/2023:10:09:37 +0800] "GET /xingrg/javascript/jquery_easy_ui/themes/default/images/calendar_nextmonth.gif HTTP/1.1" 200 64
172.20.0.100 - - [08/Mar/2023:10:09:37 +0800] "GET /xingrg/javascript/jquery_easy_ui/themes/default/images/calendar_prevyear.gif HTTP/1.1" 200 76
172.20.0.100 - - [08/Mar/2023:10:09:37 +0800] "GET /xingrg/javascript/jquery_easy_ui/themes/default/images/calendar_nextyear.gif HTTP/1.1" 200 75
172.20.0.100 - - [08/Mar/2023:10:09:37 +0800] "GET /xingrg/javascript/jquery_easy_ui/themes/default/images/datagrid_header_bg.gif HTTP/1.1" 200 97
172.20.0.100 - - [08/Mar/2023:10:09:37 +0800] "GET /xingrg/javascript/jquery_easy_ui/themes/default/images/pagination_first.gif HTTP/1.1" 200 925
172.20.0.100 - - [08/Mar/2023:10:09:37 +0800] "GET /xingrg/javascript/jquery_easy_ui/themes/default/images/pagination_prev.gif HTTP/1.1" 200 879
172.20.0.100 - - [08/Mar/2023:10:09:37 +0800] "GET /xingrg/javascript/jquery_easy_ui/themes/default/images/pagination_next.gif HTTP/1.1" 200 875
172.20.0.100 - - [08/Mar/2023:10:09:37 +0800] "GET /xingrg/javascript/jquery_easy_ui/themes/default/images/pagination_last.gif HTTP/1.1" 200 923
172.20.0.100 - - [08/Mar/2023:10:09:37 +0800] "GET /xingrg/javascript/jquery_easy_ui/themes/default/images/pagination_load.png HTTP/1.1" 200 827
172.20.0.100 - - [08/Mar/2023:10:09:37 +0800] "GET /xingrg/javascript/jquery_easy_ui/themes/default/images/pagination_loading.gif HTTP/1.1" 200 1737
172.20.0.100 - - [08/Mar/2023:10:09:37 +0800] "GET /xingrg/system/rest/query_items.html?_=1678241395738&table=cuxiao&page=1&rows=10&key=&status=1 HTTP/1.1" 200 832
61.170.233.90 - - [08/Mar/2023:10:09:38 +0800] "POST /xingrg/kc/mdqp/pssh_list_operate.html HTTP/1.1" 200 5243
172.20.0.100 - - [08/Mar/2023:10:09:39 +0800] "GET /xingrg/system/rest/get_item.html?table=cuxiao&code=d774b2faef4f4574b43a4b380275305f&_=1678241397296 HTTP/1.1" 200 305
172.20.0.100 - - [08/Mar/2023:10:09:39 +0800] "GET /xingrg/javascript/jquery_easy_ui/themes/icons/ok.png HTTP/1.1" 200 883
172.20.0.100 - - [08/Mar/2023:10:09:39 +0800] "GET /xingrg/javascript/jquery_easy_ui/themes/default/images/panel_title.png HTTP/1.1" 200 266
172.20.0.100 - - [08/Mar/2023:10:09:39 +0800] "GET /xingrg/javascript/jquery_easy_ui/themes/default/images/panel_tools.gif HTTP/1.1" 200 737
172.20.0.100 - - [08/Mar/2023:10:09:39 +0800] "POST /xingrg/system/rest/edit_item.html HTTP/1.1" 200 46288
61.170.233.90 - - [08/Mar/2023:10:09:39 +0800] "POST /xingrg/kc/mdqp/pssh_list_operate.html HTTP/1.1" 200 784
116.230.118.11 - - [08/Mar/2023:10:09:40 +0800] "GET /xingrg/all/function/internal_message.html?_=1678241409192&CODE_STATE=getMsg HTTP/1.1" 200 27
61.170.233.90 - - [08/Mar/2023:10:09:41 +0800] "GET /xingrg/kc/mdqp/pssh_order_info.html?code=312023030600124 HTTP/1.1" 200 17291
61.170.233.90 - - [08/Mar/2023:10:09:41 +0800] "GET /xingrg/javascript/jquery_tools/jquery-1.4.2.min.js HTTP/1.1" 404 1094
61.170.233.90 - - [08/Mar/2023:10:09:41 +0800] "POST /xingrg/kc/mdqp/pssh_order_operate.html HTTP/1.1" 200 4229
61.170.233.90 - - [08/Mar/2023:10:09:41 +0800] "GET /xingrg/javascript/easyui/themes/default/validatebox.css HTTP/1.1" 404 1104
222.70.182.154 - - [08/Mar/2023:10:09:42 +0800] "GET /xingrg/kc/buy/cgsh_order_add.html HTTP/1.1" 200 69917
124.79.72.155 - - [08/Mar/2023:10:09:42 +0800] "GET /xingrg/all/function/internal_message.html?_=1678241405110&CODE_STATE=getMsg HTTP/1.1" 200 27
222.70.182.154 - - [08/Mar/2023:10:09:42 +0800] "POST /xingrg/kc/buy/cgsh_order_operate.html HTTP/1.1" 200 8245
222.70.182.154 - - [08/Mar/2023:10:09:42 +0800] "GET /xingrg/javascript/easyui/themes/default/validatebox.css HTTP/1.1" 404 1104
180.163.29.79 - - [08/Mar/2023:10:09:43 +0800] "GET /xingrg/kc/mdqp/qqps_order_info.html?code=302023030500093 HTTP/1.1" 302 -
61.170.233.90 - - [08/Mar/2023:10:09:43 +0800] "POST /xingrg/kc/mdqp/pssh_list_operate.html HTTP/1.1" 200 5243
172.20.0.100 - - [08/Mar/2023:10:09:44 +0800] "POST /xingrg/system/rest/get_infos.html?command=get_menu_tree HTTP/1.1" 200 413879
61.170.233.90 - - [08/Mar/2023:10:09:45 +0800] "POST /xingrg/kc/mdqp/pssh_list_operate.html HTTP/1.1" 200 256
116.225.84.253 - - [08/Mar/2023:10:09:45 +0800] "GET /xingrg/kc/base/wldb_order_operate.html?command=get_materiel&rest_code=00105&base_code=0010514&code=00101008722 HTTP/1.1" 200 426
180.164.3.199 - - [08/Mar/2023:10:09:45 +0800] "POST /xingrg/kc/buy/cgsh_list_operate.html HTTP/1.1" 200 986
61.170.233.90 - - [08/Mar/2023:10:09:46 +0800] "POST /xingrg/kc/mdqp/pssh_list_operate.html HTTP/1.1" 200 364
180.163.29.79 - - [08/Mar/2023:10:09:46 +0800] "GET /xingrg/login.html HTTP/1.1" 200 7641
61.170.233.90 - - [08/Mar/2023:10:09:48 +0800] "GET /xingrg/kc/mdqp/qp_main.html HTTP/1.1" 200 10633
180.163.29.79 - - [08/Mar/2023:10:09:48 +0800] "GET /xingrg/kc/mdqp/pssh_order_list.html HTTP/1.1" 302 -
180.163.29.79 - - [08/Mar/2023:10:09:48 +0800] "GET /xingrg/login.html HTTP/1.1" 200 7641
101.83.241.0 - - [08/Mar/2023:10:09:49 +0800] "GET /xingrg/kc/buy/cgsh_order_operate.html?command=get_materiel&rest_code=00149&code=00101006109&supplier_code=00100012&order_time=2023-03-08 HTTP/1.1" 200 409
61.170.233.90 - - [08/Mar/2023:10:09:49 +0800] "GET /xingrg/images/yd/bt.gif HTTP/1.1" 404 1040
180.164.3.199 - - [08/Mar/2023:10:09:50 +0800] "GET /xingrg/all/function/internal_message.html?_=1678241408158&CODE_STATE=getMsg HTTP/1.1" 200 27
61.170.233.90 - - [08/Mar/2023:10:09:50 +0800] "GET /xingrg/kc/mdqp/qqps_order_list.html HTTP/1.1" 200 9222
61.170.233.90 - - [08/Mar/2023:10:09:50 +0800] "GET /xingrg/dwr/interface/AjaxQqpsService.js HTTP/1.1" 200 16326
61.170.233.90 - - [08/Mar/2023:10:09:50 +0800] "GET /xingrg/dwr/interface/AjaxReportQueryService.js HTTP/1.1" 200 13203
61.170.233.90 - - [08/Mar/2023:10:09:50 +0800] "GET /xingrg/dwr/engine.js HTTP/1.1" 200 43631
222.70.182.154 - - [08/Mar/2023:10:09:52 +0800] "GET /xingrg/kc/buy/cgsh_order_operate.html?command=get_materiel&rest_code=00111&code=00101008221&supplier_code=00100004&order_time=2023-03-08 HTTP/1.1" 200 412
61.170.233.90 - - [08/Mar/2023:10:09:53 +0800] "POST /xingrg/dwr/call/plaincall/AjaxReportQueryService.getFixDate.dwr HTTP/1.1" 200 111
61.170.233.90 - - [08/Mar/2023:10:09:53 +0800] "GET /xingrg/kc/mdqp/qqps_order_list.html?isQuery=1&timeSelect=1&orderTime=lastWeek&startTime=2023-02-27&endTime=2023-03-05&state=all&query=%C8%B7++%B6%A8 HTTP/1.1" 200 14333
61.170.233.90 - - [08/Mar/2023:10:09:53 +0800] "GET /xingrg/dwr/interface/AjaxQqpsService.js HTTP/1.1" 200 16326
61.170.233.90 - - [08/Mar/2023:10:09:53 +0800] "GET /xingrg/dwr/interface/AjaxReportQueryService.js HTTP/1.1" 200 13203
61.170.233.90 - - [08/Mar/2023:10:09:53 +0800] "GET /xingrg/dwr/engine.js HTTP/1.1" 200 43631
222.70.182.154 - - [08/Mar/2023:10:09:58 +0800] "GET /xingrg/kc/buy/cgsh_order_operate.html?command=get_materiel&rest_code=00111&code=00101007072&supplier_code=00100004&order_time=2023-03-08 HTTP/1.1" 200 413
61.170.233.90 - - [08/Mar/2023:10:09:58 +0800] "GET /xingrg/kc/mdqp/qqps_order_info.html?code=302023030500090 HTTP/1.1" 200 26643
172.20.0.100 - - [08/Mar/2023:10:09:58 +0800] "GET /xingrg/javascript/jquery_easy_ui/themes/default/images/tree_checkbox_0.gif HTTP/1.1" 200 168
61.170.233.90 - - [08/Mar/2023:10:09:59 +0800] "GET /xingrg/dwr/interface/AjaxComOrderService.js HTTP/1.1" 200 18264
61.170.233.90 - - [08/Mar/2023:10:09:59 +0800] "GET /xingrg/dwr/interface/AjaxQqpsService.js HTTP/1.1" 200 16326
61.170.233.90 - - [08/Mar/2023:10:09:59 +0800] "GET /xingrg/dwr/engine.js HTTP/1.1" 200 43631
101.83.241.0 - - [08/Mar/2023:10:09:59 +0800] "GET /xingrg/all/function/internal_message.html?_=1678241416790&CODE_STATE=getMsg HTTP/1.1" 200 27
61.170.233.90 - - [08/Mar/2023:10:10:00 +0800] "POST /xingrg/dwr/call/plaincall/AjaxQqpsService.loadMaterielItems.dwr HTTP/1.1" 200 1422
116.192.124.172 - - [08/Mar/2023:10:10:00 +0800] "GET /xingrg/all/function/internal_message.html?_=1678241419339&CODE_STATE=getMsg HTTP/1.1" 200 27
58.40.7.146 - - [08/Mar/2023:10:10:01 +0800] "GET /xingrg/all/function/internal_message.html?_=1678241420016&CODE_STATE=getMsg HTTP/1.1" 200 27
116.225.84.253 - - [08/Mar/2023:10:10:01 +0800] "GET /xingrg/kc/base/wldb_order_operate.html?command=get_materiel&rest_code=00105&base_code=0010514&code=00101019368 HTTP/1.1" 200 465
61.170.233.90 - - [08/Mar/2023:10:10:01 +0800] "GET /xingrg/kc/mdqp/qp_main.html HTTP/1.1" 200 10633
61.170.233.90 - - [08/Mar/2023:10:10:02 +0800] "GET /xingrg/kc/mdqp/qqps_order_list.html HTTP/1.1" 200 9222
61.170.233.90 - - [08/Mar/2023:10:10:02 +0800] "GET /xingrg/dwr/interface/AjaxQqpsService.js HTTP/1.1" 200 16326
61.170.233.90 - - [08/Mar/2023:10:10:02 +0800] "GET /xingrg/dwr/interface/AjaxReportQueryService.js HTTP/1.1" 200 13203
61.170.233.90 - - [08/Mar/2023:10:10:02 +0800] "GET /xingrg/dwr/engine.js HTTP/1.1" 200 43631
61.170.233.90 - - [08/Mar/2023:10:10:04 +0800] "POST /xingrg/dwr/call/plaincall/AjaxReportQueryService.getFixDate.dwr HTTP/1.1" 200 111
114.83.222.182 - - [08/Mar/2023:10:10:05 +0800] "GET /xingrg/all/function/internal_message.html?_=1678241486752&CODE_STATE=getMsg HTTP/1.1" 200 27
61.170.233.90 - - [08/Mar/2023:10:10:08 +0800] "POST /xingrg/dwr/call/plaincall/AjaxReportQueryService.getFixDate.dwr HTTP/1.1" 200 111
58.40.7.146 - - [08/Mar/2023:10:10:08 +0800] "GET /xingrg/all/function/internal_message.html?_=1678241427290&CODE_STATE=getMsg HTTP/1.1" 200 27
61.170.233.90 - - [08/Mar/2023:10:10:08 +0800] "GET /xingrg/kc/mdqp/qqps_order_list.html?isQuery=1&timeSelect=1&orderTime=lastWeek&startTime=2023-02-27&endTime=2023-03-05&state=all&query=%C8%B7++%B6%A8 HTTP/1.1" 200 14333
61.170.233.90 - - [08/Mar/2023:10:10:08 +0800] "GET /xingrg/dwr/interface/AjaxQqpsService.js HTTP/1.1" 200 16326
61.170.233.90 - - [08/Mar/2023:10:10:09 +0800] "GET /xingrg/dwr/interface/AjaxReportQueryService.js HTTP/1.1" 200 13203
61.170.233.90 - - [08/Mar/2023:10:10:09 +0800] "GET /xingrg/dwr/engine.js HTTP/1.1" 200 43631
101.83.241.0 - - [08/Mar/2023:10:10:09 +0800] "GET /xingrg/kc/buy/cgsh_order_operate.html?command=get_materiel&rest_code=00149&code=00101006184&supplier_code=00100012&order_time=2023-03-08 HTTP/1.1" 200 408
222.70.221.209 - - [08/Mar/2023:10:10:09 +0800] "GET /xingrg/all/function/internal_message.html?_=1678241428393&CODE_STATE=getMsg HTTP/1.1" 200 27
222.70.182.154 - - [08/Mar/2023:10:10:10 +0800] "GET /xingrg/all/function/internal_message.html?_=1678241428109&CODE_STATE=getMsg HTTP/1.1" 200 27
222.70.182.154 - - [08/Mar/2023:10:10:11 +0800] "GET /xingrg/kc/buy/cgsh_order_operate.html?command=get_materiel&rest_code=00111&code=00101007085&supplier_code=00100004&order_time=2023-03-08 HTTP/1.1" 200 413
172.20.0.100 - - [08/Mar/2023:10:10:13 +0800] "GET /xingrg/javascript/jquery_easy_ui/themes/default/images/tree_checkbox_1.gif HTTP/1.1" 200 174
172.20.0.100 - - [08/Mar/2023:10:10:13 +0800] "GET /xingrg/javascript/jquery_easy_ui/themes/default/images/tree_checkbox_2.gif HTTP/1.1" 200 181
61.170.233.90 - - [08/Mar/2023:10:10:13 +0800] "GET /xingrg/kc/mdqp/qqps_order_info.html?code=302023030500097 HTTP/1.1" 200 26643
61.170.233.90 - - [08/Mar/2023:10:10:14 +0800] "GET /xingrg/dwr/interface/AjaxComOrderService.js HTTP/1.1" 200 18264
61.170.233.90 - - [08/Mar/2023:10:10:14 +0800] "GET /xingrg/dwr/interface/AjaxQqpsService.js HTTP/1.1" 200 16326
61.170.233.90 - - [08/Mar/2023:10:10:14 +0800] "GET /xingrg/dwr/engine.js HTTP/1.1" 200 43631
61.170.233.90 - - [08/Mar/2023:10:10:14 +0800] "POST /xingrg/dwr/call/plaincall/AjaxQqpsService.loadMaterielItems.dwr HTTP/1.1" 200 374
172.20.0.100 - - [08/Mar/2023:10:10:15 +0800] "POST /xingrg/system/rest/edit_item.html HTTP/1.1" 200 -
172.20.0.100 - - [08/Mar/2023:10:10:15 +0800] "POST /xingrg/system/rest/edit_item.html HTTP/1.1" 200 46725
120.253.135.82 - - [08/Mar/2023:10:10:19 +0800] "GET /xingrg/all/function/internal_message.html?_=1678241566476&CODE_STATE=getMsg HTTP/1.1" 200 27
61.170.233.90 - - [08/Mar/2023:10:10:22 +0800] "GET /xingrg/kc/buy/buy_main.html HTTP/1.1" 200 12412
61.170.233.90 - - [08/Mar/2023:10:10:22 +0800] "GET /xingrg/css/new_ie.css HTTP/1.1" 404 1036
222.70.182.154 - - [08/Mar/2023:10:10:22 +0800] "GET /xingrg/kc/buy/cgsh_order_operate.html?command=get_materiel&rest_code=00111&code=00101007081&supplier_code=00100004&order_time=2023-03-08 HTTP/1.1" 200 413
61.170.233.90 - - [08/Mar/2023:10:10:23 +0800] "GET /xingrg/all/function/internal_message.html?_=1678241441451&CODE_STATE=getMsg HTTP/1.1" 200 27
116.225.84.253 - - [08/Mar/2023:10:10:24 +0800] "GET /xingrg/kc/base/wldb_order_operate.html?command=get_materiel&rest_code=00105&base_code=0010514&code=00101018012 HTTP/1.1" 200 462
172.20.0.100 - - [08/Mar/2023:10:10:24 +0800] "POST /xingrg/system/rest/edit_item.html HTTP/1.1" 200 -
116.225.84.253 - - [08/Mar/2023:10:10:24 +0800] "GET /xingrg/all/function/internal_message.html?_=1678241287797&CODE_STATE=getMsg HTTP/1.1" 200 27
101.229.22.234 - - [08/Mar/2023:10:10:25 +0800] "GET /xingrg/all/function/internal_message.html?_=1678241442635&CODE_STATE=getMsg HTTP/1.1" 200 27
172.20.0.100 - - [08/Mar/2023:10:10:26 +0800] "POST /xingrg/system/rest/edit_item.html HTTP/1.1" 200 32
172.20.0.100 - - [08/Mar/2023:10:10:26 +0800] "GET /xingrg/system/rest/get_item.html?table=cuxiao&code=d774b2faef4f4574b43a4b380275305f&_=1678241444293 HTTP/1.1" 200 305
180.169.147.146 - - [08/Mar/2023:10:10:27 +0800] "GET /xingrg/all/function/internal_message.html?_=1678241444940&CODE_STATE=getMsg HTTP/1.1" 200 27
172.20.0.100 - - [08/Mar/2023:10:10:27 +0800] "GET /xingrg/system/rest/query_items.html?_=1678241445719&table=cuxiao&page=1&rows=10&key=&status=1 HTTP/1.1" 200 832
172.20.0.100 - - [08/Mar/2023:10:10:27 +0800] "POST /xingrg/system/rest/edit_item.html HTTP/1.1" 200 46724
180.163.29.212 - - [08/Mar/2023:10:10:27 +0800] "GET /xingrg/all/common/auto_word.html?type=employee&rest_code=00106 HTTP/1.1" 302 -
172.20.0.100 - - [08/Mar/2023:10:10:27 +0800] "GET /xingrg/all/function/internal_message.html?_=1678241445985&CODE_STATE=getMsg HTTP/1.1" 200 27
180.163.29.212 - - [08/Mar/2023:10:10:27 +0800] "GET /xingrg/login.html HTTP/1.1" 200 7641
116.238.139.35 - - [08/Mar/2023:10:10:28 +0800] "GET /xingrg/check_reg.html?_=1678241447477 HTTP/1.1" 200 22
116.238.139.35 - - [08/Mar/2023:10:10:28 +0800] "GET /xingrg/all/function/internal_message.html?_=1678241447481&CODE_STATE=getMsg HTTP/1.1" 200 27
61.170.233.90 - - [08/Mar/2023:10:10:29 +0800] "GET /xingrg/kc/buy/cgsh_order_list.html HTTP/1.1" 200 54179
61.170.233.90 - - [08/Mar/2023:10:10:30 +0800] "POST /xingrg/kc/buy/cgsh_list_operate.html HTTP/1.1" 200 986
61.170.233.90 - - [08/Mar/2023:10:10:31 +0800] "GET /xingrg/kc/buy/cgsh_order_add.html HTTP/1.1" 200 69961
101.83.241.0 - - [08/Mar/2023:10:10:31 +0800] "GET /xingrg/kc/buy/cgsh_order_operate.html?command=get_materiel&rest_code=00149&code=00101006065&supplier_code=00100012&order_time=2023-03-08 HTTP/1.1" 200 409
61.170.233.90 - - [08/Mar/2023:10:10:31 +0800] "GET /xingrg/javascript/easyui/themes/default/validatebox.css HTTP/1.1" 404 1104
61.170.233.90 - - [08/Mar/2023:10:10:32 +0800] "POST /xingrg/kc/buy/cgsh_order_operate.html HTTP/1.1" 200 8245
222.70.221.209 - - [08/Mar/2023:10:10:32 +0800] "GET /xingrg/all/function/internal_message.html?_=1678241570272&CODE_STATE=getMsg HTTP/1.1" 200 27
222.70.221.209 - - [08/Mar/2023:10:10:32 +0800] "GET /xingrg/check_reg.html?_=1678241570284 HTTP/1.1" 200 22
61.170.233.90 - - [08/Mar/2023:10:10:32 +0800] "GET /xingrg/javascript/easyui/themes/default/tree.css HTTP/1.1" 404 1090
61.170.233.90 - - [08/Mar/2023:10:10:32 +0800] "POST /xingrg/all/common/load_tree.html?tree=supplier_tree_json&isDelete=1 HTTP/1.1" 200 71093
116.230.118.11 - - [08/Mar/2023:10:10:39 +0800] "GET /xingrg/check_reg.html?_=1678241468360 HTTP/1.1" 200 22
116.230.118.11 - - [08/Mar/2023:10:10:40 +0800] "GET /xingrg/all/function/internal_message.html?_=1678241469205&CODE_STATE=getMsg HTTP/1.1" 200 27
180.169.147.146 - - [08/Mar/2023:10:10:42 +0800] "GET /xingrg/check_reg.html?_=1678241462264 HTTP/1.1" 302 -
124.79.72.155 - - [08/Mar/2023:10:10:42 +0800] "GET /xingrg/all/function/internal_message.html?_=1678241465116&CODE_STATE=getMsg HTTP/1.1" 200 27
61.170.233.90 - - [08/Mar/2023:10:10:45 +0800] "GET /xingrg/javascript/auto/indicator.gif HTTP/1.1" 404 1066
101.83.241.0 - - [08/Mar/2023:10:10:46 +0800] "GET /xingrg/kc/buy/cgsh_order_operate.html?command=get_materiel&rest_code=00149&code=00101006055&supplier_code=00100012&order_time=2023-03-08 HTTP/1.1" 200 409
222.70.182.154 - - [08/Mar/2023:10:10:49 +0800] "POST /xingrg/kc/buy/cgsh_order_operate.html HTTP/1.1" 200 37
180.164.3.199 - - [08/Mar/2023:10:10:50 +0800] "GET /xingrg/all/function/internal_message.html?_=1678241468160&CODE_STATE=getMsg HTTP/1.1" 200 27
172.20.0.100 - - [08/Mar/2023:10:10:51 +0800] "GET /xingrg/javascript/jquery_easy_ui/themes/default/images/button_plain_hover.png HTTP/1.1" 200 252
61.170.233.90 - - [08/Mar/2023:10:10:51 +0800] "GET /xingrg/kc/buy/cgsh_order_operate.html?command=get_materiel&rest_code=00106&code=00101008234&supplier_code=00100007&order_time=2023-03-08 HTTP/1.1" 200 408
172.20.0.100 - - [08/Mar/2023:10:10:51 +0800] "GET /xingrg/javascript/jquery_easy_ui/themes/default/images/tabs_active.png HTTP/1.1" 200 2894
222.70.182.154 - - [08/Mar/2023:10:10:53 +0800] "POST /xingrg/kc/buy/cgsh_order_operate.html HTTP/1.1" 200 3846
172.20.0.100 - - [08/Mar/2023:10:10:53 +0800] "GET /xingrg/all/report/report_query.html?fileName=dma/new_5.0/yingye/order_list.xml HTTP/1.1" 200 55206
172.20.0.100 - - [08/Mar/2023:10:10:53 +0800] "GET /xingrg/css/blue.css HTTP/1.1" 200 15949
172.20.0.100 - - [08/Mar/2023:10:10:53 +0800] "GET /xingrg/javascript/multi_select/jqueryMultiSelect.css HTTP/1.1" 200 951
172.20.0.100 - - [08/Mar/2023:10:10:53 +0800] "GET /xingrg/javascript/calendar/timePicker.css HTTP/1.1" 200 523
172.20.0.100 - - [08/Mar/2023:10:10:53 +0800] "GET /xingrg/javascript/bigrid/fix.css HTTP/1.1" 200 1702
172.20.0.100 - - [08/Mar/2023:10:10:53 +0800] "GET /xingrg/javascript/pic_change.js HTTP/1.1" 200 4739
172.20.0.100 - - [08/Mar/2023:10:10:53 +0800] "GET /xingrg/dwr/interface/AjaxReportQueryService.js HTTP/1.1" 200 13203
172.20.0.100 - - [08/Mar/2023:10:10:53 +0800] "GET /xingrg/dwr/engine.js HTTP/1.1" 200 43631
172.20.0.100 - - [08/Mar/2023:10:10:53 +0800] "GET /xingrg/dwr/util.js HTTP/1.1" 200 35990
172.20.0.100 - - [08/Mar/2023:10:10:53 +0800] "GET /xingrg/javascript/myfunction.js HTTP/1.1" 200 24559
172.20.0.100 - - [08/Mar/2023:10:10:53 +0800] "GET /xingrg/javascript/jqueryMultiSelect.js HTTP/1.1" 200 11866
172.20.0.100 - - [08/Mar/2023:10:10:53 +0800] "GET /xingrg/javascript/Calendar.js HTTP/1.1" 200 31561
172.20.0.100 - - [08/Mar/2023:10:10:53 +0800] "GET /xingrg/javascript/calendar/jquery.timePicker.min.js HTTP/1.1" 200 2997
172.20.0.100 - - [08/Mar/2023:10:10:53 +0800] "GET /xingrg/javascript/bigrid/fix.js HTTP/1.1" 200 6439
172.20.0.100 - - [08/Mar/2023:10:10:55 +0800] "GET /xingrg/images/control/loading.gif HTTP/1.1" 200 13463
172.20.0.100 - - [08/Mar/2023:10:10:55 +0800] "GET /xingrg/images/blue/button/advanceover.gif HTTP/1.1" 200 1347
172.20.0.100 - - [08/Mar/2023:10:10:55 +0800] "GET /xingrg/images/blue/button/advance2over.gif HTTP/1.1" 200 1336
172.20.0.100 - - [08/Mar/2023:10:10:55 +0800] "GET /xingrg/images/blue/button/back2over.gif HTTP/1.1" 200 1335
172.20.0.100 - - [08/Mar/2023:10:10:55 +0800] "GET /xingrg/images/blue/button/backover.gif HTTP/1.1" 200 1348
172.20.0.100 - - [08/Mar/2023:10:10:55 +0800] "GET /xingrg/javascript/jquery_easy_ui/themes/icons/help.png HTTP/1.1" 200 1187
172.20.0.100 - - [08/Mar/2023:10:10:55 +0800] "GET /xingrg/javascript/jquery_easy_ui/themes/default/images/menu_downarrow.png HTTP/1.1" 200 173
172.20.0.100 - - [08/Mar/2023:10:10:55 +0800] "GET /xingrg/javascript/jquery_easy_ui/themes/default/images/menu.gif HTTP/1.1" 200 834
172.20.0.100 - - [08/Mar/2023:10:10:55 +0800] "GET /xingrg/javascript/jquery_easy_ui/themes/icons/print.png HTTP/1.1" 200 1057
172.20.0.100 - - [08/Mar/2023:10:10:55 +0800] "GET /xingrg/javascript/jquery_easy_ui/themes/default/images/menu_rightarrow.png HTTP/1.1" 200 3617
