116.225.84.253 - - [08/Mar/2023:09:00:23 +0800] "GET /xingrg/kc/buy/cgsh_order_operate.html?command=get_materiel&rest_code=00105&code=00101008331&supplier_code=00100203&order_time=2023-03-08 HTTP/1.1" 200 416
120.253.135.82 - - [08/Mar/2023:09:00:24 +0800] "GET /xingrg/all/function/internal_message.html?_=1678237068462&CODE_STATE=getMsg HTTP/1.1" 200 27
101.229.22.234 - - [08/Mar/2023:09:00:24 +0800] "GET /xingrg/all/function/internal_message.html?_=1678237241928&CODE_STATE=getMsg HTTP/1.1" 200 27
116.225.84.253 - - [08/Mar/2023:09:00:26 +0800] "GET /xingrg/all/function/internal_message.html?_=1678237089109&CODE_STATE=getMsg HTTP/1.1" 200 27
116.192.124.172 - - [08/Mar/2023:09:00:27 +0800] "POST /xingrg/kc/buy/cgsh_order_operate.html HTTP/1.1" 200 12
116.238.139.35 - - [08/Mar/2023:09:00:28 +0800] "GET /xingrg/check_reg.html?_=1678237247419 HTTP/1.1" 200 22
116.238.139.35 - - [08/Mar/2023:09:00:28 +0800] "GET /xingrg/all/function/internal_message.html?_=1678237247422&CODE_STATE=getMsg HTTP/1.1" 200 27
116.192.124.172 - - [08/Mar/2023:09:00:29 +0800] "GET /xingrg/kc/buy/cgsh_order_info.html?code=212023030802632 HTTP/1.1" 200 64902
116.192.124.172 - - [08/Mar/2023:09:00:29 +0800] "GET /xingrg/javascript/easyui/themes/default/validatebox.css HTTP/1.1" 404 1104
116.192.124.172 - - [08/Mar/2023:09:00:30 +0800] "POST /xingrg/kc/buy/cgsh_order_operate.html HTTP/1.1" 200 636
116.192.124.172 - - [08/Mar/2023:09:00:31 +0800] "GET /xingrg/kc/print/load_data.html?order_code=212023030802632&kc_code=cgsh&condition= HTTP/1.1" 200 716
222.70.221.209 - - [08/Mar/2023:09:00:32 +0800] "GET /xingrg/all/function/internal_message.html?_=1678237370262&CODE_STATE=getMsg HTTP/1.1" 200 27
222.70.221.209 - - [08/Mar/2023:09:00:32 +0800] "GET /xingrg/check_reg.html?_=1678237370264 HTTP/1.1" 200 22
101.83.241.0 - - [08/Mar/2023:09:00:34 +0800] "GET /xingrg/kc/buy/cgsh_order_operate.html?command=get_materiel&rest_code=00149&code=00101008172&supplier_code=00100008&order_time=2023-03-08 HTTP/1.1" 200 412
116.230.118.11 - - [08/Mar/2023:09:00:38 +0800] "GET /xingrg/login.html HTTP/1.1" 200 7641
116.192.124.172 - - [08/Mar/2023:09:00:38 +0800] "GET /xingrg/kc/buy/cgsh_order_add.html HTTP/1.1" 200 69996
116.230.118.11 - - [08/Mar/2023:09:00:38 +0800] "GET /favicon.ico HTTP/1.1" 404 -
116.192.124.172 - - [08/Mar/2023:09:00:38 +0800] "POST /xingrg/kc/buy/cgsh_order_operate.html HTTP/1.1" 200 8245
116.192.124.172 - - [08/Mar/2023:09:00:38 +0800] "GET /xingrg/javascript/easyui/themes/default/validatebox.css HTTP/1.1" 404 1104
101.83.241.0 - - [08/Mar/2023:09:00:38 +0800] "POST /xingrg/kc/buy/cgsh_order_operate.html HTTP/1.1" 200 2065
116.230.118.11 - - [08/Mar/2023:09:00:39 +0800] "POST /xingrg/login.do HTTP/1.1" 302 -
116.230.118.11 - - [08/Mar/2023:09:00:39 +0800] "GET /xingrg/index.html?sysBaseUrl=http%3A%2F%2F180.169.147.146%3A18081%2Fxingrg%2F&costTime=37×tamp=1678237239703 HTTP/1.1" 200 17179
116.230.118.11 - - [08/Mar/2023:09:00:39 +0800] "GET /xingrg/javascript/jquery_easy_ui/themes/default/easyui.css HTTP/1.1" 304 -
116.230.118.11 - - [08/Mar/2023:09:00:39 +0800] "GET /xingrg/javascript/jquery_easy_ui/easyui-lang-zh_CN.js HTTP/1.1" 304 -
116.230.118.11 - - [08/Mar/2023:09:00:39 +0800] "GET /xingrg/javascript/jquery_easy_ui/themes/icon.css HTTP/1.1" 304 -
116.230.118.11 - - [08/Mar/2023:09:00:39 +0800] "GET /xingrg/javascript/jquery-1.4.2.min.js HTTP/1.1" 304 -
116.230.118.11 - - [08/Mar/2023:09:00:39 +0800] "GET /xingrg/css/form.css HTTP/1.1" 304 -
116.230.118.11 - - [08/Mar/2023:09:00:39 +0800] "GET /xingrg/javascript/jquery_easy_ui/jquery.easyui.min.js HTTP/1.1" 304 -
116.230.118.11 - - [08/Mar/2023:09:00:39 +0800] "GET /xingrg/javascript/jquery.form.js HTTP/1.1" 304 -
116.230.118.11 - - [08/Mar/2023:09:00:39 +0800] "GET /xingrg/javascript/jquery.utils.js HTTP/1.1" 304 -
116.230.118.11 - - [08/Mar/2023:09:00:39 +0800] "GET /xingrg/javascript/jquery.timers.js HTTP/1.1" 304 -
116.230.118.11 - - [08/Mar/2023:09:00:39 +0800] "GET /favicon.ico HTTP/1.1" 404 -
116.230.118.11 - - [08/Mar/2023:09:00:39 +0800] "POST /xingrg/all/common/load_tree.html?tree=area_rest_tree_json&manage=1 HTTP/1.1" 200 479
116.230.118.11 - - [08/Mar/2023:09:00:39 +0800] "GET /xingrg/check_reg.html?_=1678237268220 HTTP/1.1" 200 22
116.230.118.11 - - [08/Mar/2023:09:00:39 +0800] "GET /xingrg/all/function/internal_message.html?_=1678237268219&CODE_STATE=count HTTP/1.1" 200 11
116.230.118.11 - - [08/Mar/2023:09:00:39 +0800] "POST /xingrg/load_menu.html HTTP/1.1" 200 5138
116.192.124.172 - - [08/Mar/2023:09:00:40 +0800] "GET /xingrg/javascript/easyui/themes/default/tree.css HTTP/1.1" 404 1090
116.192.124.172 - - [08/Mar/2023:09:00:40 +0800] "POST /xingrg/all/common/load_tree.html?tree=supplier_tree_json&isDelete=1 HTTP/1.1" 200 71093
180.169.147.146 - - [08/Mar/2023:09:00:42 +0800] "GET /xingrg/check_reg.html?_=1678237262543 HTTP/1.1" 302 -
116.230.118.11 - - [08/Mar/2023:09:00:43 +0800] "GET /xingrg/css/base.css HTTP/1.1" 304 -
116.230.118.11 - - [08/Mar/2023:09:00:43 +0800] "GET /xingrg/javascript/jquery_tools/datebox.css HTTP/1.1" 304 -
116.230.118.11 - - [08/Mar/2023:09:00:43 +0800] "GET /xingrg/css/site.css HTTP/1.1" 304 -
116.230.118.11 - - [08/Mar/2023:09:00:43 +0800] "GET /xingrg/javascript/easyui/themes/default/easyui.css HTTP/1.1" 304 -
116.230.118.11 - - [08/Mar/2023:09:00:43 +0800] "GET /xingrg/javascript/easyui/themes/icon.css HTTP/1.1" 304 -
116.230.118.11 - - [08/Mar/2023:09:00:43 +0800] "GET /xingrg/javascript/auto/jquery.autocomplete.css HTTP/1.1" 304 -
116.230.118.11 - - [08/Mar/2023:09:00:43 +0800] "GET /xingrg/javascript/jquery_tools/fix.css HTTP/1.1" 304 -
116.230.118.11 - - [08/Mar/2023:09:00:43 +0800] "GET /xingrg/javascript/jquery_tools/table.css HTTP/1.1" 304 -
116.230.118.11 - - [08/Mar/2023:09:00:43 +0800] "GET /xingrg/javascript/jquery_tools/jquery.tools.min.js HTTP/1.1" 304 -
116.230.118.11 - - [08/Mar/2023:09:00:43 +0800] "GET /xingrg/javascript/jquery_tools/jquery.tools.hotkey.js HTTP/1.1" 304 -
116.230.118.11 - - [08/Mar/2023:09:00:43 +0800] "GET /xingrg/javascript/jquery_tools/jquery.tools.extend.js HTTP/1.1" 304 -
116.230.118.11 - - [08/Mar/2023:09:00:43 +0800] "GET /xingrg/javascript/auto/jquery.autocomplete.js HTTP/1.1" 304 -
116.230.118.11 - - [08/Mar/2023:09:00:43 +0800] "GET /xingrg/javascript/jquery_tools/list_manager.js HTTP/1.1" 304 -
116.230.118.11 - - [08/Mar/2023:09:00:43 +0800] "GET /xingrg/javascript/jquery_tools/jquery.tools.table.js HTTP/1.1" 304 -
116.230.118.11 - - [08/Mar/2023:09:00:43 +0800] "GET /xingrg/javascript/easyui/easyloader.js HTTP/1.1" 304 -
116.230.118.11 - - [08/Mar/2023:09:00:43 +0800] "GET /xingrg/javascript/jquery.cookie.js HTTP/1.1" 304 -
116.230.118.11 - - [08/Mar/2023:09:00:43 +0800] "GET /xingrg/javascript/print/LodopFuncs.js HTTP/1.1" 304 -
116.230.118.11 - - [08/Mar/2023:09:00:43 +0800] "GET /xingrg/kc/buy/cgsh_order_list.html HTTP/1.1" 200 54185
116.230.118.11 - - [08/Mar/2023:09:00:43 +0800] "GET /xingrg/javascript/easyui/plugins/jquery.parser.js HTTP/1.1" 304 -
116.230.118.11 - - [08/Mar/2023:09:00:44 +0800] "POST /xingrg/kc/buy/cgsh_list_operate.html HTTP/1.1" 200 986
116.225.84.253 - - [08/Mar/2023:09:00:46 +0800] "GET /xingrg/kc/buy/cgsh_order_operate.html?command=get_materiel&rest_code=00105&code=00101008354&supplier_code=00100203&order_time=2023-03-08 HTTP/1.1" 200 412
101.83.241.0 - - [08/Mar/2023:09:00:46 +0800] "GET /xingrg/kc/buy/cgsh_order_operate.html?command=get_materiel&rest_code=00149&code=00101009113&supplier_code=00100008&order_time=2023-03-08 HTTP/1.1" 200 413
116.192.124.172 - - [08/Mar/2023:09:00:53 +0800] "GET /xingrg/kc/buy/cgsh_order_operate.html?command=get_materiel&rest_code=00102&code=00101031001&supplier_code=00100064&order_time=2023-03-08 HTTP/1.1" 200 419
101.83.241.0 - - [08/Mar/2023:09:00:59 +0800] "GET /xingrg/all/function/internal_message.html?_=1678237276547&CODE_STATE=getMsg HTTP/1.1" 200 27
116.192.124.172 - - [08/Mar/2023:09:01:01 +0800] "GET /xingrg/all/function/internal_message.html?_=1678237280102&CODE_STATE=getMsg HTTP/1.1" 200 27
58.40.7.146 - - [08/Mar/2023:09:01:01 +0800] "GET /xingrg/all/function/internal_message.html?_=1678237279989&CODE_STATE=getMsg HTTP/1.1" 200 27
116.225.84.253 - - [08/Mar/2023:09:01:01 +0800] "GET /xingrg/kc/buy/cgsh_order_operate.html?command=get_materiel&rest_code=00105&code=00101008010&supplier_code=00100203&order_time=2023-03-08 HTTP/1.1" 200 412
124.79.72.155 - - [08/Mar/2023:09:01:02 +0800] "POST /xingrg/kc/buy/cgsh_list_operate.html HTTP/1.1" 200 206
124.79.72.155 - - [08/Mar/2023:09:01:03 +0800] "GET /xingrg/kc/buy/cgsh_order_info.html?code=212023030501813 HTTP/1.1" 200 64944
124.79.72.155 - - [08/Mar/2023:09:01:03 +0800] "GET /xingrg/javascript/easyui/themes/default/validatebox.css HTTP/1.1" 404 1104
124.79.72.155 - - [08/Mar/2023:09:01:04 +0800] "POST /xingrg/kc/buy/cgsh_order_operate.html HTTP/1.1" 200 614
116.192.124.172 - - [08/Mar/2023:09:01:04 +0800] "GET /xingrg/kc/buy/cgsh_order_operate.html?command=get_materiel&rest_code=00102&code=00101031006&supplier_code=00100064&order_time=2023-03-08 HTTP/1.1" 200 417
101.83.241.0 - - [08/Mar/2023:09:01:04 +0800] "GET /xingrg/kc/buy/cgsh_order_operate.html?command=get_materiel&rest_code=00149&code=00101008305&supplier_code=00100008&order_time=2023-03-08 HTTP/1.1" 200 412
124.79.72.155 - - [08/Mar/2023:09:01:05 +0800] "GET /xingrg/kc/print/load_data.html?order_code=212023030501813&kc_code=cgsh HTTP/1.1" 200 709
58.40.7.146 - - [08/Mar/2023:09:01:08 +0800] "GET /xingrg/all/function/internal_message.html?_=1678237287084&CODE_STATE=getMsg HTTP/1.1" 200 27
124.79.72.155 - - [08/Mar/2023:09:01:11 +0800] "POST /xingrg/kc/buy/cgsh_list_operate.html HTTP/1.1" 200 6095
124.79.72.155 - - [08/Mar/2023:09:01:13 +0800] "GET /xingrg/all/function/internal_message.html?_=1678237295471&CODE_STATE=getMsg HTTP/1.1" 200 27
124.79.72.155 - - [08/Mar/2023:09:01:13 +0800] "GET /xingrg/check_reg.html?_=1678237295479 HTTP/1.1" 200 22
116.238.139.35 - - [08/Mar/2023:09:01:13 +0800] "GET /xingrg/all/function/internal_message.html?_=1678237227601&CODE_STATE=getMsg HTTP/1.1" 200 27
120.253.135.82 - - [08/Mar/2023:09:01:18 +0800] "GET /xingrg/all/function/internal_message.html?_=1678237426036&CODE_STATE=getMsg HTTP/1.1" 200 27
116.192.124.172 - - [08/Mar/2023:09:01:19 +0800] "POST /xingrg/kc/buy/cgsh_order_operate.html HTTP/1.1" 200 37
116.225.84.253 - - [08/Mar/2023:09:01:22 +0800] "GET /xingrg/kc/buy/cgsh_order_operate.html?command=get_materiel&rest_code=00105&code=00101008026&supplier_code=00100203&order_time=2023-03-08 HTTP/1.1" 200 409
120.253.135.82 - - [08/Mar/2023:09:01:23 +0800] "GET /xingrg/check_reg.html?_=1678237127646 HTTP/1.1" 200 22
116.192.124.172 - - [08/Mar/2023:09:01:23 +0800] "POST /xingrg/kc/buy/cgsh_order_operate.html HTTP/1.1" 200 12
120.253.135.82 - - [08/Mar/2023:09:01:24 +0800] "GET /xingrg/all/function/internal_message.html?_=1678237128475&CODE_STATE=getMsg HTTP/1.1" 200 27
116.192.124.172 - - [08/Mar/2023:09:01:24 +0800] "GET /xingrg/kc/buy/cgsh_order_info.html?code=212023030802633 HTTP/1.1" 200 64896
116.192.124.172 - - [08/Mar/2023:09:01:24 +0800] "GET /xingrg/javascript/easyui/themes/default/validatebox.css HTTP/1.1" 404 1104
101.229.22.234 - - [08/Mar/2023:09:01:24 +0800] "GET /xingrg/all/function/internal_message.html?_=1678237301929&CODE_STATE=getMsg HTTP/1.1" 200 27
101.229.22.234 - - [08/Mar/2023:09:01:24 +0800] "GET /xingrg/check_reg.html?_=1678237301931 HTTP/1.1" 200 22
116.192.124.172 - - [08/Mar/2023:09:01:25 +0800] "POST /xingrg/kc/buy/cgsh_order_operate.html HTTP/1.1" 200 1208
116.225.84.253 - - [08/Mar/2023:09:01:26 +0800] "GET /xingrg/all/function/internal_message.html?_=1678237149083&CODE_STATE=getMsg HTTP/1.1" 200 27
116.192.124.172 - - [08/Mar/2023:09:01:27 +0800] "GET /xingrg/kc/print/load_data.html?order_code=212023030802633&kc_code=cgsh&condition= HTTP/1.1" 200 963
101.83.241.0 - - [08/Mar/2023:09:01:27 +0800] "GET /xingrg/kc/buy/cgsh_order_operate.html?command=get_materiel&rest_code=00149&code=00101008007&supplier_code=00100008&order_time=2023-03-08 HTTP/1.1" 200 413
116.238.139.35 - - [08/Mar/2023:09:01:28 +0800] "GET /xingrg/all/function/internal_message.html?_=1678237307410&CODE_STATE=getMsg HTTP/1.1" 200 27
222.70.221.209 - - [08/Mar/2023:09:01:32 +0800] "GET /xingrg/all/function/internal_message.html?_=1678237430274&CODE_STATE=getMsg HTTP/1.1" 200 27
116.192.124.172 - - [08/Mar/2023:09:01:39 +0800] "POST /xingrg/services/DataTransmitService HTTP/1.1" 200 524
116.225.84.253 - - [08/Mar/2023:09:01:39 +0800] "GET /xingrg/kc/buy/cgsh_order_operate.html?command=get_materiel&rest_code=00105&code=00101008038&supplier_code=00100203&order_time=2023-03-08 HTTP/1.1" 200 412
116.230.118.11 - - [08/Mar/2023:09:01:39 +0800] "GET /xingrg/all/function/internal_message.html?_=1678237328222&CODE_STATE=getMsg HTTP/1.1" 200 27
124.79.72.155 - - [08/Mar/2023:09:01:42 +0800] "POST /xingrg/kc/buy/cgsh_list_operate.html HTTP/1.1" 200 200
124.79.72.155 - - [08/Mar/2023:09:01:43 +0800] "GET /xingrg/kc/buy/cgsh_order_info.html?code=212023030501815 HTTP/1.1" 200 64942
124.79.72.155 - - [08/Mar/2023:09:01:43 +0800] "GET /xingrg/javascript/easyui/themes/default/validatebox.css HTTP/1.1" 404 1104
124.79.72.155 - - [08/Mar/2023:09:01:44 +0800] "POST /xingrg/kc/buy/cgsh_order_operate.html HTTP/1.1" 200 612
101.83.241.0 - - [08/Mar/2023:09:01:44 +0800] "GET /xingrg/kc/buy/cgsh_order_operate.html?command=get_materiel&rest_code=00149&code=00101008161&supplier_code=00100008&order_time=2023-03-08 HTTP/1.1" 200 409
124.79.72.155 - - [08/Mar/2023:09:01:45 +0800] "GET /xingrg/kc/print/load_data.html?order_code=212023030501815&kc_code=cgsh HTTP/1.1" 200 756
124.79.72.155 - - [08/Mar/2023:09:01:51 +0800] "POST /xingrg/kc/buy/cgsh_list_operate.html HTTP/1.1" 200 6095
222.70.182.154 - - [08/Mar/2023:09:01:51 +0800] "POST /xingrg/services/DataTransmitService HTTP/1.1" 200 524
101.83.241.0 - - [08/Mar/2023:09:01:59 +0800] "GET /xingrg/check_reg.html?_=1678237336541 HTTP/1.1" 200 22
101.83.241.0 - - [08/Mar/2023:09:01:59 +0800] "GET /xingrg/all/function/internal_message.html?_=1678237336586&CODE_STATE=getMsg HTTP/1.1" 200 27
116.192.124.172 - - [08/Mar/2023:09:02:01 +0800] "GET /xingrg/all/function/internal_message.html?_=1678237340088&CODE_STATE=getMsg HTTP/1.1" 200 27
58.40.7.146 - - [08/Mar/2023:09:02:01 +0800] "GET /xingrg/all/function/internal_message.html?_=1678237339992&CODE_STATE=getMsg HTTP/1.1" 200 27
101.83.241.0 - - [08/Mar/2023:09:02:03 +0800] "GET /xingrg/kc/buy/cgsh_order_operate.html?command=get_materiel&rest_code=00149&code=00101008285&supplier_code=00100008&order_time=2023-03-08 HTTP/1.1" 200 413
116.225.84.253 - - [08/Mar/2023:09:02:05 +0800] "GET /xingrg/kc/buy/cgsh_order_operate.html?command=get_materiel&rest_code=00105&code=00101008355&supplier_code=00100203&order_time=2023-03-08 HTTP/1.1" 200 408
116.238.139.35 - - [08/Mar/2023:09:02:05 +0800] "GET /xingrg/check_reg.html?_=1678237279322 HTTP/1.1" 200 22
58.40.7.146 - - [08/Mar/2023:09:02:08 +0800] "GET /xingrg/all/function/internal_message.html?_=1678237347087&CODE_STATE=getMsg HTTP/1.1" 200 27
58.40.7.146 - - [08/Mar/2023:09:02:08 +0800] "GET /xingrg/check_reg.html?_=1678237347088 HTTP/1.1" 200 22
101.83.241.0 - - [08/Mar/2023:09:02:11 +0800] "POST /xingrg/kc/buy/cgsh_order_operate.html HTTP/1.1" 200 2065
124.79.72.155 - - [08/Mar/2023:09:02:13 +0800] "GET /xingrg/all/function/internal_message.html?_=1678237355461&CODE_STATE=getMsg HTTP/1.1" 200 27
116.238.139.35 - - [08/Mar/2023:09:02:13 +0800] "GET /xingrg/all/function/internal_message.html?_=1678237287616&CODE_STATE=getMsg HTTP/1.1" 200 27
120.253.135.82 - - [08/Mar/2023:09:02:18 +0800] "GET /xingrg/all/function/internal_message.html?_=1678237486040&CODE_STATE=getMsg HTTP/1.1" 200 27
120.253.135.82 - - [08/Mar/2023:09:02:18 +0800] "GET /xingrg/check_reg.html?_=1678237486042 HTTP/1.1" 200 22
116.225.84.253 - - [08/Mar/2023:09:02:19 +0800] "GET /xingrg/kc/buy/cgsh_order_operate.html?command=get_materiel&rest_code=00105&code=00101008264&supplier_code=00100203&order_time=2023-03-08 HTTP/1.1" 200 412
101.83.241.0 - - [08/Mar/2023:09:02:23 +0800] "GET /xingrg/kc/buy/cgsh_order_operate.html?command=get_materiel&rest_code=00149&code=00101008042&supplier_code=00100008&order_time=2023-03-08 HTTP/1.1" 200 416
120.253.135.82 - - [08/Mar/2023:09:02:24 +0800] "GET /xingrg/all/function/internal_message.html?_=1678237188489&CODE_STATE=getMsg HTTP/1.1" 200 27
101.229.22.234 - - [08/Mar/2023:09:02:24 +0800] "GET /xingrg/all/function/internal_message.html?_=1678237361931&CODE_STATE=getMsg HTTP/1.1" 200 27
116.225.84.253 - - [08/Mar/2023:09:02:26 +0800] "GET /xingrg/all/function/internal_message.html?_=1678237209053&CODE_STATE=getMsg HTTP/1.1" 200 27
116.238.139.35 - - [08/Mar/2023:09:02:28 +0800] "GET /xingrg/all/function/internal_message.html?_=1678237367410&CODE_STATE=getMsg HTTP/1.1" 200 27
222.70.221.209 - - [08/Mar/2023:09:02:32 +0800] "GET /xingrg/all/function/internal_message.html?_=1678237490274&CODE_STATE=getMsg HTTP/1.1" 200 27
116.225.84.253 - - [08/Mar/2023:09:02:39 +0800] "GET /xingrg/kc/buy/cgsh_order_operate.html?command=get_materiel&rest_code=00105&code=00101008024&supplier_code=00100203&order_time=2023-03-08 HTTP/1.1" 200 408
116.230.118.11 - - [08/Mar/2023:09:02:39 +0800] "GET /xingrg/all/function/internal_message.html?_=1678237388234&CODE_STATE=getMsg HTTP/1.1" 200 27
116.225.84.253 - - [08/Mar/2023:09:02:54 +0800] "GET /xingrg/kc/buy/cgsh_order_operate.html?command=get_materiel&rest_code=00105&code=00101008137&supplier_code=00100203&order_time=2023-03-08 HTTP/1.1" 200 408
101.83.241.0 - - [08/Mar/2023:09:02:59 +0800] "GET /xingrg/all/function/internal_message.html?_=1678237396571&CODE_STATE=getMsg HTTP/1.1" 200 27
116.192.124.172 - - [08/Mar/2023:09:03:01 +0800] "GET /xingrg/check_reg.html?_=1678237400101 HTTP/1.1" 200 22
116.192.124.172 - - [08/Mar/2023:09:03:01 +0800] "GET /xingrg/all/function/internal_message.html?_=1678237400103&CODE_STATE=getMsg HTTP/1.1" 200 27
58.40.7.146 - - [08/Mar/2023:09:03:01 +0800] "GET /xingrg/all/function/internal_message.html?_=1678237399978&CODE_STATE=getMsg HTTP/1.1" 200 27
58.40.7.146 - - [08/Mar/2023:09:03:01 +0800] "GET /xingrg/check_reg.html?_=1678237400511 HTTP/1.1" 200 22
58.40.7.146 - - [08/Mar/2023:09:03:08 +0800] "GET /xingrg/all/function/internal_message.html?_=1678237407089&CODE_STATE=getMsg HTTP/1.1" 200 27
116.225.84.253 - - [08/Mar/2023:09:03:12 +0800] "GET /xingrg/kc/buy/cgsh_order_operate.html?command=get_materiel&rest_code=00105&code=00101008360&supplier_code=00100203&order_time=2023-03-08 HTTP/1.1" 200 413
124.79.72.155 - - [08/Mar/2023:09:03:13 +0800] "GET /xingrg/all/function/internal_message.html?_=1678237415461&CODE_STATE=getMsg HTTP/1.1" 200 27
116.238.139.35 - - [08/Mar/2023:09:03:13 +0800] "GET /xingrg/all/function/internal_message.html?_=1678237347628&CODE_STATE=getMsg HTTP/1.1" 200 27
120.253.135.82 - - [08/Mar/2023:09:03:18 +0800] "GET /xingrg/all/function/internal_message.html?_=1678237546047&CODE_STATE=getMsg HTTP/1.1" 200 27
120.253.135.82 - - [08/Mar/2023:09:03:24 +0800] "GET /xingrg/all/function/internal_message.html?_=1678237248503&CODE_STATE=getMsg HTTP/1.1" 200 27
101.229.22.234 - - [08/Mar/2023:09:03:24 +0800] "GET /xingrg/all/function/internal_message.html?_=1678237421931&CODE_STATE=getMsg HTTP/1.1" 200 27
116.225.84.253 - - [08/Mar/2023:09:03:26 +0800] "GET /xingrg/all/function/internal_message.html?_=1678237269048&CODE_STATE=getMsg HTTP/1.1" 200 27
116.225.84.253 - - [08/Mar/2023:09:03:26 +0800] "GET /xingrg/check_reg.html?_=1678237269435 HTTP/1.1" 200 22
116.238.139.35 - - [08/Mar/2023:09:03:28 +0800] "GET /xingrg/all/function/internal_message.html?_=1678237427411&CODE_STATE=getMsg HTTP/1.1" 200 27
116.225.84.253 - - [08/Mar/2023:09:03:29 +0800] "GET /xingrg/kc/buy/cgsh_order_operate.html?command=get_materiel&rest_code=00105&code=00101008136&supplier_code=00100203&order_time=2023-03-08 HTTP/1.1" 200 413
222.70.221.209 - - [08/Mar/2023:09:03:32 +0800] "GET /xingrg/all/function/internal_message.html?_=1678237550272&CODE_STATE=getMsg HTTP/1.1" 200 27
101.83.241.0 - - [08/Mar/2023:09:03:37 +0800] "POST /xingrg/kc/buy/cgsh_order_operate.html HTTP/1.1" 200 37
116.230.118.11 - - [08/Mar/2023:09:03:39 +0800] "GET /xingrg/all/function/internal_message.html?_=1678237448249&CODE_STATE=getMsg HTTP/1.1" 200 27
101.83.241.0 - - [08/Mar/2023:09:03:41 +0800] "POST /xingrg/kc/buy/cgsh_order_operate.html HTTP/1.1" 200 12
101.83.241.0 - - [08/Mar/2023:09:03:43 +0800] "GET /xingrg/kc/buy/cgsh_order_info.html?code=212023030802634 HTTP/1.1" 200 64951
101.83.241.0 - - [08/Mar/2023:09:03:44 +0800] "GET /xingrg/javascript/easyui/themes/default/validatebox.css HTTP/1.1" 404 1104
101.83.241.0 - - [08/Mar/2023:09:03:44 +0800] "POST /xingrg/kc/buy/cgsh_order_operate.html HTTP/1.1" 200 23720
101.83.241.0 - - [08/Mar/2023:09:03:46 +0800] "GET /xingrg/kc/print/load_config.html?kc_code=cgsh HTTP/1.1" 200 1925
101.83.241.0 - - [08/Mar/2023:09:03:46 +0800] "GET /xingrg/kc/print/load_data.html?order_code=212023030802634&kc_code=cgsh&condition= HTTP/1.1" 200 9492
114.83.222.182 - - [08/Mar/2023:09:03:49 +0800] "GET /xingrg/login.html HTTP/1.1" 200 7641
114.83.222.182 - - [08/Mar/2023:09:03:49 +0800] "GET /xingrg/images/blue/jxLogo.png HTTP/1.1" 200 6156
114.83.222.182 - - [08/Mar/2023:09:03:50 +0800] "GET /xingrg/images/blue/hj.png HTTP/1.1" 200 1014
114.83.222.182 - - [08/Mar/2023:09:03:50 +0800] "GET /xingrg/images/blue/login_bg.png HTTP/1.1" 200 22101
114.83.222.182 - - [08/Mar/2023:09:03:50 +0800] "GET /xingrg/images/blue/srbg.png HTTP/1.1" 200 138
114.83.222.182 - - [08/Mar/2023:09:03:50 +0800] "GET /favicon.ico HTTP/1.1" 404 -
116.225.84.253 - - [08/Mar/2023:09:03:55 +0800] "GET /xingrg/kc/buy/cgsh_order_operate.html?command=get_materiel&rest_code=00105&code=00101008131&supplier_code=00100203&order_time=2023-03-08 HTTP/1.1" 200 408
101.83.241.0 - - [08/Mar/2023:09:03:59 +0800] "GET /xingrg/all/function/internal_message.html?_=1678237456555&CODE_STATE=getMsg HTTP/1.1" 200 27
116.192.124.172 - - [08/Mar/2023:09:04:01 +0800] "GET /xingrg/all/function/internal_message.html?_=1678237460100&CODE_STATE=getMsg HTTP/1.1" 200 27
58.40.7.146 - - [08/Mar/2023:09:04:01 +0800] "GET /xingrg/all/function/internal_message.html?_=1678237459982&CODE_STATE=getMsg HTTP/1.1" 200 27
114.83.222.182 - - [08/Mar/2023:09:04:05 +0800] "POST /xingrg/login.do HTTP/1.1" 302 -
114.83.222.182 - - [08/Mar/2023:09:04:05 +0800] "GET /xingrg/index.html?sysBaseUrl=http%3A%2F%2F180.169.147.146%3A18081%2Fxingrg%2F&costTime=41×tamp=1678237445162 HTTP/1.1" 200 17179
114.83.222.182 - - [08/Mar/2023:09:04:05 +0800] "GET /xingrg/javascript/jquery.timers.js HTTP/1.1" 200 3532
114.83.222.182 - - [08/Mar/2023:09:04:05 +0800] "GET /xingrg/javascript/jquery.form.js HTTP/1.1" 200 23110
114.83.222.182 - - [08/Mar/2023:09:04:05 +0800] "GET /favicon.ico HTTP/1.1" 404 -
114.83.222.182 - - [08/Mar/2023:09:04:05 +0800] "GET /xingrg/javascript/jquery_easy_ui/themes/icons/settle_new.png HTTP/1.1" 200 826
114.83.222.182 - - [08/Mar/2023:09:04:05 +0800] "GET /xingrg/images/blue/navBackgound.jpg HTTP/1.1" 200 12378
114.83.222.182 - - [08/Mar/2023:09:04:05 +0800] "POST /xingrg/all/common/load_tree.html?tree=area_rest_tree_json&manage=1 HTTP/1.1" 200 351
114.83.222.182 - - [08/Mar/2023:09:04:05 +0800] "GET /xingrg/all/function/internal_message.html?_=1678237526738&CODE_STATE=count HTTP/1.1" 200 11
114.83.222.182 - - [08/Mar/2023:09:04:05 +0800] "GET /xingrg/check_reg.html?_=1678237526740 HTTP/1.1" 200 22
114.83.222.182 - - [08/Mar/2023:09:04:05 +0800] "GET /xingrg/images/blue/pingpu.png HTTP/1.1" 200 231
114.83.222.182 - - [08/Mar/2023:09:04:05 +0800] "GET /xingrg/javascript/jquery_easy_ui/themes/default/images/tabs_leftarrow.png HTTP/1.1" 200 389
114.83.222.182 - - [08/Mar/2023:09:04:05 +0800] "GET /xingrg/javascript/jquery_easy_ui/themes/default/images/tabs_rightarrow.png HTTP/1.1" 200 395
114.83.222.182 - - [08/Mar/2023:09:04:05 +0800] "GET /xingrg/javascript/jquery_easy_ui/themes/default/images/panel_tool_collapse.gif HTTP/1.1" 200 246
114.83.222.182 - - [08/Mar/2023:09:04:05 +0800] "POST /xingrg/load_menu.html HTTP/1.1" 200 5138
114.83.222.182 - - [08/Mar/2023:09:04:05 +0800] "GET /xingrg/javascript/jquery_easy_ui/themes/default/images/tree_arrows.gif HTTP/1.1" 200 1043
114.83.222.182 - - [08/Mar/2023:09:04:05 +0800] "GET /xingrg/javascript/jquery_easy_ui/themes/default/images/tree_folder_open.gif HTTP/1.1" 200 956
114.83.222.182 - - [08/Mar/2023:09:04:05 +0800] "GET /xingrg/javascript/jquery_easy_ui/themes/icons/search_new.png HTTP/1.1" 200 586
114.83.222.182 - - [08/Mar/2023:09:04:05 +0800] "GET /xingrg/javascript/jquery_easy_ui/themes/default/images/tree_folder.gif HTTP/1.1" 200 952
114.83.222.182 - - [08/Mar/2023:09:04:05 +0800] "GET /xingrg/javascript/jquery_easy_ui/themes/icons/storage_new.png HTTP/1.1" 200 853
114.83.222.182 - - [08/Mar/2023:09:04:05 +0800] "GET /xingrg/javascript/jquery_easy_ui/themes/icons/forms_new.png HTTP/1.1" 200 350
114.83.222.182 - - [08/Mar/2023:09:04:05 +0800] "GET /xingrg/javascript/jquery_easy_ui/themes/default/images/tree_file.gif HTTP/1.1" 200 118
58.40.7.146 - - [08/Mar/2023:09:04:08 +0800] "GET /xingrg/all/function/internal_message.html?_=1678237467090&CODE_STATE=getMsg HTTP/1.1" 200 27
114.83.222.182 - - [08/Mar/2023:09:04:10 +0800] "GET /xingrg/javascript/jquery_easy_ui/themes/default/images/tabs_close.gif HTTP/1.1" 200 829
114.83.222.182 - - [08/Mar/2023:09:04:10 +0800] "GET /xingrg/kc/base/yddb_order_list.html HTTP/1.1" 200 16710
114.83.222.182 - - [08/Mar/2023:09:04:10 +0800] "GET /xingrg/javascript/easyui/themes/icons/edit_add_new.png HTTP/1.1" 200 2997
114.83.222.182 - - [08/Mar/2023:09:04:10 +0800] "GET /xingrg/javascript/easyui/themes/icons/field_new.png HTTP/1.1" 200 1097
114.83.222.182 - - [08/Mar/2023:09:04:10 +0800] "GET /xingrg/javascript/easyui/themes/icons/import_new.png HTTP/1.1" 200 1247
114.83.222.182 - - [08/Mar/2023:09:04:10 +0800] "GET /xingrg/images/control/ajaxLoader.gif HTTP/1.1" 200 4659
114.83.222.182 - - [08/Mar/2023:09:04:10 +0800] "POST /xingrg/kc/base/yddb_list_operate.html HTTP/1.1" 200 1597
116.225.84.253 - - [08/Mar/2023:09:04:11 +0800] "GET /xingrg/kc/buy/cgsh_order_operate.html?command=get_materiel&rest_code=00105&code=00101008352&supplier_code=00100203&order_time=2023-03-08 HTTP/1.1" 200 412
124.79.72.155 - - [08/Mar/2023:09:04:13 +0800] "GET /xingrg/all/function/internal_message.html?_=1678237475464&CODE_STATE=getMsg HTTP/1.1" 200 27
116.238.139.35 - - [08/Mar/2023:09:04:13 +0800] "GET /xingrg/all/function/internal_message.html?_=1678237407712&CODE_STATE=getMsg HTTP/1.1" 200 27
120.253.135.82 - - [08/Mar/2023:09:04:18 +0800] "GET /xingrg/all/function/internal_message.html?_=1678237606051&CODE_STATE=getMsg HTTP/1.1" 200 27
114.83.222.182 - - [08/Mar/2023:09:04:22 +0800] "POST /xingrg/kc/base/yddb_list_operate.html HTTP/1.1" 200 1597
120.253.135.82 - - [08/Mar/2023:09:04:24 +0800] "GET /xingrg/all/function/internal_message.html?_=1678237308547&CODE_STATE=getMsg HTTP/1.1" 200 27
101.229.22.234 - - [08/Mar/2023:09:04:24 +0800] "GET /xingrg/all/function/internal_message.html?_=1678237481933&CODE_STATE=getMsg HTTP/1.1" 200 27
116.225.84.253 - - [08/Mar/2023:09:04:26 +0800] "GET /xingrg/all/function/internal_message.html?_=1678237328997&CODE_STATE=getMsg HTTP/1.1" 200 27
116.238.139.35 - - [08/Mar/2023:09:04:28 +0800] "GET /xingrg/all/function/internal_message.html?_=1678237487413&CODE_STATE=getMsg HTTP/1.1" 200 27
116.224.106.218 - - [08/Mar/2023:09:04:30 +0800] "GET /xingrg/check_reg.html?_=1678237489512 HTTP/1.1" 200 22
222.70.221.209 - - [08/Mar/2023:09:04:32 +0800] "GET /xingrg/all/function/internal_message.html?_=1678237610262&CODE_STATE=getMsg HTTP/1.1" 200 27
114.83.222.182 - - [08/Mar/2023:09:04:33 +0800] "POST /xingrg/kc/base/yddb_list_operate.html HTTP/1.1" 200 283
114.83.222.182 - - [08/Mar/2023:09:04:34 +0800] "GET /xingrg/kc/base/yddb_order_info.html?code=482023030500038 HTTP/1.1" 200 30738
114.83.222.182 - - [08/Mar/2023:09:04:34 +0800] "GET /xingrg/dwr/util.js HTTP/1.1" 304 -
114.83.222.182 - - [08/Mar/2023:09:04:34 +0800] "GET /xingrg/dwr/interface/AjaxComOrderService.js HTTP/1.1" 200 18264
114.83.222.182 - - [08/Mar/2023:09:04:34 +0800] "GET /xingrg/javascript/AjaxInfoList.js HTTP/1.1" 200 3774
114.83.222.182 - - [08/Mar/2023:09:04:34 +0800] "GET /xingrg/javascript/Grid.js HTTP/1.1" 200 58908
114.83.222.182 - - [08/Mar/2023:09:04:34 +0800] "GET /xingrg/dwr/interface/AjaxYddbService.js HTTP/1.1" 200 13201
114.83.222.182 - - [08/Mar/2023:09:04:34 +0800] "GET /xingrg/javascript/checkform.js HTTP/1.1" 200 18351
114.83.222.182 - - [08/Mar/2023:09:04:34 +0800] "GET /xingrg/dwr/engine.js HTTP/1.1" 200 43631
114.83.222.182 - - [08/Mar/2023:09:04:34 +0800] "GET /xingrg/javascript/jquery_easy_ui/themes/icons/edit_add_new.png HTTP/1.1" 200 2997
114.83.222.182 - - [08/Mar/2023:09:04:34 +0800] "GET /xingrg/javascript/jquery_easy_ui/themes/icons/check_new.png HTTP/1.1" 200 3224
114.83.222.182 - - [08/Mar/2023:09:04:34 +0800] "GET /xingrg/javascript/jquery_easy_ui/themes/icons/cance_new.png HTTP/1.1" 200 3986
114.83.222.182 - - [08/Mar/2023:09:04:34 +0800] "GET /xingrg/images/blue/button/kc_tab_add.gif HTTP/1.1" 200 375
114.83.222.182 - - [08/Mar/2023:09:04:34 +0800] "GET /xingrg/images/blue/button/kc_tab_edit.gif HTTP/1.1" 200 551
114.83.222.182 - - [08/Mar/2023:09:04:34 +0800] "GET /xingrg/images/blue/button/kc_tab_save.gif HTTP/1.1" 200 777
114.83.222.182 - - [08/Mar/2023:09:04:34 +0800] "GET /xingrg/images/blue/button/kc_tab_del.gif HTTP/1.1" 200 383
114.83.222.182 - - [08/Mar/2023:09:04:34 +0800] "GET /xingrg/images/blue/wait.gif HTTP/1.1" 200 1100
114.83.222.182 - - [08/Mar/2023:09:04:34 +0800] "GET /xingrg/images/blue/kc_tab_left.gif HTTP/1.1" 200 188
114.83.222.182 - - [08/Mar/2023:09:04:34 +0800] "GET /xingrg/images/blue/kc_tab_mid.gif HTTP/1.1" 200 44
114.83.222.182 - - [08/Mar/2023:09:04:34 +0800] "GET /xingrg/images/blue/kc_tab_right.gif HTTP/1.1" 200 643
114.83.222.182 - - [08/Mar/2023:09:04:34 +0800] "GET /xingrg/images/blue/kc_tab2_left.gif HTTP/1.1" 200 625
114.83.222.182 - - [08/Mar/2023:09:04:34 +0800] "GET /xingrg/images/blue/kc_tab2_right.gif HTTP/1.1" 200 192
114.83.222.182 - - [08/Mar/2023:09:04:34 +0800] "POST /xingrg/dwr/call/plaincall/AjaxYddbService.loadMaterielItems.dwr HTTP/1.1" 200 715
116.225.84.253 - - [08/Mar/2023:09:04:34 +0800] "GET /xingrg/kc/buy/cgsh_order_operate.html?command=get_materiel&rest_code=00105&code=00101008005&supplier_code=00100203&order_time=2023-03-08 HTTP/1.1" 200 412
114.83.222.182 - - [08/Mar/2023:09:04:39 +0800] "GET /xingrg/javascript/jquery_easy_ui/themes/default/images/tabs_active.png HTTP/1.1" 200 2894
116.230.118.11 - - [08/Mar/2023:09:04:39 +0800] "GET /xingrg/all/function/internal_message.html?_=1678237508262&CODE_STATE=getMsg HTTP/1.1" 200 27
114.83.222.182 - - [08/Mar/2023:09:04:54 +0800] "POST /xingrg/kc/base/yddb_list_operate.html HTTP/1.1" 200 636
101.83.241.0 - - [08/Mar/2023:09:04:59 +0800] "GET /xingrg/all/function/internal_message.html?_=1678237516542&CODE_STATE=getMsg HTTP/1.1" 200 27
116.192.124.172 - - [08/Mar/2023:09:05:01 +0800] "GET /xingrg/all/function/internal_message.html?_=1678237520089&CODE_STATE=getMsg HTTP/1.1" 200 27
58.40.7.146 - - [08/Mar/2023:09:05:01 +0800] "GET /xingrg/all/function/internal_message.html?_=1678237519984&CODE_STATE=getMsg HTTP/1.1" 200 27
114.83.222.182 - - [08/Mar/2023:09:05:03 +0800] "POST /xingrg/kc/base/yddb_list_operate.html HTTP/1.1" 200 636
114.83.222.182 - - [08/Mar/2023:09:05:05 +0800] "GET /xingrg/all/function/internal_message.html?_=1678237586756&CODE_STATE=getMsg HTTP/1.1" 200 27
114.83.222.182 - - [08/Mar/2023:09:05:07 +0800] "GET /xingrg/kc/base/yddb_order_list.html HTTP/1.1" 200 16710
114.83.222.182 - - [08/Mar/2023:09:05:07 +0800] "GET /xingrg/css/base.css HTTP/1.1" 200 2811
114.83.222.182 - - [08/Mar/2023:09:05:07 +0800] "GET /xingrg/css/site.css HTTP/1.1" 200 7541
114.83.222.182 - - [08/Mar/2023:09:05:07 +0800] "GET /xingrg/javascript/jquery_tools/datebox.css HTTP/1.1" 200 2597
114.83.222.182 - - [08/Mar/2023:09:05:07 +0800] "GET /xingrg/javascript/easyui/themes/icon.css HTTP/1.1" 200 4483
114.83.222.182 - - [08/Mar/2023:09:05:07 +0800] "GET /xingrg/javascript/auto/jquery.autocomplete.css HTTP/1.1" 200 587
114.83.222.182 - - [08/Mar/2023:09:05:07 +0800] "GET /xingrg/javascript/jquery_tools/jquery.tools.min.js HTTP/1.1" 200 138801
114.83.222.182 - - [08/Mar/2023:09:05:07 +0800] "GET /xingrg/javascript/jquery_tools/fix.css HTTP/1.1" 200 1702
114.83.222.182 - - [08/Mar/2023:09:05:07 +0800] "GET /xingrg/javascript/jquery_tools/jquery.tools.hotkey.js HTTP/1.1" 200 3242
114.83.222.182 - - [08/Mar/2023:09:05:07 +0800] "GET /xingrg/javascript/jquery_tools/jquery.tools.table.js HTTP/1.1" 200 6994
114.83.222.182 - - [08/Mar/2023:09:05:07 +0800] "GET /xingrg/javascript/easyui/themes/default/easyui.css HTTP/1.1" 200 30432
114.83.222.182 - - [08/Mar/2023:09:05:07 +0800] "GET /xingrg/javascript/jquery_tools/list_manager.js HTTP/1.1" 200 3652
114.83.222.182 - - [08/Mar/2023:09:05:07 +0800] "GET /xingrg/javascript/jquery_tools/table.css HTTP/1.1" 200 1032
114.83.222.182 - - [08/Mar/2023:09:05:07 +0800] "GET /xingrg/javascript/jquery_tools/jquery.tools.extend.js HTTP/1.1" 200 15385
114.83.222.182 - - [08/Mar/2023:09:05:07 +0800] "GET /xingrg/javascript/jquery.cookie.js HTTP/1.1" 200 5513
114.83.222.182 - - [08/Mar/2023:09:05:07 +0800] "GET /xingrg/javascript/auto/jquery.autocomplete.js HTTP/1.1" 200 21624
114.83.222.182 - - [08/Mar/2023:09:05:07 +0800] "GET /xingrg/javascript/print/LodopFuncs.js HTTP/1.1" 200 5121
114.83.222.182 - - [08/Mar/2023:09:05:07 +0800] "GET /xingrg/javascript/jquery.utils.js HTTP/1.1" 200 11805
114.83.222.182 - - [08/Mar/2023:09:05:07 +0800] "GET /xingrg/javascript/easyui/easyloader.js HTTP/1.1" 200 5975
114.83.222.182 - - [08/Mar/2023:09:05:08 +0800] "GET /xingrg/javascript/easyui/plugins/jquery.parser.js HTTP/1.1" 200 1142
114.83.222.182 - - [08/Mar/2023:09:05:08 +0800] "POST /xingrg/kc/base/yddb_list_operate.html HTTP/1.1" 200 1597
58.40.7.146 - - [08/Mar/2023:09:05:08 +0800] "GET /xingrg/all/function/internal_message.html?_=1678237527092&CODE_STATE=getMsg HTTP/1.1" 200 27
116.225.84.253 - - [08/Mar/2023:09:05:08 +0800] "GET /xingrg/kc/buy/cgsh_order_operate.html?command=get_materiel&rest_code=00105&code=00101008055&supplier_code=00100203&order_time=2023-03-08 HTTP/1.1" 200 409
114.83.222.182 - - [08/Mar/2023:09:05:10 +0800] "POST /xingrg/kc/base/yddb_list_operate.html HTTP/1.1" 200 283
114.83.222.182 - - [08/Mar/2023:09:05:10 +0800] "GET /xingrg/javascript/pic_change.js HTTP/1.1" 200 4739
114.83.222.182 - - [08/Mar/2023:09:05:10 +0800] "GET /xingrg/kc/base/yddb_order_info.html?code=482023030500038 HTTP/1.1" 200 30738
114.83.222.182 - - [08/Mar/2023:09:05:10 +0800] "GET /xingrg/css/blue.css HTTP/1.1" 200 15949
114.83.222.182 - - [08/Mar/2023:09:05:10 +0800] "GET /xingrg/dwr/interface/AjaxComOrderService.js HTTP/1.1" 200 18264
114.83.222.182 - - [08/Mar/2023:09:05:10 +0800] "GET /xingrg/dwr/interface/AjaxYddbService.js HTTP/1.1" 200 13201
114.83.222.182 - - [08/Mar/2023:09:05:10 +0800] "GET /xingrg/javascript/AjaxInfoList.js HTTP/1.1" 200 3774
114.83.222.182 - - [08/Mar/2023:09:05:10 +0800] "GET /xingrg/javascript/Grid.js HTTP/1.1" 200 58908
114.83.222.182 - - [08/Mar/2023:09:05:10 +0800] "GET /xingrg/javascript/ToolTips.js HTTP/1.1" 200 5615
114.83.222.182 - - [08/Mar/2023:09:05:10 +0800] "GET /xingrg/javascript/Calendar.js HTTP/1.1" 200 31561
114.83.222.182 - - [08/Mar/2023:09:05:10 +0800] "GET /xingrg/javascript/jquery_easy_ui/themes/icon.css HTTP/1.1" 200 3949
114.83.222.182 - - [08/Mar/2023:09:05:10 +0800] "GET /xingrg/javascript/myfunction.js HTTP/1.1" 200 24559
114.83.222.182 - - [08/Mar/2023:09:05:10 +0800] "GET /xingrg/dwr/engine.js HTTP/1.1" 200 43631
114.83.222.182 - - [08/Mar/2023:09:05:10 +0800] "GET /xingrg/javascript/checkform.js HTTP/1.1" 200 18351
114.83.222.182 - - [08/Mar/2023:09:05:10 +0800] "GET /xingrg/javascript/jquery_easy_ui/themes/default/easyui.css HTTP/1.1" 200 26500
114.83.222.182 - - [08/Mar/2023:09:05:10 +0800] "GET /xingrg/dwr/util.js HTTP/1.1" 200 35990
114.83.222.182 - - [08/Mar/2023:09:05:10 +0800] "POST /xingrg/dwr/call/plaincall/AjaxYddbService.loadMaterielItems.dwr HTTP/1.1" 200 715
124.79.72.155 - - [08/Mar/2023:09:05:13 +0800] "GET /xingrg/all/function/internal_message.html?_=1678237535472&CODE_STATE=getMsg HTTP/1.1" 200 27
116.238.139.35 - - [08/Mar/2023:09:05:13 +0800] "GET /xingrg/all/function/internal_message.html?_=1678237467719&CODE_STATE=getMsg HTTP/1.1" 200 27
101.83.241.0 - - [08/Mar/2023:09:05:14 +0800] "GET /xingrg/kc/buy/cgsh_order_list.html HTTP/1.1" 200 54185
101.83.241.0 - - [08/Mar/2023:09:05:15 +0800] "POST /xingrg/kc/buy/cgsh_list_operate.html HTTP/1.1" 200 986
114.83.222.182 - - [08/Mar/2023:09:05:17 +0800] "POST /xingrg/kc/base/yddb_list_operate.html HTTP/1.1" 200 294
114.83.222.182 - - [08/Mar/2023:09:05:17 +0800] "GET /xingrg/kc/base/yddb_order_info.html?code=482023030300015 HTTP/1.1" 200 30738
114.83.222.182 - - [08/Mar/2023:09:05:17 +0800] "GET /xingrg/dwr/interface/AjaxYddbService.js HTTP/1.1" 200 13201
114.83.222.182 - - [08/Mar/2023:09:05:17 +0800] "GET /xingrg/dwr/interface/AjaxComOrderService.js HTTP/1.1" 200 18264
114.83.222.182 - - [08/Mar/2023:09:05:17 +0800] "GET /xingrg/dwr/engine.js HTTP/1.1" 200 43631
114.83.222.182 - - [08/Mar/2023:09:05:17 +0800] "POST /xingrg/dwr/call/plaincall/AjaxYddbService.loadMaterielItems.dwr HTTP/1.1" 200 732
101.83.241.0 - - [08/Mar/2023:09:05:17 +0800] "GET /xingrg/kc/buy/cgsh_order_add.html HTTP/1.1" 200 70049
101.83.241.0 - - [08/Mar/2023:09:05:18 +0800] "POST /xingrg/kc/buy/cgsh_order_operate.html HTTP/1.1" 200 8245
101.83.241.0 - - [08/Mar/2023:09:05:18 +0800] "GET /xingrg/javascript/easyui/themes/default/validatebox.css HTTP/1.1" 404 1104
116.225.84.253 - - [08/Mar/2023:09:05:18 +0800] "POST /xingrg/kc/buy/cgsh_order_operate.html HTTP/1.1" 200 2065
120.253.135.82 - - [08/Mar/2023:09:05:18 +0800] "GET /xingrg/all/function/internal_message.html?_=1678237666067&CODE_STATE=getMsg HTTP/1.1" 200 27
120.253.135.82 - - [08/Mar/2023:09:05:24 +0800] "GET /xingrg/all/function/internal_message.html?_=1678237368562&CODE_STATE=getMsg HTTP/1.1" 200 27
101.229.22.234 - - [08/Mar/2023:09:05:24 +0800] "GET /xingrg/all/function/internal_message.html?_=1678237541933&CODE_STATE=getMsg HTTP/1.1" 200 27
116.225.84.253 - - [08/Mar/2023:09:05:26 +0800] "GET /xingrg/all/function/internal_message.html?_=1678237388971&CODE_STATE=getMsg HTTP/1.1" 200 27
116.238.139.35 - - [08/Mar/2023:09:05:28 +0800] "GET /xingrg/all/function/internal_message.html?_=1678237547413&CODE_STATE=getMsg HTTP/1.1" 200 27
116.238.139.35 - - [08/Mar/2023:09:05:28 +0800] "GET /xingrg/check_reg.html?_=1678237547416 HTTP/1.1" 200 22
222.70.221.209 - - [08/Mar/2023:09:05:32 +0800] "GET /xingrg/all/function/internal_message.html?_=1678237670277&CODE_STATE=getMsg HTTP/1.1" 200 27
222.70.221.209 - - [08/Mar/2023:09:05:32 +0800] "GET /xingrg/check_reg.html?_=1678237670279 HTTP/1.1" 200 22
116.225.84.253 - - [08/Mar/2023:09:05:33 +0800] "GET /xingrg/kc/buy/cgsh_order_operate.html?command=get_materiel&rest_code=00105&code=00101008155&supplier_code=00100203&order_time=2023-03-08 HTTP/1.1" 200 408
114.83.222.182 - - [08/Mar/2023:09:05:34 +0800] "GET /xingrg/kc/base/yddb_order_info.html?code=482023030500038 HTTP/1.1" 200 30738
114.83.222.182 - - [08/Mar/2023:09:05:34 +0800] "GET /xingrg/dwr/interface/AjaxComOrderService.js HTTP/1.1" 200 18264
114.83.222.182 - - [08/Mar/2023:09:05:34 +0800] "GET /xingrg/dwr/interface/AjaxYddbService.js HTTP/1.1" 200 13201
114.83.222.182 - - [08/Mar/2023:09:05:34 +0800] "GET /xingrg/dwr/engine.js HTTP/1.1" 200 43631
114.83.222.182 - - [08/Mar/2023:09:05:34 +0800] "POST /xingrg/dwr/call/plaincall/AjaxYddbService.loadMaterielItems.dwr HTTP/1.1" 200 715
114.83.222.182 - - [08/Mar/2023:09:05:35 +0800] "GET /xingrg/javascript/jquery_easy_ui/themes/default/images/button_plain_hover.png HTTP/1.1" 200 252
116.230.118.11 - - [08/Mar/2023:09:05:39 +0800] "GET /xingrg/check_reg.html?_=1678237568216 HTTP/1.1" 200 22
116.230.118.11 - - [08/Mar/2023:09:05:39 +0800] "GET /xingrg/all/function/internal_message.html?_=1678237568275&CODE_STATE=getMsg HTTP/1.1" 200 27
180.169.147.146 - - [08/Mar/2023:09:05:42 +0800] "GET /xingrg/check_reg.html?_=1678237562519 HTTP/1.1" 302 -
101.83.241.0 - - [08/Mar/2023:09:05:59 +0800] "GET /xingrg/all/function/internal_message.html?_=1678237576540&CODE_STATE=getMsg HTTP/1.1" 200 27
114.83.222.182 - - [08/Mar/2023:09:06:00 +0800] "POST /xingrg/kc/base/yddb_list_operate.html HTTP/1.1" 200 636
116.192.124.172 - - [08/Mar/2023:09:06:01 +0800] "GET /xingrg/all/function/internal_message.html?_=1678237580093&CODE_STATE=getMsg HTTP/1.1" 200 27
58.40.7.146 - - [08/Mar/2023:09:06:01 +0800] "GET /xingrg/all/function/internal_message.html?_=1678237579987&CODE_STATE=getMsg HTTP/1.1" 200 27
114.83.222.182 - - [08/Mar/2023:09:06:01 +0800] "POST /xingrg/kc/base/yddb_list_operate.html HTTP/1.1" 200 636
114.83.222.182 - - [08/Mar/2023:09:06:05 +0800] "GET /xingrg/all/function/internal_message.html?_=1678237646747&CODE_STATE=getMsg HTTP/1.1" 200 27
58.40.7.146 - - [08/Mar/2023:09:06:08 +0800] "GET /xingrg/all/function/internal_message.html?_=1678237587094&CODE_STATE=getMsg HTTP/1.1" 200 27
124.79.72.155 - - [08/Mar/2023:09:06:13 +0800] "GET /xingrg/all/function/internal_message.html?_=1678237595463&CODE_STATE=getMsg HTTP/1.1" 200 27
124.79.72.155 - - [08/Mar/2023:09:06:13 +0800] "GET /xingrg/check_reg.html?_=1678237595471 HTTP/1.1" 200 22
116.238.139.35 - - [08/Mar/2023:09:06:13 +0800] "GET /xingrg/all/function/internal_message.html?_=1678237527794&CODE_STATE=getMsg HTTP/1.1" 200 27
222.70.221.209 - - [08/Mar/2023:09:06:14 +0800] "GET /favicon.ico HTTP/1.1" 404 -
120.253.135.82 - - [08/Mar/2023:09:06:18 +0800] "GET /xingrg/all/function/internal_message.html?_=1678237726060&CODE_STATE=getMsg HTTP/1.1" 200 27
114.83.222.182 - - [08/Mar/2023:09:06:19 +0800] "POST /xingrg/kc/base/yddb_list_operate.html HTTP/1.1" 200 1877
124.79.72.155 - - [08/Mar/2023:09:06:20 +0800] "POST /xingrg/kc/buy/cgsh_list_operate.html HTTP/1.1" 200 5454
124.79.72.155 - - [08/Mar/2023:09:06:22 +0800] "POST /xingrg/kc/buy/cgsh_list_operate.html HTTP/1.1" 200 574
114.83.222.182 - - [08/Mar/2023:09:06:22 +0800] "POST /xingrg/kc/base/yddb_list_operate.html HTTP/1.1" 200 283
114.83.222.182 - - [08/Mar/2023:09:06:23 +0800] "GET /xingrg/kc/base/yddb_order_info.html?code=482023030500039 HTTP/1.1" 200 30247
114.83.222.182 - - [08/Mar/2023:09:06:23 +0800] "GET /xingrg/dwr/interface/AjaxYddbService.js HTTP/1.1" 200 13201
114.83.222.182 - - [08/Mar/2023:09:06:23 +0800] "GET /xingrg/dwr/interface/AjaxComOrderService.js HTTP/1.1" 200 18264
114.83.222.182 - - [08/Mar/2023:09:06:23 +0800] "GET /xingrg/dwr/engine.js HTTP/1.1" 200 43631
120.253.135.82 - - [08/Mar/2023:09:06:23 +0800] "GET /xingrg/check_reg.html?_=1678237427679 HTTP/1.1" 200 22
114.83.222.182 - - [08/Mar/2023:09:06:23 +0800] "POST /xingrg/dwr/call/plaincall/AjaxYddbService.loadMaterielItems.dwr HTTP/1.1" 200 715
120.253.135.82 - - [08/Mar/2023:09:06:24 +0800] "GET /xingrg/all/function/internal_message.html?_=1678237428575&CODE_STATE=getMsg HTTP/1.1" 200 27
101.229.22.234 - - [08/Mar/2023:09:06:24 +0800] "GET /xingrg/check_reg.html?_=1678237601933 HTTP/1.1" 200 22
101.229.22.234 - - [08/Mar/2023:09:06:24 +0800] "GET /xingrg/all/function/internal_message.html?_=1678237601936&CODE_STATE=getMsg HTTP/1.1" 200 27
116.225.84.253 - - [08/Mar/2023:09:06:26 +0800] "GET /xingrg/all/function/internal_message.html?_=1678237448954&CODE_STATE=getMsg HTTP/1.1" 200 27
124.79.72.155 - - [08/Mar/2023:09:06:28 +0800] "GET /xingrg/kc/buy/cgsh_order_info.html?code=212023030602225 HTTP/1.1" 200 64940
124.79.72.155 - - [08/Mar/2023:09:06:28 +0800] "GET /xingrg/javascript/easyui/themes/default/validatebox.css HTTP/1.1" 404 1104
116.238.139.35 - - [08/Mar/2023:09:06:28 +0800] "GET /xingrg/all/function/internal_message.html?_=1678237607419&CODE_STATE=getMsg HTTP/1.1" 200 27
124.79.72.155 - - [08/Mar/2023:09:06:29 +0800] "POST /xingrg/kc/buy/cgsh_order_operate.html HTTP/1.1" 200 4150
222.70.221.209 - - [08/Mar/2023:09:06:32 +0800] "GET /xingrg/all/function/internal_message.html?_=1678237730279&CODE_STATE=getMsg HTTP/1.1" 200 27
124.79.72.155 - - [08/Mar/2023:09:06:32 +0800] "GET /xingrg/kc/print/load_data.html?order_code=212023030602225&kc_code=cgsh HTTP/1.1" 200 2131
114.83.222.182 - - [08/Mar/2023:09:06:34 +0800] "GET /xingrg/kc/base/yddb_order_list.html HTTP/1.1" 200 16710
114.83.222.182 - - [08/Mar/2023:09:06:34 +0800] "POST /xingrg/kc/base/yddb_list_operate.html HTTP/1.1" 200 1597
116.225.84.253 - - [08/Mar/2023:09:06:36 +0800] "GET /xingrg/kc/buy/cgsh_order_operate.html?command=get_materiel&rest_code=00105&code=00101008655&supplier_code=00100203&order_time=2023-03-08 HTTP/1.1" 200 408
114.83.222.182 - - [08/Mar/2023:09:06:36 +0800] "POST /xingrg/kc/base/yddb_list_operate.html HTTP/1.1" 200 283
114.83.222.182 - - [08/Mar/2023:09:06:38 +0800] "GET /xingrg/kc/base/yddb_order_info.html?code=482023030500038 HTTP/1.1" 200 30738
114.83.222.182 - - [08/Mar/2023:09:06:38 +0800] "GET /xingrg/dwr/interface/AjaxYddbService.js HTTP/1.1" 200 13201
114.83.222.182 - - [08/Mar/2023:09:06:38 +0800] "GET /xingrg/dwr/interface/AjaxComOrderService.js HTTP/1.1" 200 18264
114.83.222.182 - - [08/Mar/2023:09:06:38 +0800] "GET /xingrg/dwr/engine.js HTTP/1.1" 200 43631
114.83.222.182 - - [08/Mar/2023:09:06:38 +0800] "POST /xingrg/dwr/call/plaincall/AjaxYddbService.loadMaterielItems.dwr HTTP/1.1" 200 715
116.230.118.11 - - [08/Mar/2023:09:06:39 +0800] "GET /xingrg/all/function/internal_message.html?_=1678237628289&CODE_STATE=getMsg HTTP/1.1" 200 27
114.83.222.182 - - [08/Mar/2023:09:06:42 +0800] "POST /xingrg/dwr/call/plaincall/AjaxYddbService.deleteOrder.dwr HTTP/1.1" 200 78
114.83.222.182 - - [08/Mar/2023:09:06:43 +0800] "GET /xingrg/kc/base/yddb_order_list.html HTTP/1.1" 200 16710
114.83.222.182 - - [08/Mar/2023:09:06:43 +0800] "POST /xingrg/kc/base/yddb_list_operate.html HTTP/1.1" 200 1340
222.70.221.209 - - [08/Mar/2023:09:06:50 +0800] "GET /xingrg/login.html HTTP/1.1" 200 7641
222.70.221.209 - - [08/Mar/2023:09:06:51 +0800] "GET /favicon.ico HTTP/1.1" 404 -
114.83.222.182 - - [08/Mar/2023:09:06:51 +0800] "GET /xingrg/kc/base/yddb_order_list.html HTTP/1.1" 200 16710
114.83.222.182 - - [08/Mar/2023:09:06:51 +0800] "POST /xingrg/kc/base/yddb_list_operate.html HTTP/1.1" 200 1340
101.83.241.0 - - [08/Mar/2023:09:06:59 +0800] "GET /xingrg/all/function/internal_message.html?_=1678237636546&CODE_STATE=getMsg HTTP/1.1" 200 27
101.83.241.0 - - [08/Mar/2023:09:06:59 +0800] "GET /xingrg/check_reg.html?_=1678237636551 HTTP/1.1" 200 22
116.192.124.172 - - [08/Mar/2023:09:07:01 +0800] "GET /xingrg/all/function/internal_message.html?_=1678237640091&CODE_STATE=getMsg HTTP/1.1" 200 27
58.40.7.146 - - [08/Mar/2023:09:07:01 +0800] "GET /xingrg/all/function/internal_message.html?_=1678237639989&CODE_STATE=getMsg HTTP/1.1" 200 27
222.70.221.209 - - [08/Mar/2023:09:07:03 +0800] "POST /xingrg/login.do HTTP/1.1" 302 -
222.70.221.209 - - [08/Mar/2023:09:07:03 +0800] "POST /xingrg/login.do HTTP/1.1" 302 -
222.70.221.209 - - [08/Mar/2023:09:07:03 +0800] "POST /xingrg/login.do HTTP/1.1" 302 -
222.70.221.209 - - [08/Mar/2023:09:07:03 +0800] "GET /xingrg/index.html?sysBaseUrl=http%3A%2F%2F180.169.147.146%3A18081%2Fxingrg%2F&costTime=36×tamp=1678237623935 HTTP/1.1" 200 17503
222.70.221.209 - - [08/Mar/2023:09:07:04 +0800] "GET /favicon.ico HTTP/1.1" 404 -
222.70.221.209 - - [08/Mar/2023:09:07:04 +0800] "POST /xingrg/all/common/load_tree.html?tree=area_rest_tree_json&manage=1 HTTP/1.1" 200 3499
222.70.221.209 - - [08/Mar/2023:09:07:04 +0800] "GET /xingrg/all/function/internal_message.html?_=1678237642740&CODE_STATE=count HTTP/1.1" 200 11
222.70.221.209 - - [08/Mar/2023:09:07:04 +0800] "GET /xingrg/check_reg.html?_=1678237642741 HTTP/1.1" 200 22
222.70.221.209 - - [08/Mar/2023:09:07:04 +0800] "POST /xingrg/load_menu.html HTTP/1.1" 200 11443
116.238.139.35 - - [08/Mar/2023:09:07:05 +0800] "GET /xingrg/check_reg.html?_=1678237579321 HTTP/1.1" 200 22
114.83.222.182 - - [08/Mar/2023:09:07:05 +0800] "GET /xingrg/all/function/internal_message.html?_=1678237706766&CODE_STATE=getMsg HTTP/1.1" 200 27
124.79.72.155 - - [08/Mar/2023:09:07:08 +0800] "POST /xingrg/kc/buy/cgsh_list_operate.html HTTP/1.1" 200 5454
58.40.7.146 - - [08/Mar/2023:09:07:08 +0800] "GET /xingrg/check_reg.html?_=1678237647097 HTTP/1.1" 200 22
58.40.7.146 - - [08/Mar/2023:09:07:08 +0800] "GET /xingrg/all/function/internal_message.html?_=1678237647098&CODE_STATE=getMsg HTTP/1.1" 200 27
222.70.221.209 - - [08/Mar/2023:09:07:09 +0800] "POST /xingrg/all/user/operate.html HTTP/1.1" 200 36
222.70.221.209 - - [08/Mar/2023:09:07:09 +0800] "GET /xingrg/index.html?sysBaseUrl=http%3A%2F%2F180.169.147.146%3A18081%2Fxingrg%2F&costTime=36×tamp=1678237623935 HTTP/1.1" 200 17509
222.70.221.209 - - [08/Mar/2023:09:07:09 +0800] "GET /xingrg/javascript/jquery_easy_ui/themes/default/easyui.css HTTP/1.1" 304 -
222.70.221.209 - - [08/Mar/2023:09:07:09 +0800] "GET /xingrg/javascript/jquery_easy_ui/themes/icon.css HTTP/1.1" 304 -
222.70.221.209 - - [08/Mar/2023:09:07:09 +0800] "GET /xingrg/css/form.css HTTP/1.1" 304 -
222.70.221.209 - - [08/Mar/2023:09:07:09 +0800] "GET /xingrg/javascript/jquery-1.4.2.min.js HTTP/1.1" 304 -
222.70.221.209 - - [08/Mar/2023:09:07:09 +0800] "GET /xingrg/javascript/jquery_easy_ui/jquery.easyui.min.js HTTP/1.1" 304 -
222.70.221.209 - - [08/Mar/2023:09:07:09 +0800] "GET /xingrg/javascript/jquery_easy_ui/easyui-lang-zh_CN.js HTTP/1.1" 304 -
222.70.221.209 - - [08/Mar/2023:09:07:09 +0800] "GET /xingrg/javascript/jquery.form.js HTTP/1.1" 304 -
222.70.221.209 - - [08/Mar/2023:09:07:09 +0800] "GET /xingrg/javascript/jquery.utils.js HTTP/1.1" 304 -
222.70.221.209 - - [08/Mar/2023:09:07:09 +0800] "GET /xingrg/javascript/jquery.timers.js HTTP/1.1" 304 -
