116.238.139.35 - - [08/Mar/2023:08:52:05 +0800] "GET /xingrg/javascript/jquery_easy_ui/themes/default/images/tabs_leftarrow.png HTTP/1.1" 304 -
116.238.139.35 - - [08/Mar/2023:08:52:05 +0800] "GET /xingrg/javascript/jquery_easy_ui/themes/default/images/tabs_rightarrow.png HTTP/1.1" 304 -
116.238.139.35 - - [08/Mar/2023:08:52:05 +0800] "GET /xingrg/javascript/jquery_easy_ui/themes/default/images/panel_tool_collapse.gif HTTP/1.1" 304 -
116.238.139.35 - - [08/Mar/2023:08:52:05 +0800] "GET /xingrg/all/function/internal_message.html?_=1678236679315&CODE_STATE=count HTTP/1.1" 200 11
116.238.139.35 - - [08/Mar/2023:08:52:05 +0800] "GET /xingrg/check_reg.html?_=1678236679316 HTTP/1.1" 200 22
116.238.139.35 - - [08/Mar/2023:08:52:05 +0800] "POST /xingrg/load_menu.html HTTP/1.1" 200 5138
58.40.7.146 - - [08/Mar/2023:08:52:08 +0800] "GET /xingrg/check_reg.html?_=1678236747079 HTTP/1.1" 200 22
116.238.139.35 - - [08/Mar/2023:08:52:10 +0800] "GET /xingrg/kc/buy/cgsh_order_list.html HTTP/1.1" 200 54183
116.238.139.35 - - [08/Mar/2023:08:52:11 +0800] "POST /xingrg/kc/buy/cgsh_list_operate.html HTTP/1.1" 200 986
116.238.139.35 - - [08/Mar/2023:08:52:13 +0800] "GET /xingrg/kc/buy/cgsh_order_add.html HTTP/1.1" 200 69570
116.238.139.35 - - [08/Mar/2023:08:52:13 +0800] "POST /xingrg/kc/buy/cgsh_order_operate.html HTTP/1.1" 200 8245
116.238.139.35 - - [08/Mar/2023:08:52:13 +0800] "GET /xingrg/all/common/auto_word.html?type=employee&rest_code=00151 HTTP/1.1" 200 293
116.238.139.35 - - [08/Mar/2023:08:52:13 +0800] "GET /xingrg/all/common/auto_word.html?type=employee&rest_code=00151 HTTP/1.1" 200 293
116.238.139.35 - - [08/Mar/2023:08:52:13 +0800] "GET /xingrg/javascript/easyui/themes/default/validatebox.css HTTP/1.1" 404 1104
116.238.139.35 - - [08/Mar/2023:08:52:15 +0800] "GET /xingrg/javascript/auto/indicator.gif HTTP/1.1" 404 1066
58.40.7.146 - - [08/Mar/2023:08:52:17 +0800] "GET /xingrg/all/function/internal_message.html?_=1678236747079&CODE_STATE=getMsg HTTP/1.1" 200 27
120.253.135.82 - - [08/Mar/2023:08:52:18 +0800] "GET /xingrg/all/function/internal_message.html?_=1678236885994&CODE_STATE=getMsg HTTP/1.1" 200 27
120.253.135.82 - - [08/Mar/2023:08:52:18 +0800] "GET /xingrg/check_reg.html?_=1678236885996 HTTP/1.1" 200 22
116.238.139.35 - - [08/Mar/2023:08:52:22 +0800] "GET /xingrg/kc/buy/cgsh_order_operate.html?command=get_materiel&rest_code=00151&code=00101008084&supplier_code=00100096&order_time=2023-03-08 HTTP/1.1" 200 412
120.253.135.82 - - [08/Mar/2023:08:52:23 +0800] "GET /xingrg/all/function/internal_message.html?_=1678236588244&CODE_STATE=getMsg HTTP/1.1" 200 27
101.229.22.234 - - [08/Mar/2023:08:52:24 +0800] "GET /xingrg/all/function/internal_message.html?_=1678236761933&CODE_STATE=getMsg HTTP/1.1" 200 27
116.225.84.253 - - [08/Mar/2023:08:52:26 +0800] "GET /xingrg/all/function/internal_message.html?_=1678236609312&CODE_STATE=getMsg HTTP/1.1" 200 27
116.238.139.35 - - [08/Mar/2023:08:52:28 +0800] "GET /xingrg/all/function/internal_message.html?_=1678236767404&CODE_STATE=getMsg HTTP/1.1" 200 27
222.70.221.209 - - [08/Mar/2023:08:52:32 +0800] "GET /xingrg/all/function/internal_message.html?_=1678236890290&CODE_STATE=getMsg HTTP/1.1" 200 27
116.225.84.253 - - [08/Mar/2023:08:52:34 +0800] "POST /xingrg/kc/buy/cgsh_order_operate.html HTTP/1.1" 200 37
116.238.139.35 - - [08/Mar/2023:08:52:35 +0800] "GET /xingrg/kc/buy/cgsh_order_operate.html?command=get_materiel&rest_code=00151&code=00101012025&supplier_code=00100096&order_time=2023-03-08 HTTP/1.1" 200 412
116.225.84.253 - - [08/Mar/2023:08:52:36 +0800] "POST /xingrg/kc/buy/cgsh_order_operate.html HTTP/1.1" 200 2655
116.230.118.11 - - [08/Mar/2023:08:52:37 +0800] "GET /xingrg/all/function/internal_message.html?_=1678236785665&CODE_STATE=getMsg HTTP/1.1" 200 27
116.238.139.35 - - [08/Mar/2023:08:52:41 +0800] "GET /xingrg/kc/buy/cgsh_order_operate.html?command=get_materiel&rest_code=00151&code=00101016025&supplier_code=00100096&order_time=2023-03-08 HTTP/1.1" 200 408
101.83.241.0 - - [08/Mar/2023:08:52:46 +0800] "GET /xingrg/kc/buy/cgsh_order_operate.html?command=get_materiel&rest_code=00149&code=00101008077&supplier_code=00100008&order_time=2023-03-08 HTTP/1.1" 200 416
116.225.84.253 - - [08/Mar/2023:08:52:48 +0800] "GET /xingrg/kc/buy/cgsh_order_operate.html?command=get_materiel&rest_code=00105&code=00101012029&supplier_code=00100034&order_time=2023-03-08 HTTP/1.1" 200 412
116.238.139.35 - - [08/Mar/2023:08:52:49 +0800] "GET /xingrg/kc/buy/cgsh_order_operate.html?command=get_materiel&rest_code=00151&code=00101012060&supplier_code=00100096&order_time=2023-03-08 HTTP/1.1" 200 408
180.169.147.146 - - [08/Mar/2023:08:52:55 +0800] "GET /xingrg/all/function/internal_message.html?_=1678236801561&CODE_STATE=getMsg HTTP/1.1" 302 -
116.192.124.172 - - [08/Mar/2023:08:52:59 +0800] "GET /xingrg/login.html HTTP/1.1" 200 7641
116.192.124.172 - - [08/Mar/2023:08:52:59 +0800] "GET /xingrg/images/blue/jxLogo.png HTTP/1.1" 200 6156
101.83.241.0 - - [08/Mar/2023:08:52:59 +0800] "GET /xingrg/all/function/internal_message.html?_=1678236796621&CODE_STATE=getMsg HTTP/1.1" 200 27
116.192.124.172 - - [08/Mar/2023:08:52:59 +0800] "GET /xingrg/images/blue/hj.png HTTP/1.1" 200 1014
116.192.124.172 - - [08/Mar/2023:08:52:59 +0800] "GET /xingrg/images/blue/login_bg.png HTTP/1.1" 200 22101
116.192.124.172 - - [08/Mar/2023:08:52:59 +0800] "GET /xingrg/images/blue/srbg.png HTTP/1.1" 200 138
116.192.124.172 - - [08/Mar/2023:08:52:59 +0800] "GET /favicon.ico HTTP/1.1" 404 -
116.192.124.172 - - [08/Mar/2023:08:53:00 +0800] "POST /xingrg/login.do HTTP/1.1" 302 -
116.192.124.172 - - [08/Mar/2023:08:53:00 +0800] "GET /xingrg/index.html?sysBaseUrl=http%3A%2F%2F180.169.147.146%3A18081%2Fxingrg%2F&costTime=40×tamp=1678236780691 HTTP/1.1" 200 17173
116.192.124.172 - - [08/Mar/2023:08:53:00 +0800] "GET /xingrg/javascript/jquery_easy_ui/themes/icon.css HTTP/1.1" 200 3949
116.192.124.172 - - [08/Mar/2023:08:53:00 +0800] "GET /xingrg/css/form.css HTTP/1.1" 200 893
116.192.124.172 - - [08/Mar/2023:08:53:00 +0800] "GET /xingrg/javascript/jquery-1.4.2.min.js HTTP/1.1" 200 72205
116.192.124.172 - - [08/Mar/2023:08:53:00 +0800] "GET /xingrg/javascript/jquery_easy_ui/jquery.easyui.min.js HTTP/1.1" 200 213662
116.192.124.172 - - [08/Mar/2023:08:53:00 +0800] "GET /xingrg/javascript/jquery_easy_ui/themes/default/easyui.css HTTP/1.1" 200 26500
116.192.124.172 - - [08/Mar/2023:08:53:00 +0800] "GET /xingrg/javascript/jquery_easy_ui/easyui-lang-zh_CN.js HTTP/1.1" 200 1900
116.192.124.172 - - [08/Mar/2023:08:53:00 +0800] "GET /xingrg/javascript/jquery.timers.js HTTP/1.1" 200 3532
116.192.124.172 - - [08/Mar/2023:08:53:00 +0800] "GET /xingrg/javascript/jquery.utils.js HTTP/1.1" 200 11805
116.192.124.172 - - [08/Mar/2023:08:53:00 +0800] "GET /xingrg/javascript/jquery.form.js HTTP/1.1" 200 23110
116.192.124.172 - - [08/Mar/2023:08:53:00 +0800] "GET /favicon.ico HTTP/1.1" 404 -
116.192.124.172 - - [08/Mar/2023:08:53:00 +0800] "GET /xingrg/javascript/jquery_easy_ui/themes/icons/settle_new.png HTTP/1.1" 200 826
116.192.124.172 - - [08/Mar/2023:08:53:00 +0800] "GET /xingrg/images/blue/navBackgound.jpg HTTP/1.1" 200 12378
116.192.124.172 - - [08/Mar/2023:08:53:00 +0800] "POST /xingrg/all/common/load_tree.html?tree=area_rest_tree_json&manage=1 HTTP/1.1" 200 342
116.192.124.172 - - [08/Mar/2023:08:53:01 +0800] "GET /xingrg/all/function/internal_message.html?_=1678236800077&CODE_STATE=count HTTP/1.1" 200 11
116.192.124.172 - - [08/Mar/2023:08:53:01 +0800] "GET /xingrg/images/blue/pingpu.png HTTP/1.1" 200 231
116.192.124.172 - - [08/Mar/2023:08:53:01 +0800] "GET /xingrg/check_reg.html?_=1678236800077 HTTP/1.1" 200 22
116.192.124.172 - - [08/Mar/2023:08:53:01 +0800] "GET /xingrg/javascript/jquery_easy_ui/themes/default/images/tabs_leftarrow.png HTTP/1.1" 200 389
116.192.124.172 - - [08/Mar/2023:08:53:01 +0800] "GET /xingrg/javascript/jquery_easy_ui/themes/default/images/tabs_rightarrow.png HTTP/1.1" 200 395
116.192.124.172 - - [08/Mar/2023:08:53:01 +0800] "GET /xingrg/javascript/jquery_easy_ui/themes/default/images/panel_tool_collapse.gif HTTP/1.1" 200 246
116.192.124.172 - - [08/Mar/2023:08:53:01 +0800] "POST /xingrg/load_menu.html HTTP/1.1" 200 5138
116.192.124.172 - - [08/Mar/2023:08:53:01 +0800] "GET /xingrg/javascript/jquery_easy_ui/themes/default/images/tree_arrows.gif HTTP/1.1" 200 1043
116.192.124.172 - - [08/Mar/2023:08:53:01 +0800] "GET /xingrg/javascript/jquery_easy_ui/themes/default/images/tree_folder_open.gif HTTP/1.1" 200 956
116.192.124.172 - - [08/Mar/2023:08:53:01 +0800] "GET /xingrg/javascript/jquery_easy_ui/themes/icons/search_new.png HTTP/1.1" 200 586
116.192.124.172 - - [08/Mar/2023:08:53:01 +0800] "GET /xingrg/javascript/jquery_easy_ui/themes/default/images/tree_folder.gif HTTP/1.1" 200 952
116.192.124.172 - - [08/Mar/2023:08:53:01 +0800] "GET /xingrg/javascript/jquery_easy_ui/themes/icons/storage_new.png HTTP/1.1" 200 853
116.192.124.172 - - [08/Mar/2023:08:53:01 +0800] "GET /xingrg/javascript/jquery_easy_ui/themes/icons/forms_new.png HTTP/1.1" 200 350
116.192.124.172 - - [08/Mar/2023:08:53:01 +0800] "GET /xingrg/javascript/jquery_easy_ui/themes/default/images/tree_file.gif HTTP/1.1" 200 118
58.40.7.146 - - [08/Mar/2023:08:53:01 +0800] "GET /xingrg/all/function/internal_message.html?_=1678236799980&CODE_STATE=getMsg HTTP/1.1" 200 27
58.40.7.146 - - [08/Mar/2023:08:53:01 +0800] "GET /xingrg/check_reg.html?_=1678236800544 HTTP/1.1" 200 22
101.83.241.0 - - [08/Mar/2023:08:53:03 +0800] "GET /xingrg/kc/buy/cgsh_order_operate.html?command=get_materiel&rest_code=00149&code=00101008362&supplier_code=00100008&order_time=2023-03-08 HTTP/1.1" 200 408
116.238.139.35 - - [08/Mar/2023:08:53:05 +0800] "GET /xingrg/all/function/internal_message.html?_=1678236739342&CODE_STATE=getMsg HTTP/1.1" 200 27
58.40.7.146 - - [08/Mar/2023:08:53:08 +0800] "GET /xingrg/all/function/internal_message.html?_=1678236807080&CODE_STATE=getMsg HTTP/1.1" 200 27
120.253.135.82 - - [08/Mar/2023:08:53:18 +0800] "GET /xingrg/all/function/internal_message.html?_=1678236945998&CODE_STATE=getMsg HTTP/1.1" 200 27
120.253.135.82 - - [08/Mar/2023:08:53:23 +0800] "GET /xingrg/all/function/internal_message.html?_=1678236648258&CODE_STATE=getMsg HTTP/1.1" 200 27
101.83.241.0 - - [08/Mar/2023:08:53:24 +0800] "GET /xingrg/kc/buy/cgsh_order_operate.html?command=get_materiel&rest_code=00149&code=00101008059&supplier_code=00100008&order_time=2023-03-08 HTTP/1.1" 200 408
101.229.22.234 - - [08/Mar/2023:08:53:24 +0800] "GET /xingrg/all/function/internal_message.html?_=1678236821941&CODE_STATE=getMsg HTTP/1.1" 200 27
116.225.84.253 - - [08/Mar/2023:08:53:26 +0800] "GET /xingrg/all/function/internal_message.html?_=1678236669291&CODE_STATE=getMsg HTTP/1.1" 200 27
116.225.84.253 - - [08/Mar/2023:08:53:26 +0800] "GET /xingrg/check_reg.html?_=1678236669436 HTTP/1.1" 200 22
116.238.139.35 - - [08/Mar/2023:08:53:28 +0800] "GET /xingrg/all/function/internal_message.html?_=1678236827406&CODE_STATE=getMsg HTTP/1.1" 200 27
116.238.139.35 - - [08/Mar/2023:08:53:30 +0800] "GET /xingrg/kc/buy/cgsh_order_operate.html?command=get_materiel&rest_code=00151&code=00101007061&supplier_code=00100096&order_time=2023-03-08 HTTP/1.1" 200 411
222.70.221.209 - - [08/Mar/2023:08:53:32 +0800] "GET /xingrg/all/function/internal_message.html?_=1678236950276&CODE_STATE=getMsg HTTP/1.1" 200 27
101.229.22.234 - - [08/Mar/2023:08:53:34 +0800] "GET /xingrg/javascript/jquery_easy_ui/themes/icons/area.png HTTP/1.1" 304 -
101.229.22.234 - - [08/Mar/2023:08:53:34 +0800] "GET /xingrg/javascript/jquery_easy_ui/themes/icons/rest.png HTTP/1.1" 304 -
116.230.118.11 - - [08/Mar/2023:08:53:37 +0800] "GET /xingrg/all/function/internal_message.html?_=1678236845876&CODE_STATE=getMsg HTTP/1.1" 200 27
116.238.139.35 - - [08/Mar/2023:08:53:47 +0800] "GET /xingrg/kc/buy/cgsh_order_operate.html?command=get_materiel&rest_code=00151&code=00101006177&supplier_code=00100096&order_time=2023-03-08 HTTP/1.1" 200 408
116.225.84.253 - - [08/Mar/2023:08:53:50 +0800] "POST /xingrg/kc/buy/cgsh_order_operate.html HTTP/1.1" 200 37
116.225.84.253 - - [08/Mar/2023:08:53:52 +0800] "POST /xingrg/kc/buy/cgsh_order_operate.html HTTP/1.1" 200 3247
116.192.124.172 - - [08/Mar/2023:08:53:54 +0800] "GET /xingrg/javascript/jquery_easy_ui/themes/default/images/tabs_close.gif HTTP/1.1" 200 829
116.192.124.172 - - [08/Mar/2023:08:53:54 +0800] "GET /xingrg/kc/buy/cgsh_order_list.html HTTP/1.1" 200 54179
116.192.124.172 - - [08/Mar/2023:08:53:54 +0800] "GET /xingrg/css/base.css HTTP/1.1" 200 2811
116.192.124.172 - - [08/Mar/2023:08:53:54 +0800] "GET /xingrg/css/site.css HTTP/1.1" 200 7541
116.192.124.172 - - [08/Mar/2023:08:53:54 +0800] "GET /xingrg/javascript/jquery_tools/datebox.css HTTP/1.1" 200 2597
116.192.124.172 - - [08/Mar/2023:08:53:54 +0800] "GET /xingrg/javascript/easyui/themes/icon.css HTTP/1.1" 200 4483
116.192.124.172 - - [08/Mar/2023:08:53:54 +0800] "GET /xingrg/javascript/auto/jquery.autocomplete.css HTTP/1.1" 200 587
116.192.124.172 - - [08/Mar/2023:08:53:54 +0800] "GET /xingrg/javascript/jquery_tools/fix.css HTTP/1.1" 200 1702
116.192.124.172 - - [08/Mar/2023:08:53:54 +0800] "GET /xingrg/javascript/jquery_tools/table.css HTTP/1.1" 200 1032
116.192.124.172 - - [08/Mar/2023:08:53:54 +0800] "GET /xingrg/javascript/jquery_tools/jquery.tools.min.js HTTP/1.1" 200 138801
116.192.124.172 - - [08/Mar/2023:08:53:54 +0800] "GET /xingrg/javascript/jquery_tools/jquery.tools.hotkey.js HTTP/1.1" 200 3242
116.192.124.172 - - [08/Mar/2023:08:53:54 +0800] "GET /xingrg/javascript/easyui/themes/default/easyui.css HTTP/1.1" 200 30432
116.192.124.172 - - [08/Mar/2023:08:53:54 +0800] "GET /xingrg/javascript/jquery_tools/jquery.tools.table.js HTTP/1.1" 200 6994
116.192.124.172 - - [08/Mar/2023:08:53:54 +0800] "GET /xingrg/javascript/jquery_tools/jquery.tools.extend.js HTTP/1.1" 200 15385
116.192.124.172 - - [08/Mar/2023:08:53:54 +0800] "GET /xingrg/javascript/jquery_tools/list_manager.js HTTP/1.1" 200 3652
116.192.124.172 - - [08/Mar/2023:08:53:54 +0800] "GET /xingrg/javascript/auto/jquery.autocomplete.js HTTP/1.1" 200 21624
116.192.124.172 - - [08/Mar/2023:08:53:54 +0800] "GET /xingrg/javascript/jquery.cookie.js HTTP/1.1" 200 5513
116.192.124.172 - - [08/Mar/2023:08:53:54 +0800] "GET /xingrg/javascript/easyui/easyloader.js HTTP/1.1" 200 5975
116.192.124.172 - - [08/Mar/2023:08:53:54 +0800] "GET /xingrg/javascript/print/LodopFuncs.js HTTP/1.1" 200 5121
116.225.84.253 - - [08/Mar/2023:08:53:54 +0800] "GET /xingrg/kc/print/load_data.html?order_code=212023030802628&kc_code=cgsh&condition= HTTP/1.1" 200 930
116.192.124.172 - - [08/Mar/2023:08:53:55 +0800] "GET /xingrg/javascript/easyui/themes/icons/edit_add_new.png HTTP/1.1" 200 2997
116.192.124.172 - - [08/Mar/2023:08:53:55 +0800] "GET /xingrg/javascript/easyui/themes/icons/cance_new.png HTTP/1.1" 200 3986
116.192.124.172 - - [08/Mar/2023:08:53:55 +0800] "GET /xingrg/javascript/easyui/themes/icons/check_new.png HTTP/1.1" 200 3224
116.192.124.172 - - [08/Mar/2023:08:53:55 +0800] "GET /xingrg/javascript/easyui/themes/icons/field_new.png HTTP/1.1" 200 1097
116.192.124.172 - - [08/Mar/2023:08:53:55 +0800] "GET /xingrg/javascript/easyui/themes/icons/import_new.png HTTP/1.1" 200 1247
116.192.124.172 - - [08/Mar/2023:08:53:55 +0800] "GET /xingrg/javascript/easyui/plugins/jquery.parser.js HTTP/1.1" 200 1142
116.192.124.172 - - [08/Mar/2023:08:53:55 +0800] "GET /xingrg/images/control/ajaxLoader.gif HTTP/1.1" 200 4659
116.192.124.172 - - [08/Mar/2023:08:53:56 +0800] "POST /xingrg/kc/buy/cgsh_list_operate.html HTTP/1.1" 200 986
116.192.124.172 - - [08/Mar/2023:08:53:56 +0800] "GET /xingrg/javascript/easyui/themes/default/images/button_plain_hover.png HTTP/1.1" 200 144
116.192.124.172 - - [08/Mar/2023:08:53:57 +0800] "GET /xingrg/javascript/pic_change.js HTTP/1.1" 200 4739
116.192.124.172 - - [08/Mar/2023:08:53:57 +0800] "GET /xingrg/javascript/convert.js HTTP/1.1" 200 1239
116.192.124.172 - - [08/Mar/2023:08:53:57 +0800] "GET /xingrg/kc/buy/cgsh_order_add.html HTTP/1.1" 200 69996
116.192.124.172 - - [08/Mar/2023:08:53:57 +0800] "GET /xingrg/javascript/jquery_tools/order_manager.js HTTP/1.1" 200 11183
116.192.124.172 - - [08/Mar/2023:08:53:57 +0800] "GET /xingrg/javascript/json2.js HTTP/1.1" 200 11259
116.192.124.172 - - [08/Mar/2023:08:53:57 +0800] "GET /xingrg/javascript/print/kc_print.js HTTP/1.1" 200 11415
116.192.124.172 - - [08/Mar/2023:08:53:57 +0800] "GET /xingrg/words/20230307174845_words.js HTTP/1.1" 200 951964
116.192.124.172 - - [08/Mar/2023:08:53:57 +0800] "GET /xingrg/javascript/easyui/themes/icons/copy_new.png HTTP/1.1" 200 815
116.192.124.172 - - [08/Mar/2023:08:53:57 +0800] "GET /xingrg/javascript/easyui/themes/icons/ok.png HTTP/1.1" 200 883
116.192.124.172 - - [08/Mar/2023:08:53:57 +0800] "GET /xingrg/javascript/easyui/themes/icons/template_new.png HTTP/1.1" 200 3956
116.192.124.172 - - [08/Mar/2023:08:53:57 +0800] "GET /xingrg/javascript/easyui/themes/icons/print.png HTTP/1.1" 200 1057
116.192.124.172 - - [08/Mar/2023:08:53:57 +0800] "GET /xingrg/javascript/easyui/themes/default/images/menu_downarrow.png HTTP/1.1" 200 173
116.192.124.172 - - [08/Mar/2023:08:53:57 +0800] "GET /xingrg/javascript/easyui/themes/icons/cancel.png HTTP/1.1" 200 1133
116.192.124.172 - - [08/Mar/2023:08:53:57 +0800] "POST /xingrg/kc/buy/cgsh_order_operate.html HTTP/1.1" 200 8245
116.192.124.172 - - [08/Mar/2023:08:53:57 +0800] "GET /xingrg/javascript/easyui/themes/default/validatebox.css HTTP/1.1" 404 1104
116.192.124.172 - - [08/Mar/2023:08:53:57 +0800] "GET /xingrg/javascript/easyui/plugins/jquery.validatebox.js HTTP/1.1" 200 6103
116.192.124.172 - - [08/Mar/2023:08:53:57 +0800] "GET /xingrg/all/common/auto_word.html?type=employee&rest_code=00102 HTTP/1.1" 200 189
116.192.124.172 - - [08/Mar/2023:08:53:57 +0800] "GET /xingrg/all/common/auto_word.html?type=employee&rest_code=00102 HTTP/1.1" 200 189
116.192.124.172 - - [08/Mar/2023:08:53:57 +0800] "GET /xingrg/javascript/easyui/themes/icons/edit_remove.png HTTP/1.1" 200 625
116.192.124.172 - - [08/Mar/2023:08:53:57 +0800] "GET /xingrg/javascript/easyui/plugins/jquery.numberbox.js HTTP/1.1" 200 5213
116.192.124.172 - - [08/Mar/2023:08:53:58 +0800] "GET /xingrg/javascript/auto/indicator.gif HTTP/1.1" 404 1066
101.83.241.0 - - [08/Mar/2023:08:53:59 +0800] "GET /xingrg/all/function/internal_message.html?_=1678236856619&CODE_STATE=getMsg HTTP/1.1" 200 27
116.192.124.172 - - [08/Mar/2023:08:54:01 +0800] "GET /xingrg/all/function/internal_message.html?_=1678236860085&CODE_STATE=getMsg HTTP/1.1" 200 27
58.40.7.146 - - [08/Mar/2023:08:54:01 +0800] "GET /xingrg/all/function/internal_message.html?_=1678236859984&CODE_STATE=getMsg HTTP/1.1" 200 27
116.238.139.35 - - [08/Mar/2023:08:54:04 +0800] "POST /xingrg/kc/buy/cgsh_order_operate.html HTTP/1.1" 200 37
101.83.241.0 - - [08/Mar/2023:08:54:04 +0800] "GET /xingrg/kc/buy/cgsh_order_operate.html?command=get_materiel&rest_code=00149&code=00101008223&supplier_code=00100008&order_time=2023-03-08 HTTP/1.1" 200 412
58.40.7.146 - - [08/Mar/2023:08:54:08 +0800] "GET /xingrg/all/function/internal_message.html?_=1678236867082&CODE_STATE=getMsg HTTP/1.1" 200 27
116.238.139.35 - - [08/Mar/2023:08:54:09 +0800] "POST /xingrg/kc/buy/cgsh_order_operate.html HTTP/1.1" 200 12
116.238.139.35 - - [08/Mar/2023:08:54:12 +0800] "GET /xingrg/kc/buy/cgsh_order_info.html?code=212023030802629 HTTP/1.1" 200 64467
116.238.139.35 - - [08/Mar/2023:08:54:12 +0800] "GET /xingrg/javascript/easyui/themes/default/validatebox.css HTTP/1.1" 404 1104
116.238.139.35 - - [08/Mar/2023:08:54:13 +0800] "GET /xingrg/all/function/internal_message.html?_=1678236807366&CODE_STATE=getMsg HTTP/1.1" 200 27
101.83.241.0 - - [08/Mar/2023:08:54:13 +0800] "POST /xingrg/kc/buy/cgsh_order_operate.html HTTP/1.1" 200 2065
116.238.139.35 - - [08/Mar/2023:08:54:13 +0800] "POST /xingrg/kc/buy/cgsh_order_operate.html HTTP/1.1" 200 3596
116.238.139.35 - - [08/Mar/2023:08:54:22 +0800] "GET /xingrg/kc/print/load_data.html?order_code=212023030802629&kc_code=cgsh&condition= HTTP/1.1" 200 1860
120.253.135.82 - - [08/Mar/2023:08:54:23 +0800] "GET /xingrg/all/function/internal_message.html?_=1678236708302&CODE_STATE=getMsg HTTP/1.1" 200 27
120.253.135.82 - - [08/Mar/2023:08:54:24 +0800] "GET /xingrg/all/function/internal_message.html?_=1678237006006&CODE_STATE=getMsg HTTP/1.1" 200 27
101.229.22.234 - - [08/Mar/2023:08:54:24 +0800] "GET /xingrg/all/function/internal_message.html?_=1678236881933&CODE_STATE=getMsg HTTP/1.1" 200 27
116.225.84.253 - - [08/Mar/2023:08:54:26 +0800] "GET /xingrg/all/function/internal_message.html?_=1678236729259&CODE_STATE=getMsg HTTP/1.1" 200 27
116.238.139.35 - - [08/Mar/2023:08:54:28 +0800] "GET /xingrg/all/function/internal_message.html?_=1678236887407&CODE_STATE=getMsg HTTP/1.1" 200 27
116.224.106.218 - - [08/Mar/2023:08:54:30 +0800] "GET /xingrg/check_reg.html?_=1678236889499 HTTP/1.1" 200 22
222.70.221.209 - - [08/Mar/2023:08:54:32 +0800] "GET /xingrg/all/function/internal_message.html?_=1678237010279&CODE_STATE=getMsg HTTP/1.1" 200 27
116.230.118.11 - - [08/Mar/2023:08:54:37 +0800] "GET /xingrg/all/function/internal_message.html?_=1678236905880&CODE_STATE=getMsg HTTP/1.1" 200 27
116.238.139.35 - - [08/Mar/2023:08:54:42 +0800] "GET /xingrg/kc/buy/cgsh_order_add.html HTTP/1.1" 200 69570
116.238.139.35 - - [08/Mar/2023:08:54:43 +0800] "POST /xingrg/kc/buy/cgsh_order_operate.html HTTP/1.1" 200 8245
116.238.139.35 - - [08/Mar/2023:08:54:43 +0800] "GET /xingrg/javascript/easyui/themes/default/validatebox.css HTTP/1.1" 404 1104
101.83.241.0 - - [08/Mar/2023:08:54:54 +0800] "GET /xingrg/kc/buy/cgsh_order_operate.html?command=get_materiel&rest_code=00149&code=00101019155&supplier_code=00100008&order_time=2023-03-08 HTTP/1.1" 200 476
116.238.139.35 - - [08/Mar/2023:08:54:57 +0800] "GET /xingrg/kc/buy/cgsh_order_operate.html?command=get_materiel&rest_code=00151&code=00101008224&supplier_code=00100008&order_time=2023-03-08 HTTP/1.1" 200 416
101.83.241.0 - - [08/Mar/2023:08:54:59 +0800] "GET /xingrg/all/function/internal_message.html?_=1678236916563&CODE_STATE=getMsg HTTP/1.1" 200 27
116.192.124.172 - - [08/Mar/2023:08:55:01 +0800] "GET /xingrg/all/function/internal_message.html?_=1678236920085&CODE_STATE=getMsg HTTP/1.1" 200 27
58.40.7.146 - - [08/Mar/2023:08:55:01 +0800] "GET /xingrg/all/function/internal_message.html?_=1678236919988&CODE_STATE=getMsg HTTP/1.1" 200 27
58.40.7.146 - - [08/Mar/2023:08:55:08 +0800] "GET /xingrg/all/function/internal_message.html?_=1678236927083&CODE_STATE=getMsg HTTP/1.1" 200 27
116.238.139.35 - - [08/Mar/2023:08:55:13 +0800] "GET /xingrg/all/function/internal_message.html?_=1678236867379&CODE_STATE=getMsg HTTP/1.1" 200 27
116.238.139.35 - - [08/Mar/2023:08:55:16 +0800] "GET /xingrg/kc/buy/cgsh_order_operate.html?command=get_materiel&rest_code=00151&code=00101008355&supplier_code=00100008&order_time=2023-03-08 HTTP/1.1" 200 408
101.229.22.234 - - [08/Mar/2023:08:55:24 +0800] "GET /xingrg/all/function/internal_message.html?_=1678236941934&CODE_STATE=getMsg HTTP/1.1" 200 27
116.225.84.253 - - [08/Mar/2023:08:55:26 +0800] "GET /xingrg/all/function/internal_message.html?_=1678236789229&CODE_STATE=getMsg HTTP/1.1" 200 27
116.238.139.35 - - [08/Mar/2023:08:55:27 +0800] "GET /xingrg/kc/buy/cgsh_order_operate.html?command=get_materiel&rest_code=00151&code=00101008356&supplier_code=00100008&order_time=2023-03-08 HTTP/1.1" 200 408
116.238.139.35 - - [08/Mar/2023:08:55:28 +0800] "GET /xingrg/all/function/internal_message.html?_=1678236947410&CODE_STATE=getMsg HTTP/1.1" 200 27
116.238.139.35 - - [08/Mar/2023:08:55:28 +0800] "GET /xingrg/check_reg.html?_=1678236947413 HTTP/1.1" 200 22
101.83.241.0 - - [08/Mar/2023:08:55:29 +0800] "GET /xingrg/kc/buy/cgsh_order_operate.html?command=get_materiel&rest_code=00149&code=00101020052&supplier_code=00100008&order_time=2023-03-08 HTTP/1.1" 200 419
222.70.221.209 - - [08/Mar/2023:08:55:32 +0800] "GET /xingrg/all/function/internal_message.html?_=1678237070265&CODE_STATE=getMsg HTTP/1.1" 200 27
222.70.221.209 - - [08/Mar/2023:08:55:32 +0800] "GET /xingrg/check_reg.html?_=1678237070269 HTTP/1.1" 200 22
116.238.139.35 - - [08/Mar/2023:08:55:36 +0800] "GET /xingrg/kc/buy/cgsh_order_operate.html?command=get_materiel&rest_code=00151&code=00101008300&supplier_code=00100008&order_time=2023-03-08 HTTP/1.1" 200 412
116.230.118.11 - - [08/Mar/2023:08:55:37 +0800] "GET /xingrg/all/function/internal_message.html?_=1678236966078&CODE_STATE=getMsg HTTP/1.1" 200 27
180.169.147.146 - - [08/Mar/2023:08:55:42 +0800] "GET /xingrg/check_reg.html?_=1678236962536 HTTP/1.1" 302 -
120.253.135.82 - - [08/Mar/2023:08:55:45 +0800] "GET /xingrg/all/function/internal_message.html?_=1678236768316&CODE_STATE=getMsg HTTP/1.1" 200 27
116.238.139.35 - - [08/Mar/2023:08:55:52 +0800] "GET /xingrg/kc/buy/cgsh_order_operate.html?command=get_materiel&rest_code=00151&code=00101008137&supplier_code=00100008&order_time=2023-03-08 HTTP/1.1" 200 408
101.83.241.0 - - [08/Mar/2023:08:55:53 +0800] "GET /xingrg/kc/buy/cgsh_order_operate.html?command=get_materiel&rest_code=00149&code=00101008332&supplier_code=00100008&order_time=2023-03-08 HTTP/1.1" 200 412
101.83.241.0 - - [08/Mar/2023:08:55:59 +0800] "GET /xingrg/all/function/internal_message.html?_=1678236976622&CODE_STATE=getMsg HTTP/1.1" 200 27
116.238.139.35 - - [08/Mar/2023:08:56:00 +0800] "GET /xingrg/kc/buy/cgsh_order_operate.html?command=get_materiel&rest_code=00151&code=00101008362&supplier_code=00100008&order_time=2023-03-08 HTTP/1.1" 200 408
116.192.124.172 - - [08/Mar/2023:08:56:01 +0800] "GET /xingrg/all/function/internal_message.html?_=1678236980098&CODE_STATE=getMsg HTTP/1.1" 200 27
58.40.7.146 - - [08/Mar/2023:08:56:01 +0800] "GET /xingrg/all/function/internal_message.html?_=1678236979989&CODE_STATE=getMsg HTTP/1.1" 200 27
124.79.72.155 - - [08/Mar/2023:08:56:03 +0800] "GET /favicon.ico HTTP/1.1" 404 -
124.79.72.155 - - [08/Mar/2023:08:56:06 +0800] "GET /xingrg/login.html HTTP/1.1" 200 7641
124.79.72.155 - - [08/Mar/2023:08:56:06 +0800] "GET /favicon.ico HTTP/1.1" 404 -
58.40.7.146 - - [08/Mar/2023:08:56:08 +0800] "GET /xingrg/all/function/internal_message.html?_=1678236987086&CODE_STATE=getMsg HTTP/1.1" 200 27
101.83.241.0 - - [08/Mar/2023:08:56:11 +0800] "GET /xingrg/kc/buy/cgsh_order_operate.html?command=get_materiel&rest_code=00149&code=00101008357&supplier_code=00100008&order_time=2023-03-08 HTTP/1.1" 200 408
124.79.72.155 - - [08/Mar/2023:08:56:12 +0800] "POST /xingrg/login.do HTTP/1.1" 302 -
116.238.139.35 - - [08/Mar/2023:08:56:12 +0800] "GET /xingrg/kc/buy/cgsh_order_operate.html?command=get_materiel&rest_code=00151&code=00101008077&supplier_code=00100008&order_time=2023-03-08 HTTP/1.1" 200 416
124.79.72.155 - - [08/Mar/2023:08:56:12 +0800] "GET /xingrg/index.html?sysBaseUrl=http%3A%2F%2F180.169.147.146%3A18081%2Fxingrg%2F&costTime=41×tamp=1678236972945 HTTP/1.1" 200 17179
124.79.72.155 - - [08/Mar/2023:08:56:13 +0800] "GET /favicon.ico HTTP/1.1" 404 -
124.79.72.155 - - [08/Mar/2023:08:56:13 +0800] "POST /xingrg/all/common/load_tree.html?tree=area_rest_tree_json&manage=1 HTTP/1.1" 200 351
124.79.72.155 - - [08/Mar/2023:08:56:13 +0800] "GET /xingrg/all/function/internal_message.html?_=1678236995445&CODE_STATE=count HTTP/1.1" 200 11
124.79.72.155 - - [08/Mar/2023:08:56:13 +0800] "GET /xingrg/check_reg.html?_=1678236995445 HTTP/1.1" 200 22
124.79.72.155 - - [08/Mar/2023:08:56:13 +0800] "POST /xingrg/load_menu.html HTTP/1.1" 200 5138
116.238.139.35 - - [08/Mar/2023:08:56:13 +0800] "GET /xingrg/all/function/internal_message.html?_=1678236927406&CODE_STATE=getMsg HTTP/1.1" 200 27
120.253.135.82 - - [08/Mar/2023:08:56:19 +0800] "GET /xingrg/all/function/internal_message.html?_=1678237126012&CODE_STATE=getMsg HTTP/1.1" 200 27
116.238.139.35 - - [08/Mar/2023:08:56:20 +0800] "GET /xingrg/kc/buy/cgsh_order_operate.html?command=get_materiel&rest_code=00151&code=00101008286&supplier_code=00100008&order_time=2023-03-08 HTTP/1.1" 200 408
120.253.135.82 - - [08/Mar/2023:08:56:23 +0800] "GET /xingrg/check_reg.html?_=1678236827617 HTTP/1.1" 200 22
120.253.135.82 - - [08/Mar/2023:08:56:23 +0800] "GET /xingrg/all/function/internal_message.html?_=1678236828345&CODE_STATE=getMsg HTTP/1.1" 200 27
101.229.22.234 - - [08/Mar/2023:08:56:24 +0800] "GET /xingrg/check_reg.html?_=1678237001940 HTTP/1.1" 200 22
101.229.22.234 - - [08/Mar/2023:08:56:24 +0800] "GET /xingrg/all/function/internal_message.html?_=1678237001942&CODE_STATE=getMsg HTTP/1.1" 200 27
116.225.84.253 - - [08/Mar/2023:08:56:26 +0800] "GET /xingrg/all/function/internal_message.html?_=1678236849199&CODE_STATE=getMsg HTTP/1.1" 200 27
116.238.139.35 - - [08/Mar/2023:08:56:28 +0800] "GET /xingrg/all/function/internal_message.html?_=1678237007415&CODE_STATE=getMsg HTTP/1.1" 200 27
116.238.139.35 - - [08/Mar/2023:08:56:30 +0800] "GET /xingrg/kc/buy/cgsh_order_operate.html?command=get_materiel&rest_code=00151&code=00101008131&supplier_code=00100008&order_time=2023-03-08 HTTP/1.1" 200 408
116.230.118.11 - - [08/Mar/2023:08:56:30 +0800] "GET /xingrg/check_reg.html?_=1678237018861 HTTP/1.1" 200 22
222.70.221.209 - - [08/Mar/2023:08:56:32 +0800] "GET /xingrg/all/function/internal_message.html?_=1678237130259&CODE_STATE=getMsg HTTP/1.1" 200 27
101.83.241.0 - - [08/Mar/2023:08:56:32 +0800] "GET /xingrg/kc/buy/cgsh_order_operate.html?command=get_materiel&rest_code=00149&code=00101008286&supplier_code=00100008&order_time=2023-03-08 HTTP/1.1" 200 408
116.238.139.35 - - [08/Mar/2023:08:56:37 +0800] "GET /xingrg/kc/buy/cgsh_order_operate.html?command=get_materiel&rest_code=00151&code=00101008169&supplier_code=00100008&order_time=2023-03-08 HTTP/1.1" 200 412
116.230.118.11 - - [08/Mar/2023:08:56:37 +0800] "GET /xingrg/all/function/internal_message.html?_=1678237026096&CODE_STATE=getMsg HTTP/1.1" 200 27
101.83.241.0 - - [08/Mar/2023:08:56:46 +0800] "POST /xingrg/kc/buy/cgsh_order_operate.html HTTP/1.1" 200 2065
116.238.139.35 - - [08/Mar/2023:08:56:52 +0800] "GET /xingrg/kc/buy/cgsh_order_operate.html?command=get_materiel&rest_code=00151&code=00101008318&supplier_code=00100008&order_time=2023-03-08 HTTP/1.1" 200 408
101.83.241.0 - - [08/Mar/2023:08:56:54 +0800] "GET /xingrg/kc/buy/cgsh_order_operate.html?command=get_materiel&rest_code=00149&code=00101008036&supplier_code=00100008&order_time=2023-03-08 HTTP/1.1" 200 408
101.83.241.0 - - [08/Mar/2023:08:56:59 +0800] "GET /xingrg/check_reg.html?_=1678237036508 HTTP/1.1" 200 22
101.83.241.0 - - [08/Mar/2023:08:56:59 +0800] "GET /xingrg/all/function/internal_message.html?_=1678237036607&CODE_STATE=getMsg HTTP/1.1" 200 27
116.192.124.172 - - [08/Mar/2023:08:57:01 +0800] "GET /xingrg/all/function/internal_message.html?_=1678237040090&CODE_STATE=getMsg HTTP/1.1" 200 27
58.40.7.146 - - [08/Mar/2023:08:57:01 +0800] "GET /xingrg/all/function/internal_message.html?_=1678237039975&CODE_STATE=getMsg HTTP/1.1" 200 27
116.238.139.35 - - [08/Mar/2023:08:57:03 +0800] "GET /xingrg/kc/buy/cgsh_order_operate.html?command=get_materiel&rest_code=00151&code=00101008005&supplier_code=00100008&order_time=2023-03-08 HTTP/1.1" 200 412
116.238.139.35 - - [08/Mar/2023:08:57:05 +0800] "GET /xingrg/check_reg.html?_=1678236979310 HTTP/1.1" 200 22
101.83.241.0 - - [08/Mar/2023:08:57:08 +0800] "GET /xingrg/kc/buy/cgsh_order_operate.html?command=get_materiel&rest_code=00149&code=00101008131&supplier_code=00100008&order_time=2023-03-08 HTTP/1.1" 200 408
58.40.7.146 - - [08/Mar/2023:08:57:08 +0800] "GET /xingrg/check_reg.html?_=1678237047091 HTTP/1.1" 200 22
58.40.7.146 - - [08/Mar/2023:08:57:08 +0800] "GET /xingrg/all/function/internal_message.html?_=1678237047093&CODE_STATE=getMsg HTTP/1.1" 200 27
116.192.124.172 - - [08/Mar/2023:08:57:10 +0800] "GET /xingrg/kc/buy/cgsh_order_operate.html?command=get_materiel&rest_code=00102&code=00101016030&supplier_code=00100096&order_time=2023-03-08 HTTP/1.1" 200 412
124.79.72.155 - - [08/Mar/2023:08:57:13 +0800] "GET /xingrg/all/function/internal_message.html?_=1678237055457&CODE_STATE=getMsg HTTP/1.1" 200 27
116.238.139.35 - - [08/Mar/2023:08:57:13 +0800] "GET /xingrg/all/function/internal_message.html?_=1678236987407&CODE_STATE=getMsg HTTP/1.1" 200 27
116.238.139.35 - - [08/Mar/2023:08:57:14 +0800] "POST /xingrg/kc/buy/cgsh_order_operate.html HTTP/1.1" 200 37
120.253.135.82 - - [08/Mar/2023:08:57:15 +0800] "GET /xingrg/kc/pszx/mdps_order_list.html?orderType=0 HTTP/1.1" 200 21032
120.253.135.82 - - [08/Mar/2023:08:57:15 +0800] "POST /xingrg/kc/pszx/mdps_list_operate.html HTTP/1.1" 200 5511
116.238.139.35 - - [08/Mar/2023:08:57:17 +0800] "POST /xingrg/kc/buy/cgsh_order_operate.html HTTP/1.1" 200 9260
120.253.135.82 - - [08/Mar/2023:08:57:18 +0800] "GET /xingrg/all/function/internal_message.html?_=1678237186018&CODE_STATE=getMsg HTTP/1.1" 200 27
120.253.135.82 - - [08/Mar/2023:08:57:18 +0800] "GET /xingrg/check_reg.html?_=1678237186019 HTTP/1.1" 200 22
116.225.84.253 - - [08/Mar/2023:08:57:19 +0800] "GET /xingrg/kc/buy/cgsh_order_add.html HTTP/1.1" 200 70043
120.253.135.82 - - [08/Mar/2023:08:57:19 +0800] "POST /xingrg/kc/pszx/mdps_list_operate.html HTTP/1.1" 200 5617
116.225.84.253 - - [08/Mar/2023:08:57:19 +0800] "POST /xingrg/kc/buy/cgsh_order_operate.html HTTP/1.1" 200 8245
116.225.84.253 - - [08/Mar/2023:08:57:22 +0800] "GET /xingrg/javascript/easyui/themes/default/validatebox.css HTTP/1.1" 404 1104
120.253.135.82 - - [08/Mar/2023:08:57:23 +0800] "GET /xingrg/all/function/internal_message.html?_=1678236888390&CODE_STATE=getMsg HTTP/1.1" 200 27
120.253.135.82 - - [08/Mar/2023:08:57:24 +0800] "POST /xingrg/kc/pszx/mdps_list_operate.html HTTP/1.1" 200 638
120.253.135.82 - - [08/Mar/2023:08:57:24 +0800] "GET /xingrg/kc/pszx/mdps_order_info.html?code=312023030800206 HTTP/1.1" 200 23976
120.253.135.82 - - [08/Mar/2023:08:57:24 +0800] "GET /xingrg/javascript/easyui/themes/default/validatebox.css HTTP/1.1" 404 1104
120.253.135.82 - - [08/Mar/2023:08:57:24 +0800] "GET /xingrg/all/common/auto_word.html?type=base&rest_code=00101 HTTP/1.1" 200 671
120.253.135.82 - - [08/Mar/2023:08:57:24 +0800] "POST /xingrg/kc/pszx/mdps_order_operate.html HTTP/1.1" 200 8359
101.229.22.234 - - [08/Mar/2023:08:57:24 +0800] "GET /xingrg/all/function/internal_message.html?_=1678237061927&CODE_STATE=getMsg HTTP/1.1" 200 27
116.225.84.253 - - [08/Mar/2023:08:57:26 +0800] "GET /xingrg/all/function/internal_message.html?_=1678236909182&CODE_STATE=getMsg HTTP/1.1" 200 27
101.83.241.0 - - [08/Mar/2023:08:57:26 +0800] "GET /xingrg/kc/buy/cgsh_order_operate.html?command=get_materiel&rest_code=00149&code=00101008108&supplier_code=00100008&order_time=2023-03-08 HTTP/1.1" 200 412
124.79.72.155 - - [08/Mar/2023:08:57:26 +0800] "GET /xingrg/kc/buy/buy_main.html HTTP/1.1" 200 12412
124.79.72.155 - - [08/Mar/2023:08:57:26 +0800] "GET /xingrg/css/new_ie.css HTTP/1.1" 404 1036
116.192.124.172 - - [08/Mar/2023:08:57:27 +0800] "GET /xingrg/kc/buy/cgsh_order_operate.html?command=get_materiel&rest_code=00102&code=00101012025&supplier_code=00100096&order_time=2023-03-08 HTTP/1.1" 200 412
124.79.72.155 - - [08/Mar/2023:08:57:27 +0800] "GET /xingrg/images/yd/bt.gif HTTP/1.1" 404 1040
124.79.72.155 - - [08/Mar/2023:08:57:28 +0800] "GET /xingrg/kc/buy/cgsh_order_list.html HTTP/1.1" 200 54185
116.238.139.35 - - [08/Mar/2023:08:57:28 +0800] "GET /xingrg/all/function/internal_message.html?_=1678237067415&CODE_STATE=getMsg HTTP/1.1" 200 27
120.253.135.82 - - [08/Mar/2023:08:57:31 +0800] "POST /xingrg/kc/pszx/mdps_list_operate.html HTTP/1.1" 200 5617
222.70.221.209 - - [08/Mar/2023:08:57:32 +0800] "GET /xingrg/all/function/internal_message.html?_=1678237190275&CODE_STATE=getMsg HTTP/1.1" 200 27
116.230.118.11 - - [08/Mar/2023:08:57:37 +0800] "GET /xingrg/all/function/internal_message.html?_=1678237086108&CODE_STATE=getMsg HTTP/1.1" 200 27
101.83.241.0 - - [08/Mar/2023:08:57:40 +0800] "GET /xingrg/kc/buy/cgsh_order_operate.html?command=get_materiel&rest_code=00149&code=00101008318&supplier_code=00100008&order_time=2023-03-08 HTTP/1.1" 200 408
124.79.72.155 - - [08/Mar/2023:08:57:45 +0800] "POST /xingrg/kc/buy/cgsh_list_operate.html HTTP/1.1" 200 5881
116.192.124.172 - - [08/Mar/2023:08:57:46 +0800] "GET /xingrg/kc/buy/cgsh_order_operate.html?command=get_materiel&rest_code=00102&code=00101006111&supplier_code=00100096&order_time=2023-03-08 HTTP/1.1" 200 411
124.79.72.155 - - [08/Mar/2023:08:57:50 +0800] "GET /xingrg/javascript/jquery_tools/images/next.gif HTTP/1.1" 404 1086
124.79.72.155 - - [08/Mar/2023:08:57:50 +0800] "GET /xingrg/javascript/jquery_tools/images/prev.gif HTTP/1.1" 404 1086
101.83.241.0 - - [08/Mar/2023:08:57:55 +0800] "GET /xingrg/kc/buy/cgsh_order_operate.html?command=get_materiel&rest_code=00149&code=00101008005&supplier_code=00100008&order_time=2023-03-08 HTTP/1.1" 200 412
101.83.241.0 - - [08/Mar/2023:08:57:59 +0800] "GET /xingrg/all/function/internal_message.html?_=1678237096595&CODE_STATE=getMsg HTTP/1.1" 200 27
124.79.72.155 - - [08/Mar/2023:08:57:59 +0800] "POST /xingrg/kc/buy/cgsh_list_operate.html HTTP/1.1" 200 6095
116.192.124.172 - - [08/Mar/2023:08:58:01 +0800] "GET /xingrg/check_reg.html?_=1678237100086 HTTP/1.1" 200 22
116.192.124.172 - - [08/Mar/2023:08:58:01 +0800] "GET /xingrg/all/function/internal_message.html?_=1678237100086&CODE_STATE=getMsg HTTP/1.1" 200 27
58.40.7.146 - - [08/Mar/2023:08:58:01 +0800] "GET /xingrg/all/function/internal_message.html?_=1678237099979&CODE_STATE=getMsg HTTP/1.1" 200 27
58.40.7.146 - - [08/Mar/2023:08:58:01 +0800] "GET /xingrg/check_reg.html?_=1678237100528 HTTP/1.1" 200 22
101.83.241.0 - - [08/Mar/2023:08:58:02 +0800] "POST /xingrg/kc/buy/cgsh_order_operate.html HTTP/1.1" 200 2065
116.192.124.172 - - [08/Mar/2023:08:58:05 +0800] "GET /xingrg/kc/buy/cgsh_order_operate.html?command=get_materiel&rest_code=00102&code=00101006112&supplier_code=00100096&order_time=2023-03-08 HTTP/1.1" 200 411
116.225.84.253 - - [08/Mar/2023:08:58:06 +0800] "GET /xingrg/kc/buy/cgsh_order_operate.html?command=get_materiel&rest_code=00105&code=00101008312&supplier_code=00100203&order_time=2023-03-08 HTTP/1.1" 200 412
124.79.72.155 - - [08/Mar/2023:08:58:07 +0800] "POST /xingrg/kc/buy/cgsh_list_operate.html HTTP/1.1" 200 566
124.79.72.155 - - [08/Mar/2023:08:58:07 +0800] "GET /xingrg/kc/buy/cgsh_order_info.html?code=212023030501581 HTTP/1.1" 200 64940
124.79.72.155 - - [08/Mar/2023:08:58:08 +0800] "GET /xingrg/words/20230307174845_words.js HTTP/1.1" 304 -
124.79.72.155 - - [08/Mar/2023:08:58:08 +0800] "GET /xingrg/javascript/easyui/themes/default/validatebox.css HTTP/1.1" 404 1104
58.40.7.146 - - [08/Mar/2023:08:58:08 +0800] "GET /xingrg/all/function/internal_message.html?_=1678237107094&CODE_STATE=getMsg HTTP/1.1" 200 27
124.79.72.155 - - [08/Mar/2023:08:58:08 +0800] "POST /xingrg/kc/buy/cgsh_order_operate.html HTTP/1.1" 200 14793
124.79.72.155 - - [08/Mar/2023:08:58:10 +0800] "GET /xingrg/kc/print/load_config.html?kc_code=cgsh HTTP/1.1" 200 1925
124.79.72.155 - - [08/Mar/2023:08:58:10 +0800] "GET /xingrg/kc/print/load_data.html?order_code=212023030501581&kc_code=cgsh HTTP/1.1" 200 6105
101.83.241.0 - - [08/Mar/2023:08:58:12 +0800] "GET /xingrg/kc/buy/cgsh_order_operate.html?command=get_materiel&rest_code=00149&code=00101008353&supplier_code=00100008&order_time=2023-03-08 HTTP/1.1" 200 408
124.79.72.155 - - [08/Mar/2023:08:58:13 +0800] "GET /xingrg/all/function/internal_message.html?_=1678237115458&CODE_STATE=getMsg HTTP/1.1" 200 27
116.238.139.35 - - [08/Mar/2023:08:58:13 +0800] "GET /xingrg/all/function/internal_message.html?_=1678237047421&CODE_STATE=getMsg HTTP/1.1" 200 27
116.192.124.172 - - [08/Mar/2023:08:58:16 +0800] "GET /xingrg/kc/buy/cgsh_order_operate.html?command=get_materiel&rest_code=00102&code=00101006144&supplier_code=00100096&order_time=2023-03-08 HTTP/1.1" 200 411
120.253.135.82 - - [08/Mar/2023:08:58:19 +0800] "GET /xingrg/all/function/internal_message.html?_=1678237246021&CODE_STATE=getMsg HTTP/1.1" 200 27
120.253.135.82 - - [08/Mar/2023:08:58:24 +0800] "GET /xingrg/all/function/internal_message.html?_=1678236948404&CODE_STATE=getMsg HTTP/1.1" 200 27
101.229.22.234 - - [08/Mar/2023:08:58:24 +0800] "GET /xingrg/all/function/internal_message.html?_=1678237121927&CODE_STATE=getMsg HTTP/1.1" 200 27
101.83.241.0 - - [08/Mar/2023:08:58:25 +0800] "GET /xingrg/kc/buy/cgsh_order_operate.html?command=get_materiel&rest_code=00149&code=00101008359&supplier_code=00100008&order_time=2023-03-08 HTTP/1.1" 200 408
116.225.84.253 - - [08/Mar/2023:08:58:26 +0800] "GET /xingrg/all/function/internal_message.html?_=1678236969167&CODE_STATE=getMsg HTTP/1.1" 200 27
116.225.84.253 - - [08/Mar/2023:08:58:26 +0800] "GET /xingrg/check_reg.html?_=1678236969435 HTTP/1.1" 200 22
116.238.139.35 - - [08/Mar/2023:08:58:28 +0800] "GET /xingrg/all/function/internal_message.html?_=1678237127416&CODE_STATE=getMsg HTTP/1.1" 200 27
116.192.124.172 - - [08/Mar/2023:08:58:29 +0800] "GET /xingrg/kc/buy/cgsh_order_operate.html?command=get_materiel&rest_code=00102&code=00101007082&supplier_code=00100096&order_time=2023-03-08 HTTP/1.1" 200 429
222.70.221.209 - - [08/Mar/2023:08:58:32 +0800] "GET /xingrg/all/function/internal_message.html?_=1678237250271&CODE_STATE=getMsg HTTP/1.1" 200 27
116.230.118.11 - - [08/Mar/2023:08:58:38 +0800] "GET /xingrg/all/function/internal_message.html?_=1678237146317&CODE_STATE=getMsg HTTP/1.1" 200 27
116.192.124.172 - - [08/Mar/2023:08:58:43 +0800] "GET /xingrg/kc/buy/cgsh_order_operate.html?command=get_materiel&rest_code=00102&code=00101007081&supplier_code=00100096&order_time=2023-03-08 HTTP/1.1" 200 415
116.238.139.35 - - [08/Mar/2023:08:58:46 +0800] "POST /xingrg/kc/buy/cgsh_order_operate.html HTTP/1.1" 200 37
116.238.139.35 - - [08/Mar/2023:08:58:50 +0800] "POST /xingrg/kc/buy/cgsh_order_operate.html HTTP/1.1" 200 12
116.238.139.35 - - [08/Mar/2023:08:58:53 +0800] "GET /xingrg/kc/buy/cgsh_order_info.html?code=212023030802630 HTTP/1.1" 200 64477
116.238.139.35 - - [08/Mar/2023:08:58:53 +0800] "GET /xingrg/javascript/easyui/themes/default/validatebox.css HTTP/1.1" 404 1104
116.238.139.35 - - [08/Mar/2023:08:58:54 +0800] "POST /xingrg/kc/buy/cgsh_order_operate.html HTTP/1.1" 200 7185
116.238.139.35 - - [08/Mar/2023:08:58:56 +0800] "GET /xingrg/kc/print/load_data.html?order_code=212023030802630&kc_code=cgsh&condition= HTTP/1.1" 200 3288
116.192.124.172 - - [08/Mar/2023:08:58:58 +0800] "GET /xingrg/kc/buy/cgsh_order_operate.html?command=get_materiel&rest_code=00102&code=00101007077&supplier_code=00100096&order_time=2023-03-08 HTTP/1.1" 200 415
101.83.241.0 - - [08/Mar/2023:08:58:59 +0800] "GET /xingrg/all/function/internal_message.html?_=1678237156578&CODE_STATE=getMsg HTTP/1.1" 200 27
116.192.124.172 - - [08/Mar/2023:08:59:01 +0800] "GET /xingrg/all/function/internal_message.html?_=1678237160085&CODE_STATE=getMsg HTTP/1.1" 200 27
58.40.7.146 - - [08/Mar/2023:08:59:01 +0800] "GET /xingrg/all/function/internal_message.html?_=1678237159984&CODE_STATE=getMsg HTTP/1.1" 200 27
116.225.84.253 - - [08/Mar/2023:08:59:07 +0800] "GET /xingrg/kc/buy/cgsh_order_operate.html?command=get_materiel&rest_code=00105&code=00101008353&supplier_code=00100203&order_time=2023-03-08 HTTP/1.1" 200 408
58.40.7.146 - - [08/Mar/2023:08:59:08 +0800] "GET /xingrg/all/function/internal_message.html?_=1678237167081&CODE_STATE=getMsg HTTP/1.1" 200 27
116.192.124.172 - - [08/Mar/2023:08:59:12 +0800] "POST /xingrg/kc/buy/cgsh_order_operate.html HTTP/1.1" 200 37
124.79.72.155 - - [08/Mar/2023:08:59:13 +0800] "GET /xingrg/all/function/internal_message.html?_=1678237175464&CODE_STATE=getMsg HTTP/1.1" 200 27
116.238.139.35 - - [08/Mar/2023:08:59:13 +0800] "GET /xingrg/all/function/internal_message.html?_=1678237107435&CODE_STATE=getMsg HTTP/1.1" 200 27
101.83.241.0 - - [08/Mar/2023:08:59:16 +0800] "GET /xingrg/kc/buy/cgsh_order_operate.html?command=get_materiel&rest_code=00149&code=00101008095&supplier_code=00100008&order_time=2023-03-08 HTTP/1.1" 200 412
116.192.124.172 - - [08/Mar/2023:08:59:16 +0800] "POST /xingrg/kc/buy/cgsh_order_operate.html HTTP/1.1" 200 12
120.253.135.82 - - [08/Mar/2023:08:59:18 +0800] "GET /xingrg/all/function/internal_message.html?_=1678237306027&CODE_STATE=getMsg HTTP/1.1" 200 27
116.192.124.172 - - [08/Mar/2023:08:59:19 +0800] "GET /xingrg/kc/buy/cgsh_order_info.html?code=212023030802631 HTTP/1.1" 200 64886
116.192.124.172 - - [08/Mar/2023:08:59:20 +0800] "GET /xingrg/javascript/easyui/themes/default/validatebox.css HTTP/1.1" 404 1104
116.192.124.172 - - [08/Mar/2023:08:59:20 +0800] "POST /xingrg/kc/buy/cgsh_order_operate.html HTTP/1.1" 200 4769
120.253.135.82 - - [08/Mar/2023:08:59:24 +0800] "GET /xingrg/all/function/internal_message.html?_=1678237008446&CODE_STATE=getMsg HTTP/1.1" 200 27
101.229.22.234 - - [08/Mar/2023:08:59:24 +0800] "GET /xingrg/all/function/internal_message.html?_=1678237181928&CODE_STATE=getMsg HTTP/1.1" 200 27
116.225.84.253 - - [08/Mar/2023:08:59:26 +0800] "GET /xingrg/all/function/internal_message.html?_=1678237029138&CODE_STATE=getMsg HTTP/1.1" 200 27
116.238.139.35 - - [08/Mar/2023:08:59:28 +0800] "GET /xingrg/all/function/internal_message.html?_=1678237187418&CODE_STATE=getMsg HTTP/1.1" 200 27
116.224.106.218 - - [08/Mar/2023:08:59:30 +0800] "GET /xingrg/check_reg.html?_=1678237189506 HTTP/1.1" 200 22
222.70.221.209 - - [08/Mar/2023:08:59:32 +0800] "GET /xingrg/all/function/internal_message.html?_=1678237310264&CODE_STATE=getMsg HTTP/1.1" 200 27
116.225.84.253 - - [08/Mar/2023:08:59:33 +0800] "GET /xingrg/kc/buy/cgsh_order_operate.html?command=get_materiel&rest_code=00105&code=00101008275&supplier_code=00100203&order_time=2023-03-08 HTTP/1.1" 200 416
116.230.118.11 - - [08/Mar/2023:08:59:38 +0800] "GET /xingrg/all/function/internal_message.html?_=1678237206322&CODE_STATE=getMsg HTTP/1.1" 200 27
116.192.124.172 - - [08/Mar/2023:08:59:41 +0800] "GET /xingrg/kc/print/load_config.html?kc_code=cgsh HTTP/1.1" 200 1925
116.192.124.172 - - [08/Mar/2023:08:59:41 +0800] "GET /xingrg/kc/print/load_data.html?order_code=212023030802631&kc_code=cgsh&condition= HTTP/1.1" 200 2252
101.83.241.0 - - [08/Mar/2023:08:59:45 +0800] "GET /xingrg/kc/buy/cgsh_order_operate.html?command=get_materiel&rest_code=00149&code=00101008019&supplier_code=00100008&order_time=2023-03-08 HTTP/1.1" 200 416
116.192.124.172 - - [08/Mar/2023:08:59:48 +0800] "GET /xingrg/kc/buy/cgsh_order_add.html HTTP/1.1" 200 69996
116.192.124.172 - - [08/Mar/2023:08:59:48 +0800] "POST /xingrg/kc/buy/cgsh_order_operate.html HTTP/1.1" 200 8245
116.192.124.172 - - [08/Mar/2023:08:59:48 +0800] "GET /xingrg/javascript/easyui/themes/default/validatebox.css HTTP/1.1" 404 1104
116.192.124.172 - - [08/Mar/2023:08:59:49 +0800] "GET /xingrg/javascript/easyui/plugins/jquery.draggable.js HTTP/1.1" 200 6121
116.192.124.172 - - [08/Mar/2023:08:59:49 +0800] "GET /xingrg/css/images/panel_loading.gif HTTP/1.1" 200 1737
116.192.124.172 - - [08/Mar/2023:08:59:49 +0800] "GET /xingrg/javascript/easyui/plugins/jquery.droppable.js HTTP/1.1" 200 1167
116.192.124.172 - - [08/Mar/2023:08:59:49 +0800] "GET /xingrg/javascript/easyui/themes/default/tree.css HTTP/1.1" 404 1090
116.192.124.172 - - [08/Mar/2023:08:59:50 +0800] "GET /xingrg/javascript/easyui/plugins/jquery.tree.js HTTP/1.1" 200 20874
116.192.124.172 - - [08/Mar/2023:08:59:50 +0800] "POST /xingrg/all/common/load_tree.html?tree=supplier_tree_json&isDelete=1 HTTP/1.1" 200 71093
116.192.124.172 - - [08/Mar/2023:08:59:51 +0800] "GET /xingrg/javascript/easyui/themes/default/images/tree_arrows.gif HTTP/1.1" 200 617
116.192.124.172 - - [08/Mar/2023:08:59:51 +0800] "GET /xingrg/javascript/easyui/themes/default/images/tree_file.gif HTTP/1.1" 200 118
116.192.124.172 - - [08/Mar/2023:08:59:51 +0800] "GET /xingrg/javascript/easyui/themes/default/images/tree_folder.gif HTTP/1.1" 200 952
116.192.124.172 - - [08/Mar/2023:08:59:51 +0800] "GET /xingrg/javascript/easyui/themes/default/images/tree_folder_open.gif HTTP/1.1" 200 956
116.225.84.253 - - [08/Mar/2023:08:59:58 +0800] "GET /xingrg/kc/buy/cgsh_order_operate.html?command=get_materiel&rest_code=00105&code=00101008256&supplier_code=00100203&order_time=2023-03-08 HTTP/1.1" 200 412
101.83.241.0 - - [08/Mar/2023:08:59:59 +0800] "GET /xingrg/all/function/internal_message.html?_=1678237216564&CODE_STATE=getMsg HTTP/1.1" 200 27
116.192.124.172 - - [08/Mar/2023:09:00:01 +0800] "GET /xingrg/all/function/internal_message.html?_=1678237220122&CODE_STATE=getMsg HTTP/1.1" 200 27
58.40.7.146 - - [08/Mar/2023:09:00:01 +0800] "GET /xingrg/all/function/internal_message.html?_=1678237219988&CODE_STATE=getMsg HTTP/1.1" 200 27
116.192.124.172 - - [08/Mar/2023:09:00:07 +0800] "GET /xingrg/kc/buy/cgsh_order_operate.html?command=get_materiel&rest_code=00102&code=00101029085&supplier_code=00100406&order_time=2023-03-08 HTTP/1.1" 200 447
58.40.7.146 - - [08/Mar/2023:09:00:08 +0800] "GET /xingrg/all/function/internal_message.html?_=1678237227082&CODE_STATE=getMsg HTTP/1.1" 200 27
124.79.72.155 - - [08/Mar/2023:09:00:08 +0800] "POST /xingrg/kc/buy/cgsh_list_operate.html HTTP/1.1" 200 203
124.79.72.155 - - [08/Mar/2023:09:00:09 +0800] "GET /xingrg/kc/buy/cgsh_order_info.html?code=212023030501810 HTTP/1.1" 200 64940
124.79.72.155 - - [08/Mar/2023:09:00:09 +0800] "GET /xingrg/javascript/easyui/themes/default/validatebox.css HTTP/1.1" 404 1104
124.79.72.155 - - [08/Mar/2023:09:00:10 +0800] "POST /xingrg/kc/buy/cgsh_order_operate.html HTTP/1.1" 200 613
124.79.72.155 - - [08/Mar/2023:09:00:11 +0800] "GET /xingrg/kc/print/load_data.html?order_code=212023030501810&kc_code=cgsh HTTP/1.1" 200 747
124.79.72.155 - - [08/Mar/2023:09:00:13 +0800] "GET /xingrg/all/function/internal_message.html?_=1678237235454&CODE_STATE=getMsg HTTP/1.1" 200 27
116.238.139.35 - - [08/Mar/2023:09:00:13 +0800] "GET /xingrg/all/function/internal_message.html?_=1678237167510&CODE_STATE=getMsg HTTP/1.1" 200 27
120.253.135.82 - - [08/Mar/2023:09:00:18 +0800] "GET /xingrg/all/function/internal_message.html?_=1678237366031&CODE_STATE=getMsg HTTP/1.1" 200 27
116.192.124.172 - - [08/Mar/2023:09:00:19 +0800] "POST /xingrg/kc/buy/cgsh_order_operate.html HTTP/1.1" 200 37
124.79.72.155 - - [08/Mar/2023:09:00:20 +0800] "POST /xingrg/kc/buy/cgsh_list_operate.html HTTP/1.1" 200 6095
