101.83.241.0 - - [08/Mar/2023:10:57:58 +0800] "GET /xingrg/all/function/internal_message.html?_=1678244296010&CODE_STATE=getMsg HTTP/1.1" 200 27
180.164.3.199 - - [08/Mar/2023:10:58:00 +0800] "GET /xingrg/all/function/internal_message.html?_=1678244298305&CODE_STATE=getMsg HTTP/1.1" 200 27
58.40.7.146 - - [08/Mar/2023:10:58:01 +0800] "GET /xingrg/all/function/internal_message.html?_=1678244300031&CODE_STATE=getMsg HTTP/1.1" 200 27
58.40.7.146 - - [08/Mar/2023:10:58:01 +0800] "GET /xingrg/check_reg.html?_=1678244300392 HTTP/1.1" 200 22
222.67.232.202 - - [08/Mar/2023:10:58:04 +0800] "GET /xingrg/all/function/internal_message.html?_=1678243857676&CODE_STATE=getMsg HTTP/1.1" 200 27
114.83.222.182 - - [08/Mar/2023:10:58:05 +0800] "GET /xingrg/all/function/internal_message.html?_=1678244366749&CODE_STATE=getMsg HTTP/1.1" 200 27
116.192.124.172 - - [08/Mar/2023:10:58:07 +0800] "GET /xingrg/check_reg.html?_=1678244306078 HTTP/1.1" 200 22
58.40.7.146 - - [08/Mar/2023:10:58:08 +0800] "GET /xingrg/all/function/internal_message.html?_=1678244307130&CODE_STATE=getMsg HTTP/1.1" 200 27
222.70.182.154 - - [08/Mar/2023:10:58:09 +0800] "GET /xingrg/all/function/internal_message.html?_=1678244307260&CODE_STATE=getMsg HTTP/1.1" 200 27
222.70.221.209 - - [08/Mar/2023:10:58:09 +0800] "GET /xingrg/all/function/internal_message.html?_=1678244308477&CODE_STATE=getMsg HTTP/1.1" 200 27
180.169.147.146 - - [08/Mar/2023:10:58:15 +0800] "GET /xingrg/all/function/internal_message.html?_=1678244314247&CODE_STATE=getMsg HTTP/1.1" 200 27
180.169.147.146 - - [08/Mar/2023:10:58:15 +0800] "GET /xingrg/check_reg.html?_=1678244314249 HTTP/1.1" 200 22
120.253.135.82 - - [08/Mar/2023:10:58:19 +0800] "GET /xingrg/all/function/internal_message.html?_=1678244446693&CODE_STATE=getMsg HTTP/1.1" 200 27
116.225.84.253 - - [08/Mar/2023:10:58:24 +0800] "GET /xingrg/all/function/internal_message.html?_=1678244166792&CODE_STATE=getMsg HTTP/1.1" 200 27
101.229.22.234 - - [08/Mar/2023:10:58:25 +0800] "GET /xingrg/all/function/internal_message.html?_=1678244322122&CODE_STATE=getMsg HTTP/1.1" 200 27
101.83.241.0 - - [08/Mar/2023:10:58:25 +0800] "POST /xingrg/dwr/call/plaincall/AjaxReportQueryService.refreshCache.dwr HTTP/1.1" 200 78
61.170.233.90 - - [08/Mar/2023:10:58:26 +0800] "GET /xingrg/check_reg.html?_=1678244323789 HTTP/1.1" 200 22
180.169.147.146 - - [08/Mar/2023:10:58:26 +0800] "GET /xingrg/all/function/internal_message.html?_=1678244324036&CODE_STATE=getMsg HTTP/1.1" 200 27
61.170.233.90 - - [08/Mar/2023:10:58:26 +0800] "GET /xingrg/all/function/internal_message.html?_=1678244323966&CODE_STATE=getMsg HTTP/1.1" 200 27
116.225.84.253 - - [08/Mar/2023:10:58:26 +0800] "GET /xingrg/check_reg.html?_=1678244169601 HTTP/1.1" 200 22
101.83.241.0 - - [08/Mar/2023:10:58:26 +0800] "POST /xingrg/all/report/load_report_page.html HTTP/1.1" 200 16430
101.83.241.0 - - [08/Mar/2023:10:58:26 +0800] "GET /xingrg/servlets/image?cache=0.4874089618648123&image=px HTTP/1.1" 200 807
116.238.139.35 - - [08/Mar/2023:10:58:28 +0800] "GET /xingrg/all/function/internal_message.html?_=1678244327506&CODE_STATE=getMsg HTTP/1.1" 200 27
222.70.221.209 - - [08/Mar/2023:10:58:32 +0800] "GET /xingrg/all/function/internal_message.html?_=1678244450264&CODE_STATE=getMsg HTTP/1.1" 200 27
101.83.241.0 - - [08/Mar/2023:10:58:34 +0800] "POST /xingrg/all/report/report_print.html HTTP/1.1" 302 -
101.83.241.0 - - [08/Mar/2023:10:58:34 +0800] "GET /xingrg/servlets/html?sysBaseUrl=http%3A%2F%2F180.169.147.146%3A18081%2Fxingrg%2F&costTime=266×tamp=1678244314477 HTTP/1.1" 200 17863
101.83.241.0 - - [08/Mar/2023:10:58:34 +0800] "GET /xingrg/servlets/image?image=px HTTP/1.1" 200 807
101.83.241.0 - - [08/Mar/2023:10:58:34 +0800] "GET /favicon.ico HTTP/1.1" 404 -
116.230.118.11 - - [08/Mar/2023:10:58:42 +0800] "GET /xingrg/all/function/internal_message.html?_=1678244350908&CODE_STATE=getMsg HTTP/1.1" 200 27
124.79.240.233 - - [08/Mar/2023:10:58:42 +0800] "GET /xingrg/all/function/internal_message.html?_=1678244593304&CODE_STATE=getMsg HTTP/1.1" 200 27
124.79.240.233 - - [08/Mar/2023:10:58:42 +0800] "GET /xingrg/check_reg.html?_=1678244593306 HTTP/1.1" 200 22
124.79.72.155 - - [08/Mar/2023:10:58:42 +0800] "GET /xingrg/all/function/internal_message.html?_=1678244345236&CODE_STATE=getMsg HTTP/1.1" 200 27
116.192.124.172 - - [08/Mar/2023:10:58:57 +0800] "GET /xingrg/kc/buy/cgsh_order_list.html HTTP/1.1" 200 54179
116.192.124.172 - - [08/Mar/2023:10:58:58 +0800] "POST /xingrg/kc/buy/cgsh_list_operate.html HTTP/1.1" 200 986
101.83.241.0 - - [08/Mar/2023:10:58:58 +0800] "GET /xingrg/all/function/internal_message.html?_=1678244355989&CODE_STATE=getMsg HTTP/1.1" 200 27
180.164.3.199 - - [08/Mar/2023:10:59:00 +0800] "GET /xingrg/all/function/internal_message.html?_=1678244358291&CODE_STATE=getMsg HTTP/1.1" 200 27
58.40.7.146 - - [08/Mar/2023:10:59:01 +0800] "GET /xingrg/all/function/internal_message.html?_=1678244360034&CODE_STATE=getMsg HTTP/1.1" 200 27
222.67.232.202 - - [08/Mar/2023:10:59:04 +0800] "GET /xingrg/all/function/internal_message.html?_=1678243917646&CODE_STATE=getMsg HTTP/1.1" 200 27
114.83.222.182 - - [08/Mar/2023:10:59:05 +0800] "GET /xingrg/all/function/internal_message.html?_=1678244426754&CODE_STATE=getMsg HTTP/1.1" 200 27
114.83.222.182 - - [08/Mar/2023:10:59:05 +0800] "GET /xingrg/check_reg.html?_=1678244426760 HTTP/1.1" 200 22
222.67.232.202 - - [08/Mar/2023:10:59:05 +0800] "GET /xingrg/check_reg.html?_=1678243917928 HTTP/1.1" 200 22
116.192.124.172 - - [08/Mar/2023:10:59:05 +0800] "GET /xingrg/kc/buy/cgsh_order_add.html HTTP/1.1" 200 69996
116.192.124.172 - - [08/Mar/2023:10:59:05 +0800] "GET /xingrg/words/20230307174845_words.js HTTP/1.1" 304 -
116.192.124.172 - - [08/Mar/2023:10:59:05 +0800] "POST /xingrg/kc/buy/cgsh_order_operate.html HTTP/1.1" 200 8245
116.192.124.172 - - [08/Mar/2023:10:59:05 +0800] "GET /xingrg/javascript/easyui/themes/default/validatebox.css HTTP/1.1" 404 1104
58.40.7.146 - - [08/Mar/2023:10:59:08 +0800] "GET /xingrg/all/function/internal_message.html?_=1678244367134&CODE_STATE=getMsg HTTP/1.1" 200 27
222.70.182.154 - - [08/Mar/2023:10:59:09 +0800] "GET /xingrg/all/function/internal_message.html?_=1678244367239&CODE_STATE=getMsg HTTP/1.1" 200 27
222.70.221.209 - - [08/Mar/2023:10:59:09 +0800] "GET /xingrg/all/function/internal_message.html?_=1678244368471&CODE_STATE=getMsg HTTP/1.1" 200 27
101.83.241.0 - - [08/Mar/2023:10:59:11 +0800] "POST /xingrg/dwr/call/plaincall/AjaxReportQueryService.refreshCache.dwr HTTP/1.1" 200 78
101.83.241.0 - - [08/Mar/2023:10:59:12 +0800] "POST /xingrg/all/report/load_report_page.html HTTP/1.1" 200 23160
101.83.241.0 - - [08/Mar/2023:10:59:12 +0800] "GET /xingrg/servlets/image?cache=0.812559790411935&image=px HTTP/1.1" 200 807
180.169.147.146 - - [08/Mar/2023:10:59:15 +0800] "GET /xingrg/all/function/internal_message.html?_=1678244374249&CODE_STATE=getMsg HTTP/1.1" 200 27
120.253.135.82 - - [08/Mar/2023:10:59:19 +0800] "GET /xingrg/all/function/internal_message.html?_=1678244506686&CODE_STATE=getMsg HTTP/1.1" 200 27
116.225.84.253 - - [08/Mar/2023:10:59:24 +0800] "GET /xingrg/all/function/internal_message.html?_=1678244226768&CODE_STATE=getMsg HTTP/1.1" 200 27
101.229.22.234 - - [08/Mar/2023:10:59:25 +0800] "GET /xingrg/all/function/internal_message.html?_=1678244382106&CODE_STATE=getMsg HTTP/1.1" 200 27
180.163.28.143 - - [08/Mar/2023:10:59:25 +0800] "GET /xingrg/check_reg.html?_=1678244323789 HTTP/1.1" 302 -
180.163.28.143 - - [08/Mar/2023:10:59:25 +0800] "GET /xingrg/login.html HTTP/1.1" 200 7641
180.169.147.146 - - [08/Mar/2023:10:59:26 +0800] "GET /xingrg/all/function/internal_message.html?_=1678244384007&CODE_STATE=getMsg HTTP/1.1" 200 27
61.170.233.90 - - [08/Mar/2023:10:59:26 +0800] "GET /xingrg/all/function/internal_message.html?_=1678244383953&CODE_STATE=getMsg HTTP/1.1" 200 27
101.83.241.0 - - [08/Mar/2023:10:59:26 +0800] "POST /xingrg/dwr/call/plaincall/AjaxReportQueryService.refreshCache.dwr HTTP/1.1" 200 78
101.83.241.0 - - [08/Mar/2023:10:59:28 +0800] "POST /xingrg/all/report/load_report_page.html HTTP/1.1" 200 16419
101.83.241.0 - - [08/Mar/2023:10:59:28 +0800] "GET /xingrg/servlets/image?cache=0.3740980911192958&image=px HTTP/1.1" 200 807
116.238.139.35 - - [08/Mar/2023:10:59:28 +0800] "GET /xingrg/all/function/internal_message.html?_=1678244387508&CODE_STATE=getMsg HTTP/1.1" 200 27
116.224.106.218 - - [08/Mar/2023:10:59:31 +0800] "GET /xingrg/check_reg.html?_=1678244389679 HTTP/1.1" 200 22
222.70.221.209 - - [08/Mar/2023:10:59:32 +0800] "GET /xingrg/all/function/internal_message.html?_=1678244510271&CODE_STATE=getMsg HTTP/1.1" 200 27
101.83.241.0 - - [08/Mar/2023:10:59:34 +0800] "POST /xingrg/all/report/report_print.html HTTP/1.1" 302 -
101.83.241.0 - - [08/Mar/2023:10:59:34 +0800] "GET /xingrg/servlets/html?sysBaseUrl=http%3A%2F%2F180.169.147.146%3A18081%2Fxingrg%2F&costTime=309×tamp=1678244374470 HTTP/1.1" 200 17859
101.83.241.0 - - [08/Mar/2023:10:59:34 +0800] "GET /xingrg/servlets/image?image=px HTTP/1.1" 200 807
101.83.241.0 - - [08/Mar/2023:10:59:34 +0800] "GET /favicon.ico HTTP/1.1" 404 -
116.230.118.11 - - [08/Mar/2023:10:59:39 +0800] "POST /xingrg/kc/buy/cgsh_order_operate.html HTTP/1.1" 200 37
116.230.118.11 - - [08/Mar/2023:10:59:42 +0800] "GET /xingrg/all/function/internal_message.html?_=1678244410937&CODE_STATE=getMsg HTTP/1.1" 200 27
124.79.240.233 - - [08/Mar/2023:10:59:42 +0800] "GET /xingrg/all/function/internal_message.html?_=1678244653304&CODE_STATE=getMsg HTTP/1.1" 200 27
124.79.72.155 - - [08/Mar/2023:10:59:42 +0800] "GET /xingrg/all/function/internal_message.html?_=1678244405241&CODE_STATE=getMsg HTTP/1.1" 200 27
116.230.118.11 - - [08/Mar/2023:10:59:43 +0800] "POST /xingrg/kc/buy/cgsh_order_operate.html HTTP/1.1" 200 36960
116.230.118.11 - - [08/Mar/2023:10:59:45 +0800] "GET /xingrg/kc/print/load_config.html?kc_code=cgsh HTTP/1.1" 200 1925
116.230.118.11 - - [08/Mar/2023:10:59:45 +0800] "GET /xingrg/kc/print/load_data.html?order_code=212023030802662&kc_code=cgsh&condition= HTTP/1.1" 200 13689
101.83.241.0 - - [08/Mar/2023:10:59:58 +0800] "GET /xingrg/all/function/internal_message.html?_=1678244415969&CODE_STATE=getMsg HTTP/1.1" 200 27
180.164.3.199 - - [08/Mar/2023:11:00:00 +0800] "GET /xingrg/all/function/internal_message.html?_=1678244418278&CODE_STATE=getMsg HTTP/1.1" 200 27
116.192.124.172 - - [08/Mar/2023:11:00:00 +0800] "GET /xingrg/kc/base/wldb_order_list.html HTTP/1.1" 200 19098
116.192.124.172 - - [08/Mar/2023:11:00:01 +0800] "POST /xingrg/kc/base/wldb_list_operate.html HTTP/1.1" 200 928
58.40.7.146 - - [08/Mar/2023:11:00:01 +0800] "GET /xingrg/all/function/internal_message.html?_=1678244420038&CODE_STATE=getMsg HTTP/1.1" 200 27
222.67.232.202 - - [08/Mar/2023:11:00:04 +0800] "GET /xingrg/all/function/internal_message.html?_=1678243977621&CODE_STATE=getMsg HTTP/1.1" 200 27
114.83.222.182 - - [08/Mar/2023:11:00:05 +0800] "GET /xingrg/all/function/internal_message.html?_=1678244486760&CODE_STATE=getMsg HTTP/1.1" 200 27
116.192.124.172 - - [08/Mar/2023:11:00:07 +0800] "GET /xingrg/kc/base/wldb_order_add.html HTTP/1.1" 200 30377
116.192.124.172 - - [08/Mar/2023:11:00:07 +0800] "POST /xingrg/kc/base/wldb_order_operate.html HTTP/1.1" 200 6806
116.192.124.172 - - [08/Mar/2023:11:00:07 +0800] "GET /xingrg/javascript/easyui/themes/default/validatebox.css HTTP/1.1" 404 1104
116.192.124.172 - - [08/Mar/2023:11:00:08 +0800] "POST /xingrg/all/common/load_combo.html?type=base HTTP/1.1" 200 3321
58.40.7.146 - - [08/Mar/2023:11:00:08 +0800] "GET /xingrg/all/function/internal_message.html?_=1678244427143&CODE_STATE=getMsg HTTP/1.1" 200 27
222.70.182.154 - - [08/Mar/2023:11:00:09 +0800] "GET /xingrg/all/function/internal_message.html?_=1678244427222&CODE_STATE=getMsg HTTP/1.1" 200 27
222.70.221.209 - - [08/Mar/2023:11:00:09 +0800] "GET /xingrg/all/function/internal_message.html?_=1678244428493&CODE_STATE=getMsg HTTP/1.1" 200 27
116.192.124.172 - - [08/Mar/2023:11:00:10 +0800] "POST /xingrg/all/common/load_combo.html?type=base HTTP/1.1" 200 3321
101.83.241.0 - - [08/Mar/2023:11:00:14 +0800] "POST /xingrg/dwr/call/plaincall/AjaxReportQueryService.refreshCache.dwr HTTP/1.1" 200 78
180.169.147.146 - - [08/Mar/2023:11:00:15 +0800] "GET /xingrg/all/function/internal_message.html?_=1678244434243&CODE_STATE=getMsg HTTP/1.1" 200 27
101.83.241.0 - - [08/Mar/2023:11:00:16 +0800] "POST /xingrg/all/report/load_report_page.html HTTP/1.1" 200 16412
101.83.241.0 - - [08/Mar/2023:11:00:16 +0800] "GET /xingrg/servlets/image?cache=0.5036524759426498&image=px HTTP/1.1" 200 807
116.192.124.172 - - [08/Mar/2023:11:00:16 +0800] "GET /xingrg/javascript/auto/indicator.gif HTTP/1.1" 404 1066
116.192.124.172 - - [08/Mar/2023:11:00:18 +0800] "GET /xingrg/kc/base/wldb_order_operate.html?command=get_materiel&rest_code=00102&base_code=0010476&code=00101019373 HTTP/1.1" 200 466
120.253.135.82 - - [08/Mar/2023:11:00:19 +0800] "GET /xingrg/all/function/internal_message.html?_=1678244566691&CODE_STATE=getMsg HTTP/1.1" 200 27
101.83.241.0 - - [08/Mar/2023:11:00:21 +0800] "POST /xingrg/all/report/report_print.html HTTP/1.1" 302 -
101.83.241.0 - - [08/Mar/2023:11:00:21 +0800] "GET /xingrg/servlets/html?sysBaseUrl=http%3A%2F%2F180.169.147.146%3A18081%2Fxingrg%2F&costTime=212×tamp=1678244421307 HTTP/1.1" 200 17854
101.83.241.0 - - [08/Mar/2023:11:00:21 +0800] "GET /xingrg/servlets/image?image=px HTTP/1.1" 200 807
101.83.241.0 - - [08/Mar/2023:11:00:21 +0800] "GET /favicon.ico HTTP/1.1" 404 -
116.225.84.253 - - [08/Mar/2023:11:00:23 +0800] "GET /xingrg/all/function/internal_message.html?_=1678244286742&CODE_STATE=getMsg HTTP/1.1" 200 27
101.229.22.234 - - [08/Mar/2023:11:00:25 +0800] "GET /xingrg/all/function/internal_message.html?_=1678244442107&CODE_STATE=getMsg HTTP/1.1" 200 27
180.169.147.146 - - [08/Mar/2023:11:00:26 +0800] "GET /xingrg/all/function/internal_message.html?_=1678244443996&CODE_STATE=getMsg HTTP/1.1" 200 27
180.163.28.143 - - [08/Mar/2023:11:00:26 +0800] "GET /xingrg/all/function/internal_message.html?_=1678244383953&CODE_STATE=getMsg HTTP/1.1" 302 -
180.163.28.143 - - [08/Mar/2023:11:00:26 +0800] "GET /xingrg/login.html HTTP/1.1" 200 7641
61.170.233.90 - - [08/Mar/2023:11:00:26 +0800] "GET /xingrg/all/function/internal_message.html?_=1678244443938&CODE_STATE=getMsg HTTP/1.1" 200 27
116.192.124.172 - - [08/Mar/2023:11:00:27 +0800] "GET /xingrg/kc/base/wldb_order_operate.html?command=get_materiel&rest_code=00102&base_code=0010476&code=00101019374 HTTP/1.1" 200 467
116.238.139.35 - - [08/Mar/2023:11:00:28 +0800] "GET /xingrg/all/function/internal_message.html?_=1678244447511&CODE_STATE=getMsg HTTP/1.1" 200 27
116.238.139.35 - - [08/Mar/2023:11:00:28 +0800] "GET /xingrg/check_reg.html?_=1678244447515 HTTP/1.1" 200 22
222.70.221.209 - - [08/Mar/2023:11:00:32 +0800] "GET /xingrg/check_reg.html?_=1678244570269 HTTP/1.1" 200 22
222.70.221.209 - - [08/Mar/2023:11:00:32 +0800] "GET /xingrg/all/function/internal_message.html?_=1678244570273&CODE_STATE=getMsg HTTP/1.1" 200 27
116.192.124.172 - - [08/Mar/2023:11:00:33 +0800] "POST /xingrg/kc/base/wldb_order_operate.html HTTP/1.1" 200 37
116.192.124.172 - - [08/Mar/2023:11:00:36 +0800] "POST /xingrg/kc/base/wldb_order_operate.html HTTP/1.1" 200 12
116.192.124.172 - - [08/Mar/2023:11:00:36 +0800] "POST /xingrg/kc/base/wldb_order_operate.html HTTP/1.1" 200 2706
116.192.124.172 - - [08/Mar/2023:11:00:37 +0800] "GET /xingrg/kc/base/wldb_order_info.html?code=422023030800609 HTTP/1.1" 200 26251
116.192.124.172 - - [08/Mar/2023:11:00:37 +0800] "GET /xingrg/javascript/easyui/themes/default/validatebox.css HTTP/1.1" 404 1104
116.192.124.172 - - [08/Mar/2023:11:00:38 +0800] "POST /xingrg/kc/base/wldb_order_operate.html HTTP/1.1" 200 990
116.230.118.11 - - [08/Mar/2023:11:00:40 +0800] "GET /xingrg/check_reg.html?_=1678244468929 HTTP/1.1" 200 22
180.169.147.146 - - [08/Mar/2023:11:00:42 +0800] "GET /xingrg/check_reg.html?_=1678244462086 HTTP/1.1" 302 -
116.230.118.11 - - [08/Mar/2023:11:00:42 +0800] "GET /xingrg/all/function/internal_message.html?_=1678244470945&CODE_STATE=getMsg HTTP/1.1" 200 27
124.79.240.233 - - [08/Mar/2023:11:00:42 +0800] "GET /xingrg/all/function/internal_message.html?_=1678244713313&CODE_STATE=getMsg HTTP/1.1" 200 27
124.79.72.155 - - [08/Mar/2023:11:00:42 +0800] "GET /xingrg/all/function/internal_message.html?_=1678244465265&CODE_STATE=getMsg HTTP/1.1" 200 27
101.83.241.0 - - [08/Mar/2023:11:00:57 +0800] "POST /xingrg/services/DataTransmitService HTTP/1.1" 200 524
101.83.241.0 - - [08/Mar/2023:11:00:57 +0800] "POST /xingrg/services/DataTransmitService HTTP/1.1" 200 501
101.83.241.0 - - [08/Mar/2023:11:00:58 +0800] "GET /xingrg/all/function/internal_message.html?_=1678244475960&CODE_STATE=getMsg HTTP/1.1" 200 27
101.83.241.0 - - [08/Mar/2023:11:01:00 +0800] "POST /xingrg/dwr/call/plaincall/AjaxReportQueryService.refreshCache.dwr HTTP/1.1" 200 78
180.164.3.199 - - [08/Mar/2023:11:01:00 +0800] "GET /xingrg/all/function/internal_message.html?_=1678244478255&CODE_STATE=getMsg HTTP/1.1" 200 27
101.83.241.0 - - [08/Mar/2023:11:01:01 +0800] "POST /xingrg/all/report/load_report_page.html HTTP/1.1" 200 23170
101.83.241.0 - - [08/Mar/2023:11:01:01 +0800] "GET /xingrg/servlets/image?cache=0.9478249834996084&image=px HTTP/1.1" 200 807
58.40.7.146 - - [08/Mar/2023:11:01:01 +0800] "GET /xingrg/all/function/internal_message.html?_=1678244480023&CODE_STATE=getMsg HTTP/1.1" 200 27
222.67.232.202 - - [08/Mar/2023:11:01:04 +0800] "GET /xingrg/all/function/internal_message.html?_=1678244037603&CODE_STATE=getMsg HTTP/1.1" 200 27
114.83.222.182 - - [08/Mar/2023:11:01:05 +0800] "GET /xingrg/all/function/internal_message.html?_=1678244546757&CODE_STATE=getMsg HTTP/1.1" 200 27
101.83.241.0 - - [08/Mar/2023:11:01:05 +0800] "POST /xingrg/all/report/report_print.html HTTP/1.1" 302 -
101.83.241.0 - - [08/Mar/2023:11:01:05 +0800] "GET /xingrg/servlets/html?sysBaseUrl=http%3A%2F%2F180.169.147.146%3A18081%2Fxingrg%2F&costTime=211×tamp=1678244465400 HTTP/1.1" 200 24126
101.83.241.0 - - [08/Mar/2023:11:01:05 +0800] "GET /xingrg/servlets/image?image=px HTTP/1.1" 200 807
101.83.241.0 - - [08/Mar/2023:11:01:05 +0800] "GET /favicon.ico HTTP/1.1" 404 -
58.40.7.146 - - [08/Mar/2023:11:01:08 +0800] "GET /xingrg/all/function/internal_message.html?_=1678244487130&CODE_STATE=getMsg HTTP/1.1" 200 27
101.83.241.0 - - [08/Mar/2023:11:01:09 +0800] "GET /xingrg/servlets/image?image=px HTTP/1.1" 200 807
101.83.241.0 - - [08/Mar/2023:11:01:09 +0800] "GET /xingrg/servlets/html?sysBaseUrl=http%3A%2F%2F180.169.147.146%3A18081%2Fxingrg%2F&costTime=211×tamp=1678244465400 HTTP/1.1" 200 24126
222.70.182.154 - - [08/Mar/2023:11:01:09 +0800] "GET /xingrg/all/function/internal_message.html?_=1678244487196&CODE_STATE=getMsg HTTP/1.1" 200 27
222.70.221.209 - - [08/Mar/2023:11:01:09 +0800] "GET /xingrg/all/function/internal_message.html?_=1678244488487&CODE_STATE=getMsg HTTP/1.1" 200 27
180.169.147.146 - - [08/Mar/2023:11:01:15 +0800] "GET /xingrg/all/function/internal_message.html?_=1678244494234&CODE_STATE=getMsg HTTP/1.1" 200 27
120.253.135.82 - - [08/Mar/2023:11:01:19 +0800] "GET /xingrg/all/function/internal_message.html?_=1678244626701&CODE_STATE=getMsg HTTP/1.1" 200 27
116.225.84.253 - - [08/Mar/2023:11:01:23 +0800] "GET /xingrg/all/function/internal_message.html?_=1678244346724&CODE_STATE=getMsg HTTP/1.1" 200 27
101.229.22.234 - - [08/Mar/2023:11:01:25 +0800] "GET /xingrg/all/function/internal_message.html?_=1678244502116&CODE_STATE=getMsg HTTP/1.1" 200 27
101.229.22.234 - - [08/Mar/2023:11:01:25 +0800] "GET /xingrg/check_reg.html?_=1678244502118 HTTP/1.1" 200 22
180.169.147.146 - - [08/Mar/2023:11:01:26 +0800] "GET /xingrg/all/function/internal_message.html?_=1678244503976&CODE_STATE=getMsg HTTP/1.1" 200 27
61.170.233.90 - - [08/Mar/2023:11:01:26 +0800] "GET /xingrg/all/function/internal_message.html?_=1678244503910&CODE_STATE=getMsg HTTP/1.1" 200 27
180.163.29.212 - - [08/Mar/2023:11:01:26 +0800] "GET /xingrg/all/function/internal_message.html?_=1678244443938&CODE_STATE=getMsg HTTP/1.1" 302 -
180.163.29.212 - - [08/Mar/2023:11:01:26 +0800] "GET /xingrg/login.html HTTP/1.1" 200 7641
222.70.182.154 - - [08/Mar/2023:11:01:27 +0800] "POST /xingrg/kc/buy/cgsh_order_operate.html HTTP/1.1" 200 37
180.169.147.146 - - [08/Mar/2023:11:01:27 +0800] "GET /xingrg/check_reg.html?_=1678244505363 HTTP/1.1" 200 22
116.238.139.35 - - [08/Mar/2023:11:01:28 +0800] "GET /xingrg/all/function/internal_message.html?_=1678244507517&CODE_STATE=getMsg HTTP/1.1" 200 27
222.70.182.154 - - [08/Mar/2023:11:01:29 +0800] "POST /xingrg/kc/buy/cgsh_order_operate.html HTTP/1.1" 200 3255
222.70.182.154 - - [08/Mar/2023:11:01:30 +0800] "GET /xingrg/kc/print/load_data.html?order_code=212023030802663&kc_code=cgsh&condition= HTTP/1.1" 200 934
222.70.221.209 - - [08/Mar/2023:11:01:32 +0800] "GET /xingrg/all/function/internal_message.html?_=1678244630259&CODE_STATE=getMsg HTTP/1.1" 200 27
116.230.118.11 - - [08/Mar/2023:11:01:42 +0800] "GET /xingrg/all/function/internal_message.html?_=1678244530959&CODE_STATE=getMsg HTTP/1.1" 200 27
124.79.240.233 - - [08/Mar/2023:11:01:42 +0800] "GET /xingrg/all/function/internal_message.html?_=1678244773312&CODE_STATE=getMsg HTTP/1.1" 200 27
124.79.72.155 - - [08/Mar/2023:11:01:42 +0800] "GET /xingrg/all/function/internal_message.html?_=1678244525262&CODE_STATE=getMsg HTTP/1.1" 200 27
116.225.84.253 - - [08/Mar/2023:11:01:45 +0800] "GET /xingrg/kc/base/wldb_order_operate.html?command=get_materiel&rest_code=00105&base_code=0010508&code=00102002257 HTTP/1.1" 200 449
101.83.241.0 - - [08/Mar/2023:11:01:50 +0800] "POST /xingrg/dwr/call/plaincall/AjaxReportQueryService.refreshCache.dwr HTTP/1.1" 200 79
101.83.241.0 - - [08/Mar/2023:11:01:51 +0800] "POST /xingrg/all/report/load_report_page.html HTTP/1.1" 200 13039
101.83.241.0 - - [08/Mar/2023:11:01:51 +0800] "GET /xingrg/servlets/image?cache=0.8223188225414324&image=px HTTP/1.1" 200 807
101.83.241.0 - - [08/Mar/2023:11:01:55 +0800] "POST /xingrg/all/report/report_print.html HTTP/1.1" 302 -
101.83.241.0 - - [08/Mar/2023:11:01:55 +0800] "GET /xingrg/servlets/html?sysBaseUrl=http%3A%2F%2F180.169.147.146%3A18081%2Fxingrg%2F&costTime=199×tamp=1678244515103 HTTP/1.1" 200 14715
101.83.241.0 - - [08/Mar/2023:11:01:55 +0800] "GET /xingrg/servlets/image?image=px HTTP/1.1" 200 807
101.83.241.0 - - [08/Mar/2023:11:01:55 +0800] "GET /favicon.ico HTTP/1.1" 404 -
101.83.241.0 - - [08/Mar/2023:11:01:58 +0800] "GET /xingrg/all/function/internal_message.html?_=1678244535938&CODE_STATE=getMsg HTTP/1.1" 200 27
101.83.241.0 - - [08/Mar/2023:11:01:59 +0800] "GET /xingrg/check_reg.html?_=1678244536991 HTTP/1.1" 200 22
180.164.3.199 - - [08/Mar/2023:11:02:00 +0800] "GET /xingrg/check_reg.html?_=1678244538147 HTTP/1.1" 200 22
180.164.3.199 - - [08/Mar/2023:11:02:00 +0800] "GET /xingrg/all/function/internal_message.html?_=1678244538242&CODE_STATE=getMsg HTTP/1.1" 200 27
58.40.7.146 - - [08/Mar/2023:11:02:01 +0800] "GET /xingrg/all/function/internal_message.html?_=1678244540027&CODE_STATE=getMsg HTTP/1.1" 200 27
116.225.84.253 - - [08/Mar/2023:11:02:03 +0800] "GET /xingrg/kc/base/wldb_order_operate.html?command=get_materiel&rest_code=00105&base_code=0010508&code=00102002256 HTTP/1.1" 200 443
222.67.232.202 - - [08/Mar/2023:11:02:04 +0800] "GET /xingrg/all/function/internal_message.html?_=1678244097571&CODE_STATE=getMsg HTTP/1.1" 200 27
114.83.222.182 - - [08/Mar/2023:11:02:05 +0800] "GET /xingrg/all/function/internal_message.html?_=1678244606744&CODE_STATE=getMsg HTTP/1.1" 200 27
116.225.84.253 - - [08/Mar/2023:11:02:05 +0800] "POST /xingrg/all/common/load_select.html HTTP/1.1" 200 12
58.40.7.146 - - [08/Mar/2023:11:02:08 +0800] "GET /xingrg/all/function/internal_message.html?_=1678244547134&CODE_STATE=getMsg HTTP/1.1" 200 27
58.40.7.146 - - [08/Mar/2023:11:02:08 +0800] "GET /xingrg/check_reg.html?_=1678244547135 HTTP/1.1" 200 22
222.70.182.154 - - [08/Mar/2023:11:02:09 +0800] "GET /xingrg/check_reg.html?_=1678244547199 HTTP/1.1" 200 22
222.70.182.154 - - [08/Mar/2023:11:02:09 +0800] "GET /xingrg/all/function/internal_message.html?_=1678244547202&CODE_STATE=getMsg HTTP/1.1" 200 27
222.70.221.209 - - [08/Mar/2023:11:02:09 +0800] "GET /xingrg/check_reg.html?_=1678244548487 HTTP/1.1" 200 22
222.70.221.209 - - [08/Mar/2023:11:02:09 +0800] "GET /xingrg/all/function/internal_message.html?_=1678244548490&CODE_STATE=getMsg HTTP/1.1" 200 27
180.169.147.146 - - [08/Mar/2023:11:02:15 +0800] "GET /xingrg/all/function/internal_message.html?_=1678244554240&CODE_STATE=getMsg HTTP/1.1" 200 27
120.253.135.82 - - [08/Mar/2023:11:02:19 +0800] "GET /xingrg/check_reg.html?_=1678244686707 HTTP/1.1" 200 22
120.253.135.82 - - [08/Mar/2023:11:02:19 +0800] "GET /xingrg/all/function/internal_message.html?_=1678244686701&CODE_STATE=getMsg HTTP/1.1" 200 27
116.225.84.253 - - [08/Mar/2023:11:02:23 +0800] "GET /xingrg/all/function/internal_message.html?_=1678244406703&CODE_STATE=getMsg HTTP/1.1" 200 27
101.229.22.234 - - [08/Mar/2023:11:02:25 +0800] "GET /xingrg/all/function/internal_message.html?_=1678244562118&CODE_STATE=getMsg HTTP/1.1" 200 27
180.169.147.146 - - [08/Mar/2023:11:02:26 +0800] "GET /xingrg/all/function/internal_message.html?_=1678244563959&CODE_STATE=getMsg HTTP/1.1" 200 27
180.163.28.68 - - [08/Mar/2023:11:02:26 +0800] "GET /xingrg/all/function/internal_message.html?_=1678244503910&CODE_STATE=getMsg HTTP/1.1" 302 -
61.170.233.90 - - [08/Mar/2023:11:02:26 +0800] "GET /xingrg/all/function/internal_message.html?_=1678244563887&CODE_STATE=getMsg HTTP/1.1" 200 27
180.163.28.68 - - [08/Mar/2023:11:02:26 +0800] "GET /xingrg/login.html HTTP/1.1" 200 7641
116.238.139.35 - - [08/Mar/2023:11:02:28 +0800] "GET /xingrg/all/function/internal_message.html?_=1678244567517&CODE_STATE=getMsg HTTP/1.1" 200 27
222.70.221.209 - - [08/Mar/2023:11:02:32 +0800] "GET /xingrg/all/function/internal_message.html?_=1678244690271&CODE_STATE=getMsg HTTP/1.1" 200 27
101.83.241.0 - - [08/Mar/2023:11:02:38 +0800] "POST /xingrg/dwr/call/plaincall/AjaxReportQueryService.refreshCache.dwr HTTP/1.1" 200 79
101.83.241.0 - - [08/Mar/2023:11:02:40 +0800] "POST /xingrg/all/report/load_report_page.html HTTP/1.1" 200 19829
101.83.241.0 - - [08/Mar/2023:11:02:40 +0800] "GET /xingrg/servlets/image?cache=0.020106877311417137&image=px HTTP/1.1" 200 807
180.157.253.110 - - [08/Mar/2023:11:02:40 +0800] "GET /xingrg/check_reg.html?_=1678244580740 HTTP/1.1" 200 22
124.79.240.233 - - [08/Mar/2023:11:02:42 +0800] "GET /xingrg/all/function/internal_message.html?_=1678244833310&CODE_STATE=getMsg HTTP/1.1" 200 27
116.230.118.11 - - [08/Mar/2023:11:02:42 +0800] "GET /xingrg/all/function/internal_message.html?_=1678244590972&CODE_STATE=getMsg HTTP/1.1" 200 27
124.79.72.155 - - [08/Mar/2023:11:02:42 +0800] "GET /xingrg/all/function/internal_message.html?_=1678244585256&CODE_STATE=getMsg HTTP/1.1" 200 27
124.79.72.155 - - [08/Mar/2023:11:02:42 +0800] "GET /xingrg/check_reg.html?_=1678244585264 HTTP/1.1" 200 22
180.162.110.76 - - [08/Mar/2023:11:02:45 +0800] "GET /xingrg HTTP/1.1" 302 -
180.162.110.76 - - [08/Mar/2023:11:02:45 +0800] "GET /xingrg/ HTTP/1.1" 304 -
180.162.110.76 - - [08/Mar/2023:11:02:45 +0800] "GET /xingrg/index.html HTTP/1.1" 302 -
180.162.110.76 - - [08/Mar/2023:11:02:45 +0800] "GET /xingrg/login.html HTTP/1.1" 200 7641
180.162.110.76 - - [08/Mar/2023:11:02:45 +0800] "GET /xingrg/images/blue/jxLogo.png HTTP/1.1" 304 -
180.162.110.76 - - [08/Mar/2023:11:02:46 +0800] "GET /xingrg/images/blue/login_bg.png HTTP/1.1" 304 -
180.162.110.76 - - [08/Mar/2023:11:02:46 +0800] "GET /xingrg/images/blue/srbg.png HTTP/1.1" 304 -
180.162.110.76 - - [08/Mar/2023:11:02:46 +0800] "GET /xingrg/images/blue/hj.png HTTP/1.1" 304 -
180.162.110.76 - - [08/Mar/2023:11:02:47 +0800] "GET /favicon.ico HTTP/1.1" 404 -
101.83.241.0 - - [08/Mar/2023:11:02:54 +0800] "POST /xingrg/all/report/report_print.html HTTP/1.1" 302 -
101.83.241.0 - - [08/Mar/2023:11:02:54 +0800] "GET /xingrg/servlets/html?sysBaseUrl=http%3A%2F%2F180.169.147.146%3A18081%2Fxingrg%2F&costTime=210×tamp=1678244574776 HTTP/1.1" 200 20996
101.83.241.0 - - [08/Mar/2023:11:02:54 +0800] "GET /xingrg/servlets/image?image=px HTTP/1.1" 200 807
101.83.241.0 - - [08/Mar/2023:11:02:54 +0800] "GET /favicon.ico HTTP/1.1" 404 -
101.83.241.0 - - [08/Mar/2023:11:02:58 +0800] "GET /xingrg/all/function/internal_message.html?_=1678244595926&CODE_STATE=getMsg HTTP/1.1" 200 27
116.225.84.253 - - [08/Mar/2023:11:02:58 +0800] "GET /xingrg/kc/base/wldb_order_operate.html?command=get_materiel_price&rest_code=00105&base_code=0010508&code=00102002256&unit_code=00100020 HTTP/1.1" 200 36
180.164.3.199 - - [08/Mar/2023:11:03:00 +0800] "GET /xingrg/all/function/internal_message.html?_=1678244598216&CODE_STATE=getMsg HTTP/1.1" 200 27
58.40.7.146 - - [08/Mar/2023:11:03:01 +0800] "GET /xingrg/all/function/internal_message.html?_=1678244600032&CODE_STATE=getMsg HTTP/1.1" 200 27
58.40.7.146 - - [08/Mar/2023:11:03:01 +0800] "GET /xingrg/check_reg.html?_=1678244600377 HTTP/1.1" 200 22
116.225.84.253 - - [08/Mar/2023:11:03:04 +0800] "POST /xingrg/kc/base/wldb_order_operate.html HTTP/1.1" 200 1710
180.162.110.76 - - [08/Mar/2023:11:03:04 +0800] "POST /xingrg/login.do HTTP/1.1" 302 -
180.162.110.76 - - [08/Mar/2023:11:03:04 +0800] "GET /xingrg/javascript/jquery_easy_ui/themes/default/easyui.css HTTP/1.1" 304 -
180.162.110.76 - - [08/Mar/2023:11:03:04 +0800] "GET /xingrg/javascript/jquery_easy_ui/themes/icon.css HTTP/1.1" 304 -
180.162.110.76 - - [08/Mar/2023:11:03:04 +0800] "GET /xingrg/index.html?sysBaseUrl=http%3A%2F%2F180.169.147.146%3A18081%2Fxingrg%2F&costTime=41×tamp=1678244584500 HTTP/1.1" 200 17179
180.162.110.76 - - [08/Mar/2023:11:03:04 +0800] "GET /xingrg/javascript/jquery-1.4.2.min.js HTTP/1.1" 304 -
180.162.110.76 - - [08/Mar/2023:11:03:04 +0800] "GET /xingrg/css/form.css HTTP/1.1" 304 -
180.162.110.76 - - [08/Mar/2023:11:03:04 +0800] "GET /xingrg/javascript/jquery_easy_ui/jquery.easyui.min.js HTTP/1.1" 304 -
180.162.110.76 - - [08/Mar/2023:11:03:04 +0800] "GET /xingrg/javascript/jquery_easy_ui/easyui-lang-zh_CN.js HTTP/1.1" 304 -
180.162.110.76 - - [08/Mar/2023:11:03:04 +0800] "GET /xingrg/javascript/jquery.form.js HTTP/1.1" 304 -
180.162.110.76 - - [08/Mar/2023:11:03:04 +0800] "GET /xingrg/javascript/jquery.utils.js HTTP/1.1" 304 -
180.162.110.76 - - [08/Mar/2023:11:03:04 +0800] "GET /xingrg/javascript/jquery.timers.js HTTP/1.1" 304 -
180.162.110.76 - - [08/Mar/2023:11:03:04 +0800] "GET /favicon.ico HTTP/1.1" 404 -
222.67.232.202 - - [08/Mar/2023:11:03:04 +0800] "GET /xingrg/all/function/internal_message.html?_=1678244157550&CODE_STATE=getMsg HTTP/1.1" 200 27
180.162.110.76 - - [08/Mar/2023:11:03:04 +0800] "GET /xingrg/images/blue/navBackgound.jpg HTTP/1.1" 304 -
180.162.110.76 - - [08/Mar/2023:11:03:04 +0800] "GET /xingrg/javascript/jquery_easy_ui/themes/icons/settle_new.png HTTP/1.1" 304 -
180.162.110.76 - - [08/Mar/2023:11:03:04 +0800] "POST /xingrg/all/common/load_tree.html?tree=area_rest_tree_json&manage=1 HTTP/1.1" 200 351
180.162.110.76 - - [08/Mar/2023:11:03:04 +0800] "GET /xingrg/all/function/internal_message.html?_=1678243520998&CODE_STATE=count HTTP/1.1" 200 11
180.162.110.76 - - [08/Mar/2023:11:03:04 +0800] "GET /xingrg/check_reg.html?_=1678243520998 HTTP/1.1" 200 22
180.162.110.76 - - [08/Mar/2023:11:03:04 +0800] "GET /xingrg/images/blue/pingpu.png HTTP/1.1" 304 -
180.162.110.76 - - [08/Mar/2023:11:03:04 +0800] "GET /xingrg/javascript/jquery_easy_ui/themes/default/images/tabs_leftarrow.png HTTP/1.1" 304 -
180.162.110.76 - - [08/Mar/2023:11:03:04 +0800] "GET /xingrg/javascript/jquery_easy_ui/themes/default/images/tabs_rightarrow.png HTTP/1.1" 304 -
180.162.110.76 - - [08/Mar/2023:11:03:04 +0800] "GET /xingrg/javascript/jquery_easy_ui/themes/default/images/panel_tool_collapse.gif HTTP/1.1" 304 -
180.162.110.76 - - [08/Mar/2023:11:03:04 +0800] "POST /xingrg/load_menu.html HTTP/1.1" 200 5138
180.162.110.76 - - [08/Mar/2023:11:03:04 +0800] "GET /xingrg/javascript/jquery_easy_ui/themes/default/images/tree_arrows.gif HTTP/1.1" 304 -
180.162.110.76 - - [08/Mar/2023:11:03:04 +0800] "GET /xingrg/javascript/jquery_easy_ui/themes/default/images/tree_folder_open.gif HTTP/1.1" 304 -
180.162.110.76 - - [08/Mar/2023:11:03:04 +0800] "GET /xingrg/javascript/jquery_easy_ui/themes/default/images/tree_folder.gif HTTP/1.1" 304 -
180.162.110.76 - - [08/Mar/2023:11:03:04 +0800] "GET /xingrg/javascript/jquery_easy_ui/themes/icons/search_new.png HTTP/1.1" 304 -
180.162.110.76 - - [08/Mar/2023:11:03:04 +0800] "GET /xingrg/javascript/jquery_easy_ui/themes/icons/storage_new.png HTTP/1.1" 304 -
180.162.110.76 - - [08/Mar/2023:11:03:04 +0800] "GET /xingrg/javascript/jquery_easy_ui/themes/icons/forms_new.png HTTP/1.1" 304 -
180.162.110.76 - - [08/Mar/2023:11:03:04 +0800] "GET /xingrg/javascript/jquery_easy_ui/themes/default/images/tree_file.gif HTTP/1.1" 304 -
114.83.222.182 - - [08/Mar/2023:11:03:05 +0800] "GET /xingrg/all/function/internal_message.html?_=1678244666756&CODE_STATE=getMsg HTTP/1.1" 200 27
116.192.124.172 - - [08/Mar/2023:11:03:07 +0800] "GET /xingrg/check_reg.html?_=1678244606066 HTTP/1.1" 200 22
116.225.84.253 - - [08/Mar/2023:11:03:08 +0800] "POST /xingrg/kc/base/wldb_order_operate.html HTTP/1.1" 200 37
58.40.7.146 - - [08/Mar/2023:11:03:08 +0800] "GET /xingrg/all/function/internal_message.html?_=1678244607138&CODE_STATE=getMsg HTTP/1.1" 200 27
116.225.84.253 - - [08/Mar/2023:11:03:08 +0800] "POST /xingrg/kc/base/wldb_order_operate.html HTTP/1.1" 200 3703
116.225.84.253 - - [08/Mar/2023:11:03:09 +0800] "GET /xingrg/kc/base/wldb_order_info.html?code=422023030800606 HTTP/1.1" 200 30398
116.225.84.253 - - [08/Mar/2023:11:03:09 +0800] "GET /xingrg/javascript/easyui/themes/default/validatebox.css HTTP/1.1" 404 1104
222.70.182.154 - - [08/Mar/2023:11:03:09 +0800] "GET /xingrg/all/function/internal_message.html?_=1678244607202&CODE_STATE=getMsg HTTP/1.1" 200 27
222.70.221.209 - - [08/Mar/2023:11:03:09 +0800] "GET /xingrg/all/function/internal_message.html?_=1678244608478&CODE_STATE=getMsg HTTP/1.1" 200 27
116.225.84.253 - - [08/Mar/2023:11:03:10 +0800] "POST /xingrg/kc/base/wldb_order_operate.html HTTP/1.1" 200 3703
180.162.110.76 - - [08/Mar/2023:11:03:13 +0800] "GET /xingrg/javascript/jquery_easy_ui/themes/default/images/tabs_close.gif HTTP/1.1" 304 -
180.162.110.76 - - [08/Mar/2023:11:03:13 +0800] "GET /xingrg/css/blue.css HTTP/1.1" 304 -
180.162.110.76 - - [08/Mar/2023:11:03:13 +0800] "GET /xingrg/css/new_ie.css HTTP/1.1" 404 1036
180.162.110.76 - - [08/Mar/2023:11:03:13 +0800] "GET /xingrg/kc/buy/buy_main.html HTTP/1.1" 200 12412
180.162.110.76 - - [08/Mar/2023:11:03:13 +0800] "GET /xingrg/javascript/jquery_ui/themes/humanity/humanity.css HTTP/1.1" 304 -
180.162.110.76 - - [08/Mar/2023:11:03:13 +0800] "GET /xingrg/javascript/pic_change.js HTTP/1.1" 304 -
180.162.110.76 - - [08/Mar/2023:11:03:13 +0800] "GET /xingrg/javascript/ToolTips.js HTTP/1.1" 304 -
180.162.110.76 - - [08/Mar/2023:11:03:13 +0800] "GET /xingrg/javascript/myfunction.js HTTP/1.1" 304 -
180.162.110.76 - - [08/Mar/2023:11:03:13 +0800] "GET /xingrg/javascript/jquery_ui/jquery-ui.min.js HTTP/1.1" 304 -
180.162.110.76 - - [08/Mar/2023:11:03:13 +0800] "GET /xingrg/images/blue/button/cgxqd.gif HTTP/1.1" 304 -
180.162.110.76 - - [08/Mar/2023:11:03:13 +0800] "GET /xingrg/images/blue/button/cgydd.gif HTTP/1.1" 304 -
180.162.110.76 - - [08/Mar/2023:11:03:13 +0800] "GET /xingrg/images/blue/button/cgshd.gif HTTP/1.1" 304 -
180.162.110.76 - - [08/Mar/2023:11:03:13 +0800] "GET /xingrg/images/blue/button/cgfkd.gif HTTP/1.1" 304 -
180.162.110.76 - - [08/Mar/2023:11:03:13 +0800] "GET /xingrg/images/blue/button/kc.gif HTTP/1.1" 304 -
180.162.110.76 - - [08/Mar/2023:11:03:13 +0800] "GET /xingrg/images/blue/button/ckthd.gif HTTP/1.1" 304 -
180.162.110.76 - - [08/Mar/2023:11:03:13 +0800] "GET /xingrg/images/blue/pic_form2.gif HTTP/1.1" 304 -
180.162.110.76 - - [08/Mar/2023:11:03:13 +0800] "GET /xingrg/images/blue/bg_dotted.jpg HTTP/1.1" 304 -
180.162.110.76 - - [08/Mar/2023:11:03:13 +0800] "GET /xingrg/javascript/jquery_ui/themes/humanity/images/ui-bg_inset-soft_100_f4f0ec_1x100.png HTTP/1.1" 304 -
180.162.110.76 - - [08/Mar/2023:11:03:13 +0800] "GET /xingrg/images/blue/button/down_ah.jpg HTTP/1.1" 304 -
180.162.110.76 - - [08/Mar/2023:11:03:13 +0800] "GET /xingrg/images/blue/button/right_ah.jpg HTTP/1.1" 304 -
180.162.110.76 - - [08/Mar/2023:11:03:13 +0800] "GET /xingrg/javascript/jquery_ui/themes/humanity/images/ui-iconsnew.jpg HTTP/1.1" 304 -
180.162.110.76 - - [08/Mar/2023:11:03:13 +0800] "GET /xingrg/javascript/jquery_ui/themes/humanity/images/ui-icons_ffffff_256x240.png HTTP/1.1" 304 -
180.162.110.76 - - [08/Mar/2023:11:03:13 +0800] "GET /xingrg/javascript/jquery_ui/themes/humanity/images/ui-icons_c47a23_256x240.png HTTP/1.1" 304 -
180.162.110.76 - - [08/Mar/2023:11:03:13 +0800] "GET /xingrg/javascript/jquery_ui/themes/humanity/images/ui-bg_glass_70_ede4d4_1x400.png HTTP/1.1" 304 -
180.162.110.76 - - [08/Mar/2023:11:03:14 +0800] "GET /xingrg/images/yd/bt.gif HTTP/1.1" 404 1040
180.162.110.76 - - [08/Mar/2023:11:03:15 +0800] "GET /xingrg/css/base.css HTTP/1.1" 304 -
180.162.110.76 - - [08/Mar/2023:11:03:15 +0800] "GET /xingrg/css/site.css HTTP/1.1" 304 -
180.162.110.76 - - [08/Mar/2023:11:03:15 +0800] "GET /xingrg/kc/buy/cgsh_order_list.html HTTP/1.1" 200 54185
180.162.110.76 - - [08/Mar/2023:11:03:15 +0800] "GET /xingrg/javascript/jquery_tools/datebox.css HTTP/1.1" 304 -
180.162.110.76 - - [08/Mar/2023:11:03:15 +0800] "GET /xingrg/javascript/easyui/themes/default/easyui.css HTTP/1.1" 304 -
180.162.110.76 - - [08/Mar/2023:11:03:15 +0800] "GET /xingrg/javascript/auto/jquery.autocomplete.css HTTP/1.1" 304 -
180.162.110.76 - - [08/Mar/2023:11:03:15 +0800] "GET /xingrg/javascript/easyui/themes/icon.css HTTP/1.1" 304 -
180.162.110.76 - - [08/Mar/2023:11:03:15 +0800] "GET /xingrg/javascript/jquery_tools/fix.css HTTP/1.1" 304 -
180.162.110.76 - - [08/Mar/2023:11:03:15 +0800] "GET /xingrg/javascript/jquery_tools/table.css HTTP/1.1" 304 -
180.162.110.76 - - [08/Mar/2023:11:03:15 +0800] "GET /xingrg/javascript/jquery_tools/jquery.tools.min.js HTTP/1.1" 304 -
180.162.110.76 - - [08/Mar/2023:11:03:15 +0800] "GET /xingrg/javascript/jquery_tools/jquery.tools.extend.js HTTP/1.1" 304 -
180.162.110.76 - - [08/Mar/2023:11:03:15 +0800] "GET /xingrg/javascript/jquery_tools/jquery.tools.hotkey.js HTTP/1.1" 304 -
180.162.110.76 - - [08/Mar/2023:11:03:15 +0800] "GET /xingrg/javascript/jquery_tools/jquery.tools.table.js HTTP/1.1" 304 -
180.162.110.76 - - [08/Mar/2023:11:03:15 +0800] "GET /xingrg/javascript/jquery_tools/list_manager.js HTTP/1.1" 304 -
180.162.110.76 - - [08/Mar/2023:11:03:15 +0800] "GET /xingrg/javascript/auto/jquery.autocomplete.js HTTP/1.1" 304 -
180.162.110.76 - - [08/Mar/2023:11:03:15 +0800] "GET /xingrg/javascript/easyui/easyloader.js HTTP/1.1" 304 -
180.162.110.76 - - [08/Mar/2023:11:03:15 +0800] "GET /xingrg/javascript/jquery.cookie.js HTTP/1.1" 304 -
180.162.110.76 - - [08/Mar/2023:11:03:15 +0800] "GET /xingrg/javascript/print/LodopFuncs.js HTTP/1.1" 304 -
180.162.110.76 - - [08/Mar/2023:11:03:15 +0800] "GET /xingrg/javascript/easyui/themes/icons/check_new.png HTTP/1.1" 304 -
180.162.110.76 - - [08/Mar/2023:11:03:15 +0800] "GET /xingrg/javascript/easyui/themes/icons/field_new.png HTTP/1.1" 304 -
180.162.110.76 - - [08/Mar/2023:11:03:15 +0800] "GET /xingrg/javascript/easyui/themes/icons/cance_new.png HTTP/1.1" 304 -
180.162.110.76 - - [08/Mar/2023:11:03:15 +0800] "GET /xingrg/javascript/easyui/themes/icons/edit_add_new.png HTTP/1.1" 304 -
180.162.110.76 - - [08/Mar/2023:11:03:15 +0800] "GET /xingrg/javascript/easyui/themes/icons/import_new.png HTTP/1.1" 304 -
180.162.110.76 - - [08/Mar/2023:11:03:15 +0800] "GET /xingrg/javascript/easyui/plugins/jquery.parser.js HTTP/1.1" 304 -
180.162.110.76 - - [08/Mar/2023:11:03:15 +0800] "GET /xingrg/images/control/ajaxLoader.gif HTTP/1.1" 304 -
180.169.147.146 - - [08/Mar/2023:11:03:15 +0800] "GET /xingrg/all/function/internal_message.html?_=1678244614233&CODE_STATE=getMsg HTTP/1.1" 200 27
180.169.147.146 - - [08/Mar/2023:11:03:15 +0800] "GET /xingrg/check_reg.html?_=1678244614237 HTTP/1.1" 200 22
180.162.110.76 - - [08/Mar/2023:11:03:17 +0800] "POST /xingrg/kc/buy/cgsh_list_operate.html HTTP/1.1" 200 1875
120.253.135.82 - - [08/Mar/2023:11:03:19 +0800] "GET /xingrg/all/function/internal_message.html?_=1678244746705&CODE_STATE=getMsg HTTP/1.1" 200 27
180.162.110.76 - - [08/Mar/2023:11:03:20 +0800] "POST /xingrg/kc/buy/cgsh_list_operate.html HTTP/1.1" 200 589
180.162.110.76 - - [08/Mar/2023:11:03:21 +0800] "GET /xingrg/javascript/jquery_tools/order_manager.js HTTP/1.1" 304 -
180.162.110.76 - - [08/Mar/2023:11:03:21 +0800] "GET /xingrg/javascript/convert.js HTTP/1.1" 304 -
180.162.110.76 - - [08/Mar/2023:11:03:21 +0800] "GET /xingrg/javascript/json2.js HTTP/1.1" 304 -
180.162.110.76 - - [08/Mar/2023:11:03:21 +0800] "GET /xingrg/javascript/print/kc_print.js HTTP/1.1" 304 -
180.162.110.76 - - [08/Mar/2023:11:03:21 +0800] "GET /xingrg/kc/buy/cgsh_order_info.html?code=212023030300837 HTTP/1.1" 200 69048
180.162.110.76 - - [08/Mar/2023:11:03:21 +0800] "GET /xingrg/words/20230307174845_words.js HTTP/1.1" 200 951964
180.162.110.76 - - [08/Mar/2023:11:03:21 +0800] "GET /xingrg/javascript/easyui/themes/icons/cancel.png HTTP/1.1" 304 -
180.162.110.76 - - [08/Mar/2023:11:03:21 +0800] "GET /xingrg/javascript/easyui/themes/default/images/menu_downarrow.png HTTP/1.1" 304 -
180.162.110.76 - - [08/Mar/2023:11:03:21 +0800] "GET /xingrg/javascript/easyui/themes/icons/print.png HTTP/1.1" 304 -
180.162.110.76 - - [08/Mar/2023:11:03:21 +0800] "GET /xingrg/javascript/easyui/themes/icons/ok.png HTTP/1.1" 304 -
180.162.110.76 - - [08/Mar/2023:11:03:21 +0800] "GET /xingrg/javascript/easyui/themes/icons/template_new.png HTTP/1.1" 304 -
180.162.110.76 - - [08/Mar/2023:11:03:21 +0800] "GET /xingrg/javascript/easyui/themes/icons/copy_new.png HTTP/1.1" 304 -
180.162.110.76 - - [08/Mar/2023:11:03:22 +0800] "GET /xingrg/all/common/auto_word.html?type=employee&rest_code=00143 HTTP/1.1" 200 55
180.162.110.76 - - [08/Mar/2023:11:03:22 +0800] "GET /xingrg/javascript/easyui/themes/default/validatebox.css HTTP/1.1" 404 1104
180.162.110.76 - - [08/Mar/2023:11:03:22 +0800] "GET /xingrg/all/common/auto_word.html?type=employee&rest_code=00143 HTTP/1.1" 200 55
180.162.110.76 - - [08/Mar/2023:11:03:22 +0800] "GET /xingrg/javascript/easyui/plugins/jquery.validatebox.js HTTP/1.1" 304 -
180.162.110.76 - - [08/Mar/2023:11:03:22 +0800] "GET /xingrg/javascript/easyui/plugins/jquery.numberbox.js HTTP/1.1" 304 -
180.162.110.76 - - [08/Mar/2023:11:03:23 +0800] "POST /xingrg/kc/buy/cgsh_order_operate.html HTTP/1.1" 200 13986
180.162.110.76 - - [08/Mar/2023:11:03:23 +0800] "GET /xingrg/javascript/easyui/themes/icons/edit_remove.png HTTP/1.1" 304 -
116.225.84.253 - - [08/Mar/2023:11:03:23 +0800] "GET /xingrg/all/function/internal_message.html?_=1678244466708&CODE_STATE=getMsg HTTP/1.1" 200 27
101.229.22.234 - - [08/Mar/2023:11:03:25 +0800] "GET /xingrg/all/function/internal_message.html?_=1678244622118&CODE_STATE=getMsg HTTP/1.1" 200 27
180.169.147.146 - - [08/Mar/2023:11:03:26 +0800] "GET /xingrg/all/function/internal_message.html?_=1678244623936&CODE_STATE=getMsg HTTP/1.1" 200 27
61.170.233.90 - - [08/Mar/2023:11:03:26 +0800] "GET /xingrg/check_reg.html?_=1678244623763 HTTP/1.1" 200 22
61.170.233.90 - - [08/Mar/2023:11:03:26 +0800] "GET /xingrg/all/function/internal_message.html?_=1678244623860&CODE_STATE=getMsg HTTP/1.1" 200 27
180.163.29.212 - - [08/Mar/2023:11:03:26 +0800] "GET /xingrg/all/function/internal_message.html?_=1678244563887&CODE_STATE=getMsg HTTP/1.1" 302 -
180.163.29.212 - - [08/Mar/2023:11:03:26 +0800] "GET /xingrg/login.html HTTP/1.1" 200 7641
116.225.84.253 - - [08/Mar/2023:11:03:26 +0800] "GET /xingrg/check_reg.html?_=1678244469693 HTTP/1.1" 200 22
116.238.139.35 - - [08/Mar/2023:11:03:28 +0800] "GET /xingrg/all/function/internal_message.html?_=1678244627518&CODE_STATE=getMsg HTTP/1.1" 200 27
222.70.221.209 - - [08/Mar/2023:11:03:32 +0800] "GET /xingrg/all/function/internal_message.html?_=1678244750264&CODE_STATE=getMsg HTTP/1.1" 200 27
180.162.110.76 - - [08/Mar/2023:11:03:33 +0800] "GET /xingrg/javascript/auto/indicator.gif HTTP/1.1" 404 1066
124.79.240.233 - - [08/Mar/2023:11:03:42 +0800] "GET /xingrg/check_reg.html?_=1678244893309 HTTP/1.1" 200 22
124.79.240.233 - - [08/Mar/2023:11:03:42 +0800] "GET /xingrg/all/function/internal_message.html?_=1678244893310&CODE_STATE=getMsg HTTP/1.1" 200 27
116.230.118.11 - - [08/Mar/2023:11:03:42 +0800] "GET /xingrg/all/function/internal_message.html?_=1678244651156&CODE_STATE=getMsg HTTP/1.1" 200 27
124.79.72.155 - - [08/Mar/2023:11:03:42 +0800] "GET /xingrg/all/function/internal_message.html?_=1678244645264&CODE_STATE=getMsg HTTP/1.1" 200 27
180.162.110.76 - - [08/Mar/2023:11:03:47 +0800] "GET /xingrg/kc/buy/cgsh_order_operate.html?command=get_materiel&rest_code=00143&code=00101003002&supplier_code=00100207&order_time=2023-03-07 HTTP/1.1" 200 411
101.83.241.0 - - [08/Mar/2023:11:03:58 +0800] "GET /xingrg/all/function/internal_message.html?_=1678244655913&CODE_STATE=getMsg HTTP/1.1" 200 27
180.164.3.199 - - [08/Mar/2023:11:04:00 +0800] "GET /xingrg/all/function/internal_message.html?_=1678244658201&CODE_STATE=getMsg HTTP/1.1" 200 27
101.83.241.0 - - [08/Mar/2023:11:04:01 +0800] "POST /xingrg/dwr/call/plaincall/AjaxReportQueryService.refreshCache.dwr HTTP/1.1" 200 79
58.40.7.146 - - [08/Mar/2023:11:04:01 +0800] "GET /xingrg/all/function/internal_message.html?_=1678244660036&CODE_STATE=getMsg HTTP/1.1" 200 27
101.83.241.0 - - [08/Mar/2023:11:04:02 +0800] "POST /xingrg/all/report/load_report_page.html HTTP/1.1" 200 26575
101.83.241.0 - - [08/Mar/2023:11:04:02 +0800] "GET /xingrg/servlets/image?cache=0.6808907729080648&image=px HTTP/1.1" 200 807
222.67.232.202 - - [08/Mar/2023:11:04:04 +0800] "GET /xingrg/all/function/internal_message.html?_=1678244217549&CODE_STATE=getMsg HTTP/1.1" 200 27
180.162.110.76 - - [08/Mar/2023:11:04:04 +0800] "GET /xingrg/all/function/internal_message.html?_=1678243580996&CODE_STATE=getMsg HTTP/1.1" 200 27
222.67.232.202 - - [08/Mar/2023:11:04:05 +0800] "GET /xingrg/check_reg.html?_=1678244217961 HTTP/1.1" 200 22
114.83.222.182 - - [08/Mar/2023:11:04:05 +0800] "GET /xingrg/all/function/internal_message.html?_=1678244726755&CODE_STATE=getMsg HTTP/1.1" 200 27
114.83.222.182 - - [08/Mar/2023:11:04:05 +0800] "GET /xingrg/check_reg.html?_=1678244726758 HTTP/1.1" 200 22
101.83.241.0 - - [08/Mar/2023:11:04:07 +0800] "POST /xingrg/all/report/report_print.html HTTP/1.1" 302 -
101.83.241.0 - - [08/Mar/2023:11:04:07 +0800] "GET /xingrg/servlets/html?sysBaseUrl=http%3A%2F%2F180.169.147.146%3A18081%2Fxingrg%2F&costTime=183×tamp=1678244647708 HTTP/1.1" 200 27285
101.83.241.0 - - [08/Mar/2023:11:04:07 +0800] "GET /xingrg/servlets/image?image=px HTTP/1.1" 200 807
101.83.241.0 - - [08/Mar/2023:11:04:07 +0800] "GET /favicon.ico HTTP/1.1" 404 -
58.40.7.146 - - [08/Mar/2023:11:04:08 +0800] "GET /xingrg/all/function/internal_message.html?_=1678244667143&CODE_STATE=getMsg HTTP/1.1" 200 27
222.70.182.154 - - [08/Mar/2023:11:04:09 +0800] "GET /xingrg/all/function/internal_message.html?_=1678244667202&CODE_STATE=getMsg HTTP/1.1" 200 27
222.70.221.209 - - [08/Mar/2023:11:04:09 +0800] "GET /xingrg/all/function/internal_message.html?_=1678244668502&CODE_STATE=getMsg HTTP/1.1" 200 27
180.169.147.146 - - [08/Mar/2023:11:04:15 +0800] "GET /xingrg/all/function/internal_message.html?_=1678244674233&CODE_STATE=getMsg HTTP/1.1" 200 27
180.162.110.76 - - [08/Mar/2023:11:04:15 +0800] "GET /xingrg/javascript/jquery_tools/images/prev.gif HTTP/1.1" 404 1086
180.162.110.76 - - [08/Mar/2023:11:04:15 +0800] "GET /xingrg/javascript/jquery_tools/images/next.gif HTTP/1.1" 404 1086
180.162.110.76 - - [08/Mar/2023:11:04:17 +0800] "GET /xingrg/javascript/easyui/themes/default/images/button_plain_hover.png HTTP/1.1" 304 -
120.253.135.82 - - [08/Mar/2023:11:04:19 +0800] "GET /xingrg/all/function/internal_message.html?_=1678244806711&CODE_STATE=getMsg HTTP/1.1" 200 27
116.225.84.253 - - [08/Mar/2023:11:04:23 +0800] "GET /xingrg/all/function/internal_message.html?_=1678244526682&CODE_STATE=getMsg HTTP/1.1" 200 27
180.162.110.76 - - [08/Mar/2023:11:04:23 +0800] "POST /xingrg/kc/buy/cgsh_order_operate.html HTTP/1.1" 200 37
101.229.22.234 - - [08/Mar/2023:11:04:25 +0800] "GET /xingrg/all/function/internal_message.html?_=1678244682117&CODE_STATE=getMsg HTTP/1.1" 200 27
180.163.29.103 - - [08/Mar/2023:11:04:25 +0800] "GET /xingrg/check_reg.html?_=1678244623763 HTTP/1.1" 302 -
180.163.29.103 - - [08/Mar/2023:11:04:25 +0800] "GET /xingrg/login.html HTTP/1.1" 200 7641
180.169.147.146 - - [08/Mar/2023:11:04:26 +0800] "GET /xingrg/all/function/internal_message.html?_=1678244683913&CODE_STATE=getMsg HTTP/1.1" 200 27
61.170.233.90 - - [08/Mar/2023:11:04:26 +0800] "GET /xingrg/all/function/internal_message.html?_=1678244683845&CODE_STATE=getMsg HTTP/1.1" 200 27
180.162.110.76 - - [08/Mar/2023:11:04:27 +0800] "POST /xingrg/kc/buy/cgsh_order_operate.html HTTP/1.1" 200 14577
116.238.139.35 - - [08/Mar/2023:11:04:28 +0800] "GET /xingrg/all/function/internal_message.html?_=1678244687518&CODE_STATE=getMsg HTTP/1.1" 200 27
116.224.106.218 - - [08/Mar/2023:11:04:31 +0800] "GET /xingrg/check_reg.html?_=1678244689701 HTTP/1.1" 200 22
222.70.221.209 - - [08/Mar/2023:11:04:32 +0800] "GET /xingrg/all/function/internal_message.html?_=1678244810270&CODE_STATE=getMsg HTTP/1.1" 200 27
124.79.240.233 - - [08/Mar/2023:11:04:42 +0800] "GET /xingrg/all/function/internal_message.html?_=1678244953308&CODE_STATE=getMsg HTTP/1.1" 200 27
116.230.118.11 - - [08/Mar/2023:11:04:42 +0800] "GET /xingrg/all/function/internal_message.html?_=1678244711172&CODE_STATE=getMsg HTTP/1.1" 200 27
124.79.72.155 - - [08/Mar/2023:11:04:42 +0800] "GET /xingrg/all/function/internal_message.html?_=1678244705263&CODE_STATE=getMsg HTTP/1.1" 200 27
116.225.84.253 - - [08/Mar/2023:11:04:54 +0800] "GET /xingrg/kc/buy/buy_main.html HTTP/1.1" 200 12412
116.225.84.253 - - [08/Mar/2023:11:04:54 +0800] "GET /xingrg/css/new_ie.css HTTP/1.1" 404 1036
