172.20.0.100 - - [08/Mar/2023:10:10:55 +0800] "POST /xingrg/dwr/call/plaincall/AjaxReportQueryService.getFixDate.dwr HTTP/1.1" 200 111
172.20.0.100 - - [08/Mar/2023:10:10:55 +0800] "POST /xingrg/all/common/load_tree.html?tree=area_station_tree_json&manage=1 HTTP/1.1" 200 3393
172.20.0.100 - - [08/Mar/2023:10:10:55 +0800] "GET /xingrg/javascript/jquery_easy_ui/themes/default/images/combo_arrow_dot.gif HTTP/1.1" 200 79
172.20.0.100 - - [08/Mar/2023:10:10:55 +0800] "GET /xingrg/javascript/jquery_easy_ui/themes/icons/rest.png HTTP/1.1" 200 695
172.20.0.100 - - [08/Mar/2023:10:10:56 +0800] "POST /xingrg/dwr/call/plaincall/AjaxReportQueryService.getInitString.dwr HTTP/1.1" 200 76
172.20.0.100 - - [08/Mar/2023:10:10:56 +0800] "GET /xingrg/javascript/multi_select/dropdown.gif HTTP/1.1" 200 61
222.70.182.154 - - [08/Mar/2023:10:10:57 +0800] "GET /xingrg/kc/print/load_data.html?order_code=212023030802645&kc_code=cgsh&condition= HTTP/1.1" 200 1182
180.163.30.76 - - [08/Mar/2023:10:10:58 +0800] "GET /xingrg/kc/mdqp/qqps_order_info.html?code=302023030500090 HTTP/1.1" 302 -
180.163.30.76 - - [08/Mar/2023:10:10:58 +0800] "GET /xingrg/login.html HTTP/1.1" 200 7641
61.170.233.90 - - [08/Mar/2023:10:10:59 +0800] "GET /xingrg/kc/buy/cgsh_order_operate.html?command=get_materiel&rest_code=00106&code=00101008155&supplier_code=00100007&order_time=2023-03-08 HTTP/1.1" 200 408
116.192.124.172 - - [08/Mar/2023:10:11:00 +0800] "GET /xingrg/all/function/internal_message.html?_=1678241479310&CODE_STATE=getMsg HTTP/1.1" 200 27
58.40.7.146 - - [08/Mar/2023:10:11:01 +0800] "GET /xingrg/all/function/internal_message.html?_=1678241480018&CODE_STATE=getMsg HTTP/1.1" 200 27
101.83.241.0 - - [08/Mar/2023:10:11:02 +0800] "POST /xingrg/kc/buy/cgsh_order_operate.html HTTP/1.1" 200 37
114.83.222.182 - - [08/Mar/2023:10:11:05 +0800] "GET /xingrg/all/function/internal_message.html?_=1678241546765&CODE_STATE=getMsg HTTP/1.1" 200 27
101.83.241.0 - - [08/Mar/2023:10:11:06 +0800] "POST /xingrg/kc/buy/cgsh_order_operate.html HTTP/1.1" 200 12
101.83.241.0 - - [08/Mar/2023:10:11:07 +0800] "GET /xingrg/kc/buy/cgsh_order_info.html?code=212023030802646 HTTP/1.1" 200 64951
61.170.233.90 - - [08/Mar/2023:10:11:07 +0800] "GET /xingrg/kc/buy/cgsh_order_operate.html?command=get_materiel&rest_code=00106&code=00101008110&supplier_code=00100007&order_time=2023-03-08 HTTP/1.1" 200 409
101.83.241.0 - - [08/Mar/2023:10:11:07 +0800] "GET /xingrg/javascript/easyui/themes/default/validatebox.css HTTP/1.1" 404 1104
58.40.7.146 - - [08/Mar/2023:10:11:08 +0800] "GET /xingrg/all/function/internal_message.html?_=1678241487260&CODE_STATE=getMsg HTTP/1.1" 200 27
101.83.241.0 - - [08/Mar/2023:10:11:08 +0800] "POST /xingrg/kc/buy/cgsh_order_operate.html HTTP/1.1" 200 2367
222.70.221.209 - - [08/Mar/2023:10:11:09 +0800] "GET /xingrg/all/function/internal_message.html?_=1678241488386&CODE_STATE=getMsg HTTP/1.1" 200 27
101.83.241.0 - - [08/Mar/2023:10:11:10 +0800] "GET /xingrg/kc/print/load_data.html?order_code=212023030802646&kc_code=cgsh&condition= HTTP/1.1" 200 1461
222.70.182.154 - - [08/Mar/2023:10:11:10 +0800] "GET /xingrg/all/function/internal_message.html?_=1678241488093&CODE_STATE=getMsg HTTP/1.1" 200 27
116.192.124.172 - - [08/Mar/2023:10:11:11 +0800] "GET /favicon.ico HTTP/1.1" 404 -
180.163.30.76 - - [08/Mar/2023:10:11:13 +0800] "GET /xingrg/kc/mdqp/qqps_order_info.html?code=302023030500097 HTTP/1.1" 302 -
180.163.30.76 - - [08/Mar/2023:10:11:13 +0800] "GET /xingrg/login.html HTTP/1.1" 200 7641
61.170.233.90 - - [08/Mar/2023:10:11:15 +0800] "GET /xingrg/kc/buy/cgsh_order_operate.html?command=get_materiel&rest_code=00106&code=00101008038&supplier_code=00100007&order_time=2023-03-08 HTTP/1.1" 200 412
222.70.221.209 - - [08/Mar/2023:10:11:15 +0800] "POST /xingrg/services/DataTransmitService HTTP/1.1" 200 524
120.253.135.82 - - [08/Mar/2023:10:11:19 +0800] "GET /xingrg/all/function/internal_message.html?_=1678241626476&CODE_STATE=getMsg HTTP/1.1" 200 27
116.192.124.172 - - [08/Mar/2023:10:11:19 +0800] "GET /favicon.ico HTTP/1.1" 404 -
222.70.182.154 - - [08/Mar/2023:10:11:22 +0800] "GET /xingrg/kc/buy/cgsh_order_add.html HTTP/1.1" 200 69917
222.70.182.154 - - [08/Mar/2023:10:11:23 +0800] "POST /xingrg/kc/buy/cgsh_order_operate.html HTTP/1.1" 200 8245
222.70.182.154 - - [08/Mar/2023:10:11:23 +0800] "GET /xingrg/javascript/easyui/themes/default/validatebox.css HTTP/1.1" 404 1104
180.163.28.114 - - [08/Mar/2023:10:11:23 +0800] "GET /xingrg/all/function/internal_message.html?_=1678241441451&CODE_STATE=getMsg HTTP/1.1" 302 -
180.163.28.114 - - [08/Mar/2023:10:11:23 +0800] "GET /xingrg/login.html HTTP/1.1" 200 7641
61.170.233.90 - - [08/Mar/2023:10:11:23 +0800] "GET /xingrg/all/function/internal_message.html?_=1678241501448&CODE_STATE=getMsg HTTP/1.1" 200 27
61.170.233.90 - - [08/Mar/2023:10:11:24 +0800] "GET /xingrg/kc/buy/cgsh_order_operate.html?command=get_materiel&rest_code=00106&code=00101008355&supplier_code=00100007&order_time=2023-03-08 HTTP/1.1" 200 408
116.225.84.253 - - [08/Mar/2023:10:11:24 +0800] "GET /xingrg/all/function/internal_message.html?_=1678241347765&CODE_STATE=getMsg HTTP/1.1" 200 27
101.229.22.234 - - [08/Mar/2023:10:11:25 +0800] "GET /xingrg/check_reg.html?_=1678241502039 HTTP/1.1" 200 22
101.229.22.234 - - [08/Mar/2023:10:11:25 +0800] "GET /xingrg/all/function/internal_message.html?_=1678241502618&CODE_STATE=getMsg HTTP/1.1" 200 27
180.169.147.146 - - [08/Mar/2023:10:11:27 +0800] "GET /xingrg/all/function/internal_message.html?_=1678241504927&CODE_STATE=getMsg HTTP/1.1" 200 27
180.169.147.146 - - [08/Mar/2023:10:11:27 +0800] "GET /xingrg/check_reg.html?_=1678241505367 HTTP/1.1" 200 22
172.20.0.100 - - [08/Mar/2023:10:11:27 +0800] "GET /xingrg/all/function/internal_message.html?_=1678241505969&CODE_STATE=getMsg HTTP/1.1" 200 27
116.238.139.35 - - [08/Mar/2023:10:11:28 +0800] "GET /xingrg/all/function/internal_message.html?_=1678241507466&CODE_STATE=getMsg HTTP/1.1" 200 27
180.163.30.100 - - [08/Mar/2023:10:11:31 +0800] "GET /xingrg/kc/buy/cgsh_order_add.html HTTP/1.1" 302 -
180.163.30.100 - - [08/Mar/2023:10:11:31 +0800] "GET /xingrg/login.html HTTP/1.1" 200 7641
61.170.233.90 - - [08/Mar/2023:10:11:31 +0800] "GET /xingrg/kc/buy/cgsh_order_operate.html?command=get_materiel&rest_code=00106&code=00101008264&supplier_code=00100007&order_time=2023-03-08 HTTP/1.1" 200 412
222.70.221.209 - - [08/Mar/2023:10:11:32 +0800] "GET /xingrg/all/function/internal_message.html?_=1678241630260&CODE_STATE=getMsg HTTP/1.1" 200 27
222.70.182.154 - - [08/Mar/2023:10:11:37 +0800] "GET /xingrg/kc/buy/cgsh_order_operate.html?command=get_materiel&rest_code=00111&code=00101008096&supplier_code=00100005&order_time=2023-03-08 HTTP/1.1" 200 412
61.170.233.90 - - [08/Mar/2023:10:11:39 +0800] "GET /xingrg/kc/buy/cgsh_order_operate.html?command=get_materiel&rest_code=00106&code=00101008562&supplier_code=00100007&order_time=2023-03-08 HTTP/1.1" 200 409
116.230.118.11 - - [08/Mar/2023:10:11:40 +0800] "GET /xingrg/all/function/internal_message.html?_=1678241529219&CODE_STATE=getMsg HTTP/1.1" 200 27
124.79.72.155 - - [08/Mar/2023:10:11:42 +0800] "GET /xingrg/all/function/internal_message.html?_=1678241525148&CODE_STATE=getMsg HTTP/1.1" 200 27
180.163.30.27 - - [08/Mar/2023:10:11:47 +0800] "GET /xingrg/kc/buy/cgsh_order_operate.html?command=get_materiel&rest_code=00106&code=00101008234&supplier_code=00100007&order_time=2023-03-08 HTTP/1.1" 302 -
180.163.30.27 - - [08/Mar/2023:10:11:47 +0800] "GET /xingrg/login.html HTTP/1.1" 200 7641
116.225.84.253 - - [08/Mar/2023:10:11:48 +0800] "GET /xingrg/kc/base/wldb_order_operate.html?command=get_materiel&rest_code=00105&base_code=0010514&code=00101029015 HTTP/1.1" 200 474
222.70.182.154 - - [08/Mar/2023:10:11:49 +0800] "GET /xingrg/kc/buy/cgsh_order_operate.html?command=get_materiel&rest_code=00111&code=00101008149&supplier_code=00100005&order_time=2023-03-08 HTTP/1.1" 200 408
180.164.3.199 - - [08/Mar/2023:10:11:50 +0800] "GET /xingrg/all/function/internal_message.html?_=1678241528151&CODE_STATE=getMsg HTTP/1.1" 200 27
61.170.233.90 - - [08/Mar/2023:10:11:51 +0800] "GET /xingrg/kc/buy/cgsh_order_operate.html?command=get_materiel&rest_code=00106&code=00101008360&supplier_code=00100007&order_time=2023-03-08 HTTP/1.1" 200 413
101.83.241.0 - - [08/Mar/2023:10:11:55 +0800] "GET /xingrg/kc/buy/cgsh_order_add.html HTTP/1.1" 200 70049
101.83.241.0 - - [08/Mar/2023:10:11:55 +0800] "GET /xingrg/javascript/easyui/themes/default/validatebox.css HTTP/1.1" 404 1104
101.83.241.0 - - [08/Mar/2023:10:11:55 +0800] "POST /xingrg/kc/buy/cgsh_order_operate.html HTTP/1.1" 200 8245
101.83.241.0 - - [08/Mar/2023:10:11:59 +0800] "GET /xingrg/all/function/internal_message.html?_=1678241536815&CODE_STATE=getMsg HTTP/1.1" 200 27
101.83.241.0 - - [08/Mar/2023:10:11:59 +0800] "GET /xingrg/check_reg.html?_=1678241536816 HTTP/1.1" 200 22
58.40.7.146 - - [08/Mar/2023:10:12:01 +0800] "GET /xingrg/all/function/internal_message.html?_=1678241540005&CODE_STATE=getMsg HTTP/1.1" 200 27
222.70.182.154 - - [08/Mar/2023:10:12:01 +0800] "GET /xingrg/kc/buy/cgsh_order_operate.html?command=get_materiel&rest_code=00111&code=00101008210&supplier_code=00100005&order_time=2023-03-08 HTTP/1.1" 200 408
114.83.222.182 - - [08/Mar/2023:10:12:05 +0800] "GET /xingrg/all/function/internal_message.html?_=1678241606752&CODE_STATE=getMsg HTTP/1.1" 200 27
116.225.84.253 - - [08/Mar/2023:10:12:05 +0800] "GET /xingrg/kc/base/wldb_order_operate.html?command=get_materiel&rest_code=00105&base_code=0010514&code=00101019302 HTTP/1.1" 200 448
58.40.7.146 - - [08/Mar/2023:10:12:08 +0800] "GET /xingrg/check_reg.html?_=1678241547122 HTTP/1.1" 200 22
58.40.7.146 - - [08/Mar/2023:10:12:08 +0800] "GET /xingrg/all/function/internal_message.html?_=1678241547233&CODE_STATE=getMsg HTTP/1.1" 200 27
222.70.182.154 - - [08/Mar/2023:10:12:09 +0800] "GET /xingrg/check_reg.html?_=1678241547135 HTTP/1.1" 200 22
222.70.221.209 - - [08/Mar/2023:10:12:09 +0800] "GET /xingrg/all/function/internal_message.html?_=1678241548407&CODE_STATE=getMsg HTTP/1.1" 200 27
222.70.221.209 - - [08/Mar/2023:10:12:09 +0800] "GET /xingrg/check_reg.html?_=1678241548410 HTTP/1.1" 200 22
222.70.182.154 - - [08/Mar/2023:10:12:10 +0800] "GET /xingrg/all/function/internal_message.html?_=1678241548073&CODE_STATE=getMsg HTTP/1.1" 200 27
61.170.233.90 - - [08/Mar/2023:10:12:15 +0800] "POST /xingrg/kc/buy/cgsh_order_operate.html HTTP/1.1" 200 37
222.70.182.154 - - [08/Mar/2023:10:12:15 +0800] "GET /xingrg/kc/buy/cgsh_order_operate.html?command=get_materiel&rest_code=00111&code=00101008300&supplier_code=00100005&order_time=2023-03-08 HTTP/1.1" 200 412
61.170.233.90 - - [08/Mar/2023:10:12:17 +0800] "POST /xingrg/kc/buy/cgsh_order_operate.html HTTP/1.1" 200 6779
101.83.241.0 - - [08/Mar/2023:10:12:17 +0800] "GET /xingrg/kc/buy/cgsh_order_operate.html?command=get_materiel&rest_code=00149&code=00101016022&supplier_code=00100036&order_time=2023-03-08 HTTP/1.1" 200 408
120.253.135.82 - - [08/Mar/2023:10:12:19 +0800] "GET /xingrg/all/function/internal_message.html?_=1678241686466&CODE_STATE=getMsg HTTP/1.1" 200 27
120.253.135.82 - - [08/Mar/2023:10:12:19 +0800] "GET /xingrg/check_reg.html?_=1678241686470 HTTP/1.1" 200 22
116.225.84.253 - - [08/Mar/2023:10:12:20 +0800] "POST /xingrg/kc/base/wldb_order_operate.html HTTP/1.1" 200 37
116.225.84.253 - - [08/Mar/2023:10:12:21 +0800] "POST /xingrg/kc/base/wldb_order_operate.html HTTP/1.1" 200 4174
116.225.84.253 - - [08/Mar/2023:10:12:21 +0800] "GET /xingrg/kc/base/wldb_order_info.html?code=422023030800601 HTTP/1.1" 200 30393
116.225.84.253 - - [08/Mar/2023:10:12:22 +0800] "GET /xingrg/javascript/easyui/themes/default/validatebox.css HTTP/1.1" 404 1104
116.225.84.253 - - [08/Mar/2023:10:12:22 +0800] "POST /xingrg/kc/base/wldb_order_operate.html HTTP/1.1" 200 4174
61.170.233.90 - - [08/Mar/2023:10:12:23 +0800] "POST /xingrg/services/DataTransmitService HTTP/1.1" 200 524
61.170.233.90 - - [08/Mar/2023:10:12:23 +0800] "GET /xingrg/all/function/internal_message.html?_=1678241561452&CODE_STATE=getMsg HTTP/1.1" 200 27
61.170.233.90 - - [08/Mar/2023:10:12:24 +0800] "POST /xingrg/services/DataTransmitService HTTP/1.1" 200 2743
61.170.233.90 - - [08/Mar/2023:10:12:24 +0800] "POST /xingrg/services/DataTransmitService HTTP/1.1" 200 4464
101.229.22.234 - - [08/Mar/2023:10:12:25 +0800] "GET /xingrg/all/function/internal_message.html?_=1678241562602&CODE_STATE=getMsg HTTP/1.1" 200 27
116.225.84.253 - - [08/Mar/2023:10:12:25 +0800] "GET /xingrg/kc/base/wldb_order_add.html HTTP/1.1" 200 30381
61.170.233.90 - - [08/Mar/2023:10:12:26 +0800] "POST /xingrg/services/DataTransmitService HTTP/1.1" 200 196136
116.225.84.253 - - [08/Mar/2023:10:12:26 +0800] "POST /xingrg/kc/base/wldb_order_operate.html HTTP/1.1" 200 6806
116.225.84.253 - - [08/Mar/2023:10:12:26 +0800] "GET /xingrg/javascript/easyui/themes/default/validatebox.css HTTP/1.1" 404 1104
222.70.182.154 - - [08/Mar/2023:10:12:26 +0800] "GET /xingrg/kc/buy/cgsh_order_operate.html?command=get_materiel&rest_code=00111&code=00101008199&supplier_code=00100005&order_time=2023-03-08 HTTP/1.1" 200 408
180.169.147.146 - - [08/Mar/2023:10:12:27 +0800] "GET /xingrg/all/function/internal_message.html?_=1678241564910&CODE_STATE=getMsg HTTP/1.1" 200 27
172.20.0.100 - - [08/Mar/2023:10:12:27 +0800] "GET /xingrg/all/function/internal_message.html?_=1678241565976&CODE_STATE=getMsg HTTP/1.1" 200 27
116.238.139.35 - - [08/Mar/2023:10:12:28 +0800] "GET /xingrg/all/function/internal_message.html?_=1678241567468&CODE_STATE=getMsg HTTP/1.1" 200 27
222.70.221.209 - - [08/Mar/2023:10:12:32 +0800] "GET /xingrg/all/function/internal_message.html?_=1678241690266&CODE_STATE=getMsg HTTP/1.1" 200 27
61.170.233.90 - - [08/Mar/2023:10:12:37 +0800] "GET /xingrg/kc/buy/cgsh_order_operate.html?command=get_materiel&rest_code=00106&code=00101008357&supplier_code=00100007&order_time=2023-03-08 HTTP/1.1" 200 408
222.70.182.154 - - [08/Mar/2023:10:12:37 +0800] "GET /xingrg/kc/buy/cgsh_order_operate.html?command=get_materiel&rest_code=00111&code=00101008259&supplier_code=00100005&order_time=2023-03-08 HTTP/1.1" 200 408
116.230.118.11 - - [08/Mar/2023:10:12:40 +0800] "GET /xingrg/all/function/internal_message.html?_=1678241589234&CODE_STATE=getMsg HTTP/1.1" 200 27
124.79.72.155 - - [08/Mar/2023:10:12:42 +0800] "GET /xingrg/check_reg.html?_=1678241585138 HTTP/1.1" 200 22
124.79.72.155 - - [08/Mar/2023:10:12:42 +0800] "GET /xingrg/all/function/internal_message.html?_=1678241585147&CODE_STATE=getMsg HTTP/1.1" 200 27
61.170.233.90 - - [08/Mar/2023:10:12:45 +0800] "GET /xingrg/kc/buy/cgsh_order_operate.html?command=get_materiel&rest_code=00106&code=00101008069&supplier_code=00100007&order_time=2023-03-08 HTTP/1.1" 200 412
222.70.182.154 - - [08/Mar/2023:10:12:48 +0800] "GET /xingrg/kc/buy/cgsh_order_operate.html?command=get_materiel&rest_code=00111&code=00101008283&supplier_code=00100005&order_time=2023-03-08 HTTP/1.1" 200 408
180.164.3.199 - - [08/Mar/2023:10:12:50 +0800] "GET /xingrg/all/function/internal_message.html?_=1678241588163&CODE_STATE=getMsg HTTP/1.1" 200 27
180.164.3.199 - - [08/Mar/2023:10:12:50 +0800] "GET /xingrg/check_reg.html?_=1678241588166 HTTP/1.1" 200 22
61.170.233.90 - - [08/Mar/2023:10:12:54 +0800] "GET /xingrg/kc/buy/cgsh_order_operate.html?command=get_materiel&rest_code=00106&code=00101008286&supplier_code=00100007&order_time=2023-03-08 HTTP/1.1" 200 408
116.225.84.253 - - [08/Mar/2023:10:12:55 +0800] "GET /xingrg/kc/base/wldb_order_operate.html?command=get_materiel&rest_code=00105&base_code=0010514&code=00101019027 HTTP/1.1" 200 476
61.170.233.90 - - [08/Mar/2023:10:12:56 +0800] "POST /xingrg/kc/buy/cgsh_order_operate.html HTTP/1.1" 200 2065
222.70.182.154 - - [08/Mar/2023:10:12:59 +0800] "GET /xingrg/kc/buy/cgsh_order_operate.html?command=get_materiel&rest_code=00111&code=00101008261&supplier_code=00100005&order_time=2023-03-08 HTTP/1.1" 200 408
101.83.241.0 - - [08/Mar/2023:10:12:59 +0800] "GET /xingrg/kc/buy/cgsh_order_operate.html?command=get_materiel&rest_code=00149&code=00101016030&supplier_code=00100036&order_time=2023-03-08 HTTP/1.1" 200 412
101.83.241.0 - - [08/Mar/2023:10:12:59 +0800] "GET /xingrg/all/function/internal_message.html?_=1678241596809&CODE_STATE=getMsg HTTP/1.1" 200 27
58.40.7.146 - - [08/Mar/2023:10:13:01 +0800] "GET /xingrg/all/function/internal_message.html?_=1678241600009&CODE_STATE=getMsg HTTP/1.1" 200 27
58.40.7.146 - - [08/Mar/2023:10:13:01 +0800] "GET /xingrg/check_reg.html?_=1678241600511 HTTP/1.1" 200 22
61.170.233.90 - - [08/Mar/2023:10:13:02 +0800] "GET /xingrg/kc/buy/cgsh_order_operate.html?command=get_materiel&rest_code=00106&code=00101008131&supplier_code=00100007&order_time=2023-03-08 HTTP/1.1" 200 408
114.83.222.182 - - [08/Mar/2023:10:13:05 +0800] "GET /xingrg/all/function/internal_message.html?_=1678241666756&CODE_STATE=getMsg HTTP/1.1" 200 27
58.40.7.146 - - [08/Mar/2023:10:13:08 +0800] "GET /xingrg/all/function/internal_message.html?_=1678241607203&CODE_STATE=getMsg HTTP/1.1" 200 27
222.70.221.209 - - [08/Mar/2023:10:13:09 +0800] "GET /xingrg/all/function/internal_message.html?_=1678241608413&CODE_STATE=getMsg HTTP/1.1" 200 27
222.70.182.154 - - [08/Mar/2023:10:13:10 +0800] "GET /xingrg/all/function/internal_message.html?_=1678241608058&CODE_STATE=getMsg HTTP/1.1" 200 27
61.170.233.90 - - [08/Mar/2023:10:13:10 +0800] "GET /xingrg/kc/buy/cgsh_order_operate.html?command=get_materiel&rest_code=00106&code=00101008318&supplier_code=00100007&order_time=2023-03-08 HTTP/1.1" 200 408
116.225.84.253 - - [08/Mar/2023:10:13:13 +0800] "GET /xingrg/kc/base/wldb_order_operate.html?command=get_materiel&rest_code=00105&base_code=0010514&code=00101020037 HTTP/1.1" 200 443
101.83.241.0 - - [08/Mar/2023:10:13:14 +0800] "POST /xingrg/kc/buy/cgsh_order_operate.html HTTP/1.1" 200 37
120.253.135.82 - - [08/Mar/2023:10:13:19 +0800] "GET /xingrg/all/function/internal_message.html?_=1678241746471&CODE_STATE=getMsg HTTP/1.1" 200 27
61.170.233.90 - - [08/Mar/2023:10:13:19 +0800] "GET /xingrg/kc/buy/cgsh_order_operate.html?command=get_materiel&rest_code=00106&code=00101008352&supplier_code=00100007&order_time=2023-03-08 HTTP/1.1" 200 412
101.83.241.0 - - [08/Mar/2023:10:13:20 +0800] "POST /xingrg/kc/buy/cgsh_order_operate.html HTTP/1.1" 200 12
101.83.241.0 - - [08/Mar/2023:10:13:21 +0800] "GET /xingrg/kc/buy/cgsh_order_info.html?code=212023030802648 HTTP/1.1" 200 64953
222.70.182.154 - - [08/Mar/2023:10:13:21 +0800] "GET /xingrg/kc/buy/cgsh_order_operate.html?command=get_materiel&rest_code=00111&code=00101008095&supplier_code=00100005&order_time=2023-03-08 HTTP/1.1" 200 412
101.83.241.0 - - [08/Mar/2023:10:13:21 +0800] "GET /xingrg/javascript/easyui/themes/default/validatebox.css HTTP/1.1" 404 1104
101.83.241.0 - - [08/Mar/2023:10:13:22 +0800] "POST /xingrg/kc/buy/cgsh_order_operate.html HTTP/1.1" 200 1197
180.163.28.114 - - [08/Mar/2023:10:13:23 +0800] "GET /xingrg/all/function/internal_message.html?_=1678241561452&CODE_STATE=getMsg HTTP/1.1" 302 -
180.163.28.114 - - [08/Mar/2023:10:13:23 +0800] "GET /xingrg/login.html HTTP/1.1" 200 7641
61.170.233.90 - - [08/Mar/2023:10:13:23 +0800] "GET /xingrg/check_reg.html?_=1678241621503 HTTP/1.1" 200 22
61.170.233.90 - - [08/Mar/2023:10:13:23 +0800] "GET /xingrg/all/function/internal_message.html?_=1678241621504&CODE_STATE=getMsg HTTP/1.1" 200 27
101.83.241.0 - - [08/Mar/2023:10:13:24 +0800] "GET /xingrg/kc/print/load_data.html?order_code=212023030802648&kc_code=cgsh&condition= HTTP/1.1" 200 1008
116.225.84.253 - - [08/Mar/2023:10:13:24 +0800] "GET /xingrg/all/function/internal_message.html?_=1678241467786&CODE_STATE=getMsg HTTP/1.1" 200 27
101.229.22.234 - - [08/Mar/2023:10:13:25 +0800] "GET /xingrg/all/function/internal_message.html?_=1678241622586&CODE_STATE=getMsg HTTP/1.1" 200 27
116.225.84.253 - - [08/Mar/2023:10:13:26 +0800] "GET /xingrg/check_reg.html?_=1678241469557 HTTP/1.1" 200 22
180.169.147.146 - - [08/Mar/2023:10:13:27 +0800] "GET /xingrg/all/function/internal_message.html?_=1678241624882&CODE_STATE=getMsg HTTP/1.1" 200 27
61.170.233.90 - - [08/Mar/2023:10:13:27 +0800] "GET /xingrg/kc/buy/cgsh_order_operate.html?command=get_materiel&rest_code=00106&code=00101008005&supplier_code=00100007&order_time=2023-03-08 HTTP/1.1" 200 412
172.20.0.100 - - [08/Mar/2023:10:13:27 +0800] "GET /xingrg/all/function/internal_message.html?_=1678241625932&CODE_STATE=getMsg HTTP/1.1" 200 27
116.238.139.35 - - [08/Mar/2023:10:13:28 +0800] "GET /xingrg/all/function/internal_message.html?_=1678241627469&CODE_STATE=getMsg HTTP/1.1" 200 27
222.70.182.154 - - [08/Mar/2023:10:13:31 +0800] "GET /xingrg/kc/buy/cgsh_order_operate.html?command=get_materiel&rest_code=00111&code=00101008674&supplier_code=00100005&order_time=2023-03-08 HTTP/1.1" 200 413
222.70.221.209 - - [08/Mar/2023:10:13:32 +0800] "GET /xingrg/all/function/internal_message.html?_=1678241750271&CODE_STATE=getMsg HTTP/1.1" 200 27
180.163.28.114 - - [08/Mar/2023:10:13:34 +0800] "GET /xingrg/kc/buy/cgsh_order_operate.html?command=get_materiel&rest_code=00106&code=00101008357&supplier_code=00100007&order_time=2023-03-08 HTTP/1.1" 302 -
180.163.28.114 - - [08/Mar/2023:10:13:34 +0800] "GET /xingrg/login.html HTTP/1.1" 200 7641
61.170.233.90 - - [08/Mar/2023:10:13:36 +0800] "GET /xingrg/kc/buy/cgsh_order_operate.html?command=get_materiel&rest_code=00106&code=00101008353&supplier_code=00100007&order_time=2023-03-08 HTTP/1.1" 200 408
61.170.233.90 - - [08/Mar/2023:10:13:40 +0800] "POST /xingrg/kc/buy/cgsh_order_operate.html HTTP/1.1" 200 2065
116.230.118.11 - - [08/Mar/2023:10:13:40 +0800] "GET /xingrg/all/function/internal_message.html?_=1678241649257&CODE_STATE=getMsg HTTP/1.1" 200 27
124.79.72.155 - - [08/Mar/2023:10:13:42 +0800] "GET /xingrg/all/function/internal_message.html?_=1678241645147&CODE_STATE=getMsg HTTP/1.1" 200 27
222.70.182.154 - - [08/Mar/2023:10:13:43 +0800] "GET /xingrg/kc/buy/cgsh_order_operate.html?command=get_materiel&rest_code=00111&code=00101008005&supplier_code=00100005&order_time=2023-03-08 HTTP/1.1" 200 412
116.225.84.253 - - [08/Mar/2023:10:13:44 +0800] "GET /xingrg/kc/base/wldb_order_operate.html?command=get_materiel&rest_code=00105&base_code=0010514&code=00101019028 HTTP/1.1" 200 432
61.170.233.90 - - [08/Mar/2023:10:13:45 +0800] "GET /xingrg/kc/buy/cgsh_order_operate.html?command=get_materiel&rest_code=00106&code=00101008134&supplier_code=00100007&order_time=2023-03-08 HTTP/1.1" 200 413
222.67.232.202 - - [08/Mar/2023:10:13:50 +0800] "GET /xingrg/check_reg.html?_=1678241202478 HTTP/1.1" 302 -
180.164.3.199 - - [08/Mar/2023:10:13:50 +0800] "GET /xingrg/all/function/internal_message.html?_=1678241648165&CODE_STATE=getMsg HTTP/1.1" 200 27
222.70.182.154 - - [08/Mar/2023:10:13:53 +0800] "GET /xingrg/kc/buy/cgsh_order_operate.html?command=get_materiel&rest_code=00111&code=00101008207&supplier_code=00100005&order_time=2023-03-08 HTTP/1.1" 200 408
61.170.233.90 - - [08/Mar/2023:10:13:56 +0800] "GET /xingrg/kc/buy/cgsh_order_operate.html?command=get_materiel&rest_code=00106&code=00101008085&supplier_code=00100007&order_time=2023-03-08 HTTP/1.1" 200 412
180.163.29.219 - - [08/Mar/2023:10:13:58 +0800] "GET /xingrg/kc/buy/cgsh_order_operate.html?command=get_materiel&rest_code=00106&code=00101008131&supplier_code=00100007&order_time=2023-03-08 HTTP/1.1" 302 -
180.163.29.219 - - [08/Mar/2023:10:13:58 +0800] "GET /xingrg/login.html HTTP/1.1" 200 7641
101.83.241.0 - - [08/Mar/2023:10:13:59 +0800] "GET /xingrg/all/function/internal_message.html?_=1678241656797&CODE_STATE=getMsg HTTP/1.1" 200 27
58.40.7.146 - - [08/Mar/2023:10:14:01 +0800] "GET /xingrg/all/function/internal_message.html?_=1678241660014&CODE_STATE=getMsg HTTP/1.1" 200 27
101.83.241.0 - - [08/Mar/2023:10:14:03 +0800] "GET /xingrg/kc/buy/cgsh_order_add.html HTTP/1.1" 200 70049
61.170.233.90 - - [08/Mar/2023:10:14:03 +0800] "GET /xingrg/kc/buy/cgsh_order_operate.html?command=get_materiel&rest_code=00106&code=00101011005&supplier_code=00100007&order_time=2023-03-08 HTTP/1.1" 200 428
101.83.241.0 - - [08/Mar/2023:10:14:03 +0800] "POST /xingrg/kc/buy/cgsh_order_operate.html HTTP/1.1" 200 8245
101.83.241.0 - - [08/Mar/2023:10:14:04 +0800] "GET /xingrg/javascript/easyui/themes/default/validatebox.css HTTP/1.1" 404 1104
114.83.222.182 - - [08/Mar/2023:10:14:05 +0800] "GET /xingrg/all/function/internal_message.html?_=1678241726748&CODE_STATE=getMsg HTTP/1.1" 200 27
114.83.222.182 - - [08/Mar/2023:10:14:05 +0800] "GET /xingrg/check_reg.html?_=1678241726749 HTTP/1.1" 200 22
116.225.84.253 - - [08/Mar/2023:10:14:06 +0800] "POST /xingrg/kc/base/wldb_order_operate.html HTTP/1.1" 200 37
116.225.84.253 - - [08/Mar/2023:10:14:06 +0800] "POST /xingrg/kc/base/wldb_order_operate.html HTTP/1.1" 200 3174
116.225.84.253 - - [08/Mar/2023:10:14:08 +0800] "GET /xingrg/kc/base/wldb_order_info.html?code=422023030800602 HTTP/1.1" 200 30389
58.40.7.146 - - [08/Mar/2023:10:14:08 +0800] "GET /xingrg/all/function/internal_message.html?_=1678241667176&CODE_STATE=getMsg HTTP/1.1" 200 27
116.225.84.253 - - [08/Mar/2023:10:14:08 +0800] "GET /xingrg/javascript/easyui/themes/default/validatebox.css HTTP/1.1" 404 1104
116.225.84.253 - - [08/Mar/2023:10:14:09 +0800] "POST /xingrg/kc/base/wldb_order_operate.html HTTP/1.1" 200 3174
222.70.221.209 - - [08/Mar/2023:10:14:09 +0800] "GET /xingrg/all/function/internal_message.html?_=1678241668405&CODE_STATE=getMsg HTTP/1.1" 200 27
222.70.182.154 - - [08/Mar/2023:10:14:10 +0800] "GET /xingrg/all/function/internal_message.html?_=1678241668036&CODE_STATE=getMsg HTTP/1.1" 200 27
116.225.84.253 - - [08/Mar/2023:10:14:11 +0800] "GET /xingrg/kc/base/wldb_order_add.html HTTP/1.1" 200 30381
116.225.84.253 - - [08/Mar/2023:10:14:12 +0800] "POST /xingrg/kc/base/wldb_order_operate.html HTTP/1.1" 200 6806
116.225.84.253 - - [08/Mar/2023:10:14:12 +0800] "GET /xingrg/javascript/easyui/themes/default/validatebox.css HTTP/1.1" 404 1104
61.170.233.90 - - [08/Mar/2023:10:14:14 +0800] "POST /xingrg/kc/buy/cgsh_order_operate.html HTTP/1.1" 200 37
61.170.233.90 - - [08/Mar/2023:10:14:17 +0800] "POST /xingrg/kc/buy/cgsh_order_operate.html HTTP/1.1" 200 13882
120.253.135.82 - - [08/Mar/2023:10:14:19 +0800] "GET /xingrg/all/function/internal_message.html?_=1678241806480&CODE_STATE=getMsg HTTP/1.1" 200 27
120.253.135.82 - - [08/Mar/2023:10:14:21 +0800] "GET /xingrg/check_reg.html?_=1678241505665 HTTP/1.1" 200 22
222.70.182.154 - - [08/Mar/2023:10:14:21 +0800] "GET /xingrg/kc/buy/cgsh_order_operate.html?command=get_materiel&rest_code=00111&code=00101008350&supplier_code=00100005&order_time=2023-03-08 HTTP/1.1" 200 408
180.163.29.217 - - [08/Mar/2023:10:14:23 +0800] "GET /xingrg/all/function/internal_message.html?_=1678241621504&CODE_STATE=getMsg HTTP/1.1" 302 -
180.163.29.217 - - [08/Mar/2023:10:14:23 +0800] "GET /xingrg/login.html HTTP/1.1" 200 7641
61.170.233.90 - - [08/Mar/2023:10:14:23 +0800] "GET /xingrg/all/function/internal_message.html?_=1678241681478&CODE_STATE=getMsg HTTP/1.1" 200 27
180.163.28.114 - - [08/Mar/2023:10:14:24 +0800] "GET /xingrg/kc/buy/cgsh_order_operate.html?command=get_materiel&rest_code=00106&code=00101008005&supplier_code=00100007&order_time=2023-03-08 HTTP/1.1" 302 -
180.163.28.114 - - [08/Mar/2023:10:14:24 +0800] "GET /xingrg/login.html HTTP/1.1" 200 7641
116.225.84.253 - - [08/Mar/2023:10:14:24 +0800] "GET /xingrg/all/function/internal_message.html?_=1678241527763&CODE_STATE=getMsg HTTP/1.1" 200 27
101.229.22.234 - - [08/Mar/2023:10:14:25 +0800] "GET /xingrg/all/function/internal_message.html?_=1678241682571&CODE_STATE=getMsg HTTP/1.1" 200 27
180.169.147.146 - - [08/Mar/2023:10:14:27 +0800] "GET /xingrg/all/function/internal_message.html?_=1678241684856&CODE_STATE=getMsg HTTP/1.1" 200 27
61.170.233.90 - - [08/Mar/2023:10:14:27 +0800] "GET /xingrg/kc/buy/cgsh_order_operate.html?command=get_materiel&rest_code=00106&code=00101008261&supplier_code=00100007&order_time=2023-03-08 HTTP/1.1" 200 408
172.20.0.100 - - [08/Mar/2023:10:14:27 +0800] "GET /xingrg/check_reg.html?_=1678241685936 HTTP/1.1" 200 22
172.20.0.100 - - [08/Mar/2023:10:14:27 +0800] "GET /xingrg/all/function/internal_message.html?_=1678241685938&CODE_STATE=getMsg HTTP/1.1" 200 27
116.238.139.35 - - [08/Mar/2023:10:14:28 +0800] "GET /xingrg/all/function/internal_message.html?_=1678241687470&CODE_STATE=getMsg HTTP/1.1" 200 27
116.224.106.218 - - [08/Mar/2023:10:14:31 +0800] "GET /xingrg/check_reg.html?_=1678241689614 HTTP/1.1" 200 22
222.70.182.154 - - [08/Mar/2023:10:14:31 +0800] "GET /xingrg/kc/buy/cgsh_order_operate.html?command=get_materiel&rest_code=00111&code=00101008087&supplier_code=00100005&order_time=2023-03-08 HTTP/1.1" 200 412
222.70.221.209 - - [08/Mar/2023:10:14:32 +0800] "GET /xingrg/all/function/internal_message.html?_=1678241810273&CODE_STATE=getMsg HTTP/1.1" 200 27
116.225.84.253 - - [08/Mar/2023:10:14:39 +0800] "GET /xingrg/kc/base/wldb_order_operate.html?command=get_materiel&rest_code=00105&base_code=0010514&code=00101013130 HTTP/1.1" 200 432
116.230.118.11 - - [08/Mar/2023:10:14:40 +0800] "GET /xingrg/all/function/internal_message.html?_=1678241709260&CODE_STATE=getMsg HTTP/1.1" 200 27
61.170.233.90 - - [08/Mar/2023:10:14:41 +0800] "GET /xingrg/kc/buy/cgsh_order_operate.html?command=get_materiel&rest_code=00106&code=00101008248&supplier_code=00100007&order_time=2023-03-08 HTTP/1.1" 200 412
180.163.28.55 - - [08/Mar/2023:10:14:42 +0800] "GET /xingrg/kc/buy/cgsh_order_operate.html?command=get_materiel&rest_code=00106&code=00101008134&supplier_code=00100007&order_time=2023-03-08 HTTP/1.1" 302 -
124.79.72.155 - - [08/Mar/2023:10:14:42 +0800] "GET /xingrg/all/function/internal_message.html?_=1678241705137&CODE_STATE=getMsg HTTP/1.1" 200 27
180.163.28.55 - - [08/Mar/2023:10:14:42 +0800] "GET /xingrg/login.html HTTP/1.1" 200 7641
101.83.241.0 - - [08/Mar/2023:10:14:46 +0800] "GET /xingrg/kc/buy/cgsh_order_operate.html?command=get_materiel&rest_code=00149&code=00101004051&supplier_code=00100083&order_time=2023-03-08 HTTP/1.1" 200 429
61.170.233.90 - - [08/Mar/2023:10:14:48 +0800] "GET /xingrg/kc/buy/cgsh_order_operate.html?command=get_materiel&rest_code=00106&code=00101008358&supplier_code=00100007&order_time=2023-03-08 HTTP/1.1" 200 412
180.164.3.199 - - [08/Mar/2023:10:14:50 +0800] "GET /xingrg/all/function/internal_message.html?_=1678241708145&CODE_STATE=getMsg HTTP/1.1" 200 27
222.70.182.154 - - [08/Mar/2023:10:14:54 +0800] "GET /xingrg/kc/buy/cgsh_order_operate.html?command=get_materiel&rest_code=00111&code=00101008190&supplier_code=00100005&order_time=2023-03-08 HTTP/1.1" 200 412
116.225.84.253 - - [08/Mar/2023:10:14:54 +0800] "GET /xingrg/kc/base/wldb_order_operate.html?command=get_materiel&rest_code=00105&base_code=0010514&code=00101013128 HTTP/1.1" 200 427
61.170.233.90 - - [08/Mar/2023:10:14:57 +0800] "GET /xingrg/kc/buy/cgsh_order_operate.html?command=get_materiel&rest_code=00106&code=00101008084&supplier_code=00100007&order_time=2023-03-08 HTTP/1.1" 200 412
101.83.241.0 - - [08/Mar/2023:10:14:59 +0800] "GET /xingrg/all/function/internal_message.html?_=1678241716792&CODE_STATE=getMsg HTTP/1.1" 200 27
61.170.233.90 - - [08/Mar/2023:10:14:59 +0800] "POST /xingrg/kc/buy/cgsh_order_operate.html HTTP/1.1" 200 2065
58.40.7.146 - - [08/Mar/2023:10:15:01 +0800] "GET /xingrg/all/function/internal_message.html?_=1678241720016&CODE_STATE=getMsg HTTP/1.1" 200 27
114.83.222.182 - - [08/Mar/2023:10:15:05 +0800] "GET /xingrg/all/function/internal_message.html?_=1678241786753&CODE_STATE=getMsg HTTP/1.1" 200 27
101.83.241.0 - - [08/Mar/2023:10:15:06 +0800] "GET /xingrg/kc/buy/cgsh_order_operate.html?command=get_materiel&rest_code=00149&code=00101004011&supplier_code=00100083&order_time=2023-03-08 HTTP/1.1" 200 435
61.170.233.90 - - [08/Mar/2023:10:15:07 +0800] "GET /xingrg/kc/buy/cgsh_order_operate.html?command=get_materiel&rest_code=00106&code=00101008126&supplier_code=00100007&order_time=2023-03-08 HTTP/1.1" 200 412
58.40.7.146 - - [08/Mar/2023:10:15:08 +0800] "GET /xingrg/all/function/internal_message.html?_=1678241727158&CODE_STATE=getMsg HTTP/1.1" 200 27
222.70.221.209 - - [08/Mar/2023:10:15:09 +0800] "GET /xingrg/all/function/internal_message.html?_=1678241728399&CODE_STATE=getMsg HTTP/1.1" 200 27
222.70.182.154 - - [08/Mar/2023:10:15:10 +0800] "GET /xingrg/all/function/internal_message.html?_=1678241728020&CODE_STATE=getMsg HTTP/1.1" 200 27
116.225.84.253 - - [08/Mar/2023:10:15:12 +0800] "GET /xingrg/kc/base/wldb_order_operate.html?command=get_materiel&rest_code=00105&base_code=0010514&code=00101014080 HTTP/1.1" 200 441
61.170.233.90 - - [08/Mar/2023:10:15:17 +0800] "GET /xingrg/kc/buy/cgsh_order_operate.html?command=get_materiel&rest_code=00106&code=00101008300&supplier_code=00100007&order_time=2023-03-08 HTTP/1.1" 200 412
120.253.135.82 - - [08/Mar/2023:10:15:19 +0800] "GET /xingrg/all/function/internal_message.html?_=1678241866487&CODE_STATE=getMsg HTTP/1.1" 200 27
180.163.28.55 - - [08/Mar/2023:10:15:23 +0800] "GET /xingrg/all/function/internal_message.html?_=1678241681478&CODE_STATE=getMsg HTTP/1.1" 302 -
180.163.28.55 - - [08/Mar/2023:10:15:23 +0800] "GET /xingrg/login.html HTTP/1.1" 200 7641
61.170.233.90 - - [08/Mar/2023:10:15:23 +0800] "GET /xingrg/all/function/internal_message.html?_=1678241741500&CODE_STATE=getMsg HTTP/1.1" 200 27
180.163.28.114 - - [08/Mar/2023:10:15:24 +0800] "GET /xingrg/kc/buy/cgsh_order_operate.html?command=get_materiel&rest_code=00106&code=00101008261&supplier_code=00100007&order_time=2023-03-08 HTTP/1.1" 302 -
180.163.28.114 - - [08/Mar/2023:10:15:24 +0800] "GET /xingrg/login.html HTTP/1.1" 200 7641
116.192.124.172 - - [08/Mar/2023:10:15:24 +0800] "GET /xingrg/login.html HTTP/1.1" 200 7641
116.225.84.253 - - [08/Mar/2023:10:15:24 +0800] "GET /xingrg/all/function/internal_message.html?_=1678241587742&CODE_STATE=getMsg HTTP/1.1" 200 27
116.192.124.172 - - [08/Mar/2023:10:15:25 +0800] "GET /favicon.ico HTTP/1.1" 404 -
101.229.22.234 - - [08/Mar/2023:10:15:25 +0800] "GET /xingrg/all/function/internal_message.html?_=1678241742567&CODE_STATE=getMsg HTTP/1.1" 200 27
116.192.124.172 - - [08/Mar/2023:10:15:26 +0800] "POST /xingrg/login.do HTTP/1.1" 302 -
116.192.124.172 - - [08/Mar/2023:10:15:26 +0800] "GET /xingrg/index.html?sysBaseUrl=http%3A%2F%2F180.169.147.146%3A18081%2Fxingrg%2F&costTime=38×tamp=1678241726070 HTTP/1.1" 200 17503
116.192.124.172 - - [08/Mar/2023:10:15:26 +0800] "GET /favicon.ico HTTP/1.1" 404 -
116.192.124.172 - - [08/Mar/2023:10:15:26 +0800] "POST /xingrg/all/common/load_tree.html?tree=area_rest_tree_json&manage=1 HTTP/1.1" 200 3499
116.192.124.172 - - [08/Mar/2023:10:15:26 +0800] "GET /xingrg/all/function/internal_message.html?_=1678241749344&CODE_STATE=count HTTP/1.1" 200 11
116.192.124.172 - - [08/Mar/2023:10:15:26 +0800] "GET /xingrg/check_reg.html?_=1678241749345 HTTP/1.1" 200 22
116.192.124.172 - - [08/Mar/2023:10:15:26 +0800] "POST /xingrg/load_menu.html HTTP/1.1" 200 11443
61.170.233.90 - - [08/Mar/2023:10:15:26 +0800] "GET /xingrg/kc/buy/cgsh_order_operate.html?command=get_materiel&rest_code=00106&code=00101008059&supplier_code=00100007&order_time=2023-03-08 HTTP/1.1" 200 408
180.169.147.146 - - [08/Mar/2023:10:15:27 +0800] "GET /xingrg/all/function/internal_message.html?_=1678241744840&CODE_STATE=getMsg HTTP/1.1" 200 27
172.20.0.100 - - [08/Mar/2023:10:15:27 +0800] "GET /xingrg/all/function/internal_message.html?_=1678241745927&CODE_STATE=getMsg HTTP/1.1" 200 27
116.238.139.35 - - [08/Mar/2023:10:15:28 +0800] "GET /xingrg/all/function/internal_message.html?_=1678241747474&CODE_STATE=getMsg HTTP/1.1" 200 27
116.238.139.35 - - [08/Mar/2023:10:15:28 +0800] "GET /xingrg/check_reg.html?_=1678241747477 HTTP/1.1" 200 22
116.192.124.172 - - [08/Mar/2023:10:15:30 +0800] "POST /xingrg/all/user/operate.html HTTP/1.1" 200 36
116.192.124.172 - - [08/Mar/2023:10:15:30 +0800] "GET /xingrg/index.html?sysBaseUrl=http%3A%2F%2F180.169.147.146%3A18081%2Fxingrg%2F&costTime=38×tamp=1678241726070 HTTP/1.1" 200 17503
116.192.124.172 - - [08/Mar/2023:10:15:30 +0800] "GET /xingrg/javascript/jquery_easy_ui/themes/default/easyui.css HTTP/1.1" 304 -
116.192.124.172 - - [08/Mar/2023:10:15:30 +0800] "GET /xingrg/javascript/jquery_easy_ui/themes/icon.css HTTP/1.1" 304 -
116.192.124.172 - - [08/Mar/2023:10:15:30 +0800] "GET /xingrg/css/form.css HTTP/1.1" 304 -
116.192.124.172 - - [08/Mar/2023:10:15:30 +0800] "GET /xingrg/javascript/jquery-1.4.2.min.js HTTP/1.1" 304 -
116.192.124.172 - - [08/Mar/2023:10:15:30 +0800] "GET /xingrg/javascript/jquery_easy_ui/jquery.easyui.min.js HTTP/1.1" 304 -
116.192.124.172 - - [08/Mar/2023:10:15:30 +0800] "GET /xingrg/javascript/jquery_easy_ui/easyui-lang-zh_CN.js HTTP/1.1" 304 -
116.192.124.172 - - [08/Mar/2023:10:15:30 +0800] "GET /xingrg/javascript/jquery.form.js HTTP/1.1" 304 -
116.192.124.172 - - [08/Mar/2023:10:15:30 +0800] "GET /xingrg/javascript/jquery.utils.js HTTP/1.1" 304 -
116.192.124.172 - - [08/Mar/2023:10:15:30 +0800] "GET /xingrg/javascript/jquery.timers.js HTTP/1.1" 304 -
116.192.124.172 - - [08/Mar/2023:10:15:30 +0800] "GET /xingrg/images/blue/jxLogo.png HTTP/1.1" 304 -
116.192.124.172 - - [08/Mar/2023:10:15:30 +0800] "GET /xingrg/images/blue/navBackgound.jpg HTTP/1.1" 304 -
116.192.124.172 - - [08/Mar/2023:10:15:30 +0800] "GET /xingrg/javascript/jquery_easy_ui/themes/icons/settle_new.png HTTP/1.1" 304 -
116.192.124.172 - - [08/Mar/2023:10:15:30 +0800] "POST /xingrg/all/common/load_tree.html?tree=area_rest_tree_json&manage=1 HTTP/1.1" 200 3499
116.192.124.172 - - [08/Mar/2023:10:15:30 +0800] "GET /xingrg/all/function/internal_message.html?_=1678241753634&CODE_STATE=count HTTP/1.1" 200 11
116.192.124.172 - - [08/Mar/2023:10:15:30 +0800] "GET /xingrg/check_reg.html?_=1678241753635 HTTP/1.1" 200 22
116.192.124.172 - - [08/Mar/2023:10:15:30 +0800] "GET /xingrg/javascript/jquery_easy_ui/themes/default/images/tabs_leftarrow.png HTTP/1.1" 304 -
116.192.124.172 - - [08/Mar/2023:10:15:30 +0800] "GET /xingrg/javascript/jquery_easy_ui/themes/default/images/panel_tool_expand.gif HTTP/1.1" 304 -
116.192.124.172 - - [08/Mar/2023:10:15:30 +0800] "GET /xingrg/javascript/jquery_easy_ui/themes/default/images/panel_tool_collapse.gif HTTP/1.1" 304 -
116.192.124.172 - - [08/Mar/2023:10:15:30 +0800] "GET /xingrg/javascript/jquery_easy_ui/themes/default/images/tabs_rightarrow.png HTTP/1.1" 304 -
116.192.124.172 - - [08/Mar/2023:10:15:30 +0800] "GET /xingrg/images/blue/pingpu.png HTTP/1.1" 304 -
116.192.124.172 - - [08/Mar/2023:10:15:30 +0800] "POST /xingrg/load_menu.html HTTP/1.1" 200 9959
116.192.124.172 - - [08/Mar/2023:10:15:32 +0800] "GET /xingrg/kc/report/report_main.html HTTP/1.1" 200 7340
222.70.221.209 - - [08/Mar/2023:10:15:32 +0800] "GET /xingrg/all/function/internal_message.html?_=1678241870275&CODE_STATE=getMsg HTTP/1.1" 200 27
222.70.221.209 - - [08/Mar/2023:10:15:32 +0800] "GET /xingrg/check_reg.html?_=1678241870278 HTTP/1.1" 200 22
116.230.118.11 - - [08/Mar/2023:10:15:39 +0800] "GET /xingrg/check_reg.html?_=1678241768365 HTTP/1.1" 200 22
116.192.124.172 - - [08/Mar/2023:10:15:40 +0800] "POST /xingrg/load_menu.html HTTP/1.1" 200 6279
116.230.118.11 - - [08/Mar/2023:10:15:40 +0800] "GET /xingrg/all/function/internal_message.html?_=1678241769273&CODE_STATE=getMsg HTTP/1.1" 200 27
61.170.233.90 - - [08/Mar/2023:10:15:41 +0800] "GET /xingrg/kc/buy/cgsh_order_operate.html?command=get_materiel&rest_code=00106&code=00101008036&supplier_code=00100007&order_time=2023-03-08 HTTP/1.1" 200 408
116.192.124.172 - - [08/Mar/2023:10:15:41 +0800] "POST /xingrg/load_menu.html HTTP/1.1" 200 9695
180.169.147.146 - - [08/Mar/2023:10:15:42 +0800] "GET /xingrg/check_reg.html?_=1678241762269 HTTP/1.1" 302 -
124.79.72.155 - - [08/Mar/2023:10:15:42 +0800] "GET /xingrg/all/function/internal_message.html?_=1678241765144&CODE_STATE=getMsg HTTP/1.1" 200 27
116.192.124.172 - - [08/Mar/2023:10:15:43 +0800] "GET /xingrg/all/report/report_query.html?fileName=dma/new_5.0/yingye/yy_hz.xml&rw=1600 HTTP/1.1" 200 56155
116.192.124.172 - - [08/Mar/2023:10:15:43 +0800] "GET /xingrg/dwr/util.js HTTP/1.1" 304 -
116.192.124.172 - - [08/Mar/2023:10:15:43 +0800] "GET /xingrg/dwr/interface/AjaxReportQueryService.js HTTP/1.1" 200 13203
116.192.124.172 - - [08/Mar/2023:10:15:44 +0800] "GET /xingrg/dwr/engine.js HTTP/1.1" 200 43631
116.192.124.172 - - [08/Mar/2023:10:15:44 +0800] "POST /xingrg/all/common/load_tree.html?tree=area_station_tree_json&manage=1 HTTP/1.1" 200 3393
116.192.124.172 - - [08/Mar/2023:10:15:44 +0800] "POST /xingrg/dwr/call/plaincall/AjaxReportQueryService.getFixDate.dwr HTTP/1.1" 200 111
116.225.84.253 - - [08/Mar/2023:10:15:46 +0800] "POST /xingrg/kc/base/wldb_order_operate.html HTTP/1.1" 200 37
116.225.84.253 - - [08/Mar/2023:10:15:47 +0800] "POST /xingrg/kc/base/wldb_order_operate.html HTTP/1.1" 200 3123
116.225.84.253 - - [08/Mar/2023:10:15:47 +0800] "GET /xingrg/kc/base/wldb_order_info.html?code=422023030800603 HTTP/1.1" 200 30389
116.225.84.253 - - [08/Mar/2023:10:15:47 +0800] "GET /xingrg/javascript/easyui/themes/default/validatebox.css HTTP/1.1" 404 1104
172.20.0.100 - - [08/Mar/2023:10:15:48 +0800] "GET /xingrg/javascript/jquery_easy_ui/themes/icons/area.png HTTP/1.1" 200 262
172.20.0.100 - - [08/Mar/2023:10:15:48 +0800] "GET /xingrg/javascript/jquery_easy_ui/themes/icons/manage.png HTTP/1.1" 200 696
116.225.84.253 - - [08/Mar/2023:10:15:48 +0800] "POST /xingrg/kc/base/wldb_order_operate.html HTTP/1.1" 200 3123
101.83.241.0 - - [08/Mar/2023:10:15:50 +0800] "POST /xingrg/kc/buy/cgsh_order_operate.html HTTP/1.1" 200 37
180.164.3.199 - - [08/Mar/2023:10:15:50 +0800] "GET /xingrg/all/function/internal_message.html?_=1678241768160&CODE_STATE=getMsg HTTP/1.1" 200 27
61.170.233.90 - - [08/Mar/2023:10:15:54 +0800] "POST /xingrg/kc/buy/cgsh_order_operate.html HTTP/1.1" 200 2065
101.83.241.0 - - [08/Mar/2023:10:15:54 +0800] "POST /xingrg/kc/buy/cgsh_order_operate.html HTTP/1.1" 200 12
101.83.241.0 - - [08/Mar/2023:10:15:55 +0800] "GET /xingrg/kc/buy/cgsh_order_info.html?code=212023030802649 HTTP/1.1" 200 64949
101.83.241.0 - - [08/Mar/2023:10:15:56 +0800] "GET /xingrg/javascript/easyui/themes/default/validatebox.css HTTP/1.1" 404 1104
172.20.0.100 - - [08/Mar/2023:10:15:56 +0800] "POST /xingrg/all/user/operate.html HTTP/1.1" 200 36
101.83.241.0 - - [08/Mar/2023:10:15:56 +0800] "POST /xingrg/kc/buy/cgsh_order_operate.html HTTP/1.1" 200 1204
172.20.0.100 - - [08/Mar/2023:10:15:57 +0800] "GET /xingrg/index.html?sysBaseUrl=http%3A%2F%2F172.20.0.8%3A18081%2Fxingrg%2F&costTime=42×tamp=1678241367217 HTTP/1.1" 200 17448
172.20.0.100 - - [08/Mar/2023:10:15:57 +0800] "GET /xingrg/javascript/jquery_easy_ui/themes/default/easyui.css HTTP/1.1" 304 -
172.20.0.100 - - [08/Mar/2023:10:15:57 +0800] "GET /xingrg/javascript/jquery_easy_ui/themes/icon.css HTTP/1.1" 304 -
172.20.0.100 - - [08/Mar/2023:10:15:57 +0800] "GET /xingrg/css/form.css HTTP/1.1" 304 -
172.20.0.100 - - [08/Mar/2023:10:15:57 +0800] "GET /xingrg/javascript/jquery-1.4.2.min.js HTTP/1.1" 304 -
172.20.0.100 - - [08/Mar/2023:10:15:57 +0800] "GET /xingrg/javascript/jquery_easy_ui/jquery.easyui.min.js HTTP/1.1" 304 -
172.20.0.100 - - [08/Mar/2023:10:15:57 +0800] "GET /xingrg/javascript/jquery_easy_ui/easyui-lang-zh_CN.js HTTP/1.1" 304 -
172.20.0.100 - - [08/Mar/2023:10:15:57 +0800] "GET /xingrg/javascript/jquery.form.js HTTP/1.1" 304 -
172.20.0.100 - - [08/Mar/2023:10:15:57 +0800] "GET /xingrg/javascript/jquery.utils.js HTTP/1.1" 304 -
172.20.0.100 - - [08/Mar/2023:10:15:57 +0800] "GET /xingrg/javascript/jquery.timers.js HTTP/1.1" 304 -
172.20.0.100 - - [08/Mar/2023:10:15:57 +0800] "GET /xingrg/images/blue/jxLogo.png HTTP/1.1" 304 -
172.20.0.100 - - [08/Mar/2023:10:15:57 +0800] "GET /xingrg/images/blue/navBackgound.jpg HTTP/1.1" 304 -
172.20.0.100 - - [08/Mar/2023:10:15:57 +0800] "GET /xingrg/javascript/jquery_easy_ui/themes/icons/settle_new.png HTTP/1.1" 304 -
172.20.0.100 - - [08/Mar/2023:10:15:57 +0800] "POST /xingrg/all/common/load_tree.html?tree=area_rest_tree_json&manage=1 HTTP/1.1" 200 3499
172.20.0.100 - - [08/Mar/2023:10:15:57 +0800] "GET /xingrg/all/function/internal_message.html?_=1678241775674&CODE_STATE=count HTTP/1.1" 200 11
172.20.0.100 - - [08/Mar/2023:10:15:57 +0800] "GET /xingrg/check_reg.html?_=1678241775675 HTTP/1.1" 200 22
172.20.0.100 - - [08/Mar/2023:10:15:57 +0800] "GET /xingrg/javascript/jquery_easy_ui/themes/default/images/tabs_leftarrow.png HTTP/1.1" 304 -
172.20.0.100 - - [08/Mar/2023:10:15:57 +0800] "GET /xingrg/javascript/jquery_easy_ui/themes/default/images/panel_tool_collapse.gif HTTP/1.1" 304 -
172.20.0.100 - - [08/Mar/2023:10:15:57 +0800] "GET /xingrg/javascript/jquery_easy_ui/themes/default/images/tabs_rightarrow.png HTTP/1.1" 304 -
172.20.0.100 - - [08/Mar/2023:10:15:57 +0800] "GET /xingrg/images/blue/pingpu.png HTTP/1.1" 304 -
172.20.0.100 - - [08/Mar/2023:10:15:57 +0800] "GET /xingrg/javascript/jquery_easy_ui/themes/default/images/panel_tool_expand.gif HTTP/1.1" 304 -
172.20.0.100 - - [08/Mar/2023:10:15:57 +0800] "POST /xingrg/load_menu.html HTTP/1.1" 200 9924
101.83.241.0 - - [08/Mar/2023:10:15:58 +0800] "GET /xingrg/kc/print/load_data.html?order_code=212023030802649&kc_code=cgsh&condition= HTTP/1.1" 200 956
172.20.0.100 - - [08/Mar/2023:10:15:58 +0800] "GET /xingrg/kc/report/report_main.html HTTP/1.1" 200 7320
172.20.0.100 - - [08/Mar/2023:10:15:59 +0800] "GET /xingrg/javascript/jquery_ui/themes/humanity/humanity.css HTTP/1.1" 200 27801
172.20.0.100 - - [08/Mar/2023:10:15:59 +0800] "GET /xingrg/javascript/json2.js HTTP/1.1" 200 11259
172.20.0.100 - - [08/Mar/2023:10:15:59 +0800] "GET /xingrg/javascript/jquery_easy_ui/themes/icons/back_new.png HTTP/1.1" 200 3414
101.83.241.0 - - [08/Mar/2023:10:15:59 +0800] "GET /xingrg/all/function/internal_message.html?_=1678241776789&CODE_STATE=getMsg HTTP/1.1" 200 27
58.40.7.146 - - [08/Mar/2023:10:16:01 +0800] "GET /xingrg/all/function/internal_message.html?_=1678241780019&CODE_STATE=getMsg HTTP/1.1" 200 27
172.20.0.100 - - [08/Mar/2023:10:16:02 +0800] "GET /xingrg/kc/base/crk_hz.html HTTP/1.1" 200 11227
172.20.0.100 - - [08/Mar/2023:10:16:02 +0800] "GET /xingrg/javascript/step/step.css HTTP/1.1" 200 999
172.20.0.100 - - [08/Mar/2023:10:16:02 +0800] "POST /xingrg/kc/cost/cost_operate.html?command=get_base_tree HTTP/1.1" 200 2589
172.20.0.100 - - [08/Mar/2023:10:16:02 +0800] "POST /xingrg/all/common/load_tree.html?tree=materiel_sort_tree_json HTTP/1.1" 200 9500
180.163.30.76 - - [08/Mar/2023:10:16:04 +0800] "GET /xingrg/kc/buy/cgsh_order_operate.html?command=get_materiel&rest_code=00106&code=00101008126&supplier_code=00100007&order_time=2023-03-08 HTTP/1.1" 302 -
180.163.30.76 - - [08/Mar/2023:10:16:04 +0800] "GET /xingrg/login.html HTTP/1.1" 200 7641
172.20.0.100 - - [08/Mar/2023:10:16:04 +0800] "GET /xingrg/all/common/get_data_part.html?part=previousMonth&_=1678241782863 HTTP/1.1" 200 41
114.83.222.182 - - [08/Mar/2023:10:16:05 +0800] "GET /xingrg/all/function/internal_message.html?_=1678241846752&CODE_STATE=getMsg HTTP/1.1" 200 27
172.20.0.100 - - [08/Mar/2023:10:16:05 +0800] "GET /xingrg/kc/base/crk_hz.html?_=1678241783643&command=get_cost_id&end_date=2023-02-28&start_date=2023-02-01 HTTP/1.1" 200 51
172.20.0.100 - - [08/Mar/2023:10:16:05 +0800] "GET /xingrg/all/report/report_query.html?isQuery=1&onlyBody=1&rh=99999&rw=1800&varString=start:20230201,cost_id:4157,mid:20230201&fileName=kc/base/crk_hz_type_by_base.xml&queryString=&queryText=ÈÕÆÚ£º2023-02-01ÖÁ2023-02-28&tableQueryString=materiel_table$sp1$$sp$before_table$sp1$$sp$crk_table$sp1$order_day%20between%2020230201%20and%2020230228 HTTP/1.1" 200 49288
172.20.0.100 - - [08/Mar/2023:10:16:05 +0800] "GET /xingrg/dwr/interface/AjaxReportQueryService.js HTTP/1.1" 200 13203
172.20.0.100 - - [08/Mar/2023:10:16:05 +0800] "GET /xingrg/dwr/engine.js HTTP/1.1" 200 43631
61.170.233.90 - - [08/Mar/2023:10:16:06 +0800] "POST /xingrg/kc/buy/cgsh_order_operate.html HTTP/1.1" 200 37
172.20.0.100 - - [08/Mar/2023:10:16:07 +0800] "POST /xingrg/all/report/load_report_page.html HTTP/1.1" 200 908214
172.20.0.100 - - [08/Mar/2023:10:16:07 +0800] "GET /xingrg/servlets/image?cache=0.22684152038230987&image=px HTTP/1.1" 200 807
58.40.7.146 - - [08/Mar/2023:10:16:08 +0800] "GET /xingrg/all/function/internal_message.html?_=1678241787140&CODE_STATE=getMsg HTTP/1.1" 200 27
61.170.233.90 - - [08/Mar/2023:10:16:08 +0800] "POST /xingrg/kc/buy/cgsh_order_operate.html HTTP/1.1" 200 19224
222.70.221.209 - - [08/Mar/2023:10:16:09 +0800] "GET /xingrg/all/function/internal_message.html?_=1678241788416&CODE_STATE=getMsg HTTP/1.1" 200 27
222.70.182.154 - - [08/Mar/2023:10:16:10 +0800] "GET /xingrg/all/function/internal_message.html?_=1678241787997&CODE_STATE=getMsg HTTP/1.1" 200 27
116.192.124.172 - - [08/Mar/2023:10:16:11 +0800] "GET /xingrg/all/report/report_query.html?fileName=dma/new_5.0/menu/menu_hz_all.xml HTTP/1.1" 200 51795
116.192.124.172 - - [08/Mar/2023:10:16:11 +0800] "GET /xingrg/dwr/interface/AjaxReportQueryService.js HTTP/1.1" 200 13203
116.192.124.172 - - [08/Mar/2023:10:16:11 +0800] "GET /xingrg/dwr/engine.js HTTP/1.1" 200 43631
116.192.124.172 - - [08/Mar/2023:10:16:11 +0800] "POST /xingrg/dwr/call/plaincall/AjaxReportQueryService.getFixDate.dwr HTTP/1.1" 200 111
116.192.124.172 - - [08/Mar/2023:10:16:12 +0800] "POST /xingrg/all/common/load_tree.html?tree=area_station_tree_json&manage=1 HTTP/1.1" 200 3393
116.192.124.172 - - [08/Mar/2023:10:16:13 +0800] "POST /xingrg/dwr/call/plaincall/AjaxReportQueryService.getFixDate.dwr HTTP/1.1" 200 111
61.170.233.90 - - [08/Mar/2023:10:16:16 +0800] "POST /xingrg/kc/buy/cgsh_order_operate.html HTTP/1.1" 200 37
120.253.135.82 - - [08/Mar/2023:10:16:19 +0800] "GET /xingrg/all/function/internal_message.html?_=1678241926485&CODE_STATE=getMsg HTTP/1.1" 200 27
116.192.124.172 - - [08/Mar/2023:10:16:19 +0800] "POST /xingrg/dwr/call/plaincall/AjaxReportQueryService.refreshCache.dwr HTTP/1.1" 200 78
