58.40.7.146 - - [08/Mar/2023:10:41:08 +0800] "GET /xingrg/all/function/internal_message.html?_=1678243287131&CODE_STATE=getMsg HTTP/1.1" 200 27
222.70.221.209 - - [08/Mar/2023:10:41:09 +0800] "GET /xingrg/all/function/internal_message.html?_=1678243288458&CODE_STATE=getMsg HTTP/1.1" 200 27
222.70.182.154 - - [08/Mar/2023:10:41:10 +0800] "GET /xingrg/all/function/internal_message.html?_=1678243287549&CODE_STATE=getMsg HTTP/1.1" 200 27
61.170.233.90 - - [08/Mar/2023:10:41:10 +0800] "GET /xingrg/kc/buy/cgsh_order_operate.html?command=get_materiel&rest_code=00106&code=00101016017&supplier_code=00100032&order_time=2023-03-08 HTTP/1.1" 200 408
222.67.232.202 - - [08/Mar/2023:10:41:13 +0800] "GET /xingrg/kc/buy/cgsh_order_operate.html?command=get_materiel&rest_code=00141&code=00101007048&supplier_code=00100012&order_time=2023-03-08 HTTP/1.1" 200 408
180.169.147.146 - - [08/Mar/2023:10:41:15 +0800] "GET /xingrg/all/function/internal_message.html?_=1678243294237&CODE_STATE=getMsg HTTP/1.1" 200 27
180.163.28.55 - - [08/Mar/2023:10:41:18 +0800] "GET /xingrg/kc/print/load_data.html?order_code=212023030802655&kc_code=cgsh HTTP/1.1" 302 -
180.163.28.55 - - [08/Mar/2023:10:41:18 +0800] "GET /xingrg/login.html HTTP/1.1" 200 7641
120.253.135.82 - - [08/Mar/2023:10:41:19 +0800] "GET /xingrg/all/function/internal_message.html?_=1678243426602&CODE_STATE=getMsg HTTP/1.1" 200 27
116.225.84.253 - - [08/Mar/2023:10:41:24 +0800] "GET /xingrg/all/function/internal_message.html?_=1678243147200&CODE_STATE=getMsg HTTP/1.1" 200 27
101.229.22.234 - - [08/Mar/2023:10:41:25 +0800] "GET /xingrg/check_reg.html?_=1678243302082 HTTP/1.1" 200 22
101.229.22.234 - - [08/Mar/2023:10:41:25 +0800] "GET /xingrg/all/function/internal_message.html?_=1678243302130&CODE_STATE=getMsg HTTP/1.1" 200 27
116.230.118.11 - - [08/Mar/2023:10:41:25 +0800] "GET /xingrg/kc/buy/cgsh_order_operate.html?command=get_materiel&rest_code=00146&code=00101008558&supplier_code=00100005&order_time=2023-03-08 HTTP/1.1" 200 409
180.169.147.146 - - [08/Mar/2023:10:41:26 +0800] "GET /xingrg/all/function/internal_message.html?_=1678243304358&CODE_STATE=getMsg HTTP/1.1" 200 27
180.163.28.114 - - [08/Mar/2023:10:41:26 +0800] "GET /xingrg/all/function/internal_message.html?_=1678243244416&CODE_STATE=getMsg HTTP/1.1" 302 -
180.163.28.114 - - [08/Mar/2023:10:41:26 +0800] "GET /xingrg/login.html HTTP/1.1" 200 7641
61.170.233.90 - - [08/Mar/2023:10:41:26 +0800] "GET /xingrg/all/function/internal_message.html?_=1678243304390&CODE_STATE=getMsg HTTP/1.1" 200 27
180.169.147.146 - - [08/Mar/2023:10:41:27 +0800] "GET /xingrg/check_reg.html?_=1678243305359 HTTP/1.1" 200 22
116.238.139.35 - - [08/Mar/2023:10:41:28 +0800] "GET /xingrg/all/function/internal_message.html?_=1678243307499&CODE_STATE=getMsg HTTP/1.1" 200 27
222.70.221.209 - - [08/Mar/2023:10:41:32 +0800] "GET /xingrg/all/function/internal_message.html?_=1678243430271&CODE_STATE=getMsg HTTP/1.1" 200 27
222.67.232.202 - - [08/Mar/2023:10:41:32 +0800] "POST /xingrg/kc/buy/cgsh_order_operate.html HTTP/1.1" 200 37
116.230.118.11 - - [08/Mar/2023:10:41:38 +0800] "POST /xingrg/kc/buy/cgsh_order_operate.html HTTP/1.1" 200 2065
116.230.118.11 - - [08/Mar/2023:10:41:41 +0800] "GET /xingrg/all/function/internal_message.html?_=1678243329951&CODE_STATE=getMsg HTTP/1.1" 200 27
124.79.240.233 - - [08/Mar/2023:10:41:42 +0800] "GET /xingrg/all/function/internal_message.html?_=1678243573288&CODE_STATE=getMsg HTTP/1.1" 200 27
124.79.72.155 - - [08/Mar/2023:10:41:42 +0800] "GET /xingrg/all/function/internal_message.html?_=1678243325192&CODE_STATE=getMsg HTTP/1.1" 200 27
61.170.233.90 - - [08/Mar/2023:10:41:43 +0800] "GET /xingrg/kc/buy/cgsh_order_operate.html?command=get_materiel&rest_code=00106&code=00101012003&supplier_code=00100032&order_time=2023-03-08 HTTP/1.1" 200 413
222.67.232.202 - - [08/Mar/2023:10:41:43 +0800] "POST /xingrg/kc/buy/cgsh_order_operate.html HTTP/1.1" 200 12
222.67.232.202 - - [08/Mar/2023:10:41:44 +0800] "GET /xingrg/kc/buy/cgsh_order_info.html?code=212023030802656 HTTP/1.1" 200 64863
222.67.232.202 - - [08/Mar/2023:10:41:45 +0800] "GET /xingrg/javascript/easyui/themes/default/validatebox.css HTTP/1.1" 404 1104
222.67.232.202 - - [08/Mar/2023:10:41:45 +0800] "POST /xingrg/kc/buy/cgsh_order_operate.html HTTP/1.1" 200 5362
222.67.232.202 - - [08/Mar/2023:10:41:46 +0800] "GET /xingrg/kc/print/load_config.html?kc_code=cgsh HTTP/1.1" 200 1925
222.67.232.202 - - [08/Mar/2023:10:41:47 +0800] "GET /xingrg/kc/print/load_data.html?order_code=212023030802656&kc_code=cgsh&condition= HTTP/1.1" 200 2625
116.230.118.11 - - [08/Mar/2023:10:41:48 +0800] "GET /xingrg/kc/buy/cgsh_order_operate.html?command=get_materiel&rest_code=00146&code=00101008041&supplier_code=00100005&order_time=2023-03-08 HTTP/1.1" 200 408
222.67.232.202 - - [08/Mar/2023:10:41:50 +0800] "GET /xingrg/kc/buy/cgsh_order_add.html HTTP/1.1" 200 69961
222.67.232.202 - - [08/Mar/2023:10:41:50 +0800] "POST /xingrg/kc/buy/cgsh_order_operate.html HTTP/1.1" 200 8245
222.67.232.202 - - [08/Mar/2023:10:41:50 +0800] "GET /xingrg/javascript/easyui/themes/default/validatebox.css HTTP/1.1" 404 1104
61.170.233.90 - - [08/Mar/2023:10:41:54 +0800] "GET /xingrg/kc/buy/cgsh_order_operate.html?command=get_materiel&rest_code=00106&code=00101012040&supplier_code=00100032&order_time=2023-03-08 HTTP/1.1" 200 412
180.164.3.199 - - [08/Mar/2023:10:41:55 +0800] "GET /xingrg/login.html HTTP/1.1" 200 7641
180.164.3.199 - - [08/Mar/2023:10:41:56 +0800] "GET /favicon.ico HTTP/1.1" 404 -
222.67.232.202 - - [08/Mar/2023:10:41:57 +0800] "GET /xingrg/kc/buy/cgsh_order_operate.html?command=get_materiel&rest_code=00141&code=00101005037&supplier_code=00100040&order_time=2023-03-08 HTTP/1.1" 200 409
101.83.241.0 - - [08/Mar/2023:10:41:58 +0800] "GET /xingrg/all/function/internal_message.html?_=1678243336254&CODE_STATE=getMsg HTTP/1.1" 200 27
101.83.241.0 - - [08/Mar/2023:10:41:59 +0800] "GET /xingrg/check_reg.html?_=1678243336911 HTTP/1.1" 200 22
180.164.3.199 - - [08/Mar/2023:10:41:59 +0800] "POST /xingrg/login.do HTTP/1.1" 302 -
180.164.3.199 - - [08/Mar/2023:10:42:00 +0800] "GET /xingrg/index.html?sysBaseUrl=http%3A%2F%2F180.169.147.146%3A18081%2Fxingrg%2F&costTime=37×tamp=1678243319963 HTTP/1.1" 200 17183
180.164.3.199 - - [08/Mar/2023:10:42:00 +0800] "GET /favicon.ico HTTP/1.1" 404 -
180.164.3.199 - - [08/Mar/2023:10:42:00 +0800] "POST /xingrg/all/common/load_tree.html?tree=area_rest_tree_json&manage=1 HTTP/1.1" 200 357
180.164.3.199 - - [08/Mar/2023:10:42:00 +0800] "GET /xingrg/all/function/internal_message.html?_=1678243338123&CODE_STATE=count HTTP/1.1" 200 11
180.164.3.199 - - [08/Mar/2023:10:42:00 +0800] "GET /xingrg/check_reg.html?_=1678243338124 HTTP/1.1" 200 22
180.164.3.199 - - [08/Mar/2023:10:42:00 +0800] "POST /xingrg/load_menu.html HTTP/1.1" 200 5138
116.230.118.11 - - [08/Mar/2023:10:42:00 +0800] "GET /xingrg/kc/buy/cgsh_order_operate.html?command=get_materiel&rest_code=00146&code=00101009063&supplier_code=00100005&order_time=2023-03-08 HTTP/1.1" 200 410
58.40.7.146 - - [08/Mar/2023:10:42:01 +0800] "GET /xingrg/all/function/internal_message.html?_=1678243340025&CODE_STATE=getMsg HTTP/1.1" 200 27
180.164.3.199 - - [08/Mar/2023:10:42:03 +0800] "GET /xingrg/kc/buy/cgsh_order_list.html HTTP/1.1" 200 54189
61.170.233.90 - - [08/Mar/2023:10:42:04 +0800] "GET /xingrg/kc/buy/cgsh_order_operate.html?command=get_materiel&rest_code=00106&code=00101012025&supplier_code=00100032&order_time=2023-03-08 HTTP/1.1" 200 412
114.83.222.182 - - [08/Mar/2023:10:42:05 +0800] "GET /xingrg/all/function/internal_message.html?_=1678243406759&CODE_STATE=getMsg HTTP/1.1" 200 27
180.163.29.79 - - [08/Mar/2023:10:42:06 +0800] "GET /xingrg/kc/buy/cgsh_order_operate.html?command=get_materiel&rest_code=00106&code=00101016017&supplier_code=00100032&order_time=2023-03-08 HTTP/1.1" 302 -
180.163.29.79 - - [08/Mar/2023:10:42:06 +0800] "GET /xingrg/login.html HTTP/1.1" 200 7641
222.67.232.202 - - [08/Mar/2023:10:42:07 +0800] "POST /xingrg/kc/buy/cgsh_order_operate.html HTTP/1.1" 200 37
58.40.7.146 - - [08/Mar/2023:10:42:08 +0800] "GET /xingrg/all/function/internal_message.html?_=1678243347133&CODE_STATE=getMsg HTTP/1.1" 200 27
58.40.7.146 - - [08/Mar/2023:10:42:08 +0800] "GET /xingrg/check_reg.html?_=1678243347134 HTTP/1.1" 200 22
180.164.3.199 - - [08/Mar/2023:10:42:09 +0800] "POST /xingrg/kc/buy/cgsh_list_operate.html HTTP/1.1" 200 2329
222.70.182.154 - - [08/Mar/2023:10:42:09 +0800] "GET /xingrg/check_reg.html?_=1678243347174 HTTP/1.1" 200 22
222.70.221.209 - - [08/Mar/2023:10:42:09 +0800] "GET /xingrg/check_reg.html?_=1678243348448 HTTP/1.1" 200 22
222.70.221.209 - - [08/Mar/2023:10:42:09 +0800] "GET /xingrg/all/function/internal_message.html?_=1678243348452&CODE_STATE=getMsg HTTP/1.1" 200 27
222.70.182.154 - - [08/Mar/2023:10:42:10 +0800] "GET /xingrg/all/function/internal_message.html?_=1678243347519&CODE_STATE=getMsg HTTP/1.1" 200 27
61.170.233.90 - - [08/Mar/2023:10:42:12 +0800] "GET /xingrg/kc/buy/cgsh_order_operate.html?command=get_materiel&rest_code=00106&code=00101016030&supplier_code=00100032&order_time=2023-03-08 HTTP/1.1" 200 412
222.67.232.202 - - [08/Mar/2023:10:42:12 +0800] "POST /xingrg/kc/buy/cgsh_order_operate.html HTTP/1.1" 200 12
222.67.232.202 - - [08/Mar/2023:10:42:14 +0800] "GET /xingrg/kc/buy/cgsh_order_info.html?code=212023030802657 HTTP/1.1" 200 64863
222.67.232.202 - - [08/Mar/2023:10:42:15 +0800] "GET /xingrg/javascript/easyui/themes/default/validatebox.css HTTP/1.1" 404 1104
180.164.3.199 - - [08/Mar/2023:10:42:15 +0800] "POST /xingrg/kc/buy/cgsh_list_operate.html HTTP/1.1" 200 283
180.169.147.146 - - [08/Mar/2023:10:42:15 +0800] "GET /xingrg/all/function/internal_message.html?_=1678243354254&CODE_STATE=getMsg HTTP/1.1" 200 27
222.67.232.202 - - [08/Mar/2023:10:42:15 +0800] "POST /xingrg/kc/buy/cgsh_order_operate.html HTTP/1.1" 200 603
180.164.3.199 - - [08/Mar/2023:10:42:15 +0800] "GET /xingrg/kc/buy/cgsh_order_info.html?code=212023030602108 HTTP/1.1" 200 70068
180.164.3.199 - - [08/Mar/2023:10:42:16 +0800] "GET /xingrg/all/common/auto_word.html?type=employee&rest_code=00108 HTTP/1.1" 200 101
180.164.3.199 - - [08/Mar/2023:10:42:16 +0800] "GET /xingrg/all/common/auto_word.html?type=employee&rest_code=00108 HTTP/1.1" 200 101
180.164.3.199 - - [08/Mar/2023:10:42:16 +0800] "GET /xingrg/javascript/easyui/themes/default/validatebox.css HTTP/1.1" 404 1104
180.164.3.199 - - [08/Mar/2023:10:42:16 +0800] "POST /xingrg/kc/buy/cgsh_order_operate.html HTTP/1.1" 200 3261
222.67.232.202 - - [08/Mar/2023:10:42:17 +0800] "GET /xingrg/kc/print/load_data.html?order_code=212023030802657&kc_code=cgsh&condition= HTTP/1.1" 200 778
116.230.118.11 - - [08/Mar/2023:10:42:18 +0800] "GET /xingrg/kc/buy/cgsh_order_operate.html?command=get_materiel&rest_code=00146&code=00101008123&supplier_code=00100005&order_time=2023-03-08 HTTP/1.1" 200 412
120.253.135.82 - - [08/Mar/2023:10:42:19 +0800] "GET /xingrg/check_reg.html?_=1678243486609 HTTP/1.1" 200 22
120.253.135.82 - - [08/Mar/2023:10:42:19 +0800] "GET /xingrg/all/function/internal_message.html?_=1678243486607&CODE_STATE=getMsg HTTP/1.1" 200 27
180.164.3.199 - - [08/Mar/2023:10:42:19 +0800] "GET /xingrg/javascript/auto/indicator.gif HTTP/1.1" 404 1066
61.170.233.90 - - [08/Mar/2023:10:42:22 +0800] "GET /xingrg/kc/buy/cgsh_order_operate.html?command=get_materiel&rest_code=00106&code=00101010248&supplier_code=00100032&order_time=2023-03-08 HTTP/1.1" 200 430
180.164.3.199 - - [08/Mar/2023:10:42:22 +0800] "GET /xingrg/javascript/jquery_tools/images/prev.gif HTTP/1.1" 404 1086
180.164.3.199 - - [08/Mar/2023:10:42:22 +0800] "GET /xingrg/javascript/jquery_tools/images/next.gif HTTP/1.1" 404 1086
116.225.84.253 - - [08/Mar/2023:10:42:24 +0800] "GET /xingrg/all/function/internal_message.html?_=1678243207174&CODE_STATE=getMsg HTTP/1.1" 200 27
101.229.22.234 - - [08/Mar/2023:10:42:25 +0800] "GET /xingrg/all/function/internal_message.html?_=1678243362113&CODE_STATE=getMsg HTTP/1.1" 200 27
180.169.147.146 - - [08/Mar/2023:10:42:26 +0800] "GET /xingrg/all/function/internal_message.html?_=1678243364342&CODE_STATE=getMsg HTTP/1.1" 200 27
61.170.233.90 - - [08/Mar/2023:10:42:26 +0800] "GET /xingrg/all/function/internal_message.html?_=1678243364368&CODE_STATE=getMsg HTTP/1.1" 200 27
116.238.139.35 - - [08/Mar/2023:10:42:28 +0800] "GET /xingrg/all/function/internal_message.html?_=1678243367500&CODE_STATE=getMsg HTTP/1.1" 200 27
61.170.233.90 - - [08/Mar/2023:10:42:31 +0800] "GET /xingrg/kc/buy/cgsh_order_operate.html?command=get_materiel&rest_code=00106&code=00101016105&supplier_code=00100032&order_time=2023-03-08 HTTP/1.1" 200 409
222.70.221.209 - - [08/Mar/2023:10:42:32 +0800] "GET /xingrg/all/function/internal_message.html?_=1678243490273&CODE_STATE=getMsg HTTP/1.1" 200 27
180.163.29.79 - - [08/Mar/2023:10:42:38 +0800] "GET /xingrg/kc/buy/cgsh_order_operate.html?command=get_materiel&rest_code=00106&code=00101012003&supplier_code=00100032&order_time=2023-03-08 HTTP/1.1" 302 -
180.163.29.79 - - [08/Mar/2023:10:42:38 +0800] "GET /xingrg/login.html HTTP/1.1" 200 7641
61.170.233.90 - - [08/Mar/2023:10:42:40 +0800] "GET /xingrg/kc/buy/cgsh_order_operate.html?command=get_materiel&rest_code=00106&code=00101019224&supplier_code=00100032&order_time=2023-03-08 HTTP/1.1" 200 410
180.157.253.110 - - [08/Mar/2023:10:42:40 +0800] "GET /xingrg/check_reg.html?_=1678243380796 HTTP/1.1" 200 22
116.230.118.11 - - [08/Mar/2023:10:42:41 +0800] "GET /xingrg/all/function/internal_message.html?_=1678243389953&CODE_STATE=getMsg HTTP/1.1" 200 27
180.164.3.199 - - [08/Mar/2023:10:42:41 +0800] "POST /xingrg/kc/buy/cgsh_order_operate.html HTTP/1.1" 200 37
124.79.240.233 - - [08/Mar/2023:10:42:42 +0800] "GET /xingrg/all/function/internal_message.html?_=1678243633286&CODE_STATE=getMsg HTTP/1.1" 200 27
124.79.72.155 - - [08/Mar/2023:10:42:42 +0800] "GET /xingrg/check_reg.html?_=1678243385206 HTTP/1.1" 200 22
124.79.72.155 - - [08/Mar/2023:10:42:42 +0800] "GET /xingrg/all/function/internal_message.html?_=1678243385197&CODE_STATE=getMsg HTTP/1.1" 200 27
180.164.3.199 - - [08/Mar/2023:10:42:45 +0800] "POST /xingrg/kc/buy/cgsh_order_operate.html HTTP/1.1" 200 3261
116.230.118.11 - - [08/Mar/2023:10:42:47 +0800] "GET /xingrg/kc/buy/cgsh_order_operate.html?command=get_materiel&rest_code=00146&code=00101008704&supplier_code=00100005&order_time=2023-03-08 HTTP/1.1" 200 409
180.164.3.199 - - [08/Mar/2023:10:42:49 +0800] "POST /xingrg/kc/buy/cgsh_list_operate.html HTTP/1.1" 200 369
180.164.3.199 - - [08/Mar/2023:10:42:50 +0800] "GET /xingrg/kc/buy/cgsh_order_info.html?code=212023030702552 HTTP/1.1" 200 70068
180.164.3.199 - - [08/Mar/2023:10:42:50 +0800] "GET /xingrg/javascript/easyui/themes/default/validatebox.css HTTP/1.1" 404 1104
180.164.3.199 - - [08/Mar/2023:10:42:51 +0800] "POST /xingrg/kc/buy/cgsh_order_operate.html HTTP/1.1" 200 3869
101.83.241.0 - - [08/Mar/2023:10:42:58 +0800] "GET /xingrg/all/function/internal_message.html?_=1678243396224&CODE_STATE=getMsg HTTP/1.1" 200 27
180.164.3.199 - - [08/Mar/2023:10:42:59 +0800] "POST /xingrg/kc/buy/cgsh_order_operate.html HTTP/1.1" 200 37
180.164.3.199 - - [08/Mar/2023:10:43:00 +0800] "GET /xingrg/all/function/internal_message.html?_=1678243398496&CODE_STATE=getMsg HTTP/1.1" 200 27
58.40.7.146 - - [08/Mar/2023:10:43:01 +0800] "GET /xingrg/all/function/internal_message.html?_=1678243400026&CODE_STATE=getMsg HTTP/1.1" 200 27
180.164.3.199 - - [08/Mar/2023:10:43:01 +0800] "POST /xingrg/kc/buy/cgsh_order_operate.html HTTP/1.1" 200 3869
116.230.118.11 - - [08/Mar/2023:10:43:01 +0800] "GET /xingrg/kc/buy/cgsh_order_operate.html?command=get_materiel&rest_code=00146&code=00101015038&supplier_code=00100005&order_time=2023-03-08 HTTP/1.1" 200 418
58.40.7.146 - - [08/Mar/2023:10:43:01 +0800] "GET /xingrg/check_reg.html?_=1678243400434 HTTP/1.1" 200 22
222.67.232.202 - - [08/Mar/2023:10:43:05 +0800] "GET /xingrg/all/function/internal_message.html?_=1678242957910&CODE_STATE=getMsg HTTP/1.1" 200 27
114.83.222.182 - - [08/Mar/2023:10:43:05 +0800] "GET /xingrg/all/function/internal_message.html?_=1678243466746&CODE_STATE=getMsg HTTP/1.1" 200 27
180.164.3.199 - - [08/Mar/2023:10:43:05 +0800] "POST /xingrg/kc/buy/cgsh_list_operate.html HTTP/1.1" 200 2323
116.192.124.172 - - [08/Mar/2023:10:43:07 +0800] "GET /xingrg/check_reg.html?_=1678243406137 HTTP/1.1" 200 22
58.40.7.146 - - [08/Mar/2023:10:43:08 +0800] "GET /xingrg/all/function/internal_message.html?_=1678243407134&CODE_STATE=getMsg HTTP/1.1" 200 27
180.163.29.79 - - [08/Mar/2023:10:43:09 +0800] "GET /xingrg/kc/buy/cgsh_order_operate.html?command=get_materiel&rest_code=00106&code=00101016030&supplier_code=00100032&order_time=2023-03-08 HTTP/1.1" 302 -
222.70.221.209 - - [08/Mar/2023:10:43:09 +0800] "GET /xingrg/all/function/internal_message.html?_=1678243408447&CODE_STATE=getMsg HTTP/1.1" 200 27
180.163.29.79 - - [08/Mar/2023:10:43:09 +0800] "GET /xingrg/login.html HTTP/1.1" 200 7641
222.70.182.154 - - [08/Mar/2023:10:43:10 +0800] "GET /xingrg/all/function/internal_message.html?_=1678243407503&CODE_STATE=getMsg HTTP/1.1" 200 27
180.169.147.146 - - [08/Mar/2023:10:43:15 +0800] "GET /xingrg/check_reg.html?_=1678243414246 HTTP/1.1" 200 22
180.169.147.146 - - [08/Mar/2023:10:43:15 +0800] "GET /xingrg/all/function/internal_message.html?_=1678243414248&CODE_STATE=getMsg HTTP/1.1" 200 27
120.253.135.82 - - [08/Mar/2023:10:43:19 +0800] "GET /xingrg/all/function/internal_message.html?_=1678243546616&CODE_STATE=getMsg HTTP/1.1" 200 27
116.230.118.11 - - [08/Mar/2023:10:43:20 +0800] "POST /xingrg/kc/buy/cgsh_order_operate.html HTTP/1.1" 200 2065
222.67.232.202 - - [08/Mar/2023:10:43:20 +0800] "GET /xingrg/kc/buy/cgsh_order_add.html HTTP/1.1" 200 69961
222.67.232.202 - - [08/Mar/2023:10:43:20 +0800] "POST /xingrg/kc/buy/cgsh_order_operate.html HTTP/1.1" 200 8245
222.67.232.202 - - [08/Mar/2023:10:43:20 +0800] "GET /xingrg/javascript/easyui/themes/default/validatebox.css HTTP/1.1" 404 1104
116.225.84.253 - - [08/Mar/2023:10:43:24 +0800] "GET /xingrg/all/function/internal_message.html?_=1678243267155&CODE_STATE=getMsg HTTP/1.1" 200 27
101.229.22.234 - - [08/Mar/2023:10:43:25 +0800] "GET /xingrg/all/function/internal_message.html?_=1678243422098&CODE_STATE=getMsg HTTP/1.1" 200 27
61.170.233.90 - - [08/Mar/2023:10:43:26 +0800] "GET /xingrg/check_reg.html?_=1678243423839 HTTP/1.1" 200 22
180.169.147.146 - - [08/Mar/2023:10:43:26 +0800] "GET /xingrg/all/function/internal_message.html?_=1678243424316&CODE_STATE=getMsg HTTP/1.1" 200 27
61.170.233.90 - - [08/Mar/2023:10:43:26 +0800] "GET /xingrg/all/function/internal_message.html?_=1678243424342&CODE_STATE=getMsg HTTP/1.1" 200 27
116.225.84.253 - - [08/Mar/2023:10:43:26 +0800] "GET /xingrg/check_reg.html?_=1678243269589 HTTP/1.1" 200 22
180.163.30.27 - - [08/Mar/2023:10:43:28 +0800] "GET /xingrg/kc/buy/cgsh_order_operate.html?command=get_materiel&rest_code=00106&code=00101016105&supplier_code=00100032&order_time=2023-03-08 HTTP/1.1" 302 -
180.163.30.27 - - [08/Mar/2023:10:43:28 +0800] "GET /xingrg/login.html HTTP/1.1" 200 7641
116.238.139.35 - - [08/Mar/2023:10:43:28 +0800] "GET /xingrg/all/function/internal_message.html?_=1678243427487&CODE_STATE=getMsg HTTP/1.1" 200 27
116.230.118.11 - - [08/Mar/2023:10:43:29 +0800] "GET /xingrg/kc/buy/cgsh_order_operate.html?command=get_materiel&rest_code=00146&code=00101008679&supplier_code=00100005&order_time=2023-03-08 HTTP/1.1" 200 413
222.70.221.209 - - [08/Mar/2023:10:43:32 +0800] "GET /xingrg/all/function/internal_message.html?_=1678243550269&CODE_STATE=getMsg HTTP/1.1" 200 27
222.67.232.202 - - [08/Mar/2023:10:43:33 +0800] "GET /xingrg/kc/buy/cgsh_order_operate.html?command=get_materiel&rest_code=00141&code=00101016010&supplier_code=00100036&order_time=2023-03-08 HTTP/1.1" 200 408
61.170.233.90 - - [08/Mar/2023:10:43:39 +0800] "POST /xingrg/services/DataTransmitService HTTP/1.1" 200 524
116.230.118.11 - - [08/Mar/2023:10:43:41 +0800] "GET /xingrg/all/function/internal_message.html?_=1678243449966&CODE_STATE=getMsg HTTP/1.1" 200 27
124.79.240.233 - - [08/Mar/2023:10:43:42 +0800] "GET /xingrg/check_reg.html?_=1678243693299 HTTP/1.1" 200 22
124.79.240.233 - - [08/Mar/2023:10:43:42 +0800] "GET /xingrg/all/function/internal_message.html?_=1678243693298&CODE_STATE=getMsg HTTP/1.1" 200 27
124.79.72.155 - - [08/Mar/2023:10:43:42 +0800] "GET /xingrg/all/function/internal_message.html?_=1678243445194&CODE_STATE=getMsg HTTP/1.1" 200 27
116.230.118.11 - - [08/Mar/2023:10:43:44 +0800] "GET /xingrg/kc/buy/cgsh_order_operate.html?command=get_materiel&rest_code=00146&code=00101008509&supplier_code=00100005&order_time=2023-03-08 HTTP/1.1" 200 409
222.67.232.202 - - [08/Mar/2023:10:43:44 +0800] "GET /xingrg/kc/buy/cgsh_order_operate.html?command=get_materiel&rest_code=00141&code=00101016030&supplier_code=00100036&order_time=2023-03-08 HTTP/1.1" 200 412
61.170.233.90 - - [08/Mar/2023:10:43:44 +0800] "POST /xingrg/services/DataTransmitService HTTP/1.1" 200 501
61.170.233.90 - - [08/Mar/2023:10:43:48 +0800] "POST /xingrg/kc/buy/cgsh_order_operate.html HTTP/1.1" 200 37
222.67.232.202 - - [08/Mar/2023:10:43:53 +0800] "GET /xingrg/kc/buy/cgsh_order_operate.html?command=get_materiel&rest_code=00141&code=00101012059&supplier_code=00100036&order_time=2023-03-08 HTTP/1.1" 200 413
116.230.118.11 - - [08/Mar/2023:10:43:57 +0800] "GET /xingrg/kc/buy/cgsh_order_operate.html?command=get_materiel&rest_code=00146&code=00101009118&supplier_code=00100005&order_time=2023-03-08 HTTP/1.1" 200 406
61.170.233.90 - - [08/Mar/2023:10:43:58 +0800] "POST /xingrg/kc/buy/cgsh_order_operate.html HTTP/1.1" 200 12
101.83.241.0 - - [08/Mar/2023:10:43:58 +0800] "GET /xingrg/all/function/internal_message.html?_=1678243456195&CODE_STATE=getMsg HTTP/1.1" 200 27
61.170.233.90 - - [08/Mar/2023:10:43:59 +0800] "GET /xingrg/kc/buy/cgsh_order_info.html?code=212023030802658 HTTP/1.1" 200 64867
61.170.233.90 - - [08/Mar/2023:10:44:00 +0800] "GET /xingrg/javascript/easyui/themes/default/validatebox.css HTTP/1.1" 404 1104
180.164.3.199 - - [08/Mar/2023:10:44:00 +0800] "GET /xingrg/all/function/internal_message.html?_=1678243458478&CODE_STATE=getMsg HTTP/1.1" 200 27
61.170.233.90 - - [08/Mar/2023:10:44:01 +0800] "POST /xingrg/kc/buy/cgsh_order_operate.html HTTP/1.1" 200 4744
58.40.7.146 - - [08/Mar/2023:10:44:01 +0800] "GET /xingrg/all/function/internal_message.html?_=1678243460029&CODE_STATE=getMsg HTTP/1.1" 200 27
61.170.233.90 - - [08/Mar/2023:10:44:02 +0800] "GET /xingrg/kc/print/load_data.html?order_code=212023030802658&kc_code=cgsh&condition= HTTP/1.1" 200 2296
222.67.232.202 - - [08/Mar/2023:10:44:05 +0800] "GET /xingrg/all/function/internal_message.html?_=1678243017891&CODE_STATE=getMsg HTTP/1.1" 200 27
222.67.232.202 - - [08/Mar/2023:10:44:05 +0800] "GET /xingrg/check_reg.html?_=1678243017889 HTTP/1.1" 200 22
114.83.222.182 - - [08/Mar/2023:10:44:05 +0800] "GET /xingrg/all/function/internal_message.html?_=1678243526756&CODE_STATE=getMsg HTTP/1.1" 200 27
114.83.222.182 - - [08/Mar/2023:10:44:05 +0800] "GET /xingrg/check_reg.html?_=1678243526758 HTTP/1.1" 200 22
61.170.233.90 - - [08/Mar/2023:10:44:08 +0800] "GET /xingrg/kc/print/load_data.html?order_code=212023030802658&kc_code=cgsh HTTP/1.1" 200 2296
58.40.7.146 - - [08/Mar/2023:10:44:08 +0800] "GET /xingrg/all/function/internal_message.html?_=1678243467124&CODE_STATE=getMsg HTTP/1.1" 200 27
116.230.118.11 - - [08/Mar/2023:10:44:08 +0800] "GET /xingrg/kc/buy/cgsh_order_operate.html?command=get_materiel&rest_code=00146&code=00101009004&supplier_code=00100005&order_time=2023-03-08 HTTP/1.1" 200 409
116.238.139.35 - - [08/Mar/2023:10:44:09 +0800] "POST /xingrg/services/DataTransmitService HTTP/1.1" 200 524
222.70.221.209 - - [08/Mar/2023:10:44:09 +0800] "GET /xingrg/all/function/internal_message.html?_=1678243468465&CODE_STATE=getMsg HTTP/1.1" 200 27
222.70.182.154 - - [08/Mar/2023:10:44:10 +0800] "GET /xingrg/all/function/internal_message.html?_=1678243467488&CODE_STATE=getMsg HTTP/1.1" 200 27
222.67.232.202 - - [08/Mar/2023:10:44:10 +0800] "GET /xingrg/kc/buy/cgsh_order_operate.html?command=get_materiel&rest_code=00141&code=00101012051&supplier_code=00100036&order_time=2023-03-08 HTTP/1.1" 200 408
180.169.147.146 - - [08/Mar/2023:10:44:15 +0800] "GET /xingrg/all/function/internal_message.html?_=1678243474237&CODE_STATE=getMsg HTTP/1.1" 200 27
120.253.135.82 - - [08/Mar/2023:10:44:19 +0800] "GET /xingrg/all/function/internal_message.html?_=1678243606622&CODE_STATE=getMsg HTTP/1.1" 200 27
116.230.118.11 - - [08/Mar/2023:10:44:20 +0800] "GET /xingrg/kc/buy/cgsh_order_operate.html?command=get_materiel&rest_code=00146&code=00101009079&supplier_code=00100005&order_time=2023-03-08 HTTP/1.1" 200 409
116.225.84.253 - - [08/Mar/2023:10:44:24 +0800] "GET /xingrg/all/function/internal_message.html?_=1678243327131&CODE_STATE=getMsg HTTP/1.1" 200 27
101.229.22.234 - - [08/Mar/2023:10:44:25 +0800] "GET /xingrg/all/function/internal_message.html?_=1678243482084&CODE_STATE=getMsg HTTP/1.1" 200 27
61.170.233.90 - - [08/Mar/2023:10:44:26 +0800] "GET /xingrg/login.html?r=1 HTTP/1.1" 200 7641
61.170.233.90 - - [08/Mar/2023:10:44:26 +0800] "GET /favicon.ico HTTP/1.1" 404 -
180.169.147.146 - - [08/Mar/2023:10:44:26 +0800] "GET /xingrg/all/function/internal_message.html?_=1678243484298&CODE_STATE=getMsg HTTP/1.1" 200 27
61.170.233.90 - - [08/Mar/2023:10:44:26 +0800] "GET /xingrg/all/function/internal_message.html?_=1678243484325&CODE_STATE=getMsg HTTP/1.1" 200 27
61.170.233.90 - - [08/Mar/2023:10:44:27 +0800] "POST /xingrg/login.do HTTP/1.1" 302 -
61.170.233.90 - - [08/Mar/2023:10:44:27 +0800] "GET /xingrg/index.html?sysBaseUrl=http%3A%2F%2F180.169.147.146%3A18081%2Fxingrg%2F&costTime=42×tamp=1678243467899 HTTP/1.1" 200 17173
61.170.233.90 - - [08/Mar/2023:10:44:28 +0800] "GET /favicon.ico HTTP/1.1" 404 -
61.170.233.90 - - [08/Mar/2023:10:44:28 +0800] "POST /xingrg/all/common/load_tree.html?tree=area_rest_tree_json&manage=1 HTTP/1.1" 200 342
61.170.233.90 - - [08/Mar/2023:10:44:28 +0800] "GET /xingrg/check_reg.html?_=1678243487451 HTTP/1.1" 200 22
61.170.233.90 - - [08/Mar/2023:10:44:28 +0800] "GET /xingrg/all/function/internal_message.html?_=1678243487450&CODE_STATE=count HTTP/1.1" 200 11
61.170.233.90 - - [08/Mar/2023:10:44:28 +0800] "POST /xingrg/load_menu.html HTTP/1.1" 200 5138
116.238.139.35 - - [08/Mar/2023:10:44:28 +0800] "GET /xingrg/all/function/internal_message.html?_=1678243487487&CODE_STATE=getMsg HTTP/1.1" 200 27
116.224.106.218 - - [08/Mar/2023:10:44:31 +0800] "GET /xingrg/check_reg.html?_=1678243489659 HTTP/1.1" 200 22
61.170.233.90 - - [08/Mar/2023:10:44:31 +0800] "GET /xingrg/kc/base/base_main.html HTTP/1.1" 200 12142
222.70.221.209 - - [08/Mar/2023:10:44:32 +0800] "GET /xingrg/all/function/internal_message.html?_=1678243610267&CODE_STATE=getMsg HTTP/1.1" 200 27
61.170.233.90 - - [08/Mar/2023:10:44:33 +0800] "GET /xingrg/kc/base/wldb_order_list.html HTTP/1.1" 200 19098
61.170.233.90 - - [08/Mar/2023:10:44:33 +0800] "POST /xingrg/kc/base/wldb_list_operate.html HTTP/1.1" 200 928
222.67.232.202 - - [08/Mar/2023:10:44:38 +0800] "POST /xingrg/kc/buy/cgsh_order_operate.html HTTP/1.1" 200 37
116.230.118.11 - - [08/Mar/2023:10:44:41 +0800] "GET /xingrg/all/function/internal_message.html?_=1678243509979&CODE_STATE=getMsg HTTP/1.1" 200 27
222.67.232.202 - - [08/Mar/2023:10:44:42 +0800] "POST /xingrg/kc/buy/cgsh_order_operate.html HTTP/1.1" 200 12
124.79.240.233 - - [08/Mar/2023:10:44:42 +0800] "GET /xingrg/all/function/internal_message.html?_=1678243753294&CODE_STATE=getMsg HTTP/1.1" 200 27
124.79.72.155 - - [08/Mar/2023:10:44:42 +0800] "GET /xingrg/all/function/internal_message.html?_=1678243505227&CODE_STATE=getMsg HTTP/1.1" 200 27
222.67.232.202 - - [08/Mar/2023:10:44:44 +0800] "GET /xingrg/kc/buy/cgsh_order_info.html?code=212023030802659 HTTP/1.1" 200 64865
222.67.232.202 - - [08/Mar/2023:10:44:44 +0800] "GET /xingrg/javascript/easyui/themes/default/validatebox.css HTTP/1.1" 404 1104
222.67.232.202 - - [08/Mar/2023:10:44:45 +0800] "POST /xingrg/kc/buy/cgsh_order_operate.html HTTP/1.1" 200 2374
222.67.232.202 - - [08/Mar/2023:10:44:46 +0800] "GET /xingrg/kc/print/load_data.html?order_code=212023030802659&kc_code=cgsh&condition= HTTP/1.1" 200 1447
222.67.232.202 - - [08/Mar/2023:10:44:49 +0800] "GET /xingrg/kc/buy/cgsh_order_add.html HTTP/1.1" 200 69961
222.67.232.202 - - [08/Mar/2023:10:44:49 +0800] "POST /xingrg/kc/buy/cgsh_order_operate.html HTTP/1.1" 200 8245
222.67.232.202 - - [08/Mar/2023:10:44:49 +0800] "GET /xingrg/javascript/easyui/themes/default/validatebox.css HTTP/1.1" 404 1104
180.164.3.199 - - [08/Mar/2023:10:44:54 +0800] "POST /xingrg/kc/buy/cgsh_list_operate.html HTTP/1.1" 200 4
180.164.3.199 - - [08/Mar/2023:10:44:57 +0800] "POST /xingrg/kc/buy/cgsh_list_operate.html HTTP/1.1" 200 986
101.83.241.0 - - [08/Mar/2023:10:44:58 +0800] "GET /xingrg/all/function/internal_message.html?_=1678243516165&CODE_STATE=getMsg HTTP/1.1" 200 27
222.67.232.202 - - [08/Mar/2023:10:44:59 +0800] "GET /xingrg/kc/buy/cgsh_order_operate.html?command=get_materiel&rest_code=00141&code=00101007061&supplier_code=00100004&order_time=2023-03-08 HTTP/1.1" 200 409
180.164.3.199 - - [08/Mar/2023:10:45:00 +0800] "GET /xingrg/all/function/internal_message.html?_=1678243518466&CODE_STATE=getMsg HTTP/1.1" 200 27
58.40.7.146 - - [08/Mar/2023:10:45:01 +0800] "GET /xingrg/all/function/internal_message.html?_=1678243520031&CODE_STATE=getMsg HTTP/1.1" 200 27
180.163.29.212 - - [08/Mar/2023:10:45:02 +0800] "GET /xingrg/kc/print/load_data.html?order_code=212023030802658&kc_code=cgsh&condition= HTTP/1.1" 302 -
180.163.29.212 - - [08/Mar/2023:10:45:02 +0800] "GET /xingrg/login.html HTTP/1.1" 200 7641
222.67.232.202 - - [08/Mar/2023:10:45:05 +0800] "GET /xingrg/all/function/internal_message.html?_=1678243077883&CODE_STATE=getMsg HTTP/1.1" 200 27
114.83.222.182 - - [08/Mar/2023:10:45:05 +0800] "GET /xingrg/all/function/internal_message.html?_=1678243586746&CODE_STATE=getMsg HTTP/1.1" 200 27
180.163.30.100 - - [08/Mar/2023:10:45:07 +0800] "GET /xingrg/kc/print/load_data.html?order_code=212023030802658&kc_code=cgsh HTTP/1.1" 302 -
180.163.30.100 - - [08/Mar/2023:10:45:07 +0800] "GET /xingrg/login.html HTTP/1.1" 200 7641
58.40.7.146 - - [08/Mar/2023:10:45:08 +0800] "GET /xingrg/all/function/internal_message.html?_=1678243527127&CODE_STATE=getMsg HTTP/1.1" 200 27
222.70.221.209 - - [08/Mar/2023:10:45:09 +0800] "GET /xingrg/all/function/internal_message.html?_=1678243528459&CODE_STATE=getMsg HTTP/1.1" 200 27
222.70.182.154 - - [08/Mar/2023:10:45:10 +0800] "GET /xingrg/all/function/internal_message.html?_=1678243527472&CODE_STATE=getMsg HTTP/1.1" 200 27
222.67.232.202 - - [08/Mar/2023:10:45:11 +0800] "GET /xingrg/kc/buy/cgsh_order_operate.html?command=get_materiel&rest_code=00141&code=00101007032&supplier_code=00100004&order_time=2023-03-08 HTTP/1.1" 200 413
180.169.147.146 - - [08/Mar/2023:10:45:15 +0800] "GET /xingrg/all/function/internal_message.html?_=1678243534230&CODE_STATE=getMsg HTTP/1.1" 200 27
120.253.135.82 - - [08/Mar/2023:10:45:19 +0800] "GET /xingrg/all/function/internal_message.html?_=1678243666621&CODE_STATE=getMsg HTTP/1.1" 200 27
61.170.233.90 - - [08/Mar/2023:10:45:22 +0800] "GET /xingrg/kc/base/base_main.html HTTP/1.1" 200 12142
116.225.84.253 - - [08/Mar/2023:10:45:24 +0800] "GET /xingrg/all/function/internal_message.html?_=1678243387101&CODE_STATE=getMsg HTTP/1.1" 200 27
61.170.233.90 - - [08/Mar/2023:10:45:24 +0800] "GET /xingrg/kc/base/wldb_order_list.html HTTP/1.1" 200 19098
61.170.233.90 - - [08/Mar/2023:10:45:24 +0800] "POST /xingrg/kc/base/wldb_list_operate.html HTTP/1.1" 200 928
101.229.22.234 - - [08/Mar/2023:10:45:25 +0800] "GET /xingrg/all/function/internal_message.html?_=1678243542084&CODE_STATE=getMsg HTTP/1.1" 200 27
180.169.147.146 - - [08/Mar/2023:10:45:26 +0800] "GET /xingrg/all/function/internal_message.html?_=1678243544276&CODE_STATE=getMsg HTTP/1.1" 200 27
180.163.29.212 - - [08/Mar/2023:10:45:26 +0800] "GET /xingrg/all/function/internal_message.html?_=1678243484325&CODE_STATE=getMsg HTTP/1.1" 302 -
180.163.29.212 - - [08/Mar/2023:10:45:26 +0800] "GET /xingrg/login.html HTTP/1.1" 200 7641
61.170.233.90 - - [08/Mar/2023:10:45:26 +0800] "GET /xingrg/all/function/internal_message.html?_=1678243544299&CODE_STATE=getMsg HTTP/1.1" 200 27
61.170.233.90 - - [08/Mar/2023:10:45:27 +0800] "GET /xingrg/kc/base/wldb_order_add.html HTTP/1.1" 200 30381
61.170.233.90 - - [08/Mar/2023:10:45:27 +0800] "GET /xingrg/all/common/auto_word.html?type=base&rest_code=00106 HTTP/1.1" 200 1799
61.170.233.90 - - [08/Mar/2023:10:45:27 +0800] "GET /xingrg/all/common/auto_word.html?type=base&rest_code=00106 HTTP/1.1" 200 1799
61.170.233.90 - - [08/Mar/2023:10:45:27 +0800] "GET /xingrg/javascript/easyui/themes/default/validatebox.css HTTP/1.1" 404 1104
61.170.233.90 - - [08/Mar/2023:10:45:27 +0800] "POST /xingrg/kc/base/wldb_order_operate.html HTTP/1.1" 200 6806
61.170.233.90 - - [08/Mar/2023:10:45:28 +0800] "GET /xingrg/all/function/internal_message.html?_=1678243547462&CODE_STATE=getMsg HTTP/1.1" 200 27
116.238.139.35 - - [08/Mar/2023:10:45:28 +0800] "GET /xingrg/all/function/internal_message.html?_=1678243547488&CODE_STATE=getMsg HTTP/1.1" 200 27
116.238.139.35 - - [08/Mar/2023:10:45:28 +0800] "GET /xingrg/check_reg.html?_=1678243547499 HTTP/1.1" 200 22
61.170.233.90 - - [08/Mar/2023:10:45:29 +0800] "POST /xingrg/all/common/load_combo.html?type=base HTTP/1.1" 200 3227
222.70.221.209 - - [08/Mar/2023:10:45:32 +0800] "GET /xingrg/check_reg.html?_=1678243670284 HTTP/1.1" 200 22
222.70.221.209 - - [08/Mar/2023:10:45:32 +0800] "GET /xingrg/all/function/internal_message.html?_=1678243670282&CODE_STATE=getMsg HTTP/1.1" 200 27
61.170.233.90 - - [08/Mar/2023:10:45:34 +0800] "POST /xingrg/all/common/load_combo.html?type=base HTTP/1.1" 200 3227
222.67.232.202 - - [08/Mar/2023:10:45:38 +0800] "POST /xingrg/kc/buy/cgsh_order_operate.html HTTP/1.1" 200 37
116.230.118.11 - - [08/Mar/2023:10:45:39 +0800] "GET /xingrg/check_reg.html?_=1678243568406 HTTP/1.1" 200 22
116.230.118.11 - - [08/Mar/2023:10:45:41 +0800] "GET /xingrg/all/function/internal_message.html?_=1678243569993&CODE_STATE=getMsg HTTP/1.1" 200 27
180.169.147.146 - - [08/Mar/2023:10:45:42 +0800] "GET /xingrg/check_reg.html?_=1678243562161 HTTP/1.1" 302 -
124.79.240.233 - - [08/Mar/2023:10:45:42 +0800] "GET /xingrg/all/function/internal_message.html?_=1678243813290&CODE_STATE=getMsg HTTP/1.1" 200 27
124.79.72.155 - - [08/Mar/2023:10:45:42 +0800] "GET /xingrg/all/function/internal_message.html?_=1678243565217&CODE_STATE=getMsg HTTP/1.1" 200 27
222.67.232.202 - - [08/Mar/2023:10:45:45 +0800] "POST /xingrg/kc/buy/cgsh_order_operate.html HTTP/1.1" 200 12
222.67.232.202 - - [08/Mar/2023:10:45:46 +0800] "GET /xingrg/kc/buy/cgsh_order_info.html?code=212023030802660 HTTP/1.1" 200 64863
222.67.232.202 - - [08/Mar/2023:10:45:46 +0800] "GET /xingrg/javascript/easyui/themes/default/validatebox.css HTTP/1.1" 404 1104
222.67.232.202 - - [08/Mar/2023:10:45:47 +0800] "POST /xingrg/kc/buy/cgsh_order_operate.html HTTP/1.1" 200 1195
222.67.232.202 - - [08/Mar/2023:10:45:50 +0800] "GET /xingrg/kc/print/load_data.html?order_code=212023030802660&kc_code=cgsh&condition= HTTP/1.1" 200 983
61.170.233.90 - - [08/Mar/2023:10:45:50 +0800] "GET /xingrg/javascript/auto/indicator.gif HTTP/1.1" 404 1066
101.83.241.0 - - [08/Mar/2023:10:45:52 +0800] "GET /xingrg/kc/buy/cgsh_order_add.html HTTP/1.1" 200 70049
101.83.241.0 - - [08/Mar/2023:10:45:53 +0800] "POST /xingrg/kc/buy/cgsh_order_operate.html HTTP/1.1" 200 8245
101.83.241.0 - - [08/Mar/2023:10:45:53 +0800] "GET /xingrg/javascript/easyui/themes/default/validatebox.css HTTP/1.1" 404 1104
222.67.232.202 - - [08/Mar/2023:10:45:53 +0800] "GET /xingrg/kc/buy/cgsh_order_add.html HTTP/1.1" 200 69961
222.67.232.202 - - [08/Mar/2023:10:45:53 +0800] "POST /xingrg/kc/buy/cgsh_order_operate.html HTTP/1.1" 200 8245
222.67.232.202 - - [08/Mar/2023:10:45:53 +0800] "GET /xingrg/javascript/easyui/themes/default/validatebox.css HTTP/1.1" 404 1104
101.83.241.0 - - [08/Mar/2023:10:45:58 +0800] "GET /xingrg/all/function/internal_message.html?_=1678243576153&CODE_STATE=getMsg HTTP/1.1" 200 27
61.170.233.90 - - [08/Mar/2023:10:46:00 +0800] "GET /xingrg/kc/base/wldb_order_operate.html?command=get_materiel&rest_code=00106&base_code=0010396&code=00101016094 HTTP/1.1" 200 470
180.164.3.199 - - [08/Mar/2023:10:46:00 +0800] "GET /xingrg/all/function/internal_message.html?_=1678243578447&CODE_STATE=getMsg HTTP/1.1" 200 27
58.40.7.146 - - [08/Mar/2023:10:46:01 +0800] "GET /xingrg/all/function/internal_message.html?_=1678243580017&CODE_STATE=getMsg HTTP/1.1" 200 27
222.67.232.202 - - [08/Mar/2023:10:46:05 +0800] "GET /xingrg/all/function/internal_message.html?_=1678243137873&CODE_STATE=getMsg HTTP/1.1" 200 27
114.83.222.182 - - [08/Mar/2023:10:46:05 +0800] "GET /xingrg/all/function/internal_message.html?_=1678243646753&CODE_STATE=getMsg HTTP/1.1" 200 27
58.40.7.146 - - [08/Mar/2023:10:46:08 +0800] "GET /xingrg/all/function/internal_message.html?_=1678243587129&CODE_STATE=getMsg HTTP/1.1" 200 27
222.70.221.209 - - [08/Mar/2023:10:46:09 +0800] "GET /xingrg/all/function/internal_message.html?_=1678243588459&CODE_STATE=getMsg HTTP/1.1" 200 27
222.70.182.154 - - [08/Mar/2023:10:46:10 +0800] "GET /xingrg/all/function/internal_message.html?_=1678243587456&CODE_STATE=getMsg HTTP/1.1" 200 27
61.170.233.90 - - [08/Mar/2023:10:46:15 +0800] "GET /xingrg/kc/base/wldb_order_operate.html?command=get_materiel&rest_code=00106&base_code=0010396&code=00101016044 HTTP/1.1" 200 465
180.169.147.146 - - [08/Mar/2023:10:46:15 +0800] "GET /xingrg/all/function/internal_message.html?_=1678243594249&CODE_STATE=getMsg HTTP/1.1" 200 27
120.253.135.82 - - [08/Mar/2023:10:46:19 +0800] "GET /xingrg/all/function/internal_message.html?_=1678243726625&CODE_STATE=getMsg HTTP/1.1" 200 27
222.67.232.202 - - [08/Mar/2023:10:46:21 +0800] "GET /xingrg/kc/buy/cgsh_order_operate.html?command=get_materiel&rest_code=00141&code=00101008112&supplier_code=00100007&order_time=2023-03-08 HTTP/1.1" 200 414
116.225.84.253 - - [08/Mar/2023:10:46:24 +0800] "GET /xingrg/all/function/internal_message.html?_=1678243447074&CODE_STATE=getMsg HTTP/1.1" 200 27
101.229.22.234 - - [08/Mar/2023:10:46:25 +0800] "GET /xingrg/check_reg.html?_=1678243602084 HTTP/1.1" 200 22
101.229.22.234 - - [08/Mar/2023:10:46:25 +0800] "GET /xingrg/all/function/internal_message.html?_=1678243602085&CODE_STATE=getMsg HTTP/1.1" 200 27
180.163.29.234 - - [08/Mar/2023:10:46:26 +0800] "GET /xingrg/all/function/internal_message.html?_=1678243544299&CODE_STATE=getMsg HTTP/1.1" 302 -
180.169.147.146 - - [08/Mar/2023:10:46:26 +0800] "GET /xingrg/all/function/internal_message.html?_=1678243604254&CODE_STATE=getMsg HTTP/1.1" 200 27
61.170.233.90 - - [08/Mar/2023:10:46:26 +0800] "GET /xingrg/all/function/internal_message.html?_=1678243604269&CODE_STATE=getMsg HTTP/1.1" 200 27
180.169.147.146 - - [08/Mar/2023:10:46:27 +0800] "GET /xingrg/check_reg.html?_=1678243605364 HTTP/1.1" 200 22
61.170.233.90 - - [08/Mar/2023:10:46:28 +0800] "GET /xingrg/all/function/internal_message.html?_=1678243607463&CODE_STATE=getMsg HTTP/1.1" 200 27
116.238.139.35 - - [08/Mar/2023:10:46:28 +0800] "GET /xingrg/all/function/internal_message.html?_=1678243607499&CODE_STATE=getMsg HTTP/1.1" 200 27
180.163.29.234 - - [08/Mar/2023:10:46:29 +0800] "GET /xingrg/login.html HTTP/1.1" 200 7641
222.70.221.209 - - [08/Mar/2023:10:46:32 +0800] "GET /xingrg/all/function/internal_message.html?_=1678243730281&CODE_STATE=getMsg HTTP/1.1" 200 27
116.230.118.11 - - [08/Mar/2023:10:46:41 +0800] "GET /xingrg/all/function/internal_message.html?_=1678243630169&CODE_STATE=getMsg HTTP/1.1" 200 27
124.79.240.233 - - [08/Mar/2023:10:46:42 +0800] "GET /xingrg/all/function/internal_message.html?_=1678243873295&CODE_STATE=getMsg HTTP/1.1" 200 27
124.79.72.155 - - [08/Mar/2023:10:46:42 +0800] "GET /xingrg/all/function/internal_message.html?_=1678243625224&CODE_STATE=getMsg HTTP/1.1" 200 27
222.67.232.202 - - [08/Mar/2023:10:46:46 +0800] "GET /xingrg/kc/buy/cgsh_order_operate.html?command=get_materiel&rest_code=00141&code=00101008354&supplier_code=00100007&order_time=2023-03-08 HTTP/1.1" 200 412
222.67.232.202 - - [08/Mar/2023:10:46:58 +0800] "GET /xingrg/kc/buy/cgsh_order_operate.html?command=get_materiel&rest_code=00141&code=00101008355&supplier_code=00100007&order_time=2023-03-08 HTTP/1.1" 200 408
101.83.241.0 - - [08/Mar/2023:10:46:58 +0800] "GET /xingrg/all/function/internal_message.html?_=1678243636122&CODE_STATE=getMsg HTTP/1.1" 200 27
101.83.241.0 - - [08/Mar/2023:10:46:59 +0800] "GET /xingrg/check_reg.html?_=1678243636925 HTTP/1.1" 200 22
180.164.3.199 - - [08/Mar/2023:10:47:00 +0800] "GET /xingrg/check_reg.html?_=1678243638146 HTTP/1.1" 200 22
180.164.3.199 - - [08/Mar/2023:10:47:00 +0800] "GET /xingrg/all/function/internal_message.html?_=1678243638436&CODE_STATE=getMsg HTTP/1.1" 200 27
58.40.7.146 - - [08/Mar/2023:10:47:01 +0800] "GET /xingrg/all/function/internal_message.html?_=1678243640020&CODE_STATE=getMsg HTTP/1.1" 200 27
222.67.232.202 - - [08/Mar/2023:10:47:04 +0800] "GET /xingrg/all/function/internal_message.html?_=1678243197836&CODE_STATE=getMsg HTTP/1.1" 200 27
114.83.222.182 - - [08/Mar/2023:10:47:05 +0800] "GET /xingrg/all/function/internal_message.html?_=1678243706765&CODE_STATE=getMsg HTTP/1.1" 200 27
222.67.232.202 - - [08/Mar/2023:10:47:06 +0800] "GET /xingrg/kc/buy/cgsh_order_operate.html?command=get_materiel&rest_code=00141&code=00101008264&supplier_code=00100007&order_time=2023-03-08 HTTP/1.1" 200 412
58.40.7.146 - - [08/Mar/2023:10:47:08 +0800] "GET /xingrg/all/function/internal_message.html?_=1678243647135&CODE_STATE=getMsg HTTP/1.1" 200 27
58.40.7.146 - - [08/Mar/2023:10:47:08 +0800] "GET /xingrg/check_reg.html?_=1678243647136 HTTP/1.1" 200 22
222.70.182.154 - - [08/Mar/2023:10:47:09 +0800] "GET /xingrg/check_reg.html?_=1678243647174 HTTP/1.1" 200 22
222.70.221.209 - - [08/Mar/2023:10:47:09 +0800] "GET /xingrg/check_reg.html?_=1678243648454 HTTP/1.1" 200 22
222.70.221.209 - - [08/Mar/2023:10:47:09 +0800] "GET /xingrg/all/function/internal_message.html?_=1678243648459&CODE_STATE=getMsg HTTP/1.1" 200 27
222.70.182.154 - - [08/Mar/2023:10:47:10 +0800] "GET /xingrg/all/function/internal_message.html?_=1678243647441&CODE_STATE=getMsg HTTP/1.1" 200 27
222.67.232.202 - - [08/Mar/2023:10:47:14 +0800] "GET /xingrg/kc/buy/cgsh_order_operate.html?command=get_materiel&rest_code=00141&code=00101015060&supplier_code=00100007&order_time=2023-03-08 HTTP/1.1" 200 413
180.169.147.146 - - [08/Mar/2023:10:47:15 +0800] "GET /xingrg/all/function/internal_message.html?_=1678243654245&CODE_STATE=getMsg HTTP/1.1" 200 27
101.83.241.0 - - [08/Mar/2023:10:47:17 +0800] "GET /xingrg/kc/buy/cgsh_order_operate.html?command=get_materiel&rest_code=00149&code=00102013025&supplier_code=00100075&order_time=2023-03-08 HTTP/1.1" 200 409
120.253.135.82 - - [08/Mar/2023:10:47:19 +0800] "GET /xingrg/all/function/internal_message.html?_=1678243786635&CODE_STATE=getMsg HTTP/1.1" 200 27
120.253.135.82 - - [08/Mar/2023:10:47:19 +0800] "GET /xingrg/check_reg.html?_=1678243786635 HTTP/1.1" 200 22
222.67.232.202 - - [08/Mar/2023:10:47:22 +0800] "GET /xingrg/kc/buy/cgsh_order_operate.html?command=get_materiel&rest_code=00141&code=00101008077&supplier_code=00100007&order_time=2023-03-08 HTTP/1.1" 200 416
116.225.84.253 - - [08/Mar/2023:10:47:24 +0800] "GET /xingrg/all/function/internal_message.html?_=1678243507074&CODE_STATE=getMsg HTTP/1.1" 200 27
101.229.22.234 - - [08/Mar/2023:10:47:25 +0800] "GET /xingrg/all/function/internal_message.html?_=1678243662085&CODE_STATE=getMsg HTTP/1.1" 200 27
180.169.147.146 - - [08/Mar/2023:10:47:26 +0800] "GET /xingrg/all/function/internal_message.html?_=1678243664230&CODE_STATE=getMsg HTTP/1.1" 200 27
180.163.28.55 - - [08/Mar/2023:10:47:26 +0800] "GET /xingrg/all/function/internal_message.html?_=1678243604269&CODE_STATE=getMsg HTTP/1.1" 302 -
180.163.28.55 - - [08/Mar/2023:10:47:26 +0800] "GET /xingrg/login.html HTTP/1.1" 200 7641
61.170.233.90 - - [08/Mar/2023:10:47:26 +0800] "GET /xingrg/all/function/internal_message.html?_=1678243664242&CODE_STATE=getMsg HTTP/1.1" 200 27
61.170.233.90 - - [08/Mar/2023:10:47:28 +0800] "GET /xingrg/all/function/internal_message.html?_=1678243667465&CODE_STATE=getMsg HTTP/1.1" 200 27
116.238.139.35 - - [08/Mar/2023:10:47:28 +0800] "GET /xingrg/all/function/internal_message.html?_=1678243667499&CODE_STATE=getMsg HTTP/1.1" 200 27
61.170.233.90 - - [08/Mar/2023:10:47:28 +0800] "GET /xingrg/kc/base/wldb_order_operate.html?command=get_materiel&rest_code=00106&base_code=0010396&code=00101019155 HTTP/1.1" 200 478
222.70.221.209 - - [08/Mar/2023:10:47:32 +0800] "GET /xingrg/all/function/internal_message.html?_=1678243790280&CODE_STATE=getMsg HTTP/1.1" 200 27
222.67.232.202 - - [08/Mar/2023:10:47:32 +0800] "GET /xingrg/kc/buy/cgsh_order_operate.html?command=get_materiel&rest_code=00141&code=00101008069&supplier_code=00100007&order_time=2023-03-08 HTTP/1.1" 200 412
101.83.241.0 - - [08/Mar/2023:10:47:35 +0800] "POST /xingrg/kc/buy/cgsh_order_operate.html HTTP/1.1" 200 37
180.157.253.110 - - [08/Mar/2023:10:47:40 +0800] "GET /xingrg/check_reg.html?_=1678243680775 HTTP/1.1" 200 22
101.83.241.0 - - [08/Mar/2023:10:47:41 +0800] "POST /xingrg/kc/buy/cgsh_order_operate.html HTTP/1.1" 200 12
116.230.118.11 - - [08/Mar/2023:10:47:41 +0800] "GET /xingrg/all/function/internal_message.html?_=1678243690178&CODE_STATE=getMsg HTTP/1.1" 200 27
124.79.240.233 - - [08/Mar/2023:10:47:42 +0800] "GET /xingrg/all/function/internal_message.html?_=1678243933283&CODE_STATE=getMsg HTTP/1.1" 200 27
124.79.72.155 - - [08/Mar/2023:10:47:42 +0800] "GET /xingrg/all/function/internal_message.html?_=1678243685230&CODE_STATE=getMsg HTTP/1.1" 200 27
124.79.72.155 - - [08/Mar/2023:10:47:42 +0800] "GET /xingrg/check_reg.html?_=1678243685239 HTTP/1.1" 200 22
222.67.232.202 - - [08/Mar/2023:10:47:44 +0800] "GET /xingrg/kc/buy/cgsh_order_operate.html?command=get_materiel&rest_code=00141&code=00101008286&supplier_code=00100007&order_time=2023-03-08 HTTP/1.1" 200 408
101.83.241.0 - - [08/Mar/2023:10:47:45 +0800] "GET /xingrg/kc/buy/cgsh_order_info.html?code=212023030802661 HTTP/1.1" 200 64955
101.83.241.0 - - [08/Mar/2023:10:47:45 +0800] "GET /xingrg/javascript/easyui/themes/default/validatebox.css HTTP/1.1" 404 1104
101.83.241.0 - - [08/Mar/2023:10:47:46 +0800] "POST /xingrg/kc/buy/cgsh_order_operate.html HTTP/1.1" 200 606
61.170.233.90 - - [08/Mar/2023:10:47:47 +0800] "GET /xingrg/kc/base/wldb_order_operate.html?command=get_materiel&rest_code=00106&base_code=0010396&code=00101019018 HTTP/1.1" 200 465
101.83.241.0 - - [08/Mar/2023:10:47:49 +0800] "GET /xingrg/kc/print/load_data.html?order_code=212023030802661&kc_code=cgsh&condition= HTTP/1.1" 200 715
222.67.232.202 - - [08/Mar/2023:10:47:54 +0800] "GET /xingrg/kc/buy/cgsh_order_operate.html?command=get_materiel&rest_code=00141&code=00101008296&supplier_code=00100007&order_time=2023-03-08 HTTP/1.1" 200 416
101.83.241.0 - - [08/Mar/2023:10:47:58 +0800] "GET /xingrg/all/function/internal_message.html?_=1678243696114&CODE_STATE=getMsg HTTP/1.1" 200 27
61.170.233.90 - - [08/Mar/2023:10:47:58 +0800] "GET /xingrg/kc/base/wldb_order_operate.html?command=get_materiel&rest_code=00106&base_code=0010396&code=00101019183 HTTP/1.1" 200 449
180.164.3.199 - - [08/Mar/2023:10:48:00 +0800] "GET /xingrg/all/function/internal_message.html?_=1678243698417&CODE_STATE=getMsg HTTP/1.1" 200 27
58.40.7.146 - - [08/Mar/2023:10:48:01 +0800] "GET /xingrg/all/function/internal_message.html?_=1678243700022&CODE_STATE=getMsg HTTP/1.1" 200 27
58.40.7.146 - - [08/Mar/2023:10:48:01 +0800] "GET /xingrg/check_reg.html?_=1678243700416 HTTP/1.1" 200 22
222.67.232.202 - - [08/Mar/2023:10:48:04 +0800] "GET /xingrg/all/function/internal_message.html?_=1678243257807&CODE_STATE=getMsg HTTP/1.1" 200 27
114.83.222.182 - - [08/Mar/2023:10:48:05 +0800] "GET /xingrg/all/function/internal_message.html?_=1678243766752&CODE_STATE=getMsg HTTP/1.1" 200 27
222.67.232.202 - - [08/Mar/2023:10:48:07 +0800] "GET /xingrg/kc/buy/cgsh_order_operate.html?command=get_materiel&rest_code=00141&code=00101008098&supplier_code=00100007&order_time=2023-03-08 HTTP/1.1" 200 412
116.192.124.172 - - [08/Mar/2023:10:48:07 +0800] "GET /xingrg/check_reg.html?_=1678243706111 HTTP/1.1" 200 22
58.40.7.146 - - [08/Mar/2023:10:48:08 +0800] "GET /xingrg/all/function/internal_message.html?_=1678243707137&CODE_STATE=getMsg HTTP/1.1" 200 27
222.70.221.209 - - [08/Mar/2023:10:48:09 +0800] "GET /xingrg/all/function/internal_message.html?_=1678243708471&CODE_STATE=getMsg HTTP/1.1" 200 27
222.70.182.154 - - [08/Mar/2023:10:48:09 +0800] "GET /xingrg/all/function/internal_message.html?_=1678243707425&CODE_STATE=getMsg HTTP/1.1" 200 27
61.170.233.90 - - [08/Mar/2023:10:48:10 +0800] "GET /xingrg/kc/base/wldb_order_operate.html?command=get_materiel&rest_code=00106&base_code=0010396&code=00101019222 HTTP/1.1" 200 452
180.169.147.146 - - [08/Mar/2023:10:48:15 +0800] "GET /xingrg/all/function/internal_message.html?_=1678243714248&CODE_STATE=getMsg HTTP/1.1" 200 27
180.169.147.146 - - [08/Mar/2023:10:48:15 +0800] "GET /xingrg/check_reg.html?_=1678243714252 HTTP/1.1" 200 22
222.67.232.202 - - [08/Mar/2023:10:48:15 +0800] "GET /xingrg/kc/buy/cgsh_order_operate.html?command=get_materiel&rest_code=00141&code=00101008005&supplier_code=00100007&order_time=2023-03-08 HTTP/1.1" 200 412
120.253.135.82 - - [08/Mar/2023:10:48:19 +0800] "GET /xingrg/all/function/internal_message.html?_=1678243846640&CODE_STATE=getMsg HTTP/1.1" 200 27
222.67.232.202 - - [08/Mar/2023:10:48:22 +0800] "GET /xingrg/kc/buy/cgsh_order_operate.html?command=get_materiel&rest_code=00141&code=00101008213&supplier_code=00100007&order_time=2023-03-08 HTTP/1.1" 200 412
116.225.84.253 - - [08/Mar/2023:10:48:24 +0800] "GET /xingrg/all/function/internal_message.html?_=1678243567050&CODE_STATE=getMsg HTTP/1.1" 200 27
101.229.22.234 - - [08/Mar/2023:10:48:25 +0800] "GET /xingrg/all/function/internal_message.html?_=1678243722083&CODE_STATE=getMsg HTTP/1.1" 200 27
