222.70.182.154 - - [07/Mar/2023:10:35:18 +0800] "GET /xingrg/all/function/internal_message.html?_=1678156537576&CODE_STATE=getMsg HTTP/1.1" 200 27
116.225.84.253 - - [07/Mar/2023:10:35:24 +0800] "GET /xingrg/all/function/internal_message.html?_=1678156545584&CODE_STATE=getMsg HTTP/1.1" 200 27
114.83.216.11 - - [07/Mar/2023:10:35:28 +0800] "POST /xingrg/kc/buy/cgsh_order_operate.html HTTP/1.1" 200 37
101.229.22.234 - - [07/Mar/2023:10:35:29 +0800] "GET /xingrg/all/function/internal_message.html?_=1678156547911&CODE_STATE=getMsg HTTP/1.1" 200 27
120.253.135.82 - - [07/Mar/2023:10:35:29 +0800] "GET /xingrg/all/function/internal_message.html?_=1678156677837&CODE_STATE=getMsg HTTP/1.1" 200 27
116.238.139.35 - - [07/Mar/2023:10:35:30 +0800] "GET /xingrg/all/function/internal_message.html?_=1678156549654&CODE_STATE=getMsg HTTP/1.1" 200 27
114.83.216.11 - - [07/Mar/2023:10:35:30 +0800] "GET /xingrg/all/function/internal_message.html?_=1678156550067&CODE_STATE=getMsg HTTP/1.1" 200 27
114.83.216.11 - - [07/Mar/2023:10:35:30 +0800] "GET /xingrg/check_reg.html?_=1678156550070 HTTP/1.1" 200 22
114.83.216.11 - - [07/Mar/2023:10:35:33 +0800] "POST /xingrg/kc/buy/cgsh_order_operate.html HTTP/1.1" 200 12
114.83.216.11 - - [07/Mar/2023:10:35:35 +0800] "GET /xingrg/kc/buy/cgsh_order_info.html?code=212023030702347 HTTP/1.1" 200 64951
114.83.216.11 - - [07/Mar/2023:10:35:35 +0800] "GET /xingrg/javascript/easyui/themes/default/validatebox.css HTTP/1.1" 404 1104
180.163.30.76 - - [07/Mar/2023:10:35:35 +0800] "GET /xingrg/all/function/internal_message.html?_=1678156494866&CODE_STATE=getMsg HTTP/1.1" 302 -
180.163.30.76 - - [07/Mar/2023:10:35:35 +0800] "GET /xingrg/login.html HTTP/1.1" 200 7641
116.237.72.206 - - [07/Mar/2023:10:35:36 +0800] "GET /xingrg/all/function/internal_message.html?_=1678156554848&CODE_STATE=getMsg HTTP/1.1" 200 27
114.83.216.11 - - [07/Mar/2023:10:35:36 +0800] "POST /xingrg/kc/buy/cgsh_order_operate.html HTTP/1.1" 200 1202
116.224.106.218 - - [07/Mar/2023:10:35:37 +0800] "GET /xingrg/all/function/internal_message.html?_=1678156556621&CODE_STATE=getMsg HTTP/1.1" 200 27
120.253.135.82 - - [07/Mar/2023:10:35:39 +0800] "GET /xingrg/check_reg.html?_=1678156384713 HTTP/1.1" 200 22
114.83.216.11 - - [07/Mar/2023:10:35:40 +0800] "GET /xingrg/kc/print/load_data.html?order_code=212023030702347&kc_code=cgsh&condition= HTTP/1.1" 200 939
124.79.72.155 - - [07/Mar/2023:10:35:42 +0800] "GET /xingrg/login.html HTTP/1.1" 200 7641
124.79.72.155 - - [07/Mar/2023:10:35:42 +0800] "GET /favicon.ico HTTP/1.1" 404 -
58.221.95.50 - - [07/Mar/2023:10:35:45 +0800] "GET /xingrg/all/function/internal_message.html?_=1678156565409&CODE_STATE=getMsg HTTP/1.1" 200 27
180.169.147.146 - - [07/Mar/2023:10:35:47 +0800] "GET /xingrg/check_reg.html?_=1678156567361 HTTP/1.1" 302 -
222.70.182.154 - - [07/Mar/2023:10:35:49 +0800] "GET /xingrg/all/function/internal_message.html?_=1678156587904&CODE_STATE=getMsg HTTP/1.1" 200 27
114.83.216.11 - - [07/Mar/2023:10:35:50 +0800] "GET /xingrg/kc/buy/cgsh_order_add.html HTTP/1.1" 200 70049
114.83.216.11 - - [07/Mar/2023:10:35:50 +0800] "POST /xingrg/kc/buy/cgsh_order_operate.html HTTP/1.1" 200 8245
114.83.216.11 - - [07/Mar/2023:10:35:50 +0800] "GET /xingrg/javascript/easyui/themes/default/validatebox.css HTTP/1.1" 404 1104
124.79.72.155 - - [07/Mar/2023:10:35:52 +0800] "POST /xingrg/login.do HTTP/1.1" 302 -
124.79.72.155 - - [07/Mar/2023:10:35:52 +0800] "GET /xingrg/index.html?sysBaseUrl=http%3A%2F%2F180.169.147.146%3A18081%2Fxingrg%2F&costTime=37×tamp=1678156552634 HTTP/1.1" 200 17179
124.79.72.155 - - [07/Mar/2023:10:35:52 +0800] "POST /xingrg/all/common/load_tree.html?tree=area_rest_tree_json&manage=1 HTTP/1.1" 200 351
124.79.72.155 - - [07/Mar/2023:10:35:52 +0800] "GET /xingrg/all/function/internal_message.html?_=1678156573476&CODE_STATE=count HTTP/1.1" 200 11
124.79.72.155 - - [07/Mar/2023:10:35:52 +0800] "GET /xingrg/check_reg.html?_=1678156573477 HTTP/1.1" 200 22
124.79.72.155 - - [07/Mar/2023:10:35:52 +0800] "POST /xingrg/load_menu.html HTTP/1.1" 200 5138
222.70.221.209 - - [07/Mar/2023:10:35:54 +0800] "GET /xingrg/all/function/internal_message.html?_=1678156694814&CODE_STATE=getMsg HTTP/1.1" 200 27
124.79.72.155 - - [07/Mar/2023:10:35:54 +0800] "GET /xingrg/kc/buy/buy_main.html HTTP/1.1" 200 12412
124.79.72.155 - - [07/Mar/2023:10:35:54 +0800] "GET /xingrg/css/new_ie.css HTTP/1.1" 404 1036
114.83.216.11 - - [07/Mar/2023:10:35:54 +0800] "GET /xingrg/all/function/internal_message.html?_=1678156573461&CODE_STATE=getMsg HTTP/1.1" 200 27
124.79.72.155 - - [07/Mar/2023:10:35:56 +0800] "GET /xingrg/kc/base/base_main.html HTTP/1.1" 200 12142
180.169.147.146 - - [07/Mar/2023:10:35:57 +0800] "GET /xingrg/all/function/internal_message.html?_=1678156580503&CODE_STATE=getMsg HTTP/1.1" 302 -
124.79.72.155 - - [07/Mar/2023:10:35:58 +0800] "GET /xingrg/kc/base/wldb_order_list.html HTTP/1.1" 200 19104
124.79.72.155 - - [07/Mar/2023:10:35:59 +0800] "POST /xingrg/kc/base/wldb_list_operate.html HTTP/1.1" 200 928
124.79.72.155 - - [07/Mar/2023:10:36:01 +0800] "GET /xingrg/kc/base/wldb_order_add.html HTTP/1.1" 200 30383
124.79.72.155 - - [07/Mar/2023:10:36:01 +0800] "GET /xingrg/words/20230306132012_words.js HTTP/1.1" 304 -
124.79.72.155 - - [07/Mar/2023:10:36:01 +0800] "POST /xingrg/kc/base/wldb_order_operate.html HTTP/1.1" 200 6806
124.79.72.155 - - [07/Mar/2023:10:36:01 +0800] "GET /xingrg/all/common/auto_word.html?type=base&rest_code=00156 HTTP/1.1" 200 1903
124.79.72.155 - - [07/Mar/2023:10:36:01 +0800] "GET /xingrg/all/common/auto_word.html?type=base&rest_code=00156 HTTP/1.1" 200 1903
124.79.72.155 - - [07/Mar/2023:10:36:01 +0800] "GET /xingrg/javascript/easyui/themes/default/validatebox.css HTTP/1.1" 404 1104
124.79.240.233 - - [07/Mar/2023:10:36:03 +0800] "GET /xingrg/all/function/internal_message.html?_=1678156833960&CODE_STATE=getMsg HTTP/1.1" 200 27
124.79.72.155 - - [07/Mar/2023:10:36:06 +0800] "GET /xingrg/javascript/jquery_tools/images/prev.gif HTTP/1.1" 404 1086
124.79.72.155 - - [07/Mar/2023:10:36:06 +0800] "GET /xingrg/javascript/jquery_tools/images/next.gif HTTP/1.1" 404 1086
58.40.7.146 - - [07/Mar/2023:10:36:09 +0800] "GET /xingrg/check_reg.html?_=1678156589174 HTTP/1.1" 302 -
114.83.216.11 - - [07/Mar/2023:10:36:13 +0800] "GET /xingrg/kc/buy/cgsh_order_operate.html?command=get_materiel&rest_code=00149&code=00101004011&supplier_code=00100083&order_time=2023-03-07 HTTP/1.1" 200 415
124.79.72.155 - - [07/Mar/2023:10:36:14 +0800] "GET /xingrg/kc/base/wldb_order_operate.html?command=get_materiel&rest_code=00156&base_code=0010779&code=00101019344 HTTP/1.1" 200 439
58.40.7.146 - - [07/Mar/2023:10:36:17 +0800] "GET /xingrg/check_reg.html?_=1678156596633 HTTP/1.1" 302 -
116.230.116.113 - - [07/Mar/2023:10:36:17 +0800] "GET /xingrg/all/function/internal_message.html?_=1678156602678&CODE_STATE=getMsg HTTP/1.1" 200 27
222.70.182.154 - - [07/Mar/2023:10:36:18 +0800] "GET /xingrg/check_reg.html?_=1678156597573 HTTP/1.1" 200 22
222.70.182.154 - - [07/Mar/2023:10:36:18 +0800] "GET /xingrg/all/function/internal_message.html?_=1678156597575&CODE_STATE=getMsg HTTP/1.1" 200 27
222.67.232.202 - - [07/Mar/2023:10:36:21 +0800] "GET /xingrg/check_reg.html?_=1678156155575 HTTP/1.1" 200 22
116.225.84.253 - - [07/Mar/2023:10:36:24 +0800] "GET /xingrg/all/function/internal_message.html?_=1678156605555&CODE_STATE=getMsg HTTP/1.1" 200 27
114.83.216.11 - - [07/Mar/2023:10:36:26 +0800] "GET /xingrg/kc/buy/cgsh_order_operate.html?command=get_materiel&rest_code=00149&code=00101004090&supplier_code=00100083&order_time=2023-03-07 HTTP/1.1" 200 405
101.229.22.234 - - [07/Mar/2023:10:36:29 +0800] "GET /xingrg/all/function/internal_message.html?_=1678156607910&CODE_STATE=getMsg HTTP/1.1" 200 27
120.253.135.82 - - [07/Mar/2023:10:36:29 +0800] "GET /xingrg/all/function/internal_message.html?_=1678156737838&CODE_STATE=getMsg HTTP/1.1" 200 27
120.253.135.82 - - [07/Mar/2023:10:36:29 +0800] "GET /xingrg/check_reg.html?_=1678156737838 HTTP/1.1" 200 22
116.238.139.35 - - [07/Mar/2023:10:36:30 +0800] "GET /xingrg/all/function/internal_message.html?_=1678156609655&CODE_STATE=getMsg HTTP/1.1" 200 27
114.83.216.11 - - [07/Mar/2023:10:36:30 +0800] "GET /xingrg/all/function/internal_message.html?_=1678156610064&CODE_STATE=getMsg HTTP/1.1" 200 27
116.237.72.206 - - [07/Mar/2023:10:36:36 +0800] "GET /xingrg/all/function/internal_message.html?_=1678156614820&CODE_STATE=getMsg HTTP/1.1" 200 27
116.224.106.218 - - [07/Mar/2023:10:36:37 +0800] "GET /xingrg/check_reg.html?_=1678156616621 HTTP/1.1" 200 22
116.224.106.218 - - [07/Mar/2023:10:36:37 +0800] "GET /xingrg/all/function/internal_message.html?_=1678156616624&CODE_STATE=getMsg HTTP/1.1" 200 27
116.192.124.172 - - [07/Mar/2023:10:36:37 +0800] "GET /xingrg/javascript/easyui/plugins/jquery.draggable.js HTTP/1.1" 200 6121
116.192.124.172 - - [07/Mar/2023:10:36:37 +0800] "GET /xingrg/css/images/panel_loading.gif HTTP/1.1" 200 1737
116.192.124.172 - - [07/Mar/2023:10:36:37 +0800] "GET /xingrg/javascript/easyui/plugins/jquery.droppable.js HTTP/1.1" 200 1167
116.192.124.172 - - [07/Mar/2023:10:36:37 +0800] "GET /xingrg/javascript/easyui/themes/default/tree.css HTTP/1.1" 404 1090
116.192.124.172 - - [07/Mar/2023:10:36:37 +0800] "GET /xingrg/javascript/easyui/plugins/jquery.tree.js HTTP/1.1" 200 20874
116.192.124.172 - - [07/Mar/2023:10:36:37 +0800] "POST /xingrg/all/common/load_tree.html?tree=supplier_tree_json&isDelete=1 HTTP/1.1" 200 71093
116.192.124.172 - - [07/Mar/2023:10:36:38 +0800] "GET /xingrg/javascript/easyui/themes/default/images/tree_arrows.gif HTTP/1.1" 200 617
116.192.124.172 - - [07/Mar/2023:10:36:38 +0800] "GET /xingrg/javascript/easyui/themes/default/images/tree_folder_open.gif HTTP/1.1" 200 956
116.192.124.172 - - [07/Mar/2023:10:36:38 +0800] "GET /xingrg/javascript/easyui/themes/default/images/tree_file.gif HTTP/1.1" 200 118
116.192.124.172 - - [07/Mar/2023:10:36:38 +0800] "GET /xingrg/javascript/easyui/themes/default/images/tree_folder.gif HTTP/1.1" 200 952
222.70.182.154 - - [07/Mar/2023:10:36:39 +0800] "POST /xingrg/dwr/call/plaincall/AjaxReportQueryService.refreshCache.dwr HTTP/1.1" 200 79
222.70.182.154 - - [07/Mar/2023:10:36:40 +0800] "POST /xingrg/all/report/load_report_page.html HTTP/1.1" 200 8960
222.70.182.154 - - [07/Mar/2023:10:36:40 +0800] "GET /xingrg/servlets/image?cache=0.8962444133758416&image=px HTTP/1.1" 200 807
58.221.95.50 - - [07/Mar/2023:10:36:45 +0800] "GET /xingrg/check_reg.html?_=1678156625414 HTTP/1.1" 200 22
58.221.95.50 - - [07/Mar/2023:10:36:45 +0800] "GET /xingrg/all/function/internal_message.html?_=1678156625418&CODE_STATE=getMsg HTTP/1.1" 200 27
222.70.182.154 - - [07/Mar/2023:10:36:49 +0800] "GET /xingrg/all/function/internal_message.html?_=1678156647911&CODE_STATE=getMsg HTTP/1.1" 200 27
222.70.182.154 - - [07/Mar/2023:10:36:49 +0800] "GET /xingrg/check_reg.html?_=1678156647906 HTTP/1.1" 200 22
114.83.216.11 - - [07/Mar/2023:10:36:50 +0800] "GET /xingrg/kc/buy/cgsh_order_operate.html?command=get_materiel&rest_code=00149&code=00101004067&supplier_code=00100083&order_time=2023-03-07 HTTP/1.1" 200 413
124.79.72.155 - - [07/Mar/2023:10:36:52 +0800] "GET /xingrg/all/function/internal_message.html?_=1678156633483&CODE_STATE=getMsg HTTP/1.1" 200 27
116.192.124.172 - - [07/Mar/2023:10:36:53 +0800] "GET /xingrg/kc/buy/cgsh_order_operate.html?command=get_materiel&rest_code=00102&code=00101002027&supplier_code=00100400&order_time=2023-03-07 HTTP/1.1" 200 413
222.70.221.209 - - [07/Mar/2023:10:36:54 +0800] "GET /xingrg/all/function/internal_message.html?_=1678156754808&CODE_STATE=getMsg HTTP/1.1" 200 27
114.83.216.11 - - [07/Mar/2023:10:36:54 +0800] "GET /xingrg/all/function/internal_message.html?_=1678156633445&CODE_STATE=getMsg HTTP/1.1" 200 27
180.169.147.146 - - [07/Mar/2023:10:36:57 +0800] "GET /xingrg/all/function/internal_message.html?_=1678156640503&CODE_STATE=getMsg HTTP/1.1" 302 -
116.225.84.253 - - [07/Mar/2023:10:37:01 +0800] "POST /xingrg/kc/buy/cgsh_order_operate.html HTTP/1.1" 200 37
116.192.124.172 - - [07/Mar/2023:10:37:01 +0800] "POST /xingrg/services/DataTransmitService HTTP/1.1" 200 524
120.253.135.82 - - [07/Mar/2023:10:37:02 +0800] "GET /xingrg/kc/pszx/mdps_order_operate.html?command=get_materiel&pszx_code=00101&rest_code=00104&base_code=0010250&code=00102002197 HTTP/1.1" 200 459
116.225.84.253 - - [07/Mar/2023:10:37:02 +0800] "POST /xingrg/kc/buy/cgsh_order_operate.html HTTP/1.1" 200 5017
124.79.240.233 - - [07/Mar/2023:10:37:03 +0800] "GET /xingrg/all/function/internal_message.html?_=1678156893936&CODE_STATE=getMsg HTTP/1.1" 200 27
116.192.124.172 - - [07/Mar/2023:10:37:03 +0800] "GET /xingrg/kc/buy/cgsh_order_operate.html?command=get_materiel&rest_code=00102&code=00101002022&supplier_code=00100400&order_time=2023-03-07 HTTP/1.1" 200 409
116.225.84.253 - - [07/Mar/2023:10:37:04 +0800] "GET /xingrg/kc/print/load_data.html?order_code=212023030702348&kc_code=cgsh&condition= HTTP/1.1" 200 1578
120.253.135.82 - - [07/Mar/2023:10:37:05 +0800] "POST /xingrg/all/common/load_select.html HTTP/1.1" 200 25
114.83.216.11 - - [07/Mar/2023:10:37:07 +0800] "GET /xingrg/kc/buy/cgsh_order_operate.html?command=get_materiel&rest_code=00149&code=00101004071&supplier_code=00100083&order_time=2023-03-07 HTTP/1.1" 200 409
120.253.135.82 - - [07/Mar/2023:10:37:08 +0800] "GET /xingrg/kc/pszx/mdps_order_operate.html?command=get_materiel_price&pszx_code=00101&rest_code=00104&base_code=0010250&code=00102002197&unit_code=00100018&order_time=2023-03-08 HTTP/1.1" 200 35
116.192.124.172 - - [07/Mar/2023:10:37:10 +0800] "GET /xingrg/kc/buy/cgsh_order_operate.html?command=get_materiel&rest_code=00102&code=00101005037&supplier_code=00100400&order_time=2023-03-07 HTTP/1.1" 200 409
116.230.116.113 - - [07/Mar/2023:10:37:17 +0800] "GET /xingrg/all/function/internal_message.html?_=1678156662694&CODE_STATE=getMsg HTTP/1.1" 200 27
222.70.182.154 - - [07/Mar/2023:10:37:18 +0800] "GET /xingrg/all/function/internal_message.html?_=1678156657576&CODE_STATE=getMsg HTTP/1.1" 200 27
114.83.216.11 - - [07/Mar/2023:10:37:19 +0800] "GET /xingrg/kc/buy/cgsh_order_operate.html?command=get_materiel&rest_code=00149&code=00101004004&supplier_code=00100083&order_time=2023-03-07 HTTP/1.1" 200 415
116.225.84.253 - - [07/Mar/2023:10:37:24 +0800] "GET /xingrg/all/function/internal_message.html?_=1678156665532&CODE_STATE=getMsg HTTP/1.1" 200 27
116.225.84.253 - - [07/Mar/2023:10:37:25 +0800] "GET /xingrg/check_reg.html?_=1678156667126 HTTP/1.1" 200 22
120.253.135.82 - - [07/Mar/2023:10:37:26 +0800] "GET /xingrg/kc/pszx/mdps_order_operate.html?command=get_materiel&pszx_code=00101&rest_code=00104&base_code=0010250&code=00102002685 HTTP/1.1" 200 458
101.229.22.234 - - [07/Mar/2023:10:37:29 +0800] "GET /xingrg/all/function/internal_message.html?_=1678156667912&CODE_STATE=getMsg HTTP/1.1" 200 27
101.229.22.234 - - [07/Mar/2023:10:37:29 +0800] "GET /xingrg/check_reg.html?_=1678156667913 HTTP/1.1" 200 22
120.253.135.82 - - [07/Mar/2023:10:37:29 +0800] "GET /xingrg/all/function/internal_message.html?_=1678156797838&CODE_STATE=getMsg HTTP/1.1" 200 27
116.238.139.35 - - [07/Mar/2023:10:37:30 +0800] "GET /xingrg/all/function/internal_message.html?_=1678156669657&CODE_STATE=getMsg HTTP/1.1" 200 27
114.83.216.11 - - [07/Mar/2023:10:37:30 +0800] "GET /xingrg/all/function/internal_message.html?_=1678156670076&CODE_STATE=getMsg HTTP/1.1" 200 27
114.83.216.11 - - [07/Mar/2023:10:37:34 +0800] "POST /xingrg/kc/buy/cgsh_order_operate.html HTTP/1.1" 200 37
180.163.30.27 - - [07/Mar/2023:10:37:36 +0800] "GET /xingrg/all/function/internal_message.html?_=1678156614820&CODE_STATE=getMsg HTTP/1.1" 302 -
116.237.72.206 - - [07/Mar/2023:10:37:36 +0800] "GET /xingrg/all/function/internal_message.html?_=1678156674796&CODE_STATE=getMsg HTTP/1.1" 200 27
180.163.30.27 - - [07/Mar/2023:10:37:36 +0800] "GET /xingrg/login.html HTTP/1.1" 200 7641
116.237.72.206 - - [07/Mar/2023:10:37:36 +0800] "GET /xingrg/check_reg.html?_=1678156675019 HTTP/1.1" 200 22
116.224.106.218 - - [07/Mar/2023:10:37:37 +0800] "GET /xingrg/all/function/internal_message.html?_=1678156676652&CODE_STATE=getMsg HTTP/1.1" 200 27
114.83.216.11 - - [07/Mar/2023:10:37:41 +0800] "POST /xingrg/kc/buy/cgsh_order_operate.html HTTP/1.1" 200 12
114.83.216.11 - - [07/Mar/2023:10:37:43 +0800] "GET /xingrg/kc/buy/cgsh_order_info.html?code=212023030702349 HTTP/1.1" 200 64949
114.83.216.11 - - [07/Mar/2023:10:37:44 +0800] "GET /xingrg/javascript/easyui/themes/default/validatebox.css HTTP/1.1" 404 1104
58.221.95.50 - - [07/Mar/2023:10:37:45 +0800] "GET /xingrg/all/function/internal_message.html?_=1678156685411&CODE_STATE=getMsg HTTP/1.1" 200 27
116.192.124.172 - - [07/Mar/2023:10:37:46 +0800] "POST /xingrg/kc/buy/cgsh_order_operate.html HTTP/1.1" 200 37
114.83.216.11 - - [07/Mar/2023:10:37:46 +0800] "POST /xingrg/kc/buy/cgsh_order_operate.html HTTP/1.1" 200 2983
124.79.72.155 - - [07/Mar/2023:10:37:48 +0800] "GET /xingrg/kc/buy/buy_main.html HTTP/1.1" 200 12412
124.79.72.155 - - [07/Mar/2023:10:37:48 +0800] "GET /xingrg/css/new_ie.css HTTP/1.1" 404 1036
222.70.182.154 - - [07/Mar/2023:10:37:49 +0800] "GET /xingrg/all/function/internal_message.html?_=1678156707910&CODE_STATE=getMsg HTTP/1.1" 200 27
124.79.72.155 - - [07/Mar/2023:10:37:49 +0800] "GET /xingrg/kc/buy/cgsh_order_list.html HTTP/1.1" 200 54185
114.83.216.11 - - [07/Mar/2023:10:37:50 +0800] "GET /xingrg/kc/print/load_data.html?order_code=212023030702349&kc_code=cgsh&condition= HTTP/1.1" 200 1632
116.192.124.172 - - [07/Mar/2023:10:37:51 +0800] "POST /xingrg/kc/buy/cgsh_order_operate.html HTTP/1.1" 200 12
124.79.72.155 - - [07/Mar/2023:10:37:52 +0800] "POST /xingrg/kc/buy/cgsh_list_operate.html HTTP/1.1" 200 986
124.79.72.155 - - [07/Mar/2023:10:37:52 +0800] "GET /xingrg/all/function/internal_message.html?_=1678156693486&CODE_STATE=getMsg HTTP/1.1" 200 27
124.79.72.155 - - [07/Mar/2023:10:37:53 +0800] "GET /xingrg/kc/buy/cgsh_order_add.html HTTP/1.1" 200 70040
124.79.72.155 - - [07/Mar/2023:10:37:53 +0800] "POST /xingrg/kc/buy/cgsh_order_operate.html HTTP/1.1" 200 8245
124.79.72.155 - - [07/Mar/2023:10:37:53 +0800] "GET /xingrg/javascript/easyui/themes/default/validatebox.css HTTP/1.1" 404 1104
124.79.72.155 - - [07/Mar/2023:10:37:53 +0800] "GET /xingrg/all/common/auto_word.html?type=employee&rest_code=00156 HTTP/1.1" 200 97
124.79.72.155 - - [07/Mar/2023:10:37:53 +0800] "GET /xingrg/all/common/auto_word.html?type=employee&rest_code=00156 HTTP/1.1" 200 97
116.192.124.172 - - [07/Mar/2023:10:37:53 +0800] "GET /xingrg/kc/buy/cgsh_order_info.html?code=212023030702350 HTTP/1.1" 200 64894
116.192.124.172 - - [07/Mar/2023:10:37:53 +0800] "GET /xingrg/words/20230306132012_words.js HTTP/1.1" 304 -
116.192.124.172 - - [07/Mar/2023:10:37:53 +0800] "GET /xingrg/javascript/easyui/themes/default/validatebox.css HTTP/1.1" 404 1104
222.70.221.209 - - [07/Mar/2023:10:37:54 +0800] "GET /xingrg/all/function/internal_message.html?_=1678156814800&CODE_STATE=getMsg HTTP/1.1" 200 27
116.192.124.172 - - [07/Mar/2023:10:37:54 +0800] "POST /xingrg/kc/buy/cgsh_order_operate.html HTTP/1.1" 200 1789
114.83.216.11 - - [07/Mar/2023:10:37:54 +0800] "GET /xingrg/all/function/internal_message.html?_=1678156693426&CODE_STATE=getMsg HTTP/1.1" 200 27
116.192.124.172 - - [07/Mar/2023:10:37:55 +0800] "GET /xingrg/kc/print/load_data.html?order_code=212023030702350&kc_code=cgsh&condition= HTTP/1.1" 200 1123
180.169.147.146 - - [07/Mar/2023:10:37:57 +0800] "GET /xingrg/all/function/internal_message.html?_=1678156700501&CODE_STATE=getMsg HTTP/1.1" 302 -
120.253.135.82 - - [07/Mar/2023:10:38:00 +0800] "POST /xingrg/kc/pszx/mdps_order_operate.html HTTP/1.1" 200 37
120.253.135.82 - - [07/Mar/2023:10:38:01 +0800] "GET /xingrg/kc/pszx/mdps_order_info.html?code=312023030700190 HTTP/1.1" 200 23976
120.253.135.82 - - [07/Mar/2023:10:38:01 +0800] "GET /xingrg/all/common/auto_word.html?type=base&rest_code=00101 HTTP/1.1" 200 671
120.253.135.82 - - [07/Mar/2023:10:38:01 +0800] "GET /xingrg/javascript/easyui/themes/default/validatebox.css HTTP/1.1" 404 1104
120.253.135.82 - - [07/Mar/2023:10:38:01 +0800] "POST /xingrg/kc/pszx/mdps_order_operate.html HTTP/1.1" 200 4289
124.79.72.155 - - [07/Mar/2023:10:38:02 +0800] "GET /xingrg/javascript/jquery_tools/images/prev.gif HTTP/1.1" 404 1086
124.79.72.155 - - [07/Mar/2023:10:38:02 +0800] "GET /xingrg/javascript/jquery_tools/images/next.gif HTTP/1.1" 404 1086
124.79.240.233 - - [07/Mar/2023:10:38:02 +0800] "GET /xingrg/all/function/internal_message.html?_=1678156953914&CODE_STATE=getMsg HTTP/1.1" 200 27
222.67.232.202 - - [07/Mar/2023:10:38:06 +0800] "POST /xingrg/kc/buy/cgsh_list_operate.html HTTP/1.1" 200 6241
114.83.216.11 - - [07/Mar/2023:10:38:12 +0800] "GET /xingrg/kc/buy/cgsh_order_add.html HTTP/1.1" 200 70049
120.253.135.82 - - [07/Mar/2023:10:38:12 +0800] "POST /xingrg/kc/pszx/mdps_order_operate.html HTTP/1.1" 200 37
114.83.216.11 - - [07/Mar/2023:10:38:12 +0800] "POST /xingrg/kc/buy/cgsh_order_operate.html HTTP/1.1" 200 8245
114.83.216.11 - - [07/Mar/2023:10:38:12 +0800] "GET /xingrg/javascript/easyui/themes/default/validatebox.css HTTP/1.1" 404 1104
120.253.135.82 - - [07/Mar/2023:10:38:14 +0800] "GET /xingrg/kc/pszx/mdps_order_info.html?code=312023030700190 HTTP/1.1" 200 23976
120.253.135.82 - - [07/Mar/2023:10:38:14 +0800] "GET /xingrg/all/common/auto_word.html?type=base&rest_code=00101 HTTP/1.1" 200 671
120.253.135.82 - - [07/Mar/2023:10:38:14 +0800] "GET /xingrg/javascript/easyui/themes/default/validatebox.css HTTP/1.1" 404 1104
120.253.135.82 - - [07/Mar/2023:10:38:14 +0800] "POST /xingrg/kc/pszx/mdps_order_operate.html HTTP/1.1" 200 4289
116.225.84.253 - - [07/Mar/2023:10:38:16 +0800] "GET /xingrg/check_reg.html?_=1678156559716 HTTP/1.1" 200 22
116.230.116.113 - - [07/Mar/2023:10:38:17 +0800] "GET /xingrg/check_reg.html?_=1678156722506 HTTP/1.1" 200 22
116.230.116.113 - - [07/Mar/2023:10:38:17 +0800] "GET /xingrg/all/function/internal_message.html?_=1678156722707&CODE_STATE=getMsg HTTP/1.1" 200 27
120.253.135.82 - - [07/Mar/2023:10:38:17 +0800] "POST /xingrg/kc/pszx/mdps_list_operate.html HTTP/1.1" 200 5640
222.70.182.154 - - [07/Mar/2023:10:38:18 +0800] "GET /xingrg/all/function/internal_message.html?_=1678156717575&CODE_STATE=getMsg HTTP/1.1" 200 27
114.83.216.11 - - [07/Mar/2023:10:38:22 +0800] "GET /xingrg/kc/buy/cgsh_order_operate.html?command=get_materiel&rest_code=00149&code=00101002027&supplier_code=00100039&order_time=2023-03-07 HTTP/1.1" 200 413
120.253.135.82 - - [07/Mar/2023:10:38:22 +0800] "POST /xingrg/kc/pszx/mdps_list_operate.html HTTP/1.1" 200 5634
116.225.84.253 - - [07/Mar/2023:10:38:24 +0800] "GET /xingrg/all/function/internal_message.html?_=1678156725504&CODE_STATE=getMsg HTTP/1.1" 200 27
120.253.135.82 - - [07/Mar/2023:10:38:25 +0800] "POST /xingrg/kc/pszx/mdps_list_operate.html HTTP/1.1" 200 5640
120.253.135.82 - - [07/Mar/2023:10:38:28 +0800] "POST /xingrg/kc/pszx/mdps_list_operate.html HTTP/1.1" 200 5632
101.229.22.234 - - [07/Mar/2023:10:38:29 +0800] "GET /xingrg/all/function/internal_message.html?_=1678156727912&CODE_STATE=getMsg HTTP/1.1" 200 27
120.253.135.82 - - [07/Mar/2023:10:38:29 +0800] "GET /xingrg/all/function/internal_message.html?_=1678156857840&CODE_STATE=getMsg HTTP/1.1" 200 27
116.238.139.35 - - [07/Mar/2023:10:38:30 +0800] "GET /xingrg/all/function/internal_message.html?_=1678156729659&CODE_STATE=getMsg HTTP/1.1" 200 27
116.238.139.35 - - [07/Mar/2023:10:38:30 +0800] "GET /xingrg/check_reg.html?_=1678156729662 HTTP/1.1" 200 22
120.253.135.82 - - [07/Mar/2023:10:38:30 +0800] "POST /xingrg/kc/pszx/mdps_list_operate.html HTTP/1.1" 200 5533
114.83.216.11 - - [07/Mar/2023:10:38:30 +0800] "GET /xingrg/all/function/internal_message.html?_=1678156730071&CODE_STATE=getMsg HTTP/1.1" 200 27
120.253.135.82 - - [07/Mar/2023:10:38:32 +0800] "POST /xingrg/kc/pszx/mdps_list_operate.html HTTP/1.1" 200 5614
114.83.216.11 - - [07/Mar/2023:10:38:34 +0800] "GET /xingrg/kc/buy/cgsh_order_operate.html?command=get_materiel&rest_code=00149&code=00101003035&supplier_code=00100039&order_time=2023-03-07 HTTP/1.1" 200 413
120.253.135.82 - - [07/Mar/2023:10:38:35 +0800] "POST /xingrg/kc/pszx/mdps_list_operate.html HTTP/1.1" 200 435
120.253.135.82 - - [07/Mar/2023:10:38:35 +0800] "GET /xingrg/kc/pszx/mdps_order_info.html?code=312023030700170 HTTP/1.1" 200 23976
120.253.135.82 - - [07/Mar/2023:10:38:35 +0800] "GET /xingrg/javascript/easyui/themes/default/validatebox.css HTTP/1.1" 404 1104
120.253.135.82 - - [07/Mar/2023:10:38:35 +0800] "GET /xingrg/all/common/auto_word.html?type=base&rest_code=00101 HTTP/1.1" 200 671
120.253.135.82 - - [07/Mar/2023:10:38:35 +0800] "POST /xingrg/kc/pszx/mdps_order_operate.html HTTP/1.1" 200 3743
116.237.72.206 - - [07/Mar/2023:10:38:36 +0800] "GET /xingrg/all/function/internal_message.html?_=1678156734772&CODE_STATE=getMsg HTTP/1.1" 200 27
116.224.106.218 - - [07/Mar/2023:10:38:37 +0800] "GET /xingrg/all/function/internal_message.html?_=1678156736639&CODE_STATE=getMsg HTTP/1.1" 200 27
120.253.135.82 - - [07/Mar/2023:10:38:38 +0800] "POST /xingrg/kc/pszx/mdps_list_operate.html HTTP/1.1" 200 5614
120.253.135.82 - - [07/Mar/2023:10:38:39 +0800] "POST /xingrg/kc/pszx/mdps_list_operate.html HTTP/1.1" 200 318
120.253.135.82 - - [07/Mar/2023:10:38:39 +0800] "GET /xingrg/kc/pszx/mdps_order_info.html?code=312023030700171 HTTP/1.1" 200 23976
120.253.135.82 - - [07/Mar/2023:10:38:39 +0800] "GET /xingrg/all/common/auto_word.html?type=base&rest_code=00101 HTTP/1.1" 200 671
120.253.135.82 - - [07/Mar/2023:10:38:39 +0800] "GET /xingrg/javascript/easyui/themes/default/validatebox.css HTTP/1.1" 404 1104
120.253.135.82 - - [07/Mar/2023:10:38:39 +0800] "POST /xingrg/kc/pszx/mdps_order_operate.html HTTP/1.1" 200 2834
58.221.95.50 - - [07/Mar/2023:10:38:45 +0800] "GET /xingrg/all/function/internal_message.html?_=1678156745413&CODE_STATE=getMsg HTTP/1.1" 200 27
222.70.182.154 - - [07/Mar/2023:10:38:49 +0800] "GET /xingrg/all/function/internal_message.html?_=1678156767909&CODE_STATE=getMsg HTTP/1.1" 200 27
120.253.135.82 - - [07/Mar/2023:10:38:50 +0800] "POST /xingrg/kc/pszx/mdps_list_operate.html HTTP/1.1" 200 5614
114.83.216.11 - - [07/Mar/2023:10:38:51 +0800] "GET /xingrg/kc/buy/cgsh_order_operate.html?command=get_materiel&rest_code=00149&code=00101001023&supplier_code=00100039&order_time=2023-03-07 HTTP/1.1" 200 415
180.169.147.146 - - [07/Mar/2023:10:38:51 +0800] "GET /xingrg/login.html HTTP/1.1" 200 7641
124.79.72.155 - - [07/Mar/2023:10:38:52 +0800] "GET /xingrg/all/function/internal_message.html?_=1678156753487&CODE_STATE=getMsg HTTP/1.1" 200 27
120.253.135.82 - - [07/Mar/2023:10:38:52 +0800] "POST /xingrg/kc/pszx/mdps_list_operate.html HTTP/1.1" 200 615
120.253.135.82 - - [07/Mar/2023:10:38:53 +0800] "GET /xingrg/kc/pszx/mdps_order_info.html?code=312023030700173 HTTP/1.1" 200 23976
120.253.135.82 - - [07/Mar/2023:10:38:53 +0800] "GET /xingrg/javascript/easyui/themes/default/validatebox.css HTTP/1.1" 404 1104
120.253.135.82 - - [07/Mar/2023:10:38:53 +0800] "GET /xingrg/all/common/auto_word.html?type=base&rest_code=00101 HTTP/1.1" 200 671
120.253.135.82 - - [07/Mar/2023:10:38:53 +0800] "POST /xingrg/kc/pszx/mdps_order_operate.html HTTP/1.1" 200 6335
222.70.221.209 - - [07/Mar/2023:10:38:54 +0800] "GET /xingrg/all/function/internal_message.html?_=1678156874806&CODE_STATE=getMsg HTTP/1.1" 200 27
114.83.216.11 - - [07/Mar/2023:10:38:54 +0800] "GET /xingrg/all/function/internal_message.html?_=1678156753402&CODE_STATE=getMsg HTTP/1.1" 200 27
180.169.147.146 - - [07/Mar/2023:10:38:57 +0800] "GET /xingrg/all/function/internal_message.html?_=1678156760500&CODE_STATE=getMsg HTTP/1.1" 302 -
180.169.147.146 - - [07/Mar/2023:10:38:57 +0800] "GET /xingrg/check_reg.html?_=1678156760501 HTTP/1.1" 302 -
180.169.147.146 - - [07/Mar/2023:10:38:58 +0800] "GET /favicon.ico HTTP/1.1" 404 -
120.253.135.82 - - [07/Mar/2023:10:39:01 +0800] "POST /xingrg/kc/pszx/mdps_list_operate.html HTTP/1.1" 200 5614
124.79.240.233 - - [07/Mar/2023:10:39:02 +0800] "GET /xingrg/all/function/internal_message.html?_=1678157013892&CODE_STATE=getMsg HTTP/1.1" 200 27
120.253.135.82 - - [07/Mar/2023:10:39:03 +0800] "POST /xingrg/kc/pszx/mdps_list_operate.html HTTP/1.1" 200 648
180.169.147.146 - - [07/Mar/2023:10:39:03 +0800] "POST /xingrg/login.do HTTP/1.1" 302 -
120.253.135.82 - - [07/Mar/2023:10:39:03 +0800] "GET /xingrg/kc/pszx/mdps_order_info.html?code=312023030700172 HTTP/1.1" 200 23976
180.169.147.146 - - [07/Mar/2023:10:39:03 +0800] "GET /xingrg/index.html?sysBaseUrl=http%3A%2F%2F180.169.147.146%3A18081%2Fxingrg%2F&costTime=45×tamp=1678156743516 HTTP/1.1" 200 17503
120.253.135.82 - - [07/Mar/2023:10:39:03 +0800] "GET /xingrg/javascript/easyui/themes/default/validatebox.css HTTP/1.1" 404 1104
120.253.135.82 - - [07/Mar/2023:10:39:03 +0800] "GET /xingrg/all/common/auto_word.html?type=base&rest_code=00101 HTTP/1.1" 200 671
120.253.135.82 - - [07/Mar/2023:10:39:03 +0800] "POST /xingrg/kc/pszx/mdps_order_operate.html HTTP/1.1" 200 5407
180.169.147.146 - - [07/Mar/2023:10:39:03 +0800] "GET /xingrg/javascript/jquery_easy_ui/themes/default/easyui.css HTTP/1.1" 304 -
180.169.147.146 - - [07/Mar/2023:10:39:03 +0800] "GET /xingrg/javascript/jquery_easy_ui/themes/icon.css HTTP/1.1" 304 -
180.169.147.146 - - [07/Mar/2023:10:39:03 +0800] "GET /xingrg/css/form.css HTTP/1.1" 304 -
180.169.147.146 - - [07/Mar/2023:10:39:03 +0800] "GET /xingrg/javascript/jquery-1.4.2.min.js HTTP/1.1" 304 -
180.169.147.146 - - [07/Mar/2023:10:39:03 +0800] "GET /xingrg/javascript/jquery_easy_ui/jquery.easyui.min.js HTTP/1.1" 304 -
180.169.147.146 - - [07/Mar/2023:10:39:03 +0800] "GET /xingrg/javascript/jquery_easy_ui/easyui-lang-zh_CN.js HTTP/1.1" 304 -
180.169.147.146 - - [07/Mar/2023:10:39:03 +0800] "GET /xingrg/javascript/jquery.form.js HTTP/1.1" 304 -
180.169.147.146 - - [07/Mar/2023:10:39:03 +0800] "GET /xingrg/javascript/jquery.utils.js HTTP/1.1" 304 -
180.169.147.146 - - [07/Mar/2023:10:39:03 +0800] "GET /xingrg/javascript/jquery.timers.js HTTP/1.1" 304 -
180.169.147.146 - - [07/Mar/2023:10:39:04 +0800] "GET /favicon.ico HTTP/1.1" 404 -
180.169.147.146 - - [07/Mar/2023:10:39:04 +0800] "POST /xingrg/all/common/load_tree.html?tree=area_rest_tree_json&manage=1 HTTP/1.1" 200 3499
180.169.147.146 - - [07/Mar/2023:10:39:06 +0800] "GET /xingrg/check_reg.html?_=1678156766745 HTTP/1.1" 200 22
180.169.147.146 - - [07/Mar/2023:10:39:06 +0800] "GET /xingrg/all/function/internal_message.html?_=1678156766745&CODE_STATE=count HTTP/1.1" 200 11
180.169.147.146 - - [07/Mar/2023:10:39:06 +0800] "POST /xingrg/load_menu.html HTTP/1.1" 200 11564
114.83.216.11 - - [07/Mar/2023:10:39:08 +0800] "GET /xingrg/kc/buy/cgsh_order_operate.html?command=get_materiel&rest_code=00149&code=00101001075&supplier_code=00100039&order_time=2023-03-07 HTTP/1.1" 200 409
120.253.135.82 - - [07/Mar/2023:10:39:15 +0800] "GET /xingrg/kc/pszx/mdps_order_operate.html?command=get_materiel&pszx_code=00101&rest_code=00104&base_code=0010246&code=00101019063 HTTP/1.1" 200 461
120.253.135.82 - - [07/Mar/2023:10:39:16 +0800] "POST /xingrg/all/common/load_select.html HTTP/1.1" 200 25
180.169.147.146 - - [07/Mar/2023:10:39:17 +0800] "GET /xingrg/kc/report/report_main.html HTTP/1.1" 200 8599
180.169.147.146 - - [07/Mar/2023:10:39:17 +0800] "GET /xingrg/css/blue.css HTTP/1.1" 304 -
180.169.147.146 - - [07/Mar/2023:10:39:17 +0800] "GET /xingrg/javascript/jquery_ui/themes/humanity/humanity.css HTTP/1.1" 304 -
180.169.147.146 - - [07/Mar/2023:10:39:17 +0800] "GET /xingrg/javascript/pic_change.js HTTP/1.1" 304 -
180.169.147.146 - - [07/Mar/2023:10:39:17 +0800] "GET /xingrg/javascript/myfunction.js HTTP/1.1" 304 -
180.169.147.146 - - [07/Mar/2023:10:39:17 +0800] "GET /xingrg/javascript/json2.js HTTP/1.1" 304 -
116.230.116.113 - - [07/Mar/2023:10:39:17 +0800] "GET /xingrg/all/function/internal_message.html?_=1678156782736&CODE_STATE=getMsg HTTP/1.1" 200 27
120.253.135.82 - - [07/Mar/2023:10:39:18 +0800] "GET /xingrg/kc/pszx/mdps_order_operate.html?command=get_materiel_price&pszx_code=00101&rest_code=00104&base_code=0010246&code=00101019063&unit_code=00100088&order_time=2023-03-08 HTTP/1.1" 200 35
180.169.147.146 - - [07/Mar/2023:10:39:18 +0800] "GET /xingrg/all/report/report_query.html?fileName=kc/buy/gys_amount_base_rest.xml HTTP/1.1" 200 51664
180.169.147.146 - - [07/Mar/2023:10:39:18 +0800] "GET /xingrg/javascript/multi_select/jqueryMultiSelect.css HTTP/1.1" 304 -
180.169.147.146 - - [07/Mar/2023:10:39:18 +0800] "GET /xingrg/javascript/bigrid/fix.css HTTP/1.1" 304 -
180.169.147.146 - - [07/Mar/2023:10:39:18 +0800] "GET /xingrg/javascript/calendar/timePicker.css HTTP/1.1" 304 -
180.169.147.146 - - [07/Mar/2023:10:39:18 +0800] "GET /xingrg/dwr/interface/AjaxReportQueryService.js HTTP/1.1" 200 13203
180.169.147.146 - - [07/Mar/2023:10:39:18 +0800] "GET /xingrg/dwr/util.js HTTP/1.1" 200 35990
180.169.147.146 - - [07/Mar/2023:10:39:18 +0800] "GET /xingrg/dwr/engine.js HTTP/1.1" 200 43631
180.169.147.146 - - [07/Mar/2023:10:39:18 +0800] "GET /xingrg/javascript/jqueryMultiSelect.js HTTP/1.1" 304 -
180.169.147.146 - - [07/Mar/2023:10:39:18 +0800] "GET /xingrg/javascript/Calendar.js HTTP/1.1" 304 -
180.169.147.146 - - [07/Mar/2023:10:39:18 +0800] "GET /xingrg/javascript/calendar/jquery.timePicker.min.js HTTP/1.1" 304 -
180.169.147.146 - - [07/Mar/2023:10:39:18 +0800] "GET /xingrg/javascript/bigrid/fix.js HTTP/1.1" 304 -
180.169.147.146 - - [07/Mar/2023:10:39:18 +0800] "POST /xingrg/dwr/call/plaincall/AjaxReportQueryService.getFixDate.dwr HTTP/1.1" 200 111
222.70.182.154 - - [07/Mar/2023:10:39:18 +0800] "GET /xingrg/all/function/internal_message.html?_=1678156777569&CODE_STATE=getMsg HTTP/1.1" 200 27
180.169.147.146 - - [07/Mar/2023:10:39:19 +0800] "POST /xingrg/all/common/load_tree.html?tree=area_rest_tree_json&manage=1 HTTP/1.1" 200 3499
180.169.147.146 - - [07/Mar/2023:10:39:19 +0800] "POST /xingrg/all/common/load_tree.html?tree=supplier_tree_json&manage=1 HTTP/1.1" 200 73018
114.83.216.11 - - [07/Mar/2023:10:39:24 +0800] "GET /xingrg/kc/buy/cgsh_order_operate.html?command=get_materiel&rest_code=00149&code=00101010161&supplier_code=00100039&order_time=2023-03-07 HTTP/1.1" 200 411
116.225.84.253 - - [07/Mar/2023:10:39:24 +0800] "GET /xingrg/all/function/internal_message.html?_=1678156785475&CODE_STATE=getMsg HTTP/1.1" 200 27
120.253.135.82 - - [07/Mar/2023:10:39:27 +0800] "POST /xingrg/kc/pszx/mdps_order_operate.html HTTP/1.1" 200 37
120.253.135.82 - - [07/Mar/2023:10:39:28 +0800] "GET /xingrg/kc/pszx/mdps_order_info.html?code=312023030700172 HTTP/1.1" 200 23976
120.253.135.82 - - [07/Mar/2023:10:39:28 +0800] "GET /xingrg/javascript/easyui/themes/default/validatebox.css HTTP/1.1" 404 1104
120.253.135.82 - - [07/Mar/2023:10:39:28 +0800] "GET /xingrg/all/common/auto_word.html?type=base&rest_code=00101 HTTP/1.1" 200 671
120.253.135.82 - - [07/Mar/2023:10:39:28 +0800] "POST /xingrg/kc/pszx/mdps_order_operate.html HTTP/1.1" 200 5913
101.229.22.234 - - [07/Mar/2023:10:39:29 +0800] "GET /xingrg/all/function/internal_message.html?_=1678156787910&CODE_STATE=getMsg HTTP/1.1" 200 27
120.253.135.82 - - [07/Mar/2023:10:39:29 +0800] "GET /xingrg/all/function/internal_message.html?_=1678156917843&CODE_STATE=getMsg HTTP/1.1" 200 27
116.238.139.35 - - [07/Mar/2023:10:39:30 +0800] "GET /xingrg/all/function/internal_message.html?_=1678156789662&CODE_STATE=getMsg HTTP/1.1" 200 27
114.83.216.11 - - [07/Mar/2023:10:39:30 +0800] "GET /xingrg/all/function/internal_message.html?_=1678156790078&CODE_STATE=getMsg HTTP/1.1" 200 27
116.225.84.253 - - [07/Mar/2023:10:39:33 +0800] "POST /xingrg/kc/buy/cgsh_list_operate.html HTTP/1.1" 200 6153
120.253.135.82 - - [07/Mar/2023:10:39:35 +0800] "POST /xingrg/kc/pszx/mdps_list_operate.html HTTP/1.1" 200 5614
180.169.147.146 - - [07/Mar/2023:10:39:35 +0800] "POST /xingrg/dwr/call/plaincall/AjaxReportQueryService.refreshCache.dwr HTTP/1.1" 200 78
116.237.72.206 - - [07/Mar/2023:10:39:36 +0800] "GET /xingrg/all/function/internal_message.html?_=1678156794757&CODE_STATE=getMsg HTTP/1.1" 200 27
180.169.147.146 - - [07/Mar/2023:10:39:36 +0800] "POST /xingrg/all/report/load_report_page.html HTTP/1.1" 200 51880
180.169.147.146 - - [07/Mar/2023:10:39:36 +0800] "GET /xingrg/servlets/image?cache=0.6811174794143521&image=px HTTP/1.1" 200 807
120.253.135.82 - - [07/Mar/2023:10:39:37 +0800] "POST /xingrg/kc/pszx/mdps_list_operate.html HTTP/1.1" 200 615
116.224.106.218 - - [07/Mar/2023:10:39:37 +0800] "GET /xingrg/all/function/internal_message.html?_=1678156796638&CODE_STATE=getMsg HTTP/1.1" 200 27
120.253.135.82 - - [07/Mar/2023:10:39:37 +0800] "GET /xingrg/kc/pszx/mdps_order_info.html?code=312023030700173 HTTP/1.1" 200 23976
120.253.135.82 - - [07/Mar/2023:10:39:37 +0800] "GET /xingrg/javascript/easyui/themes/default/validatebox.css HTTP/1.1" 404 1104
120.253.135.82 - - [07/Mar/2023:10:39:37 +0800] "GET /xingrg/all/common/auto_word.html?type=base&rest_code=00101 HTTP/1.1" 200 671
120.253.135.82 - - [07/Mar/2023:10:39:37 +0800] "POST /xingrg/kc/pszx/mdps_order_operate.html HTTP/1.1" 200 6335
58.221.95.50 - - [07/Mar/2023:10:39:45 +0800] "GET /xingrg/all/function/internal_message.html?_=1678156805422&CODE_STATE=getMsg HTTP/1.1" 200 27
120.253.135.82 - - [07/Mar/2023:10:39:45 +0800] "GET /xingrg/kc/pszx/mdps_order_operate.html?command=get_materiel&pszx_code=00101&rest_code=00104&base_code=0010250&code=00101017003 HTTP/1.1" 200 448
222.70.182.154 - - [07/Mar/2023:10:39:49 +0800] "GET /xingrg/all/function/internal_message.html?_=1678156827912&CODE_STATE=getMsg HTTP/1.1" 200 27
114.83.216.11 - - [07/Mar/2023:10:39:49 +0800] "POST /xingrg/kc/buy/cgsh_order_operate.html HTTP/1.1" 200 37
116.225.84.253 - - [07/Mar/2023:10:39:50 +0800] "GET /xingrg/kc/base/wldb_order_list.html HTTP/1.1" 200 19098
116.225.84.253 - - [07/Mar/2023:10:39:51 +0800] "POST /xingrg/kc/base/wldb_list_operate.html HTTP/1.1" 200 2954
120.253.135.82 - - [07/Mar/2023:10:39:52 +0800] "POST /xingrg/kc/pszx/mdps_order_operate.html HTTP/1.1" 200 37
124.79.72.155 - - [07/Mar/2023:10:39:52 +0800] "GET /xingrg/all/function/internal_message.html?_=1678156813489&CODE_STATE=getMsg HTTP/1.1" 200 27
120.253.135.82 - - [07/Mar/2023:10:39:53 +0800] "GET /xingrg/kc/pszx/mdps_order_info.html?code=312023030700173 HTTP/1.1" 200 23976
120.253.135.82 - - [07/Mar/2023:10:39:53 +0800] "GET /xingrg/all/common/auto_word.html?type=base&rest_code=00101 HTTP/1.1" 200 671
120.253.135.82 - - [07/Mar/2023:10:39:53 +0800] "GET /xingrg/javascript/easyui/themes/default/validatebox.css HTTP/1.1" 404 1104
114.83.216.11 - - [07/Mar/2023:10:39:53 +0800] "POST /xingrg/kc/buy/cgsh_order_operate.html HTTP/1.1" 200 12
120.253.135.82 - - [07/Mar/2023:10:39:53 +0800] "POST /xingrg/kc/pszx/mdps_order_operate.html HTTP/1.1" 200 6836
222.70.221.209 - - [07/Mar/2023:10:39:54 +0800] "GET /xingrg/check_reg.html?_=1678156934794 HTTP/1.1" 200 22
222.70.221.209 - - [07/Mar/2023:10:39:54 +0800] "GET /xingrg/all/function/internal_message.html?_=1678156934796&CODE_STATE=getMsg HTTP/1.1" 200 27
116.225.84.253 - - [07/Mar/2023:10:39:54 +0800] "GET /xingrg/kc/buy/cgsh_order_list.html HTTP/1.1" 200 54179
114.83.216.11 - - [07/Mar/2023:10:39:56 +0800] "GET /xingrg/kc/buy/cgsh_order_info.html?code=212023030702351 HTTP/1.1" 200 64951
114.83.216.11 - - [07/Mar/2023:10:39:56 +0800] "GET /xingrg/javascript/easyui/themes/default/validatebox.css HTTP/1.1" 404 1104
180.169.147.146 - - [07/Mar/2023:10:39:57 +0800] "GET /xingrg/all/function/internal_message.html?_=1678156820525&CODE_STATE=getMsg HTTP/1.1" 302 -
114.83.216.11 - - [07/Mar/2023:10:39:57 +0800] "POST /xingrg/kc/buy/cgsh_order_operate.html HTTP/1.1" 200 2980
116.192.124.172 - - [07/Mar/2023:10:39:57 +0800] "GET /xingrg/kc/buy/cgsh_order_list.html HTTP/1.1" 200 54179
116.192.124.172 - - [07/Mar/2023:10:39:58 +0800] "POST /xingrg/kc/buy/cgsh_list_operate.html HTTP/1.1" 200 986
116.192.124.172 - - [07/Mar/2023:10:39:59 +0800] "GET /xingrg/kc/buy/cgsh_order_add.html HTTP/1.1" 200 69996
114.83.216.11 - - [07/Mar/2023:10:39:59 +0800] "GET /xingrg/kc/print/load_data.html?order_code=212023030702351&kc_code=cgsh&condition= HTTP/1.1" 200 1631
116.192.124.172 - - [07/Mar/2023:10:39:59 +0800] "POST /xingrg/kc/buy/cgsh_order_operate.html HTTP/1.1" 200 8245
116.192.124.172 - - [07/Mar/2023:10:39:59 +0800] "GET /xingrg/javascript/easyui/themes/default/validatebox.css HTTP/1.1" 404 1104
116.192.124.172 - - [07/Mar/2023:10:40:00 +0800] "GET /xingrg/javascript/easyui/themes/default/tree.css HTTP/1.1" 404 1090
116.192.124.172 - - [07/Mar/2023:10:40:00 +0800] "POST /xingrg/all/common/load_tree.html?tree=supplier_tree_json&isDelete=1 HTTP/1.1" 200 71093
124.79.240.233 - - [07/Mar/2023:10:40:02 +0800] "GET /xingrg/all/function/internal_message.html?_=1678157073871&CODE_STATE=getMsg HTTP/1.1" 200 27
124.79.240.233 - - [07/Mar/2023:10:40:03 +0800] "GET /xingrg/check_reg.html?_=1678157074456 HTTP/1.1" 200 22
116.225.84.253 - - [07/Mar/2023:10:40:03 +0800] "POST /xingrg/kc/buy/cgsh_list_operate.html HTTP/1.1" 200 3946
114.83.216.11 - - [07/Mar/2023:10:40:04 +0800] "GET /xingrg/kc/buy/cgsh_order_add.html HTTP/1.1" 200 70049
114.83.216.11 - - [07/Mar/2023:10:40:04 +0800] "POST /xingrg/kc/buy/cgsh_order_operate.html HTTP/1.1" 200 8245
114.83.216.11 - - [07/Mar/2023:10:40:04 +0800] "GET /xingrg/javascript/easyui/themes/default/validatebox.css HTTP/1.1" 404 1104
180.157.253.110 - - [07/Mar/2023:10:40:04 +0800] "GET /xingrg/check_reg.html?_=1678156825134 HTTP/1.1" 200 22
180.169.147.146 - - [07/Mar/2023:10:40:06 +0800] "GET /xingrg/all/function/internal_message.html?_=1678156826770&CODE_STATE=getMsg HTTP/1.1" 200 27
120.253.135.82 - - [07/Mar/2023:10:40:07 +0800] "POST /xingrg/kc/pszx/mdps_list_operate.html HTTP/1.1" 200 5614
120.253.135.82 - - [07/Mar/2023:10:40:10 +0800] "POST /xingrg/kc/pszx/mdps_list_operate.html HTTP/1.1" 200 5640
120.253.135.82 - - [07/Mar/2023:10:40:12 +0800] "POST /xingrg/kc/pszx/mdps_list_operate.html HTTP/1.1" 200 211
120.253.135.82 - - [07/Mar/2023:10:40:13 +0800] "GET /xingrg/kc/pszx/mdps_order_info.html?code=312023030700189 HTTP/1.1" 200 23976
120.253.135.82 - - [07/Mar/2023:10:40:13 +0800] "GET /xingrg/javascript/easyui/themes/default/validatebox.css HTTP/1.1" 404 1104
120.253.135.82 - - [07/Mar/2023:10:40:13 +0800] "GET /xingrg/all/common/auto_word.html?type=base&rest_code=00101 HTTP/1.1" 200 671
120.253.135.82 - - [07/Mar/2023:10:40:13 +0800] "POST /xingrg/kc/pszx/mdps_order_operate.html HTTP/1.1" 200 2290
114.83.216.11 - - [07/Mar/2023:10:40:15 +0800] "GET /xingrg/kc/buy/cgsh_order_operate.html?command=get_materiel&rest_code=00149&code=00101011003&supplier_code=00100051&order_time=2023-03-07 HTTP/1.1" 200 413
120.253.135.82 - - [07/Mar/2023:10:40:16 +0800] "POST /xingrg/kc/pszx/mdps_order_operate.html HTTP/1.1" 200 12
120.253.135.82 - - [07/Mar/2023:10:40:17 +0800] "POST /xingrg/kc/pszx/mdps_list_operate.html HTTP/1.1" 200 5634
116.230.116.113 - - [07/Mar/2023:10:40:17 +0800] "GET /xingrg/all/function/internal_message.html?_=1678156842752&CODE_STATE=getMsg HTTP/1.1" 200 27
222.70.182.154 - - [07/Mar/2023:10:40:18 +0800] "GET /xingrg/all/function/internal_message.html?_=1678156837575&CODE_STATE=getMsg HTTP/1.1" 200 27
120.253.135.82 - - [07/Mar/2023:10:40:19 +0800] "POST /xingrg/kc/pszx/mdps_list_operate.html HTTP/1.1" 200 535
120.253.135.82 - - [07/Mar/2023:10:40:19 +0800] "GET /xingrg/kc/pszx/mdps_order_info.html?code=312023030700190 HTTP/1.1" 200 23976
120.253.135.82 - - [07/Mar/2023:10:40:19 +0800] "GET /xingrg/javascript/easyui/themes/default/validatebox.css HTTP/1.1" 404 1104
120.253.135.82 - - [07/Mar/2023:10:40:19 +0800] "GET /xingrg/all/common/auto_word.html?type=base&rest_code=00101 HTTP/1.1" 200 671
120.253.135.82 - - [07/Mar/2023:10:40:19 +0800] "POST /xingrg/kc/pszx/mdps_order_operate.html HTTP/1.1" 200 4289
116.192.124.172 - - [07/Mar/2023:10:40:21 +0800] "GET /xingrg/javascript/auto/indicator.gif HTTP/1.1" 404 1066
120.253.135.82 - - [07/Mar/2023:10:40:22 +0800] "POST /xingrg/kc/pszx/mdps_list_operate.html HTTP/1.1" 200 5634
116.225.84.253 - - [07/Mar/2023:10:40:24 +0800] "GET /xingrg/all/function/internal_message.html?_=1678156845451&CODE_STATE=getMsg HTTP/1.1" 200 27
116.225.84.253 - - [07/Mar/2023:10:40:24 +0800] "POST /xingrg/kc/buy/cgsh_list_operate.html HTTP/1.1" 200 6145
120.253.135.82 - - [07/Mar/2023:10:40:25 +0800] "POST /xingrg/kc/pszx/mdps_list_operate.html HTTP/1.1" 200 5634
116.192.124.172 - - [07/Mar/2023:10:40:26 +0800] "GET /xingrg/kc/buy/cgsh_order_operate.html?command=get_materiel&rest_code=00102&code=00101011003&supplier_code=00100047&order_time=2023-03-07 HTTP/1.1" 200 413
101.229.22.234 - - [07/Mar/2023:10:40:29 +0800] "GET /xingrg/all/function/internal_message.html?_=1678156847925&CODE_STATE=getMsg HTTP/1.1" 200 27
120.253.135.82 - - [07/Mar/2023:10:40:29 +0800] "GET /xingrg/all/function/internal_message.html?_=1678156977845&CODE_STATE=getMsg HTTP/1.1" 200 27
116.238.139.35 - - [07/Mar/2023:10:40:30 +0800] "GET /xingrg/all/function/internal_message.html?_=1678156849667&CODE_STATE=getMsg HTTP/1.1" 200 27
114.83.216.11 - - [07/Mar/2023:10:40:30 +0800] "GET /xingrg/check_reg.html?_=1678156850081 HTTP/1.1" 200 22
114.83.216.11 - - [07/Mar/2023:10:40:30 +0800] "GET /xingrg/all/function/internal_message.html?_=1678156850085&CODE_STATE=getMsg HTTP/1.1" 200 27
120.253.135.82 - - [07/Mar/2023:10:40:31 +0800] "POST /xingrg/kc/pszx/mdps_list_operate.html HTTP/1.1" 200 5614
114.83.216.11 - - [07/Mar/2023:10:40:32 +0800] "GET /xingrg/kc/buy/cgsh_order_operate.html?command=get_materiel&rest_code=00149&code=00101011001&supplier_code=00100051&order_time=2023-03-07 HTTP/1.1" 200 423
120.253.135.82 - - [07/Mar/2023:10:40:33 +0800] "POST /xingrg/kc/pszx/mdps_list_operate.html HTTP/1.1" 200 615
120.253.135.82 - - [07/Mar/2023:10:40:33 +0800] "GET /xingrg/kc/pszx/mdps_order_info.html?code=312023030700173 HTTP/1.1" 200 23976
120.253.135.82 - - [07/Mar/2023:10:40:33 +0800] "GET /xingrg/all/common/auto_word.html?type=base&rest_code=00101 HTTP/1.1" 200 671
120.253.135.82 - - [07/Mar/2023:10:40:33 +0800] "GET /xingrg/javascript/easyui/themes/default/validatebox.css HTTP/1.1" 404 1104
120.253.135.82 - - [07/Mar/2023:10:40:33 +0800] "POST /xingrg/kc/pszx/mdps_order_operate.html HTTP/1.1" 200 6836
116.237.72.206 - - [07/Mar/2023:10:40:36 +0800] "GET /xingrg/all/function/internal_message.html?_=1678156854730&CODE_STATE=getMsg HTTP/1.1" 200 27
116.225.84.253 - - [07/Mar/2023:10:40:37 +0800] "GET /xingrg/kc/base/wldb_order_list.html HTTP/1.1" 200 19098
116.224.106.218 - - [07/Mar/2023:10:40:37 +0800] "GET /xingrg/all/function/internal_message.html?_=1678156856643&CODE_STATE=getMsg HTTP/1.1" 200 27
116.225.84.253 - - [07/Mar/2023:10:40:37 +0800] "POST /xingrg/kc/base/wldb_list_operate.html HTTP/1.1" 200 2954
120.253.135.82 - - [07/Mar/2023:10:40:37 +0800] "POST /xingrg/kc/pszx/mdps_list_operate.html HTTP/1.1" 200 5614
120.253.135.82 - - [07/Mar/2023:10:40:39 +0800] "GET /xingrg/check_reg.html?_=1678156684721 HTTP/1.1" 200 22
120.253.135.82 - - [07/Mar/2023:10:40:40 +0800] "POST /xingrg/kc/pszx/mdps_list_operate.html HTTP/1.1" 200 648
116.225.84.253 - - [07/Mar/2023:10:40:41 +0800] "POST /xingrg/kc/base/wldb_list_operate.html HTTP/1.1" 200 613
120.253.135.82 - - [07/Mar/2023:10:40:42 +0800] "GET /xingrg/kc/pszx/mdps_order_info.html?code=312023030700172 HTTP/1.1" 200 23976
120.253.135.82 - - [07/Mar/2023:10:40:42 +0800] "GET /xingrg/javascript/easyui/themes/default/validatebox.css HTTP/1.1" 404 1104
120.253.135.82 - - [07/Mar/2023:10:40:42 +0800] "GET /xingrg/all/common/auto_word.html?type=base&rest_code=00101 HTTP/1.1" 200 671
120.253.135.82 - - [07/Mar/2023:10:40:42 +0800] "POST /xingrg/kc/pszx/mdps_order_operate.html HTTP/1.1" 200 5913
116.225.84.253 - - [07/Mar/2023:10:40:42 +0800] "POST /xingrg/kc/base/wldb_list_operate.html HTTP/1.1" 200 620
114.83.216.11 - - [07/Mar/2023:10:40:43 +0800] "GET /xingrg/kc/buy/cgsh_order_operate.html?command=get_materiel&rest_code=00149&code=00101008155&supplier_code=00100051&order_time=2023-03-07 HTTP/1.1" 200 408
120.253.135.82 - - [07/Mar/2023:10:40:44 +0800] "POST /xingrg/kc/pszx/mdps_list_operate.html HTTP/1.1" 200 5614
58.221.95.50 - - [07/Mar/2023:10:40:45 +0800] "GET /xingrg/all/function/internal_message.html?_=1678156865421&CODE_STATE=getMsg HTTP/1.1" 200 27
120.253.135.82 - - [07/Mar/2023:10:40:45 +0800] "POST /xingrg/kc/pszx/mdps_list_operate.html HTTP/1.1" 200 318
120.253.135.82 - - [07/Mar/2023:10:40:46 +0800] "GET /xingrg/kc/pszx/mdps_order_info.html?code=312023030700171 HTTP/1.1" 200 23976
120.253.135.82 - - [07/Mar/2023:10:40:46 +0800] "GET /xingrg/all/common/auto_word.html?type=base&rest_code=00101 HTTP/1.1" 200 671
120.253.135.82 - - [07/Mar/2023:10:40:46 +0800] "GET /xingrg/javascript/easyui/themes/default/validatebox.css HTTP/1.1" 404 1104
120.253.135.82 - - [07/Mar/2023:10:40:46 +0800] "POST /xingrg/kc/pszx/mdps_order_operate.html HTTP/1.1" 200 2834
116.192.124.172 - - [07/Mar/2023:10:40:47 +0800] "GET /xingrg/check_reg.html?_=1678156866783 HTTP/1.1" 200 22
180.169.147.146 - - [07/Mar/2023:10:40:47 +0800] "GET /xingrg/check_reg.html?_=1678156867335 HTTP/1.1" 302 -
222.70.182.154 - - [07/Mar/2023:10:40:49 +0800] "GET /xingrg/all/function/internal_message.html?_=1678156887914&CODE_STATE=getMsg HTTP/1.1" 200 27
124.79.72.155 - - [07/Mar/2023:10:40:52 +0800] "GET /xingrg/check_reg.html?_=1678156873493 HTTP/1.1" 200 22
124.79.72.155 - - [07/Mar/2023:10:40:52 +0800] "GET /xingrg/all/function/internal_message.html?_=1678156873491&CODE_STATE=getMsg HTTP/1.1" 200 27
120.253.135.82 - - [07/Mar/2023:10:40:53 +0800] "POST /xingrg/kc/pszx/mdps_order_operate.html HTTP/1.1" 200 37
222.70.221.209 - - [07/Mar/2023:10:40:54 +0800] "GET /xingrg/all/function/internal_message.html?_=1678156994803&CODE_STATE=getMsg HTTP/1.1" 200 27
114.83.216.11 - - [07/Mar/2023:10:40:54 +0800] "GET /xingrg/all/function/internal_message.html?_=1678156873413&CODE_STATE=getMsg HTTP/1.1" 200 27
120.253.135.82 - - [07/Mar/2023:10:40:54 +0800] "GET /xingrg/kc/pszx/mdps_order_info.html?code=312023030700171 HTTP/1.1" 200 23976
120.253.135.82 - - [07/Mar/2023:10:40:54 +0800] "GET /xingrg/all/common/auto_word.html?type=base&rest_code=00101 HTTP/1.1" 200 671
