116.238.139.35 - - [07/Mar/2023:08:18:14 +0800] "GET /xingrg/all/function/internal_message.html?_=1678148313902&CODE_STATE=getMsg HTTP/1.1" 200 27
116.238.139.35 - - [07/Mar/2023:08:18:28 +0800] "GET /xingrg/kc/base/wldb_order_operate.html?command=get_materiel&rest_code=00150&base_code=0010450&code=00101002038 HTTP/1.1" 200 438
180.169.147.146 - - [07/Mar/2023:08:18:34 +0800] "GET /xingrg/all/function/internal_message.html?_=1678148333549&CODE_STATE=getMsg HTTP/1.1" 200 27
116.224.106.218 - - [07/Mar/2023:08:18:37 +0800] "GET /xingrg/all/function/internal_message.html?_=1678148336420&CODE_STATE=getMsg HTTP/1.1" 200 27
120.253.135.82 - - [07/Mar/2023:08:18:39 +0800] "GET /xingrg/all/function/internal_message.html?_=1678148164885&CODE_STATE=getMsg HTTP/1.1" 200 27
58.221.95.50 - - [07/Mar/2023:08:18:43 +0800] "GET /xingrg/check_reg.html?_=1678148344177 HTTP/1.1" 302 -
116.238.139.35 - - [07/Mar/2023:08:18:45 +0800] "POST /xingrg/kc/base/wldb_order_operate.html HTTP/1.1" 200 37
116.238.139.35 - - [07/Mar/2023:08:18:50 +0800] "POST /xingrg/kc/base/wldb_order_operate.html HTTP/1.1" 200 12
116.238.139.35 - - [07/Mar/2023:08:18:50 +0800] "POST /xingrg/kc/base/wldb_order_operate.html HTTP/1.1" 200 5029
116.238.139.35 - - [07/Mar/2023:08:18:54 +0800] "GET /xingrg/kc/base/wldb_order_info.html?code=422023030700541 HTTP/1.1" 200 26266
116.238.139.35 - - [07/Mar/2023:08:18:54 +0800] "GET /xingrg/javascript/easyui/themes/default/validatebox.css HTTP/1.1" 404 1104
116.238.139.35 - - [07/Mar/2023:08:18:54 +0800] "POST /xingrg/kc/base/wldb_order_operate.html HTTP/1.1" 200 3255
180.169.147.146 - - [07/Mar/2023:08:18:57 +0800] "GET /xingrg/all/function/internal_message.html?_=1678148360406&CODE_STATE=getMsg HTTP/1.1" 302 -
180.169.147.146 - - [07/Mar/2023:08:18:57 +0800] "GET /xingrg/check_reg.html?_=1678148360408 HTTP/1.1" 302 -
120.253.135.82 - - [07/Mar/2023:08:18:57 +0800] "GET /xingrg/all/function/internal_message.html?_=1678148486072&CODE_STATE=getMsg HTTP/1.1" 200 27
116.192.124.172 - - [07/Mar/2023:08:19:09 +0800] "GET /xingrg/check_reg.html?_=1678148368589 HTTP/1.1" 200 22
116.192.124.172 - - [07/Mar/2023:08:19:09 +0800] "GET /xingrg/all/function/internal_message.html?_=1678148368593&CODE_STATE=getMsg HTTP/1.1" 200 27
116.230.116.113 - - [07/Mar/2023:08:19:14 +0800] "GET /xingrg/all/function/internal_message.html?_=1678148379010&CODE_STATE=getMsg HTTP/1.1" 200 27
116.238.139.35 - - [07/Mar/2023:08:19:14 +0800] "GET /xingrg/all/function/internal_message.html?_=1678148373891&CODE_STATE=getMsg HTTP/1.1" 200 27
180.169.147.146 - - [07/Mar/2023:08:19:34 +0800] "GET /xingrg/all/function/internal_message.html?_=1678148393545&CODE_STATE=getMsg HTTP/1.1" 200 27
180.169.147.146 - - [07/Mar/2023:08:19:34 +0800] "GET /xingrg/check_reg.html?_=1678148393550 HTTP/1.1" 200 22
116.224.106.218 - - [07/Mar/2023:08:19:37 +0800] "GET /xingrg/all/function/internal_message.html?_=1678148396422&CODE_STATE=getMsg HTTP/1.1" 200 27
120.253.135.82 - - [07/Mar/2023:08:19:39 +0800] "GET /xingrg/all/function/internal_message.html?_=1678148224894&CODE_STATE=getMsg HTTP/1.1" 200 27
180.169.147.146 - - [07/Mar/2023:08:19:57 +0800] "GET /xingrg/all/function/internal_message.html?_=1678148420407&CODE_STATE=getMsg HTTP/1.1" 302 -
120.253.135.82 - - [07/Mar/2023:08:19:57 +0800] "GET /xingrg/all/function/internal_message.html?_=1678148546073&CODE_STATE=getMsg HTTP/1.1" 200 27
116.192.124.172 - - [07/Mar/2023:08:20:09 +0800] "GET /xingrg/all/function/internal_message.html?_=1678148428585&CODE_STATE=getMsg HTTP/1.1" 200 27
116.230.116.113 - - [07/Mar/2023:08:20:14 +0800] "GET /xingrg/all/function/internal_message.html?_=1678148439033&CODE_STATE=getMsg HTTP/1.1" 200 27
116.238.139.35 - - [07/Mar/2023:08:20:14 +0800] "GET /xingrg/all/function/internal_message.html?_=1678148433878&CODE_STATE=getMsg HTTP/1.1" 200 27
120.253.135.82 - - [07/Mar/2023:08:20:16 +0800] "POST /xingrg/kc/pszx/mdps_list_operate.html HTTP/1.1" 200 441
120.253.135.82 - - [07/Mar/2023:08:20:16 +0800] "GET /xingrg/kc/pszx/mdps_order_info.html?code=312023030700178 HTTP/1.1" 200 23976
120.253.135.82 - - [07/Mar/2023:08:20:16 +0800] "GET /xingrg/javascript/easyui/themes/default/validatebox.css HTTP/1.1" 404 1104
120.253.135.82 - - [07/Mar/2023:08:20:16 +0800] "GET /xingrg/all/common/auto_word.html?type=base&rest_code=00101 HTTP/1.1" 200 671
120.253.135.82 - - [07/Mar/2023:08:20:16 +0800] "POST /xingrg/kc/pszx/mdps_order_operate.html HTTP/1.1" 200 3768
120.253.135.82 - - [07/Mar/2023:08:20:19 +0800] "POST /xingrg/all/common/load_combo.html?type=base HTTP/1.1" 200 1169
120.253.135.82 - - [07/Mar/2023:08:20:26 +0800] "POST /xingrg/kc/pszx/mdps_order_operate.html HTTP/1.1" 200 37
120.253.135.82 - - [07/Mar/2023:08:20:28 +0800] "GET /xingrg/kc/pszx/mdps_order_info.html?code=312023030700178 HTTP/1.1" 200 23974
120.253.135.82 - - [07/Mar/2023:08:20:28 +0800] "GET /xingrg/javascript/easyui/themes/default/validatebox.css HTTP/1.1" 404 1104
120.253.135.82 - - [07/Mar/2023:08:20:28 +0800] "GET /xingrg/all/common/auto_word.html?type=base&rest_code=00101 HTTP/1.1" 200 671
120.253.135.82 - - [07/Mar/2023:08:20:28 +0800] "POST /xingrg/kc/pszx/mdps_order_operate.html HTTP/1.1" 200 3797
120.253.135.82 - - [07/Mar/2023:08:20:31 +0800] "POST /xingrg/kc/pszx/mdps_list_operate.html HTTP/1.1" 200 5637
180.169.147.146 - - [07/Mar/2023:08:20:34 +0800] "GET /xingrg/all/function/internal_message.html?_=1678148453564&CODE_STATE=getMsg HTTP/1.1" 200 27
120.253.135.82 - - [07/Mar/2023:08:20:34 +0800] "POST /xingrg/kc/pszx/mdps_list_operate.html HTTP/1.1" 200 598
120.253.135.82 - - [07/Mar/2023:08:20:34 +0800] "GET /xingrg/kc/pszx/mdps_order_info.html?code=312023030700179 HTTP/1.1" 200 23976
120.253.135.82 - - [07/Mar/2023:08:20:34 +0800] "GET /xingrg/all/common/auto_word.html?type=base&rest_code=00101 HTTP/1.1" 200 671
120.253.135.82 - - [07/Mar/2023:08:20:34 +0800] "GET /xingrg/javascript/easyui/themes/default/validatebox.css HTTP/1.1" 404 1104
120.253.135.82 - - [07/Mar/2023:08:20:34 +0800] "POST /xingrg/kc/pszx/mdps_order_operate.html HTTP/1.1" 200 8171
116.224.106.218 - - [07/Mar/2023:08:20:37 +0800] "GET /xingrg/all/function/internal_message.html?_=1678148456422&CODE_STATE=getMsg HTTP/1.1" 200 27
120.253.135.82 - - [07/Mar/2023:08:20:38 +0800] "POST /xingrg/all/common/load_combo.html?type=base HTTP/1.1" 200 1169
120.253.135.82 - - [07/Mar/2023:08:20:39 +0800] "GET /xingrg/check_reg.html?_=1678148284522 HTTP/1.1" 200 22
120.253.135.82 - - [07/Mar/2023:08:20:39 +0800] "GET /xingrg/all/function/internal_message.html?_=1678148284907&CODE_STATE=getMsg HTTP/1.1" 200 27
120.253.135.82 - - [07/Mar/2023:08:20:43 +0800] "POST /xingrg/kc/pszx/mdps_order_operate.html HTTP/1.1" 200 37
120.253.135.82 - - [07/Mar/2023:08:20:44 +0800] "GET /xingrg/kc/pszx/mdps_order_info.html?code=312023030700179 HTTP/1.1" 200 23976
120.253.135.82 - - [07/Mar/2023:08:20:44 +0800] "GET /xingrg/javascript/easyui/themes/default/validatebox.css HTTP/1.1" 404 1104
120.253.135.82 - - [07/Mar/2023:08:20:44 +0800] "GET /xingrg/all/common/auto_word.html?type=base&rest_code=00101 HTTP/1.1" 200 671
120.253.135.82 - - [07/Mar/2023:08:20:44 +0800] "POST /xingrg/kc/pszx/mdps_order_operate.html HTTP/1.1" 200 8292
180.169.147.146 - - [07/Mar/2023:08:20:48 +0800] "GET /xingrg/check_reg.html?_=1678148467837 HTTP/1.1" 302 -
180.169.147.146 - - [07/Mar/2023:08:20:57 +0800] "GET /xingrg/all/function/internal_message.html?_=1678148480405&CODE_STATE=getMsg HTTP/1.1" 302 -
120.253.135.82 - - [07/Mar/2023:08:20:57 +0800] "GET /xingrg/all/function/internal_message.html?_=1678148606074&CODE_STATE=getMsg HTTP/1.1" 200 27
116.192.124.172 - - [07/Mar/2023:08:21:09 +0800] "GET /xingrg/all/function/internal_message.html?_=1678148488586&CODE_STATE=getMsg HTTP/1.1" 200 27
58.40.7.146 - - [07/Mar/2023:08:21:10 +0800] "GET /xingrg/check_reg.html?_=1678148489811 HTTP/1.1" 302 -
116.230.116.113 - - [07/Mar/2023:08:21:14 +0800] "GET /xingrg/all/function/internal_message.html?_=1678148499037&CODE_STATE=getMsg HTTP/1.1" 200 27
116.238.139.35 - - [07/Mar/2023:08:21:14 +0800] "GET /xingrg/all/function/internal_message.html?_=1678148493880&CODE_STATE=getMsg HTTP/1.1" 200 27
58.40.7.146 - - [07/Mar/2023:08:21:17 +0800] "GET /xingrg/check_reg.html?_=1678148497207 HTTP/1.1" 302 -
180.169.147.146 - - [07/Mar/2023:08:21:34 +0800] "GET /xingrg/all/function/internal_message.html?_=1678148513563&CODE_STATE=getMsg HTTP/1.1" 200 27
116.224.106.218 - - [07/Mar/2023:08:21:37 +0800] "GET /xingrg/check_reg.html?_=1678148516423 HTTP/1.1" 200 22
116.224.106.218 - - [07/Mar/2023:08:21:37 +0800] "GET /xingrg/all/function/internal_message.html?_=1678148516426&CODE_STATE=getMsg HTTP/1.1" 200 27
120.253.135.82 - - [07/Mar/2023:08:21:39 +0800] "GET /xingrg/all/function/internal_message.html?_=1678148344921&CODE_STATE=getMsg HTTP/1.1" 200 27
120.253.135.82 - - [07/Mar/2023:08:21:40 +0800] "POST /xingrg/kc/pszx/mdps_list_operate.html HTTP/1.1" 200 5637
120.253.135.82 - - [07/Mar/2023:08:21:44 +0800] "POST /xingrg/kc/pszx/mdps_list_operate.html HTTP/1.1" 200 438
120.253.135.82 - - [07/Mar/2023:08:21:44 +0800] "GET /xingrg/kc/pszx/mdps_order_info.html?code=312023030700180 HTTP/1.1" 200 23976
120.253.135.82 - - [07/Mar/2023:08:21:44 +0800] "GET /xingrg/all/common/auto_word.html?type=base&rest_code=00101 HTTP/1.1" 200 671
120.253.135.82 - - [07/Mar/2023:08:21:44 +0800] "GET /xingrg/javascript/easyui/themes/default/validatebox.css HTTP/1.1" 404 1104
120.253.135.82 - - [07/Mar/2023:08:21:44 +0800] "POST /xingrg/kc/pszx/mdps_order_operate.html HTTP/1.1" 200 3722
120.253.135.82 - - [07/Mar/2023:08:21:50 +0800] "POST /xingrg/kc/pszx/mdps_order_operate.html HTTP/1.1" 200 37
120.253.135.82 - - [07/Mar/2023:08:21:51 +0800] "GET /xingrg/kc/pszx/mdps_order_info.html?code=312023030700180 HTTP/1.1" 200 23976
120.253.135.82 - - [07/Mar/2023:08:21:51 +0800] "GET /xingrg/all/common/auto_word.html?type=base&rest_code=00101 HTTP/1.1" 200 671
120.253.135.82 - - [07/Mar/2023:08:21:51 +0800] "GET /xingrg/javascript/easyui/themes/default/validatebox.css HTTP/1.1" 404 1104
120.253.135.82 - - [07/Mar/2023:08:21:51 +0800] "POST /xingrg/kc/pszx/mdps_order_operate.html HTTP/1.1" 200 3752
180.169.147.146 - - [07/Mar/2023:08:21:57 +0800] "GET /xingrg/all/function/internal_message.html?_=1678148540403&CODE_STATE=getMsg HTTP/1.1" 302 -
120.253.135.82 - - [07/Mar/2023:08:21:57 +0800] "GET /xingrg/all/function/internal_message.html?_=1678148666073&CODE_STATE=getMsg HTTP/1.1" 200 27
120.253.135.82 - - [07/Mar/2023:08:21:57 +0800] "GET /xingrg/check_reg.html?_=1678148666076 HTTP/1.1" 200 22
116.192.124.172 - - [07/Mar/2023:08:22:09 +0800] "GET /xingrg/all/function/internal_message.html?_=1678148548575&CODE_STATE=getMsg HTTP/1.1" 200 27
116.230.116.113 - - [07/Mar/2023:08:22:13 +0800] "GET /xingrg/check_reg.html?_=1678148558529 HTTP/1.1" 200 22
116.230.116.113 - - [07/Mar/2023:08:22:14 +0800] "GET /xingrg/all/function/internal_message.html?_=1678148559053&CODE_STATE=getMsg HTTP/1.1" 200 27
116.238.139.35 - - [07/Mar/2023:08:22:14 +0800] "GET /xingrg/all/function/internal_message.html?_=1678148553882&CODE_STATE=getMsg HTTP/1.1" 200 27
116.238.139.35 - - [07/Mar/2023:08:22:14 +0800] "GET /xingrg/check_reg.html?_=1678148553886 HTTP/1.1" 200 22
180.169.147.146 - - [07/Mar/2023:08:22:34 +0800] "GET /xingrg/all/function/internal_message.html?_=1678148573558&CODE_STATE=getMsg HTTP/1.1" 200 27
116.224.106.218 - - [07/Mar/2023:08:22:37 +0800] "GET /xingrg/all/function/internal_message.html?_=1678148576431&CODE_STATE=getMsg HTTP/1.1" 200 27
120.253.135.82 - - [07/Mar/2023:08:22:39 +0800] "GET /xingrg/all/function/internal_message.html?_=1678148404935&CODE_STATE=getMsg HTTP/1.1" 200 27
116.225.84.253 - - [07/Mar/2023:08:22:47 +0800] "GET /xingrg/index.html?sysBaseUrl=http%3A%2F%2F180.169.147.146%3A18081%2Fxingrg%2F&costTime=32×tamp=1585224308505 HTTP/1.1" 302 -
116.225.84.253 - - [07/Mar/2023:08:22:48 +0800] "GET /xingrg/login.html HTTP/1.1" 200 7641
116.225.84.253 - - [07/Mar/2023:08:22:48 +0800] "GET /xingrg/images/blue/jxLogo.png HTTP/1.1" 304 -
116.225.84.253 - - [07/Mar/2023:08:22:53 +0800] "GET /xingrg/images/blue/login_bg.png HTTP/1.1" 304 -
116.225.84.253 - - [07/Mar/2023:08:22:54 +0800] "GET /xingrg/images/blue/hj.png HTTP/1.1" 304 -
116.225.84.253 - - [07/Mar/2023:08:22:54 +0800] "GET /xingrg/images/blue/srbg.png HTTP/1.1" 304 -
116.225.84.253 - - [07/Mar/2023:08:22:55 +0800] "GET /favicon.ico HTTP/1.1" 404 -
180.169.147.146 - - [07/Mar/2023:08:22:57 +0800] "GET /xingrg/all/function/internal_message.html?_=1678148600402&CODE_STATE=getMsg HTTP/1.1" 302 -
120.253.135.82 - - [07/Mar/2023:08:22:57 +0800] "GET /xingrg/all/function/internal_message.html?_=1678148726075&CODE_STATE=getMsg HTTP/1.1" 200 27
120.253.135.82 - - [07/Mar/2023:08:23:01 +0800] "POST /xingrg/kc/pszx/mdps_list_operate.html HTTP/1.1" 200 5637
120.253.135.82 - - [07/Mar/2023:08:23:03 +0800] "POST /xingrg/kc/pszx/mdps_list_operate.html HTTP/1.1" 200 505
120.253.135.82 - - [07/Mar/2023:08:23:04 +0800] "GET /xingrg/kc/pszx/mdps_order_info.html?code=312023030700181 HTTP/1.1" 200 23976
120.253.135.82 - - [07/Mar/2023:08:23:04 +0800] "GET /xingrg/javascript/easyui/themes/default/validatebox.css HTTP/1.1" 404 1104
120.253.135.82 - - [07/Mar/2023:08:23:04 +0800] "GET /xingrg/all/common/auto_word.html?type=base&rest_code=00101 HTTP/1.1" 200 671
120.253.135.82 - - [07/Mar/2023:08:23:04 +0800] "POST /xingrg/kc/pszx/mdps_order_operate.html HTTP/1.1" 200 4195
116.192.124.172 - - [07/Mar/2023:08:23:09 +0800] "GET /xingrg/all/function/internal_message.html?_=1678148608580&CODE_STATE=getMsg HTTP/1.1" 200 27
120.253.135.82 - - [07/Mar/2023:08:23:11 +0800] "POST /xingrg/kc/pszx/mdps_order_operate.html HTTP/1.1" 200 37
120.253.135.82 - - [07/Mar/2023:08:23:12 +0800] "GET /xingrg/kc/pszx/mdps_order_info.html?code=312023030700181 HTTP/1.1" 200 23976
120.253.135.82 - - [07/Mar/2023:08:23:12 +0800] "GET /xingrg/javascript/easyui/themes/default/validatebox.css HTTP/1.1" 404 1104
120.253.135.82 - - [07/Mar/2023:08:23:12 +0800] "GET /xingrg/all/common/auto_word.html?type=base&rest_code=00101 HTTP/1.1" 200 671
120.253.135.82 - - [07/Mar/2023:08:23:12 +0800] "POST /xingrg/kc/pszx/mdps_order_operate.html HTTP/1.1" 200 4231
116.225.84.253 - - [07/Mar/2023:08:23:12 +0800] "POST /xingrg/login.do HTTP/1.1" 302 -
116.225.84.253 - - [07/Mar/2023:08:23:12 +0800] "GET /xingrg/index.html?sysBaseUrl=http%3A%2F%2F180.169.147.146%3A18081%2Fxingrg%2F&costTime=37×tamp=1678148592650 HTTP/1.1" 200 17173
116.225.84.253 - - [07/Mar/2023:08:23:13 +0800] "GET /xingrg/javascript/jquery_easy_ui/themes/default/easyui.css HTTP/1.1" 304 -
116.225.84.253 - - [07/Mar/2023:08:23:13 +0800] "GET /xingrg/javascript/jquery_easy_ui/themes/icon.css HTTP/1.1" 304 -
116.225.84.253 - - [07/Mar/2023:08:23:13 +0800] "GET /xingrg/css/form.css HTTP/1.1" 304 -
116.225.84.253 - - [07/Mar/2023:08:23:13 +0800] "GET /xingrg/javascript/jquery-1.4.2.min.js HTTP/1.1" 304 -
116.225.84.253 - - [07/Mar/2023:08:23:13 +0800] "GET /xingrg/javascript/jquery_easy_ui/jquery.easyui.min.js HTTP/1.1" 304 -
116.225.84.253 - - [07/Mar/2023:08:23:13 +0800] "GET /xingrg/javascript/jquery_easy_ui/easyui-lang-zh_CN.js HTTP/1.1" 304 -
116.225.84.253 - - [07/Mar/2023:08:23:13 +0800] "GET /xingrg/javascript/jquery.form.js HTTP/1.1" 304 -
116.225.84.253 - - [07/Mar/2023:08:23:13 +0800] "GET /xingrg/javascript/jquery.utils.js HTTP/1.1" 304 -
116.225.84.253 - - [07/Mar/2023:08:23:13 +0800] "GET /xingrg/javascript/jquery.timers.js HTTP/1.1" 304 -
116.225.84.253 - - [07/Mar/2023:08:23:14 +0800] "GET /favicon.ico HTTP/1.1" 404 -
116.230.116.113 - - [07/Mar/2023:08:23:14 +0800] "GET /xingrg/all/function/internal_message.html?_=1678148619065&CODE_STATE=getMsg HTTP/1.1" 200 27
116.225.84.253 - - [07/Mar/2023:08:23:14 +0800] "GET /xingrg/javascript/jquery_easy_ui/themes/icons/settle_new.png HTTP/1.1" 304 -
116.238.139.35 - - [07/Mar/2023:08:23:14 +0800] "GET /xingrg/all/function/internal_message.html?_=1678148613887&CODE_STATE=getMsg HTTP/1.1" 200 27
116.225.84.253 - - [07/Mar/2023:08:23:14 +0800] "GET /xingrg/images/blue/navBackgound.jpg HTTP/1.1" 304 -
116.225.84.253 - - [07/Mar/2023:08:23:14 +0800] "POST /xingrg/all/common/load_tree.html?tree=area_rest_tree_json&manage=1 HTTP/1.1" 200 342
116.225.84.253 - - [07/Mar/2023:08:23:16 +0800] "GET /xingrg/all/function/internal_message.html?_=1678148459522&CODE_STATE=count HTTP/1.1" 200 11
116.225.84.253 - - [07/Mar/2023:08:23:16 +0800] "GET /xingrg/check_reg.html?_=1678148459528 HTTP/1.1" 200 22
116.225.84.253 - - [07/Mar/2023:08:23:16 +0800] "GET /xingrg/images/blue/pingpu.png HTTP/1.1" 304 -
116.225.84.253 - - [07/Mar/2023:08:23:16 +0800] "GET /xingrg/javascript/jquery_easy_ui/themes/default/images/tabs_leftarrow.png HTTP/1.1" 304 -
116.225.84.253 - - [07/Mar/2023:08:23:16 +0800] "GET /xingrg/javascript/jquery_easy_ui/themes/default/images/tabs_rightarrow.png HTTP/1.1" 304 -
116.225.84.253 - - [07/Mar/2023:08:23:16 +0800] "GET /xingrg/javascript/jquery_easy_ui/themes/default/images/panel_tool_collapse.gif HTTP/1.1" 304 -
116.225.84.253 - - [07/Mar/2023:08:23:16 +0800] "POST /xingrg/load_menu.html HTTP/1.1" 200 5138
116.225.84.253 - - [07/Mar/2023:08:23:16 +0800] "GET /xingrg/javascript/jquery_easy_ui/themes/default/images/tree_arrows.gif HTTP/1.1" 304 -
116.225.84.253 - - [07/Mar/2023:08:23:16 +0800] "GET /xingrg/javascript/jquery_easy_ui/themes/default/images/tree_folder_open.gif HTTP/1.1" 304 -
116.225.84.253 - - [07/Mar/2023:08:23:16 +0800] "GET /xingrg/javascript/jquery_easy_ui/themes/icons/search_new.png HTTP/1.1" 304 -
116.225.84.253 - - [07/Mar/2023:08:23:16 +0800] "GET /xingrg/javascript/jquery_easy_ui/themes/default/images/tree_folder.gif HTTP/1.1" 304 -
116.225.84.253 - - [07/Mar/2023:08:23:16 +0800] "GET /xingrg/javascript/jquery_easy_ui/themes/icons/storage_new.png HTTP/1.1" 304 -
116.225.84.253 - - [07/Mar/2023:08:23:16 +0800] "GET /xingrg/javascript/jquery_easy_ui/themes/icons/forms_new.png HTTP/1.1" 304 -
116.225.84.253 - - [07/Mar/2023:08:23:16 +0800] "GET /xingrg/javascript/jquery_easy_ui/themes/default/images/tree_file.gif HTTP/1.1" 304 -
180.169.147.146 - - [07/Mar/2023:08:23:34 +0800] "GET /xingrg/all/function/internal_message.html?_=1678148633553&CODE_STATE=getMsg HTTP/1.1" 200 27
116.224.106.218 - - [07/Mar/2023:08:23:37 +0800] "GET /xingrg/all/function/internal_message.html?_=1678148636432&CODE_STATE=getMsg HTTP/1.1" 200 27
120.253.135.82 - - [07/Mar/2023:08:23:39 +0800] "GET /xingrg/all/function/internal_message.html?_=1678148464948&CODE_STATE=getMsg HTTP/1.1" 200 27
58.221.95.50 - - [07/Mar/2023:08:23:43 +0800] "GET /xingrg/check_reg.html?_=1678148644163 HTTP/1.1" 302 -
180.169.147.146 - - [07/Mar/2023:08:23:57 +0800] "GET /xingrg/all/function/internal_message.html?_=1678148660401&CODE_STATE=getMsg HTTP/1.1" 302 -
180.169.147.146 - - [07/Mar/2023:08:23:57 +0800] "GET /xingrg/check_reg.html?_=1678148660402 HTTP/1.1" 302 -
120.253.135.82 - - [07/Mar/2023:08:23:57 +0800] "GET /xingrg/all/function/internal_message.html?_=1678148786075&CODE_STATE=getMsg HTTP/1.1" 200 27
116.192.124.172 - - [07/Mar/2023:08:24:09 +0800] "GET /xingrg/all/function/internal_message.html?_=1678148668593&CODE_STATE=getMsg HTTP/1.1" 200 27
116.192.124.172 - - [07/Mar/2023:08:24:09 +0800] "GET /xingrg/check_reg.html?_=1678148668596 HTTP/1.1" 200 22
116.230.116.113 - - [07/Mar/2023:08:24:14 +0800] "GET /xingrg/all/function/internal_message.html?_=1678148679077&CODE_STATE=getMsg HTTP/1.1" 200 27
116.238.139.35 - - [07/Mar/2023:08:24:14 +0800] "GET /xingrg/all/function/internal_message.html?_=1678148673891&CODE_STATE=getMsg HTTP/1.1" 200 27
120.253.135.82 - - [07/Mar/2023:08:24:14 +0800] "POST /xingrg/kc/pszx/mdps_list_operate.html HTTP/1.1" 200 5637
116.225.84.253 - - [07/Mar/2023:08:24:16 +0800] "GET /xingrg/all/function/internal_message.html?_=1678148519553&CODE_STATE=getMsg HTTP/1.1" 200 27
120.253.135.82 - - [07/Mar/2023:08:24:16 +0800] "POST /xingrg/kc/pszx/mdps_list_operate.html HTTP/1.1" 200 288
120.253.135.82 - - [07/Mar/2023:08:24:16 +0800] "GET /xingrg/kc/pszx/mdps_order_info.html?code=312023030700182 HTTP/1.1" 200 23976
120.253.135.82 - - [07/Mar/2023:08:24:17 +0800] "GET /xingrg/javascript/easyui/themes/default/validatebox.css HTTP/1.1" 404 1104
120.253.135.82 - - [07/Mar/2023:08:24:17 +0800] "GET /xingrg/all/common/auto_word.html?type=base&rest_code=00101 HTTP/1.1" 200 671
120.253.135.82 - - [07/Mar/2023:08:24:17 +0800] "POST /xingrg/kc/pszx/mdps_order_operate.html HTTP/1.1" 200 2766
120.253.135.82 - - [07/Mar/2023:08:24:21 +0800] "POST /xingrg/kc/pszx/mdps_order_operate.html HTTP/1.1" 200 37
120.253.135.82 - - [07/Mar/2023:08:24:22 +0800] "GET /xingrg/kc/pszx/mdps_order_info.html?code=312023030700182 HTTP/1.1" 200 23976
120.253.135.82 - - [07/Mar/2023:08:24:22 +0800] "GET /xingrg/all/common/auto_word.html?type=base&rest_code=00101 HTTP/1.1" 200 671
120.253.135.82 - - [07/Mar/2023:08:24:22 +0800] "GET /xingrg/javascript/easyui/themes/default/validatebox.css HTTP/1.1" 404 1104
120.253.135.82 - - [07/Mar/2023:08:24:23 +0800] "POST /xingrg/kc/pszx/mdps_order_operate.html HTTP/1.1" 200 2780
180.169.147.146 - - [07/Mar/2023:08:24:34 +0800] "GET /xingrg/check_reg.html?_=1678148693558 HTTP/1.1" 200 22
180.169.147.146 - - [07/Mar/2023:08:24:34 +0800] "GET /xingrg/all/function/internal_message.html?_=1678148693560&CODE_STATE=getMsg HTTP/1.1" 200 27
116.224.106.218 - - [07/Mar/2023:08:24:37 +0800] "GET /xingrg/all/function/internal_message.html?_=1678148696431&CODE_STATE=getMsg HTTP/1.1" 200 27
120.253.135.82 - - [07/Mar/2023:08:24:39 +0800] "GET /xingrg/all/function/internal_message.html?_=1678148524963&CODE_STATE=getMsg HTTP/1.1" 200 27
180.169.147.146 - - [07/Mar/2023:08:24:57 +0800] "GET /xingrg/all/function/internal_message.html?_=1678148720400&CODE_STATE=getMsg HTTP/1.1" 302 -
120.253.135.82 - - [07/Mar/2023:08:24:57 +0800] "GET /xingrg/all/function/internal_message.html?_=1678148846076&CODE_STATE=getMsg HTTP/1.1" 200 27
58.35.212.231 - - [07/Mar/2023:08:24:58 +0800] "POST /xingrg/services/DataTransmitService HTTP/1.1" 200 524
120.253.135.82 - - [07/Mar/2023:08:25:03 +0800] "POST /xingrg/kc/pszx/mdps_list_operate.html HTTP/1.1" 200 5637
120.253.135.82 - - [07/Mar/2023:08:25:05 +0800] "POST /xingrg/kc/pszx/mdps_list_operate.html HTTP/1.1" 200 232
120.253.135.82 - - [07/Mar/2023:08:25:06 +0800] "GET /xingrg/kc/pszx/mdps_order_info.html?code=312023030700183 HTTP/1.1" 200 23976
120.253.135.82 - - [07/Mar/2023:08:25:06 +0800] "GET /xingrg/javascript/easyui/themes/default/validatebox.css HTTP/1.1" 404 1104
120.253.135.82 - - [07/Mar/2023:08:25:06 +0800] "GET /xingrg/all/common/auto_word.html?type=base&rest_code=00101 HTTP/1.1" 200 671
120.253.135.82 - - [07/Mar/2023:08:25:06 +0800] "POST /xingrg/kc/pszx/mdps_order_operate.html HTTP/1.1" 200 2321
116.192.124.172 - - [07/Mar/2023:08:25:09 +0800] "GET /xingrg/all/function/internal_message.html?_=1678148728590&CODE_STATE=getMsg HTTP/1.1" 200 27
120.253.135.82 - - [07/Mar/2023:08:25:10 +0800] "POST /xingrg/kc/pszx/mdps_order_operate.html HTTP/1.1" 200 37
120.253.135.82 - - [07/Mar/2023:08:25:11 +0800] "GET /xingrg/kc/pszx/mdps_order_info.html?code=312023030700183 HTTP/1.1" 200 23976
120.253.135.82 - - [07/Mar/2023:08:25:11 +0800] "GET /xingrg/javascript/easyui/themes/default/validatebox.css HTTP/1.1" 404 1104
120.253.135.82 - - [07/Mar/2023:08:25:11 +0800] "GET /xingrg/all/common/auto_word.html?type=base&rest_code=00101 HTTP/1.1" 200 671
120.253.135.82 - - [07/Mar/2023:08:25:11 +0800] "POST /xingrg/kc/pszx/mdps_order_operate.html HTTP/1.1" 200 2330
116.230.116.113 - - [07/Mar/2023:08:25:14 +0800] "GET /xingrg/all/function/internal_message.html?_=1678148739097&CODE_STATE=getMsg HTTP/1.1" 200 27
116.238.139.35 - - [07/Mar/2023:08:25:14 +0800] "GET /xingrg/all/function/internal_message.html?_=1678148733890&CODE_STATE=getMsg HTTP/1.1" 200 27
116.225.84.253 - - [07/Mar/2023:08:25:16 +0800] "GET /xingrg/all/function/internal_message.html?_=1678148579548&CODE_STATE=getMsg HTTP/1.1" 200 27
120.253.135.82 - - [07/Mar/2023:08:25:22 +0800] "GET /xingrg/kc/pszx/mdps_order_operate.html?command=get_materiel&pszx_code=00101&rest_code=00147&base_code=0010246&code=00102012003 HTTP/1.1" 200 443
120.253.135.82 - - [07/Mar/2023:08:25:28 +0800] "POST /xingrg/kc/pszx/mdps_order_operate.html HTTP/1.1" 200 37
120.253.135.82 - - [07/Mar/2023:08:25:29 +0800] "GET /xingrg/kc/pszx/mdps_order_info.html?code=312023030700183 HTTP/1.1" 200 23976
120.253.135.82 - - [07/Mar/2023:08:25:29 +0800] "GET /xingrg/javascript/easyui/themes/default/validatebox.css HTTP/1.1" 404 1104
120.253.135.82 - - [07/Mar/2023:08:25:29 +0800] "GET /xingrg/all/common/auto_word.html?type=base&rest_code=00101 HTTP/1.1" 200 671
120.253.135.82 - - [07/Mar/2023:08:25:29 +0800] "POST /xingrg/kc/pszx/mdps_order_operate.html HTTP/1.1" 200 2818
120.253.135.82 - - [07/Mar/2023:08:25:31 +0800] "POST /xingrg/kc/pszx/mdps_list_operate.html HTTP/1.1" 200 5637
180.169.147.146 - - [07/Mar/2023:08:25:34 +0800] "GET /xingrg/all/function/internal_message.html?_=1678148753555&CODE_STATE=getMsg HTTP/1.1" 200 27
120.253.135.82 - - [07/Mar/2023:08:25:34 +0800] "POST /xingrg/kc/pszx/mdps_list_operate.html HTTP/1.1" 200 307
120.253.135.82 - - [07/Mar/2023:08:25:36 +0800] "GET /xingrg/kc/pszx/mdps_order_info.html?code=312023030700183 HTTP/1.1" 200 23976
120.253.135.82 - - [07/Mar/2023:08:25:37 +0800] "GET /xingrg/javascript/easyui/themes/default/validatebox.css HTTP/1.1" 404 1104
120.253.135.82 - - [07/Mar/2023:08:25:37 +0800] "GET /xingrg/all/common/auto_word.html?type=base&rest_code=00101 HTTP/1.1" 200 671
116.224.106.218 - - [07/Mar/2023:08:25:37 +0800] "GET /xingrg/all/function/internal_message.html?_=1678148756433&CODE_STATE=getMsg HTTP/1.1" 200 27
120.253.135.82 - - [07/Mar/2023:08:25:37 +0800] "POST /xingrg/kc/pszx/mdps_order_operate.html HTTP/1.1" 200 2818
120.253.135.82 - - [07/Mar/2023:08:25:38 +0800] "POST /xingrg/kc/pszx/mdps_list_operate.html HTTP/1.1" 200 5637
120.253.135.82 - - [07/Mar/2023:08:25:39 +0800] "GET /xingrg/check_reg.html?_=1678148584527 HTTP/1.1" 200 22
120.253.135.82 - - [07/Mar/2023:08:25:39 +0800] "GET /xingrg/all/function/internal_message.html?_=1678148584975&CODE_STATE=getMsg HTTP/1.1" 200 27
120.253.135.82 - - [07/Mar/2023:08:25:40 +0800] "POST /xingrg/kc/pszx/mdps_list_operate.html HTTP/1.1" 200 5610
120.253.135.82 - - [07/Mar/2023:08:25:42 +0800] "POST /xingrg/kc/pszx/mdps_list_operate.html HTTP/1.1" 200 211
120.253.135.82 - - [07/Mar/2023:08:25:42 +0800] "GET /xingrg/kc/pszx/mdps_order_info.html?code=312023030700184 HTTP/1.1" 200 23976
120.253.135.82 - - [07/Mar/2023:08:25:42 +0800] "GET /xingrg/javascript/easyui/themes/default/validatebox.css HTTP/1.1" 404 1104
120.253.135.82 - - [07/Mar/2023:08:25:42 +0800] "GET /xingrg/all/common/auto_word.html?type=base&rest_code=00101 HTTP/1.1" 200 671
120.253.135.82 - - [07/Mar/2023:08:25:42 +0800] "POST /xingrg/kc/pszx/mdps_order_operate.html HTTP/1.1" 200 2285
120.253.135.82 - - [07/Mar/2023:08:25:47 +0800] "POST /xingrg/kc/pszx/mdps_order_operate.html HTTP/1.1" 200 37
180.169.147.146 - - [07/Mar/2023:08:25:48 +0800] "GET /xingrg/check_reg.html?_=1678148767841 HTTP/1.1" 302 -
120.253.135.82 - - [07/Mar/2023:08:25:48 +0800] "GET /xingrg/kc/pszx/mdps_order_info.html?code=312023030700184 HTTP/1.1" 200 23976
120.253.135.82 - - [07/Mar/2023:08:25:48 +0800] "GET /xingrg/all/common/auto_word.html?type=base&rest_code=00101 HTTP/1.1" 200 671
120.253.135.82 - - [07/Mar/2023:08:25:48 +0800] "GET /xingrg/javascript/easyui/themes/default/validatebox.css HTTP/1.1" 404 1104
120.253.135.82 - - [07/Mar/2023:08:25:48 +0800] "POST /xingrg/kc/pszx/mdps_order_operate.html HTTP/1.1" 200 2292
120.253.135.82 - - [07/Mar/2023:08:25:50 +0800] "POST /xingrg/kc/pszx/mdps_list_operate.html HTTP/1.1" 200 5610
120.253.135.82 - - [07/Mar/2023:08:25:56 +0800] "POST /xingrg/kc/pszx/mdps_list_operate.html HTTP/1.1" 200 200
120.253.135.82 - - [07/Mar/2023:08:25:56 +0800] "GET /xingrg/kc/pszx/mdps_order_info.html?code=312023030700185 HTTP/1.1" 200 23976
120.253.135.82 - - [07/Mar/2023:08:25:56 +0800] "GET /xingrg/javascript/easyui/themes/default/validatebox.css HTTP/1.1" 404 1104
120.253.135.82 - - [07/Mar/2023:08:25:56 +0800] "GET /xingrg/all/common/auto_word.html?type=base&rest_code=00101 HTTP/1.1" 200 671
120.253.135.82 - - [07/Mar/2023:08:25:56 +0800] "POST /xingrg/kc/pszx/mdps_order_operate.html HTTP/1.1" 200 2267
180.169.147.146 - - [07/Mar/2023:08:25:57 +0800] "GET /xingrg/all/function/internal_message.html?_=1678148780398&CODE_STATE=getMsg HTTP/1.1" 302 -
120.253.135.82 - - [07/Mar/2023:08:25:57 +0800] "GET /xingrg/all/function/internal_message.html?_=1678148906077&CODE_STATE=getMsg HTTP/1.1" 200 27
120.253.135.82 - - [07/Mar/2023:08:26:02 +0800] "POST /xingrg/kc/pszx/mdps_order_operate.html HTTP/1.1" 200 37
120.253.135.82 - - [07/Mar/2023:08:26:03 +0800] "GET /xingrg/kc/pszx/mdps_order_info.html?code=312023030700185 HTTP/1.1" 200 23976
120.253.135.82 - - [07/Mar/2023:08:26:03 +0800] "GET /xingrg/javascript/easyui/themes/default/validatebox.css HTTP/1.1" 404 1104
120.253.135.82 - - [07/Mar/2023:08:26:03 +0800] "GET /xingrg/all/common/auto_word.html?type=base&rest_code=00101 HTTP/1.1" 200 671
120.253.135.82 - - [07/Mar/2023:08:26:03 +0800] "POST /xingrg/kc/pszx/mdps_order_operate.html HTTP/1.1" 200 2274
116.192.124.172 - - [07/Mar/2023:08:26:09 +0800] "GET /xingrg/all/function/internal_message.html?_=1678148788579&CODE_STATE=getMsg HTTP/1.1" 200 27
58.40.7.146 - - [07/Mar/2023:08:26:10 +0800] "GET /xingrg/check_reg.html?_=1678148789785 HTTP/1.1" 302 -
116.230.116.113 - - [07/Mar/2023:08:26:14 +0800] "GET /xingrg/all/function/internal_message.html?_=1678148799105&CODE_STATE=getMsg HTTP/1.1" 200 27
116.238.139.35 - - [07/Mar/2023:08:26:14 +0800] "GET /xingrg/all/function/internal_message.html?_=1678148793896&CODE_STATE=getMsg HTTP/1.1" 200 27
116.225.84.253 - - [07/Mar/2023:08:26:16 +0800] "GET /xingrg/all/function/internal_message.html?_=1678148639541&CODE_STATE=getMsg HTTP/1.1" 200 27
58.40.7.146 - - [07/Mar/2023:08:26:17 +0800] "GET /xingrg/check_reg.html?_=1678148797187 HTTP/1.1" 302 -
120.253.135.82 - - [07/Mar/2023:08:26:28 +0800] "POST /xingrg/kc/pszx/mdps_list_operate.html HTTP/1.1" 200 5610
120.253.135.82 - - [07/Mar/2023:08:26:31 +0800] "POST /xingrg/kc/pszx/mdps_list_operate.html HTTP/1.1" 200 5637
180.169.147.146 - - [07/Mar/2023:08:26:34 +0800] "GET /xingrg/all/function/internal_message.html?_=1678148813550&CODE_STATE=getMsg HTTP/1.1" 200 27
120.253.135.82 - - [07/Mar/2023:08:26:34 +0800] "POST /xingrg/kc/pszx/mdps_list_operate.html HTTP/1.1" 200 598
120.253.135.82 - - [07/Mar/2023:08:26:35 +0800] "GET /xingrg/kc/pszx/mdps_order_info.html?code=312023030700179 HTTP/1.1" 200 23976
120.253.135.82 - - [07/Mar/2023:08:26:35 +0800] "GET /xingrg/javascript/easyui/themes/default/validatebox.css HTTP/1.1" 404 1104
120.253.135.82 - - [07/Mar/2023:08:26:35 +0800] "GET /xingrg/all/common/auto_word.html?type=base&rest_code=00101 HTTP/1.1" 200 671
120.253.135.82 - - [07/Mar/2023:08:26:35 +0800] "POST /xingrg/kc/pszx/mdps_order_operate.html HTTP/1.1" 200 8292
116.224.106.218 - - [07/Mar/2023:08:26:37 +0800] "GET /xingrg/check_reg.html?_=1678148816437 HTTP/1.1" 200 22
116.224.106.218 - - [07/Mar/2023:08:26:37 +0800] "GET /xingrg/all/function/internal_message.html?_=1678148816440&CODE_STATE=getMsg HTTP/1.1" 200 27
120.253.135.82 - - [07/Mar/2023:08:26:39 +0800] "POST /xingrg/kc/pszx/mdps_list_operate.html HTTP/1.1" 200 5637
120.253.135.82 - - [07/Mar/2023:08:26:39 +0800] "GET /xingrg/all/function/internal_message.html?_=1678148644988&CODE_STATE=getMsg HTTP/1.1" 200 27
120.253.135.82 - - [07/Mar/2023:08:26:41 +0800] "POST /xingrg/kc/pszx/mdps_list_operate.html HTTP/1.1" 200 5610
120.253.135.82 - - [07/Mar/2023:08:26:42 +0800] "POST /xingrg/kc/pszx/mdps_list_operate.html HTTP/1.1" 200 211
120.253.135.82 - - [07/Mar/2023:08:26:42 +0800] "GET /xingrg/kc/pszx/mdps_order_info.html?code=312023030700184 HTTP/1.1" 200 23976
120.253.135.82 - - [07/Mar/2023:08:26:42 +0800] "GET /xingrg/all/common/auto_word.html?type=base&rest_code=00101 HTTP/1.1" 200 671
120.253.135.82 - - [07/Mar/2023:08:26:42 +0800] "GET /xingrg/javascript/easyui/themes/default/validatebox.css HTTP/1.1" 404 1104
120.253.135.82 - - [07/Mar/2023:08:26:43 +0800] "POST /xingrg/kc/pszx/mdps_order_operate.html HTTP/1.1" 200 2292
120.253.135.82 - - [07/Mar/2023:08:26:49 +0800] "POST /xingrg/kc/pszx/mdps_order_operate.html HTTP/1.1" 200 12
120.253.135.82 - - [07/Mar/2023:08:26:51 +0800] "POST /xingrg/kc/pszx/mdps_list_operate.html HTTP/1.1" 200 5602
120.253.135.82 - - [07/Mar/2023:08:26:54 +0800] "POST /xingrg/kc/pszx/mdps_list_operate.html HTTP/1.1" 200 5637
180.169.147.146 - - [07/Mar/2023:08:26:57 +0800] "GET /xingrg/all/function/internal_message.html?_=1678148840396&CODE_STATE=getMsg HTTP/1.1" 302 -
120.253.135.82 - - [07/Mar/2023:08:26:57 +0800] "POST /xingrg/kc/pszx/mdps_list_operate.html HTTP/1.1" 200 598
120.253.135.82 - - [07/Mar/2023:08:26:57 +0800] "GET /xingrg/kc/pszx/mdps_order_info.html?code=312023030700179 HTTP/1.1" 200 23976
120.253.135.82 - - [07/Mar/2023:08:26:57 +0800] "GET /xingrg/javascript/easyui/themes/default/validatebox.css HTTP/1.1" 404 1104
120.253.135.82 - - [07/Mar/2023:08:26:57 +0800] "GET /xingrg/all/function/internal_message.html?_=1678148966096&CODE_STATE=getMsg HTTP/1.1" 200 27
120.253.135.82 - - [07/Mar/2023:08:26:57 +0800] "GET /xingrg/check_reg.html?_=1678148966101 HTTP/1.1" 200 22
120.253.135.82 - - [07/Mar/2023:08:26:57 +0800] "GET /xingrg/all/common/auto_word.html?type=base&rest_code=00101 HTTP/1.1" 200 671
120.253.135.82 - - [07/Mar/2023:08:26:58 +0800] "POST /xingrg/kc/pszx/mdps_order_operate.html HTTP/1.1" 200 8292
120.253.135.82 - - [07/Mar/2023:08:27:05 +0800] "GET /xingrg/kc/pszx/mdps_order_operate.html?command=get_materiel&pszx_code=00101&rest_code=00147&base_code=0010250&code=00101017003 HTTP/1.1" 200 448
116.192.124.172 - - [07/Mar/2023:08:27:09 +0800] "GET /xingrg/all/function/internal_message.html?_=1678148848597&CODE_STATE=getMsg HTTP/1.1" 200 27
116.230.116.113 - - [07/Mar/2023:08:27:13 +0800] "GET /xingrg/check_reg.html?_=1678148858531 HTTP/1.1" 200 22
120.253.135.82 - - [07/Mar/2023:08:27:14 +0800] "POST /xingrg/kc/pszx/mdps_order_operate.html HTTP/1.1" 200 37
116.230.116.113 - - [07/Mar/2023:08:27:14 +0800] "GET /xingrg/all/function/internal_message.html?_=1678148859118&CODE_STATE=getMsg HTTP/1.1" 200 27
116.238.139.35 - - [07/Mar/2023:08:27:14 +0800] "GET /xingrg/check_reg.html?_=1678148853898 HTTP/1.1" 200 22
116.238.139.35 - - [07/Mar/2023:08:27:14 +0800] "GET /xingrg/all/function/internal_message.html?_=1678148853900&CODE_STATE=getMsg HTTP/1.1" 200 27
120.253.135.82 - - [07/Mar/2023:08:27:15 +0800] "GET /xingrg/kc/pszx/mdps_order_info.html?code=312023030700179 HTTP/1.1" 200 23976
120.253.135.82 - - [07/Mar/2023:08:27:15 +0800] "GET /xingrg/javascript/easyui/themes/default/validatebox.css HTTP/1.1" 404 1104
120.253.135.82 - - [07/Mar/2023:08:27:15 +0800] "GET /xingrg/all/common/auto_word.html?type=base&rest_code=00101 HTTP/1.1" 200 671
120.253.135.82 - - [07/Mar/2023:08:27:15 +0800] "POST /xingrg/kc/pszx/mdps_order_operate.html HTTP/1.1" 200 8795
116.225.84.253 - - [07/Mar/2023:08:27:16 +0800] "GET /xingrg/all/function/internal_message.html?_=1678148699549&CODE_STATE=getMsg HTTP/1.1" 200 27
120.253.135.82 - - [07/Mar/2023:08:27:25 +0800] "POST /xingrg/kc/pszx/mdps_order_operate.html HTTP/1.1" 200 37
120.253.135.82 - - [07/Mar/2023:08:27:26 +0800] "GET /xingrg/kc/pszx/mdps_order_info.html?code=312023030700179 HTTP/1.1" 200 23976
120.253.135.82 - - [07/Mar/2023:08:27:26 +0800] "GET /xingrg/javascript/easyui/themes/default/validatebox.css HTTP/1.1" 404 1104
120.253.135.82 - - [07/Mar/2023:08:27:26 +0800] "GET /xingrg/all/common/auto_word.html?type=base&rest_code=00101 HTTP/1.1" 200 671
120.253.135.82 - - [07/Mar/2023:08:27:26 +0800] "POST /xingrg/kc/pszx/mdps_order_operate.html HTTP/1.1" 200 8303
120.253.135.82 - - [07/Mar/2023:08:27:33 +0800] "POST /xingrg/kc/pszx/mdps_list_operate.html HTTP/1.1" 200 5637
180.169.147.146 - - [07/Mar/2023:08:27:34 +0800] "GET /xingrg/all/function/internal_message.html?_=1678148873567&CODE_STATE=getMsg HTTP/1.1" 200 27
120.253.135.82 - - [07/Mar/2023:08:27:36 +0800] "GET /xingrg/kc/pszx/jzcl_ps.html HTTP/1.1" 200 7683
120.253.135.82 - - [07/Mar/2023:08:27:36 +0800] "POST /xingrg/all/common/load_tree.html?tree=area_rest_tree_json HTTP/1.1" 200 3499
120.253.135.82 - - [07/Mar/2023:08:27:36 +0800] "POST /xingrg/kc/pszx/jzcl_ps_operate.html HTTP/1.1" 200 399
120.253.135.82 - - [07/Mar/2023:08:27:36 +0800] "POST /xingrg/kc/pszx/jzcl_ps_operate.html HTTP/1.1" 200 399
116.224.106.218 - - [07/Mar/2023:08:27:37 +0800] "GET /xingrg/all/function/internal_message.html?_=1678148876441&CODE_STATE=getMsg HTTP/1.1" 200 27
120.253.135.82 - - [07/Mar/2023:08:27:39 +0800] "GET /xingrg/all/function/internal_message.html?_=1678148705008&CODE_STATE=getMsg HTTP/1.1" 200 27
120.253.135.82 - - [07/Mar/2023:08:27:41 +0800] "POST /xingrg/kc/pszx/jzcl_ps_operate.html HTTP/1.1" 200 4
120.253.135.82 - - [07/Mar/2023:08:27:42 +0800] "POST /xingrg/kc/pszx/jzcl_ps_operate.html HTTP/1.1" 200 21
120.253.135.82 - - [07/Mar/2023:08:27:42 +0800] "GET /xingrg/kc/pszx/mdps_order_list.html HTTP/1.1" 200 21032
120.253.135.82 - - [07/Mar/2023:08:27:42 +0800] "POST /xingrg/kc/pszx/mdps_list_operate.html HTTP/1.1" 200 5494
120.253.135.82 - - [07/Mar/2023:08:27:50 +0800] "POST /xingrg/kc/pszx/mdps_list_operate.html HTTP/1.1" 200 5611
120.253.135.82 - - [07/Mar/2023:08:27:52 +0800] "POST /xingrg/kc/pszx/mdps_list_operate.html HTTP/1.1" 200 208
120.253.135.82 - - [07/Mar/2023:08:27:52 +0800] "GET /xingrg/kc/pszx/mdps_order_info.html?code=312023030700186 HTTP/1.1" 200 23976
120.253.135.82 - - [07/Mar/2023:08:27:52 +0800] "GET /xingrg/javascript/easyui/themes/default/validatebox.css HTTP/1.1" 404 1104
120.253.135.82 - - [07/Mar/2023:08:27:52 +0800] "GET /xingrg/all/common/auto_word.html?type=base&rest_code=00101 HTTP/1.1" 200 671
120.253.135.82 - - [07/Mar/2023:08:27:52 +0800] "POST /xingrg/kc/pszx/mdps_order_operate.html HTTP/1.1" 200 2295
120.253.135.82 - - [07/Mar/2023:08:27:56 +0800] "POST /xingrg/all/common/load_combo.html?type=base HTTP/1.1" 200 1169
180.169.147.146 - - [07/Mar/2023:08:27:57 +0800] "GET /xingrg/all/function/internal_message.html?_=1678148900397&CODE_STATE=getMsg HTTP/1.1" 302 -
120.253.135.82 - - [07/Mar/2023:08:27:57 +0800] "GET /xingrg/all/function/internal_message.html?_=1678149026077&CODE_STATE=getMsg HTTP/1.1" 200 27
120.253.135.82 - - [07/Mar/2023:08:28:04 +0800] "POST /xingrg/kc/pszx/mdps_order_operate.html HTTP/1.1" 200 37
120.253.135.82 - - [07/Mar/2023:08:28:05 +0800] "GET /xingrg/kc/pszx/mdps_order_info.html?code=312023030700186 HTTP/1.1" 200 23974
120.253.135.82 - - [07/Mar/2023:08:28:06 +0800] "GET /xingrg/javascript/easyui/themes/default/validatebox.css HTTP/1.1" 404 1104
120.253.135.82 - - [07/Mar/2023:08:28:06 +0800] "GET /xingrg/all/common/auto_word.html?type=base&rest_code=00101 HTTP/1.1" 200 671
120.253.135.82 - - [07/Mar/2023:08:28:06 +0800] "POST /xingrg/kc/pszx/mdps_order_operate.html HTTP/1.1" 200 2303
116.192.124.172 - - [07/Mar/2023:08:28:09 +0800] "GET /xingrg/all/function/internal_message.html?_=1678148908593&CODE_STATE=getMsg HTTP/1.1" 200 27
116.238.139.35 - - [07/Mar/2023:08:28:14 +0800] "GET /xingrg/all/function/internal_message.html?_=1678148913886&CODE_STATE=getMsg HTTP/1.1" 200 27
116.230.116.113 - - [07/Mar/2023:08:28:14 +0800] "GET /xingrg/all/function/internal_message.html?_=1678148919132&CODE_STATE=getMsg HTTP/1.1" 200 27
116.225.84.253 - - [07/Mar/2023:08:28:16 +0800] "GET /xingrg/check_reg.html?_=1678148759545 HTTP/1.1" 200 22
116.225.84.253 - - [07/Mar/2023:08:28:16 +0800] "GET /xingrg/all/function/internal_message.html?_=1678148759548&CODE_STATE=getMsg HTTP/1.1" 200 27
120.253.135.82 - - [07/Mar/2023:08:28:18 +0800] "GET /xingrg/kc/pszx/mdqp_order_list.html?state=10 HTTP/1.1" 200 10275
120.253.135.82 - - [07/Mar/2023:08:28:18 +0800] "GET /xingrg/dwr/util.js HTTP/1.1" 304 -
120.253.135.82 - - [07/Mar/2023:08:28:18 +0800] "GET /xingrg/dwr/interface/AjaxReportQueryService.js HTTP/1.1" 200 13203
120.253.135.82 - - [07/Mar/2023:08:28:18 +0800] "GET /xingrg/dwr/interface/AjaxQqpsService.js HTTP/1.1" 200 16326
120.253.135.82 - - [07/Mar/2023:08:28:18 +0800] "GET /xingrg/dwr/engine.js HTTP/1.1" 200 43631
120.253.135.82 - - [07/Mar/2023:08:28:21 +0800] "GET /xingrg/kc/pszx/mdps_order_list.html?orderType=0 HTTP/1.1" 200 21032
120.253.135.82 - - [07/Mar/2023:08:28:21 +0800] "POST /xingrg/kc/pszx/mdps_list_operate.html HTTP/1.1" 200 5494
120.253.135.82 - - [07/Mar/2023:08:28:21 +0800] "GET /xingrg/kc/pszx/mdps_order_list.html?orderType=0 HTTP/1.1" 200 21032
120.253.135.82 - - [07/Mar/2023:08:28:21 +0800] "POST /xingrg/kc/pszx/mdps_list_operate.html HTTP/1.1" 200 5494
116.238.139.35 - - [07/Mar/2023:08:28:25 +0800] "GET /xingrg/kc/buy/cgsh_order_add.html HTTP/1.1" 200 70005
116.238.139.35 - - [07/Mar/2023:08:28:26 +0800] "POST /xingrg/kc/buy/cgsh_order_operate.html HTTP/1.1" 200 8245
116.238.139.35 - - [07/Mar/2023:08:28:26 +0800] "GET /xingrg/javascript/easyui/themes/default/validatebox.css HTTP/1.1" 404 1104
120.253.135.82 - - [07/Mar/2023:08:28:27 +0800] "POST /xingrg/kc/pszx/mdps_list_operate.html HTTP/1.1" 200 5608
120.253.135.82 - - [07/Mar/2023:08:28:30 +0800] "POST /xingrg/kc/pszx/mdps_list_operate.html HTTP/1.1" 200 5637
120.253.135.82 - - [07/Mar/2023:08:28:32 +0800] "POST /xingrg/kc/pszx/mdps_list_operate.html HTTP/1.1" 200 5555
180.169.147.146 - - [07/Mar/2023:08:28:34 +0800] "GET /xingrg/all/function/internal_message.html?_=1678148933571&CODE_STATE=getMsg HTTP/1.1" 200 27
120.253.135.82 - - [07/Mar/2023:08:28:35 +0800] "POST /xingrg/kc/pszx/mdps_list_operate.html HTTP/1.1" 200 528
120.253.135.82 - - [07/Mar/2023:08:28:35 +0800] "GET /xingrg/kc/pszx/mdps_order_info.html?code=312023030600119 HTTP/1.1" 200 23976
120.253.135.82 - - [07/Mar/2023:08:28:35 +0800] "GET /xingrg/javascript/easyui/themes/default/validatebox.css HTTP/1.1" 404 1104
120.253.135.82 - - [07/Mar/2023:08:28:35 +0800] "GET /xingrg/all/common/auto_word.html?type=base&rest_code=00101 HTTP/1.1" 200 671
120.253.135.82 - - [07/Mar/2023:08:28:35 +0800] "POST /xingrg/kc/pszx/mdps_order_operate.html HTTP/1.1" 200 4295
116.224.106.218 - - [07/Mar/2023:08:28:37 +0800] "GET /xingrg/all/function/internal_message.html?_=1678148936439&CODE_STATE=getMsg HTTP/1.1" 200 27
116.238.139.35 - - [07/Mar/2023:08:28:39 +0800] "GET /xingrg/kc/buy/cgsh_order_operate.html?command=get_materiel&rest_code=00150&code=00101012025&supplier_code=00100096&order_time=2023-03-07 HTTP/1.1" 200 412
120.253.135.82 - - [07/Mar/2023:08:28:39 +0800] "GET /xingrg/all/function/internal_message.html?_=1678148765018&CODE_STATE=getMsg HTTP/1.1" 200 27
58.221.95.50 - - [07/Mar/2023:08:28:43 +0800] "GET /xingrg/check_reg.html?_=1678148944158 HTTP/1.1" 302 -
120.253.135.82 - - [07/Mar/2023:08:28:46 +0800] "POST /xingrg/kc/pszx/mdps_order_operate.html HTTP/1.1" 200 37
120.253.135.82 - - [07/Mar/2023:08:28:48 +0800] "POST /xingrg/kc/pszx/mdps_order_operate.html HTTP/1.1" 200 12
120.253.135.82 - - [07/Mar/2023:08:28:49 +0800] "GET /xingrg/kc/pszx/mdps_order_info.html?code=312023030600119 HTTP/1.1" 200 19634
120.253.135.82 - - [07/Mar/2023:08:28:49 +0800] "POST /xingrg/kc/pszx/mdps_order_operate.html HTTP/1.1" 200 2496
120.253.135.82 - - [07/Mar/2023:08:28:49 +0800] "GET /xingrg/javascript/easyui/themes/default/validatebox.css HTTP/1.1" 404 1104
116.238.139.35 - - [07/Mar/2023:08:28:50 +0800] "GET /xingrg/kc/buy/cgsh_order_operate.html?command=get_materiel&rest_code=00150&code=00101006065&supplier_code=00100096&order_time=2023-03-07 HTTP/1.1" 200 411
120.253.135.82 - - [07/Mar/2023:08:28:53 +0800] "POST /xingrg/kc/pszx/mdps_list_operate.html HTTP/1.1" 200 611
120.253.135.82 - - [07/Mar/2023:08:28:54 +0800] "GET /xingrg/kc/pszx/mdps_order_info.html?code=312023030600120 HTTP/1.1" 200 23976
120.253.135.82 - - [07/Mar/2023:08:28:54 +0800] "GET /xingrg/javascript/easyui/themes/default/validatebox.css HTTP/1.1" 404 1104
120.253.135.82 - - [07/Mar/2023:08:28:54 +0800] "GET /xingrg/all/common/auto_word.html?type=base&rest_code=00101 HTTP/1.1" 200 671
120.253.135.82 - - [07/Mar/2023:08:28:54 +0800] "POST /xingrg/kc/pszx/mdps_order_operate.html HTTP/1.1" 200 14126
180.169.147.146 - - [07/Mar/2023:08:28:57 +0800] "GET /xingrg/all/function/internal_message.html?_=1678148960396&CODE_STATE=getMsg HTTP/1.1" 302 -
180.169.147.146 - - [07/Mar/2023:08:28:57 +0800] "GET /xingrg/check_reg.html?_=1678148960397 HTTP/1.1" 302 -
120.253.135.82 - - [07/Mar/2023:08:28:57 +0800] "GET /xingrg/all/function/internal_message.html?_=1678149086078&CODE_STATE=getMsg HTTP/1.1" 200 27
116.238.139.35 - - [07/Mar/2023:08:29:00 +0800] "GET /xingrg/kc/buy/cgsh_order_operate.html?command=get_materiel&rest_code=00150&code=00101006291&supplier_code=00100096&order_time=2023-03-07 HTTP/1.1" 200 419
120.253.135.82 - - [07/Mar/2023:08:29:06 +0800] "POST /xingrg/kc/pszx/mdps_order_operate.html HTTP/1.1" 200 37
120.253.135.82 - - [07/Mar/2023:08:29:09 +0800] "POST /xingrg/kc/pszx/mdps_order_operate.html HTTP/1.1" 200 12
116.192.124.172 - - [07/Mar/2023:08:29:09 +0800] "GET /xingrg/all/function/internal_message.html?_=1678148968583&CODE_STATE=getMsg HTTP/1.1" 200 27
116.192.124.172 - - [07/Mar/2023:08:29:09 +0800] "GET /xingrg/check_reg.html?_=1678148968585 HTTP/1.1" 200 22
120.253.135.82 - - [07/Mar/2023:08:29:10 +0800] "GET /xingrg/kc/pszx/mdps_order_info.html?code=312023030600120 HTTP/1.1" 200 19634
120.253.135.82 - - [07/Mar/2023:08:29:10 +0800] "POST /xingrg/kc/pszx/mdps_order_operate.html HTTP/1.1" 200 12248
120.253.135.82 - - [07/Mar/2023:08:29:10 +0800] "GET /xingrg/javascript/easyui/themes/default/validatebox.css HTTP/1.1" 404 1104
120.253.135.82 - - [07/Mar/2023:08:29:12 +0800] "POST /xingrg/kc/pszx/mdps_list_operate.html HTTP/1.1" 200 5550
116.230.116.113 - - [07/Mar/2023:08:29:14 +0800] "GET /xingrg/all/function/internal_message.html?_=1678148979147&CODE_STATE=getMsg HTTP/1.1" 200 27
116.238.139.35 - - [07/Mar/2023:08:29:14 +0800] "GET /xingrg/all/function/internal_message.html?_=1678148973917&CODE_STATE=getMsg HTTP/1.1" 200 27
120.253.135.82 - - [07/Mar/2023:08:29:14 +0800] "POST /xingrg/kc/pszx/mdps_list_operate.html HTTP/1.1" 200 217
120.253.135.82 - - [07/Mar/2023:08:29:14 +0800] "GET /xingrg/kc/pszx/mdps_order_info.html?code=312023030600121 HTTP/1.1" 200 23974
120.253.135.82 - - [07/Mar/2023:08:29:14 +0800] "GET /xingrg/javascript/easyui/themes/default/validatebox.css HTTP/1.1" 404 1104
120.253.135.82 - - [07/Mar/2023:08:29:14 +0800] "GET /xingrg/all/common/auto_word.html?type=base&rest_code=00101 HTTP/1.1" 200 671
120.253.135.82 - - [07/Mar/2023:08:29:14 +0800] "POST /xingrg/kc/pszx/mdps_order_operate.html HTTP/1.1" 200 2306
116.225.84.253 - - [07/Mar/2023:08:29:16 +0800] "GET /xingrg/all/function/internal_message.html?_=1678148819535&CODE_STATE=getMsg HTTP/1.1" 200 27
120.253.135.82 - - [07/Mar/2023:08:29:18 +0800] "POST /xingrg/kc/pszx/mdps_order_operate.html HTTP/1.1" 200 37
120.253.135.82 - - [07/Mar/2023:08:29:20 +0800] "POST /xingrg/kc/pszx/mdps_order_operate.html HTTP/1.1" 200 12
120.253.135.82 - - [07/Mar/2023:08:29:21 +0800] "GET /xingrg/kc/pszx/mdps_order_info.html?code=312023030600121 HTTP/1.1" 200 19632
120.253.135.82 - - [07/Mar/2023:08:29:21 +0800] "POST /xingrg/kc/pszx/mdps_order_operate.html HTTP/1.1" 200 526
120.253.135.82 - - [07/Mar/2023:08:29:21 +0800] "GET /xingrg/javascript/easyui/themes/default/validatebox.css HTTP/1.1" 404 1104
120.253.135.82 - - [07/Mar/2023:08:29:23 +0800] "POST /xingrg/kc/pszx/mdps_list_operate.html HTTP/1.1" 200 5544
120.253.135.82 - - [07/Mar/2023:08:29:26 +0800] "POST /xingrg/kc/pszx/mdps_list_operate.html HTTP/1.1" 200 2187
120.253.135.82 - - [07/Mar/2023:08:29:33 +0800] "POST /xingrg/kc/pszx/mdps_list_operate.html HTTP/1.1" 200 5494
180.169.147.146 - - [07/Mar/2023:08:29:34 +0800] "GET /xingrg/check_reg.html?_=1678148993550 HTTP/1.1" 200 22
180.169.147.146 - - [07/Mar/2023:08:29:34 +0800] "GET /xingrg/all/function/internal_message.html?_=1678148993552&CODE_STATE=getMsg HTTP/1.1" 200 27
116.224.106.218 - - [07/Mar/2023:08:29:37 +0800] "GET /xingrg/all/function/internal_message.html?_=1678148996439&CODE_STATE=getMsg HTTP/1.1" 200 27
120.253.135.82 - - [07/Mar/2023:08:29:37 +0800] "POST /xingrg/kc/pszx/mdps_list_operate.html HTTP/1.1" 200 609
120.253.135.82 - - [07/Mar/2023:08:29:37 +0800] "GET /xingrg/kc/pszx/mdps_order_info.html?code=312023030600157 HTTP/1.1" 200 23976
120.253.135.82 - - [07/Mar/2023:08:29:37 +0800] "GET /xingrg/all/common/auto_word.html?type=base&rest_code=00101 HTTP/1.1" 200 671
120.253.135.82 - - [07/Mar/2023:08:29:37 +0800] "GET /xingrg/javascript/easyui/themes/default/validatebox.css HTTP/1.1" 404 1104
120.253.135.82 - - [07/Mar/2023:08:29:37 +0800] "POST /xingrg/kc/pszx/mdps_order_operate.html HTTP/1.1" 200 5289
120.253.135.82 - - [07/Mar/2023:08:29:39 +0800] "GET /xingrg/all/function/internal_message.html?_=1678148825031&CODE_STATE=getMsg HTTP/1.1" 200 27
120.253.135.82 - - [07/Mar/2023:08:29:49 +0800] "POST /xingrg/kc/pszx/mdps_list_operate.html HTTP/1.1" 200 5494
116.238.139.35 - - [07/Mar/2023:08:29:49 +0800] "GET /xingrg/kc/buy/cgsh_order_operate.html?command=get_materiel&rest_code=00150&code=00101006229&supplier_code=00100096&order_time=2023-03-07 HTTP/1.1" 200 428
120.253.135.82 - - [07/Mar/2023:08:29:52 +0800] "POST /xingrg/kc/pszx/mdps_list_operate.html HTTP/1.1" 200 202
120.253.135.82 - - [07/Mar/2023:08:29:52 +0800] "GET /xingrg/kc/pszx/mdps_order_info.html?code=312023030600156 HTTP/1.1" 200 23976
120.253.135.82 - - [07/Mar/2023:08:29:52 +0800] "GET /xingrg/javascript/easyui/themes/default/validatebox.css HTTP/1.1" 404 1104
120.253.135.82 - - [07/Mar/2023:08:29:52 +0800] "GET /xingrg/all/common/auto_word.html?type=base&rest_code=00101 HTTP/1.1" 200 671
120.253.135.82 - - [07/Mar/2023:08:29:52 +0800] "POST /xingrg/kc/pszx/mdps_order_operate.html HTTP/1.1" 200 2279
