120.253.135.82 - - [05/Mar/2023:09:50:55 +0800] "POST /xingrg/kc/pszx/mdps_list_operate.html HTTP/1.1" 200 203
120.253.135.82 - - [05/Mar/2023:09:50:58 +0800] "POST /xingrg/kc/pszx/mdps_list_operate.html HTTP/1.1" 200 202
180.169.147.146 - - [05/Mar/2023:09:50:59 +0800] "GET /xingrg/all/function/internal_message.html?_=1677981076084&CODE_STATE=getMsg HTTP/1.1" 200 27
120.253.135.82 - - [05/Mar/2023:09:50:59 +0800] "POST /xingrg/kc/pszx/mdps_list_operate.html HTTP/1.1" 200 625
180.169.147.146 - - [05/Mar/2023:09:51:02 +0800] "GET /xingrg/all/function/internal_message.html?_=1677981099007&CODE_STATE=getMsg HTTP/1.1" 302 -
180.169.147.146 - - [05/Mar/2023:09:51:03 +0800] "GET /xingrg/all/function/internal_message.html?_=1677981081323&CODE_STATE=getMsg HTTP/1.1" 200 27
222.70.221.209 - - [05/Mar/2023:09:51:03 +0800] "GET /xingrg/all/function/internal_message.html?_=1677981207189&CODE_STATE=getMsg HTTP/1.1" 200 27
116.225.84.253 - - [05/Mar/2023:09:51:04 +0800] "GET /xingrg/check_reg.html?_=1677981083605 HTTP/1.1" 200 22
222.70.182.154 - - [05/Mar/2023:09:51:09 +0800] "POST /xingrg/services/DataTransmitService HTTP/1.1" 200 501
180.164.3.199 - - [05/Mar/2023:09:51:10 +0800] "GET /xingrg/all/function/internal_message.html?_=1677981088934&CODE_STATE=getMsg HTTP/1.1" 200 27
222.70.182.154 - - [05/Mar/2023:09:51:11 +0800] "POST /xingrg/services/DataTransmitService HTTP/1.1" 200 501
222.70.182.154 - - [05/Mar/2023:09:51:12 +0800] "POST /xingrg/services/DataTransmitService HTTP/1.1" 200 501
222.70.221.209 - - [05/Mar/2023:09:51:18 +0800] "GET /xingrg/check_reg.html?_=1677981221846 HTTP/1.1" 200 22
222.70.182.154 - - [05/Mar/2023:09:51:24 +0800] "GET /xingrg/login.html HTTP/1.1" 200 7641
222.70.182.154 - - [05/Mar/2023:09:51:24 +0800] "GET /favicon.ico HTTP/1.1" 404 -
120.253.135.82 - - [05/Mar/2023:09:51:24 +0800] "GET /xingrg/all/function/internal_message.html?_=1677980927899&CODE_STATE=getMsg HTTP/1.1" 200 27
222.70.182.154 - - [05/Mar/2023:09:51:27 +0800] "POST /xingrg/login.do HTTP/1.1" 302 -
222.70.182.154 - - [05/Mar/2023:09:51:27 +0800] "GET /xingrg/index.html?sysBaseUrl=http%3A%2F%2F180.169.147.146%3A18081%2Fxingrg%2F&costTime=1860×tamp=1677981087398 HTTP/1.1" 200 17173
222.70.182.154 - - [05/Mar/2023:09:51:27 +0800] "GET /favicon.ico HTTP/1.1" 404 -
222.70.182.154 - - [05/Mar/2023:09:51:27 +0800] "GET /xingrg/all/function/internal_message.html?_=1677981102556&CODE_STATE=count HTTP/1.1" 200 11
222.70.182.154 - - [05/Mar/2023:09:51:27 +0800] "GET /xingrg/check_reg.html?_=1677981102557 HTTP/1.1" 200 22
222.70.182.154 - - [05/Mar/2023:09:51:27 +0800] "POST /xingrg/all/common/load_tree.html?tree=area_rest_tree_json&manage=1 HTTP/1.1" 200 342
222.70.182.154 - - [05/Mar/2023:09:51:28 +0800] "POST /xingrg/load_menu.html HTTP/1.1" 200 5138
114.83.222.182 - - [05/Mar/2023:09:51:28 +0800] "GET /xingrg/all/function/internal_message.html?_=1677981165854&CODE_STATE=getMsg HTTP/1.1" 200 27
222.70.182.154 - - [05/Mar/2023:09:51:29 +0800] "POST /xingrg/services/DataTransmitService HTTP/1.1" 200 501
180.157.253.110 - - [05/Mar/2023:09:51:29 +0800] "GET /xingrg/all/function/internal_message.html?_=1677981110100&CODE_STATE=getMsg HTTP/1.1" 200 27
180.157.253.110 - - [05/Mar/2023:09:51:29 +0800] "GET /xingrg/all/function/internal_message.html?_=1677981110289&CODE_STATE=getMsg HTTP/1.1" 200 27
222.70.182.154 - - [05/Mar/2023:09:51:31 +0800] "POST /xingrg/services/DataTransmitService HTTP/1.1" 200 501
222.70.182.154 - - [05/Mar/2023:09:51:34 +0800] "POST /xingrg/services/DataTransmitService HTTP/1.1" 200 501
116.238.139.35 - - [05/Mar/2023:09:51:35 +0800] "GET /xingrg/all/function/internal_message.html?_=1677981115792&CODE_STATE=getMsg HTTP/1.1" 200 27
116.225.84.253 - - [05/Mar/2023:09:51:36 +0800] "GET /xingrg/all/function/internal_message.html?_=1677981115048&CODE_STATE=getMsg HTTP/1.1" 200 27
222.70.182.154 - - [05/Mar/2023:09:51:36 +0800] "GET /xingrg/kc/mdqp/qqps_order_list.html HTTP/1.1" 200 9642
222.70.182.154 - - [05/Mar/2023:09:51:36 +0800] "GET /xingrg/dwr/interface/AjaxReportQueryService.js HTTP/1.1" 200 13203
222.70.182.154 - - [05/Mar/2023:09:51:36 +0800] "GET /xingrg/dwr/interface/AjaxQqpsService.js HTTP/1.1" 200 16326
222.70.182.154 - - [05/Mar/2023:09:51:36 +0800] "GET /xingrg/dwr/engine.js HTTP/1.1" 200 43631
116.230.116.110 - - [05/Mar/2023:09:51:36 +0800] "GET /xingrg/all/function/internal_message.html?_=1677981137137&CODE_STATE=getMsg HTTP/1.1" 302 -
124.78.153.244 - - [05/Mar/2023:09:51:38 +0800] "GET /xingrg/all/function/internal_message.html?_=1677981113461&CODE_STATE=getMsg HTTP/1.1" 200 27
222.70.182.154 - - [05/Mar/2023:09:51:38 +0800] "GET /xingrg/kc/mdqp/qqps_order_info.html?code=302023030500088 HTTP/1.1" 200 28241
222.70.182.154 - - [05/Mar/2023:09:51:39 +0800] "GET /xingrg/dwr/interface/AjaxComOrderService.js HTTP/1.1" 200 18264
222.70.182.154 - - [05/Mar/2023:09:51:39 +0800] "GET /xingrg/dwr/interface/AjaxQqpsService.js HTTP/1.1" 200 16326
222.70.182.154 - - [05/Mar/2023:09:51:39 +0800] "GET /xingrg/dwr/engine.js HTTP/1.1" 200 43631
222.70.182.154 - - [05/Mar/2023:09:51:39 +0800] "POST /xingrg/services/DataTransmitService HTTP/1.1" 200 412
222.70.182.154 - - [05/Mar/2023:09:51:40 +0800] "POST /xingrg/dwr/call/plaincall/AjaxQqpsService.loadMaterielItems.dwr HTTP/1.1" 200 360
172.20.0.100 - - [05/Mar/2023:09:51:41 +0800] "GET /xingrg/all/function/internal_message.html?_=1677981118447&CODE_STATE=getMsg HTTP/1.1" 200 27
116.225.84.253 - - [05/Mar/2023:09:51:41 +0800] "GET /xingrg/kc/buy/cgsh_order_operate.html?command=get_materiel&rest_code=00105&code=00101006317&supplier_code=00100012&order_time=2023-03-05 HTTP/1.1" 200 413
116.230.116.110 - - [05/Mar/2023:09:51:41 +0800] "GET /xingrg/all/function/internal_message.html?_=1677981145925&CODE_STATE=getMsg HTTP/1.1" 200 27
116.238.139.35 - - [05/Mar/2023:09:51:44 +0800] "GET /xingrg/all/function/internal_message.html?_=1677981053012&CODE_STATE=getMsg HTTP/1.1" 200 27
222.70.182.154 - - [05/Mar/2023:09:51:46 +0800] "GET /xingrg/images/yd/bt.gif HTTP/1.1" 404 1040
58.221.95.50 - - [05/Mar/2023:09:51:48 +0800] "GET /xingrg/all/function/internal_message.html?_=1677981126656&CODE_STATE=getMsg HTTP/1.1" 200 27
222.70.182.154 - - [05/Mar/2023:09:51:49 +0800] "POST /xingrg/dwr/call/plaincall/AjaxQqpsService.saveOrder.dwr HTTP/1.1" 200 78
116.192.124.172 - - [05/Mar/2023:09:51:49 +0800] "GET /xingrg/all/function/internal_message.html?_=1677981126754&CODE_STATE=getMsg HTTP/1.1" 200 27
58.40.7.146 - - [05/Mar/2023:09:51:50 +0800] "GET /xingrg/all/function/internal_message.html?_=1677981128587&CODE_STATE=getMsg HTTP/1.1" 200 27
58.40.7.146 - - [05/Mar/2023:09:51:50 +0800] "GET /xingrg/all/function/internal_message.html?_=1677981128616&CODE_STATE=getMsg HTTP/1.1" 200 27
116.225.84.253 - - [05/Mar/2023:09:51:50 +0800] "GET /xingrg/kc/buy/cgsh_order_operate.html?command=get_materiel&rest_code=00105&code=00101006120&supplier_code=00100012&order_time=2023-03-05 HTTP/1.1" 200 429
222.70.182.154 - - [05/Mar/2023:09:51:53 +0800] "POST /xingrg/dwr/call/plaincall/AjaxQqpsService.checkOrder.dwr HTTP/1.1" 200 78
222.70.182.154 - - [05/Mar/2023:09:51:55 +0800] "GET /xingrg/kc/mdqp/qqps_order_info.html?code=302023030500088 HTTP/1.1" 200 26482
222.70.182.154 - - [05/Mar/2023:09:51:55 +0800] "GET /xingrg/dwr/interface/AjaxQqpsService.js HTTP/1.1" 200 16326
222.70.182.154 - - [05/Mar/2023:09:51:55 +0800] "GET /xingrg/dwr/interface/AjaxComOrderService.js HTTP/1.1" 200 18264
222.70.182.154 - - [05/Mar/2023:09:51:55 +0800] "GET /xingrg/dwr/engine.js HTTP/1.1" 200 43631
116.225.84.253 - - [05/Mar/2023:09:51:55 +0800] "GET /xingrg/check_reg.html?_=1677980978227 HTTP/1.1" 200 22
116.225.84.253 - - [05/Mar/2023:09:51:55 +0800] "GET /xingrg/all/function/internal_message.html?_=1677980978230&CODE_STATE=getMsg HTTP/1.1" 200 27
222.70.182.154 - - [05/Mar/2023:09:51:56 +0800] "POST /xingrg/dwr/call/plaincall/AjaxQqpsService.loadMaterielItems.dwr HTTP/1.1" 200 360
180.169.147.146 - - [05/Mar/2023:09:51:59 +0800] "GET /xingrg/all/function/internal_message.html?_=1677981136079&CODE_STATE=getMsg HTTP/1.1" 200 27
222.70.182.154 - - [05/Mar/2023:09:51:59 +0800] "GET /xingrg/kc/mdqp/qqps_order_list.html?isBack=1 HTTP/1.1" 200 9677
222.70.182.154 - - [05/Mar/2023:09:51:59 +0800] "GET /xingrg/dwr/interface/AjaxQqpsService.js HTTP/1.1" 200 16326
222.70.182.154 - - [05/Mar/2023:09:51:59 +0800] "GET /xingrg/dwr/interface/AjaxReportQueryService.js HTTP/1.1" 200 13203
222.70.182.154 - - [05/Mar/2023:09:51:59 +0800] "GET /xingrg/dwr/engine.js HTTP/1.1" 200 43631
180.169.147.146 - - [05/Mar/2023:09:52:02 +0800] "GET /xingrg/all/function/internal_message.html?_=1677981159005&CODE_STATE=getMsg HTTP/1.1" 302 -
222.70.182.154 - - [05/Mar/2023:09:52:02 +0800] "GET /xingrg/kc/buy/buy_main.html HTTP/1.1" 200 12412
222.70.182.154 - - [05/Mar/2023:09:52:02 +0800] "GET /xingrg/css/new_ie.css HTTP/1.1" 404 1036
180.169.147.146 - - [05/Mar/2023:09:52:03 +0800] "GET /xingrg/all/function/internal_message.html?_=1677981141306&CODE_STATE=getMsg HTTP/1.1" 200 27
222.70.221.209 - - [05/Mar/2023:09:52:03 +0800] "GET /xingrg/all/function/internal_message.html?_=1677981267167&CODE_STATE=getMsg HTTP/1.1" 200 27
222.70.182.154 - - [05/Mar/2023:09:52:05 +0800] "GET /xingrg/kc/buy/cgsh_order_list.html HTTP/1.1" 200 8212
222.70.182.154 - - [05/Mar/2023:09:52:05 +0800] "GET /xingrg/kc/buy/cgsh_order_list.html HTTP/1.1" 200 54179
116.225.84.253 - - [05/Mar/2023:09:52:06 +0800] "GET /xingrg/kc/buy/cgsh_order_operate.html?command=get_materiel&rest_code=00105&code=00101006177&supplier_code=00100012&order_time=2023-03-05 HTTP/1.1" 200 409
124.79.240.233 - - [05/Mar/2023:09:52:07 +0800] "GET /favicon.ico HTTP/1.1" 404 -
222.70.182.154 - - [05/Mar/2023:09:52:08 +0800] "POST /xingrg/kc/buy/cgsh_list_operate.html HTTP/1.1" 200 986
180.164.3.199 - - [05/Mar/2023:09:52:10 +0800] "GET /xingrg/all/function/internal_message.html?_=1677981148940&CODE_STATE=getMsg HTTP/1.1" 200 27
180.164.3.199 - - [05/Mar/2023:09:52:10 +0800] "GET /xingrg/check_reg.html?_=1677981148941 HTTP/1.1" 200 22
222.70.182.154 - - [05/Mar/2023:09:52:11 +0800] "GET /xingrg/kc/buy/cgsh_order_add.html HTTP/1.1" 200 69917
222.70.182.154 - - [05/Mar/2023:09:52:13 +0800] "GET /xingrg/javascript/easyui/themes/default/validatebox.css HTTP/1.1" 404 1104
222.70.182.154 - - [05/Mar/2023:09:52:13 +0800] "GET /xingrg/all/common/auto_word.html?type=employee&rest_code=00111 HTTP/1.1" 200 155
222.70.182.154 - - [05/Mar/2023:09:52:13 +0800] "GET /xingrg/all/common/auto_word.html?type=employee&rest_code=00111 HTTP/1.1" 200 155
222.70.182.154 - - [05/Mar/2023:09:52:13 +0800] "POST /xingrg/kc/buy/cgsh_order_operate.html HTTP/1.1" 200 8245
116.225.84.253 - - [05/Mar/2023:09:52:14 +0800] "GET /xingrg/kc/buy/cgsh_order_operate.html?command=get_materiel&rest_code=00105&code=00101010847&supplier_code=00100012&order_time=2023-03-05 HTTP/1.1" 200 410
120.253.135.82 - - [05/Mar/2023:09:52:24 +0800] "GET /xingrg/all/function/internal_message.html?_=1677980987907&CODE_STATE=getMsg HTTP/1.1" 200 27
116.225.84.253 - - [05/Mar/2023:09:52:26 +0800] "GET /xingrg/kc/buy/cgsh_order_operate.html?command=get_materiel&rest_code=00105&code=00101006193&supplier_code=00100012&order_time=2023-03-05 HTTP/1.1" 200 409
222.70.182.154 - - [05/Mar/2023:09:52:27 +0800] "GET /xingrg/all/function/internal_message.html?_=1677981162569&CODE_STATE=getMsg HTTP/1.1" 200 27
114.83.222.182 - - [05/Mar/2023:09:52:28 +0800] "GET /xingrg/all/function/internal_message.html?_=1677981225852&CODE_STATE=getMsg HTTP/1.1" 200 27
180.157.253.110 - - [05/Mar/2023:09:52:29 +0800] "GET /xingrg/all/function/internal_message.html?_=1677981170129&CODE_STATE=getMsg HTTP/1.1" 200 27
180.157.253.110 - - [05/Mar/2023:09:52:29 +0800] "GET /xingrg/all/function/internal_message.html?_=1677981170294&CODE_STATE=getMsg HTTP/1.1" 200 27
120.253.135.82 - - [05/Mar/2023:09:52:34 +0800] "GET /xingrg/kc/buy/buy_main.html HTTP/1.1" 200 12341
120.253.135.82 - - [05/Mar/2023:09:52:34 +0800] "GET /xingrg/css/new_ie.css HTTP/1.1" 404 1036
120.253.135.82 - - [05/Mar/2023:09:52:34 +0800] "GET /xingrg/javascript/jquery_ui/jquery-ui.min.js HTTP/1.1" 200 186181
120.253.135.82 - - [05/Mar/2023:09:52:34 +0800] "GET /xingrg/images/blue/button/cgxqd.gif HTTP/1.1" 200 2619
120.253.135.82 - - [05/Mar/2023:09:52:34 +0800] "GET /xingrg/images/blue/button/cgshd.gif HTTP/1.1" 200 2618
120.253.135.82 - - [05/Mar/2023:09:52:34 +0800] "GET /xingrg/images/blue/button/cgydd.gif HTTP/1.1" 304 -
120.253.135.82 - - [05/Mar/2023:09:52:34 +0800] "GET /xingrg/images/blue/button/ckthd.gif HTTP/1.1" 200 2045
120.253.135.82 - - [05/Mar/2023:09:52:34 +0800] "GET /xingrg/images/blue/button/kc.gif HTTP/1.1" 200 2160
120.253.135.82 - - [05/Mar/2023:09:52:34 +0800] "GET /xingrg/images/blue/button/cgfkd.gif HTTP/1.1" 200 2075
120.253.135.82 - - [05/Mar/2023:09:52:34 +0800] "GET /xingrg/images/blue/pic_form2.gif HTTP/1.1" 304 -
120.253.135.82 - - [05/Mar/2023:09:52:34 +0800] "GET /xingrg/javascript/jquery_ui/themes/humanity/images/ui-bg_inset-soft_100_f4f0ec_1x100.png HTTP/1.1" 200 141
120.253.135.82 - - [05/Mar/2023:09:52:34 +0800] "GET /xingrg/images/blue/button/down_ah.jpg HTTP/1.1" 304 -
120.253.135.82 - - [05/Mar/2023:09:52:34 +0800] "GET /xingrg/images/blue/bg_dotted.jpg HTTP/1.1" 304 -
120.253.135.82 - - [05/Mar/2023:09:52:34 +0800] "GET /xingrg/images/blue/button/right_ah.jpg HTTP/1.1" 200 1744
120.253.135.82 - - [05/Mar/2023:09:52:34 +0800] "GET /xingrg/javascript/jquery_ui/themes/humanity/images/ui-iconsnew.jpg HTTP/1.1" 200 337
120.253.135.82 - - [05/Mar/2023:09:52:34 +0800] "GET /xingrg/javascript/jquery_ui/themes/humanity/images/ui-icons_ffffff_256x240.png HTTP/1.1" 200 4369
120.253.135.82 - - [05/Mar/2023:09:52:34 +0800] "GET /xingrg/javascript/jquery_ui/themes/humanity/images/ui-icons_c47a23_256x240.png HTTP/1.1" 200 5355
120.253.135.82 - - [05/Mar/2023:09:52:34 +0800] "GET /xingrg/javascript/jquery_ui/themes/humanity/images/ui-bg_glass_70_ede4d4_1x400.png HTTP/1.1" 200 161
120.253.135.82 - - [05/Mar/2023:09:52:35 +0800] "GET /xingrg/images/yd/bt.gif HTTP/1.1" 404 1040
116.238.139.35 - - [05/Mar/2023:09:52:35 +0800] "GET /xingrg/all/function/internal_message.html?_=1677981175778&CODE_STATE=getMsg HTTP/1.1" 200 27
116.238.139.35 - - [05/Mar/2023:09:52:36 +0800] "GET /xingrg/check_reg.html?_=1677981176298 HTTP/1.1" 200 22
116.225.84.253 - - [05/Mar/2023:09:52:36 +0800] "GET /xingrg/all/function/internal_message.html?_=1677981175028&CODE_STATE=getMsg HTTP/1.1" 200 27
116.230.116.110 - - [05/Mar/2023:09:52:36 +0800] "GET /xingrg/all/function/internal_message.html?_=1677981197147&CODE_STATE=getMsg HTTP/1.1" 302 -
124.78.153.244 - - [05/Mar/2023:09:52:38 +0800] "GET /xingrg/all/function/internal_message.html?_=1677981173450&CODE_STATE=getMsg HTTP/1.1" 200 27
120.253.135.82 - - [05/Mar/2023:09:52:38 +0800] "GET /xingrg/kc/report/report_main.html HTTP/1.1" 200 8599
120.253.135.82 - - [05/Mar/2023:09:52:39 +0800] "GET /xingrg/kc/base/kc_stocks.html HTTP/1.1" 200 16506
120.253.135.82 - - [05/Mar/2023:09:52:40 +0800] "GET /xingrg/javascript/easyui/themes/default/tree.css HTTP/1.1" 404 1090
120.253.135.82 - - [05/Mar/2023:09:52:40 +0800] "POST /xingrg/all/common/load_tree.html?tree=materiel_sort_tree_json HTTP/1.1" 200 9500
172.20.0.100 - - [05/Mar/2023:09:52:41 +0800] "GET /xingrg/all/function/internal_message.html?_=1677981178450&CODE_STATE=getMsg HTTP/1.1" 200 27
116.230.116.110 - - [05/Mar/2023:09:52:42 +0800] "GET /xingrg/all/function/internal_message.html?_=1677981206189&CODE_STATE=getMsg HTTP/1.1" 200 27
116.238.139.35 - - [05/Mar/2023:09:52:44 +0800] "GET /xingrg/all/function/internal_message.html?_=1677981113017&CODE_STATE=getMsg HTTP/1.1" 200 27
58.221.95.50 - - [05/Mar/2023:09:52:48 +0800] "GET /xingrg/all/function/internal_message.html?_=1677981186654&CODE_STATE=getMsg HTTP/1.1" 200 27
58.221.95.50 - - [05/Mar/2023:09:52:48 +0800] "GET /xingrg/check_reg.html?_=1677981186655 HTTP/1.1" 200 22
116.192.124.172 - - [05/Mar/2023:09:52:49 +0800] "GET /xingrg/all/function/internal_message.html?_=1677981186750&CODE_STATE=getMsg HTTP/1.1" 200 27
116.192.124.172 - - [05/Mar/2023:09:52:49 +0800] "GET /xingrg/check_reg.html?_=1677981186755 HTTP/1.1" 200 22
120.253.135.82 - - [05/Mar/2023:09:52:50 +0800] "POST /xingrg/kc/base/stock_operate.html HTTP/1.1" 200 1459
58.40.7.146 - - [05/Mar/2023:09:52:50 +0800] "GET /xingrg/all/function/internal_message.html?_=1677981188575&CODE_STATE=getMsg HTTP/1.1" 200 27
58.40.7.146 - - [05/Mar/2023:09:52:50 +0800] "GET /xingrg/all/function/internal_message.html?_=1677981188602&CODE_STATE=getMsg HTTP/1.1" 200 27
116.225.84.253 - - [05/Mar/2023:09:52:55 +0800] "GET /xingrg/all/function/internal_message.html?_=1677981038216&CODE_STATE=getMsg HTTP/1.1" 200 27
120.253.135.82 - - [05/Mar/2023:09:52:55 +0800] "GET /xingrg/kc/base/stock_detail.html?m=00101006002 HTTP/1.1" 200 6435
120.253.135.82 - - [05/Mar/2023:09:52:56 +0800] "GET /xingrg/javascript/jquery_easy_ui/themes/default/images/menu.gif HTTP/1.1" 200 834
116.192.124.172 - - [05/Mar/2023:09:52:56 +0800] "POST /xingrg/services/DataTransmitService HTTP/1.1" 200 524
180.169.147.146 - - [05/Mar/2023:09:52:59 +0800] "GET /xingrg/all/function/internal_message.html?_=1677981196053&CODE_STATE=getMsg HTTP/1.1" 200 27
120.253.135.82 - - [05/Mar/2023:09:52:59 +0800] "GET /xingrg/kc/base/stock_operate.html?_=1677981022157&command=get_report_file&start_day=20230301 HTTP/1.1" 200 53
120.253.135.82 - - [05/Mar/2023:09:52:59 +0800] "GET /xingrg/javascript/calendar/timePicker.css HTTP/1.1" 200 523
120.253.135.82 - - [05/Mar/2023:09:52:59 +0800] "GET /xingrg/javascript/multi_select/jqueryMultiSelect.css HTTP/1.1" 200 951
120.253.135.82 - - [05/Mar/2023:09:52:59 +0800] "GET /xingrg/javascript/bigrid/fix.css HTTP/1.1" 200 1702
120.253.135.82 - - [05/Mar/2023:09:52:59 +0800] "GET /xingrg/javascript/calendar/jquery.timePicker.min.js HTTP/1.1" 200 2997
120.253.135.82 - - [05/Mar/2023:09:52:59 +0800] "GET /xingrg/javascript/bigrid/fix.js HTTP/1.1" 200 6439
120.253.135.82 - - [05/Mar/2023:09:52:59 +0800] "GET /xingrg/all/report/report_query.html?isQuery=1&onlyBody=1&rh=2000&fileName=kc/base/kc_stock_detail_new.xml&queryString=(1=1)&queryText=&tableQueryString=init_table$sp1$$sp$crk_table$sp1$order_day%20between%2020230301%20and%2020230331&varString=start_day:20230301,materiel_code:00101006002,cost_id:4165,end_date:20230131 HTTP/1.1" 200 48701
120.253.135.82 - - [05/Mar/2023:09:52:59 +0800] "GET /xingrg/dwr/interface/AjaxReportQueryService.js HTTP/1.1" 200 13203
120.253.135.82 - - [05/Mar/2023:09:52:59 +0800] "GET /xingrg/javascript/jqueryMultiSelect.js HTTP/1.1" 200 11866
120.253.135.82 - - [05/Mar/2023:09:52:59 +0800] "GET /xingrg/dwr/engine.js HTTP/1.1" 200 43631
120.253.135.82 - - [05/Mar/2023:09:52:59 +0800] "GET /xingrg/images/blue/button/back2over.gif HTTP/1.1" 200 1335
120.253.135.82 - - [05/Mar/2023:09:52:59 +0800] "GET /xingrg/images/blue/button/backover.gif HTTP/1.1" 200 1348
120.253.135.82 - - [05/Mar/2023:09:52:59 +0800] "GET /xingrg/images/blue/button/advanceover.gif HTTP/1.1" 200 1347
120.253.135.82 - - [05/Mar/2023:09:52:59 +0800] "GET /xingrg/images/blue/button/advance2over.gif HTTP/1.1" 200 1336
120.253.135.82 - - [05/Mar/2023:09:52:59 +0800] "GET /xingrg/images/control/loading.gif HTTP/1.1" 200 13463
120.253.135.82 - - [05/Mar/2023:09:52:59 +0800] "GET /xingrg/javascript/jquery_easy_ui/themes/icons/help.png HTTP/1.1" 200 1187
120.253.135.82 - - [05/Mar/2023:09:53:01 +0800] "POST /xingrg/all/report/load_report_page.html HTTP/1.1" 200 34916
120.253.135.82 - - [05/Mar/2023:09:53:01 +0800] "GET /xingrg/servlets/image?cache=0.1825185682567817&image=px HTTP/1.1" 200 807
180.169.147.146 - - [05/Mar/2023:09:53:02 +0800] "GET /xingrg/all/function/internal_message.html?_=1677981219004&CODE_STATE=getMsg HTTP/1.1" 302 -
180.169.147.146 - - [05/Mar/2023:09:53:03 +0800] "GET /xingrg/all/function/internal_message.html?_=1677981201287&CODE_STATE=getMsg HTTP/1.1" 200 27
222.70.221.209 - - [05/Mar/2023:09:53:03 +0800] "GET /xingrg/all/function/internal_message.html?_=1677981327144&CODE_STATE=getMsg HTTP/1.1" 200 27
116.225.84.253 - - [05/Mar/2023:09:53:07 +0800] "GET /xingrg/kc/buy/cgsh_order_operate.html?command=get_materiel&rest_code=00105&code=00101006065&supplier_code=00100012&order_time=2023-03-05 HTTP/1.1" 200 409
120.253.135.82 - - [05/Mar/2023:09:53:09 +0800] "GET /xingrg/kc/guide/show_order.html?code=312023022700624&type=31 HTTP/1.1" 302 -
120.253.135.82 - - [05/Mar/2023:09:53:09 +0800] "GET /xingrg/kc/pszx/mdps_order_info.html?code=312023022700624&sysBaseUrl=http%3A%2F%2F180.169.147.146%3A18081%2Fxingrg%2F&costTime=1×tamp=1677981189117 HTTP/1.1" 200 19644
120.253.135.82 - - [05/Mar/2023:09:53:10 +0800] "GET /favicon.ico HTTP/1.1" 404 -
120.253.135.82 - - [05/Mar/2023:09:53:10 +0800] "GET /xingrg/javascript/easyui/themes/default/validatebox.css HTTP/1.1" 404 1104
180.164.3.199 - - [05/Mar/2023:09:53:10 +0800] "GET /xingrg/all/function/internal_message.html?_=1677981208939&CODE_STATE=getMsg HTTP/1.1" 200 27
120.253.135.82 - - [05/Mar/2023:09:53:11 +0800] "POST /xingrg/kc/pszx/mdps_order_operate.html HTTP/1.1" 200 507
120.253.135.82 - - [05/Mar/2023:09:53:15 +0800] "GET /xingrg/check_reg.html?_=1677981038748 HTTP/1.1" 200 22
116.225.84.253 - - [05/Mar/2023:09:53:19 +0800] "GET /xingrg/kc/buy/cgsh_order_operate.html?command=get_materiel&rest_code=00105&code=00101006184&supplier_code=00100012&order_time=2023-03-05 HTTP/1.1" 200 408
120.253.135.82 - - [05/Mar/2023:09:53:23 +0800] "GET /xingrg/kc/guide/show_order.html?code=212023030100001&type=21 HTTP/1.1" 302 -
120.253.135.82 - - [05/Mar/2023:09:53:24 +0800] "GET /xingrg/all/function/internal_message.html?_=1677981047921&CODE_STATE=getMsg HTTP/1.1" 200 27
120.253.135.82 - - [05/Mar/2023:09:53:25 +0800] "GET /xingrg/kc/buy/cgsh_order_info.html?code=212023030100001&sysBaseUrl=http%3A%2F%2F180.169.147.146%3A18081%2Fxingrg%2F&costTime=1×tamp=1677981203237 HTTP/1.1" 200 63927
120.253.135.82 - - [05/Mar/2023:09:53:25 +0800] "GET /favicon.ico HTTP/1.1" 404 -
120.253.135.82 - - [05/Mar/2023:09:53:25 +0800] "GET /xingrg/javascript/easyui/themes/default/validatebox.css HTTP/1.1" 404 1104
120.253.135.82 - - [05/Mar/2023:09:53:26 +0800] "POST /xingrg/kc/buy/cgsh_order_operate.html HTTP/1.1" 200 621
222.70.182.154 - - [05/Mar/2023:09:53:27 +0800] "GET /xingrg/all/function/internal_message.html?_=1677981222566&CODE_STATE=getMsg HTTP/1.1" 200 27
114.83.222.182 - - [05/Mar/2023:09:53:28 +0800] "GET /xingrg/all/function/internal_message.html?_=1677981285839&CODE_STATE=getMsg HTTP/1.1" 200 27
120.253.135.82 - - [05/Mar/2023:09:53:28 +0800] "GET /xingrg/kc/guide/show_order.html?code=312023022800648&type=31 HTTP/1.1" 302 -
120.253.135.82 - - [05/Mar/2023:09:53:29 +0800] "GET /xingrg/kc/pszx/mdps_order_info.html?code=312023022800648&sysBaseUrl=http%3A%2F%2F180.169.147.146%3A18081%2Fxingrg%2F&costTime=1×tamp=1677981208798 HTTP/1.1" 200 19653
180.157.253.110 - - [05/Mar/2023:09:53:29 +0800] "GET /xingrg/all/function/internal_message.html?_=1677981230129&CODE_STATE=getMsg HTTP/1.1" 200 27
180.157.253.110 - - [05/Mar/2023:09:53:29 +0800] "GET /xingrg/check_reg.html?_=1677981230287 HTTP/1.1" 200 22
180.157.253.110 - - [05/Mar/2023:09:53:29 +0800] "GET /xingrg/all/function/internal_message.html?_=1677981230296&CODE_STATE=getMsg HTTP/1.1" 200 27
120.253.135.82 - - [05/Mar/2023:09:53:30 +0800] "GET /favicon.ico HTTP/1.1" 404 -
120.253.135.82 - - [05/Mar/2023:09:53:30 +0800] "GET /xingrg/javascript/easyui/themes/default/validatebox.css HTTP/1.1" 404 1104
120.253.135.82 - - [05/Mar/2023:09:53:30 +0800] "GET /xingrg/kc/guide/show_order.html?code=312023022800648&type=31 HTTP/1.1" 302 -
120.253.135.82 - - [05/Mar/2023:09:53:31 +0800] "POST /xingrg/kc/pszx/mdps_order_operate.html HTTP/1.1" 200 502
120.253.135.82 - - [05/Mar/2023:09:53:31 +0800] "GET /xingrg/kc/pszx/mdps_order_info.html?code=312023022800648&sysBaseUrl=http%3A%2F%2F180.169.147.146%3A18081%2Fxingrg%2F&costTime=9×tamp=1677981210145 HTTP/1.1" 200 19653
120.253.135.82 - - [05/Mar/2023:09:53:31 +0800] "GET /favicon.ico HTTP/1.1" 404 -
120.253.135.82 - - [05/Mar/2023:09:53:32 +0800] "GET /xingrg/javascript/easyui/themes/default/validatebox.css HTTP/1.1" 404 1104
120.253.135.82 - - [05/Mar/2023:09:53:32 +0800] "POST /xingrg/kc/pszx/mdps_order_operate.html HTTP/1.1" 200 502
116.238.139.35 - - [05/Mar/2023:09:53:35 +0800] "GET /xingrg/all/function/internal_message.html?_=1677981235752&CODE_STATE=getMsg HTTP/1.1" 200 27
116.225.84.253 - - [05/Mar/2023:09:53:36 +0800] "GET /xingrg/all/function/internal_message.html?_=1677981235011&CODE_STATE=getMsg HTTP/1.1" 200 27
116.225.84.253 - - [05/Mar/2023:09:53:36 +0800] "GET /xingrg/kc/buy/cgsh_order_operate.html?command=get_materiel&rest_code=00105&code=00101006055&supplier_code=00100012&order_time=2023-03-05 HTTP/1.1" 200 409
116.230.116.110 - - [05/Mar/2023:09:53:36 +0800] "GET /xingrg/all/function/internal_message.html?_=1677981257172&CODE_STATE=getMsg HTTP/1.1" 302 -
124.78.153.244 - - [05/Mar/2023:09:53:38 +0800] "GET /xingrg/all/function/internal_message.html?_=1677981233451&CODE_STATE=getMsg HTTP/1.1" 200 27
124.78.153.244 - - [05/Mar/2023:09:53:38 +0800] "GET /xingrg/check_reg.html?_=1677981233456 HTTP/1.1" 200 22
172.20.0.100 - - [05/Mar/2023:09:53:41 +0800] "GET /xingrg/all/function/internal_message.html?_=1677981238438&CODE_STATE=getMsg HTTP/1.1" 200 27
116.230.116.110 - - [05/Mar/2023:09:53:42 +0800] "GET /xingrg/all/function/internal_message.html?_=1677981266203&CODE_STATE=getMsg HTTP/1.1" 200 27
116.238.139.35 - - [05/Mar/2023:09:53:43 +0800] "GET /xingrg/check_reg.html?_=1677981172662 HTTP/1.1" 200 22
116.238.139.35 - - [05/Mar/2023:09:53:44 +0800] "GET /xingrg/all/function/internal_message.html?_=1677981173030&CODE_STATE=getMsg HTTP/1.1" 200 27
116.225.84.253 - - [05/Mar/2023:09:53:44 +0800] "GET /xingrg/kc/buy/cgsh_order_operate.html?command=get_materiel&rest_code=00105&code=00101006195&supplier_code=00100012&order_time=2023-03-05 HTTP/1.1" 200 409
58.221.95.50 - - [05/Mar/2023:09:53:48 +0800] "GET /xingrg/all/function/internal_message.html?_=1677981246653&CODE_STATE=getMsg HTTP/1.1" 200 27
116.192.124.172 - - [05/Mar/2023:09:53:49 +0800] "GET /xingrg/all/function/internal_message.html?_=1677981246753&CODE_STATE=getMsg HTTP/1.1" 200 27
101.229.22.234 - - [05/Mar/2023:09:53:49 +0800] "POST /xingrg/login.do HTTP/1.1" 302 -
101.229.22.234 - - [05/Mar/2023:09:53:50 +0800] "GET /xingrg/index.html?sysBaseUrl=http%3A%2F%2F180.169.147.146%3A18081%2Fxingrg%2F&costTime=1166×tamp=1677981229982 HTTP/1.1" 200 17179
101.229.22.234 - - [05/Mar/2023:09:53:50 +0800] "GET /xingrg/javascript/jquery_easy_ui/easyui-lang-zh_CN.js HTTP/1.1" 304 -
101.229.22.234 - - [05/Mar/2023:09:53:50 +0800] "GET /xingrg/javascript/jquery_easy_ui/themes/default/easyui.css HTTP/1.1" 304 -
101.229.22.234 - - [05/Mar/2023:09:53:50 +0800] "GET /xingrg/javascript/jquery_easy_ui/themes/icon.css HTTP/1.1" 304 -
101.229.22.234 - - [05/Mar/2023:09:53:50 +0800] "GET /xingrg/javascript/jquery-1.4.2.min.js HTTP/1.1" 304 -
101.229.22.234 - - [05/Mar/2023:09:53:50 +0800] "GET /xingrg/css/form.css HTTP/1.1" 304 -
101.229.22.234 - - [05/Mar/2023:09:53:50 +0800] "GET /xingrg/javascript/jquery_easy_ui/jquery.easyui.min.js HTTP/1.1" 304 -
101.229.22.234 - - [05/Mar/2023:09:53:50 +0800] "GET /xingrg/javascript/jquery.form.js HTTP/1.1" 304 -
101.229.22.234 - - [05/Mar/2023:09:53:50 +0800] "GET /xingrg/javascript/jquery.utils.js HTTP/1.1" 304 -
101.229.22.234 - - [05/Mar/2023:09:53:50 +0800] "GET /xingrg/javascript/jquery.timers.js HTTP/1.1" 304 -
101.229.22.234 - - [05/Mar/2023:09:53:50 +0800] "GET /favicon.ico HTTP/1.1" 404 -
101.229.22.234 - - [05/Mar/2023:09:53:50 +0800] "GET /xingrg/javascript/jquery_easy_ui/themes/icons/settle_new.png HTTP/1.1" 304 -
101.229.22.234 - - [05/Mar/2023:09:53:50 +0800] "GET /xingrg/images/blue/navBackgound.jpg HTTP/1.1" 304 -
101.229.22.234 - - [05/Mar/2023:09:53:50 +0800] "GET /xingrg/all/function/internal_message.html?_=1677981247233&CODE_STATE=count HTTP/1.1" 200 11
101.229.22.234 - - [05/Mar/2023:09:53:50 +0800] "GET /xingrg/check_reg.html?_=1677981247234 HTTP/1.1" 200 22
101.229.22.234 - - [05/Mar/2023:09:53:50 +0800] "GET /xingrg/images/blue/pingpu.png HTTP/1.1" 304 -
101.229.22.234 - - [05/Mar/2023:09:53:50 +0800] "GET /xingrg/javascript/jquery_easy_ui/themes/default/images/tabs_leftarrow.png HTTP/1.1" 304 -
101.229.22.234 - - [05/Mar/2023:09:53:50 +0800] "POST /xingrg/all/common/load_tree.html?tree=area_rest_tree_json&manage=1 HTTP/1.1" 200 351
101.229.22.234 - - [05/Mar/2023:09:53:50 +0800] "GET /xingrg/javascript/jquery_easy_ui/themes/default/images/tabs_rightarrow.png HTTP/1.1" 304 -
101.229.22.234 - - [05/Mar/2023:09:53:50 +0800] "GET /xingrg/javascript/jquery_easy_ui/themes/default/images/panel_tool_collapse.gif HTTP/1.1" 304 -
58.40.7.146 - - [05/Mar/2023:09:53:50 +0800] "GET /xingrg/all/function/internal_message.html?_=1677981248547&CODE_STATE=getMsg HTTP/1.1" 200 27
58.40.7.146 - - [05/Mar/2023:09:53:50 +0800] "GET /xingrg/all/function/internal_message.html?_=1677981248588&CODE_STATE=getMsg HTTP/1.1" 200 27
101.229.22.234 - - [05/Mar/2023:09:53:50 +0800] "POST /xingrg/load_menu.html HTTP/1.1" 200 5138
101.229.22.234 - - [05/Mar/2023:09:53:50 +0800] "GET /xingrg/javascript/jquery_easy_ui/themes/default/images/tabs_active.png HTTP/1.1" 304 -
101.229.22.234 - - [05/Mar/2023:09:53:51 +0800] "GET /xingrg/javascript/jquery_easy_ui/themes/default/images/tree_arrows.gif HTTP/1.1" 304 -
101.229.22.234 - - [05/Mar/2023:09:53:51 +0800] "GET /xingrg/javascript/jquery_easy_ui/themes/default/images/tree_folder_open.gif HTTP/1.1" 304 -
101.229.22.234 - - [05/Mar/2023:09:53:51 +0800] "GET /xingrg/javascript/jquery_easy_ui/themes/icons/search_new.png HTTP/1.1" 304 -
101.229.22.234 - - [05/Mar/2023:09:53:51 +0800] "GET /xingrg/javascript/jquery_easy_ui/themes/default/images/tree_folder.gif HTTP/1.1" 304 -
101.229.22.234 - - [05/Mar/2023:09:53:51 +0800] "GET /xingrg/javascript/jquery_easy_ui/themes/icons/storage_new.png HTTP/1.1" 304 -
101.229.22.234 - - [05/Mar/2023:09:53:51 +0800] "GET /xingrg/javascript/jquery_easy_ui/themes/icons/forms_new.png HTTP/1.1" 304 -
101.229.22.234 - - [05/Mar/2023:09:53:51 +0800] "GET /xingrg/javascript/jquery_easy_ui/themes/default/images/tree_file.gif HTTP/1.1" 304 -
58.40.7.146 - - [05/Mar/2023:09:53:51 +0800] "GET /xingrg/check_reg.html?_=1677981249720 HTTP/1.1" 200 22
116.225.84.253 - - [05/Mar/2023:09:53:53 +0800] "GET /xingrg/kc/buy/cgsh_order_operate.html?command=get_materiel&rest_code=00105&code=00101006171&supplier_code=00100012&order_time=2023-03-05 HTTP/1.1" 200 425
116.225.84.253 - - [05/Mar/2023:09:53:55 +0800] "GET /xingrg/all/function/internal_message.html?_=1677981098220&CODE_STATE=getMsg HTTP/1.1" 200 27
101.229.22.234 - - [05/Mar/2023:09:53:57 +0800] "GET /xingrg/javascript/jquery_easy_ui/themes/icons/rest.png HTTP/1.1" 304 -
101.229.22.234 - - [05/Mar/2023:09:53:57 +0800] "GET /xingrg/javascript/jquery_easy_ui/themes/icons/area.png HTTP/1.1" 304 -
180.169.147.146 - - [05/Mar/2023:09:53:59 +0800] "GET /xingrg/all/function/internal_message.html?_=1677981256044&CODE_STATE=getMsg HTTP/1.1" 200 27
101.229.22.234 - - [05/Mar/2023:09:54:01 +0800] "GET /xingrg/javascript/jquery_easy_ui/themes/default/images/tabs_close.gif HTTP/1.1" 304 -
101.229.22.234 - - [05/Mar/2023:09:54:02 +0800] "GET /xingrg/css/site.css HTTP/1.1" 304 -
101.229.22.234 - - [05/Mar/2023:09:54:02 +0800] "GET /xingrg/css/base.css HTTP/1.1" 304 -
101.229.22.234 - - [05/Mar/2023:09:54:02 +0800] "GET /xingrg/javascript/jquery_tools/datebox.css HTTP/1.1" 304 -
101.229.22.234 - - [05/Mar/2023:09:54:02 +0800] "GET /xingrg/javascript/easyui/themes/default/easyui.css HTTP/1.1" 304 -
101.229.22.234 - - [05/Mar/2023:09:54:02 +0800] "GET /xingrg/javascript/easyui/themes/icon.css HTTP/1.1" 304 -
101.229.22.234 - - [05/Mar/2023:09:54:02 +0800] "GET /xingrg/javascript/auto/jquery.autocomplete.css HTTP/1.1" 304 -
101.229.22.234 - - [05/Mar/2023:09:54:02 +0800] "GET /xingrg/javascript/jquery_tools/fix.css HTTP/1.1" 304 -
101.229.22.234 - - [05/Mar/2023:09:54:02 +0800] "GET /xingrg/kc/base/yddb_order_list.html HTTP/1.1" 200 16710
101.229.22.234 - - [05/Mar/2023:09:54:02 +0800] "GET /xingrg/javascript/jquery_tools/table.css HTTP/1.1" 304 -
101.229.22.234 - - [05/Mar/2023:09:54:02 +0800] "GET /xingrg/javascript/jquery_tools/jquery.tools.min.js HTTP/1.1" 304 -
101.229.22.234 - - [05/Mar/2023:09:54:02 +0800] "GET /xingrg/javascript/jquery_tools/jquery.tools.extend.js HTTP/1.1" 304 -
101.229.22.234 - - [05/Mar/2023:09:54:02 +0800] "GET /xingrg/javascript/jquery_tools/jquery.tools.hotkey.js HTTP/1.1" 304 -
101.229.22.234 - - [05/Mar/2023:09:54:02 +0800] "GET /xingrg/javascript/jquery_tools/jquery.tools.table.js HTTP/1.1" 304 -
101.229.22.234 - - [05/Mar/2023:09:54:02 +0800] "GET /xingrg/javascript/auto/jquery.autocomplete.js HTTP/1.1" 304 -
101.229.22.234 - - [05/Mar/2023:09:54:02 +0800] "GET /xingrg/javascript/jquery_tools/list_manager.js HTTP/1.1" 304 -
101.229.22.234 - - [05/Mar/2023:09:54:02 +0800] "GET /xingrg/javascript/easyui/easyloader.js HTTP/1.1" 304 -
101.229.22.234 - - [05/Mar/2023:09:54:02 +0800] "GET /xingrg/javascript/jquery.cookie.js HTTP/1.1" 304 -
101.229.22.234 - - [05/Mar/2023:09:54:02 +0800] "GET /xingrg/javascript/print/LodopFuncs.js HTTP/1.1" 304 -
116.225.84.253 - - [05/Mar/2023:09:54:02 +0800] "GET /xingrg/kc/buy/cgsh_order_operate.html?command=get_materiel&rest_code=00105&code=00101006040&supplier_code=00100012&order_time=2023-03-05 HTTP/1.1" 200 417
180.169.147.146 - - [05/Mar/2023:09:54:02 +0800] "GET /xingrg/all/function/internal_message.html?_=1677981279003&CODE_STATE=getMsg HTTP/1.1" 302 -
180.169.147.146 - - [05/Mar/2023:09:54:02 +0800] "GET /xingrg/check_reg.html?_=1677981279004 HTTP/1.1" 302 -
101.229.22.234 - - [05/Mar/2023:09:54:02 +0800] "GET /xingrg/javascript/easyui/themes/icons/edit_add_new.png HTTP/1.1" 304 -
101.229.22.234 - - [05/Mar/2023:09:54:02 +0800] "GET /xingrg/javascript/easyui/themes/icons/import_new.png HTTP/1.1" 304 -
101.229.22.234 - - [05/Mar/2023:09:54:02 +0800] "GET /xingrg/javascript/easyui/themes/icons/field_new.png HTTP/1.1" 304 -
101.229.22.234 - - [05/Mar/2023:09:54:02 +0800] "GET /xingrg/javascript/easyui/plugins/jquery.parser.js HTTP/1.1" 304 -
101.229.22.234 - - [05/Mar/2023:09:54:02 +0800] "GET /xingrg/images/control/ajaxLoader.gif HTTP/1.1" 304 -
101.229.22.234 - - [05/Mar/2023:09:54:02 +0800] "POST /xingrg/kc/base/yddb_list_operate.html HTTP/1.1" 200 1346
180.169.147.146 - - [05/Mar/2023:09:54:03 +0800] "GET /xingrg/all/function/internal_message.html?_=1677981261262&CODE_STATE=getMsg HTTP/1.1" 200 27
222.70.221.209 - - [05/Mar/2023:09:54:03 +0800] "GET /xingrg/all/function/internal_message.html?_=1677981387131&CODE_STATE=getMsg HTTP/1.1" 200 27
120.253.135.82 - - [05/Mar/2023:09:54:04 +0800] "GET /xingrg/kc/base/stock_operate.html?_=1677981087500&command=get_report_file&start_day=20230201 HTTP/1.1" 200 53
120.253.135.82 - - [05/Mar/2023:09:54:04 +0800] "GET /xingrg/all/report/report_query.html?isQuery=1&onlyBody=1&rh=2000&fileName=kc/base/kc_stock_detail_new.xml&queryString=(1=1)&queryText=&tableQueryString=init_table$sp1$$sp$crk_table$sp1$order_day%20between%2020230201%20and%2020230331&varString=start_day:20230201,materiel_code:00101006002,cost_id:4165,end_date:20230131 HTTP/1.1" 200 48701
120.253.135.82 - - [05/Mar/2023:09:54:04 +0800] "GET /xingrg/dwr/interface/AjaxReportQueryService.js HTTP/1.1" 200 13203
120.253.135.82 - - [05/Mar/2023:09:54:04 +0800] "GET /xingrg/dwr/engine.js HTTP/1.1" 200 43631
101.229.22.234 - - [05/Mar/2023:09:54:04 +0800] "POST /xingrg/kc/base/yddb_list_operate.html HTTP/1.1" 200 608
101.229.22.234 - - [05/Mar/2023:09:54:07 +0800] "GET /xingrg/kc/base/yddb_order_info.html?code=482023030400031 HTTP/1.1" 200 30655
101.229.22.234 - - [05/Mar/2023:09:54:07 +0800] "GET /xingrg/javascript/pic_change.js HTTP/1.1" 304 -
101.229.22.234 - - [05/Mar/2023:09:54:07 +0800] "GET /xingrg/css/blue.css HTTP/1.1" 200 15949
101.229.22.234 - - [05/Mar/2023:09:54:07 +0800] "GET /xingrg/dwr/util.js HTTP/1.1" 200 35990
101.229.22.234 - - [05/Mar/2023:09:54:07 +0800] "GET /xingrg/dwr/interface/AjaxComOrderService.js HTTP/1.1" 200 18264
101.229.22.234 - - [05/Mar/2023:09:54:07 +0800] "GET /xingrg/javascript/Calendar.js HTTP/1.1" 200 31561
101.229.22.234 - - [05/Mar/2023:09:54:07 +0800] "GET /xingrg/javascript/AjaxInfoList.js HTTP/1.1" 200 3774
101.229.22.234 - - [05/Mar/2023:09:54:07 +0800] "GET /xingrg/dwr/interface/AjaxYddbService.js HTTP/1.1" 200 13201
101.229.22.234 - - [05/Mar/2023:09:54:07 +0800] "GET /xingrg/javascript/Grid.js HTTP/1.1" 200 58908
101.229.22.234 - - [05/Mar/2023:09:54:07 +0800] "GET /xingrg/javascript/checkform.js HTTP/1.1" 200 18351
101.229.22.234 - - [05/Mar/2023:09:54:07 +0800] "GET /xingrg/javascript/ToolTips.js HTTP/1.1" 200 5615
101.229.22.234 - - [05/Mar/2023:09:54:07 +0800] "GET /xingrg/javascript/myfunction.js HTTP/1.1" 200 24559
120.253.135.82 - - [05/Mar/2023:09:54:07 +0800] "POST /xingrg/all/report/load_report_page.html HTTP/1.1" 200 123030
120.253.135.82 - - [05/Mar/2023:09:54:07 +0800] "GET /xingrg/servlets/image?cache=0.5616927365763655&image=px HTTP/1.1" 200 807
101.229.22.234 - - [05/Mar/2023:09:54:07 +0800] "GET /xingrg/dwr/engine.js HTTP/1.1" 200 43631
101.229.22.234 - - [05/Mar/2023:09:54:07 +0800] "GET /xingrg/javascript/jquery_easy_ui/themes/icons/check_new.png HTTP/1.1" 200 3224
101.229.22.234 - - [05/Mar/2023:09:54:07 +0800] "GET /xingrg/javascript/jquery_easy_ui/themes/icons/edit_add_new.png HTTP/1.1" 200 2997
101.229.22.234 - - [05/Mar/2023:09:54:07 +0800] "GET /xingrg/javascript/jquery_easy_ui/themes/icons/print.png HTTP/1.1" 200 1057
101.229.22.234 - - [05/Mar/2023:09:54:07 +0800] "GET /xingrg/javascript/jquery_easy_ui/themes/default/images/menu_downarrow.png HTTP/1.1" 200 173
101.229.22.234 - - [05/Mar/2023:09:54:07 +0800] "GET /xingrg/javascript/jquery_easy_ui/themes/icons/cance_new.png HTTP/1.1" 200 3986
101.229.22.234 - - [05/Mar/2023:09:54:07 +0800] "GET /xingrg/javascript/jquery_easy_ui/themes/icons/back_new.png HTTP/1.1" 200 3414
101.229.22.234 - - [05/Mar/2023:09:54:07 +0800] "GET /xingrg/images/blue/button/kc_tab_add.gif HTTP/1.1" 200 375
101.229.22.234 - - [05/Mar/2023:09:54:07 +0800] "GET /xingrg/images/blue/button/kc_tab_edit.gif HTTP/1.1" 200 551
101.229.22.234 - - [05/Mar/2023:09:54:07 +0800] "GET /xingrg/images/blue/button/kc_tab_del.gif HTTP/1.1" 200 383
101.229.22.234 - - [05/Mar/2023:09:54:07 +0800] "GET /xingrg/images/blue/button/kc_tab_save.gif HTTP/1.1" 200 777
101.229.22.234 - - [05/Mar/2023:09:54:07 +0800] "GET /xingrg/images/blue/wait.gif HTTP/1.1" 200 1100
101.229.22.234 - - [05/Mar/2023:09:54:07 +0800] "GET /xingrg/images/blue/kc_tab_mid.gif HTTP/1.1" 200 44
101.229.22.234 - - [05/Mar/2023:09:54:07 +0800] "GET /xingrg/images/blue/kc_tab_left.gif HTTP/1.1" 200 188
101.229.22.234 - - [05/Mar/2023:09:54:07 +0800] "GET /xingrg/images/blue/kc_tab_right.gif HTTP/1.1" 200 643
101.229.22.234 - - [05/Mar/2023:09:54:07 +0800] "GET /xingrg/images/blue/kc_tab2_left.gif HTTP/1.1" 200 625
101.229.22.234 - - [05/Mar/2023:09:54:07 +0800] "GET /xingrg/images/blue/kc_tab2_right.gif HTTP/1.1" 200 192
101.229.22.234 - - [05/Mar/2023:09:54:08 +0800] "POST /xingrg/dwr/call/plaincall/AjaxYddbService.loadMaterielItems.dwr HTTP/1.1" 200 3042
180.164.3.199 - - [05/Mar/2023:09:54:10 +0800] "GET /xingrg/all/function/internal_message.html?_=1677981268934&CODE_STATE=getMsg HTTP/1.1" 200 27
116.225.84.253 - - [05/Mar/2023:09:54:19 +0800] "POST /xingrg/kc/buy/cgsh_order_operate.html HTTP/1.1" 200 37
120.253.135.82 - - [05/Mar/2023:09:54:20 +0800] "GET /xingrg/kc/guide/show_order.html?code=312023022600604&type=31 HTTP/1.1" 302 -
120.253.135.82 - - [05/Mar/2023:09:54:20 +0800] "GET /xingrg/kc/pszx/mdps_order_info.html?code=312023022600604&sysBaseUrl=http%3A%2F%2F180.169.147.146%3A18081%2Fxingrg%2F&costTime=1×tamp=1677981260258 HTTP/1.1" 200 19644
120.253.135.82 - - [05/Mar/2023:09:54:21 +0800] "GET /favicon.ico HTTP/1.1" 404 -
116.225.84.253 - - [05/Mar/2023:09:54:21 +0800] "POST /xingrg/kc/buy/cgsh_order_operate.html HTTP/1.1" 200 9207
120.253.135.82 - - [05/Mar/2023:09:54:21 +0800] "GET /xingrg/javascript/easyui/themes/default/validatebox.css HTTP/1.1" 404 1104
120.253.135.82 - - [05/Mar/2023:09:54:22 +0800] "POST /xingrg/kc/pszx/mdps_order_operate.html HTTP/1.1" 200 503
116.225.84.253 - - [05/Mar/2023:09:54:23 +0800] "GET /xingrg/kc/print/load_data.html?order_code=212023030501564&kc_code=cgsh&condition= HTTP/1.1" 200 3257
120.253.135.82 - - [05/Mar/2023:09:54:25 +0800] "GET /xingrg/all/function/internal_message.html?_=1677981108083&CODE_STATE=getMsg HTTP/1.1" 200 27
222.70.182.154 - - [05/Mar/2023:09:54:27 +0800] "GET /xingrg/all/function/internal_message.html?_=1677981282564&CODE_STATE=getMsg HTTP/1.1" 200 27
114.83.222.182 - - [05/Mar/2023:09:54:28 +0800] "GET /xingrg/all/function/internal_message.html?_=1677981345838&CODE_STATE=getMsg HTTP/1.1" 200 27
114.83.222.182 - - [05/Mar/2023:09:54:28 +0800] "GET /xingrg/check_reg.html?_=1677981346538 HTTP/1.1" 200 22
180.157.253.110 - - [05/Mar/2023:09:54:29 +0800] "GET /xingrg/check_reg.html?_=1677981290127 HTTP/1.1" 200 22
180.157.253.110 - - [05/Mar/2023:09:54:29 +0800] "GET /xingrg/all/function/internal_message.html?_=1677981290131&CODE_STATE=getMsg HTTP/1.1" 200 27
180.157.253.110 - - [05/Mar/2023:09:54:29 +0800] "GET /xingrg/all/function/internal_message.html?_=1677981290294&CODE_STATE=getMsg HTTP/1.1" 200 27
120.253.135.82 - - [05/Mar/2023:09:54:30 +0800] "GET /xingrg/kc/guide/show_order.html?code=312023022600603&type=31 HTTP/1.1" 302 -
120.253.135.82 - - [05/Mar/2023:09:54:31 +0800] "GET /xingrg/kc/pszx/mdps_order_info.html?code=312023022600603&sysBaseUrl=http%3A%2F%2F180.169.147.146%3A18081%2Fxingrg%2F&costTime=1×tamp=1677981270677 HTTP/1.1" 200 19638
120.253.135.82 - - [05/Mar/2023:09:54:31 +0800] "GET /favicon.ico HTTP/1.1" 404 -
120.253.135.82 - - [05/Mar/2023:09:54:32 +0800] "GET /xingrg/javascript/easyui/themes/default/validatebox.css HTTP/1.1" 404 1104
120.253.135.82 - - [05/Mar/2023:09:54:32 +0800] "POST /xingrg/kc/pszx/mdps_order_operate.html HTTP/1.1" 200 500
116.238.139.35 - - [05/Mar/2023:09:54:35 +0800] "GET /xingrg/all/function/internal_message.html?_=1677981295738&CODE_STATE=getMsg HTTP/1.1" 200 27
116.225.84.253 - - [05/Mar/2023:09:54:36 +0800] "GET /xingrg/all/function/internal_message.html?_=1677981294955&CODE_STATE=getMsg HTTP/1.1" 200 27
116.230.116.110 - - [05/Mar/2023:09:54:36 +0800] "GET /xingrg/all/function/internal_message.html?_=1677981317174&CODE_STATE=getMsg HTTP/1.1" 302 -
124.78.153.244 - - [05/Mar/2023:09:54:38 +0800] "GET /xingrg/all/function/internal_message.html?_=1677981293456&CODE_STATE=getMsg HTTP/1.1" 200 27
172.20.0.100 - - [05/Mar/2023:09:54:41 +0800] "GET /xingrg/all/function/internal_message.html?_=1677981298444&CODE_STATE=getMsg HTTP/1.1" 200 27
172.20.0.100 - - [05/Mar/2023:09:54:41 +0800] "GET /xingrg/check_reg.html?_=1677981298446 HTTP/1.1" 200 22
116.230.116.110 - - [05/Mar/2023:09:54:42 +0800] "GET /xingrg/all/function/internal_message.html?_=1677981326216&CODE_STATE=getMsg HTTP/1.1" 200 27
116.238.139.35 - - [05/Mar/2023:09:54:44 +0800] "GET /xingrg/all/function/internal_message.html?_=1677981233044&CODE_STATE=getMsg HTTP/1.1" 200 27
58.40.7.146 - - [05/Mar/2023:09:54:46 +0800] "GET /xingrg/check_reg.html?_=1677981304857 HTTP/1.1" 200 22
58.221.95.50 - - [05/Mar/2023:09:54:48 +0800] "GET /xingrg/all/function/internal_message.html?_=1677981306658&CODE_STATE=getMsg HTTP/1.1" 200 27
116.192.124.172 - - [05/Mar/2023:09:54:49 +0800] "GET /xingrg/all/function/internal_message.html?_=1677981306745&CODE_STATE=getMsg HTTP/1.1" 200 27
101.229.22.234 - - [05/Mar/2023:09:54:50 +0800] "GET /xingrg/all/function/internal_message.html?_=1677981307241&CODE_STATE=getMsg HTTP/1.1" 200 27
58.40.7.146 - - [05/Mar/2023:09:54:50 +0800] "GET /xingrg/all/function/internal_message.html?_=1677981308524&CODE_STATE=getMsg HTTP/1.1" 200 27
58.40.7.146 - - [05/Mar/2023:09:54:50 +0800] "GET /xingrg/all/function/internal_message.html?_=1677981308562&CODE_STATE=getMsg HTTP/1.1" 200 27
116.225.84.253 - - [05/Mar/2023:09:54:55 +0800] "GET /xingrg/all/function/internal_message.html?_=1677981158227&CODE_STATE=getMsg HTTP/1.1" 200 27
120.253.135.82 - - [05/Mar/2023:09:54:58 +0800] "GET /xingrg/kc/guide/show_order.html?code=312023022400540&type=31 HTTP/1.1" 302 -
180.169.147.146 - - [05/Mar/2023:09:54:59 +0800] "GET /xingrg/all/function/internal_message.html?_=1677981316018&CODE_STATE=getMsg HTTP/1.1" 200 27
120.253.135.82 - - [05/Mar/2023:09:54:59 +0800] "GET /xingrg/kc/pszx/mdps_order_info.html?code=312023022400540&sysBaseUrl=http%3A%2F%2F180.169.147.146%3A18081%2Fxingrg%2F&costTime=1×tamp=1677981298478 HTTP/1.1" 200 19644
120.253.135.82 - - [05/Mar/2023:09:54:59 +0800] "GET /favicon.ico HTTP/1.1" 404 -
120.253.135.82 - - [05/Mar/2023:09:54:59 +0800] "GET /xingrg/javascript/easyui/themes/default/validatebox.css HTTP/1.1" 404 1104
120.253.135.82 - - [05/Mar/2023:09:55:00 +0800] "POST /xingrg/kc/pszx/mdps_order_operate.html HTTP/1.1" 200 507
180.169.147.146 - - [05/Mar/2023:09:55:02 +0800] "GET /xingrg/all/function/internal_message.html?_=1677981339003&CODE_STATE=getMsg HTTP/1.1" 302 -
180.169.147.146 - - [05/Mar/2023:09:55:03 +0800] "GET /xingrg/all/function/internal_message.html?_=1677981321243&CODE_STATE=getMsg HTTP/1.1" 200 27
222.70.221.209 - - [05/Mar/2023:09:55:03 +0800] "GET /xingrg/all/function/internal_message.html?_=1677981447118&CODE_STATE=getMsg HTTP/1.1" 200 27
180.164.3.199 - - [05/Mar/2023:09:55:10 +0800] "GET /xingrg/all/function/internal_message.html?_=1677981328951&CODE_STATE=getMsg HTTP/1.1" 200 27
116.230.116.110 - - [05/Mar/2023:09:55:16 +0800] "GET /xingrg/check_reg.html?_=1677981357189 HTTP/1.1" 302 -
116.230.116.110 - - [05/Mar/2023:09:55:19 +0800] "GET /xingrg/check_reg.html?_=1677981363868 HTTP/1.1" 200 22
120.253.135.82 - - [05/Mar/2023:09:55:25 +0800] "GET /xingrg/all/function/internal_message.html?_=1677981168225&CODE_STATE=getMsg HTTP/1.1" 200 27
116.238.139.35 - - [05/Mar/2023:09:55:26 +0800] "POST /xingrg/all/user/operate.html HTTP/1.1" 200 36
116.238.139.35 - - [05/Mar/2023:09:55:26 +0800] "GET /xingrg/javascript/jquery_easy_ui/themes/default/easyui.css HTTP/1.1" 304 -
116.238.139.35 - - [05/Mar/2023:09:55:26 +0800] "GET /xingrg/index.html?sysBaseUrl=http%3A%2F%2F180.169.147.146%3A18081%2Fxingrg%2F&costTime=1120×tamp=1677978406237 HTTP/1.1" 200 17179
116.238.139.35 - - [05/Mar/2023:09:55:26 +0800] "GET /xingrg/javascript/jquery_easy_ui/themes/icon.css HTTP/1.1" 304 -
116.238.139.35 - - [05/Mar/2023:09:55:26 +0800] "GET /xingrg/css/form.css HTTP/1.1" 304 -
116.238.139.35 - - [05/Mar/2023:09:55:27 +0800] "GET /xingrg/javascript/jquery-1.4.2.min.js HTTP/1.1" 304 -
116.238.139.35 - - [05/Mar/2023:09:55:27 +0800] "GET /xingrg/javascript/jquery_easy_ui/jquery.easyui.min.js HTTP/1.1" 304 -
116.238.139.35 - - [05/Mar/2023:09:55:27 +0800] "GET /xingrg/javascript/jquery_easy_ui/easyui-lang-zh_CN.js HTTP/1.1" 304 -
116.238.139.35 - - [05/Mar/2023:09:55:27 +0800] "GET /xingrg/javascript/jquery.form.js HTTP/1.1" 304 -
116.238.139.35 - - [05/Mar/2023:09:55:27 +0800] "GET /xingrg/javascript/jquery.utils.js HTTP/1.1" 304 -
116.238.139.35 - - [05/Mar/2023:09:55:27 +0800] "GET /xingrg/javascript/jquery.timers.js HTTP/1.1" 304 -
116.238.139.35 - - [05/Mar/2023:09:55:27 +0800] "GET /xingrg/images/blue/jxLogo.png HTTP/1.1" 304 -
116.238.139.35 - - [05/Mar/2023:09:55:27 +0800] "GET /xingrg/images/blue/navBackgound.jpg HTTP/1.1" 304 -
116.238.139.35 - - [05/Mar/2023:09:55:27 +0800] "GET /xingrg/javascript/jquery_easy_ui/themes/icons/settle_new.png HTTP/1.1" 304 -
116.238.139.35 - - [05/Mar/2023:09:55:27 +0800] "GET /xingrg/images/blue/pingpu.png HTTP/1.1" 304 -
116.238.139.35 - - [05/Mar/2023:09:55:27 +0800] "GET /xingrg/javascript/jquery_easy_ui/themes/default/images/tabs_leftarrow.png HTTP/1.1" 304 -
116.238.139.35 - - [05/Mar/2023:09:55:27 +0800] "GET /xingrg/javascript/jquery_easy_ui/themes/default/images/tabs_rightarrow.png HTTP/1.1" 304 -
116.238.139.35 - - [05/Mar/2023:09:55:27 +0800] "GET /xingrg/javascript/jquery_easy_ui/themes/default/images/panel_tool_collapse.gif HTTP/1.1" 304 -
116.238.139.35 - - [05/Mar/2023:09:55:27 +0800] "GET /xingrg/all/function/internal_message.html?_=1677981276056&CODE_STATE=count HTTP/1.1" 200 11
116.238.139.35 - - [05/Mar/2023:09:55:27 +0800] "GET /xingrg/check_reg.html?_=1677981276056 HTTP/1.1" 200 22
116.238.139.35 - - [05/Mar/2023:09:55:27 +0800] "POST /xingrg/all/common/load_tree.html?tree=area_rest_tree_json&manage=1 HTTP/1.1" 200 476
116.238.139.35 - - [05/Mar/2023:09:55:27 +0800] "POST /xingrg/load_menu.html HTTP/1.1" 200 5138
222.70.182.154 - - [05/Mar/2023:09:55:27 +0800] "GET /xingrg/all/function/internal_message.html?_=1677981342559&CODE_STATE=getMsg HTTP/1.1" 200 27
114.83.222.182 - - [05/Mar/2023:09:55:28 +0800] "GET /xingrg/all/function/internal_message.html?_=1677981405824&CODE_STATE=getMsg HTTP/1.1" 200 27
180.157.253.110 - - [05/Mar/2023:09:55:29 +0800] "GET /xingrg/all/function/internal_message.html?_=1677981350131&CODE_STATE=getMsg HTTP/1.1" 200 27
180.157.253.110 - - [05/Mar/2023:09:55:29 +0800] "GET /xingrg/all/function/internal_message.html?_=1677981350296&CODE_STATE=getMsg HTTP/1.1" 200 27
116.238.139.35 - - [05/Mar/2023:09:55:32 +0800] "GET /xingrg/kc/buy/cgsh_order_list.html HTTP/1.1" 200 54185
116.238.139.35 - - [05/Mar/2023:09:55:34 +0800] "POST /xingrg/kc/buy/cgsh_list_operate.html HTTP/1.1" 200 986
116.238.139.35 - - [05/Mar/2023:09:55:35 +0800] "GET /xingrg/all/function/internal_message.html?_=1677981355722&CODE_STATE=getMsg HTTP/1.1" 200 27
116.238.139.35 - - [05/Mar/2023:09:55:36 +0800] "GET /xingrg/kc/buy/cgsh_order_add.html HTTP/1.1" 200 70017
116.225.84.253 - - [05/Mar/2023:09:55:36 +0800] "GET /xingrg/all/function/internal_message.html?_=1677981354932&CODE_STATE=getMsg HTTP/1.1" 200 27
116.238.139.35 - - [05/Mar/2023:09:55:36 +0800] "POST /xingrg/kc/buy/cgsh_order_operate.html HTTP/1.1" 200 8245
