116.238.139.35 - - [05/Mar/2023:09:22:47 +0800] "GET /xingrg/all/function/internal_message.html?_=1677979315869&CODE_STATE=getMsg HTTP/1.1" 200 27
116.238.139.35 - - [05/Mar/2023:09:22:47 +0800] "GET /xingrg/kc/print/load_data.html?order_code=212023030501549&kc_code=cgsh&condition= HTTP/1.1" 200 2103
58.221.95.50 - - [05/Mar/2023:09:22:48 +0800] "GET /xingrg/check_reg.html?_=1677979386660 HTTP/1.1" 200 22
58.221.95.50 - - [05/Mar/2023:09:22:48 +0800] "GET /xingrg/all/function/internal_message.html?_=1677979386661&CODE_STATE=getMsg HTTP/1.1" 200 27
116.238.139.35 - - [05/Mar/2023:09:22:50 +0800] "GET /xingrg/kc/buy/cgsh_order_operate.html?command=get_materiel&rest_code=00151&code=00101008169&supplier_code=00100008&order_time=2023-03-05 HTTP/1.1" 200 412
124.78.153.244 - - [05/Mar/2023:09:22:50 +0800] "GET /xingrg/all/function/internal_message.html?_=1677979385658&CODE_STATE=getMsg HTTP/1.1" 200 27
172.20.0.100 - - [05/Mar/2023:09:22:52 +0800] "GET /xingrg/kc/base/crk_hz.html?_=1677979389748&command=get_cost_id&end_date=2023-02-28&start_date=2023-02-01 HTTP/1.1" 200 51
172.20.0.100 - - [05/Mar/2023:09:22:52 +0800] "GET /xingrg/all/report/report_query.html?isQuery=1&onlyBody=1&rh=99999&rw=1800&varString=start:20230201,cost_id:4132,mid:20230201&fileName=kc/base/crk_hz_type_by_base.xml&queryString=%20a.base_code%20in%20('0010816')%20%20and%20m.sort_code%20in%20('00101001','00101002','00101003','00101004','00101005','00101006','00101007','00101008','00101009','00101010','00101011','00101012','00101013','00101014','00101015','00101016','00101017','00101018','00101019','00101020','00101021','00101022','00101023','00101024','00101025','00101026','00101027','00101028','00101029','00101030','00101031','00101032','00101033','00101034','00101036','00101037','00101038','00101039','00101040','00101041','00101042','00101043')%20&queryText=ÈÕÆÚ£º2023-02-01ÖÁ2023-02-28%20²Ö¿â£ºÃâ·ÑÌðÆ·&tableQueryString=materiel_table$sp1$$sp$before_table$sp1$$sp$crk_table$sp1$order_day%20between%2020230201%20and%2020230228 HTTP/1.1" 200 49811
172.20.0.100 - - [05/Mar/2023:09:22:52 +0800] "GET /xingrg/dwr/interface/AjaxReportQueryService.js HTTP/1.1" 200 13203
172.20.0.100 - - [05/Mar/2023:09:22:52 +0800] "GET /xingrg/dwr/engine.js HTTP/1.1" 200 43631
116.225.84.253 - - [05/Mar/2023:09:22:55 +0800] "GET /xingrg/all/function/internal_message.html?_=1677979238166&CODE_STATE=getMsg HTTP/1.1" 200 27
172.20.0.100 - - [05/Mar/2023:09:22:57 +0800] "POST /xingrg/all/report/load_report_page.html HTTP/1.1" 200 94858
172.20.0.100 - - [05/Mar/2023:09:22:57 +0800] "GET /xingrg/servlets/image?cache=0.9104352722807146&image=px HTTP/1.1" 200 807
116.238.139.35 - - [05/Mar/2023:09:22:58 +0800] "GET /xingrg/kc/buy/cgsh_order_operate.html?command=get_materiel&rest_code=00151&code=00101008318&supplier_code=00100008&order_time=2023-03-05 HTTP/1.1" 200 408
114.83.222.182 - - [05/Mar/2023:09:22:59 +0800] "GET /xingrg/kc/buy/cgsh_order_operate.html?command=get_materiel&rest_code=00154&code=00102015020&supplier_code=&order_time=2023-03-05 HTTP/1.1" 200 413
180.169.147.146 - - [05/Mar/2023:09:23:02 +0800] "GET /xingrg/all/function/internal_message.html?_=1677979418981&CODE_STATE=getMsg HTTP/1.1" 302 -
180.169.147.146 - - [05/Mar/2023:09:23:03 +0800] "GET /xingrg/all/function/internal_message.html?_=1677979401673&CODE_STATE=getMsg HTTP/1.1" 200 27
222.70.221.209 - - [05/Mar/2023:09:23:03 +0800] "GET /xingrg/all/function/internal_message.html?_=1677979527703&CODE_STATE=getMsg HTTP/1.1" 200 27
116.238.139.35 - - [05/Mar/2023:09:23:04 +0800] "GET /xingrg/kc/buy/cgsh_order_operate.html?command=get_materiel&rest_code=00151&code=00101008005&supplier_code=00100008&order_time=2023-03-05 HTTP/1.1" 200 412
120.253.135.82 - - [05/Mar/2023:09:23:12 +0800] "GET /xingrg/all/function/internal_message.html?_=1677979236796&CODE_STATE=getMsg HTTP/1.1" 200 27
120.253.135.82 - - [05/Mar/2023:09:23:13 +0800] "GET /xingrg/check_reg.html?_=1677979237642 HTTP/1.1" 200 22
116.225.84.253 - - [05/Mar/2023:09:23:13 +0800] "GET /xingrg/all/function/internal_message.html?_=1677979412464&CODE_STATE=getMsg HTTP/1.1" 200 27
116.238.139.35 - - [05/Mar/2023:09:23:14 +0800] "GET /xingrg/kc/buy/cgsh_order_operate.html?command=get_materiel&rest_code=00151&code=00101008091&supplier_code=00100008&order_time=2023-03-05 HTTP/1.1" 200 413
116.230.116.110 - - [05/Mar/2023:09:23:17 +0800] "POST /xingrg/services/DataTransmitService HTTP/1.1" 200 501
114.83.222.182 - - [05/Mar/2023:09:23:21 +0800] "GET /xingrg/kc/buy/cgsh_order_operate.html?command=get_materiel&rest_code=00154&code=00102002500&supplier_code=&order_time=2023-03-05 HTTP/1.1" 200 453
120.253.135.82 - - [05/Mar/2023:09:23:23 +0800] "GET /xingrg/all/function/internal_message.html?_=1677979550083&CODE_STATE=getMsg HTTP/1.1" 200 27
116.238.139.35 - - [05/Mar/2023:09:23:23 +0800] "GET /xingrg/kc/buy/cgsh_order_operate.html?command=get_materiel&rest_code=00151&code=00101008344&supplier_code=00100008&order_time=2023-03-05 HTTP/1.1" 200 412
222.70.182.154 - - [05/Mar/2023:09:23:24 +0800] "GET /xingrg/all/function/internal_message.html?_=1677979419252&CODE_STATE=getMsg HTTP/1.1" 200 27
116.230.116.110 - - [05/Mar/2023:09:23:26 +0800] "GET /xingrg/kc/buy/cgsh_order_operate.html?command=get_materiel&rest_code=00146&code=00101008305&supplier_code=00100005&order_time=2023-03-05 HTTP/1.1" 200 412
120.253.135.82 - - [05/Mar/2023:09:23:27 +0800] "GET /xingrg/all/function/internal_message.html?_=1677979554309&CODE_STATE=getMsg HTTP/1.1" 200 27
120.253.135.82 - - [05/Mar/2023:09:23:27 +0800] "GET /xingrg/check_reg.html?_=1677979554312 HTTP/1.1" 200 22
114.83.222.182 - - [05/Mar/2023:09:23:28 +0800] "GET /xingrg/all/function/internal_message.html?_=1677979486330&CODE_STATE=getMsg HTTP/1.1" 200 27
180.157.253.110 - - [05/Mar/2023:09:23:29 +0800] "GET /xingrg/all/function/internal_message.html?_=1677979430048&CODE_STATE=getMsg HTTP/1.1" 200 27
180.157.253.110 - - [05/Mar/2023:09:23:29 +0800] "GET /xingrg/all/function/internal_message.html?_=1677979430213&CODE_STATE=getMsg HTTP/1.1" 200 27
180.157.253.110 - - [05/Mar/2023:09:23:29 +0800] "GET /xingrg/check_reg.html?_=1677979430216 HTTP/1.1" 200 22
116.238.139.35 - - [05/Mar/2023:09:23:30 +0800] "GET /xingrg/kc/buy/cgsh_order_operate.html?command=get_materiel&rest_code=00151&code=00101008283&supplier_code=00100008&order_time=2023-03-05 HTTP/1.1" 200 408
116.230.116.110 - - [05/Mar/2023:09:23:32 +0800] "POST /xingrg/kc/buy/cgsh_order_operate.html HTTP/1.1" 200 2065
172.20.0.100 - - [05/Mar/2023:09:23:34 +0800] "GET /xingrg/all/function/internal_message.html?_=1677979431518&CODE_STATE=getMsg HTTP/1.1" 200 27
116.238.139.35 - - [05/Mar/2023:09:23:36 +0800] "GET /xingrg/all/function/internal_message.html?_=1677979436294&CODE_STATE=getMsg HTTP/1.1" 200 27
116.230.116.110 - - [05/Mar/2023:09:23:36 +0800] "GET /xingrg/all/function/internal_message.html?_=1677979456685&CODE_STATE=getMsg HTTP/1.1" 302 -
116.238.139.35 - - [05/Mar/2023:09:23:38 +0800] "GET /xingrg/javascript/jquery_easy_ui/themes/default/images/button_span_bg.gif HTTP/1.1" 304 -
116.238.139.35 - - [05/Mar/2023:09:23:38 +0800] "GET /xingrg/javascript/jquery_easy_ui/themes/icons/ok.png HTTP/1.1" 304 -
116.238.139.35 - - [05/Mar/2023:09:23:38 +0800] "GET /xingrg/javascript/jquery_easy_ui/themes/default/images/button_a_bg.gif HTTP/1.1" 304 -
116.238.139.35 - - [05/Mar/2023:09:23:38 +0800] "GET /xingrg/javascript/jquery_easy_ui/themes/default/images/panel_tools.gif HTTP/1.1" 304 -
116.238.139.35 - - [05/Mar/2023:09:23:38 +0800] "GET /xingrg/javascript/jquery_easy_ui/themes/default/images/panel_title.png HTTP/1.1" 304 -
116.230.116.110 - - [05/Mar/2023:09:23:40 +0800] "GET /xingrg/all/function/internal_message.html?_=1677979464203&CODE_STATE=getMsg HTTP/1.1" 200 27
116.238.139.35 - - [05/Mar/2023:09:23:42 +0800] "POST /xingrg/all/user/operate.html HTTP/1.1" 200 36
116.238.139.35 - - [05/Mar/2023:09:23:42 +0800] "POST /xingrg/kc/buy/cgsh_order_operate.html HTTP/1.1" 200 37
116.238.139.35 - - [05/Mar/2023:09:23:43 +0800] "GET /xingrg/javascript/jquery_easy_ui/themes/default/easyui.css HTTP/1.1" 304 -
116.238.139.35 - - [05/Mar/2023:09:23:43 +0800] "GET /xingrg/index.html?sysBaseUrl=http%3A%2F%2F180.169.147.146%3A18081%2Fxingrg%2F&costTime=1120×tamp=1677978406237 HTTP/1.1" 200 17177
116.238.139.35 - - [05/Mar/2023:09:23:43 +0800] "GET /xingrg/javascript/jquery_easy_ui/themes/icon.css HTTP/1.1" 304 -
116.238.139.35 - - [05/Mar/2023:09:23:43 +0800] "GET /xingrg/css/form.css HTTP/1.1" 304 -
116.238.139.35 - - [05/Mar/2023:09:23:43 +0800] "GET /xingrg/javascript/jquery-1.4.2.min.js HTTP/1.1" 304 -
116.238.139.35 - - [05/Mar/2023:09:23:43 +0800] "GET /xingrg/javascript/jquery_easy_ui/jquery.easyui.min.js HTTP/1.1" 304 -
116.238.139.35 - - [05/Mar/2023:09:23:43 +0800] "GET /xingrg/javascript/jquery_easy_ui/easyui-lang-zh_CN.js HTTP/1.1" 304 -
116.238.139.35 - - [05/Mar/2023:09:23:43 +0800] "GET /xingrg/javascript/jquery.form.js HTTP/1.1" 304 -
116.238.139.35 - - [05/Mar/2023:09:23:43 +0800] "GET /xingrg/javascript/jquery.utils.js HTTP/1.1" 304 -
116.238.139.35 - - [05/Mar/2023:09:23:43 +0800] "GET /xingrg/javascript/jquery.timers.js HTTP/1.1" 304 -
116.238.139.35 - - [05/Mar/2023:09:23:43 +0800] "GET /xingrg/images/blue/navBackgound.jpg HTTP/1.1" 304 -
116.238.139.35 - - [05/Mar/2023:09:23:43 +0800] "GET /xingrg/images/blue/jxLogo.png HTTP/1.1" 304 -
116.238.139.35 - - [05/Mar/2023:09:23:43 +0800] "GET /xingrg/javascript/jquery_easy_ui/themes/icons/settle_new.png HTTP/1.1" 304 -
116.238.139.35 - - [05/Mar/2023:09:23:43 +0800] "GET /xingrg/images/blue/pingpu.png HTTP/1.1" 304 -
116.238.139.35 - - [05/Mar/2023:09:23:43 +0800] "GET /xingrg/javascript/jquery_easy_ui/themes/default/images/tabs_leftarrow.png HTTP/1.1" 304 -
116.238.139.35 - - [05/Mar/2023:09:23:43 +0800] "GET /xingrg/javascript/jquery_easy_ui/themes/default/images/tabs_rightarrow.png HTTP/1.1" 304 -
116.238.139.35 - - [05/Mar/2023:09:23:43 +0800] "GET /xingrg/javascript/jquery_easy_ui/themes/default/images/panel_tool_collapse.gif HTTP/1.1" 304 -
116.238.139.35 - - [05/Mar/2023:09:23:43 +0800] "GET /xingrg/all/function/internal_message.html?_=1677979372557&CODE_STATE=count HTTP/1.1" 200 11
116.238.139.35 - - [05/Mar/2023:09:23:43 +0800] "GET /xingrg/check_reg.html?_=1677979372558 HTTP/1.1" 200 22
116.238.139.35 - - [05/Mar/2023:09:23:43 +0800] "POST /xingrg/load_menu.html HTTP/1.1" 200 5138
116.238.139.35 - - [05/Mar/2023:09:23:43 +0800] "POST /xingrg/all/common/load_tree.html?tree=area_rest_tree_json&manage=1 HTTP/1.1" 200 476
116.230.116.110 - - [05/Mar/2023:09:23:44 +0800] "GET /xingrg/kc/buy/cgsh_order_operate.html?command=get_materiel&rest_code=00146&code=00101008103&supplier_code=00100005&order_time=2023-03-05 HTTP/1.1" 200 417
58.40.7.146 - - [05/Mar/2023:09:23:45 +0800] "GET /xingrg/all/function/internal_message.html?_=1677979443871&CODE_STATE=getMsg HTTP/1.1" 200 27
58.40.7.146 - - [05/Mar/2023:09:23:46 +0800] "GET /xingrg/all/function/internal_message.html?_=1677979444845&CODE_STATE=getMsg HTTP/1.1" 200 27
58.221.95.50 - - [05/Mar/2023:09:23:48 +0800] "GET /xingrg/all/function/internal_message.html?_=1677979446663&CODE_STATE=getMsg HTTP/1.1" 200 27
116.238.139.35 - - [05/Mar/2023:09:23:48 +0800] "GET /xingrg/kc/buy/cgsh_order_list.html HTTP/1.1" 200 54183
116.238.139.35 - - [05/Mar/2023:09:23:49 +0800] "POST /xingrg/kc/buy/cgsh_order_operate.html HTTP/1.1" 200 14004
124.78.153.244 - - [05/Mar/2023:09:23:50 +0800] "GET /xingrg/all/function/internal_message.html?_=1677979445630&CODE_STATE=getMsg HTTP/1.1" 200 27
58.40.7.146 - - [05/Mar/2023:09:23:51 +0800] "GET /xingrg/check_reg.html?_=1677979449348 HTTP/1.1" 200 22
116.238.139.35 - - [05/Mar/2023:09:23:52 +0800] "POST /xingrg/kc/buy/cgsh_list_operate.html HTTP/1.1" 200 1864
116.225.84.253 - - [05/Mar/2023:09:23:55 +0800] "GET /xingrg/all/function/internal_message.html?_=1677979298169&CODE_STATE=getMsg HTTP/1.1" 200 27
116.238.139.35 - - [05/Mar/2023:09:23:57 +0800] "GET /xingrg/kc/buy/cgsh_order_add.html HTTP/1.1" 200 69570
116.238.139.35 - - [05/Mar/2023:09:23:57 +0800] "POST /xingrg/kc/buy/cgsh_order_operate.html HTTP/1.1" 200 8245
116.238.139.35 - - [05/Mar/2023:09:23:57 +0800] "GET /xingrg/javascript/easyui/themes/default/validatebox.css HTTP/1.1" 404 1104
116.238.139.35 - - [05/Mar/2023:09:23:57 +0800] "GET /xingrg/all/common/auto_word.html?type=employee&rest_code=00151 HTTP/1.1" 200 293
116.238.139.35 - - [05/Mar/2023:09:23:57 +0800] "GET /xingrg/all/common/auto_word.html?type=employee&rest_code=00151 HTTP/1.1" 200 293
114.83.222.182 - - [05/Mar/2023:09:23:59 +0800] "POST /xingrg/kc/buy/cgsh_order_operate.html HTTP/1.1" 200 37
116.238.139.35 - - [05/Mar/2023:09:24:00 +0800] "GET /xingrg/javascript/auto/indicator.gif HTTP/1.1" 404 1066
180.169.147.146 - - [05/Mar/2023:09:24:02 +0800] "GET /xingrg/all/function/internal_message.html?_=1677979478979&CODE_STATE=getMsg HTTP/1.1" 302 -
180.169.147.146 - - [05/Mar/2023:09:24:02 +0800] "GET /xingrg/check_reg.html?_=1677979478981 HTTP/1.1" 302 -
180.169.147.146 - - [05/Mar/2023:09:24:03 +0800] "GET /xingrg/all/function/internal_message.html?_=1677979461669&CODE_STATE=getMsg HTTP/1.1" 200 27
222.70.221.209 - - [05/Mar/2023:09:24:03 +0800] "GET /xingrg/all/function/internal_message.html?_=1677979587684&CODE_STATE=getMsg HTTP/1.1" 200 27
116.230.116.110 - - [05/Mar/2023:09:24:05 +0800] "GET /xingrg/kc/buy/cgsh_order_operate.html?command=get_materiel&rest_code=00146&code=00101008110&supplier_code=00100005&order_time=2023-03-05 HTTP/1.1" 200 409
116.230.116.110 - - [05/Mar/2023:09:24:05 +0800] "POST /xingrg/services/DataTransmitService HTTP/1.1" 200 501
114.83.222.182 - - [05/Mar/2023:09:24:05 +0800] "POST /xingrg/kc/buy/cgsh_order_operate.html HTTP/1.1" 200 3853
180.169.147.146 - - [05/Mar/2023:09:24:06 +0800] "POST /xingrg/dwr/call/plaincall/AjaxReportQueryService.refreshCache.dwr HTTP/1.1" 200 79
116.238.139.35 - - [05/Mar/2023:09:24:09 +0800] "GET /xingrg/kc/buy/cgsh_order_operate.html?command=get_materiel&rest_code=00151&code=00101009078&supplier_code=00100022&order_time=2023-03-05 HTTP/1.1" 200 408
180.169.147.146 - - [05/Mar/2023:09:24:09 +0800] "POST /xingrg/all/report/load_report_page.html HTTP/1.1" 200 51008
114.83.222.182 - - [05/Mar/2023:09:24:09 +0800] "GET /xingrg/kc/buy/cgsh_order_add.html HTTP/1.1" 200 69164
180.169.147.146 - - [05/Mar/2023:09:24:09 +0800] "GET /xingrg/servlets/image?cache=0.4042928826526435&image=px HTTP/1.1" 200 807
114.83.222.182 - - [05/Mar/2023:09:24:09 +0800] "POST /xingrg/kc/buy/cgsh_order_operate.html HTTP/1.1" 200 8245
114.83.222.182 - - [05/Mar/2023:09:24:09 +0800] "GET /xingrg/javascript/easyui/themes/default/validatebox.css HTTP/1.1" 404 1104
116.230.116.110 - - [05/Mar/2023:09:24:11 +0800] "POST /xingrg/services/DataTransmitService HTTP/1.1" 200 501
116.230.116.110 - - [05/Mar/2023:09:24:12 +0800] "POST /xingrg/services/DataTransmitService HTTP/1.1" 200 501
120.253.135.82 - - [05/Mar/2023:09:24:12 +0800] "GET /xingrg/all/function/internal_message.html?_=1677979296811&CODE_STATE=getMsg HTTP/1.1" 200 27
116.225.84.253 - - [05/Mar/2023:09:24:13 +0800] "GET /xingrg/all/function/internal_message.html?_=1677979472440&CODE_STATE=getMsg HTTP/1.1" 200 27
116.230.116.110 - - [05/Mar/2023:09:24:20 +0800] "GET /xingrg/kc/buy/cgsh_order_operate.html?command=get_materiel&rest_code=00146&code=00101008283&supplier_code=00100005&order_time=2023-03-05 HTTP/1.1" 200 408
114.83.222.182 - - [05/Mar/2023:09:24:20 +0800] "GET /xingrg/kc/buy/cgsh_order_operate.html?command=get_materiel&rest_code=00154&code=00101019969&supplier_code=00100151&order_time=2023-03-05 HTTP/1.1" 200 414
116.238.139.35 - - [05/Mar/2023:09:24:22 +0800] "GET /xingrg/kc/buy/cgsh_order_operate.html?command=get_materiel&rest_code=00151&code=00101009053&supplier_code=00100022&order_time=2023-03-05 HTTP/1.1" 200 408
120.253.135.82 - - [05/Mar/2023:09:24:23 +0800] "GET /xingrg/all/function/internal_message.html?_=1677979610087&CODE_STATE=getMsg HTTP/1.1" 200 27
222.70.182.154 - - [05/Mar/2023:09:24:24 +0800] "GET /xingrg/all/function/internal_message.html?_=1677979479237&CODE_STATE=getMsg HTTP/1.1" 200 27
222.70.182.154 - - [05/Mar/2023:09:24:24 +0800] "GET /xingrg/check_reg.html?_=1677979479302 HTTP/1.1" 200 22
116.230.116.110 - - [05/Mar/2023:09:24:25 +0800] "POST /xingrg/services/DataTransmitService HTTP/1.1" 200 501
120.253.135.82 - - [05/Mar/2023:09:24:27 +0800] "GET /xingrg/all/function/internal_message.html?_=1677979614313&CODE_STATE=getMsg HTTP/1.1" 200 27
116.230.116.110 - - [05/Mar/2023:09:24:27 +0800] "POST /xingrg/services/DataTransmitService HTTP/1.1" 200 501
114.83.222.182 - - [05/Mar/2023:09:24:28 +0800] "GET /xingrg/all/function/internal_message.html?_=1677979546330&CODE_STATE=getMsg HTTP/1.1" 200 27
114.83.222.182 - - [05/Mar/2023:09:24:28 +0800] "GET /xingrg/check_reg.html?_=1677979546528 HTTP/1.1" 200 22
180.157.253.110 - - [05/Mar/2023:09:24:29 +0800] "GET /xingrg/all/function/internal_message.html?_=1677979490049&CODE_STATE=getMsg HTTP/1.1" 200 27
180.157.253.110 - - [05/Mar/2023:09:24:29 +0800] "GET /xingrg/check_reg.html?_=1677979490052 HTTP/1.1" 200 22
180.157.253.110 - - [05/Mar/2023:09:24:29 +0800] "GET /xingrg/all/function/internal_message.html?_=1677979490216&CODE_STATE=getMsg HTTP/1.1" 200 27
116.230.116.110 - - [05/Mar/2023:09:24:30 +0800] "POST /xingrg/services/DataTransmitService HTTP/1.1" 200 501
116.238.139.35 - - [05/Mar/2023:09:24:31 +0800] "GET /xingrg/kc/buy/cgsh_order_operate.html?command=get_materiel&rest_code=00151&code=00101009062&supplier_code=00100022&order_time=2023-03-05 HTTP/1.1" 200 412
116.230.116.110 - - [05/Mar/2023:09:24:33 +0800] "POST /xingrg/services/DataTransmitService HTTP/1.1" 200 412
172.20.0.100 - - [05/Mar/2023:09:24:34 +0800] "GET /xingrg/all/function/internal_message.html?_=1677979491514&CODE_STATE=getMsg HTTP/1.1" 200 27
116.238.139.35 - - [05/Mar/2023:09:24:35 +0800] "GET /xingrg/all/function/internal_message.html?_=1677979496272&CODE_STATE=getMsg HTTP/1.1" 200 27
116.230.116.110 - - [05/Mar/2023:09:24:36 +0800] "GET /xingrg/all/function/internal_message.html?_=1677979516689&CODE_STATE=getMsg HTTP/1.1" 302 -
116.230.116.110 - - [05/Mar/2023:09:24:36 +0800] "GET /xingrg/kc/buy/cgsh_order_operate.html?command=get_materiel&rest_code=00146&code=00101013044&supplier_code=00100005&order_time=2023-03-05 HTTP/1.1" 200 429
114.83.222.182 - - [05/Mar/2023:09:24:38 +0800] "GET /xingrg/kc/buy/cgsh_order_operate.html?command=get_materiel&rest_code=00154&code=00101008038&supplier_code=00100151&order_time=2023-03-05 HTTP/1.1" 200 412
116.230.116.110 - - [05/Mar/2023:09:24:40 +0800] "GET /xingrg/all/function/internal_message.html?_=1677979524217&CODE_STATE=getMsg HTTP/1.1" 200 27
172.20.0.100 - - [05/Mar/2023:09:24:40 +0800] "POST /xingrg/all/user/operate.html HTTP/1.1" 200 36
116.238.139.35 - - [05/Mar/2023:09:24:40 +0800] "GET /xingrg/kc/buy/cgsh_order_operate.html?command=get_materiel&rest_code=00151&code=00101009039&supplier_code=00100022&order_time=2023-03-05 HTTP/1.1" 200 408
172.20.0.100 - - [05/Mar/2023:09:24:40 +0800] "GET /xingrg/index.html?sysBaseUrl=http%3A%2F%2F172.20.0.8%3A18081%2Fxingrg%2F&costTime=1188×tamp=1677978918081 HTTP/1.1" 200 17452
172.20.0.100 - - [05/Mar/2023:09:24:40 +0800] "GET /xingrg/javascript/jquery_easy_ui/themes/default/easyui.css HTTP/1.1" 304 -
172.20.0.100 - - [05/Mar/2023:09:24:40 +0800] "GET /xingrg/javascript/jquery_easy_ui/themes/icon.css HTTP/1.1" 304 -
172.20.0.100 - - [05/Mar/2023:09:24:40 +0800] "GET /xingrg/css/form.css HTTP/1.1" 304 -
172.20.0.100 - - [05/Mar/2023:09:24:40 +0800] "GET /xingrg/javascript/jquery-1.4.2.min.js HTTP/1.1" 304 -
172.20.0.100 - - [05/Mar/2023:09:24:40 +0800] "GET /xingrg/javascript/jquery_easy_ui/jquery.easyui.min.js HTTP/1.1" 304 -
172.20.0.100 - - [05/Mar/2023:09:24:40 +0800] "GET /xingrg/javascript/jquery_easy_ui/easyui-lang-zh_CN.js HTTP/1.1" 304 -
172.20.0.100 - - [05/Mar/2023:09:24:40 +0800] "GET /xingrg/javascript/jquery.form.js HTTP/1.1" 304 -
172.20.0.100 - - [05/Mar/2023:09:24:40 +0800] "GET /xingrg/javascript/jquery.utils.js HTTP/1.1" 304 -
172.20.0.100 - - [05/Mar/2023:09:24:40 +0800] "GET /xingrg/javascript/jquery.timers.js HTTP/1.1" 304 -
172.20.0.100 - - [05/Mar/2023:09:24:40 +0800] "GET /xingrg/images/blue/jxLogo.png HTTP/1.1" 304 -
172.20.0.100 - - [05/Mar/2023:09:24:40 +0800] "GET /xingrg/javascript/jquery_easy_ui/themes/icons/settle_new.png HTTP/1.1" 304 -
172.20.0.100 - - [05/Mar/2023:09:24:40 +0800] "GET /xingrg/images/blue/navBackgound.jpg HTTP/1.1" 304 -
172.20.0.100 - - [05/Mar/2023:09:24:40 +0800] "GET /xingrg/check_reg.html?_=1677979498434 HTTP/1.1" 200 22
172.20.0.100 - - [05/Mar/2023:09:24:40 +0800] "GET /xingrg/all/function/internal_message.html?_=1677979498432&CODE_STATE=count HTTP/1.1" 200 11
172.20.0.100 - - [05/Mar/2023:09:24:40 +0800] "GET /xingrg/javascript/jquery_easy_ui/themes/default/images/panel_tool_collapse.gif HTTP/1.1" 304 -
172.20.0.100 - - [05/Mar/2023:09:24:41 +0800] "GET /xingrg/javascript/jquery_easy_ui/themes/default/images/tabs_leftarrow.png HTTP/1.1" 304 -
172.20.0.100 - - [05/Mar/2023:09:24:41 +0800] "GET /xingrg/images/blue/pingpu.png HTTP/1.1" 304 -
172.20.0.100 - - [05/Mar/2023:09:24:41 +0800] "GET /xingrg/javascript/jquery_easy_ui/themes/default/images/tabs_rightarrow.png HTTP/1.1" 304 -
172.20.0.100 - - [05/Mar/2023:09:24:41 +0800] "GET /xingrg/javascript/jquery_easy_ui/themes/default/images/panel_tool_expand.gif HTTP/1.1" 304 -
172.20.0.100 - - [05/Mar/2023:09:24:41 +0800] "POST /xingrg/all/common/load_tree.html?tree=area_rest_tree_json&manage=1 HTTP/1.1" 200 3499
172.20.0.100 - - [05/Mar/2023:09:24:41 +0800] "POST /xingrg/load_menu.html HTTP/1.1" 200 9924
116.238.139.35 - - [05/Mar/2023:09:24:43 +0800] "GET /xingrg/all/function/internal_message.html?_=1677979432558&CODE_STATE=getMsg HTTP/1.1" 200 27
172.20.0.100 - - [05/Mar/2023:09:24:44 +0800] "GET /xingrg/kc/base/check_order_list.html HTTP/1.1" 200 16462
172.20.0.100 - - [05/Mar/2023:09:24:45 +0800] "POST /xingrg/kc/base/check_list_operate.html HTTP/1.1" 200 1902
58.40.7.146 - - [05/Mar/2023:09:24:45 +0800] "GET /xingrg/check_reg.html?_=1677979503858 HTTP/1.1" 200 22
58.40.7.146 - - [05/Mar/2023:09:24:45 +0800] "GET /xingrg/all/function/internal_message.html?_=1677979503859&CODE_STATE=getMsg HTTP/1.1" 200 27
116.238.139.35 - - [05/Mar/2023:09:24:46 +0800] "POST /xingrg/kc/buy/cgsh_order_operate.html HTTP/1.1" 200 37
58.40.7.146 - - [05/Mar/2023:09:24:46 +0800] "GET /xingrg/all/function/internal_message.html?_=1677979504850&CODE_STATE=getMsg HTTP/1.1" 200 27
172.20.0.100 - - [05/Mar/2023:09:24:47 +0800] "GET /xingrg/kc/base/check_order_info.html?code=452023030100006 HTTP/1.1" 200 25468
116.238.139.35 - - [05/Mar/2023:09:24:47 +0800] "GET /xingrg/kc/buy/cgsh_order_operate.html?command=get_materiel&rest_code=00151&code=00101009088&supplier_code=00100022&order_time=2023-03-05 HTTP/1.1" 200 405
172.20.0.100 - - [05/Mar/2023:09:24:47 +0800] "GET /xingrg/dwr/interface/AjaxComOrderService.js HTTP/1.1" 200 18264
172.20.0.100 - - [05/Mar/2023:09:24:47 +0800] "GET /xingrg/dwr/interface/AjaxCheckService.js HTTP/1.1" 200 14003
172.20.0.100 - - [05/Mar/2023:09:24:48 +0800] "GET /xingrg/dwr/engine.js HTTP/1.1" 200 43631
58.221.95.50 - - [05/Mar/2023:09:24:48 +0800] "GET /xingrg/all/function/internal_message.html?_=1677979506660&CODE_STATE=getMsg HTTP/1.1" 200 27
172.20.0.100 - - [05/Mar/2023:09:24:49 +0800] "POST /xingrg/dwr/call/plaincall/AjaxCheckService.loadOrderItems.dwr HTTP/1.1" 200 48533
180.163.28.143 - - [05/Mar/2023:09:24:50 +0800] "GET /xingrg/all/function/internal_message.html?_=1677979445630&CODE_STATE=getMsg HTTP/1.1" 302 -
180.163.28.143 - - [05/Mar/2023:09:24:50 +0800] "GET /xingrg/login.html HTTP/1.1" 200 7641
124.78.153.244 - - [05/Mar/2023:09:24:50 +0800] "GET /xingrg/all/function/internal_message.html?_=1677979505607&CODE_STATE=getMsg HTTP/1.1" 200 27
116.225.84.253 - - [05/Mar/2023:09:24:55 +0800] "GET /xingrg/all/function/internal_message.html?_=1677979358176&CODE_STATE=getMsg HTTP/1.1" 200 27
116.238.139.35 - - [05/Mar/2023:09:24:56 +0800] "GET /xingrg/kc/buy/cgsh_order_operate.html?command=get_materiel&rest_code=00151&code=00101009011&supplier_code=00100022&order_time=2023-03-05 HTTP/1.1" 200 416
116.238.139.35 - - [05/Mar/2023:09:24:57 +0800] "POST /xingrg/kc/buy/cgsh_order_operate.html HTTP/1.1" 200 12
116.230.116.110 - - [05/Mar/2023:09:24:58 +0800] "GET /xingrg/kc/buy/cgsh_order_operate.html?command=get_materiel&rest_code=00146&code=00101008274&supplier_code=00100005&order_time=2023-03-05 HTTP/1.1" 200 412
116.238.139.35 - - [05/Mar/2023:09:24:59 +0800] "GET /xingrg/kc/buy/cgsh_order_info.html?code=212023030501550 HTTP/1.1" 200 64461
116.238.139.35 - - [05/Mar/2023:09:25:00 +0800] "GET /xingrg/javascript/easyui/themes/default/validatebox.css HTTP/1.1" 404 1104
116.238.139.35 - - [05/Mar/2023:09:25:00 +0800] "POST /xingrg/kc/buy/cgsh_order_operate.html HTTP/1.1" 200 11948
180.169.147.146 - - [05/Mar/2023:09:25:02 +0800] "GET /xingrg/all/function/internal_message.html?_=1677979538979&CODE_STATE=getMsg HTTP/1.1" 302 -
116.238.139.35 - - [05/Mar/2023:09:25:02 +0800] "GET /xingrg/kc/print/load_data.html?order_code=212023030501550&kc_code=cgsh&condition= HTTP/1.1" 200 5066
180.169.147.146 - - [05/Mar/2023:09:25:03 +0800] "GET /xingrg/all/function/internal_message.html?_=1677979521659&CODE_STATE=getMsg HTTP/1.1" 200 27
222.70.221.209 - - [05/Mar/2023:09:25:03 +0800] "GET /xingrg/all/function/internal_message.html?_=1677979647667&CODE_STATE=getMsg HTTP/1.1" 200 27
116.230.116.110 - - [05/Mar/2023:09:25:04 +0800] "POST /xingrg/kc/buy/cgsh_order_operate.html HTTP/1.1" 200 2065
120.253.135.82 - - [05/Mar/2023:09:25:12 +0800] "GET /xingrg/all/function/internal_message.html?_=1677979356825&CODE_STATE=getMsg HTTP/1.1" 200 27
116.225.84.253 - - [05/Mar/2023:09:25:13 +0800] "GET /xingrg/all/function/internal_message.html?_=1677979532420&CODE_STATE=getMsg HTTP/1.1" 200 27
116.230.116.110 - - [05/Mar/2023:09:25:16 +0800] "GET /xingrg/check_reg.html?_=1677979557109 HTTP/1.1" 302 -
116.230.116.110 - - [05/Mar/2023:09:25:19 +0800] "GET /xingrg/check_reg.html?_=1677979563768 HTTP/1.1" 200 22
120.253.135.82 - - [05/Mar/2023:09:25:23 +0800] "GET /xingrg/all/function/internal_message.html?_=1677979670093&CODE_STATE=getMsg HTTP/1.1" 200 27
116.238.139.35 - - [05/Mar/2023:09:25:24 +0800] "GET /xingrg/kc/buy/cgsh_order_add.html HTTP/1.1" 200 69558
222.70.182.154 - - [05/Mar/2023:09:25:24 +0800] "GET /xingrg/all/function/internal_message.html?_=1677979539209&CODE_STATE=getMsg HTTP/1.1" 200 27
116.238.139.35 - - [05/Mar/2023:09:25:24 +0800] "POST /xingrg/kc/buy/cgsh_order_operate.html HTTP/1.1" 200 8245
116.238.139.35 - - [05/Mar/2023:09:25:24 +0800] "GET /xingrg/javascript/easyui/themes/default/validatebox.css HTTP/1.1" 404 1104
120.253.135.82 - - [05/Mar/2023:09:25:27 +0800] "GET /xingrg/all/function/internal_message.html?_=1677979674323&CODE_STATE=getMsg HTTP/1.1" 200 27
172.20.0.100 - - [05/Mar/2023:09:25:28 +0800] "GET /xingrg/kc/report/report_main.html HTTP/1.1" 200 7320
114.83.222.182 - - [05/Mar/2023:09:25:28 +0800] "GET /xingrg/all/function/internal_message.html?_=1677979606313&CODE_STATE=getMsg HTTP/1.1" 200 27
180.157.253.110 - - [05/Mar/2023:09:25:29 +0800] "GET /xingrg/all/function/internal_message.html?_=1677979550052&CODE_STATE=getMsg HTTP/1.1" 200 27
180.157.253.110 - - [05/Mar/2023:09:25:29 +0800] "GET /xingrg/all/function/internal_message.html?_=1677979550230&CODE_STATE=getMsg HTTP/1.1" 200 27
172.20.0.100 - - [05/Mar/2023:09:25:29 +0800] "GET /xingrg/kc/base/crk_hz.html HTTP/1.1" 200 11227
172.20.0.100 - - [05/Mar/2023:09:25:30 +0800] "POST /xingrg/kc/cost/cost_operate.html?command=get_base_tree HTTP/1.1" 200 1046
172.20.0.100 - - [05/Mar/2023:09:25:30 +0800] "POST /xingrg/all/common/load_tree.html?tree=materiel_sort_tree_json HTTP/1.1" 200 9500
172.20.0.100 - - [05/Mar/2023:09:25:31 +0800] "GET /xingrg/all/common/get_data_part.html?part=previousMonth&_=1677979549361 HTTP/1.1" 200 41
116.238.139.35 - - [05/Mar/2023:09:25:35 +0800] "GET /xingrg/kc/buy/cgsh_order_operate.html?command=get_materiel&rest_code=00151&code=00101008084&supplier_code=00100096&order_time=2023-03-05 HTTP/1.1" 200 412
116.238.139.35 - - [05/Mar/2023:09:25:35 +0800] "GET /xingrg/all/function/internal_message.html?_=1677979556277&CODE_STATE=getMsg HTTP/1.1" 200 27
172.20.0.100 - - [05/Mar/2023:09:25:36 +0800] "GET /xingrg/kc/base/crk_hz.html?_=1677979553821&command=get_cost_id&end_date=2023-02-28&start_date=2023-02-01 HTTP/1.1" 200 48
172.20.0.100 - - [05/Mar/2023:09:25:36 +0800] "GET /xingrg/all/report/report_query.html?isQuery=1&onlyBody=1&rh=99999&rw=1800&varString=start:20230201,cost_id:0,mid:20230201&fileName=kc/base/crk_hz_type_by_base.xml&queryString=%20m.sort_code%20in%20('00101001','00101002','00101003','00101004','00101005','00101006','00101007','00101008','00101009','00101010','00101011','00101012','00101013','00101014','00101015','00101016','00101017','00101018','00101019','00101020','00101021','00101022','00101023','00101024','00101025','00101026','00101027','00101028','00101029','00101030','00101031','00101032','00101033','00101034','00101036','00101037','00101038','00101039','00101040','00101041','00101042','00101043')%20&queryText=ÈÕÆÚ£º2023-02-01ÖÁ2023-02-28&tableQueryString=materiel_table$sp1$$sp$before_table$sp1$$sp$crk_table$sp1$order_day%20between%2020230201%20and%2020230228 HTTP/1.1" 200 49766
116.230.116.110 - - [05/Mar/2023:09:25:36 +0800] "GET /xingrg/all/function/internal_message.html?_=1677979576711&CODE_STATE=getMsg HTTP/1.1" 302 -
172.20.0.100 - - [05/Mar/2023:09:25:36 +0800] "GET /xingrg/dwr/interface/AjaxReportQueryService.js HTTP/1.1" 200 13203
172.20.0.100 - - [05/Mar/2023:09:25:36 +0800] "GET /xingrg/dwr/engine.js HTTP/1.1" 200 43631
116.230.116.110 - - [05/Mar/2023:09:25:37 +0800] "GET /xingrg/kc/buy/cgsh_order_operate.html?command=get_materiel&rest_code=00146&code=00101008045&supplier_code=00100005&order_time=2023-03-05 HTTP/1.1" 200 413
116.230.116.110 - - [05/Mar/2023:09:25:40 +0800] "GET /xingrg/all/function/internal_message.html?_=1677979584231&CODE_STATE=getMsg HTTP/1.1" 200 27
172.20.0.100 - - [05/Mar/2023:09:25:41 +0800] "GET /xingrg/all/function/internal_message.html?_=1677979558449&CODE_STATE=getMsg HTTP/1.1" 200 27
172.20.0.100 - - [05/Mar/2023:09:25:41 +0800] "POST /xingrg/all/report/load_report_page.html HTTP/1.1" 200 238054
172.20.0.100 - - [05/Mar/2023:09:25:41 +0800] "GET /xingrg/servlets/image?cache=0.09805840559616519&image=px HTTP/1.1" 200 807
116.238.139.35 - - [05/Mar/2023:09:25:43 +0800] "GET /xingrg/all/function/internal_message.html?_=1677979492572&CODE_STATE=getMsg HTTP/1.1" 200 27
116.238.139.35 - - [05/Mar/2023:09:25:45 +0800] "GET /xingrg/kc/buy/cgsh_order_operate.html?command=get_materiel&rest_code=00151&code=00101016025&supplier_code=00100096&order_time=2023-03-05 HTTP/1.1" 200 408
180.169.147.146 - - [05/Mar/2023:09:25:45 +0800] "GET /xingrg/check_reg.html?_=1677979563620 HTTP/1.1" 200 22
58.40.7.146 - - [05/Mar/2023:09:25:45 +0800] "GET /xingrg/all/function/internal_message.html?_=1677979563861&CODE_STATE=getMsg HTTP/1.1" 200 27
58.40.7.146 - - [05/Mar/2023:09:25:46 +0800] "GET /xingrg/all/function/internal_message.html?_=1677979564855&CODE_STATE=getMsg HTTP/1.1" 200 27
58.221.95.50 - - [05/Mar/2023:09:25:48 +0800] "GET /xingrg/all/function/internal_message.html?_=1677979566657&CODE_STATE=getMsg HTTP/1.1" 200 27
180.163.29.219 - - [05/Mar/2023:09:25:50 +0800] "GET /xingrg/all/function/internal_message.html?_=1677979505607&CODE_STATE=getMsg HTTP/1.1" 302 -
180.163.29.219 - - [05/Mar/2023:09:25:50 +0800] "GET /xingrg/login.html HTTP/1.1" 200 7641
124.78.153.244 - - [05/Mar/2023:09:25:50 +0800] "GET /xingrg/all/function/internal_message.html?_=1677979565579&CODE_STATE=getMsg HTTP/1.1" 200 27
116.230.116.110 - - [05/Mar/2023:09:25:51 +0800] "GET /xingrg/kc/buy/cgsh_order_operate.html?command=get_materiel&rest_code=00146&code=00101008403&supplier_code=00100005&order_time=2023-03-05 HTTP/1.1" 200 412
116.238.139.35 - - [05/Mar/2023:09:25:52 +0800] "GET /xingrg/kc/buy/cgsh_order_operate.html?command=get_materiel&rest_code=00151&code=00101016080&supplier_code=00100096&order_time=2023-03-05 HTTP/1.1" 200 408
116.225.84.253 - - [05/Mar/2023:09:25:55 +0800] "GET /xingrg/all/function/internal_message.html?_=1677979418191&CODE_STATE=getMsg HTTP/1.1" 200 27
116.238.139.35 - - [05/Mar/2023:09:25:59 +0800] "GET /xingrg/kc/buy/cgsh_order_operate.html?command=get_materiel&rest_code=00151&code=00101016051&supplier_code=00100096&order_time=2023-03-05 HTTP/1.1" 200 408
180.169.147.146 - - [05/Mar/2023:09:26:02 +0800] "GET /xingrg/all/function/internal_message.html?_=1677979598978&CODE_STATE=getMsg HTTP/1.1" 302 -
180.169.147.146 - - [05/Mar/2023:09:26:03 +0800] "GET /xingrg/all/function/internal_message.html?_=1677979581652&CODE_STATE=getMsg HTTP/1.1" 200 27
222.70.221.209 - - [05/Mar/2023:09:26:03 +0800] "GET /xingrg/all/function/internal_message.html?_=1677979707651&CODE_STATE=getMsg HTTP/1.1" 200 27
116.225.84.253 - - [05/Mar/2023:09:26:04 +0800] "GET /xingrg/check_reg.html?_=1677979583584 HTTP/1.1" 200 22
116.230.116.110 - - [05/Mar/2023:09:26:10 +0800] "GET /xingrg/kc/buy/cgsh_order_operate.html?command=get_materiel&rest_code=00146&code=00101008067&supplier_code=00100005&order_time=2023-03-05 HTTP/1.1" 200 416
120.253.135.82 - - [05/Mar/2023:09:26:13 +0800] "GET /xingrg/all/function/internal_message.html?_=1677979417088&CODE_STATE=getMsg HTTP/1.1" 200 27
116.225.84.253 - - [05/Mar/2023:09:26:13 +0800] "GET /xingrg/all/function/internal_message.html?_=1677979592479&CODE_STATE=getMsg HTTP/1.1" 200 27
116.238.139.35 - - [05/Mar/2023:09:26:15 +0800] "GET /xingrg/kc/buy/cgsh_order_operate.html?command=get_materiel&rest_code=00151&code=00101012060&supplier_code=00100096&order_time=2023-03-05 HTTP/1.1" 200 408
222.70.221.209 - - [05/Mar/2023:09:26:18 +0800] "GET /xingrg/check_reg.html?_=1677979721833 HTTP/1.1" 200 22
116.238.139.35 - - [05/Mar/2023:09:26:21 +0800] "POST /xingrg/kc/buy/cgsh_order_operate.html HTTP/1.1" 200 37
120.253.135.82 - - [05/Mar/2023:09:26:23 +0800] "GET /xingrg/all/function/internal_message.html?_=1677979730097&CODE_STATE=getMsg HTTP/1.1" 200 27
222.70.182.154 - - [05/Mar/2023:09:26:24 +0800] "GET /xingrg/all/function/internal_message.html?_=1677979599194&CODE_STATE=getMsg HTTP/1.1" 200 27
124.78.153.244 - - [05/Mar/2023:09:26:25 +0800] "POST /xingrg/kc/buy/cgsh_order_operate.html HTTP/1.1" 200 223
120.253.135.82 - - [05/Mar/2023:09:26:27 +0800] "GET /xingrg/all/function/internal_message.html?_=1677979734328&CODE_STATE=getMsg HTTP/1.1" 200 27
114.83.222.182 - - [05/Mar/2023:09:26:28 +0800] "GET /xingrg/kc/buy/cgsh_order_operate.html?command=get_materiel&rest_code=00154&code=00101022043&supplier_code=00100151&order_time=2023-03-05 HTTP/1.1" 200 412
114.83.222.182 - - [05/Mar/2023:09:26:28 +0800] "GET /xingrg/all/function/internal_message.html?_=1677979666292&CODE_STATE=getMsg HTTP/1.1" 200 27
116.238.139.35 - - [05/Mar/2023:09:26:29 +0800] "GET /xingrg/kc/buy/cgsh_order_operate.html?command=get_materiel&rest_code=00151&code=00101012019&supplier_code=00100096&order_time=2023-03-05 HTTP/1.1" 200 412
180.157.253.110 - - [05/Mar/2023:09:26:29 +0800] "GET /xingrg/all/function/internal_message.html?_=1677979610053&CODE_STATE=getMsg HTTP/1.1" 200 27
180.157.253.110 - - [05/Mar/2023:09:26:29 +0800] "GET /xingrg/all/function/internal_message.html?_=1677979610234&CODE_STATE=getMsg HTTP/1.1" 200 27
116.238.139.35 - - [05/Mar/2023:09:26:31 +0800] "POST /xingrg/kc/buy/cgsh_order_operate.html HTTP/1.1" 200 12
116.230.116.110 - - [05/Mar/2023:09:26:33 +0800] "GET /xingrg/kc/buy/cgsh_order_operate.html?command=get_materiel&rest_code=00146&code=00101008114&supplier_code=00100005&order_time=2023-03-05 HTTP/1.1" 200 413
116.238.139.35 - - [05/Mar/2023:09:26:35 +0800] "GET /xingrg/all/function/internal_message.html?_=1677979616284&CODE_STATE=getMsg HTTP/1.1" 200 27
116.230.116.110 - - [05/Mar/2023:09:26:36 +0800] "GET /xingrg/all/function/internal_message.html?_=1677979636717&CODE_STATE=getMsg HTTP/1.1" 302 -
116.230.116.110 - - [05/Mar/2023:09:26:40 +0800] "GET /xingrg/all/function/internal_message.html?_=1677979644245&CODE_STATE=getMsg HTTP/1.1" 200 27
172.20.0.100 - - [05/Mar/2023:09:26:41 +0800] "GET /xingrg/all/function/internal_message.html?_=1677979618451&CODE_STATE=getMsg HTTP/1.1" 200 27
116.238.139.35 - - [05/Mar/2023:09:26:43 +0800] "GET /xingrg/all/function/internal_message.html?_=1677979552585&CODE_STATE=getMsg HTTP/1.1" 200 27
180.163.30.85 - - [05/Mar/2023:09:26:44 +0800] "GET /xingrg/check_reg.html?_=1677979325168 HTTP/1.1" 302 -
58.40.7.146 - - [05/Mar/2023:09:26:45 +0800] "GET /xingrg/all/function/internal_message.html?_=1677979623863&CODE_STATE=getMsg HTTP/1.1" 200 27
180.163.30.85 - - [05/Mar/2023:09:26:46 +0800] "GET /xingrg/login.html HTTP/1.1" 200 7641
58.40.7.146 - - [05/Mar/2023:09:26:46 +0800] "GET /xingrg/all/function/internal_message.html?_=1677979624842&CODE_STATE=getMsg HTTP/1.1" 200 27
58.221.95.50 - - [05/Mar/2023:09:26:48 +0800] "GET /xingrg/all/function/internal_message.html?_=1677979626655&CODE_STATE=getMsg HTTP/1.1" 200 27
114.83.222.182 - - [05/Mar/2023:09:26:48 +0800] "POST /xingrg/kc/buy/cgsh_order_operate.html HTTP/1.1" 200 37
180.169.147.146 - - [05/Mar/2023:09:26:48 +0800] "POST /xingrg/all/report/report_print.html HTTP/1.1" 200 7168
180.163.28.68 - - [05/Mar/2023:09:26:50 +0800] "GET /xingrg/all/function/internal_message.html?_=1677979565579&CODE_STATE=getMsg HTTP/1.1" 302 -
180.163.28.68 - - [05/Mar/2023:09:26:50 +0800] "GET /xingrg/login.html HTTP/1.1" 200 7641
124.78.153.244 - - [05/Mar/2023:09:26:50 +0800] "GET /xingrg/check_reg.html?_=1677979625177 HTTP/1.1" 200 22
124.78.153.244 - - [05/Mar/2023:09:26:50 +0800] "GET /xingrg/all/function/internal_message.html?_=1677979625552&CODE_STATE=getMsg HTTP/1.1" 200 27
116.238.139.35 - - [05/Mar/2023:09:26:50 +0800] "GET /xingrg/kc/buy/cgsh_order_operate.html?command=get_materiel&rest_code=00151&code=00101012051&supplier_code=00100096&order_time=2023-03-05 HTTP/1.1" 200 408
124.78.153.244 - - [05/Mar/2023:09:26:52 +0800] "POST /xingrg/kc/buy/cgsh_order_operate.html HTTP/1.1" 200 223
116.238.139.35 - - [05/Mar/2023:09:26:53 +0800] "GET /xingrg/kc/buy/cgsh_order_info.html?code=212023030501552 HTTP/1.1" 200 64475
116.238.139.35 - - [05/Mar/2023:09:26:53 +0800] "GET /xingrg/javascript/easyui/themes/default/validatebox.css HTTP/1.1" 404 1104
114.83.222.182 - - [05/Mar/2023:09:26:53 +0800] "POST /xingrg/kc/buy/cgsh_order_operate.html HTTP/1.1" 200 3838
116.230.116.110 - - [05/Mar/2023:09:26:53 +0800] "POST /xingrg/kc/buy/cgsh_order_operate.html HTTP/1.1" 200 2065
116.238.139.35 - - [05/Mar/2023:09:26:54 +0800] "POST /xingrg/kc/buy/cgsh_order_operate.html HTTP/1.1" 200 3605
116.225.84.253 - - [05/Mar/2023:09:26:55 +0800] "GET /xingrg/all/function/internal_message.html?_=1677979478192&CODE_STATE=getMsg HTTP/1.1" 200 27
116.225.84.253 - - [05/Mar/2023:09:26:55 +0800] "GET /xingrg/check_reg.html?_=1677979478195 HTTP/1.1" 200 22
124.78.153.244 - - [05/Mar/2023:09:26:55 +0800] "GET /xingrg/kc/print/load_config.html?kc_code=cgsh HTTP/1.1" 200 1925
124.78.153.244 - - [05/Mar/2023:09:26:56 +0800] "GET /xingrg/kc/print/load_data.html?order_code=212023030501541&kc_code=cgsh HTTP/1.1" 200 15261
116.238.139.35 - - [05/Mar/2023:09:26:59 +0800] "GET /xingrg/kc/buy/cgsh_order_operate.html?command=get_materiel&rest_code=00151&code=00101012059&supplier_code=00100096&order_time=2023-03-05 HTTP/1.1" 200 412
116.238.139.35 - - [05/Mar/2023:09:26:59 +0800] "GET /xingrg/kc/print/load_data.html?order_code=212023030501552&kc_code=cgsh&condition= HTTP/1.1" 200 1929
180.169.147.146 - - [05/Mar/2023:09:27:02 +0800] "GET /xingrg/all/function/internal_message.html?_=1677979658977&CODE_STATE=getMsg HTTP/1.1" 302 -
180.169.147.146 - - [05/Mar/2023:09:27:03 +0800] "GET /xingrg/all/function/internal_message.html?_=1677979641652&CODE_STATE=getMsg HTTP/1.1" 200 27
222.70.221.209 - - [05/Mar/2023:09:27:03 +0800] "GET /xingrg/all/function/internal_message.html?_=1677979767636&CODE_STATE=getMsg HTTP/1.1" 200 27
222.70.182.154 - - [05/Mar/2023:09:27:04 +0800] "POST /xingrg/services/DataTransmitService HTTP/1.1" 200 524
180.164.3.199 - - [05/Mar/2023:09:27:05 +0800] "GET /xingrg/login.html HTTP/1.1" 200 7641
180.164.3.199 - - [05/Mar/2023:09:27:05 +0800] "GET /xingrg/images/blue/jxLogo.png HTTP/1.1" 200 6156
180.164.3.199 - - [05/Mar/2023:09:27:05 +0800] "GET /xingrg/images/blue/hj.png HTTP/1.1" 200 1014
180.164.3.199 - - [05/Mar/2023:09:27:05 +0800] "GET /xingrg/images/blue/srbg.png HTTP/1.1" 200 138
180.164.3.199 - - [05/Mar/2023:09:27:05 +0800] "GET /xingrg/images/blue/login_bg.png HTTP/1.1" 200 22101
180.164.3.199 - - [05/Mar/2023:09:27:05 +0800] "GET /favicon.ico HTTP/1.1" 404 -
116.238.139.35 - - [05/Mar/2023:09:27:06 +0800] "POST /xingrg/kc/buy/cgsh_order_operate.html HTTP/1.1" 200 37
116.238.139.35 - - [05/Mar/2023:09:27:08 +0800] "POST /xingrg/kc/buy/cgsh_order_operate.html HTTP/1.1" 200 6845
180.164.3.199 - - [05/Mar/2023:09:27:09 +0800] "POST /xingrg/login.do HTTP/1.1" 302 -
114.83.222.182 - - [05/Mar/2023:09:27:09 +0800] "POST /xingrg/kc/buy/cgsh_order_operate.html HTTP/1.1" 200 37
180.164.3.199 - - [05/Mar/2023:09:27:09 +0800] "GET /xingrg/index.html?sysBaseUrl=http%3A%2F%2F180.169.147.146%3A18081%2Fxingrg%2F&costTime=1287×tamp=1677979629037 HTTP/1.1" 200 8212
180.164.3.199 - - [05/Mar/2023:09:27:10 +0800] "POST /xingrg/login.do HTTP/1.1" 302 -
180.164.3.199 - - [05/Mar/2023:09:27:10 +0800] "GET /xingrg/index.html?sysBaseUrl=http%3A%2F%2F180.169.147.146%3A18081%2Fxingrg%2F&costTime=1214×tamp=1677979630289 HTTP/1.1" 200 17183
180.164.3.199 - - [05/Mar/2023:09:27:10 +0800] "GET /xingrg/javascript/jquery-1.4.2.min.js HTTP/1.1" 200 72205
180.164.3.199 - - [05/Mar/2023:09:27:10 +0800] "GET /xingrg/css/form.css HTTP/1.1" 200 893
180.164.3.199 - - [05/Mar/2023:09:27:10 +0800] "GET /xingrg/javascript/jquery_easy_ui/jquery.easyui.min.js HTTP/1.1" 200 213662
180.164.3.199 - - [05/Mar/2023:09:27:10 +0800] "GET /xingrg/javascript/jquery_easy_ui/themes/icon.css HTTP/1.1" 200 3949
180.164.3.199 - - [05/Mar/2023:09:27:10 +0800] "GET /xingrg/javascript/jquery_easy_ui/easyui-lang-zh_CN.js HTTP/1.1" 200 1900
180.164.3.199 - - [05/Mar/2023:09:27:10 +0800] "GET /xingrg/javascript/jquery.timers.js HTTP/1.1" 200 3532
180.164.3.199 - - [05/Mar/2023:09:27:10 +0800] "GET /xingrg/javascript/jquery_easy_ui/themes/default/easyui.css HTTP/1.1" 200 26500
180.164.3.199 - - [05/Mar/2023:09:27:10 +0800] "GET /xingrg/javascript/jquery.form.js HTTP/1.1" 200 23110
180.164.3.199 - - [05/Mar/2023:09:27:10 +0800] "GET /favicon.ico HTTP/1.1" 404 -
180.164.3.199 - - [05/Mar/2023:09:27:10 +0800] "GET /xingrg/javascript/jquery_easy_ui/themes/icons/settle_new.png HTTP/1.1" 200 826
180.164.3.199 - - [05/Mar/2023:09:27:10 +0800] "GET /xingrg/images/blue/navBackgound.jpg HTTP/1.1" 200 12378
180.164.3.199 - - [05/Mar/2023:09:27:10 +0800] "GET /xingrg/all/function/internal_message.html?_=1677979648923&CODE_STATE=count HTTP/1.1" 200 11
180.164.3.199 - - [05/Mar/2023:09:27:10 +0800] "GET /xingrg/check_reg.html?_=1677979648923 HTTP/1.1" 200 22
180.164.3.199 - - [05/Mar/2023:09:27:10 +0800] "GET /xingrg/images/blue/pingpu.png HTTP/1.1" 200 231
180.164.3.199 - - [05/Mar/2023:09:27:10 +0800] "GET /xingrg/javascript/jquery_easy_ui/themes/default/images/tabs_leftarrow.png HTTP/1.1" 200 389
180.164.3.199 - - [05/Mar/2023:09:27:10 +0800] "GET /xingrg/javascript/jquery_easy_ui/themes/default/images/tabs_rightarrow.png HTTP/1.1" 200 395
180.164.3.199 - - [05/Mar/2023:09:27:10 +0800] "GET /xingrg/javascript/jquery_easy_ui/themes/default/images/panel_tool_collapse.gif HTTP/1.1" 200 246
180.164.3.199 - - [05/Mar/2023:09:27:10 +0800] "POST /xingrg/all/common/load_tree.html?tree=area_rest_tree_json&manage=1 HTTP/1.1" 200 357
180.164.3.199 - - [05/Mar/2023:09:27:10 +0800] "POST /xingrg/load_menu.html HTTP/1.1" 200 5138
180.164.3.199 - - [05/Mar/2023:09:27:10 +0800] "GET /xingrg/javascript/jquery_easy_ui/themes/default/images/tree_arrows.gif HTTP/1.1" 200 1043
180.164.3.199 - - [05/Mar/2023:09:27:10 +0800] "GET /xingrg/javascript/jquery_easy_ui/themes/default/images/tree_folder_open.gif HTTP/1.1" 200 956
180.164.3.199 - - [05/Mar/2023:09:27:10 +0800] "GET /xingrg/javascript/jquery_easy_ui/themes/icons/search_new.png HTTP/1.1" 200 586
180.164.3.199 - - [05/Mar/2023:09:27:10 +0800] "GET /xingrg/javascript/jquery_easy_ui/themes/icons/storage_new.png HTTP/1.1" 200 853
180.164.3.199 - - [05/Mar/2023:09:27:10 +0800] "GET /xingrg/javascript/jquery_easy_ui/themes/default/images/tree_folder.gif HTTP/1.1" 200 952
180.164.3.199 - - [05/Mar/2023:09:27:10 +0800] "GET /xingrg/javascript/jquery_easy_ui/themes/icons/forms_new.png HTTP/1.1" 200 350
180.164.3.199 - - [05/Mar/2023:09:27:10 +0800] "GET /xingrg/javascript/jquery_easy_ui/themes/default/images/tree_file.gif HTTP/1.1" 200 118
114.83.222.182 - - [05/Mar/2023:09:27:12 +0800] "POST /xingrg/kc/buy/cgsh_order_operate.html HTTP/1.1" 200 3838
120.253.135.82 - - [05/Mar/2023:09:27:13 +0800] "GET /xingrg/all/function/internal_message.html?_=1677979477100&CODE_STATE=getMsg HTTP/1.1" 200 27
116.225.84.253 - - [05/Mar/2023:09:27:13 +0800] "GET /xingrg/all/function/internal_message.html?_=1677979652465&CODE_STATE=getMsg HTTP/1.1" 200 27
180.164.3.199 - - [05/Mar/2023:09:27:14 +0800] "GET /xingrg/javascript/jquery_easy_ui/themes/default/images/tabs_close.gif HTTP/1.1" 200 829
180.164.3.199 - - [05/Mar/2023:09:27:15 +0800] "GET /xingrg/kc/buy/cgsh_order_list.html HTTP/1.1" 200 54189
116.225.84.253 - - [05/Mar/2023:09:27:16 +0800] "POST /xingrg/kc/buy/cgsh_order_operate.html HTTP/1.1" 200 37
180.164.3.199 - - [05/Mar/2023:09:27:18 +0800] "POST /xingrg/kc/buy/cgsh_list_operate.html HTTP/1.1" 200 986
116.238.139.35 - - [05/Mar/2023:09:27:20 +0800] "GET /xingrg/kc/buy/cgsh_order_operate.html?command=get_materiel&rest_code=00151&code=00101006084&supplier_code=00100096&order_time=2023-03-05 HTTP/1.1" 200 415
120.253.135.82 - - [05/Mar/2023:09:27:23 +0800] "GET /xingrg/all/function/internal_message.html?_=1677979790103&CODE_STATE=getMsg HTTP/1.1" 200 27
120.253.135.82 - - [05/Mar/2023:09:27:23 +0800] "GET /xingrg/check_reg.html?_=1677979790105 HTTP/1.1" 200 22
222.70.182.154 - - [05/Mar/2023:09:27:24 +0800] "GET /xingrg/all/function/internal_message.html?_=1677979659164&CODE_STATE=getMsg HTTP/1.1" 200 27
114.83.222.182 - - [05/Mar/2023:09:27:24 +0800] "POST /xingrg/kc/buy/cgsh_list_operate.html HTTP/1.1" 200 2682
120.253.135.82 - - [05/Mar/2023:09:27:27 +0800] "GET /xingrg/all/function/internal_message.html?_=1677979794327&CODE_STATE=getMsg HTTP/1.1" 200 27
114.83.222.182 - - [05/Mar/2023:09:27:28 +0800] "GET /xingrg/all/function/internal_message.html?_=1677979726267&CODE_STATE=getMsg HTTP/1.1" 200 27
180.157.253.110 - - [05/Mar/2023:09:27:29 +0800] "GET /xingrg/all/function/internal_message.html?_=1677979670039&CODE_STATE=getMsg HTTP/1.1" 200 27
180.157.253.110 - - [05/Mar/2023:09:27:29 +0800] "GET /xingrg/all/function/internal_message.html?_=1677979670236&CODE_STATE=getMsg HTTP/1.1" 200 27
116.238.139.35 - - [05/Mar/2023:09:27:31 +0800] "GET /xingrg/kc/buy/cgsh_order_operate.html?command=get_materiel&rest_code=00151&code=00101010711&supplier_code=00100096&order_time=2023-03-05 HTTP/1.1" 200 408
116.238.139.35 - - [05/Mar/2023:09:27:35 +0800] "GET /xingrg/check_reg.html?_=1677979676274 HTTP/1.1" 200 22
116.238.139.35 - - [05/Mar/2023:09:27:35 +0800] "GET /xingrg/all/function/internal_message.html?_=1677979676278&CODE_STATE=getMsg HTTP/1.1" 200 27
116.230.116.110 - - [05/Mar/2023:09:27:36 +0800] "GET /xingrg/all/function/internal_message.html?_=1677979696745&CODE_STATE=getMsg HTTP/1.1" 302 -
116.230.116.110 - - [05/Mar/2023:09:27:40 +0800] "GET /xingrg/kc/buy/cgsh_order_operate.html?command=get_materiel&rest_code=00146&code=00101013114&supplier_code=00100005&order_time=2023-03-05 HTTP/1.1" 200 409
116.230.116.110 - - [05/Mar/2023:09:27:40 +0800] "GET /xingrg/all/function/internal_message.html?_=1677979704338&CODE_STATE=getMsg HTTP/1.1" 200 27
172.20.0.100 - - [05/Mar/2023:09:27:40 +0800] "GET /xingrg/all/function/internal_message.html?_=1677979678438&CODE_STATE=getMsg HTTP/1.1" 200 27
124.78.153.244 - - [05/Mar/2023:09:27:43 +0800] "POST /xingrg/kc/buy/cgsh_order_operate.html HTTP/1.1" 200 37
116.238.139.35 - - [05/Mar/2023:09:27:43 +0800] "GET /xingrg/all/function/internal_message.html?_=1677979612598&CODE_STATE=getMsg HTTP/1.1" 200 27
124.78.153.244 - - [05/Mar/2023:09:27:45 +0800] "POST /xingrg/kc/buy/cgsh_order_operate.html HTTP/1.1" 200 41117
58.40.7.146 - - [05/Mar/2023:09:27:45 +0800] "GET /xingrg/all/function/internal_message.html?_=1677979683865&CODE_STATE=getMsg HTTP/1.1" 200 27
58.40.7.146 - - [05/Mar/2023:09:27:46 +0800] "GET /xingrg/all/function/internal_message.html?_=1677979684845&CODE_STATE=getMsg HTTP/1.1" 200 27
124.78.153.244 - - [05/Mar/2023:09:27:47 +0800] "GET /xingrg/kc/buy/cgsh_order_add.html HTTP/1.1" 200 69961
58.221.95.50 - - [05/Mar/2023:09:27:48 +0800] "GET /xingrg/all/function/internal_message.html?_=1677979686642&CODE_STATE=getMsg HTTP/1.1" 200 27
58.221.95.50 - - [05/Mar/2023:09:27:48 +0800] "GET /xingrg/check_reg.html?_=1677979686644 HTTP/1.1" 200 22
124.78.153.244 - - [05/Mar/2023:09:27:49 +0800] "POST /xingrg/kc/buy/cgsh_order_operate.html HTTP/1.1" 200 8245
124.78.153.244 - - [05/Mar/2023:09:27:49 +0800] "GET /xingrg/javascript/easyui/themes/default/validatebox.css HTTP/1.1" 404 1104
180.163.29.234 - - [05/Mar/2023:09:27:50 +0800] "GET /xingrg/check_reg.html?_=1677979625177 HTTP/1.1" 302 -
124.78.153.244 - - [05/Mar/2023:09:27:50 +0800] "GET /xingrg/javascript/easyui/themes/default/tree.css HTTP/1.1" 404 1090
124.78.153.244 - - [05/Mar/2023:09:27:50 +0800] "GET /xingrg/all/function/internal_message.html?_=1677979685549&CODE_STATE=getMsg HTTP/1.1" 200 27
124.78.153.244 - - [05/Mar/2023:09:27:51 +0800] "POST /xingrg/all/common/load_tree.html?tree=supplier_tree_json&isDelete=1 HTTP/1.1" 200 71093
