116.238.139.35 - - [05/Mar/2023:09:12:32 +0800] "GET /xingrg/kc/buy/cgsh_order_info.html?code=212023030501544 HTTP/1.1" 200 64907
116.238.139.35 - - [05/Mar/2023:09:12:33 +0800] "GET /xingrg/javascript/easyui/themes/default/validatebox.css HTTP/1.1" 404 1104
116.238.139.35 - - [05/Mar/2023:09:12:34 +0800] "POST /xingrg/kc/buy/cgsh_order_operate.html HTTP/1.1" 200 35554
116.192.124.172 - - [05/Mar/2023:09:12:35 +0800] "GET /xingrg/all/function/internal_message.html?_=1677978772921&CODE_STATE=getMsg HTTP/1.1" 200 27
116.230.116.110 - - [05/Mar/2023:09:12:35 +0800] "GET /xingrg/kc/buy/cgsh_order_operate.html?command=get_materiel&rest_code=00146&code=00101008270&supplier_code=00100005&order_time=2023-03-05 HTTP/1.1" 200 412
116.230.116.110 - - [05/Mar/2023:09:12:36 +0800] "GET /xingrg/all/function/internal_message.html?_=1677978796495&CODE_STATE=getMsg HTTP/1.1" 302 -
116.238.139.35 - - [05/Mar/2023:09:12:37 +0800] "GET /xingrg/kc/print/load_config.html?kc_code=cgsh HTTP/1.1" 200 1925
116.238.139.35 - - [05/Mar/2023:09:12:38 +0800] "GET /xingrg/kc/print/load_data.html?order_code=212023030501544&kc_code=cgsh&condition= HTTP/1.1" 200 13959
114.83.222.182 - - [05/Mar/2023:09:12:38 +0800] "POST /xingrg/kc/base/wldb_order_operate.html HTTP/1.1" 200 37
222.70.182.154 - - [05/Mar/2023:09:12:39 +0800] "POST /xingrg/kc/buy/cgsh_list_operate.html HTTP/1.1" 200 4
114.83.222.182 - - [05/Mar/2023:09:12:39 +0800] "POST /xingrg/kc/base/wldb_order_operate.html HTTP/1.1" 200 7685
116.230.116.110 - - [05/Mar/2023:09:12:40 +0800] "GET /xingrg/all/function/internal_message.html?_=1677978804023&CODE_STATE=getMsg HTTP/1.1" 200 27
180.169.147.146 - - [05/Mar/2023:09:12:41 +0800] "POST /xingrg/all/report/report_print.html HTTP/1.1" 200 7680
172.20.0.100 - - [05/Mar/2023:09:12:45 +0800] "GET /xingrg/all/function/internal_message.html?_=1677978782762&CODE_STATE=getMsg HTTP/1.1" 200 27
116.238.139.35 - - [05/Mar/2023:09:12:45 +0800] "GET /xingrg/kc/buy/cgsh_order_add.html HTTP/1.1" 200 70005
58.40.7.146 - - [05/Mar/2023:09:12:45 +0800] "GET /xingrg/all/function/internal_message.html?_=1677978783853&CODE_STATE=getMsg HTTP/1.1" 200 27
116.238.139.35 - - [05/Mar/2023:09:12:46 +0800] "POST /xingrg/kc/buy/cgsh_order_operate.html HTTP/1.1" 200 8245
116.238.139.35 - - [05/Mar/2023:09:12:46 +0800] "GET /xingrg/javascript/easyui/themes/default/validatebox.css HTTP/1.1" 404 1104
116.238.139.35 - - [05/Mar/2023:09:12:46 +0800] "GET /xingrg/all/function/internal_message.html?_=1677978715686&CODE_STATE=getMsg HTTP/1.1" 200 27
58.40.7.146 - - [05/Mar/2023:09:12:46 +0800] "GET /xingrg/all/function/internal_message.html?_=1677978784842&CODE_STATE=getMsg HTTP/1.1" 200 27
116.230.116.110 - - [05/Mar/2023:09:12:48 +0800] "GET /xingrg/kc/buy/cgsh_order_operate.html?command=get_materiel&rest_code=00146&code=00101008502&supplier_code=00100005&order_time=2023-03-05 HTTP/1.1" 200 412
58.221.95.50 - - [05/Mar/2023:09:12:48 +0800] "GET /xingrg/check_reg.html?_=1677978786652 HTTP/1.1" 200 22
58.221.95.50 - - [05/Mar/2023:09:12:48 +0800] "GET /xingrg/all/function/internal_message.html?_=1677978786654&CODE_STATE=getMsg HTTP/1.1" 200 27
114.83.222.182 - - [05/Mar/2023:09:12:49 +0800] "POST /xingrg/kc/base/wldb_order_operate.html HTTP/1.1" 200 12
180.163.29.217 - - [05/Mar/2023:09:12:50 +0800] "GET /xingrg/check_reg.html?_=1677978725168 HTTP/1.1" 302 -
180.163.29.217 - - [05/Mar/2023:09:12:50 +0800] "GET /xingrg/login.html HTTP/1.1" 200 7641
114.83.222.182 - - [05/Mar/2023:09:12:50 +0800] "GET /xingrg/kc/base/wldb_order_info.html?code=422023030500387 HTTP/1.1" 200 26266
124.78.153.244 - - [05/Mar/2023:09:12:50 +0800] "GET /xingrg/all/function/internal_message.html?_=1677978785895&CODE_STATE=getMsg HTTP/1.1" 200 27
114.83.222.182 - - [05/Mar/2023:09:12:51 +0800] "GET /xingrg/javascript/easyui/themes/default/validatebox.css HTTP/1.1" 404 1104
114.83.222.182 - - [05/Mar/2023:09:12:51 +0800] "POST /xingrg/kc/base/wldb_order_operate.html HTTP/1.1" 200 5855
116.225.84.253 - - [05/Mar/2023:09:12:55 +0800] "GET /xingrg/all/function/internal_message.html?_=1677978638166&CODE_STATE=getMsg HTTP/1.1" 200 27
222.70.182.154 - - [05/Mar/2023:09:12:56 +0800] "GET /xingrg/all/function/internal_message.html?_=1677978790842&CODE_STATE=getMsg HTTP/1.1" 200 27
222.70.182.154 - - [05/Mar/2023:09:12:58 +0800] "POST /xingrg/kc/buy/cgsh_list_operate.html HTTP/1.1" 200 986
114.83.222.182 - - [05/Mar/2023:09:12:58 +0800] "GET /xingrg/kc/base/check_order_list.html HTTP/1.1" 200 16223
114.83.222.182 - - [05/Mar/2023:09:12:58 +0800] "POST /xingrg/kc/base/check_list_operate.html HTTP/1.1" 200 781
114.83.222.182 - - [05/Mar/2023:09:13:00 +0800] "GET /xingrg/kc/base/kc_sales.html HTTP/1.1" 200 6752
114.83.222.182 - - [05/Mar/2023:09:13:00 +0800] "GET /xingrg/css/table.css HTTP/1.1" 200 3684
116.230.116.110 - - [05/Mar/2023:09:13:00 +0800] "GET /xingrg/kc/buy/cgsh_order_operate.html?command=get_materiel&rest_code=00146&code=00101008169&supplier_code=00100005&order_time=2023-03-05 HTTP/1.1" 200 412
116.238.139.35 - - [05/Mar/2023:09:13:01 +0800] "GET /xingrg/kc/buy/cgsh_order_operate.html?command=get_materiel&rest_code=00150&code=00101031006&supplier_code=00100064&order_time=2023-03-05 HTTP/1.1" 200 417
180.169.147.146 - - [05/Mar/2023:09:13:02 +0800] "GET /xingrg/all/function/internal_message.html?_=1677978818952&CODE_STATE=getMsg HTTP/1.1" 302 -
114.83.222.182 - - [05/Mar/2023:09:13:02 +0800] "GET /xingrg/kc/base/yddb_order_list.html HTTP/1.1" 200 16710
180.169.147.146 - - [05/Mar/2023:09:13:02 +0800] "GET /xingrg/all/function/internal_message.html?_=1677978800937&CODE_STATE=getMsg HTTP/1.1" 200 27
114.83.222.182 - - [05/Mar/2023:09:13:03 +0800] "POST /xingrg/kc/base/yddb_list_operate.html HTTP/1.1" 200 1340
222.70.221.209 - - [05/Mar/2023:09:13:04 +0800] "GET /xingrg/all/function/internal_message.html?_=1677978927867&CODE_STATE=getMsg HTTP/1.1" 200 27
222.70.182.154 - - [05/Mar/2023:09:13:04 +0800] "GET /xingrg/kc/base/wldb_order_list.html HTTP/1.1" 200 19098
222.70.182.154 - - [05/Mar/2023:09:13:05 +0800] "POST /xingrg/kc/base/wldb_list_operate.html HTTP/1.1" 200 3343
114.83.222.182 - - [05/Mar/2023:09:13:07 +0800] "POST /xingrg/kc/base/yddb_list_operate.html HTTP/1.1" 200 636
116.238.139.35 - - [05/Mar/2023:09:13:10 +0800] "POST /xingrg/kc/buy/cgsh_order_operate.html HTTP/1.1" 200 37
114.83.222.182 - - [05/Mar/2023:09:13:10 +0800] "POST /xingrg/kc/base/yddb_list_operate.html HTTP/1.1" 200 636
120.253.135.82 - - [05/Mar/2023:09:13:12 +0800] "GET /xingrg/all/function/internal_message.html?_=1677978635958&CODE_STATE=getMsg HTTP/1.1" 200 27
120.253.135.82 - - [05/Mar/2023:09:13:13 +0800] "GET /xingrg/check_reg.html?_=1677978637452 HTTP/1.1" 200 22
116.225.84.253 - - [05/Mar/2023:09:13:14 +0800] "GET /xingrg/all/function/internal_message.html?_=1677978812704&CODE_STATE=getMsg HTTP/1.1" 200 27
116.238.139.35 - - [05/Mar/2023:09:13:20 +0800] "POST /xingrg/kc/buy/cgsh_order_operate.html HTTP/1.1" 200 12
120.253.135.82 - - [05/Mar/2023:09:13:23 +0800] "GET /xingrg/all/function/internal_message.html?_=1677978950035&CODE_STATE=getMsg HTTP/1.1" 200 27
116.238.139.35 - - [05/Mar/2023:09:13:24 +0800] "GET /xingrg/kc/buy/cgsh_order_info.html?code=212023030501546 HTTP/1.1" 200 64907
116.230.116.110 - - [05/Mar/2023:09:13:24 +0800] "GET /xingrg/kc/buy/cgsh_order_operate.html?command=get_materiel&rest_code=00146&code=00101008261&supplier_code=00100005&order_time=2023-03-05 HTTP/1.1" 200 408
116.238.139.35 - - [05/Mar/2023:09:13:24 +0800] "GET /xingrg/javascript/easyui/themes/default/validatebox.css HTTP/1.1" 404 1104
116.238.139.35 - - [05/Mar/2023:09:13:25 +0800] "POST /xingrg/kc/buy/cgsh_order_operate.html HTTP/1.1" 200 613
116.238.139.35 - - [05/Mar/2023:09:13:27 +0800] "GET /xingrg/kc/print/load_data.html?order_code=212023030501546&kc_code=cgsh&condition= HTTP/1.1" 200 752
120.253.135.82 - - [05/Mar/2023:09:13:27 +0800] "GET /xingrg/all/function/internal_message.html?_=1677978954259&CODE_STATE=getMsg HTTP/1.1" 200 27
120.253.135.82 - - [05/Mar/2023:09:13:27 +0800] "GET /xingrg/check_reg.html?_=1677978954265 HTTP/1.1" 200 22
114.83.222.182 - - [05/Mar/2023:09:13:28 +0800] "GET /xingrg/all/function/internal_message.html?_=1677978886526&CODE_STATE=getMsg HTTP/1.1" 200 27
116.238.139.35 - - [05/Mar/2023:09:13:29 +0800] "GET /xingrg/all/function/internal_message.html?_=1677978829297&CODE_STATE=getMsg HTTP/1.1" 200 27
180.157.253.110 - - [05/Mar/2023:09:13:29 +0800] "GET /xingrg/all/function/internal_message.html?_=1677978830025&CODE_STATE=getMsg HTTP/1.1" 200 27
180.157.253.110 - - [05/Mar/2023:09:13:29 +0800] "GET /xingrg/all/function/internal_message.html?_=1677978830190&CODE_STATE=getMsg HTTP/1.1" 200 27
180.157.253.110 - - [05/Mar/2023:09:13:29 +0800] "GET /xingrg/check_reg.html?_=1677978830192 HTTP/1.1" 200 22
116.238.139.35 - - [05/Mar/2023:09:13:34 +0800] "GET /xingrg/kc/base/wldb_order_list.html HTTP/1.1" 200 19104
116.192.124.172 - - [05/Mar/2023:09:13:35 +0800] "GET /xingrg/check_reg.html?_=1677978832917 HTTP/1.1" 200 22
116.192.124.172 - - [05/Mar/2023:09:13:35 +0800] "GET /xingrg/all/function/internal_message.html?_=1677978832921&CODE_STATE=getMsg HTTP/1.1" 200 27
116.230.116.110 - - [05/Mar/2023:09:13:36 +0800] "GET /xingrg/all/function/internal_message.html?_=1677978856520&CODE_STATE=getMsg HTTP/1.1" 302 -
116.230.116.110 - - [05/Mar/2023:09:13:37 +0800] "GET /xingrg/kc/buy/cgsh_order_operate.html?command=get_materiel&rest_code=00146&code=00101008175&supplier_code=00100005&order_time=2023-03-05 HTTP/1.1" 200 412
180.157.253.110 - - [05/Mar/2023:09:13:39 +0800] "GET /xingrg/kc/report/report_main.html HTTP/1.1" 200 7340
116.230.116.110 - - [05/Mar/2023:09:13:40 +0800] "GET /xingrg/all/function/internal_message.html?_=1677978864037&CODE_STATE=getMsg HTTP/1.1" 200 27
116.238.139.35 - - [05/Mar/2023:09:13:40 +0800] "POST /xingrg/kc/base/wldb_list_operate.html HTTP/1.1" 200 928
180.157.253.110 - - [05/Mar/2023:09:13:41 +0800] "GET /xingrg/all/report/report_query.html?fileName=kc/buy/wlcg_mx.xml HTTP/1.1" 200 51648
180.157.253.110 - - [05/Mar/2023:09:13:41 +0800] "GET /xingrg/dwr/interface/AjaxReportQueryService.js HTTP/1.1" 200 13203
180.157.253.110 - - [05/Mar/2023:09:13:41 +0800] "GET /xingrg/dwr/engine.js HTTP/1.1" 200 43631
180.157.253.110 - - [05/Mar/2023:09:13:41 +0800] "GET /xingrg/dwr/util.js HTTP/1.1" 200 35990
180.157.253.110 - - [05/Mar/2023:09:13:41 +0800] "POST /xingrg/dwr/call/plaincall/AjaxReportQueryService.getFixDate.dwr HTTP/1.1" 200 111
180.157.253.110 - - [05/Mar/2023:09:13:42 +0800] "POST /xingrg/dwr/call/plaincall/AjaxReportQueryService.getInitString.dwr HTTP/1.1" 200 33360
180.157.253.110 - - [05/Mar/2023:09:13:42 +0800] "POST /xingrg/dwr/call/plaincall/AjaxReportQueryService.getInitString.dwr HTTP/1.1" 200 1023
180.157.253.110 - - [05/Mar/2023:09:13:42 +0800] "POST /xingrg/dwr/call/plaincall/AjaxReportQueryService.getInitString.dwr HTTP/1.1" 200 125
116.238.139.35 - - [05/Mar/2023:09:13:42 +0800] "GET /xingrg/kc/base/wldb_order_add.html HTTP/1.1" 200 30387
116.238.139.35 - - [05/Mar/2023:09:13:43 +0800] "POST /xingrg/kc/base/wldb_order_operate.html HTTP/1.1" 200 6806
116.238.139.35 - - [05/Mar/2023:09:13:43 +0800] "GET /xingrg/all/common/auto_word.html?type=base&rest_code=00150 HTTP/1.1" 200 1853
116.238.139.35 - - [05/Mar/2023:09:13:43 +0800] "GET /xingrg/all/common/auto_word.html?type=base&rest_code=00150 HTTP/1.1" 200 1853
116.238.139.35 - - [05/Mar/2023:09:13:43 +0800] "GET /xingrg/javascript/easyui/themes/default/validatebox.css HTTP/1.1" 404 1104
172.20.0.100 - - [05/Mar/2023:09:13:45 +0800] "GET /xingrg/all/function/internal_message.html?_=1677978842753&CODE_STATE=getMsg HTTP/1.1" 200 27
58.40.7.146 - - [05/Mar/2023:09:13:45 +0800] "GET /xingrg/all/function/internal_message.html?_=1677978843855&CODE_STATE=getMsg HTTP/1.1" 200 27
116.238.139.35 - - [05/Mar/2023:09:13:46 +0800] "GET /xingrg/all/function/internal_message.html?_=1677978775700&CODE_STATE=getMsg HTTP/1.1" 200 27
58.40.7.146 - - [05/Mar/2023:09:13:46 +0800] "GET /xingrg/all/function/internal_message.html?_=1677978844844&CODE_STATE=getMsg HTTP/1.1" 200 27
222.70.182.154 - - [05/Mar/2023:09:13:48 +0800] "POST /xingrg/kc/base/wldb_list_operate.html HTTP/1.1" 200 4
58.221.95.50 - - [05/Mar/2023:09:13:48 +0800] "GET /xingrg/all/function/internal_message.html?_=1677978846657&CODE_STATE=getMsg HTTP/1.1" 200 27
124.78.153.244 - - [05/Mar/2023:09:13:50 +0800] "GET /xingrg/all/function/internal_message.html?_=1677978845866&CODE_STATE=getMsg HTTP/1.1" 200 27
180.163.29.234 - - [05/Mar/2023:09:13:50 +0800] "GET /xingrg/all/function/internal_message.html?_=1677978785895&CODE_STATE=getMsg HTTP/1.1" 302 -
180.163.29.234 - - [05/Mar/2023:09:13:50 +0800] "GET /xingrg/login.html HTTP/1.1" 200 7641
180.157.253.110 - - [05/Mar/2023:09:13:51 +0800] "POST /xingrg/dwr/call/plaincall/AjaxReportQueryService.refreshCache.dwr HTTP/1.1" 200 78
58.40.7.146 - - [05/Mar/2023:09:13:51 +0800] "GET /xingrg/check_reg.html?_=1677978849377 HTTP/1.1" 200 22
116.238.139.35 - - [05/Mar/2023:09:13:52 +0800] "GET /xingrg/kc/base/wldb_order_operate.html?command=get_materiel&rest_code=00150&base_code=0010446&code=00101017003 HTTP/1.1" 200 447
116.230.116.110 - - [05/Mar/2023:09:13:54 +0800] "GET /xingrg/kc/buy/cgsh_order_operate.html?command=get_materiel&rest_code=00146&code=00101008256&supplier_code=00100005&order_time=2023-03-05 HTTP/1.1" 200 412
116.225.84.253 - - [05/Mar/2023:09:13:55 +0800] "GET /xingrg/all/function/internal_message.html?_=1677978698169&CODE_STATE=getMsg HTTP/1.1" 200 27
180.157.253.110 - - [05/Mar/2023:09:13:55 +0800] "POST /xingrg/all/report/load_report_page.html HTTP/1.1" 200 89
116.238.139.35 - - [05/Mar/2023:09:14:01 +0800] "GET /xingrg/kc/base/wldb_order_operate.html?command=get_materiel&rest_code=00150&base_code=0010446&code=00102002028 HTTP/1.1" 200 469
180.169.147.146 - - [05/Mar/2023:09:14:02 +0800] "GET /xingrg/all/function/internal_message.html?_=1677978878976&CODE_STATE=getMsg HTTP/1.1" 302 -
180.169.147.146 - - [05/Mar/2023:09:14:02 +0800] "GET /xingrg/check_reg.html?_=1677978878977 HTTP/1.1" 302 -
180.169.147.146 - - [05/Mar/2023:09:14:02 +0800] "GET /xingrg/all/function/internal_message.html?_=1677978860925&CODE_STATE=getMsg HTTP/1.1" 200 27
222.70.221.209 - - [05/Mar/2023:09:14:04 +0800] "GET /xingrg/all/function/internal_message.html?_=1677978987845&CODE_STATE=getMsg HTTP/1.1" 200 27
116.238.139.35 - - [05/Mar/2023:09:14:08 +0800] "GET /xingrg/kc/base/wldb_order_operate.html?command=get_materiel&rest_code=00150&base_code=0010446&code=00102012040 HTTP/1.1" 200 452
116.230.116.110 - - [05/Mar/2023:09:14:11 +0800] "GET /xingrg/kc/buy/cgsh_order_operate.html?command=get_materiel&rest_code=00146&code=00101008027&supplier_code=00100005&order_time=2023-03-05 HTTP/1.1" 200 409
120.253.135.82 - - [05/Mar/2023:09:14:12 +0800] "GET /xingrg/all/function/internal_message.html?_=1677978695973&CODE_STATE=getMsg HTTP/1.1" 200 27
116.225.84.253 - - [05/Mar/2023:09:14:14 +0800] "GET /xingrg/all/function/internal_message.html?_=1677978872678&CODE_STATE=getMsg HTTP/1.1" 200 27
180.157.253.110 - - [05/Mar/2023:09:14:16 +0800] "POST /xingrg/dwr/call/plaincall/AjaxReportQueryService.refreshCache.dwr HTTP/1.1" 200 78
116.238.139.35 - - [05/Mar/2023:09:14:17 +0800] "GET /xingrg/kc/base/wldb_order_operate.html?command=get_materiel&rest_code=00150&base_code=0010446&code=00102002433 HTTP/1.1" 200 457
180.157.253.110 - - [05/Mar/2023:09:14:21 +0800] "POST /xingrg/all/report/load_report_page.html HTTP/1.1" 200 48804
180.157.253.110 - - [05/Mar/2023:09:14:21 +0800] "GET /xingrg/servlets/image?cache=0.46096149637013517&image=px HTTP/1.1" 200 807
172.20.0.100 - - [05/Mar/2023:09:14:22 +0800] "POST /xingrg/all/user/operate.html HTTP/1.1" 200 36
172.20.0.100 - - [05/Mar/2023:09:14:23 +0800] "GET /xingrg/index.html?sysBaseUrl=http%3A%2F%2F172.20.0.8%3A18081%2Fxingrg%2F&costTime=1168×tamp=1677978294587 HTTP/1.1" 200 17454
172.20.0.100 - - [05/Mar/2023:09:14:23 +0800] "GET /xingrg/javascript/jquery_easy_ui/themes/default/easyui.css HTTP/1.1" 304 -
172.20.0.100 - - [05/Mar/2023:09:14:23 +0800] "GET /xingrg/javascript/jquery_easy_ui/themes/icon.css HTTP/1.1" 304 -
172.20.0.100 - - [05/Mar/2023:09:14:23 +0800] "GET /xingrg/css/form.css HTTP/1.1" 304 -
172.20.0.100 - - [05/Mar/2023:09:14:23 +0800] "GET /xingrg/javascript/jquery-1.4.2.min.js HTTP/1.1" 304 -
172.20.0.100 - - [05/Mar/2023:09:14:23 +0800] "GET /xingrg/javascript/jquery_easy_ui/jquery.easyui.min.js HTTP/1.1" 304 -
172.20.0.100 - - [05/Mar/2023:09:14:23 +0800] "GET /xingrg/javascript/jquery_easy_ui/easyui-lang-zh_CN.js HTTP/1.1" 304 -
172.20.0.100 - - [05/Mar/2023:09:14:23 +0800] "GET /xingrg/javascript/jquery.form.js HTTP/1.1" 304 -
172.20.0.100 - - [05/Mar/2023:09:14:23 +0800] "GET /xingrg/javascript/jquery.utils.js HTTP/1.1" 304 -
172.20.0.100 - - [05/Mar/2023:09:14:23 +0800] "GET /xingrg/javascript/jquery.timers.js HTTP/1.1" 304 -
172.20.0.100 - - [05/Mar/2023:09:14:23 +0800] "GET /xingrg/images/blue/jxLogo.png HTTP/1.1" 304 -
172.20.0.100 - - [05/Mar/2023:09:14:23 +0800] "GET /xingrg/javascript/jquery_easy_ui/themes/icons/settle_new.png HTTP/1.1" 304 -
172.20.0.100 - - [05/Mar/2023:09:14:23 +0800] "GET /xingrg/images/blue/navBackgound.jpg HTTP/1.1" 304 -
120.253.135.82 - - [05/Mar/2023:09:14:23 +0800] "GET /xingrg/all/function/internal_message.html?_=1677979010038&CODE_STATE=getMsg HTTP/1.1" 200 27
172.20.0.100 - - [05/Mar/2023:09:14:23 +0800] "GET /xingrg/check_reg.html?_=1677978880910 HTTP/1.1" 200 22
172.20.0.100 - - [05/Mar/2023:09:14:23 +0800] "GET /xingrg/all/function/internal_message.html?_=1677978880909&CODE_STATE=count HTTP/1.1" 200 11
172.20.0.100 - - [05/Mar/2023:09:14:23 +0800] "GET /xingrg/javascript/jquery_easy_ui/themes/default/images/panel_tool_expand.gif HTTP/1.1" 304 -
172.20.0.100 - - [05/Mar/2023:09:14:23 +0800] "GET /xingrg/javascript/jquery_easy_ui/themes/default/images/tabs_leftarrow.png HTTP/1.1" 304 -
172.20.0.100 - - [05/Mar/2023:09:14:23 +0800] "GET /xingrg/images/blue/pingpu.png HTTP/1.1" 304 -
172.20.0.100 - - [05/Mar/2023:09:14:23 +0800] "GET /xingrg/javascript/jquery_easy_ui/themes/default/images/tabs_rightarrow.png HTTP/1.1" 304 -
172.20.0.100 - - [05/Mar/2023:09:14:23 +0800] "GET /xingrg/javascript/jquery_easy_ui/themes/default/images/panel_tool_collapse.gif HTTP/1.1" 304 -
172.20.0.100 - - [05/Mar/2023:09:14:23 +0800] "POST /xingrg/all/common/load_tree.html?tree=area_rest_tree_json&manage=1 HTTP/1.1" 200 3499
172.20.0.100 - - [05/Mar/2023:09:14:23 +0800] "POST /xingrg/load_menu.html HTTP/1.1" 200 9924
172.20.0.100 - - [05/Mar/2023:09:14:25 +0800] "GET /xingrg/kc/report/report_main.html HTTP/1.1" 200 7320
172.20.0.100 - - [05/Mar/2023:09:14:26 +0800] "GET /xingrg/kc/base/crk_hz.html HTTP/1.1" 200 11227
172.20.0.100 - - [05/Mar/2023:09:14:27 +0800] "POST /xingrg/kc/cost/cost_operate.html?command=get_base_tree HTTP/1.1" 200 969
172.20.0.100 - - [05/Mar/2023:09:14:27 +0800] "POST /xingrg/all/common/load_tree.html?tree=materiel_sort_tree_json HTTP/1.1" 200 9500
120.253.135.82 - - [05/Mar/2023:09:14:27 +0800] "GET /xingrg/all/function/internal_message.html?_=1677979014264&CODE_STATE=getMsg HTTP/1.1" 200 27
114.83.222.182 - - [05/Mar/2023:09:14:28 +0800] "GET /xingrg/all/function/internal_message.html?_=1677978946510&CODE_STATE=getMsg HTTP/1.1" 200 27
114.83.222.182 - - [05/Mar/2023:09:14:28 +0800] "GET /xingrg/check_reg.html?_=1677978946512 HTTP/1.1" 200 22
116.238.139.35 - - [05/Mar/2023:09:14:28 +0800] "GET /xingrg/all/function/internal_message.html?_=1677978889281&CODE_STATE=getMsg HTTP/1.1" 200 27
180.157.253.110 - - [05/Mar/2023:09:14:29 +0800] "GET /xingrg/all/function/internal_message.html?_=1677978890026&CODE_STATE=getMsg HTTP/1.1" 200 27
180.157.253.110 - - [05/Mar/2023:09:14:29 +0800] "GET /xingrg/check_reg.html?_=1677978890030 HTTP/1.1" 200 22
180.157.253.110 - - [05/Mar/2023:09:14:29 +0800] "GET /xingrg/all/function/internal_message.html?_=1677978890212&CODE_STATE=getMsg HTTP/1.1" 200 27
116.192.124.172 - - [05/Mar/2023:09:14:35 +0800] "GET /xingrg/all/function/internal_message.html?_=1677978892922&CODE_STATE=getMsg HTTP/1.1" 200 27
116.230.116.110 - - [05/Mar/2023:09:14:36 +0800] "GET /xingrg/kc/buy/cgsh_order_operate.html?command=get_materiel&rest_code=00146&code=00101008257&supplier_code=00100005&order_time=2023-03-05 HTTP/1.1" 200 416
116.230.116.110 - - [05/Mar/2023:09:14:36 +0800] "GET /xingrg/all/function/internal_message.html?_=1677978916523&CODE_STATE=getMsg HTTP/1.1" 302 -
116.230.116.110 - - [05/Mar/2023:09:14:40 +0800] "GET /xingrg/all/function/internal_message.html?_=1677978924051&CODE_STATE=getMsg HTTP/1.1" 200 27
58.40.7.146 - - [05/Mar/2023:09:14:45 +0800] "GET /xingrg/check_reg.html?_=1677978903859 HTTP/1.1" 200 22
58.40.7.146 - - [05/Mar/2023:09:14:45 +0800] "GET /xingrg/all/function/internal_message.html?_=1677978903857&CODE_STATE=getMsg HTTP/1.1" 200 27
58.40.7.146 - - [05/Mar/2023:09:14:46 +0800] "GET /xingrg/all/function/internal_message.html?_=1677978904849&CODE_STATE=getMsg HTTP/1.1" 200 27
116.238.139.35 - - [05/Mar/2023:09:14:46 +0800] "GET /xingrg/all/function/internal_message.html?_=1677978835736&CODE_STATE=getMsg HTTP/1.1" 200 27
58.221.95.50 - - [05/Mar/2023:09:14:48 +0800] "GET /xingrg/all/function/internal_message.html?_=1677978906649&CODE_STATE=getMsg HTTP/1.1" 200 27
180.163.30.100 - - [05/Mar/2023:09:14:50 +0800] "GET /xingrg/all/function/internal_message.html?_=1677978845866&CODE_STATE=getMsg HTTP/1.1" 302 -
180.163.30.100 - - [05/Mar/2023:09:14:50 +0800] "GET /xingrg/login.html HTTP/1.1" 200 7641
124.78.153.244 - - [05/Mar/2023:09:14:50 +0800] "GET /xingrg/all/function/internal_message.html?_=1677978905838&CODE_STATE=getMsg HTTP/1.1" 200 27
172.20.0.100 - - [05/Mar/2023:09:14:51 +0800] "GET /xingrg/kc/base/crk_hz.html HTTP/1.1" 200 11227
172.20.0.100 - - [05/Mar/2023:09:14:51 +0800] "POST /xingrg/kc/cost/cost_operate.html?command=get_base_tree HTTP/1.1" 200 969
172.20.0.100 - - [05/Mar/2023:09:14:51 +0800] "POST /xingrg/all/common/load_tree.html?tree=materiel_sort_tree_json HTTP/1.1" 200 9500
116.230.116.110 - - [05/Mar/2023:09:14:52 +0800] "GET /xingrg/kc/buy/cgsh_order_operate.html?command=get_materiel&rest_code=00146&code=00101008350&supplier_code=00100005&order_time=2023-03-05 HTTP/1.1" 200 408
116.225.84.253 - - [05/Mar/2023:09:14:55 +0800] "GET /xingrg/all/function/internal_message.html?_=1677978758170&CODE_STATE=getMsg HTTP/1.1" 200 27
180.169.147.146 - - [05/Mar/2023:09:15:02 +0800] "GET /xingrg/all/function/internal_message.html?_=1677978938976&CODE_STATE=getMsg HTTP/1.1" 302 -
180.169.147.146 - - [05/Mar/2023:09:15:02 +0800] "GET /xingrg/all/function/internal_message.html?_=1677978920911&CODE_STATE=getMsg HTTP/1.1" 200 27
222.70.221.209 - - [05/Mar/2023:09:15:04 +0800] "GET /xingrg/all/function/internal_message.html?_=1677979047819&CODE_STATE=getMsg HTTP/1.1" 200 27
116.230.116.110 - - [05/Mar/2023:09:15:05 +0800] "GET /xingrg/kc/buy/cgsh_order_operate.html?command=get_materiel&rest_code=00146&code=00101008010&supplier_code=00100005&order_time=2023-03-05 HTTP/1.1" 200 412
120.253.135.82 - - [05/Mar/2023:09:15:12 +0800] "GET /xingrg/all/function/internal_message.html?_=1677978755985&CODE_STATE=getMsg HTTP/1.1" 200 27
116.225.84.253 - - [05/Mar/2023:09:15:14 +0800] "GET /xingrg/all/function/internal_message.html?_=1677978932649&CODE_STATE=getMsg HTTP/1.1" 200 27
172.20.0.100 - - [05/Mar/2023:09:15:14 +0800] "GET /xingrg/index.html?sysBaseUrl=http%3A%2F%2F172.17.0.8%3A18081%2Fxingrg%2F&costTime=213×tamp=1585200360465 HTTP/1.1" 302 -
172.20.0.100 - - [05/Mar/2023:09:15:14 +0800] "GET /xingrg/login.html HTTP/1.1" 200 7636
172.20.0.100 - - [05/Mar/2023:09:15:15 +0800] "GET /favicon.ico HTTP/1.1" 404 -
116.230.116.110 - - [05/Mar/2023:09:15:16 +0800] "GET /xingrg/check_reg.html?_=1677978957081 HTTP/1.1" 302 -
172.20.0.100 - - [05/Mar/2023:09:15:18 +0800] "POST /xingrg/login.do HTTP/1.1" 302 -
172.20.0.100 - - [05/Mar/2023:09:15:18 +0800] "GET /xingrg/index.html?sysBaseUrl=http%3A%2F%2F172.20.0.8%3A18081%2Fxingrg%2F&costTime=1188×tamp=1677978918081 HTTP/1.1" 200 17448
172.20.0.100 - - [05/Mar/2023:09:15:18 +0800] "GET /favicon.ico HTTP/1.1" 404 -
172.20.0.100 - - [05/Mar/2023:09:15:18 +0800] "GET /xingrg/check_reg.html?_=1677978936072 HTTP/1.1" 200 22
172.20.0.100 - - [05/Mar/2023:09:15:18 +0800] "GET /xingrg/all/function/internal_message.html?_=1677978936068&CODE_STATE=count HTTP/1.1" 200 11
172.20.0.100 - - [05/Mar/2023:09:15:18 +0800] "POST /xingrg/all/common/load_tree.html?tree=area_rest_tree_json&manage=1 HTTP/1.1" 200 3499
172.20.0.100 - - [05/Mar/2023:09:15:18 +0800] "POST /xingrg/load_menu.html HTTP/1.1" 200 11529
116.230.116.110 - - [05/Mar/2023:09:15:19 +0800] "GET /xingrg/check_reg.html?_=1677978963694 HTTP/1.1" 200 22
116.230.116.110 - - [05/Mar/2023:09:15:21 +0800] "GET /xingrg/kc/buy/cgsh_order_operate.html?command=get_materiel&rest_code=00146&code=00101008558&supplier_code=00100005&order_time=2023-03-05 HTTP/1.1" 200 409
120.253.135.82 - - [05/Mar/2023:09:15:23 +0800] "GET /xingrg/all/function/internal_message.html?_=1677979070044&CODE_STATE=getMsg HTTP/1.1" 200 27
172.20.0.100 - - [05/Mar/2023:09:15:23 +0800] "POST /xingrg/all/user/operate.html HTTP/1.1" 200 36
172.20.0.100 - - [05/Mar/2023:09:15:23 +0800] "GET /xingrg/index.html?sysBaseUrl=http%3A%2F%2F172.20.0.8%3A18081%2Fxingrg%2F&costTime=1188×tamp=1677978918081 HTTP/1.1" 200 17454
172.20.0.100 - - [05/Mar/2023:09:15:23 +0800] "GET /xingrg/javascript/jquery_easy_ui/themes/default/easyui.css HTTP/1.1" 304 -
172.20.0.100 - - [05/Mar/2023:09:15:23 +0800] "GET /xingrg/javascript/jquery_easy_ui/themes/icon.css HTTP/1.1" 304 -
172.20.0.100 - - [05/Mar/2023:09:15:23 +0800] "GET /xingrg/css/form.css HTTP/1.1" 304 -
172.20.0.100 - - [05/Mar/2023:09:15:23 +0800] "GET /xingrg/javascript/jquery-1.4.2.min.js HTTP/1.1" 304 -
172.20.0.100 - - [05/Mar/2023:09:15:23 +0800] "GET /xingrg/javascript/jquery_easy_ui/jquery.easyui.min.js HTTP/1.1" 304 -
172.20.0.100 - - [05/Mar/2023:09:15:23 +0800] "GET /xingrg/javascript/jquery_easy_ui/easyui-lang-zh_CN.js HTTP/1.1" 304 -
172.20.0.100 - - [05/Mar/2023:09:15:23 +0800] "GET /xingrg/javascript/jquery.form.js HTTP/1.1" 304 -
172.20.0.100 - - [05/Mar/2023:09:15:23 +0800] "GET /xingrg/javascript/jquery.utils.js HTTP/1.1" 304 -
172.20.0.100 - - [05/Mar/2023:09:15:23 +0800] "GET /xingrg/javascript/jquery.timers.js HTTP/1.1" 304 -
172.20.0.100 - - [05/Mar/2023:09:15:23 +0800] "GET /xingrg/images/blue/jxLogo.png HTTP/1.1" 304 -
172.20.0.100 - - [05/Mar/2023:09:15:23 +0800] "GET /xingrg/images/blue/navBackgound.jpg HTTP/1.1" 304 -
172.20.0.100 - - [05/Mar/2023:09:15:23 +0800] "GET /xingrg/javascript/jquery_easy_ui/themes/icons/settle_new.png HTTP/1.1" 304 -
172.20.0.100 - - [05/Mar/2023:09:15:24 +0800] "GET /xingrg/all/function/internal_message.html?_=1677978941560&CODE_STATE=count HTTP/1.1" 200 11
172.20.0.100 - - [05/Mar/2023:09:15:24 +0800] "GET /xingrg/check_reg.html?_=1677978941562 HTTP/1.1" 200 22
172.20.0.100 - - [05/Mar/2023:09:15:24 +0800] "GET /xingrg/javascript/jquery_easy_ui/themes/default/images/tabs_leftarrow.png HTTP/1.1" 304 -
172.20.0.100 - - [05/Mar/2023:09:15:24 +0800] "GET /xingrg/javascript/jquery_easy_ui/themes/default/images/panel_tool_expand.gif HTTP/1.1" 304 -
172.20.0.100 - - [05/Mar/2023:09:15:24 +0800] "GET /xingrg/javascript/jquery_easy_ui/themes/default/images/panel_tool_collapse.gif HTTP/1.1" 304 -
172.20.0.100 - - [05/Mar/2023:09:15:24 +0800] "GET /xingrg/javascript/jquery_easy_ui/themes/default/images/tabs_rightarrow.png HTTP/1.1" 304 -
172.20.0.100 - - [05/Mar/2023:09:15:24 +0800] "GET /xingrg/images/blue/pingpu.png HTTP/1.1" 304 -
172.20.0.100 - - [05/Mar/2023:09:15:24 +0800] "POST /xingrg/all/common/load_tree.html?tree=area_rest_tree_json&manage=1 HTTP/1.1" 200 3499
172.20.0.100 - - [05/Mar/2023:09:15:24 +0800] "POST /xingrg/load_menu.html HTTP/1.1" 200 9924
172.20.0.100 - - [05/Mar/2023:09:15:25 +0800] "GET /xingrg/kc/report/report_main.html HTTP/1.1" 200 7320
172.20.0.100 - - [05/Mar/2023:09:15:27 +0800] "GET /xingrg/kc/base/crk_hz.html HTTP/1.1" 200 11227
120.253.135.82 - - [05/Mar/2023:09:15:27 +0800] "GET /xingrg/all/function/internal_message.html?_=1677979074274&CODE_STATE=getMsg HTTP/1.1" 200 27
172.20.0.100 - - [05/Mar/2023:09:15:27 +0800] "POST /xingrg/kc/cost/cost_operate.html?command=get_base_tree HTTP/1.1" 200 969
172.20.0.100 - - [05/Mar/2023:09:15:27 +0800] "POST /xingrg/all/common/load_tree.html?tree=materiel_sort_tree_json HTTP/1.1" 200 9500
114.83.222.182 - - [05/Mar/2023:09:15:28 +0800] "GET /xingrg/all/function/internal_message.html?_=1677979006483&CODE_STATE=getMsg HTTP/1.1" 200 27
116.238.139.35 - - [05/Mar/2023:09:15:28 +0800] "GET /xingrg/all/function/internal_message.html?_=1677978949248&CODE_STATE=getMsg HTTP/1.1" 200 27
172.20.0.100 - - [05/Mar/2023:09:15:29 +0800] "GET /xingrg/all/common/get_data_part.html?part=previousMonth&_=1677978946705 HTTP/1.1" 200 41
180.157.253.110 - - [05/Mar/2023:09:15:29 +0800] "GET /xingrg/all/function/internal_message.html?_=1677978950016&CODE_STATE=getMsg HTTP/1.1" 200 27
180.157.253.110 - - [05/Mar/2023:09:15:29 +0800] "GET /xingrg/all/function/internal_message.html?_=1677978950216&CODE_STATE=getMsg HTTP/1.1" 200 27
116.238.139.35 - - [05/Mar/2023:09:15:32 +0800] "GET /xingrg/kc/buy/cgsh_order_operate.html?command=get_materiel&rest_code=00150&code=00101006291&supplier_code=00100096&order_time=2023-03-05 HTTP/1.1" 200 419
116.230.116.110 - - [05/Mar/2023:09:15:36 +0800] "GET /xingrg/all/function/internal_message.html?_=1677978976548&CODE_STATE=getMsg HTTP/1.1" 302 -
172.20.0.100 - - [05/Mar/2023:09:15:37 +0800] "GET /xingrg/kc/base/crk_hz.html?_=1677978954629&command=get_cost_id&end_date=2023-02-28&start_date=2023-02-01 HTTP/1.1" 200 51
172.20.0.100 - - [05/Mar/2023:09:15:37 +0800] "GET /xingrg/all/report/report_query.html?isQuery=1&onlyBody=1&rh=99999&rw=1800&varString=start:20230201,cost_id:4131,mid:20230201&fileName=kc/base/crk_hz_type_by_base.xml&queryString=%20a.base_code%20in%20('0010818')%20%20and%20m.sort_code%20in%20('00101001','00101002','00101003','00101004','00101005','00101006','00101007','00101008','00101009','00101010','00101011','00101012','00101013','00101014','00101015','00101016','00101017','00101018','00101019','00101020','00101021','00101022','00101023','00101024','00101025','00101026','00101027','00101028','00101029','00101030','00101031','00101032','00101033','00101034','00101036','00101037','00101038','00101039','00101040','00101041','00101042','00101043')%20&queryText=ÈÕÆÚ£º2023-02-01ÖÁ2023-02-28%20²Ö¿â£ºÃâ·ÑÌðÆ·&tableQueryString=materiel_table$sp1$$sp$before_table$sp1$$sp$crk_table$sp1$order_day%20between%2020230201%20and%2020230228 HTTP/1.1" 200 49811
172.20.0.100 - - [05/Mar/2023:09:15:37 +0800] "GET /xingrg/dwr/interface/AjaxReportQueryService.js HTTP/1.1" 200 13203
172.20.0.100 - - [05/Mar/2023:09:15:37 +0800] "GET /xingrg/dwr/engine.js HTTP/1.1" 200 43631
116.230.116.110 - - [05/Mar/2023:09:15:38 +0800] "GET /xingrg/kc/buy/cgsh_order_operate.html?command=get_materiel&rest_code=00146&code=00101008354&supplier_code=00100005&order_time=2023-03-05 HTTP/1.1" 200 412
116.230.116.110 - - [05/Mar/2023:09:15:40 +0800] "GET /xingrg/all/function/internal_message.html?_=1677978984063&CODE_STATE=getMsg HTTP/1.1" 200 27
172.20.0.100 - - [05/Mar/2023:09:15:41 +0800] "POST /xingrg/all/report/load_report_page.html HTTP/1.1" 200 94870
172.20.0.100 - - [05/Mar/2023:09:15:41 +0800] "GET /xingrg/servlets/image?cache=0.22820524834403122&image=px HTTP/1.1" 200 807
180.169.147.146 - - [05/Mar/2023:09:15:45 +0800] "GET /xingrg/check_reg.html?_=1677978963616 HTTP/1.1" 200 22
58.40.7.146 - - [05/Mar/2023:09:15:45 +0800] "GET /xingrg/all/function/internal_message.html?_=1677978963861&CODE_STATE=getMsg HTTP/1.1" 200 27
116.238.139.35 - - [05/Mar/2023:09:15:46 +0800] "GET /xingrg/kc/base/wldb_order_operate.html?command=get_materiel&rest_code=00150&base_code=0010446&code=00102001151 HTTP/1.1" 200 434
58.40.7.146 - - [05/Mar/2023:09:15:46 +0800] "GET /xingrg/all/function/internal_message.html?_=1677978964837&CODE_STATE=getMsg HTTP/1.1" 200 27
116.238.139.35 - - [05/Mar/2023:09:15:46 +0800] "GET /xingrg/all/function/internal_message.html?_=1677978895743&CODE_STATE=getMsg HTTP/1.1" 200 27
58.221.95.50 - - [05/Mar/2023:09:15:48 +0800] "GET /xingrg/all/function/internal_message.html?_=1677978966667&CODE_STATE=getMsg HTTP/1.1" 200 27
116.230.116.110 - - [05/Mar/2023:09:15:49 +0800] "GET /xingrg/kc/buy/cgsh_order_operate.html?command=get_materiel&rest_code=00146&code=00101008038&supplier_code=00100005&order_time=2023-03-05 HTTP/1.1" 200 412
180.163.28.109 - - [05/Mar/2023:09:15:50 +0800] "GET /xingrg/all/function/internal_message.html?_=1677978905838&CODE_STATE=getMsg HTTP/1.1" 302 -
180.163.28.109 - - [05/Mar/2023:09:15:50 +0800] "GET /xingrg/login.html HTTP/1.1" 200 7641
116.238.139.35 - - [05/Mar/2023:09:15:50 +0800] "GET /xingrg/kc/buy/cgsh_order_operate.html?command=get_materiel&rest_code=00150&code=00101007061&supplier_code=00100096&order_time=2023-03-05 HTTP/1.1" 200 409
124.78.153.244 - - [05/Mar/2023:09:15:50 +0800] "GET /xingrg/all/function/internal_message.html?_=1677978965809&CODE_STATE=getMsg HTTP/1.1" 200 27
116.238.139.35 - - [05/Mar/2023:09:15:53 +0800] "GET /xingrg/kc/base/wldb_order_operate.html?command=get_materiel&rest_code=00150&base_code=0010446&code=00102001118 HTTP/1.1" 200 433
116.225.84.253 - - [05/Mar/2023:09:15:55 +0800] "GET /xingrg/all/function/internal_message.html?_=1677978818177&CODE_STATE=getMsg HTTP/1.1" 200 27
116.230.116.110 - - [05/Mar/2023:09:15:57 +0800] "POST /xingrg/kc/buy/cgsh_order_operate.html HTTP/1.1" 200 2065
116.238.139.35 - - [05/Mar/2023:09:16:00 +0800] "GET /xingrg/kc/buy/cgsh_order_operate.html?command=get_materiel&rest_code=00150&code=00101007049&supplier_code=00100096&order_time=2023-03-05 HTTP/1.1" 200 409
116.238.139.35 - - [05/Mar/2023:09:16:01 +0800] "POST /xingrg/kc/base/wldb_order_operate.html HTTP/1.1" 200 37
180.169.147.146 - - [05/Mar/2023:09:16:02 +0800] "GET /xingrg/all/function/internal_message.html?_=1677978998974&CODE_STATE=getMsg HTTP/1.1" 302 -
116.238.139.35 - - [05/Mar/2023:09:16:02 +0800] "POST /xingrg/kc/base/wldb_order_operate.html HTTP/1.1" 200 4639
180.169.147.146 - - [05/Mar/2023:09:16:02 +0800] "GET /xingrg/all/function/internal_message.html?_=1677978980895&CODE_STATE=getMsg HTTP/1.1" 200 27
222.70.221.209 - - [05/Mar/2023:09:16:04 +0800] "GET /xingrg/all/function/internal_message.html?_=1677979107798&CODE_STATE=getMsg HTTP/1.1" 200 27
116.225.84.253 - - [05/Mar/2023:09:16:04 +0800] "GET /xingrg/check_reg.html?_=1677978983551 HTTP/1.1" 200 22
116.230.116.110 - - [05/Mar/2023:09:16:06 +0800] "GET /xingrg/kc/buy/cgsh_order_operate.html?command=get_materiel&rest_code=00146&code=00101008113&supplier_code=00100005&order_time=2023-03-05 HTTP/1.1" 200 413
116.238.139.35 - - [05/Mar/2023:09:16:08 +0800] "POST /xingrg/kc/base/wldb_order_operate.html HTTP/1.1" 200 12
116.238.139.35 - - [05/Mar/2023:09:16:10 +0800] "GET /xingrg/kc/base/wldb_order_info.html?code=422023030500388 HTTP/1.1" 200 26267
116.238.139.35 - - [05/Mar/2023:09:16:10 +0800] "GET /xingrg/javascript/easyui/themes/default/validatebox.css HTTP/1.1" 404 1104
116.238.139.35 - - [05/Mar/2023:09:16:11 +0800] "POST /xingrg/kc/base/wldb_order_operate.html HTTP/1.1" 200 2871
120.253.135.82 - - [05/Mar/2023:09:16:12 +0800] "GET /xingrg/all/function/internal_message.html?_=1677978816144&CODE_STATE=getMsg HTTP/1.1" 200 27
116.238.139.35 - - [05/Mar/2023:09:16:12 +0800] "GET /xingrg/kc/buy/cgsh_order_operate.html?command=get_materiel&rest_code=00150&code=00101007006&supplier_code=00100096&order_time=2023-03-05 HTTP/1.1" 200 412
116.238.139.35 - - [05/Mar/2023:09:16:13 +0800] "GET /xingrg/kc/base/wldb_order_add.html HTTP/1.1" 200 30387
116.225.84.253 - - [05/Mar/2023:09:16:13 +0800] "GET /xingrg/all/function/internal_message.html?_=1677978992625&CODE_STATE=getMsg HTTP/1.1" 200 27
116.238.139.35 - - [05/Mar/2023:09:16:14 +0800] "POST /xingrg/kc/base/wldb_order_operate.html HTTP/1.1" 200 6806
116.238.139.35 - - [05/Mar/2023:09:16:14 +0800] "GET /xingrg/javascript/easyui/themes/default/validatebox.css HTTP/1.1" 404 1104
222.70.221.209 - - [05/Mar/2023:09:16:18 +0800] "GET /xingrg/check_reg.html?_=1677979121846 HTTP/1.1" 200 22
116.238.139.35 - - [05/Mar/2023:09:16:22 +0800] "GET /xingrg/kc/base/wldb_order_operate.html?command=get_materiel&rest_code=00150&base_code=0010445&code=00101019185 HTTP/1.1" 200 468
120.253.135.82 - - [05/Mar/2023:09:16:23 +0800] "GET /xingrg/all/function/internal_message.html?_=1677979130049&CODE_STATE=getMsg HTTP/1.1" 200 27
172.20.0.100 - - [05/Mar/2023:09:16:24 +0800] "GET /xingrg/all/function/internal_message.html?_=1677979001578&CODE_STATE=getMsg HTTP/1.1" 200 27
116.238.139.35 - - [05/Mar/2023:09:16:24 +0800] "GET /xingrg/kc/buy/cgsh_order_operate.html?command=get_materiel&rest_code=00150&code=00101007081&supplier_code=00100096&order_time=2023-03-05 HTTP/1.1" 200 413
116.230.116.110 - - [05/Mar/2023:09:16:24 +0800] "GET /xingrg/kc/buy/cgsh_order_operate.html?command=get_materiel&rest_code=00146&code=00101008338&supplier_code=00100005&order_time=2023-03-05 HTTP/1.1" 200 409
120.253.135.82 - - [05/Mar/2023:09:16:27 +0800] "GET /xingrg/all/function/internal_message.html?_=1677979134280&CODE_STATE=getMsg HTTP/1.1" 200 27
116.238.139.35 - - [05/Mar/2023:09:16:28 +0800] "GET /xingrg/check_reg.html?_=1677979009129 HTTP/1.1" 200 22
114.83.222.182 - - [05/Mar/2023:09:16:28 +0800] "GET /xingrg/all/function/internal_message.html?_=1677979066467&CODE_STATE=getMsg HTTP/1.1" 200 27
116.238.139.35 - - [05/Mar/2023:09:16:28 +0800] "GET /xingrg/all/function/internal_message.html?_=1677979009229&CODE_STATE=getMsg HTTP/1.1" 200 27
180.157.253.110 - - [05/Mar/2023:09:16:29 +0800] "GET /xingrg/all/function/internal_message.html?_=1677979010016&CODE_STATE=getMsg HTTP/1.1" 200 27
180.157.253.110 - - [05/Mar/2023:09:16:29 +0800] "GET /xingrg/all/function/internal_message.html?_=1677979010210&CODE_STATE=getMsg HTTP/1.1" 200 27
116.230.116.110 - - [05/Mar/2023:09:16:36 +0800] "GET /xingrg/all/function/internal_message.html?_=1677979036550&CODE_STATE=getMsg HTTP/1.1" 302 -
116.238.139.35 - - [05/Mar/2023:09:16:36 +0800] "GET /xingrg/kc/base/wldb_order_operate.html?command=get_materiel&rest_code=00150&base_code=0010445&code=00101019258 HTTP/1.1" 200 483
116.238.139.35 - - [05/Mar/2023:09:16:38 +0800] "GET /xingrg/kc/buy/cgsh_order_operate.html?command=get_materiel&rest_code=00150&code=00101006133&supplier_code=00100096&order_time=2023-03-05 HTTP/1.1" 200 413
116.230.116.110 - - [05/Mar/2023:09:16:40 +0800] "GET /xingrg/all/function/internal_message.html?_=1677979044119&CODE_STATE=getMsg HTTP/1.1" 200 27
116.238.139.35 - - [05/Mar/2023:09:16:44 +0800] "GET /xingrg/kc/buy/cgsh_order_operate.html?command=get_materiel&rest_code=00150&code=00101007077&supplier_code=00100096&order_time=2023-03-05 HTTP/1.1" 200 415
58.40.7.146 - - [05/Mar/2023:09:16:45 +0800] "GET /xingrg/all/function/internal_message.html?_=1677979023867&CODE_STATE=getMsg HTTP/1.1" 200 27
116.238.139.35 - - [05/Mar/2023:09:16:46 +0800] "GET /xingrg/kc/base/wldb_order_operate.html?command=get_materiel&rest_code=00150&base_code=0010445&code=00101019267 HTTP/1.1" 200 482
116.238.139.35 - - [05/Mar/2023:09:16:46 +0800] "GET /xingrg/check_reg.html?_=1677978955631 HTTP/1.1" 200 22
58.40.7.146 - - [05/Mar/2023:09:16:46 +0800] "GET /xingrg/all/function/internal_message.html?_=1677979024841&CODE_STATE=getMsg HTTP/1.1" 200 27
116.238.139.35 - - [05/Mar/2023:09:16:46 +0800] "GET /xingrg/all/function/internal_message.html?_=1677978955801&CODE_STATE=getMsg HTTP/1.1" 200 27
58.221.95.50 - - [05/Mar/2023:09:16:48 +0800] "GET /xingrg/all/function/internal_message.html?_=1677979026661&CODE_STATE=getMsg HTTP/1.1" 200 27
180.163.28.114 - - [05/Mar/2023:09:16:50 +0800] "GET /xingrg/all/function/internal_message.html?_=1677978965809&CODE_STATE=getMsg HTTP/1.1" 302 -
124.78.153.244 - - [05/Mar/2023:09:16:50 +0800] "GET /xingrg/check_reg.html?_=1677979025176 HTTP/1.1" 200 22
180.163.28.114 - - [05/Mar/2023:09:16:50 +0800] "GET /xingrg/login.html HTTP/1.1" 200 7641
124.78.153.244 - - [05/Mar/2023:09:16:50 +0800] "GET /xingrg/all/function/internal_message.html?_=1677979025788&CODE_STATE=getMsg HTTP/1.1" 200 27
180.169.147.146 - - [05/Mar/2023:09:16:52 +0800] "POST /xingrg/dwr/call/plaincall/AjaxReportQueryService.refreshCache.dwr HTTP/1.1" 200 78
116.230.116.110 - - [05/Mar/2023:09:16:53 +0800] "GET /xingrg/kc/buy/cgsh_order_operate.html?command=get_materiel&rest_code=00146&code=00101008290&supplier_code=00100005&order_time=2023-03-05 HTTP/1.1" 200 416
116.238.139.35 - - [05/Mar/2023:09:16:54 +0800] "GET /xingrg/kc/base/wldb_order_operate.html?command=get_materiel&rest_code=00150&base_code=0010445&code=00101019175 HTTP/1.1" 200 439
180.169.147.146 - - [05/Mar/2023:09:16:55 +0800] "POST /xingrg/all/report/load_report_page.html HTTP/1.1" 200 51389
180.169.147.146 - - [05/Mar/2023:09:16:55 +0800] "GET /xingrg/servlets/image?cache=0.29057690670135405&image=px HTTP/1.1" 200 807
116.225.84.253 - - [05/Mar/2023:09:16:55 +0800] "GET /xingrg/check_reg.html?_=1677978878165 HTTP/1.1" 200 22
116.225.84.253 - - [05/Mar/2023:09:16:55 +0800] "GET /xingrg/all/function/internal_message.html?_=1677978878168&CODE_STATE=getMsg HTTP/1.1" 200 27
116.238.139.35 - - [05/Mar/2023:09:17:00 +0800] "GET /xingrg/kc/base/wldb_order_operate.html?command=get_materiel&rest_code=00150&base_code=0010445&code=00101019438 HTTP/1.1" 200 462
180.169.147.146 - - [05/Mar/2023:09:17:01 +0800] "POST /xingrg/all/report/report_print.html HTTP/1.1" 200 7680
180.169.147.146 - - [05/Mar/2023:09:17:02 +0800] "GET /xingrg/all/function/internal_message.html?_=1677979058989&CODE_STATE=getMsg HTTP/1.1" 302 -
180.169.147.146 - - [05/Mar/2023:09:17:02 +0800] "GET /xingrg/all/function/internal_message.html?_=1677979040888&CODE_STATE=getMsg HTTP/1.1" 200 27
116.238.139.35 - - [05/Mar/2023:09:17:03 +0800] "GET /xingrg/kc/buy/cgsh_order_operate.html?command=get_materiel&rest_code=00150&code=00101006168&supplier_code=00100096&order_time=2023-03-05 HTTP/1.1" 200 421
222.70.221.209 - - [05/Mar/2023:09:17:04 +0800] "GET /xingrg/all/function/internal_message.html?_=1677979167773&CODE_STATE=getMsg HTTP/1.1" 200 27
116.230.116.110 - - [05/Mar/2023:09:17:05 +0800] "GET /xingrg/kc/buy/cgsh_order_operate.html?command=get_materiel&rest_code=00146&code=00101008370&supplier_code=00100005&order_time=2023-03-05 HTTP/1.1" 200 412
116.238.139.35 - - [05/Mar/2023:09:17:06 +0800] "GET /xingrg/kc/base/wldb_order_operate.html?command=get_materiel&rest_code=00150&base_code=0010445&code=00101016094 HTTP/1.1" 200 470
116.238.139.35 - - [05/Mar/2023:09:17:08 +0800] "POST /xingrg/all/common/load_select.html HTTP/1.1" 200 25
116.238.139.35 - - [05/Mar/2023:09:17:09 +0800] "GET /xingrg/kc/base/wldb_order_operate.html?command=get_materiel_price&rest_code=00150&base_code=0010445&code=00101016094&unit_code=00100161 HTTP/1.1" 200 37
120.253.135.82 - - [05/Mar/2023:09:17:12 +0800] "GET /xingrg/all/function/internal_message.html?_=1677978876153&CODE_STATE=getMsg HTTP/1.1" 200 27
222.67.232.202 - - [05/Mar/2023:09:17:12 +0800] "POST /xingrg/services/DataTransmitService HTTP/1.1" 200 524
172.20.0.100 - - [05/Mar/2023:09:17:13 +0800] "POST /xingrg/all/user/operate.html HTTP/1.1" 200 36
172.20.0.100 - - [05/Mar/2023:09:17:13 +0800] "GET /xingrg/index.html?sysBaseUrl=http%3A%2F%2F172.20.0.8%3A18081%2Fxingrg%2F&costTime=1188×tamp=1677978918081 HTTP/1.1" 200 17454
172.20.0.100 - - [05/Mar/2023:09:17:13 +0800] "GET /xingrg/javascript/jquery_easy_ui/themes/default/easyui.css HTTP/1.1" 304 -
172.20.0.100 - - [05/Mar/2023:09:17:13 +0800] "GET /xingrg/javascript/jquery_easy_ui/themes/icon.css HTTP/1.1" 304 -
172.20.0.100 - - [05/Mar/2023:09:17:13 +0800] "GET /xingrg/css/form.css HTTP/1.1" 304 -
172.20.0.100 - - [05/Mar/2023:09:17:13 +0800] "GET /xingrg/javascript/jquery-1.4.2.min.js HTTP/1.1" 304 -
172.20.0.100 - - [05/Mar/2023:09:17:13 +0800] "GET /xingrg/javascript/jquery_easy_ui/jquery.easyui.min.js HTTP/1.1" 304 -
172.20.0.100 - - [05/Mar/2023:09:17:13 +0800] "GET /xingrg/javascript/jquery_easy_ui/easyui-lang-zh_CN.js HTTP/1.1" 304 -
116.225.84.253 - - [05/Mar/2023:09:17:13 +0800] "GET /xingrg/all/function/internal_message.html?_=1677979052593&CODE_STATE=getMsg HTTP/1.1" 200 27
172.20.0.100 - - [05/Mar/2023:09:17:13 +0800] "GET /xingrg/javascript/jquery.form.js HTTP/1.1" 304 -
172.20.0.100 - - [05/Mar/2023:09:17:13 +0800] "GET /xingrg/javascript/jquery.utils.js HTTP/1.1" 304 -
172.20.0.100 - - [05/Mar/2023:09:17:13 +0800] "GET /xingrg/javascript/jquery.timers.js HTTP/1.1" 304 -
172.20.0.100 - - [05/Mar/2023:09:17:14 +0800] "GET /xingrg/images/blue/jxLogo.png HTTP/1.1" 304 -
172.20.0.100 - - [05/Mar/2023:09:17:14 +0800] "GET /xingrg/javascript/jquery_easy_ui/themes/icons/settle_new.png HTTP/1.1" 304 -
172.20.0.100 - - [05/Mar/2023:09:17:14 +0800] "GET /xingrg/images/blue/navBackgound.jpg HTTP/1.1" 304 -
172.20.0.100 - - [05/Mar/2023:09:17:14 +0800] "GET /xingrg/check_reg.html?_=1677979051657 HTTP/1.1" 200 22
172.20.0.100 - - [05/Mar/2023:09:17:14 +0800] "GET /xingrg/all/function/internal_message.html?_=1677979051656&CODE_STATE=count HTTP/1.1" 200 11
172.20.0.100 - - [05/Mar/2023:09:17:14 +0800] "GET /xingrg/javascript/jquery_easy_ui/themes/default/images/panel_tool_collapse.gif HTTP/1.1" 304 -
172.20.0.100 - - [05/Mar/2023:09:17:14 +0800] "GET /xingrg/javascript/jquery_easy_ui/themes/default/images/tabs_leftarrow.png HTTP/1.1" 304 -
172.20.0.100 - - [05/Mar/2023:09:17:14 +0800] "GET /xingrg/javascript/jquery_easy_ui/themes/default/images/tabs_rightarrow.png HTTP/1.1" 304 -
172.20.0.100 - - [05/Mar/2023:09:17:14 +0800] "GET /xingrg/javascript/jquery_easy_ui/themes/default/images/panel_tool_expand.gif HTTP/1.1" 304 -
172.20.0.100 - - [05/Mar/2023:09:17:14 +0800] "GET /xingrg/images/blue/pingpu.png HTTP/1.1" 304 -
172.20.0.100 - - [05/Mar/2023:09:17:14 +0800] "POST /xingrg/all/common/load_tree.html?tree=area_rest_tree_json&manage=1 HTTP/1.1" 200 3499
172.20.0.100 - - [05/Mar/2023:09:17:14 +0800] "POST /xingrg/load_menu.html HTTP/1.1" 200 9924
172.20.0.100 - - [05/Mar/2023:09:17:15 +0800] "GET /xingrg/kc/report/report_main.html HTTP/1.1" 200 7320
172.20.0.100 - - [05/Mar/2023:09:17:17 +0800] "GET /xingrg/kc/base/crk_hz.html HTTP/1.1" 200 11227
116.238.139.35 - - [05/Mar/2023:09:17:17 +0800] "POST /xingrg/kc/base/wldb_order_operate.html HTTP/1.1" 200 37
172.20.0.100 - - [05/Mar/2023:09:17:17 +0800] "POST /xingrg/kc/cost/cost_operate.html?command=get_base_tree HTTP/1.1" 200 969
172.20.0.100 - - [05/Mar/2023:09:17:17 +0800] "POST /xingrg/all/common/load_tree.html?tree=materiel_sort_tree_json HTTP/1.1" 200 9500
116.238.139.35 - - [05/Mar/2023:09:17:17 +0800] "POST /xingrg/kc/base/wldb_order_operate.html HTTP/1.1" 200 4719
172.20.0.100 - - [05/Mar/2023:09:17:19 +0800] "GET /xingrg/all/common/get_data_part.html?part=previousMonth&_=1677979057040 HTTP/1.1" 200 41
116.230.116.110 - - [05/Mar/2023:09:17:22 +0800] "GET /xingrg/kc/buy/cgsh_order_operate.html?command=get_materiel&rest_code=00146&code=00101008361&supplier_code=00100005&order_time=2023-03-05 HTTP/1.1" 200 408
120.253.135.82 - - [05/Mar/2023:09:17:23 +0800] "GET /xingrg/all/function/internal_message.html?_=1677979190054&CODE_STATE=getMsg HTTP/1.1" 200 27
120.253.135.82 - - [05/Mar/2023:09:17:23 +0800] "GET /xingrg/check_reg.html?_=1677979190056 HTTP/1.1" 200 22
172.20.0.100 - - [05/Mar/2023:09:17:25 +0800] "GET /xingrg/kc/base/crk_hz.html?_=1677979062535&command=get_cost_id&end_date=2023-02-28&start_date=2023-02-01 HTTP/1.1" 200 51
172.20.0.100 - - [05/Mar/2023:09:17:25 +0800] "GET /xingrg/all/report/report_query.html?isQuery=1&onlyBody=1&rh=99999&rw=1800&varString=start:20230201,cost_id:4133,mid:20230201&fileName=kc/base/crk_hz_type_by_base.xml&queryString=%20a.base_code%20in%20('0010819')%20%20and%20m.sort_code%20in%20('00101001','00101002','00101003','00101004','00101005','00101006','00101007','00101008','00101009','00101010','00101011','00101012','00101013','00101014','00101015','00101016','00101017','00101018','00101019','00101020','00101021','00101022','00101023','00101024','00101025','00101026','00101027','00101028','00101029','00101030','00101031','00101032','00101033','00101034','00101036','00101037','00101038','00101039','00101040','00101041','00101042','00101043')%20&queryText=ÈÕÆÚ£º2023-02-01ÖÁ2023-02-28%20²Ö¿â£ºÃâ·ÑÌðÆ·&tableQueryString=materiel_table$sp1$$sp$before_table$sp1$$sp$crk_table$sp1$order_day%20between%2020230201%20and%2020230228 HTTP/1.1" 200 49811
172.20.0.100 - - [05/Mar/2023:09:17:25 +0800] "GET /xingrg/dwr/interface/AjaxReportQueryService.js HTTP/1.1" 200 13203
172.20.0.100 - - [05/Mar/2023:09:17:25 +0800] "GET /xingrg/dwr/engine.js HTTP/1.1" 200 43631
116.230.116.110 - - [05/Mar/2023:09:17:25 +0800] "POST /xingrg/kc/buy/cgsh_order_operate.html HTTP/1.1" 200 2065
120.253.135.82 - - [05/Mar/2023:09:17:27 +0800] "GET /xingrg/all/function/internal_message.html?_=1677979194279&CODE_STATE=getMsg HTTP/1.1" 200 27
114.83.222.182 - - [05/Mar/2023:09:17:28 +0800] "GET /xingrg/all/function/internal_message.html?_=1677979126439&CODE_STATE=getMsg HTTP/1.1" 200 27
116.238.139.35 - - [05/Mar/2023:09:17:28 +0800] "GET /xingrg/all/function/internal_message.html?_=1677979069211&CODE_STATE=getMsg HTTP/1.1" 200 27
180.157.253.110 - - [05/Mar/2023:09:17:29 +0800] "GET /xingrg/all/function/internal_message.html?_=1677979070045&CODE_STATE=getMsg HTTP/1.1" 200 27
180.157.253.110 - - [05/Mar/2023:09:17:29 +0800] "GET /xingrg/all/function/internal_message.html?_=1677979070206&CODE_STATE=getMsg HTTP/1.1" 200 27
116.238.139.35 - - [05/Mar/2023:09:17:30 +0800] "GET /xingrg/kc/base/wldb_order_info.html?code=422023030500389 HTTP/1.1" 200 30404
116.238.139.35 - - [05/Mar/2023:09:17:30 +0800] "GET /xingrg/javascript/easyui/themes/default/validatebox.css HTTP/1.1" 404 1104
172.20.0.100 - - [05/Mar/2023:09:17:30 +0800] "POST /xingrg/all/report/load_report_page.html HTTP/1.1" 200 94766
