180.169.147.146 - - [05/Mar/2023:09:40:02 +0800] "GET /xingrg/all/function/internal_message.html?_=1677980438979&CODE_STATE=getMsg HTTP/1.1" 302 -
180.169.147.146 - - [05/Mar/2023:09:40:03 +0800] "GET /xingrg/all/function/internal_message.html?_=1677980421466&CODE_STATE=getMsg HTTP/1.1" 200 27
222.70.221.209 - - [05/Mar/2023:09:40:03 +0800] "GET /xingrg/all/function/internal_message.html?_=1677980547373&CODE_STATE=getMsg HTTP/1.1" 200 27
180.164.3.199 - - [05/Mar/2023:09:40:09 +0800] "GET /xingrg/kc/buy/cgsh_order_list.html HTTP/1.1" 200 54189
180.164.3.199 - - [05/Mar/2023:09:40:10 +0800] "GET /xingrg/all/function/internal_message.html?_=1677980428934&CODE_STATE=getMsg HTTP/1.1" 200 27
180.164.3.199 - - [05/Mar/2023:09:40:11 +0800] "POST /xingrg/kc/buy/cgsh_list_operate.html HTTP/1.1" 200 986
120.253.135.82 - - [05/Mar/2023:09:40:14 +0800] "GET /xingrg/all/function/internal_message.html?_=1677980258634&CODE_STATE=getMsg HTTP/1.1" 200 27
116.230.116.110 - - [05/Mar/2023:09:40:16 +0800] "GET /xingrg/check_reg.html?_=1677980457142 HTTP/1.1" 302 -
116.230.116.110 - - [05/Mar/2023:09:40:19 +0800] "GET /xingrg/check_reg.html?_=1677980463848 HTTP/1.1" 200 22
114.83.222.182 - - [05/Mar/2023:09:40:28 +0800] "GET /xingrg/all/function/internal_message.html?_=1677980506041&CODE_STATE=getMsg HTTP/1.1" 200 27
116.225.84.253 - - [05/Mar/2023:09:40:28 +0800] "GET /xingrg/kc/buy/cgsh_order_operate.html?command=get_materiel&rest_code=00105&code=00101007024&supplier_code=00100002&order_time=2023-03-05 HTTP/1.1" 200 415
180.157.253.110 - - [05/Mar/2023:09:40:29 +0800] "GET /xingrg/all/function/internal_message.html?_=1677980450095&CODE_STATE=getMsg HTTP/1.1" 200 27
180.157.253.110 - - [05/Mar/2023:09:40:29 +0800] "GET /xingrg/all/function/internal_message.html?_=1677980450258&CODE_STATE=getMsg HTTP/1.1" 200 27
116.230.116.110 - - [05/Mar/2023:09:40:34 +0800] "GET /xingrg/kc/buy/cgsh_order_operate.html?command=get_materiel&rest_code=00146&code=00101007076&supplier_code=00100002&order_time=2023-03-05 HTTP/1.1" 200 409
116.238.139.35 - - [05/Mar/2023:09:40:35 +0800] "GET /xingrg/all/function/internal_message.html?_=1677980456040&CODE_STATE=getMsg HTTP/1.1" 200 27
116.225.84.253 - - [05/Mar/2023:09:40:36 +0800] "GET /xingrg/all/function/internal_message.html?_=1677980455258&CODE_STATE=getMsg HTTP/1.1" 200 27
116.230.116.110 - - [05/Mar/2023:09:40:36 +0800] "GET /xingrg/all/function/internal_message.html?_=1677980476939&CODE_STATE=getMsg HTTP/1.1" 302 -
124.78.153.244 - - [05/Mar/2023:09:40:38 +0800] "GET /xingrg/all/function/internal_message.html?_=1677980453444&CODE_STATE=getMsg HTTP/1.1" 200 27
116.225.84.253 - - [05/Mar/2023:09:40:40 +0800] "GET /xingrg/kc/buy/cgsh_order_operate.html?command=get_materiel&rest_code=00105&code=00101007049&supplier_code=00100002&order_time=2023-03-05 HTTP/1.1" 200 409
172.20.0.100 - - [05/Mar/2023:09:40:41 +0800] "GET /xingrg/all/function/internal_message.html?_=1677980458444&CODE_STATE=getMsg HTTP/1.1" 200 27
116.230.116.110 - - [05/Mar/2023:09:40:41 +0800] "GET /xingrg/all/function/internal_message.html?_=1677980485059&CODE_STATE=getMsg HTTP/1.1" 200 27
116.238.139.35 - - [05/Mar/2023:09:40:43 +0800] "GET /xingrg/all/function/internal_message.html?_=1677980392807&CODE_STATE=getMsg HTTP/1.1" 200 27
180.169.147.146 - - [05/Mar/2023:09:40:45 +0800] "GET /xingrg/check_reg.html?_=1677980463636 HTTP/1.1" 200 22
180.169.147.146 - - [05/Mar/2023:09:40:46 +0800] "GET /xingrg/check_reg.html?_=1677980463414 HTTP/1.1" 200 22
58.40.7.146 - - [05/Mar/2023:09:40:46 +0800] "GET /xingrg/all/function/internal_message.html?_=1677980464895&CODE_STATE=getMsg HTTP/1.1" 200 27
58.40.7.146 - - [05/Mar/2023:09:40:47 +0800] "GET /xingrg/all/function/internal_message.html?_=1677980465298&CODE_STATE=getMsg HTTP/1.1" 200 27
116.225.84.253 - - [05/Mar/2023:09:40:48 +0800] "GET /xingrg/kc/buy/cgsh_order_operate.html?command=get_materiel&rest_code=00105&code=00101007030&supplier_code=00100002&order_time=2023-03-05 HTTP/1.1" 200 413
58.221.95.50 - - [05/Mar/2023:09:40:48 +0800] "GET /xingrg/all/function/internal_message.html?_=1677980466657&CODE_STATE=getMsg HTTP/1.1" 200 27
116.192.124.172 - - [05/Mar/2023:09:40:49 +0800] "GET /xingrg/all/function/internal_message.html?_=1677980466747&CODE_STATE=getMsg HTTP/1.1" 200 27
116.230.116.110 - - [05/Mar/2023:09:40:53 +0800] "GET /xingrg/kc/buy/cgsh_order_operate.html?command=get_materiel&rest_code=00146&code=00101007032&supplier_code=00100002&order_time=2023-03-05 HTTP/1.1" 200 413
116.225.84.253 - - [05/Mar/2023:09:40:55 +0800] "GET /xingrg/all/function/internal_message.html?_=1677980318191&CODE_STATE=getMsg HTTP/1.1" 200 27
180.169.147.146 - - [05/Mar/2023:09:40:59 +0800] "GET /xingrg/all/function/internal_message.html?_=1677980476269&CODE_STATE=getMsg HTTP/1.1" 200 27
180.169.147.146 - - [05/Mar/2023:09:41:02 +0800] "GET /xingrg/all/function/internal_message.html?_=1677980498978&CODE_STATE=getMsg HTTP/1.1" 302 -
180.169.147.146 - - [05/Mar/2023:09:41:03 +0800] "GET /xingrg/all/function/internal_message.html?_=1677980481456&CODE_STATE=getMsg HTTP/1.1" 200 27
222.70.221.209 - - [05/Mar/2023:09:41:03 +0800] "GET /xingrg/all/function/internal_message.html?_=1677980607366&CODE_STATE=getMsg HTTP/1.1" 200 27
116.225.84.253 - - [05/Mar/2023:09:41:04 +0800] "GET /xingrg/check_reg.html?_=1677980483600 HTTP/1.1" 200 22
180.164.3.199 - - [05/Mar/2023:09:41:10 +0800] "GET /xingrg/all/function/internal_message.html?_=1677980488943&CODE_STATE=getMsg HTTP/1.1" 200 27
120.253.135.82 - - [05/Mar/2023:09:41:15 +0800] "GET /xingrg/all/function/internal_message.html?_=1677980318881&CODE_STATE=getMsg HTTP/1.1" 200 27
116.230.116.110 - - [05/Mar/2023:09:41:16 +0800] "GET /xingrg/kc/buy/cgsh_order_operate.html?command=get_materiel&rest_code=00146&code=00101007081&supplier_code=00100002&order_time=2023-03-05 HTTP/1.1" 200 415
222.70.221.209 - - [05/Mar/2023:09:41:18 +0800] "GET /xingrg/check_reg.html?_=1677980621836 HTTP/1.1" 200 22
114.83.222.182 - - [05/Mar/2023:09:41:28 +0800] "GET /xingrg/all/function/internal_message.html?_=1677980566031&CODE_STATE=getMsg HTTP/1.1" 200 27
180.157.253.110 - - [05/Mar/2023:09:41:29 +0800] "GET /xingrg/all/function/internal_message.html?_=1677980510095&CODE_STATE=getMsg HTTP/1.1" 200 27
180.157.253.110 - - [05/Mar/2023:09:41:29 +0800] "GET /xingrg/all/function/internal_message.html?_=1677980510258&CODE_STATE=getMsg HTTP/1.1" 200 27
116.238.139.35 - - [05/Mar/2023:09:41:35 +0800] "GET /xingrg/all/function/internal_message.html?_=1677980516010&CODE_STATE=getMsg HTTP/1.1" 200 27
116.232.39.165 - - [05/Mar/2023:09:41:35 +0800] "POST /xingrg/services/DataTransmitService HTTP/1.1" 200 524
116.225.84.253 - - [05/Mar/2023:09:41:36 +0800] "GET /xingrg/all/function/internal_message.html?_=1677980515235&CODE_STATE=getMsg HTTP/1.1" 200 27
116.230.116.110 - - [05/Mar/2023:09:41:36 +0800] "GET /xingrg/all/function/internal_message.html?_=1677980536965&CODE_STATE=getMsg HTTP/1.1" 302 -
124.78.153.244 - - [05/Mar/2023:09:41:38 +0800] "GET /xingrg/all/function/internal_message.html?_=1677980513447&CODE_STATE=getMsg HTTP/1.1" 200 27
172.20.0.100 - - [05/Mar/2023:09:41:41 +0800] "GET /xingrg/all/function/internal_message.html?_=1677980518445&CODE_STATE=getMsg HTTP/1.1" 200 27
116.230.116.110 - - [05/Mar/2023:09:41:41 +0800] "GET /xingrg/all/function/internal_message.html?_=1677980545073&CODE_STATE=getMsg HTTP/1.1" 200 27
116.238.139.35 - - [05/Mar/2023:09:41:44 +0800] "GET /xingrg/all/function/internal_message.html?_=1677980452844&CODE_STATE=getMsg HTTP/1.1" 200 27
116.230.116.110 - - [05/Mar/2023:09:41:47 +0800] "POST /xingrg/kc/buy/cgsh_order_operate.html HTTP/1.1" 200 37
58.221.95.50 - - [05/Mar/2023:09:41:48 +0800] "GET /xingrg/all/function/internal_message.html?_=1677980526665&CODE_STATE=getMsg HTTP/1.1" 200 27
116.192.124.172 - - [05/Mar/2023:09:41:49 +0800] "GET /xingrg/all/function/internal_message.html?_=1677980526741&CODE_STATE=getMsg HTTP/1.1" 200 27
58.40.7.146 - - [05/Mar/2023:09:41:50 +0800] "GET /xingrg/all/function/internal_message.html?_=1677980528828&CODE_STATE=getMsg HTTP/1.1" 200 27
58.40.7.146 - - [05/Mar/2023:09:41:51 +0800] "GET /xingrg/all/function/internal_message.html?_=1677980528829&CODE_STATE=getMsg HTTP/1.1" 200 27
116.230.116.110 - - [05/Mar/2023:09:41:55 +0800] "POST /xingrg/kc/buy/cgsh_order_operate.html HTTP/1.1" 200 3844
116.225.84.253 - - [05/Mar/2023:09:41:55 +0800] "GET /xingrg/all/function/internal_message.html?_=1677980378193&CODE_STATE=getMsg HTTP/1.1" 200 27
116.225.84.253 - - [05/Mar/2023:09:41:55 +0800] "GET /xingrg/check_reg.html?_=1677980378197 HTTP/1.1" 200 22
116.230.116.110 - - [05/Mar/2023:09:41:58 +0800] "GET /xingrg/kc/print/load_data.html?order_code=212023030501561&kc_code=cgsh&condition= HTTP/1.1" 200 1206
180.169.147.146 - - [05/Mar/2023:09:41:59 +0800] "GET /xingrg/all/function/internal_message.html?_=1677980536249&CODE_STATE=getMsg HTTP/1.1" 200 27
180.169.147.146 - - [05/Mar/2023:09:42:02 +0800] "GET /xingrg/all/function/internal_message.html?_=1677980558976&CODE_STATE=getMsg HTTP/1.1" 302 -
180.169.147.146 - - [05/Mar/2023:09:42:03 +0800] "GET /xingrg/all/function/internal_message.html?_=1677980541441&CODE_STATE=getMsg HTTP/1.1" 200 27
222.70.221.209 - - [05/Mar/2023:09:42:03 +0800] "GET /xingrg/all/function/internal_message.html?_=1677980667355&CODE_STATE=getMsg HTTP/1.1" 200 27
180.164.3.199 - - [05/Mar/2023:09:42:10 +0800] "GET /xingrg/check_reg.html?_=1677980548934 HTTP/1.1" 200 22
180.164.3.199 - - [05/Mar/2023:09:42:10 +0800] "GET /xingrg/all/function/internal_message.html?_=1677980548940&CODE_STATE=getMsg HTTP/1.1" 200 27
120.253.135.82 - - [05/Mar/2023:09:42:15 +0800] "GET /xingrg/all/function/internal_message.html?_=1677980378910&CODE_STATE=getMsg HTTP/1.1" 200 27
116.230.116.110 - - [05/Mar/2023:09:42:15 +0800] "GET /xingrg/kc/buy/cgsh_order_add.html HTTP/1.1" 200 69961
116.230.116.110 - - [05/Mar/2023:09:42:16 +0800] "POST /xingrg/kc/buy/cgsh_order_operate.html HTTP/1.1" 200 8245
116.230.116.110 - - [05/Mar/2023:09:42:16 +0800] "GET /xingrg/javascript/easyui/themes/default/validatebox.css HTTP/1.1" 404 1104
114.83.222.182 - - [05/Mar/2023:09:42:28 +0800] "GET /xingrg/all/function/internal_message.html?_=1677980626009&CODE_STATE=getMsg HTTP/1.1" 200 27
180.157.253.110 - - [05/Mar/2023:09:42:29 +0800] "GET /xingrg/all/function/internal_message.html?_=1677980570095&CODE_STATE=getMsg HTTP/1.1" 200 27
180.157.253.110 - - [05/Mar/2023:09:42:29 +0800] "GET /xingrg/all/function/internal_message.html?_=1677980570258&CODE_STATE=getMsg HTTP/1.1" 200 27
116.238.139.35 - - [05/Mar/2023:09:42:35 +0800] "GET /xingrg/all/function/internal_message.html?_=1677980575996&CODE_STATE=getMsg HTTP/1.1" 200 27
116.238.139.35 - - [05/Mar/2023:09:42:36 +0800] "GET /xingrg/check_reg.html?_=1677980576295 HTTP/1.1" 200 22
116.225.84.253 - - [05/Mar/2023:09:42:36 +0800] "GET /xingrg/all/function/internal_message.html?_=1677980575218&CODE_STATE=getMsg HTTP/1.1" 200 27
116.230.116.110 - - [05/Mar/2023:09:42:36 +0800] "GET /xingrg/all/function/internal_message.html?_=1677980596965&CODE_STATE=getMsg HTTP/1.1" 302 -
124.78.153.244 - - [05/Mar/2023:09:42:38 +0800] "GET /xingrg/all/function/internal_message.html?_=1677980573448&CODE_STATE=getMsg HTTP/1.1" 200 27
172.20.0.100 - - [05/Mar/2023:09:42:41 +0800] "GET /xingrg/all/function/internal_message.html?_=1677980578449&CODE_STATE=getMsg HTTP/1.1" 200 27
116.230.116.110 - - [05/Mar/2023:09:42:41 +0800] "GET /xingrg/all/function/internal_message.html?_=1677980605086&CODE_STATE=getMsg HTTP/1.1" 200 27
116.238.139.35 - - [05/Mar/2023:09:42:44 +0800] "GET /xingrg/all/function/internal_message.html?_=1677980512849&CODE_STATE=getMsg HTTP/1.1" 200 27
58.221.95.50 - - [05/Mar/2023:09:42:48 +0800] "GET /xingrg/check_reg.html?_=1677980586660 HTTP/1.1" 200 22
58.221.95.50 - - [05/Mar/2023:09:42:48 +0800] "GET /xingrg/all/function/internal_message.html?_=1677980586664&CODE_STATE=getMsg HTTP/1.1" 200 27
116.192.124.172 - - [05/Mar/2023:09:42:49 +0800] "GET /xingrg/all/function/internal_message.html?_=1677980586747&CODE_STATE=getMsg HTTP/1.1" 200 27
116.192.124.172 - - [05/Mar/2023:09:42:49 +0800] "GET /xingrg/check_reg.html?_=1677980586750 HTTP/1.1" 200 22
116.230.116.110 - - [05/Mar/2023:09:42:49 +0800] "GET /xingrg/kc/buy/cgsh_order_operate.html?command=get_materiel&rest_code=00146&code=00101002027&supplier_code=00100199&order_time=2023-03-05 HTTP/1.1" 200 413
58.40.7.146 - - [05/Mar/2023:09:42:50 +0800] "GET /xingrg/all/function/internal_message.html?_=1677980588802&CODE_STATE=getMsg HTTP/1.1" 200 27
58.40.7.146 - - [05/Mar/2023:09:42:50 +0800] "GET /xingrg/all/function/internal_message.html?_=1677980588803&CODE_STATE=getMsg HTTP/1.1" 200 27
116.225.84.253 - - [05/Mar/2023:09:42:55 +0800] "GET /xingrg/all/function/internal_message.html?_=1677980438191&CODE_STATE=getMsg HTTP/1.1" 200 27
180.169.147.146 - - [05/Mar/2023:09:42:59 +0800] "GET /xingrg/all/function/internal_message.html?_=1677980596223&CODE_STATE=getMsg HTTP/1.1" 200 27
180.169.147.146 - - [05/Mar/2023:09:43:02 +0800] "GET /xingrg/all/function/internal_message.html?_=1677980618974&CODE_STATE=getMsg HTTP/1.1" 302 -
180.169.147.146 - - [05/Mar/2023:09:43:03 +0800] "GET /xingrg/all/function/internal_message.html?_=1677980601431&CODE_STATE=getMsg HTTP/1.1" 200 27
222.70.221.209 - - [05/Mar/2023:09:43:03 +0800] "GET /xingrg/all/function/internal_message.html?_=1677980727350&CODE_STATE=getMsg HTTP/1.1" 200 27
116.230.116.110 - - [05/Mar/2023:09:43:03 +0800] "GET /xingrg/kc/buy/cgsh_order_operate.html?command=get_materiel&rest_code=00146&code=00101002007&supplier_code=00100199&order_time=2023-03-05 HTTP/1.1" 200 410
180.164.3.199 - - [05/Mar/2023:09:43:10 +0800] "GET /xingrg/all/function/internal_message.html?_=1677980608940&CODE_STATE=getMsg HTTP/1.1" 200 27
120.253.135.82 - - [05/Mar/2023:09:43:14 +0800] "GET /xingrg/check_reg.html?_=1677980438450 HTTP/1.1" 200 22
120.253.135.82 - - [05/Mar/2023:09:43:15 +0800] "GET /xingrg/all/function/internal_message.html?_=1677980438924&CODE_STATE=getMsg HTTP/1.1" 200 27
114.83.222.182 - - [05/Mar/2023:09:43:28 +0800] "GET /xingrg/all/function/internal_message.html?_=1677980685995&CODE_STATE=getMsg HTTP/1.1" 200 27
116.230.116.110 - - [05/Mar/2023:09:43:29 +0800] "GET /xingrg/kc/buy/cgsh_order_operate.html?command=get_materiel&rest_code=00146&code=00101001052&supplier_code=00100199&order_time=2023-03-05 HTTP/1.1" 200 411
180.157.253.110 - - [05/Mar/2023:09:43:29 +0800] "GET /xingrg/all/function/internal_message.html?_=1677980630098&CODE_STATE=getMsg HTTP/1.1" 200 27
180.157.253.110 - - [05/Mar/2023:09:43:29 +0800] "GET /xingrg/all/function/internal_message.html?_=1677980630258&CODE_STATE=getMsg HTTP/1.1" 200 27
180.157.253.110 - - [05/Mar/2023:09:43:29 +0800] "GET /xingrg/check_reg.html?_=1677980630261 HTTP/1.1" 200 22
116.238.139.35 - - [05/Mar/2023:09:43:35 +0800] "GET /xingrg/all/function/internal_message.html?_=1677980635970&CODE_STATE=getMsg HTTP/1.1" 200 27
116.225.84.253 - - [05/Mar/2023:09:43:36 +0800] "GET /xingrg/all/function/internal_message.html?_=1677980635198&CODE_STATE=getMsg HTTP/1.1" 200 27
116.230.116.110 - - [05/Mar/2023:09:43:36 +0800] "GET /xingrg/all/function/internal_message.html?_=1677980656996&CODE_STATE=getMsg HTTP/1.1" 302 -
124.78.153.244 - - [05/Mar/2023:09:43:38 +0800] "GET /xingrg/all/function/internal_message.html?_=1677980633449&CODE_STATE=getMsg HTTP/1.1" 200 27
124.78.153.244 - - [05/Mar/2023:09:43:38 +0800] "GET /xingrg/check_reg.html?_=1677980633454 HTTP/1.1" 200 22
172.20.0.100 - - [05/Mar/2023:09:43:41 +0800] "GET /xingrg/all/function/internal_message.html?_=1677980638452&CODE_STATE=getMsg HTTP/1.1" 200 27
116.230.116.110 - - [05/Mar/2023:09:43:41 +0800] "GET /xingrg/all/function/internal_message.html?_=1677980665100&CODE_STATE=getMsg HTTP/1.1" 200 27
116.238.139.35 - - [05/Mar/2023:09:43:43 +0800] "GET /xingrg/check_reg.html?_=1677980572620 HTTP/1.1" 200 22
116.238.139.35 - - [05/Mar/2023:09:43:44 +0800] "GET /xingrg/all/function/internal_message.html?_=1677980572863&CODE_STATE=getMsg HTTP/1.1" 200 27
116.230.116.110 - - [05/Mar/2023:09:43:47 +0800] "GET /xingrg/kc/buy/cgsh_order_operate.html?command=get_materiel&rest_code=00146&code=00101004030&supplier_code=00100199&order_time=2023-03-05 HTTP/1.1" 200 408
58.221.95.50 - - [05/Mar/2023:09:43:48 +0800] "GET /xingrg/all/function/internal_message.html?_=1677980646666&CODE_STATE=getMsg HTTP/1.1" 200 27
116.192.124.172 - - [05/Mar/2023:09:43:49 +0800] "GET /xingrg/all/function/internal_message.html?_=1677980646745&CODE_STATE=getMsg HTTP/1.1" 200 27
58.40.7.146 - - [05/Mar/2023:09:43:50 +0800] "GET /xingrg/all/function/internal_message.html?_=1677980648773&CODE_STATE=getMsg HTTP/1.1" 200 27
58.40.7.146 - - [05/Mar/2023:09:43:50 +0800] "GET /xingrg/all/function/internal_message.html?_=1677980648773&CODE_STATE=getMsg HTTP/1.1" 200 27
58.40.7.146 - - [05/Mar/2023:09:43:51 +0800] "GET /xingrg/check_reg.html?_=1677980649760 HTTP/1.1" 200 22
116.225.84.253 - - [05/Mar/2023:09:43:55 +0800] "GET /xingrg/all/function/internal_message.html?_=1677980498190&CODE_STATE=getMsg HTTP/1.1" 200 27
180.169.147.146 - - [05/Mar/2023:09:43:59 +0800] "GET /xingrg/all/function/internal_message.html?_=1677980656203&CODE_STATE=getMsg HTTP/1.1" 200 27
116.230.116.110 - - [05/Mar/2023:09:44:01 +0800] "POST /xingrg/kc/buy/cgsh_order_operate.html HTTP/1.1" 200 37
180.169.147.146 - - [05/Mar/2023:09:44:02 +0800] "GET /xingrg/all/function/internal_message.html?_=1677980678989&CODE_STATE=getMsg HTTP/1.1" 302 -
180.169.147.146 - - [05/Mar/2023:09:44:02 +0800] "GET /xingrg/check_reg.html?_=1677980678990 HTTP/1.1" 302 -
180.169.147.146 - - [05/Mar/2023:09:44:03 +0800] "GET /xingrg/all/function/internal_message.html?_=1677980661409&CODE_STATE=getMsg HTTP/1.1" 200 27
222.70.221.209 - - [05/Mar/2023:09:44:03 +0800] "GET /xingrg/all/function/internal_message.html?_=1677980787327&CODE_STATE=getMsg HTTP/1.1" 200 27
116.230.116.110 - - [05/Mar/2023:09:44:09 +0800] "POST /xingrg/kc/buy/cgsh_order_operate.html HTTP/1.1" 200 4433
180.164.3.199 - - [05/Mar/2023:09:44:10 +0800] "GET /xingrg/all/function/internal_message.html?_=1677980668938&CODE_STATE=getMsg HTTP/1.1" 200 27
116.230.116.110 - - [05/Mar/2023:09:44:12 +0800] "GET /xingrg/kc/print/load_data.html?order_code=212023030501562&kc_code=cgsh&condition= HTTP/1.1" 200 1356
120.253.135.82 - - [05/Mar/2023:09:44:15 +0800] "GET /xingrg/all/function/internal_message.html?_=1677980498937&CODE_STATE=getMsg HTTP/1.1" 200 27
114.83.222.182 - - [05/Mar/2023:09:44:28 +0800] "GET /xingrg/all/function/internal_message.html?_=1677980745986&CODE_STATE=getMsg HTTP/1.1" 200 27
114.83.222.182 - - [05/Mar/2023:09:44:28 +0800] "GET /xingrg/check_reg.html?_=1677980746524 HTTP/1.1" 200 22
180.157.253.110 - - [05/Mar/2023:09:44:29 +0800] "GET /xingrg/all/function/internal_message.html?_=1677980690101&CODE_STATE=getMsg HTTP/1.1" 200 27
180.157.253.110 - - [05/Mar/2023:09:44:29 +0800] "GET /xingrg/check_reg.html?_=1677980690104 HTTP/1.1" 200 22
180.157.253.110 - - [05/Mar/2023:09:44:29 +0800] "GET /xingrg/all/function/internal_message.html?_=1677980690261&CODE_STATE=getMsg HTTP/1.1" 200 27
116.238.139.35 - - [05/Mar/2023:09:44:35 +0800] "GET /xingrg/all/function/internal_message.html?_=1677980695961&CODE_STATE=getMsg HTTP/1.1" 200 27
116.225.84.253 - - [05/Mar/2023:09:44:36 +0800] "GET /xingrg/all/function/internal_message.html?_=1677980695210&CODE_STATE=getMsg HTTP/1.1" 200 27
116.230.116.110 - - [05/Mar/2023:09:44:36 +0800] "GET /xingrg/all/function/internal_message.html?_=1677980717007&CODE_STATE=getMsg HTTP/1.1" 302 -
124.78.153.244 - - [05/Mar/2023:09:44:38 +0800] "GET /xingrg/all/function/internal_message.html?_=1677980693443&CODE_STATE=getMsg HTTP/1.1" 200 27
172.20.0.100 - - [05/Mar/2023:09:44:41 +0800] "GET /xingrg/all/function/internal_message.html?_=1677980698439&CODE_STATE=getMsg HTTP/1.1" 200 27
172.20.0.100 - - [05/Mar/2023:09:44:41 +0800] "GET /xingrg/check_reg.html?_=1677980698441 HTTP/1.1" 200 22
116.230.116.110 - - [05/Mar/2023:09:44:41 +0800] "GET /xingrg/all/function/internal_message.html?_=1677980725339&CODE_STATE=getMsg HTTP/1.1" 200 27
116.238.139.35 - - [05/Mar/2023:09:44:44 +0800] "GET /xingrg/all/function/internal_message.html?_=1677980632877&CODE_STATE=getMsg HTTP/1.1" 200 27
58.40.7.146 - - [05/Mar/2023:09:44:46 +0800] "GET /xingrg/check_reg.html?_=1677980704919 HTTP/1.1" 200 22
58.221.95.50 - - [05/Mar/2023:09:44:48 +0800] "GET /xingrg/all/function/internal_message.html?_=1677980706663&CODE_STATE=getMsg HTTP/1.1" 200 27
116.232.39.165 - - [05/Mar/2023:09:44:49 +0800] "POST /xingrg/services/DataTransmitService HTTP/1.1" 200 524
116.192.124.172 - - [05/Mar/2023:09:44:49 +0800] "GET /xingrg/all/function/internal_message.html?_=1677980706754&CODE_STATE=getMsg HTTP/1.1" 200 27
58.40.7.146 - - [05/Mar/2023:09:44:50 +0800] "GET /xingrg/all/function/internal_message.html?_=1677980708747&CODE_STATE=getMsg HTTP/1.1" 200 27
58.40.7.146 - - [05/Mar/2023:09:44:50 +0800] "GET /xingrg/all/function/internal_message.html?_=1677980708753&CODE_STATE=getMsg HTTP/1.1" 200 27
116.225.84.253 - - [05/Mar/2023:09:44:55 +0800] "GET /xingrg/all/function/internal_message.html?_=1677980558194&CODE_STATE=getMsg HTTP/1.1" 200 27
180.169.147.146 - - [05/Mar/2023:09:44:59 +0800] "GET /xingrg/all/function/internal_message.html?_=1677980716187&CODE_STATE=getMsg HTTP/1.1" 200 27
180.169.147.146 - - [05/Mar/2023:09:45:02 +0800] "GET /xingrg/all/function/internal_message.html?_=1677980738974&CODE_STATE=getMsg HTTP/1.1" 302 -
180.169.147.146 - - [05/Mar/2023:09:45:03 +0800] "GET /xingrg/all/function/internal_message.html?_=1677980721401&CODE_STATE=getMsg HTTP/1.1" 200 27
222.70.221.209 - - [05/Mar/2023:09:45:03 +0800] "GET /xingrg/all/function/internal_message.html?_=1677980847314&CODE_STATE=getMsg HTTP/1.1" 200 27
180.164.3.199 - - [05/Mar/2023:09:45:10 +0800] "GET /xingrg/all/function/internal_message.html?_=1677980728929&CODE_STATE=getMsg HTTP/1.1" 200 27
116.230.116.110 - - [05/Mar/2023:09:45:16 +0800] "GET /xingrg/check_reg.html?_=1677980757164 HTTP/1.1" 302 -
116.230.116.110 - - [05/Mar/2023:09:45:19 +0800] "GET /xingrg/check_reg.html?_=1677980763850 HTTP/1.1" 200 22
114.83.222.182 - - [05/Mar/2023:09:45:28 +0800] "GET /xingrg/all/function/internal_message.html?_=1677980805963&CODE_STATE=getMsg HTTP/1.1" 200 27
180.157.253.110 - - [05/Mar/2023:09:45:29 +0800] "GET /xingrg/all/function/internal_message.html?_=1677980750105&CODE_STATE=getMsg HTTP/1.1" 200 27
180.157.253.110 - - [05/Mar/2023:09:45:29 +0800] "GET /xingrg/all/function/internal_message.html?_=1677980750261&CODE_STATE=getMsg HTTP/1.1" 200 27
116.238.139.35 - - [05/Mar/2023:09:45:35 +0800] "GET /xingrg/all/function/internal_message.html?_=1677980755931&CODE_STATE=getMsg HTTP/1.1" 200 27
116.225.84.253 - - [05/Mar/2023:09:45:36 +0800] "GET /xingrg/all/function/internal_message.html?_=1677980755140&CODE_STATE=getMsg HTTP/1.1" 200 27
116.230.116.110 - - [05/Mar/2023:09:45:36 +0800] "GET /xingrg/all/function/internal_message.html?_=1677980777030&CODE_STATE=getMsg HTTP/1.1" 302 -
124.78.153.244 - - [05/Mar/2023:09:45:38 +0800] "GET /xingrg/all/function/internal_message.html?_=1677980753446&CODE_STATE=getMsg HTTP/1.1" 200 27
172.20.0.100 - - [05/Mar/2023:09:45:41 +0800] "GET /xingrg/all/function/internal_message.html?_=1677980758446&CODE_STATE=getMsg HTTP/1.1" 200 27
116.230.116.110 - - [05/Mar/2023:09:45:41 +0800] "GET /xingrg/all/function/internal_message.html?_=1677980785346&CODE_STATE=getMsg HTTP/1.1" 200 27
116.238.139.35 - - [05/Mar/2023:09:45:44 +0800] "GET /xingrg/all/function/internal_message.html?_=1677980692890&CODE_STATE=getMsg HTTP/1.1" 200 27
180.169.147.146 - - [05/Mar/2023:09:45:45 +0800] "GET /xingrg/check_reg.html?_=1677980763628 HTTP/1.1" 200 22
180.169.147.146 - - [05/Mar/2023:09:45:46 +0800] "GET /xingrg/check_reg.html?_=1677980763418 HTTP/1.1" 200 22
58.221.95.50 - - [05/Mar/2023:09:45:48 +0800] "GET /xingrg/all/function/internal_message.html?_=1677980766658&CODE_STATE=getMsg HTTP/1.1" 200 27
116.192.124.172 - - [05/Mar/2023:09:45:49 +0800] "GET /xingrg/all/function/internal_message.html?_=1677980766749&CODE_STATE=getMsg HTTP/1.1" 200 27
58.40.7.146 - - [05/Mar/2023:09:45:50 +0800] "GET /xingrg/all/function/internal_message.html?_=1677980768732&CODE_STATE=getMsg HTTP/1.1" 200 27
58.40.7.146 - - [05/Mar/2023:09:45:50 +0800] "GET /xingrg/all/function/internal_message.html?_=1677980768739&CODE_STATE=getMsg HTTP/1.1" 200 27
116.225.84.253 - - [05/Mar/2023:09:45:55 +0800] "GET /xingrg/all/function/internal_message.html?_=1677980618201&CODE_STATE=getMsg HTTP/1.1" 200 27
180.169.147.146 - - [05/Mar/2023:09:45:59 +0800] "GET /xingrg/all/function/internal_message.html?_=1677980776165&CODE_STATE=getMsg HTTP/1.1" 200 27
180.169.147.146 - - [05/Mar/2023:09:46:02 +0800] "GET /xingrg/all/function/internal_message.html?_=1677980799014&CODE_STATE=getMsg HTTP/1.1" 302 -
180.169.147.146 - - [05/Mar/2023:09:46:03 +0800] "GET /xingrg/all/function/internal_message.html?_=1677980781394&CODE_STATE=getMsg HTTP/1.1" 200 27
222.70.221.209 - - [05/Mar/2023:09:46:03 +0800] "GET /xingrg/all/function/internal_message.html?_=1677980907293&CODE_STATE=getMsg HTTP/1.1" 200 27
116.225.84.253 - - [05/Mar/2023:09:46:04 +0800] "GET /xingrg/check_reg.html?_=1677980783595 HTTP/1.1" 200 22
180.164.3.199 - - [05/Mar/2023:09:46:10 +0800] "GET /xingrg/all/function/internal_message.html?_=1677980788932&CODE_STATE=getMsg HTTP/1.1" 200 27
222.70.221.209 - - [05/Mar/2023:09:46:18 +0800] "GET /xingrg/check_reg.html?_=1677980921826 HTTP/1.1" 200 22
114.83.222.182 - - [05/Mar/2023:09:46:28 +0800] "GET /xingrg/all/function/internal_message.html?_=1677980865944&CODE_STATE=getMsg HTTP/1.1" 200 27
120.253.135.82 - - [05/Mar/2023:09:46:29 +0800] "GET /xingrg/all/function/internal_message.html?_=1677980627681&CODE_STATE=getMsg HTTP/1.1" 200 27
180.157.253.110 - - [05/Mar/2023:09:46:29 +0800] "GET /xingrg/all/function/internal_message.html?_=1677980810104&CODE_STATE=getMsg HTTP/1.1" 200 27
180.157.253.110 - - [05/Mar/2023:09:46:29 +0800] "GET /xingrg/all/function/internal_message.html?_=1677980810260&CODE_STATE=getMsg HTTP/1.1" 200 27
116.238.139.35 - - [05/Mar/2023:09:46:35 +0800] "GET /xingrg/all/function/internal_message.html?_=1677980815918&CODE_STATE=getMsg HTTP/1.1" 200 27
116.225.84.253 - - [05/Mar/2023:09:46:36 +0800] "GET /xingrg/all/function/internal_message.html?_=1677980815120&CODE_STATE=getMsg HTTP/1.1" 200 27
116.230.116.110 - - [05/Mar/2023:09:46:36 +0800] "GET /xingrg/all/function/internal_message.html?_=1677980837035&CODE_STATE=getMsg HTTP/1.1" 302 -
124.78.153.244 - - [05/Mar/2023:09:46:38 +0800] "GET /xingrg/all/function/internal_message.html?_=1677980813448&CODE_STATE=getMsg HTTP/1.1" 200 27
172.20.0.100 - - [05/Mar/2023:09:46:41 +0800] "GET /xingrg/all/function/internal_message.html?_=1677980818448&CODE_STATE=getMsg HTTP/1.1" 200 27
116.230.116.110 - - [05/Mar/2023:09:46:41 +0800] "GET /xingrg/all/function/internal_message.html?_=1677980845359&CODE_STATE=getMsg HTTP/1.1" 200 27
120.253.135.82 - - [05/Mar/2023:09:46:43 +0800] "GET /xingrg/kc/pszx/mdqp_order_list.html?state=10 HTTP/1.1" 200 11112
120.253.135.82 - - [05/Mar/2023:09:46:43 +0800] "GET /xingrg/dwr/interface/AjaxReportQueryService.js HTTP/1.1" 200 13203
120.253.135.82 - - [05/Mar/2023:09:46:43 +0800] "GET /xingrg/dwr/engine.js HTTP/1.1" 200 43631
120.253.135.82 - - [05/Mar/2023:09:46:43 +0800] "GET /xingrg/dwr/interface/AjaxQqpsService.js HTTP/1.1" 200 16326
116.238.139.35 - - [05/Mar/2023:09:46:44 +0800] "GET /xingrg/all/function/internal_message.html?_=1677980752932&CODE_STATE=getMsg HTTP/1.1" 200 27
58.221.95.50 - - [05/Mar/2023:09:46:48 +0800] "GET /xingrg/all/function/internal_message.html?_=1677980826656&CODE_STATE=getMsg HTTP/1.1" 200 27
116.192.124.172 - - [05/Mar/2023:09:46:49 +0800] "GET /xingrg/all/function/internal_message.html?_=1677980826762&CODE_STATE=getMsg HTTP/1.1" 200 27
58.40.7.146 - - [05/Mar/2023:09:46:50 +0800] "GET /xingrg/all/function/internal_message.html?_=1677980828712&CODE_STATE=getMsg HTTP/1.1" 200 27
58.40.7.146 - - [05/Mar/2023:09:46:50 +0800] "GET /xingrg/all/function/internal_message.html?_=1677980828728&CODE_STATE=getMsg HTTP/1.1" 200 27
116.225.84.253 - - [05/Mar/2023:09:46:55 +0800] "GET /xingrg/check_reg.html?_=1677980678191 HTTP/1.1" 200 22
116.225.84.253 - - [05/Mar/2023:09:46:55 +0800] "GET /xingrg/all/function/internal_message.html?_=1677980678194&CODE_STATE=getMsg HTTP/1.1" 200 27
180.169.147.146 - - [05/Mar/2023:09:46:59 +0800] "GET /xingrg/all/function/internal_message.html?_=1677980836149&CODE_STATE=getMsg HTTP/1.1" 200 27
180.169.147.146 - - [05/Mar/2023:09:47:02 +0800] "GET /xingrg/all/function/internal_message.html?_=1677980859012&CODE_STATE=getMsg HTTP/1.1" 302 -
180.169.147.146 - - [05/Mar/2023:09:47:03 +0800] "GET /xingrg/all/function/internal_message.html?_=1677980841378&CODE_STATE=getMsg HTTP/1.1" 200 27
222.70.221.209 - - [05/Mar/2023:09:47:03 +0800] "GET /xingrg/all/function/internal_message.html?_=1677980967278&CODE_STATE=getMsg HTTP/1.1" 200 27
180.164.3.199 - - [05/Mar/2023:09:47:10 +0800] "GET /xingrg/all/function/internal_message.html?_=1677980848938&CODE_STATE=getMsg HTTP/1.1" 200 27
180.164.3.199 - - [05/Mar/2023:09:47:10 +0800] "GET /xingrg/check_reg.html?_=1677980848942 HTTP/1.1" 200 22
120.253.135.82 - - [05/Mar/2023:09:47:18 +0800] "GET /xingrg/kc/pszx/mdqp_order_list.html?state=10 HTTP/1.1" 200 11112
120.253.135.82 - - [05/Mar/2023:09:47:18 +0800] "GET /xingrg/dwr/interface/AjaxQqpsService.js HTTP/1.1" 200 16326
120.253.135.82 - - [05/Mar/2023:09:47:18 +0800] "GET /xingrg/dwr/interface/AjaxReportQueryService.js HTTP/1.1" 200 13203
120.253.135.82 - - [05/Mar/2023:09:47:18 +0800] "GET /xingrg/dwr/engine.js HTTP/1.1" 200 43631
120.253.135.82 - - [05/Mar/2023:09:47:20 +0800] "GET /xingrg/kc/pszx/mdps_order_list.html?orderType=0 HTTP/1.1" 200 21032
120.253.135.82 - - [05/Mar/2023:09:47:21 +0800] "POST /xingrg/kc/pszx/mdps_list_operate.html HTTP/1.1" 200 5260
120.253.135.82 - - [05/Mar/2023:09:47:24 +0800] "GET /xingrg/all/function/internal_message.html?_=1677980687715&CODE_STATE=getMsg HTTP/1.1" 200 27
120.253.135.82 - - [05/Mar/2023:09:47:25 +0800] "POST /xingrg/kc/pszx/mdps_list_operate.html HTTP/1.1" 200 2782
120.253.135.82 - - [05/Mar/2023:09:47:27 +0800] "POST /xingrg/kc/pszx/mdps_list_operate.html HTTP/1.1" 200 549
114.83.222.182 - - [05/Mar/2023:09:47:28 +0800] "GET /xingrg/all/function/internal_message.html?_=1677980925928&CODE_STATE=getMsg HTTP/1.1" 200 27
120.253.135.82 - - [05/Mar/2023:09:47:29 +0800] "POST /xingrg/kc/pszx/mdps_list_operate.html HTTP/1.1" 200 205
180.157.253.110 - - [05/Mar/2023:09:47:29 +0800] "GET /xingrg/all/function/internal_message.html?_=1677980870105&CODE_STATE=getMsg HTTP/1.1" 200 27
180.157.253.110 - - [05/Mar/2023:09:47:29 +0800] "GET /xingrg/all/function/internal_message.html?_=1677980870286&CODE_STATE=getMsg HTTP/1.1" 200 27
116.225.84.253 - - [05/Mar/2023:09:47:34 +0800] "POST /xingrg/kc/buy/cgsh_order_operate.html HTTP/1.1" 200 37
116.238.139.35 - - [05/Mar/2023:09:47:35 +0800] "GET /xingrg/all/function/internal_message.html?_=1677980875906&CODE_STATE=getMsg HTTP/1.1" 200 27
116.225.84.253 - - [05/Mar/2023:09:47:35 +0800] "POST /xingrg/kc/buy/cgsh_order_operate.html HTTP/1.1" 200 6200
116.238.139.35 - - [05/Mar/2023:09:47:36 +0800] "GET /xingrg/check_reg.html?_=1677980876299 HTTP/1.1" 200 22
116.225.84.253 - - [05/Mar/2023:09:47:36 +0800] "GET /xingrg/all/function/internal_message.html?_=1677980875092&CODE_STATE=getMsg HTTP/1.1" 200 27
116.230.116.110 - - [05/Mar/2023:09:47:36 +0800] "GET /xingrg/all/function/internal_message.html?_=1677980897058&CODE_STATE=getMsg HTTP/1.1" 302 -
116.225.84.253 - - [05/Mar/2023:09:47:37 +0800] "GET /xingrg/kc/print/load_data.html?order_code=212023030501563&kc_code=cgsh&condition= HTTP/1.1" 200 2089
124.78.153.244 - - [05/Mar/2023:09:47:38 +0800] "GET /xingrg/all/function/internal_message.html?_=1677980873450&CODE_STATE=getMsg HTTP/1.1" 200 27
172.20.0.100 - - [05/Mar/2023:09:47:41 +0800] "GET /xingrg/all/function/internal_message.html?_=1677980878449&CODE_STATE=getMsg HTTP/1.1" 200 27
116.230.116.110 - - [05/Mar/2023:09:47:41 +0800] "GET /xingrg/all/function/internal_message.html?_=1677980905637&CODE_STATE=getMsg HTTP/1.1" 200 27
116.238.139.35 - - [05/Mar/2023:09:47:44 +0800] "GET /xingrg/all/function/internal_message.html?_=1677980812933&CODE_STATE=getMsg HTTP/1.1" 200 27
58.221.95.50 - - [05/Mar/2023:09:47:48 +0800] "GET /xingrg/all/function/internal_message.html?_=1677980886657&CODE_STATE=getMsg HTTP/1.1" 200 27
58.221.95.50 - - [05/Mar/2023:09:47:48 +0800] "GET /xingrg/check_reg.html?_=1677980886661 HTTP/1.1" 200 22
116.225.84.253 - - [05/Mar/2023:09:47:48 +0800] "GET /xingrg/kc/buy/cgsh_order_add.html HTTP/1.1" 200 70043
116.225.84.253 - - [05/Mar/2023:09:47:48 +0800] "POST /xingrg/kc/buy/cgsh_order_operate.html HTTP/1.1" 200 8245
116.225.84.253 - - [05/Mar/2023:09:47:49 +0800] "GET /xingrg/javascript/easyui/themes/default/validatebox.css HTTP/1.1" 404 1104
116.192.124.172 - - [05/Mar/2023:09:47:49 +0800] "GET /xingrg/check_reg.html?_=1677980886757 HTTP/1.1" 200 22
116.192.124.172 - - [05/Mar/2023:09:47:49 +0800] "GET /xingrg/all/function/internal_message.html?_=1677980886759&CODE_STATE=getMsg HTTP/1.1" 200 27
58.40.7.146 - - [05/Mar/2023:09:47:50 +0800] "GET /xingrg/all/function/internal_message.html?_=1677980888684&CODE_STATE=getMsg HTTP/1.1" 200 27
58.40.7.146 - - [05/Mar/2023:09:47:50 +0800] "GET /xingrg/all/function/internal_message.html?_=1677980888714&CODE_STATE=getMsg HTTP/1.1" 200 27
116.225.84.253 - - [05/Mar/2023:09:47:55 +0800] "GET /xingrg/all/function/internal_message.html?_=1677980738230&CODE_STATE=getMsg HTTP/1.1" 200 27
180.169.147.146 - - [05/Mar/2023:09:47:59 +0800] "GET /xingrg/all/function/internal_message.html?_=1677980896140&CODE_STATE=getMsg HTTP/1.1" 200 27
180.169.147.146 - - [05/Mar/2023:09:48:02 +0800] "GET /xingrg/all/function/internal_message.html?_=1677980919010&CODE_STATE=getMsg HTTP/1.1" 302 -
180.169.147.146 - - [05/Mar/2023:09:48:03 +0800] "GET /xingrg/all/function/internal_message.html?_=1677980901365&CODE_STATE=getMsg HTTP/1.1" 200 27
222.70.221.209 - - [05/Mar/2023:09:48:03 +0800] "GET /xingrg/all/function/internal_message.html?_=1677981027258&CODE_STATE=getMsg HTTP/1.1" 200 27
180.164.3.199 - - [05/Mar/2023:09:48:10 +0800] "GET /xingrg/all/function/internal_message.html?_=1677980908943&CODE_STATE=getMsg HTTP/1.1" 200 27
120.253.135.82 - - [05/Mar/2023:09:48:15 +0800] "GET /xingrg/check_reg.html?_=1677980738593 HTTP/1.1" 200 22
120.253.135.82 - - [05/Mar/2023:09:48:18 +0800] "GET /xingrg/kc/pszx/mdps_order_info.html?code=312023030100007 HTTP/1.1" 200 23972
120.253.135.82 - - [05/Mar/2023:09:48:18 +0800] "GET /xingrg/javascript/easyui/themes/default/validatebox.css HTTP/1.1" 404 1104
120.253.135.82 - - [05/Mar/2023:09:48:19 +0800] "POST /xingrg/kc/pszx/mdps_order_operate.html HTTP/1.1" 200 2281
120.253.135.82 - - [05/Mar/2023:09:48:24 +0800] "GET /xingrg/all/function/internal_message.html?_=1677980747728&CODE_STATE=getMsg HTTP/1.1" 200 27
114.83.222.182 - - [05/Mar/2023:09:48:28 +0800] "GET /xingrg/all/function/internal_message.html?_=1677980985911&CODE_STATE=getMsg HTTP/1.1" 200 27
180.157.253.110 - - [05/Mar/2023:09:48:29 +0800] "GET /xingrg/all/function/internal_message.html?_=1677980930106&CODE_STATE=getMsg HTTP/1.1" 200 27
180.157.253.110 - - [05/Mar/2023:09:48:29 +0800] "GET /xingrg/all/function/internal_message.html?_=1677980930285&CODE_STATE=getMsg HTTP/1.1" 200 27
180.157.253.110 - - [05/Mar/2023:09:48:29 +0800] "GET /xingrg/check_reg.html?_=1677980930289 HTTP/1.1" 200 22
120.253.135.82 - - [05/Mar/2023:09:48:30 +0800] "GET /xingrg/kc/pszx/mdps_order_info.html?code=312023030100007 HTTP/1.1" 200 23972
120.253.135.82 - - [05/Mar/2023:09:48:31 +0800] "GET /xingrg/javascript/easyui/themes/default/validatebox.css HTTP/1.1" 404 1104
120.253.135.82 - - [05/Mar/2023:09:48:31 +0800] "POST /xingrg/kc/pszx/mdps_order_operate.html HTTP/1.1" 200 2281
116.225.84.253 - - [05/Mar/2023:09:48:31 +0800] "GET /xingrg/kc/buy/cgsh_order_operate.html?command=get_materiel&rest_code=00105&code=00101010248&supplier_code=00100012&order_time=2023-03-05 HTTP/1.1" 200 430
116.225.84.253 - - [05/Mar/2023:09:48:33 +0800] "POST /xingrg/all/common/load_select.html HTTP/1.1" 200 25
116.238.139.35 - - [05/Mar/2023:09:48:35 +0800] "GET /xingrg/all/function/internal_message.html?_=1677980935879&CODE_STATE=getMsg HTTP/1.1" 200 27
116.225.84.253 - - [05/Mar/2023:09:48:36 +0800] "GET /xingrg/all/function/internal_message.html?_=1677980935101&CODE_STATE=getMsg HTTP/1.1" 200 27
116.230.116.110 - - [05/Mar/2023:09:48:36 +0800] "GET /xingrg/all/function/internal_message.html?_=1677980957062&CODE_STATE=getMsg HTTP/1.1" 302 -
116.225.84.253 - - [05/Mar/2023:09:48:37 +0800] "GET /xingrg/kc/buy/cgsh_order_operate.html?command=get_materiel_price&rest_code=00105&code=00101010248&unit_code=00100043&supplier_code=00100012&order_time=2023-03-05 HTTP/1.1" 200 29
124.78.153.244 - - [05/Mar/2023:09:48:38 +0800] "GET /xingrg/all/function/internal_message.html?_=1677980933456&CODE_STATE=getMsg HTTP/1.1" 200 27
124.78.153.244 - - [05/Mar/2023:09:48:38 +0800] "GET /xingrg/check_reg.html?_=1677980933463 HTTP/1.1" 200 22
172.20.0.100 - - [05/Mar/2023:09:48:41 +0800] "GET /xingrg/all/function/internal_message.html?_=1677980938438&CODE_STATE=getMsg HTTP/1.1" 200 27
116.230.116.110 - - [05/Mar/2023:09:48:41 +0800] "GET /xingrg/all/function/internal_message.html?_=1677980965650&CODE_STATE=getMsg HTTP/1.1" 200 27
116.238.139.35 - - [05/Mar/2023:09:48:43 +0800] "GET /xingrg/check_reg.html?_=1677980872643 HTTP/1.1" 200 22
116.238.139.35 - - [05/Mar/2023:09:48:44 +0800] "GET /xingrg/all/function/internal_message.html?_=1677980872946&CODE_STATE=getMsg HTTP/1.1" 200 27
58.221.95.50 - - [05/Mar/2023:09:48:48 +0800] "GET /xingrg/all/function/internal_message.html?_=1677980946655&CODE_STATE=getMsg HTTP/1.1" 200 27
116.192.124.172 - - [05/Mar/2023:09:48:49 +0800] "GET /xingrg/all/function/internal_message.html?_=1677980946756&CODE_STATE=getMsg HTTP/1.1" 200 27
58.40.7.146 - - [05/Mar/2023:09:48:50 +0800] "GET /xingrg/all/function/internal_message.html?_=1677980948655&CODE_STATE=getMsg HTTP/1.1" 200 27
58.40.7.146 - - [05/Mar/2023:09:48:50 +0800] "GET /xingrg/all/function/internal_message.html?_=1677980948685&CODE_STATE=getMsg HTTP/1.1" 200 27
58.40.7.146 - - [05/Mar/2023:09:48:51 +0800] "GET /xingrg/check_reg.html?_=1677980949736 HTTP/1.1" 200 22
116.225.84.253 - - [05/Mar/2023:09:48:55 +0800] "GET /xingrg/all/function/internal_message.html?_=1677980798217&CODE_STATE=getMsg HTTP/1.1" 200 27
180.169.147.146 - - [05/Mar/2023:09:48:59 +0800] "GET /xingrg/all/function/internal_message.html?_=1677980956123&CODE_STATE=getMsg HTTP/1.1" 200 27
180.169.147.146 - - [05/Mar/2023:09:49:02 +0800] "GET /xingrg/all/function/internal_message.html?_=1677980979008&CODE_STATE=getMsg HTTP/1.1" 302 -
180.169.147.146 - - [05/Mar/2023:09:49:02 +0800] "GET /xingrg/check_reg.html?_=1677980979009 HTTP/1.1" 302 -
180.169.147.146 - - [05/Mar/2023:09:49:03 +0800] "GET /xingrg/all/function/internal_message.html?_=1677980961347&CODE_STATE=getMsg HTTP/1.1" 200 27
222.70.221.209 - - [05/Mar/2023:09:49:03 +0800] "GET /xingrg/all/function/internal_message.html?_=1677981087231&CODE_STATE=getMsg HTTP/1.1" 200 27
222.70.182.154 - - [05/Mar/2023:09:49:04 +0800] "POST /xingrg/services/DataTransmitService HTTP/1.1" 200 524
180.164.3.199 - - [05/Mar/2023:09:49:10 +0800] "GET /xingrg/all/function/internal_message.html?_=1677980968929&CODE_STATE=getMsg HTTP/1.1" 200 27
101.229.22.234 - - [05/Mar/2023:09:49:13 +0800] "GET /favicon.ico HTTP/1.1" 404 -
101.229.22.234 - - [05/Mar/2023:09:49:14 +0800] "GET /xingrg/login.html HTTP/1.1" 200 7641
101.229.22.234 - - [05/Mar/2023:09:49:15 +0800] "GET /xingrg/images/blue/jxLogo.png HTTP/1.1" 304 -
101.229.22.234 - - [05/Mar/2023:09:49:16 +0800] "GET /xingrg/images/blue/hj.png HTTP/1.1" 304 -
101.229.22.234 - - [05/Mar/2023:09:49:16 +0800] "GET /xingrg/images/blue/login_bg.png HTTP/1.1" 304 -
101.229.22.234 - - [05/Mar/2023:09:49:16 +0800] "GET /xingrg/images/blue/srbg.png HTTP/1.1" 304 -
120.253.135.82 - - [05/Mar/2023:09:49:17 +0800] "GET /xingrg/kc/pszx/mdps_order_list.html?orderType=0 HTTP/1.1" 200 21032
101.229.22.234 - - [05/Mar/2023:09:49:17 +0800] "GET /favicon.ico HTTP/1.1" 404 -
120.253.135.82 - - [05/Mar/2023:09:49:17 +0800] "POST /xingrg/kc/pszx/mdps_list_operate.html HTTP/1.1" 200 5260
120.253.135.82 - - [05/Mar/2023:09:49:24 +0800] "GET /xingrg/all/function/internal_message.html?_=1677980807742&CODE_STATE=getMsg HTTP/1.1" 200 27
120.253.135.82 - - [05/Mar/2023:09:49:26 +0800] "POST /xingrg/kc/pszx/mdps_list_operate.html HTTP/1.1" 200 2782
120.253.135.82 - - [05/Mar/2023:09:49:27 +0800] "POST /xingrg/kc/pszx/mdps_list_operate.html HTTP/1.1" 200 202
114.83.222.182 - - [05/Mar/2023:09:49:28 +0800] "GET /xingrg/all/function/internal_message.html?_=1677981045887&CODE_STATE=getMsg HTTP/1.1" 200 27
114.83.222.182 - - [05/Mar/2023:09:49:28 +0800] "GET /xingrg/check_reg.html?_=1677981046527 HTTP/1.1" 200 22
180.157.253.110 - - [05/Mar/2023:09:49:29 +0800] "GET /xingrg/check_reg.html?_=1677980990093 HTTP/1.1" 200 22
180.157.253.110 - - [05/Mar/2023:09:49:29 +0800] "GET /xingrg/all/function/internal_message.html?_=1677980990096&CODE_STATE=getMsg HTTP/1.1" 200 27
180.157.253.110 - - [05/Mar/2023:09:49:29 +0800] "GET /xingrg/all/function/internal_message.html?_=1677980990290&CODE_STATE=getMsg HTTP/1.1" 200 27
120.253.135.82 - - [05/Mar/2023:09:49:34 +0800] "POST /xingrg/kc/pszx/mdps_list_operate.html HTTP/1.1" 200 868
116.238.139.35 - - [05/Mar/2023:09:49:35 +0800] "GET /xingrg/all/function/internal_message.html?_=1677980995849&CODE_STATE=getMsg HTTP/1.1" 200 27
116.225.84.253 - - [05/Mar/2023:09:49:36 +0800] "GET /xingrg/all/function/internal_message.html?_=1677980995055&CODE_STATE=getMsg HTTP/1.1" 200 27
116.230.116.110 - - [05/Mar/2023:09:49:36 +0800] "GET /xingrg/all/function/internal_message.html?_=1677981017091&CODE_STATE=getMsg HTTP/1.1" 302 -
124.78.153.244 - - [05/Mar/2023:09:49:38 +0800] "GET /xingrg/all/function/internal_message.html?_=1677980993450&CODE_STATE=getMsg HTTP/1.1" 200 27
183.193.170.41 - - [05/Mar/2023:09:49:40 +0800] "GET /favicon.ico HTTP/1.1" 404 -
120.253.135.82 - - [05/Mar/2023:09:49:40 +0800] "POST /xingrg/kc/pszx/mdps_list_operate.html HTTP/1.1" 200 5867
172.20.0.100 - - [05/Mar/2023:09:49:41 +0800] "GET /xingrg/all/function/internal_message.html?_=1677980998441&CODE_STATE=getMsg HTTP/1.1" 200 27
172.20.0.100 - - [05/Mar/2023:09:49:41 +0800] "GET /xingrg/check_reg.html?_=1677980998442 HTTP/1.1" 200 22
116.230.116.110 - - [05/Mar/2023:09:49:41 +0800] "GET /xingrg/all/function/internal_message.html?_=1677981025897&CODE_STATE=getMsg HTTP/1.1" 200 27
120.253.135.82 - - [05/Mar/2023:09:49:42 +0800] "POST /xingrg/kc/pszx/mdps_list_operate.html HTTP/1.1" 200 293
116.238.139.35 - - [05/Mar/2023:09:49:44 +0800] "GET /xingrg/all/function/internal_message.html?_=1677980932960&CODE_STATE=getMsg HTTP/1.1" 200 27
120.253.135.82 - - [05/Mar/2023:09:49:44 +0800] "POST /xingrg/kc/pszx/mdps_list_operate.html HTTP/1.1" 200 660
58.40.7.146 - - [05/Mar/2023:09:49:46 +0800] "GET /xingrg/check_reg.html?_=1677981004875 HTTP/1.1" 200 22
58.221.95.50 - - [05/Mar/2023:09:49:48 +0800] "GET /xingrg/all/function/internal_message.html?_=1677981006647&CODE_STATE=getMsg HTTP/1.1" 200 27
116.192.124.172 - - [05/Mar/2023:09:49:49 +0800] "GET /xingrg/all/function/internal_message.html?_=1677981006751&CODE_STATE=getMsg HTTP/1.1" 200 27
120.253.135.82 - - [05/Mar/2023:09:49:50 +0800] "POST /xingrg/kc/pszx/mdps_list_operate.html HTTP/1.1" 200 363
58.40.7.146 - - [05/Mar/2023:09:49:50 +0800] "GET /xingrg/all/function/internal_message.html?_=1677981008630&CODE_STATE=getMsg HTTP/1.1" 200 27
58.40.7.146 - - [05/Mar/2023:09:49:50 +0800] "GET /xingrg/all/function/internal_message.html?_=1677981008659&CODE_STATE=getMsg HTTP/1.1" 200 27
116.225.84.253 - - [05/Mar/2023:09:49:55 +0800] "GET /xingrg/all/function/internal_message.html?_=1677980858227&CODE_STATE=getMsg HTTP/1.1" 200 27
120.253.135.82 - - [05/Mar/2023:09:49:58 +0800] "POST /xingrg/kc/pszx/mdps_list_operate.html HTTP/1.1" 200 202
180.169.147.146 - - [05/Mar/2023:09:49:59 +0800] "GET /xingrg/all/function/internal_message.html?_=1677981016097&CODE_STATE=getMsg HTTP/1.1" 200 27
180.169.147.146 - - [05/Mar/2023:09:50:02 +0800] "GET /xingrg/all/function/internal_message.html?_=1677981039008&CODE_STATE=getMsg HTTP/1.1" 302 -
120.253.135.82 - - [05/Mar/2023:09:50:02 +0800] "POST /xingrg/kc/pszx/mdps_list_operate.html HTTP/1.1" 200 568
180.169.147.146 - - [05/Mar/2023:09:50:03 +0800] "GET /xingrg/all/function/internal_message.html?_=1677981021329&CODE_STATE=getMsg HTTP/1.1" 200 27
222.70.221.209 - - [05/Mar/2023:09:50:03 +0800] "GET /xingrg/all/function/internal_message.html?_=1677981147208&CODE_STATE=getMsg HTTP/1.1" 200 27
120.253.135.82 - - [05/Mar/2023:09:50:05 +0800] "POST /xingrg/kc/pszx/mdps_list_operate.html HTTP/1.1" 200 619
222.70.182.154 - - [05/Mar/2023:09:50:06 +0800] "POST /xingrg/services/DataTransmitService HTTP/1.1" 200 501
120.253.135.82 - - [05/Mar/2023:09:50:07 +0800] "POST /xingrg/kc/pszx/mdps_list_operate.html HTTP/1.1" 200 300
222.70.182.154 - - [05/Mar/2023:09:50:08 +0800] "POST /xingrg/services/DataTransmitService HTTP/1.1" 200 501
180.164.3.199 - - [05/Mar/2023:09:50:10 +0800] "GET /xingrg/all/function/internal_message.html?_=1677981028938&CODE_STATE=getMsg HTTP/1.1" 200 27
120.253.135.82 - - [05/Mar/2023:09:50:11 +0800] "POST /xingrg/kc/pszx/mdps_list_operate.html HTTP/1.1" 200 203
120.253.135.82 - - [05/Mar/2023:09:50:14 +0800] "POST /xingrg/kc/pszx/mdps_list_operate.html HTTP/1.1" 200 281
120.253.135.82 - - [05/Mar/2023:09:50:16 +0800] "POST /xingrg/kc/pszx/mdps_list_operate.html HTTP/1.1" 200 659
116.230.116.110 - - [05/Mar/2023:09:50:16 +0800] "GET /xingrg/check_reg.html?_=1677981057168 HTTP/1.1" 302 -
116.230.116.110 - - [05/Mar/2023:09:50:19 +0800] "GET /xingrg/check_reg.html?_=1677981063859 HTTP/1.1" 200 22
120.253.135.82 - - [05/Mar/2023:09:50:19 +0800] "POST /xingrg/kc/pszx/mdps_list_operate.html HTTP/1.1" 200 6005
120.253.135.82 - - [05/Mar/2023:09:50:22 +0800] "POST /xingrg/kc/pszx/mdps_list_operate.html HTTP/1.1" 200 202
120.253.135.82 - - [05/Mar/2023:09:50:24 +0800] "GET /xingrg/all/function/internal_message.html?_=1677980867755&CODE_STATE=getMsg HTTP/1.1" 200 27
120.253.135.82 - - [05/Mar/2023:09:50:25 +0800] "POST /xingrg/kc/pszx/mdps_list_operate.html HTTP/1.1" 200 208
114.83.222.182 - - [05/Mar/2023:09:50:28 +0800] "GET /xingrg/all/function/internal_message.html?_=1677981105872&CODE_STATE=getMsg HTTP/1.1" 200 27
120.253.135.82 - - [05/Mar/2023:09:50:28 +0800] "POST /xingrg/kc/pszx/mdps_list_operate.html HTTP/1.1" 200 645
180.157.253.110 - - [05/Mar/2023:09:50:29 +0800] "GET /xingrg/all/function/internal_message.html?_=1677981050098&CODE_STATE=getMsg HTTP/1.1" 200 27
180.157.253.110 - - [05/Mar/2023:09:50:29 +0800] "GET /xingrg/all/function/internal_message.html?_=1677981050290&CODE_STATE=getMsg HTTP/1.1" 200 27
120.253.135.82 - - [05/Mar/2023:09:50:32 +0800] "POST /xingrg/kc/pszx/mdps_list_operate.html HTTP/1.1" 200 630
120.253.135.82 - - [05/Mar/2023:09:50:33 +0800] "POST /xingrg/kc/pszx/mdps_list_operate.html HTTP/1.1" 200 616
116.238.139.35 - - [05/Mar/2023:09:50:35 +0800] "GET /xingrg/all/function/internal_message.html?_=1677981055821&CODE_STATE=getMsg HTTP/1.1" 200 27
116.225.84.253 - - [05/Mar/2023:09:50:36 +0800] "GET /xingrg/all/function/internal_message.html?_=1677981055035&CODE_STATE=getMsg HTTP/1.1" 200 27
116.230.116.110 - - [05/Mar/2023:09:50:36 +0800] "GET /xingrg/all/function/internal_message.html?_=1677981077106&CODE_STATE=getMsg HTTP/1.1" 302 -
120.253.135.82 - - [05/Mar/2023:09:50:36 +0800] "POST /xingrg/kc/pszx/mdps_list_operate.html HTTP/1.1" 200 617
124.78.153.244 - - [05/Mar/2023:09:50:38 +0800] "GET /xingrg/all/function/internal_message.html?_=1677981053452&CODE_STATE=getMsg HTTP/1.1" 200 27
222.70.182.154 - - [05/Mar/2023:09:50:39 +0800] "POST /xingrg/services/DataTransmitService HTTP/1.1" 200 501
120.253.135.82 - - [05/Mar/2023:09:50:39 +0800] "POST /xingrg/kc/pszx/mdps_list_operate.html HTTP/1.1" 200 203
172.20.0.100 - - [05/Mar/2023:09:50:41 +0800] "GET /xingrg/all/function/internal_message.html?_=1677981058442&CODE_STATE=getMsg HTTP/1.1" 200 27
116.230.116.110 - - [05/Mar/2023:09:50:41 +0800] "GET /xingrg/all/function/internal_message.html?_=1677981085912&CODE_STATE=getMsg HTTP/1.1" 200 27
120.253.135.82 - - [05/Mar/2023:09:50:43 +0800] "POST /xingrg/kc/pszx/mdps_list_operate.html HTTP/1.1" 200 602
116.238.139.35 - - [05/Mar/2023:09:50:44 +0800] "GET /xingrg/all/function/internal_message.html?_=1677980992974&CODE_STATE=getMsg HTTP/1.1" 200 27
180.169.147.146 - - [05/Mar/2023:09:50:45 +0800] "GET /xingrg/check_reg.html?_=1677981063645 HTTP/1.1" 200 22
180.169.147.146 - - [05/Mar/2023:09:50:46 +0800] "GET /xingrg/check_reg.html?_=1677981063413 HTTP/1.1" 200 22
58.221.95.50 - - [05/Mar/2023:09:50:48 +0800] "GET /xingrg/all/function/internal_message.html?_=1677981066666&CODE_STATE=getMsg HTTP/1.1" 200 27
120.253.135.82 - - [05/Mar/2023:09:50:48 +0800] "POST /xingrg/kc/pszx/mdps_list_operate.html HTTP/1.1" 200 5985
116.192.124.172 - - [05/Mar/2023:09:50:49 +0800] "GET /xingrg/all/function/internal_message.html?_=1677981066756&CODE_STATE=getMsg HTTP/1.1" 200 27
58.40.7.146 - - [05/Mar/2023:09:50:50 +0800] "GET /xingrg/all/function/internal_message.html?_=1677981068602&CODE_STATE=getMsg HTTP/1.1" 200 27
58.40.7.146 - - [05/Mar/2023:09:50:50 +0800] "GET /xingrg/all/function/internal_message.html?_=1677981068646&CODE_STATE=getMsg HTTP/1.1" 200 27
120.253.135.82 - - [05/Mar/2023:09:50:53 +0800] "POST /xingrg/kc/pszx/mdps_list_operate.html HTTP/1.1" 200 276
116.225.84.253 - - [05/Mar/2023:09:50:55 +0800] "GET /xingrg/all/function/internal_message.html?_=1677980918219&CODE_STATE=getMsg HTTP/1.1" 200 27
