116.238.139.35 - - [05/Mar/2023:09:55:36 +0800] "GET /xingrg/javascript/easyui/themes/default/validatebox.css HTTP/1.1" 404 1104
116.230.116.110 - - [05/Mar/2023:09:55:36 +0800] "GET /xingrg/all/function/internal_message.html?_=1677981377201&CODE_STATE=getMsg HTTP/1.1" 302 -
116.238.139.35 - - [05/Mar/2023:09:55:38 +0800] "GET /xingrg/javascript/auto/indicator.gif HTTP/1.1" 404 1066
124.78.153.244 - - [05/Mar/2023:09:55:38 +0800] "GET /xingrg/all/function/internal_message.html?_=1677981353465&CODE_STATE=getMsg HTTP/1.1" 200 27
172.20.0.100 - - [05/Mar/2023:09:55:41 +0800] "GET /xingrg/all/function/internal_message.html?_=1677981358447&CODE_STATE=getMsg HTTP/1.1" 200 27
116.230.116.110 - - [05/Mar/2023:09:55:42 +0800] "GET /xingrg/all/function/internal_message.html?_=1677981386229&CODE_STATE=getMsg HTTP/1.1" 200 27
180.169.147.146 - - [05/Mar/2023:09:55:45 +0800] "GET /xingrg/check_reg.html?_=1677981363626 HTTP/1.1" 200 22
180.169.147.146 - - [05/Mar/2023:09:55:46 +0800] "GET /xingrg/check_reg.html?_=1677981363409 HTTP/1.1" 200 22
58.221.95.50 - - [05/Mar/2023:09:55:48 +0800] "GET /xingrg/all/function/internal_message.html?_=1677981366653&CODE_STATE=getMsg HTTP/1.1" 200 27
116.238.139.35 - - [05/Mar/2023:09:55:48 +0800] "GET /xingrg/kc/buy/cgsh_order_operate.html?command=get_materiel&rest_code=00150&code=00101020073&supplier_code=00100481&order_time=2023-03-05 HTTP/1.1" 200 413
116.192.124.172 - - [05/Mar/2023:09:55:49 +0800] "GET /xingrg/all/function/internal_message.html?_=1677981366758&CODE_STATE=getMsg HTTP/1.1" 200 27
58.40.7.146 - - [05/Mar/2023:09:55:50 +0800] "GET /xingrg/all/function/internal_message.html?_=1677981368497&CODE_STATE=getMsg HTTP/1.1" 200 27
101.229.22.234 - - [05/Mar/2023:09:55:50 +0800] "GET /xingrg/all/function/internal_message.html?_=1677981367242&CODE_STATE=getMsg HTTP/1.1" 200 27
58.40.7.146 - - [05/Mar/2023:09:55:50 +0800] "GET /xingrg/all/function/internal_message.html?_=1677981368538&CODE_STATE=getMsg HTTP/1.1" 200 27
116.225.84.253 - - [05/Mar/2023:09:55:55 +0800] "GET /xingrg/all/function/internal_message.html?_=1677981218217&CODE_STATE=getMsg HTTP/1.1" 200 27
116.238.139.35 - - [05/Mar/2023:09:55:58 +0800] "POST /xingrg/kc/buy/cgsh_order_operate.html HTTP/1.1" 200 37
180.169.147.146 - - [05/Mar/2023:09:55:59 +0800] "GET /xingrg/all/function/internal_message.html?_=1677981376000&CODE_STATE=getMsg HTTP/1.1" 200 27
180.169.147.146 - - [05/Mar/2023:09:56:02 +0800] "GET /xingrg/all/function/internal_message.html?_=1677981399002&CODE_STATE=getMsg HTTP/1.1" 302 -
180.169.147.146 - - [05/Mar/2023:09:56:03 +0800] "GET /xingrg/all/function/internal_message.html?_=1677981381233&CODE_STATE=getMsg HTTP/1.1" 200 27
222.70.221.209 - - [05/Mar/2023:09:56:03 +0800] "GET /xingrg/all/function/internal_message.html?_=1677981507096&CODE_STATE=getMsg HTTP/1.1" 200 27
116.238.139.35 - - [05/Mar/2023:09:56:04 +0800] "POST /xingrg/kc/buy/cgsh_order_operate.html HTTP/1.1" 200 12
116.225.84.253 - - [05/Mar/2023:09:56:04 +0800] "GET /xingrg/check_reg.html?_=1677981383610 HTTP/1.1" 200 22
116.238.139.35 - - [05/Mar/2023:09:56:07 +0800] "GET /xingrg/kc/buy/cgsh_order_info.html?code=212023030501565 HTTP/1.1" 200 64935
116.238.139.35 - - [05/Mar/2023:09:56:07 +0800] "GET /xingrg/javascript/easyui/themes/default/validatebox.css HTTP/1.1" 404 1104
116.238.139.35 - - [05/Mar/2023:09:56:08 +0800] "POST /xingrg/kc/buy/cgsh_order_operate.html HTTP/1.1" 200 608
180.164.3.199 - - [05/Mar/2023:09:56:10 +0800] "GET /xingrg/all/function/internal_message.html?_=1677981388939&CODE_STATE=getMsg HTTP/1.1" 200 27
116.238.139.35 - - [05/Mar/2023:09:56:11 +0800] "GET /xingrg/kc/print/load_data.html?order_code=212023030501565&kc_code=cgsh&condition= HTTP/1.1" 200 742
222.70.221.209 - - [05/Mar/2023:09:56:18 +0800] "GET /xingrg/check_reg.html?_=1677981521837 HTTP/1.1" 200 22
116.225.84.253 - - [05/Mar/2023:09:56:19 +0800] "POST /xingrg/services/DataTransmitService HTTP/1.1" 200 524
116.225.84.253 - - [05/Mar/2023:09:56:20 +0800] "POST /xingrg/services/DataTransmitService HTTP/1.1" 200 2407
116.225.84.253 - - [05/Mar/2023:09:56:21 +0800] "POST /xingrg/services/DataTransmitService HTTP/1.1" 200 187992
120.253.135.82 - - [05/Mar/2023:09:56:25 +0800] "GET /xingrg/all/function/internal_message.html?_=1677981228227&CODE_STATE=getMsg HTTP/1.1" 200 27
116.238.139.35 - - [05/Mar/2023:09:56:27 +0800] "GET /xingrg/all/function/internal_message.html?_=1677981336067&CODE_STATE=getMsg HTTP/1.1" 200 27
222.70.182.154 - - [05/Mar/2023:09:56:27 +0800] "GET /xingrg/check_reg.html?_=1677981402569 HTTP/1.1" 200 22
222.70.182.154 - - [05/Mar/2023:09:56:27 +0800] "GET /xingrg/all/function/internal_message.html?_=1677981402571&CODE_STATE=getMsg HTTP/1.1" 200 27
114.83.222.182 - - [05/Mar/2023:09:56:28 +0800] "GET /xingrg/all/function/internal_message.html?_=1677981465798&CODE_STATE=getMsg HTTP/1.1" 200 27
180.157.253.110 - - [05/Mar/2023:09:56:29 +0800] "GET /xingrg/all/function/internal_message.html?_=1677981410141&CODE_STATE=getMsg HTTP/1.1" 200 27
180.157.253.110 - - [05/Mar/2023:09:56:29 +0800] "GET /xingrg/all/function/internal_message.html?_=1677981410281&CODE_STATE=getMsg HTTP/1.1" 200 27
116.238.139.35 - - [05/Mar/2023:09:56:35 +0800] "GET /xingrg/all/function/internal_message.html?_=1677981415694&CODE_STATE=getMsg HTTP/1.1" 200 27
116.225.84.253 - - [05/Mar/2023:09:56:36 +0800] "GET /xingrg/all/function/internal_message.html?_=1677981414908&CODE_STATE=getMsg HTTP/1.1" 200 27
116.230.116.110 - - [05/Mar/2023:09:56:36 +0800] "GET /xingrg/all/function/internal_message.html?_=1677981437203&CODE_STATE=getMsg HTTP/1.1" 302 -
124.78.153.244 - - [05/Mar/2023:09:56:38 +0800] "GET /xingrg/all/function/internal_message.html?_=1677981413452&CODE_STATE=getMsg HTTP/1.1" 200 27
172.20.0.100 - - [05/Mar/2023:09:56:41 +0800] "GET /xingrg/all/function/internal_message.html?_=1677981418449&CODE_STATE=getMsg HTTP/1.1" 200 27
116.230.116.110 - - [05/Mar/2023:09:56:42 +0800] "GET /xingrg/all/function/internal_message.html?_=1677981446246&CODE_STATE=getMsg HTTP/1.1" 200 27
58.221.95.50 - - [05/Mar/2023:09:56:48 +0800] "GET /xingrg/all/function/internal_message.html?_=1677981426651&CODE_STATE=getMsg HTTP/1.1" 200 27
116.192.124.172 - - [05/Mar/2023:09:56:49 +0800] "GET /xingrg/all/function/internal_message.html?_=1677981426758&CODE_STATE=getMsg HTTP/1.1" 200 27
58.40.7.146 - - [05/Mar/2023:09:56:50 +0800] "GET /xingrg/all/function/internal_message.html?_=1677981428467&CODE_STATE=getMsg HTTP/1.1" 200 27
101.229.22.234 - - [05/Mar/2023:09:56:50 +0800] "GET /xingrg/all/function/internal_message.html?_=1677981427241&CODE_STATE=getMsg HTTP/1.1" 200 27
58.40.7.146 - - [05/Mar/2023:09:56:50 +0800] "GET /xingrg/all/function/internal_message.html?_=1677981428527&CODE_STATE=getMsg HTTP/1.1" 200 27
116.225.84.253 - - [05/Mar/2023:09:56:55 +0800] "GET /xingrg/all/function/internal_message.html?_=1677981278220&CODE_STATE=getMsg HTTP/1.1" 200 27
116.225.84.253 - - [05/Mar/2023:09:56:55 +0800] "GET /xingrg/check_reg.html?_=1677981278223 HTTP/1.1" 200 22
180.169.147.146 - - [05/Mar/2023:09:56:59 +0800] "GET /xingrg/all/function/internal_message.html?_=1677981435976&CODE_STATE=getMsg HTTP/1.1" 200 27
180.169.147.146 - - [05/Mar/2023:09:57:02 +0800] "GET /xingrg/all/function/internal_message.html?_=1677981459000&CODE_STATE=getMsg HTTP/1.1" 302 -
180.169.147.146 - - [05/Mar/2023:09:57:03 +0800] "GET /xingrg/all/function/internal_message.html?_=1677981441209&CODE_STATE=getMsg HTTP/1.1" 200 27
222.70.221.209 - - [05/Mar/2023:09:57:03 +0800] "GET /xingrg/all/function/internal_message.html?_=1677981567082&CODE_STATE=getMsg HTTP/1.1" 200 27
180.164.3.199 - - [05/Mar/2023:09:57:10 +0800] "GET /xingrg/all/function/internal_message.html?_=1677981448932&CODE_STATE=getMsg HTTP/1.1" 200 27
180.164.3.199 - - [05/Mar/2023:09:57:10 +0800] "GET /xingrg/check_reg.html?_=1677981448934 HTTP/1.1" 200 22
120.253.135.82 - - [05/Mar/2023:09:57:25 +0800] "GET /xingrg/all/function/internal_message.html?_=1677981288392&CODE_STATE=getMsg HTTP/1.1" 200 27
116.238.139.35 - - [05/Mar/2023:09:57:27 +0800] "GET /xingrg/all/function/internal_message.html?_=1677981396096&CODE_STATE=getMsg HTTP/1.1" 200 27
222.70.182.154 - - [05/Mar/2023:09:57:27 +0800] "GET /xingrg/all/function/internal_message.html?_=1677981462563&CODE_STATE=getMsg HTTP/1.1" 200 27
114.83.222.182 - - [05/Mar/2023:09:57:28 +0800] "GET /xingrg/all/function/internal_message.html?_=1677981525779&CODE_STATE=getMsg HTTP/1.1" 200 27
180.157.253.110 - - [05/Mar/2023:09:57:29 +0800] "GET /xingrg/all/function/internal_message.html?_=1677981470128&CODE_STATE=getMsg HTTP/1.1" 200 27
180.157.253.110 - - [05/Mar/2023:09:57:29 +0800] "GET /xingrg/all/function/internal_message.html?_=1677981470283&CODE_STATE=getMsg HTTP/1.1" 200 27
116.238.139.35 - - [05/Mar/2023:09:57:35 +0800] "GET /xingrg/all/function/internal_message.html?_=1677981475670&CODE_STATE=getMsg HTTP/1.1" 200 27
116.238.139.35 - - [05/Mar/2023:09:57:36 +0800] "GET /xingrg/check_reg.html?_=1677981476314 HTTP/1.1" 200 22
116.225.84.253 - - [05/Mar/2023:09:57:36 +0800] "GET /xingrg/all/function/internal_message.html?_=1677981474878&CODE_STATE=getMsg HTTP/1.1" 200 27
116.238.139.35 - - [05/Mar/2023:09:57:36 +0800] "POST /xingrg/all/user/operate.html HTTP/1.1" 200 36
116.238.139.35 - - [05/Mar/2023:09:57:36 +0800] "GET /xingrg/index.html?sysBaseUrl=http%3A%2F%2F180.169.147.146%3A18081%2Fxingrg%2F&costTime=1121×tamp=1677977784402 HTTP/1.1" 200 17179
116.238.139.35 - - [05/Mar/2023:09:57:36 +0800] "GET /xingrg/javascript/jquery_easy_ui/themes/default/easyui.css HTTP/1.1" 304 -
116.238.139.35 - - [05/Mar/2023:09:57:36 +0800] "GET /xingrg/javascript/jquery_easy_ui/themes/icon.css HTTP/1.1" 304 -
116.238.139.35 - - [05/Mar/2023:09:57:36 +0800] "GET /xingrg/css/form.css HTTP/1.1" 304 -
116.238.139.35 - - [05/Mar/2023:09:57:36 +0800] "GET /xingrg/javascript/jquery-1.4.2.min.js HTTP/1.1" 304 -
116.238.139.35 - - [05/Mar/2023:09:57:36 +0800] "GET /xingrg/javascript/jquery_easy_ui/jquery.easyui.min.js HTTP/1.1" 304 -
116.238.139.35 - - [05/Mar/2023:09:57:36 +0800] "GET /xingrg/javascript/jquery_easy_ui/easyui-lang-zh_CN.js HTTP/1.1" 304 -
116.238.139.35 - - [05/Mar/2023:09:57:36 +0800] "GET /xingrg/javascript/jquery.form.js HTTP/1.1" 304 -
116.238.139.35 - - [05/Mar/2023:09:57:36 +0800] "GET /xingrg/javascript/jquery.utils.js HTTP/1.1" 304 -
116.238.139.35 - - [05/Mar/2023:09:57:36 +0800] "GET /xingrg/javascript/jquery.timers.js HTTP/1.1" 304 -
116.238.139.35 - - [05/Mar/2023:09:57:36 +0800] "GET /xingrg/images/blue/jxLogo.png HTTP/1.1" 304 -
116.238.139.35 - - [05/Mar/2023:09:57:36 +0800] "GET /xingrg/javascript/jquery_easy_ui/themes/icons/settle_new.png HTTP/1.1" 304 -
116.238.139.35 - - [05/Mar/2023:09:57:36 +0800] "GET /xingrg/images/blue/navBackgound.jpg HTTP/1.1" 304 -
116.230.116.110 - - [05/Mar/2023:09:57:36 +0800] "GET /xingrg/all/function/internal_message.html?_=1677981497227&CODE_STATE=getMsg HTTP/1.1" 302 -
116.238.139.35 - - [05/Mar/2023:09:57:37 +0800] "GET /xingrg/all/function/internal_message.html?_=1677981477309&CODE_STATE=count HTTP/1.1" 200 11
116.238.139.35 - - [05/Mar/2023:09:57:37 +0800] "GET /xingrg/check_reg.html?_=1677981477311 HTTP/1.1" 200 22
116.238.139.35 - - [05/Mar/2023:09:57:37 +0800] "GET /xingrg/javascript/jquery_easy_ui/themes/default/images/panel_tool_collapse.gif HTTP/1.1" 304 -
116.238.139.35 - - [05/Mar/2023:09:57:37 +0800] "GET /xingrg/javascript/jquery_easy_ui/themes/default/images/tabs_rightarrow.png HTTP/1.1" 304 -
116.238.139.35 - - [05/Mar/2023:09:57:37 +0800] "GET /xingrg/images/blue/pingpu.png HTTP/1.1" 304 -
116.238.139.35 - - [05/Mar/2023:09:57:37 +0800] "GET /xingrg/javascript/jquery_easy_ui/themes/default/images/tabs_leftarrow.png HTTP/1.1" 304 -
116.238.139.35 - - [05/Mar/2023:09:57:37 +0800] "POST /xingrg/all/common/load_tree.html?tree=area_rest_tree_json&manage=1 HTTP/1.1" 200 476
116.238.139.35 - - [05/Mar/2023:09:57:37 +0800] "POST /xingrg/load_menu.html HTTP/1.1" 200 5138
124.78.153.244 - - [05/Mar/2023:09:57:38 +0800] "GET /xingrg/all/function/internal_message.html?_=1677981473452&CODE_STATE=getMsg HTTP/1.1" 200 27
116.238.139.35 - - [05/Mar/2023:09:57:40 +0800] "GET /xingrg/kc/buy/cgsh_order_list.html HTTP/1.1" 200 54185
172.20.0.100 - - [05/Mar/2023:09:57:41 +0800] "GET /xingrg/all/function/internal_message.html?_=1677981478437&CODE_STATE=getMsg HTTP/1.1" 200 27
116.230.116.110 - - [05/Mar/2023:09:57:42 +0800] "GET /xingrg/all/function/internal_message.html?_=1677981506584&CODE_STATE=getMsg HTTP/1.1" 200 27
116.238.139.35 - - [05/Mar/2023:09:57:42 +0800] "POST /xingrg/kc/buy/cgsh_list_operate.html HTTP/1.1" 200 986
116.238.139.35 - - [05/Mar/2023:09:57:44 +0800] "GET /xingrg/kc/buy/cgsh_order_add.html HTTP/1.1" 200 70005
116.238.139.35 - - [05/Mar/2023:09:57:44 +0800] "POST /xingrg/kc/buy/cgsh_order_operate.html HTTP/1.1" 200 8245
116.238.139.35 - - [05/Mar/2023:09:57:44 +0800] "GET /xingrg/javascript/easyui/themes/default/validatebox.css HTTP/1.1" 404 1104
116.238.139.35 - - [05/Mar/2023:09:57:45 +0800] "GET /xingrg/javascript/auto/indicator.gif HTTP/1.1" 404 1066
58.221.95.50 - - [05/Mar/2023:09:57:48 +0800] "GET /xingrg/all/function/internal_message.html?_=1677981486654&CODE_STATE=getMsg HTTP/1.1" 200 27
58.221.95.50 - - [05/Mar/2023:09:57:48 +0800] "GET /xingrg/check_reg.html?_=1677981486655 HTTP/1.1" 200 22
116.192.124.172 - - [05/Mar/2023:09:57:49 +0800] "GET /xingrg/check_reg.html?_=1677981486755 HTTP/1.1" 200 22
116.192.124.172 - - [05/Mar/2023:09:57:49 +0800] "GET /xingrg/all/function/internal_message.html?_=1677981486759&CODE_STATE=getMsg HTTP/1.1" 200 27
58.40.7.146 - - [05/Mar/2023:09:57:50 +0800] "GET /xingrg/all/function/internal_message.html?_=1677981488453&CODE_STATE=getMsg HTTP/1.1" 200 27
58.40.7.146 - - [05/Mar/2023:09:57:50 +0800] "GET /xingrg/all/function/internal_message.html?_=1677981488498&CODE_STATE=getMsg HTTP/1.1" 200 27
101.229.22.234 - - [05/Mar/2023:09:57:50 +0800] "GET /xingrg/all/function/internal_message.html?_=1677981487242&CODE_STATE=getMsg HTTP/1.1" 200 27
222.70.182.154 - - [05/Mar/2023:09:57:51 +0800] "GET /xingrg/login.html HTTP/1.1" 200 7641
222.70.182.154 - - [05/Mar/2023:09:57:53 +0800] "GET /favicon.ico HTTP/1.1" 404 -
116.225.84.253 - - [05/Mar/2023:09:57:55 +0800] "GET /xingrg/all/function/internal_message.html?_=1677981338217&CODE_STATE=getMsg HTTP/1.1" 200 27
180.169.147.146 - - [05/Mar/2023:09:57:59 +0800] "GET /xingrg/all/function/internal_message.html?_=1677981495961&CODE_STATE=getMsg HTTP/1.1" 200 27
222.70.182.154 - - [05/Mar/2023:09:57:59 +0800] "POST /xingrg/login.do HTTP/1.1" 302 -
222.70.182.154 - - [05/Mar/2023:09:57:59 +0800] "GET /xingrg/index.html?sysBaseUrl=http%3A%2F%2F180.169.147.146%3A18081%2Fxingrg%2F&costTime=1109×tamp=1677981479040 HTTP/1.1" 200 17419
222.70.182.154 - - [05/Mar/2023:09:57:59 +0800] "GET /favicon.ico HTTP/1.1" 404 -
222.70.182.154 - - [05/Mar/2023:09:57:59 +0800] "GET /xingrg/check_reg.html?_=1677981515762 HTTP/1.1" 200 22
222.70.182.154 - - [05/Mar/2023:09:57:59 +0800] "POST /xingrg/all/common/load_tree.html?tree=area_rest_tree_json&manage=1 HTTP/1.1" 200 470
222.70.182.154 - - [05/Mar/2023:09:57:59 +0800] "GET /xingrg/all/function/internal_message.html?_=1677981515762&CODE_STATE=count HTTP/1.1" 200 11
222.70.182.154 - - [05/Mar/2023:09:57:59 +0800] "POST /xingrg/load_menu.html HTTP/1.1" 200 9959
180.169.147.146 - - [05/Mar/2023:09:58:02 +0800] "GET /xingrg/all/function/internal_message.html?_=1677981519014&CODE_STATE=getMsg HTTP/1.1" 302 -
180.169.147.146 - - [05/Mar/2023:09:58:03 +0800] "GET /xingrg/all/function/internal_message.html?_=1677981501186&CODE_STATE=getMsg HTTP/1.1" 200 27
222.70.182.154 - - [05/Mar/2023:09:58:03 +0800] "POST /xingrg/load_menu.html HTTP/1.1" 200 9242
222.70.221.209 - - [05/Mar/2023:09:58:03 +0800] "GET /xingrg/all/function/internal_message.html?_=1677981627063&CODE_STATE=getMsg HTTP/1.1" 200 27
222.70.182.154 - - [05/Mar/2023:09:58:04 +0800] "GET /xingrg/all/report/report_query.html?fileName=dma/new_5.0/yingye/order_list.xml HTTP/1.1" 200 55281
222.70.182.154 - - [05/Mar/2023:09:58:04 +0800] "GET /xingrg/dwr/interface/AjaxReportQueryService.js HTTP/1.1" 200 13203
222.70.182.154 - - [05/Mar/2023:09:58:04 +0800] "GET /xingrg/dwr/engine.js HTTP/1.1" 200 43631
222.70.182.154 - - [05/Mar/2023:09:58:04 +0800] "GET /xingrg/dwr/util.js HTTP/1.1" 200 35990
222.70.182.154 - - [05/Mar/2023:09:58:04 +0800] "POST /xingrg/dwr/call/plaincall/AjaxReportQueryService.getFixDate.dwr HTTP/1.1" 200 111
222.70.182.154 - - [05/Mar/2023:09:58:04 +0800] "POST /xingrg/all/common/load_tree.html?tree=area_station_tree_json&manage=1 HTTP/1.1" 200 460
222.70.182.154 - - [05/Mar/2023:09:58:04 +0800] "POST /xingrg/dwr/call/plaincall/AjaxReportQueryService.getInitString.dwr HTTP/1.1" 200 76
116.238.139.35 - - [05/Mar/2023:09:58:06 +0800] "GET /xingrg/kc/buy/cgsh_order_operate.html?command=get_materiel&rest_code=00150&code=00101020073&supplier_code=00100481&order_time=2023-03-05 HTTP/1.1" 200 413
180.164.3.199 - - [05/Mar/2023:09:58:10 +0800] "GET /xingrg/all/function/internal_message.html?_=1677981508950&CODE_STATE=getMsg HTTP/1.1" 200 27
222.70.182.154 - - [05/Mar/2023:09:58:12 +0800] "POST /xingrg/dwr/call/plaincall/AjaxReportQueryService.refreshCache.dwr HTTP/1.1" 200 78
222.70.182.154 - - [05/Mar/2023:09:58:14 +0800] "POST /xingrg/all/report/load_report_page.html HTTP/1.1" 200 66412
222.70.182.154 - - [05/Mar/2023:09:58:14 +0800] "GET /xingrg/servlets/image?cache=0.37813164632177865&image=px HTTP/1.1" 200 807
120.253.135.82 - - [05/Mar/2023:09:58:15 +0800] "GET /xingrg/check_reg.html?_=1677981338756 HTTP/1.1" 200 22
222.70.182.154 - - [05/Mar/2023:09:58:17 +0800] "POST /xingrg/all/report/load_report_page.html HTTP/1.1" 200 29554
222.70.182.154 - - [05/Mar/2023:09:58:17 +0800] "GET /xingrg/servlets/image?cache=0.08368659200797623&image=px HTTP/1.1" 200 807
116.238.139.35 - - [05/Mar/2023:09:58:17 +0800] "POST /xingrg/kc/buy/cgsh_order_operate.html HTTP/1.1" 200 37
222.70.182.154 - - [05/Mar/2023:09:58:21 +0800] "POST /xingrg/all/user/operate.html HTTP/1.1" 200 36
222.70.182.154 - - [05/Mar/2023:09:58:22 +0800] "GET /xingrg/javascript/jquery_easy_ui/themes/default/easyui.css HTTP/1.1" 304 -
222.70.182.154 - - [05/Mar/2023:09:58:22 +0800] "GET /xingrg/javascript/jquery_easy_ui/themes/icon.css HTTP/1.1" 304 -
222.70.182.154 - - [05/Mar/2023:09:58:22 +0800] "GET /xingrg/css/form.css HTTP/1.1" 304 -
222.70.182.154 - - [05/Mar/2023:09:58:22 +0800] "GET /xingrg/index.html?sysBaseUrl=http%3A%2F%2F180.169.147.146%3A18081%2Fxingrg%2F&costTime=1109×tamp=1677981479040 HTTP/1.1" 200 17413
222.70.182.154 - - [05/Mar/2023:09:58:22 +0800] "GET /xingrg/javascript/jquery-1.4.2.min.js HTTP/1.1" 304 -
222.70.182.154 - - [05/Mar/2023:09:58:22 +0800] "GET /xingrg/javascript/jquery.form.js HTTP/1.1" 304 -
222.70.182.154 - - [05/Mar/2023:09:58:22 +0800] "GET /xingrg/javascript/jquery.utils.js HTTP/1.1" 304 -
222.70.182.154 - - [05/Mar/2023:09:58:22 +0800] "GET /xingrg/javascript/jquery_easy_ui/jquery.easyui.min.js HTTP/1.1" 304 -
222.70.182.154 - - [05/Mar/2023:09:58:22 +0800] "GET /xingrg/javascript/jquery_easy_ui/easyui-lang-zh_CN.js HTTP/1.1" 304 -
222.70.182.154 - - [05/Mar/2023:09:58:22 +0800] "GET /xingrg/javascript/jquery.timers.js HTTP/1.1" 304 -
222.70.182.154 - - [05/Mar/2023:09:58:22 +0800] "GET /xingrg/images/blue/jxLogo.png HTTP/1.1" 304 -
222.70.182.154 - - [05/Mar/2023:09:58:22 +0800] "GET /xingrg/javascript/jquery_easy_ui/themes/icons/settle_new.png HTTP/1.1" 304 -
222.70.182.154 - - [05/Mar/2023:09:58:22 +0800] "GET /xingrg/images/blue/navBackgound.jpg HTTP/1.1" 304 -
222.70.182.154 - - [05/Mar/2023:09:58:22 +0800] "GET /xingrg/all/function/internal_message.html?_=1677981538481&CODE_STATE=count HTTP/1.1" 200 11
222.70.182.154 - - [05/Mar/2023:09:58:22 +0800] "GET /xingrg/check_reg.html?_=1677981538482 HTTP/1.1" 200 22
222.70.182.154 - - [05/Mar/2023:09:58:22 +0800] "GET /xingrg/javascript/jquery_easy_ui/themes/default/images/tabs_rightarrow.png HTTP/1.1" 304 -
222.70.182.154 - - [05/Mar/2023:09:58:22 +0800] "GET /xingrg/images/blue/pingpu.png HTTP/1.1" 304 -
222.70.182.154 - - [05/Mar/2023:09:58:22 +0800] "GET /xingrg/javascript/jquery_easy_ui/themes/default/images/panel_tool_expand.gif HTTP/1.1" 304 -
222.70.182.154 - - [05/Mar/2023:09:58:22 +0800] "GET /xingrg/javascript/jquery_easy_ui/themes/default/images/panel_tool_collapse.gif HTTP/1.1" 304 -
222.70.182.154 - - [05/Mar/2023:09:58:22 +0800] "GET /xingrg/javascript/jquery_easy_ui/themes/default/images/tabs_leftarrow.png HTTP/1.1" 304 -
222.70.182.154 - - [05/Mar/2023:09:58:22 +0800] "POST /xingrg/all/common/load_tree.html?tree=area_rest_tree_json&manage=1 HTTP/1.1" 200 470
222.70.182.154 - - [05/Mar/2023:09:58:22 +0800] "POST /xingrg/load_menu.html HTTP/1.1" 200 9959
116.238.139.35 - - [05/Mar/2023:09:58:23 +0800] "POST /xingrg/kc/buy/cgsh_order_operate.html HTTP/1.1" 200 12
120.253.135.82 - - [05/Mar/2023:09:58:25 +0800] "GET /xingrg/all/function/internal_message.html?_=1677981348394&CODE_STATE=getMsg HTTP/1.1" 200 27
222.70.182.154 - - [05/Mar/2023:09:58:25 +0800] "POST /xingrg/load_menu.html HTTP/1.1" 200 9242
116.238.139.35 - - [05/Mar/2023:09:58:26 +0800] "GET /xingrg/kc/buy/cgsh_order_info.html?code=212023030501566 HTTP/1.1" 200 64919
116.238.139.35 - - [05/Mar/2023:09:58:26 +0800] "GET /xingrg/javascript/easyui/themes/default/validatebox.css HTTP/1.1" 404 1104
116.238.139.35 - - [05/Mar/2023:09:58:27 +0800] "POST /xingrg/kc/buy/cgsh_order_operate.html HTTP/1.1" 200 608
116.238.139.35 - - [05/Mar/2023:09:58:27 +0800] "GET /xingrg/all/function/internal_message.html?_=1677981456109&CODE_STATE=getMsg HTTP/1.1" 200 27
222.70.182.154 - - [05/Mar/2023:09:58:27 +0800] "GET /xingrg/all/function/internal_message.html?_=1677981522559&CODE_STATE=getMsg HTTP/1.1" 200 27
114.83.222.182 - - [05/Mar/2023:09:58:28 +0800] "GET /xingrg/all/function/internal_message.html?_=1677981585771&CODE_STATE=getMsg HTTP/1.1" 200 27
116.238.139.35 - - [05/Mar/2023:09:58:29 +0800] "GET /xingrg/kc/print/load_data.html?order_code=212023030501566&kc_code=cgsh&condition= HTTP/1.1" 200 718
222.70.182.154 - - [05/Mar/2023:09:58:29 +0800] "GET /xingrg/all/report/report_query.html?fileName=dma/new_5.0/yingye/order_list.xml HTTP/1.1" 200 55281
222.70.182.154 - - [05/Mar/2023:09:58:29 +0800] "GET /xingrg/dwr/interface/AjaxReportQueryService.js HTTP/1.1" 200 13203
222.70.182.154 - - [05/Mar/2023:09:58:29 +0800] "GET /xingrg/dwr/engine.js HTTP/1.1" 200 43631
222.70.182.154 - - [05/Mar/2023:09:58:29 +0800] "POST /xingrg/dwr/call/plaincall/AjaxReportQueryService.getFixDate.dwr HTTP/1.1" 200 111
180.157.253.110 - - [05/Mar/2023:09:58:29 +0800] "GET /xingrg/all/function/internal_message.html?_=1677981530132&CODE_STATE=getMsg HTTP/1.1" 200 27
180.157.253.110 - - [05/Mar/2023:09:58:29 +0800] "GET /xingrg/all/function/internal_message.html?_=1677981530310&CODE_STATE=getMsg HTTP/1.1" 200 27
180.157.253.110 - - [05/Mar/2023:09:58:29 +0800] "GET /xingrg/check_reg.html?_=1677981530312 HTTP/1.1" 200 22
222.70.182.154 - - [05/Mar/2023:09:58:29 +0800] "POST /xingrg/all/common/load_tree.html?tree=area_station_tree_json&manage=1 HTTP/1.1" 200 460
222.70.182.154 - - [05/Mar/2023:09:58:29 +0800] "POST /xingrg/dwr/call/plaincall/AjaxReportQueryService.getInitString.dwr HTTP/1.1" 200 76
222.70.182.154 - - [05/Mar/2023:09:58:35 +0800] "POST /xingrg/dwr/call/plaincall/AjaxReportQueryService.refreshCache.dwr HTTP/1.1" 200 78
116.225.84.253 - - [05/Mar/2023:09:58:36 +0800] "GET /xingrg/all/function/internal_message.html?_=1677981534849&CODE_STATE=getMsg HTTP/1.1" 200 27
116.230.116.110 - - [05/Mar/2023:09:58:36 +0800] "GET /xingrg/all/function/internal_message.html?_=1677981557229&CODE_STATE=getMsg HTTP/1.1" 302 -
222.70.182.154 - - [05/Mar/2023:09:58:37 +0800] "POST /xingrg/all/report/load_report_page.html HTTP/1.1" 200 66379
116.238.139.35 - - [05/Mar/2023:09:58:37 +0800] "GET /xingrg/all/function/internal_message.html?_=1677981537327&CODE_STATE=getMsg HTTP/1.1" 200 27
222.70.182.154 - - [05/Mar/2023:09:58:37 +0800] "GET /xingrg/servlets/image?cache=0.6553301740959764&image=px HTTP/1.1" 200 807
222.70.182.154 - - [05/Mar/2023:09:58:38 +0800] "POST /xingrg/all/report/load_report_page.html HTTP/1.1" 200 29525
222.70.182.154 - - [05/Mar/2023:09:58:38 +0800] "GET /xingrg/servlets/image?cache=0.9243588757551275&image=px HTTP/1.1" 200 807
124.78.153.244 - - [05/Mar/2023:09:58:38 +0800] "GET /xingrg/all/function/internal_message.html?_=1677981533455&CODE_STATE=getMsg HTTP/1.1" 200 27
124.78.153.244 - - [05/Mar/2023:09:58:38 +0800] "GET /xingrg/check_reg.html?_=1677981533458 HTTP/1.1" 200 22
172.20.0.100 - - [05/Mar/2023:09:58:41 +0800] "GET /xingrg/all/function/internal_message.html?_=1677981538440&CODE_STATE=getMsg HTTP/1.1" 200 27
116.230.116.110 - - [05/Mar/2023:09:58:42 +0800] "GET /xingrg/all/function/internal_message.html?_=1677981566598&CODE_STATE=getMsg HTTP/1.1" 200 27
116.238.139.35 - - [05/Mar/2023:09:58:43 +0800] "GET /xingrg/kc/mdqp/pssh_order_list.html HTTP/1.1" 200 17886
116.238.139.35 - - [05/Mar/2023:09:58:44 +0800] "POST /xingrg/kc/mdqp/pssh_list_operate.html HTTP/1.1" 200 5215
222.70.182.154 - - [05/Mar/2023:09:58:44 +0800] "POST /xingrg/dwr/call/plaincall/AjaxReportQueryService.queryInitializeString.dwr HTTP/1.1" 200 76
116.238.139.35 - - [05/Mar/2023:09:58:46 +0800] "POST /xingrg/kc/mdqp/pssh_list_operate.html HTTP/1.1" 200 257
222.70.182.154 - - [05/Mar/2023:09:58:47 +0800] "POST /xingrg/dwr/call/plaincall/AjaxReportQueryService.refreshCache.dwr HTTP/1.1" 200 78
58.221.95.50 - - [05/Mar/2023:09:58:48 +0800] "GET /xingrg/all/function/internal_message.html?_=1677981546646&CODE_STATE=getMsg HTTP/1.1" 200 27
222.70.182.154 - - [05/Mar/2023:09:58:48 +0800] "POST /xingrg/all/report/load_report_page.html HTTP/1.1" 200 89
116.238.139.35 - - [05/Mar/2023:09:58:49 +0800] "GET /xingrg/javascript/jquery_tools/jquery-1.4.2.min.js HTTP/1.1" 404 1094
116.238.139.35 - - [05/Mar/2023:09:58:49 +0800] "GET /xingrg/javascript/easyui/themes/icons/back_new.png HTTP/1.1" 200 3414
116.238.139.35 - - [05/Mar/2023:09:58:49 +0800] "GET /xingrg/kc/mdqp/pssh_order_info.html?code=312023030400094 HTTP/1.1" 200 17256
116.192.124.172 - - [05/Mar/2023:09:58:49 +0800] "GET /xingrg/all/function/internal_message.html?_=1677981546750&CODE_STATE=getMsg HTTP/1.1" 200 27
116.238.139.35 - - [05/Mar/2023:09:58:49 +0800] "GET /xingrg/javascript/easyui/themes/default/validatebox.css HTTP/1.1" 404 1104
116.238.139.35 - - [05/Mar/2023:09:58:49 +0800] "GET /xingrg/all/common/auto_word.html?type=base&rest_code=00150&rest_code=00150 HTTP/1.1" 200 1853
116.238.139.35 - - [05/Mar/2023:09:58:49 +0800] "POST /xingrg/kc/mdqp/pssh_order_operate.html HTTP/1.1" 200 527
58.40.7.146 - - [05/Mar/2023:09:58:50 +0800] "GET /xingrg/all/function/internal_message.html?_=1677981548424&CODE_STATE=getMsg HTTP/1.1" 200 27
58.40.7.146 - - [05/Mar/2023:09:58:50 +0800] "GET /xingrg/all/function/internal_message.html?_=1677981548483&CODE_STATE=getMsg HTTP/1.1" 200 27
101.229.22.234 - - [05/Mar/2023:09:58:50 +0800] "GET /xingrg/check_reg.html?_=1677981547243 HTTP/1.1" 200 22
101.229.22.234 - - [05/Mar/2023:09:58:50 +0800] "GET /xingrg/all/function/internal_message.html?_=1677981547246&CODE_STATE=getMsg HTTP/1.1" 200 27
116.238.139.35 - - [05/Mar/2023:09:58:51 +0800] "GET /xingrg/javascript/jquery_tools/images/next.gif HTTP/1.1" 404 1086
116.238.139.35 - - [05/Mar/2023:09:58:51 +0800] "GET /xingrg/javascript/jquery_tools/images/prev.gif HTTP/1.1" 404 1086
58.40.7.146 - - [05/Mar/2023:09:58:51 +0800] "GET /xingrg/check_reg.html?_=1677981549710 HTTP/1.1" 200 22
116.238.139.35 - - [05/Mar/2023:09:58:53 +0800] "GET /xingrg/css/images/panel_loading.gif HTTP/1.1" 200 1737
116.238.139.35 - - [05/Mar/2023:09:58:53 +0800] "POST /xingrg/all/common/load_combo.html?type=employee HTTP/1.1" 200 280
222.70.182.154 - - [05/Mar/2023:09:58:54 +0800] "GET /xingrg/all/report/report_query.html?fileName=dma/new_5.0/yingye/order_list.xml HTTP/1.1" 200 55281
222.70.182.154 - - [05/Mar/2023:09:58:54 +0800] "GET /xingrg/dwr/interface/AjaxReportQueryService.js HTTP/1.1" 200 13203
222.70.182.154 - - [05/Mar/2023:09:58:54 +0800] "GET /xingrg/dwr/engine.js HTTP/1.1" 200 43631
222.70.182.154 - - [05/Mar/2023:09:58:54 +0800] "POST /xingrg/dwr/call/plaincall/AjaxReportQueryService.getFixDate.dwr HTTP/1.1" 200 111
222.70.182.154 - - [05/Mar/2023:09:58:55 +0800] "POST /xingrg/all/common/load_tree.html?tree=area_station_tree_json&manage=1 HTTP/1.1" 200 460
222.70.182.154 - - [05/Mar/2023:09:58:55 +0800] "POST /xingrg/dwr/call/plaincall/AjaxReportQueryService.getInitString.dwr HTTP/1.1" 200 76
116.225.84.253 - - [05/Mar/2023:09:58:55 +0800] "GET /xingrg/all/function/internal_message.html?_=1677981398227&CODE_STATE=getMsg HTTP/1.1" 200 27
116.238.139.35 - - [05/Mar/2023:09:58:58 +0800] "POST /xingrg/kc/mdqp/pssh_order_operate.html HTTP/1.1" 200 63
180.169.147.146 - - [05/Mar/2023:09:58:59 +0800] "GET /xingrg/all/function/internal_message.html?_=1677981555956&CODE_STATE=getMsg HTTP/1.1" 200 27
222.70.182.154 - - [05/Mar/2023:09:58:59 +0800] "POST /xingrg/dwr/call/plaincall/AjaxReportQueryService.queryInitializeString.dwr HTTP/1.1" 200 76
116.238.139.35 - - [05/Mar/2023:09:59:01 +0800] "GET /xingrg/kc/print/load_config.html?kc_code=pssh HTTP/1.1" 200 2362
116.238.139.35 - - [05/Mar/2023:09:59:01 +0800] "GET /xingrg/kc/print/load_data.html?order_code=312023030400094&kc_code=pssh&condition= HTTP/1.1" 200 480
180.169.147.146 - - [05/Mar/2023:09:59:02 +0800] "GET /xingrg/check_reg.html?_=1677981579013 HTTP/1.1" 302 -
180.169.147.146 - - [05/Mar/2023:09:59:02 +0800] "GET /xingrg/all/function/internal_message.html?_=1677981579014&CODE_STATE=getMsg HTTP/1.1" 302 -
180.169.147.146 - - [05/Mar/2023:09:59:03 +0800] "GET /xingrg/all/function/internal_message.html?_=1677981561173&CODE_STATE=getMsg HTTP/1.1" 200 27
222.70.221.209 - - [05/Mar/2023:09:59:03 +0800] "GET /xingrg/all/function/internal_message.html?_=1677981687043&CODE_STATE=getMsg HTTP/1.1" 200 27
222.70.182.154 - - [05/Mar/2023:09:59:03 +0800] "POST /xingrg/dwr/call/plaincall/AjaxReportQueryService.refreshCache.dwr HTTP/1.1" 200 78
222.70.182.154 - - [05/Mar/2023:09:59:05 +0800] "POST /xingrg/all/report/load_report_page.html HTTP/1.1" 200 89
116.238.139.35 - - [05/Mar/2023:09:59:05 +0800] "GET /xingrg/kc/mdqp/pssh_order_list.html?isBack=1 HTTP/1.1" 200 17886
116.238.139.35 - - [05/Mar/2023:09:59:06 +0800] "POST /xingrg/kc/mdqp/pssh_list_operate.html HTTP/1.1" 200 5215
116.238.139.35 - - [05/Mar/2023:09:59:08 +0800] "POST /xingrg/kc/mdqp/pssh_list_operate.html HTTP/1.1" 200 257
116.238.139.35 - - [05/Mar/2023:09:59:09 +0800] "POST /xingrg/kc/mdqp/pssh_list_operate.html HTTP/1.1" 200 255
180.164.3.199 - - [05/Mar/2023:09:59:10 +0800] "GET /xingrg/all/function/internal_message.html?_=1677981568950&CODE_STATE=getMsg HTTP/1.1" 200 27
116.238.139.35 - - [05/Mar/2023:09:59:12 +0800] "POST /xingrg/kc/mdqp/pssh_list_operate.html HTTP/1.1" 200 476
116.238.139.35 - - [05/Mar/2023:09:59:14 +0800] "POST /xingrg/kc/mdqp/pssh_list_operate.html HTTP/1.1" 200 758
116.238.139.35 - - [05/Mar/2023:09:59:15 +0800] "POST /xingrg/kc/mdqp/pssh_list_operate.html HTTP/1.1" 200 780
116.238.139.35 - - [05/Mar/2023:09:59:17 +0800] "POST /xingrg/kc/mdqp/pssh_list_operate.html HTTP/1.1" 200 258
116.238.139.35 - - [05/Mar/2023:09:59:21 +0800] "POST /xingrg/kc/mdqp/pssh_list_operate.html HTTP/1.1" 200 456
222.70.182.154 - - [05/Mar/2023:09:59:22 +0800] "GET /xingrg/all/function/internal_message.html?_=1677981598486&CODE_STATE=getMsg HTTP/1.1" 200 27
120.253.135.82 - - [05/Mar/2023:09:59:25 +0800] "GET /xingrg/all/function/internal_message.html?_=1677981408408&CODE_STATE=getMsg HTTP/1.1" 200 27
116.238.139.35 - - [05/Mar/2023:09:59:27 +0800] "GET /xingrg/all/function/internal_message.html?_=1677981516137&CODE_STATE=getMsg HTTP/1.1" 200 27
222.70.182.154 - - [05/Mar/2023:09:59:27 +0800] "GET /xingrg/all/function/internal_message.html?_=1677981582568&CODE_STATE=getMsg HTTP/1.1" 200 27
114.83.222.182 - - [05/Mar/2023:09:59:28 +0800] "GET /xingrg/all/function/internal_message.html?_=1677981645751&CODE_STATE=getMsg HTTP/1.1" 200 27
114.83.222.182 - - [05/Mar/2023:09:59:28 +0800] "GET /xingrg/check_reg.html?_=1677981646532 HTTP/1.1" 200 22
180.157.253.110 - - [05/Mar/2023:09:59:29 +0800] "GET /xingrg/check_reg.html?_=1677981590133 HTTP/1.1" 200 22
180.157.253.110 - - [05/Mar/2023:09:59:29 +0800] "GET /xingrg/all/function/internal_message.html?_=1677981590136&CODE_STATE=getMsg HTTP/1.1" 200 27
180.157.253.110 - - [05/Mar/2023:09:59:29 +0800] "GET /xingrg/all/function/internal_message.html?_=1677981590312&CODE_STATE=getMsg HTTP/1.1" 200 27
116.225.84.253 - - [05/Mar/2023:09:59:36 +0800] "GET /xingrg/all/function/internal_message.html?_=1677981594829&CODE_STATE=getMsg HTTP/1.1" 200 27
116.230.116.110 - - [05/Mar/2023:09:59:37 +0800] "GET /xingrg/all/function/internal_message.html?_=1677981617256&CODE_STATE=getMsg HTTP/1.1" 302 -
116.238.139.35 - - [05/Mar/2023:09:59:37 +0800] "GET /xingrg/all/function/internal_message.html?_=1677981597325&CODE_STATE=getMsg HTTP/1.1" 200 27
124.78.153.244 - - [05/Mar/2023:09:59:38 +0800] "GET /xingrg/all/function/internal_message.html?_=1677981593459&CODE_STATE=getMsg HTTP/1.1" 200 27
172.20.0.100 - - [05/Mar/2023:09:59:41 +0800] "GET /xingrg/all/function/internal_message.html?_=1677981598441&CODE_STATE=getMsg HTTP/1.1" 200 27
172.20.0.100 - - [05/Mar/2023:09:59:41 +0800] "GET /xingrg/check_reg.html?_=1677981598443 HTTP/1.1" 200 22
116.230.116.110 - - [05/Mar/2023:09:59:42 +0800] "GET /xingrg/all/function/internal_message.html?_=1677981626913&CODE_STATE=getMsg HTTP/1.1" 200 27
58.40.7.146 - - [05/Mar/2023:09:59:46 +0800] "GET /xingrg/check_reg.html?_=1677981604844 HTTP/1.1" 200 22
58.221.95.50 - - [05/Mar/2023:09:59:48 +0800] "GET /xingrg/all/function/internal_message.html?_=1677981606652&CODE_STATE=getMsg HTTP/1.1" 200 27
116.192.124.172 - - [05/Mar/2023:09:59:49 +0800] "GET /xingrg/all/function/internal_message.html?_=1677981606742&CODE_STATE=getMsg HTTP/1.1" 200 27
58.40.7.146 - - [05/Mar/2023:09:59:50 +0800] "GET /xingrg/all/function/internal_message.html?_=1677981608402&CODE_STATE=getMsg HTTP/1.1" 200 27
58.40.7.146 - - [05/Mar/2023:09:59:50 +0800] "GET /xingrg/all/function/internal_message.html?_=1677981608456&CODE_STATE=getMsg HTTP/1.1" 200 27
101.229.22.234 - - [05/Mar/2023:09:59:50 +0800] "GET /xingrg/all/function/internal_message.html?_=1677981607242&CODE_STATE=getMsg HTTP/1.1" 200 27
116.225.84.253 - - [05/Mar/2023:09:59:55 +0800] "GET /xingrg/all/function/internal_message.html?_=1677981458216&CODE_STATE=getMsg HTTP/1.1" 200 27
180.169.147.146 - - [05/Mar/2023:09:59:58 +0800] "GET /xingrg/all/function/internal_message.html?_=1677981615936&CODE_STATE=getMsg HTTP/1.1" 200 27
180.169.147.146 - - [05/Mar/2023:10:00:02 +0800] "GET /xingrg/all/function/internal_message.html?_=1677981639013&CODE_STATE=getMsg HTTP/1.1" 302 -
180.169.147.146 - - [05/Mar/2023:10:00:03 +0800] "GET /xingrg/all/function/internal_message.html?_=1677981621158&CODE_STATE=getMsg HTTP/1.1" 200 27
222.70.221.209 - - [05/Mar/2023:10:00:03 +0800] "GET /xingrg/all/function/internal_message.html?_=1677981747013&CODE_STATE=getMsg HTTP/1.1" 200 27
180.164.3.199 - - [05/Mar/2023:10:00:10 +0800] "GET /xingrg/all/function/internal_message.html?_=1677981628935&CODE_STATE=getMsg HTTP/1.1" 200 27
116.238.139.35 - - [05/Mar/2023:10:00:14 +0800] "POST /xingrg/services/DataTransmitService HTTP/1.1" 200 524
116.238.139.35 - - [05/Mar/2023:10:00:15 +0800] "POST /xingrg/services/DataTransmitService HTTP/1.1" 200 2171
116.230.116.110 - - [05/Mar/2023:10:00:16 +0800] "GET /xingrg/check_reg.html?_=1677981657198 HTTP/1.1" 302 -
116.238.139.35 - - [05/Mar/2023:10:00:17 +0800] "POST /xingrg/services/DataTransmitService HTTP/1.1" 200 116347
116.230.116.110 - - [05/Mar/2023:10:00:19 +0800] "GET /xingrg/check_reg.html?_=1677981663867 HTTP/1.1" 200 22
116.225.84.253 - - [05/Mar/2023:10:00:21 +0800] "GET /favicon.ico HTTP/1.1" 404 -
222.70.182.154 - - [05/Mar/2023:10:00:22 +0800] "GET /xingrg/all/function/internal_message.html?_=1677981658497&CODE_STATE=getMsg HTTP/1.1" 200 27
120.253.135.82 - - [05/Mar/2023:10:00:25 +0800] "GET /xingrg/all/function/internal_message.html?_=1677981468572&CODE_STATE=getMsg HTTP/1.1" 200 27
116.238.139.35 - - [05/Mar/2023:10:00:27 +0800] "GET /xingrg/check_reg.html?_=1677981576063 HTTP/1.1" 200 22
116.238.139.35 - - [05/Mar/2023:10:00:27 +0800] "GET /xingrg/all/function/internal_message.html?_=1677981576165&CODE_STATE=getMsg HTTP/1.1" 200 27
222.70.182.154 - - [05/Mar/2023:10:00:27 +0800] "GET /xingrg/all/function/internal_message.html?_=1677981642568&CODE_STATE=getMsg HTTP/1.1" 200 27
114.83.222.182 - - [05/Mar/2023:10:00:28 +0800] "GET /xingrg/all/function/internal_message.html?_=1677981705729&CODE_STATE=getMsg HTTP/1.1" 200 27
180.157.253.110 - - [05/Mar/2023:10:00:29 +0800] "GET /xingrg/all/function/internal_message.html?_=1677981650131&CODE_STATE=getMsg HTTP/1.1" 200 27
180.157.253.110 - - [05/Mar/2023:10:00:29 +0800] "GET /xingrg/all/function/internal_message.html?_=1677981650312&CODE_STATE=getMsg HTTP/1.1" 200 27
116.225.84.253 - - [05/Mar/2023:10:00:36 +0800] "GET /xingrg/all/function/internal_message.html?_=1677981654808&CODE_STATE=getMsg HTTP/1.1" 200 27
116.230.116.110 - - [05/Mar/2023:10:00:36 +0800] "GET /xingrg/all/function/internal_message.html?_=1677981677257&CODE_STATE=getMsg HTTP/1.1" 302 -
116.238.139.35 - - [05/Mar/2023:10:00:37 +0800] "GET /xingrg/all/function/internal_message.html?_=1677981657326&CODE_STATE=getMsg HTTP/1.1" 200 27
124.78.153.244 - - [05/Mar/2023:10:00:38 +0800] "GET /xingrg/all/function/internal_message.html?_=1677981653450&CODE_STATE=getMsg HTTP/1.1" 200 27
172.20.0.100 - - [05/Mar/2023:10:00:41 +0800] "GET /xingrg/all/function/internal_message.html?_=1677981658445&CODE_STATE=getMsg HTTP/1.1" 200 27
116.230.116.110 - - [05/Mar/2023:10:00:42 +0800] "GET /xingrg/all/function/internal_message.html?_=1677981686921&CODE_STATE=getMsg HTTP/1.1" 200 27
180.169.147.146 - - [05/Mar/2023:10:00:45 +0800] "GET /xingrg/check_reg.html?_=1677981663643 HTTP/1.1" 200 22
180.169.147.146 - - [05/Mar/2023:10:00:46 +0800] "GET /xingrg/check_reg.html?_=1677981663412 HTTP/1.1" 200 22
116.230.116.110 - - [05/Mar/2023:10:00:48 +0800] "POST /xingrg/services/DataTransmitService HTTP/1.1" 200 524
58.221.95.50 - - [05/Mar/2023:10:00:48 +0800] "GET /xingrg/all/function/internal_message.html?_=1677981666669&CODE_STATE=getMsg HTTP/1.1" 200 27
116.192.124.172 - - [05/Mar/2023:10:00:49 +0800] "GET /xingrg/all/function/internal_message.html?_=1677981666760&CODE_STATE=getMsg HTTP/1.1" 200 27
58.40.7.146 - - [05/Mar/2023:10:00:50 +0800] "GET /xingrg/all/function/internal_message.html?_=1677981668373&CODE_STATE=getMsg HTTP/1.1" 200 27
58.40.7.146 - - [05/Mar/2023:10:00:50 +0800] "GET /xingrg/all/function/internal_message.html?_=1677981668427&CODE_STATE=getMsg HTTP/1.1" 200 27
101.229.22.234 - - [05/Mar/2023:10:00:50 +0800] "GET /xingrg/all/function/internal_message.html?_=1677981667244&CODE_STATE=getMsg HTTP/1.1" 200 27
124.78.153.244 - - [05/Mar/2023:10:00:52 +0800] "GET /xingrg/kc/mdqp/qp_main.html HTTP/1.1" 200 10633
124.78.153.244 - - [05/Mar/2023:10:00:53 +0800] "GET /xingrg/images/yd/bt.gif HTTP/1.1" 404 1040
124.78.153.244 - - [05/Mar/2023:10:00:54 +0800] "GET /xingrg/kc/mdqp/qqps_order_list.html HTTP/1.1" 200 10031
124.78.153.244 - - [05/Mar/2023:10:00:54 +0800] "GET /xingrg/dwr/interface/AjaxQqpsService.js HTTP/1.1" 200 16326
124.78.153.244 - - [05/Mar/2023:10:00:54 +0800] "GET /xingrg/dwr/interface/AjaxReportQueryService.js HTTP/1.1" 200 13203
124.78.153.244 - - [05/Mar/2023:10:00:54 +0800] "GET /xingrg/dwr/engine.js HTTP/1.1" 200 43631
116.225.84.253 - - [05/Mar/2023:10:00:55 +0800] "GET /xingrg/all/function/internal_message.html?_=1677981518217&CODE_STATE=getMsg HTTP/1.1" 200 27
180.169.147.146 - - [05/Mar/2023:10:00:58 +0800] "GET /xingrg/all/function/internal_message.html?_=1677981675925&CODE_STATE=getMsg HTTP/1.1" 200 27
124.78.153.244 - - [05/Mar/2023:10:01:00 +0800] "GET /xingrg/kc/mdqp/qqps_order_info.html?code=302023030500089 HTTP/1.1" 200 28400
124.78.153.244 - - [05/Mar/2023:10:01:00 +0800] "GET /xingrg/dwr/interface/AjaxComOrderService.js HTTP/1.1" 200 18264
124.78.153.244 - - [05/Mar/2023:10:01:00 +0800] "GET /xingrg/dwr/interface/AjaxQqpsService.js HTTP/1.1" 200 16326
124.78.153.244 - - [05/Mar/2023:10:01:00 +0800] "GET /xingrg/dwr/engine.js HTTP/1.1" 200 43631
124.78.153.244 - - [05/Mar/2023:10:01:01 +0800] "POST /xingrg/dwr/call/plaincall/AjaxQqpsService.loadMaterielItems.dwr HTTP/1.1" 200 2072
180.169.147.146 - - [05/Mar/2023:10:01:02 +0800] "GET /xingrg/all/function/internal_message.html?_=1677981699012&CODE_STATE=getMsg HTTP/1.1" 302 -
180.169.147.146 - - [05/Mar/2023:10:01:03 +0800] "GET /xingrg/all/function/internal_message.html?_=1677981681140&CODE_STATE=getMsg HTTP/1.1" 200 27
222.70.221.209 - - [05/Mar/2023:10:01:03 +0800] "GET /xingrg/all/function/internal_message.html?_=1677981807002&CODE_STATE=getMsg HTTP/1.1" 200 27
116.238.139.35 - - [05/Mar/2023:10:01:03 +0800] "GET /xingrg/kc/buy/cgsh_order_list.html HTTP/1.1" 200 54185
116.225.84.253 - - [05/Mar/2023:10:01:04 +0800] "GET /xingrg/check_reg.html?_=1677981683608 HTTP/1.1" 200 22
116.238.139.35 - - [05/Mar/2023:10:01:06 +0800] "POST /xingrg/kc/buy/cgsh_list_operate.html HTTP/1.1" 200 986
124.78.153.244 - - [05/Mar/2023:10:01:10 +0800] "POST /xingrg/dwr/call/plaincall/AjaxQqpsService.getMaterielByCode.dwr HTTP/1.1" 200 2754
180.164.3.199 - - [05/Mar/2023:10:01:10 +0800] "GET /xingrg/all/function/internal_message.html?_=1677981688948&CODE_STATE=getMsg HTTP/1.1" 200 27
124.78.153.244 - - [05/Mar/2023:10:01:13 +0800] "POST /xingrg/dwr/call/plaincall/AjaxQqpsService.saveMaterielItem.dwr HTTP/1.1" 200 78
116.238.139.35 - - [05/Mar/2023:10:01:15 +0800] "POST /xingrg/kc/buy/cgsh_list_operate.html HTTP/1.1" 200 4259
124.78.153.244 - - [05/Mar/2023:10:01:17 +0800] "POST /xingrg/dwr/call/plaincall/AjaxQqpsService.getMaterielByCode.dwr HTTP/1.1" 200 2715
222.70.221.209 - - [05/Mar/2023:10:01:18 +0800] "GET /xingrg/check_reg.html?_=1677981821848 HTTP/1.1" 200 22
116.238.139.35 - - [05/Mar/2023:10:01:19 +0800] "POST /xingrg/kc/buy/cgsh_list_operate.html HTTP/1.1" 200 202
124.78.153.244 - - [05/Mar/2023:10:01:20 +0800] "GET /xingrg/images/yd/bt2.gif HTTP/1.1" 404 1042
124.78.153.244 - - [05/Mar/2023:10:01:21 +0800] "POST /xingrg/dwr/call/plaincall/AjaxQqpsService.saveMaterielItem.dwr HTTP/1.1" 200 78
116.238.139.35 - - [05/Mar/2023:10:01:22 +0800] "GET /xingrg/kc/buy/cgsh_order_info.html?code=212023030501566 HTTP/1.1" 200 64919
222.70.182.154 - - [05/Mar/2023:10:01:22 +0800] "GET /xingrg/all/function/internal_message.html?_=1677981718497&CODE_STATE=getMsg HTTP/1.1" 200 27
116.238.139.35 - - [05/Mar/2023:10:01:22 +0800] "GET /xingrg/javascript/easyui/themes/default/validatebox.css HTTP/1.1" 404 1104
116.238.139.35 - - [05/Mar/2023:10:01:23 +0800] "POST /xingrg/kc/buy/cgsh_order_operate.html HTTP/1.1" 200 608
124.78.153.244 - - [05/Mar/2023:10:01:23 +0800] "POST /xingrg/dwr/call/plaincall/AjaxQqpsService.saveOrder.dwr HTTP/1.1" 200 78
120.253.135.82 - - [05/Mar/2023:10:01:25 +0800] "GET /xingrg/all/function/internal_message.html?_=1677981528576&CODE_STATE=getMsg HTTP/1.1" 200 27
116.225.84.253 - - [05/Mar/2023:10:01:25 +0800] "POST /xingrg/services/DataTransmitService HTTP/1.1" 200 524
116.238.139.35 - - [05/Mar/2023:10:01:27 +0800] "GET /xingrg/all/function/internal_message.html?_=1677981636181&CODE_STATE=getMsg HTTP/1.1" 200 27
222.70.182.154 - - [05/Mar/2023:10:01:27 +0800] "GET /xingrg/all/function/internal_message.html?_=1677981702565&CODE_STATE=getMsg HTTP/1.1" 200 27
222.70.182.154 - - [05/Mar/2023:10:01:27 +0800] "GET /xingrg/check_reg.html?_=1677981702567 HTTP/1.1" 200 22
114.83.222.182 - - [05/Mar/2023:10:01:28 +0800] "GET /xingrg/all/function/internal_message.html?_=1677981765714&CODE_STATE=getMsg HTTP/1.1" 200 27
114.83.219.234 - - [05/Mar/2023:10:01:28 +0800] "GET /xingrg/login.html HTTP/1.1" 200 7641
114.83.219.234 - - [05/Mar/2023:10:01:28 +0800] "GET /favicon.ico HTTP/1.1" 404 -
180.157.253.110 - - [05/Mar/2023:10:01:29 +0800] "GET /xingrg/all/function/internal_message.html?_=1677981710142&CODE_STATE=getMsg HTTP/1.1" 200 27
180.157.253.110 - - [05/Mar/2023:10:01:29 +0800] "GET /xingrg/all/function/internal_message.html?_=1677981710325&CODE_STATE=getMsg HTTP/1.1" 200 27
116.238.139.35 - - [05/Mar/2023:10:01:30 +0800] "POST /xingrg/kc/buy/cgsh_order_operate.html HTTP/1.1" 200 12
124.78.153.244 - - [05/Mar/2023:10:01:32 +0800] "GET /xingrg/kc/mdqp/qqps_order_add.html HTTP/1.1" 200 28238
124.78.153.244 - - [05/Mar/2023:10:01:32 +0800] "GET /xingrg/dwr/interface/AjaxQqpsService.js HTTP/1.1" 200 16326
124.78.153.244 - - [05/Mar/2023:10:01:32 +0800] "GET /xingrg/dwr/interface/AjaxComOrderService.js HTTP/1.1" 200 18264
124.78.153.244 - - [05/Mar/2023:10:01:32 +0800] "GET /xingrg/dwr/engine.js HTTP/1.1" 200 43631
116.238.139.35 - - [05/Mar/2023:10:01:32 +0800] "GET /xingrg/kc/buy/cgsh_order_info.html?code=212023030501566 HTTP/1.1" 200 70026
116.238.139.35 - - [05/Mar/2023:10:01:33 +0800] "GET /xingrg/javascript/easyui/themes/default/validatebox.css HTTP/1.1" 404 1104
116.238.139.35 - - [05/Mar/2023:10:01:33 +0800] "POST /xingrg/kc/buy/cgsh_order_operate.html HTTP/1.1" 200 2658
116.225.84.253 - - [05/Mar/2023:10:01:36 +0800] "GET /xingrg/all/function/internal_message.html?_=1677981714780&CODE_STATE=getMsg HTTP/1.1" 200 27
116.230.116.110 - - [05/Mar/2023:10:01:37 +0800] "GET /xingrg/all/function/internal_message.html?_=1677981737290&CODE_STATE=getMsg HTTP/1.1" 302 -
116.238.139.35 - - [05/Mar/2023:10:01:37 +0800] "GET /xingrg/all/function/internal_message.html?_=1677981717329&CODE_STATE=getMsg HTTP/1.1" 200 27
116.238.139.35 - - [05/Mar/2023:10:01:38 +0800] "POST /xingrg/kc/buy/cgsh_order_operate.html HTTP/1.1" 200 12
172.20.0.100 - - [05/Mar/2023:10:01:41 +0800] "GET /xingrg/all/function/internal_message.html?_=1677981718448&CODE_STATE=getMsg HTTP/1.1" 200 27
116.230.116.110 - - [05/Mar/2023:10:01:42 +0800] "GET /xingrg/all/function/internal_message.html?_=1677981746935&CODE_STATE=getMsg HTTP/1.1" 200 27
116.238.139.35 - - [05/Mar/2023:10:01:46 +0800] "POST /xingrg/kc/buy/cgsh_list_operate.html HTTP/1.1" 200 3786
114.83.219.234 - - [05/Mar/2023:10:01:47 +0800] "POST /xingrg/login.do HTTP/1.1" 302 -
114.83.219.234 - - [05/Mar/2023:10:01:47 +0800] "GET /xingrg/index.html?sysBaseUrl=http%3A%2F%2F180.169.147.146%3A18081%2Fxingrg%2F&costTime=177×tamp=1677981707706 HTTP/1.1" 200 16968
114.83.219.234 - - [05/Mar/2023:10:01:48 +0800] "GET /favicon.ico HTTP/1.1" 404 -
58.221.95.50 - - [05/Mar/2023:10:01:48 +0800] "GET /xingrg/all/function/internal_message.html?_=1677981726648&CODE_STATE=getMsg HTTP/1.1" 200 27
114.83.219.234 - - [05/Mar/2023:10:01:48 +0800] "GET /xingrg/check_reg.html?_=1677981723943 HTTP/1.1" 200 22
114.83.219.234 - - [05/Mar/2023:10:01:48 +0800] "POST /xingrg/load_menu.html HTTP/1.1" 200 677
114.83.219.234 - - [05/Mar/2023:10:01:48 +0800] "GET /xingrg/all/function/internal_message.html?_=1677981723941&CODE_STATE=count HTTP/1.1" 200 11
114.83.219.234 - - [05/Mar/2023:10:01:48 +0800] "POST /xingrg/all/common/load_tree.html?tree=area_rest_tree_json&manage=1 HTTP/1.1" 200 3499
116.192.124.172 - - [05/Mar/2023:10:01:49 +0800] "GET /xingrg/all/function/internal_message.html?_=1677981726757&CODE_STATE=getMsg HTTP/1.1" 200 27
58.40.7.146 - - [05/Mar/2023:10:01:50 +0800] "GET /xingrg/all/function/internal_message.html?_=1677981728344&CODE_STATE=getMsg HTTP/1.1" 200 27
58.40.7.146 - - [05/Mar/2023:10:01:50 +0800] "GET /xingrg/all/function/internal_message.html?_=1677981728399&CODE_STATE=getMsg HTTP/1.1" 200 27
114.83.219.234 - - [05/Mar/2023:10:01:50 +0800] "GET /xingrg/dma/sys/data_clear.html HTTP/1.1" 200 12693
114.83.219.234 - - [05/Mar/2023:10:01:50 +0800] "GET /xingrg/dwr/interface/AjaxReportQueryService.js HTTP/1.1" 200 13203
101.229.22.234 - - [05/Mar/2023:10:01:50 +0800] "GET /xingrg/all/function/internal_message.html?_=1677981727252&CODE_STATE=getMsg HTTP/1.1" 200 27
114.83.219.234 - - [05/Mar/2023:10:01:50 +0800] "GET /xingrg/dwr/util.js HTTP/1.1" 200 35990
114.83.219.234 - - [05/Mar/2023:10:01:50 +0800] "GET /xingrg/dwr/engine.js HTTP/1.1" 200 43631
114.83.219.234 - - [05/Mar/2023:10:01:50 +0800] "POST /xingrg/all/common/load_tree.html?tree=station_tree_json HTTP/1.1" 200 3218
114.83.219.234 - - [05/Mar/2023:10:01:50 +0800] "POST /xingrg/all/common/load_tree.html?tree=station_tree_json HTTP/1.1" 200 3218
116.225.84.253 - - [05/Mar/2023:10:01:55 +0800] "GET /xingrg/all/function/internal_message.html?_=1677981578217&CODE_STATE=getMsg HTTP/1.1" 200 27
116.225.84.253 - - [05/Mar/2023:10:01:55 +0800] "GET /xingrg/check_reg.html?_=1677981578220 HTTP/1.1" 200 22
180.169.147.146 - - [05/Mar/2023:10:01:58 +0800] "GET /xingrg/all/function/internal_message.html?_=1677981735902&CODE_STATE=getMsg HTTP/1.1" 200 27
180.169.147.146 - - [05/Mar/2023:10:02:02 +0800] "GET /xingrg/all/function/internal_message.html?_=1677981759010&CODE_STATE=getMsg HTTP/1.1" 302 -
180.169.147.146 - - [05/Mar/2023:10:02:03 +0800] "GET /xingrg/all/function/internal_message.html?_=1677981741130&CODE_STATE=getMsg HTTP/1.1" 200 27
222.70.221.209 - - [05/Mar/2023:10:02:03 +0800] "GET /xingrg/all/function/internal_message.html?_=1677981866982&CODE_STATE=getMsg HTTP/1.1" 200 27
180.164.3.199 - - [05/Mar/2023:10:02:10 +0800] "GET /xingrg/check_reg.html?_=1677981748938 HTTP/1.1" 200 22
180.164.3.199 - - [05/Mar/2023:10:02:10 +0800] "GET /xingrg/all/function/internal_message.html?_=1677981748943&CODE_STATE=getMsg HTTP/1.1" 200 27
114.83.219.234 - - [05/Mar/2023:10:02:21 +0800] "POST /xingrg/dma/sys/setting_operate.html HTTP/1.1" 200 4
222.70.182.154 - - [05/Mar/2023:10:02:22 +0800] "GET /xingrg/all/function/internal_message.html?_=1677981778499&CODE_STATE=getMsg HTTP/1.1" 200 27
120.253.135.82 - - [05/Mar/2023:10:02:25 +0800] "GET /xingrg/all/function/internal_message.html?_=1677981588745&CODE_STATE=getMsg HTTP/1.1" 200 27
