120.253.135.82 - - [03/Mar/2023:10:13:42 +0800] "GET /xingrg/javascript/easyui/themes/sunny/images/tree_arrows.gif HTTP/1.1" 304 -
120.253.135.82 - - [03/Mar/2023:10:13:42 +0800] "GET /xingrg/javascript/easyui/themes/sunny/images/tree_folder.gif HTTP/1.1" 304 -
120.253.135.82 - - [03/Mar/2023:10:13:42 +0800] "GET /xingrg/javascript/easyui/themes/sunny/images/tree_file.gif HTTP/1.1" 304 -
120.253.135.82 - - [03/Mar/2023:10:13:42 +0800] "GET /xingrg/javascript/easyui/themes/sunny/images/tree_folder_open.gif HTTP/1.1" 304 -
120.253.135.82 - - [03/Mar/2023:10:13:42 +0800] "GET /xingrg/javascript/easyui/themes/sunny/images/ui-bg_gloss-wave_60_fece2f_500x100.png HTTP/1.1" 304 -
222.70.182.154 - - [03/Mar/2023:10:13:42 +0800] "POST /xingrg/dwr/call/plaincall/AjaxCheckService.loadOrderItems.dwr HTTP/1.1" 200 228810
180.164.3.199 - - [03/Mar/2023:10:13:43 +0800] "GET /xingrg/all/function/internal_message.html?_=1677809643083&CODE_STATE=getMsg HTTP/1.1" 200 27
116.192.124.172 - - [03/Mar/2023:10:13:44 +0800] "GET /xingrg/kc/buy/cgsh_order_operate.html?command=get_materiel&rest_code=00102&code=00101008257&supplier_code=00100008&order_time=2023-03-03 HTTP/1.1" 200 416
120.253.135.82 - - [03/Mar/2023:10:13:44 +0800] "POST /xingrg/all/common/load_combo.html?type=base HTTP/1.1" 200 1169
180.169.147.146 - - [03/Mar/2023:10:13:44 +0800] "GET /xingrg/all/function/internal_message.html?_=1677809643655&CODE_STATE=getMsg HTTP/1.1" 200 27
180.169.147.146 - - [03/Mar/2023:10:13:45 +0800] "GET /xingrg/all/function/internal_message.html?_=1677809643552&CODE_STATE=getMsg HTTP/1.1" 200 27
116.230.112.197 - - [03/Mar/2023:10:13:46 +0800] "GET /xingrg/all/function/internal_message.html?_=1677809663404&CODE_STATE=getMsg HTTP/1.1" 200 27
116.238.139.35 - - [03/Mar/2023:10:13:47 +0800] "GET /xingrg/all/function/internal_message.html?_=1677809579637&CODE_STATE=getMsg HTTP/1.1" 200 27
172.20.0.100 - - [03/Mar/2023:10:13:48 +0800] "GET /xingrg/all/function/internal_message.html?_=1677809647210&CODE_STATE=getMsg HTTP/1.1" 200 27
116.237.78.19 - - [03/Mar/2023:10:13:49 +0800] "GET /xingrg/all/function/internal_message.html?_=1677809653114&CODE_STATE=getMsg HTTP/1.1" 200 27
116.224.106.218 - - [03/Mar/2023:10:13:52 +0800] "GET /xingrg/all/function/internal_message.html?_=1677809651609&CODE_STATE=getMsg HTTP/1.1" 200 27
120.253.135.82 - - [03/Mar/2023:10:13:54 +0800] "POST /xingrg/kc/base/stock_operate.html HTTP/1.1" 200 1483
120.253.135.82 - - [03/Mar/2023:10:13:54 +0800] "GET /xingrg/javascript/jquery_tools/fix_table.js HTTP/1.1" 304 -
116.192.124.172 - - [03/Mar/2023:10:13:55 +0800] "GET /xingrg/kc/buy/cgsh_order_operate.html?command=get_materiel&rest_code=00102&code=00101008331&supplier_code=00100008&order_time=2023-03-03 HTTP/1.1" 200 416
116.230.112.197 - - [03/Mar/2023:10:13:56 +0800] "GET /xingrg/kc/buy/cgsh_order_operate.html?command=get_materiel&rest_code=00146&code=00101008704&supplier_code=00100005&order_time=2023-03-03 HTTP/1.1" 200 409
222.70.182.154 - - [03/Mar/2023:10:13:57 +0800] "GET /xingrg/kc/buy/cgsh_order_operate.html?command=get_materiel&rest_code=00111&code=00101008296&supplier_code=00100005&order_time=2023-03-03 HTTP/1.1" 200 416
116.230.112.197 - - [03/Mar/2023:10:14:00 +0800] "POST /xingrg/kc/buy/cgsh_order_operate.html HTTP/1.1" 200 2065
222.70.182.154 - - [03/Mar/2023:10:14:00 +0800] "GET /xingrg/all/function/internal_message.html?_=1677809736823&CODE_STATE=getMsg HTTP/1.1" 200 27
58.221.95.50 - - [03/Mar/2023:10:14:01 +0800] "GET /xingrg/all/function/internal_message.html?_=1677809661752&CODE_STATE=getMsg HTTP/1.1" 200 27
222.70.221.209 - - [03/Mar/2023:10:14:02 +0800] "GET /xingrg/all/function/internal_message.html?_=1677809790118&CODE_STATE=getMsg HTTP/1.1" 200 27
222.70.182.154 - - [03/Mar/2023:10:14:02 +0800] "POST /xingrg/dwr/call/plaincall/AjaxCheckService.setItemNumber.dwr HTTP/1.1" 200 76
180.169.147.146 - - [03/Mar/2023:10:14:04 +0800] "GET /xingrg/all/function/internal_message.html?_=1677809676756&CODE_STATE=getMsg HTTP/1.1" 302 -
180.169.147.146 - - [03/Mar/2023:10:14:04 +0800] "GET /xingrg/check_reg.html?_=1677809676757 HTTP/1.1" 302 -
114.83.219.234 - - [03/Mar/2023:10:14:04 +0800] "GET /xingrg/kc/buy/cgsh_order_operate.html?command=get_materiel&rest_code=00149&code=00101004011&supplier_code=00100083&order_time=2023-03-03 HTTP/1.1" 200 434
116.238.139.35 - - [03/Mar/2023:10:14:05 +0800] "GET /xingrg/all/function/internal_message.html?_=1677809667194&CODE_STATE=getMsg HTTP/1.1" 200 27
114.83.222.182 - - [03/Mar/2023:10:14:06 +0800] "GET /xingrg/all/function/internal_message.html?_=1677809724013&CODE_STATE=getMsg HTTP/1.1" 200 27
101.229.22.234 - - [03/Mar/2023:10:14:06 +0800] "GET /xingrg/all/function/internal_message.html?_=1677809661980&CODE_STATE=getMsg HTTP/1.1" 200 27
222.70.182.154 - - [03/Mar/2023:10:14:07 +0800] "POST /xingrg/kc/base/check_list_operate.html HTTP/1.1" 200 4
58.40.7.146 - - [03/Mar/2023:10:14:08 +0800] "GET /xingrg/all/function/internal_message.html?_=1677809668311&CODE_STATE=getMsg HTTP/1.1" 200 27
222.70.182.154 - - [03/Mar/2023:10:14:09 +0800] "POST /xingrg/kc/base/check_list_operate.html HTTP/1.1" 200 4957
116.230.112.197 - - [03/Mar/2023:10:14:10 +0800] "GET /xingrg/kc/buy/cgsh_order_operate.html?command=get_materiel&rest_code=00146&code=00101008123&supplier_code=00100005&order_time=2023-03-03 HTTP/1.1" 200 412
116.192.124.172 - - [03/Mar/2023:10:14:11 +0800] "GET /xingrg/check_reg.html?_=1677809670803 HTTP/1.1" 200 22
116.192.124.172 - - [03/Mar/2023:10:14:11 +0800] "GET /xingrg/kc/buy/cgsh_order_operate.html?command=get_materiel&rest_code=00102&code=00101008350&supplier_code=00100008&order_time=2023-03-03 HTTP/1.1" 200 408
222.70.182.154 - - [03/Mar/2023:10:14:11 +0800] "GET /xingrg/kc/base/check_order_add.html HTTP/1.1" 200 26515
222.70.182.154 - - [03/Mar/2023:10:14:11 +0800] "GET /xingrg/dwr/interface/AjaxComOrderService.js HTTP/1.1" 200 18264
222.70.182.154 - - [03/Mar/2023:10:14:11 +0800] "GET /xingrg/dwr/interface/AjaxCheckService.js HTTP/1.1" 200 14003
222.70.182.154 - - [03/Mar/2023:10:14:11 +0800] "GET /xingrg/dwr/engine.js HTTP/1.1" 200 43631
116.238.139.35 - - [03/Mar/2023:10:14:15 +0800] "GET /xingrg/kc/base/wldb_order_operate.html?command=get_materiel&rest_code=00150&base_code=0010445&code=00101013107 HTTP/1.1" 200 432
180.169.147.146 - - [03/Mar/2023:10:14:15 +0800] "GET /xingrg/all/function/internal_message.html?_=1677809674899&CODE_STATE=getMsg HTTP/1.1" 200 27
116.192.124.172 - - [03/Mar/2023:10:14:17 +0800] "GET /xingrg/all/function/internal_message.html?_=1677809683802&CODE_STATE=getMsg HTTP/1.1" 200 27
222.70.182.154 - - [03/Mar/2023:10:14:21 +0800] "POST /xingrg/dwr/call/plaincall/AjaxCheckService.saveOrder.dwr HTTP/1.1" 200 78
180.169.147.146 - - [03/Mar/2023:10:14:21 +0800] "GET /xingrg/all/function/internal_message.html?_=1677809681829&CODE_STATE=getMsg HTTP/1.1" 302 -
116.192.124.172 - - [03/Mar/2023:10:14:21 +0800] "GET /xingrg/kc/buy/cgsh_order_operate.html?command=get_materiel&rest_code=00102&code=00101008036&supplier_code=00100008&order_time=2023-03-03 HTTP/1.1" 200 430
222.70.182.154 - - [03/Mar/2023:10:14:22 +0800] "GET /xingrg/kc/buy/cgsh_order_operate.html?command=get_materiel&rest_code=00111&code=00101008285&supplier_code=00100005&order_time=2023-03-03 HTTP/1.1" 200 413
222.70.182.154 - - [03/Mar/2023:10:14:22 +0800] "POST /xingrg/dwr/call/plaincall/AjaxCheckService.loadOrderItems.dwr HTTP/1.1" 200 367
116.192.124.172 - - [03/Mar/2023:10:14:23 +0800] "GET /xingrg/all/function/internal_message.html?_=1677809682453&CODE_STATE=getMsg HTTP/1.1" 200 27
116.238.139.35 - - [03/Mar/2023:10:14:23 +0800] "GET /xingrg/kc/base/wldb_order_operate.html?command=get_materiel&rest_code=00150&base_code=0010445&code=00101019253 HTTP/1.1" 200 481
222.70.182.154 - - [03/Mar/2023:10:14:23 +0800] "GET /xingrg/javascript/jquery_easy_ui/themes/icons/pencil.png HTTP/1.1" 200 713
116.225.84.253 - - [03/Mar/2023:10:14:24 +0800] "GET /xingrg/all/function/internal_message.html?_=1677809686374&CODE_STATE=getMsg HTTP/1.1" 200 27
116.225.84.253 - - [03/Mar/2023:10:14:24 +0800] "GET /xingrg/check_reg.html?_=1677809687189 HTTP/1.1" 200 22
222.70.182.154 - - [03/Mar/2023:10:14:25 +0800] "POST /xingrg/kc/report/common_data.html?type=materiel_category_tree HTTP/1.1" 200 3921
222.70.182.154 - - [03/Mar/2023:10:14:25 +0800] "GET /xingrg/javascript/jquery_easy_ui/themes/default/images/tree_checkbox_0.gif HTTP/1.1" 200 168
222.70.182.154 - - [03/Mar/2023:10:14:27 +0800] "GET /xingrg/javascript/jquery_easy_ui/themes/default/images/tree_checkbox_1.gif HTTP/1.1" 200 174
222.70.182.154 - - [03/Mar/2023:10:14:27 +0800] "GET /xingrg/javascript/jquery_easy_ui/themes/default/images/tree_checkbox_2.gif HTTP/1.1" 200 181
114.83.219.234 - - [03/Mar/2023:10:14:27 +0800] "GET /xingrg/kc/buy/cgsh_order_operate.html?command=get_materiel&rest_code=00149&code=00101004104&supplier_code=00100083&order_time=2023-03-03 HTTP/1.1" 200 428
116.230.112.197 - - [03/Mar/2023:10:14:27 +0800] "GET /xingrg/kc/buy/cgsh_order_operate.html?command=get_materiel&rest_code=00146&code=00101015107&supplier_code=00100005&order_time=2023-03-03 HTTP/1.1" 200 411
114.83.219.234 - - [03/Mar/2023:10:14:28 +0800] "GET /xingrg/all/function/internal_message.html?_=1677809685200&CODE_STATE=getMsg HTTP/1.1" 200 27
116.192.124.172 - - [03/Mar/2023:10:14:29 +0800] "GET /xingrg/kc/buy/cgsh_order_operate.html?command=get_materiel&rest_code=00102&code=00101008244&supplier_code=00100008&order_time=2023-03-03 HTTP/1.1" 200 408
116.238.139.35 - - [03/Mar/2023:10:14:29 +0800] "GET /xingrg/kc/base/wldb_order_operate.html?command=get_materiel&rest_code=00150&base_code=0010445&code=00101019306 HTTP/1.1" 200 479
222.70.182.154 - - [03/Mar/2023:10:14:30 +0800] "POST /xingrg/dwr/call/plaincall/AjaxCheckService.importOrderItems.dwr HTTP/1.1" 200 78
222.70.182.154 - - [03/Mar/2023:10:14:30 +0800] "GET /xingrg/all/function/internal_message.html?_=1677809687932&CODE_STATE=getMsg HTTP/1.1" 200 27
222.70.182.154 - - [03/Mar/2023:10:14:32 +0800] "POST /xingrg/dwr/call/plaincall/AjaxCheckService.loadOrderItems.dwr HTTP/1.1" 200 228168
116.225.84.253 - - [03/Mar/2023:10:14:33 +0800] "GET /xingrg/all/function/internal_message.html?_=1677809536870&CODE_STATE=getMsg HTTP/1.1" 200 27
120.253.135.82 - - [03/Mar/2023:10:14:37 +0800] "GET /xingrg/all/function/internal_message.html?_=1677809521438&CODE_STATE=getMsg HTTP/1.1" 200 27
116.192.124.172 - - [03/Mar/2023:10:14:37 +0800] "GET /xingrg/kc/buy/cgsh_order_operate.html?command=get_materiel&rest_code=00102&code=00101008112&supplier_code=00100008&order_time=2023-03-03 HTTP/1.1" 200 414
116.238.139.35 - - [03/Mar/2023:10:14:37 +0800] "GET /xingrg/kc/base/wldb_order_operate.html?command=get_materiel&rest_code=00150&base_code=0010445&code=00101019536 HTTP/1.1" 200 471
222.70.182.154 - - [03/Mar/2023:10:14:38 +0800] "GET /xingrg/kc/buy/cgsh_order_operate.html?command=get_materiel&rest_code=00111&code=00101008001&supplier_code=00100005&order_time=2023-03-03 HTTP/1.1" 200 413
116.230.112.197 - - [03/Mar/2023:10:14:38 +0800] "GET /xingrg/kc/buy/cgsh_order_operate.html?command=get_materiel&rest_code=00146&code=00101008223&supplier_code=00100005&order_time=2023-03-03 HTTP/1.1" 200 412
222.70.182.154 - - [03/Mar/2023:10:14:38 +0800] "POST /xingrg/dwr/call/plaincall/AjaxCheckService.setItemNumber.dwr HTTP/1.1" 200 76
116.237.78.19 - - [03/Mar/2023:10:14:41 +0800] "GET /xingrg/all/function/internal_message.html?_=1677809698945&CODE_STATE=getMsg HTTP/1.1" 200 27
180.163.29.212 - - [03/Mar/2023:10:14:41 +0800] "GET /xingrg/all/function/internal_message.html?_=1677809638970&CODE_STATE=getMsg HTTP/1.1" 302 -
180.163.28.114 - - [03/Mar/2023:10:14:41 +0800] "GET /xingrg/check_reg.html?_=1677809639427 HTTP/1.1" 302 -
180.164.3.199 - - [03/Mar/2023:10:14:43 +0800] "GET /xingrg/all/function/internal_message.html?_=1677809703070&CODE_STATE=getMsg HTTP/1.1" 200 27
116.192.124.172 - - [03/Mar/2023:10:14:43 +0800] "GET /xingrg/kc/buy/cgsh_order_operate.html?command=get_materiel&rest_code=00102&code=00101008354&supplier_code=00100008&order_time=2023-03-03 HTTP/1.1" 200 412
180.169.147.146 - - [03/Mar/2023:10:14:44 +0800] "GET /xingrg/all/function/internal_message.html?_=1677809703655&CODE_STATE=getMsg HTTP/1.1" 200 27
180.163.29.212 - - [03/Mar/2023:10:14:44 +0800] "GET /xingrg/login.html HTTP/1.1" 200 7641
180.169.147.146 - - [03/Mar/2023:10:14:45 +0800] "GET /xingrg/check_reg.html?_=1677809703545 HTTP/1.1" 200 22
180.169.147.146 - - [03/Mar/2023:10:14:45 +0800] "GET /xingrg/all/function/internal_message.html?_=1677809703550&CODE_STATE=getMsg HTTP/1.1" 200 27
116.230.112.197 - - [03/Mar/2023:10:14:46 +0800] "GET /xingrg/all/function/internal_message.html?_=1677809723573&CODE_STATE=getMsg HTTP/1.1" 200 27
116.238.139.35 - - [03/Mar/2023:10:14:46 +0800] "GET /xingrg/kc/base/wldb_order_operate.html?command=get_materiel&rest_code=00150&base_code=0010445&code=00101019133 HTTP/1.1" 200 479
116.238.139.35 - - [03/Mar/2023:10:14:46 +0800] "GET /xingrg/check_reg.html?_=1677809638651 HTTP/1.1" 200 22
222.70.182.154 - - [03/Mar/2023:10:14:47 +0800] "POST /xingrg/dwr/call/plaincall/AjaxCheckService.setItemNumber.dwr HTTP/1.1" 200 76
116.238.139.35 - - [03/Mar/2023:10:14:47 +0800] "GET /xingrg/all/function/internal_message.html?_=1677809639651&CODE_STATE=getMsg HTTP/1.1" 200 27
172.20.0.100 - - [03/Mar/2023:10:14:48 +0800] "GET /xingrg/all/function/internal_message.html?_=1677809707212&CODE_STATE=getMsg HTTP/1.1" 200 27
116.237.78.19 - - [03/Mar/2023:10:14:49 +0800] "GET /xingrg/all/function/internal_message.html?_=1677809713115&CODE_STATE=getMsg HTTP/1.1" 200 27
116.192.124.172 - - [03/Mar/2023:10:14:49 +0800] "GET /xingrg/kc/buy/cgsh_order_operate.html?command=get_materiel&rest_code=00102&code=00101008125&supplier_code=00100008&order_time=2023-03-03 HTTP/1.1" 200 413
222.70.182.154 - - [03/Mar/2023:10:14:50 +0800] "POST /xingrg/dwr/call/plaincall/AjaxCheckService.setItemNumber.dwr HTTP/1.1" 200 76
180.163.28.114 - - [03/Mar/2023:10:14:51 +0800] "GET /xingrg/login.html HTTP/1.1" 200 7641
116.230.112.197 - - [03/Mar/2023:10:14:51 +0800] "GET /xingrg/kc/buy/cgsh_order_operate.html?command=get_materiel&rest_code=00146&code=00101008168&supplier_code=00100005&order_time=2023-03-03 HTTP/1.1" 200 413
222.70.182.154 - - [03/Mar/2023:10:14:51 +0800] "GET /xingrg/kc/buy/cgsh_order_operate.html?command=get_materiel&rest_code=00111&code=00101008209&supplier_code=00100005&order_time=2023-03-03 HTTP/1.1" 200 408
116.224.106.218 - - [03/Mar/2023:10:14:52 +0800] "GET /xingrg/all/function/internal_message.html?_=1677809711612&CODE_STATE=getMsg HTTP/1.1" 200 27
116.238.139.35 - - [03/Mar/2023:10:14:53 +0800] "GET /xingrg/kc/base/wldb_order_operate.html?command=get_materiel&rest_code=00150&base_code=0010445&code=00101019973 HTTP/1.1" 200 475
222.70.182.154 - - [03/Mar/2023:10:14:53 +0800] "POST /xingrg/dwr/call/plaincall/AjaxCheckService.setItemNumber.dwr HTTP/1.1" 200 76
222.70.182.154 - - [03/Mar/2023:10:14:55 +0800] "POST /xingrg/dwr/call/plaincall/AjaxCheckService.setItemNumber.dwr HTTP/1.1" 200 76
116.192.124.172 - - [03/Mar/2023:10:14:57 +0800] "GET /xingrg/kc/buy/cgsh_order_operate.html?command=get_materiel&rest_code=00102&code=00101008110&supplier_code=00100008&order_time=2023-03-03 HTTP/1.1" 200 409
222.70.182.154 - - [03/Mar/2023:10:14:57 +0800] "POST /xingrg/dwr/call/plaincall/AjaxCheckService.setItemNumber.dwr HTTP/1.1" 200 76
116.238.139.35 - - [03/Mar/2023:10:14:58 +0800] "GET /xingrg/kc/base/wldb_order_operate.html?command=get_materiel&rest_code=00150&base_code=0010445&code=00101019416 HTTP/1.1" 200 464
222.70.182.154 - - [03/Mar/2023:10:15:00 +0800] "GET /xingrg/all/function/internal_message.html?_=1677809796798&CODE_STATE=getMsg HTTP/1.1" 200 27
114.83.219.234 - - [03/Mar/2023:10:15:01 +0800] "GET /xingrg/kc/buy/cgsh_order_operate.html?command=get_materiel&rest_code=00149&code=00101004051&supplier_code=00100083&order_time=2023-03-03 HTTP/1.1" 200 408
58.221.95.50 - - [03/Mar/2023:10:15:01 +0800] "GET /xingrg/all/function/internal_message.html?_=1677809721737&CODE_STATE=getMsg HTTP/1.1" 200 27
222.70.182.154 - - [03/Mar/2023:10:15:01 +0800] "POST /xingrg/dwr/call/plaincall/AjaxCheckService.setItemNumber.dwr HTTP/1.1" 200 77
222.70.221.209 - - [03/Mar/2023:10:15:02 +0800] "GET /xingrg/all/function/internal_message.html?_=1677809850121&CODE_STATE=getMsg HTTP/1.1" 200 27
222.70.182.154 - - [03/Mar/2023:10:15:02 +0800] "POST /xingrg/dwr/call/plaincall/AjaxCheckService.setItemNumber.dwr HTTP/1.1" 200 77
116.230.112.197 - - [03/Mar/2023:10:15:04 +0800] "GET /xingrg/kc/buy/cgsh_order_operate.html?command=get_materiel&rest_code=00146&code=00101008061&supplier_code=00100005&order_time=2023-03-03 HTTP/1.1" 200 422
180.169.147.146 - - [03/Mar/2023:10:15:04 +0800] "GET /xingrg/all/function/internal_message.html?_=1677809736756&CODE_STATE=getMsg HTTP/1.1" 302 -
116.192.124.172 - - [03/Mar/2023:10:15:05 +0800] "GET /xingrg/kc/buy/cgsh_order_operate.html?command=get_materiel&rest_code=00102&code=00101008096&supplier_code=00100008&order_time=2023-03-03 HTTP/1.1" 200 412
222.70.182.154 - - [03/Mar/2023:10:15:05 +0800] "POST /xingrg/dwr/call/plaincall/AjaxCheckService.setItemNumber.dwr HTTP/1.1" 200 77
116.238.139.35 - - [03/Mar/2023:10:15:05 +0800] "GET /xingrg/all/function/internal_message.html?_=1677809727201&CODE_STATE=getMsg HTTP/1.1" 200 27
114.83.222.182 - - [03/Mar/2023:10:15:06 +0800] "GET /xingrg/all/function/internal_message.html?_=1677809784026&CODE_STATE=getMsg HTTP/1.1" 200 27
101.229.22.234 - - [03/Mar/2023:10:15:06 +0800] "GET /xingrg/all/function/internal_message.html?_=1677809721968&CODE_STATE=getMsg HTTP/1.1" 200 27
222.70.182.154 - - [03/Mar/2023:10:15:06 +0800] "POST /xingrg/dwr/call/plaincall/AjaxCheckService.setItemNumber.dwr HTTP/1.1" 200 77
58.40.7.146 - - [03/Mar/2023:10:15:08 +0800] "GET /xingrg/all/function/internal_message.html?_=1677809728312&CODE_STATE=getMsg HTTP/1.1" 200 27
222.70.182.154 - - [03/Mar/2023:10:15:09 +0800] "POST /xingrg/dwr/call/plaincall/AjaxCheckService.setItemNumber.dwr HTTP/1.1" 200 77
222.70.182.154 - - [03/Mar/2023:10:15:09 +0800] "POST /xingrg/dwr/call/plaincall/AjaxCheckService.setItemNumber.dwr HTTP/1.1" 200 77
222.70.182.154 - - [03/Mar/2023:10:15:10 +0800] "POST /xingrg/dwr/call/plaincall/AjaxCheckService.setItemNumber.dwr HTTP/1.1" 200 77
222.70.182.154 - - [03/Mar/2023:10:15:11 +0800] "POST /xingrg/dwr/call/plaincall/AjaxCheckService.setItemNumber.dwr HTTP/1.1" 200 77
116.238.139.35 - - [03/Mar/2023:10:15:12 +0800] "GET /xingrg/kc/base/wldb_order_operate.html?command=get_materiel&rest_code=00150&base_code=0010445&code=00101019391 HTTP/1.1" 200 485
114.83.219.234 - - [03/Mar/2023:10:15:12 +0800] "GET /xingrg/kc/buy/cgsh_order_operate.html?command=get_materiel&rest_code=00149&code=00101004074&supplier_code=00100083&order_time=2023-03-03 HTTP/1.1" 200 408
222.70.182.154 - - [03/Mar/2023:10:15:13 +0800] "POST /xingrg/dwr/call/plaincall/AjaxCheckService.setItemNumber.dwr HTTP/1.1" 200 77
116.192.124.172 - - [03/Mar/2023:10:15:13 +0800] "GET /xingrg/kc/buy/cgsh_order_operate.html?command=get_materiel&rest_code=00102&code=00101008038&supplier_code=00100008&order_time=2023-03-03 HTTP/1.1" 200 431
180.169.147.146 - - [03/Mar/2023:10:15:15 +0800] "GET /xingrg/all/function/internal_message.html?_=1677809734892&CODE_STATE=getMsg HTTP/1.1" 200 27
116.192.124.172 - - [03/Mar/2023:10:15:17 +0800] "GET /xingrg/all/function/internal_message.html?_=1677809743841&CODE_STATE=getMsg HTTP/1.1" 200 27
180.169.147.146 - - [03/Mar/2023:10:15:21 +0800] "GET /xingrg/all/function/internal_message.html?_=1677809741851&CODE_STATE=getMsg HTTP/1.1" 302 -
116.192.124.172 - - [03/Mar/2023:10:15:21 +0800] "GET /xingrg/kc/buy/cgsh_order_operate.html?command=get_materiel&rest_code=00102&code=00101008283&supplier_code=00100008&order_time=2023-03-03 HTTP/1.1" 200 408
116.192.124.172 - - [03/Mar/2023:10:15:22 +0800] "GET /xingrg/all/function/internal_message.html?_=1677809742426&CODE_STATE=getMsg HTTP/1.1" 200 27
116.225.84.253 - - [03/Mar/2023:10:15:24 +0800] "GET /xingrg/all/function/internal_message.html?_=1677809746349&CODE_STATE=getMsg HTTP/1.1" 200 27
116.230.112.197 - - [03/Mar/2023:10:15:25 +0800] "POST /xingrg/kc/buy/cgsh_order_operate.html HTTP/1.1" 200 2065
116.238.139.35 - - [03/Mar/2023:10:15:27 +0800] "GET /xingrg/kc/base/wldb_order_operate.html?command=get_materiel&rest_code=00150&base_code=0010445&code=00101027001 HTTP/1.1" 200 471
116.192.124.172 - - [03/Mar/2023:10:15:28 +0800] "GET /xingrg/kc/buy/cgsh_order_operate.html?command=get_materiel&rest_code=00102&code=00101008163&supplier_code=00100008&order_time=2023-03-03 HTTP/1.1" 200 409
114.83.219.234 - - [03/Mar/2023:10:15:28 +0800] "GET /xingrg/all/function/internal_message.html?_=1677809745193&CODE_STATE=getMsg HTTP/1.1" 200 27
222.70.182.154 - - [03/Mar/2023:10:15:30 +0800] "POST /xingrg/dwr/call/plaincall/AjaxCheckService.setItemNumber.dwr HTTP/1.1" 200 77
222.70.182.154 - - [03/Mar/2023:10:15:30 +0800] "GET /xingrg/all/function/internal_message.html?_=1677809747942&CODE_STATE=getMsg HTTP/1.1" 200 27
116.225.84.253 - - [03/Mar/2023:10:15:33 +0800] "GET /xingrg/all/function/internal_message.html?_=1677809596861&CODE_STATE=getMsg HTTP/1.1" 200 27
116.225.84.253 - - [03/Mar/2023:10:15:33 +0800] "GET /xingrg/check_reg.html?_=1677809596864 HTTP/1.1" 200 22
116.230.112.197 - - [03/Mar/2023:10:15:33 +0800] "GET /xingrg/kc/buy/cgsh_order_operate.html?command=get_materiel&rest_code=00146&code=00101013114&supplier_code=00100005&order_time=2023-03-03 HTTP/1.1" 200 409
116.192.124.172 - - [03/Mar/2023:10:15:34 +0800] "GET /xingrg/kc/buy/cgsh_order_operate.html?command=get_materiel&rest_code=00102&code=00101008224&supplier_code=00100008&order_time=2023-03-03 HTTP/1.1" 200 416
222.70.182.154 - - [03/Mar/2023:10:15:34 +0800] "POST /xingrg/dwr/call/plaincall/AjaxCheckService.setItemNumber.dwr HTTP/1.1" 200 77
222.70.182.154 - - [03/Mar/2023:10:15:35 +0800] "POST /xingrg/dwr/call/plaincall/AjaxCheckService.setItemNumber.dwr HTTP/1.1" 200 77
222.70.182.154 - - [03/Mar/2023:10:15:36 +0800] "POST /xingrg/dwr/call/plaincall/AjaxCheckService.setItemNumber.dwr HTTP/1.1" 200 77
120.253.135.82 - - [03/Mar/2023:10:15:37 +0800] "GET /xingrg/all/function/internal_message.html?_=1677809581451&CODE_STATE=getMsg HTTP/1.1" 200 27
222.70.182.154 - - [03/Mar/2023:10:15:37 +0800] "POST /xingrg/dwr/call/plaincall/AjaxCheckService.setItemNumber.dwr HTTP/1.1" 200 77
222.70.182.154 - - [03/Mar/2023:10:15:41 +0800] "POST /xingrg/dwr/call/plaincall/AjaxCheckService.setItemNumber.dwr HTTP/1.1" 200 77
116.237.78.19 - - [03/Mar/2023:10:15:41 +0800] "GET /xingrg/all/function/internal_message.html?_=1677809758920&CODE_STATE=getMsg HTTP/1.1" 200 27
116.192.124.172 - - [03/Mar/2023:10:15:42 +0800] "GET /xingrg/kc/buy/cgsh_order_operate.html?command=get_materiel&rest_code=00102&code=00101008264&supplier_code=00100008&order_time=2023-03-03 HTTP/1.1" 200 412
116.238.139.35 - - [03/Mar/2023:10:15:42 +0800] "GET /xingrg/kc/base/wldb_order_operate.html?command=get_materiel&rest_code=00150&base_code=0010445&code=00101019258 HTTP/1.1" 200 483
180.164.3.199 - - [03/Mar/2023:10:15:43 +0800] "GET /xingrg/all/function/internal_message.html?_=1677809763083&CODE_STATE=getMsg HTTP/1.1" 200 27
116.192.124.172 - - [03/Mar/2023:10:15:43 +0800] "POST /xingrg/kc/buy/cgsh_order_operate.html HTTP/1.1" 200 2065
180.169.147.146 - - [03/Mar/2023:10:15:44 +0800] "GET /xingrg/all/function/internal_message.html?_=1677809763656&CODE_STATE=getMsg HTTP/1.1" 200 27
180.169.147.146 - - [03/Mar/2023:10:15:45 +0800] "GET /xingrg/all/function/internal_message.html?_=1677809763552&CODE_STATE=getMsg HTTP/1.1" 200 27
116.230.112.197 - - [03/Mar/2023:10:15:46 +0800] "GET /xingrg/all/function/internal_message.html?_=1677809783585&CODE_STATE=getMsg HTTP/1.1" 200 27
222.70.182.154 - - [03/Mar/2023:10:15:47 +0800] "POST /xingrg/dwr/call/plaincall/AjaxCheckService.setItemNumber.dwr HTTP/1.1" 200 77
116.238.139.35 - - [03/Mar/2023:10:15:47 +0800] "GET /xingrg/all/function/internal_message.html?_=1677809699663&CODE_STATE=getMsg HTTP/1.1" 200 27
172.20.0.100 - - [03/Mar/2023:10:15:48 +0800] "GET /xingrg/all/function/internal_message.html?_=1677809767215&CODE_STATE=getMsg HTTP/1.1" 200 27
116.192.124.172 - - [03/Mar/2023:10:15:48 +0800] "GET /xingrg/kc/buy/cgsh_order_operate.html?command=get_materiel&rest_code=00102&code=00101008024&supplier_code=00100008&order_time=2023-03-03 HTTP/1.1" 200 408
116.237.78.19 - - [03/Mar/2023:10:15:49 +0800] "GET /xingrg/all/function/internal_message.html?_=1677809773116&CODE_STATE=getMsg HTTP/1.1" 200 27
116.237.78.19 - - [03/Mar/2023:10:15:49 +0800] "GET /xingrg/check_reg.html?_=1677809773117 HTTP/1.1" 200 22
116.238.139.35 - - [03/Mar/2023:10:15:49 +0800] "GET /xingrg/kc/base/wldb_order_operate.html?command=get_materiel&rest_code=00150&base_code=0010445&code=00101019438 HTTP/1.1" 200 462
222.70.182.154 - - [03/Mar/2023:10:15:51 +0800] "POST /xingrg/dwr/call/plaincall/AjaxCheckService.setItemNumber.dwr HTTP/1.1" 200 77
116.224.106.218 - - [03/Mar/2023:10:15:52 +0800] "GET /xingrg/all/function/internal_message.html?_=1677809771612&CODE_STATE=getMsg HTTP/1.1" 200 27
222.70.182.154 - - [03/Mar/2023:10:15:54 +0800] "POST /xingrg/dwr/call/plaincall/AjaxCheckService.setItemNumber.dwr HTTP/1.1" 200 77
116.230.112.197 - - [03/Mar/2023:10:15:54 +0800] "GET /xingrg/kc/buy/cgsh_order_operate.html?command=get_materiel&rest_code=00146&code=00101009079&supplier_code=00100005&order_time=2023-03-03 HTTP/1.1" 200 409
222.70.182.154 - - [03/Mar/2023:10:15:55 +0800] "POST /xingrg/dwr/call/plaincall/AjaxCheckService.setItemNumber.dwr HTTP/1.1" 200 77
114.83.219.234 - - [03/Mar/2023:10:15:56 +0800] "GET /xingrg/kc/buy/cgsh_order_operate.html?command=get_materiel&rest_code=00149&code=00101004101&supplier_code=00100083&order_time=2023-03-03 HTTP/1.1" 200 432
222.70.182.154 - - [03/Mar/2023:10:15:56 +0800] "POST /xingrg/dwr/call/plaincall/AjaxCheckService.setItemNumber.dwr HTTP/1.1" 200 77
116.192.124.172 - - [03/Mar/2023:10:15:56 +0800] "GET /xingrg/kc/buy/cgsh_order_operate.html?command=get_materiel&rest_code=00102&code=00101008300&supplier_code=00100008&order_time=2023-03-03 HTTP/1.1" 200 412
116.238.139.35 - - [03/Mar/2023:10:15:56 +0800] "GET /xingrg/kc/base/wldb_order_operate.html?command=get_materiel&rest_code=00150&base_code=0010445&code=00101019422 HTTP/1.1" 200 474
222.70.182.154 - - [03/Mar/2023:10:15:57 +0800] "POST /xingrg/dwr/call/plaincall/AjaxCheckService.setItemNumber.dwr HTTP/1.1" 200 77
222.70.182.154 - - [03/Mar/2023:10:15:58 +0800] "POST /xingrg/dwr/call/plaincall/AjaxCheckService.setItemNumber.dwr HTTP/1.1" 200 77
222.70.182.154 - - [03/Mar/2023:10:15:59 +0800] "POST /xingrg/dwr/call/plaincall/AjaxCheckService.setItemNumber.dwr HTTP/1.1" 200 77
222.70.182.154 - - [03/Mar/2023:10:16:00 +0800] "GET /xingrg/all/function/internal_message.html?_=1677809856772&CODE_STATE=getMsg HTTP/1.1" 200 27
58.221.95.50 - - [03/Mar/2023:10:16:01 +0800] "GET /xingrg/all/function/internal_message.html?_=1677809781709&CODE_STATE=getMsg HTTP/1.1" 200 27
222.70.221.209 - - [03/Mar/2023:10:16:02 +0800] "GET /xingrg/all/function/internal_message.html?_=1677809910112&CODE_STATE=getMsg HTTP/1.1" 200 27
116.238.139.35 - - [03/Mar/2023:10:16:02 +0800] "GET /xingrg/kc/base/wldb_order_operate.html?command=get_materiel&rest_code=00150&base_code=0010445&code=00101019530 HTTP/1.1" 200 480
116.192.124.172 - - [03/Mar/2023:10:16:04 +0800] "GET /xingrg/kc/buy/cgsh_order_operate.html?command=get_materiel&rest_code=00102&code=00101008251&supplier_code=00100008&order_time=2023-03-03 HTTP/1.1" 200 408
180.169.147.146 - - [03/Mar/2023:10:16:04 +0800] "GET /xingrg/all/function/internal_message.html?_=1677809796754&CODE_STATE=getMsg HTTP/1.1" 302 -
222.70.182.154 - - [03/Mar/2023:10:16:05 +0800] "POST /xingrg/kc/buy/cgsh_order_operate.html HTTP/1.1" 200 2065
116.238.139.35 - - [03/Mar/2023:10:16:05 +0800] "GET /xingrg/all/function/internal_message.html?_=1677809787203&CODE_STATE=getMsg HTTP/1.1" 200 27
114.83.222.182 - - [03/Mar/2023:10:16:06 +0800] "GET /xingrg/check_reg.html?_=1677809844016 HTTP/1.1" 200 22
114.83.222.182 - - [03/Mar/2023:10:16:06 +0800] "GET /xingrg/all/function/internal_message.html?_=1677809844021&CODE_STATE=getMsg HTTP/1.1" 200 27
101.229.22.234 - - [03/Mar/2023:10:16:06 +0800] "GET /xingrg/all/function/internal_message.html?_=1677809781968&CODE_STATE=getMsg HTTP/1.1" 200 27
58.40.7.146 - - [03/Mar/2023:10:16:08 +0800] "GET /xingrg/all/function/internal_message.html?_=1677809788300&CODE_STATE=getMsg HTTP/1.1" 200 27
116.238.139.35 - - [03/Mar/2023:10:16:09 +0800] "GET /xingrg/kc/base/wldb_order_operate.html?command=get_materiel&rest_code=00150&base_code=0010445&code=00101019086 HTTP/1.1" 200 428
180.169.147.146 - - [03/Mar/2023:10:16:15 +0800] "GET /xingrg/all/function/internal_message.html?_=1677809794913&CODE_STATE=getMsg HTTP/1.1" 200 27
116.230.112.197 - - [03/Mar/2023:10:16:16 +0800] "GET /xingrg/kc/buy/cgsh_order_operate.html?command=get_materiel&rest_code=00146&code=00101009004&supplier_code=00100005&order_time=2023-03-03 HTTP/1.1" 200 409
116.192.124.172 - - [03/Mar/2023:10:16:17 +0800] "GET /xingrg/check_reg.html?_=1677809803898 HTTP/1.1" 200 22
116.192.124.172 - - [03/Mar/2023:10:16:17 +0800] "GET /xingrg/all/function/internal_message.html?_=1677809803901&CODE_STATE=getMsg HTTP/1.1" 200 27
116.238.139.35 - - [03/Mar/2023:10:16:20 +0800] "GET /xingrg/kc/base/wldb_order_operate.html?command=get_materiel&rest_code=00150&base_code=0010445&code=00101019074 HTTP/1.1" 200 470
114.83.219.234 - - [03/Mar/2023:10:16:20 +0800] "GET /xingrg/kc/buy/cgsh_order_operate.html?command=get_materiel&rest_code=00149&code=00101004071&supplier_code=00100083&order_time=2023-03-03 HTTP/1.1" 200 409
180.169.147.146 - - [03/Mar/2023:10:16:21 +0800] "GET /xingrg/all/function/internal_message.html?_=1677809801856&CODE_STATE=getMsg HTTP/1.1" 302 -
116.192.124.172 - - [03/Mar/2023:10:16:22 +0800] "GET /xingrg/all/function/internal_message.html?_=1677809802417&CODE_STATE=getMsg HTTP/1.1" 200 27
222.70.182.154 - - [03/Mar/2023:10:16:24 +0800] "POST /xingrg/dwr/call/plaincall/AjaxCheckService.setItemNumber.dwr HTTP/1.1" 200 77
116.225.84.253 - - [03/Mar/2023:10:16:24 +0800] "GET /xingrg/all/function/internal_message.html?_=1677809806331&CODE_STATE=getMsg HTTP/1.1" 200 27
116.192.124.172 - - [03/Mar/2023:10:16:24 +0800] "GET /xingrg/kc/buy/cgsh_order_operate.html?command=get_materiel&rest_code=00102&code=00101008077&supplier_code=00100008&order_time=2023-03-03 HTTP/1.1" 200 416
222.70.182.154 - - [03/Mar/2023:10:16:26 +0800] "GET /xingrg/kc/buy/cgsh_order_operate.html?command=get_materiel&rest_code=00111&code=00101008633&supplier_code=00100005&order_time=2023-03-03 HTTP/1.1" 200 414
114.83.219.234 - - [03/Mar/2023:10:16:28 +0800] "GET /xingrg/all/function/internal_message.html?_=1677809805181&CODE_STATE=getMsg HTTP/1.1" 200 27
222.70.182.154 - - [03/Mar/2023:10:16:30 +0800] "POST /xingrg/dwr/call/plaincall/AjaxCheckService.setItemNumber.dwr HTTP/1.1" 200 77
116.230.112.197 - - [03/Mar/2023:10:16:30 +0800] "GET /xingrg/kc/buy/cgsh_order_operate.html?command=get_materiel&rest_code=00146&code=00101009031&supplier_code=00100005&order_time=2023-03-03 HTTP/1.1" 200 408
222.70.182.154 - - [03/Mar/2023:10:16:30 +0800] "GET /xingrg/all/function/internal_message.html?_=1677809807943&CODE_STATE=getMsg HTTP/1.1" 200 27
116.192.124.172 - - [03/Mar/2023:10:16:31 +0800] "GET /xingrg/kc/buy/cgsh_order_operate.html?command=get_materiel&rest_code=00102&code=00101008230&supplier_code=00100008&order_time=2023-03-03 HTTP/1.1" 200 408
120.253.135.82 - - [03/Mar/2023:10:16:32 +0800] "GET /xingrg/check_reg.html?_=1677809636821 HTTP/1.1" 200 22
114.83.219.234 - - [03/Mar/2023:10:16:33 +0800] "GET /xingrg/kc/buy/cgsh_order_operate.html?command=get_materiel&rest_code=00149&code=00101004004&supplier_code=00100083&order_time=2023-03-03 HTTP/1.1" 200 435
116.225.84.253 - - [03/Mar/2023:10:16:33 +0800] "GET /xingrg/all/function/internal_message.html?_=1677809656870&CODE_STATE=getMsg HTTP/1.1" 200 27
116.192.124.172 - - [03/Mar/2023:10:16:34 +0800] "POST /xingrg/kc/buy/cgsh_order_operate.html HTTP/1.1" 200 2065
222.70.182.154 - - [03/Mar/2023:10:16:35 +0800] "POST /xingrg/dwr/call/plaincall/AjaxCheckService.setItemNumber.dwr HTTP/1.1" 200 77
222.70.182.154 - - [03/Mar/2023:10:16:37 +0800] "GET /xingrg/kc/buy/cgsh_order_operate.html?command=get_materiel&rest_code=00111&code=00101008223&supplier_code=00100005&order_time=2023-03-03 HTTP/1.1" 200 412
120.253.135.82 - - [03/Mar/2023:10:16:37 +0800] "GET /xingrg/all/function/internal_message.html?_=1677809641465&CODE_STATE=getMsg HTTP/1.1" 200 27
116.192.124.172 - - [03/Mar/2023:10:16:38 +0800] "GET /xingrg/kc/buy/cgsh_order_operate.html?command=get_materiel&rest_code=00102&code=00101008286&supplier_code=00100008&order_time=2023-03-03 HTTP/1.1" 200 408
116.238.139.35 - - [03/Mar/2023:10:16:39 +0800] "GET /xingrg/kc/base/wldb_order_operate.html?command=get_materiel&rest_code=00150&base_code=0010445&code=00101013027 HTTP/1.1" 200 430
116.237.78.19 - - [03/Mar/2023:10:16:41 +0800] "GET /xingrg/all/function/internal_message.html?_=1677809818890&CODE_STATE=getMsg HTTP/1.1" 200 27
180.163.28.143 - - [03/Mar/2023:10:16:42 +0800] "GET /xingrg/all/function/internal_message.html?_=1677809758920&CODE_STATE=getMsg HTTP/1.1" 302 -
180.163.28.143 - - [03/Mar/2023:10:16:42 +0800] "GET /xingrg/login.html HTTP/1.1" 200 7641
180.164.3.199 - - [03/Mar/2023:10:16:43 +0800] "GET /xingrg/all/function/internal_message.html?_=1677809823081&CODE_STATE=getMsg HTTP/1.1" 200 27
180.169.147.146 - - [03/Mar/2023:10:16:44 +0800] "GET /xingrg/all/function/internal_message.html?_=1677809823656&CODE_STATE=getMsg HTTP/1.1" 200 27
116.192.124.172 - - [03/Mar/2023:10:16:45 +0800] "GET /xingrg/kc/buy/cgsh_order_operate.html?command=get_materiel&rest_code=00102&code=00101008131&supplier_code=00100008&order_time=2023-03-03 HTTP/1.1" 200 408
180.169.147.146 - - [03/Mar/2023:10:16:45 +0800] "GET /xingrg/all/function/internal_message.html?_=1677809823556&CODE_STATE=getMsg HTTP/1.1" 200 27
222.70.182.154 - - [03/Mar/2023:10:16:45 +0800] "POST /xingrg/dwr/call/plaincall/AjaxCheckService.setItemNumber.dwr HTTP/1.1" 200 77
116.230.112.197 - - [03/Mar/2023:10:16:45 +0800] "GET /xingrg/check_reg.html?_=1677809842929 HTTP/1.1" 200 22
116.230.112.197 - - [03/Mar/2023:10:16:46 +0800] "GET /xingrg/all/function/internal_message.html?_=1677809843599&CODE_STATE=getMsg HTTP/1.1" 200 27
116.238.139.35 - - [03/Mar/2023:10:16:47 +0800] "GET /xingrg/all/function/internal_message.html?_=1677809759677&CODE_STATE=getMsg HTTP/1.1" 200 27
172.20.0.100 - - [03/Mar/2023:10:16:48 +0800] "GET /xingrg/all/function/internal_message.html?_=1677809827217&CODE_STATE=getMsg HTTP/1.1" 200 27
172.20.0.100 - - [03/Mar/2023:10:16:48 +0800] "GET /xingrg/check_reg.html?_=1677809827219 HTTP/1.1" 200 22
116.237.78.19 - - [03/Mar/2023:10:16:49 +0800] "GET /xingrg/all/function/internal_message.html?_=1677809833122&CODE_STATE=getMsg HTTP/1.1" 200 27
222.70.182.154 - - [03/Mar/2023:10:16:49 +0800] "GET /xingrg/kc/buy/cgsh_order_operate.html?command=get_materiel&rest_code=00111&code=00101008168&supplier_code=00100005&order_time=2023-03-03 HTTP/1.1" 200 413
116.192.124.172 - - [03/Mar/2023:10:16:51 +0800] "GET /xingrg/kc/buy/cgsh_order_operate.html?command=get_materiel&rest_code=00102&code=00101008296&supplier_code=00100008&order_time=2023-03-03 HTTP/1.1" 200 416
222.70.182.154 - - [03/Mar/2023:10:16:51 +0800] "POST /xingrg/dwr/call/plaincall/AjaxCheckService.setItemNumber.dwr HTTP/1.1" 200 77
116.224.106.218 - - [03/Mar/2023:10:16:52 +0800] "GET /xingrg/all/function/internal_message.html?_=1677809831628&CODE_STATE=getMsg HTTP/1.1" 200 27
222.70.182.154 - - [03/Mar/2023:10:16:57 +0800] "POST /xingrg/dwr/call/plaincall/AjaxCheckService.setItemNumber.dwr HTTP/1.1" 200 77
116.192.124.172 - - [03/Mar/2023:10:16:58 +0800] "GET /xingrg/kc/buy/cgsh_order_operate.html?command=get_materiel&rest_code=00102&code=00101008005&supplier_code=00100008&order_time=2023-03-03 HTTP/1.1" 200 412
222.70.182.154 - - [03/Mar/2023:10:17:00 +0800] "GET /xingrg/all/function/internal_message.html?_=1677809916757&CODE_STATE=getMsg HTTP/1.1" 200 27
58.221.95.50 - - [03/Mar/2023:10:17:01 +0800] "GET /xingrg/all/function/internal_message.html?_=1677809841687&CODE_STATE=getMsg HTTP/1.1" 200 27
222.70.221.209 - - [03/Mar/2023:10:17:02 +0800] "GET /xingrg/all/function/internal_message.html?_=1677809970117&CODE_STATE=getMsg HTTP/1.1" 200 27
222.70.221.209 - - [03/Mar/2023:10:17:02 +0800] "GET /xingrg/check_reg.html?_=1677809970123 HTTP/1.1" 200 22
116.230.112.197 - - [03/Mar/2023:10:17:03 +0800] "POST /xingrg/kc/buy/cgsh_order_operate.html HTTP/1.1" 200 2065
180.169.147.146 - - [03/Mar/2023:10:17:04 +0800] "GET /xingrg/all/function/internal_message.html?_=1677809856752&CODE_STATE=getMsg HTTP/1.1" 302 -
116.192.124.172 - - [03/Mar/2023:10:17:05 +0800] "GET /xingrg/kc/buy/cgsh_order_operate.html?command=get_materiel&rest_code=00102&code=00101008271&supplier_code=00100008&order_time=2023-03-03 HTTP/1.1" 200 408
180.169.147.146 - - [03/Mar/2023:10:17:05 +0800] "GET /xingrg/check_reg.html?_=1677809846325 HTTP/1.1" 302 -
116.238.139.35 - - [03/Mar/2023:10:17:05 +0800] "GET /xingrg/check_reg.html?_=1677809847205 HTTP/1.1" 200 22
116.238.139.35 - - [03/Mar/2023:10:17:05 +0800] "GET /xingrg/all/function/internal_message.html?_=1677809847209&CODE_STATE=getMsg HTTP/1.1" 200 27
114.83.222.182 - - [03/Mar/2023:10:17:06 +0800] "GET /xingrg/all/function/internal_message.html?_=1677809904017&CODE_STATE=getMsg HTTP/1.1" 200 27
101.229.22.234 - - [03/Mar/2023:10:17:06 +0800] "GET /xingrg/all/function/internal_message.html?_=1677809841971&CODE_STATE=getMsg HTTP/1.1" 200 27
116.192.124.172 - - [03/Mar/2023:10:17:08 +0800] "POST /xingrg/kc/buy/cgsh_order_operate.html HTTP/1.1" 200 2065
58.40.7.146 - - [03/Mar/2023:10:17:08 +0800] "GET /xingrg/check_reg.html?_=1677809848303 HTTP/1.1" 200 22
58.40.7.146 - - [03/Mar/2023:10:17:08 +0800] "GET /xingrg/all/function/internal_message.html?_=1677809848307&CODE_STATE=getMsg HTTP/1.1" 200 27
116.192.124.172 - - [03/Mar/2023:10:17:12 +0800] "GET /xingrg/kc/buy/cgsh_order_operate.html?command=get_materiel&rest_code=00102&code=00101008353&supplier_code=00100008&order_time=2023-03-03 HTTP/1.1" 200 408
180.169.147.146 - - [03/Mar/2023:10:17:15 +0800] "GET /xingrg/check_reg.html?_=1677809854901 HTTP/1.1" 200 22
180.169.147.146 - - [03/Mar/2023:10:17:15 +0800] "GET /xingrg/all/function/internal_message.html?_=1677809854904&CODE_STATE=getMsg HTTP/1.1" 200 27
116.192.124.172 - - [03/Mar/2023:10:17:17 +0800] "GET /xingrg/all/function/internal_message.html?_=1677809863955&CODE_STATE=getMsg HTTP/1.1" 200 27
180.169.147.146 - - [03/Mar/2023:10:17:21 +0800] "GET /xingrg/all/function/internal_message.html?_=1677809861875&CODE_STATE=getMsg HTTP/1.1" 302 -
116.192.124.172 - - [03/Mar/2023:10:17:21 +0800] "GET /xingrg/kc/buy/cgsh_order_operate.html?command=get_materiel&rest_code=00102&code=00101008291&supplier_code=00100008&order_time=2023-03-03 HTTP/1.1" 200 408
116.192.124.172 - - [03/Mar/2023:10:17:22 +0800] "GET /xingrg/all/function/internal_message.html?_=1677809862412&CODE_STATE=getMsg HTTP/1.1" 200 27
116.225.84.253 - - [03/Mar/2023:10:17:24 +0800] "GET /xingrg/all/function/internal_message.html?_=1677809866301&CODE_STATE=getMsg HTTP/1.1" 200 27
222.70.182.154 - - [03/Mar/2023:10:17:26 +0800] "GET /xingrg/kc/buy/cgsh_order_operate.html?command=get_materiel&rest_code=00111&code=00101008720&supplier_code=00100005&order_time=2023-03-03 HTTP/1.1" 200 398
114.83.219.234 - - [03/Mar/2023:10:17:28 +0800] "GET /xingrg/all/function/internal_message.html?_=1677809865158&CODE_STATE=getMsg HTTP/1.1" 200 27
222.70.182.154 - - [03/Mar/2023:10:17:30 +0800] "POST /xingrg/kc/buy/cgsh_order_operate.html HTTP/1.1" 200 2065
222.70.182.154 - - [03/Mar/2023:10:17:30 +0800] "GET /xingrg/all/function/internal_message.html?_=1677809867934&CODE_STATE=getMsg HTTP/1.1" 200 27
116.230.112.197 - - [03/Mar/2023:10:17:33 +0800] "POST /xingrg/kc/buy/cgsh_order_operate.html HTTP/1.1" 200 37
116.192.124.172 - - [03/Mar/2023:10:17:33 +0800] "GET /xingrg/kc/buy/cgsh_order_operate.html?command=get_materiel&rest_code=00102&code=00101008042&supplier_code=00100008&order_time=2023-03-03 HTTP/1.1" 200 23
116.225.84.253 - - [03/Mar/2023:10:17:33 +0800] "GET /xingrg/all/function/internal_message.html?_=1677809716861&CODE_STATE=getMsg HTTP/1.1" 200 27
116.238.139.35 - - [03/Mar/2023:10:17:35 +0800] "POST /xingrg/kc/base/wldb_order_operate.html HTTP/1.1" 200 37
116.230.112.197 - - [03/Mar/2023:10:17:35 +0800] "POST /xingrg/kc/buy/cgsh_order_operate.html HTTP/1.1" 200 35174
222.70.182.154 - - [03/Mar/2023:10:17:37 +0800] "POST /xingrg/dwr/call/plaincall/AjaxCheckService.setItemNumber.dwr HTTP/1.1" 200 77
120.253.135.82 - - [03/Mar/2023:10:17:37 +0800] "GET /xingrg/all/function/internal_message.html?_=1677809701479&CODE_STATE=getMsg HTTP/1.1" 200 27
116.238.139.35 - - [03/Mar/2023:10:17:38 +0800] "POST /xingrg/kc/base/wldb_order_operate.html HTTP/1.1" 200 12
116.238.139.35 - - [03/Mar/2023:10:17:38 +0800] "POST /xingrg/kc/base/wldb_order_operate.html HTTP/1.1" 200 11274
58.221.95.50 - - [03/Mar/2023:10:17:41 +0800] "GET /xingrg/check_reg.html?_=1677809881188 HTTP/1.1" 200 22
116.237.78.19 - - [03/Mar/2023:10:17:41 +0800] "GET /xingrg/all/function/internal_message.html?_=1677809878862&CODE_STATE=getMsg HTTP/1.1" 200 27
180.163.29.217 - - [03/Mar/2023:10:17:42 +0800] "GET /xingrg/all/function/internal_message.html?_=1677809818890&CODE_STATE=getMsg HTTP/1.1" 302 -
180.163.29.217 - - [03/Mar/2023:10:17:42 +0800] "GET /xingrg/login.html HTTP/1.1" 200 7641
116.192.124.172 - - [03/Mar/2023:10:17:42 +0800] "POST /xingrg/kc/buy/cgsh_order_operate.html HTTP/1.1" 200 37
180.164.3.199 - - [03/Mar/2023:10:17:43 +0800] "GET /xingrg/all/function/internal_message.html?_=1677809883067&CODE_STATE=getMsg HTTP/1.1" 200 27
180.164.3.199 - - [03/Mar/2023:10:17:43 +0800] "GET /xingrg/check_reg.html?_=1677809883068 HTTP/1.1" 200 22
180.169.147.146 - - [03/Mar/2023:10:17:44 +0800] "GET /xingrg/check_reg.html?_=1677809883658 HTTP/1.1" 200 22
180.169.147.146 - - [03/Mar/2023:10:17:44 +0800] "GET /xingrg/all/function/internal_message.html?_=1677809883660&CODE_STATE=getMsg HTTP/1.1" 200 27
180.169.147.146 - - [03/Mar/2023:10:17:45 +0800] "GET /xingrg/all/function/internal_message.html?_=1677809883529&CODE_STATE=getMsg HTTP/1.1" 200 27
116.192.124.172 - - [03/Mar/2023:10:17:45 +0800] "POST /xingrg/kc/buy/cgsh_order_operate.html HTTP/1.1" 200 20386
116.230.112.197 - - [03/Mar/2023:10:17:46 +0800] "GET /xingrg/all/function/internal_message.html?_=1677809903613&CODE_STATE=getMsg HTTP/1.1" 200 27
116.238.139.35 - - [03/Mar/2023:10:17:47 +0800] "GET /xingrg/kc/base/wldb_order_info.html?code=422023030300213 HTTP/1.1" 200 26278
116.238.139.35 - - [03/Mar/2023:10:17:47 +0800] "GET /xingrg/javascript/easyui/themes/default/validatebox.css HTTP/1.1" 404 1104
116.238.139.35 - - [03/Mar/2023:10:17:47 +0800] "POST /xingrg/kc/base/wldb_order_operate.html HTTP/1.1" 200 9375
116.238.139.35 - - [03/Mar/2023:10:17:47 +0800] "GET /xingrg/all/function/internal_message.html?_=1677809819690&CODE_STATE=getMsg HTTP/1.1" 200 27
222.70.182.154 - - [03/Mar/2023:10:17:48 +0800] "POST /xingrg/dwr/call/plaincall/AjaxCheckService.setItemNumber.dwr HTTP/1.1" 200 77
172.20.0.100 - - [03/Mar/2023:10:17:48 +0800] "GET /xingrg/all/function/internal_message.html?_=1677809887220&CODE_STATE=getMsg HTTP/1.1" 200 27
116.237.78.19 - - [03/Mar/2023:10:17:49 +0800] "GET /xingrg/all/function/internal_message.html?_=1677809893124&CODE_STATE=getMsg HTTP/1.1" 200 27
116.224.106.218 - - [03/Mar/2023:10:17:52 +0800] "GET /xingrg/check_reg.html?_=1677809891614 HTTP/1.1" 200 22
116.224.106.218 - - [03/Mar/2023:10:17:52 +0800] "GET /xingrg/all/function/internal_message.html?_=1677809891617&CODE_STATE=getMsg HTTP/1.1" 200 27
114.83.219.234 - - [03/Mar/2023:10:17:52 +0800] "GET /xingrg/check_reg.html?_=1677809889277 HTTP/1.1" 200 22
222.70.182.154 - - [03/Mar/2023:10:17:53 +0800] "GET /xingrg/kc/buy/cgsh_order_operate.html?command=get_materiel&rest_code=00111&code=00101008674&supplier_code=00100005&order_time=2023-03-03 HTTP/1.1" 200 413
222.70.182.154 - - [03/Mar/2023:10:18:00 +0800] "GET /xingrg/check_reg.html?_=1677809976624 HTTP/1.1" 200 22
222.70.182.154 - - [03/Mar/2023:10:18:00 +0800] "GET /xingrg/all/function/internal_message.html?_=1677809976735&CODE_STATE=getMsg HTTP/1.1" 200 27
58.221.95.50 - - [03/Mar/2023:10:18:01 +0800] "GET /xingrg/all/function/internal_message.html?_=1677809901658&CODE_STATE=getMsg HTTP/1.1" 200 27
222.70.221.209 - - [03/Mar/2023:10:18:02 +0800] "GET /xingrg/all/function/internal_message.html?_=1677810030116&CODE_STATE=getMsg HTTP/1.1" 200 27
180.169.147.146 - - [03/Mar/2023:10:18:04 +0800] "GET /xingrg/all/function/internal_message.html?_=1677809916752&CODE_STATE=getMsg HTTP/1.1" 302 -
116.238.139.35 - - [03/Mar/2023:10:18:04 +0800] "GET /xingrg/kc/base/yddb_order_list.html HTTP/1.1" 200 16710
116.238.139.35 - - [03/Mar/2023:10:18:04 +0800] "POST /xingrg/kc/base/yddb_list_operate.html HTTP/1.1" 200 636
116.238.139.35 - - [03/Mar/2023:10:18:05 +0800] "GET /xingrg/all/function/internal_message.html?_=1677809907196&CODE_STATE=getMsg HTTP/1.1" 200 27
116.238.139.35 - - [03/Mar/2023:10:18:05 +0800] "GET /xingrg/kc/base/yddb_order_add.html HTTP/1.1" 200 29957
116.238.139.35 - - [03/Mar/2023:10:18:05 +0800] "GET /xingrg/dwr/interface/AjaxComOrderService.js HTTP/1.1" 200 18264
116.238.139.35 - - [03/Mar/2023:10:18:06 +0800] "GET /xingrg/dwr/engine.js HTTP/1.1" 200 43631
116.238.139.35 - - [03/Mar/2023:10:18:06 +0800] "GET /xingrg/dwr/interface/AjaxYddbService.js HTTP/1.1" 200 13201
116.238.139.35 - - [03/Mar/2023:10:18:06 +0800] "GET /xingrg/javascript/checkform.js HTTP/1.1" 304 -
114.83.222.182 - - [03/Mar/2023:10:18:06 +0800] "GET /xingrg/all/function/internal_message.html?_=1677809964012&CODE_STATE=getMsg HTTP/1.1" 200 27
101.229.22.234 - - [03/Mar/2023:10:18:06 +0800] "GET /xingrg/check_reg.html?_=1677809901975 HTTP/1.1" 200 22
101.229.22.234 - - [03/Mar/2023:10:18:06 +0800] "GET /xingrg/all/function/internal_message.html?_=1677809901974&CODE_STATE=getMsg HTTP/1.1" 200 27
222.70.182.154 - - [03/Mar/2023:10:18:06 +0800] "GET /xingrg/kc/buy/cgsh_order_operate.html?command=get_materiel&rest_code=00111&code=00101015006&supplier_code=00100005&order_time=2023-03-03 HTTP/1.1" 200 412
116.192.124.172 - - [03/Mar/2023:10:18:07 +0800] "POST /xingrg/kc/buy/cgsh_order_operate.html HTTP/1.1" 200 37
58.40.7.146 - - [03/Mar/2023:10:18:08 +0800] "GET /xingrg/all/function/internal_message.html?_=1677809908298&CODE_STATE=getMsg HTTP/1.1" 200 27
116.192.124.172 - - [03/Mar/2023:10:18:09 +0800] "POST /xingrg/kc/buy/cgsh_order_operate.html HTTP/1.1" 200 20386
116.238.139.35 - - [03/Mar/2023:10:18:09 +0800] "POST /xingrg/dwr/call/plaincall/AjaxYddbService.getRestBases.dwr HTTP/1.1" 200 1649
180.169.147.146 - - [03/Mar/2023:10:18:15 +0800] "GET /xingrg/all/function/internal_message.html?_=1677809914907&CODE_STATE=getMsg HTTP/1.1" 200 27
116.238.139.35 - - [03/Mar/2023:10:18:16 +0800] "POST /xingrg/dwr/call/plaincall/AjaxYddbService.saveOrder.dwr HTTP/1.1" 200 78
222.70.182.154 - - [03/Mar/2023:10:18:19 +0800] "POST /xingrg/dwr/call/plaincall/AjaxCheckService.setItemNumber.dwr HTTP/1.1" 200 77
116.238.139.35 - - [03/Mar/2023:10:18:21 +0800] "POST /xingrg/dwr/call/plaincall/AjaxComOrderService.getMaterielSearchList.dwr HTTP/1.1" 200 7584
180.169.147.146 - - [03/Mar/2023:10:18:21 +0800] "GET /xingrg/all/function/internal_message.html?_=1677809921883&CODE_STATE=getMsg HTTP/1.1" 302 -
58.40.7.146 - - [03/Mar/2023:10:18:21 +0800] "GET /xingrg/javascript/jquery_easy_ui/themes/default/images/button_span_bg.gif HTTP/1.1" 200 2061
58.40.7.146 - - [03/Mar/2023:10:18:21 +0800] "GET /xingrg/javascript/jquery_easy_ui/themes/icons/ok.png HTTP/1.1" 200 883
58.40.7.146 - - [03/Mar/2023:10:18:21 +0800] "GET /xingrg/javascript/jquery_easy_ui/themes/default/images/panel_title.png HTTP/1.1" 200 266
58.40.7.146 - - [03/Mar/2023:10:18:21 +0800] "GET /xingrg/javascript/jquery_easy_ui/themes/default/images/panel_tools.gif HTTP/1.1" 200 737
116.238.139.35 - - [03/Mar/2023:10:18:22 +0800] "POST /xingrg/dwr/call/plaincall/AjaxComOrderService.getMaterielSearchList.dwr HTTP/1.1" 200 1042
116.192.124.172 - - [03/Mar/2023:10:18:22 +0800] "GET /xingrg/all/function/internal_message.html?_=1677809922398&CODE_STATE=getMsg HTTP/1.1" 200 27
116.238.139.35 - - [03/Mar/2023:10:18:23 +0800] "POST /xingrg/dwr/call/plaincall/AjaxYddbService.getMaterielByMap.dwr HTTP/1.1" 200 4006
116.225.84.253 - - [03/Mar/2023:10:18:24 +0800] "GET /xingrg/all/function/internal_message.html?_=1677809926281&CODE_STATE=getMsg HTTP/1.1" 200 27
116.238.139.35 - - [03/Mar/2023:10:18:25 +0800] "POST /xingrg/dwr/call/plaincall/AjaxYddbService.getUnitPrice.dwr HTTP/1.1" 200 86
116.238.139.35 - - [03/Mar/2023:10:18:25 +0800] "GET /xingrg/images/yd/bt.gif HTTP/1.1" 404 1040
222.70.182.154 - - [03/Mar/2023:10:18:27 +0800] "GET /xingrg/kc/buy/cgsh_order_operate.html?command=get_materiel&rest_code=00111&code=00101008041&supplier_code=00100005&order_time=2023-03-03 HTTP/1.1" 200 408
116.192.124.172 - - [03/Mar/2023:10:18:27 +0800] "GET /xingrg/login.html HTTP/1.1" 200 7641
222.70.182.154 - - [03/Mar/2023:10:18:27 +0800] "POST /xingrg/dwr/call/plaincall/AjaxCheckService.setItemNumber.dwr HTTP/1.1" 200 77
116.238.139.35 - - [03/Mar/2023:10:18:27 +0800] "POST /xingrg/dwr/call/plaincall/AjaxYddbService.saveMaterielItem.dwr HTTP/1.1" 200 78
116.192.124.172 - - [03/Mar/2023:10:18:27 +0800] "GET /favicon.ico HTTP/1.1" 404 -
114.83.219.234 - - [03/Mar/2023:10:18:28 +0800] "GET /xingrg/all/function/internal_message.html?_=1677809925149&CODE_STATE=getMsg HTTP/1.1" 200 27
116.192.124.172 - - [03/Mar/2023:10:18:28 +0800] "POST /xingrg/login.do HTTP/1.1" 302 -
