116.237.78.19 - - [03/Mar/2023:10:21:14 +0800] "POST /xingrg/kc/buy/cgsh_list_operate.html HTTP/1.1" 200 2721
116.192.124.172 - - [03/Mar/2023:10:21:14 +0800] "GET /xingrg/kc/buy/cgsh_order_operate.html?command=get_materiel&rest_code=00102&code=00101008140&supplier_code=00100008&order_time=2023-03-03 HTTP/1.1" 200 417
222.70.182.154 - - [03/Mar/2023:10:21:15 +0800] "POST /xingrg/dwr/call/plaincall/AjaxCheckService.setItemNumber.dwr HTTP/1.1" 200 78
180.169.147.146 - - [03/Mar/2023:10:21:15 +0800] "GET /xingrg/all/function/internal_message.html?_=1677810094895&CODE_STATE=getMsg HTTP/1.1" 200 27
222.70.182.154 - - [03/Mar/2023:10:21:17 +0800] "POST /xingrg/dwr/call/plaincall/AjaxCheckService.setItemNumber.dwr HTTP/1.1" 200 78
222.70.182.154 - - [03/Mar/2023:10:21:19 +0800] "POST /xingrg/dwr/call/plaincall/AjaxCheckService.setItemNumber.dwr HTTP/1.1" 200 78
222.70.182.154 - - [03/Mar/2023:10:21:20 +0800] "POST /xingrg/dwr/call/plaincall/AjaxCheckService.setItemNumber.dwr HTTP/1.1" 200 78
180.169.147.146 - - [03/Mar/2023:10:21:21 +0800] "GET /xingrg/all/function/internal_message.html?_=1677810101935&CODE_STATE=getMsg HTTP/1.1" 302 -
58.40.7.146 - - [03/Mar/2023:10:21:22 +0800] "GET /xingrg/all/function/internal_message.html?_=1677810101185&CODE_STATE=getMsg HTTP/1.1" 200 27
222.70.182.154 - - [03/Mar/2023:10:21:22 +0800] "POST /xingrg/dwr/call/plaincall/AjaxCheckService.setItemNumber.dwr HTTP/1.1" 200 78
116.192.124.172 - - [03/Mar/2023:10:21:22 +0800] "GET /xingrg/all/function/internal_message.html?_=1677810102334&CODE_STATE=getMsg HTTP/1.1" 200 27
116.225.84.253 - - [03/Mar/2023:10:21:23 +0800] "GET /xingrg/all/function/internal_message.html?_=1677810106240&CODE_STATE=getMsg HTTP/1.1" 200 27
114.83.219.234 - - [03/Mar/2023:10:21:24 +0800] "GET /xingrg/kc/buy/cgsh_order_add.html HTTP/1.1" 200 70049
114.83.219.234 - - [03/Mar/2023:10:21:24 +0800] "POST /xingrg/kc/buy/cgsh_order_operate.html HTTP/1.1" 200 8245
114.83.219.234 - - [03/Mar/2023:10:21:24 +0800] "GET /xingrg/javascript/easyui/themes/default/validatebox.css HTTP/1.1" 404 1104
116.192.124.172 - - [03/Mar/2023:10:21:24 +0800] "GET /xingrg/kc/buy/cgsh_order_operate.html?command=get_materiel&rest_code=00102&code=00101008284&supplier_code=00100008&order_time=2023-03-03 HTTP/1.1" 200 412
116.192.124.172 - - [03/Mar/2023:10:21:27 +0800] "POST /xingrg/kc/buy/cgsh_order_operate.html HTTP/1.1" 200 2065
114.83.219.234 - - [03/Mar/2023:10:21:28 +0800] "GET /xingrg/all/function/internal_message.html?_=1677810105145&CODE_STATE=getMsg HTTP/1.1" 200 27
116.192.124.172 - - [03/Mar/2023:10:21:28 +0800] "GET /xingrg/all/function/internal_message.html?_=1677810115127&CODE_STATE=getMsg HTTP/1.1" 200 27
222.70.182.154 - - [03/Mar/2023:10:21:30 +0800] "POST /xingrg/dwr/call/plaincall/AjaxCheckService.setItemNumber.dwr HTTP/1.1" 200 78
222.70.182.154 - - [03/Mar/2023:10:21:31 +0800] "GET /xingrg/all/function/internal_message.html?_=1677810107991&CODE_STATE=getMsg HTTP/1.1" 200 27
222.70.182.154 - - [03/Mar/2023:10:21:31 +0800] "POST /xingrg/dwr/call/plaincall/AjaxCheckService.setItemNumber.dwr HTTP/1.1" 200 78
222.70.182.154 - - [03/Mar/2023:10:21:32 +0800] "POST /xingrg/dwr/call/plaincall/AjaxCheckService.setItemNumber.dwr HTTP/1.1" 200 78
120.253.135.82 - - [03/Mar/2023:10:21:32 +0800] "GET /xingrg/check_reg.html?_=1677809936823 HTTP/1.1" 200 22
116.237.78.19 - - [03/Mar/2023:10:21:32 +0800] "GET /xingrg/kc/buy/cgsh_order_operate.html?command=get_materiel&rest_code=00106&code=00102003682&supplier_code=00100077&order_time=2023-03-03 HTTP/1.1" 200 407
58.40.7.146 - - [03/Mar/2023:10:21:33 +0800] "GET /xingrg/all/function/internal_message.html?_=1677810112723&CODE_STATE=getMsg HTTP/1.1" 200 27
116.225.84.253 - - [03/Mar/2023:10:21:33 +0800] "GET /xingrg/all/function/internal_message.html?_=1677809956871&CODE_STATE=getMsg HTTP/1.1" 200 27
116.192.124.172 - - [03/Mar/2023:10:21:33 +0800] "GET /xingrg/kc/buy/cgsh_order_operate.html?command=get_materiel&rest_code=00102&code=00101008704&supplier_code=00100008&order_time=2023-03-03 HTTP/1.1" 200 409
222.70.182.154 - - [03/Mar/2023:10:21:34 +0800] "POST /xingrg/dwr/call/plaincall/AjaxCheckService.setItemNumber.dwr HTTP/1.1" 200 78
222.70.182.154 - - [03/Mar/2023:10:21:35 +0800] "POST /xingrg/dwr/call/plaincall/AjaxCheckService.setItemNumber.dwr HTTP/1.1" 200 78
222.70.182.154 - - [03/Mar/2023:10:21:36 +0800] "POST /xingrg/dwr/call/plaincall/AjaxCheckService.setItemNumber.dwr HTTP/1.1" 200 78
222.70.182.154 - - [03/Mar/2023:10:21:36 +0800] "POST /xingrg/dwr/call/plaincall/AjaxCheckService.setItemNumber.dwr HTTP/1.1" 200 78
222.70.182.154 - - [03/Mar/2023:10:21:37 +0800] "POST /xingrg/dwr/call/plaincall/AjaxCheckService.setItemNumber.dwr HTTP/1.1" 200 78
120.253.135.82 - - [03/Mar/2023:10:21:37 +0800] "GET /xingrg/all/function/internal_message.html?_=1677809941799&CODE_STATE=getMsg HTTP/1.1" 200 27
180.163.30.100 - - [03/Mar/2023:10:21:41 +0800] "GET /xingrg/all/function/internal_message.html?_=1677810058795&CODE_STATE=getMsg HTTP/1.1" 302 -
180.163.30.100 - - [03/Mar/2023:10:21:41 +0800] "GET /xingrg/login.html HTTP/1.1" 200 7641
116.192.124.172 - - [03/Mar/2023:10:21:41 +0800] "GET /xingrg/kc/buy/cgsh_order_operate.html?command=get_materiel&rest_code=00102&code=00101008041&supplier_code=00100008&order_time=2023-03-03 HTTP/1.1" 200 408
116.237.78.19 - - [03/Mar/2023:10:21:41 +0800] "GET /xingrg/all/function/internal_message.html?_=1677810118769&CODE_STATE=getMsg HTTP/1.1" 200 27
180.164.3.199 - - [03/Mar/2023:10:21:43 +0800] "GET /xingrg/all/function/internal_message.html?_=1677810123066&CODE_STATE=getMsg HTTP/1.1" 200 27
180.169.147.146 - - [03/Mar/2023:10:21:44 +0800] "GET /xingrg/all/function/internal_message.html?_=1677810123648&CODE_STATE=getMsg HTTP/1.1" 200 27
180.169.147.146 - - [03/Mar/2023:10:21:45 +0800] "GET /xingrg/all/function/internal_message.html?_=1677810123547&CODE_STATE=getMsg HTTP/1.1" 200 27
222.70.182.154 - - [03/Mar/2023:10:21:45 +0800] "POST /xingrg/dwr/call/plaincall/AjaxCheckService.setItemNumber.dwr HTTP/1.1" 200 78
116.230.112.197 - - [03/Mar/2023:10:21:45 +0800] "GET /xingrg/check_reg.html?_=1677810143083 HTTP/1.1" 200 22
116.230.112.197 - - [03/Mar/2023:10:21:46 +0800] "GET /xingrg/all/function/internal_message.html?_=1677810143807&CODE_STATE=getMsg HTTP/1.1" 200 27
116.231.60.186 - - [03/Mar/2023:10:21:47 +0800] "GET /favicon.ico HTTP/1.1" 404 -
222.70.182.154 - - [03/Mar/2023:10:21:47 +0800] "POST /xingrg/dwr/call/plaincall/AjaxCheckService.setItemNumber.dwr HTTP/1.1" 200 78
116.238.139.35 - - [03/Mar/2023:10:21:48 +0800] "GET /xingrg/all/function/internal_message.html?_=1677810059745&CODE_STATE=getMsg HTTP/1.1" 200 27
222.70.182.154 - - [03/Mar/2023:10:21:48 +0800] "POST /xingrg/dwr/call/plaincall/AjaxCheckService.setItemNumber.dwr HTTP/1.1" 200 78
222.70.182.154 - - [03/Mar/2023:10:21:48 +0800] "POST /xingrg/dwr/call/plaincall/AjaxCheckService.setItemNumber.dwr HTTP/1.1" 200 78
172.20.0.100 - - [03/Mar/2023:10:21:48 +0800] "GET /xingrg/all/function/internal_message.html?_=1677810127213&CODE_STATE=getMsg HTTP/1.1" 200 27
172.20.0.100 - - [03/Mar/2023:10:21:48 +0800] "GET /xingrg/check_reg.html?_=1677810127215 HTTP/1.1" 200 22
116.237.78.19 - - [03/Mar/2023:10:21:49 +0800] "GET /xingrg/all/function/internal_message.html?_=1677810133115&CODE_STATE=getMsg HTTP/1.1" 200 27
222.70.182.154 - - [03/Mar/2023:10:21:49 +0800] "POST /xingrg/dwr/call/plaincall/AjaxCheckService.setItemNumber.dwr HTTP/1.1" 200 78
180.157.253.110 - - [03/Mar/2023:10:21:49 +0800] "GET /favicon.ico HTTP/1.1" 404 -
116.192.124.172 - - [03/Mar/2023:10:21:50 +0800] "GET /xingrg/kc/buy/cgsh_order_operate.html?command=get_materiel&rest_code=00102&code=00101015066&supplier_code=00100008&order_time=2023-03-03 HTTP/1.1" 200 413
222.70.182.154 - - [03/Mar/2023:10:21:52 +0800] "POST /xingrg/dwr/call/plaincall/AjaxCheckService.setItemNumber.dwr HTTP/1.1" 200 78
116.224.106.218 - - [03/Mar/2023:10:21:52 +0800] "GET /xingrg/all/function/internal_message.html?_=1677810131617&CODE_STATE=getMsg HTTP/1.1" 200 27
222.70.182.154 - - [03/Mar/2023:10:21:52 +0800] "POST /xingrg/dwr/call/plaincall/AjaxCheckService.setItemNumber.dwr HTTP/1.1" 200 78
116.237.78.19 - - [03/Mar/2023:10:21:54 +0800] "POST /xingrg/kc/buy/cgsh_order_operate.html HTTP/1.1" 200 37
222.70.182.154 - - [03/Mar/2023:10:21:54 +0800] "POST /xingrg/dwr/call/plaincall/AjaxCheckService.setItemNumber.dwr HTTP/1.1" 200 78
114.83.219.234 - - [03/Mar/2023:10:21:56 +0800] "GET /xingrg/kc/buy/cgsh_order_operate.html?command=get_materiel&rest_code=00149&code=00101007081&supplier_code=00100205&order_time=2023-03-03 HTTP/1.1" 200 413
222.70.182.154 - - [03/Mar/2023:10:21:57 +0800] "POST /xingrg/dwr/call/plaincall/AjaxCheckService.setItemNumber.dwr HTTP/1.1" 200 78
222.70.182.154 - - [03/Mar/2023:10:21:58 +0800] "POST /xingrg/dwr/call/plaincall/AjaxCheckService.setItemNumber.dwr HTTP/1.1" 200 78
222.70.182.154 - - [03/Mar/2023:10:22:00 +0800] "POST /xingrg/dwr/call/plaincall/AjaxCheckService.setItemNumber.dwr HTTP/1.1" 200 78
222.70.182.154 - - [03/Mar/2023:10:22:00 +0800] "GET /xingrg/all/function/internal_message.html?_=1677810216643&CODE_STATE=getMsg HTTP/1.1" 200 27
116.237.78.19 - - [03/Mar/2023:10:22:00 +0800] "POST /xingrg/kc/buy/cgsh_order_operate.html HTTP/1.1" 200 12
222.70.182.154 - - [03/Mar/2023:10:22:01 +0800] "POST /xingrg/dwr/call/plaincall/AjaxCheckService.setItemNumber.dwr HTTP/1.1" 200 78
58.221.95.50 - - [03/Mar/2023:10:22:01 +0800] "GET /xingrg/all/function/internal_message.html?_=1677810141582&CODE_STATE=getMsg HTTP/1.1" 200 27
222.70.221.209 - - [03/Mar/2023:10:22:02 +0800] "GET /xingrg/all/function/internal_message.html?_=1677810270117&CODE_STATE=getMsg HTTP/1.1" 200 27
222.70.221.209 - - [03/Mar/2023:10:22:02 +0800] "GET /xingrg/check_reg.html?_=1677810270119 HTTP/1.1" 200 22
222.70.182.154 - - [03/Mar/2023:10:22:02 +0800] "POST /xingrg/dwr/call/plaincall/AjaxCheckService.setItemNumber.dwr HTTP/1.1" 200 78
116.192.124.172 - - [03/Mar/2023:10:22:03 +0800] "GET /xingrg/kc/buy/cgsh_order_operate.html?command=get_materiel&rest_code=00102&code=00101008312&supplier_code=00100008&order_time=2023-03-03 HTTP/1.1" 200 412
222.70.182.154 - - [03/Mar/2023:10:22:04 +0800] "POST /xingrg/dwr/call/plaincall/AjaxCheckService.setItemNumber.dwr HTTP/1.1" 200 78
180.169.147.146 - - [03/Mar/2023:10:22:04 +0800] "GET /xingrg/all/function/internal_message.html?_=1677810156764&CODE_STATE=getMsg HTTP/1.1" 302 -
116.237.78.19 - - [03/Mar/2023:10:22:05 +0800] "GET /xingrg/kc/buy/cgsh_order_info.html?code=212023030300760 HTTP/1.1" 200 64859
116.237.78.19 - - [03/Mar/2023:10:22:05 +0800] "GET /xingrg/javascript/easyui/themes/default/validatebox.css HTTP/1.1" 404 1104
180.169.147.146 - - [03/Mar/2023:10:22:05 +0800] "GET /xingrg/check_reg.html?_=1677810146326 HTTP/1.1" 302 -
222.70.182.154 - - [03/Mar/2023:10:22:05 +0800] "POST /xingrg/dwr/call/plaincall/AjaxCheckService.setItemNumber.dwr HTTP/1.1" 200 78
116.238.139.35 - - [03/Mar/2023:10:22:05 +0800] "GET /xingrg/all/function/internal_message.html?_=1677810147195&CODE_STATE=getMsg HTTP/1.1" 200 27
116.238.139.35 - - [03/Mar/2023:10:22:05 +0800] "GET /xingrg/check_reg.html?_=1677810147197 HTTP/1.1" 200 22
114.83.222.182 - - [03/Mar/2023:10:22:06 +0800] "GET /xingrg/all/function/internal_message.html?_=1677810204024&CODE_STATE=getMsg HTTP/1.1" 200 27
116.238.139.35 - - [03/Mar/2023:10:22:06 +0800] "GET /xingrg/kc/mdqp/qqps_order_list.html HTTP/1.1" 200 9676
101.229.22.234 - - [03/Mar/2023:10:22:06 +0800] "GET /xingrg/all/function/internal_message.html?_=1677810141974&CODE_STATE=getMsg HTTP/1.1" 200 27
116.238.139.35 - - [03/Mar/2023:10:22:06 +0800] "GET /xingrg/dwr/interface/AjaxReportQueryService.js HTTP/1.1" 200 13203
116.238.139.35 - - [03/Mar/2023:10:22:06 +0800] "GET /xingrg/dwr/interface/AjaxQqpsService.js HTTP/1.1" 200 16326
116.238.139.35 - - [03/Mar/2023:10:22:06 +0800] "GET /xingrg/dwr/util.js HTTP/1.1" 304 -
116.238.139.35 - - [03/Mar/2023:10:22:06 +0800] "GET /xingrg/dwr/engine.js HTTP/1.1" 200 43631
116.238.139.35 - - [03/Mar/2023:10:22:06 +0800] "GET /xingrg/javascript/jquery_easy_ui/themes/icons/uncheck_new.png HTTP/1.1" 200 3197
180.163.29.79 - - [03/Mar/2023:10:22:07 +0800] "GET /xingrg/kc/buy/cgsh_order_info.html?code=212023030300760 HTTP/1.1" 302 -
116.237.78.19 - - [03/Mar/2023:10:22:07 +0800] "POST /xingrg/kc/buy/cgsh_order_operate.html HTTP/1.1" 200 2421
222.70.182.154 - - [03/Mar/2023:10:22:09 +0800] "POST /xingrg/dwr/call/plaincall/AjaxCheckService.setItemNumber.dwr HTTP/1.1" 200 78
116.237.78.19 - - [03/Mar/2023:10:22:09 +0800] "GET /xingrg/kc/print/load_config.html?kc_code=cgsh HTTP/1.1" 200 1925
116.237.78.19 - - [03/Mar/2023:10:22:09 +0800] "GET /xingrg/kc/print/load_data.html?order_code=212023030300760&kc_code=cgsh&condition= HTTP/1.1" 200 1463
180.163.29.79 - - [03/Mar/2023:10:22:10 +0800] "GET /xingrg/login.html HTTP/1.1" 200 7641
222.70.182.154 - - [03/Mar/2023:10:22:11 +0800] "POST /xingrg/dwr/call/plaincall/AjaxCheckService.setItemNumber.dwr HTTP/1.1" 200 78
222.70.182.154 - - [03/Mar/2023:10:22:11 +0800] "POST /xingrg/dwr/call/plaincall/AjaxCheckService.setItemNumber.dwr HTTP/1.1" 200 78
222.70.182.154 - - [03/Mar/2023:10:22:12 +0800] "POST /xingrg/dwr/call/plaincall/AjaxCheckService.setItemNumber.dwr HTTP/1.1" 200 78
116.238.139.35 - - [03/Mar/2023:10:22:12 +0800] "GET /xingrg/kc/mdqp/qqps_order_add.html HTTP/1.1" 200 28246
114.83.219.234 - - [03/Mar/2023:10:22:12 +0800] "GET /xingrg/kc/buy/cgsh_order_operate.html?command=get_materiel&rest_code=00149&code=00101007059&supplier_code=00100205&order_time=2023-03-03 HTTP/1.1" 200 409
116.238.139.35 - - [03/Mar/2023:10:22:13 +0800] "GET /xingrg/dwr/interface/AjaxComOrderService.js HTTP/1.1" 200 18264
116.238.139.35 - - [03/Mar/2023:10:22:13 +0800] "GET /xingrg/dwr/interface/AjaxQqpsService.js HTTP/1.1" 200 16326
116.238.139.35 - - [03/Mar/2023:10:22:13 +0800] "GET /xingrg/dwr/engine.js HTTP/1.1" 200 43631
116.238.139.35 - - [03/Mar/2023:10:22:13 +0800] "GET /xingrg/words/20230303100706_words.js HTTP/1.1" 200 950592
116.238.139.35 - - [03/Mar/2023:10:22:13 +0800] "GET /xingrg/javascript/jquery_easy_ui/themes/icons/copy_new.png HTTP/1.1" 200 815
116.238.139.35 - - [03/Mar/2023:10:22:13 +0800] "GET /xingrg/javascript/jquery_easy_ui/themes/icons/template_new.png HTTP/1.1" 200 3956
222.70.182.154 - - [03/Mar/2023:10:22:13 +0800] "POST /xingrg/dwr/call/plaincall/AjaxCheckService.setItemNumber.dwr HTTP/1.1" 200 78
116.192.124.172 - - [03/Mar/2023:10:22:14 +0800] "GET /xingrg/kc/buy/cgsh_order_operate.html?command=get_materiel&rest_code=00102&code=00101008003&supplier_code=00100008&order_time=2023-03-03 HTTP/1.1" 200 408
222.70.182.154 - - [03/Mar/2023:10:22:15 +0800] "POST /xingrg/dwr/call/plaincall/AjaxCheckService.setItemNumber.dwr HTTP/1.1" 200 78
180.169.147.146 - - [03/Mar/2023:10:22:15 +0800] "GET /xingrg/check_reg.html?_=1677810154916 HTTP/1.1" 200 22
180.169.147.146 - - [03/Mar/2023:10:22:15 +0800] "GET /xingrg/all/function/internal_message.html?_=1677810154914&CODE_STATE=getMsg HTTP/1.1" 200 27
116.237.78.19 - - [03/Mar/2023:10:22:15 +0800] "GET /xingrg/kc/mdqp/qp_main.html HTTP/1.1" 200 10633
222.70.182.154 - - [03/Mar/2023:10:22:16 +0800] "POST /xingrg/dwr/call/plaincall/AjaxCheckService.setItemNumber.dwr HTTP/1.1" 200 78
222.70.182.154 - - [03/Mar/2023:10:22:17 +0800] "POST /xingrg/dwr/call/plaincall/AjaxCheckService.setItemNumber.dwr HTTP/1.1" 200 78
116.237.78.19 - - [03/Mar/2023:10:22:17 +0800] "GET /xingrg/images/yd/bt.gif HTTP/1.1" 404 1040
116.237.78.19 - - [03/Mar/2023:10:22:17 +0800] "GET /xingrg/kc/mdqp/pssh_order_list.html HTTP/1.1" 200 17844
116.237.78.19 - - [03/Mar/2023:10:22:18 +0800] "POST /xingrg/kc/mdqp/pssh_list_operate.html HTTP/1.1" 200 5453
116.192.124.172 - - [03/Mar/2023:10:22:18 +0800] "POST /xingrg/kc/buy/cgsh_order_operate.html HTTP/1.1" 200 2065
222.70.182.154 - - [03/Mar/2023:10:22:19 +0800] "POST /xingrg/kc/buy/cgsh_order_operate.html HTTP/1.1" 200 37
116.237.78.19 - - [03/Mar/2023:10:22:19 +0800] "POST /xingrg/kc/mdqp/pssh_list_operate.html HTTP/1.1" 200 769
116.237.78.19 - - [03/Mar/2023:10:22:19 +0800] "GET /xingrg/kc/mdqp/pssh_order_info.html?code=312023030100015 HTTP/1.1" 200 14390
116.237.78.19 - - [03/Mar/2023:10:22:19 +0800] "GET /xingrg/javascript/jquery_tools/jquery-1.4.2.min.js HTTP/1.1" 404 1094
116.237.78.19 - - [03/Mar/2023:10:22:20 +0800] "GET /xingrg/javascript/easyui/themes/default/validatebox.css HTTP/1.1" 404 1104
116.237.78.19 - - [03/Mar/2023:10:22:20 +0800] "POST /xingrg/kc/mdqp/pssh_order_operate.html HTTP/1.1" 200 3697
222.70.182.154 - - [03/Mar/2023:10:22:21 +0800] "POST /xingrg/dwr/call/plaincall/AjaxCheckService.setItemNumber.dwr HTTP/1.1" 200 78
180.169.147.146 - - [03/Mar/2023:10:22:21 +0800] "GET /xingrg/all/function/internal_message.html?_=1677810161953&CODE_STATE=getMsg HTTP/1.1" 302 -
58.40.7.146 - - [03/Mar/2023:10:22:22 +0800] "GET /xingrg/all/function/internal_message.html?_=1677810161188&CODE_STATE=getMsg HTTP/1.1" 200 27
116.238.139.35 - - [03/Mar/2023:10:22:22 +0800] "POST /xingrg/dwr/call/plaincall/AjaxQqpsService.saveOrder.dwr HTTP/1.1" 200 78
222.70.182.154 - - [03/Mar/2023:10:22:22 +0800] "POST /xingrg/kc/buy/cgsh_order_operate.html HTTP/1.1" 200 36397
116.192.124.172 - - [03/Mar/2023:10:22:22 +0800] "GET /xingrg/all/function/internal_message.html?_=1677810162311&CODE_STATE=getMsg HTTP/1.1" 200 27
222.70.182.154 - - [03/Mar/2023:10:22:23 +0800] "POST /xingrg/dwr/call/plaincall/AjaxCheckService.setItemNumber.dwr HTTP/1.1" 200 78
222.70.182.154 - - [03/Mar/2023:10:22:23 +0800] "POST /xingrg/dwr/call/plaincall/AjaxCheckService.setItemNumber.dwr HTTP/1.1" 200 78
222.70.182.154 - - [03/Mar/2023:10:22:23 +0800] "GET /xingrg/kc/print/load_data.html?order_code=212023030300790&kc_code=cgsh&condition= HTTP/1.1" 200 13480
116.225.84.253 - - [03/Mar/2023:10:22:23 +0800] "GET /xingrg/all/function/internal_message.html?_=1677810166216&CODE_STATE=getMsg HTTP/1.1" 200 27
116.237.78.19 - - [03/Mar/2023:10:22:24 +0800] "POST /xingrg/kc/buy/cgsh_list_operate.html HTTP/1.1" 200 2299
116.192.124.172 - - [03/Mar/2023:10:22:25 +0800] "GET /xingrg/kc/buy/cgsh_order_operate.html?command=get_materiel&rest_code=00102&code=00101008137&supplier_code=00100008&order_time=2023-03-03 HTTP/1.1" 200 408
222.70.182.154 - - [03/Mar/2023:10:22:25 +0800] "POST /xingrg/dwr/call/plaincall/AjaxCheckService.setItemNumber.dwr HTTP/1.1" 200 78
116.238.139.35 - - [03/Mar/2023:10:22:27 +0800] "POST /xingrg/dwr/call/plaincall/AjaxQqpsService.getMaterielByCode.dwr HTTP/1.1" 200 3861
222.70.182.154 - - [03/Mar/2023:10:22:28 +0800] "POST /xingrg/dwr/call/plaincall/AjaxCheckService.setItemNumber.dwr HTTP/1.1" 200 78
114.83.219.234 - - [03/Mar/2023:10:22:28 +0800] "GET /xingrg/all/function/internal_message.html?_=1677810165129&CODE_STATE=getMsg HTTP/1.1" 200 27
222.70.182.154 - - [03/Mar/2023:10:22:28 +0800] "POST /xingrg/dwr/call/plaincall/AjaxCheckService.setItemNumber.dwr HTTP/1.1" 200 78
116.192.124.172 - - [03/Mar/2023:10:22:28 +0800] "GET /xingrg/all/function/internal_message.html?_=1677810175100&CODE_STATE=getMsg HTTP/1.1" 200 27
222.70.182.154 - - [03/Mar/2023:10:22:30 +0800] "POST /xingrg/dwr/call/plaincall/AjaxCheckService.setItemNumber.dwr HTTP/1.1" 200 78
116.238.139.35 - - [03/Mar/2023:10:22:30 +0800] "POST /xingrg/dwr/call/plaincall/AjaxQqpsService.saveMaterielItem.dwr HTTP/1.1" 200 78
222.70.182.154 - - [03/Mar/2023:10:22:31 +0800] "GET /xingrg/all/function/internal_message.html?_=1677810167982&CODE_STATE=getMsg HTTP/1.1" 200 27
180.163.28.143 - - [03/Mar/2023:10:22:31 +0800] "GET /xingrg/kc/buy/cgsh_order_operate.html?command=get_materiel&rest_code=00106&code=00102003682&supplier_code=00100077&order_time=2023-03-03 HTTP/1.1" 302 -
180.163.28.143 - - [03/Mar/2023:10:22:31 +0800] "GET /xingrg/login.html HTTP/1.1" 200 7641
58.40.7.146 - - [03/Mar/2023:10:22:33 +0800] "GET /xingrg/all/function/internal_message.html?_=1677810172727&CODE_STATE=getMsg HTTP/1.1" 200 27
116.225.84.253 - - [03/Mar/2023:10:22:33 +0800] "GET /xingrg/all/function/internal_message.html?_=1677810016861&CODE_STATE=getMsg HTTP/1.1" 200 27
116.192.124.172 - - [03/Mar/2023:10:22:33 +0800] "GET /xingrg/kc/buy/cgsh_order_operate.html?command=get_materiel&rest_code=00102&code=00101008355&supplier_code=00100008&order_time=2023-03-03 HTTP/1.1" 200 408
222.70.182.154 - - [03/Mar/2023:10:22:36 +0800] "POST /xingrg/dwr/call/plaincall/AjaxCheckService.setItemNumber.dwr HTTP/1.1" 200 78
120.253.135.82 - - [03/Mar/2023:10:22:37 +0800] "GET /xingrg/all/function/internal_message.html?_=1677810001812&CODE_STATE=getMsg HTTP/1.1" 200 27
116.238.139.35 - - [03/Mar/2023:10:22:38 +0800] "POST /xingrg/dwr/call/plaincall/AjaxQqpsService.checkOrder.dwr HTTP/1.1" 200 78
116.238.139.35 - - [03/Mar/2023:10:22:40 +0800] "GET /xingrg/kc/mdqp/qqps_order_info.html?code=302023030300062 HTTP/1.1" 200 26649
116.238.139.35 - - [03/Mar/2023:10:22:40 +0800] "GET /xingrg/dwr/interface/AjaxComOrderService.js HTTP/1.1" 200 18264
116.238.139.35 - - [03/Mar/2023:10:22:40 +0800] "GET /xingrg/dwr/interface/AjaxQqpsService.js HTTP/1.1" 200 16326
116.238.139.35 - - [03/Mar/2023:10:22:40 +0800] "GET /xingrg/dwr/engine.js HTTP/1.1" 200 43631
116.238.139.35 - - [03/Mar/2023:10:22:40 +0800] "POST /xingrg/dwr/call/plaincall/AjaxQqpsService.loadMaterielItems.dwr HTTP/1.1" 200 336
222.70.182.154 - - [03/Mar/2023:10:22:41 +0800] "POST /xingrg/dwr/call/plaincall/AjaxCheckService.setItemNumber.dwr HTTP/1.1" 200 78
58.221.95.50 - - [03/Mar/2023:10:22:41 +0800] "GET /xingrg/check_reg.html?_=1677810181182 HTTP/1.1" 200 22
180.163.28.68 - - [03/Mar/2023:10:22:41 +0800] "GET /xingrg/all/function/internal_message.html?_=1677810118769&CODE_STATE=getMsg HTTP/1.1" 302 -
180.163.28.68 - - [03/Mar/2023:10:22:41 +0800] "GET /xingrg/login.html HTTP/1.1" 200 7641
116.237.78.19 - - [03/Mar/2023:10:22:41 +0800] "GET /xingrg/all/function/internal_message.html?_=1677810178748&CODE_STATE=getMsg HTTP/1.1" 200 27
114.83.219.234 - - [03/Mar/2023:10:22:41 +0800] "POST /xingrg/kc/buy/cgsh_order_operate.html HTTP/1.1" 200 37
222.70.182.154 - - [03/Mar/2023:10:22:42 +0800] "POST /xingrg/dwr/call/plaincall/AjaxCheckService.setItemNumber.dwr HTTP/1.1" 200 78
116.232.36.9 - - [03/Mar/2023:10:22:42 +0800] "GET /favicon.ico HTTP/1.1" 404 -
180.164.3.199 - - [03/Mar/2023:10:22:43 +0800] "GET /xingrg/all/function/internal_message.html?_=1677810183073&CODE_STATE=getMsg HTTP/1.1" 200 27
180.164.3.199 - - [03/Mar/2023:10:22:43 +0800] "GET /xingrg/check_reg.html?_=1677810183074 HTTP/1.1" 200 22
222.70.182.154 - - [03/Mar/2023:10:22:43 +0800] "POST /xingrg/dwr/call/plaincall/AjaxCheckService.setItemNumber.dwr HTTP/1.1" 200 78
116.192.124.172 - - [03/Mar/2023:10:22:43 +0800] "GET /xingrg/kc/buy/cgsh_order_operate.html?command=get_materiel&rest_code=00102&code=00101008270&supplier_code=00100008&order_time=2023-03-03 HTTP/1.1" 200 414
180.169.147.146 - - [03/Mar/2023:10:22:44 +0800] "GET /xingrg/all/function/internal_message.html?_=1677810183648&CODE_STATE=getMsg HTTP/1.1" 200 27
180.169.147.146 - - [03/Mar/2023:10:22:44 +0800] "GET /xingrg/check_reg.html?_=1677810183650 HTTP/1.1" 200 22
116.238.139.35 - - [03/Mar/2023:10:22:44 +0800] "GET /xingrg/kc/mdqp/qqps_order_list.html?isBack=1 HTTP/1.1" 200 10096
116.238.139.35 - - [03/Mar/2023:10:22:44 +0800] "GET /xingrg/dwr/interface/AjaxReportQueryService.js HTTP/1.1" 200 13203
116.238.139.35 - - [03/Mar/2023:10:22:44 +0800] "GET /xingrg/dwr/interface/AjaxQqpsService.js HTTP/1.1" 200 16326
116.238.139.35 - - [03/Mar/2023:10:22:44 +0800] "GET /xingrg/dwr/engine.js HTTP/1.1" 200 43631
180.169.147.146 - - [03/Mar/2023:10:22:45 +0800] "GET /xingrg/all/function/internal_message.html?_=1677810183536&CODE_STATE=getMsg HTTP/1.1" 200 27
116.230.112.197 - - [03/Mar/2023:10:22:46 +0800] "GET /xingrg/all/function/internal_message.html?_=1677810203821&CODE_STATE=getMsg HTTP/1.1" 200 27
222.70.182.154 - - [03/Mar/2023:10:22:48 +0800] "POST /xingrg/dwr/call/plaincall/AjaxCheckService.setItemNumber.dwr HTTP/1.1" 200 78
116.238.139.35 - - [03/Mar/2023:10:22:48 +0800] "GET /xingrg/all/function/internal_message.html?_=1677810119826&CODE_STATE=getMsg HTTP/1.1" 200 27
172.20.0.100 - - [03/Mar/2023:10:22:48 +0800] "GET /xingrg/all/function/internal_message.html?_=1677810187216&CODE_STATE=getMsg HTTP/1.1" 200 27
114.83.219.234 - - [03/Mar/2023:10:22:49 +0800] "POST /xingrg/kc/buy/cgsh_order_operate.html HTTP/1.1" 200 12
116.237.78.19 - - [03/Mar/2023:10:22:49 +0800] "GET /xingrg/all/function/internal_message.html?_=1677810193116&CODE_STATE=getMsg HTTP/1.1" 200 27
222.70.182.154 - - [03/Mar/2023:10:22:50 +0800] "POST /xingrg/dwr/call/plaincall/AjaxCheckService.setItemNumber.dwr HTTP/1.1" 200 78
114.83.219.234 - - [03/Mar/2023:10:22:50 +0800] "GET /xingrg/kc/buy/cgsh_order_info.html?code=212023030300791 HTTP/1.1" 200 64949
114.83.219.234 - - [03/Mar/2023:10:22:50 +0800] "GET /xingrg/words/20230303100706_words.js HTTP/1.1" 304 -
114.83.219.234 - - [03/Mar/2023:10:22:50 +0800] "GET /xingrg/javascript/easyui/themes/default/validatebox.css HTTP/1.1" 404 1104
222.70.182.154 - - [03/Mar/2023:10:22:51 +0800] "POST /xingrg/dwr/call/plaincall/AjaxCheckService.setItemNumber.dwr HTTP/1.1" 200 78
116.238.139.35 - - [03/Mar/2023:10:22:51 +0800] "GET /xingrg/kc/report/report_main.html HTTP/1.1" 200 7340
222.70.182.154 - - [03/Mar/2023:10:22:52 +0800] "POST /xingrg/dwr/call/plaincall/AjaxCheckService.setItemNumber.dwr HTTP/1.1" 200 78
114.83.219.234 - - [03/Mar/2023:10:22:52 +0800] "POST /xingrg/kc/buy/cgsh_order_operate.html HTTP/1.1" 200 1200
116.224.106.218 - - [03/Mar/2023:10:22:52 +0800] "GET /xingrg/check_reg.html?_=1677810191617 HTTP/1.1" 200 22
116.192.124.172 - - [03/Mar/2023:10:22:52 +0800] "GET /xingrg/kc/buy/cgsh_order_operate.html?command=get_materiel&rest_code=00102&code=00101008357&supplier_code=00100008&order_time=2023-03-03 HTTP/1.1" 200 408
116.224.106.218 - - [03/Mar/2023:10:22:52 +0800] "GET /xingrg/all/function/internal_message.html?_=1677810191620&CODE_STATE=getMsg HTTP/1.1" 200 27
222.70.182.154 - - [03/Mar/2023:10:22:52 +0800] "POST /xingrg/dwr/call/plaincall/AjaxCheckService.setItemNumber.dwr HTTP/1.1" 200 78
114.83.219.234 - - [03/Mar/2023:10:22:52 +0800] "GET /xingrg/check_reg.html?_=1677810189379 HTTP/1.1" 200 22
116.238.139.35 - - [03/Mar/2023:10:22:53 +0800] "GET /xingrg/kc/base/crk_hz.html HTTP/1.1" 200 11247
116.238.139.35 - - [03/Mar/2023:10:22:53 +0800] "POST /xingrg/kc/cost/cost_operate.html?command=get_base_tree HTTP/1.1" 200 3643
116.238.139.35 - - [03/Mar/2023:10:22:53 +0800] "POST /xingrg/all/common/load_tree.html?tree=materiel_sort_tree_json HTTP/1.1" 200 9500
114.83.219.234 - - [03/Mar/2023:10:22:54 +0800] "GET /xingrg/kc/print/load_data.html?order_code=212023030300791&kc_code=cgsh&condition= HTTP/1.1" 200 925
222.70.182.154 - - [03/Mar/2023:10:22:55 +0800] "POST /xingrg/dwr/call/plaincall/AjaxCheckService.setItemNumber.dwr HTTP/1.1" 200 78
222.70.182.154 - - [03/Mar/2023:10:22:57 +0800] "POST /xingrg/dwr/call/plaincall/AjaxCheckService.setItemNumber.dwr HTTP/1.1" 200 78
116.192.124.172 - - [03/Mar/2023:10:23:00 +0800] "GET /xingrg/kc/buy/cgsh_order_operate.html?command=get_materiel&rest_code=00102&code=00101008169&supplier_code=00100008&order_time=2023-03-03 HTTP/1.1" 200 412
222.70.182.154 - - [03/Mar/2023:10:23:00 +0800] "GET /xingrg/check_reg.html?_=1677810276637 HTTP/1.1" 200 22
222.70.182.154 - - [03/Mar/2023:10:23:00 +0800] "GET /xingrg/all/function/internal_message.html?_=1677810276639&CODE_STATE=getMsg HTTP/1.1" 200 27
58.221.95.50 - - [03/Mar/2023:10:23:01 +0800] "GET /xingrg/all/function/internal_message.html?_=1677810201565&CODE_STATE=getMsg HTTP/1.1" 200 27
222.70.221.209 - - [03/Mar/2023:10:23:02 +0800] "GET /xingrg/all/function/internal_message.html?_=1677810330111&CODE_STATE=getMsg HTTP/1.1" 200 27
222.70.182.154 - - [03/Mar/2023:10:23:03 +0800] "POST /xingrg/dwr/call/plaincall/AjaxCheckService.setItemNumber.dwr HTTP/1.1" 200 78
116.192.124.172 - - [03/Mar/2023:10:23:03 +0800] "POST /xingrg/kc/buy/cgsh_order_operate.html HTTP/1.1" 200 2065
116.238.139.35 - - [03/Mar/2023:10:23:04 +0800] "GET /xingrg/kc/base/crk_hz.html?_=1677810205795&command=get_cost_id&end_date=2023-02-28&start_date=2023-02-01 HTTP/1.1" 200 51
180.169.147.146 - - [03/Mar/2023:10:23:04 +0800] "GET /xingrg/all/function/internal_message.html?_=1677810216764&CODE_STATE=getMsg HTTP/1.1" 302 -
116.238.139.35 - - [03/Mar/2023:10:23:04 +0800] "GET /xingrg/all/report/report_query.html?isQuery=1&onlyBody=1&rh=99999&rw=1800&varString=start:20230201,cost_id:4121,mid:20230201&fileName=kc/base/crk_hz_type_by_base.xml&queryString=&queryText=ÈÕÆÚ£º2023-02-01ÖÁ2023-02-28&tableQueryString=materiel_table$sp1$$sp$before_table$sp1$$sp$crk_table$sp1$order_day%20between%2020230201%20and%2020230228 HTTP/1.1" 200 49363
116.238.139.35 - - [03/Mar/2023:10:23:04 +0800] "GET /xingrg/dwr/interface/AjaxReportQueryService.js HTTP/1.1" 200 13203
116.238.139.35 - - [03/Mar/2023:10:23:04 +0800] "GET /xingrg/dwr/engine.js HTTP/1.1" 200 43631
116.238.139.35 - - [03/Mar/2023:10:23:05 +0800] "GET /xingrg/all/function/internal_message.html?_=1677810207199&CODE_STATE=getMsg HTTP/1.1" 200 27
222.70.182.154 - - [03/Mar/2023:10:23:06 +0800] "POST /xingrg/dwr/call/plaincall/AjaxCheckService.setItemNumber.dwr HTTP/1.1" 200 78
222.70.182.154 - - [03/Mar/2023:10:23:06 +0800] "POST /xingrg/dwr/call/plaincall/AjaxCheckService.setItemNumber.dwr HTTP/1.1" 200 78
114.83.222.182 - - [03/Mar/2023:10:23:06 +0800] "GET /xingrg/all/function/internal_message.html?_=1677810264023&CODE_STATE=getMsg HTTP/1.1" 200 27
101.229.22.234 - - [03/Mar/2023:10:23:06 +0800] "GET /xingrg/check_reg.html?_=1677810201981 HTTP/1.1" 200 22
101.229.22.234 - - [03/Mar/2023:10:23:06 +0800] "GET /xingrg/all/function/internal_message.html?_=1677810201977&CODE_STATE=getMsg HTTP/1.1" 200 27
116.238.139.35 - - [03/Mar/2023:10:23:06 +0800] "POST /xingrg/all/report/load_report_page.html HTTP/1.1" 200 812906
116.238.139.35 - - [03/Mar/2023:10:23:07 +0800] "GET /xingrg/servlets/image?cache=0.13138603873935417&image=px HTTP/1.1" 200 807
222.70.182.154 - - [03/Mar/2023:10:23:07 +0800] "POST /xingrg/dwr/call/plaincall/AjaxCheckService.setItemNumber.dwr HTTP/1.1" 200 78
116.192.124.172 - - [03/Mar/2023:10:23:08 +0800] "GET /xingrg/kc/buy/cgsh_order_operate.html?command=get_materiel&rest_code=00102&code=00101008213&supplier_code=00100008&order_time=2023-03-03 HTTP/1.1" 200 412
222.70.182.154 - - [03/Mar/2023:10:23:08 +0800] "POST /xingrg/dwr/call/plaincall/AjaxCheckService.setItemNumber.dwr HTTP/1.1" 200 78
180.163.28.143 - - [03/Mar/2023:10:23:08 +0800] "GET /xingrg/kc/print/load_data.html?order_code=212023030300760&kc_code=cgsh&condition= HTTP/1.1" 302 -
180.163.28.143 - - [03/Mar/2023:10:23:09 +0800] "GET /xingrg/login.html HTTP/1.1" 200 7641
222.70.182.154 - - [03/Mar/2023:10:23:10 +0800] "POST /xingrg/dwr/call/plaincall/AjaxCheckService.setItemNumber.dwr HTTP/1.1" 200 78
222.70.182.154 - - [03/Mar/2023:10:23:11 +0800] "POST /xingrg/dwr/call/plaincall/AjaxCheckService.setItemNumber.dwr HTTP/1.1" 200 78
222.70.182.154 - - [03/Mar/2023:10:23:12 +0800] "POST /xingrg/dwr/call/plaincall/AjaxCheckService.setItemNumber.dwr HTTP/1.1" 200 78
116.238.139.35 - - [03/Mar/2023:10:23:12 +0800] "GET /xingrg/kc/report/report_main.html HTTP/1.1" 200 7340
222.70.182.154 - - [03/Mar/2023:10:23:13 +0800] "POST /xingrg/dwr/call/plaincall/AjaxCheckService.setItemNumber.dwr HTTP/1.1" 200 78
116.238.139.35 - - [03/Mar/2023:10:23:13 +0800] "GET /xingrg/all/report/report_query.html?fileName=kc/buy/gys_amount.xml&rh=99999 HTTP/1.1" 200 52006
116.238.139.35 - - [03/Mar/2023:10:23:14 +0800] "GET /xingrg/dwr/interface/AjaxReportQueryService.js HTTP/1.1" 200 13203
116.238.139.35 - - [03/Mar/2023:10:23:14 +0800] "GET /xingrg/dwr/engine.js HTTP/1.1" 200 43631
116.238.139.35 - - [03/Mar/2023:10:23:14 +0800] "POST /xingrg/dwr/call/plaincall/AjaxReportQueryService.getFixDate.dwr HTTP/1.1" 200 111
222.70.182.154 - - [03/Mar/2023:10:23:14 +0800] "POST /xingrg/dwr/call/plaincall/AjaxCheckService.setItemNumber.dwr HTTP/1.1" 200 78
116.238.139.35 - - [03/Mar/2023:10:23:14 +0800] "POST /xingrg/all/common/load_tree.html?tree=materiel_sort_tree_json HTTP/1.1" 200 9500
116.238.139.35 - - [03/Mar/2023:10:23:14 +0800] "POST /xingrg/dwr/call/plaincall/AjaxReportQueryService.getInitString.dwr HTTP/1.1" 200 1617
116.238.139.35 - - [03/Mar/2023:10:23:15 +0800] "POST /xingrg/all/common/load_tree.html?tree=supplier_tree_json&manage=1 HTTP/1.1" 200 73018
180.169.147.146 - - [03/Mar/2023:10:23:15 +0800] "GET /xingrg/all/function/internal_message.html?_=1677810214911&CODE_STATE=getMsg HTTP/1.1" 200 27
116.192.124.172 - - [03/Mar/2023:10:23:16 +0800] "GET /xingrg/kc/buy/cgsh_order_operate.html?command=get_materiel&rest_code=00102&code=00101008017&supplier_code=00100008&order_time=2023-03-03 HTTP/1.1" 200 416
114.83.219.234 - - [03/Mar/2023:10:23:20 +0800] "GET /xingrg/kc/buy/cgsh_order_add.html HTTP/1.1" 200 70049
114.83.219.234 - - [03/Mar/2023:10:23:20 +0800] "POST /xingrg/kc/buy/cgsh_order_operate.html HTTP/1.1" 200 8245
114.83.219.234 - - [03/Mar/2023:10:23:20 +0800] "GET /xingrg/javascript/easyui/themes/default/validatebox.css HTTP/1.1" 404 1104
222.70.182.154 - - [03/Mar/2023:10:23:21 +0800] "POST /xingrg/dwr/call/plaincall/AjaxCheckService.setItemNumber.dwr HTTP/1.1" 200 78
180.169.147.146 - - [03/Mar/2023:10:23:21 +0800] "GET /xingrg/all/function/internal_message.html?_=1677810221975&CODE_STATE=getMsg HTTP/1.1" 302 -
222.70.182.154 - - [03/Mar/2023:10:23:21 +0800] "POST /xingrg/dwr/call/plaincall/AjaxCheckService.setItemNumber.dwr HTTP/1.1" 200 78
58.40.7.146 - - [03/Mar/2023:10:23:22 +0800] "GET /xingrg/all/function/internal_message.html?_=1677810221190&CODE_STATE=getMsg HTTP/1.1" 200 27
116.238.139.35 - - [03/Mar/2023:10:23:22 +0800] "POST /xingrg/dwr/call/plaincall/AjaxReportQueryService.refreshCache.dwr HTTP/1.1" 200 78
116.192.124.172 - - [03/Mar/2023:10:23:22 +0800] "GET /xingrg/all/function/internal_message.html?_=1677810222300&CODE_STATE=getMsg HTTP/1.1" 200 27
222.70.182.154 - - [03/Mar/2023:10:23:23 +0800] "POST /xingrg/dwr/call/plaincall/AjaxCheckService.setItemNumber.dwr HTTP/1.1" 200 78
116.225.84.253 - - [03/Mar/2023:10:23:23 +0800] "GET /xingrg/all/function/internal_message.html?_=1677810226190&CODE_STATE=getMsg HTTP/1.1" 200 27
222.70.182.154 - - [03/Mar/2023:10:23:24 +0800] "POST /xingrg/dwr/call/plaincall/AjaxCheckService.setItemNumber.dwr HTTP/1.1" 200 78
222.70.182.154 - - [03/Mar/2023:10:23:25 +0800] "POST /xingrg/dwr/call/plaincall/AjaxCheckService.setItemNumber.dwr HTTP/1.1" 200 78
116.192.124.172 - - [03/Mar/2023:10:23:25 +0800] "GET /xingrg/kc/buy/cgsh_order_operate.html?command=get_materiel&rest_code=00102&code=00101008180&supplier_code=00100008&order_time=2023-03-03 HTTP/1.1" 200 412
116.237.78.19 - - [03/Mar/2023:10:23:25 +0800] "POST /xingrg/kc/buy/cgsh_list_operate.html HTTP/1.1" 200 2299
222.70.182.154 - - [03/Mar/2023:10:23:26 +0800] "POST /xingrg/dwr/call/plaincall/AjaxCheckService.setItemNumber.dwr HTTP/1.1" 200 78
116.238.139.35 - - [03/Mar/2023:10:23:26 +0800] "POST /xingrg/all/report/load_report_page.html HTTP/1.1" 200 166007
116.238.139.35 - - [03/Mar/2023:10:23:26 +0800] "GET /xingrg/servlets/image?cache=0.6248810943580962&image=px HTTP/1.1" 200 807
222.70.182.154 - - [03/Mar/2023:10:23:27 +0800] "POST /xingrg/dwr/call/plaincall/AjaxCheckService.setItemNumber.dwr HTTP/1.1" 200 78
114.83.219.234 - - [03/Mar/2023:10:23:28 +0800] "GET /xingrg/all/function/internal_message.html?_=1677810225121&CODE_STATE=getMsg HTTP/1.1" 200 27
116.192.124.172 - - [03/Mar/2023:10:23:29 +0800] "GET /xingrg/check_reg.html?_=1677810235201 HTTP/1.1" 200 22
116.192.124.172 - - [03/Mar/2023:10:23:29 +0800] "GET /xingrg/all/function/internal_message.html?_=1677810235203&CODE_STATE=getMsg HTTP/1.1" 200 27
116.225.84.253 - - [03/Mar/2023:10:23:29 +0800] "POST /xingrg/services/DataTransmitService HTTP/1.1" 200 524
116.237.78.19 - - [03/Mar/2023:10:23:30 +0800] "POST /xingrg/kc/buy/cgsh_list_operate.html HTTP/1.1" 200 562
116.237.78.19 - - [03/Mar/2023:10:23:30 +0800] "GET /xingrg/kc/buy/cgsh_order_info.html?code=212023030300762 HTTP/1.1" 200 69970
116.237.78.19 - - [03/Mar/2023:10:23:30 +0800] "GET /xingrg/words/20230303100706_words.js HTTP/1.1" 304 -
116.237.78.19 - - [03/Mar/2023:10:23:30 +0800] "GET /xingrg/javascript/easyui/themes/default/validatebox.css HTTP/1.1" 404 1104
222.70.182.154 - - [03/Mar/2023:10:23:30 +0800] "GET /xingrg/all/function/internal_message.html?_=1677810227962&CODE_STATE=getMsg HTTP/1.1" 200 27
222.70.182.154 - - [03/Mar/2023:10:23:31 +0800] "GET /xingrg/check_reg.html?_=1677810228043 HTTP/1.1" 200 22
116.237.78.19 - - [03/Mar/2023:10:23:31 +0800] "POST /xingrg/kc/buy/cgsh_order_operate.html HTTP/1.1" 200 12099
222.70.182.154 - - [03/Mar/2023:10:23:32 +0800] "POST /xingrg/dwr/call/plaincall/AjaxCheckService.setItemNumber.dwr HTTP/1.1" 200 78
58.40.7.146 - - [03/Mar/2023:10:23:33 +0800] "GET /xingrg/check_reg.html?_=1677810232731 HTTP/1.1" 200 22
58.40.7.146 - - [03/Mar/2023:10:23:33 +0800] "GET /xingrg/all/function/internal_message.html?_=1677810232733&CODE_STATE=getMsg HTTP/1.1" 200 27
116.225.84.253 - - [03/Mar/2023:10:23:33 +0800] "GET /xingrg/all/function/internal_message.html?_=1677810076871&CODE_STATE=getMsg HTTP/1.1" 200 27
222.70.182.154 - - [03/Mar/2023:10:23:33 +0800] "POST /xingrg/dwr/call/plaincall/AjaxCheckService.setItemNumber.dwr HTTP/1.1" 200 78
222.70.182.154 - - [03/Mar/2023:10:23:35 +0800] "POST /xingrg/dwr/call/plaincall/AjaxCheckService.setItemNumber.dwr HTTP/1.1" 200 78
222.70.182.154 - - [03/Mar/2023:10:23:36 +0800] "POST /xingrg/dwr/call/plaincall/AjaxCheckService.setItemNumber.dwr HTTP/1.1" 200 78
120.253.135.82 - - [03/Mar/2023:10:23:37 +0800] "GET /xingrg/all/function/internal_message.html?_=1677810061913&CODE_STATE=getMsg HTTP/1.1" 200 27
180.163.29.206 - - [03/Mar/2023:10:23:41 +0800] "GET /xingrg/all/function/internal_message.html?_=1677810178748&CODE_STATE=getMsg HTTP/1.1" 302 -
180.163.29.206 - - [03/Mar/2023:10:23:41 +0800] "GET /xingrg/login.html HTTP/1.1" 200 7641
116.237.78.19 - - [03/Mar/2023:10:23:41 +0800] "GET /xingrg/all/function/internal_message.html?_=1677810238723&CODE_STATE=getMsg HTTP/1.1" 200 27
116.237.78.19 - - [03/Mar/2023:10:23:42 +0800] "GET /xingrg/check_reg.html?_=1677810239400 HTTP/1.1" 200 22
180.164.3.199 - - [03/Mar/2023:10:23:43 +0800] "GET /xingrg/all/function/internal_message.html?_=1677810243068&CODE_STATE=getMsg HTTP/1.1" 200 27
222.70.182.154 - - [03/Mar/2023:10:23:43 +0800] "POST /xingrg/dwr/call/plaincall/AjaxCheckService.setItemNumber.dwr HTTP/1.1" 200 78
180.169.147.146 - - [03/Mar/2023:10:23:44 +0800] "GET /xingrg/all/function/internal_message.html?_=1677810243649&CODE_STATE=getMsg HTTP/1.1" 200 27
222.70.182.154 - - [03/Mar/2023:10:23:44 +0800] "POST /xingrg/dwr/call/plaincall/AjaxCheckService.setItemNumber.dwr HTTP/1.1" 200 78
222.70.182.154 - - [03/Mar/2023:10:23:44 +0800] "POST /xingrg/dwr/call/plaincall/AjaxCheckService.setItemNumber.dwr HTTP/1.1" 200 78
180.169.147.146 - - [03/Mar/2023:10:23:45 +0800] "GET /xingrg/all/function/internal_message.html?_=1677810243549&CODE_STATE=getMsg HTTP/1.1" 200 27
116.230.112.197 - - [03/Mar/2023:10:23:46 +0800] "GET /xingrg/all/function/internal_message.html?_=1677810263844&CODE_STATE=getMsg HTTP/1.1" 200 27
120.253.135.82 - - [03/Mar/2023:10:23:48 +0800] "GET /xingrg/login.html HTTP/1.1" 200 7641
116.238.139.35 - - [03/Mar/2023:10:23:48 +0800] "GET /xingrg/all/function/internal_message.html?_=1677810179834&CODE_STATE=getMsg HTTP/1.1" 200 27
172.20.0.100 - - [03/Mar/2023:10:23:48 +0800] "GET /xingrg/all/function/internal_message.html?_=1677810247219&CODE_STATE=getMsg HTTP/1.1" 200 27
120.253.135.82 - - [03/Mar/2023:10:23:48 +0800] "GET /favicon.ico HTTP/1.1" 404 -
116.237.78.19 - - [03/Mar/2023:10:23:49 +0800] "GET /xingrg/all/function/internal_message.html?_=1677810253117&CODE_STATE=getMsg HTTP/1.1" 200 27
116.192.124.172 - - [03/Mar/2023:10:23:51 +0800] "POST /xingrg/kc/buy/cgsh_order_operate.html HTTP/1.1" 200 37
120.253.135.82 - - [03/Mar/2023:10:23:52 +0800] "POST /xingrg/login.do HTTP/1.1" 302 -
120.253.135.82 - - [03/Mar/2023:10:23:52 +0800] "GET /xingrg/index.html?sysBaseUrl=http%3A%2F%2F180.169.147.146%3A18081%2Fxingrg%2F&costTime=48×tamp=1677810232048 HTTP/1.1" 200 17173
116.224.106.218 - - [03/Mar/2023:10:23:52 +0800] "GET /xingrg/all/function/internal_message.html?_=1677810251623&CODE_STATE=getMsg HTTP/1.1" 200 27
222.70.182.154 - - [03/Mar/2023:10:23:52 +0800] "POST /xingrg/dwr/call/plaincall/AjaxCheckService.setItemNumber.dwr HTTP/1.1" 200 78
120.253.135.82 - - [03/Mar/2023:10:23:52 +0800] "POST /xingrg/all/common/load_tree.html?tree=area_rest_tree_json&manage=1 HTTP/1.1" 200 344
120.253.135.82 - - [03/Mar/2023:10:23:52 +0800] "POST /xingrg/load_menu.html HTTP/1.1" 200 6743
120.253.135.82 - - [03/Mar/2023:10:23:52 +0800] "GET /xingrg/all/function/internal_message.html?_=1677810379538&CODE_STATE=count HTTP/1.1" 200 11
120.253.135.82 - - [03/Mar/2023:10:23:52 +0800] "GET /xingrg/check_reg.html?_=1677810379540 HTTP/1.1" 200 22
222.70.182.154 - - [03/Mar/2023:10:23:53 +0800] "POST /xingrg/dwr/call/plaincall/AjaxCheckService.setItemNumber.dwr HTTP/1.1" 200 78
222.70.182.154 - - [03/Mar/2023:10:23:55 +0800] "POST /xingrg/dwr/call/plaincall/AjaxCheckService.setItemNumber.dwr HTTP/1.1" 200 78
222.70.182.154 - - [03/Mar/2023:10:23:56 +0800] "POST /xingrg/dwr/call/plaincall/AjaxCheckService.setItemNumber.dwr HTTP/1.1" 200 78
222.70.182.154 - - [03/Mar/2023:10:23:57 +0800] "POST /xingrg/dwr/call/plaincall/AjaxCheckService.setItemNumber.dwr HTTP/1.1" 200 78
222.70.182.154 - - [03/Mar/2023:10:23:58 +0800] "POST /xingrg/dwr/call/plaincall/AjaxCheckService.setItemNumber.dwr HTTP/1.1" 200 78
114.83.219.234 - - [03/Mar/2023:10:23:58 +0800] "GET /xingrg/kc/buy/cgsh_order_operate.html?command=get_materiel&rest_code=00149&code=00101002027&supplier_code=00100039&order_time=2023-03-03 HTTP/1.1" 200 413
222.70.182.154 - - [03/Mar/2023:10:23:59 +0800] "POST /xingrg/dwr/call/plaincall/AjaxCheckService.setItemNumber.dwr HTTP/1.1" 200 78
222.70.182.154 - - [03/Mar/2023:10:24:00 +0800] "GET /xingrg/all/function/internal_message.html?_=1677810336633&CODE_STATE=getMsg HTTP/1.1" 200 27
58.221.95.50 - - [03/Mar/2023:10:24:01 +0800] "GET /xingrg/all/function/internal_message.html?_=1677810261539&CODE_STATE=getMsg HTTP/1.1" 200 27
222.70.221.209 - - [03/Mar/2023:10:24:02 +0800] "GET /xingrg/all/function/internal_message.html?_=1677810390120&CODE_STATE=getMsg HTTP/1.1" 200 27
222.70.182.154 - - [03/Mar/2023:10:24:03 +0800] "POST /xingrg/dwr/call/plaincall/AjaxCheckService.setItemNumber.dwr HTTP/1.1" 200 78
222.70.182.154 - - [03/Mar/2023:10:24:04 +0800] "POST /xingrg/dwr/call/plaincall/AjaxCheckService.setItemNumber.dwr HTTP/1.1" 200 78
180.169.147.146 - - [03/Mar/2023:10:24:04 +0800] "GET /xingrg/check_reg.html?_=1677810276763 HTTP/1.1" 302 -
180.169.147.146 - - [03/Mar/2023:10:24:04 +0800] "GET /xingrg/all/function/internal_message.html?_=1677810276764&CODE_STATE=getMsg HTTP/1.1" 302 -
116.238.139.35 - - [03/Mar/2023:10:24:05 +0800] "GET /xingrg/all/function/internal_message.html?_=1677810267210&CODE_STATE=getMsg HTTP/1.1" 200 27
114.83.222.182 - - [03/Mar/2023:10:24:06 +0800] "GET /xingrg/all/function/internal_message.html?_=1677810324017&CODE_STATE=getMsg HTTP/1.1" 200 27
222.70.182.154 - - [03/Mar/2023:10:24:06 +0800] "POST /xingrg/dwr/call/plaincall/AjaxCheckService.setItemNumber.dwr HTTP/1.1" 200 78
101.229.22.234 - - [03/Mar/2023:10:24:06 +0800] "GET /xingrg/all/function/internal_message.html?_=1677810261980&CODE_STATE=getMsg HTTP/1.1" 200 27
222.70.182.154 - - [03/Mar/2023:10:24:07 +0800] "POST /xingrg/dwr/call/plaincall/AjaxCheckService.setItemNumber.dwr HTTP/1.1" 200 78
116.192.124.172 - - [03/Mar/2023:10:24:10 +0800] "POST /xingrg/kc/buy/cgsh_order_operate.html HTTP/1.1" 200 12
116.192.124.172 - - [03/Mar/2023:10:24:11 +0800] "GET /xingrg/check_reg.html?_=1677810270791 HTTP/1.1" 200 22
116.192.124.172 - - [03/Mar/2023:10:24:12 +0800] "GET /xingrg/kc/buy/cgsh_order_info.html?code=212023030300788 HTTP/1.1" 200 64904
116.192.124.172 - - [03/Mar/2023:10:24:13 +0800] "GET /xingrg/javascript/easyui/themes/default/validatebox.css HTTP/1.1" 404 1104
116.192.124.172 - - [03/Mar/2023:10:24:14 +0800] "POST /xingrg/kc/buy/cgsh_order_operate.html HTTP/1.1" 200 34326
180.169.147.146 - - [03/Mar/2023:10:24:15 +0800] "GET /xingrg/all/function/internal_message.html?_=1677810274904&CODE_STATE=getMsg HTTP/1.1" 200 27
180.169.147.146 - - [03/Mar/2023:10:24:21 +0800] "GET /xingrg/all/function/internal_message.html?_=1677810281981&CODE_STATE=getMsg HTTP/1.1" 302 -
58.40.7.146 - - [03/Mar/2023:10:24:22 +0800] "GET /xingrg/check_reg.html?_=1677810281192 HTTP/1.1" 200 22
58.40.7.146 - - [03/Mar/2023:10:24:22 +0800] "GET /xingrg/all/function/internal_message.html?_=1677810281192&CODE_STATE=getMsg HTTP/1.1" 200 27
116.192.124.172 - - [03/Mar/2023:10:24:22 +0800] "GET /xingrg/all/function/internal_message.html?_=1677810282282&CODE_STATE=getMsg HTTP/1.1" 200 27
116.225.84.253 - - [03/Mar/2023:10:24:23 +0800] "GET /xingrg/all/function/internal_message.html?_=1677810286163&CODE_STATE=getMsg HTTP/1.1" 200 27
116.225.84.253 - - [03/Mar/2023:10:24:24 +0800] "GET /xingrg/check_reg.html?_=1677810287211 HTTP/1.1" 200 22
114.83.219.234 - - [03/Mar/2023:10:24:28 +0800] "GET /xingrg/all/function/internal_message.html?_=1677810285095&CODE_STATE=getMsg HTTP/1.1" 200 27
116.192.124.172 - - [03/Mar/2023:10:24:29 +0800] "GET /xingrg/all/function/internal_message.html?_=1677810295188&CODE_STATE=getMsg HTTP/1.1" 200 27
222.70.182.154 - - [03/Mar/2023:10:24:30 +0800] "GET /xingrg/all/function/internal_message.html?_=1677810287964&CODE_STATE=getMsg HTTP/1.1" 200 27
58.40.7.146 - - [03/Mar/2023:10:24:32 +0800] "GET /xingrg/all/function/internal_message.html?_=1677810292711&CODE_STATE=getMsg HTTP/1.1" 200 27
114.83.219.234 - - [03/Mar/2023:10:24:33 +0800] "GET /xingrg/kc/buy/cgsh_order_operate.html?command=get_materiel&rest_code=00149&code=00101003035&supplier_code=00100039&order_time=2023-03-03 HTTP/1.1" 200 431
116.225.84.253 - - [03/Mar/2023:10:24:33 +0800] "GET /xingrg/all/function/internal_message.html?_=1677810136887&CODE_STATE=getMsg HTTP/1.1" 200 27
222.70.182.154 - - [03/Mar/2023:10:24:35 +0800] "POST /xingrg/dwr/call/plaincall/AjaxCheckService.setItemNumber.dwr HTTP/1.1" 200 78
120.253.135.82 - - [03/Mar/2023:10:24:37 +0800] "GET /xingrg/all/function/internal_message.html?_=1677810121916&CODE_STATE=getMsg HTTP/1.1" 200 27
222.70.182.154 - - [03/Mar/2023:10:24:40 +0800] "POST /xingrg/dwr/call/plaincall/AjaxCheckService.setItemNumber.dwr HTTP/1.1" 200 78
180.163.30.100 - - [03/Mar/2023:10:24:41 +0800] "GET /xingrg/all/function/internal_message.html?_=1677810238723&CODE_STATE=getMsg HTTP/1.1" 302 -
180.163.30.100 - - [03/Mar/2023:10:24:41 +0800] "GET /xingrg/login.html HTTP/1.1" 200 7641
116.237.78.19 - - [03/Mar/2023:10:24:41 +0800] "GET /xingrg/all/function/internal_message.html?_=1677810298696&CODE_STATE=getMsg HTTP/1.1" 200 27
180.163.28.114 - - [03/Mar/2023:10:24:41 +0800] "GET /xingrg/check_reg.html?_=1677810239400 HTTP/1.1" 302 -
180.163.28.114 - - [03/Mar/2023:10:24:42 +0800] "GET /xingrg/login.html HTTP/1.1" 200 7641
180.164.3.199 - - [03/Mar/2023:10:24:43 +0800] "GET /xingrg/all/function/internal_message.html?_=1677810303085&CODE_STATE=getMsg HTTP/1.1" 200 27
180.169.147.146 - - [03/Mar/2023:10:24:44 +0800] "GET /xingrg/all/function/internal_message.html?_=1677810303650&CODE_STATE=getMsg HTTP/1.1" 200 27
180.169.147.146 - - [03/Mar/2023:10:24:45 +0800] "GET /xingrg/check_reg.html?_=1677810303547 HTTP/1.1" 200 22
180.169.147.146 - - [03/Mar/2023:10:24:45 +0800] "GET /xingrg/all/function/internal_message.html?_=1677810303548&CODE_STATE=getMsg HTTP/1.1" 200 27
116.230.112.197 - - [03/Mar/2023:10:24:46 +0800] "GET /xingrg/all/function/internal_message.html?_=1677810324051&CODE_STATE=getMsg HTTP/1.1" 200 27
116.238.139.35 - - [03/Mar/2023:10:24:47 +0800] "GET /xingrg/check_reg.html?_=1677810238731 HTTP/1.1" 200 22
116.238.139.35 - - [03/Mar/2023:10:24:48 +0800] "GET /xingrg/all/function/internal_message.html?_=1677810239848&CODE_STATE=getMsg HTTP/1.1" 200 27
172.20.0.100 - - [03/Mar/2023:10:24:48 +0800] "GET /xingrg/all/function/internal_message.html?_=1677810307223&CODE_STATE=getMsg HTTP/1.1" 200 27
116.237.78.19 - - [03/Mar/2023:10:24:49 +0800] "GET /xingrg/all/function/internal_message.html?_=1677810313119&CODE_STATE=getMsg HTTP/1.1" 200 27
116.224.106.218 - - [03/Mar/2023:10:24:52 +0800] "GET /xingrg/all/function/internal_message.html?_=1677810311625&CODE_STATE=getMsg HTTP/1.1" 200 27
222.70.182.154 - - [03/Mar/2023:10:24:54 +0800] "POST /xingrg/dwr/call/plaincall/AjaxCheckService.setItemNumber.dwr HTTP/1.1" 200 78
222.67.232.202 - - [03/Mar/2023:10:24:55 +0800] "GET /favicon.ico HTTP/1.1" 404 -
114.83.219.234 - - [03/Mar/2023:10:24:56 +0800] "GET /xingrg/kc/buy/cgsh_order_operate.html?command=get_materiel&rest_code=00149&code=00101005037&supplier_code=00100039&order_time=2023-03-03 HTTP/1.1" 200 409
222.70.182.154 - - [03/Mar/2023:10:25:00 +0800] "GET /xingrg/all/function/internal_message.html?_=1677810396635&CODE_STATE=getMsg HTTP/1.1" 200 27
58.221.95.50 - - [03/Mar/2023:10:25:01 +0800] "GET /xingrg/all/function/internal_message.html?_=1677810321524&CODE_STATE=getMsg HTTP/1.1" 200 27
222.70.221.209 - - [03/Mar/2023:10:25:02 +0800] "GET /xingrg/all/function/internal_message.html?_=1677810450116&CODE_STATE=getMsg HTTP/1.1" 200 27
180.169.147.146 - - [03/Mar/2023:10:25:04 +0800] "GET /xingrg/all/function/internal_message.html?_=1677810336762&CODE_STATE=getMsg HTTP/1.1" 302 -
116.238.139.35 - - [03/Mar/2023:10:25:05 +0800] "GET /xingrg/all/function/internal_message.html?_=1677810327204&CODE_STATE=getMsg HTTP/1.1" 200 27
114.83.222.182 - - [03/Mar/2023:10:25:06 +0800] "GET /xingrg/all/function/internal_message.html?_=1677810384012&CODE_STATE=getMsg HTTP/1.1" 200 27
