114.83.219.234 - - [03/Mar/2023:10:04:39 +0800] "GET /xingrg/kc/buy/cgsh_order_info.html?code=212023030300784 HTTP/1.1" 200 64951
114.83.219.234 - - [03/Mar/2023:10:04:39 +0800] "GET /xingrg/javascript/easyui/themes/default/validatebox.css HTTP/1.1" 404 1104
114.83.219.234 - - [03/Mar/2023:10:04:40 +0800] "POST /xingrg/kc/buy/cgsh_order_operate.html HTTP/1.1" 200 1792
180.163.30.100 - - [03/Mar/2023:10:04:42 +0800] "GET /xingrg/check_reg.html?_=1677809039464 HTTP/1.1" 302 -
180.163.28.143 - - [03/Mar/2023:10:04:42 +0800] "GET /xingrg/all/function/internal_message.html?_=1677809039226&CODE_STATE=getMsg HTTP/1.1" 302 -
180.163.30.100 - - [03/Mar/2023:10:04:42 +0800] "GET /xingrg/login.html HTTP/1.1" 200 7641
116.237.78.19 - - [03/Mar/2023:10:04:42 +0800] "GET /xingrg/all/function/internal_message.html?_=1677809099201&CODE_STATE=getMsg HTTP/1.1" 200 27
180.163.28.143 - - [03/Mar/2023:10:04:42 +0800] "GET /xingrg/login.html HTTP/1.1" 200 7641
114.83.219.234 - - [03/Mar/2023:10:04:42 +0800] "GET /xingrg/kc/print/load_config.html?kc_code=cgsh HTTP/1.1" 200 1925
116.230.112.197 - - [03/Mar/2023:10:04:42 +0800] "GET /xingrg/kc/buy/cgsh_order_operate.html?command=get_materiel&rest_code=00146&code=00101008131&supplier_code=00100005&order_time=2023-03-03 HTTP/1.1" 200 408
114.83.219.234 - - [03/Mar/2023:10:04:43 +0800] "GET /xingrg/kc/print/load_data.html?order_code=212023030300784&kc_code=cgsh&condition= HTTP/1.1" 200 1160
180.164.3.199 - - [03/Mar/2023:10:04:43 +0800] "GET /xingrg/all/function/internal_message.html?_=1677809103076&CODE_STATE=getMsg HTTP/1.1" 200 27
180.169.147.146 - - [03/Mar/2023:10:04:44 +0800] "GET /xingrg/all/function/internal_message.html?_=1677809103631&CODE_STATE=getMsg HTTP/1.1" 200 27
180.169.147.146 - - [03/Mar/2023:10:04:45 +0800] "GET /xingrg/check_reg.html?_=1677809103549 HTTP/1.1" 200 22
180.169.147.146 - - [03/Mar/2023:10:04:45 +0800] "GET /xingrg/all/function/internal_message.html?_=1677809103550&CODE_STATE=getMsg HTTP/1.1" 200 27
116.230.112.197 - - [03/Mar/2023:10:04:45 +0800] "GET /xingrg/all/function/internal_message.html?_=1677809123082&CODE_STATE=getMsg HTTP/1.1" 200 27
222.70.182.154 - - [03/Mar/2023:10:04:46 +0800] "GET /xingrg/check_reg.html?_=1677809182145 HTTP/1.1" 200 22
222.70.182.154 - - [03/Mar/2023:10:04:46 +0800] "GET /xingrg/all/function/internal_message.html?_=1677809182147&CODE_STATE=getMsg HTTP/1.1" 200 27
222.70.182.154 - - [03/Mar/2023:10:04:46 +0800] "GET /xingrg/kc/buy/cgsh_order_operate.html?command=get_materiel&rest_code=00111&code=00101008131&supplier_code=00100005&order_time=2023-03-03 HTTP/1.1" 200 408
116.238.139.35 - - [03/Mar/2023:10:04:46 +0800] "GET /xingrg/check_reg.html?_=1677809038637 HTTP/1.1" 200 22
116.238.139.35 - - [03/Mar/2023:10:04:47 +0800] "GET /xingrg/all/function/internal_message.html?_=1677809038890&CODE_STATE=getMsg HTTP/1.1" 200 27
172.20.0.100 - - [03/Mar/2023:10:04:48 +0800] "GET /xingrg/all/function/internal_message.html?_=1677809107214&CODE_STATE=getMsg HTTP/1.1" 200 27
116.237.78.19 - - [03/Mar/2023:10:04:49 +0800] "GET /xingrg/all/function/internal_message.html?_=1677809113111&CODE_STATE=getMsg HTTP/1.1" 200 27
116.224.106.218 - - [03/Mar/2023:10:04:52 +0800] "GET /xingrg/all/function/internal_message.html?_=1677809111614&CODE_STATE=getMsg HTTP/1.1" 200 27
120.253.135.82 - - [03/Mar/2023:10:04:52 +0800] "GET /xingrg/kc/buy/cgsh_order_operate.html?command=get_materiel&rest_code=00101&code=00101020351&supplier_code=00100409&order_time=2023-03-03 HTTP/1.1" 200 456
120.253.135.82 - - [03/Mar/2023:10:04:54 +0800] "POST /xingrg/all/common/load_select.html HTTP/1.1" 200 25
116.230.112.197 - - [03/Mar/2023:10:04:58 +0800] "GET /xingrg/kc/buy/cgsh_order_operate.html?command=get_materiel&rest_code=00146&code=00101008296&supplier_code=00100005&order_time=2023-03-03 HTTP/1.1" 200 416
120.253.135.82 - - [03/Mar/2023:10:04:59 +0800] "GET /xingrg/kc/buy/cgsh_order_operate.html?command=get_materiel_price&rest_code=00101&code=00101020351&unit_code=00100041&supplier_code=00100409&order_time=2023-03-03 HTTP/1.1" 200 32
222.70.182.154 - - [03/Mar/2023:10:05:00 +0800] "GET /xingrg/kc/buy/cgsh_order_operate.html?command=get_materiel&rest_code=00111&code=00101008355&supplier_code=00100005&order_time=2023-03-03 HTTP/1.1" 200 408
58.221.95.50 - - [03/Mar/2023:10:05:02 +0800] "GET /xingrg/all/function/internal_message.html?_=1677809121904&CODE_STATE=getMsg HTTP/1.1" 200 27
222.70.221.209 - - [03/Mar/2023:10:05:02 +0800] "GET /xingrg/all/function/internal_message.html?_=1677809250128&CODE_STATE=getMsg HTTP/1.1" 200 27
180.169.147.146 - - [03/Mar/2023:10:05:04 +0800] "GET /xingrg/all/function/internal_message.html?_=1677809136728&CODE_STATE=getMsg HTTP/1.1" 302 -
116.238.139.35 - - [03/Mar/2023:10:05:05 +0800] "GET /xingrg/all/function/internal_message.html?_=1677809127194&CODE_STATE=getMsg HTTP/1.1" 200 27
114.83.222.182 - - [03/Mar/2023:10:05:06 +0800] "GET /xingrg/all/function/internal_message.html?_=1677809184022&CODE_STATE=getMsg HTTP/1.1" 200 27
101.229.22.234 - - [03/Mar/2023:10:05:06 +0800] "GET /xingrg/all/function/internal_message.html?_=1677809121971&CODE_STATE=getMsg HTTP/1.1" 200 27
180.169.147.146 - - [03/Mar/2023:10:05:06 +0800] "GET /xingrg/system/info/materiel_manager.html HTTP/1.1" 200 19497
180.169.147.146 - - [03/Mar/2023:10:05:07 +0800] "GET /xingrg/css/xtree.css HTTP/1.1" 200 880
180.169.147.146 - - [03/Mar/2023:10:05:07 +0800] "GET /xingrg/dwr/interface/AjaxBaseInfoService.js HTTP/1.1" 200 21363
180.169.147.146 - - [03/Mar/2023:10:05:07 +0800] "GET /xingrg/javascript/jquery_ui/themes/base/base.css HTTP/1.1" 200 28568
180.169.147.146 - - [03/Mar/2023:10:05:07 +0800] "GET /xingrg/dwr/engine.js HTTP/1.1" 200 43631
180.169.147.146 - - [03/Mar/2023:10:05:07 +0800] "GET /xingrg/javascript/xtree.js HTTP/1.1" 200 26582
180.169.147.146 - - [03/Mar/2023:10:05:07 +0800] "GET /xingrg/dwr/interface/AjaxComOrderService.js HTTP/1.1" 200 18264
180.169.147.146 - - [03/Mar/2023:10:05:08 +0800] "GET /xingrg/images/xtree/openfoldericon.png HTTP/1.1" 200 232
180.169.147.146 - - [03/Mar/2023:10:05:08 +0800] "GET /xingrg/javascript/jquery_easy_ui/themes/icons/import_new.png HTTP/1.1" 200 1247
180.169.147.146 - - [03/Mar/2023:10:05:08 +0800] "GET /xingrg/javascript/jquery_easy_ui/themes/icons/print_new.png HTTP/1.1" 200 3580
180.169.147.146 - - [03/Mar/2023:10:05:08 +0800] "POST /xingrg/dwr/call/plaincall/AjaxBaseInfoService.getSubMaterielSorts.dwr HTTP/1.1" 200 219
180.169.147.146 - - [03/Mar/2023:10:05:08 +0800] "GET /xingrg/images/xtree/foldericon.png HTTP/1.1" 200 229
180.169.147.146 - - [03/Mar/2023:10:05:08 +0800] "GET /xingrg/images/xtree/Tplus.png HTTP/1.1" 200 222
180.169.147.146 - - [03/Mar/2023:10:05:08 +0800] "GET /xingrg/images/xtree/Lplus.png HTTP/1.1" 200 224
58.40.7.146 - - [03/Mar/2023:10:05:08 +0800] "GET /xingrg/all/function/internal_message.html?_=1677809128310&CODE_STATE=getMsg HTTP/1.1" 200 27
180.169.147.146 - - [03/Mar/2023:10:05:08 +0800] "POST /xingrg/dwr/call/plaincall/AjaxBaseInfoService.getMateriels.dwr HTTP/1.1" 200 2930
180.169.147.146 - - [03/Mar/2023:10:05:09 +0800] "POST /xingrg/dwr/call/plaincall/AjaxBaseInfoService.getSubMaterielSorts.dwr HTTP/1.1" 200 4044
180.169.147.146 - - [03/Mar/2023:10:05:09 +0800] "GET /xingrg/images/xtree/I.png HTTP/1.1" 200 148
180.169.147.146 - - [03/Mar/2023:10:05:09 +0800] "GET /xingrg/images/xtree/file.png HTTP/1.1" 200 251
180.169.147.146 - - [03/Mar/2023:10:05:09 +0800] "GET /xingrg/images/xtree/T.png HTTP/1.1" 200 152
180.169.147.146 - - [03/Mar/2023:10:05:09 +0800] "GET /xingrg/images/xtree/L.png HTTP/1.1" 200 153
180.169.147.146 - - [03/Mar/2023:10:05:09 +0800] "GET /xingrg/images/xtree/Tminus.png HTTP/1.1" 200 207
180.169.147.146 - - [03/Mar/2023:10:05:09 +0800] "POST /xingrg/dwr/call/plaincall/AjaxBaseInfoService.getMateriels.dwr HTTP/1.1" 200 2928
222.70.182.154 - - [03/Mar/2023:10:05:09 +0800] "GET /xingrg/kc/buy/cgsh_order_operate.html?command=get_materiel&rest_code=00111&code=00101008264&supplier_code=00100005&order_time=2023-03-03 HTTP/1.1" 200 412
116.230.112.197 - - [03/Mar/2023:10:05:13 +0800] "GET /xingrg/kc/buy/cgsh_order_operate.html?command=get_materiel&rest_code=00146&code=00101008005&supplier_code=00100005&order_time=2023-03-03 HTTP/1.1" 200 412
222.70.221.209 - - [03/Mar/2023:10:05:13 +0800] "POST /xingrg/services/DataTransmitService HTTP/1.1" 200 524
180.169.147.146 - - [03/Mar/2023:10:05:15 +0800] "GET /xingrg/all/function/internal_message.html?_=1677809134884&CODE_STATE=getMsg HTTP/1.1" 200 27
180.169.147.146 - - [03/Mar/2023:10:05:16 +0800] "POST /xingrg/dwr/call/plaincall/AjaxBaseInfoService.getMateriels.dwr HTTP/1.1" 200 3327
116.192.124.172 - - [03/Mar/2023:10:05:17 +0800] "GET /xingrg/all/function/internal_message.html?_=1677809143803&CODE_STATE=getMsg HTTP/1.1" 200 27
180.169.147.146 - - [03/Mar/2023:10:05:18 +0800] "GET /xingrg/system/info/materiel_info.html?code=00101040&isAdd=1 HTTP/1.1" 200 37235
180.169.147.146 - - [03/Mar/2023:10:05:18 +0800] "GET /xingrg/dwr/interface/AjaxGetFirstChart.js HTTP/1.1" 200 631
180.169.147.146 - - [03/Mar/2023:10:05:18 +0800] "GET /xingrg/dwr/engine.js HTTP/1.1" 200 43631
180.169.147.146 - - [03/Mar/2023:10:05:18 +0800] "GET /favicon.ico HTTP/1.1" 404 -
180.169.147.146 - - [03/Mar/2023:10:05:18 +0800] "POST /xingrg/all/common/load_tree.html?tree=area_rest_tree_json HTTP/1.1" 200 3499
180.169.147.146 - - [03/Mar/2023:10:05:18 +0800] "POST /xingrg/dwr/call/plaincall/AjaxBaseInfoService.getMaterielInfo.dwr HTTP/1.1" 200 216
180.169.147.146 - - [03/Mar/2023:10:05:18 +0800] "POST /xingrg/all/common/load_tree.html?tree=area_rest_tree_json&defaultRests=undefined HTTP/1.1" 200 3499
120.253.135.82 - - [03/Mar/2023:10:05:20 +0800] "POST /xingrg/kc/buy/cgsh_order_operate.html HTTP/1.1" 200 37
116.230.112.197 - - [03/Mar/2023:10:05:20 +0800] "POST /xingrg/kc/buy/cgsh_order_operate.html HTTP/1.1" 200 2065
180.169.147.146 - - [03/Mar/2023:10:05:21 +0800] "GET /xingrg/all/function/internal_message.html?_=1677809141716&CODE_STATE=getMsg HTTP/1.1" 302 -
222.70.182.154 - - [03/Mar/2023:10:05:22 +0800] "GET /xingrg/kc/buy/cgsh_order_operate.html?command=get_materiel&rest_code=00111&code=00101008286&supplier_code=00100005&order_time=2023-03-03 HTTP/1.1" 200 408
120.253.135.82 - - [03/Mar/2023:10:05:22 +0800] "POST /xingrg/kc/buy/cgsh_order_operate.html HTTP/1.1" 200 2683
116.192.124.172 - - [03/Mar/2023:10:05:23 +0800] "GET /xingrg/all/function/internal_message.html?_=1677809142580&CODE_STATE=getMsg HTTP/1.1" 200 27
222.70.182.154 - - [03/Mar/2023:10:05:24 +0800] "POST /xingrg/kc/buy/cgsh_order_operate.html HTTP/1.1" 200 2065
116.225.84.253 - - [03/Mar/2023:10:05:24 +0800] "GET /xingrg/all/function/internal_message.html?_=1677809146588&CODE_STATE=getMsg HTTP/1.1" 200 27
120.253.135.82 - - [03/Mar/2023:10:05:24 +0800] "GET /xingrg/kc/print/load_config.html?kc_code=cgsh HTTP/1.1" 200 1925
120.253.135.82 - - [03/Mar/2023:10:05:24 +0800] "GET /xingrg/kc/print/load_data.html?order_code=212023030300785&kc_code=cgsh&condition= HTTP/1.1" 200 691
180.169.147.146 - - [03/Mar/2023:10:05:24 +0800] "POST /xingrg/dwr/call/plaincall/AjaxGetFirstChart.getFirstChart.dwr HTTP/1.1" 200 82
114.83.219.234 - - [03/Mar/2023:10:05:28 +0800] "GET /xingrg/all/function/internal_message.html?_=1677809145290&CODE_STATE=getMsg HTTP/1.1" 200 27
116.230.112.197 - - [03/Mar/2023:10:05:29 +0800] "GET /xingrg/kc/buy/cgsh_order_operate.html?command=get_materiel&rest_code=00146&code=00101008353&supplier_code=00100005&order_time=2023-03-03 HTTP/1.1" 200 408
222.70.182.154 - - [03/Mar/2023:10:05:30 +0800] "GET /xingrg/all/function/internal_message.html?_=1677809147951&CODE_STATE=getMsg HTTP/1.1" 200 27
180.169.147.146 - - [03/Mar/2023:10:05:31 +0800] "POST /xingrg/dwr/call/plaincall/AjaxBaseInfoService.changeUnitGroup.dwr HTTP/1.1" 200 308
222.70.182.154 - - [03/Mar/2023:10:05:31 +0800] "GET /xingrg/kc/buy/cgsh_order_operate.html?command=get_materiel&rest_code=00111&code=00101008288&supplier_code=00100005&order_time=2023-03-03 HTTP/1.1" 200 408
116.225.84.253 - - [03/Mar/2023:10:05:33 +0800] "GET /xingrg/all/function/internal_message.html?_=1677808996871&CODE_STATE=getMsg HTTP/1.1" 200 27
116.225.84.253 - - [03/Mar/2023:10:05:33 +0800] "GET /xingrg/check_reg.html?_=1677808996874 HTTP/1.1" 200 22
120.253.135.82 - - [03/Mar/2023:10:05:36 +0800] "GET /xingrg/all/function/internal_message.html?_=1677808981098&CODE_STATE=getMsg HTTP/1.1" 200 27
180.169.147.146 - - [03/Mar/2023:10:05:37 +0800] "POST /xingrg/dwr/call/plaincall/AjaxBaseInfoService.saveMateriel.dwr HTTP/1.1" 200 108
180.169.147.146 - - [03/Mar/2023:10:05:37 +0800] "POST /xingrg/dwr/call/plaincall/AjaxBaseInfoService.getMateriels.dwr HTTP/1.1" 200 3327
180.169.147.146 - - [03/Mar/2023:10:05:38 +0800] "GET /xingrg/system/info/materiel_info.html?code=00101040&isAdd=1 HTTP/1.1" 200 37235
180.169.147.146 - - [03/Mar/2023:10:05:38 +0800] "GET /xingrg/dwr/interface/AjaxGetFirstChart.js HTTP/1.1" 200 631
180.169.147.146 - - [03/Mar/2023:10:05:38 +0800] "GET /xingrg/dwr/interface/AjaxBaseInfoService.js HTTP/1.1" 200 21363
180.169.147.146 - - [03/Mar/2023:10:05:38 +0800] "GET /xingrg/dwr/interface/AjaxComOrderService.js HTTP/1.1" 200 18264
180.169.147.146 - - [03/Mar/2023:10:05:38 +0800] "GET /xingrg/dwr/engine.js HTTP/1.1" 200 43631
180.169.147.146 - - [03/Mar/2023:10:05:38 +0800] "POST /xingrg/all/common/load_tree.html?tree=area_rest_tree_json HTTP/1.1" 200 3499
180.169.147.146 - - [03/Mar/2023:10:05:38 +0800] "POST /xingrg/dwr/call/plaincall/AjaxBaseInfoService.getMaterielInfo.dwr HTTP/1.1" 200 216
180.169.147.146 - - [03/Mar/2023:10:05:38 +0800] "POST /xingrg/all/common/load_tree.html?tree=area_rest_tree_json&defaultRests=undefined HTTP/1.1" 200 3499
116.237.78.19 - - [03/Mar/2023:10:05:42 +0800] "GET /xingrg/all/function/internal_message.html?_=1677809159175&CODE_STATE=getMsg HTTP/1.1" 200 27
180.164.3.199 - - [03/Mar/2023:10:05:43 +0800] "GET /xingrg/all/function/internal_message.html?_=1677809163062&CODE_STATE=getMsg HTTP/1.1" 200 27
180.169.147.146 - - [03/Mar/2023:10:05:44 +0800] "GET /xingrg/all/function/internal_message.html?_=1677809163628&CODE_STATE=getMsg HTTP/1.1" 200 27
180.169.147.146 - - [03/Mar/2023:10:05:44 +0800] "POST /xingrg/dwr/call/plaincall/AjaxBaseInfoService.getMateriels.dwr HTTP/1.1" 200 1131
180.169.147.146 - - [03/Mar/2023:10:05:45 +0800] "GET /xingrg/all/function/internal_message.html?_=1677809163548&CODE_STATE=getMsg HTTP/1.1" 200 27
116.230.112.197 - - [03/Mar/2023:10:05:45 +0800] "GET /xingrg/all/function/internal_message.html?_=1677809183090&CODE_STATE=getMsg HTTP/1.1" 200 27
222.70.182.154 - - [03/Mar/2023:10:05:46 +0800] "GET /xingrg/all/function/internal_message.html?_=1677809242149&CODE_STATE=getMsg HTTP/1.1" 200 27
180.169.147.146 - - [03/Mar/2023:10:05:46 +0800] "GET /xingrg/system/info/materiel_info.html?code=01040080 HTTP/1.1" 200 37235
180.169.147.146 - - [03/Mar/2023:10:05:46 +0800] "GET /xingrg/dwr/engine.js HTTP/1.1" 200 43631
180.169.147.146 - - [03/Mar/2023:10:05:46 +0800] "POST /xingrg/all/common/load_tree.html?tree=area_rest_tree_json HTTP/1.1" 200 3499
180.169.147.146 - - [03/Mar/2023:10:05:46 +0800] "GET /favicon.ico HTTP/1.1" 404 -
180.169.147.146 - - [03/Mar/2023:10:05:46 +0800] "POST /xingrg/dwr/call/plaincall/AjaxBaseInfoService.getMaterielInfo.dwr HTTP/1.1" 200 627
180.169.147.146 - - [03/Mar/2023:10:05:46 +0800] "POST /xingrg/all/common/load_tree.html?tree=area_rest_tree_json&defaultRests=undefined HTTP/1.1" 200 3499
116.238.139.35 - - [03/Mar/2023:10:05:47 +0800] "GET /xingrg/all/function/internal_message.html?_=1677809098903&CODE_STATE=getMsg HTTP/1.1" 200 27
180.169.147.146 - - [03/Mar/2023:10:05:48 +0800] "POST /xingrg/dwr/call/plaincall/AjaxGetFirstChart.getFirstChart.dwr HTTP/1.1" 200 86
172.20.0.100 - - [03/Mar/2023:10:05:48 +0800] "GET /xingrg/all/function/internal_message.html?_=1677809167217&CODE_STATE=getMsg HTTP/1.1" 200 27
180.169.147.146 - - [03/Mar/2023:10:05:48 +0800] "POST /xingrg/dwr/call/plaincall/AjaxBaseInfoService.saveMateriel.dwr HTTP/1.1" 200 108
180.169.147.146 - - [03/Mar/2023:10:05:49 +0800] "POST /xingrg/dwr/call/plaincall/AjaxBaseInfoService.getMateriels.dwr HTTP/1.1" 200 1140
116.237.78.19 - - [03/Mar/2023:10:05:49 +0800] "GET /xingrg/check_reg.html?_=1677809173115 HTTP/1.1" 200 22
116.237.78.19 - - [03/Mar/2023:10:05:49 +0800] "GET /xingrg/all/function/internal_message.html?_=1677809173113&CODE_STATE=getMsg HTTP/1.1" 200 27
116.224.106.218 - - [03/Mar/2023:10:05:52 +0800] "GET /xingrg/all/function/internal_message.html?_=1677809171615&CODE_STATE=getMsg HTTP/1.1" 200 27
180.169.147.146 - - [03/Mar/2023:10:05:52 +0800] "GET /xingrg/system/info/materiel_info.html?code=00101040&isAdd=1 HTTP/1.1" 200 37235
180.169.147.146 - - [03/Mar/2023:10:05:52 +0800] "GET /xingrg/dwr/engine.js HTTP/1.1" 200 43631
180.169.147.146 - - [03/Mar/2023:10:05:52 +0800] "POST /xingrg/all/common/load_tree.html?tree=area_rest_tree_json HTTP/1.1" 200 3499
180.169.147.146 - - [03/Mar/2023:10:05:52 +0800] "GET /favicon.ico HTTP/1.1" 404 -
180.169.147.146 - - [03/Mar/2023:10:05:52 +0800] "POST /xingrg/dwr/call/plaincall/AjaxBaseInfoService.getMaterielInfo.dwr HTTP/1.1" 200 216
180.169.147.146 - - [03/Mar/2023:10:05:52 +0800] "POST /xingrg/all/common/load_tree.html?tree=area_rest_tree_json&defaultRests=undefined HTTP/1.1" 200 3499
222.70.182.154 - - [03/Mar/2023:10:05:53 +0800] "GET /xingrg/kc/buy/cgsh_order_operate.html?command=get_materiel&rest_code=00111&code=00101008095&supplier_code=00100005&order_time=2023-03-03 HTTP/1.1" 200 414
114.83.219.234 - - [03/Mar/2023:10:05:59 +0800] "GET /xingrg/kc/buy/cgsh_order_add.html HTTP/1.1" 200 70049
114.83.219.234 - - [03/Mar/2023:10:05:59 +0800] "GET /xingrg/words/20230303100548_words.js HTTP/1.1" 200 950462
114.83.219.234 - - [03/Mar/2023:10:05:59 +0800] "POST /xingrg/kc/buy/cgsh_order_operate.html HTTP/1.1" 200 8245
114.83.219.234 - - [03/Mar/2023:10:06:00 +0800] "GET /xingrg/javascript/easyui/themes/default/validatebox.css HTTP/1.1" 404 1104
58.221.95.50 - - [03/Mar/2023:10:06:02 +0800] "GET /xingrg/all/function/internal_message.html?_=1677809181887&CODE_STATE=getMsg HTTP/1.1" 200 27
222.70.221.209 - - [03/Mar/2023:10:06:02 +0800] "GET /xingrg/all/function/internal_message.html?_=1677809310109&CODE_STATE=getMsg HTTP/1.1" 200 27
180.169.147.146 - - [03/Mar/2023:10:06:04 +0800] "GET /xingrg/all/function/internal_message.html?_=1677809196726&CODE_STATE=getMsg HTTP/1.1" 302 -
116.238.139.35 - - [03/Mar/2023:10:06:05 +0800] "GET /xingrg/all/function/internal_message.html?_=1677809187184&CODE_STATE=getMsg HTTP/1.1" 200 27
114.83.222.182 - - [03/Mar/2023:10:06:06 +0800] "GET /xingrg/check_reg.html?_=1677809244021 HTTP/1.1" 200 22
101.229.22.234 - - [03/Mar/2023:10:06:06 +0800] "GET /xingrg/all/function/internal_message.html?_=1677809181973&CODE_STATE=getMsg HTTP/1.1" 200 27
114.83.222.182 - - [03/Mar/2023:10:06:06 +0800] "GET /xingrg/all/function/internal_message.html?_=1677809244030&CODE_STATE=getMsg HTTP/1.1" 200 27
222.70.182.154 - - [03/Mar/2023:10:06:06 +0800] "GET /xingrg/kc/buy/cgsh_order_operate.html?command=get_materiel&rest_code=00111&code=00101008357&supplier_code=00100005&order_time=2023-03-03 HTTP/1.1" 200 408
116.230.112.197 - - [03/Mar/2023:10:06:08 +0800] "GET /xingrg/kc/buy/cgsh_order_operate.html?command=get_materiel&rest_code=00146&code=00101008103&supplier_code=00100005&order_time=2023-03-03 HTTP/1.1" 200 419
58.40.7.146 - - [03/Mar/2023:10:06:08 +0800] "GET /xingrg/all/function/internal_message.html?_=1677809188310&CODE_STATE=getMsg HTTP/1.1" 200 27
180.169.147.146 - - [03/Mar/2023:10:06:11 +0800] "GET /xingrg/system/info/materiel_info.html?code=00101040&isAdd=1 HTTP/1.1" 200 37235
180.169.147.146 - - [03/Mar/2023:10:06:11 +0800] "GET /xingrg/dwr/engine.js HTTP/1.1" 200 43631
180.169.147.146 - - [03/Mar/2023:10:06:11 +0800] "GET /favicon.ico HTTP/1.1" 404 -
180.169.147.146 - - [03/Mar/2023:10:06:11 +0800] "POST /xingrg/all/common/load_tree.html?tree=area_rest_tree_json HTTP/1.1" 200 3499
180.169.147.146 - - [03/Mar/2023:10:06:11 +0800] "POST /xingrg/dwr/call/plaincall/AjaxBaseInfoService.getMaterielInfo.dwr HTTP/1.1" 200 216
180.169.147.146 - - [03/Mar/2023:10:06:11 +0800] "POST /xingrg/all/common/load_tree.html?tree=area_rest_tree_json&defaultRests=undefined HTTP/1.1" 200 3499
180.169.147.146 - - [03/Mar/2023:10:06:15 +0800] "GET /xingrg/all/function/internal_message.html?_=1677809194890&CODE_STATE=getMsg HTTP/1.1" 200 27
222.70.182.154 - - [03/Mar/2023:10:06:16 +0800] "GET /xingrg/kc/buy/cgsh_order_operate.html?command=get_materiel&rest_code=00111&code=00101008163&supplier_code=00100005&order_time=2023-03-03 HTTP/1.1" 200 409
116.192.124.172 - - [03/Mar/2023:10:06:17 +0800] "GET /xingrg/check_reg.html?_=1677809203807 HTTP/1.1" 200 22
116.192.124.172 - - [03/Mar/2023:10:06:17 +0800] "GET /xingrg/all/function/internal_message.html?_=1677809203813&CODE_STATE=getMsg HTTP/1.1" 200 27
180.169.147.146 - - [03/Mar/2023:10:06:21 +0800] "GET /xingrg/all/function/internal_message.html?_=1677809201720&CODE_STATE=getMsg HTTP/1.1" 302 -
116.192.124.172 - - [03/Mar/2023:10:06:23 +0800] "GET /xingrg/all/function/internal_message.html?_=1677809202568&CODE_STATE=getMsg HTTP/1.1" 200 27
116.225.84.253 - - [03/Mar/2023:10:06:24 +0800] "GET /xingrg/all/function/internal_message.html?_=1677809206568&CODE_STATE=getMsg HTTP/1.1" 200 27
180.169.147.146 - - [03/Mar/2023:10:06:24 +0800] "POST /xingrg/dwr/call/plaincall/AjaxGetFirstChart.getFirstChart.dwr HTTP/1.1" 200 84
222.70.182.154 - - [03/Mar/2023:10:06:24 +0800] "GET /xingrg/kc/buy/cgsh_order_operate.html?command=get_materiel&rest_code=00111&code=00101008360&supplier_code=00100005&order_time=2023-03-03 HTTP/1.1" 200 413
222.70.182.154 - - [03/Mar/2023:10:06:26 +0800] "POST /xingrg/kc/buy/cgsh_order_operate.html HTTP/1.1" 200 2065
114.83.219.234 - - [03/Mar/2023:10:06:28 +0800] "GET /xingrg/all/function/internal_message.html?_=1677809205285&CODE_STATE=getMsg HTTP/1.1" 200 27
222.70.182.154 - - [03/Mar/2023:10:06:30 +0800] "GET /xingrg/all/function/internal_message.html?_=1677809207946&CODE_STATE=getMsg HTTP/1.1" 200 27
114.83.219.234 - - [03/Mar/2023:10:06:31 +0800] "GET /xingrg/kc/buy/cgsh_order_operate.html?command=get_materiel&rest_code=00149&code=00101012051&supplier_code=00100036&order_time=2023-03-03 HTTP/1.1" 200 408
180.169.147.146 - - [03/Mar/2023:10:06:31 +0800] "POST /xingrg/dwr/call/plaincall/AjaxBaseInfoService.changeUnitGroup.dwr HTTP/1.1" 200 311
120.253.135.82 - - [03/Mar/2023:10:06:32 +0800] "GET /xingrg/check_reg.html?_=1677809036729 HTTP/1.1" 200 22
116.225.84.253 - - [03/Mar/2023:10:06:33 +0800] "GET /xingrg/all/function/internal_message.html?_=1677809056861&CODE_STATE=getMsg HTTP/1.1" 200 27
222.70.182.154 - - [03/Mar/2023:10:06:34 +0800] "GET /xingrg/kc/buy/cgsh_order_operate.html?command=get_materiel&rest_code=00111&code=00101008352&supplier_code=00100005&order_time=2023-03-03 HTTP/1.1" 200 412
120.253.135.82 - - [03/Mar/2023:10:06:36 +0800] "GET /xingrg/all/function/internal_message.html?_=1677809041111&CODE_STATE=getMsg HTTP/1.1" 200 27
180.169.147.146 - - [03/Mar/2023:10:06:38 +0800] "POST /xingrg/dwr/call/plaincall/AjaxBaseInfoService.saveMateriel.dwr HTTP/1.1" 200 108
180.169.147.146 - - [03/Mar/2023:10:06:38 +0800] "POST /xingrg/dwr/call/plaincall/AjaxBaseInfoService.getMateriels.dwr HTTP/1.1" 200 1339
116.230.112.197 - - [03/Mar/2023:10:06:39 +0800] "GET /xingrg/kc/buy/cgsh_order_operate.html?command=get_materiel&rest_code=00146&code=00101008298&supplier_code=00100005&order_time=2023-03-03 HTTP/1.1" 200 412
180.169.147.146 - - [03/Mar/2023:10:06:40 +0800] "GET /xingrg/system/info/materiel_info.html?code=00101040&isAdd=1 HTTP/1.1" 200 37235
180.169.147.146 - - [03/Mar/2023:10:06:40 +0800] "GET /xingrg/dwr/interface/AjaxGetFirstChart.js HTTP/1.1" 200 631
180.169.147.146 - - [03/Mar/2023:10:06:40 +0800] "GET /xingrg/dwr/interface/AjaxBaseInfoService.js HTTP/1.1" 200 21363
180.169.147.146 - - [03/Mar/2023:10:06:40 +0800] "GET /xingrg/dwr/interface/AjaxComOrderService.js HTTP/1.1" 200 18264
180.169.147.146 - - [03/Mar/2023:10:06:40 +0800] "GET /xingrg/dwr/engine.js HTTP/1.1" 200 43631
180.169.147.146 - - [03/Mar/2023:10:06:40 +0800] "POST /xingrg/all/common/load_tree.html?tree=area_rest_tree_json HTTP/1.1" 200 3499
180.169.147.146 - - [03/Mar/2023:10:06:40 +0800] "POST /xingrg/dwr/call/plaincall/AjaxBaseInfoService.getMaterielInfo.dwr HTTP/1.1" 200 216
180.169.147.146 - - [03/Mar/2023:10:06:40 +0800] "POST /xingrg/all/common/load_tree.html?tree=area_rest_tree_json&defaultRests=undefined HTTP/1.1" 200 3499
116.237.78.19 - - [03/Mar/2023:10:06:42 +0800] "GET /xingrg/all/function/internal_message.html?_=1677809219161&CODE_STATE=getMsg HTTP/1.1" 200 27
180.163.29.212 - - [03/Mar/2023:10:06:42 +0800] "GET /xingrg/all/function/internal_message.html?_=1677809159175&CODE_STATE=getMsg HTTP/1.1" 302 -
180.163.29.212 - - [03/Mar/2023:10:06:42 +0800] "GET /xingrg/login.html HTTP/1.1" 200 7641
180.164.3.199 - - [03/Mar/2023:10:06:43 +0800] "GET /xingrg/all/function/internal_message.html?_=1677809223074&CODE_STATE=getMsg HTTP/1.1" 200 27
180.169.147.146 - - [03/Mar/2023:10:06:44 +0800] "GET /xingrg/all/function/internal_message.html?_=1677809223627&CODE_STATE=getMsg HTTP/1.1" 200 27
222.70.182.154 - - [03/Mar/2023:10:06:45 +0800] "GET /xingrg/kc/buy/cgsh_order_operate.html?command=get_materiel&rest_code=00111&code=00101008137&supplier_code=00100005&order_time=2023-03-03 HTTP/1.1" 200 408
180.169.147.146 - - [03/Mar/2023:10:06:45 +0800] "GET /xingrg/all/function/internal_message.html?_=1677809223545&CODE_STATE=getMsg HTTP/1.1" 200 27
116.230.112.197 - - [03/Mar/2023:10:06:45 +0800] "GET /xingrg/check_reg.html?_=1677809242917 HTTP/1.1" 200 22
116.230.112.197 - - [03/Mar/2023:10:06:46 +0800] "GET /xingrg/all/function/internal_message.html?_=1677809243105&CODE_STATE=getMsg HTTP/1.1" 200 27
222.70.182.154 - - [03/Mar/2023:10:06:46 +0800] "GET /xingrg/all/function/internal_message.html?_=1677809302142&CODE_STATE=getMsg HTTP/1.1" 200 27
114.83.219.234 - - [03/Mar/2023:10:06:46 +0800] "GET /xingrg/kc/buy/cgsh_order_operate.html?command=get_materiel&rest_code=00149&code=00101010092&supplier_code=00100036&order_time=2023-03-03 HTTP/1.1" 200 450
116.238.139.35 - - [03/Mar/2023:10:06:47 +0800] "GET /xingrg/all/function/internal_message.html?_=1677809158917&CODE_STATE=getMsg HTTP/1.1" 200 27
172.20.0.100 - - [03/Mar/2023:10:06:48 +0800] "GET /xingrg/all/function/internal_message.html?_=1677809227220&CODE_STATE=getMsg HTTP/1.1" 200 27
172.20.0.100 - - [03/Mar/2023:10:06:48 +0800] "GET /xingrg/check_reg.html?_=1677809227223 HTTP/1.1" 200 22
116.237.78.19 - - [03/Mar/2023:10:06:49 +0800] "GET /xingrg/all/function/internal_message.html?_=1677809233114&CODE_STATE=getMsg HTTP/1.1" 200 27
116.224.106.218 - - [03/Mar/2023:10:06:52 +0800] "GET /xingrg/all/function/internal_message.html?_=1677809231616&CODE_STATE=getMsg HTTP/1.1" 200 27
180.169.147.146 - - [03/Mar/2023:10:06:54 +0800] "POST /xingrg/dwr/call/plaincall/AjaxGetFirstChart.getFirstChart.dwr HTTP/1.1" 200 84
222.70.182.154 - - [03/Mar/2023:10:06:55 +0800] "GET /xingrg/kc/buy/cgsh_order_operate.html?command=get_materiel&rest_code=00111&code=00101008077&supplier_code=00100005&order_time=2023-03-03 HTTP/1.1" 200 416
114.83.219.234 - - [03/Mar/2023:10:06:58 +0800] "GET /xingrg/kc/buy/cgsh_order_operate.html?command=get_materiel&rest_code=00149&code=00101012003&supplier_code=00100036&order_time=2023-03-03 HTTP/1.1" 200 413
180.169.147.146 - - [03/Mar/2023:10:06:59 +0800] "POST /xingrg/dwr/call/plaincall/AjaxBaseInfoService.changeUnitGroup.dwr HTTP/1.1" 200 311
58.221.95.50 - - [03/Mar/2023:10:07:02 +0800] "GET /xingrg/all/function/internal_message.html?_=1677809241882&CODE_STATE=getMsg HTTP/1.1" 200 27
222.70.221.209 - - [03/Mar/2023:10:07:02 +0800] "GET /xingrg/all/function/internal_message.html?_=1677809370121&CODE_STATE=getMsg HTTP/1.1" 200 27
222.70.221.209 - - [03/Mar/2023:10:07:02 +0800] "GET /xingrg/check_reg.html?_=1677809370127 HTTP/1.1" 200 22
116.230.112.197 - - [03/Mar/2023:10:07:04 +0800] "GET /xingrg/kc/buy/cgsh_order_operate.html?command=get_materiel&rest_code=00146&code=00101008283&supplier_code=00100005&order_time=2023-03-03 HTTP/1.1" 200 408
180.169.147.146 - - [03/Mar/2023:10:07:04 +0800] "GET /xingrg/all/function/internal_message.html?_=1677809256724&CODE_STATE=getMsg HTTP/1.1" 302 -
120.253.135.82 - - [03/Mar/2023:10:07:05 +0800] "POST /xingrg/kc/buy/cgsh_order_operate.html HTTP/1.1" 200 37
180.169.147.146 - - [03/Mar/2023:10:07:05 +0800] "GET /xingrg/check_reg.html?_=1677809246314 HTTP/1.1" 302 -
116.238.139.35 - - [03/Mar/2023:10:07:05 +0800] "GET /xingrg/all/function/internal_message.html?_=1677809247185&CODE_STATE=getMsg HTTP/1.1" 200 27
116.238.139.35 - - [03/Mar/2023:10:07:05 +0800] "GET /xingrg/check_reg.html?_=1677809247189 HTTP/1.1" 200 22
114.83.222.182 - - [03/Mar/2023:10:07:06 +0800] "GET /xingrg/all/function/internal_message.html?_=1677809304019&CODE_STATE=getMsg HTTP/1.1" 200 27
101.229.22.234 - - [03/Mar/2023:10:07:06 +0800] "GET /xingrg/all/function/internal_message.html?_=1677809241976&CODE_STATE=getMsg HTTP/1.1" 200 27
180.169.147.146 - - [03/Mar/2023:10:07:06 +0800] "POST /xingrg/dwr/call/plaincall/AjaxBaseInfoService.saveMateriel.dwr HTTP/1.1" 200 108
180.169.147.146 - - [03/Mar/2023:10:07:06 +0800] "POST /xingrg/dwr/call/plaincall/AjaxBaseInfoService.getMateriels.dwr HTTP/1.1" 200 1538
180.169.147.146 - - [03/Mar/2023:10:07:08 +0800] "GET /xingrg/system/info/materiel_info.html?code=00101040&isAdd=1 HTTP/1.1" 200 37235
180.169.147.146 - - [03/Mar/2023:10:07:08 +0800] "GET /xingrg/dwr/interface/AjaxGetFirstChart.js HTTP/1.1" 200 631
180.169.147.146 - - [03/Mar/2023:10:07:08 +0800] "GET /xingrg/dwr/interface/AjaxBaseInfoService.js HTTP/1.1" 200 21363
180.169.147.146 - - [03/Mar/2023:10:07:08 +0800] "GET /xingrg/dwr/interface/AjaxComOrderService.js HTTP/1.1" 200 18264
180.169.147.146 - - [03/Mar/2023:10:07:08 +0800] "GET /xingrg/dwr/engine.js HTTP/1.1" 200 43631
180.169.147.146 - - [03/Mar/2023:10:07:08 +0800] "POST /xingrg/all/common/load_tree.html?tree=area_rest_tree_json HTTP/1.1" 200 3499
180.169.147.146 - - [03/Mar/2023:10:07:08 +0800] "POST /xingrg/dwr/call/plaincall/AjaxBaseInfoService.getMaterielInfo.dwr HTTP/1.1" 200 216
180.169.147.146 - - [03/Mar/2023:10:07:08 +0800] "POST /xingrg/all/common/load_tree.html?tree=area_rest_tree_json&defaultRests=undefined HTTP/1.1" 200 3499
58.40.7.146 - - [03/Mar/2023:10:07:08 +0800] "GET /xingrg/check_reg.html?_=1677809248302 HTTP/1.1" 200 22
58.40.7.146 - - [03/Mar/2023:10:07:08 +0800] "GET /xingrg/all/function/internal_message.html?_=1677809248303&CODE_STATE=getMsg HTTP/1.1" 200 27
114.83.219.234 - - [03/Mar/2023:10:07:10 +0800] "POST /xingrg/kc/buy/cgsh_order_operate.html HTTP/1.1" 200 37
120.253.135.82 - - [03/Mar/2023:10:07:11 +0800] "POST /xingrg/kc/buy/cgsh_order_operate.html HTTP/1.1" 200 12
222.70.182.154 - - [03/Mar/2023:10:07:12 +0800] "GET /xingrg/kc/buy/cgsh_order_operate.html?command=get_materiel&rest_code=00111&code=00101008599&supplier_code=00100005&order_time=2023-03-03 HTTP/1.1" 200 406
114.83.219.234 - - [03/Mar/2023:10:07:14 +0800] "POST /xingrg/kc/buy/cgsh_order_operate.html HTTP/1.1" 200 12
120.253.135.82 - - [03/Mar/2023:10:07:14 +0800] "GET /xingrg/kc/buy/cgsh_order_info.html?code=212023030300785 HTTP/1.1" 200 63927
120.253.135.82 - - [03/Mar/2023:10:07:15 +0800] "GET /xingrg/words/20230303100706_words.js HTTP/1.1" 200 950592
114.83.219.234 - - [03/Mar/2023:10:07:15 +0800] "GET /xingrg/kc/buy/cgsh_order_info.html?code=212023030300786 HTTP/1.1" 200 64953
180.169.147.146 - - [03/Mar/2023:10:07:15 +0800] "GET /xingrg/all/function/internal_message.html?_=1677809254901&CODE_STATE=getMsg HTTP/1.1" 200 27
180.169.147.146 - - [03/Mar/2023:10:07:15 +0800] "GET /xingrg/check_reg.html?_=1677809254903 HTTP/1.1" 200 22
114.83.219.234 - - [03/Mar/2023:10:07:15 +0800] "GET /xingrg/words/20230303100706_words.js HTTP/1.1" 200 950592
120.253.135.82 - - [03/Mar/2023:10:07:16 +0800] "GET /xingrg/javascript/easyui/themes/default/validatebox.css HTTP/1.1" 404 1104
114.83.219.234 - - [03/Mar/2023:10:07:16 +0800] "GET /xingrg/javascript/easyui/themes/default/validatebox.css HTTP/1.1" 404 1104
120.253.135.82 - - [03/Mar/2023:10:07:16 +0800] "POST /xingrg/kc/buy/cgsh_order_operate.html HTTP/1.1" 200 633
114.83.219.234 - - [03/Mar/2023:10:07:17 +0800] "POST /xingrg/kc/buy/cgsh_order_operate.html HTTP/1.1" 200 1794
116.192.124.172 - - [03/Mar/2023:10:07:17 +0800] "GET /xingrg/all/function/internal_message.html?_=1677809263800&CODE_STATE=getMsg HTTP/1.1" 200 27
120.253.135.82 - - [03/Mar/2023:10:07:19 +0800] "GET /xingrg/kc/pszx/mdqp_order_list.html?state=10 HTTP/1.1" 200 10275
120.253.135.82 - - [03/Mar/2023:10:07:19 +0800] "GET /xingrg/dwr/interface/AjaxQqpsService.js HTTP/1.1" 200 16326
120.253.135.82 - - [03/Mar/2023:10:07:19 +0800] "GET /xingrg/dwr/interface/AjaxReportQueryService.js HTTP/1.1" 200 13203
120.253.135.82 - - [03/Mar/2023:10:07:19 +0800] "GET /xingrg/dwr/engine.js HTTP/1.1" 200 43631
114.83.219.234 - - [03/Mar/2023:10:07:19 +0800] "GET /xingrg/kc/print/load_data.html?order_code=212023030300786&kc_code=cgsh&condition= HTTP/1.1" 200 1237
180.169.147.146 - - [03/Mar/2023:10:07:21 +0800] "GET /xingrg/all/function/internal_message.html?_=1677809261742&CODE_STATE=getMsg HTTP/1.1" 302 -
116.192.124.172 - - [03/Mar/2023:10:07:23 +0800] "GET /xingrg/all/function/internal_message.html?_=1677809262557&CODE_STATE=getMsg HTTP/1.1" 200 27
116.225.84.253 - - [03/Mar/2023:10:07:24 +0800] "GET /xingrg/all/function/internal_message.html?_=1677809266549&CODE_STATE=getMsg HTTP/1.1" 200 27
114.83.219.234 - - [03/Mar/2023:10:07:28 +0800] "GET /xingrg/all/function/internal_message.html?_=1677809265284&CODE_STATE=getMsg HTTP/1.1" 200 27
222.70.182.154 - - [03/Mar/2023:10:07:30 +0800] "GET /xingrg/all/function/internal_message.html?_=1677809267946&CODE_STATE=getMsg HTTP/1.1" 200 27
116.230.112.197 - - [03/Mar/2023:10:07:31 +0800] "GET /xingrg/kc/buy/cgsh_order_operate.html?command=get_materiel&rest_code=00146&code=00101008558&supplier_code=00100005&order_time=2023-03-03 HTTP/1.1" 200 409
116.225.84.253 - - [03/Mar/2023:10:07:33 +0800] "GET /xingrg/all/function/internal_message.html?_=1677809116871&CODE_STATE=getMsg HTTP/1.1" 200 27
222.70.182.154 - - [03/Mar/2023:10:07:35 +0800] "GET /xingrg/kc/buy/cgsh_order_operate.html?command=get_materiel&rest_code=00111&code=00101008155&supplier_code=00100005&order_time=2023-03-03 HTTP/1.1" 200 408
120.253.135.82 - - [03/Mar/2023:10:07:36 +0800] "GET /xingrg/all/function/internal_message.html?_=1677809101187&CODE_STATE=getMsg HTTP/1.1" 200 27
222.70.182.154 - - [03/Mar/2023:10:07:38 +0800] "POST /xingrg/kc/buy/cgsh_order_operate.html HTTP/1.1" 200 2065
116.230.112.197 - - [03/Mar/2023:10:07:39 +0800] "POST /xingrg/kc/buy/cgsh_order_operate.html HTTP/1.1" 200 2065
58.221.95.50 - - [03/Mar/2023:10:07:41 +0800] "GET /xingrg/check_reg.html?_=1677809281191 HTTP/1.1" 200 22
116.237.78.19 - - [03/Mar/2023:10:07:42 +0800] "GET /xingrg/all/function/internal_message.html?_=1677809279133&CODE_STATE=getMsg HTTP/1.1" 200 27
180.164.3.199 - - [03/Mar/2023:10:07:43 +0800] "GET /xingrg/check_reg.html?_=1677809283068 HTTP/1.1" 200 22
180.164.3.199 - - [03/Mar/2023:10:07:43 +0800] "GET /xingrg/all/function/internal_message.html?_=1677809283070&CODE_STATE=getMsg HTTP/1.1" 200 27
180.169.147.146 - - [03/Mar/2023:10:07:44 +0800] "GET /xingrg/all/function/internal_message.html?_=1677809283625&CODE_STATE=getMsg HTTP/1.1" 200 27
180.169.147.146 - - [03/Mar/2023:10:07:44 +0800] "GET /xingrg/check_reg.html?_=1677809283626 HTTP/1.1" 200 22
180.169.147.146 - - [03/Mar/2023:10:07:45 +0800] "GET /xingrg/all/function/internal_message.html?_=1677809283544&CODE_STATE=getMsg HTTP/1.1" 200 27
114.83.219.234 - - [03/Mar/2023:10:07:45 +0800] "GET /xingrg/kc/buy/cgsh_order_add.html HTTP/1.1" 200 70049
114.83.219.234 - - [03/Mar/2023:10:07:45 +0800] "GET /xingrg/words/20230303100706_words.js HTTP/1.1" 304 -
114.83.219.234 - - [03/Mar/2023:10:07:45 +0800] "POST /xingrg/kc/buy/cgsh_order_operate.html HTTP/1.1" 200 8245
114.83.219.234 - - [03/Mar/2023:10:07:45 +0800] "GET /xingrg/javascript/easyui/themes/default/validatebox.css HTTP/1.1" 404 1104
222.70.182.154 - - [03/Mar/2023:10:07:45 +0800] "GET /xingrg/kc/buy/cgsh_order_operate.html?command=get_materiel&rest_code=00111&code=00101008091&supplier_code=00100005&order_time=2023-03-03 HTTP/1.1" 200 412
116.230.112.197 - - [03/Mar/2023:10:07:46 +0800] "GET /xingrg/all/function/internal_message.html?_=1677809303118&CODE_STATE=getMsg HTTP/1.1" 200 27
222.70.182.154 - - [03/Mar/2023:10:07:46 +0800] "GET /xingrg/all/function/internal_message.html?_=1677809362129&CODE_STATE=getMsg HTTP/1.1" 200 27
116.238.139.35 - - [03/Mar/2023:10:07:47 +0800] "GET /xingrg/all/function/internal_message.html?_=1677809218939&CODE_STATE=getMsg HTTP/1.1" 200 27
172.20.0.100 - - [03/Mar/2023:10:07:48 +0800] "GET /xingrg/all/function/internal_message.html?_=1677809287225&CODE_STATE=getMsg HTTP/1.1" 200 27
116.237.78.19 - - [03/Mar/2023:10:07:49 +0800] "GET /xingrg/all/function/internal_message.html?_=1677809293116&CODE_STATE=getMsg HTTP/1.1" 200 27
116.224.106.218 - - [03/Mar/2023:10:07:52 +0800] "GET /xingrg/check_reg.html?_=1677809291615 HTTP/1.1" 200 22
116.224.106.218 - - [03/Mar/2023:10:07:52 +0800] "GET /xingrg/all/function/internal_message.html?_=1677809291619&CODE_STATE=getMsg HTTP/1.1" 200 27
114.83.219.234 - - [03/Mar/2023:10:07:52 +0800] "GET /xingrg/check_reg.html?_=1677809289299 HTTP/1.1" 200 22
116.230.112.197 - - [03/Mar/2023:10:07:53 +0800] "GET /xingrg/kc/buy/cgsh_order_operate.html?command=get_materiel&rest_code=00146&code=00101008161&supplier_code=00100005&order_time=2023-03-03 HTTP/1.1" 200 409
222.70.182.154 - - [03/Mar/2023:10:07:57 +0800] "GET /xingrg/kc/buy/cgsh_order_operate.html?command=get_materiel&rest_code=00111&code=00101008141&supplier_code=00100005&order_time=2023-03-03 HTTP/1.1" 200 412
58.221.95.50 - - [03/Mar/2023:10:08:02 +0800] "GET /xingrg/all/function/internal_message.html?_=1677809301872&CODE_STATE=getMsg HTTP/1.1" 200 27
222.70.221.209 - - [03/Mar/2023:10:08:02 +0800] "GET /xingrg/all/function/internal_message.html?_=1677809430123&CODE_STATE=getMsg HTTP/1.1" 200 27
180.169.147.146 - - [03/Mar/2023:10:08:04 +0800] "GET /xingrg/all/function/internal_message.html?_=1677809316738&CODE_STATE=getMsg HTTP/1.1" 302 -
116.238.139.35 - - [03/Mar/2023:10:08:05 +0800] "GET /xingrg/all/function/internal_message.html?_=1677809307188&CODE_STATE=getMsg HTTP/1.1" 200 27
114.83.222.182 - - [03/Mar/2023:10:08:06 +0800] "GET /xingrg/all/function/internal_message.html?_=1677809364008&CODE_STATE=getMsg HTTP/1.1" 200 27
101.229.22.234 - - [03/Mar/2023:10:08:06 +0800] "GET /xingrg/all/function/internal_message.html?_=1677809301977&CODE_STATE=getMsg HTTP/1.1" 200 27
101.229.22.234 - - [03/Mar/2023:10:08:06 +0800] "GET /xingrg/check_reg.html?_=1677809301975 HTTP/1.1" 200 22
58.40.7.146 - - [03/Mar/2023:10:08:08 +0800] "GET /xingrg/all/function/internal_message.html?_=1677809308304&CODE_STATE=getMsg HTTP/1.1" 200 27
114.83.219.234 - - [03/Mar/2023:10:08:10 +0800] "GET /xingrg/kc/buy/cgsh_order_operate.html?command=get_materiel&rest_code=00149&code=00101006130&supplier_code=00100012&order_time=2023-03-03 HTTP/1.1" 200 446
116.230.112.197 - - [03/Mar/2023:10:08:14 +0800] "GET /xingrg/kc/buy/cgsh_order_operate.html?command=get_materiel&rest_code=00146&code=00101008274&supplier_code=00100005&order_time=2023-03-03 HTTP/1.1" 200 412
180.169.147.146 - - [03/Mar/2023:10:08:15 +0800] "GET /xingrg/all/function/internal_message.html?_=1677809314887&CODE_STATE=getMsg HTTP/1.1" 200 27
116.192.124.172 - - [03/Mar/2023:10:08:17 +0800] "GET /xingrg/all/function/internal_message.html?_=1677809323802&CODE_STATE=getMsg HTTP/1.1" 200 27
180.169.147.146 - - [03/Mar/2023:10:08:21 +0800] "GET /xingrg/all/function/internal_message.html?_=1677809321748&CODE_STATE=getMsg HTTP/1.1" 302 -
116.192.124.172 - - [03/Mar/2023:10:08:23 +0800] "GET /xingrg/all/function/internal_message.html?_=1677809322533&CODE_STATE=getMsg HTTP/1.1" 200 27
116.225.84.253 - - [03/Mar/2023:10:08:24 +0800] "GET /xingrg/all/function/internal_message.html?_=1677809326520&CODE_STATE=getMsg HTTP/1.1" 200 27
114.83.219.234 - - [03/Mar/2023:10:08:28 +0800] "GET /xingrg/all/function/internal_message.html?_=1677809325254&CODE_STATE=getMsg HTTP/1.1" 200 27
116.230.112.197 - - [03/Mar/2023:10:08:30 +0800] "GET /xingrg/kc/buy/cgsh_order_operate.html?command=get_materiel&rest_code=00146&code=00101008403&supplier_code=00100005&order_time=2023-03-03 HTTP/1.1" 200 412
222.70.182.154 - - [03/Mar/2023:10:08:30 +0800] "GET /xingrg/all/function/internal_message.html?_=1677809327938&CODE_STATE=getMsg HTTP/1.1" 200 27
222.70.182.154 - - [03/Mar/2023:10:08:30 +0800] "GET /xingrg/check_reg.html?_=1677809327973 HTTP/1.1" 200 22
116.225.84.253 - - [03/Mar/2023:10:08:33 +0800] "GET /xingrg/all/function/internal_message.html?_=1677809176861&CODE_STATE=getMsg HTTP/1.1" 200 27
120.253.135.82 - - [03/Mar/2023:10:08:36 +0800] "GET /xingrg/all/function/internal_message.html?_=1677809161200&CODE_STATE=getMsg HTTP/1.1" 200 27
116.237.78.19 - - [03/Mar/2023:10:08:41 +0800] "GET /xingrg/all/function/internal_message.html?_=1677809339106&CODE_STATE=getMsg HTTP/1.1" 200 27
180.163.29.79 - - [03/Mar/2023:10:08:42 +0800] "GET /xingrg/all/function/internal_message.html?_=1677809279133&CODE_STATE=getMsg HTTP/1.1" 302 -
180.163.29.79 - - [03/Mar/2023:10:08:42 +0800] "GET /xingrg/login.html HTTP/1.1" 200 7641
116.237.78.19 - - [03/Mar/2023:10:08:42 +0800] "GET /xingrg/check_reg.html?_=1677809339445 HTTP/1.1" 200 22
180.164.3.199 - - [03/Mar/2023:10:08:43 +0800] "GET /xingrg/all/function/internal_message.html?_=1677809343074&CODE_STATE=getMsg HTTP/1.1" 200 27
180.169.147.146 - - [03/Mar/2023:10:08:44 +0800] "GET /xingrg/all/function/internal_message.html?_=1677809343624&CODE_STATE=getMsg HTTP/1.1" 200 27
180.169.147.146 - - [03/Mar/2023:10:08:45 +0800] "GET /xingrg/all/function/internal_message.html?_=1677809343549&CODE_STATE=getMsg HTTP/1.1" 200 27
116.230.112.197 - - [03/Mar/2023:10:08:46 +0800] "GET /xingrg/all/function/internal_message.html?_=1677809363132&CODE_STATE=getMsg HTTP/1.1" 200 27
222.70.182.154 - - [03/Mar/2023:10:08:46 +0800] "GET /xingrg/all/function/internal_message.html?_=1677809422135&CODE_STATE=getMsg HTTP/1.1" 200 27
116.238.139.35 - - [03/Mar/2023:10:08:47 +0800] "GET /xingrg/all/function/internal_message.html?_=1677809278944&CODE_STATE=getMsg HTTP/1.1" 200 27
172.20.0.100 - - [03/Mar/2023:10:08:48 +0800] "GET /xingrg/all/function/internal_message.html?_=1677809347212&CODE_STATE=getMsg HTTP/1.1" 200 27
116.237.78.19 - - [03/Mar/2023:10:08:49 +0800] "GET /xingrg/all/function/internal_message.html?_=1677809353118&CODE_STATE=getMsg HTTP/1.1" 200 27
116.230.112.197 - - [03/Mar/2023:10:08:49 +0800] "GET /xingrg/kc/buy/cgsh_order_operate.html?command=get_materiel&rest_code=00146&code=00101008225&supplier_code=00100005&order_time=2023-03-03 HTTP/1.1" 200 416
114.83.219.234 - - [03/Mar/2023:10:08:51 +0800] "GET /xingrg/kc/buy/cgsh_order_operate.html?command=get_materiel&rest_code=00149&code=00101006057&supplier_code=00100012&order_time=2023-03-03 HTTP/1.1" 200 413
116.224.106.218 - - [03/Mar/2023:10:08:52 +0800] "GET /xingrg/all/function/internal_message.html?_=1677809351618&CODE_STATE=getMsg HTTP/1.1" 200 27
116.192.124.172 - - [03/Mar/2023:10:08:53 +0800] "POST /xingrg/services/DataTransmitService HTTP/1.1" 200 524
116.192.124.172 - - [03/Mar/2023:10:08:54 +0800] "POST /xingrg/services/DataTransmitService HTTP/1.1" 200 2487
116.192.124.172 - - [03/Mar/2023:10:08:55 +0800] "POST /xingrg/services/DataTransmitService HTTP/1.1" 200 174599
58.221.95.50 - - [03/Mar/2023:10:09:02 +0800] "GET /xingrg/all/function/internal_message.html?_=1677809361859&CODE_STATE=getMsg HTTP/1.1" 200 27
222.70.221.209 - - [03/Mar/2023:10:09:02 +0800] "GET /xingrg/all/function/internal_message.html?_=1677809490112&CODE_STATE=getMsg HTTP/1.1" 200 27
180.169.147.146 - - [03/Mar/2023:10:09:04 +0800] "GET /xingrg/check_reg.html?_=1677809376736 HTTP/1.1" 302 -
180.169.147.146 - - [03/Mar/2023:10:09:04 +0800] "GET /xingrg/all/function/internal_message.html?_=1677809376738&CODE_STATE=getMsg HTTP/1.1" 302 -
116.238.139.35 - - [03/Mar/2023:10:09:05 +0800] "GET /xingrg/all/function/internal_message.html?_=1677809367188&CODE_STATE=getMsg HTTP/1.1" 200 27
114.83.222.182 - - [03/Mar/2023:10:09:06 +0800] "GET /xingrg/all/function/internal_message.html?_=1677809424021&CODE_STATE=getMsg HTTP/1.1" 200 27
101.229.22.234 - - [03/Mar/2023:10:09:06 +0800] "GET /xingrg/all/function/internal_message.html?_=1677809361977&CODE_STATE=getMsg HTTP/1.1" 200 27
58.40.7.146 - - [03/Mar/2023:10:09:08 +0800] "GET /xingrg/all/function/internal_message.html?_=1677809368305&CODE_STATE=getMsg HTTP/1.1" 200 27
116.192.124.172 - - [03/Mar/2023:10:09:11 +0800] "GET /xingrg/check_reg.html?_=1677809370794 HTTP/1.1" 200 22
180.169.147.146 - - [03/Mar/2023:10:09:15 +0800] "GET /xingrg/all/function/internal_message.html?_=1677809374898&CODE_STATE=getMsg HTTP/1.1" 200 27
116.192.124.172 - - [03/Mar/2023:10:09:16 +0800] "POST /xingrg/services/DataTransmitService HTTP/1.1" 200 524
116.192.124.172 - - [03/Mar/2023:10:09:17 +0800] "GET /xingrg/all/function/internal_message.html?_=1677809383803&CODE_STATE=getMsg HTTP/1.1" 200 27
116.192.124.172 - - [03/Mar/2023:10:09:17 +0800] "POST /xingrg/services/DataTransmitService HTTP/1.1" 200 497
222.70.182.154 - - [03/Mar/2023:10:09:17 +0800] "GET /xingrg/kc/buy/cgsh_order_operate.html?command=get_materiel&rest_code=00111&code=00101008685&supplier_code=00100005&order_time=2023-03-03 HTTP/1.1" 200 420
114.83.222.182 - - [03/Mar/2023:10:09:19 +0800] "GET /xingrg/kc/base/yddb_order_list.html HTTP/1.1" 200 16710
116.192.124.172 - - [03/Mar/2023:10:09:19 +0800] "POST /xingrg/services/DataTransmitService HTTP/1.1" 200 524
114.83.222.182 - - [03/Mar/2023:10:09:19 +0800] "POST /xingrg/kc/base/yddb_list_operate.html HTTP/1.1" 200 636
180.169.147.146 - - [03/Mar/2023:10:09:21 +0800] "GET /xingrg/all/function/internal_message.html?_=1677809381770&CODE_STATE=getMsg HTTP/1.1" 302 -
116.192.124.172 - - [03/Mar/2023:10:09:21 +0800] "POST /xingrg/services/DataTransmitService HTTP/1.1" 200 501
116.192.124.172 - - [03/Mar/2023:10:09:22 +0800] "POST /xingrg/services/DataTransmitService HTTP/1.1" 200 524
116.192.124.172 - - [03/Mar/2023:10:09:22 +0800] "POST /xingrg/services/DataTransmitService HTTP/1.1" 200 501
116.192.124.172 - - [03/Mar/2023:10:09:23 +0800] "GET /xingrg/all/function/internal_message.html?_=1677809382520&CODE_STATE=getMsg HTTP/1.1" 200 27
114.83.222.182 - - [03/Mar/2023:10:09:24 +0800] "GET /xingrg/kc/base/yddb_order_add.html HTTP/1.1" 200 29953
114.83.222.182 - - [03/Mar/2023:10:09:24 +0800] "GET /xingrg/javascript/checkform.js HTTP/1.1" 200 18351
114.83.222.182 - - [03/Mar/2023:10:09:24 +0800] "GET /xingrg/dwr/interface/AjaxComOrderService.js HTTP/1.1" 200 18264
114.83.222.182 - - [03/Mar/2023:10:09:24 +0800] "GET /xingrg/dwr/interface/AjaxYddbService.js HTTP/1.1" 200 13201
116.225.84.253 - - [03/Mar/2023:10:09:24 +0800] "GET /xingrg/all/function/internal_message.html?_=1677809386497&CODE_STATE=getMsg HTTP/1.1" 200 27
116.192.124.172 - - [03/Mar/2023:10:09:24 +0800] "GET /xingrg/kc/buy/cgsh_order_list.html HTTP/1.1" 200 54179
114.83.222.182 - - [03/Mar/2023:10:09:24 +0800] "GET /xingrg/dwr/util.js HTTP/1.1" 304 -
114.83.222.182 - - [03/Mar/2023:10:09:24 +0800] "GET /xingrg/javascript/AjaxInfoList.js HTTP/1.1" 200 3774
114.83.222.182 - - [03/Mar/2023:10:09:24 +0800] "GET /xingrg/dwr/engine.js HTTP/1.1" 200 43631
114.83.222.182 - - [03/Mar/2023:10:09:24 +0800] "GET /xingrg/javascript/Grid.js HTTP/1.1" 200 58908
114.83.222.182 - - [03/Mar/2023:10:09:24 +0800] "GET /xingrg/javascript/ToolTips.js HTTP/1.1" 200 5615
114.83.222.182 - - [03/Mar/2023:10:09:24 +0800] "GET /xingrg/javascript/jquery_easy_ui/themes/icons/edit_add_new.png HTTP/1.1" 200 2997
114.83.222.182 - - [03/Mar/2023:10:09:24 +0800] "GET /xingrg/javascript/jquery_easy_ui/themes/icons/check_new.png HTTP/1.1" 200 3224
114.83.222.182 - - [03/Mar/2023:10:09:24 +0800] "GET /xingrg/javascript/jquery_easy_ui/themes/icons/cance_new.png HTTP/1.1" 200 3986
114.83.222.182 - - [03/Mar/2023:10:09:24 +0800] "GET /xingrg/images/blue/button/kc_tab_add.gif HTTP/1.1" 200 375
114.83.222.182 - - [03/Mar/2023:10:09:24 +0800] "GET /xingrg/images/blue/button/kc_tab_edit.gif HTTP/1.1" 200 551
114.83.222.182 - - [03/Mar/2023:10:09:24 +0800] "GET /xingrg/images/blue/button/kc_tab_save.gif HTTP/1.1" 200 777
114.83.222.182 - - [03/Mar/2023:10:09:24 +0800] "GET /xingrg/images/blue/button/kc_tab_del.gif HTTP/1.1" 200 383
114.83.222.182 - - [03/Mar/2023:10:09:24 +0800] "GET /xingrg/images/blue/kc_tab_left.gif HTTP/1.1" 200 188
114.83.222.182 - - [03/Mar/2023:10:09:24 +0800] "GET /xingrg/images/blue/kc_tab_mid.gif HTTP/1.1" 200 44
114.83.222.182 - - [03/Mar/2023:10:09:24 +0800] "GET /xingrg/images/blue/kc_tab_right.gif HTTP/1.1" 200 643
114.83.222.182 - - [03/Mar/2023:10:09:24 +0800] "GET /xingrg/images/blue/kc_tab2_left.gif HTTP/1.1" 200 625
114.83.222.182 - - [03/Mar/2023:10:09:24 +0800] "GET /xingrg/images/blue/kc_tab2_right.gif HTTP/1.1" 200 192
116.225.84.253 - - [03/Mar/2023:10:09:24 +0800] "GET /xingrg/check_reg.html?_=1677809387186 HTTP/1.1" 200 22
116.192.124.172 - - [03/Mar/2023:10:09:25 +0800] "POST /xingrg/kc/buy/cgsh_list_operate.html HTTP/1.1" 200 986
114.83.219.234 - - [03/Mar/2023:10:09:26 +0800] "GET /xingrg/kc/buy/cgsh_order_operate.html?command=get_materiel&rest_code=00149&code=00101006087&supplier_code=00100012&order_time=2023-03-03 HTTP/1.1" 200 409
114.83.219.234 - - [03/Mar/2023:10:09:28 +0800] "GET /xingrg/all/function/internal_message.html?_=1677809385243&CODE_STATE=getMsg HTTP/1.1" 200 27
114.83.222.182 - - [03/Mar/2023:10:09:29 +0800] "GET /xingrg/images/blue/wait.gif HTTP/1.1" 200 1100
114.83.222.182 - - [03/Mar/2023:10:09:29 +0800] "POST /xingrg/dwr/call/plaincall/AjaxYddbService.getRestBases.dwr HTTP/1.1" 200 536
