222.70.182.154 - - [03/Mar/2023:10:39:01 +0800] "GET /xingrg/javascript/easyui/themes/icons/template_new.png HTTP/1.1" 200 3956
222.70.182.154 - - [03/Mar/2023:10:39:01 +0800] "GET /xingrg/javascript/easyui/themes/icons/print.png HTTP/1.1" 200 1057
222.70.182.154 - - [03/Mar/2023:10:39:01 +0800] "GET /xingrg/javascript/easyui/themes/icons/cancel.png HTTP/1.1" 200 1133
222.70.182.154 - - [03/Mar/2023:10:39:02 +0800] "GET /xingrg/all/common/auto_word.html?type=employee&rest_code=00104 HTTP/1.1" 200 245
222.70.182.154 - - [03/Mar/2023:10:39:02 +0800] "GET /xingrg/all/common/auto_word.html?type=employee&rest_code=00104 HTTP/1.1" 200 245
222.70.182.154 - - [03/Mar/2023:10:39:02 +0800] "GET /xingrg/javascript/easyui/themes/default/validatebox.css HTTP/1.1" 404 1104
222.70.182.154 - - [03/Mar/2023:10:39:02 +0800] "GET /xingrg/javascript/easyui/plugins/jquery.validatebox.js HTTP/1.1" 200 6103
222.70.182.154 - - [03/Mar/2023:10:39:02 +0800] "GET /xingrg/javascript/easyui/plugins/jquery.numberbox.js HTTP/1.1" 200 5213
222.67.232.202 - - [03/Mar/2023:10:39:02 +0800] "GET /xingrg/kc/buy/cgsh_order_operate.html?command=get_materiel&rest_code=00141&code=00101008286&supplier_code=00100007&order_time=2023-03-03 HTTP/1.1" 200 408
222.70.221.209 - - [03/Mar/2023:10:39:02 +0800] "GET /xingrg/all/function/internal_message.html?_=1677811290117&CODE_STATE=getMsg HTTP/1.1" 200 27
116.228.172.94 - - [03/Mar/2023:10:39:03 +0800] "POST /xingrg/dwr/call/plaincall/AjaxQqpsService.saveMaterielItem.dwr HTTP/1.1" 200 78
222.70.182.154 - - [03/Mar/2023:10:39:03 +0800] "POST /xingrg/kc/buy/cgsh_order_operate.html HTTP/1.1" 200 3309
222.70.182.154 - - [03/Mar/2023:10:39:03 +0800] "GET /xingrg/javascript/easyui/themes/icons/edit_remove.png HTTP/1.1" 200 625
180.169.147.146 - - [03/Mar/2023:10:39:04 +0800] "GET /xingrg/check_reg.html?_=1677811176762 HTTP/1.1" 302 -
180.169.147.146 - - [03/Mar/2023:10:39:04 +0800] "GET /xingrg/all/function/internal_message.html?_=1677811176763&CODE_STATE=getMsg HTTP/1.1" 302 -
116.238.139.35 - - [03/Mar/2023:10:39:05 +0800] "GET /xingrg/all/function/internal_message.html?_=1677811167219&CODE_STATE=getMsg HTTP/1.1" 200 27
114.83.222.182 - - [03/Mar/2023:10:39:06 +0800] "GET /xingrg/all/function/internal_message.html?_=1677811224023&CODE_STATE=getMsg HTTP/1.1" 200 27
101.229.22.234 - - [03/Mar/2023:10:39:06 +0800] "GET /xingrg/all/function/internal_message.html?_=1677811161999&CODE_STATE=getMsg HTTP/1.1" 200 27
116.225.84.253 - - [03/Mar/2023:10:39:07 +0800] "GET /xingrg/all/function/internal_message.html?_=1677811170083&CODE_STATE=getMsg HTTP/1.1" 200 27
222.67.232.202 - - [03/Mar/2023:10:39:10 +0800] "GET /xingrg/kc/buy/cgsh_order_operate.html?command=get_materiel&rest_code=00141&code=00101008036&supplier_code=00100007&order_time=2023-03-03 HTTP/1.1" 200 428
116.228.172.94 - - [03/Mar/2023:10:39:11 +0800] "POST /xingrg/dwr/call/plaincall/AjaxQqpsService.getMaterielByCode.dwr HTTP/1.1" 200 1571
116.192.124.172 - - [03/Mar/2023:10:39:11 +0800] "GET /xingrg/check_reg.html?_=1677811170804 HTTP/1.1" 200 22
116.228.172.94 - - [03/Mar/2023:10:39:14 +0800] "POST /xingrg/dwr/call/plaincall/AjaxQqpsService.saveMaterielItem.dwr HTTP/1.1" 200 79
180.169.147.146 - - [03/Mar/2023:10:39:15 +0800] "GET /xingrg/all/function/internal_message.html?_=1677811174905&CODE_STATE=getMsg HTTP/1.1" 200 27
222.70.182.154 - - [03/Mar/2023:10:39:15 +0800] "GET /xingrg/all/function/internal_message.html?_=1677811251917&CODE_STATE=getMsg HTTP/1.1" 200 27
222.67.232.202 - - [03/Mar/2023:10:39:18 +0800] "GET /xingrg/kc/buy/cgsh_order_operate.html?command=get_materiel&rest_code=00141&code=00101008352&supplier_code=00100007&order_time=2023-03-03 HTTP/1.1" 200 412
124.79.240.233 - - [03/Mar/2023:10:39:18 +0800] "POST /xingrg/kc/buy/cgsh_list_operate.html HTTP/1.1" 200 5972
116.237.78.19 - - [03/Mar/2023:10:39:18 +0800] "GET /xingrg/kc/buy/cgsh_order_operate.html?command=get_materiel&rest_code=00106&code=00101008353&supplier_code=00100007&order_time=2023-03-03 HTTP/1.1" 200 408
116.228.172.94 - - [03/Mar/2023:10:39:20 +0800] "POST /xingrg/dwr/call/plaincall/AjaxQqpsService.removeMaterielItem.dwr HTTP/1.1" 200 79
116.237.78.19 - - [03/Mar/2023:10:39:21 +0800] "POST /xingrg/kc/buy/cgsh_order_operate.html HTTP/1.1" 200 2065
180.169.147.146 - - [03/Mar/2023:10:39:21 +0800] "GET /xingrg/all/function/internal_message.html?_=1677811182194&CODE_STATE=getMsg HTTP/1.1" 302 -
58.40.7.146 - - [03/Mar/2023:10:39:22 +0800] "GET /xingrg/check_reg.html?_=1677811181197 HTTP/1.1" 200 22
58.40.7.146 - - [03/Mar/2023:10:39:22 +0800] "GET /xingrg/all/function/internal_message.html?_=1677811181198&CODE_STATE=getMsg HTTP/1.1" 200 27
116.192.124.172 - - [03/Mar/2023:10:39:22 +0800] "GET /xingrg/all/function/internal_message.html?_=1677811182146&CODE_STATE=getMsg HTTP/1.1" 200 27
222.67.232.202 - - [03/Mar/2023:10:39:26 +0800] "GET /xingrg/kc/buy/cgsh_order_operate.html?command=get_materiel&rest_code=00141&code=00101008005&supplier_code=00100007&order_time=2023-03-03 HTTP/1.1" 200 412
116.237.78.19 - - [03/Mar/2023:10:39:27 +0800] "GET /xingrg/kc/buy/cgsh_order_operate.html?command=get_materiel&rest_code=00106&code=00101008042&supplier_code=00100007&order_time=2023-03-03 HTTP/1.1" 200 416
114.83.219.234 - - [03/Mar/2023:10:39:28 +0800] "GET /xingrg/all/function/internal_message.html?_=1677811184840&CODE_STATE=getMsg HTTP/1.1" 200 27
116.192.124.172 - - [03/Mar/2023:10:39:28 +0800] "GET /xingrg/all/function/internal_message.html?_=1677811195089&CODE_STATE=getMsg HTTP/1.1" 200 27
124.79.240.233 - - [03/Mar/2023:10:39:29 +0800] "GET /xingrg/all/function/internal_message.html?_=1677811438869&CODE_STATE=getMsg HTTP/1.1" 200 27
180.164.3.199 - - [03/Mar/2023:10:39:30 +0800] "POST /xingrg/kc/buy/cgsh_list_operate.html HTTP/1.1" 200 5957
222.70.182.154 - - [03/Mar/2023:10:39:31 +0800] "GET /xingrg/all/function/internal_message.html?_=1677811187961&CODE_STATE=getMsg HTTP/1.1" 200 27
116.228.172.94 - - [03/Mar/2023:10:39:32 +0800] "POST /xingrg/dwr/call/plaincall/AjaxQqpsService.saveMaterielItem.dwr HTTP/1.1" 200 79
116.228.172.94 - - [03/Mar/2023:10:39:32 +0800] "GET /xingrg/check_reg.html?_=1677810786709 HTTP/1.1" 200 22
222.67.232.202 - - [03/Mar/2023:10:39:32 +0800] "GET /xingrg/all/function/internal_message.html?_=1677810748008&CODE_STATE=getMsg HTTP/1.1" 200 27
116.228.172.94 - - [03/Mar/2023:10:39:32 +0800] "GET /xingrg/all/function/internal_message.html?_=1677810786962&CODE_STATE=getMsg HTTP/1.1" 200 27
116.225.84.253 - - [03/Mar/2023:10:39:33 +0800] "GET /xingrg/all/function/internal_message.html?_=1677811036889&CODE_STATE=getMsg HTTP/1.1" 200 27
116.237.78.19 - - [03/Mar/2023:10:39:36 +0800] "GET /xingrg/kc/buy/cgsh_order_operate.html?command=get_materiel&rest_code=00106&code=00101008285&supplier_code=00100007&order_time=2023-03-03 HTTP/1.1" 200 413
120.253.135.82 - - [03/Mar/2023:10:39:38 +0800] "GET /xingrg/all/function/internal_message.html?_=1677811022339&CODE_STATE=getMsg HTTP/1.1" 200 27
116.238.139.35 - - [03/Mar/2023:10:39:38 +0800] "GET /xingrg/kc/base/wldb_order_list.html HTTP/1.1" 200 19104
116.238.139.35 - - [03/Mar/2023:10:39:39 +0800] "POST /xingrg/kc/base/wldb_list_operate.html HTTP/1.1" 200 928
116.238.139.35 - - [03/Mar/2023:10:39:40 +0800] "GET /xingrg/kc/base/wldb_order_add.html HTTP/1.1" 200 30395
116.238.139.35 - - [03/Mar/2023:10:39:40 +0800] "POST /xingrg/kc/base/wldb_order_operate.html HTTP/1.1" 200 6806
116.238.139.35 - - [03/Mar/2023:10:39:40 +0800] "GET /xingrg/javascript/easyui/themes/default/validatebox.css HTTP/1.1" 404 1104
180.163.28.114 - - [03/Mar/2023:10:39:41 +0800] "GET /xingrg/all/function/internal_message.html?_=1677811138452&CODE_STATE=getMsg HTTP/1.1" 302 -
180.163.28.114 - - [03/Mar/2023:10:39:41 +0800] "GET /xingrg/login.html HTTP/1.1" 200 7641
116.237.78.19 - - [03/Mar/2023:10:39:41 +0800] "GET /xingrg/all/function/internal_message.html?_=1677811198422&CODE_STATE=getMsg HTTP/1.1" 200 27
222.67.232.202 - - [03/Mar/2023:10:39:41 +0800] "GET /xingrg/kc/buy/cgsh_order_operate.html?command=get_materiel&rest_code=00141&code=00101008353&supplier_code=00100007&order_time=2023-03-03 HTTP/1.1" 200 408
180.163.30.76 - - [03/Mar/2023:10:39:42 +0800] "GET /xingrg/check_reg.html?_=1677811139425 HTTP/1.1" 302 -
180.163.30.76 - - [03/Mar/2023:10:39:42 +0800] "GET /xingrg/login.html HTTP/1.1" 200 7641
180.164.3.199 - - [03/Mar/2023:10:39:43 +0800] "GET /xingrg/all/function/internal_message.html?_=1677811203063&CODE_STATE=getMsg HTTP/1.1" 200 27
116.238.139.35 - - [03/Mar/2023:10:39:43 +0800] "POST /xingrg/all/common/load_combo.html?type=base HTTP/1.1" 200 3318
180.169.147.146 - - [03/Mar/2023:10:39:44 +0800] "GET /xingrg/all/function/internal_message.html?_=1677811203701&CODE_STATE=getMsg HTTP/1.1" 200 27
180.169.147.146 - - [03/Mar/2023:10:39:45 +0800] "GET /xingrg/check_reg.html?_=1677811203548 HTTP/1.1" 200 22
180.169.147.146 - - [03/Mar/2023:10:39:45 +0800] "GET /xingrg/all/function/internal_message.html?_=1677811203550&CODE_STATE=getMsg HTTP/1.1" 200 27
116.237.78.19 - - [03/Mar/2023:10:39:45 +0800] "GET /xingrg/kc/buy/cgsh_order_operate.html?command=get_materiel&rest_code=00106&code=00101011013&supplier_code=00100007&order_time=2023-03-03 HTTP/1.1" 200 413
116.238.139.35 - - [03/Mar/2023:10:39:47 +0800] "GET /xingrg/check_reg.html?_=1677811138804 HTTP/1.1" 200 22
116.238.139.35 - - [03/Mar/2023:10:39:48 +0800] "GET /xingrg/all/function/internal_message.html?_=1677811140224&CODE_STATE=getMsg HTTP/1.1" 200 27
172.20.0.100 - - [03/Mar/2023:10:39:48 +0800] "GET /xingrg/all/function/internal_message.html?_=1677811207217&CODE_STATE=getMsg HTTP/1.1" 200 27
116.237.78.19 - - [03/Mar/2023:10:39:49 +0800] "GET /xingrg/all/function/internal_message.html?_=1677811213120&CODE_STATE=getMsg HTTP/1.1" 200 27
116.230.112.197 - - [03/Mar/2023:10:39:49 +0800] "GET /xingrg/all/function/internal_message.html?_=1677811226906&CODE_STATE=getMsg HTTP/1.1" 200 27
222.67.232.202 - - [03/Mar/2023:10:39:50 +0800] "GET /xingrg/kc/buy/cgsh_order_operate.html?command=get_materiel&rest_code=00141&code=00101008037&supplier_code=00100007&order_time=2023-03-03 HTTP/1.1" 200 413
116.224.106.218 - - [03/Mar/2023:10:39:52 +0800] "GET /xingrg/all/function/internal_message.html?_=1677811211639&CODE_STATE=getMsg HTTP/1.1" 200 27
116.238.139.35 - - [03/Mar/2023:10:39:52 +0800] "GET /xingrg/kc/base/wldb_order_operate.html?command=get_materiel&rest_code=00150&base_code=0010445&code=00101019222 HTTP/1.1" 200 454
180.157.253.110 - - [03/Mar/2023:10:39:58 +0800] "GET /xingrg/all/function/internal_message.html?_=1677811217465&CODE_STATE=getMsg HTTP/1.1" 200 27
180.157.253.110 - - [03/Mar/2023:10:39:58 +0800] "GET /xingrg/check_reg.html?_=1677811217466 HTTP/1.1" 200 22
222.67.232.202 - - [03/Mar/2023:10:39:59 +0800] "GET /xingrg/kc/buy/cgsh_order_operate.html?command=get_materiel&rest_code=00141&code=00101008134&supplier_code=00100007&order_time=2023-03-03 HTTP/1.1" 200 413
116.238.139.35 - - [03/Mar/2023:10:40:01 +0800] "GET /xingrg/kc/base/wldb_order_operate.html?command=get_materiel&rest_code=00150&base_code=0010445&code=00101019400 HTTP/1.1" 200 465
58.221.95.50 - - [03/Mar/2023:10:40:01 +0800] "GET /xingrg/all/function/internal_message.html?_=1677811221282&CODE_STATE=getMsg HTTP/1.1" 200 27
222.70.221.209 - - [03/Mar/2023:10:40:02 +0800] "GET /xingrg/all/function/internal_message.html?_=1677811350109&CODE_STATE=getMsg HTTP/1.1" 200 27
180.169.147.146 - - [03/Mar/2023:10:40:04 +0800] "GET /xingrg/all/function/internal_message.html?_=1677811236761&CODE_STATE=getMsg HTTP/1.1" 302 -
116.238.139.35 - - [03/Mar/2023:10:40:05 +0800] "GET /xingrg/all/function/internal_message.html?_=1677811227208&CODE_STATE=getMsg HTTP/1.1" 200 27
114.83.222.182 - - [03/Mar/2023:10:40:06 +0800] "GET /xingrg/all/function/internal_message.html?_=1677811284018&CODE_STATE=getMsg HTTP/1.1" 200 27
101.229.22.234 - - [03/Mar/2023:10:40:06 +0800] "GET /xingrg/all/function/internal_message.html?_=1677811222000&CODE_STATE=getMsg HTTP/1.1" 200 27
124.79.240.233 - - [03/Mar/2023:10:40:07 +0800] "POST /xingrg/kc/buy/cgsh_list_operate.html HTTP/1.1" 200 4213
116.225.84.253 - - [03/Mar/2023:10:40:07 +0800] "GET /xingrg/all/function/internal_message.html?_=1677811230085&CODE_STATE=getMsg HTTP/1.1" 200 27
116.238.139.35 - - [03/Mar/2023:10:40:14 +0800] "GET /xingrg/kc/base/wldb_order_operate.html?command=get_materiel&rest_code=00150&base_code=0010445&code=00101019185 HTTP/1.1" 200 468
222.70.182.154 - - [03/Mar/2023:10:40:15 +0800] "GET /xingrg/all/function/internal_message.html?_=1677811311896&CODE_STATE=getMsg HTTP/1.1" 200 27
180.169.147.146 - - [03/Mar/2023:10:40:15 +0800] "GET /xingrg/all/function/internal_message.html?_=1677811234911&CODE_STATE=getMsg HTTP/1.1" 200 27
222.67.232.202 - - [03/Mar/2023:10:40:21 +0800] "GET /xingrg/kc/buy/cgsh_order_operate.html?command=get_materiel&rest_code=00141&code=00101008370&supplier_code=00100007&order_time=2023-03-03 HTTP/1.1" 200 412
180.169.147.146 - - [03/Mar/2023:10:40:21 +0800] "GET /xingrg/all/function/internal_message.html?_=1677811242198&CODE_STATE=getMsg HTTP/1.1" 302 -
58.40.7.146 - - [03/Mar/2023:10:40:22 +0800] "GET /xingrg/all/function/internal_message.html?_=1677811241199&CODE_STATE=getMsg HTTP/1.1" 200 27
116.192.124.172 - - [03/Mar/2023:10:40:22 +0800] "GET /xingrg/all/function/internal_message.html?_=1677811242127&CODE_STATE=getMsg HTTP/1.1" 200 27
116.238.139.35 - - [03/Mar/2023:10:40:23 +0800] "GET /xingrg/kc/base/wldb_order_operate.html?command=get_materiel&rest_code=00150&base_code=0010445&code=00101016094 HTTP/1.1" 200 470
114.83.219.234 - - [03/Mar/2023:10:40:28 +0800] "GET /xingrg/all/function/internal_message.html?_=1677811244825&CODE_STATE=getMsg HTTP/1.1" 200 27
116.237.78.19 - - [03/Mar/2023:10:40:28 +0800] "GET /xingrg/kc/buy/cgsh_order_operate.html?command=get_materiel&rest_code=00106&code=00101008298&supplier_code=00100007&order_time=2023-03-03 HTTP/1.1" 200 412
116.192.124.172 - - [03/Mar/2023:10:40:28 +0800] "GET /xingrg/all/function/internal_message.html?_=1677811255091&CODE_STATE=getMsg HTTP/1.1" 200 27
124.79.240.233 - - [03/Mar/2023:10:40:29 +0800] "GET /xingrg/all/function/internal_message.html?_=1677811498859&CODE_STATE=getMsg HTTP/1.1" 200 27
222.70.182.154 - - [03/Mar/2023:10:40:31 +0800] "GET /xingrg/all/function/internal_message.html?_=1677811247988&CODE_STATE=getMsg HTTP/1.1" 200 27
116.238.139.35 - - [03/Mar/2023:10:40:31 +0800] "GET /xingrg/kc/base/wldb_order_operate.html?command=get_materiel&rest_code=00150&base_code=0010445&code=00101016019 HTTP/1.1" 200 451
116.228.172.94 - - [03/Mar/2023:10:40:31 +0800] "POST /xingrg/dwr/call/plaincall/AjaxQqpsService.getMaterielByCode.dwr HTTP/1.1" 200 1498
222.67.232.202 - - [03/Mar/2023:10:40:32 +0800] "GET /xingrg/kc/buy/cgsh_order_operate.html?command=get_materiel&rest_code=00141&code=00101008242&supplier_code=00100007&order_time=2023-03-03 HTTP/1.1" 200 408
222.67.232.202 - - [03/Mar/2023:10:40:32 +0800] "GET /xingrg/check_reg.html?_=1677810807979 HTTP/1.1" 200 22
222.67.232.202 - - [03/Mar/2023:10:40:32 +0800] "POST /xingrg/services/DataTransmitService HTTP/1.1" 200 524
222.67.232.202 - - [03/Mar/2023:10:40:32 +0800] "GET /xingrg/all/function/internal_message.html?_=1677810807981&CODE_STATE=getMsg HTTP/1.1" 200 27
116.228.172.94 - - [03/Mar/2023:10:40:32 +0800] "GET /xingrg/all/function/internal_message.html?_=1677810846937&CODE_STATE=getMsg HTTP/1.1" 200 27
222.67.232.202 - - [03/Mar/2023:10:40:33 +0800] "POST /xingrg/services/DataTransmitService HTTP/1.1" 200 501
116.225.84.253 - - [03/Mar/2023:10:40:33 +0800] "GET /xingrg/check_reg.html?_=1677811096896 HTTP/1.1" 200 22
116.225.84.253 - - [03/Mar/2023:10:40:33 +0800] "GET /xingrg/all/function/internal_message.html?_=1677811096902&CODE_STATE=getMsg HTTP/1.1" 200 27
116.237.78.19 - - [03/Mar/2023:10:40:34 +0800] "POST /xingrg/kc/buy/cgsh_order_operate.html HTTP/1.1" 200 2065
120.253.135.82 - - [03/Mar/2023:10:40:38 +0800] "GET /xingrg/all/function/internal_message.html?_=1677811082457&CODE_STATE=getMsg HTTP/1.1" 200 27
180.164.3.199 - - [03/Mar/2023:10:40:38 +0800] "POST /xingrg/kc/buy/cgsh_list_operate.html HTTP/1.1" 200 4
116.238.139.35 - - [03/Mar/2023:10:40:39 +0800] "GET /xingrg/kc/base/wldb_order_operate.html?command=get_materiel&rest_code=00150&base_code=0010445&code=00101019063 HTTP/1.1" 200 461
116.237.78.19 - - [03/Mar/2023:10:40:41 +0800] "GET /xingrg/all/function/internal_message.html?_=1677811258392&CODE_STATE=getMsg HTTP/1.1" 200 27
116.228.172.94 - - [03/Mar/2023:10:40:42 +0800] "POST /xingrg/dwr/call/plaincall/AjaxQqpsService.saveMaterielItem.dwr HTTP/1.1" 200 79
180.163.29.234 - - [03/Mar/2023:10:40:42 +0800] "GET /xingrg/kc/buy/cgsh_order_operate.html?command=get_materiel&rest_code=00106&code=00101011013&supplier_code=00100007&order_time=2023-03-03 HTTP/1.1" 302 -
180.163.29.234 - - [03/Mar/2023:10:40:42 +0800] "GET /xingrg/login.html HTTP/1.1" 200 7641
180.164.3.199 - - [03/Mar/2023:10:40:43 +0800] "GET /xingrg/all/function/internal_message.html?_=1677811263049&CODE_STATE=getMsg HTTP/1.1" 200 27
116.237.78.19 - - [03/Mar/2023:10:40:43 +0800] "POST /xingrg/kc/buy/cgsh_order_operate.html HTTP/1.1" 200 37
180.169.147.146 - - [03/Mar/2023:10:40:44 +0800] "GET /xingrg/all/function/internal_message.html?_=1677811263701&CODE_STATE=getMsg HTTP/1.1" 200 27
222.70.221.209 - - [03/Mar/2023:10:40:44 +0800] "GET /favicon.ico HTTP/1.1" 404 -
180.169.147.146 - - [03/Mar/2023:10:40:45 +0800] "GET /xingrg/all/function/internal_message.html?_=1677811263545&CODE_STATE=getMsg HTTP/1.1" 200 27
222.67.232.202 - - [03/Mar/2023:10:40:45 +0800] "POST /xingrg/services/DataTransmitService HTTP/1.1" 200 524
222.67.232.202 - - [03/Mar/2023:10:40:46 +0800] "POST /xingrg/services/DataTransmitService HTTP/1.1" 200 501
222.67.232.202 - - [03/Mar/2023:10:40:47 +0800] "GET /xingrg/kc/buy/cgsh_order_operate.html?command=get_materiel&rest_code=00141&code=00101008356&supplier_code=00100007&order_time=2023-03-03 HTTP/1.1" 200 408
116.238.139.35 - - [03/Mar/2023:10:40:48 +0800] "GET /xingrg/kc/base/wldb_order_operate.html?command=get_materiel&rest_code=00150&base_code=0010445&code=00101008316 HTTP/1.1" 200 434
116.238.139.35 - - [03/Mar/2023:10:40:48 +0800] "GET /xingrg/all/function/internal_message.html?_=1677811200262&CODE_STATE=getMsg HTTP/1.1" 200 27
172.20.0.100 - - [03/Mar/2023:10:40:48 +0800] "GET /xingrg/all/function/internal_message.html?_=1677811267220&CODE_STATE=getMsg HTTP/1.1" 200 27
116.237.78.19 - - [03/Mar/2023:10:40:49 +0800] "GET /xingrg/check_reg.html?_=1677811273123 HTTP/1.1" 200 22
116.237.78.19 - - [03/Mar/2023:10:40:49 +0800] "GET /xingrg/all/function/internal_message.html?_=1677811273125&CODE_STATE=getMsg HTTP/1.1" 200 27
116.230.112.197 - - [03/Mar/2023:10:40:49 +0800] "GET /xingrg/all/function/internal_message.html?_=1677811287061&CODE_STATE=getMsg HTTP/1.1" 200 27
116.224.106.218 - - [03/Mar/2023:10:40:52 +0800] "GET /xingrg/all/function/internal_message.html?_=1677811271639&CODE_STATE=getMsg HTTP/1.1" 200 27
116.238.139.35 - - [03/Mar/2023:10:40:54 +0800] "GET /xingrg/kc/base/wldb_order_operate.html?command=get_materiel&rest_code=00150&base_code=0010445&code=00101013221 HTTP/1.1" 200 433
180.157.253.110 - - [03/Mar/2023:10:40:58 +0800] "GET /xingrg/all/function/internal_message.html?_=1677811277465&CODE_STATE=getMsg HTTP/1.1" 200 27
222.67.232.202 - - [03/Mar/2023:10:40:58 +0800] "POST /xingrg/services/DataTransmitService HTTP/1.1" 200 524
116.238.139.35 - - [03/Mar/2023:10:41:00 +0800] "GET /xingrg/kc/base/wldb_order_operate.html?command=get_materiel&rest_code=00150&base_code=0010445&code=00101013090 HTTP/1.1" 200 431
58.221.95.50 - - [03/Mar/2023:10:41:01 +0800] "GET /xingrg/all/function/internal_message.html?_=1677811281270&CODE_STATE=getMsg HTTP/1.1" 200 27
222.70.221.209 - - [03/Mar/2023:10:41:02 +0800] "GET /xingrg/all/function/internal_message.html?_=1677811410115&CODE_STATE=getMsg HTTP/1.1" 200 27
180.169.147.146 - - [03/Mar/2023:10:41:04 +0800] "GET /xingrg/all/function/internal_message.html?_=1677811296760&CODE_STATE=getMsg HTTP/1.1" 302 -
116.238.139.35 - - [03/Mar/2023:10:41:05 +0800] "GET /xingrg/all/function/internal_message.html?_=1677811287211&CODE_STATE=getMsg HTTP/1.1" 200 27
222.67.232.202 - - [03/Mar/2023:10:41:06 +0800] "GET /xingrg/kc/buy/cgsh_order_operate.html?command=get_materiel&rest_code=00141&code=00101008131&supplier_code=00100007&order_time=2023-03-03 HTTP/1.1" 200 408
114.83.222.182 - - [03/Mar/2023:10:41:06 +0800] "GET /xingrg/check_reg.html?_=1677811344044 HTTP/1.1" 200 22
114.83.222.182 - - [03/Mar/2023:10:41:06 +0800] "GET /xingrg/all/function/internal_message.html?_=1677811344037&CODE_STATE=getMsg HTTP/1.1" 200 27
101.229.22.234 - - [03/Mar/2023:10:41:06 +0800] "GET /xingrg/all/function/internal_message.html?_=1677811282001&CODE_STATE=getMsg HTTP/1.1" 200 27
116.225.84.253 - - [03/Mar/2023:10:41:07 +0800] "GET /xingrg/all/function/internal_message.html?_=1677811290085&CODE_STATE=getMsg HTTP/1.1" 200 27
116.225.84.253 - - [03/Mar/2023:10:41:07 +0800] "GET /xingrg/check_reg.html?_=1677811290088 HTTP/1.1" 200 22
124.79.240.233 - - [03/Mar/2023:10:41:09 +0800] "POST /xingrg/kc/buy/cgsh_list_operate.html HTTP/1.1" 200 4
116.237.78.19 - - [03/Mar/2023:10:41:11 +0800] "POST /xingrg/kc/buy/cgsh_order_operate.html HTTP/1.1" 200 25725
116.237.78.19 - - [03/Mar/2023:10:41:12 +0800] "GET /xingrg/kc/base/base_main.html HTTP/1.1" 200 12142
116.238.139.35 - - [03/Mar/2023:10:41:12 +0800] "POST /xingrg/kc/base/wldb_order_operate.html HTTP/1.1" 200 37
116.237.78.19 - - [03/Mar/2023:10:41:14 +0800] "GET /xingrg/kc/base/wldb_order_list.html HTTP/1.1" 200 19098
222.70.182.154 - - [03/Mar/2023:10:41:15 +0800] "GET /xingrg/all/function/internal_message.html?_=1677811371877&CODE_STATE=getMsg HTTP/1.1" 200 27
180.169.147.146 - - [03/Mar/2023:10:41:15 +0800] "GET /xingrg/all/function/internal_message.html?_=1677811294912&CODE_STATE=getMsg HTTP/1.1" 200 27
222.67.232.202 - - [03/Mar/2023:10:41:16 +0800] "GET /xingrg/kc/buy/cgsh_order_operate.html?command=get_materiel&rest_code=00141&code=00101008296&supplier_code=00100007&order_time=2023-03-03 HTTP/1.1" 200 416
116.238.139.35 - - [03/Mar/2023:10:41:17 +0800] "POST /xingrg/kc/base/wldb_order_operate.html HTTP/1.1" 200 12
116.238.139.35 - - [03/Mar/2023:10:41:17 +0800] "POST /xingrg/kc/base/wldb_order_operate.html HTTP/1.1" 200 6612
222.67.232.202 - - [03/Mar/2023:10:41:17 +0800] "POST /xingrg/services/DataTransmitService HTTP/1.1" 200 501
116.237.78.19 - - [03/Mar/2023:10:41:17 +0800] "POST /xingrg/kc/base/wldb_list_operate.html HTTP/1.1" 200 928
222.67.232.202 - - [03/Mar/2023:10:41:17 +0800] "POST /xingrg/services/DataTransmitService HTTP/1.1" 200 501
116.238.139.35 - - [03/Mar/2023:10:41:17 +0800] "GET /xingrg/kc/base/wldb_order_info.html?code=422023030300214 HTTP/1.1" 200 26280
116.237.78.19 - - [03/Mar/2023:10:41:18 +0800] "GET /xingrg/kc/base/wldb_order_add.html HTTP/1.1" 200 30385
116.237.78.19 - - [03/Mar/2023:10:41:18 +0800] "GET /xingrg/words/20230303100706_words.js HTTP/1.1" 304 -
116.238.139.35 - - [03/Mar/2023:10:41:18 +0800] "GET /xingrg/javascript/easyui/themes/default/validatebox.css HTTP/1.1" 404 1104
116.237.78.19 - - [03/Mar/2023:10:41:18 +0800] "GET /xingrg/all/common/auto_word.html?type=base&rest_code=00106 HTTP/1.1" 200 1799
116.237.78.19 - - [03/Mar/2023:10:41:18 +0800] "GET /xingrg/all/common/auto_word.html?type=base&rest_code=00106 HTTP/1.1" 200 1799
116.237.78.19 - - [03/Mar/2023:10:41:18 +0800] "POST /xingrg/kc/base/wldb_order_operate.html HTTP/1.1" 200 6806
116.237.78.19 - - [03/Mar/2023:10:41:18 +0800] "GET /xingrg/javascript/easyui/themes/default/validatebox.css HTTP/1.1" 404 1104
116.238.139.35 - - [03/Mar/2023:10:41:18 +0800] "POST /xingrg/kc/base/wldb_order_operate.html HTTP/1.1" 200 4805
120.253.135.82 - - [03/Mar/2023:10:41:18 +0800] "GET /xingrg/kc/pszx/mdqp_order_list.html?isBack=1 HTTP/1.1" 302 -
120.253.135.82 - - [03/Mar/2023:10:41:18 +0800] "GET /xingrg/kc/pszx/mdqp_order_list.html?state=10 HTTP/1.1" 200 11128
120.253.135.82 - - [03/Mar/2023:10:41:18 +0800] "GET /xingrg/images/yd/bt2.gif HTTP/1.1" 404 1042
120.253.135.82 - - [03/Mar/2023:10:41:18 +0800] "GET /xingrg/images/yd/bt.gif HTTP/1.1" 404 1040
120.253.135.82 - - [03/Mar/2023:10:41:18 +0800] "GET /xingrg/dwr/interface/AjaxReportQueryService.js HTTP/1.1" 200 13203
120.253.135.82 - - [03/Mar/2023:10:41:18 +0800] "GET /xingrg/dwr/interface/AjaxQqpsService.js HTTP/1.1" 200 16326
120.253.135.82 - - [03/Mar/2023:10:41:19 +0800] "GET /xingrg/dwr/engine.js HTTP/1.1" 200 43631
116.237.78.19 - - [03/Mar/2023:10:41:19 +0800] "POST /xingrg/all/common/load_combo.html?type=base HTTP/1.1" 200 3227
222.67.232.202 - - [03/Mar/2023:10:41:19 +0800] "POST /xingrg/services/DataTransmitService HTTP/1.1" 200 501
180.169.147.146 - - [03/Mar/2023:10:41:21 +0800] "GET /xingrg/all/function/internal_message.html?_=1677811302217&CODE_STATE=getMsg HTTP/1.1" 302 -
222.67.232.202 - - [03/Mar/2023:10:41:21 +0800] "POST /xingrg/services/DataTransmitService HTTP/1.1" 200 501
58.40.7.146 - - [03/Mar/2023:10:41:22 +0800] "GET /xingrg/all/function/internal_message.html?_=1677811301187&CODE_STATE=getMsg HTTP/1.1" 200 27
222.67.232.202 - - [03/Mar/2023:10:41:22 +0800] "POST /xingrg/services/DataTransmitService HTTP/1.1" 200 501
116.192.124.172 - - [03/Mar/2023:10:41:22 +0800] "GET /xingrg/all/function/internal_message.html?_=1677811302122&CODE_STATE=getMsg HTTP/1.1" 200 27
222.67.232.202 - - [03/Mar/2023:10:41:22 +0800] "POST /xingrg/services/DataTransmitService HTTP/1.1" 200 501
116.228.172.94 - - [03/Mar/2023:10:41:23 +0800] "POST /xingrg/dwr/call/plaincall/AjaxQqpsService.saveOrder.dwr HTTP/1.1" 200 79
120.253.135.82 - - [03/Mar/2023:10:41:23 +0800] "GET /xingrg/kc/pszx/mdqp_order_info.html?code=302023030300066 HTTP/1.1" 200 13354
120.253.135.82 - - [03/Mar/2023:10:41:23 +0800] "GET /xingrg/dwr/interface/AjaxQqpsService.js HTTP/1.1" 200 16326
120.253.135.82 - - [03/Mar/2023:10:41:23 +0800] "GET /xingrg/dwr/interface/AjaxComOrderService.js HTTP/1.1" 200 18264
120.253.135.82 - - [03/Mar/2023:10:41:23 +0800] "GET /xingrg/dwr/engine.js HTTP/1.1" 200 43631
222.67.232.202 - - [03/Mar/2023:10:41:24 +0800] "POST /xingrg/services/DataTransmitService HTTP/1.1" 200 501
120.253.135.82 - - [03/Mar/2023:10:41:24 +0800] "POST /xingrg/dwr/call/plaincall/AjaxQqpsService.loadMaterielItems.dwr HTTP/1.1" 200 366
222.67.232.202 - - [03/Mar/2023:10:41:24 +0800] "POST /xingrg/services/DataTransmitService HTTP/1.1" 200 501
222.67.232.202 - - [03/Mar/2023:10:41:24 +0800] "POST /xingrg/services/DataTransmitService HTTP/1.1" 200 501
222.67.232.202 - - [03/Mar/2023:10:41:25 +0800] "POST /xingrg/services/DataTransmitService HTTP/1.1" 200 412
116.237.78.19 - - [03/Mar/2023:10:41:25 +0800] "GET /xingrg/kc/base/wldb_order_operate.html?command=get_materiel&rest_code=00106&base_code=0010396&code=00101019222 HTTP/1.1" 200 452
222.67.232.202 - - [03/Mar/2023:10:41:25 +0800] "GET /xingrg/kc/buy/cgsh_order_operate.html?command=get_materiel&rest_code=00141&code=00101008274&supplier_code=00100007&order_time=2023-03-03 HTTP/1.1" 200 412
120.253.135.82 - - [03/Mar/2023:10:41:27 +0800] "GET /xingrg/kc/pszx/mdqp_order_list.html?isBack=1 HTTP/1.1" 302 -
120.253.135.82 - - [03/Mar/2023:10:41:27 +0800] "GET /xingrg/kc/pszx/mdqp_order_list.html?state=10 HTTP/1.1" 200 11128
120.253.135.82 - - [03/Mar/2023:10:41:27 +0800] "GET /xingrg/dwr/interface/AjaxQqpsService.js HTTP/1.1" 200 16326
120.253.135.82 - - [03/Mar/2023:10:41:27 +0800] "GET /xingrg/dwr/interface/AjaxReportQueryService.js HTTP/1.1" 200 13203
120.253.135.82 - - [03/Mar/2023:10:41:27 +0800] "GET /xingrg/dwr/engine.js HTTP/1.1" 200 43631
116.228.172.94 - - [03/Mar/2023:10:41:27 +0800] "GET /xingrg/kc/mdqp/qqps_order_list.html?isBack=1 HTTP/1.1" 200 10032
116.228.172.94 - - [03/Mar/2023:10:41:27 +0800] "GET /xingrg/dwr/interface/AjaxQqpsService.js HTTP/1.1" 200 16326
116.228.172.94 - - [03/Mar/2023:10:41:27 +0800] "GET /xingrg/dwr/interface/AjaxReportQueryService.js HTTP/1.1" 200 13203
116.228.172.94 - - [03/Mar/2023:10:41:27 +0800] "GET /xingrg/dwr/engine.js HTTP/1.1" 200 43631
114.83.219.234 - - [03/Mar/2023:10:41:28 +0800] "GET /xingrg/all/function/internal_message.html?_=1677811304804&CODE_STATE=getMsg HTTP/1.1" 200 27
222.67.232.202 - - [03/Mar/2023:10:41:28 +0800] "POST /xingrg/kc/buy/cgsh_order_operate.html HTTP/1.1" 200 2065
116.192.124.172 - - [03/Mar/2023:10:41:28 +0800] "GET /xingrg/all/function/internal_message.html?_=1677811315094&CODE_STATE=getMsg HTTP/1.1" 200 27
124.79.240.233 - - [03/Mar/2023:10:41:29 +0800] "GET /xingrg/all/function/internal_message.html?_=1677811558861&CODE_STATE=getMsg HTTP/1.1" 200 27
120.253.135.82 - - [03/Mar/2023:10:41:30 +0800] "GET /xingrg/kc/pszx/jzcl_ps.html HTTP/1.1" 200 7683
120.253.135.82 - - [03/Mar/2023:10:41:30 +0800] "POST /xingrg/all/common/load_tree.html?tree=area_rest_tree_json HTTP/1.1" 200 3499
222.70.182.154 - - [03/Mar/2023:10:41:31 +0800] "GET /xingrg/all/function/internal_message.html?_=1677811307989&CODE_STATE=getMsg HTTP/1.1" 200 27
120.253.135.82 - - [03/Mar/2023:10:41:31 +0800] "POST /xingrg/kc/pszx/jzcl_ps_operate.html HTTP/1.1" 200 798
120.253.135.82 - - [03/Mar/2023:10:41:31 +0800] "POST /xingrg/kc/pszx/jzcl_ps_operate.html HTTP/1.1" 200 798
116.238.139.35 - - [03/Mar/2023:10:41:31 +0800] "GET /xingrg/kc/base/wldb_order_add.html HTTP/1.1" 200 30395
180.164.3.199 - - [03/Mar/2023:10:41:31 +0800] "POST /xingrg/kc/buy/cgsh_list_operate.html HTTP/1.1" 200 6000
116.238.139.35 - - [03/Mar/2023:10:41:31 +0800] "POST /xingrg/kc/base/wldb_order_operate.html HTTP/1.1" 200 6806
116.238.139.35 - - [03/Mar/2023:10:41:32 +0800] "GET /xingrg/javascript/easyui/themes/default/validatebox.css HTTP/1.1" 404 1104
222.67.232.202 - - [03/Mar/2023:10:41:32 +0800] "GET /xingrg/all/function/internal_message.html?_=1677810867965&CODE_STATE=getMsg HTTP/1.1" 200 27
116.228.172.94 - - [03/Mar/2023:10:41:32 +0800] "GET /xingrg/all/function/internal_message.html?_=1677810906923&CODE_STATE=getMsg HTTP/1.1" 200 27
120.253.135.82 - - [03/Mar/2023:10:41:32 +0800] "GET /xingrg/check_reg.html?_=1677811137175 HTTP/1.1" 200 22
116.238.139.35 - - [03/Mar/2023:10:41:33 +0800] "POST /xingrg/all/common/load_combo.html?type=base HTTP/1.1" 200 3318
116.225.84.253 - - [03/Mar/2023:10:41:33 +0800] "GET /xingrg/all/function/internal_message.html?_=1677811156896&CODE_STATE=getMsg HTTP/1.1" 200 27
124.79.240.233 - - [03/Mar/2023:10:41:35 +0800] "POST /xingrg/kc/buy/cgsh_list_operate.html HTTP/1.1" 200 5785
116.237.78.19 - - [03/Mar/2023:10:41:35 +0800] "GET /xingrg/javascript/easyui/themes/default/tree.css HTTP/1.1" 404 1090
116.237.78.19 - - [03/Mar/2023:10:41:35 +0800] "POST /xingrg/all/common/load_tree.html?tree=rest_base_tree_json HTTP/1.1" 200 71352
222.67.232.202 - - [03/Mar/2023:10:41:36 +0800] "GET /xingrg/kc/buy/cgsh_order_operate.html?command=get_materiel&rest_code=00141&code=00101008285&supplier_code=00100007&order_time=2023-03-03 HTTP/1.1" 200 413
120.253.135.82 - - [03/Mar/2023:10:41:37 +0800] "POST /xingrg/kc/pszx/jzcl_ps_operate.html HTTP/1.1" 200 4
120.253.135.82 - - [03/Mar/2023:10:41:38 +0800] "GET /xingrg/kc/pszx/mdps_order_list.html HTTP/1.1" 200 21032
120.253.135.82 - - [03/Mar/2023:10:41:38 +0800] "POST /xingrg/kc/pszx/jzcl_ps_operate.html HTTP/1.1" 200 21
120.253.135.82 - - [03/Mar/2023:10:41:39 +0800] "POST /xingrg/kc/pszx/mdps_list_operate.html HTTP/1.1" 200 5313
120.253.135.82 - - [03/Mar/2023:10:41:39 +0800] "GET /xingrg/all/function/internal_message.html?_=1677811143791&CODE_STATE=getMsg HTTP/1.1" 200 27
180.163.29.234 - - [03/Mar/2023:10:41:41 +0800] "GET /xingrg/all/function/internal_message.html?_=1677811258392&CODE_STATE=getMsg HTTP/1.1" 302 -
180.163.29.234 - - [03/Mar/2023:10:41:41 +0800] "GET /xingrg/login.html HTTP/1.1" 200 7641
116.237.78.19 - - [03/Mar/2023:10:41:41 +0800] "GET /xingrg/all/function/internal_message.html?_=1677811318369&CODE_STATE=getMsg HTTP/1.1" 200 27
180.164.3.199 - - [03/Mar/2023:10:41:43 +0800] "GET /xingrg/all/function/internal_message.html?_=1677811323048&CODE_STATE=getMsg HTTP/1.1" 200 27
180.169.147.146 - - [03/Mar/2023:10:41:44 +0800] "GET /xingrg/all/function/internal_message.html?_=1677811323701&CODE_STATE=getMsg HTTP/1.1" 200 27
180.169.147.146 - - [03/Mar/2023:10:41:45 +0800] "GET /xingrg/all/function/internal_message.html?_=1677811323546&CODE_STATE=getMsg HTTP/1.1" 200 27
116.230.112.197 - - [03/Mar/2023:10:41:46 +0800] "GET /xingrg/check_reg.html?_=1677811343269 HTTP/1.1" 200 22
116.238.139.35 - - [03/Mar/2023:10:41:46 +0800] "GET /xingrg/kc/base/wldb_order_operate.html?command=get_materiel&rest_code=00150&base_code=0010446&code=00102015103 HTTP/1.1" 200 437
116.228.172.94 - - [03/Mar/2023:10:41:47 +0800] "GET /xingrg/kc/mdqp/qqps_order_list.html?isQuery=1&timeSelect=1&orderTime=day&startTime=2023-03-03&endTime=2023-03-03&state=all&query=%C8%B7++%B6%A8 HTTP/1.1" 200 10122
116.228.172.94 - - [03/Mar/2023:10:41:47 +0800] "GET /xingrg/dwr/interface/AjaxReportQueryService.js HTTP/1.1" 200 13203
116.228.172.94 - - [03/Mar/2023:10:41:47 +0800] "GET /xingrg/dwr/interface/AjaxQqpsService.js HTTP/1.1" 200 16326
116.228.172.94 - - [03/Mar/2023:10:41:47 +0800] "GET /xingrg/dwr/engine.js HTTP/1.1" 200 43631
222.67.232.202 - - [03/Mar/2023:10:41:47 +0800] "GET /xingrg/kc/buy/cgsh_order_operate.html?command=get_materiel&rest_code=00141&code=00101008403&supplier_code=00100007&order_time=2023-03-03 HTTP/1.1" 200 412
116.237.78.19 - - [03/Mar/2023:10:41:47 +0800] "POST /xingrg/all/common/load_tree.html?tree=rest_base_tree_json HTTP/1.1" 200 71352
116.238.139.35 - - [03/Mar/2023:10:41:48 +0800] "GET /xingrg/all/function/internal_message.html?_=1677811260267&CODE_STATE=getMsg HTTP/1.1" 200 27
172.20.0.100 - - [03/Mar/2023:10:41:48 +0800] "GET /xingrg/all/function/internal_message.html?_=1677811327225&CODE_STATE=getMsg HTTP/1.1" 200 27
172.20.0.100 - - [03/Mar/2023:10:41:48 +0800] "GET /xingrg/check_reg.html?_=1677811327226 HTTP/1.1" 200 22
116.237.78.19 - - [03/Mar/2023:10:41:49 +0800] "GET /xingrg/all/function/internal_message.html?_=1677811333126&CODE_STATE=getMsg HTTP/1.1" 200 27
120.253.135.82 - - [03/Mar/2023:10:41:49 +0800] "POST /xingrg/kc/pszx/mdps_list_operate.html HTTP/1.1" 200 2066
116.230.112.197 - - [03/Mar/2023:10:41:49 +0800] "GET /xingrg/all/function/internal_message.html?_=1677811347075&CODE_STATE=getMsg HTTP/1.1" 200 27
120.253.135.82 - - [03/Mar/2023:10:41:50 +0800] "POST /xingrg/kc/pszx/mdps_list_operate.html HTTP/1.1" 200 211
120.253.135.82 - - [03/Mar/2023:10:41:52 +0800] "GET /xingrg/kc/pszx/mdps_order_info.html?code=312023030300079 HTTP/1.1" 200 23982
116.224.106.218 - - [03/Mar/2023:10:41:52 +0800] "GET /xingrg/all/function/internal_message.html?_=1677811331640&CODE_STATE=getMsg HTTP/1.1" 200 27
120.253.135.82 - - [03/Mar/2023:10:41:52 +0800] "GET /xingrg/javascript/easyui/themes/default/validatebox.css HTTP/1.1" 404 1104
120.253.135.82 - - [03/Mar/2023:10:41:53 +0800] "POST /xingrg/kc/pszx/mdps_order_operate.html HTTP/1.1" 200 2285
116.228.172.94 - - [03/Mar/2023:10:41:53 +0800] "POST /xingrg/dwr/call/plaincall/AjaxReportQueryService.getFixDate.dwr HTTP/1.1" 200 111
120.253.135.82 - - [03/Mar/2023:10:41:54 +0800] "POST /xingrg/all/common/load_combo.html?type=base HTTP/1.1" 200 1169
116.228.172.94 - - [03/Mar/2023:10:41:55 +0800] "GET /xingrg/kc/mdqp/qqps_order_list.html?isQuery=1&timeSelect=1&orderTime=previousYear&startTime=2022-01-01&endTime=2022-12-31&state=all&query=%C8%B7++%B6%A8 HTTP/1.1" 200 15742
116.228.172.94 - - [03/Mar/2023:10:41:55 +0800] "GET /xingrg/dwr/interface/AjaxQqpsService.js HTTP/1.1" 200 16326
116.228.172.94 - - [03/Mar/2023:10:41:55 +0800] "GET /xingrg/dwr/interface/AjaxReportQueryService.js HTTP/1.1" 200 13203
116.228.172.94 - - [03/Mar/2023:10:41:56 +0800] "GET /xingrg/dwr/engine.js HTTP/1.1" 200 43631
222.67.232.202 - - [03/Mar/2023:10:41:57 +0800] "GET /xingrg/kc/buy/cgsh_order_operate.html?command=get_materiel&rest_code=00141&code=00101008283&supplier_code=00100007&order_time=2023-03-03 HTTP/1.1" 200 408
120.253.135.82 - - [03/Mar/2023:10:41:58 +0800] "POST /xingrg/kc/pszx/mdps_order_operate.html HTTP/1.1" 200 37
180.157.253.110 - - [03/Mar/2023:10:41:58 +0800] "GET /xingrg/all/function/internal_message.html?_=1677811337462&CODE_STATE=getMsg HTTP/1.1" 200 27
120.253.135.82 - - [03/Mar/2023:10:41:59 +0800] "GET /xingrg/kc/pszx/mdps_order_info.html?code=312023030300079 HTTP/1.1" 200 23982
116.238.139.35 - - [03/Mar/2023:10:41:59 +0800] "GET /xingrg/kc/base/wldb_order_operate.html?command=get_materiel&rest_code=00150&base_code=0010446&code=00102002448 HTTP/1.1" 200 440
120.253.135.82 - - [03/Mar/2023:10:41:59 +0800] "GET /xingrg/javascript/easyui/themes/default/validatebox.css HTTP/1.1" 404 1104
58.221.95.50 - - [03/Mar/2023:10:42:01 +0800] "GET /xingrg/all/function/internal_message.html?_=1677811341252&CODE_STATE=getMsg HTTP/1.1" 200 27
222.70.221.209 - - [03/Mar/2023:10:42:02 +0800] "GET /xingrg/all/function/internal_message.html?_=1677811470110&CODE_STATE=getMsg HTTP/1.1" 200 27
120.253.135.82 - - [03/Mar/2023:10:42:02 +0800] "POST /xingrg/kc/pszx/mdps_order_operate.html HTTP/1.1" 200 2296
116.231.60.186 - - [03/Mar/2023:10:42:02 +0800] "GET /favicon.ico HTTP/1.1" 404 -
222.70.221.209 - - [03/Mar/2023:10:42:03 +0800] "GET /xingrg/check_reg.html?_=1677811470113 HTTP/1.1" 200 22
180.169.147.146 - - [03/Mar/2023:10:42:04 +0800] "GET /xingrg/all/function/internal_message.html?_=1677811356759&CODE_STATE=getMsg HTTP/1.1" 302 -
116.231.60.186 - - [03/Mar/2023:10:42:04 +0800] "GET /favicon.ico HTTP/1.1" 404 -
116.237.78.19 - - [03/Mar/2023:10:42:04 +0800] "POST /xingrg/kc/base/wldb_list_operate.html HTTP/1.1" 200 6201
180.169.147.146 - - [03/Mar/2023:10:42:05 +0800] "GET /xingrg/check_reg.html?_=1677811346344 HTTP/1.1" 302 -
116.238.139.35 - - [03/Mar/2023:10:42:06 +0800] "GET /xingrg/all/function/internal_message.html?_=1677811347213&CODE_STATE=getMsg HTTP/1.1" 200 27
116.238.139.35 - - [03/Mar/2023:10:42:06 +0800] "GET /xingrg/check_reg.html?_=1677811347217 HTTP/1.1" 200 22
114.83.222.182 - - [03/Mar/2023:10:42:06 +0800] "GET /xingrg/all/function/internal_message.html?_=1677811404028&CODE_STATE=getMsg HTTP/1.1" 200 27
101.229.22.234 - - [03/Mar/2023:10:42:06 +0800] "GET /xingrg/all/function/internal_message.html?_=1677811342002&CODE_STATE=getMsg HTTP/1.1" 200 27
116.237.78.19 - - [03/Mar/2023:10:42:07 +0800] "POST /xingrg/kc/base/wldb_list_operate.html HTTP/1.1" 200 292
116.225.84.253 - - [03/Mar/2023:10:42:08 +0800] "GET /xingrg/all/function/internal_message.html?_=1677811350087&CODE_STATE=getMsg HTTP/1.1" 200 27
116.228.172.94 - - [03/Mar/2023:10:42:08 +0800] "GET /xingrg/kc/mdqp/qqps_order_info.html?code=302022110400063 HTTP/1.1" 200 24496
116.228.172.94 - - [03/Mar/2023:10:42:08 +0800] "GET /xingrg/dwr/interface/AjaxComOrderService.js HTTP/1.1" 200 18264
116.228.172.94 - - [03/Mar/2023:10:42:08 +0800] "GET /xingrg/dwr/interface/AjaxQqpsService.js HTTP/1.1" 200 16326
116.228.172.94 - - [03/Mar/2023:10:42:09 +0800] "GET /xingrg/dwr/engine.js HTTP/1.1" 200 43631
116.228.172.94 - - [03/Mar/2023:10:42:09 +0800] "GET /xingrg/words/20230303100706_words.js HTTP/1.1" 304 -
116.237.78.19 - - [03/Mar/2023:10:42:09 +0800] "POST /xingrg/kc/base/wldb_list_operate.html HTTP/1.1" 200 649
116.238.139.35 - - [03/Mar/2023:10:42:09 +0800] "GET /xingrg/kc/base/wldb_order_operate.html?command=get_materiel&rest_code=00150&base_code=0010446&code=00102002610 HTTP/1.1" 200 444
116.228.172.94 - - [03/Mar/2023:10:42:10 +0800] "POST /xingrg/dwr/call/plaincall/AjaxQqpsService.loadMaterielItems.dwr HTTP/1.1" 200 1179
222.67.232.202 - - [03/Mar/2023:10:42:11 +0800] "GET /xingrg/kc/buy/cgsh_order_operate.html?command=get_materiel&rest_code=00141&code=00101008338&supplier_code=00100007&order_time=2023-03-03 HTTP/1.1" 200 409
116.237.78.19 - - [03/Mar/2023:10:42:12 +0800] "POST /xingrg/kc/base/wldb_list_operate.html HTTP/1.1" 200 640
116.237.78.19 - - [03/Mar/2023:10:42:14 +0800] "GET /xingrg/kc/base/wldb_order_info.html?code=422023022702123 HTTP/1.1" 200 26266
116.237.78.19 - - [03/Mar/2023:10:42:15 +0800] "GET /xingrg/javascript/easyui/themes/default/validatebox.css HTTP/1.1" 404 1104
116.237.78.19 - - [03/Mar/2023:10:42:15 +0800] "POST /xingrg/kc/base/wldb_order_operate.html HTTP/1.1" 200 3946
116.238.139.35 - - [03/Mar/2023:10:42:15 +0800] "GET /xingrg/kc/base/wldb_order_operate.html?command=get_materiel&rest_code=00150&base_code=0010446&code=00102002321 HTTP/1.1" 200 447
180.169.147.146 - - [03/Mar/2023:10:42:15 +0800] "GET /xingrg/all/function/internal_message.html?_=1677811354915&CODE_STATE=getMsg HTTP/1.1" 200 27
222.70.182.154 - - [03/Mar/2023:10:42:15 +0800] "GET /xingrg/all/function/internal_message.html?_=1677811431860&CODE_STATE=getMsg HTTP/1.1" 200 27
180.169.147.146 - - [03/Mar/2023:10:42:15 +0800] "GET /xingrg/check_reg.html?_=1677811354920 HTTP/1.1" 200 22
116.237.78.19 - - [03/Mar/2023:10:42:19 +0800] "POST /xingrg/kc/base/wldb_list_operate.html HTTP/1.1" 200 643
180.169.147.146 - - [03/Mar/2023:10:42:21 +0800] "GET /xingrg/all/function/internal_message.html?_=1677811362225&CODE_STATE=getMsg HTTP/1.1" 302 -
116.238.139.35 - - [03/Mar/2023:10:42:21 +0800] "GET /xingrg/kc/base/wldb_order_operate.html?command=get_materiel&rest_code=00150&base_code=0010446&code=00102002347 HTTP/1.1" 200 457
58.40.7.146 - - [03/Mar/2023:10:42:22 +0800] "GET /xingrg/all/function/internal_message.html?_=1677811361187&CODE_STATE=getMsg HTTP/1.1" 200 27
116.237.78.19 - - [03/Mar/2023:10:42:22 +0800] "GET /xingrg/kc/base/wldb_order_info.html?code=422023022501902 HTTP/1.1" 200 26266
116.192.124.172 - - [03/Mar/2023:10:42:22 +0800] "GET /xingrg/all/function/internal_message.html?_=1677811362105&CODE_STATE=getMsg HTTP/1.1" 200 27
116.237.78.19 - - [03/Mar/2023:10:42:23 +0800] "GET /xingrg/javascript/easyui/themes/default/validatebox.css HTTP/1.1" 404 1104
116.237.78.19 - - [03/Mar/2023:10:42:23 +0800] "POST /xingrg/kc/base/wldb_order_operate.html HTTP/1.1" 200 3919
116.192.124.172 - - [03/Mar/2023:10:42:24 +0800] "GET /xingrg/kc/buy/cgsh_order_operate.html?command=get_materiel&rest_code=00102&code=00101010108&supplier_code=00100336&order_time=2023-03-03 HTTP/1.1" 200 421
222.67.232.202 - - [03/Mar/2023:10:42:24 +0800] "GET /xingrg/kc/buy/cgsh_order_operate.html?command=get_materiel&rest_code=00141&code=00101008027&supplier_code=00100007&order_time=2023-03-03 HTTP/1.1" 200 428
120.253.135.82 - - [03/Mar/2023:10:42:25 +0800] "POST /xingrg/kc/pszx/mdps_list_operate.html HTTP/1.1" 200 202
180.163.30.76 - - [03/Mar/2023:10:42:25 +0800] "GET /xingrg/kc/base/wldb_order_operate.html?command=get_materiel&rest_code=00106&base_code=0010396&code=00101019222 HTTP/1.1" 302 -
180.163.30.76 - - [03/Mar/2023:10:42:25 +0800] "GET /xingrg/login.html HTTP/1.1" 200 7641
222.67.232.202 - - [03/Mar/2023:10:42:27 +0800] "POST /xingrg/kc/buy/cgsh_order_operate.html HTTP/1.1" 200 2065
114.83.219.234 - - [03/Mar/2023:10:42:28 +0800] "GET /xingrg/all/function/internal_message.html?_=1677811364779&CODE_STATE=getMsg HTTP/1.1" 200 27
124.79.240.233 - - [03/Mar/2023:10:42:29 +0800] "GET /xingrg/all/function/internal_message.html?_=1677811618861&CODE_STATE=getMsg HTTP/1.1" 200 27
116.238.139.35 - - [03/Mar/2023:10:42:30 +0800] "GET /xingrg/kc/base/wldb_order_operate.html?command=get_materiel&rest_code=00150&base_code=0010446&code=00102002304 HTTP/1.1" 200 463
124.79.240.233 - - [03/Mar/2023:10:42:30 +0800] "POST /xingrg/kc/buy/cgsh_list_operate.html HTTP/1.1" 200 4
222.70.182.154 - - [03/Mar/2023:10:42:31 +0800] "GET /xingrg/all/function/internal_message.html?_=1677811367990&CODE_STATE=getMsg HTTP/1.1" 200 27
116.228.172.94 - - [03/Mar/2023:10:42:32 +0800] "GET /xingrg/kc/mdqp/qqps_order_list.html?isBack=1 HTTP/1.1" 302 -
116.228.172.94 - - [03/Mar/2023:10:42:32 +0800] "GET /xingrg/kc/mdqp/qqps_order_list.html?isQuery=1&timeSelect=1&orderTime=previousYear&startTime=2022-01-01&endTime=2022-12-31&state=all&query=%C8%B7++%B6%A8 HTTP/1.1" 200 15742
116.228.172.94 - - [03/Mar/2023:10:42:32 +0800] "GET /xingrg/dwr/interface/AjaxQqpsService.js HTTP/1.1" 200 16326
116.228.172.94 - - [03/Mar/2023:10:42:32 +0800] "GET /xingrg/dwr/interface/AjaxReportQueryService.js HTTP/1.1" 200 13203
116.228.172.94 - - [03/Mar/2023:10:42:32 +0800] "GET /xingrg/dwr/engine.js HTTP/1.1" 200 43631
222.67.232.202 - - [03/Mar/2023:10:42:32 +0800] "GET /xingrg/all/function/internal_message.html?_=1677810928025&CODE_STATE=getMsg HTTP/1.1" 200 27
116.228.172.94 - - [03/Mar/2023:10:42:32 +0800] "GET /xingrg/all/function/internal_message.html?_=1677810966906&CODE_STATE=getMsg HTTP/1.1" 200 27
116.225.84.253 - - [03/Mar/2023:10:42:33 +0800] "GET /xingrg/all/function/internal_message.html?_=1677811216887&CODE_STATE=getMsg HTTP/1.1" 200 27
116.237.78.19 - - [03/Mar/2023:10:42:33 +0800] "POST /xingrg/kc/base/wldb_list_operate.html HTTP/1.1" 200 6202
222.67.232.202 - - [03/Mar/2023:10:42:34 +0800] "GET /xingrg/kc/buy/cgsh_order_operate.html?command=get_materiel&rest_code=00141&code=00101008331&supplier_code=00100007&order_time=2023-03-03 HTTP/1.1" 200 416
120.253.135.82 - - [03/Mar/2023:10:42:35 +0800] "GET /xingrg/kc/pszx/mdps_order_info.html?code=312023030300079 HTTP/1.1" 200 23982
120.253.135.82 - - [03/Mar/2023:10:42:35 +0800] "GET /xingrg/javascript/easyui/themes/default/validatebox.css HTTP/1.1" 404 1104
116.228.172.94 - - [03/Mar/2023:10:42:35 +0800] "GET /xingrg/kc/mdqp/qqps_order_info.html?code=302023030300067 HTTP/1.1" 200 26264
116.228.172.94 - - [03/Mar/2023:10:42:35 +0800] "GET /xingrg/dwr/interface/AjaxComOrderService.js HTTP/1.1" 200 18264
116.228.172.94 - - [03/Mar/2023:10:42:35 +0800] "GET /xingrg/dwr/interface/AjaxQqpsService.js HTTP/1.1" 200 16326
116.228.172.94 - - [03/Mar/2023:10:42:35 +0800] "GET /xingrg/dwr/engine.js HTTP/1.1" 200 43631
116.237.78.19 - - [03/Mar/2023:10:42:35 +0800] "POST /xingrg/kc/base/wldb_list_operate.html HTTP/1.1" 200 645
116.228.172.94 - - [03/Mar/2023:10:42:36 +0800] "POST /xingrg/dwr/call/plaincall/AjaxQqpsService.loadMaterielItems.dwr HTTP/1.1" 200 1757
116.192.124.172 - - [03/Mar/2023:10:42:36 +0800] "GET /xingrg/all/function/internal_message.html?_=1677811383053&CODE_STATE=getMsg HTTP/1.1" 200 27
180.164.3.199 - - [03/Mar/2023:10:42:38 +0800] "POST /xingrg/kc/buy/cgsh_list_operate.html HTTP/1.1" 200 4
120.253.135.82 - - [03/Mar/2023:10:42:38 +0800] "POST /xingrg/kc/pszx/mdps_order_operate.html HTTP/1.1" 200 2296
116.237.78.19 - - [03/Mar/2023:10:42:38 +0800] "POST /xingrg/kc/base/wldb_list_operate.html HTTP/1.1" 200 612
120.253.135.82 - - [03/Mar/2023:10:42:39 +0800] "GET /xingrg/all/function/internal_message.html?_=1677811203801&CODE_STATE=getMsg HTTP/1.1" 200 27
120.253.135.82 - - [03/Mar/2023:10:42:40 +0800] "GET /xingrg/kc/print/load_data.html?order_code=312023030300079&kc_code=mdps&condition= HTTP/1.1" 200 697
180.163.29.217 - - [03/Mar/2023:10:42:41 +0800] "GET /xingrg/all/function/internal_message.html?_=1677811318369&CODE_STATE=getMsg HTTP/1.1" 302 -
180.163.29.217 - - [03/Mar/2023:10:42:41 +0800] "GET /xingrg/login.html HTTP/1.1" 200 7641
116.237.78.19 - - [03/Mar/2023:10:42:41 +0800] "GET /xingrg/all/function/internal_message.html?_=1677811378350&CODE_STATE=getMsg HTTP/1.1" 200 27
58.221.95.50 - - [03/Mar/2023:10:42:41 +0800] "GET /xingrg/check_reg.html?_=1677811381179 HTTP/1.1" 200 22
124.79.240.233 - - [03/Mar/2023:10:42:41 +0800] "POST /xingrg/kc/buy/cgsh_list_operate.html HTTP/1.1" 200 986
116.238.139.35 - - [03/Mar/2023:10:42:42 +0800] "POST /xingrg/kc/base/wldb_order_operate.html HTTP/1.1" 200 37
180.164.3.199 - - [03/Mar/2023:10:42:43 +0800] "GET /xingrg/check_reg.html?_=1677811383067 HTTP/1.1" 200 22
180.164.3.199 - - [03/Mar/2023:10:42:43 +0800] "GET /xingrg/all/function/internal_message.html?_=1677811383065&CODE_STATE=getMsg HTTP/1.1" 200 27
116.237.78.19 - - [03/Mar/2023:10:42:43 +0800] "GET /xingrg/kc/base/wldb_order_info.html?code=422023030100018 HTTP/1.1" 200 26266
116.237.78.19 - - [03/Mar/2023:10:42:44 +0800] "GET /xingrg/javascript/easyui/themes/default/validatebox.css HTTP/1.1" 404 1104
180.169.147.146 - - [03/Mar/2023:10:42:44 +0800] "GET /xingrg/check_reg.html?_=1677811383701 HTTP/1.1" 200 22
180.169.147.146 - - [03/Mar/2023:10:42:44 +0800] "GET /xingrg/all/function/internal_message.html?_=1677811383704&CODE_STATE=getMsg HTTP/1.1" 200 27
116.237.78.19 - - [03/Mar/2023:10:42:44 +0800] "POST /xingrg/kc/base/wldb_order_operate.html HTTP/1.1" 200 3891
180.169.147.146 - - [03/Mar/2023:10:42:45 +0800] "GET /xingrg/all/function/internal_message.html?_=1677811383544&CODE_STATE=getMsg HTTP/1.1" 200 27
180.164.3.199 - - [03/Mar/2023:10:42:45 +0800] "POST /xingrg/kc/buy/cgsh_list_operate.html HTTP/1.1" 200 1879
116.238.139.35 - - [03/Mar/2023:10:42:46 +0800] "POST /xingrg/kc/base/wldb_order_operate.html HTTP/1.1" 200 12
116.238.139.35 - - [03/Mar/2023:10:42:47 +0800] "POST /xingrg/kc/base/wldb_order_operate.html HTTP/1.1" 200 4628
116.238.139.35 - - [03/Mar/2023:10:42:47 +0800] "GET /xingrg/kc/base/wldb_order_info.html?code=422023030300215 HTTP/1.1" 200 26278
124.79.240.233 - - [03/Mar/2023:10:42:47 +0800] "GET /xingrg/kc/base/wldb_order_list.html HTTP/1.1" 200 19104
116.238.139.35 - - [03/Mar/2023:10:42:48 +0800] "GET /xingrg/javascript/easyui/themes/default/validatebox.css HTTP/1.1" 404 1104
222.67.232.202 - - [03/Mar/2023:10:42:48 +0800] "GET /xingrg/kc/buy/cgsh_order_operate.html?command=get_materiel&rest_code=00141&code=00101008126&supplier_code=00100007&order_time=2023-03-03 HTTP/1.1" 200 412
124.79.240.233 - - [03/Mar/2023:10:42:48 +0800] "POST /xingrg/kc/base/wldb_list_operate.html HTTP/1.1" 200 928
116.238.139.35 - - [03/Mar/2023:10:42:48 +0800] "GET /xingrg/all/function/internal_message.html?_=1677811320280&CODE_STATE=getMsg HTTP/1.1" 200 27
116.238.139.35 - - [03/Mar/2023:10:42:48 +0800] "POST /xingrg/kc/base/wldb_order_operate.html HTTP/1.1" 200 2864
172.20.0.100 - - [03/Mar/2023:10:42:48 +0800] "GET /xingrg/all/function/internal_message.html?_=1677811387212&CODE_STATE=getMsg HTTP/1.1" 200 27
116.237.78.19 - - [03/Mar/2023:10:42:48 +0800] "GET /xingrg/kc/base/wldb_order_info.html?code=422023030200115 HTTP/1.1" 200 26266
