116.238.139.35 - - [03/Mar/2023:09:27:00 +0800] "GET /xingrg/javascript/jquery_easy_ui/themes/default/images/tree_arrows.gif HTTP/1.1" 304 -
116.238.139.35 - - [03/Mar/2023:09:27:00 +0800] "POST /xingrg/load_menu.html HTTP/1.1" 200 5138
116.238.139.35 - - [03/Mar/2023:09:27:00 +0800] "GET /xingrg/javascript/jquery_easy_ui/themes/default/images/tabs_rightarrow.png HTTP/1.1" 304 -
116.238.139.35 - - [03/Mar/2023:09:27:00 +0800] "GET /xingrg/javascript/jquery_easy_ui/themes/default/images/tree_folder_open.gif HTTP/1.1" 304 -
116.238.139.35 - - [03/Mar/2023:09:27:00 +0800] "GET /xingrg/javascript/jquery_easy_ui/themes/icons/search_new.png HTTP/1.1" 304 -
116.238.139.35 - - [03/Mar/2023:09:27:00 +0800] "GET /xingrg/javascript/jquery_easy_ui/themes/default/images/tree_folder.gif HTTP/1.1" 304 -
116.238.139.35 - - [03/Mar/2023:09:27:00 +0800] "GET /xingrg/javascript/jquery_easy_ui/themes/icons/forms_new.png HTTP/1.1" 304 -
116.238.139.35 - - [03/Mar/2023:09:27:00 +0800] "GET /xingrg/javascript/jquery_easy_ui/themes/icons/storage_new.png HTTP/1.1" 304 -
116.238.139.35 - - [03/Mar/2023:09:27:00 +0800] "GET /xingrg/javascript/jquery_easy_ui/themes/default/images/tree_file.gif HTTP/1.1" 304 -
222.70.221.209 - - [03/Mar/2023:09:27:02 +0800] "GET /xingrg/all/function/internal_message.html?_=1677806795699&CODE_STATE=getMsg HTTP/1.1" 200 27
222.70.221.209 - - [03/Mar/2023:09:27:02 +0800] "GET /xingrg/check_reg.html?_=1677806795701 HTTP/1.1" 200 22
58.221.95.50 - - [03/Mar/2023:09:27:02 +0800] "GET /xingrg/all/function/internal_message.html?_=1677806842579&CODE_STATE=getMsg HTTP/1.1" 200 27
116.225.84.253 - - [03/Mar/2023:09:27:03 +0800] "POST /xingrg/kc/buy/cgsh_order_operate.html HTTP/1.1" 200 37
120.253.135.82 - - [03/Mar/2023:09:27:03 +0800] "POST /xingrg/kc/pszx/mdps_list_operate.html HTTP/1.1" 200 2060
116.238.139.35 - - [03/Mar/2023:09:27:03 +0800] "GET /xingrg/kc/buy/cgsh_order_list.html HTTP/1.1" 200 54185
116.225.84.253 - - [03/Mar/2023:09:27:04 +0800] "POST /xingrg/kc/buy/cgsh_order_operate.html HTTP/1.1" 200 3842
120.253.135.82 - - [03/Mar/2023:09:27:04 +0800] "POST /xingrg/kc/pszx/mdps_list_operate.html HTTP/1.1" 200 201
180.169.147.146 - - [03/Mar/2023:09:27:04 +0800] "GET /xingrg/all/function/internal_message.html?_=1677806856709&CODE_STATE=getMsg HTTP/1.1" 200 27
116.238.139.35 - - [03/Mar/2023:09:27:04 +0800] "POST /xingrg/kc/buy/cgsh_list_operate.html HTTP/1.1" 200 986
116.225.84.253 - - [03/Mar/2023:09:27:05 +0800] "GET /xingrg/kc/print/load_data.html?order_code=212023030300775&kc_code=cgsh&condition= HTTP/1.1" 200 1118
180.169.147.146 - - [03/Mar/2023:09:27:05 +0800] "GET /xingrg/check_reg.html?_=1677806846271 HTTP/1.1" 302 -
116.238.139.35 - - [03/Mar/2023:09:27:06 +0800] "GET /xingrg/kc/buy/cgsh_order_add.html HTTP/1.1" 200 70017
116.238.139.35 - - [03/Mar/2023:09:27:06 +0800] "POST /xingrg/kc/buy/cgsh_order_operate.html HTTP/1.1" 200 8245
116.238.139.35 - - [03/Mar/2023:09:27:06 +0800] "GET /xingrg/javascript/easyui/themes/default/validatebox.css HTTP/1.1" 404 1104
120.253.135.82 - - [03/Mar/2023:09:27:06 +0800] "GET /xingrg/kc/pszx/mdps_order_info.html?code=312023030200032 HTTP/1.1" 200 23978
120.253.135.82 - - [03/Mar/2023:09:27:07 +0800] "GET /xingrg/javascript/easyui/themes/default/validatebox.css HTTP/1.1" 404 1104
120.253.135.82 - - [03/Mar/2023:09:27:07 +0800] "POST /xingrg/kc/pszx/mdps_order_operate.html HTTP/1.1" 200 2278
116.238.139.35 - - [03/Mar/2023:09:27:07 +0800] "GET /xingrg/javascript/auto/indicator.gif HTTP/1.1" 404 1066
116.225.84.253 - - [03/Mar/2023:09:27:08 +0800] "GET /xingrg/kc/buy/cgsh_order_add.html HTTP/1.1" 200 70043
116.225.84.253 - - [03/Mar/2023:09:27:09 +0800] "GET /xingrg/javascript/easyui/themes/default/validatebox.css HTTP/1.1" 404 1104
116.225.84.253 - - [03/Mar/2023:09:27:09 +0800] "POST /xingrg/kc/buy/cgsh_order_operate.html HTTP/1.1" 200 8245
120.253.135.82 - - [03/Mar/2023:09:27:10 +0800] "POST /xingrg/kc/pszx/mdps_order_operate.html HTTP/1.1" 200 37
120.253.135.82 - - [03/Mar/2023:09:27:12 +0800] "POST /xingrg/kc/pszx/mdps_order_operate.html HTTP/1.1" 200 12
116.192.124.172 - - [03/Mar/2023:09:27:16 +0800] "GET /xingrg/all/function/internal_message.html?_=1677806856063&CODE_STATE=getMsg HTTP/1.1" 302 -
116.238.139.35 - - [03/Mar/2023:09:27:19 +0800] "GET /xingrg/kc/buy/cgsh_order_operate.html?command=get_materiel&rest_code=00150&code=00101012025&supplier_code=00100096&order_time=2023-03-03 HTTP/1.1" 200 412
180.169.147.146 - - [03/Mar/2023:09:27:20 +0800] "GET /xingrg/all/function/internal_message.html?_=1677806861163&CODE_STATE=getMsg HTTP/1.1" 302 -
116.225.84.253 - - [03/Mar/2023:09:27:22 +0800] "GET /xingrg/kc/buy/cgsh_order_operate.html?command=get_materiel&rest_code=00105&code=00101007072&supplier_code=00100002&order_time=2023-03-03 HTTP/1.1" 200 413
120.253.135.82 - - [03/Mar/2023:09:27:22 +0800] "GET /xingrg/kc/pszx/mdps_order_info.html?code=312023030200032 HTTP/1.1" 200 19638
120.253.135.82 - - [03/Mar/2023:09:27:23 +0800] "POST /xingrg/kc/pszx/mdps_order_operate.html HTTP/1.1" 200 498
120.253.135.82 - - [03/Mar/2023:09:27:23 +0800] "GET /xingrg/javascript/easyui/themes/default/validatebox.css HTTP/1.1" 404 1104
120.253.135.82 - - [03/Mar/2023:09:27:24 +0800] "POST /xingrg/kc/pszx/mdps_list_operate.html HTTP/1.1" 200 1690
116.230.112.197 - - [03/Mar/2023:09:27:24 +0800] "GET /xingrg/all/function/internal_message.html?_=1677806881936&CODE_STATE=getMsg HTTP/1.1" 200 27
116.225.84.253 - - [03/Mar/2023:09:27:25 +0800] "GET /xingrg/all/function/internal_message.html?_=1677806867514&CODE_STATE=getMsg HTTP/1.1" 200 27
114.83.219.234 - - [03/Mar/2023:09:27:29 +0800] "GET /xingrg/all/function/internal_message.html?_=1677806865971&CODE_STATE=getMsg HTTP/1.1" 200 27
222.70.182.154 - - [03/Mar/2023:09:27:30 +0800] "GET /xingrg/all/function/internal_message.html?_=1677806867879&CODE_STATE=getMsg HTTP/1.1" 200 27
116.238.139.35 - - [03/Mar/2023:09:27:32 +0800] "GET /xingrg/all/function/internal_message.html?_=1677806873925&CODE_STATE=getMsg HTTP/1.1" 200 27
120.253.135.82 - - [03/Mar/2023:09:27:33 +0800] "POST /xingrg/kc/pszx/mdps_list_operate.html HTTP/1.1" 200 3549
116.225.84.253 - - [03/Mar/2023:09:27:33 +0800] "GET /xingrg/all/function/internal_message.html?_=1677806716784&CODE_STATE=getMsg HTTP/1.1" 200 27
116.238.139.35 - - [03/Mar/2023:09:27:34 +0800] "GET /xingrg/kc/buy/cgsh_order_operate.html?command=get_materiel&rest_code=00150&code=00101012029&supplier_code=00100096&order_time=2023-03-03 HTTP/1.1" 200 412
120.253.135.82 - - [03/Mar/2023:09:27:34 +0800] "GET /xingrg/all/function/internal_message.html?_=1677806698943&CODE_STATE=getMsg HTTP/1.1" 200 27
120.253.135.82 - - [03/Mar/2023:09:27:37 +0800] "POST /xingrg/kc/pszx/mdps_list_operate.html HTTP/1.1" 200 202
120.253.135.82 - - [03/Mar/2023:09:27:38 +0800] "GET /xingrg/kc/pszx/mdps_order_info.html?code=312023030200037 HTTP/1.1" 200 23978
120.253.135.82 - - [03/Mar/2023:09:27:39 +0800] "GET /xingrg/javascript/easyui/themes/default/validatebox.css HTTP/1.1" 404 1104
120.253.135.82 - - [03/Mar/2023:09:27:39 +0800] "POST /xingrg/kc/pszx/mdps_order_operate.html HTTP/1.1" 200 2278
116.225.84.253 - - [03/Mar/2023:09:27:39 +0800] "GET /xingrg/kc/buy/cgsh_order_operate.html?command=get_materiel&rest_code=00105&code=00101007030&supplier_code=00100002&order_time=2023-03-03 HTTP/1.1" 200 413
58.221.95.50 - - [03/Mar/2023:09:27:41 +0800] "GET /xingrg/check_reg.html?_=1677806881187 HTTP/1.1" 200 22
120.253.135.82 - - [03/Mar/2023:09:27:42 +0800] "POST /xingrg/kc/pszx/mdps_order_operate.html HTTP/1.1" 200 37
180.169.147.146 - - [03/Mar/2023:09:27:44 +0800] "GET /xingrg/check_reg.html?_=1677806883552 HTTP/1.1" 200 22
180.169.147.146 - - [03/Mar/2023:09:27:44 +0800] "GET /xingrg/all/function/internal_message.html?_=1677806883556&CODE_STATE=getMsg HTTP/1.1" 200 27
120.253.135.82 - - [03/Mar/2023:09:27:44 +0800] "POST /xingrg/kc/pszx/mdps_order_operate.html HTTP/1.1" 200 12
180.169.147.146 - - [03/Mar/2023:09:27:45 +0800] "GET /xingrg/all/function/internal_message.html?_=1677806883540&CODE_STATE=getMsg HTTP/1.1" 200 27
116.237.78.19 - - [03/Mar/2023:09:27:49 +0800] "GET /xingrg/all/function/internal_message.html?_=1677806893123&CODE_STATE=getMsg HTTP/1.1" 200 27
120.253.135.82 - - [03/Mar/2023:09:27:49 +0800] "GET /xingrg/kc/pszx/mdps_order_info.html?code=312023030200037 HTTP/1.1" 200 19638
116.225.84.253 - - [03/Mar/2023:09:27:49 +0800] "POST /xingrg/kc/buy/cgsh_order_operate.html HTTP/1.1" 200 37
120.253.135.82 - - [03/Mar/2023:09:27:50 +0800] "POST /xingrg/kc/pszx/mdps_order_operate.html HTTP/1.1" 200 499
120.253.135.82 - - [03/Mar/2023:09:27:50 +0800] "GET /xingrg/javascript/easyui/themes/default/validatebox.css HTTP/1.1" 404 1104
116.238.139.35 - - [03/Mar/2023:09:27:50 +0800] "GET /xingrg/kc/buy/cgsh_order_operate.html?command=get_materiel&rest_code=00150&code=00101001084&supplier_code=00100096&order_time=2023-03-03 HTTP/1.1" 200 415
120.253.135.82 - - [03/Mar/2023:09:27:51 +0800] "POST /xingrg/kc/pszx/mdps_list_operate.html HTTP/1.1" 200 3178
116.224.106.218 - - [03/Mar/2023:09:27:52 +0800] "GET /xingrg/check_reg.html?_=1677806891576 HTTP/1.1" 200 22
116.224.106.218 - - [03/Mar/2023:09:27:52 +0800] "GET /xingrg/all/function/internal_message.html?_=1677806891579&CODE_STATE=getMsg HTTP/1.1" 200 27
116.225.84.253 - - [03/Mar/2023:09:27:52 +0800] "POST /xingrg/kc/buy/cgsh_order_operate.html HTTP/1.1" 200 3249
114.83.219.234 - - [03/Mar/2023:09:27:52 +0800] "GET /xingrg/check_reg.html?_=1677806889304 HTTP/1.1" 200 22
120.253.135.82 - - [03/Mar/2023:09:27:53 +0800] "POST /xingrg/kc/pszx/mdps_list_operate.html HTTP/1.1" 200 430
120.253.135.82 - - [03/Mar/2023:09:27:54 +0800] "GET /xingrg/kc/pszx/mdps_order_info.html?code=312023030200034 HTTP/1.1" 200 23978
120.253.135.82 - - [03/Mar/2023:09:27:55 +0800] "GET /xingrg/javascript/easyui/themes/default/validatebox.css HTTP/1.1" 404 1104
120.253.135.82 - - [03/Mar/2023:09:27:55 +0800] "POST /xingrg/kc/pszx/mdps_order_operate.html HTTP/1.1" 200 3737
120.253.135.82 - - [03/Mar/2023:09:27:59 +0800] "POST /xingrg/kc/pszx/mdps_order_operate.html HTTP/1.1" 200 37
116.238.139.35 - - [03/Mar/2023:09:28:00 +0800] "GET /xingrg/all/function/internal_message.html?_=1677806831851&CODE_STATE=getMsg HTTP/1.1" 200 27
120.253.135.82 - - [03/Mar/2023:09:28:01 +0800] "POST /xingrg/kc/pszx/mdps_order_operate.html HTTP/1.1" 200 12
222.70.221.209 - - [03/Mar/2023:09:28:02 +0800] "GET /xingrg/all/function/internal_message.html?_=1677806855714&CODE_STATE=getMsg HTTP/1.1" 200 27
58.221.95.50 - - [03/Mar/2023:09:28:02 +0800] "GET /xingrg/all/function/internal_message.html?_=1677806902562&CODE_STATE=getMsg HTTP/1.1" 200 27
114.83.219.234 - - [03/Mar/2023:09:28:03 +0800] "GET /xingrg/kc/buy/cgsh_order_operate.html?command=get_materiel&rest_code=00149&code=00101008658&supplier_code=00100008&order_time=2023-03-03 HTTP/1.1" 200 408
116.238.139.35 - - [03/Mar/2023:09:28:03 +0800] "GET /xingrg/kc/buy/cgsh_order_operate.html?command=get_materiel&rest_code=00150&code=00101001075&supplier_code=00100096&order_time=2023-03-03 HTTP/1.1" 200 411
180.169.147.146 - - [03/Mar/2023:09:28:04 +0800] "GET /xingrg/all/function/internal_message.html?_=1677806916707&CODE_STATE=getMsg HTTP/1.1" 200 27
120.253.135.82 - - [03/Mar/2023:09:28:07 +0800] "GET /xingrg/kc/pszx/mdps_order_info.html?code=312023030200034 HTTP/1.1" 200 19638
120.253.135.82 - - [03/Mar/2023:09:28:07 +0800] "POST /xingrg/kc/pszx/mdps_order_operate.html HTTP/1.1" 200 1949
120.253.135.82 - - [03/Mar/2023:09:28:07 +0800] "GET /xingrg/javascript/easyui/themes/default/validatebox.css HTTP/1.1" 404 1104
120.253.135.82 - - [03/Mar/2023:09:28:09 +0800] "POST /xingrg/kc/pszx/mdps_list_operate.html HTTP/1.1" 200 2806
120.253.135.82 - - [03/Mar/2023:09:28:12 +0800] "POST /xingrg/kc/pszx/mdps_list_operate.html HTTP/1.1" 200 208
120.253.135.82 - - [03/Mar/2023:09:28:13 +0800] "GET /xingrg/kc/pszx/mdps_order_info.html?code=312023030200038 HTTP/1.1" 200 23978
120.253.135.82 - - [03/Mar/2023:09:28:13 +0800] "GET /xingrg/javascript/easyui/themes/default/validatebox.css HTTP/1.1" 404 1104
120.253.135.82 - - [03/Mar/2023:09:28:13 +0800] "POST /xingrg/kc/pszx/mdps_order_operate.html HTTP/1.1" 200 2291
116.225.84.253 - - [03/Mar/2023:09:28:14 +0800] "GET /xingrg/kc/print/load_data.html?order_code=212023030300776&kc_code=cgsh&condition= HTTP/1.1" 200 968
120.253.135.82 - - [03/Mar/2023:09:28:16 +0800] "POST /xingrg/kc/pszx/mdps_order_operate.html HTTP/1.1" 200 37
116.192.124.172 - - [03/Mar/2023:09:28:16 +0800] "GET /xingrg/all/function/internal_message.html?_=1677806916049&CODE_STATE=getMsg HTTP/1.1" 302 -
116.192.124.172 - - [03/Mar/2023:09:28:16 +0800] "GET /xingrg/check_reg.html?_=1677806916159 HTTP/1.1" 302 -
114.83.219.234 - - [03/Mar/2023:09:28:17 +0800] "GET /xingrg/kc/buy/cgsh_order_operate.html?command=get_materiel&rest_code=00149&code=00101012064&supplier_code=00100008&order_time=2023-03-03 HTTP/1.1" 200 428
120.253.135.82 - - [03/Mar/2023:09:28:18 +0800] "POST /xingrg/kc/pszx/mdps_order_operate.html HTTP/1.1" 200 12
180.169.147.146 - - [03/Mar/2023:09:28:20 +0800] "GET /xingrg/all/function/internal_message.html?_=1677806921173&CODE_STATE=getMsg HTTP/1.1" 302 -
120.253.135.82 - - [03/Mar/2023:09:28:23 +0800] "GET /xingrg/kc/pszx/mdps_order_info.html?code=312023030200038 HTTP/1.1" 200 19638
120.253.135.82 - - [03/Mar/2023:09:28:23 +0800] "POST /xingrg/kc/pszx/mdps_order_operate.html HTTP/1.1" 200 513
120.253.135.82 - - [03/Mar/2023:09:28:23 +0800] "GET /xingrg/javascript/easyui/themes/default/validatebox.css HTTP/1.1" 404 1104
116.230.112.197 - - [03/Mar/2023:09:28:25 +0800] "GET /xingrg/all/function/internal_message.html?_=1677806941960&CODE_STATE=getMsg HTTP/1.1" 200 27
120.253.135.82 - - [03/Mar/2023:09:28:25 +0800] "POST /xingrg/kc/pszx/mdps_list_operate.html HTTP/1.1" 200 2435
116.225.84.253 - - [03/Mar/2023:09:28:25 +0800] "GET /xingrg/all/function/internal_message.html?_=1677806927496&CODE_STATE=getMsg HTTP/1.1" 200 27
120.253.135.82 - - [03/Mar/2023:09:28:28 +0800] "POST /xingrg/kc/pszx/mdps_list_operate.html HTTP/1.1" 200 607
116.238.139.35 - - [03/Mar/2023:09:28:28 +0800] "GET /xingrg/kc/buy/cgsh_order_operate.html?command=get_materiel&rest_code=00150&code=00101007061&supplier_code=00100096&order_time=2023-03-03 HTTP/1.1" 200 411
114.83.219.234 - - [03/Mar/2023:09:28:29 +0800] "GET /xingrg/all/function/internal_message.html?_=1677806925952&CODE_STATE=getMsg HTTP/1.1" 200 27
120.253.135.82 - - [03/Mar/2023:09:28:29 +0800] "GET /xingrg/kc/pszx/mdps_order_info.html?code=312023030200035 HTTP/1.1" 200 23978
120.253.135.82 - - [03/Mar/2023:09:28:29 +0800] "GET /xingrg/javascript/easyui/themes/default/validatebox.css HTTP/1.1" 404 1104
120.253.135.82 - - [03/Mar/2023:09:28:29 +0800] "POST /xingrg/kc/pszx/mdps_order_operate.html HTTP/1.1" 200 5776
222.70.182.154 - - [03/Mar/2023:09:28:30 +0800] "GET /xingrg/all/function/internal_message.html?_=1677806927877&CODE_STATE=getMsg HTTP/1.1" 200 27
222.70.182.154 - - [03/Mar/2023:09:28:30 +0800] "GET /xingrg/check_reg.html?_=1677806927873 HTTP/1.1" 200 22
116.238.139.35 - - [03/Mar/2023:09:28:32 +0800] "GET /xingrg/all/function/internal_message.html?_=1677806933923&CODE_STATE=getMsg HTTP/1.1" 200 27
116.225.84.253 - - [03/Mar/2023:09:28:33 +0800] "GET /xingrg/all/function/internal_message.html?_=1677806776811&CODE_STATE=getMsg HTTP/1.1" 200 27
120.253.135.82 - - [03/Mar/2023:09:28:34 +0800] "POST /xingrg/kc/pszx/mdps_order_operate.html HTTP/1.1" 200 37
120.253.135.82 - - [03/Mar/2023:09:28:34 +0800] "GET /xingrg/all/function/internal_message.html?_=1677806758965&CODE_STATE=getMsg HTTP/1.1" 200 27
120.253.135.82 - - [03/Mar/2023:09:28:36 +0800] "POST /xingrg/kc/pszx/mdps_order_operate.html HTTP/1.1" 200 12
114.83.219.234 - - [03/Mar/2023:09:28:41 +0800] "POST /xingrg/kc/buy/cgsh_order_operate.html HTTP/1.1" 200 37
114.83.219.234 - - [03/Mar/2023:09:28:43 +0800] "POST /xingrg/kc/buy/cgsh_order_operate.html HTTP/1.1" 200 34043
120.253.135.82 - - [03/Mar/2023:09:28:44 +0800] "GET /xingrg/kc/pszx/mdps_order_info.html?code=312023030200035 HTTP/1.1" 200 19638
180.169.147.146 - - [03/Mar/2023:09:28:44 +0800] "GET /xingrg/all/function/internal_message.html?_=1677806943555&CODE_STATE=getMsg HTTP/1.1" 200 27
120.253.135.82 - - [03/Mar/2023:09:28:44 +0800] "POST /xingrg/kc/pszx/mdps_order_operate.html HTTP/1.1" 200 3961
120.253.135.82 - - [03/Mar/2023:09:28:44 +0800] "GET /xingrg/javascript/easyui/themes/default/validatebox.css HTTP/1.1" 404 1104
180.169.147.146 - - [03/Mar/2023:09:28:45 +0800] "GET /xingrg/all/function/internal_message.html?_=1677806943547&CODE_STATE=getMsg HTTP/1.1" 200 27
120.253.135.82 - - [03/Mar/2023:09:28:45 +0800] "POST /xingrg/kc/pszx/mdps_list_operate.html HTTP/1.1" 200 2063
120.253.135.82 - - [03/Mar/2023:09:28:47 +0800] "POST /xingrg/kc/pszx/mdps_list_operate.html HTTP/1.1" 200 629
116.238.139.35 - - [03/Mar/2023:09:28:48 +0800] "GET /xingrg/kc/buy/cgsh_order_operate.html?command=get_materiel&rest_code=00150&code=00101007081&supplier_code=00100096&order_time=2023-03-03 HTTP/1.1" 200 413
120.253.135.82 - - [03/Mar/2023:09:28:48 +0800] "GET /xingrg/kc/pszx/mdps_order_info.html?code=312023030200036 HTTP/1.1" 200 23978
120.253.135.82 - - [03/Mar/2023:09:28:48 +0800] "GET /xingrg/javascript/easyui/themes/default/validatebox.css HTTP/1.1" 404 1104
120.253.135.82 - - [03/Mar/2023:09:28:48 +0800] "POST /xingrg/kc/pszx/mdps_order_operate.html HTTP/1.1" 200 8990
116.237.78.19 - - [03/Mar/2023:09:28:49 +0800] "GET /xingrg/all/function/internal_message.html?_=1677806953124&CODE_STATE=getMsg HTTP/1.1" 200 27
116.224.106.218 - - [03/Mar/2023:09:28:52 +0800] "GET /xingrg/all/function/internal_message.html?_=1677806951579&CODE_STATE=getMsg HTTP/1.1" 200 27
120.253.135.82 - - [03/Mar/2023:09:28:54 +0800] "POST /xingrg/kc/pszx/mdps_order_operate.html HTTP/1.1" 200 37
120.253.135.82 - - [03/Mar/2023:09:28:56 +0800] "POST /xingrg/kc/pszx/mdps_order_operate.html HTTP/1.1" 200 12
120.253.135.82 - - [03/Mar/2023:09:28:58 +0800] "GET /xingrg/kc/pszx/mdps_order_info.html?code=312023030200036 HTTP/1.1" 200 19638
120.253.135.82 - - [03/Mar/2023:09:28:58 +0800] "POST /xingrg/kc/pszx/mdps_order_operate.html HTTP/1.1" 200 7132
120.253.135.82 - - [03/Mar/2023:09:28:58 +0800] "GET /xingrg/javascript/easyui/themes/default/validatebox.css HTTP/1.1" 404 1104
116.238.139.35 - - [03/Mar/2023:09:29:00 +0800] "GET /xingrg/all/function/internal_message.html?_=1677806891865&CODE_STATE=getMsg HTTP/1.1" 200 27
222.70.221.209 - - [03/Mar/2023:09:29:02 +0800] "GET /xingrg/all/function/internal_message.html?_=1677806915704&CODE_STATE=getMsg HTTP/1.1" 200 27
58.221.95.50 - - [03/Mar/2023:09:29:02 +0800] "GET /xingrg/all/function/internal_message.html?_=1677806962544&CODE_STATE=getMsg HTTP/1.1" 200 27
180.169.147.146 - - [03/Mar/2023:09:29:04 +0800] "GET /xingrg/all/function/internal_message.html?_=1677806976705&CODE_STATE=getMsg HTTP/1.1" 200 27
180.169.147.146 - - [03/Mar/2023:09:29:04 +0800] "GET /xingrg/check_reg.html?_=1677806976707 HTTP/1.1" 200 22
116.238.139.35 - - [03/Mar/2023:09:29:05 +0800] "GET /xingrg/kc/buy/cgsh_order_operate.html?command=get_materiel&rest_code=00150&code=00101007049&supplier_code=00100096&order_time=2023-03-03 HTTP/1.1" 200 409
120.253.135.82 - - [03/Mar/2023:09:29:10 +0800] "POST /xingrg/kc/pszx/mdps_list_operate.html HTTP/1.1" 200 1690
120.253.135.82 - - [03/Mar/2023:09:29:11 +0800] "POST /xingrg/kc/pszx/mdps_list_operate.html HTTP/1.1" 200 275
116.192.124.172 - - [03/Mar/2023:09:29:16 +0800] "GET /xingrg/all/function/internal_message.html?_=1677806976025&CODE_STATE=getMsg HTTP/1.1" 302 -
180.169.147.146 - - [03/Mar/2023:09:29:20 +0800] "GET /xingrg/all/function/internal_message.html?_=1677806981197&CODE_STATE=getMsg HTTP/1.1" 302 -
116.230.112.197 - - [03/Mar/2023:09:29:23 +0800] "GET /xingrg/check_reg.html?_=1677807000199 HTTP/1.1" 200 22
116.225.84.253 - - [03/Mar/2023:09:29:24 +0800] "GET /xingrg/check_reg.html?_=1677806987155 HTTP/1.1" 200 22
116.230.112.197 - - [03/Mar/2023:09:29:24 +0800] "GET /xingrg/all/function/internal_message.html?_=1677807001968&CODE_STATE=getMsg HTTP/1.1" 200 27
120.253.135.82 - - [03/Mar/2023:09:29:25 +0800] "POST /xingrg/kc/pszx/mdps_list_operate.html HTTP/1.1" 200 3919
116.225.84.253 - - [03/Mar/2023:09:29:25 +0800] "GET /xingrg/all/function/internal_message.html?_=1677806987471&CODE_STATE=getMsg HTTP/1.1" 200 27
114.83.219.234 - - [03/Mar/2023:09:29:29 +0800] "GET /xingrg/all/function/internal_message.html?_=1677806985927&CODE_STATE=getMsg HTTP/1.1" 200 27
222.70.182.154 - - [03/Mar/2023:09:29:30 +0800] "GET /xingrg/all/function/internal_message.html?_=1677806987869&CODE_STATE=getMsg HTTP/1.1" 200 27
116.238.139.35 - - [03/Mar/2023:09:29:32 +0800] "GET /xingrg/all/function/internal_message.html?_=1677806993926&CODE_STATE=getMsg HTTP/1.1" 200 27
120.253.135.82 - - [03/Mar/2023:09:29:32 +0800] "POST /xingrg/kc/pszx/mdps_list_operate.html HTTP/1.1" 200 464
116.225.84.253 - - [03/Mar/2023:09:29:33 +0800] "GET /xingrg/all/function/internal_message.html?_=1677806836811&CODE_STATE=getMsg HTTP/1.1" 200 27
120.253.135.82 - - [03/Mar/2023:09:29:33 +0800] "GET /xingrg/kc/pszx/mdps_order_info.html?code=312023030300059 HTTP/1.1" 200 23976
120.253.135.82 - - [03/Mar/2023:09:29:33 +0800] "GET /xingrg/javascript/easyui/themes/default/validatebox.css HTTP/1.1" 404 1104
120.253.135.82 - - [03/Mar/2023:09:29:34 +0800] "POST /xingrg/kc/pszx/mdps_order_operate.html HTTP/1.1" 200 3844
120.253.135.82 - - [03/Mar/2023:09:29:34 +0800] "GET /xingrg/all/function/internal_message.html?_=1677806818983&CODE_STATE=getMsg HTTP/1.1" 200 27
120.253.135.82 - - [03/Mar/2023:09:29:37 +0800] "POST /xingrg/kc/pszx/mdps_order_operate.html HTTP/1.1" 200 37
120.253.135.82 - - [03/Mar/2023:09:29:39 +0800] "POST /xingrg/kc/pszx/mdps_order_operate.html HTTP/1.1" 200 12
120.253.135.82 - - [03/Mar/2023:09:29:40 +0800] "GET /xingrg/kc/pszx/mdps_order_info.html?code=312023030300059 HTTP/1.1" 200 19636
120.253.135.82 - - [03/Mar/2023:09:29:41 +0800] "POST /xingrg/kc/pszx/mdps_order_operate.html HTTP/1.1" 200 2052
120.253.135.82 - - [03/Mar/2023:09:29:41 +0800] "GET /xingrg/javascript/easyui/themes/default/validatebox.css HTTP/1.1" 404 1104
116.230.112.197 - - [03/Mar/2023:09:29:42 +0800] "GET /xingrg/kc/mdqp/pssh_order_list.html HTTP/1.1" 200 17844
116.230.112.197 - - [03/Mar/2023:09:29:42 +0800] "POST /xingrg/kc/mdqp/pssh_list_operate.html HTTP/1.1" 200 5485
120.253.135.82 - - [03/Mar/2023:09:29:43 +0800] "POST /xingrg/kc/pszx/mdps_list_operate.html HTTP/1.1" 200 3550
180.169.147.146 - - [03/Mar/2023:09:29:44 +0800] "GET /xingrg/all/function/internal_message.html?_=1677807003555&CODE_STATE=getMsg HTTP/1.1" 200 27
180.169.147.146 - - [03/Mar/2023:09:29:45 +0800] "GET /xingrg/check_reg.html?_=1677807003539 HTTP/1.1" 200 22
180.169.147.146 - - [03/Mar/2023:09:29:45 +0800] "GET /xingrg/all/function/internal_message.html?_=1677807003545&CODE_STATE=getMsg HTTP/1.1" 200 27
116.230.112.197 - - [03/Mar/2023:09:29:46 +0800] "POST /xingrg/kc/mdqp/pssh_list_operate.html HTTP/1.1" 200 260
116.230.112.197 - - [03/Mar/2023:09:29:47 +0800] "GET /xingrg/kc/mdqp/pssh_order_info.html?code=312023022800648 HTTP/1.1" 200 17287
116.230.112.197 - - [03/Mar/2023:09:29:47 +0800] "GET /xingrg/javascript/jquery_tools/jquery-1.4.2.min.js HTTP/1.1" 404 1094
116.230.112.197 - - [03/Mar/2023:09:29:47 +0800] "GET /xingrg/words/20230303090635_words.js HTTP/1.1" 200 950390
116.230.112.197 - - [03/Mar/2023:09:29:48 +0800] "POST /xingrg/kc/mdqp/pssh_order_operate.html HTTP/1.1" 200 531
116.230.112.197 - - [03/Mar/2023:09:29:48 +0800] "GET /xingrg/all/common/auto_word.html?type=base&rest_code=00146&rest_code=00146 HTTP/1.1" 200 1799
116.230.112.197 - - [03/Mar/2023:09:29:48 +0800] "GET /xingrg/all/common/auto_word.html?type=employee&rest_code=00146 HTTP/1.1" 200 101
116.230.112.197 - - [03/Mar/2023:09:29:48 +0800] "GET /xingrg/javascript/easyui/themes/default/validatebox.css HTTP/1.1" 404 1104
116.237.78.19 - - [03/Mar/2023:09:29:49 +0800] "GET /xingrg/all/function/internal_message.html?_=1677807013126&CODE_STATE=getMsg HTTP/1.1" 200 27
116.238.139.35 - - [03/Mar/2023:09:29:49 +0800] "GET /xingrg/kc/buy/cgsh_order_operate.html?command=get_materiel&rest_code=00150&code=00101006229&supplier_code=00100096&order_time=2023-03-03 HTTP/1.1" 200 426
116.224.106.218 - - [03/Mar/2023:09:29:52 +0800] "GET /xingrg/all/function/internal_message.html?_=1677807011580&CODE_STATE=getMsg HTTP/1.1" 200 27
120.253.135.82 - - [03/Mar/2023:09:29:52 +0800] "POST /xingrg/kc/pszx/mdps_list_operate.html HTTP/1.1" 200 281
120.253.135.82 - - [03/Mar/2023:09:29:54 +0800] "GET /xingrg/kc/pszx/mdps_order_info.html?code=312023030300060 HTTP/1.1" 200 23978
120.253.135.82 - - [03/Mar/2023:09:29:54 +0800] "POST /xingrg/kc/pszx/mdps_order_operate.html HTTP/1.1" 200 2765
120.253.135.82 - - [03/Mar/2023:09:29:54 +0800] "GET /xingrg/javascript/easyui/themes/default/validatebox.css HTTP/1.1" 404 1104
120.253.135.82 - - [03/Mar/2023:09:29:57 +0800] "POST /xingrg/kc/pszx/mdps_order_operate.html HTTP/1.1" 200 37
120.253.135.82 - - [03/Mar/2023:09:29:59 +0800] "POST /xingrg/kc/pszx/mdps_order_operate.html HTTP/1.1" 200 12
116.238.139.35 - - [03/Mar/2023:09:30:00 +0800] "GET /xingrg/all/function/internal_message.html?_=1677806951877&CODE_STATE=getMsg HTTP/1.1" 200 27
116.238.139.35 - - [03/Mar/2023:09:30:01 +0800] "GET /xingrg/kc/buy/cgsh_order_operate.html?command=get_materiel&rest_code=00150&code=00101006065&supplier_code=00100096&order_time=2023-03-03 HTTP/1.1" 200 409
222.70.221.209 - - [03/Mar/2023:09:30:02 +0800] "GET /xingrg/all/function/internal_message.html?_=1677806975713&CODE_STATE=getMsg HTTP/1.1" 200 27
58.221.95.50 - - [03/Mar/2023:09:30:02 +0800] "GET /xingrg/all/function/internal_message.html?_=1677807022522&CODE_STATE=getMsg HTTP/1.1" 200 27
180.169.147.146 - - [03/Mar/2023:09:30:04 +0800] "GET /xingrg/all/function/internal_message.html?_=1677807036705&CODE_STATE=getMsg HTTP/1.1" 200 27
120.253.135.82 - - [03/Mar/2023:09:30:05 +0800] "GET /xingrg/kc/pszx/mdps_order_info.html?code=312023030300060 HTTP/1.1" 200 19638
120.253.135.82 - - [03/Mar/2023:09:30:05 +0800] "POST /xingrg/kc/pszx/mdps_order_operate.html HTTP/1.1" 200 981
120.253.135.82 - - [03/Mar/2023:09:30:05 +0800] "GET /xingrg/javascript/easyui/themes/default/validatebox.css HTTP/1.1" 404 1104
120.253.135.82 - - [03/Mar/2023:09:30:06 +0800] "POST /xingrg/kc/pszx/mdps_list_operate.html HTTP/1.1" 200 3179
120.253.135.82 - - [03/Mar/2023:09:30:09 +0800] "POST /xingrg/kc/pszx/mdps_list_operate.html HTTP/1.1" 200 279
120.253.135.82 - - [03/Mar/2023:09:30:09 +0800] "GET /xingrg/kc/pszx/mdps_order_info.html?code=312023030200048 HTTP/1.1" 200 23978
120.253.135.82 - - [03/Mar/2023:09:30:10 +0800] "GET /xingrg/javascript/easyui/themes/default/validatebox.css HTTP/1.1" 404 1104
120.253.135.82 - - [03/Mar/2023:09:30:10 +0800] "POST /xingrg/kc/pszx/mdps_order_operate.html HTTP/1.1" 200 2767
116.238.139.35 - - [03/Mar/2023:09:30:12 +0800] "GET /xingrg/kc/buy/cgsh_order_operate.html?command=get_materiel&rest_code=00150&code=00101006184&supplier_code=00100096&order_time=2023-03-03 HTTP/1.1" 200 408
120.253.135.82 - - [03/Mar/2023:09:30:13 +0800] "POST /xingrg/kc/pszx/mdps_order_operate.html HTTP/1.1" 200 37
120.253.135.82 - - [03/Mar/2023:09:30:15 +0800] "POST /xingrg/kc/pszx/mdps_order_operate.html HTTP/1.1" 200 12
116.192.124.172 - - [03/Mar/2023:09:30:16 +0800] "GET /xingrg/all/function/internal_message.html?_=1677807036009&CODE_STATE=getMsg HTTP/1.1" 302 -
120.253.135.82 - - [03/Mar/2023:09:30:18 +0800] "GET /xingrg/kc/pszx/mdps_order_info.html?code=312023030200048 HTTP/1.1" 200 19638
120.253.135.82 - - [03/Mar/2023:09:30:19 +0800] "POST /xingrg/kc/pszx/mdps_order_operate.html HTTP/1.1" 200 984
120.253.135.82 - - [03/Mar/2023:09:30:19 +0800] "GET /xingrg/javascript/easyui/themes/default/validatebox.css HTTP/1.1" 404 1104
120.253.135.82 - - [03/Mar/2023:09:30:20 +0800] "POST /xingrg/kc/pszx/mdps_list_operate.html HTTP/1.1" 200 2807
180.169.147.146 - - [03/Mar/2023:09:30:20 +0800] "GET /xingrg/all/function/internal_message.html?_=1677807041216&CODE_STATE=getMsg HTTP/1.1" 302 -
120.253.135.82 - - [03/Mar/2023:09:30:22 +0800] "POST /xingrg/kc/pszx/mdps_list_operate.html HTTP/1.1" 200 288
120.253.135.82 - - [03/Mar/2023:09:30:23 +0800] "GET /xingrg/kc/pszx/mdps_order_info.html?code=312023030200045 HTTP/1.1" 200 23978
120.253.135.82 - - [03/Mar/2023:09:30:23 +0800] "POST /xingrg/kc/pszx/mdps_order_operate.html HTTP/1.1" 200 2782
120.253.135.82 - - [03/Mar/2023:09:30:23 +0800] "GET /xingrg/javascript/easyui/themes/default/validatebox.css HTTP/1.1" 404 1104
116.238.139.35 - - [03/Mar/2023:09:30:24 +0800] "GET /xingrg/kc/buy/cgsh_order_operate.html?command=get_materiel&rest_code=00150&code=00101006055&supplier_code=00100096&order_time=2023-03-03 HTTP/1.1" 200 411
116.225.84.253 - - [03/Mar/2023:09:30:25 +0800] "GET /xingrg/all/function/internal_message.html?_=1677807047439&CODE_STATE=getMsg HTTP/1.1" 200 27
120.253.135.82 - - [03/Mar/2023:09:30:26 +0800] "POST /xingrg/kc/pszx/mdps_order_operate.html HTTP/1.1" 200 37
120.253.135.82 - - [03/Mar/2023:09:30:28 +0800] "POST /xingrg/kc/pszx/mdps_order_operate.html HTTP/1.1" 200 12
114.83.219.234 - - [03/Mar/2023:09:30:29 +0800] "GET /xingrg/all/function/internal_message.html?_=1677807045905&CODE_STATE=getMsg HTTP/1.1" 200 27
222.70.182.154 - - [03/Mar/2023:09:30:30 +0800] "GET /xingrg/all/function/internal_message.html?_=1677807047865&CODE_STATE=getMsg HTTP/1.1" 200 27
58.35.212.231 - - [03/Mar/2023:09:30:32 +0800] "POST /xingrg/services/DataTransmitService HTTP/1.1" 200 524
116.238.139.35 - - [03/Mar/2023:09:30:32 +0800] "GET /xingrg/all/function/internal_message.html?_=1677807053927&CODE_STATE=getMsg HTTP/1.1" 200 27
116.238.139.35 - - [03/Mar/2023:09:30:32 +0800] "GET /xingrg/check_reg.html?_=1677807053929 HTTP/1.1" 200 22
116.230.112.197 - - [03/Mar/2023:09:30:32 +0800] "POST /xingrg/all/common/load_combo.html?type=employee HTTP/1.1" 200 186
58.35.212.231 - - [03/Mar/2023:09:30:32 +0800] "POST /xingrg/services/DataTransmitService HTTP/1.1" 200 2151
116.225.84.253 - - [03/Mar/2023:09:30:33 +0800] "GET /xingrg/all/function/internal_message.html?_=1677806896820&CODE_STATE=getMsg HTTP/1.1" 200 27
116.225.84.253 - - [03/Mar/2023:09:30:33 +0800] "GET /xingrg/check_reg.html?_=1677806896823 HTTP/1.1" 200 22
58.35.212.231 - - [03/Mar/2023:09:30:33 +0800] "POST /xingrg/services/DataTransmitService HTTP/1.1" 200 101123
116.230.112.197 - - [03/Mar/2023:09:30:33 +0800] "GET /xingrg/all/function/internal_message.html?_=1677807070774&CODE_STATE=getMsg HTTP/1.1" 200 27
120.253.135.82 - - [03/Mar/2023:09:30:34 +0800] "GET /xingrg/kc/pszx/mdps_order_info.html?code=312023030200045 HTTP/1.1" 200 19638
120.253.135.82 - - [03/Mar/2023:09:30:35 +0800] "POST /xingrg/kc/pszx/mdps_order_operate.html HTTP/1.1" 200 1000
120.253.135.82 - - [03/Mar/2023:09:30:35 +0800] "GET /xingrg/javascript/easyui/themes/default/validatebox.css HTTP/1.1" 404 1104
120.253.135.82 - - [03/Mar/2023:09:30:35 +0800] "GET /xingrg/all/function/internal_message.html?_=1677806879308&CODE_STATE=getMsg HTTP/1.1" 200 27
120.253.135.82 - - [03/Mar/2023:09:30:36 +0800] "POST /xingrg/kc/pszx/mdps_list_operate.html HTTP/1.1" 200 2436
116.238.139.35 - - [03/Mar/2023:09:30:36 +0800] "GET /xingrg/kc/buy/cgsh_order_operate.html?command=get_materiel&rest_code=00150&code=00101006193&supplier_code=00100096&order_time=2023-03-03 HTTP/1.1" 200 409
114.83.219.234 - - [03/Mar/2023:09:30:36 +0800] "GET /xingrg/kc/buy/cgsh_order_operate.html?command=get_materiel&rest_code=00149&code=00101008114&supplier_code=00100008&order_time=2023-03-03 HTTP/1.1" 200 413
116.230.112.197 - - [03/Mar/2023:09:30:38 +0800] "POST /xingrg/kc/mdqp/pssh_order_operate.html HTTP/1.1" 200 37
120.253.135.82 - - [03/Mar/2023:09:30:38 +0800] "POST /xingrg/kc/pszx/mdps_list_operate.html HTTP/1.1" 200 632
116.230.112.197 - - [03/Mar/2023:09:30:38 +0800] "POST /xingrg/kc/mdqp/pssh_order_operate.html HTTP/1.1" 200 12
120.253.135.82 - - [03/Mar/2023:09:30:38 +0800] "GET /xingrg/kc/pszx/mdps_order_info.html?code=312023030200047 HTTP/1.1" 200 23978
120.253.135.82 - - [03/Mar/2023:09:30:39 +0800] "GET /xingrg/javascript/easyui/themes/default/validatebox.css HTTP/1.1" 404 1104
120.253.135.82 - - [03/Mar/2023:09:30:39 +0800] "POST /xingrg/kc/pszx/mdps_order_operate.html HTTP/1.1" 200 17527
116.230.112.197 - - [03/Mar/2023:09:30:39 +0800] "GET /xingrg/kc/mdqp/pssh_order_info.html?code=312023022800648 HTTP/1.1" 200 14403
116.230.112.197 - - [03/Mar/2023:09:30:39 +0800] "GET /xingrg/javascript/jquery_tools/jquery-1.4.2.min.js HTTP/1.1" 404 1094
116.230.112.197 - - [03/Mar/2023:09:30:39 +0800] "POST /xingrg/kc/mdqp/pssh_order_operate.html HTTP/1.1" 200 531
116.230.112.197 - - [03/Mar/2023:09:30:39 +0800] "GET /xingrg/javascript/easyui/themes/default/validatebox.css HTTP/1.1" 404 1104
116.230.112.197 - - [03/Mar/2023:09:30:42 +0800] "POST /xingrg/kc/mdqp/pssh_list_operate.html HTTP/1.1" 200 814
180.169.147.146 - - [03/Mar/2023:09:30:44 +0800] "GET /xingrg/all/function/internal_message.html?_=1677807063555&CODE_STATE=getMsg HTTP/1.1" 200 27
180.169.147.146 - - [03/Mar/2023:09:30:45 +0800] "GET /xingrg/all/function/internal_message.html?_=1677807063548&CODE_STATE=getMsg HTTP/1.1" 200 27
116.237.78.19 - - [03/Mar/2023:09:30:49 +0800] "GET /xingrg/all/function/internal_message.html?_=1677807073112&CODE_STATE=getMsg HTTP/1.1" 200 27
116.237.78.19 - - [03/Mar/2023:09:30:49 +0800] "GET /xingrg/check_reg.html?_=1677807073111 HTTP/1.1" 200 22
58.35.212.231 - - [03/Mar/2023:09:30:49 +0800] "POST /xingrg/services/DataTransmitService HTTP/1.1" 200 524
116.238.139.35 - - [03/Mar/2023:09:30:49 +0800] "GET /xingrg/kc/buy/cgsh_order_operate.html?command=get_materiel&rest_code=00150&code=00101006291&supplier_code=00100096&order_time=2023-03-03 HTTP/1.1" 200 417
58.35.212.231 - - [03/Mar/2023:09:30:50 +0800] "POST /xingrg/services/DataTransmitService HTTP/1.1" 200 497
120.253.135.82 - - [03/Mar/2023:09:30:50 +0800] "POST /xingrg/kc/pszx/mdps_order_operate.html HTTP/1.1" 200 37
116.224.106.218 - - [03/Mar/2023:09:30:52 +0800] "GET /xingrg/all/function/internal_message.html?_=1677807071580&CODE_STATE=getMsg HTTP/1.1" 200 27
120.253.135.82 - - [03/Mar/2023:09:30:52 +0800] "POST /xingrg/kc/pszx/mdps_order_operate.html HTTP/1.1" 200 12
114.83.219.234 - - [03/Mar/2023:09:30:56 +0800] "GET /xingrg/kc/buy/cgsh_order_operate.html?command=get_materiel&rest_code=00149&code=00101009031&supplier_code=00100008&order_time=2023-03-03 HTTP/1.1" 200 409
116.238.139.35 - - [03/Mar/2023:09:31:00 +0800] "GET /xingrg/all/function/internal_message.html?_=1677807011891&CODE_STATE=getMsg HTTP/1.1" 200 27
120.253.135.82 - - [03/Mar/2023:09:31:01 +0800] "GET /xingrg/kc/pszx/mdps_order_info.html?code=312023030200047 HTTP/1.1" 200 19638
120.253.135.82 - - [03/Mar/2023:09:31:01 +0800] "POST /xingrg/kc/pszx/mdps_order_operate.html HTTP/1.1" 200 15612
120.253.135.82 - - [03/Mar/2023:09:31:01 +0800] "GET /xingrg/javascript/easyui/themes/default/validatebox.css HTTP/1.1" 404 1104
222.70.221.209 - - [03/Mar/2023:09:31:02 +0800] "GET /xingrg/all/function/internal_message.html?_=1677807035712&CODE_STATE=getMsg HTTP/1.1" 200 27
58.221.95.50 - - [03/Mar/2023:09:31:02 +0800] "GET /xingrg/all/function/internal_message.html?_=1677807082509&CODE_STATE=getMsg HTTP/1.1" 200 27
120.253.135.82 - - [03/Mar/2023:09:31:03 +0800] "POST /xingrg/kc/pszx/mdps_list_operate.html HTTP/1.1" 200 2063
180.169.147.146 - - [03/Mar/2023:09:31:04 +0800] "GET /xingrg/all/function/internal_message.html?_=1677807096703&CODE_STATE=getMsg HTTP/1.1" 200 27
120.253.135.82 - - [03/Mar/2023:09:31:09 +0800] "POST /xingrg/kc/pszx/mdps_list_operate.html HTTP/1.1" 200 382
120.253.135.82 - - [03/Mar/2023:09:31:10 +0800] "GET /xingrg/kc/pszx/mdps_order_info.html?code=312023030300062 HTTP/1.1" 200 23978
120.253.135.82 - - [03/Mar/2023:09:31:10 +0800] "POST /xingrg/kc/pszx/mdps_order_operate.html HTTP/1.1" 200 3313
120.253.135.82 - - [03/Mar/2023:09:31:10 +0800] "GET /xingrg/javascript/easyui/themes/default/validatebox.css HTTP/1.1" 404 1104
114.83.219.234 - - [03/Mar/2023:09:31:10 +0800] "GET /xingrg/kc/buy/cgsh_order_operate.html?command=get_materiel&rest_code=00149&code=00101008706&supplier_code=00100008&order_time=2023-03-03 HTTP/1.1" 200 412
120.253.135.82 - - [03/Mar/2023:09:31:13 +0800] "POST /xingrg/kc/pszx/mdps_order_operate.html HTTP/1.1" 200 37
120.253.135.82 - - [03/Mar/2023:09:31:15 +0800] "POST /xingrg/kc/pszx/mdps_order_operate.html HTTP/1.1" 200 12
180.164.3.199 - - [03/Mar/2023:09:31:15 +0800] "GET /xingrg/login.html HTTP/1.1" 200 7641
180.164.3.199 - - [03/Mar/2023:09:31:15 +0800] "GET /xingrg/images/blue/jxLogo.png HTTP/1.1" 200 6156
116.192.124.172 - - [03/Mar/2023:09:31:16 +0800] "GET /xingrg/all/function/internal_message.html?_=1677807095996&CODE_STATE=getMsg HTTP/1.1" 302 -
180.164.3.199 - - [03/Mar/2023:09:31:16 +0800] "GET /xingrg/images/blue/login_bg.png HTTP/1.1" 200 22101
180.164.3.199 - - [03/Mar/2023:09:31:16 +0800] "GET /xingrg/images/blue/hj.png HTTP/1.1" 200 1014
180.164.3.199 - - [03/Mar/2023:09:31:16 +0800] "GET /xingrg/images/blue/srbg.png HTTP/1.1" 200 138
180.164.3.199 - - [03/Mar/2023:09:31:16 +0800] "GET /favicon.ico HTTP/1.1" 404 -
116.225.84.253 - - [03/Mar/2023:09:31:20 +0800] "POST /xingrg/services/DataTransmitService HTTP/1.1" 200 524
180.169.147.146 - - [03/Mar/2023:09:31:20 +0800] "GET /xingrg/all/function/internal_message.html?_=1677807101239&CODE_STATE=getMsg HTTP/1.1" 302 -
116.225.84.253 - - [03/Mar/2023:09:31:25 +0800] "GET /xingrg/all/function/internal_message.html?_=1677807107408&CODE_STATE=getMsg HTTP/1.1" 200 27
120.253.135.82 - - [03/Mar/2023:09:31:26 +0800] "GET /xingrg/kc/pszx/mdps_order_info.html?code=312023030300062 HTTP/1.1" 200 19638
120.253.135.82 - - [03/Mar/2023:09:31:26 +0800] "POST /xingrg/kc/pszx/mdps_order_operate.html HTTP/1.1" 200 1528
120.253.135.82 - - [03/Mar/2023:09:31:26 +0800] "GET /xingrg/javascript/easyui/themes/default/validatebox.css HTTP/1.1" 404 1104
120.253.135.82 - - [03/Mar/2023:09:31:27 +0800] "POST /xingrg/kc/pszx/mdps_list_operate.html HTTP/1.1" 200 1692
120.253.135.82 - - [03/Mar/2023:09:31:29 +0800] "POST /xingrg/kc/pszx/mdps_list_operate.html HTTP/1.1" 200 639
114.83.219.234 - - [03/Mar/2023:09:31:29 +0800] "GET /xingrg/all/function/internal_message.html?_=1677807105899&CODE_STATE=getMsg HTTP/1.1" 200 27
222.70.182.154 - - [03/Mar/2023:09:31:30 +0800] "GET /xingrg/all/function/internal_message.html?_=1677807107901&CODE_STATE=getMsg HTTP/1.1" 200 27
120.253.135.82 - - [03/Mar/2023:09:31:31 +0800] "GET /xingrg/kc/pszx/mdps_order_info.html?code=312023030200046 HTTP/1.1" 200 23978
120.253.135.82 - - [03/Mar/2023:09:31:31 +0800] "GET /xingrg/javascript/easyui/themes/default/validatebox.css HTTP/1.1" 404 1104
120.253.135.82 - - [03/Mar/2023:09:31:31 +0800] "POST /xingrg/kc/pszx/mdps_order_operate.html HTTP/1.1" 200 7317
120.253.135.82 - - [03/Mar/2023:09:31:32 +0800] "GET /xingrg/check_reg.html?_=1677806936308 HTTP/1.1" 200 22
116.238.139.35 - - [03/Mar/2023:09:31:32 +0800] "GET /xingrg/all/function/internal_message.html?_=1677807113929&CODE_STATE=getMsg HTTP/1.1" 200 27
116.225.84.253 - - [03/Mar/2023:09:31:33 +0800] "GET /xingrg/all/function/internal_message.html?_=1677806956810&CODE_STATE=getMsg HTTP/1.1" 200 27
116.230.112.197 - - [03/Mar/2023:09:31:33 +0800] "GET /xingrg/all/function/internal_message.html?_=1677807130789&CODE_STATE=getMsg HTTP/1.1" 200 27
120.253.135.82 - - [03/Mar/2023:09:31:35 +0800] "GET /xingrg/all/function/internal_message.html?_=1677806939309&CODE_STATE=getMsg HTTP/1.1" 200 27
120.253.135.82 - - [03/Mar/2023:09:31:37 +0800] "POST /xingrg/kc/pszx/mdps_order_operate.html HTTP/1.1" 200 37
120.253.135.82 - - [03/Mar/2023:09:31:40 +0800] "POST /xingrg/kc/pszx/mdps_order_operate.html HTTP/1.1" 200 12
120.253.135.82 - - [03/Mar/2023:09:31:43 +0800] "GET /xingrg/kc/pszx/mdps_order_info.html?code=312023030200046 HTTP/1.1" 200 19638
120.253.135.82 - - [03/Mar/2023:09:31:44 +0800] "POST /xingrg/kc/pszx/mdps_order_operate.html HTTP/1.1" 200 5489
120.253.135.82 - - [03/Mar/2023:09:31:44 +0800] "GET /xingrg/javascript/easyui/themes/default/validatebox.css HTTP/1.1" 404 1104
180.169.147.146 - - [03/Mar/2023:09:31:44 +0800] "GET /xingrg/all/function/internal_message.html?_=1677807123553&CODE_STATE=getMsg HTTP/1.1" 200 27
180.169.147.146 - - [03/Mar/2023:09:31:45 +0800] "GET /xingrg/check_reg.html?_=1677807124178 HTTP/1.1" 200 22
180.169.147.146 - - [03/Mar/2023:09:31:45 +0800] "GET /xingrg/all/function/internal_message.html?_=1677807123550&CODE_STATE=getMsg HTTP/1.1" 200 27
114.83.219.234 - - [03/Mar/2023:09:31:48 +0800] "GET /xingrg/kc/buy/cgsh_order_operate.html?command=get_materiel&rest_code=00149&code=00101010033&supplier_code=00100008&order_time=2023-03-03 HTTP/1.1" 200 418
116.238.139.35 - - [03/Mar/2023:09:31:48 +0800] "GET /xingrg/kc/buy/cgsh_order_operate.html?command=get_materiel&rest_code=00150&code=00101006168&supplier_code=00100096&order_time=2023-03-03 HTTP/1.1" 200 421
116.237.78.19 - - [03/Mar/2023:09:31:49 +0800] "GET /xingrg/all/function/internal_message.html?_=1677807133113&CODE_STATE=getMsg HTTP/1.1" 200 27
116.224.106.218 - - [03/Mar/2023:09:31:52 +0800] "GET /xingrg/all/function/internal_message.html?_=1677807131580&CODE_STATE=getMsg HTTP/1.1" 200 27
116.238.139.35 - - [03/Mar/2023:09:32:00 +0800] "GET /xingrg/check_reg.html?_=1677807071844 HTTP/1.1" 200 22
116.238.139.35 - - [03/Mar/2023:09:32:00 +0800] "GET /xingrg/all/function/internal_message.html?_=1677807071904&CODE_STATE=getMsg HTTP/1.1" 200 27
114.83.219.234 - - [03/Mar/2023:09:32:01 +0800] "GET /xingrg/kc/buy/cgsh_order_operate.html?command=get_materiel&rest_code=00149&code=00101010886&supplier_code=00100008&order_time=2023-03-03 HTTP/1.1" 200 423
222.70.221.209 - - [03/Mar/2023:09:32:02 +0800] "GET /xingrg/check_reg.html?_=1677807095706 HTTP/1.1" 200 22
222.70.221.209 - - [03/Mar/2023:09:32:02 +0800] "GET /xingrg/all/function/internal_message.html?_=1677807095712&CODE_STATE=getMsg HTTP/1.1" 200 27
58.221.95.50 - - [03/Mar/2023:09:32:02 +0800] "GET /xingrg/all/function/internal_message.html?_=1677807142485&CODE_STATE=getMsg HTTP/1.1" 200 27
116.232.36.9 - - [03/Mar/2023:09:32:03 +0800] "POST /xingrg/services/DataTransmitService HTTP/1.1" 200 524
180.169.147.146 - - [03/Mar/2023:09:32:04 +0800] "GET /xingrg/all/function/internal_message.html?_=1677807156702&CODE_STATE=getMsg HTTP/1.1" 200 27
180.169.147.146 - - [03/Mar/2023:09:32:05 +0800] "GET /xingrg/check_reg.html?_=1677807146266 HTTP/1.1" 302 -
114.83.219.234 - - [03/Mar/2023:09:32:08 +0800] "POST /xingrg/kc/buy/cgsh_order_operate.html HTTP/1.1" 200 2065
116.238.139.35 - - [03/Mar/2023:09:32:08 +0800] "GET /xingrg/kc/buy/cgsh_order_operate.html?command=get_materiel&rest_code=00150&code=00101006178&supplier_code=00100096&order_time=2023-03-03 HTTP/1.1" 200 409
180.169.147.146 - - [03/Mar/2023:09:32:14 +0800] "POST /xingrg/all/user/operate.html HTTP/1.1" 200 36
120.253.135.82 - - [03/Mar/2023:09:32:15 +0800] "POST /xingrg/kc/pszx/mdps_list_operate.html HTTP/1.1" 200 868
180.169.147.146 - - [03/Mar/2023:09:32:15 +0800] "GET /xingrg/index.html?sysBaseUrl=http%3A%2F%2F180.169.147.146%3A18081%2Fxingrg%2F&costTime=45×tamp=1677747068342 HTTP/1.1" 200 17507
180.169.147.146 - - [03/Mar/2023:09:32:15 +0800] "GET /xingrg/javascript/jquery_easy_ui/themes/default/easyui.css HTTP/1.1" 304 -
180.169.147.146 - - [03/Mar/2023:09:32:15 +0800] "GET /xingrg/javascript/jquery_easy_ui/themes/icon.css HTTP/1.1" 304 -
180.169.147.146 - - [03/Mar/2023:09:32:15 +0800] "GET /xingrg/css/form.css HTTP/1.1" 304 -
180.169.147.146 - - [03/Mar/2023:09:32:15 +0800] "GET /xingrg/javascript/jquery-1.4.2.min.js HTTP/1.1" 304 -
180.169.147.146 - - [03/Mar/2023:09:32:15 +0800] "GET /xingrg/javascript/jquery_easy_ui/jquery.easyui.min.js HTTP/1.1" 304 -
180.169.147.146 - - [03/Mar/2023:09:32:15 +0800] "GET /xingrg/javascript/jquery_easy_ui/easyui-lang-zh_CN.js HTTP/1.1" 304 -
180.169.147.146 - - [03/Mar/2023:09:32:15 +0800] "GET /xingrg/javascript/jquery.form.js HTTP/1.1" 304 -
180.169.147.146 - - [03/Mar/2023:09:32:15 +0800] "GET /xingrg/javascript/jquery.utils.js HTTP/1.1" 304 -
180.169.147.146 - - [03/Mar/2023:09:32:15 +0800] "GET /xingrg/javascript/jquery.timers.js HTTP/1.1" 304 -
180.169.147.146 - - [03/Mar/2023:09:32:15 +0800] "GET /xingrg/images/blue/jxLogo.png HTTP/1.1" 304 -
180.169.147.146 - - [03/Mar/2023:09:32:15 +0800] "GET /xingrg/javascript/jquery_easy_ui/themes/icons/settle_new.png HTTP/1.1" 304 -
180.169.147.146 - - [03/Mar/2023:09:32:15 +0800] "GET /xingrg/images/blue/navBackgound.jpg HTTP/1.1" 304 -
180.169.147.146 - - [03/Mar/2023:09:32:15 +0800] "POST /xingrg/all/common/load_tree.html?tree=area_rest_tree_json&manage=1 HTTP/1.1" 200 3499
180.169.147.146 - - [03/Mar/2023:09:32:15 +0800] "GET /xingrg/javascript/jquery_easy_ui/themes/default/images/panel_tool_collapse.gif HTTP/1.1" 304 -
180.169.147.146 - - [03/Mar/2023:09:32:15 +0800] "GET /xingrg/all/function/internal_message.html?_=1677807154862&CODE_STATE=count HTTP/1.1" 200 11
180.169.147.146 - - [03/Mar/2023:09:32:15 +0800] "GET /xingrg/check_reg.html?_=1677807154864 HTTP/1.1" 200 22
180.169.147.146 - - [03/Mar/2023:09:32:15 +0800] "GET /xingrg/javascript/jquery_easy_ui/themes/default/images/tabs_rightarrow.png HTTP/1.1" 304 -
180.169.147.146 - - [03/Mar/2023:09:32:15 +0800] "GET /xingrg/images/blue/pingpu.png HTTP/1.1" 304 -
180.169.147.146 - - [03/Mar/2023:09:32:15 +0800] "GET /xingrg/javascript/jquery_easy_ui/themes/default/images/tabs_leftarrow.png HTTP/1.1" 304 -
180.169.147.146 - - [03/Mar/2023:09:32:15 +0800] "GET /xingrg/javascript/jquery_easy_ui/themes/default/images/panel_tool_expand.gif HTTP/1.1" 304 -
180.169.147.146 - - [03/Mar/2023:09:32:15 +0800] "POST /xingrg/load_menu.html HTTP/1.1" 200 9959
116.192.124.172 - - [03/Mar/2023:09:32:16 +0800] "GET /xingrg/all/function/internal_message.html?_=1677807155972&CODE_STATE=getMsg HTTP/1.1" 302 -
120.253.135.82 - - [03/Mar/2023:09:32:17 +0800] "GET /xingrg/kc/pszx/mdqp_order_list.html?state=10 HTTP/1.1" 200 10275
120.253.135.82 - - [03/Mar/2023:09:32:17 +0800] "GET /xingrg/dwr/interface/AjaxQqpsService.js HTTP/1.1" 200 16326
120.253.135.82 - - [03/Mar/2023:09:32:17 +0800] "GET /xingrg/dwr/interface/AjaxReportQueryService.js HTTP/1.1" 200 13203
120.253.135.82 - - [03/Mar/2023:09:32:17 +0800] "GET /xingrg/dwr/engine.js HTTP/1.1" 200 43631
114.83.219.234 - - [03/Mar/2023:09:32:17 +0800] "GET /xingrg/kc/buy/cgsh_order_operate.html?command=get_materiel&rest_code=00149&code=00101008284&supplier_code=00100008&order_time=2023-03-03 HTTP/1.1" 200 412
180.169.147.146 - - [03/Mar/2023:09:32:18 +0800] "GET /xingrg/kc/base/check_order_list.html HTTP/1.1" 200 16482
180.169.147.146 - - [03/Mar/2023:09:32:18 +0800] "POST /xingrg/kc/base/check_list_operate.html HTTP/1.1" 200 2550
120.253.135.82 - - [03/Mar/2023:09:32:20 +0800] "GET /xingrg/kc/pszx/mdps_order_list.html?orderType=0 HTTP/1.1" 200 21032
180.169.147.146 - - [03/Mar/2023:09:32:20 +0800] "GET /xingrg/kc/base/check_order_info.html?code=452023022800145 HTTP/1.1" 200 25422
180.169.147.146 - - [03/Mar/2023:09:32:20 +0800] "GET /xingrg/dwr/interface/AjaxComOrderService.js HTTP/1.1" 200 18264
180.169.147.146 - - [03/Mar/2023:09:32:20 +0800] "GET /xingrg/dwr/util.js HTTP/1.1" 304 -
180.169.147.146 - - [03/Mar/2023:09:32:20 +0800] "GET /xingrg/dwr/interface/AjaxCheckService.js HTTP/1.1" 200 14003
180.169.147.146 - - [03/Mar/2023:09:32:20 +0800] "GET /xingrg/dwr/engine.js HTTP/1.1" 200 43631
120.253.135.82 - - [03/Mar/2023:09:32:20 +0800] "POST /xingrg/kc/pszx/mdps_list_operate.html HTTP/1.1" 200 5313
180.169.147.146 - - [03/Mar/2023:09:32:20 +0800] "GET /xingrg/all/function/internal_message.html?_=1677807161242&CODE_STATE=getMsg HTTP/1.1" 302 -
180.169.147.146 - - [03/Mar/2023:09:32:21 +0800] "POST /xingrg/dwr/call/plaincall/AjaxCheckService.loadOrderItems.dwr HTTP/1.1" 200 12788
180.169.147.146 - - [03/Mar/2023:09:32:24 +0800] "GET /xingrg/kc/base/check_order_info.html?code=452023022800143 HTTP/1.1" 200 25422
180.169.147.146 - - [03/Mar/2023:09:32:24 +0800] "GET /xingrg/dwr/interface/AjaxComOrderService.js HTTP/1.1" 200 18264
180.169.147.146 - - [03/Mar/2023:09:32:24 +0800] "GET /xingrg/dwr/interface/AjaxCheckService.js HTTP/1.1" 200 14003
180.169.147.146 - - [03/Mar/2023:09:32:24 +0800] "GET /xingrg/dwr/engine.js HTTP/1.1" 200 43631
116.225.84.253 - - [03/Mar/2023:09:32:25 +0800] "GET /xingrg/all/function/internal_message.html?_=1677807167387&CODE_STATE=getMsg HTTP/1.1" 200 27
180.169.147.146 - - [03/Mar/2023:09:32:25 +0800] "POST /xingrg/dwr/call/plaincall/AjaxCheckService.loadOrderItems.dwr HTTP/1.1" 200 10170
180.169.147.146 - - [03/Mar/2023:09:32:28 +0800] "GET /xingrg/kc/base/check_order_info.html?code=452023022800144 HTTP/1.1" 200 25422
180.169.147.146 - - [03/Mar/2023:09:32:29 +0800] "GET /xingrg/dwr/interface/AjaxComOrderService.js HTTP/1.1" 200 18264
180.169.147.146 - - [03/Mar/2023:09:32:29 +0800] "GET /xingrg/dwr/interface/AjaxCheckService.js HTTP/1.1" 200 14003
180.169.147.146 - - [03/Mar/2023:09:32:29 +0800] "GET /xingrg/dwr/engine.js HTTP/1.1" 200 43631
114.83.219.234 - - [03/Mar/2023:09:32:29 +0800] "GET /xingrg/all/function/internal_message.html?_=1677807165877&CODE_STATE=getMsg HTTP/1.1" 200 27
180.169.147.146 - - [03/Mar/2023:09:32:30 +0800] "POST /xingrg/dwr/call/plaincall/AjaxCheckService.loadOrderItems.dwr HTTP/1.1" 200 25026
222.70.182.154 - - [03/Mar/2023:09:32:30 +0800] "GET /xingrg/all/function/internal_message.html?_=1677807167898&CODE_STATE=getMsg HTTP/1.1" 200 27
114.83.219.234 - - [03/Mar/2023:09:32:31 +0800] "POST /xingrg/kc/buy/cgsh_order_operate.html HTTP/1.1" 200 37
116.238.139.35 - - [03/Mar/2023:09:32:31 +0800] "GET /xingrg/kc/buy/cgsh_order_operate.html?command=get_materiel&rest_code=00150&code=00101007077&supplier_code=00100096&order_time=2023-03-03 HTTP/1.1" 200 23
116.238.139.35 - - [03/Mar/2023:09:32:32 +0800] "GET /xingrg/all/function/internal_message.html?_=1677807173934&CODE_STATE=getMsg HTTP/1.1" 200 27
