116.225.84.253 - - [02/Mar/2023:08:51:59 +0800] "POST /xingrg/kc/buy/cgsh_list_operate.html HTTP/1.1" 200 986
116.225.84.253 - - [02/Mar/2023:08:51:59 +0800] "GET /xingrg/javascript/easyui/themes/default/images/button_plain_hover.png HTTP/1.1" 304 -
222.70.221.209 - - [02/Mar/2023:08:52:01 +0800] "GET /xingrg/kc/buy/cgsh_order_operate.html?command=get_materiel&rest_code=00155&code=00101008114&supplier_code=00100005&order_time=2023-03-02 HTTP/1.1" 200 413
116.225.84.253 - - [02/Mar/2023:08:52:01 +0800] "GET /xingrg/javascript/pic_change.js HTTP/1.1" 304 -
116.225.84.253 - - [02/Mar/2023:08:52:01 +0800] "GET /xingrg/javascript/json2.js HTTP/1.1" 304 -
116.225.84.253 - - [02/Mar/2023:08:52:01 +0800] "GET /xingrg/javascript/convert.js HTTP/1.1" 304 -
116.225.84.253 - - [02/Mar/2023:08:52:01 +0800] "GET /xingrg/javascript/print/kc_print.js HTTP/1.1" 304 -
116.225.84.253 - - [02/Mar/2023:08:52:01 +0800] "GET /xingrg/kc/buy/cgsh_order_add.html HTTP/1.1" 200 70043
116.225.84.253 - - [02/Mar/2023:08:52:01 +0800] "GET /xingrg/javascript/jquery_tools/order_manager.js HTTP/1.1" 304 -
116.225.84.253 - - [02/Mar/2023:08:52:01 +0800] "GET /xingrg/words/20230301185654_words.js HTTP/1.1" 200 950213
116.225.84.253 - - [02/Mar/2023:08:52:01 +0800] "GET /xingrg/javascript/easyui/themes/icons/copy_new.png HTTP/1.1" 304 -
116.225.84.253 - - [02/Mar/2023:08:52:01 +0800] "GET /xingrg/javascript/easyui/themes/icons/template_new.png HTTP/1.1" 304 -
116.225.84.253 - - [02/Mar/2023:08:52:01 +0800] "GET /xingrg/javascript/easyui/themes/icons/ok.png HTTP/1.1" 304 -
116.225.84.253 - - [02/Mar/2023:08:52:01 +0800] "GET /xingrg/javascript/easyui/themes/icons/print.png HTTP/1.1" 304 -
116.225.84.253 - - [02/Mar/2023:08:52:01 +0800] "GET /xingrg/javascript/easyui/themes/default/images/menu_downarrow.png HTTP/1.1" 304 -
116.225.84.253 - - [02/Mar/2023:08:52:01 +0800] "GET /xingrg/javascript/easyui/themes/icons/cancel.png HTTP/1.1" 304 -
120.253.135.82 - - [02/Mar/2023:08:52:01 +0800] "GET /xingrg/all/function/internal_message.html?_=1677718166129&CODE_STATE=getMsg HTTP/1.1" 200 27
116.225.84.253 - - [02/Mar/2023:08:52:02 +0800] "GET /xingrg/all/common/auto_word.html?type=employee&rest_code=00105 HTTP/1.1" 200 193
116.225.84.253 - - [02/Mar/2023:08:52:02 +0800] "GET /xingrg/all/common/auto_word.html?type=employee&rest_code=00105 HTTP/1.1" 200 193
116.225.84.253 - - [02/Mar/2023:08:52:02 +0800] "GET /xingrg/javascript/easyui/themes/default/validatebox.css HTTP/1.1" 404 1104
116.225.84.253 - - [02/Mar/2023:08:52:02 +0800] "GET /xingrg/javascript/easyui/plugins/jquery.validatebox.js HTTP/1.1" 304 -
116.225.84.253 - - [02/Mar/2023:08:52:02 +0800] "GET /xingrg/javascript/easyui/themes/icons/edit_remove.png HTTP/1.1" 304 -
116.225.84.253 - - [02/Mar/2023:08:52:02 +0800] "GET /xingrg/javascript/easyui/plugins/jquery.numberbox.js HTTP/1.1" 304 -
116.225.84.253 - - [02/Mar/2023:08:52:02 +0800] "POST /xingrg/kc/buy/cgsh_order_operate.html HTTP/1.1" 200 8245
116.238.139.35 - - [02/Mar/2023:08:52:04 +0800] "GET /xingrg/all/function/internal_message.html?_=1677718278179&CODE_STATE=getMsg HTTP/1.1" 200 27
222.70.182.154 - - [02/Mar/2023:08:52:05 +0800] "GET /xingrg/all/function/internal_message.html?_=1677718423157&CODE_STATE=getMsg HTTP/1.1" 200 27
222.70.221.209 - - [02/Mar/2023:08:52:06 +0800] "GET /xingrg/all/function/internal_message.html?_=1677718302454&CODE_STATE=getMsg HTTP/1.1" 200 27
222.70.221.209 - - [02/Mar/2023:08:52:06 +0800] "POST /xingrg/kc/buy/cgsh_order_operate.html HTTP/1.1" 200 2065
116.225.84.253 - - [02/Mar/2023:08:52:06 +0800] "GET /xingrg/all/function/internal_message.html?_=1677718191585&CODE_STATE=getMsg HTTP/1.1" 200 27
116.225.84.253 - - [02/Mar/2023:08:52:07 +0800] "GET /xingrg/javascript/auto/indicator.gif HTTP/1.1" 404 1066
116.238.139.35 - - [02/Mar/2023:08:52:09 +0800] "GET /xingrg/kc/buy/cgsh_order_operate.html?command=get_materiel&rest_code=00150&code=00101008588&supplier_code=00100008&order_time=2023-03-02 HTTP/1.1" 200 405
222.70.221.209 - - [02/Mar/2023:08:52:11 +0800] "GET /xingrg/kc/buy/cgsh_order_operate.html?command=get_materiel&rest_code=00155&code=00101008036&supplier_code=00100005&order_time=2023-03-02 HTTP/1.1" 200 428
180.157.253.110 - - [02/Mar/2023:08:52:17 +0800] "GET /xingrg/all/function/internal_message.html?_=1677718359543&CODE_STATE=getMsg HTTP/1.1" 200 27
116.238.139.35 - - [02/Mar/2023:08:52:18 +0800] "GET /xingrg/kc/buy/cgsh_order_operate.html?command=get_materiel&rest_code=00150&code=00101008082&supplier_code=00100008&order_time=2023-03-02 HTTP/1.1" 200 422
116.225.84.253 - - [02/Mar/2023:08:52:25 +0800] "GET /xingrg/kc/buy/cgsh_order_operate.html?command=get_materiel&rest_code=00105&code=00101016030&supplier_code=00100034&order_time=2023-03-02 HTTP/1.1" 200 412
116.230.112.199 - - [02/Mar/2023:08:52:25 +0800] "POST /xingrg/kc/buy/cgsh_order_operate.html HTTP/1.1" 200 37
116.238.139.35 - - [02/Mar/2023:08:52:27 +0800] "GET /xingrg/all/function/internal_message.html?_=1677718369323&CODE_STATE=getMsg HTTP/1.1" 200 27
222.70.221.209 - - [02/Mar/2023:08:52:27 +0800] "GET /xingrg/kc/buy/cgsh_order_operate.html?command=get_materiel&rest_code=00155&code=00101008041&supplier_code=00100005&order_time=2023-03-02 HTTP/1.1" 200 408
116.238.139.35 - - [02/Mar/2023:08:52:27 +0800] "GET /xingrg/kc/buy/cgsh_order_operate.html?command=get_materiel&rest_code=00150&code=00101008087&supplier_code=00100008&order_time=2023-03-02 HTTP/1.1" 200 412
116.230.112.199 - - [02/Mar/2023:08:52:28 +0800] "GET /xingrg/all/function/internal_message.html?_=1677718381523&CODE_STATE=getMsg HTTP/1.1" 200 27
116.230.112.199 - - [02/Mar/2023:08:52:28 +0800] "POST /xingrg/kc/buy/cgsh_order_operate.html HTTP/1.1" 200 34016
116.238.139.35 - - [02/Mar/2023:08:52:37 +0800] "GET /xingrg/kc/buy/cgsh_order_operate.html?command=get_materiel&rest_code=00150&code=00101008355&supplier_code=00100008&order_time=2023-03-02 HTTP/1.1" 200 408
116.230.112.199 - - [02/Mar/2023:08:52:37 +0800] "GET /xingrg/kc/buy/cgsh_order_operate.html?command=get_materiel&rest_code=00146&code=00101008223&supplier_code=00100005&order_time=2023-03-02 HTTP/1.1" 200 412
116.225.84.253 - - [02/Mar/2023:08:52:43 +0800] "GET /xingrg/kc/buy/cgsh_order_operate.html?command=get_materiel&rest_code=00105&code=00101012029&supplier_code=00100034&order_time=2023-03-02 HTTP/1.1" 200 412
116.224.106.218 - - [02/Mar/2023:08:52:46 +0800] "GET /xingrg/all/function/internal_message.html?_=1677718386381&CODE_STATE=getMsg HTTP/1.1" 200 27
222.70.221.209 - - [02/Mar/2023:08:52:47 +0800] "POST /xingrg/kc/buy/cgsh_order_operate.html HTTP/1.1" 200 37
116.192.124.172 - - [02/Mar/2023:08:52:48 +0800] "GET /xingrg/all/function/internal_message.html?_=1677718388567&CODE_STATE=getMsg HTTP/1.1" 200 27
116.225.84.253 - - [02/Mar/2023:08:52:49 +0800] "POST /xingrg/kc/buy/cgsh_order_operate.html HTTP/1.1" 200 37
222.70.221.209 - - [02/Mar/2023:08:52:49 +0800] "POST /xingrg/kc/buy/cgsh_order_operate.html HTTP/1.1" 200 21018
116.238.139.35 - - [02/Mar/2023:08:52:50 +0800] "GET /xingrg/kc/buy/cgsh_order_operate.html?command=get_materiel&rest_code=00150&code=00101008264&supplier_code=00100008&order_time=2023-03-02 HTTP/1.1" 200 412
222.70.221.209 - - [02/Mar/2023:08:52:50 +0800] "GET /xingrg/kc/print/load_data.html?order_code=212023030200393&kc_code=cgsh&condition= HTTP/1.1" 200 7678
116.225.84.253 - - [02/Mar/2023:08:52:51 +0800] "POST /xingrg/kc/buy/cgsh_order_operate.html HTTP/1.1" 200 3248
116.225.84.253 - - [02/Mar/2023:08:52:53 +0800] "GET /xingrg/kc/print/load_config.html?kc_code=cgsh HTTP/1.1" 200 1925
116.225.84.253 - - [02/Mar/2023:08:52:53 +0800] "GET /xingrg/kc/print/load_data.html?order_code=212023030200394&kc_code=cgsh&condition= HTTP/1.1" 200 933
222.70.221.209 - - [02/Mar/2023:08:52:53 +0800] "GET /xingrg/kc/print/load_data.html?order_code=212023030200393&kc_code=cgsh HTTP/1.1" 200 7678
116.230.112.199 - - [02/Mar/2023:08:52:54 +0800] "GET /xingrg/kc/buy/cgsh_order_operate.html?command=get_materiel&rest_code=00146&code=00101008095&supplier_code=00100005&order_time=2023-03-02 HTTP/1.1" 200 412
116.225.84.253 - - [02/Mar/2023:08:52:55 +0800] "GET /xingrg/all/function/internal_message.html?_=1677718396920&CODE_STATE=getMsg HTTP/1.1" 200 27
116.225.84.253 - - [02/Mar/2023:08:52:57 +0800] "GET /xingrg/kc/buy/cgsh_order_add.html HTTP/1.1" 200 70043
116.225.84.253 - - [02/Mar/2023:08:52:57 +0800] "GET /xingrg/javascript/easyui/themes/default/validatebox.css HTTP/1.1" 404 1104
116.225.84.253 - - [02/Mar/2023:08:52:57 +0800] "POST /xingrg/kc/buy/cgsh_order_operate.html HTTP/1.1" 200 8245
120.253.135.82 - - [02/Mar/2023:08:52:59 +0800] "GET /xingrg/check_reg.html?_=1677718224278 HTTP/1.1" 200 22
120.253.135.82 - - [02/Mar/2023:08:53:01 +0800] "GET /xingrg/all/function/internal_message.html?_=1677718226134&CODE_STATE=getMsg HTTP/1.1" 200 27
116.238.139.35 - - [02/Mar/2023:08:53:04 +0800] "GET /xingrg/all/function/internal_message.html?_=1677718338193&CODE_STATE=getMsg HTTP/1.1" 200 27
116.238.139.35 - - [02/Mar/2023:08:53:05 +0800] "GET /xingrg/kc/buy/cgsh_order_operate.html?command=get_materiel&rest_code=00150&code=00101008209&supplier_code=00100008&order_time=2023-03-02 HTTP/1.1" 200 408
222.70.182.154 - - [02/Mar/2023:08:53:05 +0800] "GET /xingrg/all/function/internal_message.html?_=1677718483149&CODE_STATE=getMsg HTTP/1.1" 200 27
222.70.221.209 - - [02/Mar/2023:08:53:06 +0800] "GET /xingrg/all/function/internal_message.html?_=1677718362780&CODE_STATE=getMsg HTTP/1.1" 200 27
116.225.84.253 - - [02/Mar/2023:08:53:06 +0800] "GET /xingrg/all/function/internal_message.html?_=1677718251575&CODE_STATE=getMsg HTTP/1.1" 200 27
116.225.84.253 - - [02/Mar/2023:08:53:09 +0800] "GET /xingrg/kc/buy/cgsh_order_operate.html?command=get_materiel&rest_code=00105&code=00101002027&supplier_code=00100397&order_time=2023-03-02 HTTP/1.1" 200 413
222.70.221.209 - - [02/Mar/2023:08:53:13 +0800] "GET /xingrg/kc/buy/cgsh_order_add.html HTTP/1.1" 200 70008
222.70.221.209 - - [02/Mar/2023:08:53:14 +0800] "POST /xingrg/kc/buy/cgsh_order_operate.html HTTP/1.1" 200 8245
222.70.221.209 - - [02/Mar/2023:08:53:14 +0800] "GET /xingrg/javascript/easyui/themes/default/validatebox.css HTTP/1.1" 404 1104
180.157.253.110 - - [02/Mar/2023:08:53:17 +0800] "GET /xingrg/all/function/internal_message.html?_=1677718419552&CODE_STATE=getMsg HTTP/1.1" 200 27
116.238.139.35 - - [02/Mar/2023:08:53:20 +0800] "GET /xingrg/kc/buy/cgsh_order_operate.html?command=get_materiel&rest_code=00150&code=00101008024&supplier_code=00100008&order_time=2023-03-02 HTTP/1.1" 200 408
116.230.112.199 - - [02/Mar/2023:08:53:20 +0800] "GET /xingrg/kc/buy/cgsh_order_operate.html?command=get_materiel&rest_code=00146&code=00101008110&supplier_code=00100005&order_time=2023-03-02 HTTP/1.1" 200 409
222.70.221.209 - - [02/Mar/2023:08:53:24 +0800] "GET /xingrg/kc/buy/cgsh_order_operate.html?command=get_materiel&rest_code=00155&code=00101002027&supplier_code=00100199&order_time=2023-03-02 HTTP/1.1" 200 413
116.238.139.35 - - [02/Mar/2023:08:53:27 +0800] "GET /xingrg/all/function/internal_message.html?_=1677718429294&CODE_STATE=getMsg HTTP/1.1" 200 27
116.230.112.199 - - [02/Mar/2023:08:53:28 +0800] "GET /xingrg/all/function/internal_message.html?_=1677718441536&CODE_STATE=getMsg HTTP/1.1" 200 27
222.70.221.209 - - [02/Mar/2023:08:53:33 +0800] "GET /xingrg/kc/buy/cgsh_order_operate.html?command=get_materiel&rest_code=00155&code=00101001125&supplier_code=00100199&order_time=2023-03-02 HTTP/1.1" 200 415
116.238.139.35 - - [02/Mar/2023:08:53:34 +0800] "GET /xingrg/kc/buy/cgsh_order_operate.html?command=get_materiel&rest_code=00150&code=00101008137&supplier_code=00100008&order_time=2023-03-02 HTTP/1.1" 200 408
116.225.84.253 - - [02/Mar/2023:08:53:34 +0800] "GET /xingrg/kc/buy/cgsh_order_operate.html?command=get_materiel&rest_code=00105&code=00101021027&supplier_code=00100397&order_time=2023-03-02 HTTP/1.1" 200 414
116.230.112.199 - - [02/Mar/2023:08:53:39 +0800] "GET /xingrg/kc/buy/cgsh_order_operate.html?command=get_materiel&rest_code=00146&code=00101008114&supplier_code=00100005&order_time=2023-03-02 HTTP/1.1" 200 413
222.70.221.209 - - [02/Mar/2023:08:53:42 +0800] "GET /xingrg/kc/buy/cgsh_order_operate.html?command=get_materiel&rest_code=00155&code=00101001060&supplier_code=00100199&order_time=2023-03-02 HTTP/1.1" 200 419
116.238.139.35 - - [02/Mar/2023:08:53:44 +0800] "GET /xingrg/kc/buy/cgsh_order_operate.html?command=get_materiel&rest_code=00150&code=00101008223&supplier_code=00100008&order_time=2023-03-02 HTTP/1.1" 200 412
116.224.106.218 - - [02/Mar/2023:08:53:46 +0800] "GET /xingrg/all/function/internal_message.html?_=1677718446366&CODE_STATE=getMsg HTTP/1.1" 200 27
116.230.112.199 - - [02/Mar/2023:08:53:47 +0800] "POST /xingrg/kc/buy/cgsh_order_operate.html HTTP/1.1" 200 2065
116.192.124.172 - - [02/Mar/2023:08:53:48 +0800] "GET /xingrg/all/function/internal_message.html?_=1677718448558&CODE_STATE=getMsg HTTP/1.1" 200 27
222.70.221.209 - - [02/Mar/2023:08:53:50 +0800] "GET /xingrg/kc/buy/cgsh_order_operate.html?command=get_materiel&rest_code=00155&code=00101003037&supplier_code=00100199&order_time=2023-03-02 HTTP/1.1" 200 416
116.238.139.35 - - [02/Mar/2023:08:53:54 +0800] "GET /xingrg/kc/buy/cgsh_order_operate.html?command=get_materiel&rest_code=00150&code=00101008069&supplier_code=00100008&order_time=2023-03-02 HTTP/1.1" 200 412
116.225.84.253 - - [02/Mar/2023:08:53:55 +0800] "GET /xingrg/all/function/internal_message.html?_=1677718456938&CODE_STATE=getMsg HTTP/1.1" 200 27
222.70.221.209 - - [02/Mar/2023:08:53:58 +0800] "GET /xingrg/kc/buy/cgsh_order_operate.html?command=get_materiel&rest_code=00155&code=00101010161&supplier_code=00100199&order_time=2023-03-02 HTTP/1.1" 200 409
120.253.135.82 - - [02/Mar/2023:08:54:00 +0800] "POST /xingrg/kc/pszx/mdps_list_operate.html HTTP/1.1" 200 3200
116.225.84.253 - - [02/Mar/2023:08:54:01 +0800] "GET /xingrg/kc/buy/cgsh_order_operate.html?command=get_materiel&rest_code=00105&code=00101001099&supplier_code=00100397&order_time=2023-03-02 HTTP/1.1" 200 409
120.253.135.82 - - [02/Mar/2023:08:54:01 +0800] "GET /xingrg/all/function/internal_message.html?_=1677718286148&CODE_STATE=getMsg HTTP/1.1" 200 27
120.253.135.82 - - [02/Mar/2023:08:54:01 +0800] "POST /xingrg/kc/pszx/mdps_list_operate.html HTTP/1.1" 200 354
120.253.135.82 - - [02/Mar/2023:08:54:03 +0800] "POST /xingrg/kc/pszx/mdps_list_operate.html HTTP/1.1" 200 199
116.238.139.35 - - [02/Mar/2023:08:54:04 +0800] "GET /xingrg/kc/buy/cgsh_order_operate.html?command=get_materiel&rest_code=00150&code=00101008286&supplier_code=00100008&order_time=2023-03-02 HTTP/1.1" 200 408
116.238.139.35 - - [02/Mar/2023:08:54:04 +0800] "GET /xingrg/check_reg.html?_=1677718397789 HTTP/1.1" 200 22
116.238.139.35 - - [02/Mar/2023:08:54:04 +0800] "GET /xingrg/all/function/internal_message.html?_=1677718398206&CODE_STATE=getMsg HTTP/1.1" 200 27
222.70.182.154 - - [02/Mar/2023:08:54:05 +0800] "GET /xingrg/all/function/internal_message.html?_=1677718543137&CODE_STATE=getMsg HTTP/1.1" 200 27
222.70.182.154 - - [02/Mar/2023:08:54:05 +0800] "GET /xingrg/check_reg.html?_=1677718543139 HTTP/1.1" 200 22
222.70.221.209 - - [02/Mar/2023:08:54:06 +0800] "GET /xingrg/check_reg.html?_=1677718422462 HTTP/1.1" 200 22
222.70.221.209 - - [02/Mar/2023:08:54:06 +0800] "GET /xingrg/all/function/internal_message.html?_=1677718422770&CODE_STATE=getMsg HTTP/1.1" 200 27
222.70.221.209 - - [02/Mar/2023:08:54:06 +0800] "GET /xingrg/kc/buy/cgsh_order_operate.html?command=get_materiel&rest_code=00155&code=00101001160&supplier_code=00100199&order_time=2023-03-02 HTTP/1.1" 200 408
116.225.84.253 - - [02/Mar/2023:08:54:06 +0800] "GET /xingrg/all/function/internal_message.html?_=1677718311606&CODE_STATE=getMsg HTTP/1.1" 200 27
120.253.135.82 - - [02/Mar/2023:08:54:07 +0800] "GET /xingrg/kc/pszx/mdps_order_info.html?code=312023022400557 HTTP/1.1" 200 23978
120.253.135.82 - - [02/Mar/2023:08:54:08 +0800] "GET /xingrg/javascript/easyui/themes/default/validatebox.css HTTP/1.1" 404 1104
120.253.135.82 - - [02/Mar/2023:08:54:08 +0800] "POST /xingrg/kc/pszx/mdps_order_operate.html HTTP/1.1" 200 2278
120.253.135.82 - - [02/Mar/2023:08:54:09 +0800] "GET /xingrg/javascript/jquery_tools/images/prev.gif HTTP/1.1" 404 1086
120.253.135.82 - - [02/Mar/2023:08:54:09 +0800] "GET /xingrg/javascript/jquery_tools/images/next.gif HTTP/1.1" 404 1086
222.70.221.209 - - [02/Mar/2023:08:54:13 +0800] "POST /xingrg/kc/buy/cgsh_order_operate.html HTTP/1.1" 200 37
120.253.135.82 - - [02/Mar/2023:08:54:14 +0800] "POST /xingrg/kc/pszx/mdps_order_operate.html HTTP/1.1" 200 37
120.253.135.82 - - [02/Mar/2023:08:54:15 +0800] "GET /xingrg/kc/pszx/mdps_order_info.html?code=312023022400557 HTTP/1.1" 200 23978
120.253.135.82 - - [02/Mar/2023:08:54:16 +0800] "GET /xingrg/javascript/easyui/themes/default/validatebox.css HTTP/1.1" 404 1104
120.253.135.82 - - [02/Mar/2023:08:54:16 +0800] "POST /xingrg/kc/pszx/mdps_order_operate.html HTTP/1.1" 200 2278
222.70.221.209 - - [02/Mar/2023:08:54:17 +0800] "POST /xingrg/kc/buy/cgsh_order_operate.html HTTP/1.1" 200 2065
120.253.135.82 - - [02/Mar/2023:08:54:17 +0800] "POST /xingrg/kc/pszx/mdps_list_operate.html HTTP/1.1" 200 3200
116.238.139.35 - - [02/Mar/2023:08:54:17 +0800] "GET /xingrg/kc/buy/cgsh_order_operate.html?command=get_materiel&rest_code=00150&code=00101008036&supplier_code=00100008&order_time=2023-03-02 HTTP/1.1" 200 428
116.230.112.199 - - [02/Mar/2023:08:54:17 +0800] "POST /xingrg/kc/buy/cgsh_order_operate.html HTTP/1.1" 200 37
180.157.253.110 - - [02/Mar/2023:08:54:17 +0800] "GET /xingrg/all/function/internal_message.html?_=1677718479538&CODE_STATE=getMsg HTTP/1.1" 200 27
222.70.221.209 - - [02/Mar/2023:08:54:18 +0800] "GET /xingrg/kc/print/load_data.html?order_code=212023030200395&kc_code=cgsh&condition= HTTP/1.1" 200 1824
116.230.112.199 - - [02/Mar/2023:08:54:19 +0800] "POST /xingrg/kc/buy/cgsh_order_operate.html HTTP/1.1" 200 36379
116.230.112.199 - - [02/Mar/2023:08:54:20 +0800] "GET /xingrg/kc/print/load_config.html?kc_code=cgsh HTTP/1.1" 200 1925
116.230.112.199 - - [02/Mar/2023:08:54:21 +0800] "GET /xingrg/kc/print/load_data.html?order_code=212023030200386&kc_code=cgsh&condition= HTTP/1.1" 200 13475
116.238.139.35 - - [02/Mar/2023:08:54:27 +0800] "GET /xingrg/all/function/internal_message.html?_=1677718489283&CODE_STATE=getMsg HTTP/1.1" 200 27
116.230.112.199 - - [02/Mar/2023:08:54:28 +0800] "GET /xingrg/all/function/internal_message.html?_=1677718501550&CODE_STATE=getMsg HTTP/1.1" 200 27
116.225.84.253 - - [02/Mar/2023:08:54:29 +0800] "GET /xingrg/kc/buy/cgsh_order_operate.html?command=get_materiel&rest_code=00105&code=00101001049&supplier_code=00100397&order_time=2023-03-02 HTTP/1.1" 200 415
116.230.112.199 - - [02/Mar/2023:08:54:43 +0800] "GET /xingrg/kc/buy/cgsh_order_add.html HTTP/1.1" 200 69961
116.230.112.199 - - [02/Mar/2023:08:54:44 +0800] "POST /xingrg/kc/buy/cgsh_order_operate.html HTTP/1.1" 200 8245
116.230.112.199 - - [02/Mar/2023:08:54:44 +0800] "GET /xingrg/javascript/easyui/themes/default/validatebox.css HTTP/1.1" 404 1104
116.238.139.35 - - [02/Mar/2023:08:54:46 +0800] "GET /xingrg/check_reg.html?_=1677718508224 HTTP/1.1" 200 22
116.224.106.218 - - [02/Mar/2023:08:54:46 +0800] "GET /xingrg/all/function/internal_message.html?_=1677718506353&CODE_STATE=getMsg HTTP/1.1" 200 27
222.70.221.209 - - [02/Mar/2023:08:54:47 +0800] "GET /xingrg/kc/buy/cgsh_order_list.html HTTP/1.1" 200 54185
116.192.124.172 - - [02/Mar/2023:08:54:48 +0800] "GET /xingrg/all/function/internal_message.html?_=1677718508535&CODE_STATE=getMsg HTTP/1.1" 200 27
116.225.84.253 - - [02/Mar/2023:08:54:52 +0800] "POST /xingrg/kc/buy/cgsh_order_operate.html HTTP/1.1" 200 37
116.225.84.253 - - [02/Mar/2023:08:54:53 +0800] "POST /xingrg/kc/buy/cgsh_order_operate.html HTTP/1.1" 200 3257
116.238.139.35 - - [02/Mar/2023:08:54:54 +0800] "GET /xingrg/kc/buy/cgsh_order_operate.html?command=get_materiel&rest_code=00150&code=00101008371&supplier_code=00100008&order_time=2023-03-02 HTTP/1.1" 200 412
116.225.84.253 - - [02/Mar/2023:08:54:54 +0800] "GET /xingrg/kc/print/load_data.html?order_code=212023030200396&kc_code=cgsh&condition= HTTP/1.1" 200 903
116.225.84.253 - - [02/Mar/2023:08:54:55 +0800] "GET /xingrg/all/function/internal_message.html?_=1677718516929&CODE_STATE=getMsg HTTP/1.1" 200 27
222.70.221.209 - - [02/Mar/2023:08:54:57 +0800] "POST /xingrg/kc/buy/cgsh_list_operate.html HTTP/1.1" 200 3573
222.70.221.209 - - [02/Mar/2023:08:54:57 +0800] "POST /xingrg/kc/buy/cgsh_list_operate.html HTTP/1.1" 200 3573
116.225.84.253 - - [02/Mar/2023:08:54:57 +0800] "GET /xingrg/kc/buy/cgsh_order_add.html HTTP/1.1" 200 70043
116.225.84.253 - - [02/Mar/2023:08:54:57 +0800] "POST /xingrg/kc/buy/cgsh_order_operate.html HTTP/1.1" 200 8245
116.225.84.253 - - [02/Mar/2023:08:54:58 +0800] "GET /xingrg/javascript/easyui/themes/default/validatebox.css HTTP/1.1" 404 1104
120.253.135.82 - - [02/Mar/2023:08:55:01 +0800] "GET /xingrg/all/function/internal_message.html?_=1677718346161&CODE_STATE=getMsg HTTP/1.1" 200 27
116.224.106.218 - - [02/Mar/2023:08:55:01 +0800] "GET /xingrg/check_reg.html?_=1677718521959 HTTP/1.1" 200 22
116.238.139.35 - - [02/Mar/2023:08:55:04 +0800] "GET /xingrg/all/function/internal_message.html?_=1677718458284&CODE_STATE=getMsg HTTP/1.1" 200 27
222.70.182.154 - - [02/Mar/2023:08:55:05 +0800] "GET /xingrg/all/function/internal_message.html?_=1677718603157&CODE_STATE=getMsg HTTP/1.1" 200 27
222.70.221.209 - - [02/Mar/2023:08:55:06 +0800] "GET /xingrg/all/function/internal_message.html?_=1677718482764&CODE_STATE=getMsg HTTP/1.1" 200 27
116.225.84.253 - - [02/Mar/2023:08:55:06 +0800] "GET /xingrg/all/function/internal_message.html?_=1677718371609&CODE_STATE=getMsg HTTP/1.1" 200 27
116.225.84.253 - - [02/Mar/2023:08:55:06 +0800] "GET /xingrg/check_reg.html?_=1677718371613 HTTP/1.1" 200 22
116.238.139.35 - - [02/Mar/2023:08:55:07 +0800] "GET /xingrg/kc/buy/cgsh_order_operate.html?command=get_materiel&rest_code=00150&code=00101008005&supplier_code=00100008&order_time=2023-03-02 HTTP/1.1" 200 412
116.225.84.253 - - [02/Mar/2023:08:55:13 +0800] "GET /xingrg/kc/buy/cgsh_order_operate.html?command=get_materiel&rest_code=00105&code=00101008275&supplier_code=00100203&order_time=2023-03-02 HTTP/1.1" 200 416
120.253.135.82 - - [02/Mar/2023:08:55:15 +0800] "POST /xingrg/kc/pszx/mdps_list_operate.html HTTP/1.1" 200 4289
116.238.139.35 - - [02/Mar/2023:08:55:16 +0800] "POST /xingrg/kc/buy/cgsh_order_operate.html HTTP/1.1" 200 37
180.157.253.110 - - [02/Mar/2023:08:55:17 +0800] "GET /xingrg/all/function/internal_message.html?_=1677718539523&CODE_STATE=getMsg HTTP/1.1" 200 27
116.238.139.35 - - [02/Mar/2023:08:55:17 +0800] "POST /xingrg/kc/buy/cgsh_order_operate.html HTTP/1.1" 200 13872
120.253.135.82 - - [02/Mar/2023:08:55:17 +0800] "POST /xingrg/kc/pszx/mdps_list_operate.html HTTP/1.1" 200 217
120.253.135.82 - - [02/Mar/2023:08:55:19 +0800] "POST /xingrg/kc/pszx/mdps_list_operate.html HTTP/1.1" 200 311
120.253.135.82 - - [02/Mar/2023:08:55:20 +0800] "POST /xingrg/kc/pszx/mdps_list_operate.html HTTP/1.1" 200 281
120.253.135.82 - - [02/Mar/2023:08:55:22 +0800] "POST /xingrg/kc/pszx/mdps_list_operate.html HTTP/1.1" 200 280
116.230.112.199 - - [02/Mar/2023:08:55:22 +0800] "GET /xingrg/check_reg.html?_=1677718556232 HTTP/1.1" 200 22
120.253.135.82 - - [02/Mar/2023:08:55:24 +0800] "GET /xingrg/kc/pszx/mdps_order_info.html?code=312023030200041 HTTP/1.1" 200 23978
120.253.135.82 - - [02/Mar/2023:08:55:25 +0800] "POST /xingrg/kc/pszx/mdps_order_operate.html HTTP/1.1" 200 2769
120.253.135.82 - - [02/Mar/2023:08:55:25 +0800] "GET /xingrg/javascript/easyui/themes/default/validatebox.css HTTP/1.1" 404 1104
116.225.84.253 - - [02/Mar/2023:08:55:25 +0800] "GET /xingrg/kc/buy/cgsh_order_operate.html?command=get_materiel&rest_code=00105&code=00101008312&supplier_code=00100203&order_time=2023-03-02 HTTP/1.1" 200 412
116.238.139.35 - - [02/Mar/2023:08:55:27 +0800] "GET /xingrg/kc/buy/cgsh_order_operate.html?command=get_materiel&rest_code=00150&code=00101008291&supplier_code=00100008&order_time=2023-03-02 HTTP/1.1" 200 408
116.238.139.35 - - [02/Mar/2023:08:55:27 +0800] "GET /xingrg/all/function/internal_message.html?_=1677718549256&CODE_STATE=getMsg HTTP/1.1" 200 27
116.230.112.199 - - [02/Mar/2023:08:55:28 +0800] "GET /xingrg/all/function/internal_message.html?_=1677718561564&CODE_STATE=getMsg HTTP/1.1" 200 27
120.253.135.82 - - [02/Mar/2023:08:55:34 +0800] "POST /xingrg/kc/pszx/mdps_list_operate.html HTTP/1.1" 200 4289
120.253.135.82 - - [02/Mar/2023:08:55:35 +0800] "POST /xingrg/kc/pszx/mdps_list_operate.html HTTP/1.1" 200 521
120.253.135.82 - - [02/Mar/2023:08:55:37 +0800] "GET /xingrg/kc/pszx/mdps_order_info.html?code=312023030200040 HTTP/1.1" 200 23978
120.253.135.82 - - [02/Mar/2023:08:55:38 +0800] "POST /xingrg/kc/pszx/mdps_order_operate.html HTTP/1.1" 200 4250
120.253.135.82 - - [02/Mar/2023:08:55:38 +0800] "GET /xingrg/javascript/easyui/themes/default/validatebox.css HTTP/1.1" 404 1104
116.238.139.35 - - [02/Mar/2023:08:55:39 +0800] "GET /xingrg/kc/buy/cgsh_order_operate.html?command=get_materiel&rest_code=00150&code=00101008114&supplier_code=00100008&order_time=2023-03-02 HTTP/1.1" 200 413
116.225.84.253 - - [02/Mar/2023:08:55:43 +0800] "GET /xingrg/kc/buy/cgsh_order_operate.html?command=get_materiel&rest_code=00105&code=00101008286&supplier_code=00100203&order_time=2023-03-02 HTTP/1.1" 200 408
120.253.135.82 - - [02/Mar/2023:08:55:46 +0800] "POST /xingrg/kc/pszx/mdps_list_operate.html HTTP/1.1" 200 4289
116.224.106.218 - - [02/Mar/2023:08:55:46 +0800] "GET /xingrg/all/function/internal_message.html?_=1677718566328&CODE_STATE=getMsg HTTP/1.1" 200 27
120.253.135.82 - - [02/Mar/2023:08:55:47 +0800] "POST /xingrg/kc/pszx/mdps_list_operate.html HTTP/1.1" 200 280
116.192.124.172 - - [02/Mar/2023:08:55:48 +0800] "GET /xingrg/all/function/internal_message.html?_=1677718568535&CODE_STATE=getMsg HTTP/1.1" 200 27
116.225.84.253 - - [02/Mar/2023:08:55:50 +0800] "GET /xingrg/kc/buy/cgsh_order_operate.html?command=get_materiel&rest_code=00105&code=00101008230&supplier_code=00100203&order_time=2023-03-02 HTTP/1.1" 200 408
116.238.139.35 - - [02/Mar/2023:08:55:51 +0800] "GET /xingrg/kc/buy/cgsh_order_operate.html?command=get_materiel&rest_code=00150&code=00101008032&supplier_code=00100008&order_time=2023-03-02 HTTP/1.1" 200 409
116.225.84.253 - - [02/Mar/2023:08:55:55 +0800] "GET /xingrg/all/function/internal_message.html?_=1677718576914&CODE_STATE=getMsg HTTP/1.1" 200 27
116.238.139.35 - - [02/Mar/2023:08:56:00 +0800] "GET /xingrg/kc/buy/cgsh_order_operate.html?command=get_materiel&rest_code=00150&code=00101008658&supplier_code=00100008&order_time=2023-03-02 HTTP/1.1" 200 408
120.253.135.82 - - [02/Mar/2023:08:56:01 +0800] "GET /xingrg/all/function/internal_message.html?_=1677718406215&CODE_STATE=getMsg HTTP/1.1" 200 27
116.238.139.35 - - [02/Mar/2023:08:56:05 +0800] "GET /xingrg/all/function/internal_message.html?_=1677718518379&CODE_STATE=getMsg HTTP/1.1" 200 27
116.225.84.253 - - [02/Mar/2023:08:56:05 +0800] "GET /xingrg/kc/buy/cgsh_order_operate.html?command=get_materiel&rest_code=00105&code=00101008353&supplier_code=00100203&order_time=2023-03-02 HTTP/1.1" 200 408
222.70.182.154 - - [02/Mar/2023:08:56:05 +0800] "GET /xingrg/all/function/internal_message.html?_=1677718663153&CODE_STATE=getMsg HTTP/1.1" 200 27
222.70.221.209 - - [02/Mar/2023:08:56:06 +0800] "GET /xingrg/all/function/internal_message.html?_=1677718542760&CODE_STATE=getMsg HTTP/1.1" 200 27
116.225.84.253 - - [02/Mar/2023:08:56:06 +0800] "GET /xingrg/all/function/internal_message.html?_=1677718431600&CODE_STATE=getMsg HTTP/1.1" 200 27
116.238.139.35 - - [02/Mar/2023:08:56:08 +0800] "GET /xingrg/kc/buy/cgsh_order_operate.html?command=get_materiel&rest_code=00150&code=00101008558&supplier_code=00100008&order_time=2023-03-02 HTTP/1.1" 200 409
120.253.135.82 - - [02/Mar/2023:08:56:12 +0800] "POST /xingrg/kc/pszx/mdps_list_operate.html HTTP/1.1" 200 3132
120.253.135.82 - - [02/Mar/2023:08:56:14 +0800] "POST /xingrg/kc/pszx/mdps_list_operate.html HTTP/1.1" 200 596
120.253.135.82 - - [02/Mar/2023:08:56:14 +0800] "GET /xingrg/kc/pszx/mdps_order_info.html?code=312023030100008 HTTP/1.1" 200 23972
120.253.135.82 - - [02/Mar/2023:08:56:15 +0800] "GET /xingrg/javascript/easyui/themes/default/validatebox.css HTTP/1.1" 404 1104
120.253.135.82 - - [02/Mar/2023:08:56:15 +0800] "POST /xingrg/kc/pszx/mdps_order_operate.html HTTP/1.1" 200 6756
116.238.139.35 - - [02/Mar/2023:08:56:15 +0800] "POST /xingrg/kc/buy/cgsh_order_operate.html HTTP/1.1" 200 37
180.157.253.110 - - [02/Mar/2023:08:56:17 +0800] "GET /xingrg/all/function/internal_message.html?_=1677718599507&CODE_STATE=getMsg HTTP/1.1" 200 27
116.238.139.35 - - [02/Mar/2023:08:56:17 +0800] "POST /xingrg/kc/buy/cgsh_order_operate.html HTTP/1.1" 200 16826
116.225.84.253 - - [02/Mar/2023:08:56:23 +0800] "GET /xingrg/kc/buy/cgsh_order_operate.html?command=get_materiel&rest_code=00105&code=00101008026&supplier_code=00100203&order_time=2023-03-02 HTTP/1.1" 200 409
116.238.139.35 - - [02/Mar/2023:08:56:24 +0800] "GET /xingrg/kc/buy/cgsh_order_operate.html?command=get_materiel&rest_code=00150&code=00101008165&supplier_code=00100008&order_time=2023-03-02 HTTP/1.1" 200 417
116.238.139.35 - - [02/Mar/2023:08:56:27 +0800] "GET /xingrg/all/function/internal_message.html?_=1677718609241&CODE_STATE=getMsg HTTP/1.1" 200 27
116.230.112.199 - - [02/Mar/2023:08:56:28 +0800] "GET /xingrg/all/function/internal_message.html?_=1677718621578&CODE_STATE=getMsg HTTP/1.1" 200 27
120.253.135.82 - - [02/Mar/2023:08:56:32 +0800] "POST /xingrg/kc/pszx/mdps_list_operate.html HTTP/1.1" 200 3132
116.238.139.35 - - [02/Mar/2023:08:56:32 +0800] "GET /xingrg/kc/buy/cgsh_order_operate.html?command=get_materiel&rest_code=00150&code=00101008298&supplier_code=00100008&order_time=2023-03-02 HTTP/1.1" 200 412
120.253.135.82 - - [02/Mar/2023:08:56:33 +0800] "POST /xingrg/kc/pszx/mdps_list_operate.html HTTP/1.1" 200 618
180.157.253.110 - - [02/Mar/2023:08:56:34 +0800] "GET /xingrg/check_reg.html?_=1677718615993 HTTP/1.1" 200 22
116.225.84.253 - - [02/Mar/2023:08:56:36 +0800] "GET /xingrg/kc/buy/cgsh_order_operate.html?command=get_materiel&rest_code=00105&code=00101008148&supplier_code=00100203&order_time=2023-03-02 HTTP/1.1" 200 416
116.238.139.35 - - [02/Mar/2023:08:56:39 +0800] "POST /xingrg/kc/buy/cgsh_order_operate.html HTTP/1.1" 200 37
116.238.139.35 - - [02/Mar/2023:08:56:40 +0800] "POST /xingrg/kc/buy/cgsh_order_operate.html HTTP/1.1" 200 18013
116.225.84.253 - - [02/Mar/2023:08:56:44 +0800] "GET /xingrg/kc/buy/cgsh_order_operate.html?command=get_materiel&rest_code=00105&code=00101008264&supplier_code=00100203&order_time=2023-03-02 HTTP/1.1" 200 412
116.224.106.218 - - [02/Mar/2023:08:56:46 +0800] "GET /xingrg/all/function/internal_message.html?_=1677718626313&CODE_STATE=getMsg HTTP/1.1" 200 27
116.192.124.172 - - [02/Mar/2023:08:56:48 +0800] "GET /xingrg/all/function/internal_message.html?_=1677718628517&CODE_STATE=getMsg HTTP/1.1" 200 27
116.192.124.172 - - [02/Mar/2023:08:56:48 +0800] "GET /xingrg/check_reg.html?_=1677718628627 HTTP/1.1" 200 22
116.225.84.253 - - [02/Mar/2023:08:56:53 +0800] "GET /xingrg/kc/buy/cgsh_order_operate.html?command=get_materiel&rest_code=00105&code=00101008360&supplier_code=00100203&order_time=2023-03-02 HTTP/1.1" 200 413
116.225.84.253 - - [02/Mar/2023:08:56:55 +0800] "GET /xingrg/check_reg.html?_=1677718636950 HTTP/1.1" 200 22
116.225.84.253 - - [02/Mar/2023:08:56:55 +0800] "GET /xingrg/all/function/internal_message.html?_=1677718636951&CODE_STATE=getMsg HTTP/1.1" 200 27
116.225.84.253 - - [02/Mar/2023:08:57:01 +0800] "GET /xingrg/kc/buy/cgsh_order_operate.html?command=get_materiel&rest_code=00105&code=00101008196&supplier_code=00100203&order_time=2023-03-02 HTTP/1.1" 200 416
120.253.135.82 - - [02/Mar/2023:08:57:01 +0800] "GET /xingrg/all/function/internal_message.html?_=1677718466221&CODE_STATE=getMsg HTTP/1.1" 200 27
120.253.135.82 - - [02/Mar/2023:08:57:03 +0800] "GET /xingrg/kc/pszx/mdqp_order_list.html?state=10 HTTP/1.1" 200 10275
120.253.135.82 - - [02/Mar/2023:08:57:03 +0800] "POST /xingrg/kc/pszx/mdps_list_operate.html HTTP/1.1" 200 3132
120.253.135.82 - - [02/Mar/2023:08:57:03 +0800] "GET /xingrg/dwr/interface/AjaxQqpsService.js HTTP/1.1" 200 16326
120.253.135.82 - - [02/Mar/2023:08:57:03 +0800] "GET /xingrg/dwr/interface/AjaxReportQueryService.js HTTP/1.1" 200 13203
120.253.135.82 - - [02/Mar/2023:08:57:03 +0800] "GET /xingrg/dwr/engine.js HTTP/1.1" 200 43631
114.83.219.234 - - [02/Mar/2023:08:57:03 +0800] "GET /xingrg/login.html HTTP/1.1" 200 7641
114.83.219.234 - - [02/Mar/2023:08:57:04 +0800] "GET /favicon.ico HTTP/1.1" 404 -
116.238.139.35 - - [02/Mar/2023:08:57:05 +0800] "GET /xingrg/all/function/internal_message.html?_=1677718578387&CODE_STATE=getMsg HTTP/1.1" 200 27
222.70.182.154 - - [02/Mar/2023:08:57:05 +0800] "GET /xingrg/all/function/internal_message.html?_=1677718723151&CODE_STATE=getMsg HTTP/1.1" 200 27
222.70.221.209 - - [02/Mar/2023:08:57:06 +0800] "GET /xingrg/all/function/internal_message.html?_=1677718602749&CODE_STATE=getMsg HTTP/1.1" 200 27
116.225.84.253 - - [02/Mar/2023:08:57:06 +0800] "GET /xingrg/all/function/internal_message.html?_=1677718491599&CODE_STATE=getMsg HTTP/1.1" 200 27
116.225.84.253 - - [02/Mar/2023:08:57:08 +0800] "GET /xingrg/kc/buy/cgsh_order_operate.html?command=get_materiel&rest_code=00105&code=00101008036&supplier_code=00100203&order_time=2023-03-02 HTTP/1.1" 200 428
114.83.219.234 - - [02/Mar/2023:08:57:09 +0800] "POST /xingrg/login.do HTTP/1.1" 302 -
114.83.219.234 - - [02/Mar/2023:08:57:10 +0800] "GET /xingrg/index.html?sysBaseUrl=http%3A%2F%2F180.169.147.146%3A18081%2Fxingrg%2F&costTime=53×tamp=1677718629966 HTTP/1.1" 200 17179
114.83.219.234 - - [02/Mar/2023:08:57:10 +0800] "GET /favicon.ico HTTP/1.1" 404 -
114.83.219.234 - - [02/Mar/2023:08:57:10 +0800] "POST /xingrg/all/common/load_tree.html?tree=area_rest_tree_json&manage=1 HTTP/1.1" 200 351
114.83.219.234 - - [02/Mar/2023:08:57:10 +0800] "GET /xingrg/all/function/internal_message.html?_=1677718648442&CODE_STATE=count HTTP/1.1" 200 11
114.83.219.234 - - [02/Mar/2023:08:57:10 +0800] "POST /xingrg/load_menu.html HTTP/1.1" 200 5138
114.83.219.234 - - [02/Mar/2023:08:57:10 +0800] "GET /xingrg/check_reg.html?_=1677718648444 HTTP/1.1" 200 22
120.253.135.82 - - [02/Mar/2023:08:57:11 +0800] "GET /xingrg/kc/pszx/mdqp_order_list.html?state=10 HTTP/1.1" 200 10275
120.253.135.82 - - [02/Mar/2023:08:57:11 +0800] "GET /xingrg/dwr/interface/AjaxReportQueryService.js HTTP/1.1" 200 13203
120.253.135.82 - - [02/Mar/2023:08:57:11 +0800] "GET /xingrg/dwr/interface/AjaxQqpsService.js HTTP/1.1" 200 16326
120.253.135.82 - - [02/Mar/2023:08:57:11 +0800] "GET /xingrg/dwr/engine.js HTTP/1.1" 200 43631
116.225.84.253 - - [02/Mar/2023:08:57:16 +0800] "GET /xingrg/kc/buy/cgsh_order_operate.html?command=get_materiel&rest_code=00105&code=00101008318&supplier_code=00100203&order_time=2023-03-02 HTTP/1.1" 200 408
180.157.253.110 - - [02/Mar/2023:08:57:17 +0800] "GET /xingrg/all/function/internal_message.html?_=1677718659488&CODE_STATE=getMsg HTTP/1.1" 200 27
114.83.219.234 - - [02/Mar/2023:08:57:19 +0800] "GET /xingrg/kc/buy/cgsh_order_list.html HTTP/1.1" 200 54185
114.83.219.234 - - [02/Mar/2023:08:57:20 +0800] "POST /xingrg/kc/buy/cgsh_list_operate.html HTTP/1.1" 200 986
120.253.135.82 - - [02/Mar/2023:08:57:22 +0800] "GET /xingrg/login.html HTTP/1.1" 200 7641
120.253.135.82 - - [02/Mar/2023:08:57:22 +0800] "GET /xingrg/images/blue/jxLogo.png HTTP/1.1" 304 -
120.253.135.82 - - [02/Mar/2023:08:57:22 +0800] "GET /xingrg/images/blue/login_bg.png HTTP/1.1" 304 -
120.253.135.82 - - [02/Mar/2023:08:57:22 +0800] "GET /xingrg/images/blue/hj.png HTTP/1.1" 304 -
120.253.135.82 - - [02/Mar/2023:08:57:22 +0800] "GET /favicon.ico HTTP/1.1" 404 -
120.253.135.82 - - [02/Mar/2023:08:57:22 +0800] "GET /xingrg/images/blue/srbg.png HTTP/1.1" 304 -
116.225.84.253 - - [02/Mar/2023:08:57:23 +0800] "GET /xingrg/kc/buy/cgsh_order_operate.html?command=get_materiel&rest_code=00105&code=00101008352&supplier_code=00100203&order_time=2023-03-02 HTTP/1.1" 200 412
120.253.135.82 - - [02/Mar/2023:08:57:25 +0800] "POST /xingrg/login.do HTTP/1.1" 302 -
120.253.135.82 - - [02/Mar/2023:08:57:25 +0800] "GET /xingrg/index.html?sysBaseUrl=http%3A%2F%2F180.169.147.146%3A18081%2Fxingrg%2F&costTime=39×tamp=1677718645855 HTTP/1.1" 200 17173
120.253.135.82 - - [02/Mar/2023:08:57:25 +0800] "GET /xingrg/javascript/jquery_easy_ui/themes/default/easyui.css HTTP/1.1" 304 -
120.253.135.82 - - [02/Mar/2023:08:57:25 +0800] "GET /xingrg/javascript/jquery_easy_ui/themes/icon.css HTTP/1.1" 304 -
120.253.135.82 - - [02/Mar/2023:08:57:25 +0800] "GET /xingrg/javascript/jquery.timers.js HTTP/1.1" 304 -
120.253.135.82 - - [02/Mar/2023:08:57:25 +0800] "GET /xingrg/javascript/jquery.form.js HTTP/1.1" 304 -
120.253.135.82 - - [02/Mar/2023:08:57:25 +0800] "GET /xingrg/javascript/jquery.utils.js HTTP/1.1" 304 -
120.253.135.82 - - [02/Mar/2023:08:57:25 +0800] "GET /xingrg/css/form.css HTTP/1.1" 304 -
120.253.135.82 - - [02/Mar/2023:08:57:25 +0800] "GET /xingrg/javascript/jquery-1.4.2.min.js HTTP/1.1" 304 -
120.253.135.82 - - [02/Mar/2023:08:57:26 +0800] "GET /xingrg/javascript/jquery_easy_ui/easyui-lang-zh_CN.js HTTP/1.1" 304 -
120.253.135.82 - - [02/Mar/2023:08:57:26 +0800] "GET /favicon.ico HTTP/1.1" 404 -
120.253.135.82 - - [02/Mar/2023:08:57:26 +0800] "GET /xingrg/javascript/jquery_easy_ui/jquery.easyui.min.js HTTP/1.1" 304 -
120.253.135.82 - - [02/Mar/2023:08:57:26 +0800] "GET /xingrg/images/blue/navBackgound.jpg HTTP/1.1" 304 -
120.253.135.82 - - [02/Mar/2023:08:57:26 +0800] "GET /xingrg/javascript/jquery_easy_ui/themes/icons/settle_new.png HTTP/1.1" 304 -
120.253.135.82 - - [02/Mar/2023:08:57:26 +0800] "POST /xingrg/all/common/load_tree.html?tree=area_rest_tree_json&manage=1 HTTP/1.1" 200 344
120.253.135.82 - - [02/Mar/2023:08:57:26 +0800] "GET /xingrg/images/blue/pingpu.png HTTP/1.1" 304 -
120.253.135.82 - - [02/Mar/2023:08:57:26 +0800] "GET /xingrg/javascript/jquery_easy_ui/themes/default/images/tabs_rightarrow.png HTTP/1.1" 304 -
120.253.135.82 - - [02/Mar/2023:08:57:26 +0800] "GET /xingrg/javascript/jquery_easy_ui/themes/default/images/tabs_leftarrow.png HTTP/1.1" 304 -
120.253.135.82 - - [02/Mar/2023:08:57:26 +0800] "GET /xingrg/javascript/jquery_easy_ui/themes/default/images/panel_tool_collapse.gif HTTP/1.1" 304 -
120.253.135.82 - - [02/Mar/2023:08:57:26 +0800] "GET /xingrg/check_reg.html?_=1677718490885 HTTP/1.1" 200 22
120.253.135.82 - - [02/Mar/2023:08:57:26 +0800] "GET /xingrg/all/function/internal_message.html?_=1677718490884&CODE_STATE=count HTTP/1.1" 200 11
120.253.135.82 - - [02/Mar/2023:08:57:26 +0800] "GET /xingrg/javascript/jquery_easy_ui/themes/default/images/tree_arrows.gif HTTP/1.1" 304 -
120.253.135.82 - - [02/Mar/2023:08:57:26 +0800] "POST /xingrg/load_menu.html HTTP/1.1" 200 6743
120.253.135.82 - - [02/Mar/2023:08:57:26 +0800] "GET /xingrg/javascript/jquery_easy_ui/themes/default/images/tree_folder_open.gif HTTP/1.1" 304 -
120.253.135.82 - - [02/Mar/2023:08:57:26 +0800] "GET /xingrg/javascript/jquery_easy_ui/themes/icons/search_new.png HTTP/1.1" 304 -
120.253.135.82 - - [02/Mar/2023:08:57:26 +0800] "GET /xingrg/javascript/jquery_easy_ui/themes/icons/storage_new.png HTTP/1.1" 304 -
120.253.135.82 - - [02/Mar/2023:08:57:26 +0800] "GET /xingrg/javascript/jquery_easy_ui/themes/icons/delivery_new.png HTTP/1.1" 304 -
120.253.135.82 - - [02/Mar/2023:08:57:26 +0800] "GET /xingrg/javascript/jquery_easy_ui/themes/default/images/tree_file.gif HTTP/1.1" 304 -
120.253.135.82 - - [02/Mar/2023:08:57:26 +0800] "GET /xingrg/javascript/jquery_easy_ui/themes/icons/forms_new.png HTTP/1.1" 304 -
120.253.135.82 - - [02/Mar/2023:08:57:26 +0800] "GET /xingrg/javascript/jquery_easy_ui/themes/default/images/tree_folder.gif HTTP/1.1" 304 -
116.238.139.35 - - [02/Mar/2023:08:57:27 +0800] "GET /xingrg/all/function/internal_message.html?_=1677718669211&CODE_STATE=getMsg HTTP/1.1" 200 27
116.230.112.199 - - [02/Mar/2023:08:57:28 +0800] "GET /xingrg/all/function/internal_message.html?_=1677718681810&CODE_STATE=getMsg HTTP/1.1" 200 27
120.253.135.82 - - [02/Mar/2023:08:57:29 +0800] "GET /xingrg/javascript/jquery_easy_ui/themes/default/images/tabs_close.gif HTTP/1.1" 304 -
120.253.135.82 - - [02/Mar/2023:08:57:29 +0800] "GET /xingrg/kc/pszx/mdqp_order_list.html?state=10 HTTP/1.1" 200 10275
120.253.135.82 - - [02/Mar/2023:08:57:29 +0800] "GET /xingrg/dwr/util.js HTTP/1.1" 304 -
120.253.135.82 - - [02/Mar/2023:08:57:29 +0800] "GET /xingrg/css/blue.css HTTP/1.1" 304 -
120.253.135.82 - - [02/Mar/2023:08:57:29 +0800] "GET /xingrg/javascript/pic_change.js HTTP/1.1" 304 -
120.253.135.82 - - [02/Mar/2023:08:57:29 +0800] "GET /xingrg/dwr/interface/AjaxReportQueryService.js HTTP/1.1" 200 13203
120.253.135.82 - - [02/Mar/2023:08:57:29 +0800] "GET /xingrg/javascript/Calendar.js HTTP/1.1" 304 -
120.253.135.82 - - [02/Mar/2023:08:57:29 +0800] "GET /xingrg/dwr/interface/AjaxQqpsService.js HTTP/1.1" 200 16326
120.253.135.82 - - [02/Mar/2023:08:57:29 +0800] "GET /xingrg/dwr/engine.js HTTP/1.1" 200 43631
120.253.135.82 - - [02/Mar/2023:08:57:29 +0800] "GET /xingrg/javascript/myfunction.js HTTP/1.1" 304 -
120.253.135.82 - - [02/Mar/2023:08:57:29 +0800] "GET /xingrg/javascript/jquery_easy_ui/themes/icons/check_new.png HTTP/1.1" 304 -
120.253.135.82 - - [02/Mar/2023:08:57:29 +0800] "GET /xingrg/javascript/jquery_easy_ui/themes/icons/back_new.png HTTP/1.1" 304 -
120.253.135.82 - - [02/Mar/2023:08:57:29 +0800] "GET /xingrg/javascript/jquery_easy_ui/themes/icons/uncheck_new.png HTTP/1.1" 304 -
116.225.84.253 - - [02/Mar/2023:08:57:29 +0800] "POST /xingrg/kc/buy/cgsh_order_operate.html HTTP/1.1" 200 2065
116.225.84.253 - - [02/Mar/2023:08:57:30 +0800] "POST /xingrg/kc/buy/cgsh_order_operate.html HTTP/1.1" 200 2065
114.83.219.234 - - [02/Mar/2023:08:57:31 +0800] "GET /xingrg/kc/buy/cgsh_order_add.html HTTP/1.1" 200 70049
114.83.219.234 - - [02/Mar/2023:08:57:31 +0800] "GET /xingrg/words/20230301185654_words.js HTTP/1.1" 304 -
114.83.219.234 - - [02/Mar/2023:08:57:31 +0800] "POST /xingrg/kc/buy/cgsh_order_operate.html HTTP/1.1" 200 8245
114.83.219.234 - - [02/Mar/2023:08:57:31 +0800] "GET /xingrg/all/common/auto_word.html?type=employee&rest_code=00149 HTTP/1.1" 200 197
114.83.219.234 - - [02/Mar/2023:08:57:31 +0800] "GET /xingrg/all/common/auto_word.html?type=employee&rest_code=00149 HTTP/1.1" 200 197
114.83.219.234 - - [02/Mar/2023:08:57:31 +0800] "GET /xingrg/javascript/easyui/themes/default/validatebox.css HTTP/1.1" 404 1104
114.83.219.234 - - [02/Mar/2023:08:57:34 +0800] "GET /xingrg/javascript/auto/indicator.gif HTTP/1.1" 404 1066
114.83.219.234 - - [02/Mar/2023:08:57:35 +0800] "GET /xingrg/javascript/jquery_tools/images/prev.gif HTTP/1.1" 404 1086
114.83.219.234 - - [02/Mar/2023:08:57:35 +0800] "GET /xingrg/javascript/jquery_tools/images/next.gif HTTP/1.1" 404 1086
116.225.84.253 - - [02/Mar/2023:08:57:37 +0800] "GET /xingrg/kc/buy/cgsh_order_operate.html?command=get_materiel&rest_code=00105&code=00101008005&supplier_code=00100203&order_time=2023-03-02 HTTP/1.1" 200 412
114.83.219.234 - - [02/Mar/2023:08:57:42 +0800] "GET /xingrg/kc/buy/cgsh_order_operate.html?command=get_materiel&rest_code=00149&code=00101008248&supplier_code=00100008&order_time=2023-03-02 HTTP/1.1" 200 412
116.224.106.218 - - [02/Mar/2023:08:57:46 +0800] "GET /xingrg/all/function/internal_message.html?_=1677718686296&CODE_STATE=getMsg HTTP/1.1" 200 27
120.253.135.82 - - [02/Mar/2023:08:57:46 +0800] "GET /xingrg/kc/pszx/mdqp_order_list.html?state=10 HTTP/1.1" 200 10275
120.253.135.82 - - [02/Mar/2023:08:57:46 +0800] "GET /xingrg/dwr/interface/AjaxQqpsService.js HTTP/1.1" 200 16326
120.253.135.82 - - [02/Mar/2023:08:57:46 +0800] "GET /xingrg/dwr/interface/AjaxReportQueryService.js HTTP/1.1" 200 13203
120.253.135.82 - - [02/Mar/2023:08:57:46 +0800] "GET /xingrg/dwr/engine.js HTTP/1.1" 200 43631
116.192.124.172 - - [02/Mar/2023:08:57:48 +0800] "GET /xingrg/all/function/internal_message.html?_=1677718688500&CODE_STATE=getMsg HTTP/1.1" 200 27
116.225.84.253 - - [02/Mar/2023:08:57:48 +0800] "GET /xingrg/kc/buy/cgsh_order_operate.html?command=get_materiel&rest_code=00105&code=00101009056&supplier_code=00100203&order_time=2023-03-02 HTTP/1.1" 200 413
114.83.219.234 - - [02/Mar/2023:08:57:51 +0800] "GET /xingrg/kc/buy/cgsh_order_operate.html?command=get_materiel&rest_code=00149&code=00101008027&supplier_code=00100008&order_time=2023-03-02 HTTP/1.1" 200 409
116.225.84.253 - - [02/Mar/2023:08:57:55 +0800] "GET /xingrg/all/function/internal_message.html?_=1677718696927&CODE_STATE=getMsg HTTP/1.1" 200 27
116.225.84.253 - - [02/Mar/2023:08:57:57 +0800] "GET /xingrg/kc/buy/cgsh_order_operate.html?command=get_materiel&rest_code=00105&code=00101015136&supplier_code=00100203&order_time=2023-03-02 HTTP/1.1" 200 414
114.83.219.234 - - [02/Mar/2023:08:57:59 +0800] "GET /xingrg/kc/buy/cgsh_order_operate.html?command=get_materiel&rest_code=00149&code=00101008257&supplier_code=00100008&order_time=2023-03-02 HTTP/1.1" 200 416
116.238.139.35 - - [02/Mar/2023:08:58:05 +0800] "GET /xingrg/all/function/internal_message.html?_=1677718638401&CODE_STATE=getMsg HTTP/1.1" 200 27
222.70.182.154 - - [02/Mar/2023:08:58:05 +0800] "GET /xingrg/all/function/internal_message.html?_=1677718783138&CODE_STATE=getMsg HTTP/1.1" 200 27
116.225.84.253 - - [02/Mar/2023:08:58:05 +0800] "GET /xingrg/kc/buy/cgsh_order_operate.html?command=get_materiel&rest_code=00105&code=00101015038&supplier_code=00100203&order_time=2023-03-02 HTTP/1.1" 200 418
222.70.221.209 - - [02/Mar/2023:08:58:06 +0800] "GET /xingrg/all/function/internal_message.html?_=1677718662743&CODE_STATE=getMsg HTTP/1.1" 200 27
116.225.84.253 - - [02/Mar/2023:08:58:06 +0800] "GET /xingrg/all/function/internal_message.html?_=1677718551600&CODE_STATE=getMsg HTTP/1.1" 200 27
114.83.219.234 - - [02/Mar/2023:08:58:10 +0800] "GET /xingrg/kc/buy/cgsh_order_operate.html?command=get_materiel&rest_code=00149&code=00101008350&supplier_code=00100008&order_time=2023-03-02 HTTP/1.1" 200 408
114.83.219.234 - - [02/Mar/2023:08:58:10 +0800] "GET /xingrg/all/function/internal_message.html?_=1677718708464&CODE_STATE=getMsg HTTP/1.1" 200 27
120.253.135.82 - - [02/Mar/2023:08:58:14 +0800] "GET /xingrg/kc/pszx/mdps_order_list.html?orderType=0 HTTP/1.1" 200 21032
120.253.135.82 - - [02/Mar/2023:08:58:14 +0800] "GET /xingrg/css/base.css HTTP/1.1" 304 -
120.253.135.82 - - [02/Mar/2023:08:58:14 +0800] "GET /xingrg/css/site.css HTTP/1.1" 304 -
120.253.135.82 - - [02/Mar/2023:08:58:14 +0800] "GET /xingrg/javascript/easyui/themes/default/easyui.css HTTP/1.1" 304 -
120.253.135.82 - - [02/Mar/2023:08:58:14 +0800] "GET /xingrg/javascript/jquery_tools/datebox.css HTTP/1.1" 304 -
120.253.135.82 - - [02/Mar/2023:08:58:14 +0800] "GET /xingrg/javascript/easyui/themes/icon.css HTTP/1.1" 304 -
120.253.135.82 - - [02/Mar/2023:08:58:14 +0800] "GET /xingrg/javascript/jquery_tools/fix.css HTTP/1.1" 304 -
120.253.135.82 - - [02/Mar/2023:08:58:14 +0800] "GET /xingrg/javascript/jquery_tools/table.css HTTP/1.1" 304 -
120.253.135.82 - - [02/Mar/2023:08:58:14 +0800] "GET /xingrg/javascript/auto/jquery.autocomplete.css HTTP/1.1" 304 -
120.253.135.82 - - [02/Mar/2023:08:58:14 +0800] "GET /xingrg/javascript/jquery_tools/jquery.tools.extend.js HTTP/1.1" 304 -
120.253.135.82 - - [02/Mar/2023:08:58:14 +0800] "GET /xingrg/javascript/jquery_tools/jquery.tools.hotkey.js HTTP/1.1" 304 -
120.253.135.82 - - [02/Mar/2023:08:58:14 +0800] "GET /xingrg/javascript/jquery_tools/list_manager.js HTTP/1.1" 304 -
120.253.135.82 - - [02/Mar/2023:08:58:14 +0800] "GET /xingrg/javascript/easyui/easyloader.js HTTP/1.1" 304 -
120.253.135.82 - - [02/Mar/2023:08:58:14 +0800] "GET /xingrg/javascript/jquery_tools/jquery.tools.table.js HTTP/1.1" 304 -
120.253.135.82 - - [02/Mar/2023:08:58:14 +0800] "GET /xingrg/javascript/auto/jquery.autocomplete.js HTTP/1.1" 304 -
120.253.135.82 - - [02/Mar/2023:08:58:14 +0800] "GET /xingrg/javascript/jquery.cookie.js HTTP/1.1" 304 -
120.253.135.82 - - [02/Mar/2023:08:58:14 +0800] "GET /xingrg/javascript/print/LodopFuncs.js HTTP/1.1" 304 -
120.253.135.82 - - [02/Mar/2023:08:58:14 +0800] "GET /xingrg/javascript/jquery_tools/jquery.tools.min.js HTTP/1.1" 304 -
120.253.135.82 - - [02/Mar/2023:08:58:15 +0800] "GET /xingrg/javascript/easyui/themes/icons/edit_add_new.png HTTP/1.1" 304 -
120.253.135.82 - - [02/Mar/2023:08:58:15 +0800] "GET /xingrg/javascript/easyui/themes/icons/uncheck_new.png HTTP/1.1" 304 -
120.253.135.82 - - [02/Mar/2023:08:58:15 +0800] "GET /xingrg/javascript/easyui/themes/icons/field_new.png HTTP/1.1" 304 -
120.253.135.82 - - [02/Mar/2023:08:58:15 +0800] "GET /xingrg/javascript/easyui/themes/icons/check_new.png HTTP/1.1" 304 -
120.253.135.82 - - [02/Mar/2023:08:58:15 +0800] "GET /xingrg/javascript/easyui/themes/icons/cance_new.png HTTP/1.1" 304 -
120.253.135.82 - - [02/Mar/2023:08:58:15 +0800] "GET /xingrg/javascript/easyui/themes/icons/import_new.png HTTP/1.1" 304 -
120.253.135.82 - - [02/Mar/2023:08:58:15 +0800] "GET /xingrg/javascript/easyui/plugins/jquery.parser.js HTTP/1.1" 304 -
120.253.135.82 - - [02/Mar/2023:08:58:15 +0800] "GET /xingrg/images/control/ajaxLoader.gif HTTP/1.1" 304 -
120.253.135.82 - - [02/Mar/2023:08:58:15 +0800] "POST /xingrg/kc/pszx/mdps_list_operate.html HTTP/1.1" 200 5459
116.225.84.253 - - [02/Mar/2023:08:58:15 +0800] "GET /xingrg/kc/buy/cgsh_order_operate.html?command=get_materiel&rest_code=00105&code=00101008027&supplier_code=00100203&order_time=2023-03-02 HTTP/1.1" 200 409
180.157.253.110 - - [02/Mar/2023:08:58:17 +0800] "GET /xingrg/all/function/internal_message.html?_=1677718719473&CODE_STATE=getMsg HTTP/1.1" 200 27
120.253.135.82 - - [02/Mar/2023:08:58:22 +0800] "GET /xingrg/javascript/auto/indicator.gif HTTP/1.1" 404 1066
114.83.219.234 - - [02/Mar/2023:08:58:22 +0800] "GET /xingrg/kc/buy/cgsh_order_operate.html?command=get_materiel&rest_code=00149&code=00101008244&supplier_code=00100008&order_time=2023-03-02 HTTP/1.1" 200 408
