116.224.106.218 - - [02/Mar/2023:08:17:46 +0800] "GET /xingrg/all/function/internal_message.html?_=1677716286989&CODE_STATE=getMsg HTTP/1.1" 200 27
116.228.172.94 - - [02/Mar/2023:08:17:48 +0800] "GET /xingrg/kc/print/load_config.html?kc_code=cgsh HTTP/1.1" 200 1925
116.228.172.94 - - [02/Mar/2023:08:17:48 +0800] "GET /xingrg/kc/print/load_data.html?order_code=212023030200382&kc_code=cgsh&condition= HTTP/1.1" 200 3160
116.228.172.94 - - [02/Mar/2023:08:17:56 +0800] "GET /xingrg/kc/buy/cgsh_order_add.html HTTP/1.1" 200 69007
116.228.172.94 - - [02/Mar/2023:08:17:56 +0800] "POST /xingrg/kc/buy/cgsh_order_operate.html HTTP/1.1" 200 8245
116.228.172.94 - - [02/Mar/2023:08:17:56 +0800] "GET /xingrg/javascript/easyui/themes/default/validatebox.css HTTP/1.1" 404 1104
120.253.135.82 - - [02/Mar/2023:08:17:59 +0800] "GET /xingrg/check_reg.html?_=1677716124232 HTTP/1.1" 200 22
120.253.135.82 - - [02/Mar/2023:08:18:00 +0800] "GET /xingrg/all/function/internal_message.html?_=1677716125314&CODE_STATE=getMsg HTTP/1.1" 200 27
116.238.139.35 - - [02/Mar/2023:08:18:02 +0800] "GET /xingrg/kc/buy/cgsh_order_operate.html?command=get_materiel&rest_code=00150&code=00101006168&supplier_code=00100096&order_time=2023-03-02 HTTP/1.1" 200 422
222.70.182.154 - - [02/Mar/2023:08:18:05 +0800] "GET /xingrg/all/function/internal_message.html?_=1677716383142&CODE_STATE=getMsg HTTP/1.1" 200 27
116.238.139.35 - - [02/Mar/2023:08:18:07 +0800] "GET /xingrg/check_reg.html?_=1677716240400 HTTP/1.1" 200 22
116.238.139.35 - - [02/Mar/2023:08:18:07 +0800] "GET /xingrg/all/function/internal_message.html?_=1677716240463&CODE_STATE=getMsg HTTP/1.1" 200 27
116.228.172.94 - - [02/Mar/2023:08:18:10 +0800] "GET /xingrg/kc/buy/cgsh_order_operate.html?command=get_materiel&rest_code=00153&code=00101019816&supplier_code=00100476&order_time=2023-03-02 HTTP/1.1" 200 445
116.228.172.94 - - [02/Mar/2023:08:18:13 +0800] "GET /xingrg/all/function/internal_message.html?_=1677715939467&CODE_STATE=getMsg HTTP/1.1" 200 27
180.157.253.110 - - [02/Mar/2023:08:18:18 +0800] "GET /xingrg/all/function/internal_message.html?_=1677716320111&CODE_STATE=getMsg HTTP/1.1" 200 27
116.228.172.94 - - [02/Mar/2023:08:18:25 +0800] "POST /xingrg/kc/buy/cgsh_order_operate.html HTTP/1.1" 200 37
116.230.112.199 - - [02/Mar/2023:08:18:27 +0800] "GET /xingrg/all/function/internal_message.html?_=1677716340608&CODE_STATE=getMsg HTTP/1.1" 200 27
116.238.139.35 - - [02/Mar/2023:08:18:27 +0800] "GET /xingrg/kc/buy/cgsh_order_operate.html?command=get_materiel&rest_code=00150&code=00101007134&supplier_code=00100096&order_time=2023-03-02 HTTP/1.1" 200 415
116.238.139.35 - - [02/Mar/2023:08:18:28 +0800] "GET /xingrg/all/function/internal_message.html?_=1677716330077&CODE_STATE=getMsg HTTP/1.1" 200 27
116.228.172.94 - - [02/Mar/2023:08:18:32 +0800] "POST /xingrg/kc/buy/cgsh_order_operate.html HTTP/1.1" 200 12
116.228.172.94 - - [02/Mar/2023:08:18:34 +0800] "GET /xingrg/kc/buy/cgsh_order_info.html?code=212023030200383 HTTP/1.1" 200 63908
116.228.172.94 - - [02/Mar/2023:08:18:35 +0800] "GET /xingrg/javascript/easyui/themes/default/validatebox.css HTTP/1.1" 404 1104
116.228.172.94 - - [02/Mar/2023:08:18:36 +0800] "POST /xingrg/kc/buy/cgsh_order_operate.html HTTP/1.1" 200 618
116.228.172.94 - - [02/Mar/2023:08:18:38 +0800] "GET /xingrg/kc/print/load_data.html?order_code=212023030200383&kc_code=cgsh&condition= HTTP/1.1" 200 694
116.238.139.35 - - [02/Mar/2023:08:18:41 +0800] "GET /xingrg/kc/buy/cgsh_order_operate.html?command=get_materiel&rest_code=00150&code=00101007077&supplier_code=00100096&order_time=2023-03-02 HTTP/1.1" 200 415
116.237.77.128 - - [02/Mar/2023:08:18:45 +0800] "GET /xingrg/all/function/internal_message.html?_=1677716331282&CODE_STATE=getMsg HTTP/1.1" 200 27
116.224.106.218 - - [02/Mar/2023:08:18:46 +0800] "GET /xingrg/all/function/internal_message.html?_=1677716346974&CODE_STATE=getMsg HTTP/1.1" 200 27
116.238.139.35 - - [02/Mar/2023:08:18:51 +0800] "POST /xingrg/kc/buy/cgsh_order_operate.html HTTP/1.1" 200 37
116.238.139.35 - - [02/Mar/2023:08:18:53 +0800] "POST /xingrg/kc/buy/cgsh_order_operate.html HTTP/1.1" 200 10403
116.237.77.128 - - [02/Mar/2023:08:18:56 +0800] "GET /xingrg/check_reg.html?_=1677716354814 HTTP/1.1" 200 22
120.253.135.82 - - [02/Mar/2023:08:19:00 +0800] "GET /xingrg/all/function/internal_message.html?_=1677716185329&CODE_STATE=getMsg HTTP/1.1" 200 27
116.238.139.35 - - [02/Mar/2023:08:19:01 +0800] "GET /xingrg/kc/buy/cgsh_order_operate.html?command=get_materiel&rest_code=00150&code=00101007081&supplier_code=00100096&order_time=2023-03-02 HTTP/1.1" 200 413
222.70.182.154 - - [02/Mar/2023:08:19:05 +0800] "GET /xingrg/all/function/internal_message.html?_=1677716443155&CODE_STATE=getMsg HTTP/1.1" 200 27
222.70.182.154 - - [02/Mar/2023:08:19:05 +0800] "GET /xingrg/check_reg.html?_=1677716443158 HTTP/1.1" 200 22
116.238.139.35 - - [02/Mar/2023:08:19:07 +0800] "GET /xingrg/all/function/internal_message.html?_=1677716300476&CODE_STATE=getMsg HTTP/1.1" 200 27
116.228.172.94 - - [02/Mar/2023:08:19:13 +0800] "GET /xingrg/check_reg.html?_=1677715999467 HTTP/1.1" 200 22
116.228.172.94 - - [02/Mar/2023:08:19:13 +0800] "GET /xingrg/all/function/internal_message.html?_=1677715999471&CODE_STATE=getMsg HTTP/1.1" 200 27
116.238.139.35 - - [02/Mar/2023:08:19:17 +0800] "GET /xingrg/kc/buy/cgsh_order_operate.html?command=get_materiel&rest_code=00150&code=00101007071&supplier_code=00100096&order_time=2023-03-02 HTTP/1.1" 200 417
180.157.253.110 - - [02/Mar/2023:08:19:18 +0800] "GET /xingrg/all/function/internal_message.html?_=1677716380109&CODE_STATE=getMsg HTTP/1.1" 200 27
116.230.112.199 - - [02/Mar/2023:08:19:27 +0800] "GET /xingrg/all/function/internal_message.html?_=1677716400623&CODE_STATE=getMsg HTTP/1.1" 200 27
116.238.139.35 - - [02/Mar/2023:08:19:28 +0800] "GET /xingrg/all/function/internal_message.html?_=1677716390047&CODE_STATE=getMsg HTTP/1.1" 200 27
116.230.112.199 - - [02/Mar/2023:08:19:32 +0800] "GET /xingrg/kc/buy/cgsh_order_list.html HTTP/1.1" 200 54185
116.237.77.128 - - [02/Mar/2023:08:19:32 +0800] "GET /xingrg/all/function/internal_message.html?_=1677716391260&CODE_STATE=getMsg HTTP/1.1" 200 27
116.230.112.199 - - [02/Mar/2023:08:19:33 +0800] "POST /xingrg/kc/buy/cgsh_list_operate.html HTTP/1.1" 200 986
116.230.112.199 - - [02/Mar/2023:08:19:35 +0800] "GET /xingrg/kc/buy/cgsh_order_list.html HTTP/1.1" 200 54185
116.230.112.199 - - [02/Mar/2023:08:19:36 +0800] "POST /xingrg/kc/buy/cgsh_list_operate.html HTTP/1.1" 200 986
116.230.112.199 - - [02/Mar/2023:08:19:38 +0800] "GET /xingrg/kc/buy/cgsh_order_add.html HTTP/1.1" 200 69961
116.230.112.199 - - [02/Mar/2023:08:19:38 +0800] "GET /xingrg/javascript/easyui/themes/icons/copy_new.png HTTP/1.1" 304 -
116.230.112.199 - - [02/Mar/2023:08:19:38 +0800] "POST /xingrg/kc/buy/cgsh_order_operate.html HTTP/1.1" 200 8245
116.230.112.199 - - [02/Mar/2023:08:19:38 +0800] "GET /xingrg/all/common/auto_word.html?type=employee&rest_code=00146 HTTP/1.1" 200 101
116.230.112.199 - - [02/Mar/2023:08:19:38 +0800] "GET /xingrg/all/common/auto_word.html?type=employee&rest_code=00146 HTTP/1.1" 200 101
116.230.112.199 - - [02/Mar/2023:08:19:38 +0800] "GET /xingrg/javascript/easyui/themes/default/validatebox.css HTTP/1.1" 404 1104
116.238.139.35 - - [02/Mar/2023:08:19:42 +0800] "POST /xingrg/kc/buy/cgsh_order_operate.html HTTP/1.1" 200 37
116.238.139.35 - - [02/Mar/2023:08:19:46 +0800] "GET /xingrg/check_reg.html?_=1677716408193 HTTP/1.1" 200 22
116.224.106.218 - - [02/Mar/2023:08:19:46 +0800] "GET /xingrg/all/function/internal_message.html?_=1677716406960&CODE_STATE=getMsg HTTP/1.1" 200 27
116.238.139.35 - - [02/Mar/2023:08:19:48 +0800] "POST /xingrg/kc/buy/cgsh_order_operate.html HTTP/1.1" 200 12
116.238.139.35 - - [02/Mar/2023:08:19:51 +0800] "GET /xingrg/kc/buy/cgsh_order_info.html?code=212023030200384 HTTP/1.1" 200 64913
116.238.139.35 - - [02/Mar/2023:08:19:52 +0800] "GET /xingrg/javascript/easyui/themes/default/validatebox.css HTTP/1.1" 404 1104
116.238.139.35 - - [02/Mar/2023:08:19:53 +0800] "POST /xingrg/kc/buy/cgsh_order_operate.html HTTP/1.1" 200 9539
116.238.139.35 - - [02/Mar/2023:08:19:56 +0800] "GET /xingrg/kc/print/load_config.html?kc_code=cgsh HTTP/1.1" 200 1925
180.163.30.100 - - [02/Mar/2023:08:19:56 +0800] "GET /xingrg/check_reg.html?_=1677716354814 HTTP/1.1" 302 -
180.163.30.100 - - [02/Mar/2023:08:19:56 +0800] "GET /xingrg/login.html HTTP/1.1" 200 7641
116.238.139.35 - - [02/Mar/2023:08:19:56 +0800] "GET /xingrg/kc/print/load_data.html?order_code=212023030200384&kc_code=cgsh&condition= HTTP/1.1" 200 4113
120.253.135.82 - - [02/Mar/2023:08:20:00 +0800] "GET /xingrg/all/function/internal_message.html?_=1677716245342&CODE_STATE=getMsg HTTP/1.1" 200 27
116.224.106.218 - - [02/Mar/2023:08:20:02 +0800] "GET /xingrg/check_reg.html?_=1677716422096 HTTP/1.1" 200 22
222.70.182.154 - - [02/Mar/2023:08:20:05 +0800] "GET /xingrg/all/function/internal_message.html?_=1677716503154&CODE_STATE=getMsg HTTP/1.1" 200 27
116.238.139.35 - - [02/Mar/2023:08:20:07 +0800] "GET /xingrg/all/function/internal_message.html?_=1677716360490&CODE_STATE=getMsg HTTP/1.1" 200 27
116.228.172.94 - - [02/Mar/2023:08:20:13 +0800] "GET /xingrg/all/function/internal_message.html?_=1677716059444&CODE_STATE=getMsg HTTP/1.1" 200 27
180.157.253.110 - - [02/Mar/2023:08:20:18 +0800] "GET /xingrg/all/function/internal_message.html?_=1677716440079&CODE_STATE=getMsg HTTP/1.1" 200 27
116.230.112.199 - - [02/Mar/2023:08:20:22 +0800] "GET /xingrg/check_reg.html?_=1677716455991 HTTP/1.1" 200 22
116.230.112.199 - - [02/Mar/2023:08:20:27 +0800] "GET /xingrg/all/function/internal_message.html?_=1677716460636&CODE_STATE=getMsg HTTP/1.1" 200 27
116.238.139.35 - - [02/Mar/2023:08:20:28 +0800] "GET /xingrg/all/function/internal_message.html?_=1677716450022&CODE_STATE=getMsg HTTP/1.1" 200 27
116.237.77.128 - - [02/Mar/2023:08:20:32 +0800] "GET /xingrg/all/function/internal_message.html?_=1677716451235&CODE_STATE=getMsg HTTP/1.1" 200 27
101.229.22.234 - - [02/Mar/2023:08:20:37 +0800] "GET /favicon.ico HTTP/1.1" 404 -
101.229.22.234 - - [02/Mar/2023:08:20:43 +0800] "GET /xingrg/login.html HTTP/1.1" 200 7641
101.229.22.234 - - [02/Mar/2023:08:20:43 +0800] "GET /xingrg/images/blue/jxLogo.png HTTP/1.1" 304 -
101.229.22.234 - - [02/Mar/2023:08:20:43 +0800] "GET /xingrg/images/blue/login_bg.png HTTP/1.1" 304 -
101.229.22.234 - - [02/Mar/2023:08:20:43 +0800] "GET /favicon.ico HTTP/1.1" 404 -
101.229.22.234 - - [02/Mar/2023:08:20:43 +0800] "GET /xingrg/images/blue/hj.png HTTP/1.1" 304 -
101.229.22.234 - - [02/Mar/2023:08:20:43 +0800] "GET /xingrg/images/blue/srbg.png HTTP/1.1" 304 -
116.238.139.35 - - [02/Mar/2023:08:20:46 +0800] "GET /xingrg/javascript/jquery_easy_ui/themes/default/images/button_a_bg.gif HTTP/1.1" 304 -
116.238.139.35 - - [02/Mar/2023:08:20:46 +0800] "GET /xingrg/javascript/jquery_easy_ui/themes/default/images/button_span_bg.gif HTTP/1.1" 304 -
116.238.139.35 - - [02/Mar/2023:08:20:46 +0800] "GET /xingrg/javascript/jquery_easy_ui/themes/icons/ok.png HTTP/1.1" 304 -
116.238.139.35 - - [02/Mar/2023:08:20:46 +0800] "GET /xingrg/javascript/jquery_easy_ui/themes/default/images/panel_title.png HTTP/1.1" 304 -
116.238.139.35 - - [02/Mar/2023:08:20:46 +0800] "GET /xingrg/javascript/jquery_easy_ui/themes/default/images/panel_tools.gif HTTP/1.1" 304 -
116.224.106.218 - - [02/Mar/2023:08:20:46 +0800] "GET /xingrg/all/function/internal_message.html?_=1677716466935&CODE_STATE=getMsg HTTP/1.1" 200 27
116.238.139.35 - - [02/Mar/2023:08:20:49 +0800] "POST /xingrg/all/user/operate.html HTTP/1.1" 200 36
116.238.139.35 - - [02/Mar/2023:08:20:50 +0800] "GET /xingrg/javascript/jquery_easy_ui/themes/default/easyui.css HTTP/1.1" 304 -
116.238.139.35 - - [02/Mar/2023:08:20:50 +0800] "GET /xingrg/index.html?sysBaseUrl=http%3A%2F%2F180.169.147.146%3A18081%2Fxingrg%2F&costTime=47×tamp=1677715986180 HTTP/1.1" 200 17177
116.238.139.35 - - [02/Mar/2023:08:20:50 +0800] "GET /xingrg/javascript/jquery_easy_ui/themes/icon.css HTTP/1.1" 304 -
116.238.139.35 - - [02/Mar/2023:08:20:50 +0800] "GET /xingrg/css/form.css HTTP/1.1" 304 -
116.238.139.35 - - [02/Mar/2023:08:20:50 +0800] "GET /xingrg/javascript/jquery-1.4.2.min.js HTTP/1.1" 304 -
116.238.139.35 - - [02/Mar/2023:08:20:50 +0800] "GET /xingrg/javascript/jquery_easy_ui/jquery.easyui.min.js HTTP/1.1" 304 -
116.238.139.35 - - [02/Mar/2023:08:20:50 +0800] "GET /xingrg/javascript/jquery_easy_ui/easyui-lang-zh_CN.js HTTP/1.1" 304 -
116.238.139.35 - - [02/Mar/2023:08:20:50 +0800] "GET /xingrg/javascript/jquery.form.js HTTP/1.1" 304 -
116.238.139.35 - - [02/Mar/2023:08:20:50 +0800] "GET /xingrg/javascript/jquery.utils.js HTTP/1.1" 304 -
116.238.139.35 - - [02/Mar/2023:08:20:50 +0800] "GET /xingrg/javascript/jquery.timers.js HTTP/1.1" 304 -
116.238.139.35 - - [02/Mar/2023:08:20:50 +0800] "GET /xingrg/images/blue/jxLogo.png HTTP/1.1" 304 -
116.238.139.35 - - [02/Mar/2023:08:20:50 +0800] "GET /xingrg/images/blue/navBackgound.jpg HTTP/1.1" 304 -
116.238.139.35 - - [02/Mar/2023:08:20:50 +0800] "GET /xingrg/javascript/jquery_easy_ui/themes/icons/settle_new.png HTTP/1.1" 304 -
116.238.139.35 - - [02/Mar/2023:08:20:50 +0800] "GET /xingrg/images/blue/pingpu.png HTTP/1.1" 304 -
116.238.139.35 - - [02/Mar/2023:08:20:50 +0800] "POST /xingrg/all/common/load_tree.html?tree=area_rest_tree_json&manage=1 HTTP/1.1" 200 476
116.238.139.35 - - [02/Mar/2023:08:20:50 +0800] "GET /xingrg/javascript/jquery_easy_ui/themes/default/images/tabs_leftarrow.png HTTP/1.1" 304 -
116.238.139.35 - - [02/Mar/2023:08:20:50 +0800] "GET /xingrg/javascript/jquery_easy_ui/themes/default/images/tabs_rightarrow.png HTTP/1.1" 304 -
116.238.139.35 - - [02/Mar/2023:08:20:50 +0800] "GET /xingrg/javascript/jquery_easy_ui/themes/default/images/panel_tool_collapse.gif HTTP/1.1" 304 -
116.238.139.35 - - [02/Mar/2023:08:20:50 +0800] "GET /xingrg/check_reg.html?_=1677716404029 HTTP/1.1" 200 22
116.238.139.35 - - [02/Mar/2023:08:20:50 +0800] "GET /xingrg/all/function/internal_message.html?_=1677716404028&CODE_STATE=count HTTP/1.1" 200 11
116.238.139.35 - - [02/Mar/2023:08:20:50 +0800] "POST /xingrg/load_menu.html HTTP/1.1" 200 5138
116.238.139.35 - - [02/Mar/2023:08:20:51 +0800] "GET /xingrg/javascript/jquery_easy_ui/themes/default/images/tabs_active.png HTTP/1.1" 304 -
120.253.135.82 - - [02/Mar/2023:08:21:00 +0800] "GET /xingrg/all/function/internal_message.html?_=1677716305373&CODE_STATE=getMsg HTTP/1.1" 200 27
222.70.182.154 - - [02/Mar/2023:08:21:05 +0800] "GET /xingrg/all/function/internal_message.html?_=1677716563154&CODE_STATE=getMsg HTTP/1.1" 200 27
116.238.139.35 - - [02/Mar/2023:08:21:09 +0800] "GET /xingrg/kc/buy/cgsh_order_list.html HTTP/1.1" 200 54183
116.238.139.35 - - [02/Mar/2023:08:21:11 +0800] "POST /xingrg/kc/buy/cgsh_list_operate.html HTTP/1.1" 200 986
116.238.139.35 - - [02/Mar/2023:08:21:13 +0800] "GET /xingrg/kc/buy/cgsh_order_add.html HTTP/1.1" 200 69570
116.238.139.35 - - [02/Mar/2023:08:21:13 +0800] "POST /xingrg/kc/buy/cgsh_order_operate.html HTTP/1.1" 200 8245
116.238.139.35 - - [02/Mar/2023:08:21:13 +0800] "GET /xingrg/all/common/auto_word.html?type=employee&rest_code=00151 HTTP/1.1" 200 293
116.238.139.35 - - [02/Mar/2023:08:21:14 +0800] "GET /xingrg/all/common/auto_word.html?type=employee&rest_code=00151 HTTP/1.1" 200 293
116.238.139.35 - - [02/Mar/2023:08:21:14 +0800] "GET /xingrg/javascript/easyui/themes/default/validatebox.css HTTP/1.1" 404 1104
116.238.139.35 - - [02/Mar/2023:08:21:15 +0800] "GET /xingrg/javascript/auto/indicator.gif HTTP/1.1" 404 1066
180.157.253.110 - - [02/Mar/2023:08:21:18 +0800] "GET /xingrg/all/function/internal_message.html?_=1677716500065&CODE_STATE=getMsg HTTP/1.1" 200 27
116.238.139.35 - - [02/Mar/2023:08:21:26 +0800] "GET /xingrg/kc/buy/cgsh_order_operate.html?command=get_materiel&rest_code=00151&code=00101012060&supplier_code=00100096&order_time=2023-03-02 HTTP/1.1" 200 408
116.230.112.199 - - [02/Mar/2023:08:21:27 +0800] "GET /xingrg/all/function/internal_message.html?_=1677716520650&CODE_STATE=getMsg HTTP/1.1" 200 27
116.238.139.35 - - [02/Mar/2023:08:21:28 +0800] "GET /xingrg/all/function/internal_message.html?_=1677716509993&CODE_STATE=getMsg HTTP/1.1" 200 27
116.237.77.128 - - [02/Mar/2023:08:21:32 +0800] "GET /xingrg/all/function/internal_message.html?_=1677716511220&CODE_STATE=getMsg HTTP/1.1" 200 27
180.157.253.110 - - [02/Mar/2023:08:21:33 +0800] "GET /xingrg/check_reg.html?_=1677716515231 HTTP/1.1" 200 22
116.224.106.218 - - [02/Mar/2023:08:21:46 +0800] "GET /xingrg/all/function/internal_message.html?_=1677716526920&CODE_STATE=getMsg HTTP/1.1" 200 27
116.238.139.35 - - [02/Mar/2023:08:21:49 +0800] "GET /xingrg/kc/buy/cgsh_order_operate.html?command=get_materiel&rest_code=00151&code=00101016025&supplier_code=00100096&order_time=2023-03-02 HTTP/1.1" 200 408
116.238.139.35 - - [02/Mar/2023:08:21:50 +0800] "GET /xingrg/all/function/internal_message.html?_=1677716464043&CODE_STATE=getMsg HTTP/1.1" 200 27
116.238.139.35 - - [02/Mar/2023:08:22:00 +0800] "GET /xingrg/kc/buy/cgsh_order_operate.html?command=get_materiel&rest_code=00151&code=00101012039&supplier_code=00100096&order_time=2023-03-02 HTTP/1.1" 200 408
120.253.135.82 - - [02/Mar/2023:08:22:00 +0800] "GET /xingrg/all/function/internal_message.html?_=1677716365525&CODE_STATE=getMsg HTTP/1.1" 200 27
222.70.182.154 - - [02/Mar/2023:08:22:05 +0800] "GET /xingrg/all/function/internal_message.html?_=1677716623144&CODE_STATE=getMsg HTTP/1.1" 200 27
116.238.139.35 - - [02/Mar/2023:08:22:10 +0800] "GET /xingrg/kc/buy/cgsh_order_operate.html?command=get_materiel&rest_code=00151&code=00101012025&supplier_code=00100096&order_time=2023-03-02 HTTP/1.1" 200 412
180.157.253.110 - - [02/Mar/2023:08:22:18 +0800] "GET /xingrg/all/function/internal_message.html?_=1677716560037&CODE_STATE=getMsg HTTP/1.1" 200 27
116.238.139.35 - - [02/Mar/2023:08:22:22 +0800] "GET /xingrg/kc/buy/cgsh_order_operate.html?command=get_materiel&rest_code=00151&code=00101012051&supplier_code=00100096&order_time=2023-03-02 HTTP/1.1" 200 408
116.230.112.199 - - [02/Mar/2023:08:22:27 +0800] "GET /xingrg/all/function/internal_message.html?_=1677716580665&CODE_STATE=getMsg HTTP/1.1" 200 27
116.238.139.35 - - [02/Mar/2023:08:22:28 +0800] "GET /xingrg/all/function/internal_message.html?_=1677716569978&CODE_STATE=getMsg HTTP/1.1" 200 27
180.163.29.103 - - [02/Mar/2023:08:22:32 +0800] "GET /xingrg/all/function/internal_message.html?_=1677716511220&CODE_STATE=getMsg HTTP/1.1" 302 -
180.163.29.103 - - [02/Mar/2023:08:22:32 +0800] "GET /xingrg/login.html HTTP/1.1" 200 7641
116.237.77.128 - - [02/Mar/2023:08:22:32 +0800] "GET /xingrg/all/function/internal_message.html?_=1677716571193&CODE_STATE=getMsg HTTP/1.1" 200 27
116.238.139.35 - - [02/Mar/2023:08:22:45 +0800] "GET /xingrg/kc/buy/cgsh_order_operate.html?command=get_materiel&rest_code=00151&code=00101001044&supplier_code=00100096&order_time=2023-03-02 HTTP/1.1" 200 413
116.224.106.218 - - [02/Mar/2023:08:22:46 +0800] "GET /xingrg/all/function/internal_message.html?_=1677716586906&CODE_STATE=getMsg HTTP/1.1" 200 27
116.238.139.35 - - [02/Mar/2023:08:22:50 +0800] "GET /xingrg/all/function/internal_message.html?_=1677716524057&CODE_STATE=getMsg HTTP/1.1" 200 27
120.253.135.82 - - [02/Mar/2023:08:22:59 +0800] "GET /xingrg/check_reg.html?_=1677716424237 HTTP/1.1" 200 22
120.253.135.82 - - [02/Mar/2023:08:23:00 +0800] "GET /xingrg/all/function/internal_message.html?_=1677716425540&CODE_STATE=getMsg HTTP/1.1" 200 27
222.70.182.154 - - [02/Mar/2023:08:23:05 +0800] "GET /xingrg/all/function/internal_message.html?_=1677716683157&CODE_STATE=getMsg HTTP/1.1" 200 27
116.238.139.35 - - [02/Mar/2023:08:23:07 +0800] "GET /xingrg/kc/buy/cgsh_order_operate.html?command=get_materiel&rest_code=00151&code=00101010711&supplier_code=00100096&order_time=2023-03-02 HTTP/1.1" 200 408
180.157.253.110 - - [02/Mar/2023:08:23:18 +0800] "GET /xingrg/all/function/internal_message.html?_=1677716620012&CODE_STATE=getMsg HTTP/1.1" 200 27
116.238.139.35 - - [02/Mar/2023:08:23:21 +0800] "GET /xingrg/kc/buy/cgsh_order_operate.html?command=get_materiel&rest_code=00151&code=00101006013&supplier_code=00100096&order_time=2023-03-02 HTTP/1.1" 200 411
116.230.112.199 - - [02/Mar/2023:08:23:27 +0800] "GET /xingrg/all/function/internal_message.html?_=1677716640759&CODE_STATE=getMsg HTTP/1.1" 200 27
116.238.139.35 - - [02/Mar/2023:08:23:28 +0800] "GET /xingrg/all/function/internal_message.html?_=1677716629964&CODE_STATE=getMsg HTTP/1.1" 200 27
116.237.77.128 - - [02/Mar/2023:08:23:32 +0800] "GET /xingrg/all/function/internal_message.html?_=1677716631165&CODE_STATE=getMsg HTTP/1.1" 200 27
116.238.139.35 - - [02/Mar/2023:08:23:37 +0800] "GET /xingrg/kc/buy/cgsh_order_operate.html?command=get_materiel&rest_code=00151&code=00101006109&supplier_code=00100096&order_time=2023-03-02 HTTP/1.1" 200 409
116.224.106.218 - - [02/Mar/2023:08:23:46 +0800] "GET /xingrg/all/function/internal_message.html?_=1677716646890&CODE_STATE=getMsg HTTP/1.1" 200 27
116.238.139.35 - - [02/Mar/2023:08:23:49 +0800] "GET /xingrg/kc/buy/cgsh_order_operate.html?command=get_materiel&rest_code=00151&code=00101006178&supplier_code=00100096&order_time=2023-03-02 HTTP/1.1" 200 409
116.238.139.35 - - [02/Mar/2023:08:23:50 +0800] "GET /xingrg/all/function/internal_message.html?_=1677716584070&CODE_STATE=getMsg HTTP/1.1" 200 27
116.237.77.128 - - [02/Mar/2023:08:23:56 +0800] "GET /xingrg/check_reg.html?_=1677716654790 HTTP/1.1" 200 22
120.253.135.82 - - [02/Mar/2023:08:24:00 +0800] "GET /xingrg/all/function/internal_message.html?_=1677716485553&CODE_STATE=getMsg HTTP/1.1" 200 27
222.70.182.154 - - [02/Mar/2023:08:24:05 +0800] "GET /xingrg/all/function/internal_message.html?_=1677716743158&CODE_STATE=getMsg HTTP/1.1" 200 27
222.70.182.154 - - [02/Mar/2023:08:24:05 +0800] "GET /xingrg/check_reg.html?_=1677716743159 HTTP/1.1" 200 22
116.238.139.35 - - [02/Mar/2023:08:24:11 +0800] "POST /xingrg/kc/buy/cgsh_order_operate.html HTTP/1.1" 200 37
116.238.139.35 - - [02/Mar/2023:08:24:16 +0800] "POST /xingrg/kc/buy/cgsh_order_operate.html HTTP/1.1" 200 12
116.238.139.35 - - [02/Mar/2023:08:24:17 +0800] "GET /xingrg/kc/buy/cgsh_order_info.html?code=212023030200385 HTTP/1.1" 200 64467
180.157.253.110 - - [02/Mar/2023:08:24:18 +0800] "GET /xingrg/all/function/internal_message.html?_=1677716679997&CODE_STATE=getMsg HTTP/1.1" 200 27
116.238.139.35 - - [02/Mar/2023:08:24:18 +0800] "GET /xingrg/javascript/easyui/themes/default/validatebox.css HTTP/1.1" 404 1104
116.238.139.35 - - [02/Mar/2023:08:24:19 +0800] "POST /xingrg/kc/buy/cgsh_order_operate.html HTTP/1.1" 200 5983
116.238.139.35 - - [02/Mar/2023:08:24:21 +0800] "GET /xingrg/kc/print/load_data.html?order_code=212023030200385&kc_code=cgsh&condition= HTTP/1.1" 200 2779
116.230.112.199 - - [02/Mar/2023:08:24:27 +0800] "GET /xingrg/all/function/internal_message.html?_=1677716700769&CODE_STATE=getMsg HTTP/1.1" 200 27
116.238.139.35 - - [02/Mar/2023:08:24:28 +0800] "GET /xingrg/all/function/internal_message.html?_=1677716689966&CODE_STATE=getMsg HTTP/1.1" 200 27
180.163.30.85 - - [02/Mar/2023:08:24:32 +0800] "GET /xingrg/all/function/internal_message.html?_=1677716631165&CODE_STATE=getMsg HTTP/1.1" 302 -
180.163.30.85 - - [02/Mar/2023:08:24:32 +0800] "GET /xingrg/login.html HTTP/1.1" 200 7641
116.237.77.128 - - [02/Mar/2023:08:24:32 +0800] "GET /xingrg/all/function/internal_message.html?_=1677716691144&CODE_STATE=getMsg HTTP/1.1" 200 27
116.238.139.35 - - [02/Mar/2023:08:24:46 +0800] "GET /xingrg/check_reg.html?_=1677716708209 HTTP/1.1" 200 22
116.224.106.218 - - [02/Mar/2023:08:24:46 +0800] "GET /xingrg/all/function/internal_message.html?_=1677716706876&CODE_STATE=getMsg HTTP/1.1" 200 27
116.238.139.35 - - [02/Mar/2023:08:24:50 +0800] "GET /xingrg/all/function/internal_message.html?_=1677716644084&CODE_STATE=getMsg HTTP/1.1" 200 27
180.163.28.68 - - [02/Mar/2023:08:24:56 +0800] "GET /xingrg/check_reg.html?_=1677716654790 HTTP/1.1" 302 -
180.163.28.68 - - [02/Mar/2023:08:24:56 +0800] "GET /xingrg/login.html HTTP/1.1" 200 7641
120.253.135.82 - - [02/Mar/2023:08:25:00 +0800] "GET /xingrg/all/function/internal_message.html?_=1677716545567&CODE_STATE=getMsg HTTP/1.1" 200 27
116.224.106.218 - - [02/Mar/2023:08:25:02 +0800] "GET /xingrg/check_reg.html?_=1677716722076 HTTP/1.1" 200 22
222.70.182.154 - - [02/Mar/2023:08:25:05 +0800] "GET /xingrg/all/function/internal_message.html?_=1677716803158&CODE_STATE=getMsg HTTP/1.1" 200 27
180.157.253.110 - - [02/Mar/2023:08:25:18 +0800] "GET /xingrg/all/function/internal_message.html?_=1677716739981&CODE_STATE=getMsg HTTP/1.1" 200 27
116.230.112.199 - - [02/Mar/2023:08:25:22 +0800] "GET /xingrg/check_reg.html?_=1677716756082 HTTP/1.1" 200 22
116.230.112.199 - - [02/Mar/2023:08:25:27 +0800] "GET /xingrg/all/function/internal_message.html?_=1677716760782&CODE_STATE=getMsg HTTP/1.1" 200 27
116.238.139.35 - - [02/Mar/2023:08:25:28 +0800] "GET /xingrg/all/function/internal_message.html?_=1677716749926&CODE_STATE=getMsg HTTP/1.1" 200 27
116.237.77.128 - - [02/Mar/2023:08:25:32 +0800] "GET /xingrg/all/function/internal_message.html?_=1677716751117&CODE_STATE=getMsg HTTP/1.1" 200 27
116.230.112.199 - - [02/Mar/2023:08:25:34 +0800] "GET /xingrg/kc/buy/cgsh_order_list.html HTTP/1.1" 200 54185
116.230.112.199 - - [02/Mar/2023:08:25:36 +0800] "POST /xingrg/kc/buy/cgsh_list_operate.html HTTP/1.1" 200 986
116.230.112.199 - - [02/Mar/2023:08:25:36 +0800] "GET /xingrg/kc/buy/cgsh_order_add.html HTTP/1.1" 200 69961
116.230.112.199 - - [02/Mar/2023:08:25:37 +0800] "POST /xingrg/kc/buy/cgsh_order_operate.html HTTP/1.1" 200 8245
116.230.112.199 - - [02/Mar/2023:08:25:37 +0800] "GET /xingrg/javascript/easyui/themes/default/validatebox.css HTTP/1.1" 404 1104
116.224.106.218 - - [02/Mar/2023:08:25:46 +0800] "GET /xingrg/all/function/internal_message.html?_=1677716766851&CODE_STATE=getMsg HTTP/1.1" 200 27
116.238.139.35 - - [02/Mar/2023:08:25:50 +0800] "GET /xingrg/check_reg.html?_=1677716704076 HTTP/1.1" 200 22
116.238.139.35 - - [02/Mar/2023:08:25:50 +0800] "GET /xingrg/all/function/internal_message.html?_=1677716704129&CODE_STATE=getMsg HTTP/1.1" 200 27
120.253.135.82 - - [02/Mar/2023:08:26:00 +0800] "GET /xingrg/all/function/internal_message.html?_=1677716605586&CODE_STATE=getMsg HTTP/1.1" 200 27
222.70.182.154 - - [02/Mar/2023:08:26:05 +0800] "GET /xingrg/all/function/internal_message.html?_=1677716863153&CODE_STATE=getMsg HTTP/1.1" 200 27
180.157.253.110 - - [02/Mar/2023:08:26:18 +0800] "GET /xingrg/all/function/internal_message.html?_=1677716799965&CODE_STATE=getMsg HTTP/1.1" 200 27
116.230.112.199 - - [02/Mar/2023:08:26:27 +0800] "GET /xingrg/all/function/internal_message.html?_=1677716820883&CODE_STATE=getMsg HTTP/1.1" 200 27
116.238.139.35 - - [02/Mar/2023:08:26:28 +0800] "GET /xingrg/all/function/internal_message.html?_=1677716809897&CODE_STATE=getMsg HTTP/1.1" 200 27
116.237.77.128 - - [02/Mar/2023:08:26:32 +0800] "GET /xingrg/all/function/internal_message.html?_=1677716811099&CODE_STATE=getMsg HTTP/1.1" 200 27
180.157.253.110 - - [02/Mar/2023:08:26:33 +0800] "GET /xingrg/check_reg.html?_=1677716815224 HTTP/1.1" 200 22
116.224.106.218 - - [02/Mar/2023:08:26:46 +0800] "GET /xingrg/all/function/internal_message.html?_=1677716826836&CODE_STATE=getMsg HTTP/1.1" 200 27
116.238.139.35 - - [02/Mar/2023:08:26:50 +0800] "GET /xingrg/all/function/internal_message.html?_=1677716764142&CODE_STATE=getMsg HTTP/1.1" 200 27
120.253.135.82 - - [02/Mar/2023:08:27:00 +0800] "GET /xingrg/all/function/internal_message.html?_=1677716665595&CODE_STATE=getMsg HTTP/1.1" 200 27
222.70.221.209 - - [02/Mar/2023:08:27:05 +0800] "GET /xingrg/index.html?sysBaseUrl=http%3A%2F%2F180.169.147.146%3A18081%2Fxingrg%2F&costTime=40×tamp=1677668304983 HTTP/1.1" 302 -
222.70.182.154 - - [02/Mar/2023:08:27:05 +0800] "GET /xingrg/all/function/internal_message.html?_=1677716923153&CODE_STATE=getMsg HTTP/1.1" 200 27
222.70.221.209 - - [02/Mar/2023:08:27:05 +0800] "GET /xingrg/login.html HTTP/1.1" 200 7641
222.70.221.209 - - [02/Mar/2023:08:27:06 +0800] "GET /favicon.ico HTTP/1.1" 404 -
222.70.221.209 - - [02/Mar/2023:08:27:11 +0800] "POST /xingrg/login.do HTTP/1.1" 302 -
222.70.221.209 - - [02/Mar/2023:08:27:11 +0800] "GET /xingrg/index.html?sysBaseUrl=http%3A%2F%2F180.169.147.146%3A18081%2Fxingrg%2F&costTime=40×tamp=1677716831850 HTTP/1.1" 200 17179
222.70.221.209 - - [02/Mar/2023:08:27:12 +0800] "GET /favicon.ico HTTP/1.1" 404 -
222.70.221.209 - - [02/Mar/2023:08:27:12 +0800] "POST /xingrg/all/common/load_tree.html?tree=area_rest_tree_json&manage=1 HTTP/1.1" 200 479
222.70.221.209 - - [02/Mar/2023:08:27:12 +0800] "POST /xingrg/load_menu.html HTTP/1.1" 200 5138
222.70.221.209 - - [02/Mar/2023:08:27:12 +0800] "GET /xingrg/all/function/internal_message.html?_=1677716808704&CODE_STATE=count HTTP/1.1" 200 11
222.70.221.209 - - [02/Mar/2023:08:27:12 +0800] "GET /xingrg/check_reg.html?_=1677716808705 HTTP/1.1" 200 22
222.70.221.209 - - [02/Mar/2023:08:27:14 +0800] "GET /xingrg/javascript/jquery_easy_ui/themes/default/images/tabs_close.gif HTTP/1.1" 304 -
222.70.221.209 - - [02/Mar/2023:08:27:14 +0800] "GET /xingrg/kc/mdqp/qqps_order_list.html HTTP/1.1" 200 10422
222.70.221.209 - - [02/Mar/2023:08:27:14 +0800] "GET /xingrg/dwr/interface/AjaxQqpsService.js HTTP/1.1" 200 16326
222.70.221.209 - - [02/Mar/2023:08:27:14 +0800] "GET /xingrg/dwr/interface/AjaxReportQueryService.js HTTP/1.1" 200 13203
222.70.221.209 - - [02/Mar/2023:08:27:14 +0800] "GET /xingrg/dwr/engine.js HTTP/1.1" 200 43631
222.70.221.209 - - [02/Mar/2023:08:27:14 +0800] "GET /xingrg/dwr/util.js HTTP/1.1" 304 -
180.157.253.110 - - [02/Mar/2023:08:27:18 +0800] "GET /xingrg/all/function/internal_message.html?_=1677716859936&CODE_STATE=getMsg HTTP/1.1" 200 27
222.70.221.209 - - [02/Mar/2023:08:27:18 +0800] "POST /xingrg/dwr/call/plaincall/AjaxQqpsService.checkOrders.dwr HTTP/1.1" 200 78
222.70.221.209 - - [02/Mar/2023:08:27:19 +0800] "GET /xingrg/kc/mdqp/qqps_order_list.html?isBack=1 HTTP/1.1" 200 9231
222.70.221.209 - - [02/Mar/2023:08:27:19 +0800] "GET /xingrg/dwr/interface/AjaxQqpsService.js HTTP/1.1" 200 16326
222.70.221.209 - - [02/Mar/2023:08:27:19 +0800] "GET /xingrg/dwr/interface/AjaxReportQueryService.js HTTP/1.1" 200 13203
222.70.221.209 - - [02/Mar/2023:08:27:19 +0800] "GET /xingrg/dwr/engine.js HTTP/1.1" 200 43631
116.230.112.199 - - [02/Mar/2023:08:27:19 +0800] "GET /xingrg/kc/buy/cgsh_order_operate.html?command=get_materiel&rest_code=00146&code=00101008210&supplier_code=00100005&order_time=2023-03-02 HTTP/1.1" 200 408
116.230.112.199 - - [02/Mar/2023:08:27:27 +0800] "GET /xingrg/all/function/internal_message.html?_=1677716880887&CODE_STATE=getMsg HTTP/1.1" 200 27
116.238.139.35 - - [02/Mar/2023:08:27:28 +0800] "GET /xingrg/all/function/internal_message.html?_=1677716869882&CODE_STATE=getMsg HTTP/1.1" 200 27
116.192.124.172 - - [02/Mar/2023:08:27:29 +0800] "POST /xingrg/services/DataTransmitService HTTP/1.1" 200 524
116.237.77.128 - - [02/Mar/2023:08:27:32 +0800] "GET /xingrg/all/function/internal_message.html?_=1677716871071&CODE_STATE=getMsg HTTP/1.1" 200 27
116.230.112.199 - - [02/Mar/2023:08:27:43 +0800] "GET /xingrg/kc/buy/cgsh_order_operate.html?command=get_materiel&rest_code=00146&code=00101008155&supplier_code=00100005&order_time=2023-03-02 HTTP/1.1" 200 408
116.224.106.218 - - [02/Mar/2023:08:27:46 +0800] "GET /xingrg/all/function/internal_message.html?_=1677716886821&CODE_STATE=getMsg HTTP/1.1" 200 27
116.238.139.35 - - [02/Mar/2023:08:27:50 +0800] "GET /xingrg/all/function/internal_message.html?_=1677716824156&CODE_STATE=getMsg HTTP/1.1" 200 27
120.253.135.82 - - [02/Mar/2023:08:27:59 +0800] "GET /xingrg/check_reg.html?_=1677716724247 HTTP/1.1" 200 22
120.253.135.82 - - [02/Mar/2023:08:28:00 +0800] "GET /xingrg/all/function/internal_message.html?_=1677716725608&CODE_STATE=getMsg HTTP/1.1" 200 27
222.70.221.209 - - [02/Mar/2023:08:28:02 +0800] "GET /xingrg/kc/mdqp/qqps_order_list.html HTTP/1.1" 200 9222
222.70.221.209 - - [02/Mar/2023:08:28:02 +0800] "GET /xingrg/dwr/interface/AjaxReportQueryService.js HTTP/1.1" 200 13203
222.70.221.209 - - [02/Mar/2023:08:28:02 +0800] "GET /xingrg/dwr/interface/AjaxQqpsService.js HTTP/1.1" 200 16326
222.70.221.209 - - [02/Mar/2023:08:28:02 +0800] "GET /xingrg/dwr/engine.js HTTP/1.1" 200 43631
222.70.221.209 - - [02/Mar/2023:08:28:03 +0800] "GET /xingrg/kc/mdqp/qqps_order_list.html HTTP/1.1" 200 9222
222.70.221.209 - - [02/Mar/2023:08:28:03 +0800] "GET /xingrg/dwr/interface/AjaxQqpsService.js HTTP/1.1" 200 16326
222.70.221.209 - - [02/Mar/2023:08:28:03 +0800] "GET /xingrg/dwr/interface/AjaxReportQueryService.js HTTP/1.1" 200 13203
222.70.221.209 - - [02/Mar/2023:08:28:03 +0800] "GET /xingrg/dwr/engine.js HTTP/1.1" 200 43631
222.70.221.209 - - [02/Mar/2023:08:28:04 +0800] "GET /xingrg/kc/mdqp/pssh_order_list.html HTTP/1.1" 200 17888
222.70.221.209 - - [02/Mar/2023:08:28:04 +0800] "GET /xingrg/css/base.css HTTP/1.1" 304 -
222.70.221.209 - - [02/Mar/2023:08:28:04 +0800] "GET /xingrg/css/site.css HTTP/1.1" 304 -
222.70.221.209 - - [02/Mar/2023:08:28:04 +0800] "GET /xingrg/javascript/jquery_tools/datebox.css HTTP/1.1" 304 -
222.70.221.209 - - [02/Mar/2023:08:28:04 +0800] "GET /xingrg/javascript/easyui/themes/default/easyui.css HTTP/1.1" 304 -
222.70.221.209 - - [02/Mar/2023:08:28:04 +0800] "GET /xingrg/javascript/easyui/themes/icon.css HTTP/1.1" 304 -
222.70.221.209 - - [02/Mar/2023:08:28:04 +0800] "GET /xingrg/javascript/jquery_tools/fix.css HTTP/1.1" 304 -
222.70.221.209 - - [02/Mar/2023:08:28:04 +0800] "GET /xingrg/javascript/jquery_tools/table.css HTTP/1.1" 304 -
222.70.221.209 - - [02/Mar/2023:08:28:04 +0800] "GET /xingrg/javascript/jquery_tools/jquery.tools.min.js HTTP/1.1" 304 -
222.70.221.209 - - [02/Mar/2023:08:28:04 +0800] "GET /xingrg/javascript/jquery_tools/jquery.tools.extend.js HTTP/1.1" 304 -
222.70.221.209 - - [02/Mar/2023:08:28:04 +0800] "GET /xingrg/javascript/jquery_tools/jquery.tools.hotkey.js HTTP/1.1" 304 -
222.70.221.209 - - [02/Mar/2023:08:28:04 +0800] "GET /xingrg/javascript/jquery_tools/jquery.tools.table.js HTTP/1.1" 304 -
222.70.221.209 - - [02/Mar/2023:08:28:04 +0800] "GET /xingrg/javascript/jquery_tools/list_manager.js HTTP/1.1" 304 -
222.70.221.209 - - [02/Mar/2023:08:28:04 +0800] "GET /xingrg/javascript/easyui/easyloader.js HTTP/1.1" 304 -
222.70.221.209 - - [02/Mar/2023:08:28:04 +0800] "GET /xingrg/javascript/jquery.cookie.js HTTP/1.1" 304 -
222.70.221.209 - - [02/Mar/2023:08:28:04 +0800] "GET /xingrg/javascript/easyui/themes/icons/field_new.png HTTP/1.1" 304 -
222.70.221.209 - - [02/Mar/2023:08:28:04 +0800] "GET /xingrg/javascript/easyui/plugins/jquery.parser.js HTTP/1.1" 304 -
222.70.221.209 - - [02/Mar/2023:08:28:04 +0800] "GET /xingrg/images/control/ajaxLoader.gif HTTP/1.1" 304 -
222.70.221.209 - - [02/Mar/2023:08:28:04 +0800] "POST /xingrg/kc/mdqp/pssh_list_operate.html HTTP/1.1" 200 9015
222.70.182.154 - - [02/Mar/2023:08:28:05 +0800] "GET /xingrg/all/function/internal_message.html?_=1677716983139&CODE_STATE=getMsg HTTP/1.1" 200 27
222.70.221.209 - - [02/Mar/2023:08:28:06 +0800] "GET /xingrg/kc/mdqp/qqps_order_list.html HTTP/1.1" 200 9222
222.70.221.209 - - [02/Mar/2023:08:28:06 +0800] "GET /xingrg/dwr/interface/AjaxQqpsService.js HTTP/1.1" 200 16326
222.70.221.209 - - [02/Mar/2023:08:28:06 +0800] "GET /xingrg/dwr/interface/AjaxReportQueryService.js HTTP/1.1" 200 13203
222.70.221.209 - - [02/Mar/2023:08:28:06 +0800] "GET /xingrg/dwr/engine.js HTTP/1.1" 200 43631
222.70.221.209 - - [02/Mar/2023:08:28:12 +0800] "GET /xingrg/all/function/internal_message.html?_=1677716868728&CODE_STATE=getMsg HTTP/1.1" 200 27
180.157.253.110 - - [02/Mar/2023:08:28:18 +0800] "GET /xingrg/all/function/internal_message.html?_=1677716919921&CODE_STATE=getMsg HTTP/1.1" 200 27
116.230.112.199 - - [02/Mar/2023:08:28:24 +0800] "GET /xingrg/kc/buy/cgsh_order_operate.html?command=get_materiel&rest_code=00146&code=00101008351&supplier_code=00100005&order_time=2023-03-02 HTTP/1.1" 200 408
116.230.112.199 - - [02/Mar/2023:08:28:27 +0800] "GET /xingrg/all/function/internal_message.html?_=1677716940947&CODE_STATE=getMsg HTTP/1.1" 200 27
116.238.139.35 - - [02/Mar/2023:08:28:27 +0800] "GET /xingrg/all/function/internal_message.html?_=1677716929870&CODE_STATE=getMsg HTTP/1.1" 200 27
116.237.77.128 - - [02/Mar/2023:08:28:32 +0800] "GET /xingrg/all/function/internal_message.html?_=1677716931046&CODE_STATE=getMsg HTTP/1.1" 200 27
180.157.253.110 - - [02/Mar/2023:08:28:38 +0800] "POST /xingrg/services/DataTransmitService HTTP/1.1" 200 524
116.224.106.218 - - [02/Mar/2023:08:28:46 +0800] "GET /xingrg/all/function/internal_message.html?_=1677716946807&CODE_STATE=getMsg HTTP/1.1" 200 27
116.238.139.35 - - [02/Mar/2023:08:28:50 +0800] "GET /xingrg/all/function/internal_message.html?_=1677716884215&CODE_STATE=getMsg HTTP/1.1" 200 27
116.230.112.199 - - [02/Mar/2023:08:28:56 +0800] "GET /xingrg/kc/buy/cgsh_order_operate.html?command=get_materiel&rest_code=00146&code=00101008048&supplier_code=00100005&order_time=2023-03-02 HTTP/1.1" 200 420
116.237.77.128 - - [02/Mar/2023:08:28:56 +0800] "GET /xingrg/check_reg.html?_=1677716954780 HTTP/1.1" 200 22
120.253.135.82 - - [02/Mar/2023:08:29:00 +0800] "GET /xingrg/all/function/internal_message.html?_=1677716785621&CODE_STATE=getMsg HTTP/1.1" 200 27
222.70.221.209 - - [02/Mar/2023:08:29:01 +0800] "GET /xingrg/index.html?sysBaseUrl=http%3A%2F%2F180.169.147.146%3A18081%2Fxingrg%2F&costTime=1277×tamp=1606817596806 HTTP/1.1" 302 -
222.70.221.209 - - [02/Mar/2023:08:29:01 +0800] "GET /xingrg/login.html HTTP/1.1" 200 7641
222.70.221.209 - - [02/Mar/2023:08:29:01 +0800] "GET /favicon.ico HTTP/1.1" 404 -
222.70.182.154 - - [02/Mar/2023:08:29:05 +0800] "GET /xingrg/all/function/internal_message.html?_=1677717043148&CODE_STATE=getMsg HTTP/1.1" 200 27
222.70.182.154 - - [02/Mar/2023:08:29:05 +0800] "GET /xingrg/check_reg.html?_=1677717043150 HTTP/1.1" 200 22
222.70.221.209 - - [02/Mar/2023:08:29:05 +0800] "POST /xingrg/login.do HTTP/1.1" 302 -
222.70.221.209 - - [02/Mar/2023:08:29:06 +0800] "GET /xingrg/index.html?sysBaseUrl=http%3A%2F%2F180.169.147.146%3A18081%2Fxingrg%2F&costTime=42×tamp=1677716945994 HTTP/1.1" 200 17179
222.70.221.209 - - [02/Mar/2023:08:29:06 +0800] "GET /favicon.ico HTTP/1.1" 404 -
222.70.221.209 - - [02/Mar/2023:08:29:06 +0800] "POST /xingrg/all/common/load_tree.html?tree=area_rest_tree_json&manage=1 HTTP/1.1" 200 479
222.70.221.209 - - [02/Mar/2023:08:29:06 +0800] "GET /xingrg/all/function/internal_message.html?_=1677716922438&CODE_STATE=count HTTP/1.1" 200 11
222.70.221.209 - - [02/Mar/2023:08:29:06 +0800] "POST /xingrg/load_menu.html HTTP/1.1" 200 5138
222.70.221.209 - - [02/Mar/2023:08:29:06 +0800] "GET /xingrg/check_reg.html?_=1677716922438 HTTP/1.1" 200 22
180.157.253.110 - - [02/Mar/2023:08:29:18 +0800] "GET /xingrg/all/function/internal_message.html?_=1677716979908&CODE_STATE=getMsg HTTP/1.1" 200 27
116.230.112.199 - - [02/Mar/2023:08:29:21 +0800] "GET /xingrg/kc/buy/cgsh_order_operate.html?command=get_materiel&rest_code=00146&code=00101008370&supplier_code=00100005&order_time=2023-03-02 HTTP/1.1" 200 412
116.230.112.199 - - [02/Mar/2023:08:29:27 +0800] "GET /xingrg/all/function/internal_message.html?_=1677717000961&CODE_STATE=getMsg HTTP/1.1" 200 27
116.238.139.35 - - [02/Mar/2023:08:29:27 +0800] "GET /xingrg/all/function/internal_message.html?_=1677716989840&CODE_STATE=getMsg HTTP/1.1" 200 27
116.237.77.128 - - [02/Mar/2023:08:29:32 +0800] "GET /xingrg/all/function/internal_message.html?_=1677716991021&CODE_STATE=getMsg HTTP/1.1" 200 27
116.238.139.35 - - [02/Mar/2023:08:29:46 +0800] "GET /xingrg/check_reg.html?_=1677717008207 HTTP/1.1" 200 22
116.224.106.218 - - [02/Mar/2023:08:29:46 +0800] "GET /xingrg/all/function/internal_message.html?_=1677717006793&CODE_STATE=getMsg HTTP/1.1" 200 27
116.238.139.35 - - [02/Mar/2023:08:29:50 +0800] "GET /xingrg/all/function/internal_message.html?_=1677716944230&CODE_STATE=getMsg HTTP/1.1" 200 27
116.230.112.199 - - [02/Mar/2023:08:29:58 +0800] "GET /xingrg/kc/buy/cgsh_order_operate.html?command=get_materiel&rest_code=00146&code=00101008087&supplier_code=00100005&order_time=2023-03-02 HTTP/1.1" 200 412
120.253.135.82 - - [02/Mar/2023:08:30:00 +0800] "GET /xingrg/all/function/internal_message.html?_=1677716845634&CODE_STATE=getMsg HTTP/1.1" 200 27
116.224.106.218 - - [02/Mar/2023:08:30:02 +0800] "GET /xingrg/check_reg.html?_=1677717022053 HTTP/1.1" 200 22
222.70.182.154 - - [02/Mar/2023:08:30:05 +0800] "GET /xingrg/all/function/internal_message.html?_=1677717103136&CODE_STATE=getMsg HTTP/1.1" 200 27
222.70.221.209 - - [02/Mar/2023:08:30:06 +0800] "GET /xingrg/all/function/internal_message.html?_=1677716982456&CODE_STATE=getMsg HTTP/1.1" 200 27
116.228.172.94 - - [02/Mar/2023:08:30:11 +0800] "GET /favicon.ico HTTP/1.1" 404 -
180.157.253.110 - - [02/Mar/2023:08:30:18 +0800] "GET /xingrg/all/function/internal_message.html?_=1677717039920&CODE_STATE=getMsg HTTP/1.1" 200 27
116.230.112.199 - - [02/Mar/2023:08:30:20 +0800] "GET /xingrg/kc/buy/cgsh_order_operate.html?command=get_materiel&rest_code=00146&code=00101008355&supplier_code=00100005&order_time=2023-03-02 HTTP/1.1" 200 408
116.230.112.199 - - [02/Mar/2023:08:30:22 +0800] "GET /xingrg/check_reg.html?_=1677717056079 HTTP/1.1" 200 22
116.230.112.199 - - [02/Mar/2023:08:30:27 +0800] "GET /xingrg/all/function/internal_message.html?_=1677717060975&CODE_STATE=getMsg HTTP/1.1" 200 27
116.238.139.35 - - [02/Mar/2023:08:30:27 +0800] "GET /xingrg/all/function/internal_message.html?_=1677717049815&CODE_STATE=getMsg HTTP/1.1" 200 27
222.67.232.202 - - [02/Mar/2023:08:30:29 +0800] "POST /xingrg/services/DataTransmitService HTTP/1.1" 200 524
116.237.77.128 - - [02/Mar/2023:08:30:32 +0800] "GET /xingrg/all/function/internal_message.html?_=1677717050994&CODE_STATE=getMsg HTTP/1.1" 200 27
116.230.112.199 - - [02/Mar/2023:08:30:35 +0800] "GET /xingrg/kc/buy/cgsh_order_operate.html?command=get_materiel&rest_code=00146&code=00101008059&supplier_code=00100005&order_time=2023-03-02 HTTP/1.1" 200 408
116.224.106.218 - - [02/Mar/2023:08:30:46 +0800] "GET /xingrg/all/function/internal_message.html?_=1677717066767&CODE_STATE=getMsg HTTP/1.1" 200 27
116.238.139.35 - - [02/Mar/2023:08:30:50 +0800] "GET /xingrg/check_reg.html?_=1677717004124 HTTP/1.1" 200 22
116.238.139.35 - - [02/Mar/2023:08:30:50 +0800] "GET /xingrg/all/function/internal_message.html?_=1677717004244&CODE_STATE=getMsg HTTP/1.1" 200 27
116.230.112.199 - - [02/Mar/2023:08:30:55 +0800] "GET /xingrg/kc/buy/cgsh_order_operate.html?command=get_materiel&rest_code=00146&code=00101008502&supplier_code=00100005&order_time=2023-03-02 HTTP/1.1" 200 412
120.253.135.82 - - [02/Mar/2023:08:31:00 +0800] "GET /xingrg/all/function/internal_message.html?_=1677716905657&CODE_STATE=getMsg HTTP/1.1" 200 27
222.70.182.154 - - [02/Mar/2023:08:31:05 +0800] "GET /xingrg/all/function/internal_message.html?_=1677717163143&CODE_STATE=getMsg HTTP/1.1" 200 27
222.70.221.209 - - [02/Mar/2023:08:31:06 +0800] "GET /xingrg/all/function/internal_message.html?_=1677717042454&CODE_STATE=getMsg HTTP/1.1" 200 27
116.230.112.199 - - [02/Mar/2023:08:31:15 +0800] "GET /xingrg/kc/buy/cgsh_order_operate.html?command=get_materiel&rest_code=00146&code=00101008027&supplier_code=00100005&order_time=2023-03-02 HTTP/1.1" 200 409
180.157.253.110 - - [02/Mar/2023:08:31:18 +0800] "GET /xingrg/all/function/internal_message.html?_=1677717099905&CODE_STATE=getMsg HTTP/1.1" 200 27
116.230.112.199 - - [02/Mar/2023:08:31:27 +0800] "GET /xingrg/all/function/internal_message.html?_=1677717120989&CODE_STATE=getMsg HTTP/1.1" 200 27
116.238.139.35 - - [02/Mar/2023:08:31:27 +0800] "GET /xingrg/all/function/internal_message.html?_=1677717109785&CODE_STATE=getMsg HTTP/1.1" 200 27
116.238.139.35 - - [02/Mar/2023:08:31:28 +0800] "GET /xingrg/kc/buy/cgsh_order_add.html HTTP/1.1" 200 69570
116.238.139.35 - - [02/Mar/2023:08:31:29 +0800] "POST /xingrg/kc/buy/cgsh_order_operate.html HTTP/1.1" 200 8245
116.238.139.35 - - [02/Mar/2023:08:31:29 +0800] "GET /xingrg/javascript/easyui/themes/default/validatebox.css HTTP/1.1" 404 1104
116.237.77.128 - - [02/Mar/2023:08:31:32 +0800] "GET /xingrg/all/function/internal_message.html?_=1677717110964&CODE_STATE=getMsg HTTP/1.1" 200 27
180.157.253.110 - - [02/Mar/2023:08:31:33 +0800] "GET /xingrg/check_reg.html?_=1677717115259 HTTP/1.1" 200 22
116.238.139.35 - - [02/Mar/2023:08:31:40 +0800] "GET /xingrg/kc/buy/cgsh_order_operate.html?command=get_materiel&rest_code=00151&code=00101009053&supplier_code=00100022&order_time=2023-03-02 HTTP/1.1" 200 408
116.224.106.218 - - [02/Mar/2023:08:31:46 +0800] "GET /xingrg/all/function/internal_message.html?_=1677717126752&CODE_STATE=getMsg HTTP/1.1" 200 27
116.230.112.199 - - [02/Mar/2023:08:31:49 +0800] "GET /xingrg/kc/buy/cgsh_order_operate.html?command=get_materiel&rest_code=00146&code=00101008354&supplier_code=00100005&order_time=2023-03-02 HTTP/1.1" 200 412
116.238.139.35 - - [02/Mar/2023:08:31:50 +0800] "GET /xingrg/all/function/internal_message.html?_=1677717064257&CODE_STATE=getMsg HTTP/1.1" 200 27
116.238.139.35 - - [02/Mar/2023:08:31:59 +0800] "GET /xingrg/kc/buy/cgsh_order_operate.html?command=get_materiel&rest_code=00151&code=00101009062&supplier_code=00100022&order_time=2023-03-02 HTTP/1.1" 200 412
120.253.135.82 - - [02/Mar/2023:08:32:00 +0800] "GET /xingrg/all/function/internal_message.html?_=1677716965662&CODE_STATE=getMsg HTTP/1.1" 200 27
222.70.182.154 - - [02/Mar/2023:08:32:05 +0800] "GET /xingrg/all/function/internal_message.html?_=1677717223152&CODE_STATE=getMsg HTTP/1.1" 200 27
222.70.221.209 - - [02/Mar/2023:08:32:06 +0800] "GET /xingrg/all/function/internal_message.html?_=1677717102458&CODE_STATE=getMsg HTTP/1.1" 200 27
116.230.112.199 - - [02/Mar/2023:08:32:09 +0800] "POST /xingrg/kc/buy/cgsh_order_operate.html HTTP/1.1" 200 37
116.238.139.35 - - [02/Mar/2023:08:32:10 +0800] "GET /xingrg/kc/buy/cgsh_order_operate.html?command=get_materiel&rest_code=00151&code=00101009039&supplier_code=00100022&order_time=2023-03-02 HTTP/1.1" 200 408
116.230.112.199 - - [02/Mar/2023:08:32:11 +0800] "POST /xingrg/kc/buy/cgsh_order_operate.html HTTP/1.1" 200 8599
180.157.253.110 - - [02/Mar/2023:08:32:17 +0800] "GET /xingrg/all/function/internal_message.html?_=1677717159877&CODE_STATE=getMsg HTTP/1.1" 200 27
116.238.139.35 - - [02/Mar/2023:08:32:22 +0800] "GET /xingrg/kc/buy/cgsh_order_operate.html?command=get_materiel&rest_code=00151&code=00101009088&supplier_code=00100022&order_time=2023-03-02 HTTP/1.1" 200 405
116.230.112.199 - - [02/Mar/2023:08:32:27 +0800] "GET /xingrg/all/function/internal_message.html?_=1677717181001&CODE_STATE=getMsg HTTP/1.1" 200 27
116.238.139.35 - - [02/Mar/2023:08:32:27 +0800] "GET /xingrg/all/function/internal_message.html?_=1677717169771&CODE_STATE=getMsg HTTP/1.1" 200 27
180.163.29.206 - - [02/Mar/2023:08:32:32 +0800] "GET /xingrg/all/function/internal_message.html?_=1677717110964&CODE_STATE=getMsg HTTP/1.1" 302 -
180.163.29.206 - - [02/Mar/2023:08:32:32 +0800] "GET /xingrg/login.html HTTP/1.1" 200 7641
116.237.77.128 - - [02/Mar/2023:08:32:32 +0800] "GET /xingrg/all/function/internal_message.html?_=1677717170942&CODE_STATE=getMsg HTTP/1.1" 200 27
116.238.139.35 - - [02/Mar/2023:08:32:32 +0800] "GET /xingrg/kc/buy/cgsh_order_operate.html?command=get_materiel&rest_code=00151&code=00101009049&supplier_code=00100022&order_time=2023-03-02 HTTP/1.1" 200 416
116.230.112.199 - - [02/Mar/2023:08:32:33 +0800] "GET /xingrg/kc/buy/cgsh_order_operate.html?command=get_materiel&rest_code=00146&code=00101008038&supplier_code=00100005&order_time=2023-03-02 HTTP/1.1" 200 412
116.224.106.218 - - [02/Mar/2023:08:32:46 +0800] "GET /xingrg/all/function/internal_message.html?_=1677717186727&CODE_STATE=getMsg HTTP/1.1" 200 27
116.230.112.199 - - [02/Mar/2023:08:32:49 +0800] "GET /xingrg/kc/buy/cgsh_order_operate.html?command=get_materiel&rest_code=00146&code=00101008113&supplier_code=00100005&order_time=2023-03-02 HTTP/1.1" 200 413
116.238.139.35 - - [02/Mar/2023:08:32:50 +0800] "GET /xingrg/all/function/internal_message.html?_=1677717124271&CODE_STATE=getMsg HTTP/1.1" 200 27
222.70.221.209 - - [02/Mar/2023:08:32:58 +0800] "GET /xingrg/kc/buy/cgsh_order_list.html HTTP/1.1" 200 54185
120.253.135.82 - - [02/Mar/2023:08:32:59 +0800] "GET /xingrg/check_reg.html?_=1677717024256 HTTP/1.1" 200 22
222.70.221.209 - - [02/Mar/2023:08:32:59 +0800] "GET /xingrg/javascript/easyui/themes/icons/edit_add_new.png HTTP/1.1" 304 -
222.70.221.209 - - [02/Mar/2023:08:32:59 +0800] "GET /xingrg/javascript/easyui/themes/icons/import_new.png HTTP/1.1" 304 -
222.70.221.209 - - [02/Mar/2023:08:32:59 +0800] "GET /xingrg/javascript/easyui/themes/icons/cance_new.png HTTP/1.1" 304 -
222.70.221.209 - - [02/Mar/2023:08:32:59 +0800] "GET /xingrg/javascript/easyui/themes/icons/check_new.png HTTP/1.1" 304 -
120.253.135.82 - - [02/Mar/2023:08:33:00 +0800] "GET /xingrg/all/function/internal_message.html?_=1677717025676&CODE_STATE=getMsg HTTP/1.1" 200 27
222.70.221.209 - - [02/Mar/2023:08:33:01 +0800] "POST /xingrg/kc/buy/cgsh_list_operate.html HTTP/1.1" 200 1854
222.70.182.154 - - [02/Mar/2023:08:33:05 +0800] "GET /xingrg/all/function/internal_message.html?_=1677717283151&CODE_STATE=getMsg HTTP/1.1" 200 27
222.70.221.209 - - [02/Mar/2023:08:33:06 +0800] "GET /xingrg/all/function/internal_message.html?_=1677717162456&CODE_STATE=getMsg HTTP/1.1" 200 27
116.230.112.199 - - [02/Mar/2023:08:33:09 +0800] "POST /xingrg/kc/buy/cgsh_order_operate.html HTTP/1.1" 200 37
222.70.221.209 - - [02/Mar/2023:08:33:11 +0800] "POST /xingrg/kc/buy/cgsh_list_operate.html HTTP/1.1" 200 203
116.230.112.199 - - [02/Mar/2023:08:33:11 +0800] "POST /xingrg/kc/buy/cgsh_order_operate.html HTTP/1.1" 200 9782
222.70.221.209 - - [02/Mar/2023:08:33:12 +0800] "GET /xingrg/kc/buy/cgsh_order_info.html?code=212023030100381 HTTP/1.1" 200 70007
222.70.221.209 - - [02/Mar/2023:08:33:12 +0800] "GET /xingrg/javascript/jquery_tools/order_manager.js HTTP/1.1" 304 -
222.70.221.209 - - [02/Mar/2023:08:33:12 +0800] "GET /xingrg/javascript/convert.js HTTP/1.1" 304 -
222.70.221.209 - - [02/Mar/2023:08:33:12 +0800] "GET /xingrg/javascript/json2.js HTTP/1.1" 304 -
