114.83.219.234 - - [02/Mar/2023:09:05:34 +0800] "GET /xingrg/kc/buy/cgsh_order_operate.html?command=get_materiel&rest_code=00149&code=00101012064&supplier_code=00100008&order_time=2023-03-02 HTTP/1.1" 200 428
114.83.219.234 - - [02/Mar/2023:09:05:38 +0800] "POST /xingrg/all/common/load_select.html HTTP/1.1" 200 25
116.237.77.128 - - [02/Mar/2023:09:05:40 +0800] "POST /xingrg/kc/buy/cgsh_order_operate.html HTTP/1.1" 200 14488
114.83.219.234 - - [02/Mar/2023:09:05:42 +0800] "GET /xingrg/kc/buy/cgsh_order_operate.html?command=get_materiel_price&rest_code=00149&code=00101012064&unit_code=00100040&supplier_code=00100008&order_time=2023-03-02 HTTP/1.1" 200 27
116.224.106.218 - - [02/Mar/2023:09:05:46 +0800] "GET /xingrg/all/function/internal_message.html?_=1677719166124&CODE_STATE=getMsg HTTP/1.1" 200 27
116.192.124.172 - - [02/Mar/2023:09:05:48 +0800] "GET /xingrg/all/function/internal_message.html?_=1677719168365&CODE_STATE=getMsg HTTP/1.1" 200 27
114.83.222.182 - - [02/Mar/2023:09:05:49 +0800] "GET /xingrg/all/function/internal_message.html?_=1677719227107&CODE_STATE=getMsg HTTP/1.1" 200 27
116.238.139.35 - - [02/Mar/2023:09:05:53 +0800] "GET /xingrg/all/function/internal_message.html?_=1677719106700&CODE_STATE=getMsg HTTP/1.1" 200 27
114.83.219.234 - - [02/Mar/2023:09:05:54 +0800] "GET /xingrg/kc/buy/cgsh_order_operate.html?command=get_materiel&rest_code=00149&code=00101008209&supplier_code=00100008&order_time=2023-03-02 HTTP/1.1" 200 408
116.225.84.253 - - [02/Mar/2023:09:05:55 +0800] "GET /xingrg/kc/buy/cgsh_order_operate.html?command=get_materiel&rest_code=00105&code=00101019525&supplier_code=00100203&order_time=2023-03-02 HTTP/1.1" 200 421
116.225.84.253 - - [02/Mar/2023:09:05:55 +0800] "GET /xingrg/all/function/internal_message.html?_=1677719176924&CODE_STATE=getMsg HTTP/1.1" 200 27
180.169.147.146 - - [02/Mar/2023:09:06:01 +0800] "GET /xingrg/check_reg.html?_=1677719181286 HTTP/1.1" 200 22
180.169.147.146 - - [02/Mar/2023:09:06:01 +0800] "GET /xingrg/all/function/internal_message.html?_=1677719181289&CODE_STATE=getMsg HTTP/1.1" 200 27
116.230.112.199 - - [02/Mar/2023:09:06:02 +0800] "GET /xingrg/kc/buy/cgsh_order_operate.html?command=get_materiel&rest_code=00146&code=00101011012&supplier_code=00100033&order_time=2023-03-02 HTTP/1.1" 200 414
116.225.84.253 - - [02/Mar/2023:09:06:03 +0800] "GET /xingrg/kc/buy/cgsh_order_operate.html?command=get_materiel&rest_code=00105&code=00101016018&supplier_code=00100203&order_time=2023-03-02 HTTP/1.1" 200 442
114.83.219.234 - - [02/Mar/2023:09:06:04 +0800] "GET /xingrg/kc/buy/cgsh_order_operate.html?command=get_materiel&rest_code=00149&code=00101008001&supplier_code=00100008&order_time=2023-03-02 HTTP/1.1" 200 413
222.70.182.154 - - [02/Mar/2023:09:06:05 +0800] "GET /xingrg/all/function/internal_message.html?_=1677719263157&CODE_STATE=getMsg HTTP/1.1" 200 27
222.70.221.209 - - [02/Mar/2023:09:06:06 +0800] "GET /xingrg/all/function/internal_message.html?_=1677719142612&CODE_STATE=getMsg HTTP/1.1" 200 27
116.225.84.253 - - [02/Mar/2023:09:06:06 +0800] "GET /xingrg/all/function/internal_message.html?_=1677719031600&CODE_STATE=getMsg HTTP/1.1" 200 27
116.225.84.253 - - [02/Mar/2023:09:06:10 +0800] "GET /xingrg/kc/buy/cgsh_order_operate.html?command=get_materiel&rest_code=00105&code=00101010136&supplier_code=00100203&order_time=2023-03-02 HTTP/1.1" 200 408
114.83.219.234 - - [02/Mar/2023:09:06:10 +0800] "GET /xingrg/all/function/internal_message.html?_=1677719188506&CODE_STATE=getMsg HTTP/1.1" 200 27
114.83.219.234 - - [02/Mar/2023:09:06:13 +0800] "GET /xingrg/kc/buy/cgsh_order_operate.html?command=get_materiel&rest_code=00149&code=00101008019&supplier_code=00100008&order_time=2023-03-02 HTTP/1.1" 200 417
114.83.219.234 - - [02/Mar/2023:09:06:15 +0800] "POST /xingrg/kc/buy/cgsh_order_operate.html HTTP/1.1" 200 2065
180.157.253.110 - - [02/Mar/2023:09:06:17 +0800] "GET /xingrg/all/function/internal_message.html?_=1677719199321&CODE_STATE=getMsg HTTP/1.1" 200 27
116.225.84.253 - - [02/Mar/2023:09:06:20 +0800] "POST /xingrg/kc/buy/cgsh_order_operate.html HTTP/1.1" 200 37
116.225.84.253 - - [02/Mar/2023:09:06:22 +0800] "POST /xingrg/kc/buy/cgsh_order_operate.html HTTP/1.1" 200 31674
114.83.219.234 - - [02/Mar/2023:09:06:25 +0800] "GET /xingrg/kc/buy/cgsh_order_operate.html?command=get_materiel&rest_code=00149&code=00101008114&supplier_code=00100008&order_time=2023-03-02 HTTP/1.1" 200 413
116.238.139.35 - - [02/Mar/2023:09:06:27 +0800] "GET /xingrg/all/function/internal_message.html?_=1677719209004&CODE_STATE=getMsg HTTP/1.1" 200 27
222.70.182.154 - - [02/Mar/2023:09:06:27 +0800] "POST /xingrg/services/DataTransmitService HTTP/1.1" 200 524
116.230.112.199 - - [02/Mar/2023:09:06:28 +0800] "GET /xingrg/all/function/internal_message.html?_=1677719222372&CODE_STATE=getMsg HTTP/1.1" 200 27
116.230.112.199 - - [02/Mar/2023:09:06:30 +0800] "GET /xingrg/kc/buy/cgsh_order_operate.html?command=get_materiel&rest_code=00146&code=00101011007&supplier_code=00100033&order_time=2023-03-02 HTTP/1.1" 200 414
120.253.135.82 - - [02/Mar/2023:09:06:33 +0800] "GET /xingrg/all/function/internal_message.html?_=1677719038025&CODE_STATE=getMsg HTTP/1.1" 200 27
180.157.253.110 - - [02/Mar/2023:09:06:34 +0800] "GET /xingrg/check_reg.html?_=1677719215969 HTTP/1.1" 200 22
114.83.219.234 - - [02/Mar/2023:09:06:37 +0800] "GET /xingrg/kc/buy/cgsh_order_operate.html?command=get_materiel&rest_code=00149&code=00101009015&supplier_code=00100008&order_time=2023-03-02 HTTP/1.1" 200 416
116.237.77.128 - - [02/Mar/2023:09:06:42 +0800] "GET /favicon.ico HTTP/1.1" 404 -
116.224.106.218 - - [02/Mar/2023:09:06:46 +0800] "GET /xingrg/all/function/internal_message.html?_=1677719226096&CODE_STATE=getMsg HTTP/1.1" 200 27
114.83.219.234 - - [02/Mar/2023:09:06:46 +0800] "GET /xingrg/kc/buy/cgsh_order_operate.html?command=get_materiel&rest_code=00149&code=00101009011&supplier_code=00100008&order_time=2023-03-02 HTTP/1.1" 200 416
116.192.124.172 - - [02/Mar/2023:09:06:48 +0800] "GET /xingrg/all/function/internal_message.html?_=1677719228349&CODE_STATE=getMsg HTTP/1.1" 200 27
116.192.124.172 - - [02/Mar/2023:09:06:48 +0800] "GET /xingrg/check_reg.html?_=1677719228596 HTTP/1.1" 200 22
114.83.222.182 - - [02/Mar/2023:09:06:49 +0800] "GET /xingrg/all/function/internal_message.html?_=1677719287110&CODE_STATE=getMsg HTTP/1.1" 200 27
116.230.112.199 - - [02/Mar/2023:09:06:50 +0800] "GET /xingrg/kc/buy/cgsh_order_operate.html?command=get_materiel&rest_code=00146&code=00101012025&supplier_code=00100033&order_time=2023-03-02 HTTP/1.1" 200 412
116.238.139.35 - - [02/Mar/2023:09:06:53 +0800] "GET /xingrg/all/function/internal_message.html?_=1677719166714&CODE_STATE=getMsg HTTP/1.1" 200 27
116.225.84.253 - - [02/Mar/2023:09:06:55 +0800] "GET /xingrg/all/function/internal_message.html?_=1677719236908&CODE_STATE=getMsg HTTP/1.1" 200 27
116.225.84.253 - - [02/Mar/2023:09:06:55 +0800] "GET /xingrg/check_reg.html?_=1677719237142 HTTP/1.1" 200 22
114.83.219.234 - - [02/Mar/2023:09:06:57 +0800] "GET /xingrg/kc/buy/cgsh_order_operate.html?command=get_materiel&rest_code=00149&code=00101008150&supplier_code=00100008&order_time=2023-03-02 HTTP/1.1" 200 409
116.237.77.128 - - [02/Mar/2023:09:07:00 +0800] "GET /xingrg/login.html HTTP/1.1" 200 7641
180.169.147.146 - - [02/Mar/2023:09:07:01 +0800] "GET /xingrg/all/function/internal_message.html?_=1677719241300&CODE_STATE=getMsg HTTP/1.1" 200 27
116.237.77.128 - - [02/Mar/2023:09:07:02 +0800] "GET /favicon.ico HTTP/1.1" 404 -
222.70.182.154 - - [02/Mar/2023:09:07:05 +0800] "GET /xingrg/all/function/internal_message.html?_=1677719323145&CODE_STATE=getMsg HTTP/1.1" 200 27
222.70.221.209 - - [02/Mar/2023:09:07:06 +0800] "GET /xingrg/all/function/internal_message.html?_=1677719202592&CODE_STATE=getMsg HTTP/1.1" 200 27
116.225.84.253 - - [02/Mar/2023:09:07:06 +0800] "GET /xingrg/all/function/internal_message.html?_=1677719091610&CODE_STATE=getMsg HTTP/1.1" 200 27
114.83.219.234 - - [02/Mar/2023:09:07:07 +0800] "POST /xingrg/kc/buy/cgsh_order_operate.html HTTP/1.1" 200 37
114.83.219.234 - - [02/Mar/2023:09:07:10 +0800] "GET /xingrg/check_reg.html?_=1677719248782 HTTP/1.1" 200 22
114.83.219.234 - - [02/Mar/2023:09:07:10 +0800] "GET /xingrg/all/function/internal_message.html?_=1677719248785&CODE_STATE=getMsg HTTP/1.1" 200 27
114.83.219.234 - - [02/Mar/2023:09:07:11 +0800] "POST /xingrg/kc/buy/cgsh_order_operate.html HTTP/1.1" 200 33456
180.157.253.110 - - [02/Mar/2023:09:07:17 +0800] "GET /xingrg/all/function/internal_message.html?_=1677719259293&CODE_STATE=getMsg HTTP/1.1" 200 27
116.230.112.199 - - [02/Mar/2023:09:07:24 +0800] "GET /xingrg/kc/buy/cgsh_order_operate.html?command=get_materiel&rest_code=00146&code=00101011001&supplier_code=00100033&order_time=2023-03-02 HTTP/1.1" 200 423
120.253.135.82 - - [02/Mar/2023:09:07:26 +0800] "GET /xingrg/check_reg.html?_=1677719090923 HTTP/1.1" 200 22
116.238.139.35 - - [02/Mar/2023:09:07:27 +0800] "GET /xingrg/all/function/internal_message.html?_=1677719268989&CODE_STATE=getMsg HTTP/1.1" 200 27
116.230.112.199 - - [02/Mar/2023:09:07:31 +0800] "GET /xingrg/all/function/internal_message.html?_=1677719282419&CODE_STATE=getMsg HTTP/1.1" 200 27
120.253.135.82 - - [02/Mar/2023:09:07:33 +0800] "GET /xingrg/all/function/internal_message.html?_=1677719098039&CODE_STATE=getMsg HTTP/1.1" 200 27
116.230.112.199 - - [02/Mar/2023:09:07:38 +0800] "GET /xingrg/kc/buy/cgsh_order_operate.html?command=get_materiel&rest_code=00146&code=00101016080&supplier_code=00100033&order_time=2023-03-02 HTTP/1.1" 200 408
116.225.84.253 - - [02/Mar/2023:09:07:39 +0800] "GET /xingrg/kc/buy/cgsh_order_operate.html?command=get_materiel&rest_code=00105&code=00101008355&supplier_code=00100203&order_time=2023-03-02 HTTP/1.1" 200 408
116.238.139.35 - - [02/Mar/2023:09:07:43 +0800] "POST /xingrg/all/user/operate.html HTTP/1.1" 200 36
116.238.139.35 - - [02/Mar/2023:09:07:43 +0800] "GET /xingrg/index.html?sysBaseUrl=http%3A%2F%2F180.169.147.146%3A18081%2Fxingrg%2F&costTime=47×tamp=1677715986180 HTTP/1.1" 200 17179
116.238.139.35 - - [02/Mar/2023:09:07:43 +0800] "GET /xingrg/javascript/jquery_easy_ui/themes/default/easyui.css HTTP/1.1" 304 -
116.238.139.35 - - [02/Mar/2023:09:07:43 +0800] "GET /xingrg/javascript/jquery_easy_ui/themes/icon.css HTTP/1.1" 304 -
116.238.139.35 - - [02/Mar/2023:09:07:43 +0800] "GET /xingrg/css/form.css HTTP/1.1" 304 -
116.238.139.35 - - [02/Mar/2023:09:07:43 +0800] "GET /xingrg/javascript/jquery-1.4.2.min.js HTTP/1.1" 304 -
116.237.77.128 - - [02/Mar/2023:09:07:43 +0800] "POST /xingrg/login.do HTTP/1.1" 302 -
116.238.139.35 - - [02/Mar/2023:09:07:43 +0800] "GET /xingrg/javascript/jquery_easy_ui/jquery.easyui.min.js HTTP/1.1" 304 -
116.238.139.35 - - [02/Mar/2023:09:07:43 +0800] "GET /xingrg/javascript/jquery_easy_ui/easyui-lang-zh_CN.js HTTP/1.1" 304 -
116.238.139.35 - - [02/Mar/2023:09:07:43 +0800] "GET /xingrg/javascript/jquery.form.js HTTP/1.1" 304 -
116.237.77.128 - - [02/Mar/2023:09:07:43 +0800] "GET /xingrg/index.html?sysBaseUrl=http%3A%2F%2F180.169.147.146%3A18081%2Fxingrg%2F&costTime=41×tamp=1677719263870 HTTP/1.1" 200 17173
116.238.139.35 - - [02/Mar/2023:09:07:43 +0800] "GET /xingrg/javascript/jquery.utils.js HTTP/1.1" 304 -
116.238.139.35 - - [02/Mar/2023:09:07:43 +0800] "GET /xingrg/javascript/jquery.timers.js HTTP/1.1" 304 -
116.238.139.35 - - [02/Mar/2023:09:07:43 +0800] "GET /xingrg/images/blue/navBackgound.jpg HTTP/1.1" 304 -
116.238.139.35 - - [02/Mar/2023:09:07:43 +0800] "GET /xingrg/images/blue/jxLogo.png HTTP/1.1" 304 -
116.238.139.35 - - [02/Mar/2023:09:07:44 +0800] "GET /xingrg/javascript/jquery_easy_ui/themes/icons/settle_new.png HTTP/1.1" 304 -
116.238.139.35 - - [02/Mar/2023:09:07:44 +0800] "POST /xingrg/all/common/load_tree.html?tree=area_rest_tree_json&manage=1 HTTP/1.1" 200 476
116.238.139.35 - - [02/Mar/2023:09:07:44 +0800] "GET /xingrg/images/blue/pingpu.png HTTP/1.1" 304 -
116.238.139.35 - - [02/Mar/2023:09:07:44 +0800] "GET /xingrg/javascript/jquery_easy_ui/themes/default/images/panel_tool_collapse.gif HTTP/1.1" 304 -
116.238.139.35 - - [02/Mar/2023:09:07:44 +0800] "GET /xingrg/all/function/internal_message.html?_=1677719217368&CODE_STATE=count HTTP/1.1" 200 11
116.238.139.35 - - [02/Mar/2023:09:07:44 +0800] "GET /xingrg/check_reg.html?_=1677719217369 HTTP/1.1" 200 22
116.238.139.35 - - [02/Mar/2023:09:07:44 +0800] "GET /xingrg/javascript/jquery_easy_ui/themes/default/images/tree_arrows.gif HTTP/1.1" 304 -
116.238.139.35 - - [02/Mar/2023:09:07:44 +0800] "POST /xingrg/load_menu.html HTTP/1.1" 200 5138
116.238.139.35 - - [02/Mar/2023:09:07:44 +0800] "GET /xingrg/javascript/jquery_easy_ui/themes/default/images/tabs_leftarrow.png HTTP/1.1" 304 -
116.238.139.35 - - [02/Mar/2023:09:07:44 +0800] "GET /xingrg/javascript/jquery_easy_ui/themes/default/images/tabs_rightarrow.png HTTP/1.1" 304 -
116.238.139.35 - - [02/Mar/2023:09:07:44 +0800] "GET /xingrg/javascript/jquery_easy_ui/themes/default/images/tree_folder_open.gif HTTP/1.1" 304 -
116.238.139.35 - - [02/Mar/2023:09:07:44 +0800] "GET /xingrg/javascript/jquery_easy_ui/themes/icons/search_new.png HTTP/1.1" 304 -
116.238.139.35 - - [02/Mar/2023:09:07:44 +0800] "GET /xingrg/javascript/jquery_easy_ui/themes/default/images/tree_folder.gif HTTP/1.1" 304 -
116.238.139.35 - - [02/Mar/2023:09:07:44 +0800] "GET /xingrg/javascript/jquery_easy_ui/themes/icons/forms_new.png HTTP/1.1" 304 -
116.238.139.35 - - [02/Mar/2023:09:07:44 +0800] "GET /xingrg/javascript/jquery_easy_ui/themes/icons/storage_new.png HTTP/1.1" 304 -
116.238.139.35 - - [02/Mar/2023:09:07:44 +0800] "GET /xingrg/javascript/jquery_easy_ui/themes/default/images/tree_file.gif HTTP/1.1" 304 -
116.237.77.128 - - [02/Mar/2023:09:07:44 +0800] "GET /favicon.ico HTTP/1.1" 404 -
116.237.77.128 - - [02/Mar/2023:09:07:44 +0800] "POST /xingrg/all/common/load_tree.html?tree=area_rest_tree_json&manage=1 HTTP/1.1" 200 342
116.237.77.128 - - [02/Mar/2023:09:07:45 +0800] "GET /xingrg/check_reg.html?_=1677719283326 HTTP/1.1" 200 22
116.237.77.128 - - [02/Mar/2023:09:07:45 +0800] "GET /xingrg/all/function/internal_message.html?_=1677719283324&CODE_STATE=count HTTP/1.1" 200 11
116.237.77.128 - - [02/Mar/2023:09:07:45 +0800] "POST /xingrg/load_menu.html HTTP/1.1" 200 5138
116.224.106.218 - - [02/Mar/2023:09:07:46 +0800] "GET /xingrg/all/function/internal_message.html?_=1677719286068&CODE_STATE=getMsg HTTP/1.1" 200 27
116.192.124.172 - - [02/Mar/2023:09:07:48 +0800] "GET /xingrg/all/function/internal_message.html?_=1677719288335&CODE_STATE=getMsg HTTP/1.1" 200 27
114.83.222.182 - - [02/Mar/2023:09:07:49 +0800] "GET /xingrg/all/function/internal_message.html?_=1677719347096&CODE_STATE=getMsg HTTP/1.1" 200 27
116.230.112.199 - - [02/Mar/2023:09:07:53 +0800] "GET /xingrg/kc/buy/cgsh_order_operate.html?command=get_materiel&rest_code=00146&code=00101019124&supplier_code=00100033&order_time=2023-03-02 HTTP/1.1" 200 412
116.225.84.253 - - [02/Mar/2023:09:07:55 +0800] "GET /xingrg/all/function/internal_message.html?_=1677719296898&CODE_STATE=getMsg HTTP/1.1" 200 27
116.238.139.35 - - [02/Mar/2023:09:08:01 +0800] "GET /xingrg/kc/buy/cgsh_order_list.html HTTP/1.1" 200 54185
180.169.147.146 - - [02/Mar/2023:09:08:01 +0800] "GET /xingrg/all/function/internal_message.html?_=1677719301302&CODE_STATE=getMsg HTTP/1.1" 200 27
116.238.139.35 - - [02/Mar/2023:09:08:01 +0800] "POST /xingrg/kc/buy/cgsh_list_operate.html HTTP/1.1" 200 986
116.230.112.199 - - [02/Mar/2023:09:08:04 +0800] "GET /xingrg/kc/buy/cgsh_order_operate.html?command=get_materiel&rest_code=00146&code=00101016025&supplier_code=00100033&order_time=2023-03-02 HTTP/1.1" 200 408
116.238.139.35 - - [02/Mar/2023:09:08:04 +0800] "GET /xingrg/kc/base/wldb_order_list.html HTTP/1.1" 200 19104
116.238.139.35 - - [02/Mar/2023:09:08:05 +0800] "POST /xingrg/kc/base/wldb_list_operate.html HTTP/1.1" 200 928
222.70.182.154 - - [02/Mar/2023:09:08:05 +0800] "GET /xingrg/all/function/internal_message.html?_=1677719383163&CODE_STATE=getMsg HTTP/1.1" 200 27
222.70.221.209 - - [02/Mar/2023:09:08:06 +0800] "GET /xingrg/all/function/internal_message.html?_=1677719262576&CODE_STATE=getMsg HTTP/1.1" 200 27
116.238.139.35 - - [02/Mar/2023:09:08:06 +0800] "GET /xingrg/kc/base/wldb_order_add.html HTTP/1.1" 200 30395
116.225.84.253 - - [02/Mar/2023:09:08:06 +0800] "GET /xingrg/all/function/internal_message.html?_=1677719151600&CODE_STATE=getMsg HTTP/1.1" 200 27
116.238.139.35 - - [02/Mar/2023:09:08:06 +0800] "POST /xingrg/kc/base/wldb_order_operate.html HTTP/1.1" 200 6806
116.238.139.35 - - [02/Mar/2023:09:08:07 +0800] "GET /xingrg/all/common/auto_word.html?type=base&rest_code=00150 HTTP/1.1" 200 1853
116.238.139.35 - - [02/Mar/2023:09:08:07 +0800] "GET /xingrg/all/common/auto_word.html?type=base&rest_code=00150 HTTP/1.1" 200 1853
116.238.139.35 - - [02/Mar/2023:09:08:07 +0800] "GET /xingrg/javascript/easyui/themes/default/validatebox.css HTTP/1.1" 404 1104
116.238.139.35 - - [02/Mar/2023:09:08:08 +0800] "GET /xingrg/css/images/panel_loading.gif HTTP/1.1" 200 1737
116.238.139.35 - - [02/Mar/2023:09:08:08 +0800] "POST /xingrg/all/common/load_combo.html?type=base HTTP/1.1" 200 3318
114.83.219.234 - - [02/Mar/2023:09:08:10 +0800] "GET /xingrg/all/function/internal_message.html?_=1677719308766&CODE_STATE=getMsg HTTP/1.1" 200 27
116.238.139.35 - - [02/Mar/2023:09:08:14 +0800] "GET /xingrg/javascript/auto/indicator.gif HTTP/1.1" 404 1066
180.157.253.110 - - [02/Mar/2023:09:08:17 +0800] "GET /xingrg/all/function/internal_message.html?_=1677719319278&CODE_STATE=getMsg HTTP/1.1" 200 27
116.238.139.35 - - [02/Mar/2023:09:08:20 +0800] "GET /xingrg/kc/base/wldb_order_operate.html?command=get_materiel&rest_code=00150&base_code=0010446&code=00102002439 HTTP/1.1" 200 472
116.230.112.199 - - [02/Mar/2023:09:08:23 +0800] "GET /xingrg/kc/buy/cgsh_order_operate.html?command=get_materiel&rest_code=00146&code=00101012003&supplier_code=00100033&order_time=2023-03-02 HTTP/1.1" 200 413
120.253.135.82 - - [02/Mar/2023:09:08:24 +0800] "GET /xingrg/kc/pszx/mdps_order_list.html?orderType=0 HTTP/1.1" 200 21032
120.253.135.82 - - [02/Mar/2023:09:08:24 +0800] "POST /xingrg/kc/pszx/mdps_list_operate.html HTTP/1.1" 200 5400
116.238.139.35 - - [02/Mar/2023:09:08:27 +0800] "GET /xingrg/all/function/internal_message.html?_=1677719328959&CODE_STATE=getMsg HTTP/1.1" 200 27
116.230.112.199 - - [02/Mar/2023:09:08:28 +0800] "GET /xingrg/all/function/internal_message.html?_=1677719342426&CODE_STATE=getMsg HTTP/1.1" 200 27
120.253.135.82 - - [02/Mar/2023:09:08:29 +0800] "POST /xingrg/kc/pszx/mdps_list_operate.html HTTP/1.1" 200 1681
116.238.139.35 - - [02/Mar/2023:09:08:30 +0800] "GET /xingrg/kc/base/wldb_order_operate.html?command=get_materiel&rest_code=00150&base_code=0010446&code=00102002216 HTTP/1.1" 200 452
120.253.135.82 - - [02/Mar/2023:09:08:31 +0800] "POST /xingrg/kc/pszx/mdps_list_operate.html HTTP/1.1" 200 464
120.253.135.82 - - [02/Mar/2023:09:08:33 +0800] "GET /xingrg/all/function/internal_message.html?_=1677719158053&CODE_STATE=getMsg HTTP/1.1" 200 27
120.253.135.82 - - [02/Mar/2023:09:08:37 +0800] "POST /xingrg/kc/pszx/mdps_list_operate.html HTTP/1.1" 200 3243
116.237.77.128 - - [02/Mar/2023:09:08:37 +0800] "GET /xingrg/kc/buy/buy_main.html HTTP/1.1" 200 12412
116.237.77.128 - - [02/Mar/2023:09:08:37 +0800] "GET /xingrg/css/new_ie.css HTTP/1.1" 404 1036
116.237.77.128 - - [02/Mar/2023:09:08:38 +0800] "GET /xingrg/images/yd/bt.gif HTTP/1.1" 404 1040
116.237.77.128 - - [02/Mar/2023:09:08:39 +0800] "GET /xingrg/kc/buy/cgsh_order_list.html HTTP/1.1" 200 54179
116.230.112.199 - - [02/Mar/2023:09:08:39 +0800] "GET /xingrg/kc/buy/cgsh_order_operate.html?command=get_materiel&rest_code=00146&code=00101016057&supplier_code=00100033&order_time=2023-03-02 HTTP/1.1" 200 408
120.253.135.82 - - [02/Mar/2023:09:08:39 +0800] "POST /xingrg/kc/pszx/mdps_list_operate.html HTTP/1.1" 200 630
120.253.135.82 - - [02/Mar/2023:09:08:41 +0800] "POST /xingrg/kc/pszx/mdps_list_operate.html HTTP/1.1" 200 469
116.237.77.128 - - [02/Mar/2023:09:08:42 +0800] "POST /xingrg/kc/buy/cgsh_list_operate.html HTTP/1.1" 200 1869
120.253.135.82 - - [02/Mar/2023:09:08:42 +0800] "GET /xingrg/kc/pszx/mdps_order_info.html?code=312023030100003 HTTP/1.1" 200 19632
120.253.135.82 - - [02/Mar/2023:09:08:43 +0800] "POST /xingrg/kc/pszx/mdps_order_operate.html HTTP/1.1" 200 2028
120.253.135.82 - - [02/Mar/2023:09:08:43 +0800] "GET /xingrg/javascript/easyui/themes/default/validatebox.css HTTP/1.1" 404 1104
116.238.139.35 - - [02/Mar/2023:09:08:44 +0800] "GET /xingrg/all/function/internal_message.html?_=1677719277462&CODE_STATE=getMsg HTTP/1.1" 200 27
116.237.77.128 - - [02/Mar/2023:09:08:44 +0800] "POST /xingrg/kc/buy/cgsh_list_operate.html HTTP/1.1" 200 567
116.237.77.128 - - [02/Mar/2023:09:08:45 +0800] "GET /xingrg/all/function/internal_message.html?_=1677719343333&CODE_STATE=getMsg HTTP/1.1" 200 27
116.224.106.218 - - [02/Mar/2023:09:08:46 +0800] "GET /xingrg/all/function/internal_message.html?_=1677719346055&CODE_STATE=getMsg HTTP/1.1" 200 27
116.237.77.128 - - [02/Mar/2023:09:08:46 +0800] "GET /xingrg/kc/buy/cgsh_order_info.html?code=212023030200392 HTTP/1.1" 200 69970
116.237.77.128 - - [02/Mar/2023:09:08:47 +0800] "GET /xingrg/all/common/auto_word.html?type=employee&rest_code=00106 HTTP/1.1" 200 205
116.237.77.128 - - [02/Mar/2023:09:08:47 +0800] "GET /xingrg/javascript/easyui/themes/default/validatebox.css HTTP/1.1" 404 1104
116.237.77.128 - - [02/Mar/2023:09:08:47 +0800] "GET /xingrg/all/common/auto_word.html?type=employee&rest_code=00106 HTTP/1.1" 200 205
116.238.139.35 - - [02/Mar/2023:09:08:47 +0800] "GET /xingrg/kc/base/wldb_order_operate.html?command=get_materiel&rest_code=00150&base_code=0010446&code=00102002497 HTTP/1.1" 200 440
116.237.77.128 - - [02/Mar/2023:09:08:48 +0800] "POST /xingrg/kc/buy/cgsh_order_operate.html HTTP/1.1" 200 14488
116.192.124.172 - - [02/Mar/2023:09:08:48 +0800] "GET /xingrg/all/function/internal_message.html?_=1677719348316&CODE_STATE=getMsg HTTP/1.1" 200 27
120.253.135.82 - - [02/Mar/2023:09:08:48 +0800] "POST /xingrg/kc/pszx/mdps_list_operate.html HTTP/1.1" 200 446
114.83.222.182 - - [02/Mar/2023:09:08:49 +0800] "GET /xingrg/all/function/internal_message.html?_=1677719407108&CODE_STATE=getMsg HTTP/1.1" 200 27
114.83.222.182 - - [02/Mar/2023:09:08:49 +0800] "GET /xingrg/check_reg.html?_=1677719407109 HTTP/1.1" 200 22
120.253.135.82 - - [02/Mar/2023:09:08:50 +0800] "POST /xingrg/kc/pszx/mdps_list_operate.html HTTP/1.1" 200 441
116.237.77.128 - - [02/Mar/2023:09:08:51 +0800] "GET /xingrg/javascript/auto/indicator.gif HTTP/1.1" 404 1066
120.253.135.82 - - [02/Mar/2023:09:08:53 +0800] "POST /xingrg/kc/pszx/mdps_list_operate.html HTTP/1.1" 200 218
116.225.84.253 - - [02/Mar/2023:09:08:55 +0800] "GET /xingrg/all/function/internal_message.html?_=1677719356903&CODE_STATE=getMsg HTTP/1.1" 200 27
116.230.112.199 - - [02/Mar/2023:09:08:55 +0800] "GET /xingrg/kc/buy/cgsh_order_operate.html?command=get_materiel&rest_code=00146&code=00101007109&supplier_code=00100033&order_time=2023-03-02 HTTP/1.1" 200 408
116.238.139.35 - - [02/Mar/2023:09:08:56 +0800] "POST /xingrg/kc/base/wldb_order_operate.html HTTP/1.1" 200 37
114.83.219.234 - - [02/Mar/2023:09:08:59 +0800] "POST /xingrg/kc/buy/cgsh_order_operate.html HTTP/1.1" 200 37
116.238.139.35 - - [02/Mar/2023:09:08:59 +0800] "POST /xingrg/kc/base/wldb_order_operate.html HTTP/1.1" 200 12
116.238.139.35 - - [02/Mar/2023:09:08:59 +0800] "POST /xingrg/kc/base/wldb_order_operate.html HTTP/1.1" 200 3178
116.238.139.35 - - [02/Mar/2023:09:09:00 +0800] "GET /xingrg/kc/base/wldb_order_info.html?code=422023030200111 HTTP/1.1" 200 26280
116.238.139.35 - - [02/Mar/2023:09:09:00 +0800] "GET /xingrg/javascript/easyui/themes/default/validatebox.css HTTP/1.1" 404 1104
116.238.139.35 - - [02/Mar/2023:09:09:00 +0800] "POST /xingrg/kc/base/wldb_order_operate.html HTTP/1.1" 200 1450
180.169.147.146 - - [02/Mar/2023:09:09:01 +0800] "GET /xingrg/all/function/internal_message.html?_=1677719361302&CODE_STATE=getMsg HTTP/1.1" 200 27
222.70.182.154 - - [02/Mar/2023:09:09:05 +0800] "GET /xingrg/check_reg.html?_=1677719443141 HTTP/1.1" 200 22
222.70.182.154 - - [02/Mar/2023:09:09:05 +0800] "GET /xingrg/all/function/internal_message.html?_=1677719443144&CODE_STATE=getMsg HTTP/1.1" 200 27
222.70.221.209 - - [02/Mar/2023:09:09:06 +0800] "GET /xingrg/check_reg.html?_=1677719322460 HTTP/1.1" 200 22
222.70.221.209 - - [02/Mar/2023:09:09:06 +0800] "GET /xingrg/all/function/internal_message.html?_=1677719322570&CODE_STATE=getMsg HTTP/1.1" 200 27
116.225.84.253 - - [02/Mar/2023:09:09:06 +0800] "GET /xingrg/all/function/internal_message.html?_=1677719211610&CODE_STATE=getMsg HTTP/1.1" 200 27
116.237.77.128 - - [02/Mar/2023:09:09:07 +0800] "GET /xingrg/kc/buy/cgsh_order_operate.html?command=get_materiel&rest_code=00106&code=00101011005&supplier_code=00100007&order_time=2023-03-02 HTTP/1.1" 200 408
120.253.135.82 - - [02/Mar/2023:09:09:11 +0800] "POST /xingrg/kc/pszx/mdps_list_operate.html HTTP/1.1" 200 2521
120.253.135.82 - - [02/Mar/2023:09:09:13 +0800] "POST /xingrg/kc/pszx/mdps_list_operate.html HTTP/1.1" 200 428
116.238.139.35 - - [02/Mar/2023:09:09:15 +0800] "GET /xingrg/kc/base/wldb_order_add.html HTTP/1.1" 200 30395
116.238.139.35 - - [02/Mar/2023:09:09:15 +0800] "POST /xingrg/kc/base/wldb_order_operate.html HTTP/1.1" 200 6806
116.238.139.35 - - [02/Mar/2023:09:09:16 +0800] "GET /xingrg/javascript/easyui/themes/default/validatebox.css HTTP/1.1" 404 1104
180.157.253.110 - - [02/Mar/2023:09:09:17 +0800] "GET /xingrg/all/function/internal_message.html?_=1677719379248&CODE_STATE=getMsg HTTP/1.1" 200 27
116.238.139.35 - - [02/Mar/2023:09:09:17 +0800] "POST /xingrg/all/common/load_combo.html?type=base HTTP/1.1" 200 3318
114.83.219.234 - - [02/Mar/2023:09:09:19 +0800] "GET /xingrg/all/function/internal_message.html?_=1677719377388&CODE_STATE=getMsg HTTP/1.1" 200 27
114.83.219.234 - - [02/Mar/2023:09:09:22 +0800] "POST /xingrg/kc/buy/cgsh_order_operate.html HTTP/1.1" 200 12
116.238.139.35 - - [02/Mar/2023:09:09:27 +0800] "GET /xingrg/all/function/internal_message.html?_=1677719388929&CODE_STATE=getMsg HTTP/1.1" 200 27
116.230.112.199 - - [02/Mar/2023:09:09:28 +0800] "GET /xingrg/all/function/internal_message.html?_=1677719402440&CODE_STATE=getMsg HTTP/1.1" 200 27
116.238.139.35 - - [02/Mar/2023:09:09:31 +0800] "GET /xingrg/kc/base/wldb_order_operate.html?command=get_materiel&rest_code=00150&base_code=0010450&code=00101003035 HTTP/1.1" 200 433
120.253.135.82 - - [02/Mar/2023:09:09:33 +0800] "GET /xingrg/all/function/internal_message.html?_=1677719218066&CODE_STATE=getMsg HTTP/1.1" 200 27
114.83.219.234 - - [02/Mar/2023:09:09:34 +0800] "GET /xingrg/kc/buy/cgsh_order_info.html?code=212023030200401 HTTP/1.1" 200 64951
114.83.219.234 - - [02/Mar/2023:09:09:34 +0800] "GET /xingrg/javascript/easyui/themes/default/validatebox.css HTTP/1.1" 404 1104
114.83.219.234 - - [02/Mar/2023:09:09:35 +0800] "POST /xingrg/kc/buy/cgsh_order_operate.html HTTP/1.1" 200 31394
114.83.219.234 - - [02/Mar/2023:09:09:36 +0800] "GET /xingrg/kc/print/load_config.html?kc_code=cgsh HTTP/1.1" 200 1925
114.83.219.234 - - [02/Mar/2023:09:09:36 +0800] "GET /xingrg/kc/print/load_data.html?order_code=212023030200401&kc_code=cgsh&condition= HTTP/1.1" 200 12381
120.253.135.82 - - [02/Mar/2023:09:09:40 +0800] "GET /xingrg/kc/pszx/mdqp_order_list.html?state=10 HTTP/1.1" 200 10275
120.253.135.82 - - [02/Mar/2023:09:09:40 +0800] "GET /xingrg/dwr/interface/AjaxReportQueryService.js HTTP/1.1" 200 13203
120.253.135.82 - - [02/Mar/2023:09:09:40 +0800] "GET /xingrg/dwr/engine.js HTTP/1.1" 200 43631
116.237.77.128 - - [02/Mar/2023:09:09:40 +0800] "GET /xingrg/kc/buy/cgsh_order_operate.html?command=get_materiel&rest_code=00106&code=00101008114&supplier_code=00100007&order_time=2023-03-02 HTTP/1.1" 200 413
120.253.135.82 - - [02/Mar/2023:09:09:40 +0800] "GET /xingrg/dwr/interface/AjaxQqpsService.js HTTP/1.1" 200 16326
120.253.135.82 - - [02/Mar/2023:09:09:42 +0800] "GET /xingrg/kc/pszx/mdqp_order_list.html?state=10 HTTP/1.1" 200 10275
120.253.135.82 - - [02/Mar/2023:09:09:42 +0800] "GET /xingrg/dwr/interface/AjaxReportQueryService.js HTTP/1.1" 200 13203
120.253.135.82 - - [02/Mar/2023:09:09:42 +0800] "GET /xingrg/dwr/interface/AjaxQqpsService.js HTTP/1.1" 200 16326
120.253.135.82 - - [02/Mar/2023:09:09:42 +0800] "GET /xingrg/dwr/engine.js HTTP/1.1" 200 43631
116.238.139.35 - - [02/Mar/2023:09:09:44 +0800] "GET /xingrg/all/function/internal_message.html?_=1677719337472&CODE_STATE=getMsg HTTP/1.1" 200 27
120.253.135.82 - - [02/Mar/2023:09:09:44 +0800] "GET /xingrg/kc/pszx/mdps_order_list.html?orderType=0 HTTP/1.1" 200 21032
116.237.77.128 - - [02/Mar/2023:09:09:45 +0800] "GET /xingrg/all/function/internal_message.html?_=1677719403329&CODE_STATE=getMsg HTTP/1.1" 200 27
120.253.135.82 - - [02/Mar/2023:09:09:45 +0800] "POST /xingrg/kc/pszx/mdps_list_operate.html HTTP/1.1" 200 5400
116.238.139.35 - - [02/Mar/2023:09:09:45 +0800] "GET /xingrg/kc/base/wldb_order_operate.html?command=get_materiel&rest_code=00150&base_code=0010450&code=00101002038 HTTP/1.1" 200 437
116.224.106.218 - - [02/Mar/2023:09:09:46 +0800] "GET /xingrg/all/function/internal_message.html?_=1677719406026&CODE_STATE=getMsg HTTP/1.1" 200 27
116.238.139.35 - - [02/Mar/2023:09:09:46 +0800] "GET /xingrg/check_reg.html?_=1677719408230 HTTP/1.1" 200 22
116.192.124.172 - - [02/Mar/2023:09:09:48 +0800] "GET /xingrg/all/function/internal_message.html?_=1677719408295&CODE_STATE=getMsg HTTP/1.1" 200 27
116.237.77.128 - - [02/Mar/2023:09:09:48 +0800] "GET /xingrg/kc/buy/cgsh_order_operate.html?command=get_materiel&rest_code=00106&code=00101008370&supplier_code=00100007&order_time=2023-03-02 HTTP/1.1" 200 412
114.83.222.182 - - [02/Mar/2023:09:09:49 +0800] "GET /xingrg/all/function/internal_message.html?_=1677719467104&CODE_STATE=getMsg HTTP/1.1" 200 27
116.225.84.253 - - [02/Mar/2023:09:09:55 +0800] "GET /xingrg/all/function/internal_message.html?_=1677719417047&CODE_STATE=getMsg HTTP/1.1" 200 27
116.237.77.128 - - [02/Mar/2023:09:09:57 +0800] "GET /xingrg/kc/buy/cgsh_order_operate.html?command=get_materiel&rest_code=00106&code=00101008141&supplier_code=00100007&order_time=2023-03-02 HTTP/1.1" 200 412
180.169.147.146 - - [02/Mar/2023:09:10:01 +0800] "GET /xingrg/all/function/internal_message.html?_=1677719421302&CODE_STATE=getMsg HTTP/1.1" 200 27
116.224.106.218 - - [02/Mar/2023:09:10:01 +0800] "GET /xingrg/check_reg.html?_=1677719421910 HTTP/1.1" 200 22
116.238.139.35 - - [02/Mar/2023:09:10:04 +0800] "GET /xingrg/kc/base/wldb_order_operate.html?command=get_materiel&rest_code=00150&base_code=0010450&code=00101004101 HTTP/1.1" 200 434
116.237.77.128 - - [02/Mar/2023:09:10:05 +0800] "GET /xingrg/kc/buy/cgsh_order_operate.html?command=get_materiel&rest_code=00106&code=00101008126&supplier_code=00100007&order_time=2023-03-02 HTTP/1.1" 200 412
222.70.182.154 - - [02/Mar/2023:09:10:05 +0800] "GET /xingrg/all/function/internal_message.html?_=1677719503160&CODE_STATE=getMsg HTTP/1.1" 200 27
222.70.221.209 - - [02/Mar/2023:09:10:06 +0800] "GET /xingrg/all/function/internal_message.html?_=1677719382556&CODE_STATE=getMsg HTTP/1.1" 200 27
116.225.84.253 - - [02/Mar/2023:09:10:06 +0800] "GET /xingrg/all/function/internal_message.html?_=1677719271599&CODE_STATE=getMsg HTTP/1.1" 200 27
116.225.84.253 - - [02/Mar/2023:09:10:07 +0800] "GET /xingrg/check_reg.html?_=1677719271600 HTTP/1.1" 200 22
116.237.77.128 - - [02/Mar/2023:09:10:09 +0800] "POST /xingrg/kc/buy/cgsh_order_operate.html HTTP/1.1" 200 2065
116.237.77.128 - - [02/Mar/2023:09:10:16 +0800] "GET /xingrg/kc/buy/cgsh_order_operate.html?command=get_materiel&rest_code=00106&code=00101008087&supplier_code=00100007&order_time=2023-03-02 HTTP/1.1" 200 412
180.157.253.110 - - [02/Mar/2023:09:10:17 +0800] "GET /xingrg/all/function/internal_message.html?_=1677719439233&CODE_STATE=getMsg HTTP/1.1" 200 27
114.83.219.234 - - [02/Mar/2023:09:10:19 +0800] "GET /xingrg/all/function/internal_message.html?_=1677719437370&CODE_STATE=getMsg HTTP/1.1" 200 27
116.238.139.35 - - [02/Mar/2023:09:10:19 +0800] "GET /xingrg/kc/base/wldb_order_operate.html?command=get_materiel&rest_code=00150&base_code=0010450&code=00101005015 HTTP/1.1" 200 428
116.230.112.199 - - [02/Mar/2023:09:10:22 +0800] "GET /xingrg/check_reg.html?_=1677719456252 HTTP/1.1" 200 22
116.237.77.128 - - [02/Mar/2023:09:10:25 +0800] "GET /xingrg/kc/buy/cgsh_order_operate.html?command=get_materiel&rest_code=00106&code=00101008213&supplier_code=00100007&order_time=2023-03-02 HTTP/1.1" 200 412
116.238.139.35 - - [02/Mar/2023:09:10:26 +0800] "GET /xingrg/kc/base/wldb_order_operate.html?command=get_materiel&rest_code=00150&base_code=0010450&code=00101010039 HTTP/1.1" 200 432
116.238.139.35 - - [02/Mar/2023:09:10:27 +0800] "GET /xingrg/all/function/internal_message.html?_=1677719448908&CODE_STATE=getMsg HTTP/1.1" 200 27
116.230.112.199 - - [02/Mar/2023:09:10:28 +0800] "GET /xingrg/all/function/internal_message.html?_=1677719462454&CODE_STATE=getMsg HTTP/1.1" 200 27
120.253.135.82 - - [02/Mar/2023:09:10:33 +0800] "GET /xingrg/all/function/internal_message.html?_=1677719278080&CODE_STATE=getMsg HTTP/1.1" 200 27
116.237.77.128 - - [02/Mar/2023:09:10:34 +0800] "GET /xingrg/kc/buy/cgsh_order_operate.html?command=get_materiel&rest_code=00106&code=00101008059&supplier_code=00100007&order_time=2023-03-02 HTTP/1.1" 200 408
116.238.139.35 - - [02/Mar/2023:09:10:36 +0800] "GET /xingrg/kc/base/wldb_order_operate.html?command=get_materiel&rest_code=00150&base_code=0010450&code=00101004104 HTTP/1.1" 200 429
116.238.139.35 - - [02/Mar/2023:09:10:42 +0800] "GET /xingrg/kc/base/wldb_order_operate.html?command=get_materiel&rest_code=00150&base_code=0010450&code=00101001135 HTTP/1.1" 200 434
116.238.139.35 - - [02/Mar/2023:09:10:44 +0800] "GET /xingrg/all/function/internal_message.html?_=1677719397486&CODE_STATE=getMsg HTTP/1.1" 200 27
116.237.77.128 - - [02/Mar/2023:09:10:45 +0800] "GET /xingrg/all/function/internal_message.html?_=1677719463330&CODE_STATE=getMsg HTTP/1.1" 200 27
116.224.106.218 - - [02/Mar/2023:09:10:46 +0800] "GET /xingrg/all/function/internal_message.html?_=1677719465998&CODE_STATE=getMsg HTTP/1.1" 200 27
116.192.124.172 - - [02/Mar/2023:09:10:48 +0800] "GET /xingrg/all/function/internal_message.html?_=1677719468272&CODE_STATE=getMsg HTTP/1.1" 200 27
114.83.222.182 - - [02/Mar/2023:09:10:49 +0800] "GET /xingrg/all/function/internal_message.html?_=1677719527107&CODE_STATE=getMsg HTTP/1.1" 200 27
116.238.139.35 - - [02/Mar/2023:09:10:53 +0800] "GET /xingrg/kc/base/wldb_order_operate.html?command=get_materiel&rest_code=00150&base_code=0010450&code=00101003006 HTTP/1.1" 200 434
116.225.84.253 - - [02/Mar/2023:09:10:55 +0800] "GET /xingrg/all/function/internal_message.html?_=1677719476901&CODE_STATE=getMsg HTTP/1.1" 200 27
180.169.147.146 - - [02/Mar/2023:09:11:01 +0800] "GET /xingrg/check_reg.html?_=1677719481303 HTTP/1.1" 200 22
180.169.147.146 - - [02/Mar/2023:09:11:01 +0800] "GET /xingrg/all/function/internal_message.html?_=1677719481308&CODE_STATE=getMsg HTTP/1.1" 200 27
222.70.182.154 - - [02/Mar/2023:09:11:05 +0800] "GET /xingrg/all/function/internal_message.html?_=1677719563155&CODE_STATE=getMsg HTTP/1.1" 200 27
222.70.221.209 - - [02/Mar/2023:09:11:06 +0800] "GET /xingrg/all/function/internal_message.html?_=1677719442541&CODE_STATE=getMsg HTTP/1.1" 200 27
116.225.84.253 - - [02/Mar/2023:09:11:06 +0800] "GET /xingrg/all/function/internal_message.html?_=1677719331600&CODE_STATE=getMsg HTTP/1.1" 200 27
116.238.139.35 - - [02/Mar/2023:09:11:13 +0800] "GET /xingrg/kc/base/wldb_order_operate.html?command=get_materiel&rest_code=00150&base_code=0010450&code=00101001052 HTTP/1.1" 200 430
180.157.253.110 - - [02/Mar/2023:09:11:17 +0800] "GET /xingrg/all/function/internal_message.html?_=1677719499204&CODE_STATE=getMsg HTTP/1.1" 200 27
116.237.77.128 - - [02/Mar/2023:09:11:18 +0800] "POST /xingrg/kc/buy/cgsh_order_operate.html HTTP/1.1" 200 37
114.83.219.234 - - [02/Mar/2023:09:11:19 +0800] "GET /xingrg/all/function/internal_message.html?_=1677719497343&CODE_STATE=getMsg HTTP/1.1" 200 27
116.237.77.128 - - [02/Mar/2023:09:11:23 +0800] "POST /xingrg/kc/buy/cgsh_order_operate.html HTTP/1.1" 200 18653
116.238.139.35 - - [02/Mar/2023:09:11:27 +0800] "GET /xingrg/all/function/internal_message.html?_=1677719508893&CODE_STATE=getMsg HTTP/1.1" 200 27
116.230.112.199 - - [02/Mar/2023:09:11:28 +0800] "GET /xingrg/all/function/internal_message.html?_=1677719522467&CODE_STATE=getMsg HTTP/1.1" 200 27
116.237.77.128 - - [02/Mar/2023:09:11:31 +0800] "GET /xingrg/kc/buy/cgsh_order_operate.html?command=get_materiel&rest_code=00106&code=00101008112&supplier_code=00100007&order_time=2023-03-02 HTTP/1.1" 200 414
120.253.135.82 - - [02/Mar/2023:09:11:33 +0800] "GET /xingrg/all/function/internal_message.html?_=1677719338094&CODE_STATE=getMsg HTTP/1.1" 200 27
180.157.253.110 - - [02/Mar/2023:09:11:34 +0800] "GET /xingrg/check_reg.html?_=1677719515946 HTTP/1.1" 200 22
116.238.139.35 - - [02/Mar/2023:09:11:44 +0800] "GET /xingrg/all/function/internal_message.html?_=1677719457500&CODE_STATE=getMsg HTTP/1.1" 200 27
116.237.77.128 - - [02/Mar/2023:09:11:45 +0800] "GET /xingrg/all/function/internal_message.html?_=1677719523336&CODE_STATE=getMsg HTTP/1.1" 200 27
116.224.106.218 - - [02/Mar/2023:09:11:45 +0800] "GET /xingrg/all/function/internal_message.html?_=1677719525986&CODE_STATE=getMsg HTTP/1.1" 200 27
116.192.124.172 - - [02/Mar/2023:09:11:48 +0800] "GET /xingrg/all/function/internal_message.html?_=1677719528247&CODE_STATE=getMsg HTTP/1.1" 200 27
116.237.77.128 - - [02/Mar/2023:09:11:48 +0800] "GET /xingrg/kc/buy/cgsh_order_operate.html?command=get_materiel&rest_code=00106&code=00101008354&supplier_code=00100007&order_time=2023-03-02 HTTP/1.1" 200 412
116.192.124.172 - - [02/Mar/2023:09:11:48 +0800] "GET /xingrg/check_reg.html?_=1677719528587 HTTP/1.1" 200 22
114.83.222.182 - - [02/Mar/2023:09:11:49 +0800] "GET /xingrg/all/function/internal_message.html?_=1677719587095&CODE_STATE=getMsg HTTP/1.1" 200 27
116.225.84.253 - - [02/Mar/2023:09:11:55 +0800] "GET /xingrg/all/function/internal_message.html?_=1677719536906&CODE_STATE=getMsg HTTP/1.1" 200 27
116.225.84.253 - - [02/Mar/2023:09:11:55 +0800] "GET /xingrg/check_reg.html?_=1677719537120 HTTP/1.1" 200 22
116.238.139.35 - - [02/Mar/2023:09:11:57 +0800] "GET /xingrg/kc/base/wldb_order_operate.html?command=get_materiel&rest_code=00150&base_code=0010450&code=00101001046 HTTP/1.1" 200 465
116.237.77.128 - - [02/Mar/2023:09:11:59 +0800] "GET /xingrg/kc/buy/cgsh_order_operate.html?command=get_materiel&rest_code=00106&code=00101008224&supplier_code=00100007&order_time=2023-03-02 HTTP/1.1" 200 416
180.169.147.146 - - [02/Mar/2023:09:12:01 +0800] "GET /xingrg/all/function/internal_message.html?_=1677719541308&CODE_STATE=getMsg HTTP/1.1" 200 27
116.230.112.199 - - [02/Mar/2023:09:12:04 +0800] "GET /xingrg/kc/buy/cgsh_order_operate.html?command=get_materiel&rest_code=00146&code=00101016022&supplier_code=00100033&order_time=2023-03-02 HTTP/1.1" 200 409
222.70.182.154 - - [02/Mar/2023:09:12:05 +0800] "GET /xingrg/all/function/internal_message.html?_=1677719623150&CODE_STATE=getMsg HTTP/1.1" 200 27
222.70.221.209 - - [02/Mar/2023:09:12:06 +0800] "GET /xingrg/all/function/internal_message.html?_=1677719502528&CODE_STATE=getMsg HTTP/1.1" 200 27
116.225.84.253 - - [02/Mar/2023:09:12:06 +0800] "GET /xingrg/all/function/internal_message.html?_=1677719391600&CODE_STATE=getMsg HTTP/1.1" 200 27
114.83.219.234 - - [02/Mar/2023:09:12:10 +0800] "GET /xingrg/check_reg.html?_=1677719548768 HTTP/1.1" 200 22
116.237.77.128 - - [02/Mar/2023:09:12:11 +0800] "POST /xingrg/kc/buy/cgsh_order_operate.html HTTP/1.1" 200 2065
120.253.135.82 - - [02/Mar/2023:09:12:16 +0800] "GET /xingrg/kc/pszx/mdth_order_list.html HTTP/1.1" 200 18456
120.253.135.82 - - [02/Mar/2023:09:12:16 +0800] "POST /xingrg/kc/pszx/mdth_order_new_list.html HTTP/1.1" 200 4717
116.237.77.128 - - [02/Mar/2023:09:12:16 +0800] "GET /xingrg/kc/buy/cgsh_order_operate.html?command=get_materiel&rest_code=00106&code=00101008251&supplier_code=00100007&order_time=2023-03-02 HTTP/1.1" 200 408
180.157.253.110 - - [02/Mar/2023:09:12:17 +0800] "GET /xingrg/all/function/internal_message.html?_=1677719559177&CODE_STATE=getMsg HTTP/1.1" 200 27
114.83.219.234 - - [02/Mar/2023:09:12:19 +0800] "GET /xingrg/all/function/internal_message.html?_=1677719557317&CODE_STATE=getMsg HTTP/1.1" 200 27
116.238.139.35 - - [02/Mar/2023:09:12:19 +0800] "POST /xingrg/kc/base/wldb_order_operate.html HTTP/1.1" 200 37
116.238.139.35 - - [02/Mar/2023:09:12:20 +0800] "POST /xingrg/kc/base/wldb_order_operate.html HTTP/1.1" 200 5052
116.238.139.35 - - [02/Mar/2023:09:12:23 +0800] "POST /xingrg/kc/base/wldb_order_operate.html HTTP/1.1" 200 12
116.238.139.35 - - [02/Mar/2023:09:12:23 +0800] "GET /xingrg/kc/base/wldb_order_info.html?code=422023030200112 HTTP/1.1" 200 26278
116.237.77.128 - - [02/Mar/2023:09:12:24 +0800] "GET /xingrg/kc/buy/cgsh_order_operate.html?command=get_materiel&rest_code=00106&code=00101008161&supplier_code=00100007&order_time=2023-03-02 HTTP/1.1" 200 409
116.238.139.35 - - [02/Mar/2023:09:12:24 +0800] "GET /xingrg/javascript/easyui/themes/default/validatebox.css HTTP/1.1" 404 1104
116.238.139.35 - - [02/Mar/2023:09:12:24 +0800] "POST /xingrg/kc/base/wldb_order_operate.html HTTP/1.1" 200 3282
120.253.135.82 - - [02/Mar/2023:09:12:26 +0800] "GET /xingrg/check_reg.html?_=1677719390930 HTTP/1.1" 200 22
120.253.135.82 - - [02/Mar/2023:09:12:26 +0800] "GET /xingrg/kc/pszx/mdps_order_list.html?orderType=0 HTTP/1.1" 200 21032
120.253.135.82 - - [02/Mar/2023:09:12:26 +0800] "POST /xingrg/kc/pszx/mdps_list_operate.html HTTP/1.1" 200 5400
116.238.139.35 - - [02/Mar/2023:09:12:27 +0800] "GET /xingrg/all/function/internal_message.html?_=1677719568863&CODE_STATE=getMsg HTTP/1.1" 200 27
116.230.112.199 - - [02/Mar/2023:09:12:28 +0800] "GET /xingrg/all/function/internal_message.html?_=1677719582481&CODE_STATE=getMsg HTTP/1.1" 200 27
120.253.135.82 - - [02/Mar/2023:09:12:33 +0800] "GET /xingrg/all/function/internal_message.html?_=1677719398107&CODE_STATE=getMsg HTTP/1.1" 200 27
116.230.112.199 - - [02/Mar/2023:09:12:33 +0800] "GET /xingrg/kc/buy/cgsh_order_operate.html?command=get_materiel&rest_code=00146&code=00101012059&supplier_code=00100033&order_time=2023-03-02 HTTP/1.1" 200 413
120.253.135.82 - - [02/Mar/2023:09:12:34 +0800] "GET /xingrg/kc/buy/cgth_order_list.html HTTP/1.1" 200 53582
120.253.135.82 - - [02/Mar/2023:09:12:34 +0800] "POST /xingrg/kc/buy/cgth_list_operate.html HTTP/1.1" 200 1035
116.237.77.128 - - [02/Mar/2023:09:12:36 +0800] "GET /xingrg/kc/buy/cgsh_order_operate.html?command=get_materiel&rest_code=00106&code=00101008357&supplier_code=00100007&order_time=2023-03-02 HTTP/1.1" 200 408
116.238.139.35 - - [02/Mar/2023:09:12:38 +0800] "GET /xingrg/kc/base/yddb_order_list.html HTTP/1.1" 200 16710
116.238.139.35 - - [02/Mar/2023:09:12:39 +0800] "POST /xingrg/kc/base/yddb_list_operate.html HTTP/1.1" 200 636
120.253.135.82 - - [02/Mar/2023:09:12:39 +0800] "POST /xingrg/kc/buy/cgth_list_operate.html HTTP/1.1" 200 6776
116.238.139.35 - - [02/Mar/2023:09:12:41 +0800] "GET /xingrg/kc/base/yddb_order_add.html HTTP/1.1" 200 29957
116.238.139.35 - - [02/Mar/2023:09:12:41 +0800] "GET /xingrg/javascript/AjaxInfoList.js HTTP/1.1" 304 -
116.238.139.35 - - [02/Mar/2023:09:12:41 +0800] "GET /xingrg/javascript/ToolTips.js HTTP/1.1" 200 5615
116.238.139.35 - - [02/Mar/2023:09:12:42 +0800] "GET /xingrg/javascript/myfunction.js HTTP/1.1" 304 -
116.238.139.35 - - [02/Mar/2023:09:12:42 +0800] "GET /xingrg/dwr/interface/AjaxYddbService.js HTTP/1.1" 200 13201
116.238.139.35 - - [02/Mar/2023:09:12:42 +0800] "GET /xingrg/dwr/engine.js HTTP/1.1" 200 43631
116.238.139.35 - - [02/Mar/2023:09:12:42 +0800] "GET /xingrg/css/blue.css HTTP/1.1" 304 -
116.238.139.35 - - [02/Mar/2023:09:12:42 +0800] "GET /xingrg/dwr/interface/AjaxComOrderService.js HTTP/1.1" 200 18264
116.238.139.35 - - [02/Mar/2023:09:12:44 +0800] "GET /xingrg/check_reg.html?_=1677719517375 HTTP/1.1" 200 22
116.238.139.35 - - [02/Mar/2023:09:12:44 +0800] "GET /xingrg/all/function/internal_message.html?_=1677719517513&CODE_STATE=getMsg HTTP/1.1" 200 27
116.238.139.35 - - [02/Mar/2023:09:12:44 +0800] "GET /xingrg/javascript/Calendar.js HTTP/1.1" 304 -
116.238.139.35 - - [02/Mar/2023:09:12:44 +0800] "GET /xingrg/javascript/Grid.js HTTP/1.1" 200 58908
116.238.139.35 - - [02/Mar/2023:09:12:44 +0800] "GET /xingrg/javascript/checkform.js HTTP/1.1" 200 18351
116.237.77.128 - - [02/Mar/2023:09:12:45 +0800] "GET /xingrg/all/function/internal_message.html?_=1677719583342&CODE_STATE=getMsg HTTP/1.1" 200 27
116.237.77.128 - - [02/Mar/2023:09:12:45 +0800] "GET /xingrg/check_reg.html?_=1677719583338 HTTP/1.1" 200 22
120.253.135.82 - - [02/Mar/2023:09:12:45 +0800] "POST /xingrg/kc/buy/cgth_list_operate.html HTTP/1.1" 200 217
116.237.77.128 - - [02/Mar/2023:09:12:45 +0800] "GET /xingrg/kc/buy/cgsh_order_operate.html?command=get_materiel&rest_code=00106&code=00101008286&supplier_code=00100007&order_time=2023-03-02 HTTP/1.1" 200 408
116.224.106.218 - - [02/Mar/2023:09:12:45 +0800] "GET /xingrg/all/function/internal_message.html?_=1677719585973&CODE_STATE=getMsg HTTP/1.1" 200 27
120.253.135.82 - - [02/Mar/2023:09:12:46 +0800] "GET /xingrg/kc/buy/cgth_order_info.html?code=232023022500016 HTTP/1.1" 200 69141
120.253.135.82 - - [02/Mar/2023:09:12:46 +0800] "GET /xingrg/javascript/AjaxInfoList.js HTTP/1.1" 304 -
120.253.135.82 - - [02/Mar/2023:09:12:46 +0800] "GET /xingrg/javascript/tools/jquery.qtip-1.0.0-rc3.min.js HTTP/1.1" 304 -
120.253.135.82 - - [02/Mar/2023:09:12:46 +0800] "GET /xingrg/dwr/interface/AjaxCgthService.js HTTP/1.1" 200 14519
120.253.135.82 - - [02/Mar/2023:09:12:47 +0800] "GET /xingrg/javascript/Grid.js HTTP/1.1" 304 -
120.253.135.82 - - [02/Mar/2023:09:12:47 +0800] "GET /xingrg/dwr/interface/AjaxComOrderService.js HTTP/1.1" 200 18264
120.253.135.82 - - [02/Mar/2023:09:12:47 +0800] "GET /xingrg/javascript/ToolTips.js HTTP/1.1" 304 -
120.253.135.82 - - [02/Mar/2023:09:12:47 +0800] "GET /xingrg/dwr/engine.js HTTP/1.1" 200 43631
120.253.135.82 - - [02/Mar/2023:09:12:47 +0800] "GET /xingrg/javascript/jquery_easy_ui/themes/icons/edit_add_new.png HTTP/1.1" 200 2997
120.253.135.82 - - [02/Mar/2023:09:12:47 +0800] "GET /xingrg/javascript/jquery_easy_ui/themes/icons/print.png HTTP/1.1" 304 -
120.253.135.82 - - [02/Mar/2023:09:12:47 +0800] "GET /xingrg/javascript/jquery_easy_ui/themes/default/images/menu_downarrow.png HTTP/1.1" 304 -
120.253.135.82 - - [02/Mar/2023:09:12:47 +0800] "GET /xingrg/javascript/jquery_easy_ui/themes/default/images/combo_arrow_dot.gif HTTP/1.1" 304 -
120.253.135.82 - - [02/Mar/2023:09:12:47 +0800] "GET /xingrg/javascript/jquery_easy_ui/themes/default/images/calendar_nextyear.gif HTTP/1.1" 304 -
120.253.135.82 - - [02/Mar/2023:09:12:47 +0800] "GET /xingrg/javascript/jquery_easy_ui/themes/default/images/calendar_nextmonth.gif HTTP/1.1" 304 -
120.253.135.82 - - [02/Mar/2023:09:12:47 +0800] "GET /xingrg/javascript/jquery_easy_ui/themes/default/images/calendar_prevmonth.gif HTTP/1.1" 304 -
120.253.135.82 - - [02/Mar/2023:09:12:47 +0800] "GET /xingrg/javascript/jquery_easy_ui/themes/default/images/calendar_prevyear.gif HTTP/1.1" 304 -
120.253.135.82 - - [02/Mar/2023:09:12:47 +0800] "GET /xingrg/images/blue/kc_tab_mid.gif HTTP/1.1" 304 -
120.253.135.82 - - [02/Mar/2023:09:12:47 +0800] "GET /xingrg/images/blue/kc_tab_right.gif HTTP/1.1" 304 -
120.253.135.82 - - [02/Mar/2023:09:12:47 +0800] "GET /xingrg/images/blue/kc_tab_left.gif HTTP/1.1" 304 -
120.253.135.82 - - [02/Mar/2023:09:12:47 +0800] "POST /xingrg/all/common/load_tree.html?tree=supplier_tree_json&isDelete=1 HTTP/1.1" 200 71093
120.253.135.82 - - [02/Mar/2023:09:12:47 +0800] "GET /xingrg/images/blue/wait.gif HTTP/1.1" 304 -
116.192.124.172 - - [02/Mar/2023:09:12:48 +0800] "GET /xingrg/all/function/internal_message.html?_=1677719588245&CODE_STATE=getMsg HTTP/1.1" 200 27
116.238.139.35 - - [02/Mar/2023:09:12:48 +0800] "GET /xingrg/kc/base/yddb_order_add.html HTTP/1.1" 200 29957
116.238.139.35 - - [02/Mar/2023:09:12:48 +0800] "GET /xingrg/dwr/util.js HTTP/1.1" 304 -
116.238.139.35 - - [02/Mar/2023:09:12:48 +0800] "GET /xingrg/dwr/interface/AjaxComOrderService.js HTTP/1.1" 200 18264
120.253.135.82 - - [02/Mar/2023:09:12:48 +0800] "POST /xingrg/dwr/call/plaincall/AjaxCgthService.loadMaterielItems.dwr HTTP/1.1" 200 788
116.238.139.35 - - [02/Mar/2023:09:12:48 +0800] "GET /xingrg/dwr/engine.js HTTP/1.1" 200 43631
114.83.222.182 - - [02/Mar/2023:09:12:49 +0800] "GET /xingrg/all/function/internal_message.html?_=1677719647097&CODE_STATE=getMsg HTTP/1.1" 200 27
116.238.139.35 - - [02/Mar/2023:09:12:49 +0800] "GET /xingrg/dwr/interface/AjaxYddbService.js HTTP/1.1" 200 13201
116.238.139.35 - - [02/Mar/2023:09:12:49 +0800] "GET /xingrg/javascript/jquery_easy_ui/themes/icons/edit_add_new.png HTTP/1.1" 200 2997
116.238.139.35 - - [02/Mar/2023:09:12:49 +0800] "GET /xingrg/javascript/jquery_easy_ui/themes/icons/print.png HTTP/1.1" 304 -
116.238.139.35 - - [02/Mar/2023:09:12:49 +0800] "GET /xingrg/javascript/jquery_easy_ui/themes/icons/check_new.png HTTP/1.1" 304 -
116.238.139.35 - - [02/Mar/2023:09:12:49 +0800] "GET /xingrg/javascript/jquery_easy_ui/themes/default/images/menu_downarrow.png HTTP/1.1" 304 -
116.238.139.35 - - [02/Mar/2023:09:12:49 +0800] "GET /xingrg/javascript/jquery_easy_ui/themes/icons/cance_new.png HTTP/1.1" 304 -
116.238.139.35 - - [02/Mar/2023:09:12:49 +0800] "GET /xingrg/javascript/jquery_easy_ui/themes/icons/back_new.png HTTP/1.1" 304 -
116.238.139.35 - - [02/Mar/2023:09:12:49 +0800] "GET /xingrg/images/blue/button/kc_tab_edit.gif HTTP/1.1" 200 551
116.238.139.35 - - [02/Mar/2023:09:12:49 +0800] "GET /xingrg/images/blue/button/kc_tab_add.gif HTTP/1.1" 200 375
116.238.139.35 - - [02/Mar/2023:09:12:49 +0800] "GET /xingrg/images/blue/button/kc_tab_save.gif HTTP/1.1" 200 777
116.238.139.35 - - [02/Mar/2023:09:12:49 +0800] "GET /xingrg/images/blue/button/kc_tab_del.gif HTTP/1.1" 200 383
116.238.139.35 - - [02/Mar/2023:09:12:49 +0800] "GET /xingrg/images/blue/kc_tab_left.gif HTTP/1.1" 200 188
