120.253.135.82 - - [26/Feb/2023:10:46:29 +0800] "POST /xingrg/kc/pszx/mdps_list_operate.html HTTP/1.1" 200 5351
117.136.8.29 - - [26/Feb/2023:10:46:30 +0800] "POST /xingrg/login.do HTTP/1.1" 302 -
117.136.8.29 - - [26/Feb/2023:10:46:30 +0800] "GET /xingrg/index_mobile.html?sysBaseUrl=http%3A%2F%2F180.169.147.146%3A18081%2Fxingrg%2F&costTime=53×tamp=1677379590385 HTTP/1.1" 200 3182
117.136.8.29 - - [26/Feb/2023:10:46:30 +0800] "GET /xingrg/javascript/mobile/mobile.css HTTP/1.1" 200 347
117.136.8.29 - - [26/Feb/2023:10:46:30 +0800] "GET /xingrg/javascript/convert.js HTTP/1.1" 200 1239
117.136.8.29 - - [26/Feb/2023:10:46:30 +0800] "GET /xingrg/javascript/mobile/mobiscroll/mobiscroll.custom-2.6.2.min.css HTTP/1.1" 200 38004
117.136.8.29 - - [26/Feb/2023:10:46:30 +0800] "GET /xingrg/javascript/mobile/images/album-k.jpg HTTP/1.1" 200 4120
117.136.8.29 - - [26/Feb/2023:10:46:30 +0800] "GET /xingrg/javascript/mobile/mobiscroll/mobiscroll.custom-2.6.2.min.js HTTP/1.1" 200 43737
116.238.139.35 - - [26/Feb/2023:10:46:30 +0800] "GET /xingrg/kc/base/wldb_order_operate.html?command=get_materiel&rest_code=00150&base_code=0010445&code=00101019063 HTTP/1.1" 200 461
117.136.8.29 - - [26/Feb/2023:10:46:30 +0800] "GET /xingrg/javascript/mobile/images/icons-36-white.png HTTP/1.1" 200 3861
117.136.8.29 - - [26/Feb/2023:10:46:31 +0800] "GET /xingrg/dma/mobile/column_pie.html?type=yyfx&title=%D3%AA%D2%B5%B7%D6%CE%F6 HTTP/1.1" 200 10245
117.136.8.29 - - [26/Feb/2023:10:46:32 +0800] "GET /xingrg/javascript/mobile/js/highcharts.js HTTP/1.1" 200 134656
117.136.8.29 - - [26/Feb/2023:10:46:32 +0800] "GET /xingrg/javascript/mobile/mobile-common.js HTTP/1.1" 200 1484
117.136.8.29 - - [26/Feb/2023:10:46:32 +0800] "GET /xingrg/javascript/mobile/js/modules/exporting.js HTTP/1.1" 200 7123
117.136.8.29 - - [26/Feb/2023:10:46:32 +0800] "POST /xingrg/dma/mobile/report_query.html HTTP/1.1" 200 121
114.83.216.11 - - [26/Feb/2023:10:46:33 +0800] "GET /xingrg/all/function/internal_message.html?_=1677379600868&CODE_STATE=getMsg HTTP/1.1" 200 27
61.170.233.100 - - [26/Feb/2023:10:46:33 +0800] "POST /xingrg/kc/buy/cgsh_order_operate.html HTTP/1.1" 200 37
124.79.240.233 - - [26/Feb/2023:10:46:34 +0800] "GET /xingrg/check_reg.html?_=1677379850769 HTTP/1.1" 200 22
124.79.240.233 - - [26/Feb/2023:10:46:34 +0800] "GET /xingrg/all/function/internal_message.html?_=1677379850770&CODE_STATE=getMsg HTTP/1.1" 200 27
120.253.135.82 - - [26/Feb/2023:10:46:36 +0800] "GET /xingrg/kc/pszx/mdqp_order_list.html?state=10 HTTP/1.1" 200 10275
120.253.135.82 - - [26/Feb/2023:10:46:36 +0800] "GET /xingrg/dwr/interface/AjaxQqpsService.js HTTP/1.1" 200 16326
120.253.135.82 - - [26/Feb/2023:10:46:36 +0800] "GET /xingrg/dwr/interface/AjaxReportQueryService.js HTTP/1.1" 200 13203
120.253.135.82 - - [26/Feb/2023:10:46:36 +0800] "GET /xingrg/dwr/engine.js HTTP/1.1" 200 43631
61.170.233.100 - - [26/Feb/2023:10:46:37 +0800] "POST /xingrg/kc/buy/cgsh_order_operate.html HTTP/1.1" 200 12
117.136.8.29 - - [26/Feb/2023:10:46:37 +0800] "POST /xingrg/dma/mobile/report_query.html HTTP/1.1" 200 534
116.238.139.35 - - [26/Feb/2023:10:46:37 +0800] "GET /xingrg/kc/base/wldb_order_operate.html?command=get_materiel&rest_code=00150&base_code=0010445&code=00101019289 HTTP/1.1" 200 469
61.170.233.100 - - [26/Feb/2023:10:46:38 +0800] "GET /xingrg/all/function/internal_message.html?_=1677379604260&CODE_STATE=getMsg HTTP/1.1" 200 27
61.170.233.100 - - [26/Feb/2023:10:46:38 +0800] "GET /xingrg/kc/buy/cgsh_order_info.html?code=212023022609302 HTTP/1.1" 200 64821
61.170.233.100 - - [26/Feb/2023:10:46:39 +0800] "GET /xingrg/javascript/easyui/themes/default/validatebox.css HTTP/1.1" 404 1104
61.170.233.100 - - [26/Feb/2023:10:46:40 +0800] "POST /xingrg/kc/buy/cgsh_order_operate.html HTTP/1.1" 200 611
61.170.233.100 - - [26/Feb/2023:10:46:41 +0800] "GET /xingrg/kc/print/load_data.html?order_code=212023022609302&kc_code=cgsh&condition= HTTP/1.1" 200 780
180.163.29.206 - - [26/Feb/2023:10:46:41 +0800] "GET /xingrg/kc/print/load_data.html?order_code=212023022609301&kc_code=cgsh&condition= HTTP/1.1" 302 -
180.163.29.206 - - [26/Feb/2023:10:46:41 +0800] "GET /xingrg/login.html HTTP/1.1" 200 7641
116.238.139.35 - - [26/Feb/2023:10:46:44 +0800] "GET /xingrg/kc/base/wldb_order_operate.html?command=get_materiel&rest_code=00150&base_code=0010445&code=00101019404 HTTP/1.1" 200 477
116.225.84.253 - - [26/Feb/2023:10:46:44 +0800] "GET /xingrg/check_reg.html?_=1677379614815 HTTP/1.1" 200 22
116.225.84.253 - - [26/Feb/2023:10:46:44 +0800] "GET /xingrg/all/function/internal_message.html?_=1677379615100&CODE_STATE=getMsg HTTP/1.1" 200 27
116.224.106.218 - - [26/Feb/2023:10:46:49 +0800] "GET /xingrg/check_reg.html?_=1677379618162 HTTP/1.1" 200 22
116.238.139.35 - - [26/Feb/2023:10:46:49 +0800] "GET /xingrg/kc/base/wldb_order_operate.html?command=get_materiel&rest_code=00150&base_code=0010445&code=00101019169 HTTP/1.1" 200 477
116.192.124.172 - - [26/Feb/2023:10:46:50 +0800] "GET /xingrg/all/function/internal_message.html?_=1677379618265&CODE_STATE=getMsg HTTP/1.1" 200 27
116.238.139.35 - - [26/Feb/2023:10:46:55 +0800] "GET /xingrg/kc/base/wldb_order_operate.html?command=get_materiel&rest_code=00150&base_code=0010445&code=00101019015 HTTP/1.1" 200 449
116.225.84.253 - - [26/Feb/2023:10:46:55 +0800] "GET /xingrg/all/function/internal_message.html?_=1677379468939&CODE_STATE=getMsg HTTP/1.1" 200 27
180.157.253.110 - - [26/Feb/2023:10:46:58 +0800] "GET /xingrg/all/function/internal_message.html?_=1677379628530&CODE_STATE=getMsg HTTP/1.1" 200 27
61.170.233.100 - - [26/Feb/2023:10:47:00 +0800] "POST /xingrg/kc/buy/cgsh_list_operate.html HTTP/1.1" 200 986
116.224.106.218 - - [26/Feb/2023:10:47:02 +0800] "GET /xingrg/all/function/internal_message.html?_=1677379631191&CODE_STATE=getMsg HTTP/1.1" 200 27
180.169.147.146 - - [26/Feb/2023:10:47:04 +0800] "POST /xingrg/kc/buy/cgsh_list_operate.html HTTP/1.1" 200 6153
61.170.233.100 - - [26/Feb/2023:10:47:06 +0800] "POST /xingrg/kc/buy/cgsh_list_operate.html HTTP/1.1" 200 6710
222.70.246.11 - - [26/Feb/2023:10:47:09 +0800] "GET /xingrg/kc/buy/cgsh_order_add.html HTTP/1.1" 200 69913
222.70.246.11 - - [26/Feb/2023:10:47:10 +0800] "POST /xingrg/kc/buy/cgsh_order_operate.html HTTP/1.1" 200 8245
222.70.246.11 - - [26/Feb/2023:10:47:10 +0800] "GET /xingrg/javascript/easyui/themes/default/validatebox.css HTTP/1.1" 404 1104
61.170.233.100 - - [26/Feb/2023:10:47:11 +0800] "POST /xingrg/kc/buy/cgsh_list_operate.html HTTP/1.1" 200 573
61.170.233.100 - - [26/Feb/2023:10:47:12 +0800] "GET /xingrg/kc/buy/cgsh_order_info.html?code=212023022609301 HTTP/1.1" 200 64819
180.169.147.146 - - [26/Feb/2023:10:47:12 +0800] "GET /xingrg/all/function/internal_message.html?_=1677379625663&CODE_STATE=getMsg HTTP/1.1" 200 27
222.67.232.202 - - [26/Feb/2023:10:47:12 +0800] "GET /xingrg/all/function/internal_message.html?_=1677379199678&CODE_STATE=getMsg HTTP/1.1" 200 27
61.170.233.100 - - [26/Feb/2023:10:47:12 +0800] "GET /xingrg/javascript/easyui/themes/default/validatebox.css HTTP/1.1" 404 1104
222.70.246.11 - - [26/Feb/2023:10:47:12 +0800] "GET /xingrg/all/function/internal_message.html?_=1677379667578&CODE_STATE=getMsg HTTP/1.1" 200 27
61.170.233.100 - - [26/Feb/2023:10:47:13 +0800] "POST /xingrg/kc/buy/cgsh_order_operate.html HTTP/1.1" 200 5919
222.70.221.209 - - [26/Feb/2023:10:47:13 +0800] "GET /xingrg/all/function/internal_message.html?_=1677379606198&CODE_STATE=getMsg HTTP/1.1" 200 27
61.170.233.100 - - [26/Feb/2023:10:47:14 +0800] "GET /xingrg/kc/print/load_data.html?order_code=212023022609301&kc_code=cgsh HTTP/1.1" 200 2738
120.253.135.82 - - [26/Feb/2023:10:47:15 +0800] "GET /xingrg/kc/pszx/mdqp_order_list.html?state=10 HTTP/1.1" 200 10275
120.253.135.82 - - [26/Feb/2023:10:47:15 +0800] "GET /xingrg/dwr/interface/AjaxReportQueryService.js HTTP/1.1" 200 13203
120.253.135.82 - - [26/Feb/2023:10:47:15 +0800] "GET /xingrg/dwr/interface/AjaxQqpsService.js HTTP/1.1" 200 16326
120.253.135.82 - - [26/Feb/2023:10:47:15 +0800] "GET /xingrg/dwr/engine.js HTTP/1.1" 200 43631
120.253.135.82 - - [26/Feb/2023:10:47:16 +0800] "GET /xingrg/kc/pszx/mdps_order_list.html?orderType=0 HTTP/1.1" 200 21032
120.253.135.82 - - [26/Feb/2023:10:47:17 +0800] "POST /xingrg/kc/pszx/mdps_list_operate.html HTTP/1.1" 200 5351
116.238.139.35 - - [26/Feb/2023:10:47:23 +0800] "GET /xingrg/all/function/internal_message.html?_=1677379578794&CODE_STATE=getMsg HTTP/1.1" 200 27
116.238.139.35 - - [26/Feb/2023:10:47:24 +0800] "GET /xingrg/kc/base/wldb_order_operate.html?command=get_materiel&rest_code=00150&base_code=0010445&code=00101019175 HTTP/1.1" 200 439
114.83.222.182 - - [26/Feb/2023:10:47:26 +0800] "GET /xingrg/all/function/internal_message.html?_=1677379709265&CODE_STATE=getMsg HTTP/1.1" 200 27
116.238.139.35 - - [26/Feb/2023:10:47:29 +0800] "GET /xingrg/all/function/internal_message.html?_=1677379659789&CODE_STATE=getMsg HTTP/1.1" 200 27
116.238.139.35 - - [26/Feb/2023:10:47:31 +0800] "GET /xingrg/kc/base/wldb_order_operate.html?command=get_materiel&rest_code=00150&base_code=0010445&code=00101019185 HTTP/1.1" 200 469
114.83.216.11 - - [26/Feb/2023:10:47:33 +0800] "GET /xingrg/all/function/internal_message.html?_=1677379660875&CODE_STATE=getMsg HTTP/1.1" 200 27
124.79.240.233 - - [26/Feb/2023:10:47:34 +0800] "GET /xingrg/all/function/internal_message.html?_=1677379910768&CODE_STATE=getMsg HTTP/1.1" 200 27
222.70.246.11 - - [26/Feb/2023:10:47:34 +0800] "GET /xingrg/kc/buy/cgsh_order_operate.html?command=get_materiel&rest_code=00146&code=00101009050&supplier_code=00100023&order_time=2023-02-26 HTTP/1.1" 200 408
180.163.30.85 - - [26/Feb/2023:10:47:38 +0800] "GET /xingrg/all/function/internal_message.html?_=1677379604260&CODE_STATE=getMsg HTTP/1.1" 302 -
61.170.233.100 - - [26/Feb/2023:10:47:38 +0800] "GET /xingrg/all/function/internal_message.html?_=1677379664235&CODE_STATE=getMsg HTTP/1.1" 200 27
180.163.30.85 - - [26/Feb/2023:10:47:38 +0800] "GET /xingrg/login.html HTTP/1.1" 200 7641
116.225.84.253 - - [26/Feb/2023:10:47:44 +0800] "GET /xingrg/all/function/internal_message.html?_=1677379675077&CODE_STATE=getMsg HTTP/1.1" 200 27
116.192.124.172 - - [26/Feb/2023:10:47:50 +0800] "GET /xingrg/all/function/internal_message.html?_=1677379678243&CODE_STATE=getMsg HTTP/1.1" 200 27
116.192.124.172 - - [26/Feb/2023:10:47:50 +0800] "GET /xingrg/check_reg.html?_=1677379678569 HTTP/1.1" 200 22
222.70.246.11 - - [26/Feb/2023:10:47:51 +0800] "POST /xingrg/kc/buy/cgsh_order_operate.html HTTP/1.1" 200 37
222.70.246.11 - - [26/Feb/2023:10:47:53 +0800] "POST /xingrg/kc/buy/cgsh_order_operate.html HTTP/1.1" 200 2654
116.225.84.253 - - [26/Feb/2023:10:47:55 +0800] "GET /xingrg/all/function/internal_message.html?_=1677379528939&CODE_STATE=getMsg HTTP/1.1" 200 27
222.70.246.11 - - [26/Feb/2023:10:47:56 +0800] "GET /xingrg/kc/print/load_data.html?order_code=212023022609303&kc_code=cgsh&condition= HTTP/1.1" 200 696
116.192.124.172 - - [26/Feb/2023:10:47:58 +0800] "GET /xingrg/kc/base/wldb_order_list.html HTTP/1.1" 200 19098
180.169.147.146 - - [26/Feb/2023:10:47:58 +0800] "POST /xingrg/kc/buy/cgsh_list_operate.html HTTP/1.1" 200 6041
180.157.253.110 - - [26/Feb/2023:10:47:58 +0800] "GET /xingrg/all/function/internal_message.html?_=1677379688512&CODE_STATE=getMsg HTTP/1.1" 200 27
116.192.124.172 - - [26/Feb/2023:10:47:59 +0800] "POST /xingrg/kc/base/wldb_list_operate.html HTTP/1.1" 200 928
116.192.124.172 - - [26/Feb/2023:10:48:00 +0800] "GET /xingrg/kc/base/wldb_order_add.html HTTP/1.1" 200 30377
116.192.124.172 - - [26/Feb/2023:10:48:00 +0800] "POST /xingrg/kc/base/wldb_order_operate.html HTTP/1.1" 200 6806
116.192.124.172 - - [26/Feb/2023:10:48:00 +0800] "GET /xingrg/javascript/easyui/themes/default/validatebox.css HTTP/1.1" 404 1104
116.192.124.172 - - [26/Feb/2023:10:48:01 +0800] "POST /xingrg/all/common/load_combo.html?type=base HTTP/1.1" 200 3321
180.169.147.146 - - [26/Feb/2023:10:48:02 +0800] "POST /xingrg/kc/buy/cgsh_list_operate.html HTTP/1.1" 200 201
180.169.147.146 - - [26/Feb/2023:10:48:02 +0800] "GET /xingrg/kc/buy/cgsh_order_info.html?code=212023022408771 HTTP/1.1" 200 69927
180.169.147.146 - - [26/Feb/2023:10:48:02 +0800] "GET /xingrg/words/20230224174532_words.js HTTP/1.1" 304 -
116.224.106.218 - - [26/Feb/2023:10:48:02 +0800] "GET /xingrg/all/function/internal_message.html?_=1677379691165&CODE_STATE=getMsg HTTP/1.1" 200 27
180.169.147.146 - - [26/Feb/2023:10:48:02 +0800] "GET /xingrg/all/common/auto_word.html?type=employee&rest_code=00147 HTTP/1.1" 200 101
180.169.147.146 - - [26/Feb/2023:10:48:02 +0800] "GET /xingrg/javascript/easyui/themes/default/validatebox.css HTTP/1.1" 404 1104
180.169.147.146 - - [26/Feb/2023:10:48:02 +0800] "GET /xingrg/all/common/auto_word.html?type=employee&rest_code=00147 HTTP/1.1" 200 101
180.169.147.146 - - [26/Feb/2023:10:48:03 +0800] "POST /xingrg/kc/buy/cgsh_order_operate.html HTTP/1.1" 200 2657
116.192.124.172 - - [26/Feb/2023:10:48:06 +0800] "POST /xingrg/all/common/load_combo.html?type=base HTTP/1.1" 200 3321
180.169.147.146 - - [26/Feb/2023:10:48:07 +0800] "GET /xingrg/javascript/auto/indicator.gif HTTP/1.1" 404 1066
222.70.246.11 - - [26/Feb/2023:10:48:11 +0800] "GET /xingrg/kc/buy/cgsh_order_add.html HTTP/1.1" 200 69913
180.169.147.146 - - [26/Feb/2023:10:48:12 +0800] "GET /xingrg/check_reg.html?_=1677379685665 HTTP/1.1" 200 22
180.169.147.146 - - [26/Feb/2023:10:48:12 +0800] "GET /xingrg/all/function/internal_message.html?_=1677379685667&CODE_STATE=getMsg HTTP/1.1" 200 27
222.67.232.202 - - [26/Feb/2023:10:48:12 +0800] "GET /xingrg/all/function/internal_message.html?_=1677379259660&CODE_STATE=getMsg HTTP/1.1" 200 27
222.70.246.11 - - [26/Feb/2023:10:48:12 +0800] "POST /xingrg/kc/buy/cgsh_order_operate.html HTTP/1.1" 200 8245
222.67.232.202 - - [26/Feb/2023:10:48:12 +0800] "GET /xingrg/check_reg.html?_=1677379259693 HTTP/1.1" 200 22
222.70.246.11 - - [26/Feb/2023:10:48:12 +0800] "GET /xingrg/check_reg.html?_=1677379727216 HTTP/1.1" 200 22
222.70.246.11 - - [26/Feb/2023:10:48:12 +0800] "GET /xingrg/javascript/easyui/themes/default/validatebox.css HTTP/1.1" 404 1104
222.70.246.11 - - [26/Feb/2023:10:48:12 +0800] "GET /xingrg/all/function/internal_message.html?_=1677379727592&CODE_STATE=getMsg HTTP/1.1" 200 27
222.70.221.209 - - [26/Feb/2023:10:48:13 +0800] "GET /xingrg/check_reg.html?_=1677379666196 HTTP/1.1" 200 22
222.70.221.209 - - [26/Feb/2023:10:48:13 +0800] "GET /xingrg/all/function/internal_message.html?_=1677379666200&CODE_STATE=getMsg HTTP/1.1" 200 27
180.169.147.146 - - [26/Feb/2023:10:48:13 +0800] "POST /xingrg/kc/buy/cgsh_order_operate.html HTTP/1.1" 200 37
116.192.124.172 - - [26/Feb/2023:10:48:16 +0800] "GET /xingrg/kc/base/wldb_order_operate.html?command=get_materiel&rest_code=00102&base_code=0010480&code=00101025020 HTTP/1.1" 200 475
116.192.124.172 - - [26/Feb/2023:10:48:22 +0800] "POST /xingrg/kc/base/wldb_order_operate.html HTTP/1.1" 200 37
116.238.139.35 - - [26/Feb/2023:10:48:23 +0800] "GET /xingrg/check_reg.html?_=1677379638590 HTTP/1.1" 200 22
116.238.139.35 - - [26/Feb/2023:10:48:23 +0800] "GET /xingrg/all/function/internal_message.html?_=1677379638808&CODE_STATE=getMsg HTTP/1.1" 200 27
116.238.139.35 - - [26/Feb/2023:10:48:23 +0800] "GET /xingrg/kc/base/wldb_order_operate.html?command=get_materiel&rest_code=00150&base_code=0010445&code=00101019164 HTTP/1.1" 200 466
114.83.216.11 - - [26/Feb/2023:10:48:24 +0800] "GET /favicon.ico HTTP/1.1" 404 -
114.83.216.11 - - [26/Feb/2023:10:48:25 +0800] "GET /favicon.ico HTTP/1.1" 404 -
114.83.216.11 - - [26/Feb/2023:10:48:25 +0800] "GET /favicon.ico HTTP/1.1" 404 -
116.192.124.172 - - [26/Feb/2023:10:48:25 +0800] "POST /xingrg/kc/base/wldb_order_operate.html HTTP/1.1" 200 12
116.192.124.172 - - [26/Feb/2023:10:48:25 +0800] "POST /xingrg/kc/base/wldb_order_operate.html HTTP/1.1" 200 2219
114.83.222.182 - - [26/Feb/2023:10:48:26 +0800] "GET /xingrg/all/function/internal_message.html?_=1677379769269&CODE_STATE=getMsg HTTP/1.1" 200 27
114.83.216.11 - - [26/Feb/2023:10:48:26 +0800] "GET /favicon.ico HTTP/1.1" 404 -
222.70.246.11 - - [26/Feb/2023:10:48:27 +0800] "GET /xingrg/kc/buy/cgsh_order_operate.html?command=get_materiel&rest_code=00146&code=00101001111&supplier_code=00100041&order_time=2023-02-26 HTTP/1.1" 200 409
116.192.124.172 - - [26/Feb/2023:10:48:27 +0800] "GET /xingrg/kc/base/wldb_order_info.html?code=422023022601989 HTTP/1.1" 200 26252
116.192.124.172 - - [26/Feb/2023:10:48:27 +0800] "GET /xingrg/javascript/easyui/themes/default/validatebox.css HTTP/1.1" 404 1104
114.83.216.11 - - [26/Feb/2023:10:48:27 +0800] "GET /xingrg HTTP/1.1" 302 -
116.192.124.172 - - [26/Feb/2023:10:48:27 +0800] "POST /xingrg/kc/base/wldb_order_operate.html HTTP/1.1" 200 514
114.83.216.11 - - [26/Feb/2023:10:48:28 +0800] "GET /xingrg/index.html HTTP/1.1" 302 -
114.83.216.11 - - [26/Feb/2023:10:48:28 +0800] "GET /xingrg/login.html HTTP/1.1" 200 7641
114.83.216.11 - - [26/Feb/2023:10:48:28 +0800] "GET /favicon.ico HTTP/1.1" 404 -
114.83.216.11 - - [26/Feb/2023:10:48:28 +0800] "GET /favicon.ico HTTP/1.1" 404 -
116.238.139.35 - - [26/Feb/2023:10:48:29 +0800] "GET /xingrg/check_reg.html?_=1677379719663 HTTP/1.1" 200 22
116.238.139.35 - - [26/Feb/2023:10:48:29 +0800] "GET /xingrg/all/function/internal_message.html?_=1677379719760&CODE_STATE=getMsg HTTP/1.1" 200 27
116.238.139.35 - - [26/Feb/2023:10:48:30 +0800] "GET /xingrg/kc/base/wldb_order_operate.html?command=get_materiel&rest_code=00150&base_code=0010445&code=00101019133 HTTP/1.1" 200 479
114.83.216.11 - - [26/Feb/2023:10:48:30 +0800] "GET /favicon.ico HTTP/1.1" 404 -
114.83.216.11 - - [26/Feb/2023:10:48:33 +0800] "GET /xingrg/all/function/internal_message.html?_=1677379720879&CODE_STATE=getMsg HTTP/1.1" 200 27
124.79.240.233 - - [26/Feb/2023:10:48:34 +0800] "GET /xingrg/all/function/internal_message.html?_=1677379970774&CODE_STATE=getMsg HTTP/1.1" 200 27
61.170.233.100 - - [26/Feb/2023:10:48:38 +0800] "GET /xingrg/all/function/internal_message.html?_=1677379724208&CODE_STATE=getMsg HTTP/1.1" 200 27
116.238.139.35 - - [26/Feb/2023:10:48:39 +0800] "GET /xingrg/kc/base/wldb_order_operate.html?command=get_materiel&rest_code=00150&base_code=0010445&code=00101019222 HTTP/1.1" 200 454
116.225.84.253 - - [26/Feb/2023:10:48:44 +0800] "GET /xingrg/all/function/internal_message.html?_=1677379735045&CODE_STATE=getMsg HTTP/1.1" 200 27
114.83.216.11 - - [26/Feb/2023:10:48:45 +0800] "POST /xingrg/login.do HTTP/1.1" 302 -
114.83.216.11 - - [26/Feb/2023:10:48:45 +0800] "GET /xingrg/index.html?sysBaseUrl=http%3A%2F%2F180.169.147.146%3A18081%2Fxingrg%2F&costTime=8×tamp=1677379725825 HTTP/1.1" 200 16968
114.83.216.11 - - [26/Feb/2023:10:48:46 +0800] "GET /favicon.ico HTTP/1.1" 404 -
114.83.216.11 - - [26/Feb/2023:10:48:46 +0800] "POST /xingrg/all/common/load_tree.html?tree=area_rest_tree_json&manage=1 HTTP/1.1" 200 3499
114.83.216.11 - - [26/Feb/2023:10:48:46 +0800] "POST /xingrg/load_menu.html HTTP/1.1" 200 677
114.83.216.11 - - [26/Feb/2023:10:48:46 +0800] "GET /xingrg/check_reg.html?_=1677379732271 HTTP/1.1" 200 22
114.83.216.11 - - [26/Feb/2023:10:48:46 +0800] "GET /xingrg/all/function/internal_message.html?_=1677379732267&CODE_STATE=count HTTP/1.1" 200 11
114.83.216.11 - - [26/Feb/2023:10:48:48 +0800] "GET /xingrg/dma/sys/data_clear.html HTTP/1.1" 200 12693
114.83.216.11 - - [26/Feb/2023:10:48:48 +0800] "GET /xingrg/dwr/interface/AjaxReportQueryService.js HTTP/1.1" 200 13203
114.83.216.11 - - [26/Feb/2023:10:48:48 +0800] "GET /xingrg/dwr/engine.js HTTP/1.1" 200 43631
116.238.139.35 - - [26/Feb/2023:10:48:48 +0800] "GET /xingrg/kc/base/wldb_order_operate.html?command=get_materiel&rest_code=00150&base_code=0010445&code=00101016094 HTTP/1.1" 200 470
114.83.216.11 - - [26/Feb/2023:10:48:48 +0800] "GET /xingrg/dwr/util.js HTTP/1.1" 200 35990
114.83.216.11 - - [26/Feb/2023:10:48:48 +0800] "POST /xingrg/all/common/load_tree.html?tree=station_tree_json HTTP/1.1" 200 3218
114.83.216.11 - - [26/Feb/2023:10:48:48 +0800] "POST /xingrg/all/common/load_tree.html?tree=station_tree_json HTTP/1.1" 200 3218
116.238.139.35 - - [26/Feb/2023:10:48:49 +0800] "POST /xingrg/all/common/load_select.html HTTP/1.1" 200 25
116.192.124.172 - - [26/Feb/2023:10:48:50 +0800] "GET /xingrg/all/function/internal_message.html?_=1677379738220&CODE_STATE=getMsg HTTP/1.1" 200 27
116.238.139.35 - - [26/Feb/2023:10:48:51 +0800] "GET /xingrg/kc/base/wldb_order_operate.html?command=get_materiel_price&rest_code=00150&base_code=0010445&code=00101016094&unit_code=00100161 HTTP/1.1" 200 37
222.70.246.11 - - [26/Feb/2023:10:48:53 +0800] "GET /xingrg/kc/buy/cgsh_order_operate.html?command=get_materiel&rest_code=00146&code=00101010161&supplier_code=00100041&order_time=2023-02-26 HTTP/1.1" 200 409
116.225.84.253 - - [26/Feb/2023:10:48:55 +0800] "GET /xingrg/all/function/internal_message.html?_=1677379588926&CODE_STATE=getMsg HTTP/1.1" 200 27
116.238.139.35 - - [26/Feb/2023:10:48:58 +0800] "GET /xingrg/kc/base/wldb_order_operate.html?command=get_materiel&rest_code=00150&base_code=0010445&code=00101019391 HTTP/1.1" 200 485
180.157.253.110 - - [26/Feb/2023:10:48:58 +0800] "GET /xingrg/all/function/internal_message.html?_=1677379748485&CODE_STATE=getMsg HTTP/1.1" 200 27
116.224.106.218 - - [26/Feb/2023:10:49:02 +0800] "GET /xingrg/all/function/internal_message.html?_=1677379751150&CODE_STATE=getMsg HTTP/1.1" 200 27
116.238.139.35 - - [26/Feb/2023:10:49:03 +0800] "GET /xingrg/kc/base/wldb_order_operate.html?command=get_materiel&rest_code=00150&base_code=0010445&code=00101019530 HTTP/1.1" 200 480
114.83.216.11 - - [26/Feb/2023:10:49:08 +0800] "POST /xingrg/dma/sys/setting_operate.html HTTP/1.1" 200 4
116.238.139.35 - - [26/Feb/2023:10:49:09 +0800] "GET /xingrg/kc/base/wldb_order_operate.html?command=get_materiel&rest_code=00150&base_code=0010445&code=00101016020 HTTP/1.1" 200 448
222.70.246.11 - - [26/Feb/2023:10:49:11 +0800] "GET /xingrg/kc/buy/cgsh_order_operate.html?command=get_materiel&rest_code=00146&code=00101001032&supplier_code=00100041&order_time=2023-02-26 HTTP/1.1" 200 413
222.67.232.202 - - [26/Feb/2023:10:49:12 +0800] "GET /xingrg/all/function/internal_message.html?_=1677379319642&CODE_STATE=getMsg HTTP/1.1" 200 27
222.70.246.11 - - [26/Feb/2023:10:49:12 +0800] "GET /xingrg/all/function/internal_message.html?_=1677379787605&CODE_STATE=getMsg HTTP/1.1" 200 27
222.70.221.209 - - [26/Feb/2023:10:49:13 +0800] "GET /xingrg/all/function/internal_message.html?_=1677379726188&CODE_STATE=getMsg HTTP/1.1" 200 27
116.238.139.35 - - [26/Feb/2023:10:49:15 +0800] "GET /xingrg/kc/base/wldb_order_operate.html?command=get_materiel&rest_code=00150&base_code=0010445&code=00101019187 HTTP/1.1" 200 479
116.238.139.35 - - [26/Feb/2023:10:49:23 +0800] "GET /xingrg/all/function/internal_message.html?_=1677379698821&CODE_STATE=getMsg HTTP/1.1" 200 27
114.83.222.182 - - [26/Feb/2023:10:49:26 +0800] "GET /xingrg/all/function/internal_message.html?_=1677379829260&CODE_STATE=getMsg HTTP/1.1" 200 27
114.83.222.182 - - [26/Feb/2023:10:49:26 +0800] "GET /xingrg/check_reg.html?_=1677379829263 HTTP/1.1" 200 22
222.70.246.11 - - [26/Feb/2023:10:49:27 +0800] "GET /xingrg/kc/buy/cgsh_order_operate.html?command=get_materiel&rest_code=00146&code=00101005037&supplier_code=00100041&order_time=2023-02-26 HTTP/1.1" 200 409
116.238.139.35 - - [26/Feb/2023:10:49:29 +0800] "GET /xingrg/all/function/internal_message.html?_=1677379779735&CODE_STATE=getMsg HTTP/1.1" 200 27
114.83.216.11 - - [26/Feb/2023:10:49:33 +0800] "GET /xingrg/check_reg.html?_=1677379780879 HTTP/1.1" 200 22
114.83.216.11 - - [26/Feb/2023:10:49:33 +0800] "GET /xingrg/all/function/internal_message.html?_=1677379780883&CODE_STATE=getMsg HTTP/1.1" 200 27
124.79.240.233 - - [26/Feb/2023:10:49:34 +0800] "GET /xingrg/all/function/internal_message.html?_=1677380030777&CODE_STATE=getMsg HTTP/1.1" 200 27
61.170.233.100 - - [26/Feb/2023:10:49:38 +0800] "GET /xingrg/all/function/internal_message.html?_=1677379784181&CODE_STATE=getMsg HTTP/1.1" 200 27
180.169.147.146 - - [26/Feb/2023:10:49:39 +0800] "POST /xingrg/kc/buy/cgsh_order_operate.html HTTP/1.1" 200 2660
222.70.246.11 - - [26/Feb/2023:10:49:41 +0800] "GET /xingrg/kc/buy/cgsh_order_operate.html?command=get_materiel&rest_code=00146&code=00101018019&supplier_code=00100041&order_time=2023-02-26 HTTP/1.1" 200 421
116.225.84.253 - - [26/Feb/2023:10:49:44 +0800] "GET /xingrg/all/function/internal_message.html?_=1677379795048&CODE_STATE=getMsg HTTP/1.1" 200 27
116.192.124.172 - - [26/Feb/2023:10:49:50 +0800] "GET /xingrg/all/function/internal_message.html?_=1677379798201&CODE_STATE=getMsg HTTP/1.1" 200 27
222.70.246.11 - - [26/Feb/2023:10:49:55 +0800] "GET /xingrg/kc/buy/cgsh_order_operate.html?command=get_materiel&rest_code=00146&code=00101001075&supplier_code=00100041&order_time=2023-02-26 HTTP/1.1" 200 409
116.225.84.253 - - [26/Feb/2023:10:49:55 +0800] "GET /xingrg/all/function/internal_message.html?_=1677379648925&CODE_STATE=getMsg HTTP/1.1" 200 27
116.225.84.253 - - [26/Feb/2023:10:49:55 +0800] "GET /xingrg/check_reg.html?_=1677379648928 HTTP/1.1" 200 22
120.253.135.82 - - [26/Feb/2023:10:49:57 +0800] "GET /xingrg/check_reg.html?_=1677379629155 HTTP/1.1" 200 22
180.157.253.110 - - [26/Feb/2023:10:49:58 +0800] "GET /xingrg/all/function/internal_message.html?_=1677379808472&CODE_STATE=getMsg HTTP/1.1" 200 27
180.157.253.110 - - [26/Feb/2023:10:49:58 +0800] "GET /xingrg/check_reg.html?_=1677379808538 HTTP/1.1" 200 22
116.224.106.218 - - [26/Feb/2023:10:50:02 +0800] "GET /xingrg/all/function/internal_message.html?_=1677379811137&CODE_STATE=getMsg HTTP/1.1" 200 27
61.170.233.100 - - [26/Feb/2023:10:50:06 +0800] "GET /xingrg/check_reg.html?_=1677379811861 HTTP/1.1" 200 22
222.70.246.11 - - [26/Feb/2023:10:50:08 +0800] "GET /xingrg/kc/buy/cgsh_order_operate.html?command=get_materiel&rest_code=00146&code=00101003025&supplier_code=00100041&order_time=2023-02-26 HTTP/1.1" 200 428
180.169.147.146 - - [26/Feb/2023:10:50:12 +0800] "GET /xingrg/all/function/internal_message.html?_=1677379805689&CODE_STATE=getMsg HTTP/1.1" 200 27
222.67.232.202 - - [26/Feb/2023:10:50:12 +0800] "GET /xingrg/all/function/internal_message.html?_=1677379379614&CODE_STATE=getMsg HTTP/1.1" 200 27
222.70.246.11 - - [26/Feb/2023:10:50:12 +0800] "GET /xingrg/all/function/internal_message.html?_=1677379847691&CODE_STATE=getMsg HTTP/1.1" 200 27
222.70.221.209 - - [26/Feb/2023:10:50:13 +0800] "GET /xingrg/all/function/internal_message.html?_=1677379786180&CODE_STATE=getMsg HTTP/1.1" 200 27
222.70.246.11 - - [26/Feb/2023:10:50:22 +0800] "GET /xingrg/kc/buy/cgsh_order_operate.html?command=get_materiel&rest_code=00146&code=00101004020&supplier_code=00100041&order_time=2023-02-26 HTTP/1.1" 200 409
116.238.139.35 - - [26/Feb/2023:10:50:23 +0800] "GET /xingrg/all/function/internal_message.html?_=1677379758835&CODE_STATE=getMsg HTTP/1.1" 200 27
114.83.222.182 - - [26/Feb/2023:10:50:26 +0800] "GET /xingrg/all/function/internal_message.html?_=1677379889264&CODE_STATE=getMsg HTTP/1.1" 200 27
180.169.147.146 - - [26/Feb/2023:10:50:29 +0800] "POST /xingrg/kc/buy/cgsh_list_operate.html HTTP/1.1" 200 6153
116.238.139.35 - - [26/Feb/2023:10:50:29 +0800] "POST /xingrg/kc/base/wldb_order_operate.html HTTP/1.1" 200 37
61.170.233.100 - - [26/Feb/2023:10:50:29 +0800] "POST /xingrg/services/DataTransmitService HTTP/1.1" 401 565
61.170.233.100 - - [26/Feb/2023:10:50:29 +0800] "POST /xingrg/services/DataTransmitService HTTP/1.1" 200 478
61.170.233.100 - - [26/Feb/2023:10:50:29 +0800] "POST /xingrg/services/DataTransmitService HTTP/1.1" 200 1319
61.170.233.100 - - [26/Feb/2023:10:50:29 +0800] "POST /xingrg/services/DataTransmitService HTTP/1.1" 200 478
61.170.233.100 - - [26/Feb/2023:10:50:29 +0800] "POST /xingrg/services/DataTransmitService HTTP/1.1" 200 1319
61.170.233.100 - - [26/Feb/2023:10:50:29 +0800] "POST /xingrg/services/DataTransmitService HTTP/1.1" 200 524
116.238.139.35 - - [26/Feb/2023:10:50:29 +0800] "GET /xingrg/all/function/internal_message.html?_=1677379839737&CODE_STATE=getMsg HTTP/1.1" 200 27
61.170.233.100 - - [26/Feb/2023:10:50:30 +0800] "POST /xingrg/services/DataTransmitService HTTP/1.1" 200 2667
61.170.233.100 - - [26/Feb/2023:10:50:30 +0800] "POST /xingrg/services/DataTransmitService HTTP/1.1" 200 45454
61.170.233.100 - - [26/Feb/2023:10:50:30 +0800] "POST /xingrg/services/DataTransmitService HTTP/1.1" 200 19237
116.238.139.35 - - [26/Feb/2023:10:50:31 +0800] "POST /xingrg/kc/base/wldb_order_operate.html HTTP/1.1" 200 12
116.238.139.35 - - [26/Feb/2023:10:50:31 +0800] "POST /xingrg/kc/base/wldb_order_operate.html HTTP/1.1" 200 9243
114.83.216.11 - - [26/Feb/2023:10:50:33 +0800] "GET /xingrg/all/function/internal_message.html?_=1677379840869&CODE_STATE=getMsg HTTP/1.1" 200 27
124.79.240.233 - - [26/Feb/2023:10:50:34 +0800] "GET /xingrg/all/function/internal_message.html?_=1677380090775&CODE_STATE=getMsg HTTP/1.1" 200 27
61.170.233.100 - - [26/Feb/2023:10:50:38 +0800] "GET /xingrg/all/function/internal_message.html?_=1677379844163&CODE_STATE=getMsg HTTP/1.1" 200 27
180.163.30.27 - - [26/Feb/2023:10:50:38 +0800] "GET /xingrg/all/function/internal_message.html?_=1677379784181&CODE_STATE=getMsg HTTP/1.1" 302 -
180.163.30.27 - - [26/Feb/2023:10:50:38 +0800] "GET /xingrg/login.html HTTP/1.1" 200 7641
222.70.246.11 - - [26/Feb/2023:10:50:39 +0800] "GET /xingrg/kc/buy/cgsh_order_operate.html?command=get_materiel&rest_code=00146&code=00101001002&supplier_code=00100041&order_time=2023-02-26 HTTP/1.1" 200 413
116.238.139.35 - - [26/Feb/2023:10:50:40 +0800] "GET /xingrg/kc/base/wldb_order_info.html?code=422023022601990 HTTP/1.1" 200 26268
116.238.139.35 - - [26/Feb/2023:10:50:41 +0800] "GET /xingrg/javascript/easyui/themes/default/validatebox.css HTTP/1.1" 404 1104
116.238.139.35 - - [26/Feb/2023:10:50:41 +0800] "POST /xingrg/kc/base/wldb_order_operate.html HTTP/1.1" 200 7362
116.225.84.253 - - [26/Feb/2023:10:50:44 +0800] "GET /xingrg/all/function/internal_message.html?_=1677379855023&CODE_STATE=getMsg HTTP/1.1" 200 27
222.70.246.11 - - [26/Feb/2023:10:50:45 +0800] "GET /favicon.ico HTTP/1.1" 404 -
61.170.233.100 - - [26/Feb/2023:10:50:45 +0800] "POST /xingrg/services/DataTransmitService HTTP/1.1" 200 524
61.170.233.100 - - [26/Feb/2023:10:50:49 +0800] "POST /xingrg/services/DataTransmitService HTTP/1.1" 200 501
222.70.246.11 - - [26/Feb/2023:10:50:50 +0800] "GET /xingrg/kc/buy/cgsh_order_operate.html?command=get_materiel&rest_code=00146&code=00101002027&supplier_code=00100041&order_time=2023-02-26 HTTP/1.1" 200 413
116.192.124.172 - - [26/Feb/2023:10:50:50 +0800] "GET /xingrg/all/function/internal_message.html?_=1677379858190&CODE_STATE=getMsg HTTP/1.1" 200 27
116.238.139.35 - - [26/Feb/2023:10:50:54 +0800] "GET /xingrg/kc/base/wldb_order_add.html HTTP/1.1" 200 30387
116.238.139.35 - - [26/Feb/2023:10:50:55 +0800] "POST /xingrg/kc/base/wldb_order_operate.html HTTP/1.1" 200 6806
116.238.139.35 - - [26/Feb/2023:10:50:55 +0800] "GET /xingrg/javascript/easyui/themes/default/validatebox.css HTTP/1.1" 404 1104
116.225.84.253 - - [26/Feb/2023:10:50:55 +0800] "GET /xingrg/all/function/internal_message.html?_=1677379708928&CODE_STATE=getMsg HTTP/1.1" 200 27
180.157.253.110 - - [26/Feb/2023:10:50:58 +0800] "GET /xingrg/all/function/internal_message.html?_=1677379868444&CODE_STATE=getMsg HTTP/1.1" 200 27
61.170.233.100 - - [26/Feb/2023:10:50:59 +0800] "POST /xingrg/services/DataTransmitService HTTP/1.1" 200 524
116.224.106.218 - - [26/Feb/2023:10:51:02 +0800] "GET /xingrg/all/function/internal_message.html?_=1677379871123&CODE_STATE=getMsg HTTP/1.1" 200 27
180.163.29.103 - - [26/Feb/2023:10:51:05 +0800] "GET /xingrg/check_reg.html?_=1677379811861 HTTP/1.1" 302 -
180.163.29.103 - - [26/Feb/2023:10:51:05 +0800] "GET /xingrg/login.html HTTP/1.1" 200 7641
116.238.139.35 - - [26/Feb/2023:10:51:10 +0800] "POST /xingrg/all/user/operate.html HTTP/1.1" 200 36
116.238.139.35 - - [26/Feb/2023:10:51:10 +0800] "GET /xingrg/index.html?sysBaseUrl=http%3A%2F%2F180.169.147.146%3A18081%2Fxingrg%2F&costTime=44×tamp=1677373366657 HTTP/1.1" 200 17177
116.238.139.35 - - [26/Feb/2023:10:51:10 +0800] "GET /xingrg/javascript/jquery_easy_ui/themes/default/easyui.css HTTP/1.1" 304 -
116.238.139.35 - - [26/Feb/2023:10:51:10 +0800] "GET /xingrg/javascript/jquery_easy_ui/themes/icon.css HTTP/1.1" 304 -
116.238.139.35 - - [26/Feb/2023:10:51:10 +0800] "GET /xingrg/css/form.css HTTP/1.1" 304 -
116.238.139.35 - - [26/Feb/2023:10:51:10 +0800] "GET /xingrg/javascript/jquery-1.4.2.min.js HTTP/1.1" 304 -
116.238.139.35 - - [26/Feb/2023:10:51:10 +0800] "GET /xingrg/javascript/jquery_easy_ui/jquery.easyui.min.js HTTP/1.1" 304 -
116.238.139.35 - - [26/Feb/2023:10:51:10 +0800] "GET /xingrg/javascript/jquery_easy_ui/easyui-lang-zh_CN.js HTTP/1.1" 304 -
116.238.139.35 - - [26/Feb/2023:10:51:10 +0800] "GET /xingrg/javascript/jquery.form.js HTTP/1.1" 304 -
116.238.139.35 - - [26/Feb/2023:10:51:10 +0800] "GET /xingrg/javascript/jquery.utils.js HTTP/1.1" 304 -
116.238.139.35 - - [26/Feb/2023:10:51:10 +0800] "GET /xingrg/javascript/jquery.timers.js HTTP/1.1" 304 -
116.238.139.35 - - [26/Feb/2023:10:51:10 +0800] "GET /xingrg/images/blue/jxLogo.png HTTP/1.1" 304 -
116.238.139.35 - - [26/Feb/2023:10:51:10 +0800] "GET /xingrg/javascript/jquery_easy_ui/themes/icons/settle_new.png HTTP/1.1" 304 -
116.238.139.35 - - [26/Feb/2023:10:51:10 +0800] "GET /xingrg/images/blue/navBackgound.jpg HTTP/1.1" 304 -
116.238.139.35 - - [26/Feb/2023:10:51:10 +0800] "POST /xingrg/all/common/load_tree.html?tree=area_rest_tree_json&manage=1 HTTP/1.1" 200 476
116.238.139.35 - - [26/Feb/2023:10:51:10 +0800] "GET /xingrg/check_reg.html?_=1677379880955 HTTP/1.1" 200 22
116.238.139.35 - - [26/Feb/2023:10:51:10 +0800] "GET /xingrg/all/function/internal_message.html?_=1677379880954&CODE_STATE=count HTTP/1.1" 200 11
116.238.139.35 - - [26/Feb/2023:10:51:11 +0800] "GET /xingrg/javascript/jquery_easy_ui/themes/default/images/panel_tool_collapse.gif HTTP/1.1" 304 -
116.238.139.35 - - [26/Feb/2023:10:51:11 +0800] "POST /xingrg/load_menu.html HTTP/1.1" 200 5138
116.238.139.35 - - [26/Feb/2023:10:51:11 +0800] "GET /xingrg/javascript/jquery_easy_ui/themes/default/images/tabs_rightarrow.png HTTP/1.1" 304 -
116.238.139.35 - - [26/Feb/2023:10:51:11 +0800] "GET /xingrg/javascript/jquery_easy_ui/themes/default/images/tabs_leftarrow.png HTTP/1.1" 304 -
116.238.139.35 - - [26/Feb/2023:10:51:11 +0800] "GET /xingrg/images/blue/pingpu.png HTTP/1.1" 304 -
116.238.139.35 - - [26/Feb/2023:10:51:11 +0800] "GET /xingrg/javascript/jquery_easy_ui/themes/default/images/tree_folder.gif HTTP/1.1" 304 -
116.238.139.35 - - [26/Feb/2023:10:51:11 +0800] "GET /xingrg/javascript/jquery_easy_ui/themes/icons/storage_new.png HTTP/1.1" 304 -
116.238.139.35 - - [26/Feb/2023:10:51:11 +0800] "GET /xingrg/javascript/jquery_easy_ui/themes/default/images/tree_file.gif HTTP/1.1" 304 -
116.238.139.35 - - [26/Feb/2023:10:51:11 +0800] "GET /xingrg/javascript/jquery_easy_ui/themes/default/images/tree_arrows.gif HTTP/1.1" 304 -
116.238.139.35 - - [26/Feb/2023:10:51:11 +0800] "GET /xingrg/javascript/jquery_easy_ui/themes/icons/forms_new.png HTTP/1.1" 304 -
116.238.139.35 - - [26/Feb/2023:10:51:11 +0800] "GET /xingrg/javascript/jquery_easy_ui/themes/default/images/tree_folder_open.gif HTTP/1.1" 304 -
116.238.139.35 - - [26/Feb/2023:10:51:11 +0800] "GET /xingrg/javascript/jquery_easy_ui/themes/icons/search_new.png HTTP/1.1" 304 -
180.169.147.146 - - [26/Feb/2023:10:51:12 +0800] "GET /xingrg/all/function/internal_message.html?_=1677379865670&CODE_STATE=getMsg HTTP/1.1" 200 27
222.67.232.202 - - [26/Feb/2023:10:51:12 +0800] "GET /xingrg/all/function/internal_message.html?_=1677379439586&CODE_STATE=getMsg HTTP/1.1" 200 27
222.70.246.11 - - [26/Feb/2023:10:51:12 +0800] "POST /xingrg/kc/buy/cgsh_order_operate.html HTTP/1.1" 200 37
222.70.221.209 - - [26/Feb/2023:10:51:13 +0800] "GET /xingrg/all/function/internal_message.html?_=1677379846192&CODE_STATE=getMsg HTTP/1.1" 200 27
222.70.246.11 - - [26/Feb/2023:10:51:14 +0800] "POST /xingrg/kc/buy/cgsh_order_operate.html HTTP/1.1" 200 7975
180.169.147.146 - - [26/Feb/2023:10:51:16 +0800] "GET /xingrg/index.html?sysBaseUrl=http%3A%2F%2F180.169.147.146%3A18081%2Fxingrg%2F&costTime=39×tamp=1592034574635 HTTP/1.1" 302 -
180.169.147.146 - - [26/Feb/2023:10:51:16 +0800] "GET /xingrg/login.html HTTP/1.1" 200 7641
180.169.147.146 - - [26/Feb/2023:10:51:16 +0800] "GET /favicon.ico HTTP/1.1" 404 -
222.70.246.11 - - [26/Feb/2023:10:51:17 +0800] "GET /xingrg/all/function/internal_message.html?_=1677379911877&CODE_STATE=getMsg HTTP/1.1" 200 27
222.70.246.11 - - [26/Feb/2023:10:51:17 +0800] "GET /xingrg/kc/print/load_data.html?order_code=212023022609304&kc_code=cgsh&condition= HTTP/1.1" 200 2713
116.238.139.35 - - [26/Feb/2023:10:51:23 +0800] "GET /xingrg/all/function/internal_message.html?_=1677379818856&CODE_STATE=getMsg HTTP/1.1" 200 27
116.238.139.35 - - [26/Feb/2023:10:51:23 +0800] "GET /xingrg/kc/buy/cgsh_order_list.html HTTP/1.1" 200 54135
116.238.139.35 - - [26/Feb/2023:10:51:24 +0800] "POST /xingrg/kc/buy/cgsh_list_operate.html HTTP/1.1" 200 986
116.238.139.35 - - [26/Feb/2023:10:51:25 +0800] "GET /xingrg/kc/buy/cgsh_order_add.html HTTP/1.1" 200 69510
116.238.139.35 - - [26/Feb/2023:10:51:25 +0800] "GET /xingrg/javascript/easyui/themes/default/validatebox.css HTTP/1.1" 404 1104
116.238.139.35 - - [26/Feb/2023:10:51:25 +0800] "POST /xingrg/kc/buy/cgsh_order_operate.html HTTP/1.1" 200 8245
114.83.222.182 - - [26/Feb/2023:10:51:26 +0800] "GET /xingrg/all/function/internal_message.html?_=1677379949254&CODE_STATE=getMsg HTTP/1.1" 200 27
116.238.139.35 - - [26/Feb/2023:10:51:33 +0800] "GET /xingrg/javascript/auto/indicator.gif HTTP/1.1" 404 1066
222.70.246.11 - - [26/Feb/2023:10:51:33 +0800] "GET /xingrg/kc/buy/cgsh_order_add.html HTTP/1.1" 200 69913
114.83.216.11 - - [26/Feb/2023:10:51:33 +0800] "GET /xingrg/all/function/internal_message.html?_=1677379900872&CODE_STATE=getMsg HTTP/1.1" 200 27
124.79.240.233 - - [26/Feb/2023:10:51:34 +0800] "GET /xingrg/check_reg.html?_=1677380150773 HTTP/1.1" 200 22
124.79.240.233 - - [26/Feb/2023:10:51:34 +0800] "GET /xingrg/all/function/internal_message.html?_=1677380150774&CODE_STATE=getMsg HTTP/1.1" 200 27
222.70.246.11 - - [26/Feb/2023:10:51:34 +0800] "POST /xingrg/kc/buy/cgsh_order_operate.html HTTP/1.1" 200 8245
222.70.246.11 - - [26/Feb/2023:10:51:34 +0800] "GET /xingrg/javascript/easyui/themes/default/validatebox.css HTTP/1.1" 404 1104
61.170.233.100 - - [26/Feb/2023:10:51:38 +0800] "GET /xingrg/all/function/internal_message.html?_=1677379904152&CODE_STATE=getMsg HTTP/1.1" 200 27
180.169.147.146 - - [26/Feb/2023:10:51:40 +0800] "POST /xingrg/login.do HTTP/1.1" 302 -
180.169.147.146 - - [26/Feb/2023:10:51:40 +0800] "GET /xingrg/index.html?sysBaseUrl=http%3A%2F%2F180.169.147.146%3A18081%2Fxingrg%2F&costTime=43×tamp=1677379900183 HTTP/1.1" 200 17503
180.169.147.146 - - [26/Feb/2023:10:51:40 +0800] "GET /xingrg/javascript/jquery_easy_ui/themes/default/easyui.css HTTP/1.1" 200 26500
180.169.147.146 - - [26/Feb/2023:10:51:40 +0800] "GET /xingrg/javascript/jquery_easy_ui/themes/icon.css HTTP/1.1" 200 3949
180.169.147.146 - - [26/Feb/2023:10:51:40 +0800] "GET /xingrg/css/form.css HTTP/1.1" 200 893
180.169.147.146 - - [26/Feb/2023:10:51:40 +0800] "GET /xingrg/javascript/jquery-1.4.2.min.js HTTP/1.1" 200 72205
180.169.147.146 - - [26/Feb/2023:10:51:40 +0800] "GET /favicon.ico HTTP/1.1" 404 -
180.169.147.146 - - [26/Feb/2023:10:51:40 +0800] "GET /xingrg/javascript/jquery_easy_ui/jquery.easyui.min.js HTTP/1.1" 200 213662
180.169.147.146 - - [26/Feb/2023:10:51:40 +0800] "GET /xingrg/javascript/jquery_easy_ui/easyui-lang-zh_CN.js HTTP/1.1" 200 1900
180.169.147.146 - - [26/Feb/2023:10:51:40 +0800] "GET /xingrg/javascript/jquery.utils.js HTTP/1.1" 200 11805
180.169.147.146 - - [26/Feb/2023:10:51:40 +0800] "GET /xingrg/javascript/jquery.form.js HTTP/1.1" 200 23110
180.169.147.146 - - [26/Feb/2023:10:51:40 +0800] "GET /xingrg/javascript/jquery.timers.js HTTP/1.1" 200 3532
180.169.147.146 - - [26/Feb/2023:10:51:40 +0800] "POST /xingrg/all/common/load_tree.html?tree=area_rest_tree_json&manage=1 HTTP/1.1" 200 3499
180.169.147.146 - - [26/Feb/2023:10:51:40 +0800] "GET /xingrg/all/function/internal_message.html?_=1677379908991&CODE_STATE=count HTTP/1.1" 200 11
180.169.147.146 - - [26/Feb/2023:10:51:40 +0800] "GET /xingrg/check_reg.html?_=1677379908993 HTTP/1.1" 200 22
180.169.147.146 - - [26/Feb/2023:10:51:40 +0800] "GET /xingrg/images/blue/pingpu.png HTTP/1.1" 200 231
180.169.147.146 - - [26/Feb/2023:10:51:40 +0800] "GET /xingrg/javascript/jquery_easy_ui/themes/default/images/tabs_leftarrow.png HTTP/1.1" 200 389
180.169.147.146 - - [26/Feb/2023:10:51:40 +0800] "GET /xingrg/javascript/jquery_easy_ui/themes/default/images/tabs_rightarrow.png HTTP/1.1" 200 395
180.169.147.146 - - [26/Feb/2023:10:51:40 +0800] "GET /xingrg/images/blue/navBackgound.jpg HTTP/1.1" 200 12378
180.169.147.146 - - [26/Feb/2023:10:51:40 +0800] "GET /xingrg/javascript/jquery_easy_ui/themes/default/images/panel_tool_expand.gif HTTP/1.1" 200 247
180.169.147.146 - - [26/Feb/2023:10:51:40 +0800] "GET /xingrg/javascript/jquery_easy_ui/themes/default/images/panel_tool_collapse.gif HTTP/1.1" 200 246
180.169.147.146 - - [26/Feb/2023:10:51:40 +0800] "GET /xingrg/javascript/jquery_easy_ui/themes/icons/settle_new.png HTTP/1.1" 200 826
180.169.147.146 - - [26/Feb/2023:10:51:40 +0800] "GET /xingrg/javascript/jquery_easy_ui/themes/default/images/tree_arrows.gif HTTP/1.1" 200 1043
180.169.147.146 - - [26/Feb/2023:10:51:40 +0800] "GET /xingrg/javascript/jquery_easy_ui/themes/default/images/tree_folder_open.gif HTTP/1.1" 200 956
180.169.147.146 - - [26/Feb/2023:10:51:40 +0800] "GET /xingrg/javascript/jquery_easy_ui/themes/icons/manage.png HTTP/1.1" 200 696
180.169.147.146 - - [26/Feb/2023:10:51:40 +0800] "GET /xingrg/javascript/jquery_easy_ui/themes/icons/rest.png HTTP/1.1" 200 695
180.169.147.146 - - [26/Feb/2023:10:51:40 +0800] "GET /xingrg/javascript/jquery_easy_ui/themes/icons/area.png HTTP/1.1" 200 262
180.169.147.146 - - [26/Feb/2023:10:51:40 +0800] "POST /xingrg/load_menu.html HTTP/1.1" 200 11564
180.169.147.146 - - [26/Feb/2023:10:51:40 +0800] "GET /xingrg/javascript/jquery_easy_ui/themes/icons/search_new.png HTTP/1.1" 200 586
180.169.147.146 - - [26/Feb/2023:10:51:40 +0800] "GET /xingrg/javascript/jquery_easy_ui/themes/icons/delivery_new.png HTTP/1.1" 200 700
180.169.147.146 - - [26/Feb/2023:10:51:40 +0800] "GET /xingrg/javascript/jquery_easy_ui/themes/icons/storage_new.png HTTP/1.1" 200 853
180.169.147.146 - - [26/Feb/2023:10:51:40 +0800] "GET /xingrg/javascript/jquery_easy_ui/themes/icons/checkout_new.png HTTP/1.1" 200 744
180.169.147.146 - - [26/Feb/2023:10:51:40 +0800] "GET /xingrg/javascript/jquery_easy_ui/themes/icons/forms_new.png HTTP/1.1" 200 350
180.169.147.146 - - [26/Feb/2023:10:51:40 +0800] "GET /xingrg/javascript/jquery_easy_ui/themes/icons/systemset_new.png HTTP/1.1" 200 606
180.169.147.146 - - [26/Feb/2023:10:51:40 +0800] "GET /xingrg/javascript/jquery_easy_ui/themes/icons/setting_new.png HTTP/1.1" 200 450
180.169.147.146 - - [26/Feb/2023:10:51:40 +0800] "GET /xingrg/javascript/jquery_easy_ui/themes/default/images/tree_folder.gif HTTP/1.1" 200 952
180.169.147.146 - - [26/Feb/2023:10:51:40 +0800] "GET /xingrg/javascript/jquery_easy_ui/themes/default/images/tree_file.gif HTTP/1.1" 200 118
180.169.147.146 - - [26/Feb/2023:10:51:41 +0800] "GET /xingrg/javascript/jquery_easy_ui/themes/default/images/button_a_bg.gif HTTP/1.1" 200 1194
180.169.147.146 - - [26/Feb/2023:10:51:41 +0800] "GET /xingrg/javascript/jquery_easy_ui/themes/default/images/button_span_bg.gif HTTP/1.1" 200 2061
180.169.147.146 - - [26/Feb/2023:10:51:41 +0800] "GET /xingrg/javascript/jquery_easy_ui/themes/default/images/panel_title.png HTTP/1.1" 200 266
180.169.147.146 - - [26/Feb/2023:10:51:41 +0800] "GET /xingrg/javascript/jquery_easy_ui/themes/default/images/panel_tools.gif HTTP/1.1" 200 737
180.169.147.146 - - [26/Feb/2023:10:51:41 +0800] "GET /xingrg/javascript/jquery_easy_ui/themes/icons/ok.png HTTP/1.1" 200 883
116.238.139.35 - - [26/Feb/2023:10:51:41 +0800] "GET /xingrg/kc/buy/cgsh_order_operate.html?command=get_materiel&rest_code=00151&code=00102003436&supplier_code=00100151&order_time=2023-02-26 HTTP/1.1" 200 408
180.169.147.146 - - [26/Feb/2023:10:51:43 +0800] "GET /xingrg/kc/report/report_main.html HTTP/1.1" 200 8599
180.169.147.146 - - [26/Feb/2023:10:51:43 +0800] "GET /xingrg/javascript/jquery_easy_ui/themes/default/images/tabs_close.gif HTTP/1.1" 200 829
180.169.147.146 - - [26/Feb/2023:10:51:43 +0800] "GET /xingrg/css/blue.css HTTP/1.1" 200 15949
180.169.147.146 - - [26/Feb/2023:10:51:43 +0800] "GET /xingrg/javascript/pic_change.js HTTP/1.1" 200 4739
180.169.147.146 - - [26/Feb/2023:10:51:43 +0800] "GET /xingrg/javascript/jquery_ui/themes/humanity/humanity.css HTTP/1.1" 200 27801
180.169.147.146 - - [26/Feb/2023:10:51:43 +0800] "GET /xingrg/javascript/myfunction.js HTTP/1.1" 200 24559
180.169.147.146 - - [26/Feb/2023:10:51:43 +0800] "GET /xingrg/javascript/json2.js HTTP/1.1" 200 11259
180.169.147.146 - - [26/Feb/2023:10:51:43 +0800] "GET /xingrg/javascript/jquery_easy_ui/themes/icons/back_new.png HTTP/1.1" 200 3414
116.225.84.253 - - [26/Feb/2023:10:51:44 +0800] "GET /xingrg/check_reg.html?_=1677379914831 HTTP/1.1" 200 22
116.225.84.253 - - [26/Feb/2023:10:51:44 +0800] "GET /xingrg/all/function/internal_message.html?_=1677379914994&CODE_STATE=getMsg HTTP/1.1" 200 27
180.169.147.146 - - [26/Feb/2023:10:51:45 +0800] "GET /xingrg/all/report/report_query.html?fileName=kc/buy/gys_amount_base_rest.xml HTTP/1.1" 200 51664
180.169.147.146 - - [26/Feb/2023:10:51:45 +0800] "GET /xingrg/javascript/multi_select/jqueryMultiSelect.css HTTP/1.1" 200 951
180.169.147.146 - - [26/Feb/2023:10:51:45 +0800] "GET /xingrg/javascript/calendar/timePicker.css HTTP/1.1" 200 523
180.169.147.146 - - [26/Feb/2023:10:51:45 +0800] "GET /xingrg/javascript/bigrid/fix.css HTTP/1.1" 200 1702
180.169.147.146 - - [26/Feb/2023:10:51:45 +0800] "GET /xingrg/dwr/interface/AjaxReportQueryService.js HTTP/1.1" 200 13203
180.169.147.146 - - [26/Feb/2023:10:51:45 +0800] "GET /xingrg/dwr/engine.js HTTP/1.1" 200 43631
180.169.147.146 - - [26/Feb/2023:10:51:45 +0800] "GET /xingrg/dwr/util.js HTTP/1.1" 200 35990
180.169.147.146 - - [26/Feb/2023:10:51:45 +0800] "GET /xingrg/javascript/jqueryMultiSelect.js HTTP/1.1" 200 11866
180.169.147.146 - - [26/Feb/2023:10:51:45 +0800] "GET /xingrg/javascript/calendar/jquery.timePicker.min.js HTTP/1.1" 200 2997
180.169.147.146 - - [26/Feb/2023:10:51:45 +0800] "GET /xingrg/javascript/Calendar.js HTTP/1.1" 200 31561
180.169.147.146 - - [26/Feb/2023:10:51:45 +0800] "GET /xingrg/javascript/bigrid/fix.js HTTP/1.1" 200 6439
180.169.147.146 - - [26/Feb/2023:10:51:45 +0800] "GET /xingrg/images/blue/button/advanceover.gif HTTP/1.1" 200 1347
180.169.147.146 - - [26/Feb/2023:10:51:45 +0800] "GET /xingrg/images/control/loading.gif HTTP/1.1" 200 13463
180.169.147.146 - - [26/Feb/2023:10:51:45 +0800] "GET /xingrg/images/blue/button/advance2over.gif HTTP/1.1" 200 1336
180.169.147.146 - - [26/Feb/2023:10:51:45 +0800] "GET /xingrg/images/blue/button/backover.gif HTTP/1.1" 200 1348
180.169.147.146 - - [26/Feb/2023:10:51:45 +0800] "GET /xingrg/images/blue/button/back2over.gif HTTP/1.1" 200 1335
180.169.147.146 - - [26/Feb/2023:10:51:45 +0800] "GET /xingrg/javascript/jquery_easy_ui/themes/icons/help.png HTTP/1.1" 200 1187
180.169.147.146 - - [26/Feb/2023:10:51:45 +0800] "GET /xingrg/javascript/jquery_easy_ui/themes/default/images/menu_downarrow.png HTTP/1.1" 200 173
180.169.147.146 - - [26/Feb/2023:10:51:45 +0800] "POST /xingrg/dwr/call/plaincall/AjaxReportQueryService.getFixDate.dwr HTTP/1.1" 200 111
180.169.147.146 - - [26/Feb/2023:10:51:45 +0800] "GET /xingrg/javascript/jquery_easy_ui/themes/default/images/menu.gif HTTP/1.1" 200 834
180.169.147.146 - - [26/Feb/2023:10:51:45 +0800] "GET /xingrg/javascript/jquery_easy_ui/themes/icons/print.png HTTP/1.1" 200 1057
180.169.147.146 - - [26/Feb/2023:10:51:45 +0800] "GET /xingrg/javascript/jquery_easy_ui/themes/icons/pencil.png HTTP/1.1" 200 713
180.169.147.146 - - [26/Feb/2023:10:51:45 +0800] "GET /xingrg/javascript/jquery_easy_ui/themes/default/images/menu_rightarrow.png HTTP/1.1" 200 3617
180.169.147.146 - - [26/Feb/2023:10:51:45 +0800] "GET /xingrg/javascript/jquery_easy_ui/themes/default/images/combo_arrow_dot.gif HTTP/1.1" 200 79
180.169.147.146 - - [26/Feb/2023:10:51:45 +0800] "POST /xingrg/all/common/load_tree.html?tree=area_rest_tree_json&manage=1 HTTP/1.1" 200 3499
180.169.147.146 - - [26/Feb/2023:10:51:45 +0800] "GET /xingrg/javascript/jquery_easy_ui/themes/default/images/tree_checkbox_0.gif HTTP/1.1" 200 168
180.169.147.146 - - [26/Feb/2023:10:51:45 +0800] "POST /xingrg/all/common/load_tree.html?tree=supplier_tree_json&manage=1 HTTP/1.1" 200 72908
116.224.106.218 - - [26/Feb/2023:10:51:49 +0800] "GET /xingrg/check_reg.html?_=1677379918176 HTTP/1.1" 200 22
116.192.124.172 - - [26/Feb/2023:10:51:50 +0800] "GET /xingrg/all/function/internal_message.html?_=1677379918168&CODE_STATE=getMsg HTTP/1.1" 200 27
116.225.84.253 - - [26/Feb/2023:10:51:55 +0800] "GET /xingrg/all/function/internal_message.html?_=1677379768929&CODE_STATE=getMsg HTTP/1.1" 200 27
180.169.147.146 - - [26/Feb/2023:10:51:57 +0800] "GET /xingrg/javascript/jquery_easy_ui/themes/default/images/tree_checkbox_1.gif HTTP/1.1" 200 174
180.169.147.146 - - [26/Feb/2023:10:51:57 +0800] "GET /xingrg/javascript/jquery_easy_ui/themes/default/images/tree_checkbox_2.gif HTTP/1.1" 200 181
180.169.147.146 - - [26/Feb/2023:10:51:58 +0800] "POST /xingrg/dwr/call/plaincall/AjaxReportQueryService.refreshCache.dwr HTTP/1.1" 200 78
180.157.253.110 - - [26/Feb/2023:10:51:58 +0800] "GET /xingrg/all/function/internal_message.html?_=1677379928423&CODE_STATE=getMsg HTTP/1.1" 200 27
180.169.147.146 - - [26/Feb/2023:10:51:59 +0800] "POST /xingrg/all/report/load_report_page.html HTTP/1.1" 200 51886
180.169.147.146 - - [26/Feb/2023:10:51:59 +0800] "GET /xingrg/servlets/image?cache=0.3436815488122267&image=px HTTP/1.1" 200 807
