180.163.30.100 - - [26/Feb/2023:08:50:30 +0800] "GET /xingrg/kc/buy/cgsh_order_operate.html?command=get_materiel&rest_code=00106&code=00101008300&supplier_code=00100007&order_time=2023-02-26 HTTP/1.1" 302 -
180.163.30.100 - - [26/Feb/2023:08:50:31 +0800] "GET /xingrg/login.html HTTP/1.1" 200 7641
61.170.233.100 - - [26/Feb/2023:08:50:31 +0800] "GET /xingrg/kc/buy/cgsh_order_operate.html?command=get_materiel&rest_code=00106&code=00101008239&supplier_code=00100007&order_time=2023-02-26 HTTP/1.1" 200 416
120.253.135.82 - - [26/Feb/2023:08:50:32 +0800] "GET /xingrg/all/function/internal_message.html?_=1677372464666&CODE_STATE=getMsg HTTP/1.1" 200 27
114.83.216.11 - - [26/Feb/2023:08:50:33 +0800] "GET /xingrg/all/function/internal_message.html?_=1677372640547&CODE_STATE=getMsg HTTP/1.1" 200 27
222.70.221.209 - - [26/Feb/2023:08:50:34 +0800] "GET /xingrg/kc/buy/cgsh_order_operate.html?command=get_materiel&rest_code=00155&code=00101006113&supplier_code=00100012&order_time=2023-02-26 HTTP/1.1" 200 413
222.70.178.100 - - [26/Feb/2023:08:50:35 +0800] "POST /xingrg/services/DataTransmitService HTTP/1.1" 200 524
116.238.139.35 - - [26/Feb/2023:08:50:38 +0800] "GET /xingrg/kc/buy/cgsh_order_operate.html?command=get_materiel&rest_code=00150&code=00101008337&supplier_code=00100008&order_time=2023-02-26 HTTP/1.1" 200 408
114.83.216.11 - - [26/Feb/2023:08:50:38 +0800] "GET /xingrg/kc/buy/cgsh_order_operate.html?command=get_materiel&rest_code=00149&code=00101008024&supplier_code=00100008&order_time=2023-02-26 HTTP/1.1" 200 408
114.83.216.11 - - [26/Feb/2023:08:50:44 +0800] "POST /xingrg/kc/buy/cgsh_order_operate.html HTTP/1.1" 200 2065
116.225.84.253 - - [26/Feb/2023:08:50:44 +0800] "GET /xingrg/all/function/internal_message.html?_=1677372654654&CODE_STATE=getMsg HTTP/1.1" 200 27
61.170.233.100 - - [26/Feb/2023:08:50:44 +0800] "GET /xingrg/kc/buy/cgsh_order_operate.html?command=get_materiel&rest_code=00106&code=00101011010&supplier_code=00100007&order_time=2023-02-26 HTTP/1.1" 200 418
116.238.139.35 - - [26/Feb/2023:08:50:45 +0800] "GET /xingrg/check_reg.html?_=1677372655545 HTTP/1.1" 200 22
116.238.139.35 - - [26/Feb/2023:08:50:45 +0800] "GET /xingrg/all/function/internal_message.html?_=1677372655541&CODE_STATE=getMsg HTTP/1.1" 200 27
222.70.221.209 - - [26/Feb/2023:08:50:50 +0800] "POST /xingrg/kc/buy/cgsh_order_operate.html HTTP/1.1" 200 37
116.238.139.35 - - [26/Feb/2023:08:50:50 +0800] "GET /xingrg/kc/buy/cgsh_order_operate.html?command=get_materiel&rest_code=00150&code=00101008331&supplier_code=00100008&order_time=2023-02-26 HTTP/1.1" 200 416
222.70.221.209 - - [26/Feb/2023:08:50:51 +0800] "POST /xingrg/kc/buy/cgsh_order_operate.html HTTP/1.1" 200 4452
222.70.221.209 - - [26/Feb/2023:08:50:52 +0800] "GET /xingrg/kc/print/load_data.html?order_code=212023022609255&kc_code=cgsh&condition= HTTP/1.1" 200 1469
114.83.216.11 - - [26/Feb/2023:08:50:52 +0800] "GET /xingrg/kc/buy/cgsh_order_operate.html?command=get_materiel&rest_code=00149&code=00101008356&supplier_code=00100008&order_time=2023-02-26 HTTP/1.1" 200 408
61.170.233.100 - - [26/Feb/2023:08:50:53 +0800] "GET /xingrg/kc/buy/cgsh_order_operate.html?command=get_materiel&rest_code=00106&code=00101008126&supplier_code=00100007&order_time=2023-02-26 HTTP/1.1" 200 412
116.225.84.253 - - [26/Feb/2023:08:50:55 +0800] "GET /xingrg/all/function/internal_message.html?_=1677372508751&CODE_STATE=getMsg HTTP/1.1" 200 27
222.70.221.209 - - [26/Feb/2023:08:50:55 +0800] "GET /xingrg/kc/print/load_data.html?order_code=212023022609255&kc_code=cgsh HTTP/1.1" 200 1469
116.192.124.172 - - [26/Feb/2023:08:50:56 +0800] "GET /xingrg/all/function/internal_message.html?_=1677372665521&CODE_STATE=getMsg HTTP/1.1" 200 27
116.192.124.172 - - [26/Feb/2023:08:50:56 +0800] "GET /xingrg/check_reg.html?_=1677372665522 HTTP/1.1" 200 22
116.225.84.253 - - [26/Feb/2023:08:50:57 +0800] "GET /xingrg/kc/buy/cgsh_order_operate.html?command=get_materiel&rest_code=00105&code=00101008223&supplier_code=&order_time=2023-02-26 HTTP/1.1" 200 412
116.238.139.35 - - [26/Feb/2023:08:51:00 +0800] "GET /xingrg/kc/buy/cgsh_order_operate.html?command=get_materiel&rest_code=00151&code=00101006184&supplier_code=00100096&order_time=2023-02-26 HTTP/1.1" 200 410
116.224.106.218 - - [26/Feb/2023:08:51:04 +0800] "GET /xingrg/all/function/internal_message.html?_=1677372673448&CODE_STATE=getMsg HTTP/1.1" 200 27
61.170.233.100 - - [26/Feb/2023:08:51:07 +0800] "GET /xingrg/all/function/internal_message.html?_=1677372673151&CODE_STATE=getMsg HTTP/1.1" 200 27
61.170.233.100 - - [26/Feb/2023:08:51:07 +0800] "POST /xingrg/kc/buy/cgsh_order_operate.html HTTP/1.1" 200 37
116.238.139.35 - - [26/Feb/2023:08:51:07 +0800] "GET /xingrg/kc/buy/cgsh_order_operate.html?command=get_materiel&rest_code=00150&code=00101008350&supplier_code=00100008&order_time=2023-02-26 HTTP/1.1" 200 408
222.70.221.209 - - [26/Feb/2023:08:51:08 +0800] "GET /xingrg/kc/buy/cgsh_order_add.html HTTP/1.1" 200 69919
222.70.221.209 - - [26/Feb/2023:08:51:08 +0800] "POST /xingrg/kc/buy/cgsh_order_operate.html HTTP/1.1" 200 8245
222.70.221.209 - - [26/Feb/2023:08:51:08 +0800] "GET /xingrg/javascript/easyui/themes/default/validatebox.css HTTP/1.1" 404 1104
116.238.139.35 - - [26/Feb/2023:08:51:10 +0800] "GET /xingrg/kc/buy/cgsh_order_operate.html?command=get_materiel&rest_code=00151&code=00101006065&supplier_code=00100096&order_time=2023-02-26 HTTP/1.1" 200 409
114.83.216.11 - - [26/Feb/2023:08:51:10 +0800] "GET /xingrg/kc/buy/cgsh_order_operate.html?command=get_materiel&rest_code=00149&code=00101008300&supplier_code=00100008&order_time=2023-02-26 HTTP/1.1" 200 412
120.253.135.82 - - [26/Feb/2023:08:51:12 +0800] "GET /xingrg/all/function/internal_message.html?_=1677372671582&CODE_STATE=getMsg HTTP/1.1" 200 27
222.70.221.209 - - [26/Feb/2023:08:51:13 +0800] "GET /xingrg/all/function/internal_message.html?_=1677372646185&CODE_STATE=getMsg HTTP/1.1" 200 27
180.157.253.110 - - [26/Feb/2023:08:51:15 +0800] "GET /xingrg/login.html HTTP/1.1" 200 7641
116.238.139.35 - - [26/Feb/2023:08:51:15 +0800] "GET /xingrg/kc/buy/cgsh_order_operate.html?command=get_materiel&rest_code=00150&code=00101008049&supplier_code=00100008&order_time=2023-02-26 HTTP/1.1" 200 408
180.157.253.110 - - [26/Feb/2023:08:51:16 +0800] "GET /favicon.ico HTTP/1.1" 404 -
114.83.216.11 - - [26/Feb/2023:08:51:18 +0800] "GET /xingrg/kc/buy/cgsh_order_operate.html?command=get_materiel&rest_code=00149&code=00101008205&supplier_code=00100008&order_time=2023-02-26 HTTP/1.1" 200 412
180.157.253.110 - - [26/Feb/2023:08:51:19 +0800] "POST /xingrg/kc/buy/cgsh_list_operate.html HTTP/1.1" 200 5972
222.70.221.209 - - [26/Feb/2023:08:51:19 +0800] "GET /xingrg/kc/buy/cgsh_order_operate.html?command=get_materiel&rest_code=00155&code=00101007090&supplier_code=00100002&order_time=2023-02-26 HTTP/1.1" 200 413
116.238.139.35 - - [26/Feb/2023:08:51:22 +0800] "GET /xingrg/kc/buy/cgsh_order_operate.html?command=get_materiel&rest_code=00151&code=00101006112&supplier_code=00100096&order_time=2023-02-26 HTTP/1.1" 200 409
116.238.139.35 - - [26/Feb/2023:08:51:23 +0800] "GET /xingrg/all/function/internal_message.html?_=1677372619028&CODE_STATE=getMsg HTTP/1.1" 200 27
222.67.232.202 - - [26/Feb/2023:08:51:23 +0800] "GET /favicon.ico HTTP/1.1" 404 -
116.238.139.35 - - [26/Feb/2023:08:51:25 +0800] "GET /xingrg/kc/buy/cgsh_order_operate.html?command=get_materiel&rest_code=00150&code=00101008010&supplier_code=00100008&order_time=2023-02-26 HTTP/1.1" 200 412
114.83.216.11 - - [26/Feb/2023:08:51:27 +0800] "GET /xingrg/kc/buy/cgsh_order_operate.html?command=get_materiel&rest_code=00149&code=00101008251&supplier_code=00100008&order_time=2023-02-26 HTTP/1.1" 200 408
222.70.221.209 - - [26/Feb/2023:08:51:28 +0800] "GET /xingrg/kc/buy/cgsh_order_operate.html?command=get_materiel&rest_code=00155&code=00101010287&supplier_code=00100002&order_time=2023-02-26 HTTP/1.1" 200 409
180.163.30.100 - - [26/Feb/2023:08:51:28 +0800] "GET /xingrg/kc/buy/cgsh_order_operate.html?command=get_materiel&rest_code=00106&code=00101008239&supplier_code=00100007&order_time=2023-02-26 HTTP/1.1" 302 -
180.163.30.100 - - [26/Feb/2023:08:51:28 +0800] "GET /xingrg/login.html HTTP/1.1" 200 7641
116.192.124.172 - - [26/Feb/2023:08:51:28 +0800] "GET /xingrg/all/function/internal_message.html?_=1677372696587&CODE_STATE=getMsg HTTP/1.1" 302 -
116.192.124.172 - - [26/Feb/2023:08:51:28 +0800] "GET /xingrg/check_reg.html?_=1677372696978 HTTP/1.1" 302 -
114.83.216.11 - - [26/Feb/2023:08:51:31 +0800] "POST /xingrg/kc/buy/cgsh_order_operate.html HTTP/1.1" 200 2065
120.253.135.82 - - [26/Feb/2023:08:51:32 +0800] "GET /xingrg/check_reg.html?_=1677372524239 HTTP/1.1" 200 22
120.253.135.82 - - [26/Feb/2023:08:51:32 +0800] "GET /xingrg/all/function/internal_message.html?_=1677372524679&CODE_STATE=getMsg HTTP/1.1" 200 27
114.83.216.11 - - [26/Feb/2023:08:51:33 +0800] "GET /xingrg/all/function/internal_message.html?_=1677372700550&CODE_STATE=getMsg HTTP/1.1" 200 27
116.238.139.35 - - [26/Feb/2023:08:51:34 +0800] "GET /xingrg/kc/buy/cgsh_order_operate.html?command=get_materiel&rest_code=00150&code=00101008026&supplier_code=00100008&order_time=2023-02-26 HTTP/1.1" 200 409
222.70.221.209 - - [26/Feb/2023:08:51:34 +0800] "GET /xingrg/kc/buy/cgsh_order_operate.html?command=get_materiel&rest_code=00155&code=00101007072&supplier_code=00100002&order_time=2023-02-26 HTTP/1.1" 200 413
222.67.232.202 - - [26/Feb/2023:08:51:34 +0800] "GET /xingrg/login.html HTTP/1.1" 200 7641
222.67.232.202 - - [26/Feb/2023:08:51:34 +0800] "GET /favicon.ico HTTP/1.1" 404 -
114.83.216.11 - - [26/Feb/2023:08:51:40 +0800] "GET /xingrg/kc/buy/cgsh_order_operate.html?command=get_materiel&rest_code=00149&code=00101008439&supplier_code=00100008&order_time=2023-02-26 HTTP/1.1" 200 413
116.238.139.35 - - [26/Feb/2023:08:51:41 +0800] "GET /xingrg/kc/buy/cgsh_order_operate.html?command=get_materiel&rest_code=00151&code=00101006109&supplier_code=00100096&order_time=2023-02-26 HTTP/1.1" 200 409
180.163.28.68 - - [26/Feb/2023:08:51:41 +0800] "GET /xingrg/kc/buy/cgsh_order_operate.html?command=get_materiel&rest_code=00106&code=00101011010&supplier_code=00100007&order_time=2023-02-26 HTTP/1.1" 302 -
180.163.28.68 - - [26/Feb/2023:08:51:41 +0800] "GET /xingrg/login.html HTTP/1.1" 200 7641
222.70.221.209 - - [26/Feb/2023:08:51:42 +0800] "GET /xingrg/kc/buy/cgsh_order_operate.html?command=get_materiel&rest_code=00155&code=00101007071&supplier_code=00100002&order_time=2023-02-26 HTTP/1.1" 200 417
116.225.84.253 - - [26/Feb/2023:08:51:44 +0800] "GET /xingrg/check_reg.html?_=1677372714774 HTTP/1.1" 200 22
116.225.84.253 - - [26/Feb/2023:08:51:45 +0800] "GET /xingrg/all/function/internal_message.html?_=1677372714775&CODE_STATE=getMsg HTTP/1.1" 200 27
116.238.139.35 - - [26/Feb/2023:08:51:45 +0800] "GET /xingrg/all/function/internal_message.html?_=1677372715521&CODE_STATE=getMsg HTTP/1.1" 200 27
116.224.106.218 - - [26/Feb/2023:08:51:49 +0800] "GET /xingrg/check_reg.html?_=1677372718066 HTTP/1.1" 200 22
222.70.221.209 - - [26/Feb/2023:08:51:49 +0800] "POST /xingrg/kc/buy/cgsh_order_operate.html HTTP/1.1" 200 37
116.238.139.35 - - [26/Feb/2023:08:51:49 +0800] "GET /xingrg/kc/buy/cgsh_order_operate.html?command=get_materiel&rest_code=00150&code=00101008038&supplier_code=00100008&order_time=2023-02-26 HTTP/1.1" 200 412
116.238.139.35 - - [26/Feb/2023:08:51:51 +0800] "GET /xingrg/kc/buy/cgsh_order_operate.html?command=get_materiel&rest_code=00151&code=00101007089&supplier_code=00100096&order_time=2023-02-26 HTTP/1.1" 200 410
114.83.216.11 - - [26/Feb/2023:08:51:52 +0800] "GET /xingrg/kc/buy/cgsh_order_operate.html?command=get_materiel&rest_code=00149&code=00101008137&supplier_code=00100008&order_time=2023-02-26 HTTP/1.1" 200 408
222.70.221.209 - - [26/Feb/2023:08:51:53 +0800] "POST /xingrg/kc/buy/cgsh_order_operate.html HTTP/1.1" 200 4436
222.70.221.209 - - [26/Feb/2023:08:51:54 +0800] "GET /xingrg/kc/print/load_data.html?order_code=212023022609256&kc_code=cgsh&condition= HTTP/1.1" 200 1437
116.225.84.253 - - [26/Feb/2023:08:51:55 +0800] "GET /xingrg/all/function/internal_message.html?_=1677372568751&CODE_STATE=getMsg HTTP/1.1" 200 27
116.192.124.172 - - [26/Feb/2023:08:51:56 +0800] "GET /xingrg/all/function/internal_message.html?_=1677372725520&CODE_STATE=getMsg HTTP/1.1" 200 27
222.70.221.209 - - [26/Feb/2023:08:52:00 +0800] "GET /xingrg/kc/print/load_data.html?order_code=212023022609256&kc_code=cgsh HTTP/1.1" 200 1437
116.238.139.35 - - [26/Feb/2023:08:52:03 +0800] "GET /xingrg/kc/buy/cgsh_order_operate.html?command=get_materiel&rest_code=00150&code=00101008358&supplier_code=00100008&order_time=2023-02-26 HTTP/1.1" 200 412
114.83.216.11 - - [26/Feb/2023:08:52:03 +0800] "GET /xingrg/kc/buy/cgsh_order_operate.html?command=get_materiel&rest_code=00149&code=00101008059&supplier_code=00100008&order_time=2023-02-26 HTTP/1.1" 200 408
116.224.106.218 - - [26/Feb/2023:08:52:04 +0800] "GET /xingrg/all/function/internal_message.html?_=1677372733419&CODE_STATE=getMsg HTTP/1.1" 200 27
180.163.29.234 - - [26/Feb/2023:08:52:07 +0800] "GET /xingrg/all/function/internal_message.html?_=1677372673151&CODE_STATE=getMsg HTTP/1.1" 302 -
180.163.29.234 - - [26/Feb/2023:08:52:07 +0800] "GET /xingrg/login.html HTTP/1.1" 200 7641
222.70.221.209 - - [26/Feb/2023:08:52:12 +0800] "GET /xingrg/kc/buy/cgsh_order_add.html HTTP/1.1" 200 69919
222.70.221.209 - - [26/Feb/2023:08:52:12 +0800] "POST /xingrg/kc/buy/cgsh_order_operate.html HTTP/1.1" 200 8245
222.70.221.209 - - [26/Feb/2023:08:52:12 +0800] "GET /xingrg/javascript/easyui/themes/default/validatebox.css HTTP/1.1" 404 1104
120.253.135.82 - - [26/Feb/2023:08:52:12 +0800] "GET /xingrg/check_reg.html?_=1677372731530 HTTP/1.1" 200 22
120.253.135.82 - - [26/Feb/2023:08:52:12 +0800] "GET /xingrg/all/function/internal_message.html?_=1677372731711&CODE_STATE=getMsg HTTP/1.1" 200 27
114.83.216.11 - - [26/Feb/2023:08:52:13 +0800] "GET /xingrg/kc/buy/cgsh_order_operate.html?command=get_materiel&rest_code=00149&code=00101008077&supplier_code=00100008&order_time=2023-02-26 HTTP/1.1" 200 416
222.70.221.209 - - [26/Feb/2023:08:52:13 +0800] "GET /xingrg/all/function/internal_message.html?_=1677372706195&CODE_STATE=getMsg HTTP/1.1" 200 27
222.67.232.202 - - [26/Feb/2023:08:52:13 +0800] "POST /xingrg/login.do HTTP/1.1" 302 -
222.67.232.202 - - [26/Feb/2023:08:52:13 +0800] "GET /xingrg/index.html?sysBaseUrl=http%3A%2F%2F180.169.147.146%3A18081%2Fxingrg%2F&costTime=45×tamp=1677372733614 HTTP/1.1" 200 17503
222.67.232.202 - - [26/Feb/2023:08:52:13 +0800] "GET /favicon.ico HTTP/1.1" 404 -
222.67.232.202 - - [26/Feb/2023:08:52:13 +0800] "POST /xingrg/all/common/load_tree.html?tree=area_rest_tree_json&manage=1 HTTP/1.1" 200 3499
222.67.232.202 - - [26/Feb/2023:08:52:13 +0800] "GET /xingrg/check_reg.html?_=1677372742484 HTTP/1.1" 200 22
222.67.232.202 - - [26/Feb/2023:08:52:13 +0800] "GET /xingrg/all/function/internal_message.html?_=1677372742483&CODE_STATE=count HTTP/1.1" 200 11
222.67.232.202 - - [26/Feb/2023:08:52:14 +0800] "POST /xingrg/load_menu.html HTTP/1.1" 200 11443
114.83.216.11 - - [26/Feb/2023:08:52:22 +0800] "POST /xingrg/kc/buy/cgsh_order_operate.html HTTP/1.1" 200 2065
116.238.139.35 - - [26/Feb/2023:08:52:23 +0800] "GET /xingrg/all/function/internal_message.html?_=1677372679042&CODE_STATE=getMsg HTTP/1.1" 200 27
116.238.139.35 - - [26/Feb/2023:08:52:23 +0800] "POST /xingrg/kc/buy/cgsh_order_operate.html HTTP/1.1" 200 37
116.225.84.253 - - [26/Feb/2023:08:52:24 +0800] "GET /xingrg/kc/buy/cgsh_order_operate.html?command=get_materiel&rest_code=00105&code=00101008123&supplier_code=&order_time=2023-02-26 HTTP/1.1" 200 412
222.70.221.209 - - [26/Feb/2023:08:52:25 +0800] "GET /xingrg/kc/buy/cgsh_order_operate.html?command=get_materiel&rest_code=00155&code=00101008261&supplier_code=00100005&order_time=2023-02-26 HTTP/1.1" 200 408
116.238.139.35 - - [26/Feb/2023:08:52:25 +0800] "GET /xingrg/kc/buy/cgsh_order_operate.html?command=get_materiel&rest_code=00150&code=00101008051&supplier_code=00100008&order_time=2023-02-26 HTTP/1.1" 200 409
114.83.216.11 - - [26/Feb/2023:08:52:26 +0800] "GET /xingrg/kc/buy/cgsh_order_operate.html?command=get_materiel&rest_code=00149&code=00101008223&supplier_code=00100008&order_time=2023-02-26 HTTP/1.1" 200 412
116.238.139.35 - - [26/Feb/2023:08:52:27 +0800] "POST /xingrg/kc/buy/cgsh_order_operate.html HTTP/1.1" 200 12
116.192.124.172 - - [26/Feb/2023:08:52:28 +0800] "GET /xingrg/all/function/internal_message.html?_=1677372756575&CODE_STATE=getMsg HTTP/1.1" 302 -
116.238.139.35 - - [26/Feb/2023:08:52:30 +0800] "GET /xingrg/kc/buy/cgsh_order_info.html?code=212023022609257 HTTP/1.1" 200 64419
116.238.139.35 - - [26/Feb/2023:08:52:30 +0800] "GET /xingrg/javascript/easyui/themes/default/validatebox.css HTTP/1.1" 404 1104
116.238.139.35 - - [26/Feb/2023:08:52:31 +0800] "POST /xingrg/kc/buy/cgsh_order_operate.html HTTP/1.1" 200 9558
120.253.135.82 - - [26/Feb/2023:08:52:32 +0800] "GET /xingrg/all/function/internal_message.html?_=1677372584692&CODE_STATE=getMsg HTTP/1.1" 200 27
114.83.216.11 - - [26/Feb/2023:08:52:33 +0800] "GET /xingrg/all/function/internal_message.html?_=1677372760554&CODE_STATE=getMsg HTTP/1.1" 200 27
116.238.139.35 - - [26/Feb/2023:08:52:33 +0800] "GET /xingrg/kc/print/load_data.html?order_code=212023022609257&kc_code=cgsh&condition= HTTP/1.1" 200 4120
222.70.221.209 - - [26/Feb/2023:08:52:34 +0800] "GET /xingrg/kc/buy/cgsh_order_operate.html?command=get_materiel&rest_code=00155&code=00101008210&supplier_code=00100005&order_time=2023-02-26 HTTP/1.1" 200 408
114.83.216.11 - - [26/Feb/2023:08:52:36 +0800] "GET /xingrg/kc/buy/cgsh_order_operate.html?command=get_materiel&rest_code=00149&code=00101008330&supplier_code=00100008&order_time=2023-02-26 HTTP/1.1" 200 409
116.225.84.253 - - [26/Feb/2023:08:52:36 +0800] "GET /xingrg/kc/buy/cgsh_order_operate.html?command=get_materiel&rest_code=00105&code=00101008568&supplier_code=&order_time=2023-02-26 HTTP/1.1" 200 412
116.238.139.35 - - [26/Feb/2023:08:52:39 +0800] "GET /xingrg/kc/buy/cgsh_order_add.html HTTP/1.1" 200 69522
116.238.139.35 - - [26/Feb/2023:08:52:40 +0800] "POST /xingrg/kc/buy/cgsh_order_operate.html HTTP/1.1" 200 8245
116.238.139.35 - - [26/Feb/2023:08:52:40 +0800] "GET /xingrg/javascript/easyui/themes/default/validatebox.css HTTP/1.1" 404 1104
222.70.221.209 - - [26/Feb/2023:08:52:41 +0800] "GET /xingrg/kc/buy/cgsh_order_operate.html?command=get_materiel&rest_code=00155&code=00101008331&supplier_code=00100005&order_time=2023-02-26 HTTP/1.1" 200 416
116.225.84.253 - - [26/Feb/2023:08:52:41 +0800] "POST /xingrg/kc/buy/cgsh_order_operate.html HTTP/1.1" 200 2065
116.225.84.253 - - [26/Feb/2023:08:52:43 +0800] "POST /xingrg/kc/buy/cgsh_order_operate.html HTTP/1.1" 200 2065
116.225.84.253 - - [26/Feb/2023:08:52:44 +0800] "GET /xingrg/all/function/internal_message.html?_=1677372774871&CODE_STATE=getMsg HTTP/1.1" 200 27
114.83.216.11 - - [26/Feb/2023:08:52:45 +0800] "GET /xingrg/kc/buy/cgsh_order_operate.html?command=get_materiel&rest_code=00149&code=00101008161&supplier_code=00100008&order_time=2023-02-26 HTTP/1.1" 200 409
116.238.139.35 - - [26/Feb/2023:08:52:45 +0800] "GET /xingrg/all/function/internal_message.html?_=1677372775517&CODE_STATE=getMsg HTTP/1.1" 200 27
222.70.221.209 - - [26/Feb/2023:08:52:48 +0800] "GET /xingrg/kc/buy/cgsh_order_operate.html?command=get_materiel&rest_code=00155&code=00101008003&supplier_code=00100005&order_time=2023-02-26 HTTP/1.1" 200 408
116.225.84.253 - - [26/Feb/2023:08:52:53 +0800] "GET /xingrg/kc/buy/cgsh_order_operate.html?command=get_materiel&rest_code=00105&code=00101015046&supplier_code=&order_time=2023-02-26 HTTP/1.1" 200 412
116.225.84.253 - - [26/Feb/2023:08:52:55 +0800] "GET /xingrg/all/function/internal_message.html?_=1677372628753&CODE_STATE=getMsg HTTP/1.1" 200 27
116.238.139.35 - - [26/Feb/2023:08:52:55 +0800] "GET /xingrg/kc/buy/cgsh_order_operate.html?command=get_materiel&rest_code=00151&code=00101008049&supplier_code=00100008&order_time=2023-02-26 HTTP/1.1" 200 408
222.70.221.209 - - [26/Feb/2023:08:52:55 +0800] "GET /xingrg/kc/buy/cgsh_order_operate.html?command=get_materiel&rest_code=00155&code=00101008321&supplier_code=00100005&order_time=2023-02-26 HTTP/1.1" 200 412
116.192.124.172 - - [26/Feb/2023:08:52:56 +0800] "GET /xingrg/all/function/internal_message.html?_=1677372785534&CODE_STATE=getMsg HTTP/1.1" 200 27
222.67.232.202 - - [26/Feb/2023:08:52:58 +0800] "POST /xingrg/all/user/operate.html HTTP/1.1" 200 36
222.67.232.202 - - [26/Feb/2023:08:52:58 +0800] "GET /xingrg/index.html?sysBaseUrl=http%3A%2F%2F180.169.147.146%3A18081%2Fxingrg%2F&costTime=45×tamp=1677372733614 HTTP/1.1" 200 17509
222.67.232.202 - - [26/Feb/2023:08:52:58 +0800] "GET /xingrg/javascript/jquery_easy_ui/themes/default/easyui.css HTTP/1.1" 304 -
222.67.232.202 - - [26/Feb/2023:08:52:58 +0800] "GET /xingrg/javascript/jquery_easy_ui/themes/icon.css HTTP/1.1" 304 -
222.67.232.202 - - [26/Feb/2023:08:52:58 +0800] "GET /xingrg/css/form.css HTTP/1.1" 304 -
222.67.232.202 - - [26/Feb/2023:08:52:58 +0800] "GET /xingrg/javascript/jquery-1.4.2.min.js HTTP/1.1" 304 -
222.67.232.202 - - [26/Feb/2023:08:52:58 +0800] "GET /xingrg/javascript/jquery_easy_ui/jquery.easyui.min.js HTTP/1.1" 304 -
222.67.232.202 - - [26/Feb/2023:08:52:58 +0800] "GET /xingrg/javascript/jquery_easy_ui/easyui-lang-zh_CN.js HTTP/1.1" 304 -
222.67.232.202 - - [26/Feb/2023:08:52:58 +0800] "GET /xingrg/javascript/jquery.form.js HTTP/1.1" 304 -
222.67.232.202 - - [26/Feb/2023:08:52:58 +0800] "GET /xingrg/javascript/jquery.utils.js HTTP/1.1" 304 -
222.67.232.202 - - [26/Feb/2023:08:52:58 +0800] "GET /xingrg/javascript/jquery.timers.js HTTP/1.1" 304 -
222.67.232.202 - - [26/Feb/2023:08:52:58 +0800] "GET /xingrg/images/blue/jxLogo.png HTTP/1.1" 304 -
222.67.232.202 - - [26/Feb/2023:08:52:58 +0800] "GET /xingrg/images/blue/navBackgound.jpg HTTP/1.1" 304 -
222.67.232.202 - - [26/Feb/2023:08:52:58 +0800] "GET /xingrg/javascript/jquery_easy_ui/themes/icons/settle_new.png HTTP/1.1" 304 -
222.67.232.202 - - [26/Feb/2023:08:52:58 +0800] "POST /xingrg/all/common/load_tree.html?tree=area_rest_tree_json&manage=1 HTTP/1.1" 200 3499
222.67.232.202 - - [26/Feb/2023:08:52:58 +0800] "GET /xingrg/all/function/internal_message.html?_=1677372786936&CODE_STATE=count HTTP/1.1" 200 11
222.67.232.202 - - [26/Feb/2023:08:52:58 +0800] "GET /xingrg/check_reg.html?_=1677372786937 HTTP/1.1" 200 22
222.67.232.202 - - [26/Feb/2023:08:52:58 +0800] "GET /xingrg/javascript/jquery_easy_ui/themes/default/images/panel_tool_expand.gif HTTP/1.1" 304 -
222.67.232.202 - - [26/Feb/2023:08:52:58 +0800] "GET /xingrg/images/blue/pingpu.png HTTP/1.1" 304 -
222.67.232.202 - - [26/Feb/2023:08:52:58 +0800] "POST /xingrg/load_menu.html HTTP/1.1" 200 9959
222.67.232.202 - - [26/Feb/2023:08:52:58 +0800] "GET /xingrg/javascript/jquery_easy_ui/themes/default/images/panel_tool_collapse.gif HTTP/1.1" 304 -
222.67.232.202 - - [26/Feb/2023:08:52:58 +0800] "GET /xingrg/javascript/jquery_easy_ui/themes/default/images/tree_arrows.gif HTTP/1.1" 304 -
222.67.232.202 - - [26/Feb/2023:08:52:58 +0800] "GET /xingrg/javascript/jquery_easy_ui/themes/default/images/tabs_leftarrow.png HTTP/1.1" 304 -
222.67.232.202 - - [26/Feb/2023:08:52:58 +0800] "GET /xingrg/javascript/jquery_easy_ui/themes/default/images/tabs_rightarrow.png HTTP/1.1" 304 -
222.67.232.202 - - [26/Feb/2023:08:52:58 +0800] "GET /xingrg/javascript/jquery_easy_ui/themes/default/images/tree_file.gif HTTP/1.1" 304 -
222.67.232.202 - - [26/Feb/2023:08:52:58 +0800] "GET /xingrg/javascript/jquery_easy_ui/themes/icons/systemset_new.png HTTP/1.1" 304 -
222.67.232.202 - - [26/Feb/2023:08:52:58 +0800] "GET /xingrg/javascript/jquery_easy_ui/themes/icons/setting_new.png HTTP/1.1" 304 -
222.67.232.202 - - [26/Feb/2023:08:52:58 +0800] "GET /xingrg/javascript/jquery_easy_ui/themes/icons/forms_new.png HTTP/1.1" 304 -
222.67.232.202 - - [26/Feb/2023:08:52:58 +0800] "GET /xingrg/javascript/jquery_easy_ui/themes/icons/checkout_new.png HTTP/1.1" 304 -
222.67.232.202 - - [26/Feb/2023:08:52:58 +0800] "GET /xingrg/javascript/jquery_easy_ui/themes/icons/storage_new.png HTTP/1.1" 304 -
222.67.232.202 - - [26/Feb/2023:08:52:58 +0800] "GET /xingrg/javascript/jquery_easy_ui/themes/icons/search_new.png HTTP/1.1" 304 -
222.67.232.202 - - [26/Feb/2023:08:52:58 +0800] "GET /xingrg/javascript/jquery_easy_ui/themes/default/images/tree_folder.gif HTTP/1.1" 304 -
222.67.232.202 - - [26/Feb/2023:08:52:58 +0800] "GET /xingrg/javascript/jquery_easy_ui/themes/default/images/tree_folder_open.gif HTTP/1.1" 304 -
222.67.232.202 - - [26/Feb/2023:08:53:00 +0800] "GET /xingrg/kc/buy/cgsh_order_list.html HTTP/1.1" 200 54392
114.83.216.11 - - [26/Feb/2023:08:53:01 +0800] "GET /xingrg/kc/buy/cgsh_order_operate.html?command=get_materiel&rest_code=00149&code=00101008042&supplier_code=00100008&order_time=2023-02-26 HTTP/1.1" 200 416
116.225.84.253 - - [26/Feb/2023:08:53:01 +0800] "GET /xingrg/kc/buy/cgsh_order_operate.html?command=get_materiel&rest_code=00105&code=00101008134&supplier_code=&order_time=2023-02-26 HTTP/1.1" 200 412
222.67.232.202 - - [26/Feb/2023:08:53:02 +0800] "POST /xingrg/kc/buy/cgsh_list_operate.html HTTP/1.1" 200 986
222.70.221.209 - - [26/Feb/2023:08:53:02 +0800] "GET /xingrg/kc/buy/cgsh_order_operate.html?command=get_materiel&rest_code=00155&code=00101008270&supplier_code=00100005&order_time=2023-02-26 HTTP/1.1" 200 412
116.224.106.218 - - [26/Feb/2023:08:53:04 +0800] "GET /xingrg/all/function/internal_message.html?_=1677372793405&CODE_STATE=getMsg HTTP/1.1" 200 27
116.238.139.35 - - [26/Feb/2023:08:53:08 +0800] "GET /xingrg/kc/buy/cgsh_order_operate.html?command=get_materiel&rest_code=00150&code=00101008163&supplier_code=00100008&order_time=2023-02-26 HTTP/1.1" 200 409
222.70.221.209 - - [26/Feb/2023:08:53:09 +0800] "GET /xingrg/kc/buy/cgsh_order_operate.html?command=get_materiel&rest_code=00155&code=00101008257&supplier_code=00100005&order_time=2023-02-26 HTTP/1.1" 200 416
222.67.232.202 - - [26/Feb/2023:08:53:09 +0800] "GET /xingrg/javascript/auto/indicator.gif HTTP/1.1" 404 1066
116.238.139.35 - - [26/Feb/2023:08:53:10 +0800] "GET /xingrg/kc/buy/cgsh_order_operate.html?command=get_materiel&rest_code=00151&code=00101008224&supplier_code=00100008&order_time=2023-02-26 HTTP/1.1" 200 416
222.70.221.209 - - [26/Feb/2023:08:53:13 +0800] "GET /xingrg/check_reg.html?_=1677372766185 HTTP/1.1" 200 22
222.70.221.209 - - [26/Feb/2023:08:53:13 +0800] "GET /xingrg/all/function/internal_message.html?_=1677372766187&CODE_STATE=getMsg HTTP/1.1" 200 27
114.83.216.11 - - [26/Feb/2023:08:53:14 +0800] "GET /xingrg/kc/buy/cgsh_order_operate.html?command=get_materiel&rest_code=00149&code=00101008357&supplier_code=00100008&order_time=2023-02-26 HTTP/1.1" 200 408
222.67.232.202 - - [26/Feb/2023:08:53:16 +0800] "POST /xingrg/kc/buy/cgsh_list_operate.html HTTP/1.1" 200 1900
222.70.221.209 - - [26/Feb/2023:08:53:18 +0800] "GET /xingrg/kc/buy/cgsh_order_operate.html?command=get_materiel&rest_code=00155&code=00101008354&supplier_code=00100005&order_time=2023-02-26 HTTP/1.1" 200 412
116.238.139.35 - - [26/Feb/2023:08:53:18 +0800] "GET /xingrg/kc/buy/cgsh_order_operate.html?command=get_materiel&rest_code=00150&code=00101008246&supplier_code=00100008&order_time=2023-02-26 HTTP/1.1" 200 408
114.83.216.11 - - [26/Feb/2023:08:53:22 +0800] "POST /xingrg/kc/buy/cgsh_order_operate.html HTTP/1.1" 200 2065
116.238.139.35 - - [26/Feb/2023:08:53:22 +0800] "GET /xingrg/kc/buy/cgsh_order_operate.html?command=get_materiel&rest_code=00151&code=00101008029&supplier_code=00100008&order_time=2023-02-26 HTTP/1.1" 200 417
116.238.139.35 - - [26/Feb/2023:08:53:23 +0800] "GET /xingrg/check_reg.html?_=1677372738997 HTTP/1.1" 200 22
116.238.139.35 - - [26/Feb/2023:08:53:23 +0800] "GET /xingrg/all/function/internal_message.html?_=1677372739055&CODE_STATE=getMsg HTTP/1.1" 200 27
116.225.84.253 - - [26/Feb/2023:08:53:24 +0800] "GET /xingrg/kc/buy/cgsh_order_operate.html?command=get_materiel&rest_code=00105&code=00101008114&supplier_code=&order_time=2023-02-26 HTTP/1.1" 200 433
222.70.221.209 - - [26/Feb/2023:08:53:25 +0800] "GET /xingrg/kc/buy/cgsh_order_operate.html?command=get_materiel&rest_code=00155&code=00101008141&supplier_code=00100005&order_time=2023-02-26 HTTP/1.1" 200 412
222.67.232.202 - - [26/Feb/2023:08:53:26 +0800] "POST /xingrg/kc/buy/cgsh_list_operate.html HTTP/1.1" 200 573
116.238.139.35 - - [26/Feb/2023:08:53:28 +0800] "GET /xingrg/kc/buy/cgsh_order_operate.html?command=get_materiel&rest_code=00150&code=00101008361&supplier_code=00100008&order_time=2023-02-26 HTTP/1.1" 200 408
116.192.124.172 - - [26/Feb/2023:08:53:28 +0800] "GET /xingrg/all/function/internal_message.html?_=1677372816560&CODE_STATE=getMsg HTTP/1.1" 302 -
222.67.232.202 - - [26/Feb/2023:08:53:29 +0800] "POST /xingrg/kc/buy/cgsh_list_operate.html HTTP/1.1" 200 4
114.83.216.11 - - [26/Feb/2023:08:53:29 +0800] "GET /xingrg/kc/buy/cgsh_order_operate.html?command=get_materiel&rest_code=00149&code=00101008286&supplier_code=00100008&order_time=2023-02-26 HTTP/1.1" 200 408
222.67.232.202 - - [26/Feb/2023:08:53:31 +0800] "POST /xingrg/kc/buy/cgsh_list_operate.html HTTP/1.1" 200 986
222.70.221.209 - - [26/Feb/2023:08:53:32 +0800] "GET /xingrg/kc/buy/cgsh_order_operate.html?command=get_materiel&rest_code=00155&code=00101008361&supplier_code=00100005&order_time=2023-02-26 HTTP/1.1" 200 408
120.253.135.82 - - [26/Feb/2023:08:53:32 +0800] "GET /xingrg/all/function/internal_message.html?_=1677372644705&CODE_STATE=getMsg HTTP/1.1" 200 27
114.83.216.11 - - [26/Feb/2023:08:53:33 +0800] "GET /xingrg/all/function/internal_message.html?_=1677372820552&CODE_STATE=getMsg HTTP/1.1" 200 27
116.238.139.35 - - [26/Feb/2023:08:53:35 +0800] "GET /xingrg/kc/buy/cgsh_order_operate.html?command=get_materiel&rest_code=00151&code=00101008036&supplier_code=00100008&order_time=2023-02-26 HTTP/1.1" 200 408
114.83.216.11 - - [26/Feb/2023:08:53:38 +0800] "GET /xingrg/kc/buy/cgsh_order_operate.html?command=get_materiel&rest_code=00149&code=00101008036&supplier_code=00100008&order_time=2023-02-26 HTTP/1.1" 200 408
116.238.139.35 - - [26/Feb/2023:08:53:38 +0800] "GET /xingrg/kc/buy/cgsh_order_operate.html?command=get_materiel&rest_code=00150&code=00101008372&supplier_code=00100008&order_time=2023-02-26 HTTP/1.1" 200 408
222.70.221.209 - - [26/Feb/2023:08:53:39 +0800] "GET /xingrg/kc/buy/cgsh_order_operate.html?command=get_materiel&rest_code=00155&code=00101008264&supplier_code=00100005&order_time=2023-02-26 HTTP/1.1" 200 412
116.225.84.253 - - [26/Feb/2023:08:53:39 +0800] "GET /xingrg/kc/buy/cgsh_order_operate.html?command=get_materiel&rest_code=00105&code=00101008405&supplier_code=&order_time=2023-02-26 HTTP/1.1" 200 413
116.225.84.253 - - [26/Feb/2023:08:53:44 +0800] "GET /xingrg/all/function/internal_message.html?_=1677372834841&CODE_STATE=getMsg HTTP/1.1" 200 27
116.238.139.35 - - [26/Feb/2023:08:53:45 +0800] "GET /xingrg/all/function/internal_message.html?_=1677372835517&CODE_STATE=getMsg HTTP/1.1" 200 27
222.70.221.209 - - [26/Feb/2023:08:53:45 +0800] "GET /xingrg/kc/buy/cgsh_order_operate.html?command=get_materiel&rest_code=00155&code=00101008338&supplier_code=00100005&order_time=2023-02-26 HTTP/1.1" 200 409
222.67.232.202 - - [26/Feb/2023:08:53:45 +0800] "POST /xingrg/kc/buy/cgsh_list_operate.html HTTP/1.1" 200 1904
116.238.139.35 - - [26/Feb/2023:08:53:46 +0800] "GET /xingrg/kc/buy/cgsh_order_operate.html?command=get_materiel&rest_code=00151&code=00101008137&supplier_code=00100008&order_time=2023-02-26 HTTP/1.1" 200 408
116.238.139.35 - - [26/Feb/2023:08:53:46 +0800] "GET /xingrg/kc/buy/cgsh_order_operate.html?command=get_materiel&rest_code=00150&code=00101008321&supplier_code=00100008&order_time=2023-02-26 HTTP/1.1" 200 412
114.83.216.11 - - [26/Feb/2023:08:53:47 +0800] "GET /xingrg/kc/buy/cgsh_order_operate.html?command=get_materiel&rest_code=00149&code=00101008131&supplier_code=00100008&order_time=2023-02-26 HTTP/1.1" 200 408
222.67.232.202 - - [26/Feb/2023:08:53:48 +0800] "POST /xingrg/kc/buy/cgsh_list_operate.html HTTP/1.1" 200 208
222.67.232.202 - - [26/Feb/2023:08:53:50 +0800] "POST /xingrg/kc/buy/cgsh_list_operate.html HTTP/1.1" 200 4
222.70.221.209 - - [26/Feb/2023:08:53:53 +0800] "GET /xingrg/kc/buy/cgsh_order_operate.html?command=get_materiel&rest_code=00155&code=00101008274&supplier_code=00100005&order_time=2023-02-26 HTTP/1.1" 200 412
116.238.139.35 - - [26/Feb/2023:08:53:55 +0800] "GET /xingrg/kc/buy/cgsh_order_operate.html?command=get_materiel&rest_code=00151&code=00101008248&supplier_code=00100008&order_time=2023-02-26 HTTP/1.1" 200 412
114.83.216.11 - - [26/Feb/2023:08:53:55 +0800] "GET /xingrg/kc/buy/cgsh_order_operate.html?command=get_materiel&rest_code=00149&code=00101008296&supplier_code=00100008&order_time=2023-02-26 HTTP/1.1" 200 416
116.225.84.253 - - [26/Feb/2023:08:53:55 +0800] "GET /xingrg/all/function/internal_message.html?_=1677372688757&CODE_STATE=getMsg HTTP/1.1" 200 27
116.238.139.35 - - [26/Feb/2023:08:53:56 +0800] "GET /xingrg/kc/buy/cgsh_order_operate.html?command=get_materiel&rest_code=00150&code=00101008356&supplier_code=00100008&order_time=2023-02-26 HTTP/1.1" 200 408
116.192.124.172 - - [26/Feb/2023:08:53:56 +0800] "GET /xingrg/all/function/internal_message.html?_=1677372845533&CODE_STATE=getMsg HTTP/1.1" 200 27
116.192.124.172 - - [26/Feb/2023:08:54:01 +0800] "POST /xingrg/services/DataTransmitService HTTP/1.1" 200 524
222.70.221.209 - - [26/Feb/2023:08:54:03 +0800] "GET /xingrg/kc/buy/cgsh_order_operate.html?command=get_materiel&rest_code=00155&code=00101008360&supplier_code=00100005&order_time=2023-02-26 HTTP/1.1" 200 413
116.224.106.218 - - [26/Feb/2023:08:54:04 +0800] "GET /xingrg/all/function/internal_message.html?_=1677372853392&CODE_STATE=getMsg HTTP/1.1" 200 27
116.238.139.35 - - [26/Feb/2023:08:54:05 +0800] "GET /xingrg/kc/buy/cgsh_order_operate.html?command=get_materiel&rest_code=00151&code=00101008356&supplier_code=00100008&order_time=2023-02-26 HTTP/1.1" 200 408
114.83.216.11 - - [26/Feb/2023:08:54:05 +0800] "GET /xingrg/kc/buy/cgsh_order_operate.html?command=get_materiel&rest_code=00149&code=00101008318&supplier_code=00100008&order_time=2023-02-26 HTTP/1.1" 200 408
116.238.139.35 - - [26/Feb/2023:08:54:06 +0800] "GET /xingrg/kc/buy/cgsh_order_operate.html?command=get_materiel&rest_code=00150&code=00101008411&supplier_code=00100008&order_time=2023-02-26 HTTP/1.1" 200 412
222.67.232.202 - - [26/Feb/2023:08:54:08 +0800] "POST /xingrg/kc/buy/cgsh_list_operate.html HTTP/1.1" 200 986
114.83.216.11 - - [26/Feb/2023:08:54:09 +0800] "POST /xingrg/kc/buy/cgsh_order_operate.html HTTP/1.1" 200 2065
222.70.221.209 - - [26/Feb/2023:08:54:12 +0800] "GET /xingrg/kc/buy/cgsh_order_operate.html?command=get_materiel&rest_code=00155&code=00101008230&supplier_code=00100005&order_time=2023-02-26 HTTP/1.1" 200 408
222.70.221.209 - - [26/Feb/2023:08:54:13 +0800] "GET /xingrg/all/function/internal_message.html?_=1677372826192&CODE_STATE=getMsg HTTP/1.1" 200 27
114.83.216.11 - - [26/Feb/2023:08:54:17 +0800] "GET /xingrg/kc/buy/cgsh_order_operate.html?command=get_materiel&rest_code=00149&code=00101008352&supplier_code=00100008&order_time=2023-02-26 HTTP/1.1" 200 412
116.238.139.35 - - [26/Feb/2023:08:54:19 +0800] "GET /xingrg/kc/buy/cgsh_order_operate.html?command=get_materiel&rest_code=00151&code=00101008300&supplier_code=00100008&order_time=2023-02-26 HTTP/1.1" 200 412
116.238.139.35 - - [26/Feb/2023:08:54:20 +0800] "GET /xingrg/kc/buy/cgsh_order_operate.html?command=get_materiel&rest_code=00150&code=00101008300&supplier_code=00100008&order_time=2023-02-26 HTTP/1.1" 200 412
222.70.221.209 - - [26/Feb/2023:08:54:21 +0800] "GET /xingrg/kc/buy/cgsh_order_operate.html?command=get_materiel&rest_code=00155&code=00101008131&supplier_code=00100005&order_time=2023-02-26 HTTP/1.1" 200 408
116.238.139.35 - - [26/Feb/2023:08:54:23 +0800] "GET /xingrg/all/function/internal_message.html?_=1677372799177&CODE_STATE=getMsg HTTP/1.1" 200 27
114.83.216.11 - - [26/Feb/2023:08:54:25 +0800] "GET /xingrg/kc/buy/cgsh_order_operate.html?command=get_materiel&rest_code=00149&code=00101008098&supplier_code=00100008&order_time=2023-02-26 HTTP/1.1" 200 412
116.192.124.172 - - [26/Feb/2023:08:54:28 +0800] "GET /xingrg/all/function/internal_message.html?_=1677372876531&CODE_STATE=getMsg HTTP/1.1" 302 -
222.70.221.209 - - [26/Feb/2023:08:54:29 +0800] "GET /xingrg/kc/buy/cgsh_order_operate.html?command=get_materiel&rest_code=00155&code=00101008108&supplier_code=00100005&order_time=2023-02-26 HTTP/1.1" 200 412
116.238.139.35 - - [26/Feb/2023:08:54:30 +0800] "POST /xingrg/kc/buy/cgsh_order_operate.html HTTP/1.1" 200 2065
120.253.135.82 - - [26/Feb/2023:08:54:32 +0800] "GET /xingrg/all/function/internal_message.html?_=1677372704729&CODE_STATE=getMsg HTTP/1.1" 200 27
114.83.216.11 - - [26/Feb/2023:08:54:33 +0800] "GET /xingrg/check_reg.html?_=1677372880559 HTTP/1.1" 200 22
114.83.216.11 - - [26/Feb/2023:08:54:33 +0800] "GET /xingrg/all/function/internal_message.html?_=1677372880553&CODE_STATE=getMsg HTTP/1.1" 200 27
114.83.216.11 - - [26/Feb/2023:08:54:35 +0800] "GET /xingrg/kc/buy/cgsh_order_operate.html?command=get_materiel&rest_code=00149&code=00101008275&supplier_code=00100008&order_time=2023-02-26 HTTP/1.1" 200 416
116.238.139.35 - - [26/Feb/2023:08:54:35 +0800] "GET /xingrg/kc/buy/cgsh_order_operate.html?command=get_materiel&rest_code=00151&code=00101008362&supplier_code=00100008&order_time=2023-02-26 HTTP/1.1" 200 408
116.238.139.35 - - [26/Feb/2023:08:54:36 +0800] "GET /xingrg/kc/buy/cgsh_order_operate.html?command=get_materiel&rest_code=00150&code=00101008272&supplier_code=00100008&order_time=2023-02-26 HTTP/1.1" 200 412
222.70.221.209 - - [26/Feb/2023:08:54:36 +0800] "GET /xingrg/kc/buy/cgsh_order_operate.html?command=get_materiel&rest_code=00155&code=00101008095&supplier_code=00100005&order_time=2023-02-26 HTTP/1.1" 200 412
116.225.84.253 - - [26/Feb/2023:08:54:38 +0800] "GET /xingrg/kc/buy/cgsh_order_operate.html?command=get_materiel&rest_code=00105&code=00101008087&supplier_code=&order_time=2023-02-26 HTTP/1.1" 200 412
222.70.221.209 - - [26/Feb/2023:08:54:42 +0800] "GET /xingrg/kc/buy/cgsh_order_operate.html?command=get_materiel&rest_code=00155&code=00101008223&supplier_code=00100005&order_time=2023-02-26 HTTP/1.1" 200 412
114.83.216.11 - - [26/Feb/2023:08:54:43 +0800] "GET /xingrg/kc/buy/cgsh_order_operate.html?command=get_materiel&rest_code=00149&code=00101008353&supplier_code=00100008&order_time=2023-02-26 HTTP/1.1" 200 408
116.225.84.253 - - [26/Feb/2023:08:54:44 +0800] "GET /xingrg/all/function/internal_message.html?_=1677372894801&CODE_STATE=getMsg HTTP/1.1" 200 27
116.238.139.35 - - [26/Feb/2023:08:54:44 +0800] "GET /xingrg/kc/buy/cgsh_order_operate.html?command=get_materiel&rest_code=00150&code=00101008077&supplier_code=00100008&order_time=2023-02-26 HTTP/1.1" 200 416
116.238.139.35 - - [26/Feb/2023:08:54:45 +0800] "GET /xingrg/all/function/internal_message.html?_=1677372895525&CODE_STATE=getMsg HTTP/1.1" 200 27
116.238.139.35 - - [26/Feb/2023:08:54:46 +0800] "GET /xingrg/kc/buy/cgsh_order_operate.html?command=get_materiel&rest_code=00151&code=00101008077&supplier_code=00100008&order_time=2023-02-26 HTTP/1.1" 200 416
222.70.221.209 - - [26/Feb/2023:08:54:46 +0800] "POST /xingrg/kc/buy/cgsh_order_operate.html HTTP/1.1" 200 2065
222.70.221.209 - - [26/Feb/2023:08:54:51 +0800] "GET /xingrg/kc/buy/cgsh_order_operate.html?command=get_materiel&rest_code=00155&code=00101008196&supplier_code=00100005&order_time=2023-02-26 HTTP/1.1" 200 416
116.225.84.253 - - [26/Feb/2023:08:54:51 +0800] "POST /xingrg/kc/buy/cgsh_order_operate.html HTTP/1.1" 200 2065
114.83.216.11 - - [26/Feb/2023:08:54:51 +0800] "GET /xingrg/kc/buy/cgsh_order_operate.html?command=get_materiel&rest_code=00149&code=00101008213&supplier_code=00100008&order_time=2023-02-26 HTTP/1.1" 200 412
116.225.84.253 - - [26/Feb/2023:08:54:52 +0800] "POST /xingrg/kc/buy/cgsh_order_operate.html HTTP/1.1" 200 2065
116.238.139.35 - - [26/Feb/2023:08:54:54 +0800] "GET /xingrg/kc/buy/cgsh_order_operate.html?command=get_materiel&rest_code=00151&code=00101008286&supplier_code=00100008&order_time=2023-02-26 HTTP/1.1" 200 408
116.238.139.35 - - [26/Feb/2023:08:54:54 +0800] "GET /xingrg/kc/buy/cgsh_order_operate.html?command=get_materiel&rest_code=00150&code=00101008080&supplier_code=00100008&order_time=2023-02-26 HTTP/1.1" 200 416
114.83.216.11 - - [26/Feb/2023:08:54:55 +0800] "POST /xingrg/kc/buy/cgsh_order_operate.html HTTP/1.1" 200 2065
116.225.84.253 - - [26/Feb/2023:08:54:55 +0800] "GET /xingrg/check_reg.html?_=1677372748757 HTTP/1.1" 200 22
116.225.84.253 - - [26/Feb/2023:08:54:55 +0800] "GET /xingrg/all/function/internal_message.html?_=1677372748761&CODE_STATE=getMsg HTTP/1.1" 200 27
116.192.124.172 - - [26/Feb/2023:08:54:56 +0800] "GET /xingrg/all/function/internal_message.html?_=1677372905546&CODE_STATE=getMsg HTTP/1.1" 200 27
222.70.221.209 - - [26/Feb/2023:08:54:58 +0800] "GET /xingrg/kc/buy/cgsh_order_operate.html?command=get_materiel&rest_code=00155&code=00101008229&supplier_code=00100005&order_time=2023-02-26 HTTP/1.1" 200 420
114.83.216.11 - - [26/Feb/2023:08:54:58 +0800] "GET /xingrg/kc/buy/cgsh_order_operate.html?command=get_materiel&rest_code=00149&code=00101008007&supplier_code=00100008&order_time=2023-02-26 HTTP/1.1" 200 412
116.238.139.35 - - [26/Feb/2023:08:55:03 +0800] "GET /xingrg/kc/buy/cgsh_order_operate.html?command=get_materiel&rest_code=00151&code=00101008131&supplier_code=00100008&order_time=2023-02-26 HTTP/1.1" 200 408
116.224.106.218 - - [26/Feb/2023:08:55:04 +0800] "GET /xingrg/all/function/internal_message.html?_=1677372913377&CODE_STATE=getMsg HTTP/1.1" 200 27
222.70.221.209 - - [26/Feb/2023:08:55:05 +0800] "GET /xingrg/kc/buy/cgsh_order_operate.html?command=get_materiel&rest_code=00155&code=00101008036&supplier_code=00100005&order_time=2023-02-26 HTTP/1.1" 200 408
114.83.216.11 - - [26/Feb/2023:08:55:12 +0800] "GET /xingrg/kc/buy/cgsh_order_operate.html?command=get_materiel&rest_code=00149&code=00101008041&supplier_code=00100008&order_time=2023-02-26 HTTP/1.1" 200 408
222.70.221.209 - - [26/Feb/2023:08:55:13 +0800] "GET /xingrg/all/function/internal_message.html?_=1677372886183&CODE_STATE=getMsg HTTP/1.1" 200 27
116.238.139.35 - - [26/Feb/2023:08:55:13 +0800] "GET /xingrg/kc/buy/cgsh_order_operate.html?command=get_materiel&rest_code=00151&code=00101008169&supplier_code=00100008&order_time=2023-02-26 HTTP/1.1" 200 412
222.70.221.209 - - [26/Feb/2023:08:55:18 +0800] "GET /xingrg/kc/buy/cgsh_order_operate.html?command=get_materiel&rest_code=00155&code=00101008114&supplier_code=00100005&order_time=2023-02-26 HTTP/1.1" 200 433
114.83.216.11 - - [26/Feb/2023:08:55:21 +0800] "GET /xingrg/kc/buy/cgsh_order_operate.html?command=get_materiel&rest_code=00149&code=00101008209&supplier_code=00100008&order_time=2023-02-26 HTTP/1.1" 200 408
116.238.139.35 - - [26/Feb/2023:08:55:22 +0800] "GET /xingrg/kc/buy/cgsh_order_operate.html?command=get_materiel&rest_code=00151&code=00101008318&supplier_code=00100008&order_time=2023-02-26 HTTP/1.1" 200 408
116.238.139.35 - - [26/Feb/2023:08:55:23 +0800] "GET /xingrg/all/function/internal_message.html?_=1677372859191&CODE_STATE=getMsg HTTP/1.1" 200 27
222.70.221.209 - - [26/Feb/2023:08:55:28 +0800] "POST /xingrg/kc/buy/cgsh_order_operate.html HTTP/1.1" 200 37
116.192.124.172 - - [26/Feb/2023:08:55:28 +0800] "GET /xingrg/all/function/internal_message.html?_=1677372936505&CODE_STATE=getMsg HTTP/1.1" 302 -
222.70.221.209 - - [26/Feb/2023:08:55:29 +0800] "POST /xingrg/kc/buy/cgsh_order_operate.html HTTP/1.1" 200 16292
222.70.221.209 - - [26/Feb/2023:08:55:30 +0800] "GET /xingrg/kc/print/load_data.html?order_code=212023022609258&kc_code=cgsh&condition= HTTP/1.1" 200 5898
116.238.139.35 - - [26/Feb/2023:08:55:30 +0800] "GET /xingrg/kc/buy/cgsh_order_operate.html?command=get_materiel&rest_code=00150&code=00101008223&supplier_code=00100008&order_time=2023-02-26 HTTP/1.1" 200 412
116.238.139.35 - - [26/Feb/2023:08:55:31 +0800] "GET /xingrg/kc/buy/cgsh_order_operate.html?command=get_materiel&rest_code=00151&code=00101008353&supplier_code=00100008&order_time=2023-02-26 HTTP/1.1" 200 408
114.83.216.11 - - [26/Feb/2023:08:55:33 +0800] "GET /xingrg/all/function/internal_message.html?_=1677372940589&CODE_STATE=getMsg HTTP/1.1" 200 27
222.70.221.209 - - [26/Feb/2023:08:55:33 +0800] "GET /xingrg/kc/print/load_data.html?order_code=212023022609258&kc_code=cgsh HTTP/1.1" 200 5898
114.83.216.11 - - [26/Feb/2023:08:55:35 +0800] "GET /xingrg/kc/buy/cgsh_order_operate.html?command=get_materiel&rest_code=00149&code=00101008029&supplier_code=00100008&order_time=2023-02-26 HTTP/1.1" 200 417
116.238.139.35 - - [26/Feb/2023:08:55:37 +0800] "GET /xingrg/kc/buy/cgsh_order_operate.html?command=get_materiel&rest_code=00150&code=00101008079&supplier_code=00100008&order_time=2023-02-26 HTTP/1.1" 200 417
116.238.139.35 - - [26/Feb/2023:08:55:40 +0800] "POST /xingrg/kc/buy/cgsh_order_operate.html HTTP/1.1" 200 2065
116.238.139.35 - - [26/Feb/2023:08:55:41 +0800] "GET /xingrg/kc/buy/cgsh_order_operate.html?command=get_materiel&rest_code=00151&code=00101008344&supplier_code=00100008&order_time=2023-02-26 HTTP/1.1" 200 412
114.83.216.11 - - [26/Feb/2023:08:55:43 +0800] "GET /xingrg/kc/buy/cgsh_order_operate.html?command=get_materiel&rest_code=00149&code=00101008019&supplier_code=00100008&order_time=2023-02-26 HTTP/1.1" 200 436
116.225.84.253 - - [26/Feb/2023:08:55:44 +0800] "GET /xingrg/all/function/internal_message.html?_=1677372954771&CODE_STATE=getMsg HTTP/1.1" 200 27
116.238.139.35 - - [26/Feb/2023:08:55:45 +0800] "GET /xingrg/check_reg.html?_=1677372955524 HTTP/1.1" 200 22
116.238.139.35 - - [26/Feb/2023:08:55:45 +0800] "GET /xingrg/all/function/internal_message.html?_=1677372955520&CODE_STATE=getMsg HTTP/1.1" 200 27
114.83.216.11 - - [26/Feb/2023:08:55:46 +0800] "POST /xingrg/kc/buy/cgsh_order_operate.html HTTP/1.1" 200 2065
116.238.139.35 - - [26/Feb/2023:08:55:47 +0800] "GET /xingrg/kc/buy/cgsh_order_operate.html?command=get_materiel&rest_code=00150&code=00101008357&supplier_code=00100008&order_time=2023-02-26 HTTP/1.1" 200 408
116.238.139.35 - - [26/Feb/2023:08:55:51 +0800] "GET /xingrg/kc/buy/cgsh_order_operate.html?command=get_materiel&rest_code=00151&code=00101008371&supplier_code=00100008&order_time=2023-02-26 HTTP/1.1" 200 412
114.83.216.11 - - [26/Feb/2023:08:55:54 +0800] "GET /xingrg/kc/buy/cgsh_order_operate.html?command=get_materiel&rest_code=00149&code=00101008150&supplier_code=00100008&order_time=2023-02-26 HTTP/1.1" 200 409
116.225.84.253 - - [26/Feb/2023:08:55:55 +0800] "GET /xingrg/all/function/internal_message.html?_=1677372808761&CODE_STATE=getMsg HTTP/1.1" 200 27
116.192.124.172 - - [26/Feb/2023:08:55:56 +0800] "GET /xingrg/check_reg.html?_=1677372965545 HTTP/1.1" 200 22
116.192.124.172 - - [26/Feb/2023:08:55:56 +0800] "GET /xingrg/all/function/internal_message.html?_=1677372965546&CODE_STATE=getMsg HTTP/1.1" 200 27
116.238.139.35 - - [26/Feb/2023:08:55:56 +0800] "GET /xingrg/kc/buy/cgsh_order_operate.html?command=get_materiel&rest_code=00150&code=00101008069&supplier_code=00100008&order_time=2023-02-26 HTTP/1.1" 200 412
116.238.139.35 - - [26/Feb/2023:08:56:03 +0800] "GET /xingrg/kc/buy/cgsh_order_operate.html?command=get_materiel&rest_code=00151&code=00101015074&supplier_code=00100008&order_time=2023-02-26 HTTP/1.1" 200 408
114.83.216.11 - - [26/Feb/2023:08:56:04 +0800] "GET /xingrg/kc/buy/cgsh_order_operate.html?command=get_materiel&rest_code=00149&code=00101008060&supplier_code=00100008&order_time=2023-02-26 HTTP/1.1" 200 416
116.238.139.35 - - [26/Feb/2023:08:56:04 +0800] "GET /xingrg/kc/buy/cgsh_order_operate.html?command=get_materiel&rest_code=00150&code=00101008286&supplier_code=00100008&order_time=2023-02-26 HTTP/1.1" 200 408
116.224.106.218 - - [26/Feb/2023:08:56:04 +0800] "GET /xingrg/all/function/internal_message.html?_=1677372973363&CODE_STATE=getMsg HTTP/1.1" 200 27
116.238.139.35 - - [26/Feb/2023:08:56:11 +0800] "GET /xingrg/kc/buy/cgsh_order_operate.html?command=get_materiel&rest_code=00150&code=00101008131&supplier_code=00100008&order_time=2023-02-26 HTTP/1.1" 200 408
114.83.216.11 - - [26/Feb/2023:08:56:12 +0800] "GET /xingrg/kc/buy/cgsh_order_operate.html?command=get_materiel&rest_code=00149&code=00101008168&supplier_code=00100008&order_time=2023-02-26 HTTP/1.1" 200 413
222.70.221.209 - - [26/Feb/2023:08:56:13 +0800] "GET /xingrg/all/function/internal_message.html?_=1677372946200&CODE_STATE=getMsg HTTP/1.1" 200 27
116.238.139.35 - - [26/Feb/2023:08:56:14 +0800] "GET /xingrg/kc/buy/cgsh_order_operate.html?command=get_materiel&rest_code=00151&code=00101008017&supplier_code=00100008&order_time=2023-02-26 HTTP/1.1" 200 416
116.238.139.35 - - [26/Feb/2023:08:56:22 +0800] "GET /xingrg/kc/buy/cgsh_order_operate.html?command=get_materiel&rest_code=00150&code=00101008279&supplier_code=00100008&order_time=2023-02-26 HTTP/1.1" 200 412
116.238.139.35 - - [26/Feb/2023:08:56:22 +0800] "POST /xingrg/kc/buy/cgsh_order_operate.html HTTP/1.1" 200 37
116.238.139.35 - - [26/Feb/2023:08:56:23 +0800] "GET /xingrg/all/function/internal_message.html?_=1677372919205&CODE_STATE=getMsg HTTP/1.1" 200 27
116.238.139.35 - - [26/Feb/2023:08:56:24 +0800] "POST /xingrg/kc/buy/cgsh_order_operate.html HTTP/1.1" 200 14017
114.83.216.11 - - [26/Feb/2023:08:56:24 +0800] "GET /xingrg/kc/buy/cgsh_order_operate.html?command=get_materiel&rest_code=00149&code=00101015026&supplier_code=00100008&order_time=2023-02-26 HTTP/1.1" 200 412
116.192.124.172 - - [26/Feb/2023:08:56:28 +0800] "GET /xingrg/all/function/internal_message.html?_=1677372996478&CODE_STATE=getMsg HTTP/1.1" 302 -
116.192.124.172 - - [26/Feb/2023:08:56:28 +0800] "GET /xingrg/check_reg.html?_=1677372996959 HTTP/1.1" 302 -
116.238.139.35 - - [26/Feb/2023:08:56:29 +0800] "POST /xingrg/kc/buy/cgsh_order_operate.html HTTP/1.1" 200 2065
114.83.216.11 - - [26/Feb/2023:08:56:33 +0800] "GET /xingrg/all/function/internal_message.html?_=1677373000590&CODE_STATE=getMsg HTTP/1.1" 200 27
