222.70.246.11 - - [26/Feb/2023:07:22:34 +0800] "GET /xingrg/javascript/jquery_easy_ui/themes/icons/area.png HTTP/1.1" 304 -
222.70.246.11 - - [26/Feb/2023:07:22:34 +0800] "GET /xingrg/javascript/jquery_easy_ui/themes/icons/rest.png HTTP/1.1" 304 -
120.253.135.82 - - [26/Feb/2023:07:22:37 +0800] "GET /xingrg/all/function/internal_message.html?_=1677367189054&CODE_STATE=getMsg HTTP/1.1" 200 27
116.238.139.35 - - [26/Feb/2023:07:22:45 +0800] "GET /xingrg/all/function/internal_message.html?_=1677367375455&CODE_STATE=getMsg HTTP/1.1" 200 27
116.238.139.35 - - [26/Feb/2023:07:22:52 +0800] "GET /xingrg/all/function/internal_message.html?_=1677367308567&CODE_STATE=getMsg HTTP/1.1" 200 27
222.70.246.11 - - [26/Feb/2023:07:22:55 +0800] "GET /xingrg/kc/mdqp/qqps_order_list.html HTTP/1.1" 200 9222
222.70.246.11 - - [26/Feb/2023:07:22:55 +0800] "GET /xingrg/css/blue.css HTTP/1.1" 304 -
222.70.246.11 - - [26/Feb/2023:07:22:55 +0800] "GET /xingrg/javascript/pic_change.js HTTP/1.1" 304 -
222.70.246.11 - - [26/Feb/2023:07:22:55 +0800] "GET /xingrg/dwr/util.js HTTP/1.1" 304 -
222.70.246.11 - - [26/Feb/2023:07:22:55 +0800] "GET /xingrg/javascript/ToolTips.js HTTP/1.1" 304 -
222.70.246.11 - - [26/Feb/2023:07:22:55 +0800] "GET /xingrg/javascript/myfunction.js HTTP/1.1" 304 -
222.70.246.11 - - [26/Feb/2023:07:22:55 +0800] "GET /xingrg/javascript/Calendar.js HTTP/1.1" 304 -
222.70.246.11 - - [26/Feb/2023:07:22:55 +0800] "GET /xingrg/dwr/interface/AjaxQqpsService.js HTTP/1.1" 200 16326
222.70.246.11 - - [26/Feb/2023:07:22:55 +0800] "GET /xingrg/dwr/interface/AjaxReportQueryService.js HTTP/1.1" 200 13203
222.70.246.11 - - [26/Feb/2023:07:22:55 +0800] "GET /xingrg/dwr/engine.js HTTP/1.1" 200 43631
116.192.124.172 - - [26/Feb/2023:07:22:56 +0800] "GET /xingrg/all/function/internal_message.html?_=1677367385210&CODE_STATE=getMsg HTTP/1.1" 200 27
222.70.246.11 - - [26/Feb/2023:07:22:58 +0800] "GET /xingrg/kc/mdqp/qqps_order_add.html HTTP/1.1" 200 28069
222.70.246.11 - - [26/Feb/2023:07:22:58 +0800] "GET /xingrg/javascript/tools/jquery.qtip-1.0.0-rc3.min.js HTTP/1.1" 304 -
222.70.246.11 - - [26/Feb/2023:07:22:58 +0800] "GET /xingrg/javascript/print/kc_print.js HTTP/1.1" 304 -
222.70.246.11 - - [26/Feb/2023:07:22:58 +0800] "GET /xingrg/javascript/Grid.js HTTP/1.1" 304 -
222.70.246.11 - - [26/Feb/2023:07:22:58 +0800] "GET /xingrg/javascript/AjaxInfoList.js HTTP/1.1" 304 -
222.70.246.11 - - [26/Feb/2023:07:22:58 +0800] "GET /xingrg/dwr/interface/AjaxComOrderService.js HTTP/1.1" 200 18264
222.70.246.11 - - [26/Feb/2023:07:22:58 +0800] "GET /xingrg/dwr/interface/AjaxQqpsService.js HTTP/1.1" 200 16326
222.70.246.11 - - [26/Feb/2023:07:22:58 +0800] "GET /xingrg/dwr/engine.js HTTP/1.1" 200 43631
222.70.246.11 - - [26/Feb/2023:07:22:58 +0800] "GET /xingrg/words/20230224174532_words.js HTTP/1.1" 304 -
116.224.106.218 - - [26/Feb/2023:07:23:06 +0800] "GET /xingrg/all/function/internal_message.html?_=1677367395060&CODE_STATE=getMsg HTTP/1.1" 200 27
222.70.246.11 - - [26/Feb/2023:07:23:08 +0800] "POST /xingrg/kc/buy/cgsh_list_operate.html HTTP/1.1" 200 6002
222.70.246.11 - - [26/Feb/2023:07:23:10 +0800] "GET /favicon.ico HTTP/1.1" 404 -
222.70.246.11 - - [26/Feb/2023:07:23:12 +0800] "POST /xingrg/dwr/call/plaincall/AjaxQqpsService.saveOrder.dwr HTTP/1.1" 200 78
222.70.246.11 - - [26/Feb/2023:07:23:16 +0800] "GET /xingrg/javascript/auto/indicator.gif HTTP/1.1" 404 1066
222.70.221.209 - - [26/Feb/2023:07:23:23 +0800] "GET /xingrg/all/function/internal_message.html?_=1677367376323&CODE_STATE=getMsg HTTP/1.1" 200 27
222.70.246.11 - - [26/Feb/2023:07:23:23 +0800] "POST /xingrg/dwr/call/plaincall/AjaxQqpsService.getMaterielByCode.dwr HTTP/1.1" 200 2714
222.70.246.11 - - [26/Feb/2023:07:23:27 +0800] "POST /xingrg/dwr/call/plaincall/AjaxQqpsService.saveMaterielItem.dwr HTTP/1.1" 200 78
222.70.246.11 - - [26/Feb/2023:07:23:27 +0800] "GET /xingrg/all/function/internal_message.html?_=1677367442190&CODE_STATE=getMsg HTTP/1.1" 200 27
222.70.246.11 - - [26/Feb/2023:07:23:32 +0800] "POST /xingrg/dwr/call/plaincall/AjaxQqpsService.getMaterielByCode.dwr HTTP/1.1" 200 2679
222.70.246.11 - - [26/Feb/2023:07:23:35 +0800] "POST /xingrg/dwr/call/plaincall/AjaxQqpsService.saveMaterielItem.dwr HTTP/1.1" 200 78
120.253.135.82 - - [26/Feb/2023:07:23:37 +0800] "GET /xingrg/all/function/internal_message.html?_=1677367249294&CODE_STATE=getMsg HTTP/1.1" 200 27
222.70.246.11 - - [26/Feb/2023:07:23:40 +0800] "POST /xingrg/dwr/call/plaincall/AjaxQqpsService.checkOrder.dwr HTTP/1.1" 200 78
222.70.246.11 - - [26/Feb/2023:07:23:42 +0800] "GET /xingrg/kc/mdqp/qqps_order_info.html?code=302023022600494 HTTP/1.1" 200 26472
222.70.246.11 - - [26/Feb/2023:07:23:42 +0800] "GET /xingrg/dwr/interface/AjaxComOrderService.js HTTP/1.1" 200 18264
222.70.246.11 - - [26/Feb/2023:07:23:42 +0800] "GET /xingrg/dwr/interface/AjaxQqpsService.js HTTP/1.1" 200 16326
222.70.246.11 - - [26/Feb/2023:07:23:42 +0800] "GET /xingrg/dwr/engine.js HTTP/1.1" 200 43631
222.70.246.11 - - [26/Feb/2023:07:23:42 +0800] "POST /xingrg/dwr/call/plaincall/AjaxQqpsService.loadMaterielItems.dwr HTTP/1.1" 200 631
116.238.139.35 - - [26/Feb/2023:07:23:45 +0800] "GET /xingrg/all/function/internal_message.html?_=1677367435442&CODE_STATE=getMsg HTTP/1.1" 200 27
116.238.139.35 - - [26/Feb/2023:07:23:52 +0800] "GET /xingrg/all/function/internal_message.html?_=1677367368590&CODE_STATE=getMsg HTTP/1.1" 200 27
116.192.124.172 - - [26/Feb/2023:07:23:56 +0800] "GET /xingrg/all/function/internal_message.html?_=1677367445209&CODE_STATE=getMsg HTTP/1.1" 200 27
222.70.246.11 - - [26/Feb/2023:07:23:59 +0800] "GET /xingrg/kc/buy/cgsh_order_list.html HTTP/1.1" 200 54137
116.224.106.218 - - [26/Feb/2023:07:24:06 +0800] "GET /xingrg/all/function/internal_message.html?_=1677367455045&CODE_STATE=getMsg HTTP/1.1" 200 27
222.70.221.209 - - [26/Feb/2023:07:24:23 +0800] "GET /xingrg/all/function/internal_message.html?_=1677367436311&CODE_STATE=getMsg HTTP/1.1" 200 27
222.70.246.11 - - [26/Feb/2023:07:24:27 +0800] "GET /xingrg/all/function/internal_message.html?_=1677367502199&CODE_STATE=getMsg HTTP/1.1" 200 27
222.70.246.11 - - [26/Feb/2023:07:24:33 +0800] "POST /xingrg/kc/buy/cgsh_list_operate.html HTTP/1.1" 200 6002
120.253.135.82 - - [26/Feb/2023:07:24:37 +0800] "GET /xingrg/all/function/internal_message.html?_=1677367309300&CODE_STATE=getMsg HTTP/1.1" 200 27
222.70.221.209 - - [26/Feb/2023:07:24:37 +0800] "GET /xingrg/check_reg.html?_=1677367450694 HTTP/1.1" 200 22
116.238.139.35 - - [26/Feb/2023:07:24:44 +0800] "GET /xingrg/check_reg.html?_=1677367420154 HTTP/1.1" 200 22
116.238.139.35 - - [26/Feb/2023:07:24:45 +0800] "GET /xingrg/all/function/internal_message.html?_=1677367495444&CODE_STATE=getMsg HTTP/1.1" 200 27
116.238.139.35 - - [26/Feb/2023:07:24:52 +0800] "GET /xingrg/all/function/internal_message.html?_=1677367428594&CODE_STATE=getMsg HTTP/1.1" 200 27
222.70.246.11 - - [26/Feb/2023:07:24:55 +0800] "POST /xingrg/kc/buy/cgsh_list_operate.html HTTP/1.1" 200 567
116.192.124.172 - - [26/Feb/2023:07:24:56 +0800] "GET /xingrg/all/function/internal_message.html?_=1677367505210&CODE_STATE=getMsg HTTP/1.1" 200 27
222.70.246.11 - - [26/Feb/2023:07:24:59 +0800] "POST /xingrg/kc/buy/cgsh_list_operate.html HTTP/1.1" 200 563
222.70.246.11 - - [26/Feb/2023:07:25:02 +0800] "POST /xingrg/kc/buy/cgsh_list_operate.html HTTP/1.1" 200 568
116.224.106.218 - - [26/Feb/2023:07:25:06 +0800] "GET /xingrg/all/function/internal_message.html?_=1677367515031&CODE_STATE=getMsg HTTP/1.1" 200 27
222.70.246.11 - - [26/Feb/2023:07:25:06 +0800] "POST /xingrg/kc/buy/cgsh_list_operate.html HTTP/1.1" 200 414
222.70.246.11 - - [26/Feb/2023:07:25:11 +0800] "POST /xingrg/kc/buy/cgsh_list_operate.html HTTP/1.1" 200 500
180.157.253.110 - - [26/Feb/2023:07:25:15 +0800] "GET /xingrg/check_reg.html?_=1677367524936 HTTP/1.1" 200 22
222.70.221.209 - - [26/Feb/2023:07:25:23 +0800] "GET /xingrg/all/function/internal_message.html?_=1677367496302&CODE_STATE=getMsg HTTP/1.1" 200 27
120.253.135.82 - - [26/Feb/2023:07:25:25 +0800] "POST /xingrg/kc/base/stock_operate.html HTTP/1.1" 200 1490
222.70.246.11 - - [26/Feb/2023:07:25:27 +0800] "GET /xingrg/all/function/internal_message.html?_=1677367562215&CODE_STATE=getMsg HTTP/1.1" 200 27
120.253.135.82 - - [26/Feb/2023:07:25:37 +0800] "GET /xingrg/all/function/internal_message.html?_=1677367369313&CODE_STATE=getMsg HTTP/1.1" 200 27
120.253.135.82 - - [26/Feb/2023:07:25:40 +0800] "POST /xingrg/kc/base/stock_operate.html HTTP/1.1" 200 1490
116.238.139.35 - - [26/Feb/2023:07:25:45 +0800] "GET /xingrg/all/function/internal_message.html?_=1677367555445&CODE_STATE=getMsg HTTP/1.1" 200 27
116.238.139.35 - - [26/Feb/2023:07:25:45 +0800] "GET /xingrg/check_reg.html?_=1677367555451 HTTP/1.1" 200 22
222.70.246.11 - - [26/Feb/2023:07:25:48 +0800] "POST /xingrg/kc/buy/cgsh_list_operate.html HTTP/1.1" 200 4
116.238.139.35 - - [26/Feb/2023:07:25:52 +0800] "GET /xingrg/all/function/internal_message.html?_=1677367488607&CODE_STATE=getMsg HTTP/1.1" 200 27
120.253.135.82 - - [26/Feb/2023:07:25:53 +0800] "POST /xingrg/kc/base/stock_operate.html HTTP/1.1" 200 1489
116.192.124.172 - - [26/Feb/2023:07:25:56 +0800] "GET /xingrg/all/function/internal_message.html?_=1677367565210&CODE_STATE=getMsg HTTP/1.1" 200 27
116.192.124.172 - - [26/Feb/2023:07:25:56 +0800] "GET /xingrg/check_reg.html?_=1677367565211 HTTP/1.1" 200 22
116.224.106.218 - - [26/Feb/2023:07:26:06 +0800] "GET /xingrg/all/function/internal_message.html?_=1677367575014&CODE_STATE=getMsg HTTP/1.1" 200 27
222.70.246.11 - - [26/Feb/2023:07:26:16 +0800] "POST /xingrg/kc/buy/cgsh_list_operate.html HTTP/1.1" 200 5957
222.70.221.209 - - [26/Feb/2023:07:26:23 +0800] "GET /xingrg/all/function/internal_message.html?_=1677367556283&CODE_STATE=getMsg HTTP/1.1" 200 27
222.70.246.11 - - [26/Feb/2023:07:26:27 +0800] "GET /xingrg/all/function/internal_message.html?_=1677367622227&CODE_STATE=getMsg HTTP/1.1" 200 27
120.253.135.82 - - [26/Feb/2023:07:26:33 +0800] "GET /xingrg/check_reg.html?_=1677367425053 HTTP/1.1" 200 22
120.253.135.82 - - [26/Feb/2023:07:26:37 +0800] "GET /xingrg/all/function/internal_message.html?_=1677367429327&CODE_STATE=getMsg HTTP/1.1" 200 27
116.238.139.35 - - [26/Feb/2023:07:26:45 +0800] "GET /xingrg/all/function/internal_message.html?_=1677367615450&CODE_STATE=getMsg HTTP/1.1" 200 27
116.224.106.218 - - [26/Feb/2023:07:26:49 +0800] "GET /xingrg/check_reg.html?_=1677367617995 HTTP/1.1" 200 22
120.253.135.82 - - [26/Feb/2023:07:26:49 +0800] "POST /xingrg/kc/base/stock_operate.html HTTP/1.1" 200 1734
116.238.139.35 - - [26/Feb/2023:07:26:52 +0800] "GET /xingrg/all/function/internal_message.html?_=1677367548631&CODE_STATE=getMsg HTTP/1.1" 200 27
116.192.124.172 - - [26/Feb/2023:07:26:56 +0800] "GET /xingrg/all/function/internal_message.html?_=1677367625208&CODE_STATE=getMsg HTTP/1.1" 200 27
222.70.246.11 - - [26/Feb/2023:07:27:03 +0800] "POST /xingrg/kc/buy/cgsh_list_operate.html HTTP/1.1" 200 4
116.224.106.218 - - [26/Feb/2023:07:27:06 +0800] "GET /xingrg/all/function/internal_message.html?_=1677367634986&CODE_STATE=getMsg HTTP/1.1" 200 27
222.70.246.11 - - [26/Feb/2023:07:27:12 +0800] "POST /xingrg/kc/buy/cgsh_list_operate.html HTTP/1.1" 200 3185
222.70.246.11 - - [26/Feb/2023:07:27:21 +0800] "POST /xingrg/kc/buy/cgsh_list_operate.html HTTP/1.1" 200 220
222.70.221.209 - - [26/Feb/2023:07:27:23 +0800] "GET /xingrg/all/function/internal_message.html?_=1677367616268&CODE_STATE=getMsg HTTP/1.1" 200 27
222.70.246.11 - - [26/Feb/2023:07:27:25 +0800] "POST /xingrg/kc/buy/cgsh_list_operate.html HTTP/1.1" 200 627
222.70.246.11 - - [26/Feb/2023:07:27:27 +0800] "GET /xingrg/check_reg.html?_=1677367682135 HTTP/1.1" 200 22
222.70.246.11 - - [26/Feb/2023:07:27:27 +0800] "GET /xingrg/all/function/internal_message.html?_=1677367682241&CODE_STATE=getMsg HTTP/1.1" 200 27
120.253.135.82 - - [26/Feb/2023:07:27:37 +0800] "GET /xingrg/all/function/internal_message.html?_=1677367489340&CODE_STATE=getMsg HTTP/1.1" 200 27
222.70.246.11 - - [26/Feb/2023:07:27:43 +0800] "POST /xingrg/kc/buy/cgsh_list_operate.html HTTP/1.1" 200 4
116.238.139.35 - - [26/Feb/2023:07:27:45 +0800] "GET /xingrg/all/function/internal_message.html?_=1677367675449&CODE_STATE=getMsg HTTP/1.1" 200 27
116.238.139.35 - - [26/Feb/2023:07:27:52 +0800] "GET /xingrg/all/function/internal_message.html?_=1677367608635&CODE_STATE=getMsg HTTP/1.1" 200 27
116.192.124.172 - - [26/Feb/2023:07:27:56 +0800] "GET /xingrg/all/function/internal_message.html?_=1677367685208&CODE_STATE=getMsg HTTP/1.1" 200 27
116.224.106.218 - - [26/Feb/2023:07:28:06 +0800] "GET /xingrg/all/function/internal_message.html?_=1677367694959&CODE_STATE=getMsg HTTP/1.1" 200 27
222.70.221.209 - - [26/Feb/2023:07:28:23 +0800] "GET /xingrg/all/function/internal_message.html?_=1677367676254&CODE_STATE=getMsg HTTP/1.1" 200 27
120.253.135.82 - - [26/Feb/2023:07:28:37 +0800] "GET /xingrg/all/function/internal_message.html?_=1677367549681&CODE_STATE=getMsg HTTP/1.1" 200 27
116.238.139.35 - - [26/Feb/2023:07:28:45 +0800] "GET /xingrg/all/function/internal_message.html?_=1677367735452&CODE_STATE=getMsg HTTP/1.1" 200 27
116.238.139.35 - - [26/Feb/2023:07:28:52 +0800] "GET /xingrg/all/function/internal_message.html?_=1677367668658&CODE_STATE=getMsg HTTP/1.1" 200 27
116.192.124.172 - - [26/Feb/2023:07:28:56 +0800] "GET /xingrg/all/function/internal_message.html?_=1677367745206&CODE_STATE=getMsg HTTP/1.1" 200 27
116.224.106.218 - - [26/Feb/2023:07:29:06 +0800] "GET /xingrg/all/function/internal_message.html?_=1677367754948&CODE_STATE=getMsg HTTP/1.1" 200 27
222.70.221.209 - - [26/Feb/2023:07:29:23 +0800] "GET /xingrg/all/function/internal_message.html?_=1677367736241&CODE_STATE=getMsg HTTP/1.1" 200 27
120.253.135.82 - - [26/Feb/2023:07:29:37 +0800] "GET /xingrg/all/function/internal_message.html?_=1677367609695&CODE_STATE=getMsg HTTP/1.1" 200 27
222.70.221.209 - - [26/Feb/2023:07:29:37 +0800] "GET /xingrg/check_reg.html?_=1677367750697 HTTP/1.1" 200 22
116.238.139.35 - - [26/Feb/2023:07:29:44 +0800] "GET /xingrg/check_reg.html?_=1677367720164 HTTP/1.1" 200 22
116.238.139.35 - - [26/Feb/2023:07:29:45 +0800] "GET /xingrg/all/function/internal_message.html?_=1677367795454&CODE_STATE=getMsg HTTP/1.1" 200 27
116.238.139.35 - - [26/Feb/2023:07:29:52 +0800] "GET /xingrg/all/function/internal_message.html?_=1677367728662&CODE_STATE=getMsg HTTP/1.1" 200 27
116.192.124.172 - - [26/Feb/2023:07:29:56 +0800] "GET /xingrg/all/function/internal_message.html?_=1677367805226&CODE_STATE=getMsg HTTP/1.1" 200 27
116.224.106.218 - - [26/Feb/2023:07:30:06 +0800] "GET /xingrg/all/function/internal_message.html?_=1677367814933&CODE_STATE=getMsg HTTP/1.1" 200 27
180.157.253.110 - - [26/Feb/2023:07:30:15 +0800] "GET /xingrg/check_reg.html?_=1677367824912 HTTP/1.1" 200 22
222.70.221.209 - - [26/Feb/2023:07:30:23 +0800] "GET /xingrg/all/function/internal_message.html?_=1677367796222&CODE_STATE=getMsg HTTP/1.1" 200 27
120.253.135.82 - - [26/Feb/2023:07:30:37 +0800] "GET /xingrg/all/function/internal_message.html?_=1677367669940&CODE_STATE=getMsg HTTP/1.1" 200 27
120.253.135.82 - - [26/Feb/2023:07:30:41 +0800] "POST /xingrg/kc/base/stock_operate.html HTTP/1.1" 200 1468
116.238.139.35 - - [26/Feb/2023:07:30:45 +0800] "GET /xingrg/check_reg.html?_=1677367855454 HTTP/1.1" 200 22
116.238.139.35 - - [26/Feb/2023:07:30:45 +0800] "GET /xingrg/all/function/internal_message.html?_=1677367855457&CODE_STATE=getMsg HTTP/1.1" 200 27
120.253.135.82 - - [26/Feb/2023:07:30:48 +0800] "POST /xingrg/kc/base/stock_operate.html HTTP/1.1" 200 1485
116.238.139.35 - - [26/Feb/2023:07:30:52 +0800] "GET /xingrg/all/function/internal_message.html?_=1677367788675&CODE_STATE=getMsg HTTP/1.1" 200 27
116.192.124.172 - - [26/Feb/2023:07:30:56 +0800] "GET /xingrg/check_reg.html?_=1677367865226 HTTP/1.1" 200 22
116.192.124.172 - - [26/Feb/2023:07:30:56 +0800] "GET /xingrg/all/function/internal_message.html?_=1677367865225&CODE_STATE=getMsg HTTP/1.1" 200 27
116.224.106.218 - - [26/Feb/2023:07:31:06 +0800] "GET /xingrg/all/function/internal_message.html?_=1677367874920&CODE_STATE=getMsg HTTP/1.1" 200 27
222.70.221.209 - - [26/Feb/2023:07:31:23 +0800] "GET /xingrg/all/function/internal_message.html?_=1677367856212&CODE_STATE=getMsg HTTP/1.1" 200 27
120.253.135.82 - - [26/Feb/2023:07:31:33 +0800] "GET /xingrg/check_reg.html?_=1677367725060 HTTP/1.1" 200 22
120.253.135.82 - - [26/Feb/2023:07:31:37 +0800] "GET /xingrg/all/function/internal_message.html?_=1677367729956&CODE_STATE=getMsg HTTP/1.1" 200 27
116.238.139.35 - - [26/Feb/2023:07:31:45 +0800] "GET /xingrg/all/function/internal_message.html?_=1677367915458&CODE_STATE=getMsg HTTP/1.1" 200 27
116.224.106.218 - - [26/Feb/2023:07:31:49 +0800] "GET /xingrg/check_reg.html?_=1677367918011 HTTP/1.1" 200 22
116.238.139.35 - - [26/Feb/2023:07:31:52 +0800] "GET /xingrg/all/function/internal_message.html?_=1677367848699&CODE_STATE=getMsg HTTP/1.1" 200 27
116.192.124.172 - - [26/Feb/2023:07:31:56 +0800] "GET /xingrg/all/function/internal_message.html?_=1677367925230&CODE_STATE=getMsg HTTP/1.1" 200 27
116.224.106.218 - - [26/Feb/2023:07:32:06 +0800] "GET /xingrg/all/function/internal_message.html?_=1677367934893&CODE_STATE=getMsg HTTP/1.1" 200 27
222.70.221.209 - - [26/Feb/2023:07:32:23 +0800] "GET /xingrg/all/function/internal_message.html?_=1677367916197&CODE_STATE=getMsg HTTP/1.1" 200 27
120.253.135.82 - - [26/Feb/2023:07:32:37 +0800] "GET /xingrg/all/function/internal_message.html?_=1677367789970&CODE_STATE=getMsg HTTP/1.1" 200 27
116.238.139.35 - - [26/Feb/2023:07:32:45 +0800] "GET /xingrg/all/function/internal_message.html?_=1677367975461&CODE_STATE=getMsg HTTP/1.1" 200 27
116.238.139.35 - - [26/Feb/2023:07:32:52 +0800] "GET /xingrg/all/function/internal_message.html?_=1677367908703&CODE_STATE=getMsg HTTP/1.1" 200 27
116.192.124.172 - - [26/Feb/2023:07:32:56 +0800] "GET /xingrg/all/function/internal_message.html?_=1677367985230&CODE_STATE=getMsg HTTP/1.1" 200 27
116.224.106.218 - - [26/Feb/2023:07:33:06 +0800] "GET /xingrg/all/function/internal_message.html?_=1677367994878&CODE_STATE=getMsg HTTP/1.1" 200 27
222.70.221.209 - - [26/Feb/2023:07:33:23 +0800] "GET /xingrg/all/function/internal_message.html?_=1677367976179&CODE_STATE=getMsg HTTP/1.1" 200 27
120.253.135.82 - - [26/Feb/2023:07:33:38 +0800] "GET /xingrg/all/function/internal_message.html?_=1677367850225&CODE_STATE=getMsg HTTP/1.1" 200 27
116.238.139.35 - - [26/Feb/2023:07:33:45 +0800] "GET /xingrg/all/function/internal_message.html?_=1677368035462&CODE_STATE=getMsg HTTP/1.1" 200 27
116.238.139.35 - - [26/Feb/2023:07:33:52 +0800] "GET /xingrg/all/function/internal_message.html?_=1677367968726&CODE_STATE=getMsg HTTP/1.1" 200 27
116.192.124.172 - - [26/Feb/2023:07:33:56 +0800] "GET /xingrg/all/function/internal_message.html?_=1677368045252&CODE_STATE=getMsg HTTP/1.1" 200 27
116.224.106.218 - - [26/Feb/2023:07:34:06 +0800] "GET /xingrg/all/function/internal_message.html?_=1677368054865&CODE_STATE=getMsg HTTP/1.1" 200 27
222.70.221.209 - - [26/Feb/2023:07:34:23 +0800] "GET /xingrg/all/function/internal_message.html?_=1677368036161&CODE_STATE=getMsg HTTP/1.1" 200 27
222.70.221.209 - - [26/Feb/2023:07:34:37 +0800] "GET /xingrg/check_reg.html?_=1677368050702 HTTP/1.1" 200 22
120.253.135.82 - - [26/Feb/2023:07:34:38 +0800] "GET /xingrg/all/function/internal_message.html?_=1677367910231&CODE_STATE=getMsg HTTP/1.1" 200 27
116.238.139.35 - - [26/Feb/2023:07:34:44 +0800] "GET /xingrg/check_reg.html?_=1677368020165 HTTP/1.1" 200 22
116.238.139.35 - - [26/Feb/2023:07:34:45 +0800] "GET /xingrg/all/function/internal_message.html?_=1677368095464&CODE_STATE=getMsg HTTP/1.1" 200 27
116.238.139.35 - - [26/Feb/2023:07:34:52 +0800] "GET /xingrg/all/function/internal_message.html?_=1677368028730&CODE_STATE=getMsg HTTP/1.1" 200 27
116.192.124.172 - - [26/Feb/2023:07:34:56 +0800] "GET /xingrg/all/function/internal_message.html?_=1677368105254&CODE_STATE=getMsg HTTP/1.1" 200 27
116.224.106.218 - - [26/Feb/2023:07:35:06 +0800] "GET /xingrg/all/function/internal_message.html?_=1677368114850&CODE_STATE=getMsg HTTP/1.1" 200 27
180.157.253.110 - - [26/Feb/2023:07:35:15 +0800] "GET /xingrg/check_reg.html?_=1677368124893 HTTP/1.1" 200 22
120.253.135.82 - - [26/Feb/2023:07:35:22 +0800] "GET /xingrg/kc/pszx/mdqp_order_list.html?state=10 HTTP/1.1" 200 10715
120.253.135.82 - - [26/Feb/2023:07:35:22 +0800] "GET /xingrg/dwr/interface/AjaxQqpsService.js HTTP/1.1" 200 16326
120.253.135.82 - - [26/Feb/2023:07:35:22 +0800] "GET /xingrg/dwr/interface/AjaxReportQueryService.js HTTP/1.1" 200 13203
120.253.135.82 - - [26/Feb/2023:07:35:22 +0800] "GET /xingrg/dwr/engine.js HTTP/1.1" 200 43631
222.70.221.209 - - [26/Feb/2023:07:35:23 +0800] "GET /xingrg/all/function/internal_message.html?_=1677368096153&CODE_STATE=getMsg HTTP/1.1" 200 27
120.253.135.82 - - [26/Feb/2023:07:35:25 +0800] "GET /xingrg/kc/pszx/mdqp_order_info.html?code=302023022600494 HTTP/1.1" 200 13350
120.253.135.82 - - [26/Feb/2023:07:35:25 +0800] "GET /xingrg/dwr/interface/AjaxQqpsService.js HTTP/1.1" 200 16326
120.253.135.82 - - [26/Feb/2023:07:35:25 +0800] "GET /xingrg/dwr/interface/AjaxComOrderService.js HTTP/1.1" 200 18264
120.253.135.82 - - [26/Feb/2023:07:35:25 +0800] "GET /xingrg/dwr/engine.js HTTP/1.1" 200 43631
120.253.135.82 - - [26/Feb/2023:07:35:27 +0800] "POST /xingrg/dwr/call/plaincall/AjaxQqpsService.loadMaterielItems.dwr HTTP/1.1" 200 631
120.253.135.82 - - [26/Feb/2023:07:35:33 +0800] "GET /xingrg/kc/pszx/mdqp_order_list.html?isBack=1 HTTP/1.1" 302 -
120.253.135.82 - - [26/Feb/2023:07:35:33 +0800] "GET /xingrg/kc/pszx/mdqp_order_list.html?state=10 HTTP/1.1" 200 10715
120.253.135.82 - - [26/Feb/2023:07:35:33 +0800] "GET /xingrg/dwr/interface/AjaxQqpsService.js HTTP/1.1" 200 16326
120.253.135.82 - - [26/Feb/2023:07:35:33 +0800] "GET /xingrg/dwr/interface/AjaxReportQueryService.js HTTP/1.1" 200 13203
120.253.135.82 - - [26/Feb/2023:07:35:33 +0800] "GET /xingrg/dwr/engine.js HTTP/1.1" 200 43631
120.253.135.82 - - [26/Feb/2023:07:35:38 +0800] "GET /xingrg/all/function/internal_message.html?_=1677367970245&CODE_STATE=getMsg HTTP/1.1" 200 27
120.253.135.82 - - [26/Feb/2023:07:35:38 +0800] "GET /xingrg/kc/pszx/mdqp_order_info.html?code=302023022600494 HTTP/1.1" 200 13350
120.253.135.82 - - [26/Feb/2023:07:35:38 +0800] "GET /xingrg/dwr/interface/AjaxComOrderService.js HTTP/1.1" 200 18264
120.253.135.82 - - [26/Feb/2023:07:35:38 +0800] "GET /xingrg/dwr/interface/AjaxQqpsService.js HTTP/1.1" 200 16326
120.253.135.82 - - [26/Feb/2023:07:35:38 +0800] "GET /xingrg/dwr/engine.js HTTP/1.1" 200 43631
120.253.135.82 - - [26/Feb/2023:07:35:39 +0800] "POST /xingrg/dwr/call/plaincall/AjaxQqpsService.loadMaterielItems.dwr HTTP/1.1" 200 631
120.253.135.82 - - [26/Feb/2023:07:35:41 +0800] "GET /xingrg/kc/pszx/mdqp_order_list.html?isBack=1 HTTP/1.1" 302 -
120.253.135.82 - - [26/Feb/2023:07:35:42 +0800] "GET /xingrg/kc/pszx/mdqp_order_list.html?state=10 HTTP/1.1" 200 10715
120.253.135.82 - - [26/Feb/2023:07:35:42 +0800] "GET /xingrg/dwr/interface/AjaxQqpsService.js HTTP/1.1" 200 16326
120.253.135.82 - - [26/Feb/2023:07:35:42 +0800] "GET /xingrg/dwr/interface/AjaxReportQueryService.js HTTP/1.1" 200 13203
120.253.135.82 - - [26/Feb/2023:07:35:42 +0800] "GET /xingrg/dwr/engine.js HTTP/1.1" 200 43631
116.238.139.35 - - [26/Feb/2023:07:35:45 +0800] "GET /xingrg/check_reg.html?_=1677368155464 HTTP/1.1" 200 22
116.238.139.35 - - [26/Feb/2023:07:35:45 +0800] "GET /xingrg/all/function/internal_message.html?_=1677368155468&CODE_STATE=getMsg HTTP/1.1" 200 27
120.253.135.82 - - [26/Feb/2023:07:35:50 +0800] "GET /xingrg/kc/report/report_main.html HTTP/1.1" 200 8599
116.238.139.35 - - [26/Feb/2023:07:35:52 +0800] "GET /xingrg/all/function/internal_message.html?_=1677368088743&CODE_STATE=getMsg HTTP/1.1" 200 27
120.253.135.82 - - [26/Feb/2023:07:35:53 +0800] "GET /xingrg/kc/base/kc_stocks.html HTTP/1.1" 200 16506
120.253.135.82 - - [26/Feb/2023:07:35:53 +0800] "GET /xingrg/javascript/easyui/themes/default/tree.css HTTP/1.1" 404 1090
120.253.135.82 - - [26/Feb/2023:07:35:53 +0800] "POST /xingrg/all/common/load_tree.html?tree=materiel_sort_tree_json HTTP/1.1" 200 9500
120.253.135.82 - - [26/Feb/2023:07:35:54 +0800] "POST /xingrg/all/common/load_combo.html?type=base HTTP/1.1" 200 1169
116.192.124.172 - - [26/Feb/2023:07:35:56 +0800] "GET /xingrg/check_reg.html?_=1677368165255 HTTP/1.1" 200 22
116.192.124.172 - - [26/Feb/2023:07:35:56 +0800] "GET /xingrg/all/function/internal_message.html?_=1677368165256&CODE_STATE=getMsg HTTP/1.1" 200 27
120.253.135.82 - - [26/Feb/2023:07:36:04 +0800] "POST /xingrg/kc/base/stock_operate.html HTTP/1.1" 200 1482
116.224.106.218 - - [26/Feb/2023:07:36:06 +0800] "GET /xingrg/all/function/internal_message.html?_=1677368174835&CODE_STATE=getMsg HTTP/1.1" 200 27
120.253.135.82 - - [26/Feb/2023:07:36:11 +0800] "POST /xingrg/kc/base/stock_operate.html HTTP/1.1" 200 1468
222.70.221.209 - - [26/Feb/2023:07:36:23 +0800] "GET /xingrg/all/function/internal_message.html?_=1677368156128&CODE_STATE=getMsg HTTP/1.1" 200 27
120.253.135.82 - - [26/Feb/2023:07:36:33 +0800] "GET /xingrg/check_reg.html?_=1677368025063 HTTP/1.1" 200 22
120.253.135.82 - - [26/Feb/2023:07:36:38 +0800] "GET /xingrg/all/function/internal_message.html?_=1677368030258&CODE_STATE=getMsg HTTP/1.1" 200 27
116.238.139.35 - - [26/Feb/2023:07:36:45 +0800] "GET /xingrg/all/function/internal_message.html?_=1677368215455&CODE_STATE=getMsg HTTP/1.1" 200 27
116.224.106.218 - - [26/Feb/2023:07:36:49 +0800] "GET /xingrg/check_reg.html?_=1677368218001 HTTP/1.1" 200 22
116.238.139.35 - - [26/Feb/2023:07:36:53 +0800] "GET /xingrg/all/function/internal_message.html?_=1677368148767&CODE_STATE=getMsg HTTP/1.1" 200 27
116.192.124.172 - - [26/Feb/2023:07:36:56 +0800] "GET /xingrg/all/function/internal_message.html?_=1677368225255&CODE_STATE=getMsg HTTP/1.1" 200 27
116.224.106.218 - - [26/Feb/2023:07:37:06 +0800] "GET /xingrg/all/function/internal_message.html?_=1677368234807&CODE_STATE=getMsg HTTP/1.1" 200 27
222.70.221.209 - - [26/Feb/2023:07:37:23 +0800] "GET /xingrg/all/function/internal_message.html?_=1677368216111&CODE_STATE=getMsg HTTP/1.1" 200 27
120.253.135.82 - - [26/Feb/2023:07:37:38 +0800] "GET /xingrg/all/function/internal_message.html?_=1677368090271&CODE_STATE=getMsg HTTP/1.1" 200 27
116.238.139.35 - - [26/Feb/2023:07:37:45 +0800] "GET /xingrg/all/function/internal_message.html?_=1677368275455&CODE_STATE=getMsg HTTP/1.1" 200 27
116.238.139.35 - - [26/Feb/2023:07:37:53 +0800] "GET /xingrg/all/function/internal_message.html?_=1677368208770&CODE_STATE=getMsg HTTP/1.1" 200 27
116.192.124.172 - - [26/Feb/2023:07:37:56 +0800] "GET /xingrg/all/function/internal_message.html?_=1677368285254&CODE_STATE=getMsg HTTP/1.1" 200 27
116.224.106.218 - - [26/Feb/2023:07:38:06 +0800] "GET /xingrg/all/function/internal_message.html?_=1677368294792&CODE_STATE=getMsg HTTP/1.1" 200 27
222.70.221.209 - - [26/Feb/2023:07:38:23 +0800] "GET /xingrg/all/function/internal_message.html?_=1677368276089&CODE_STATE=getMsg HTTP/1.1" 200 27
120.253.135.82 - - [26/Feb/2023:07:38:38 +0800] "GET /xingrg/all/function/internal_message.html?_=1677368150520&CODE_STATE=getMsg HTTP/1.1" 200 27
116.238.139.35 - - [26/Feb/2023:07:38:45 +0800] "GET /xingrg/all/function/internal_message.html?_=1677368335460&CODE_STATE=getMsg HTTP/1.1" 200 27
120.253.135.82 - - [26/Feb/2023:07:38:50 +0800] "GET /xingrg/kc/pszx/mdps_order_list.html?orderType=1 HTTP/1.1" 200 19089
120.253.135.82 - - [26/Feb/2023:07:38:50 +0800] "POST /xingrg/kc/pszx/mdps_list_operate.html HTTP/1.1" 200 868
116.238.139.35 - - [26/Feb/2023:07:38:53 +0800] "GET /xingrg/all/function/internal_message.html?_=1677368268794&CODE_STATE=getMsg HTTP/1.1" 200 27
116.192.124.172 - - [26/Feb/2023:07:38:56 +0800] "GET /xingrg/all/function/internal_message.html?_=1677368345263&CODE_STATE=getMsg HTTP/1.1" 200 27
120.253.135.82 - - [26/Feb/2023:07:38:58 +0800] "POST /xingrg/kc/pszx/mdps_list_operate.html HTTP/1.1" 200 868
116.224.106.218 - - [26/Feb/2023:07:39:06 +0800] "GET /xingrg/all/function/internal_message.html?_=1677368354766&CODE_STATE=getMsg HTTP/1.1" 200 27
120.253.135.82 - - [26/Feb/2023:07:39:10 +0800] "POST /xingrg/kc/pszx/mdps_list_operate.html HTTP/1.1" 200 868
120.253.135.82 - - [26/Feb/2023:07:39:18 +0800] "GET /xingrg/kc/pszx/mdps_order_list.html?orderType=0 HTTP/1.1" 200 21032
120.253.135.82 - - [26/Feb/2023:07:39:18 +0800] "POST /xingrg/kc/pszx/mdps_list_operate.html HTTP/1.1" 200 5411
222.70.221.209 - - [26/Feb/2023:07:39:23 +0800] "GET /xingrg/all/function/internal_message.html?_=1677368336072&CODE_STATE=getMsg HTTP/1.1" 200 27
120.253.135.82 - - [26/Feb/2023:07:39:26 +0800] "POST /xingrg/kc/pszx/mdps_list_operate.html HTTP/1.1" 200 2076
120.253.135.82 - - [26/Feb/2023:07:39:27 +0800] "POST /xingrg/kc/pszx/mdps_list_operate.html HTTP/1.1" 200 205
120.253.135.82 - - [26/Feb/2023:07:39:29 +0800] "POST /xingrg/kc/pszx/mdps_list_operate.html HTTP/1.1" 200 576
120.253.135.82 - - [26/Feb/2023:07:39:34 +0800] "GET /xingrg/kc/pszx/mdps_order_info.html?code=312023022100465 HTTP/1.1" 200 23982
120.253.135.82 - - [26/Feb/2023:07:39:35 +0800] "GET /xingrg/javascript/easyui/themes/default/validatebox.css HTTP/1.1" 404 1104
120.253.135.82 - - [26/Feb/2023:07:39:35 +0800] "POST /xingrg/kc/pszx/mdps_order_operate.html HTTP/1.1" 200 12029
222.70.221.209 - - [26/Feb/2023:07:39:37 +0800] "GET /xingrg/check_reg.html?_=1677368350697 HTTP/1.1" 200 22
120.253.135.82 - - [26/Feb/2023:07:39:38 +0800] "GET /xingrg/all/function/internal_message.html?_=1677368210533&CODE_STATE=getMsg HTTP/1.1" 200 27
116.238.139.35 - - [26/Feb/2023:07:39:44 +0800] "GET /xingrg/check_reg.html?_=1677368320175 HTTP/1.1" 200 22
116.238.139.35 - - [26/Feb/2023:07:39:45 +0800] "GET /xingrg/all/function/internal_message.html?_=1677368395462&CODE_STATE=getMsg HTTP/1.1" 200 27
120.253.135.82 - - [26/Feb/2023:07:39:46 +0800] "POST /xingrg/kc/pszx/mdps_order_operate.html HTTP/1.1" 200 37
120.253.135.82 - - [26/Feb/2023:07:39:47 +0800] "GET /xingrg/kc/pszx/mdps_order_info.html?code=312023022100465 HTTP/1.1" 200 23982
120.253.135.82 - - [26/Feb/2023:07:39:48 +0800] "GET /xingrg/javascript/easyui/themes/default/validatebox.css HTTP/1.1" 404 1104
120.253.135.82 - - [26/Feb/2023:07:39:48 +0800] "POST /xingrg/kc/pszx/mdps_order_operate.html HTTP/1.1" 200 11550
120.253.135.82 - - [26/Feb/2023:07:39:52 +0800] "GET /xingrg/kc/pszx/mdps_order_info.html?code=312023022100465 HTTP/1.1" 200 23982
120.253.135.82 - - [26/Feb/2023:07:39:52 +0800] "GET /xingrg/javascript/easyui/themes/default/validatebox.css HTTP/1.1" 404 1104
120.253.135.82 - - [26/Feb/2023:07:39:52 +0800] "POST /xingrg/kc/pszx/mdps_order_operate.html HTTP/1.1" 200 11550
116.238.139.35 - - [26/Feb/2023:07:39:53 +0800] "GET /xingrg/all/function/internal_message.html?_=1677368328798&CODE_STATE=getMsg HTTP/1.1" 200 27
120.253.135.82 - - [26/Feb/2023:07:39:54 +0800] "POST /xingrg/kc/pszx/mdps_list_operate.html HTTP/1.1" 200 2076
116.192.124.172 - - [26/Feb/2023:07:39:56 +0800] "GET /xingrg/all/function/internal_message.html?_=1677368405261&CODE_STATE=getMsg HTTP/1.1" 200 27
120.253.135.82 - - [26/Feb/2023:07:40:03 +0800] "GET /xingrg/kc/pszx/mdps_order_add.html HTTP/1.1" 200 29101
120.253.135.82 - - [26/Feb/2023:07:40:04 +0800] "POST /xingrg/kc/pszx/mdps_order_operate.html HTTP/1.1" 200 7126
120.253.135.82 - - [26/Feb/2023:07:40:04 +0800] "GET /xingrg/javascript/easyui/themes/default/validatebox.css HTTP/1.1" 404 1104
116.224.106.218 - - [26/Feb/2023:07:40:06 +0800] "GET /xingrg/all/function/internal_message.html?_=1677368414751&CODE_STATE=getMsg HTTP/1.1" 200 27
120.253.135.82 - - [26/Feb/2023:07:40:11 +0800] "POST /xingrg/all/common/load_combo.html?type=base HTTP/1.1" 200 1169
180.157.253.110 - - [26/Feb/2023:07:40:15 +0800] "GET /xingrg/check_reg.html?_=1677368424907 HTTP/1.1" 200 22
222.70.221.209 - - [26/Feb/2023:07:40:23 +0800] "GET /xingrg/all/function/internal_message.html?_=1677368396060&CODE_STATE=getMsg HTTP/1.1" 200 27
120.253.135.82 - - [26/Feb/2023:07:40:24 +0800] "GET /xingrg/kc/pszx/mdps_order_operate.html?command=get_materiel&pszx_code=00101&rest_code=00108&base_code=0010250&code=00102002934 HTTP/1.1" 200 418
120.253.135.82 - - [26/Feb/2023:07:40:38 +0800] "GET /xingrg/all/function/internal_message.html?_=1677368270547&CODE_STATE=getMsg HTTP/1.1" 200 27
120.253.135.82 - - [26/Feb/2023:07:40:43 +0800] "GET /xingrg/kc/pszx/mdps_order_operate.html?command=get_materiel&pszx_code=00101&rest_code=00108&base_code=0010250&code=00102009684 HTTP/1.1" 200 415
116.238.139.35 - - [26/Feb/2023:07:40:45 +0800] "GET /xingrg/all/function/internal_message.html?_=1677368455464&CODE_STATE=getMsg HTTP/1.1" 200 27
116.238.139.35 - - [26/Feb/2023:07:40:45 +0800] "GET /xingrg/check_reg.html?_=1677368455467 HTTP/1.1" 200 22
116.238.139.35 - - [26/Feb/2023:07:40:53 +0800] "GET /xingrg/all/function/internal_message.html?_=1677368388811&CODE_STATE=getMsg HTTP/1.1" 200 27
116.192.124.172 - - [26/Feb/2023:07:40:56 +0800] "GET /xingrg/all/function/internal_message.html?_=1677368465258&CODE_STATE=getMsg HTTP/1.1" 200 27
116.192.124.172 - - [26/Feb/2023:07:40:56 +0800] "GET /xingrg/check_reg.html?_=1677368465270 HTTP/1.1" 200 22
120.253.135.82 - - [26/Feb/2023:07:41:02 +0800] "GET /xingrg/kc/pszx/mdps_order_operate.html?command=get_materiel&pszx_code=00101&rest_code=00108&base_code=0010250&code=00101019541 HTTP/1.1" 200 419
116.224.106.218 - - [26/Feb/2023:07:41:06 +0800] "GET /xingrg/all/function/internal_message.html?_=1677368474736&CODE_STATE=getMsg HTTP/1.1" 200 27
222.70.221.209 - - [26/Feb/2023:07:41:23 +0800] "GET /xingrg/all/function/internal_message.html?_=1677368456040&CODE_STATE=getMsg HTTP/1.1" 200 27
120.253.135.82 - - [26/Feb/2023:07:41:33 +0800] "GET /xingrg/check_reg.html?_=1677368325073 HTTP/1.1" 200 22
120.253.135.82 - - [26/Feb/2023:07:41:38 +0800] "GET /xingrg/all/function/internal_message.html?_=1677368330560&CODE_STATE=getMsg HTTP/1.1" 200 27
120.253.135.82 - - [26/Feb/2023:07:41:44 +0800] "POST /xingrg/kc/pszx/mdps_order_operate.html HTTP/1.1" 200 37
116.238.139.35 - - [26/Feb/2023:07:41:45 +0800] "GET /xingrg/all/function/internal_message.html?_=1677368515467&CODE_STATE=getMsg HTTP/1.1" 200 27
120.253.135.82 - - [26/Feb/2023:07:41:45 +0800] "GET /xingrg/kc/pszx/mdps_order_info.html?code=312023022600601 HTTP/1.1" 200 23988
120.253.135.82 - - [26/Feb/2023:07:41:46 +0800] "GET /xingrg/javascript/easyui/themes/default/validatebox.css HTTP/1.1" 404 1104
120.253.135.82 - - [26/Feb/2023:07:41:46 +0800] "POST /xingrg/kc/pszx/mdps_order_operate.html HTTP/1.1" 200 3236
116.224.106.218 - - [26/Feb/2023:07:41:49 +0800] "GET /xingrg/check_reg.html?_=1677368518015 HTTP/1.1" 200 22
116.238.139.35 - - [26/Feb/2023:07:41:53 +0800] "GET /xingrg/all/function/internal_message.html?_=1677368448835&CODE_STATE=getMsg HTTP/1.1" 200 27
120.253.135.82 - - [26/Feb/2023:07:41:53 +0800] "POST /xingrg/kc/pszx/mdps_order_operate.html HTTP/1.1" 200 37
120.253.135.82 - - [26/Feb/2023:07:41:54 +0800] "GET /xingrg/kc/pszx/mdps_order_info.html?code=312023022600601 HTTP/1.1" 200 23988
120.253.135.82 - - [26/Feb/2023:07:41:55 +0800] "POST /xingrg/kc/pszx/mdps_order_operate.html HTTP/1.1" 200 3236
120.253.135.82 - - [26/Feb/2023:07:41:55 +0800] "GET /xingrg/javascript/easyui/themes/default/validatebox.css HTTP/1.1" 404 1104
116.192.124.172 - - [26/Feb/2023:07:41:56 +0800] "GET /xingrg/all/function/internal_message.html?_=1677368525269&CODE_STATE=getMsg HTTP/1.1" 200 27
120.253.135.82 - - [26/Feb/2023:07:41:59 +0800] "POST /xingrg/kc/pszx/mdps_order_operate.html HTTP/1.1" 200 37
120.253.135.82 - - [26/Feb/2023:07:42:00 +0800] "GET /xingrg/kc/pszx/mdps_order_info.html?code=312023022600601 HTTP/1.1" 200 23988
120.253.135.82 - - [26/Feb/2023:07:42:01 +0800] "GET /xingrg/javascript/easyui/themes/default/validatebox.css HTTP/1.1" 404 1104
120.253.135.82 - - [26/Feb/2023:07:42:01 +0800] "POST /xingrg/kc/pszx/mdps_order_operate.html HTTP/1.1" 200 3236
120.253.135.82 - - [26/Feb/2023:07:42:03 +0800] "POST /xingrg/kc/pszx/mdps_list_operate.html HTTP/1.1" 200 2462
116.224.106.218 - - [26/Feb/2023:07:42:06 +0800] "GET /xingrg/all/function/internal_message.html?_=1677368534709&CODE_STATE=getMsg HTTP/1.1" 200 27
222.70.221.209 - - [26/Feb/2023:07:42:23 +0800] "GET /xingrg/all/function/internal_message.html?_=1677368516013&CODE_STATE=getMsg HTTP/1.1" 200 27
120.253.135.82 - - [26/Feb/2023:07:42:38 +0800] "GET /xingrg/all/function/internal_message.html?_=1677368390839&CODE_STATE=getMsg HTTP/1.1" 200 27
116.238.139.35 - - [26/Feb/2023:07:42:45 +0800] "GET /xingrg/all/function/internal_message.html?_=1677368575470&CODE_STATE=getMsg HTTP/1.1" 200 27
116.238.139.35 - - [26/Feb/2023:07:42:53 +0800] "GET /xingrg/all/function/internal_message.html?_=1677368508838&CODE_STATE=getMsg HTTP/1.1" 200 27
116.192.124.172 - - [26/Feb/2023:07:42:56 +0800] "GET /xingrg/all/function/internal_message.html?_=1677368585271&CODE_STATE=getMsg HTTP/1.1" 200 27
116.224.106.218 - - [26/Feb/2023:07:43:06 +0800] "GET /xingrg/all/function/internal_message.html?_=1677368594697&CODE_STATE=getMsg HTTP/1.1" 200 27
222.70.221.209 - - [26/Feb/2023:07:43:23 +0800] "GET /xingrg/all/function/internal_message.html?_=1677368575999&CODE_STATE=getMsg HTTP/1.1" 200 27
120.253.135.82 - - [26/Feb/2023:07:43:38 +0800] "GET /xingrg/all/function/internal_message.html?_=1677368450853&CODE_STATE=getMsg HTTP/1.1" 200 27
116.238.139.35 - - [26/Feb/2023:07:43:45 +0800] "GET /xingrg/all/function/internal_message.html?_=1677368635471&CODE_STATE=getMsg HTTP/1.1" 200 27
120.253.135.82 - - [26/Feb/2023:07:43:49 +0800] "POST /xingrg/kc/pszx/mdps_list_operate.html HTTP/1.1" 200 2462
120.253.135.82 - - [26/Feb/2023:07:43:49 +0800] "GET /xingrg/kc/buy/cgsh_order_list.html HTTP/1.1" 200 54131
120.253.135.82 - - [26/Feb/2023:07:43:50 +0800] "POST /xingrg/kc/buy/cgsh_list_operate.html HTTP/1.1" 200 986
116.238.139.35 - - [26/Feb/2023:07:43:53 +0800] "GET /xingrg/all/function/internal_message.html?_=1677368568862&CODE_STATE=getMsg HTTP/1.1" 200 27
116.192.124.172 - - [26/Feb/2023:07:43:56 +0800] "GET /xingrg/all/function/internal_message.html?_=1677368645269&CODE_STATE=getMsg HTTP/1.1" 200 27
116.224.106.218 - - [26/Feb/2023:07:44:06 +0800] "GET /xingrg/all/function/internal_message.html?_=1677368654683&CODE_STATE=getMsg HTTP/1.1" 200 27
120.253.135.82 - - [26/Feb/2023:07:44:20 +0800] "POST /xingrg/kc/buy/cgsh_list_operate.html HTTP/1.1" 200 986
120.253.135.82 - - [26/Feb/2023:07:44:21 +0800] "GET /xingrg/kc/buy/cgsh_order_list.html HTTP/1.1" 200 54131
120.253.135.82 - - [26/Feb/2023:07:44:22 +0800] "POST /xingrg/kc/buy/cgsh_list_operate.html HTTP/1.1" 200 986
222.70.221.209 - - [26/Feb/2023:07:44:23 +0800] "GET /xingrg/all/function/internal_message.html?_=1677368635977&CODE_STATE=getMsg HTTP/1.1" 200 27
120.253.135.82 - - [26/Feb/2023:07:44:25 +0800] "GET /xingrg/kc/buy/cgsh_order_add.html HTTP/1.1" 200 68976
120.253.135.82 - - [26/Feb/2023:07:44:26 +0800] "POST /xingrg/kc/buy/cgsh_order_operate.html HTTP/1.1" 200 8245
120.253.135.82 - - [26/Feb/2023:07:44:26 +0800] "GET /xingrg/javascript/easyui/themes/default/validatebox.css HTTP/1.1" 404 1104
120.253.135.82 - - [26/Feb/2023:07:44:35 +0800] "POST /xingrg/all/common/load_combo.html?type=employee HTTP/1.1" 200 1664
222.70.221.209 - - [26/Feb/2023:07:44:37 +0800] "GET /xingrg/check_reg.html?_=1677368650691 HTTP/1.1" 200 22
120.253.135.82 - - [26/Feb/2023:07:44:38 +0800] "GET /xingrg/all/function/internal_message.html?_=1677368510865&CODE_STATE=getMsg HTTP/1.1" 200 27
116.238.139.35 - - [26/Feb/2023:07:44:44 +0800] "GET /xingrg/check_reg.html?_=1677368620176 HTTP/1.1" 200 22
116.238.139.35 - - [26/Feb/2023:07:44:45 +0800] "GET /xingrg/all/function/internal_message.html?_=1677368695472&CODE_STATE=getMsg HTTP/1.1" 200 27
116.238.139.35 - - [26/Feb/2023:07:44:53 +0800] "GET /xingrg/all/function/internal_message.html?_=1677368628866&CODE_STATE=getMsg HTTP/1.1" 200 27
120.253.135.82 - - [26/Feb/2023:07:44:54 +0800] "GET /xingrg/kc/buy/cgsh_order_operate.html?command=get_materiel&rest_code=00101&code=00102002934&supplier_code=00100399&order_time=2023-02-26 HTTP/1.1" 200 431
116.192.124.172 - - [26/Feb/2023:07:44:56 +0800] "GET /xingrg/all/function/internal_message.html?_=1677368705285&CODE_STATE=getMsg HTTP/1.1" 200 27
116.224.106.218 - - [26/Feb/2023:07:45:06 +0800] "GET /xingrg/all/function/internal_message.html?_=1677368714656&CODE_STATE=getMsg HTTP/1.1" 200 27
180.157.253.110 - - [26/Feb/2023:07:45:15 +0800] "GET /xingrg/check_reg.html?_=1677368724884 HTTP/1.1" 200 22
120.253.135.82 - - [26/Feb/2023:07:45:17 +0800] "GET /xingrg/kc/buy/cgsh_order_operate.html?command=get_materiel&rest_code=00101&code=00102009684&supplier_code=00100399&order_time=2023-02-26 HTTP/1.1" 200 428
222.70.221.209 - - [26/Feb/2023:07:45:23 +0800] "GET /xingrg/all/function/internal_message.html?_=1677368695975&CODE_STATE=getMsg HTTP/1.1" 200 27
120.253.135.82 - - [26/Feb/2023:07:45:35 +0800] "GET /xingrg/kc/buy/cgsh_order_operate.html?command=get_materiel&rest_code=00101&code=00101019541&supplier_code=00100399&order_time=2023-02-26 HTTP/1.1" 200 432
120.253.135.82 - - [26/Feb/2023:07:45:38 +0800] "GET /xingrg/all/function/internal_message.html?_=1677368570880&CODE_STATE=getMsg HTTP/1.1" 200 27
116.192.124.172 - - [26/Feb/2023:07:45:39 +0800] "POST /xingrg/services/DataTransmitService HTTP/1.1" 200 524
116.238.139.35 - - [26/Feb/2023:07:45:45 +0800] "GET /xingrg/check_reg.html?_=1677368755473 HTTP/1.1" 200 22
116.238.139.35 - - [26/Feb/2023:07:45:45 +0800] "GET /xingrg/all/function/internal_message.html?_=1677368755477&CODE_STATE=getMsg HTTP/1.1" 200 27
116.238.139.35 - - [26/Feb/2023:07:45:53 +0800] "GET /xingrg/all/function/internal_message.html?_=1677368688879&CODE_STATE=getMsg HTTP/1.1" 200 27
116.192.124.172 - - [26/Feb/2023:07:45:56 +0800] "GET /xingrg/all/function/internal_message.html?_=1677368765286&CODE_STATE=getMsg HTTP/1.1" 200 27
116.192.124.172 - - [26/Feb/2023:07:45:56 +0800] "GET /xingrg/check_reg.html?_=1677368765284 HTTP/1.1" 200 22
120.253.135.82 - - [26/Feb/2023:07:46:02 +0800] "GET /xingrg/kc/buy/cgsh_order_operate.html?command=get_materiel&rest_code=00101&code=00102002161&supplier_code=00100399&order_time=2023-02-26 HTTP/1.1" 200 417
116.224.106.218 - - [26/Feb/2023:07:46:06 +0800] "GET /xingrg/all/function/internal_message.html?_=1677368774641&CODE_STATE=getMsg HTTP/1.1" 200 27
222.70.221.209 - - [26/Feb/2023:07:46:23 +0800] "GET /xingrg/all/function/internal_message.html?_=1677368755960&CODE_STATE=getMsg HTTP/1.1" 200 27
120.253.135.82 - - [26/Feb/2023:07:46:33 +0800] "GET /xingrg/check_reg.html?_=1677368625075 HTTP/1.1" 200 22
120.253.135.82 - - [26/Feb/2023:07:46:38 +0800] "GET /xingrg/all/function/internal_message.html?_=1677368630892&CODE_STATE=getMsg HTTP/1.1" 200 27
116.238.139.35 - - [26/Feb/2023:07:46:45 +0800] "GET /xingrg/all/function/internal_message.html?_=1677368815462&CODE_STATE=getMsg HTTP/1.1" 200 27
116.224.106.218 - - [26/Feb/2023:07:46:49 +0800] "GET /xingrg/check_reg.html?_=1677368818013 HTTP/1.1" 200 22
116.238.139.35 - - [26/Feb/2023:07:46:53 +0800] "GET /xingrg/all/function/internal_message.html?_=1677368748903&CODE_STATE=getMsg HTTP/1.1" 200 27
116.192.124.172 - - [26/Feb/2023:07:46:56 +0800] "GET /xingrg/all/function/internal_message.html?_=1677368825285&CODE_STATE=getMsg HTTP/1.1" 200 27
116.224.106.218 - - [26/Feb/2023:07:47:06 +0800] "GET /xingrg/all/function/internal_message.html?_=1677368834616&CODE_STATE=getMsg HTTP/1.1" 200 27
222.70.221.209 - - [26/Feb/2023:07:47:22 +0800] "GET /xingrg/all/function/internal_message.html?_=1677368815943&CODE_STATE=getMsg HTTP/1.1" 200 27
120.253.135.82 - - [26/Feb/2023:07:47:31 +0800] "GET /xingrg/kc/buy/cgsh_order_operate.html?command=get_materiel&rest_code=00101&code=00102002238&supplier_code=00100399&order_time=2023-02-26 HTTP/1.1" 200 432
120.253.135.82 - - [26/Feb/2023:07:47:38 +0800] "GET /xingrg/all/function/internal_message.html?_=1677368690907&CODE_STATE=getMsg HTTP/1.1" 200 27
116.238.139.35 - - [26/Feb/2023:07:47:45 +0800] "GET /xingrg/all/function/internal_message.html?_=1677368875467&CODE_STATE=getMsg HTTP/1.1" 200 27
116.238.139.35 - - [26/Feb/2023:07:47:53 +0800] "GET /xingrg/all/function/internal_message.html?_=1677368808906&CODE_STATE=getMsg HTTP/1.1" 200 27
116.192.124.172 - - [26/Feb/2023:07:47:56 +0800] "GET /xingrg/all/function/internal_message.html?_=1677368885300&CODE_STATE=getMsg HTTP/1.1" 200 27
116.224.106.218 - - [26/Feb/2023:07:48:06 +0800] "GET /xingrg/all/function/internal_message.html?_=1677368894600&CODE_STATE=getMsg HTTP/1.1" 200 27
120.253.135.82 - - [26/Feb/2023:07:48:09 +0800] "GET /xingrg/kc/buy/cgsh_order_operate.html?command=get_materiel&rest_code=00101&code=00102002041&supplier_code=00100399&order_time=2023-02-26 HTTP/1.1" 200 416
222.70.221.209 - - [26/Feb/2023:07:48:22 +0800] "GET /xingrg/all/function/internal_message.html?_=1677368875921&CODE_STATE=getMsg HTTP/1.1" 200 27
120.253.135.82 - - [26/Feb/2023:07:48:38 +0800] "GET /xingrg/all/function/internal_message.html?_=1677368750920&CODE_STATE=getMsg HTTP/1.1" 200 27
116.238.139.35 - - [26/Feb/2023:07:48:45 +0800] "GET /xingrg/all/function/internal_message.html?_=1677368935467&CODE_STATE=getMsg HTTP/1.1" 200 27
116.238.139.35 - - [26/Feb/2023:07:48:53 +0800] "GET /xingrg/all/function/internal_message.html?_=1677368868929&CODE_STATE=getMsg HTTP/1.1" 200 27
116.192.124.172 - - [26/Feb/2023:07:48:56 +0800] "GET /xingrg/all/function/internal_message.html?_=1677368945300&CODE_STATE=getMsg HTTP/1.1" 200 27
120.253.135.82 - - [26/Feb/2023:07:49:00 +0800] "POST /xingrg/kc/buy/cgsh_order_operate.html HTTP/1.1" 200 37
120.253.135.82 - - [26/Feb/2023:07:49:02 +0800] "POST /xingrg/kc/buy/cgsh_order_operate.html HTTP/1.1" 200 5659
116.224.106.218 - - [26/Feb/2023:07:49:06 +0800] "GET /xingrg/all/function/internal_message.html?_=1677368954574&CODE_STATE=getMsg HTTP/1.1" 200 27
222.70.246.11 - - [26/Feb/2023:07:49:06 +0800] "POST /xingrg/services/DataTransmitService HTTP/1.1" 200 524
222.70.221.209 - - [26/Feb/2023:07:49:22 +0800] "GET /xingrg/all/function/internal_message.html?_=1677368935910&CODE_STATE=getMsg HTTP/1.1" 200 27
120.253.135.82 - - [26/Feb/2023:07:49:34 +0800] "POST /xingrg/kc/buy/cgsh_order_operate.html HTTP/1.1" 200 37
120.253.135.82 - - [26/Feb/2023:07:49:36 +0800] "POST /xingrg/kc/buy/cgsh_order_operate.html HTTP/1.1" 200 5659
222.70.221.209 - - [26/Feb/2023:07:49:37 +0800] "GET /xingrg/check_reg.html?_=1677368950690 HTTP/1.1" 200 22
120.253.135.82 - - [26/Feb/2023:07:49:38 +0800] "GET /xingrg/all/function/internal_message.html?_=1677368810935&CODE_STATE=getMsg HTTP/1.1" 200 27
120.253.135.82 - - [26/Feb/2023:07:49:40 +0800] "GET /xingrg/kc/buy/cgsh_order_list.html HTTP/1.1" 200 54131
120.253.135.82 - - [26/Feb/2023:07:49:43 +0800] "POST /xingrg/kc/buy/cgsh_list_operate.html HTTP/1.1" 200 1857
116.238.139.35 - - [26/Feb/2023:07:49:44 +0800] "GET /xingrg/check_reg.html?_=1677368920186 HTTP/1.1" 200 22
116.238.139.35 - - [26/Feb/2023:07:49:45 +0800] "GET /xingrg/all/function/internal_message.html?_=1677368995469&CODE_STATE=getMsg HTTP/1.1" 200 27
116.238.139.35 - - [26/Feb/2023:07:49:53 +0800] "GET /xingrg/all/function/internal_message.html?_=1677368928933&CODE_STATE=getMsg HTTP/1.1" 200 27
116.192.124.172 - - [26/Feb/2023:07:49:56 +0800] "GET /xingrg/all/function/internal_message.html?_=1677369005305&CODE_STATE=getMsg HTTP/1.1" 200 27
116.224.106.218 - - [26/Feb/2023:07:50:05 +0800] "GET /xingrg/all/function/internal_message.html?_=1677369014559&CODE_STATE=getMsg HTTP/1.1" 200 27
180.157.253.110 - - [26/Feb/2023:07:50:15 +0800] "GET /xingrg/check_reg.html?_=1677369024864 HTTP/1.1" 200 22
222.70.221.209 - - [26/Feb/2023:07:50:22 +0800] "GET /xingrg/all/function/internal_message.html?_=1677368995893&CODE_STATE=getMsg HTTP/1.1" 200 27
116.238.139.35 - - [26/Feb/2023:07:50:45 +0800] "GET /xingrg/all/function/internal_message.html?_=1677369055473&CODE_STATE=getMsg HTTP/1.1" 200 27
116.238.139.35 - - [26/Feb/2023:07:50:45 +0800] "GET /xingrg/check_reg.html?_=1677369055476 HTTP/1.1" 200 22
116.238.139.35 - - [26/Feb/2023:07:50:53 +0800] "GET /xingrg/all/function/internal_message.html?_=1677368988947&CODE_STATE=getMsg HTTP/1.1" 200 27
116.192.124.172 - - [26/Feb/2023:07:50:56 +0800] "GET /xingrg/check_reg.html?_=1677369065307 HTTP/1.1" 200 22
116.192.124.172 - - [26/Feb/2023:07:50:56 +0800] "GET /xingrg/all/function/internal_message.html?_=1677369065304&CODE_STATE=getMsg HTTP/1.1" 200 27
116.224.106.218 - - [26/Feb/2023:07:51:05 +0800] "GET /xingrg/all/function/internal_message.html?_=1677369074542&CODE_STATE=getMsg HTTP/1.1" 200 27
222.70.221.209 - - [26/Feb/2023:07:51:22 +0800] "GET /xingrg/all/function/internal_message.html?_=1677369055876&CODE_STATE=getMsg HTTP/1.1" 200 27
116.238.139.35 - - [26/Feb/2023:07:51:45 +0800] "GET /xingrg/all/function/internal_message.html?_=1677369115475&CODE_STATE=getMsg HTTP/1.1" 200 27
116.224.106.218 - - [26/Feb/2023:07:51:49 +0800] "GET /xingrg/check_reg.html?_=1677369118024 HTTP/1.1" 200 22
116.238.139.35 - - [26/Feb/2023:07:51:53 +0800] "GET /xingrg/all/function/internal_message.html?_=1677369048971&CODE_STATE=getMsg HTTP/1.1" 200 27
116.192.124.172 - - [26/Feb/2023:07:51:56 +0800] "GET /xingrg/all/function/internal_message.html?_=1677369125313&CODE_STATE=getMsg HTTP/1.1" 200 27
116.224.106.218 - - [26/Feb/2023:07:52:05 +0800] "GET /xingrg/all/function/internal_message.html?_=1677369134518&CODE_STATE=getMsg HTTP/1.1" 200 27
222.64.56.250 - - [26/Feb/2023:07:52:21 +0800] "POST /xingrg/services/DataTransmitService HTTP/1.1" 200 524
222.70.221.209 - - [26/Feb/2023:07:52:22 +0800] "GET /xingrg/all/function/internal_message.html?_=1677369115871&CODE_STATE=getMsg HTTP/1.1" 200 27
116.238.139.35 - - [26/Feb/2023:07:52:45 +0800] "GET /xingrg/all/function/internal_message.html?_=1677369175477&CODE_STATE=getMsg HTTP/1.1" 200 27
116.238.139.35 - - [26/Feb/2023:07:52:53 +0800] "GET /xingrg/all/function/internal_message.html?_=1677369108974&CODE_STATE=getMsg HTTP/1.1" 200 27
