114.83.216.147 - - [24/Feb/2023:09:31:02 +0800] "GET /xingrg/all/function/internal_message.html?_=1677202270819&CODE_STATE=getMsg HTTP/1.1" 200 27
114.83.216.147 - - [24/Feb/2023:09:31:02 +0800] "GET /xingrg/check_reg.html?_=1677202270832 HTTP/1.1" 200 22
116.238.139.35 - - [24/Feb/2023:09:31:03 +0800] "GET /xingrg/kc/buy/cgsh_order_list.html HTTP/1.1" 200 54137
116.238.139.35 - - [24/Feb/2023:09:31:04 +0800] "GET /favicon.ico HTTP/1.1" 404 -
116.238.139.35 - - [24/Feb/2023:09:31:04 +0800] "GET /xingrg/kc/buy/cgsh_order_list.html HTTP/1.1" 200 54137
180.164.3.199 - - [24/Feb/2023:09:31:05 +0800] "GET /xingrg/all/function/internal_message.html?_=1677202275212&CODE_STATE=getMsg HTTP/1.1" 200 27
116.238.139.35 - - [24/Feb/2023:09:31:05 +0800] "POST /xingrg/kc/buy/cgsh_list_operate.html HTTP/1.1" 200 986
116.238.139.35 - - [24/Feb/2023:09:31:06 +0800] "POST /xingrg/kc/buy/cgsh_list_operate.html HTTP/1.1" 200 986
180.163.30.76 - - [24/Feb/2023:09:31:07 +0800] "GET /xingrg/check_reg.html?_=1677202215149 HTTP/1.1" 302 -
180.163.30.76 - - [24/Feb/2023:09:31:07 +0800] "GET /xingrg/login.html HTTP/1.1" 200 7641
124.78.152.179 - - [24/Feb/2023:09:31:07 +0800] "GET /xingrg/all/function/internal_message.html?_=1677202275241&CODE_STATE=getMsg HTTP/1.1" 200 27
124.78.152.179 - - [24/Feb/2023:09:31:07 +0800] "GET /xingrg/kc/buy/cgsh_order_operate.html?command=get_materiel&rest_code=00106&code=00101011010&supplier_code=00100007&order_time=2023-02-24 HTTP/1.1" 200 418
116.238.139.35 - - [24/Feb/2023:09:31:08 +0800] "GET /xingrg/kc/buy/cgsh_order_add.html HTTP/1.1" 200 69913
116.238.139.35 - - [24/Feb/2023:09:31:08 +0800] "POST /xingrg/kc/buy/cgsh_order_operate.html HTTP/1.1" 200 8245
116.238.139.35 - - [24/Feb/2023:09:31:08 +0800] "GET /xingrg/javascript/easyui/themes/default/validatebox.css HTTP/1.1" 404 1104
116.238.139.35 - - [24/Feb/2023:09:31:08 +0800] "GET /xingrg/all/common/auto_word.html?type=employee&rest_code=00150 HTTP/1.1" 200 159
116.238.139.35 - - [24/Feb/2023:09:31:08 +0800] "GET /xingrg/all/common/auto_word.html?type=employee&rest_code=00150 HTTP/1.1" 200 159
116.225.84.253 - - [24/Feb/2023:09:31:09 +0800] "GET /xingrg/all/function/internal_message.html?_=1677202279605&CODE_STATE=getMsg HTTP/1.1" 200 27
172.20.0.100 - - [24/Feb/2023:09:31:12 +0800] "GET /xingrg/all/function/internal_message.html?_=1677202281275&CODE_STATE=getMsg HTTP/1.1" 200 27
222.70.177.73 - - [24/Feb/2023:09:31:17 +0800] "POST /xingrg/kc/buy/cgsh_list_operate.html HTTP/1.1" 200 2341
58.221.95.50 - - [24/Feb/2023:09:31:20 +0800] "GET /xingrg/all/function/internal_message.html?_=1677202291673&CODE_STATE=getMsg HTTP/1.1" 200 27
116.192.124.172 - - [24/Feb/2023:09:31:26 +0800] "GET /xingrg/all/function/internal_message.html?_=1677202320157&CODE_STATE=getMsg HTTP/1.1" 200 27
114.83.216.147 - - [24/Feb/2023:09:31:27 +0800] "GET /xingrg/kc/buy/cgsh_order_operate.html?command=get_materiel&rest_code=00149&code=00101008036&supplier_code=00100008&order_time=2023-02-24 HTTP/1.1" 200 408
116.238.139.35 - - [24/Feb/2023:09:31:27 +0800] "GET /xingrg/kc/buy/cgsh_order_operate.html?command=get_materiel&rest_code=00150&code=00101009109&supplier_code=00100022&order_time=2023-02-24 HTTP/1.1" 200 413
124.78.152.179 - - [24/Feb/2023:09:31:27 +0800] "POST /xingrg/kc/buy/cgsh_order_operate.html HTTP/1.1" 200 37
180.163.29.212 - - [24/Feb/2023:09:31:29 +0800] "GET /xingrg/kc/buy/cgsh_order_operate.html?command=get_materiel&rest_code=00106&code=00101008072&supplier_code=00100007&order_time=2023-02-24 HTTP/1.1" 302 -
180.163.29.212 - - [24/Feb/2023:09:31:29 +0800] "GET /xingrg/login.html HTTP/1.1" 200 7641
222.70.177.73 - - [24/Feb/2023:09:31:32 +0800] "POST /xingrg/kc/buy/cgsh_list_operate.html HTTP/1.1" 200 6144
222.70.177.73 - - [24/Feb/2023:09:31:32 +0800] "GET /xingrg/all/function/internal_message.html?_=1677202300466&CODE_STATE=getMsg HTTP/1.1" 200 27
222.70.221.209 - - [24/Feb/2023:09:31:33 +0800] "GET /xingrg/all/function/internal_message.html?_=1677202270933&CODE_STATE=getMsg HTTP/1.1" 200 27
222.70.221.209 - - [24/Feb/2023:09:31:33 +0800] "GET /xingrg/check_reg.html?_=1677202271021 HTTP/1.1" 200 22
116.238.139.35 - - [24/Feb/2023:09:31:37 +0800] "GET /xingrg/all/function/internal_message.html?_=1677202235937&CODE_STATE=getMsg HTTP/1.1" 200 27
120.253.135.82 - - [24/Feb/2023:09:31:39 +0800] "GET /xingrg/all/function/internal_message.html?_=1677202132321&CODE_STATE=getMsg HTTP/1.1" 200 27
116.238.139.35 - - [24/Feb/2023:09:31:39 +0800] "GET /xingrg/kc/buy/cgsh_order_operate.html?command=get_materiel&rest_code=00150&code=00101009062&supplier_code=00100022&order_time=2023-02-24 HTTP/1.1" 200 412
222.70.246.11 - - [24/Feb/2023:09:31:45 +0800] "GET /xingrg/all/function/internal_message.html?_=1677202333223&CODE_STATE=getMsg HTTP/1.1" 200 27
101.229.22.234 - - [24/Feb/2023:09:31:46 +0800] "GET /favicon.ico HTTP/1.1" 404 -
101.229.22.234 - - [24/Feb/2023:09:31:46 +0800] "GET /xingrg/login.html HTTP/1.1" 200 7641
101.229.22.234 - - [24/Feb/2023:09:31:46 +0800] "GET /xingrg/images/blue/jxLogo.png HTTP/1.1" 304 -
101.229.22.234 - - [24/Feb/2023:09:31:47 +0800] "GET /xingrg/images/blue/login_bg.png HTTP/1.1" 304 -
101.229.22.234 - - [24/Feb/2023:09:31:47 +0800] "GET /xingrg/images/blue/hj.png HTTP/1.1" 304 -
101.229.22.234 - - [24/Feb/2023:09:31:47 +0800] "GET /xingrg/images/blue/srbg.png HTTP/1.1" 304 -
101.229.22.234 - - [24/Feb/2023:09:31:48 +0800] "GET /favicon.ico HTTP/1.1" 404 -
222.70.177.73 - - [24/Feb/2023:09:31:49 +0800] "GET /xingrg/kc/buy/cgsh_order_info.html?code=212022112107389 HTTP/1.1" 200 64775
222.70.177.73 - - [24/Feb/2023:09:31:49 +0800] "GET /xingrg/javascript/easyui/themes/default/validatebox.css HTTP/1.1" 404 1104
222.70.177.73 - - [24/Feb/2023:09:31:51 +0800] "POST /xingrg/kc/buy/cgsh_order_operate.html HTTP/1.1" 200 1776
116.238.139.35 - - [24/Feb/2023:09:31:51 +0800] "GET /xingrg/kc/buy/cgsh_order_operate.html?command=get_materiel&rest_code=00150&code=00101009055&supplier_code=00100022&order_time=2023-02-24 HTTP/1.1" 200 413
180.157.253.110 - - [24/Feb/2023:09:31:52 +0800] "GET /xingrg/check_reg.html?_=1677202322477 HTTP/1.1" 200 22
61.147.15.67 - - [24/Feb/2023:09:31:54 +0800] "ÝÙ½èÆýå^ÛFÕÈ }ãöµ÷¨/Õ˶ÇIÊi…¨bÀ0À,À/À+ŸžÀ2À.À1À-¥¡¤ À(À$ÀÀ " 400 -
116.224.106.218 - - [24/Feb/2023:09:31:55 +0800] "GET /xingrg/all/function/internal_message.html?_=1677202322262&CODE_STATE=getMsg HTTP/1.1" 200 27
222.70.177.73 - - [24/Feb/2023:09:31:58 +0800] "POST /xingrg/kc/buy/cgsh_list_operate.html HTTP/1.1" 200 6144
116.238.139.35 - - [24/Feb/2023:09:32:00 +0800] "GET /xingrg/check_reg.html?_=1677202331298 HTTP/1.1" 200 22
116.238.139.35 - - [24/Feb/2023:09:32:00 +0800] "GET /xingrg/all/function/internal_message.html?_=1677202331295&CODE_STATE=getMsg HTTP/1.1" 200 27
124.78.152.179 - - [24/Feb/2023:09:32:00 +0800] "POST /xingrg/kc/buy/cgsh_order_operate.html HTTP/1.1" 200 38714
116.238.139.35 - - [24/Feb/2023:09:32:01 +0800] "GET /xingrg/kc/buy/cgsh_order_operate.html?command=get_materiel&rest_code=00150&code=00101009016&supplier_code=00100022&order_time=2023-02-24 HTTP/1.1" 200 412
114.83.216.147 - - [24/Feb/2023:09:32:02 +0800] "GET /xingrg/all/function/internal_message.html?_=1677202330825&CODE_STATE=getMsg HTTP/1.1" 200 27
172.20.0.100 - - [24/Feb/2023:09:32:05 +0800] "GET /xingrg/check_reg.html?_=1677202333855 HTTP/1.1" 200 22
180.164.3.199 - - [24/Feb/2023:09:32:05 +0800] "GET /xingrg/all/function/internal_message.html?_=1677202335192&CODE_STATE=getMsg HTTP/1.1" 200 27
180.163.28.109 - - [24/Feb/2023:09:32:07 +0800] "GET /xingrg/all/function/internal_message.html?_=1677202275241&CODE_STATE=getMsg HTTP/1.1" 302 -
124.78.152.179 - - [24/Feb/2023:09:32:07 +0800] "GET /xingrg/all/function/internal_message.html?_=1677202335224&CODE_STATE=getMsg HTTP/1.1" 200 27
180.163.28.109 - - [24/Feb/2023:09:32:07 +0800] "GET /xingrg/login.html HTTP/1.1" 200 7641
180.169.147.146 - - [24/Feb/2023:09:32:08 +0800] "GET /xingrg/index.html?sysBaseUrl=http%3A%2F%2F180.169.147.146%3A18081%2Fxingrg%2F&costTime=39×tamp=1592034574635 HTTP/1.1" 200 17503
180.169.147.146 - - [24/Feb/2023:09:32:08 +0800] "GET /favicon.ico HTTP/1.1" 404 -
180.169.147.146 - - [24/Feb/2023:09:32:08 +0800] "POST /xingrg/all/common/load_tree.html?tree=area_rest_tree_json&manage=1 HTTP/1.1" 200 3499
180.169.147.146 - - [24/Feb/2023:09:32:08 +0800] "GET /xingrg/check_reg.html?_=1677202338536 HTTP/1.1" 200 22
180.169.147.146 - - [24/Feb/2023:09:32:08 +0800] "GET /xingrg/all/function/internal_message.html?_=1677202338536&CODE_STATE=count HTTP/1.1" 200 11
180.169.147.146 - - [24/Feb/2023:09:32:08 +0800] "POST /xingrg/load_menu.html HTTP/1.1" 200 11564
116.225.84.253 - - [24/Feb/2023:09:32:09 +0800] "GET /xingrg/all/function/internal_message.html?_=1677202339588&CODE_STATE=getMsg HTTP/1.1" 200 27
180.169.147.146 - - [24/Feb/2023:09:32:10 +0800] "GET /xingrg/kc/report/report_main.html HTTP/1.1" 200 8599
116.238.139.35 - - [24/Feb/2023:09:32:11 +0800] "GET /xingrg/kc/buy/cgsh_order_operate.html?command=get_materiel&rest_code=00150&code=00101009031&supplier_code=00100022&order_time=2023-02-24 HTTP/1.1" 200 409
172.20.0.100 - - [24/Feb/2023:09:32:12 +0800] "GET /xingrg/all/function/internal_message.html?_=1677202341247&CODE_STATE=getMsg HTTP/1.1" 200 27
180.169.147.146 - - [24/Feb/2023:09:32:12 +0800] "GET /xingrg/all/report/report_query.html?fileName=kc/buy/gys_amount_base_rest.xml HTTP/1.1" 200 51664
180.169.147.146 - - [24/Feb/2023:09:32:12 +0800] "GET /xingrg/dwr/interface/AjaxReportQueryService.js HTTP/1.1" 200 13203
180.169.147.146 - - [24/Feb/2023:09:32:12 +0800] "GET /xingrg/dwr/util.js HTTP/1.1" 304 -
180.169.147.146 - - [24/Feb/2023:09:32:12 +0800] "GET /xingrg/dwr/engine.js HTTP/1.1" 200 43631
180.169.147.146 - - [24/Feb/2023:09:32:12 +0800] "POST /xingrg/dwr/call/plaincall/AjaxReportQueryService.getFixDate.dwr HTTP/1.1" 200 111
180.169.147.146 - - [24/Feb/2023:09:32:12 +0800] "POST /xingrg/all/common/load_tree.html?tree=area_rest_tree_json&manage=1 HTTP/1.1" 200 3499
180.169.147.146 - - [24/Feb/2023:09:32:13 +0800] "POST /xingrg/all/common/load_tree.html?tree=supplier_tree_json&manage=1 HTTP/1.1" 200 72908
58.221.95.50 - - [24/Feb/2023:09:32:20 +0800] "GET /xingrg/all/function/internal_message.html?_=1677202351672&CODE_STATE=getMsg HTTP/1.1" 200 27
116.192.124.172 - - [24/Feb/2023:09:32:26 +0800] "GET /xingrg/all/function/internal_message.html?_=1677202380154&CODE_STATE=getMsg HTTP/1.1" 200 27
180.164.3.199 - - [24/Feb/2023:09:32:27 +0800] "GET /xingrg/kc/buy/cgsh_order_operate.html?command=get_materiel&rest_code=00108&code=00101009039&supplier_code=00100593&order_time=2023-02-24 HTTP/1.1" 200 408
222.70.177.73 - - [24/Feb/2023:09:32:32 +0800] "GET /xingrg/all/function/internal_message.html?_=1677202360439&CODE_STATE=getMsg HTTP/1.1" 200 27
222.70.221.209 - - [24/Feb/2023:09:32:33 +0800] "GET /xingrg/all/function/internal_message.html?_=1677202330916&CODE_STATE=getMsg HTTP/1.1" 200 27
180.169.147.146 - - [24/Feb/2023:09:32:33 +0800] "POST /xingrg/dwr/call/plaincall/AjaxReportQueryService.refreshCache.dwr HTTP/1.1" 200 78
180.169.147.146 - - [24/Feb/2023:09:32:34 +0800] "POST /xingrg/all/report/load_report_page.html HTTP/1.1" 200 89
116.224.106.218 - - [24/Feb/2023:09:32:35 +0800] "GET /xingrg/check_reg.html?_=1677202362454 HTTP/1.1" 200 22
116.238.139.35 - - [24/Feb/2023:09:32:37 +0800] "GET /xingrg/all/function/internal_message.html?_=1677202296045&CODE_STATE=getMsg HTTP/1.1" 200 27
120.253.135.82 - - [24/Feb/2023:09:32:39 +0800] "GET /xingrg/all/function/internal_message.html?_=1677202192479&CODE_STATE=getMsg HTTP/1.1" 200 27
180.169.147.146 - - [24/Feb/2023:09:32:44 +0800] "POST /xingrg/dwr/call/plaincall/AjaxReportQueryService.refreshCache.dwr HTTP/1.1" 200 78
114.83.216.147 - - [24/Feb/2023:09:32:44 +0800] "POST /xingrg/kc/buy/cgsh_order_operate.html HTTP/1.1" 200 37
180.169.147.146 - - [24/Feb/2023:09:32:44 +0800] "POST /xingrg/all/report/load_report_page.html HTTP/1.1" 200 51238
180.169.147.146 - - [24/Feb/2023:09:32:44 +0800] "GET /xingrg/servlets/image?cache=0.7082673058281357&image=px HTTP/1.1" 200 807
222.70.246.11 - - [24/Feb/2023:09:32:45 +0800] "GET /xingrg/all/function/internal_message.html?_=1677202393238&CODE_STATE=getMsg HTTP/1.1" 200 27
180.164.3.199 - - [24/Feb/2023:09:32:49 +0800] "GET /xingrg/kc/buy/cgsh_order_operate.html?command=get_materiel&rest_code=00108&code=00101009038&supplier_code=00100593&order_time=2023-02-24 HTTP/1.1" 200 412
124.78.152.179 - - [24/Feb/2023:09:32:50 +0800] "POST /xingrg/services/DataTransmitService HTTP/1.1" 200 524
114.83.216.147 - - [24/Feb/2023:09:32:52 +0800] "POST /xingrg/kc/buy/cgsh_order_operate.html HTTP/1.1" 200 12
116.238.139.35 - - [24/Feb/2023:09:32:53 +0800] "GET /xingrg/kc/buy/cgsh_order_operate.html?command=get_materiel&rest_code=00150&code=00101009100&supplier_code=00100022&order_time=2023-02-24 HTTP/1.1" 200 408
116.224.106.218 - - [24/Feb/2023:09:32:55 +0800] "GET /xingrg/all/function/internal_message.html?_=1677202382248&CODE_STATE=getMsg HTTP/1.1" 200 27
114.83.216.147 - - [24/Feb/2023:09:32:55 +0800] "GET /xingrg/kc/buy/cgsh_order_info.html?code=212023022408383 HTTP/1.1" 200 64903
114.83.216.147 - - [24/Feb/2023:09:32:55 +0800] "GET /xingrg/javascript/easyui/themes/default/validatebox.css HTTP/1.1" 404 1104
180.164.3.199 - - [24/Feb/2023:09:32:56 +0800] "GET /xingrg/kc/buy/cgsh_order_operate.html?command=get_materiel&rest_code=00108&code=00101009086&supplier_code=00100593&order_time=2023-02-24 HTTP/1.1" 200 418
114.83.216.147 - - [24/Feb/2023:09:32:56 +0800] "POST /xingrg/kc/buy/cgsh_order_operate.html HTTP/1.1" 200 35505
114.83.216.147 - - [24/Feb/2023:09:32:57 +0800] "POST /xingrg/services/DataTransmitService HTTP/1.1" 200 524
114.83.216.147 - - [24/Feb/2023:09:32:58 +0800] "POST /xingrg/services/DataTransmitService HTTP/1.1" 200 2163
114.83.216.147 - - [24/Feb/2023:09:32:58 +0800] "POST /xingrg/services/DataTransmitService HTTP/1.1" 200 2439
114.83.216.147 - - [24/Feb/2023:09:32:58 +0800] "POST /xingrg/services/DataTransmitService HTTP/1.1" 200 1459
114.83.216.147 - - [24/Feb/2023:09:32:59 +0800] "POST /xingrg/services/DataTransmitService HTTP/1.1" 200 168740
116.238.139.35 - - [24/Feb/2023:09:33:00 +0800] "GET /xingrg/all/function/internal_message.html?_=1677202391303&CODE_STATE=getMsg HTTP/1.1" 200 27
114.83.216.147 - - [24/Feb/2023:09:33:01 +0800] "GET /xingrg/kc/print/load_config.html?kc_code=cgsh HTTP/1.1" 200 2157
114.83.216.147 - - [24/Feb/2023:09:33:01 +0800] "GET /xingrg/kc/print/load_data.html?order_code=212023022408383&kc_code=cgsh&condition= HTTP/1.1" 200 13908
114.83.216.147 - - [24/Feb/2023:09:33:03 +0800] "GET /xingrg/all/function/internal_message.html?_=1677202391521&CODE_STATE=getMsg HTTP/1.1" 200 27
222.70.177.73 - - [24/Feb/2023:09:33:04 +0800] "POST /xingrg/kc/buy/cgsh_list_operate.html HTTP/1.1" 200 5504
180.164.3.199 - - [24/Feb/2023:09:33:05 +0800] "GET /xingrg/check_reg.html?_=1677202395192 HTTP/1.1" 200 22
180.164.3.199 - - [24/Feb/2023:09:33:05 +0800] "GET /xingrg/all/function/internal_message.html?_=1677202395193&CODE_STATE=getMsg HTTP/1.1" 200 27
180.163.28.114 - - [24/Feb/2023:09:33:07 +0800] "GET /xingrg/all/function/internal_message.html?_=1677202335224&CODE_STATE=getMsg HTTP/1.1" 302 -
124.78.152.179 - - [24/Feb/2023:09:33:07 +0800] "GET /xingrg/all/function/internal_message.html?_=1677202395195&CODE_STATE=getMsg HTTP/1.1" 200 27
180.163.28.114 - - [24/Feb/2023:09:33:07 +0800] "GET /xingrg/login.html HTTP/1.1" 200 7641
180.169.147.146 - - [24/Feb/2023:09:33:08 +0800] "GET /xingrg/all/function/internal_message.html?_=1677202398560&CODE_STATE=getMsg HTTP/1.1" 200 27
116.225.84.253 - - [24/Feb/2023:09:33:09 +0800] "GET /xingrg/all/function/internal_message.html?_=1677202399556&CODE_STATE=getMsg HTTP/1.1" 200 27
172.20.0.100 - - [24/Feb/2023:09:33:12 +0800] "GET /xingrg/all/function/internal_message.html?_=1677202401218&CODE_STATE=getMsg HTTP/1.1" 200 27
180.164.3.199 - - [24/Feb/2023:09:33:13 +0800] "GET /xingrg/kc/buy/cgsh_order_operate.html?command=get_materiel&rest_code=00108&code=00101009011&supplier_code=00100593&order_time=2023-02-24 HTTP/1.1" 200 416
58.221.95.50 - - [24/Feb/2023:09:33:20 +0800] "GET /xingrg/all/function/internal_message.html?_=1677202411660&CODE_STATE=getMsg HTTP/1.1" 200 27
114.83.216.147 - - [24/Feb/2023:09:33:24 +0800] "POST /xingrg/services/DataTransmitService HTTP/1.1" 200 524
114.83.216.147 - - [24/Feb/2023:09:33:24 +0800] "POST /xingrg/services/DataTransmitService HTTP/1.1" 200 2163
116.192.124.172 - - [24/Feb/2023:09:33:26 +0800] "GET /xingrg/all/function/internal_message.html?_=1677202440144&CODE_STATE=getMsg HTTP/1.1" 200 27
180.164.3.199 - - [24/Feb/2023:09:33:27 +0800] "GET /xingrg/kc/buy/cgsh_order_operate.html?command=get_materiel&rest_code=00108&code=00101009015&supplier_code=00100593&order_time=2023-02-24 HTTP/1.1" 200 416
116.192.124.172 - - [24/Feb/2023:09:33:27 +0800] "GET /xingrg/kc/mdqp/pssh_order_list.html HTTP/1.1" 200 17888
116.192.124.172 - - [24/Feb/2023:09:33:27 +0800] "POST /xingrg/kc/mdqp/pssh_list_operate.html HTTP/1.1" 200 5480
116.192.124.172 - - [24/Feb/2023:09:33:31 +0800] "GET /xingrg/kc/base/yddb_order_list.html HTTP/1.1" 200 16704
116.192.124.172 - - [24/Feb/2023:09:33:31 +0800] "POST /xingrg/kc/base/yddb_list_operate.html HTTP/1.1" 200 636
222.70.177.73 - - [24/Feb/2023:09:33:32 +0800] "GET /xingrg/all/function/internal_message.html?_=1677202420438&CODE_STATE=getMsg HTTP/1.1" 200 27
222.70.221.209 - - [24/Feb/2023:09:33:33 +0800] "GET /xingrg/all/function/internal_message.html?_=1677202390906&CODE_STATE=getMsg HTTP/1.1" 200 27
116.192.124.172 - - [24/Feb/2023:09:33:33 +0800] "POST /xingrg/kc/base/yddb_list_operate.html HTTP/1.1" 200 4335
116.192.124.172 - - [24/Feb/2023:09:33:34 +0800] "POST /xingrg/kc/base/yddb_list_operate.html HTTP/1.1" 200 206
116.192.124.172 - - [24/Feb/2023:09:33:35 +0800] "POST /xingrg/kc/base/yddb_list_operate.html HTTP/1.1" 200 364
116.192.124.172 - - [24/Feb/2023:09:33:35 +0800] "GET /xingrg/kc/base/yddb_order_info.html?code=482022112300171 HTTP/1.1" 200 29745
116.192.124.172 - - [24/Feb/2023:09:33:35 +0800] "GET /xingrg/javascript/Grid.js HTTP/1.1" 200 58908
116.192.124.172 - - [24/Feb/2023:09:33:35 +0800] "GET /xingrg/javascript/ToolTips.js HTTP/1.1" 200 5615
116.192.124.172 - - [24/Feb/2023:09:33:35 +0800] "GET /xingrg/css/blue.css HTTP/1.1" 200 15949
116.192.124.172 - - [24/Feb/2023:09:33:35 +0800] "GET /xingrg/dwr/interface/AjaxComOrderService.js HTTP/1.1" 200 18264
116.192.124.172 - - [24/Feb/2023:09:33:35 +0800] "GET /xingrg/dwr/interface/AjaxYddbService.js HTTP/1.1" 200 13201
116.192.124.172 - - [24/Feb/2023:09:33:35 +0800] "GET /xingrg/dwr/engine.js HTTP/1.1" 200 43631
116.192.124.172 - - [24/Feb/2023:09:33:35 +0800] "GET /xingrg/dwr/util.js HTTP/1.1" 200 35990
116.192.124.172 - - [24/Feb/2023:09:33:35 +0800] "GET /xingrg/javascript/Calendar.js HTTP/1.1" 200 31561
116.192.124.172 - - [24/Feb/2023:09:33:35 +0800] "GET /xingrg/javascript/checkform.js HTTP/1.1" 200 18351
116.192.124.172 - - [24/Feb/2023:09:33:35 +0800] "GET /xingrg/javascript/AjaxInfoList.js HTTP/1.1" 200 3774
116.192.124.172 - - [24/Feb/2023:09:33:36 +0800] "GET /xingrg/javascript/myfunction.js HTTP/1.1" 200 24559
116.192.124.172 - - [24/Feb/2023:09:33:36 +0800] "GET /xingrg/javascript/jquery_easy_ui/themes/icons/edit_add_new.png HTTP/1.1" 200 2997
116.192.124.172 - - [24/Feb/2023:09:33:36 +0800] "GET /xingrg/javascript/jquery_easy_ui/themes/icons/print.png HTTP/1.1" 200 1057
116.192.124.172 - - [24/Feb/2023:09:33:36 +0800] "GET /xingrg/javascript/jquery_easy_ui/themes/default/images/menu_downarrow.png HTTP/1.1" 200 173
116.192.124.172 - - [24/Feb/2023:09:33:36 +0800] "GET /xingrg/javascript/jquery_easy_ui/themes/icons/back_new.png HTTP/1.1" 200 3414
116.192.124.172 - - [24/Feb/2023:09:33:36 +0800] "GET /xingrg/images/blue/wait.gif HTTP/1.1" 200 1100
116.192.124.172 - - [24/Feb/2023:09:33:36 +0800] "GET /xingrg/images/blue/kc_tab_left.gif HTTP/1.1" 200 188
116.192.124.172 - - [24/Feb/2023:09:33:36 +0800] "GET /xingrg/images/blue/kc_tab_mid.gif HTTP/1.1" 200 44
116.192.124.172 - - [24/Feb/2023:09:33:36 +0800] "GET /xingrg/images/blue/kc_tab_right.gif HTTP/1.1" 200 643
116.192.124.172 - - [24/Feb/2023:09:33:36 +0800] "POST /xingrg/dwr/call/plaincall/AjaxYddbService.loadMaterielItems.dwr HTTP/1.1" 200 1096
116.192.124.172 - - [24/Feb/2023:09:33:36 +0800] "GET /xingrg/javascript/jquery_easy_ui/themes/default/images/button_plain_hover.png HTTP/1.1" 200 252
116.238.139.35 - - [24/Feb/2023:09:33:37 +0800] "GET /xingrg/all/function/internal_message.html?_=1677202356058&CODE_STATE=getMsg HTTP/1.1" 200 27
120.253.135.82 - - [24/Feb/2023:09:33:38 +0800] "GET /xingrg/all/function/internal_message.html?_=1677202252501&CODE_STATE=getMsg HTTP/1.1" 200 27
180.164.3.199 - - [24/Feb/2023:09:33:41 +0800] "GET /xingrg/kc/buy/cgsh_order_operate.html?command=get_materiel&rest_code=00108&code=00101009079&supplier_code=00100593&order_time=2023-02-24 HTTP/1.1" 200 410
124.78.152.179 - - [24/Feb/2023:09:33:43 +0800] "POST /xingrg/kc/buy/cgsh_order_operate.html HTTP/1.1" 200 37
222.70.246.11 - - [24/Feb/2023:09:33:46 +0800] "GET /xingrg/all/function/internal_message.html?_=1677202454066&CODE_STATE=getMsg HTTP/1.1" 200 27
124.78.152.179 - - [24/Feb/2023:09:33:48 +0800] "POST /xingrg/kc/buy/cgsh_order_operate.html HTTP/1.1" 200 12
58.221.95.50 - - [24/Feb/2023:09:33:49 +0800] "GET /xingrg/kc/buy/cgsh_order_operate.html?command=get_materiel&rest_code=00152&code=00102002145&supplier_code=00100151&order_time=2023-02-24 HTTP/1.1" 200 433
124.78.152.179 - - [24/Feb/2023:09:33:52 +0800] "GET /xingrg/kc/buy/cgsh_order_info.html?code=212023022408387 HTTP/1.1" 200 64817
124.78.152.179 - - [24/Feb/2023:09:33:53 +0800] "GET /xingrg/javascript/easyui/themes/default/validatebox.css HTTP/1.1" 404 1104
116.238.139.35 - - [24/Feb/2023:09:33:53 +0800] "POST /xingrg/kc/buy/cgsh_order_operate.html HTTP/1.1" 200 37
124.78.152.179 - - [24/Feb/2023:09:33:53 +0800] "POST /xingrg/kc/buy/cgsh_order_operate.html HTTP/1.1" 200 36658
180.164.3.199 - - [24/Feb/2023:09:33:55 +0800] "GET /xingrg/kc/buy/cgsh_order_operate.html?command=get_materiel&rest_code=00108&code=00101009124&supplier_code=00100593&order_time=2023-02-24 HTTP/1.1" 200 416
116.224.106.218 - - [24/Feb/2023:09:33:55 +0800] "GET /xingrg/all/function/internal_message.html?_=1677202442217&CODE_STATE=getMsg HTTP/1.1" 200 27
116.238.139.35 - - [24/Feb/2023:09:33:59 +0800] "POST /xingrg/kc/buy/cgsh_order_operate.html HTTP/1.1" 200 12
116.238.139.35 - - [24/Feb/2023:09:34:01 +0800] "GET /xingrg/kc/buy/cgsh_order_info.html?code=212023022408398 HTTP/1.1" 200 64813
116.238.139.35 - - [24/Feb/2023:09:34:01 +0800] "GET /xingrg/javascript/easyui/themes/default/validatebox.css HTTP/1.1" 404 1104
116.238.139.35 - - [24/Feb/2023:09:34:02 +0800] "POST /xingrg/kc/buy/cgsh_order_operate.html HTTP/1.1" 200 2969
114.83.216.147 - - [24/Feb/2023:09:34:03 +0800] "GET /xingrg/all/function/internal_message.html?_=1677202451506&CODE_STATE=getMsg HTTP/1.1" 200 27
116.238.139.35 - - [24/Feb/2023:09:34:03 +0800] "GET /xingrg/kc/print/load_data.html?order_code=212023022408398&kc_code=cgsh&condition= HTTP/1.1" 200 1640
180.164.3.199 - - [24/Feb/2023:09:34:05 +0800] "GET /xingrg/all/function/internal_message.html?_=1677202455202&CODE_STATE=getMsg HTTP/1.1" 200 27
124.78.152.179 - - [24/Feb/2023:09:34:07 +0800] "GET /xingrg/all/function/internal_message.html?_=1677202455180&CODE_STATE=getMsg HTTP/1.1" 200 27
58.221.95.50 - - [24/Feb/2023:09:34:07 +0800] "GET /xingrg/kc/buy/cgsh_order_operate.html?command=get_materiel&rest_code=00152&code=00102001016&supplier_code=00100151&order_time=2023-02-24 HTTP/1.1" 200 412
180.169.147.146 - - [24/Feb/2023:09:34:08 +0800] "GET /xingrg/all/function/internal_message.html?_=1677202458560&CODE_STATE=getMsg HTTP/1.1" 200 27
116.225.84.253 - - [24/Feb/2023:09:34:09 +0800] "GET /xingrg/all/function/internal_message.html?_=1677202459532&CODE_STATE=getMsg HTTP/1.1" 200 27
172.20.0.100 - - [24/Feb/2023:09:34:12 +0800] "GET /xingrg/all/function/internal_message.html?_=1677202461189&CODE_STATE=getMsg HTTP/1.1" 200 27
116.238.139.35 - - [24/Feb/2023:09:34:18 +0800] "POST /xingrg/all/user/operate.html HTTP/1.1" 200 36
116.238.139.35 - - [24/Feb/2023:09:34:19 +0800] "GET /xingrg/index.html?sysBaseUrl=http%3A%2F%2F180.169.147.146%3A18081%2Fxingrg%2F&costTime=44×tamp=1677200597507 HTTP/1.1" 200 17177
116.238.139.35 - - [24/Feb/2023:09:34:19 +0800] "GET /xingrg/javascript/jquery_easy_ui/themes/default/easyui.css HTTP/1.1" 304 -
116.238.139.35 - - [24/Feb/2023:09:34:19 +0800] "GET /xingrg/javascript/jquery_easy_ui/themes/icon.css HTTP/1.1" 304 -
116.238.139.35 - - [24/Feb/2023:09:34:19 +0800] "GET /xingrg/css/form.css HTTP/1.1" 304 -
116.238.139.35 - - [24/Feb/2023:09:34:19 +0800] "GET /xingrg/javascript/jquery-1.4.2.min.js HTTP/1.1" 304 -
116.238.139.35 - - [24/Feb/2023:09:34:19 +0800] "GET /xingrg/javascript/jquery_easy_ui/jquery.easyui.min.js HTTP/1.1" 304 -
116.238.139.35 - - [24/Feb/2023:09:34:19 +0800] "GET /xingrg/javascript/jquery_easy_ui/easyui-lang-zh_CN.js HTTP/1.1" 304 -
116.238.139.35 - - [24/Feb/2023:09:34:19 +0800] "GET /xingrg/javascript/jquery.form.js HTTP/1.1" 304 -
116.238.139.35 - - [24/Feb/2023:09:34:19 +0800] "GET /xingrg/javascript/jquery.utils.js HTTP/1.1" 304 -
116.238.139.35 - - [24/Feb/2023:09:34:19 +0800] "GET /xingrg/javascript/jquery.timers.js HTTP/1.1" 304 -
116.238.139.35 - - [24/Feb/2023:09:34:19 +0800] "GET /xingrg/images/blue/jxLogo.png HTTP/1.1" 304 -
116.238.139.35 - - [24/Feb/2023:09:34:19 +0800] "GET /xingrg/javascript/jquery_easy_ui/themes/icons/settle_new.png HTTP/1.1" 304 -
116.238.139.35 - - [24/Feb/2023:09:34:19 +0800] "GET /xingrg/images/blue/navBackgound.jpg HTTP/1.1" 304 -
116.238.139.35 - - [24/Feb/2023:09:34:19 +0800] "POST /xingrg/all/common/load_tree.html?tree=area_rest_tree_json&manage=1 HTTP/1.1" 200 476
116.238.139.35 - - [24/Feb/2023:09:34:19 +0800] "GET /xingrg/all/function/internal_message.html?_=1677202470446&CODE_STATE=count HTTP/1.1" 200 11
116.238.139.35 - - [24/Feb/2023:09:34:19 +0800] "GET /xingrg/check_reg.html?_=1677202470447 HTTP/1.1" 200 22
116.238.139.35 - - [24/Feb/2023:09:34:19 +0800] "GET /xingrg/images/blue/pingpu.png HTTP/1.1" 304 -
116.238.139.35 - - [24/Feb/2023:09:34:19 +0800] "GET /xingrg/javascript/jquery_easy_ui/themes/default/images/tabs_rightarrow.png HTTP/1.1" 304 -
116.238.139.35 - - [24/Feb/2023:09:34:19 +0800] "POST /xingrg/load_menu.html HTTP/1.1" 200 5138
116.238.139.35 - - [24/Feb/2023:09:34:19 +0800] "GET /xingrg/javascript/jquery_easy_ui/themes/default/images/tabs_leftarrow.png HTTP/1.1" 304 -
116.238.139.35 - - [24/Feb/2023:09:34:19 +0800] "GET /xingrg/javascript/jquery_easy_ui/themes/default/images/panel_tool_collapse.gif HTTP/1.1" 304 -
116.238.139.35 - - [24/Feb/2023:09:34:19 +0800] "GET /xingrg/javascript/jquery_easy_ui/themes/icons/search_new.png HTTP/1.1" 304 -
116.238.139.35 - - [24/Feb/2023:09:34:19 +0800] "GET /xingrg/javascript/jquery_easy_ui/themes/default/images/tree_arrows.gif HTTP/1.1" 304 -
116.238.139.35 - - [24/Feb/2023:09:34:19 +0800] "GET /xingrg/javascript/jquery_easy_ui/themes/default/images/tree_folder_open.gif HTTP/1.1" 304 -
116.238.139.35 - - [24/Feb/2023:09:34:19 +0800] "GET /xingrg/javascript/jquery_easy_ui/themes/default/images/tree_folder.gif HTTP/1.1" 304 -
116.238.139.35 - - [24/Feb/2023:09:34:19 +0800] "GET /xingrg/javascript/jquery_easy_ui/themes/default/images/tree_file.gif HTTP/1.1" 304 -
116.238.139.35 - - [24/Feb/2023:09:34:19 +0800] "GET /xingrg/javascript/jquery_easy_ui/themes/icons/forms_new.png HTTP/1.1" 304 -
116.238.139.35 - - [24/Feb/2023:09:34:19 +0800] "GET /xingrg/javascript/jquery_easy_ui/themes/icons/storage_new.png HTTP/1.1" 304 -
180.164.3.199 - - [24/Feb/2023:09:34:19 +0800] "GET /xingrg/kc/buy/cgsh_order_operate.html?command=get_materiel&rest_code=00108&code=00101015050&supplier_code=00100593&order_time=2023-02-24 HTTP/1.1" 200 413
58.221.95.50 - - [24/Feb/2023:09:34:20 +0800] "GET /xingrg/all/function/internal_message.html?_=1677202471669&CODE_STATE=getMsg HTTP/1.1" 200 27
58.221.95.50 - - [24/Feb/2023:09:34:20 +0800] "GET /xingrg/check_reg.html?_=1677202471671 HTTP/1.1" 200 22
116.238.139.35 - - [24/Feb/2023:09:34:21 +0800] "GET /xingrg/kc/buy/cgsh_order_list.html HTTP/1.1" 200 54135
116.238.139.35 - - [24/Feb/2023:09:34:22 +0800] "POST /xingrg/kc/buy/cgsh_list_operate.html HTTP/1.1" 200 986
116.238.139.35 - - [24/Feb/2023:09:34:23 +0800] "GET /xingrg/kc/buy/cgsh_order_add.html HTTP/1.1" 200 69510
116.238.139.35 - - [24/Feb/2023:09:34:23 +0800] "POST /xingrg/kc/buy/cgsh_order_operate.html HTTP/1.1" 200 8245
116.238.139.35 - - [24/Feb/2023:09:34:23 +0800] "GET /xingrg/javascript/easyui/themes/default/validatebox.css HTTP/1.1" 404 1104
116.238.139.35 - - [24/Feb/2023:09:34:25 +0800] "GET /xingrg/javascript/auto/indicator.gif HTTP/1.1" 404 1066
116.192.124.172 - - [24/Feb/2023:09:34:26 +0800] "GET /xingrg/all/function/internal_message.html?_=1677202500147&CODE_STATE=getMsg HTTP/1.1" 200 27
116.192.124.172 - - [24/Feb/2023:09:34:26 +0800] "GET /xingrg/check_reg.html?_=1677202500152 HTTP/1.1" 200 22
180.169.147.146 - - [24/Feb/2023:09:34:32 +0800] "POST /xingrg/dwr/call/plaincall/AjaxReportQueryService.refreshCache.dwr HTTP/1.1" 200 78
222.70.177.73 - - [24/Feb/2023:09:34:32 +0800] "GET /xingrg/all/function/internal_message.html?_=1677202480439&CODE_STATE=getMsg HTTP/1.1" 200 27
222.70.221.209 - - [24/Feb/2023:09:34:32 +0800] "GET /xingrg/all/function/internal_message.html?_=1677202450880&CODE_STATE=getMsg HTTP/1.1" 200 27
116.238.139.35 - - [24/Feb/2023:09:34:33 +0800] "GET /xingrg/kc/buy/cgsh_order_operate.html?command=get_materiel&rest_code=00151&code=00101009078&supplier_code=00100022&order_time=2023-02-24 HTTP/1.1" 200 408
180.169.147.146 - - [24/Feb/2023:09:34:34 +0800] "POST /xingrg/all/report/load_report_page.html HTTP/1.1" 200 51095
180.169.147.146 - - [24/Feb/2023:09:34:34 +0800] "GET /xingrg/servlets/image?cache=0.9628261020150475&image=px HTTP/1.1" 200 807
180.164.3.199 - - [24/Feb/2023:09:34:34 +0800] "GET /xingrg/kc/buy/cgsh_order_operate.html?command=get_materiel&rest_code=00108&code=00101013131&supplier_code=00100593&order_time=2023-02-24 HTTP/1.1" 200 412
116.238.139.35 - - [24/Feb/2023:09:34:37 +0800] "GET /xingrg/all/function/internal_message.html?_=1677202416160&CODE_STATE=getMsg HTTP/1.1" 200 27
120.253.135.82 - - [24/Feb/2023:09:34:39 +0800] "GET /xingrg/all/function/internal_message.html?_=1677202312718&CODE_STATE=getMsg HTTP/1.1" 200 27
116.238.139.35 - - [24/Feb/2023:09:34:43 +0800] "GET /xingrg/kc/buy/cgsh_order_operate.html?command=get_materiel&rest_code=00151&code=00101009053&supplier_code=00100022&order_time=2023-02-24 HTTP/1.1" 200 408
222.70.246.11 - - [24/Feb/2023:09:34:46 +0800] "GET /xingrg/all/function/internal_message.html?_=1677202514075&CODE_STATE=getMsg HTTP/1.1" 200 27
116.238.139.35 - - [24/Feb/2023:09:34:52 +0800] "GET /xingrg/kc/buy/cgsh_order_operate.html?command=get_materiel&rest_code=00151&code=00101009062&supplier_code=00100022&order_time=2023-02-24 HTTP/1.1" 200 412
116.224.106.218 - - [24/Feb/2023:09:34:55 +0800] "GET /xingrg/all/function/internal_message.html?_=1677202502202&CODE_STATE=getMsg HTTP/1.1" 200 27
180.169.147.146 - - [24/Feb/2023:09:34:56 +0800] "POST /xingrg/dwr/call/plaincall/AjaxReportQueryService.refreshCache.dwr HTTP/1.1" 200 78
180.169.147.146 - - [24/Feb/2023:09:34:57 +0800] "POST /xingrg/all/report/load_report_page.html HTTP/1.1" 200 51357
180.169.147.146 - - [24/Feb/2023:09:34:57 +0800] "GET /xingrg/servlets/image?cache=0.09653046327903259&image=px HTTP/1.1" 200 807
180.169.147.146 - - [24/Feb/2023:09:34:59 +0800] "POST /xingrg/all/report/report_print.html HTTP/1.1" 200 7680
114.83.216.147 - - [24/Feb/2023:09:35:03 +0800] "GET /xingrg/all/function/internal_message.html?_=1677202511495&CODE_STATE=getMsg HTTP/1.1" 200 27
180.164.3.199 - - [24/Feb/2023:09:35:05 +0800] "GET /xingrg/all/function/internal_message.html?_=1677202515207&CODE_STATE=getMsg HTTP/1.1" 200 27
180.164.3.199 - - [24/Feb/2023:09:35:06 +0800] "GET /xingrg/kc/buy/cgsh_order_operate.html?command=get_materiel&rest_code=00108&code=00101015022&supplier_code=00100593&order_time=2023-02-24 HTTP/1.1" 200 408
116.238.139.35 - - [24/Feb/2023:09:35:06 +0800] "GET /xingrg/kc/buy/cgsh_order_operate.html?command=get_materiel&rest_code=00151&code=00101009032&supplier_code=00100022&order_time=2023-02-24 HTTP/1.1" 200 412
124.78.152.179 - - [24/Feb/2023:09:35:07 +0800] "GET /xingrg/check_reg.html?_=1677202515152 HTTP/1.1" 200 22
180.163.29.79 - - [24/Feb/2023:09:35:07 +0800] "GET /xingrg/all/function/internal_message.html?_=1677202455180&CODE_STATE=getMsg HTTP/1.1" 302 -
124.78.152.179 - - [24/Feb/2023:09:35:07 +0800] "GET /xingrg/all/function/internal_message.html?_=1677202515172&CODE_STATE=getMsg HTTP/1.1" 200 27
180.163.29.79 - - [24/Feb/2023:09:35:07 +0800] "GET /xingrg/login.html HTTP/1.1" 200 7641
180.169.147.146 - - [24/Feb/2023:09:35:08 +0800] "GET /xingrg/all/function/internal_message.html?_=1677202518557&CODE_STATE=getMsg HTTP/1.1" 200 27
116.225.84.253 - - [24/Feb/2023:09:35:09 +0800] "GET /xingrg/all/function/internal_message.html?_=1677202519510&CODE_STATE=getMsg HTTP/1.1" 200 27
124.78.152.179 - - [24/Feb/2023:09:35:09 +0800] "GET /xingrg/kc/print/load_config.html?kc_code=cgsh HTTP/1.1" 200 2157
124.78.152.179 - - [24/Feb/2023:09:35:10 +0800] "GET /xingrg/kc/print/load_data.html?order_code=212023022408387&kc_code=cgsh&condition= HTTP/1.1" 200 14374
172.20.0.100 - - [24/Feb/2023:09:35:12 +0800] "GET /xingrg/all/function/internal_message.html?_=1677202521160&CODE_STATE=getMsg HTTP/1.1" 200 27
180.164.3.199 - - [24/Feb/2023:09:35:15 +0800] "GET /xingrg/kc/buy/cgsh_order_operate.html?command=get_materiel&rest_code=00108&code=00101015110&supplier_code=00100593&order_time=2023-02-24 HTTP/1.1" 200 412
116.238.139.35 - - [24/Feb/2023:09:35:17 +0800] "GET /xingrg/kc/buy/cgsh_order_operate.html?command=get_materiel&rest_code=00151&code=00101009065&supplier_code=00100022&order_time=2023-02-24 HTTP/1.1" 200 420
116.238.139.35 - - [24/Feb/2023:09:35:19 +0800] "GET /xingrg/all/function/internal_message.html?_=1677202530448&CODE_STATE=getMsg HTTP/1.1" 200 27
58.221.95.50 - - [24/Feb/2023:09:35:20 +0800] "GET /xingrg/all/function/internal_message.html?_=1677202531678&CODE_STATE=getMsg HTTP/1.1" 200 27
116.192.124.172 - - [24/Feb/2023:09:35:26 +0800] "GET /xingrg/all/function/internal_message.html?_=1677202560144&CODE_STATE=getMsg HTTP/1.1" 200 27
116.238.139.35 - - [24/Feb/2023:09:35:27 +0800] "GET /xingrg/kc/buy/cgsh_order_operate.html?command=get_materiel&rest_code=00151&code=00101009049&supplier_code=00100022&order_time=2023-02-24 HTTP/1.1" 200 416
180.164.3.199 - - [24/Feb/2023:09:35:30 +0800] "GET /xingrg/kc/buy/cgsh_order_operate.html?command=get_materiel&rest_code=00108&code=00101008307&supplier_code=00100593&order_time=2023-02-24 HTTP/1.1" 200 420
124.78.152.179 - - [24/Feb/2023:09:35:30 +0800] "GET /xingrg/kc/print/load_data.html?order_code=212023022408387&kc_code=cgsh HTTP/1.1" 200 14374
222.70.177.73 - - [24/Feb/2023:09:35:32 +0800] "GET /xingrg/all/function/internal_message.html?_=1677202540434&CODE_STATE=getMsg HTTP/1.1" 200 27
222.70.177.73 - - [24/Feb/2023:09:35:32 +0800] "GET /xingrg/check_reg.html?_=1677202540436 HTTP/1.1" 200 22
222.70.221.209 - - [24/Feb/2023:09:35:32 +0800] "GET /xingrg/all/function/internal_message.html?_=1677202510868&CODE_STATE=getMsg HTTP/1.1" 200 27
120.253.135.82 - - [24/Feb/2023:09:35:33 +0800] "GET /xingrg/check_reg.html?_=1677202366633 HTTP/1.1" 200 22
116.238.139.35 - - [24/Feb/2023:09:35:36 +0800] "GET /xingrg/check_reg.html?_=1677202475556 HTTP/1.1" 200 22
116.238.139.35 - - [24/Feb/2023:09:35:37 +0800] "GET /xingrg/kc/buy/cgsh_order_operate.html?command=get_materiel&rest_code=00151&code=00101009004&supplier_code=00100022&order_time=2023-02-24 HTTP/1.1" 200 409
116.238.139.35 - - [24/Feb/2023:09:35:37 +0800] "GET /xingrg/all/function/internal_message.html?_=1677202476256&CODE_STATE=getMsg HTTP/1.1" 200 27
120.253.135.82 - - [24/Feb/2023:09:35:39 +0800] "GET /xingrg/all/function/internal_message.html?_=1677202372725&CODE_STATE=getMsg HTTP/1.1" 200 27
116.231.61.125 - - [24/Feb/2023:09:35:42 +0800] "GET /favicon.ico HTTP/1.1" 404 -
116.231.61.125 - - [24/Feb/2023:09:35:42 +0800] "GET /xingrg HTTP/1.1" 302 -
116.231.61.125 - - [24/Feb/2023:09:35:42 +0800] "GET /xingrg/ HTTP/1.1" 200 292
116.231.61.125 - - [24/Feb/2023:09:35:43 +0800] "GET /xingrg/index.html HTTP/1.1" 302 -
116.231.61.125 - - [24/Feb/2023:09:35:43 +0800] "GET /xingrg/login.html HTTP/1.1" 200 7641
116.231.61.125 - - [24/Feb/2023:09:35:43 +0800] "GET /xingrg/images/blue/jxLogo.png HTTP/1.1" 200 6156
116.231.61.125 - - [24/Feb/2023:09:35:43 +0800] "GET /xingrg/images/blue/hj.png HTTP/1.1" 200 1014
116.231.61.125 - - [24/Feb/2023:09:35:43 +0800] "GET /xingrg/images/blue/login_bg.png HTTP/1.1" 200 22101
116.231.61.125 - - [24/Feb/2023:09:35:43 +0800] "GET /xingrg/images/blue/srbg.png HTTP/1.1" 200 138
116.231.61.125 - - [24/Feb/2023:09:35:43 +0800] "GET /favicon.ico HTTP/1.1" 404 -
222.70.246.11 - - [24/Feb/2023:09:35:44 +0800] "GET /xingrg/check_reg.html?_=1677202572399 HTTP/1.1" 200 22
116.238.139.35 - - [24/Feb/2023:09:35:45 +0800] "GET /xingrg/kc/buy/cgsh_order_operate.html?command=get_materiel&rest_code=00151&code=00101009044&supplier_code=00100022&order_time=2023-02-24 HTTP/1.1" 200 412
222.70.246.11 - - [24/Feb/2023:09:35:46 +0800] "GET /xingrg/all/function/internal_message.html?_=1677202574090&CODE_STATE=getMsg HTTP/1.1" 200 27
180.164.3.199 - - [24/Feb/2023:09:35:47 +0800] "GET /xingrg/kc/buy/cgsh_order_operate.html?command=get_materiel&rest_code=00108&code=00101009013&supplier_code=00100593&order_time=2023-02-24 HTTP/1.1" 200 420
116.225.84.253 - - [24/Feb/2023:09:35:54 +0800] "GET /xingrg/check_reg.html?_=1677202564438 HTTP/1.1" 200 22
116.224.106.218 - - [24/Feb/2023:09:35:55 +0800] "GET /xingrg/all/function/internal_message.html?_=1677202562187&CODE_STATE=getMsg HTTP/1.1" 200 27
116.238.139.35 - - [24/Feb/2023:09:36:00 +0800] "GET /xingrg/kc/buy/cgsh_order_operate.html?command=get_materiel&rest_code=00151&code=00101009051&supplier_code=00100022&order_time=2023-02-24 HTTP/1.1" 200 408
114.83.216.147 - - [24/Feb/2023:09:36:02 +0800] "GET /xingrg/check_reg.html?_=1677202570827 HTTP/1.1" 200 22
180.164.3.199 - - [24/Feb/2023:09:36:02 +0800] "GET /xingrg/kc/buy/cgsh_order_operate.html?command=get_materiel&rest_code=00108&code=00101009107&supplier_code=00100593&order_time=2023-02-24 HTTP/1.1" 200 409
114.83.216.147 - - [24/Feb/2023:09:36:03 +0800] "GET /xingrg/all/function/internal_message.html?_=1677202571480&CODE_STATE=getMsg HTTP/1.1" 200 27
180.164.3.199 - - [24/Feb/2023:09:36:05 +0800] "GET /xingrg/all/function/internal_message.html?_=1677202575211&CODE_STATE=getMsg HTTP/1.1" 200 27
180.163.28.55 - - [24/Feb/2023:09:36:07 +0800] "GET /xingrg/all/function/internal_message.html?_=1677202515172&CODE_STATE=getMsg HTTP/1.1" 302 -
180.163.28.68 - - [24/Feb/2023:09:36:07 +0800] "GET /xingrg/check_reg.html?_=1677202515152 HTTP/1.1" 302 -
180.163.28.68 - - [24/Feb/2023:09:36:07 +0800] "GET /xingrg/login.html HTTP/1.1" 200 7641
180.169.147.146 - - [24/Feb/2023:09:36:08 +0800] "GET /xingrg/all/function/internal_message.html?_=1677202578558&CODE_STATE=getMsg HTTP/1.1" 200 27
116.225.84.253 - - [24/Feb/2023:09:36:09 +0800] "GET /xingrg/all/function/internal_message.html?_=1677202579485&CODE_STATE=getMsg HTTP/1.1" 200 27
124.78.152.179 - - [24/Feb/2023:09:36:09 +0800] "GET /xingrg/all/function/internal_message.html?_=1677202577059&CODE_STATE=getMsg HTTP/1.1" 200 27
180.163.29.219 - - [24/Feb/2023:09:36:09 +0800] "GET /xingrg/kc/print/load_data.html?order_code=212023022408387&kc_code=cgsh&condition= HTTP/1.1" 302 -
180.163.29.219 - - [24/Feb/2023:09:36:09 +0800] "GET /xingrg/login.html HTTP/1.1" 200 7641
180.163.28.55 - - [24/Feb/2023:09:36:10 +0800] "GET /xingrg/login.html HTTP/1.1" 200 7641
172.20.0.100 - - [24/Feb/2023:09:36:12 +0800] "GET /xingrg/all/function/internal_message.html?_=1677202581131&CODE_STATE=getMsg HTTP/1.1" 200 27
116.231.61.125 - - [24/Feb/2023:09:36:15 +0800] "POST /xingrg/login.do HTTP/1.1" 302 -
116.231.61.125 - - [24/Feb/2023:09:36:15 +0800] "GET /xingrg/index.html?sysBaseUrl=http%3A%2F%2F180.169.147.146%3A18081%2Fxingrg%2F&costTime=42×tamp=1677202575420 HTTP/1.1" 200 17503
116.231.61.125 - - [24/Feb/2023:09:36:15 +0800] "GET /xingrg/javascript/jquery_easy_ui/themes/default/easyui.css HTTP/1.1" 200 26500
116.231.61.125 - - [24/Feb/2023:09:36:15 +0800] "GET /xingrg/javascript/jquery.form.js HTTP/1.1" 200 23110
116.231.61.125 - - [24/Feb/2023:09:36:15 +0800] "GET /xingrg/javascript/jquery_easy_ui/themes/icon.css HTTP/1.1" 200 3949
116.231.61.125 - - [24/Feb/2023:09:36:15 +0800] "GET /xingrg/javascript/jquery.utils.js HTTP/1.1" 200 11805
116.231.61.125 - - [24/Feb/2023:09:36:15 +0800] "GET /xingrg/css/form.css HTTP/1.1" 200 893
116.231.61.125 - - [24/Feb/2023:09:36:15 +0800] "GET /xingrg/javascript/jquery.timers.js HTTP/1.1" 200 3532
116.231.61.125 - - [24/Feb/2023:09:36:15 +0800] "GET /xingrg/javascript/jquery-1.4.2.min.js HTTP/1.1" 200 72205
116.231.61.125 - - [24/Feb/2023:09:36:15 +0800] "GET /xingrg/javascript/jquery_easy_ui/jquery.easyui.min.js HTTP/1.1" 200 213662
116.231.61.125 - - [24/Feb/2023:09:36:15 +0800] "GET /xingrg/javascript/jquery_easy_ui/easyui-lang-zh_CN.js HTTP/1.1" 200 1900
116.231.61.125 - - [24/Feb/2023:09:36:15 +0800] "GET /xingrg/javascript/jquery_easy_ui/themes/icons/settle_new.png HTTP/1.1" 200 826
116.231.61.125 - - [24/Feb/2023:09:36:15 +0800] "GET /xingrg/images/blue/navBackgound.jpg HTTP/1.1" 200 12378
116.231.61.125 - - [24/Feb/2023:09:36:16 +0800] "POST /xingrg/all/common/load_tree.html?tree=area_rest_tree_json&manage=1 HTTP/1.1" 200 3499
116.231.61.125 - - [24/Feb/2023:09:36:16 +0800] "GET /xingrg/images/blue/pingpu.png HTTP/1.1" 200 231
116.231.61.125 - - [24/Feb/2023:09:36:16 +0800] "GET /xingrg/javascript/jquery_easy_ui/themes/default/images/panel_tool_collapse.gif HTTP/1.1" 200 246
116.231.61.125 - - [24/Feb/2023:09:36:16 +0800] "GET /xingrg/javascript/jquery_easy_ui/themes/default/images/panel_tool_expand.gif HTTP/1.1" 200 247
116.231.61.125 - - [24/Feb/2023:09:36:16 +0800] "GET /xingrg/check_reg.html?_=1677202655067 HTTP/1.1" 200 22
116.231.61.125 - - [24/Feb/2023:09:36:16 +0800] "GET /xingrg/all/function/internal_message.html?_=1677202655066&CODE_STATE=count HTTP/1.1" 200 11
116.231.61.125 - - [24/Feb/2023:09:36:16 +0800] "POST /xingrg/load_menu.html HTTP/1.1" 200 11564
116.231.61.125 - - [24/Feb/2023:09:36:16 +0800] "GET /xingrg/javascript/jquery_easy_ui/themes/default/images/tree_arrows.gif HTTP/1.1" 200 1043
116.231.61.125 - - [24/Feb/2023:09:36:16 +0800] "GET /xingrg/javascript/jquery_easy_ui/themes/default/images/tree_folder_open.gif HTTP/1.1" 200 956
116.231.61.125 - - [24/Feb/2023:09:36:16 +0800] "GET /xingrg/javascript/jquery_easy_ui/themes/icons/search_new.png HTTP/1.1" 200 586
116.231.61.125 - - [24/Feb/2023:09:36:16 +0800] "GET /xingrg/javascript/jquery_easy_ui/themes/icons/delivery_new.png HTTP/1.1" 200 700
116.231.61.125 - - [24/Feb/2023:09:36:16 +0800] "GET /xingrg/javascript/jquery_easy_ui/themes/icons/storage_new.png HTTP/1.1" 200 853
116.231.61.125 - - [24/Feb/2023:09:36:16 +0800] "GET /xingrg/javascript/jquery_easy_ui/themes/icons/checkout_new.png HTTP/1.1" 200 744
116.231.61.125 - - [24/Feb/2023:09:36:16 +0800] "GET /xingrg/javascript/jquery_easy_ui/themes/icons/systemset_new.png HTTP/1.1" 200 606
116.231.61.125 - - [24/Feb/2023:09:36:16 +0800] "GET /xingrg/javascript/jquery_easy_ui/themes/icons/setting_new.png HTTP/1.1" 200 450
116.231.61.125 - - [24/Feb/2023:09:36:16 +0800] "GET /xingrg/javascript/jquery_easy_ui/themes/icons/forms_new.png HTTP/1.1" 200 350
116.238.139.35 - - [24/Feb/2023:09:36:19 +0800] "GET /xingrg/all/function/internal_message.html?_=1677202590453&CODE_STATE=getMsg HTTP/1.1" 200 27
180.164.3.199 - - [24/Feb/2023:09:36:19 +0800] "GET /xingrg/kc/buy/cgsh_order_operate.html?command=get_materiel&rest_code=00108&code=00101019272&supplier_code=00100593&order_time=2023-02-24 HTTP/1.1" 200 482
58.221.95.50 - - [24/Feb/2023:09:36:20 +0800] "GET /xingrg/all/function/internal_message.html?_=1677202591675&CODE_STATE=getMsg HTTP/1.1" 200 27
114.83.222.182 - - [24/Feb/2023:09:36:23 +0800] "GET /favicon.ico HTTP/1.1" 404 -
116.192.124.172 - - [24/Feb/2023:09:36:26 +0800] "GET /xingrg/all/function/internal_message.html?_=1677202620144&CODE_STATE=getMsg HTTP/1.1" 200 27
180.163.29.234 - - [24/Feb/2023:09:36:30 +0800] "GET /xingrg/kc/print/load_data.html?order_code=212023022408387&kc_code=cgsh HTTP/1.1" 302 -
180.163.29.234 - - [24/Feb/2023:09:36:30 +0800] "GET /xingrg/login.html HTTP/1.1" 200 7641
180.164.3.199 - - [24/Feb/2023:09:36:31 +0800] "POST /xingrg/kc/buy/cgsh_order_operate.html HTTP/1.1" 200 37
222.70.177.73 - - [24/Feb/2023:09:36:32 +0800] "GET /xingrg/all/function/internal_message.html?_=1677202600445&CODE_STATE=getMsg HTTP/1.1" 200 27
222.70.221.209 - - [24/Feb/2023:09:36:32 +0800] "GET /xingrg/all/function/internal_message.html?_=1677202570845&CODE_STATE=getMsg HTTP/1.1" 200 27
222.70.221.209 - - [24/Feb/2023:09:36:33 +0800] "GET /xingrg/check_reg.html?_=1677202571016 HTTP/1.1" 200 22
180.164.3.199 - - [24/Feb/2023:09:36:33 +0800] "POST /xingrg/kc/buy/cgsh_order_operate.html HTTP/1.1" 200 13365
180.164.3.199 - - [24/Feb/2023:09:36:34 +0800] "GET /xingrg/kc/print/load_data.html?order_code=212023022408399&kc_code=cgsh&condition= HTTP/1.1" 200 4750
116.238.139.35 - - [24/Feb/2023:09:36:37 +0800] "GET /xingrg/all/function/internal_message.html?_=1677202536270&CODE_STATE=getMsg HTTP/1.1" 200 27
120.253.135.82 - - [24/Feb/2023:09:36:39 +0800] "GET /xingrg/all/function/internal_message.html?_=1677202432738&CODE_STATE=getMsg HTTP/1.1" 200 27
116.231.61.125 - - [24/Feb/2023:09:36:41 +0800] "GET /favicon.ico HTTP/1.1" 404 -
116.231.61.125 - - [24/Feb/2023:09:36:45 +0800] "GET /xingrg/javascript/jquery_easy_ui/themes/default/images/tabs_close.gif HTTP/1.1" 200 829
116.231.61.125 - - [24/Feb/2023:09:36:45 +0800] "GET /xingrg/system/sys_right.html HTTP/1.1" 200 10939
116.231.61.125 - - [24/Feb/2023:09:36:45 +0800] "GET /xingrg/dwr/interface/AjaxSystemService.js HTTP/1.1" 200 13657
116.231.61.125 - - [24/Feb/2023:09:36:45 +0800] "GET /xingrg/css/blue.css HTTP/1.1" 200 15949
116.231.61.125 - - [24/Feb/2023:09:36:46 +0800] "GET /xingrg/javascript/myfunction.js HTTP/1.1" 200 24559
116.231.61.125 - - [24/Feb/2023:09:36:46 +0800] "GET /xingrg/dwr/util.js HTTP/1.1" 200 35990
116.231.61.125 - - [24/Feb/2023:09:36:46 +0800] "GET /xingrg/javascript/pic_change.js HTTP/1.1" 200 4739
116.231.61.125 - - [24/Feb/2023:09:36:46 +0800] "GET /xingrg/dwr/engine.js HTTP/1.1" 200 43631
116.231.61.125 - - [24/Feb/2023:09:36:46 +0800] "GET /xingrg/javascript/ToolTips.js HTTP/1.1" 200 5615
116.231.61.125 - - [24/Feb/2023:09:36:46 +0800] "GET /xingrg/images/blue/tyydxt.png HTTP/1.1" 200 5622
116.231.61.125 - - [24/Feb/2023:09:36:46 +0800] "GET /xingrg/images/blue/xtyhgl.png HTTP/1.1" 200 3198
116.231.61.125 - - [24/Feb/2023:09:36:46 +0800] "GET /xingrg/images/blue/ygxx.png HTTP/1.1" 200 2850
116.231.61.125 - - [24/Feb/2023:09:36:46 +0800] "GET /xingrg/images/blue/xtjssz.png HTTP/1.1" 200 3013
116.231.61.125 - - [24/Feb/2023:09:36:46 +0800] "GET /xingrg/images/blue/zxyhgl.png HTTP/1.1" 200 3025
116.231.61.125 - - [24/Feb/2023:09:36:46 +0800] "GET /xingrg/images/blue/rjxxgl.png HTTP/1.1" 200 1509
116.231.61.125 - - [24/Feb/2023:09:36:46 +0800] "GET /xingrg/images/blue/khdxgl.png HTTP/1.1" 200 3777
116.231.61.125 - - [24/Feb/2023:09:36:46 +0800] "GET /xingrg/images/blue/cy_cpzs.png HTTP/1.1" 200 2732
116.231.61.125 - - [24/Feb/2023:09:36:46 +0800] "GET /xingrg/images/blue/logsz.png HTTP/1.1" 200 2214
116.231.61.125 - - [24/Feb/2023:09:36:46 +0800] "GET /xingrg/images/blue/jcsz.png HTTP/1.1" 200 3405
116.231.61.125 - - [24/Feb/2023:09:36:46 +0800] "GET /xingrg/images/blue/webjbsz.png HTTP/1.1" 200 1449
222.70.246.11 - - [24/Feb/2023:09:36:46 +0800] "GET /xingrg/all/function/internal_message.html?_=1677202634102&CODE_STATE=getMsg HTTP/1.1" 200 27
116.231.61.125 - - [24/Feb/2023:09:36:48 +0800] "GET /xingrg/system/client/station.html HTTP/1.1" 200 5729
116.231.61.125 - - [24/Feb/2023:09:36:48 +0800] "GET /xingrg/dwr/interface/AjaxClientInfoService.js HTTP/1.1" 200 11196
116.231.61.125 - - [24/Feb/2023:09:36:48 +0800] "GET /xingrg/javascript/Grid.js HTTP/1.1" 200 58908
116.231.61.125 - - [24/Feb/2023:09:36:48 +0800] "GET /xingrg/javascript/Calendar.js HTTP/1.1" 200 31561
116.231.61.125 - - [24/Feb/2023:09:36:48 +0800] "GET /xingrg/javascript/jquery_easy_ui/themes/icons/back_new.png HTTP/1.1" 200 3414
116.231.61.125 - - [24/Feb/2023:09:36:50 +0800] "GET /xingrg/javascript/jquery_easy_ui/themes/default/images/button_plain_hover.png HTTP/1.1" 200 252
114.83.222.182 - - [24/Feb/2023:09:36:50 +0800] "GET /xingrg/login.html HTTP/1.1" 200 7641
116.231.61.125 - - [24/Feb/2023:09:36:51 +0800] "GET /xingrg/system/info/info_main.html HTTP/1.1" 200 1898
116.231.61.125 - - [24/Feb/2023:09:36:51 +0800] "GET /xingrg/images/blue/ygxx.gif HTTP/1.1" 200 2468
114.83.222.182 - - [24/Feb/2023:09:36:51 +0800] "GET /favicon.ico HTTP/1.1" 404 -
180.157.253.110 - - [24/Feb/2023:09:36:52 +0800] "GET /xingrg/check_reg.html?_=1677202622489 HTTP/1.1" 200 22
114.83.222.182 - - [24/Feb/2023:09:36:52 +0800] "POST /xingrg/login.do HTTP/1.1" 302 -
114.83.222.182 - - [24/Feb/2023:09:36:52 +0800] "GET /xingrg/index.html?sysBaseUrl=http%3A%2F%2F180.169.147.146%3A18081%2Fxingrg%2F&costTime=40×tamp=1677202612810 HTTP/1.1" 200 17179
114.83.222.182 - - [24/Feb/2023:09:36:52 +0800] "GET /favicon.ico HTTP/1.1" 404 -
116.231.61.125 - - [24/Feb/2023:09:36:52 +0800] "GET /xingrg/system/sys_right.html HTTP/1.1" 200 10939
116.231.61.125 - - [24/Feb/2023:09:36:52 +0800] "GET /xingrg/dwr/interface/AjaxSystemService.js HTTP/1.1" 200 13657
114.83.222.182 - - [24/Feb/2023:09:36:52 +0800] "POST /xingrg/all/common/load_tree.html?tree=area_rest_tree_json&manage=1 HTTP/1.1" 200 351
