116.225.84.253 - - [24/Feb/2023:10:47:46 +0800] "GET /xingrg/javascript/easyui/themes/icons/edit_remove.png HTTP/1.1" 304 -
116.225.84.253 - - [24/Feb/2023:10:47:46 +0800] "GET /xingrg/javascript/easyui/plugins/jquery.numberbox.js HTTP/1.1" 304 -
180.164.3.199 - - [24/Feb/2023:10:47:46 +0800] "GET /xingrg/check_reg.html?_=1677206875529 HTTP/1.1" 200 22
116.225.84.253 - - [24/Feb/2023:10:47:48 +0800] "GET /xingrg/javascript/auto/indicator.gif HTTP/1.1" 404 1066
114.84.144.141 - - [24/Feb/2023:10:47:51 +0800] "GET /xingrg/check_reg.html?_=1677206440244 HTTP/1.1" 200 22
222.70.177.73 - - [24/Feb/2023:10:47:51 +0800] "GET /xingrg/kc/base/wldb_order_operate.html?command=get_materiel&rest_code=00111&base_code=0010306&code=00102001111 HTTP/1.1" 200 440
116.192.124.172 - - [24/Feb/2023:10:47:51 +0800] "GET /xingrg/kc/buy/cgsh_order_operate.html?command=get_materiel&rest_code=00102&code=00101008264&supplier_code=00100008&order_time=2023-02-24 HTTP/1.1" 200 412
116.238.139.35 - - [24/Feb/2023:10:47:52 +0800] "GET /xingrg/all/function/internal_message.html?_=1677206883889&CODE_STATE=getMsg HTTP/1.1" 200 27
114.83.222.182 - - [24/Feb/2023:10:47:52 +0800] "GET /xingrg/all/function/internal_message.html?_=1677206937152&CODE_STATE=getMsg HTTP/1.1" 200 27
116.224.106.218 - - [24/Feb/2023:10:47:53 +0800] "GET /xingrg/all/function/internal_message.html?_=1677206880877&CODE_STATE=getMsg HTTP/1.1" 200 27
222.70.177.73 - - [24/Feb/2023:10:47:56 +0800] "GET /xingrg/kc/base/wldb_order_operate.html?command=get_materiel&rest_code=00111&base_code=0010306&code=00102001046 HTTP/1.1" 200 440
101.229.22.234 - - [24/Feb/2023:10:47:58 +0800] "GET /xingrg/all/function/internal_message.html?_=1677206887794&CODE_STATE=getMsg HTTP/1.1" 200 27
222.70.177.73 - - [24/Feb/2023:10:48:00 +0800] "POST /xingrg/all/user/operate.html HTTP/1.1" 200 36
222.70.177.73 - - [24/Feb/2023:10:48:00 +0800] "GET /xingrg/index.html?sysBaseUrl=http%3A%2F%2F180.169.147.146%3A18081%2Fxingrg%2F&costTime=68×tamp=1677206857618 HTTP/1.1" 200 17509
222.70.177.73 - - [24/Feb/2023:10:48:00 +0800] "GET /xingrg/javascript/jquery_easy_ui/themes/default/easyui.css HTTP/1.1" 304 -
222.70.177.73 - - [24/Feb/2023:10:48:00 +0800] "GET /xingrg/javascript/jquery_easy_ui/themes/icon.css HTTP/1.1" 304 -
222.70.177.73 - - [24/Feb/2023:10:48:00 +0800] "GET /xingrg/css/form.css HTTP/1.1" 304 -
222.70.177.73 - - [24/Feb/2023:10:48:00 +0800] "GET /xingrg/javascript/jquery-1.4.2.min.js HTTP/1.1" 304 -
222.70.177.73 - - [24/Feb/2023:10:48:00 +0800] "GET /xingrg/javascript/jquery_easy_ui/jquery.easyui.min.js HTTP/1.1" 304 -
222.70.177.73 - - [24/Feb/2023:10:48:00 +0800] "GET /xingrg/javascript/jquery_easy_ui/easyui-lang-zh_CN.js HTTP/1.1" 304 -
222.70.177.73 - - [24/Feb/2023:10:48:00 +0800] "GET /xingrg/javascript/jquery.form.js HTTP/1.1" 304 -
222.70.177.73 - - [24/Feb/2023:10:48:00 +0800] "GET /xingrg/javascript/jquery.utils.js HTTP/1.1" 304 -
222.70.177.73 - - [24/Feb/2023:10:48:00 +0800] "GET /xingrg/javascript/jquery.timers.js HTTP/1.1" 304 -
222.70.177.73 - - [24/Feb/2023:10:48:00 +0800] "GET /xingrg/images/blue/jxLogo.png HTTP/1.1" 304 -
222.70.177.73 - - [24/Feb/2023:10:48:00 +0800] "GET /xingrg/images/blue/navBackgound.jpg HTTP/1.1" 304 -
222.70.177.73 - - [24/Feb/2023:10:48:00 +0800] "GET /xingrg/javascript/jquery_easy_ui/themes/icons/settle_new.png HTTP/1.1" 304 -
222.70.177.73 - - [24/Feb/2023:10:48:00 +0800] "POST /xingrg/all/common/load_tree.html?tree=area_rest_tree_json&manage=1 HTTP/1.1" 200 591
222.70.177.73 - - [24/Feb/2023:10:48:01 +0800] "GET /xingrg/check_reg.html?_=1677206889892 HTTP/1.1" 200 22
222.70.177.73 - - [24/Feb/2023:10:48:01 +0800] "GET /xingrg/all/function/internal_message.html?_=1677206889888&CODE_STATE=count HTTP/1.1" 200 11
222.70.177.73 - - [24/Feb/2023:10:48:01 +0800] "GET /xingrg/javascript/jquery_easy_ui/themes/default/images/tabs_rightarrow.png HTTP/1.1" 304 -
222.70.177.73 - - [24/Feb/2023:10:48:01 +0800] "GET /xingrg/javascript/jquery_easy_ui/themes/default/images/tabs_leftarrow.png HTTP/1.1" 304 -
222.70.177.73 - - [24/Feb/2023:10:48:01 +0800] "GET /xingrg/javascript/jquery_easy_ui/themes/default/images/panel_tool_collapse.gif HTTP/1.1" 304 -
222.70.177.73 - - [24/Feb/2023:10:48:01 +0800] "GET /xingrg/images/blue/pingpu.png HTTP/1.1" 304 -
222.70.177.73 - - [24/Feb/2023:10:48:01 +0800] "GET /xingrg/javascript/jquery_easy_ui/themes/default/images/panel_tool_expand.gif HTTP/1.1" 304 -
222.70.177.73 - - [24/Feb/2023:10:48:01 +0800] "POST /xingrg/load_menu.html HTTP/1.1" 200 9959
114.83.216.147 - - [24/Feb/2023:10:48:02 +0800] "GET /xingrg/all/function/internal_message.html?_=1677206890718&CODE_STATE=getMsg HTTP/1.1" 200 27
116.192.124.172 - - [24/Feb/2023:10:48:03 +0800] "GET /xingrg/kc/buy/cgsh_order_operate.html?command=get_materiel&rest_code=00102&code=00101008356&supplier_code=00100008&order_time=2023-02-24 HTTP/1.1" 200 408
222.70.177.73 - - [24/Feb/2023:10:48:04 +0800] "GET /xingrg/kc/base/wldb_order_operate.html?command=get_materiel&rest_code=00111&base_code=0010306&code=00102001105 HTTP/1.1" 200 434
116.225.84.253 - - [24/Feb/2023:10:48:07 +0800] "GET /xingrg/all/function/internal_message.html?_=1677206897724&CODE_STATE=getMsg HTTP/1.1" 200 27
180.164.3.199 - - [24/Feb/2023:10:48:08 +0800] "POST /xingrg/kc/mdqp/pssh_order_operate.html HTTP/1.1" 200 37
180.164.3.199 - - [24/Feb/2023:10:48:09 +0800] "POST /xingrg/kc/mdqp/pssh_order_operate.html HTTP/1.1" 200 12
222.70.177.73 - - [24/Feb/2023:10:48:09 +0800] "POST /xingrg/kc/base/wldb_order_operate.html HTTP/1.1" 200 37
222.70.177.73 - - [24/Feb/2023:10:48:10 +0800] "POST /xingrg/kc/base/wldb_order_operate.html HTTP/1.1" 200 3135
116.225.84.253 - - [24/Feb/2023:10:48:10 +0800] "GET /xingrg/kc/base/wldb_order_operate.html?command=get_materiel&rest_code=00105&base_code=0010507&code=00101019133 HTTP/1.1" 200 480
222.70.177.73 - - [24/Feb/2023:10:48:12 +0800] "GET /xingrg/kc/base/wldb_order_info.html?code=422023022401815 HTTP/1.1" 200 30395
222.70.177.73 - - [24/Feb/2023:10:48:13 +0800] "GET /xingrg/javascript/easyui/themes/default/validatebox.css HTTP/1.1" 404 1104
116.192.124.172 - - [24/Feb/2023:10:48:13 +0800] "GET /xingrg/kc/buy/cgsh_order_operate.html?command=get_materiel&rest_code=00102&code=00101008024&supplier_code=00100008&order_time=2023-02-24 HTTP/1.1" 200 408
222.70.177.73 - - [24/Feb/2023:10:48:13 +0800] "POST /xingrg/kc/base/wldb_order_operate.html HTTP/1.1" 200 3135
180.164.3.199 - - [24/Feb/2023:10:48:13 +0800] "GET /xingrg/kc/mdqp/pssh_order_info.html?code=312023022200519 HTTP/1.1" 200 14396
180.164.3.199 - - [24/Feb/2023:10:48:13 +0800] "GET /xingrg/words/20230224103522_words.js HTTP/1.1" 304 -
180.164.3.199 - - [24/Feb/2023:10:48:13 +0800] "GET /xingrg/javascript/jquery_tools/jquery-1.4.2.min.js HTTP/1.1" 404 1094
180.164.3.199 - - [24/Feb/2023:10:48:14 +0800] "GET /xingrg/javascript/easyui/themes/icons/uncheck_new.png HTTP/1.1" 200 3197
180.164.3.199 - - [24/Feb/2023:10:48:14 +0800] "POST /xingrg/kc/mdqp/pssh_order_operate.html HTTP/1.1" 200 3619
180.164.3.199 - - [24/Feb/2023:10:48:14 +0800] "GET /xingrg/javascript/easyui/themes/default/validatebox.css HTTP/1.1" 404 1104
222.70.177.73 - - [24/Feb/2023:10:48:14 +0800] "GET /xingrg/kc/base/wldb_order_add.html HTTP/1.1" 200 30381
222.70.177.73 - - [24/Feb/2023:10:48:15 +0800] "POST /xingrg/kc/base/wldb_order_operate.html HTTP/1.1" 200 6806
222.70.177.73 - - [24/Feb/2023:10:48:15 +0800] "GET /xingrg/javascript/easyui/themes/default/validatebox.css HTTP/1.1" 404 1104
180.164.3.199 - - [24/Feb/2023:10:48:15 +0800] "GET /xingrg/kc/mdqp/pssh_order_list.html?isBack=1 HTTP/1.1" 200 17964
180.164.3.199 - - [24/Feb/2023:10:48:15 +0800] "POST /xingrg/kc/mdqp/pssh_list_operate.html HTTP/1.1" 200 5226
180.164.3.199 - - [24/Feb/2023:10:48:19 +0800] "GET /xingrg/kc/buy/cgsh_order_list.html HTTP/1.1" 200 54141
58.221.95.50 - - [24/Feb/2023:10:48:20 +0800] "GET /xingrg/all/function/internal_message.html?_=1677206911680&CODE_STATE=getMsg HTTP/1.1" 200 27
116.192.124.172 - - [24/Feb/2023:10:48:21 +0800] "GET /xingrg/kc/buy/cgsh_order_operate.html?command=get_materiel&rest_code=00102&code=00101008300&supplier_code=00100008&order_time=2023-02-24 HTTP/1.1" 200 412
180.164.3.199 - - [24/Feb/2023:10:48:21 +0800] "POST /xingrg/kc/buy/cgsh_list_operate.html HTTP/1.1" 200 6257
116.192.124.172 - - [24/Feb/2023:10:48:22 +0800] "POST /xingrg/kc/buy/cgsh_order_operate.html HTTP/1.1" 200 2065
222.70.177.73 - - [24/Feb/2023:10:48:26 +0800] "GET /xingrg/kc/base/wldb_order_operate.html?command=get_materiel&rest_code=00111&base_code=0010290&code=00101025014 HTTP/1.1" 200 463
116.192.124.172 - - [24/Feb/2023:10:48:28 +0800] "GET /xingrg/kc/buy/cgsh_order_operate.html?command=get_materiel&rest_code=00102&code=00101008251&supplier_code=00100008&order_time=2023-02-24 HTTP/1.1" 200 408
116.225.84.253 - - [24/Feb/2023:10:48:28 +0800] "POST /xingrg/kc/base/wldb_order_operate.html HTTP/1.1" 200 37
180.169.147.146 - - [24/Feb/2023:10:48:28 +0800] "GET /xingrg/check_reg.html?_=1677206917899 HTTP/1.1" 200 22
180.169.147.146 - - [24/Feb/2023:10:48:28 +0800] "GET /xingrg/all/function/internal_message.html?_=1677206917902&CODE_STATE=getMsg HTTP/1.1" 200 27
180.164.3.199 - - [24/Feb/2023:10:48:28 +0800] "POST /xingrg/kc/buy/cgsh_list_operate.html HTTP/1.1" 200 6387
116.225.84.253 - - [24/Feb/2023:10:48:28 +0800] "POST /xingrg/kc/base/wldb_order_operate.html HTTP/1.1" 200 2223
222.70.246.11 - - [24/Feb/2023:10:48:28 +0800] "GET /xingrg/all/function/internal_message.html?_=1677206936828&CODE_STATE=getMsg HTTP/1.1" 200 27
116.225.84.253 - - [24/Feb/2023:10:48:29 +0800] "GET /xingrg/kc/base/wldb_order_info.html?code=422023022401816 HTTP/1.1" 200 30395
124.79.240.233 - - [24/Feb/2023:10:48:29 +0800] "GET /xingrg/all/function/internal_message.html?_=1677207166289&CODE_STATE=getMsg HTTP/1.1" 200 27
116.225.84.253 - - [24/Feb/2023:10:48:29 +0800] "GET /xingrg/javascript/easyui/themes/default/validatebox.css HTTP/1.1" 404 1104
116.225.84.253 - - [24/Feb/2023:10:48:30 +0800] "POST /xingrg/kc/base/wldb_order_operate.html HTTP/1.1" 200 2223
222.70.221.209 - - [24/Feb/2023:10:48:31 +0800] "GET /xingrg/all/function/internal_message.html?_=1677206889676&CODE_STATE=getMsg HTTP/1.1" 200 27
222.70.177.73 - - [24/Feb/2023:10:48:32 +0800] "GET /xingrg/all/function/internal_message.html?_=1677206920559&CODE_STATE=getMsg HTTP/1.1" 200 27
114.84.144.141 - - [24/Feb/2023:10:48:33 +0800] "GET /xingrg/all/function/internal_message.html?_=1677206482248&CODE_STATE=getMsg HTTP/1.1" 200 27
180.164.3.199 - - [24/Feb/2023:10:48:35 +0800] "POST /xingrg/kc/buy/cgsh_list_operate.html HTTP/1.1" 200 6394
116.192.124.172 - - [24/Feb/2023:10:48:35 +0800] "GET /xingrg/kc/buy/cgsh_order_operate.html?command=get_materiel&rest_code=00102&code=00101008077&supplier_code=00100008&order_time=2023-02-24 HTTP/1.1" 200 416
116.225.84.253 - - [24/Feb/2023:10:48:36 +0800] "GET /xingrg/all/function/internal_message.html?_=1677206770712&CODE_STATE=getMsg HTTP/1.1" 200 27
120.253.135.82 - - [24/Feb/2023:10:48:36 +0800] "GET /xingrg/check_reg.html?_=1677206749458 HTTP/1.1" 200 22
120.253.135.82 - - [24/Feb/2023:10:48:36 +0800] "GET /xingrg/all/function/internal_message.html?_=1677206749770&CODE_STATE=getMsg HTTP/1.1" 200 27
180.164.3.199 - - [24/Feb/2023:10:48:37 +0800] "POST /xingrg/kc/buy/cgsh_list_operate.html HTTP/1.1" 200 709
180.164.3.199 - - [24/Feb/2023:10:48:38 +0800] "GET /xingrg/kc/buy/cgsh_order_info.html?code=212023022308035 HTTP/1.1" 200 70047
180.164.3.199 - - [24/Feb/2023:10:48:38 +0800] "GET /xingrg/javascript/easyui/themes/default/validatebox.css HTTP/1.1" 404 1104
180.164.3.199 - - [24/Feb/2023:10:48:39 +0800] "POST /xingrg/kc/buy/cgsh_order_operate.html HTTP/1.1" 200 8350
116.192.124.172 - - [24/Feb/2023:10:48:40 +0800] "GET /xingrg/kc/buy/cgsh_order_list.html HTTP/1.1" 200 54131
116.238.139.35 - - [24/Feb/2023:10:48:40 +0800] "GET /xingrg/all/function/internal_message.html?_=1677206859292&CODE_STATE=getMsg HTTP/1.1" 200 27
116.192.124.172 - - [24/Feb/2023:10:48:41 +0800] "POST /xingrg/kc/buy/cgsh_list_operate.html HTTP/1.1" 200 986
116.192.124.172 - - [24/Feb/2023:10:48:43 +0800] "GET /xingrg/kc/buy/cgsh_order_operate.html?command=get_materiel&rest_code=00102&code=00101008161&supplier_code=00100008&order_time=2023-02-24 HTTP/1.1" 200 409
222.70.177.73 - - [24/Feb/2023:10:48:44 +0800] "GET /xingrg/kc/base/wldb_order_operate.html?command=get_materiel&rest_code=00111&base_code=0010290&code=00101025033 HTTP/1.1" 200 465
222.70.177.73 - - [24/Feb/2023:10:48:44 +0800] "GET /xingrg/kc/buy/buy_main.html HTTP/1.1" 200 12412
222.70.177.73 - - [24/Feb/2023:10:48:44 +0800] "GET /xingrg/css/new_ie.css HTTP/1.1" 404 1036
222.70.177.73 - - [24/Feb/2023:10:48:44 +0800] "GET /xingrg/javascript/ToolTips.js HTTP/1.1" 200 5615
222.70.177.73 - - [24/Feb/2023:10:48:44 +0800] "GET /xingrg/javascript/jquery_ui/jquery-ui.min.js HTTP/1.1" 200 186181
222.70.177.73 - - [24/Feb/2023:10:48:44 +0800] "GET /xingrg/images/blue/button/cgxqd.gif HTTP/1.1" 200 2619
222.70.177.73 - - [24/Feb/2023:10:48:44 +0800] "GET /xingrg/images/blue/button/cgydd.gif HTTP/1.1" 200 2712
222.70.177.73 - - [24/Feb/2023:10:48:44 +0800] "GET /xingrg/images/blue/button/cgshd.gif HTTP/1.1" 200 2618
222.70.177.73 - - [24/Feb/2023:10:48:44 +0800] "GET /xingrg/images/blue/button/cgfkd.gif HTTP/1.1" 200 2075
222.70.177.73 - - [24/Feb/2023:10:48:44 +0800] "GET /xingrg/images/blue/button/ckthd.gif HTTP/1.1" 200 2045
222.70.177.73 - - [24/Feb/2023:10:48:44 +0800] "GET /xingrg/images/blue/button/kc.gif HTTP/1.1" 200 2160
222.70.177.73 - - [24/Feb/2023:10:48:44 +0800] "GET /xingrg/images/blue/pic_form2.gif HTTP/1.1" 200 1853
222.70.177.73 - - [24/Feb/2023:10:48:44 +0800] "GET /xingrg/images/blue/button/down_ah.jpg HTTP/1.1" 200 1732
222.70.177.73 - - [24/Feb/2023:10:48:44 +0800] "GET /xingrg/images/blue/button/right_ah.jpg HTTP/1.1" 200 1744
222.70.177.73 - - [24/Feb/2023:10:48:44 +0800] "GET /xingrg/javascript/jquery_ui/themes/humanity/images/ui-bg_inset-soft_100_f4f0ec_1x100.png HTTP/1.1" 200 141
222.70.177.73 - - [24/Feb/2023:10:48:44 +0800] "GET /xingrg/images/blue/bg_dotted.jpg HTTP/1.1" 200 319
222.70.177.73 - - [24/Feb/2023:10:48:44 +0800] "GET /xingrg/javascript/jquery_ui/themes/humanity/images/ui-bg_glass_70_ede4d4_1x400.png HTTP/1.1" 200 161
222.70.177.73 - - [24/Feb/2023:10:48:44 +0800] "GET /xingrg/javascript/jquery_ui/themes/humanity/images/ui-iconsnew.jpg HTTP/1.1" 200 337
222.70.177.73 - - [24/Feb/2023:10:48:44 +0800] "GET /xingrg/javascript/jquery_ui/themes/humanity/images/ui-icons_ffffff_256x240.png HTTP/1.1" 200 4369
222.70.177.73 - - [24/Feb/2023:10:48:44 +0800] "GET /xingrg/javascript/jquery_ui/themes/humanity/images/ui-icons_c47a23_256x240.png HTTP/1.1" 200 5355
116.192.124.172 - - [24/Feb/2023:10:48:45 +0800] "GET /xingrg/all/function/internal_message.html?_=1677206958981&CODE_STATE=getMsg HTTP/1.1" 200 27
116.192.124.172 - - [24/Feb/2023:10:48:45 +0800] "GET /xingrg/check_reg.html?_=1677206958984 HTTP/1.1" 200 22
116.225.84.253 - - [24/Feb/2023:10:48:45 +0800] "GET /xingrg/kc/base/wldb_order_add.html HTTP/1.1" 200 30381
116.225.84.253 - - [24/Feb/2023:10:48:45 +0800] "POST /xingrg/kc/base/wldb_order_operate.html HTTP/1.1" 200 6806
116.225.84.253 - - [24/Feb/2023:10:48:45 +0800] "GET /xingrg/words/20230224103522_words.js HTTP/1.1" 304 -
116.225.84.253 - - [24/Feb/2023:10:48:45 +0800] "GET /xingrg/javascript/easyui/themes/default/validatebox.css HTTP/1.1" 404 1104
222.70.177.73 - - [24/Feb/2023:10:48:51 +0800] "GET /xingrg/kc/base/wldb_order_operate.html?command=get_materiel&rest_code=00111&base_code=0010290&code=00101025034 HTTP/1.1" 200 465
116.192.124.172 - - [24/Feb/2023:10:48:51 +0800] "GET /xingrg/kc/buy/cgsh_order_operate.html?command=get_materiel&rest_code=00102&code=00101008230&supplier_code=00100008&order_time=2023-02-24 HTTP/1.1" 200 408
116.238.139.35 - - [24/Feb/2023:10:48:52 +0800] "GET /xingrg/all/function/internal_message.html?_=1677206943861&CODE_STATE=getMsg HTTP/1.1" 200 27
114.83.222.182 - - [24/Feb/2023:10:48:52 +0800] "GET /xingrg/all/function/internal_message.html?_=1677206997148&CODE_STATE=getMsg HTTP/1.1" 200 27
116.224.106.218 - - [24/Feb/2023:10:48:53 +0800] "GET /xingrg/all/function/internal_message.html?_=1677206940849&CODE_STATE=getMsg HTTP/1.1" 200 27
222.70.177.73 - - [24/Feb/2023:10:48:54 +0800] "GET /xingrg/kc/report/report_main.html HTTP/1.1" 200 7340
222.70.177.73 - - [24/Feb/2023:10:48:55 +0800] "GET /xingrg/kc/base/kc_stocks.html HTTP/1.1" 200 16512
222.70.177.73 - - [24/Feb/2023:10:48:55 +0800] "GET /xingrg/javascript/easyui/themes/default/tree.css HTTP/1.1" 404 1090
222.70.177.73 - - [24/Feb/2023:10:48:55 +0800] "GET /xingrg/all/common/auto_word.html?type=base&rest_code=00104 HTTP/1.1" 200 1849
222.70.177.73 - - [24/Feb/2023:10:48:55 +0800] "POST /xingrg/all/common/load_tree.html?tree=materiel_sort_tree_json HTTP/1.1" 200 9500
101.229.22.234 - - [24/Feb/2023:10:48:58 +0800] "GET /xingrg/all/function/internal_message.html?_=1677206947794&CODE_STATE=getMsg HTTP/1.1" 200 27
116.192.124.172 - - [24/Feb/2023:10:49:00 +0800] "GET /xingrg/kc/buy/cgsh_order_operate.html?command=get_materiel&rest_code=00102&code=00101008069&supplier_code=00100008&order_time=2023-02-24 HTTP/1.1" 200 412
222.70.177.73 - - [24/Feb/2023:10:49:01 +0800] "GET /xingrg/all/function/internal_message.html?_=1677206949920&CODE_STATE=getMsg HTTP/1.1" 200 27
116.192.124.172 - - [24/Feb/2023:10:49:02 +0800] "POST /xingrg/kc/buy/cgsh_order_operate.html HTTP/1.1" 200 2065
114.83.216.147 - - [24/Feb/2023:10:49:02 +0800] "GET /xingrg/all/function/internal_message.html?_=1677206950703&CODE_STATE=getMsg HTTP/1.1" 200 27
116.225.84.253 - - [24/Feb/2023:10:49:05 +0800] "GET /xingrg/kc/base/wldb_order_operate.html?command=get_materiel&rest_code=00105&base_code=0010507&code=00101019174 HTTP/1.1" 200 462
116.225.84.253 - - [24/Feb/2023:10:49:07 +0800] "GET /xingrg/all/function/internal_message.html?_=1677206957705&CODE_STATE=getMsg HTTP/1.1" 200 27
116.192.124.172 - - [24/Feb/2023:10:49:07 +0800] "GET /xingrg/kc/buy/cgsh_order_operate.html?command=get_materiel&rest_code=00102&code=00101008286&supplier_code=00100008&order_time=2023-02-24 HTTP/1.1" 200 408
222.70.177.73 - - [24/Feb/2023:10:49:10 +0800] "POST /xingrg/kc/base/stock_operate.html HTTP/1.1" 200 3921
124.78.152.179 - - [24/Feb/2023:10:49:10 +0800] "GET /xingrg/index.html?sysBaseUrl=http%3A%2F%2F180.169.147.146%3A18081%2Fxingrg%2F&costTime=40×tamp=1677200405328 HTTP/1.1" 200 17173
124.78.152.179 - - [24/Feb/2023:10:49:10 +0800] "GET /xingrg/login.html HTTP/1.1" 200 7641
180.169.147.146 - - [24/Feb/2023:10:49:11 +0800] "GET /xingrg/all/function/internal_message.html?_=1677206943520&CODE_STATE=getMsg HTTP/1.1" 302 -
180.169.147.146 - - [24/Feb/2023:10:49:11 +0800] "GET /xingrg/check_reg.html?_=1677206948634 HTTP/1.1" 302 -
180.169.147.146 - - [24/Feb/2023:10:49:11 +0800] "GET /xingrg/login.html HTTP/1.1" 200 7641
180.169.147.146 - - [24/Feb/2023:10:49:11 +0800] "GET /xingrg/login.html HTTP/1.1" 200 7641
124.78.152.179 - - [24/Feb/2023:10:49:11 +0800] "GET /favicon.ico HTTP/1.1" 404 -
116.192.124.172 - - [24/Feb/2023:10:49:15 +0800] "GET /xingrg/kc/buy/cgsh_order_operate.html?command=get_materiel&rest_code=00102&code=00101008131&supplier_code=00100008&order_time=2023-02-24 HTTP/1.1" 200 428
124.78.152.179 - - [24/Feb/2023:10:49:15 +0800] "POST /xingrg/login.do HTTP/1.1" 302 -
124.78.152.179 - - [24/Feb/2023:10:49:16 +0800] "POST /xingrg/login.do HTTP/1.1" 302 -
116.225.84.253 - - [24/Feb/2023:10:49:16 +0800] "GET /xingrg/kc/base/wldb_order_operate.html?command=get_materiel&rest_code=00105&base_code=0010507&code=00101013076 HTTP/1.1" 200 442
124.78.152.179 - - [24/Feb/2023:10:49:16 +0800] "GET /xingrg/index.html?sysBaseUrl=http%3A%2F%2F180.169.147.146%3A18081%2Fxingrg%2F&costTime=40×tamp=1677206956514 HTTP/1.1" 200 17173
124.78.152.179 - - [24/Feb/2023:10:49:19 +0800] "GET /favicon.ico HTTP/1.1" 404 -
124.78.152.179 - - [24/Feb/2023:10:49:19 +0800] "POST /xingrg/all/common/load_tree.html?tree=area_rest_tree_json&manage=1 HTTP/1.1" 200 342
124.78.152.179 - - [24/Feb/2023:10:49:19 +0800] "GET /xingrg/all/function/internal_message.html?_=1677206967417&CODE_STATE=count HTTP/1.1" 200 11
124.78.152.179 - - [24/Feb/2023:10:49:19 +0800] "GET /xingrg/check_reg.html?_=1677206967420 HTTP/1.1" 200 22
124.78.152.179 - - [24/Feb/2023:10:49:19 +0800] "POST /xingrg/load_menu.html HTTP/1.1" 200 5138
58.221.95.50 - - [24/Feb/2023:10:49:20 +0800] "GET /xingrg/check_reg.html?_=1677206971672 HTTP/1.1" 200 22
58.221.95.50 - - [24/Feb/2023:10:49:20 +0800] "GET /xingrg/all/function/internal_message.html?_=1677206971676&CODE_STATE=getMsg HTTP/1.1" 200 27
124.78.152.179 - - [24/Feb/2023:10:49:21 +0800] "GET /xingrg/kc/buy/buy_main.html HTTP/1.1" 200 12412
124.78.152.179 - - [24/Feb/2023:10:49:21 +0800] "GET /xingrg/css/new_ie.css HTTP/1.1" 404 1036
124.78.152.179 - - [24/Feb/2023:10:49:22 +0800] "GET /xingrg/images/yd/bt.gif HTTP/1.1" 404 1040
116.192.124.172 - - [24/Feb/2023:10:49:22 +0800] "GET /xingrg/kc/buy/cgsh_order_operate.html?command=get_materiel&rest_code=00102&code=00101008296&supplier_code=00100008&order_time=2023-02-24 HTTP/1.1" 200 416
124.78.152.179 - - [24/Feb/2023:10:49:22 +0800] "GET /xingrg/kc/buy/cgsh_order_list.html HTTP/1.1" 200 54131
124.78.152.179 - - [24/Feb/2023:10:49:24 +0800] "POST /xingrg/kc/buy/cgsh_list_operate.html HTTP/1.1" 200 986
116.225.84.253 - - [24/Feb/2023:10:49:26 +0800] "GET /xingrg/kc/base/wldb_order_operate.html?command=get_materiel&rest_code=00105&base_code=0010507&code=00101016019 HTTP/1.1" 200 451
180.169.147.146 - - [24/Feb/2023:10:49:28 +0800] "GET /xingrg/all/function/internal_message.html?_=1677206977894&CODE_STATE=getMsg HTTP/1.1" 200 27
222.70.246.11 - - [24/Feb/2023:10:49:29 +0800] "GET /xingrg/all/function/internal_message.html?_=1677206996843&CODE_STATE=getMsg HTTP/1.1" 200 27
124.79.240.233 - - [24/Feb/2023:10:49:29 +0800] "GET /xingrg/all/function/internal_message.html?_=1677207226303&CODE_STATE=getMsg HTTP/1.1" 200 27
124.79.240.233 - - [24/Feb/2023:10:49:29 +0800] "GET /xingrg/check_reg.html?_=1677207226305 HTTP/1.1" 200 22
124.78.152.179 - - [24/Feb/2023:10:49:29 +0800] "GET /xingrg/javascript/easyui/themes/default/tree.css HTTP/1.1" 404 1090
124.78.152.179 - - [24/Feb/2023:10:49:29 +0800] "POST /xingrg/all/common/load_tree.html?tree=supplier_tree_json&manage=1 HTTP/1.1" 200 72908
116.192.124.172 - - [24/Feb/2023:10:49:30 +0800] "GET /xingrg/kc/buy/cgsh_order_operate.html?command=get_materiel&rest_code=00102&code=00101008318&supplier_code=00100008&order_time=2023-02-24 HTTP/1.1" 200 408
116.192.124.172 - - [24/Feb/2023:10:49:31 +0800] "GET /xingrg/kc/buy/cgsh_order_add.html HTTP/1.1" 200 69948
116.192.124.172 - - [24/Feb/2023:10:49:31 +0800] "GET /xingrg/words/20230224103522_words.js HTTP/1.1" 304 -
116.192.124.172 - - [24/Feb/2023:10:49:31 +0800] "POST /xingrg/kc/buy/cgsh_order_operate.html HTTP/1.1" 200 8245
116.192.124.172 - - [24/Feb/2023:10:49:31 +0800] "GET /xingrg/javascript/easyui/themes/default/validatebox.css HTTP/1.1" 404 1104
222.70.221.209 - - [24/Feb/2023:10:49:31 +0800] "GET /xingrg/all/function/internal_message.html?_=1677206949656&CODE_STATE=getMsg HTTP/1.1" 200 27
222.70.177.73 - - [24/Feb/2023:10:49:31 +0800] "POST /xingrg/kc/base/wldb_order_operate.html HTTP/1.1" 200 37
222.70.177.73 - - [24/Feb/2023:10:49:32 +0800] "POST /xingrg/kc/base/wldb_order_operate.html HTTP/1.1" 200 3210
114.84.144.141 - - [24/Feb/2023:10:49:33 +0800] "GET /xingrg/all/function/internal_message.html?_=1677206542218&CODE_STATE=getMsg HTTP/1.1" 200 27
222.70.177.73 - - [24/Feb/2023:10:49:35 +0800] "POST /xingrg/kc/base/stock_operate.html HTTP/1.1" 200 2250
116.225.84.253 - - [24/Feb/2023:10:49:36 +0800] "GET /xingrg/all/function/internal_message.html?_=1677206830735&CODE_STATE=getMsg HTTP/1.1" 200 27
222.70.177.73 - - [24/Feb/2023:10:49:36 +0800] "GET /xingrg/kc/base/wldb_order_info.html?code=422023022401817 HTTP/1.1" 200 30396
116.225.84.253 - - [24/Feb/2023:10:49:36 +0800] "GET /xingrg/kc/base/wldb_order_operate.html?command=get_materiel&rest_code=00105&base_code=0010507&code=00101019015 HTTP/1.1" 200 451
120.253.135.82 - - [24/Feb/2023:10:49:36 +0800] "GET /xingrg/all/function/internal_message.html?_=1677206809783&CODE_STATE=getMsg HTTP/1.1" 200 27
222.70.177.73 - - [24/Feb/2023:10:49:37 +0800] "GET /xingrg/javascript/easyui/themes/default/validatebox.css HTTP/1.1" 404 1104
222.70.177.73 - - [24/Feb/2023:10:49:37 +0800] "POST /xingrg/kc/base/wldb_order_operate.html HTTP/1.1" 200 3210
180.169.147.146 - - [24/Feb/2023:10:49:37 +0800] "GET /xingrg/kc/buy/buy_main.html HTTP/1.1" 302 -
180.169.147.146 - - [24/Feb/2023:10:49:37 +0800] "GET /xingrg/login.html HTTP/1.1" 200 7641
180.169.147.146 - - [24/Feb/2023:10:49:37 +0800] "GET /xingrg/login.html HTTP/1.1" 200 7641
180.169.147.146 - - [24/Feb/2023:10:49:38 +0800] "GET /favicon.ico HTTP/1.1" 404 -
124.78.152.179 - - [24/Feb/2023:10:49:39 +0800] "POST /xingrg/kc/buy/cgsh_list_operate.html HTTP/1.1" 200 6538
222.70.177.73 - - [24/Feb/2023:10:49:39 +0800] "GET /xingrg/kc/base/wldb_order_add.html HTTP/1.1" 200 30381
222.70.177.73 - - [24/Feb/2023:10:49:39 +0800] "POST /xingrg/kc/base/wldb_order_operate.html HTTP/1.1" 200 6806
180.169.147.146 - - [24/Feb/2023:10:49:39 +0800] "POST /xingrg/login.do HTTP/1.1" 302 -
180.169.147.146 - - [24/Feb/2023:10:49:39 +0800] "GET /xingrg/index.html?sysBaseUrl=http%3A%2F%2F180.169.147.146%3A18081%2Fxingrg%2F&costTime=44×tamp=1677206979774 HTTP/1.1" 200 17179
222.70.177.73 - - [24/Feb/2023:10:49:39 +0800] "GET /xingrg/javascript/easyui/themes/default/validatebox.css HTTP/1.1" 404 1104
180.169.147.146 - - [24/Feb/2023:10:49:39 +0800] "GET /favicon.ico HTTP/1.1" 404 -
180.169.147.146 - - [24/Feb/2023:10:49:39 +0800] "POST /xingrg/all/common/load_tree.html?tree=area_rest_tree_json&manage=1 HTTP/1.1" 200 351
180.169.147.146 - - [24/Feb/2023:10:49:39 +0800] "GET /xingrg/all/function/internal_message.html?_=1677206976968&CODE_STATE=count HTTP/1.1" 200 11
180.169.147.146 - - [24/Feb/2023:10:49:40 +0800] "GET /xingrg/check_reg.html?_=1677206976970 HTTP/1.1" 200 22
180.169.147.146 - - [24/Feb/2023:10:49:40 +0800] "POST /xingrg/load_menu.html HTTP/1.1" 200 5138
116.238.139.35 - - [24/Feb/2023:10:49:40 +0800] "GET /xingrg/all/function/internal_message.html?_=1677206919368&CODE_STATE=getMsg HTTP/1.1" 200 27
116.192.124.172 - - [24/Feb/2023:10:49:44 +0800] "GET /xingrg/kc/buy/cgsh_order_operate.html?command=get_materiel&rest_code=00102&code=00101008352&supplier_code=00100008&order_time=2023-02-24 HTTP/1.1" 200 414
124.78.152.179 - - [24/Feb/2023:10:49:44 +0800] "POST /xingrg/kc/buy/cgsh_list_operate.html HTTP/1.1" 200 351
222.70.177.73 - - [24/Feb/2023:10:49:44 +0800] "GET /xingrg/javascript/easyui/themes/sunny/images/ui-bg_gloss-wave_60_fece2f_500x100.png HTTP/1.1" 200 3512
116.192.124.172 - - [24/Feb/2023:10:49:45 +0800] "GET /xingrg/all/function/internal_message.html?_=1677207018981&CODE_STATE=getMsg HTTP/1.1" 200 27
116.225.84.253 - - [24/Feb/2023:10:49:45 +0800] "GET /xingrg/kc/base/wldb_order_operate.html?command=get_materiel&rest_code=00105&base_code=0010507&code=00101019542 HTTP/1.1" 200 448
124.78.152.179 - - [24/Feb/2023:10:49:46 +0800] "POST /xingrg/kc/buy/cgsh_list_operate.html HTTP/1.1" 200 199
180.171.130.78 - - [24/Feb/2023:10:49:46 +0800] "POST /xingrg/services/DataTransmitService HTTP/1.1" 200 524
116.192.124.172 - - [24/Feb/2023:10:49:47 +0800] "POST /xingrg/kc/buy/cgsh_order_operate.html HTTP/1.1" 200 2065
180.171.130.78 - - [24/Feb/2023:10:49:47 +0800] "POST /xingrg/services/DataTransmitService HTTP/1.1" 200 412
116.192.124.172 - - [24/Feb/2023:10:49:50 +0800] "GET /xingrg/javascript/easyui/plugins/jquery.draggable.js HTTP/1.1" 200 6121
116.192.124.172 - - [24/Feb/2023:10:49:50 +0800] "GET /xingrg/javascript/easyui/plugins/jquery.droppable.js HTTP/1.1" 200 1167
116.192.124.172 - - [24/Feb/2023:10:49:50 +0800] "GET /xingrg/javascript/easyui/themes/default/tree.css HTTP/1.1" 404 1090
116.192.124.172 - - [24/Feb/2023:10:49:50 +0800] "GET /xingrg/javascript/easyui/plugins/jquery.tree.js HTTP/1.1" 200 20874
116.192.124.172 - - [24/Feb/2023:10:49:50 +0800] "POST /xingrg/all/common/load_tree.html?tree=supplier_tree_json&isDelete=1 HTTP/1.1" 200 70983
222.70.177.73 - - [24/Feb/2023:10:49:51 +0800] "GET /xingrg/kc/base/wldb_order_operate.html?command=get_materiel&rest_code=00111&base_code=0010306&code=00102002410 HTTP/1.1" 200 438
116.192.124.172 - - [24/Feb/2023:10:49:51 +0800] "GET /xingrg/javascript/easyui/themes/default/images/tree_arrows.gif HTTP/1.1" 200 617
116.192.124.172 - - [24/Feb/2023:10:49:51 +0800] "GET /xingrg/javascript/easyui/themes/default/images/tree_folder_open.gif HTTP/1.1" 200 956
116.192.124.172 - - [24/Feb/2023:10:49:51 +0800] "GET /xingrg/javascript/easyui/themes/default/images/tree_folder.gif HTTP/1.1" 200 952
116.192.124.172 - - [24/Feb/2023:10:49:51 +0800] "GET /xingrg/javascript/easyui/themes/default/images/tree_file.gif HTTP/1.1" 200 118
116.192.124.172 - - [24/Feb/2023:10:49:52 +0800] "GET /xingrg/kc/buy/cgsh_order_operate.html?command=get_materiel&rest_code=00102&code=00101008005&supplier_code=00100008&order_time=2023-02-24 HTTP/1.1" 200 412
124.78.152.179 - - [24/Feb/2023:10:49:52 +0800] "POST /xingrg/kc/buy/cgsh_list_operate.html HTTP/1.1" 200 597
116.238.139.35 - - [24/Feb/2023:10:49:52 +0800] "GET /xingrg/all/function/internal_message.html?_=1677207003831&CODE_STATE=getMsg HTTP/1.1" 200 27
114.83.222.182 - - [24/Feb/2023:10:49:52 +0800] "GET /xingrg/all/function/internal_message.html?_=1677207057141&CODE_STATE=getMsg HTTP/1.1" 200 27
116.238.139.35 - - [24/Feb/2023:10:49:53 +0800] "GET /xingrg/check_reg.html?_=1677207004241 HTTP/1.1" 200 22
116.192.124.172 - - [24/Feb/2023:10:49:53 +0800] "GET /xingrg/check_reg.html?_=1677207003110 HTTP/1.1" 200 22
116.224.106.218 - - [24/Feb/2023:10:49:53 +0800] "GET /xingrg/all/function/internal_message.html?_=1677207000821&CODE_STATE=getMsg HTTP/1.1" 200 27
124.78.152.179 - - [24/Feb/2023:10:49:54 +0800] "GET /xingrg/kc/buy/cgsh_order_info.html?code=212023021605597 HTTP/1.1" 200 64807
222.70.177.73 - - [24/Feb/2023:10:49:54 +0800] "GET /xingrg/kc/base/stock_detail.html?m=00101034089 HTTP/1.1" 200 7363
124.78.152.179 - - [24/Feb/2023:10:49:54 +0800] "GET /xingrg/words/20230224103522_words.js HTTP/1.1" 200 948073
124.78.152.179 - - [24/Feb/2023:10:49:56 +0800] "POST /xingrg/kc/buy/cgsh_order_operate.html HTTP/1.1" 200 8401
116.225.84.253 - - [24/Feb/2023:10:49:56 +0800] "GET /xingrg/kc/base/wldb_order_operate.html?command=get_materiel&rest_code=00105&base_code=0010507&code=00101019222 HTTP/1.1" 200 454
101.229.22.234 - - [24/Feb/2023:10:49:58 +0800] "GET /xingrg/all/function/internal_message.html?_=1677207007797&CODE_STATE=getMsg HTTP/1.1" 200 27
124.78.152.179 - - [24/Feb/2023:10:49:58 +0800] "GET /xingrg/javascript/easyui/themes/default/validatebox.css HTTP/1.1" 404 1104
180.164.3.199 - - [24/Feb/2023:10:49:58 +0800] "GET /xingrg/kc/buy/cgsh_order_operate.html?command=get_materiel&rest_code=00108&code=00101027063&supplier_code=00100017&order_time=2023-02-23 HTTP/1.1" 200 467
116.192.124.172 - - [24/Feb/2023:10:50:00 +0800] "GET /xingrg/kc/buy/cgsh_order_operate.html?command=get_materiel&rest_code=00102&code=00101008353&supplier_code=00100008&order_time=2023-02-24 HTTP/1.1" 200 408
222.70.177.73 - - [24/Feb/2023:10:50:01 +0800] "GET /xingrg/all/function/internal_message.html?_=1677207009910&CODE_STATE=getMsg HTTP/1.1" 200 27
180.164.3.199 - - [24/Feb/2023:10:50:01 +0800] "POST /xingrg/all/common/load_select.html HTTP/1.1" 200 25
222.70.177.73 - - [24/Feb/2023:10:50:01 +0800] "GET /xingrg/kc/base/stock_operate.html?_=1677207010721&command=get_report_file&start_day=20200201 HTTP/1.1" 200 53
222.70.177.73 - - [24/Feb/2023:10:50:01 +0800] "GET /xingrg/all/report/report_query.html?isQuery=1&onlyBody=1&rh=2000&fileName=kc/base/kc_stock_detail_new.xml&queryString=(1=1)&queryText=&tableQueryString=init_table$sp1$$sp$crk_table$sp1$order_day%20between%2020200201%20and%2020230228&varString=start_day:20200201,materiel_code:00101034089,cost_id:2546,end_date:20200131 HTTP/1.1" 200 48701
222.70.177.73 - - [24/Feb/2023:10:50:02 +0800] "GET /xingrg/dwr/interface/AjaxReportQueryService.js HTTP/1.1" 200 13203
222.70.177.73 - - [24/Feb/2023:10:50:02 +0800] "GET /xingrg/dwr/engine.js HTTP/1.1" 200 43631
114.83.216.147 - - [24/Feb/2023:10:50:02 +0800] "GET /xingrg/all/function/internal_message.html?_=1677207010680&CODE_STATE=getMsg HTTP/1.1" 200 27
180.169.147.146 - - [24/Feb/2023:10:50:03 +0800] "GET /xingrg/kc/buy/buy_main.html HTTP/1.1" 200 12412
180.169.147.146 - - [24/Feb/2023:10:50:03 +0800] "GET /xingrg/css/new_ie.css HTTP/1.1" 404 1036
222.70.177.73 - - [24/Feb/2023:10:50:03 +0800] "POST /xingrg/all/report/load_report_page.html HTTP/1.1" 200 69182
222.70.177.73 - - [24/Feb/2023:10:50:03 +0800] "GET /xingrg/servlets/image?cache=0.023512066081168292&image=px HTTP/1.1" 200 807
180.169.147.146 - - [24/Feb/2023:10:50:05 +0800] "GET /xingrg/images/yd/bt.gif HTTP/1.1" 404 1040
180.164.3.199 - - [24/Feb/2023:10:50:06 +0800] "GET /xingrg/kc/buy/cgsh_order_operate.html?command=get_materiel_price&rest_code=00108&code=00101027063&unit_code=00100189&supplier_code=00100017&order_time=2023-02-23 HTTP/1.1" 200 27
116.192.124.172 - - [24/Feb/2023:10:50:07 +0800] "GET /xingrg/kc/buy/cgsh_order_operate.html?command=get_materiel&rest_code=00102&code=00101008213&supplier_code=00100008&order_time=2023-02-24 HTTP/1.1" 200 412
116.225.84.253 - - [24/Feb/2023:10:50:07 +0800] "GET /xingrg/all/function/internal_message.html?_=1677207017673&CODE_STATE=getMsg HTTP/1.1" 200 27
180.163.28.114 - - [24/Feb/2023:10:50:10 +0800] "GET /xingrg/index.html?sysBaseUrl=http://180.169.147.146:18081/xingrg/&costTime=40×tamp=1677200405328 HTTP/1.1" 302 -
180.163.28.114 - - [24/Feb/2023:10:50:10 +0800] "GET /xingrg/login.html HTTP/1.1" 200 7641
116.225.84.253 - - [24/Feb/2023:10:50:11 +0800] "GET /xingrg/kc/base/wldb_order_operate.html?command=get_materiel&rest_code=00105&base_code=0010507&code=00101019438 HTTP/1.1" 200 462
180.169.147.146 - - [24/Feb/2023:10:50:12 +0800] "GET /xingrg/kc/buy/cgsh_order_list.html HTTP/1.1" 200 54137
222.70.177.73 - - [24/Feb/2023:10:50:13 +0800] "GET /xingrg/kc/base/wldb_order_operate.html?command=get_materiel&rest_code=00111&base_code=0010306&code=00102001130 HTTP/1.1" 200 441
116.192.124.172 - - [24/Feb/2023:10:50:15 +0800] "GET /xingrg/kc/buy/cgsh_order_operate.html?command=get_materiel&rest_code=00102&code=00101008291&supplier_code=00100008&order_time=2023-02-24 HTTP/1.1" 200 408
180.169.147.146 - - [24/Feb/2023:10:50:15 +0800] "POST /xingrg/kc/buy/cgsh_list_operate.html HTTP/1.1" 200 6012
116.192.124.172 - - [24/Feb/2023:10:50:15 +0800] "GET /xingrg/javascript/auto/indicator.gif HTTP/1.1" 404 1066
222.70.177.73 - - [24/Feb/2023:10:50:18 +0800] "GET /xingrg/kc/base/stock_detail.html?m=00101001045 HTTP/1.1" 200 7359
180.163.29.206 - - [24/Feb/2023:10:50:19 +0800] "GET /xingrg/check_reg.html?_=1677206967420 HTTP/1.1" 302 -
180.163.29.206 - - [24/Feb/2023:10:50:19 +0800] "GET /xingrg/login.html HTTP/1.1" 200 7641
180.163.28.109 - - [24/Feb/2023:10:50:19 +0800] "GET /xingrg/all/function/internal_message.html?_=1677206967417&CODE_STATE=count HTTP/1.1" 302 -
180.163.28.109 - - [24/Feb/2023:10:50:19 +0800] "GET /xingrg/login.html HTTP/1.1" 200 7641
222.70.177.73 - - [24/Feb/2023:10:50:19 +0800] "POST /xingrg/kc/base/wldb_order_operate.html HTTP/1.1" 200 37
124.78.152.179 - - [24/Feb/2023:10:50:19 +0800] "GET /xingrg/all/function/internal_message.html?_=1677207027434&CODE_STATE=getMsg HTTP/1.1" 200 27
222.70.177.73 - - [24/Feb/2023:10:50:20 +0800] "POST /xingrg/kc/base/wldb_order_operate.html HTTP/1.1" 200 2665
116.192.124.172 - - [24/Feb/2023:10:50:20 +0800] "GET /xingrg/kc/buy/cgsh_order_operate.html?command=get_materiel&rest_code=00102&code=00101009049&supplier_code=00100022&order_time=2023-02-24 HTTP/1.1" 200 416
58.221.95.50 - - [24/Feb/2023:10:50:20 +0800] "GET /xingrg/all/function/internal_message.html?_=1677207031665&CODE_STATE=getMsg HTTP/1.1" 200 27
116.192.124.172 - - [24/Feb/2023:10:50:23 +0800] "GET /xingrg/kc/buy/cgsh_order_operate.html?command=get_materiel&rest_code=00102&code=00101008285&supplier_code=00100008&order_time=2023-02-24 HTTP/1.1" 200 413
116.225.84.253 - - [24/Feb/2023:10:50:24 +0800] "GET /xingrg/kc/base/wldb_order_operate.html?command=get_materiel&rest_code=00105&base_code=0010507&code=00101019405 HTTP/1.1" 200 482
222.70.177.73 - - [24/Feb/2023:10:50:24 +0800] "GET /xingrg/kc/base/wldb_order_info.html?code=422023022401818 HTTP/1.1" 200 30397
222.70.177.73 - - [24/Feb/2023:10:50:25 +0800] "GET /xingrg/javascript/easyui/themes/default/validatebox.css HTTP/1.1" 404 1104
180.169.147.146 - - [24/Feb/2023:10:50:25 +0800] "POST /xingrg/kc/buy/cgsh_list_operate.html HTTP/1.1" 200 594
222.70.177.73 - - [24/Feb/2023:10:50:25 +0800] "POST /xingrg/kc/base/wldb_order_operate.html HTTP/1.1" 200 2665
180.169.147.146 - - [24/Feb/2023:10:50:25 +0800] "GET /xingrg/kc/buy/cgsh_order_info.html?code=212023022308357 HTTP/1.1" 200 69928
180.169.147.146 - - [24/Feb/2023:10:50:26 +0800] "GET /xingrg/words/20230224103522_words.js HTTP/1.1" 200 948073
222.70.177.73 - - [24/Feb/2023:10:50:26 +0800] "GET /xingrg/kc/base/stock_operate.html?_=1677207034896&command=get_report_file&start_day=20200201 HTTP/1.1" 200 53
222.70.177.73 - - [24/Feb/2023:10:50:26 +0800] "GET /xingrg/all/report/report_query.html?isQuery=1&onlyBody=1&rh=2000&fileName=kc/base/kc_stock_detail_new.xml&queryString=(1=1)&queryText=&tableQueryString=init_table$sp1$$sp$crk_table$sp1$order_day%20between%2020200201%20and%2020230228&varString=start_day:20200201,materiel_code:00101001045,cost_id:2546,end_date:20200131 HTTP/1.1" 200 48701
222.70.177.73 - - [24/Feb/2023:10:50:26 +0800] "GET /xingrg/dwr/interface/AjaxReportQueryService.js HTTP/1.1" 200 13203
222.70.177.73 - - [24/Feb/2023:10:50:26 +0800] "GET /xingrg/dwr/engine.js HTTP/1.1" 200 43631
180.169.147.146 - - [24/Feb/2023:10:50:26 +0800] "GET /xingrg/all/common/auto_word.html?type=employee&rest_code=00147 HTTP/1.1" 200 101
180.169.147.146 - - [24/Feb/2023:10:50:26 +0800] "GET /xingrg/all/common/auto_word.html?type=employee&rest_code=00147 HTTP/1.1" 200 101
180.169.147.146 - - [24/Feb/2023:10:50:26 +0800] "GET /xingrg/javascript/easyui/themes/default/validatebox.css HTTP/1.1" 404 1104
180.169.147.146 - - [24/Feb/2023:10:50:27 +0800] "POST /xingrg/kc/buy/cgsh_order_operate.html HTTP/1.1" 200 7490
222.70.177.73 - - [24/Feb/2023:10:50:27 +0800] "GET /xingrg/kc/base/wldb_order_add.html HTTP/1.1" 200 30381
222.70.177.73 - - [24/Feb/2023:10:50:27 +0800] "POST /xingrg/kc/base/wldb_order_operate.html HTTP/1.1" 200 6806
222.70.177.73 - - [24/Feb/2023:10:50:27 +0800] "POST /xingrg/all/report/load_report_page.html HTTP/1.1" 200 489400
222.70.177.73 - - [24/Feb/2023:10:50:27 +0800] "GET /xingrg/javascript/easyui/themes/default/validatebox.css HTTP/1.1" 404 1104
222.70.177.73 - - [24/Feb/2023:10:50:27 +0800] "GET /xingrg/images/blue/button/back2.gif HTTP/1.1" 200 1339
222.70.177.73 - - [24/Feb/2023:10:50:27 +0800] "GET /xingrg/images/blue/button/back.gif HTTP/1.1" 200 1352
222.70.177.73 - - [24/Feb/2023:10:50:28 +0800] "GET /xingrg/servlets/image?cache=0.13915616408217224&image=px HTTP/1.1" 200 807
116.192.124.172 - - [24/Feb/2023:10:50:28 +0800] "POST /xingrg/kc/buy/cgsh_order_operate.html HTTP/1.1" 200 2065
180.169.147.146 - - [24/Feb/2023:10:50:28 +0800] "GET /xingrg/all/function/internal_message.html?_=1677207037899&CODE_STATE=getMsg HTTP/1.1" 200 27
222.70.246.11 - - [24/Feb/2023:10:50:29 +0800] "GET /xingrg/all/function/internal_message.html?_=1677207056974&CODE_STATE=getMsg HTTP/1.1" 200 27
124.79.240.233 - - [24/Feb/2023:10:50:29 +0800] "GET /xingrg/all/function/internal_message.html?_=1677207286302&CODE_STATE=getMsg HTTP/1.1" 200 27
180.164.3.199 - - [24/Feb/2023:10:50:30 +0800] "GET /xingrg/kc/buy/cgsh_order_operate.html?command=get_materiel&rest_code=00108&code=00101028016&supplier_code=00100017&order_time=2023-02-23 HTTP/1.1" 200 467
180.164.3.199 - - [24/Feb/2023:10:50:31 +0800] "POST /xingrg/all/common/load_select.html HTTP/1.1" 200 25
116.225.84.253 - - [24/Feb/2023:10:50:31 +0800] "GET /xingrg/kc/buy/cgsh_order_list.html HTTP/1.1" 200 54131
222.70.221.209 - - [24/Feb/2023:10:50:31 +0800] "GET /xingrg/all/function/internal_message.html?_=1677207009638&CODE_STATE=getMsg HTTP/1.1" 200 27
222.70.177.73 - - [24/Feb/2023:10:50:32 +0800] "GET /xingrg/check_reg.html?_=1677207040551 HTTP/1.1" 200 22
222.70.177.73 - - [24/Feb/2023:10:50:32 +0800] "GET /xingrg/all/function/internal_message.html?_=1677207040569&CODE_STATE=getMsg HTTP/1.1" 200 27
114.84.144.141 - - [24/Feb/2023:10:50:33 +0800] "GET /xingrg/all/function/internal_message.html?_=1677206602187&CODE_STATE=getMsg HTTP/1.1" 200 27
116.192.124.172 - - [24/Feb/2023:10:50:34 +0800] "GET /xingrg/kc/buy/cgsh_order_operate.html?command=get_materiel&rest_code=00102&code=00101008347&supplier_code=00100008&order_time=2023-02-24 HTTP/1.1" 200 408
116.225.84.253 - - [24/Feb/2023:10:50:34 +0800] "POST /xingrg/kc/buy/cgsh_list_operate.html HTTP/1.1" 200 3541
116.225.84.253 - - [24/Feb/2023:10:50:35 +0800] "GET /xingrg/kc/buy/cgsh_order_add.html HTTP/1.1" 200 69995
116.225.84.253 - - [24/Feb/2023:10:50:35 +0800] "GET /xingrg/words/20230224103522_words.js HTTP/1.1" 200 948073
116.225.84.253 - - [24/Feb/2023:10:50:36 +0800] "GET /xingrg/all/function/internal_message.html?_=1677206890724&CODE_STATE=getMsg HTTP/1.1" 200 27
180.164.3.199 - - [24/Feb/2023:10:50:36 +0800] "GET /xingrg/kc/buy/cgsh_order_operate.html?command=get_materiel_price&rest_code=00108&code=00101028016&unit_code=00100157&supplier_code=00100017&order_time=2023-02-23 HTTP/1.1" 200 30
116.225.84.253 - - [24/Feb/2023:10:50:36 +0800] "POST /xingrg/kc/buy/cgsh_order_operate.html HTTP/1.1" 200 8245
116.225.84.253 - - [24/Feb/2023:10:50:36 +0800] "GET /xingrg/javascript/easyui/themes/default/validatebox.css HTTP/1.1" 404 1104
120.253.135.82 - - [24/Feb/2023:10:50:36 +0800] "GET /xingrg/all/function/internal_message.html?_=1677206869797&CODE_STATE=getMsg HTTP/1.1" 200 27
180.169.147.146 - - [24/Feb/2023:10:50:38 +0800] "GET /xingrg/javascript/auto/indicator.gif HTTP/1.1" 404 1066
222.70.177.73 - - [24/Feb/2023:10:50:40 +0800] "GET /xingrg/kc/base/wldb_order_operate.html?command=get_materiel&rest_code=00111&base_code=0010283&code=00101019438 HTTP/1.1" 200 462
116.225.84.253 - - [24/Feb/2023:10:50:40 +0800] "GET /xingrg/kc/base/wldb_order_operate.html?command=get_materiel&rest_code=00105&base_code=0010507&code=00101019306 HTTP/1.1" 200 479
116.238.139.35 - - [24/Feb/2023:10:50:40 +0800] "GET /xingrg/all/function/internal_message.html?_=1677206979382&CODE_STATE=getMsg HTTP/1.1" 200 27
116.192.124.172 - - [24/Feb/2023:10:50:41 +0800] "GET /xingrg/kc/buy/cgsh_order_operate.html?command=get_materiel&rest_code=00102&code=00101015060&supplier_code=00100008&order_time=2023-02-24 HTTP/1.1" 200 413
116.192.124.172 - - [24/Feb/2023:10:50:41 +0800] "GET /xingrg/kc/buy/cgsh_order_operate.html?command=get_materiel&rest_code=00102&code=00101009045&supplier_code=00100022&order_time=2023-02-24 HTTP/1.1" 200 414
222.70.177.73 - - [24/Feb/2023:10:50:43 +0800] "POST /xingrg/load_menu.html HTTP/1.1" 200 10483
180.169.147.146 - - [24/Feb/2023:10:50:44 +0800] "POST /xingrg/kc/buy/cgsh_order_operate.html HTTP/1.1" 200 37
116.192.124.172 - - [24/Feb/2023:10:50:45 +0800] "GET /xingrg/all/function/internal_message.html?_=1677207078986&CODE_STATE=getMsg HTTP/1.1" 200 27
180.169.147.146 - - [24/Feb/2023:10:50:45 +0800] "POST /xingrg/kc/buy/cgsh_order_operate.html HTTP/1.1" 200 7490
124.78.152.179 - - [24/Feb/2023:10:50:46 +0800] "GET /xingrg/kc/base/base_main.html HTTP/1.1" 200 12142
222.70.177.73 - - [24/Feb/2023:10:50:46 +0800] "POST /xingrg/load_menu.html HTTP/1.1" 200 11474
124.78.152.179 - - [24/Feb/2023:10:50:47 +0800] "GET /xingrg/kc/base/wldb_order_list.html HTTP/1.1" 200 19098
222.70.177.73 - - [24/Feb/2023:10:50:47 +0800] "GET /xingrg/kc/base/wldb_order_operate.html?command=get_materiel&rest_code=00111&base_code=0010283&code=00101019222 HTTP/1.1" 200 452
124.78.152.179 - - [24/Feb/2023:10:50:48 +0800] "POST /xingrg/kc/base/wldb_list_operate.html HTTP/1.1" 200 928
116.192.124.172 - - [24/Feb/2023:10:50:48 +0800] "GET /xingrg/kc/buy/cgsh_order_operate.html?command=get_materiel&rest_code=00102&code=00101008364&supplier_code=00100008&order_time=2023-02-24 HTTP/1.1" 200 413
124.78.152.179 - - [24/Feb/2023:10:50:49 +0800] "GET /xingrg/kc/base/wldb_order_add.html HTTP/1.1" 200 30385
124.78.152.179 - - [24/Feb/2023:10:50:49 +0800] "GET /xingrg/all/common/auto_word.html?type=base&rest_code=00106 HTTP/1.1" 200 1799
124.78.152.179 - - [24/Feb/2023:10:50:49 +0800] "GET /xingrg/all/common/auto_word.html?type=base&rest_code=00106 HTTP/1.1" 200 1799
124.78.152.179 - - [24/Feb/2023:10:50:49 +0800] "POST /xingrg/kc/base/wldb_order_operate.html HTTP/1.1" 200 6806
124.78.152.179 - - [24/Feb/2023:10:50:49 +0800] "GET /xingrg/javascript/easyui/themes/default/validatebox.css HTTP/1.1" 404 1104
116.225.84.253 - - [24/Feb/2023:10:50:50 +0800] "POST /xingrg/kc/base/wldb_order_operate.html HTTP/1.1" 200 37
116.225.84.253 - - [24/Feb/2023:10:50:50 +0800] "POST /xingrg/kc/base/wldb_order_operate.html HTTP/1.1" 200 6130
116.225.84.253 - - [24/Feb/2023:10:50:50 +0800] "GET /xingrg/kc/base/wldb_order_info.html?code=422023022401819 HTTP/1.1" 200 30396
116.225.84.253 - - [24/Feb/2023:10:50:51 +0800] "GET /xingrg/words/20230224103522_words.js HTTP/1.1" 304 -
116.192.124.172 - - [24/Feb/2023:10:50:51 +0800] "GET /xingrg/kc/buy/cgsh_order_operate.html?command=get_materiel&rest_code=00102&code=00101009062&supplier_code=00100022&order_time=2023-02-24 HTTP/1.1" 200 414
116.225.84.253 - - [24/Feb/2023:10:50:51 +0800] "GET /xingrg/javascript/easyui/themes/default/validatebox.css HTTP/1.1" 404 1104
116.225.84.253 - - [24/Feb/2023:10:50:51 +0800] "POST /xingrg/kc/base/wldb_order_operate.html HTTP/1.1" 200 6130
116.238.139.35 - - [24/Feb/2023:10:50:52 +0800] "GET /xingrg/all/function/internal_message.html?_=1677207063805&CODE_STATE=getMsg HTTP/1.1" 200 27
114.83.222.182 - - [24/Feb/2023:10:50:53 +0800] "GET /xingrg/all/function/internal_message.html?_=1677207117157&CODE_STATE=getMsg HTTP/1.1" 200 27
116.224.106.218 - - [24/Feb/2023:10:50:53 +0800] "GET /xingrg/all/function/internal_message.html?_=1677207060808&CODE_STATE=getMsg HTTP/1.1" 200 27
180.164.3.199 - - [24/Feb/2023:10:50:54 +0800] "GET /xingrg/kc/buy/cgsh_order_operate.html?command=get_materiel&rest_code=00108&code=00101029023&supplier_code=00100017&order_time=2023-02-23 HTTP/1.1" 200 475
116.225.84.253 - - [24/Feb/2023:10:50:54 +0800] "GET /xingrg/check_reg.html?_=1677207064485 HTTP/1.1" 200 22
222.70.177.73 - - [24/Feb/2023:10:50:54 +0800] "GET /xingrg/kc/base/wldb_order_operate.html?command=get_materiel&rest_code=00111&base_code=0010283&code=00101019400 HTTP/1.1" 200 464
116.192.124.172 - - [24/Feb/2023:10:50:55 +0800] "GET /xingrg/kc/buy/cgsh_order_operate.html?command=get_materiel&rest_code=00102&code=00101013073&supplier_code=00100008&order_time=2023-02-24 HTTP/1.1" 200 432
116.225.84.253 - - [24/Feb/2023:10:50:56 +0800] "GET /xingrg/kc/buy/cgsh_order_operate.html?command=get_materiel&rest_code=00105&code=00101009109&supplier_code=00100024&order_time=2023-02-24 HTTP/1.1" 200 413
180.164.3.199 - - [24/Feb/2023:10:50:56 +0800] "POST /xingrg/all/common/load_select.html HTTP/1.1" 200 25
101.229.22.234 - - [24/Feb/2023:10:50:58 +0800] "GET /xingrg/check_reg.html?_=1677207067782 HTTP/1.1" 200 22
101.229.22.234 - - [24/Feb/2023:10:50:58 +0800] "GET /xingrg/all/function/internal_message.html?_=1677207067810&CODE_STATE=getMsg HTTP/1.1" 200 27
222.70.177.73 - - [24/Feb/2023:10:51:00 +0800] "GET /xingrg/kc/base/wldb_order_operate.html?command=get_materiel&rest_code=00111&base_code=0010283&code=00101019505 HTTP/1.1" 200 479
222.70.177.73 - - [24/Feb/2023:10:51:01 +0800] "GET /xingrg/all/function/internal_message.html?_=1677207069900&CODE_STATE=getMsg HTTP/1.1" 200 27
180.164.3.199 - - [24/Feb/2023:10:51:01 +0800] "GET /xingrg/kc/buy/cgsh_order_operate.html?command=get_materiel_price&rest_code=00108&code=00101029023&unit_code=00100179&supplier_code=00100017&order_time=2023-02-23 HTTP/1.1" 200 29
114.83.216.147 - - [24/Feb/2023:10:51:02 +0800] "GET /xingrg/all/function/internal_message.html?_=1677207070676&CODE_STATE=getMsg HTTP/1.1" 200 27
114.83.216.147 - - [24/Feb/2023:10:51:02 +0800] "GET /xingrg/check_reg.html?_=1677207071114 HTTP/1.1" 200 22
116.192.124.172 - - [24/Feb/2023:10:51:03 +0800] "GET /xingrg/kc/buy/cgsh_order_operate.html?command=get_materiel&rest_code=00102&code=00101009011&supplier_code=00100022&order_time=2023-02-24 HTTP/1.1" 200 416
116.225.84.253 - - [24/Feb/2023:10:51:04 +0800] "GET /xingrg/javascript/jquery_easy_ui/themes/icons/rest.png HTTP/1.1" 304 -
116.225.84.253 - - [24/Feb/2023:10:51:04 +0800] "GET /xingrg/javascript/jquery_easy_ui/themes/icons/area.png HTTP/1.1" 304 -
116.192.124.172 - - [24/Feb/2023:10:51:05 +0800] "GET /xingrg/kc/buy/cgsh_order_operate.html?command=get_materiel&rest_code=00102&code=00101013222&supplier_code=00100008&order_time=2023-02-24 HTTP/1.1" 200 409
222.70.177.73 - - [24/Feb/2023:10:51:06 +0800] "GET /xingrg/kc/base/wldb_order_operate.html?command=get_materiel&rest_code=00111&base_code=0010283&code=00101019249 HTTP/1.1" 200 470
116.225.84.253 - - [24/Feb/2023:10:51:07 +0800] "GET /xingrg/kc/base/wldb_order_add.html HTTP/1.1" 200 30381
116.225.84.253 - - [24/Feb/2023:10:51:07 +0800] "GET /xingrg/all/function/internal_message.html?_=1677207077696&CODE_STATE=getMsg HTTP/1.1" 200 27
116.225.84.253 - - [24/Feb/2023:10:51:07 +0800] "POST /xingrg/kc/base/wldb_order_operate.html HTTP/1.1" 200 6806
116.225.84.253 - - [24/Feb/2023:10:51:07 +0800] "GET /xingrg/javascript/easyui/themes/default/validatebox.css HTTP/1.1" 404 1104
114.83.216.147 - - [24/Feb/2023:10:51:07 +0800] "GET /xingrg/kc/buy/cgsh_order_operate.html?command=get_materiel&rest_code=00149&code=00101010161&supplier_code=00100039&order_time=2023-02-24 HTTP/1.1" 200 409
