114.83.222.182 - - [24/Feb/2023:09:36:53 +0800] "GET /xingrg/check_reg.html?_=1677202677127 HTTP/1.1" 200 22
114.83.222.182 - - [24/Feb/2023:09:36:53 +0800] "POST /xingrg/load_menu.html HTTP/1.1" 200 5138
114.83.222.182 - - [24/Feb/2023:09:36:53 +0800] "GET /xingrg/all/function/internal_message.html?_=1677202677127&CODE_STATE=count HTTP/1.1" 200 11
116.231.61.125 - - [24/Feb/2023:09:36:54 +0800] "GET /xingrg/system/client/station.html HTTP/1.1" 200 5729
116.231.61.125 - - [24/Feb/2023:09:36:54 +0800] "GET /xingrg/dwr/interface/AjaxClientInfoService.js HTTP/1.1" 200 11196
116.224.106.218 - - [24/Feb/2023:09:36:55 +0800] "GET /xingrg/all/function/internal_message.html?_=1677202622171&CODE_STATE=getMsg HTTP/1.1" 200 27
114.83.222.182 - - [24/Feb/2023:09:37:00 +0800] "GET /xingrg/kc/base/wldb_order_list.html HTTP/1.1" 200 19104
116.231.61.125 - - [24/Feb/2023:09:37:00 +0800] "GET /xingrg/javascript/jquery_easy_ui/themes/default/images/tabs_active.png HTTP/1.1" 200 2894
114.83.222.182 - - [24/Feb/2023:09:37:00 +0800] "POST /xingrg/kc/base/wldb_list_operate.html HTTP/1.1" 200 928
114.83.222.182 - - [24/Feb/2023:09:37:01 +0800] "GET /xingrg/kc/base/wldb_order_add.html HTTP/1.1" 200 30387
114.83.222.182 - - [24/Feb/2023:09:37:02 +0800] "GET /xingrg/words/20230223133704_words.js HTTP/1.1" 200 948004
114.83.222.182 - - [24/Feb/2023:09:37:02 +0800] "POST /xingrg/kc/base/wldb_order_operate.html HTTP/1.1" 200 6806
114.83.222.182 - - [24/Feb/2023:09:37:02 +0800] "GET /xingrg/all/common/auto_word.html?type=base&rest_code=00154 HTTP/1.1" 200 831
114.83.222.182 - - [24/Feb/2023:09:37:02 +0800] "GET /xingrg/all/common/auto_word.html?type=base&rest_code=00154 HTTP/1.1" 200 831
114.83.222.182 - - [24/Feb/2023:09:37:02 +0800] "GET /xingrg/javascript/easyui/themes/default/validatebox.css HTTP/1.1" 404 1104
114.83.216.147 - - [24/Feb/2023:09:37:03 +0800] "GET /xingrg/all/function/internal_message.html?_=1677202631465&CODE_STATE=getMsg HTTP/1.1" 200 27
114.83.222.182 - - [24/Feb/2023:09:37:04 +0800] "POST /xingrg/all/common/load_combo.html?type=base HTTP/1.1" 200 1491
172.20.0.100 - - [24/Feb/2023:09:37:05 +0800] "GET /xingrg/check_reg.html?_=1677202633849 HTTP/1.1" 200 22
180.164.3.199 - - [24/Feb/2023:09:37:05 +0800] "GET /xingrg/all/function/internal_message.html?_=1677202635214&CODE_STATE=getMsg HTTP/1.1" 200 27
114.83.222.182 - - [24/Feb/2023:09:37:08 +0800] "POST /xingrg/all/common/load_combo.html?type=base HTTP/1.1" 200 1491
180.169.147.146 - - [24/Feb/2023:09:37:08 +0800] "GET /xingrg/check_reg.html?_=1677202638563 HTTP/1.1" 200 22
180.169.147.146 - - [24/Feb/2023:09:37:08 +0800] "GET /xingrg/all/function/internal_message.html?_=1677202638567&CODE_STATE=getMsg HTTP/1.1" 200 27
124.78.152.179 - - [24/Feb/2023:09:37:09 +0800] "GET /xingrg/all/function/internal_message.html?_=1677202637041&CODE_STATE=getMsg HTTP/1.1" 200 27
116.225.84.253 - - [24/Feb/2023:09:37:09 +0800] "GET /xingrg/all/function/internal_message.html?_=1677202639458&CODE_STATE=getMsg HTTP/1.1" 200 27
180.163.28.114 - - [24/Feb/2023:09:37:09 +0800] "GET /xingrg/all/function/internal_message.html?_=1677202577059&CODE_STATE=getMsg HTTP/1.1" 302 -
180.163.28.114 - - [24/Feb/2023:09:37:09 +0800] "GET /xingrg/login.html HTTP/1.1" 200 7641
172.20.0.100 - - [24/Feb/2023:09:37:12 +0800] "GET /xingrg/all/function/internal_message.html?_=1677202641101&CODE_STATE=getMsg HTTP/1.1" 200 27
116.238.139.35 - - [24/Feb/2023:09:37:15 +0800] "GET /xingrg/kc/buy/cgsh_order_operate.html?command=get_materiel&rest_code=00151&code=00101009020&supplier_code=00100022&order_time=2023-02-24 HTTP/1.1" 200 420
116.238.139.35 - - [24/Feb/2023:09:37:19 +0800] "GET /xingrg/all/function/internal_message.html?_=1677202650463&CODE_STATE=getMsg HTTP/1.1" 200 27
58.221.95.50 - - [24/Feb/2023:09:37:20 +0800] "GET /xingrg/all/function/internal_message.html?_=1677202651671&CODE_STATE=getMsg HTTP/1.1" 200 27
116.192.124.172 - - [24/Feb/2023:09:37:26 +0800] "GET /xingrg/all/function/internal_message.html?_=1677202680144&CODE_STATE=getMsg HTTP/1.1" 200 27
222.70.177.73 - - [24/Feb/2023:09:37:32 +0800] "GET /xingrg/all/function/internal_message.html?_=1677202660441&CODE_STATE=getMsg HTTP/1.1" 200 27
222.70.221.209 - - [24/Feb/2023:09:37:32 +0800] "GET /xingrg/all/function/internal_message.html?_=1677202630817&CODE_STATE=getMsg HTTP/1.1" 200 27
116.224.106.218 - - [24/Feb/2023:09:37:35 +0800] "GET /xingrg/check_reg.html?_=1677202662452 HTTP/1.1" 200 22
116.238.139.35 - - [24/Feb/2023:09:37:37 +0800] "GET /xingrg/all/function/internal_message.html?_=1677202596284&CODE_STATE=getMsg HTTP/1.1" 200 27
120.253.135.82 - - [24/Feb/2023:09:37:39 +0800] "GET /xingrg/all/function/internal_message.html?_=1677202492995&CODE_STATE=getMsg HTTP/1.1" 200 27
223.104.212.14 - - [24/Feb/2023:09:37:41 +0800] "GET /favicon.ico HTTP/1.1" 404 -
114.83.222.182 - - [24/Feb/2023:09:37:45 +0800] "GET /xingrg/javascript/auto/indicator.gif HTTP/1.1" 404 1066
222.70.246.11 - - [24/Feb/2023:09:37:46 +0800] "GET /xingrg/all/function/internal_message.html?_=1677202694116&CODE_STATE=getMsg HTTP/1.1" 200 27
114.83.222.182 - - [24/Feb/2023:09:37:49 +0800] "GET /xingrg/kc/base/wldb_order_operate.html?command=get_materiel&rest_code=00154&base_code=0010724&code=00101019222 HTTP/1.1" 200 453
114.83.222.182 - - [24/Feb/2023:09:37:53 +0800] "GET /xingrg/all/function/internal_message.html?_=1677202737154&CODE_STATE=getMsg HTTP/1.1" 200 27
116.224.106.218 - - [24/Feb/2023:09:37:55 +0800] "GET /xingrg/all/function/internal_message.html?_=1677202682143&CODE_STATE=getMsg HTTP/1.1" 200 27
114.83.222.182 - - [24/Feb/2023:09:37:59 +0800] "GET /xingrg/kc/base/wldb_order_operate.html?command=get_materiel&rest_code=00154&base_code=0010724&code=00101012077 HTTP/1.1" 200 438
116.231.61.125 - - [24/Feb/2023:09:38:02 +0800] "GET /favicon.ico HTTP/1.1" 404 -
114.83.216.147 - - [24/Feb/2023:09:38:03 +0800] "GET /xingrg/all/function/internal_message.html?_=1677202691446&CODE_STATE=getMsg HTTP/1.1" 200 27
116.231.61.125 - - [24/Feb/2023:09:38:03 +0800] "GET /favicon.ico HTTP/1.1" 404 -
116.231.61.125 - - [24/Feb/2023:09:38:05 +0800] "GET /favicon.ico HTTP/1.1" 404 -
116.231.61.125 - - [24/Feb/2023:09:38:05 +0800] "GET /favicon.ico HTTP/1.1" 404 -
180.164.3.199 - - [24/Feb/2023:09:38:05 +0800] "GET /xingrg/check_reg.html?_=1677202695234 HTTP/1.1" 200 22
180.164.3.199 - - [24/Feb/2023:09:38:05 +0800] "GET /xingrg/all/function/internal_message.html?_=1677202695237&CODE_STATE=getMsg HTTP/1.1" 200 27
116.231.61.125 - - [24/Feb/2023:09:38:06 +0800] "GET /favicon.ico HTTP/1.1" 404 -
180.163.29.212 - - [24/Feb/2023:09:38:08 +0800] "GET /xingrg/all/function/internal_message.html?_=1677202637041&CODE_STATE=getMsg HTTP/1.1" 302 -
180.163.29.212 - - [24/Feb/2023:09:38:08 +0800] "GET /xingrg/login.html HTTP/1.1" 200 7641
180.169.147.146 - - [24/Feb/2023:09:38:08 +0800] "GET /xingrg/all/function/internal_message.html?_=1677202698569&CODE_STATE=getMsg HTTP/1.1" 200 27
116.225.84.253 - - [24/Feb/2023:09:38:09 +0800] "GET /xingrg/all/function/internal_message.html?_=1677202699428&CODE_STATE=getMsg HTTP/1.1" 200 27
124.78.152.179 - - [24/Feb/2023:09:38:09 +0800] "GET /xingrg/all/function/internal_message.html?_=1677202697176&CODE_STATE=getMsg HTTP/1.1" 200 27
124.78.152.179 - - [24/Feb/2023:09:38:10 +0800] "GET /xingrg/kc/buy/cgsh_order_add.html HTTP/1.1" 200 69913
124.78.152.179 - - [24/Feb/2023:09:38:10 +0800] "POST /xingrg/kc/buy/cgsh_order_operate.html HTTP/1.1" 200 8245
124.78.152.179 - - [24/Feb/2023:09:38:10 +0800] "GET /xingrg/javascript/easyui/themes/default/validatebox.css HTTP/1.1" 404 1104
114.83.222.182 - - [24/Feb/2023:09:38:11 +0800] "GET /xingrg/kc/base/wldb_order_operate.html?command=get_materiel&rest_code=00154&base_code=0010724&code=00101008464 HTTP/1.1" 200 448
124.78.152.179 - - [24/Feb/2023:09:38:12 +0800] "GET /xingrg/javascript/easyui/themes/default/tree.css HTTP/1.1" 404 1090
124.78.152.179 - - [24/Feb/2023:09:38:12 +0800] "POST /xingrg/all/common/load_tree.html?tree=supplier_tree_json&isDelete=1 HTTP/1.1" 200 70983
172.20.0.100 - - [24/Feb/2023:09:38:12 +0800] "GET /xingrg/all/function/internal_message.html?_=1677202701073&CODE_STATE=getMsg HTTP/1.1" 200 27
180.164.3.199 - - [24/Feb/2023:09:38:15 +0800] "GET /xingrg/kc/buy/cgsh_order_add.html HTTP/1.1" 200 70040
180.164.3.199 - - [24/Feb/2023:09:38:16 +0800] "POST /xingrg/kc/buy/cgsh_order_operate.html HTTP/1.1" 200 8245
180.164.3.199 - - [24/Feb/2023:09:38:16 +0800] "GET /xingrg/javascript/easyui/themes/default/validatebox.css HTTP/1.1" 404 1104
114.83.222.182 - - [24/Feb/2023:09:38:17 +0800] "POST /xingrg/all/common/load_select.html HTTP/1.1" 200 25
114.83.222.182 - - [24/Feb/2023:09:38:19 +0800] "GET /xingrg/kc/base/wldb_order_operate.html?command=get_materiel_price&rest_code=00154&base_code=0010724&code=00101008464&unit_code=00100018 HTTP/1.1" 200 34
116.238.139.35 - - [24/Feb/2023:09:38:19 +0800] "GET /xingrg/all/function/internal_message.html?_=1677202710462&CODE_STATE=getMsg HTTP/1.1" 200 27
58.221.95.50 - - [24/Feb/2023:09:38:20 +0800] "GET /xingrg/all/function/internal_message.html?_=1677202711667&CODE_STATE=getMsg HTTP/1.1" 200 27
116.192.124.172 - - [24/Feb/2023:09:38:26 +0800] "GET /xingrg/all/function/internal_message.html?_=1677202740144&CODE_STATE=getMsg HTTP/1.1" 200 27
114.83.222.182 - - [24/Feb/2023:09:38:29 +0800] "GET /xingrg/kc/base/wldb_order_operate.html?command=get_materiel&rest_code=00154&base_code=0010724&code=00101040001 HTTP/1.1" 200 469
222.70.177.73 - - [24/Feb/2023:09:38:32 +0800] "GET /xingrg/all/function/internal_message.html?_=1677202720436&CODE_STATE=getMsg HTTP/1.1" 200 27
222.70.221.209 - - [24/Feb/2023:09:38:32 +0800] "GET /xingrg/all/function/internal_message.html?_=1677202690799&CODE_STATE=getMsg HTTP/1.1" 200 27
114.83.222.182 - - [24/Feb/2023:09:38:33 +0800] "POST /xingrg/all/common/load_select.html HTTP/1.1" 200 25
114.83.222.182 - - [24/Feb/2023:09:38:35 +0800] "GET /xingrg/kc/base/wldb_order_operate.html?command=get_materiel_price&rest_code=00154&base_code=0010724&code=00101040001&unit_code=00100619 HTTP/1.1" 200 37
116.238.139.35 - - [24/Feb/2023:09:38:37 +0800] "GET /xingrg/all/function/internal_message.html?_=1677202656383&CODE_STATE=getMsg HTTP/1.1" 200 27
120.253.135.82 - - [24/Feb/2023:09:38:39 +0800] "GET /xingrg/all/function/internal_message.html?_=1677202553001&CODE_STATE=getMsg HTTP/1.1" 200 27
114.83.222.182 - - [24/Feb/2023:09:38:40 +0800] "GET /xingrg/kc/base/wldb_order_operate.html?command=get_materiel&rest_code=00154&base_code=0010724&code=00101022013 HTTP/1.1" 200 427
124.78.152.179 - - [24/Feb/2023:09:38:45 +0800] "GET /xingrg/kc/buy/cgsh_order_operate.html?command=get_materiel&rest_code=00106&code=00101007049&supplier_code=00100002&order_time=2023-02-24 HTTP/1.1" 200 409
222.70.246.11 - - [24/Feb/2023:09:38:47 +0800] "GET /xingrg/all/function/internal_message.html?_=1677202754897&CODE_STATE=getMsg HTTP/1.1" 200 27
114.83.222.182 - - [24/Feb/2023:09:38:48 +0800] "GET /xingrg/kc/base/wldb_order_operate.html?command=get_materiel&rest_code=00154&base_code=0010724&code=00101040002 HTTP/1.1" 200 461
114.83.222.182 - - [24/Feb/2023:09:38:53 +0800] "GET /xingrg/all/function/internal_message.html?_=1677202797138&CODE_STATE=getMsg HTTP/1.1" 200 27
124.78.152.179 - - [24/Feb/2023:09:38:54 +0800] "GET /xingrg/kc/buy/cgsh_order_operate.html?command=get_materiel&rest_code=00106&code=00101007048&supplier_code=00100002&order_time=2023-02-24 HTTP/1.1" 200 409
116.224.106.218 - - [24/Feb/2023:09:38:55 +0800] "GET /xingrg/all/function/internal_message.html?_=1677202742135&CODE_STATE=getMsg HTTP/1.1" 200 27
114.83.222.182 - - [24/Feb/2023:09:38:57 +0800] "POST /xingrg/all/common/load_select.html HTTP/1.1" 200 25
114.83.222.182 - - [24/Feb/2023:09:38:59 +0800] "GET /xingrg/kc/base/wldb_order_operate.html?command=get_materiel_price&rest_code=00154&base_code=0010724&code=00101040002&unit_code=00100619 HTTP/1.1" 200 37
124.78.152.179 - - [24/Feb/2023:09:39:03 +0800] "GET /xingrg/kc/buy/cgsh_order_operate.html?command=get_materiel&rest_code=00106&code=00101007033&supplier_code=00100002&order_time=2023-02-24 HTTP/1.1" 200 417
114.83.216.147 - - [24/Feb/2023:09:39:03 +0800] "GET /xingrg/all/function/internal_message.html?_=1677202751430&CODE_STATE=getMsg HTTP/1.1" 200 27
114.83.222.182 - - [24/Feb/2023:09:39:05 +0800] "GET /xingrg/kc/base/wldb_order_operate.html?command=get_materiel&rest_code=00154&base_code=0010724&code=00101016044 HTTP/1.1" 200 466
180.164.3.199 - - [24/Feb/2023:09:39:05 +0800] "GET /xingrg/all/function/internal_message.html?_=1677202755221&CODE_STATE=getMsg HTTP/1.1" 200 27
180.169.147.146 - - [24/Feb/2023:09:39:08 +0800] "GET /xingrg/all/function/internal_message.html?_=1677202758552&CODE_STATE=getMsg HTTP/1.1" 200 27
116.225.84.253 - - [24/Feb/2023:09:39:09 +0800] "GET /xingrg/all/function/internal_message.html?_=1677202759407&CODE_STATE=getMsg HTTP/1.1" 200 27
180.163.30.100 - - [24/Feb/2023:09:39:09 +0800] "GET /xingrg/all/function/internal_message.html?_=1677202697176&CODE_STATE=getMsg HTTP/1.1" 302 -
124.78.152.179 - - [24/Feb/2023:09:39:09 +0800] "GET /xingrg/all/function/internal_message.html?_=1677202757222&CODE_STATE=getMsg HTTP/1.1" 200 27
180.163.30.100 - - [24/Feb/2023:09:39:09 +0800] "GET /xingrg/login.html HTTP/1.1" 200 7641
172.20.0.100 - - [24/Feb/2023:09:39:12 +0800] "GET /xingrg/all/function/internal_message.html?_=1677202761059&CODE_STATE=getMsg HTTP/1.1" 200 27
124.78.152.179 - - [24/Feb/2023:09:39:15 +0800] "GET /xingrg/kc/buy/cgsh_order_operate.html?command=get_materiel&rest_code=00106&code=00101007085&supplier_code=00100002&order_time=2023-02-24 HTTP/1.1" 200 413
114.83.222.182 - - [24/Feb/2023:09:39:16 +0800] "GET /xingrg/kc/base/wldb_order_operate.html?command=get_materiel&rest_code=00154&base_code=0010724&code=00101019164 HTTP/1.1" 200 466
116.238.139.35 - - [24/Feb/2023:09:39:19 +0800] "GET /xingrg/check_reg.html?_=1677202770457 HTTP/1.1" 200 22
116.238.139.35 - - [24/Feb/2023:09:39:19 +0800] "GET /xingrg/all/function/internal_message.html?_=1677202770461&CODE_STATE=getMsg HTTP/1.1" 200 27
58.221.95.50 - - [24/Feb/2023:09:39:20 +0800] "GET /xingrg/all/function/internal_message.html?_=1677202771679&CODE_STATE=getMsg HTTP/1.1" 200 27
58.221.95.50 - - [24/Feb/2023:09:39:20 +0800] "GET /xingrg/check_reg.html?_=1677202771681 HTTP/1.1" 200 22
116.192.124.172 - - [24/Feb/2023:09:39:26 +0800] "GET /xingrg/all/function/internal_message.html?_=1677202800144&CODE_STATE=getMsg HTTP/1.1" 200 27
116.192.124.172 - - [24/Feb/2023:09:39:26 +0800] "GET /xingrg/check_reg.html?_=1677202800147 HTTP/1.1" 200 22
116.238.139.35 - - [24/Feb/2023:09:39:29 +0800] "POST /xingrg/kc/buy/cgsh_order_operate.html HTTP/1.1" 200 37
114.83.222.182 - - [24/Feb/2023:09:39:30 +0800] "GET /xingrg/kc/base/wldb_order_operate.html?command=get_materiel&rest_code=00154&base_code=0010724&code=00101019828 HTTP/1.1" 200 471
222.70.177.73 - - [24/Feb/2023:09:39:32 +0800] "GET /xingrg/all/function/internal_message.html?_=1677202780434&CODE_STATE=getMsg HTTP/1.1" 200 27
124.78.152.179 - - [24/Feb/2023:09:39:32 +0800] "GET /xingrg/kc/buy/cgsh_order_operate.html?command=get_materiel&rest_code=00106&code=00101007027&supplier_code=00100002&order_time=2023-02-24 HTTP/1.1" 200 421
222.70.221.209 - - [24/Feb/2023:09:39:32 +0800] "GET /xingrg/all/function/internal_message.html?_=1677202750777&CODE_STATE=getMsg HTTP/1.1" 200 27
114.83.222.182 - - [24/Feb/2023:09:39:34 +0800] "POST /xingrg/all/common/load_select.html HTTP/1.1" 200 25
114.83.222.182 - - [24/Feb/2023:09:39:35 +0800] "GET /xingrg/kc/base/wldb_order_operate.html?command=get_materiel_price&rest_code=00154&base_code=0010724&code=00101019828&unit_code=00100218 HTTP/1.1" 200 35
114.83.222.182 - - [24/Feb/2023:09:39:35 +0800] "POST /xingrg/all/common/load_select.html HTTP/1.1" 200 25
116.238.139.35 - - [24/Feb/2023:09:39:36 +0800] "POST /xingrg/kc/buy/cgsh_order_operate.html HTTP/1.1" 200 12
116.238.139.35 - - [24/Feb/2023:09:39:37 +0800] "GET /xingrg/kc/buy/cgsh_order_info.html?code=212023022408400 HTTP/1.1" 200 64411
114.83.222.182 - - [24/Feb/2023:09:39:37 +0800] "GET /xingrg/kc/base/wldb_order_operate.html?command=get_materiel_price&rest_code=00154&base_code=0010724&code=00101019164&unit_code=00100156 HTTP/1.1" 200 36
116.238.139.35 - - [24/Feb/2023:09:39:37 +0800] "GET /xingrg/all/function/internal_message.html?_=1677202716389&CODE_STATE=getMsg HTTP/1.1" 200 27
116.238.139.35 - - [24/Feb/2023:09:39:37 +0800] "GET /xingrg/javascript/easyui/themes/default/validatebox.css HTTP/1.1" 404 1104
116.238.139.35 - - [24/Feb/2023:09:39:38 +0800] "POST /xingrg/kc/buy/cgsh_order_operate.html HTTP/1.1" 200 4801
120.253.135.82 - - [24/Feb/2023:09:39:39 +0800] "GET /xingrg/all/function/internal_message.html?_=1677202613248&CODE_STATE=getMsg HTTP/1.1" 200 27
114.83.222.182 - - [24/Feb/2023:09:39:40 +0800] "GET /xingrg/kc/base/wldb_order_operate.html?command=get_materiel_price&rest_code=00154&base_code=0010724&code=00101019828&unit_code=00100219 HTTP/1.1" 200 35
124.78.152.179 - - [24/Feb/2023:09:39:41 +0800] "POST /xingrg/kc/buy/cgsh_order_operate.html HTTP/1.1" 200 37
116.238.139.35 - - [24/Feb/2023:09:39:41 +0800] "GET /xingrg/kc/print/load_data.html?order_code=212023022408400&kc_code=cgsh&condition= HTTP/1.1" 200 2368
222.70.246.11 - - [24/Feb/2023:09:39:47 +0800] "GET /xingrg/all/function/internal_message.html?_=1677202814907&CODE_STATE=getMsg HTTP/1.1" 200 27
124.78.152.179 - - [24/Feb/2023:09:39:48 +0800] "POST /xingrg/kc/buy/cgsh_order_operate.html HTTP/1.1" 200 5037
116.238.139.35 - - [24/Feb/2023:09:39:52 +0800] "POST /xingrg/all/user/operate.html HTTP/1.1" 200 36
116.238.139.35 - - [24/Feb/2023:09:39:52 +0800] "GET /xingrg/index.html?sysBaseUrl=http%3A%2F%2F180.169.147.146%3A18081%2Fxingrg%2F&costTime=44×tamp=1677200597507 HTTP/1.1" 200 17179
116.238.139.35 - - [24/Feb/2023:09:39:52 +0800] "GET /xingrg/javascript/jquery_easy_ui/themes/default/easyui.css HTTP/1.1" 304 -
116.238.139.35 - - [24/Feb/2023:09:39:52 +0800] "GET /xingrg/javascript/jquery_easy_ui/themes/icon.css HTTP/1.1" 304 -
116.238.139.35 - - [24/Feb/2023:09:39:52 +0800] "GET /xingrg/css/form.css HTTP/1.1" 304 -
116.238.139.35 - - [24/Feb/2023:09:39:52 +0800] "GET /xingrg/javascript/jquery-1.4.2.min.js HTTP/1.1" 304 -
116.238.139.35 - - [24/Feb/2023:09:39:52 +0800] "GET /xingrg/javascript/jquery_easy_ui/jquery.easyui.min.js HTTP/1.1" 304 -
116.238.139.35 - - [24/Feb/2023:09:39:52 +0800] "GET /xingrg/javascript/jquery_easy_ui/easyui-lang-zh_CN.js HTTP/1.1" 304 -
116.238.139.35 - - [24/Feb/2023:09:39:52 +0800] "GET /xingrg/javascript/jquery.form.js HTTP/1.1" 304 -
116.238.139.35 - - [24/Feb/2023:09:39:52 +0800] "GET /xingrg/javascript/jquery.utils.js HTTP/1.1" 304 -
116.238.139.35 - - [24/Feb/2023:09:39:52 +0800] "GET /xingrg/javascript/jquery.timers.js HTTP/1.1" 304 -
116.238.139.35 - - [24/Feb/2023:09:39:52 +0800] "GET /xingrg/images/blue/jxLogo.png HTTP/1.1" 304 -
116.238.139.35 - - [24/Feb/2023:09:39:52 +0800] "GET /xingrg/images/blue/navBackgound.jpg HTTP/1.1" 304 -
116.238.139.35 - - [24/Feb/2023:09:39:53 +0800] "GET /xingrg/javascript/jquery_easy_ui/themes/icons/settle_new.png HTTP/1.1" 304 -
116.238.139.35 - - [24/Feb/2023:09:39:53 +0800] "POST /xingrg/all/common/load_tree.html?tree=area_rest_tree_json&manage=1 HTTP/1.1" 200 476
114.83.222.182 - - [24/Feb/2023:09:39:53 +0800] "GET /xingrg/all/function/internal_message.html?_=1677202857149&CODE_STATE=getMsg HTTP/1.1" 200 27
116.238.139.35 - - [24/Feb/2023:09:39:53 +0800] "GET /xingrg/all/function/internal_message.html?_=1677202804173&CODE_STATE=count HTTP/1.1" 200 11
116.238.139.35 - - [24/Feb/2023:09:39:53 +0800] "GET /xingrg/check_reg.html?_=1677202804174 HTTP/1.1" 200 22
116.238.139.35 - - [24/Feb/2023:09:39:53 +0800] "GET /xingrg/javascript/jquery_easy_ui/themes/default/images/panel_tool_collapse.gif HTTP/1.1" 304 -
116.238.139.35 - - [24/Feb/2023:09:39:53 +0800] "POST /xingrg/load_menu.html HTTP/1.1" 200 5138
116.238.139.35 - - [24/Feb/2023:09:39:53 +0800] "GET /xingrg/javascript/jquery_easy_ui/themes/default/images/tabs_leftarrow.png HTTP/1.1" 304 -
116.238.139.35 - - [24/Feb/2023:09:39:53 +0800] "GET /xingrg/images/blue/pingpu.png HTTP/1.1" 304 -
116.238.139.35 - - [24/Feb/2023:09:39:53 +0800] "GET /xingrg/javascript/jquery_easy_ui/themes/default/images/tabs_rightarrow.png HTTP/1.1" 304 -
116.238.139.35 - - [24/Feb/2023:09:39:53 +0800] "GET /xingrg/javascript/jquery_easy_ui/themes/icons/search_new.png HTTP/1.1" 304 -
116.238.139.35 - - [24/Feb/2023:09:39:53 +0800] "GET /xingrg/javascript/jquery_easy_ui/themes/default/images/tree_folder_open.gif HTTP/1.1" 304 -
116.238.139.35 - - [24/Feb/2023:09:39:53 +0800] "GET /xingrg/javascript/jquery_easy_ui/themes/icons/forms_new.png HTTP/1.1" 304 -
116.238.139.35 - - [24/Feb/2023:09:39:53 +0800] "GET /xingrg/javascript/jquery_easy_ui/themes/icons/storage_new.png HTTP/1.1" 304 -
116.238.139.35 - - [24/Feb/2023:09:39:53 +0800] "GET /xingrg/javascript/jquery_easy_ui/themes/default/images/tree_file.gif HTTP/1.1" 304 -
116.238.139.35 - - [24/Feb/2023:09:39:53 +0800] "GET /xingrg/javascript/jquery_easy_ui/themes/default/images/tree_arrows.gif HTTP/1.1" 304 -
116.238.139.35 - - [24/Feb/2023:09:39:53 +0800] "GET /xingrg/javascript/jquery_easy_ui/themes/default/images/tree_folder.gif HTTP/1.1" 304 -
114.83.222.182 - - [24/Feb/2023:09:39:53 +0800] "GET /xingrg/kc/base/wldb_order_operate.html?command=get_materiel&rest_code=00154&base_code=0010724&code=00101019509 HTTP/1.1" 200 463
124.79.240.233 - - [24/Feb/2023:09:39:54 +0800] "GET /xingrg/login.html HTTP/1.1" 200 7641
116.224.106.218 - - [24/Feb/2023:09:39:55 +0800] "GET /xingrg/all/function/internal_message.html?_=1677202802120&CODE_STATE=getMsg HTTP/1.1" 200 27
116.238.139.35 - - [24/Feb/2023:09:39:55 +0800] "GET /xingrg/kc/buy/cgsh_order_list.html HTTP/1.1" 200 54137
124.79.240.233 - - [24/Feb/2023:09:39:56 +0800] "GET /favicon.ico HTTP/1.1" 404 -
116.238.139.35 - - [24/Feb/2023:09:39:56 +0800] "POST /xingrg/kc/buy/cgsh_list_operate.html HTTP/1.1" 200 986
116.238.139.35 - - [24/Feb/2023:09:39:57 +0800] "GET /xingrg/kc/buy/cgsh_order_add.html HTTP/1.1" 200 69913
116.238.139.35 - - [24/Feb/2023:09:39:58 +0800] "GET /xingrg/javascript/easyui/themes/default/validatebox.css HTTP/1.1" 404 1104
116.238.139.35 - - [24/Feb/2023:09:39:58 +0800] "POST /xingrg/kc/buy/cgsh_order_operate.html HTTP/1.1" 200 8245
116.238.139.35 - - [24/Feb/2023:09:40:01 +0800] "GET /xingrg/javascript/auto/indicator.gif HTTP/1.1" 404 1066
114.83.216.147 - - [24/Feb/2023:09:40:03 +0800] "GET /xingrg/all/function/internal_message.html?_=1677202811416&CODE_STATE=getMsg HTTP/1.1" 200 27
180.164.3.199 - - [24/Feb/2023:09:40:05 +0800] "GET /xingrg/all/function/internal_message.html?_=1677202815243&CODE_STATE=getMsg HTTP/1.1" 200 27
114.83.222.182 - - [24/Feb/2023:09:40:07 +0800] "GET /xingrg/kc/base/wldb_order_operate.html?command=get_materiel&rest_code=00154&base_code=0010724&code=00101019379 HTTP/1.1" 200 470
124.78.152.179 - - [24/Feb/2023:09:40:07 +0800] "GET /xingrg/check_reg.html?_=1677202815156 HTTP/1.1" 200 22
180.169.147.146 - - [24/Feb/2023:09:40:08 +0800] "GET /xingrg/all/function/internal_message.html?_=1677202818554&CODE_STATE=getMsg HTTP/1.1" 200 27
116.225.84.253 - - [24/Feb/2023:09:40:09 +0800] "GET /xingrg/all/function/internal_message.html?_=1677202819380&CODE_STATE=getMsg HTTP/1.1" 200 27
124.78.152.179 - - [24/Feb/2023:09:40:09 +0800] "GET /xingrg/all/function/internal_message.html?_=1677202817193&CODE_STATE=getMsg HTTP/1.1" 200 27
116.238.139.35 - - [24/Feb/2023:09:40:11 +0800] "GET /xingrg/kc/buy/cgsh_order_operate.html?command=get_materiel&rest_code=00150&code=00101015061&supplier_code=00100054&order_time=2023-02-24 HTTP/1.1" 200 412
172.20.0.100 - - [24/Feb/2023:09:40:12 +0800] "GET /xingrg/all/function/internal_message.html?_=1677202821032&CODE_STATE=getMsg HTTP/1.1" 200 27
180.163.28.109 - - [24/Feb/2023:09:40:12 +0800] "GET /xingrg/kc/buy/cgsh_order_operate.html?command=get_materiel&rest_code=00106&code=00101007085&supplier_code=00100002&order_time=2023-02-24 HTTP/1.1" 302 -
180.163.28.109 - - [24/Feb/2023:09:40:12 +0800] "GET /xingrg/login.html HTTP/1.1" 200 7641
114.83.222.182 - - [24/Feb/2023:09:40:17 +0800] "GET /xingrg/kc/base/wldb_order_operate.html?command=get_materiel&rest_code=00154&base_code=0010724&code=00101020335 HTTP/1.1" 200 456
180.163.28.55 - - [24/Feb/2023:09:40:18 +0800] "GET /xingrg/kc/buy/cgsh_order_operate.html?command=get_materiel&rest_code=00106&code=00101008061&supplier_code=00100007&order_time=2023-02-24 HTTP/1.1" 302 -
58.221.95.50 - - [24/Feb/2023:09:40:20 +0800] "GET /xingrg/all/function/internal_message.html?_=1677202831673&CODE_STATE=getMsg HTTP/1.1" 200 27
180.163.28.55 - - [24/Feb/2023:09:40:22 +0800] "GET /xingrg/login.html HTTP/1.1" 200 7641
116.192.124.172 - - [24/Feb/2023:09:40:26 +0800] "GET /xingrg/all/function/internal_message.html?_=1677202860146&CODE_STATE=getMsg HTTP/1.1" 200 27
116.238.139.35 - - [24/Feb/2023:09:40:28 +0800] "GET /xingrg/kc/buy/cgsh_order_operate.html?command=get_materiel&rest_code=00150&code=00101009062&supplier_code=00100054&order_time=2023-02-24 HTTP/1.1" 200 412
222.70.177.73 - - [24/Feb/2023:09:40:32 +0800] "GET /xingrg/all/function/internal_message.html?_=1677202840442&CODE_STATE=getMsg HTTP/1.1" 200 27
222.70.177.73 - - [24/Feb/2023:09:40:32 +0800] "GET /xingrg/check_reg.html?_=1677202840445 HTTP/1.1" 200 22
222.70.221.209 - - [24/Feb/2023:09:40:32 +0800] "GET /xingrg/all/function/internal_message.html?_=1677202810759&CODE_STATE=getMsg HTTP/1.1" 200 27
120.253.135.82 - - [24/Feb/2023:09:40:33 +0800] "GET /xingrg/check_reg.html?_=1677202666632 HTTP/1.1" 200 22
116.238.139.35 - - [24/Feb/2023:09:40:37 +0800] "GET /xingrg/check_reg.html?_=1677202775651 HTTP/1.1" 200 22
116.238.139.35 - - [24/Feb/2023:09:40:37 +0800] "GET /xingrg/all/function/internal_message.html?_=1677202776403&CODE_STATE=getMsg HTTP/1.1" 200 27
120.253.135.82 - - [24/Feb/2023:09:40:39 +0800] "GET /xingrg/all/function/internal_message.html?_=1677202673261&CODE_STATE=getMsg HTTP/1.1" 200 27
114.83.222.182 - - [24/Feb/2023:09:40:40 +0800] "POST /xingrg/kc/base/wldb_order_operate.html HTTP/1.1" 200 37
114.83.222.182 - - [24/Feb/2023:09:40:43 +0800] "POST /xingrg/kc/base/wldb_order_operate.html HTTP/1.1" 200 12
114.83.222.182 - - [24/Feb/2023:09:40:43 +0800] "POST /xingrg/kc/base/wldb_order_operate.html HTTP/1.1" 200 7143
116.238.139.35 - - [24/Feb/2023:09:40:43 +0800] "GET /xingrg/kc/buy/cgsh_order_operate.html?command=get_materiel&rest_code=00150&code=00101015017&supplier_code=00100054&order_time=2023-02-24 HTTP/1.1" 200 412
114.83.222.182 - - [24/Feb/2023:09:40:43 +0800] "GET /xingrg/kc/base/wldb_order_info.html?code=422023022401801 HTTP/1.1" 200 26266
114.83.222.182 - - [24/Feb/2023:09:40:44 +0800] "GET /xingrg/javascript/easyui/themes/default/validatebox.css HTTP/1.1" 404 1104
114.83.222.182 - - [24/Feb/2023:09:40:44 +0800] "POST /xingrg/kc/base/wldb_order_operate.html HTTP/1.1" 200 5326
222.70.246.11 - - [24/Feb/2023:09:40:45 +0800] "GET /xingrg/check_reg.html?_=1677202873139 HTTP/1.1" 200 22
222.70.246.11 - - [24/Feb/2023:09:40:47 +0800] "GET /xingrg/all/function/internal_message.html?_=1677202874923&CODE_STATE=getMsg HTTP/1.1" 200 27
116.238.139.35 - - [24/Feb/2023:09:40:51 +0800] "GET /xingrg/kc/buy/cgsh_order_operate.html?command=get_materiel&rest_code=00150&code=00101015021&supplier_code=00100054&order_time=2023-02-24 HTTP/1.1" 200 408
114.83.222.182 - - [24/Feb/2023:09:40:53 +0800] "GET /xingrg/all/function/internal_message.html?_=1677202917146&CODE_STATE=getMsg HTTP/1.1" 200 27
116.238.139.35 - - [24/Feb/2023:09:40:53 +0800] "GET /xingrg/all/function/internal_message.html?_=1677202864175&CODE_STATE=getMsg HTTP/1.1" 200 27
116.225.84.253 - - [24/Feb/2023:09:40:54 +0800] "GET /xingrg/check_reg.html?_=1677202864418 HTTP/1.1" 200 22
116.224.106.218 - - [24/Feb/2023:09:40:55 +0800] "GET /xingrg/all/function/internal_message.html?_=1677202862105&CODE_STATE=getMsg HTTP/1.1" 200 27
114.83.222.182 - - [24/Feb/2023:09:40:56 +0800] "GET /xingrg/kc/base/wldb_order_add.html HTTP/1.1" 200 30387
114.83.222.182 - - [24/Feb/2023:09:40:56 +0800] "POST /xingrg/kc/base/wldb_order_operate.html HTTP/1.1" 200 6806
114.83.222.182 - - [24/Feb/2023:09:40:56 +0800] "GET /xingrg/javascript/easyui/themes/default/validatebox.css HTTP/1.1" 404 1104
116.238.139.35 - - [24/Feb/2023:09:40:58 +0800] "POST /xingrg/kc/buy/cgsh_order_operate.html HTTP/1.1" 200 37
114.83.222.182 - - [24/Feb/2023:09:40:58 +0800] "POST /xingrg/all/common/load_combo.html?type=base HTTP/1.1" 200 1491
114.83.222.182 - - [24/Feb/2023:09:41:01 +0800] "POST /xingrg/all/common/load_combo.html?type=base HTTP/1.1" 200 1491
116.238.139.35 - - [24/Feb/2023:09:41:01 +0800] "POST /xingrg/kc/buy/cgsh_order_operate.html HTTP/1.1" 200 12
114.83.216.147 - - [24/Feb/2023:09:41:02 +0800] "GET /xingrg/check_reg.html?_=1677202870853 HTTP/1.1" 200 22
116.238.139.35 - - [24/Feb/2023:09:41:02 +0800] "GET /xingrg/kc/buy/cgsh_order_info.html?code=212023022408402 HTTP/1.1" 200 64813
114.83.216.147 - - [24/Feb/2023:09:41:03 +0800] "GET /xingrg/all/function/internal_message.html?_=1677202871403&CODE_STATE=getMsg HTTP/1.1" 200 27
116.238.139.35 - - [24/Feb/2023:09:41:03 +0800] "GET /xingrg/javascript/easyui/themes/default/validatebox.css HTTP/1.1" 404 1104
116.238.139.35 - - [24/Feb/2023:09:41:04 +0800] "POST /xingrg/kc/buy/cgsh_order_operate.html HTTP/1.1" 200 1790
116.238.139.35 - - [24/Feb/2023:09:41:05 +0800] "GET /xingrg/kc/print/load_data.html?order_code=212023022408402&kc_code=cgsh&condition= HTTP/1.1" 200 1156
180.164.3.199 - - [24/Feb/2023:09:41:05 +0800] "GET /xingrg/all/function/internal_message.html?_=1677202875228&CODE_STATE=getMsg HTTP/1.1" 200 27
180.163.29.217 - - [24/Feb/2023:09:41:07 +0800] "GET /xingrg/check_reg.html?_=1677202815156 HTTP/1.1" 302 -
180.163.29.217 - - [24/Feb/2023:09:41:07 +0800] "GET /xingrg/login.html HTTP/1.1" 200 7641
180.169.147.146 - - [24/Feb/2023:09:41:08 +0800] "GET /xingrg/all/function/internal_message.html?_=1677202878543&CODE_STATE=getMsg HTTP/1.1" 200 27
116.225.84.253 - - [24/Feb/2023:09:41:09 +0800] "GET /xingrg/all/function/internal_message.html?_=1677202879358&CODE_STATE=getMsg HTTP/1.1" 200 27
124.78.152.179 - - [24/Feb/2023:09:41:09 +0800] "GET /xingrg/all/function/internal_message.html?_=1677202877163&CODE_STATE=getMsg HTTP/1.1" 200 27
114.83.222.182 - - [24/Feb/2023:09:41:10 +0800] "GET /xingrg/kc/base/wldb_order_operate.html?command=get_materiel&rest_code=00154&base_code=0010726&code=00101029011 HTTP/1.1" 200 478
172.20.0.100 - - [24/Feb/2023:09:41:12 +0800] "GET /xingrg/all/function/internal_message.html?_=1677202881002&CODE_STATE=getMsg HTTP/1.1" 200 27
114.83.222.182 - - [24/Feb/2023:09:41:13 +0800] "POST /xingrg/all/common/load_select.html HTTP/1.1" 200 25
114.83.222.182 - - [24/Feb/2023:09:41:16 +0800] "GET /xingrg/kc/base/wldb_order_operate.html?command=get_materiel_price&rest_code=00154&base_code=0010726&code=00101029011&unit_code=00100157 HTTP/1.1" 200 33
58.221.95.50 - - [24/Feb/2023:09:41:20 +0800] "GET /xingrg/all/function/internal_message.html?_=1677202891666&CODE_STATE=getMsg HTTP/1.1" 200 27
114.83.222.182 - - [24/Feb/2023:09:41:22 +0800] "GET /xingrg/kc/base/wldb_order_operate.html?command=get_materiel&rest_code=00154&base_code=0010726&code=00101029002 HTTP/1.1" 200 470
116.192.124.172 - - [24/Feb/2023:09:41:26 +0800] "GET /xingrg/all/function/internal_message.html?_=1677202920147&CODE_STATE=getMsg HTTP/1.1" 200 27
114.83.222.182 - - [24/Feb/2023:09:41:32 +0800] "POST /xingrg/all/common/load_select.html HTTP/1.1" 200 25
222.70.177.73 - - [24/Feb/2023:09:41:32 +0800] "GET /xingrg/all/function/internal_message.html?_=1677202900438&CODE_STATE=getMsg HTTP/1.1" 200 27
222.70.221.209 - - [24/Feb/2023:09:41:32 +0800] "GET /xingrg/all/function/internal_message.html?_=1677202870738&CODE_STATE=getMsg HTTP/1.1" 200 27
222.70.221.209 - - [24/Feb/2023:09:41:33 +0800] "GET /xingrg/check_reg.html?_=1677202871029 HTTP/1.1" 200 22
114.83.222.182 - - [24/Feb/2023:09:41:33 +0800] "GET /xingrg/kc/base/wldb_order_operate.html?command=get_materiel_price&rest_code=00154&base_code=0010726&code=00101029002&unit_code=00100157 HTTP/1.1" 200 35
116.238.139.35 - - [24/Feb/2023:09:41:37 +0800] "GET /xingrg/all/function/internal_message.html?_=1677202836416&CODE_STATE=getMsg HTTP/1.1" 200 27
120.253.135.82 - - [24/Feb/2023:09:41:39 +0800] "GET /xingrg/all/function/internal_message.html?_=1677202733275&CODE_STATE=getMsg HTTP/1.1" 200 27
114.83.222.182 - - [24/Feb/2023:09:41:41 +0800] "GET /xingrg/kc/base/wldb_order_operate.html?command=get_materiel&rest_code=00154&base_code=0010726&code=00101029024 HTTP/1.1" 200 460
114.83.222.182 - - [24/Feb/2023:09:41:45 +0800] "POST /xingrg/all/common/load_select.html HTTP/1.1" 200 25
222.70.246.11 - - [24/Feb/2023:09:41:47 +0800] "GET /xingrg/all/function/internal_message.html?_=1677202934936&CODE_STATE=getMsg HTTP/1.1" 200 27
114.83.222.182 - - [24/Feb/2023:09:41:47 +0800] "GET /xingrg/kc/base/wldb_order_operate.html?command=get_materiel_price&rest_code=00154&base_code=0010726&code=00101029024&unit_code=00100179 HTTP/1.1" 200 35
180.157.253.110 - - [24/Feb/2023:09:41:52 +0800] "GET /xingrg/check_reg.html?_=1677202922466 HTTP/1.1" 200 22
114.83.222.182 - - [24/Feb/2023:09:41:53 +0800] "GET /xingrg/check_reg.html?_=1677202977129 HTTP/1.1" 200 22
114.83.222.182 - - [24/Feb/2023:09:41:53 +0800] "GET /xingrg/all/function/internal_message.html?_=1677202977132&CODE_STATE=getMsg HTTP/1.1" 200 27
116.238.139.35 - - [24/Feb/2023:09:41:53 +0800] "GET /xingrg/all/function/internal_message.html?_=1677202924178&CODE_STATE=getMsg HTTP/1.1" 200 27
116.224.106.218 - - [24/Feb/2023:09:41:55 +0800] "GET /xingrg/all/function/internal_message.html?_=1677202922090&CODE_STATE=getMsg HTTP/1.1" 200 27
114.83.222.182 - - [24/Feb/2023:09:41:58 +0800] "GET /xingrg/kc/base/wldb_order_operate.html?command=get_materiel&rest_code=00154&base_code=0010726&code=00101029094 HTTP/1.1" 200 461
114.83.222.182 - - [24/Feb/2023:09:42:02 +0800] "POST /xingrg/all/common/load_select.html HTTP/1.1" 200 25
114.83.216.147 - - [24/Feb/2023:09:42:03 +0800] "GET /xingrg/all/function/internal_message.html?_=1677202931377&CODE_STATE=getMsg HTTP/1.1" 200 27
114.83.222.182 - - [24/Feb/2023:09:42:04 +0800] "GET /xingrg/kc/base/wldb_order_operate.html?command=get_materiel_price&rest_code=00154&base_code=0010726&code=00101029094&unit_code=00100179 HTTP/1.1" 200 35
172.20.0.100 - - [24/Feb/2023:09:42:05 +0800] "GET /xingrg/check_reg.html?_=1677202933847 HTTP/1.1" 200 22
180.164.3.199 - - [24/Feb/2023:09:42:05 +0800] "GET /xingrg/all/function/internal_message.html?_=1677202935233&CODE_STATE=getMsg HTTP/1.1" 200 27
180.169.147.146 - - [24/Feb/2023:09:42:08 +0800] "GET /xingrg/all/function/internal_message.html?_=1677202938556&CODE_STATE=getMsg HTTP/1.1" 200 27
180.169.147.146 - - [24/Feb/2023:09:42:08 +0800] "GET /xingrg/check_reg.html?_=1677202938558 HTTP/1.1" 200 22
116.225.84.253 - - [24/Feb/2023:09:42:09 +0800] "GET /xingrg/all/function/internal_message.html?_=1677202939338&CODE_STATE=getMsg HTTP/1.1" 200 27
180.163.29.103 - - [24/Feb/2023:09:42:09 +0800] "GET /xingrg/all/function/internal_message.html?_=1677202877163&CODE_STATE=getMsg HTTP/1.1" 302 -
124.78.152.179 - - [24/Feb/2023:09:42:09 +0800] "GET /xingrg/all/function/internal_message.html?_=1677202937135&CODE_STATE=getMsg HTTP/1.1" 200 27
180.163.29.103 - - [24/Feb/2023:09:42:09 +0800] "GET /xingrg/login.html HTTP/1.1" 200 7641
172.20.0.100 - - [24/Feb/2023:09:42:12 +0800] "GET /xingrg/all/function/internal_message.html?_=1677202940973&CODE_STATE=getMsg HTTP/1.1" 200 27
58.221.95.50 - - [24/Feb/2023:09:42:20 +0800] "GET /xingrg/all/function/internal_message.html?_=1677202951655&CODE_STATE=getMsg HTTP/1.1" 200 27
116.192.124.172 - - [24/Feb/2023:09:42:26 +0800] "GET /xingrg/all/function/internal_message.html?_=1677202980146&CODE_STATE=getMsg HTTP/1.1" 200 27
114.83.222.182 - - [24/Feb/2023:09:42:26 +0800] "GET /xingrg/kc/base/wldb_order_operate.html?command=get_materiel&rest_code=00154&base_code=0010726&code=00101028013 HTTP/1.1" 200 467
222.70.177.73 - - [24/Feb/2023:09:42:32 +0800] "GET /xingrg/all/function/internal_message.html?_=1677202960435&CODE_STATE=getMsg HTTP/1.1" 200 27
222.70.221.209 - - [24/Feb/2023:09:42:32 +0800] "GET /xingrg/all/function/internal_message.html?_=1677202930717&CODE_STATE=getMsg HTTP/1.1" 200 27
116.224.106.218 - - [24/Feb/2023:09:42:35 +0800] "GET /xingrg/check_reg.html?_=1677202962465 HTTP/1.1" 200 22
116.238.139.35 - - [24/Feb/2023:09:42:37 +0800] "GET /xingrg/all/function/internal_message.html?_=1677202896429&CODE_STATE=getMsg HTTP/1.1" 200 27
120.253.135.82 - - [24/Feb/2023:09:42:40 +0800] "GET /xingrg/all/function/internal_message.html?_=1677202793505&CODE_STATE=getMsg HTTP/1.1" 200 27
222.70.246.11 - - [24/Feb/2023:09:42:47 +0800] "GET /xingrg/all/function/internal_message.html?_=1677202994950&CODE_STATE=getMsg HTTP/1.1" 200 27
114.83.222.182 - - [24/Feb/2023:09:42:53 +0800] "GET /xingrg/all/function/internal_message.html?_=1677203037138&CODE_STATE=getMsg HTTP/1.1" 200 27
116.238.139.35 - - [24/Feb/2023:09:42:53 +0800] "GET /xingrg/all/function/internal_message.html?_=1677202984192&CODE_STATE=getMsg HTTP/1.1" 200 27
114.83.222.182 - - [24/Feb/2023:09:42:54 +0800] "POST /xingrg/all/common/load_select.html HTTP/1.1" 200 25
116.224.106.218 - - [24/Feb/2023:09:42:55 +0800] "GET /xingrg/all/function/internal_message.html?_=1677202982061&CODE_STATE=getMsg HTTP/1.1" 200 27
114.83.222.182 - - [24/Feb/2023:09:42:56 +0800] "GET /xingrg/kc/base/wldb_order_operate.html?command=get_materiel_price&rest_code=00154&base_code=0010726&code=00101028013&unit_code=00100157 HTTP/1.1" 200 34
114.83.216.147 - - [24/Feb/2023:09:43:03 +0800] "GET /xingrg/all/function/internal_message.html?_=1677202991363&CODE_STATE=getMsg HTTP/1.1" 200 27
114.83.222.182 - - [24/Feb/2023:09:43:04 +0800] "GET /xingrg/kc/base/wldb_order_operate.html?command=get_materiel&rest_code=00154&base_code=0010726&code=00101028050 HTTP/1.1" 200 452
180.164.3.199 - - [24/Feb/2023:09:43:05 +0800] "GET /xingrg/all/function/internal_message.html?_=1677202995237&CODE_STATE=getMsg HTTP/1.1" 200 27
180.164.3.199 - - [24/Feb/2023:09:43:05 +0800] "GET /xingrg/check_reg.html?_=1677202995238 HTTP/1.1" 200 22
180.169.147.146 - - [24/Feb/2023:09:43:08 +0800] "GET /xingrg/all/function/internal_message.html?_=1677202998555&CODE_STATE=getMsg HTTP/1.1" 200 27
116.225.84.253 - - [24/Feb/2023:09:43:09 +0800] "GET /xingrg/all/function/internal_message.html?_=1677202999305&CODE_STATE=getMsg HTTP/1.1" 200 27
124.78.152.179 - - [24/Feb/2023:09:43:09 +0800] "GET /xingrg/all/function/internal_message.html?_=1677202997116&CODE_STATE=getMsg HTTP/1.1" 200 27
180.163.28.55 - - [24/Feb/2023:09:43:09 +0800] "GET /xingrg/all/function/internal_message.html?_=1677202937135&CODE_STATE=getMsg HTTP/1.1" 302 -
180.163.28.55 - - [24/Feb/2023:09:43:09 +0800] "GET /xingrg/login.html HTTP/1.1" 200 7641
172.20.0.100 - - [24/Feb/2023:09:43:12 +0800] "GET /xingrg/all/function/internal_message.html?_=1677203000944&CODE_STATE=getMsg HTTP/1.1" 200 27
58.221.95.50 - - [24/Feb/2023:09:43:20 +0800] "GET /xingrg/all/function/internal_message.html?_=1677203011679&CODE_STATE=getMsg HTTP/1.1" 200 27
114.83.222.182 - - [24/Feb/2023:09:43:23 +0800] "GET /xingrg/kc/base/wldb_order_operate.html?command=get_materiel&rest_code=00154&base_code=0010726&code=00101028002 HTTP/1.1" 200 477
116.192.124.172 - - [24/Feb/2023:09:43:26 +0800] "GET /xingrg/all/function/internal_message.html?_=1677203040147&CODE_STATE=getMsg HTTP/1.1" 200 27
114.83.222.182 - - [24/Feb/2023:09:43:27 +0800] "POST /xingrg/all/common/load_select.html HTTP/1.1" 200 25
114.83.222.182 - - [24/Feb/2023:09:43:28 +0800] "GET /xingrg/kc/base/wldb_order_operate.html?command=get_materiel_price&rest_code=00154&base_code=0010726&code=00101028002&unit_code=00100157 HTTP/1.1" 200 36
222.70.177.73 - - [24/Feb/2023:09:43:32 +0800] "GET /xingrg/all/function/internal_message.html?_=1677203020444&CODE_STATE=getMsg HTTP/1.1" 200 27
222.70.221.209 - - [24/Feb/2023:09:43:32 +0800] "GET /xingrg/all/function/internal_message.html?_=1677202990697&CODE_STATE=getMsg HTTP/1.1" 200 27
116.238.139.35 - - [24/Feb/2023:09:43:37 +0800] "GET /xingrg/all/function/internal_message.html?_=1677202956529&CODE_STATE=getMsg HTTP/1.1" 200 27
120.253.135.82 - - [24/Feb/2023:09:43:39 +0800] "GET /xingrg/all/function/internal_message.html?_=1677202853519&CODE_STATE=getMsg HTTP/1.1" 200 27
114.83.222.182 - - [24/Feb/2023:09:43:45 +0800] "GET /xingrg/kc/base/wldb_order_operate.html?command=get_materiel&rest_code=00154&base_code=0010726&code=00101020383 HTTP/1.1" 200 470
222.70.246.11 - - [24/Feb/2023:09:43:48 +0800] "GET /xingrg/all/function/internal_message.html?_=1677203055715&CODE_STATE=getMsg HTTP/1.1" 200 27
114.83.222.182 - - [24/Feb/2023:09:43:50 +0800] "POST /xingrg/all/common/load_select.html HTTP/1.1" 200 25
114.83.222.182 - - [24/Feb/2023:09:43:51 +0800] "GET /xingrg/kc/base/wldb_order_operate.html?command=get_materiel_price&rest_code=00154&base_code=0010726&code=00101020383&unit_code=00100157 HTTP/1.1" 200 35
114.83.222.182 - - [24/Feb/2023:09:43:53 +0800] "GET /xingrg/all/function/internal_message.html?_=1677203097148&CODE_STATE=getMsg HTTP/1.1" 200 27
116.238.139.35 - - [24/Feb/2023:09:43:53 +0800] "GET /xingrg/all/function/internal_message.html?_=1677203044179&CODE_STATE=getMsg HTTP/1.1" 200 27
116.224.106.218 - - [24/Feb/2023:09:43:55 +0800] "GET /xingrg/all/function/internal_message.html?_=1677203042046&CODE_STATE=getMsg HTTP/1.1" 200 27
114.83.222.182 - - [24/Feb/2023:09:43:59 +0800] "GET /xingrg/kc/base/wldb_order_operate.html?command=get_materiel&rest_code=00154&base_code=0010726&code=00101027072 HTTP/1.1" 200 457
114.83.216.147 - - [24/Feb/2023:09:44:03 +0800] "GET /xingrg/all/function/internal_message.html?_=1677203051335&CODE_STATE=getMsg HTTP/1.1" 200 27
114.83.222.182 - - [24/Feb/2023:09:44:04 +0800] "POST /xingrg/all/common/load_select.html HTTP/1.1" 200 25
180.164.3.199 - - [24/Feb/2023:09:44:05 +0800] "GET /xingrg/all/function/internal_message.html?_=1677203055241&CODE_STATE=getMsg HTTP/1.1" 200 27
58.221.95.50 - - [24/Feb/2023:09:44:06 +0800] "GET /xingrg/kc/print/load_config.html?kc_code=cgsh HTTP/1.1" 200 2157
114.83.222.182 - - [24/Feb/2023:09:44:07 +0800] "GET /xingrg/kc/base/wldb_order_operate.html?command=get_materiel_price&rest_code=00154&base_code=0010726&code=00101027072&unit_code=00100189 HTTP/1.1" 200 35
180.169.147.146 - - [24/Feb/2023:09:44:08 +0800] "GET /xingrg/all/function/internal_message.html?_=1677203058562&CODE_STATE=getMsg HTTP/1.1" 200 27
116.225.84.253 - - [24/Feb/2023:09:44:09 +0800] "GET /xingrg/all/function/internal_message.html?_=1677203059285&CODE_STATE=getMsg HTTP/1.1" 200 27
124.78.152.179 - - [24/Feb/2023:09:44:09 +0800] "GET /xingrg/all/function/internal_message.html?_=1677203057087&CODE_STATE=getMsg HTTP/1.1" 200 27
180.163.29.206 - - [24/Feb/2023:09:44:09 +0800] "GET /xingrg/all/function/internal_message.html?_=1677202997116&CODE_STATE=getMsg HTTP/1.1" 302 -
180.163.29.206 - - [24/Feb/2023:09:44:09 +0800] "GET /xingrg/login.html HTTP/1.1" 200 7641
172.20.0.100 - - [24/Feb/2023:09:44:12 +0800] "GET /xingrg/all/function/internal_message.html?_=1677203060914&CODE_STATE=getMsg HTTP/1.1" 200 27
114.83.222.182 - - [24/Feb/2023:09:44:15 +0800] "GET /xingrg/kc/base/wldb_order_operate.html?command=get_materiel&rest_code=00154&base_code=0010726&code=00101028012 HTTP/1.1" 200 477
114.83.222.182 - - [24/Feb/2023:09:44:18 +0800] "POST /xingrg/all/common/load_select.html HTTP/1.1" 200 25
58.221.95.50 - - [24/Feb/2023:09:44:20 +0800] "GET /xingrg/all/function/internal_message.html?_=1677203071672&CODE_STATE=getMsg HTTP/1.1" 200 27
58.221.95.50 - - [24/Feb/2023:09:44:20 +0800] "GET /xingrg/check_reg.html?_=1677203071674 HTTP/1.1" 200 22
222.70.177.73 - - [24/Feb/2023:09:44:20 +0800] "GET /xingrg/kc/buy/cgsh_order_add.html HTTP/1.1" 200 69869
222.70.177.73 - - [24/Feb/2023:09:44:21 +0800] "POST /xingrg/kc/buy/cgsh_order_operate.html HTTP/1.1" 200 8245
222.70.177.73 - - [24/Feb/2023:09:44:21 +0800] "GET /xingrg/javascript/easyui/themes/default/validatebox.css HTTP/1.1" 404 1104
114.83.222.182 - - [24/Feb/2023:09:44:21 +0800] "GET /xingrg/kc/base/wldb_order_operate.html?command=get_materiel_price&rest_code=00154&base_code=0010726&code=00101028012&unit_code=00100157 HTTP/1.1" 200 35
116.192.124.172 - - [24/Feb/2023:09:44:26 +0800] "GET /xingrg/check_reg.html?_=1677203100146 HTTP/1.1" 200 22
116.192.124.172 - - [24/Feb/2023:09:44:26 +0800] "GET /xingrg/all/function/internal_message.html?_=1677203100149&CODE_STATE=getMsg HTTP/1.1" 200 27
114.83.222.182 - - [24/Feb/2023:09:44:30 +0800] "POST /xingrg/all/common/load_select.html HTTP/1.1" 200 25
222.70.177.73 - - [24/Feb/2023:09:44:32 +0800] "GET /xingrg/all/function/internal_message.html?_=1677203080451&CODE_STATE=getMsg HTTP/1.1" 200 27
222.70.221.209 - - [24/Feb/2023:09:44:32 +0800] "GET /xingrg/all/function/internal_message.html?_=1677203050673&CODE_STATE=getMsg HTTP/1.1" 200 27
222.70.177.73 - - [24/Feb/2023:09:44:35 +0800] "GET /xingrg/kc/buy/cgsh_order_operate.html?command=get_materiel&rest_code=00111&code=00101002027&supplier_code=00100199&order_time=2023-02-24 HTTP/1.1" 200 413
116.238.139.35 - - [24/Feb/2023:09:44:37 +0800] "GET /xingrg/all/function/internal_message.html?_=1677203016535&CODE_STATE=getMsg HTTP/1.1" 200 27
120.253.135.82 - - [24/Feb/2023:09:44:40 +0800] "GET /xingrg/all/function/internal_message.html?_=1677202913748&CODE_STATE=getMsg HTTP/1.1" 200 27
222.70.177.73 - - [24/Feb/2023:09:44:45 +0800] "GET /xingrg/kc/buy/cgsh_order_operate.html?command=get_materiel&rest_code=00111&code=00101002006&supplier_code=00100199&order_time=2023-02-24 HTTP/1.1" 200 414
222.70.246.11 - - [24/Feb/2023:09:44:48 +0800] "GET /xingrg/all/function/internal_message.html?_=1677203115725&CODE_STATE=getMsg HTTP/1.1" 200 27
114.83.222.182 - - [24/Feb/2023:09:44:53 +0800] "GET /xingrg/all/function/internal_message.html?_=1677203157139&CODE_STATE=getMsg HTTP/1.1" 200 27
116.238.139.35 - - [24/Feb/2023:09:44:53 +0800] "GET /xingrg/check_reg.html?_=1677203104181 HTTP/1.1" 200 22
116.238.139.35 - - [24/Feb/2023:09:44:53 +0800] "GET /xingrg/all/function/internal_message.html?_=1677203104183&CODE_STATE=getMsg HTTP/1.1" 200 27
116.224.106.218 - - [24/Feb/2023:09:44:55 +0800] "GET /xingrg/all/function/internal_message.html?_=1677203102034&CODE_STATE=getMsg HTTP/1.1" 200 27
222.70.177.73 - - [24/Feb/2023:09:44:55 +0800] "GET /xingrg/kc/buy/cgsh_order_operate.html?command=get_materiel&rest_code=00111&code=00101002022&supplier_code=00100199&order_time=2023-02-24 HTTP/1.1" 200 430
114.83.216.147 - - [24/Feb/2023:09:45:03 +0800] "GET /xingrg/all/function/internal_message.html?_=1677203111315&CODE_STATE=getMsg HTTP/1.1" 200 27
222.70.177.73 - - [24/Feb/2023:09:45:04 +0800] "POST /xingrg/kc/buy/cgsh_order_operate.html HTTP/1.1" 200 37
180.164.3.199 - - [24/Feb/2023:09:45:05 +0800] "GET /xingrg/all/function/internal_message.html?_=1677203115244&CODE_STATE=getMsg HTTP/1.1" 200 27
124.78.152.179 - - [24/Feb/2023:09:45:07 +0800] "GET /xingrg/check_reg.html?_=1677203115154 HTTP/1.1" 200 22
222.70.177.73 - - [24/Feb/2023:09:45:08 +0800] "POST /xingrg/kc/buy/cgsh_order_operate.html HTTP/1.1" 200 3848
180.169.147.146 - - [24/Feb/2023:09:45:08 +0800] "GET /xingrg/all/function/internal_message.html?_=1677203118555&CODE_STATE=getMsg HTTP/1.1" 200 27
116.225.84.253 - - [24/Feb/2023:09:45:09 +0800] "GET /xingrg/all/function/internal_message.html?_=1677203119258&CODE_STATE=getMsg HTTP/1.1" 200 27
124.78.152.179 - - [24/Feb/2023:09:45:09 +0800] "GET /xingrg/all/function/internal_message.html?_=1677203117065&CODE_STATE=getMsg HTTP/1.1" 200 27
180.163.29.206 - - [24/Feb/2023:09:45:09 +0800] "GET /xingrg/all/function/internal_message.html?_=1677203057087&CODE_STATE=getMsg HTTP/1.1" 302 -
180.163.29.206 - - [24/Feb/2023:09:45:09 +0800] "GET /xingrg/login.html HTTP/1.1" 200 7641
222.70.177.73 - - [24/Feb/2023:09:45:10 +0800] "GET /xingrg/kc/print/load_data.html?order_code=212023022408403&kc_code=cgsh&condition= HTTP/1.1" 200 1128
172.20.0.100 - - [24/Feb/2023:09:45:12 +0800] "GET /xingrg/all/function/internal_message.html?_=1677203120900&CODE_STATE=getMsg HTTP/1.1" 200 27
58.221.95.50 - - [24/Feb/2023:09:45:20 +0800] "GET /xingrg/all/function/internal_message.html?_=1677203131660&CODE_STATE=getMsg HTTP/1.1" 200 27
116.192.124.172 - - [24/Feb/2023:09:45:26 +0800] "GET /xingrg/all/function/internal_message.html?_=1677203160148&CODE_STATE=getMsg HTTP/1.1" 200 27
222.70.177.73 - - [24/Feb/2023:09:45:32 +0800] "GET /xingrg/all/function/internal_message.html?_=1677203140461&CODE_STATE=getMsg HTTP/1.1" 200 27
222.70.177.73 - - [24/Feb/2023:09:45:32 +0800] "GET /xingrg/check_reg.html?_=1677203140464 HTTP/1.1" 200 22
222.70.221.209 - - [24/Feb/2023:09:45:32 +0800] "GET /xingrg/all/function/internal_message.html?_=1677203110659&CODE_STATE=getMsg HTTP/1.1" 200 27
120.253.135.82 - - [24/Feb/2023:09:45:33 +0800] "GET /xingrg/check_reg.html?_=1677202966639 HTTP/1.1" 200 22
116.238.139.35 - - [24/Feb/2023:09:45:37 +0800] "GET /xingrg/check_reg.html?_=1677203075729 HTTP/1.1" 200 22
116.238.139.35 - - [24/Feb/2023:09:45:37 +0800] "GET /xingrg/all/function/internal_message.html?_=1677203076549&CODE_STATE=getMsg HTTP/1.1" 200 27
120.253.135.82 - - [24/Feb/2023:09:45:40 +0800] "GET /xingrg/all/function/internal_message.html?_=1677202973749&CODE_STATE=getMsg HTTP/1.1" 200 27
222.70.246.11 - - [24/Feb/2023:09:45:46 +0800] "GET /xingrg/check_reg.html?_=1677203173930 HTTP/1.1" 200 22
222.70.246.11 - - [24/Feb/2023:09:45:48 +0800] "GET /xingrg/all/function/internal_message.html?_=1677203175738&CODE_STATE=getMsg HTTP/1.1" 200 27
114.83.222.182 - - [24/Feb/2023:09:45:53 +0800] "GET /xingrg/all/function/internal_message.html?_=1677203217143&CODE_STATE=getMsg HTTP/1.1" 200 27
116.238.139.35 - - [24/Feb/2023:09:45:53 +0800] "GET /xingrg/all/function/internal_message.html?_=1677203164183&CODE_STATE=getMsg HTTP/1.1" 200 27
