222.70.221.209 - - [24/Feb/2023:09:23:03 +0800] "POST /xingrg/dwr/call/plaincall/AjaxYddbService.saveMaterielItem.dwr HTTP/1.1" 200 78
180.164.3.199 - - [24/Feb/2023:09:23:05 +0800] "GET /xingrg/all/function/internal_message.html?_=1677201795142&CODE_STATE=getMsg HTTP/1.1" 200 27
222.70.221.209 - - [24/Feb/2023:09:23:05 +0800] "POST /xingrg/dwr/call/plaincall/AjaxComOrderService.getMaterielSearchList.dwr HTTP/1.1" 200 77
180.164.3.199 - - [24/Feb/2023:09:23:05 +0800] "GET /xingrg/check_reg.html?_=1677201795145 HTTP/1.1" 200 22
222.70.221.209 - - [24/Feb/2023:09:23:06 +0800] "POST /xingrg/dwr/call/plaincall/AjaxComOrderService.getMaterielSearchList.dwr HTTP/1.1" 200 410
124.78.152.179 - - [24/Feb/2023:09:23:07 +0800] "GET /xingrg/all/function/internal_message.html?_=1677201795147&CODE_STATE=getMsg HTTP/1.1" 200 27
180.163.29.219 - - [24/Feb/2023:09:23:07 +0800] "GET /xingrg/all/function/internal_message.html?_=1677201735148&CODE_STATE=getMsg HTTP/1.1" 302 -
180.163.29.219 - - [24/Feb/2023:09:23:07 +0800] "GET /xingrg/login.html HTTP/1.1" 200 7641
222.70.221.209 - - [24/Feb/2023:09:23:08 +0800] "POST /xingrg/dwr/call/plaincall/AjaxYddbService.getMaterielByMap.dwr HTTP/1.1" 200 2765
116.225.84.253 - - [24/Feb/2023:09:23:09 +0800] "GET /xingrg/all/function/internal_message.html?_=1677201799773&CODE_STATE=getMsg HTTP/1.1" 200 27
222.70.221.209 - - [24/Feb/2023:09:23:10 +0800] "POST /xingrg/dwr/call/plaincall/AjaxYddbService.saveMaterielItem.dwr HTTP/1.1" 200 79
172.20.0.100 - - [24/Feb/2023:09:23:12 +0800] "GET /xingrg/all/function/internal_message.html?_=1677201801475&CODE_STATE=getMsg HTTP/1.1" 200 27
222.70.221.209 - - [24/Feb/2023:09:23:16 +0800] "POST /xingrg/dwr/call/plaincall/AjaxComOrderService.getMaterielSearchList.dwr HTTP/1.1" 200 77
222.70.221.209 - - [24/Feb/2023:09:23:17 +0800] "POST /xingrg/dwr/call/plaincall/AjaxComOrderService.getMaterielSearchList.dwr HTTP/1.1" 200 77
222.70.221.209 - - [24/Feb/2023:09:23:18 +0800] "POST /xingrg/dwr/call/plaincall/AjaxComOrderService.getMaterielSearchList.dwr HTTP/1.1" 200 2059
222.70.221.209 - - [24/Feb/2023:09:23:20 +0800] "POST /xingrg/dwr/call/plaincall/AjaxYddbService.getMaterielByMap.dwr HTTP/1.1" 200 2775
222.70.221.209 - - [24/Feb/2023:09:23:24 +0800] "POST /xingrg/dwr/call/plaincall/AjaxYddbService.saveMaterielItem.dwr HTTP/1.1" 200 79
222.70.221.209 - - [24/Feb/2023:09:23:26 +0800] "POST /xingrg/dwr/call/plaincall/AjaxComOrderService.getMaterielSearchList.dwr HTTP/1.1" 200 77
116.192.124.172 - - [24/Feb/2023:09:23:26 +0800] "GET /xingrg/all/function/internal_message.html?_=1677201840152&CODE_STATE=getMsg HTTP/1.1" 200 27
222.70.221.209 - - [24/Feb/2023:09:23:27 +0800] "POST /xingrg/dwr/call/plaincall/AjaxComOrderService.getMaterielSearchList.dwr HTTP/1.1" 200 577
222.70.221.209 - - [24/Feb/2023:09:23:29 +0800] "POST /xingrg/dwr/call/plaincall/AjaxComOrderService.getMaterielSearchList.dwr HTTP/1.1" 200 77
222.70.221.209 - - [24/Feb/2023:09:23:30 +0800] "POST /xingrg/dwr/call/plaincall/AjaxComOrderService.getMaterielSearchList.dwr HTTP/1.1" 200 204
222.70.221.209 - - [24/Feb/2023:09:23:30 +0800] "POST /xingrg/dwr/call/plaincall/AjaxComOrderService.getMaterielSearchList.dwr HTTP/1.1" 200 204
222.70.221.209 - - [24/Feb/2023:09:23:31 +0800] "POST /xingrg/dwr/call/plaincall/AjaxComOrderService.getMaterielSearchList.dwr HTTP/1.1" 200 298
222.70.221.209 - - [24/Feb/2023:09:23:32 +0800] "POST /xingrg/dwr/call/plaincall/AjaxComOrderService.getMaterielSearchList.dwr HTTP/1.1" 200 77
222.70.177.73 - - [24/Feb/2023:09:23:32 +0800] "GET /xingrg/all/function/internal_message.html?_=1677201820403&CODE_STATE=getMsg HTTP/1.1" 200 27
222.70.221.209 - - [24/Feb/2023:09:23:32 +0800] "POST /xingrg/dwr/call/plaincall/AjaxComOrderService.getMaterielSearchList.dwr HTTP/1.1" 200 77
222.70.221.209 - - [24/Feb/2023:09:23:33 +0800] "GET /xingrg/all/function/internal_message.html?_=1677201791071&CODE_STATE=getMsg HTTP/1.1" 200 27
222.70.221.209 - - [24/Feb/2023:09:23:33 +0800] "POST /xingrg/dwr/call/plaincall/AjaxComOrderService.getMaterielSearchList.dwr HTTP/1.1" 200 405
222.70.221.209 - - [24/Feb/2023:09:23:34 +0800] "POST /xingrg/dwr/call/plaincall/AjaxYddbService.getMaterielByMap.dwr HTTP/1.1" 200 2757
222.70.221.209 - - [24/Feb/2023:09:23:37 +0800] "POST /xingrg/dwr/call/plaincall/AjaxYddbService.saveMaterielItem.dwr HTTP/1.1" 200 79
116.238.139.35 - - [24/Feb/2023:09:23:37 +0800] "GET /xingrg/all/function/internal_message.html?_=1677201755760&CODE_STATE=getMsg HTTP/1.1" 200 27
120.253.135.82 - - [24/Feb/2023:09:23:38 +0800] "GET /xingrg/all/function/internal_message.html?_=1677201651782&CODE_STATE=getMsg HTTP/1.1" 200 27
222.70.221.209 - - [24/Feb/2023:09:23:39 +0800] "POST /xingrg/dwr/call/plaincall/AjaxComOrderService.getMaterielSearchList.dwr HTTP/1.1" 200 77
222.70.221.209 - - [24/Feb/2023:09:23:40 +0800] "POST /xingrg/dwr/call/plaincall/AjaxComOrderService.getMaterielSearchList.dwr HTTP/1.1" 200 1048
222.70.221.209 - - [24/Feb/2023:09:23:41 +0800] "POST /xingrg/dwr/call/plaincall/AjaxYddbService.getMaterielByMap.dwr HTTP/1.1" 200 2770
222.70.221.209 - - [24/Feb/2023:09:23:43 +0800] "POST /xingrg/dwr/call/plaincall/AjaxYddbService.saveMaterielItem.dwr HTTP/1.1" 200 79
222.70.246.11 - - [24/Feb/2023:09:23:44 +0800] "GET /xingrg/all/function/internal_message.html?_=1677201852374&CODE_STATE=getMsg HTTP/1.1" 200 27
222.70.221.209 - - [24/Feb/2023:09:23:46 +0800] "POST /xingrg/dwr/call/plaincall/AjaxComOrderService.getMaterielSearchList.dwr HTTP/1.1" 200 77
222.70.221.209 - - [24/Feb/2023:09:23:47 +0800] "POST /xingrg/dwr/call/plaincall/AjaxComOrderService.getMaterielSearchList.dwr HTTP/1.1" 200 16753
222.70.221.209 - - [24/Feb/2023:09:23:48 +0800] "POST /xingrg/dwr/call/plaincall/AjaxYddbService.getMaterielByMap.dwr HTTP/1.1" 200 2757
222.70.221.209 - - [24/Feb/2023:09:23:52 +0800] "POST /xingrg/dwr/call/plaincall/AjaxYddbService.saveMaterielItem.dwr HTTP/1.1" 200 79
222.70.221.209 - - [24/Feb/2023:09:23:54 +0800] "POST /xingrg/dwr/call/plaincall/AjaxComOrderService.getMaterielSearchList.dwr HTTP/1.1" 200 77
116.224.106.218 - - [24/Feb/2023:09:23:55 +0800] "GET /xingrg/all/function/internal_message.html?_=1677201842393&CODE_STATE=getMsg HTTP/1.1" 200 27
222.70.221.209 - - [24/Feb/2023:09:23:55 +0800] "POST /xingrg/dwr/call/plaincall/AjaxComOrderService.getMaterielSearchList.dwr HTTP/1.1" 200 77
222.70.221.209 - - [24/Feb/2023:09:23:56 +0800] "POST /xingrg/dwr/call/plaincall/AjaxComOrderService.getMaterielSearchList.dwr HTTP/1.1" 200 278
222.70.221.209 - - [24/Feb/2023:09:23:57 +0800] "POST /xingrg/dwr/call/plaincall/AjaxYddbService.getMaterielByMap.dwr HTTP/1.1" 200 2764
222.70.221.209 - - [24/Feb/2023:09:24:00 +0800] "POST /xingrg/dwr/call/plaincall/AjaxYddbService.saveMaterielItem.dwr HTTP/1.1" 200 79
116.238.139.35 - - [24/Feb/2023:09:24:00 +0800] "GET /xingrg/all/function/internal_message.html?_=1677201851282&CODE_STATE=getMsg HTTP/1.1" 200 27
222.70.221.209 - - [24/Feb/2023:09:24:02 +0800] "POST /xingrg/dwr/call/plaincall/AjaxComOrderService.getMaterielSearchList.dwr HTTP/1.1" 200 77
114.83.216.147 - - [24/Feb/2023:09:24:02 +0800] "GET /xingrg/all/function/internal_message.html?_=1677201850784&CODE_STATE=getMsg HTTP/1.1" 200 27
222.70.221.209 - - [24/Feb/2023:09:24:03 +0800] "POST /xingrg/dwr/call/plaincall/AjaxComOrderService.getMaterielSearchList.dwr HTTP/1.1" 200 77
222.70.221.209 - - [24/Feb/2023:09:24:04 +0800] "POST /xingrg/dwr/call/plaincall/AjaxComOrderService.getMaterielSearchList.dwr HTTP/1.1" 200 278
222.70.221.209 - - [24/Feb/2023:09:24:04 +0800] "POST /xingrg/dwr/call/plaincall/AjaxYddbService.getMaterielByMap.dwr HTTP/1.1" 200 2771
180.164.3.199 - - [24/Feb/2023:09:24:05 +0800] "GET /xingrg/all/function/internal_message.html?_=1677201855158&CODE_STATE=getMsg HTTP/1.1" 200 27
58.221.95.50 - - [24/Feb/2023:09:24:06 +0800] "GET /xingrg/login.html HTTP/1.1" 200 7641
222.70.221.209 - - [24/Feb/2023:09:24:07 +0800] "POST /xingrg/dwr/call/plaincall/AjaxYddbService.saveMaterielItem.dwr HTTP/1.1" 200 79
124.78.152.179 - - [24/Feb/2023:09:24:07 +0800] "GET /xingrg/all/function/internal_message.html?_=1677201855152&CODE_STATE=getMsg HTTP/1.1" 200 27
180.163.29.234 - - [24/Feb/2023:09:24:07 +0800] "GET /xingrg/all/function/internal_message.html?_=1677201795147&CODE_STATE=getMsg HTTP/1.1" 302 -
180.163.29.234 - - [24/Feb/2023:09:24:07 +0800] "GET /xingrg/login.html HTTP/1.1" 200 7641
58.40.7.146 - - [24/Feb/2023:09:24:09 +0800] "POST /xingrg/services/DataTransmitService HTTP/1.1" 200 524
116.225.84.253 - - [24/Feb/2023:09:24:09 +0800] "GET /xingrg/all/function/internal_message.html?_=1677201859752&CODE_STATE=getMsg HTTP/1.1" 200 27
222.70.221.209 - - [24/Feb/2023:09:24:09 +0800] "POST /xingrg/dwr/call/plaincall/AjaxComOrderService.getMaterielSearchList.dwr HTTP/1.1" 200 77
222.70.221.209 - - [24/Feb/2023:09:24:11 +0800] "POST /xingrg/dwr/call/plaincall/AjaxComOrderService.getMaterielSearchList.dwr HTTP/1.1" 200 689
222.70.221.209 - - [24/Feb/2023:09:24:11 +0800] "POST /xingrg/dwr/call/plaincall/AjaxYddbService.getMaterielByMap.dwr HTTP/1.1" 200 2774
172.20.0.100 - - [24/Feb/2023:09:24:12 +0800] "GET /xingrg/all/function/internal_message.html?_=1677201861447&CODE_STATE=getMsg HTTP/1.1" 200 27
222.70.221.209 - - [24/Feb/2023:09:24:16 +0800] "POST /xingrg/dwr/call/plaincall/AjaxYddbService.saveMaterielItem.dwr HTTP/1.1" 200 79
58.221.95.50 - - [24/Feb/2023:09:24:19 +0800] "POST /xingrg/login.do HTTP/1.1" 302 -
58.221.95.50 - - [24/Feb/2023:09:24:20 +0800] "GET /xingrg/index.html?sysBaseUrl=http%3A%2F%2F180.169.147.146%3A18081%2Fxingrg%2F&costTime=50×tamp=1677201859951 HTTP/1.1" 200 17417
58.221.95.50 - - [24/Feb/2023:09:24:20 +0800] "POST /xingrg/all/common/load_tree.html?tree=area_rest_tree_json&manage=1 HTTP/1.1" 200 3499
58.221.95.50 - - [24/Feb/2023:09:24:20 +0800] "GET /xingrg/all/function/internal_message.html?_=1677201871650&CODE_STATE=count HTTP/1.1" 200 11
58.221.95.50 - - [24/Feb/2023:09:24:20 +0800] "GET /xingrg/check_reg.html?_=1677201871652 HTTP/1.1" 200 22
58.221.95.50 - - [24/Feb/2023:09:24:20 +0800] "POST /xingrg/load_menu.html HTTP/1.1" 200 9959
116.192.124.172 - - [24/Feb/2023:09:24:26 +0800] "GET /xingrg/check_reg.html?_=1677201900141 HTTP/1.1" 200 22
116.192.124.172 - - [24/Feb/2023:09:24:26 +0800] "GET /xingrg/all/function/internal_message.html?_=1677201900145&CODE_STATE=getMsg HTTP/1.1" 200 27
222.70.221.209 - - [24/Feb/2023:09:24:28 +0800] "POST /xingrg/dwr/call/plaincall/AjaxComOrderService.getMaterielSearchList.dwr HTTP/1.1" 200 77
116.225.84.253 - - [24/Feb/2023:09:24:28 +0800] "POST /xingrg/kc/buy/cgsh_order_operate.html HTTP/1.1" 200 37
222.70.221.209 - - [24/Feb/2023:09:24:28 +0800] "POST /xingrg/dwr/call/plaincall/AjaxComOrderService.getMaterielSearchList.dwr HTTP/1.1" 200 532
222.70.221.209 - - [24/Feb/2023:09:24:30 +0800] "POST /xingrg/dwr/call/plaincall/AjaxYddbService.getMaterielByMap.dwr HTTP/1.1" 200 2766
116.225.84.253 - - [24/Feb/2023:09:24:30 +0800] "POST /xingrg/kc/buy/cgsh_order_operate.html HTTP/1.1" 200 41081
116.225.84.253 - - [24/Feb/2023:09:24:31 +0800] "GET /xingrg/kc/print/load_config.html?kc_code=cgsh HTTP/1.1" 200 2157
116.225.84.253 - - [24/Feb/2023:09:24:31 +0800] "GET /xingrg/kc/print/load_data.html?order_code=212023022408395&kc_code=cgsh&condition= HTTP/1.1" 200 15143
222.70.177.73 - - [24/Feb/2023:09:24:32 +0800] "GET /xingrg/all/function/internal_message.html?_=1677201880403&CODE_STATE=getMsg HTTP/1.1" 200 27
222.70.221.209 - - [24/Feb/2023:09:24:33 +0800] "GET /xingrg/all/function/internal_message.html?_=1677201851047&CODE_STATE=getMsg HTTP/1.1" 200 27
222.70.221.209 - - [24/Feb/2023:09:24:33 +0800] "POST /xingrg/dwr/call/plaincall/AjaxYddbService.saveMaterielItem.dwr HTTP/1.1" 200 79
116.238.139.35 - - [24/Feb/2023:09:24:37 +0800] "GET /xingrg/all/function/internal_message.html?_=1677201815764&CODE_STATE=getMsg HTTP/1.1" 200 27
222.70.221.209 - - [24/Feb/2023:09:24:37 +0800] "POST /xingrg/dwr/call/plaincall/AjaxComOrderService.getMaterielSearchList.dwr HTTP/1.1" 200 77
120.253.135.82 - - [24/Feb/2023:09:24:38 +0800] "GET /xingrg/all/function/internal_message.html?_=1677201711941&CODE_STATE=getMsg HTTP/1.1" 200 27
222.70.221.209 - - [24/Feb/2023:09:24:38 +0800] "POST /xingrg/dwr/call/plaincall/AjaxComOrderService.getMaterielSearchList.dwr HTTP/1.1" 200 542
222.70.221.209 - - [24/Feb/2023:09:24:40 +0800] "POST /xingrg/dwr/call/plaincall/AjaxYddbService.getMaterielByMap.dwr HTTP/1.1" 200 2769
222.70.221.209 - - [24/Feb/2023:09:24:44 +0800] "POST /xingrg/dwr/call/plaincall/AjaxYddbService.saveMaterielItem.dwr HTTP/1.1" 200 79
222.70.246.11 - - [24/Feb/2023:09:24:44 +0800] "GET /xingrg/all/function/internal_message.html?_=1677201912379&CODE_STATE=getMsg HTTP/1.1" 200 27
116.225.84.253 - - [24/Feb/2023:09:24:47 +0800] "GET /xingrg/javascript/jquery_easy_ui/themes/default/images/tabs_active.png HTTP/1.1" 304 -
222.70.221.209 - - [24/Feb/2023:09:24:48 +0800] "POST /xingrg/dwr/call/plaincall/AjaxComOrderService.getMaterielSearchList.dwr HTTP/1.1" 200 77
222.70.221.209 - - [24/Feb/2023:09:24:48 +0800] "POST /xingrg/dwr/call/plaincall/AjaxComOrderService.getMaterielSearchList.dwr HTTP/1.1" 200 2231
222.70.221.209 - - [24/Feb/2023:09:24:49 +0800] "POST /xingrg/dwr/call/plaincall/AjaxYddbService.getMaterielByMap.dwr HTTP/1.1" 200 2770
116.224.106.218 - - [24/Feb/2023:09:24:55 +0800] "GET /xingrg/all/function/internal_message.html?_=1677201902378&CODE_STATE=getMsg HTTP/1.1" 200 27
116.238.139.35 - - [24/Feb/2023:09:25:00 +0800] "GET /xingrg/all/function/internal_message.html?_=1677201911283&CODE_STATE=getMsg HTTP/1.1" 200 27
222.70.221.209 - - [24/Feb/2023:09:25:00 +0800] "POST /xingrg/dwr/call/plaincall/AjaxYddbService.saveMaterielItem.dwr HTTP/1.1" 200 79
114.83.216.147 - - [24/Feb/2023:09:25:02 +0800] "GET /xingrg/all/function/internal_message.html?_=1677201910787&CODE_STATE=getMsg HTTP/1.1" 200 27
180.164.3.199 - - [24/Feb/2023:09:25:05 +0800] "GET /xingrg/all/function/internal_message.html?_=1677201915160&CODE_STATE=getMsg HTTP/1.1" 200 27
124.78.152.179 - - [24/Feb/2023:09:25:07 +0800] "GET /xingrg/all/function/internal_message.html?_=1677201915154&CODE_STATE=getMsg HTTP/1.1" 200 27
180.163.30.100 - - [24/Feb/2023:09:25:07 +0800] "GET /xingrg/all/function/internal_message.html?_=1677201855152&CODE_STATE=getMsg HTTP/1.1" 302 -
124.78.152.179 - - [24/Feb/2023:09:25:07 +0800] "GET /xingrg/check_reg.html?_=1677201915159 HTTP/1.1" 200 22
180.163.30.100 - - [24/Feb/2023:09:25:07 +0800] "GET /xingrg/login.html HTTP/1.1" 200 7641
222.70.221.209 - - [24/Feb/2023:09:25:07 +0800] "POST /xingrg/dwr/call/plaincall/AjaxComOrderService.getMaterielSearchList.dwr HTTP/1.1" 200 67732
222.70.221.209 - - [24/Feb/2023:09:25:08 +0800] "POST /xingrg/dwr/call/plaincall/AjaxComOrderService.getMaterielSearchList.dwr HTTP/1.1" 200 67732
222.70.221.209 - - [24/Feb/2023:09:25:08 +0800] "POST /xingrg/dwr/call/plaincall/AjaxYddbService.getMaterielByMap.dwr HTTP/1.1" 200 2764
116.225.84.253 - - [24/Feb/2023:09:25:09 +0800] "GET /xingrg/all/function/internal_message.html?_=1677201919736&CODE_STATE=getMsg HTTP/1.1" 200 27
172.20.0.100 - - [24/Feb/2023:09:25:12 +0800] "GET /xingrg/all/function/internal_message.html?_=1677201921417&CODE_STATE=getMsg HTTP/1.1" 200 27
222.70.246.11 - - [24/Feb/2023:09:25:14 +0800] "POST /xingrg/services/DataTransmitService HTTP/1.1" 200 524
222.70.221.209 - - [24/Feb/2023:09:25:14 +0800] "POST /xingrg/dwr/call/plaincall/AjaxComOrderService.getMaterielSearchList.dwr HTTP/1.1" 200 278
222.70.246.11 - - [24/Feb/2023:09:25:15 +0800] "POST /xingrg/services/DataTransmitService HTTP/1.1" 200 524
222.70.221.209 - - [24/Feb/2023:09:25:19 +0800] "POST /xingrg/dwr/call/plaincall/AjaxComOrderService.getMaterielSearchList.dwr HTTP/1.1" 200 278
58.221.95.50 - - [24/Feb/2023:09:25:20 +0800] "GET /xingrg/all/function/internal_message.html?_=1677201931674&CODE_STATE=getMsg HTTP/1.1" 200 27
222.70.221.209 - - [24/Feb/2023:09:25:21 +0800] "POST /xingrg/dwr/call/plaincall/AjaxYddbService.loadMaterielItems.dwr HTTP/1.1" 200 11153
222.70.246.11 - - [24/Feb/2023:09:25:25 +0800] "POST /xingrg/services/DataTransmitService HTTP/1.1" 200 524
222.70.221.209 - - [24/Feb/2023:09:25:26 +0800] "GET /xingrg/kc/base/yddb_order_list.html HTTP/1.1" 200 16710
222.70.221.209 - - [24/Feb/2023:09:25:26 +0800] "POST /xingrg/kc/base/yddb_list_operate.html HTTP/1.1" 200 1617
116.192.124.172 - - [24/Feb/2023:09:25:26 +0800] "GET /xingrg/all/function/internal_message.html?_=1677201960143&CODE_STATE=getMsg HTTP/1.1" 200 27
222.70.221.209 - - [24/Feb/2023:09:25:27 +0800] "POST /xingrg/kc/base/yddb_list_operate.html HTTP/1.1" 200 576
222.70.221.209 - - [24/Feb/2023:09:25:28 +0800] "GET /xingrg/kc/base/yddb_order_info.html?code=482023022400173 HTTP/1.1" 200 31527
222.70.221.209 - - [24/Feb/2023:09:25:28 +0800] "GET /xingrg/dwr/interface/AjaxYddbService.js HTTP/1.1" 200 13201
222.70.221.209 - - [24/Feb/2023:09:25:28 +0800] "GET /xingrg/dwr/interface/AjaxComOrderService.js HTTP/1.1" 200 18264
222.70.221.209 - - [24/Feb/2023:09:25:28 +0800] "GET /xingrg/dwr/engine.js HTTP/1.1" 200 43631
222.70.221.209 - - [24/Feb/2023:09:25:28 +0800] "POST /xingrg/dwr/call/plaincall/AjaxYddbService.loadMaterielItems.dwr HTTP/1.1" 200 4181
222.70.177.73 - - [24/Feb/2023:09:25:32 +0800] "GET /xingrg/check_reg.html?_=1677201940429 HTTP/1.1" 200 22
222.70.177.73 - - [24/Feb/2023:09:25:32 +0800] "GET /xingrg/all/function/internal_message.html?_=1677201940431&CODE_STATE=getMsg HTTP/1.1" 200 27
222.70.221.209 - - [24/Feb/2023:09:25:32 +0800] "POST /xingrg/dwr/call/plaincall/AjaxComOrderService.getMaterielSearchList.dwr HTTP/1.1" 200 67731
120.253.135.82 - - [24/Feb/2023:09:25:33 +0800] "GET /xingrg/check_reg.html?_=1677201766618 HTTP/1.1" 200 22
222.70.221.209 - - [24/Feb/2023:09:25:33 +0800] "GET /xingrg/all/function/internal_message.html?_=1677201911023&CODE_STATE=getMsg HTTP/1.1" 200 27
222.70.221.209 - - [24/Feb/2023:09:25:34 +0800] "POST /xingrg/dwr/call/plaincall/AjaxComOrderService.getMaterielSearchList.dwr HTTP/1.1" 200 67731
222.70.221.209 - - [24/Feb/2023:09:25:35 +0800] "POST /xingrg/dwr/call/plaincall/AjaxComOrderService.getMaterielSearchList.dwr HTTP/1.1" 200 780
116.238.139.35 - - [24/Feb/2023:09:25:36 +0800] "GET /xingrg/check_reg.html?_=1677201875466 HTTP/1.1" 200 22
116.238.139.35 - - [24/Feb/2023:09:25:37 +0800] "GET /xingrg/all/function/internal_message.html?_=1677201875778&CODE_STATE=getMsg HTTP/1.1" 200 27
222.70.221.209 - - [24/Feb/2023:09:25:37 +0800] "POST /xingrg/dwr/call/plaincall/AjaxYddbService.getMaterielByMap.dwr HTTP/1.1" 200 2764
222.70.246.11 - - [24/Feb/2023:09:25:37 +0800] "POST /xingrg/services/DataTransmitService HTTP/1.1" 200 524
120.253.135.82 - - [24/Feb/2023:09:25:38 +0800] "GET /xingrg/all/function/internal_message.html?_=1677201771950&CODE_STATE=getMsg HTTP/1.1" 200 27
116.225.84.253 - - [24/Feb/2023:09:25:40 +0800] "POST /xingrg/services/DataTransmitService HTTP/1.1" 200 524
222.70.221.209 - - [24/Feb/2023:09:25:40 +0800] "POST /xingrg/dwr/call/plaincall/AjaxYddbService.saveMaterielItem.dwr HTTP/1.1" 200 78
116.225.84.253 - - [24/Feb/2023:09:25:41 +0800] "POST /xingrg/services/DataTransmitService HTTP/1.1" 200 2407
116.225.84.253 - - [24/Feb/2023:09:25:41 +0800] "POST /xingrg/services/DataTransmitService HTTP/1.1" 200 2543
116.225.84.253 - - [24/Feb/2023:09:25:41 +0800] "POST /xingrg/services/DataTransmitService HTTP/1.1" 200 1459
222.70.246.11 - - [24/Feb/2023:09:25:43 +0800] "GET /xingrg/check_reg.html?_=1677201970921 HTTP/1.1" 200 22
222.70.221.209 - - [24/Feb/2023:09:25:43 +0800] "POST /xingrg/dwr/call/plaincall/AjaxComOrderService.getMaterielSearchList.dwr HTTP/1.1" 200 76
222.70.221.209 - - [24/Feb/2023:09:25:44 +0800] "POST /xingrg/dwr/call/plaincall/AjaxComOrderService.getMaterielSearchList.dwr HTTP/1.1" 200 409
222.70.246.11 - - [24/Feb/2023:09:25:44 +0800] "GET /xingrg/all/function/internal_message.html?_=1677201972393&CODE_STATE=getMsg HTTP/1.1" 200 27
222.70.221.209 - - [24/Feb/2023:09:25:46 +0800] "POST /xingrg/dwr/call/plaincall/AjaxYddbService.getMaterielByMap.dwr HTTP/1.1" 200 2771
116.225.84.253 - - [24/Feb/2023:09:25:54 +0800] "GET /xingrg/check_reg.html?_=1677201964487 HTTP/1.1" 200 22
116.224.106.218 - - [24/Feb/2023:09:25:55 +0800] "GET /xingrg/all/function/internal_message.html?_=1677201962365&CODE_STATE=getMsg HTTP/1.1" 200 27
58.221.95.50 - - [24/Feb/2023:09:25:59 +0800] "GET /xingrg/kc/buy/cgsh_order_list.html HTTP/1.1" 200 54135
116.238.139.35 - - [24/Feb/2023:09:26:00 +0800] "GET /xingrg/all/function/internal_message.html?_=1677201971285&CODE_STATE=getMsg HTTP/1.1" 200 27
58.221.95.50 - - [24/Feb/2023:09:26:00 +0800] "POST /xingrg/kc/buy/cgsh_list_operate.html HTTP/1.1" 200 986
222.70.221.209 - - [24/Feb/2023:09:26:01 +0800] "POST /xingrg/dwr/call/plaincall/AjaxYddbService.saveMaterielItem.dwr HTTP/1.1" 200 78
114.83.216.147 - - [24/Feb/2023:09:26:02 +0800] "GET /xingrg/all/function/internal_message.html?_=1677201970789&CODE_STATE=getMsg HTTP/1.1" 200 27
114.83.216.147 - - [24/Feb/2023:09:26:02 +0800] "GET /xingrg/check_reg.html?_=1677201970792 HTTP/1.1" 200 22
180.164.3.199 - - [24/Feb/2023:09:26:05 +0800] "GET /xingrg/all/function/internal_message.html?_=1677201975168&CODE_STATE=getMsg HTTP/1.1" 200 27
58.221.95.50 - - [24/Feb/2023:09:26:06 +0800] "POST /xingrg/kc/buy/cgsh_list_operate.html HTTP/1.1" 200 6480
222.70.221.209 - - [24/Feb/2023:09:26:06 +0800] "POST /xingrg/dwr/call/plaincall/AjaxYddbService.checkOrder.dwr HTTP/1.1" 200 79
124.78.152.179 - - [24/Feb/2023:09:26:07 +0800] "GET /xingrg/all/function/internal_message.html?_=1677201975147&CODE_STATE=getMsg HTTP/1.1" 200 27
180.163.29.103 - - [24/Feb/2023:09:26:07 +0800] "GET /xingrg/check_reg.html?_=1677201915159 HTTP/1.1" 302 -
180.163.30.85 - - [24/Feb/2023:09:26:07 +0800] "GET /xingrg/all/function/internal_message.html?_=1677201915154&CODE_STATE=getMsg HTTP/1.1" 302 -
180.163.29.103 - - [24/Feb/2023:09:26:07 +0800] "GET /xingrg/login.html HTTP/1.1" 200 7641
180.163.30.85 - - [24/Feb/2023:09:26:07 +0800] "GET /xingrg/login.html HTTP/1.1" 200 7641
222.70.221.209 - - [24/Feb/2023:09:26:07 +0800] "GET /xingrg/kc/base/yddb_order_info.html?code=482023022400173 HTTP/1.1" 200 29706
222.70.221.209 - - [24/Feb/2023:09:26:07 +0800] "GET /xingrg/dwr/interface/AjaxYddbService.js HTTP/1.1" 200 13201
222.70.221.209 - - [24/Feb/2023:09:26:07 +0800] "GET /xingrg/dwr/interface/AjaxComOrderService.js HTTP/1.1" 200 18264
222.70.221.209 - - [24/Feb/2023:09:26:07 +0800] "GET /xingrg/dwr/engine.js HTTP/1.1" 200 43631
222.70.221.209 - - [24/Feb/2023:09:26:07 +0800] "POST /xingrg/dwr/call/plaincall/AjaxYddbService.loadMaterielItems.dwr HTTP/1.1" 200 4839
116.225.84.253 - - [24/Feb/2023:09:26:09 +0800] "GET /xingrg/all/function/internal_message.html?_=1677201979719&CODE_STATE=getMsg HTTP/1.1" 200 27
222.70.221.209 - - [24/Feb/2023:09:26:11 +0800] "GET /xingrg/kc/buy/cgsh_order_list.html HTTP/1.1" 200 54137
58.221.95.50 - - [24/Feb/2023:09:26:12 +0800] "GET /xingrg/kc/buy/cgsh_order_add.html HTTP/1.1" 200 68842
58.221.95.50 - - [24/Feb/2023:09:26:12 +0800] "GET /xingrg/words/20230223133704_words.js HTTP/1.1" 200 948004
172.20.0.100 - - [24/Feb/2023:09:26:12 +0800] "GET /xingrg/all/function/internal_message.html?_=1677201981390&CODE_STATE=getMsg HTTP/1.1" 200 27
58.221.95.50 - - [24/Feb/2023:09:26:12 +0800] "POST /xingrg/kc/buy/cgsh_order_operate.html HTTP/1.1" 200 8245
58.221.95.50 - - [24/Feb/2023:09:26:12 +0800] "GET /xingrg/javascript/easyui/themes/default/validatebox.css HTTP/1.1" 404 1104
58.221.95.50 - - [24/Feb/2023:09:26:12 +0800] "GET /xingrg/all/common/auto_word.html?type=employee&rest_code=00152 HTTP/1.1" 200 51
58.221.95.50 - - [24/Feb/2023:09:26:12 +0800] "GET /xingrg/all/common/auto_word.html?type=employee&rest_code=00152 HTTP/1.1" 200 51
58.221.95.50 - - [24/Feb/2023:09:26:13 +0800] "GET /xingrg/javascript/auto/indicator.gif HTTP/1.1" 404 1066
222.70.221.209 - - [24/Feb/2023:09:26:14 +0800] "POST /xingrg/kc/buy/cgsh_list_operate.html HTTP/1.1" 200 3161
58.221.95.50 - - [24/Feb/2023:09:26:20 +0800] "GET /xingrg/all/function/internal_message.html?_=1677201991663&CODE_STATE=getMsg HTTP/1.1" 200 27
222.70.221.209 - - [24/Feb/2023:09:26:22 +0800] "GET /xingrg/kc/buy/cgsh_order_add.html HTTP/1.1" 200 69919
222.70.221.209 - - [24/Feb/2023:09:26:23 +0800] "POST /xingrg/kc/buy/cgsh_order_operate.html HTTP/1.1" 200 8245
222.70.221.209 - - [24/Feb/2023:09:26:23 +0800] "GET /xingrg/javascript/easyui/themes/default/validatebox.css HTTP/1.1" 404 1104
116.192.124.172 - - [24/Feb/2023:09:26:26 +0800] "GET /xingrg/all/function/internal_message.html?_=1677202020156&CODE_STATE=getMsg HTTP/1.1" 200 27
222.70.177.73 - - [24/Feb/2023:09:26:32 +0800] "GET /xingrg/all/function/internal_message.html?_=1677202000431&CODE_STATE=getMsg HTTP/1.1" 200 27
222.70.221.209 - - [24/Feb/2023:09:26:33 +0800] "GET /xingrg/check_reg.html?_=1677201971003 HTTP/1.1" 200 22
222.70.221.209 - - [24/Feb/2023:09:26:33 +0800] "GET /xingrg/all/function/internal_message.html?_=1677201971008&CODE_STATE=getMsg HTTP/1.1" 200 27
222.70.246.11 - - [24/Feb/2023:09:26:34 +0800] "POST /xingrg/services/DataTransmitService HTTP/1.1" 200 501
222.70.246.11 - - [24/Feb/2023:09:26:34 +0800] "POST /xingrg/services/DataTransmitService HTTP/1.1" 200 501
222.70.246.11 - - [24/Feb/2023:09:26:36 +0800] "POST /xingrg/services/DataTransmitService HTTP/1.1" 200 501
222.70.221.209 - - [24/Feb/2023:09:26:36 +0800] "GET /xingrg/javascript/auto/indicator.gif HTTP/1.1" 404 1066
116.238.139.35 - - [24/Feb/2023:09:26:37 +0800] "GET /xingrg/all/function/internal_message.html?_=1677201935791&CODE_STATE=getMsg HTTP/1.1" 200 27
222.70.246.11 - - [24/Feb/2023:09:26:37 +0800] "POST /xingrg/services/DataTransmitService HTTP/1.1" 200 501
222.70.221.209 - - [24/Feb/2023:09:26:38 +0800] "GET /xingrg/javascript/jquery_tools/images/prev.gif HTTP/1.1" 404 1086
222.70.221.209 - - [24/Feb/2023:09:26:38 +0800] "GET /xingrg/javascript/jquery_tools/images/next.gif HTTP/1.1" 404 1086
120.253.135.82 - - [24/Feb/2023:09:26:38 +0800] "GET /xingrg/all/function/internal_message.html?_=1677201831963&CODE_STATE=getMsg HTTP/1.1" 200 27
222.70.246.11 - - [24/Feb/2023:09:26:38 +0800] "POST /xingrg/services/DataTransmitService HTTP/1.1" 200 501
222.70.246.11 - - [24/Feb/2023:09:26:38 +0800] "POST /xingrg/services/DataTransmitService HTTP/1.1" 200 501
222.70.246.11 - - [24/Feb/2023:09:26:39 +0800] "POST /xingrg/services/DataTransmitService HTTP/1.1" 200 501
222.70.246.11 - - [24/Feb/2023:09:26:40 +0800] "POST /xingrg/services/DataTransmitService HTTP/1.1" 200 501
222.70.246.11 - - [24/Feb/2023:09:26:40 +0800] "POST /xingrg/services/DataTransmitService HTTP/1.1" 200 501
222.70.246.11 - - [24/Feb/2023:09:26:40 +0800] "POST /xingrg/services/DataTransmitService HTTP/1.1" 200 412
116.238.139.35 - - [24/Feb/2023:09:26:40 +0800] "POST /xingrg/services/DataTransmitService HTTP/1.1" 200 524
180.164.3.199 - - [24/Feb/2023:09:26:41 +0800] "GET /xingrg/kc/print/load_config.html?kc_code=cgsh HTTP/1.1" 200 2157
180.164.3.199 - - [24/Feb/2023:09:26:41 +0800] "GET /xingrg/kc/print/load_data.html?order_code=212023022408394&kc_code=cgsh&condition= HTTP/1.1" 200 944
222.70.221.209 - - [24/Feb/2023:09:26:44 +0800] "GET /xingrg/kc/buy/cgsh_order_operate.html?command=get_materiel&rest_code=00155&code=00101006124&supplier_code=00100012&order_time=2023-02-24 HTTP/1.1" 200 411
222.70.246.11 - - [24/Feb/2023:09:26:44 +0800] "GET /xingrg/all/function/internal_message.html?_=1677202032407&CODE_STATE=getMsg HTTP/1.1" 200 27
180.157.253.110 - - [24/Feb/2023:09:26:52 +0800] "GET /xingrg/check_reg.html?_=1677202022500 HTTP/1.1" 200 22
180.164.3.199 - - [24/Feb/2023:09:26:55 +0800] "GET /xingrg/kc/buy/cgsh_order_add.html HTTP/1.1" 200 70040
116.224.106.218 - - [24/Feb/2023:09:26:55 +0800] "GET /xingrg/all/function/internal_message.html?_=1677202022350&CODE_STATE=getMsg HTTP/1.1" 200 27
180.164.3.199 - - [24/Feb/2023:09:26:55 +0800] "POST /xingrg/kc/buy/cgsh_order_operate.html HTTP/1.1" 200 8245
180.164.3.199 - - [24/Feb/2023:09:26:55 +0800] "GET /xingrg/javascript/easyui/themes/default/validatebox.css HTTP/1.1" 404 1104
180.163.30.76 - - [24/Feb/2023:09:26:58 +0800] "GET /xingrg/index.html?sysBaseUrl=http%3A%2F%2F180.169.147.146%3A18081%2Fxingrg%2F&costTime=50×tamp=1677201859951 HTTP/1.1" 302 -
180.163.30.76 - - [24/Feb/2023:09:26:58 +0800] "GET /xingrg/login.html HTTP/1.1" 200 7641
222.70.221.209 - - [24/Feb/2023:09:26:58 +0800] "GET /xingrg/kc/buy/cgsh_order_operate.html?command=get_materiel&rest_code=00155&code=00101006065&supplier_code=00100012&order_time=2023-02-24 HTTP/1.1" 200 409
116.238.139.35 - - [24/Feb/2023:09:27:00 +0800] "GET /xingrg/all/function/internal_message.html?_=1677202031287&CODE_STATE=getMsg HTTP/1.1" 200 27
116.238.139.35 - - [24/Feb/2023:09:27:00 +0800] "GET /xingrg/check_reg.html?_=1677202031290 HTTP/1.1" 200 22
114.83.216.147 - - [24/Feb/2023:09:27:02 +0800] "GET /xingrg/all/function/internal_message.html?_=1677202030797&CODE_STATE=getMsg HTTP/1.1" 200 27
172.20.0.100 - - [24/Feb/2023:09:27:05 +0800] "GET /xingrg/check_reg.html?_=1677202033846 HTTP/1.1" 200 22
180.164.3.199 - - [24/Feb/2023:09:27:05 +0800] "GET /xingrg/all/function/internal_message.html?_=1677202035158&CODE_STATE=getMsg HTTP/1.1" 200 27
222.70.221.209 - - [24/Feb/2023:09:27:06 +0800] "GET /xingrg/kc/buy/cgsh_order_operate.html?command=get_materiel&rest_code=00155&code=00101006055&supplier_code=00100012&order_time=2023-02-24 HTTP/1.1" 200 409
180.163.30.85 - - [24/Feb/2023:09:27:07 +0800] "GET /xingrg/all/function/internal_message.html?_=1677201975147&CODE_STATE=getMsg HTTP/1.1" 302 -
124.78.152.179 - - [24/Feb/2023:09:27:07 +0800] "GET /xingrg/all/function/internal_message.html?_=1677202035151&CODE_STATE=getMsg HTTP/1.1" 200 27
180.163.30.85 - - [24/Feb/2023:09:27:07 +0800] "GET /xingrg/login.html HTTP/1.1" 200 7641
116.225.84.253 - - [24/Feb/2023:09:27:09 +0800] "GET /xingrg/all/function/internal_message.html?_=1677202039695&CODE_STATE=getMsg HTTP/1.1" 200 27
180.164.3.199 - - [24/Feb/2023:09:27:11 +0800] "GET /xingrg/javascript/jquery_tools/images/prev.gif HTTP/1.1" 404 1086
180.164.3.199 - - [24/Feb/2023:09:27:11 +0800] "GET /xingrg/javascript/jquery_tools/images/next.gif HTTP/1.1" 404 1086
222.70.177.73 - - [24/Feb/2023:09:27:12 +0800] "GET /xingrg/kc/buy/cgsh_order_add.html HTTP/1.1" 200 69869
222.70.177.73 - - [24/Feb/2023:09:27:12 +0800] "POST /xingrg/kc/buy/cgsh_order_operate.html HTTP/1.1" 200 8245
172.20.0.100 - - [24/Feb/2023:09:27:12 +0800] "GET /xingrg/all/function/internal_message.html?_=1677202041363&CODE_STATE=getMsg HTTP/1.1" 200 27
222.70.177.73 - - [24/Feb/2023:09:27:12 +0800] "GET /xingrg/javascript/easyui/themes/default/validatebox.css HTTP/1.1" 404 1104
222.70.221.209 - - [24/Feb/2023:09:27:14 +0800] "GET /xingrg/kc/buy/cgsh_order_operate.html?command=get_materiel&rest_code=00155&code=00101006083&supplier_code=00100012&order_time=2023-02-24 HTTP/1.1" 200 413
222.70.177.73 - - [24/Feb/2023:09:27:16 +0800] "GET /xingrg/javascript/jquery_tools/images/prev.gif HTTP/1.1" 404 1086
222.70.177.73 - - [24/Feb/2023:09:27:16 +0800] "GET /xingrg/javascript/jquery_tools/images/next.gif HTTP/1.1" 404 1086
180.164.3.199 - - [24/Feb/2023:09:27:19 +0800] "GET /xingrg/kc/buy/cgsh_order_operate.html?command=get_materiel&rest_code=00108&code=00102001145&supplier_code=00100593&order_time=2023-02-24 HTTP/1.1" 200 409
180.164.3.199 - - [24/Feb/2023:09:27:20 +0800] "GET /xingrg/javascript/jquery_easy_ui/themes/default/images/tabs_active.png HTTP/1.1" 200 2894
58.221.95.50 - - [24/Feb/2023:09:27:20 +0800] "GET /xingrg/all/function/internal_message.html?_=1677202051672&CODE_STATE=getMsg HTTP/1.1" 200 27
222.70.221.209 - - [24/Feb/2023:09:27:24 +0800] "GET /xingrg/kc/buy/cgsh_order_operate.html?command=get_materiel&rest_code=00155&code=00101006057&supplier_code=00100012&order_time=2023-02-24 HTTP/1.1" 200 413
116.192.124.172 - - [24/Feb/2023:09:27:26 +0800] "GET /xingrg/all/function/internal_message.html?_=1677202080153&CODE_STATE=getMsg HTTP/1.1" 200 27
222.70.177.73 - - [24/Feb/2023:09:27:26 +0800] "GET /xingrg/kc/buy/cgsh_order_operate.html?command=get_materiel&rest_code=00111&code=00101029009&supplier_code=00100017&order_time=2023-02-24 HTTP/1.1" 200 478
222.70.177.73 - - [24/Feb/2023:09:27:32 +0800] "GET /xingrg/all/function/internal_message.html?_=1677202060437&CODE_STATE=getMsg HTTP/1.1" 200 27
222.70.221.209 - - [24/Feb/2023:09:27:33 +0800] "GET /xingrg/all/function/internal_message.html?_=1677202030987&CODE_STATE=getMsg HTTP/1.1" 200 27
222.70.221.209 - - [24/Feb/2023:09:27:33 +0800] "POST /xingrg/kc/buy/cgsh_order_operate.html HTTP/1.1" 200 37
124.78.152.179 - - [24/Feb/2023:09:27:33 +0800] "GET /xingrg/kc/buy/cgsh_order_operate.html?command=get_materiel&rest_code=00106&code=00101008061&supplier_code=00100007&order_time=2023-02-24 HTTP/1.1" 200 422
180.169.147.146 - - [24/Feb/2023:09:27:33 +0800] "GET /xingrg/index.html?sysBaseUrl=http%3A%2F%2F180.169.147.146%3A18081%2Fxingrg%2F&costTime=39×tamp=1592034574635 HTTP/1.1" 302 -
180.169.147.146 - - [24/Feb/2023:09:27:33 +0800] "GET /xingrg/login.html HTTP/1.1" 200 7641
222.70.221.209 - - [24/Feb/2023:09:27:34 +0800] "POST /xingrg/kc/buy/cgsh_order_operate.html HTTP/1.1" 200 5018
180.169.147.146 - - [24/Feb/2023:09:27:34 +0800] "GET /favicon.ico HTTP/1.1" 404 -
180.164.3.199 - - [24/Feb/2023:09:27:34 +0800] "GET /xingrg/kc/buy/cgsh_order_operate.html?command=get_materiel&rest_code=00108&code=00101020082&supplier_code=00100593&order_time=2023-02-24 HTTP/1.1" 200 410
222.70.221.209 - - [24/Feb/2023:09:27:35 +0800] "GET /xingrg/kc/print/load_data.html?order_code=212023022408396&kc_code=cgsh&condition= HTTP/1.1" 200 1666
116.224.106.218 - - [24/Feb/2023:09:27:35 +0800] "GET /xingrg/check_reg.html?_=1677202062462 HTTP/1.1" 200 22
180.169.147.146 - - [24/Feb/2023:09:27:36 +0800] "POST /xingrg/login.do HTTP/1.1" 302 -
180.169.147.146 - - [24/Feb/2023:09:27:36 +0800] "GET /xingrg/index.html?sysBaseUrl=http%3A%2F%2F180.169.147.146%3A18081%2Fxingrg%2F&costTime=41×tamp=1677202056020 HTTP/1.1" 200 17503
180.169.147.146 - - [24/Feb/2023:09:27:36 +0800] "GET /favicon.ico HTTP/1.1" 404 -
180.169.147.146 - - [24/Feb/2023:09:27:36 +0800] "POST /xingrg/all/common/load_tree.html?tree=area_rest_tree_json&manage=1 HTTP/1.1" 200 3499
222.70.246.11 - - [24/Feb/2023:09:27:36 +0800] "POST /xingrg/services/DataTransmitService HTTP/1.1" 200 524
180.169.147.146 - - [24/Feb/2023:09:27:36 +0800] "GET /xingrg/check_reg.html?_=1677202066029 HTTP/1.1" 200 22
180.169.147.146 - - [24/Feb/2023:09:27:36 +0800] "GET /xingrg/all/function/internal_message.html?_=1677202066028&CODE_STATE=count HTTP/1.1" 200 11
180.169.147.146 - - [24/Feb/2023:09:27:36 +0800] "POST /xingrg/load_menu.html HTTP/1.1" 200 11564
116.238.139.35 - - [24/Feb/2023:09:27:37 +0800] "GET /xingrg/all/function/internal_message.html?_=1677201995805&CODE_STATE=getMsg HTTP/1.1" 200 27
222.70.246.11 - - [24/Feb/2023:09:27:37 +0800] "POST /xingrg/services/DataTransmitService HTTP/1.1" 200 501
222.70.246.11 - - [24/Feb/2023:09:27:37 +0800] "POST /xingrg/services/DataTransmitService HTTP/1.1" 200 524
222.70.221.209 - - [24/Feb/2023:09:27:37 +0800] "GET /xingrg/kc/print/load_data.html?order_code=212023022408396&kc_code=cgsh HTTP/1.1" 200 1666
120.253.135.82 - - [24/Feb/2023:09:27:38 +0800] "GET /xingrg/all/function/internal_message.html?_=1677201892121&CODE_STATE=getMsg HTTP/1.1" 200 27
124.78.152.179 - - [24/Feb/2023:09:27:40 +0800] "GET /xingrg/kc/buy/cgsh_order_operate.html?command=get_materiel&rest_code=00106&code=00101008402&supplier_code=00100007&order_time=2023-02-24 HTTP/1.1" 200 410
116.225.84.253 - - [24/Feb/2023:09:27:42 +0800] "GET /favicon.ico HTTP/1.1" 404 -
222.70.246.11 - - [24/Feb/2023:09:27:44 +0800] "GET /xingrg/all/function/internal_message.html?_=1677202092421&CODE_STATE=getMsg HTTP/1.1" 200 27
222.70.177.73 - - [24/Feb/2023:09:27:47 +0800] "GET /xingrg/kc/buy/cgsh_order_operate.html?command=get_materiel&rest_code=00111&code=00101029017&supplier_code=00100017&order_time=2023-02-24 HTTP/1.1" 200 467
124.78.152.179 - - [24/Feb/2023:09:27:49 +0800] "GET /xingrg/kc/buy/cgsh_order_operate.html?command=get_materiel&rest_code=00106&code=00101008134&supplier_code=00100007&order_time=2023-02-24 HTTP/1.1" 200 412
61.147.15.65 - - [24/Feb/2023:09:27:53 +0800] "-" 400 -
116.224.106.218 - - [24/Feb/2023:09:27:55 +0800] "GET /xingrg/all/function/internal_message.html?_=1677202082322&CODE_STATE=getMsg HTTP/1.1" 200 27
124.78.152.179 - - [24/Feb/2023:09:27:56 +0800] "GET /xingrg/kc/buy/cgsh_order_operate.html?command=get_materiel&rest_code=00106&code=00101008114&supplier_code=00100007&order_time=2023-02-24 HTTP/1.1" 200 413
114.83.216.147 - - [24/Feb/2023:09:27:57 +0800] "GET /xingrg/kc/buy/cgsh_order_operate.html?command=get_materiel&rest_code=00149&code=00101008312&supplier_code=00100008&order_time=2023-02-24 HTTP/1.1" 200 412
61.147.15.67 - - [24/Feb/2023:09:27:58 +0800] "GET / HTTP/1.1" 404 -
222.70.177.73 - - [24/Feb/2023:09:27:58 +0800] "GET /xingrg/kc/buy/cgsh_order_operate.html?command=get_materiel&rest_code=00111&code=00101027001&supplier_code=00100017&order_time=2023-02-24 HTTP/1.1" 200 469
124.78.152.179 - - [24/Feb/2023:09:27:59 +0800] "POST /xingrg/kc/buy/cgsh_order_operate.html HTTP/1.1" 200 2065
116.238.139.35 - - [24/Feb/2023:09:28:00 +0800] "GET /xingrg/all/function/internal_message.html?_=1677202091292&CODE_STATE=getMsg HTTP/1.1" 200 27
114.83.216.147 - - [24/Feb/2023:09:28:02 +0800] "GET /xingrg/all/function/internal_message.html?_=1677202090802&CODE_STATE=getMsg HTTP/1.1" 200 27
124.78.152.179 - - [24/Feb/2023:09:28:05 +0800] "GET /xingrg/kc/buy/cgsh_order_operate.html?command=get_materiel&rest_code=00106&code=00101008032&supplier_code=00100007&order_time=2023-02-24 HTTP/1.1" 200 409
180.164.3.199 - - [24/Feb/2023:09:28:05 +0800] "GET /xingrg/all/function/internal_message.html?_=1677202095169&CODE_STATE=getMsg HTTP/1.1" 200 27
180.164.3.199 - - [24/Feb/2023:09:28:05 +0800] "GET /xingrg/check_reg.html?_=1677202095171 HTTP/1.1" 200 22
180.163.28.143 - - [24/Feb/2023:09:28:07 +0800] "GET /xingrg/all/function/internal_message.html?_=1677202035151&CODE_STATE=getMsg HTTP/1.1" 302 -
124.78.152.179 - - [24/Feb/2023:09:28:07 +0800] "GET /xingrg/all/function/internal_message.html?_=1677202095213&CODE_STATE=getMsg HTTP/1.1" 200 27
222.70.177.73 - - [24/Feb/2023:09:28:08 +0800] "GET /xingrg/kc/buy/cgsh_order_operate.html?command=get_materiel&rest_code=00111&code=00101029005&supplier_code=00100017&order_time=2023-02-24 HTTP/1.1" 200 435
116.225.84.253 - - [24/Feb/2023:09:28:09 +0800] "GET /xingrg/all/function/internal_message.html?_=1677202099671&CODE_STATE=getMsg HTTP/1.1" 200 27
180.163.28.143 - - [24/Feb/2023:09:28:10 +0800] "GET /xingrg/login.html HTTP/1.1" 200 7641
172.20.0.100 - - [24/Feb/2023:09:28:12 +0800] "GET /xingrg/all/function/internal_message.html?_=1677202101349&CODE_STATE=getMsg HTTP/1.1" 200 27
124.78.152.179 - - [24/Feb/2023:09:28:13 +0800] "GET /xingrg/kc/buy/cgsh_order_operate.html?command=get_materiel&rest_code=00106&code=00101008168&supplier_code=00100007&order_time=2023-02-24 HTTP/1.1" 200 413
180.164.3.199 - - [24/Feb/2023:09:28:14 +0800] "GET /xingrg/kc/buy/cgsh_order_operate.html?command=get_materiel&rest_code=00108&code=00101011005&supplier_code=00100593&order_time=2023-02-24 HTTP/1.1" 200 429
58.221.95.50 - - [24/Feb/2023:09:28:20 +0800] "GET /xingrg/all/function/internal_message.html?_=1677202111672&CODE_STATE=getMsg HTTP/1.1" 200 27
222.70.177.73 - - [24/Feb/2023:09:28:21 +0800] "POST /xingrg/kc/buy/cgsh_order_operate.html HTTP/1.1" 200 37
124.78.152.179 - - [24/Feb/2023:09:28:22 +0800] "GET /xingrg/kc/buy/cgsh_order_operate.html?command=get_materiel&rest_code=00106&code=00101008150&supplier_code=00100007&order_time=2023-02-24 HTTP/1.1" 200 409
116.192.124.172 - - [24/Feb/2023:09:28:26 +0800] "GET /xingrg/all/function/internal_message.html?_=1677202140150&CODE_STATE=getMsg HTTP/1.1" 200 27
222.70.177.73 - - [24/Feb/2023:09:28:28 +0800] "POST /xingrg/kc/buy/cgsh_order_operate.html HTTP/1.1" 200 4554
61.147.15.67 - - [24/Feb/2023:09:28:29 +0800] "-" 400 -
222.70.177.73 - - [24/Feb/2023:09:28:29 +0800] "GET /xingrg/kc/print/load_data.html?order_code=212023022408397&kc_code=cgsh&condition= HTTP/1.1" 200 1534
222.70.177.73 - - [24/Feb/2023:09:28:32 +0800] "GET /xingrg/all/function/internal_message.html?_=1677202120448&CODE_STATE=getMsg HTTP/1.1" 200 27
222.70.221.209 - - [24/Feb/2023:09:28:33 +0800] "GET /xingrg/all/function/internal_message.html?_=1677202090983&CODE_STATE=getMsg HTTP/1.1" 200 27
116.238.139.35 - - [24/Feb/2023:09:28:37 +0800] "GET /xingrg/all/function/internal_message.html?_=1677202055909&CODE_STATE=getMsg HTTP/1.1" 200 27
120.253.135.82 - - [24/Feb/2023:09:28:38 +0800] "GET /xingrg/all/function/internal_message.html?_=1677201952131&CODE_STATE=getMsg HTTP/1.1" 200 27
124.78.152.179 - - [24/Feb/2023:09:28:38 +0800] "GET /xingrg/kc/buy/cgsh_order_operate.html?command=get_materiel&rest_code=00106&code=00101008041&supplier_code=00100007&order_time=2023-02-24 HTTP/1.1" 200 408
180.164.3.199 - - [24/Feb/2023:09:28:44 +0800] "GET /xingrg/kc/buy/cgsh_order_operate.html?command=get_materiel&rest_code=00108&code=00101009063&supplier_code=00100593&order_time=2023-02-24 HTTP/1.1" 200 409
222.70.246.11 - - [24/Feb/2023:09:28:45 +0800] "GET /xingrg/all/function/internal_message.html?_=1677202153185&CODE_STATE=getMsg HTTP/1.1" 200 27
124.78.152.179 - - [24/Feb/2023:09:28:51 +0800] "POST /xingrg/kc/buy/cgsh_order_operate.html HTTP/1.1" 200 2065
116.224.106.218 - - [24/Feb/2023:09:28:55 +0800] "GET /xingrg/all/function/internal_message.html?_=1677202142310&CODE_STATE=getMsg HTTP/1.1" 200 27
116.238.139.35 - - [24/Feb/2023:09:29:00 +0800] "GET /xingrg/all/function/internal_message.html?_=1677202151293&CODE_STATE=getMsg HTTP/1.1" 200 27
180.164.3.199 - - [24/Feb/2023:09:29:00 +0800] "GET /xingrg/kc/buy/cgsh_order_operate.html?command=get_materiel&rest_code=00108&code=00101009044&supplier_code=00100593&order_time=2023-02-24 HTTP/1.1" 200 412
180.163.30.27 - - [24/Feb/2023:09:29:02 +0800] "GET /xingrg/kc/buy/cgsh_order_operate.html?command=get_materiel&rest_code=00106&code=00101008032&supplier_code=00100007&order_time=2023-02-24 HTTP/1.1" 302 -
180.163.30.27 - - [24/Feb/2023:09:29:02 +0800] "GET /xingrg/login.html HTTP/1.1" 200 7641
114.83.216.147 - - [24/Feb/2023:09:29:02 +0800] "GET /xingrg/all/function/internal_message.html?_=1677202150809&CODE_STATE=getMsg HTTP/1.1" 200 27
180.164.3.199 - - [24/Feb/2023:09:29:05 +0800] "GET /xingrg/all/function/internal_message.html?_=1677202155177&CODE_STATE=getMsg HTTP/1.1" 200 27
124.78.152.179 - - [24/Feb/2023:09:29:07 +0800] "GET /xingrg/all/function/internal_message.html?_=1677202155268&CODE_STATE=getMsg HTTP/1.1" 200 27
61.147.15.67 - - [24/Feb/2023:09:29:07 +0800] "-" 400 -
61.147.15.65 - - [24/Feb/2023:09:29:07 +0800] "ÒÎó¢ÖîbcRWÄšˆI( ࢾ¾ÖÓÀ»FëÏ¥¿bÀ0À,À/À+ŸžÀ2À.À1À-¥¡¤ À(À$ÀÀ " 400 -
61.147.15.65 - - [24/Feb/2023:09:29:08 +0800] "GET /favicon.ico HTTP/1.1" 404 -
61.147.15.65 - - [24/Feb/2023:09:29:08 +0800] "GET / HTTP/1.1" 404 -
116.225.84.253 - - [24/Feb/2023:09:29:09 +0800] "GET /xingrg/all/function/internal_message.html?_=1677202159641&CODE_STATE=getMsg HTTP/1.1" 200 27
180.163.28.143 - - [24/Feb/2023:09:29:10 +0800] "GET /xingrg/kc/buy/cgsh_order_operate.html?command=get_materiel&rest_code=00106&code=00101008168&supplier_code=00100007&order_time=2023-02-24 HTTP/1.1" 302 -
180.163.28.143 - - [24/Feb/2023:09:29:10 +0800] "GET /xingrg/login.html HTTP/1.1" 200 7641
172.20.0.100 - - [24/Feb/2023:09:29:12 +0800] "GET /xingrg/all/function/internal_message.html?_=1677202161319&CODE_STATE=getMsg HTTP/1.1" 200 27
124.78.152.179 - - [24/Feb/2023:09:29:13 +0800] "GET /xingrg/kc/buy/cgsh_order_operate.html?command=get_materiel&rest_code=00106&code=00101008036&supplier_code=00100007&order_time=2023-02-24 HTTP/1.1" 200 408
58.221.95.50 - - [24/Feb/2023:09:29:20 +0800] "GET /xingrg/check_reg.html?_=1677202171676 HTTP/1.1" 200 22
58.221.95.50 - - [24/Feb/2023:09:29:20 +0800] "GET /xingrg/all/function/internal_message.html?_=1677202171677&CODE_STATE=getMsg HTTP/1.1" 200 27
61.147.15.65 - - [24/Feb/2023:09:29:22 +0800] "GET / HTTP/1.1" 404 -
124.78.152.179 - - [24/Feb/2023:09:29:22 +0800] "POST /xingrg/kc/buy/cgsh_order_operate.html HTTP/1.1" 200 37
124.78.152.179 - - [24/Feb/2023:09:29:24 +0800] "POST /xingrg/kc/buy/cgsh_order_operate.html HTTP/1.1" 200 35147
116.192.124.172 - - [24/Feb/2023:09:29:26 +0800] "GET /xingrg/check_reg.html?_=1677202200147 HTTP/1.1" 200 22
116.192.124.172 - - [24/Feb/2023:09:29:26 +0800] "GET /xingrg/all/function/internal_message.html?_=1677202200150&CODE_STATE=getMsg HTTP/1.1" 200 27
222.70.177.73 - - [24/Feb/2023:09:29:32 +0800] "GET /xingrg/all/function/internal_message.html?_=1677202180438&CODE_STATE=getMsg HTTP/1.1" 200 27
222.70.221.209 - - [24/Feb/2023:09:29:33 +0800] "GET /xingrg/all/function/internal_message.html?_=1677202150975&CODE_STATE=getMsg HTTP/1.1" 200 27
116.238.139.35 - - [24/Feb/2023:09:29:37 +0800] "GET /xingrg/all/function/internal_message.html?_=1677202115910&CODE_STATE=getMsg HTTP/1.1" 200 27
120.253.135.82 - - [24/Feb/2023:09:29:38 +0800] "GET /xingrg/all/function/internal_message.html?_=1677202012291&CODE_STATE=getMsg HTTP/1.1" 200 27
180.157.253.110 - - [24/Feb/2023:09:29:42 +0800] "POST /xingrg/services/DataTransmitService HTTP/1.1" 200 524
222.70.246.11 - - [24/Feb/2023:09:29:45 +0800] "GET /xingrg/all/function/internal_message.html?_=1677202213198&CODE_STATE=getMsg HTTP/1.1" 200 27
116.224.106.218 - - [24/Feb/2023:09:29:55 +0800] "GET /xingrg/all/function/internal_message.html?_=1677202202293&CODE_STATE=getMsg HTTP/1.1" 200 27
116.238.139.35 - - [24/Feb/2023:09:30:00 +0800] "GET /xingrg/all/function/internal_message.html?_=1677202211294&CODE_STATE=getMsg HTTP/1.1" 200 27
114.83.216.147 - - [24/Feb/2023:09:30:02 +0800] "GET /xingrg/all/function/internal_message.html?_=1677202210806&CODE_STATE=getMsg HTTP/1.1" 200 27
180.164.3.199 - - [24/Feb/2023:09:30:05 +0800] "GET /xingrg/all/function/internal_message.html?_=1677202215179&CODE_STATE=getMsg HTTP/1.1" 200 27
124.78.152.179 - - [24/Feb/2023:09:30:07 +0800] "GET /xingrg/check_reg.html?_=1677202215149 HTTP/1.1" 200 22
124.78.152.179 - - [24/Feb/2023:09:30:07 +0800] "GET /xingrg/all/function/internal_message.html?_=1677202215254&CODE_STATE=getMsg HTTP/1.1" 200 27
180.163.29.219 - - [24/Feb/2023:09:30:07 +0800] "GET /xingrg/all/function/internal_message.html?_=1677202155268&CODE_STATE=getMsg HTTP/1.1" 302 -
116.225.84.253 - - [24/Feb/2023:09:30:09 +0800] "GET /xingrg/all/function/internal_message.html?_=1677202219624&CODE_STATE=getMsg HTTP/1.1" 200 27
180.163.29.219 - - [24/Feb/2023:09:30:10 +0800] "GET /xingrg/kc/buy/cgsh_order_operate.html?command=get_materiel&rest_code=00106&code=00101008036&supplier_code=00100007&order_time=2023-02-24 HTTP/1.1" 302 -
180.163.29.219 - - [24/Feb/2023:09:30:10 +0800] "GET /xingrg/login.html HTTP/1.1" 200 7641
180.163.29.219 - - [24/Feb/2023:09:30:10 +0800] "GET /xingrg/login.html HTTP/1.1" 200 7641
172.20.0.100 - - [24/Feb/2023:09:30:12 +0800] "GET /xingrg/all/function/internal_message.html?_=1677202221304&CODE_STATE=getMsg HTTP/1.1" 200 27
180.164.3.199 - - [24/Feb/2023:09:30:13 +0800] "GET /xingrg/kc/buy/cgsh_order_operate.html?command=get_materiel&rest_code=00108&code=00101009118&supplier_code=00100593&order_time=2023-02-24 HTTP/1.1" 200 405
58.221.95.50 - - [24/Feb/2023:09:30:20 +0800] "GET /xingrg/all/function/internal_message.html?_=1677202231673&CODE_STATE=getMsg HTTP/1.1" 200 27
116.192.124.172 - - [24/Feb/2023:09:30:26 +0800] "GET /xingrg/all/function/internal_message.html?_=1677202260144&CODE_STATE=getMsg HTTP/1.1" 200 27
222.70.177.73 - - [24/Feb/2023:09:30:32 +0800] "GET /xingrg/check_reg.html?_=1677202240438 HTTP/1.1" 200 22
222.70.177.73 - - [24/Feb/2023:09:30:32 +0800] "GET /xingrg/all/function/internal_message.html?_=1677202240440&CODE_STATE=getMsg HTTP/1.1" 200 27
222.70.221.209 - - [24/Feb/2023:09:30:33 +0800] "GET /xingrg/all/function/internal_message.html?_=1677202210958&CODE_STATE=getMsg HTTP/1.1" 200 27
120.253.135.82 - - [24/Feb/2023:09:30:33 +0800] "GET /xingrg/check_reg.html?_=1677202066620 HTTP/1.1" 200 22
124.78.152.179 - - [24/Feb/2023:09:30:34 +0800] "GET /xingrg/kc/buy/cgsh_order_operate.html?command=get_materiel&rest_code=00106&code=00101008072&supplier_code=00100007&order_time=2023-02-24 HTTP/1.1" 200 408
116.238.139.35 - - [24/Feb/2023:09:30:37 +0800] "GET /xingrg/check_reg.html?_=1677202175556 HTTP/1.1" 200 22
116.238.139.35 - - [24/Feb/2023:09:30:37 +0800] "GET /xingrg/all/function/internal_message.html?_=1677202175924&CODE_STATE=getMsg HTTP/1.1" 200 27
120.253.135.82 - - [24/Feb/2023:09:30:38 +0800] "GET /xingrg/all/function/internal_message.html?_=1677202072299&CODE_STATE=getMsg HTTP/1.1" 200 27
222.70.246.11 - - [24/Feb/2023:09:30:44 +0800] "GET /xingrg/check_reg.html?_=1677202271662 HTTP/1.1" 200 22
222.70.246.11 - - [24/Feb/2023:09:30:45 +0800] "GET /xingrg/all/function/internal_message.html?_=1677202273210&CODE_STATE=getMsg HTTP/1.1" 200 27
124.78.152.179 - - [24/Feb/2023:09:30:46 +0800] "GET /xingrg/kc/buy/cgsh_order_operate.html?command=get_materiel&rest_code=00106&code=00101008321&supplier_code=00100007&order_time=2023-02-24 HTTP/1.1" 200 412
124.78.152.179 - - [24/Feb/2023:09:30:49 +0800] "POST /xingrg/kc/buy/cgsh_order_operate.html HTTP/1.1" 200 2065
116.225.84.253 - - [24/Feb/2023:09:30:54 +0800] "GET /xingrg/check_reg.html?_=1677202264456 HTTP/1.1" 200 22
116.224.106.218 - - [24/Feb/2023:09:30:55 +0800] "GET /xingrg/all/function/internal_message.html?_=1677202262277&CODE_STATE=getMsg HTTP/1.1" 200 27
124.78.152.179 - - [24/Feb/2023:09:30:56 +0800] "GET /xingrg/kc/buy/cgsh_order_operate.html?command=get_materiel&rest_code=00106&code=00101008300&supplier_code=00100007&order_time=2023-02-24 HTTP/1.1" 200 412
116.238.139.35 - - [24/Feb/2023:09:31:00 +0800] "GET /xingrg/all/function/internal_message.html?_=1677202271286&CODE_STATE=getMsg HTTP/1.1" 200 27
