180.169.147.146 - - [24/Feb/2023:10:35:22 +0800] "POST /xingrg/dwr/call/plaincall/AjaxBaseInfoService.saveMateriel.dwr HTTP/1.1" 200 109
180.169.147.146 - - [24/Feb/2023:10:35:22 +0800] "POST /xingrg/dwr/call/plaincall/AjaxBaseInfoService.getMateriels.dwr HTTP/1.1" 200 3476
222.70.246.11 - - [24/Feb/2023:10:35:24 +0800] "GET /xingrg/kc/buy/cgsh_order_operate.html?command=get_materiel&rest_code=00146&code=00101008332&supplier_code=00100005&order_time=2023-02-24 HTTP/1.1" 200 412
114.84.144.141 - - [24/Feb/2023:10:35:25 +0800] "GET /xingrg/kc/buy/cgsh_order_operate.html?command=get_materiel&rest_code=00141&code=00101008223&supplier_code=00100007&order_time=2023-02-24 HTTP/1.1" 200 412
116.192.124.172 - - [24/Feb/2023:10:35:26 +0800] "GET /xingrg/all/function/internal_message.html?_=1677206160168&CODE_STATE=getMsg HTTP/1.1" 200 27
114.84.144.141 - - [24/Feb/2023:10:35:27 +0800] "POST /xingrg/kc/buy/cgsh_order_operate.html HTTP/1.1" 200 2065
180.169.147.146 - - [24/Feb/2023:10:35:28 +0800] "GET /xingrg/all/function/internal_message.html?_=1677206137880&CODE_STATE=getMsg HTTP/1.1" 200 27
222.70.177.73 - - [24/Feb/2023:10:35:28 +0800] "POST /xingrg/kc/base/stock_operate.html HTTP/1.1" 200 1468
222.70.246.11 - - [24/Feb/2023:10:35:28 +0800] "GET /xingrg/all/function/internal_message.html?_=1677206156418&CODE_STATE=getMsg HTTP/1.1" 200 27
222.70.177.73 - - [24/Feb/2023:10:35:28 +0800] "GET /xingrg/javascript/jquery_tools/fix_table.js HTTP/1.1" 200 6528
222.70.177.73 - - [24/Feb/2023:10:35:28 +0800] "GET /xingrg/kc/buy/cgsh_order_operate.html?command=get_materiel&rest_code=00111&code=00101006136&supplier_code=00100012&order_time=2023-02-24 HTTP/1.1" 200 417
124.79.240.233 - - [24/Feb/2023:10:35:29 +0800] "GET /xingrg/all/function/internal_message.html?_=1677206386266&CODE_STATE=getMsg HTTP/1.1" 200 27
222.70.177.73 - - [24/Feb/2023:10:35:30 +0800] "GET /xingrg/kc/base/stock_detail.html?m=00101034105 HTTP/1.1" 200 7323
222.70.177.73 - - [24/Feb/2023:10:35:30 +0800] "GET /xingrg/javascript/jquery_easy_ui/themes/default/images/calendar_prevmonth.gif HTTP/1.1" 200 66
222.70.177.73 - - [24/Feb/2023:10:35:30 +0800] "GET /xingrg/javascript/jquery_easy_ui/themes/default/images/calendar_nextmonth.gif HTTP/1.1" 200 64
222.70.177.73 - - [24/Feb/2023:10:35:30 +0800] "GET /xingrg/javascript/jquery_easy_ui/themes/default/images/calendar_prevyear.gif HTTP/1.1" 200 76
222.70.177.73 - - [24/Feb/2023:10:35:30 +0800] "GET /xingrg/javascript/jquery_easy_ui/themes/default/images/calendar_nextyear.gif HTTP/1.1" 200 75
222.70.246.11 - - [24/Feb/2023:10:35:31 +0800] "POST /xingrg/kc/buy/cgsh_order_operate.html HTTP/1.1" 200 2065
222.70.221.209 - - [24/Feb/2023:10:35:32 +0800] "GET /xingrg/all/function/internal_message.html?_=1677206109867&CODE_STATE=getMsg HTTP/1.1" 200 27
116.192.124.172 - - [24/Feb/2023:10:35:32 +0800] "GET /xingrg/kc/buy/cgsh_order_operate.html?command=get_materiel&rest_code=00102&code=00101008350&supplier_code=00100008&order_time=2023-02-22 HTTP/1.1" 200 408
222.70.177.73 - - [24/Feb/2023:10:35:32 +0800] "GET /xingrg/all/function/internal_message.html?_=1677206140523&CODE_STATE=getMsg HTTP/1.1" 200 27
222.70.177.73 - - [24/Feb/2023:10:35:32 +0800] "GET /xingrg/check_reg.html?_=1677206140526 HTTP/1.1" 200 22
114.84.144.141 - - [24/Feb/2023:10:35:33 +0800] "GET /xingrg/all/function/internal_message.html?_=1677205702546&CODE_STATE=getMsg HTTP/1.1" 200 27
114.84.144.141 - - [24/Feb/2023:10:35:33 +0800] "GET /xingrg/kc/buy/cgsh_order_operate.html?command=get_materiel&rest_code=00141&code=00101008168&supplier_code=00100007&order_time=2023-02-24 HTTP/1.1" 200 413
120.253.135.82 - - [24/Feb/2023:10:35:36 +0800] "GET /xingrg/all/function/internal_message.html?_=1677205969500&CODE_STATE=getMsg HTTP/1.1" 200 27
222.70.177.73 - - [24/Feb/2023:10:35:37 +0800] "GET /xingrg/kc/base/stock_operate.html?_=1677206146459&command=get_report_file&start_day=20200201 HTTP/1.1" 200 53
222.70.177.73 - - [24/Feb/2023:10:35:37 +0800] "GET /xingrg/all/report/report_query.html?isQuery=1&onlyBody=1&rh=2000&fileName=kc/base/kc_stock_detail_new.xml&queryString=(1=1)&queryText=&tableQueryString=init_table$sp1$$sp$crk_table$sp1$order_day%20between%2020200201%20and%2020230228&varString=start_day:20200201,materiel_code:00101034105,cost_id:2560,end_date:20200131 HTTP/1.1" 200 48701
222.70.177.73 - - [24/Feb/2023:10:35:37 +0800] "GET /xingrg/dwr/interface/AjaxReportQueryService.js HTTP/1.1" 200 13203
222.70.177.73 - - [24/Feb/2023:10:35:37 +0800] "GET /xingrg/dwr/engine.js HTTP/1.1" 200 43631
116.238.139.35 - - [24/Feb/2023:10:35:37 +0800] "GET /xingrg/all/function/internal_message.html?_=1677206076245&CODE_STATE=getMsg HTTP/1.1" 200 27
222.70.177.73 - - [24/Feb/2023:10:35:39 +0800] "POST /xingrg/all/report/load_report_page.html HTTP/1.1" 200 39746
222.70.177.73 - - [24/Feb/2023:10:35:39 +0800] "GET /xingrg/servlets/image?cache=0.848610855914163&image=px HTTP/1.1" 200 807
222.70.177.73 - - [24/Feb/2023:10:35:39 +0800] "GET /xingrg/kc/buy/cgsh_order_operate.html?command=get_materiel&rest_code=00111&code=00101006112&supplier_code=00100012&order_time=2023-02-24 HTTP/1.1" 200 409
172.20.0.100 - - [24/Feb/2023:10:35:40 +0800] "GET /xingrg/all/function/internal_message.html?_=1677206149578&CODE_STATE=getMsg HTTP/1.1" 200 27
172.20.0.100 - - [24/Feb/2023:10:35:40 +0800] "GET /xingrg/check_reg.html?_=1677206149579 HTTP/1.1" 200 22
222.70.246.11 - - [24/Feb/2023:10:35:40 +0800] "GET /xingrg/kc/buy/cgsh_order_operate.html?command=get_materiel&rest_code=00146&code=00101008134&supplier_code=00100005&order_time=2023-02-24 HTTP/1.1" 200 412
114.84.144.141 - - [24/Feb/2023:10:35:41 +0800] "GET /xingrg/kc/buy/cgsh_order_operate.html?command=get_materiel&rest_code=00141&code=00101008114&supplier_code=00100007&order_time=2023-02-24 HTTP/1.1" 200 413
116.192.124.172 - - [24/Feb/2023:10:35:42 +0800] "POST /xingrg/kc/buy/cgsh_order_operate.html HTTP/1.1" 200 2065
116.192.124.172 - - [24/Feb/2023:10:35:48 +0800] "GET /xingrg/kc/buy/cgsh_order_operate.html?command=get_materiel&rest_code=00102&code=00101008114&supplier_code=00100008&order_time=2023-02-22 HTTP/1.1" 200 413
116.238.139.35 - - [24/Feb/2023:10:35:49 +0800] "POST /xingrg/kc/buy/cgsh_list_operate.html HTTP/1.1" 200 1867
114.84.144.141 - - [24/Feb/2023:10:35:50 +0800] "GET /xingrg/kc/buy/cgsh_order_operate.html?command=get_materiel&rest_code=00141&code=00101008150&supplier_code=00100007&order_time=2023-02-24 HTTP/1.1" 200 409
222.70.177.73 - - [24/Feb/2023:10:35:51 +0800] "GET /xingrg/kc/buy/cgsh_order_operate.html?command=get_materiel&rest_code=00111&code=00101006178&supplier_code=00100012&order_time=2023-02-24 HTTP/1.1" 200 429
116.238.139.35 - - [24/Feb/2023:10:35:52 +0800] "POST /xingrg/kc/buy/cgsh_list_operate.html HTTP/1.1" 200 603
114.83.222.182 - - [24/Feb/2023:10:35:53 +0800] "GET /xingrg/all/function/internal_message.html?_=1677206217142&CODE_STATE=getMsg HTTP/1.1" 200 27
116.238.139.35 - - [24/Feb/2023:10:35:53 +0800] "GET /xingrg/all/function/internal_message.html?_=1677206164172&CODE_STATE=getMsg HTTP/1.1" 200 27
116.238.139.35 - - [24/Feb/2023:10:35:53 +0800] "GET /xingrg/kc/buy/cgsh_order_info.html?code=212023022408425 HTTP/1.1" 200 69521
116.238.139.35 - - [24/Feb/2023:10:35:53 +0800] "GET /xingrg/words/20230224103522_words.js HTTP/1.1" 200 948073
116.238.139.35 - - [24/Feb/2023:10:35:54 +0800] "GET /xingrg/javascript/easyui/themes/default/validatebox.css HTTP/1.1" 404 1104
116.225.84.253 - - [24/Feb/2023:10:35:54 +0800] "GET /xingrg/check_reg.html?_=1677206164421 HTTP/1.1" 200 22
116.224.106.218 - - [24/Feb/2023:10:35:54 +0800] "GET /xingrg/all/function/internal_message.html?_=1677206161150&CODE_STATE=getMsg HTTP/1.1" 200 27
116.238.139.35 - - [24/Feb/2023:10:35:54 +0800] "POST /xingrg/kc/buy/cgsh_order_operate.html HTTP/1.1" 200 11201
222.70.246.11 - - [24/Feb/2023:10:35:55 +0800] "GET /xingrg/kc/buy/cgsh_order_operate.html?command=get_materiel&rest_code=00146&code=00101008558&supplier_code=00100005&order_time=2023-02-24 HTTP/1.1" 200 409
116.192.124.172 - - [24/Feb/2023:10:35:56 +0800] "GET /xingrg/kc/buy/cgsh_order_operate.html?command=get_materiel&rest_code=00102&code=00101008217&supplier_code=00100008&order_time=2023-02-22 HTTP/1.1" 200 412
101.229.22.234 - - [24/Feb/2023:10:35:58 +0800] "GET /xingrg/all/function/internal_message.html?_=1677206167792&CODE_STATE=getMsg HTTP/1.1" 200 27
101.229.22.234 - - [24/Feb/2023:10:35:58 +0800] "GET /xingrg/check_reg.html?_=1677206167795 HTTP/1.1" 200 22
114.84.144.141 - - [24/Feb/2023:10:36:01 +0800] "GET /xingrg/kc/buy/cgsh_order_operate.html?command=get_materiel&rest_code=00141&code=00101009016&supplier_code=00100007&order_time=2023-02-24 HTTP/1.1" 200 412
114.83.216.147 - - [24/Feb/2023:10:36:02 +0800] "GET /xingrg/all/function/internal_message.html?_=1677206170961&CODE_STATE=getMsg HTTP/1.1" 200 27
114.83.216.147 - - [24/Feb/2023:10:36:02 +0800] "GET /xingrg/check_reg.html?_=1677206171050 HTTP/1.1" 200 22
116.192.124.172 - - [24/Feb/2023:10:36:04 +0800] "GET /xingrg/kc/buy/cgsh_order_operate.html?command=get_materiel&rest_code=00102&code=00101008061&supplier_code=00100008&order_time=2023-02-22 HTTP/1.1" 200 422
116.225.84.253 - - [24/Feb/2023:10:36:07 +0800] "GET /xingrg/all/function/internal_message.html?_=1677206178030&CODE_STATE=getMsg HTTP/1.1" 200 27
116.238.139.35 - - [24/Feb/2023:10:36:08 +0800] "GET /xingrg/kc/buy/cgsh_order_operate.html?command=get_materiel&rest_code=00151&code=00101037329&supplier_code=00100151&order_time=2023-02-24 HTTP/1.1" 200 418
222.70.246.11 - - [24/Feb/2023:10:36:08 +0800] "GET /xingrg/kc/buy/cgsh_order_operate.html?command=get_materiel&rest_code=00146&code=00101008283&supplier_code=00100005&order_time=2023-02-24 HTTP/1.1" 200 408
114.84.144.141 - - [24/Feb/2023:10:36:12 +0800] "GET /xingrg/kc/buy/cgsh_order_operate.html?command=get_materiel&rest_code=00141&code=00101008165&supplier_code=00100007&order_time=2023-02-24 HTTP/1.1" 200 417
116.192.124.172 - - [24/Feb/2023:10:36:13 +0800] "GET /xingrg/kc/buy/cgsh_order_operate.html?command=get_materiel&rest_code=00102&code=00101015066&supplier_code=00100008&order_time=2023-02-22 HTTP/1.1" 200 413
114.84.144.141 - - [24/Feb/2023:10:36:14 +0800] "POST /xingrg/kc/buy/cgsh_order_operate.html HTTP/1.1" 200 2065
222.70.177.73 - - [24/Feb/2023:10:36:16 +0800] "GET /xingrg/kc/buy/cgsh_order_operate.html?command=get_materiel&rest_code=00111&code=00101006109&supplier_code=00100012&order_time=2023-02-24 HTTP/1.1" 200 409
58.221.95.50 - - [24/Feb/2023:10:36:20 +0800] "GET /xingrg/all/function/internal_message.html?_=1677206191659&CODE_STATE=getMsg HTTP/1.1" 200 27
114.84.144.141 - - [24/Feb/2023:10:36:21 +0800] "GET /xingrg/kc/buy/cgsh_order_operate.html?command=get_materiel&rest_code=00141&code=00101009054&supplier_code=00100007&order_time=2023-02-24 HTTP/1.1" 200 412
116.192.124.172 - - [24/Feb/2023:10:36:22 +0800] "GET /xingrg/kc/buy/cgsh_order_operate.html?command=get_materiel&rest_code=00102&code=00101008323&supplier_code=00100008&order_time=2023-02-22 HTTP/1.1" 200 427
222.70.246.11 - - [24/Feb/2023:10:36:24 +0800] "GET /xingrg/kc/buy/cgsh_order_operate.html?command=get_materiel&rest_code=00146&code=00101008044&supplier_code=00100005&order_time=2023-02-24 HTTP/1.1" 200 410
222.70.177.73 - - [24/Feb/2023:10:36:25 +0800] "GET /xingrg/kc/buy/cgsh_order_operate.html?command=get_materiel&rest_code=00111&code=00101006113&supplier_code=00100012&order_time=2023-02-24 HTTP/1.1" 200 413
116.192.124.172 - - [24/Feb/2023:10:36:26 +0800] "POST /xingrg/kc/buy/cgsh_order_operate.html HTTP/1.1" 200 2065
116.192.124.172 - - [24/Feb/2023:10:36:26 +0800] "GET /xingrg/all/function/internal_message.html?_=1677206220166&CODE_STATE=getMsg HTTP/1.1" 200 27
180.169.147.146 - - [24/Feb/2023:10:36:28 +0800] "GET /xingrg/all/function/internal_message.html?_=1677206197885&CODE_STATE=getMsg HTTP/1.1" 200 27
222.70.246.11 - - [24/Feb/2023:10:36:28 +0800] "GET /xingrg/all/function/internal_message.html?_=1677206216431&CODE_STATE=getMsg HTTP/1.1" 200 27
124.79.240.233 - - [24/Feb/2023:10:36:29 +0800] "GET /xingrg/all/function/internal_message.html?_=1677206446291&CODE_STATE=getMsg HTTP/1.1" 200 27
116.238.139.35 - - [24/Feb/2023:10:36:29 +0800] "POST /xingrg/kc/buy/cgsh_order_operate.html HTTP/1.1" 200 37
222.70.221.209 - - [24/Feb/2023:10:36:32 +0800] "GET /xingrg/all/function/internal_message.html?_=1677206169852&CODE_STATE=getMsg HTTP/1.1" 200 27
114.84.144.141 - - [24/Feb/2023:10:36:32 +0800] "GET /xingrg/kc/buy/cgsh_order_operate.html?command=get_materiel&rest_code=00141&code=00101009031&supplier_code=00100007&order_time=2023-02-24 HTTP/1.1" 200 409
222.70.177.73 - - [24/Feb/2023:10:36:32 +0800] "GET /xingrg/all/function/internal_message.html?_=1677206200518&CODE_STATE=getMsg HTTP/1.1" 200 27
222.70.221.209 - - [24/Feb/2023:10:36:33 +0800] "GET /xingrg/check_reg.html?_=1677206171014 HTTP/1.1" 200 22
114.84.144.141 - - [24/Feb/2023:10:36:33 +0800] "GET /xingrg/all/function/internal_message.html?_=1677205762452&CODE_STATE=getMsg HTTP/1.1" 200 27
116.238.139.35 - - [24/Feb/2023:10:36:34 +0800] "POST /xingrg/kc/buy/cgsh_order_operate.html HTTP/1.1" 200 12
120.253.135.82 - - [24/Feb/2023:10:36:36 +0800] "GET /xingrg/all/function/internal_message.html?_=1677206029540&CODE_STATE=getMsg HTTP/1.1" 200 27
116.238.139.35 - - [24/Feb/2023:10:36:39 +0800] "GET /xingrg/kc/buy/cgsh_order_info.html?code=212023022408425 HTTP/1.1" 200 64419
222.70.177.73 - - [24/Feb/2023:10:36:39 +0800] "GET /xingrg/kc/buy/cgsh_order_operate.html?command=get_materiel&rest_code=00111&code=00101006065&supplier_code=00100012&order_time=2023-02-24 HTTP/1.1" 200 409
116.238.139.35 - - [24/Feb/2023:10:36:40 +0800] "GET /xingrg/javascript/easyui/themes/default/validatebox.css HTTP/1.1" 404 1104
116.238.139.35 - - [24/Feb/2023:10:36:40 +0800] "GET /xingrg/all/function/internal_message.html?_=1677206138929&CODE_STATE=getMsg HTTP/1.1" 200 27
116.238.139.35 - - [24/Feb/2023:10:36:40 +0800] "GET /xingrg/check_reg.html?_=1677206138926 HTTP/1.1" 200 22
172.20.0.100 - - [24/Feb/2023:10:36:40 +0800] "GET /xingrg/all/function/internal_message.html?_=1677206209581&CODE_STATE=getMsg HTTP/1.1" 200 27
116.238.139.35 - - [24/Feb/2023:10:36:40 +0800] "POST /xingrg/kc/buy/cgsh_order_operate.html HTTP/1.1" 200 9767
116.192.124.172 - - [24/Feb/2023:10:36:41 +0800] "GET /xingrg/kc/buy/cgsh_order_operate.html?command=get_materiel&rest_code=00102&code=00101008261&supplier_code=00100008&order_time=2023-02-22 HTTP/1.1" 200 408
116.238.139.35 - - [24/Feb/2023:10:36:42 +0800] "GET /xingrg/kc/print/load_config.html?kc_code=cgsh HTTP/1.1" 200 2157
116.238.139.35 - - [24/Feb/2023:10:36:42 +0800] "GET /xingrg/kc/print/load_data.html?order_code=212023022408425&kc_code=cgsh&condition= HTTP/1.1" 200 4341
116.192.124.172 - - [24/Feb/2023:10:36:48 +0800] "GET /xingrg/kc/buy/cgsh_order_operate.html?command=get_materiel&rest_code=00102&code=00101008155&supplier_code=00100008&order_time=2023-02-22 HTTP/1.1" 200 408
222.70.246.11 - - [24/Feb/2023:10:36:49 +0800] "GET /xingrg/kc/buy/cgsh_order_operate.html?command=get_materiel&rest_code=00146&code=00101008045&supplier_code=00100005&order_time=2023-02-24 HTTP/1.1" 200 412
180.157.253.110 - - [24/Feb/2023:10:36:52 +0800] "GET /xingrg/check_reg.html?_=1677206222336 HTTP/1.1" 200 22
114.83.222.182 - - [24/Feb/2023:10:36:52 +0800] "GET /xingrg/check_reg.html?_=1677206277130 HTTP/1.1" 200 22
114.83.222.182 - - [24/Feb/2023:10:36:53 +0800] "GET /xingrg/all/function/internal_message.html?_=1677206277132&CODE_STATE=getMsg HTTP/1.1" 200 27
116.238.139.35 - - [24/Feb/2023:10:36:53 +0800] "GET /xingrg/all/function/internal_message.html?_=1677206224157&CODE_STATE=getMsg HTTP/1.1" 200 27
116.224.106.218 - - [24/Feb/2023:10:36:54 +0800] "GET /xingrg/all/function/internal_message.html?_=1677206221124&CODE_STATE=getMsg HTTP/1.1" 200 27
116.192.124.172 - - [24/Feb/2023:10:36:55 +0800] "GET /xingrg/kc/buy/cgsh_order_operate.html?command=get_materiel&rest_code=00102&code=00101008312&supplier_code=00100008&order_time=2023-02-22 HTTP/1.1" 200 412
222.70.177.73 - - [24/Feb/2023:10:36:55 +0800] "GET /xingrg/kc/buy/cgsh_order_operate.html?command=get_materiel&rest_code=00111&code=00101007061&supplier_code=00100012&order_time=2023-02-24 HTTP/1.1" 200 409
101.229.22.234 - - [24/Feb/2023:10:36:58 +0800] "GET /xingrg/all/function/internal_message.html?_=1677206227794&CODE_STATE=getMsg HTTP/1.1" 200 27
116.238.139.35 - - [24/Feb/2023:10:37:02 +0800] "POST /xingrg/kc/buy/cgsh_list_operate.html HTTP/1.1" 200 986
114.83.216.147 - - [24/Feb/2023:10:37:02 +0800] "GET /xingrg/all/function/internal_message.html?_=1677206230947&CODE_STATE=getMsg HTTP/1.1" 200 27
116.192.124.172 - - [24/Feb/2023:10:37:04 +0800] "GET /xingrg/kc/buy/cgsh_order_operate.html?command=get_materiel&rest_code=00102&code=00101008358&supplier_code=00100008&order_time=2023-02-22 HTTP/1.1" 200 412
114.84.144.141 - - [24/Feb/2023:10:37:07 +0800] "GET /xingrg/kc/buy/cgsh_order_operate.html?command=get_materiel&rest_code=00141&code=00101008036&supplier_code=00100007&order_time=2023-02-24 HTTP/1.1" 200 408
116.225.84.253 - - [24/Feb/2023:10:37:07 +0800] "GET /xingrg/all/function/internal_message.html?_=1677206238002&CODE_STATE=getMsg HTTP/1.1" 200 27
222.70.177.73 - - [24/Feb/2023:10:37:11 +0800] "POST /xingrg/kc/buy/cgsh_order_operate.html HTTP/1.1" 200 37
222.70.246.11 - - [24/Feb/2023:10:37:12 +0800] "GET /xingrg/kc/buy/cgsh_order_operate.html?command=get_materiel&rest_code=00146&code=00101008161&supplier_code=00100005&order_time=2023-02-24 HTTP/1.1" 200 409
116.192.124.172 - - [24/Feb/2023:10:37:14 +0800] "GET /xingrg/kc/buy/cgsh_order_operate.html?command=get_materiel&rest_code=00102&code=00101008321&supplier_code=00100008&order_time=2023-02-22 HTTP/1.1" 200 412
222.70.177.73 - - [24/Feb/2023:10:37:15 +0800] "POST /xingrg/kc/buy/cgsh_order_operate.html HTTP/1.1" 200 8616
222.70.177.73 - - [24/Feb/2023:10:37:16 +0800] "GET /xingrg/kc/print/load_data.html?order_code=212023022408428&kc_code=cgsh&condition= HTTP/1.1" 200 3031
116.192.124.172 - - [24/Feb/2023:10:37:17 +0800] "POST /xingrg/kc/buy/cgsh_order_operate.html HTTP/1.1" 200 2065
58.221.95.50 - - [24/Feb/2023:10:37:20 +0800] "GET /xingrg/all/function/internal_message.html?_=1677206251663&CODE_STATE=getMsg HTTP/1.1" 200 27
116.192.124.172 - - [24/Feb/2023:10:37:21 +0800] "GET /xingrg/kc/buy/cgsh_order_operate.html?command=get_materiel&rest_code=00102&code=00101010234&supplier_code=00100008&order_time=2023-02-22 HTTP/1.1" 200 415
114.84.144.141 - - [24/Feb/2023:10:37:22 +0800] "POST /xingrg/kc/buy/cgsh_order_operate.html HTTP/1.1" 200 2065
116.192.124.172 - - [24/Feb/2023:10:37:26 +0800] "GET /xingrg/all/function/internal_message.html?_=1677206280177&CODE_STATE=getMsg HTTP/1.1" 200 27
222.70.246.11 - - [24/Feb/2023:10:37:27 +0800] "GET /xingrg/kc/buy/cgsh_order_operate.html?command=get_materiel&rest_code=00146&code=00101008225&supplier_code=00100005&order_time=2023-02-24 HTTP/1.1" 200 416
116.192.124.172 - - [24/Feb/2023:10:37:27 +0800] "GET /xingrg/kc/buy/cgsh_order_operate.html?command=get_materiel&rest_code=00102&code=00101008300&supplier_code=00100008&order_time=2023-02-22 HTTP/1.1" 200 412
180.169.147.146 - - [24/Feb/2023:10:37:28 +0800] "GET /xingrg/all/function/internal_message.html?_=1677206257880&CODE_STATE=getMsg HTTP/1.1" 200 27
222.70.177.73 - - [24/Feb/2023:10:37:28 +0800] "GET /xingrg/kc/buy/buy_main.html HTTP/1.1" 200 12412
222.70.177.73 - - [24/Feb/2023:10:37:28 +0800] "GET /xingrg/css/new_ie.css HTTP/1.1" 404 1036
222.70.246.11 - - [24/Feb/2023:10:37:28 +0800] "GET /xingrg/check_reg.html?_=1677206276309 HTTP/1.1" 200 22
222.70.177.73 - - [24/Feb/2023:10:37:28 +0800] "GET /xingrg/images/yd/bt.gif HTTP/1.1" 404 1040
222.70.246.11 - - [24/Feb/2023:10:37:28 +0800] "GET /xingrg/all/function/internal_message.html?_=1677206276446&CODE_STATE=getMsg HTTP/1.1" 200 27
124.79.240.233 - - [24/Feb/2023:10:37:29 +0800] "GET /xingrg/all/function/internal_message.html?_=1677206506303&CODE_STATE=getMsg HTTP/1.1" 200 27
222.70.177.73 - - [24/Feb/2023:10:37:29 +0800] "GET /xingrg/kc/buy/cgsh_order_list.html HTTP/1.1" 200 54131
222.70.221.209 - - [24/Feb/2023:10:37:32 +0800] "GET /xingrg/all/function/internal_message.html?_=1677206229841&CODE_STATE=getMsg HTTP/1.1" 200 27
222.70.177.73 - - [24/Feb/2023:10:37:32 +0800] "GET /xingrg/all/function/internal_message.html?_=1677206260525&CODE_STATE=getMsg HTTP/1.1" 200 27
222.70.177.73 - - [24/Feb/2023:10:37:32 +0800] "POST /xingrg/kc/buy/cgsh_list_operate.html HTTP/1.1" 200 4383
114.84.144.141 - - [24/Feb/2023:10:37:33 +0800] "GET /xingrg/all/function/internal_message.html?_=1677205822502&CODE_STATE=getMsg HTTP/1.1" 200 27
222.70.246.11 - - [24/Feb/2023:10:37:34 +0800] "POST /xingrg/kc/buy/cgsh_order_operate.html HTTP/1.1" 200 2065
116.224.106.218 - - [24/Feb/2023:10:37:35 +0800] "GET /xingrg/check_reg.html?_=1677206262516 HTTP/1.1" 200 22
120.253.135.82 - - [24/Feb/2023:10:37:36 +0800] "GET /xingrg/all/function/internal_message.html?_=1677206089549&CODE_STATE=getMsg HTTP/1.1" 200 27
222.70.177.73 - - [24/Feb/2023:10:37:37 +0800] "GET /xingrg/kc/buy/cgsh_order_add.html HTTP/1.1" 200 69869
222.70.177.73 - - [24/Feb/2023:10:37:37 +0800] "GET /xingrg/words/20230224103522_words.js HTTP/1.1" 200 948073
222.70.177.73 - - [24/Feb/2023:10:37:37 +0800] "POST /xingrg/kc/buy/cgsh_order_operate.html HTTP/1.1" 200 8245
222.70.177.73 - - [24/Feb/2023:10:37:37 +0800] "GET /xingrg/javascript/easyui/themes/default/validatebox.css HTTP/1.1" 404 1104
116.238.139.35 - - [24/Feb/2023:10:37:40 +0800] "GET /xingrg/all/function/internal_message.html?_=1677206198940&CODE_STATE=getMsg HTTP/1.1" 200 27
172.20.0.100 - - [24/Feb/2023:10:37:40 +0800] "GET /xingrg/all/function/internal_message.html?_=1677206269582&CODE_STATE=getMsg HTTP/1.1" 200 27
116.192.124.172 - - [24/Feb/2023:10:37:41 +0800] "GET /xingrg/kc/buy/cgsh_order_operate.html?command=get_materiel&rest_code=00102&code=00101008357&supplier_code=00100008&order_time=2023-02-22 HTTP/1.1" 200 408
222.70.246.11 - - [24/Feb/2023:10:37:44 +0800] "GET /xingrg/kc/buy/cgsh_order_operate.html?command=get_materiel&rest_code=00146&code=00101008274&supplier_code=00100005&order_time=2023-02-24 HTTP/1.1" 200 412
114.83.216.147 - - [24/Feb/2023:10:37:44 +0800] "GET /xingrg/kc/mdqp/qqps_order_add.html HTTP/1.1" 200 28398
114.83.216.147 - - [24/Feb/2023:10:37:44 +0800] "GET /xingrg/dwr/interface/AjaxComOrderService.js HTTP/1.1" 200 18264
114.83.216.147 - - [24/Feb/2023:10:37:44 +0800] "GET /xingrg/dwr/interface/AjaxQqpsService.js HTTP/1.1" 200 16326
114.83.216.147 - - [24/Feb/2023:10:37:44 +0800] "GET /xingrg/dwr/engine.js HTTP/1.1" 200 43631
114.83.216.147 - - [24/Feb/2023:10:37:44 +0800] "GET /xingrg/words/20230224103522_words.js HTTP/1.1" 200 948073
180.164.3.199 - - [24/Feb/2023:10:37:46 +0800] "GET /xingrg/check_reg.html?_=1677206275576 HTTP/1.1" 200 22
114.83.216.147 - - [24/Feb/2023:10:37:48 +0800] "POST /xingrg/kc/buy/cgsh_list_operate.html HTTP/1.1" 200 986
116.192.124.172 - - [24/Feb/2023:10:37:49 +0800] "GET /xingrg/kc/buy/cgsh_order_operate.html?command=get_materiel&rest_code=00102&code=00101008085&supplier_code=00100008&order_time=2023-02-22 HTTP/1.1" 200 412
114.84.144.141 - - [24/Feb/2023:10:37:51 +0800] "GET /xingrg/check_reg.html?_=1677205840210 HTTP/1.1" 200 22
222.70.177.73 - - [24/Feb/2023:10:37:52 +0800] "GET /xingrg/kc/buy/cgsh_order_operate.html?command=get_materiel&rest_code=00111&code=00101009050&supplier_code=00100037&order_time=2023-02-24 HTTP/1.1" 200 408
114.83.222.182 - - [24/Feb/2023:10:37:53 +0800] "GET /xingrg/all/function/internal_message.html?_=1677206337145&CODE_STATE=getMsg HTTP/1.1" 200 27
116.238.139.35 - - [24/Feb/2023:10:37:53 +0800] "GET /xingrg/all/function/internal_message.html?_=1677206284128&CODE_STATE=getMsg HTTP/1.1" 200 27
116.224.106.218 - - [24/Feb/2023:10:37:54 +0800] "GET /xingrg/all/function/internal_message.html?_=1677206281102&CODE_STATE=getMsg HTTP/1.1" 200 27
101.229.22.234 - - [24/Feb/2023:10:37:58 +0800] "GET /xingrg/all/function/internal_message.html?_=1677206287793&CODE_STATE=getMsg HTTP/1.1" 200 27
114.83.216.147 - - [24/Feb/2023:10:38:02 +0800] "GET /xingrg/all/function/internal_message.html?_=1677206290925&CODE_STATE=getMsg HTTP/1.1" 200 27
116.192.124.172 - - [24/Feb/2023:10:38:04 +0800] "GET /xingrg/kc/buy/cgsh_order_operate.html?command=get_materiel&rest_code=00102&code=00101008036&supplier_code=00100008&order_time=2023-02-22 HTTP/1.1" 200 410
116.225.84.253 - - [24/Feb/2023:10:38:07 +0800] "GET /xingrg/all/function/internal_message.html?_=1677206297983&CODE_STATE=getMsg HTTP/1.1" 200 27
114.83.216.147 - - [24/Feb/2023:10:38:12 +0800] "GET /xingrg/kc/buy/cgsh_order_add.html HTTP/1.1" 200 70001
114.83.216.147 - - [24/Feb/2023:10:38:12 +0800] "GET /xingrg/words/20230224103522_words.js HTTP/1.1" 304 -
114.83.216.147 - - [24/Feb/2023:10:38:13 +0800] "POST /xingrg/kc/buy/cgsh_order_operate.html HTTP/1.1" 200 8245
114.83.216.147 - - [24/Feb/2023:10:38:13 +0800] "GET /xingrg/javascript/easyui/themes/default/validatebox.css HTTP/1.1" 404 1104
116.192.124.172 - - [24/Feb/2023:10:38:13 +0800] "POST /xingrg/kc/buy/cgsh_order_operate.html HTTP/1.1" 200 37
222.70.246.11 - - [24/Feb/2023:10:38:15 +0800] "GET /xingrg/kc/buy/cgsh_order_operate.html?command=get_materiel&rest_code=00146&code=00101008403&supplier_code=00100005&order_time=2023-02-24 HTTP/1.1" 200 412
116.192.124.172 - - [24/Feb/2023:10:38:18 +0800] "POST /xingrg/kc/buy/cgsh_order_operate.html HTTP/1.1" 200 12
116.192.124.172 - - [24/Feb/2023:10:38:20 +0800] "GET /xingrg/kc/buy/cgsh_order_info.html?code=212023022408429 HTTP/1.1" 200 64856
58.221.95.50 - - [24/Feb/2023:10:38:20 +0800] "GET /xingrg/all/function/internal_message.html?_=1677206311677&CODE_STATE=getMsg HTTP/1.1" 200 27
116.192.124.172 - - [24/Feb/2023:10:38:21 +0800] "GET /xingrg/words/20230224103522_words.js HTTP/1.1" 200 948073
116.192.124.172 - - [24/Feb/2023:10:38:21 +0800] "GET /xingrg/javascript/easyui/themes/default/validatebox.css HTTP/1.1" 404 1104
116.192.124.172 - - [24/Feb/2023:10:38:22 +0800] "POST /xingrg/kc/buy/cgsh_order_operate.html HTTP/1.1" 200 31963
116.192.124.172 - - [24/Feb/2023:10:38:26 +0800] "GET /xingrg/all/function/internal_message.html?_=1677206340185&CODE_STATE=getMsg HTTP/1.1" 200 27
114.83.216.147 - - [24/Feb/2023:10:38:27 +0800] "GET /xingrg/kc/buy/cgsh_order_operate.html?command=get_materiel&rest_code=00149&code=00101004017&supplier_code=00100083&order_time=2023-02-24 HTTP/1.1" 200 415
180.169.147.146 - - [24/Feb/2023:10:38:28 +0800] "GET /xingrg/check_reg.html?_=1677206317895 HTTP/1.1" 200 22
180.169.147.146 - - [24/Feb/2023:10:38:28 +0800] "GET /xingrg/all/function/internal_message.html?_=1677206317902&CODE_STATE=getMsg HTTP/1.1" 200 27
222.70.246.11 - - [24/Feb/2023:10:38:28 +0800] "GET /xingrg/all/function/internal_message.html?_=1677206336458&CODE_STATE=getMsg HTTP/1.1" 200 27
124.79.240.233 - - [24/Feb/2023:10:38:29 +0800] "GET /xingrg/all/function/internal_message.html?_=1677206566304&CODE_STATE=getMsg HTTP/1.1" 200 27
114.84.144.141 - - [24/Feb/2023:10:38:31 +0800] "GET /xingrg/kc/buy/cgsh_order_operate.html?command=get_materiel&rest_code=00141&code=00101008005&supplier_code=00100007&order_time=2023-02-24 HTTP/1.1" 200 412
222.70.221.209 - - [24/Feb/2023:10:38:32 +0800] "GET /xingrg/all/function/internal_message.html?_=1677206289830&CODE_STATE=getMsg HTTP/1.1" 200 27
222.70.177.73 - - [24/Feb/2023:10:38:32 +0800] "GET /xingrg/all/function/internal_message.html?_=1677206320528&CODE_STATE=getMsg HTTP/1.1" 200 27
114.84.144.141 - - [24/Feb/2023:10:38:33 +0800] "GET /xingrg/all/function/internal_message.html?_=1677205882389&CODE_STATE=getMsg HTTP/1.1" 200 27
120.253.135.82 - - [24/Feb/2023:10:38:36 +0800] "GET /xingrg/check_reg.html?_=1677206149368 HTTP/1.1" 200 22
120.253.135.82 - - [24/Feb/2023:10:38:36 +0800] "GET /xingrg/all/function/internal_message.html?_=1677206149581&CODE_STATE=getMsg HTTP/1.1" 200 27
180.164.3.199 - - [24/Feb/2023:10:38:38 +0800] "GET /xingrg/kc/mdqp/pssh_order_list.html HTTP/1.1" 200 17964
180.164.3.199 - - [24/Feb/2023:10:38:38 +0800] "POST /xingrg/kc/mdqp/pssh_list_operate.html HTTP/1.1" 200 5226
222.70.246.11 - - [24/Feb/2023:10:38:38 +0800] "GET /xingrg/kc/buy/cgsh_order_operate.html?command=get_materiel&rest_code=00146&code=00101008041&supplier_code=00100005&order_time=2023-02-24 HTTP/1.1" 200 408
116.238.139.35 - - [24/Feb/2023:10:38:40 +0800] "GET /xingrg/all/function/internal_message.html?_=1677206258953&CODE_STATE=getMsg HTTP/1.1" 200 27
172.20.0.100 - - [24/Feb/2023:10:38:40 +0800] "GET /xingrg/all/function/internal_message.html?_=1677206329583&CODE_STATE=getMsg HTTP/1.1" 200 27
180.164.3.199 - - [24/Feb/2023:10:38:41 +0800] "POST /xingrg/kc/mdqp/pssh_list_operate.html HTTP/1.1" 200 789
116.192.124.172 - - [24/Feb/2023:10:38:43 +0800] "GET /xingrg/login.html HTTP/1.1" 200 7641
114.83.216.147 - - [24/Feb/2023:10:38:43 +0800] "GET /xingrg/kc/buy/cgsh_order_operate.html?command=get_materiel&rest_code=00149&code=00101004030&supplier_code=00100083&order_time=2023-02-24 HTTP/1.1" 200 409
180.164.3.199 - - [24/Feb/2023:10:38:43 +0800] "POST /xingrg/kc/mdqp/pssh_list_operate.html HTTP/1.1" 200 740
116.192.124.172 - - [24/Feb/2023:10:38:44 +0800] "GET /favicon.ico HTTP/1.1" 404 -
116.192.124.172 - - [24/Feb/2023:10:38:44 +0800] "POST /xingrg/login.do HTTP/1.1" 302 -
116.192.124.172 - - [24/Feb/2023:10:38:44 +0800] "GET /xingrg/index.html?sysBaseUrl=http%3A%2F%2F180.169.147.146%3A18081%2Fxingrg%2F&costTime=44×tamp=1677206324883 HTTP/1.1" 200 17173
116.192.124.172 - - [24/Feb/2023:10:38:45 +0800] "GET /favicon.ico HTTP/1.1" 404 -
116.192.124.172 - - [24/Feb/2023:10:38:45 +0800] "POST /xingrg/all/common/load_tree.html?tree=area_rest_tree_json&manage=1 HTTP/1.1" 200 342
116.192.124.172 - - [24/Feb/2023:10:38:45 +0800] "GET /xingrg/all/function/internal_message.html?_=1677206358968&CODE_STATE=count HTTP/1.1" 200 11
116.192.124.172 - - [24/Feb/2023:10:38:45 +0800] "GET /xingrg/check_reg.html?_=1677206358972 HTTP/1.1" 200 22
116.192.124.172 - - [24/Feb/2023:10:38:45 +0800] "POST /xingrg/load_menu.html HTTP/1.1" 200 5138
114.84.144.141 - - [24/Feb/2023:10:38:46 +0800] "GET /xingrg/kc/buy/cgsh_order_operate.html?command=get_materiel&rest_code=00141&code=00101008307&supplier_code=00100007&order_time=2023-02-24 HTTP/1.1" 200 420
116.192.124.172 - - [24/Feb/2023:10:38:46 +0800] "GET /xingrg/kc/buy/cgsh_order_list.html HTTP/1.1" 200 54131
180.164.3.199 - - [24/Feb/2023:10:38:47 +0800] "POST /xingrg/kc/mdqp/pssh_list_operate.html HTTP/1.1" 200 1586
116.192.124.172 - - [24/Feb/2023:10:38:47 +0800] "POST /xingrg/kc/buy/cgsh_list_operate.html HTTP/1.1" 200 986
180.164.3.199 - - [24/Feb/2023:10:38:52 +0800] "POST /xingrg/kc/mdqp/pssh_list_operate.html HTTP/1.1" 200 5226
114.83.222.182 - - [24/Feb/2023:10:38:52 +0800] "GET /xingrg/all/function/internal_message.html?_=1677206397141&CODE_STATE=getMsg HTTP/1.1" 200 27
116.238.139.35 - - [24/Feb/2023:10:38:53 +0800] "GET /xingrg/all/function/internal_message.html?_=1677206344099&CODE_STATE=getMsg HTTP/1.1" 200 27
114.83.216.147 - - [24/Feb/2023:10:38:53 +0800] "GET /xingrg/kc/buy/cgsh_order_operate.html?command=get_materiel&rest_code=00149&code=00101004011&supplier_code=00100083&order_time=2023-02-24 HTTP/1.1" 200 438
116.224.106.218 - - [24/Feb/2023:10:38:54 +0800] "GET /xingrg/all/function/internal_message.html?_=1677206341087&CODE_STATE=getMsg HTTP/1.1" 200 27
180.164.3.199 - - [24/Feb/2023:10:38:54 +0800] "POST /xingrg/kc/mdqp/pssh_list_operate.html HTTP/1.1" 200 5524
222.70.246.11 - - [24/Feb/2023:10:38:56 +0800] "GET /xingrg/kc/buy/cgsh_order_operate.html?command=get_materiel&rest_code=00146&code=00101015061&supplier_code=00100005&order_time=2023-02-24 HTTP/1.1" 200 412
180.164.3.199 - - [24/Feb/2023:10:38:56 +0800] "POST /xingrg/kc/mdqp/pssh_list_operate.html HTTP/1.1" 200 744
180.164.3.199 - - [24/Feb/2023:10:38:58 +0800] "GET /xingrg/kc/mdqp/pssh_order_info.html?code=312023022200519 HTTP/1.1" 200 17276
180.164.3.199 - - [24/Feb/2023:10:38:58 +0800] "GET /xingrg/words/20230224103522_words.js HTTP/1.1" 200 948073
180.164.3.199 - - [24/Feb/2023:10:38:58 +0800] "GET /xingrg/javascript/jquery_tools/jquery-1.4.2.min.js HTTP/1.1" 404 1094
101.229.22.234 - - [24/Feb/2023:10:38:58 +0800] "GET /xingrg/all/function/internal_message.html?_=1677206347792&CODE_STATE=getMsg HTTP/1.1" 200 27
180.164.3.199 - - [24/Feb/2023:10:38:58 +0800] "GET /xingrg/javascript/easyui/themes/icons/back_new.png HTTP/1.1" 200 3414
180.164.3.199 - - [24/Feb/2023:10:38:58 +0800] "GET /xingrg/all/common/auto_word.html?type=base&rest_code=00108&rest_code=00108 HTTP/1.1" 200 1949
180.164.3.199 - - [24/Feb/2023:10:38:58 +0800] "POST /xingrg/kc/mdqp/pssh_order_operate.html HTTP/1.1" 200 3619
180.164.3.199 - - [24/Feb/2023:10:38:58 +0800] "GET /xingrg/javascript/easyui/themes/default/validatebox.css HTTP/1.1" 404 1104
114.83.216.147 - - [24/Feb/2023:10:39:02 +0800] "GET /xingrg/all/function/internal_message.html?_=1677206350904&CODE_STATE=getMsg HTTP/1.1" 200 27
114.84.144.141 - - [24/Feb/2023:10:39:04 +0800] "GET /xingrg/kc/buy/cgsh_order_operate.html?command=get_materiel&rest_code=00141&code=00101008248&supplier_code=00100007&order_time=2023-02-24 HTTP/1.1" 200 412
116.225.84.253 - - [24/Feb/2023:10:39:07 +0800] "GET /xingrg/all/function/internal_message.html?_=1677206357953&CODE_STATE=getMsg HTTP/1.1" 200 27
222.70.246.11 - - [24/Feb/2023:10:39:08 +0800] "GET /xingrg/kc/buy/cgsh_order_operate.html?command=get_materiel&rest_code=00146&code=00101015107&supplier_code=00100005&order_time=2023-02-24 HTTP/1.1" 200 411
114.83.216.147 - - [24/Feb/2023:10:39:11 +0800] "GET /xingrg/kc/buy/cgsh_order_operate.html?command=get_materiel&rest_code=00149&code=00101004065&supplier_code=00100083&order_time=2023-02-24 HTTP/1.1" 200 415
222.70.246.11 - - [24/Feb/2023:10:39:13 +0800] "POST /xingrg/kc/buy/cgsh_order_operate.html HTTP/1.1" 200 2065
114.84.144.141 - - [24/Feb/2023:10:39:14 +0800] "GET /xingrg/kc/buy/cgsh_order_operate.html?command=get_materiel&rest_code=00141&code=00101008331&supplier_code=00100007&order_time=2023-02-24 HTTP/1.1" 200 416
114.84.144.141 - - [24/Feb/2023:10:39:16 +0800] "POST /xingrg/kc/buy/cgsh_order_operate.html HTTP/1.1" 200 2065
58.221.95.50 - - [24/Feb/2023:10:39:20 +0800] "GET /xingrg/check_reg.html?_=1677206371663 HTTP/1.1" 200 22
58.221.95.50 - - [24/Feb/2023:10:39:20 +0800] "GET /xingrg/all/function/internal_message.html?_=1677206371664&CODE_STATE=getMsg HTTP/1.1" 200 27
222.70.246.11 - - [24/Feb/2023:10:39:22 +0800] "GET /xingrg/kc/buy/cgsh_order_operate.html?command=get_materiel&rest_code=00146&code=00101008005&supplier_code=00100005&order_time=2023-02-24 HTTP/1.1" 200 412
114.84.144.141 - - [24/Feb/2023:10:39:23 +0800] "GET /xingrg/kc/buy/cgsh_order_operate.html?command=get_materiel&rest_code=00141&code=00101008351&supplier_code=00100007&order_time=2023-02-24 HTTP/1.1" 200 408
114.83.216.147 - - [24/Feb/2023:10:39:24 +0800] "GET /xingrg/kc/buy/cgsh_order_operate.html?command=get_materiel&rest_code=00149&code=00101004067&supplier_code=00100083&order_time=2023-02-24 HTTP/1.1" 200 413
180.169.147.146 - - [24/Feb/2023:10:39:28 +0800] "GET /xingrg/all/function/internal_message.html?_=1677206377892&CODE_STATE=getMsg HTTP/1.1" 200 27
222.70.246.11 - - [24/Feb/2023:10:39:28 +0800] "GET /xingrg/all/function/internal_message.html?_=1677206396472&CODE_STATE=getMsg HTTP/1.1" 200 27
124.79.240.233 - - [24/Feb/2023:10:39:29 +0800] "GET /xingrg/all/function/internal_message.html?_=1677206626312&CODE_STATE=getMsg HTTP/1.1" 200 27
124.79.240.233 - - [24/Feb/2023:10:39:29 +0800] "GET /xingrg/check_reg.html?_=1677206626314 HTTP/1.1" 200 22
114.84.144.141 - - [24/Feb/2023:10:39:31 +0800] "GET /xingrg/kc/buy/cgsh_order_operate.html?command=get_materiel&rest_code=00141&code=00101008199&supplier_code=00100007&order_time=2023-02-24 HTTP/1.1" 200 408
222.70.221.209 - - [24/Feb/2023:10:39:32 +0800] "GET /xingrg/all/function/internal_message.html?_=1677206349807&CODE_STATE=getMsg HTTP/1.1" 200 27
222.70.177.73 - - [24/Feb/2023:10:39:32 +0800] "GET /xingrg/all/function/internal_message.html?_=1677206380526&CODE_STATE=getMsg HTTP/1.1" 200 27
114.84.144.141 - - [24/Feb/2023:10:39:33 +0800] "GET /xingrg/all/function/internal_message.html?_=1677205942412&CODE_STATE=getMsg HTTP/1.1" 200 27
120.253.135.82 - - [24/Feb/2023:10:39:36 +0800] "GET /xingrg/all/function/internal_message.html?_=1677206209585&CODE_STATE=getMsg HTTP/1.1" 200 27
222.70.246.11 - - [24/Feb/2023:10:39:39 +0800] "GET /xingrg/kc/buy/cgsh_order_operate.html?command=get_materiel&rest_code=00146&code=00101008704&supplier_code=00100005&order_time=2023-02-24 HTTP/1.1" 200 409
116.238.139.35 - - [24/Feb/2023:10:39:40 +0800] "GET /xingrg/all/function/internal_message.html?_=1677206319014&CODE_STATE=getMsg HTTP/1.1" 200 27
114.84.144.141 - - [24/Feb/2023:10:39:40 +0800] "GET /xingrg/kc/buy/cgsh_order_operate.html?command=get_materiel&rest_code=00141&code=00101008126&supplier_code=00100007&order_time=2023-02-24 HTTP/1.1" 200 412
116.192.124.172 - - [24/Feb/2023:10:39:45 +0800] "GET /xingrg/all/function/internal_message.html?_=1677206418986&CODE_STATE=getMsg HTTP/1.1" 200 27
114.84.144.141 - - [24/Feb/2023:10:39:50 +0800] "GET /xingrg/kc/buy/cgsh_order_operate.html?command=get_materiel&rest_code=00141&code=00101008059&supplier_code=00100007&order_time=2023-02-24 HTTP/1.1" 200 408
114.83.222.182 - - [24/Feb/2023:10:39:52 +0800] "GET /xingrg/all/function/internal_message.html?_=1677206457136&CODE_STATE=getMsg HTTP/1.1" 200 27
116.238.139.35 - - [24/Feb/2023:10:39:53 +0800] "GET /xingrg/all/function/internal_message.html?_=1677206404071&CODE_STATE=getMsg HTTP/1.1" 200 27
116.238.139.35 - - [24/Feb/2023:10:39:53 +0800] "GET /xingrg/check_reg.html?_=1677206404232 HTTP/1.1" 200 22
116.224.106.218 - - [24/Feb/2023:10:39:54 +0800] "GET /xingrg/all/function/internal_message.html?_=1677206401063&CODE_STATE=getMsg HTTP/1.1" 200 27
222.70.246.11 - - [24/Feb/2023:10:39:54 +0800] "GET /xingrg/kc/buy/cgsh_order_operate.html?command=get_materiel&rest_code=00146&code=00101008123&supplier_code=00100005&order_time=2023-02-24 HTTP/1.1" 200 412
101.229.22.234 - - [24/Feb/2023:10:39:58 +0800] "GET /xingrg/all/function/internal_message.html?_=1677206407793&CODE_STATE=getMsg HTTP/1.1" 200 27
114.84.144.141 - - [24/Feb/2023:10:40:01 +0800] "GET /xingrg/kc/buy/cgsh_order_operate.html?command=get_materiel&rest_code=00141&code=00101008108&supplier_code=00100007&order_time=2023-02-24 HTTP/1.1" 200 412
116.192.124.172 - - [24/Feb/2023:10:40:02 +0800] "GET /xingrg/kc/base/wldb_order_list.html HTTP/1.1" 200 19098
116.192.124.172 - - [24/Feb/2023:10:40:02 +0800] "POST /xingrg/kc/base/wldb_list_operate.html HTTP/1.1" 200 928
114.83.216.147 - - [24/Feb/2023:10:40:02 +0800] "GET /xingrg/all/function/internal_message.html?_=1677206410886&CODE_STATE=getMsg HTTP/1.1" 200 27
116.192.124.172 - - [24/Feb/2023:10:40:03 +0800] "GET /xingrg/kc/base/wldb_order_add.html HTTP/1.1" 200 30377
116.192.124.172 - - [24/Feb/2023:10:40:03 +0800] "GET /xingrg/words/20230224103522_words.js HTTP/1.1" 200 948073
116.192.124.172 - - [24/Feb/2023:10:40:04 +0800] "POST /xingrg/kc/base/wldb_order_operate.html HTTP/1.1" 200 6806
116.192.124.172 - - [24/Feb/2023:10:40:04 +0800] "GET /xingrg/all/common/auto_word.html?type=base&rest_code=00102 HTTP/1.1" 200 1857
116.192.124.172 - - [24/Feb/2023:10:40:04 +0800] "GET /xingrg/all/common/auto_word.html?type=base&rest_code=00102 HTTP/1.1" 200 1857
116.192.124.172 - - [24/Feb/2023:10:40:04 +0800] "GET /xingrg/javascript/easyui/themes/default/validatebox.css HTTP/1.1" 404 1104
116.192.124.172 - - [24/Feb/2023:10:40:04 +0800] "GET /xingrg/css/images/panel_loading.gif HTTP/1.1" 200 1737
116.192.124.172 - - [24/Feb/2023:10:40:04 +0800] "POST /xingrg/all/common/load_combo.html?type=base HTTP/1.1" 200 3321
116.192.124.172 - - [24/Feb/2023:10:40:07 +0800] "GET /xingrg/javascript/auto/indicator.gif HTTP/1.1" 404 1066
116.225.84.253 - - [24/Feb/2023:10:40:07 +0800] "GET /xingrg/all/function/internal_message.html?_=1677206417928&CODE_STATE=getMsg HTTP/1.1" 200 27
116.192.124.172 - - [24/Feb/2023:10:40:09 +0800] "GET /xingrg/kc/base/wldb_order_operate.html?command=get_materiel&rest_code=00102&base_code=0010476&code=00101019313 HTTP/1.1" 200 456
114.83.216.147 - - [24/Feb/2023:10:40:10 +0800] "GET /xingrg/kc/buy/cgsh_order_operate.html?command=get_materiel&rest_code=00149&code=00101004074&supplier_code=00100083&order_time=2023-02-24 HTTP/1.1" 200 406
222.70.246.11 - - [24/Feb/2023:10:40:13 +0800] "GET /xingrg/kc/buy/cgsh_order_operate.html?command=get_materiel&rest_code=00146&code=00101015038&supplier_code=00100005&order_time=2023-02-24 HTTP/1.1" 200 418
58.221.95.50 - - [24/Feb/2023:10:40:20 +0800] "GET /xingrg/all/function/internal_message.html?_=1677206431666&CODE_STATE=getMsg HTTP/1.1" 200 27
114.83.216.147 - - [24/Feb/2023:10:40:22 +0800] "GET /xingrg/kc/buy/cgsh_order_operate.html?command=get_materiel&rest_code=00149&code=00101004071&supplier_code=00100083&order_time=2023-02-24 HTTP/1.1" 200 409
180.169.147.146 - - [24/Feb/2023:10:40:28 +0800] "GET /xingrg/all/function/internal_message.html?_=1677206437908&CODE_STATE=getMsg HTTP/1.1" 200 27
222.70.246.11 - - [24/Feb/2023:10:40:28 +0800] "GET /xingrg/all/function/internal_message.html?_=1677206456486&CODE_STATE=getMsg HTTP/1.1" 200 27
124.79.240.233 - - [24/Feb/2023:10:40:29 +0800] "GET /xingrg/all/function/internal_message.html?_=1677206686302&CODE_STATE=getMsg HTTP/1.1" 200 27
222.70.221.209 - - [24/Feb/2023:10:40:32 +0800] "GET /xingrg/all/function/internal_message.html?_=1677206409804&CODE_STATE=getMsg HTTP/1.1" 200 27
222.70.177.73 - - [24/Feb/2023:10:40:32 +0800] "GET /xingrg/all/function/internal_message.html?_=1677206440527&CODE_STATE=getMsg HTTP/1.1" 200 27
222.70.177.73 - - [24/Feb/2023:10:40:32 +0800] "GET /xingrg/check_reg.html?_=1677206440530 HTTP/1.1" 200 22
114.84.144.141 - - [24/Feb/2023:10:40:33 +0800] "GET /xingrg/all/function/internal_message.html?_=1677206002477&CODE_STATE=getMsg HTTP/1.1" 200 27
120.253.135.82 - - [24/Feb/2023:10:40:36 +0800] "GET /xingrg/all/function/internal_message.html?_=1677206269598&CODE_STATE=getMsg HTTP/1.1" 200 27
222.70.246.11 - - [24/Feb/2023:10:40:37 +0800] "GET /xingrg/kc/buy/cgsh_order_operate.html?command=get_materiel&rest_code=00146&code=00101008509&supplier_code=00100005&order_time=2023-02-24 HTTP/1.1" 200 409
116.238.139.35 - - [24/Feb/2023:10:40:40 +0800] "GET /xingrg/all/function/internal_message.html?_=1677206379027&CODE_STATE=getMsg HTTP/1.1" 200 27
114.83.216.147 - - [24/Feb/2023:10:40:43 +0800] "GET /xingrg/kc/buy/cgsh_order_operate.html?command=get_materiel&rest_code=00149&code=00101004051&supplier_code=00100083&order_time=2023-02-24 HTTP/1.1" 200 408
116.192.124.172 - - [24/Feb/2023:10:40:45 +0800] "GET /xingrg/all/function/internal_message.html?_=1677206478989&CODE_STATE=getMsg HTTP/1.1" 200 27
222.70.246.11 - - [24/Feb/2023:10:40:45 +0800] "POST /xingrg/kc/buy/cgsh_order_operate.html HTTP/1.1" 200 2065
114.83.222.182 - - [24/Feb/2023:10:40:53 +0800] "GET /xingrg/all/function/internal_message.html?_=1677206517152&CODE_STATE=getMsg HTTP/1.1" 200 27
116.238.139.35 - - [24/Feb/2023:10:40:53 +0800] "GET /xingrg/all/function/internal_message.html?_=1677206464044&CODE_STATE=getMsg HTTP/1.1" 200 27
222.70.177.73 - - [24/Feb/2023:10:40:53 +0800] "POST /xingrg/kc/buy/cgsh_order_operate.html HTTP/1.1" 200 2065
116.224.106.218 - - [24/Feb/2023:10:40:54 +0800] "GET /xingrg/all/function/internal_message.html?_=1677206461035&CODE_STATE=getMsg HTTP/1.1" 200 27
116.225.84.253 - - [24/Feb/2023:10:40:54 +0800] "GET /xingrg/check_reg.html?_=1677206464435 HTTP/1.1" 200 22
114.83.216.147 - - [24/Feb/2023:10:40:54 +0800] "POST /xingrg/kc/buy/cgsh_order_operate.html HTTP/1.1" 200 37
222.70.246.11 - - [24/Feb/2023:10:40:57 +0800] "GET /xingrg/kc/buy/cgsh_order_operate.html?command=get_materiel&rest_code=00146&code=00101009063&supplier_code=00100005&order_time=2023-02-24 HTTP/1.1" 200 410
101.229.22.234 - - [24/Feb/2023:10:40:58 +0800] "GET /xingrg/all/function/internal_message.html?_=1677206467793&CODE_STATE=getMsg HTTP/1.1" 200 27
101.229.22.234 - - [24/Feb/2023:10:40:58 +0800] "GET /xingrg/check_reg.html?_=1677206467797 HTTP/1.1" 200 22
114.83.216.147 - - [24/Feb/2023:10:40:58 +0800] "POST /xingrg/kc/buy/cgsh_order_operate.html HTTP/1.1" 200 12
114.83.216.147 - - [24/Feb/2023:10:41:02 +0800] "GET /xingrg/kc/buy/cgsh_order_info.html?code=212023022408430 HTTP/1.1" 200 64901
114.83.216.147 - - [24/Feb/2023:10:41:02 +0800] "GET /xingrg/words/20230224103522_words.js HTTP/1.1" 304 -
114.83.216.147 - - [24/Feb/2023:10:41:02 +0800] "GET /xingrg/javascript/easyui/themes/default/validatebox.css HTTP/1.1" 404 1104
114.83.216.147 - - [24/Feb/2023:10:41:02 +0800] "GET /xingrg/all/function/internal_message.html?_=1677206470871&CODE_STATE=getMsg HTTP/1.1" 200 27
114.83.216.147 - - [24/Feb/2023:10:41:02 +0800] "GET /xingrg/check_reg.html?_=1677206471086 HTTP/1.1" 200 22
114.83.216.147 - - [24/Feb/2023:10:41:03 +0800] "POST /xingrg/kc/buy/cgsh_order_operate.html HTTP/1.1" 200 4766
114.83.216.147 - - [24/Feb/2023:10:41:06 +0800] "GET /xingrg/kc/print/load_data.html?order_code=212023022408430&kc_code=cgsh&condition= HTTP/1.1" 200 2311
116.225.84.253 - - [24/Feb/2023:10:41:07 +0800] "GET /xingrg/all/function/internal_message.html?_=1677206477908&CODE_STATE=getMsg HTTP/1.1" 200 27
222.70.246.11 - - [24/Feb/2023:10:41:08 +0800] "GET /xingrg/kc/buy/cgsh_order_operate.html?command=get_materiel&rest_code=00146&code=00101015052&supplier_code=00100005&order_time=2023-02-24 HTTP/1.1" 200 413
101.229.169.33 - - [24/Feb/2023:10:41:09 +0800] "GET /favicon.ico HTTP/1.1" 404 -
114.83.216.147 - - [24/Feb/2023:10:41:13 +0800] "GET /xingrg/kc/buy/cgsh_order_add.html HTTP/1.1" 200 70001
114.83.216.147 - - [24/Feb/2023:10:41:13 +0800] "POST /xingrg/kc/buy/cgsh_order_operate.html HTTP/1.1" 200 8245
114.83.216.147 - - [24/Feb/2023:10:41:13 +0800] "GET /xingrg/javascript/easyui/themes/default/validatebox.css HTTP/1.1" 404 1104
58.221.95.50 - - [24/Feb/2023:10:41:20 +0800] "GET /xingrg/all/function/internal_message.html?_=1677206491660&CODE_STATE=getMsg HTTP/1.1" 200 27
222.70.246.11 - - [24/Feb/2023:10:41:21 +0800] "GET /xingrg/kc/buy/cgsh_order_operate.html?command=get_materiel&rest_code=00146&code=00101015112&supplier_code=00100005&order_time=2023-02-24 HTTP/1.1" 200 417
180.169.147.146 - - [24/Feb/2023:10:41:28 +0800] "GET /xingrg/all/function/internal_message.html?_=1677206497896&CODE_STATE=getMsg HTTP/1.1" 200 27
222.70.246.11 - - [24/Feb/2023:10:41:28 +0800] "GET /xingrg/all/function/internal_message.html?_=1677206516500&CODE_STATE=getMsg HTTP/1.1" 200 27
124.79.240.233 - - [24/Feb/2023:10:41:29 +0800] "GET /xingrg/all/function/internal_message.html?_=1677206746306&CODE_STATE=getMsg HTTP/1.1" 200 27
222.70.221.209 - - [24/Feb/2023:10:41:32 +0800] "GET /xingrg/all/function/internal_message.html?_=1677206469789&CODE_STATE=getMsg HTTP/1.1" 200 27
180.164.3.199 - - [24/Feb/2023:10:41:32 +0800] "GET /xingrg/css/images/panel_loading.gif HTTP/1.1" 200 1737
180.164.3.199 - - [24/Feb/2023:10:41:32 +0800] "POST /xingrg/all/common/load_combo.html?type=base&rest_code=00108 HTTP/1.1" 200 3491
222.70.177.73 - - [24/Feb/2023:10:41:32 +0800] "GET /xingrg/all/function/internal_message.html?_=1677206500579&CODE_STATE=getMsg HTTP/1.1" 200 27
222.70.221.209 - - [24/Feb/2023:10:41:33 +0800] "GET /xingrg/check_reg.html?_=1677206471025 HTTP/1.1" 200 22
114.84.144.141 - - [24/Feb/2023:10:41:33 +0800] "GET /xingrg/all/function/internal_message.html?_=1677206062362&CODE_STATE=getMsg HTTP/1.1" 200 27
222.70.246.11 - - [24/Feb/2023:10:41:34 +0800] "GET /xingrg/kc/buy/cgsh_order_operate.html?command=get_materiel&rest_code=00146&code=00101015044&supplier_code=00100005&order_time=2023-02-24 HTTP/1.1" 200 408
120.253.135.82 - - [24/Feb/2023:10:41:36 +0800] "GET /xingrg/all/function/internal_message.html?_=1677206329657&CODE_STATE=getMsg HTTP/1.1" 200 27
222.70.177.73 - - [24/Feb/2023:10:41:37 +0800] "POST /xingrg/kc/buy/cgsh_order_operate.html HTTP/1.1" 200 2065
114.83.216.147 - - [24/Feb/2023:10:41:38 +0800] "GET /xingrg/kc/buy/cgsh_order_operate.html?command=get_materiel&rest_code=00149&code=00101001044&supplier_code=00100039&order_time=2023-02-24 HTTP/1.1" 200 411
116.238.139.35 - - [24/Feb/2023:10:41:40 +0800] "GET /xingrg/check_reg.html?_=1677206438936 HTTP/1.1" 200 22
116.238.139.35 - - [24/Feb/2023:10:41:40 +0800] "GET /xingrg/all/function/internal_message.html?_=1677206439088&CODE_STATE=getMsg HTTP/1.1" 200 27
222.70.246.11 - - [24/Feb/2023:10:41:44 +0800] "GET /xingrg/kc/buy/cgsh_order_operate.html?command=get_materiel&rest_code=00146&code=00101008350&supplier_code=00100005&order_time=2023-02-24 HTTP/1.1" 200 408
116.192.124.172 - - [24/Feb/2023:10:41:44 +0800] "GET /xingrg/kc/base/wldb_order_operate.html?command=get_materiel&rest_code=00102&base_code=0010482&code=00101011003 HTTP/1.1" 200 434
116.192.124.172 - - [24/Feb/2023:10:41:45 +0800] "GET /xingrg/all/function/internal_message.html?_=1677206538980&CODE_STATE=getMsg HTTP/1.1" 200 27
222.70.246.11 - - [24/Feb/2023:10:41:47 +0800] "POST /xingrg/kc/buy/cgsh_order_operate.html HTTP/1.1" 200 2065
222.70.177.73 - - [24/Feb/2023:10:41:49 +0800] "POST /xingrg/kc/buy/cgsh_order_operate.html HTTP/1.1" 200 37
180.157.253.110 - - [24/Feb/2023:10:41:51 +0800] "GET /xingrg/check_reg.html?_=1677206522334 HTTP/1.1" 200 22
116.238.139.35 - - [24/Feb/2023:10:41:52 +0800] "GET /xingrg/all/function/internal_message.html?_=1677206524030&CODE_STATE=getMsg HTTP/1.1" 200 27
114.83.222.182 - - [24/Feb/2023:10:41:53 +0800] "GET /xingrg/check_reg.html?_=1677206577152 HTTP/1.1" 200 22
114.83.222.182 - - [24/Feb/2023:10:41:53 +0800] "GET /xingrg/all/function/internal_message.html?_=1677206577154&CODE_STATE=getMsg HTTP/1.1" 200 27
116.224.106.218 - - [24/Feb/2023:10:41:54 +0800] "GET /xingrg/all/function/internal_message.html?_=1677206521020&CODE_STATE=getMsg HTTP/1.1" 200 27
