222.70.177.73 - - [19/Feb/2023:11:12:32 +0800] "GET /xingrg/kc/buy/cgsh_order_operate.html?command=get_materiel&rest_code=00111&code=00101016105&supplier_code=00100037&order_time=2023-02-19 HTTP/1.1" 200 409
114.84.144.141 - - [19/Feb/2023:11:12:32 +0800] "GET /xingrg/javascript/easyui/themes/default/validatebox.css HTTP/1.1" 404 1104
114.84.144.141 - - [19/Feb/2023:11:12:32 +0800] "POST /xingrg/kc/base/wldb_order_operate.html HTTP/1.1" 200 6159
116.225.84.253 - - [19/Feb/2023:11:12:32 +0800] "GET /xingrg/check_reg.html?_=1676776365827 HTTP/1.1" 200 22
180.163.28.114 - - [19/Feb/2023:11:12:35 +0800] "GET /xingrg/all/function/internal_message.html?_=1676776304458&CODE_STATE=getMsg HTTP/1.1" 302 -
180.163.28.114 - - [19/Feb/2023:11:12:35 +0800] "GET /xingrg/login.html HTTP/1.1" 200 7641
116.230.105.139 - - [19/Feb/2023:11:12:35 +0800] "GET /xingrg/kc/buy/cgsh_order_operate.html?command=get_materiel&rest_code=00155&code=00101001104&supplier_code=00100430&order_time=2023-02-18 HTTP/1.1" 200 412
116.237.73.154 - - [19/Feb/2023:11:12:35 +0800] "GET /xingrg/all/function/internal_message.html?_=1676776364432&CODE_STATE=getMsg HTTP/1.1" 200 27
222.70.177.73 - - [19/Feb/2023:11:12:36 +0800] "POST /xingrg/kc/buy/cgsh_order_operate.html HTTP/1.1" 200 2065
114.84.144.141 - - [19/Feb/2023:11:12:36 +0800] "GET /xingrg/kc/base/wldb_order_add.html HTTP/1.1" 200 30428
114.84.144.141 - - [19/Feb/2023:11:12:37 +0800] "POST /xingrg/kc/base/wldb_order_operate.html HTTP/1.1" 200 6806
114.84.144.141 - - [19/Feb/2023:11:12:37 +0800] "GET /xingrg/javascript/easyui/themes/default/validatebox.css HTTP/1.1" 404 1104
180.163.29.79 - - [19/Feb/2023:11:12:38 +0800] "GET /xingrg/check_reg.html?_=1676776307224 HTTP/1.1" 302 -
180.163.29.79 - - [19/Feb/2023:11:12:38 +0800] "GET /xingrg/login.html HTTP/1.1" 200 7641
222.70.177.73 - - [19/Feb/2023:11:12:42 +0800] "GET /xingrg/kc/buy/cgsh_order_operate.html?command=get_materiel&rest_code=00111&code=00101020138&supplier_code=00100037&order_time=2023-02-19 HTTP/1.1" 200 426
114.83.218.175 - - [19/Feb/2023:11:12:42 +0800] "GET /xingrg/all/function/internal_message.html?_=1676776375708&CODE_STATE=getMsg HTTP/1.1" 200 27
116.238.139.35 - - [19/Feb/2023:11:12:46 +0800] "GET /xingrg/all/function/internal_message.html?_=1676776380154&CODE_STATE=getMsg HTTP/1.1" 200 27
116.230.105.139 - - [19/Feb/2023:11:12:46 +0800] "GET /xingrg/kc/buy/cgsh_order_operate.html?command=get_materiel&rest_code=00155&code=00101010916&supplier_code=00100430&order_time=2023-02-18 HTTP/1.1" 200 394
114.84.144.141 - - [19/Feb/2023:11:12:49 +0800] "GET /xingrg/kc/base/wldb_order_operate.html?command=get_materiel&rest_code=00141&base_code=0010382&code=00101019306 HTTP/1.1" 200 479
116.230.105.139 - - [19/Feb/2023:11:12:55 +0800] "POST /xingrg/kc/buy/cgsh_order_operate.html HTTP/1.1" 200 37
180.162.114.226 - - [19/Feb/2023:11:12:56 +0800] "GET /xingrg/check_reg.html?_=1676775325873 HTTP/1.1" 200 22
180.162.114.226 - - [19/Feb/2023:11:12:56 +0800] "GET /xingrg/all/function/internal_message.html?_=1676775325876&CODE_STATE=getMsg HTTP/1.1" 200 27
116.230.105.139 - - [19/Feb/2023:11:12:56 +0800] "POST /xingrg/kc/buy/cgsh_order_operate.html HTTP/1.1" 200 3852
120.253.135.82 - - [19/Feb/2023:11:12:59 +0800] "GET /xingrg/all/function/internal_message.html?_=1676776214063&CODE_STATE=getMsg HTTP/1.1" 200 27
116.230.105.139 - - [19/Feb/2023:11:12:59 +0800] "POST /xingrg/kc/buy/cgsh_list_operate.html HTTP/1.1" 200 202
116.230.105.139 - - [19/Feb/2023:11:12:59 +0800] "GET /xingrg/kc/buy/cgsh_order_info.html?code=212023021806184 HTTP/1.1" 200 69856
116.230.105.139 - - [19/Feb/2023:11:12:59 +0800] "GET /xingrg/javascript/easyui/themes/default/validatebox.css HTTP/1.1" 404 1104
116.230.105.139 - - [19/Feb/2023:11:13:00 +0800] "POST /xingrg/kc/buy/cgsh_order_operate.html HTTP/1.1" 200 2664
116.230.105.139 - - [19/Feb/2023:11:13:01 +0800] "POST /xingrg/kc/buy/cgsh_list_operate.html HTTP/1.1" 200 4876
114.84.144.141 - - [19/Feb/2023:11:13:02 +0800] "GET /xingrg/kc/base/wldb_order_operate.html?command=get_materiel&rest_code=00141&base_code=0010382&code=00101019183 HTTP/1.1" 200 449
58.40.7.146 - - [19/Feb/2023:11:13:02 +0800] "GET /xingrg/all/function/internal_message.html?_=1676776395145&CODE_STATE=getMsg HTTP/1.1" 200 27
116.235.93.82 - - [19/Feb/2023:11:13:06 +0800] "GET /xingrg/check_reg.html?_=1676776392849 HTTP/1.1" 200 22
116.235.93.82 - - [19/Feb/2023:11:13:06 +0800] "GET /xingrg/all/function/internal_message.html?_=1676776392854&CODE_STATE=getMsg HTTP/1.1" 200 27
116.235.93.82 - - [19/Feb/2023:11:13:07 +0800] "GET /xingrg/kc/mdqp/pssh_order_list.html HTTP/1.1" 200 17925
116.235.93.82 - - [19/Feb/2023:11:13:07 +0800] "POST /xingrg/kc/mdqp/pssh_list_operate.html HTTP/1.1" 200 6454
101.229.22.234 - - [19/Feb/2023:11:13:08 +0800] "GET /xingrg/all/function/internal_message.html?_=1676776400485&CODE_STATE=getMsg HTTP/1.1" 200 27
218.81.220.34 - - [19/Feb/2023:11:13:09 +0800] "GET /xingrg/all/function/internal_message.html?_=1676776428872&CODE_STATE=getMsg HTTP/1.1" 200 27
58.221.95.50 - - [19/Feb/2023:11:13:10 +0800] "GET /xingrg/all/function/internal_message.html?_=1676776403741&CODE_STATE=getMsg HTTP/1.1" 200 27
116.192.124.172 - - [19/Feb/2023:11:13:13 +0800] "GET /xingrg/all/function/internal_message.html?_=1676776405316&CODE_STATE=getMsg HTTP/1.1" 200 27
116.230.105.139 - - [19/Feb/2023:11:13:14 +0800] "POST /xingrg/kc/buy/cgsh_order_operate.html HTTP/1.1" 200 37
114.84.144.141 - - [19/Feb/2023:11:13:14 +0800] "GET /xingrg/kc/base/wldb_order_operate.html?command=get_materiel&rest_code=00141&base_code=0010382&code=00101019267 HTTP/1.1" 200 482
116.192.124.172 - - [19/Feb/2023:11:13:15 +0800] "GET /xingrg/all/function/internal_message.html?_=1676776410127&CODE_STATE=getMsg HTTP/1.1" 200 27
116.230.105.139 - - [19/Feb/2023:11:13:16 +0800] "POST /xingrg/kc/buy/cgsh_order_operate.html HTTP/1.1" 200 2664
116.230.105.139 - - [19/Feb/2023:11:13:16 +0800] "GET /xingrg/all/function/internal_message.html?_=1676776387248&CODE_STATE=getMsg HTTP/1.1" 200 27
58.40.7.146 - - [19/Feb/2023:11:13:16 +0800] "POST /xingrg/services/DataTransmitService HTTP/1.1" 200 524
114.84.144.141 - - [19/Feb/2023:11:13:19 +0800] "GET /xingrg/all/function/internal_message.html?_=1676775974726&CODE_STATE=getMsg HTTP/1.1" 200 27
116.230.105.139 - - [19/Feb/2023:11:13:19 +0800] "POST /xingrg/kc/buy/cgsh_list_operate.html HTTP/1.1" 200 4876
180.169.147.146 - - [19/Feb/2023:11:13:21 +0800] "GET /xingrg/all/function/internal_message.html?_=1676776414261&CODE_STATE=getMsg HTTP/1.1" 200 27
114.83.222.182 - - [19/Feb/2023:11:13:21 +0800] "GET /xingrg/all/function/internal_message.html?_=1676776526873&CODE_STATE=getMsg HTTP/1.1" 200 27
116.235.93.82 - - [19/Feb/2023:11:13:22 +0800] "GET /xingrg/all/function/internal_message.html?_=1676776660086&CODE_STATE=getMsg HTTP/1.1" 200 27
116.230.105.139 - - [19/Feb/2023:11:13:22 +0800] "POST /xingrg/kc/buy/cgsh_list_operate.html HTTP/1.1" 200 277
116.230.105.139 - - [19/Feb/2023:11:13:22 +0800] "GET /xingrg/kc/buy/cgsh_order_info.html?code=212023021806192 HTTP/1.1" 200 69858
116.230.105.139 - - [19/Feb/2023:11:13:23 +0800] "GET /xingrg/javascript/easyui/themes/default/validatebox.css HTTP/1.1" 404 1104
116.230.105.139 - - [19/Feb/2023:11:13:23 +0800] "POST /xingrg/kc/buy/cgsh_order_operate.html HTTP/1.1" 200 3256
222.70.177.73 - - [19/Feb/2023:11:13:24 +0800] "GET /xingrg/all/function/internal_message.html?_=1676776414578&CODE_STATE=getMsg HTTP/1.1" 200 27
116.230.105.139 - - [19/Feb/2023:11:13:25 +0800] "POST /xingrg/kc/buy/cgsh_list_operate.html HTTP/1.1" 200 4876
222.70.177.73 - - [19/Feb/2023:11:13:26 +0800] "GET /xingrg/check_reg.html?_=1676776415890 HTTP/1.1" 200 22
124.79.72.155 - - [19/Feb/2023:11:13:28 +0800] "GET /xingrg/all/function/internal_message.html?_=1676776421371&CODE_STATE=getMsg HTTP/1.1" 200 27
116.230.105.139 - - [19/Feb/2023:11:13:30 +0800] "GET /xingrg/kc/buy/cgsh_order_operate.html?command=get_materiel&rest_code=00155&code=00101010917&supplier_code=00100312&order_time=2023-02-18 HTTP/1.1" 200 404
116.225.84.253 - - [19/Feb/2023:11:13:32 +0800] "GET /xingrg/all/function/internal_message.html?_=1676776424922&CODE_STATE=getMsg HTTP/1.1" 200 27
116.235.93.82 - - [19/Feb/2023:11:13:33 +0800] "POST /xingrg/kc/mdqp/pssh_list_operate.html HTTP/1.1" 200 1884
116.235.93.82 - - [19/Feb/2023:11:13:34 +0800] "GET /xingrg/kc/mdqp/pssh_order_list.html HTTP/1.1" 200 17925
116.235.93.82 - - [19/Feb/2023:11:13:34 +0800] "POST /xingrg/kc/mdqp/pssh_list_operate.html HTTP/1.1" 200 8542
116.237.73.154 - - [19/Feb/2023:11:13:35 +0800] "GET /xingrg/all/function/internal_message.html?_=1676776424406&CODE_STATE=getMsg HTTP/1.1" 200 27
116.192.124.172 - - [19/Feb/2023:11:13:36 +0800] "GET /xingrg/kc/buy/cgsh_order_operate.html?command=get_materiel&rest_code=00102&code=00101006120&supplier_code=00100151&order_time=2023-02-19 HTTP/1.1" 200 429
116.235.93.82 - - [19/Feb/2023:11:13:40 +0800] "POST /xingrg/kc/mdqp/pssh_list_operate.html HTTP/1.1" 200 779
116.235.93.82 - - [19/Feb/2023:11:13:41 +0800] "GET /xingrg/kc/mdqp/pssh_order_info.html?code=312023011700349 HTTP/1.1" 200 14392
116.235.93.82 - - [19/Feb/2023:11:13:41 +0800] "GET /xingrg/javascript/jquery_tools/jquery-1.4.2.min.js HTTP/1.1" 404 1094
116.230.105.139 - - [19/Feb/2023:11:13:41 +0800] "POST /xingrg/kc/buy/cgsh_order_operate.html HTTP/1.1" 200 37
116.235.93.82 - - [19/Feb/2023:11:13:41 +0800] "POST /xingrg/kc/mdqp/pssh_order_operate.html HTTP/1.1" 200 4284
116.235.93.82 - - [19/Feb/2023:11:13:41 +0800] "GET /xingrg/javascript/easyui/themes/default/validatebox.css HTTP/1.1" 404 1104
114.83.218.175 - - [19/Feb/2023:11:13:42 +0800] "GET /xingrg/all/function/internal_message.html?_=1676776435711&CODE_STATE=getMsg HTTP/1.1" 200 27
114.83.218.175 - - [19/Feb/2023:11:13:42 +0800] "GET /xingrg/check_reg.html?_=1676776435716 HTTP/1.1" 200 22
116.230.105.139 - - [19/Feb/2023:11:13:42 +0800] "POST /xingrg/kc/buy/cgsh_order_operate.html HTTP/1.1" 200 3262
114.84.144.141 - - [19/Feb/2023:11:13:43 +0800] "GET /xingrg/kc/base/wldb_order_operate.html?command=get_materiel&rest_code=00141&base_code=0010382&code=00101019430 HTTP/1.1" 200 477
116.235.93.82 - - [19/Feb/2023:11:13:44 +0800] "GET /xingrg/kc/mdqp/pssh_order_list.html?isBack=1 HTTP/1.1" 200 17925
116.235.93.82 - - [19/Feb/2023:11:13:45 +0800] "GET /favicon.ico HTTP/1.1" 404 -
116.235.93.82 - - [19/Feb/2023:11:13:45 +0800] "POST /xingrg/kc/mdqp/pssh_list_operate.html HTTP/1.1" 200 8542
116.238.139.35 - - [19/Feb/2023:11:13:46 +0800] "GET /xingrg/all/function/internal_message.html?_=1676776440156&CODE_STATE=getMsg HTTP/1.1" 200 27
116.235.93.82 - - [19/Feb/2023:11:13:46 +0800] "GET /xingrg/kc/mdqp/pssh_order_list.html HTTP/1.1" 200 17925
116.235.93.82 - - [19/Feb/2023:11:13:46 +0800] "POST /xingrg/kc/mdqp/pssh_list_operate.html HTTP/1.1" 200 8542
222.70.177.73 - - [19/Feb/2023:11:13:50 +0800] "GET /xingrg/kc/buy/cgsh_order_operate.html?command=get_materiel&rest_code=00111&code=00101019435&supplier_code=00100037&order_time=2023-02-19 HTTP/1.1" 200 417
116.230.105.139 - - [19/Feb/2023:11:13:50 +0800] "POST /xingrg/kc/buy/cgsh_list_operate.html HTTP/1.1" 200 4876
114.84.144.141 - - [19/Feb/2023:11:13:55 +0800] "GET /xingrg/kc/base/wldb_order_operate.html?command=get_materiel&rest_code=00141&base_code=0010382&code=00101019079 HTTP/1.1" 200 479
180.162.114.226 - - [19/Feb/2023:11:13:56 +0800] "GET /xingrg/all/function/internal_message.html?_=1676775385889&CODE_STATE=getMsg HTTP/1.1" 200 27
120.253.135.82 - - [19/Feb/2023:11:13:58 +0800] "GET /xingrg/check_reg.html?_=1676776273828 HTTP/1.1" 200 22
120.253.135.82 - - [19/Feb/2023:11:13:59 +0800] "GET /xingrg/all/function/internal_message.html?_=1676776274078&CODE_STATE=getMsg HTTP/1.1" 200 27
222.70.177.73 - - [19/Feb/2023:11:14:01 +0800] "GET /xingrg/kc/buy/cgsh_order_operate.html?command=get_materiel&rest_code=00111&code=00101009045&supplier_code=00100037&order_time=2023-02-19 HTTP/1.1" 200 412
114.84.144.141 - - [19/Feb/2023:11:14:02 +0800] "GET /xingrg/kc/base/wldb_order_operate.html?command=get_materiel&rest_code=00141&base_code=0010382&code=00101019391 HTTP/1.1" 200 485
58.40.7.146 - - [19/Feb/2023:11:14:02 +0800] "GET /xingrg/all/function/internal_message.html?_=1676776455119&CODE_STATE=getMsg HTTP/1.1" 200 27
116.192.124.172 - - [19/Feb/2023:11:14:04 +0800] "GET /xingrg/kc/buy/cgsh_order_operate.html?command=get_materiel&rest_code=00102&code=00101010535&supplier_code=00100151&order_time=2023-02-19 HTTP/1.1" 200 442
116.235.93.82 - - [19/Feb/2023:11:14:06 +0800] "GET /xingrg/all/function/internal_message.html?_=1676776452845&CODE_STATE=getMsg HTTP/1.1" 200 27
101.229.22.234 - - [19/Feb/2023:11:14:08 +0800] "GET /xingrg/all/function/internal_message.html?_=1676776460485&CODE_STATE=getMsg HTTP/1.1" 200 27
116.230.105.139 - - [19/Feb/2023:11:14:08 +0800] "POST /xingrg/kc/buy/cgsh_list_operate.html HTTP/1.1" 200 353
218.81.220.34 - - [19/Feb/2023:11:14:09 +0800] "GET /xingrg/all/function/internal_message.html?_=1676776488874&CODE_STATE=getMsg HTTP/1.1" 200 27
58.221.95.50 - - [19/Feb/2023:11:14:10 +0800] "GET /xingrg/all/function/internal_message.html?_=1676776463719&CODE_STATE=getMsg HTTP/1.1" 200 27
114.84.144.141 - - [19/Feb/2023:11:14:11 +0800] "GET /xingrg/kc/base/wldb_order_operate.html?command=get_materiel&rest_code=00141&base_code=0010382&code=00101019492 HTTP/1.1" 200 456
116.230.105.139 - - [19/Feb/2023:11:14:12 +0800] "POST /xingrg/kc/buy/cgsh_list_operate.html HTTP/1.1" 200 202
116.192.124.172 - - [19/Feb/2023:11:14:13 +0800] "GET /xingrg/all/function/internal_message.html?_=1676776465287&CODE_STATE=getMsg HTTP/1.1" 200 27
116.192.124.172 - - [19/Feb/2023:11:14:15 +0800] "GET /xingrg/all/function/internal_message.html?_=1676776470119&CODE_STATE=getMsg HTTP/1.1" 200 27
116.230.105.139 - - [19/Feb/2023:11:14:15 +0800] "POST /xingrg/kc/buy/cgsh_list_operate.html HTTP/1.1" 200 281
116.230.105.139 - - [19/Feb/2023:11:14:16 +0800] "GET /xingrg/all/function/internal_message.html?_=1676776447260&CODE_STATE=getMsg HTTP/1.1" 200 27
114.84.144.141 - - [19/Feb/2023:11:14:17 +0800] "GET /xingrg/check_reg.html?_=1676776032824 HTTP/1.1" 200 22
114.84.144.141 - - [19/Feb/2023:11:14:19 +0800] "GET /xingrg/all/function/internal_message.html?_=1676776034668&CODE_STATE=getMsg HTTP/1.1" 200 27
180.169.147.146 - - [19/Feb/2023:11:14:21 +0800] "GET /xingrg/all/function/internal_message.html?_=1676776474261&CODE_STATE=getMsg HTTP/1.1" 200 27
114.83.222.182 - - [19/Feb/2023:11:14:21 +0800] "GET /xingrg/all/function/internal_message.html?_=1676776586871&CODE_STATE=getMsg HTTP/1.1" 200 27
116.235.93.82 - - [19/Feb/2023:11:14:22 +0800] "GET /xingrg/all/function/internal_message.html?_=1676776720105&CODE_STATE=getMsg HTTP/1.1" 200 27
114.84.144.141 - - [19/Feb/2023:11:14:22 +0800] "GET /xingrg/kc/base/wldb_order_operate.html?command=get_materiel&rest_code=00141&base_code=0010382&code=00101016094 HTTP/1.1" 200 470
222.70.177.73 - - [19/Feb/2023:11:14:23 +0800] "GET /xingrg/kc/buy/cgsh_order_operate.html?command=get_materiel&rest_code=00111&code=00101011005&supplier_code=00100037&order_time=2023-02-19 HTTP/1.1" 200 428
222.70.177.73 - - [19/Feb/2023:11:14:24 +0800] "GET /xingrg/all/function/internal_message.html?_=1676776474574&CODE_STATE=getMsg HTTP/1.1" 200 27
124.79.72.155 - - [19/Feb/2023:11:14:28 +0800] "GET /xingrg/all/function/internal_message.html?_=1676776481371&CODE_STATE=getMsg HTTP/1.1" 200 27
116.225.84.253 - - [19/Feb/2023:11:14:32 +0800] "GET /xingrg/all/function/internal_message.html?_=1676776484899&CODE_STATE=getMsg HTTP/1.1" 200 27
116.230.105.139 - - [19/Feb/2023:11:14:33 +0800] "POST /xingrg/kc/buy/cgsh_list_operate.html HTTP/1.1" 200 4
114.84.144.141 - - [19/Feb/2023:11:14:34 +0800] "GET /xingrg/kc/base/wldb_order_operate.html?command=get_materiel&rest_code=00141&base_code=0010382&code=00101008071 HTTP/1.1" 200 431
116.237.73.154 - - [19/Feb/2023:11:14:35 +0800] "GET /xingrg/all/function/internal_message.html?_=1676776484377&CODE_STATE=getMsg HTTP/1.1" 200 27
180.163.30.76 - - [19/Feb/2023:11:14:35 +0800] "GET /xingrg/all/function/internal_message.html?_=1676776424406&CODE_STATE=getMsg HTTP/1.1" 302 -
180.163.30.76 - - [19/Feb/2023:11:14:35 +0800] "GET /xingrg/login.html HTTP/1.1" 200 7641
116.230.105.139 - - [19/Feb/2023:11:14:37 +0800] "POST /xingrg/kc/buy/cgsh_list_operate.html HTTP/1.1" 200 3589
222.70.177.73 - - [19/Feb/2023:11:14:41 +0800] "GET /xingrg/kc/buy/cgsh_order_operate.html?command=get_materiel&rest_code=00111&code=00101008349&supplier_code=00100037&order_time=2023-02-19 HTTP/1.1" 200 412
114.83.218.175 - - [19/Feb/2023:11:14:42 +0800] "GET /xingrg/all/function/internal_message.html?_=1676776495727&CODE_STATE=getMsg HTTP/1.1" 200 27
116.238.139.35 - - [19/Feb/2023:11:14:46 +0800] "GET /xingrg/all/function/internal_message.html?_=1676776500158&CODE_STATE=getMsg HTTP/1.1" 200 27
180.157.253.110 - - [19/Feb/2023:11:14:46 +0800] "GET /favicon.ico HTTP/1.1" 404 -
114.84.144.141 - - [19/Feb/2023:11:14:51 +0800] "GET /xingrg/kc/base/wldb_order_operate.html?command=get_materiel&rest_code=00141&base_code=0010382&code=00101013220 HTTP/1.1" 200 431
180.162.114.226 - - [19/Feb/2023:11:14:56 +0800] "GET /xingrg/all/function/internal_message.html?_=1676775445887&CODE_STATE=getMsg HTTP/1.1" 200 27
114.84.144.141 - - [19/Feb/2023:11:14:58 +0800] "GET /xingrg/kc/base/wldb_order_operate.html?command=get_materiel&rest_code=00141&base_code=0010382&code=00101008431 HTTP/1.1" 200 424
116.192.124.172 - - [19/Feb/2023:11:14:58 +0800] "GET /xingrg/kc/buy/cgsh_order_operate.html?command=get_materiel&rest_code=00102&code=00101007023&supplier_code=00100151&order_time=2023-02-19 HTTP/1.1" 200 430
120.253.135.82 - - [19/Feb/2023:11:14:59 +0800] "GET /xingrg/all/function/internal_message.html?_=1676776334091&CODE_STATE=getMsg HTTP/1.1" 200 27
116.238.139.35 - - [19/Feb/2023:11:15:01 +0800] "GET /xingrg/kc/buy/cgsh_order_list.html HTTP/1.1" 200 54063
58.40.7.146 - - [19/Feb/2023:11:15:02 +0800] "GET /xingrg/all/function/internal_message.html?_=1676776515101&CODE_STATE=getMsg HTTP/1.1" 200 27
116.238.139.35 - - [19/Feb/2023:11:15:03 +0800] "POST /xingrg/kc/buy/cgsh_list_operate.html HTTP/1.1" 200 986
116.235.93.82 - - [19/Feb/2023:11:15:06 +0800] "GET /xingrg/all/function/internal_message.html?_=1676776512836&CODE_STATE=getMsg HTTP/1.1" 200 27
114.84.144.141 - - [19/Feb/2023:11:15:06 +0800] "GET /xingrg/kc/base/wldb_order_operate.html?command=get_materiel&rest_code=00141&base_code=0010382&code=00101008239 HTTP/1.1" 200 437
101.229.22.234 - - [19/Feb/2023:11:15:08 +0800] "GET /xingrg/check_reg.html?_=1676776520484 HTTP/1.1" 200 22
101.229.22.234 - - [19/Feb/2023:11:15:08 +0800] "GET /xingrg/all/function/internal_message.html?_=1676776520488&CODE_STATE=getMsg HTTP/1.1" 200 27
116.238.139.35 - - [19/Feb/2023:11:15:08 +0800] "GET /xingrg/kc/buy/cgsh_order_add.html HTTP/1.1" 200 69839
116.238.139.35 - - [19/Feb/2023:11:15:08 +0800] "GET /xingrg/words/20230219101200_words.js HTTP/1.1" 304 -
116.238.139.35 - - [19/Feb/2023:11:15:08 +0800] "POST /xingrg/kc/buy/cgsh_order_operate.html HTTP/1.1" 200 8245
116.238.139.35 - - [19/Feb/2023:11:15:08 +0800] "GET /xingrg/javascript/easyui/themes/default/validatebox.css HTTP/1.1" 404 1104
218.81.220.34 - - [19/Feb/2023:11:15:09 +0800] "GET /xingrg/all/function/internal_message.html?_=1676776549167&CODE_STATE=getMsg HTTP/1.1" 200 27
58.221.95.50 - - [19/Feb/2023:11:15:10 +0800] "GET /xingrg/all/function/internal_message.html?_=1676776523709&CODE_STATE=getMsg HTTP/1.1" 200 27
116.192.124.172 - - [19/Feb/2023:11:15:13 +0800] "GET /xingrg/all/function/internal_message.html?_=1676776525282&CODE_STATE=getMsg HTTP/1.1" 200 27
116.192.124.172 - - [19/Feb/2023:11:15:15 +0800] "GET /xingrg/all/function/internal_message.html?_=1676776530130&CODE_STATE=getMsg HTTP/1.1" 200 27
116.230.105.139 - - [19/Feb/2023:11:15:16 +0800] "GET /xingrg/all/function/internal_message.html?_=1676776507250&CODE_STATE=getMsg HTTP/1.1" 200 27
116.230.105.139 - - [19/Feb/2023:11:15:16 +0800] "GET /xingrg/check_reg.html?_=1676776507251 HTTP/1.1" 200 22
114.84.144.141 - - [19/Feb/2023:11:15:19 +0800] "GET /xingrg/all/function/internal_message.html?_=1676776094638&CODE_STATE=getMsg HTTP/1.1" 200 27
180.169.147.146 - - [19/Feb/2023:11:15:21 +0800] "GET /xingrg/check_reg.html?_=1676776534260 HTTP/1.1" 200 22
180.169.147.146 - - [19/Feb/2023:11:15:21 +0800] "GET /xingrg/all/function/internal_message.html?_=1676776534262&CODE_STATE=getMsg HTTP/1.1" 200 27
114.83.222.182 - - [19/Feb/2023:11:15:21 +0800] "GET /xingrg/all/function/internal_message.html?_=1676776646889&CODE_STATE=getMsg HTTP/1.1" 200 27
116.235.93.82 - - [19/Feb/2023:11:15:22 +0800] "GET /xingrg/check_reg.html?_=1676776780118 HTTP/1.1" 200 22
116.235.93.82 - - [19/Feb/2023:11:15:22 +0800] "GET /xingrg/all/function/internal_message.html?_=1676776780117&CODE_STATE=getMsg HTTP/1.1" 200 27
116.238.139.35 - - [19/Feb/2023:11:15:24 +0800] "GET /xingrg/kc/buy/cgsh_order_operate.html?command=get_materiel&rest_code=00150&code=00101030038&supplier_code=00100097&order_time=2023-02-19 HTTP/1.1" 200 413
222.70.177.73 - - [19/Feb/2023:11:15:24 +0800] "GET /xingrg/all/function/internal_message.html?_=1676776534550&CODE_STATE=getMsg HTTP/1.1" 200 27
114.84.144.141 - - [19/Feb/2023:11:15:25 +0800] "GET /xingrg/kc/base/wldb_order_operate.html?command=get_materiel&rest_code=00141&base_code=0010382&code=00101013052 HTTP/1.1" 200 440
124.79.72.155 - - [19/Feb/2023:11:15:28 +0800] "GET /xingrg/all/function/internal_message.html?_=1676776541397&CODE_STATE=getMsg HTTP/1.1" 200 27
116.225.84.253 - - [19/Feb/2023:11:15:31 +0800] "GET /xingrg/all/function/internal_message.html?_=1676776544872&CODE_STATE=getMsg HTTP/1.1" 200 27
180.163.28.55 - - [19/Feb/2023:11:15:35 +0800] "GET /xingrg/all/function/internal_message.html?_=1676776484377&CODE_STATE=getMsg HTTP/1.1" 302 -
180.163.28.55 - - [19/Feb/2023:11:15:35 +0800] "GET /xingrg/login.html HTTP/1.1" 200 7641
116.237.73.154 - - [19/Feb/2023:11:15:35 +0800] "GET /xingrg/all/function/internal_message.html?_=1676776544349&CODE_STATE=getMsg HTTP/1.1" 200 27
114.84.144.141 - - [19/Feb/2023:11:15:37 +0800] "POST /xingrg/kc/base/wldb_order_operate.html HTTP/1.1" 200 37
114.84.144.141 - - [19/Feb/2023:11:15:38 +0800] "POST /xingrg/kc/base/wldb_order_operate.html HTTP/1.1" 200 7713
114.84.144.141 - - [19/Feb/2023:11:15:38 +0800] "GET /xingrg/kc/base/wldb_order_info.html?code=422023021901427 HTTP/1.1" 200 30443
114.84.144.141 - - [19/Feb/2023:11:15:39 +0800] "GET /xingrg/javascript/easyui/themes/default/validatebox.css HTTP/1.1" 404 1104
114.84.144.141 - - [19/Feb/2023:11:15:39 +0800] "POST /xingrg/kc/base/wldb_order_operate.html HTTP/1.1" 200 7713
222.70.177.73 - - [19/Feb/2023:11:15:40 +0800] "GET /xingrg/kc/buy/cgsh_order_operate.html?command=get_materiel&rest_code=00111&code=00101008098&supplier_code=00100037&order_time=2023-02-19 HTTP/1.1" 200 412
114.84.144.141 - - [19/Feb/2023:11:15:41 +0800] "GET /xingrg/kc/base/wldb_order_add.html HTTP/1.1" 200 30428
114.84.144.141 - - [19/Feb/2023:11:15:41 +0800] "POST /xingrg/kc/base/wldb_order_operate.html HTTP/1.1" 200 6806
114.84.144.141 - - [19/Feb/2023:11:15:42 +0800] "GET /xingrg/javascript/easyui/themes/default/validatebox.css HTTP/1.1" 404 1104
114.83.218.175 - - [19/Feb/2023:11:15:42 +0800] "GET /xingrg/all/function/internal_message.html?_=1676776555722&CODE_STATE=getMsg HTTP/1.1" 200 27
116.238.139.35 - - [19/Feb/2023:11:15:50 +0800] "POST /xingrg/kc/buy/cgsh_order_operate.html HTTP/1.1" 200 37
116.192.124.172 - - [19/Feb/2023:11:15:50 +0800] "GET /xingrg/check_reg.html?_=1676776562846 HTTP/1.1" 200 22
114.84.144.141 - - [19/Feb/2023:11:15:53 +0800] "GET /xingrg/kc/base/wldb_order_operate.html?command=get_materiel&rest_code=00141&base_code=0010382&code=00101027001 HTTP/1.1" 200 469
116.238.139.35 - - [19/Feb/2023:11:15:54 +0800] "POST /xingrg/kc/buy/cgsh_order_operate.html HTTP/1.1" 200 12
180.162.114.226 - - [19/Feb/2023:11:15:56 +0800] "GET /xingrg/all/function/internal_message.html?_=1676775505887&CODE_STATE=getMsg HTTP/1.1" 200 27
222.70.177.73 - - [19/Feb/2023:11:15:58 +0800] "POST /xingrg/kc/buy/cgsh_order_operate.html HTTP/1.1" 200 2065
218.81.220.34 - - [19/Feb/2023:11:15:58 +0800] "GET /xingrg/check_reg.html?_=1676776598592 HTTP/1.1" 200 22
120.253.135.82 - - [19/Feb/2023:11:15:59 +0800] "GET /xingrg/all/function/internal_message.html?_=1676776394105&CODE_STATE=getMsg HTTP/1.1" 200 27
58.40.7.146 - - [19/Feb/2023:11:16:02 +0800] "GET /xingrg/all/function/internal_message.html?_=1676776575085&CODE_STATE=getMsg HTTP/1.1" 200 27
114.84.144.141 - - [19/Feb/2023:11:16:03 +0800] "GET /xingrg/kc/base/wldb_order_operate.html?command=get_materiel&rest_code=00141&base_code=0010382&code=00101019390 HTTP/1.1" 200 470
222.70.177.73 - - [19/Feb/2023:11:16:04 +0800] "GET /xingrg/kc/buy/cgsh_order_operate.html?command=get_materiel&rest_code=00111&code=00101008298&supplier_code=00100037&order_time=2023-02-19 HTTP/1.1" 200 412
116.235.93.82 - - [19/Feb/2023:11:16:06 +0800] "GET /xingrg/all/function/internal_message.html?_=1676776572847&CODE_STATE=getMsg HTTP/1.1" 200 27
101.229.22.234 - - [19/Feb/2023:11:16:08 +0800] "GET /xingrg/all/function/internal_message.html?_=1676776580514&CODE_STATE=getMsg HTTP/1.1" 200 27
218.81.220.34 - - [19/Feb/2023:11:16:09 +0800] "GET /xingrg/all/function/internal_message.html?_=1676776609168&CODE_STATE=getMsg HTTP/1.1" 200 27
114.84.144.141 - - [19/Feb/2023:11:16:10 +0800] "GET /xingrg/kc/base/wldb_order_operate.html?command=get_materiel&rest_code=00141&base_code=0010382&code=00101016029 HTTP/1.1" 200 463
58.221.95.50 - - [19/Feb/2023:11:16:10 +0800] "GET /xingrg/all/function/internal_message.html?_=1676776583697&CODE_STATE=getMsg HTTP/1.1" 200 27
116.192.124.172 - - [19/Feb/2023:11:16:13 +0800] "GET /xingrg/all/function/internal_message.html?_=1676776585272&CODE_STATE=getMsg HTTP/1.1" 200 27
116.192.124.172 - - [19/Feb/2023:11:16:15 +0800] "GET /xingrg/all/function/internal_message.html?_=1676776590121&CODE_STATE=getMsg HTTP/1.1" 200 27
116.230.105.139 - - [19/Feb/2023:11:16:16 +0800] "GET /xingrg/all/function/internal_message.html?_=1676776567259&CODE_STATE=getMsg HTTP/1.1" 200 27
116.238.139.35 - - [19/Feb/2023:11:16:17 +0800] "GET /xingrg/kc/buy/cgsh_order_info.html?code=212023021906493 HTTP/1.1" 200 64733
116.238.139.35 - - [19/Feb/2023:11:16:18 +0800] "GET /xingrg/javascript/easyui/themes/default/validatebox.css HTTP/1.1" 404 1104
116.238.139.35 - - [19/Feb/2023:11:16:19 +0800] "POST /xingrg/kc/buy/cgsh_order_operate.html HTTP/1.1" 200 609
114.84.144.141 - - [19/Feb/2023:11:16:19 +0800] "GET /xingrg/all/function/internal_message.html?_=1676776154620&CODE_STATE=getMsg HTTP/1.1" 200 27
116.238.139.35 - - [19/Feb/2023:11:16:20 +0800] "GET /xingrg/kc/print/load_data.html?order_code=212023021906493&kc_code=cgsh&condition= HTTP/1.1" 200 689
180.169.147.146 - - [19/Feb/2023:11:16:21 +0800] "GET /xingrg/all/function/internal_message.html?_=1676776594276&CODE_STATE=getMsg HTTP/1.1" 200 27
114.83.222.182 - - [19/Feb/2023:11:16:21 +0800] "GET /xingrg/check_reg.html?_=1676776706880 HTTP/1.1" 200 22
114.83.222.182 - - [19/Feb/2023:11:16:21 +0800] "GET /xingrg/all/function/internal_message.html?_=1676776706880&CODE_STATE=getMsg HTTP/1.1" 200 27
116.235.93.82 - - [19/Feb/2023:11:16:22 +0800] "GET /xingrg/all/function/internal_message.html?_=1676776840110&CODE_STATE=getMsg HTTP/1.1" 200 27
114.84.144.141 - - [19/Feb/2023:11:16:24 +0800] "POST /xingrg/kc/base/wldb_order_operate.html HTTP/1.1" 200 37
222.70.177.73 - - [19/Feb/2023:11:16:24 +0800] "GET /xingrg/all/function/internal_message.html?_=1676776594527&CODE_STATE=getMsg HTTP/1.1" 200 27
114.84.144.141 - - [19/Feb/2023:11:16:25 +0800] "POST /xingrg/kc/base/wldb_order_operate.html HTTP/1.1" 200 3211
114.84.144.141 - - [19/Feb/2023:11:16:25 +0800] "GET /xingrg/kc/base/wldb_order_info.html?code=422023021901428 HTTP/1.1" 200 30440
114.84.144.141 - - [19/Feb/2023:11:16:26 +0800] "GET /xingrg/javascript/easyui/themes/default/validatebox.css HTTP/1.1" 404 1104
222.70.177.73 - - [19/Feb/2023:11:16:26 +0800] "POST /xingrg/kc/buy/cgsh_order_operate.html HTTP/1.1" 200 37
114.84.144.141 - - [19/Feb/2023:11:16:26 +0800] "POST /xingrg/kc/base/wldb_order_operate.html HTTP/1.1" 200 3211
124.79.72.155 - - [19/Feb/2023:11:16:28 +0800] "GET /xingrg/all/function/internal_message.html?_=1676776601396&CODE_STATE=getMsg HTTP/1.1" 200 27
114.84.144.141 - - [19/Feb/2023:11:16:29 +0800] "GET /xingrg/kc/base/wldb_order_add.html HTTP/1.1" 200 30428
114.84.144.141 - - [19/Feb/2023:11:16:30 +0800] "POST /xingrg/kc/base/wldb_order_operate.html HTTP/1.1" 200 6806
114.84.144.141 - - [19/Feb/2023:11:16:30 +0800] "GET /xingrg/javascript/easyui/themes/default/validatebox.css HTTP/1.1" 404 1104
116.225.84.253 - - [19/Feb/2023:11:16:32 +0800] "GET /xingrg/all/function/internal_message.html?_=1676776604896&CODE_STATE=getMsg HTTP/1.1" 200 27
180.163.28.109 - - [19/Feb/2023:11:16:35 +0800] "GET /xingrg/all/function/internal_message.html?_=1676776544349&CODE_STATE=getMsg HTTP/1.1" 302 -
180.163.28.109 - - [19/Feb/2023:11:16:35 +0800] "GET /xingrg/login.html HTTP/1.1" 200 7641
116.237.73.154 - - [19/Feb/2023:11:16:35 +0800] "GET /xingrg/all/function/internal_message.html?_=1676776604319&CODE_STATE=getMsg HTTP/1.1" 200 27
116.237.73.154 - - [19/Feb/2023:11:16:38 +0800] "GET /xingrg/check_reg.html?_=1676776607211 HTTP/1.1" 200 22
114.84.144.141 - - [19/Feb/2023:11:16:42 +0800] "GET /xingrg/kc/base/wldb_order_operate.html?command=get_materiel&rest_code=00141&base_code=0010382&code=00101019027 HTTP/1.1" 200 476
114.83.218.175 - - [19/Feb/2023:11:16:42 +0800] "GET /xingrg/all/function/internal_message.html?_=1676776615728&CODE_STATE=getMsg HTTP/1.1" 200 27
222.70.177.73 - - [19/Feb/2023:11:16:46 +0800] "POST /xingrg/kc/buy/cgsh_order_operate.html HTTP/1.1" 200 12798
116.238.139.35 - - [19/Feb/2023:11:16:46 +0800] "GET /xingrg/all/function/internal_message.html?_=1676776620169&CODE_STATE=getMsg HTTP/1.1" 200 27
222.70.177.73 - - [19/Feb/2023:11:16:48 +0800] "GET /xingrg/kc/print/load_data.html?order_code=212023021906474&kc_code=cgsh&condition= HTTP/1.1" 200 4604
116.238.139.35 - - [19/Feb/2023:11:16:52 +0800] "GET /xingrg/kc/buy/cgsh_order_add.html HTTP/1.1" 200 69839
114.84.144.141 - - [19/Feb/2023:11:16:52 +0800] "GET /xingrg/kc/base/wldb_order_operate.html?command=get_materiel&rest_code=00141&base_code=0010382&code=00101019164 HTTP/1.1" 200 466
116.238.139.35 - - [19/Feb/2023:11:16:52 +0800] "POST /xingrg/kc/buy/cgsh_order_operate.html HTTP/1.1" 200 8245
116.238.139.35 - - [19/Feb/2023:11:16:53 +0800] "GET /xingrg/javascript/easyui/themes/default/validatebox.css HTTP/1.1" 404 1104
222.70.177.73 - - [19/Feb/2023:11:16:53 +0800] "GET /xingrg/kc/buy/cgsh_order_add.html HTTP/1.1" 200 69795
222.70.177.73 - - [19/Feb/2023:11:16:53 +0800] "GET /xingrg/words/20230219101200_words.js HTTP/1.1" 200 947264
222.70.177.73 - - [19/Feb/2023:11:16:54 +0800] "POST /xingrg/kc/buy/cgsh_order_operate.html HTTP/1.1" 200 8245
222.70.177.73 - - [19/Feb/2023:11:16:54 +0800] "GET /xingrg/javascript/easyui/themes/default/validatebox.css HTTP/1.1" 404 1104
180.162.114.226 - - [19/Feb/2023:11:16:56 +0800] "GET /xingrg/all/function/internal_message.html?_=1676775565887&CODE_STATE=getMsg HTTP/1.1" 200 27
120.253.135.82 - - [19/Feb/2023:11:16:59 +0800] "GET /xingrg/all/function/internal_message.html?_=1676776454121&CODE_STATE=getMsg HTTP/1.1" 200 27
116.192.124.172 - - [19/Feb/2023:11:16:59 +0800] "GET /xingrg/kc/buy/cgsh_order_operate.html?command=get_materiel&rest_code=00102&code=00101006133&supplier_code=00100151&order_time=2023-02-19 HTTP/1.1" 200 413
58.40.7.146 - - [19/Feb/2023:11:17:02 +0800] "GET /xingrg/all/function/internal_message.html?_=1676776635069&CODE_STATE=getMsg HTTP/1.1" 200 27
58.221.95.50 - - [19/Feb/2023:11:17:05 +0800] "GET /xingrg/check_reg.html?_=1676776639231 HTTP/1.1" 200 22
116.235.93.82 - - [19/Feb/2023:11:17:06 +0800] "GET /xingrg/all/function/internal_message.html?_=1676776632840&CODE_STATE=getMsg HTTP/1.1" 200 27
101.229.22.234 - - [19/Feb/2023:11:17:08 +0800] "GET /xingrg/all/function/internal_message.html?_=1676776640513&CODE_STATE=getMsg HTTP/1.1" 200 27
218.81.220.34 - - [19/Feb/2023:11:17:09 +0800] "GET /xingrg/all/function/internal_message.html?_=1676776669181&CODE_STATE=getMsg HTTP/1.1" 200 27
58.221.95.50 - - [19/Feb/2023:11:17:10 +0800] "GET /xingrg/all/function/internal_message.html?_=1676776643683&CODE_STATE=getMsg HTTP/1.1" 200 27
222.70.177.73 - - [19/Feb/2023:11:17:10 +0800] "GET /xingrg/kc/buy/cgsh_order_operate.html?command=get_materiel&rest_code=00111&code=00101001111&supplier_code=00100042&order_time=2023-02-19 HTTP/1.1" 200 409
116.192.124.172 - - [19/Feb/2023:11:17:13 +0800] "GET /xingrg/all/function/internal_message.html?_=1676776645264&CODE_STATE=getMsg HTTP/1.1" 200 27
116.192.124.172 - - [19/Feb/2023:11:17:15 +0800] "GET /xingrg/all/function/internal_message.html?_=1676776650124&CODE_STATE=getMsg HTTP/1.1" 200 27
116.192.124.172 - - [19/Feb/2023:11:17:15 +0800] "GET /xingrg/check_reg.html?_=1676776650128 HTTP/1.1" 200 22
116.230.105.139 - - [19/Feb/2023:11:17:16 +0800] "GET /xingrg/all/function/internal_message.html?_=1676776627259&CODE_STATE=getMsg HTTP/1.1" 200 27
58.40.7.146 - - [19/Feb/2023:11:17:17 +0800] "GET /xingrg/check_reg.html?_=1676776650415 HTTP/1.1" 200 22
114.84.144.141 - - [19/Feb/2023:11:17:19 +0800] "GET /xingrg/all/function/internal_message.html?_=1676776214631&CODE_STATE=getMsg HTTP/1.1" 200 27
180.169.147.146 - - [19/Feb/2023:11:17:21 +0800] "GET /xingrg/all/function/internal_message.html?_=1676776654264&CODE_STATE=getMsg HTTP/1.1" 200 27
114.83.222.182 - - [19/Feb/2023:11:17:21 +0800] "GET /xingrg/all/function/internal_message.html?_=1676776766878&CODE_STATE=getMsg HTTP/1.1" 200 27
116.235.93.82 - - [19/Feb/2023:11:17:22 +0800] "GET /xingrg/all/function/internal_message.html?_=1676776900099&CODE_STATE=getMsg HTTP/1.1" 200 27
222.70.177.73 - - [19/Feb/2023:11:17:23 +0800] "GET /xingrg/kc/buy/cgsh_order_operate.html?command=get_materiel&rest_code=00111&code=00101018019&supplier_code=00100042&order_time=2023-02-19 HTTP/1.1" 200 421
114.84.144.141 - - [19/Feb/2023:11:17:24 +0800] "POST /xingrg/kc/base/wldb_order_operate.html HTTP/1.1" 200 37
222.70.177.73 - - [19/Feb/2023:11:17:24 +0800] "GET /xingrg/all/function/internal_message.html?_=1676776654508&CODE_STATE=getMsg HTTP/1.1" 200 27
114.84.144.141 - - [19/Feb/2023:11:17:25 +0800] "POST /xingrg/kc/base/wldb_order_operate.html HTTP/1.1" 200 4705
116.192.124.172 - - [19/Feb/2023:11:17:25 +0800] "GET /xingrg/kc/buy/cgsh_order_operate.html?command=get_materiel&rest_code=00102&code=00101006144&supplier_code=00100151&order_time=2023-02-19 HTTP/1.1" 200 411
114.84.144.141 - - [19/Feb/2023:11:17:25 +0800] "GET /xingrg/kc/base/wldb_order_info.html?code=422023021901429 HTTP/1.1" 200 30443
114.84.144.141 - - [19/Feb/2023:11:17:26 +0800] "GET /xingrg/javascript/easyui/themes/default/validatebox.css HTTP/1.1" 404 1104
114.84.144.141 - - [19/Feb/2023:11:17:26 +0800] "POST /xingrg/kc/base/wldb_order_operate.html HTTP/1.1" 200 4705
114.84.144.141 - - [19/Feb/2023:11:17:28 +0800] "GET /xingrg/kc/base/wldb_order_add.html HTTP/1.1" 200 30428
124.79.72.155 - - [19/Feb/2023:11:17:28 +0800] "GET /xingrg/check_reg.html?_=1676776661397 HTTP/1.1" 200 22
124.79.72.155 - - [19/Feb/2023:11:17:28 +0800] "GET /xingrg/all/function/internal_message.html?_=1676776661399&CODE_STATE=getMsg HTTP/1.1" 200 27
116.225.84.253 - - [19/Feb/2023:11:17:28 +0800] "POST /xingrg/services/DataTransmitService HTTP/1.1" 200 524
114.84.144.141 - - [19/Feb/2023:11:17:28 +0800] "POST /xingrg/kc/base/wldb_order_operate.html HTTP/1.1" 200 6806
114.84.144.141 - - [19/Feb/2023:11:17:28 +0800] "GET /xingrg/javascript/easyui/themes/default/validatebox.css HTTP/1.1" 404 1104
116.225.84.253 - - [19/Feb/2023:11:17:29 +0800] "POST /xingrg/services/DataTransmitService HTTP/1.1" 200 412
116.225.84.253 - - [19/Feb/2023:11:17:31 +0800] "GET /xingrg/all/function/internal_message.html?_=1676776664825&CODE_STATE=getMsg HTTP/1.1" 200 27
116.192.124.172 - - [19/Feb/2023:11:17:32 +0800] "POST /xingrg/kc/buy/cgsh_order_operate.html HTTP/1.1" 200 2065
116.225.84.253 - - [19/Feb/2023:11:17:32 +0800] "GET /xingrg/check_reg.html?_=1676776665826 HTTP/1.1" 200 22
222.70.177.73 - - [19/Feb/2023:11:17:34 +0800] "GET /xingrg/kc/buy/cgsh_order_operate.html?command=get_materiel&rest_code=00111&code=00101005037&supplier_code=00100042&order_time=2023-02-19 HTTP/1.1" 200 409
116.237.73.154 - - [19/Feb/2023:11:17:35 +0800] "GET /xingrg/all/function/internal_message.html?_=1676776664294&CODE_STATE=getMsg HTTP/1.1" 200 27
180.163.29.217 - - [19/Feb/2023:11:17:38 +0800] "GET /xingrg/check_reg.html?_=1676776607211 HTTP/1.1" 302 -
180.163.29.217 - - [19/Feb/2023:11:17:38 +0800] "GET /xingrg/login.html HTTP/1.1" 200 7641
114.84.144.141 - - [19/Feb/2023:11:17:40 +0800] "GET /xingrg/kc/base/wldb_order_operate.html?command=get_materiel&rest_code=00141&base_code=0010382&code=00101019400 HTTP/1.1" 200 465
114.83.218.175 - - [19/Feb/2023:11:17:42 +0800] "GET /xingrg/all/function/internal_message.html?_=1676776675734&CODE_STATE=getMsg HTTP/1.1" 200 27
222.70.177.73 - - [19/Feb/2023:11:17:43 +0800] "GET /xingrg/kc/buy/cgsh_order_operate.html?command=get_materiel&rest_code=00111&code=00101003025&supplier_code=00100042&order_time=2023-02-19 HTTP/1.1" 200 409
116.238.139.35 - - [19/Feb/2023:11:17:46 +0800] "GET /xingrg/all/function/internal_message.html?_=1676776680145&CODE_STATE=getMsg HTTP/1.1" 200 27
116.192.124.172 - - [19/Feb/2023:11:17:48 +0800] "GET /xingrg/kc/buy/cgsh_order_operate.html?command=get_materiel&rest_code=00102&code=00101006195&supplier_code=00100151&order_time=2023-02-19 HTTP/1.1" 200 411
222.70.177.73 - - [19/Feb/2023:11:17:54 +0800] "POST /xingrg/kc/buy/cgsh_order_operate.html HTTP/1.1" 200 37
180.162.114.226 - - [19/Feb/2023:11:17:56 +0800] "GET /xingrg/all/function/internal_message.html?_=1676775625875&CODE_STATE=getMsg HTTP/1.1" 200 27
180.162.114.226 - - [19/Feb/2023:11:17:56 +0800] "GET /xingrg/check_reg.html?_=1676775625872 HTTP/1.1" 200 22
222.70.177.73 - - [19/Feb/2023:11:17:57 +0800] "POST /xingrg/kc/buy/cgsh_order_operate.html HTTP/1.1" 200 4431
120.253.135.82 - - [19/Feb/2023:11:17:59 +0800] "GET /xingrg/all/function/internal_message.html?_=1676776514132&CODE_STATE=getMsg HTTP/1.1" 200 27
222.70.177.73 - - [19/Feb/2023:11:17:59 +0800] "GET /xingrg/kc/print/load_data.html?order_code=212023021906494&kc_code=cgsh&condition= HTTP/1.1" 200 1383
58.40.7.146 - - [19/Feb/2023:11:18:02 +0800] "GET /xingrg/all/function/internal_message.html?_=1676776695053&CODE_STATE=getMsg HTTP/1.1" 200 27
116.235.93.82 - - [19/Feb/2023:11:18:06 +0800] "GET /xingrg/all/function/internal_message.html?_=1676776692847&CODE_STATE=getMsg HTTP/1.1" 200 27
116.235.93.82 - - [19/Feb/2023:11:18:06 +0800] "GET /xingrg/check_reg.html?_=1676776692852 HTTP/1.1" 200 22
101.229.22.234 - - [19/Feb/2023:11:18:08 +0800] "GET /xingrg/all/function/internal_message.html?_=1676776700514&CODE_STATE=getMsg HTTP/1.1" 200 27
222.70.177.73 - - [19/Feb/2023:11:18:09 +0800] "POST /xingrg/kc/buy/cgsh_list_operate.html HTTP/1.1" 200 3971
218.81.220.34 - - [19/Feb/2023:11:18:09 +0800] "GET /xingrg/all/function/internal_message.html?_=1676776729568&CODE_STATE=getMsg HTTP/1.1" 200 27
58.221.95.50 - - [19/Feb/2023:11:18:10 +0800] "GET /xingrg/all/function/internal_message.html?_=1676776703661&CODE_STATE=getMsg HTTP/1.1" 200 27
222.70.177.73 - - [19/Feb/2023:11:18:11 +0800] "POST /xingrg/kc/buy/cgsh_list_operate.html HTTP/1.1" 200 572
222.70.177.73 - - [19/Feb/2023:11:18:12 +0800] "GET /xingrg/kc/buy/cgsh_order_info.html?code=212023021906474 HTTP/1.1" 200 69806
222.70.177.73 - - [19/Feb/2023:11:18:12 +0800] "GET /xingrg/javascript/easyui/themes/default/validatebox.css HTTP/1.1" 404 1104
116.192.124.172 - - [19/Feb/2023:11:18:13 +0800] "GET /xingrg/all/function/internal_message.html?_=1676776705256&CODE_STATE=getMsg HTTP/1.1" 200 27
222.70.177.73 - - [19/Feb/2023:11:18:13 +0800] "POST /xingrg/kc/buy/cgsh_order_operate.html HTTP/1.1" 200 12798
116.192.124.172 - - [19/Feb/2023:11:18:15 +0800] "GET /xingrg/all/function/internal_message.html?_=1676776710121&CODE_STATE=getMsg HTTP/1.1" 200 27
116.230.105.139 - - [19/Feb/2023:11:18:16 +0800] "GET /xingrg/all/function/internal_message.html?_=1676776687252&CODE_STATE=getMsg HTTP/1.1" 200 27
114.84.144.141 - - [19/Feb/2023:11:18:19 +0800] "GET /xingrg/kc/base/wldb_order_operate.html?command=get_materiel&rest_code=00141&base_code=0010382&code=00101019056 HTTP/1.1" 200 477
114.84.144.141 - - [19/Feb/2023:11:18:19 +0800] "GET /xingrg/all/function/internal_message.html?_=1676776274689&CODE_STATE=getMsg HTTP/1.1" 200 27
180.169.147.146 - - [19/Feb/2023:11:18:21 +0800] "GET /xingrg/all/function/internal_message.html?_=1676776714264&CODE_STATE=getMsg HTTP/1.1" 200 27
114.83.222.182 - - [19/Feb/2023:11:18:21 +0800] "GET /xingrg/all/function/internal_message.html?_=1676776826872&CODE_STATE=getMsg HTTP/1.1" 200 27
116.235.93.82 - - [19/Feb/2023:11:18:22 +0800] "GET /xingrg/all/function/internal_message.html?_=1676776960103&CODE_STATE=getMsg HTTP/1.1" 200 27
222.70.177.73 - - [19/Feb/2023:11:18:24 +0800] "GET /xingrg/all/function/internal_message.html?_=1676776714483&CODE_STATE=getMsg HTTP/1.1" 200 27
222.70.177.73 - - [19/Feb/2023:11:18:26 +0800] "GET /xingrg/check_reg.html?_=1676776715921 HTTP/1.1" 200 22
114.84.144.141 - - [19/Feb/2023:11:18:26 +0800] "POST /xingrg/services/DataTransmitService HTTP/1.1" 200 524
124.79.72.155 - - [19/Feb/2023:11:18:28 +0800] "GET /xingrg/all/function/internal_message.html?_=1676776721400&CODE_STATE=getMsg HTTP/1.1" 200 27
114.84.144.141 - - [19/Feb/2023:11:18:29 +0800] "GET /xingrg/kc/base/wldb_order_operate.html?command=get_materiel&rest_code=00141&base_code=0010382&code=00101019066 HTTP/1.1" 200 455
116.225.84.253 - - [19/Feb/2023:11:18:31 +0800] "GET /xingrg/all/function/internal_message.html?_=1676776724822&CODE_STATE=getMsg HTTP/1.1" 200 27
114.84.144.141 - - [19/Feb/2023:11:18:32 +0800] "POST /xingrg/services/DataTransmitService HTTP/1.1" 200 501
116.230.105.139 - - [19/Feb/2023:11:18:32 +0800] "POST /xingrg/services/DataTransmitService HTTP/1.1" 200 524
116.230.105.139 - - [19/Feb/2023:11:18:33 +0800] "POST /xingrg/services/DataTransmitService HTTP/1.1" 200 412
116.237.73.154 - - [19/Feb/2023:11:18:35 +0800] "GET /xingrg/all/function/internal_message.html?_=1676776724267&CODE_STATE=getMsg HTTP/1.1" 200 27
114.84.144.141 - - [19/Feb/2023:11:18:37 +0800] "POST /xingrg/kc/base/wldb_order_operate.html HTTP/1.1" 200 37
114.84.144.141 - - [19/Feb/2023:11:18:38 +0800] "POST /xingrg/kc/base/wldb_order_operate.html HTTP/1.1" 200 4198
116.238.139.35 - - [19/Feb/2023:11:18:39 +0800] "POST /xingrg/all/user/operate.html HTTP/1.1" 200 36
114.84.144.141 - - [19/Feb/2023:11:18:39 +0800] "GET /xingrg/kc/base/wldb_order_info.html?code=422023021901430 HTTP/1.1" 200 30442
116.238.139.35 - - [19/Feb/2023:11:18:40 +0800] "GET /xingrg/index.html?sysBaseUrl=http%3A%2F%2F180.169.147.146%3A18081%2Fxingrg%2F&costTime=41×tamp=1676772640005 HTTP/1.1" 200 17177
116.238.139.35 - - [19/Feb/2023:11:18:40 +0800] "GET /xingrg/javascript/jquery_easy_ui/themes/default/easyui.css HTTP/1.1" 304 -
116.238.139.35 - - [19/Feb/2023:11:18:40 +0800] "GET /xingrg/javascript/jquery_easy_ui/themes/icon.css HTTP/1.1" 304 -
116.238.139.35 - - [19/Feb/2023:11:18:40 +0800] "GET /xingrg/css/form.css HTTP/1.1" 304 -
116.238.139.35 - - [19/Feb/2023:11:18:40 +0800] "GET /xingrg/javascript/jquery-1.4.2.min.js HTTP/1.1" 304 -
116.238.139.35 - - [19/Feb/2023:11:18:40 +0800] "GET /xingrg/javascript/jquery_easy_ui/jquery.easyui.min.js HTTP/1.1" 304 -
116.238.139.35 - - [19/Feb/2023:11:18:40 +0800] "GET /xingrg/javascript/jquery_easy_ui/easyui-lang-zh_CN.js HTTP/1.1" 304 -
116.238.139.35 - - [19/Feb/2023:11:18:40 +0800] "GET /xingrg/javascript/jquery.form.js HTTP/1.1" 304 -
116.238.139.35 - - [19/Feb/2023:11:18:40 +0800] "GET /xingrg/javascript/jquery.utils.js HTTP/1.1" 304 -
116.238.139.35 - - [19/Feb/2023:11:18:40 +0800] "GET /xingrg/javascript/jquery.timers.js HTTP/1.1" 304 -
116.238.139.35 - - [19/Feb/2023:11:18:40 +0800] "GET /xingrg/images/blue/jxLogo.png HTTP/1.1" 304 -
116.238.139.35 - - [19/Feb/2023:11:18:40 +0800] "GET /xingrg/images/blue/navBackgound.jpg HTTP/1.1" 304 -
116.238.139.35 - - [19/Feb/2023:11:18:40 +0800] "GET /xingrg/javascript/jquery_easy_ui/themes/icons/settle_new.png HTTP/1.1" 304 -
116.238.139.35 - - [19/Feb/2023:11:18:40 +0800] "POST /xingrg/all/common/load_tree.html?tree=area_rest_tree_json&manage=1 HTTP/1.1" 200 476
114.84.144.141 - - [19/Feb/2023:11:18:40 +0800] "GET /xingrg/javascript/easyui/themes/default/validatebox.css HTTP/1.1" 404 1104
116.238.139.35 - - [19/Feb/2023:11:18:40 +0800] "GET /xingrg/all/function/internal_message.html?_=1676776734067&CODE_STATE=count HTTP/1.1" 200 11
116.238.139.35 - - [19/Feb/2023:11:18:40 +0800] "GET /xingrg/check_reg.html?_=1676776734068 HTTP/1.1" 200 22
116.238.139.35 - - [19/Feb/2023:11:18:40 +0800] "GET /xingrg/images/blue/pingpu.png HTTP/1.1" 304 -
116.238.139.35 - - [19/Feb/2023:11:18:40 +0800] "POST /xingrg/load_menu.html HTTP/1.1" 200 5138
116.238.139.35 - - [19/Feb/2023:11:18:40 +0800] "GET /xingrg/javascript/jquery_easy_ui/themes/default/images/tabs_rightarrow.png HTTP/1.1" 304 -
116.238.139.35 - - [19/Feb/2023:11:18:40 +0800] "GET /xingrg/javascript/jquery_easy_ui/themes/default/images/tabs_leftarrow.png HTTP/1.1" 304 -
116.238.139.35 - - [19/Feb/2023:11:18:40 +0800] "GET /xingrg/javascript/jquery_easy_ui/themes/default/images/panel_tool_collapse.gif HTTP/1.1" 304 -
116.238.139.35 - - [19/Feb/2023:11:18:40 +0800] "GET /xingrg/javascript/jquery_easy_ui/themes/default/images/tree_file.gif HTTP/1.1" 304 -
116.238.139.35 - - [19/Feb/2023:11:18:40 +0800] "GET /xingrg/javascript/jquery_easy_ui/themes/icons/forms_new.png HTTP/1.1" 304 -
116.238.139.35 - - [19/Feb/2023:11:18:40 +0800] "GET /xingrg/javascript/jquery_easy_ui/themes/icons/storage_new.png HTTP/1.1" 304 -
116.238.139.35 - - [19/Feb/2023:11:18:40 +0800] "GET /xingrg/javascript/jquery_easy_ui/themes/default/images/tree_folder.gif HTTP/1.1" 304 -
116.238.139.35 - - [19/Feb/2023:11:18:40 +0800] "GET /xingrg/javascript/jquery_easy_ui/themes/default/images/tree_folder_open.gif HTTP/1.1" 304 -
116.238.139.35 - - [19/Feb/2023:11:18:40 +0800] "GET /xingrg/javascript/jquery_easy_ui/themes/icons/search_new.png HTTP/1.1" 304 -
116.238.139.35 - - [19/Feb/2023:11:18:40 +0800] "GET /xingrg/javascript/jquery_easy_ui/themes/default/images/tree_arrows.gif HTTP/1.1" 304 -
114.84.144.141 - - [19/Feb/2023:11:18:40 +0800] "POST /xingrg/kc/base/wldb_order_operate.html HTTP/1.1" 200 4198
116.238.139.35 - - [19/Feb/2023:11:18:42 +0800] "GET /xingrg/kc/buy/cgsh_order_list.html HTTP/1.1" 200 54061
114.84.144.141 - - [19/Feb/2023:11:18:42 +0800] "GET /xingrg/kc/base/wldb_order_add.html HTTP/1.1" 200 30428
114.83.218.175 - - [19/Feb/2023:11:18:42 +0800] "GET /xingrg/check_reg.html?_=1676776735725 HTTP/1.1" 200 22
114.83.218.175 - - [19/Feb/2023:11:18:42 +0800] "GET /xingrg/all/function/internal_message.html?_=1676776735728&CODE_STATE=getMsg HTTP/1.1" 200 27
114.84.144.141 - - [19/Feb/2023:11:18:43 +0800] "POST /xingrg/kc/base/wldb_order_operate.html HTTP/1.1" 200 6806
114.84.144.141 - - [19/Feb/2023:11:18:43 +0800] "GET /xingrg/javascript/easyui/themes/default/validatebox.css HTTP/1.1" 404 1104
116.238.139.35 - - [19/Feb/2023:11:18:43 +0800] "POST /xingrg/kc/buy/cgsh_list_operate.html HTTP/1.1" 200 986
116.238.139.35 - - [19/Feb/2023:11:18:44 +0800] "GET /xingrg/kc/buy/cgsh_order_add.html HTTP/1.1" 200 69436
116.238.139.35 - - [19/Feb/2023:11:18:45 +0800] "POST /xingrg/kc/buy/cgsh_order_operate.html HTTP/1.1" 200 8245
116.238.139.35 - - [19/Feb/2023:11:18:45 +0800] "GET /xingrg/all/common/auto_word.html?type=employee&rest_code=00151 HTTP/1.1" 200 293
116.238.139.35 - - [19/Feb/2023:11:18:45 +0800] "GET /xingrg/javascript/easyui/themes/default/validatebox.css HTTP/1.1" 404 1104
116.238.139.35 - - [19/Feb/2023:11:18:45 +0800] "GET /xingrg/all/common/auto_word.html?type=employee&rest_code=00151 HTTP/1.1" 200 293
180.162.114.226 - - [19/Feb/2023:11:18:45 +0800] "GET /xingrg/javascript/jquery_easy_ui/themes/default/images/tabs_active.png HTTP/1.1" 200 2894
116.238.139.35 - - [19/Feb/2023:11:18:46 +0800] "GET /xingrg/javascript/auto/indicator.gif HTTP/1.1" 404 1066
180.162.114.226 - - [19/Feb/2023:11:18:50 +0800] "GET /xingrg/kc/buy/buy_main.html HTTP/1.1" 200 12412
180.162.114.226 - - [19/Feb/2023:11:18:50 +0800] "GET /xingrg/css/new_ie.css HTTP/1.1" 404 1036
180.162.114.226 - - [19/Feb/2023:11:18:51 +0800] "GET /xingrg/images/yd/bt.gif HTTP/1.1" 404 1040
180.162.114.226 - - [19/Feb/2023:11:18:51 +0800] "GET /xingrg/kc/buy/cgsh_order_list.html HTTP/1.1" 200 54063
180.162.114.226 - - [19/Feb/2023:11:18:52 +0800] "POST /xingrg/kc/buy/cgsh_list_operate.html HTTP/1.1" 200 986
180.162.114.226 - - [19/Feb/2023:11:18:54 +0800] "GET /xingrg/kc/buy/cgsh_order_add.html HTTP/1.1" 200 68919
180.162.114.226 - - [19/Feb/2023:11:18:54 +0800] "POST /xingrg/kc/buy/cgsh_order_operate.html HTTP/1.1" 200 8245
180.162.114.226 - - [19/Feb/2023:11:18:54 +0800] "GET /xingrg/javascript/easyui/themes/default/validatebox.css HTTP/1.1" 404 1104
114.84.144.141 - - [19/Feb/2023:11:18:55 +0800] "GET /xingrg/kc/base/wldb_order_operate.html?command=get_materiel&rest_code=00141&base_code=0010377&code=00102002448 HTTP/1.1" 200 440
180.162.114.226 - - [19/Feb/2023:11:18:55 +0800] "GET /xingrg/javascript/easyui/themes/default/tree.css HTTP/1.1" 404 1090
180.162.114.226 - - [19/Feb/2023:11:18:56 +0800] "POST /xingrg/all/common/load_tree.html?tree=supplier_tree_json&isDelete=1 HTTP/1.1" 200 70748
180.162.114.226 - - [19/Feb/2023:11:18:57 +0800] "GET /xingrg/all/function/internal_message.html?_=1676775687025&CODE_STATE=getMsg HTTP/1.1" 200 27
120.253.135.82 - - [19/Feb/2023:11:18:58 +0800] "GET /xingrg/check_reg.html?_=1676776573856 HTTP/1.1" 200 22
