114.83.218.175 - - [19/Feb/2023:09:35:42 +0800] "GET /xingrg/all/function/internal_message.html?_=1676770555347&CODE_STATE=getMsg HTTP/1.1" 200 27
116.238.139.35 - - [19/Feb/2023:09:35:45 +0800] "POST /xingrg/all/user/operate.html HTTP/1.1" 200 36
222.67.238.61 - - [19/Feb/2023:09:35:45 +0800] "GET /xingrg/kc/buy/cgsh_order_operate.html?command=get_materiel&rest_code=00141&code=00101016059&supplier_code=00100007&order_time=2023-02-19 HTTP/1.1" 200 427
116.238.139.35 - - [19/Feb/2023:09:35:46 +0800] "GET /xingrg/index.html?sysBaseUrl=http%3A%2F%2F180.169.147.146%3A18081%2Fxingrg%2F&costTime=42×tamp=1676769005570 HTTP/1.1" 200 17177
116.238.139.35 - - [19/Feb/2023:09:35:46 +0800] "GET /xingrg/javascript/jquery_easy_ui/themes/default/easyui.css HTTP/1.1" 304 -
116.238.139.35 - - [19/Feb/2023:09:35:46 +0800] "GET /xingrg/javascript/jquery_easy_ui/themes/icon.css HTTP/1.1" 304 -
116.238.139.35 - - [19/Feb/2023:09:35:46 +0800] "GET /xingrg/css/form.css HTTP/1.1" 304 -
116.238.139.35 - - [19/Feb/2023:09:35:46 +0800] "GET /xingrg/javascript/jquery-1.4.2.min.js HTTP/1.1" 304 -
116.238.139.35 - - [19/Feb/2023:09:35:47 +0800] "GET /xingrg/javascript/jquery_easy_ui/jquery.easyui.min.js HTTP/1.1" 304 -
116.238.139.35 - - [19/Feb/2023:09:35:47 +0800] "GET /xingrg/javascript/jquery_easy_ui/easyui-lang-zh_CN.js HTTP/1.1" 304 -
116.238.139.35 - - [19/Feb/2023:09:35:47 +0800] "GET /xingrg/javascript/jquery.form.js HTTP/1.1" 304 -
116.238.139.35 - - [19/Feb/2023:09:35:48 +0800] "GET /xingrg/javascript/jquery.utils.js HTTP/1.1" 304 -
116.238.139.35 - - [19/Feb/2023:09:35:48 +0800] "GET /xingrg/javascript/jquery.timers.js HTTP/1.1" 304 -
116.238.139.35 - - [19/Feb/2023:09:35:48 +0800] "GET /xingrg/images/blue/jxLogo.png HTTP/1.1" 304 -
116.238.139.35 - - [19/Feb/2023:09:35:48 +0800] "GET /xingrg/images/blue/navBackgound.jpg HTTP/1.1" 304 -
116.238.139.35 - - [19/Feb/2023:09:35:48 +0800] "GET /xingrg/javascript/jquery_easy_ui/themes/default/images/tabs_leftarrow.png HTTP/1.1" 304 -
116.238.139.35 - - [19/Feb/2023:09:35:48 +0800] "GET /xingrg/javascript/jquery_easy_ui/themes/icons/settle_new.png HTTP/1.1" 304 -
116.238.139.35 - - [19/Feb/2023:09:35:49 +0800] "POST /xingrg/all/common/load_tree.html?tree=area_rest_tree_json&manage=1 HTTP/1.1" 200 476
116.238.139.35 - - [19/Feb/2023:09:35:49 +0800] "GET /xingrg/all/function/internal_message.html?_=1676770562076&CODE_STATE=count HTTP/1.1" 200 11
116.238.139.35 - - [19/Feb/2023:09:35:49 +0800] "GET /xingrg/check_reg.html?_=1676770562077 HTTP/1.1" 200 22
116.238.139.35 - - [19/Feb/2023:09:35:49 +0800] "POST /xingrg/load_menu.html HTTP/1.1" 200 5138
116.238.139.35 - - [19/Feb/2023:09:35:49 +0800] "GET /xingrg/images/blue/pingpu.png HTTP/1.1" 304 -
116.238.139.35 - - [19/Feb/2023:09:35:49 +0800] "GET /xingrg/javascript/jquery_easy_ui/themes/default/images/tree_arrows.gif HTTP/1.1" 304 -
116.238.139.35 - - [19/Feb/2023:09:35:49 +0800] "GET /xingrg/javascript/jquery_easy_ui/themes/icons/search_new.png HTTP/1.1" 304 -
116.238.139.35 - - [19/Feb/2023:09:35:49 +0800] "GET /xingrg/javascript/jquery_easy_ui/themes/icons/storage_new.png HTTP/1.1" 304 -
116.238.139.35 - - [19/Feb/2023:09:35:49 +0800] "GET /xingrg/javascript/jquery_easy_ui/themes/default/images/tree_folder.gif HTTP/1.1" 304 -
116.238.139.35 - - [19/Feb/2023:09:35:49 +0800] "GET /xingrg/javascript/jquery_easy_ui/themes/default/images/tree_file.gif HTTP/1.1" 304 -
116.238.139.35 - - [19/Feb/2023:09:35:49 +0800] "GET /xingrg/javascript/jquery_easy_ui/themes/icons/forms_new.png HTTP/1.1" 304 -
116.238.139.35 - - [19/Feb/2023:09:35:49 +0800] "GET /xingrg/javascript/jquery_easy_ui/themes/default/images/tree_folder_open.gif HTTP/1.1" 304 -
116.238.139.35 - - [19/Feb/2023:09:35:49 +0800] "GET /xingrg/javascript/jquery_easy_ui/themes/default/images/panel_tool_collapse.gif HTTP/1.1" 304 -
116.238.139.35 - - [19/Feb/2023:09:35:49 +0800] "GET /xingrg/javascript/jquery_easy_ui/themes/default/images/tabs_rightarrow.png HTTP/1.1" 304 -
116.192.124.172 - - [19/Feb/2023:09:35:50 +0800] "GET /xingrg/check_reg.html?_=1676770562855 HTTP/1.1" 200 22
116.192.124.172 - - [19/Feb/2023:09:35:50 +0800] "GET /xingrg/all/function/internal_message.html?_=1676770562855&CODE_STATE=getMsg HTTP/1.1" 200 27
222.67.238.61 - - [19/Feb/2023:09:35:52 +0800] "POST /xingrg/kc/buy/cgsh_order_operate.html HTTP/1.1" 200 2065
116.238.139.35 - - [19/Feb/2023:09:35:52 +0800] "GET /xingrg/kc/buy/cgsh_order_list.html HTTP/1.1" 200 54061
116.238.139.35 - - [19/Feb/2023:09:35:54 +0800] "POST /xingrg/kc/buy/cgsh_list_operate.html HTTP/1.1" 200 986
116.238.139.35 - - [19/Feb/2023:09:35:56 +0800] "GET /xingrg/kc/buy/cgsh_order_add.html HTTP/1.1" 200 69436
116.238.139.35 - - [19/Feb/2023:09:35:56 +0800] "GET /xingrg/javascript/easyui/themes/default/validatebox.css HTTP/1.1" 404 1104
116.238.139.35 - - [19/Feb/2023:09:35:56 +0800] "GET /xingrg/all/common/auto_word.html?type=employee&rest_code=00151 HTTP/1.1" 200 293
116.238.139.35 - - [19/Feb/2023:09:35:56 +0800] "GET /xingrg/all/common/auto_word.html?type=employee&rest_code=00151 HTTP/1.1" 200 293
116.238.139.35 - - [19/Feb/2023:09:35:56 +0800] "POST /xingrg/kc/buy/cgsh_order_operate.html HTTP/1.1" 200 8245
116.238.139.35 - - [19/Feb/2023:09:35:57 +0800] "GET /xingrg/javascript/auto/indicator.gif HTTP/1.1" 404 1066
218.81.220.34 - - [19/Feb/2023:09:35:58 +0800] "GET /xingrg/check_reg.html?_=1676770598301 HTTP/1.1" 200 22
218.81.220.34 - - [19/Feb/2023:09:36:00 +0800] "GET /xingrg/all/function/internal_message.html?_=1676770600180&CODE_STATE=getMsg HTTP/1.1" 200 27
222.67.238.61 - - [19/Feb/2023:09:36:03 +0800] "GET /xingrg/kc/buy/cgsh_order_operate.html?command=get_materiel&rest_code=00141&code=00101008418&supplier_code=00100007&order_time=2023-02-19 HTTP/1.1" 200 412
222.67.238.61 - - [19/Feb/2023:09:36:04 +0800] "GET /xingrg/check_reg.html?_=1676770139522 HTTP/1.1" 200 22
222.67.238.61 - - [19/Feb/2023:09:36:04 +0800] "GET /xingrg/check_reg.html?_=1676770139445 HTTP/1.1" 200 22
116.238.139.35 - - [19/Feb/2023:09:36:06 +0800] "GET /xingrg/kc/buy/cgsh_order_operate.html?command=get_materiel&rest_code=00151&code=00101009078&supplier_code=00100022&order_time=2023-02-19 HTTP/1.1" 200 408
116.238.139.35 - - [19/Feb/2023:09:36:07 +0800] "GET /xingrg/all/function/internal_message.html?_=1676770511309&CODE_STATE=getMsg HTTP/1.1" 200 27
101.229.22.234 - - [19/Feb/2023:09:36:08 +0800] "GET /xingrg/all/function/internal_message.html?_=1676770580323&CODE_STATE=getMsg HTTP/1.1" 200 27
58.221.95.50 - - [19/Feb/2023:09:36:11 +0800] "GET /xingrg/all/function/internal_message.html?_=1676770585080&CODE_STATE=getMsg HTTP/1.1" 200 27
116.230.105.139 - - [19/Feb/2023:09:36:16 +0800] "GET /xingrg/all/function/internal_message.html?_=1676770567254&CODE_STATE=getMsg HTTP/1.1" 200 27
116.238.139.35 - - [19/Feb/2023:09:36:17 +0800] "GET /xingrg/kc/buy/cgsh_order_operate.html?command=get_materiel&rest_code=00151&code=00101009053&supplier_code=00100022&order_time=2023-02-19 HTTP/1.1" 200 408
114.83.222.182 - - [19/Feb/2023:09:36:22 +0800] "GET /xingrg/check_reg.html?_=1676770706878 HTTP/1.1" 200 22
114.83.222.182 - - [19/Feb/2023:09:36:22 +0800] "GET /xingrg/all/function/internal_message.html?_=1676770706879&CODE_STATE=getMsg HTTP/1.1" 200 27
116.238.139.35 - - [19/Feb/2023:09:36:27 +0800] "GET /xingrg/kc/buy/cgsh_order_operate.html?command=get_materiel&rest_code=00151&code=00101009062&supplier_code=00100022&order_time=2023-02-19 HTTP/1.1" 200 412
180.169.147.146 - - [19/Feb/2023:09:36:29 +0800] "GET /xingrg/index.html?sysBaseUrl=http%3A%2F%2F180.169.147.146%3A18081%2Fxingrg%2F&costTime=39×tamp=1592034574635 HTTP/1.1" 302 -
180.169.147.146 - - [19/Feb/2023:09:36:29 +0800] "GET /xingrg/login.html HTTP/1.1" 200 7641
180.169.147.146 - - [19/Feb/2023:09:36:29 +0800] "GET /favicon.ico HTTP/1.1" 404 -
222.67.238.61 - - [19/Feb/2023:09:36:29 +0800] "GET /xingrg/kc/buy/cgsh_order_operate.html?command=get_materiel&rest_code=00141&code=00101009015&supplier_code=00100007&order_time=2023-02-19 HTTP/1.1" 200 416
180.169.147.146 - - [19/Feb/2023:09:36:31 +0800] "POST /xingrg/login.do HTTP/1.1" 302 -
180.169.147.146 - - [19/Feb/2023:09:36:31 +0800] "GET /xingrg/index.html?sysBaseUrl=http%3A%2F%2F180.169.147.146%3A18081%2Fxingrg%2F&costTime=41×tamp=1676770591057 HTTP/1.1" 200 17503
180.169.147.146 - - [19/Feb/2023:09:36:31 +0800] "GET /favicon.ico HTTP/1.1" 404 -
180.169.147.146 - - [19/Feb/2023:09:36:31 +0800] "POST /xingrg/all/common/load_tree.html?tree=area_rest_tree_json&manage=1 HTTP/1.1" 200 3499
180.169.147.146 - - [19/Feb/2023:09:36:31 +0800] "GET /xingrg/all/function/internal_message.html?_=1676770604152&CODE_STATE=count HTTP/1.1" 200 11
180.169.147.146 - - [19/Feb/2023:09:36:31 +0800] "GET /xingrg/check_reg.html?_=1676770604153 HTTP/1.1" 200 22
180.169.147.146 - - [19/Feb/2023:09:36:32 +0800] "POST /xingrg/load_menu.html HTTP/1.1" 200 11564
116.225.84.253 - - [19/Feb/2023:09:36:33 +0800] "GET /xingrg/all/function/internal_message.html?_=1676770605731&CODE_STATE=getMsg HTTP/1.1" 200 27
116.237.73.154 - - [19/Feb/2023:09:36:37 +0800] "GET /xingrg/all/function/internal_message.html?_=1676770606426&CODE_STATE=getMsg HTTP/1.1" 200 27
116.238.139.35 - - [19/Feb/2023:09:36:38 +0800] "GET /xingrg/kc/buy/cgsh_order_operate.html?command=get_materiel&rest_code=00151&code=00101009049&supplier_code=00100022&order_time=2023-02-19 HTTP/1.1" 200 416
116.237.73.154 - - [19/Feb/2023:09:36:38 +0800] "GET /xingrg/check_reg.html?_=1676770607229 HTTP/1.1" 200 22
222.67.238.61 - - [19/Feb/2023:09:36:42 +0800] "GET /xingrg/kc/buy/cgsh_order_operate.html?command=get_materiel&rest_code=00141&code=00101009016&supplier_code=00100007&order_time=2023-02-19 HTTP/1.1" 200 412
114.83.218.175 - - [19/Feb/2023:09:36:42 +0800] "GET /xingrg/all/function/internal_message.html?_=1676770615351&CODE_STATE=getMsg HTTP/1.1" 200 27
116.238.139.35 - - [19/Feb/2023:09:36:48 +0800] "GET /xingrg/all/function/internal_message.html?_=1676770622082&CODE_STATE=getMsg HTTP/1.1" 200 27
116.192.124.172 - - [19/Feb/2023:09:36:50 +0800] "GET /xingrg/all/function/internal_message.html?_=1676770622841&CODE_STATE=getMsg HTTP/1.1" 200 27
218.81.220.34 - - [19/Feb/2023:09:37:00 +0800] "GET /xingrg/all/function/internal_message.html?_=1676770660194&CODE_STATE=getMsg HTTP/1.1" 200 27
58.221.95.50 - - [19/Feb/2023:09:37:06 +0800] "GET /xingrg/check_reg.html?_=1676770639236 HTTP/1.1" 200 22
114.83.218.175 - - [19/Feb/2023:09:37:07 +0800] "GET /xingrg/kc/buy/cgsh_order_operate.html?command=get_materiel&rest_code=00149&code=00101008352&supplier_code=00100008&order_time=2023-02-19 HTTP/1.1" 200 412
116.238.139.35 - - [19/Feb/2023:09:37:07 +0800] "GET /xingrg/all/function/internal_message.html?_=1676770571311&CODE_STATE=getMsg HTTP/1.1" 200 27
101.229.22.234 - - [19/Feb/2023:09:37:08 +0800] "GET /xingrg/all/function/internal_message.html?_=1676770640324&CODE_STATE=getMsg HTTP/1.1" 200 27
58.221.95.50 - - [19/Feb/2023:09:37:11 +0800] "GET /xingrg/all/function/internal_message.html?_=1676770645066&CODE_STATE=getMsg HTTP/1.1" 200 27
116.230.105.139 - - [19/Feb/2023:09:37:16 +0800] "GET /xingrg/all/function/internal_message.html?_=1676770627249&CODE_STATE=getMsg HTTP/1.1" 200 27
114.83.218.175 - - [19/Feb/2023:09:37:21 +0800] "GET /xingrg/kc/buy/cgsh_order_operate.html?command=get_materiel&rest_code=00149&code=00101008098&supplier_code=00100008&order_time=2023-02-19 HTTP/1.1" 200 412
114.83.222.182 - - [19/Feb/2023:09:37:22 +0800] "GET /xingrg/all/function/internal_message.html?_=1676770766879&CODE_STATE=getMsg HTTP/1.1" 200 27
180.169.147.146 - - [19/Feb/2023:09:37:31 +0800] "GET /xingrg/all/function/internal_message.html?_=1676770664177&CODE_STATE=getMsg HTTP/1.1" 200 27
116.225.84.253 - - [19/Feb/2023:09:37:33 +0800] "GET /xingrg/all/function/internal_message.html?_=1676770665732&CODE_STATE=getMsg HTTP/1.1" 200 27
116.225.84.253 - - [19/Feb/2023:09:37:33 +0800] "GET /xingrg/check_reg.html?_=1676770665734 HTTP/1.1" 200 22
114.83.218.175 - - [19/Feb/2023:09:37:33 +0800] "GET /xingrg/kc/buy/cgsh_order_operate.html?command=get_materiel&rest_code=00149&code=00101008005&supplier_code=00100008&order_time=2023-02-19 HTTP/1.1" 200 412
180.163.29.217 - - [19/Feb/2023:09:37:37 +0800] "GET /xingrg/all/function/internal_message.html?_=1676770606426&CODE_STATE=getMsg HTTP/1.1" 302 -
116.237.73.154 - - [19/Feb/2023:09:37:38 +0800] "GET /xingrg/all/function/internal_message.html?_=1676770666403&CODE_STATE=getMsg HTTP/1.1" 200 27
180.163.29.217 - - [19/Feb/2023:09:37:38 +0800] "GET /xingrg/login.html HTTP/1.1" 200 7641
116.192.124.172 - - [19/Feb/2023:09:37:38 +0800] "POST /xingrg/kc/buy/cgsh_order_operate.html HTTP/1.1" 200 37
180.163.29.206 - - [19/Feb/2023:09:37:38 +0800] "GET /xingrg/check_reg.html?_=1676770607229 HTTP/1.1" 302 -
180.163.29.206 - - [19/Feb/2023:09:37:39 +0800] "GET /xingrg/login.html HTTP/1.1" 200 7641
180.169.147.146 - - [19/Feb/2023:09:37:39 +0800] "GET /favicon.ico HTTP/1.1" 404 -
114.83.218.175 - - [19/Feb/2023:09:37:42 +0800] "GET /xingrg/all/function/internal_message.html?_=1676770675357&CODE_STATE=getMsg HTTP/1.1" 200 27
116.238.139.35 - - [19/Feb/2023:09:37:48 +0800] "GET /xingrg/all/function/internal_message.html?_=1676770682095&CODE_STATE=getMsg HTTP/1.1" 200 27
218.81.220.34 - - [19/Feb/2023:09:38:00 +0800] "GET /xingrg/all/function/internal_message.html?_=1676770720208&CODE_STATE=getMsg HTTP/1.1" 200 27
114.83.218.175 - - [19/Feb/2023:09:38:04 +0800] "GET /xingrg/kc/buy/cgsh_order_operate.html?command=get_materiel&rest_code=00149&code=00101008353&supplier_code=00100008&order_time=2023-02-19 HTTP/1.1" 200 408
116.238.139.35 - - [19/Feb/2023:09:38:07 +0800] "GET /xingrg/check_reg.html?_=1676770631070 HTTP/1.1" 200 22
116.238.139.35 - - [19/Feb/2023:09:38:07 +0800] "GET /xingrg/all/function/internal_message.html?_=1676770631325&CODE_STATE=getMsg HTTP/1.1" 200 27
101.229.22.234 - - [19/Feb/2023:09:38:08 +0800] "GET /xingrg/all/function/internal_message.html?_=1676770700323&CODE_STATE=getMsg HTTP/1.1" 200 27
114.83.218.175 - - [19/Feb/2023:09:38:08 +0800] "POST /xingrg/kc/buy/cgsh_order_operate.html HTTP/1.1" 200 2065
58.221.95.50 - - [19/Feb/2023:09:38:11 +0800] "GET /xingrg/all/function/internal_message.html?_=1676770705048&CODE_STATE=getMsg HTTP/1.1" 200 27
116.192.124.172 - - [19/Feb/2023:09:38:14 +0800] "GET /xingrg/all/function/internal_message.html?_=1676770706607&CODE_STATE=getMsg HTTP/1.1" 200 27
114.83.218.175 - - [19/Feb/2023:09:38:14 +0800] "GET /xingrg/kc/buy/cgsh_order_operate.html?command=get_materiel&rest_code=00149&code=00101008213&supplier_code=00100008&order_time=2023-02-19 HTTP/1.1" 200 412
116.230.105.139 - - [19/Feb/2023:09:38:16 +0800] "GET /xingrg/all/function/internal_message.html?_=1676770687268&CODE_STATE=getMsg HTTP/1.1" 200 27
116.238.139.35 - - [19/Feb/2023:09:38:19 +0800] "POST /xingrg/kc/buy/cgsh_order_operate.html HTTP/1.1" 200 37
116.192.124.172 - - [19/Feb/2023:09:38:19 +0800] "POST /xingrg/kc/buy/cgsh_order_operate.html HTTP/1.1" 200 12
114.83.222.182 - - [19/Feb/2023:09:38:22 +0800] "GET /xingrg/all/function/internal_message.html?_=1676770826864&CODE_STATE=getMsg HTTP/1.1" 200 27
116.238.139.35 - - [19/Feb/2023:09:38:23 +0800] "POST /xingrg/kc/buy/cgsh_order_operate.html HTTP/1.1" 200 12
114.83.218.175 - - [19/Feb/2023:09:38:24 +0800] "POST /xingrg/services/DataTransmitService HTTP/1.1" 401 565
114.83.218.175 - - [19/Feb/2023:09:38:24 +0800] "POST /xingrg/services/DataTransmitService HTTP/1.1" 200 478
116.238.139.35 - - [19/Feb/2023:09:38:25 +0800] "GET /xingrg/kc/buy/cgsh_order_info.html?code=212023021906464 HTTP/1.1" 200 64337
114.83.218.175 - - [19/Feb/2023:09:38:25 +0800] "POST /xingrg/services/DataTransmitService HTTP/1.1" 200 1319
114.83.218.175 - - [19/Feb/2023:09:38:25 +0800] "POST /xingrg/services/DataTransmitService HTTP/1.1" 200 478
114.83.218.175 - - [19/Feb/2023:09:38:25 +0800] "POST /xingrg/services/DataTransmitService HTTP/1.1" 200 1319
114.83.218.175 - - [19/Feb/2023:09:38:25 +0800] "POST /xingrg/services/DataTransmitService HTTP/1.1" 200 524
116.238.139.35 - - [19/Feb/2023:09:38:25 +0800] "GET /xingrg/javascript/easyui/themes/default/validatebox.css HTTP/1.1" 404 1104
114.83.218.175 - - [19/Feb/2023:09:38:26 +0800] "POST /xingrg/services/DataTransmitService HTTP/1.1" 200 2163
116.238.139.35 - - [19/Feb/2023:09:38:26 +0800] "POST /xingrg/kc/buy/cgsh_order_operate.html HTTP/1.1" 200 2413
116.192.124.172 - - [19/Feb/2023:09:38:26 +0800] "GET /xingrg/kc/buy/cgsh_order_info.html?code=212023021906462 HTTP/1.1" 200 64764
114.83.218.175 - - [19/Feb/2023:09:38:26 +0800] "POST /xingrg/services/DataTransmitService HTTP/1.1" 200 1639
116.192.124.172 - - [19/Feb/2023:09:38:26 +0800] "GET /xingrg/javascript/easyui/themes/default/validatebox.css HTTP/1.1" 404 1104
114.83.218.175 - - [19/Feb/2023:09:38:26 +0800] "POST /xingrg/services/DataTransmitService HTTP/1.1" 200 2439
114.83.218.175 - - [19/Feb/2023:09:38:27 +0800] "POST /xingrg/services/DataTransmitService HTTP/1.1" 200 1459
116.192.124.172 - - [19/Feb/2023:09:38:27 +0800] "POST /xingrg/kc/buy/cgsh_order_operate.html HTTP/1.1" 200 6534
116.238.139.35 - - [19/Feb/2023:09:38:27 +0800] "GET /xingrg/kc/print/load_data.html?order_code=212023021906464&kc_code=cgsh&condition= HTTP/1.1" 200 1448
116.192.124.172 - - [19/Feb/2023:09:38:28 +0800] "GET /xingrg/kc/print/load_config.html?kc_code=cgsh HTTP/1.1" 200 2157
116.192.124.172 - - [19/Feb/2023:09:38:29 +0800] "GET /xingrg/kc/print/load_data.html?order_code=212023021906462&kc_code=cgsh&condition= HTTP/1.1" 200 2917
114.83.218.175 - - [19/Feb/2023:09:38:30 +0800] "POST /xingrg/services/DataTransmitService HTTP/1.1" 200 168336
116.225.84.253 - - [19/Feb/2023:09:38:33 +0800] "GET /xingrg/all/function/internal_message.html?_=1676770725735&CODE_STATE=getMsg HTTP/1.1" 200 27
114.83.218.175 - - [19/Feb/2023:09:38:35 +0800] "GET /xingrg/kc/buy/cgsh_order_operate.html?command=get_materiel&rest_code=00149&code=00101008291&supplier_code=00100008&order_time=2023-02-19 HTTP/1.1" 200 410
116.237.73.154 - - [19/Feb/2023:09:38:38 +0800] "GET /xingrg/all/function/internal_message.html?_=1676770726373&CODE_STATE=getMsg HTTP/1.1" 200 27
114.83.218.175 - - [19/Feb/2023:09:38:42 +0800] "GET /xingrg/all/function/internal_message.html?_=1676770735373&CODE_STATE=getMsg HTTP/1.1" 200 27
114.83.218.175 - - [19/Feb/2023:09:38:43 +0800] "GET /xingrg/check_reg.html?_=1676770735382 HTTP/1.1" 200 22
114.83.218.175 - - [19/Feb/2023:09:38:47 +0800] "POST /xingrg/services/DataTransmitService HTTP/1.1" 200 45454
114.83.218.175 - - [19/Feb/2023:09:38:47 +0800] "POST /xingrg/services/DataTransmitService HTTP/1.1" 200 19237
116.238.139.35 - - [19/Feb/2023:09:38:48 +0800] "GET /xingrg/all/function/internal_message.html?_=1676770742085&CODE_STATE=getMsg HTTP/1.1" 200 27
114.83.218.175 - - [19/Feb/2023:09:38:48 +0800] "POST /xingrg/services/DataTransmitService HTTP/1.1" 200 524
114.83.218.175 - - [19/Feb/2023:09:38:49 +0800] "POST /xingrg/services/DataTransmitService HTTP/1.1" 200 2163
114.83.218.175 - - [19/Feb/2023:09:38:51 +0800] "GET /xingrg/kc/buy/cgsh_order_operate.html?command=get_materiel&rest_code=00149&code=00101008411&supplier_code=00100008&order_time=2023-02-19 HTTP/1.1" 200 412
218.81.220.34 - - [19/Feb/2023:09:38:52 +0800] "GET /xingrg/kc/buy/cgsh_order_operate.html?command=get_materiel&rest_code=00146&code=00101008175&supplier_code=00100005&order_time=2023-02-19 HTTP/1.1" 200 412
218.81.220.34 - - [19/Feb/2023:09:39:00 +0800] "GET /xingrg/all/function/internal_message.html?_=1676770780221&CODE_STATE=getMsg HTTP/1.1" 200 27
116.192.124.172 - - [19/Feb/2023:09:39:05 +0800] "GET /xingrg/kc/buy/cgsh_order_add.html HTTP/1.1" 200 69874
116.192.124.172 - - [19/Feb/2023:09:39:06 +0800] "POST /xingrg/kc/buy/cgsh_order_operate.html HTTP/1.1" 200 8245
116.192.124.172 - - [19/Feb/2023:09:39:06 +0800] "GET /xingrg/javascript/easyui/themes/default/validatebox.css HTTP/1.1" 404 1104
218.81.220.34 - - [19/Feb/2023:09:39:06 +0800] "GET /xingrg/kc/buy/cgsh_order_operate.html?command=get_materiel&rest_code=00146&code=00101008256&supplier_code=00100005&order_time=2023-02-19 HTTP/1.1" 200 413
116.238.139.35 - - [19/Feb/2023:09:39:07 +0800] "GET /xingrg/all/function/internal_message.html?_=1676770691338&CODE_STATE=getMsg HTTP/1.1" 200 27
101.229.22.234 - - [19/Feb/2023:09:39:08 +0800] "GET /xingrg/all/function/internal_message.html?_=1676770760323&CODE_STATE=getMsg HTTP/1.1" 200 27
114.83.218.175 - - [19/Feb/2023:09:39:11 +0800] "POST /xingrg/kc/buy/cgsh_order_operate.html HTTP/1.1" 200 37
58.221.95.50 - - [19/Feb/2023:09:39:11 +0800] "GET /xingrg/all/function/internal_message.html?_=1676770765026&CODE_STATE=getMsg HTTP/1.1" 200 27
116.192.124.172 - - [19/Feb/2023:09:39:14 +0800] "GET /xingrg/all/function/internal_message.html?_=1676770766593&CODE_STATE=getMsg HTTP/1.1" 200 27
114.83.218.175 - - [19/Feb/2023:09:39:14 +0800] "POST /xingrg/kc/buy/cgsh_order_operate.html HTTP/1.1" 200 27463
116.230.105.139 - - [19/Feb/2023:09:39:16 +0800] "GET /xingrg/all/function/internal_message.html?_=1676770747262&CODE_STATE=getMsg HTTP/1.1" 200 27
218.81.220.34 - - [19/Feb/2023:09:39:18 +0800] "GET /xingrg/kc/buy/cgsh_order_operate.html?command=get_materiel&rest_code=00146&code=00101008027&supplier_code=00100005&order_time=2023-02-19 HTTP/1.1" 200 409
114.83.218.175 - - [19/Feb/2023:09:39:19 +0800] "POST /xingrg/services/DataTransmitService HTTP/1.1" 200 524
114.83.218.175 - - [19/Feb/2023:09:39:19 +0800] "POST /xingrg/services/DataTransmitService HTTP/1.1" 200 501
116.192.124.172 - - [19/Feb/2023:09:39:19 +0800] "GET /xingrg/javascript/easyui/plugins/jquery.draggable.js HTTP/1.1" 200 6121
116.192.124.172 - - [19/Feb/2023:09:39:19 +0800] "GET /xingrg/css/images/panel_loading.gif HTTP/1.1" 200 1737
116.192.124.172 - - [19/Feb/2023:09:39:19 +0800] "GET /xingrg/javascript/easyui/plugins/jquery.droppable.js HTTP/1.1" 200 1167
116.192.124.172 - - [19/Feb/2023:09:39:20 +0800] "GET /xingrg/javascript/easyui/themes/default/tree.css HTTP/1.1" 404 1090
116.192.124.172 - - [19/Feb/2023:09:39:20 +0800] "GET /xingrg/javascript/easyui/plugins/jquery.tree.js HTTP/1.1" 200 20874
116.192.124.172 - - [19/Feb/2023:09:39:20 +0800] "POST /xingrg/all/common/load_tree.html?tree=supplier_tree_json&isDelete=1 HTTP/1.1" 200 70748
116.192.124.172 - - [19/Feb/2023:09:39:21 +0800] "GET /xingrg/javascript/easyui/themes/default/images/tree_arrows.gif HTTP/1.1" 200 617
114.83.218.175 - - [19/Feb/2023:09:39:21 +0800] "POST /xingrg/services/DataTransmitService HTTP/1.1" 200 524
116.192.124.172 - - [19/Feb/2023:09:39:21 +0800] "GET /xingrg/javascript/easyui/themes/default/images/tree_folder_open.gif HTTP/1.1" 200 956
116.192.124.172 - - [19/Feb/2023:09:39:21 +0800] "GET /xingrg/javascript/easyui/themes/default/images/tree_file.gif HTTP/1.1" 200 118
116.192.124.172 - - [19/Feb/2023:09:39:21 +0800] "GET /xingrg/javascript/easyui/themes/default/images/tree_folder.gif HTTP/1.1" 200 952
114.83.222.182 - - [19/Feb/2023:09:39:21 +0800] "GET /xingrg/all/function/internal_message.html?_=1676770886869&CODE_STATE=getMsg HTTP/1.1" 200 27
114.83.218.175 - - [19/Feb/2023:09:39:25 +0800] "POST /xingrg/services/DataTransmitService HTTP/1.1" 200 501
114.83.218.175 - - [19/Feb/2023:09:39:26 +0800] "GET /xingrg/kc/buy/cgsh_order_operate.html?command=get_materiel&rest_code=00149&code=00101008275&supplier_code=00100008&order_time=2023-02-19 HTTP/1.1" 200 416
114.83.218.175 - - [19/Feb/2023:09:39:28 +0800] "POST /xingrg/services/DataTransmitService HTTP/1.1" 200 524
116.238.139.35 - - [19/Feb/2023:09:39:29 +0800] "GET /xingrg/kc/buy/cgsh_order_add.html HTTP/1.1" 200 69436
116.238.139.35 - - [19/Feb/2023:09:39:30 +0800] "POST /xingrg/kc/buy/cgsh_order_operate.html HTTP/1.1" 200 8245
116.238.139.35 - - [19/Feb/2023:09:39:30 +0800] "GET /xingrg/javascript/easyui/themes/default/validatebox.css HTTP/1.1" 404 1104
218.81.220.34 - - [19/Feb/2023:09:39:31 +0800] "GET /xingrg/kc/buy/cgsh_order_operate.html?command=get_materiel&rest_code=00146&code=00101008257&supplier_code=00100005&order_time=2023-02-19 HTTP/1.1" 200 416
116.192.124.172 - - [19/Feb/2023:09:39:32 +0800] "GET /xingrg/kc/buy/cgsh_order_operate.html?command=get_materiel&rest_code=00102&code=00101009049&supplier_code=00100022&order_time=2023-02-19 HTTP/1.1" 200 416
116.225.84.253 - - [19/Feb/2023:09:39:32 +0800] "GET /xingrg/all/function/internal_message.html?_=1676770785735&CODE_STATE=getMsg HTTP/1.1" 200 27
180.163.29.219 - - [19/Feb/2023:09:39:37 +0800] "GET /xingrg/all/function/internal_message.html?_=1676770726373&CODE_STATE=getMsg HTTP/1.1" 302 -
116.237.73.154 - - [19/Feb/2023:09:39:37 +0800] "GET /xingrg/all/function/internal_message.html?_=1676770786359&CODE_STATE=getMsg HTTP/1.1" 200 27
114.83.218.175 - - [19/Feb/2023:09:39:39 +0800] "GET /xingrg/kc/buy/cgsh_order_operate.html?command=get_materiel&rest_code=00149&code=00101008018&supplier_code=00100008&order_time=2023-02-19 HTTP/1.1" 200 416
116.237.73.154 - - [19/Feb/2023:09:39:40 +0800] "POST /xingrg/services/DataTransmitService HTTP/1.1" 200 524
116.238.139.35 - - [19/Feb/2023:09:39:41 +0800] "GET /xingrg/kc/buy/cgsh_order_operate.html?command=get_materiel&rest_code=00151&code=00101016025&supplier_code=00100096&order_time=2023-02-19 HTTP/1.1" 200 408
116.192.124.172 - - [19/Feb/2023:09:39:41 +0800] "GET /xingrg/kc/buy/cgsh_order_operate.html?command=get_materiel&rest_code=00102&code=00101009045&supplier_code=00100022&order_time=2023-02-19 HTTP/1.1" 200 414
114.83.218.175 - - [19/Feb/2023:09:39:42 +0800] "GET /xingrg/all/function/internal_message.html?_=1676770795422&CODE_STATE=getMsg HTTP/1.1" 200 27
218.81.220.34 - - [19/Feb/2023:09:39:44 +0800] "GET /xingrg/kc/buy/cgsh_order_operate.html?command=get_materiel&rest_code=00146&code=00101008350&supplier_code=00100005&order_time=2023-02-19 HTTP/1.1" 200 408
180.163.29.219 - - [19/Feb/2023:09:39:47 +0800] "GET /xingrg/login.html HTTP/1.1" 200 7641
116.238.139.35 - - [19/Feb/2023:09:39:48 +0800] "GET /xingrg/all/function/internal_message.html?_=1676770802124&CODE_STATE=getMsg HTTP/1.1" 200 27
116.192.124.172 - - [19/Feb/2023:09:39:52 +0800] "GET /xingrg/kc/buy/cgsh_order_operate.html?command=get_materiel&rest_code=00102&code=00101009062&supplier_code=00100022&order_time=2023-02-19 HTTP/1.1" 200 414
116.238.139.35 - - [19/Feb/2023:09:39:55 +0800] "GET /xingrg/kc/buy/cgsh_order_operate.html?command=get_materiel&rest_code=00151&code=00101016148&supplier_code=00100096&order_time=2023-02-19 HTTP/1.1" 200 406
218.81.220.34 - - [19/Feb/2023:09:39:56 +0800] "GET /xingrg/kc/buy/cgsh_order_operate.html?command=get_materiel&rest_code=00146&code=00101008112&supplier_code=00100005&order_time=2023-02-19 HTTP/1.1" 200 412
114.83.218.175 - - [19/Feb/2023:09:39:57 +0800] "GET /xingrg/kc/buy/cgsh_order_operate.html?command=get_materiel&rest_code=00149&code=00101008125&supplier_code=00100008&order_time=2023-02-19 HTTP/1.1" 200 413
218.81.220.34 - - [19/Feb/2023:09:40:00 +0800] "GET /xingrg/all/function/internal_message.html?_=1676770840235&CODE_STATE=getMsg HTTP/1.1" 200 27
116.238.139.35 - - [19/Feb/2023:09:40:01 +0800] "GET /xingrg/kc/buy/cgsh_order_operate.html?command=get_materiel&rest_code=00151&code=00101012039&supplier_code=00100096&order_time=2023-02-19 HTTP/1.1" 200 408
116.192.124.172 - - [19/Feb/2023:09:40:03 +0800] "GET /xingrg/kc/buy/cgsh_order_operate.html?command=get_materiel&rest_code=00102&code=00101009047&supplier_code=00100022&order_time=2023-02-19 HTTP/1.1" 200 409
116.238.139.35 - - [19/Feb/2023:09:40:07 +0800] "GET /xingrg/all/function/internal_message.html?_=1676770751352&CODE_STATE=getMsg HTTP/1.1" 200 27
114.83.218.175 - - [19/Feb/2023:09:40:07 +0800] "GET /xingrg/kc/buy/cgsh_order_operate.html?command=get_materiel&rest_code=00149&code=00101012067&supplier_code=00100008&order_time=2023-02-19 HTTP/1.1" 200 405
116.238.139.35 - - [19/Feb/2023:09:40:08 +0800] "GET /xingrg/kc/buy/cgsh_order_operate.html?command=get_materiel&rest_code=00151&code=00101016038&supplier_code=00100096&order_time=2023-02-19 HTTP/1.1" 200 408
101.229.22.234 - - [19/Feb/2023:09:40:08 +0800] "GET /xingrg/check_reg.html?_=1676770820328 HTTP/1.1" 200 22
101.229.22.234 - - [19/Feb/2023:09:40:08 +0800] "GET /xingrg/all/function/internal_message.html?_=1676770820323&CODE_STATE=getMsg HTTP/1.1" 200 27
114.83.218.175 - - [19/Feb/2023:09:40:09 +0800] "POST /xingrg/kc/buy/cgsh_order_operate.html HTTP/1.1" 200 2065
58.221.95.50 - - [19/Feb/2023:09:40:11 +0800] "GET /xingrg/all/function/internal_message.html?_=1676770825020&CODE_STATE=getMsg HTTP/1.1" 200 27
114.83.218.175 - - [19/Feb/2023:09:40:15 +0800] "POST /xingrg/services/DataTransmitService HTTP/1.1" 200 501
114.83.218.175 - - [19/Feb/2023:09:40:16 +0800] "POST /xingrg/services/DataTransmitService HTTP/1.1" 200 501
116.238.139.35 - - [19/Feb/2023:09:40:16 +0800] "GET /xingrg/kc/buy/cgsh_order_operate.html?command=get_materiel&rest_code=00151&code=00101016051&supplier_code=00100096&order_time=2023-02-19 HTTP/1.1" 200 408
116.230.105.139 - - [19/Feb/2023:09:40:16 +0800] "GET /xingrg/check_reg.html?_=1676770807257 HTTP/1.1" 200 22
116.230.105.139 - - [19/Feb/2023:09:40:17 +0800] "GET /xingrg/all/function/internal_message.html?_=1676770807259&CODE_STATE=getMsg HTTP/1.1" 200 27
114.83.218.175 - - [19/Feb/2023:09:40:18 +0800] "POST /xingrg/services/DataTransmitService HTTP/1.1" 200 501
114.83.218.175 - - [19/Feb/2023:09:40:18 +0800] "GET /xingrg/kc/buy/cgsh_order_operate.html?command=get_materiel&rest_code=00149&code=00101013179&supplier_code=00100008&order_time=2023-02-19 HTTP/1.1" 200 412
114.83.218.175 - - [19/Feb/2023:09:40:21 +0800] "POST /xingrg/services/DataTransmitService HTTP/1.1" 200 501
114.83.218.175 - - [19/Feb/2023:09:40:21 +0800] "POST /xingrg/services/DataTransmitService HTTP/1.1" 200 501
114.83.222.182 - - [19/Feb/2023:09:40:21 +0800] "GET /xingrg/all/function/internal_message.html?_=1676770946878&CODE_STATE=getMsg HTTP/1.1" 200 27
114.83.218.175 - - [19/Feb/2023:09:40:22 +0800] "POST /xingrg/services/DataTransmitService HTTP/1.1" 200 501
116.192.124.172 - - [19/Feb/2023:09:40:22 +0800] "POST /xingrg/kc/buy/cgsh_order_operate.html HTTP/1.1" 200 37
114.83.218.175 - - [19/Feb/2023:09:40:23 +0800] "POST /xingrg/services/DataTransmitService HTTP/1.1" 200 501
114.83.218.175 - - [19/Feb/2023:09:40:24 +0800] "POST /xingrg/services/DataTransmitService HTTP/1.1" 200 501
116.238.139.35 - - [19/Feb/2023:09:40:24 +0800] "GET /xingrg/kc/buy/cgsh_order_operate.html?command=get_materiel&rest_code=00151&code=00101012060&supplier_code=00100096&order_time=2023-02-19 HTTP/1.1" 200 408
114.83.218.175 - - [19/Feb/2023:09:40:25 +0800] "POST /xingrg/services/DataTransmitService HTTP/1.1" 200 501
114.83.218.175 - - [19/Feb/2023:09:40:25 +0800] "POST /xingrg/services/DataTransmitService HTTP/1.1" 200 412
116.192.124.172 - - [19/Feb/2023:09:40:26 +0800] "POST /xingrg/kc/buy/cgsh_order_operate.html HTTP/1.1" 200 12
116.192.124.172 - - [19/Feb/2023:09:40:29 +0800] "GET /xingrg/kc/buy/cgsh_order_info.html?code=212023021906465 HTTP/1.1" 200 64772
116.192.124.172 - - [19/Feb/2023:09:40:30 +0800] "GET /xingrg/javascript/easyui/themes/default/validatebox.css HTTP/1.1" 404 1104
114.83.218.175 - - [19/Feb/2023:09:40:30 +0800] "GET /xingrg/kc/buy/cgsh_order_operate.html?command=get_materiel&rest_code=00149&code=00101008304&supplier_code=00100008&order_time=2023-02-19 HTTP/1.1" 200 412
116.192.124.172 - - [19/Feb/2023:09:40:30 +0800] "POST /xingrg/kc/buy/cgsh_order_operate.html HTTP/1.1" 200 2387
116.238.139.35 - - [19/Feb/2023:09:40:31 +0800] "GET /xingrg/kc/buy/cgsh_order_operate.html?command=get_materiel&rest_code=00151&code=00101012059&supplier_code=00100096&order_time=2023-02-19 HTTP/1.1" 200 412
116.225.84.253 - - [19/Feb/2023:09:40:32 +0800] "GET /xingrg/all/function/internal_message.html?_=1676770845735&CODE_STATE=getMsg HTTP/1.1" 200 27
116.237.73.154 - - [19/Feb/2023:09:40:37 +0800] "GET /xingrg/all/function/internal_message.html?_=1676770846331&CODE_STATE=getMsg HTTP/1.1" 200 27
180.163.29.219 - - [19/Feb/2023:09:40:37 +0800] "GET /xingrg/all/function/internal_message.html?_=1676770786359&CODE_STATE=getMsg HTTP/1.1" 302 -
180.163.29.219 - - [19/Feb/2023:09:40:38 +0800] "GET /xingrg/login.html HTTP/1.1" 200 7641
116.192.124.172 - - [19/Feb/2023:09:40:40 +0800] "GET /xingrg/kc/print/load_data.html?order_code=212023021906465&kc_code=cgsh&condition= HTTP/1.1" 200 1394
218.81.220.34 - - [19/Feb/2023:09:40:40 +0800] "GET /xingrg/kc/buy/cgsh_order_operate.html?command=get_materiel&rest_code=00146&code=00101008354&supplier_code=00100005&order_time=2023-02-19 HTTP/1.1" 200 412
114.83.218.175 - - [19/Feb/2023:09:40:43 +0800] "GET /xingrg/kc/buy/cgsh_order_operate.html?command=get_materiel&rest_code=00149&code=00101008060&supplier_code=00100008&order_time=2023-02-19 HTTP/1.1" 200 416
114.83.218.175 - - [19/Feb/2023:09:40:43 +0800] "GET /xingrg/all/function/internal_message.html?_=1676770855406&CODE_STATE=getMsg HTTP/1.1" 200 27
116.238.139.35 - - [19/Feb/2023:09:40:44 +0800] "GET /xingrg/kc/buy/cgsh_order_operate.html?command=get_materiel&rest_code=00151&code=00101012019&supplier_code=00100096&order_time=2023-02-19 HTTP/1.1" 200 412
116.192.124.172 - - [19/Feb/2023:09:40:45 +0800] "GET /xingrg/kc/buy/cgsh_order_add.html HTTP/1.1" 200 69874
116.192.124.172 - - [19/Feb/2023:09:40:45 +0800] "POST /xingrg/kc/buy/cgsh_order_operate.html HTTP/1.1" 200 8245
116.192.124.172 - - [19/Feb/2023:09:40:45 +0800] "GET /xingrg/javascript/easyui/themes/default/validatebox.css HTTP/1.1" 404 1104
116.238.139.35 - - [19/Feb/2023:09:40:48 +0800] "GET /xingrg/kc/mdqp/qqps_order_list.html HTTP/1.1" 200 9222
116.238.139.35 - - [19/Feb/2023:09:40:48 +0800] "GET /xingrg/css/blue.css HTTP/1.1" 304 -
116.238.139.35 - - [19/Feb/2023:09:40:48 +0800] "GET /xingrg/check_reg.html?_=1676770862097 HTTP/1.1" 200 22
116.238.139.35 - - [19/Feb/2023:09:40:49 +0800] "GET /xingrg/dwr/interface/AjaxReportQueryService.js HTTP/1.1" 200 13203
116.238.139.35 - - [19/Feb/2023:09:40:49 +0800] "GET /xingrg/dwr/util.js HTTP/1.1" 304 -
116.238.139.35 - - [19/Feb/2023:09:40:49 +0800] "GET /xingrg/dwr/interface/AjaxQqpsService.js HTTP/1.1" 200 16326
116.238.139.35 - - [19/Feb/2023:09:40:49 +0800] "GET /xingrg/javascript/myfunction.js HTTP/1.1" 304 -
116.238.139.35 - - [19/Feb/2023:09:40:49 +0800] "GET /xingrg/javascript/Calendar.js HTTP/1.1" 304 -
116.238.139.35 - - [19/Feb/2023:09:40:50 +0800] "GET /xingrg/javascript/ToolTips.js HTTP/1.1" 200 5615
116.238.139.35 - - [19/Feb/2023:09:40:50 +0800] "GET /xingrg/dwr/engine.js HTTP/1.1" 200 43631
116.238.139.35 - - [19/Feb/2023:09:40:50 +0800] "GET /xingrg/all/function/internal_message.html?_=1676770862100&CODE_STATE=getMsg HTTP/1.1" 200 27
116.238.139.35 - - [19/Feb/2023:09:40:50 +0800] "GET /xingrg/javascript/jquery_easy_ui/themes/icons/edit_add_new.png HTTP/1.1" 200 2997
116.238.139.35 - - [19/Feb/2023:09:40:50 +0800] "GET /xingrg/javascript/jquery_easy_ui/themes/icons/check_new.png HTTP/1.1" 200 3224
116.238.139.35 - - [19/Feb/2023:09:40:50 +0800] "GET /xingrg/javascript/jquery_easy_ui/themes/icons/uncheck_new.png HTTP/1.1" 200 3197
116.238.139.35 - - [19/Feb/2023:09:40:50 +0800] "GET /xingrg/javascript/jquery_easy_ui/themes/icons/cance_new.png HTTP/1.1" 200 3986
116.192.124.172 - - [19/Feb/2023:09:40:50 +0800] "GET /xingrg/check_reg.html?_=1676770862840 HTTP/1.1" 200 22
116.238.139.35 - - [19/Feb/2023:09:40:51 +0800] "GET /xingrg/javascript/jquery_easy_ui/themes/default/images/button_plain_hover.png HTTP/1.1" 200 252
116.238.139.35 - - [19/Feb/2023:09:40:51 +0800] "GET /xingrg/javascript/jquery_easy_ui/themes/default/images/button_plain_hover.png HTTP/1.1" 200 252
116.238.139.35 - - [19/Feb/2023:09:40:51 +0800] "GET /xingrg/javascript/jquery_easy_ui/themes/default/images/button_plain_hover.png HTTP/1.1" 200 252
116.238.139.35 - - [19/Feb/2023:09:40:52 +0800] "GET /xingrg/javascript/Grid.js HTTP/1.1" 200 58908
116.238.139.35 - - [19/Feb/2023:09:40:52 +0800] "GET /xingrg/javascript/AjaxInfoList.js HTTP/1.1" 200 3774
116.238.139.35 - - [19/Feb/2023:09:40:52 +0800] "GET /xingrg/kc/mdqp/qqps_order_add.html HTTP/1.1" 200 27580
116.238.139.35 - - [19/Feb/2023:09:40:52 +0800] "GET /xingrg/dwr/interface/AjaxQqpsService.js HTTP/1.1" 200 16326
116.238.139.35 - - [19/Feb/2023:09:40:53 +0800] "GET /xingrg/dwr/interface/AjaxComOrderService.js HTTP/1.1" 200 18264
116.238.139.35 - - [19/Feb/2023:09:40:53 +0800] "GET /xingrg/javascript/tools/jquery.qtip-1.0.0-rc3.min.js HTTP/1.1" 200 38404
116.238.139.35 - - [19/Feb/2023:09:40:53 +0800] "GET /xingrg/dwr/engine.js HTTP/1.1" 200 43631
116.238.139.35 - - [19/Feb/2023:09:40:53 +0800] "GET /xingrg/javascript/jquery_easy_ui/themes/icons/copy_new.png HTTP/1.1" 200 815
116.238.139.35 - - [19/Feb/2023:09:40:53 +0800] "GET /xingrg/javascript/jquery_easy_ui/themes/icons/template_new.png HTTP/1.1" 200 3956
116.238.139.35 - - [19/Feb/2023:09:40:53 +0800] "GET /xingrg/javascript/jquery_easy_ui/themes/icons/print.png HTTP/1.1" 304 -
116.238.139.35 - - [19/Feb/2023:09:40:53 +0800] "GET /xingrg/javascript/jquery_easy_ui/themes/default/images/menu_downarrow.png HTTP/1.1" 304 -
116.238.139.35 - - [19/Feb/2023:09:40:53 +0800] "GET /xingrg/javascript/jquery_easy_ui/themes/icons/back_new.png HTTP/1.1" 200 3414
116.238.139.35 - - [19/Feb/2023:09:40:53 +0800] "GET /xingrg/javascript/jquery_easy_ui/themes/default/images/combo_arrow_dot.gif HTTP/1.1" 304 -
116.238.139.35 - - [19/Feb/2023:09:40:54 +0800] "GET /xingrg/images/blue/button/kc_tab_del.gif HTTP/1.1" 200 383
116.238.139.35 - - [19/Feb/2023:09:40:54 +0800] "GET /xingrg/images/blue/button/kc_tab_save.gif HTTP/1.1" 200 777
116.238.139.35 - - [19/Feb/2023:09:40:54 +0800] "GET /xingrg/images/blue/button/kc_tab_edit.gif HTTP/1.1" 200 551
116.238.139.35 - - [19/Feb/2023:09:40:54 +0800] "GET /xingrg/images/blue/button/kc_tab_add.gif HTTP/1.1" 200 375
116.238.139.35 - - [19/Feb/2023:09:40:54 +0800] "GET /xingrg/images/blue/kc_tab_left.gif HTTP/1.1" 200 188
116.238.139.35 - - [19/Feb/2023:09:40:54 +0800] "GET /xingrg/images/blue/kc_tab_mid.gif HTTP/1.1" 200 44
116.238.139.35 - - [19/Feb/2023:09:40:54 +0800] "GET /xingrg/images/blue/kc_tab_right.gif HTTP/1.1" 200 643
116.238.139.35 - - [19/Feb/2023:09:40:54 +0800] "GET /xingrg/images/blue/kc_tab2_right.gif HTTP/1.1" 200 192
116.238.139.35 - - [19/Feb/2023:09:40:54 +0800] "GET /xingrg/images/blue/kc_tab2_left.gif HTTP/1.1" 200 625
116.238.139.35 - - [19/Feb/2023:09:40:57 +0800] "GET /xingrg/kc/buy/cgsh_order_operate.html?command=get_materiel&rest_code=00151&code=00101006109&supplier_code=00100096&order_time=2023-02-19 HTTP/1.1" 200 409
114.83.218.175 - - [19/Feb/2023:09:40:57 +0800] "GET /xingrg/kc/buy/cgsh_order_operate.html?command=get_materiel&rest_code=00149&code=00101009031&supplier_code=00100008&order_time=2023-02-19 HTTP/1.1" 200 409
218.81.220.34 - - [19/Feb/2023:09:40:58 +0800] "GET /xingrg/check_reg.html?_=1676770898302 HTTP/1.1" 200 22
218.81.220.34 - - [19/Feb/2023:09:41:00 +0800] "GET /xingrg/all/function/internal_message.html?_=1676770900249&CODE_STATE=getMsg HTTP/1.1" 200 27
116.238.139.35 - - [19/Feb/2023:09:41:04 +0800] "GET /xingrg/kc/buy/cgsh_order_operate.html?command=get_materiel&rest_code=00151&code=00101006178&supplier_code=00100096&order_time=2023-02-19 HTTP/1.1" 200 409
218.81.220.34 - - [19/Feb/2023:09:41:05 +0800] "GET /xingrg/kc/buy/cgsh_order_operate.html?command=get_materiel&rest_code=00146&code=00101008186&supplier_code=00100005&order_time=2023-02-19 HTTP/1.1" 200 408
116.238.139.35 - - [19/Feb/2023:09:41:06 +0800] "GET /xingrg/images/blue/wait.gif HTTP/1.1" 200 1100
116.238.139.35 - - [19/Feb/2023:09:41:06 +0800] "POST /xingrg/dwr/call/plaincall/AjaxQqpsService.saveOrder.dwr HTTP/1.1" 200 78
116.238.139.35 - - [19/Feb/2023:09:41:06 +0800] "GET /xingrg/all/function/internal_message.html?_=1676770811365&CODE_STATE=getMsg HTTP/1.1" 200 27
101.229.22.234 - - [19/Feb/2023:09:41:08 +0800] "GET /xingrg/all/function/internal_message.html?_=1676770880330&CODE_STATE=getMsg HTTP/1.1" 200 27
114.83.218.175 - - [19/Feb/2023:09:41:09 +0800] "GET /xingrg/kc/buy/cgsh_order_operate.html?command=get_materiel&rest_code=00149&code=00101008019&supplier_code=00100008&order_time=2023-02-19 HTTP/1.1" 200 417
58.221.95.50 - - [19/Feb/2023:09:41:11 +0800] "GET /xingrg/all/function/internal_message.html?_=1676770885024&CODE_STATE=getMsg HTTP/1.1" 200 27
116.192.124.172 - - [19/Feb/2023:09:41:14 +0800] "GET /xingrg/all/function/internal_message.html?_=1676770886618&CODE_STATE=getMsg HTTP/1.1" 200 27
116.230.105.139 - - [19/Feb/2023:09:41:16 +0800] "GET /xingrg/all/function/internal_message.html?_=1676770867255&CODE_STATE=getMsg HTTP/1.1" 200 27
114.83.222.182 - - [19/Feb/2023:09:41:22 +0800] "GET /xingrg/check_reg.html?_=1676771006869 HTTP/1.1" 200 22
114.83.222.182 - - [19/Feb/2023:09:41:22 +0800] "GET /xingrg/all/function/internal_message.html?_=1676771006870&CODE_STATE=getMsg HTTP/1.1" 200 27
116.238.139.35 - - [19/Feb/2023:09:41:23 +0800] "POST /xingrg/dwr/call/plaincall/AjaxQqpsService.getMaterielByCode.dwr HTTP/1.1" 200 2225
114.83.218.175 - - [19/Feb/2023:09:41:26 +0800] "POST /xingrg/kc/buy/cgsh_order_operate.html HTTP/1.1" 200 37
116.238.139.35 - - [19/Feb/2023:09:41:27 +0800] "POST /xingrg/dwr/call/plaincall/AjaxQqpsService.saveMaterielItem.dwr HTTP/1.1" 200 78
218.81.220.34 - - [19/Feb/2023:09:41:30 +0800] "POST /xingrg/services/DataTransmitService HTTP/1.1" 200 524
114.83.218.175 - - [19/Feb/2023:09:41:30 +0800] "POST /xingrg/kc/buy/cgsh_order_operate.html HTTP/1.1" 200 32791
218.81.220.34 - - [19/Feb/2023:09:41:31 +0800] "POST /xingrg/services/DataTransmitService HTTP/1.1" 200 2339
116.238.139.35 - - [19/Feb/2023:09:41:32 +0800] "POST /xingrg/dwr/call/plaincall/AjaxQqpsService.getMaterielByCode.dwr HTTP/1.1" 200 2276
116.225.84.253 - - [19/Feb/2023:09:41:33 +0800] "GET /xingrg/all/function/internal_message.html?_=1676770905721&CODE_STATE=getMsg HTTP/1.1" 200 27
218.81.220.34 - - [19/Feb/2023:09:41:35 +0800] "POST /xingrg/services/DataTransmitService HTTP/1.1" 200 192295
116.238.139.35 - - [19/Feb/2023:09:41:36 +0800] "POST /xingrg/dwr/call/plaincall/AjaxQqpsService.saveMaterielItem.dwr HTTP/1.1" 200 78
116.237.73.154 - - [19/Feb/2023:09:41:37 +0800] "GET /xingrg/all/function/internal_message.html?_=1676770906304&CODE_STATE=getMsg HTTP/1.1" 200 27
180.163.28.109 - - [19/Feb/2023:09:41:38 +0800] "GET /xingrg/all/function/internal_message.html?_=1676770846331&CODE_STATE=getMsg HTTP/1.1" 302 -
180.163.28.109 - - [19/Feb/2023:09:41:38 +0800] "GET /xingrg/login.html HTTP/1.1" 200 7641
116.237.73.154 - - [19/Feb/2023:09:41:38 +0800] "GET /xingrg/check_reg.html?_=1676770907230 HTTP/1.1" 200 22
114.83.218.175 - - [19/Feb/2023:09:41:42 +0800] "GET /xingrg/all/function/internal_message.html?_=1676770915378&CODE_STATE=getMsg HTTP/1.1" 200 27
116.238.139.35 - - [19/Feb/2023:09:41:48 +0800] "GET /xingrg/all/function/internal_message.html?_=1676770922099&CODE_STATE=getMsg HTTP/1.1" 200 27
218.81.220.34 - - [19/Feb/2023:09:42:00 +0800] "GET /xingrg/all/function/internal_message.html?_=1676770960261&CODE_STATE=getMsg HTTP/1.1" 200 27
116.238.139.35 - - [19/Feb/2023:09:42:01 +0800] "POST /xingrg/dwr/call/plaincall/AjaxQqpsService.getMaterielByCode.dwr HTTP/1.1" 200 2247
58.221.95.50 - - [19/Feb/2023:09:42:06 +0800] "GET /xingrg/check_reg.html?_=1676770939239 HTTP/1.1" 200 22
116.238.139.35 - - [19/Feb/2023:09:42:06 +0800] "POST /xingrg/dwr/call/plaincall/AjaxQqpsService.saveMaterielItem.dwr HTTP/1.1" 200 78
116.238.139.35 - - [19/Feb/2023:09:42:06 +0800] "GET /xingrg/all/function/internal_message.html?_=1676770871379&CODE_STATE=getMsg HTTP/1.1" 200 27
101.229.22.234 - - [19/Feb/2023:09:42:08 +0800] "GET /xingrg/all/function/internal_message.html?_=1676770940330&CODE_STATE=getMsg HTTP/1.1" 200 27
116.238.139.35 - - [19/Feb/2023:09:42:08 +0800] "POST /xingrg/dwr/call/plaincall/AjaxQqpsService.checkOrder.dwr HTTP/1.1" 200 78
116.238.139.35 - - [19/Feb/2023:09:42:11 +0800] "GET /xingrg/dwr/interface/AjaxComOrderService.js HTTP/1.1" 200 18264
116.238.139.35 - - [19/Feb/2023:09:42:11 +0800] "GET /xingrg/kc/mdqp/qqps_order_info.html?code=302023021900343 HTTP/1.1" 200 25987
116.238.139.35 - - [19/Feb/2023:09:42:11 +0800] "GET /xingrg/dwr/interface/AjaxQqpsService.js HTTP/1.1" 200 16326
58.221.95.50 - - [19/Feb/2023:09:42:11 +0800] "GET /xingrg/all/function/internal_message.html?_=1676770945015&CODE_STATE=getMsg HTTP/1.1" 200 27
116.238.139.35 - - [19/Feb/2023:09:42:12 +0800] "GET /xingrg/dwr/engine.js HTTP/1.1" 200 43631
116.238.139.35 - - [19/Feb/2023:09:42:13 +0800] "POST /xingrg/dwr/call/plaincall/AjaxQqpsService.loadMaterielItems.dwr HTTP/1.1" 200 940
116.192.124.172 - - [19/Feb/2023:09:42:14 +0800] "GET /xingrg/all/function/internal_message.html?_=1676770946605&CODE_STATE=getMsg HTTP/1.1" 200 27
116.230.105.139 - - [19/Feb/2023:09:42:16 +0800] "GET /xingrg/all/function/internal_message.html?_=1676770927249&CODE_STATE=getMsg HTTP/1.1" 200 27
116.238.139.35 - - [19/Feb/2023:09:42:19 +0800] "GET /xingrg/images/yd/bt.gif HTTP/1.1" 404 1040
114.83.222.182 - - [19/Feb/2023:09:42:22 +0800] "GET /xingrg/all/function/internal_message.html?_=1676771066881&CODE_STATE=getMsg HTTP/1.1" 200 27
116.238.139.35 - - [19/Feb/2023:09:42:26 +0800] "POST /xingrg/all/user/operate.html HTTP/1.1" 200 36
116.238.139.35 - - [19/Feb/2023:09:42:27 +0800] "GET /xingrg/index.html?sysBaseUrl=http%3A%2F%2F180.169.147.146%3A18081%2Fxingrg%2F&costTime=41×tamp=1676768888260 HTTP/1.1" 200 17179
116.238.139.35 - - [19/Feb/2023:09:42:27 +0800] "GET /xingrg/javascript/jquery_easy_ui/themes/default/easyui.css HTTP/1.1" 304 -
116.238.139.35 - - [19/Feb/2023:09:42:28 +0800] "GET /xingrg/javascript/jquery_easy_ui/themes/icon.css HTTP/1.1" 304 -
116.238.139.35 - - [19/Feb/2023:09:42:28 +0800] "GET /xingrg/css/form.css HTTP/1.1" 304 -
116.238.139.35 - - [19/Feb/2023:09:42:28 +0800] "GET /xingrg/javascript/jquery-1.4.2.min.js HTTP/1.1" 304 -
116.238.139.35 - - [19/Feb/2023:09:42:28 +0800] "GET /xingrg/javascript/jquery_easy_ui/jquery.easyui.min.js HTTP/1.1" 304 -
116.238.139.35 - - [19/Feb/2023:09:42:28 +0800] "GET /xingrg/javascript/jquery_easy_ui/easyui-lang-zh_CN.js HTTP/1.1" 304 -
116.238.139.35 - - [19/Feb/2023:09:42:29 +0800] "GET /xingrg/javascript/jquery.form.js HTTP/1.1" 304 -
116.238.139.35 - - [19/Feb/2023:09:42:29 +0800] "GET /xingrg/javascript/jquery.utils.js HTTP/1.1" 304 -
116.238.139.35 - - [19/Feb/2023:09:42:29 +0800] "GET /xingrg/javascript/jquery.timers.js HTTP/1.1" 304 -
116.238.139.35 - - [19/Feb/2023:09:42:29 +0800] "GET /xingrg/images/blue/jxLogo.png HTTP/1.1" 304 -
116.238.139.35 - - [19/Feb/2023:09:42:29 +0800] "GET /xingrg/images/blue/navBackgound.jpg HTTP/1.1" 304 -
116.238.139.35 - - [19/Feb/2023:09:42:29 +0800] "GET /xingrg/javascript/jquery_easy_ui/themes/icons/settle_new.png HTTP/1.1" 304 -
116.238.139.35 - - [19/Feb/2023:09:42:29 +0800] "POST /xingrg/all/common/load_tree.html?tree=area_rest_tree_json&manage=1 HTTP/1.1" 200 476
116.238.139.35 - - [19/Feb/2023:09:42:29 +0800] "GET /xingrg/check_reg.html?_=1676770894187 HTTP/1.1" 200 22
116.238.139.35 - - [19/Feb/2023:09:42:29 +0800] "GET /xingrg/javascript/jquery_easy_ui/themes/default/images/tree_arrows.gif HTTP/1.1" 304 -
116.238.139.35 - - [19/Feb/2023:09:42:30 +0800] "GET /xingrg/images/blue/pingpu.png HTTP/1.1" 304 -
116.238.139.35 - - [19/Feb/2023:09:42:30 +0800] "GET /xingrg/javascript/jquery_easy_ui/themes/default/images/tabs_leftarrow.png HTTP/1.1" 304 -
116.238.139.35 - - [19/Feb/2023:09:42:30 +0800] "GET /xingrg/javascript/jquery_easy_ui/themes/default/images/tabs_rightarrow.png HTTP/1.1" 304 -
116.238.139.35 - - [19/Feb/2023:09:42:30 +0800] "GET /xingrg/javascript/jquery_easy_ui/themes/default/images/panel_tool_collapse.gif HTTP/1.1" 304 -
116.238.139.35 - - [19/Feb/2023:09:42:30 +0800] "GET /xingrg/all/function/internal_message.html?_=1676770894186&CODE_STATE=count HTTP/1.1" 200 11
116.238.139.35 - - [19/Feb/2023:09:42:31 +0800] "POST /xingrg/load_menu.html HTTP/1.1" 200 5138
116.225.84.253 - - [19/Feb/2023:09:42:32 +0800] "GET /xingrg/check_reg.html?_=1676770965722 HTTP/1.1" 200 22
116.238.139.35 - - [19/Feb/2023:09:42:33 +0800] "GET /xingrg/kc/buy/cgsh_order_list.html HTTP/1.1" 200 54061
116.225.84.253 - - [19/Feb/2023:09:42:33 +0800] "GET /xingrg/all/function/internal_message.html?_=1676770965721&CODE_STATE=getMsg HTTP/1.1" 200 27
116.238.139.35 - - [19/Feb/2023:09:42:34 +0800] "POST /xingrg/kc/buy/cgsh_list_operate.html HTTP/1.1" 200 986
116.238.139.35 - - [19/Feb/2023:09:42:35 +0800] "GET /xingrg/kc/mdqp/qqps_order_list.html HTTP/1.1" 200 9222
116.238.139.35 - - [19/Feb/2023:09:42:36 +0800] "GET /xingrg/dwr/interface/AjaxReportQueryService.js HTTP/1.1" 200 13203
116.238.139.35 - - [19/Feb/2023:09:42:36 +0800] "GET /xingrg/dwr/interface/AjaxQqpsService.js HTTP/1.1" 200 16326
116.238.139.35 - - [19/Feb/2023:09:42:36 +0800] "GET /xingrg/dwr/engine.js HTTP/1.1" 200 43631
116.237.73.154 - - [19/Feb/2023:09:42:38 +0800] "GET /xingrg/all/function/internal_message.html?_=1676770966280&CODE_STATE=getMsg HTTP/1.1" 200 27
180.163.29.234 - - [19/Feb/2023:09:42:38 +0800] "GET /xingrg/check_reg.html?_=1676770907230 HTTP/1.1" 302 -
180.163.29.234 - - [19/Feb/2023:09:42:38 +0800] "GET /xingrg/login.html HTTP/1.1" 200 7641
116.238.139.35 - - [19/Feb/2023:09:42:39 +0800] "GET /xingrg/kc/mdqp/qqps_order_add.html HTTP/1.1" 200 28164
116.238.139.35 - - [19/Feb/2023:09:42:39 +0800] "GET /xingrg/dwr/interface/AjaxComOrderService.js HTTP/1.1" 200 18264
116.238.139.35 - - [19/Feb/2023:09:42:39 +0800] "GET /xingrg/dwr/interface/AjaxQqpsService.js HTTP/1.1" 200 16326
116.238.139.35 - - [19/Feb/2023:09:42:39 +0800] "GET /xingrg/dwr/engine.js HTTP/1.1" 200 43631
114.83.218.175 - - [19/Feb/2023:09:42:42 +0800] "GET /xingrg/all/function/internal_message.html?_=1676770975374&CODE_STATE=getMsg HTTP/1.1" 200 27
116.238.139.35 - - [19/Feb/2023:09:42:48 +0800] "GET /xingrg/all/function/internal_message.html?_=1676770982167&CODE_STATE=getMsg HTTP/1.1" 200 27
116.238.139.35 - - [19/Feb/2023:09:42:59 +0800] "POST /xingrg/dwr/call/plaincall/AjaxQqpsService.saveOrder.dwr HTTP/1.1" 200 78
