180.169.147.146 - - [19/Feb/2023:09:25:28 +0800] "GET /xingrg/javascript/Calendar.js HTTP/1.1" 200 31561
180.169.147.146 - - [19/Feb/2023:09:25:28 +0800] "GET /xingrg/images/control/loading.gif HTTP/1.1" 200 13463
180.169.147.146 - - [19/Feb/2023:09:25:28 +0800] "GET /xingrg/images/blue/button/advance2over.gif HTTP/1.1" 200 1336
180.169.147.146 - - [19/Feb/2023:09:25:28 +0800] "GET /xingrg/images/blue/button/advanceover.gif HTTP/1.1" 200 1347
180.169.147.146 - - [19/Feb/2023:09:25:28 +0800] "GET /xingrg/images/blue/button/back2over.gif HTTP/1.1" 200 1335
180.169.147.146 - - [19/Feb/2023:09:25:28 +0800] "GET /xingrg/images/blue/button/backover.gif HTTP/1.1" 200 1348
180.169.147.146 - - [19/Feb/2023:09:25:29 +0800] "GET /xingrg/javascript/jquery_easy_ui/themes/icons/help.png HTTP/1.1" 200 1187
180.169.147.146 - - [19/Feb/2023:09:25:29 +0800] "GET /xingrg/javascript/jquery_easy_ui/themes/default/images/menu_downarrow.png HTTP/1.1" 200 173
180.169.147.146 - - [19/Feb/2023:09:25:29 +0800] "GET /xingrg/javascript/jquery_easy_ui/themes/default/images/menu.gif HTTP/1.1" 200 834
180.169.147.146 - - [19/Feb/2023:09:25:29 +0800] "GET /xingrg/javascript/jquery_easy_ui/themes/icons/pencil.png HTTP/1.1" 200 713
180.169.147.146 - - [19/Feb/2023:09:25:29 +0800] "GET /xingrg/javascript/jquery_easy_ui/themes/default/images/button_a_bg.gif HTTP/1.1" 200 1194
180.169.147.146 - - [19/Feb/2023:09:25:29 +0800] "GET /xingrg/javascript/jquery_easy_ui/themes/default/images/menu_rightarrow.png HTTP/1.1" 200 3617
180.169.147.146 - - [19/Feb/2023:09:25:29 +0800] "POST /xingrg/dwr/call/plaincall/AjaxReportQueryService.getFixDate.dwr HTTP/1.1" 200 111
180.169.147.146 - - [19/Feb/2023:09:25:29 +0800] "GET /xingrg/javascript/jquery_easy_ui/themes/icons/print.png HTTP/1.1" 200 1057
180.169.147.146 - - [19/Feb/2023:09:25:29 +0800] "GET /xingrg/javascript/jquery_easy_ui/themes/default/images/combo_arrow_dot.gif HTTP/1.1" 200 79
180.169.147.146 - - [19/Feb/2023:09:25:29 +0800] "POST /xingrg/all/common/load_tree.html?tree=area_rest_tree_json&manage=1 HTTP/1.1" 200 3499
180.169.147.146 - - [19/Feb/2023:09:25:29 +0800] "GET /xingrg/javascript/jquery_easy_ui/themes/default/images/tree_checkbox_0.gif HTTP/1.1" 200 168
180.169.147.146 - - [19/Feb/2023:09:25:29 +0800] "POST /xingrg/all/common/load_tree.html?tree=supplier_tree_json&manage=1 HTTP/1.1" 200 72673
116.225.84.253 - - [19/Feb/2023:09:25:32 +0800] "GET /xingrg/all/function/internal_message.html?_=1676769945726&CODE_STATE=getMsg HTTP/1.1" 200 27
116.237.73.154 - - [19/Feb/2023:09:25:38 +0800] "GET /xingrg/all/function/internal_message.html?_=1676769946713&CODE_STATE=getMsg HTTP/1.1" 200 27
180.163.29.219 - - [19/Feb/2023:09:25:38 +0800] "GET /xingrg/all/function/internal_message.html?_=1676769886741&CODE_STATE=getMsg HTTP/1.1" 302 -
180.163.29.219 - - [19/Feb/2023:09:25:38 +0800] "GET /xingrg/login.html HTTP/1.1" 200 7641
114.83.218.175 - - [19/Feb/2023:09:25:42 +0800] "GET /xingrg/all/function/internal_message.html?_=1676769955314&CODE_STATE=getMsg HTTP/1.1" 200 27
116.192.124.172 - - [19/Feb/2023:09:25:45 +0800] "GET /xingrg/login.html HTTP/1.1" 200 7641
116.192.124.172 - - [19/Feb/2023:09:25:45 +0800] "GET /xingrg/images/blue/jxLogo.png HTTP/1.1" 200 6156
116.192.124.172 - - [19/Feb/2023:09:25:46 +0800] "GET /favicon.ico HTTP/1.1" 404 -
116.238.139.35 - - [19/Feb/2023:09:25:46 +0800] "GET /xingrg/check_reg.html?_=1676769959936 HTTP/1.1" 200 22
116.192.124.172 - - [19/Feb/2023:09:25:46 +0800] "GET /xingrg/images/blue/hj.png HTTP/1.1" 200 1014
116.192.124.172 - - [19/Feb/2023:09:25:46 +0800] "GET /xingrg/images/blue/srbg.png HTTP/1.1" 200 138
116.238.139.35 - - [19/Feb/2023:09:25:46 +0800] "GET /xingrg/all/function/internal_message.html?_=1676769959939&CODE_STATE=getMsg HTTP/1.1" 200 27
116.192.124.172 - - [19/Feb/2023:09:25:46 +0800] "GET /xingrg/images/blue/login_bg.png HTTP/1.1" 200 22101
116.192.124.172 - - [19/Feb/2023:09:25:48 +0800] "POST /xingrg/login.do HTTP/1.1" 302 -
116.192.124.172 - - [19/Feb/2023:09:25:49 +0800] "GET /xingrg/index.html?sysBaseUrl=http%3A%2F%2F180.169.147.146%3A18081%2Fxingrg%2F&costTime=39×tamp=1676769948729 HTTP/1.1" 200 17173
116.192.124.172 - - [19/Feb/2023:09:25:49 +0800] "GET /xingrg/javascript/jquery_easy_ui/themes/icon.css HTTP/1.1" 200 3949
116.192.124.172 - - [19/Feb/2023:09:25:49 +0800] "GET /xingrg/css/form.css HTTP/1.1" 200 893
116.192.124.172 - - [19/Feb/2023:09:25:49 +0800] "GET /xingrg/javascript/jquery-1.4.2.min.js HTTP/1.1" 200 72205
116.192.124.172 - - [19/Feb/2023:09:25:49 +0800] "GET /xingrg/javascript/jquery_easy_ui/easyui-lang-zh_CN.js HTTP/1.1" 200 1900
116.192.124.172 - - [19/Feb/2023:09:25:49 +0800] "GET /xingrg/javascript/jquery.timers.js HTTP/1.1" 200 3532
116.192.124.172 - - [19/Feb/2023:09:25:49 +0800] "GET /xingrg/javascript/jquery_easy_ui/jquery.easyui.min.js HTTP/1.1" 200 213662
116.192.124.172 - - [19/Feb/2023:09:25:49 +0800] "GET /xingrg/javascript/jquery.utils.js HTTP/1.1" 200 11805
116.192.124.172 - - [19/Feb/2023:09:25:49 +0800] "GET /favicon.ico HTTP/1.1" 404 -
116.192.124.172 - - [19/Feb/2023:09:25:49 +0800] "GET /xingrg/javascript/jquery_easy_ui/themes/default/easyui.css HTTP/1.1" 200 26500
116.192.124.172 - - [19/Feb/2023:09:25:49 +0800] "GET /xingrg/javascript/jquery.form.js HTTP/1.1" 200 23110
116.192.124.172 - - [19/Feb/2023:09:25:50 +0800] "GET /xingrg/javascript/jquery_easy_ui/themes/icons/settle_new.png HTTP/1.1" 200 826
116.192.124.172 - - [19/Feb/2023:09:25:50 +0800] "POST /xingrg/all/common/load_tree.html?tree=area_rest_tree_json&manage=1 HTTP/1.1" 200 342
116.192.124.172 - - [19/Feb/2023:09:25:50 +0800] "GET /xingrg/images/blue/navBackgound.jpg HTTP/1.1" 200 12378
116.192.124.172 - - [19/Feb/2023:09:25:50 +0800] "GET /xingrg/images/blue/pingpu.png HTTP/1.1" 200 231
116.192.124.172 - - [19/Feb/2023:09:25:50 +0800] "GET /xingrg/check_reg.html?_=1676769962835 HTTP/1.1" 200 22
116.192.124.172 - - [19/Feb/2023:09:25:50 +0800] "GET /xingrg/javascript/jquery_easy_ui/themes/default/images/tabs_leftarrow.png HTTP/1.1" 200 389
116.192.124.172 - - [19/Feb/2023:09:25:50 +0800] "GET /xingrg/all/function/internal_message.html?_=1676769962834&CODE_STATE=count HTTP/1.1" 200 11
116.192.124.172 - - [19/Feb/2023:09:25:50 +0800] "GET /xingrg/javascript/jquery_easy_ui/themes/default/images/tabs_rightarrow.png HTTP/1.1" 200 395
116.192.124.172 - - [19/Feb/2023:09:25:50 +0800] "POST /xingrg/load_menu.html HTTP/1.1" 200 5138
116.192.124.172 - - [19/Feb/2023:09:25:50 +0800] "GET /xingrg/javascript/jquery_easy_ui/themes/default/images/panel_tool_collapse.gif HTTP/1.1" 200 246
116.192.124.172 - - [19/Feb/2023:09:25:50 +0800] "GET /xingrg/javascript/jquery_easy_ui/themes/default/images/tree_folder_open.gif HTTP/1.1" 200 956
116.192.124.172 - - [19/Feb/2023:09:25:50 +0800] "GET /xingrg/javascript/jquery_easy_ui/themes/default/images/tree_arrows.gif HTTP/1.1" 200 1043
116.192.124.172 - - [19/Feb/2023:09:25:50 +0800] "GET /xingrg/javascript/jquery_easy_ui/themes/default/images/tree_folder.gif HTTP/1.1" 200 952
116.192.124.172 - - [19/Feb/2023:09:25:50 +0800] "GET /xingrg/javascript/jquery_easy_ui/themes/icons/forms_new.png HTTP/1.1" 200 350
116.192.124.172 - - [19/Feb/2023:09:25:50 +0800] "GET /xingrg/javascript/jquery_easy_ui/themes/icons/search_new.png HTTP/1.1" 200 586
116.192.124.172 - - [19/Feb/2023:09:25:50 +0800] "GET /xingrg/javascript/jquery_easy_ui/themes/icons/storage_new.png HTTP/1.1" 200 853
116.192.124.172 - - [19/Feb/2023:09:25:50 +0800] "GET /xingrg/javascript/jquery_easy_ui/themes/default/images/tree_file.gif HTTP/1.1" 200 118
222.67.238.61 - - [19/Feb/2023:09:25:51 +0800] "GET /xingrg/kc/buy/cgsh_order_operate.html?command=get_materiel&rest_code=00141&code=00101008403&supplier_code=00100007&order_time=2023-02-19 HTTP/1.1" 200 412
218.81.220.34 - - [19/Feb/2023:09:25:58 +0800] "GET /xingrg/check_reg.html?_=1676769998028 HTTP/1.1" 200 22
218.81.220.34 - - [19/Feb/2023:09:26:00 +0800] "GET /xingrg/all/function/internal_message.html?_=1676769999764&CODE_STATE=getMsg HTTP/1.1" 200 27
116.192.124.172 - - [19/Feb/2023:09:26:03 +0800] "GET /xingrg/javascript/jquery_easy_ui/themes/default/images/tabs_close.gif HTTP/1.1" 200 829
116.192.124.172 - - [19/Feb/2023:09:26:03 +0800] "GET /xingrg/css/base.css HTTP/1.1" 200 2811
116.192.124.172 - - [19/Feb/2023:09:26:03 +0800] "GET /xingrg/css/site.css HTTP/1.1" 200 7541
116.192.124.172 - - [19/Feb/2023:09:26:03 +0800] "GET /xingrg/javascript/jquery_tools/datebox.css HTTP/1.1" 200 2597
116.192.124.172 - - [19/Feb/2023:09:26:03 +0800] "GET /xingrg/javascript/easyui/themes/icon.css HTTP/1.1" 200 4483
116.192.124.172 - - [19/Feb/2023:09:26:03 +0800] "GET /xingrg/javascript/jquery_tools/fix.css HTTP/1.1" 200 1702
116.192.124.172 - - [19/Feb/2023:09:26:03 +0800] "GET /xingrg/javascript/auto/jquery.autocomplete.css HTTP/1.1" 200 587
116.192.124.172 - - [19/Feb/2023:09:26:03 +0800] "GET /xingrg/javascript/jquery_tools/table.css HTTP/1.1" 200 1032
116.192.124.172 - - [19/Feb/2023:09:26:03 +0800] "GET /xingrg/javascript/jquery_tools/jquery.tools.min.js HTTP/1.1" 200 138801
116.192.124.172 - - [19/Feb/2023:09:26:03 +0800] "GET /xingrg/kc/buy/cgsh_order_list.html HTTP/1.1" 200 54057
116.192.124.172 - - [19/Feb/2023:09:26:03 +0800] "GET /xingrg/javascript/jquery_tools/jquery.tools.hotkey.js HTTP/1.1" 200 3242
116.192.124.172 - - [19/Feb/2023:09:26:03 +0800] "GET /xingrg/javascript/jquery_tools/jquery.tools.table.js HTTP/1.1" 200 6994
116.192.124.172 - - [19/Feb/2023:09:26:03 +0800] "GET /xingrg/javascript/easyui/themes/default/easyui.css HTTP/1.1" 200 30432
116.192.124.172 - - [19/Feb/2023:09:26:03 +0800] "GET /xingrg/javascript/jquery_tools/list_manager.js HTTP/1.1" 200 3652
116.192.124.172 - - [19/Feb/2023:09:26:03 +0800] "GET /xingrg/javascript/jquery_tools/jquery.tools.extend.js HTTP/1.1" 200 15385
116.192.124.172 - - [19/Feb/2023:09:26:03 +0800] "GET /xingrg/javascript/easyui/easyloader.js HTTP/1.1" 200 5975
116.192.124.172 - - [19/Feb/2023:09:26:03 +0800] "GET /xingrg/javascript/jquery.cookie.js HTTP/1.1" 200 5513
116.192.124.172 - - [19/Feb/2023:09:26:03 +0800] "GET /xingrg/javascript/print/LodopFuncs.js HTTP/1.1" 200 5121
116.192.124.172 - - [19/Feb/2023:09:26:04 +0800] "GET /xingrg/javascript/auto/jquery.autocomplete.js HTTP/1.1" 200 21624
116.225.84.253 - - [19/Feb/2023:09:26:04 +0800] "POST /xingrg/kc/buy/cgsh_order_operate.html HTTP/1.1" 200 37
222.67.238.61 - - [19/Feb/2023:09:26:04 +0800] "GET /xingrg/check_reg.html?_=1676769539486 HTTP/1.1" 200 22
222.67.238.61 - - [19/Feb/2023:09:26:04 +0800] "GET /xingrg/check_reg.html?_=1676769539466 HTTP/1.1" 200 22
116.192.124.172 - - [19/Feb/2023:09:26:05 +0800] "GET /xingrg/javascript/easyui/themes/icons/edit_add_new.png HTTP/1.1" 200 2997
116.192.124.172 - - [19/Feb/2023:09:26:05 +0800] "GET /xingrg/javascript/easyui/themes/icons/cance_new.png HTTP/1.1" 200 3986
116.192.124.172 - - [19/Feb/2023:09:26:05 +0800] "GET /xingrg/javascript/easyui/themes/icons/check_new.png HTTP/1.1" 200 3224
116.192.124.172 - - [19/Feb/2023:09:26:05 +0800] "GET /xingrg/javascript/easyui/themes/icons/import_new.png HTTP/1.1" 200 1247
116.192.124.172 - - [19/Feb/2023:09:26:05 +0800] "GET /xingrg/javascript/easyui/themes/icons/field_new.png HTTP/1.1" 200 1097
116.192.124.172 - - [19/Feb/2023:09:26:05 +0800] "GET /xingrg/javascript/easyui/plugins/jquery.parser.js HTTP/1.1" 200 1142
116.192.124.172 - - [19/Feb/2023:09:26:05 +0800] "GET /xingrg/images/control/ajaxLoader.gif HTTP/1.1" 200 4659
116.225.84.253 - - [19/Feb/2023:09:26:06 +0800] "POST /xingrg/kc/buy/cgsh_order_operate.html HTTP/1.1" 200 22176
116.192.124.172 - - [19/Feb/2023:09:26:06 +0800] "POST /xingrg/kc/buy/cgsh_list_operate.html HTTP/1.1" 200 986
116.192.124.172 - - [19/Feb/2023:09:26:06 +0800] "GET /xingrg/javascript/easyui/themes/default/images/button_plain_hover.png HTTP/1.1" 200 144
116.238.139.35 - - [19/Feb/2023:09:26:06 +0800] "GET /xingrg/all/function/internal_message.html?_=1676769911011&CODE_STATE=getMsg HTTP/1.1" 200 27
116.192.124.172 - - [19/Feb/2023:09:26:07 +0800] "GET /xingrg/javascript/pic_change.js HTTP/1.1" 200 4739
116.192.124.172 - - [19/Feb/2023:09:26:07 +0800] "GET /xingrg/javascript/convert.js HTTP/1.1" 200 1239
116.192.124.172 - - [19/Feb/2023:09:26:07 +0800] "GET /xingrg/javascript/jquery_tools/order_manager.js HTTP/1.1" 200 11183
116.192.124.172 - - [19/Feb/2023:09:26:07 +0800] "GET /xingrg/javascript/json2.js HTTP/1.1" 200 11259
116.192.124.172 - - [19/Feb/2023:09:26:07 +0800] "GET /xingrg/javascript/print/kc_print.js HTTP/1.1" 200 11415
116.192.124.172 - - [19/Feb/2023:09:26:07 +0800] "GET /xingrg/words/20230218210535_words.js HTTP/1.1" 200 947100
116.192.124.172 - - [19/Feb/2023:09:26:07 +0800] "GET /xingrg/javascript/easyui/themes/icons/copy_new.png HTTP/1.1" 200 815
116.192.124.172 - - [19/Feb/2023:09:26:07 +0800] "GET /xingrg/javascript/easyui/themes/icons/ok.png HTTP/1.1" 200 883
116.192.124.172 - - [19/Feb/2023:09:26:07 +0800] "GET /xingrg/javascript/easyui/themes/icons/template_new.png HTTP/1.1" 200 3956
116.192.124.172 - - [19/Feb/2023:09:26:07 +0800] "GET /xingrg/javascript/easyui/themes/icons/print.png HTTP/1.1" 200 1057
116.192.124.172 - - [19/Feb/2023:09:26:07 +0800] "GET /xingrg/javascript/easyui/themes/default/images/menu_downarrow.png HTTP/1.1" 200 173
116.192.124.172 - - [19/Feb/2023:09:26:07 +0800] "GET /xingrg/javascript/easyui/themes/icons/cancel.png HTTP/1.1" 200 1133
116.192.124.172 - - [19/Feb/2023:09:26:07 +0800] "GET /xingrg/kc/buy/cgsh_order_add.html HTTP/1.1" 200 69874
101.229.22.234 - - [19/Feb/2023:09:26:08 +0800] "GET /xingrg/all/function/internal_message.html?_=1676769980303&CODE_STATE=getMsg HTTP/1.1" 200 27
58.221.95.50 - - [19/Feb/2023:09:26:11 +0800] "GET /xingrg/all/function/internal_message.html?_=1676769985177&CODE_STATE=getMsg HTTP/1.1" 200 27
116.230.105.139 - - [19/Feb/2023:09:26:16 +0800] "GET /xingrg/all/function/internal_message.html?_=1676769967264&CODE_STATE=getMsg HTTP/1.1" 200 27
116.192.124.172 - - [19/Feb/2023:09:26:17 +0800] "GET /xingrg/javascript/jquery_easy_ui/themes/default/images/tabs_active.png HTTP/1.1" 200 2894
116.225.84.253 - - [19/Feb/2023:09:26:19 +0800] "POST /xingrg/kc/buy/cgsh_order_operate.html HTTP/1.1" 200 37
180.169.147.146 - - [19/Feb/2023:09:26:20 +0800] "GET /xingrg/javascript/jquery_easy_ui/themes/default/images/tree_checkbox_1.gif HTTP/1.1" 200 174
180.169.147.146 - - [19/Feb/2023:09:26:20 +0800] "GET /xingrg/javascript/jquery_easy_ui/themes/default/images/tree_checkbox_2.gif HTTP/1.1" 200 181
116.192.124.172 - - [19/Feb/2023:09:26:20 +0800] "GET /xingrg/kc/buy/cgsh_order_add.html HTTP/1.1" 200 69874
116.192.124.172 - - [19/Feb/2023:09:26:20 +0800] "GET /xingrg/all/common/auto_word.html?type=employee&rest_code=00102 HTTP/1.1" 200 189
116.192.124.172 - - [19/Feb/2023:09:26:20 +0800] "GET /xingrg/javascript/easyui/themes/default/validatebox.css HTTP/1.1" 404 1104
116.192.124.172 - - [19/Feb/2023:09:26:20 +0800] "GET /xingrg/javascript/easyui/plugins/jquery.validatebox.js HTTP/1.1" 200 6103
116.192.124.172 - - [19/Feb/2023:09:26:20 +0800] "GET /xingrg/all/common/auto_word.html?type=employee&rest_code=00102 HTTP/1.1" 200 189
116.192.124.172 - - [19/Feb/2023:09:26:21 +0800] "POST /xingrg/kc/buy/cgsh_order_operate.html HTTP/1.1" 200 8245
116.192.124.172 - - [19/Feb/2023:09:26:21 +0800] "GET /xingrg/javascript/easyui/themes/icons/edit_remove.png HTTP/1.1" 200 625
116.192.124.172 - - [19/Feb/2023:09:26:21 +0800] "GET /xingrg/javascript/easyui/plugins/jquery.numberbox.js HTTP/1.1" 200 5213
116.225.84.253 - - [19/Feb/2023:09:26:21 +0800] "POST /xingrg/kc/buy/cgsh_order_operate.html HTTP/1.1" 200 22176
180.169.147.146 - - [19/Feb/2023:09:26:21 +0800] "POST /xingrg/dwr/call/plaincall/AjaxReportQueryService.refreshCache.dwr HTTP/1.1" 200 78
114.83.222.182 - - [19/Feb/2023:09:26:22 +0800] "GET /xingrg/check_reg.html?_=1676770106880 HTTP/1.1" 200 22
114.83.222.182 - - [19/Feb/2023:09:26:22 +0800] "GET /xingrg/all/function/internal_message.html?_=1676770106882&CODE_STATE=getMsg HTTP/1.1" 200 27
180.169.147.146 - - [19/Feb/2023:09:26:22 +0800] "POST /xingrg/all/report/load_report_page.html HTTP/1.1" 200 51469
180.169.147.146 - - [19/Feb/2023:09:26:22 +0800] "GET /xingrg/servlets/image?cache=0.0854078267709647&image=px HTTP/1.1" 200 807
116.225.84.253 - - [19/Feb/2023:09:26:22 +0800] "GET /xingrg/kc/print/load_config.html?kc_code=cgsh HTTP/1.1" 200 2157
116.225.84.253 - - [19/Feb/2023:09:26:22 +0800] "GET /xingrg/kc/print/load_data.html?order_code=212023021906460&kc_code=cgsh&condition= HTTP/1.1" 200 8008
116.192.124.172 - - [19/Feb/2023:09:26:23 +0800] "GET /xingrg/javascript/auto/indicator.gif HTTP/1.1" 404 1066
222.67.238.61 - - [19/Feb/2023:09:26:24 +0800] "GET /xingrg/kc/buy/cgsh_order_operate.html?command=get_materiel&rest_code=00141&code=00101008283&supplier_code=00100007&order_time=2023-02-19 HTTP/1.1" 200 408
180.169.147.146 - - [19/Feb/2023:09:26:25 +0800] "GET /xingrg/all/function/internal_message.html?_=1676769998445&CODE_STATE=getMsg HTTP/1.1" 200 27
222.70.177.73 - - [19/Feb/2023:09:26:26 +0800] "GET /xingrg/all/function/internal_message.html?_=1676769995947&CODE_STATE=getMsg HTTP/1.1" 200 27
116.225.84.253 - - [19/Feb/2023:09:26:32 +0800] "GET /xingrg/all/function/internal_message.html?_=1676770005722&CODE_STATE=getMsg HTTP/1.1" 200 27
180.169.147.146 - - [19/Feb/2023:09:26:34 +0800] "GET /xingrg/javascript/jquery_easy_ui/themes/default/images/button_plain_hover.png HTTP/1.1" 200 252
180.169.147.146 - - [19/Feb/2023:09:26:36 +0800] "POST /xingrg/all/report/report_print.html HTTP/1.1" 200 7168
180.163.28.55 - - [19/Feb/2023:09:26:38 +0800] "GET /xingrg/all/function/internal_message.html?_=1676769946713&CODE_STATE=getMsg HTTP/1.1" 302 -
180.163.28.55 - - [19/Feb/2023:09:26:38 +0800] "GET /xingrg/login.html HTTP/1.1" 200 7641
116.237.73.154 - - [19/Feb/2023:09:26:38 +0800] "GET /xingrg/all/function/internal_message.html?_=1676770006697&CODE_STATE=getMsg HTTP/1.1" 200 27
116.237.73.154 - - [19/Feb/2023:09:26:39 +0800] "GET /xingrg/check_reg.html?_=1676770007231 HTTP/1.1" 200 22
114.83.218.175 - - [19/Feb/2023:09:26:42 +0800] "GET /xingrg/all/function/internal_message.html?_=1676770015315&CODE_STATE=getMsg HTTP/1.1" 200 27
116.238.139.35 - - [19/Feb/2023:09:26:46 +0800] "GET /xingrg/all/function/internal_message.html?_=1676770019941&CODE_STATE=getMsg HTTP/1.1" 200 27
116.225.84.253 - - [19/Feb/2023:09:26:48 +0800] "GET /xingrg/kc/buy/cgsh_order_add.html HTTP/1.1" 200 69921
116.225.84.253 - - [19/Feb/2023:09:26:49 +0800] "GET /xingrg/javascript/easyui/themes/default/validatebox.css HTTP/1.1" 404 1104
116.225.84.253 - - [19/Feb/2023:09:26:49 +0800] "POST /xingrg/kc/buy/cgsh_order_operate.html HTTP/1.1" 200 8245
116.192.124.172 - - [19/Feb/2023:09:26:50 +0800] "GET /xingrg/kc/buy/cgsh_order_operate.html?command=get_materiel&rest_code=00102&code=00101012029&supplier_code=00100096&order_time=2023-02-19 HTTP/1.1" 200 414
116.192.124.172 - - [19/Feb/2023:09:26:50 +0800] "GET /xingrg/all/function/internal_message.html?_=1676770022861&CODE_STATE=getMsg HTTP/1.1" 200 27
116.238.139.35 - - [19/Feb/2023:09:26:54 +0800] "POST /xingrg/kc/buy/cgsh_order_operate.html HTTP/1.1" 200 37
116.225.84.253 - - [19/Feb/2023:09:26:57 +0800] "GET /xingrg/kc/buy/cgsh_order_operate.html?command=get_materiel&rest_code=00105&code=00101007061&supplier_code=00100002&order_time=2023-02-19 HTTP/1.1" 200 409
116.238.139.35 - - [19/Feb/2023:09:26:58 +0800] "POST /xingrg/kc/buy/cgsh_order_operate.html HTTP/1.1" 200 12
218.81.220.34 - - [19/Feb/2023:09:27:00 +0800] "GET /xingrg/all/function/internal_message.html?_=1676770059777&CODE_STATE=getMsg HTTP/1.1" 200 27
116.238.139.35 - - [19/Feb/2023:09:27:00 +0800] "GET /xingrg/kc/buy/cgsh_order_info.html?code=212023021906456 HTTP/1.1" 200 64355
116.238.139.35 - - [19/Feb/2023:09:27:01 +0800] "GET /xingrg/javascript/easyui/themes/default/validatebox.css HTTP/1.1" 404 1104
116.238.139.35 - - [19/Feb/2023:09:27:02 +0800] "POST /xingrg/kc/buy/cgsh_order_operate.html HTTP/1.1" 200 16114
58.221.95.50 - - [19/Feb/2023:09:27:06 +0800] "GET /xingrg/check_reg.html?_=1676770039236 HTTP/1.1" 200 22
116.225.84.253 - - [19/Feb/2023:09:27:06 +0800] "POST /xingrg/kc/buy/cgsh_order_operate.html HTTP/1.1" 200 37
116.238.139.35 - - [19/Feb/2023:09:27:06 +0800] "GET /xingrg/kc/print/load_data.html?order_code=212023021906456&kc_code=cgsh&condition= HTTP/1.1" 200 6679
116.238.139.35 - - [19/Feb/2023:09:27:07 +0800] "GET /xingrg/all/function/internal_message.html?_=1676769971020&CODE_STATE=getMsg HTTP/1.1" 200 27
101.229.22.234 - - [19/Feb/2023:09:27:08 +0800] "GET /xingrg/all/function/internal_message.html?_=1676770040304&CODE_STATE=getMsg HTTP/1.1" 200 27
116.225.84.253 - - [19/Feb/2023:09:27:09 +0800] "POST /xingrg/kc/buy/cgsh_order_operate.html HTTP/1.1" 200 2653
116.225.84.253 - - [19/Feb/2023:09:27:10 +0800] "GET /xingrg/kc/print/load_data.html?order_code=212023021906461&kc_code=cgsh&condition= HTTP/1.1" 200 742
58.221.95.50 - - [19/Feb/2023:09:27:11 +0800] "GET /xingrg/all/function/internal_message.html?_=1676770045173&CODE_STATE=getMsg HTTP/1.1" 200 27
116.230.105.139 - - [19/Feb/2023:09:27:16 +0800] "GET /xingrg/all/function/internal_message.html?_=1676770027256&CODE_STATE=getMsg HTTP/1.1" 200 27
116.192.124.172 - - [19/Feb/2023:09:27:16 +0800] "GET /xingrg/kc/buy/cgsh_order_operate.html?command=get_materiel&rest_code=00102&code=00101007077&supplier_code=00100096&order_time=2023-02-19 HTTP/1.1" 200 415
114.83.222.182 - - [19/Feb/2023:09:27:22 +0800] "GET /xingrg/all/function/internal_message.html?_=1676770166875&CODE_STATE=getMsg HTTP/1.1" 200 27
180.169.147.146 - - [19/Feb/2023:09:27:25 +0800] "GET /xingrg/all/function/internal_message.html?_=1676770058464&CODE_STATE=getMsg HTTP/1.1" 200 27
222.70.177.73 - - [19/Feb/2023:09:27:26 +0800] "GET /xingrg/all/function/internal_message.html?_=1676770055932&CODE_STATE=getMsg HTTP/1.1" 200 27
116.192.124.172 - - [19/Feb/2023:09:27:32 +0800] "GET /xingrg/kc/buy/cgsh_order_operate.html?command=get_materiel&rest_code=00102&code=00101007049&supplier_code=00100096&order_time=2023-02-19 HTTP/1.1" 200 411
116.225.84.253 - - [19/Feb/2023:09:27:33 +0800] "GET /xingrg/all/function/internal_message.html?_=1676770065731&CODE_STATE=getMsg HTTP/1.1" 200 27
116.225.84.253 - - [19/Feb/2023:09:27:33 +0800] "GET /xingrg/check_reg.html?_=1676770065734 HTTP/1.1" 200 22
116.237.73.154 - - [19/Feb/2023:09:27:38 +0800] "GET /xingrg/all/function/internal_message.html?_=1676770066673&CODE_STATE=getMsg HTTP/1.1" 200 27
180.163.29.234 - - [19/Feb/2023:09:27:38 +0800] "GET /xingrg/all/function/internal_message.html?_=1676770006697&CODE_STATE=getMsg HTTP/1.1" 302 -
180.163.29.234 - - [19/Feb/2023:09:27:42 +0800] "GET /xingrg/login.html HTTP/1.1" 200 7641
114.83.218.175 - - [19/Feb/2023:09:27:42 +0800] "GET /xingrg/all/function/internal_message.html?_=1676770075309&CODE_STATE=getMsg HTTP/1.1" 200 27
218.81.220.34 - - [19/Feb/2023:09:27:43 +0800] "POST /xingrg/services/DataTransmitService HTTP/1.1" 200 524
218.81.220.34 - - [19/Feb/2023:09:27:44 +0800] "POST /xingrg/services/DataTransmitService HTTP/1.1" 200 524
116.238.139.35 - - [19/Feb/2023:09:27:46 +0800] "GET /xingrg/all/function/internal_message.html?_=1676770079941&CODE_STATE=getMsg HTTP/1.1" 200 27
116.192.124.172 - - [19/Feb/2023:09:27:49 +0800] "GET /xingrg/kc/buy/cgsh_order_operate.html?command=get_materiel&rest_code=00102&code=00101007033&supplier_code=00100096&order_time=2023-02-19 HTTP/1.1" 200 419
116.192.124.172 - - [19/Feb/2023:09:27:50 +0800] "GET /xingrg/all/function/internal_message.html?_=1676770082848&CODE_STATE=getMsg HTTP/1.1" 200 27
218.81.220.34 - - [19/Feb/2023:09:27:53 +0800] "POST /xingrg/services/DataTransmitService HTTP/1.1" 200 524
218.81.220.34 - - [19/Feb/2023:09:27:54 +0800] "POST /xingrg/services/DataTransmitService HTTP/1.1" 200 2339
218.81.220.34 - - [19/Feb/2023:09:28:00 +0800] "GET /xingrg/all/function/internal_message.html?_=1676770119790&CODE_STATE=getMsg HTTP/1.1" 200 27
116.192.124.172 - - [19/Feb/2023:09:28:05 +0800] "GET /xingrg/kc/buy/cgsh_order_operate.html?command=get_materiel&rest_code=00102&code=00101007081&supplier_code=00100096&order_time=2023-02-19 HTTP/1.1" 200 415
116.238.139.35 - - [19/Feb/2023:09:28:06 +0800] "GET /xingrg/check_reg.html?_=1676770030814 HTTP/1.1" 200 22
116.238.139.35 - - [19/Feb/2023:09:28:06 +0800] "GET /xingrg/all/function/internal_message.html?_=1676770031033&CODE_STATE=getMsg HTTP/1.1" 200 27
101.229.22.234 - - [19/Feb/2023:09:28:08 +0800] "GET /xingrg/all/function/internal_message.html?_=1676770100304&CODE_STATE=getMsg HTTP/1.1" 200 27
58.221.95.50 - - [19/Feb/2023:09:28:11 +0800] "GET /xingrg/all/function/internal_message.html?_=1676770105172&CODE_STATE=getMsg HTTP/1.1" 200 27
116.230.105.139 - - [19/Feb/2023:09:28:16 +0800] "GET /xingrg/all/function/internal_message.html?_=1676770087241&CODE_STATE=getMsg HTTP/1.1" 200 27
114.83.222.182 - - [19/Feb/2023:09:28:22 +0800] "GET /xingrg/all/function/internal_message.html?_=1676770226864&CODE_STATE=getMsg HTTP/1.1" 200 27
180.169.147.146 - - [19/Feb/2023:09:28:25 +0800] "GET /xingrg/all/function/internal_message.html?_=1676770118449&CODE_STATE=getMsg HTTP/1.1" 200 27
116.225.84.253 - - [19/Feb/2023:09:28:32 +0800] "GET /xingrg/all/function/internal_message.html?_=1676770125727&CODE_STATE=getMsg HTTP/1.1" 200 27
222.67.238.61 - - [19/Feb/2023:09:28:36 +0800] "GET /xingrg/kc/buy/cgsh_order_operate.html?command=get_materiel&rest_code=00141&code=00101008199&supplier_code=00100007&order_time=2023-02-19 HTTP/1.1" 200 408
116.237.73.154 - - [19/Feb/2023:09:28:38 +0800] "GET /xingrg/all/function/internal_message.html?_=1676770126643&CODE_STATE=getMsg HTTP/1.1" 200 27
116.192.124.172 - - [19/Feb/2023:09:28:42 +0800] "GET /xingrg/kc/buy/cgsh_order_operate.html?command=get_materiel&rest_code=00102&code=00101012025&supplier_code=00100096&order_time=2023-02-19 HTTP/1.1" 200 412
114.83.218.175 - - [19/Feb/2023:09:28:42 +0800] "GET /xingrg/all/function/internal_message.html?_=1676770135321&CODE_STATE=getMsg HTTP/1.1" 200 27
114.83.218.175 - - [19/Feb/2023:09:28:43 +0800] "GET /xingrg/check_reg.html?_=1676770135326 HTTP/1.1" 200 22
116.238.139.35 - - [19/Feb/2023:09:28:46 +0800] "GET /xingrg/all/function/internal_message.html?_=1676770139942&CODE_STATE=getMsg HTTP/1.1" 200 27
116.192.124.172 - - [19/Feb/2023:09:28:50 +0800] "GET /xingrg/kc/buy/cgsh_order_operate.html?command=get_materiel&rest_code=00102&code=00101016030&supplier_code=00100096&order_time=2023-02-19 HTTP/1.1" 200 412
116.192.124.172 - - [19/Feb/2023:09:28:50 +0800] "GET /xingrg/all/function/internal_message.html?_=1676770142843&CODE_STATE=getMsg HTTP/1.1" 200 27
218.81.220.34 - - [19/Feb/2023:09:29:00 +0800] "GET /xingrg/all/function/internal_message.html?_=1676770179951&CODE_STATE=getMsg HTTP/1.1" 200 27
116.238.139.35 - - [19/Feb/2023:09:29:06 +0800] "GET /xingrg/all/function/internal_message.html?_=1676770091046&CODE_STATE=getMsg HTTP/1.1" 200 27
101.229.22.234 - - [19/Feb/2023:09:29:08 +0800] "GET /xingrg/all/function/internal_message.html?_=1676770160304&CODE_STATE=getMsg HTTP/1.1" 200 27
222.67.238.61 - - [19/Feb/2023:09:29:08 +0800] "GET /xingrg/kc/buy/cgsh_order_operate.html?command=get_materiel&rest_code=00141&code=00101013229&supplier_code=00100007&order_time=2023-02-19 HTTP/1.1" 200 432
116.192.124.172 - - [19/Feb/2023:09:29:10 +0800] "GET /xingrg/kc/buy/cgsh_order_operate.html?command=get_materiel&rest_code=00102&code=00101012070&supplier_code=00100096&order_time=2023-02-19 HTTP/1.1" 200 412
58.221.95.50 - - [19/Feb/2023:09:29:11 +0800] "GET /xingrg/all/function/internal_message.html?_=1676770165146&CODE_STATE=getMsg HTTP/1.1" 200 27
116.230.105.139 - - [19/Feb/2023:09:29:16 +0800] "GET /xingrg/all/function/internal_message.html?_=1676770147246&CODE_STATE=getMsg HTTP/1.1" 200 27
114.83.222.182 - - [19/Feb/2023:09:29:22 +0800] "GET /xingrg/all/function/internal_message.html?_=1676770286865&CODE_STATE=getMsg HTTP/1.1" 200 27
116.192.124.172 - - [19/Feb/2023:09:29:23 +0800] "GET /xingrg/kc/buy/cgsh_order_operate.html?command=get_materiel&rest_code=00102&code=00101006111&supplier_code=00100096&order_time=2023-02-19 HTTP/1.1" 200 409
180.169.147.146 - - [19/Feb/2023:09:29:25 +0800] "GET /xingrg/all/function/internal_message.html?_=1676770178440&CODE_STATE=getMsg HTTP/1.1" 200 27
116.192.124.172 - - [19/Feb/2023:09:29:32 +0800] "GET /xingrg/kc/buy/cgsh_order_operate.html?command=get_materiel&rest_code=00102&code=00101006144&supplier_code=00100096&order_time=2023-02-19 HTTP/1.1" 200 409
116.225.84.253 - - [19/Feb/2023:09:29:32 +0800] "GET /xingrg/all/function/internal_message.html?_=1676770185727&CODE_STATE=getMsg HTTP/1.1" 200 27
180.163.30.100 - - [19/Feb/2023:09:29:37 +0800] "GET /xingrg/all/function/internal_message.html?_=1676770126643&CODE_STATE=getMsg HTTP/1.1" 302 -
180.163.30.100 - - [19/Feb/2023:09:29:37 +0800] "GET /xingrg/login.html HTTP/1.1" 200 7641
116.237.73.154 - - [19/Feb/2023:09:29:38 +0800] "GET /xingrg/all/function/internal_message.html?_=1676770186616&CODE_STATE=getMsg HTTP/1.1" 200 27
180.169.147.146 - - [19/Feb/2023:09:29:40 +0800] "POST /xingrg/dwr/call/plaincall/AjaxReportQueryService.getFixDate.dwr HTTP/1.1" 200 111
180.169.147.146 - - [19/Feb/2023:09:29:41 +0800] "POST /xingrg/dwr/call/plaincall/AjaxReportQueryService.refreshCache.dwr HTTP/1.1" 200 78
114.83.218.175 - - [19/Feb/2023:09:29:42 +0800] "GET /xingrg/all/function/internal_message.html?_=1676770195331&CODE_STATE=getMsg HTTP/1.1" 200 27
180.169.147.146 - - [19/Feb/2023:09:29:42 +0800] "POST /xingrg/all/report/load_report_page.html HTTP/1.1" 200 51491
180.169.147.146 - - [19/Feb/2023:09:29:42 +0800] "GET /xingrg/servlets/image?cache=0.17516435995268853&image=px HTTP/1.1" 200 807
116.238.139.35 - - [19/Feb/2023:09:29:46 +0800] "GET /xingrg/all/function/internal_message.html?_=1676770199943&CODE_STATE=getMsg HTTP/1.1" 200 27
116.192.124.172 - - [19/Feb/2023:09:29:47 +0800] "GET /xingrg/kc/buy/cgsh_order_operate.html?command=get_materiel&rest_code=00102&code=00101006184&supplier_code=00100096&order_time=2023-02-19 HTTP/1.1" 200 409
116.192.124.172 - - [19/Feb/2023:09:29:50 +0800] "GET /xingrg/all/function/internal_message.html?_=1676770202861&CODE_STATE=getMsg HTTP/1.1" 200 27
218.81.220.34 - - [19/Feb/2023:09:30:00 +0800] "GET /xingrg/all/function/internal_message.html?_=1676770239958&CODE_STATE=getMsg HTTP/1.1" 200 27
116.238.139.35 - - [19/Feb/2023:09:30:06 +0800] "GET /xingrg/all/function/internal_message.html?_=1676770151060&CODE_STATE=getMsg HTTP/1.1" 200 27
101.229.22.234 - - [19/Feb/2023:09:30:08 +0800] "GET /xingrg/check_reg.html?_=1676770220307 HTTP/1.1" 200 22
101.229.22.234 - - [19/Feb/2023:09:30:08 +0800] "GET /xingrg/all/function/internal_message.html?_=1676770220308&CODE_STATE=getMsg HTTP/1.1" 200 27
58.221.95.50 - - [19/Feb/2023:09:30:11 +0800] "GET /xingrg/all/function/internal_message.html?_=1676770225127&CODE_STATE=getMsg HTTP/1.1" 200 27
116.230.105.139 - - [19/Feb/2023:09:30:16 +0800] "GET /xingrg/all/function/internal_message.html?_=1676770207254&CODE_STATE=getMsg HTTP/1.1" 200 27
116.230.105.139 - - [19/Feb/2023:09:30:17 +0800] "GET /xingrg/check_reg.html?_=1676770207256 HTTP/1.1" 200 22
114.83.222.182 - - [19/Feb/2023:09:30:22 +0800] "GET /xingrg/all/function/internal_message.html?_=1676770346881&CODE_STATE=getMsg HTTP/1.1" 200 27
180.169.147.146 - - [19/Feb/2023:09:30:25 +0800] "GET /xingrg/check_reg.html?_=1676770238445 HTTP/1.1" 200 22
180.169.147.146 - - [19/Feb/2023:09:30:25 +0800] "GET /xingrg/all/function/internal_message.html?_=1676770238447&CODE_STATE=getMsg HTTP/1.1" 200 27
116.225.84.253 - - [19/Feb/2023:09:30:33 +0800] "GET /xingrg/all/function/internal_message.html?_=1676770245729&CODE_STATE=getMsg HTTP/1.1" 200 27
180.163.30.100 - - [19/Feb/2023:09:30:37 +0800] "GET /xingrg/all/function/internal_message.html?_=1676770186616&CODE_STATE=getMsg HTTP/1.1" 302 -
180.163.30.100 - - [19/Feb/2023:09:30:38 +0800] "GET /xingrg/login.html HTTP/1.1" 200 7641
116.237.73.154 - - [19/Feb/2023:09:30:38 +0800] "GET /xingrg/all/function/internal_message.html?_=1676770246589&CODE_STATE=getMsg HTTP/1.1" 200 27
114.83.218.175 - - [19/Feb/2023:09:30:42 +0800] "GET /xingrg/all/function/internal_message.html?_=1676770255333&CODE_STATE=getMsg HTTP/1.1" 200 27
222.67.238.61 - - [19/Feb/2023:09:30:43 +0800] "GET /xingrg/kc/buy/cgsh_order_operate.html?command=get_materiel&rest_code=00141&code=00101008352&supplier_code=00100007&order_time=2023-02-19 HTTP/1.1" 200 412
116.238.139.35 - - [19/Feb/2023:09:30:46 +0800] "GET /xingrg/check_reg.html?_=1676770259944 HTTP/1.1" 200 22
116.238.139.35 - - [19/Feb/2023:09:30:46 +0800] "GET /xingrg/all/function/internal_message.html?_=1676770259947&CODE_STATE=getMsg HTTP/1.1" 200 27
116.192.124.172 - - [19/Feb/2023:09:30:50 +0800] "GET /xingrg/check_reg.html?_=1676770262848 HTTP/1.1" 200 22
222.67.238.61 - - [19/Feb/2023:09:30:50 +0800] "POST /xingrg/kc/buy/cgsh_order_operate.html HTTP/1.1" 200 2065
116.192.124.172 - - [19/Feb/2023:09:30:51 +0800] "GET /xingrg/all/function/internal_message.html?_=1676770262849&CODE_STATE=getMsg HTTP/1.1" 200 27
218.81.220.34 - - [19/Feb/2023:09:30:58 +0800] "GET /xingrg/check_reg.html?_=1676770298186 HTTP/1.1" 200 22
218.81.220.34 - - [19/Feb/2023:09:31:00 +0800] "GET /xingrg/all/function/internal_message.html?_=1676770299972&CODE_STATE=getMsg HTTP/1.1" 200 27
116.192.124.172 - - [19/Feb/2023:09:31:02 +0800] "POST /xingrg/kc/buy/cgsh_order_operate.html HTTP/1.1" 200 37
222.67.238.61 - - [19/Feb/2023:09:31:04 +0800] "GET /xingrg/kc/buy/cgsh_order_operate.html?command=get_materiel&rest_code=00141&code=00101008155&supplier_code=00100007&order_time=2023-02-19 HTTP/1.1" 200 408
222.67.238.61 - - [19/Feb/2023:09:31:04 +0800] "GET /xingrg/check_reg.html?_=1676769839454 HTTP/1.1" 200 22
222.67.238.61 - - [19/Feb/2023:09:31:04 +0800] "GET /xingrg/check_reg.html?_=1676769839465 HTTP/1.1" 200 22
114.83.218.175 - - [19/Feb/2023:09:31:05 +0800] "POST /xingrg/services/DataTransmitService HTTP/1.1" 200 524
116.238.139.35 - - [19/Feb/2023:09:31:07 +0800] "GET /xingrg/all/function/internal_message.html?_=1676770211164&CODE_STATE=getMsg HTTP/1.1" 200 27
101.229.22.234 - - [19/Feb/2023:09:31:08 +0800] "GET /xingrg/all/function/internal_message.html?_=1676770280297&CODE_STATE=getMsg HTTP/1.1" 200 27
116.192.124.172 - - [19/Feb/2023:09:31:09 +0800] "POST /xingrg/kc/buy/cgsh_order_operate.html HTTP/1.1" 200 8609
58.221.95.50 - - [19/Feb/2023:09:31:11 +0800] "GET /xingrg/all/function/internal_message.html?_=1676770285100&CODE_STATE=getMsg HTTP/1.1" 200 27
116.230.105.139 - - [19/Feb/2023:09:31:16 +0800] "GET /xingrg/all/function/internal_message.html?_=1676770267252&CODE_STATE=getMsg HTTP/1.1" 200 27
222.67.238.61 - - [19/Feb/2023:09:31:21 +0800] "GET /xingrg/kc/buy/cgsh_order_operate.html?command=get_materiel&rest_code=00141&code=00101008350&supplier_code=00100007&order_time=2023-02-19 HTTP/1.1" 200 408
114.83.222.182 - - [19/Feb/2023:09:31:22 +0800] "GET /xingrg/check_reg.html?_=1676770406868 HTTP/1.1" 200 22
114.83.222.182 - - [19/Feb/2023:09:31:22 +0800] "GET /xingrg/all/function/internal_message.html?_=1676770406872&CODE_STATE=getMsg HTTP/1.1" 200 27
180.169.147.146 - - [19/Feb/2023:09:31:25 +0800] "GET /xingrg/all/function/internal_message.html?_=1676770298435&CODE_STATE=getMsg HTTP/1.1" 200 27
116.225.84.253 - - [19/Feb/2023:09:31:33 +0800] "GET /xingrg/all/function/internal_message.html?_=1676770305729&CODE_STATE=getMsg HTTP/1.1" 200 27
116.237.73.154 - - [19/Feb/2023:09:31:38 +0800] "GET /xingrg/all/function/internal_message.html?_=1676770306562&CODE_STATE=getMsg HTTP/1.1" 200 27
116.237.73.154 - - [19/Feb/2023:09:31:38 +0800] "GET /xingrg/check_reg.html?_=1676770307222 HTTP/1.1" 200 22
114.83.218.175 - - [19/Feb/2023:09:31:42 +0800] "GET /xingrg/all/function/internal_message.html?_=1676770315335&CODE_STATE=getMsg HTTP/1.1" 200 27
116.238.139.35 - - [19/Feb/2023:09:31:46 +0800] "GET /xingrg/all/function/internal_message.html?_=1676770319938&CODE_STATE=getMsg HTTP/1.1" 200 27
116.192.124.172 - - [19/Feb/2023:09:31:50 +0800] "GET /xingrg/all/function/internal_message.html?_=1676770322860&CODE_STATE=getMsg HTTP/1.1" 200 27
218.81.220.34 - - [19/Feb/2023:09:32:00 +0800] "GET /xingrg/all/function/internal_message.html?_=1676770359986&CODE_STATE=getMsg HTTP/1.1" 200 27
222.67.238.61 - - [19/Feb/2023:09:32:00 +0800] "GET /xingrg/kc/buy/cgsh_order_operate.html?command=get_materiel&rest_code=00141&code=00101008674&supplier_code=00100007&order_time=2023-02-19 HTTP/1.1" 200 413
58.221.95.50 - - [19/Feb/2023:09:32:06 +0800] "GET /xingrg/check_reg.html?_=1676770339238 HTTP/1.1" 200 22
116.238.139.35 - - [19/Feb/2023:09:32:07 +0800] "GET /xingrg/all/function/internal_message.html?_=1676770271165&CODE_STATE=getMsg HTTP/1.1" 200 27
101.229.22.234 - - [19/Feb/2023:09:32:08 +0800] "GET /xingrg/all/function/internal_message.html?_=1676770340323&CODE_STATE=getMsg HTTP/1.1" 200 27
222.67.238.61 - - [19/Feb/2023:09:32:10 +0800] "GET /xingrg/kc/buy/cgsh_order_operate.html?command=get_materiel&rest_code=00141&code=00101008095&supplier_code=00100007&order_time=2023-02-19 HTTP/1.1" 200 412
58.221.95.50 - - [19/Feb/2023:09:32:11 +0800] "GET /xingrg/all/function/internal_message.html?_=1676770345098&CODE_STATE=getMsg HTTP/1.1" 200 27
222.67.238.61 - - [19/Feb/2023:09:32:14 +0800] "POST /xingrg/kc/buy/cgsh_order_operate.html HTTP/1.1" 200 2065
116.230.105.139 - - [19/Feb/2023:09:32:16 +0800] "GET /xingrg/all/function/internal_message.html?_=1676770327256&CODE_STATE=getMsg HTTP/1.1" 200 27
114.83.222.182 - - [19/Feb/2023:09:32:22 +0800] "GET /xingrg/all/function/internal_message.html?_=1676770466888&CODE_STATE=getMsg HTTP/1.1" 200 27
180.169.147.146 - - [19/Feb/2023:09:32:25 +0800] "GET /xingrg/all/function/internal_message.html?_=1676770358447&CODE_STATE=getMsg HTTP/1.1" 200 27
218.81.220.34 - - [19/Feb/2023:09:32:26 +0800] "POST /xingrg/services/DataTransmitService HTTP/1.1" 200 524
116.225.84.253 - - [19/Feb/2023:09:32:33 +0800] "GET /xingrg/all/function/internal_message.html?_=1676770365729&CODE_STATE=getMsg HTTP/1.1" 200 27
116.225.84.253 - - [19/Feb/2023:09:32:33 +0800] "GET /xingrg/check_reg.html?_=1676770365732 HTTP/1.1" 200 22
180.163.28.68 - - [19/Feb/2023:09:32:37 +0800] "GET /xingrg/all/function/internal_message.html?_=1676770306562&CODE_STATE=getMsg HTTP/1.1" 302 -
116.237.73.154 - - [19/Feb/2023:09:32:38 +0800] "GET /xingrg/all/function/internal_message.html?_=1676770366537&CODE_STATE=getMsg HTTP/1.1" 200 27
180.163.28.68 - - [19/Feb/2023:09:32:38 +0800] "GET /xingrg/login.html HTTP/1.1" 200 7641
114.83.218.175 - - [19/Feb/2023:09:32:42 +0800] "GET /xingrg/all/function/internal_message.html?_=1676770375341&CODE_STATE=getMsg HTTP/1.1" 200 27
222.67.238.61 - - [19/Feb/2023:09:32:45 +0800] "GET /xingrg/kc/buy/cgsh_order_operate.html?command=get_materiel&rest_code=00141&code=00101008223&supplier_code=00100007&order_time=2023-02-19 HTTP/1.1" 200 412
116.238.139.35 - - [19/Feb/2023:09:32:46 +0800] "GET /xingrg/all/function/internal_message.html?_=1676770379938&CODE_STATE=getMsg HTTP/1.1" 200 27
116.192.124.172 - - [19/Feb/2023:09:32:50 +0800] "GET /xingrg/all/function/internal_message.html?_=1676770382858&CODE_STATE=getMsg HTTP/1.1" 200 27
116.238.139.35 - - [19/Feb/2023:09:32:55 +0800] "GET /xingrg/kc/buy/cgsh_order_list.html HTTP/1.1" 200 54063
116.238.139.35 - - [19/Feb/2023:09:32:56 +0800] "POST /xingrg/kc/buy/cgsh_list_operate.html HTTP/1.1" 200 986
116.238.139.35 - - [19/Feb/2023:09:32:58 +0800] "GET /xingrg/kc/buy/cgsh_order_add.html HTTP/1.1" 200 69839
116.238.139.35 - - [19/Feb/2023:09:32:59 +0800] "POST /xingrg/kc/buy/cgsh_order_operate.html HTTP/1.1" 200 8245
116.238.139.35 - - [19/Feb/2023:09:32:59 +0800] "GET /xingrg/all/common/auto_word.html?type=employee&rest_code=00150 HTTP/1.1" 200 159
116.238.139.35 - - [19/Feb/2023:09:32:59 +0800] "GET /xingrg/javascript/easyui/themes/default/validatebox.css HTTP/1.1" 404 1104
116.238.139.35 - - [19/Feb/2023:09:32:59 +0800] "GET /xingrg/all/common/auto_word.html?type=employee&rest_code=00150 HTTP/1.1" 200 159
218.81.220.34 - - [19/Feb/2023:09:33:00 +0800] "GET /xingrg/all/function/internal_message.html?_=1676770419999&CODE_STATE=getMsg HTTP/1.1" 200 27
116.238.139.35 - - [19/Feb/2023:09:33:07 +0800] "GET /xingrg/check_reg.html?_=1676770330989 HTTP/1.1" 200 22
116.238.139.35 - - [19/Feb/2023:09:33:07 +0800] "GET /xingrg/all/function/internal_message.html?_=1676770331179&CODE_STATE=getMsg HTTP/1.1" 200 27
101.229.22.234 - - [19/Feb/2023:09:33:08 +0800] "GET /xingrg/all/function/internal_message.html?_=1676770400322&CODE_STATE=getMsg HTTP/1.1" 200 27
222.67.238.61 - - [19/Feb/2023:09:33:11 +0800] "GET /xingrg/kc/buy/cgsh_order_operate.html?command=get_materiel&rest_code=00141&code=00101008168&supplier_code=00100007&order_time=2023-02-19 HTTP/1.1" 200 413
58.221.95.50 - - [19/Feb/2023:09:33:11 +0800] "GET /xingrg/all/function/internal_message.html?_=1676770405100&CODE_STATE=getMsg HTTP/1.1" 200 27
116.238.139.35 - - [19/Feb/2023:09:33:14 +0800] "GET /xingrg/kc/buy/cgsh_order_operate.html?command=get_materiel&rest_code=00150&code=00101009109&supplier_code=00100022&order_time=2023-02-19 HTTP/1.1" 200 413
222.67.238.61 - - [19/Feb/2023:09:33:15 +0800] "POST /xingrg/kc/buy/cgsh_order_operate.html HTTP/1.1" 200 2065
116.230.105.139 - - [19/Feb/2023:09:33:16 +0800] "GET /xingrg/all/function/internal_message.html?_=1676770387243&CODE_STATE=getMsg HTTP/1.1" 200 27
114.83.222.182 - - [19/Feb/2023:09:33:22 +0800] "GET /xingrg/all/function/internal_message.html?_=1676770526888&CODE_STATE=getMsg HTTP/1.1" 200 27
222.67.238.61 - - [19/Feb/2023:09:33:22 +0800] "GET /xingrg/kc/buy/cgsh_order_operate.html?command=get_materiel&rest_code=00141&code=00101008558&supplier_code=00100007&order_time=2023-02-19 HTTP/1.1" 200 409
116.238.139.35 - - [19/Feb/2023:09:33:24 +0800] "GET /xingrg/kc/buy/cgsh_order_operate.html?command=get_materiel&rest_code=00150&code=00101009122&supplier_code=00100022&order_time=2023-02-19 HTTP/1.1" 200 405
180.169.147.146 - - [19/Feb/2023:09:33:25 +0800] "GET /xingrg/all/function/internal_message.html?_=1676770418448&CODE_STATE=getMsg HTTP/1.1" 200 27
116.238.139.35 - - [19/Feb/2023:09:33:32 +0800] "GET /xingrg/kc/buy/cgsh_order_operate.html?command=get_materiel&rest_code=00150&code=00101009062&supplier_code=00100022&order_time=2023-02-19 HTTP/1.1" 200 412
116.225.84.253 - - [19/Feb/2023:09:33:32 +0800] "GET /xingrg/all/function/internal_message.html?_=1676770425731&CODE_STATE=getMsg HTTP/1.1" 200 27
116.237.73.154 - - [19/Feb/2023:09:33:38 +0800] "GET /xingrg/all/function/internal_message.html?_=1676770426510&CODE_STATE=getMsg HTTP/1.1" 200 27
116.238.139.35 - - [19/Feb/2023:09:33:40 +0800] "GET /xingrg/kc/buy/cgsh_order_operate.html?command=get_materiel&rest_code=00150&code=00101009012&supplier_code=00100022&order_time=2023-02-19 HTTP/1.1" 200 409
114.83.218.175 - - [19/Feb/2023:09:33:42 +0800] "GET /xingrg/check_reg.html?_=1676770435351 HTTP/1.1" 200 22
114.83.218.175 - - [19/Feb/2023:09:33:42 +0800] "GET /xingrg/all/function/internal_message.html?_=1676770435356&CODE_STATE=getMsg HTTP/1.1" 200 27
116.238.139.35 - - [19/Feb/2023:09:33:46 +0800] "GET /xingrg/all/function/internal_message.html?_=1676770439944&CODE_STATE=getMsg HTTP/1.1" 200 27
116.238.139.35 - - [19/Feb/2023:09:33:48 +0800] "GET /xingrg/kc/buy/cgsh_order_operate.html?command=get_materiel&rest_code=00150&code=00101009045&supplier_code=00100022&order_time=2023-02-19 HTTP/1.1" 200 412
222.67.238.61 - - [19/Feb/2023:09:33:49 +0800] "GET /xingrg/kc/buy/cgsh_order_operate.html?command=get_materiel&rest_code=00141&code=00101008405&supplier_code=00100007&order_time=2023-02-19 HTTP/1.1" 200 413
116.192.124.172 - - [19/Feb/2023:09:33:50 +0800] "GET /xingrg/all/function/internal_message.html?_=1676770442856&CODE_STATE=getMsg HTTP/1.1" 200 27
116.238.139.35 - - [19/Feb/2023:09:33:55 +0800] "GET /xingrg/kc/buy/cgsh_order_operate.html?command=get_materiel&rest_code=00150&code=00101009011&supplier_code=00100022&order_time=2023-02-19 HTTP/1.1" 200 416
180.169.147.146 - - [19/Feb/2023:09:33:59 +0800] "POST /xingrg/dwr/call/plaincall/AjaxReportQueryService.refreshCache.dwr HTTP/1.1" 200 78
180.169.147.146 - - [19/Feb/2023:09:34:00 +0800] "POST /xingrg/all/report/load_report_page.html HTTP/1.1" 200 51190
180.169.147.146 - - [19/Feb/2023:09:34:00 +0800] "GET /xingrg/servlets/image?cache=0.3694478245365307&image=px HTTP/1.1" 200 807
218.81.220.34 - - [19/Feb/2023:09:34:00 +0800] "GET /xingrg/all/function/internal_message.html?_=1676770480163&CODE_STATE=getMsg HTTP/1.1" 200 27
116.238.139.35 - - [19/Feb/2023:09:34:06 +0800] "GET /xingrg/all/function/internal_message.html?_=1676770391192&CODE_STATE=getMsg HTTP/1.1" 200 27
101.229.22.234 - - [19/Feb/2023:09:34:08 +0800] "GET /xingrg/all/function/internal_message.html?_=1676770460323&CODE_STATE=getMsg HTTP/1.1" 200 27
58.221.95.50 - - [19/Feb/2023:09:34:11 +0800] "GET /xingrg/all/function/internal_message.html?_=1676770465082&CODE_STATE=getMsg HTTP/1.1" 200 27
116.230.105.139 - - [19/Feb/2023:09:34:16 +0800] "GET /xingrg/all/function/internal_message.html?_=1676770447256&CODE_STATE=getMsg HTTP/1.1" 200 27
114.83.222.182 - - [19/Feb/2023:09:34:21 +0800] "GET /xingrg/all/function/internal_message.html?_=1676770586886&CODE_STATE=getMsg HTTP/1.1" 200 27
180.169.147.146 - - [19/Feb/2023:09:34:25 +0800] "GET /xingrg/all/function/internal_message.html?_=1676770478459&CODE_STATE=getMsg HTTP/1.1" 200 27
222.67.238.61 - - [19/Feb/2023:09:34:29 +0800] "GET /xingrg/kc/buy/cgsh_order_operate.html?command=get_materiel&rest_code=00141&code=00101009031&supplier_code=00100007&order_time=2023-02-19 HTTP/1.1" 200 409
180.169.147.146 - - [19/Feb/2023:09:34:31 +0800] "POST /xingrg/dwr/call/plaincall/AjaxReportQueryService.refreshCache.dwr HTTP/1.1" 200 78
180.169.147.146 - - [19/Feb/2023:09:34:32 +0800] "POST /xingrg/all/report/load_report_page.html HTTP/1.1" 200 51239
180.169.147.146 - - [19/Feb/2023:09:34:32 +0800] "GET /xingrg/servlets/image?cache=0.07996331034442494&image=px HTTP/1.1" 200 807
116.225.84.253 - - [19/Feb/2023:09:34:33 +0800] "GET /xingrg/all/function/internal_message.html?_=1676770485732&CODE_STATE=getMsg HTTP/1.1" 200 27
180.163.28.109 - - [19/Feb/2023:09:34:37 +0800] "GET /xingrg/all/function/internal_message.html?_=1676770426510&CODE_STATE=getMsg HTTP/1.1" 302 -
180.163.28.109 - - [19/Feb/2023:09:34:37 +0800] "GET /xingrg/login.html HTTP/1.1" 200 7641
116.237.73.154 - - [19/Feb/2023:09:34:38 +0800] "GET /xingrg/all/function/internal_message.html?_=1676770486480&CODE_STATE=getMsg HTTP/1.1" 200 27
114.83.218.175 - - [19/Feb/2023:09:34:42 +0800] "GET /xingrg/all/function/internal_message.html?_=1676770495339&CODE_STATE=getMsg HTTP/1.1" 200 27
116.238.139.35 - - [19/Feb/2023:09:34:46 +0800] "GET /xingrg/all/function/internal_message.html?_=1676770499944&CODE_STATE=getMsg HTTP/1.1" 200 27
116.192.124.172 - - [19/Feb/2023:09:34:50 +0800] "GET /xingrg/all/function/internal_message.html?_=1676770502856&CODE_STATE=getMsg HTTP/1.1" 200 27
218.81.220.34 - - [19/Feb/2023:09:35:00 +0800] "GET /xingrg/all/function/internal_message.html?_=1676770540166&CODE_STATE=getMsg HTTP/1.1" 200 27
116.238.139.35 - - [19/Feb/2023:09:35:07 +0800] "GET /xingrg/all/function/internal_message.html?_=1676770451206&CODE_STATE=getMsg HTTP/1.1" 200 27
101.229.22.234 - - [19/Feb/2023:09:35:08 +0800] "GET /xingrg/all/function/internal_message.html?_=1676770520323&CODE_STATE=getMsg HTTP/1.1" 200 27
101.229.22.234 - - [19/Feb/2023:09:35:08 +0800] "GET /xingrg/check_reg.html?_=1676770520326 HTTP/1.1" 200 22
58.221.95.50 - - [19/Feb/2023:09:35:11 +0800] "GET /xingrg/all/function/internal_message.html?_=1676770525086&CODE_STATE=getMsg HTTP/1.1" 200 27
116.230.105.139 - - [19/Feb/2023:09:35:16 +0800] "GET /xingrg/all/function/internal_message.html?_=1676770507243&CODE_STATE=getMsg HTTP/1.1" 200 27
116.230.105.139 - - [19/Feb/2023:09:35:16 +0800] "GET /xingrg/check_reg.html?_=1676770507244 HTTP/1.1" 200 22
114.83.222.182 - - [19/Feb/2023:09:35:22 +0800] "GET /xingrg/all/function/internal_message.html?_=1676770646876&CODE_STATE=getMsg HTTP/1.1" 200 27
180.169.147.146 - - [19/Feb/2023:09:35:25 +0800] "GET /xingrg/check_reg.html?_=1676770538809 HTTP/1.1" 200 22
180.169.147.146 - - [19/Feb/2023:09:35:26 +0800] "GET /xingrg/all/function/internal_message.html?_=1676770538810&CODE_STATE=getMsg HTTP/1.1" 200 27
116.238.139.35 - - [19/Feb/2023:09:35:29 +0800] "POST /xingrg/kc/buy/cgsh_order_operate.html HTTP/1.1" 200 37
180.169.147.146 - - [19/Feb/2023:09:35:31 +0800] "POST /xingrg/dwr/call/plaincall/AjaxReportQueryService.refreshCache.dwr HTTP/1.1" 200 78
116.225.84.253 - - [19/Feb/2023:09:35:33 +0800] "GET /xingrg/all/function/internal_message.html?_=1676770545732&CODE_STATE=getMsg HTTP/1.1" 200 27
116.238.139.35 - - [19/Feb/2023:09:35:33 +0800] "POST /xingrg/kc/buy/cgsh_order_operate.html HTTP/1.1" 200 12
180.169.147.146 - - [19/Feb/2023:09:35:33 +0800] "POST /xingrg/all/report/load_report_page.html HTTP/1.1" 200 51217
180.169.147.146 - - [19/Feb/2023:09:35:33 +0800] "GET /xingrg/servlets/image?cache=0.8398752882849825&image=px HTTP/1.1" 200 807
116.238.139.35 - - [19/Feb/2023:09:35:36 +0800] "GET /xingrg/kc/buy/cgsh_order_info.html?code=212023021906463 HTTP/1.1" 200 64739
116.238.139.35 - - [19/Feb/2023:09:35:37 +0800] "GET /xingrg/javascript/easyui/themes/default/validatebox.css HTTP/1.1" 404 1104
116.238.139.35 - - [19/Feb/2023:09:35:37 +0800] "POST /xingrg/kc/buy/cgsh_order_operate.html HTTP/1.1" 200 4142
116.237.73.154 - - [19/Feb/2023:09:35:38 +0800] "GET /xingrg/all/function/internal_message.html?_=1676770546452&CODE_STATE=getMsg HTTP/1.1" 200 27
180.163.28.55 - - [19/Feb/2023:09:35:38 +0800] "GET /xingrg/all/function/internal_message.html?_=1676770486480&CODE_STATE=getMsg HTTP/1.1" 302 -
180.163.28.55 - - [19/Feb/2023:09:35:38 +0800] "GET /xingrg/login.html HTTP/1.1" 200 7641
116.238.139.35 - - [19/Feb/2023:09:35:39 +0800] "GET /xingrg/kc/print/load_data.html?order_code=212023021906463&kc_code=cgsh&condition= HTTP/1.1" 200 2088
