116.192.124.172 - - [16/Feb/2023:08:20:40 +0800] "GET /xingrg/kc/buy/cgsh_order_operate.html?command=get_materiel&rest_code=00102&code=00101008296&supplier_code=00100008&order_time=2023-02-16 HTTP/1.1" 200 416
116.230.105.139 - - [16/Feb/2023:08:20:42 +0800] "GET /xingrg/all/function/internal_message.html?_=1676506841440&CODE_STATE=getMsg HTTP/1.1" 200 27
116.230.105.139 - - [16/Feb/2023:08:20:42 +0800] "GET /xingrg/check_reg.html?_=1676506841444 HTTP/1.1" 200 22
116.192.124.172 - - [16/Feb/2023:08:20:50 +0800] "GET /xingrg/kc/buy/cgsh_order_operate.html?command=get_materiel&rest_code=00102&code=00101008213&supplier_code=00100008&order_time=2023-02-16 HTTP/1.1" 200 412
120.253.135.82 - - [16/Feb/2023:08:20:53 +0800] "GET /xingrg/all/function/internal_message.html?_=1676506994045&CODE_STATE=getMsg HTTP/1.1" 200 27
120.253.135.82 - - [16/Feb/2023:08:20:53 +0800] "GET /xingrg/check_reg.html?_=1676506994048 HTTP/1.1" 200 22
116.192.124.172 - - [16/Feb/2023:08:21:01 +0800] "GET /xingrg/kc/buy/cgsh_order_operate.html?command=get_materiel&rest_code=00102&code=00101013073&supplier_code=00100008&order_time=2023-02-16 HTTP/1.1" 200 413
58.35.212.231 - - [16/Feb/2023:08:21:04 +0800] "POST /xingrg/services/DataTransmitService HTTP/1.1" 200 524
58.35.212.231 - - [16/Feb/2023:08:21:05 +0800] "POST /xingrg/services/DataTransmitService HTTP/1.1" 200 412
120.253.135.82 - - [16/Feb/2023:08:21:07 +0800] "GET /xingrg/all/function/internal_message.html?_=1676506703802&CODE_STATE=getMsg HTTP/1.1" 200 27
116.238.139.35 - - [16/Feb/2023:08:21:08 +0800] "GET /xingrg/all/function/internal_message.html?_=1676506808275&CODE_STATE=getMsg HTTP/1.1" 200 27
221.239.170.112 - - [16/Feb/2023:08:21:10 +0800] "GET /xingrg/all/function/internal_message.html?_=1676506885340&CODE_STATE=getMsg HTTP/1.1" 200 27
116.192.124.172 - - [16/Feb/2023:08:21:21 +0800] "GET /xingrg/kc/buy/cgsh_order_operate.html?command=get_materiel&rest_code=00102&code=00101008285&supplier_code=00100008&order_time=2023-02-16 HTTP/1.1" 200 413
116.192.124.172 - - [16/Feb/2023:08:21:23 +0800] "POST /xingrg/kc/buy/cgsh_order_operate.html HTTP/1.1" 200 2065
116.192.124.172 - - [16/Feb/2023:08:21:24 +0800] "GET /xingrg/all/function/internal_message.html?_=1676506899038&CODE_STATE=getMsg HTTP/1.1" 200 27
116.192.124.172 - - [16/Feb/2023:08:21:32 +0800] "GET /xingrg/kc/buy/cgsh_order_operate.html?command=get_materiel&rest_code=00102&code=00101008316&supplier_code=00100008&order_time=2023-02-16 HTTP/1.1" 200 414
116.230.105.139 - - [16/Feb/2023:08:21:42 +0800] "GET /xingrg/all/function/internal_message.html?_=1676506901436&CODE_STATE=getMsg HTTP/1.1" 200 27
116.192.124.172 - - [16/Feb/2023:08:21:42 +0800] "GET /xingrg/kc/buy/cgsh_order_operate.html?command=get_materiel&rest_code=00102&code=00101008298&supplier_code=00100008&order_time=2023-02-16 HTTP/1.1" 200 412
116.192.124.172 - - [16/Feb/2023:08:21:51 +0800] "GET /xingrg/kc/buy/cgsh_order_operate.html?command=get_materiel&rest_code=00102&code=00101008042&supplier_code=00100008&order_time=2023-02-16 HTTP/1.1" 200 416
120.253.135.82 - - [16/Feb/2023:08:21:53 +0800] "GET /xingrg/all/function/internal_message.html?_=1676507054048&CODE_STATE=getMsg HTTP/1.1" 200 27
116.192.124.172 - - [16/Feb/2023:08:22:00 +0800] "POST /xingrg/kc/buy/cgsh_order_operate.html HTTP/1.1" 200 37
116.235.93.82 - - [16/Feb/2023:08:22:00 +0800] "POST /xingrg/services/DataTransmitService HTTP/1.1" 200 524
120.253.135.82 - - [16/Feb/2023:08:22:06 +0800] "GET /xingrg/check_reg.html?_=1676506763308 HTTP/1.1" 200 22
120.253.135.82 - - [16/Feb/2023:08:22:07 +0800] "GET /xingrg/all/function/internal_message.html?_=1676506763816&CODE_STATE=getMsg HTTP/1.1" 200 27
116.238.139.35 - - [16/Feb/2023:08:22:08 +0800] "GET /xingrg/all/function/internal_message.html?_=1676506868311&CODE_STATE=getMsg HTTP/1.1" 200 27
116.192.124.172 - - [16/Feb/2023:08:22:10 +0800] "POST /xingrg/kc/buy/cgsh_order_operate.html HTTP/1.1" 200 18043
221.239.170.112 - - [16/Feb/2023:08:22:10 +0800] "GET /xingrg/all/function/internal_message.html?_=1676506945327&CODE_STATE=getMsg HTTP/1.1" 200 27
116.192.124.172 - - [16/Feb/2023:08:22:22 +0800] "GET /xingrg/kc/buy/cgsh_order_operate.html?command=get_materiel&rest_code=00102&code=00101008261&supplier_code=00100008&order_time=2023-02-16 HTTP/1.1" 200 410
116.192.124.172 - - [16/Feb/2023:08:22:24 +0800] "GET /xingrg/all/function/internal_message.html?_=1676506959070&CODE_STATE=getMsg HTTP/1.1" 200 27
116.230.105.139 - - [16/Feb/2023:08:22:42 +0800] "GET /xingrg/all/function/internal_message.html?_=1676506961427&CODE_STATE=getMsg HTTP/1.1" 200 27
116.192.124.172 - - [16/Feb/2023:08:22:42 +0800] "GET /xingrg/kc/buy/cgsh_order_operate.html?command=get_materiel&rest_code=00102&code=00101008403&supplier_code=00100008&order_time=2023-02-16 HTTP/1.1" 200 412
120.253.135.82 - - [16/Feb/2023:08:22:53 +0800] "GET /xingrg/all/function/internal_message.html?_=1676507114053&CODE_STATE=getMsg HTTP/1.1" 200 27
120.253.135.82 - - [16/Feb/2023:08:23:07 +0800] "GET /xingrg/all/function/internal_message.html?_=1676506823830&CODE_STATE=getMsg HTTP/1.1" 200 27
116.238.139.35 - - [16/Feb/2023:08:23:08 +0800] "GET /xingrg/all/function/internal_message.html?_=1676506928317&CODE_STATE=getMsg HTTP/1.1" 200 27
221.239.170.112 - - [16/Feb/2023:08:23:10 +0800] "GET /xingrg/all/function/internal_message.html?_=1676507005313&CODE_STATE=getMsg HTTP/1.1" 200 27
116.192.124.172 - - [16/Feb/2023:08:23:24 +0800] "GET /xingrg/all/function/internal_message.html?_=1676507019054&CODE_STATE=getMsg HTTP/1.1" 200 27
116.230.105.139 - - [16/Feb/2023:08:23:42 +0800] "GET /xingrg/all/function/internal_message.html?_=1676507021434&CODE_STATE=getMsg HTTP/1.1" 200 27
120.253.135.82 - - [16/Feb/2023:08:23:53 +0800] "GET /xingrg/all/function/internal_message.html?_=1676507174058&CODE_STATE=getMsg HTTP/1.1" 200 27
120.253.135.82 - - [16/Feb/2023:08:24:07 +0800] "GET /xingrg/all/function/internal_message.html?_=1676506883843&CODE_STATE=getMsg HTTP/1.1" 200 27
116.238.139.35 - - [16/Feb/2023:08:24:08 +0800] "GET /xingrg/all/function/internal_message.html?_=1676506988352&CODE_STATE=getMsg HTTP/1.1" 200 27
221.239.170.112 - - [16/Feb/2023:08:24:10 +0800] "GET /xingrg/all/function/internal_message.html?_=1676507065298&CODE_STATE=getMsg HTTP/1.1" 200 27
116.192.124.172 - - [16/Feb/2023:08:24:24 +0800] "GET /xingrg/all/function/internal_message.html?_=1676507079037&CODE_STATE=getMsg HTTP/1.1" 200 27
116.238.139.35 - - [16/Feb/2023:08:24:28 +0800] "GET /xingrg/check_reg.html?_=1676507008096 HTTP/1.1" 200 22
116.230.105.139 - - [16/Feb/2023:08:24:42 +0800] "GET /xingrg/all/function/internal_message.html?_=1676507081450&CODE_STATE=getMsg HTTP/1.1" 200 27
221.239.170.112 - - [16/Feb/2023:08:24:46 +0800] "GET /xingrg/check_reg.html?_=1676507101233 HTTP/1.1" 200 22
116.192.124.172 - - [16/Feb/2023:08:24:50 +0800] "GET /xingrg/kc/buy/cgsh_order_operate.html?command=get_materiel&rest_code=00102&code=00101008370&supplier_code=00100008&order_time=2023-02-16 HTTP/1.1" 200 412
116.192.124.172 - - [16/Feb/2023:08:25:00 +0800] "GET /xingrg/kc/buy/cgsh_order_operate.html?command=get_materiel&rest_code=00102&code=00101008126&supplier_code=00100008&order_time=2023-02-16 HTTP/1.1" 200 412
116.192.124.172 - - [16/Feb/2023:08:25:02 +0800] "POST /xingrg/kc/buy/cgsh_order_operate.html HTTP/1.1" 200 2065
120.253.135.82 - - [16/Feb/2023:08:25:04 +0800] "GET /xingrg/login.html HTTP/1.1" 200 7641
120.253.135.82 - - [16/Feb/2023:08:25:06 +0800] "POST /xingrg/login.do HTTP/1.1" 302 -
120.253.135.82 - - [16/Feb/2023:08:25:06 +0800] "GET /xingrg/index.html?sysBaseUrl=http%3A%2F%2F180.169.147.146%3A18081%2Fxingrg%2F&costTime=79×tamp=1676507106318 HTTP/1.1" 200 17173
120.253.135.82 - - [16/Feb/2023:08:25:06 +0800] "POST /xingrg/all/common/load_tree.html?tree=area_rest_tree_json&manage=1 HTTP/1.1" 200 344
120.253.135.82 - - [16/Feb/2023:08:25:06 +0800] "GET /xingrg/check_reg.html?_=1676507247102 HTTP/1.1" 200 22
120.253.135.82 - - [16/Feb/2023:08:25:06 +0800] "GET /xingrg/all/function/internal_message.html?_=1676507247100&CODE_STATE=count HTTP/1.1" 200 11
120.253.135.82 - - [16/Feb/2023:08:25:06 +0800] "POST /xingrg/load_menu.html HTTP/1.1" 200 6743
120.253.135.82 - - [16/Feb/2023:08:25:07 +0800] "GET /xingrg/all/function/internal_message.html?_=1676506943862&CODE_STATE=getMsg HTTP/1.1" 200 27
116.238.139.35 - - [16/Feb/2023:08:25:08 +0800] "GET /xingrg/all/function/internal_message.html?_=1676507048360&CODE_STATE=getMsg HTTP/1.1" 200 27
221.239.170.112 - - [16/Feb/2023:08:25:10 +0800] "GET /xingrg/all/function/internal_message.html?_=1676507125276&CODE_STATE=getMsg HTTP/1.1" 200 27
120.253.135.82 - - [16/Feb/2023:08:25:10 +0800] "GET /xingrg/kc/pszx/mdqp_order_list.html?state=10 HTTP/1.1" 200 10275
116.192.124.172 - - [16/Feb/2023:08:25:10 +0800] "GET /xingrg/kc/buy/cgsh_order_operate.html?command=get_materiel&rest_code=00102&code=00101008087&supplier_code=00100008&order_time=2023-02-16 HTTP/1.1" 200 412
120.253.135.82 - - [16/Feb/2023:08:25:10 +0800] "GET /xingrg/dwr/util.js HTTP/1.1" 304 -
120.253.135.82 - - [16/Feb/2023:08:25:10 +0800] "GET /xingrg/dwr/interface/AjaxQqpsService.js HTTP/1.1" 200 16326
120.253.135.82 - - [16/Feb/2023:08:25:10 +0800] "GET /xingrg/dwr/interface/AjaxReportQueryService.js HTTP/1.1" 200 13203
120.253.135.82 - - [16/Feb/2023:08:25:10 +0800] "GET /xingrg/dwr/engine.js HTTP/1.1" 200 43631
120.253.135.82 - - [16/Feb/2023:08:25:12 +0800] "GET /xingrg/kc/pszx/mdps_order_list.html?orderType=0 HTTP/1.1" 200 21073
120.253.135.82 - - [16/Feb/2023:08:25:12 +0800] "POST /xingrg/kc/pszx/mdps_list_operate.html HTTP/1.1" 200 5383
120.253.135.82 - - [16/Feb/2023:08:25:15 +0800] "POST /xingrg/kc/pszx/mdps_list_operate.html HTTP/1.1" 200 620
120.253.135.82 - - [16/Feb/2023:08:25:16 +0800] "GET /xingrg/kc/pszx/mdps_order_info.html?code=312023021600329 HTTP/1.1" 200 23970
120.253.135.82 - - [16/Feb/2023:08:25:17 +0800] "GET /xingrg/all/common/auto_word.html?type=base&rest_code=00101 HTTP/1.1" 200 671
120.253.135.82 - - [16/Feb/2023:08:25:17 +0800] "GET /xingrg/javascript/easyui/themes/default/validatebox.css HTTP/1.1" 404 1104
120.253.135.82 - - [16/Feb/2023:08:25:17 +0800] "POST /xingrg/kc/pszx/mdps_order_operate.html HTTP/1.1" 200 7797
116.192.124.172 - - [16/Feb/2023:08:25:24 +0800] "GET /xingrg/check_reg.html?_=1676507138735 HTTP/1.1" 200 22
116.192.124.172 - - [16/Feb/2023:08:25:24 +0800] "GET /xingrg/kc/buy/cgsh_order_operate.html?command=get_materiel&rest_code=00102&code=00101008141&supplier_code=00100008&order_time=2023-02-16 HTTP/1.1" 200 412
116.192.124.172 - - [16/Feb/2023:08:25:24 +0800] "GET /xingrg/all/function/internal_message.html?_=1676507139132&CODE_STATE=getMsg HTTP/1.1" 200 27
116.192.124.172 - - [16/Feb/2023:08:25:41 +0800] "GET /xingrg/kc/buy/cgsh_order_operate.html?command=get_materiel&rest_code=00102&code=00101008024&supplier_code=00100008&order_time=2023-02-16 HTTP/1.1" 200 410
116.230.105.139 - - [16/Feb/2023:08:25:42 +0800] "GET /xingrg/check_reg.html?_=1676507141441 HTTP/1.1" 200 22
116.230.105.139 - - [16/Feb/2023:08:25:42 +0800] "GET /xingrg/all/function/internal_message.html?_=1676507141450&CODE_STATE=getMsg HTTP/1.1" 200 27
120.253.135.82 - - [16/Feb/2023:08:25:45 +0800] "GET /xingrg/kc/pszx/mdps_order_info.html?code=312023021600329 HTTP/1.1" 200 23970
120.253.135.82 - - [16/Feb/2023:08:25:45 +0800] "GET /xingrg/javascript/easyui/themes/default/validatebox.css HTTP/1.1" 404 1104
120.253.135.82 - - [16/Feb/2023:08:25:45 +0800] "GET /xingrg/all/common/auto_word.html?type=base&rest_code=00101 HTTP/1.1" 200 671
120.253.135.82 - - [16/Feb/2023:08:25:45 +0800] "POST /xingrg/kc/pszx/mdps_order_operate.html HTTP/1.1" 200 7797
116.192.124.172 - - [16/Feb/2023:08:25:52 +0800] "GET /xingrg/kc/buy/cgsh_order_operate.html?command=get_materiel&rest_code=00102&code=00101008270&supplier_code=00100008&order_time=2023-02-16 HTTP/1.1" 200 412
120.253.135.82 - - [16/Feb/2023:08:25:53 +0800] "POST /xingrg/kc/pszx/mdps_order_operate.html HTTP/1.1" 200 37
120.253.135.82 - - [16/Feb/2023:08:25:55 +0800] "GET /xingrg/kc/pszx/mdps_order_info.html?code=312023021600329 HTTP/1.1" 200 23970
120.253.135.82 - - [16/Feb/2023:08:25:55 +0800] "GET /xingrg/javascript/easyui/themes/default/validatebox.css HTTP/1.1" 404 1104
120.253.135.82 - - [16/Feb/2023:08:25:55 +0800] "GET /xingrg/all/common/auto_word.html?type=base&rest_code=00101 HTTP/1.1" 200 671
120.253.135.82 - - [16/Feb/2023:08:25:55 +0800] "POST /xingrg/kc/pszx/mdps_order_operate.html HTTP/1.1" 200 7300
116.192.124.172 - - [16/Feb/2023:08:26:04 +0800] "GET /xingrg/kc/buy/cgsh_order_operate.html?command=get_materiel&rest_code=00102&code=00101010237&supplier_code=00100008&order_time=2023-02-16 HTTP/1.1" 200 413
120.253.135.82 - - [16/Feb/2023:08:26:06 +0800] "GET /xingrg/all/function/internal_message.html?_=1676507307111&CODE_STATE=getMsg HTTP/1.1" 200 27
120.253.135.82 - - [16/Feb/2023:08:26:07 +0800] "GET /xingrg/all/function/internal_message.html?_=1676507003872&CODE_STATE=getMsg HTTP/1.1" 200 27
116.192.124.172 - - [16/Feb/2023:08:26:08 +0800] "POST /xingrg/kc/buy/cgsh_order_operate.html HTTP/1.1" 200 2065
116.238.139.35 - - [16/Feb/2023:08:26:08 +0800] "GET /xingrg/all/function/internal_message.html?_=1676507108374&CODE_STATE=getMsg HTTP/1.1" 200 27
221.239.170.112 - - [16/Feb/2023:08:26:10 +0800] "GET /xingrg/all/function/internal_message.html?_=1676507185262&CODE_STATE=getMsg HTTP/1.1" 200 27
120.253.135.82 - - [16/Feb/2023:08:26:14 +0800] "POST /xingrg/kc/pszx/mdps_list_operate.html HTTP/1.1" 200 5383
120.253.135.82 - - [16/Feb/2023:08:26:22 +0800] "POST /xingrg/kc/pszx/mdps_list_operate.html HTTP/1.1" 200 595
120.253.135.82 - - [16/Feb/2023:08:26:24 +0800] "GET /xingrg/kc/pszx/mdps_order_info.html?code=312023021500325 HTTP/1.1" 200 23976
120.253.135.82 - - [16/Feb/2023:08:26:24 +0800] "GET /xingrg/all/common/auto_word.html?type=base&rest_code=00101 HTTP/1.1" 200 671
120.253.135.82 - - [16/Feb/2023:08:26:24 +0800] "GET /xingrg/javascript/easyui/themes/default/validatebox.css HTTP/1.1" 404 1104
120.253.135.82 - - [16/Feb/2023:08:26:24 +0800] "POST /xingrg/kc/pszx/mdps_order_operate.html HTTP/1.1" 200 4773
116.192.124.172 - - [16/Feb/2023:08:26:24 +0800] "GET /xingrg/all/function/internal_message.html?_=1676507199111&CODE_STATE=getMsg HTTP/1.1" 200 27
116.192.124.172 - - [16/Feb/2023:08:26:24 +0800] "GET /xingrg/kc/buy/cgsh_order_operate.html?command=get_materiel&rest_code=00102&code=00101008217&supplier_code=00100008&order_time=2023-02-16 HTTP/1.1" 200 412
180.157.253.110 - - [16/Feb/2023:08:26:29 +0800] "GET /favicon.ico HTTP/1.1" 404 -
116.192.124.172 - - [16/Feb/2023:08:26:36 +0800] "GET /xingrg/kc/buy/cgsh_order_operate.html?command=get_materiel&rest_code=00102&code=00101008168&supplier_code=00100008&order_time=2023-02-16 HTTP/1.1" 200 413
116.230.105.139 - - [16/Feb/2023:08:26:42 +0800] "GET /xingrg/all/function/internal_message.html?_=1676507201438&CODE_STATE=getMsg HTTP/1.1" 200 27
116.192.124.172 - - [16/Feb/2023:08:26:53 +0800] "GET /xingrg/kc/buy/cgsh_order_operate.html?command=get_materiel&rest_code=00102&code=00101009031&supplier_code=00100008&order_time=2023-02-16 HTTP/1.1" 200 411
120.253.135.82 - - [16/Feb/2023:08:26:54 +0800] "POST /xingrg/kc/pszx/mdps_list_operate.html HTTP/1.1" 200 5383
120.253.135.82 - - [16/Feb/2023:08:27:04 +0800] "POST /xingrg/kc/pszx/mdps_list_operate.html HTTP/1.1" 200 356
116.192.124.172 - - [16/Feb/2023:08:27:05 +0800] "GET /xingrg/kc/buy/cgsh_order_operate.html?command=get_materiel&rest_code=00102&code=00101009066&supplier_code=00100008&order_time=2023-02-16 HTTP/1.1" 200 418
120.253.135.82 - - [16/Feb/2023:08:27:06 +0800] "GET /xingrg/check_reg.html?_=1676507063313 HTTP/1.1" 200 22
120.253.135.82 - - [16/Feb/2023:08:27:06 +0800] "GET /xingrg/all/function/internal_message.html?_=1676507367113&CODE_STATE=getMsg HTTP/1.1" 200 27
120.253.135.82 - - [16/Feb/2023:08:27:07 +0800] "GET /xingrg/all/function/internal_message.html?_=1676507063886&CODE_STATE=getMsg HTTP/1.1" 200 27
120.253.135.82 - - [16/Feb/2023:08:27:07 +0800] "GET /xingrg/kc/pszx/mdps_order_info.html?code=312023021600332 HTTP/1.1" 200 23970
120.253.135.82 - - [16/Feb/2023:08:27:07 +0800] "GET /xingrg/javascript/easyui/themes/default/validatebox.css HTTP/1.1" 404 1104
120.253.135.82 - - [16/Feb/2023:08:27:07 +0800] "GET /xingrg/all/common/auto_word.html?type=base&rest_code=00101 HTTP/1.1" 200 671
120.253.135.82 - - [16/Feb/2023:08:27:07 +0800] "POST /xingrg/kc/pszx/mdps_order_operate.html HTTP/1.1" 200 3261
116.238.139.35 - - [16/Feb/2023:08:27:08 +0800] "GET /xingrg/all/function/internal_message.html?_=1676507168408&CODE_STATE=getMsg HTTP/1.1" 200 27
221.239.170.112 - - [16/Feb/2023:08:27:10 +0800] "GET /xingrg/all/function/internal_message.html?_=1676507245247&CODE_STATE=getMsg HTTP/1.1" 200 27
120.253.135.82 - - [16/Feb/2023:08:27:12 +0800] "POST /xingrg/kc/pszx/mdps_list_operate.html HTTP/1.1" 200 5383
116.192.124.172 - - [16/Feb/2023:08:27:17 +0800] "GET /xingrg/kc/buy/cgsh_order_operate.html?command=get_materiel&rest_code=00102&code=00101008277&supplier_code=00100008&order_time=2023-02-16 HTTP/1.1" 200 412
116.192.124.172 - - [16/Feb/2023:08:27:19 +0800] "POST /xingrg/kc/buy/cgsh_order_operate.html HTTP/1.1" 200 2065
116.192.124.172 - - [16/Feb/2023:08:27:24 +0800] "GET /xingrg/all/function/internal_message.html?_=1676507259074&CODE_STATE=getMsg HTTP/1.1" 200 27
116.192.124.172 - - [16/Feb/2023:08:27:28 +0800] "GET /xingrg/kc/buy/cgsh_order_operate.html?command=get_materiel&rest_code=00102&code=00101008712&supplier_code=00100008&order_time=2023-02-16 HTTP/1.1" 200 410
116.192.124.172 - - [16/Feb/2023:08:27:41 +0800] "GET /xingrg/kc/buy/cgsh_order_operate.html?command=get_materiel&rest_code=00102&code=00101008114&supplier_code=00100008&order_time=2023-02-16 HTTP/1.1" 200 413
116.230.105.139 - - [16/Feb/2023:08:27:42 +0800] "GET /xingrg/all/function/internal_message.html?_=1676507261429&CODE_STATE=getMsg HTTP/1.1" 200 27
116.192.124.172 - - [16/Feb/2023:08:27:55 +0800] "GET /xingrg/kc/buy/cgsh_order_operate.html?command=get_materiel&rest_code=00102&code=00101009063&supplier_code=00100008&order_time=2023-02-16 HTTP/1.1" 200 409
120.253.135.82 - - [16/Feb/2023:08:28:06 +0800] "GET /xingrg/all/function/internal_message.html?_=1676507427116&CODE_STATE=getMsg HTTP/1.1" 200 27
120.253.135.82 - - [16/Feb/2023:08:28:07 +0800] "GET /xingrg/all/function/internal_message.html?_=1676507123898&CODE_STATE=getMsg HTTP/1.1" 200 27
116.192.124.172 - - [16/Feb/2023:08:28:07 +0800] "POST /xingrg/kc/buy/cgsh_order_operate.html HTTP/1.1" 200 37
116.238.139.35 - - [16/Feb/2023:08:28:08 +0800] "GET /xingrg/all/function/internal_message.html?_=1676507228416&CODE_STATE=getMsg HTTP/1.1" 200 27
116.192.124.172 - - [16/Feb/2023:08:28:10 +0800] "POST /xingrg/kc/buy/cgsh_order_operate.html HTTP/1.1" 200 28129
221.239.170.112 - - [16/Feb/2023:08:28:10 +0800] "GET /xingrg/all/function/internal_message.html?_=1676507305235&CODE_STATE=getMsg HTTP/1.1" 200 27
116.192.124.172 - - [16/Feb/2023:08:28:17 +0800] "GET /xingrg/kc/buy/cgsh_order_operate.html?command=get_materiel&rest_code=00102&code=00101008223&supplier_code=00100008&order_time=2023-02-16 HTTP/1.1" 200 412
116.192.124.172 - - [16/Feb/2023:08:28:24 +0800] "GET /xingrg/all/function/internal_message.html?_=1676507319054&CODE_STATE=getMsg HTTP/1.1" 200 27
116.192.124.172 - - [16/Feb/2023:08:28:30 +0800] "POST /xingrg/kc/buy/cgsh_order_operate.html HTTP/1.1" 200 37
116.192.124.172 - - [16/Feb/2023:08:28:37 +0800] "POST /xingrg/kc/buy/cgsh_order_operate.html HTTP/1.1" 200 28721
116.230.105.139 - - [16/Feb/2023:08:28:42 +0800] "GET /xingrg/all/function/internal_message.html?_=1676507321441&CODE_STATE=getMsg HTTP/1.1" 200 27
120.253.135.82 - - [16/Feb/2023:08:29:06 +0800] "GET /xingrg/all/function/internal_message.html?_=1676507487127&CODE_STATE=getMsg HTTP/1.1" 200 27
120.253.135.82 - - [16/Feb/2023:08:29:07 +0800] "GET /xingrg/all/function/internal_message.html?_=1676507183913&CODE_STATE=getMsg HTTP/1.1" 200 27
116.238.139.35 - - [16/Feb/2023:08:29:08 +0800] "GET /xingrg/all/function/internal_message.html?_=1676507288450&CODE_STATE=getMsg HTTP/1.1" 200 27
221.239.170.112 - - [16/Feb/2023:08:29:10 +0800] "GET /xingrg/all/function/internal_message.html?_=1676507365223&CODE_STATE=getMsg HTTP/1.1" 200 27
101.229.22.234 - - [16/Feb/2023:08:29:20 +0800] "GET /favicon.ico HTTP/1.1" 404 -
116.192.124.172 - - [16/Feb/2023:08:29:24 +0800] "GET /xingrg/all/function/internal_message.html?_=1676507379042&CODE_STATE=getMsg HTTP/1.1" 200 27
101.229.22.234 - - [16/Feb/2023:08:29:24 +0800] "GET /xingrg/login.html HTTP/1.1" 200 7641
116.238.139.35 - - [16/Feb/2023:08:29:28 +0800] "GET /xingrg/check_reg.html?_=1676507308101 HTTP/1.1" 200 22
101.229.22.234 - - [16/Feb/2023:08:29:30 +0800] "GET /xingrg/images/blue/jxLogo.png HTTP/1.1" 304 -
101.229.22.234 - - [16/Feb/2023:08:29:35 +0800] "GET /xingrg/images/blue/login_bg.png HTTP/1.1" 304 -
101.229.22.234 - - [16/Feb/2023:08:29:35 +0800] "GET /xingrg/images/blue/hj.png HTTP/1.1" 304 -
101.229.22.234 - - [16/Feb/2023:08:29:36 +0800] "GET /xingrg/images/blue/srbg.png HTTP/1.1" 304 -
101.229.22.234 - - [16/Feb/2023:08:29:37 +0800] "GET /favicon.ico HTTP/1.1" 404 -
116.230.105.139 - - [16/Feb/2023:08:29:42 +0800] "GET /xingrg/all/function/internal_message.html?_=1676507381429&CODE_STATE=getMsg HTTP/1.1" 200 27
221.239.170.112 - - [16/Feb/2023:08:29:46 +0800] "GET /xingrg/check_reg.html?_=1676507401217 HTTP/1.1" 200 22
120.253.135.82 - - [16/Feb/2023:08:30:06 +0800] "GET /xingrg/all/function/internal_message.html?_=1676507547126&CODE_STATE=getMsg HTTP/1.1" 200 27
120.253.135.82 - - [16/Feb/2023:08:30:06 +0800] "GET /xingrg/check_reg.html?_=1676507547130 HTTP/1.1" 200 22
120.253.135.82 - - [16/Feb/2023:08:30:07 +0800] "GET /xingrg/all/function/internal_message.html?_=1676507243929&CODE_STATE=getMsg HTTP/1.1" 200 27
116.238.139.35 - - [16/Feb/2023:08:30:08 +0800] "GET /xingrg/all/function/internal_message.html?_=1676507348459&CODE_STATE=getMsg HTTP/1.1" 200 27
221.239.170.112 - - [16/Feb/2023:08:30:10 +0800] "GET /xingrg/all/function/internal_message.html?_=1676507425197&CODE_STATE=getMsg HTTP/1.1" 200 27
116.192.124.172 - - [16/Feb/2023:08:30:24 +0800] "GET /xingrg/check_reg.html?_=1676507439471 HTTP/1.1" 200 22
116.192.124.172 - - [16/Feb/2023:08:30:24 +0800] "GET /xingrg/all/function/internal_message.html?_=1676507439472&CODE_STATE=getMsg HTTP/1.1" 200 27
116.192.124.172 - - [16/Feb/2023:08:30:28 +0800] "POST /xingrg/kc/buy/cgsh_order_operate.html HTTP/1.1" 200 37
116.230.105.139 - - [16/Feb/2023:08:30:42 +0800] "GET /xingrg/all/function/internal_message.html?_=1676507441442&CODE_STATE=getMsg HTTP/1.1" 200 27
116.230.105.139 - - [16/Feb/2023:08:30:42 +0800] "GET /xingrg/check_reg.html?_=1676507441443 HTTP/1.1" 200 22
116.192.124.172 - - [16/Feb/2023:08:30:43 +0800] "POST /xingrg/kc/buy/cgsh_order_operate.html HTTP/1.1" 200 12
116.192.124.172 - - [16/Feb/2023:08:30:50 +0800] "GET /xingrg/kc/buy/cgsh_order_info.html?code=212023021605122 HTTP/1.1" 200 64774
116.192.124.172 - - [16/Feb/2023:08:30:50 +0800] "GET /xingrg/javascript/easyui/themes/default/validatebox.css HTTP/1.1" 404 1104
116.192.124.172 - - [16/Feb/2023:08:30:51 +0800] "POST /xingrg/kc/buy/cgsh_order_operate.html HTTP/1.1" 200 26665
116.192.124.172 - - [16/Feb/2023:08:30:55 +0800] "GET /xingrg/javascript/jquery_easy_ui/themes/default/images/tabs_active.png HTTP/1.1" 200 2894
116.192.124.172 - - [16/Feb/2023:08:30:57 +0800] "GET /xingrg/kc/buy/cgsh_order_add.html HTTP/1.1" 200 69874
116.192.124.172 - - [16/Feb/2023:08:30:57 +0800] "POST /xingrg/kc/buy/cgsh_order_operate.html HTTP/1.1" 200 8245
116.192.124.172 - - [16/Feb/2023:08:30:57 +0800] "GET /xingrg/javascript/easyui/themes/default/validatebox.css HTTP/1.1" 404 1104
116.192.124.172 - - [16/Feb/2023:08:31:06 +0800] "GET /xingrg/kc/buy/cgsh_order_operate.html?command=get_materiel&rest_code=00102&code=00101016030&supplier_code=00100096&order_time=2023-02-16 HTTP/1.1" 200 412
120.253.135.82 - - [16/Feb/2023:08:31:06 +0800] "GET /xingrg/all/function/internal_message.html?_=1676507607130&CODE_STATE=getMsg HTTP/1.1" 200 27
120.253.135.82 - - [16/Feb/2023:08:31:07 +0800] "GET /xingrg/all/function/internal_message.html?_=1676507303939&CODE_STATE=getMsg HTTP/1.1" 200 27
116.238.139.35 - - [16/Feb/2023:08:31:08 +0800] "GET /xingrg/all/function/internal_message.html?_=1676507408473&CODE_STATE=getMsg HTTP/1.1" 200 27
221.239.170.112 - - [16/Feb/2023:08:31:10 +0800] "GET /xingrg/all/function/internal_message.html?_=1676507485183&CODE_STATE=getMsg HTTP/1.1" 200 27
116.192.124.172 - - [16/Feb/2023:08:31:16 +0800] "GET /xingrg/kc/buy/cgsh_order_operate.html?command=get_materiel&rest_code=00102&code=00101012025&supplier_code=00100096&order_time=2023-02-16 HTTP/1.1" 200 412
116.192.124.172 - - [16/Feb/2023:08:31:24 +0800] "GET /xingrg/all/function/internal_message.html?_=1676507499450&CODE_STATE=getMsg HTTP/1.1" 200 27
116.192.124.172 - - [16/Feb/2023:08:31:29 +0800] "GET /xingrg/kc/buy/cgsh_order_operate.html?command=get_materiel&rest_code=00102&code=00101012003&supplier_code=00100096&order_time=2023-02-16 HTTP/1.1" 200 412
120.253.135.82 - - [16/Feb/2023:08:31:41 +0800] "GET /xingrg/kc/pszx/mdps_order_add.html HTTP/1.1" 200 29142
120.253.135.82 - - [16/Feb/2023:08:31:41 +0800] "POST /xingrg/kc/pszx/mdps_order_operate.html HTTP/1.1" 200 7126
120.253.135.82 - - [16/Feb/2023:08:31:41 +0800] "GET /xingrg/all/common/auto_word.html?type=base&rest_code=00101 HTTP/1.1" 200 671
120.253.135.82 - - [16/Feb/2023:08:31:41 +0800] "GET /xingrg/javascript/easyui/themes/default/validatebox.css HTTP/1.1" 404 1104
116.230.105.139 - - [16/Feb/2023:08:31:42 +0800] "GET /xingrg/all/function/internal_message.html?_=1676507501431&CODE_STATE=getMsg HTTP/1.1" 200 27
120.253.135.82 - - [16/Feb/2023:08:31:43 +0800] "POST /xingrg/all/common/load_combo.html?type=base HTTP/1.1" 200 1169
116.192.124.172 - - [16/Feb/2023:08:31:43 +0800] "GET /xingrg/kc/buy/cgsh_order_operate.html?command=get_materiel&rest_code=00102&code=00101018011&supplier_code=00100096&order_time=2023-02-16 HTTP/1.1" 200 413
120.253.135.82 - - [16/Feb/2023:08:31:48 +0800] "GET /xingrg/javascript/easyui/themes/default/tree.css HTTP/1.1" 404 1090
120.253.135.82 - - [16/Feb/2023:08:31:48 +0800] "POST /xingrg/all/common/load_tree.html?tree=area_rest_tree_json&only_rest=1 HTTP/1.1" 200 3378
116.192.124.172 - - [16/Feb/2023:08:31:55 +0800] "GET /xingrg/kc/buy/cgsh_order_operate.html?command=get_materiel&rest_code=00102&code=00101006067&supplier_code=00100096&order_time=2023-02-16 HTTP/1.1" 200 409
120.253.135.82 - - [16/Feb/2023:08:32:00 +0800] "GET /xingrg/kc/pszx/mdps_order_operate.html?command=get_materiel&pszx_code=00101&rest_code=00103&base_code=0010250&code=00102002033 HTTP/1.1" 200 456
120.253.135.82 - - [16/Feb/2023:08:32:06 +0800] "GET /xingrg/check_reg.html?_=1676507363319 HTTP/1.1" 200 22
120.253.135.82 - - [16/Feb/2023:08:32:06 +0800] "GET /xingrg/all/function/internal_message.html?_=1676507667134&CODE_STATE=getMsg HTTP/1.1" 200 27
120.253.135.82 - - [16/Feb/2023:08:32:07 +0800] "GET /xingrg/all/function/internal_message.html?_=1676507363952&CODE_STATE=getMsg HTTP/1.1" 200 27
116.238.139.35 - - [16/Feb/2023:08:32:08 +0800] "GET /xingrg/all/function/internal_message.html?_=1676507468508&CODE_STATE=getMsg HTTP/1.1" 200 27
116.192.124.172 - - [16/Feb/2023:08:32:10 +0800] "GET /xingrg/kc/buy/cgsh_order_operate.html?command=get_materiel&rest_code=00102&code=00101006019&supplier_code=00100096&order_time=2023-02-16 HTTP/1.1" 200 417
221.239.170.112 - - [16/Feb/2023:08:32:10 +0800] "GET /xingrg/all/function/internal_message.html?_=1676507545171&CODE_STATE=getMsg HTTP/1.1" 200 27
120.253.135.82 - - [16/Feb/2023:08:32:11 +0800] "GET /xingrg/kc/pszx/mdps_order_operate.html?command=get_materiel&pszx_code=00101&rest_code=00103&base_code=0010250&code=00102002034 HTTP/1.1" 200 462
116.192.124.172 - - [16/Feb/2023:08:32:24 +0800] "GET /xingrg/all/function/internal_message.html?_=1676507559439&CODE_STATE=getMsg HTTP/1.1" 200 27
116.192.124.172 - - [16/Feb/2023:08:32:33 +0800] "GET /xingrg/kc/buy/cgsh_order_operate.html?command=get_materiel&rest_code=00102&code=00101006113&supplier_code=00100096&order_time=2023-02-16 HTTP/1.1" 200 415
120.253.135.82 - - [16/Feb/2023:08:32:37 +0800] "POST /xingrg/kc/pszx/mdps_order_operate.html HTTP/1.1" 200 37
120.253.135.82 - - [16/Feb/2023:08:32:38 +0800] "GET /xingrg/kc/pszx/mdps_order_info.html?code=312023021600342 HTTP/1.1" 200 23974
120.253.135.82 - - [16/Feb/2023:08:32:38 +0800] "GET /xingrg/javascript/easyui/themes/default/validatebox.css HTTP/1.1" 404 1104
120.253.135.82 - - [16/Feb/2023:08:32:38 +0800] "GET /xingrg/all/common/auto_word.html?type=base&rest_code=00101 HTTP/1.1" 200 671
120.253.135.82 - - [16/Feb/2023:08:32:38 +0800] "POST /xingrg/kc/pszx/mdps_order_operate.html HTTP/1.1" 200 2307
116.230.105.139 - - [16/Feb/2023:08:32:42 +0800] "GET /xingrg/all/function/internal_message.html?_=1676507561436&CODE_STATE=getMsg HTTP/1.1" 200 27
116.192.124.172 - - [16/Feb/2023:08:32:45 +0800] "GET /xingrg/kc/buy/cgsh_order_operate.html?command=get_materiel&rest_code=00102&code=00101006111&supplier_code=00100096&order_time=2023-02-16 HTTP/1.1" 200 409
120.253.135.82 - - [16/Feb/2023:08:33:03 +0800] "POST /xingrg/kc/pszx/mdps_order_operate.html HTTP/1.1" 200 37
120.253.135.82 - - [16/Feb/2023:08:33:05 +0800] "GET /xingrg/kc/pszx/mdps_order_info.html?code=312023021600342 HTTP/1.1" 200 23976
120.253.135.82 - - [16/Feb/2023:08:33:05 +0800] "GET /xingrg/all/common/auto_word.html?type=base&rest_code=00101 HTTP/1.1" 200 671
120.253.135.82 - - [16/Feb/2023:08:33:05 +0800] "POST /xingrg/kc/pszx/mdps_order_operate.html HTTP/1.1" 200 2307
120.253.135.82 - - [16/Feb/2023:08:33:05 +0800] "GET /xingrg/javascript/easyui/themes/default/validatebox.css HTTP/1.1" 404 1104
120.253.135.82 - - [16/Feb/2023:08:33:06 +0800] "GET /xingrg/all/function/internal_message.html?_=1676507727139&CODE_STATE=getMsg HTTP/1.1" 200 27
120.253.135.82 - - [16/Feb/2023:08:33:07 +0800] "GET /xingrg/all/function/internal_message.html?_=1676507423966&CODE_STATE=getMsg HTTP/1.1" 200 27
116.238.139.35 - - [16/Feb/2023:08:33:08 +0800] "GET /xingrg/all/function/internal_message.html?_=1676507528516&CODE_STATE=getMsg HTTP/1.1" 200 27
116.192.124.172 - - [16/Feb/2023:08:33:08 +0800] "GET /xingrg/kc/buy/cgsh_order_operate.html?command=get_materiel&rest_code=00102&code=00101007049&supplier_code=00100096&order_time=2023-02-16 HTTP/1.1" 200 410
221.239.170.112 - - [16/Feb/2023:08:33:10 +0800] "GET /xingrg/all/function/internal_message.html?_=1676507605160&CODE_STATE=getMsg HTTP/1.1" 200 27
120.253.135.82 - - [16/Feb/2023:08:33:14 +0800] "GET /xingrg/kc/pszx/mdps_order_list.html?orderType=0 HTTP/1.1" 200 21073
120.253.135.82 - - [16/Feb/2023:08:33:14 +0800] "POST /xingrg/kc/pszx/mdps_list_operate.html HTTP/1.1" 200 5383
120.253.135.82 - - [16/Feb/2023:08:33:14 +0800] "POST /xingrg/kc/pszx/mdps_list_operate.html HTTP/1.1" 200 5383
120.253.135.82 - - [16/Feb/2023:08:33:18 +0800] "POST /xingrg/kc/pszx/mdps_list_operate.html HTTP/1.1" 200 5533
116.192.124.172 - - [16/Feb/2023:08:33:20 +0800] "GET /xingrg/kc/buy/cgsh_order_operate.html?command=get_materiel&rest_code=00102&code=00101007077&supplier_code=00100096&order_time=2023-02-16 HTTP/1.1" 200 415
116.192.124.172 - - [16/Feb/2023:08:33:24 +0800] "GET /xingrg/all/function/internal_message.html?_=1676507619419&CODE_STATE=getMsg HTTP/1.1" 200 27
116.192.124.172 - - [16/Feb/2023:08:33:30 +0800] "GET /xingrg/kc/buy/cgsh_order_operate.html?command=get_materiel&rest_code=00102&code=00101012029&supplier_code=00100096&order_time=2023-02-16 HTTP/1.1" 200 414
116.230.105.139 - - [16/Feb/2023:08:33:42 +0800] "GET /xingrg/all/function/internal_message.html?_=1676507621450&CODE_STATE=getMsg HTTP/1.1" 200 27
120.253.135.82 - - [16/Feb/2023:08:34:06 +0800] "GET /xingrg/all/function/internal_message.html?_=1676507787144&CODE_STATE=getMsg HTTP/1.1" 200 27
120.253.135.82 - - [16/Feb/2023:08:34:07 +0800] "GET /xingrg/all/function/internal_message.html?_=1676507483979&CODE_STATE=getMsg HTTP/1.1" 200 27
116.238.139.35 - - [16/Feb/2023:08:34:08 +0800] "GET /xingrg/all/function/internal_message.html?_=1676507588549&CODE_STATE=getMsg HTTP/1.1" 200 27
221.239.170.112 - - [16/Feb/2023:08:34:10 +0800] "GET /xingrg/all/function/internal_message.html?_=1676507665145&CODE_STATE=getMsg HTTP/1.1" 200 27
116.192.124.172 - - [16/Feb/2023:08:34:13 +0800] "POST /xingrg/kc/buy/cgsh_order_operate.html HTTP/1.1" 200 37
120.253.135.82 - - [16/Feb/2023:08:34:24 +0800] "POST /xingrg/kc/pszx/mdps_list_operate.html HTTP/1.1" 200 5512
120.253.135.82 - - [16/Feb/2023:08:34:27 +0800] "POST /xingrg/kc/pszx/mdps_list_operate.html HTTP/1.1" 200 623
120.253.135.82 - - [16/Feb/2023:08:34:27 +0800] "GET /xingrg/kc/pszx/mdps_order_info.html?code=312023021400305 HTTP/1.1" 200 23976
120.253.135.82 - - [16/Feb/2023:08:34:27 +0800] "GET /xingrg/javascript/easyui/themes/default/validatebox.css HTTP/1.1" 404 1104
120.253.135.82 - - [16/Feb/2023:08:34:27 +0800] "GET /xingrg/all/common/auto_word.html?type=base&rest_code=00101 HTTP/1.1" 200 671
120.253.135.82 - - [16/Feb/2023:08:34:27 +0800] "POST /xingrg/kc/pszx/mdps_order_operate.html HTTP/1.1" 200 18206
116.238.139.35 - - [16/Feb/2023:08:34:28 +0800] "GET /xingrg/check_reg.html?_=1676507608107 HTTP/1.1" 200 22
116.230.105.139 - - [16/Feb/2023:08:34:42 +0800] "GET /xingrg/all/function/internal_message.html?_=1676507681447&CODE_STATE=getMsg HTTP/1.1" 200 27
221.239.170.112 - - [16/Feb/2023:08:34:46 +0800] "GET /xingrg/check_reg.html?_=1676507701198 HTTP/1.1" 200 22
116.192.124.172 - - [16/Feb/2023:08:35:00 +0800] "GET /xingrg/all/function/internal_message.html?_=1676507714785&CODE_STATE=getMsg HTTP/1.1" 200 27
116.192.124.172 - - [16/Feb/2023:08:35:02 +0800] "POST /xingrg/kc/buy/cgsh_order_operate.html HTTP/1.1" 200 12
116.192.124.172 - - [16/Feb/2023:08:35:04 +0800] "GET /xingrg/kc/buy/cgsh_order_info.html?code=212023021605123 HTTP/1.1" 200 64764
116.192.124.172 - - [16/Feb/2023:08:35:05 +0800] "GET /xingrg/javascript/easyui/themes/default/validatebox.css HTTP/1.1" 404 1104
116.192.124.172 - - [16/Feb/2023:08:35:05 +0800] "POST /xingrg/kc/buy/cgsh_order_operate.html HTTP/1.1" 200 6533
120.253.135.82 - - [16/Feb/2023:08:35:06 +0800] "GET /xingrg/all/function/internal_message.html?_=1676507847148&CODE_STATE=getMsg HTTP/1.1" 200 27
120.253.135.82 - - [16/Feb/2023:08:35:06 +0800] "GET /xingrg/check_reg.html?_=1676507847152 HTTP/1.1" 200 22
116.192.124.172 - - [16/Feb/2023:08:35:07 +0800] "GET /xingrg/kc/print/load_config.html?kc_code=cgsh HTTP/1.1" 200 1943
116.192.124.172 - - [16/Feb/2023:08:35:07 +0800] "GET /xingrg/kc/print/load_data.html?order_code=212023021605123&kc_code=cgsh&condition= HTTP/1.1" 200 2913
120.253.135.82 - - [16/Feb/2023:08:35:07 +0800] "GET /xingrg/all/function/internal_message.html?_=1676507543999&CODE_STATE=getMsg HTTP/1.1" 200 27
116.238.139.35 - - [16/Feb/2023:08:35:08 +0800] "GET /xingrg/all/function/internal_message.html?_=1676507648558&CODE_STATE=getMsg HTTP/1.1" 200 27
221.239.170.112 - - [16/Feb/2023:08:35:10 +0800] "GET /xingrg/all/function/internal_message.html?_=1676507725117&CODE_STATE=getMsg HTTP/1.1" 200 27
116.192.124.172 - - [16/Feb/2023:08:35:24 +0800] "GET /xingrg/check_reg.html?_=1676507739463 HTTP/1.1" 200 22
116.230.105.139 - - [16/Feb/2023:08:35:42 +0800] "GET /xingrg/check_reg.html?_=1676507741444 HTTP/1.1" 200 22
116.230.105.139 - - [16/Feb/2023:08:35:42 +0800] "GET /xingrg/all/function/internal_message.html?_=1676507741448&CODE_STATE=getMsg HTTP/1.1" 200 27
116.192.124.172 - - [16/Feb/2023:08:35:46 +0800] "GET /xingrg/kc/base/wldb_order_list.html HTTP/1.1" 200 19139
116.192.124.172 - - [16/Feb/2023:08:35:47 +0800] "POST /xingrg/kc/base/wldb_list_operate.html HTTP/1.1" 200 928
116.192.124.172 - - [16/Feb/2023:08:35:48 +0800] "GET /xingrg/kc/base/wldb_order_add.html HTTP/1.1" 200 30418
116.192.124.172 - - [16/Feb/2023:08:35:48 +0800] "POST /xingrg/kc/base/wldb_order_operate.html HTTP/1.1" 200 6806
116.192.124.172 - - [16/Feb/2023:08:35:48 +0800] "GET /xingrg/all/common/auto_word.html?type=base&rest_code=00102 HTTP/1.1" 200 1857
116.192.124.172 - - [16/Feb/2023:08:35:48 +0800] "GET /xingrg/all/common/auto_word.html?type=base&rest_code=00102 HTTP/1.1" 200 1857
116.192.124.172 - - [16/Feb/2023:08:35:48 +0800] "GET /xingrg/javascript/easyui/themes/default/validatebox.css HTTP/1.1" 404 1104
116.192.124.172 - - [16/Feb/2023:08:35:49 +0800] "POST /xingrg/all/common/load_combo.html?type=base HTTP/1.1" 200 3321
116.192.124.172 - - [16/Feb/2023:08:35:51 +0800] "GET /xingrg/javascript/auto/indicator.gif HTTP/1.1" 404 1066
116.192.124.172 - - [16/Feb/2023:08:35:53 +0800] "GET /xingrg/kc/base/wldb_order_operate.html?command=get_materiel&rest_code=00102&base_code=0010476&code=00101019306 HTTP/1.1" 200 478
116.192.124.172 - - [16/Feb/2023:08:36:00 +0800] "GET /xingrg/all/function/internal_message.html?_=1676507774770&CODE_STATE=getMsg HTTP/1.1" 200 27
120.253.135.82 - - [16/Feb/2023:08:36:06 +0800] "GET /xingrg/all/function/internal_message.html?_=1676507907154&CODE_STATE=getMsg HTTP/1.1" 200 27
120.253.135.82 - - [16/Feb/2023:08:36:07 +0800] "GET /xingrg/all/function/internal_message.html?_=1676507604006&CODE_STATE=getMsg HTTP/1.1" 200 27
116.238.139.35 - - [16/Feb/2023:08:36:08 +0800] "GET /xingrg/all/function/internal_message.html?_=1676507708572&CODE_STATE=getMsg HTTP/1.1" 200 27
221.239.170.112 - - [16/Feb/2023:08:36:10 +0800] "GET /xingrg/all/function/internal_message.html?_=1676507785106&CODE_STATE=getMsg HTTP/1.1" 200 27
116.192.124.172 - - [16/Feb/2023:08:36:13 +0800] "GET /xingrg/kc/base/wldb_order_operate.html?command=get_materiel&rest_code=00102&base_code=0010476&code=00101019187 HTTP/1.1" 200 479
218.81.220.34 - - [16/Feb/2023:08:36:22 +0800] "GET /xingrg/login.html HTTP/1.1" 200 7641
218.81.220.34 - - [16/Feb/2023:08:36:23 +0800] "GET /favicon.ico HTTP/1.1" 404 -
218.81.220.34 - - [16/Feb/2023:08:36:27 +0800] "POST /xingrg/login.do HTTP/1.1" 302 -
218.81.220.34 - - [16/Feb/2023:08:36:27 +0800] "GET /xingrg/index.html?sysBaseUrl=http%3A%2F%2F180.169.147.146%3A18081%2Fxingrg%2F&costTime=40×tamp=1676507787907 HTTP/1.1" 200 17179
218.81.220.34 - - [16/Feb/2023:08:36:27 +0800] "GET /favicon.ico HTTP/1.1" 404 -
218.81.220.34 - - [16/Feb/2023:08:36:27 +0800] "GET /xingrg/javascript/jquery-1.4.2.min.js HTTP/1.1" 304 -
218.81.220.34 - - [16/Feb/2023:08:36:28 +0800] "GET /xingrg/javascript/jquery_easy_ui/jquery.easyui.min.js HTTP/1.1" 304 -
218.81.220.34 - - [16/Feb/2023:08:36:28 +0800] "GET /xingrg/css/form.css HTTP/1.1" 304 -
218.81.220.34 - - [16/Feb/2023:08:36:28 +0800] "GET /xingrg/javascript/jquery_easy_ui/themes/default/easyui.css HTTP/1.1" 304 -
218.81.220.34 - - [16/Feb/2023:08:36:28 +0800] "GET /xingrg/javascript/jquery_easy_ui/easyui-lang-zh_CN.js HTTP/1.1" 304 -
218.81.220.34 - - [16/Feb/2023:08:36:28 +0800] "GET /xingrg/javascript/jquery.utils.js HTTP/1.1" 304 -
218.81.220.34 - - [16/Feb/2023:08:36:28 +0800] "GET /xingrg/javascript/jquery.timers.js HTTP/1.1" 304 -
218.81.220.34 - - [16/Feb/2023:08:36:28 +0800] "GET /xingrg/javascript/jquery_easy_ui/themes/icon.css HTTP/1.1" 304 -
218.81.220.34 - - [16/Feb/2023:08:36:28 +0800] "GET /xingrg/javascript/jquery.form.js HTTP/1.1" 304 -
218.81.220.34 - - [16/Feb/2023:08:36:28 +0800] "POST /xingrg/all/common/load_tree.html?tree=area_rest_tree_json&manage=1 HTTP/1.1" 200 479
218.81.220.34 - - [16/Feb/2023:08:36:28 +0800] "GET /xingrg/all/function/internal_message.html?_=1676507817369&CODE_STATE=count HTTP/1.1" 200 11
218.81.220.34 - - [16/Feb/2023:08:36:28 +0800] "GET /xingrg/check_reg.html?_=1676507817370 HTTP/1.1" 200 22
218.81.220.34 - - [16/Feb/2023:08:36:28 +0800] "POST /xingrg/load_menu.html HTTP/1.1" 200 5138
218.81.220.34 - - [16/Feb/2023:08:36:30 +0800] "GET /xingrg/kc/buy/buy_main.html HTTP/1.1" 200 12412
218.81.220.34 - - [16/Feb/2023:08:36:30 +0800] "GET /xingrg/css/blue.css HTTP/1.1" 304 -
218.81.220.34 - - [16/Feb/2023:08:36:30 +0800] "GET /xingrg/css/new_ie.css HTTP/1.1" 404 1036
218.81.220.34 - - [16/Feb/2023:08:36:30 +0800] "GET /xingrg/javascript/pic_change.js HTTP/1.1" 304 -
218.81.220.34 - - [16/Feb/2023:08:36:30 +0800] "GET /xingrg/javascript/jquery_ui/themes/humanity/humanity.css HTTP/1.1" 304 -
218.81.220.34 - - [16/Feb/2023:08:36:30 +0800] "GET /xingrg/javascript/ToolTips.js HTTP/1.1" 304 -
218.81.220.34 - - [16/Feb/2023:08:36:30 +0800] "GET /xingrg/javascript/myfunction.js HTTP/1.1" 304 -
218.81.220.34 - - [16/Feb/2023:08:36:30 +0800] "GET /xingrg/javascript/jquery_ui/jquery-ui.min.js HTTP/1.1" 304 -
218.81.220.34 - - [16/Feb/2023:08:36:31 +0800] "GET /xingrg/images/yd/bt.gif HTTP/1.1" 404 1040
218.81.220.34 - - [16/Feb/2023:08:36:31 +0800] "GET /xingrg/css/base.css HTTP/1.1" 304 -
218.81.220.34 - - [16/Feb/2023:08:36:31 +0800] "GET /xingrg/css/site.css HTTP/1.1" 304 -
218.81.220.34 - - [16/Feb/2023:08:36:31 +0800] "GET /xingrg/javascript/jquery_tools/datebox.css HTTP/1.1" 304 -
218.81.220.34 - - [16/Feb/2023:08:36:31 +0800] "GET /xingrg/javascript/easyui/themes/default/easyui.css HTTP/1.1" 304 -
218.81.220.34 - - [16/Feb/2023:08:36:31 +0800] "GET /xingrg/javascript/easyui/themes/icon.css HTTP/1.1" 304 -
218.81.220.34 - - [16/Feb/2023:08:36:31 +0800] "GET /xingrg/javascript/jquery_tools/fix.css HTTP/1.1" 304 -
218.81.220.34 - - [16/Feb/2023:08:36:31 +0800] "GET /xingrg/javascript/auto/jquery.autocomplete.css HTTP/1.1" 304 -
218.81.220.34 - - [16/Feb/2023:08:36:31 +0800] "GET /xingrg/javascript/jquery_tools/table.css HTTP/1.1" 304 -
218.81.220.34 - - [16/Feb/2023:08:36:31 +0800] "GET /xingrg/javascript/auto/jquery.autocomplete.js HTTP/1.1" 304 -
218.81.220.34 - - [16/Feb/2023:08:36:31 +0800] "GET /xingrg/javascript/jquery_tools/jquery.tools.table.js HTTP/1.1" 304 -
218.81.220.34 - - [16/Feb/2023:08:36:31 +0800] "GET /xingrg/javascript/jquery_tools/list_manager.js HTTP/1.1" 304 -
218.81.220.34 - - [16/Feb/2023:08:36:31 +0800] "GET /xingrg/javascript/jquery_tools/jquery.tools.extend.js HTTP/1.1" 304 -
218.81.220.34 - - [16/Feb/2023:08:36:31 +0800] "GET /xingrg/javascript/jquery_tools/jquery.tools.hotkey.js HTTP/1.1" 304 -
218.81.220.34 - - [16/Feb/2023:08:36:31 +0800] "GET /xingrg/javascript/jquery.cookie.js HTTP/1.1" 304 -
218.81.220.34 - - [16/Feb/2023:08:36:31 +0800] "GET /xingrg/javascript/easyui/easyloader.js HTTP/1.1" 304 -
218.81.220.34 - - [16/Feb/2023:08:36:31 +0800] "GET /xingrg/javascript/print/LodopFuncs.js HTTP/1.1" 304 -
218.81.220.34 - - [16/Feb/2023:08:36:31 +0800] "GET /xingrg/kc/buy/cgsh_order_list.html HTTP/1.1" 200 54063
218.81.220.34 - - [16/Feb/2023:08:36:32 +0800] "GET /xingrg/javascript/jquery_tools/jquery.tools.min.js HTTP/1.1" 304 -
218.81.220.34 - - [16/Feb/2023:08:36:32 +0800] "GET /xingrg/javascript/easyui/themes/icons/edit_add_new.png HTTP/1.1" 304 -
218.81.220.34 - - [16/Feb/2023:08:36:32 +0800] "GET /xingrg/javascript/easyui/themes/icons/check_new.png HTTP/1.1" 304 -
218.81.220.34 - - [16/Feb/2023:08:36:32 +0800] "GET /xingrg/javascript/easyui/themes/icons/cance_new.png HTTP/1.1" 304 -
218.81.220.34 - - [16/Feb/2023:08:36:32 +0800] "GET /xingrg/javascript/easyui/themes/icons/field_new.png HTTP/1.1" 304 -
218.81.220.34 - - [16/Feb/2023:08:36:32 +0800] "GET /xingrg/javascript/easyui/themes/icons/import_new.png HTTP/1.1" 304 -
218.81.220.34 - - [16/Feb/2023:08:36:32 +0800] "GET /xingrg/javascript/easyui/plugins/jquery.parser.js HTTP/1.1" 304 -
218.81.220.34 - - [16/Feb/2023:08:36:32 +0800] "GET /xingrg/images/control/ajaxLoader.gif HTTP/1.1" 304 -
218.81.220.34 - - [16/Feb/2023:08:36:33 +0800] "POST /xingrg/kc/buy/cgsh_list_operate.html HTTP/1.1" 200 986
218.81.220.34 - - [16/Feb/2023:08:36:36 +0800] "GET /xingrg/javascript/easyui/themes/default/images/button_plain_hover.png HTTP/1.1" 304 -
218.81.220.34 - - [16/Feb/2023:08:36:36 +0800] "GET /xingrg/javascript/easyui/themes/default/images/button_plain_hover.png HTTP/1.1" 304 -
218.81.220.34 - - [16/Feb/2023:08:36:37 +0800] "GET /xingrg/javascript/convert.js HTTP/1.1" 304 -
218.81.220.34 - - [16/Feb/2023:08:36:37 +0800] "GET /xingrg/javascript/json2.js HTTP/1.1" 304 -
218.81.220.34 - - [16/Feb/2023:08:36:37 +0800] "GET /xingrg/javascript/print/kc_print.js HTTP/1.1" 304 -
218.81.220.34 - - [16/Feb/2023:08:36:37 +0800] "GET /xingrg/javascript/jquery_tools/order_manager.js HTTP/1.1" 304 -
218.81.220.34 - - [16/Feb/2023:08:36:37 +0800] "GET /xingrg/kc/buy/cgsh_order_add.html HTTP/1.1" 200 69839
218.81.220.34 - - [16/Feb/2023:08:36:37 +0800] "GET /xingrg/words/20230215101832_words.js HTTP/1.1" 304 -
218.81.220.34 - - [16/Feb/2023:08:36:37 +0800] "GET /xingrg/all/common/auto_word.html?type=employee&rest_code=00146 HTTP/1.1" 200 101
218.81.220.34 - - [16/Feb/2023:08:36:37 +0800] "GET /xingrg/all/common/auto_word.html?type=employee&rest_code=00146 HTTP/1.1" 200 101
218.81.220.34 - - [16/Feb/2023:08:36:37 +0800] "GET /xingrg/javascript/easyui/themes/default/validatebox.css HTTP/1.1" 404 1104
218.81.220.34 - - [16/Feb/2023:08:36:37 +0800] "GET /xingrg/javascript/easyui/plugins/jquery.validatebox.js HTTP/1.1" 304 -
218.81.220.34 - - [16/Feb/2023:08:36:37 +0800] "GET /xingrg/javascript/easyui/plugins/jquery.numberbox.js HTTP/1.1" 304 -
218.81.220.34 - - [16/Feb/2023:08:36:37 +0800] "POST /xingrg/kc/buy/cgsh_order_operate.html HTTP/1.1" 200 8245
218.81.220.34 - - [16/Feb/2023:08:36:41 +0800] "GET /xingrg/javascript/auto/indicator.gif HTTP/1.1" 404 1066
218.81.220.34 - - [16/Feb/2023:08:36:44 +0800] "GET /xingrg/javascript/jquery_tools/images/prev.gif HTTP/1.1" 404 1086
218.81.220.34 - - [16/Feb/2023:08:36:44 +0800] "GET /xingrg/javascript/jquery_tools/images/next.gif HTTP/1.1" 404 1086
116.192.124.172 - - [16/Feb/2023:08:37:00 +0800] "GET /xingrg/all/function/internal_message.html?_=1676507834751&CODE_STATE=getMsg HTTP/1.1" 200 27
218.81.220.34 - - [16/Feb/2023:08:37:00 +0800] "GET /xingrg/kc/buy/cgsh_order_operate.html?command=get_materiel&rest_code=00146&code=00101008072&supplier_code=00100005&order_time=2023-02-16 HTTP/1.1" 200 408
116.192.124.172 - - [16/Feb/2023:08:37:06 +0800] "GET /xingrg/kc/base/wldb_order_operate.html?command=get_materiel&rest_code=00102&base_code=0010477&code=00102002028 HTTP/1.1" 200 467
120.253.135.82 - - [16/Feb/2023:08:37:06 +0800] "GET /xingrg/check_reg.html?_=1676507663320 HTTP/1.1" 200 22
120.253.135.82 - - [16/Feb/2023:08:37:06 +0800] "GET /xingrg/all/function/internal_message.html?_=1676507967157&CODE_STATE=getMsg HTTP/1.1" 200 27
120.253.135.82 - - [16/Feb/2023:08:37:07 +0800] "GET /xingrg/all/function/internal_message.html?_=1676507664019&CODE_STATE=getMsg HTTP/1.1" 200 27
116.238.139.35 - - [16/Feb/2023:08:37:08 +0800] "GET /xingrg/all/function/internal_message.html?_=1676507768611&CODE_STATE=getMsg HTTP/1.1" 200 27
221.239.170.112 - - [16/Feb/2023:08:37:10 +0800] "GET /xingrg/all/function/internal_message.html?_=1676507845093&CODE_STATE=getMsg HTTP/1.1" 200 27
116.192.124.172 - - [16/Feb/2023:08:37:14 +0800] "GET /xingrg/kc/base/wldb_order_operate.html?command=get_materiel&rest_code=00102&base_code=0010477&code=00102002940 HTTP/1.1" 200 446
87.236.176.243 - - [16/Feb/2023:08:37:14 +0800] "GET / HTTP/1.1" 404 -
116.192.124.172 - - [16/Feb/2023:08:37:18 +0800] "GET /xingrg/kc/base/wldb_order_operate.html?command=get_materiel&rest_code=00102&base_code=0010477&code=00102002106 HTTP/1.1" 200 443
218.81.220.34 - - [16/Feb/2023:08:37:26 +0800] "GET /xingrg/kc/buy/cgsh_order_operate.html?command=get_materiel&rest_code=00146&code=00101008351&supplier_code=00100005&order_time=2023-02-16 HTTP/1.1" 200 408
218.81.220.34 - - [16/Feb/2023:08:37:28 +0800] "GET /xingrg/all/function/internal_message.html?_=1676507877383&CODE_STATE=getMsg HTTP/1.1" 200 27
116.192.124.172 - - [16/Feb/2023:08:37:34 +0800] "GET /xingrg/kc/base/wldb_order_operate.html?command=get_materiel&rest_code=00102&base_code=0010477&code=00102002423 HTTP/1.1" 200 439
116.192.124.172 - - [16/Feb/2023:08:37:37 +0800] "GET /xingrg/kc/base/wldb_order_operate.html?command=get_materiel&rest_code=00102&base_code=0010477&code=00102002422 HTTP/1.1" 200 439
116.192.124.172 - - [16/Feb/2023:08:38:00 +0800] "GET /xingrg/all/function/internal_message.html?_=1676507894742&CODE_STATE=getMsg HTTP/1.1" 200 27
120.253.135.82 - - [16/Feb/2023:08:38:06 +0800] "GET /xingrg/all/function/internal_message.html?_=1676508027163&CODE_STATE=getMsg HTTP/1.1" 200 27
120.253.135.82 - - [16/Feb/2023:08:38:07 +0800] "GET /xingrg/all/function/internal_message.html?_=1676507724033&CODE_STATE=getMsg HTTP/1.1" 200 27
116.238.139.35 - - [16/Feb/2023:08:38:08 +0800] "GET /xingrg/all/function/internal_message.html?_=1676507828615&CODE_STATE=getMsg HTTP/1.1" 200 27
221.239.170.112 - - [16/Feb/2023:08:38:10 +0800] "GET /xingrg/all/function/internal_message.html?_=1676507905080&CODE_STATE=getMsg HTTP/1.1" 200 27
218.81.220.34 - - [16/Feb/2023:08:38:28 +0800] "GET /xingrg/all/function/internal_message.html?_=1676507937396&CODE_STATE=getMsg HTTP/1.1" 200 27
116.192.124.172 - - [16/Feb/2023:08:39:00 +0800] "GET /xingrg/all/function/internal_message.html?_=1676507954741&CODE_STATE=getMsg HTTP/1.1" 200 27
27.115.124.38 - - [16/Feb/2023:08:39:01 +0800] "GET /xingrg/index.html HTTP/1.1" 302 -
27.115.124.38 - - [16/Feb/2023:08:39:01 +0800] "GET /xingrg/login.html HTTP/1.1" 200 2139
27.115.124.38 - - [16/Feb/2023:08:39:01 +0800] "GET /xingrg/index.html HTTP/1.1" 302 -
27.115.124.38 - - [16/Feb/2023:08:39:01 +0800] "GET /xingrg/login.html HTTP/1.1" 200 2139
27.115.124.38 - - [16/Feb/2023:08:39:01 +0800] "GET /xingrg/javascript/mobile/jquery.mobile-1.3.2.min.css HTTP/1.1" 200 94670
27.115.124.6 - - [16/Feb/2023:08:39:01 +0800] "GET /xingrg/javascript/mobile/jquery-1.8.3.min.js HTTP/1.1" 200 93637
27.115.124.45 - - [16/Feb/2023:08:39:02 +0800] "GET /xingrg/javascript/mobile/jquery.mobile-1.3.2.min.js HTTP/1.1" 200 145396
27.115.124.45 - - [16/Feb/2023:08:39:02 +0800] "GET /xingrg/javascript/mobile/images/ajax-loader.gif HTTP/1.1" 200 7825
120.253.135.82 - - [16/Feb/2023:08:39:06 +0800] "GET /xingrg/all/function/internal_message.html?_=1676508087166&CODE_STATE=getMsg HTTP/1.1" 200 27
