120.253.135.82 - - [16/Feb/2023:08:39:07 +0800] "GET /xingrg/all/function/internal_message.html?_=1676507784046&CODE_STATE=getMsg HTTP/1.1" 200 27
116.238.139.35 - - [16/Feb/2023:08:39:08 +0800] "GET /xingrg/all/function/internal_message.html?_=1676507888649&CODE_STATE=getMsg HTTP/1.1" 200 27
221.239.170.112 - - [16/Feb/2023:08:39:10 +0800] "GET /xingrg/all/function/internal_message.html?_=1676507965069&CODE_STATE=getMsg HTTP/1.1" 200 27
116.238.139.35 - - [16/Feb/2023:08:39:28 +0800] "GET /xingrg/check_reg.html?_=1676507908113 HTTP/1.1" 200 22
218.81.220.34 - - [16/Feb/2023:08:39:28 +0800] "GET /xingrg/all/function/internal_message.html?_=1676507997411&CODE_STATE=getMsg HTTP/1.1" 200 27
221.239.170.112 - - [16/Feb/2023:08:39:46 +0800] "GET /xingrg/check_reg.html?_=1676508001187 HTTP/1.1" 200 22
27.115.124.70 - - [16/Feb/2023:08:39:50 +0800] "GET / HTTP/1.1" 404 -
27.115.124.109 - - [16/Feb/2023:08:39:50 +0800] "GET / HTTP/1.1" 404 -
27.115.124.45 - - [16/Feb/2023:08:39:57 +0800] "GET / HTTP/1.1" 404 -
27.115.124.45 - - [16/Feb/2023:08:39:57 +0800] "GET / HTTP/1.1" 404 -
116.192.124.172 - - [16/Feb/2023:08:40:00 +0800] "GET /xingrg/all/function/internal_message.html?_=1676508014734&CODE_STATE=getMsg HTTP/1.1" 200 27
120.253.135.82 - - [16/Feb/2023:08:40:06 +0800] "GET /xingrg/all/function/internal_message.html?_=1676508147172&CODE_STATE=getMsg HTTP/1.1" 200 27
120.253.135.82 - - [16/Feb/2023:08:40:06 +0800] "GET /xingrg/check_reg.html?_=1676508147173 HTTP/1.1" 200 22
120.253.135.82 - - [16/Feb/2023:08:40:07 +0800] "GET /xingrg/all/function/internal_message.html?_=1676507844068&CODE_STATE=getMsg HTTP/1.1" 200 27
116.238.139.35 - - [16/Feb/2023:08:40:09 +0800] "GET /xingrg/all/function/internal_message.html?_=1676507948658&CODE_STATE=getMsg HTTP/1.1" 200 27
221.239.170.112 - - [16/Feb/2023:08:40:10 +0800] "GET /xingrg/all/function/internal_message.html?_=1676508025042&CODE_STATE=getMsg HTTP/1.1" 200 27
116.238.139.35 - - [16/Feb/2023:08:40:13 +0800] "GET /xingrg/kc/buy/cgsh_order_list.html HTTP/1.1" 302 -
116.238.139.35 - - [16/Feb/2023:08:40:13 +0800] "GET /xingrg/login.html HTTP/1.1" 200 7641
116.238.139.35 - - [16/Feb/2023:08:40:13 +0800] "GET /xingrg/login.html HTTP/1.1" 200 7641
116.238.139.35 - - [16/Feb/2023:08:40:13 +0800] "GET /favicon.ico HTTP/1.1" 404 -
116.238.139.35 - - [16/Feb/2023:08:40:15 +0800] "POST /xingrg/login.do HTTP/1.1" 302 -
116.238.139.35 - - [16/Feb/2023:08:40:16 +0800] "GET /xingrg/index.html?sysBaseUrl=http%3A%2F%2F180.169.147.146%3A18081%2Fxingrg%2F&costTime=40×tamp=1676508015980 HTTP/1.1" 200 17177
116.238.139.35 - - [16/Feb/2023:08:40:16 +0800] "POST /xingrg/all/common/load_tree.html?tree=area_rest_tree_json&manage=1 HTTP/1.1" 200 476
116.238.139.35 - - [16/Feb/2023:08:40:16 +0800] "GET /favicon.ico HTTP/1.1" 404 -
116.238.139.35 - - [16/Feb/2023:08:40:16 +0800] "POST /xingrg/load_menu.html HTTP/1.1" 200 5138
116.238.139.35 - - [16/Feb/2023:08:40:16 +0800] "GET /xingrg/check_reg.html?_=1676508031029 HTTP/1.1" 200 22
116.238.139.35 - - [16/Feb/2023:08:40:16 +0800] "GET /xingrg/all/function/internal_message.html?_=1676508031028&CODE_STATE=count HTTP/1.1" 200 11
218.81.220.34 - - [16/Feb/2023:08:40:18 +0800] "GET /xingrg/kc/buy/cgsh_order_add.html HTTP/1.1" 200 69839
218.81.220.34 - - [16/Feb/2023:08:40:18 +0800] "POST /xingrg/kc/buy/cgsh_order_operate.html HTTP/1.1" 200 8245
218.81.220.34 - - [16/Feb/2023:08:40:18 +0800] "GET /xingrg/javascript/easyui/themes/default/validatebox.css HTTP/1.1" 404 1104
124.78.159.25 - - [16/Feb/2023:08:40:18 +0800] "GET /favicon.ico HTTP/1.1" 404 -
116.238.139.35 - - [16/Feb/2023:08:40:21 +0800] "GET /xingrg/kc/buy/cgsh_order_list.html HTTP/1.1" 200 54061
116.238.139.35 - - [16/Feb/2023:08:40:22 +0800] "POST /xingrg/kc/buy/cgsh_list_operate.html HTTP/1.1" 200 986
116.238.139.35 - - [16/Feb/2023:08:40:23 +0800] "GET /xingrg/kc/buy/cgsh_order_add.html HTTP/1.1" 200 69436
116.238.139.35 - - [16/Feb/2023:08:40:23 +0800] "GET /xingrg/words/20230215101832_words.js HTTP/1.1" 304 -
116.238.139.35 - - [16/Feb/2023:08:40:23 +0800] "GET /xingrg/all/common/auto_word.html?type=employee&rest_code=00151 HTTP/1.1" 200 293
116.238.139.35 - - [16/Feb/2023:08:40:23 +0800] "GET /xingrg/javascript/easyui/themes/default/validatebox.css HTTP/1.1" 404 1104
116.238.139.35 - - [16/Feb/2023:08:40:24 +0800] "GET /xingrg/all/common/auto_word.html?type=employee&rest_code=00151 HTTP/1.1" 200 293
116.238.139.35 - - [16/Feb/2023:08:40:24 +0800] "POST /xingrg/kc/buy/cgsh_order_operate.html HTTP/1.1" 200 8245
116.192.124.172 - - [16/Feb/2023:08:40:24 +0800] "GET /xingrg/check_reg.html?_=1676508039450 HTTP/1.1" 200 22
116.238.139.35 - - [16/Feb/2023:08:40:27 +0800] "GET /xingrg/javascript/auto/indicator.gif HTTP/1.1" 404 1066
218.81.220.34 - - [16/Feb/2023:08:40:28 +0800] "GET /xingrg/all/function/internal_message.html?_=1676508057423&CODE_STATE=getMsg HTTP/1.1" 200 27
218.81.220.34 - - [16/Feb/2023:08:40:31 +0800] "GET /xingrg/kc/buy/buy_main.html HTTP/1.1" 200 12412
218.81.220.34 - - [16/Feb/2023:08:40:31 +0800] "GET /xingrg/css/new_ie.css HTTP/1.1" 404 1036
218.81.220.34 - - [16/Feb/2023:08:40:32 +0800] "GET /xingrg/images/yd/bt.gif HTTP/1.1" 404 1040
218.81.220.34 - - [16/Feb/2023:08:40:32 +0800] "GET /xingrg/kc/buy/cgsh_order_list.html HTTP/1.1" 200 54063
218.81.220.34 - - [16/Feb/2023:08:40:33 +0800] "POST /xingrg/kc/buy/cgsh_list_operate.html HTTP/1.1" 200 986
218.81.220.34 - - [16/Feb/2023:08:40:34 +0800] "GET /xingrg/javascript/jquery_easy_ui/themes/default/images/tabs_active.png HTTP/1.1" 304 -
116.238.139.35 - - [16/Feb/2023:08:40:38 +0800] "GET /xingrg/kc/buy/cgsh_order_operate.html?command=get_materiel&rest_code=00151&code=00101016025&supplier_code=00100096&order_time=2023-02-16 HTTP/1.1" 200 409
124.78.159.25 - - [16/Feb/2023:08:40:40 +0800] "GET /xingrg/login.html HTTP/1.1" 200 7641
218.81.220.34 - - [16/Feb/2023:08:40:40 +0800] "GET /xingrg/kc/buy/buy_main.html HTTP/1.1" 200 12412
218.81.220.34 - - [16/Feb/2023:08:40:40 +0800] "GET /xingrg/css/new_ie.css HTTP/1.1" 404 1036
218.81.220.34 - - [16/Feb/2023:08:40:41 +0800] "GET /xingrg/images/yd/bt.gif HTTP/1.1" 404 1040
218.81.220.34 - - [16/Feb/2023:08:40:42 +0800] "GET /xingrg/kc/buy/cgsh_order_list.html HTTP/1.1" 200 54063
218.81.220.34 - - [16/Feb/2023:08:40:43 +0800] "POST /xingrg/kc/buy/cgsh_list_operate.html HTTP/1.1" 200 986
124.78.159.25 - - [16/Feb/2023:08:40:47 +0800] "GET /favicon.ico HTTP/1.1" 404 -
116.238.139.35 - - [16/Feb/2023:08:40:48 +0800] "GET /xingrg/kc/buy/cgsh_order_operate.html?command=get_materiel&rest_code=00151&code=00101012039&supplier_code=00100096&order_time=2023-02-16 HTTP/1.1" 200 408
218.81.220.34 - - [16/Feb/2023:08:40:48 +0800] "GET /xingrg/kc/buy/cgsh_order_add.html HTTP/1.1" 200 69839
218.81.220.34 - - [16/Feb/2023:08:40:49 +0800] "POST /xingrg/kc/buy/cgsh_order_operate.html HTTP/1.1" 200 8245
218.81.220.34 - - [16/Feb/2023:08:40:49 +0800] "GET /xingrg/javascript/easyui/themes/default/validatebox.css HTTP/1.1" 404 1104
124.78.159.25 - - [16/Feb/2023:08:40:49 +0800] "POST /xingrg/login.do HTTP/1.1" 302 -
124.78.159.25 - - [16/Feb/2023:08:40:50 +0800] "GET /xingrg/index.html?sysBaseUrl=http%3A%2F%2F180.169.147.146%3A18081%2Fxingrg%2F&costTime=40×tamp=1676508049966 HTTP/1.1" 200 17173
124.78.159.25 - - [16/Feb/2023:08:40:50 +0800] "GET /favicon.ico HTTP/1.1" 404 -
124.78.159.25 - - [16/Feb/2023:08:40:51 +0800] "POST /xingrg/all/common/load_tree.html?tree=area_rest_tree_json&manage=1 HTTP/1.1" 200 342
124.78.159.25 - - [16/Feb/2023:08:40:51 +0800] "GET /xingrg/all/function/internal_message.html?_=1676508063616&CODE_STATE=count HTTP/1.1" 200 11
124.78.159.25 - - [16/Feb/2023:08:40:51 +0800] "GET /xingrg/check_reg.html?_=1676508063647 HTTP/1.1" 200 22
124.78.159.25 - - [16/Feb/2023:08:40:51 +0800] "POST /xingrg/load_menu.html HTTP/1.1" 200 5138
124.78.159.25 - - [16/Feb/2023:08:40:53 +0800] "GET /xingrg/kc/mdqp/qp_main.html HTTP/1.1" 200 10633
124.78.159.25 - - [16/Feb/2023:08:40:53 +0800] "GET /xingrg/images/yd/bt.gif HTTP/1.1" 404 1040
124.78.159.25 - - [16/Feb/2023:08:40:54 +0800] "GET /xingrg/kc/mdqp/qqps_order_list.html HTTP/1.1" 200 9222
124.78.159.25 - - [16/Feb/2023:08:40:54 +0800] "GET /xingrg/dwr/interface/AjaxQqpsService.js HTTP/1.1" 200 16326
124.78.159.25 - - [16/Feb/2023:08:40:54 +0800] "GET /xingrg/dwr/interface/AjaxReportQueryService.js HTTP/1.1" 200 13203
124.78.159.25 - - [16/Feb/2023:08:40:54 +0800] "GET /xingrg/dwr/engine.js HTTP/1.1" 200 43631
124.78.159.25 - - [16/Feb/2023:08:40:54 +0800] "GET /xingrg/dwr/util.js HTTP/1.1" 304 -
116.238.139.35 - - [16/Feb/2023:08:40:56 +0800] "GET /xingrg/kc/buy/cgsh_order_operate.html?command=get_materiel&rest_code=00151&code=00101016038&supplier_code=00100096&order_time=2023-02-16 HTTP/1.1" 200 408
124.78.159.25 - - [16/Feb/2023:08:40:57 +0800] "POST /xingrg/dwr/call/plaincall/AjaxReportQueryService.getFixDate.dwr HTTP/1.1" 200 111
124.78.159.25 - - [16/Feb/2023:08:40:58 +0800] "GET /xingrg/kc/mdqp/qqps_order_list.html?isQuery=1&timeSelect=1&orderTime=yesterday&startTime=2023-02-15&endTime=2023-02-15&state=all&query=%C8%B7++%B6%A8 HTTP/1.1" 200 11433
124.78.159.25 - - [16/Feb/2023:08:40:58 +0800] "GET /xingrg/dwr/interface/AjaxReportQueryService.js HTTP/1.1" 200 13203
124.78.159.25 - - [16/Feb/2023:08:40:58 +0800] "GET /xingrg/dwr/interface/AjaxQqpsService.js HTTP/1.1" 200 16326
124.78.159.25 - - [16/Feb/2023:08:40:58 +0800] "GET /xingrg/dwr/engine.js HTTP/1.1" 200 43631
101.83.145.75 - - [16/Feb/2023:08:40:58 +0800] "GET /favicon.ico HTTP/1.1" 404 -
101.83.145.75 - - [16/Feb/2023:08:40:58 +0800] "GET /xingrg/index.html?sysBaseUrl=http%3A%2F%2F180.169.147.146%3A18081%2Fxingrg%2F&costTime=36×tamp=1585223203754 HTTP/1.1" 302 -
101.83.145.75 - - [16/Feb/2023:08:40:58 +0800] "GET /xingrg/login.html HTTP/1.1" 200 7641
101.83.145.75 - - [16/Feb/2023:08:40:59 +0800] "GET /favicon.ico HTTP/1.1" 404 -
116.192.124.172 - - [16/Feb/2023:08:41:00 +0800] "GET /xingrg/all/function/internal_message.html?_=1676508074722&CODE_STATE=getMsg HTTP/1.1" 200 27
124.78.159.25 - - [16/Feb/2023:08:41:00 +0800] "GET /xingrg/kc/buy/buy_main.html HTTP/1.1" 200 12412
124.78.159.25 - - [16/Feb/2023:08:41:00 +0800] "GET /xingrg/css/new_ie.css HTTP/1.1" 404 1036
124.78.159.25 - - [16/Feb/2023:08:41:00 +0800] "GET /xingrg/images/yd/bt.gif HTTP/1.1" 404 1040
124.78.159.25 - - [16/Feb/2023:08:41:01 +0800] "GET /xingrg/kc/buy/cgsh_order_list.html HTTP/1.1" 200 54057
116.238.139.35 - - [16/Feb/2023:08:41:03 +0800] "GET /xingrg/kc/buy/cgsh_order_operate.html?command=get_materiel&rest_code=00151&code=00101016051&supplier_code=00100096&order_time=2023-02-16 HTTP/1.1" 200 408
124.78.159.25 - - [16/Feb/2023:08:41:03 +0800] "POST /xingrg/kc/buy/cgsh_list_operate.html HTTP/1.1" 200 986
101.83.145.75 - - [16/Feb/2023:08:41:03 +0800] "POST /xingrg/login.do HTTP/1.1" 200 2421
101.83.145.75 - - [16/Feb/2023:08:41:03 +0800] "GET /xingrg/css/blue.css HTTP/1.1" 304 -
101.83.145.75 - - [16/Feb/2023:08:41:03 +0800] "GET /xingrg/images/blue/pic_top.gif HTTP/1.1" 304 -
101.83.145.75 - - [16/Feb/2023:08:41:03 +0800] "GET /xingrg/images/blue/pic_notice.jpg HTTP/1.1" 304 -
101.83.145.75 - - [16/Feb/2023:08:41:03 +0800] "GET /xingrg/javascript/myfunction.js HTTP/1.1" 304 -
101.83.145.75 - - [16/Feb/2023:08:41:03 +0800] "GET /xingrg/images/blue/error_buttom.gif HTTP/1.1" 304 -
101.83.145.75 - - [16/Feb/2023:08:41:03 +0800] "GET /xingrg/images/blue/error_mid.gif HTTP/1.1" 304 -
101.83.145.75 - - [16/Feb/2023:08:41:03 +0800] "GET /xingrg/images/blue/error_top.gif HTTP/1.1" 304 -
101.83.145.75 - - [16/Feb/2023:08:41:03 +0800] "GET /favicon.ico HTTP/1.1" 404 -
124.78.159.25 - - [16/Feb/2023:08:41:04 +0800] "GET /xingrg/kc/buy/cgsh_order_add.html HTTP/1.1" 200 69839
124.78.159.25 - - [16/Feb/2023:08:41:04 +0800] "GET /xingrg/words/20230215101832_words.js HTTP/1.1" 304 -
101.83.145.75 - - [16/Feb/2023:08:41:04 +0800] "GET /xingrg/login.html HTTP/1.1" 200 7641
124.78.159.25 - - [16/Feb/2023:08:41:04 +0800] "POST /xingrg/kc/buy/cgsh_order_operate.html HTTP/1.1" 200 8245
101.83.145.75 - - [16/Feb/2023:08:41:04 +0800] "GET /favicon.ico HTTP/1.1" 404 -
124.78.159.25 - - [16/Feb/2023:08:41:04 +0800] "GET /xingrg/all/common/auto_word.html?type=employee&rest_code=00106 HTTP/1.1" 200 205
124.78.159.25 - - [16/Feb/2023:08:41:05 +0800] "GET /xingrg/all/common/auto_word.html?type=employee&rest_code=00106 HTTP/1.1" 200 205
124.78.159.25 - - [16/Feb/2023:08:41:05 +0800] "GET /xingrg/javascript/easyui/themes/default/validatebox.css HTTP/1.1" 404 1104
124.78.159.25 - - [16/Feb/2023:08:41:05 +0800] "GET /xingrg/javascript/easyui/themes/default/tree.css HTTP/1.1" 404 1090
101.83.145.75 - - [16/Feb/2023:08:41:05 +0800] "POST /xingrg/login.do HTTP/1.1" 302 -
101.83.145.75 - - [16/Feb/2023:08:41:05 +0800] "GET /xingrg/index.html?sysBaseUrl=http%3A%2F%2F180.169.147.146%3A18081%2Fxingrg%2F&costTime=49×tamp=1676508065661 HTTP/1.1" 200 17173
101.83.145.75 - - [16/Feb/2023:08:41:05 +0800] "GET /xingrg/css/form.css HTTP/1.1" 304 -
101.83.145.75 - - [16/Feb/2023:08:41:05 +0800] "GET /xingrg/javascript/jquery_easy_ui/themes/icon.css HTTP/1.1" 304 -
101.83.145.75 - - [16/Feb/2023:08:41:05 +0800] "GET /xingrg/javascript/jquery_easy_ui/themes/default/easyui.css HTTP/1.1" 304 -
101.83.145.75 - - [16/Feb/2023:08:41:05 +0800] "GET /favicon.ico HTTP/1.1" 404 -
124.78.159.25 - - [16/Feb/2023:08:41:05 +0800] "POST /xingrg/all/common/load_tree.html?tree=supplier_tree_json&isDelete=1 HTTP/1.1" 200 70748
101.83.145.75 - - [16/Feb/2023:08:41:05 +0800] "GET /xingrg/javascript/jquery-1.4.2.min.js HTTP/1.1" 304 -
101.83.145.75 - - [16/Feb/2023:08:41:05 +0800] "GET /xingrg/javascript/jquery.utils.js HTTP/1.1" 304 -
101.83.145.75 - - [16/Feb/2023:08:41:05 +0800] "GET /xingrg/javascript/jquery_easy_ui/jquery.easyui.min.js HTTP/1.1" 304 -
101.83.145.75 - - [16/Feb/2023:08:41:05 +0800] "GET /xingrg/javascript/jquery_easy_ui/easyui-lang-zh_CN.js HTTP/1.1" 304 -
101.83.145.75 - - [16/Feb/2023:08:41:05 +0800] "GET /xingrg/javascript/jquery.form.js HTTP/1.1" 304 -
101.83.145.75 - - [16/Feb/2023:08:41:05 +0800] "GET /xingrg/javascript/jquery.timers.js HTTP/1.1" 304 -
101.83.145.75 - - [16/Feb/2023:08:41:05 +0800] "GET /xingrg/javascript/jquery_easy_ui/themes/icons/settle_new.png HTTP/1.1" 304 -
101.83.145.75 - - [16/Feb/2023:08:41:05 +0800] "GET /xingrg/images/blue/navBackgound.jpg HTTP/1.1" 304 -
101.83.145.75 - - [16/Feb/2023:08:41:05 +0800] "POST /xingrg/all/common/load_tree.html?tree=area_rest_tree_json&manage=1 HTTP/1.1" 200 3499
101.83.145.75 - - [16/Feb/2023:08:41:06 +0800] "GET /xingrg/all/function/internal_message.html?_=1676508080828&CODE_STATE=count HTTP/1.1" 200 11
101.83.145.75 - - [16/Feb/2023:08:41:06 +0800] "GET /xingrg/check_reg.html?_=1676508080828 HTTP/1.1" 200 22
101.83.145.75 - - [16/Feb/2023:08:41:06 +0800] "GET /xingrg/images/blue/pingpu.png HTTP/1.1" 304 -
101.83.145.75 - - [16/Feb/2023:08:41:06 +0800] "GET /xingrg/javascript/jquery_easy_ui/themes/default/images/tabs_leftarrow.png HTTP/1.1" 304 -
101.83.145.75 - - [16/Feb/2023:08:41:06 +0800] "GET /xingrg/javascript/jquery_easy_ui/themes/default/images/tabs_rightarrow.png HTTP/1.1" 304 -
101.83.145.75 - - [16/Feb/2023:08:41:06 +0800] "GET /xingrg/javascript/jquery_easy_ui/themes/default/images/panel_tool_collapse.gif HTTP/1.1" 304 -
101.83.145.75 - - [16/Feb/2023:08:41:06 +0800] "POST /xingrg/load_menu.html HTTP/1.1" 200 5138
101.83.145.75 - - [16/Feb/2023:08:41:06 +0800] "GET /xingrg/javascript/jquery_easy_ui/themes/default/images/tree_arrows.gif HTTP/1.1" 304 -
101.83.145.75 - - [16/Feb/2023:08:41:06 +0800] "GET /xingrg/javascript/jquery_easy_ui/themes/default/images/tree_folder_open.gif HTTP/1.1" 304 -
101.83.145.75 - - [16/Feb/2023:08:41:06 +0800] "GET /xingrg/javascript/jquery_easy_ui/themes/icons/search_new.png HTTP/1.1" 304 -
101.83.145.75 - - [16/Feb/2023:08:41:06 +0800] "GET /xingrg/javascript/jquery_easy_ui/themes/default/images/tree_folder.gif HTTP/1.1" 304 -
101.83.145.75 - - [16/Feb/2023:08:41:06 +0800] "GET /xingrg/javascript/jquery_easy_ui/themes/icons/storage_new.png HTTP/1.1" 304 -
101.83.145.75 - - [16/Feb/2023:08:41:06 +0800] "GET /xingrg/javascript/jquery_easy_ui/themes/icons/forms_new.png HTTP/1.1" 304 -
101.83.145.75 - - [16/Feb/2023:08:41:06 +0800] "GET /xingrg/javascript/jquery_easy_ui/themes/default/images/tree_file.gif HTTP/1.1" 304 -
120.253.135.82 - - [16/Feb/2023:08:41:07 +0800] "GET /xingrg/all/function/internal_message.html?_=1676507904074&CODE_STATE=getMsg HTTP/1.1" 200 27
120.253.135.82 - - [16/Feb/2023:08:41:07 +0800] "GET /xingrg/all/function/internal_message.html?_=1676508208016&CODE_STATE=getMsg HTTP/1.1" 200 27
116.238.139.35 - - [16/Feb/2023:08:41:08 +0800] "GET /xingrg/all/function/internal_message.html?_=1676508008671&CODE_STATE=getMsg HTTP/1.1" 200 27
221.239.170.112 - - [16/Feb/2023:08:41:10 +0800] "GET /xingrg/all/function/internal_message.html?_=1676508085029&CODE_STATE=getMsg HTTP/1.1" 200 27
116.238.139.35 - - [16/Feb/2023:08:41:11 +0800] "GET /xingrg/kc/buy/cgsh_order_operate.html?command=get_materiel&rest_code=00151&code=00101012044&supplier_code=00100096&order_time=2023-02-16 HTTP/1.1" 200 410
101.83.145.75 - - [16/Feb/2023:08:41:14 +0800] "GET /xingrg/javascript/jquery_easy_ui/themes/default/images/tabs_close.gif HTTP/1.1" 304 -
101.83.145.75 - - [16/Feb/2023:08:41:14 +0800] "GET /xingrg/css/site.css HTTP/1.1" 304 -
101.83.145.75 - - [16/Feb/2023:08:41:14 +0800] "GET /xingrg/javascript/easyui/themes/icon.css HTTP/1.1" 304 -
101.83.145.75 - - [16/Feb/2023:08:41:14 +0800] "GET /xingrg/javascript/easyui/themes/default/easyui.css HTTP/1.1" 304 -
101.83.145.75 - - [16/Feb/2023:08:41:14 +0800] "GET /xingrg/javascript/jquery_tools/datebox.css HTTP/1.1" 304 -
101.83.145.75 - - [16/Feb/2023:08:41:14 +0800] "GET /xingrg/javascript/jquery_tools/fix.css HTTP/1.1" 304 -
101.83.145.75 - - [16/Feb/2023:08:41:14 +0800] "GET /xingrg/javascript/auto/jquery.autocomplete.css HTTP/1.1" 304 -
101.83.145.75 - - [16/Feb/2023:08:41:14 +0800] "GET /xingrg/javascript/jquery_tools/jquery.tools.min.js HTTP/1.1" 304 -
101.83.145.75 - - [16/Feb/2023:08:41:14 +0800] "GET /xingrg/javascript/jquery_tools/jquery.tools.hotkey.js HTTP/1.1" 304 -
101.83.145.75 - - [16/Feb/2023:08:41:14 +0800] "GET /xingrg/javascript/jquery_tools/table.css HTTP/1.1" 304 -
101.83.145.75 - - [16/Feb/2023:08:41:14 +0800] "GET /xingrg/javascript/jquery_tools/jquery.tools.extend.js HTTP/1.1" 304 -
101.83.145.75 - - [16/Feb/2023:08:41:14 +0800] "GET /xingrg/javascript/jquery_tools/jquery.tools.table.js HTTP/1.1" 304 -
101.83.145.75 - - [16/Feb/2023:08:41:14 +0800] "GET /xingrg/javascript/auto/jquery.autocomplete.js HTTP/1.1" 304 -
101.83.145.75 - - [16/Feb/2023:08:41:14 +0800] "GET /xingrg/javascript/easyui/easyloader.js HTTP/1.1" 304 -
101.83.145.75 - - [16/Feb/2023:08:41:14 +0800] "GET /xingrg/css/base.css HTTP/1.1" 304 -
101.83.145.75 - - [16/Feb/2023:08:41:14 +0800] "GET /xingrg/javascript/jquery_tools/list_manager.js HTTP/1.1" 304 -
101.83.145.75 - - [16/Feb/2023:08:41:14 +0800] "GET /xingrg/javascript/jquery.cookie.js HTTP/1.1" 304 -
101.83.145.75 - - [16/Feb/2023:08:41:14 +0800] "GET /xingrg/javascript/print/LodopFuncs.js HTTP/1.1" 304 -
101.83.145.75 - - [16/Feb/2023:08:41:14 +0800] "GET /xingrg/kc/buy/cgsh_order_list.html HTTP/1.1" 200 54057
101.83.145.75 - - [16/Feb/2023:08:41:15 +0800] "GET /xingrg/javascript/easyui/themes/icons/cance_new.png HTTP/1.1" 304 -
101.83.145.75 - - [16/Feb/2023:08:41:15 +0800] "GET /xingrg/javascript/easyui/themes/icons/check_new.png HTTP/1.1" 304 -
101.83.145.75 - - [16/Feb/2023:08:41:15 +0800] "GET /xingrg/javascript/easyui/themes/icons/edit_add_new.png HTTP/1.1" 304 -
101.83.145.75 - - [16/Feb/2023:08:41:15 +0800] "GET /xingrg/javascript/easyui/themes/icons/field_new.png HTTP/1.1" 304 -
101.83.145.75 - - [16/Feb/2023:08:41:15 +0800] "GET /xingrg/javascript/easyui/themes/icons/import_new.png HTTP/1.1" 304 -
101.83.145.75 - - [16/Feb/2023:08:41:15 +0800] "GET /xingrg/javascript/easyui/plugins/jquery.parser.js HTTP/1.1" 304 -
101.83.145.75 - - [16/Feb/2023:08:41:15 +0800] "GET /xingrg/images/control/ajaxLoader.gif HTTP/1.1" 304 -
124.78.159.25 - - [16/Feb/2023:08:41:15 +0800] "GET /xingrg/javascript/auto/indicator.gif HTTP/1.1" 404 1066
101.83.145.75 - - [16/Feb/2023:08:41:16 +0800] "POST /xingrg/kc/buy/cgsh_list_operate.html HTTP/1.1" 200 986
101.83.145.75 - - [16/Feb/2023:08:41:16 +0800] "GET /xingrg/javascript/easyui/themes/default/images/button_plain_hover.png HTTP/1.1" 304 -
116.238.139.35 - - [16/Feb/2023:08:41:16 +0800] "GET /xingrg/all/function/internal_message.html?_=1676508091039&CODE_STATE=getMsg HTTP/1.1" 200 27
101.83.145.75 - - [16/Feb/2023:08:41:16 +0800] "GET /xingrg/javascript/pic_change.js HTTP/1.1" 304 -
101.83.145.75 - - [16/Feb/2023:08:41:16 +0800] "GET /xingrg/javascript/jquery_tools/order_manager.js HTTP/1.1" 304 -
101.83.145.75 - - [16/Feb/2023:08:41:16 +0800] "GET /xingrg/javascript/json2.js HTTP/1.1" 304 -
101.83.145.75 - - [16/Feb/2023:08:41:16 +0800] "GET /xingrg/javascript/convert.js HTTP/1.1" 304 -
101.83.145.75 - - [16/Feb/2023:08:41:16 +0800] "GET /xingrg/javascript/print/kc_print.js HTTP/1.1" 304 -
101.83.145.75 - - [16/Feb/2023:08:41:16 +0800] "GET /xingrg/kc/buy/cgsh_order_add.html HTTP/1.1" 200 69921
101.83.145.75 - - [16/Feb/2023:08:41:17 +0800] "GET /xingrg/words/20230215101832_words.js HTTP/1.1" 200 946216
101.83.145.75 - - [16/Feb/2023:08:41:17 +0800] "GET /xingrg/javascript/easyui/themes/icons/ok.png HTTP/1.1" 304 -
101.83.145.75 - - [16/Feb/2023:08:41:17 +0800] "GET /xingrg/javascript/easyui/themes/icons/template_new.png HTTP/1.1" 304 -
101.83.145.75 - - [16/Feb/2023:08:41:17 +0800] "GET /xingrg/javascript/easyui/themes/icons/copy_new.png HTTP/1.1" 304 -
101.83.145.75 - - [16/Feb/2023:08:41:17 +0800] "GET /xingrg/javascript/easyui/themes/default/images/menu_downarrow.png HTTP/1.1" 304 -
101.83.145.75 - - [16/Feb/2023:08:41:17 +0800] "GET /xingrg/javascript/easyui/themes/icons/print.png HTTP/1.1" 304 -
101.83.145.75 - - [16/Feb/2023:08:41:17 +0800] "GET /xingrg/javascript/easyui/themes/icons/cancel.png HTTP/1.1" 304 -
101.83.145.75 - - [16/Feb/2023:08:41:17 +0800] "GET /xingrg/all/common/auto_word.html?type=employee&rest_code=00105 HTTP/1.1" 200 193
101.83.145.75 - - [16/Feb/2023:08:41:17 +0800] "GET /xingrg/all/common/auto_word.html?type=employee&rest_code=00105 HTTP/1.1" 200 193
101.83.145.75 - - [16/Feb/2023:08:41:17 +0800] "GET /xingrg/javascript/easyui/themes/default/validatebox.css HTTP/1.1" 404 1104
101.83.145.75 - - [16/Feb/2023:08:41:17 +0800] "GET /xingrg/javascript/easyui/plugins/jquery.validatebox.js HTTP/1.1" 304 -
101.83.145.75 - - [16/Feb/2023:08:41:17 +0800] "POST /xingrg/kc/buy/cgsh_order_operate.html HTTP/1.1" 200 8245
101.83.145.75 - - [16/Feb/2023:08:41:17 +0800] "GET /xingrg/javascript/easyui/plugins/jquery.numberbox.js HTTP/1.1" 304 -
101.83.145.75 - - [16/Feb/2023:08:41:17 +0800] "GET /xingrg/javascript/easyui/themes/icons/edit_remove.png HTTP/1.1" 304 -
101.83.145.75 - - [16/Feb/2023:08:41:19 +0800] "GET /xingrg/javascript/auto/indicator.gif HTTP/1.1" 404 1066
124.78.159.25 - - [16/Feb/2023:08:41:20 +0800] "GET /xingrg/kc/buy/cgsh_order_operate.html?command=get_materiel&rest_code=00106&code=00101008091&supplier_code=00100007&order_time=2023-02-16 HTTP/1.1" 200 413
114.83.218.175 - - [16/Feb/2023:08:41:25 +0800] "POST /xingrg/services/DataTransmitService HTTP/1.1" 200 524
218.81.220.34 - - [16/Feb/2023:08:41:28 +0800] "GET /xingrg/check_reg.html?_=1676508117414 HTTP/1.1" 200 22
218.81.220.34 - - [16/Feb/2023:08:41:28 +0800] "GET /xingrg/all/function/internal_message.html?_=1676508117437&CODE_STATE=getMsg HTTP/1.1" 200 27
101.83.145.75 - - [16/Feb/2023:08:41:28 +0800] "GET /xingrg/kc/buy/cgsh_order_operate.html?command=get_materiel&rest_code=00105&code=00101008091&supplier_code=&order_time=2023-02-16 HTTP/1.1" 200 413
124.78.159.25 - - [16/Feb/2023:08:41:29 +0800] "GET /xingrg/kc/buy/cgsh_order_operate.html?command=get_materiel&rest_code=00106&code=00101008234&supplier_code=00100007&order_time=2023-02-16 HTTP/1.1" 200 408
124.78.159.25 - - [16/Feb/2023:08:41:36 +0800] "GET /xingrg/kc/buy/cgsh_order_operate.html?command=get_materiel&rest_code=00106&code=00101008155&supplier_code=00100007&order_time=2023-02-16 HTTP/1.1" 200 408
116.238.139.35 - - [16/Feb/2023:08:41:38 +0800] "GET /xingrg/kc/buy/cgsh_order_operate.html?command=get_materiel&rest_code=00151&code=00101006279&supplier_code=00100096&order_time=2023-02-16 HTTP/1.1" 200 411
101.83.145.75 - - [16/Feb/2023:08:41:40 +0800] "GET /xingrg/kc/buy/cgsh_order_operate.html?command=get_materiel&rest_code=00105&code=00101008163&supplier_code=&order_time=2023-02-16 HTTP/1.1" 200 409
124.78.159.25 - - [16/Feb/2023:08:41:43 +0800] "GET /xingrg/kc/buy/cgsh_order_operate.html?command=get_materiel&rest_code=00106&code=00101008112&supplier_code=00100007&order_time=2023-02-16 HTTP/1.1" 200 412
218.81.220.34 - - [16/Feb/2023:08:41:46 +0800] "GET /xingrg/kc/buy/cgsh_order_operate.html?command=get_materiel&rest_code=00146&code=00101008355&supplier_code=00100005&order_time=2023-02-16 HTTP/1.1" 200 408
116.238.139.35 - - [16/Feb/2023:08:41:47 +0800] "GET /xingrg/kc/buy/cgsh_order_operate.html?command=get_materiel&rest_code=00151&code=00101010711&supplier_code=00100096&order_time=2023-02-16 HTTP/1.1" 200 406
124.78.159.25 - - [16/Feb/2023:08:41:51 +0800] "GET /xingrg/all/function/internal_message.html?_=1676508123669&CODE_STATE=getMsg HTTP/1.1" 200 27
124.78.159.25 - - [16/Feb/2023:08:41:52 +0800] "GET /xingrg/kc/buy/cgsh_order_operate.html?command=get_materiel&rest_code=00106&code=00101008354&supplier_code=00100007&order_time=2023-02-16 HTTP/1.1" 200 412
116.192.124.172 - - [16/Feb/2023:08:42:00 +0800] "GET /xingrg/all/function/internal_message.html?_=1676508134718&CODE_STATE=getMsg HTTP/1.1" 200 27
124.78.159.25 - - [16/Feb/2023:08:42:00 +0800] "GET /favicon.ico HTTP/1.1" 404 -
116.238.139.35 - - [16/Feb/2023:08:42:03 +0800] "GET /xingrg/kc/buy/cgsh_order_operate.html?command=get_materiel&rest_code=00151&code=00101006112&supplier_code=00100096&order_time=2023-02-16 HTTP/1.1" 200 409
124.78.159.25 - - [16/Feb/2023:08:42:04 +0800] "GET /favicon.ico HTTP/1.1" 404 -
124.78.159.25 - - [16/Feb/2023:08:42:05 +0800] "GET /xingrg/kc/buy/cgsh_order_operate.html?command=get_materiel&rest_code=00106&code=00101008351&supplier_code=00100007&order_time=2023-02-16 HTTP/1.1" 200 408
101.83.145.75 - - [16/Feb/2023:08:42:06 +0800] "GET /xingrg/all/function/internal_message.html?_=1676508140861&CODE_STATE=getMsg HTTP/1.1" 200 27
218.81.220.34 - - [16/Feb/2023:08:42:06 +0800] "GET /xingrg/kc/buy/cgsh_order_operate.html?command=get_materiel&rest_code=00146&code=00101008137&supplier_code=00100005&order_time=2023-02-16 HTTP/1.1" 200 408
120.253.135.82 - - [16/Feb/2023:08:42:06 +0800] "GET /xingrg/check_reg.html?_=1676507963328 HTTP/1.1" 200 22
120.253.135.82 - - [16/Feb/2023:08:42:07 +0800] "GET /xingrg/all/function/internal_message.html?_=1676507964087&CODE_STATE=getMsg HTTP/1.1" 200 27
120.253.135.82 - - [16/Feb/2023:08:42:07 +0800] "GET /xingrg/all/function/internal_message.html?_=1676508268033&CODE_STATE=getMsg HTTP/1.1" 200 27
116.238.139.35 - - [16/Feb/2023:08:42:08 +0800] "GET /xingrg/all/function/internal_message.html?_=1676508068706&CODE_STATE=getMsg HTTP/1.1" 200 27
221.239.170.112 - - [16/Feb/2023:08:42:10 +0800] "GET /xingrg/all/function/internal_message.html?_=1676508145014&CODE_STATE=getMsg HTTP/1.1" 200 27
124.78.159.25 - - [16/Feb/2023:08:42:13 +0800] "GET /xingrg/kc/buy/cgsh_order_operate.html?command=get_materiel&rest_code=00106&code=00101008110&supplier_code=00100007&order_time=2023-02-16 HTTP/1.1" 200 408
116.238.139.35 - - [16/Feb/2023:08:42:16 +0800] "GET /xingrg/all/function/internal_message.html?_=1676508151046&CODE_STATE=getMsg HTTP/1.1" 200 27
116.238.139.35 - - [16/Feb/2023:08:42:19 +0800] "GET /xingrg/kc/buy/cgsh_order_operate.html?command=get_materiel&rest_code=00151&code=00101006013&supplier_code=00100096&order_time=2023-02-16 HTTP/1.1" 200 411
124.78.159.25 - - [16/Feb/2023:08:42:20 +0800] "GET /xingrg/kc/buy/cgsh_order_operate.html?command=get_materiel&rest_code=00106&code=00101008096&supplier_code=00100007&order_time=2023-02-16 HTTP/1.1" 200 412
101.83.145.75 - - [16/Feb/2023:08:42:25 +0800] "GET /xingrg/kc/buy/cgsh_order_operate.html?command=get_materiel&rest_code=00105&code=00101008256&supplier_code=&order_time=2023-02-16 HTTP/1.1" 200 413
218.81.220.34 - - [16/Feb/2023:08:42:25 +0800] "GET /xingrg/kc/buy/cgsh_order_operate.html?command=get_materiel&rest_code=00146&code=00101008059&supplier_code=00100005&order_time=2023-02-16 HTTP/1.1" 200 408
218.81.220.34 - - [16/Feb/2023:08:42:28 +0800] "GET /xingrg/all/function/internal_message.html?_=1676508177450&CODE_STATE=getMsg HTTP/1.1" 200 27
124.78.159.25 - - [16/Feb/2023:08:42:30 +0800] "GET /xingrg/kc/buy/cgsh_order_operate.html?command=get_materiel&rest_code=00106&code=00101008163&supplier_code=00100007&order_time=2023-02-16 HTTP/1.1" 200 409
124.78.159.25 - - [16/Feb/2023:08:42:39 +0800] "GET /xingrg/kc/buy/cgsh_order_operate.html?command=get_materiel&rest_code=00106&code=00101008148&supplier_code=00100007&order_time=2023-02-16 HTTP/1.1" 200 416
218.81.220.34 - - [16/Feb/2023:08:42:42 +0800] "GET /xingrg/kc/buy/cgsh_order_operate.html?command=get_materiel&rest_code=00146&code=00101008169&supplier_code=00100005&order_time=2023-02-16 HTTP/1.1" 200 412
124.78.159.25 - - [16/Feb/2023:08:42:46 +0800] "GET /xingrg/kc/buy/cgsh_order_operate.html?command=get_materiel&rest_code=00106&code=00101008264&supplier_code=00100007&order_time=2023-02-16 HTTP/1.1" 200 412
116.238.139.35 - - [16/Feb/2023:08:42:50 +0800] "POST /xingrg/kc/buy/cgsh_order_operate.html HTTP/1.1" 200 37
124.78.159.25 - - [16/Feb/2023:08:42:51 +0800] "GET /xingrg/all/function/internal_message.html?_=1676508183658&CODE_STATE=getMsg HTTP/1.1" 200 27
116.238.139.35 - - [16/Feb/2023:08:42:54 +0800] "POST /xingrg/kc/buy/cgsh_order_operate.html HTTP/1.1" 200 12
124.78.159.25 - - [16/Feb/2023:08:42:54 +0800] "GET /xingrg/kc/buy/cgsh_order_operate.html?command=get_materiel&rest_code=00106&code=00101008562&supplier_code=00100007&order_time=2023-02-16 HTTP/1.1" 200 409
116.238.139.35 - - [16/Feb/2023:08:42:55 +0800] "GET /xingrg/kc/buy/cgsh_order_info.html?code=212023021605124 HTTP/1.1" 200 64329
116.238.139.35 - - [16/Feb/2023:08:42:56 +0800] "GET /xingrg/javascript/easyui/themes/default/validatebox.css HTTP/1.1" 404 1104
116.238.139.35 - - [16/Feb/2023:08:42:56 +0800] "POST /xingrg/kc/buy/cgsh_order_operate.html HTTP/1.1" 200 5383
116.238.139.35 - - [16/Feb/2023:08:42:58 +0800] "GET /xingrg/kc/print/load_config.html?kc_code=cgsh HTTP/1.1" 200 1943
116.238.139.35 - - [16/Feb/2023:08:42:58 +0800] "GET /xingrg/kc/print/load_data.html?order_code=212023021605124&kc_code=cgsh&condition= HTTP/1.1" 200 2520
116.192.124.172 - - [16/Feb/2023:08:42:59 +0800] "GET /xingrg/all/function/internal_message.html?_=1676508194699&CODE_STATE=getMsg HTTP/1.1" 200 27
124.78.159.25 - - [16/Feb/2023:08:43:03 +0800] "GET /xingrg/kc/buy/cgsh_order_operate.html?command=get_materiel&rest_code=00106&code=00101008360&supplier_code=00100007&order_time=2023-02-16 HTTP/1.1" 200 413
218.81.220.34 - - [16/Feb/2023:08:43:03 +0800] "GET /xingrg/kc/buy/cgsh_order_operate.html?command=get_materiel&rest_code=00146&code=00101008502&supplier_code=00100005&order_time=2023-02-16 HTTP/1.1" 200 412
101.83.145.75 - - [16/Feb/2023:08:43:06 +0800] "GET /xingrg/all/function/internal_message.html?_=1676508200831&CODE_STATE=getMsg HTTP/1.1" 200 27
120.253.135.82 - - [16/Feb/2023:08:43:07 +0800] "GET /xingrg/all/function/internal_message.html?_=1676508024102&CODE_STATE=getMsg HTTP/1.1" 200 27
120.253.135.82 - - [16/Feb/2023:08:43:07 +0800] "GET /xingrg/all/function/internal_message.html?_=1676508328027&CODE_STATE=getMsg HTTP/1.1" 200 27
116.238.139.35 - - [16/Feb/2023:08:43:08 +0800] "GET /xingrg/all/function/internal_message.html?_=1676508128714&CODE_STATE=getMsg HTTP/1.1" 200 27
221.239.170.112 - - [16/Feb/2023:08:43:10 +0800] "GET /xingrg/all/function/internal_message.html?_=1676508205004&CODE_STATE=getMsg HTTP/1.1" 200 27
124.78.159.25 - - [16/Feb/2023:08:43:11 +0800] "GET /xingrg/kc/buy/cgsh_order_operate.html?command=get_materiel&rest_code=00106&code=00101008230&supplier_code=00100007&order_time=2023-02-16 HTTP/1.1" 200 408
116.238.139.35 - - [16/Feb/2023:08:43:16 +0800] "GET /xingrg/all/function/internal_message.html?_=1676508211044&CODE_STATE=getMsg HTTP/1.1" 200 27
116.238.139.35 - - [16/Feb/2023:08:43:21 +0800] "POST /xingrg/all/user/operate.html HTTP/1.1" 200 36
116.238.139.35 - - [16/Feb/2023:08:43:21 +0800] "GET /xingrg/index.html?sysBaseUrl=http%3A%2F%2F180.169.147.146%3A18081%2Fxingrg%2F&costTime=40×tamp=1676508015980 HTTP/1.1" 200 17179
116.238.139.35 - - [16/Feb/2023:08:43:21 +0800] "GET /xingrg/javascript/jquery_easy_ui/themes/default/easyui.css HTTP/1.1" 304 -
116.238.139.35 - - [16/Feb/2023:08:43:21 +0800] "GET /xingrg/javascript/jquery_easy_ui/themes/icon.css HTTP/1.1" 304 -
116.238.139.35 - - [16/Feb/2023:08:43:21 +0800] "GET /xingrg/css/form.css HTTP/1.1" 304 -
116.238.139.35 - - [16/Feb/2023:08:43:21 +0800] "GET /xingrg/javascript/jquery-1.4.2.min.js HTTP/1.1" 304 -
116.238.139.35 - - [16/Feb/2023:08:43:21 +0800] "GET /xingrg/javascript/jquery_easy_ui/jquery.easyui.min.js HTTP/1.1" 304 -
116.238.139.35 - - [16/Feb/2023:08:43:21 +0800] "GET /xingrg/javascript/jquery_easy_ui/easyui-lang-zh_CN.js HTTP/1.1" 304 -
116.238.139.35 - - [16/Feb/2023:08:43:21 +0800] "GET /xingrg/javascript/jquery.form.js HTTP/1.1" 304 -
116.238.139.35 - - [16/Feb/2023:08:43:21 +0800] "GET /xingrg/javascript/jquery.utils.js HTTP/1.1" 304 -
116.238.139.35 - - [16/Feb/2023:08:43:21 +0800] "GET /xingrg/javascript/jquery.timers.js HTTP/1.1" 304 -
218.81.220.34 - - [16/Feb/2023:08:43:21 +0800] "POST /xingrg/kc/buy/cgsh_order_operate.html HTTP/1.1" 200 37
116.238.139.35 - - [16/Feb/2023:08:43:21 +0800] "GET /xingrg/images/blue/jxLogo.png HTTP/1.1" 304 -
116.238.139.35 - - [16/Feb/2023:08:43:21 +0800] "GET /xingrg/images/blue/navBackgound.jpg HTTP/1.1" 304 -
116.238.139.35 - - [16/Feb/2023:08:43:21 +0800] "POST /xingrg/all/common/load_tree.html?tree=area_rest_tree_json&manage=1 HTTP/1.1" 200 476
116.238.139.35 - - [16/Feb/2023:08:43:21 +0800] "GET /xingrg/all/function/internal_message.html?_=1676508216453&CODE_STATE=count HTTP/1.1" 200 11
116.238.139.35 - - [16/Feb/2023:08:43:21 +0800] "POST /xingrg/load_menu.html HTTP/1.1" 200 5138
116.238.139.35 - - [16/Feb/2023:08:43:21 +0800] "GET /xingrg/javascript/jquery_easy_ui/themes/icons/settle_new.png HTTP/1.1" 304 -
116.238.139.35 - - [16/Feb/2023:08:43:21 +0800] "GET /xingrg/javascript/jquery_easy_ui/themes/icons/storage_new.png HTTP/1.1" 304 -
116.238.139.35 - - [16/Feb/2023:08:43:21 +0800] "GET /xingrg/javascript/jquery_easy_ui/themes/icons/forms_new.png HTTP/1.1" 304 -
116.238.139.35 - - [16/Feb/2023:08:43:21 +0800] "GET /xingrg/javascript/jquery_easy_ui/themes/default/images/tree_arrows.gif HTTP/1.1" 304 -
116.238.139.35 - - [16/Feb/2023:08:43:21 +0800] "GET /xingrg/javascript/jquery_easy_ui/themes/default/images/tree_folder_open.gif HTTP/1.1" 304 -
116.238.139.35 - - [16/Feb/2023:08:43:21 +0800] "GET /xingrg/javascript/jquery_easy_ui/themes/default/images/tree_folder.gif HTTP/1.1" 304 -
116.238.139.35 - - [16/Feb/2023:08:43:21 +0800] "GET /xingrg/check_reg.html?_=1676508216453 HTTP/1.1" 200 22
116.238.139.35 - - [16/Feb/2023:08:43:21 +0800] "GET /xingrg/javascript/jquery_easy_ui/themes/default/images/tabs_leftarrow.png HTTP/1.1" 304 -
116.238.139.35 - - [16/Feb/2023:08:43:21 +0800] "GET /xingrg/javascript/jquery_easy_ui/themes/default/images/tabs_rightarrow.png HTTP/1.1" 304 -
116.238.139.35 - - [16/Feb/2023:08:43:21 +0800] "GET /xingrg/images/blue/pingpu.png HTTP/1.1" 304 -
116.238.139.35 - - [16/Feb/2023:08:43:21 +0800] "GET /xingrg/javascript/jquery_easy_ui/themes/default/images/panel_tool_collapse.gif HTTP/1.1" 304 -
116.238.139.35 - - [16/Feb/2023:08:43:21 +0800] "GET /xingrg/javascript/jquery_easy_ui/themes/default/images/tree_file.gif HTTP/1.1" 304 -
116.238.139.35 - - [16/Feb/2023:08:43:22 +0800] "GET /xingrg/javascript/jquery_easy_ui/themes/icons/search_new.png HTTP/1.1" 304 -
124.78.159.25 - - [16/Feb/2023:08:43:22 +0800] "GET /xingrg/kc/buy/cgsh_order_operate.html?command=get_materiel&rest_code=00106&code=00101008286&supplier_code=00100007&order_time=2023-02-16 HTTP/1.1" 200 408
218.81.220.34 - - [16/Feb/2023:08:43:23 +0800] "POST /xingrg/kc/buy/cgsh_order_operate.html HTTP/1.1" 200 6201
116.238.139.35 - - [16/Feb/2023:08:43:24 +0800] "GET /xingrg/kc/buy/cgsh_order_list.html HTTP/1.1" 200 54063
116.238.139.35 - - [16/Feb/2023:08:43:25 +0800] "POST /xingrg/kc/buy/cgsh_list_operate.html HTTP/1.1" 200 986
116.238.139.35 - - [16/Feb/2023:08:43:26 +0800] "GET /xingrg/kc/buy/cgsh_order_add.html HTTP/1.1" 200 69839
116.238.139.35 - - [16/Feb/2023:08:43:27 +0800] "POST /xingrg/kc/buy/cgsh_order_operate.html HTTP/1.1" 200 8245
116.238.139.35 - - [16/Feb/2023:08:43:27 +0800] "GET /xingrg/javascript/easyui/themes/default/validatebox.css HTTP/1.1" 404 1104
116.238.139.35 - - [16/Feb/2023:08:43:27 +0800] "GET /xingrg/all/common/auto_word.html?type=employee&rest_code=00150 HTTP/1.1" 200 159
116.238.139.35 - - [16/Feb/2023:08:43:27 +0800] "GET /xingrg/all/common/auto_word.html?type=employee&rest_code=00150 HTTP/1.1" 200 159
218.81.220.34 - - [16/Feb/2023:08:43:28 +0800] "GET /xingrg/all/function/internal_message.html?_=1676508237465&CODE_STATE=getMsg HTTP/1.1" 200 27
124.78.159.25 - - [16/Feb/2023:08:43:31 +0800] "GET /xingrg/kc/buy/cgsh_order_operate.html?command=get_materiel&rest_code=00106&code=00101008036&supplier_code=00100007&order_time=2023-02-16 HTTP/1.1" 200 408
116.238.139.35 - - [16/Feb/2023:08:43:31 +0800] "GET /xingrg/javascript/auto/indicator.gif HTTP/1.1" 404 1066
218.81.220.34 - - [16/Feb/2023:08:43:34 +0800] "GET /xingrg/kc/buy/cgsh_order_operate.html?command=get_materiel&rest_code=00146&code=00101008091&supplier_code=00100005&order_time=2023-02-16 HTTP/1.1" 200 413
124.78.159.25 - - [16/Feb/2023:08:43:39 +0800] "GET /xingrg/kc/buy/cgsh_order_operate.html?command=get_materiel&rest_code=00106&code=00101008352&supplier_code=00100007&order_time=2023-02-16 HTTP/1.1" 200 412
116.238.139.35 - - [16/Feb/2023:08:43:40 +0800] "GET /xingrg/kc/buy/cgsh_order_operate.html?command=get_materiel&rest_code=00150&code=00101016071&supplier_code=00100096&order_time=2023-02-16 HTTP/1.1" 200 416
124.78.159.25 - - [16/Feb/2023:08:43:49 +0800] "POST /xingrg/kc/buy/cgsh_order_operate.html HTTP/1.1" 200 37
180.163.30.27 - - [16/Feb/2023:08:43:52 +0800] "GET /xingrg/kc/buy/cgsh_order_operate.html?command=get_materiel&rest_code=00106&code=00101008562&supplier_code=00100007&order_time=2023-02-16 HTTP/1.1" 302 -
124.78.159.25 - - [16/Feb/2023:08:43:52 +0800] "POST /xingrg/kc/buy/cgsh_order_operate.html HTTP/1.1" 200 12106
180.163.30.27 - - [16/Feb/2023:08:43:55 +0800] "GET /xingrg/login.html HTTP/1.1" 200 7641
218.81.220.34 - - [16/Feb/2023:08:43:57 +0800] "GET /xingrg/kc/buy/cgsh_order_operate.html?command=get_materiel&rest_code=00146&code=00101008027&supplier_code=00100005&order_time=2023-02-16 HTTP/1.1" 200 408
124.78.159.25 - - [16/Feb/2023:08:43:58 +0800] "GET /xingrg/kc/buy/cgsh_order_operate.html?command=get_materiel&rest_code=00106&code=00101008098&supplier_code=00100007&order_time=2023-02-16 HTTP/1.1" 200 412
116.192.124.172 - - [16/Feb/2023:08:43:59 +0800] "GET /xingrg/all/function/internal_message.html?_=1676508254673&CODE_STATE=getMsg HTTP/1.1" 200 27
116.238.139.35 - - [16/Feb/2023:08:44:03 +0800] "GET /xingrg/kc/buy/cgsh_order_operate.html?command=get_materiel&rest_code=00150&code=00101012025&supplier_code=00100096&order_time=2023-02-16 HTTP/1.1" 200 412
101.83.145.75 - - [16/Feb/2023:08:44:06 +0800] "GET /xingrg/all/function/internal_message.html?_=1676508260880&CODE_STATE=getMsg HTTP/1.1" 200 27
120.253.135.82 - - [16/Feb/2023:08:44:07 +0800] "GET /xingrg/all/function/internal_message.html?_=1676508084117&CODE_STATE=getMsg HTTP/1.1" 200 27
222.70.177.73 - - [16/Feb/2023:08:44:07 +0800] "POST /xingrg/services/DataTransmitService HTTP/1.1" 200 524
120.253.135.82 - - [16/Feb/2023:08:44:07 +0800] "GET /xingrg/all/function/internal_message.html?_=1676508388035&CODE_STATE=getMsg HTTP/1.1" 200 27
124.78.159.25 - - [16/Feb/2023:08:44:08 +0800] "GET /xingrg/kc/buy/cgsh_order_operate.html?command=get_materiel&rest_code=00106&code=00101008005&supplier_code=00100007&order_time=2023-02-16 HTTP/1.1" 200 412
116.238.139.35 - - [16/Feb/2023:08:44:08 +0800] "GET /xingrg/all/function/internal_message.html?_=1676508188747&CODE_STATE=getMsg HTTP/1.1" 200 27
101.83.145.75 - - [16/Feb/2023:08:44:09 +0800] "GET /xingrg/kc/buy/cgsh_order_operate.html?command=get_materiel&rest_code=00105&code=00101008478&supplier_code=&order_time=2023-02-16 HTTP/1.1" 200 412
221.239.170.112 - - [16/Feb/2023:08:44:10 +0800] "GET /xingrg/all/function/internal_message.html?_=1676508264989&CODE_STATE=getMsg HTTP/1.1" 200 27
116.238.139.35 - - [16/Feb/2023:08:44:15 +0800] "GET /xingrg/kc/buy/cgsh_order_operate.html?command=get_materiel&rest_code=00150&code=00101001010&supplier_code=00100096&order_time=2023-02-16 HTTP/1.1" 200 409
218.81.220.34 - - [16/Feb/2023:08:44:19 +0800] "GET /xingrg/kc/buy/cgsh_order_operate.html?command=get_materiel&rest_code=00146&code=00101008096&supplier_code=00100005&order_time=2023-02-16 HTTP/1.1" 200 412
124.78.159.25 - - [16/Feb/2023:08:44:21 +0800] "GET /xingrg/kc/buy/cgsh_order_operate.html?command=get_materiel&rest_code=00106&code=00101008353&supplier_code=00100007&order_time=2023-02-16 HTTP/1.1" 200 408
116.238.139.35 - - [16/Feb/2023:08:44:21 +0800] "GET /xingrg/all/function/internal_message.html?_=1676508276471&CODE_STATE=getMsg HTTP/1.1" 200 27
116.238.139.35 - - [16/Feb/2023:08:44:28 +0800] "GET /xingrg/check_reg.html?_=1676508208118 HTTP/1.1" 200 22
218.81.220.34 - - [16/Feb/2023:08:44:28 +0800] "GET /xingrg/all/function/internal_message.html?_=1676508297478&CODE_STATE=getMsg HTTP/1.1" 200 27
116.238.139.35 - - [16/Feb/2023:08:44:28 +0800] "GET /xingrg/kc/buy/cgsh_order_operate.html?command=get_materiel&rest_code=00150&code=00101001160&supplier_code=00100096&order_time=2023-02-16 HTTP/1.1" 200 408
124.78.159.25 - - [16/Feb/2023:08:44:30 +0800] "GET /xingrg/kc/buy/cgsh_order_operate.html?command=get_materiel&rest_code=00106&code=00101008291&supplier_code=00100007&order_time=2023-02-16 HTTP/1.1" 200 408
124.78.159.25 - - [16/Feb/2023:08:44:32 +0800] "POST /xingrg/kc/buy/cgsh_order_operate.html HTTP/1.1" 200 2065
124.78.159.25 - - [16/Feb/2023:08:44:38 +0800] "GET /xingrg/kc/buy/cgsh_order_operate.html?command=get_materiel&rest_code=00106&code=00101008283&supplier_code=00100007&order_time=2023-02-16 HTTP/1.1" 200 408
116.238.139.35 - - [16/Feb/2023:08:44:44 +0800] "GET /xingrg/kc/buy/cgsh_order_operate.html?command=get_materiel&rest_code=00150&code=00101006129&supplier_code=00100096&order_time=2023-02-16 HTTP/1.1" 200 431
221.239.170.112 - - [16/Feb/2023:08:44:46 +0800] "GET /xingrg/check_reg.html?_=1676508301168 HTTP/1.1" 200 22
218.81.220.34 - - [16/Feb/2023:08:44:49 +0800] "GET /xingrg/kc/buy/cgsh_order_operate.html?command=get_materiel&rest_code=00146&code=00101008199&supplier_code=00100005&order_time=2023-02-16 HTTP/1.1" 200 408
124.78.159.25 - - [16/Feb/2023:08:44:51 +0800] "GET /xingrg/all/function/internal_message.html?_=1676508303664&CODE_STATE=getMsg HTTP/1.1" 200 27
124.78.159.25 - - [16/Feb/2023:08:44:53 +0800] "GET /xingrg/kc/buy/cgsh_order_operate.html?command=get_materiel&rest_code=00106&code=00101008125&supplier_code=00100007&order_time=2023-02-16 HTTP/1.1" 200 413
116.238.139.35 - - [16/Feb/2023:08:44:55 +0800] "GET /xingrg/kc/buy/cgsh_order_operate.html?command=get_materiel&rest_code=00150&code=00101006109&supplier_code=00100096&order_time=2023-02-16 HTTP/1.1" 200 410
218.81.220.34 - - [16/Feb/2023:08:44:57 +0800] "POST /xingrg/kc/buy/cgsh_order_operate.html HTTP/1.1" 200 2065
116.192.124.172 - - [16/Feb/2023:08:44:59 +0800] "GET /xingrg/all/function/internal_message.html?_=1676508314667&CODE_STATE=getMsg HTTP/1.1" 200 27
124.78.159.25 - - [16/Feb/2023:08:45:01 +0800] "GET /xingrg/kc/buy/cgsh_order_operate.html?command=get_materiel&rest_code=00106&code=00101008312&supplier_code=00100007&order_time=2023-02-16 HTTP/1.1" 200 412
218.81.220.34 - - [16/Feb/2023:08:45:04 +0800] "GET /xingrg/kc/buy/cgsh_order_operate.html?command=get_materiel&rest_code=00146&code=00101008113&supplier_code=00100005&order_time=2023-02-16 HTTP/1.1" 200 413
101.83.145.75 - - [16/Feb/2023:08:45:06 +0800] "GET /xingrg/all/function/internal_message.html?_=1676508320863&CODE_STATE=getMsg HTTP/1.1" 200 27
120.253.135.82 - - [16/Feb/2023:08:45:07 +0800] "GET /xingrg/all/function/internal_message.html?_=1676508144136&CODE_STATE=getMsg HTTP/1.1" 200 27
120.253.135.82 - - [16/Feb/2023:08:45:07 +0800] "GET /xingrg/check_reg.html?_=1676508448035 HTTP/1.1" 200 22
120.253.135.82 - - [16/Feb/2023:08:45:07 +0800] "GET /xingrg/all/function/internal_message.html?_=1676508448033&CODE_STATE=getMsg HTTP/1.1" 200 27
116.238.139.35 - - [16/Feb/2023:08:45:08 +0800] "GET /xingrg/kc/buy/cgsh_order_operate.html?command=get_materiel&rest_code=00150&code=00101006111&supplier_code=00100096&order_time=2023-02-16 HTTP/1.1" 200 411
116.238.139.35 - - [16/Feb/2023:08:45:08 +0800] "GET /xingrg/all/function/internal_message.html?_=1676508248757&CODE_STATE=getMsg HTTP/1.1" 200 27
221.239.170.112 - - [16/Feb/2023:08:45:10 +0800] "GET /xingrg/all/function/internal_message.html?_=1676508324962&CODE_STATE=getMsg HTTP/1.1" 200 27
124.78.159.25 - - [16/Feb/2023:08:45:12 +0800] "GET /xingrg/kc/buy/cgsh_order_operate.html?command=get_materiel&rest_code=00106&code=00101008114&supplier_code=00100007&order_time=2023-02-16 HTTP/1.1" 200 413
124.78.159.25 - - [16/Feb/2023:08:45:13 +0800] "POST /xingrg/kc/buy/cgsh_order_operate.html HTTP/1.1" 200 2065
124.78.159.25 - - [16/Feb/2023:08:45:19 +0800] "POST /xingrg/kc/buy/cgsh_order_operate.html HTTP/1.1" 200 37
116.238.139.35 - - [16/Feb/2023:08:45:21 +0800] "GET /xingrg/kc/buy/cgsh_order_operate.html?command=get_materiel&rest_code=00150&code=00101006133&supplier_code=00100096&order_time=2023-02-16 HTTP/1.1" 200 415
116.238.139.35 - - [16/Feb/2023:08:45:21 +0800] "GET /xingrg/all/function/internal_message.html?_=1676508336477&CODE_STATE=getMsg HTTP/1.1" 200 27
218.81.220.34 - - [16/Feb/2023:08:45:23 +0800] "GET /xingrg/kc/buy/cgsh_order_operate.html?command=get_materiel&rest_code=00146&code=00101008290&supplier_code=00100005&order_time=2023-02-16 HTTP/1.1" 200 416
116.192.124.172 - - [16/Feb/2023:08:45:24 +0800] "GET /xingrg/check_reg.html?_=1676508339437 HTTP/1.1" 200 22
124.78.159.25 - - [16/Feb/2023:08:45:25 +0800] "POST /xingrg/kc/buy/cgsh_order_operate.html HTTP/1.1" 200 17426
124.78.159.25 - - [16/Feb/2023:08:45:26 +0800] "GET /xingrg/kc/buy/cgsh_order_add.html HTTP/1.1" 200 69839
124.78.159.25 - - [16/Feb/2023:08:45:26 +0800] "POST /xingrg/kc/buy/cgsh_order_operate.html HTTP/1.1" 200 8245
124.78.159.25 - - [16/Feb/2023:08:45:26 +0800] "GET /xingrg/javascript/easyui/themes/default/validatebox.css HTTP/1.1" 404 1104
218.81.220.34 - - [16/Feb/2023:08:45:28 +0800] "GET /xingrg/all/function/internal_message.html?_=1676508357492&CODE_STATE=getMsg HTTP/1.1" 200 27
124.78.159.25 - - [16/Feb/2023:08:45:31 +0800] "GET /xingrg/javascript/easyui/themes/default/tree.css HTTP/1.1" 404 1090
124.78.159.25 - - [16/Feb/2023:08:45:31 +0800] "POST /xingrg/all/common/load_tree.html?tree=supplier_tree_json&isDelete=1 HTTP/1.1" 200 70748
116.238.139.35 - - [16/Feb/2023:08:45:32 +0800] "GET /xingrg/kc/buy/cgsh_order_operate.html?command=get_materiel&rest_code=00150&code=00101007081&supplier_code=00100096&order_time=2023-02-16 HTTP/1.1" 200 413
218.81.220.34 - - [16/Feb/2023:08:45:36 +0800] "POST /xingrg/kc/buy/cgsh_order_operate.html HTTP/1.1" 200 37
218.81.220.34 - - [16/Feb/2023:08:45:38 +0800] "POST /xingrg/kc/buy/cgsh_order_operate.html HTTP/1.1" 200 9768
116.238.139.35 - - [16/Feb/2023:08:45:42 +0800] "GET /xingrg/kc/buy/cgsh_order_operate.html?command=get_materiel&rest_code=00150&code=00101007071&supplier_code=00100096&order_time=2023-02-16 HTTP/1.1" 200 417
124.78.159.25 - - [16/Feb/2023:08:45:51 +0800] "GET /xingrg/check_reg.html?_=1676508363635 HTTP/1.1" 200 22
124.78.159.25 - - [16/Feb/2023:08:45:51 +0800] "GET /xingrg/all/function/internal_message.html?_=1676508363637&CODE_STATE=getMsg HTTP/1.1" 200 27
116.238.139.35 - - [16/Feb/2023:08:45:56 +0800] "GET /xingrg/kc/buy/cgsh_order_operate.html?command=get_materiel&rest_code=00150&code=00101007006&supplier_code=00100096&order_time=2023-02-16 HTTP/1.1" 200 412
116.192.124.172 - - [16/Feb/2023:08:45:59 +0800] "GET /xingrg/all/function/internal_message.html?_=1676508374657&CODE_STATE=getMsg HTTP/1.1" 200 27
124.78.159.25 - - [16/Feb/2023:08:46:02 +0800] "GET /xingrg/kc/buy/cgsh_order_operate.html?command=get_materiel&rest_code=00106&code=00101006282&supplier_code=00100558&order_time=2023-02-16 HTTP/1.1" 200 418
101.83.145.75 - - [16/Feb/2023:08:46:06 +0800] "GET /xingrg/check_reg.html?_=1676508380834 HTTP/1.1" 200 22
101.83.145.75 - - [16/Feb/2023:08:46:06 +0800] "GET /xingrg/all/function/internal_message.html?_=1676508380837&CODE_STATE=getMsg HTTP/1.1" 200 27
120.253.135.82 - - [16/Feb/2023:08:46:07 +0800] "GET /xingrg/all/function/internal_message.html?_=1676508508038&CODE_STATE=getMsg HTTP/1.1" 200 27
120.253.135.82 - - [16/Feb/2023:08:46:07 +0800] "GET /xingrg/all/function/internal_message.html?_=1676508204143&CODE_STATE=getMsg HTTP/1.1" 200 27
116.238.139.35 - - [16/Feb/2023:08:46:08 +0800] "GET /xingrg/all/function/internal_message.html?_=1676508308770&CODE_STATE=getMsg HTTP/1.1" 200 27
221.239.170.112 - - [16/Feb/2023:08:46:10 +0800] "GET /xingrg/all/function/internal_message.html?_=1676508384947&CODE_STATE=getMsg HTTP/1.1" 200 27
124.78.159.25 - - [16/Feb/2023:08:46:13 +0800] "GET /xingrg/kc/buy/cgsh_order_operate.html?command=get_materiel&rest_code=00106&code=00101006284&supplier_code=00100558&order_time=2023-02-16 HTTP/1.1" 200 418
