116.238.139.35 - - [16/Feb/2023:11:44:10 +0800] "GET /xingrg/kc/base/wldb_order_operate.html?command=get_materiel&rest_code=00150&base_code=0010445&code=00101019267 HTTP/1.1" 200 482
116.235.93.82 - - [16/Feb/2023:11:44:11 +0800] "POST /xingrg/kc/buy/cgsh_order_operate.html HTTP/1.1" 200 8245
116.235.93.82 - - [16/Feb/2023:11:44:11 +0800] "GET /xingrg/javascript/easyui/themes/default/validatebox.css HTTP/1.1" 404 1104
120.253.135.82 - - [16/Feb/2023:11:44:11 +0800] "GET /xingrg/all/function/internal_message.html?_=1676518887856&CODE_STATE=getMsg HTTP/1.1" 200 27
124.78.159.25 - - [16/Feb/2023:11:44:12 +0800] "GET /xingrg/all/function/internal_message.html?_=1676519063974&CODE_STATE=getMsg HTTP/1.1" 200 27
222.70.177.73 - - [16/Feb/2023:11:44:12 +0800] "GET /xingrg/kc/base/wldb_order_add.html HTTP/1.1" 200 30422
222.70.177.73 - - [16/Feb/2023:11:44:12 +0800] "POST /xingrg/kc/base/wldb_order_operate.html HTTP/1.1" 200 6806
222.70.177.73 - - [16/Feb/2023:11:44:12 +0800] "GET /xingrg/javascript/easyui/themes/default/validatebox.css HTTP/1.1" 404 1104
218.81.220.34 - - [16/Feb/2023:11:44:13 +0800] "GET /xingrg/all/function/internal_message.html?_=1676519082856&CODE_STATE=getMsg HTTP/1.1" 200 27
218.81.220.34 - - [16/Feb/2023:11:44:13 +0800] "POST /xingrg/kc/base/wldb_order_operate.html HTTP/1.1" 200 37
124.79.72.155 - - [16/Feb/2023:11:44:14 +0800] "GET /xingrg/kc/base/wldb_order_add.html HTTP/1.1" 200 30424
124.79.72.155 - - [16/Feb/2023:11:44:14 +0800] "GET /xingrg/words/20230216110007_words.js HTTP/1.1" 200 946279
218.81.220.34 - - [16/Feb/2023:11:44:14 +0800] "GET /xingrg/kc/base/wldb_order_info.html?code=422023021601136 HTTP/1.1" 200 30443
124.78.159.25 - - [16/Feb/2023:11:44:14 +0800] "POST /xingrg/kc/base/wldb_order_operate.html HTTP/1.1" 200 37
218.81.220.34 - - [16/Feb/2023:11:44:14 +0800] "POST /xingrg/kc/base/wldb_order_operate.html HTTP/1.1" 200 4705
124.79.72.155 - - [16/Feb/2023:11:44:14 +0800] "POST /xingrg/kc/base/wldb_order_operate.html HTTP/1.1" 200 6806
124.79.72.155 - - [16/Feb/2023:11:44:14 +0800] "GET /xingrg/all/common/auto_word.html?type=base&rest_code=00156 HTTP/1.1" 200 1903
124.79.72.155 - - [16/Feb/2023:11:44:14 +0800] "GET /xingrg/all/common/auto_word.html?type=base&rest_code=00156 HTTP/1.1" 200 1903
124.79.72.155 - - [16/Feb/2023:11:44:14 +0800] "GET /xingrg/javascript/easyui/themes/default/validatebox.css HTTP/1.1" 404 1104
218.81.220.34 - - [16/Feb/2023:11:44:15 +0800] "GET /xingrg/javascript/easyui/themes/default/validatebox.css HTTP/1.1" 404 1104
124.78.159.25 - - [16/Feb/2023:11:44:15 +0800] "POST /xingrg/kc/base/wldb_order_operate.html HTTP/1.1" 200 2656
218.81.220.34 - - [16/Feb/2023:11:44:15 +0800] "POST /xingrg/kc/base/wldb_order_operate.html HTTP/1.1" 200 4705
124.78.159.25 - - [16/Feb/2023:11:44:17 +0800] "GET /xingrg/kc/base/wldb_order_info.html?code=422023021601151 HTTP/1.1" 200 30441
218.81.220.34 - - [16/Feb/2023:11:44:17 +0800] "GET /xingrg/kc/base/wldb_order_add.html HTTP/1.1" 200 30428
124.78.159.25 - - [16/Feb/2023:11:44:17 +0800] "GET /xingrg/javascript/easyui/themes/default/validatebox.css HTTP/1.1" 404 1104
218.81.220.34 - - [16/Feb/2023:11:44:17 +0800] "POST /xingrg/kc/base/wldb_order_operate.html HTTP/1.1" 200 6806
124.78.159.25 - - [16/Feb/2023:11:44:18 +0800] "POST /xingrg/kc/base/wldb_order_operate.html HTTP/1.1" 200 2656
218.81.220.34 - - [16/Feb/2023:11:44:18 +0800] "GET /xingrg/javascript/easyui/themes/default/validatebox.css HTTP/1.1" 404 1104
116.238.139.35 - - [16/Feb/2023:11:44:19 +0800] "GET /xingrg/all/function/internal_message.html?_=1676519073984&CODE_STATE=getMsg HTTP/1.1" 200 27
222.70.177.73 - - [16/Feb/2023:11:44:19 +0800] "GET /xingrg/all/function/internal_message.html?_=1676519072344&CODE_STATE=getMsg HTTP/1.1" 200 27
180.163.30.100 - - [16/Feb/2023:11:44:19 +0800] "GET /xingrg/kc/base/wldb_order_operate.html?command=get_materiel&rest_code=00106&base_code=0010397&code=00102002568 HTTP/1.1" 302 -
180.163.30.100 - - [16/Feb/2023:11:44:19 +0800] "GET /xingrg/login.html HTTP/1.1" 200 7641
116.238.139.35 - - [16/Feb/2023:11:44:20 +0800] "GET /xingrg/kc/base/wldb_order_operate.html?command=get_materiel&rest_code=00150&base_code=0010445&code=00101019174 HTTP/1.1" 200 461
124.79.72.155 - - [16/Feb/2023:11:44:20 +0800] "GET /xingrg/javascript/jquery_tools/images/prev.gif HTTP/1.1" 404 1086
124.79.72.155 - - [16/Feb/2023:11:44:20 +0800] "GET /xingrg/javascript/jquery_tools/images/next.gif HTTP/1.1" 404 1086
124.79.72.155 - - [16/Feb/2023:11:44:22 +0800] "GET /xingrg/kc/base/wldb_order_operate.html?command=get_materiel&rest_code=00156&base_code=0010779&code=00101016019 HTTP/1.1" 200 450
222.70.177.73 - - [16/Feb/2023:11:44:23 +0800] "GET /xingrg/kc/base/wldb_order_operate.html?command=get_materiel&rest_code=00111&base_code=0010283&code=00101016040 HTTP/1.1" 200 459
180.165.52.237 - - [16/Feb/2023:11:44:23 +0800] "GET /xingrg/all/function/internal_message.html?_=1676519078564&CODE_STATE=getMsg HTTP/1.1" 200 27
124.79.72.155 - - [16/Feb/2023:11:44:25 +0800] "GET /xingrg/kc/base/wldb_order_operate.html?command=get_materiel&rest_code=00156&base_code=0010779&code=00101019063 HTTP/1.1" 200 461
124.78.159.25 - - [16/Feb/2023:11:44:26 +0800] "GET /xingrg/kc/base/wldb_order_add.html HTTP/1.1" 200 30426
116.238.139.35 - - [16/Feb/2023:11:44:26 +0800] "GET /xingrg/kc/base/wldb_order_operate.html?command=get_materiel&rest_code=00150&base_code=0010445&code=00101020335 HTTP/1.1" 200 455
116.235.93.82 - - [16/Feb/2023:11:44:26 +0800] "GET /xingrg/all/function/internal_message.html?_=1676519078705&CODE_STATE=getMsg HTTP/1.1" 200 27
124.78.159.25 - - [16/Feb/2023:11:44:26 +0800] "POST /xingrg/kc/base/wldb_order_operate.html HTTP/1.1" 200 6806
124.78.159.25 - - [16/Feb/2023:11:44:26 +0800] "GET /xingrg/javascript/easyui/themes/default/validatebox.css HTTP/1.1" 404 1104
114.83.218.175 - - [16/Feb/2023:11:44:26 +0800] "GET /xingrg/all/function/internal_message.html?_=1676519080842&CODE_STATE=getMsg HTTP/1.1" 200 27
222.70.177.73 - - [16/Feb/2023:11:44:28 +0800] "GET /xingrg/kc/base/wldb_order_operate.html?command=get_materiel&rest_code=00111&base_code=0010283&code=00101016076 HTTP/1.1" 200 477
124.79.72.155 - - [16/Feb/2023:11:44:28 +0800] "GET /xingrg/kc/base/wldb_order_operate.html?command=get_materiel&rest_code=00156&base_code=0010779&code=00101019222 HTTP/1.1" 200 454
124.78.159.25 - - [16/Feb/2023:11:44:28 +0800] "POST /xingrg/kc/base/wldb_list_operate.html HTTP/1.1" 200 3777
124.78.159.25 - - [16/Feb/2023:11:44:29 +0800] "POST /xingrg/kc/base/wldb_list_operate.html HTTP/1.1" 200 276
180.163.29.79 - - [16/Feb/2023:11:44:30 +0800] "GET /xingrg/kc/base/wldb_order_info.html?code=422023021601150 HTTP/1.1" 302 -
180.163.29.79 - - [16/Feb/2023:11:44:30 +0800] "GET /xingrg/login.html HTTP/1.1" 200 7641
180.169.147.146 - - [16/Feb/2023:11:44:31 +0800] "GET /xingrg/check_reg.html?_=1676519086055 HTTP/1.1" 200 22
180.169.147.146 - - [16/Feb/2023:11:44:31 +0800] "GET /xingrg/all/function/internal_message.html?_=1676519086057&CODE_STATE=getMsg HTTP/1.1" 200 27
124.79.72.155 - - [16/Feb/2023:11:44:31 +0800] "GET /xingrg/kc/base/wldb_order_operate.html?command=get_materiel&rest_code=00156&base_code=0010779&code=00101019183 HTTP/1.1" 200 448
116.235.93.82 - - [16/Feb/2023:11:44:32 +0800] "GET /xingrg/kc/buy/cgsh_order_operate.html?command=get_materiel&rest_code=00104&code=00101006133&supplier_code=00100012&order_time=2023-02-15 HTTP/1.1" 200 413
116.192.124.172 - - [16/Feb/2023:11:44:33 +0800] "GET /xingrg/all/function/internal_message.html?_=1676519087335&CODE_STATE=getMsg HTTP/1.1" 200 27
222.70.177.73 - - [16/Feb/2023:11:44:33 +0800] "GET /xingrg/kc/base/wldb_order_operate.html?command=get_materiel&rest_code=00111&base_code=0010283&code=00101019438 HTTP/1.1" 200 462
116.230.105.139 - - [16/Feb/2023:11:44:34 +0800] "GET /xingrg/all/function/internal_message.html?_=1676519073033&CODE_STATE=getMsg HTTP/1.1" 200 27
124.79.72.155 - - [16/Feb/2023:11:44:35 +0800] "GET /xingrg/kc/base/wldb_order_operate.html?command=get_materiel&rest_code=00156&base_code=0010779&code=00101019297 HTTP/1.1" 200 477
116.238.139.35 - - [16/Feb/2023:11:44:36 +0800] "GET /xingrg/kc/base/wldb_order_operate.html?command=get_materiel&rest_code=00150&base_code=0010445&code=00101019529 HTTP/1.1" 200 476
116.235.93.82 - - [16/Feb/2023:11:44:37 +0800] "GET /xingrg/all/function/internal_message.html?_=1676519336072&CODE_STATE=getMsg HTTP/1.1" 200 27
124.79.72.155 - - [16/Feb/2023:11:44:38 +0800] "GET /xingrg/kc/base/wldb_order_operate.html?command=get_materiel&rest_code=00156&base_code=0010779&code=00101019175 HTTP/1.1" 200 439
222.70.177.73 - - [16/Feb/2023:11:44:38 +0800] "GET /xingrg/kc/base/wldb_order_operate.html?command=get_materiel&rest_code=00111&base_code=0010283&code=00101019187 HTTP/1.1" 200 479
124.79.72.155 - - [16/Feb/2023:11:44:42 +0800] "GET /xingrg/kc/base/wldb_order_operate.html?command=get_materiel&rest_code=00156&base_code=0010779&code=00101019258 HTTP/1.1" 200 483
124.78.159.25 - - [16/Feb/2023:11:44:44 +0800] "POST /xingrg/all/common/load_combo.html?type=base HTTP/1.1" 200 3227
222.70.177.73 - - [16/Feb/2023:11:44:44 +0800] "GET /xingrg/kc/base/wldb_order_operate.html?command=get_materiel&rest_code=00111&base_code=0010283&code=00101019133 HTTP/1.1" 200 480
124.79.72.155 - - [16/Feb/2023:11:44:45 +0800] "GET /xingrg/kc/base/wldb_order_operate.html?command=get_materiel&rest_code=00156&base_code=0010779&code=00101019391 HTTP/1.1" 200 485
221.239.170.112 - - [16/Feb/2023:11:44:46 +0800] "GET /xingrg/check_reg.html?_=1676519100859 HTTP/1.1" 200 22
124.78.159.25 - - [16/Feb/2023:11:44:46 +0800] "POST /xingrg/all/common/load_combo.html?type=base HTTP/1.1" 200 3227
124.78.159.25 - - [16/Feb/2023:11:44:46 +0800] "GET /xingrg/all/function/internal_message.html?_=1676519101575&CODE_STATE=getMsg HTTP/1.1" 200 27
116.235.93.82 - - [16/Feb/2023:11:44:47 +0800] "GET /xingrg/kc/buy/cgsh_order_operate.html?command=get_materiel&rest_code=00104&code=00101006062&supplier_code=00100012&order_time=2023-02-15 HTTP/1.1" 200 409
180.169.147.146 - - [16/Feb/2023:11:44:48 +0800] "GET /xingrg/all/function/internal_message.html?_=1676519096622&CODE_STATE=getMsg HTTP/1.1" 200 27
218.81.220.34 - - [16/Feb/2023:11:44:49 +0800] "GET /xingrg/kc/buy/buy_main.html HTTP/1.1" 200 12412
218.81.220.34 - - [16/Feb/2023:11:44:49 +0800] "GET /xingrg/css/new_ie.css HTTP/1.1" 404 1036
218.81.220.34 - - [16/Feb/2023:11:44:49 +0800] "GET /xingrg/javascript/ToolTips.js HTTP/1.1" 304 -
218.81.220.34 - - [16/Feb/2023:11:44:49 +0800] "GET /xingrg/javascript/jquery_ui/themes/humanity/humanity.css HTTP/1.1" 304 -
218.81.220.34 - - [16/Feb/2023:11:44:49 +0800] "GET /xingrg/javascript/jquery_ui/jquery-ui.min.js HTTP/1.1" 304 -
101.83.145.75 - - [16/Feb/2023:11:44:49 +0800] "GET /xingrg/all/function/internal_message.html?_=1676519104319&CODE_STATE=getMsg HTTP/1.1" 200 27
218.81.220.34 - - [16/Feb/2023:11:44:49 +0800] "GET /xingrg/images/yd/bt.gif HTTP/1.1" 404 1040
222.70.177.73 - - [16/Feb/2023:11:44:50 +0800] "GET /xingrg/kc/base/wldb_order_operate.html?command=get_materiel&rest_code=00111&base_code=0010283&code=00101019175 HTTP/1.1" 200 438
218.81.220.34 - - [16/Feb/2023:11:44:50 +0800] "GET /xingrg/kc/buy/cgsh_order_list.html HTTP/1.1" 200 54063
124.79.72.155 - - [16/Feb/2023:11:44:51 +0800] "GET /xingrg/kc/base/wldb_order_operate.html?command=get_materiel&rest_code=00156&base_code=0010779&code=00101016086 HTTP/1.1" 200 468
124.78.159.25 - - [16/Feb/2023:11:44:52 +0800] "GET /xingrg/kc/base/wldb_order_operate.html?command=get_materiel&rest_code=00106&base_code=0010397&code=00102002448 HTTP/1.1" 200 440
218.81.220.34 - - [16/Feb/2023:11:44:53 +0800] "POST /xingrg/kc/buy/cgsh_list_operate.html HTTP/1.1" 200 4449
101.229.22.234 - - [16/Feb/2023:11:44:54 +0800] "GET /xingrg/all/function/internal_message.html?_=1676519109275&CODE_STATE=getMsg HTTP/1.1" 200 27
180.162.114.226 - - [16/Feb/2023:11:44:54 +0800] "GET /xingrg/all/function/internal_message.html?_=1676518049433&CODE_STATE=getMsg HTTP/1.1" 200 27
124.79.72.155 - - [16/Feb/2023:11:44:56 +0800] "GET /xingrg/kc/base/wldb_order_operate.html?command=get_materiel&rest_code=00156&base_code=0010779&code=00101016046 HTTP/1.1" 200 457
124.78.159.25 - - [16/Feb/2023:11:44:56 +0800] "POST /xingrg/kc/base/wldb_order_operate.html HTTP/1.1" 200 37
124.78.159.25 - - [16/Feb/2023:11:44:57 +0800] "POST /xingrg/kc/base/wldb_order_operate.html HTTP/1.1" 200 2189
124.78.159.25 - - [16/Feb/2023:11:44:57 +0800] "GET /xingrg/kc/base/wldb_order_info.html?code=422023021601152 HTTP/1.1" 200 30440
124.78.159.25 - - [16/Feb/2023:11:44:58 +0800] "GET /xingrg/javascript/easyui/themes/default/validatebox.css HTTP/1.1" 404 1104
124.78.159.25 - - [16/Feb/2023:11:44:59 +0800] "POST /xingrg/kc/base/wldb_order_operate.html HTTP/1.1" 200 2189
218.81.220.34 - - [16/Feb/2023:11:44:59 +0800] "POST /xingrg/kc/buy/cgsh_list_operate.html HTTP/1.1" 200 575
222.67.238.61 - - [16/Feb/2023:11:44:59 +0800] "GET /xingrg/all/function/internal_message.html?_=1676518679000&CODE_STATE=getMsg HTTP/1.1" 200 27
222.67.238.61 - - [16/Feb/2023:11:44:59 +0800] "GET /xingrg/check_reg.html?_=1676518679001 HTTP/1.1" 200 22
124.78.159.25 - - [16/Feb/2023:11:45:00 +0800] "GET /xingrg/kc/base/wldb_order_add.html HTTP/1.1" 200 30426
124.78.159.25 - - [16/Feb/2023:11:45:01 +0800] "POST /xingrg/kc/base/wldb_order_operate.html HTTP/1.1" 200 6806
124.79.72.155 - - [16/Feb/2023:11:45:01 +0800] "GET /xingrg/kc/base/wldb_order_operate.html?command=get_materiel&rest_code=00156&base_code=0010779&code=00101019364 HTTP/1.1" 200 445
124.78.159.25 - - [16/Feb/2023:11:45:01 +0800] "GET /xingrg/javascript/easyui/themes/default/validatebox.css HTTP/1.1" 404 1104
124.78.159.25 - - [16/Feb/2023:11:45:01 +0800] "POST /xingrg/all/common/load_combo.html?type=base HTTP/1.1" 200 3227
116.235.93.82 - - [16/Feb/2023:11:45:01 +0800] "GET /xingrg/kc/buy/cgsh_order_operate.html?command=get_materiel&rest_code=00104&code=00101006057&supplier_code=00100012&order_time=2023-02-15 HTTP/1.1" 200 413
218.81.220.34 - - [16/Feb/2023:11:45:03 +0800] "POST /xingrg/kc/buy/cgsh_list_operate.html HTTP/1.1" 200 557
124.78.159.25 - - [16/Feb/2023:11:45:04 +0800] "POST /xingrg/all/common/load_combo.html?type=base HTTP/1.1" 200 3227
124.79.72.155 - - [16/Feb/2023:11:45:04 +0800] "GET /xingrg/kc/base/wldb_order_operate.html?command=get_materiel&rest_code=00156&base_code=0010779&code=00101019553 HTTP/1.1" 200 453
124.79.72.155 - - [16/Feb/2023:11:45:06 +0800] "GET /xingrg/all/function/internal_message.html?_=1676519123434&CODE_STATE=getMsg HTTP/1.1" 200 27
58.40.7.146 - - [16/Feb/2023:11:45:06 +0800] "GET /xingrg/all/function/internal_message.html?_=1676519120790&CODE_STATE=getMsg HTTP/1.1" 200 27
222.70.177.73 - - [16/Feb/2023:11:45:06 +0800] "GET /xingrg/kc/base/wldb_order_operate.html?command=get_materiel&rest_code=00111&base_code=0010283&code=00101019249 HTTP/1.1" 200 469
120.253.135.82 - - [16/Feb/2023:11:45:06 +0800] "GET /xingrg/all/function/internal_message.html?_=1676519246936&CODE_STATE=getMsg HTTP/1.1" 200 27
221.239.170.112 - - [16/Feb/2023:11:45:06 +0800] "GET /xingrg/all/function/internal_message.html?_=1676519121771&CODE_STATE=getMsg HTTP/1.1" 200 27
124.79.72.155 - - [16/Feb/2023:11:45:09 +0800] "GET /xingrg/kc/base/wldb_order_operate.html?command=get_materiel&rest_code=00156&base_code=0010779&code=00101019238 HTTP/1.1" 200 466
116.238.139.35 - - [16/Feb/2023:11:45:11 +0800] "GET /xingrg/kc/base/wldb_order_operate.html?command=get_materiel&rest_code=00150&base_code=0010445&code=00101019196 HTTP/1.1" 200 470
120.253.135.82 - - [16/Feb/2023:11:45:11 +0800] "GET /xingrg/all/function/internal_message.html?_=1676518947869&CODE_STATE=getMsg HTTP/1.1" 200 27
124.78.159.25 - - [16/Feb/2023:11:45:12 +0800] "GET /xingrg/all/function/internal_message.html?_=1676519123936&CODE_STATE=getMsg HTTP/1.1" 200 27
218.81.220.34 - - [16/Feb/2023:11:45:13 +0800] "GET /xingrg/all/function/internal_message.html?_=1676519142897&CODE_STATE=getMsg HTTP/1.1" 200 27
124.79.72.155 - - [16/Feb/2023:11:45:14 +0800] "GET /xingrg/kc/base/wldb_order_operate.html?command=get_materiel&rest_code=00156&base_code=0010779&code=00101016059 HTTP/1.1" 200 429
218.81.220.34 - - [16/Feb/2023:11:45:17 +0800] "GET /xingrg/kc/buy/cgsh_order_info.html?code=212023021605125 HTTP/1.1" 200 69848
218.81.220.34 - - [16/Feb/2023:11:45:18 +0800] "GET /xingrg/all/common/auto_word.html?type=employee&rest_code=00146 HTTP/1.1" 200 101
218.81.220.34 - - [16/Feb/2023:11:45:18 +0800] "GET /xingrg/all/common/auto_word.html?type=employee&rest_code=00146 HTTP/1.1" 200 101
218.81.220.34 - - [16/Feb/2023:11:45:18 +0800] "GET /xingrg/javascript/easyui/themes/default/validatebox.css HTTP/1.1" 404 1104
124.79.72.155 - - [16/Feb/2023:11:45:18 +0800] "GET /xingrg/kc/base/wldb_order_operate.html?command=get_materiel&rest_code=00156&base_code=0010779&code=00101012020 HTTP/1.1" 200 430
218.81.220.34 - - [16/Feb/2023:11:45:18 +0800] "POST /xingrg/kc/buy/cgsh_order_operate.html HTTP/1.1" 200 35183
116.238.139.35 - - [16/Feb/2023:11:45:19 +0800] "GET /xingrg/all/function/internal_message.html?_=1676519133984&CODE_STATE=getMsg HTTP/1.1" 200 27
222.70.177.73 - - [16/Feb/2023:11:45:19 +0800] "GET /xingrg/all/function/internal_message.html?_=1676519132322&CODE_STATE=getMsg HTTP/1.1" 200 27
222.70.177.73 - - [16/Feb/2023:11:45:20 +0800] "GET /xingrg/check_reg.html?_=1676519133432 HTTP/1.1" 200 22
124.78.159.25 - - [16/Feb/2023:11:45:21 +0800] "GET /xingrg/kc/base/wldb_order_operate.html?command=get_materiel&rest_code=00106&base_code=0010397&code=00102002006 HTTP/1.1" 200 468
116.238.139.35 - - [16/Feb/2023:11:45:22 +0800] "GET /xingrg/kc/base/wldb_order_operate.html?command=get_materiel&rest_code=00150&base_code=0010445&code=00101019474 HTTP/1.1" 200 439
180.165.52.237 - - [16/Feb/2023:11:45:23 +0800] "GET /xingrg/check_reg.html?_=1676519138559 HTTP/1.1" 200 22
180.165.52.237 - - [16/Feb/2023:11:45:23 +0800] "GET /xingrg/all/function/internal_message.html?_=1676519138563&CODE_STATE=getMsg HTTP/1.1" 200 27
124.79.72.155 - - [16/Feb/2023:11:45:24 +0800] "GET /xingrg/kc/base/wldb_order_operate.html?command=get_materiel&rest_code=00156&base_code=0010779&code=00101019098 HTTP/1.1" 200 476
116.235.93.82 - - [16/Feb/2023:11:45:26 +0800] "GET /xingrg/all/function/internal_message.html?_=1676519138701&CODE_STATE=getMsg HTTP/1.1" 200 27
114.83.218.175 - - [16/Feb/2023:11:45:26 +0800] "GET /xingrg/all/function/internal_message.html?_=1676519140843&CODE_STATE=getMsg HTTP/1.1" 200 27
222.70.177.73 - - [16/Feb/2023:11:45:27 +0800] "GET /xingrg/kc/base/wldb_order_operate.html?command=get_materiel&rest_code=00111&base_code=0010283&code=00101019257 HTTP/1.1" 200 478
180.162.114.226 - - [16/Feb/2023:11:45:27 +0800] "POST /xingrg/kc/buy/cgsh_order_operate.html HTTP/1.1" 200 37
180.162.114.226 - - [16/Feb/2023:11:45:29 +0800] "POST /xingrg/kc/buy/cgsh_order_operate.html HTTP/1.1" 200 11016
180.169.147.146 - - [16/Feb/2023:11:45:31 +0800] "GET /xingrg/all/function/internal_message.html?_=1676519146058&CODE_STATE=getMsg HTTP/1.1" 200 27
124.79.72.155 - - [16/Feb/2023:11:45:33 +0800] "GET /xingrg/kc/base/wldb_order_operate.html?command=get_materiel&rest_code=00156&base_code=0010779&code=00101016037 HTTP/1.1" 200 452
116.192.124.172 - - [16/Feb/2023:11:45:33 +0800] "GET /xingrg/all/function/internal_message.html?_=1676519147315&CODE_STATE=getMsg HTTP/1.1" 200 27
222.70.177.73 - - [16/Feb/2023:11:45:33 +0800] "GET /xingrg/kc/base/wldb_order_operate.html?command=get_materiel&rest_code=00111&base_code=0010283&code=00101019543 HTTP/1.1" 200 469
116.192.124.172 - - [16/Feb/2023:11:45:34 +0800] "GET /xingrg/check_reg.html?_=1676519148172 HTTP/1.1" 200 22
116.230.105.139 - - [16/Feb/2023:11:45:34 +0800] "GET /xingrg/check_reg.html?_=1676519133038 HTTP/1.1" 200 22
116.230.105.139 - - [16/Feb/2023:11:45:34 +0800] "GET /xingrg/all/function/internal_message.html?_=1676519133043&CODE_STATE=getMsg HTTP/1.1" 200 27
124.78.159.25 - - [16/Feb/2023:11:45:35 +0800] "GET /xingrg/kc/base/wldb_order_operate.html?command=get_materiel&rest_code=00106&base_code=0010397&code=00102002373 HTTP/1.1" 200 440
116.238.139.35 - - [16/Feb/2023:11:45:36 +0800] "GET /xingrg/kc/base/wldb_order_operate.html?command=get_materiel&rest_code=00150&base_code=0010445&code=00101019187 HTTP/1.1" 200 478
116.235.93.82 - - [16/Feb/2023:11:45:37 +0800] "GET /xingrg/all/function/internal_message.html?_=1676519396082&CODE_STATE=getMsg HTTP/1.1" 200 27
124.79.72.155 - - [16/Feb/2023:11:45:38 +0800] "GET /xingrg/kc/base/wldb_order_operate.html?command=get_materiel&rest_code=00156&base_code=0010779&code=00101019222 HTTP/1.1" 200 454
222.70.177.73 - - [16/Feb/2023:11:45:41 +0800] "GET /xingrg/kc/base/wldb_order_operate.html?command=get_materiel&rest_code=00111&base_code=0010283&code=00101019071 HTTP/1.1" 200 471
124.79.72.155 - - [16/Feb/2023:11:45:41 +0800] "GET /xingrg/kc/base/wldb_order_operate.html?command=get_materiel&rest_code=00156&base_code=0010779&code=00101016019 HTTP/1.1" 200 450
124.78.159.25 - - [16/Feb/2023:11:45:41 +0800] "POST /xingrg/kc/base/wldb_order_operate.html HTTP/1.1" 200 37
124.78.159.25 - - [16/Feb/2023:11:45:42 +0800] "POST /xingrg/kc/base/wldb_order_operate.html HTTP/1.1" 200 3639
124.79.72.155 - - [16/Feb/2023:11:45:45 +0800] "GET /xingrg/kc/base/wldb_order_operate.html?command=get_materiel&rest_code=00156&base_code=0010779&code=00101019400 HTTP/1.1" 200 465
116.238.139.35 - - [16/Feb/2023:11:45:46 +0800] "GET /xingrg/kc/base/wldb_order_operate.html?command=get_materiel&rest_code=00150&base_code=0010445&code=00101013076 HTTP/1.1" 200 440
124.79.72.155 - - [16/Feb/2023:11:45:46 +0800] "POST /xingrg/kc/base/wldb_order_operate.html HTTP/1.1" 200 1710
124.78.159.25 - - [16/Feb/2023:11:45:46 +0800] "GET /xingrg/all/function/internal_message.html?_=1676519161577&CODE_STATE=getMsg HTTP/1.1" 200 27
124.79.72.155 - - [16/Feb/2023:11:45:48 +0800] "GET /xingrg/kc/base/wldb_order_operate.html?command=get_materiel&rest_code=00156&base_code=0010779&code=00101016076 HTTP/1.1" 200 477
180.169.147.146 - - [16/Feb/2023:11:45:48 +0800] "GET /xingrg/all/function/internal_message.html?_=1676519156620&CODE_STATE=getMsg HTTP/1.1" 200 27
222.70.177.73 - - [16/Feb/2023:11:45:48 +0800] "GET /xingrg/kc/base/wldb_order_operate.html?command=get_materiel&rest_code=00111&base_code=0010283&code=00101019297 HTTP/1.1" 200 478
101.83.145.75 - - [16/Feb/2023:11:45:49 +0800] "GET /xingrg/all/function/internal_message.html?_=1676519164320&CODE_STATE=getMsg HTTP/1.1" 200 27
124.79.72.155 - - [16/Feb/2023:11:45:51 +0800] "GET /xingrg/kc/base/wldb_order_operate.html?command=get_materiel&rest_code=00156&base_code=0010779&code=00101019185 HTTP/1.1" 200 469
180.163.29.206 - - [16/Feb/2023:11:45:51 +0800] "GET /xingrg/kc/base/wldb_order_operate.html?command=get_materiel&rest_code=00106&base_code=0010397&code=00102002448 HTTP/1.1" 302 -
180.163.29.206 - - [16/Feb/2023:11:45:51 +0800] "GET /xingrg/login.html HTTP/1.1" 200 7641
124.78.159.25 - - [16/Feb/2023:11:45:53 +0800] "GET /xingrg/kc/base/wldb_order_info.html?code=422023021601153 HTTP/1.1" 200 30440
124.78.159.25 - - [16/Feb/2023:11:45:54 +0800] "GET /xingrg/javascript/easyui/themes/default/validatebox.css HTTP/1.1" 404 1104
101.229.22.234 - - [16/Feb/2023:11:45:54 +0800] "GET /xingrg/all/function/internal_message.html?_=1676519169278&CODE_STATE=getMsg HTTP/1.1" 200 27
124.78.159.25 - - [16/Feb/2023:11:45:54 +0800] "POST /xingrg/kc/base/wldb_order_operate.html HTTP/1.1" 200 3639
180.162.114.226 - - [16/Feb/2023:11:45:54 +0800] "GET /xingrg/all/function/internal_message.html?_=1676518109410&CODE_STATE=getMsg HTTP/1.1" 200 27
222.70.177.73 - - [16/Feb/2023:11:45:56 +0800] "POST /xingrg/kc/base/wldb_order_operate.html HTTP/1.1" 200 37
116.238.139.35 - - [16/Feb/2023:11:45:57 +0800] "GET /xingrg/kc/base/wldb_order_operate.html?command=get_materiel&rest_code=00150&base_code=0010445&code=00101013011 HTTP/1.1" 200 451
222.70.177.73 - - [16/Feb/2023:11:45:57 +0800] "POST /xingrg/kc/base/wldb_order_operate.html HTTP/1.1" 200 6757
180.163.28.55 - - [16/Feb/2023:11:45:57 +0800] "GET /xingrg/kc/base/wldb_order_info.html?code=422023021601152 HTTP/1.1" 302 -
180.163.28.55 - - [16/Feb/2023:11:45:57 +0800] "GET /xingrg/login.html HTTP/1.1" 200 7641
124.79.72.155 - - [16/Feb/2023:11:45:57 +0800] "GET /xingrg/kc/base/wldb_order_operate.html?command=get_materiel&rest_code=00156&base_code=0010779&code=00101019339 HTTP/1.1" 200 469
124.78.159.25 - - [16/Feb/2023:11:45:57 +0800] "POST /xingrg/kc/base/wldb_list_operate.html HTTP/1.1" 200 4573
222.70.177.73 - - [16/Feb/2023:11:45:58 +0800] "GET /xingrg/kc/base/wldb_order_info.html?code=422023021601154 HTTP/1.1" 200 30436
222.70.177.73 - - [16/Feb/2023:11:45:58 +0800] "GET /xingrg/javascript/easyui/themes/default/validatebox.css HTTP/1.1" 404 1104
124.78.159.25 - - [16/Feb/2023:11:45:58 +0800] "POST /xingrg/kc/base/wldb_list_operate.html HTTP/1.1" 200 439
222.70.177.73 - - [16/Feb/2023:11:45:59 +0800] "POST /xingrg/kc/base/wldb_order_operate.html HTTP/1.1" 200 6757
222.67.238.61 - - [16/Feb/2023:11:45:59 +0800] "GET /xingrg/all/function/internal_message.html?_=1676518739000&CODE_STATE=getMsg HTTP/1.1" 200 27
222.70.177.73 - - [16/Feb/2023:11:46:00 +0800] "GET /xingrg/kc/base/wldb_order_add.html HTTP/1.1" 200 30422
222.70.177.73 - - [16/Feb/2023:11:46:00 +0800] "POST /xingrg/kc/base/wldb_order_operate.html HTTP/1.1" 200 6806
222.70.177.73 - - [16/Feb/2023:11:46:01 +0800] "GET /xingrg/javascript/easyui/themes/default/validatebox.css HTTP/1.1" 404 1104
116.235.93.82 - - [16/Feb/2023:11:46:01 +0800] "POST /xingrg/kc/buy/cgsh_order_operate.html HTTP/1.1" 200 37
124.79.72.155 - - [16/Feb/2023:11:46:01 +0800] "GET /xingrg/kc/base/wldb_order_operate.html?command=get_materiel&rest_code=00156&base_code=0010779&code=00101019280 HTTP/1.1" 200 478
218.81.220.34 - - [16/Feb/2023:11:46:01 +0800] "POST /xingrg/services/DataTransmitService HTTP/1.1" 200 524
116.235.93.82 - - [16/Feb/2023:11:46:04 +0800] "POST /xingrg/kc/buy/cgsh_order_operate.html HTTP/1.1" 200 3839
116.235.93.82 - - [16/Feb/2023:11:46:05 +0800] "GET /xingrg/kc/print/load_data.html?order_code=212023021605191&kc_code=cgsh&condition= HTTP/1.1" 200 1221
124.79.72.155 - - [16/Feb/2023:11:46:06 +0800] "GET /xingrg/all/function/internal_message.html?_=1676519183434&CODE_STATE=getMsg HTTP/1.1" 200 27
124.79.72.155 - - [16/Feb/2023:11:46:06 +0800] "GET /xingrg/check_reg.html?_=1676519183438 HTTP/1.1" 200 22
58.40.7.146 - - [16/Feb/2023:11:46:06 +0800] "GET /xingrg/all/function/internal_message.html?_=1676519180784&CODE_STATE=getMsg HTTP/1.1" 200 27
218.81.220.34 - - [16/Feb/2023:11:46:06 +0800] "POST /xingrg/services/DataTransmitService HTTP/1.1" 200 501
120.253.135.82 - - [16/Feb/2023:11:46:06 +0800] "GET /xingrg/all/function/internal_message.html?_=1676519306942&CODE_STATE=getMsg HTTP/1.1" 200 27
124.79.72.155 - - [16/Feb/2023:11:46:06 +0800] "GET /xingrg/kc/base/wldb_order_operate.html?command=get_materiel&rest_code=00156&base_code=0010779&code=00101016086 HTTP/1.1" 200 468
221.239.170.112 - - [16/Feb/2023:11:46:06 +0800] "GET /xingrg/all/function/internal_message.html?_=1676519181755&CODE_STATE=getMsg HTTP/1.1" 200 27
124.79.72.155 - - [16/Feb/2023:11:46:07 +0800] "POST /xingrg/kc/base/wldb_order_operate.html HTTP/1.1" 200 1710
222.70.177.73 - - [16/Feb/2023:11:46:08 +0800] "GET /xingrg/kc/base/wldb_order_operate.html?command=get_materiel&rest_code=00111&base_code=0010306&code=00102002304 HTTP/1.1" 200 464
116.235.93.82 - - [16/Feb/2023:11:46:09 +0800] "GET /xingrg/kc/buy/cgsh_order_add.html HTTP/1.1" 200 69880
116.235.93.82 - - [16/Feb/2023:11:46:09 +0800] "POST /xingrg/kc/buy/cgsh_order_operate.html HTTP/1.1" 200 8245
116.235.93.82 - - [16/Feb/2023:11:46:09 +0800] "GET /xingrg/javascript/easyui/themes/default/validatebox.css HTTP/1.1" 404 1104
120.253.135.82 - - [16/Feb/2023:11:46:11 +0800] "GET /xingrg/all/function/internal_message.html?_=1676519007899&CODE_STATE=getMsg HTTP/1.1" 200 27
124.78.159.25 - - [16/Feb/2023:11:46:12 +0800] "GET /xingrg/all/function/internal_message.html?_=1676519183921&CODE_STATE=getMsg HTTP/1.1" 200 27
218.81.220.34 - - [16/Feb/2023:11:46:13 +0800] "GET /xingrg/all/function/internal_message.html?_=1676519202900&CODE_STATE=getMsg HTTP/1.1" 200 27
218.81.220.34 - - [16/Feb/2023:11:46:14 +0800] "POST /xingrg/kc/buy/cgsh_order_operate.html HTTP/1.1" 200 37
116.238.139.35 - - [16/Feb/2023:11:46:14 +0800] "GET /xingrg/kc/base/wldb_order_operate.html?command=get_materiel&rest_code=00150&base_code=0010445&code=00101019290 HTTP/1.1" 200 435
124.79.72.155 - - [16/Feb/2023:11:46:15 +0800] "GET /xingrg/kc/base/wldb_order_operate.html?command=get_materiel&rest_code=00156&base_code=0010779&code=00101013084 HTTP/1.1" 200 429
222.70.177.73 - - [16/Feb/2023:11:46:15 +0800] "POST /xingrg/kc/base/wldb_order_operate.html HTTP/1.1" 200 37
222.70.177.73 - - [16/Feb/2023:11:46:16 +0800] "POST /xingrg/kc/base/wldb_order_operate.html HTTP/1.1" 200 2206
222.70.177.73 - - [16/Feb/2023:11:46:16 +0800] "GET /xingrg/kc/base/wldb_order_info.html?code=422023021601155 HTTP/1.1" 200 30436
222.70.177.73 - - [16/Feb/2023:11:46:17 +0800] "GET /xingrg/javascript/easyui/themes/default/validatebox.css HTTP/1.1" 404 1104
222.70.177.73 - - [16/Feb/2023:11:46:17 +0800] "POST /xingrg/kc/base/wldb_order_operate.html HTTP/1.1" 200 2206
218.81.220.34 - - [16/Feb/2023:11:46:18 +0800] "POST /xingrg/kc/buy/cgsh_order_operate.html HTTP/1.1" 200 35183
124.79.72.155 - - [16/Feb/2023:11:46:18 +0800] "GET /xingrg/kc/base/wldb_order_operate.html?command=get_materiel&rest_code=00156&base_code=0010779&code=00101019164 HTTP/1.1" 200 466
116.238.139.35 - - [16/Feb/2023:11:46:19 +0800] "GET /xingrg/all/function/internal_message.html?_=1676519193978&CODE_STATE=getMsg HTTP/1.1" 200 27
222.70.177.73 - - [16/Feb/2023:11:46:19 +0800] "GET /xingrg/kc/base/wldb_order_add.html HTTP/1.1" 200 30422
222.70.177.73 - - [16/Feb/2023:11:46:19 +0800] "POST /xingrg/kc/base/wldb_order_operate.html HTTP/1.1" 200 6806
222.70.177.73 - - [16/Feb/2023:11:46:19 +0800] "GET /xingrg/javascript/easyui/themes/default/validatebox.css HTTP/1.1" 404 1104
124.79.72.155 - - [16/Feb/2023:11:46:23 +0800] "GET /xingrg/kc/base/wldb_order_operate.html?command=get_materiel&rest_code=00156&base_code=0010779&code=00101019253 HTTP/1.1" 200 482
180.165.52.237 - - [16/Feb/2023:11:46:23 +0800] "GET /xingrg/all/function/internal_message.html?_=1676519198563&CODE_STATE=getMsg HTTP/1.1" 200 27
116.235.93.82 - - [16/Feb/2023:11:46:26 +0800] "GET /xingrg/all/function/internal_message.html?_=1676519198702&CODE_STATE=getMsg HTTP/1.1" 200 27
116.235.93.82 - - [16/Feb/2023:11:46:26 +0800] "GET /xingrg/check_reg.html?_=1676519198707 HTTP/1.1" 200 22
116.235.93.82 - - [16/Feb/2023:11:46:26 +0800] "GET /xingrg/kc/buy/cgsh_order_operate.html?command=get_materiel&rest_code=00104&code=00101007022&supplier_code=00100003&order_time=2023-02-15 HTTP/1.1" 200 413
114.83.218.175 - - [16/Feb/2023:11:46:26 +0800] "GET /xingrg/all/function/internal_message.html?_=1676519200855&CODE_STATE=getMsg HTTP/1.1" 200 27
222.70.177.73 - - [16/Feb/2023:11:46:29 +0800] "GET /xingrg/kc/base/wldb_order_operate.html?command=get_materiel&rest_code=00111&base_code=0010283&code=00101019400 HTTP/1.1" 200 464
124.79.72.155 - - [16/Feb/2023:11:46:30 +0800] "GET /xingrg/kc/base/wldb_order_operate.html?command=get_materiel&rest_code=00156&base_code=0010779&code=00101016086 HTTP/1.1" 200 468
180.169.147.146 - - [16/Feb/2023:11:46:31 +0800] "GET /xingrg/all/function/internal_message.html?_=1676519206059&CODE_STATE=getMsg HTTP/1.1" 200 27
116.192.124.172 - - [16/Feb/2023:11:46:33 +0800] "GET /xingrg/all/function/internal_message.html?_=1676519207293&CODE_STATE=getMsg HTTP/1.1" 200 27
124.79.72.155 - - [16/Feb/2023:11:46:34 +0800] "GET /xingrg/kc/base/wldb_order_operate.html?command=get_materiel&rest_code=00156&base_code=0010779&code=00101019258 HTTP/1.1" 200 483
116.230.105.139 - - [16/Feb/2023:11:46:34 +0800] "GET /xingrg/all/function/internal_message.html?_=1676519193018&CODE_STATE=getMsg HTTP/1.1" 200 27
124.79.72.155 - - [16/Feb/2023:11:46:36 +0800] "POST /xingrg/kc/base/wldb_order_operate.html HTTP/1.1" 200 1710
116.235.93.82 - - [16/Feb/2023:11:46:37 +0800] "GET /xingrg/all/function/internal_message.html?_=1676519456075&CODE_STATE=getMsg HTTP/1.1" 200 27
116.235.93.82 - - [16/Feb/2023:11:46:37 +0800] "GET /xingrg/check_reg.html?_=1676519456076 HTTP/1.1" 200 22
124.79.72.155 - - [16/Feb/2023:11:46:41 +0800] "GET /xingrg/kc/base/wldb_order_operate.html?command=get_materiel&rest_code=00156&base_code=0010779&code=00101027001 HTTP/1.1" 200 471
116.235.93.82 - - [16/Feb/2023:11:46:41 +0800] "POST /xingrg/kc/buy/cgsh_order_operate.html HTTP/1.1" 200 37
222.70.177.73 - - [16/Feb/2023:11:46:41 +0800] "GET /xingrg/kc/base/wldb_order_operate.html?command=get_materiel&rest_code=00111&base_code=0010283&code=00101019222 HTTP/1.1" 200 453
116.235.93.82 - - [16/Feb/2023:11:46:43 +0800] "POST /xingrg/kc/buy/cgsh_order_operate.html HTTP/1.1" 200 2656
116.235.93.82 - - [16/Feb/2023:11:46:46 +0800] "GET /xingrg/kc/print/load_data.html?order_code=212023021605192&kc_code=cgsh&condition= HTTP/1.1" 200 725
124.78.159.25 - - [16/Feb/2023:11:46:46 +0800] "GET /xingrg/check_reg.html?_=1676519221563 HTTP/1.1" 200 22
124.78.159.25 - - [16/Feb/2023:11:46:46 +0800] "GET /xingrg/all/function/internal_message.html?_=1676519221565&CODE_STATE=getMsg HTTP/1.1" 200 27
180.169.147.146 - - [16/Feb/2023:11:46:48 +0800] "GET /xingrg/all/function/internal_message.html?_=1676519216645&CODE_STATE=getMsg HTTP/1.1" 200 27
222.70.177.73 - - [16/Feb/2023:11:46:48 +0800] "GET /xingrg/kc/base/wldb_order_operate.html?command=get_materiel&rest_code=00111&base_code=0010283&code=00101019359 HTTP/1.1" 200 461
101.83.145.75 - - [16/Feb/2023:11:46:49 +0800] "GET /xingrg/all/function/internal_message.html?_=1676519224319&CODE_STATE=getMsg HTTP/1.1" 200 27
120.253.135.82 - - [16/Feb/2023:11:46:49 +0800] "POST /xingrg/kc/pszx/mdps_order_operate.html HTTP/1.1" 200 37
116.238.139.35 - - [16/Feb/2023:11:46:50 +0800] "GET /xingrg/kc/base/wldb_order_operate.html?command=get_materiel&rest_code=00150&base_code=0010445&code=00101019185 HTTP/1.1" 200 469
120.253.135.82 - - [16/Feb/2023:11:46:51 +0800] "POST /xingrg/kc/pszx/mdps_order_operate.html HTTP/1.1" 200 12
120.253.135.82 - - [16/Feb/2023:11:46:52 +0800] "GET /xingrg/kc/pszx/mdps_order_info.html?code=312023021600344 HTTP/1.1" 200 19634
120.253.135.82 - - [16/Feb/2023:11:46:52 +0800] "POST /xingrg/kc/pszx/mdps_order_operate.html HTTP/1.1" 200 1498
120.253.135.82 - - [16/Feb/2023:11:46:52 +0800] "GET /xingrg/javascript/easyui/themes/default/validatebox.css HTTP/1.1" 404 1104
116.235.93.82 - - [16/Feb/2023:11:46:53 +0800] "GET /xingrg/kc/buy/cgsh_order_add.html HTTP/1.1" 200 69880
180.162.114.226 - - [16/Feb/2023:11:46:54 +0800] "GET /xingrg/check_reg.html?_=1676518168662 HTTP/1.1" 200 22
116.235.93.82 - - [16/Feb/2023:11:46:54 +0800] "GET /xingrg/javascript/easyui/themes/default/validatebox.css HTTP/1.1" 404 1104
116.235.93.82 - - [16/Feb/2023:11:46:54 +0800] "POST /xingrg/kc/buy/cgsh_order_operate.html HTTP/1.1" 200 8245
101.229.22.234 - - [16/Feb/2023:11:46:54 +0800] "GET /xingrg/all/function/internal_message.html?_=1676519229278&CODE_STATE=getMsg HTTP/1.1" 200 27
180.162.114.226 - - [16/Feb/2023:11:46:54 +0800] "GET /xingrg/all/function/internal_message.html?_=1676518169382&CODE_STATE=getMsg HTTP/1.1" 200 27
116.238.139.35 - - [16/Feb/2023:11:46:57 +0800] "POST /xingrg/kc/base/wldb_order_operate.html HTTP/1.1" 200 37
222.67.238.61 - - [16/Feb/2023:11:46:59 +0800] "GET /xingrg/all/function/internal_message.html?_=1676518798998&CODE_STATE=getMsg HTTP/1.1" 200 27
116.238.139.35 - - [16/Feb/2023:11:47:00 +0800] "POST /xingrg/kc/base/wldb_order_operate.html HTTP/1.1" 200 12
116.238.139.35 - - [16/Feb/2023:11:47:00 +0800] "POST /xingrg/kc/base/wldb_order_operate.html HTTP/1.1" 200 7703
222.70.177.73 - - [16/Feb/2023:11:47:02 +0800] "GET /xingrg/kc/base/wldb_order_operate.html?command=get_materiel&rest_code=00111&base_code=0010283&code=00101019185 HTTP/1.1" 200 467
116.238.139.35 - - [16/Feb/2023:11:47:04 +0800] "GET /xingrg/words/20230216110007_words.js HTTP/1.1" 304 -
116.238.139.35 - - [16/Feb/2023:11:47:04 +0800] "GET /xingrg/kc/base/wldb_order_info.html?code=422023021601156 HTTP/1.1" 200 26309
116.238.139.35 - - [16/Feb/2023:11:47:04 +0800] "GET /xingrg/javascript/easyui/themes/default/validatebox.css HTTP/1.1" 404 1104
116.238.139.35 - - [16/Feb/2023:11:47:04 +0800] "POST /xingrg/kc/base/wldb_order_operate.html HTTP/1.1" 200 5873
124.79.72.155 - - [16/Feb/2023:11:47:06 +0800] "GET /xingrg/all/function/internal_message.html?_=1676519243435&CODE_STATE=getMsg HTTP/1.1" 200 27
58.40.7.146 - - [16/Feb/2023:11:47:06 +0800] "GET /xingrg/all/function/internal_message.html?_=1676519240794&CODE_STATE=getMsg HTTP/1.1" 200 27
120.253.135.82 - - [16/Feb/2023:11:47:06 +0800] "GET /xingrg/all/function/internal_message.html?_=1676519366945&CODE_STATE=getMsg HTTP/1.1" 200 27
221.239.170.112 - - [16/Feb/2023:11:47:06 +0800] "GET /xingrg/all/function/internal_message.html?_=1676519241740&CODE_STATE=getMsg HTTP/1.1" 200 27
120.253.135.82 - - [16/Feb/2023:11:47:07 +0800] "GET /xingrg/check_reg.html?_=1676519063575 HTTP/1.1" 200 22
116.235.93.82 - - [16/Feb/2023:11:47:09 +0800] "GET /xingrg/kc/buy/cgsh_order_operate.html?command=get_materiel&rest_code=00104&code=00101001160&supplier_code=00100040&order_time=2023-02-15 HTTP/1.1" 200 410
124.79.72.155 - - [16/Feb/2023:11:47:11 +0800] "GET /xingrg/kc/base/wldb_order_operate.html?command=get_materiel&rest_code=00156&base_code=0010779&code=00101019917 HTTP/1.1" 200 433
120.253.135.82 - - [16/Feb/2023:11:47:11 +0800] "GET /xingrg/all/function/internal_message.html?_=1676519067989&CODE_STATE=getMsg HTTP/1.1" 200 27
124.78.159.25 - - [16/Feb/2023:11:47:12 +0800] "GET /xingrg/all/function/internal_message.html?_=1676519243906&CODE_STATE=getMsg HTTP/1.1" 200 27
218.81.220.34 - - [16/Feb/2023:11:47:13 +0800] "GET /xingrg/check_reg.html?_=1676519262792 HTTP/1.1" 200 22
218.81.220.34 - - [16/Feb/2023:11:47:13 +0800] "GET /xingrg/all/function/internal_message.html?_=1676519262912&CODE_STATE=getMsg HTTP/1.1" 200 27
222.70.177.73 - - [16/Feb/2023:11:47:15 +0800] "GET /xingrg/kc/base/wldb_order_operate.html?command=get_materiel&rest_code=00111&base_code=0010283&code=00101019015 HTTP/1.1" 200 450
218.81.220.34 - - [16/Feb/2023:11:47:15 +0800] "POST /xingrg/kc/buy/cgsh_order_operate.html HTTP/1.1" 200 37
218.81.220.34 - - [16/Feb/2023:11:47:17 +0800] "POST /xingrg/kc/buy/cgsh_order_operate.html HTTP/1.1" 200 35183
101.83.145.75 - - [16/Feb/2023:11:47:18 +0800] "POST /xingrg/services/DataTransmitService HTTP/1.1" 200 524
116.238.139.35 - - [16/Feb/2023:11:47:18 +0800] "GET /xingrg/check_reg.html?_=1676519253846 HTTP/1.1" 200 22
101.83.145.75 - - [16/Feb/2023:11:47:19 +0800] "POST /xingrg/services/DataTransmitService HTTP/1.1" 200 501
116.238.139.35 - - [16/Feb/2023:11:47:19 +0800] "GET /xingrg/all/function/internal_message.html?_=1676519254065&CODE_STATE=getMsg HTTP/1.1" 200 27
222.70.177.73 - - [16/Feb/2023:11:47:19 +0800] "GET /xingrg/all/function/internal_message.html?_=1676519252335&CODE_STATE=getMsg HTTP/1.1" 200 27
180.165.52.237 - - [16/Feb/2023:11:47:23 +0800] "GET /xingrg/all/function/internal_message.html?_=1676519258555&CODE_STATE=getMsg HTTP/1.1" 200 27
116.235.93.82 - - [16/Feb/2023:11:47:25 +0800] "POST /xingrg/kc/buy/cgsh_order_operate.html HTTP/1.1" 200 37
116.235.93.82 - - [16/Feb/2023:11:47:26 +0800] "GET /xingrg/all/function/internal_message.html?_=1676519258709&CODE_STATE=getMsg HTTP/1.1" 200 27
114.83.218.175 - - [16/Feb/2023:11:47:26 +0800] "GET /xingrg/all/function/internal_message.html?_=1676519260847&CODE_STATE=getMsg HTTP/1.1" 200 27
114.83.218.175 - - [16/Feb/2023:11:47:26 +0800] "GET /xingrg/check_reg.html?_=1676519260851 HTTP/1.1" 200 22
116.235.93.82 - - [16/Feb/2023:11:47:27 +0800] "POST /xingrg/kc/buy/cgsh_order_operate.html HTTP/1.1" 200 2651
116.235.93.82 - - [16/Feb/2023:11:47:29 +0800] "GET /xingrg/kc/print/load_data.html?order_code=212023021605193&kc_code=cgsh&condition= HTTP/1.1" 200 746
180.169.147.146 - - [16/Feb/2023:11:47:31 +0800] "GET /xingrg/all/function/internal_message.html?_=1676519266059&CODE_STATE=getMsg HTTP/1.1" 200 27
222.70.177.73 - - [16/Feb/2023:11:47:33 +0800] "POST /xingrg/kc/base/wldb_order_operate.html HTTP/1.1" 200 37
116.192.124.172 - - [16/Feb/2023:11:47:33 +0800] "GET /xingrg/all/function/internal_message.html?_=1676519267269&CODE_STATE=getMsg HTTP/1.1" 200 27
222.70.177.73 - - [16/Feb/2023:11:47:33 +0800] "POST /xingrg/kc/base/wldb_order_operate.html HTTP/1.1" 200 4151
116.230.105.139 - - [16/Feb/2023:11:47:34 +0800] "GET /xingrg/all/function/internal_message.html?_=1676519253023&CODE_STATE=getMsg HTTP/1.1" 200 27
222.70.177.73 - - [16/Feb/2023:11:47:34 +0800] "GET /xingrg/kc/base/wldb_order_info.html?code=422023021601157 HTTP/1.1" 200 30436
222.70.177.73 - - [16/Feb/2023:11:47:35 +0800] "GET /xingrg/javascript/easyui/themes/default/validatebox.css HTTP/1.1" 404 1104
222.70.177.73 - - [16/Feb/2023:11:47:35 +0800] "POST /xingrg/kc/base/wldb_order_operate.html HTTP/1.1" 200 4151
222.70.177.73 - - [16/Feb/2023:11:47:37 +0800] "GET /xingrg/kc/base/wldb_order_add.html HTTP/1.1" 200 30422
222.70.177.73 - - [16/Feb/2023:11:47:37 +0800] "POST /xingrg/kc/base/wldb_order_operate.html HTTP/1.1" 200 6806
116.235.93.82 - - [16/Feb/2023:11:47:37 +0800] "GET /xingrg/all/function/internal_message.html?_=1676519516069&CODE_STATE=getMsg HTTP/1.1" 200 27
222.70.177.73 - - [16/Feb/2023:11:47:37 +0800] "GET /xingrg/javascript/easyui/themes/default/validatebox.css HTTP/1.1" 404 1104
124.79.72.155 - - [16/Feb/2023:11:47:46 +0800] "GET /xingrg/kc/base/wldb_order_operate.html?command=get_materiel&rest_code=00156&base_code=0010779&code=00101019315 HTTP/1.1" 200 476
124.78.159.25 - - [16/Feb/2023:11:47:46 +0800] "GET /xingrg/all/function/internal_message.html?_=1676519281571&CODE_STATE=getMsg HTTP/1.1" 200 27
180.169.147.146 - - [16/Feb/2023:11:47:48 +0800] "GET /xingrg/all/function/internal_message.html?_=1676519276644&CODE_STATE=getMsg HTTP/1.1" 200 27
180.169.147.146 - - [16/Feb/2023:11:47:48 +0800] "GET /xingrg/check_reg.html?_=1676519276645 HTTP/1.1" 200 22
101.83.145.75 - - [16/Feb/2023:11:47:49 +0800] "GET /xingrg/all/function/internal_message.html?_=1676519284319&CODE_STATE=getMsg HTTP/1.1" 200 27
222.70.177.73 - - [16/Feb/2023:11:47:53 +0800] "GET /xingrg/kc/base/wldb_order_operate.html?command=get_materiel&rest_code=00111&base_code=0010306&code=00102002204 HTTP/1.1" 200 447
101.229.22.234 - - [16/Feb/2023:11:47:54 +0800] "GET /xingrg/check_reg.html?_=1676519289284 HTTP/1.1" 200 22
101.229.22.234 - - [16/Feb/2023:11:47:54 +0800] "GET /xingrg/all/function/internal_message.html?_=1676519289280&CODE_STATE=getMsg HTTP/1.1" 200 27
180.162.114.226 - - [16/Feb/2023:11:47:54 +0800] "GET /xingrg/all/function/internal_message.html?_=1676518229366&CODE_STATE=getMsg HTTP/1.1" 200 27
180.162.114.226 - - [16/Feb/2023:11:47:56 +0800] "GET /xingrg/javascript/jquery_easy_ui/themes/default/images/tabs_active.png HTTP/1.1" 304 -
222.70.177.73 - - [16/Feb/2023:11:47:58 +0800] "POST /xingrg/kc/base/wldb_order_operate.html HTTP/1.1" 200 37
222.70.177.73 - - [16/Feb/2023:11:47:58 +0800] "POST /xingrg/kc/base/wldb_order_operate.html HTTP/1.1" 200 2690
222.67.238.61 - - [16/Feb/2023:11:47:59 +0800] "GET /xingrg/all/function/internal_message.html?_=1676518859014&CODE_STATE=getMsg HTTP/1.1" 200 27
124.79.72.155 - - [16/Feb/2023:11:48:00 +0800] "GET /xingrg/javascript/auto/indicator.gif HTTP/1.1" 404 1066
180.162.114.226 - - [16/Feb/2023:11:48:01 +0800] "POST /xingrg/kc/buy/cgsh_list_operate.html HTTP/1.1" 200 1876
222.70.177.73 - - [16/Feb/2023:11:48:02 +0800] "GET /xingrg/kc/base/wldb_order_info.html?code=422023021601158 HTTP/1.1" 200 30436
222.70.177.73 - - [16/Feb/2023:11:48:03 +0800] "GET /xingrg/javascript/easyui/themes/default/validatebox.css HTTP/1.1" 404 1104
222.70.177.73 - - [16/Feb/2023:11:48:03 +0800] "POST /xingrg/kc/base/wldb_order_operate.html HTTP/1.1" 200 2690
180.162.114.226 - - [16/Feb/2023:11:48:04 +0800] "GET /xingrg/kc/mdqp/qp_main.html HTTP/1.1" 200 10633
180.162.114.226 - - [16/Feb/2023:11:48:04 +0800] "GET /xingrg/images/blue/button/qqpsd.gif HTTP/1.1" 304 -
180.162.114.226 - - [16/Feb/2023:11:48:04 +0800] "GET /xingrg/images/blue/button/pszx.gif HTTP/1.1" 304 -
180.162.114.226 - - [16/Feb/2023:11:48:04 +0800] "GET /xingrg/images/blue/button/psshd.gif HTTP/1.1" 304 -
222.70.177.73 - - [16/Feb/2023:11:48:04 +0800] "GET /xingrg/kc/base/wldb_order_add.html HTTP/1.1" 200 30422
222.70.177.73 - - [16/Feb/2023:11:48:05 +0800] "POST /xingrg/kc/base/wldb_order_operate.html HTTP/1.1" 200 6806
222.70.177.73 - - [16/Feb/2023:11:48:05 +0800] "GET /xingrg/javascript/easyui/themes/default/validatebox.css HTTP/1.1" 404 1104
180.162.114.226 - - [16/Feb/2023:11:48:05 +0800] "GET /xingrg/images/yd/bt.gif HTTP/1.1" 404 1040
124.79.72.155 - - [16/Feb/2023:11:48:06 +0800] "GET /xingrg/all/function/internal_message.html?_=1676519303434&CODE_STATE=getMsg HTTP/1.1" 200 27
58.40.7.146 - - [16/Feb/2023:11:48:06 +0800] "GET /xingrg/all/function/internal_message.html?_=1676519300788&CODE_STATE=getMsg HTTP/1.1" 200 27
180.162.114.226 - - [16/Feb/2023:11:48:06 +0800] "GET /xingrg/kc/mdqp/qqps_order_list.html HTTP/1.1" 200 9222
180.162.114.226 - - [16/Feb/2023:11:48:06 +0800] "GET /xingrg/dwr/interface/AjaxQqpsService.js HTTP/1.1" 200 16326
180.162.114.226 - - [16/Feb/2023:11:48:06 +0800] "GET /xingrg/dwr/interface/AjaxReportQueryService.js HTTP/1.1" 200 13203
180.162.114.226 - - [16/Feb/2023:11:48:06 +0800] "GET /xingrg/javascript/Calendar.js HTTP/1.1" 304 -
180.162.114.226 - - [16/Feb/2023:11:48:06 +0800] "GET /xingrg/dwr/util.js HTTP/1.1" 200 35990
180.162.114.226 - - [16/Feb/2023:11:48:06 +0800] "GET /xingrg/dwr/engine.js HTTP/1.1" 200 43631
180.162.114.226 - - [16/Feb/2023:11:48:06 +0800] "GET /xingrg/javascript/jquery_easy_ui/themes/icons/cance_new.png HTTP/1.1" 304 -
180.162.114.226 - - [16/Feb/2023:11:48:06 +0800] "GET /xingrg/javascript/jquery_easy_ui/themes/icons/uncheck_new.png HTTP/1.1" 304 -
180.162.114.226 - - [16/Feb/2023:11:48:06 +0800] "GET /xingrg/javascript/jquery_easy_ui/themes/icons/edit_add_new.png HTTP/1.1" 304 -
180.162.114.226 - - [16/Feb/2023:11:48:06 +0800] "GET /xingrg/javascript/jquery_easy_ui/themes/icons/check_new.png HTTP/1.1" 304 -
120.253.135.82 - - [16/Feb/2023:11:48:06 +0800] "GET /xingrg/all/function/internal_message.html?_=1676519426949&CODE_STATE=getMsg HTTP/1.1" 200 27
221.239.170.112 - - [16/Feb/2023:11:48:06 +0800] "GET /xingrg/all/function/internal_message.html?_=1676519301725&CODE_STATE=getMsg HTTP/1.1" 200 27
180.162.114.226 - - [16/Feb/2023:11:48:09 +0800] "GET /xingrg/kc/mdqp/qp_main.html HTTP/1.1" 200 10633
180.162.114.226 - - [16/Feb/2023:11:48:10 +0800] "GET /xingrg/images/yd/bt.gif HTTP/1.1" 404 1040
180.162.114.226 - - [16/Feb/2023:11:48:10 +0800] "GET /xingrg/kc/mdqp/pssh_order_list.html HTTP/1.1" 200 16977
180.162.114.226 - - [16/Feb/2023:11:48:11 +0800] "POST /xingrg/kc/mdqp/pssh_list_operate.html HTTP/1.1" 200 5469
120.253.135.82 - - [16/Feb/2023:11:48:11 +0800] "GET /xingrg/all/function/internal_message.html?_=1676519128003&CODE_STATE=getMsg HTTP/1.1" 200 27
180.163.28.55 - - [16/Feb/2023:11:48:11 +0800] "GET /xingrg/all/function/internal_message.html?_=1676519243906&CODE_STATE=getMsg HTTP/1.1" 302 -
180.163.28.55 - - [16/Feb/2023:11:48:11 +0800] "GET /xingrg/login.html HTTP/1.1" 200 7641
124.78.159.25 - - [16/Feb/2023:11:48:12 +0800] "GET /xingrg/all/function/internal_message.html?_=1676519303877&CODE_STATE=getMsg HTTP/1.1" 200 27
180.169.147.146 - - [16/Feb/2023:11:48:12 +0800] "GET /xingrg/check_reg.html?_=1676519305823 HTTP/1.1" 200 22
180.162.114.226 - - [16/Feb/2023:11:48:13 +0800] "POST /xingrg/kc/mdqp/pssh_list_operate.html HTTP/1.1" 200 721
180.162.114.226 - - [16/Feb/2023:11:48:14 +0800] "GET /xingrg/kc/mdqp/pssh_order_info.html?code=312023021600341 HTTP/1.1" 200 17277
180.162.114.226 - - [16/Feb/2023:11:48:14 +0800] "GET /xingrg/javascript/jquery_tools/jquery-1.4.2.min.js HTTP/1.1" 404 1094
180.162.114.226 - - [16/Feb/2023:11:48:14 +0800] "GET /xingrg/javascript/easyui/themes/icons/back_new.png HTTP/1.1" 304 -
180.162.114.226 - - [16/Feb/2023:11:48:14 +0800] "GET /xingrg/all/common/auto_word.html?type=base&rest_code=00143&rest_code=00143 HTTP/1.1" 200 673
180.162.114.226 - - [16/Feb/2023:11:48:14 +0800] "GET /xingrg/javascript/easyui/themes/default/validatebox.css HTTP/1.1" 404 1104
180.162.114.226 - - [16/Feb/2023:11:48:14 +0800] "POST /xingrg/kc/mdqp/pssh_order_operate.html HTTP/1.1" 200 6808
218.81.220.34 - - [16/Feb/2023:11:48:17 +0800] "POST /xingrg/kc/buy/cgsh_order_operate.html HTTP/1.1" 200 37
116.238.139.35 - - [16/Feb/2023:11:48:19 +0800] "GET /xingrg/all/function/internal_message.html?_=1676519313948&CODE_STATE=getMsg HTTP/1.1" 200 27
222.70.177.73 - - [16/Feb/2023:11:48:19 +0800] "GET /xingrg/all/function/internal_message.html?_=1676519312315&CODE_STATE=getMsg HTTP/1.1" 200 27
124.78.159.25 - - [16/Feb/2023:11:48:21 +0800] "GET /xingrg/kc/base/base_main.html HTTP/1.1" 200 12142
124.78.159.25 - - [16/Feb/2023:11:48:22 +0800] "GET /xingrg/kc/base/yddb_order_list.html HTTP/1.1" 200 16745
124.78.159.25 - - [16/Feb/2023:11:48:22 +0800] "POST /xingrg/kc/base/yddb_list_operate.html HTTP/1.1" 200 636
180.165.52.237 - - [16/Feb/2023:11:48:23 +0800] "GET /xingrg/all/function/internal_message.html?_=1676519318559&CODE_STATE=getMsg HTTP/1.1" 200 27
116.235.93.82 - - [16/Feb/2023:11:48:26 +0800] "GET /xingrg/all/function/internal_message.html?_=1676519318709&CODE_STATE=getMsg HTTP/1.1" 200 27
114.83.218.175 - - [16/Feb/2023:11:48:26 +0800] "GET /xingrg/all/function/internal_message.html?_=1676519320854&CODE_STATE=getMsg HTTP/1.1" 200 27
180.169.147.146 - - [16/Feb/2023:11:48:31 +0800] "GET /xingrg/all/function/internal_message.html?_=1676519326059&CODE_STATE=getMsg HTTP/1.1" 200 27
124.78.159.25 - - [16/Feb/2023:11:48:31 +0800] "POST /xingrg/kc/base/yddb_list_operate.html HTTP/1.1" 200 4282
