120.253.135.82 - - [16/Feb/2023:10:38:05 +0800] "POST /xingrg/all/common/load_combo.html?type=base HTTP/1.1" 200 1169
221.239.170.112 - - [16/Feb/2023:10:38:08 +0800] "GET /xingrg/all/function/internal_message.html?_=1676515102935&CODE_STATE=getMsg HTTP/1.1" 200 27
120.253.135.82 - - [16/Feb/2023:10:38:08 +0800] "GET /xingrg/javascript/easyui/themes/default/tree.css HTTP/1.1" 404 1090
120.253.135.82 - - [16/Feb/2023:10:38:08 +0800] "POST /xingrg/all/common/load_tree.html?tree=area_rest_tree_json&only_rest=1 HTTP/1.1" 200 3378
120.253.135.82 - - [16/Feb/2023:10:38:09 +0800] "GET /xingrg/all/function/internal_message.html?_=1676514926289&CODE_STATE=getMsg HTTP/1.1" 200 27
116.192.124.172 - - [16/Feb/2023:10:38:09 +0800] "GET /xingrg/kc/base/wldb_order_operate.html?command=get_materiel&rest_code=00102&base_code=0010476&code=00101019199 HTTP/1.1" 200 472
180.169.147.146 - - [16/Feb/2023:10:38:12 +0800] "GET /xingrg/check_reg.html?_=1676515106036 HTTP/1.1" 200 22
124.78.159.25 - - [16/Feb/2023:10:38:13 +0800] "GET /xingrg/all/function/internal_message.html?_=1676515104928&CODE_STATE=getMsg HTTP/1.1" 200 27
218.81.220.34 - - [16/Feb/2023:10:38:13 +0800] "GET /xingrg/check_reg.html?_=1676515122382 HTTP/1.1" 200 22
218.81.220.34 - - [16/Feb/2023:10:38:14 +0800] "GET /xingrg/all/function/internal_message.html?_=1676515123566&CODE_STATE=getMsg HTTP/1.1" 200 27
180.169.147.146 - - [16/Feb/2023:10:38:14 +0800] "GET /xingrg/all/function/internal_message.html?_=1676515109355&CODE_STATE=getMsg HTTP/1.1" 200 27
180.169.147.146 - - [16/Feb/2023:10:38:14 +0800] "GET /xingrg/check_reg.html?_=1676515109357 HTTP/1.1" 200 22
180.169.147.146 - - [16/Feb/2023:10:38:14 +0800] "GET /xingrg/all/function/internal_message.html?_=1676515109467&CODE_STATE=getMsg HTTP/1.1" 200 27
222.70.177.73 - - [16/Feb/2023:10:38:20 +0800] "GET /xingrg/all/function/internal_message.html?_=1676515113306&CODE_STATE=getMsg HTTP/1.1" 200 27
120.253.135.82 - - [16/Feb/2023:10:38:24 +0800] "GET /xingrg/kc/pszx/mdps_order_operate.html?command=get_materiel&pszx_code=00101&rest_code=00102&base_code=0010246&code=00101016020 HTTP/1.1" 200 447
222.67.238.61 - - [16/Feb/2023:10:38:24 +0800] "GET /xingrg/kc/buy/cgsh_order_operate.html?command=get_materiel&rest_code=00141&code=00101008674&supplier_code=00100007&order_time=2023-02-16 HTTP/1.1" 200 412
218.81.220.34 - - [16/Feb/2023:10:38:24 +0800] "POST /xingrg/services/DataTransmitService HTTP/1.1" 200 524
114.83.218.175 - - [16/Feb/2023:10:38:25 +0800] "GET /xingrg/kc/mdqp/qqps_order_list.html HTTP/1.1" 200 9222
114.83.218.175 - - [16/Feb/2023:10:38:25 +0800] "GET /xingrg/dwr/interface/AjaxQqpsService.js HTTP/1.1" 200 16326
114.83.218.175 - - [16/Feb/2023:10:38:25 +0800] "GET /xingrg/dwr/engine.js HTTP/1.1" 200 43631
114.83.218.175 - - [16/Feb/2023:10:38:25 +0800] "GET /xingrg/dwr/interface/AjaxReportQueryService.js HTTP/1.1" 200 13203
114.83.218.175 - - [16/Feb/2023:10:38:25 +0800] "GET /xingrg/dwr/util.js HTTP/1.1" 304 -
218.81.220.34 - - [16/Feb/2023:10:38:25 +0800] "POST /xingrg/services/DataTransmitService HTTP/1.1" 200 2339
218.81.220.34 - - [16/Feb/2023:10:38:26 +0800] "POST /xingrg/services/DataTransmitService HTTP/1.1" 200 191351
114.83.218.175 - - [16/Feb/2023:10:38:26 +0800] "GET /xingrg/all/function/internal_message.html?_=1676515120620&CODE_STATE=getMsg HTTP/1.1" 200 27
114.83.218.175 - - [16/Feb/2023:10:38:26 +0800] "GET /xingrg/kc/mdqp/qqps_order_add.html HTTP/1.1" 200 28398
114.83.218.175 - - [16/Feb/2023:10:38:26 +0800] "GET /xingrg/dwr/interface/AjaxComOrderService.js HTTP/1.1" 200 18264
114.83.218.175 - - [16/Feb/2023:10:38:26 +0800] "GET /xingrg/dwr/interface/AjaxQqpsService.js HTTP/1.1" 200 16326
114.83.218.175 - - [16/Feb/2023:10:38:26 +0800] "GET /xingrg/dwr/engine.js HTTP/1.1" 200 43631
120.253.135.82 - - [16/Feb/2023:10:38:27 +0800] "POST /xingrg/all/common/load_select.html HTTP/1.1" 200 25
120.253.135.82 - - [16/Feb/2023:10:38:28 +0800] "GET /xingrg/kc/pszx/mdps_order_operate.html?command=get_materiel_price&pszx_code=00101&rest_code=00102&base_code=0010246&code=00101016020&unit_code=00100141&order_time=2023-02-16 HTTP/1.1" 200 34
120.253.135.82 - - [16/Feb/2023:10:38:30 +0800] "GET /xingrg/kc/pszx/mdps_order_operate.html?command=get_materiel_price&pszx_code=00101&rest_code=00102&base_code=0010246&code=00101016020&unit_code=00100142&order_time=2023-02-16 HTTP/1.1" 200 35
116.192.124.172 - - [16/Feb/2023:10:38:31 +0800] "POST /xingrg/kc/base/wldb_order_operate.html HTTP/1.1" 200 37
222.67.238.61 - - [16/Feb/2023:10:38:33 +0800] "GET /xingrg/kc/buy/cgsh_order_operate.html?command=get_materiel&rest_code=00141&code=00101008095&supplier_code=00100007&order_time=2023-02-16 HTTP/1.1" 200 412
116.192.124.172 - - [16/Feb/2023:10:38:34 +0800] "POST /xingrg/kc/base/wldb_order_operate.html HTTP/1.1" 200 12
116.192.124.172 - - [16/Feb/2023:10:38:34 +0800] "POST /xingrg/kc/base/wldb_order_operate.html HTTP/1.1" 200 7181
116.230.105.139 - - [16/Feb/2023:10:38:34 +0800] "GET /xingrg/all/function/internal_message.html?_=1676515113031&CODE_STATE=getMsg HTTP/1.1" 200 27
116.192.124.172 - - [16/Feb/2023:10:38:35 +0800] "GET /xingrg/kc/base/wldb_order_info.html?code=422023021601134 HTTP/1.1" 200 26295
116.192.124.172 - - [16/Feb/2023:10:38:36 +0800] "GET /xingrg/javascript/easyui/themes/default/validatebox.css HTTP/1.1" 404 1104
116.192.124.172 - - [16/Feb/2023:10:38:36 +0800] "POST /xingrg/kc/base/wldb_order_operate.html HTTP/1.1" 200 5364
222.67.238.61 - - [16/Feb/2023:10:38:36 +0800] "POST /xingrg/kc/buy/cgsh_order_operate.html HTTP/1.1" 200 2065
120.253.135.82 - - [16/Feb/2023:10:38:37 +0800] "GET /xingrg/all/function/internal_message.html?_=1676515257612&CODE_STATE=getMsg HTTP/1.1" 200 27
116.192.124.172 - - [16/Feb/2023:10:38:38 +0800] "GET /xingrg/kc/base/wldb_order_add.html HTTP/1.1" 200 30418
116.192.124.172 - - [16/Feb/2023:10:38:38 +0800] "POST /xingrg/kc/base/wldb_order_operate.html HTTP/1.1" 200 6806
116.192.124.172 - - [16/Feb/2023:10:38:38 +0800] "GET /xingrg/javascript/easyui/themes/default/validatebox.css HTTP/1.1" 404 1104
114.83.218.175 - - [16/Feb/2023:10:38:39 +0800] "POST /xingrg/dwr/call/plaincall/AjaxQqpsService.saveOrder.dwr HTTP/1.1" 200 78
116.192.124.172 - - [16/Feb/2023:10:38:39 +0800] "POST /xingrg/all/common/load_combo.html?type=base HTTP/1.1" 200 3321
120.253.135.82 - - [16/Feb/2023:10:38:41 +0800] "GET /xingrg/kc/pszx/mdps_order_operate.html?command=get_materiel&pszx_code=00101&rest_code=00102&base_code=0010246&code=00101019275 HTTP/1.1" 200 482
116.192.124.172 - - [16/Feb/2023:10:38:41 +0800] "POST /xingrg/all/common/load_combo.html?type=base HTTP/1.1" 200 3321
114.83.218.175 - - [16/Feb/2023:10:38:42 +0800] "POST /xingrg/dwr/call/plaincall/AjaxQqpsService.getMaterielByCode.dwr HTTP/1.1" 200 2743
222.67.238.61 - - [16/Feb/2023:10:38:43 +0800] "GET /xingrg/kc/buy/cgsh_order_operate.html?command=get_materiel&rest_code=00141&code=00101008150&supplier_code=00100007&order_time=2023-02-16 HTTP/1.1" 200 409
114.83.218.175 - - [16/Feb/2023:10:38:43 +0800] "POST /xingrg/dwr/call/plaincall/AjaxQqpsService.saveMaterielItem.dwr HTTP/1.1" 200 78
120.253.135.82 - - [16/Feb/2023:10:38:44 +0800] "POST /xingrg/all/common/load_select.html HTTP/1.1" 200 25
120.253.135.82 - - [16/Feb/2023:10:38:46 +0800] "GET /xingrg/kc/pszx/mdps_order_operate.html?command=get_materiel_price&pszx_code=00101&rest_code=00102&base_code=0010246&code=00101019275&unit_code=00100189&order_time=2023-02-16 HTTP/1.1" 200 34
114.83.218.175 - - [16/Feb/2023:10:38:46 +0800] "POST /xingrg/dwr/call/plaincall/AjaxQqpsService.getMaterielByCode.dwr HTTP/1.1" 200 2743
114.83.218.175 - - [16/Feb/2023:10:38:48 +0800] "POST /xingrg/dwr/call/plaincall/AjaxQqpsService.saveMaterielItem.dwr HTTP/1.1" 200 78
101.83.145.75 - - [16/Feb/2023:10:38:49 +0800] "GET /xingrg/check_reg.html?_=1676515144266 HTTP/1.1" 200 22
101.83.145.75 - - [16/Feb/2023:10:38:49 +0800] "GET /xingrg/all/function/internal_message.html?_=1676515144270&CODE_STATE=getMsg HTTP/1.1" 200 27
116.238.139.35 - - [16/Feb/2023:10:38:49 +0800] "GET /xingrg/check_reg.html?_=1676515144550 HTTP/1.1" 200 22
116.238.139.35 - - [16/Feb/2023:10:38:49 +0800] "GET /xingrg/all/function/internal_message.html?_=1676515144554&CODE_STATE=getMsg HTTP/1.1" 200 27
116.192.124.172 - - [16/Feb/2023:10:38:50 +0800] "GET /xingrg/kc/base/wldb_order_operate.html?command=get_materiel&rest_code=00102&base_code=0010476&code=00101016029 HTTP/1.1" 200 462
114.83.218.175 - - [16/Feb/2023:10:38:50 +0800] "POST /xingrg/dwr/call/plaincall/AjaxQqpsService.checkOrder.dwr HTTP/1.1" 200 78
114.83.218.175 - - [16/Feb/2023:10:38:51 +0800] "GET /xingrg/kc/mdqp/qqps_order_info.html?code=302023021600282 HTTP/1.1" 200 26801
114.83.218.175 - - [16/Feb/2023:10:38:51 +0800] "GET /xingrg/dwr/interface/AjaxComOrderService.js HTTP/1.1" 200 18264
114.83.218.175 - - [16/Feb/2023:10:38:51 +0800] "GET /xingrg/dwr/interface/AjaxQqpsService.js HTTP/1.1" 200 16326
114.83.218.175 - - [16/Feb/2023:10:38:51 +0800] "GET /xingrg/dwr/engine.js HTTP/1.1" 200 43631
114.83.218.175 - - [16/Feb/2023:10:38:52 +0800] "POST /xingrg/dwr/call/plaincall/AjaxQqpsService.loadMaterielItems.dwr HTTP/1.1" 200 585
222.67.238.61 - - [16/Feb/2023:10:38:52 +0800] "GET /xingrg/kc/buy/cgsh_order_operate.html?command=get_materiel&rest_code=00141&code=00101009031&supplier_code=00100007&order_time=2023-02-16 HTTP/1.1" 200 409
101.229.22.234 - - [16/Feb/2023:10:38:54 +0800] "GET /xingrg/all/function/internal_message.html?_=1676515149222&CODE_STATE=getMsg HTTP/1.1" 200 27
58.39.108.153 - - [16/Feb/2023:10:38:57 +0800] "GET /xingrg/all/function/internal_message.html?_=1676515151699&CODE_STATE=getMsg HTTP/1.1" 302 -
120.253.135.82 - - [16/Feb/2023:10:38:57 +0800] "GET /xingrg/kc/pszx/mdps_order_operate.html?command=get_materiel&pszx_code=00101&rest_code=00102&base_code=0010246&code=00101013139 HTTP/1.1" 200 449
222.67.238.61 - - [16/Feb/2023:10:38:59 +0800] "GET /xingrg/all/function/internal_message.html?_=1676514718933&CODE_STATE=getMsg HTTP/1.1" 200 27
116.192.124.172 - - [16/Feb/2023:10:39:00 +0800] "GET /xingrg/kc/base/wldb_order_operate.html?command=get_materiel&rest_code=00102&base_code=0010476&code=00101019108 HTTP/1.1" 200 477
222.67.238.61 - - [16/Feb/2023:10:39:04 +0800] "GET /xingrg/kc/buy/cgsh_order_operate.html?command=get_materiel&rest_code=00141&code=00101009016&supplier_code=00100007&order_time=2023-02-16 HTTP/1.1" 200 412
124.78.159.25 - - [16/Feb/2023:10:39:05 +0800] "GET /xingrg/check_reg.html?_=1676515156897 HTTP/1.1" 200 22
221.239.170.112 - - [16/Feb/2023:10:39:08 +0800] "GET /xingrg/all/function/internal_message.html?_=1676515162920&CODE_STATE=getMsg HTTP/1.1" 200 27
120.253.135.82 - - [16/Feb/2023:10:39:09 +0800] "GET /xingrg/all/function/internal_message.html?_=1676514986301&CODE_STATE=getMsg HTTP/1.1" 200 27
114.83.218.175 - - [16/Feb/2023:10:39:10 +0800] "GET /xingrg/kc/mdqp/qqps_order_list.html?isBack=1 HTTP/1.1" 200 9677
114.83.218.175 - - [16/Feb/2023:10:39:10 +0800] "GET /xingrg/dwr/interface/AjaxQqpsService.js HTTP/1.1" 200 16326
114.83.218.175 - - [16/Feb/2023:10:39:10 +0800] "GET /xingrg/dwr/interface/AjaxReportQueryService.js HTTP/1.1" 200 13203
114.83.218.175 - - [16/Feb/2023:10:39:10 +0800] "GET /xingrg/dwr/engine.js HTTP/1.1" 200 43631
120.253.135.82 - - [16/Feb/2023:10:39:10 +0800] "GET /xingrg/kc/pszx/mdps_order_operate.html?command=get_materiel&pszx_code=00101&rest_code=00102&base_code=0010246&code=00101019163 HTTP/1.1" 200 414
222.64.57.161 - - [16/Feb/2023:10:39:11 +0800] "POST /xingrg/services/DataTransmitService HTTP/1.1" 200 524
222.64.57.161 - - [16/Feb/2023:10:39:11 +0800] "POST /xingrg/services/DataTransmitService HTTP/1.1" 200 501
116.192.124.172 - - [16/Feb/2023:10:39:11 +0800] "POST /xingrg/kc/base/wldb_order_operate.html HTTP/1.1" 200 37
114.83.218.175 - - [16/Feb/2023:10:39:12 +0800] "GET /xingrg/kc/mdqp/qqps_order_add.html HTTP/1.1" 200 28398
114.83.218.175 - - [16/Feb/2023:10:39:12 +0800] "GET /xingrg/dwr/interface/AjaxComOrderService.js HTTP/1.1" 200 18264
114.83.218.175 - - [16/Feb/2023:10:39:12 +0800] "GET /xingrg/dwr/interface/AjaxQqpsService.js HTTP/1.1" 200 16326
114.83.218.175 - - [16/Feb/2023:10:39:12 +0800] "GET /xingrg/dwr/engine.js HTTP/1.1" 200 43631
124.78.159.25 - - [16/Feb/2023:10:39:13 +0800] "GET /xingrg/all/function/internal_message.html?_=1676515164903&CODE_STATE=getMsg HTTP/1.1" 200 27
218.81.220.34 - - [16/Feb/2023:10:39:14 +0800] "GET /xingrg/all/function/internal_message.html?_=1676515183642&CODE_STATE=getMsg HTTP/1.1" 200 27
180.169.147.146 - - [16/Feb/2023:10:39:14 +0800] "GET /xingrg/all/function/internal_message.html?_=1676515169357&CODE_STATE=getMsg HTTP/1.1" 200 27
222.67.238.61 - - [16/Feb/2023:10:39:14 +0800] "GET /xingrg/kc/buy/cgsh_order_operate.html?command=get_materiel&rest_code=00141&code=00101009013&supplier_code=00100007&order_time=2023-02-16 HTTP/1.1" 200 420
180.169.147.146 - - [16/Feb/2023:10:39:14 +0800] "GET /xingrg/all/function/internal_message.html?_=1676515169468&CODE_STATE=getMsg HTTP/1.1" 200 27
116.192.124.172 - - [16/Feb/2023:10:39:14 +0800] "POST /xingrg/kc/base/wldb_order_operate.html HTTP/1.1" 200 12
116.192.124.172 - - [16/Feb/2023:10:39:14 +0800] "POST /xingrg/kc/base/wldb_order_operate.html HTTP/1.1" 200 3738
120.253.135.82 - - [16/Feb/2023:10:39:17 +0800] "POST /xingrg/kc/pszx/mdps_order_operate.html HTTP/1.1" 200 37
116.192.124.172 - - [16/Feb/2023:10:39:18 +0800] "GET /xingrg/kc/base/wldb_order_info.html?code=422023021601135 HTTP/1.1" 200 26295
116.192.124.172 - - [16/Feb/2023:10:39:18 +0800] "GET /xingrg/javascript/easyui/themes/default/validatebox.css HTTP/1.1" 404 1104
116.192.124.172 - - [16/Feb/2023:10:39:18 +0800] "POST /xingrg/kc/base/wldb_order_operate.html HTTP/1.1" 200 2000
120.253.135.82 - - [16/Feb/2023:10:39:19 +0800] "GET /xingrg/kc/pszx/mdps_order_info.html?code=312023021600343 HTTP/1.1" 200 23970
120.253.135.82 - - [16/Feb/2023:10:39:19 +0800] "GET /xingrg/all/common/auto_word.html?type=base&rest_code=00101 HTTP/1.1" 200 671
120.253.135.82 - - [16/Feb/2023:10:39:19 +0800] "GET /xingrg/javascript/easyui/themes/default/validatebox.css HTTP/1.1" 404 1104
120.253.135.82 - - [16/Feb/2023:10:39:19 +0800] "POST /xingrg/kc/pszx/mdps_order_operate.html HTTP/1.1" 200 3783
222.70.177.73 - - [16/Feb/2023:10:39:20 +0800] "GET /xingrg/all/function/internal_message.html?_=1676515173307&CODE_STATE=getMsg HTTP/1.1" 200 27
116.192.124.172 - - [16/Feb/2023:10:39:21 +0800] "GET /xingrg/kc/base/wldb_order_add.html HTTP/1.1" 200 30418
116.192.124.172 - - [16/Feb/2023:10:39:21 +0800] "POST /xingrg/kc/base/wldb_order_operate.html HTTP/1.1" 200 6806
116.192.124.172 - - [16/Feb/2023:10:39:21 +0800] "GET /xingrg/javascript/easyui/themes/default/validatebox.css HTTP/1.1" 404 1104
116.192.124.172 - - [16/Feb/2023:10:39:22 +0800] "POST /xingrg/all/common/load_combo.html?type=base HTTP/1.1" 200 3321
116.192.124.172 - - [16/Feb/2023:10:39:24 +0800] "POST /xingrg/all/common/load_combo.html?type=base HTTP/1.1" 200 3321
114.83.218.175 - - [16/Feb/2023:10:39:26 +0800] "GET /xingrg/all/function/internal_message.html?_=1676515180615&CODE_STATE=getMsg HTTP/1.1" 200 27
222.67.238.61 - - [16/Feb/2023:10:39:28 +0800] "POST /xingrg/kc/buy/cgsh_order_operate.html HTTP/1.1" 200 2065
116.230.105.139 - - [16/Feb/2023:10:39:34 +0800] "GET /xingrg/all/function/internal_message.html?_=1676515173024&CODE_STATE=getMsg HTTP/1.1" 200 27
116.192.124.172 - - [16/Feb/2023:10:39:34 +0800] "GET /xingrg/all/function/internal_message.html?_=1676515188386&CODE_STATE=getMsg HTTP/1.1" 200 27
120.253.135.82 - - [16/Feb/2023:10:39:37 +0800] "GET /xingrg/all/function/internal_message.html?_=1676515317624&CODE_STATE=getMsg HTTP/1.1" 200 27
222.67.238.61 - - [16/Feb/2023:10:39:45 +0800] "GET /xingrg/kc/buy/cgsh_order_operate.html?command=get_materiel&rest_code=00141&code=00101008041&supplier_code=00100007&order_time=2023-02-16 HTTP/1.1" 200 408
221.239.170.112 - - [16/Feb/2023:10:39:46 +0800] "GET /xingrg/check_reg.html?_=1676515201065 HTTP/1.1" 200 22
101.83.145.75 - - [16/Feb/2023:10:39:49 +0800] "GET /xingrg/all/function/internal_message.html?_=1676515204255&CODE_STATE=getMsg HTTP/1.1" 200 27
116.238.139.35 - - [16/Feb/2023:10:39:49 +0800] "GET /xingrg/all/function/internal_message.html?_=1676515204562&CODE_STATE=getMsg HTTP/1.1" 200 27
101.229.22.234 - - [16/Feb/2023:10:39:54 +0800] "GET /xingrg/all/function/internal_message.html?_=1676515209224&CODE_STATE=getMsg HTTP/1.1" 200 27
58.39.108.153 - - [16/Feb/2023:10:39:57 +0800] "GET /xingrg/all/function/internal_message.html?_=1676515211698&CODE_STATE=getMsg HTTP/1.1" 302 -
222.67.238.61 - - [16/Feb/2023:10:39:59 +0800] "GET /xingrg/check_reg.html?_=1676514778899 HTTP/1.1" 200 22
222.67.238.61 - - [16/Feb/2023:10:39:59 +0800] "GET /xingrg/all/function/internal_message.html?_=1676514778900&CODE_STATE=getMsg HTTP/1.1" 200 27
180.163.29.219 - - [16/Feb/2023:10:40:04 +0800] "GET /xingrg/check_reg.html?_=1676515156897 HTTP/1.1" 302 -
180.163.29.219 - - [16/Feb/2023:10:40:04 +0800] "GET /xingrg/login.html HTTP/1.1" 200 7641
221.239.170.112 - - [16/Feb/2023:10:40:08 +0800] "GET /xingrg/all/function/internal_message.html?_=1676515222896&CODE_STATE=getMsg HTTP/1.1" 200 27
120.253.135.82 - - [16/Feb/2023:10:40:09 +0800] "GET /xingrg/all/function/internal_message.html?_=1676515046319&CODE_STATE=getMsg HTTP/1.1" 200 27
222.67.238.61 - - [16/Feb/2023:10:40:10 +0800] "GET /xingrg/kc/buy/cgsh_order_operate.html?command=get_materiel&rest_code=00141&code=00101008210&supplier_code=00100007&order_time=2023-02-16 HTTP/1.1" 200 408
124.78.159.25 - - [16/Feb/2023:10:40:13 +0800] "GET /xingrg/all/function/internal_message.html?_=1676515224888&CODE_STATE=getMsg HTTP/1.1" 200 27
218.81.220.34 - - [16/Feb/2023:10:40:14 +0800] "GET /xingrg/all/function/internal_message.html?_=1676515243658&CODE_STATE=getMsg HTTP/1.1" 200 27
180.169.147.146 - - [16/Feb/2023:10:40:14 +0800] "GET /xingrg/all/function/internal_message.html?_=1676515229357&CODE_STATE=getMsg HTTP/1.1" 200 27
180.169.147.146 - - [16/Feb/2023:10:40:14 +0800] "GET /xingrg/all/function/internal_message.html?_=1676515229460&CODE_STATE=getMsg HTTP/1.1" 200 27
222.70.177.73 - - [16/Feb/2023:10:40:20 +0800] "GET /xingrg/check_reg.html?_=1676515233298 HTTP/1.1" 200 22
222.70.177.73 - - [16/Feb/2023:10:40:20 +0800] "GET /xingrg/all/function/internal_message.html?_=1676515233301&CODE_STATE=getMsg HTTP/1.1" 200 27
124.78.159.25 - - [16/Feb/2023:10:40:22 +0800] "GET /xingrg/kc/buy/buy_main.html HTTP/1.1" 200 12412
124.78.159.25 - - [16/Feb/2023:10:40:22 +0800] "GET /xingrg/css/new_ie.css HTTP/1.1" 404 1036
124.78.159.25 - - [16/Feb/2023:10:40:23 +0800] "GET /xingrg/images/yd/bt.gif HTTP/1.1" 404 1040
124.78.159.25 - - [16/Feb/2023:10:40:23 +0800] "GET /xingrg/kc/buy/cgsh_order_list.html HTTP/1.1" 200 54057
114.83.218.175 - - [16/Feb/2023:10:40:26 +0800] "GET /xingrg/all/function/internal_message.html?_=1676515240610&CODE_STATE=getMsg HTTP/1.1" 200 27
124.78.159.25 - - [16/Feb/2023:10:40:26 +0800] "POST /xingrg/kc/buy/cgsh_list_operate.html HTTP/1.1" 200 1869
222.70.177.73 - - [16/Feb/2023:10:40:26 +0800] "GET /xingrg/kc/buy/cgsh_order_operate.html?command=get_materiel&rest_code=00111&code=00101015147&supplier_code=00100037&order_time=2023-02-16 HTTP/1.1" 200 409
222.67.238.61 - - [16/Feb/2023:10:40:27 +0800] "GET /xingrg/kc/buy/cgsh_order_operate.html?command=get_materiel&rest_code=00141&code=00101008351&supplier_code=00100007&order_time=2023-02-16 HTTP/1.1" 200 408
116.230.105.139 - - [16/Feb/2023:10:40:34 +0800] "GET /xingrg/all/function/internal_message.html?_=1676515233030&CODE_STATE=getMsg HTTP/1.1" 200 27
116.230.105.139 - - [16/Feb/2023:10:40:34 +0800] "GET /xingrg/check_reg.html?_=1676515233033 HTTP/1.1" 200 22
116.192.124.172 - - [16/Feb/2023:10:40:34 +0800] "GET /xingrg/all/function/internal_message.html?_=1676515248373&CODE_STATE=getMsg HTTP/1.1" 200 27
116.192.124.172 - - [16/Feb/2023:10:40:34 +0800] "GET /xingrg/check_reg.html?_=1676515248376 HTTP/1.1" 200 22
124.78.159.25 - - [16/Feb/2023:10:40:36 +0800] "POST /xingrg/kc/buy/cgsh_list_operate.html HTTP/1.1" 200 6681
222.67.238.61 - - [16/Feb/2023:10:40:37 +0800] "POST /xingrg/kc/buy/cgsh_order_operate.html HTTP/1.1" 200 2065
222.70.177.73 - - [16/Feb/2023:10:40:38 +0800] "GET /xingrg/kc/buy/cgsh_order_operate.html?command=get_materiel&rest_code=00111&code=00101015046&supplier_code=00100037&order_time=2023-02-16 HTTP/1.1" 200 412
222.67.238.61 - - [16/Feb/2023:10:40:43 +0800] "GET /xingrg/kc/buy/cgsh_order_operate.html?command=get_materiel&rest_code=00141&code=00101008199&supplier_code=00100007&order_time=2023-02-16 HTTP/1.1" 200 408
124.78.159.25 - - [16/Feb/2023:10:40:48 +0800] "POST /xingrg/kc/buy/cgsh_list_operate.html HTTP/1.1" 200 6823
222.70.177.73 - - [16/Feb/2023:10:40:48 +0800] "GET /xingrg/kc/buy/cgsh_order_operate.html?command=get_materiel&rest_code=00111&code=00101009051&supplier_code=00100037&order_time=2023-02-16 HTTP/1.1" 200 409
114.83.218.175 - - [16/Feb/2023:10:40:49 +0800] "POST /xingrg/dwr/call/plaincall/AjaxQqpsService.saveOrder.dwr HTTP/1.1" 200 78
101.83.145.75 - - [16/Feb/2023:10:40:49 +0800] "GET /xingrg/all/function/internal_message.html?_=1676515264255&CODE_STATE=getMsg HTTP/1.1" 200 27
116.238.139.35 - - [16/Feb/2023:10:40:49 +0800] "GET /xingrg/all/function/internal_message.html?_=1676515264563&CODE_STATE=getMsg HTTP/1.1" 200 27
114.83.218.175 - - [16/Feb/2023:10:40:52 +0800] "POST /xingrg/dwr/call/plaincall/AjaxQqpsService.getMaterielByCode.dwr HTTP/1.1" 200 2783
101.229.22.234 - - [16/Feb/2023:10:40:54 +0800] "GET /xingrg/all/function/internal_message.html?_=1676515269224&CODE_STATE=getMsg HTTP/1.1" 200 27
114.83.218.175 - - [16/Feb/2023:10:40:54 +0800] "POST /xingrg/dwr/call/plaincall/AjaxQqpsService.saveMaterielItem.dwr HTTP/1.1" 200 78
222.67.238.61 - - [16/Feb/2023:10:40:55 +0800] "GET /xingrg/kc/buy/cgsh_order_operate.html?command=get_materiel&rest_code=00141&code=00101008224&supplier_code=00100007&order_time=2023-02-16 HTTP/1.1" 200 416
124.78.159.25 - - [16/Feb/2023:10:40:56 +0800] "POST /xingrg/kc/buy/cgsh_list_operate.html HTTP/1.1" 200 6836
58.39.108.153 - - [16/Feb/2023:10:40:57 +0800] "GET /xingrg/all/function/internal_message.html?_=1676515271681&CODE_STATE=getMsg HTTP/1.1" 302 -
114.83.218.175 - - [16/Feb/2023:10:40:57 +0800] "POST /xingrg/dwr/call/plaincall/AjaxQqpsService.getMaterielByCode.dwr HTTP/1.1" 200 2783
222.70.177.73 - - [16/Feb/2023:10:40:57 +0800] "GET /xingrg/kc/buy/cgsh_order_operate.html?command=get_materiel&rest_code=00111&code=00101016105&supplier_code=00100037&order_time=2023-02-16 HTTP/1.1" 200 409
124.78.159.25 - - [16/Feb/2023:10:40:59 +0800] "POST /xingrg/kc/buy/cgsh_list_operate.html HTTP/1.1" 200 464
222.67.238.61 - - [16/Feb/2023:10:40:59 +0800] "GET /xingrg/all/function/internal_message.html?_=1676514838979&CODE_STATE=getMsg HTTP/1.1" 200 27
124.78.159.25 - - [16/Feb/2023:10:40:59 +0800] "GET /xingrg/kc/buy/cgsh_order_info.html?code=212023021505104 HTTP/1.1" 200 64743
124.78.159.25 - - [16/Feb/2023:10:41:00 +0800] "GET /xingrg/javascript/easyui/themes/default/validatebox.css HTTP/1.1" 404 1104
114.83.218.175 - - [16/Feb/2023:10:41:00 +0800] "POST /xingrg/dwr/call/plaincall/AjaxQqpsService.saveMaterielItem.dwr HTTP/1.1" 200 78
124.78.159.25 - - [16/Feb/2023:10:41:01 +0800] "POST /xingrg/kc/buy/cgsh_order_operate.html HTTP/1.1" 200 2488
124.78.159.25 - - [16/Feb/2023:10:41:02 +0800] "GET /xingrg/kc/print/load_data.html?order_code=212023021505104&kc_code=cgsh HTTP/1.1" 200 1493
114.83.218.175 - - [16/Feb/2023:10:41:04 +0800] "POST /xingrg/dwr/call/plaincall/AjaxQqpsService.checkOrder.dwr HTTP/1.1" 200 78
114.83.218.175 - - [16/Feb/2023:10:41:05 +0800] "GET /xingrg/kc/mdqp/qqps_order_info.html?code=302023021600283 HTTP/1.1" 200 26801
114.83.218.175 - - [16/Feb/2023:10:41:05 +0800] "GET /xingrg/dwr/interface/AjaxComOrderService.js HTTP/1.1" 200 18264
114.83.218.175 - - [16/Feb/2023:10:41:05 +0800] "GET /xingrg/dwr/interface/AjaxQqpsService.js HTTP/1.1" 200 16326
114.83.218.175 - - [16/Feb/2023:10:41:05 +0800] "GET /xingrg/dwr/engine.js HTTP/1.1" 200 43631
114.83.218.175 - - [16/Feb/2023:10:41:05 +0800] "POST /xingrg/dwr/call/plaincall/AjaxQqpsService.loadMaterielItems.dwr HTTP/1.1" 200 637
114.83.218.175 - - [16/Feb/2023:10:41:06 +0800] "GET /xingrg/images/yd/bt.gif HTTP/1.1" 404 1040
222.67.238.61 - - [16/Feb/2023:10:41:07 +0800] "GET /xingrg/kc/buy/cgsh_order_operate.html?command=get_materiel&rest_code=00141&code=00101008355&supplier_code=00100007&order_time=2023-02-16 HTTP/1.1" 200 408
114.83.218.175 - - [16/Feb/2023:10:41:07 +0800] "GET /xingrg/kc/mdqp/qqps_order_list.html?isBack=1 HTTP/1.1" 200 10088
114.83.218.175 - - [16/Feb/2023:10:41:07 +0800] "GET /xingrg/dwr/interface/AjaxQqpsService.js HTTP/1.1" 200 16326
114.83.218.175 - - [16/Feb/2023:10:41:07 +0800] "GET /xingrg/dwr/interface/AjaxReportQueryService.js HTTP/1.1" 200 13203
114.83.218.175 - - [16/Feb/2023:10:41:07 +0800] "GET /xingrg/dwr/engine.js HTTP/1.1" 200 43631
221.239.170.112 - - [16/Feb/2023:10:41:08 +0800] "GET /xingrg/all/function/internal_message.html?_=1676515282882&CODE_STATE=getMsg HTTP/1.1" 200 27
120.253.135.82 - - [16/Feb/2023:10:41:09 +0800] "GET /xingrg/all/function/internal_message.html?_=1676515106328&CODE_STATE=getMsg HTTP/1.1" 200 27
114.83.218.175 - - [16/Feb/2023:10:41:11 +0800] "GET /xingrg/kc/mdqp/qqps_order_info.html?code=302023021600282 HTTP/1.1" 200 26801
114.83.218.175 - - [16/Feb/2023:10:41:11 +0800] "GET /xingrg/dwr/interface/AjaxComOrderService.js HTTP/1.1" 200 18264
114.83.218.175 - - [16/Feb/2023:10:41:11 +0800] "GET /xingrg/dwr/interface/AjaxQqpsService.js HTTP/1.1" 200 16326
114.83.218.175 - - [16/Feb/2023:10:41:11 +0800] "GET /xingrg/dwr/engine.js HTTP/1.1" 200 43631
114.83.218.175 - - [16/Feb/2023:10:41:12 +0800] "POST /xingrg/dwr/call/plaincall/AjaxQqpsService.loadMaterielItems.dwr HTTP/1.1" 200 585
180.163.28.68 - - [16/Feb/2023:10:41:12 +0800] "GET /xingrg/all/function/internal_message.html?_=1676515224888&CODE_STATE=getMsg HTTP/1.1" 302 -
180.163.28.68 - - [16/Feb/2023:10:41:12 +0800] "GET /xingrg/login.html HTTP/1.1" 200 7641
124.78.159.25 - - [16/Feb/2023:10:41:13 +0800] "GET /xingrg/all/function/internal_message.html?_=1676515285374&CODE_STATE=getMsg HTTP/1.1" 200 27
218.81.220.34 - - [16/Feb/2023:10:41:14 +0800] "GET /xingrg/all/function/internal_message.html?_=1676515303746&CODE_STATE=getMsg HTTP/1.1" 200 27
114.83.218.175 - - [16/Feb/2023:10:41:14 +0800] "POST /xingrg/dwr/call/plaincall/AjaxQqpsService.uncheckOrder.dwr HTTP/1.1" 200 78
180.169.147.146 - - [16/Feb/2023:10:41:14 +0800] "GET /xingrg/all/function/internal_message.html?_=1676515289357&CODE_STATE=getMsg HTTP/1.1" 200 27
180.169.147.146 - - [16/Feb/2023:10:41:14 +0800] "GET /xingrg/all/function/internal_message.html?_=1676515289461&CODE_STATE=getMsg HTTP/1.1" 200 27
180.169.147.146 - - [16/Feb/2023:10:41:14 +0800] "GET /xingrg/check_reg.html?_=1676515289463 HTTP/1.1" 200 22
114.83.218.175 - - [16/Feb/2023:10:41:15 +0800] "GET /xingrg/css/blue.css HTTP/1.1" 304 -
114.83.218.175 - - [16/Feb/2023:10:41:15 +0800] "GET /xingrg/javascript/jquery_easy_ui/themes/icon.css HTTP/1.1" 304 -
114.83.218.175 - - [16/Feb/2023:10:41:15 +0800] "GET /xingrg/javascript/auto/jquery.autocomplete.css HTTP/1.1" 304 -
114.83.218.175 - - [16/Feb/2023:10:41:15 +0800] "GET /xingrg/kc/mdqp/qqps_order_info.html?code=302023021600282 HTTP/1.1" 200 28560
114.83.218.175 - - [16/Feb/2023:10:41:15 +0800] "GET /xingrg/javascript/pic_change.js HTTP/1.1" 304 -
114.83.218.175 - - [16/Feb/2023:10:41:15 +0800] "GET /xingrg/dwr/util.js HTTP/1.1" 304 -
114.83.218.175 - - [16/Feb/2023:10:41:15 +0800] "GET /xingrg/dwr/interface/AjaxComOrderService.js HTTP/1.1" 200 18264
114.83.218.175 - - [16/Feb/2023:10:41:15 +0800] "GET /xingrg/dwr/interface/AjaxQqpsService.js HTTP/1.1" 200 16326
114.83.218.175 - - [16/Feb/2023:10:41:15 +0800] "GET /xingrg/javascript/Calendar.js HTTP/1.1" 304 -
114.83.218.175 - - [16/Feb/2023:10:41:15 +0800] "GET /xingrg/javascript/jquery_easy_ui/themes/icon.css HTTP/1.1" 304 -
114.83.218.175 - - [16/Feb/2023:10:41:15 +0800] "GET /xingrg/javascript/jquery-1.4.2.min.js HTTP/1.1" 304 -
114.83.218.175 - - [16/Feb/2023:10:41:15 +0800] "GET /xingrg/javascript/jquery_easy_ui/themes/default/easyui.css HTTP/1.1" 304 -
114.83.218.175 - - [16/Feb/2023:10:41:15 +0800] "GET /xingrg/javascript/myfunction.js HTTP/1.1" 304 -
114.83.218.175 - - [16/Feb/2023:10:41:15 +0800] "GET /xingrg/javascript/AjaxInfoList.js HTTP/1.1" 304 -
114.83.218.175 - - [16/Feb/2023:10:41:15 +0800] "GET /xingrg/javascript/Grid.js HTTP/1.1" 304 -
114.83.218.175 - - [16/Feb/2023:10:41:15 +0800] "GET /xingrg/dwr/engine.js HTTP/1.1" 200 43631
114.83.218.175 - - [16/Feb/2023:10:41:15 +0800] "GET /xingrg/javascript/ToolTips.js HTTP/1.1" 304 -
114.83.218.175 - - [16/Feb/2023:10:41:15 +0800] "GET /xingrg/javascript/print/kc_print.js HTTP/1.1" 304 -
114.83.218.175 - - [16/Feb/2023:10:41:15 +0800] "GET /xingrg/javascript/print/LodopFuncs.js HTTP/1.1" 304 -
114.83.218.175 - - [16/Feb/2023:10:41:15 +0800] "GET /xingrg/javascript/auto/jquery.autocomplete.js HTTP/1.1" 304 -
114.83.218.175 - - [16/Feb/2023:10:41:15 +0800] "GET /xingrg/javascript/jquery_easy_ui/jquery.easyui.min.js HTTP/1.1" 304 -
114.83.218.175 - - [16/Feb/2023:10:41:15 +0800] "GET /xingrg/javascript/jquery_easy_ui/easyui-lang-zh_CN.js HTTP/1.1" 304 -
114.83.218.175 - - [16/Feb/2023:10:41:15 +0800] "GET /xingrg/javascript/tools/jquery.qtip-1.0.0-rc3.min.js HTTP/1.1" 304 -
114.83.218.175 - - [16/Feb/2023:10:41:15 +0800] "GET /xingrg/javascript/jquery.utils.js HTTP/1.1" 304 -
114.83.218.175 - - [16/Feb/2023:10:41:15 +0800] "GET /xingrg/words/20230215101832_words.js HTTP/1.1" 304 -
114.83.218.175 - - [16/Feb/2023:10:41:15 +0800] "GET /xingrg/images/blue/button/kc_tab_add.gif HTTP/1.1" 304 -
114.83.218.175 - - [16/Feb/2023:10:41:15 +0800] "GET /xingrg/images/blue/button/kc_tab_edit.gif HTTP/1.1" 304 -
114.83.218.175 - - [16/Feb/2023:10:41:15 +0800] "GET /xingrg/images/blue/button/kc_tab_save.gif HTTP/1.1" 304 -
114.83.218.175 - - [16/Feb/2023:10:41:15 +0800] "GET /xingrg/images/blue/button/kc_tab_del.gif HTTP/1.1" 304 -
114.83.218.175 - - [16/Feb/2023:10:41:15 +0800] "GET /xingrg/images/blue/wait.gif HTTP/1.1" 304 -
114.83.218.175 - - [16/Feb/2023:10:41:15 +0800] "POST /xingrg/dwr/call/plaincall/AjaxQqpsService.loadMaterielItems.dwr HTTP/1.1" 200 585
222.67.238.61 - - [16/Feb/2023:10:41:16 +0800] "GET /xingrg/kc/buy/cgsh_order_operate.html?command=get_materiel&rest_code=00141&code=00101008321&supplier_code=00100007&order_time=2023-02-16 HTTP/1.1" 200 412
114.83.218.175 - - [16/Feb/2023:10:41:19 +0800] "POST /xingrg/dwr/call/plaincall/AjaxQqpsService.saveOrder.dwr HTTP/1.1" 200 78
222.70.177.73 - - [16/Feb/2023:10:41:20 +0800] "GET /xingrg/all/function/internal_message.html?_=1676515293305&CODE_STATE=getMsg HTTP/1.1" 200 27
114.83.218.175 - - [16/Feb/2023:10:41:20 +0800] "POST /xingrg/dwr/call/plaincall/AjaxQqpsService.checkOrder.dwr HTTP/1.1" 200 78
114.83.218.175 - - [16/Feb/2023:10:41:21 +0800] "GET /xingrg/kc/mdqp/qqps_order_info.html?code=302023021600282 HTTP/1.1" 200 26801
114.83.218.175 - - [16/Feb/2023:10:41:21 +0800] "GET /xingrg/dwr/interface/AjaxComOrderService.js HTTP/1.1" 200 18264
114.83.218.175 - - [16/Feb/2023:10:41:21 +0800] "GET /xingrg/dwr/interface/AjaxQqpsService.js HTTP/1.1" 200 16326
114.83.218.175 - - [16/Feb/2023:10:41:21 +0800] "GET /xingrg/dwr/engine.js HTTP/1.1" 200 43631
114.83.218.175 - - [16/Feb/2023:10:41:21 +0800] "POST /xingrg/dwr/call/plaincall/AjaxQqpsService.loadMaterielItems.dwr HTTP/1.1" 200 585
114.83.218.175 - - [16/Feb/2023:10:41:23 +0800] "GET /xingrg/images/yd/bt2.gif HTTP/1.1" 404 1042
114.83.218.175 - - [16/Feb/2023:10:41:24 +0800] "GET /xingrg/kc/mdqp/qqps_order_list.html?isBack=1 HTTP/1.1" 200 10088
114.83.218.175 - - [16/Feb/2023:10:41:24 +0800] "GET /xingrg/dwr/interface/AjaxQqpsService.js HTTP/1.1" 200 16326
114.83.218.175 - - [16/Feb/2023:10:41:24 +0800] "GET /xingrg/dwr/interface/AjaxReportQueryService.js HTTP/1.1" 200 13203
114.83.218.175 - - [16/Feb/2023:10:41:24 +0800] "GET /xingrg/dwr/engine.js HTTP/1.1" 200 43631
222.67.238.61 - - [16/Feb/2023:10:41:25 +0800] "GET /xingrg/kc/buy/cgsh_order_operate.html?command=get_materiel&rest_code=00141&code=00101008059&supplier_code=00100007&order_time=2023-02-16 HTTP/1.1" 200 408
114.83.218.175 - - [16/Feb/2023:10:41:26 +0800] "GET /xingrg/all/function/internal_message.html?_=1676515300618&CODE_STATE=getMsg HTTP/1.1" 200 27
114.83.218.175 - - [16/Feb/2023:10:41:27 +0800] "GET /xingrg/kc/mdqp/qqps_order_add.html HTTP/1.1" 200 28398
114.83.218.175 - - [16/Feb/2023:10:41:27 +0800] "GET /xingrg/dwr/interface/AjaxComOrderService.js HTTP/1.1" 200 18264
114.83.218.175 - - [16/Feb/2023:10:41:27 +0800] "GET /xingrg/dwr/interface/AjaxQqpsService.js HTTP/1.1" 200 16326
114.83.218.175 - - [16/Feb/2023:10:41:27 +0800] "GET /xingrg/dwr/engine.js HTTP/1.1" 200 43631
222.67.238.61 - - [16/Feb/2023:10:41:30 +0800] "POST /xingrg/kc/buy/cgsh_order_operate.html HTTP/1.1" 200 2065
116.230.105.139 - - [16/Feb/2023:10:41:34 +0800] "GET /xingrg/all/function/internal_message.html?_=1676515293022&CODE_STATE=getMsg HTTP/1.1" 200 27
114.83.218.175 - - [16/Feb/2023:10:41:34 +0800] "POST /xingrg/dwr/call/plaincall/AjaxQqpsService.saveOrder.dwr HTTP/1.1" 200 78
116.192.124.172 - - [16/Feb/2023:10:41:34 +0800] "GET /xingrg/all/function/internal_message.html?_=1676515308353&CODE_STATE=getMsg HTTP/1.1" 200 27
222.70.177.73 - - [16/Feb/2023:10:41:36 +0800] "GET /xingrg/kc/buy/cgsh_order_operate.html?command=get_materiel&rest_code=00111&code=00101019400&supplier_code=00100037&order_time=2023-02-16 HTTP/1.1" 200 464
114.83.218.175 - - [16/Feb/2023:10:41:36 +0800] "POST /xingrg/dwr/call/plaincall/AjaxQqpsService.getMaterielByCode.dwr HTTP/1.1" 200 2850
222.67.238.61 - - [16/Feb/2023:10:41:36 +0800] "GET /xingrg/kc/buy/cgsh_order_operate.html?command=get_materiel&rest_code=00141&code=00101008372&supplier_code=00100007&order_time=2023-02-16 HTTP/1.1" 200 408
114.83.218.175 - - [16/Feb/2023:10:41:38 +0800] "POST /xingrg/dwr/call/plaincall/AjaxQqpsService.saveMaterielItem.dwr HTTP/1.1" 200 78
114.83.218.175 - - [16/Feb/2023:10:41:42 +0800] "POST /xingrg/dwr/call/plaincall/AjaxQqpsService.removeMaterielItem.dwr HTTP/1.1" 200 78
114.83.218.175 - - [16/Feb/2023:10:41:47 +0800] "POST /xingrg/dwr/call/plaincall/AjaxQqpsService.saveMaterielItem.dwr HTTP/1.1" 200 78
101.83.145.75 - - [16/Feb/2023:10:41:49 +0800] "GET /xingrg/all/function/internal_message.html?_=1676515324256&CODE_STATE=getMsg HTTP/1.1" 200 27
116.238.139.35 - - [16/Feb/2023:10:41:49 +0800] "GET /xingrg/all/function/internal_message.html?_=1676515324572&CODE_STATE=getMsg HTTP/1.1" 200 27
114.83.218.175 - - [16/Feb/2023:10:41:50 +0800] "POST /xingrg/dwr/call/plaincall/AjaxQqpsService.getMaterielByCode.dwr HTTP/1.1" 200 2839
114.83.218.175 - - [16/Feb/2023:10:41:52 +0800] "POST /xingrg/dwr/call/plaincall/AjaxQqpsService.saveMaterielItem.dwr HTTP/1.1" 200 78
101.229.22.234 - - [16/Feb/2023:10:41:54 +0800] "GET /xingrg/all/function/internal_message.html?_=1676515329225&CODE_STATE=getMsg HTTP/1.1" 200 27
114.83.218.175 - - [16/Feb/2023:10:41:55 +0800] "POST /xingrg/dwr/call/plaincall/AjaxQqpsService.getMaterielByCode.dwr HTTP/1.1" 200 2860
58.39.108.153 - - [16/Feb/2023:10:41:57 +0800] "GET /xingrg/all/function/internal_message.html?_=1676515331659&CODE_STATE=getMsg HTTP/1.1" 302 -
114.83.218.175 - - [16/Feb/2023:10:41:57 +0800] "POST /xingrg/dwr/call/plaincall/AjaxQqpsService.saveMaterielItem.dwr HTTP/1.1" 200 78
222.67.238.61 - - [16/Feb/2023:10:41:57 +0800] "POST /xingrg/kc/buy/cgsh_order_operate.html HTTP/1.1" 200 37
222.67.238.61 - - [16/Feb/2023:10:41:59 +0800] "GET /xingrg/all/function/internal_message.html?_=1676514898858&CODE_STATE=getMsg HTTP/1.1" 200 27
114.83.218.175 - - [16/Feb/2023:10:41:59 +0800] "POST /xingrg/dwr/call/plaincall/AjaxQqpsService.getMaterielByCode.dwr HTTP/1.1" 200 2836
114.83.218.175 - - [16/Feb/2023:10:42:01 +0800] "POST /xingrg/dwr/call/plaincall/AjaxQqpsService.saveMaterielItem.dwr HTTP/1.1" 200 79
222.70.177.73 - - [16/Feb/2023:10:42:03 +0800] "POST /xingrg/kc/buy/cgsh_order_operate.html HTTP/1.1" 200 37
222.67.238.61 - - [16/Feb/2023:10:42:04 +0800] "POST /xingrg/kc/buy/cgsh_order_operate.html HTTP/1.1" 200 12
222.70.177.73 - - [16/Feb/2023:10:42:06 +0800] "POST /xingrg/kc/buy/cgsh_order_operate.html HTTP/1.1" 200 6804
114.83.218.175 - - [16/Feb/2023:10:42:06 +0800] "POST /xingrg/dwr/call/plaincall/AjaxQqpsService.getMaterielByCode.dwr HTTP/1.1" 200 2811
222.67.238.61 - - [16/Feb/2023:10:42:06 +0800] "GET /xingrg/kc/buy/cgsh_order_info.html?code=212023021605168 HTTP/1.1" 200 64741
120.253.135.82 - - [16/Feb/2023:10:42:07 +0800] "GET /xingrg/check_reg.html?_=1676515163491 HTTP/1.1" 200 22
222.67.238.61 - - [16/Feb/2023:10:42:07 +0800] "GET /xingrg/javascript/easyui/themes/default/validatebox.css HTTP/1.1" 404 1104
222.70.177.73 - - [16/Feb/2023:10:42:07 +0800] "GET /xingrg/kc/print/load_data.html?order_code=212023021605169&kc_code=cgsh&condition= HTTP/1.1" 200 2303
114.83.218.175 - - [16/Feb/2023:10:42:07 +0800] "POST /xingrg/dwr/call/plaincall/AjaxQqpsService.saveMaterielItem.dwr HTTP/1.1" 200 79
221.239.170.112 - - [16/Feb/2023:10:42:08 +0800] "GET /xingrg/all/function/internal_message.html?_=1676515342866&CODE_STATE=getMsg HTTP/1.1" 200 27
222.67.238.61 - - [16/Feb/2023:10:42:08 +0800] "POST /xingrg/kc/buy/cgsh_order_operate.html HTTP/1.1" 200 29553
222.67.238.61 - - [16/Feb/2023:10:42:09 +0800] "GET /xingrg/kc/print/load_data.html?order_code=212023021605168&kc_code=cgsh&condition= HTTP/1.1" 200 11688
120.253.135.82 - - [16/Feb/2023:10:42:09 +0800] "GET /xingrg/all/function/internal_message.html?_=1676515166342&CODE_STATE=getMsg HTTP/1.1" 200 27
114.83.218.175 - - [16/Feb/2023:10:42:10 +0800] "POST /xingrg/dwr/call/plaincall/AjaxQqpsService.getMaterielByCode.dwr HTTP/1.1" 200 2824
114.83.218.175 - - [16/Feb/2023:10:42:11 +0800] "POST /xingrg/dwr/call/plaincall/AjaxQqpsService.saveMaterielItem.dwr HTTP/1.1" 200 79
222.70.177.73 - - [16/Feb/2023:10:42:12 +0800] "GET /xingrg/kc/buy/cgsh_order_add.html HTTP/1.1" 200 69795
222.70.177.73 - - [16/Feb/2023:10:42:12 +0800] "POST /xingrg/kc/buy/cgsh_order_operate.html HTTP/1.1" 200 8245
222.70.177.73 - - [16/Feb/2023:10:42:12 +0800] "GET /xingrg/javascript/easyui/themes/default/validatebox.css HTTP/1.1" 404 1104
218.81.220.34 - - [16/Feb/2023:10:42:14 +0800] "GET /xingrg/all/function/internal_message.html?_=1676515363747&CODE_STATE=getMsg HTTP/1.1" 200 27
180.169.147.146 - - [16/Feb/2023:10:42:14 +0800] "GET /xingrg/all/function/internal_message.html?_=1676515349357&CODE_STATE=getMsg HTTP/1.1" 200 27
180.169.147.146 - - [16/Feb/2023:10:42:14 +0800] "GET /xingrg/all/function/internal_message.html?_=1676515349466&CODE_STATE=getMsg HTTP/1.1" 200 27
114.83.218.175 - - [16/Feb/2023:10:42:15 +0800] "POST /xingrg/dwr/call/plaincall/AjaxQqpsService.getMaterielByCode.dwr HTTP/1.1" 200 2837
114.83.218.175 - - [16/Feb/2023:10:42:16 +0800] "POST /xingrg/dwr/call/plaincall/AjaxQqpsService.saveMaterielItem.dwr HTTP/1.1" 200 79
114.83.218.175 - - [16/Feb/2023:10:42:18 +0800] "POST /xingrg/dwr/call/plaincall/AjaxQqpsService.getMaterielByCode.dwr HTTP/1.1" 200 2836
114.83.218.175 - - [16/Feb/2023:10:42:19 +0800] "POST /xingrg/dwr/call/plaincall/AjaxQqpsService.saveMaterielItem.dwr HTTP/1.1" 200 79
222.70.177.73 - - [16/Feb/2023:10:42:20 +0800] "GET /xingrg/all/function/internal_message.html?_=1676515353326&CODE_STATE=getMsg HTTP/1.1" 200 27
114.83.218.175 - - [16/Feb/2023:10:42:25 +0800] "POST /xingrg/dwr/call/plaincall/AjaxQqpsService.getMaterielByCode.dwr HTTP/1.1" 200 2796
124.78.159.25 - - [16/Feb/2023:10:42:25 +0800] "GET /xingrg/all/function/internal_message.html?_=1676515345351&CODE_STATE=getMsg HTTP/1.1" 200 27
114.83.218.175 - - [16/Feb/2023:10:42:26 +0800] "GET /xingrg/check_reg.html?_=1676515360617 HTTP/1.1" 200 22
114.83.218.175 - - [16/Feb/2023:10:42:26 +0800] "GET /xingrg/all/function/internal_message.html?_=1676515360621&CODE_STATE=getMsg HTTP/1.1" 200 27
114.83.218.175 - - [16/Feb/2023:10:42:27 +0800] "POST /xingrg/dwr/call/plaincall/AjaxQqpsService.saveMaterielItem.dwr HTTP/1.1" 200 79
222.70.177.73 - - [16/Feb/2023:10:42:29 +0800] "GET /xingrg/kc/buy/cgsh_order_operate.html?command=get_materiel&rest_code=00111&code=00101029002&supplier_code=00100017&order_time=2023-02-16 HTTP/1.1" 200 470
114.83.218.175 - - [16/Feb/2023:10:42:32 +0800] "POST /xingrg/dwr/call/plaincall/AjaxQqpsService.getMaterielByCode.dwr HTTP/1.1" 200 2828
114.83.218.175 - - [16/Feb/2023:10:42:33 +0800] "POST /xingrg/dwr/call/plaincall/AjaxQqpsService.saveMaterielItem.dwr HTTP/1.1" 200 79
116.230.105.139 - - [16/Feb/2023:10:42:34 +0800] "GET /xingrg/all/function/internal_message.html?_=1676515353015&CODE_STATE=getMsg HTTP/1.1" 200 27
116.192.124.172 - - [16/Feb/2023:10:42:34 +0800] "GET /xingrg/all/function/internal_message.html?_=1676515368350&CODE_STATE=getMsg HTTP/1.1" 200 27
114.83.218.175 - - [16/Feb/2023:10:42:36 +0800] "POST /xingrg/dwr/call/plaincall/AjaxQqpsService.getMaterielByCode.dwr HTTP/1.1" 200 2792
114.83.218.175 - - [16/Feb/2023:10:42:37 +0800] "POST /xingrg/dwr/call/plaincall/AjaxQqpsService.saveMaterielItem.dwr HTTP/1.1" 200 79
114.83.218.175 - - [16/Feb/2023:10:42:39 +0800] "POST /xingrg/dwr/call/plaincall/AjaxQqpsService.getMaterielByCode.dwr HTTP/1.1" 200 2803
114.83.218.175 - - [16/Feb/2023:10:42:40 +0800] "POST /xingrg/dwr/call/plaincall/AjaxQqpsService.saveMaterielItem.dwr HTTP/1.1" 200 79
114.83.218.175 - - [16/Feb/2023:10:42:43 +0800] "POST /xingrg/dwr/call/plaincall/AjaxQqpsService.getMaterielByCode.dwr HTTP/1.1" 200 2814
114.83.218.175 - - [16/Feb/2023:10:42:45 +0800] "POST /xingrg/dwr/call/plaincall/AjaxQqpsService.saveMaterielItem.dwr HTTP/1.1" 200 79
101.83.145.75 - - [16/Feb/2023:10:42:49 +0800] "GET /xingrg/all/function/internal_message.html?_=1676515384256&CODE_STATE=getMsg HTTP/1.1" 200 27
114.83.218.175 - - [16/Feb/2023:10:42:49 +0800] "POST /xingrg/dwr/call/plaincall/AjaxQqpsService.getMaterielByCode.dwr HTTP/1.1" 200 2820
116.238.139.35 - - [16/Feb/2023:10:42:49 +0800] "GET /xingrg/all/function/internal_message.html?_=1676515384577&CODE_STATE=getMsg HTTP/1.1" 200 27
114.83.218.175 - - [16/Feb/2023:10:42:52 +0800] "POST /xingrg/dwr/call/plaincall/AjaxQqpsService.saveMaterielItem.dwr HTTP/1.1" 200 79
101.229.22.234 - - [16/Feb/2023:10:42:54 +0800] "GET /xingrg/check_reg.html?_=1676515389225 HTTP/1.1" 200 22
101.229.22.234 - - [16/Feb/2023:10:42:54 +0800] "GET /xingrg/all/function/internal_message.html?_=1676515389227&CODE_STATE=getMsg HTTP/1.1" 200 27
58.39.108.153 - - [16/Feb/2023:10:42:57 +0800] "GET /xingrg/all/function/internal_message.html?_=1676515391640&CODE_STATE=getMsg HTTP/1.1" 302 -
114.83.218.175 - - [16/Feb/2023:10:42:57 +0800] "POST /xingrg/dwr/call/plaincall/AjaxQqpsService.getMaterielByCode.dwr HTTP/1.1" 200 2847
58.39.108.153 - - [16/Feb/2023:10:42:57 +0800] "GET /xingrg/check_reg.html?_=1676515392531 HTTP/1.1" 302 -
222.70.177.73 - - [16/Feb/2023:10:42:59 +0800] "GET /xingrg/kc/buy/cgsh_order_operate.html?command=get_materiel&rest_code=00111&code=00101028012&supplier_code=00100017&order_time=2023-02-16 HTTP/1.1" 200 475
222.67.238.61 - - [16/Feb/2023:10:42:59 +0800] "GET /xingrg/all/function/internal_message.html?_=1676514958848&CODE_STATE=getMsg HTTP/1.1" 200 27
114.83.218.175 - - [16/Feb/2023:10:42:59 +0800] "POST /xingrg/dwr/call/plaincall/AjaxQqpsService.saveMaterielItem.dwr HTTP/1.1" 200 79
114.83.218.175 - - [16/Feb/2023:10:43:03 +0800] "POST /xingrg/dwr/call/plaincall/AjaxQqpsService.getMaterielByCode.dwr HTTP/1.1" 200 2838
114.83.218.175 - - [16/Feb/2023:10:43:04 +0800] "POST /xingrg/dwr/call/plaincall/AjaxQqpsService.saveMaterielItem.dwr HTTP/1.1" 200 79
221.239.170.112 - - [16/Feb/2023:10:43:08 +0800] "GET /xingrg/all/function/internal_message.html?_=1676515402854&CODE_STATE=getMsg HTTP/1.1" 200 27
120.253.135.82 - - [16/Feb/2023:10:43:09 +0800] "GET /xingrg/all/function/internal_message.html?_=1676515226356&CODE_STATE=getMsg HTTP/1.1" 200 27
222.70.177.73 - - [16/Feb/2023:10:43:11 +0800] "GET /xingrg/kc/buy/cgsh_order_operate.html?command=get_materiel&rest_code=00111&code=00101029025&supplier_code=00100017&order_time=2023-02-16 HTTP/1.1" 200 463
180.169.147.146 - - [16/Feb/2023:10:43:12 +0800] "GET /xingrg/check_reg.html?_=1676515406015 HTTP/1.1" 200 22
218.81.220.34 - - [16/Feb/2023:10:43:13 +0800] "GET /xingrg/check_reg.html?_=1676515422473 HTTP/1.1" 200 22
124.78.159.25 - - [16/Feb/2023:10:43:13 +0800] "GET /xingrg/all/function/internal_message.html?_=1676515405326&CODE_STATE=getMsg HTTP/1.1" 200 27
218.81.220.34 - - [16/Feb/2023:10:43:14 +0800] "GET /xingrg/all/function/internal_message.html?_=1676515423759&CODE_STATE=getMsg HTTP/1.1" 200 27
180.169.147.146 - - [16/Feb/2023:10:43:14 +0800] "GET /xingrg/all/function/internal_message.html?_=1676515409358&CODE_STATE=getMsg HTTP/1.1" 200 27
180.169.147.146 - - [16/Feb/2023:10:43:14 +0800] "GET /xingrg/check_reg.html?_=1676515409361 HTTP/1.1" 200 22
180.169.147.146 - - [16/Feb/2023:10:43:14 +0800] "GET /xingrg/all/function/internal_message.html?_=1676515409464&CODE_STATE=getMsg HTTP/1.1" 200 27
222.70.177.73 - - [16/Feb/2023:10:43:20 +0800] "GET /xingrg/all/function/internal_message.html?_=1676515413316&CODE_STATE=getMsg HTTP/1.1" 200 27
222.70.177.73 - - [16/Feb/2023:10:43:22 +0800] "GET /xingrg/kc/buy/cgsh_order_operate.html?command=get_materiel&rest_code=00111&code=00101029010&supplier_code=00100017&order_time=2023-02-16 HTTP/1.1" 200 439
114.83.218.175 - - [16/Feb/2023:10:43:26 +0800] "GET /xingrg/all/function/internal_message.html?_=1676515420643&CODE_STATE=getMsg HTTP/1.1" 200 27
116.230.105.139 - - [16/Feb/2023:10:43:34 +0800] "GET /xingrg/all/function/internal_message.html?_=1676515413032&CODE_STATE=getMsg HTTP/1.1" 200 27
116.192.124.172 - - [16/Feb/2023:10:43:34 +0800] "GET /xingrg/all/function/internal_message.html?_=1676515428329&CODE_STATE=getMsg HTTP/1.1" 200 27
222.70.177.73 - - [16/Feb/2023:10:43:36 +0800] "GET /xingrg/kc/buy/cgsh_order_operate.html?command=get_materiel&rest_code=00111&code=00101028016&supplier_code=00100017&order_time=2023-02-16 HTTP/1.1" 200 467
222.70.177.73 - - [16/Feb/2023:10:43:48 +0800] "GET /xingrg/kc/buy/cgsh_order_operate.html?command=get_materiel&rest_code=00111&code=00101029022&supplier_code=00100017&order_time=2023-02-16 HTTP/1.1" 200 472
101.83.145.75 - - [16/Feb/2023:10:43:49 +0800] "GET /xingrg/all/function/internal_message.html?_=1676515444257&CODE_STATE=getMsg HTTP/1.1" 200 27
101.83.145.75 - - [16/Feb/2023:10:43:49 +0800] "GET /xingrg/check_reg.html?_=1676515444260 HTTP/1.1" 200 22
116.238.139.35 - - [16/Feb/2023:10:43:49 +0800] "GET /xingrg/check_reg.html?_=1676515444583 HTTP/1.1" 200 22
116.238.139.35 - - [16/Feb/2023:10:43:49 +0800] "GET /xingrg/all/function/internal_message.html?_=1676515444587&CODE_STATE=getMsg HTTP/1.1" 200 27
218.81.220.34 - - [16/Feb/2023:10:43:52 +0800] "POST /xingrg/kc/buy/cgsh_order_operate.html HTTP/1.1" 200 37
101.229.22.234 - - [16/Feb/2023:10:43:54 +0800] "GET /xingrg/all/function/internal_message.html?_=1676515449224&CODE_STATE=getMsg HTTP/1.1" 200 27
218.81.220.34 - - [16/Feb/2023:10:43:54 +0800] "POST /xingrg/kc/buy/cgsh_order_operate.html HTTP/1.1" 200 4419
218.81.220.34 - - [16/Feb/2023:10:43:55 +0800] "GET /xingrg/kc/buy/cgsh_order_add.html HTTP/1.1" 200 69839
218.81.220.34 - - [16/Feb/2023:10:43:56 +0800] "POST /xingrg/kc/buy/cgsh_order_operate.html HTTP/1.1" 200 8245
218.81.220.34 - - [16/Feb/2023:10:43:56 +0800] "GET /xingrg/javascript/easyui/themes/default/validatebox.css HTTP/1.1" 404 1104
58.39.108.153 - - [16/Feb/2023:10:43:57 +0800] "GET /xingrg/all/function/internal_message.html?_=1676515451610&CODE_STATE=getMsg HTTP/1.1" 302 -
120.253.135.82 - - [16/Feb/2023:10:43:59 +0800] "GET /xingrg/login.html HTTP/1.1" 200 7641
222.67.238.61 - - [16/Feb/2023:10:43:59 +0800] "GET /xingrg/all/function/internal_message.html?_=1676515018816&CODE_STATE=getMsg HTTP/1.1" 200 27
120.253.135.82 - - [16/Feb/2023:10:44:00 +0800] "GET /favicon.ico HTTP/1.1" 404 -
120.253.135.82 - - [16/Feb/2023:10:44:03 +0800] "POST /xingrg/login.do HTTP/1.1" 200 2421
120.253.135.82 - - [16/Feb/2023:10:44:04 +0800] "GET /xingrg/login.html HTTP/1.1" 200 7641
124.78.159.25 - - [16/Feb/2023:10:44:05 +0800] "GET /xingrg/check_reg.html?_=1676515456872 HTTP/1.1" 200 22
120.253.135.82 - - [16/Feb/2023:10:44:06 +0800] "POST /xingrg/login.do HTTP/1.1" 302 -
120.253.135.82 - - [16/Feb/2023:10:44:06 +0800] "GET /xingrg/index.html?sysBaseUrl=http%3A%2F%2F180.169.147.146%3A18081%2Fxingrg%2F&costTime=44×tamp=1676515446098 HTTP/1.1" 200 17173
120.253.135.82 - - [16/Feb/2023:10:44:06 +0800] "POST /xingrg/all/common/load_tree.html?tree=area_rest_tree_json&manage=1 HTTP/1.1" 200 344
120.253.135.82 - - [16/Feb/2023:10:44:06 +0800] "GET /xingrg/all/function/internal_message.html?_=1676515586656&CODE_STATE=count HTTP/1.1" 200 11
120.253.135.82 - - [16/Feb/2023:10:44:06 +0800] "GET /xingrg/check_reg.html?_=1676515586657 HTTP/1.1" 200 22
120.253.135.82 - - [16/Feb/2023:10:44:06 +0800] "POST /xingrg/load_menu.html HTTP/1.1" 200 6743
221.239.170.112 - - [16/Feb/2023:10:44:08 +0800] "GET /xingrg/all/function/internal_message.html?_=1676515462839&CODE_STATE=getMsg HTTP/1.1" 200 27
222.70.177.73 - - [16/Feb/2023:10:44:08 +0800] "GET /xingrg/kc/buy/cgsh_order_operate.html?command=get_materiel&rest_code=00111&code=00101028008&supplier_code=00100017&order_time=2023-02-16 HTTP/1.1" 200 449
114.83.218.175 - - [16/Feb/2023:10:44:09 +0800] "POST /xingrg/dwr/call/plaincall/AjaxQqpsService.getMaterielByCode.dwr HTTP/1.1" 200 2751
120.253.135.82 - - [16/Feb/2023:10:44:09 +0800] "GET /xingrg/all/function/internal_message.html?_=1676515286368&CODE_STATE=getMsg HTTP/1.1" 200 27
114.83.218.175 - - [16/Feb/2023:10:44:11 +0800] "POST /xingrg/dwr/call/plaincall/AjaxQqpsService.saveMaterielItem.dwr HTTP/1.1" 200 79
120.253.135.82 - - [16/Feb/2023:10:44:12 +0800] "GET /xingrg/kc/pszx/mdps_order_list.html?orderType=0 HTTP/1.1" 200 21073
