222.70.177.73 - - [16/Feb/2023:10:53:39 +0800] "GET /xingrg/kc/buy/cgsh_order_operate.html?command=get_materiel&rest_code=00111&code=00101008296&supplier_code=00100005&order_time=2023-02-16 HTTP/1.1" 200 416
222.70.177.73 - - [16/Feb/2023:10:53:46 +0800] "GET /xingrg/kc/buy/cgsh_order_operate.html?command=get_materiel&rest_code=00111&code=00101008155&supplier_code=00100005&order_time=2023-02-16 HTTP/1.1" 200 408
180.169.147.146 - - [16/Feb/2023:10:53:48 +0800] "GET /xingrg/all/function/internal_message.html?_=1676516036576&CODE_STATE=getMsg HTTP/1.1" 200 27
101.83.145.75 - - [16/Feb/2023:10:53:49 +0800] "GET /xingrg/check_reg.html?_=1676516044290 HTTP/1.1" 200 22
101.83.145.75 - - [16/Feb/2023:10:53:49 +0800] "GET /xingrg/all/function/internal_message.html?_=1676516044293&CODE_STATE=getMsg HTTP/1.1" 200 27
116.238.139.35 - - [16/Feb/2023:10:53:49 +0800] "GET /xingrg/all/function/internal_message.html?_=1676516044624&CODE_STATE=getMsg HTTP/1.1" 200 27
116.238.139.35 - - [16/Feb/2023:10:53:49 +0800] "GET /xingrg/check_reg.html?_=1676516044632 HTTP/1.1" 200 22
101.229.22.234 - - [16/Feb/2023:10:53:54 +0800] "GET /xingrg/all/function/internal_message.html?_=1676516049221&CODE_STATE=getMsg HTTP/1.1" 200 27
222.70.177.73 - - [16/Feb/2023:10:53:56 +0800] "GET /xingrg/kc/buy/cgsh_order_operate.html?command=get_materiel&rest_code=00111&code=00101008067&supplier_code=00100005&order_time=2023-02-16 HTTP/1.1" 200 416
222.67.238.61 - - [16/Feb/2023:10:53:59 +0800] "GET /xingrg/all/function/internal_message.html?_=1676515618853&CODE_STATE=getMsg HTTP/1.1" 200 27
124.78.159.25 - - [16/Feb/2023:10:54:05 +0800] "GET /xingrg/check_reg.html?_=1676516056833 HTTP/1.1" 200 22
120.253.135.82 - - [16/Feb/2023:10:54:06 +0800] "GET /xingrg/all/function/internal_message.html?_=1676516186705&CODE_STATE=getMsg HTTP/1.1" 200 27
120.253.135.82 - - [16/Feb/2023:10:54:06 +0800] "GET /xingrg/check_reg.html?_=1676516186708 HTTP/1.1" 200 22
221.239.170.112 - - [16/Feb/2023:10:54:07 +0800] "GET /xingrg/all/function/internal_message.html?_=1676516062683&CODE_STATE=getMsg HTTP/1.1" 200 27
120.253.135.82 - - [16/Feb/2023:10:54:10 +0800] "GET /xingrg/all/function/internal_message.html?_=1676515886817&CODE_STATE=getMsg HTTP/1.1" 200 27
124.78.159.25 - - [16/Feb/2023:10:54:13 +0800] "GET /xingrg/all/function/internal_message.html?_=1676516065055&CODE_STATE=getMsg HTTP/1.1" 200 27
180.169.147.146 - - [16/Feb/2023:10:54:14 +0800] "GET /xingrg/all/function/internal_message.html?_=1676516069404&CODE_STATE=getMsg HTTP/1.1" 200 27
218.81.220.34 - - [16/Feb/2023:10:54:14 +0800] "GET /xingrg/all/function/internal_message.html?_=1676516084080&CODE_STATE=getMsg HTTP/1.1" 200 27
180.169.147.146 - - [16/Feb/2023:10:54:14 +0800] "GET /xingrg/all/function/internal_message.html?_=1676516069472&CODE_STATE=getMsg HTTP/1.1" 200 27
222.70.177.73 - - [16/Feb/2023:10:54:20 +0800] "GET /xingrg/all/function/internal_message.html?_=1676516073207&CODE_STATE=getMsg HTTP/1.1" 200 27
116.230.105.139 - - [16/Feb/2023:10:54:21 +0800] "GET /xingrg/kc/buy/cgsh_order_operate.html?command=get_materiel&rest_code=00155&code=00101019468&supplier_code=00100450&order_time=2023-02-16 HTTP/1.1" 200 457
114.83.218.175 - - [16/Feb/2023:10:54:26 +0800] "GET /xingrg/all/function/internal_message.html?_=1676516080659&CODE_STATE=getMsg HTTP/1.1" 200 27
116.192.124.172 - - [16/Feb/2023:10:54:34 +0800] "GET /xingrg/all/function/internal_message.html?_=1676516088161&CODE_STATE=getMsg HTTP/1.1" 200 27
116.230.105.139 - - [16/Feb/2023:10:54:34 +0800] "GET /xingrg/all/function/internal_message.html?_=1676516073025&CODE_STATE=getMsg HTTP/1.1" 200 27
221.239.170.112 - - [16/Feb/2023:10:54:46 +0800] "GET /xingrg/check_reg.html?_=1676516101015 HTTP/1.1" 200 22
180.169.147.146 - - [16/Feb/2023:10:54:48 +0800] "GET /xingrg/all/function/internal_message.html?_=1676516096590&CODE_STATE=getMsg HTTP/1.1" 200 27
101.83.145.75 - - [16/Feb/2023:10:54:49 +0800] "GET /xingrg/all/function/internal_message.html?_=1676516104293&CODE_STATE=getMsg HTTP/1.1" 200 27
116.238.139.35 - - [16/Feb/2023:10:54:49 +0800] "GET /xingrg/all/function/internal_message.html?_=1676516104631&CODE_STATE=getMsg HTTP/1.1" 200 27
101.229.22.234 - - [16/Feb/2023:10:54:54 +0800] "GET /xingrg/all/function/internal_message.html?_=1676516109221&CODE_STATE=getMsg HTTP/1.1" 200 27
222.67.238.61 - - [16/Feb/2023:10:54:59 +0800] "GET /xingrg/check_reg.html?_=1676515678851 HTTP/1.1" 200 22
222.67.238.61 - - [16/Feb/2023:10:54:59 +0800] "GET /xingrg/all/function/internal_message.html?_=1676515678853&CODE_STATE=getMsg HTTP/1.1" 200 27
120.253.135.82 - - [16/Feb/2023:10:55:06 +0800] "GET /xingrg/all/function/internal_message.html?_=1676516246709&CODE_STATE=getMsg HTTP/1.1" 200 27
221.239.170.112 - - [16/Feb/2023:10:55:07 +0800] "GET /xingrg/all/function/internal_message.html?_=1676516122659&CODE_STATE=getMsg HTTP/1.1" 200 27
120.253.135.82 - - [16/Feb/2023:10:55:10 +0800] "GET /xingrg/all/function/internal_message.html?_=1676515946831&CODE_STATE=getMsg HTTP/1.1" 200 27
222.70.177.73 - - [16/Feb/2023:10:55:12 +0800] "GET /xingrg/kc/buy/cgsh_order_operate.html?command=get_materiel&rest_code=00111&code=00101008321&supplier_code=00100005&order_time=2023-02-16 HTTP/1.1" 200 412
124.78.159.25 - - [16/Feb/2023:10:55:13 +0800] "GET /xingrg/all/function/internal_message.html?_=1676516125042&CODE_STATE=getMsg HTTP/1.1" 200 27
180.169.147.146 - - [16/Feb/2023:10:55:14 +0800] "GET /xingrg/all/function/internal_message.html?_=1676516129401&CODE_STATE=getMsg HTTP/1.1" 200 27
218.81.220.34 - - [16/Feb/2023:10:55:14 +0800] "GET /xingrg/all/function/internal_message.html?_=1676516144094&CODE_STATE=getMsg HTTP/1.1" 200 27
180.169.147.146 - - [16/Feb/2023:10:55:14 +0800] "GET /xingrg/all/function/internal_message.html?_=1676516129463&CODE_STATE=getMsg HTTP/1.1" 200 27
222.70.177.73 - - [16/Feb/2023:10:55:20 +0800] "GET /xingrg/all/function/internal_message.html?_=1676516133181&CODE_STATE=getMsg HTTP/1.1" 200 27
222.70.177.73 - - [16/Feb/2023:10:55:20 +0800] "GET /xingrg/check_reg.html?_=1676516133335 HTTP/1.1" 200 22
222.70.177.73 - - [16/Feb/2023:10:55:21 +0800] "GET /xingrg/kc/buy/cgsh_order_operate.html?command=get_materiel&rest_code=00111&code=00101008087&supplier_code=00100005&order_time=2023-02-16 HTTP/1.1" 200 412
114.83.218.175 - - [16/Feb/2023:10:55:26 +0800] "GET /xingrg/all/function/internal_message.html?_=1676516140661&CODE_STATE=getMsg HTTP/1.1" 200 27
222.70.177.73 - - [16/Feb/2023:10:55:33 +0800] "GET /xingrg/kc/buy/cgsh_order_operate.html?command=get_materiel&rest_code=00111&code=00101008357&supplier_code=00100005&order_time=2023-02-16 HTTP/1.1" 200 408
116.192.124.172 - - [16/Feb/2023:10:55:34 +0800] "GET /xingrg/all/function/internal_message.html?_=1676516148139&CODE_STATE=getMsg HTTP/1.1" 200 27
116.230.105.139 - - [16/Feb/2023:10:55:34 +0800] "GET /xingrg/all/function/internal_message.html?_=1676516133039&CODE_STATE=getMsg HTTP/1.1" 200 27
116.192.124.172 - - [16/Feb/2023:10:55:34 +0800] "GET /xingrg/check_reg.html?_=1676516148324 HTTP/1.1" 200 22
116.230.105.139 - - [16/Feb/2023:10:55:34 +0800] "GET /xingrg/check_reg.html?_=1676516133042 HTTP/1.1" 200 22
222.70.177.73 - - [16/Feb/2023:10:55:44 +0800] "GET /xingrg/kc/buy/cgsh_order_operate.html?command=get_materiel&rest_code=00111&code=00101008359&supplier_code=00100005&order_time=2023-02-16 HTTP/1.1" 200 408
180.169.147.146 - - [16/Feb/2023:10:55:48 +0800] "GET /xingrg/all/function/internal_message.html?_=1676516156576&CODE_STATE=getMsg HTTP/1.1" 200 27
101.83.145.75 - - [16/Feb/2023:10:55:49 +0800] "GET /xingrg/all/function/internal_message.html?_=1676516164294&CODE_STATE=getMsg HTTP/1.1" 200 27
116.238.139.35 - - [16/Feb/2023:10:55:49 +0800] "GET /xingrg/all/function/internal_message.html?_=1676516164631&CODE_STATE=getMsg HTTP/1.1" 200 27
116.235.93.82 - - [16/Feb/2023:10:55:50 +0800] "GET /xingrg/login.html HTTP/1.1" 200 7641
222.70.177.73 - - [16/Feb/2023:10:55:54 +0800] "GET /xingrg/kc/buy/cgsh_order_operate.html?command=get_materiel&rest_code=00111&code=00101008312&supplier_code=00100005&order_time=2023-02-16 HTTP/1.1" 200 412
101.229.22.234 - - [16/Feb/2023:10:55:54 +0800] "GET /xingrg/all/function/internal_message.html?_=1676516169220&CODE_STATE=getMsg HTTP/1.1" 200 27
222.67.238.61 - - [16/Feb/2023:10:55:59 +0800] "GET /xingrg/all/function/internal_message.html?_=1676515738852&CODE_STATE=getMsg HTTP/1.1" 200 27
222.70.177.73 - - [16/Feb/2023:10:56:04 +0800] "GET /xingrg/kc/buy/cgsh_order_operate.html?command=get_materiel&rest_code=00111&code=00101008010&supplier_code=00100005&order_time=2023-02-16 HTTP/1.1" 200 412
120.253.135.82 - - [16/Feb/2023:10:56:06 +0800] "GET /xingrg/all/function/internal_message.html?_=1676516306720&CODE_STATE=getMsg HTTP/1.1" 200 27
221.239.170.112 - - [16/Feb/2023:10:56:07 +0800] "GET /xingrg/all/function/internal_message.html?_=1676516182644&CODE_STATE=getMsg HTTP/1.1" 200 27
120.253.135.82 - - [16/Feb/2023:10:56:10 +0800] "GET /xingrg/all/function/internal_message.html?_=1676516006843&CODE_STATE=getMsg HTTP/1.1" 200 27
124.78.159.25 - - [16/Feb/2023:10:56:13 +0800] "GET /xingrg/all/function/internal_message.html?_=1676516185015&CODE_STATE=getMsg HTTP/1.1" 200 27
180.169.147.146 - - [16/Feb/2023:10:56:14 +0800] "GET /xingrg/all/function/internal_message.html?_=1676516189406&CODE_STATE=getMsg HTTP/1.1" 200 27
218.81.220.34 - - [16/Feb/2023:10:56:14 +0800] "GET /xingrg/all/function/internal_message.html?_=1676516204107&CODE_STATE=getMsg HTTP/1.1" 200 27
180.169.147.146 - - [16/Feb/2023:10:56:14 +0800] "GET /xingrg/check_reg.html?_=1676516189465 HTTP/1.1" 200 22
180.169.147.146 - - [16/Feb/2023:10:56:14 +0800] "GET /xingrg/all/function/internal_message.html?_=1676516189467&CODE_STATE=getMsg HTTP/1.1" 200 27
116.235.93.82 - - [16/Feb/2023:10:56:15 +0800] "GET /favicon.ico HTTP/1.1" 404 -
222.70.177.73 - - [16/Feb/2023:10:56:20 +0800] "GET /xingrg/all/function/internal_message.html?_=1676516193159&CODE_STATE=getMsg HTTP/1.1" 200 27
222.70.177.73 - - [16/Feb/2023:10:56:22 +0800] "GET /xingrg/kc/buy/cgsh_order_operate.html?command=get_materiel&rest_code=00111&code=00101008351&supplier_code=00100005&order_time=2023-02-16 HTTP/1.1" 200 408
114.83.218.175 - - [16/Feb/2023:10:56:26 +0800] "GET /xingrg/all/function/internal_message.html?_=1676516200674&CODE_STATE=getMsg HTTP/1.1" 200 27
222.70.177.73 - - [16/Feb/2023:10:56:32 +0800] "GET /xingrg/kc/buy/cgsh_order_operate.html?command=get_materiel&rest_code=00111&code=00101008115&supplier_code=00100005&order_time=2023-02-16 HTTP/1.1" 200 412
116.192.124.172 - - [16/Feb/2023:10:56:34 +0800] "GET /xingrg/all/function/internal_message.html?_=1676516208121&CODE_STATE=getMsg HTTP/1.1" 200 27
116.230.105.139 - - [16/Feb/2023:10:56:34 +0800] "GET /xingrg/all/function/internal_message.html?_=1676516193024&CODE_STATE=getMsg HTTP/1.1" 200 27
116.235.93.82 - - [16/Feb/2023:10:56:35 +0800] "POST /xingrg/login.do HTTP/1.1" 302 -
116.235.93.82 - - [16/Feb/2023:10:56:35 +0800] "GET /xingrg/index.html?sysBaseUrl=http%3A%2F%2F180.169.147.146%3A18081%2Fxingrg%2F&costTime=39×tamp=1676516195230 HTTP/1.1" 200 17179
116.235.93.82 - - [16/Feb/2023:10:56:36 +0800] "GET /favicon.ico HTTP/1.1" 404 -
116.235.93.82 - - [16/Feb/2023:10:56:36 +0800] "POST /xingrg/all/common/load_tree.html?tree=area_rest_tree_json&manage=1 HTTP/1.1" 200 351
116.235.93.82 - - [16/Feb/2023:10:56:37 +0800] "GET /xingrg/all/function/internal_message.html?_=1676516455999&CODE_STATE=count HTTP/1.1" 200 11
116.235.93.82 - - [16/Feb/2023:10:56:37 +0800] "GET /xingrg/check_reg.html?_=1676516456000 HTTP/1.1" 200 22
116.235.93.82 - - [16/Feb/2023:10:56:37 +0800] "POST /xingrg/load_menu.html HTTP/1.1" 200 5138
222.70.177.73 - - [16/Feb/2023:10:56:42 +0800] "GET /xingrg/kc/buy/cgsh_order_operate.html?command=get_materiel&rest_code=00111&code=00101008176&supplier_code=00100005&order_time=2023-02-16 HTTP/1.1" 200 413
180.169.147.146 - - [16/Feb/2023:10:56:48 +0800] "GET /xingrg/all/function/internal_message.html?_=1676516216590&CODE_STATE=getMsg HTTP/1.1" 200 27
101.83.145.75 - - [16/Feb/2023:10:56:49 +0800] "GET /xingrg/all/function/internal_message.html?_=1676516224294&CODE_STATE=getMsg HTTP/1.1" 200 27
116.238.139.35 - - [16/Feb/2023:10:56:49 +0800] "GET /xingrg/all/function/internal_message.html?_=1676516224641&CODE_STATE=getMsg HTTP/1.1" 200 27
101.229.22.234 - - [16/Feb/2023:10:56:54 +0800] "GET /xingrg/all/function/internal_message.html?_=1676516229235&CODE_STATE=getMsg HTTP/1.1" 200 27
116.235.93.82 - - [16/Feb/2023:10:56:59 +0800] "GET /xingrg/kc/buy/cgsh_order_list.html HTTP/1.1" 200 54063
222.67.238.61 - - [16/Feb/2023:10:56:59 +0800] "GET /xingrg/all/function/internal_message.html?_=1676515798851&CODE_STATE=getMsg HTTP/1.1" 200 27
116.235.93.82 - - [16/Feb/2023:10:57:03 +0800] "POST /xingrg/kc/buy/cgsh_list_operate.html HTTP/1.1" 200 5952
120.253.135.82 - - [16/Feb/2023:10:57:06 +0800] "GET /xingrg/all/function/internal_message.html?_=1676516366719&CODE_STATE=getMsg HTTP/1.1" 200 27
120.253.135.82 - - [16/Feb/2023:10:57:07 +0800] "GET /xingrg/check_reg.html?_=1676516063508 HTTP/1.1" 200 22
221.239.170.112 - - [16/Feb/2023:10:57:07 +0800] "GET /xingrg/all/function/internal_message.html?_=1676516242633&CODE_STATE=getMsg HTTP/1.1" 200 27
120.253.135.82 - - [16/Feb/2023:10:57:10 +0800] "GET /xingrg/all/function/internal_message.html?_=1676516066858&CODE_STATE=getMsg HTTP/1.1" 200 27
180.163.30.76 - - [16/Feb/2023:10:57:12 +0800] "GET /xingrg/all/function/internal_message.html?_=1676516185015&CODE_STATE=getMsg HTTP/1.1" 302 -
180.163.30.76 - - [16/Feb/2023:10:57:12 +0800] "GET /xingrg/login.html HTTP/1.1" 200 7641
124.78.159.25 - - [16/Feb/2023:10:57:13 +0800] "GET /xingrg/all/function/internal_message.html?_=1676516244988&CODE_STATE=getMsg HTTP/1.1" 200 27
218.81.220.34 - - [16/Feb/2023:10:57:14 +0800] "GET /xingrg/all/function/internal_message.html?_=1676516264122&CODE_STATE=getMsg HTTP/1.1" 200 27
180.169.147.146 - - [16/Feb/2023:10:57:14 +0800] "GET /xingrg/all/function/internal_message.html?_=1676516249468&CODE_STATE=getMsg HTTP/1.1" 200 27
222.70.177.73 - - [16/Feb/2023:10:57:20 +0800] "GET /xingrg/all/function/internal_message.html?_=1676516253140&CODE_STATE=getMsg HTTP/1.1" 200 27
114.83.218.175 - - [16/Feb/2023:10:57:26 +0800] "GET /xingrg/all/function/internal_message.html?_=1676516260677&CODE_STATE=getMsg HTTP/1.1" 200 27
114.83.218.175 - - [16/Feb/2023:10:57:26 +0800] "GET /xingrg/check_reg.html?_=1676516260681 HTTP/1.1" 200 22
116.192.124.172 - - [16/Feb/2023:10:57:34 +0800] "GET /xingrg/all/function/internal_message.html?_=1676516268118&CODE_STATE=getMsg HTTP/1.1" 200 27
116.230.105.139 - - [16/Feb/2023:10:57:34 +0800] "GET /xingrg/all/function/internal_message.html?_=1676516253024&CODE_STATE=getMsg HTTP/1.1" 200 27
222.70.177.73 - - [16/Feb/2023:10:57:37 +0800] "GET /xingrg/kc/buy/cgsh_order_operate.html?command=get_materiel&rest_code=00111&code=00101008355&supplier_code=00100005&order_time=2023-02-16 HTTP/1.1" 200 408
116.235.93.82 - - [16/Feb/2023:10:57:37 +0800] "GET /xingrg/all/function/internal_message.html?_=1676516516000&CODE_STATE=getMsg HTTP/1.1" 200 27
222.70.177.73 - - [16/Feb/2023:10:57:46 +0800] "GET /xingrg/kc/buy/cgsh_order_operate.html?command=get_materiel&rest_code=00111&code=00101008077&supplier_code=00100005&order_time=2023-02-16 HTTP/1.1" 200 416
180.169.147.146 - - [16/Feb/2023:10:57:48 +0800] "GET /xingrg/check_reg.html?_=1676516276589 HTTP/1.1" 200 22
180.169.147.146 - - [16/Feb/2023:10:57:48 +0800] "GET /xingrg/all/function/internal_message.html?_=1676516276591&CODE_STATE=getMsg HTTP/1.1" 200 27
101.83.145.75 - - [16/Feb/2023:10:57:49 +0800] "GET /xingrg/all/function/internal_message.html?_=1676516284295&CODE_STATE=getMsg HTTP/1.1" 200 27
116.238.139.35 - - [16/Feb/2023:10:57:49 +0800] "GET /xingrg/all/function/internal_message.html?_=1676516284643&CODE_STATE=getMsg HTTP/1.1" 200 27
116.235.93.82 - - [16/Feb/2023:10:57:52 +0800] "POST /xingrg/kc/buy/cgsh_list_operate.html HTTP/1.1" 200 4
101.229.22.234 - - [16/Feb/2023:10:57:54 +0800] "GET /xingrg/all/function/internal_message.html?_=1676516289234&CODE_STATE=getMsg HTTP/1.1" 200 27
101.229.22.234 - - [16/Feb/2023:10:57:54 +0800] "GET /xingrg/check_reg.html?_=1676516289238 HTTP/1.1" 200 22
222.70.177.73 - - [16/Feb/2023:10:57:55 +0800] "GET /xingrg/kc/buy/cgsh_order_operate.html?command=get_materiel&rest_code=00111&code=00101008361&supplier_code=00100005&order_time=2023-02-16 HTTP/1.1" 200 408
116.235.93.82 - - [16/Feb/2023:10:57:58 +0800] "POST /xingrg/kc/buy/cgsh_list_operate.html HTTP/1.1" 200 4926
222.70.177.73 - - [16/Feb/2023:10:57:58 +0800] "POST /xingrg/kc/buy/cgsh_order_operate.html HTTP/1.1" 200 2065
222.67.238.61 - - [16/Feb/2023:10:57:59 +0800] "GET /xingrg/all/function/internal_message.html?_=1676515858850&CODE_STATE=getMsg HTTP/1.1" 200 27
222.70.177.73 - - [16/Feb/2023:10:58:05 +0800] "GET /xingrg/kc/buy/cgsh_order_operate.html?command=get_materiel&rest_code=00111&code=00101008403&supplier_code=00100005&order_time=2023-02-16 HTTP/1.1" 200 412
120.253.135.82 - - [16/Feb/2023:10:58:06 +0800] "GET /xingrg/all/function/internal_message.html?_=1676516426723&CODE_STATE=getMsg HTTP/1.1" 200 27
221.239.170.112 - - [16/Feb/2023:10:58:07 +0800] "GET /xingrg/all/function/internal_message.html?_=1676516302603&CODE_STATE=getMsg HTTP/1.1" 200 27
120.253.135.82 - - [16/Feb/2023:10:58:10 +0800] "GET /xingrg/all/function/internal_message.html?_=1676516126871&CODE_STATE=getMsg HTTP/1.1" 200 27
180.169.147.146 - - [16/Feb/2023:10:58:12 +0800] "GET /xingrg/check_reg.html?_=1676516305968 HTTP/1.1" 200 22
124.78.159.25 - - [16/Feb/2023:10:58:13 +0800] "GET /xingrg/all/function/internal_message.html?_=1676516304958&CODE_STATE=getMsg HTTP/1.1" 200 27
218.81.220.34 - - [16/Feb/2023:10:58:13 +0800] "GET /xingrg/check_reg.html?_=1676516322486 HTTP/1.1" 200 22
180.163.30.85 - - [16/Feb/2023:10:58:13 +0800] "GET /xingrg/all/function/internal_message.html?_=1676516244988&CODE_STATE=getMsg HTTP/1.1" 302 -
180.163.30.85 - - [16/Feb/2023:10:58:13 +0800] "GET /xingrg/login.html HTTP/1.1" 200 7641
218.81.220.34 - - [16/Feb/2023:10:58:14 +0800] "GET /xingrg/all/function/internal_message.html?_=1676516324195&CODE_STATE=getMsg HTTP/1.1" 200 27
222.70.177.73 - - [16/Feb/2023:10:58:15 +0800] "GET /xingrg/kc/buy/cgsh_order_operate.html?command=get_materiel&rest_code=00111&code=00101015004&supplier_code=00100005&order_time=2023-02-16 HTTP/1.1" 200 408
222.70.177.73 - - [16/Feb/2023:10:58:20 +0800] "GET /xingrg/all/function/internal_message.html?_=1676516313124&CODE_STATE=getMsg HTTP/1.1" 200 27
222.70.177.73 - - [16/Feb/2023:10:58:26 +0800] "GET /xingrg/kc/buy/cgsh_order_operate.html?command=get_materiel&rest_code=00111&code=00101008439&supplier_code=00100005&order_time=2023-02-16 HTTP/1.1" 200 413
114.83.218.175 - - [16/Feb/2023:10:58:26 +0800] "GET /xingrg/all/function/internal_message.html?_=1676516320686&CODE_STATE=getMsg HTTP/1.1" 200 27
116.192.124.172 - - [16/Feb/2023:10:58:34 +0800] "GET /xingrg/all/function/internal_message.html?_=1676516328105&CODE_STATE=getMsg HTTP/1.1" 200 27
116.230.105.139 - - [16/Feb/2023:10:58:34 +0800] "GET /xingrg/all/function/internal_message.html?_=1676516313027&CODE_STATE=getMsg HTTP/1.1" 200 27
116.235.93.82 - - [16/Feb/2023:10:58:37 +0800] "GET /xingrg/all/function/internal_message.html?_=1676516575998&CODE_STATE=getMsg HTTP/1.1" 200 27
222.70.177.73 - - [16/Feb/2023:10:58:38 +0800] "GET /xingrg/kc/buy/cgsh_order_operate.html?command=get_materiel&rest_code=00111&code=00101008264&supplier_code=00100005&order_time=2023-02-16 HTTP/1.1" 200 412
116.235.93.82 - - [16/Feb/2023:10:58:46 +0800] "POST /xingrg/kc/buy/cgsh_list_operate.html HTTP/1.1" 200 4
180.169.147.146 - - [16/Feb/2023:10:58:48 +0800] "GET /xingrg/all/function/internal_message.html?_=1676516336588&CODE_STATE=getMsg HTTP/1.1" 200 27
101.83.145.75 - - [16/Feb/2023:10:58:49 +0800] "GET /xingrg/all/function/internal_message.html?_=1676516344283&CODE_STATE=getMsg HTTP/1.1" 200 27
101.83.145.75 - - [16/Feb/2023:10:58:49 +0800] "GET /xingrg/check_reg.html?_=1676516344280 HTTP/1.1" 200 22
222.70.177.73 - - [16/Feb/2023:10:58:49 +0800] "GET /xingrg/kc/buy/cgsh_order_operate.html?command=get_materiel&rest_code=00111&code=00101008163&supplier_code=00100005&order_time=2023-02-16 HTTP/1.1" 200 409
116.238.139.35 - - [16/Feb/2023:10:58:49 +0800] "GET /xingrg/check_reg.html?_=1676516344652 HTTP/1.1" 200 22
116.238.139.35 - - [16/Feb/2023:10:58:49 +0800] "GET /xingrg/all/function/internal_message.html?_=1676516344655&CODE_STATE=getMsg HTTP/1.1" 200 27
58.40.7.146 - - [16/Feb/2023:10:58:53 +0800] "GET /favicon.ico HTTP/1.1" 404 -
116.235.93.82 - - [16/Feb/2023:10:58:54 +0800] "POST /xingrg/kc/buy/cgsh_list_operate.html HTTP/1.1" 200 986
101.229.22.234 - - [16/Feb/2023:10:58:54 +0800] "GET /xingrg/all/function/internal_message.html?_=1676516349224&CODE_STATE=getMsg HTTP/1.1" 200 27
222.67.238.61 - - [16/Feb/2023:10:58:59 +0800] "GET /xingrg/all/function/internal_message.html?_=1676515918849&CODE_STATE=getMsg HTTP/1.1" 200 27
58.40.7.146 - - [16/Feb/2023:10:59:00 +0800] "GET /xingrg/login.html HTTP/1.1" 200 7641
58.40.7.146 - - [16/Feb/2023:10:59:00 +0800] "GET /xingrg/images/blue/jxLogo.png HTTP/1.1" 200 6156
58.40.7.146 - - [16/Feb/2023:10:59:01 +0800] "GET /xingrg/images/blue/login_bg.png HTTP/1.1" 200 22101
58.40.7.146 - - [16/Feb/2023:10:59:01 +0800] "GET /xingrg/images/blue/hj.png HTTP/1.1" 200 1014
58.40.7.146 - - [16/Feb/2023:10:59:01 +0800] "GET /xingrg/images/blue/srbg.png HTTP/1.1" 200 138
218.81.220.34 - - [16/Feb/2023:10:59:01 +0800] "POST /xingrg/kc/base/wldb_order_operate.html HTTP/1.1" 200 37
58.40.7.146 - - [16/Feb/2023:10:59:01 +0800] "GET /favicon.ico HTTP/1.1" 404 -
218.81.220.34 - - [16/Feb/2023:10:59:02 +0800] "POST /xingrg/kc/base/wldb_order_operate.html HTTP/1.1" 200 3179
222.70.177.73 - - [16/Feb/2023:10:59:02 +0800] "GET /xingrg/kc/buy/cgsh_order_operate.html?command=get_materiel&rest_code=00111&code=00101008286&supplier_code=00100005&order_time=2023-02-16 HTTP/1.1" 200 408
218.81.220.34 - - [16/Feb/2023:10:59:03 +0800] "GET /xingrg/kc/base/wldb_order_info.html?code=422023021601136 HTTP/1.1" 200 30443
218.81.220.34 - - [16/Feb/2023:10:59:03 +0800] "GET /xingrg/javascript/easyui/themes/default/validatebox.css HTTP/1.1" 404 1104
218.81.220.34 - - [16/Feb/2023:10:59:04 +0800] "POST /xingrg/kc/base/wldb_order_operate.html HTTP/1.1" 200 3179
124.78.159.25 - - [16/Feb/2023:10:59:04 +0800] "GET /xingrg/check_reg.html?_=1676516356817 HTTP/1.1" 200 22
222.70.177.73 - - [16/Feb/2023:10:59:05 +0800] "POST /xingrg/kc/buy/cgsh_order_operate.html HTTP/1.1" 200 2065
58.40.7.146 - - [16/Feb/2023:10:59:05 +0800] "POST /xingrg/login.do HTTP/1.1" 302 -
58.40.7.146 - - [16/Feb/2023:10:59:05 +0800] "GET /xingrg/index.html?sysBaseUrl=http%3A%2F%2F180.169.147.146%3A18081%2Fxingrg%2F&costTime=41×tamp=1676516345677 HTTP/1.1" 200 17173
58.40.7.146 - - [16/Feb/2023:10:59:05 +0800] "GET /xingrg/javascript/jquery_easy_ui/themes/icon.css HTTP/1.1" 200 3949
58.40.7.146 - - [16/Feb/2023:10:59:05 +0800] "GET /xingrg/css/form.css HTTP/1.1" 200 893
58.40.7.146 - - [16/Feb/2023:10:59:05 +0800] "GET /xingrg/javascript/jquery_easy_ui/themes/default/easyui.css HTTP/1.1" 200 26500
58.40.7.146 - - [16/Feb/2023:10:59:05 +0800] "GET /xingrg/javascript/jquery.timers.js HTTP/1.1" 200 3532
58.40.7.146 - - [16/Feb/2023:10:59:05 +0800] "GET /xingrg/javascript/jquery.form.js HTTP/1.1" 200 23110
58.40.7.146 - - [16/Feb/2023:10:59:05 +0800] "GET /xingrg/javascript/jquery.utils.js HTTP/1.1" 200 11805
58.40.7.146 - - [16/Feb/2023:10:59:05 +0800] "GET /xingrg/javascript/jquery-1.4.2.min.js HTTP/1.1" 200 72205
58.40.7.146 - - [16/Feb/2023:10:59:05 +0800] "GET /xingrg/javascript/jquery_easy_ui/jquery.easyui.min.js HTTP/1.1" 200 213662
58.40.7.146 - - [16/Feb/2023:10:59:05 +0800] "GET /xingrg/javascript/jquery_easy_ui/easyui-lang-zh_CN.js HTTP/1.1" 200 1900
58.40.7.146 - - [16/Feb/2023:10:59:05 +0800] "POST /xingrg/all/common/load_tree.html?tree=area_rest_tree_json&manage=1 HTTP/1.1" 200 3499
58.40.7.146 - - [16/Feb/2023:10:59:06 +0800] "GET /xingrg/check_reg.html?_=1676516361014 HTTP/1.1" 200 22
58.40.7.146 - - [16/Feb/2023:10:59:06 +0800] "GET /xingrg/all/function/internal_message.html?_=1676516361009&CODE_STATE=count HTTP/1.1" 200 11
58.40.7.146 - - [16/Feb/2023:10:59:06 +0800] "GET /xingrg/javascript/jquery_easy_ui/themes/icons/settle_new.png HTTP/1.1" 200 826
58.40.7.146 - - [16/Feb/2023:10:59:06 +0800] "GET /xingrg/images/blue/navBackgound.jpg HTTP/1.1" 200 12378
58.40.7.146 - - [16/Feb/2023:10:59:06 +0800] "GET /xingrg/images/blue/pingpu.png HTTP/1.1" 200 231
58.40.7.146 - - [16/Feb/2023:10:59:06 +0800] "GET /xingrg/javascript/jquery_easy_ui/themes/default/images/tabs_leftarrow.png HTTP/1.1" 200 389
58.40.7.146 - - [16/Feb/2023:10:59:06 +0800] "GET /xingrg/javascript/jquery_easy_ui/themes/default/images/tabs_rightarrow.png HTTP/1.1" 200 395
58.40.7.146 - - [16/Feb/2023:10:59:06 +0800] "GET /xingrg/javascript/jquery_easy_ui/themes/default/images/panel_tool_collapse.gif HTTP/1.1" 200 246
58.40.7.146 - - [16/Feb/2023:10:59:06 +0800] "GET /favicon.ico HTTP/1.1" 404 -
218.81.220.34 - - [16/Feb/2023:10:59:06 +0800] "GET /xingrg/kc/base/wldb_order_add.html HTTP/1.1" 200 30428
58.40.7.146 - - [16/Feb/2023:10:59:06 +0800] "POST /xingrg/load_menu.html HTTP/1.1" 200 6743
58.40.7.146 - - [16/Feb/2023:10:59:06 +0800] "GET /xingrg/javascript/jquery_easy_ui/themes/default/images/tree_arrows.gif HTTP/1.1" 200 1043
58.40.7.146 - - [16/Feb/2023:10:59:06 +0800] "GET /xingrg/javascript/jquery_easy_ui/themes/default/images/tree_folder_open.gif HTTP/1.1" 200 956
58.40.7.146 - - [16/Feb/2023:10:59:06 +0800] "GET /xingrg/javascript/jquery_easy_ui/themes/icons/area.png HTTP/1.1" 200 262
58.40.7.146 - - [16/Feb/2023:10:59:06 +0800] "GET /xingrg/javascript/jquery_easy_ui/themes/icons/manage.png HTTP/1.1" 200 696
58.40.7.146 - - [16/Feb/2023:10:59:06 +0800] "GET /xingrg/javascript/jquery_easy_ui/themes/icons/rest.png HTTP/1.1" 200 695
58.40.7.146 - - [16/Feb/2023:10:59:06 +0800] "GET /xingrg/javascript/jquery_easy_ui/themes/icons/search_new.png HTTP/1.1" 200 586
58.40.7.146 - - [16/Feb/2023:10:59:06 +0800] "GET /xingrg/javascript/jquery_easy_ui/themes/icons/delivery_new.png HTTP/1.1" 200 700
58.40.7.146 - - [16/Feb/2023:10:59:06 +0800] "GET /xingrg/javascript/jquery_easy_ui/themes/icons/storage_new.png HTTP/1.1" 200 853
58.40.7.146 - - [16/Feb/2023:10:59:06 +0800] "GET /xingrg/javascript/jquery_easy_ui/themes/icons/forms_new.png HTTP/1.1" 200 350
58.40.7.146 - - [16/Feb/2023:10:59:06 +0800] "GET /xingrg/javascript/jquery_easy_ui/themes/default/images/tree_file.gif HTTP/1.1" 200 118
58.40.7.146 - - [16/Feb/2023:10:59:06 +0800] "GET /xingrg/javascript/jquery_easy_ui/themes/default/images/tree_folder.gif HTTP/1.1" 200 952
218.81.220.34 - - [16/Feb/2023:10:59:06 +0800] "POST /xingrg/kc/base/wldb_order_operate.html HTTP/1.1" 200 6806
120.253.135.82 - - [16/Feb/2023:10:59:06 +0800] "GET /xingrg/check_reg.html?_=1676516486729 HTTP/1.1" 200 22
120.253.135.82 - - [16/Feb/2023:10:59:06 +0800] "GET /xingrg/all/function/internal_message.html?_=1676516486727&CODE_STATE=getMsg HTTP/1.1" 200 27
218.81.220.34 - - [16/Feb/2023:10:59:06 +0800] "GET /xingrg/javascript/easyui/themes/default/validatebox.css HTTP/1.1" 404 1104
221.239.170.112 - - [16/Feb/2023:10:59:07 +0800] "GET /xingrg/all/function/internal_message.html?_=1676516362590&CODE_STATE=getMsg HTTP/1.1" 200 27
58.40.7.146 - - [16/Feb/2023:10:59:08 +0800] "GET /xingrg/kc/buy/buy_main.html HTTP/1.1" 200 12341
58.40.7.146 - - [16/Feb/2023:10:59:08 +0800] "GET /xingrg/javascript/jquery_easy_ui/themes/default/images/tabs_close.gif HTTP/1.1" 200 829
58.40.7.146 - - [16/Feb/2023:10:59:08 +0800] "GET /xingrg/css/new_ie.css HTTP/1.1" 404 1036
58.40.7.146 - - [16/Feb/2023:10:59:08 +0800] "GET /xingrg/css/blue.css HTTP/1.1" 200 15949
58.40.7.146 - - [16/Feb/2023:10:59:08 +0800] "GET /xingrg/javascript/pic_change.js HTTP/1.1" 200 4739
58.40.7.146 - - [16/Feb/2023:10:59:08 +0800] "GET /xingrg/javascript/ToolTips.js HTTP/1.1" 200 5615
58.40.7.146 - - [16/Feb/2023:10:59:08 +0800] "GET /xingrg/javascript/jquery_ui/themes/humanity/humanity.css HTTP/1.1" 200 27801
58.40.7.146 - - [16/Feb/2023:10:59:08 +0800] "GET /xingrg/javascript/jquery_ui/jquery-ui.min.js HTTP/1.1" 200 186181
58.40.7.146 - - [16/Feb/2023:10:59:08 +0800] "GET /xingrg/javascript/myfunction.js HTTP/1.1" 200 24559
58.40.7.146 - - [16/Feb/2023:10:59:08 +0800] "GET /xingrg/images/blue/button/cgxqd.gif HTTP/1.1" 200 2619
58.40.7.146 - - [16/Feb/2023:10:59:08 +0800] "GET /xingrg/images/blue/button/cgydd.gif HTTP/1.1" 200 2712
58.40.7.146 - - [16/Feb/2023:10:59:08 +0800] "GET /xingrg/images/blue/button/cgshd.gif HTTP/1.1" 200 2618
58.40.7.146 - - [16/Feb/2023:10:59:08 +0800] "GET /xingrg/images/blue/button/cgfkd.gif HTTP/1.1" 200 2075
58.40.7.146 - - [16/Feb/2023:10:59:08 +0800] "GET /xingrg/images/blue/button/kc.gif HTTP/1.1" 200 2160
58.40.7.146 - - [16/Feb/2023:10:59:08 +0800] "GET /xingrg/images/blue/button/ckthd.gif HTTP/1.1" 200 2045
58.40.7.146 - - [16/Feb/2023:10:59:08 +0800] "GET /xingrg/images/blue/pic_form2.gif HTTP/1.1" 200 1853
58.40.7.146 - - [16/Feb/2023:10:59:08 +0800] "GET /xingrg/images/blue/button/right_ah.jpg HTTP/1.1" 200 1744
58.40.7.146 - - [16/Feb/2023:10:59:08 +0800] "GET /xingrg/images/blue/button/down_ah.jpg HTTP/1.1" 200 1732
58.40.7.146 - - [16/Feb/2023:10:59:08 +0800] "GET /xingrg/images/blue/bg_dotted.jpg HTTP/1.1" 200 319
58.40.7.146 - - [16/Feb/2023:10:59:08 +0800] "GET /xingrg/javascript/jquery_ui/themes/humanity/images/ui-bg_inset-soft_100_f4f0ec_1x100.png HTTP/1.1" 200 141
58.40.7.146 - - [16/Feb/2023:10:59:08 +0800] "GET /xingrg/javascript/jquery_ui/themes/humanity/images/ui-iconsnew.jpg HTTP/1.1" 200 337
58.40.7.146 - - [16/Feb/2023:10:59:08 +0800] "GET /xingrg/javascript/jquery_ui/themes/humanity/images/ui-icons_c47a23_256x240.png HTTP/1.1" 200 5355
58.40.7.146 - - [16/Feb/2023:10:59:08 +0800] "GET /xingrg/javascript/jquery_ui/themes/humanity/images/ui-icons_ffffff_256x240.png HTTP/1.1" 200 4369
120.253.135.82 - - [16/Feb/2023:10:59:10 +0800] "GET /xingrg/all/function/internal_message.html?_=1676516186901&CODE_STATE=getMsg HTTP/1.1" 200 27
222.70.177.73 - - [16/Feb/2023:10:59:10 +0800] "GET /xingrg/kc/buy/cgsh_order_operate.html?command=get_materiel&rest_code=00111&code=00101013168&supplier_code=00100005&order_time=2023-02-16 HTTP/1.1" 200 413
58.40.7.146 - - [16/Feb/2023:10:59:11 +0800] "GET /xingrg/kc/buy/cgsh_order_list.html HTTP/1.1" 200 54057
58.40.7.146 - - [16/Feb/2023:10:59:11 +0800] "GET /xingrg/css/base.css HTTP/1.1" 200 2811
58.40.7.146 - - [16/Feb/2023:10:59:11 +0800] "GET /xingrg/css/site.css HTTP/1.1" 200 7541
58.40.7.146 - - [16/Feb/2023:10:59:11 +0800] "GET /xingrg/javascript/jquery_tools/datebox.css HTTP/1.1" 200 2597
58.40.7.146 - - [16/Feb/2023:10:59:11 +0800] "GET /xingrg/javascript/easyui/themes/icon.css HTTP/1.1" 200 4483
58.40.7.146 - - [16/Feb/2023:10:59:11 +0800] "GET /xingrg/javascript/auto/jquery.autocomplete.css HTTP/1.1" 200 587
58.40.7.146 - - [16/Feb/2023:10:59:11 +0800] "GET /xingrg/javascript/jquery_tools/fix.css HTTP/1.1" 200 1702
58.40.7.146 - - [16/Feb/2023:10:59:11 +0800] "GET /xingrg/javascript/easyui/themes/default/easyui.css HTTP/1.1" 200 30432
58.40.7.146 - - [16/Feb/2023:10:59:11 +0800] "GET /xingrg/javascript/jquery_tools/table.css HTTP/1.1" 200 1032
58.40.7.146 - - [16/Feb/2023:10:59:11 +0800] "GET /xingrg/javascript/jquery_tools/jquery.tools.min.js HTTP/1.1" 200 138801
58.40.7.146 - - [16/Feb/2023:10:59:11 +0800] "GET /xingrg/javascript/jquery_tools/jquery.tools.hotkey.js HTTP/1.1" 200 3242
58.40.7.146 - - [16/Feb/2023:10:59:11 +0800] "GET /xingrg/javascript/jquery_tools/jquery.tools.table.js HTTP/1.1" 200 6994
58.40.7.146 - - [16/Feb/2023:10:59:11 +0800] "GET /xingrg/javascript/jquery_tools/jquery.tools.extend.js HTTP/1.1" 200 15385
58.40.7.146 - - [16/Feb/2023:10:59:11 +0800] "GET /xingrg/javascript/easyui/easyloader.js HTTP/1.1" 200 5975
58.40.7.146 - - [16/Feb/2023:10:59:11 +0800] "GET /xingrg/javascript/auto/jquery.autocomplete.js HTTP/1.1" 200 21624
58.40.7.146 - - [16/Feb/2023:10:59:11 +0800] "GET /xingrg/javascript/jquery.cookie.js HTTP/1.1" 200 5513
58.40.7.146 - - [16/Feb/2023:10:59:11 +0800] "GET /xingrg/javascript/print/LodopFuncs.js HTTP/1.1" 200 5121
58.40.7.146 - - [16/Feb/2023:10:59:11 +0800] "GET /xingrg/javascript/jquery_tools/list_manager.js HTTP/1.1" 200 3652
58.40.7.146 - - [16/Feb/2023:10:59:12 +0800] "GET /xingrg/javascript/easyui/plugins/jquery.parser.js HTTP/1.1" 200 1142
58.40.7.146 - - [16/Feb/2023:10:59:12 +0800] "GET /xingrg/images/control/ajaxLoader.gif HTTP/1.1" 200 4659
58.40.7.146 - - [16/Feb/2023:10:59:12 +0800] "GET /xingrg/javascript/easyui/themes/icons/cance_new.png HTTP/1.1" 200 3986
58.40.7.146 - - [16/Feb/2023:10:59:12 +0800] "GET /xingrg/javascript/easyui/themes/icons/check_new.png HTTP/1.1" 200 3224
58.40.7.146 - - [16/Feb/2023:10:59:12 +0800] "GET /xingrg/javascript/easyui/themes/icons/edit_add_new.png HTTP/1.1" 200 2997
58.40.7.146 - - [16/Feb/2023:10:59:12 +0800] "GET /xingrg/javascript/easyui/themes/icons/field_new.png HTTP/1.1" 200 1097
58.40.7.146 - - [16/Feb/2023:10:59:12 +0800] "GET /xingrg/javascript/easyui/themes/icons/import_new.png HTTP/1.1" 200 1247
180.163.29.103 - - [16/Feb/2023:10:59:12 +0800] "GET /xingrg/all/function/internal_message.html?_=1676516304958&CODE_STATE=getMsg HTTP/1.1" 302 -
180.163.29.103 - - [16/Feb/2023:10:59:12 +0800] "GET /xingrg/login.html HTTP/1.1" 200 7641
124.78.159.25 - - [16/Feb/2023:10:59:13 +0800] "GET /xingrg/all/function/internal_message.html?_=1676516364942&CODE_STATE=getMsg HTTP/1.1" 200 27
58.40.7.146 - - [16/Feb/2023:10:59:13 +0800] "POST /xingrg/kc/buy/cgsh_list_operate.html HTTP/1.1" 200 986
116.235.93.82 - - [16/Feb/2023:10:59:13 +0800] "GET /xingrg/kc/buy/cgsh_order_add.html HTTP/1.1" 200 69880
116.235.93.82 - - [16/Feb/2023:10:59:13 +0800] "GET /xingrg/words/20230215101832_words.js HTTP/1.1" 304 -
58.40.7.146 - - [16/Feb/2023:10:59:14 +0800] "GET /xingrg/javascript/jquery_tools/images/prev.gif HTTP/1.1" 404 1086
58.40.7.146 - - [16/Feb/2023:10:59:14 +0800] "GET /xingrg/javascript/jquery_tools/images/next.gif HTTP/1.1" 404 1086
116.235.93.82 - - [16/Feb/2023:10:59:14 +0800] "GET /xingrg/all/common/auto_word.html?type=employee&rest_code=00104 HTTP/1.1" 200 245
116.235.93.82 - - [16/Feb/2023:10:59:14 +0800] "GET /xingrg/all/common/auto_word.html?type=employee&rest_code=00104 HTTP/1.1" 200 245
116.235.93.82 - - [16/Feb/2023:10:59:14 +0800] "GET /xingrg/javascript/easyui/themes/default/validatebox.css HTTP/1.1" 404 1104
116.235.93.82 - - [16/Feb/2023:10:59:14 +0800] "POST /xingrg/kc/buy/cgsh_order_operate.html HTTP/1.1" 200 8245
218.81.220.34 - - [16/Feb/2023:10:59:14 +0800] "GET /xingrg/all/function/internal_message.html?_=1676516384195&CODE_STATE=getMsg HTTP/1.1" 200 27
222.70.177.73 - - [16/Feb/2023:10:59:20 +0800] "GET /xingrg/all/function/internal_message.html?_=1676516373096&CODE_STATE=getMsg HTTP/1.1" 200 27
222.70.177.73 - - [16/Feb/2023:10:59:23 +0800] "GET /xingrg/kc/buy/cgsh_order_operate.html?command=get_materiel&rest_code=00111&code=00101008005&supplier_code=00100005&order_time=2023-02-16 HTTP/1.1" 200 412
180.169.147.146 - - [16/Feb/2023:10:59:26 +0800] "GET /xingrg/index.html?sysBaseUrl=http%3A%2F%2F180.169.147.146%3A18081%2Fxingrg%2F&costTime=41×tamp=1676513893765 HTTP/1.1" 200 17503
114.83.218.175 - - [16/Feb/2023:10:59:26 +0800] "GET /xingrg/all/function/internal_message.html?_=1676516380676&CODE_STATE=getMsg HTTP/1.1" 200 27
58.40.7.146 - - [16/Feb/2023:10:59:27 +0800] "GET /xingrg/javascript/auto/indicator.gif HTTP/1.1" 404 1066
180.169.147.146 - - [16/Feb/2023:10:59:30 +0800] "GET /favicon.ico HTTP/1.1" 404 -
180.169.147.146 - - [16/Feb/2023:10:59:30 +0800] "POST /xingrg/all/common/load_tree.html?tree=area_rest_tree_json&manage=1 HTTP/1.1" 200 3499
180.169.147.146 - - [16/Feb/2023:10:59:31 +0800] "GET /xingrg/all/function/internal_message.html?_=1676516385992&CODE_STATE=count HTTP/1.1" 200 11
180.169.147.146 - - [16/Feb/2023:10:59:31 +0800] "GET /xingrg/check_reg.html?_=1676516385993 HTTP/1.1" 200 22
58.40.7.146 - - [16/Feb/2023:10:59:31 +0800] "POST /xingrg/kc/buy/cgsh_list_operate.html HTTP/1.1" 200 3213
180.169.147.146 - - [16/Feb/2023:10:59:31 +0800] "POST /xingrg/load_menu.html HTTP/1.1" 200 11443
218.81.220.34 - - [16/Feb/2023:10:59:32 +0800] "GET /xingrg/kc/base/wldb_order_operate.html?command=get_materiel&rest_code=00146&base_code=0010064&code=00102002006 HTTP/1.1" 200 468
180.169.147.146 - - [16/Feb/2023:10:59:34 +0800] "GET /xingrg/kc/report/report_main.html HTTP/1.1" 200 8599
116.192.124.172 - - [16/Feb/2023:10:59:34 +0800] "GET /xingrg/all/function/internal_message.html?_=1676516388089&CODE_STATE=getMsg HTTP/1.1" 200 27
180.169.147.146 - - [16/Feb/2023:10:59:34 +0800] "GET /xingrg/javascript/jquery_easy_ui/themes/default/images/tabs_close.gif HTTP/1.1" 200 829
116.230.105.139 - - [16/Feb/2023:10:59:34 +0800] "GET /xingrg/all/function/internal_message.html?_=1676516373031&CODE_STATE=getMsg HTTP/1.1" 200 27
180.169.147.146 - - [16/Feb/2023:10:59:34 +0800] "GET /xingrg/javascript/jquery_easy_ui/themes/icons/back_new.png HTTP/1.1" 200 3414
180.169.147.146 - - [16/Feb/2023:10:59:35 +0800] "GET /xingrg/kc/info/info_main.html HTTP/1.1" 200 6010
180.169.147.146 - - [16/Feb/2023:10:59:35 +0800] "GET /xingrg/images/blue/cldwgl.gif HTTP/1.1" 200 2487
180.169.147.146 - - [16/Feb/2023:10:59:35 +0800] "GET /xingrg/images/blue/clxx.gif HTTP/1.1" 200 1916
180.169.147.146 - - [16/Feb/2023:10:59:35 +0800] "GET /xingrg/images/blue/ckxx.gif HTTP/1.1" 200 2041
180.169.147.146 - - [16/Feb/2023:10:59:35 +0800] "GET /xingrg/images/blue/gysxxgl.gif HTTP/1.1" 200 1945
180.169.147.146 - - [16/Feb/2023:10:59:35 +0800] "GET /xingrg/images/blue/gyslbgl.gif HTTP/1.1" 200 1480
180.169.147.146 - - [16/Feb/2023:10:59:35 +0800] "GET /xingrg/images/blue/gyscljg.gif HTTP/1.1" 200 2081
222.70.177.73 - - [16/Feb/2023:10:59:36 +0800] "GET /xingrg/kc/buy/cgsh_order_operate.html?command=get_materiel&rest_code=00111&code=00101008134&supplier_code=00100005&order_time=2023-02-16 HTTP/1.1" 200 412
116.235.93.82 - - [16/Feb/2023:10:59:37 +0800] "GET /xingrg/all/function/internal_message.html?_=1676516636003&CODE_STATE=getMsg HTTP/1.1" 200 27
180.169.147.146 - - [16/Feb/2023:10:59:37 +0800] "GET /xingrg/system/info/materiel_manager.html HTTP/1.1" 200 19497
180.169.147.146 - - [16/Feb/2023:10:59:37 +0800] "GET /xingrg/css/xtree.css HTTP/1.1" 200 880
180.169.147.146 - - [16/Feb/2023:10:59:37 +0800] "GET /xingrg/javascript/jquery_ui/themes/base/base.css HTTP/1.1" 200 28568
180.169.147.146 - - [16/Feb/2023:10:59:37 +0800] "GET /xingrg/dwr/interface/AjaxBaseInfoService.js HTTP/1.1" 200 21363
180.169.147.146 - - [16/Feb/2023:10:59:37 +0800] "GET /xingrg/dwr/interface/AjaxComOrderService.js HTTP/1.1" 200 18264
180.169.147.146 - - [16/Feb/2023:10:59:37 +0800] "GET /xingrg/dwr/engine.js HTTP/1.1" 200 43631
180.169.147.146 - - [16/Feb/2023:10:59:37 +0800] "GET /xingrg/dwr/util.js HTTP/1.1" 304 -
180.169.147.146 - - [16/Feb/2023:10:59:37 +0800] "GET /xingrg/javascript/Grid.js HTTP/1.1" 200 58908
180.169.147.146 - - [16/Feb/2023:10:59:37 +0800] "GET /xingrg/javascript/xtree.js HTTP/1.1" 200 26582
180.169.147.146 - - [16/Feb/2023:10:59:38 +0800] "GET /xingrg/images/xtree/openfoldericon.png HTTP/1.1" 200 232
180.169.147.146 - - [16/Feb/2023:10:59:38 +0800] "GET /xingrg/javascript/jquery_easy_ui/themes/icons/import_new.png HTTP/1.1" 200 1247
180.169.147.146 - - [16/Feb/2023:10:59:38 +0800] "GET /xingrg/javascript/jquery_easy_ui/themes/icons/print_new.png HTTP/1.1" 200 3580
180.169.147.146 - - [16/Feb/2023:10:59:38 +0800] "GET /xingrg/images/blue/wait.gif HTTP/1.1" 200 1100
180.169.147.146 - - [16/Feb/2023:10:59:38 +0800] "POST /xingrg/dwr/call/plaincall/AjaxBaseInfoService.getSubMaterielSorts.dwr HTTP/1.1" 200 219
180.169.147.146 - - [16/Feb/2023:10:59:38 +0800] "GET /xingrg/images/xtree/Lplus.png HTTP/1.1" 200 224
180.169.147.146 - - [16/Feb/2023:10:59:38 +0800] "GET /xingrg/images/xtree/foldericon.png HTTP/1.1" 200 229
180.169.147.146 - - [16/Feb/2023:10:59:38 +0800] "GET /xingrg/images/xtree/Tplus.png HTTP/1.1" 200 222
180.169.147.146 - - [16/Feb/2023:10:59:39 +0800] "POST /xingrg/dwr/call/plaincall/AjaxBaseInfoService.getMateriels.dwr HTTP/1.1" 200 2930
180.169.147.146 - - [16/Feb/2023:10:59:40 +0800] "POST /xingrg/dwr/call/plaincall/AjaxBaseInfoService.getSubMaterielSorts.dwr HTTP/1.1" 200 4044
180.169.147.146 - - [16/Feb/2023:10:59:40 +0800] "GET /xingrg/images/xtree/I.png HTTP/1.1" 200 148
180.169.147.146 - - [16/Feb/2023:10:59:40 +0800] "GET /xingrg/images/xtree/L.png HTTP/1.1" 200 153
180.169.147.146 - - [16/Feb/2023:10:59:40 +0800] "GET /xingrg/images/xtree/file.png HTTP/1.1" 200 251
180.169.147.146 - - [16/Feb/2023:10:59:40 +0800] "GET /xingrg/images/xtree/T.png HTTP/1.1" 200 152
180.169.147.146 - - [16/Feb/2023:10:59:40 +0800] "GET /xingrg/images/xtree/Tminus.png HTTP/1.1" 200 207
180.169.147.146 - - [16/Feb/2023:10:59:40 +0800] "POST /xingrg/dwr/call/plaincall/AjaxBaseInfoService.getMateriels.dwr HTTP/1.1" 200 2928
218.81.220.34 - - [16/Feb/2023:10:59:44 +0800] "GET /xingrg/kc/base/wldb_order_operate.html?command=get_materiel&rest_code=00146&base_code=0010064&code=00102002204 HTTP/1.1" 200 447
180.169.147.146 - - [16/Feb/2023:10:59:44 +0800] "POST /xingrg/dwr/call/plaincall/AjaxBaseInfoService.getMateriels.dwr HTTP/1.1" 200 3232
221.239.170.112 - - [16/Feb/2023:10:59:46 +0800] "GET /xingrg/check_reg.html?_=1676516401000 HTTP/1.1" 200 22
180.169.147.146 - - [16/Feb/2023:10:59:47 +0800] "GET /xingrg/system/info/materiel_info.html?code=00101019&isAdd=1 HTTP/1.1" 200 37235
180.169.147.146 - - [16/Feb/2023:10:59:48 +0800] "GET /xingrg/all/function/internal_message.html?_=1676516396587&CODE_STATE=getMsg HTTP/1.1" 200 27
180.169.147.146 - - [16/Feb/2023:10:59:48 +0800] "GET /xingrg/dwr/interface/AjaxGetFirstChart.js HTTP/1.1" 200 631
180.169.147.146 - - [16/Feb/2023:10:59:48 +0800] "GET /xingrg/dwr/engine.js HTTP/1.1" 200 43631
180.169.147.146 - - [16/Feb/2023:10:59:49 +0800] "GET /xingrg/javascript/checkform.js HTTP/1.1" 200 18351
180.169.147.146 - - [16/Feb/2023:10:59:49 +0800] "GET /favicon.ico HTTP/1.1" 404 -
101.83.145.75 - - [16/Feb/2023:10:59:49 +0800] "GET /xingrg/all/function/internal_message.html?_=1676516404283&CODE_STATE=getMsg HTTP/1.1" 200 27
180.169.147.146 - - [16/Feb/2023:10:59:49 +0800] "POST /xingrg/all/common/load_tree.html?tree=area_rest_tree_json HTTP/1.1" 200 3499
180.169.147.146 - - [16/Feb/2023:10:59:49 +0800] "POST /xingrg/dwr/call/plaincall/AjaxBaseInfoService.getMaterielInfo.dwr HTTP/1.1" 200 210
180.169.147.146 - - [16/Feb/2023:10:59:49 +0800] "POST /xingrg/all/common/load_tree.html?tree=area_rest_tree_json&defaultRests=undefined HTTP/1.1" 200 3499
180.169.147.146 - - [16/Feb/2023:10:59:49 +0800] "GET /xingrg/javascript/jquery_easy_ui/themes/default/images/tree_checkbox_0.gif HTTP/1.1" 200 168
180.169.147.146 - - [16/Feb/2023:10:59:49 +0800] "GET /xingrg/javascript/jquery_easy_ui/themes/icons/area.png HTTP/1.1" 200 262
180.169.147.146 - - [16/Feb/2023:10:59:49 +0800] "GET /xingrg/javascript/jquery_easy_ui/themes/icons/manage.png HTTP/1.1" 200 696
180.169.147.146 - - [16/Feb/2023:10:59:49 +0800] "GET /xingrg/javascript/jquery_easy_ui/themes/icons/rest.png HTTP/1.1" 200 695
116.238.139.35 - - [16/Feb/2023:10:59:49 +0800] "GET /xingrg/all/function/internal_message.html?_=1676516404655&CODE_STATE=getMsg HTTP/1.1" 200 27
222.70.177.73 - - [16/Feb/2023:10:59:50 +0800] "GET /xingrg/kc/buy/cgsh_order_operate.html?command=get_materiel&rest_code=00111&code=00101008257&supplier_code=00100005&order_time=2023-02-16 HTTP/1.1" 200 416
101.229.22.234 - - [16/Feb/2023:10:59:54 +0800] "GET /xingrg/all/function/internal_message.html?_=1676516409225&CODE_STATE=getMsg HTTP/1.1" 200 27
218.81.220.34 - - [16/Feb/2023:10:59:55 +0800] "POST /xingrg/kc/base/wldb_order_operate.html HTTP/1.1" 200 37
218.81.220.34 - - [16/Feb/2023:10:59:55 +0800] "POST /xingrg/kc/base/wldb_order_operate.html HTTP/1.1" 200 2695
180.169.147.146 - - [16/Feb/2023:10:59:57 +0800] "POST /xingrg/dwr/call/plaincall/AjaxGetFirstChart.getFirstChart.dwr HTTP/1.1" 200 82
218.81.220.34 - - [16/Feb/2023:10:59:57 +0800] "GET /xingrg/kc/base/wldb_order_info.html?code=422023021601137 HTTP/1.1" 200 30442
218.81.220.34 - - [16/Feb/2023:10:59:57 +0800] "GET /xingrg/javascript/easyui/themes/default/validatebox.css HTTP/1.1" 404 1104
218.81.220.34 - - [16/Feb/2023:10:59:58 +0800] "POST /xingrg/kc/base/wldb_order_operate.html HTTP/1.1" 200 2695
222.67.238.61 - - [16/Feb/2023:10:59:59 +0800] "GET /xingrg/all/function/internal_message.html?_=1676515978875&CODE_STATE=getMsg HTTP/1.1" 200 27
222.67.238.61 - - [16/Feb/2023:10:59:59 +0800] "GET /xingrg/check_reg.html?_=1676515978876 HTTP/1.1" 200 22
218.81.220.34 - - [16/Feb/2023:11:00:02 +0800] "GET /xingrg/kc/base/wldb_order_add.html HTTP/1.1" 200 30428
222.70.177.73 - - [16/Feb/2023:11:00:02 +0800] "GET /xingrg/kc/buy/cgsh_order_operate.html?command=get_materiel&rest_code=00111&code=00101008244&supplier_code=00100005&order_time=2023-02-16 HTTP/1.1" 200 408
218.81.220.34 - - [16/Feb/2023:11:00:02 +0800] "POST /xingrg/kc/base/wldb_order_operate.html HTTP/1.1" 200 6806
218.81.220.34 - - [16/Feb/2023:11:00:02 +0800] "GET /xingrg/javascript/easyui/themes/default/validatebox.css HTTP/1.1" 404 1104
58.40.7.146 - - [16/Feb/2023:11:00:06 +0800] "GET /xingrg/all/function/internal_message.html?_=1676516420828&CODE_STATE=getMsg HTTP/1.1" 200 27
120.253.135.82 - - [16/Feb/2023:11:00:06 +0800] "GET /xingrg/all/function/internal_message.html?_=1676516546737&CODE_STATE=getMsg HTTP/1.1" 200 27
180.169.147.146 - - [16/Feb/2023:11:00:06 +0800] "POST /xingrg/dwr/call/plaincall/AjaxBaseInfoService.changeUnitGroup.dwr HTTP/1.1" 200 243
222.70.177.73 - - [16/Feb/2023:11:00:07 +0800] "POST /xingrg/kc/buy/cgsh_order_operate.html HTTP/1.1" 200 2065
221.239.170.112 - - [16/Feb/2023:11:00:07 +0800] "GET /xingrg/all/function/internal_message.html?_=1676516422561&CODE_STATE=getMsg HTTP/1.1" 200 27
180.169.147.146 - - [16/Feb/2023:11:00:07 +0800] "POST /xingrg/dwr/call/plaincall/AjaxBaseInfoService.saveMateriel.dwr HTTP/1.1" 200 109
180.169.147.146 - - [16/Feb/2023:11:00:07 +0800] "POST /xingrg/dwr/call/plaincall/AjaxBaseInfoService.getMateriels.dwr HTTP/1.1" 200 3232
120.253.135.82 - - [16/Feb/2023:11:00:10 +0800] "GET /xingrg/all/function/internal_message.html?_=1676516246945&CODE_STATE=getMsg HTTP/1.1" 200 27
222.70.177.73 - - [16/Feb/2023:11:00:12 +0800] "GET /xingrg/kc/buy/cgsh_order_operate.html?command=get_materiel&rest_code=00111&code=00101008354&supplier_code=00100005&order_time=2023-02-16 HTTP/1.1" 200 412
124.78.159.25 - - [16/Feb/2023:11:00:13 +0800] "GET /xingrg/all/function/internal_message.html?_=1676516424929&CODE_STATE=getMsg HTTP/1.1" 200 27
218.81.220.34 - - [16/Feb/2023:11:00:14 +0800] "GET /xingrg/all/function/internal_message.html?_=1676516444208&CODE_STATE=getMsg HTTP/1.1" 200 27
222.70.177.73 - - [16/Feb/2023:11:00:20 +0800] "GET /xingrg/all/function/internal_message.html?_=1676516433140&CODE_STATE=getMsg HTTP/1.1" 200 27
222.70.177.73 - - [16/Feb/2023:11:00:20 +0800] "GET /xingrg/check_reg.html?_=1676516433405 HTTP/1.1" 200 22
180.163.220.5 - - [16/Feb/2023:11:00:25 +0800] "GET /xingrg/system/info/materiel_info.html HTTP/1.1" 302 -
180.163.220.5 - - [16/Feb/2023:11:00:25 +0800] "GET /xingrg/login.html HTTP/1.1" 200 2139
180.163.220.5 - - [16/Feb/2023:11:00:25 +0800] "GET /xingrg/system/info/materiel_info.html HTTP/1.1" 302 -
180.163.220.5 - - [16/Feb/2023:11:00:25 +0800] "GET /xingrg/login.html HTTP/1.1" 200 2139
180.163.220.3 - - [16/Feb/2023:11:00:25 +0800] "GET /xingrg/javascript/mobile/jquery.mobile-1.3.2.min.css HTTP/1.1" 200 94670
180.163.220.67 - - [16/Feb/2023:11:00:25 +0800] "GET /xingrg/javascript/mobile/jquery-1.8.3.min.js HTTP/1.1" 200 93637
180.163.220.4 - - [16/Feb/2023:11:00:25 +0800] "GET /xingrg/javascript/mobile/jquery.mobile-1.3.2.min.js HTTP/1.1" 200 145396
180.163.220.5 - - [16/Feb/2023:11:00:25 +0800] "GET /xingrg/javascript/mobile/jquery.mobile-1.3.2.min.css HTTP/1.1" 200 94670
180.163.220.66 - - [16/Feb/2023:11:00:25 +0800] "GET /xingrg/javascript/mobile/jquery-1.8.3.min.js HTTP/1.1" 200 93637
180.163.220.4 - - [16/Feb/2023:11:00:25 +0800] "GET /xingrg/javascript/mobile/jquery.mobile-1.3.2.min.js HTTP/1.1" 200 145396
222.70.177.73 - - [16/Feb/2023:11:00:25 +0800] "GET /xingrg/kc/buy/cgsh_order_operate.html?command=get_materiel&rest_code=00111&code=00101008051&supplier_code=00100005&order_time=2023-02-16 HTTP/1.1" 200 409
180.163.220.4 - - [16/Feb/2023:11:00:25 +0800] "GET /xingrg/javascript/mobile/images/ajax-loader.gif HTTP/1.1" 200 7825
114.83.218.175 - - [16/Feb/2023:11:00:26 +0800] "GET /xingrg/all/function/internal_message.html?_=1676516440678&CODE_STATE=getMsg HTTP/1.1" 200 27
180.169.147.146 - - [16/Feb/2023:11:00:31 +0800] "GET /xingrg/all/function/internal_message.html?_=1676516446000&CODE_STATE=getMsg HTTP/1.1" 200 27
116.192.124.172 - - [16/Feb/2023:11:00:34 +0800] "GET /xingrg/all/function/internal_message.html?_=1676516448083&CODE_STATE=getMsg HTTP/1.1" 200 27
116.230.105.139 - - [16/Feb/2023:11:00:34 +0800] "GET /xingrg/all/function/internal_message.html?_=1676516433018&CODE_STATE=getMsg HTTP/1.1" 200 27
116.230.105.139 - - [16/Feb/2023:11:00:34 +0800] "GET /xingrg/check_reg.html?_=1676516433019 HTTP/1.1" 200 22
116.192.124.172 - - [16/Feb/2023:11:00:34 +0800] "GET /xingrg/check_reg.html?_=1676516448317 HTTP/1.1" 200 22
116.235.93.82 - - [16/Feb/2023:11:00:37 +0800] "GET /xingrg/all/function/internal_message.html?_=1676516696000&CODE_STATE=getMsg HTTP/1.1" 200 27
58.40.7.146 - - [16/Feb/2023:11:00:38 +0800] "GET /xingrg/javascript/easyui/themes/default/images/button_plain_hover.png HTTP/1.1" 200 144
218.81.220.34 - - [16/Feb/2023:11:00:39 +0800] "GET /xingrg/kc/base/wldb_order_operate.html?command=get_materiel&rest_code=00146&base_code=0010063&code=00101013052 HTTP/1.1" 200 440
