116.235.93.82 - - [16/Feb/2023:11:59:10 +0800] "POST /xingrg/kc/buy/cgsh_order_operate.html HTTP/1.1" 200 8245
116.235.93.82 - - [16/Feb/2023:11:59:10 +0800] "GET /xingrg/javascript/easyui/themes/default/validatebox.css HTTP/1.1" 404 1104
180.163.28.114 - - [16/Feb/2023:11:59:11 +0800] "GET /xingrg/all/function/internal_message.html?_=1676519903654&CODE_STATE=getMsg HTTP/1.1" 302 -
180.163.28.114 - - [16/Feb/2023:11:59:11 +0800] "GET /xingrg/login.html HTTP/1.1" 200 7641
120.253.135.82 - - [16/Feb/2023:11:59:11 +0800] "GET /xingrg/all/function/internal_message.html?_=1676519788282&CODE_STATE=getMsg HTTP/1.1" 200 27
124.78.159.25 - - [16/Feb/2023:11:59:11 +0800] "GET /xingrg/all/function/internal_message.html?_=1676519963637&CODE_STATE=getMsg HTTP/1.1" 200 27
218.81.220.34 - - [16/Feb/2023:11:59:13 +0800] "GET /xingrg/all/function/internal_message.html?_=1676519983107&CODE_STATE=getMsg HTTP/1.1" 200 27
222.70.177.73 - - [16/Feb/2023:11:59:19 +0800] "GET /xingrg/all/function/internal_message.html?_=1676519972084&CODE_STATE=getMsg HTTP/1.1" 200 27
101.83.145.75 - - [16/Feb/2023:11:59:21 +0800] "GET /xingrg/all/function/internal_message.html?_=1676519976411&CODE_STATE=getMsg HTTP/1.1" 200 27
124.79.72.155 - - [16/Feb/2023:11:59:22 +0800] "GET /xingrg/kc/base/wldb_order_operate.html?command=get_materiel&rest_code=00156&base_code=0010780&code=00102002616 HTTP/1.1" 200 457
180.165.52.237 - - [16/Feb/2023:11:59:23 +0800] "GET /xingrg/all/function/internal_message.html?_=1676519978561&CODE_STATE=getMsg HTTP/1.1" 200 27
116.238.139.35 - - [16/Feb/2023:11:59:25 +0800] "POST /xingrg/kc/buy/cgsh_order_operate.html HTTP/1.1" 200 37
124.79.72.155 - - [16/Feb/2023:11:59:26 +0800] "GET /xingrg/kc/base/wldb_order_operate.html?command=get_materiel&rest_code=00156&base_code=0010780&code=00102021018 HTTP/1.1" 200 445
116.235.93.82 - - [16/Feb/2023:11:59:26 +0800] "GET /xingrg/all/function/internal_message.html?_=1676519978696&CODE_STATE=getMsg HTTP/1.1" 200 27
114.83.218.175 - - [16/Feb/2023:11:59:26 +0800] "GET /xingrg/all/function/internal_message.html?_=1676519980904&CODE_STATE=getMsg HTTP/1.1" 200 27
116.238.139.35 - - [16/Feb/2023:11:59:27 +0800] "POST /xingrg/kc/buy/cgsh_order_operate.html HTTP/1.1" 200 2665
124.79.72.155 - - [16/Feb/2023:11:59:30 +0800] "GET /xingrg/kc/base/wldb_order_operate.html?command=get_materiel&rest_code=00156&base_code=0010780&code=00102002558 HTTP/1.1" 200 446
180.169.147.146 - - [16/Feb/2023:11:59:31 +0800] "GET /xingrg/check_reg.html?_=1676519986079 HTTP/1.1" 200 22
180.169.147.146 - - [16/Feb/2023:11:59:31 +0800] "GET /xingrg/all/function/internal_message.html?_=1676519986082&CODE_STATE=getMsg HTTP/1.1" 200 27
116.238.139.35 - - [16/Feb/2023:11:59:32 +0800] "POST /xingrg/kc/buy/cgsh_order_operate.html HTTP/1.1" 200 37
116.192.124.172 - - [16/Feb/2023:11:59:33 +0800] "GET /xingrg/all/function/internal_message.html?_=1676519987068&CODE_STATE=getMsg HTTP/1.1" 200 27
124.79.72.155 - - [16/Feb/2023:11:59:33 +0800] "GET /xingrg/kc/base/wldb_order_operate.html?command=get_materiel&rest_code=00156&base_code=0010780&code=00102002058 HTTP/1.1" 200 432
116.230.105.139 - - [16/Feb/2023:11:59:34 +0800] "GET /xingrg/all/function/internal_message.html?_=1676519973022&CODE_STATE=getMsg HTTP/1.1" 200 27
116.238.139.35 - - [16/Feb/2023:11:59:36 +0800] "POST /xingrg/kc/buy/cgsh_order_operate.html HTTP/1.1" 200 12
116.235.93.82 - - [16/Feb/2023:11:59:37 +0800] "GET /xingrg/all/function/internal_message.html?_=1676520236099&CODE_STATE=getMsg HTTP/1.1" 200 27
116.238.139.35 - - [16/Feb/2023:11:59:37 +0800] "GET /xingrg/kc/buy/cgsh_order_info.html?code=212023021605199 HTTP/1.1" 200 64741
116.238.139.35 - - [16/Feb/2023:11:59:37 +0800] "GET /xingrg/javascript/easyui/themes/default/validatebox.css HTTP/1.1" 404 1104
116.238.139.35 - - [16/Feb/2023:11:59:38 +0800] "POST /xingrg/kc/buy/cgsh_order_operate.html HTTP/1.1" 200 615
116.238.139.35 - - [16/Feb/2023:11:59:39 +0800] "GET /xingrg/kc/print/load_data.html?order_code=212023021605199&kc_code=cgsh&condition= HTTP/1.1" 200 751
221.239.170.112 - - [16/Feb/2023:11:59:46 +0800] "GET /xingrg/check_reg.html?_=1676520000806 HTTP/1.1" 200 22
124.78.159.25 - - [16/Feb/2023:11:59:46 +0800] "GET /xingrg/all/function/internal_message.html?_=1676520001561&CODE_STATE=getMsg HTTP/1.1" 200 27
114.83.218.175 - - [16/Feb/2023:11:59:47 +0800] "GET /xingrg/check_reg.html?_=1676520002280 HTTP/1.1" 200 22
114.83.218.175 - - [16/Feb/2023:11:59:47 +0800] "GET /xingrg/all/function/internal_message.html?_=1676520002283&CODE_STATE=getMsg HTTP/1.1" 200 27
180.169.147.146 - - [16/Feb/2023:11:59:48 +0800] "GET /xingrg/all/function/internal_message.html?_=1676519996648&CODE_STATE=getMsg HTTP/1.1" 200 27
124.79.72.155 - - [16/Feb/2023:11:59:49 +0800] "GET /xingrg/kc/base/wldb_order_operate.html?command=get_materiel&rest_code=00156&base_code=0010780&code=00102002457 HTTP/1.1" 200 452
180.162.114.226 - - [16/Feb/2023:11:59:54 +0800] "GET /xingrg/all/function/internal_message.html?_=1676518949137&CODE_STATE=getMsg HTTP/1.1" 200 27
101.229.22.234 - - [16/Feb/2023:11:59:54 +0800] "GET /xingrg/all/function/internal_message.html?_=1676520009275&CODE_STATE=getMsg HTTP/1.1" 200 27
222.70.177.73 - - [16/Feb/2023:11:59:56 +0800] "POST /xingrg/dwr/call/plaincall/AjaxReportQueryService.refreshCache.dwr HTTP/1.1" 200 78
222.70.177.73 - - [16/Feb/2023:11:59:57 +0800] "POST /xingrg/all/report/load_report_page.html HTTP/1.1" 200 8928
222.70.177.73 - - [16/Feb/2023:11:59:57 +0800] "GET /xingrg/servlets/image?cache=0.197470286818769&image=px HTTP/1.1" 200 807
222.67.238.61 - - [16/Feb/2023:11:59:59 +0800] "GET /xingrg/all/function/internal_message.html?_=1676519579039&CODE_STATE=getMsg HTTP/1.1" 200 27
222.67.238.61 - - [16/Feb/2023:11:59:59 +0800] "GET /xingrg/check_reg.html?_=1676519579040 HTTP/1.1" 200 22
124.78.159.25 - - [16/Feb/2023:12:00:02 +0800] "POST /xingrg/services/DataTransmitService HTTP/1.1" 200 524
124.78.159.25 - - [16/Feb/2023:12:00:03 +0800] "POST /xingrg/services/DataTransmitService HTTP/1.1" 200 412
124.79.72.155 - - [16/Feb/2023:12:00:06 +0800] "GET /xingrg/all/function/internal_message.html?_=1676520023457&CODE_STATE=getMsg HTTP/1.1" 200 27
58.40.7.146 - - [16/Feb/2023:12:00:06 +0800] "GET /xingrg/all/function/internal_message.html?_=1676520020786&CODE_STATE=getMsg HTTP/1.1" 200 27
221.239.170.112 - - [16/Feb/2023:12:00:06 +0800] "GET /xingrg/all/function/internal_message.html?_=1676520021524&CODE_STATE=getMsg HTTP/1.1" 200 27
120.253.135.82 - - [16/Feb/2023:12:00:06 +0800] "GET /xingrg/all/function/internal_message.html?_=1676520147000&CODE_STATE=getMsg HTTP/1.1" 200 27
124.79.72.155 - - [16/Feb/2023:12:00:10 +0800] "POST /xingrg/kc/base/wldb_order_operate.html HTTP/1.1" 200 37
124.79.72.155 - - [16/Feb/2023:12:00:11 +0800] "POST /xingrg/kc/base/wldb_order_operate.html HTTP/1.1" 200 4126
124.79.72.155 - - [16/Feb/2023:12:00:11 +0800] "GET /xingrg/kc/base/wldb_order_info.html?code=422023021601173 HTTP/1.1" 200 30436
124.79.72.155 - - [16/Feb/2023:12:00:11 +0800] "GET /xingrg/all/common/auto_word.html?type=base&rest_code=00156 HTTP/1.1" 200 1903
124.79.72.155 - - [16/Feb/2023:12:00:11 +0800] "GET /xingrg/javascript/easyui/themes/default/validatebox.css HTTP/1.1" 404 1104
124.79.72.155 - - [16/Feb/2023:12:00:11 +0800] "GET /xingrg/all/common/auto_word.html?type=base&rest_code=00156 HTTP/1.1" 200 1903
116.235.93.82 - - [16/Feb/2023:12:00:11 +0800] "GET /xingrg/kc/buy/cgsh_order_operate.html?command=get_materiel&rest_code=00104&code=00101008690&supplier_code=00100547&order_time=2023-02-15 HTTP/1.1" 200 412
124.79.72.155 - - [16/Feb/2023:12:00:11 +0800] "POST /xingrg/kc/base/wldb_order_operate.html HTTP/1.1" 200 4126
124.78.159.25 - - [16/Feb/2023:12:00:11 +0800] "GET /xingrg/all/function/internal_message.html?_=1676520023609&CODE_STATE=getMsg HTTP/1.1" 200 27
120.253.135.82 - - [16/Feb/2023:12:00:11 +0800] "GET /xingrg/all/function/internal_message.html?_=1676519848291&CODE_STATE=getMsg HTTP/1.1" 200 27
124.79.72.155 - - [16/Feb/2023:12:00:12 +0800] "GET /xingrg/kc/base/wldb_order_add.html HTTP/1.1" 200 30424
124.79.72.155 - - [16/Feb/2023:12:00:12 +0800] "POST /xingrg/kc/base/wldb_order_operate.html HTTP/1.1" 200 6806
124.79.72.155 - - [16/Feb/2023:12:00:13 +0800] "GET /xingrg/all/common/auto_word.html?type=base&rest_code=00156 HTTP/1.1" 200 1903
124.79.72.155 - - [16/Feb/2023:12:00:13 +0800] "GET /xingrg/all/common/auto_word.html?type=base&rest_code=00156 HTTP/1.1" 200 1903
124.79.72.155 - - [16/Feb/2023:12:00:13 +0800] "GET /xingrg/javascript/easyui/themes/default/validatebox.css HTTP/1.1" 404 1104
218.81.220.34 - - [16/Feb/2023:12:00:13 +0800] "GET /xingrg/all/function/internal_message.html?_=1676520043151&CODE_STATE=getMsg HTTP/1.1" 200 27
124.79.72.155 - - [16/Feb/2023:12:00:18 +0800] "GET /xingrg/kc/base/wldb_order_operate.html?command=get_materiel&rest_code=00156&base_code=0010780&code=00102002556 HTTP/1.1" 200 443
116.238.139.35 - - [16/Feb/2023:12:00:19 +0800] "GET /xingrg/all/function/internal_message.html?_=1676520033900&CODE_STATE=getMsg HTTP/1.1" 200 27
222.70.177.73 - - [16/Feb/2023:12:00:19 +0800] "GET /xingrg/all/function/internal_message.html?_=1676520032067&CODE_STATE=getMsg HTTP/1.1" 200 27
222.70.177.73 - - [16/Feb/2023:12:00:20 +0800] "GET /xingrg/check_reg.html?_=1676520033427 HTTP/1.1" 200 22
101.83.145.75 - - [16/Feb/2023:12:00:21 +0800] "GET /xingrg/all/function/internal_message.html?_=1676520036411&CODE_STATE=getMsg HTTP/1.1" 200 27
180.165.52.237 - - [16/Feb/2023:12:00:23 +0800] "GET /xingrg/all/function/internal_message.html?_=1676520038562&CODE_STATE=getMsg HTTP/1.1" 200 27
180.165.52.237 - - [16/Feb/2023:12:00:23 +0800] "GET /xingrg/check_reg.html?_=1676520038566 HTTP/1.1" 200 22
124.79.72.155 - - [16/Feb/2023:12:00:24 +0800] "POST /xingrg/kc/base/wldb_order_operate.html HTTP/1.1" 200 37
124.79.72.155 - - [16/Feb/2023:12:00:25 +0800] "POST /xingrg/kc/base/wldb_order_operate.html HTTP/1.1" 200 2192
124.79.72.155 - - [16/Feb/2023:12:00:25 +0800] "GET /xingrg/kc/base/wldb_order_info.html?code=422023021601174 HTTP/1.1" 200 30437
124.79.72.155 - - [16/Feb/2023:12:00:25 +0800] "GET /xingrg/all/common/auto_word.html?type=base&rest_code=00156 HTTP/1.1" 200 1903
124.79.72.155 - - [16/Feb/2023:12:00:25 +0800] "GET /xingrg/javascript/easyui/themes/default/validatebox.css HTTP/1.1" 404 1104
124.79.72.155 - - [16/Feb/2023:12:00:25 +0800] "GET /xingrg/all/common/auto_word.html?type=base&rest_code=00156 HTTP/1.1" 200 1903
124.79.72.155 - - [16/Feb/2023:12:00:25 +0800] "POST /xingrg/kc/base/wldb_order_operate.html HTTP/1.1" 200 2192
116.235.93.82 - - [16/Feb/2023:12:00:26 +0800] "GET /xingrg/all/function/internal_message.html?_=1676520038702&CODE_STATE=getMsg HTTP/1.1" 200 27
114.83.218.175 - - [16/Feb/2023:12:00:26 +0800] "GET /xingrg/all/function/internal_message.html?_=1676520040890&CODE_STATE=getMsg HTTP/1.1" 200 27
124.79.72.155 - - [16/Feb/2023:12:00:26 +0800] "GET /xingrg/kc/base/wldb_order_add.html HTTP/1.1" 200 30424
124.79.72.155 - - [16/Feb/2023:12:00:27 +0800] "POST /xingrg/kc/base/wldb_order_operate.html HTTP/1.1" 200 6806
124.79.72.155 - - [16/Feb/2023:12:00:27 +0800] "GET /xingrg/all/common/auto_word.html?type=base&rest_code=00156 HTTP/1.1" 200 1903
124.79.72.155 - - [16/Feb/2023:12:00:27 +0800] "GET /xingrg/all/common/auto_word.html?type=base&rest_code=00156 HTTP/1.1" 200 1903
124.79.72.155 - - [16/Feb/2023:12:00:27 +0800] "GET /xingrg/javascript/easyui/themes/default/validatebox.css HTTP/1.1" 404 1104
180.169.147.146 - - [16/Feb/2023:12:00:31 +0800] "GET /xingrg/all/function/internal_message.html?_=1676520046082&CODE_STATE=getMsg HTTP/1.1" 200 27
124.79.72.155 - - [16/Feb/2023:12:00:31 +0800] "GET /xingrg/kc/base/wldb_order_operate.html?command=get_materiel&rest_code=00156&base_code=0010780&code=00102002238 HTTP/1.1" 200 433
116.192.124.172 - - [16/Feb/2023:12:00:33 +0800] "GET /xingrg/all/function/internal_message.html?_=1676520047040&CODE_STATE=getMsg HTTP/1.1" 200 27
116.192.124.172 - - [16/Feb/2023:12:00:34 +0800] "GET /xingrg/check_reg.html?_=1676520048123 HTTP/1.1" 200 22
116.230.105.139 - - [16/Feb/2023:12:00:34 +0800] "GET /xingrg/all/function/internal_message.html?_=1676520033022&CODE_STATE=getMsg HTTP/1.1" 200 27
116.230.105.139 - - [16/Feb/2023:12:00:34 +0800] "GET /xingrg/check_reg.html?_=1676520033023 HTTP/1.1" 200 22
124.79.72.155 - - [16/Feb/2023:12:00:35 +0800] "GET /xingrg/kc/base/wldb_order_operate.html?command=get_materiel&rest_code=00156&base_code=0010780&code=00102002321 HTTP/1.1" 200 447
116.235.93.82 - - [16/Feb/2023:12:00:37 +0800] "GET /xingrg/all/function/internal_message.html?_=1676520296103&CODE_STATE=getMsg HTTP/1.1" 200 27
124.79.72.155 - - [16/Feb/2023:12:00:40 +0800] "POST /xingrg/kc/base/wldb_order_operate.html HTTP/1.1" 200 37
124.79.72.155 - - [16/Feb/2023:12:00:41 +0800] "POST /xingrg/kc/base/wldb_order_operate.html HTTP/1.1" 200 2666
124.79.72.155 - - [16/Feb/2023:12:00:41 +0800] "GET /xingrg/kc/base/wldb_order_info.html?code=422023021601175 HTTP/1.1" 200 30440
124.79.72.155 - - [16/Feb/2023:12:00:41 +0800] "GET /xingrg/all/common/auto_word.html?type=base&rest_code=00156 HTTP/1.1" 200 1903
124.79.72.155 - - [16/Feb/2023:12:00:41 +0800] "GET /xingrg/javascript/easyui/themes/default/validatebox.css HTTP/1.1" 404 1104
124.79.72.155 - - [16/Feb/2023:12:00:41 +0800] "GET /xingrg/all/common/auto_word.html?type=base&rest_code=00156 HTTP/1.1" 200 1903
124.79.72.155 - - [16/Feb/2023:12:00:41 +0800] "POST /xingrg/kc/base/wldb_order_operate.html HTTP/1.1" 200 2666
124.78.159.25 - - [16/Feb/2023:12:00:46 +0800] "GET /xingrg/all/function/internal_message.html?_=1676520061563&CODE_STATE=getMsg HTTP/1.1" 200 27
114.83.218.175 - - [16/Feb/2023:12:00:47 +0800] "GET /xingrg/all/function/internal_message.html?_=1676520062279&CODE_STATE=getMsg HTTP/1.1" 200 27
180.162.114.226 - - [16/Feb/2023:12:00:54 +0800] "GET /xingrg/all/function/internal_message.html?_=1676519009123&CODE_STATE=getMsg HTTP/1.1" 200 27
101.229.22.234 - - [16/Feb/2023:12:00:54 +0800] "GET /xingrg/all/function/internal_message.html?_=1676520069272&CODE_STATE=getMsg HTTP/1.1" 200 27
222.67.238.61 - - [16/Feb/2023:12:00:59 +0800] "GET /xingrg/all/function/internal_message.html?_=1676519639039&CODE_STATE=getMsg HTTP/1.1" 200 27
124.79.72.155 - - [16/Feb/2023:12:01:06 +0800] "GET /xingrg/check_reg.html?_=1676520083462 HTTP/1.1" 200 22
124.79.72.155 - - [16/Feb/2023:12:01:06 +0800] "GET /xingrg/all/function/internal_message.html?_=1676520083460&CODE_STATE=getMsg HTTP/1.1" 200 27
58.40.7.146 - - [16/Feb/2023:12:01:06 +0800] "GET /xingrg/all/function/internal_message.html?_=1676520080792&CODE_STATE=getMsg HTTP/1.1" 200 27
221.239.170.112 - - [16/Feb/2023:12:01:06 +0800] "GET /xingrg/all/function/internal_message.html?_=1676520081508&CODE_STATE=getMsg HTTP/1.1" 200 27
120.253.135.82 - - [16/Feb/2023:12:01:06 +0800] "GET /xingrg/all/function/internal_message.html?_=1676520207004&CODE_STATE=getMsg HTTP/1.1" 200 27
222.70.177.73 - - [16/Feb/2023:12:01:08 +0800] "POST /xingrg/dwr/call/plaincall/AjaxReportQueryService.refreshCache.dwr HTTP/1.1" 200 78
222.70.177.73 - - [16/Feb/2023:12:01:09 +0800] "POST /xingrg/all/report/load_report_page.html HTTP/1.1" 200 8948
222.70.177.73 - - [16/Feb/2023:12:01:09 +0800] "GET /xingrg/servlets/image?cache=0.2727374768290596&image=px HTTP/1.1" 200 807
180.163.29.79 - - [16/Feb/2023:12:01:11 +0800] "GET /xingrg/all/function/internal_message.html?_=1676520023609&CODE_STATE=getMsg HTTP/1.1" 302 -
124.78.159.25 - - [16/Feb/2023:12:01:11 +0800] "GET /xingrg/all/function/internal_message.html?_=1676520083596&CODE_STATE=getMsg HTTP/1.1" 200 27
120.253.135.82 - - [16/Feb/2023:12:01:11 +0800] "GET /xingrg/all/function/internal_message.html?_=1676519908324&CODE_STATE=getMsg HTTP/1.1" 200 27
180.163.29.79 - - [16/Feb/2023:12:01:12 +0800] "GET /xingrg/login.html HTTP/1.1" 200 7641
218.81.220.34 - - [16/Feb/2023:12:01:13 +0800] "GET /xingrg/all/function/internal_message.html?_=1676520103165&CODE_STATE=getMsg HTTP/1.1" 200 27
116.238.139.35 - - [16/Feb/2023:12:01:18 +0800] "GET /xingrg/all/function/internal_message.html?_=1676520093874&CODE_STATE=getMsg HTTP/1.1" 200 27
222.70.177.73 - - [16/Feb/2023:12:01:19 +0800] "GET /xingrg/all/function/internal_message.html?_=1676520092044&CODE_STATE=getMsg HTTP/1.1" 200 27
101.83.145.75 - - [16/Feb/2023:12:01:21 +0800] "GET /xingrg/check_reg.html?_=1676520096413 HTTP/1.1" 200 22
101.83.145.75 - - [16/Feb/2023:12:01:21 +0800] "GET /xingrg/all/function/internal_message.html?_=1676520096416&CODE_STATE=getMsg HTTP/1.1" 200 27
180.165.52.237 - - [16/Feb/2023:12:01:23 +0800] "GET /xingrg/all/function/internal_message.html?_=1676520098565&CODE_STATE=getMsg HTTP/1.1" 200 27
116.235.93.82 - - [16/Feb/2023:12:01:26 +0800] "GET /xingrg/all/function/internal_message.html?_=1676520098693&CODE_STATE=getMsg HTTP/1.1" 200 27
116.235.93.82 - - [16/Feb/2023:12:01:26 +0800] "GET /xingrg/check_reg.html?_=1676520098698 HTTP/1.1" 200 22
114.83.218.175 - - [16/Feb/2023:12:01:26 +0800] "GET /xingrg/all/function/internal_message.html?_=1676520100904&CODE_STATE=getMsg HTTP/1.1" 200 27
180.169.147.146 - - [16/Feb/2023:12:01:31 +0800] "GET /xingrg/all/function/internal_message.html?_=1676520106084&CODE_STATE=getMsg HTTP/1.1" 200 27
116.192.124.172 - - [16/Feb/2023:12:01:33 +0800] "GET /xingrg/all/function/internal_message.html?_=1676520107019&CODE_STATE=getMsg HTTP/1.1" 200 27
116.230.105.139 - - [16/Feb/2023:12:01:34 +0800] "GET /xingrg/all/function/internal_message.html?_=1676520093036&CODE_STATE=getMsg HTTP/1.1" 200 27
116.235.93.82 - - [16/Feb/2023:12:01:37 +0800] "GET /xingrg/check_reg.html?_=1676520356096 HTTP/1.1" 200 22
116.235.93.82 - - [16/Feb/2023:12:01:37 +0800] "GET /xingrg/all/function/internal_message.html?_=1676520356097&CODE_STATE=getMsg HTTP/1.1" 200 27
124.78.159.25 - - [16/Feb/2023:12:01:46 +0800] "GET /xingrg/all/function/internal_message.html?_=1676520121565&CODE_STATE=getMsg HTTP/1.1" 200 27
124.78.159.25 - - [16/Feb/2023:12:01:46 +0800] "GET /xingrg/check_reg.html?_=1676520121571 HTTP/1.1" 200 22
114.83.218.175 - - [16/Feb/2023:12:01:47 +0800] "GET /xingrg/all/function/internal_message.html?_=1676520122292&CODE_STATE=getMsg HTTP/1.1" 200 27
180.162.114.226 - - [16/Feb/2023:12:01:54 +0800] "GET /xingrg/check_reg.html?_=1676519068670 HTTP/1.1" 200 22
180.162.114.226 - - [16/Feb/2023:12:01:54 +0800] "GET /xingrg/all/function/internal_message.html?_=1676519069094&CODE_STATE=getMsg HTTP/1.1" 200 27
101.229.22.234 - - [16/Feb/2023:12:01:54 +0800] "GET /xingrg/all/function/internal_message.html?_=1676520129272&CODE_STATE=getMsg HTTP/1.1" 200 27
222.67.238.61 - - [16/Feb/2023:12:01:59 +0800] "GET /xingrg/all/function/internal_message.html?_=1676519699038&CODE_STATE=getMsg HTTP/1.1" 200 27
124.79.72.155 - - [16/Feb/2023:12:02:06 +0800] "GET /xingrg/all/function/internal_message.html?_=1676520143462&CODE_STATE=getMsg HTTP/1.1" 200 27
58.40.7.146 - - [16/Feb/2023:12:02:06 +0800] "GET /xingrg/all/function/internal_message.html?_=1676520140820&CODE_STATE=getMsg HTTP/1.1" 200 27
221.239.170.112 - - [16/Feb/2023:12:02:06 +0800] "GET /xingrg/all/function/internal_message.html?_=1676520141502&CODE_STATE=getMsg HTTP/1.1" 200 27
120.253.135.82 - - [16/Feb/2023:12:02:06 +0800] "GET /xingrg/all/function/internal_message.html?_=1676520267008&CODE_STATE=getMsg HTTP/1.1" 200 27
120.253.135.82 - - [16/Feb/2023:12:02:07 +0800] "GET /xingrg/check_reg.html?_=1676519963594 HTTP/1.1" 200 22
124.78.159.25 - - [16/Feb/2023:12:02:11 +0800] "GET /xingrg/all/function/internal_message.html?_=1676520143568&CODE_STATE=getMsg HTTP/1.1" 200 27
120.253.135.82 - - [16/Feb/2023:12:02:11 +0800] "GET /xingrg/all/function/internal_message.html?_=1676519968335&CODE_STATE=getMsg HTTP/1.1" 200 27
218.81.220.34 - - [16/Feb/2023:12:02:13 +0800] "GET /xingrg/check_reg.html?_=1676520162811 HTTP/1.1" 200 22
218.81.220.34 - - [16/Feb/2023:12:02:13 +0800] "GET /xingrg/all/function/internal_message.html?_=1676520163210&CODE_STATE=getMsg HTTP/1.1" 200 27
222.70.177.73 - - [16/Feb/2023:12:02:17 +0800] "POST /xingrg/dwr/call/plaincall/AjaxReportQueryService.refreshCache.dwr HTTP/1.1" 200 78
222.70.177.73 - - [16/Feb/2023:12:02:18 +0800] "POST /xingrg/all/report/load_report_page.html HTTP/1.1" 200 8944
222.70.177.73 - - [16/Feb/2023:12:02:18 +0800] "GET /xingrg/servlets/image?cache=0.7439551907253611&image=px HTTP/1.1" 200 807
116.238.139.35 - - [16/Feb/2023:12:02:18 +0800] "GET /xingrg/all/function/internal_message.html?_=1676520153843&CODE_STATE=getMsg HTTP/1.1" 200 27
116.238.139.35 - - [16/Feb/2023:12:02:19 +0800] "GET /xingrg/check_reg.html?_=1676520153908 HTTP/1.1" 200 22
222.70.177.73 - - [16/Feb/2023:12:02:19 +0800] "GET /xingrg/all/function/internal_message.html?_=1676520152026&CODE_STATE=getMsg HTTP/1.1" 200 27
101.83.145.75 - - [16/Feb/2023:12:02:21 +0800] "GET /xingrg/all/function/internal_message.html?_=1676520156415&CODE_STATE=getMsg HTTP/1.1" 200 27
180.165.52.237 - - [16/Feb/2023:12:02:23 +0800] "GET /xingrg/all/function/internal_message.html?_=1676520158557&CODE_STATE=getMsg HTTP/1.1" 200 27
116.235.93.82 - - [16/Feb/2023:12:02:26 +0800] "GET /xingrg/all/function/internal_message.html?_=1676520158691&CODE_STATE=getMsg HTTP/1.1" 200 27
114.83.218.175 - - [16/Feb/2023:12:02:26 +0800] "GET /xingrg/check_reg.html?_=1676520160890 HTTP/1.1" 200 22
114.83.218.175 - - [16/Feb/2023:12:02:26 +0800] "GET /xingrg/all/function/internal_message.html?_=1676520160900&CODE_STATE=getMsg HTTP/1.1" 200 27
180.169.147.146 - - [16/Feb/2023:12:02:31 +0800] "GET /xingrg/all/function/internal_message.html?_=1676520166083&CODE_STATE=getMsg HTTP/1.1" 200 27
116.192.124.172 - - [16/Feb/2023:12:02:33 +0800] "GET /xingrg/all/function/internal_message.html?_=1676520167003&CODE_STATE=getMsg HTTP/1.1" 200 27
116.230.105.139 - - [16/Feb/2023:12:02:34 +0800] "GET /xingrg/all/function/internal_message.html?_=1676520153029&CODE_STATE=getMsg HTTP/1.1" 200 27
116.235.93.82 - - [16/Feb/2023:12:02:37 +0800] "GET /xingrg/all/function/internal_message.html?_=1676520416092&CODE_STATE=getMsg HTTP/1.1" 200 27
124.78.159.25 - - [16/Feb/2023:12:02:46 +0800] "GET /xingrg/all/function/internal_message.html?_=1676520181571&CODE_STATE=getMsg HTTP/1.1" 200 27
114.83.218.175 - - [16/Feb/2023:12:02:47 +0800] "GET /xingrg/all/function/internal_message.html?_=1676520182291&CODE_STATE=getMsg HTTP/1.1" 200 27
180.162.114.226 - - [16/Feb/2023:12:02:54 +0800] "GET /xingrg/all/function/internal_message.html?_=1676519129079&CODE_STATE=getMsg HTTP/1.1" 200 27
101.229.22.234 - - [16/Feb/2023:12:02:54 +0800] "GET /xingrg/all/function/internal_message.html?_=1676520189273&CODE_STATE=getMsg HTTP/1.1" 200 27
101.229.22.234 - - [16/Feb/2023:12:02:54 +0800] "GET /xingrg/check_reg.html?_=1676520189277 HTTP/1.1" 200 22
116.235.93.82 - - [16/Feb/2023:12:02:55 +0800] "GET /xingrg/kc/buy/cgsh_order_add.html HTTP/1.1" 200 69880
116.235.93.82 - - [16/Feb/2023:12:02:56 +0800] "POST /xingrg/kc/buy/cgsh_order_operate.html HTTP/1.1" 200 8245
116.235.93.82 - - [16/Feb/2023:12:02:56 +0800] "GET /xingrg/javascript/easyui/themes/default/validatebox.css HTTP/1.1" 404 1104
222.67.238.61 - - [16/Feb/2023:12:02:59 +0800] "GET /xingrg/all/function/internal_message.html?_=1676519759064&CODE_STATE=getMsg HTTP/1.1" 200 27
124.79.72.155 - - [16/Feb/2023:12:03:06 +0800] "GET /xingrg/all/function/internal_message.html?_=1676520203465&CODE_STATE=getMsg HTTP/1.1" 200 27
58.40.7.146 - - [16/Feb/2023:12:03:06 +0800] "GET /xingrg/all/function/internal_message.html?_=1676520200829&CODE_STATE=getMsg HTTP/1.1" 200 27
221.239.170.112 - - [16/Feb/2023:12:03:06 +0800] "GET /xingrg/all/function/internal_message.html?_=1676520201487&CODE_STATE=getMsg HTTP/1.1" 200 27
120.253.135.82 - - [16/Feb/2023:12:03:06 +0800] "GET /xingrg/all/function/internal_message.html?_=1676520327013&CODE_STATE=getMsg HTTP/1.1" 200 27
124.78.159.25 - - [16/Feb/2023:12:03:11 +0800] "GET /xingrg/all/function/internal_message.html?_=1676520203540&CODE_STATE=getMsg HTTP/1.1" 200 27
120.253.135.82 - - [16/Feb/2023:12:03:11 +0800] "GET /xingrg/all/function/internal_message.html?_=1676520028348&CODE_STATE=getMsg HTTP/1.1" 200 27
180.169.147.146 - - [16/Feb/2023:12:03:12 +0800] "GET /xingrg/check_reg.html?_=1676520205790 HTTP/1.1" 200 22
116.235.93.82 - - [16/Feb/2023:12:03:12 +0800] "GET /xingrg/kc/buy/cgsh_order_operate.html?command=get_materiel&rest_code=00104&code=00101010691&supplier_code=00100327&order_time=2023-02-15 HTTP/1.1" 200 411
218.81.220.34 - - [16/Feb/2023:12:03:13 +0800] "GET /xingrg/all/function/internal_message.html?_=1676520223259&CODE_STATE=getMsg HTTP/1.1" 200 27
116.238.139.35 - - [16/Feb/2023:12:03:18 +0800] "GET /xingrg/all/function/internal_message.html?_=1676520213825&CODE_STATE=getMsg HTTP/1.1" 200 27
222.70.177.73 - - [16/Feb/2023:12:03:19 +0800] "GET /xingrg/all/function/internal_message.html?_=1676520211999&CODE_STATE=getMsg HTTP/1.1" 200 27
222.70.177.73 - - [16/Feb/2023:12:03:20 +0800] "POST /xingrg/dwr/call/plaincall/AjaxReportQueryService.refreshCache.dwr HTTP/1.1" 200 78
222.70.177.73 - - [16/Feb/2023:12:03:21 +0800] "POST /xingrg/all/report/load_report_page.html HTTP/1.1" 200 8944
222.70.177.73 - - [16/Feb/2023:12:03:21 +0800] "GET /xingrg/servlets/image?cache=0.09219680201770664&image=px HTTP/1.1" 200 807
180.169.147.146 - - [16/Feb/2023:12:03:21 +0800] "GET /xingrg/check_reg.html?_=1676520208630 HTTP/1.1" 200 22
101.83.145.75 - - [16/Feb/2023:12:03:21 +0800] "GET /xingrg/all/function/internal_message.html?_=1676520216415&CODE_STATE=getMsg HTTP/1.1" 200 27
180.165.52.237 - - [16/Feb/2023:12:03:23 +0800] "GET /xingrg/all/function/internal_message.html?_=1676520218548&CODE_STATE=getMsg HTTP/1.1" 200 27
116.235.93.82 - - [16/Feb/2023:12:03:26 +0800] "GET /xingrg/all/function/internal_message.html?_=1676520218713&CODE_STATE=getMsg HTTP/1.1" 200 27
114.83.218.175 - - [16/Feb/2023:12:03:26 +0800] "GET /xingrg/all/function/internal_message.html?_=1676520220918&CODE_STATE=getMsg HTTP/1.1" 200 27
180.169.147.146 - - [16/Feb/2023:12:03:31 +0800] "GET /xingrg/all/function/internal_message.html?_=1676520226084&CODE_STATE=getMsg HTTP/1.1" 200 27
116.192.124.172 - - [16/Feb/2023:12:03:33 +0800] "GET /xingrg/all/function/internal_message.html?_=1676520226988&CODE_STATE=getMsg HTTP/1.1" 200 27
116.230.105.139 - - [16/Feb/2023:12:03:34 +0800] "GET /xingrg/all/function/internal_message.html?_=1676520213029&CODE_STATE=getMsg HTTP/1.1" 200 27
116.235.93.82 - - [16/Feb/2023:12:03:37 +0800] "GET /xingrg/all/function/internal_message.html?_=1676520476107&CODE_STATE=getMsg HTTP/1.1" 200 27
116.192.124.172 - - [16/Feb/2023:12:03:39 +0800] "POST /xingrg/services/DataTransmitService HTTP/1.1" 200 524
116.192.124.172 - - [16/Feb/2023:12:03:39 +0800] "POST /xingrg/services/DataTransmitService HTTP/1.1" 200 501
116.192.124.172 - - [16/Feb/2023:12:03:39 +0800] "POST /xingrg/services/DataTransmitService HTTP/1.1" 200 501
116.235.93.82 - - [16/Feb/2023:12:03:39 +0800] "POST /xingrg/kc/buy/cgsh_order_operate.html HTTP/1.1" 200 37
116.192.124.172 - - [16/Feb/2023:12:03:40 +0800] "POST /xingrg/services/DataTransmitService HTTP/1.1" 200 501
116.192.124.172 - - [16/Feb/2023:12:03:40 +0800] "POST /xingrg/services/DataTransmitService HTTP/1.1" 200 501
116.192.124.172 - - [16/Feb/2023:12:03:40 +0800] "POST /xingrg/services/DataTransmitService HTTP/1.1" 200 501
116.192.124.172 - - [16/Feb/2023:12:03:41 +0800] "POST /xingrg/services/DataTransmitService HTTP/1.1" 200 412
116.235.93.82 - - [16/Feb/2023:12:03:42 +0800] "POST /xingrg/kc/buy/cgsh_order_operate.html HTTP/1.1" 200 2655
116.235.93.82 - - [16/Feb/2023:12:03:46 +0800] "GET /xingrg/kc/print/load_data.html?order_code=212023021605200&kc_code=cgsh&condition= HTTP/1.1" 200 674
124.78.159.25 - - [16/Feb/2023:12:03:46 +0800] "GET /xingrg/all/function/internal_message.html?_=1676520241575&CODE_STATE=getMsg HTTP/1.1" 200 27
114.83.218.175 - - [16/Feb/2023:12:03:47 +0800] "GET /xingrg/all/function/internal_message.html?_=1676520242289&CODE_STATE=getMsg HTTP/1.1" 200 27
116.235.93.82 - - [16/Feb/2023:12:03:53 +0800] "GET /xingrg/kc/buy/cgsh_order_add.html HTTP/1.1" 200 69880
116.235.93.82 - - [16/Feb/2023:12:03:53 +0800] "GET /xingrg/javascript/easyui/themes/default/validatebox.css HTTP/1.1" 404 1104
116.235.93.82 - - [16/Feb/2023:12:03:53 +0800] "POST /xingrg/kc/buy/cgsh_order_operate.html HTTP/1.1" 200 8245
180.162.114.226 - - [16/Feb/2023:12:03:54 +0800] "GET /xingrg/all/function/internal_message.html?_=1676519189065&CODE_STATE=getMsg HTTP/1.1" 200 27
101.229.22.234 - - [16/Feb/2023:12:03:54 +0800] "GET /xingrg/all/function/internal_message.html?_=1676520249303&CODE_STATE=getMsg HTTP/1.1" 200 27
180.169.147.146 - - [16/Feb/2023:12:03:56 +0800] "GET /xingrg/kc/buy/buy_main.html HTTP/1.1" 200 12412
180.169.147.146 - - [16/Feb/2023:12:03:56 +0800] "GET /xingrg/css/new_ie.css HTTP/1.1" 404 1036
180.169.147.146 - - [16/Feb/2023:12:03:57 +0800] "GET /xingrg/kc/buy/cgsh_order_list.html HTTP/1.1" 200 54063
222.67.238.61 - - [16/Feb/2023:12:03:59 +0800] "GET /xingrg/all/function/internal_message.html?_=1676519819063&CODE_STATE=getMsg HTTP/1.1" 200 27
180.169.147.146 - - [16/Feb/2023:12:04:00 +0800] "POST /xingrg/kc/buy/cgsh_list_operate.html HTTP/1.1" 200 6020
124.78.159.25 - - [16/Feb/2023:12:04:04 +0800] "GET /xingrg/check_reg.html?_=1676520256632 HTTP/1.1" 200 22
58.40.7.146 - - [16/Feb/2023:12:04:06 +0800] "GET /xingrg/check_reg.html?_=1676520260830 HTTP/1.1" 200 22
58.40.7.146 - - [16/Feb/2023:12:04:06 +0800] "GET /xingrg/all/function/internal_message.html?_=1676520260831&CODE_STATE=getMsg HTTP/1.1" 200 27
221.239.170.112 - - [16/Feb/2023:12:04:06 +0800] "GET /xingrg/all/function/internal_message.html?_=1676520261471&CODE_STATE=getMsg HTTP/1.1" 200 27
124.79.72.155 - - [16/Feb/2023:12:04:06 +0800] "GET /xingrg/all/function/internal_message.html?_=1676520264230&CODE_STATE=getMsg HTTP/1.1" 200 27
120.253.135.82 - - [16/Feb/2023:12:04:06 +0800] "GET /xingrg/check_reg.html?_=1676520387021 HTTP/1.1" 200 22
120.253.135.82 - - [16/Feb/2023:12:04:07 +0800] "GET /xingrg/all/function/internal_message.html?_=1676520387018&CODE_STATE=getMsg HTTP/1.1" 200 27
180.169.147.146 - - [16/Feb/2023:12:04:09 +0800] "POST /xingrg/kc/buy/cgsh_list_operate.html HTTP/1.1" 200 199
180.169.147.146 - - [16/Feb/2023:12:04:10 +0800] "GET /xingrg/kc/buy/cgsh_order_info.html?code=212023021505014 HTTP/1.1" 200 69855
180.169.147.146 - - [16/Feb/2023:12:04:10 +0800] "GET /xingrg/words/20230216110007_words.js HTTP/1.1" 200 946279
180.169.147.146 - - [16/Feb/2023:12:04:10 +0800] "GET /xingrg/all/common/auto_word.html?type=employee&rest_code=00147 HTTP/1.1" 200 101
180.169.147.146 - - [16/Feb/2023:12:04:10 +0800] "GET /xingrg/javascript/easyui/themes/default/validatebox.css HTTP/1.1" 404 1104
180.169.147.146 - - [16/Feb/2023:12:04:10 +0800] "GET /xingrg/all/common/auto_word.html?type=employee&rest_code=00147 HTTP/1.1" 200 101
180.169.147.146 - - [16/Feb/2023:12:04:11 +0800] "POST /xingrg/kc/buy/cgsh_order_operate.html HTTP/1.1" 200 2655
116.235.93.82 - - [16/Feb/2023:12:04:11 +0800] "GET /xingrg/kc/buy/cgsh_order_operate.html?command=get_materiel&rest_code=00104&code=00101007085&supplier_code=00100328&order_time=2023-02-15 HTTP/1.1" 200 413
124.78.159.25 - - [16/Feb/2023:12:04:11 +0800] "GET /xingrg/all/function/internal_message.html?_=1676520263515&CODE_STATE=getMsg HTTP/1.1" 200 27
120.253.135.82 - - [16/Feb/2023:12:04:11 +0800] "GET /xingrg/all/function/internal_message.html?_=1676520088369&CODE_STATE=getMsg HTTP/1.1" 200 27
218.81.220.34 - - [16/Feb/2023:12:04:13 +0800] "GET /xingrg/all/function/internal_message.html?_=1676520283268&CODE_STATE=getMsg HTTP/1.1" 200 27
180.169.147.146 - - [16/Feb/2023:12:04:15 +0800] "GET /xingrg/javascript/auto/indicator.gif HTTP/1.1" 404 1066
116.238.139.35 - - [16/Feb/2023:12:04:18 +0800] "GET /xingrg/all/function/internal_message.html?_=1676520273794&CODE_STATE=getMsg HTTP/1.1" 200 27
222.70.177.73 - - [16/Feb/2023:12:04:19 +0800] "GET /xingrg/all/function/internal_message.html?_=1676520271970&CODE_STATE=getMsg HTTP/1.1" 200 27
101.83.145.75 - - [16/Feb/2023:12:04:21 +0800] "GET /xingrg/all/function/internal_message.html?_=1676520276414&CODE_STATE=getMsg HTTP/1.1" 200 27
180.169.147.146 - - [16/Feb/2023:12:04:23 +0800] "POST /xingrg/kc/buy/cgsh_order_operate.html HTTP/1.1" 200 37
180.165.52.237 - - [16/Feb/2023:12:04:23 +0800] "GET /xingrg/all/function/internal_message.html?_=1676520278560&CODE_STATE=getMsg HTTP/1.1" 200 27
116.235.93.82 - - [16/Feb/2023:12:04:26 +0800] "GET /xingrg/all/function/internal_message.html?_=1676520278689&CODE_STATE=getMsg HTTP/1.1" 200 27
114.83.218.175 - - [16/Feb/2023:12:04:26 +0800] "GET /xingrg/all/function/internal_message.html?_=1676520280904&CODE_STATE=getMsg HTTP/1.1" 200 27
180.169.147.146 - - [16/Feb/2023:12:04:31 +0800] "GET /xingrg/check_reg.html?_=1676520286083 HTTP/1.1" 200 22
180.169.147.146 - - [16/Feb/2023:12:04:31 +0800] "GET /xingrg/all/function/internal_message.html?_=1676520286084&CODE_STATE=getMsg HTTP/1.1" 200 27
116.192.124.172 - - [16/Feb/2023:12:04:33 +0800] "GET /xingrg/all/function/internal_message.html?_=1676520286982&CODE_STATE=getMsg HTTP/1.1" 200 27
116.230.105.139 - - [16/Feb/2023:12:04:34 +0800] "GET /xingrg/all/function/internal_message.html?_=1676520273028&CODE_STATE=getMsg HTTP/1.1" 200 27
222.70.177.73 - - [16/Feb/2023:12:04:36 +0800] "POST /xingrg/dwr/call/plaincall/AjaxReportQueryService.refreshCache.dwr HTTP/1.1" 200 79
116.235.93.82 - - [16/Feb/2023:12:04:37 +0800] "GET /xingrg/all/function/internal_message.html?_=1676520536104&CODE_STATE=getMsg HTTP/1.1" 200 27
222.70.177.73 - - [16/Feb/2023:12:04:37 +0800] "POST /xingrg/all/report/load_report_page.html HTTP/1.1" 200 8936
222.70.177.73 - - [16/Feb/2023:12:04:38 +0800] "GET /xingrg/servlets/image?cache=0.6112551859448215&image=px HTTP/1.1" 200 807
221.239.170.112 - - [16/Feb/2023:12:04:45 +0800] "GET /xingrg/check_reg.html?_=1676520300786 HTTP/1.1" 200 22
124.78.159.25 - - [16/Feb/2023:12:04:46 +0800] "GET /xingrg/all/function/internal_message.html?_=1676520301575&CODE_STATE=getMsg HTTP/1.1" 200 27
114.83.218.175 - - [16/Feb/2023:12:04:47 +0800] "GET /xingrg/check_reg.html?_=1676520302284 HTTP/1.1" 200 22
114.83.218.175 - - [16/Feb/2023:12:04:47 +0800] "GET /xingrg/all/function/internal_message.html?_=1676520302285&CODE_STATE=getMsg HTTP/1.1" 200 27
180.162.114.226 - - [16/Feb/2023:12:04:54 +0800] "GET /xingrg/all/function/internal_message.html?_=1676519249049&CODE_STATE=getMsg HTTP/1.1" 200 27
101.229.22.234 - - [16/Feb/2023:12:04:54 +0800] "GET /xingrg/all/function/internal_message.html?_=1676520309304&CODE_STATE=getMsg HTTP/1.1" 200 27
222.67.238.61 - - [16/Feb/2023:12:04:59 +0800] "GET /xingrg/all/function/internal_message.html?_=1676519879061&CODE_STATE=getMsg HTTP/1.1" 200 27
222.67.238.61 - - [16/Feb/2023:12:04:59 +0800] "GET /xingrg/check_reg.html?_=1676519879063 HTTP/1.1" 200 22
180.163.28.68 - - [16/Feb/2023:12:05:04 +0800] "GET /xingrg/check_reg.html?_=1676520256632 HTTP/1.1" 302 -
180.163.28.68 - - [16/Feb/2023:12:05:04 +0800] "GET /xingrg/login.html HTTP/1.1" 200 7641
58.40.7.146 - - [16/Feb/2023:12:05:06 +0800] "GET /xingrg/all/function/internal_message.html?_=1676520320830&CODE_STATE=getMsg HTTP/1.1" 200 27
221.239.170.112 - - [16/Feb/2023:12:05:06 +0800] "GET /xingrg/all/function/internal_message.html?_=1676520321443&CODE_STATE=getMsg HTTP/1.1" 200 27
124.79.72.155 - - [16/Feb/2023:12:05:06 +0800] "GET /xingrg/all/function/internal_message.html?_=1676520324235&CODE_STATE=getMsg HTTP/1.1" 200 27
120.253.135.82 - - [16/Feb/2023:12:05:06 +0800] "GET /xingrg/all/function/internal_message.html?_=1676520447023&CODE_STATE=getMsg HTTP/1.1" 200 27
124.78.159.25 - - [16/Feb/2023:12:05:11 +0800] "GET /xingrg/all/function/internal_message.html?_=1676520323487&CODE_STATE=getMsg HTTP/1.1" 200 27
120.253.135.82 - - [16/Feb/2023:12:05:11 +0800] "GET /xingrg/all/function/internal_message.html?_=1676520148375&CODE_STATE=getMsg HTTP/1.1" 200 27
218.81.220.34 - - [16/Feb/2023:12:05:13 +0800] "GET /xingrg/all/function/internal_message.html?_=1676520343297&CODE_STATE=getMsg HTTP/1.1" 200 27
116.238.139.35 - - [16/Feb/2023:12:05:18 +0800] "GET /xingrg/all/function/internal_message.html?_=1676520333789&CODE_STATE=getMsg HTTP/1.1" 200 27
222.70.177.73 - - [16/Feb/2023:12:05:18 +0800] "GET /xingrg/all/function/internal_message.html?_=1676520331948&CODE_STATE=getMsg HTTP/1.1" 200 27
222.70.177.73 - - [16/Feb/2023:12:05:20 +0800] "GET /xingrg/check_reg.html?_=1676520333416 HTTP/1.1" 200 22
101.83.145.75 - - [16/Feb/2023:12:05:21 +0800] "GET /xingrg/all/function/internal_message.html?_=1676520336414&CODE_STATE=getMsg HTTP/1.1" 200 27
180.165.52.237 - - [16/Feb/2023:12:05:23 +0800] "GET /xingrg/all/function/internal_message.html?_=1676520338554&CODE_STATE=getMsg HTTP/1.1" 200 27
180.165.52.237 - - [16/Feb/2023:12:05:23 +0800] "GET /xingrg/check_reg.html?_=1676520338559 HTTP/1.1" 200 22
116.235.93.82 - - [16/Feb/2023:12:05:26 +0800] "GET /xingrg/all/function/internal_message.html?_=1676520338705&CODE_STATE=getMsg HTTP/1.1" 200 27
114.83.218.175 - - [16/Feb/2023:12:05:26 +0800] "GET /xingrg/all/function/internal_message.html?_=1676520340906&CODE_STATE=getMsg HTTP/1.1" 200 27
180.169.147.146 - - [16/Feb/2023:12:05:31 +0800] "GET /xingrg/all/function/internal_message.html?_=1676520346082&CODE_STATE=getMsg HTTP/1.1" 200 27
116.192.124.172 - - [16/Feb/2023:12:05:33 +0800] "GET /xingrg/all/function/internal_message.html?_=1676520346954&CODE_STATE=getMsg HTTP/1.1" 200 27
222.70.177.73 - - [16/Feb/2023:12:05:33 +0800] "POST /xingrg/dwr/call/plaincall/AjaxReportQueryService.refreshCache.dwr HTTP/1.1" 200 79
116.192.124.172 - - [16/Feb/2023:12:05:34 +0800] "GET /xingrg/check_reg.html?_=1676520348103 HTTP/1.1" 200 22
116.230.105.139 - - [16/Feb/2023:12:05:34 +0800] "GET /xingrg/check_reg.html?_=1676520333019 HTTP/1.1" 200 22
116.230.105.139 - - [16/Feb/2023:12:05:34 +0800] "GET /xingrg/all/function/internal_message.html?_=1676520333023&CODE_STATE=getMsg HTTP/1.1" 200 27
222.70.177.73 - - [16/Feb/2023:12:05:34 +0800] "POST /xingrg/all/report/load_report_page.html HTTP/1.1" 200 8924
222.70.177.73 - - [16/Feb/2023:12:05:34 +0800] "GET /xingrg/servlets/image?cache=0.3832386706715163&image=px HTTP/1.1" 200 807
116.235.93.82 - - [16/Feb/2023:12:05:37 +0800] "GET /xingrg/all/function/internal_message.html?_=1676520596096&CODE_STATE=getMsg HTTP/1.1" 200 27
124.78.159.25 - - [16/Feb/2023:12:05:46 +0800] "GET /xingrg/all/function/internal_message.html?_=1676520361563&CODE_STATE=getMsg HTTP/1.1" 200 27
114.83.218.175 - - [16/Feb/2023:12:05:47 +0800] "GET /xingrg/all/function/internal_message.html?_=1676520362282&CODE_STATE=getMsg HTTP/1.1" 200 27
101.229.22.234 - - [16/Feb/2023:12:05:50 +0800] "POST /xingrg/kc/mdqp/pssh_list_operate.html HTTP/1.1" 200 1904
101.229.22.234 - - [16/Feb/2023:12:05:52 +0800] "GET /xingrg/kc/buy/cgsh_order_list.html HTTP/1.1" 200 54063
101.229.22.234 - - [16/Feb/2023:12:05:52 +0800] "GET /xingrg/javascript/easyui/themes/icons/edit_add_new.png HTTP/1.1" 304 -
101.229.22.234 - - [16/Feb/2023:12:05:52 +0800] "GET /xingrg/javascript/easyui/themes/icons/import_new.png HTTP/1.1" 304 -
180.162.114.226 - - [16/Feb/2023:12:05:54 +0800] "GET /xingrg/all/function/internal_message.html?_=1676519309034&CODE_STATE=getMsg HTTP/1.1" 200 27
101.229.22.234 - - [16/Feb/2023:12:05:54 +0800] "GET /xingrg/all/function/internal_message.html?_=1676520369311&CODE_STATE=getMsg HTTP/1.1" 200 27
101.229.22.234 - - [16/Feb/2023:12:05:55 +0800] "POST /xingrg/kc/buy/cgsh_list_operate.html HTTP/1.1" 200 1875
101.229.22.234 - - [16/Feb/2023:12:05:58 +0800] "POST /xingrg/kc/buy/cgsh_list_operate.html HTTP/1.1" 200 574
101.229.22.234 - - [16/Feb/2023:12:05:58 +0800] "GET /xingrg/kc/buy/cgsh_order_info.html?code=212023021505119 HTTP/1.1" 200 68964
101.229.22.234 - - [16/Feb/2023:12:05:58 +0800] "GET /xingrg/words/20230216110007_words.js HTTP/1.1" 200 946279
101.229.22.234 - - [16/Feb/2023:12:05:58 +0800] "GET /xingrg/javascript/easyui/themes/icons/copy_new.png HTTP/1.1" 304 -
101.229.22.234 - - [16/Feb/2023:12:05:58 +0800] "GET /xingrg/javascript/easyui/themes/icons/template_new.png HTTP/1.1" 304 -
101.229.22.234 - - [16/Feb/2023:12:05:58 +0800] "GET /xingrg/javascript/easyui/themes/icons/cancel.png HTTP/1.1" 304 -
101.83.145.75 - - [16/Feb/2023:12:05:58 +0800] "GET /xingrg/kc/report/report_main.html HTTP/1.1" 200 7340
101.83.145.75 - - [16/Feb/2023:12:05:58 +0800] "GET /xingrg/javascript/jquery_ui/themes/humanity/humanity.css HTTP/1.1" 304 -
101.229.22.234 - - [16/Feb/2023:12:05:59 +0800] "GET /xingrg/javascript/easyui/themes/default/validatebox.css HTTP/1.1" 404 1104
222.67.238.61 - - [16/Feb/2023:12:05:59 +0800] "GET /xingrg/all/function/internal_message.html?_=1676519939062&CODE_STATE=getMsg HTTP/1.1" 200 27
101.229.22.234 - - [16/Feb/2023:12:06:00 +0800] "POST /xingrg/kc/buy/cgsh_order_operate.html HTTP/1.1" 200 6228
101.229.22.234 - - [16/Feb/2023:12:06:00 +0800] "GET /xingrg/javascript/easyui/themes/icons/edit_remove.png HTTP/1.1" 304 -
101.83.145.75 - - [16/Feb/2023:12:06:05 +0800] "GET /xingrg/kc/base/crk_hz.html HTTP/1.1" 200 11247
101.83.145.75 - - [16/Feb/2023:12:06:05 +0800] "GET /xingrg/javascript/step/step.css HTTP/1.1" 200 999
101.83.145.75 - - [16/Feb/2023:12:06:06 +0800] "GET /xingrg/css/table.css HTTP/1.1" 304 -
58.40.7.146 - - [16/Feb/2023:12:06:06 +0800] "GET /xingrg/all/function/internal_message.html?_=1676520380826&CODE_STATE=getMsg HTTP/1.1" 200 27
101.83.145.75 - - [16/Feb/2023:12:06:06 +0800] "POST /xingrg/kc/cost/cost_operate.html?command=get_base_tree HTTP/1.1" 200 2657
101.83.145.75 - - [16/Feb/2023:12:06:06 +0800] "POST /xingrg/all/common/load_tree.html?tree=materiel_sort_tree_json HTTP/1.1" 200 9500
101.83.145.75 - - [16/Feb/2023:12:06:06 +0800] "GET /xingrg/javascript/jquery_easy_ui/themes/icons/search.png HTTP/1.1" 304 -
101.83.145.75 - - [16/Feb/2023:12:06:06 +0800] "GET /xingrg/javascript/jquery_easy_ui/themes/default/images/button_a_bg.gif HTTP/1.1" 304 -
101.83.145.75 - - [16/Feb/2023:12:06:06 +0800] "GET /xingrg/javascript/jquery_easy_ui/themes/default/images/tree_checkbox_0.gif HTTP/1.1" 304 -
221.239.170.112 - - [16/Feb/2023:12:06:06 +0800] "GET /xingrg/all/function/internal_message.html?_=1676520381429&CODE_STATE=getMsg HTTP/1.1" 200 27
124.79.72.155 - - [16/Feb/2023:12:06:06 +0800] "GET /xingrg/all/function/internal_message.html?_=1676520384237&CODE_STATE=getMsg HTTP/1.1" 200 27
101.83.145.75 - - [16/Feb/2023:12:06:06 +0800] "GET /xingrg/javascript/jquery_easy_ui/themes/default/images/calendar_nextyear.gif HTTP/1.1" 200 75
101.83.145.75 - - [16/Feb/2023:12:06:06 +0800] "GET /xingrg/javascript/jquery_easy_ui/themes/default/images/calendar_prevmonth.gif HTTP/1.1" 200 66
101.83.145.75 - - [16/Feb/2023:12:06:06 +0800] "GET /xingrg/javascript/jquery_easy_ui/themes/default/images/menu.gif HTTP/1.1" 200 834
101.83.145.75 - - [16/Feb/2023:12:06:06 +0800] "GET /xingrg/javascript/jquery_easy_ui/themes/default/images/calendar_prevyear.gif HTTP/1.1" 200 76
101.83.145.75 - - [16/Feb/2023:12:06:06 +0800] "GET /xingrg/javascript/jquery_easy_ui/themes/default/images/button_span_bg.gif HTTP/1.1" 304 -
101.83.145.75 - - [16/Feb/2023:12:06:06 +0800] "GET /xingrg/javascript/jquery_easy_ui/themes/default/images/calendar_nextmonth.gif HTTP/1.1" 200 64
124.79.72.155 - - [16/Feb/2023:12:06:06 +0800] "GET /xingrg/check_reg.html?_=1676520384237 HTTP/1.1" 200 22
120.253.135.82 - - [16/Feb/2023:12:06:06 +0800] "GET /xingrg/all/function/internal_message.html?_=1676520507027&CODE_STATE=getMsg HTTP/1.1" 200 27
124.78.159.25 - - [16/Feb/2023:12:06:11 +0800] "GET /xingrg/all/function/internal_message.html?_=1676520383459&CODE_STATE=getMsg HTTP/1.1" 200 27
120.253.135.82 - - [16/Feb/2023:12:06:11 +0800] "GET /xingrg/all/function/internal_message.html?_=1676520208404&CODE_STATE=getMsg HTTP/1.1" 200 27
101.83.145.75 - - [16/Feb/2023:12:06:13 +0800] "GET /xingrg/javascript/jquery_easy_ui/themes/default/images/tree_checkbox_1.gif HTTP/1.1" 304 -
101.83.145.75 - - [16/Feb/2023:12:06:13 +0800] "GET /xingrg/javascript/jquery_easy_ui/themes/default/images/tree_checkbox_2.gif HTTP/1.1" 304 -
218.81.220.34 - - [16/Feb/2023:12:06:13 +0800] "GET /xingrg/all/function/internal_message.html?_=1676520403311&CODE_STATE=getMsg HTTP/1.1" 200 27
116.238.139.35 - - [16/Feb/2023:12:06:18 +0800] "GET /xingrg/all/function/internal_message.html?_=1676520393760&CODE_STATE=getMsg HTTP/1.1" 200 27
222.70.177.73 - - [16/Feb/2023:12:06:19 +0800] "GET /xingrg/all/function/internal_message.html?_=1676520392267&CODE_STATE=getMsg HTTP/1.1" 200 27
116.192.124.172 - - [16/Feb/2023:12:06:19 +0800] "GET /xingrg/login.html HTTP/1.1" 200 7641
101.83.145.75 - - [16/Feb/2023:12:06:19 +0800] "GET /xingrg/kc/base/crk_hz.html?_=1676520394162&command=get_cost_id&end_date=2023-02-28&start_date=2023-02-01 HTTP/1.1" 200 51
101.83.145.75 - - [16/Feb/2023:12:06:19 +0800] "GET /xingrg/javascript/multi_select/jqueryMultiSelect.css HTTP/1.1" 200 951
101.83.145.75 - - [16/Feb/2023:12:06:19 +0800] "GET /xingrg/javascript/calendar/timePicker.css HTTP/1.1" 200 523
101.83.145.75 - - [16/Feb/2023:12:06:19 +0800] "GET /xingrg/javascript/bigrid/fix.css HTTP/1.1" 200 1702
101.83.145.75 - - [16/Feb/2023:12:06:19 +0800] "GET /xingrg/javascript/bigrid/fix.js HTTP/1.1" 200 6439
101.83.145.75 - - [16/Feb/2023:12:06:19 +0800] "GET /xingrg/dwr/interface/AjaxReportQueryService.js HTTP/1.1" 200 13203
101.83.145.75 - - [16/Feb/2023:12:06:19 +0800] "GET /xingrg/javascript/jqueryMultiSelect.js HTTP/1.1" 200 11866
101.83.145.75 - - [16/Feb/2023:12:06:19 +0800] "GET /xingrg/all/report/report_query.html?isQuery=1&onlyBody=1&rh=99999&rw=1800&varString=start:20230201,cost_id:4124,mid:20230201&fileName=kc/base/crk_hz_type_by_base.xml&queryString=%20a.base_code%20in%20('0010517')%20%20and%20m.sort_code%20in%20('00101001','00101002','00101003','00101004','00101005','00101006','00101007','00101008','00101009','00101010','00101011','00101012','00101013','00101014','00101015','00101016','00101017','00101018','00101019','00101020','00101021','00101022','00101023','00101024','00101025','00101026','00101027','00101028','00101029','00101030','00101031','00101032','00101033','00101034','00101036','00101037','00101038','00101039','00101040','00101041','00101042','00101043')%20&queryText=ÈÕÆÚ£º2023-02-01ÖÁ2023-02-28%20²Ö¿â£º´ÌÉí&tableQueryString=materiel_table$sp1$$sp$before_table$sp1$$sp$crk_table$sp1$order_day%20between%2020230201%20and%2020230228 HTTP/1.1" 200 49884
101.83.145.75 - - [16/Feb/2023:12:06:19 +0800] "GET /xingrg/javascript/calendar/jquery.timePicker.min.js HTTP/1.1" 200 2997
101.83.145.75 - - [16/Feb/2023:12:06:19 +0800] "GET /xingrg/dwr/engine.js HTTP/1.1" 200 43631
101.83.145.75 - - [16/Feb/2023:12:06:19 +0800] "GET /xingrg/images/blue/button/advanceover.gif HTTP/1.1" 200 1347
101.83.145.75 - - [16/Feb/2023:12:06:19 +0800] "GET /xingrg/images/blue/button/advance2over.gif HTTP/1.1" 200 1336
101.83.145.75 - - [16/Feb/2023:12:06:19 +0800] "GET /xingrg/images/blue/button/back2over.gif HTTP/1.1" 200 1335
101.83.145.75 - - [16/Feb/2023:12:06:19 +0800] "GET /xingrg/images/blue/button/backover.gif HTTP/1.1" 200 1348
101.83.145.75 - - [16/Feb/2023:12:06:19 +0800] "GET /xingrg/images/control/loading.gif HTTP/1.1" 200 13463
101.83.145.75 - - [16/Feb/2023:12:06:19 +0800] "GET /xingrg/javascript/jquery_easy_ui/themes/icons/help.png HTTP/1.1" 200 1187
116.192.124.172 - - [16/Feb/2023:12:06:19 +0800] "GET /favicon.ico HTTP/1.1" 404 -
101.83.145.75 - - [16/Feb/2023:12:06:20 +0800] "POST /xingrg/all/report/load_report_page.html HTTP/1.1" 200 94352
101.83.145.75 - - [16/Feb/2023:12:06:20 +0800] "GET /xingrg/servlets/image?cache=0.4725057932583383&image=px HTTP/1.1" 200 807
101.83.145.75 - - [16/Feb/2023:12:06:21 +0800] "GET /xingrg/check_reg.html?_=1676520396422 HTTP/1.1" 200 22
101.83.145.75 - - [16/Feb/2023:12:06:21 +0800] "GET /xingrg/all/function/internal_message.html?_=1676520396425&CODE_STATE=getMsg HTTP/1.1" 200 27
180.165.52.237 - - [16/Feb/2023:12:06:23 +0800] "GET /xingrg/all/function/internal_message.html?_=1676520398560&CODE_STATE=getMsg HTTP/1.1" 200 27
116.235.93.82 - - [16/Feb/2023:12:06:26 +0800] "GET /xingrg/check_reg.html?_=1676520398706 HTTP/1.1" 200 22
116.192.124.172 - - [16/Feb/2023:12:06:26 +0800] "POST /xingrg/login.do HTTP/1.1" 302 -
116.235.93.82 - - [16/Feb/2023:12:06:26 +0800] "GET /xingrg/all/function/internal_message.html?_=1676520398711&CODE_STATE=getMsg HTTP/1.1" 200 27
116.192.124.172 - - [16/Feb/2023:12:06:26 +0800] "GET /xingrg/index.html?sysBaseUrl=http%3A%2F%2F180.169.147.146%3A18081%2Fxingrg%2F&costTime=43×tamp=1676520386276 HTTP/1.1" 200 17413
116.192.124.172 - - [16/Feb/2023:12:06:26 +0800] "GET /favicon.ico HTTP/1.1" 404 -
116.192.124.172 - - [16/Feb/2023:12:06:26 +0800] "POST /xingrg/all/common/load_tree.html?tree=area_rest_tree_json&manage=1 HTTP/1.1" 200 342
116.192.124.172 - - [16/Feb/2023:12:06:26 +0800] "GET /xingrg/check_reg.html?_=1676520402019 HTTP/1.1" 200 22
116.192.124.172 - - [16/Feb/2023:12:06:26 +0800] "GET /xingrg/all/function/internal_message.html?_=1676520402019&CODE_STATE=count HTTP/1.1" 200 11
116.192.124.172 - - [16/Feb/2023:12:06:26 +0800] "POST /xingrg/load_menu.html HTTP/1.1" 200 9959
114.83.218.175 - - [16/Feb/2023:12:06:26 +0800] "GET /xingrg/all/function/internal_message.html?_=1676520400919&CODE_STATE=getMsg HTTP/1.1" 200 27
116.192.124.172 - - [16/Feb/2023:12:06:29 +0800] "GET /xingrg/kc/report/report_main.html HTTP/1.1" 200 7340
180.169.147.146 - - [16/Feb/2023:12:06:31 +0800] "GET /xingrg/all/function/internal_message.html?_=1676520406082&CODE_STATE=getMsg HTTP/1.1" 200 27
116.192.124.172 - - [16/Feb/2023:12:06:33 +0800] "GET /xingrg/all/function/internal_message.html?_=1676520406946&CODE_STATE=getMsg HTTP/1.1" 200 27
116.192.124.172 - - [16/Feb/2023:12:06:34 +0800] "GET /xingrg/all/report/report_query.html?fileName=kc/buy/gys_amount.xml&rh=99999 HTTP/1.1" 200 52006
116.192.124.172 - - [16/Feb/2023:12:06:34 +0800] "GET /xingrg/dwr/interface/AjaxReportQueryService.js HTTP/1.1" 200 13203
