120.253.135.82 - - [16/Feb/2023:12:27:07 +0800] "GET /xingrg/check_reg.html?_=1676521463637 HTTP/1.1" 200 22
124.78.159.25 - - [16/Feb/2023:12:27:11 +0800] "GET /xingrg/all/function/internal_message.html?_=1676521642899&CODE_STATE=getMsg HTTP/1.1" 200 27
120.253.135.82 - - [16/Feb/2023:12:27:12 +0800] "GET /xingrg/all/function/internal_message.html?_=1676521468970&CODE_STATE=getMsg HTTP/1.1" 200 27
218.81.220.34 - - [16/Feb/2023:12:27:13 +0800] "GET /xingrg/check_reg.html?_=1676521662908 HTTP/1.1" 200 22
218.81.220.34 - - [16/Feb/2023:12:27:14 +0800] "GET /xingrg/all/function/internal_message.html?_=1676521663769&CODE_STATE=getMsg HTTP/1.1" 200 27
222.70.177.73 - - [16/Feb/2023:12:27:18 +0800] "GET /xingrg/all/function/internal_message.html?_=1676521651833&CODE_STATE=getMsg HTTP/1.1" 200 27
58.39.108.153 - - [16/Feb/2023:12:27:20 +0800] "GET /xingrg/all/function/internal_message.html?_=1676521655229&CODE_STATE=getMsg HTTP/1.1" 200 27
101.83.145.75 - - [16/Feb/2023:12:27:21 +0800] "GET /xingrg/all/function/internal_message.html?_=1676521656441&CODE_STATE=getMsg HTTP/1.1" 200 27
222.70.177.73 - - [16/Feb/2023:12:27:22 +0800] "GET /xingrg/all/function/internal_message.html?_=1676521665556&CODE_STATE=getMsg HTTP/1.1" 200 27
120.253.135.82 - - [16/Feb/2023:12:27:25 +0800] "POST /xingrg/kc/pszx/mdps_order_operate.html HTTP/1.1" 200 37
116.235.93.82 - - [16/Feb/2023:12:27:26 +0800] "GET /xingrg/all/function/internal_message.html?_=1676521658706&CODE_STATE=getMsg HTTP/1.1" 200 27
114.83.218.175 - - [16/Feb/2023:12:27:26 +0800] "GET /xingrg/check_reg.html?_=1676521660984 HTTP/1.1" 200 22
120.253.135.82 - - [16/Feb/2023:12:27:26 +0800] "GET /xingrg/kc/pszx/mdps_order_info.html?code=312023021600345 HTTP/1.1" 200 23980
114.83.218.175 - - [16/Feb/2023:12:27:26 +0800] "GET /xingrg/all/function/internal_message.html?_=1676521660986&CODE_STATE=getMsg HTTP/1.1" 200 27
120.253.135.82 - - [16/Feb/2023:12:27:27 +0800] "GET /xingrg/all/common/auto_word.html?type=base&rest_code=00101 HTTP/1.1" 200 671
120.253.135.82 - - [16/Feb/2023:12:27:27 +0800] "GET /xingrg/javascript/easyui/themes/default/validatebox.css HTTP/1.1" 404 1104
120.253.135.82 - - [16/Feb/2023:12:27:27 +0800] "POST /xingrg/kc/pszx/mdps_order_operate.html HTTP/1.1" 200 2287
58.39.108.153 - - [16/Feb/2023:12:27:29 +0800] "POST /xingrg/kc/buy/cgsh_list_operate.html HTTP/1.1" 200 6178
120.253.135.82 - - [16/Feb/2023:12:27:29 +0800] "POST /xingrg/kc/pszx/mdps_list_operate.html HTTP/1.1" 200 5397
180.169.147.146 - - [16/Feb/2023:12:27:31 +0800] "GET /xingrg/all/function/internal_message.html?_=1676521666116&CODE_STATE=getMsg HTTP/1.1" 200 27
116.192.124.172 - - [16/Feb/2023:12:27:32 +0800] "GET /xingrg/all/function/internal_message.html?_=1676521666609&CODE_STATE=getMsg HTTP/1.1" 200 27
120.253.135.82 - - [16/Feb/2023:12:27:33 +0800] "POST /xingrg/kc/pszx/mdps_list_operate.html HTTP/1.1" 200 5527
116.230.105.139 - - [16/Feb/2023:12:27:34 +0800] "GET /xingrg/all/function/internal_message.html?_=1676521653031&CODE_STATE=getMsg HTTP/1.1" 200 27
58.39.108.153 - - [16/Feb/2023:12:27:36 +0800] "POST /xingrg/kc/buy/cgsh_list_operate.html HTTP/1.1" 200 601
116.235.93.82 - - [16/Feb/2023:12:27:37 +0800] "GET /xingrg/all/function/internal_message.html?_=1676521916126&CODE_STATE=getMsg HTTP/1.1" 200 27
58.39.108.153 - - [16/Feb/2023:12:27:38 +0800] "GET /xingrg/kc/buy/cgsh_order_info.html?code=212023021505093 HTTP/1.1" 200 63866
58.39.108.153 - - [16/Feb/2023:12:27:38 +0800] "GET /xingrg/words/20230216110007_words.js HTTP/1.1" 200 946279
120.253.135.82 - - [16/Feb/2023:12:27:39 +0800] "POST /xingrg/kc/pszx/mdps_list_operate.html HTTP/1.1" 200 5491
58.39.108.153 - - [16/Feb/2023:12:27:39 +0800] "GET /xingrg/javascript/easyui/themes/default/validatebox.css HTTP/1.1" 404 1104
58.39.108.153 - - [16/Feb/2023:12:27:39 +0800] "POST /xingrg/kc/buy/cgsh_order_operate.html HTTP/1.1" 200 5410
101.83.145.75 - - [16/Feb/2023:12:27:40 +0800] "GET /xingrg/kc/base/wldb_order_operate.html?command=get_materiel&rest_code=00105&base_code=0010508&code=00102002304 HTTP/1.1" 200 464
120.253.135.82 - - [16/Feb/2023:12:27:41 +0800] "POST /xingrg/kc/pszx/mdps_list_operate.html HTTP/1.1" 200 201
120.253.135.82 - - [16/Feb/2023:12:27:41 +0800] "GET /xingrg/kc/pszx/mdps_order_info.html?code=312023021500314 HTTP/1.1" 200 23980
120.253.135.82 - - [16/Feb/2023:12:27:42 +0800] "GET /xingrg/all/common/auto_word.html?type=base&rest_code=00101 HTTP/1.1" 200 671
120.253.135.82 - - [16/Feb/2023:12:27:42 +0800] "GET /xingrg/javascript/easyui/themes/default/validatebox.css HTTP/1.1" 404 1104
120.253.135.82 - - [16/Feb/2023:12:27:42 +0800] "POST /xingrg/kc/pszx/mdps_order_operate.html HTTP/1.1" 200 2276
124.78.159.25 - - [16/Feb/2023:12:27:46 +0800] "GET /xingrg/all/function/internal_message.html?_=1676521681563&CODE_STATE=getMsg HTTP/1.1" 200 27
58.39.108.153 - - [16/Feb/2023:12:27:47 +0800] "GET /xingrg/kc/print/load_config.html?kc_code=cgsh HTTP/1.1" 200 1943
58.39.108.153 - - [16/Feb/2023:12:27:47 +0800] "GET /xingrg/kc/print/load_data.html?order_code=212023021505093&kc_code=cgsh&condition= HTTP/1.1" 200 2571
116.238.139.35 - - [16/Feb/2023:12:27:49 +0800] "GET /xingrg/all/function/internal_message.html?_=1676521684635&CODE_STATE=getMsg HTTP/1.1" 200 27
120.253.135.82 - - [16/Feb/2023:12:27:52 +0800] "GET /xingrg/kc/pszx/mdps_order_operate.html?command=get_materiel&pszx_code=00101&rest_code=00108&base_code=0010250&code=00102002501 HTTP/1.1" 200 428
180.162.114.226 - - [16/Feb/2023:12:27:54 +0800] "GET /xingrg/all/function/internal_message.html?_=1676520628690&CODE_STATE=getMsg HTTP/1.1" 200 27
101.229.22.234 - - [16/Feb/2023:12:27:54 +0800] "GET /xingrg/check_reg.html?_=1676521689308 HTTP/1.1" 200 22
101.229.22.234 - - [16/Feb/2023:12:27:54 +0800] "GET /xingrg/all/function/internal_message.html?_=1676521689304&CODE_STATE=getMsg HTTP/1.1" 200 27
120.253.135.82 - - [16/Feb/2023:12:27:58 +0800] "POST /xingrg/kc/pszx/mdps_order_operate.html HTTP/1.1" 200 37
222.67.238.61 - - [16/Feb/2023:12:27:59 +0800] "GET /xingrg/all/function/internal_message.html?_=1676521259107&CODE_STATE=getMsg HTTP/1.1" 200 27
120.253.135.82 - - [16/Feb/2023:12:27:59 +0800] "GET /xingrg/kc/pszx/mdps_order_info.html?code=312023021500314 HTTP/1.1" 200 23980
120.253.135.82 - - [16/Feb/2023:12:28:00 +0800] "GET /xingrg/all/common/auto_word.html?type=base&rest_code=00101 HTTP/1.1" 200 671
120.253.135.82 - - [16/Feb/2023:12:28:00 +0800] "GET /xingrg/javascript/easyui/themes/default/validatebox.css HTTP/1.1" 404 1104
120.253.135.82 - - [16/Feb/2023:12:28:00 +0800] "POST /xingrg/kc/pszx/mdps_order_operate.html HTTP/1.1" 200 2770
120.253.135.82 - - [16/Feb/2023:12:28:02 +0800] "POST /xingrg/kc/pszx/mdps_list_operate.html HTTP/1.1" 200 5491
58.40.7.146 - - [16/Feb/2023:12:28:06 +0800] "GET /xingrg/all/function/internal_message.html?_=1676521700833&CODE_STATE=getMsg HTTP/1.1" 200 27
221.239.170.112 - - [16/Feb/2023:12:28:06 +0800] "GET /xingrg/all/function/internal_message.html?_=1676521701077&CODE_STATE=getMsg HTTP/1.1" 200 27
124.79.72.155 - - [16/Feb/2023:12:28:06 +0800] "GET /xingrg/all/function/internal_message.html?_=1676521704280&CODE_STATE=getMsg HTTP/1.1" 200 27
120.253.135.82 - - [16/Feb/2023:12:28:06 +0800] "GET /xingrg/all/function/internal_message.html?_=1676521827127&CODE_STATE=getMsg HTTP/1.1" 200 27
120.253.135.82 - - [16/Feb/2023:12:28:08 +0800] "POST /xingrg/kc/pszx/mdps_list_operate.html HTTP/1.1" 200 5527
120.253.135.82 - - [16/Feb/2023:12:28:10 +0800] "POST /xingrg/kc/pszx/mdps_list_operate.html HTTP/1.1" 200 5397
124.78.159.25 - - [16/Feb/2023:12:28:11 +0800] "GET /xingrg/all/function/internal_message.html?_=1676521702870&CODE_STATE=getMsg HTTP/1.1" 200 27
120.253.135.82 - - [16/Feb/2023:12:28:12 +0800] "POST /xingrg/kc/pszx/mdps_list_operate.html HTTP/1.1" 200 208
180.169.147.146 - - [16/Feb/2023:12:28:12 +0800] "GET /xingrg/check_reg.html?_=1676521705743 HTTP/1.1" 200 22
120.253.135.82 - - [16/Feb/2023:12:28:12 +0800] "GET /xingrg/kc/pszx/mdps_order_info.html?code=312023021600345 HTTP/1.1" 200 23980
120.253.135.82 - - [16/Feb/2023:12:28:12 +0800] "GET /xingrg/javascript/easyui/themes/default/validatebox.css HTTP/1.1" 404 1104
120.253.135.82 - - [16/Feb/2023:12:28:12 +0800] "GET /xingrg/all/function/internal_message.html?_=1676521528982&CODE_STATE=getMsg HTTP/1.1" 200 27
120.253.135.82 - - [16/Feb/2023:12:28:12 +0800] "GET /xingrg/all/common/auto_word.html?type=base&rest_code=00101 HTTP/1.1" 200 671
120.253.135.82 - - [16/Feb/2023:12:28:12 +0800] "POST /xingrg/kc/pszx/mdps_order_operate.html HTTP/1.1" 200 2287
218.81.220.34 - - [16/Feb/2023:12:28:14 +0800] "GET /xingrg/all/function/internal_message.html?_=1676521723782&CODE_STATE=getMsg HTTP/1.1" 200 27
120.253.135.82 - - [16/Feb/2023:12:28:16 +0800] "POST /xingrg/kc/pszx/mdps_order_operate.html HTTP/1.1" 200 12
120.253.135.82 - - [16/Feb/2023:12:28:17 +0800] "POST /xingrg/kc/pszx/mdps_list_operate.html HTTP/1.1" 200 5324
222.70.177.73 - - [16/Feb/2023:12:28:18 +0800] "GET /xingrg/all/function/internal_message.html?_=1676521711804&CODE_STATE=getMsg HTTP/1.1" 200 27
58.39.108.153 - - [16/Feb/2023:12:28:20 +0800] "GET /xingrg/all/function/internal_message.html?_=1676521715253&CODE_STATE=getMsg HTTP/1.1" 200 27
180.169.147.146 - - [16/Feb/2023:12:28:21 +0800] "GET /xingrg/check_reg.html?_=1676521708517 HTTP/1.1" 200 22
101.83.145.75 - - [16/Feb/2023:12:28:21 +0800] "GET /xingrg/all/function/internal_message.html?_=1676521716470&CODE_STATE=getMsg HTTP/1.1" 200 27
222.70.177.73 - - [16/Feb/2023:12:28:22 +0800] "GET /xingrg/all/function/internal_message.html?_=1676521725558&CODE_STATE=getMsg HTTP/1.1" 200 27
116.235.93.82 - - [16/Feb/2023:12:28:26 +0800] "GET /xingrg/all/function/internal_message.html?_=1676521718707&CODE_STATE=getMsg HTTP/1.1" 200 27
114.83.218.175 - - [16/Feb/2023:12:28:26 +0800] "GET /xingrg/all/function/internal_message.html?_=1676521720986&CODE_STATE=getMsg HTTP/1.1" 200 27
180.169.147.146 - - [16/Feb/2023:12:28:31 +0800] "GET /xingrg/all/function/internal_message.html?_=1676521726117&CODE_STATE=getMsg HTTP/1.1" 200 27
58.39.108.153 - - [16/Feb/2023:12:28:31 +0800] "POST /xingrg/kc/buy/cgsh_list_operate.html HTTP/1.1" 200 562
116.192.124.172 - - [16/Feb/2023:12:28:32 +0800] "GET /xingrg/all/function/internal_message.html?_=1676521726582&CODE_STATE=getMsg HTTP/1.1" 200 27
58.39.108.153 - - [16/Feb/2023:12:28:33 +0800] "GET /xingrg/kc/buy/cgsh_order_info.html?code=212023021505087 HTTP/1.1" 200 63862
58.39.108.153 - - [16/Feb/2023:12:28:33 +0800] "GET /xingrg/javascript/easyui/themes/default/validatebox.css HTTP/1.1" 404 1104
58.39.108.153 - - [16/Feb/2023:12:28:34 +0800] "POST /xingrg/kc/buy/cgsh_order_operate.html HTTP/1.1" 200 25525
116.230.105.139 - - [16/Feb/2023:12:28:34 +0800] "GET /xingrg/all/function/internal_message.html?_=1676521713032&CODE_STATE=getMsg HTTP/1.1" 200 27
58.39.108.153 - - [16/Feb/2023:12:28:37 +0800] "GET /xingrg/kc/print/load_data.html?order_code=212023021505087&kc_code=cgsh&condition= HTTP/1.1" 200 10117
116.235.93.82 - - [16/Feb/2023:12:28:37 +0800] "GET /xingrg/all/function/internal_message.html?_=1676521976122&CODE_STATE=getMsg HTTP/1.1" 200 27
120.253.135.82 - - [16/Feb/2023:12:28:38 +0800] "GET /xingrg/kc/pszx/jzcl_ps.html HTTP/1.1" 200 7683
120.253.135.82 - - [16/Feb/2023:12:28:38 +0800] "POST /xingrg/all/common/load_tree.html?tree=area_rest_tree_json HTTP/1.1" 200 3499
120.253.135.82 - - [16/Feb/2023:12:28:38 +0800] "POST /xingrg/kc/pszx/jzcl_ps_operate.html HTTP/1.1" 200 2101
120.253.135.82 - - [16/Feb/2023:12:28:38 +0800] "POST /xingrg/kc/pszx/jzcl_ps_operate.html HTTP/1.1" 200 2101
222.70.177.73 - - [16/Feb/2023:12:28:41 +0800] "POST /xingrg/dwr/call/plaincall/AjaxReportQueryService.refreshCache.dwr HTTP/1.1" 200 78
222.70.177.73 - - [16/Feb/2023:12:28:42 +0800] "POST /xingrg/all/report/load_report_page.html HTTP/1.1" 200 8956
222.70.177.73 - - [16/Feb/2023:12:28:42 +0800] "GET /xingrg/servlets/image?cache=0.38893302286794595&image=px HTTP/1.1" 200 807
120.253.135.82 - - [16/Feb/2023:12:28:43 +0800] "POST /xingrg/kc/pszx/jzcl_ps_operate.html HTTP/1.1" 200 4
222.70.177.73 - - [16/Feb/2023:12:28:44 +0800] "GET /xingrg/all/report/report_query.html?isQuery=1&fileName=kc/buy/wlcg_cate_hz.xml&queryString=(CONVERT(char(10)%252Ca.order_time%252C%2520120)%253E%253D'2023-01-01')%2520and%2520(CONVERT(char(10)%252Ca.order_time%252C%2520120)%253C%253D'2023-01-31')%2520and%2520(a.supplier_code%2520in%2520('00100086'))%2520and%2520(a.supplier_code%253D'00100086')&queryText=%25E3%2580%2590%25E9%2587%2587%25E8%25B4%25AD%25E6%2597%25A5%25E6%259C%259F%253A2023-01-01%2520%25E8%2587%25B3%25202023-01-31%25E3%2580%2591%2520%25E5%25B9%25B6%25E4%25B8%2594%2520%2520%25E3%2580%2590%25E4%25BE%259B%25E5%25BA%2594%25E5%2595%2586%2520%253D%2520%25E9%2591%25AB%25E4%25BC%259F%25E9%25B2%258D%25E9%25B1%25BC%25EF%25BC%2588%25E9%2599%2588%25E5%25BD%25A9%25E6%2581%258B%25EF%25BC%2589%25E3%2580%2591%2520%25E5%25B9%25B6%25E4%25B8%2594%2520%25E3%2580%2590%25E4%25BE%259B%25E5%25BA%2594%25E5%2595%2586%253D%25E9%2591%25AB%25E4%25BC%259F%25E9%25B2%258D%25E9%25B1%25BC%25EF%25BC%2588%25E9%2599%2588%25E5%25BD%25A9%25E6%2581%258B%25EF%25BC%2589%25E3%2580%2591 HTTP/1.1" 200 54481
222.70.177.73 - - [16/Feb/2023:12:28:44 +0800] "GET /xingrg/dwr/interface/AjaxReportQueryService.js HTTP/1.1" 200 13203
222.70.177.73 - - [16/Feb/2023:12:28:44 +0800] "GET /xingrg/dwr/engine.js HTTP/1.1" 200 43631
120.253.135.82 - - [16/Feb/2023:12:28:44 +0800] "POST /xingrg/kc/pszx/jzcl_ps_operate.html HTTP/1.1" 200 1714
120.253.135.82 - - [16/Feb/2023:12:28:44 +0800] "GET /xingrg/kc/pszx/mdps_order_list.html HTTP/1.1" 200 21073
120.253.135.82 - - [16/Feb/2023:12:28:44 +0800] "POST /xingrg/kc/pszx/mdps_list_operate.html HTTP/1.1" 200 5383
222.70.177.73 - - [16/Feb/2023:12:28:46 +0800] "POST /xingrg/all/report/load_report_page.html HTTP/1.1" 200 19753
222.70.177.73 - - [16/Feb/2023:12:28:46 +0800] "GET /xingrg/servlets/image?cache=0.9278548223253289&image=px HTTP/1.1" 200 807
222.70.177.73 - - [16/Feb/2023:12:28:46 +0800] "POST /xingrg/all/report/load_report_page.html HTTP/1.1" 200 8715
222.70.177.73 - - [16/Feb/2023:12:28:46 +0800] "GET /xingrg/servlets/image?cache=0.7125143552630384&image=px HTTP/1.1" 200 807
124.78.159.25 - - [16/Feb/2023:12:28:46 +0800] "GET /xingrg/all/function/internal_message.html?_=1676521741565&CODE_STATE=getMsg HTTP/1.1" 200 27
120.253.135.82 - - [16/Feb/2023:12:28:48 +0800] "POST /xingrg/kc/pszx/mdps_list_operate.html HTTP/1.1" 200 621
116.238.139.35 - - [16/Feb/2023:12:28:49 +0800] "GET /xingrg/all/function/internal_message.html?_=1676521744644&CODE_STATE=getMsg HTTP/1.1" 200 27
116.238.139.35 - - [16/Feb/2023:12:28:49 +0800] "GET /xingrg/check_reg.html?_=1676521744646 HTTP/1.1" 200 22
120.253.135.82 - - [16/Feb/2023:12:28:50 +0800] "POST /xingrg/kc/pszx/mdps_list_operate.html HTTP/1.1" 200 594
222.70.177.73 - - [16/Feb/2023:12:28:50 +0800] "GET /xingrg/all/report/report_query.html?isQuery=1&fileName=kc/buy/wlcg_cate_hz.xml&queryString=(CONVERT(char(10)%252Ca.order_time%252C%2520120)%253E%253D'2023-01-01')%2520and%2520(CONVERT(char(10)%252Ca.order_time%252C%2520120)%253C%253D'2023-01-31')%2520and%2520(a.supplier_code%2520in%2520('00100086'))%2520and%2520(a.supplier_code%253D'00100086')&queryText=%25E3%2580%2590%25E9%2587%2587%25E8%25B4%25AD%25E6%2597%25A5%25E6%259C%259F%253A2023-01-01%2520%25E8%2587%25B3%25202023-01-31%25E3%2580%2591%2520%25E5%25B9%25B6%25E4%25B8%2594%2520%2520%25E3%2580%2590%25E4%25BE%259B%25E5%25BA%2594%25E5%2595%2586%2520%253D%2520%25E9%2591%25AB%25E4%25BC%259F%25E9%25B2%258D%25E9%25B1%25BC%25EF%25BC%2588%25E9%2599%2588%25E5%25BD%25A9%25E6%2581%258B%25EF%25BC%2589%25E3%2580%2591%2520%25E5%25B9%25B6%25E4%25B8%2594%2520%25E3%2580%2590%25E4%25BE%259B%25E5%25BA%2594%25E5%2595%2586%253D%25E9%2591%25AB%25E4%25BC%259F%25E9%25B2%258D%25E9%25B1%25BC%25EF%25BC%2588%25E9%2599%2588%25E5%25BD%25A9%25E6%2581%258B%25EF%25BC%2589%25E3%2580%2591 HTTP/1.1" 200 54481
222.70.177.73 - - [16/Feb/2023:12:28:50 +0800] "GET /xingrg/dwr/interface/AjaxReportQueryService.js HTTP/1.1" 200 13203
222.70.177.73 - - [16/Feb/2023:12:28:50 +0800] "GET /xingrg/dwr/engine.js HTTP/1.1" 200 43631
222.70.177.73 - - [16/Feb/2023:12:28:51 +0800] "POST /xingrg/all/report/load_report_page.html HTTP/1.1" 200 19768
222.70.177.73 - - [16/Feb/2023:12:28:51 +0800] "GET /xingrg/servlets/image?cache=0.09179229493861485&image=px HTTP/1.1" 200 807
222.70.177.73 - - [16/Feb/2023:12:28:51 +0800] "POST /xingrg/all/report/load_report_page.html HTTP/1.1" 200 8715
222.70.177.73 - - [16/Feb/2023:12:28:51 +0800] "GET /xingrg/servlets/image?cache=0.7388262802574173&image=px HTTP/1.1" 200 807
101.83.145.75 - - [16/Feb/2023:12:28:53 +0800] "GET /xingrg/kc/base/wldb_order_operate.html?command=get_materiel&rest_code=00105&base_code=0010508&code=00102002448 HTTP/1.1" 200 440
120.253.135.82 - - [16/Feb/2023:12:28:53 +0800] "POST /xingrg/kc/pszx/mdps_list_operate.html HTTP/1.1" 200 617
180.162.114.226 - - [16/Feb/2023:12:28:54 +0800] "GET /xingrg/all/function/internal_message.html?_=1676520688702&CODE_STATE=getMsg HTTP/1.1" 200 27
222.70.177.73 - - [16/Feb/2023:12:28:54 +0800] "GET /xingrg/all/report/report_query.html?isQuery=1&fileName=kc/buy/wlcg_cate_hz.xml&queryString=(CONVERT(char(10)%252Ca.order_time%252C%2520120)%253E%253D'2023-01-01')%2520and%2520(CONVERT(char(10)%252Ca.order_time%252C%2520120)%253C%253D'2023-01-31')%2520and%2520(a.supplier_code%2520in%2520('00100086'))%2520and%2520(a.supplier_code%253D'00100086')&queryText=%25E3%2580%2590%25E9%2587%2587%25E8%25B4%25AD%25E6%2597%25A5%25E6%259C%259F%253A2023-01-01%2520%25E8%2587%25B3%25202023-01-31%25E3%2580%2591%2520%25E5%25B9%25B6%25E4%25B8%2594%2520%2520%25E3%2580%2590%25E4%25BE%259B%25E5%25BA%2594%25E5%2595%2586%2520%253D%2520%25E9%2591%25AB%25E4%25BC%259F%25E9%25B2%258D%25E9%25B1%25BC%25EF%25BC%2588%25E9%2599%2588%25E5%25BD%25A9%25E6%2581%258B%25EF%25BC%2589%25E3%2580%2591%2520%25E5%25B9%25B6%25E4%25B8%2594%2520%25E3%2580%2590%25E4%25BE%259B%25E5%25BA%2594%25E5%2595%2586%253D%25E9%2591%25AB%25E4%25BC%259F%25E9%25B2%258D%25E9%25B1%25BC%25EF%25BC%2588%25E9%2599%2588%25E5%25BD%25A9%25E6%2581%258B%25EF%25BC%2589%25E3%2580%2591 HTTP/1.1" 200 54481
222.70.177.73 - - [16/Feb/2023:12:28:54 +0800] "GET /xingrg/dwr/interface/AjaxReportQueryService.js HTTP/1.1" 200 13203
222.70.177.73 - - [16/Feb/2023:12:28:54 +0800] "GET /xingrg/dwr/engine.js HTTP/1.1" 200 43631
101.229.22.234 - - [16/Feb/2023:12:28:54 +0800] "GET /xingrg/all/function/internal_message.html?_=1676521749307&CODE_STATE=getMsg HTTP/1.1" 200 27
222.70.177.73 - - [16/Feb/2023:12:28:55 +0800] "POST /xingrg/all/report/load_report_page.html HTTP/1.1" 200 8715
222.70.177.73 - - [16/Feb/2023:12:28:55 +0800] "GET /xingrg/servlets/image?cache=0.5046570023145027&image=px HTTP/1.1" 200 807
120.253.135.82 - - [16/Feb/2023:12:28:55 +0800] "POST /xingrg/kc/pszx/mdps_list_operate.html HTTP/1.1" 200 290
222.70.177.73 - - [16/Feb/2023:12:28:56 +0800] "POST /xingrg/all/report/load_report_page.html HTTP/1.1" 200 19753
222.70.177.73 - - [16/Feb/2023:12:28:56 +0800] "GET /xingrg/servlets/image?cache=0.4698602286213791&image=px HTTP/1.1" 200 807
222.70.177.73 - - [16/Feb/2023:12:28:57 +0800] "POST /xingrg/all/report/report_print.html HTTP/1.1" 302 -
222.70.177.73 - - [16/Feb/2023:12:28:57 +0800] "GET /xingrg/servlets/html?sysBaseUrl=http%3A%2F%2F180.169.147.146%3A18081%2Fxingrg%2F&costTime=387×tamp=1676521737674 HTTP/1.1" 200 20944
222.70.177.73 - - [16/Feb/2023:12:28:57 +0800] "GET /xingrg/servlets/image?image=px HTTP/1.1" 200 807
222.70.177.73 - - [16/Feb/2023:12:28:57 +0800] "GET /favicon.ico HTTP/1.1" 404 -
120.253.135.82 - - [16/Feb/2023:12:28:59 +0800] "POST /xingrg/kc/pszx/mdps_list_operate.html HTTP/1.1" 200 5498
222.67.238.61 - - [16/Feb/2023:12:29:00 +0800] "GET /xingrg/all/function/internal_message.html?_=1676521319221&CODE_STATE=getMsg HTTP/1.1" 200 27
120.253.135.82 - - [16/Feb/2023:12:29:01 +0800] "POST /xingrg/kc/pszx/mdps_list_operate.html HTTP/1.1" 200 284
120.253.135.82 - - [16/Feb/2023:12:29:03 +0800] "GET /xingrg/kc/pszx/mdps_order_info.html?code=312023021600346 HTTP/1.1" 200 23970
120.253.135.82 - - [16/Feb/2023:12:29:04 +0800] "GET /xingrg/all/common/auto_word.html?type=base&rest_code=00101 HTTP/1.1" 200 671
120.253.135.82 - - [16/Feb/2023:12:29:04 +0800] "GET /xingrg/javascript/easyui/themes/default/validatebox.css HTTP/1.1" 404 1104
120.253.135.82 - - [16/Feb/2023:12:29:04 +0800] "POST /xingrg/kc/pszx/mdps_order_operate.html HTTP/1.1" 200 2757
124.78.159.25 - - [16/Feb/2023:12:29:04 +0800] "GET /xingrg/check_reg.html?_=1676521756523 HTTP/1.1" 200 22
58.40.7.146 - - [16/Feb/2023:12:29:06 +0800] "GET /xingrg/all/function/internal_message.html?_=1676521760837&CODE_STATE=getMsg HTTP/1.1" 200 27
58.40.7.146 - - [16/Feb/2023:12:29:06 +0800] "GET /xingrg/check_reg.html?_=1676521760839 HTTP/1.1" 200 22
221.239.170.112 - - [16/Feb/2023:12:29:06 +0800] "GET /xingrg/all/function/internal_message.html?_=1676521761049&CODE_STATE=getMsg HTTP/1.1" 200 27
124.79.72.155 - - [16/Feb/2023:12:29:06 +0800] "GET /xingrg/all/function/internal_message.html?_=1676521764284&CODE_STATE=getMsg HTTP/1.1" 200 27
120.253.135.82 - - [16/Feb/2023:12:29:06 +0800] "GET /xingrg/all/function/internal_message.html?_=1676521887130&CODE_STATE=getMsg HTTP/1.1" 200 27
120.253.135.82 - - [16/Feb/2023:12:29:06 +0800] "GET /xingrg/check_reg.html?_=1676521887134 HTTP/1.1" 200 22
120.253.135.82 - - [16/Feb/2023:12:29:09 +0800] "POST /xingrg/kc/pszx/mdps_order_operate.html HTTP/1.1" 200 37
120.253.135.82 - - [16/Feb/2023:12:29:10 +0800] "GET /xingrg/kc/pszx/mdps_order_info.html?code=312023021600346 HTTP/1.1" 200 23970
180.163.28.114 - - [16/Feb/2023:12:29:10 +0800] "GET /xingrg/all/function/internal_message.html?_=1676521702870&CODE_STATE=getMsg HTTP/1.1" 302 -
120.253.135.82 - - [16/Feb/2023:12:29:10 +0800] "GET /xingrg/all/common/auto_word.html?type=base&rest_code=00101 HTTP/1.1" 200 671
120.253.135.82 - - [16/Feb/2023:12:29:10 +0800] "GET /xingrg/javascript/easyui/themes/default/validatebox.css HTTP/1.1" 404 1104
180.163.28.114 - - [16/Feb/2023:12:29:10 +0800] "GET /xingrg/login.html HTTP/1.1" 200 7641
120.253.135.82 - - [16/Feb/2023:12:29:10 +0800] "POST /xingrg/kc/pszx/mdps_order_operate.html HTTP/1.1" 200 2772
124.78.159.25 - - [16/Feb/2023:12:29:11 +0800] "GET /xingrg/all/function/internal_message.html?_=1676521762852&CODE_STATE=getMsg HTTP/1.1" 200 27
120.253.135.82 - - [16/Feb/2023:12:29:12 +0800] "GET /xingrg/all/function/internal_message.html?_=1676521589011&CODE_STATE=getMsg HTTP/1.1" 200 27
218.81.220.34 - - [16/Feb/2023:12:29:14 +0800] "GET /xingrg/all/function/internal_message.html?_=1676521783796&CODE_STATE=getMsg HTTP/1.1" 200 27
120.253.135.82 - - [16/Feb/2023:12:29:18 +0800] "POST /xingrg/kc/pszx/mdps_list_operate.html HTTP/1.1" 200 5383
222.70.177.73 - - [16/Feb/2023:12:29:18 +0800] "GET /xingrg/all/function/internal_message.html?_=1676521771781&CODE_STATE=getMsg HTTP/1.1" 200 27
58.39.108.153 - - [16/Feb/2023:12:29:20 +0800] "GET /xingrg/all/function/internal_message.html?_=1676521775242&CODE_STATE=getMsg HTTP/1.1" 200 27
101.83.145.75 - - [16/Feb/2023:12:29:21 +0800] "GET /xingrg/all/function/internal_message.html?_=1676521776474&CODE_STATE=getMsg HTTP/1.1" 200 27
120.253.135.82 - - [16/Feb/2023:12:29:21 +0800] "POST /xingrg/kc/pszx/mdps_list_operate.html HTTP/1.1" 200 290
222.70.177.73 - - [16/Feb/2023:12:29:22 +0800] "GET /xingrg/all/function/internal_message.html?_=1676521785558&CODE_STATE=getMsg HTTP/1.1" 200 27
120.253.135.82 - - [16/Feb/2023:12:29:22 +0800] "GET /xingrg/kc/pszx/mdps_order_info.html?code=312023021600330 HTTP/1.1" 200 23970
120.253.135.82 - - [16/Feb/2023:12:29:22 +0800] "GET /xingrg/all/common/auto_word.html?type=base&rest_code=00101 HTTP/1.1" 200 671
120.253.135.82 - - [16/Feb/2023:12:29:22 +0800] "GET /xingrg/javascript/easyui/themes/default/validatebox.css HTTP/1.1" 404 1104
120.253.135.82 - - [16/Feb/2023:12:29:22 +0800] "POST /xingrg/kc/pszx/mdps_order_operate.html HTTP/1.1" 200 2800
120.253.135.82 - - [16/Feb/2023:12:29:24 +0800] "POST /xingrg/kc/pszx/mdps_list_operate.html HTTP/1.1" 200 5383
120.253.135.82 - - [16/Feb/2023:12:29:26 +0800] "POST /xingrg/kc/pszx/mdps_list_operate.html HTTP/1.1" 200 621
116.235.93.82 - - [16/Feb/2023:12:29:26 +0800] "GET /xingrg/all/function/internal_message.html?_=1676521778703&CODE_STATE=getMsg HTTP/1.1" 200 27
120.253.135.82 - - [16/Feb/2023:12:29:26 +0800] "GET /xingrg/kc/pszx/mdps_order_info.html?code=312023021600327 HTTP/1.1" 200 23970
120.253.135.82 - - [16/Feb/2023:12:29:26 +0800] "GET /xingrg/all/common/auto_word.html?type=base&rest_code=00101 HTTP/1.1" 200 671
120.253.135.82 - - [16/Feb/2023:12:29:26 +0800] "GET /xingrg/javascript/easyui/themes/default/validatebox.css HTTP/1.1" 404 1104
120.253.135.82 - - [16/Feb/2023:12:29:26 +0800] "POST /xingrg/kc/pszx/mdps_order_operate.html HTTP/1.1" 200 11329
114.83.218.175 - - [16/Feb/2023:12:29:26 +0800] "GET /xingrg/all/function/internal_message.html?_=1676521780996&CODE_STATE=getMsg HTTP/1.1" 200 27
120.253.135.82 - - [16/Feb/2023:12:29:31 +0800] "POST /xingrg/kc/pszx/mdps_list_operate.html HTTP/1.1" 200 5383
180.169.147.146 - - [16/Feb/2023:12:29:31 +0800] "GET /xingrg/check_reg.html?_=1676521786142 HTTP/1.1" 200 22
180.169.147.146 - - [16/Feb/2023:12:29:31 +0800] "GET /xingrg/all/function/internal_message.html?_=1676521786143&CODE_STATE=getMsg HTTP/1.1" 200 27
116.192.124.172 - - [16/Feb/2023:12:29:32 +0800] "GET /xingrg/all/function/internal_message.html?_=1676521786572&CODE_STATE=getMsg HTTP/1.1" 200 27
120.253.135.82 - - [16/Feb/2023:12:29:33 +0800] "POST /xingrg/kc/pszx/mdps_list_operate.html HTTP/1.1" 200 594
120.253.135.82 - - [16/Feb/2023:12:29:34 +0800] "GET /xingrg/kc/pszx/mdps_order_info.html?code=312023021600328 HTTP/1.1" 200 23970
120.253.135.82 - - [16/Feb/2023:12:29:34 +0800] "GET /xingrg/all/common/auto_word.html?type=base&rest_code=00101 HTTP/1.1" 200 671
120.253.135.82 - - [16/Feb/2023:12:29:34 +0800] "GET /xingrg/javascript/easyui/themes/default/validatebox.css HTTP/1.1" 404 1104
120.253.135.82 - - [16/Feb/2023:12:29:34 +0800] "POST /xingrg/kc/pszx/mdps_order_operate.html HTTP/1.1" 200 19682
116.230.105.139 - - [16/Feb/2023:12:29:34 +0800] "GET /xingrg/all/function/internal_message.html?_=1676521773028&CODE_STATE=getMsg HTTP/1.1" 200 27
116.235.93.82 - - [16/Feb/2023:12:29:37 +0800] "GET /xingrg/all/function/internal_message.html?_=1676522036117&CODE_STATE=getMsg HTTP/1.1" 200 27
120.253.135.82 - - [16/Feb/2023:12:29:39 +0800] "POST /xingrg/kc/pszx/mdps_list_operate.html HTTP/1.1" 200 5383
120.253.135.82 - - [16/Feb/2023:12:29:41 +0800] "POST /xingrg/kc/pszx/mdps_list_operate.html HTTP/1.1" 200 621
120.253.135.82 - - [16/Feb/2023:12:29:41 +0800] "GET /xingrg/kc/pszx/mdps_order_info.html?code=312023021600327 HTTP/1.1" 200 23970
120.253.135.82 - - [16/Feb/2023:12:29:41 +0800] "GET /xingrg/javascript/easyui/themes/default/validatebox.css HTTP/1.1" 404 1104
120.253.135.82 - - [16/Feb/2023:12:29:41 +0800] "GET /xingrg/all/common/auto_word.html?type=base&rest_code=00101 HTTP/1.1" 200 671
120.253.135.82 - - [16/Feb/2023:12:29:41 +0800] "POST /xingrg/kc/pszx/mdps_order_operate.html HTTP/1.1" 200 11329
221.239.170.112 - - [16/Feb/2023:12:29:45 +0800] "GET /xingrg/check_reg.html?_=1676521800707 HTTP/1.1" 200 22
124.78.159.25 - - [16/Feb/2023:12:29:46 +0800] "GET /xingrg/all/function/internal_message.html?_=1676521801569&CODE_STATE=getMsg HTTP/1.1" 200 27
120.253.135.82 - - [16/Feb/2023:12:29:48 +0800] "GET /xingrg/kc/pszx/mdps_order_operate.html?command=get_materiel&pszx_code=00101&rest_code=00105&base_code=0010246&code=00101008500 HTTP/1.1" 200 442
116.238.139.35 - - [16/Feb/2023:12:29:49 +0800] "GET /xingrg/all/function/internal_message.html?_=1676521804645&CODE_STATE=getMsg HTTP/1.1" 200 27
120.253.135.82 - - [16/Feb/2023:12:29:50 +0800] "POST /xingrg/all/common/load_select.html HTTP/1.1" 200 25
120.253.135.82 - - [16/Feb/2023:12:29:53 +0800] "GET /xingrg/kc/pszx/mdps_order_operate.html?command=get_materiel_price&pszx_code=00101&rest_code=00105&base_code=0010246&code=00101008500&unit_code=00100037&order_time=2023-02-17 HTTP/1.1" 200 35
180.162.114.226 - - [16/Feb/2023:12:29:54 +0800] "GET /xingrg/all/function/internal_message.html?_=1676520748687&CODE_STATE=getMsg HTTP/1.1" 200 27
101.229.22.234 - - [16/Feb/2023:12:29:54 +0800] "GET /xingrg/all/function/internal_message.html?_=1676521809314&CODE_STATE=getMsg HTTP/1.1" 200 27
222.67.238.61 - - [16/Feb/2023:12:29:59 +0800] "GET /xingrg/check_reg.html?_=1676521379137 HTTP/1.1" 200 22
222.67.238.61 - - [16/Feb/2023:12:29:59 +0800] "GET /xingrg/all/function/internal_message.html?_=1676521379138&CODE_STATE=getMsg HTTP/1.1" 200 27
58.39.108.153 - - [16/Feb/2023:12:30:01 +0800] "POST /xingrg/kc/buy/cgsh_list_operate.html HTTP/1.1" 200 6178
120.253.135.82 - - [16/Feb/2023:12:30:02 +0800] "POST /xingrg/kc/pszx/mdps_order_operate.html HTTP/1.1" 200 37
120.253.135.82 - - [16/Feb/2023:12:30:03 +0800] "GET /xingrg/kc/pszx/mdps_order_info.html?code=312023021600327 HTTP/1.1" 200 23970
120.253.135.82 - - [16/Feb/2023:12:30:04 +0800] "GET /xingrg/all/common/auto_word.html?type=base&rest_code=00101 HTTP/1.1" 200 671
120.253.135.82 - - [16/Feb/2023:12:30:04 +0800] "GET /xingrg/javascript/easyui/themes/default/validatebox.css HTTP/1.1" 404 1104
120.253.135.82 - - [16/Feb/2023:12:30:04 +0800] "POST /xingrg/kc/pszx/mdps_order_operate.html HTTP/1.1" 200 11816
58.40.7.146 - - [16/Feb/2023:12:30:06 +0800] "GET /xingrg/all/function/internal_message.html?_=1676521820841&CODE_STATE=getMsg HTTP/1.1" 200 27
221.239.170.112 - - [16/Feb/2023:12:30:06 +0800] "GET /xingrg/all/function/internal_message.html?_=1676521821027&CODE_STATE=getMsg HTTP/1.1" 200 27
124.79.72.155 - - [16/Feb/2023:12:30:06 +0800] "GET /xingrg/all/function/internal_message.html?_=1676521824284&CODE_STATE=getMsg HTTP/1.1" 200 27
120.253.135.82 - - [16/Feb/2023:12:30:07 +0800] "GET /xingrg/all/function/internal_message.html?_=1676521947138&CODE_STATE=getMsg HTTP/1.1" 200 27
120.253.135.82 - - [16/Feb/2023:12:30:07 +0800] "POST /xingrg/kc/pszx/mdps_list_operate.html HTTP/1.1" 200 5383
120.253.135.82 - - [16/Feb/2023:12:30:10 +0800] "POST /xingrg/kc/pszx/mdps_list_operate.html HTTP/1.1" 200 5498
58.39.108.153 - - [16/Feb/2023:12:30:10 +0800] "GET /favicon.ico HTTP/1.1" 404 -
58.39.108.153 - - [16/Feb/2023:12:30:11 +0800] "GET /favicon.ico HTTP/1.1" 404 -
124.78.159.25 - - [16/Feb/2023:12:30:11 +0800] "GET /xingrg/all/function/internal_message.html?_=1676521822823&CODE_STATE=getMsg HTTP/1.1" 200 27
120.253.135.82 - - [16/Feb/2023:12:30:11 +0800] "POST /xingrg/kc/pszx/mdps_list_operate.html HTTP/1.1" 200 284
120.253.135.82 - - [16/Feb/2023:12:30:11 +0800] "GET /xingrg/kc/pszx/mdps_order_info.html?code=312023021600346 HTTP/1.1" 200 23970
120.253.135.82 - - [16/Feb/2023:12:30:11 +0800] "GET /xingrg/javascript/easyui/themes/default/validatebox.css HTTP/1.1" 404 1104
120.253.135.82 - - [16/Feb/2023:12:30:11 +0800] "GET /xingrg/all/common/auto_word.html?type=base&rest_code=00101 HTTP/1.1" 200 671
120.253.135.82 - - [16/Feb/2023:12:30:11 +0800] "POST /xingrg/kc/pszx/mdps_order_operate.html HTTP/1.1" 200 2772
120.253.135.82 - - [16/Feb/2023:12:30:12 +0800] "GET /xingrg/all/function/internal_message.html?_=1676521649026&CODE_STATE=getMsg HTTP/1.1" 200 27
218.81.220.34 - - [16/Feb/2023:12:30:14 +0800] "GET /xingrg/all/function/internal_message.html?_=1676521843846&CODE_STATE=getMsg HTTP/1.1" 200 27
222.70.177.73 - - [16/Feb/2023:12:30:17 +0800] "POST /xingrg/dwr/call/plaincall/AjaxReportQueryService.refreshCache.dwr HTTP/1.1" 200 78
222.70.177.73 - - [16/Feb/2023:12:30:18 +0800] "POST /xingrg/all/report/load_report_page.html HTTP/1.1" 200 8924
222.70.177.73 - - [16/Feb/2023:12:30:18 +0800] "GET /xingrg/servlets/image?cache=0.9938759934026534&image=px HTTP/1.1" 200 807
120.253.135.82 - - [16/Feb/2023:12:30:18 +0800] "POST /xingrg/kc/pszx/mdps_order_operate.html HTTP/1.1" 200 37
222.70.177.73 - - [16/Feb/2023:12:30:18 +0800] "GET /xingrg/all/function/internal_message.html?_=1676521831756&CODE_STATE=getMsg HTTP/1.1" 200 27
120.253.135.82 - - [16/Feb/2023:12:30:19 +0800] "GET /xingrg/kc/pszx/mdps_order_info.html?code=312023021600346 HTTP/1.1" 200 23970
120.253.135.82 - - [16/Feb/2023:12:30:19 +0800] "GET /xingrg/all/common/auto_word.html?type=base&rest_code=00101 HTTP/1.1" 200 671
120.253.135.82 - - [16/Feb/2023:12:30:19 +0800] "GET /xingrg/javascript/easyui/themes/default/validatebox.css HTTP/1.1" 404 1104
120.253.135.82 - - [16/Feb/2023:12:30:19 +0800] "POST /xingrg/kc/pszx/mdps_order_operate.html HTTP/1.1" 200 2283
222.70.177.73 - - [16/Feb/2023:12:30:19 +0800] "GET /xingrg/all/report/report_query.html?isQuery=1&fileName=kc/buy/wlcg_cate_hz.xml&queryString=(CONVERT(char(10)%252Ca.order_time%252C%2520120)%253E%253D'2023-01-01')%2520and%2520(CONVERT(char(10)%252Ca.order_time%252C%2520120)%253C%253D'2023-01-31')%2520and%2520(a.supplier_code%2520in%2520('00100087'))%2520and%2520(a.supplier_code%253D'00100087')&queryText=%25E3%2580%2590%25E9%2587%2587%25E8%25B4%25AD%25E6%2597%25A5%25E6%259C%259F%253A2023-01-01%2520%25E8%2587%25B3%25202023-01-31%25E3%2580%2591%2520%25E5%25B9%25B6%25E4%25B8%2594%2520%2520%25E3%2580%2590%25E4%25BE%259B%25E5%25BA%2594%25E5%2595%2586%2520%253D%2520%25E9%25BE%2599%25E8%2599%25BE%25EF%25BC%2588%25E9%2583%2591%25E6%25B5%25B7%25E6%25BB%25A8%25EF%25BC%2589%25E3%2580%2591%2520%25E5%25B9%25B6%25E4%25B8%2594%2520%25E3%2580%2590%25E4%25BE%259B%25E5%25BA%2594%25E5%2595%2586%253D%25E9%25BE%2599%25E8%2599%25BE%25EF%25BC%2588%25E9%2583%2591%25E6%25B5%25B7%25E6%25BB%25A8%25EF%25BC%2589%25E3%2580%2591 HTTP/1.1" 200 54465
222.70.177.73 - - [16/Feb/2023:12:30:20 +0800] "GET /xingrg/dwr/interface/AjaxReportQueryService.js HTTP/1.1" 200 13203
222.70.177.73 - - [16/Feb/2023:12:30:20 +0800] "GET /xingrg/dwr/engine.js HTTP/1.1" 200 43631
222.70.177.73 - - [16/Feb/2023:12:30:20 +0800] "GET /xingrg/check_reg.html?_=1676521833441 HTTP/1.1" 200 22
222.70.177.73 - - [16/Feb/2023:12:30:22 +0800] "GET /xingrg/all/function/internal_message.html?_=1676521845570&CODE_STATE=getMsg HTTP/1.1" 200 27
222.70.177.73 - - [16/Feb/2023:12:30:22 +0800] "POST /xingrg/all/report/load_report_page.html HTTP/1.1" 200 8716
222.70.177.73 - - [16/Feb/2023:12:30:22 +0800] "GET /xingrg/servlets/image?cache=0.7184737029336414&image=px HTTP/1.1" 200 807
101.83.145.75 - - [16/Feb/2023:12:30:23 +0800] "POST /xingrg/kc/base/wldb_order_operate.html HTTP/1.1" 200 37
222.70.177.73 - - [16/Feb/2023:12:30:23 +0800] "POST /xingrg/all/report/load_report_page.html HTTP/1.1" 200 16429
222.70.177.73 - - [16/Feb/2023:12:30:23 +0800] "GET /xingrg/servlets/image?cache=0.9791964788195275&image=px HTTP/1.1" 200 807
101.83.145.75 - - [16/Feb/2023:12:30:23 +0800] "POST /xingrg/kc/base/wldb_order_operate.html HTTP/1.1" 200 4168
222.70.177.73 - - [16/Feb/2023:12:30:23 +0800] "POST /xingrg/all/report/report_print.html HTTP/1.1" 302 -
222.70.177.73 - - [16/Feb/2023:12:30:24 +0800] "GET /xingrg/servlets/html?sysBaseUrl=http%3A%2F%2F180.169.147.146%3A18081%2Fxingrg%2F&costTime=479×tamp=1676521823979 HTTP/1.1" 200 17882
222.70.177.73 - - [16/Feb/2023:12:30:24 +0800] "GET /xingrg/servlets/image?image=px HTTP/1.1" 200 807
222.70.177.73 - - [16/Feb/2023:12:30:24 +0800] "GET /favicon.ico HTTP/1.1" 404 -
116.235.93.82 - - [16/Feb/2023:12:30:26 +0800] "GET /xingrg/all/function/internal_message.html?_=1676521838719&CODE_STATE=getMsg HTTP/1.1" 200 27
114.83.218.175 - - [16/Feb/2023:12:30:26 +0800] "GET /xingrg/all/function/internal_message.html?_=1676521840997&CODE_STATE=getMsg HTTP/1.1" 200 27
101.83.145.75 - - [16/Feb/2023:12:30:28 +0800] "GET /xingrg/kc/base/wldb_order_info.html?code=422023021601177 HTTP/1.1" 200 30437
101.83.145.75 - - [16/Feb/2023:12:30:28 +0800] "GET /xingrg/javascript/easyui/themes/default/validatebox.css HTTP/1.1" 404 1104
101.83.145.75 - - [16/Feb/2023:12:30:29 +0800] "POST /xingrg/kc/base/wldb_order_operate.html HTTP/1.1" 200 4168
180.169.147.146 - - [16/Feb/2023:12:30:31 +0800] "GET /xingrg/all/function/internal_message.html?_=1676521846141&CODE_STATE=getMsg HTTP/1.1" 200 27
101.83.145.75 - - [16/Feb/2023:12:30:32 +0800] "GET /xingrg/kc/base/wldb_order_add.html HTTP/1.1" 200 30422
101.83.145.75 - - [16/Feb/2023:12:30:32 +0800] "POST /xingrg/kc/base/wldb_order_operate.html HTTP/1.1" 200 6806
116.192.124.172 - - [16/Feb/2023:12:30:32 +0800] "GET /xingrg/all/function/internal_message.html?_=1676521846548&CODE_STATE=getMsg HTTP/1.1" 200 27
101.83.145.75 - - [16/Feb/2023:12:30:32 +0800] "GET /xingrg/javascript/easyui/themes/default/validatebox.css HTTP/1.1" 404 1104
116.192.124.172 - - [16/Feb/2023:12:30:34 +0800] "GET /xingrg/check_reg.html?_=1676521848039 HTTP/1.1" 200 22
116.230.105.139 - - [16/Feb/2023:12:30:34 +0800] "GET /xingrg/all/function/internal_message.html?_=1676521833016&CODE_STATE=getMsg HTTP/1.1" 200 27
116.230.105.139 - - [16/Feb/2023:12:30:34 +0800] "GET /xingrg/check_reg.html?_=1676521833018 HTTP/1.1" 200 22
101.83.145.75 - - [16/Feb/2023:12:30:34 +0800] "POST /xingrg/all/common/load_combo.html?type=base HTTP/1.1" 200 3409
116.235.93.82 - - [16/Feb/2023:12:30:37 +0800] "GET /xingrg/all/function/internal_message.html?_=1676522096120&CODE_STATE=getMsg HTTP/1.1" 200 27
124.78.159.25 - - [16/Feb/2023:12:30:46 +0800] "GET /xingrg/all/function/internal_message.html?_=1676521861573&CODE_STATE=getMsg HTTP/1.1" 200 27
116.238.139.35 - - [16/Feb/2023:12:30:49 +0800] "GET /xingrg/all/function/internal_message.html?_=1676521864653&CODE_STATE=getMsg HTTP/1.1" 200 27
180.162.114.226 - - [16/Feb/2023:12:30:54 +0800] "GET /xingrg/all/function/internal_message.html?_=1676520808687&CODE_STATE=getMsg HTTP/1.1" 200 27
101.229.22.234 - - [16/Feb/2023:12:30:54 +0800] "GET /xingrg/all/function/internal_message.html?_=1676521869302&CODE_STATE=getMsg HTTP/1.1" 200 27
222.67.238.61 - - [16/Feb/2023:12:30:59 +0800] "GET /xingrg/all/function/internal_message.html?_=1676521439137&CODE_STATE=getMsg HTTP/1.1" 200 27
58.40.7.146 - - [16/Feb/2023:12:31:06 +0800] "GET /xingrg/all/function/internal_message.html?_=1676521880844&CODE_STATE=getMsg HTTP/1.1" 200 27
221.239.170.112 - - [16/Feb/2023:12:31:06 +0800] "GET /xingrg/all/function/internal_message.html?_=1676521881013&CODE_STATE=getMsg HTTP/1.1" 200 27
124.79.72.155 - - [16/Feb/2023:12:31:06 +0800] "GET /xingrg/all/function/internal_message.html?_=1676521884286&CODE_STATE=getMsg HTTP/1.1" 200 27
124.79.72.155 - - [16/Feb/2023:12:31:06 +0800] "GET /xingrg/check_reg.html?_=1676521884289 HTTP/1.1" 200 22
120.253.135.82 - - [16/Feb/2023:12:31:07 +0800] "GET /xingrg/all/function/internal_message.html?_=1676522007141&CODE_STATE=getMsg HTTP/1.1" 200 27
120.253.135.82 - - [16/Feb/2023:12:31:12 +0800] "GET /xingrg/all/function/internal_message.html?_=1676521709053&CODE_STATE=getMsg HTTP/1.1" 200 27
218.81.220.34 - - [16/Feb/2023:12:31:14 +0800] "GET /xingrg/all/function/internal_message.html?_=1676521903855&CODE_STATE=getMsg HTTP/1.1" 200 27
222.70.177.73 - - [16/Feb/2023:12:31:18 +0800] "GET /xingrg/all/function/internal_message.html?_=1676521891727&CODE_STATE=getMsg HTTP/1.1" 200 27
101.83.145.75 - - [16/Feb/2023:12:31:21 +0800] "GET /xingrg/all/function/internal_message.html?_=1676521896443&CODE_STATE=getMsg HTTP/1.1" 200 27
101.83.145.75 - - [16/Feb/2023:12:31:21 +0800] "GET /xingrg/check_reg.html?_=1676521896446 HTTP/1.1" 200 22
222.70.177.73 - - [16/Feb/2023:12:31:22 +0800] "GET /xingrg/check_reg.html?_=1676521905557 HTTP/1.1" 200 22
222.70.177.73 - - [16/Feb/2023:12:31:22 +0800] "GET /xingrg/all/function/internal_message.html?_=1676521905562&CODE_STATE=getMsg HTTP/1.1" 200 27
124.78.159.25 - - [16/Feb/2023:12:31:23 +0800] "GET /xingrg/all/function/internal_message.html?_=1676521882794&CODE_STATE=getMsg HTTP/1.1" 200 27
116.235.93.82 - - [16/Feb/2023:12:31:26 +0800] "GET /xingrg/check_reg.html?_=1676521898705 HTTP/1.1" 200 22
116.235.93.82 - - [16/Feb/2023:12:31:26 +0800] "GET /xingrg/all/function/internal_message.html?_=1676521898708&CODE_STATE=getMsg HTTP/1.1" 200 27
114.83.218.175 - - [16/Feb/2023:12:31:26 +0800] "GET /xingrg/all/function/internal_message.html?_=1676521901002&CODE_STATE=getMsg HTTP/1.1" 200 27
180.169.147.146 - - [16/Feb/2023:12:31:31 +0800] "GET /xingrg/all/function/internal_message.html?_=1676521906142&CODE_STATE=getMsg HTTP/1.1" 200 27
218.81.220.34 - - [16/Feb/2023:12:31:32 +0800] "GET /xingrg/kc/base/base_main.html HTTP/1.1" 200 12142
116.192.124.172 - - [16/Feb/2023:12:31:32 +0800] "GET /xingrg/all/function/internal_message.html?_=1676521906540&CODE_STATE=getMsg HTTP/1.1" 200 27
218.81.220.34 - - [16/Feb/2023:12:31:34 +0800] "GET /xingrg/kc/base/wldb_order_list.html HTTP/1.1" 200 19145
116.230.105.139 - - [16/Feb/2023:12:31:34 +0800] "GET /xingrg/all/function/internal_message.html?_=1676521893025&CODE_STATE=getMsg HTTP/1.1" 200 27
218.81.220.34 - - [16/Feb/2023:12:31:34 +0800] "GET /xingrg/css/base.css HTTP/1.1" 304 -
218.81.220.34 - - [16/Feb/2023:12:31:34 +0800] "GET /xingrg/javascript/jquery_tools/jquery.tools.hotkey.js HTTP/1.1" 304 -
218.81.220.34 - - [16/Feb/2023:12:31:34 +0800] "GET /xingrg/javascript/jquery_tools/jquery.tools.table.js HTTP/1.1" 304 -
218.81.220.34 - - [16/Feb/2023:12:31:34 +0800] "GET /xingrg/javascript/jquery_tools/list_manager.js HTTP/1.1" 304 -
218.81.220.34 - - [16/Feb/2023:12:31:34 +0800] "GET /xingrg/css/site.css HTTP/1.1" 304 -
218.81.220.34 - - [16/Feb/2023:12:31:34 +0800] "GET /xingrg/javascript/auto/jquery.autocomplete.js HTTP/1.1" 304 -
218.81.220.34 - - [16/Feb/2023:12:31:34 +0800] "GET /xingrg/javascript/easyui/easyloader.js HTTP/1.1" 304 -
218.81.220.34 - - [16/Feb/2023:12:31:34 +0800] "GET /xingrg/javascript/jquery.utils.js HTTP/1.1" 304 -
218.81.220.34 - - [16/Feb/2023:12:31:34 +0800] "GET /xingrg/javascript/jquery.cookie.js HTTP/1.1" 304 -
218.81.220.34 - - [16/Feb/2023:12:31:34 +0800] "GET /xingrg/javascript/print/LodopFuncs.js HTTP/1.1" 304 -
218.81.220.34 - - [16/Feb/2023:12:31:34 +0800] "GET /xingrg/javascript/easyui/themes/default/easyui.css HTTP/1.1" 304 -
218.81.220.34 - - [16/Feb/2023:12:31:34 +0800] "GET /xingrg/javascript/jquery_tools/datebox.css HTTP/1.1" 304 -
218.81.220.34 - - [16/Feb/2023:12:31:34 +0800] "GET /xingrg/javascript/easyui/themes/icon.css HTTP/1.1" 304 -
218.81.220.34 - - [16/Feb/2023:12:31:34 +0800] "GET /xingrg/javascript/jquery_tools/fix.css HTTP/1.1" 304 -
218.81.220.34 - - [16/Feb/2023:12:31:34 +0800] "GET /xingrg/javascript/auto/jquery.autocomplete.css HTTP/1.1" 304 -
218.81.220.34 - - [16/Feb/2023:12:31:34 +0800] "GET /xingrg/javascript/jquery_tools/jquery.tools.min.js HTTP/1.1" 304 -
218.81.220.34 - - [16/Feb/2023:12:31:34 +0800] "GET /xingrg/javascript/jquery_tools/jquery.tools.extend.js HTTP/1.1" 304 -
218.81.220.34 - - [16/Feb/2023:12:31:34 +0800] "GET /xingrg/javascript/jquery_tools/table.css HTTP/1.1" 304 -
218.81.220.34 - - [16/Feb/2023:12:31:35 +0800] "GET /favicon.ico HTTP/1.1" 404 -
218.81.220.34 - - [16/Feb/2023:12:31:35 +0800] "GET /xingrg/javascript/easyui/plugins/jquery.parser.js HTTP/1.1" 304 -
218.81.220.34 - - [16/Feb/2023:12:31:35 +0800] "POST /xingrg/kc/base/wldb_list_operate.html HTTP/1.1" 200 3390
218.81.220.34 - - [16/Feb/2023:12:31:36 +0800] "GET /xingrg/kc/base/wldb_order_list.html HTTP/1.1" 200 19145
218.81.220.34 - - [16/Feb/2023:12:31:37 +0800] "POST /xingrg/kc/base/wldb_list_operate.html HTTP/1.1" 200 3390
116.235.93.82 - - [16/Feb/2023:12:31:37 +0800] "GET /xingrg/all/function/internal_message.html?_=1676522156124&CODE_STATE=getMsg HTTP/1.1" 200 27
116.235.93.82 - - [16/Feb/2023:12:31:37 +0800] "GET /xingrg/check_reg.html?_=1676522156126 HTTP/1.1" 200 22
218.81.220.34 - - [16/Feb/2023:12:31:40 +0800] "GET /xingrg/kc/base/wldb_order_add.html HTTP/1.1" 200 30428
218.81.220.34 - - [16/Feb/2023:12:31:40 +0800] "POST /xingrg/kc/base/wldb_order_operate.html HTTP/1.1" 200 6806
218.81.220.34 - - [16/Feb/2023:12:31:40 +0800] "GET /xingrg/javascript/easyui/themes/default/validatebox.css HTTP/1.1" 404 1104
218.81.220.34 - - [16/Feb/2023:12:31:42 +0800] "POST /xingrg/all/common/load_combo.html?type=base HTTP/1.1" 200 3227
124.78.159.25 - - [16/Feb/2023:12:31:46 +0800] "GET /xingrg/all/function/internal_message.html?_=1676521921591&CODE_STATE=getMsg HTTP/1.1" 200 27
124.78.159.25 - - [16/Feb/2023:12:31:47 +0800] "GET /xingrg/check_reg.html?_=1676521921593 HTTP/1.1" 200 22
116.238.139.35 - - [16/Feb/2023:12:31:49 +0800] "GET /xingrg/all/function/internal_message.html?_=1676521924653&CODE_STATE=getMsg HTTP/1.1" 200 27
180.162.114.226 - - [16/Feb/2023:12:31:54 +0800] "GET /xingrg/check_reg.html?_=1676520868690 HTTP/1.1" 200 22
180.162.114.226 - - [16/Feb/2023:12:31:54 +0800] "GET /xingrg/all/function/internal_message.html?_=1676520868687&CODE_STATE=getMsg HTTP/1.1" 200 27
101.229.22.234 - - [16/Feb/2023:12:31:54 +0800] "GET /xingrg/all/function/internal_message.html?_=1676521929303&CODE_STATE=getMsg HTTP/1.1" 200 27
222.70.177.73 - - [16/Feb/2023:12:31:55 +0800] "POST /xingrg/dwr/call/plaincall/AjaxReportQueryService.refreshCache.dwr HTTP/1.1" 200 78
222.70.177.73 - - [16/Feb/2023:12:31:55 +0800] "POST /xingrg/all/report/load_report_page.html HTTP/1.1" 200 8936
222.70.177.73 - - [16/Feb/2023:12:31:55 +0800] "GET /xingrg/servlets/image?cache=0.8860658773460265&image=px HTTP/1.1" 200 807
222.70.177.73 - - [16/Feb/2023:12:31:56 +0800] "GET /xingrg/all/report/report_query.html?isQuery=1&fileName=kc/buy/wlcg_cate_hz.xml&queryString=(CONVERT(char(10)%252Ca.order_time%252C%2520120)%253E%253D'2023-01-01')%2520and%2520(CONVERT(char(10)%252Ca.order_time%252C%2520120)%253C%253D'2023-01-31')%2520and%2520(a.supplier_code%2520in%2520('00100088'))%2520and%2520(a.supplier_code%253D'00100088')&queryText=%25E3%2580%2590%25E9%2587%2587%25E8%25B4%25AD%25E6%2597%25A5%25E6%259C%259F%253A2023-01-01%2520%25E8%2587%25B3%25202023-01-31%25E3%2580%2591%2520%25E5%25B9%25B6%25E4%25B8%2594%2520%2520%25E3%2580%2590%25E4%25BE%259B%25E5%25BA%2594%25E5%2595%2586%2520%253D%2520%25E6%25A2%25AD%25E5%25AD%2590%25E8%259F%25B9%25EF%25BC%2588%25E6%259D%258E%25E5%25AE%2589%25E6%25B9%2598%25EF%25BC%2589%25E3%2580%2591%2520%25E5%25B9%25B6%25E4%25B8%2594%2520%25E3%2580%2590%25E4%25BE%259B%25E5%25BA%2594%25E5%2595%2586%253D%25E6%25A2%25AD%25E5%25AD%2590%25E8%259F%25B9%25EF%25BC%2588%25E6%259D%258E%25E5%25AE%2589%25E6%25B9%2598%25EF%25BC%2589%25E3%2580%2591 HTTP/1.1" 200 54473
222.70.177.73 - - [16/Feb/2023:12:31:56 +0800] "GET /xingrg/dwr/interface/AjaxReportQueryService.js HTTP/1.1" 200 13203
222.70.177.73 - - [16/Feb/2023:12:31:56 +0800] "GET /xingrg/dwr/engine.js HTTP/1.1" 200 43631
222.70.177.73 - - [16/Feb/2023:12:31:59 +0800] "POST /xingrg/all/report/load_report_page.html HTTP/1.1" 200 8724
222.70.177.73 - - [16/Feb/2023:12:31:59 +0800] "POST /xingrg/all/report/load_report_page.html HTTP/1.1" 200 19798
222.70.177.73 - - [16/Feb/2023:12:31:59 +0800] "GET /xingrg/servlets/image?cache=0.07058672311229153&image=px HTTP/1.1" 200 807
222.70.177.73 - - [16/Feb/2023:12:31:59 +0800] "GET /xingrg/servlets/image?cache=0.7013023054706099&image=px HTTP/1.1" 200 807
222.70.177.73 - - [16/Feb/2023:12:31:59 +0800] "POST /xingrg/all/report/report_print.html HTTP/1.1" 302 -
222.70.177.73 - - [16/Feb/2023:12:31:59 +0800] "GET /xingrg/servlets/html?sysBaseUrl=http%3A%2F%2F180.169.147.146%3A18081%2Fxingrg%2F&costTime=433×tamp=1676521919863 HTTP/1.1" 200 21017
222.70.177.73 - - [16/Feb/2023:12:31:59 +0800] "GET /xingrg/servlets/image?image=px HTTP/1.1" 200 807
222.67.238.61 - - [16/Feb/2023:12:31:59 +0800] "GET /xingrg/all/function/internal_message.html?_=1676521499135&CODE_STATE=getMsg HTTP/1.1" 200 27
222.70.177.73 - - [16/Feb/2023:12:31:59 +0800] "GET /favicon.ico HTTP/1.1" 404 -
218.81.220.34 - - [16/Feb/2023:12:32:05 +0800] "POST /xingrg/all/common/load_combo.html?type=base HTTP/1.1" 200 3227
58.40.7.146 - - [16/Feb/2023:12:32:06 +0800] "GET /xingrg/all/function/internal_message.html?_=1676521940832&CODE_STATE=getMsg HTTP/1.1" 200 27
221.239.170.112 - - [16/Feb/2023:12:32:06 +0800] "GET /xingrg/all/function/internal_message.html?_=1676521941000&CODE_STATE=getMsg HTTP/1.1" 200 27
124.79.72.155 - - [16/Feb/2023:12:32:06 +0800] "GET /xingrg/all/function/internal_message.html?_=1676521944287&CODE_STATE=getMsg HTTP/1.1" 200 27
120.253.135.82 - - [16/Feb/2023:12:32:07 +0800] "GET /xingrg/all/function/internal_message.html?_=1676522067145&CODE_STATE=getMsg HTTP/1.1" 200 27
120.253.135.82 - - [16/Feb/2023:12:32:07 +0800] "GET /xingrg/check_reg.html?_=1676521763641 HTTP/1.1" 200 22
124.78.159.25 - - [16/Feb/2023:12:32:10 +0800] "GET /xingrg/all/function/internal_message.html?_=1676521942765&CODE_STATE=getMsg HTTP/1.1" 200 27
120.253.135.82 - - [16/Feb/2023:12:32:12 +0800] "GET /xingrg/all/function/internal_message.html?_=1676521769069&CODE_STATE=getMsg HTTP/1.1" 200 27
218.81.220.34 - - [16/Feb/2023:12:32:13 +0800] "GET /xingrg/check_reg.html?_=1676521962922 HTTP/1.1" 200 22
218.81.220.34 - - [16/Feb/2023:12:32:14 +0800] "GET /xingrg/all/function/internal_message.html?_=1676521963868&CODE_STATE=getMsg HTTP/1.1" 200 27
101.83.145.75 - - [16/Feb/2023:12:32:15 +0800] "GET /xingrg/kc/base/wldb_order_operate.html?command=get_materiel&rest_code=00105&base_code=0010507&code=00101011005 HTTP/1.1" 200 431
58.39.108.153 - - [16/Feb/2023:12:32:18 +0800] "GET /xingrg/login.html HTTP/1.1" 200 7641
58.39.108.153 - - [16/Feb/2023:12:32:18 +0800] "GET /favicon.ico HTTP/1.1" 404 -
58.39.108.153 - - [16/Feb/2023:12:32:19 +0800] "POST /xingrg/login.do HTTP/1.1" 302 -
58.39.108.153 - - [16/Feb/2023:12:32:19 +0800] "GET /xingrg/index.html?sysBaseUrl=http%3A%2F%2F180.169.147.146%3A18081%2Fxingrg%2F&costTime=40×tamp=1676521939750 HTTP/1.1" 200 17177
58.39.108.153 - - [16/Feb/2023:12:32:19 +0800] "GET /favicon.ico HTTP/1.1" 404 -
58.39.108.153 - - [16/Feb/2023:12:32:19 +0800] "POST /xingrg/all/common/load_tree.html?tree=area_rest_tree_json&manage=1 HTTP/1.1" 200 348
58.39.108.153 - - [16/Feb/2023:12:32:19 +0800] "POST /xingrg/load_menu.html HTTP/1.1" 200 5138
58.39.108.153 - - [16/Feb/2023:12:32:19 +0800] "GET /xingrg/check_reg.html?_=1676521954546 HTTP/1.1" 200 22
