116.235.93.82 - - [16/Feb/2023:11:52:59 +0800] "GET /xingrg/kc/buy/cgsh_order_operate.html?command=get_materiel&rest_code=00104&code=00101001140&supplier_code=00100090&order_time=2023-02-15 HTTP/1.1" 200 415
222.67.238.61 - - [16/Feb/2023:11:52:59 +0800] "GET /xingrg/all/function/internal_message.html?_=1676519159000&CODE_STATE=getMsg HTTP/1.1" 200 27
124.79.72.155 - - [16/Feb/2023:11:53:06 +0800] "GET /xingrg/all/function/internal_message.html?_=1676519603443&CODE_STATE=getMsg HTTP/1.1" 200 27
58.40.7.146 - - [16/Feb/2023:11:53:06 +0800] "GET /xingrg/all/function/internal_message.html?_=1676519600790&CODE_STATE=getMsg HTTP/1.1" 200 27
120.253.135.82 - - [16/Feb/2023:11:53:06 +0800] "GET /xingrg/all/function/internal_message.html?_=1676519726973&CODE_STATE=getMsg HTTP/1.1" 200 27
221.239.170.112 - - [16/Feb/2023:11:53:06 +0800] "GET /xingrg/all/function/internal_message.html?_=1676519601647&CODE_STATE=getMsg HTTP/1.1" 200 27
120.253.135.82 - - [16/Feb/2023:11:53:11 +0800] "GET /xingrg/all/function/internal_message.html?_=1676519428103&CODE_STATE=getMsg HTTP/1.1" 200 27
124.78.159.25 - - [16/Feb/2023:11:53:12 +0800] "GET /xingrg/all/function/internal_message.html?_=1676519603764&CODE_STATE=getMsg HTTP/1.1" 200 27
180.169.147.146 - - [16/Feb/2023:11:53:12 +0800] "GET /xingrg/check_reg.html?_=1676519605806 HTTP/1.1" 200 22
218.81.220.34 - - [16/Feb/2023:11:53:13 +0800] "GET /xingrg/all/function/internal_message.html?_=1676519622995&CODE_STATE=getMsg HTTP/1.1" 200 27
116.235.93.82 - - [16/Feb/2023:11:53:15 +0800] "GET /xingrg/kc/buy/cgsh_order_operate.html?command=get_materiel&rest_code=00104&code=00101001148&supplier_code=00100090&order_time=2023-02-15 HTTP/1.1" 200 409
116.238.139.35 - - [16/Feb/2023:11:53:18 +0800] "GET /xingrg/all/function/internal_message.html?_=1676519613864&CODE_STATE=getMsg HTTP/1.1" 200 27
222.70.177.73 - - [16/Feb/2023:11:53:19 +0800] "GET /xingrg/all/function/internal_message.html?_=1676519612207&CODE_STATE=getMsg HTTP/1.1" 200 27
222.70.177.73 - - [16/Feb/2023:11:53:21 +0800] "POST /xingrg/kc/base/wldb_list_operate.html HTTP/1.1" 200 4
101.83.145.75 - - [16/Feb/2023:11:53:21 +0800] "GET /xingrg/all/function/internal_message.html?_=1676519616408&CODE_STATE=getMsg HTTP/1.1" 200 27
222.70.177.73 - - [16/Feb/2023:11:53:23 +0800] "POST /xingrg/kc/base/wldb_list_operate.html HTTP/1.1" 200 1772
180.165.52.237 - - [16/Feb/2023:11:53:23 +0800] "GET /xingrg/all/function/internal_message.html?_=1676519618563&CODE_STATE=getMsg HTTP/1.1" 200 27
116.235.93.82 - - [16/Feb/2023:11:53:26 +0800] "GET /xingrg/all/function/internal_message.html?_=1676519618695&CODE_STATE=getMsg HTTP/1.1" 200 27
114.83.218.175 - - [16/Feb/2023:11:53:26 +0800] "GET /xingrg/all/function/internal_message.html?_=1676519620869&CODE_STATE=getMsg HTTP/1.1" 200 27
124.79.72.155 - - [16/Feb/2023:11:53:27 +0800] "GET /xingrg/kc/base/wldb_order_operate.html?command=get_materiel&rest_code=00156&base_code=0010781&code=00101014020 HTTP/1.1" 200 458
116.235.93.82 - - [16/Feb/2023:11:53:29 +0800] "GET /xingrg/kc/buy/cgsh_order_operate.html?command=get_materiel&rest_code=00104&code=00101001050&supplier_code=00100090&order_time=2023-02-15 HTTP/1.1" 200 409
222.70.177.73 - - [16/Feb/2023:11:53:30 +0800] "POST /xingrg/kc/base/wldb_list_operate.html HTTP/1.1" 200 4
180.169.147.146 - - [16/Feb/2023:11:53:31 +0800] "GET /xingrg/all/function/internal_message.html?_=1676519626074&CODE_STATE=getMsg HTTP/1.1" 200 27
222.70.177.73 - - [16/Feb/2023:11:53:32 +0800] "POST /xingrg/kc/base/wldb_list_operate.html HTTP/1.1" 200 928
116.192.124.172 - - [16/Feb/2023:11:53:33 +0800] "GET /xingrg/all/function/internal_message.html?_=1676519627178&CODE_STATE=getMsg HTTP/1.1" 200 27
116.230.105.139 - - [16/Feb/2023:11:53:34 +0800] "GET /xingrg/all/function/internal_message.html?_=1676519613019&CODE_STATE=getMsg HTTP/1.1" 200 27
116.235.93.82 - - [16/Feb/2023:11:53:36 +0800] "GET /xingrg/kc/buy/cgsh_order_operate.html?command=get_materiel&rest_code=00104&code=00101001052&supplier_code=00100090&order_time=2023-02-15 HTTP/1.1" 200 409
116.235.93.82 - - [16/Feb/2023:11:53:37 +0800] "GET /xingrg/all/function/internal_message.html?_=1676519876083&CODE_STATE=getMsg HTTP/1.1" 200 27
124.79.72.155 - - [16/Feb/2023:11:53:40 +0800] "POST /xingrg/kc/base/wldb_order_operate.html HTTP/1.1" 200 37
124.79.72.155 - - [16/Feb/2023:11:53:41 +0800] "POST /xingrg/kc/base/wldb_order_operate.html HTTP/1.1" 200 2199
124.79.72.155 - - [16/Feb/2023:11:53:41 +0800] "GET /xingrg/kc/base/wldb_order_info.html?code=422023021601168 HTTP/1.1" 200 30436
124.79.72.155 - - [16/Feb/2023:11:53:41 +0800] "GET /xingrg/all/common/auto_word.html?type=base&rest_code=00156 HTTP/1.1" 200 1903
124.79.72.155 - - [16/Feb/2023:11:53:41 +0800] "GET /xingrg/javascript/easyui/themes/default/validatebox.css HTTP/1.1" 404 1104
124.79.72.155 - - [16/Feb/2023:11:53:41 +0800] "GET /xingrg/all/common/auto_word.html?type=base&rest_code=00156 HTTP/1.1" 200 1903
124.79.72.155 - - [16/Feb/2023:11:53:42 +0800] "POST /xingrg/kc/base/wldb_order_operate.html HTTP/1.1" 200 2199
124.79.72.155 - - [16/Feb/2023:11:53:45 +0800] "GET /xingrg/kc/base/wldb_order_add.html HTTP/1.1" 200 30424
124.79.72.155 - - [16/Feb/2023:11:53:45 +0800] "POST /xingrg/kc/base/wldb_order_operate.html HTTP/1.1" 200 6806
124.79.72.155 - - [16/Feb/2023:11:53:45 +0800] "GET /xingrg/all/common/auto_word.html?type=base&rest_code=00156 HTTP/1.1" 200 1903
124.79.72.155 - - [16/Feb/2023:11:53:45 +0800] "GET /xingrg/all/common/auto_word.html?type=base&rest_code=00156 HTTP/1.1" 200 1903
124.79.72.155 - - [16/Feb/2023:11:53:45 +0800] "GET /xingrg/javascript/easyui/themes/default/validatebox.css HTTP/1.1" 404 1104
124.78.159.25 - - [16/Feb/2023:11:53:46 +0800] "GET /xingrg/all/function/internal_message.html?_=1676519641575&CODE_STATE=getMsg HTTP/1.1" 200 27
116.235.93.82 - - [16/Feb/2023:11:53:48 +0800] "POST /xingrg/kc/buy/cgsh_order_operate.html HTTP/1.1" 200 37
180.169.147.146 - - [16/Feb/2023:11:53:48 +0800] "GET /xingrg/all/function/internal_message.html?_=1676519636652&CODE_STATE=getMsg HTTP/1.1" 200 27
116.235.93.82 - - [16/Feb/2023:11:53:50 +0800] "POST /xingrg/kc/buy/cgsh_order_operate.html HTTP/1.1" 200 4449
116.235.93.82 - - [16/Feb/2023:11:53:51 +0800] "GET /xingrg/kc/print/load_data.html?order_code=212023021605196&kc_code=cgsh&condition= HTTP/1.1" 200 1437
180.162.114.226 - - [16/Feb/2023:11:53:54 +0800] "GET /xingrg/all/function/internal_message.html?_=1676518589240&CODE_STATE=getMsg HTTP/1.1" 200 27
101.229.22.234 - - [16/Feb/2023:11:53:54 +0800] "GET /xingrg/all/function/internal_message.html?_=1676519649280&CODE_STATE=getMsg HTTP/1.1" 200 27
116.235.93.82 - - [16/Feb/2023:11:53:56 +0800] "GET /xingrg/kc/buy/cgsh_order_add.html HTTP/1.1" 200 69880
116.235.93.82 - - [16/Feb/2023:11:53:56 +0800] "GET /xingrg/javascript/easyui/themes/default/validatebox.css HTTP/1.1" 404 1104
116.235.93.82 - - [16/Feb/2023:11:53:56 +0800] "POST /xingrg/kc/buy/cgsh_order_operate.html HTTP/1.1" 200 8245
124.79.72.155 - - [16/Feb/2023:11:53:57 +0800] "GET /xingrg/kc/base/wldb_order_operate.html?command=get_materiel&rest_code=00156&base_code=0010781&code=00101014075 HTTP/1.1" 200 454
222.67.238.61 - - [16/Feb/2023:11:53:59 +0800] "GET /xingrg/all/function/internal_message.html?_=1676519219026&CODE_STATE=getMsg HTTP/1.1" 200 27
124.78.159.25 - - [16/Feb/2023:11:54:04 +0800] "GET /xingrg/check_reg.html?_=1676519656683 HTTP/1.1" 200 22
124.79.72.155 - - [16/Feb/2023:11:54:05 +0800] "POST /xingrg/kc/base/wldb_order_operate.html HTTP/1.1" 200 37
124.79.72.155 - - [16/Feb/2023:11:54:06 +0800] "POST /xingrg/kc/base/wldb_order_operate.html HTTP/1.1" 200 2205
124.79.72.155 - - [16/Feb/2023:11:54:06 +0800] "GET /xingrg/all/function/internal_message.html?_=1676519663474&CODE_STATE=getMsg HTTP/1.1" 200 27
124.79.72.155 - - [16/Feb/2023:11:54:06 +0800] "GET /xingrg/kc/base/wldb_order_info.html?code=422023021601169 HTTP/1.1" 200 30441
58.40.7.146 - - [16/Feb/2023:11:54:06 +0800] "GET /xingrg/all/function/internal_message.html?_=1676519660797&CODE_STATE=getMsg HTTP/1.1" 200 27
58.40.7.146 - - [16/Feb/2023:11:54:06 +0800] "GET /xingrg/check_reg.html?_=1676519660799 HTTP/1.1" 200 22
124.79.72.155 - - [16/Feb/2023:11:54:06 +0800] "GET /xingrg/javascript/easyui/themes/default/validatebox.css HTTP/1.1" 404 1104
124.79.72.155 - - [16/Feb/2023:11:54:06 +0800] "GET /xingrg/all/common/auto_word.html?type=base&rest_code=00156 HTTP/1.1" 200 1903
124.79.72.155 - - [16/Feb/2023:11:54:06 +0800] "GET /xingrg/all/common/auto_word.html?type=base&rest_code=00156 HTTP/1.1" 200 1903
124.79.72.155 - - [16/Feb/2023:11:54:06 +0800] "POST /xingrg/kc/base/wldb_order_operate.html HTTP/1.1" 200 2205
221.239.170.112 - - [16/Feb/2023:11:54:06 +0800] "GET /xingrg/all/function/internal_message.html?_=1676519661633&CODE_STATE=getMsg HTTP/1.1" 200 27
120.253.135.82 - - [16/Feb/2023:11:54:06 +0800] "GET /xingrg/all/function/internal_message.html?_=1676519786973&CODE_STATE=getMsg HTTP/1.1" 200 27
120.253.135.82 - - [16/Feb/2023:11:54:06 +0800] "GET /xingrg/check_reg.html?_=1676519786978 HTTP/1.1" 200 22
124.79.72.155 - - [16/Feb/2023:11:54:08 +0800] "GET /xingrg/kc/base/wldb_order_add.html HTTP/1.1" 200 30424
124.79.72.155 - - [16/Feb/2023:11:54:08 +0800] "POST /xingrg/kc/base/wldb_order_operate.html HTTP/1.1" 200 6806
124.79.72.155 - - [16/Feb/2023:11:54:08 +0800] "GET /xingrg/all/common/auto_word.html?type=base&rest_code=00156 HTTP/1.1" 200 1903
124.79.72.155 - - [16/Feb/2023:11:54:08 +0800] "GET /xingrg/all/common/auto_word.html?type=base&rest_code=00156 HTTP/1.1" 200 1903
124.79.72.155 - - [16/Feb/2023:11:54:08 +0800] "GET /xingrg/javascript/easyui/themes/default/validatebox.css HTTP/1.1" 404 1104
120.253.135.82 - - [16/Feb/2023:11:54:11 +0800] "GET /xingrg/all/function/internal_message.html?_=1676519488133&CODE_STATE=getMsg HTTP/1.1" 200 27
124.78.159.25 - - [16/Feb/2023:11:54:11 +0800] "GET /xingrg/all/function/internal_message.html?_=1676519663741&CODE_STATE=getMsg HTTP/1.1" 200 27
218.81.220.34 - - [16/Feb/2023:11:54:13 +0800] "GET /xingrg/all/function/internal_message.html?_=1676519683008&CODE_STATE=getMsg HTTP/1.1" 200 27
124.79.72.155 - - [16/Feb/2023:11:54:17 +0800] "GET /xingrg/kc/base/wldb_order_operate.html?command=get_materiel&rest_code=00156&base_code=0010785&code=00101007023 HTTP/1.1" 200 428
116.238.139.35 - - [16/Feb/2023:11:54:18 +0800] "GET /xingrg/all/function/internal_message.html?_=1676519673868&CODE_STATE=getMsg HTTP/1.1" 200 27
222.70.177.73 - - [16/Feb/2023:11:54:19 +0800] "GET /xingrg/all/function/internal_message.html?_=1676519672189&CODE_STATE=getMsg HTTP/1.1" 200 27
116.235.93.82 - - [16/Feb/2023:11:54:20 +0800] "GET /xingrg/kc/buy/cgsh_order_operate.html?command=get_materiel&rest_code=00104&code=00101010073&supplier_code=00100430&order_time=2023-02-15 HTTP/1.1" 200 409
101.83.145.75 - - [16/Feb/2023:11:54:21 +0800] "GET /xingrg/all/function/internal_message.html?_=1676519676409&CODE_STATE=getMsg HTTP/1.1" 200 27
180.165.52.237 - - [16/Feb/2023:11:54:23 +0800] "GET /xingrg/all/function/internal_message.html?_=1676519678564&CODE_STATE=getMsg HTTP/1.1" 200 27
116.235.93.82 - - [16/Feb/2023:11:54:26 +0800] "GET /xingrg/all/function/internal_message.html?_=1676519678708&CODE_STATE=getMsg HTTP/1.1" 200 27
114.83.218.175 - - [16/Feb/2023:11:54:26 +0800] "GET /xingrg/all/function/internal_message.html?_=1676519680870&CODE_STATE=getMsg HTTP/1.1" 200 27
180.169.147.146 - - [16/Feb/2023:11:54:31 +0800] "GET /xingrg/all/function/internal_message.html?_=1676519686074&CODE_STATE=getMsg HTTP/1.1" 200 27
180.169.147.146 - - [16/Feb/2023:11:54:31 +0800] "GET /xingrg/check_reg.html?_=1676519686078 HTTP/1.1" 200 22
222.70.177.73 - - [16/Feb/2023:11:54:32 +0800] "GET /xingrg/kc/report/report_main.html HTTP/1.1" 200 7340
116.192.124.172 - - [16/Feb/2023:11:54:33 +0800] "GET /xingrg/all/function/internal_message.html?_=1676519687154&CODE_STATE=getMsg HTTP/1.1" 200 27
116.230.105.139 - - [16/Feb/2023:11:54:34 +0800] "GET /xingrg/all/function/internal_message.html?_=1676519673027&CODE_STATE=getMsg HTTP/1.1" 200 27
222.70.177.73 - - [16/Feb/2023:11:54:36 +0800] "GET /xingrg/kc/buy/buy_main.html HTTP/1.1" 200 12412
222.70.177.73 - - [16/Feb/2023:11:54:36 +0800] "GET /xingrg/css/new_ie.css HTTP/1.1" 404 1036
114.83.218.175 - - [16/Feb/2023:11:54:36 +0800] "GET /xingrg/login.html HTTP/1.1" 200 7641
222.70.177.73 - - [16/Feb/2023:11:54:37 +0800] "GET /xingrg/images/yd/bt.gif HTTP/1.1" 404 1040
116.235.93.82 - - [16/Feb/2023:11:54:37 +0800] "GET /xingrg/all/function/internal_message.html?_=1676519936092&CODE_STATE=getMsg HTTP/1.1" 200 27
114.83.218.175 - - [16/Feb/2023:11:54:37 +0800] "GET /favicon.ico HTTP/1.1" 404 -
222.70.177.73 - - [16/Feb/2023:11:54:41 +0800] "GET /xingrg/kc/report/report_main.html HTTP/1.1" 200 7340
222.70.177.73 - - [16/Feb/2023:11:54:44 +0800] "GET /xingrg/all/report/report_query.html?fileName=kc/buy/gys_amount.xml&rh=99999 HTTP/1.1" 200 52006
222.70.177.73 - - [16/Feb/2023:11:54:44 +0800] "GET /xingrg/dwr/interface/AjaxReportQueryService.js HTTP/1.1" 200 13203
222.70.177.73 - - [16/Feb/2023:11:54:44 +0800] "GET /xingrg/dwr/engine.js HTTP/1.1" 200 43631
222.70.177.73 - - [16/Feb/2023:11:54:44 +0800] "POST /xingrg/dwr/call/plaincall/AjaxReportQueryService.getFixDate.dwr HTTP/1.1" 200 111
222.70.177.73 - - [16/Feb/2023:11:54:44 +0800] "POST /xingrg/all/common/load_tree.html?tree=supplier_tree_json&manage=1 HTTP/1.1" 200 72673
221.239.170.112 - - [16/Feb/2023:11:54:46 +0800] "GET /xingrg/check_reg.html?_=1676519700827 HTTP/1.1" 200 22
222.70.177.73 - - [16/Feb/2023:11:54:46 +0800] "POST /xingrg/all/common/load_tree.html?tree=materiel_sort_tree_json HTTP/1.1" 200 9500
222.70.177.73 - - [16/Feb/2023:11:54:46 +0800] "POST /xingrg/dwr/call/plaincall/AjaxReportQueryService.getInitString.dwr HTTP/1.1" 200 1002
124.78.159.25 - - [16/Feb/2023:11:54:46 +0800] "GET /xingrg/all/function/internal_message.html?_=1676519701563&CODE_STATE=getMsg HTTP/1.1" 200 27
114.83.218.175 - - [16/Feb/2023:11:54:47 +0800] "POST /xingrg/login.do HTTP/1.1" 302 -
114.83.218.175 - - [16/Feb/2023:11:54:47 +0800] "GET /xingrg/index.html?sysBaseUrl=http%3A%2F%2F180.169.147.146%3A18081%2Fxingrg%2F&costTime=58×tamp=1676519687255 HTTP/1.1" 200 17419
114.83.218.175 - - [16/Feb/2023:11:54:47 +0800] "GET /favicon.ico HTTP/1.1" 404 -
114.83.218.175 - - [16/Feb/2023:11:54:47 +0800] "POST /xingrg/all/common/load_tree.html?tree=area_rest_tree_json&manage=1 HTTP/1.1" 200 351
114.83.218.175 - - [16/Feb/2023:11:54:47 +0800] "GET /xingrg/all/function/internal_message.html?_=1676519702269&CODE_STATE=count HTTP/1.1" 200 11
114.83.218.175 - - [16/Feb/2023:11:54:47 +0800] "GET /xingrg/check_reg.html?_=1676519702275 HTTP/1.1" 200 22
114.83.218.175 - - [16/Feb/2023:11:54:47 +0800] "POST /xingrg/load_menu.html HTTP/1.1" 200 9959
180.169.147.146 - - [16/Feb/2023:11:54:48 +0800] "GET /xingrg/all/function/internal_message.html?_=1676519696651&CODE_STATE=getMsg HTTP/1.1" 200 27
180.162.114.226 - - [16/Feb/2023:11:54:54 +0800] "GET /xingrg/all/function/internal_message.html?_=1676518649226&CODE_STATE=getMsg HTTP/1.1" 200 27
101.229.22.234 - - [16/Feb/2023:11:54:54 +0800] "GET /xingrg/all/function/internal_message.html?_=1676519709281&CODE_STATE=getMsg HTTP/1.1" 200 27
222.67.238.61 - - [16/Feb/2023:11:54:59 +0800] "GET /xingrg/all/function/internal_message.html?_=1676519279040&CODE_STATE=getMsg HTTP/1.1" 200 27
222.67.238.61 - - [16/Feb/2023:11:54:59 +0800] "GET /xingrg/check_reg.html?_=1676519279042 HTTP/1.1" 200 22
116.235.93.82 - - [16/Feb/2023:11:55:01 +0800] "GET /xingrg/kc/buy/cgsh_order_operate.html?command=get_materiel&rest_code=00104&code=00101014083&supplier_code=00100430&order_time=2023-02-15 HTTP/1.1" 200 409
124.79.72.155 - - [16/Feb/2023:11:55:06 +0800] "GET /xingrg/all/function/internal_message.html?_=1676519723448&CODE_STATE=getMsg HTTP/1.1" 200 27
58.40.7.146 - - [16/Feb/2023:11:55:06 +0800] "GET /xingrg/all/function/internal_message.html?_=1676519720794&CODE_STATE=getMsg HTTP/1.1" 200 27
221.239.170.112 - - [16/Feb/2023:11:55:06 +0800] "GET /xingrg/all/function/internal_message.html?_=1676519721609&CODE_STATE=getMsg HTTP/1.1" 200 27
120.253.135.82 - - [16/Feb/2023:11:55:06 +0800] "GET /xingrg/all/function/internal_message.html?_=1676519846976&CODE_STATE=getMsg HTTP/1.1" 200 27
124.78.159.25 - - [16/Feb/2023:11:55:11 +0800] "GET /xingrg/all/function/internal_message.html?_=1676519723722&CODE_STATE=getMsg HTTP/1.1" 200 27
120.253.135.82 - - [16/Feb/2023:11:55:12 +0800] "GET /xingrg/all/function/internal_message.html?_=1676519548145&CODE_STATE=getMsg HTTP/1.1" 200 27
218.81.220.34 - - [16/Feb/2023:11:55:13 +0800] "GET /xingrg/all/function/internal_message.html?_=1676519743055&CODE_STATE=getMsg HTTP/1.1" 200 27
116.238.139.35 - - [16/Feb/2023:11:55:19 +0800] "GET /xingrg/all/function/internal_message.html?_=1676519733877&CODE_STATE=getMsg HTTP/1.1" 200 27
222.70.177.73 - - [16/Feb/2023:11:55:19 +0800] "GET /xingrg/all/function/internal_message.html?_=1676519732172&CODE_STATE=getMsg HTTP/1.1" 200 27
222.70.177.73 - - [16/Feb/2023:11:55:20 +0800] "GET /xingrg/check_reg.html?_=1676519733423 HTTP/1.1" 200 22
101.83.145.75 - - [16/Feb/2023:11:55:21 +0800] "GET /xingrg/all/function/internal_message.html?_=1676519736410&CODE_STATE=getMsg HTTP/1.1" 200 27
180.165.52.237 - - [16/Feb/2023:11:55:23 +0800] "GET /xingrg/all/function/internal_message.html?_=1676519738561&CODE_STATE=getMsg HTTP/1.1" 200 27
180.165.52.237 - - [16/Feb/2023:11:55:23 +0800] "GET /xingrg/check_reg.html?_=1676519738565 HTTP/1.1" 200 22
116.235.93.82 - - [16/Feb/2023:11:55:26 +0800] "GET /xingrg/all/function/internal_message.html?_=1676519738706&CODE_STATE=getMsg HTTP/1.1" 200 27
114.83.218.175 - - [16/Feb/2023:11:55:26 +0800] "GET /xingrg/all/function/internal_message.html?_=1676519740881&CODE_STATE=getMsg HTTP/1.1" 200 27
124.79.72.155 - - [16/Feb/2023:11:55:30 +0800] "GET /xingrg/kc/base/wldb_order_operate.html?command=get_materiel&rest_code=00156&base_code=0010785&code=00101007024 HTTP/1.1" 200 437
180.169.147.146 - - [16/Feb/2023:11:55:31 +0800] "GET /xingrg/all/function/internal_message.html?_=1676519746078&CODE_STATE=getMsg HTTP/1.1" 200 27
114.83.218.175 - - [16/Feb/2023:11:55:32 +0800] "GET /xingrg/kc/base/wldb_order_list.html HTTP/1.1" 200 19145
114.83.218.175 - - [16/Feb/2023:11:55:32 +0800] "POST /xingrg/kc/base/wldb_list_operate.html HTTP/1.1" 200 928
116.192.124.172 - - [16/Feb/2023:11:55:33 +0800] "GET /xingrg/all/function/internal_message.html?_=1676519747140&CODE_STATE=getMsg HTTP/1.1" 200 27
116.192.124.172 - - [16/Feb/2023:11:55:34 +0800] "GET /xingrg/check_reg.html?_=1676519748151 HTTP/1.1" 200 22
116.230.105.139 - - [16/Feb/2023:11:55:34 +0800] "GET /xingrg/all/function/internal_message.html?_=1676519733031&CODE_STATE=getMsg HTTP/1.1" 200 27
116.230.105.139 - - [16/Feb/2023:11:55:34 +0800] "GET /xingrg/check_reg.html?_=1676519733035 HTTP/1.1" 200 22
116.235.93.82 - - [16/Feb/2023:11:55:37 +0800] "GET /xingrg/all/function/internal_message.html?_=1676519996083&CODE_STATE=getMsg HTTP/1.1" 200 27
114.83.218.175 - - [16/Feb/2023:11:55:38 +0800] "GET /xingrg/javascript/jquery_tools/images/prev.gif HTTP/1.1" 404 1086
114.83.218.175 - - [16/Feb/2023:11:55:38 +0800] "GET /xingrg/javascript/jquery_tools/images/next.gif HTTP/1.1" 404 1086
124.79.72.155 - - [16/Feb/2023:11:55:39 +0800] "GET /xingrg/kc/base/wldb_order_operate.html?command=get_materiel&rest_code=00156&base_code=0010785&code=00101007125 HTTP/1.1" 200 427
114.83.218.175 - - [16/Feb/2023:11:55:44 +0800] "GET /xingrg/javascript/easyui/themes/default/tree.css HTTP/1.1" 404 1090
114.83.218.175 - - [16/Feb/2023:11:55:44 +0800] "POST /xingrg/all/common/load_tree.html?tree=rest_base_tree_json HTTP/1.1" 200 71040
124.78.159.25 - - [16/Feb/2023:11:55:46 +0800] "GET /xingrg/all/function/internal_message.html?_=1676519761567&CODE_STATE=getMsg HTTP/1.1" 200 27
114.83.218.175 - - [16/Feb/2023:11:55:47 +0800] "GET /xingrg/all/function/internal_message.html?_=1676519762286&CODE_STATE=getMsg HTTP/1.1" 200 27
180.169.147.146 - - [16/Feb/2023:11:55:48 +0800] "GET /xingrg/all/function/internal_message.html?_=1676519756654&CODE_STATE=getMsg HTTP/1.1" 200 27
124.79.72.155 - - [16/Feb/2023:11:55:49 +0800] "GET /xingrg/kc/base/wldb_order_operate.html?command=get_materiel&rest_code=00156&base_code=0010785&code=00101007214 HTTP/1.1" 200 420
180.162.114.226 - - [16/Feb/2023:11:55:54 +0800] "GET /xingrg/all/function/internal_message.html?_=1676518709212&CODE_STATE=getMsg HTTP/1.1" 200 27
101.229.22.234 - - [16/Feb/2023:11:55:54 +0800] "GET /xingrg/all/function/internal_message.html?_=1676519769282&CODE_STATE=getMsg HTTP/1.1" 200 27
114.83.218.175 - - [16/Feb/2023:11:55:57 +0800] "POST /xingrg/all/common/load_tree.html?tree=rest_base_tree_json HTTP/1.1" 200 71040
222.67.238.61 - - [16/Feb/2023:11:55:59 +0800] "GET /xingrg/all/function/internal_message.html?_=1676519339026&CODE_STATE=getMsg HTTP/1.1" 200 27
124.79.72.155 - - [16/Feb/2023:11:56:06 +0800] "GET /xingrg/check_reg.html?_=1676519783451 HTTP/1.1" 200 22
124.79.72.155 - - [16/Feb/2023:11:56:06 +0800] "GET /xingrg/all/function/internal_message.html?_=1676519783449&CODE_STATE=getMsg HTTP/1.1" 200 27
58.40.7.146 - - [16/Feb/2023:11:56:06 +0800] "GET /xingrg/all/function/internal_message.html?_=1676519780785&CODE_STATE=getMsg HTTP/1.1" 200 27
221.239.170.112 - - [16/Feb/2023:11:56:06 +0800] "GET /xingrg/all/function/internal_message.html?_=1676519781593&CODE_STATE=getMsg HTTP/1.1" 200 27
120.253.135.82 - - [16/Feb/2023:11:56:06 +0800] "GET /xingrg/all/function/internal_message.html?_=1676519906983&CODE_STATE=getMsg HTTP/1.1" 200 27
114.83.218.175 - - [16/Feb/2023:11:56:07 +0800] "POST /xingrg/kc/base/wldb_list_operate.html HTTP/1.1" 200 2213
124.79.72.155 - - [16/Feb/2023:11:56:08 +0800] "GET /xingrg/kc/base/wldb_order_operate.html?command=get_materiel&rest_code=00156&base_code=0010785&code=00101006367 HTTP/1.1" 200 421
114.83.218.175 - - [16/Feb/2023:11:56:09 +0800] "POST /xingrg/kc/base/wldb_list_operate.html HTTP/1.1" 200 278
222.70.177.73 - - [16/Feb/2023:11:56:11 +0800] "POST /xingrg/dwr/call/plaincall/AjaxReportQueryService.getFixDate.dwr HTTP/1.1" 200 111
124.78.159.25 - - [16/Feb/2023:11:56:11 +0800] "GET /xingrg/all/function/internal_message.html?_=1676519783709&CODE_STATE=getMsg HTTP/1.1" 200 27
120.253.135.82 - - [16/Feb/2023:11:56:11 +0800] "GET /xingrg/all/function/internal_message.html?_=1676519608221&CODE_STATE=getMsg HTTP/1.1" 200 27
114.83.218.175 - - [16/Feb/2023:11:56:12 +0800] "POST /xingrg/kc/base/wldb_list_operate.html HTTP/1.1" 200 278
218.81.220.34 - - [16/Feb/2023:11:56:13 +0800] "GET /xingrg/all/function/internal_message.html?_=1676519803066&CODE_STATE=getMsg HTTP/1.1" 200 27
124.79.72.155 - - [16/Feb/2023:11:56:15 +0800] "GET /xingrg/kc/base/wldb_order_operate.html?command=get_materiel&rest_code=00156&base_code=0010785&code=00101013014 HTTP/1.1" 200 434
124.79.72.155 - - [16/Feb/2023:11:56:18 +0800] "GET /xingrg/kc/base/wldb_order_operate.html?command=get_materiel&rest_code=00156&base_code=0010785&code=00101010704 HTTP/1.1" 200 433
116.238.139.35 - - [16/Feb/2023:11:56:18 +0800] "GET /xingrg/all/function/internal_message.html?_=1676519793870&CODE_STATE=getMsg HTTP/1.1" 200 27
222.70.177.73 - - [16/Feb/2023:11:56:19 +0800] "GET /xingrg/all/function/internal_message.html?_=1676519792154&CODE_STATE=getMsg HTTP/1.1" 200 27
101.83.145.75 - - [16/Feb/2023:11:56:21 +0800] "GET /xingrg/check_reg.html?_=1676519796409 HTTP/1.1" 200 22
101.83.145.75 - - [16/Feb/2023:11:56:21 +0800] "GET /xingrg/all/function/internal_message.html?_=1676519796412&CODE_STATE=getMsg HTTP/1.1" 200 27
124.79.72.155 - - [16/Feb/2023:11:56:23 +0800] "GET /xingrg/kc/base/wldb_order_operate.html?command=get_materiel&rest_code=00156&base_code=0010785&code=00101008714 HTTP/1.1" 200 418
180.165.52.237 - - [16/Feb/2023:11:56:23 +0800] "GET /xingrg/all/function/internal_message.html?_=1676519798558&CODE_STATE=getMsg HTTP/1.1" 200 27
222.70.177.73 - - [16/Feb/2023:11:56:25 +0800] "GET /xingrg/javascript/multi_select/dropdown_hover.gif HTTP/1.1" 200 61
116.235.93.82 - - [16/Feb/2023:11:56:26 +0800] "GET /xingrg/check_reg.html?_=1676519798711 HTTP/1.1" 200 22
116.235.93.82 - - [16/Feb/2023:11:56:26 +0800] "GET /xingrg/all/function/internal_message.html?_=1676519798714&CODE_STATE=getMsg HTTP/1.1" 200 27
114.83.218.175 - - [16/Feb/2023:11:56:26 +0800] "GET /xingrg/all/function/internal_message.html?_=1676519800882&CODE_STATE=getMsg HTTP/1.1" 200 27
222.70.177.73 - - [16/Feb/2023:11:56:27 +0800] "POST /xingrg/dwr/call/plaincall/AjaxReportQueryService.refreshCache.dwr HTTP/1.1" 200 78
222.70.177.73 - - [16/Feb/2023:11:56:28 +0800] "POST /xingrg/all/report/load_report_page.html HTTP/1.1" 200 8944
222.70.177.73 - - [16/Feb/2023:11:56:28 +0800] "GET /xingrg/servlets/image?cache=0.14276852264287665&image=px HTTP/1.1" 200 807
218.81.220.34 - - [16/Feb/2023:11:56:30 +0800] "POST /xingrg/kc/buy/cgsh_list_operate.html HTTP/1.1" 200 4449
218.81.220.34 - - [16/Feb/2023:11:56:30 +0800] "GET /xingrg/kc/buy/cgsh_order_info.html?code=212023021605125 HTTP/1.1" 200 69848
180.169.147.146 - - [16/Feb/2023:11:56:31 +0800] "GET /xingrg/all/function/internal_message.html?_=1676519806078&CODE_STATE=getMsg HTTP/1.1" 200 27
222.70.177.73 - - [16/Feb/2023:11:56:31 +0800] "GET /xingrg/all/report/report_query.html?isQuery=1&fileName=kc/buy/wlcg_cate_hz.xml&queryString=(CONVERT(char(10)%252Ca.order_time%252C%2520120)%253E%253D'2023-01-01')%2520and%2520(CONVERT(char(10)%252Ca.order_time%252C%2520120)%253C%253D'2023-01-31')%2520and%2520(a.supplier_code%2520in%2520('00100085'))%2520and%2520(a.number%253E0%2520and%2520a.supplier_code%253D'00100085')&queryText=%25E3%2580%2590%25E9%2587%2587%25E8%25B4%25AD%25E6%2597%25A5%25E6%259C%259F%253A2023-01-01%2520%25E8%2587%25B3%25202023-01-31%25E3%2580%2591%2520%25E5%25B9%25B6%25E4%25B8%2594%2520%2520%25E3%2580%2590%25E4%25BE%259B%25E5%25BA%2594%25E5%2595%2586%2520%253D%2520%25E5%25B0%258F%25E6%259D%258E%25E8%259A%258C%25EF%25BC%2588%25E6%259D%258E%25E6%2598%258E%25E6%2597%25BA%25EF%25BC%2589%25E3%2580%2591%2520%25E5%25B9%25B6%25E4%25B8%2594%2520%25E3%2580%2590%25E4%25BE%259B%25E5%25BA%2594%25E5%2595%2586%253D%25E5%25B0%258F%25E6%259D%258E%25E8%259A%258C%25EF%25BC%2588%25E6%259D%258E%25E6%2598%258E%25E6%2597%25BA%25EF%25BC%2589%25E3%2580%2591 HTTP/1.1" 200 54488
222.70.177.73 - - [16/Feb/2023:11:56:31 +0800] "GET /xingrg/dwr/interface/AjaxReportQueryService.js HTTP/1.1" 200 13203
222.70.177.73 - - [16/Feb/2023:11:56:31 +0800] "GET /xingrg/dwr/engine.js HTTP/1.1" 200 43631
218.81.220.34 - - [16/Feb/2023:11:56:31 +0800] "GET /xingrg/javascript/easyui/themes/default/validatebox.css HTTP/1.1" 404 1104
218.81.220.34 - - [16/Feb/2023:11:56:32 +0800] "POST /xingrg/kc/buy/cgsh_order_operate.html HTTP/1.1" 200 35183
116.192.124.172 - - [16/Feb/2023:11:56:33 +0800] "GET /xingrg/all/function/internal_message.html?_=1676519807122&CODE_STATE=getMsg HTTP/1.1" 200 27
222.70.177.73 - - [16/Feb/2023:11:56:33 +0800] "POST /xingrg/all/report/load_report_page.html HTTP/1.1" 200 8722
222.70.177.73 - - [16/Feb/2023:11:56:33 +0800] "GET /xingrg/servlets/image?cache=0.21731436163443452&image=px HTTP/1.1" 200 807
116.230.105.139 - - [16/Feb/2023:11:56:34 +0800] "GET /xingrg/all/function/internal_message.html?_=1676519793029&CODE_STATE=getMsg HTTP/1.1" 200 27
124.79.72.155 - - [16/Feb/2023:11:56:34 +0800] "GET /xingrg/kc/base/wldb_order_operate.html?command=get_materiel&rest_code=00156&base_code=0010785&code=00101008713 HTTP/1.1" 200 418
222.70.177.73 - - [16/Feb/2023:11:56:36 +0800] "POST /xingrg/all/report/load_report_page.html HTTP/1.1" 200 13044
222.70.177.73 - - [16/Feb/2023:11:56:36 +0800] "GET /xingrg/servlets/image?cache=0.8970638675738608&image=px HTTP/1.1" 200 807
116.235.93.82 - - [16/Feb/2023:11:56:37 +0800] "GET /xingrg/all/function/internal_message.html?_=1676520056089&CODE_STATE=getMsg HTTP/1.1" 200 27
116.235.93.82 - - [16/Feb/2023:11:56:37 +0800] "GET /xingrg/check_reg.html?_=1676520056090 HTTP/1.1" 200 22
124.79.72.155 - - [16/Feb/2023:11:56:40 +0800] "GET /xingrg/kc/base/wldb_order_operate.html?command=get_materiel&rest_code=00156&base_code=0010785&code=00101001303 HTTP/1.1" 200 415
222.70.177.73 - - [16/Feb/2023:11:56:42 +0800] "POST /xingrg/all/report/report_print.html HTTP/1.1" 302 -
222.70.177.73 - - [16/Feb/2023:11:56:42 +0800] "GET /xingrg/servlets/html?sysBaseUrl=http%3A%2F%2F180.169.147.146%3A18081%2Fxingrg%2F&costTime=408×tamp=1676519802222 HTTP/1.1" 200 14741
222.70.177.73 - - [16/Feb/2023:11:56:42 +0800] "GET /xingrg/servlets/image?image=px HTTP/1.1" 200 807
222.70.177.73 - - [16/Feb/2023:11:56:42 +0800] "GET /favicon.ico HTTP/1.1" 404 -
124.79.72.155 - - [16/Feb/2023:11:56:46 +0800] "GET /xingrg/kc/base/wldb_order_operate.html?command=get_materiel&rest_code=00156&base_code=0010785&code=00101004023 HTTP/1.1" 200 429
124.78.159.25 - - [16/Feb/2023:11:56:46 +0800] "GET /xingrg/check_reg.html?_=1676519821571 HTTP/1.1" 200 22
124.78.159.25 - - [16/Feb/2023:11:56:46 +0800] "GET /xingrg/all/function/internal_message.html?_=1676519821573&CODE_STATE=getMsg HTTP/1.1" 200 27
114.83.218.175 - - [16/Feb/2023:11:56:47 +0800] "GET /xingrg/all/function/internal_message.html?_=1676519822286&CODE_STATE=getMsg HTTP/1.1" 200 27
180.169.147.146 - - [16/Feb/2023:11:56:48 +0800] "GET /xingrg/all/function/internal_message.html?_=1676519816652&CODE_STATE=getMsg HTTP/1.1" 200 27
218.81.220.34 - - [16/Feb/2023:11:56:53 +0800] "POST /xingrg/kc/buy/cgsh_order_operate.html HTTP/1.1" 200 37
124.79.72.155 - - [16/Feb/2023:11:56:53 +0800] "GET /xingrg/kc/base/wldb_order_operate.html?command=get_materiel&rest_code=00156&base_code=0010785&code=00101006001 HTTP/1.1" 200 449
180.162.114.226 - - [16/Feb/2023:11:56:54 +0800] "GET /xingrg/check_reg.html?_=1676518768666 HTTP/1.1" 200 22
180.162.114.226 - - [16/Feb/2023:11:56:54 +0800] "GET /xingrg/all/function/internal_message.html?_=1676518769184&CODE_STATE=getMsg HTTP/1.1" 200 27
101.229.22.234 - - [16/Feb/2023:11:56:54 +0800] "GET /xingrg/all/function/internal_message.html?_=1676519829283&CODE_STATE=getMsg HTTP/1.1" 200 27
218.81.220.34 - - [16/Feb/2023:11:56:55 +0800] "POST /xingrg/kc/buy/cgsh_order_operate.html HTTP/1.1" 200 35183
218.81.220.34 - - [16/Feb/2023:11:56:56 +0800] "GET /xingrg/kc/buy/cgsh_order_add.html HTTP/1.1" 200 69839
218.81.220.34 - - [16/Feb/2023:11:56:56 +0800] "POST /xingrg/kc/buy/cgsh_order_operate.html HTTP/1.1" 200 8245
218.81.220.34 - - [16/Feb/2023:11:56:56 +0800] "GET /xingrg/javascript/easyui/themes/default/validatebox.css HTTP/1.1" 404 1104
222.67.238.61 - - [16/Feb/2023:11:56:59 +0800] "GET /xingrg/all/function/internal_message.html?_=1676519399025&CODE_STATE=getMsg HTTP/1.1" 200 27
124.79.72.155 - - [16/Feb/2023:11:57:03 +0800] "GET /xingrg/kc/base/wldb_order_operate.html?command=get_materiel&rest_code=00156&base_code=0010785&code=00101010616 HTTP/1.1" 200 431
124.79.72.155 - - [16/Feb/2023:11:57:06 +0800] "GET /xingrg/all/function/internal_message.html?_=1676519843452&CODE_STATE=getMsg HTTP/1.1" 200 27
58.40.7.146 - - [16/Feb/2023:11:57:06 +0800] "GET /xingrg/all/function/internal_message.html?_=1676519840795&CODE_STATE=getMsg HTTP/1.1" 200 27
221.239.170.112 - - [16/Feb/2023:11:57:06 +0800] "GET /xingrg/all/function/internal_message.html?_=1676519841583&CODE_STATE=getMsg HTTP/1.1" 200 27
120.253.135.82 - - [16/Feb/2023:11:57:06 +0800] "GET /xingrg/all/function/internal_message.html?_=1676519966986&CODE_STATE=getMsg HTTP/1.1" 200 27
120.253.135.82 - - [16/Feb/2023:11:57:07 +0800] "GET /xingrg/check_reg.html?_=1676519663588 HTTP/1.1" 200 22
124.79.72.155 - - [16/Feb/2023:11:57:08 +0800] "GET /xingrg/kc/base/wldb_order_operate.html?command=get_materiel&rest_code=00156&base_code=0010785&code=00101008131 HTTP/1.1" 200 430
114.83.218.175 - - [16/Feb/2023:11:57:11 +0800] "GET /xingrg/kc/base/wldb_order_info.html?code=422023021000665 HTTP/1.1" 200 26307
120.253.135.82 - - [16/Feb/2023:11:57:11 +0800] "GET /xingrg/all/function/internal_message.html?_=1676519668236&CODE_STATE=getMsg HTTP/1.1" 200 27
114.83.218.175 - - [16/Feb/2023:11:57:11 +0800] "GET /xingrg/words/20230216110007_words.js HTTP/1.1" 200 946279
124.78.159.25 - - [16/Feb/2023:11:57:11 +0800] "GET /xingrg/all/function/internal_message.html?_=1676519843682&CODE_STATE=getMsg HTTP/1.1" 200 27
114.83.218.175 - - [16/Feb/2023:11:57:12 +0800] "GET /xingrg/javascript/easyui/themes/default/validatebox.css HTTP/1.1" 404 1104
114.83.218.175 - - [16/Feb/2023:11:57:12 +0800] "POST /xingrg/kc/base/wldb_order_operate.html HTTP/1.1" 200 958
218.81.220.34 - - [16/Feb/2023:11:57:13 +0800] "GET /xingrg/check_reg.html?_=1676519862802 HTTP/1.1" 200 22
218.81.220.34 - - [16/Feb/2023:11:57:13 +0800] "GET /xingrg/all/function/internal_message.html?_=1676519863080&CODE_STATE=getMsg HTTP/1.1" 200 27
124.79.72.155 - - [16/Feb/2023:11:57:15 +0800] "POST /xingrg/kc/base/wldb_order_operate.html HTTP/1.1" 200 37
124.79.72.155 - - [16/Feb/2023:11:57:16 +0800] "POST /xingrg/kc/base/wldb_order_operate.html HTTP/1.1" 200 7853
124.79.72.155 - - [16/Feb/2023:11:57:16 +0800] "GET /xingrg/kc/base/wldb_order_info.html?code=422023021601170 HTTP/1.1" 200 30437
124.79.72.155 - - [16/Feb/2023:11:57:16 +0800] "GET /xingrg/words/20230216110007_words.js HTTP/1.1" 304 -
124.79.72.155 - - [16/Feb/2023:11:57:16 +0800] "GET /xingrg/all/common/auto_word.html?type=base&rest_code=00156 HTTP/1.1" 200 1903
124.79.72.155 - - [16/Feb/2023:11:57:16 +0800] "GET /xingrg/javascript/easyui/themes/default/validatebox.css HTTP/1.1" 404 1104
124.79.72.155 - - [16/Feb/2023:11:57:16 +0800] "GET /xingrg/all/common/auto_word.html?type=base&rest_code=00156 HTTP/1.1" 200 1903
124.79.72.155 - - [16/Feb/2023:11:57:17 +0800] "POST /xingrg/kc/base/wldb_order_operate.html HTTP/1.1" 200 7853
124.79.72.155 - - [16/Feb/2023:11:57:18 +0800] "GET /xingrg/kc/base/wldb_order_add.html HTTP/1.1" 200 30424
124.79.72.155 - - [16/Feb/2023:11:57:18 +0800] "POST /xingrg/kc/base/wldb_order_operate.html HTTP/1.1" 200 6806
124.79.72.155 - - [16/Feb/2023:11:57:18 +0800] "GET /xingrg/all/common/auto_word.html?type=base&rest_code=00156 HTTP/1.1" 200 1903
124.79.72.155 - - [16/Feb/2023:11:57:18 +0800] "GET /xingrg/all/common/auto_word.html?type=base&rest_code=00156 HTTP/1.1" 200 1903
124.79.72.155 - - [16/Feb/2023:11:57:18 +0800] "GET /xingrg/javascript/easyui/themes/default/validatebox.css HTTP/1.1" 404 1104
116.238.139.35 - - [16/Feb/2023:11:57:19 +0800] "GET /xingrg/all/function/internal_message.html?_=1676519853883&CODE_STATE=getMsg HTTP/1.1" 200 27
116.238.139.35 - - [16/Feb/2023:11:57:19 +0800] "GET /xingrg/check_reg.html?_=1676519853889 HTTP/1.1" 200 22
222.70.177.73 - - [16/Feb/2023:11:57:19 +0800] "GET /xingrg/all/function/internal_message.html?_=1676519852131&CODE_STATE=getMsg HTTP/1.1" 200 27
101.83.145.75 - - [16/Feb/2023:11:57:21 +0800] "GET /xingrg/all/function/internal_message.html?_=1676519856411&CODE_STATE=getMsg HTTP/1.1" 200 27
180.165.52.237 - - [16/Feb/2023:11:57:23 +0800] "GET /xingrg/all/function/internal_message.html?_=1676519858555&CODE_STATE=getMsg HTTP/1.1" 200 27
124.79.72.155 - - [16/Feb/2023:11:57:25 +0800] "GET /xingrg/kc/base/wldb_order_operate.html?command=get_materiel&rest_code=00156&base_code=0010796&code=00101028050 HTTP/1.1" 200 451
116.235.93.82 - - [16/Feb/2023:11:57:26 +0800] "GET /xingrg/all/function/internal_message.html?_=1676519858707&CODE_STATE=getMsg HTTP/1.1" 200 27
114.83.218.175 - - [16/Feb/2023:11:57:26 +0800] "GET /xingrg/all/function/internal_message.html?_=1676519860881&CODE_STATE=getMsg HTTP/1.1" 200 27
114.83.218.175 - - [16/Feb/2023:11:57:26 +0800] "GET /xingrg/check_reg.html?_=1676519860888 HTTP/1.1" 200 22
180.169.147.146 - - [16/Feb/2023:11:57:31 +0800] "GET /xingrg/all/function/internal_message.html?_=1676519866079&CODE_STATE=getMsg HTTP/1.1" 200 27
124.79.72.155 - - [16/Feb/2023:11:57:32 +0800] "POST /xingrg/kc/base/wldb_order_operate.html HTTP/1.1" 200 37
124.79.72.155 - - [16/Feb/2023:11:57:32 +0800] "POST /xingrg/kc/base/wldb_order_operate.html HTTP/1.1" 200 2198
124.79.72.155 - - [16/Feb/2023:11:57:33 +0800] "GET /xingrg/kc/base/wldb_order_info.html?code=422023021601171 HTTP/1.1" 200 30430
124.79.72.155 - - [16/Feb/2023:11:57:33 +0800] "GET /xingrg/all/common/auto_word.html?type=base&rest_code=00156 HTTP/1.1" 200 1903
124.79.72.155 - - [16/Feb/2023:11:57:33 +0800] "GET /xingrg/javascript/easyui/themes/default/validatebox.css HTTP/1.1" 404 1104
124.79.72.155 - - [16/Feb/2023:11:57:33 +0800] "GET /xingrg/all/common/auto_word.html?type=base&rest_code=00156 HTTP/1.1" 200 1903
116.192.124.172 - - [16/Feb/2023:11:57:33 +0800] "GET /xingrg/all/function/internal_message.html?_=1676519867104&CODE_STATE=getMsg HTTP/1.1" 200 27
124.79.72.155 - - [16/Feb/2023:11:57:33 +0800] "POST /xingrg/kc/base/wldb_order_operate.html HTTP/1.1" 200 2198
116.230.105.139 - - [16/Feb/2023:11:57:34 +0800] "GET /xingrg/all/function/internal_message.html?_=1676519853033&CODE_STATE=getMsg HTTP/1.1" 200 27
124.79.72.155 - - [16/Feb/2023:11:57:34 +0800] "GET /xingrg/kc/base/wldb_order_add.html HTTP/1.1" 200 30424
124.79.72.155 - - [16/Feb/2023:11:57:34 +0800] "POST /xingrg/kc/base/wldb_order_operate.html HTTP/1.1" 200 6806
124.79.72.155 - - [16/Feb/2023:11:57:34 +0800] "GET /xingrg/all/common/auto_word.html?type=base&rest_code=00156 HTTP/1.1" 200 1903
124.79.72.155 - - [16/Feb/2023:11:57:35 +0800] "GET /xingrg/all/common/auto_word.html?type=base&rest_code=00156 HTTP/1.1" 200 1903
124.79.72.155 - - [16/Feb/2023:11:57:35 +0800] "GET /xingrg/javascript/easyui/themes/default/validatebox.css HTTP/1.1" 404 1104
116.235.93.82 - - [16/Feb/2023:11:57:37 +0800] "GET /xingrg/all/function/internal_message.html?_=1676520116090&CODE_STATE=getMsg HTTP/1.1" 200 27
124.78.159.25 - - [16/Feb/2023:11:57:46 +0800] "GET /xingrg/all/function/internal_message.html?_=1676519881575&CODE_STATE=getMsg HTTP/1.1" 200 27
114.83.218.175 - - [16/Feb/2023:11:57:47 +0800] "GET /xingrg/all/function/internal_message.html?_=1676519882286&CODE_STATE=getMsg HTTP/1.1" 200 27
180.169.147.146 - - [16/Feb/2023:11:57:48 +0800] "GET /xingrg/all/function/internal_message.html?_=1676519876650&CODE_STATE=getMsg HTTP/1.1" 200 27
180.169.147.146 - - [16/Feb/2023:11:57:48 +0800] "GET /xingrg/check_reg.html?_=1676519876652 HTTP/1.1" 200 22
124.79.72.155 - - [16/Feb/2023:11:57:50 +0800] "GET /xingrg/kc/base/wldb_order_operate.html?command=get_materiel&rest_code=00156&base_code=0010780&code=00102004006 HTTP/1.1" 200 442
124.79.72.155 - - [16/Feb/2023:11:57:53 +0800] "GET /xingrg/kc/base/wldb_order_operate.html?command=get_materiel&rest_code=00156&base_code=0010780&code=00102002448 HTTP/1.1" 200 440
180.162.114.226 - - [16/Feb/2023:11:57:54 +0800] "GET /xingrg/all/function/internal_message.html?_=1676518829168&CODE_STATE=getMsg HTTP/1.1" 200 27
101.229.22.234 - - [16/Feb/2023:11:57:54 +0800] "GET /xingrg/all/function/internal_message.html?_=1676519889277&CODE_STATE=getMsg HTTP/1.1" 200 27
101.229.22.234 - - [16/Feb/2023:11:57:54 +0800] "GET /xingrg/check_reg.html?_=1676519889276 HTTP/1.1" 200 22
222.67.238.61 - - [16/Feb/2023:11:57:59 +0800] "GET /xingrg/all/function/internal_message.html?_=1676519459040&CODE_STATE=getMsg HTTP/1.1" 200 27
222.70.177.73 - - [16/Feb/2023:11:58:00 +0800] "POST /xingrg/dwr/call/plaincall/AjaxReportQueryService.refreshCache.dwr HTTP/1.1" 200 78
124.79.72.155 - - [16/Feb/2023:11:58:00 +0800] "GET /xingrg/kc/base/wldb_order_operate.html?command=get_materiel&rest_code=00156&base_code=0010780&code=00102002321 HTTP/1.1" 200 447
222.70.177.73 - - [16/Feb/2023:11:58:01 +0800] "POST /xingrg/all/report/load_report_page.html HTTP/1.1" 200 8948
222.70.177.73 - - [16/Feb/2023:11:58:01 +0800] "GET /xingrg/servlets/image?cache=0.7091964500513862&image=px HTTP/1.1" 200 807
124.79.72.155 - - [16/Feb/2023:11:58:03 +0800] "GET /xingrg/kc/base/wldb_order_operate.html?command=get_materiel&rest_code=00156&base_code=0010780&code=00102002448 HTTP/1.1" 200 440
124.79.72.155 - - [16/Feb/2023:11:58:06 +0800] "GET /xingrg/kc/base/wldb_order_operate.html?command=get_materiel&rest_code=00156&base_code=0010780&code=00102001084 HTTP/1.1" 200 431
124.79.72.155 - - [16/Feb/2023:11:58:06 +0800] "GET /xingrg/all/function/internal_message.html?_=1676519903454&CODE_STATE=getMsg HTTP/1.1" 200 27
58.40.7.146 - - [16/Feb/2023:11:58:06 +0800] "GET /xingrg/all/function/internal_message.html?_=1676519900792&CODE_STATE=getMsg HTTP/1.1" 200 27
221.239.170.112 - - [16/Feb/2023:11:58:06 +0800] "GET /xingrg/all/function/internal_message.html?_=1676519901569&CODE_STATE=getMsg HTTP/1.1" 200 27
120.253.135.82 - - [16/Feb/2023:11:58:06 +0800] "GET /xingrg/all/function/internal_message.html?_=1676520026991&CODE_STATE=getMsg HTTP/1.1" 200 27
124.79.72.155 - - [16/Feb/2023:11:58:09 +0800] "GET /xingrg/kc/base/wldb_order_operate.html?command=get_materiel&rest_code=00156&base_code=0010780&code=00102004006 HTTP/1.1" 200 442
120.253.135.82 - - [16/Feb/2023:11:58:11 +0800] "GET /xingrg/all/function/internal_message.html?_=1676519728249&CODE_STATE=getMsg HTTP/1.1" 200 27
124.78.159.25 - - [16/Feb/2023:11:58:11 +0800] "GET /xingrg/all/function/internal_message.html?_=1676519903654&CODE_STATE=getMsg HTTP/1.1" 200 27
180.169.147.146 - - [16/Feb/2023:11:58:12 +0800] "GET /xingrg/check_reg.html?_=1676519905800 HTTP/1.1" 200 22
218.81.220.34 - - [16/Feb/2023:11:58:13 +0800] "GET /xingrg/all/function/internal_message.html?_=1676519923093&CODE_STATE=getMsg HTTP/1.1" 200 27
124.79.72.155 - - [16/Feb/2023:11:58:14 +0800] "GET /xingrg/kc/base/wldb_order_operate.html?command=get_materiel&rest_code=00156&base_code=0010780&code=00101007200 HTTP/1.1" 200 449
116.238.139.35 - - [16/Feb/2023:11:58:19 +0800] "GET /xingrg/all/function/internal_message.html?_=1676519913889&CODE_STATE=getMsg HTTP/1.1" 200 27
222.70.177.73 - - [16/Feb/2023:11:58:19 +0800] "GET /xingrg/all/function/internal_message.html?_=1676519912109&CODE_STATE=getMsg HTTP/1.1" 200 27
101.83.145.75 - - [16/Feb/2023:11:58:21 +0800] "GET /xingrg/all/function/internal_message.html?_=1676519916411&CODE_STATE=getMsg HTTP/1.1" 200 27
124.79.72.155 - - [16/Feb/2023:11:58:21 +0800] "GET /xingrg/kc/base/wldb_order_operate.html?command=get_materiel&rest_code=00156&base_code=0010780&code=00102004030 HTTP/1.1" 200 442
180.165.52.237 - - [16/Feb/2023:11:58:23 +0800] "GET /xingrg/all/function/internal_message.html?_=1676519918556&CODE_STATE=getMsg HTTP/1.1" 200 27
116.235.93.82 - - [16/Feb/2023:11:58:24 +0800] "GET /xingrg/kc/buy/cgsh_order_add.html HTTP/1.1" 200 69880
116.235.93.82 - - [16/Feb/2023:11:58:24 +0800] "POST /xingrg/kc/buy/cgsh_order_operate.html HTTP/1.1" 200 8245
116.235.93.82 - - [16/Feb/2023:11:58:24 +0800] "GET /xingrg/javascript/easyui/themes/default/validatebox.css HTTP/1.1" 404 1104
116.235.93.82 - - [16/Feb/2023:11:58:26 +0800] "GET /xingrg/all/function/internal_message.html?_=1676519918700&CODE_STATE=getMsg HTTP/1.1" 200 27
124.79.72.155 - - [16/Feb/2023:11:58:26 +0800] "GET /xingrg/kc/base/wldb_order_operate.html?command=get_materiel&rest_code=00156&base_code=0010780&code=00102004026 HTTP/1.1" 200 442
114.83.218.175 - - [16/Feb/2023:11:58:26 +0800] "GET /xingrg/all/function/internal_message.html?_=1676519920875&CODE_STATE=getMsg HTTP/1.1" 200 27
116.238.139.35 - - [16/Feb/2023:11:58:28 +0800] "GET /xingrg/kc/buy/cgsh_order_list.html HTTP/1.1" 200 54063
116.238.139.35 - - [16/Feb/2023:11:58:29 +0800] "POST /xingrg/kc/buy/cgsh_list_operate.html HTTP/1.1" 200 986
116.238.139.35 - - [16/Feb/2023:11:58:30 +0800] "GET /xingrg/kc/buy/cgsh_order_add.html HTTP/1.1" 200 69839
180.169.147.146 - - [16/Feb/2023:11:58:31 +0800] "GET /xingrg/all/function/internal_message.html?_=1676519926078&CODE_STATE=getMsg HTTP/1.1" 200 27
116.238.139.35 - - [16/Feb/2023:11:58:33 +0800] "GET /xingrg/words/20230216110007_words.js HTTP/1.1" 304 -
116.192.124.172 - - [16/Feb/2023:11:58:33 +0800] "GET /xingrg/all/function/internal_message.html?_=1676519927088&CODE_STATE=getMsg HTTP/1.1" 200 27
116.238.139.35 - - [16/Feb/2023:11:58:33 +0800] "POST /xingrg/kc/buy/cgsh_order_operate.html HTTP/1.1" 200 8245
116.238.139.35 - - [16/Feb/2023:11:58:33 +0800] "GET /xingrg/javascript/easyui/themes/default/validatebox.css HTTP/1.1" 404 1104
116.230.105.139 - - [16/Feb/2023:11:58:34 +0800] "GET /xingrg/all/function/internal_message.html?_=1676519913032&CODE_STATE=getMsg HTTP/1.1" 200 27
124.79.72.155 - - [16/Feb/2023:11:58:34 +0800] "POST /xingrg/kc/base/wldb_order_operate.html HTTP/1.1" 200 37
124.79.72.155 - - [16/Feb/2023:11:58:35 +0800] "POST /xingrg/kc/base/wldb_order_operate.html HTTP/1.1" 200 5541
124.79.72.155 - - [16/Feb/2023:11:58:35 +0800] "GET /xingrg/kc/base/wldb_order_info.html?code=422023021601172 HTTP/1.1" 200 30439
124.79.72.155 - - [16/Feb/2023:11:58:35 +0800] "GET /xingrg/all/common/auto_word.html?type=base&rest_code=00156 HTTP/1.1" 200 1903
124.79.72.155 - - [16/Feb/2023:11:58:35 +0800] "GET /xingrg/javascript/easyui/themes/default/validatebox.css HTTP/1.1" 404 1104
124.79.72.155 - - [16/Feb/2023:11:58:35 +0800] "GET /xingrg/all/common/auto_word.html?type=base&rest_code=00156 HTTP/1.1" 200 1903
124.79.72.155 - - [16/Feb/2023:11:58:36 +0800] "POST /xingrg/kc/base/wldb_order_operate.html HTTP/1.1" 200 5541
116.235.93.82 - - [16/Feb/2023:11:58:37 +0800] "GET /xingrg/all/function/internal_message.html?_=1676520176087&CODE_STATE=getMsg HTTP/1.1" 200 27
124.79.72.155 - - [16/Feb/2023:11:58:37 +0800] "GET /xingrg/kc/base/wldb_order_add.html HTTP/1.1" 200 30424
124.79.72.155 - - [16/Feb/2023:11:58:37 +0800] "POST /xingrg/kc/base/wldb_order_operate.html HTTP/1.1" 200 6806
124.79.72.155 - - [16/Feb/2023:11:58:37 +0800] "GET /xingrg/all/common/auto_word.html?type=base&rest_code=00156 HTTP/1.1" 200 1903
124.79.72.155 - - [16/Feb/2023:11:58:37 +0800] "GET /xingrg/all/common/auto_word.html?type=base&rest_code=00156 HTTP/1.1" 200 1903
124.79.72.155 - - [16/Feb/2023:11:58:37 +0800] "GET /xingrg/javascript/easyui/themes/default/validatebox.css HTTP/1.1" 404 1104
124.79.72.155 - - [16/Feb/2023:11:58:43 +0800] "GET /xingrg/kc/base/wldb_order_operate.html?command=get_materiel&rest_code=00156&base_code=0010780&code=00102002028 HTTP/1.1" 200 465
116.235.93.82 - - [16/Feb/2023:11:58:46 +0800] "GET /xingrg/kc/buy/cgsh_order_operate.html?command=get_materiel&rest_code=00104&code=00101012119&supplier_code=00100581&order_time=2023-02-15 HTTP/1.1" 200 416
124.78.159.25 - - [16/Feb/2023:11:58:46 +0800] "GET /xingrg/all/function/internal_message.html?_=1676519941575&CODE_STATE=getMsg HTTP/1.1" 200 27
114.83.218.175 - - [16/Feb/2023:11:58:47 +0800] "GET /xingrg/all/function/internal_message.html?_=1676519942282&CODE_STATE=getMsg HTTP/1.1" 200 27
180.169.147.146 - - [16/Feb/2023:11:58:48 +0800] "GET /xingrg/all/function/internal_message.html?_=1676519936650&CODE_STATE=getMsg HTTP/1.1" 200 27
124.79.72.155 - - [16/Feb/2023:11:58:49 +0800] "GET /xingrg/kc/base/wldb_order_operate.html?command=get_materiel&rest_code=00156&base_code=0010780&code=00102002029 HTTP/1.1" 200 464
116.238.139.35 - - [16/Feb/2023:11:58:51 +0800] "GET /xingrg/kc/buy/cgsh_order_operate.html?command=get_materiel&rest_code=00150&code=00101031001&supplier_code=00100064&order_time=2023-02-16 HTTP/1.1" 200 419
180.162.114.226 - - [16/Feb/2023:11:58:54 +0800] "GET /xingrg/all/function/internal_message.html?_=1676518889153&CODE_STATE=getMsg HTTP/1.1" 200 27
101.229.22.234 - - [16/Feb/2023:11:58:54 +0800] "GET /xingrg/all/function/internal_message.html?_=1676519949276&CODE_STATE=getMsg HTTP/1.1" 200 27
222.70.177.73 - - [16/Feb/2023:11:58:56 +0800] "POST /xingrg/dwr/call/plaincall/AjaxReportQueryService.refreshCache.dwr HTTP/1.1" 200 78
124.79.72.155 - - [16/Feb/2023:11:58:56 +0800] "GET /xingrg/kc/base/wldb_order_operate.html?command=get_materiel&rest_code=00156&base_code=0010780&code=00102002994 HTTP/1.1" 200 458
222.70.177.73 - - [16/Feb/2023:11:58:57 +0800] "POST /xingrg/all/report/load_report_page.html HTTP/1.1" 200 8932
222.70.177.73 - - [16/Feb/2023:11:58:57 +0800] "GET /xingrg/servlets/image?cache=0.18328088196659076&image=px HTTP/1.1" 200 807
222.67.238.61 - - [16/Feb/2023:11:58:59 +0800] "GET /xingrg/all/function/internal_message.html?_=1676519519039&CODE_STATE=getMsg HTTP/1.1" 200 27
124.79.72.155 - - [16/Feb/2023:11:59:00 +0800] "GET /xingrg/kc/base/wldb_order_operate.html?command=get_materiel&rest_code=00156&base_code=0010780&code=00102002993 HTTP/1.1" 200 460
116.235.93.82 - - [16/Feb/2023:11:59:02 +0800] "POST /xingrg/kc/buy/cgsh_order_operate.html HTTP/1.1" 200 37
116.238.139.35 - - [16/Feb/2023:11:59:02 +0800] "POST /xingrg/kc/buy/cgsh_order_operate.html HTTP/1.1" 200 88
116.235.93.82 - - [16/Feb/2023:11:59:03 +0800] "POST /xingrg/kc/buy/cgsh_order_operate.html HTTP/1.1" 200 2659
124.78.159.25 - - [16/Feb/2023:11:59:04 +0800] "GET /xingrg/check_reg.html?_=1676519956657 HTTP/1.1" 200 22
124.79.72.155 - - [16/Feb/2023:11:59:05 +0800] "GET /xingrg/kc/base/wldb_order_operate.html?command=get_materiel&rest_code=00156&base_code=0010780&code=00101017006 HTTP/1.1" 200 452
116.235.93.82 - - [16/Feb/2023:11:59:05 +0800] "GET /xingrg/kc/print/load_data.html?order_code=212023021605197&kc_code=cgsh&condition= HTTP/1.1" 200 674
124.79.72.155 - - [16/Feb/2023:11:59:06 +0800] "GET /xingrg/all/function/internal_message.html?_=1676519963456&CODE_STATE=getMsg HTTP/1.1" 200 27
58.40.7.146 - - [16/Feb/2023:11:59:06 +0800] "GET /xingrg/all/function/internal_message.html?_=1676519960794&CODE_STATE=getMsg HTTP/1.1" 200 27
58.40.7.146 - - [16/Feb/2023:11:59:06 +0800] "GET /xingrg/check_reg.html?_=1676519960800 HTTP/1.1" 200 22
221.239.170.112 - - [16/Feb/2023:11:59:06 +0800] "GET /xingrg/all/function/internal_message.html?_=1676519961554&CODE_STATE=getMsg HTTP/1.1" 200 27
120.253.135.82 - - [16/Feb/2023:11:59:06 +0800] "GET /xingrg/all/function/internal_message.html?_=1676520086995&CODE_STATE=getMsg HTTP/1.1" 200 27
120.253.135.82 - - [16/Feb/2023:11:59:06 +0800] "GET /xingrg/check_reg.html?_=1676520086999 HTTP/1.1" 200 22
116.235.93.82 - - [16/Feb/2023:11:59:10 +0800] "GET /xingrg/kc/buy/cgsh_order_add.html HTTP/1.1" 200 69880
