116.230.105.139 - - [16/Feb/2023:08:55:52 +0800] "GET /xingrg/kc/buy/cgsh_order_operate.html?command=get_materiel&rest_code=00155&code=00101008716&supplier_code=00100005&order_time=2023-02-16 HTTP/1.1" 200 398
218.81.220.34 - - [16/Feb/2023:08:55:57 +0800] "GET /xingrg/kc/buy/cgsh_order_operate.html?command=get_materiel&rest_code=00146&code=00101008323&supplier_code=00100005&order_time=2023-02-16 HTTP/1.1" 200 408
116.192.124.172 - - [16/Feb/2023:08:55:59 +0800] "GET /xingrg/all/function/internal_message.html?_=1676508974542&CODE_STATE=getMsg HTTP/1.1" 200 27
101.83.145.75 - - [16/Feb/2023:08:56:06 +0800] "GET /xingrg/check_reg.html?_=1676508980855 HTTP/1.1" 200 22
101.83.145.75 - - [16/Feb/2023:08:56:06 +0800] "GET /xingrg/all/function/internal_message.html?_=1676508980858&CODE_STATE=getMsg HTTP/1.1" 200 27
116.230.105.139 - - [16/Feb/2023:08:56:07 +0800] "GET /xingrg/kc/buy/cgsh_order_operate.html?command=get_materiel&rest_code=00155&code=00101008361&supplier_code=00100005&order_time=2023-02-16 HTTP/1.1" 200 408
120.253.135.82 - - [16/Feb/2023:08:56:07 +0800] "GET /xingrg/all/function/internal_message.html?_=1676508804387&CODE_STATE=getMsg HTTP/1.1" 200 27
116.238.139.35 - - [16/Feb/2023:08:56:09 +0800] "GET /xingrg/all/function/internal_message.html?_=1676508908984&CODE_STATE=getMsg HTTP/1.1" 200 27
221.239.170.112 - - [16/Feb/2023:08:56:09 +0800] "GET /xingrg/all/function/internal_message.html?_=1676508984799&CODE_STATE=getMsg HTTP/1.1" 200 27
116.230.105.139 - - [16/Feb/2023:08:56:21 +0800] "GET /xingrg/kc/buy/cgsh_order_operate.html?command=get_materiel&rest_code=00155&code=00101008355&supplier_code=00100005&order_time=2023-02-16 HTTP/1.1" 200 408
218.81.220.34 - - [16/Feb/2023:08:56:28 +0800] "GET /xingrg/all/function/internal_message.html?_=1676509017703&CODE_STATE=getMsg HTTP/1.1" 200 27
116.238.139.35 - - [16/Feb/2023:08:56:33 +0800] "GET /xingrg/all/function/internal_message.html?_=1676509008749&CODE_STATE=getMsg HTTP/1.1" 200 27
101.83.145.75 - - [16/Feb/2023:08:56:35 +0800] "GET /xingrg/kc/buy/cgsh_order_operate.html?command=get_materiel&rest_code=00105&code=00101002027&supplier_code=00100203&order_time=2023-02-16 HTTP/1.1" 200 413
116.230.105.139 - - [16/Feb/2023:08:56:41 +0800] "GET /xingrg/kc/buy/cgsh_order_operate.html?command=get_materiel&rest_code=00155&code=00101008264&supplier_code=00100005&order_time=2023-02-16 HTTP/1.1" 200 412
101.83.145.75 - - [16/Feb/2023:08:56:50 +0800] "GET /xingrg/kc/buy/cgsh_order_operate.html?command=get_materiel&rest_code=00105&code=00101003025&supplier_code=00100203&order_time=2023-02-16 HTTP/1.1" 200 409
116.230.105.139 - - [16/Feb/2023:08:56:50 +0800] "GET /xingrg/all/function/internal_message.html?_=1676509009429&CODE_STATE=getMsg HTTP/1.1" 200 27
124.78.159.25 - - [16/Feb/2023:08:56:51 +0800] "GET /xingrg/all/function/internal_message.html?_=1676509023435&CODE_STATE=getMsg HTTP/1.1" 200 27
116.230.105.139 - - [16/Feb/2023:08:56:51 +0800] "GET /xingrg/kc/buy/cgsh_order_operate.html?command=get_materiel&rest_code=00155&code=00101008274&supplier_code=00100005&order_time=2023-02-16 HTTP/1.1" 200 412
116.230.105.139 - - [16/Feb/2023:08:56:57 +0800] "POST /xingrg/kc/buy/cgsh_order_operate.html HTTP/1.1" 200 2065
116.192.124.172 - - [16/Feb/2023:08:56:59 +0800] "GET /xingrg/all/function/internal_message.html?_=1676509034513&CODE_STATE=getMsg HTTP/1.1" 200 27
116.230.105.139 - - [16/Feb/2023:08:57:04 +0800] "GET /xingrg/kc/buy/cgsh_order_operate.html?command=get_materiel&rest_code=00155&code=00101008010&supplier_code=00100005&order_time=2023-02-16 HTTP/1.1" 200 412
218.81.220.34 - - [16/Feb/2023:08:57:04 +0800] "POST /xingrg/kc/buy/cgsh_order_operate.html HTTP/1.1" 200 2065
101.83.145.75 - - [16/Feb/2023:08:57:06 +0800] "GET /xingrg/all/function/internal_message.html?_=1676509040876&CODE_STATE=getMsg HTTP/1.1" 200 27
120.253.135.82 - - [16/Feb/2023:08:57:06 +0800] "GET /xingrg/check_reg.html?_=1676508863351 HTTP/1.1" 200 22
120.253.135.82 - - [16/Feb/2023:08:57:07 +0800] "GET /xingrg/all/function/internal_message.html?_=1676508864401&CODE_STATE=getMsg HTTP/1.1" 200 27
116.238.139.35 - - [16/Feb/2023:08:57:09 +0800] "GET /xingrg/all/function/internal_message.html?_=1676508969019&CODE_STATE=getMsg HTTP/1.1" 200 27
221.239.170.112 - - [16/Feb/2023:08:57:09 +0800] "GET /xingrg/all/function/internal_message.html?_=1676509044784&CODE_STATE=getMsg HTTP/1.1" 200 27
116.230.105.139 - - [16/Feb/2023:08:57:11 +0800] "GET /xingrg/kc/buy/cgsh_order_operate.html?command=get_materiel&rest_code=00155&code=00101008411&supplier_code=00100005&order_time=2023-02-16 HTTP/1.1" 200 413
116.230.105.139 - - [16/Feb/2023:08:57:19 +0800] "GET /xingrg/kc/buy/cgsh_order_operate.html?command=get_materiel&rest_code=00155&code=00101008251&supplier_code=00100005&order_time=2023-02-16 HTTP/1.1" 200 408
218.81.220.34 - - [16/Feb/2023:08:57:25 +0800] "GET /xingrg/kc/buy/cgsh_order_operate.html?command=get_materiel&rest_code=00146&code=00101008095&supplier_code=00100005&order_time=2023-02-16 HTTP/1.1" 200 412
116.230.105.139 - - [16/Feb/2023:08:57:27 +0800] "GET /xingrg/kc/buy/cgsh_order_operate.html?command=get_materiel&rest_code=00155&code=00101008257&supplier_code=00100005&order_time=2023-02-16 HTTP/1.1" 200 416
218.81.220.34 - - [16/Feb/2023:08:57:28 +0800] "GET /xingrg/check_reg.html?_=1676509077662 HTTP/1.1" 200 22
218.81.220.34 - - [16/Feb/2023:08:57:28 +0800] "GET /xingrg/all/function/internal_message.html?_=1676509077807&CODE_STATE=getMsg HTTP/1.1" 200 27
116.238.139.35 - - [16/Feb/2023:08:57:34 +0800] "GET /xingrg/all/function/internal_message.html?_=1676509068749&CODE_STATE=getMsg HTTP/1.1" 200 27
116.230.105.139 - - [16/Feb/2023:08:57:34 +0800] "GET /xingrg/kc/buy/cgsh_order_operate.html?command=get_materiel&rest_code=00155&code=00101008360&supplier_code=00100005&order_time=2023-02-16 HTTP/1.1" 200 413
116.230.105.139 - - [16/Feb/2023:08:57:36 +0800] "POST /xingrg/kc/buy/cgsh_order_operate.html HTTP/1.1" 200 2065
116.230.105.139 - - [16/Feb/2023:08:57:42 +0800] "GET /xingrg/kc/buy/cgsh_order_operate.html?command=get_materiel&rest_code=00155&code=00101008069&supplier_code=00100005&order_time=2023-02-16 HTTP/1.1" 200 412
218.81.220.34 - - [16/Feb/2023:08:57:42 +0800] "GET /xingrg/kc/buy/cgsh_order_operate.html?command=get_materiel&rest_code=00146&code=00101008110&supplier_code=00100005&order_time=2023-02-16 HTTP/1.1" 200 408
116.230.105.139 - - [16/Feb/2023:08:57:49 +0800] "GET /xingrg/kc/buy/cgsh_order_operate.html?command=get_materiel&rest_code=00155&code=00101008006&supplier_code=00100005&order_time=2023-02-16 HTTP/1.1" 200 416
116.230.105.139 - - [16/Feb/2023:08:57:50 +0800] "GET /xingrg/all/function/internal_message.html?_=1676509069411&CODE_STATE=getMsg HTTP/1.1" 200 27
124.78.159.25 - - [16/Feb/2023:08:57:51 +0800] "GET /xingrg/all/function/internal_message.html?_=1676509083408&CODE_STATE=getMsg HTTP/1.1" 200 27
116.230.105.139 - - [16/Feb/2023:08:57:57 +0800] "GET /xingrg/kc/buy/cgsh_order_operate.html?command=get_materiel&rest_code=00155&code=00101008131&supplier_code=00100005&order_time=2023-02-16 HTTP/1.1" 200 408
116.192.124.172 - - [16/Feb/2023:08:57:59 +0800] "GET /xingrg/all/function/internal_message.html?_=1676509094497&CODE_STATE=getMsg HTTP/1.1" 200 27
218.81.220.34 - - [16/Feb/2023:08:58:03 +0800] "GET /xingrg/kc/buy/cgsh_order_operate.html?command=get_materiel&rest_code=00146&code=00101008060&supplier_code=00100005&order_time=2023-02-16 HTTP/1.1" 200 416
116.230.105.139 - - [16/Feb/2023:08:58:05 +0800] "GET /xingrg/kc/buy/cgsh_order_operate.html?command=get_materiel&rest_code=00155&code=00101008371&supplier_code=00100005&order_time=2023-02-16 HTTP/1.1" 200 412
101.83.145.75 - - [16/Feb/2023:08:58:06 +0800] "GET /xingrg/all/function/internal_message.html?_=1676509100891&CODE_STATE=getMsg HTTP/1.1" 200 27
120.253.135.82 - - [16/Feb/2023:08:58:07 +0800] "GET /xingrg/all/function/internal_message.html?_=1676508924414&CODE_STATE=getMsg HTTP/1.1" 200 27
116.238.139.35 - - [16/Feb/2023:08:58:09 +0800] "GET /xingrg/all/function/internal_message.html?_=1676509029027&CODE_STATE=getMsg HTTP/1.1" 200 27
221.239.170.112 - - [16/Feb/2023:08:58:09 +0800] "GET /xingrg/all/function/internal_message.html?_=1676509104769&CODE_STATE=getMsg HTTP/1.1" 200 27
101.83.145.75 - - [16/Feb/2023:08:58:10 +0800] "GET /xingrg/kc/buy/cgsh_order_operate.html?command=get_materiel&rest_code=00105&code=00101008003&supplier_code=00100203&order_time=2023-02-16 HTTP/1.1" 200 408
116.230.105.139 - - [16/Feb/2023:08:58:14 +0800] "GET /xingrg/kc/buy/cgsh_order_operate.html?command=get_materiel&rest_code=00155&code=00101008353&supplier_code=00100005&order_time=2023-02-16 HTTP/1.1" 200 408
116.230.105.139 - - [16/Feb/2023:08:58:17 +0800] "POST /xingrg/kc/buy/cgsh_order_operate.html HTTP/1.1" 200 2065
101.83.145.75 - - [16/Feb/2023:08:58:22 +0800] "GET /xingrg/kc/buy/cgsh_order_operate.html?command=get_materiel&rest_code=00105&code=00101008067&supplier_code=00100203&order_time=2023-02-16 HTTP/1.1" 200 416
116.230.105.139 - - [16/Feb/2023:08:58:22 +0800] "GET /xingrg/kc/buy/cgsh_order_operate.html?command=get_materiel&rest_code=00155&code=00101008213&supplier_code=00100005&order_time=2023-02-16 HTTP/1.1" 200 412
218.81.220.34 - - [16/Feb/2023:08:58:27 +0800] "GET /xingrg/kc/buy/cgsh_order_operate.html?command=get_materiel&rest_code=00146&code=00101008704&supplier_code=00100005&order_time=2023-02-16 HTTP/1.1" 200 409
218.81.220.34 - - [16/Feb/2023:08:58:28 +0800] "GET /xingrg/all/function/internal_message.html?_=1676509137809&CODE_STATE=getMsg HTTP/1.1" 200 27
101.83.145.75 - - [16/Feb/2023:08:58:30 +0800] "GET /xingrg/kc/buy/cgsh_order_operate.html?command=get_materiel&rest_code=00105&code=00101008148&supplier_code=00100203&order_time=2023-02-16 HTTP/1.1" 200 416
116.230.105.139 - - [16/Feb/2023:08:58:32 +0800] "GET /xingrg/kc/buy/cgsh_order_operate.html?command=get_materiel&rest_code=00155&code=00101008328&supplier_code=00100005&order_time=2023-02-16 HTTP/1.1" 200 408
116.238.139.35 - - [16/Feb/2023:08:58:34 +0800] "GET /xingrg/all/function/internal_message.html?_=1676509128763&CODE_STATE=getMsg HTTP/1.1" 200 27
218.81.220.34 - - [16/Feb/2023:08:58:41 +0800] "GET /xingrg/kc/buy/cgsh_order_operate.html?command=get_materiel&rest_code=00146&code=00101015107&supplier_code=00100005&order_time=2023-02-16 HTTP/1.1" 200 411
116.230.105.139 - - [16/Feb/2023:08:58:50 +0800] "GET /xingrg/all/function/internal_message.html?_=1676509129420&CODE_STATE=getMsg HTTP/1.1" 200 27
180.163.29.219 - - [16/Feb/2023:08:58:51 +0800] "GET /xingrg/all/function/internal_message.html?_=1676509083408&CODE_STATE=getMsg HTTP/1.1" 302 -
218.81.220.34 - - [16/Feb/2023:08:58:53 +0800] "POST /xingrg/kc/buy/cgsh_order_operate.html HTTP/1.1" 200 2065
180.163.29.219 - - [16/Feb/2023:08:58:54 +0800] "GET /xingrg/login.html HTTP/1.1" 200 7641
116.192.124.172 - - [16/Feb/2023:08:58:59 +0800] "GET /xingrg/all/function/internal_message.html?_=1676509154488&CODE_STATE=getMsg HTTP/1.1" 200 27
218.81.220.34 - - [16/Feb/2023:08:59:02 +0800] "POST /xingrg/kc/buy/cgsh_order_operate.html HTTP/1.1" 200 37
218.81.220.34 - - [16/Feb/2023:08:59:04 +0800] "POST /xingrg/kc/buy/cgsh_order_operate.html HTTP/1.1" 200 29850
101.83.145.75 - - [16/Feb/2023:08:59:06 +0800] "GET /xingrg/all/function/internal_message.html?_=1676509160898&CODE_STATE=getMsg HTTP/1.1" 200 27
116.230.105.139 - - [16/Feb/2023:08:59:06 +0800] "GET /xingrg/kc/buy/cgsh_order_operate.html?command=get_materiel&rest_code=00155&code=00101008283&supplier_code=00100005&order_time=2023-02-16 HTTP/1.1" 200 408
120.253.135.82 - - [16/Feb/2023:08:59:07 +0800] "GET /xingrg/all/function/internal_message.html?_=1676508984431&CODE_STATE=getMsg HTTP/1.1" 200 27
221.239.170.112 - - [16/Feb/2023:08:59:09 +0800] "GET /xingrg/all/function/internal_message.html?_=1676509164754&CODE_STATE=getMsg HTTP/1.1" 200 27
116.238.139.35 - - [16/Feb/2023:08:59:10 +0800] "GET /xingrg/all/function/internal_message.html?_=1676509089073&CODE_STATE=getMsg HTTP/1.1" 200 27
218.81.220.34 - - [16/Feb/2023:08:59:13 +0800] "GET /xingrg/kc/buy/cgsh_order_operate.html?command=get_materiel&rest_code=00146&code=00101015061&supplier_code=00100005&order_time=2023-02-16 HTTP/1.1" 200 412
116.230.105.139 - - [16/Feb/2023:08:59:14 +0800] "GET /xingrg/kc/buy/cgsh_order_operate.html?command=get_materiel&rest_code=00155&code=00101008238&supplier_code=00100005&order_time=2023-02-16 HTTP/1.1" 200 416
116.238.139.35 - - [16/Feb/2023:08:59:20 +0800] "GET /xingrg/javascript/jquery_easy_ui/themes/default/images/button_a_bg.gif HTTP/1.1" 304 -
116.238.139.35 - - [16/Feb/2023:08:59:20 +0800] "GET /xingrg/javascript/jquery_easy_ui/themes/default/images/button_span_bg.gif HTTP/1.1" 304 -
116.238.139.35 - - [16/Feb/2023:08:59:20 +0800] "GET /xingrg/javascript/jquery_easy_ui/themes/icons/ok.png HTTP/1.1" 304 -
116.238.139.35 - - [16/Feb/2023:08:59:20 +0800] "GET /xingrg/javascript/jquery_easy_ui/themes/default/images/panel_tools.gif HTTP/1.1" 304 -
116.238.139.35 - - [16/Feb/2023:08:59:20 +0800] "GET /xingrg/javascript/jquery_easy_ui/themes/default/images/panel_title.png HTTP/1.1" 304 -
116.238.139.35 - - [16/Feb/2023:08:59:22 +0800] "POST /xingrg/all/user/operate.html HTTP/1.1" 200 36
116.230.105.139 - - [16/Feb/2023:08:59:22 +0800] "GET /xingrg/kc/buy/cgsh_order_operate.html?command=get_materiel&rest_code=00155&code=00101008155&supplier_code=00100005&order_time=2023-02-16 HTTP/1.1" 200 408
116.238.139.35 - - [16/Feb/2023:08:59:22 +0800] "GET /xingrg/javascript/jquery_easy_ui/themes/default/easyui.css HTTP/1.1" 304 -
116.238.139.35 - - [16/Feb/2023:08:59:22 +0800] "GET /xingrg/index.html?sysBaseUrl=http%3A%2F%2F180.169.147.146%3A18081%2Fxingrg%2F&costTime=42×tamp=1676365414213 HTTP/1.1" 200 17179
116.238.139.35 - - [16/Feb/2023:08:59:22 +0800] "GET /xingrg/javascript/jquery_easy_ui/themes/icon.css HTTP/1.1" 304 -
116.238.139.35 - - [16/Feb/2023:08:59:22 +0800] "GET /xingrg/css/form.css HTTP/1.1" 304 -
116.238.139.35 - - [16/Feb/2023:08:59:22 +0800] "GET /xingrg/javascript/jquery-1.4.2.min.js HTTP/1.1" 304 -
116.238.139.35 - - [16/Feb/2023:08:59:22 +0800] "GET /xingrg/javascript/jquery_easy_ui/jquery.easyui.min.js HTTP/1.1" 304 -
116.238.139.35 - - [16/Feb/2023:08:59:22 +0800] "GET /xingrg/javascript/jquery_easy_ui/easyui-lang-zh_CN.js HTTP/1.1" 304 -
116.238.139.35 - - [16/Feb/2023:08:59:22 +0800] "GET /xingrg/javascript/jquery.form.js HTTP/1.1" 304 -
116.238.139.35 - - [16/Feb/2023:08:59:22 +0800] "GET /xingrg/javascript/jquery.utils.js HTTP/1.1" 304 -
116.238.139.35 - - [16/Feb/2023:08:59:22 +0800] "GET /xingrg/javascript/jquery.timers.js HTTP/1.1" 304 -
116.238.139.35 - - [16/Feb/2023:08:59:23 +0800] "GET /xingrg/images/blue/jxLogo.png HTTP/1.1" 304 -
116.238.139.35 - - [16/Feb/2023:08:59:23 +0800] "GET /xingrg/javascript/jquery_easy_ui/themes/icons/settle_new.png HTTP/1.1" 304 -
116.238.139.35 - - [16/Feb/2023:08:59:23 +0800] "GET /xingrg/images/blue/navBackgound.jpg HTTP/1.1" 304 -
116.238.139.35 - - [16/Feb/2023:08:59:23 +0800] "POST /xingrg/all/common/load_tree.html?tree=area_rest_tree_json&manage=1 HTTP/1.1" 200 476
116.238.139.35 - - [16/Feb/2023:08:59:23 +0800] "GET /xingrg/images/blue/pingpu.png HTTP/1.1" 304 -
116.238.139.35 - - [16/Feb/2023:08:59:23 +0800] "GET /xingrg/javascript/jquery_easy_ui/themes/default/images/tabs_leftarrow.png HTTP/1.1" 304 -
116.238.139.35 - - [16/Feb/2023:08:59:23 +0800] "GET /xingrg/javascript/jquery_easy_ui/themes/default/images/tabs_rightarrow.png HTTP/1.1" 304 -
116.238.139.35 - - [16/Feb/2023:08:59:23 +0800] "GET /xingrg/javascript/jquery_easy_ui/themes/default/images/panel_tool_collapse.gif HTTP/1.1" 304 -
116.238.139.35 - - [16/Feb/2023:08:59:23 +0800] "GET /xingrg/all/function/internal_message.html?_=1676509102957&CODE_STATE=count HTTP/1.1" 200 11
116.238.139.35 - - [16/Feb/2023:08:59:23 +0800] "GET /xingrg/check_reg.html?_=1676509102957 HTTP/1.1" 200 22
116.238.139.35 - - [16/Feb/2023:08:59:23 +0800] "GET /xingrg/javascript/jquery_easy_ui/themes/default/images/tree_arrows.gif HTTP/1.1" 304 -
116.238.139.35 - - [16/Feb/2023:08:59:23 +0800] "POST /xingrg/load_menu.html HTTP/1.1" 200 5138
116.238.139.35 - - [16/Feb/2023:08:59:23 +0800] "GET /xingrg/javascript/jquery_easy_ui/themes/icons/search_new.png HTTP/1.1" 304 -
116.238.139.35 - - [16/Feb/2023:08:59:23 +0800] "GET /xingrg/javascript/jquery_easy_ui/themes/default/images/tree_folder_open.gif HTTP/1.1" 304 -
116.238.139.35 - - [16/Feb/2023:08:59:23 +0800] "GET /xingrg/javascript/jquery_easy_ui/themes/default/images/tree_folder.gif HTTP/1.1" 304 -
116.238.139.35 - - [16/Feb/2023:08:59:23 +0800] "GET /xingrg/javascript/jquery_easy_ui/themes/icons/storage_new.png HTTP/1.1" 304 -
116.238.139.35 - - [16/Feb/2023:08:59:23 +0800] "GET /xingrg/javascript/jquery_easy_ui/themes/icons/forms_new.png HTTP/1.1" 304 -
116.238.139.35 - - [16/Feb/2023:08:59:23 +0800] "GET /xingrg/javascript/jquery_easy_ui/themes/default/images/tree_file.gif HTTP/1.1" 304 -
116.230.105.139 - - [16/Feb/2023:08:59:24 +0800] "POST /xingrg/kc/buy/cgsh_order_operate.html HTTP/1.1" 200 2065
116.238.139.35 - - [16/Feb/2023:08:59:25 +0800] "GET /xingrg/javascript/jquery_easy_ui/themes/default/images/tabs_close.gif HTTP/1.1" 304 -
116.238.139.35 - - [16/Feb/2023:08:59:25 +0800] "GET /xingrg/css/base.css HTTP/1.1" 304 -
116.238.139.35 - - [16/Feb/2023:08:59:25 +0800] "GET /xingrg/css/site.css HTTP/1.1" 304 -
116.238.139.35 - - [16/Feb/2023:08:59:25 +0800] "GET /xingrg/javascript/jquery_tools/datebox.css HTTP/1.1" 304 -
116.238.139.35 - - [16/Feb/2023:08:59:25 +0800] "GET /xingrg/javascript/easyui/themes/default/easyui.css HTTP/1.1" 304 -
116.238.139.35 - - [16/Feb/2023:08:59:25 +0800] "GET /xingrg/javascript/easyui/themes/icon.css HTTP/1.1" 304 -
116.238.139.35 - - [16/Feb/2023:08:59:25 +0800] "GET /xingrg/javascript/auto/jquery.autocomplete.css HTTP/1.1" 304 -
116.238.139.35 - - [16/Feb/2023:08:59:25 +0800] "GET /xingrg/kc/buy/cgsh_order_list.html HTTP/1.1" 200 54063
116.238.139.35 - - [16/Feb/2023:08:59:25 +0800] "GET /xingrg/javascript/jquery_tools/fix.css HTTP/1.1" 304 -
116.238.139.35 - - [16/Feb/2023:08:59:25 +0800] "GET /xingrg/javascript/jquery_tools/table.css HTTP/1.1" 304 -
116.238.139.35 - - [16/Feb/2023:08:59:25 +0800] "GET /xingrg/javascript/jquery_tools/jquery.tools.min.js HTTP/1.1" 304 -
116.238.139.35 - - [16/Feb/2023:08:59:25 +0800] "GET /xingrg/javascript/jquery_tools/jquery.tools.extend.js HTTP/1.1" 304 -
116.238.139.35 - - [16/Feb/2023:08:59:25 +0800] "GET /xingrg/javascript/jquery_tools/jquery.tools.hotkey.js HTTP/1.1" 304 -
116.238.139.35 - - [16/Feb/2023:08:59:25 +0800] "GET /xingrg/javascript/jquery_tools/jquery.tools.table.js HTTP/1.1" 304 -
116.238.139.35 - - [16/Feb/2023:08:59:25 +0800] "GET /xingrg/javascript/jquery_tools/list_manager.js HTTP/1.1" 304 -
116.238.139.35 - - [16/Feb/2023:08:59:25 +0800] "GET /xingrg/javascript/auto/jquery.autocomplete.js HTTP/1.1" 304 -
116.238.139.35 - - [16/Feb/2023:08:59:25 +0800] "GET /xingrg/javascript/easyui/easyloader.js HTTP/1.1" 304 -
116.238.139.35 - - [16/Feb/2023:08:59:25 +0800] "GET /xingrg/javascript/jquery.cookie.js HTTP/1.1" 304 -
116.238.139.35 - - [16/Feb/2023:08:59:25 +0800] "GET /xingrg/javascript/print/LodopFuncs.js HTTP/1.1" 304 -
116.238.139.35 - - [16/Feb/2023:08:59:25 +0800] "GET /xingrg/javascript/easyui/themes/icons/edit_add_new.png HTTP/1.1" 304 -
116.238.139.35 - - [16/Feb/2023:08:59:25 +0800] "GET /xingrg/javascript/easyui/themes/icons/cance_new.png HTTP/1.1" 304 -
116.238.139.35 - - [16/Feb/2023:08:59:25 +0800] "GET /xingrg/javascript/easyui/themes/icons/check_new.png HTTP/1.1" 304 -
116.238.139.35 - - [16/Feb/2023:08:59:25 +0800] "GET /xingrg/javascript/easyui/themes/icons/field_new.png HTTP/1.1" 304 -
116.238.139.35 - - [16/Feb/2023:08:59:25 +0800] "GET /xingrg/javascript/easyui/themes/icons/import_new.png HTTP/1.1" 304 -
116.238.139.35 - - [16/Feb/2023:08:59:25 +0800] "GET /xingrg/javascript/easyui/plugins/jquery.parser.js HTTP/1.1" 304 -
116.238.139.35 - - [16/Feb/2023:08:59:25 +0800] "GET /xingrg/images/control/ajaxLoader.gif HTTP/1.1" 304 -
116.238.139.35 - - [16/Feb/2023:08:59:26 +0800] "POST /xingrg/kc/buy/cgsh_list_operate.html HTTP/1.1" 200 986
116.238.139.35 - - [16/Feb/2023:08:59:28 +0800] "GET /xingrg/javascript/easyui/themes/default/images/button_plain_hover.png HTTP/1.1" 304 -
116.238.139.35 - - [16/Feb/2023:08:59:28 +0800] "GET /xingrg/javascript/easyui/themes/default/images/button_plain_hover.png HTTP/1.1" 304 -
218.81.220.34 - - [16/Feb/2023:08:59:28 +0800] "GET /xingrg/all/function/internal_message.html?_=1676509197822&CODE_STATE=getMsg HTTP/1.1" 200 27
116.238.139.35 - - [16/Feb/2023:08:59:29 +0800] "GET /xingrg/javascript/pic_change.js HTTP/1.1" 304 -
116.238.139.35 - - [16/Feb/2023:08:59:29 +0800] "GET /xingrg/javascript/jquery_tools/order_manager.js HTTP/1.1" 304 -
116.238.139.35 - - [16/Feb/2023:08:59:29 +0800] "GET /xingrg/javascript/json2.js HTTP/1.1" 304 -
116.238.139.35 - - [16/Feb/2023:08:59:29 +0800] "GET /xingrg/javascript/convert.js HTTP/1.1" 304 -
116.238.139.35 - - [16/Feb/2023:08:59:29 +0800] "GET /xingrg/kc/buy/cgsh_order_add.html HTTP/1.1" 200 69851
116.238.139.35 - - [16/Feb/2023:08:59:29 +0800] "GET /xingrg/javascript/print/kc_print.js HTTP/1.1" 304 -
116.238.139.35 - - [16/Feb/2023:08:59:29 +0800] "GET /xingrg/words/20230215101832_words.js HTTP/1.1" 304 -
116.238.139.35 - - [16/Feb/2023:08:59:29 +0800] "GET /xingrg/javascript/easyui/themes/icons/copy_new.png HTTP/1.1" 304 -
116.238.139.35 - - [16/Feb/2023:08:59:29 +0800] "GET /xingrg/javascript/easyui/themes/icons/template_new.png HTTP/1.1" 304 -
116.238.139.35 - - [16/Feb/2023:08:59:29 +0800] "GET /xingrg/javascript/easyui/themes/icons/ok.png HTTP/1.1" 304 -
116.238.139.35 - - [16/Feb/2023:08:59:29 +0800] "GET /xingrg/javascript/easyui/themes/icons/print.png HTTP/1.1" 304 -
116.238.139.35 - - [16/Feb/2023:08:59:29 +0800] "GET /xingrg/javascript/easyui/themes/default/images/menu_downarrow.png HTTP/1.1" 304 -
116.238.139.35 - - [16/Feb/2023:08:59:29 +0800] "GET /xingrg/javascript/easyui/themes/icons/cancel.png HTTP/1.1" 304 -
116.238.139.35 - - [16/Feb/2023:08:59:29 +0800] "POST /xingrg/kc/buy/cgsh_order_operate.html HTTP/1.1" 200 8245
116.238.139.35 - - [16/Feb/2023:08:59:29 +0800] "GET /xingrg/javascript/easyui/themes/icons/edit_remove.png HTTP/1.1" 304 -
116.238.139.35 - - [16/Feb/2023:08:59:29 +0800] "GET /xingrg/all/common/auto_word.html?type=employee&rest_code=00150 HTTP/1.1" 200 159
116.238.139.35 - - [16/Feb/2023:08:59:29 +0800] "GET /xingrg/all/common/auto_word.html?type=employee&rest_code=00150 HTTP/1.1" 200 159
116.238.139.35 - - [16/Feb/2023:08:59:29 +0800] "GET /xingrg/javascript/easyui/themes/default/validatebox.css HTTP/1.1" 404 1104
116.238.139.35 - - [16/Feb/2023:08:59:29 +0800] "GET /xingrg/javascript/easyui/plugins/jquery.validatebox.js HTTP/1.1" 304 -
116.238.139.35 - - [16/Feb/2023:08:59:29 +0800] "GET /xingrg/javascript/easyui/plugins/jquery.numberbox.js HTTP/1.1" 304 -
116.230.105.139 - - [16/Feb/2023:08:59:30 +0800] "GET /xingrg/kc/buy/cgsh_order_operate.html?command=get_materiel&rest_code=00155&code=00101008223&supplier_code=00100005&order_time=2023-02-16 HTTP/1.1" 200 412
116.238.139.35 - - [16/Feb/2023:08:59:34 +0800] "GET /xingrg/check_reg.html?_=1676509188763 HTTP/1.1" 200 22
116.238.139.35 - - [16/Feb/2023:08:59:34 +0800] "GET /xingrg/all/function/internal_message.html?_=1676509188767&CODE_STATE=getMsg HTTP/1.1" 200 27
116.238.139.35 - - [16/Feb/2023:08:59:37 +0800] "GET /xingrg/javascript/auto/indicator.gif HTTP/1.1" 404 1066
218.81.220.34 - - [16/Feb/2023:08:59:39 +0800] "GET /xingrg/kc/buy/cgsh_order_operate.html?command=get_materiel&rest_code=00146&code=00101008123&supplier_code=00100005&order_time=2023-02-16 HTTP/1.1" 200 412
116.230.105.139 - - [16/Feb/2023:08:59:43 +0800] "GET /xingrg/kc/buy/cgsh_order_operate.html?command=get_materiel&rest_code=00155&code=00101008633&supplier_code=00100005&order_time=2023-02-16 HTTP/1.1" 200 414
221.239.170.112 - - [16/Feb/2023:08:59:46 +0800] "GET /xingrg/check_reg.html?_=1676509201120 HTTP/1.1" 200 22
116.238.139.35 - - [16/Feb/2023:08:59:47 +0800] "GET /xingrg/kc/buy/cgsh_order_operate.html?command=get_materiel&rest_code=00150&code=00101008175&supplier_code=00100008&order_time=2023-02-16 HTTP/1.1" 200 414
116.230.105.139 - - [16/Feb/2023:08:59:50 +0800] "GET /xingrg/kc/buy/cgsh_order_operate.html?command=get_materiel&rest_code=00155&code=00101008041&supplier_code=00100005&order_time=2023-02-16 HTTP/1.1" 200 408
116.230.105.139 - - [16/Feb/2023:08:59:50 +0800] "GET /xingrg/check_reg.html?_=1676509189419 HTTP/1.1" 200 22
116.230.105.139 - - [16/Feb/2023:08:59:50 +0800] "GET /xingrg/all/function/internal_message.html?_=1676509189423&CODE_STATE=getMsg HTTP/1.1" 200 27
218.81.220.34 - - [16/Feb/2023:08:59:57 +0800] "GET /xingrg/kc/buy/cgsh_order_operate.html?command=get_materiel&rest_code=00146&code=00101008509&supplier_code=00100005&order_time=2023-02-16 HTTP/1.1" 200 409
116.238.139.35 - - [16/Feb/2023:08:59:58 +0800] "GET /xingrg/kc/buy/cgsh_order_operate.html?command=get_materiel&rest_code=00150&code=00101008091&supplier_code=00100008&order_time=2023-02-16 HTTP/1.1" 200 413
116.192.124.172 - - [16/Feb/2023:08:59:59 +0800] "GET /xingrg/all/function/internal_message.html?_=1676509214473&CODE_STATE=getMsg HTTP/1.1" 200 27
124.78.159.25 - - [16/Feb/2023:09:00:01 +0800] "POST /xingrg/services/DataTransmitService HTTP/1.1" 200 524
116.230.105.139 - - [16/Feb/2023:09:00:04 +0800] "GET /xingrg/kc/buy/cgsh_order_operate.html?command=get_materiel&rest_code=00155&code=00101008277&supplier_code=00100005&order_time=2023-02-16 HTTP/1.1" 200 412
101.83.145.75 - - [16/Feb/2023:09:00:06 +0800] "GET /xingrg/all/function/internal_message.html?_=1676509220847&CODE_STATE=getMsg HTTP/1.1" 200 27
120.253.135.82 - - [16/Feb/2023:09:00:07 +0800] "GET /xingrg/all/function/internal_message.html?_=1676509044449&CODE_STATE=getMsg HTTP/1.1" 200 27
116.230.105.139 - - [16/Feb/2023:09:00:08 +0800] "POST /xingrg/kc/buy/cgsh_order_operate.html HTTP/1.1" 200 2065
221.239.170.112 - - [16/Feb/2023:09:00:09 +0800] "GET /xingrg/all/function/internal_message.html?_=1676509224725&CODE_STATE=getMsg HTTP/1.1" 200 27
116.238.139.35 - - [16/Feb/2023:09:00:11 +0800] "GET /xingrg/kc/buy/cgsh_order_operate.html?command=get_materiel&rest_code=00150&code=00101008072&supplier_code=00100008&order_time=2023-02-16 HTTP/1.1" 200 408
116.230.105.139 - - [16/Feb/2023:09:00:14 +0800] "GET /xingrg/kc/buy/cgsh_order_operate.html?command=get_materiel&rest_code=00155&code=00101008196&supplier_code=00100005&order_time=2023-02-16 HTTP/1.1" 200 416
218.81.220.34 - - [16/Feb/2023:09:00:15 +0800] "GET /xingrg/kc/buy/cgsh_order_operate.html?command=get_materiel&rest_code=00146&code=00101015046&supplier_code=00100005&order_time=2023-02-16 HTTP/1.1" 200 412
218.81.220.34 - - [16/Feb/2023:09:00:20 +0800] "POST /xingrg/kc/buy/cgsh_order_operate.html HTTP/1.1" 200 2065
116.238.139.35 - - [16/Feb/2023:09:00:23 +0800] "GET /xingrg/all/function/internal_message.html?_=1676509162969&CODE_STATE=getMsg HTTP/1.1" 200 27
116.238.139.35 - - [16/Feb/2023:09:00:24 +0800] "GET /xingrg/kc/buy/cgsh_order_operate.html?command=get_materiel&rest_code=00150&code=00101008612&supplier_code=00100008&order_time=2023-02-16 HTTP/1.1" 200 420
116.192.124.172 - - [16/Feb/2023:09:00:24 +0800] "GET /xingrg/check_reg.html?_=1676509239396 HTTP/1.1" 200 22
116.230.105.139 - - [16/Feb/2023:09:00:25 +0800] "GET /xingrg/kc/buy/cgsh_order_operate.html?command=get_materiel&rest_code=00155&code=00101008229&supplier_code=00100005&order_time=2023-02-16 HTTP/1.1" 200 420
218.81.220.34 - - [16/Feb/2023:09:00:28 +0800] "GET /xingrg/all/function/internal_message.html?_=1676509257836&CODE_STATE=getMsg HTTP/1.1" 200 27
116.238.139.35 - - [16/Feb/2023:09:00:34 +0800] "GET /xingrg/all/function/internal_message.html?_=1676509248767&CODE_STATE=getMsg HTTP/1.1" 200 27
116.238.139.35 - - [16/Feb/2023:09:00:39 +0800] "GET /xingrg/kc/buy/cgsh_order_operate.html?command=get_materiel&rest_code=00150&code=00101008026&supplier_code=00100008&order_time=2023-02-16 HTTP/1.1" 200 409
218.81.220.34 - - [16/Feb/2023:09:00:42 +0800] "GET /xingrg/kc/buy/cgsh_order_operate.html?command=get_materiel&rest_code=00146&code=00101008679&supplier_code=00100005&order_time=2023-02-16 HTTP/1.1" 200 413
116.230.105.139 - - [16/Feb/2023:09:00:45 +0800] "POST /xingrg/kc/buy/cgsh_order_operate.html HTTP/1.1" 200 37
116.230.105.139 - - [16/Feb/2023:09:00:47 +0800] "POST /xingrg/kc/buy/cgsh_order_operate.html HTTP/1.1" 200 26952
116.238.139.35 - - [16/Feb/2023:09:00:48 +0800] "GET /xingrg/kc/buy/cgsh_order_operate.html?command=get_materiel&rest_code=00150&code=00101008096&supplier_code=00100008&order_time=2023-02-16 HTTP/1.1" 200 412
116.230.105.139 - - [16/Feb/2023:09:00:48 +0800] "GET /xingrg/kc/print/report_design.html?orderType=cgsh HTTP/1.1" 200 8625
116.230.105.139 - - [16/Feb/2023:09:00:49 +0800] "GET /xingrg/kc/print/design_operate.html?_=1676509247926&command=load_config&code=cgsh HTTP/1.1" 200 2853
116.230.105.139 - - [16/Feb/2023:09:00:49 +0800] "GET /favicon.ico HTTP/1.1" 404 -
116.230.105.139 - - [16/Feb/2023:09:00:50 +0800] "GET /xingrg/all/function/internal_message.html?_=1676509249412&CODE_STATE=getMsg HTTP/1.1" 200 27
116.230.105.139 - - [16/Feb/2023:09:00:50 +0800] "GET /xingrg/kc/print/load_data.html?order_code=212023021605133&kc_code=cgsh&condition= HTTP/1.1" 200 9945
116.230.105.139 - - [16/Feb/2023:09:00:53 +0800] "GET /xingrg/kc/print/load_data.html?order_code=212023021605133&kc_code=cgsh HTTP/1.1" 200 9945
101.83.145.75 - - [16/Feb/2023:09:00:57 +0800] "GET /xingrg/kc/buy/cgsh_order_operate.html?command=get_materiel&rest_code=00105&code=00101008005&supplier_code=00100203&order_time=2023-02-16 HTTP/1.1" 200 412
218.81.220.34 - - [16/Feb/2023:09:00:57 +0800] "GET /xingrg/kc/buy/cgsh_order_operate.html?command=get_materiel&rest_code=00146&code=00101009013&supplier_code=00100005&order_time=2023-02-16 HTTP/1.1" 200 422
116.192.124.172 - - [16/Feb/2023:09:00:59 +0800] "GET /xingrg/all/function/internal_message.html?_=1676509274460&CODE_STATE=getMsg HTTP/1.1" 200 27
101.83.145.75 - - [16/Feb/2023:09:01:06 +0800] "GET /xingrg/all/function/internal_message.html?_=1676509280855&CODE_STATE=getMsg HTTP/1.1" 200 27
101.83.145.75 - - [16/Feb/2023:09:01:06 +0800] "GET /xingrg/check_reg.html?_=1676509280858 HTTP/1.1" 200 22
120.253.135.82 - - [16/Feb/2023:09:01:07 +0800] "GET /xingrg/all/function/internal_message.html?_=1676509104457&CODE_STATE=getMsg HTTP/1.1" 200 27
221.239.170.112 - - [16/Feb/2023:09:01:09 +0800] "GET /xingrg/all/function/internal_message.html?_=1676509284721&CODE_STATE=getMsg HTTP/1.1" 200 27
101.83.145.75 - - [16/Feb/2023:09:01:11 +0800] "GET /xingrg/kc/buy/cgsh_order_operate.html?command=get_materiel&rest_code=00105&code=00101008274&supplier_code=00100203&order_time=2023-02-16 HTTP/1.1" 200 412
116.238.139.35 - - [16/Feb/2023:09:01:13 +0800] "GET /xingrg/kc/buy/cgsh_order_operate.html?command=get_materiel&rest_code=00150&code=00101008038&supplier_code=00100008&order_time=2023-02-16 HTTP/1.1" 200 412
116.238.139.35 - - [16/Feb/2023:09:01:23 +0800] "GET /xingrg/all/function/internal_message.html?_=1676509222983&CODE_STATE=getMsg HTTP/1.1" 200 27
116.238.139.35 - - [16/Feb/2023:09:01:24 +0800] "GET /xingrg/kc/buy/cgsh_order_operate.html?command=get_materiel&rest_code=00150&code=00101008358&supplier_code=00100008&order_time=2023-02-16 HTTP/1.1" 200 412
218.81.220.34 - - [16/Feb/2023:09:01:27 +0800] "GET /xingrg/kc/buy/cgsh_order_operate.html?command=get_materiel&rest_code=00146&code=00101009011&supplier_code=00100005&order_time=2023-02-16 HTTP/1.1" 200 416
218.81.220.34 - - [16/Feb/2023:09:01:28 +0800] "GET /xingrg/all/function/internal_message.html?_=1676509317850&CODE_STATE=getMsg HTTP/1.1" 200 27
116.238.139.35 - - [16/Feb/2023:09:01:34 +0800] "GET /xingrg/all/function/internal_message.html?_=1676509308767&CODE_STATE=getMsg HTTP/1.1" 200 27
116.238.139.35 - - [16/Feb/2023:09:01:34 +0800] "GET /xingrg/kc/buy/cgsh_order_operate.html?command=get_materiel&rest_code=00150&code=00101008163&supplier_code=00100008&order_time=2023-02-16 HTTP/1.1" 200 409
116.238.139.35 - - [16/Feb/2023:09:01:43 +0800] "GET /xingrg/kc/buy/cgsh_order_operate.html?command=get_materiel&rest_code=00150&code=00101008268&supplier_code=00100008&order_time=2023-02-16 HTTP/1.1" 200 408
218.81.220.34 - - [16/Feb/2023:09:01:46 +0800] "GET /xingrg/kc/buy/cgsh_order_operate.html?command=get_materiel&rest_code=00146&code=00101009015&supplier_code=00100005&order_time=2023-02-16 HTTP/1.1" 200 416
116.230.105.139 - - [16/Feb/2023:09:01:50 +0800] "GET /xingrg/all/function/internal_message.html?_=1676509309418&CODE_STATE=getMsg HTTP/1.1" 200 27
116.238.139.35 - - [16/Feb/2023:09:01:56 +0800] "GET /xingrg/kc/buy/cgsh_order_operate.html?command=get_materiel&rest_code=00150&code=00101008007&supplier_code=00100008&order_time=2023-02-16 HTTP/1.1" 200 413
116.192.124.172 - - [16/Feb/2023:09:01:59 +0800] "GET /xingrg/all/function/internal_message.html?_=1676509334457&CODE_STATE=getMsg HTTP/1.1" 200 27
218.81.220.34 - - [16/Feb/2023:09:02:02 +0800] "GET /xingrg/kc/buy/cgsh_order_operate.html?command=get_materiel&rest_code=00146&code=00101009031&supplier_code=00100005&order_time=2023-02-16 HTTP/1.1" 200 410
101.83.145.75 - - [16/Feb/2023:09:02:06 +0800] "GET /xingrg/all/function/internal_message.html?_=1676509340894&CODE_STATE=getMsg HTTP/1.1" 200 27
120.253.135.82 - - [16/Feb/2023:09:02:06 +0800] "GET /xingrg/check_reg.html?_=1676509163348 HTTP/1.1" 200 22
116.238.139.35 - - [16/Feb/2023:09:02:07 +0800] "GET /xingrg/kc/buy/cgsh_order_operate.html?command=get_materiel&rest_code=00150&code=00101008019&supplier_code=00100008&order_time=2023-02-16 HTTP/1.1" 200 416
120.253.135.82 - - [16/Feb/2023:09:02:07 +0800] "GET /xingrg/all/function/internal_message.html?_=1676509164469&CODE_STATE=getMsg HTTP/1.1" 200 27
221.239.170.112 - - [16/Feb/2023:09:02:09 +0800] "GET /xingrg/all/function/internal_message.html?_=1676509344706&CODE_STATE=getMsg HTTP/1.1" 200 27
218.81.220.34 - - [16/Feb/2023:09:02:16 +0800] "POST /xingrg/kc/buy/cgsh_order_operate.html HTTP/1.1" 200 2065
116.238.139.35 - - [16/Feb/2023:09:02:18 +0800] "GET /xingrg/kc/buy/cgsh_order_operate.html?command=get_materiel&rest_code=00150&code=00101008300&supplier_code=00100008&order_time=2023-02-16 HTTP/1.1" 200 412
116.238.139.35 - - [16/Feb/2023:09:02:23 +0800] "GET /xingrg/all/function/internal_message.html?_=1676509282996&CODE_STATE=getMsg HTTP/1.1" 200 27
218.81.220.34 - - [16/Feb/2023:09:02:23 +0800] "POST /xingrg/kc/buy/cgsh_order_operate.html HTTP/1.1" 200 37
116.238.139.35 - - [16/Feb/2023:09:02:26 +0800] "GET /xingrg/kc/buy/cgsh_order_operate.html?command=get_materiel&rest_code=00150&code=00101008251&supplier_code=00100008&order_time=2023-02-16 HTTP/1.1" 200 408
218.81.220.34 - - [16/Feb/2023:09:02:27 +0800] "POST /xingrg/kc/buy/cgsh_order_operate.html HTTP/1.1" 200 35183
218.81.220.34 - - [16/Feb/2023:09:02:28 +0800] "GET /xingrg/check_reg.html?_=1676509377660 HTTP/1.1" 200 22
218.81.220.34 - - [16/Feb/2023:09:02:28 +0800] "GET /xingrg/all/function/internal_message.html?_=1676509377863&CODE_STATE=getMsg HTTP/1.1" 200 27
116.238.139.35 - - [16/Feb/2023:09:02:34 +0800] "GET /xingrg/all/function/internal_message.html?_=1676509368753&CODE_STATE=getMsg HTTP/1.1" 200 27
116.238.139.35 - - [16/Feb/2023:09:02:36 +0800] "GET /xingrg/kc/buy/cgsh_order_operate.html?command=get_materiel&rest_code=00150&code=00101008370&supplier_code=00100008&order_time=2023-02-16 HTTP/1.1" 200 412
116.238.139.35 - - [16/Feb/2023:09:02:46 +0800] "GET /xingrg/kc/buy/cgsh_order_operate.html?command=get_materiel&rest_code=00150&code=00101008355&supplier_code=00100008&order_time=2023-02-16 HTTP/1.1" 200 408
116.230.105.139 - - [16/Feb/2023:09:02:50 +0800] "GET /xingrg/all/function/internal_message.html?_=1676509369416&CODE_STATE=getMsg HTTP/1.1" 200 27
101.229.22.234 - - [16/Feb/2023:09:02:53 +0800] "POST /xingrg/login.do HTTP/1.1" 302 -
101.229.22.234 - - [16/Feb/2023:09:02:53 +0800] "GET /xingrg/index.html?sysBaseUrl=http%3A%2F%2F180.169.147.146%3A18081%2Fxingrg%2F&costTime=40×tamp=1676509373759 HTTP/1.1" 200 17179
101.229.22.234 - - [16/Feb/2023:09:02:53 +0800] "GET /xingrg/javascript/jquery_easy_ui/easyui-lang-zh_CN.js HTTP/1.1" 304 -
101.229.22.234 - - [16/Feb/2023:09:02:53 +0800] "GET /xingrg/javascript/jquery_easy_ui/themes/default/easyui.css HTTP/1.1" 304 -
101.229.22.234 - - [16/Feb/2023:09:02:53 +0800] "GET /xingrg/javascript/jquery.form.js HTTP/1.1" 304 -
101.229.22.234 - - [16/Feb/2023:09:02:53 +0800] "GET /xingrg/javascript/jquery_easy_ui/themes/icon.css HTTP/1.1" 304 -
101.229.22.234 - - [16/Feb/2023:09:02:53 +0800] "GET /xingrg/javascript/jquery.utils.js HTTP/1.1" 304 -
101.229.22.234 - - [16/Feb/2023:09:02:53 +0800] "GET /xingrg/javascript/jquery.timers.js HTTP/1.1" 304 -
101.229.22.234 - - [16/Feb/2023:09:02:53 +0800] "GET /xingrg/css/form.css HTTP/1.1" 304 -
101.229.22.234 - - [16/Feb/2023:09:02:53 +0800] "GET /favicon.ico HTTP/1.1" 404 -
101.229.22.234 - - [16/Feb/2023:09:02:54 +0800] "GET /xingrg/javascript/jquery-1.4.2.min.js HTTP/1.1" 304 -
101.229.22.234 - - [16/Feb/2023:09:02:54 +0800] "GET /xingrg/javascript/jquery_easy_ui/jquery.easyui.min.js HTTP/1.1" 304 -
101.229.22.234 - - [16/Feb/2023:09:02:54 +0800] "GET /xingrg/javascript/jquery_easy_ui/themes/icons/settle_new.png HTTP/1.1" 304 -
101.229.22.234 - - [16/Feb/2023:09:02:54 +0800] "GET /xingrg/images/blue/navBackgound.jpg HTTP/1.1" 304 -
116.238.139.35 - - [16/Feb/2023:09:02:54 +0800] "GET /xingrg/kc/buy/cgsh_order_operate.html?command=get_materiel&rest_code=00150&code=00101008024&supplier_code=00100008&order_time=2023-02-16 HTTP/1.1" 200 408
101.229.22.234 - - [16/Feb/2023:09:02:54 +0800] "POST /xingrg/all/common/load_tree.html?tree=area_rest_tree_json&manage=1 HTTP/1.1" 200 351
101.229.22.234 - - [16/Feb/2023:09:02:54 +0800] "GET /xingrg/images/blue/pingpu.png HTTP/1.1" 304 -
101.229.22.234 - - [16/Feb/2023:09:02:54 +0800] "GET /xingrg/all/function/internal_message.html?_=1676509389142&CODE_STATE=count HTTP/1.1" 200 11
101.229.22.234 - - [16/Feb/2023:09:02:54 +0800] "GET /xingrg/check_reg.html?_=1676509389143 HTTP/1.1" 200 22
101.229.22.234 - - [16/Feb/2023:09:02:54 +0800] "GET /xingrg/javascript/jquery_easy_ui/themes/default/images/tabs_rightarrow.png HTTP/1.1" 304 -
101.229.22.234 - - [16/Feb/2023:09:02:54 +0800] "GET /xingrg/javascript/jquery_easy_ui/themes/default/images/tabs_leftarrow.png HTTP/1.1" 304 -
101.229.22.234 - - [16/Feb/2023:09:02:54 +0800] "GET /xingrg/javascript/jquery_easy_ui/themes/default/images/panel_tool_collapse.gif HTTP/1.1" 304 -
101.229.22.234 - - [16/Feb/2023:09:02:54 +0800] "POST /xingrg/load_menu.html HTTP/1.1" 200 5138
101.229.22.234 - - [16/Feb/2023:09:02:54 +0800] "GET /xingrg/javascript/jquery_easy_ui/themes/default/images/tree_arrows.gif HTTP/1.1" 304 -
101.229.22.234 - - [16/Feb/2023:09:02:54 +0800] "GET /xingrg/javascript/jquery_easy_ui/themes/icons/search_new.png HTTP/1.1" 304 -
101.229.22.234 - - [16/Feb/2023:09:02:54 +0800] "GET /xingrg/javascript/jquery_easy_ui/themes/default/images/tree_folder_open.gif HTTP/1.1" 304 -
101.229.22.234 - - [16/Feb/2023:09:02:54 +0800] "GET /xingrg/javascript/jquery_easy_ui/themes/default/images/tree_folder.gif HTTP/1.1" 304 -
101.229.22.234 - - [16/Feb/2023:09:02:54 +0800] "GET /xingrg/javascript/jquery_easy_ui/themes/icons/storage_new.png HTTP/1.1" 304 -
101.229.22.234 - - [16/Feb/2023:09:02:54 +0800] "GET /xingrg/javascript/jquery_easy_ui/themes/icons/forms_new.png HTTP/1.1" 304 -
101.229.22.234 - - [16/Feb/2023:09:02:54 +0800] "GET /xingrg/javascript/jquery_easy_ui/themes/default/images/tree_file.gif HTTP/1.1" 304 -
218.81.220.34 - - [16/Feb/2023:09:02:57 +0800] "POST /xingrg/kc/buy/cgsh_order_operate.html HTTP/1.1" 200 37
101.229.22.234 - - [16/Feb/2023:09:02:58 +0800] "GET /xingrg/javascript/jquery_easy_ui/themes/icons/area.png HTTP/1.1" 304 -
101.229.22.234 - - [16/Feb/2023:09:02:58 +0800] "GET /xingrg/javascript/jquery_easy_ui/themes/icons/rest.png HTTP/1.1" 304 -
218.81.220.34 - - [16/Feb/2023:09:02:59 +0800] "POST /xingrg/kc/buy/cgsh_order_operate.html HTTP/1.1" 200 35183
116.192.124.172 - - [16/Feb/2023:09:02:59 +0800] "GET /xingrg/all/function/internal_message.html?_=1676509394444&CODE_STATE=getMsg HTTP/1.1" 200 27
218.81.220.34 - - [16/Feb/2023:09:03:01 +0800] "GET /xingrg/kc/print/load_config.html?kc_code=cgsh HTTP/1.1" 200 1943
218.81.220.34 - - [16/Feb/2023:09:03:01 +0800] "GET /xingrg/kc/print/load_data.html?order_code=212023021605125&kc_code=cgsh&condition= HTTP/1.1" 200 13017
101.229.22.234 - - [16/Feb/2023:09:03:05 +0800] "GET /xingrg/javascript/jquery_easy_ui/themes/default/images/tabs_close.gif HTTP/1.1" 304 -
101.229.22.234 - - [16/Feb/2023:09:03:05 +0800] "GET /xingrg/css/base.css HTTP/1.1" 304 -
101.229.22.234 - - [16/Feb/2023:09:03:05 +0800] "GET /xingrg/kc/mdqp/pssh_order_list.html HTTP/1.1" 200 17015
101.229.22.234 - - [16/Feb/2023:09:03:05 +0800] "GET /xingrg/css/site.css HTTP/1.1" 304 -
101.229.22.234 - - [16/Feb/2023:09:03:05 +0800] "GET /xingrg/javascript/jquery_tools/datebox.css HTTP/1.1" 304 -
101.229.22.234 - - [16/Feb/2023:09:03:05 +0800] "GET /xingrg/javascript/easyui/themes/default/easyui.css HTTP/1.1" 304 -
101.229.22.234 - - [16/Feb/2023:09:03:05 +0800] "GET /xingrg/javascript/jquery_tools/fix.css HTTP/1.1" 304 -
101.229.22.234 - - [16/Feb/2023:09:03:05 +0800] "GET /xingrg/javascript/easyui/themes/icon.css HTTP/1.1" 304 -
101.229.22.234 - - [16/Feb/2023:09:03:05 +0800] "GET /xingrg/javascript/auto/jquery.autocomplete.css HTTP/1.1" 304 -
101.229.22.234 - - [16/Feb/2023:09:03:05 +0800] "GET /xingrg/javascript/jquery_tools/table.css HTTP/1.1" 304 -
101.229.22.234 - - [16/Feb/2023:09:03:05 +0800] "GET /xingrg/javascript/jquery_tools/jquery.tools.min.js HTTP/1.1" 304 -
101.229.22.234 - - [16/Feb/2023:09:03:05 +0800] "GET /xingrg/javascript/jquery_tools/jquery.tools.extend.js HTTP/1.1" 304 -
101.229.22.234 - - [16/Feb/2023:09:03:05 +0800] "GET /xingrg/javascript/jquery_tools/jquery.tools.hotkey.js HTTP/1.1" 304 -
101.229.22.234 - - [16/Feb/2023:09:03:05 +0800] "GET /xingrg/javascript/jquery_tools/jquery.tools.table.js HTTP/1.1" 304 -
101.229.22.234 - - [16/Feb/2023:09:03:05 +0800] "GET /xingrg/javascript/jquery_tools/list_manager.js HTTP/1.1" 304 -
101.229.22.234 - - [16/Feb/2023:09:03:05 +0800] "GET /xingrg/javascript/auto/jquery.autocomplete.js HTTP/1.1" 304 -
101.229.22.234 - - [16/Feb/2023:09:03:05 +0800] "GET /xingrg/javascript/jquery.cookie.js HTTP/1.1" 304 -
101.229.22.234 - - [16/Feb/2023:09:03:05 +0800] "GET /xingrg/javascript/easyui/easyloader.js HTTP/1.1" 304 -
101.229.22.234 - - [16/Feb/2023:09:03:05 +0800] "GET /xingrg/javascript/easyui/themes/icons/field_new.png HTTP/1.1" 304 -
101.229.22.234 - - [16/Feb/2023:09:03:06 +0800] "GET /xingrg/javascript/easyui/plugins/jquery.parser.js HTTP/1.1" 304 -
101.229.22.234 - - [16/Feb/2023:09:03:06 +0800] "GET /xingrg/images/control/ajaxLoader.gif HTTP/1.1" 304 -
101.83.145.75 - - [16/Feb/2023:09:03:06 +0800] "GET /xingrg/all/function/internal_message.html?_=1676509400852&CODE_STATE=getMsg HTTP/1.1" 200 27
101.229.22.234 - - [16/Feb/2023:09:03:06 +0800] "POST /xingrg/kc/mdqp/pssh_list_operate.html HTTP/1.1" 200 5429
120.253.135.82 - - [16/Feb/2023:09:03:07 +0800] "GET /xingrg/all/function/internal_message.html?_=1676509224483&CODE_STATE=getMsg HTTP/1.1" 200 27
221.239.170.112 - - [16/Feb/2023:09:03:09 +0800] "GET /xingrg/all/function/internal_message.html?_=1676509404691&CODE_STATE=getMsg HTTP/1.1" 200 27
101.229.22.234 - - [16/Feb/2023:09:03:10 +0800] "POST /xingrg/kc/mdqp/pssh_list_operate.html HTTP/1.1" 200 798
101.229.22.234 - - [16/Feb/2023:09:03:10 +0800] "GET /xingrg/kc/mdqp/pssh_order_info.html?code=312023021600340 HTTP/1.1" 200 17277
101.229.22.234 - - [16/Feb/2023:09:03:10 +0800] "GET /xingrg/javascript/pic_change.js HTTP/1.1" 304 -
101.229.22.234 - - [16/Feb/2023:09:03:10 +0800] "GET /xingrg/javascript/jquery_tools/jquery-1.4.2.min.js HTTP/1.1" 404 1094
101.229.22.234 - - [16/Feb/2023:09:03:10 +0800] "GET /xingrg/javascript/jquery_tools/order_manager.js HTTP/1.1" 304 -
101.229.22.234 - - [16/Feb/2023:09:03:10 +0800] "GET /xingrg/javascript/convert.js HTTP/1.1" 304 -
101.229.22.234 - - [16/Feb/2023:09:03:10 +0800] "GET /xingrg/javascript/json2.js HTTP/1.1" 304 -
101.229.22.234 - - [16/Feb/2023:09:03:10 +0800] "GET /xingrg/javascript/print/kc_print.js HTTP/1.1" 304 -
101.229.22.234 - - [16/Feb/2023:09:03:10 +0800] "GET /xingrg/words/20230215101832_words.js HTTP/1.1" 200 946216
101.229.22.234 - - [16/Feb/2023:09:03:10 +0800] "GET /xingrg/javascript/print/LodopFuncs.js HTTP/1.1" 304 -
101.229.22.234 - - [16/Feb/2023:09:03:10 +0800] "GET /xingrg/javascript/easyui/themes/icons/cance_new.png HTTP/1.1" 304 -
101.229.22.234 - - [16/Feb/2023:09:03:10 +0800] "GET /xingrg/javascript/easyui/themes/icons/ok.png HTTP/1.1" 304 -
101.229.22.234 - - [16/Feb/2023:09:03:10 +0800] "GET /xingrg/javascript/easyui/themes/icons/check_new.png HTTP/1.1" 304 -
101.229.22.234 - - [16/Feb/2023:09:03:10 +0800] "GET /xingrg/javascript/easyui/themes/icons/print.png HTTP/1.1" 304 -
101.229.22.234 - - [16/Feb/2023:09:03:10 +0800] "GET /xingrg/javascript/easyui/themes/icons/back_new.png HTTP/1.1" 304 -
101.229.22.234 - - [16/Feb/2023:09:03:10 +0800] "GET /xingrg/javascript/easyui/themes/default/images/menu_downarrow.png HTTP/1.1" 304 -
101.229.22.234 - - [16/Feb/2023:09:03:11 +0800] "POST /xingrg/kc/mdqp/pssh_order_operate.html HTTP/1.1" 200 4815
101.229.22.234 - - [16/Feb/2023:09:03:11 +0800] "GET /xingrg/all/common/auto_word.html?type=base&rest_code=00142&rest_code=00142 HTTP/1.1" 200 719
101.229.22.234 - - [16/Feb/2023:09:03:11 +0800] "GET /xingrg/javascript/easyui/themes/default/validatebox.css HTTP/1.1" 404 1104
101.229.22.234 - - [16/Feb/2023:09:03:11 +0800] "GET /xingrg/all/common/auto_word.html?type=employee&rest_code=00142 HTTP/1.1" 200 105
101.229.22.234 - - [16/Feb/2023:09:03:11 +0800] "GET /xingrg/javascript/easyui/plugins/jquery.validatebox.js HTTP/1.1" 304 -
101.229.22.234 - - [16/Feb/2023:09:03:11 +0800] "GET /xingrg/javascript/easyui/plugins/jquery.numberbox.js HTTP/1.1" 304 -
180.169.147.146 - - [16/Feb/2023:09:03:12 +0800] "GET /xingrg/check_reg.html?_=1676509406396 HTTP/1.1" 200 22
116.238.139.35 - - [16/Feb/2023:09:03:23 +0800] "GET /xingrg/all/function/internal_message.html?_=1676509343010&CODE_STATE=getMsg HTTP/1.1" 200 27
101.229.22.234 - - [16/Feb/2023:09:03:27 +0800] "GET /xingrg/javascript/jquery_easy_ui/themes/default/images/tabs_active.png HTTP/1.1" 304 -
218.81.220.34 - - [16/Feb/2023:09:03:28 +0800] "GET /xingrg/all/function/internal_message.html?_=1676509437877&CODE_STATE=getMsg HTTP/1.1" 200 27
101.229.22.234 - - [16/Feb/2023:09:03:30 +0800] "POST /xingrg/kc/mdqp/pssh_list_operate.html HTTP/1.1" 200 265
101.229.22.234 - - [16/Feb/2023:09:03:30 +0800] "GET /xingrg/kc/mdqp/pssh_order_info.html?code=312023021600339 HTTP/1.1" 200 17277
101.229.22.234 - - [16/Feb/2023:09:03:30 +0800] "GET /xingrg/javascript/jquery_tools/jquery-1.4.2.min.js HTTP/1.1" 404 1094
101.229.22.234 - - [16/Feb/2023:09:03:30 +0800] "POST /xingrg/kc/mdqp/pssh_order_operate.html HTTP/1.1" 200 554
101.229.22.234 - - [16/Feb/2023:09:03:30 +0800] "GET /xingrg/javascript/easyui/themes/default/validatebox.css HTTP/1.1" 404 1104
116.238.139.35 - - [16/Feb/2023:09:03:33 +0800] "GET /xingrg/kc/buy/cgsh_order_list.html HTTP/1.1" 200 54061
116.238.139.35 - - [16/Feb/2023:09:03:34 +0800] "GET /xingrg/all/function/internal_message.html?_=1676509428786&CODE_STATE=getMsg HTTP/1.1" 200 27
116.238.139.35 - - [16/Feb/2023:09:03:34 +0800] "POST /xingrg/kc/buy/cgsh_list_operate.html HTTP/1.1" 200 986
116.238.139.35 - - [16/Feb/2023:09:03:34 +0800] "GET /xingrg/kc/buy/cgsh_order_operate.html?command=get_materiel&rest_code=00150&code=00101008411&supplier_code=00100008&order_time=2023-02-16 HTTP/1.1" 200 412
116.238.139.35 - - [16/Feb/2023:09:03:36 +0800] "GET /xingrg/kc/buy/cgsh_order_add.html HTTP/1.1" 200 69436
116.238.139.35 - - [16/Feb/2023:09:03:36 +0800] "GET /xingrg/javascript/easyui/themes/default/validatebox.css HTTP/1.1" 404 1104
116.238.139.35 - - [16/Feb/2023:09:03:36 +0800] "POST /xingrg/kc/buy/cgsh_order_operate.html HTTP/1.1" 200 8245
116.238.139.35 - - [16/Feb/2023:09:03:37 +0800] "GET /xingrg/javascript/auto/indicator.gif HTTP/1.1" 404 1066
116.192.124.172 - - [16/Feb/2023:09:03:38 +0800] "POST /xingrg/services/DataTransmitService HTTP/1.1" 200 524
116.238.139.35 - - [16/Feb/2023:09:03:45 +0800] "GET /xingrg/kc/buy/cgsh_order_operate.html?command=get_materiel&rest_code=00150&code=00101008439&supplier_code=00100008&order_time=2023-02-16 HTTP/1.1" 200 413
116.238.139.35 - - [16/Feb/2023:09:03:45 +0800] "GET /xingrg/kc/buy/cgsh_order_operate.html?command=get_materiel&rest_code=00151&code=00101008323&supplier_code=00100008&order_time=2023-02-16 HTTP/1.1" 200 408
116.230.105.139 - - [16/Feb/2023:09:03:50 +0800] "GET /xingrg/all/function/internal_message.html?_=1676509429423&CODE_STATE=getMsg HTTP/1.1" 200 27
101.229.22.234 - - [16/Feb/2023:09:03:54 +0800] "GET /xingrg/all/function/internal_message.html?_=1676509449147&CODE_STATE=getMsg HTTP/1.1" 200 27
116.238.139.35 - - [16/Feb/2023:09:03:55 +0800] "POST /xingrg/kc/buy/cgsh_order_operate.html HTTP/1.1" 200 37
116.238.139.35 - - [16/Feb/2023:09:03:58 +0800] "GET /xingrg/kc/buy/cgsh_order_operate.html?command=get_materiel&rest_code=00151&code=00101008302&supplier_code=00100008&order_time=2023-02-16 HTTP/1.1" 200 412
116.192.124.172 - - [16/Feb/2023:09:03:59 +0800] "GET /xingrg/all/function/internal_message.html?_=1676509454434&CODE_STATE=getMsg HTTP/1.1" 200 27
116.238.139.35 - - [16/Feb/2023:09:04:00 +0800] "POST /xingrg/kc/buy/cgsh_order_operate.html HTTP/1.1" 200 13903
101.83.145.75 - - [16/Feb/2023:09:04:06 +0800] "GET /xingrg/all/function/internal_message.html?_=1676509460846&CODE_STATE=getMsg HTTP/1.1" 200 27
120.253.135.82 - - [16/Feb/2023:09:04:07 +0800] "GET /xingrg/all/function/internal_message.html?_=1676509284495&CODE_STATE=getMsg HTTP/1.1" 200 27
