120.253.135.82 - - [16/Feb/2023:10:44:12 +0800] "POST /xingrg/kc/pszx/mdps_list_operate.html HTTP/1.1" 200 5383
120.253.135.82 - - [16/Feb/2023:10:44:13 +0800] "GET /xingrg/kc/pszx/mdps_order_list.html?orderType=0 HTTP/1.1" 200 21073
120.253.135.82 - - [16/Feb/2023:10:44:13 +0800] "POST /xingrg/kc/pszx/mdps_list_operate.html HTTP/1.1" 200 5383
124.78.159.25 - - [16/Feb/2023:10:44:13 +0800] "GET /xingrg/all/function/internal_message.html?_=1676515465313&CODE_STATE=getMsg HTTP/1.1" 200 27
218.81.220.34 - - [16/Feb/2023:10:44:14 +0800] "GET /xingrg/all/function/internal_message.html?_=1676515483773&CODE_STATE=getMsg HTTP/1.1" 200 27
180.169.147.146 - - [16/Feb/2023:10:44:14 +0800] "GET /xingrg/all/function/internal_message.html?_=1676515469361&CODE_STATE=getMsg HTTP/1.1" 200 27
180.169.147.146 - - [16/Feb/2023:10:44:14 +0800] "GET /xingrg/all/function/internal_message.html?_=1676515469462&CODE_STATE=getMsg HTTP/1.1" 200 27
218.81.220.34 - - [16/Feb/2023:10:44:16 +0800] "GET /xingrg/kc/base/base_main.html HTTP/1.1" 200 12142
218.81.220.34 - - [16/Feb/2023:10:44:18 +0800] "GET /xingrg/kc/base/wldb_order_list.html HTTP/1.1" 200 19145
114.83.218.175 - - [16/Feb/2023:10:44:18 +0800] "POST /xingrg/dwr/call/plaincall/AjaxQqpsService.getMaterielByCode.dwr HTTP/1.1" 200 2785
218.81.220.34 - - [16/Feb/2023:10:44:19 +0800] "POST /xingrg/kc/base/wldb_list_operate.html HTTP/1.1" 200 928
114.83.218.175 - - [16/Feb/2023:10:44:19 +0800] "POST /xingrg/dwr/call/plaincall/AjaxQqpsService.saveMaterielItem.dwr HTTP/1.1" 200 79
222.70.177.73 - - [16/Feb/2023:10:44:20 +0800] "GET /xingrg/all/function/internal_message.html?_=1676515473333&CODE_STATE=getMsg HTTP/1.1" 200 27
218.81.220.34 - - [16/Feb/2023:10:44:21 +0800] "GET /xingrg/kc/base/wldb_order_add.html HTTP/1.1" 200 30428
218.81.220.34 - - [16/Feb/2023:10:44:21 +0800] "POST /xingrg/kc/base/wldb_order_operate.html HTTP/1.1" 200 6806
218.81.220.34 - - [16/Feb/2023:10:44:21 +0800] "GET /xingrg/all/common/auto_word.html?type=base&rest_code=00146 HTTP/1.1" 200 1799
218.81.220.34 - - [16/Feb/2023:10:44:21 +0800] "GET /xingrg/all/common/auto_word.html?type=base&rest_code=00146 HTTP/1.1" 200 1799
218.81.220.34 - - [16/Feb/2023:10:44:22 +0800] "GET /xingrg/javascript/easyui/themes/default/validatebox.css HTTP/1.1" 404 1104
222.70.177.73 - - [16/Feb/2023:10:44:22 +0800] "POST /xingrg/kc/buy/cgsh_order_operate.html HTTP/1.1" 200 37
222.70.177.73 - - [16/Feb/2023:10:44:24 +0800] "POST /xingrg/kc/buy/cgsh_order_operate.html HTTP/1.1" 200 6424
222.70.177.73 - - [16/Feb/2023:10:44:25 +0800] "GET /xingrg/kc/print/load_data.html?order_code=212023021605170&kc_code=cgsh&condition= HTTP/1.1" 200 2299
114.83.218.175 - - [16/Feb/2023:10:44:26 +0800] "GET /xingrg/all/function/internal_message.html?_=1676515480625&CODE_STATE=getMsg HTTP/1.1" 200 27
114.83.218.175 - - [16/Feb/2023:10:44:27 +0800] "POST /xingrg/dwr/call/plaincall/AjaxQqpsService.getMaterielByCode.dwr HTTP/1.1" 200 2833
114.83.218.175 - - [16/Feb/2023:10:44:28 +0800] "POST /xingrg/dwr/call/plaincall/AjaxQqpsService.saveMaterielItem.dwr HTTP/1.1" 200 79
222.70.177.73 - - [16/Feb/2023:10:44:30 +0800] "GET /xingrg/kc/buy/cgsh_order_add.html HTTP/1.1" 200 69795
222.70.177.73 - - [16/Feb/2023:10:44:30 +0800] "POST /xingrg/kc/buy/cgsh_order_operate.html HTTP/1.1" 200 8245
222.70.177.73 - - [16/Feb/2023:10:44:30 +0800] "GET /xingrg/javascript/easyui/themes/default/validatebox.css HTTP/1.1" 404 1104
116.230.105.139 - - [16/Feb/2023:10:44:34 +0800] "GET /xingrg/all/function/internal_message.html?_=1676515473033&CODE_STATE=getMsg HTTP/1.1" 200 27
116.192.124.172 - - [16/Feb/2023:10:44:34 +0800] "GET /xingrg/all/function/internal_message.html?_=1676515488303&CODE_STATE=getMsg HTTP/1.1" 200 27
114.83.218.175 - - [16/Feb/2023:10:44:37 +0800] "POST /xingrg/dwr/call/plaincall/AjaxQqpsService.getMaterielByCode.dwr HTTP/1.1" 200 2824
114.83.218.175 - - [16/Feb/2023:10:44:39 +0800] "POST /xingrg/dwr/call/plaincall/AjaxQqpsService.saveMaterielItem.dwr HTTP/1.1" 200 79
222.70.177.73 - - [16/Feb/2023:10:44:41 +0800] "GET /xingrg/kc/buy/cgsh_order_operate.html?command=get_materiel&rest_code=00111&code=00101001111&supplier_code=00100042&order_time=2023-02-16 HTTP/1.1" 200 409
114.83.218.175 - - [16/Feb/2023:10:44:42 +0800] "POST /xingrg/dwr/call/plaincall/AjaxQqpsService.getMaterielByCode.dwr HTTP/1.1" 200 2825
114.83.218.175 - - [16/Feb/2023:10:44:43 +0800] "POST /xingrg/dwr/call/plaincall/AjaxQqpsService.saveMaterielItem.dwr HTTP/1.1" 200 79
221.239.170.112 - - [16/Feb/2023:10:44:46 +0800] "GET /xingrg/check_reg.html?_=1676515501053 HTTP/1.1" 200 22
114.83.218.175 - - [16/Feb/2023:10:44:48 +0800] "POST /xingrg/dwr/call/plaincall/AjaxQqpsService.getMaterielByCode.dwr HTTP/1.1" 200 2793
101.83.145.75 - - [16/Feb/2023:10:44:49 +0800] "GET /xingrg/all/function/internal_message.html?_=1676515504259&CODE_STATE=getMsg HTTP/1.1" 200 27
116.238.139.35 - - [16/Feb/2023:10:44:49 +0800] "GET /xingrg/all/function/internal_message.html?_=1676515504587&CODE_STATE=getMsg HTTP/1.1" 200 27
114.83.218.175 - - [16/Feb/2023:10:44:49 +0800] "POST /xingrg/dwr/call/plaincall/AjaxQqpsService.saveMaterielItem.dwr HTTP/1.1" 200 79
114.83.218.175 - - [16/Feb/2023:10:44:52 +0800] "POST /xingrg/dwr/call/plaincall/AjaxQqpsService.getMaterielByCode.dwr HTTP/1.1" 200 2759
222.70.177.73 - - [16/Feb/2023:10:44:54 +0800] "GET /xingrg/kc/buy/cgsh_order_operate.html?command=get_materiel&rest_code=00111&code=00101001060&supplier_code=00100042&order_time=2023-02-16 HTTP/1.1" 200 419
218.81.220.34 - - [16/Feb/2023:10:44:54 +0800] "GET /xingrg/kc/base/wldb_order_operate.html?command=get_materiel&rest_code=00146&base_code=0010063&code=00101019425 HTTP/1.1" 200 457
101.229.22.234 - - [16/Feb/2023:10:44:54 +0800] "GET /xingrg/all/function/internal_message.html?_=1676515509225&CODE_STATE=getMsg HTTP/1.1" 200 27
114.83.218.175 - - [16/Feb/2023:10:44:54 +0800] "POST /xingrg/dwr/call/plaincall/AjaxQqpsService.saveMaterielItem.dwr HTTP/1.1" 200 79
58.39.108.153 - - [16/Feb/2023:10:44:57 +0800] "GET /xingrg/all/function/internal_message.html?_=1676515511589&CODE_STATE=getMsg HTTP/1.1" 302 -
222.67.238.61 - - [16/Feb/2023:10:44:59 +0800] "GET /xingrg/all/function/internal_message.html?_=1676515078814&CODE_STATE=getMsg HTTP/1.1" 200 27
222.67.238.61 - - [16/Feb/2023:10:44:59 +0800] "GET /xingrg/check_reg.html?_=1676515078816 HTTP/1.1" 200 22
180.163.28.114 - - [16/Feb/2023:10:45:04 +0800] "GET /xingrg/check_reg.html?_=1676515456872 HTTP/1.1" 302 -
180.163.28.114 - - [16/Feb/2023:10:45:04 +0800] "GET /xingrg/login.html HTTP/1.1" 200 7641
222.70.177.73 - - [16/Feb/2023:10:45:05 +0800] "GET /xingrg/kc/buy/cgsh_order_operate.html?command=get_materiel&rest_code=00111&code=00101010161&supplier_code=00100042&order_time=2023-02-16 HTTP/1.1" 200 409
120.253.135.82 - - [16/Feb/2023:10:45:06 +0800] "GET /xingrg/all/function/internal_message.html?_=1676515646668&CODE_STATE=getMsg HTTP/1.1" 200 27
221.239.170.112 - - [16/Feb/2023:10:45:07 +0800] "GET /xingrg/all/function/internal_message.html?_=1676515522818&CODE_STATE=getMsg HTTP/1.1" 200 27
120.253.135.82 - - [16/Feb/2023:10:45:09 +0800] "GET /xingrg/all/function/internal_message.html?_=1676515346388&CODE_STATE=getMsg HTTP/1.1" 200 27
218.81.220.34 - - [16/Feb/2023:10:45:11 +0800] "GET /xingrg/kc/base/wldb_order_operate.html?command=get_materiel&rest_code=00146&base_code=0010063&code=00101013225 HTTP/1.1" 200 448
124.78.159.25 - - [16/Feb/2023:10:45:13 +0800] "GET /xingrg/all/function/internal_message.html?_=1676515525285&CODE_STATE=getMsg HTTP/1.1" 200 27
218.81.220.34 - - [16/Feb/2023:10:45:14 +0800] "GET /xingrg/all/function/internal_message.html?_=1676515543786&CODE_STATE=getMsg HTTP/1.1" 200 27
180.169.147.146 - - [16/Feb/2023:10:45:14 +0800] "GET /xingrg/all/function/internal_message.html?_=1676515529361&CODE_STATE=getMsg HTTP/1.1" 200 27
180.169.147.146 - - [16/Feb/2023:10:45:14 +0800] "GET /xingrg/all/function/internal_message.html?_=1676515529455&CODE_STATE=getMsg HTTP/1.1" 200 27
222.70.177.73 - - [16/Feb/2023:10:45:20 +0800] "GET /xingrg/check_reg.html?_=1676515533318 HTTP/1.1" 200 22
222.70.177.73 - - [16/Feb/2023:10:45:20 +0800] "GET /xingrg/all/function/internal_message.html?_=1676515533321&CODE_STATE=getMsg HTTP/1.1" 200 27
114.83.218.175 - - [16/Feb/2023:10:45:26 +0800] "GET /xingrg/all/function/internal_message.html?_=1676515540633&CODE_STATE=getMsg HTTP/1.1" 200 27
218.81.220.34 - - [16/Feb/2023:10:45:26 +0800] "GET /favicon.ico HTTP/1.1" 404 -
116.230.105.139 - - [16/Feb/2023:10:45:34 +0800] "GET /xingrg/check_reg.html?_=1676515533027 HTTP/1.1" 200 22
116.192.124.172 - - [16/Feb/2023:10:45:34 +0800] "GET /xingrg/all/function/internal_message.html?_=1676515548297&CODE_STATE=getMsg HTTP/1.1" 200 27
116.230.105.139 - - [16/Feb/2023:10:45:34 +0800] "GET /xingrg/all/function/internal_message.html?_=1676515533033&CODE_STATE=getMsg HTTP/1.1" 200 27
116.192.124.172 - - [16/Feb/2023:10:45:34 +0800] "GET /xingrg/check_reg.html?_=1676515548353 HTTP/1.1" 200 22
101.83.145.75 - - [16/Feb/2023:10:45:49 +0800] "GET /xingrg/all/function/internal_message.html?_=1676515564259&CODE_STATE=getMsg HTTP/1.1" 200 27
116.238.139.35 - - [16/Feb/2023:10:45:49 +0800] "GET /xingrg/all/function/internal_message.html?_=1676515564587&CODE_STATE=getMsg HTTP/1.1" 200 27
114.83.218.175 - - [16/Feb/2023:10:45:50 +0800] "POST /xingrg/dwr/call/plaincall/AjaxQqpsService.getMaterielByCode.dwr HTTP/1.1" 200 2822
114.83.218.175 - - [16/Feb/2023:10:45:51 +0800] "POST /xingrg/dwr/call/plaincall/AjaxQqpsService.saveMaterielItem.dwr HTTP/1.1" 200 79
101.229.22.234 - - [16/Feb/2023:10:45:54 +0800] "GET /xingrg/all/function/internal_message.html?_=1676515569224&CODE_STATE=getMsg HTTP/1.1" 200 27
222.67.238.61 - - [16/Feb/2023:10:45:59 +0800] "GET /xingrg/all/function/internal_message.html?_=1676515138830&CODE_STATE=getMsg HTTP/1.1" 200 27
114.83.218.175 - - [16/Feb/2023:10:46:00 +0800] "POST /xingrg/dwr/call/plaincall/AjaxQqpsService.getMaterielByCode.dwr HTTP/1.1" 200 2832
114.83.218.175 - - [16/Feb/2023:10:46:01 +0800] "POST /xingrg/dwr/call/plaincall/AjaxQqpsService.saveMaterielItem.dwr HTTP/1.1" 200 79
114.83.218.175 - - [16/Feb/2023:10:46:05 +0800] "POST /xingrg/dwr/call/plaincall/AjaxQqpsService.getMaterielByCode.dwr HTTP/1.1" 200 2833
120.253.135.82 - - [16/Feb/2023:10:46:06 +0800] "GET /xingrg/all/function/internal_message.html?_=1676515706668&CODE_STATE=getMsg HTTP/1.1" 200 27
114.83.218.175 - - [16/Feb/2023:10:46:06 +0800] "POST /xingrg/dwr/call/plaincall/AjaxQqpsService.saveMaterielItem.dwr HTTP/1.1" 200 79
221.239.170.112 - - [16/Feb/2023:10:46:07 +0800] "GET /xingrg/all/function/internal_message.html?_=1676515582803&CODE_STATE=getMsg HTTP/1.1" 200 27
222.70.177.73 - - [16/Feb/2023:10:46:09 +0800] "GET /xingrg/kc/buy/cgsh_order_operate.html?command=get_materiel&rest_code=00111&code=00101018007&supplier_code=00100042&order_time=2023-02-16 HTTP/1.1" 200 409
120.253.135.82 - - [16/Feb/2023:10:46:10 +0800] "GET /xingrg/all/function/internal_message.html?_=1676515406396&CODE_STATE=getMsg HTTP/1.1" 200 27
124.78.159.25 - - [16/Feb/2023:10:46:13 +0800] "GET /xingrg/all/function/internal_message.html?_=1676515585257&CODE_STATE=getMsg HTTP/1.1" 200 27
218.81.220.34 - - [16/Feb/2023:10:46:14 +0800] "GET /xingrg/all/function/internal_message.html?_=1676515603800&CODE_STATE=getMsg HTTP/1.1" 200 27
180.169.147.146 - - [16/Feb/2023:10:46:14 +0800] "GET /xingrg/all/function/internal_message.html?_=1676515589360&CODE_STATE=getMsg HTTP/1.1" 200 27
180.169.147.146 - - [16/Feb/2023:10:46:14 +0800] "GET /xingrg/all/function/internal_message.html?_=1676515589458&CODE_STATE=getMsg HTTP/1.1" 200 27
180.169.147.146 - - [16/Feb/2023:10:46:14 +0800] "GET /xingrg/check_reg.html?_=1676515589460 HTTP/1.1" 200 22
222.70.177.73 - - [16/Feb/2023:10:46:18 +0800] "POST /xingrg/kc/buy/cgsh_order_operate.html HTTP/1.1" 200 37
114.83.218.175 - - [16/Feb/2023:10:46:26 +0800] "GET /xingrg/all/function/internal_message.html?_=1676515600645&CODE_STATE=getMsg HTTP/1.1" 200 27
116.192.124.172 - - [16/Feb/2023:10:46:34 +0800] "GET /xingrg/all/function/internal_message.html?_=1676515608270&CODE_STATE=getMsg HTTP/1.1" 200 27
116.230.105.139 - - [16/Feb/2023:10:46:34 +0800] "GET /xingrg/all/function/internal_message.html?_=1676515593027&CODE_STATE=getMsg HTTP/1.1" 200 27
218.81.220.34 - - [16/Feb/2023:10:46:46 +0800] "GET /xingrg/kc/base/wldb_order_operate.html?command=get_materiel&rest_code=00146&base_code=0010063&code=00101019010 HTTP/1.1" 200 468
101.83.145.75 - - [16/Feb/2023:10:46:49 +0800] "GET /xingrg/all/function/internal_message.html?_=1676515624258&CODE_STATE=getMsg HTTP/1.1" 200 27
116.238.139.35 - - [16/Feb/2023:10:46:49 +0800] "GET /xingrg/all/function/internal_message.html?_=1676515624600&CODE_STATE=getMsg HTTP/1.1" 200 27
101.229.22.234 - - [16/Feb/2023:10:46:54 +0800] "GET /xingrg/all/function/internal_message.html?_=1676515629225&CODE_STATE=getMsg HTTP/1.1" 200 27
222.70.177.73 - - [16/Feb/2023:10:46:58 +0800] "POST /xingrg/kc/buy/cgsh_order_operate.html HTTP/1.1" 200 4436
222.70.177.73 - - [16/Feb/2023:10:46:59 +0800] "GET /xingrg/kc/print/load_data.html?order_code=212023021605171&kc_code=cgsh&condition= HTTP/1.1" 200 1384
222.67.238.61 - - [16/Feb/2023:10:46:59 +0800] "GET /xingrg/all/function/internal_message.html?_=1676515198829&CODE_STATE=getMsg HTTP/1.1" 200 27
114.83.218.175 - - [16/Feb/2023:10:47:06 +0800] "POST /xingrg/dwr/call/plaincall/AjaxQqpsService.getMaterielByCode.dwr HTTP/1.1" 200 2790
120.253.135.82 - - [16/Feb/2023:10:47:06 +0800] "GET /xingrg/all/function/internal_message.html?_=1676515766674&CODE_STATE=getMsg HTTP/1.1" 200 27
222.70.177.73 - - [16/Feb/2023:10:47:06 +0800] "GET /xingrg/kc/buy/cgsh_order_add.html HTTP/1.1" 200 69795
120.253.135.82 - - [16/Feb/2023:10:47:06 +0800] "GET /xingrg/check_reg.html?_=1676515463502 HTTP/1.1" 200 22
222.70.177.73 - - [16/Feb/2023:10:47:07 +0800] "POST /xingrg/kc/buy/cgsh_order_operate.html HTTP/1.1" 200 8245
222.70.177.73 - - [16/Feb/2023:10:47:07 +0800] "GET /xingrg/javascript/easyui/themes/default/validatebox.css HTTP/1.1" 404 1104
114.83.218.175 - - [16/Feb/2023:10:47:07 +0800] "POST /xingrg/dwr/call/plaincall/AjaxQqpsService.saveMaterielItem.dwr HTTP/1.1" 200 79
221.239.170.112 - - [16/Feb/2023:10:47:07 +0800] "GET /xingrg/all/function/internal_message.html?_=1676515642788&CODE_STATE=getMsg HTTP/1.1" 200 27
120.253.135.82 - - [16/Feb/2023:10:47:10 +0800] "GET /xingrg/all/function/internal_message.html?_=1676515466659&CODE_STATE=getMsg HTTP/1.1" 200 27
114.83.218.175 - - [16/Feb/2023:10:47:10 +0800] "POST /xingrg/dwr/call/plaincall/AjaxQqpsService.getMaterielByCode.dwr HTTP/1.1" 200 2813
114.83.218.175 - - [16/Feb/2023:10:47:11 +0800] "POST /xingrg/dwr/call/plaincall/AjaxQqpsService.saveMaterielItem.dwr HTTP/1.1" 200 79
124.78.159.25 - - [16/Feb/2023:10:47:13 +0800] "GET /xingrg/all/function/internal_message.html?_=1676515645228&CODE_STATE=getMsg HTTP/1.1" 200 27
180.169.147.146 - - [16/Feb/2023:10:47:14 +0800] "GET /xingrg/all/function/internal_message.html?_=1676515649360&CODE_STATE=getMsg HTTP/1.1" 200 27
218.81.220.34 - - [16/Feb/2023:10:47:14 +0800] "GET /xingrg/all/function/internal_message.html?_=1676515663815&CODE_STATE=getMsg HTTP/1.1" 200 27
180.169.147.146 - - [16/Feb/2023:10:47:14 +0800] "GET /xingrg/all/function/internal_message.html?_=1676515649450&CODE_STATE=getMsg HTTP/1.1" 200 27
222.70.177.73 - - [16/Feb/2023:10:47:20 +0800] "GET /xingrg/all/function/internal_message.html?_=1676515653327&CODE_STATE=getMsg HTTP/1.1" 200 27
120.253.135.82 - - [16/Feb/2023:10:47:20 +0800] "POST /xingrg/kc/pszx/mdps_list_operate.html HTTP/1.1" 200 5533
222.70.177.73 - - [16/Feb/2023:10:47:20 +0800] "GET /xingrg/kc/buy/cgsh_order_operate.html?command=get_materiel&rest_code=00111&code=00101006168&supplier_code=00100012&order_time=2023-02-16 HTTP/1.1" 200 421
120.253.135.82 - - [16/Feb/2023:10:47:25 +0800] "POST /xingrg/kc/pszx/mdps_list_operate.html HTTP/1.1" 200 5512
114.83.218.175 - - [16/Feb/2023:10:47:26 +0800] "GET /xingrg/check_reg.html?_=1676515660622 HTTP/1.1" 200 22
114.83.218.175 - - [16/Feb/2023:10:47:26 +0800] "GET /xingrg/all/function/internal_message.html?_=1676515660624&CODE_STATE=getMsg HTTP/1.1" 200 27
120.253.135.82 - - [16/Feb/2023:10:47:28 +0800] "POST /xingrg/kc/pszx/mdps_list_operate.html HTTP/1.1" 200 623
120.253.135.82 - - [16/Feb/2023:10:47:28 +0800] "GET /xingrg/kc/pszx/mdps_order_info.html?code=312023021400305 HTTP/1.1" 200 23976
120.253.135.82 - - [16/Feb/2023:10:47:28 +0800] "GET /xingrg/javascript/easyui/themes/default/validatebox.css HTTP/1.1" 404 1104
120.253.135.82 - - [16/Feb/2023:10:47:28 +0800] "GET /xingrg/all/common/auto_word.html?type=base&rest_code=00101 HTTP/1.1" 200 671
120.253.135.82 - - [16/Feb/2023:10:47:29 +0800] "POST /xingrg/kc/pszx/mdps_order_operate.html HTTP/1.1" 200 18206
222.70.177.73 - - [16/Feb/2023:10:47:32 +0800] "GET /xingrg/kc/buy/cgsh_order_operate.html?command=get_materiel&rest_code=00111&code=00101006124&supplier_code=00100012&order_time=2023-02-16 HTTP/1.1" 200 409
120.253.135.82 - - [16/Feb/2023:10:47:33 +0800] "POST /xingrg/kc/pszx/mdps_order_operate.html HTTP/1.1" 200 37
116.192.124.172 - - [16/Feb/2023:10:47:34 +0800] "GET /xingrg/all/function/internal_message.html?_=1676515668250&CODE_STATE=getMsg HTTP/1.1" 200 27
116.230.105.139 - - [16/Feb/2023:10:47:34 +0800] "GET /xingrg/all/function/internal_message.html?_=1676515653031&CODE_STATE=getMsg HTTP/1.1" 200 27
180.169.147.146 - - [16/Feb/2023:10:47:35 +0800] "GET /favicon.ico HTTP/1.1" 404 -
120.253.135.82 - - [16/Feb/2023:10:47:36 +0800] "POST /xingrg/kc/pszx/mdps_order_operate.html HTTP/1.1" 200 12
120.253.135.82 - - [16/Feb/2023:10:47:37 +0800] "GET /xingrg/kc/pszx/mdps_order_info.html?code=312023021400305 HTTP/1.1" 200 19634
120.253.135.82 - - [16/Feb/2023:10:47:37 +0800] "POST /xingrg/kc/pszx/mdps_order_operate.html HTTP/1.1" 200 16294
120.253.135.82 - - [16/Feb/2023:10:47:37 +0800] "GET /xingrg/javascript/easyui/themes/default/validatebox.css HTTP/1.1" 404 1104
180.169.147.146 - - [16/Feb/2023:10:47:39 +0800] "GET /xingrg/login.html HTTP/1.1" 200 7641
218.81.220.34 - - [16/Feb/2023:10:47:39 +0800] "GET /xingrg/kc/base/wldb_order_operate.html?command=get_materiel&rest_code=00146&base_code=0010063&code=00101019298 HTTP/1.1" 200 455
180.169.147.146 - - [16/Feb/2023:10:47:41 +0800] "GET /favicon.ico HTTP/1.1" 404 -
180.169.147.146 - - [16/Feb/2023:10:47:45 +0800] "POST /xingrg/login.do HTTP/1.1" 302 -
180.169.147.146 - - [16/Feb/2023:10:47:45 +0800] "GET /xingrg/index.html?sysBaseUrl=http%3A%2F%2F180.169.147.146%3A18081%2Fxingrg%2F&costTime=41×tamp=1676515665659 HTTP/1.1" 200 17179
180.169.147.146 - - [16/Feb/2023:10:47:45 +0800] "POST /xingrg/login.do HTTP/1.1" 302 -
180.169.147.146 - - [16/Feb/2023:10:47:45 +0800] "GET /xingrg/index.html?sysBaseUrl=http%3A%2F%2F180.169.147.146%3A18081%2Fxingrg%2F&costTime=41×tamp=1676515665917 HTTP/1.1" 200 17179
180.169.147.146 - - [16/Feb/2023:10:47:48 +0800] "POST /xingrg/all/common/load_tree.html?tree=area_rest_tree_json&manage=1 HTTP/1.1" 200 351
180.169.147.146 - - [16/Feb/2023:10:47:48 +0800] "GET /xingrg/all/function/internal_message.html?_=1676515676574&CODE_STATE=count HTTP/1.1" 200 11
180.169.147.146 - - [16/Feb/2023:10:47:48 +0800] "POST /xingrg/load_menu.html HTTP/1.1" 200 5138
180.169.147.146 - - [16/Feb/2023:10:47:48 +0800] "GET /xingrg/check_reg.html?_=1676515676575 HTTP/1.1" 200 22
101.83.145.75 - - [16/Feb/2023:10:47:49 +0800] "GET /xingrg/all/function/internal_message.html?_=1676515684285&CODE_STATE=getMsg HTTP/1.1" 200 27
116.238.139.35 - - [16/Feb/2023:10:47:49 +0800] "GET /xingrg/all/function/internal_message.html?_=1676515684600&CODE_STATE=getMsg HTTP/1.1" 200 27
180.169.147.146 - - [16/Feb/2023:10:47:50 +0800] "GET /xingrg/kc/buy/buy_main.html HTTP/1.1" 200 12412
180.169.147.146 - - [16/Feb/2023:10:47:50 +0800] "GET /xingrg/css/new_ie.css HTTP/1.1" 404 1036
120.253.135.82 - - [16/Feb/2023:10:47:50 +0800] "POST /xingrg/kc/pszx/mdps_list_operate.html HTTP/1.1" 200 538
120.253.135.82 - - [16/Feb/2023:10:47:51 +0800] "GET /xingrg/kc/pszx/mdps_order_info.html?code=312023021400307 HTTP/1.1" 200 23976
120.253.135.82 - - [16/Feb/2023:10:47:51 +0800] "GET /xingrg/javascript/easyui/themes/default/validatebox.css HTTP/1.1" 404 1104
120.253.135.82 - - [16/Feb/2023:10:47:51 +0800] "GET /xingrg/all/common/auto_word.html?type=base&rest_code=00101 HTTP/1.1" 200 671
120.253.135.82 - - [16/Feb/2023:10:47:51 +0800] "POST /xingrg/kc/pszx/mdps_order_operate.html HTTP/1.1" 200 4309
180.169.147.146 - - [16/Feb/2023:10:47:51 +0800] "GET /xingrg/kc/buy/buy_main.html HTTP/1.1" 200 12412
180.169.147.146 - - [16/Feb/2023:10:47:52 +0800] "GET /xingrg/css/new_ie.css HTTP/1.1" 404 1036
180.169.147.146 - - [16/Feb/2023:10:47:54 +0800] "GET /favicon.ico HTTP/1.1" 404 -
101.229.22.234 - - [16/Feb/2023:10:47:54 +0800] "GET /xingrg/all/function/internal_message.html?_=1676515689232&CODE_STATE=getMsg HTTP/1.1" 200 27
101.229.22.234 - - [16/Feb/2023:10:47:54 +0800] "GET /xingrg/check_reg.html?_=1676515689227 HTTP/1.1" 200 22
222.67.238.61 - - [16/Feb/2023:10:47:59 +0800] "GET /xingrg/all/function/internal_message.html?_=1676515258828&CODE_STATE=getMsg HTTP/1.1" 200 27
120.253.135.82 - - [16/Feb/2023:10:48:03 +0800] "POST /xingrg/kc/pszx/mdps_order_operate.html HTTP/1.1" 200 37
120.253.135.82 - - [16/Feb/2023:10:48:05 +0800] "POST /xingrg/kc/pszx/mdps_order_operate.html HTTP/1.1" 200 12
120.253.135.82 - - [16/Feb/2023:10:48:06 +0800] "GET /xingrg/kc/pszx/mdps_order_info.html?code=312023021400307 HTTP/1.1" 200 19634
120.253.135.82 - - [16/Feb/2023:10:48:06 +0800] "GET /xingrg/all/function/internal_message.html?_=1676515826703&CODE_STATE=getMsg HTTP/1.1" 200 27
120.253.135.82 - - [16/Feb/2023:10:48:06 +0800] "POST /xingrg/kc/pszx/mdps_order_operate.html HTTP/1.1" 200 2515
120.253.135.82 - - [16/Feb/2023:10:48:06 +0800] "GET /xingrg/javascript/easyui/themes/default/validatebox.css HTTP/1.1" 404 1104
221.239.170.112 - - [16/Feb/2023:10:48:07 +0800] "GET /xingrg/all/function/internal_message.html?_=1676515702772&CODE_STATE=getMsg HTTP/1.1" 200 27
120.253.135.82 - - [16/Feb/2023:10:48:08 +0800] "POST /xingrg/kc/pszx/mdps_list_operate.html HTTP/1.1" 200 5491
120.253.135.82 - - [16/Feb/2023:10:48:10 +0800] "GET /xingrg/all/function/internal_message.html?_=1676515526673&CODE_STATE=getMsg HTTP/1.1" 200 27
222.70.177.73 - - [16/Feb/2023:10:48:10 +0800] "GET /xingrg/kc/buy/cgsh_order_operate.html?command=get_materiel&rest_code=00111&code=00101006112&supplier_code=00100012&order_time=2023-02-16 HTTP/1.1" 200 409
180.169.147.146 - - [16/Feb/2023:10:48:12 +0800] "GET /xingrg/check_reg.html?_=1676515705998 HTTP/1.1" 200 22
218.81.220.34 - - [16/Feb/2023:10:48:13 +0800] "GET /xingrg/check_reg.html?_=1676515722474 HTTP/1.1" 200 22
124.78.159.25 - - [16/Feb/2023:10:48:13 +0800] "GET /xingrg/all/function/internal_message.html?_=1676515705214&CODE_STATE=getMsg HTTP/1.1" 200 27
180.169.147.146 - - [16/Feb/2023:10:48:14 +0800] "GET /xingrg/all/function/internal_message.html?_=1676515709361&CODE_STATE=getMsg HTTP/1.1" 200 27
218.81.220.34 - - [16/Feb/2023:10:48:14 +0800] "GET /xingrg/all/function/internal_message.html?_=1676515723828&CODE_STATE=getMsg HTTP/1.1" 200 27
180.169.147.146 - - [16/Feb/2023:10:48:14 +0800] "GET /xingrg/check_reg.html?_=1676515709364 HTTP/1.1" 200 22
180.169.147.146 - - [16/Feb/2023:10:48:14 +0800] "GET /xingrg/all/function/internal_message.html?_=1676515709458&CODE_STATE=getMsg HTTP/1.1" 200 27
222.70.177.73 - - [16/Feb/2023:10:48:20 +0800] "GET /xingrg/all/function/internal_message.html?_=1676515713309&CODE_STATE=getMsg HTTP/1.1" 200 27
120.253.135.82 - - [16/Feb/2023:10:48:22 +0800] "POST /xingrg/kc/pszx/mdps_list_operate.html HTTP/1.1" 200 294
222.70.177.73 - - [16/Feb/2023:10:48:22 +0800] "GET /xingrg/kc/buy/cgsh_order_operate.html?command=get_materiel&rest_code=00111&code=00101006109&supplier_code=00100012&order_time=2023-02-16 HTTP/1.1" 200 409
120.253.135.82 - - [16/Feb/2023:10:48:23 +0800] "GET /xingrg/kc/pszx/mdps_order_info.html?code=312023021400304 HTTP/1.1" 200 23974
120.253.135.82 - - [16/Feb/2023:10:48:23 +0800] "GET /xingrg/javascript/easyui/themes/default/validatebox.css HTTP/1.1" 404 1104
120.253.135.82 - - [16/Feb/2023:10:48:23 +0800] "GET /xingrg/all/common/auto_word.html?type=base&rest_code=00101 HTTP/1.1" 200 671
120.253.135.82 - - [16/Feb/2023:10:48:23 +0800] "POST /xingrg/kc/pszx/mdps_order_operate.html HTTP/1.1" 200 2795
114.83.218.175 - - [16/Feb/2023:10:48:26 +0800] "GET /xingrg/all/function/internal_message.html?_=1676515720651&CODE_STATE=getMsg HTTP/1.1" 200 27
120.253.135.82 - - [16/Feb/2023:10:48:29 +0800] "POST /xingrg/kc/pszx/mdps_order_operate.html HTTP/1.1" 200 37
120.253.135.82 - - [16/Feb/2023:10:48:31 +0800] "POST /xingrg/kc/pszx/mdps_order_operate.html HTTP/1.1" 200 12
120.253.135.82 - - [16/Feb/2023:10:48:32 +0800] "GET /xingrg/kc/pszx/mdps_order_info.html?code=312023021400304 HTTP/1.1" 200 19632
120.253.135.82 - - [16/Feb/2023:10:48:32 +0800] "POST /xingrg/kc/pszx/mdps_order_operate.html HTTP/1.1" 200 1013
120.253.135.82 - - [16/Feb/2023:10:48:32 +0800] "GET /xingrg/javascript/easyui/themes/default/validatebox.css HTTP/1.1" 404 1104
222.70.177.73 - - [16/Feb/2023:10:48:32 +0800] "GET /xingrg/kc/buy/cgsh_order_operate.html?command=get_materiel&rest_code=00111&code=00101006027&supplier_code=00100012&order_time=2023-02-16 HTTP/1.1" 200 409
116.192.124.172 - - [16/Feb/2023:10:48:34 +0800] "GET /xingrg/all/function/internal_message.html?_=1676515728237&CODE_STATE=getMsg HTTP/1.1" 200 27
116.230.105.139 - - [16/Feb/2023:10:48:34 +0800] "GET /xingrg/all/function/internal_message.html?_=1676515713033&CODE_STATE=getMsg HTTP/1.1" 200 27
120.253.135.82 - - [16/Feb/2023:10:48:34 +0800] "POST /xingrg/kc/pszx/mdps_list_operate.html HTTP/1.1" 200 5495
120.253.135.82 - - [16/Feb/2023:10:48:40 +0800] "POST /xingrg/kc/pszx/mdps_list_operate.html HTTP/1.1" 200 350
120.253.135.82 - - [16/Feb/2023:10:48:41 +0800] "GET /xingrg/kc/pszx/mdps_order_info.html?code=312023021400297 HTTP/1.1" 200 23974
120.253.135.82 - - [16/Feb/2023:10:48:41 +0800] "GET /xingrg/javascript/easyui/themes/default/validatebox.css HTTP/1.1" 404 1104
120.253.135.82 - - [16/Feb/2023:10:48:41 +0800] "GET /xingrg/all/common/auto_word.html?type=base&rest_code=00101 HTTP/1.1" 200 671
120.253.135.82 - - [16/Feb/2023:10:48:41 +0800] "POST /xingrg/kc/pszx/mdps_order_operate.html HTTP/1.1" 200 3262
120.253.135.82 - - [16/Feb/2023:10:48:47 +0800] "POST /xingrg/kc/pszx/mdps_order_operate.html HTTP/1.1" 200 37
180.169.147.146 - - [16/Feb/2023:10:48:48 +0800] "GET /xingrg/all/function/internal_message.html?_=1676515736589&CODE_STATE=getMsg HTTP/1.1" 200 27
114.83.218.175 - - [16/Feb/2023:10:48:48 +0800] "POST /xingrg/dwr/call/plaincall/AjaxQqpsService.getMaterielByCode.dwr HTTP/1.1" 200 2839
120.253.135.82 - - [16/Feb/2023:10:48:48 +0800] "POST /xingrg/kc/pszx/mdps_order_operate.html HTTP/1.1" 200 12
101.83.145.75 - - [16/Feb/2023:10:48:49 +0800] "GET /xingrg/all/function/internal_message.html?_=1676515744285&CODE_STATE=getMsg HTTP/1.1" 200 27
101.83.145.75 - - [16/Feb/2023:10:48:49 +0800] "GET /xingrg/check_reg.html?_=1676515744289 HTTP/1.1" 200 22
116.238.139.35 - - [16/Feb/2023:10:48:49 +0800] "GET /xingrg/check_reg.html?_=1676515744603 HTTP/1.1" 200 22
116.238.139.35 - - [16/Feb/2023:10:48:49 +0800] "GET /xingrg/all/function/internal_message.html?_=1676515744605&CODE_STATE=getMsg HTTP/1.1" 200 27
114.83.218.175 - - [16/Feb/2023:10:48:50 +0800] "POST /xingrg/dwr/call/plaincall/AjaxQqpsService.saveMaterielItem.dwr HTTP/1.1" 200 79
120.253.135.82 - - [16/Feb/2023:10:48:50 +0800] "GET /xingrg/kc/pszx/mdps_order_info.html?code=312023021400297 HTTP/1.1" 200 19632
120.253.135.82 - - [16/Feb/2023:10:48:50 +0800] "POST /xingrg/kc/pszx/mdps_order_operate.html HTTP/1.1" 200 1475
120.253.135.82 - - [16/Feb/2023:10:48:50 +0800] "GET /xingrg/javascript/easyui/themes/default/validatebox.css HTTP/1.1" 404 1104
120.253.135.82 - - [16/Feb/2023:10:48:52 +0800] "POST /xingrg/kc/pszx/mdps_list_operate.html HTTP/1.1" 200 5490
222.70.177.73 - - [16/Feb/2023:10:48:53 +0800] "GET /xingrg/kc/buy/cgsh_order_operate.html?command=get_materiel&rest_code=00111&code=00101006111&supplier_code=00100012&order_time=2023-02-16 HTTP/1.1" 200 409
101.229.22.234 - - [16/Feb/2023:10:48:54 +0800] "GET /xingrg/all/function/internal_message.html?_=1676515749231&CODE_STATE=getMsg HTTP/1.1" 200 27
222.67.238.61 - - [16/Feb/2023:10:48:59 +0800] "GET /xingrg/all/function/internal_message.html?_=1676515318826&CODE_STATE=getMsg HTTP/1.1" 200 27
120.253.135.82 - - [16/Feb/2023:10:48:59 +0800] "POST /xingrg/kc/pszx/mdps_list_operate.html HTTP/1.1" 200 595
120.253.135.82 - - [16/Feb/2023:10:49:00 +0800] "GET /xingrg/kc/pszx/mdps_order_info.html?code=312023021400296 HTTP/1.1" 200 23976
120.253.135.82 - - [16/Feb/2023:10:49:00 +0800] "GET /xingrg/javascript/easyui/themes/default/validatebox.css HTTP/1.1" 404 1104
120.253.135.82 - - [16/Feb/2023:10:49:00 +0800] "GET /xingrg/all/common/auto_word.html?type=base&rest_code=00101 HTTP/1.1" 200 671
120.253.135.82 - - [16/Feb/2023:10:49:00 +0800] "POST /xingrg/kc/pszx/mdps_order_operate.html HTTP/1.1" 200 9307
124.78.159.25 - - [16/Feb/2023:10:49:05 +0800] "GET /xingrg/check_reg.html?_=1676515756855 HTTP/1.1" 200 22
120.253.135.82 - - [16/Feb/2023:10:49:06 +0800] "GET /xingrg/all/function/internal_message.html?_=1676515886683&CODE_STATE=getMsg HTTP/1.1" 200 27
120.253.135.82 - - [16/Feb/2023:10:49:06 +0800] "GET /xingrg/check_reg.html?_=1676515886685 HTTP/1.1" 200 22
221.239.170.112 - - [16/Feb/2023:10:49:07 +0800] "GET /xingrg/all/function/internal_message.html?_=1676515762757&CODE_STATE=getMsg HTTP/1.1" 200 27
222.70.177.73 - - [16/Feb/2023:10:49:08 +0800] "GET /xingrg/kc/buy/cgsh_order_operate.html?command=get_materiel&rest_code=00111&code=00101006057&supplier_code=00100012&order_time=2023-02-16 HTTP/1.1" 200 413
120.253.135.82 - - [16/Feb/2023:10:49:10 +0800] "GET /xingrg/all/function/internal_message.html?_=1676515586690&CODE_STATE=getMsg HTTP/1.1" 200 27
124.78.159.25 - - [16/Feb/2023:10:49:13 +0800] "GET /xingrg/all/function/internal_message.html?_=1676515765190&CODE_STATE=getMsg HTTP/1.1" 200 27
180.163.29.103 - - [16/Feb/2023:10:49:13 +0800] "GET /xingrg/all/function/internal_message.html?_=1676515705214&CODE_STATE=getMsg HTTP/1.1" 302 -
180.163.29.103 - - [16/Feb/2023:10:49:13 +0800] "GET /xingrg/login.html HTTP/1.1" 200 7641
180.169.147.146 - - [16/Feb/2023:10:49:14 +0800] "GET /xingrg/all/function/internal_message.html?_=1676515769363&CODE_STATE=getMsg HTTP/1.1" 200 27
218.81.220.34 - - [16/Feb/2023:10:49:14 +0800] "GET /xingrg/all/function/internal_message.html?_=1676515783841&CODE_STATE=getMsg HTTP/1.1" 200 27
180.169.147.146 - - [16/Feb/2023:10:49:14 +0800] "GET /xingrg/all/function/internal_message.html?_=1676515769468&CODE_STATE=getMsg HTTP/1.1" 200 27
222.70.177.73 - - [16/Feb/2023:10:49:20 +0800] "GET /xingrg/all/function/internal_message.html?_=1676515773282&CODE_STATE=getMsg HTTP/1.1" 200 27
114.83.218.175 - - [16/Feb/2023:10:49:26 +0800] "POST /xingrg/dwr/call/plaincall/AjaxQqpsService.getMaterielByCode.dwr HTTP/1.1" 200 2807
114.83.218.175 - - [16/Feb/2023:10:49:26 +0800] "GET /xingrg/all/function/internal_message.html?_=1676515780642&CODE_STATE=getMsg HTTP/1.1" 200 27
114.83.218.175 - - [16/Feb/2023:10:49:28 +0800] "POST /xingrg/dwr/call/plaincall/AjaxQqpsService.saveMaterielItem.dwr HTTP/1.1" 200 79
114.83.218.175 - - [16/Feb/2023:10:49:31 +0800] "POST /xingrg/dwr/call/plaincall/AjaxQqpsService.getMaterielByCode.dwr HTTP/1.1" 200 2813
222.70.177.73 - - [16/Feb/2023:10:49:32 +0800] "GET /xingrg/kc/buy/cgsh_order_operate.html?command=get_materiel&rest_code=00111&code=00101006350&supplier_code=00100012&order_time=2023-02-16 HTTP/1.1" 200 409
114.83.218.175 - - [16/Feb/2023:10:49:32 +0800] "POST /xingrg/dwr/call/plaincall/AjaxQqpsService.saveMaterielItem.dwr HTTP/1.1" 200 79
116.192.124.172 - - [16/Feb/2023:10:49:34 +0800] "GET /xingrg/all/function/internal_message.html?_=1676515788229&CODE_STATE=getMsg HTTP/1.1" 200 27
116.230.105.139 - - [16/Feb/2023:10:49:34 +0800] "GET /xingrg/all/function/internal_message.html?_=1676515773020&CODE_STATE=getMsg HTTP/1.1" 200 27
114.83.218.175 - - [16/Feb/2023:10:49:44 +0800] "POST /xingrg/dwr/call/plaincall/AjaxQqpsService.getMaterielByCode.dwr HTTP/1.1" 200 2745
221.239.170.112 - - [16/Feb/2023:10:49:46 +0800] "GET /xingrg/check_reg.html?_=1676515801026 HTTP/1.1" 200 22
180.169.147.146 - - [16/Feb/2023:10:49:48 +0800] "GET /xingrg/all/function/internal_message.html?_=1676515796580&CODE_STATE=getMsg HTTP/1.1" 200 27
101.83.145.75 - - [16/Feb/2023:10:49:49 +0800] "GET /xingrg/all/function/internal_message.html?_=1676515804288&CODE_STATE=getMsg HTTP/1.1" 200 27
116.238.139.35 - - [16/Feb/2023:10:49:49 +0800] "GET /xingrg/all/function/internal_message.html?_=1676515804590&CODE_STATE=getMsg HTTP/1.1" 200 27
114.83.218.175 - - [16/Feb/2023:10:49:51 +0800] "POST /xingrg/dwr/call/plaincall/AjaxQqpsService.removeMaterielItem.dwr HTTP/1.1" 200 79
222.70.177.73 - - [16/Feb/2023:10:49:53 +0800] "GET /xingrg/kc/buy/cgsh_order_operate.html?command=get_materiel&rest_code=00111&code=00101006084&supplier_code=00100012&order_time=2023-02-16 HTTP/1.1" 200 413
101.229.22.234 - - [16/Feb/2023:10:49:54 +0800] "GET /xingrg/all/function/internal_message.html?_=1676515809235&CODE_STATE=getMsg HTTP/1.1" 200 27
222.67.238.61 - - [16/Feb/2023:10:49:59 +0800] "GET /xingrg/all/function/internal_message.html?_=1676515378847&CODE_STATE=getMsg HTTP/1.1" 200 27
222.67.238.61 - - [16/Feb/2023:10:49:59 +0800] "GET /xingrg/check_reg.html?_=1676515378825 HTTP/1.1" 200 22
120.253.135.82 - - [16/Feb/2023:10:50:03 +0800] "POST /xingrg/kc/pszx/mdps_order_operate.html HTTP/1.1" 200 37
114.83.218.175 - - [16/Feb/2023:10:50:04 +0800] "POST /xingrg/dwr/call/plaincall/AjaxQqpsService.getMaterielByCode.dwr HTTP/1.1" 200 2833
222.70.177.73 - - [16/Feb/2023:10:50:05 +0800] "GET /xingrg/kc/buy/cgsh_order_operate.html?command=get_materiel&rest_code=00111&code=00101011001&supplier_code=00100012&order_time=2023-02-16 HTTP/1.1" 200 423
114.83.218.175 - - [16/Feb/2023:10:50:05 +0800] "POST /xingrg/dwr/call/plaincall/AjaxQqpsService.saveMaterielItem.dwr HTTP/1.1" 200 79
120.253.135.82 - - [16/Feb/2023:10:50:05 +0800] "POST /xingrg/kc/pszx/mdps_order_operate.html HTTP/1.1" 200 12
120.253.135.82 - - [16/Feb/2023:10:50:07 +0800] "GET /xingrg/all/function/internal_message.html?_=1676515947418&CODE_STATE=getMsg HTTP/1.1" 200 27
120.253.135.82 - - [16/Feb/2023:10:50:07 +0800] "GET /xingrg/kc/pszx/mdps_order_info.html?code=312023021400296 HTTP/1.1" 200 19634
120.253.135.82 - - [16/Feb/2023:10:50:07 +0800] "POST /xingrg/kc/pszx/mdps_order_operate.html HTTP/1.1" 200 7441
120.253.135.82 - - [16/Feb/2023:10:50:07 +0800] "GET /xingrg/javascript/easyui/themes/default/validatebox.css HTTP/1.1" 404 1104
221.239.170.112 - - [16/Feb/2023:10:50:07 +0800] "GET /xingrg/all/function/internal_message.html?_=1676515822728&CODE_STATE=getMsg HTTP/1.1" 200 27
120.253.135.82 - - [16/Feb/2023:10:50:10 +0800] "GET /xingrg/all/function/internal_message.html?_=1676515646700&CODE_STATE=getMsg HTTP/1.1" 200 27
124.78.159.25 - - [16/Feb/2023:10:50:13 +0800] "GET /xingrg/all/function/internal_message.html?_=1676515825163&CODE_STATE=getMsg HTTP/1.1" 200 27
180.169.147.146 - - [16/Feb/2023:10:50:14 +0800] "GET /xingrg/all/function/internal_message.html?_=1676515829364&CODE_STATE=getMsg HTTP/1.1" 200 27
218.81.220.34 - - [16/Feb/2023:10:50:14 +0800] "GET /xingrg/all/function/internal_message.html?_=1676515843854&CODE_STATE=getMsg HTTP/1.1" 200 27
180.169.147.146 - - [16/Feb/2023:10:50:14 +0800] "GET /xingrg/all/function/internal_message.html?_=1676515829461&CODE_STATE=getMsg HTTP/1.1" 200 27
222.70.177.73 - - [16/Feb/2023:10:50:19 +0800] "GET /xingrg/kc/buy/cgsh_order_operate.html?command=get_materiel&rest_code=00111&code=00101006113&supplier_code=00100012&order_time=2023-02-16 HTTP/1.1" 200 413
222.70.177.73 - - [16/Feb/2023:10:50:20 +0800] "GET /xingrg/all/function/internal_message.html?_=1676515833255&CODE_STATE=getMsg HTTP/1.1" 200 27
222.70.177.73 - - [16/Feb/2023:10:50:20 +0800] "GET /xingrg/check_reg.html?_=1676515833336 HTTP/1.1" 200 22
114.83.218.175 - - [16/Feb/2023:10:50:26 +0800] "GET /xingrg/all/function/internal_message.html?_=1676515840650&CODE_STATE=getMsg HTTP/1.1" 200 27
116.192.124.172 - - [16/Feb/2023:10:50:34 +0800] "GET /xingrg/all/function/internal_message.html?_=1676515848203&CODE_STATE=getMsg HTTP/1.1" 200 27
116.230.105.139 - - [16/Feb/2023:10:50:34 +0800] "GET /xingrg/all/function/internal_message.html?_=1676515833030&CODE_STATE=getMsg HTTP/1.1" 200 27
116.192.124.172 - - [16/Feb/2023:10:50:34 +0800] "GET /xingrg/check_reg.html?_=1676515848343 HTTP/1.1" 200 22
116.230.105.139 - - [16/Feb/2023:10:50:34 +0800] "GET /xingrg/check_reg.html?_=1676515833037 HTTP/1.1" 200 22
180.169.147.146 - - [16/Feb/2023:10:50:48 +0800] "GET /xingrg/all/function/internal_message.html?_=1676515856578&CODE_STATE=getMsg HTTP/1.1" 200 27
101.83.145.75 - - [16/Feb/2023:10:50:49 +0800] "GET /xingrg/all/function/internal_message.html?_=1676515864289&CODE_STATE=getMsg HTTP/1.1" 200 27
116.238.139.35 - - [16/Feb/2023:10:50:49 +0800] "GET /xingrg/all/function/internal_message.html?_=1676515864591&CODE_STATE=getMsg HTTP/1.1" 200 27
101.229.22.234 - - [16/Feb/2023:10:50:54 +0800] "GET /xingrg/all/function/internal_message.html?_=1676515869234&CODE_STATE=getMsg HTTP/1.1" 200 27
222.70.177.73 - - [16/Feb/2023:10:50:54 +0800] "GET /xingrg/kc/buy/cgsh_order_operate.html?command=get_materiel&rest_code=00111&code=00101016038&supplier_code=00100012&order_time=2023-02-16 HTTP/1.1" 200 408
180.169.147.146 - - [16/Feb/2023:10:50:56 +0800] "GET /xingrg/images/yd/bt.gif HTTP/1.1" 404 1040
222.67.238.61 - - [16/Feb/2023:10:50:59 +0800] "GET /xingrg/all/function/internal_message.html?_=1676515438856&CODE_STATE=getMsg HTTP/1.1" 200 27
114.83.218.175 - - [16/Feb/2023:10:51:01 +0800] "POST /xingrg/dwr/call/plaincall/AjaxQqpsService.checkOrder.dwr HTTP/1.1" 200 79
114.83.218.175 - - [16/Feb/2023:10:51:02 +0800] "GET /xingrg/kc/mdqp/qqps_order_info.html?code=302023021600284 HTTP/1.1" 200 26801
114.83.218.175 - - [16/Feb/2023:10:51:02 +0800] "GET /xingrg/dwr/interface/AjaxQqpsService.js HTTP/1.1" 200 16326
114.83.218.175 - - [16/Feb/2023:10:51:02 +0800] "GET /xingrg/dwr/interface/AjaxComOrderService.js HTTP/1.1" 200 18264
114.83.218.175 - - [16/Feb/2023:10:51:02 +0800] "GET /xingrg/dwr/engine.js HTTP/1.1" 200 43631
114.83.218.175 - - [16/Feb/2023:10:51:03 +0800] "POST /xingrg/dwr/call/plaincall/AjaxQqpsService.loadMaterielItems.dwr HTTP/1.1" 200 10018
120.253.135.82 - - [16/Feb/2023:10:51:06 +0800] "GET /xingrg/all/function/internal_message.html?_=1676516006692&CODE_STATE=getMsg HTTP/1.1" 200 27
221.239.170.112 - - [16/Feb/2023:10:51:07 +0800] "GET /xingrg/all/function/internal_message.html?_=1676515882712&CODE_STATE=getMsg HTTP/1.1" 200 27
222.70.177.73 - - [16/Feb/2023:10:51:09 +0800] "POST /xingrg/kc/buy/cgsh_order_operate.html HTTP/1.1" 200 37
120.253.135.82 - - [16/Feb/2023:10:51:10 +0800] "GET /xingrg/all/function/internal_message.html?_=1676515706717&CODE_STATE=getMsg HTTP/1.1" 200 27
124.78.159.25 - - [16/Feb/2023:10:51:13 +0800] "GET /xingrg/all/function/internal_message.html?_=1676515885137&CODE_STATE=getMsg HTTP/1.1" 200 27
180.169.147.146 - - [16/Feb/2023:10:51:14 +0800] "GET /xingrg/all/function/internal_message.html?_=1676515889363&CODE_STATE=getMsg HTTP/1.1" 200 27
218.81.220.34 - - [16/Feb/2023:10:51:14 +0800] "GET /xingrg/all/function/internal_message.html?_=1676515903868&CODE_STATE=getMsg HTTP/1.1" 200 27
180.169.147.146 - - [16/Feb/2023:10:51:14 +0800] "GET /xingrg/check_reg.html?_=1676515889460 HTTP/1.1" 200 22
180.169.147.146 - - [16/Feb/2023:10:51:14 +0800] "GET /xingrg/all/function/internal_message.html?_=1676515889462&CODE_STATE=getMsg HTTP/1.1" 200 27
222.70.177.73 - - [16/Feb/2023:10:51:18 +0800] "POST /xingrg/kc/buy/cgsh_order_operate.html HTTP/1.1" 200 9811
222.70.177.73 - - [16/Feb/2023:10:51:20 +0800] "GET /xingrg/all/function/internal_message.html?_=1676515893229&CODE_STATE=getMsg HTTP/1.1" 200 27
222.70.177.73 - - [16/Feb/2023:10:51:20 +0800] "GET /xingrg/kc/print/load_data.html?order_code=212023021605172&kc_code=cgsh&condition= HTTP/1.1" 200 3486
222.70.177.73 - - [16/Feb/2023:10:51:25 +0800] "GET /xingrg/kc/buy/cgsh_order_add.html HTTP/1.1" 200 69795
222.70.177.73 - - [16/Feb/2023:10:51:25 +0800] "POST /xingrg/kc/buy/cgsh_order_operate.html HTTP/1.1" 200 8245
222.70.177.73 - - [16/Feb/2023:10:51:25 +0800] "GET /xingrg/javascript/easyui/themes/default/validatebox.css HTTP/1.1" 404 1104
114.83.218.175 - - [16/Feb/2023:10:51:26 +0800] "GET /xingrg/all/function/internal_message.html?_=1676515900651&CODE_STATE=getMsg HTTP/1.1" 200 27
180.157.253.110 - - [16/Feb/2023:10:51:33 +0800] "POST /xingrg/services/DataTransmitService HTTP/1.1" 200 524
116.192.124.172 - - [16/Feb/2023:10:51:34 +0800] "GET /xingrg/all/function/internal_message.html?_=1676515908200&CODE_STATE=getMsg HTTP/1.1" 200 27
116.230.105.139 - - [16/Feb/2023:10:51:34 +0800] "GET /xingrg/all/function/internal_message.html?_=1676515893018&CODE_STATE=getMsg HTTP/1.1" 200 27
180.157.253.110 - - [16/Feb/2023:10:51:35 +0800] "POST /xingrg/services/DataTransmitService HTTP/1.1" 200 412
116.238.139.35 - - [16/Feb/2023:10:51:36 +0800] "POST /xingrg/services/DataTransmitService HTTP/1.1" 200 524
222.70.177.73 - - [16/Feb/2023:10:51:41 +0800] "GET /xingrg/kc/buy/cgsh_order_operate.html?command=get_materiel&rest_code=00111&code=00101006259&supplier_code=00100004&order_time=2023-02-16 HTTP/1.1" 200 409
180.169.147.146 - - [16/Feb/2023:10:51:48 +0800] "GET /xingrg/all/function/internal_message.html?_=1676515916582&CODE_STATE=getMsg HTTP/1.1" 200 27
101.83.145.75 - - [16/Feb/2023:10:51:49 +0800] "GET /xingrg/all/function/internal_message.html?_=1676515924289&CODE_STATE=getMsg HTTP/1.1" 200 27
116.238.139.35 - - [16/Feb/2023:10:51:49 +0800] "GET /xingrg/all/function/internal_message.html?_=1676515924618&CODE_STATE=getMsg HTTP/1.1" 200 27
222.70.177.73 - - [16/Feb/2023:10:51:52 +0800] "GET /xingrg/kc/buy/cgsh_order_operate.html?command=get_materiel&rest_code=00111&code=00101007043&supplier_code=00100004&order_time=2023-02-16 HTTP/1.1" 200 408
101.229.22.234 - - [16/Feb/2023:10:51:54 +0800] "GET /xingrg/all/function/internal_message.html?_=1676515929233&CODE_STATE=getMsg HTTP/1.1" 200 27
222.67.238.61 - - [16/Feb/2023:10:51:59 +0800] "GET /xingrg/all/function/internal_message.html?_=1676515498854&CODE_STATE=getMsg HTTP/1.1" 200 27
114.83.218.175 - - [16/Feb/2023:10:52:00 +0800] "GET /xingrg/kc/mdqp/qqps_order_list.html?isBack=1 HTTP/1.1" 200 10497
114.83.218.175 - - [16/Feb/2023:10:52:00 +0800] "GET /xingrg/dwr/interface/AjaxQqpsService.js HTTP/1.1" 200 16326
114.83.218.175 - - [16/Feb/2023:10:52:00 +0800] "GET /xingrg/dwr/interface/AjaxReportQueryService.js HTTP/1.1" 200 13203
114.83.218.175 - - [16/Feb/2023:10:52:00 +0800] "GET /xingrg/dwr/engine.js HTTP/1.1" 200 43631
222.70.177.73 - - [16/Feb/2023:10:52:04 +0800] "GET /xingrg/kc/buy/cgsh_order_operate.html?command=get_materiel&rest_code=00111&code=00101007044&supplier_code=00100004&order_time=2023-02-16 HTTP/1.1" 200 422
120.253.135.82 - - [16/Feb/2023:10:52:06 +0800] "GET /xingrg/all/function/internal_message.html?_=1676516066696&CODE_STATE=getMsg HTTP/1.1" 200 27
120.253.135.82 - - [16/Feb/2023:10:52:06 +0800] "GET /xingrg/check_reg.html?_=1676515763499 HTTP/1.1" 200 22
221.239.170.112 - - [16/Feb/2023:10:52:07 +0800] "GET /xingrg/all/function/internal_message.html?_=1676515942713&CODE_STATE=getMsg HTTP/1.1" 200 27
120.253.135.82 - - [16/Feb/2023:10:52:10 +0800] "GET /xingrg/all/function/internal_message.html?_=1676515766790&CODE_STATE=getMsg HTTP/1.1" 200 27
218.81.220.34 - - [16/Feb/2023:10:52:11 +0800] "GET /favicon.ico HTTP/1.1" 404 -
124.78.159.25 - - [16/Feb/2023:10:52:13 +0800] "GET /xingrg/all/function/internal_message.html?_=1676515945112&CODE_STATE=getMsg HTTP/1.1" 200 27
180.163.29.234 - - [16/Feb/2023:10:52:13 +0800] "GET /xingrg/all/function/internal_message.html?_=1676515885137&CODE_STATE=getMsg HTTP/1.1" 302 -
180.169.147.146 - - [16/Feb/2023:10:52:14 +0800] "GET /xingrg/all/function/internal_message.html?_=1676515949385&CODE_STATE=getMsg HTTP/1.1" 200 27
218.81.220.34 - - [16/Feb/2023:10:52:14 +0800] "GET /xingrg/all/function/internal_message.html?_=1676515963973&CODE_STATE=getMsg HTTP/1.1" 200 27
180.169.147.146 - - [16/Feb/2023:10:52:14 +0800] "GET /xingrg/all/function/internal_message.html?_=1676515949457&CODE_STATE=getMsg HTTP/1.1" 200 27
180.163.29.234 - - [16/Feb/2023:10:52:16 +0800] "GET /xingrg/login.html HTTP/1.1" 200 7641
222.70.177.73 - - [16/Feb/2023:10:52:20 +0800] "GET /xingrg/all/function/internal_message.html?_=1676515953216&CODE_STATE=getMsg HTTP/1.1" 200 27
114.83.218.175 - - [16/Feb/2023:10:52:26 +0800] "GET /xingrg/all/function/internal_message.html?_=1676515960666&CODE_STATE=getMsg HTTP/1.1" 200 27
114.83.218.175 - - [16/Feb/2023:10:52:26 +0800] "GET /xingrg/check_reg.html?_=1676515960671 HTTP/1.1" 200 22
116.192.124.172 - - [16/Feb/2023:10:52:34 +0800] "GET /xingrg/all/function/internal_message.html?_=1676515968185&CODE_STATE=getMsg HTTP/1.1" 200 27
116.230.105.139 - - [16/Feb/2023:10:52:34 +0800] "GET /xingrg/all/function/internal_message.html?_=1676515953026&CODE_STATE=getMsg HTTP/1.1" 200 27
222.70.177.73 - - [16/Feb/2023:10:52:36 +0800] "POST /xingrg/kc/buy/cgsh_order_operate.html HTTP/1.1" 200 37
222.70.177.73 - - [16/Feb/2023:10:52:42 +0800] "POST /xingrg/kc/buy/cgsh_order_operate.html HTTP/1.1" 200 3249
222.70.177.73 - - [16/Feb/2023:10:52:44 +0800] "GET /xingrg/kc/print/load_data.html?order_code=212023021605173&kc_code=cgsh&condition= HTTP/1.1" 200 945
180.169.147.146 - - [16/Feb/2023:10:52:48 +0800] "GET /xingrg/check_reg.html?_=1676515976577 HTTP/1.1" 200 22
180.169.147.146 - - [16/Feb/2023:10:52:48 +0800] "GET /xingrg/all/function/internal_message.html?_=1676515976578&CODE_STATE=getMsg HTTP/1.1" 200 27
222.70.177.73 - - [16/Feb/2023:10:52:49 +0800] "GET /xingrg/kc/buy/cgsh_order_add.html HTTP/1.1" 200 69795
222.70.177.73 - - [16/Feb/2023:10:52:49 +0800] "POST /xingrg/kc/buy/cgsh_order_operate.html HTTP/1.1" 200 8245
222.70.177.73 - - [16/Feb/2023:10:52:49 +0800] "GET /xingrg/javascript/easyui/themes/default/validatebox.css HTTP/1.1" 404 1104
101.83.145.75 - - [16/Feb/2023:10:52:49 +0800] "GET /xingrg/all/function/internal_message.html?_=1676515984290&CODE_STATE=getMsg HTTP/1.1" 200 27
116.238.139.35 - - [16/Feb/2023:10:52:49 +0800] "GET /xingrg/all/function/internal_message.html?_=1676515984619&CODE_STATE=getMsg HTTP/1.1" 200 27
101.229.22.234 - - [16/Feb/2023:10:52:54 +0800] "GET /xingrg/all/function/internal_message.html?_=1676515989238&CODE_STATE=getMsg HTTP/1.1" 200 27
101.229.22.234 - - [16/Feb/2023:10:52:54 +0800] "GET /xingrg/check_reg.html?_=1676515989236 HTTP/1.1" 200 22
222.67.238.61 - - [16/Feb/2023:10:52:59 +0800] "GET /xingrg/all/function/internal_message.html?_=1676515558852&CODE_STATE=getMsg HTTP/1.1" 200 27
222.70.177.73 - - [16/Feb/2023:10:53:01 +0800] "GET /xingrg/kc/buy/cgsh_order_operate.html?command=get_materiel&rest_code=00111&code=00101008210&supplier_code=00100005&order_time=2023-02-16 HTTP/1.1" 200 408
120.253.135.82 - - [16/Feb/2023:10:53:06 +0800] "GET /xingrg/all/function/internal_message.html?_=1676516126700&CODE_STATE=getMsg HTTP/1.1" 200 27
221.239.170.112 - - [16/Feb/2023:10:53:07 +0800] "GET /xingrg/all/function/internal_message.html?_=1676516002699&CODE_STATE=getMsg HTTP/1.1" 200 27
120.253.135.82 - - [16/Feb/2023:10:53:10 +0800] "GET /xingrg/all/function/internal_message.html?_=1676515826803&CODE_STATE=getMsg HTTP/1.1" 200 27
180.169.147.146 - - [16/Feb/2023:10:53:12 +0800] "GET /xingrg/check_reg.html?_=1676516005979 HTTP/1.1" 200 22
218.81.220.34 - - [16/Feb/2023:10:53:13 +0800] "GET /xingrg/check_reg.html?_=1676516022480 HTTP/1.1" 200 22
124.78.159.25 - - [16/Feb/2023:10:53:13 +0800] "GET /xingrg/all/function/internal_message.html?_=1676516005084&CODE_STATE=getMsg HTTP/1.1" 200 27
222.70.177.73 - - [16/Feb/2023:10:53:13 +0800] "GET /xingrg/kc/buy/cgsh_order_operate.html?command=get_materiel&rest_code=00111&code=00101008358&supplier_code=00100005&order_time=2023-02-16 HTTP/1.1" 200 412
180.169.147.146 - - [16/Feb/2023:10:53:14 +0800] "GET /xingrg/all/function/internal_message.html?_=1676516009395&CODE_STATE=getMsg HTTP/1.1" 200 27
180.169.147.146 - - [16/Feb/2023:10:53:14 +0800] "GET /xingrg/check_reg.html?_=1676516009406 HTTP/1.1" 200 22
218.81.220.34 - - [16/Feb/2023:10:53:14 +0800] "GET /xingrg/all/function/internal_message.html?_=1676516024069&CODE_STATE=getMsg HTTP/1.1" 200 27
180.169.147.146 - - [16/Feb/2023:10:53:14 +0800] "GET /xingrg/all/function/internal_message.html?_=1676516009472&CODE_STATE=getMsg HTTP/1.1" 200 27
222.70.177.73 - - [16/Feb/2023:10:53:20 +0800] "GET /xingrg/all/function/internal_message.html?_=1676516013228&CODE_STATE=getMsg HTTP/1.1" 200 27
222.70.177.73 - - [16/Feb/2023:10:53:23 +0800] "GET /xingrg/kc/buy/cgsh_order_operate.html?command=get_materiel&rest_code=00111&code=00101008003&supplier_code=00100005&order_time=2023-02-16 HTTP/1.1" 200 408
114.83.218.175 - - [16/Feb/2023:10:53:26 +0800] "GET /xingrg/all/function/internal_message.html?_=1676516020658&CODE_STATE=getMsg HTTP/1.1" 200 27
222.70.177.73 - - [16/Feb/2023:10:53:31 +0800] "GET /xingrg/kc/buy/cgsh_order_operate.html?command=get_materiel&rest_code=00111&code=00101008141&supplier_code=00100005&order_time=2023-02-16 HTTP/1.1" 200 412
116.192.124.172 - - [16/Feb/2023:10:53:34 +0800] "GET /xingrg/all/function/internal_message.html?_=1676516028176&CODE_STATE=getMsg HTTP/1.1" 200 27
116.230.105.139 - - [16/Feb/2023:10:53:34 +0800] "GET /xingrg/all/function/internal_message.html?_=1676516013017&CODE_STATE=getMsg HTTP/1.1" 200 27
