120.253.135.82 - - [16/Feb/2023:11:41:11 +0800] "GET /xingrg/all/function/internal_message.html?_=1676518707802&CODE_STATE=getMsg HTTP/1.1" 200 27
116.238.139.35 - - [16/Feb/2023:11:41:12 +0800] "GET /xingrg/kc/mdqp/pssh_order_info.html?code=312023021400297 HTTP/1.1" 200 14386
116.238.139.35 - - [16/Feb/2023:11:41:12 +0800] "GET /xingrg/javascript/jquery_tools/jquery-1.4.2.min.js HTTP/1.1" 404 1094
124.78.159.25 - - [16/Feb/2023:11:41:12 +0800] "GET /xingrg/kc/mdqp/qp_main.html HTTP/1.1" 200 10633
124.78.159.25 - - [16/Feb/2023:11:41:12 +0800] "GET /xingrg/all/function/internal_message.html?_=1676518884029&CODE_STATE=getMsg HTTP/1.1" 200 27
116.238.139.35 - - [16/Feb/2023:11:41:12 +0800] "POST /xingrg/kc/mdqp/pssh_order_operate.html HTTP/1.1" 200 1565
116.238.139.35 - - [16/Feb/2023:11:41:12 +0800] "GET /xingrg/javascript/easyui/themes/default/validatebox.css HTTP/1.1" 404 1104
124.78.159.25 - - [16/Feb/2023:11:41:12 +0800] "GET /xingrg/images/yd/bt.gif HTTP/1.1" 404 1040
124.78.159.25 - - [16/Feb/2023:11:41:13 +0800] "GET /xingrg/kc/mdqp/qqps_order_list.html HTTP/1.1" 200 9222
124.78.159.25 - - [16/Feb/2023:11:41:13 +0800] "GET /xingrg/dwr/interface/AjaxQqpsService.js HTTP/1.1" 200 16326
218.81.220.34 - - [16/Feb/2023:11:41:13 +0800] "GET /xingrg/all/function/internal_message.html?_=1676518902816&CODE_STATE=getMsg HTTP/1.1" 200 27
124.78.159.25 - - [16/Feb/2023:11:41:13 +0800] "GET /xingrg/dwr/interface/AjaxReportQueryService.js HTTP/1.1" 200 13203
124.78.159.25 - - [16/Feb/2023:11:41:13 +0800] "GET /xingrg/dwr/engine.js HTTP/1.1" 200 43631
124.78.159.25 - - [16/Feb/2023:11:41:16 +0800] "POST /xingrg/dwr/call/plaincall/AjaxReportQueryService.getFixDate.dwr HTTP/1.1" 200 111
124.78.159.25 - - [16/Feb/2023:11:41:17 +0800] "GET /xingrg/kc/mdqp/qqps_order_list.html?isQuery=1&timeSelect=1&orderTime=yesterday&startTime=2023-02-15&endTime=2023-02-15&state=all&query=%C8%B7++%B6%A8 HTTP/1.1" 200 11433
124.78.159.25 - - [16/Feb/2023:11:41:17 +0800] "GET /xingrg/dwr/interface/AjaxQqpsService.js HTTP/1.1" 200 16326
124.78.159.25 - - [16/Feb/2023:11:41:17 +0800] "GET /xingrg/dwr/interface/AjaxReportQueryService.js HTTP/1.1" 200 13203
124.78.159.25 - - [16/Feb/2023:11:41:17 +0800] "GET /xingrg/dwr/engine.js HTTP/1.1" 200 43631
124.78.159.25 - - [16/Feb/2023:11:41:18 +0800] "GET /xingrg/kc/mdqp/qqps_order_info.html?code=302023021500269 HTTP/1.1" 200 26643
124.78.159.25 - - [16/Feb/2023:11:41:18 +0800] "GET /xingrg/dwr/interface/AjaxComOrderService.js HTTP/1.1" 200 18264
124.78.159.25 - - [16/Feb/2023:11:41:18 +0800] "GET /xingrg/dwr/interface/AjaxQqpsService.js HTTP/1.1" 200 16326
124.78.159.25 - - [16/Feb/2023:11:41:18 +0800] "GET /xingrg/dwr/engine.js HTTP/1.1" 200 43631
222.70.177.73 - - [16/Feb/2023:11:41:19 +0800] "GET /xingrg/all/function/internal_message.html?_=1676518892355&CODE_STATE=getMsg HTTP/1.1" 200 27
124.78.159.25 - - [16/Feb/2023:11:41:19 +0800] "POST /xingrg/dwr/call/plaincall/AjaxQqpsService.loadMaterielItems.dwr HTTP/1.1" 200 3058
124.78.159.25 - - [16/Feb/2023:11:41:20 +0800] "GET /xingrg/kc/base/crk_hz.html?_=1676518894650&command=get_cost_id&end_date=2023-01-31&start_date=2023-01-01 HTTP/1.1" 200 51
124.78.159.25 - - [16/Feb/2023:11:41:20 +0800] "GET /xingrg/all/report/report_query.html?isQuery=1&onlyBody=1&rh=99999&rw=1800&varString=start:20230101,cost_id:4088,mid:20230101&fileName=kc/base/crk_hz_type_by_base.xml&queryString=%20m.sort_code%20in%20('00101001','00101002','00101003','00101004','00101005','00101006','00101007','00101008','00101009','00101010','00101011','00101012','00101013','00101014','00101015','00101016','00101017','00101018','00101019','00101020','00101021','00101022','00101023','00101024','00101025','00101026','00101027','00101028','00101029','00101030','00101031','00101032','00101033','00101034','00101036','00101037','00101038','00101039','00101040','00101041','00101042','00101043')%20&queryText=ÈÕÆÚ£º2023-01-01ÖÁ2023-01-31&tableQueryString=materiel_table$sp1$$sp$before_table$sp1$$sp$crk_table$sp1$order_day%20between%2020230101%20and%2020230131 HTTP/1.1" 200 49844
124.78.159.25 - - [16/Feb/2023:11:41:20 +0800] "GET /xingrg/dwr/interface/AjaxReportQueryService.js HTTP/1.1" 200 13203
124.78.159.25 - - [16/Feb/2023:11:41:20 +0800] "GET /xingrg/dwr/engine.js HTTP/1.1" 200 43631
124.78.159.25 - - [16/Feb/2023:11:41:22 +0800] "POST /xingrg/all/report/load_report_page.html HTTP/1.1" 200 715624
124.78.159.25 - - [16/Feb/2023:11:41:22 +0800] "GET /xingrg/servlets/image?cache=0.7462017139025865&image=px HTTP/1.1" 200 807
180.165.52.237 - - [16/Feb/2023:11:41:23 +0800] "GET /xingrg/all/function/internal_message.html?_=1676518898561&CODE_STATE=getMsg HTTP/1.1" 200 27
114.83.218.175 - - [16/Feb/2023:11:41:25 +0800] "POST /xingrg/services/DataTransmitService HTTP/1.1" 200 524
116.235.93.82 - - [16/Feb/2023:11:41:26 +0800] "GET /xingrg/check_reg.html?_=1676518898706 HTTP/1.1" 200 22
116.235.93.82 - - [16/Feb/2023:11:41:26 +0800] "GET /xingrg/all/function/internal_message.html?_=1676518898711&CODE_STATE=getMsg HTTP/1.1" 200 27
114.83.218.175 - - [16/Feb/2023:11:41:26 +0800] "POST /xingrg/services/DataTransmitService HTTP/1.1" 200 501
114.83.218.175 - - [16/Feb/2023:11:41:26 +0800] "POST /xingrg/services/DataTransmitService HTTP/1.1" 200 501
114.83.218.175 - - [16/Feb/2023:11:41:26 +0800] "POST /xingrg/services/DataTransmitService HTTP/1.1" 200 501
114.83.218.175 - - [16/Feb/2023:11:41:26 +0800] "GET /xingrg/all/function/internal_message.html?_=1676518900829&CODE_STATE=getMsg HTTP/1.1" 200 27
114.83.218.175 - - [16/Feb/2023:11:41:26 +0800] "POST /xingrg/services/DataTransmitService HTTP/1.1" 200 501
114.83.218.175 - - [16/Feb/2023:11:41:27 +0800] "POST /xingrg/services/DataTransmitService HTTP/1.1" 200 501
114.83.218.175 - - [16/Feb/2023:11:41:27 +0800] "POST /xingrg/services/DataTransmitService HTTP/1.1" 200 501
114.83.218.175 - - [16/Feb/2023:11:41:27 +0800] "POST /xingrg/services/DataTransmitService HTTP/1.1" 200 501
114.83.218.175 - - [16/Feb/2023:11:41:27 +0800] "POST /xingrg/services/DataTransmitService HTTP/1.1" 200 412
120.253.135.82 - - [16/Feb/2023:11:41:28 +0800] "GET /xingrg/kc/pszx/mdps_order_list.html?orderType=0 HTTP/1.1" 200 21073
116.238.139.35 - - [16/Feb/2023:11:41:28 +0800] "GET /xingrg/kc/print/load_data.html?order_code=312023021400297&kc_code=pssh&condition= HTTP/1.1" 200 997
120.253.135.82 - - [16/Feb/2023:11:41:29 +0800] "POST /xingrg/kc/pszx/mdps_list_operate.html HTTP/1.1" 200 5383
180.169.147.146 - - [16/Feb/2023:11:41:31 +0800] "GET /xingrg/all/function/internal_message.html?_=1676518906053&CODE_STATE=getMsg HTTP/1.1" 200 27
124.78.159.25 - - [16/Feb/2023:11:41:32 +0800] "GET /xingrg/kc/base/crk_hz.html?_=1676518907493&command=get_cost_id&end_date=2023-01-31&start_date=2023-01-01 HTTP/1.1" 200 51
124.78.159.25 - - [16/Feb/2023:11:41:32 +0800] "GET /xingrg/all/report/report_query.html?isQuery=1&onlyBody=1&rh=99999&rw=1800&varString=start:20230101,cost_id:4088,mid:20230101&fileName=kc/base/crk_hz_type_by_base.xml&queryString=%20a.base_code%20in%20('0010434')%20%20and%20m.sort_code%20in%20('00101001','00101002','00101003','00101004','00101005','00101006','00101007','00101008','00101009','00101010','00101011','00101012','00101013','00101014','00101015','00101016','00101017','00101018','00101019','00101020','00101021','00101022','00101023','00101024','00101025','00101026','00101027','00101028','00101029','00101030','00101031','00101032','00101033','00101034','00101036','00101037','00101038','00101039','00101040','00101041','00101042','00101043')%20&queryText=ÈÕÆÚ£º2023-01-01ÖÁ2023-01-31%20²Ö¿â£º¸£Àû&tableQueryString=materiel_table$sp1$$sp$before_table$sp1$$sp$crk_table$sp1$order_day%20between%2020230101%20and%2020230131 HTTP/1.1" 200 49884
124.78.159.25 - - [16/Feb/2023:11:41:33 +0800] "GET /xingrg/dwr/interface/AjaxReportQueryService.js HTTP/1.1" 200 13203
124.78.159.25 - - [16/Feb/2023:11:41:33 +0800] "GET /xingrg/dwr/engine.js HTTP/1.1" 200 43631
116.238.139.35 - - [16/Feb/2023:11:41:33 +0800] "GET /xingrg/kc/mdqp/pssh_order_list.html?isBack=1 HTTP/1.1" 200 17478
116.238.139.35 - - [16/Feb/2023:11:41:33 +0800] "POST /xingrg/kc/mdqp/pssh_list_operate.html HTTP/1.1" 200 5474
116.192.124.172 - - [16/Feb/2023:11:41:33 +0800] "GET /xingrg/all/function/internal_message.html?_=1676518907400&CODE_STATE=getMsg HTTP/1.1" 200 27
180.165.52.237 - - [16/Feb/2023:11:41:33 +0800] "POST /xingrg/dwr/call/plaincall/AjaxQqpsService.saveMaterielItem.dwr HTTP/1.1" 200 78
124.78.159.25 - - [16/Feb/2023:11:41:34 +0800] "POST /xingrg/all/report/load_report_page.html HTTP/1.1" 200 94537
124.78.159.25 - - [16/Feb/2023:11:41:34 +0800] "GET /xingrg/servlets/image?cache=0.1598532090634628&image=px HTTP/1.1" 200 807
116.230.105.139 - - [16/Feb/2023:11:41:34 +0800] "GET /xingrg/all/function/internal_message.html?_=1676518893027&CODE_STATE=getMsg HTTP/1.1" 200 27
116.238.139.35 - - [16/Feb/2023:11:41:34 +0800] "POST /xingrg/kc/mdqp/pssh_list_operate.html HTTP/1.1" 200 369
124.78.159.25 - - [16/Feb/2023:11:41:35 +0800] "GET /xingrg/kc/base/base_main.html HTTP/1.1" 200 12142
116.238.139.35 - - [16/Feb/2023:11:41:35 +0800] "GET /xingrg/kc/mdqp/pssh_order_info.html?code=312023021400304 HTTP/1.1" 200 17301
116.238.139.35 - - [16/Feb/2023:11:41:35 +0800] "GET /xingrg/javascript/jquery_tools/jquery-1.4.2.min.js HTTP/1.1" 404 1094
116.238.139.35 - - [16/Feb/2023:11:41:36 +0800] "POST /xingrg/kc/mdqp/pssh_order_operate.html HTTP/1.1" 200 1065
120.253.135.82 - - [16/Feb/2023:11:41:36 +0800] "POST /xingrg/kc/pszx/mdps_list_operate.html HTTP/1.1" 200 5533
116.238.139.35 - - [16/Feb/2023:11:41:36 +0800] "GET /xingrg/javascript/easyui/themes/default/validatebox.css HTTP/1.1" 404 1104
124.78.159.25 - - [16/Feb/2023:11:41:36 +0800] "GET /xingrg/kc/base/wldb_order_list.html HTTP/1.1" 200 19139
124.78.159.25 - - [16/Feb/2023:11:41:37 +0800] "POST /xingrg/kc/base/wldb_list_operate.html HTTP/1.1" 200 2579
180.165.52.237 - - [16/Feb/2023:11:41:37 +0800] "POST /xingrg/dwr/call/plaincall/AjaxQqpsService.removeMaterielItem.dwr HTTP/1.1" 200 78
116.235.93.82 - - [16/Feb/2023:11:41:37 +0800] "GET /xingrg/check_reg.html?_=1676519156068 HTTP/1.1" 200 22
116.235.93.82 - - [16/Feb/2023:11:41:37 +0800] "GET /xingrg/all/function/internal_message.html?_=1676519156069&CODE_STATE=getMsg HTTP/1.1" 200 27
116.238.139.35 - - [16/Feb/2023:11:41:37 +0800] "POST /xingrg/all/common/load_combo.html?type=employee HTTP/1.1" 200 532
124.78.159.25 - - [16/Feb/2023:11:41:39 +0800] "GET /xingrg/kc/base/wldb_order_add.html HTTP/1.1" 200 30426
180.165.52.237 - - [16/Feb/2023:11:41:40 +0800] "POST /xingrg/dwr/call/plaincall/AjaxQqpsService.checkOrder.dwr HTTP/1.1" 200 78
124.78.159.25 - - [16/Feb/2023:11:41:40 +0800] "POST /xingrg/kc/base/wldb_order_operate.html HTTP/1.1" 200 6806
120.253.135.82 - - [16/Feb/2023:11:41:40 +0800] "POST /xingrg/kc/pszx/mdps_list_operate.html HTTP/1.1" 200 5486
124.78.159.25 - - [16/Feb/2023:11:41:40 +0800] "GET /xingrg/javascript/easyui/themes/default/validatebox.css HTTP/1.1" 404 1104
116.238.139.35 - - [16/Feb/2023:11:41:40 +0800] "POST /xingrg/kc/mdqp/pssh_order_operate.html HTTP/1.1" 200 37
124.78.159.25 - - [16/Feb/2023:11:41:41 +0800] "POST /xingrg/all/common/load_combo.html?type=base HTTP/1.1" 200 3227
116.238.139.35 - - [16/Feb/2023:11:41:41 +0800] "POST /xingrg/kc/mdqp/pssh_order_operate.html HTTP/1.1" 200 12
180.165.52.237 - - [16/Feb/2023:11:41:42 +0800] "GET /xingrg/kc/mdqp/qqps_order_info.html?code=302023021600286 HTTP/1.1" 200 26538
116.238.139.35 - - [16/Feb/2023:11:41:42 +0800] "GET /xingrg/kc/mdqp/pssh_order_info.html?code=312023021400304 HTTP/1.1" 200 14392
180.165.52.237 - - [16/Feb/2023:11:41:42 +0800] "GET /xingrg/dwr/interface/AjaxQqpsService.js HTTP/1.1" 200 16326
116.238.139.35 - - [16/Feb/2023:11:41:42 +0800] "GET /xingrg/javascript/jquery_tools/jquery-1.4.2.min.js HTTP/1.1" 404 1094
180.165.52.237 - - [16/Feb/2023:11:41:42 +0800] "GET /xingrg/dwr/engine.js HTTP/1.1" 200 43631
120.253.135.82 - - [16/Feb/2023:11:41:42 +0800] "POST /xingrg/kc/pszx/mdps_list_operate.html HTTP/1.1" 200 374
180.165.52.237 - - [16/Feb/2023:11:41:42 +0800] "GET /xingrg/dwr/interface/AjaxComOrderService.js HTTP/1.1" 200 18264
116.238.139.35 - - [16/Feb/2023:11:41:42 +0800] "POST /xingrg/kc/mdqp/pssh_order_operate.html HTTP/1.1" 200 1065
116.238.139.35 - - [16/Feb/2023:11:41:42 +0800] "GET /xingrg/javascript/easyui/themes/default/validatebox.css HTTP/1.1" 404 1104
120.253.135.82 - - [16/Feb/2023:11:41:42 +0800] "GET /xingrg/kc/pszx/mdps_order_info.html?code=312023021600344 HTTP/1.1" 200 23974
120.253.135.82 - - [16/Feb/2023:11:41:42 +0800] "GET /xingrg/javascript/convert.js HTTP/1.1" 304 -
120.253.135.82 - - [16/Feb/2023:11:41:42 +0800] "GET /xingrg/javascript/json2.js HTTP/1.1" 304 -
120.253.135.82 - - [16/Feb/2023:11:41:42 +0800] "GET /xingrg/javascript/jquery_tools/order_manager.js HTTP/1.1" 304 -
120.253.135.82 - - [16/Feb/2023:11:41:42 +0800] "GET /xingrg/words/20230216110007_words.js HTTP/1.1" 200 946279
180.165.52.237 - - [16/Feb/2023:11:41:42 +0800] "POST /xingrg/dwr/call/plaincall/AjaxQqpsService.loadMaterielItems.dwr HTTP/1.1" 200 473
180.165.52.237 - - [16/Feb/2023:11:41:43 +0800] "GET /xingrg/images/yd/bt.gif HTTP/1.1" 404 1040
180.165.52.237 - - [16/Feb/2023:11:41:43 +0800] "GET /xingrg/images/yd/bt2.gif HTTP/1.1" 404 1042
116.238.139.35 - - [16/Feb/2023:11:41:43 +0800] "GET /xingrg/kc/print/load_data.html?order_code=312023021400304&kc_code=pssh&condition= HTTP/1.1" 200 865
120.253.135.82 - - [16/Feb/2023:11:41:43 +0800] "POST /xingrg/kc/pszx/mdps_order_operate.html HTTP/1.1" 200 3284
120.253.135.82 - - [16/Feb/2023:11:41:43 +0800] "GET /xingrg/all/common/auto_word.html?type=base&rest_code=00101 HTTP/1.1" 200 671
120.253.135.82 - - [16/Feb/2023:11:41:43 +0800] "GET /xingrg/javascript/easyui/themes/default/validatebox.css HTTP/1.1" 404 1104
120.253.135.82 - - [16/Feb/2023:11:41:43 +0800] "GET /xingrg/javascript/easyui/plugins/jquery.validatebox.js HTTP/1.1" 304 -
124.78.159.25 - - [16/Feb/2023:11:41:43 +0800] "POST /xingrg/all/common/load_combo.html?type=base HTTP/1.1" 200 3227
120.253.135.82 - - [16/Feb/2023:11:41:43 +0800] "GET /xingrg/javascript/easyui/plugins/jquery.numberbox.js HTTP/1.1" 304 -
180.165.52.237 - - [16/Feb/2023:11:41:44 +0800] "GET /xingrg/kc/mdqp/qqps_order_list.html?isBack=1 HTTP/1.1" 200 9677
180.165.52.237 - - [16/Feb/2023:11:41:44 +0800] "GET /xingrg/dwr/interface/AjaxReportQueryService.js HTTP/1.1" 200 13203
180.165.52.237 - - [16/Feb/2023:11:41:44 +0800] "GET /xingrg/dwr/interface/AjaxQqpsService.js HTTP/1.1" 200 16326
180.165.52.237 - - [16/Feb/2023:11:41:44 +0800] "GET /xingrg/dwr/engine.js HTTP/1.1" 200 43631
120.253.135.82 - - [16/Feb/2023:11:41:46 +0800] "GET /xingrg/kc/print/load_config.html?kc_code=mdps HTTP/1.1" 200 2390
124.78.159.25 - - [16/Feb/2023:11:41:46 +0800] "GET /xingrg/check_reg.html?_=1676518921571 HTTP/1.1" 200 22
124.78.159.25 - - [16/Feb/2023:11:41:46 +0800] "GET /xingrg/all/function/internal_message.html?_=1676518921575&CODE_STATE=getMsg HTTP/1.1" 200 27
120.253.135.82 - - [16/Feb/2023:11:41:46 +0800] "GET /xingrg/kc/print/load_data.html?order_code=312023021600344&kc_code=mdps&condition= HTTP/1.1" 200 1146
180.165.52.237 - - [16/Feb/2023:11:41:46 +0800] "GET /xingrg/kc/mdqp/pssh_order_list.html HTTP/1.1" 200 17919
180.165.52.237 - - [16/Feb/2023:11:41:47 +0800] "GET /xingrg/css/base.css HTTP/1.1" 200 2811
180.165.52.237 - - [16/Feb/2023:11:41:47 +0800] "GET /xingrg/css/site.css HTTP/1.1" 200 7541
180.165.52.237 - - [16/Feb/2023:11:41:47 +0800] "GET /xingrg/javascript/jquery_tools/datebox.css HTTP/1.1" 200 2597
180.165.52.237 - - [16/Feb/2023:11:41:47 +0800] "GET /xingrg/javascript/jquery_tools/fix.css HTTP/1.1" 200 1702
180.165.52.237 - - [16/Feb/2023:11:41:47 +0800] "GET /xingrg/javascript/easyui/themes/icon.css HTTP/1.1" 200 4483
180.165.52.237 - - [16/Feb/2023:11:41:47 +0800] "GET /xingrg/javascript/easyui/themes/default/easyui.css HTTP/1.1" 200 30432
180.165.52.237 - - [16/Feb/2023:11:41:47 +0800] "GET /xingrg/javascript/jquery_tools/jquery.tools.hotkey.js HTTP/1.1" 200 3242
180.165.52.237 - - [16/Feb/2023:11:41:47 +0800] "GET /xingrg/javascript/jquery_tools/jquery.tools.extend.js HTTP/1.1" 200 15385
180.165.52.237 - - [16/Feb/2023:11:41:47 +0800] "GET /xingrg/javascript/jquery_tools/jquery.tools.table.js HTTP/1.1" 200 6994
180.165.52.237 - - [16/Feb/2023:11:41:47 +0800] "GET /xingrg/javascript/jquery_tools/list_manager.js HTTP/1.1" 200 3652
180.165.52.237 - - [16/Feb/2023:11:41:47 +0800] "GET /xingrg/javascript/easyui/easyloader.js HTTP/1.1" 200 5975
180.165.52.237 - - [16/Feb/2023:11:41:47 +0800] "GET /xingrg/javascript/jquery_tools/table.css HTTP/1.1" 200 1032
180.165.52.237 - - [16/Feb/2023:11:41:47 +0800] "GET /xingrg/javascript/jquery.cookie.js HTTP/1.1" 200 5513
180.165.52.237 - - [16/Feb/2023:11:41:47 +0800] "GET /xingrg/javascript/jquery_tools/jquery.tools.min.js HTTP/1.1" 200 138801
180.165.52.237 - - [16/Feb/2023:11:41:47 +0800] "GET /xingrg/javascript/easyui/themes/icons/field_new.png HTTP/1.1" 200 1097
180.165.52.237 - - [16/Feb/2023:11:41:47 +0800] "GET /xingrg/javascript/easyui/plugins/jquery.parser.js HTTP/1.1" 200 1142
180.165.52.237 - - [16/Feb/2023:11:41:47 +0800] "GET /xingrg/images/control/ajaxLoader.gif HTTP/1.1" 200 4659
180.165.52.237 - - [16/Feb/2023:11:41:47 +0800] "POST /xingrg/kc/mdqp/pssh_list_operate.html HTTP/1.1" 200 5284
180.169.147.146 - - [16/Feb/2023:11:41:48 +0800] "GET /xingrg/all/function/internal_message.html?_=1676518916626&CODE_STATE=getMsg HTTP/1.1" 200 27
124.78.159.25 - - [16/Feb/2023:11:41:49 +0800] "GET /xingrg/kc/base/wldb_order_operate.html?command=get_materiel&rest_code=00106&base_code=0010397&code=00102002347 HTTP/1.1" 200 457
101.83.145.75 - - [16/Feb/2023:11:41:49 +0800] "GET /xingrg/all/function/internal_message.html?_=1676518924333&CODE_STATE=getMsg HTTP/1.1" 200 27
124.79.72.155 - - [16/Feb/2023:11:41:52 +0800] "GET /xingrg/kc/base/base_main.html HTTP/1.1" 200 12142
124.78.159.25 - - [16/Feb/2023:11:41:53 +0800] "GET /xingrg/kc/base/wldb_order_operate.html?command=get_materiel&rest_code=00106&base_code=0010397&code=00102002238 HTTP/1.1" 200 434
124.79.72.155 - - [16/Feb/2023:11:41:53 +0800] "GET /xingrg/kc/base/wldb_order_list.html HTTP/1.1" 200 19145
180.162.114.226 - - [16/Feb/2023:11:41:54 +0800] "GET /xingrg/check_reg.html?_=1676517868655 HTTP/1.1" 200 22
124.79.72.155 - - [16/Feb/2023:11:41:54 +0800] "POST /xingrg/kc/base/wldb_list_operate.html HTTP/1.1" 200 928
101.229.22.234 - - [16/Feb/2023:11:41:54 +0800] "GET /xingrg/all/function/internal_message.html?_=1676518929283&CODE_STATE=getMsg HTTP/1.1" 200 27
180.162.114.226 - - [16/Feb/2023:11:41:54 +0800] "GET /xingrg/all/function/internal_message.html?_=1676517869500&CODE_STATE=getMsg HTTP/1.1" 200 27
124.78.159.25 - - [16/Feb/2023:11:41:59 +0800] "GET /xingrg/kc/base/wldb_order_operate.html?command=get_materiel&rest_code=00106&base_code=0010397&code=00102002549 HTTP/1.1" 200 449
222.67.238.61 - - [16/Feb/2023:11:41:59 +0800] "GET /xingrg/all/function/internal_message.html?_=1676518498976&CODE_STATE=getMsg HTTP/1.1" 200 27
116.238.139.35 - - [16/Feb/2023:11:42:01 +0800] "GET /xingrg/check_reg.html?_=1676518936208 HTTP/1.1" 200 22
116.238.139.35 - - [16/Feb/2023:11:42:01 +0800] "GET /xingrg/all/function/internal_message.html?_=1676518936212&CODE_STATE=getMsg HTTP/1.1" 200 27
124.78.159.25 - - [16/Feb/2023:11:42:04 +0800] "POST /xingrg/all/common/load_select.html HTTP/1.1" 200 25
124.79.72.155 - - [16/Feb/2023:11:42:06 +0800] "GET /xingrg/all/function/internal_message.html?_=1676518943423&CODE_STATE=getMsg HTTP/1.1" 200 27
58.40.7.146 - - [16/Feb/2023:11:42:06 +0800] "GET /xingrg/all/function/internal_message.html?_=1676518940781&CODE_STATE=getMsg HTTP/1.1" 200 27
124.78.159.25 - - [16/Feb/2023:11:42:06 +0800] "GET /xingrg/kc/base/wldb_order_operate.html?command=get_materiel_price&rest_code=00106&base_code=0010397&code=00102002549&unit_code=00100276 HTTP/1.1" 200 35
120.253.135.82 - - [16/Feb/2023:11:42:06 +0800] "GET /xingrg/all/function/internal_message.html?_=1676519066923&CODE_STATE=getMsg HTTP/1.1" 200 27
221.239.170.112 - - [16/Feb/2023:11:42:07 +0800] "GET /xingrg/all/function/internal_message.html?_=1676518941846&CODE_STATE=getMsg HTTP/1.1" 200 27
120.253.135.82 - - [16/Feb/2023:11:42:07 +0800] "GET /xingrg/check_reg.html?_=1676518763571 HTTP/1.1" 200 22
124.78.159.25 - - [16/Feb/2023:11:42:07 +0800] "GET /xingrg/kc/base/crk_hz.html?_=1676518942013&command=get_cost_id&end_date=2023-01-31&start_date=2023-01-01 HTTP/1.1" 200 51
124.78.159.25 - - [16/Feb/2023:11:42:07 +0800] "GET /xingrg/all/report/report_query.html?isQuery=1&onlyBody=1&rh=99999&rw=1800&varString=start:20230101,cost_id:4088,mid:20230101&fileName=kc/base/crk_hz_type_by_base.xml&queryString=%20a.base_code%20in%20('0010434')%20%20and%20m.sort_code%20in%20('00102001','00102002','00102003','00102004','00102005','00102006','00102007','00102008','00102009','00102010','00102011','00102012','00102013','00102014','00102015','00102016','00102017','00102018','00102019','00102020','00102021','00102022','00102023','00102024','00102025','00102026','00102027','00102028','00102029','00102030','00102031','00102032','00102033','00102034','00102035','00102036')%20&queryText=ÈÕÆÚ£º2023-01-01ÖÁ2023-01-31%20²Ö¿â£º¸£Àû&tableQueryString=materiel_table$sp1$$sp$before_table$sp1$$sp$crk_table$sp1$order_day%20between%2020230101%20and%2020230131 HTTP/1.1" 200 49818
124.78.159.25 - - [16/Feb/2023:11:42:07 +0800] "GET /xingrg/dwr/interface/AjaxReportQueryService.js HTTP/1.1" 200 13203
124.78.159.25 - - [16/Feb/2023:11:42:07 +0800] "GET /xingrg/dwr/engine.js HTTP/1.1" 200 43631
124.78.159.25 - - [16/Feb/2023:11:42:08 +0800] "POST /xingrg/all/report/load_report_page.html HTTP/1.1" 200 94411
124.78.159.25 - - [16/Feb/2023:11:42:08 +0800] "GET /xingrg/servlets/image?cache=0.9503876328517148&image=px HTTP/1.1" 200 807
124.78.159.25 - - [16/Feb/2023:11:42:09 +0800] "POST /xingrg/kc/base/wldb_order_operate.html HTTP/1.1" 200 37
124.78.159.25 - - [16/Feb/2023:11:42:10 +0800] "POST /xingrg/kc/base/wldb_order_operate.html HTTP/1.1" 200 3159
124.78.159.25 - - [16/Feb/2023:11:42:10 +0800] "GET /xingrg/kc/base/wldb_order_info.html?code=422023021601148 HTTP/1.1" 200 30439
124.78.159.25 - - [16/Feb/2023:11:42:10 +0800] "GET /xingrg/javascript/easyui/themes/default/validatebox.css HTTP/1.1" 404 1104
124.78.159.25 - - [16/Feb/2023:11:42:10 +0800] "GET /xingrg/all/report/report_query.html?isQuery=1&fileName=kc/base/crk_detail_by_small.xml&rh=99999&queryString=&queryText=%25E3%2580%2590%25E4%25BB%2593%25E5%25BA%2593%25E5%2590%258D%25E7%25A7%25B0%253A%25E7%25A6%258F%25E5%2588%25A9%25E3%2580%2591%25E3%2580%2590%25E4%25B8%259A%25E5%258A%25A1%25E7%25B1%25BB%25E5%259E%258B%25EF%25BC%259A%25E6%2580%25BB%25E9%2583%25A8%25E9%2585%258D%25E9%2580%2581%25E3%2580%2591%2520%253F%253F%253F%253F%253F2023-01-01%253F%253F2023-01-31%2520%253F%253F%253F%253F%253F%253F%253F&tableQueryString=crk_table%2524sp1%2524order_day%2520between%252020230101%2520and%252020230131%2520and%2520(base_code%253D'0010434')%2520and%2520(src_order_type%2520in%2520(31))%2520and%2520(is_rk%2520in%2520(1)) HTTP/1.1" 200 53778
124.78.159.25 - - [16/Feb/2023:11:42:11 +0800] "GET /xingrg/dwr/interface/AjaxReportQueryService.js HTTP/1.1" 200 13203
124.78.159.25 - - [16/Feb/2023:11:42:11 +0800] "GET /xingrg/dwr/engine.js HTTP/1.1" 200 43631
124.78.159.25 - - [16/Feb/2023:11:42:11 +0800] "POST /xingrg/kc/base/wldb_order_operate.html HTTP/1.1" 200 3159
124.78.159.25 - - [16/Feb/2023:11:42:11 +0800] "GET /xingrg/javascript/jquery_easy_ui/themes/icons/pencil.png HTTP/1.1" 200 713
124.78.159.25 - - [16/Feb/2023:11:42:11 +0800] "GET /xingrg/javascript/jquery_easy_ui/themes/default/images/menu_rightarrow.png HTTP/1.1" 200 3617
120.253.135.82 - - [16/Feb/2023:11:42:11 +0800] "GET /xingrg/all/function/internal_message.html?_=1676518767811&CODE_STATE=getMsg HTTP/1.1" 200 27
124.78.159.25 - - [16/Feb/2023:11:42:11 +0800] "POST /xingrg/all/report/load_report_page.html HTTP/1.1" 200 21542
124.78.159.25 - - [16/Feb/2023:11:42:11 +0800] "GET /xingrg/servlets/image?cache=0.8221551485264312&image=px HTTP/1.1" 200 807
124.78.159.25 - - [16/Feb/2023:11:42:12 +0800] "GET /xingrg/all/function/internal_message.html?_=1676518944009&CODE_STATE=getMsg HTTP/1.1" 200 27
218.81.220.34 - - [16/Feb/2023:11:42:13 +0800] "GET /xingrg/check_reg.html?_=1676518962783 HTTP/1.1" 200 22
218.81.220.34 - - [16/Feb/2023:11:42:13 +0800] "GET /xingrg/all/function/internal_message.html?_=1676518962830&CODE_STATE=getMsg HTTP/1.1" 200 27
116.238.139.35 - - [16/Feb/2023:11:42:18 +0800] "POST /xingrg/all/user/operate.html HTTP/1.1" 200 36
116.238.139.35 - - [16/Feb/2023:11:42:18 +0800] "GET /xingrg/javascript/jquery_easy_ui/themes/default/easyui.css HTTP/1.1" 304 -
116.238.139.35 - - [16/Feb/2023:11:42:18 +0800] "GET /xingrg/index.html?sysBaseUrl=http%3A%2F%2F180.169.147.146%3A18081%2Fxingrg%2F&costTime=40×tamp=1676508015980 HTTP/1.1" 200 17179
116.238.139.35 - - [16/Feb/2023:11:42:18 +0800] "GET /xingrg/javascript/jquery_easy_ui/themes/icon.css HTTP/1.1" 304 -
116.238.139.35 - - [16/Feb/2023:11:42:18 +0800] "GET /xingrg/css/form.css HTTP/1.1" 304 -
116.238.139.35 - - [16/Feb/2023:11:42:18 +0800] "GET /xingrg/javascript/jquery-1.4.2.min.js HTTP/1.1" 304 -
116.238.139.35 - - [16/Feb/2023:11:42:18 +0800] "GET /xingrg/javascript/jquery_easy_ui/jquery.easyui.min.js HTTP/1.1" 304 -
116.238.139.35 - - [16/Feb/2023:11:42:18 +0800] "GET /xingrg/javascript/jquery_easy_ui/easyui-lang-zh_CN.js HTTP/1.1" 304 -
116.238.139.35 - - [16/Feb/2023:11:42:18 +0800] "GET /xingrg/javascript/jquery.form.js HTTP/1.1" 304 -
116.238.139.35 - - [16/Feb/2023:11:42:18 +0800] "GET /xingrg/javascript/jquery.utils.js HTTP/1.1" 304 -
116.238.139.35 - - [16/Feb/2023:11:42:18 +0800] "GET /xingrg/javascript/jquery.timers.js HTTP/1.1" 304 -
116.238.139.35 - - [16/Feb/2023:11:42:18 +0800] "GET /xingrg/images/blue/jxLogo.png HTTP/1.1" 304 -
116.238.139.35 - - [16/Feb/2023:11:42:18 +0800] "GET /xingrg/images/blue/navBackgound.jpg HTTP/1.1" 304 -
116.238.139.35 - - [16/Feb/2023:11:42:18 +0800] "GET /xingrg/javascript/jquery_easy_ui/themes/icons/settle_new.png HTTP/1.1" 304 -
116.238.139.35 - - [16/Feb/2023:11:42:18 +0800] "POST /xingrg/all/common/load_tree.html?tree=area_rest_tree_json&manage=1 HTTP/1.1" 200 476
116.238.139.35 - - [16/Feb/2023:11:42:18 +0800] "GET /xingrg/all/function/internal_message.html?_=1676518953812&CODE_STATE=count HTTP/1.1" 200 11
116.238.139.35 - - [16/Feb/2023:11:42:18 +0800] "GET /xingrg/check_reg.html?_=1676518953813 HTTP/1.1" 200 22
116.238.139.35 - - [16/Feb/2023:11:42:18 +0800] "GET /xingrg/javascript/jquery_easy_ui/themes/default/images/tabs_leftarrow.png HTTP/1.1" 304 -
116.238.139.35 - - [16/Feb/2023:11:42:18 +0800] "GET /xingrg/images/blue/pingpu.png HTTP/1.1" 304 -
116.238.139.35 - - [16/Feb/2023:11:42:18 +0800] "POST /xingrg/load_menu.html HTTP/1.1" 200 5138
116.238.139.35 - - [16/Feb/2023:11:42:18 +0800] "GET /xingrg/javascript/jquery_easy_ui/themes/default/images/panel_tool_collapse.gif HTTP/1.1" 304 -
116.238.139.35 - - [16/Feb/2023:11:42:18 +0800] "GET /xingrg/javascript/jquery_easy_ui/themes/default/images/tabs_rightarrow.png HTTP/1.1" 304 -
116.238.139.35 - - [16/Feb/2023:11:42:19 +0800] "GET /xingrg/javascript/jquery_easy_ui/themes/icons/forms_new.png HTTP/1.1" 304 -
116.238.139.35 - - [16/Feb/2023:11:42:19 +0800] "GET /xingrg/javascript/jquery_easy_ui/themes/default/images/tree_file.gif HTTP/1.1" 304 -
116.238.139.35 - - [16/Feb/2023:11:42:19 +0800] "GET /xingrg/javascript/jquery_easy_ui/themes/icons/storage_new.png HTTP/1.1" 304 -
116.238.139.35 - - [16/Feb/2023:11:42:19 +0800] "GET /xingrg/javascript/jquery_easy_ui/themes/default/images/tree_arrows.gif HTTP/1.1" 304 -
116.238.139.35 - - [16/Feb/2023:11:42:19 +0800] "GET /xingrg/javascript/jquery_easy_ui/themes/icons/search_new.png HTTP/1.1" 304 -
116.238.139.35 - - [16/Feb/2023:11:42:19 +0800] "GET /xingrg/javascript/jquery_easy_ui/themes/default/images/tree_folder_open.gif HTTP/1.1" 304 -
116.238.139.35 - - [16/Feb/2023:11:42:19 +0800] "GET /xingrg/javascript/jquery_easy_ui/themes/default/images/tree_folder.gif HTTP/1.1" 304 -
222.70.177.73 - - [16/Feb/2023:11:42:19 +0800] "GET /xingrg/all/function/internal_message.html?_=1676518952331&CODE_STATE=getMsg HTTP/1.1" 200 27
116.238.139.35 - - [16/Feb/2023:11:42:20 +0800] "GET /xingrg/kc/base/wldb_order_list.html HTTP/1.1" 200 19145
116.238.139.35 - - [16/Feb/2023:11:42:21 +0800] "POST /xingrg/kc/base/wldb_list_operate.html HTTP/1.1" 200 928
116.238.139.35 - - [16/Feb/2023:11:42:22 +0800] "GET /xingrg/kc/base/wldb_order_add.html HTTP/1.1" 200 30428
116.238.139.35 - - [16/Feb/2023:11:42:22 +0800] "GET /xingrg/words/20230216110007_words.js HTTP/1.1" 304 -
116.238.139.35 - - [16/Feb/2023:11:42:22 +0800] "POST /xingrg/kc/base/wldb_order_operate.html HTTP/1.1" 200 6806
116.238.139.35 - - [16/Feb/2023:11:42:23 +0800] "GET /xingrg/javascript/easyui/themes/default/validatebox.css HTTP/1.1" 404 1104
180.165.52.237 - - [16/Feb/2023:11:42:23 +0800] "GET /xingrg/all/function/internal_message.html?_=1676518958563&CODE_STATE=getMsg HTTP/1.1" 200 27
116.238.139.35 - - [16/Feb/2023:11:42:24 +0800] "GET /xingrg/javascript/auto/indicator.gif HTTP/1.1" 404 1066
116.235.93.82 - - [16/Feb/2023:11:42:26 +0800] "GET /xingrg/all/function/internal_message.html?_=1676518958701&CODE_STATE=getMsg HTTP/1.1" 200 27
114.83.218.175 - - [16/Feb/2023:11:42:26 +0800] "GET /xingrg/all/function/internal_message.html?_=1676518960836&CODE_STATE=getMsg HTTP/1.1" 200 27
114.83.218.175 - - [16/Feb/2023:11:42:26 +0800] "GET /xingrg/check_reg.html?_=1676518960850 HTTP/1.1" 200 22
116.238.139.35 - - [16/Feb/2023:11:42:29 +0800] "GET /xingrg/kc/base/wldb_order_operate.html?command=get_materiel&rest_code=00150&base_code=0010446&code=00102002448 HTTP/1.1" 200 439
180.169.147.146 - - [16/Feb/2023:11:42:31 +0800] "GET /xingrg/all/function/internal_message.html?_=1676518966054&CODE_STATE=getMsg HTTP/1.1" 200 27
124.78.159.25 - - [16/Feb/2023:11:42:32 +0800] "GET /xingrg/all/report/report_query.html?isQuery=1&fileName=kc/base/crk_detail_by_materiel.xml&queryString=&queryText=%25E3%2580%2590%25E4%25BB%2593%25E5%25BA%2593%25E5%2590%258D%25E7%25A7%25B0%253A%25E7%25A6%258F%25E5%2588%25A9%25E3%2580%2591%25E3%2580%2590%25E4%25B8%259A%25E5%258A%25A1%25E7%25B1%25BB%25E5%259E%258B%25EF%25BC%259A%25E6%2580%25BB%25E9%2583%25A8%25E9%2585%258D%25E9%2580%2581%25E3%2580%2591%2520%253F%253F%253F%253F%253F2023-01-01%253F%253F2023-01-31%2520%253F%253F%253F%253F%253F%253F%253F&tableQueryString=crk_table%2524sp1%2524order_day%2520between%252020230101%2520and%252020230131%2520and%2520(base_code%253D'0010434')%2520and%2520(src_order_type%2520in%2520(31))%2520and%2520(is_rk%2520in%2520(1))%2520and%2520(m.sort_code%253D'00102012') HTTP/1.1" 200 53805
124.78.159.25 - - [16/Feb/2023:11:42:32 +0800] "GET /xingrg/dwr/interface/AjaxReportQueryService.js HTTP/1.1" 200 13203
124.78.159.25 - - [16/Feb/2023:11:42:33 +0800] "GET /xingrg/dwr/engine.js HTTP/1.1" 200 43631
116.192.124.172 - - [16/Feb/2023:11:42:33 +0800] "GET /xingrg/all/function/internal_message.html?_=1676518967377&CODE_STATE=getMsg HTTP/1.1" 200 27
124.78.159.25 - - [16/Feb/2023:11:42:33 +0800] "POST /xingrg/all/report/load_report_page.html HTTP/1.1" 200 16010
124.78.159.25 - - [16/Feb/2023:11:42:33 +0800] "GET /xingrg/servlets/image?cache=0.5378274113445891&image=px HTTP/1.1" 200 807
116.230.105.139 - - [16/Feb/2023:11:42:34 +0800] "GET /xingrg/all/function/internal_message.html?_=1676518953021&CODE_STATE=getMsg HTTP/1.1" 200 27
116.238.139.35 - - [16/Feb/2023:11:42:36 +0800] "GET /xingrg/kc/base/wldb_order_operate.html?command=get_materiel&rest_code=00150&base_code=0010446&code=00102002006 HTTP/1.1" 200 469
116.235.93.82 - - [16/Feb/2023:11:42:37 +0800] "GET /xingrg/all/function/internal_message.html?_=1676519216066&CODE_STATE=getMsg HTTP/1.1" 200 27
124.78.159.25 - - [16/Feb/2023:11:42:39 +0800] "GET /xingrg/all/report/report_query.html?isQuery=1&fileName=kc/base/crk_detail_by_materiel.xml&queryString=&queryText=%25E3%2580%2590%25E4%25BB%2593%25E5%25BA%2593%25E5%2590%258D%25E7%25A7%25B0%253A%25E7%25A6%258F%25E5%2588%25A9%25E3%2580%2591%25E3%2580%2590%25E4%25B8%259A%25E5%258A%25A1%25E7%25B1%25BB%25E5%259E%258B%25EF%25BC%259A%25E6%2580%25BB%25E9%2583%25A8%25E9%2585%258D%25E9%2580%2581%25E3%2580%2591%2520%253F%253F%253F%253F%253F2023-01-01%253F%253F2023-01-31%2520%253F%253F%253F%253F%253F%253F%253F&tableQueryString=crk_table%2524sp1%2524order_day%2520between%252020230101%2520and%252020230131%2520and%2520(base_code%253D'0010434')%2520and%2520(src_order_type%2520in%2520(31))%2520and%2520(is_rk%2520in%2520(1))%2520and%2520(m.sort_code%253D'00102008') HTTP/1.1" 200 53805
124.78.159.25 - - [16/Feb/2023:11:42:39 +0800] "GET /xingrg/dwr/interface/AjaxReportQueryService.js HTTP/1.1" 200 13203
124.78.159.25 - - [16/Feb/2023:11:42:39 +0800] "GET /xingrg/dwr/engine.js HTTP/1.1" 200 43631
124.78.159.25 - - [16/Feb/2023:11:42:39 +0800] "POST /xingrg/all/report/load_report_page.html HTTP/1.1" 200 15988
124.78.159.25 - - [16/Feb/2023:11:42:39 +0800] "GET /xingrg/servlets/image?cache=0.905608086075875&image=px HTTP/1.1" 200 807
116.238.139.35 - - [16/Feb/2023:11:42:43 +0800] "GET /xingrg/kc/base/wldb_order_operate.html?command=get_materiel&rest_code=00150&base_code=0010446&code=00102001111 HTTP/1.1" 200 440
124.78.159.25 - - [16/Feb/2023:11:42:43 +0800] "GET /xingrg/all/report/report_query.html?isQuery=1&fileName=kc/base/crk_detail_by_materiel.xml&queryString=&queryText=%25E3%2580%2590%25E4%25BB%2593%25E5%25BA%2593%25E5%2590%258D%25E7%25A7%25B0%253A%25E7%25A6%258F%25E5%2588%25A9%25E3%2580%2591%25E3%2580%2590%25E4%25B8%259A%25E5%258A%25A1%25E7%25B1%25BB%25E5%259E%258B%25EF%25BC%259A%25E6%2580%25BB%25E9%2583%25A8%25E9%2585%258D%25E9%2580%2581%25E3%2580%2591%2520%253F%253F%253F%253F%253F2023-01-01%253F%253F2023-01-31%2520%253F%253F%253F%253F%253F%253F%253F&tableQueryString=crk_table%2524sp1%2524order_day%2520between%252020230101%2520and%252020230131%2520and%2520(base_code%253D'0010434')%2520and%2520(src_order_type%2520in%2520(31))%2520and%2520(is_rk%2520in%2520(1))%2520and%2520(m.sort_code%253D'00102003') HTTP/1.1" 200 53805
124.78.159.25 - - [16/Feb/2023:11:42:44 +0800] "GET /xingrg/dwr/interface/AjaxReportQueryService.js HTTP/1.1" 200 13203
124.78.159.25 - - [16/Feb/2023:11:42:44 +0800] "GET /xingrg/dwr/engine.js HTTP/1.1" 200 43631
124.78.159.25 - - [16/Feb/2023:11:42:44 +0800] "POST /xingrg/all/report/load_report_page.html HTTP/1.1" 200 16013
124.78.159.25 - - [16/Feb/2023:11:42:44 +0800] "GET /xingrg/servlets/image?cache=0.4592484964610145&image=px HTTP/1.1" 200 807
124.78.159.25 - - [16/Feb/2023:11:42:44 +0800] "POST /xingrg/kc/base/wldb_list_operate.html HTTP/1.1" 200 2980
124.78.159.25 - - [16/Feb/2023:11:42:45 +0800] "POST /xingrg/kc/base/wldb_list_operate.html HTTP/1.1" 200 361
124.78.159.25 - - [16/Feb/2023:11:42:46 +0800] "GET /xingrg/all/function/internal_message.html?_=1676518981563&CODE_STATE=getMsg HTTP/1.1" 200 27
116.238.139.35 - - [16/Feb/2023:11:42:47 +0800] "GET /xingrg/kc/base/wldb_order_operate.html?command=get_materiel&rest_code=00150&base_code=0010446&code=00102001046 HTTP/1.1" 200 439
116.235.93.82 - - [16/Feb/2023:11:42:47 +0800] "GET /xingrg/kc/buy/cgsh_order_add.html HTTP/1.1" 200 69880
116.235.93.82 - - [16/Feb/2023:11:42:48 +0800] "POST /xingrg/kc/buy/cgsh_order_operate.html HTTP/1.1" 200 8245
116.235.93.82 - - [16/Feb/2023:11:42:48 +0800] "GET /xingrg/javascript/easyui/themes/default/validatebox.css HTTP/1.1" 404 1104
180.163.30.27 - - [16/Feb/2023:11:42:48 +0800] "GET /xingrg/kc/base/wldb_order_operate.html?command=get_materiel&rest_code=00106&base_code=0010397&code=00102002347 HTTP/1.1" 302 -
180.163.30.27 - - [16/Feb/2023:11:42:48 +0800] "GET /xingrg/login.html HTTP/1.1" 200 7641
180.169.147.146 - - [16/Feb/2023:11:42:48 +0800] "GET /xingrg/all/function/internal_message.html?_=1676518976624&CODE_STATE=getMsg HTTP/1.1" 200 27
180.169.147.146 - - [16/Feb/2023:11:42:48 +0800] "GET /xingrg/check_reg.html?_=1676518976626 HTTP/1.1" 200 22
101.83.145.75 - - [16/Feb/2023:11:42:49 +0800] "GET /xingrg/all/function/internal_message.html?_=1676518984318&CODE_STATE=getMsg HTTP/1.1" 200 27
124.78.159.25 - - [16/Feb/2023:11:42:50 +0800] "GET /xingrg/kc/base/wldb_order_add.html HTTP/1.1" 200 30426
124.78.159.25 - - [16/Feb/2023:11:42:50 +0800] "POST /xingrg/kc/base/wldb_order_operate.html HTTP/1.1" 200 6806
124.78.159.25 - - [16/Feb/2023:11:42:50 +0800] "GET /xingrg/javascript/easyui/themes/default/validatebox.css HTTP/1.1" 404 1104
116.238.139.35 - - [16/Feb/2023:11:42:51 +0800] "GET /xingrg/kc/base/wldb_order_operate.html?command=get_materiel&rest_code=00150&base_code=0010446&code=00102001031 HTTP/1.1" 200 440
124.78.159.25 - - [16/Feb/2023:11:42:52 +0800] "POST /xingrg/all/common/load_combo.html?type=base HTTP/1.1" 200 3227
101.229.22.234 - - [16/Feb/2023:11:42:54 +0800] "GET /xingrg/check_reg.html?_=1676518989284 HTTP/1.1" 200 22
101.229.22.234 - - [16/Feb/2023:11:42:54 +0800] "GET /xingrg/all/function/internal_message.html?_=1676518989288&CODE_STATE=getMsg HTTP/1.1" 200 27
180.162.114.226 - - [16/Feb/2023:11:42:54 +0800] "GET /xingrg/all/function/internal_message.html?_=1676517929480&CODE_STATE=getMsg HTTP/1.1" 200 27
124.78.159.25 - - [16/Feb/2023:11:42:55 +0800] "POST /xingrg/all/common/load_combo.html?type=base HTTP/1.1" 200 3227
222.67.238.61 - - [16/Feb/2023:11:42:59 +0800] "GET /xingrg/all/function/internal_message.html?_=1676518558976&CODE_STATE=getMsg HTTP/1.1" 200 27
124.78.159.25 - - [16/Feb/2023:11:43:00 +0800] "GET /xingrg/kc/base/wldb_order_operate.html?command=get_materiel&rest_code=00106&base_code=0010397&code=00102002128 HTTP/1.1" 200 434
116.238.139.35 - - [16/Feb/2023:11:43:04 +0800] "POST /xingrg/kc/base/wldb_order_operate.html HTTP/1.1" 200 37
124.79.72.155 - - [16/Feb/2023:11:43:06 +0800] "GET /xingrg/all/function/internal_message.html?_=1676519003424&CODE_STATE=getMsg HTTP/1.1" 200 27
58.40.7.146 - - [16/Feb/2023:11:43:06 +0800] "GET /xingrg/all/function/internal_message.html?_=1676519000786&CODE_STATE=getMsg HTTP/1.1" 200 27
120.253.135.82 - - [16/Feb/2023:11:43:06 +0800] "GET /xingrg/all/function/internal_message.html?_=1676519126927&CODE_STATE=getMsg HTTP/1.1" 200 27
221.239.170.112 - - [16/Feb/2023:11:43:07 +0800] "GET /xingrg/all/function/internal_message.html?_=1676519001821&CODE_STATE=getMsg HTTP/1.1" 200 27
116.238.139.35 - - [16/Feb/2023:11:43:07 +0800] "POST /xingrg/kc/base/wldb_order_operate.html HTTP/1.1" 200 12
116.238.139.35 - - [16/Feb/2023:11:43:07 +0800] "POST /xingrg/kc/base/wldb_order_operate.html HTTP/1.1" 200 3645
120.253.135.82 - - [16/Feb/2023:11:43:11 +0800] "GET /xingrg/all/function/internal_message.html?_=1676518827826&CODE_STATE=getMsg HTTP/1.1" 200 27
124.78.159.25 - - [16/Feb/2023:11:43:11 +0800] "GET /xingrg/kc/base/wldb_order_operate.html?command=get_materiel&rest_code=00106&base_code=0010397&code=00102002561 HTTP/1.1" 200 452
124.78.159.25 - - [16/Feb/2023:11:43:12 +0800] "GET /xingrg/all/function/internal_message.html?_=1676519003994&CODE_STATE=getMsg HTTP/1.1" 200 27
180.169.147.146 - - [16/Feb/2023:11:43:12 +0800] "GET /xingrg/check_reg.html?_=1676519005840 HTTP/1.1" 200 22
218.81.220.34 - - [16/Feb/2023:11:43:13 +0800] "GET /xingrg/all/function/internal_message.html?_=1676519022843&CODE_STATE=getMsg HTTP/1.1" 200 27
124.78.159.25 - - [16/Feb/2023:11:43:13 +0800] "GET /xingrg/dwr/interface/AjaxReportQueryService.js HTTP/1.1" 200 13203
124.78.159.25 - - [16/Feb/2023:11:43:13 +0800] "GET /xingrg/all/report/report_query.html?isQuery=1&onlyBody=1&rh=99999&varString=cost_id:4088,rk_cost:cgsh_rk_money-cgth_ck_money$add$pssh_rk_money-psth_ck_money$add$yddb_rk_money$add$qt_rk_money$add$wldb_rk_money$add$check_rk_money,ck_cost:cgsh_rk_money-cgth_ck_money$add$pssh_rk_money-psth_ck_money$add$yddb_rk_money$add$qt_rk_money$add$wldb_rk_money$add$check_rk_money,rk_nums:cgsh_rk_number-cgth_ck_number$add$pssh_rk_number-psth_ck_number$add$yddb_rk_number$add$qt_rk_number$add$wldb_rk_number$add$check_rk_number,ck_nums:cgsh_rk_number-cgth_ck_number$add$pssh_rk_number-psth_ck_number$add$yddb_rk_number$add$qt_rk_number$add$wldb_rk_number$add$check_rk_number&fileName=kc/cost/crk_define_by_base.xml&queryString=%20a.base_code%20in%20('0010434')%20%20and%20m.sort_code%20in%20('00101001','00101002','00101003','00101004','00101005','00101006','00101007','00101008','00101009','00101010','00101011','00101012','00101013','00101014','00101015','00101016','00101017','00101018','00101019','00101020','00101021','00101022','00101023','00101024','00101025','00101026','00101027','00101028','00101029','00101030','00101031','00101032','00101033','00101034','00101036','00101037','00101038','00101039','00101040','00101041','00101042','00101043','00102001','00102002','00102003','00102004','00102005','00102006','00102007','00102008','00102009','00102010','00102011','00102012','00102013','00102014','00102015','00102016','00102017','00102018','00102019','00102020','00102021','00102022','00102023','00102024','00102025','00102026','00102027','00102028','00102029','00102030','00102031','00102032','00102033','00102034','00102035','00102036')%20&queryText=Ô·ݣº2023Äê1ÔÂ%20²Ö¿â£º¸£Àû&tableQueryString=materiel_table$sp1$$sp$before_table$sp1$$sp$crk_table$sp1$order_day%20between%2020230101%20and%2020230131 HTTP/1.1" 200 49979
124.78.159.25 - - [16/Feb/2023:11:43:13 +0800] "GET /xingrg/dwr/engine.js HTTP/1.1" 200 43631
124.78.159.25 - - [16/Feb/2023:11:43:15 +0800] "POST /xingrg/all/report/load_report_page.html HTTP/1.1" 200 19948
124.78.159.25 - - [16/Feb/2023:11:43:15 +0800] "GET /xingrg/servlets/image?cache=0.49024953659247905&image=px HTTP/1.1" 200 807
116.238.139.35 - - [16/Feb/2023:11:43:15 +0800] "GET /xingrg/kc/base/wldb_order_info.html?code=422023021601149 HTTP/1.1" 200 26307
116.238.139.35 - - [16/Feb/2023:11:43:15 +0800] "GET /xingrg/javascript/easyui/themes/default/validatebox.css HTTP/1.1" 404 1104
116.238.139.35 - - [16/Feb/2023:11:43:15 +0800] "POST /xingrg/kc/base/wldb_order_operate.html HTTP/1.1" 200 1906
116.238.139.35 - - [16/Feb/2023:11:43:17 +0800] "GET /xingrg/kc/base/wldb_order_add.html HTTP/1.1" 200 30428
116.238.139.35 - - [16/Feb/2023:11:43:17 +0800] "POST /xingrg/kc/base/wldb_order_operate.html HTTP/1.1" 200 6806
116.238.139.35 - - [16/Feb/2023:11:43:18 +0800] "GET /xingrg/javascript/easyui/themes/default/validatebox.css HTTP/1.1" 404 1104
116.238.139.35 - - [16/Feb/2023:11:43:19 +0800] "GET /xingrg/all/function/internal_message.html?_=1676519013888&CODE_STATE=getMsg HTTP/1.1" 200 27
222.70.177.73 - - [16/Feb/2023:11:43:19 +0800] "GET /xingrg/all/function/internal_message.html?_=1676519012315&CODE_STATE=getMsg HTTP/1.1" 200 27
124.78.159.25 - - [16/Feb/2023:11:43:19 +0800] "GET /xingrg/kc/base/wldb_order_operate.html?command=get_materiel&rest_code=00106&base_code=0010397&code=00102002568 HTTP/1.1" 200 447
180.165.52.237 - - [16/Feb/2023:11:43:23 +0800] "GET /xingrg/all/function/internal_message.html?_=1676519018563&CODE_STATE=getMsg HTTP/1.1" 200 27
116.238.139.35 - - [16/Feb/2023:11:43:23 +0800] "GET /xingrg/kc/base/wldb_order_operate.html?command=get_materiel&rest_code=00150&base_code=0010445&code=00101016019 HTTP/1.1" 200 451
124.78.159.25 - - [16/Feb/2023:11:43:25 +0800] "GET /xingrg/kc/base/wldb_order_operate.html?command=get_materiel&rest_code=00106&base_code=0010397&code=00102002610 HTTP/1.1" 200 443
116.235.93.82 - - [16/Feb/2023:11:43:26 +0800] "GET /xingrg/all/function/internal_message.html?_=1676519018695&CODE_STATE=getMsg HTTP/1.1" 200 27
114.83.218.175 - - [16/Feb/2023:11:43:26 +0800] "GET /xingrg/all/function/internal_message.html?_=1676519020844&CODE_STATE=getMsg HTTP/1.1" 200 27
116.235.93.82 - - [16/Feb/2023:11:43:28 +0800] "GET /xingrg/kc/buy/cgsh_order_operate.html?command=get_materiel&rest_code=00104&code=00101012026&supplier_code=00100036&order_time=2023-02-15 HTTP/1.1" 200 408
124.78.159.25 - - [16/Feb/2023:11:43:30 +0800] "POST /xingrg/kc/base/wldb_order_operate.html HTTP/1.1" 200 37
124.78.159.25 - - [16/Feb/2023:11:43:30 +0800] "POST /xingrg/kc/base/wldb_order_operate.html HTTP/1.1" 200 3151
124.78.159.25 - - [16/Feb/2023:11:43:30 +0800] "GET /xingrg/kc/base/wldb_order_info.html?code=422023021601150 HTTP/1.1" 200 30440
180.169.147.146 - - [16/Feb/2023:11:43:31 +0800] "GET /xingrg/all/function/internal_message.html?_=1676519026054&CODE_STATE=getMsg HTTP/1.1" 200 27
124.78.159.25 - - [16/Feb/2023:11:43:31 +0800] "GET /xingrg/words/20230216110007_words.js HTTP/1.1" 304 -
116.238.139.35 - - [16/Feb/2023:11:43:31 +0800] "GET /xingrg/kc/base/wldb_order_operate.html?command=get_materiel&rest_code=00150&base_code=0010445&code=00101016094 HTTP/1.1" 200 470
124.78.159.25 - - [16/Feb/2023:11:43:31 +0800] "GET /xingrg/javascript/easyui/themes/default/validatebox.css HTTP/1.1" 404 1104
124.78.159.25 - - [16/Feb/2023:11:43:31 +0800] "POST /xingrg/kc/base/wldb_order_operate.html HTTP/1.1" 200 3151
116.238.139.35 - - [16/Feb/2023:11:43:32 +0800] "POST /xingrg/all/common/load_select.html HTTP/1.1" 200 25
116.192.124.172 - - [16/Feb/2023:11:43:33 +0800] "GET /xingrg/all/function/internal_message.html?_=1676519027353&CODE_STATE=getMsg HTTP/1.1" 200 27
116.238.139.35 - - [16/Feb/2023:11:43:34 +0800] "GET /xingrg/kc/base/wldb_order_operate.html?command=get_materiel_price&rest_code=00150&base_code=0010445&code=00101016094&unit_code=00100161 HTTP/1.1" 200 37
116.230.105.139 - - [16/Feb/2023:11:43:34 +0800] "GET /xingrg/all/function/internal_message.html?_=1676519013031&CODE_STATE=getMsg HTTP/1.1" 200 27
124.78.159.25 - - [16/Feb/2023:11:43:36 +0800] "GET /xingrg/kc/base/wldb_order_add.html HTTP/1.1" 200 30426
124.78.159.25 - - [16/Feb/2023:11:43:36 +0800] "POST /xingrg/kc/base/wldb_order_operate.html HTTP/1.1" 200 6806
124.78.159.25 - - [16/Feb/2023:11:43:37 +0800] "GET /xingrg/javascript/easyui/themes/default/validatebox.css HTTP/1.1" 404 1104
116.235.93.82 - - [16/Feb/2023:11:43:37 +0800] "GET /xingrg/all/function/internal_message.html?_=1676519276062&CODE_STATE=getMsg HTTP/1.1" 200 27
124.78.159.25 - - [16/Feb/2023:11:43:38 +0800] "POST /xingrg/all/common/load_combo.html?type=base HTTP/1.1" 200 3227
116.238.139.35 - - [16/Feb/2023:11:43:42 +0800] "GET /xingrg/kc/base/wldb_order_operate.html?command=get_materiel&rest_code=00150&base_code=0010445&code=00101019063 HTTP/1.1" 200 462
124.78.159.25 - - [16/Feb/2023:11:43:45 +0800] "POST /xingrg/all/common/load_combo.html?type=base HTTP/1.1" 200 3227
124.78.159.25 - - [16/Feb/2023:11:43:46 +0800] "GET /xingrg/all/function/internal_message.html?_=1676519041571&CODE_STATE=getMsg HTTP/1.1" 200 27
116.235.93.82 - - [16/Feb/2023:11:43:48 +0800] "GET /xingrg/kc/buy/cgsh_order_operate.html?command=get_materiel&rest_code=00104&code=00101011001&supplier_code=00100036&order_time=2023-02-15 HTTP/1.1" 200 423
180.169.147.146 - - [16/Feb/2023:11:43:48 +0800] "GET /xingrg/all/function/internal_message.html?_=1676519036624&CODE_STATE=getMsg HTTP/1.1" 200 27
101.83.145.75 - - [16/Feb/2023:11:43:49 +0800] "GET /xingrg/all/function/internal_message.html?_=1676519044317&CODE_STATE=getMsg HTTP/1.1" 200 27
101.83.145.75 - - [16/Feb/2023:11:43:49 +0800] "GET /xingrg/check_reg.html?_=1676519044320 HTTP/1.1" 200 22
116.238.139.35 - - [16/Feb/2023:11:43:50 +0800] "GET /xingrg/kc/base/wldb_order_operate.html?command=get_materiel&rest_code=00150&base_code=0010445&code=00101019535 HTTP/1.1" 200 477
101.229.22.234 - - [16/Feb/2023:11:43:54 +0800] "GET /xingrg/all/function/internal_message.html?_=1676519049273&CODE_STATE=getMsg HTTP/1.1" 200 27
180.162.114.226 - - [16/Feb/2023:11:43:54 +0800] "GET /xingrg/all/function/internal_message.html?_=1676517989450&CODE_STATE=getMsg HTTP/1.1" 200 27
116.238.139.35 - - [16/Feb/2023:11:43:58 +0800] "GET /xingrg/kc/base/wldb_order_operate.html?command=get_materiel&rest_code=00150&base_code=0010445&code=00101019450 HTTP/1.1" 200 482
222.67.238.61 - - [16/Feb/2023:11:43:59 +0800] "GET /xingrg/all/function/internal_message.html?_=1676518618974&CODE_STATE=getMsg HTTP/1.1" 200 27
116.235.93.82 - - [16/Feb/2023:11:44:01 +0800] "POST /xingrg/kc/buy/cgsh_order_operate.html HTTP/1.1" 200 37
116.235.93.82 - - [16/Feb/2023:11:44:03 +0800] "POST /xingrg/kc/buy/cgsh_order_operate.html HTTP/1.1" 200 3252
116.235.93.82 - - [16/Feb/2023:11:44:04 +0800] "GET /xingrg/kc/print/load_data.html?order_code=212023021605190&kc_code=cgsh&condition= HTTP/1.1" 200 990
124.78.159.25 - - [16/Feb/2023:11:44:04 +0800] "GET /xingrg/check_reg.html?_=1676519056673 HTTP/1.1" 200 22
124.78.159.25 - - [16/Feb/2023:11:44:06 +0800] "GET /xingrg/kc/base/wldb_order_operate.html?command=get_materiel&rest_code=00106&base_code=0010397&code=00102002453 HTTP/1.1" 200 433
124.79.72.155 - - [16/Feb/2023:11:44:06 +0800] "GET /xingrg/all/function/internal_message.html?_=1676519063427&CODE_STATE=getMsg HTTP/1.1" 200 27
58.40.7.146 - - [16/Feb/2023:11:44:06 +0800] "GET /xingrg/all/function/internal_message.html?_=1676519060798&CODE_STATE=getMsg HTTP/1.1" 200 27
58.40.7.146 - - [16/Feb/2023:11:44:06 +0800] "GET /xingrg/check_reg.html?_=1676519060799 HTTP/1.1" 200 22
120.253.135.82 - - [16/Feb/2023:11:44:06 +0800] "GET /xingrg/all/function/internal_message.html?_=1676519186932&CODE_STATE=getMsg HTTP/1.1" 200 27
120.253.135.82 - - [16/Feb/2023:11:44:06 +0800] "GET /xingrg/check_reg.html?_=1676519186934 HTTP/1.1" 200 22
221.239.170.112 - - [16/Feb/2023:11:44:06 +0800] "GET /xingrg/all/function/internal_message.html?_=1676519061793&CODE_STATE=getMsg HTTP/1.1" 200 27
222.70.177.73 - - [16/Feb/2023:11:44:07 +0800] "POST /xingrg/services/DataTransmitService HTTP/1.1" 200 524
222.70.177.73 - - [16/Feb/2023:11:44:07 +0800] "GET /xingrg/kc/base/wldb_order_list.html HTTP/1.1" 200 19139
222.70.177.73 - - [16/Feb/2023:11:44:08 +0800] "POST /xingrg/kc/base/wldb_list_operate.html HTTP/1.1" 200 2162
222.70.177.73 - - [16/Feb/2023:11:44:08 +0800] "POST /xingrg/services/DataTransmitService HTTP/1.1" 200 412
116.235.93.82 - - [16/Feb/2023:11:44:10 +0800] "GET /xingrg/kc/buy/cgsh_order_add.html HTTP/1.1" 200 69880
