120.253.135.82 - - [14/Feb/2023:10:29:40 +0800] "GET /xingrg/all/function/internal_message.html?_=1676341922942&CODE_STATE=getMsg HTTP/1.1" 200 27
218.81.220.34 - - [14/Feb/2023:10:29:43 +0800] "GET /xingrg/all/function/internal_message.html?_=1676341806083&CODE_STATE=getMsg HTTP/1.1" 200 27
114.83.222.182 - - [14/Feb/2023:10:29:44 +0800] "GET /xingrg/all/function/internal_message.html?_=1676341908952&CODE_STATE=getMsg HTTP/1.1" 200 27
180.169.147.146 - - [14/Feb/2023:10:29:45 +0800] "GET /xingrg/all/function/internal_message.html?_=1676341801830&CODE_STATE=getMsg HTTP/1.1" 200 27
116.237.79.73 - - [14/Feb/2023:10:29:46 +0800] "GET /xingrg/all/function/internal_message.html?_=1676341800003&CODE_STATE=getMsg HTTP/1.1" 200 27
180.163.29.103 - - [14/Feb/2023:10:29:46 +0800] "GET /xingrg/all/function/internal_message.html?_=1676341740030&CODE_STATE=getMsg HTTP/1.1" 302 -
116.238.139.35 - - [14/Feb/2023:10:29:46 +0800] "POST /xingrg/dwr/call/plaincall/AjaxQqpsService.getMaterielByCode.dwr HTTP/1.1" 200 3847
180.163.29.103 - - [14/Feb/2023:10:29:46 +0800] "GET /xingrg/login.html HTTP/1.1" 200 7641
116.238.139.35 - - [14/Feb/2023:10:29:49 +0800] "POST /xingrg/dwr/call/plaincall/AjaxQqpsService.saveMaterielItem.dwr HTTP/1.1" 200 79
116.238.139.35 - - [14/Feb/2023:10:29:53 +0800] "POST /xingrg/dwr/call/plaincall/AjaxQqpsService.getMaterielByCode.dwr HTTP/1.1" 200 3839
116.238.139.35 - - [14/Feb/2023:10:29:55 +0800] "POST /xingrg/dwr/call/plaincall/AjaxQqpsService.saveMaterielItem.dwr HTTP/1.1" 200 79
221.239.170.112 - - [14/Feb/2023:10:30:02 +0800] "GET /xingrg/all/function/internal_message.html?_=1676341818171&CODE_STATE=getMsg HTTP/1.1" 200 27
116.238.139.35 - - [14/Feb/2023:10:30:02 +0800] "POST /xingrg/dwr/call/plaincall/AjaxQqpsService.getMaterielByCode.dwr HTTP/1.1" 200 3832
116.238.139.35 - - [14/Feb/2023:10:30:04 +0800] "POST /xingrg/dwr/call/plaincall/AjaxQqpsService.saveMaterielItem.dwr HTTP/1.1" 200 79
58.221.95.50 - - [14/Feb/2023:10:30:08 +0800] "GET /xingrg/all/function/internal_message.html?_=1676341824737&CODE_STATE=getMsg HTTP/1.1" 302 -
116.238.139.35 - - [14/Feb/2023:10:30:10 +0800] "GET /xingrg/all/function/internal_message.html?_=1676341827863&CODE_STATE=getMsg HTTP/1.1" 200 27
116.238.139.35 - - [14/Feb/2023:10:30:11 +0800] "POST /xingrg/dwr/call/plaincall/AjaxQqpsService.getMaterielByCode.dwr HTTP/1.1" 200 3852
116.238.139.35 - - [14/Feb/2023:10:30:13 +0800] "POST /xingrg/dwr/call/plaincall/AjaxQqpsService.saveMaterielItem.dwr HTTP/1.1" 200 79
101.83.145.75 - - [14/Feb/2023:10:30:14 +0800] "GET /xingrg/all/function/internal_message.html?_=1676341832140&CODE_STATE=getMsg HTTP/1.1" 200 27
101.229.22.234 - - [14/Feb/2023:10:30:20 +0800] "GET /xingrg/all/function/internal_message.html?_=1676341836468&CODE_STATE=getMsg HTTP/1.1" 200 27
116.238.139.35 - - [14/Feb/2023:10:30:21 +0800] "POST /xingrg/dwr/call/plaincall/AjaxQqpsService.getMaterielByCode.dwr HTTP/1.1" 200 3843
116.238.139.35 - - [14/Feb/2023:10:30:23 +0800] "POST /xingrg/dwr/call/plaincall/AjaxQqpsService.saveMaterielItem.dwr HTTP/1.1" 200 79
116.192.124.172 - - [14/Feb/2023:10:30:26 +0800] "GET /xingrg/all/function/internal_message.html?_=1676341841585&CODE_STATE=getMsg HTTP/1.1" 200 27
116.238.139.35 - - [14/Feb/2023:10:30:29 +0800] "POST /xingrg/dwr/call/plaincall/AjaxQqpsService.getMaterielByCode.dwr HTTP/1.1" 200 3860
116.238.139.35 - - [14/Feb/2023:10:30:30 +0800] "POST /xingrg/dwr/call/plaincall/AjaxQqpsService.saveMaterielItem.dwr HTTP/1.1" 200 79
116.230.105.139 - - [14/Feb/2023:10:30:33 +0800] "GET /xingrg/all/function/internal_message.html?_=1676341837084&CODE_STATE=getMsg HTTP/1.1" 200 27
172.20.0.100 - - [14/Feb/2023:10:30:35 +0800] "GET /xingrg/all/function/internal_message.html?_=1676341850797&CODE_STATE=getMsg HTTP/1.1" 200 27
222.70.177.73 - - [14/Feb/2023:10:30:35 +0800] "GET /xingrg/all/function/internal_message.html?_=1676341850794&CODE_STATE=getMsg HTTP/1.1" 200 27
116.238.139.35 - - [14/Feb/2023:10:30:37 +0800] "POST /xingrg/dwr/call/plaincall/AjaxQqpsService.getMaterielByCode.dwr HTTP/1.1" 200 3832
116.238.139.35 - - [14/Feb/2023:10:30:40 +0800] "POST /xingrg/dwr/call/plaincall/AjaxQqpsService.saveMaterielItem.dwr HTTP/1.1" 200 79
120.253.135.82 - - [14/Feb/2023:10:30:40 +0800] "GET /xingrg/all/function/internal_message.html?_=1676341982942&CODE_STATE=getMsg HTTP/1.1" 200 27
218.81.220.34 - - [14/Feb/2023:10:30:43 +0800] "GET /xingrg/all/function/internal_message.html?_=1676341866095&CODE_STATE=getMsg HTTP/1.1" 200 27
114.83.222.182 - - [14/Feb/2023:10:30:44 +0800] "GET /xingrg/all/function/internal_message.html?_=1676341968953&CODE_STATE=getMsg HTTP/1.1" 200 27
180.169.147.146 - - [14/Feb/2023:10:30:45 +0800] "GET /xingrg/all/function/internal_message.html?_=1676341861803&CODE_STATE=getMsg HTTP/1.1" 200 27
116.237.79.73 - - [14/Feb/2023:10:30:45 +0800] "GET /xingrg/all/function/internal_message.html?_=1676341859979&CODE_STATE=getMsg HTTP/1.1" 200 27
180.163.29.103 - - [14/Feb/2023:10:30:46 +0800] "GET /xingrg/all/function/internal_message.html?_=1676341800003&CODE_STATE=getMsg HTTP/1.1" 302 -
180.163.29.103 - - [14/Feb/2023:10:30:46 +0800] "GET /xingrg/login.html HTTP/1.1" 200 7641
116.238.139.35 - - [14/Feb/2023:10:30:47 +0800] "POST /xingrg/dwr/call/plaincall/AjaxQqpsService.getMaterielByCode.dwr HTTP/1.1" 200 3855
116.238.139.35 - - [14/Feb/2023:10:30:49 +0800] "POST /xingrg/dwr/call/plaincall/AjaxQqpsService.saveMaterielItem.dwr HTTP/1.1" 200 79
116.238.139.35 - - [14/Feb/2023:10:30:55 +0800] "POST /xingrg/dwr/call/plaincall/AjaxQqpsService.getMaterielByCode.dwr HTTP/1.1" 200 3798
116.238.139.35 - - [14/Feb/2023:10:30:58 +0800] "POST /xingrg/dwr/call/plaincall/AjaxQqpsService.saveMaterielItem.dwr HTTP/1.1" 200 79
221.239.170.112 - - [14/Feb/2023:10:31:02 +0800] "GET /xingrg/all/function/internal_message.html?_=1676341878157&CODE_STATE=getMsg HTTP/1.1" 200 27
116.238.139.35 - - [14/Feb/2023:10:31:03 +0800] "POST /xingrg/dwr/call/plaincall/AjaxQqpsService.checkOrder.dwr HTTP/1.1" 200 79
116.238.139.35 - - [14/Feb/2023:10:31:05 +0800] "GET /xingrg/kc/mdqp/qqps_order_info.html?code=302023021400236 HTTP/1.1" 200 26563
116.238.139.35 - - [14/Feb/2023:10:31:05 +0800] "GET /xingrg/dwr/interface/AjaxComOrderService.js HTTP/1.1" 200 18264
116.238.139.35 - - [14/Feb/2023:10:31:05 +0800] "GET /xingrg/dwr/engine.js HTTP/1.1" 200 43631
116.238.139.35 - - [14/Feb/2023:10:31:05 +0800] "GET /xingrg/dwr/interface/AjaxQqpsService.js HTTP/1.1" 200 16326
116.238.139.35 - - [14/Feb/2023:10:31:06 +0800] "POST /xingrg/dwr/call/plaincall/AjaxQqpsService.loadMaterielItems.dwr HTTP/1.1" 200 4382
116.238.139.35 - - [14/Feb/2023:10:31:08 +0800] "GET /xingrg/kc/base/wldb_order_list.html HTTP/1.1" 200 19145
58.221.95.50 - - [14/Feb/2023:10:31:08 +0800] "GET /xingrg/all/function/internal_message.html?_=1676341884720&CODE_STATE=getMsg HTTP/1.1" 302 -
116.238.139.35 - - [14/Feb/2023:10:31:08 +0800] "POST /xingrg/kc/base/wldb_list_operate.html HTTP/1.1" 200 928
116.238.139.35 - - [14/Feb/2023:10:31:09 +0800] "GET /xingrg/kc/base/wldb_order_add.html HTTP/1.1" 200 30428
116.238.139.35 - - [14/Feb/2023:10:31:10 +0800] "GET /xingrg/all/function/internal_message.html?_=1676341888025&CODE_STATE=getMsg HTTP/1.1" 200 27
116.238.139.35 - - [14/Feb/2023:10:31:10 +0800] "GET /xingrg/javascript/easyui/themes/default/validatebox.css HTTP/1.1" 404 1104
116.238.139.35 - - [14/Feb/2023:10:31:10 +0800] "POST /xingrg/kc/base/wldb_order_operate.html HTTP/1.1" 200 6806
101.83.145.75 - - [14/Feb/2023:10:31:14 +0800] "GET /xingrg/all/function/internal_message.html?_=1676341892111&CODE_STATE=getMsg HTTP/1.1" 200 27
101.229.22.234 - - [14/Feb/2023:10:31:20 +0800] "GET /xingrg/check_reg.html?_=1676341896478 HTTP/1.1" 200 22
101.229.22.234 - - [14/Feb/2023:10:31:20 +0800] "GET /xingrg/all/function/internal_message.html?_=1676341896481&CODE_STATE=getMsg HTTP/1.1" 200 27
116.238.139.35 - - [14/Feb/2023:10:31:24 +0800] "GET /xingrg/kc/base/wldb_order_operate.html?command=get_materiel&rest_code=00150&base_code=0010446&code=00102002562 HTTP/1.1" 200 461
116.192.124.172 - - [14/Feb/2023:10:31:26 +0800] "GET /xingrg/all/function/internal_message.html?_=1676341901591&CODE_STATE=getMsg HTTP/1.1" 200 27
116.238.139.35 - - [14/Feb/2023:10:31:28 +0800] "GET /xingrg/kc/base/wldb_order_operate.html?command=get_materiel&rest_code=00150&base_code=0010446&code=00102002321 HTTP/1.1" 200 447
116.230.105.139 - - [14/Feb/2023:10:31:33 +0800] "GET /xingrg/all/function/internal_message.html?_=1676341897078&CODE_STATE=getMsg HTTP/1.1" 200 27
114.83.222.182 - - [14/Feb/2023:10:31:34 +0800] "GET /xingrg/check_reg.html?_=1676342019412 HTTP/1.1" 200 22
172.20.0.100 - - [14/Feb/2023:10:31:35 +0800] "GET /xingrg/all/function/internal_message.html?_=1676341910799&CODE_STATE=getMsg HTTP/1.1" 200 27
222.70.177.73 - - [14/Feb/2023:10:31:35 +0800] "GET /xingrg/all/function/internal_message.html?_=1676341910775&CODE_STATE=getMsg HTTP/1.1" 200 27
116.238.139.35 - - [14/Feb/2023:10:31:39 +0800] "POST /xingrg/kc/base/wldb_order_operate.html HTTP/1.1" 200 37
120.253.135.82 - - [14/Feb/2023:10:31:40 +0800] "GET /xingrg/all/function/internal_message.html?_=1676342042946&CODE_STATE=getMsg HTTP/1.1" 200 27
218.81.220.34 - - [14/Feb/2023:10:31:42 +0800] "GET /xingrg/check_reg.html?_=1676341924728 HTTP/1.1" 200 22
116.237.79.73 - - [14/Feb/2023:10:31:43 +0800] "GET /xingrg/check_reg.html?_=1676341917052 HTTP/1.1" 200 22
218.81.220.34 - - [14/Feb/2023:10:31:43 +0800] "GET /xingrg/all/function/internal_message.html?_=1676341926109&CODE_STATE=getMsg HTTP/1.1" 200 27
114.83.222.182 - - [14/Feb/2023:10:31:44 +0800] "GET /xingrg/all/function/internal_message.html?_=1676342028931&CODE_STATE=getMsg HTTP/1.1" 200 27
116.238.139.35 - - [14/Feb/2023:10:31:45 +0800] "POST /xingrg/kc/base/wldb_order_operate.html HTTP/1.1" 200 12
116.238.139.35 - - [14/Feb/2023:10:31:45 +0800] "POST /xingrg/kc/base/wldb_order_operate.html HTTP/1.1" 200 2196
180.169.147.146 - - [14/Feb/2023:10:31:45 +0800] "GET /xingrg/all/function/internal_message.html?_=1676341921783&CODE_STATE=getMsg HTTP/1.1" 200 27
116.237.79.73 - - [14/Feb/2023:10:31:45 +0800] "GET /xingrg/all/function/internal_message.html?_=1676341919958&CODE_STATE=getMsg HTTP/1.1" 200 27
180.163.28.143 - - [14/Feb/2023:10:31:46 +0800] "GET /xingrg/all/function/internal_message.html?_=1676341859979&CODE_STATE=getMsg HTTP/1.1" 302 -
180.163.28.143 - - [14/Feb/2023:10:31:46 +0800] "GET /xingrg/login.html HTTP/1.1" 200 7641
116.238.139.35 - - [14/Feb/2023:10:31:49 +0800] "GET /xingrg/kc/base/wldb_order_info.html?code=422023021401007 HTTP/1.1" 200 26304
116.238.139.35 - - [14/Feb/2023:10:31:50 +0800] "GET /xingrg/javascript/easyui/themes/default/validatebox.css HTTP/1.1" 404 1104
116.238.139.35 - - [14/Feb/2023:10:31:50 +0800] "POST /xingrg/kc/base/wldb_order_operate.html HTTP/1.1" 200 490
116.238.139.35 - - [14/Feb/2023:10:31:53 +0800] "GET /xingrg/kc/base/wldb_order_add.html HTTP/1.1" 200 30428
116.238.139.35 - - [14/Feb/2023:10:31:53 +0800] "POST /xingrg/kc/base/wldb_order_operate.html HTTP/1.1" 200 6806
116.238.139.35 - - [14/Feb/2023:10:31:53 +0800] "GET /xingrg/javascript/easyui/themes/default/validatebox.css HTTP/1.1" 404 1104
221.239.170.112 - - [14/Feb/2023:10:32:02 +0800] "GET /xingrg/all/function/internal_message.html?_=1676341938146&CODE_STATE=getMsg HTTP/1.1" 200 27
58.221.95.50 - - [14/Feb/2023:10:32:08 +0800] "GET /xingrg/all/function/internal_message.html?_=1676341944707&CODE_STATE=getMsg HTTP/1.1" 302 -
58.221.95.50 - - [14/Feb/2023:10:32:08 +0800] "GET /xingrg/check_reg.html?_=1676341945178 HTTP/1.1" 302 -
116.238.139.35 - - [14/Feb/2023:10:32:10 +0800] "GET /xingrg/all/function/internal_message.html?_=1676341948009&CODE_STATE=getMsg HTTP/1.1" 200 27
101.93.220.207 - - [14/Feb/2023:10:32:13 +0800] "GET /favicon.ico HTTP/1.1" 404 -
101.83.145.75 - - [14/Feb/2023:10:32:14 +0800] "GET /xingrg/all/function/internal_message.html?_=1676341952085&CODE_STATE=getMsg HTTP/1.1" 200 27
58.35.212.231 - - [14/Feb/2023:10:32:18 +0800] "POST /xingrg/services/DataTransmitService HTTP/1.1" 200 524
58.35.212.231 - - [14/Feb/2023:10:32:19 +0800] "POST /xingrg/services/DataTransmitService HTTP/1.1" 200 2147
58.35.212.231 - - [14/Feb/2023:10:32:19 +0800] "POST /xingrg/services/DataTransmitService HTTP/1.1" 200 524
58.35.212.231 - - [14/Feb/2023:10:32:20 +0800] "POST /xingrg/services/DataTransmitService HTTP/1.1" 200 2147
101.229.22.234 - - [14/Feb/2023:10:32:20 +0800] "GET /xingrg/all/function/internal_message.html?_=1676341956477&CODE_STATE=getMsg HTTP/1.1" 200 27
58.35.212.231 - - [14/Feb/2023:10:32:20 +0800] "POST /xingrg/services/DataTransmitService HTTP/1.1" 200 524
58.35.212.231 - - [14/Feb/2023:10:32:21 +0800] "POST /xingrg/services/DataTransmitService HTTP/1.1" 200 2147
101.229.22.234 - - [14/Feb/2023:10:32:22 +0800] "POST /xingrg/dwr/call/plaincall/AjaxComOrderService.getMaterielSearchList.dwr HTTP/1.1" 200 557
58.35.212.231 - - [14/Feb/2023:10:32:23 +0800] "POST /xingrg/services/DataTransmitService HTTP/1.1" 200 524
101.229.22.234 - - [14/Feb/2023:10:32:23 +0800] "POST /xingrg/dwr/call/plaincall/AjaxComOrderService.getMaterielSearchList.dwr HTTP/1.1" 200 557
101.229.22.234 - - [14/Feb/2023:10:32:23 +0800] "POST /xingrg/dwr/call/plaincall/AjaxYddbService.getMaterielByMap.dwr HTTP/1.1" 200 1564
58.35.212.231 - - [14/Feb/2023:10:32:23 +0800] "POST /xingrg/services/DataTransmitService HTTP/1.1" 200 2147
58.35.212.231 - - [14/Feb/2023:10:32:24 +0800] "POST /xingrg/services/DataTransmitService HTTP/1.1" 200 524
58.35.212.231 - - [14/Feb/2023:10:32:24 +0800] "POST /xingrg/services/DataTransmitService HTTP/1.1" 200 2147
116.238.139.35 - - [14/Feb/2023:10:32:25 +0800] "GET /xingrg/kc/base/wldb_order_operate.html?command=get_materiel&rest_code=00150&base_code=0010445&code=00101019164 HTTP/1.1" 200 466
58.35.212.231 - - [14/Feb/2023:10:32:25 +0800] "POST /xingrg/services/DataTransmitService HTTP/1.1" 200 524
58.35.212.231 - - [14/Feb/2023:10:32:25 +0800] "POST /xingrg/services/DataTransmitService HTTP/1.1" 200 2147
116.192.124.172 - - [14/Feb/2023:10:32:26 +0800] "GET /xingrg/all/function/internal_message.html?_=1676341961596&CODE_STATE=getMsg HTTP/1.1" 200 27
58.35.212.231 - - [14/Feb/2023:10:32:26 +0800] "POST /xingrg/services/DataTransmitService HTTP/1.1" 200 524
58.35.212.231 - - [14/Feb/2023:10:32:27 +0800] "POST /xingrg/services/DataTransmitService HTTP/1.1" 200 2147
58.35.212.231 - - [14/Feb/2023:10:32:27 +0800] "POST /xingrg/services/DataTransmitService HTTP/1.1" 200 524
58.35.212.231 - - [14/Feb/2023:10:32:28 +0800] "POST /xingrg/services/DataTransmitService HTTP/1.1" 200 2147
58.35.212.231 - - [14/Feb/2023:10:32:28 +0800] "POST /xingrg/services/DataTransmitService HTTP/1.1" 200 524
58.35.212.231 - - [14/Feb/2023:10:32:29 +0800] "POST /xingrg/services/DataTransmitService HTTP/1.1" 200 2147
116.230.105.139 - - [14/Feb/2023:10:32:33 +0800] "GET /xingrg/all/function/internal_message.html?_=1676341957097&CODE_STATE=getMsg HTTP/1.1" 200 27
172.20.0.100 - - [14/Feb/2023:10:32:35 +0800] "GET /xingrg/all/function/internal_message.html?_=1676341970802&CODE_STATE=getMsg HTTP/1.1" 200 27
222.70.177.73 - - [14/Feb/2023:10:32:35 +0800] "GET /xingrg/all/function/internal_message.html?_=1676341970758&CODE_STATE=getMsg HTTP/1.1" 200 27
101.229.22.234 - - [14/Feb/2023:10:32:36 +0800] "POST /xingrg/dwr/call/plaincall/AjaxYddbService.saveMaterielItem.dwr HTTP/1.1" 200 79
120.253.135.82 - - [14/Feb/2023:10:32:40 +0800] "GET /xingrg/all/function/internal_message.html?_=1676342102950&CODE_STATE=getMsg HTTP/1.1" 200 27
101.229.22.234 - - [14/Feb/2023:10:32:41 +0800] "POST /xingrg/dwr/call/plaincall/AjaxComOrderService.getMaterielSearchList.dwr HTTP/1.1" 200 831
101.229.22.234 - - [14/Feb/2023:10:32:43 +0800] "POST /xingrg/dwr/call/plaincall/AjaxYddbService.getMaterielByMap.dwr HTTP/1.1" 200 1568
218.81.220.34 - - [14/Feb/2023:10:32:43 +0800] "GET /xingrg/all/function/internal_message.html?_=1676341986122&CODE_STATE=getMsg HTTP/1.1" 200 27
114.83.222.182 - - [14/Feb/2023:10:32:44 +0800] "GET /xingrg/all/function/internal_message.html?_=1676342088920&CODE_STATE=getMsg HTTP/1.1" 200 27
180.169.147.146 - - [14/Feb/2023:10:32:45 +0800] "GET /xingrg/all/function/internal_message.html?_=1676341981768&CODE_STATE=getMsg HTTP/1.1" 200 27
116.237.79.73 - - [14/Feb/2023:10:32:45 +0800] "GET /xingrg/all/function/internal_message.html?_=1676341979943&CODE_STATE=getMsg HTTP/1.1" 200 27
180.169.147.146 - - [14/Feb/2023:10:32:46 +0800] "GET /xingrg/check_reg.html?_=1676341982031 HTTP/1.1" 200 22
101.229.22.234 - - [14/Feb/2023:10:32:55 +0800] "POST /xingrg/dwr/call/plaincall/AjaxYddbService.saveMaterielItem.dwr HTTP/1.1" 200 79
116.238.139.35 - - [14/Feb/2023:10:32:58 +0800] "GET /xingrg/kc/base/wldb_order_operate.html?command=get_materiel&rest_code=00150&base_code=0010445&code=00101019391 HTTP/1.1" 200 485
101.229.22.234 - - [14/Feb/2023:10:33:01 +0800] "POST /xingrg/dwr/call/plaincall/AjaxComOrderService.getMaterielSearchList.dwr HTTP/1.1" 200 10713
101.229.22.234 - - [14/Feb/2023:10:33:01 +0800] "POST /xingrg/dwr/call/plaincall/AjaxComOrderService.getMaterielSearchList.dwr HTTP/1.1" 200 764
221.239.170.112 - - [14/Feb/2023:10:33:02 +0800] "GET /xingrg/all/function/internal_message.html?_=1676341998131&CODE_STATE=getMsg HTTP/1.1" 200 27
101.229.22.234 - - [14/Feb/2023:10:33:02 +0800] "POST /xingrg/dwr/call/plaincall/AjaxYddbService.getMaterielByMap.dwr HTTP/1.1" 200 1608
116.238.139.35 - - [14/Feb/2023:10:33:06 +0800] "GET /xingrg/kc/base/wldb_order_operate.html?command=get_materiel&rest_code=00150&base_code=0010445&code=00101019530 HTTP/1.1" 200 479
101.229.22.234 - - [14/Feb/2023:10:33:07 +0800] "POST /xingrg/dwr/call/plaincall/AjaxYddbService.saveMaterielItem.dwr HTTP/1.1" 200 79
58.221.95.50 - - [14/Feb/2023:10:33:08 +0800] "GET /xingrg/all/function/internal_message.html?_=1676342004695&CODE_STATE=getMsg HTTP/1.1" 302 -
116.238.139.35 - - [14/Feb/2023:10:33:10 +0800] "GET /xingrg/check_reg.html?_=1676342007882 HTTP/1.1" 200 22
116.238.139.35 - - [14/Feb/2023:10:33:10 +0800] "GET /xingrg/all/function/internal_message.html?_=1676342007988&CODE_STATE=getMsg HTTP/1.1" 200 27
101.229.22.234 - - [14/Feb/2023:10:33:13 +0800] "POST /xingrg/dwr/call/plaincall/AjaxComOrderService.getMaterielSearchList.dwr HTTP/1.1" 200 27951
101.229.22.234 - - [14/Feb/2023:10:33:14 +0800] "POST /xingrg/dwr/call/plaincall/AjaxComOrderService.getMaterielSearchList.dwr HTTP/1.1" 200 27951
101.83.145.75 - - [14/Feb/2023:10:33:14 +0800] "GET /xingrg/all/function/internal_message.html?_=1676342012066&CODE_STATE=getMsg HTTP/1.1" 200 27
101.83.145.75 - - [14/Feb/2023:10:33:15 +0800] "GET /xingrg/check_reg.html?_=1676342013206 HTTP/1.1" 200 22
221.239.170.112 - - [14/Feb/2023:10:33:16 +0800] "GET /xingrg/check_reg.html?_=1676342012875 HTTP/1.1" 200 22
101.229.22.234 - - [14/Feb/2023:10:33:20 +0800] "GET /xingrg/all/function/internal_message.html?_=1676342016465&CODE_STATE=getMsg HTTP/1.1" 200 27
101.229.22.234 - - [14/Feb/2023:10:33:23 +0800] "POST /xingrg/dwr/call/plaincall/AjaxYddbService.getMaterielByMap.dwr HTTP/1.1" 200 1607
116.192.124.172 - - [14/Feb/2023:10:33:26 +0800] "GET /xingrg/check_reg.html?_=1676342021602 HTTP/1.1" 200 22
116.192.124.172 - - [14/Feb/2023:10:33:26 +0800] "GET /xingrg/all/function/internal_message.html?_=1676342021604&CODE_STATE=getMsg HTTP/1.1" 200 27
101.229.22.234 - - [14/Feb/2023:10:33:27 +0800] "POST /xingrg/dwr/call/plaincall/AjaxYddbService.getUnitPrice.dwr HTTP/1.1" 200 87
116.230.105.139 - - [14/Feb/2023:10:33:33 +0800] "GET /xingrg/all/function/internal_message.html?_=1676342017086&CODE_STATE=getMsg HTTP/1.1" 200 27
172.20.0.100 - - [14/Feb/2023:10:33:35 +0800] "GET /xingrg/all/function/internal_message.html?_=1676342030805&CODE_STATE=getMsg HTTP/1.1" 200 27
101.229.22.234 - - [14/Feb/2023:10:33:35 +0800] "POST /xingrg/dwr/call/plaincall/AjaxYddbService.saveMaterielItem.dwr HTTP/1.1" 200 79
222.70.177.73 - - [14/Feb/2023:10:33:35 +0800] "GET /xingrg/all/function/internal_message.html?_=1676342030735&CODE_STATE=getMsg HTTP/1.1" 200 27
120.253.135.82 - - [14/Feb/2023:10:33:40 +0800] "GET /xingrg/all/function/internal_message.html?_=1676342162956&CODE_STATE=getMsg HTTP/1.1" 200 27
120.253.135.82 - - [14/Feb/2023:10:33:41 +0800] "GET /xingrg/check_reg.html?_=1676342162957 HTTP/1.1" 200 22
101.229.22.234 - - [14/Feb/2023:10:33:41 +0800] "POST /xingrg/dwr/call/plaincall/AjaxComOrderService.getMaterielSearchList.dwr HTTP/1.1" 200 39236
101.229.22.234 - - [14/Feb/2023:10:33:41 +0800] "POST /xingrg/dwr/call/plaincall/AjaxComOrderService.getMaterielSearchList.dwr HTTP/1.1" 200 288
101.229.22.234 - - [14/Feb/2023:10:33:42 +0800] "POST /xingrg/dwr/call/plaincall/AjaxComOrderService.getMaterielSearchList.dwr HTTP/1.1" 200 288
218.81.220.34 - - [14/Feb/2023:10:33:43 +0800] "GET /xingrg/all/function/internal_message.html?_=1676342046137&CODE_STATE=getMsg HTTP/1.1" 200 27
101.229.22.234 - - [14/Feb/2023:10:33:44 +0800] "POST /xingrg/dwr/call/plaincall/AjaxYddbService.getMaterielByMap.dwr HTTP/1.1" 200 1617
114.83.222.182 - - [14/Feb/2023:10:33:44 +0800] "GET /xingrg/all/function/internal_message.html?_=1676342148908&CODE_STATE=getMsg HTTP/1.1" 200 27
180.169.147.146 - - [14/Feb/2023:10:33:45 +0800] "GET /xingrg/all/function/internal_message.html?_=1676342041777&CODE_STATE=getMsg HTTP/1.1" 200 27
116.237.79.73 - - [14/Feb/2023:10:33:45 +0800] "GET /xingrg/all/function/internal_message.html?_=1676342039919&CODE_STATE=getMsg HTTP/1.1" 200 27
101.229.22.234 - - [14/Feb/2023:10:33:50 +0800] "POST /xingrg/dwr/call/plaincall/AjaxYddbService.saveMaterielItem.dwr HTTP/1.1" 200 79
116.238.139.35 - - [14/Feb/2023:10:33:50 +0800] "GET /xingrg/kc/base/wldb_order_operate.html?command=get_materiel&rest_code=00150&base_code=0010445&code=00101016094 HTTP/1.1" 200 470
116.238.139.35 - - [14/Feb/2023:10:33:52 +0800] "POST /xingrg/all/common/load_select.html HTTP/1.1" 200 25
116.238.139.35 - - [14/Feb/2023:10:33:54 +0800] "GET /xingrg/kc/base/wldb_order_operate.html?command=get_materiel_price&rest_code=00150&base_code=0010445&code=00101016094&unit_code=00100161 HTTP/1.1" 200 37
101.229.22.234 - - [14/Feb/2023:10:33:59 +0800] "POST /xingrg/dwr/call/plaincall/AjaxComOrderService.getMaterielSearchList.dwr HTTP/1.1" 200 26757
101.229.22.234 - - [14/Feb/2023:10:33:59 +0800] "POST /xingrg/dwr/call/plaincall/AjaxComOrderService.getMaterielSearchList.dwr HTTP/1.1" 200 26757
101.229.22.234 - - [14/Feb/2023:10:34:00 +0800] "POST /xingrg/dwr/call/plaincall/AjaxComOrderService.getMaterielSearchList.dwr HTTP/1.1" 200 796
221.239.170.112 - - [14/Feb/2023:10:34:02 +0800] "GET /xingrg/all/function/internal_message.html?_=1676342058102&CODE_STATE=getMsg HTTP/1.1" 200 27
101.229.22.234 - - [14/Feb/2023:10:34:06 +0800] "POST /xingrg/dwr/call/plaincall/AjaxYddbService.getMaterielByMap.dwr HTTP/1.1" 200 1553
58.221.95.50 - - [14/Feb/2023:10:34:08 +0800] "GET /xingrg/all/function/internal_message.html?_=1676342064684&CODE_STATE=getMsg HTTP/1.1" 302 -
116.238.139.35 - - [14/Feb/2023:10:34:10 +0800] "GET /xingrg/all/function/internal_message.html?_=1676342067979&CODE_STATE=getMsg HTTP/1.1" 200 27
101.229.22.234 - - [14/Feb/2023:10:34:10 +0800] "POST /xingrg/dwr/call/plaincall/AjaxYddbService.saveMaterielItem.dwr HTTP/1.1" 200 79
101.83.145.75 - - [14/Feb/2023:10:34:14 +0800] "GET /xingrg/all/function/internal_message.html?_=1676342072038&CODE_STATE=getMsg HTTP/1.1" 200 27
101.229.22.234 - - [14/Feb/2023:10:34:17 +0800] "POST /xingrg/dwr/call/plaincall/AjaxComOrderService.getMaterielSearchList.dwr HTTP/1.1" 200 518760
101.229.22.234 - - [14/Feb/2023:10:34:18 +0800] "POST /xingrg/dwr/call/plaincall/AjaxComOrderService.getMaterielSearchList.dwr HTTP/1.1" 200 729
101.229.22.234 - - [14/Feb/2023:10:34:19 +0800] "POST /xingrg/dwr/call/plaincall/AjaxComOrderService.getMaterielSearchList.dwr HTTP/1.1" 200 597
101.229.22.234 - - [14/Feb/2023:10:34:20 +0800] "GET /xingrg/all/function/internal_message.html?_=1676342076464&CODE_STATE=getMsg HTTP/1.1" 200 27
101.229.22.234 - - [14/Feb/2023:10:34:24 +0800] "POST /xingrg/dwr/call/plaincall/AjaxYddbService.getMaterielByMap.dwr HTTP/1.1" 200 1655
116.192.124.172 - - [14/Feb/2023:10:34:26 +0800] "GET /xingrg/all/function/internal_message.html?_=1676342081594&CODE_STATE=getMsg HTTP/1.1" 200 27
101.229.22.234 - - [14/Feb/2023:10:34:31 +0800] "POST /xingrg/dwr/call/plaincall/AjaxYddbService.saveMaterielItem.dwr HTTP/1.1" 200 79
116.230.105.139 - - [14/Feb/2023:10:34:33 +0800] "GET /xingrg/check_reg.html?_=1676342077082 HTTP/1.1" 200 22
116.230.105.139 - - [14/Feb/2023:10:34:33 +0800] "GET /xingrg/all/function/internal_message.html?_=1676342077087&CODE_STATE=getMsg HTTP/1.1" 200 27
172.20.0.100 - - [14/Feb/2023:10:34:35 +0800] "GET /xingrg/check_reg.html?_=1676342090806 HTTP/1.1" 200 22
172.20.0.100 - - [14/Feb/2023:10:34:35 +0800] "GET /xingrg/all/function/internal_message.html?_=1676342090807&CODE_STATE=getMsg HTTP/1.1" 200 27
222.70.177.73 - - [14/Feb/2023:10:34:35 +0800] "GET /xingrg/check_reg.html?_=1676342090420 HTTP/1.1" 200 22
222.70.177.73 - - [14/Feb/2023:10:34:35 +0800] "GET /xingrg/all/function/internal_message.html?_=1676342090718&CODE_STATE=getMsg HTTP/1.1" 200 27
120.253.135.82 - - [14/Feb/2023:10:34:41 +0800] "GET /xingrg/all/function/internal_message.html?_=1676342222960&CODE_STATE=getMsg HTTP/1.1" 200 27
218.81.220.34 - - [14/Feb/2023:10:34:43 +0800] "GET /xingrg/all/function/internal_message.html?_=1676342106228&CODE_STATE=getMsg HTTP/1.1" 200 27
114.83.222.182 - - [14/Feb/2023:10:34:44 +0800] "GET /xingrg/all/function/internal_message.html?_=1676342208879&CODE_STATE=getMsg HTTP/1.1" 200 27
180.169.147.146 - - [14/Feb/2023:10:34:45 +0800] "GET /xingrg/all/function/internal_message.html?_=1676342101769&CODE_STATE=getMsg HTTP/1.1" 200 27
116.237.79.73 - - [14/Feb/2023:10:34:45 +0800] "GET /xingrg/all/function/internal_message.html?_=1676342099888&CODE_STATE=getMsg HTTP/1.1" 200 27
221.239.170.112 - - [14/Feb/2023:10:35:02 +0800] "GET /xingrg/all/function/internal_message.html?_=1676342118087&CODE_STATE=getMsg HTTP/1.1" 200 27
58.221.95.50 - - [14/Feb/2023:10:35:08 +0800] "GET /xingrg/all/function/internal_message.html?_=1676342124670&CODE_STATE=getMsg HTTP/1.1" 302 -
116.238.139.35 - - [14/Feb/2023:10:35:10 +0800] "GET /xingrg/all/function/internal_message.html?_=1676342127952&CODE_STATE=getMsg HTTP/1.1" 200 27
101.83.145.75 - - [14/Feb/2023:10:35:14 +0800] "GET /xingrg/all/function/internal_message.html?_=1676342132018&CODE_STATE=getMsg HTTP/1.1" 200 27
101.229.22.234 - - [14/Feb/2023:10:35:20 +0800] "GET /xingrg/all/function/internal_message.html?_=1676342136475&CODE_STATE=getMsg HTTP/1.1" 200 27
116.192.124.172 - - [14/Feb/2023:10:35:26 +0800] "GET /xingrg/all/function/internal_message.html?_=1676342141586&CODE_STATE=getMsg HTTP/1.1" 200 27
116.230.105.139 - - [14/Feb/2023:10:35:33 +0800] "GET /xingrg/all/function/internal_message.html?_=1676342137084&CODE_STATE=getMsg HTTP/1.1" 200 27
172.20.0.100 - - [14/Feb/2023:10:35:35 +0800] "GET /xingrg/all/function/internal_message.html?_=1676342150792&CODE_STATE=getMsg HTTP/1.1" 200 27
222.70.177.73 - - [14/Feb/2023:10:35:35 +0800] "GET /xingrg/all/function/internal_message.html?_=1676342150698&CODE_STATE=getMsg HTTP/1.1" 200 27
120.253.135.82 - - [14/Feb/2023:10:35:41 +0800] "GET /xingrg/all/function/internal_message.html?_=1676342282968&CODE_STATE=getMsg HTTP/1.1" 200 27
218.81.220.34 - - [14/Feb/2023:10:35:43 +0800] "GET /xingrg/all/function/internal_message.html?_=1676342166241&CODE_STATE=getMsg HTTP/1.1" 200 27
114.83.222.182 - - [14/Feb/2023:10:35:44 +0800] "GET /xingrg/all/function/internal_message.html?_=1676342268864&CODE_STATE=getMsg HTTP/1.1" 200 27
180.169.147.146 - - [14/Feb/2023:10:35:45 +0800] "GET /xingrg/all/function/internal_message.html?_=1676342161762&CODE_STATE=getMsg HTTP/1.1" 200 27
116.237.79.73 - - [14/Feb/2023:10:35:45 +0800] "GET /xingrg/all/function/internal_message.html?_=1676342159870&CODE_STATE=getMsg HTTP/1.1" 200 27
116.238.139.35 - - [14/Feb/2023:10:35:53 +0800] "POST /xingrg/kc/base/wldb_order_operate.html HTTP/1.1" 200 37
116.238.139.35 - - [14/Feb/2023:10:35:53 +0800] "POST /xingrg/kc/base/wldb_order_operate.html HTTP/1.1" 200 5713
116.238.139.35 - - [14/Feb/2023:10:36:00 +0800] "POST /xingrg/kc/base/wldb_order_operate.html HTTP/1.1" 200 12
221.239.170.112 - - [14/Feb/2023:10:36:02 +0800] "GET /xingrg/all/function/internal_message.html?_=1676342178066&CODE_STATE=getMsg HTTP/1.1" 200 27
101.93.220.207 - - [14/Feb/2023:10:36:02 +0800] "POST /xingrg/services/DataTransmitService HTTP/1.1" 200 524
101.93.220.207 - - [14/Feb/2023:10:36:03 +0800] "POST /xingrg/services/DataTransmitService HTTP/1.1" 200 501
58.221.95.50 - - [14/Feb/2023:10:36:08 +0800] "GET /xingrg/all/function/internal_message.html?_=1676342184644&CODE_STATE=getMsg HTTP/1.1" 302 -
101.83.145.75 - - [14/Feb/2023:10:36:14 +0800] "GET /xingrg/all/function/internal_message.html?_=1676342191999&CODE_STATE=getMsg HTTP/1.1" 200 27
101.229.22.234 - - [14/Feb/2023:10:36:20 +0800] "GET /xingrg/all/function/internal_message.html?_=1676342196468&CODE_STATE=getMsg HTTP/1.1" 200 27
101.229.22.234 - - [14/Feb/2023:10:36:20 +0800] "GET /xingrg/check_reg.html?_=1676342196470 HTTP/1.1" 200 22
116.192.124.172 - - [14/Feb/2023:10:36:26 +0800] "GET /xingrg/all/function/internal_message.html?_=1676342201591&CODE_STATE=getMsg HTTP/1.1" 200 27
116.238.139.35 - - [14/Feb/2023:10:36:26 +0800] "GET /xingrg/kc/base/wldb_order_info.html?code=422023021401008 HTTP/1.1" 200 26309
116.238.139.35 - - [14/Feb/2023:10:36:27 +0800] "GET /xingrg/javascript/easyui/themes/default/validatebox.css HTTP/1.1" 404 1104
116.238.139.35 - - [14/Feb/2023:10:36:27 +0800] "POST /xingrg/kc/base/wldb_order_operate.html HTTP/1.1" 200 3928
116.230.105.139 - - [14/Feb/2023:10:36:33 +0800] "GET /xingrg/all/function/internal_message.html?_=1676342197097&CODE_STATE=getMsg HTTP/1.1" 200 27
114.83.222.182 - - [14/Feb/2023:10:36:34 +0800] "GET /xingrg/check_reg.html?_=1676342319405 HTTP/1.1" 200 22
172.20.0.100 - - [14/Feb/2023:10:36:35 +0800] "GET /xingrg/all/function/internal_message.html?_=1676342210796&CODE_STATE=getMsg HTTP/1.1" 200 27
222.70.177.73 - - [14/Feb/2023:10:36:35 +0800] "GET /xingrg/all/function/internal_message.html?_=1676342210682&CODE_STATE=getMsg HTTP/1.1" 200 27
116.238.139.35 - - [14/Feb/2023:10:36:36 +0800] "POST /xingrg/kc/base/wldb_order_operate.html HTTP/1.1" 200 12
116.238.139.35 - - [14/Feb/2023:10:36:37 +0800] "GET /xingrg/kc/base/wldb_order_info.html?code=422023021401008 HTTP/1.1" 200 30445
116.238.139.35 - - [14/Feb/2023:10:36:37 +0800] "GET /xingrg/javascript/easyui/themes/default/validatebox.css HTTP/1.1" 404 1104
116.238.139.35 - - [14/Feb/2023:10:36:38 +0800] "POST /xingrg/kc/base/wldb_order_operate.html HTTP/1.1" 200 5713
120.253.135.82 - - [14/Feb/2023:10:36:41 +0800] "GET /xingrg/all/function/internal_message.html?_=1676342342970&CODE_STATE=getMsg HTTP/1.1" 200 27
218.81.220.34 - - [14/Feb/2023:10:36:42 +0800] "GET /xingrg/check_reg.html?_=1676342224784 HTTP/1.1" 200 22
116.237.79.73 - - [14/Feb/2023:10:36:43 +0800] "GET /xingrg/check_reg.html?_=1676342217062 HTTP/1.1" 200 22
218.81.220.34 - - [14/Feb/2023:10:36:43 +0800] "GET /xingrg/all/function/internal_message.html?_=1676342226255&CODE_STATE=getMsg HTTP/1.1" 200 27
114.83.222.182 - - [14/Feb/2023:10:36:44 +0800] "GET /xingrg/all/function/internal_message.html?_=1676342328847&CODE_STATE=getMsg HTTP/1.1" 200 27
180.169.147.146 - - [14/Feb/2023:10:36:45 +0800] "GET /xingrg/all/function/internal_message.html?_=1676342221774&CODE_STATE=getMsg HTTP/1.1" 200 27
116.237.79.73 - - [14/Feb/2023:10:36:45 +0800] "GET /xingrg/all/function/internal_message.html?_=1676342219842&CODE_STATE=getMsg HTTP/1.1" 200 27
116.238.139.35 - - [14/Feb/2023:10:36:49 +0800] "POST /xingrg/kc/base/wldb_order_operate.html HTTP/1.1" 200 37
116.238.139.35 - - [14/Feb/2023:10:36:50 +0800] "POST /xingrg/kc/base/wldb_order_operate.html HTTP/1.1" 200 5712
116.238.139.35 - - [14/Feb/2023:10:36:56 +0800] "POST /xingrg/kc/base/wldb_order_operate.html HTTP/1.1" 200 12
221.239.170.112 - - [14/Feb/2023:10:37:02 +0800] "GET /xingrg/all/function/internal_message.html?_=1676342238054&CODE_STATE=getMsg HTTP/1.1" 200 27
58.221.95.50 - - [14/Feb/2023:10:37:08 +0800] "GET /xingrg/all/function/internal_message.html?_=1676342244644&CODE_STATE=getMsg HTTP/1.1" 302 -
58.221.95.50 - - [14/Feb/2023:10:37:08 +0800] "GET /xingrg/check_reg.html?_=1676342245176 HTTP/1.1" 302 -
116.238.139.35 - - [14/Feb/2023:10:37:11 +0800] "GET /xingrg/kc/base/wldb_order_info.html?code=422023021401008 HTTP/1.1" 200 26309
116.238.139.35 - - [14/Feb/2023:10:37:11 +0800] "GET /xingrg/javascript/easyui/themes/default/validatebox.css HTTP/1.1" 404 1104
116.238.139.35 - - [14/Feb/2023:10:37:12 +0800] "POST /xingrg/kc/base/wldb_order_operate.html HTTP/1.1" 200 3927
101.83.145.75 - - [14/Feb/2023:10:37:14 +0800] "GET /xingrg/all/function/internal_message.html?_=1676342251974&CODE_STATE=getMsg HTTP/1.1" 200 27
101.229.22.234 - - [14/Feb/2023:10:37:20 +0800] "GET /xingrg/all/function/internal_message.html?_=1676342256476&CODE_STATE=getMsg HTTP/1.1" 200 27
116.192.124.172 - - [14/Feb/2023:10:37:26 +0800] "GET /xingrg/all/function/internal_message.html?_=1676342261585&CODE_STATE=getMsg HTTP/1.1" 200 27
116.230.105.139 - - [14/Feb/2023:10:37:33 +0800] "GET /xingrg/all/function/internal_message.html?_=1676342257096&CODE_STATE=getMsg HTTP/1.1" 200 27
172.20.0.100 - - [14/Feb/2023:10:37:35 +0800] "GET /xingrg/all/function/internal_message.html?_=1676342270798&CODE_STATE=getMsg HTTP/1.1" 200 27
222.70.177.73 - - [14/Feb/2023:10:37:35 +0800] "GET /xingrg/all/function/internal_message.html?_=1676342270652&CODE_STATE=getMsg HTTP/1.1" 200 27
120.253.135.82 - - [14/Feb/2023:10:37:41 +0800] "GET /xingrg/all/function/internal_message.html?_=1676342402979&CODE_STATE=getMsg HTTP/1.1" 200 27
180.163.29.212 - - [14/Feb/2023:10:37:43 +0800] "GET /xingrg/check_reg.html?_=1676342217062 HTTP/1.1" 302 -
180.163.29.212 - - [14/Feb/2023:10:37:43 +0800] "GET /xingrg/login.html HTTP/1.1" 200 7641
218.81.220.34 - - [14/Feb/2023:10:37:43 +0800] "GET /xingrg/all/function/internal_message.html?_=1676342286268&CODE_STATE=getMsg HTTP/1.1" 200 27
114.83.222.182 - - [14/Feb/2023:10:37:44 +0800] "GET /xingrg/all/function/internal_message.html?_=1676342388828&CODE_STATE=getMsg HTTP/1.1" 200 27
180.169.147.146 - - [14/Feb/2023:10:37:45 +0800] "GET /xingrg/all/function/internal_message.html?_=1676342281772&CODE_STATE=getMsg HTTP/1.1" 200 27
116.237.79.73 - - [14/Feb/2023:10:37:45 +0800] "GET /xingrg/all/function/internal_message.html?_=1676342279828&CODE_STATE=getMsg HTTP/1.1" 200 27
180.169.147.146 - - [14/Feb/2023:10:37:46 +0800] "GET /xingrg/check_reg.html?_=1676342282021 HTTP/1.1" 200 22
221.239.170.112 - - [14/Feb/2023:10:38:02 +0800] "GET /xingrg/all/function/internal_message.html?_=1676342298038&CODE_STATE=getMsg HTTP/1.1" 200 27
101.229.22.234 - - [14/Feb/2023:10:38:04 +0800] "POST /xingrg/dwr/call/plaincall/AjaxYddbService.checkOrder.dwr HTTP/1.1" 200 79
101.229.22.234 - - [14/Feb/2023:10:38:06 +0800] "GET /xingrg/kc/base/yddb_order_info.html?code=482023021400077 HTTP/1.1" 200 28836
101.229.22.234 - - [14/Feb/2023:10:38:06 +0800] "GET /xingrg/dwr/interface/AjaxComOrderService.js HTTP/1.1" 200 18264
101.229.22.234 - - [14/Feb/2023:10:38:06 +0800] "GET /xingrg/dwr/interface/AjaxYddbService.js HTTP/1.1" 200 13201
101.229.22.234 - - [14/Feb/2023:10:38:06 +0800] "GET /xingrg/dwr/engine.js HTTP/1.1" 200 43631
101.229.22.234 - - [14/Feb/2023:10:38:07 +0800] "POST /xingrg/dwr/call/plaincall/AjaxYddbService.loadMaterielItems.dwr HTTP/1.1" 200 4114
58.221.95.50 - - [14/Feb/2023:10:38:08 +0800] "GET /xingrg/all/function/internal_message.html?_=1676342304633&CODE_STATE=getMsg HTTP/1.1" 302 -
116.238.139.35 - - [14/Feb/2023:10:38:10 +0800] "GET /xingrg/check_reg.html?_=1676342307877 HTTP/1.1" 200 22
101.229.22.234 - - [14/Feb/2023:10:38:10 +0800] "GET /xingrg/kc/base/yddb_order_add.html HTTP/1.1" 200 29955
101.229.22.234 - - [14/Feb/2023:10:38:10 +0800] "GET /xingrg/dwr/interface/AjaxYddbService.js HTTP/1.1" 200 13201
101.229.22.234 - - [14/Feb/2023:10:38:10 +0800] "GET /xingrg/dwr/interface/AjaxComOrderService.js HTTP/1.1" 200 18264
101.229.22.234 - - [14/Feb/2023:10:38:10 +0800] "GET /xingrg/dwr/engine.js HTTP/1.1" 200 43631
116.238.139.35 - - [14/Feb/2023:10:38:10 +0800] "GET /xingrg/all/function/internal_message.html?_=1676342307962&CODE_STATE=getMsg HTTP/1.1" 200 27
101.229.22.234 - - [14/Feb/2023:10:38:13 +0800] "POST /xingrg/dwr/call/plaincall/AjaxYddbService.getRestBases.dwr HTTP/1.1" 200 464
101.83.145.75 - - [14/Feb/2023:10:38:14 +0800] "GET /xingrg/all/function/internal_message.html?_=1676342311947&CODE_STATE=getMsg HTTP/1.1" 200 27
101.83.145.75 - - [14/Feb/2023:10:38:15 +0800] "GET /xingrg/check_reg.html?_=1676342313177 HTTP/1.1" 200 22
221.239.170.112 - - [14/Feb/2023:10:38:16 +0800] "GET /xingrg/check_reg.html?_=1676342312864 HTTP/1.1" 200 22
101.229.22.234 - - [14/Feb/2023:10:38:20 +0800] "GET /xingrg/all/function/internal_message.html?_=1676342316496&CODE_STATE=getMsg HTTP/1.1" 200 27
116.192.124.172 - - [14/Feb/2023:10:38:26 +0800] "GET /xingrg/all/function/internal_message.html?_=1676342321599&CODE_STATE=getMsg HTTP/1.1" 200 27
116.192.124.172 - - [14/Feb/2023:10:38:26 +0800] "GET /xingrg/check_reg.html?_=1676342321603 HTTP/1.1" 200 22
116.238.139.35 - - [14/Feb/2023:10:38:30 +0800] "GET /xingrg/kc/report/report_main.html HTTP/1.1" 200 7340
116.238.139.35 - - [14/Feb/2023:10:38:31 +0800] "GET /xingrg/kc/base/kc_stocks.html HTTP/1.1" 200 16512
116.238.139.35 - - [14/Feb/2023:10:38:32 +0800] "GET /xingrg/javascript/easyui/themes/icons/print_new.png HTTP/1.1" 200 3580
116.238.139.35 - - [14/Feb/2023:10:38:32 +0800] "GET /xingrg/javascript/easyui/themes/icons/filter_new.png HTTP/1.1" 200 795
116.238.139.35 - - [14/Feb/2023:10:38:32 +0800] "GET /xingrg/javascript/easyui/themes/icons/refresh_new.png HTTP/1.1" 200 685
116.238.139.35 - - [14/Feb/2023:10:38:32 +0800] "GET /xingrg/javascript/easyui/themes/default/tree.css HTTP/1.1" 404 1090
116.238.139.35 - - [14/Feb/2023:10:38:32 +0800] "POST /xingrg/all/common/load_tree.html?tree=materiel_sort_tree_json HTTP/1.1" 200 9500
116.238.139.35 - - [14/Feb/2023:10:38:32 +0800] "GET /xingrg/javascript/easyui/themes/sunny/images/tree_folder_open.gif HTTP/1.1" 200 956
116.238.139.35 - - [14/Feb/2023:10:38:32 +0800] "GET /xingrg/javascript/easyui/themes/sunny/images/tree_arrows.gif HTTP/1.1" 200 617
116.238.139.35 - - [14/Feb/2023:10:38:32 +0800] "GET /xingrg/javascript/easyui/themes/sunny/images/tree_file.gif HTTP/1.1" 200 118
116.238.139.35 - - [14/Feb/2023:10:38:32 +0800] "GET /xingrg/javascript/easyui/themes/sunny/images/tree_folder.gif HTTP/1.1" 200 952
116.230.105.139 - - [14/Feb/2023:10:38:33 +0800] "GET /xingrg/all/function/internal_message.html?_=1676342317075&CODE_STATE=getMsg HTTP/1.1" 200 27
172.20.0.100 - - [14/Feb/2023:10:38:35 +0800] "GET /xingrg/all/function/internal_message.html?_=1676342330800&CODE_STATE=getMsg HTTP/1.1" 200 27
222.70.177.73 - - [14/Feb/2023:10:38:35 +0800] "GET /xingrg/all/function/internal_message.html?_=1676342330636&CODE_STATE=getMsg HTTP/1.1" 200 27
116.238.139.35 - - [14/Feb/2023:10:38:37 +0800] "POST /xingrg/kc/base/stock_operate.html HTTP/1.1" 200 4356
120.253.135.82 - - [14/Feb/2023:10:38:41 +0800] "GET /xingrg/all/function/internal_message.html?_=1676342462984&CODE_STATE=getMsg HTTP/1.1" 200 27
120.253.135.82 - - [14/Feb/2023:10:38:41 +0800] "GET /xingrg/check_reg.html?_=1676342462985 HTTP/1.1" 200 22
218.81.220.34 - - [14/Feb/2023:10:38:43 +0800] "GET /xingrg/all/function/internal_message.html?_=1676342346281&CODE_STATE=getMsg HTTP/1.1" 200 27
114.83.222.182 - - [14/Feb/2023:10:38:44 +0800] "GET /xingrg/all/function/internal_message.html?_=1676342448818&CODE_STATE=getMsg HTTP/1.1" 200 27
180.163.28.68 - - [14/Feb/2023:10:38:45 +0800] "GET /xingrg/all/function/internal_message.html?_=1676342279828&CODE_STATE=getMsg HTTP/1.1" 302 -
180.163.28.68 - - [14/Feb/2023:10:38:45 +0800] "GET /xingrg/login.html HTTP/1.1" 200 7641
180.169.147.146 - - [14/Feb/2023:10:38:45 +0800] "GET /xingrg/all/function/internal_message.html?_=1676342341774&CODE_STATE=getMsg HTTP/1.1" 200 27
116.237.79.73 - - [14/Feb/2023:10:38:45 +0800] "GET /xingrg/all/function/internal_message.html?_=1676342339814&CODE_STATE=getMsg HTTP/1.1" 200 27
116.238.139.35 - - [14/Feb/2023:10:38:48 +0800] "POST /xingrg/kc/base/stock_operate.html HTTP/1.1" 200 4410
116.238.139.35 - - [14/Feb/2023:10:38:58 +0800] "POST /xingrg/kc/base/stock_operate.html HTTP/1.1" 200 4439
221.239.170.112 - - [14/Feb/2023:10:39:02 +0800] "GET /xingrg/all/function/internal_message.html?_=1676342358014&CODE_STATE=getMsg HTTP/1.1" 200 27
101.229.22.234 - - [14/Feb/2023:10:39:03 +0800] "POST /xingrg/dwr/call/plaincall/AjaxYddbService.saveOrder.dwr HTTP/1.1" 200 78
58.221.95.50 - - [14/Feb/2023:10:39:08 +0800] "GET /xingrg/all/function/internal_message.html?_=1676342364615&CODE_STATE=getMsg HTTP/1.1" 302 -
116.238.139.35 - - [14/Feb/2023:10:39:10 +0800] "GET /xingrg/all/function/internal_message.html?_=1676342367956&CODE_STATE=getMsg HTTP/1.1" 200 27
101.83.145.75 - - [14/Feb/2023:10:39:14 +0800] "GET /xingrg/all/function/internal_message.html?_=1676342371929&CODE_STATE=getMsg HTTP/1.1" 200 27
101.229.22.234 - - [14/Feb/2023:10:39:20 +0800] "GET /xingrg/all/function/internal_message.html?_=1676342376490&CODE_STATE=getMsg HTTP/1.1" 200 27
101.229.22.234 - - [14/Feb/2023:10:39:22 +0800] "POST /xingrg/dwr/call/plaincall/AjaxComOrderService.getMaterielSearchList.dwr HTTP/1.1" 200 22418
101.229.22.234 - - [14/Feb/2023:10:39:23 +0800] "POST /xingrg/dwr/call/plaincall/AjaxComOrderService.getMaterielSearchList.dwr HTTP/1.1" 200 1545
101.229.22.234 - - [14/Feb/2023:10:39:24 +0800] "POST /xingrg/dwr/call/plaincall/AjaxComOrderService.getMaterielSearchList.dwr HTTP/1.1" 200 292
101.229.22.234 - - [14/Feb/2023:10:39:25 +0800] "POST /xingrg/dwr/call/plaincall/AjaxYddbService.getMaterielByMap.dwr HTTP/1.1" 200 1613
116.192.124.172 - - [14/Feb/2023:10:39:26 +0800] "GET /xingrg/all/function/internal_message.html?_=1676342381593&CODE_STATE=getMsg HTTP/1.1" 200 27
101.229.22.234 - - [14/Feb/2023:10:39:30 +0800] "POST /xingrg/dwr/call/plaincall/AjaxYddbService.saveMaterielItem.dwr HTTP/1.1" 200 78
116.230.105.139 - - [14/Feb/2023:10:39:33 +0800] "GET /xingrg/all/function/internal_message.html?_=1676342377093&CODE_STATE=getMsg HTTP/1.1" 200 27
116.230.105.139 - - [14/Feb/2023:10:39:33 +0800] "GET /xingrg/check_reg.html?_=1676342377096 HTTP/1.1" 200 22
172.20.0.100 - - [14/Feb/2023:10:39:35 +0800] "GET /xingrg/all/function/internal_message.html?_=1676342390804&CODE_STATE=getMsg HTTP/1.1" 200 27
172.20.0.100 - - [14/Feb/2023:10:39:35 +0800] "GET /xingrg/check_reg.html?_=1676342390805 HTTP/1.1" 200 22
222.70.177.73 - - [14/Feb/2023:10:39:35 +0800] "GET /xingrg/check_reg.html?_=1676342390417 HTTP/1.1" 200 22
222.70.177.73 - - [14/Feb/2023:10:39:35 +0800] "GET /xingrg/all/function/internal_message.html?_=1676342390606&CODE_STATE=getMsg HTTP/1.1" 200 27
120.253.135.82 - - [14/Feb/2023:10:39:41 +0800] "GET /xingrg/all/function/internal_message.html?_=1676342522989&CODE_STATE=getMsg HTTP/1.1" 200 27
101.229.22.234 - - [14/Feb/2023:10:39:43 +0800] "POST /xingrg/dwr/call/plaincall/AjaxComOrderService.getMaterielSearchList.dwr HTTP/1.1" 200 3662
114.83.222.182 - - [14/Feb/2023:10:39:44 +0800] "GET /xingrg/all/function/internal_message.html?_=1676342508818&CODE_STATE=getMsg HTTP/1.1" 200 27
218.81.220.34 - - [14/Feb/2023:10:39:44 +0800] "GET /xingrg/all/function/internal_message.html?_=1676342406368&CODE_STATE=getMsg HTTP/1.1" 200 27
101.229.22.234 - - [14/Feb/2023:10:39:44 +0800] "POST /xingrg/dwr/call/plaincall/AjaxComOrderService.getMaterielSearchList.dwr HTTP/1.1" 200 3662
101.229.22.234 - - [14/Feb/2023:10:39:45 +0800] "POST /xingrg/dwr/call/plaincall/AjaxComOrderService.getMaterielSearchList.dwr HTTP/1.1" 200 414
116.237.79.73 - - [14/Feb/2023:10:39:45 +0800] "GET /xingrg/all/function/internal_message.html?_=1676342399786&CODE_STATE=getMsg HTTP/1.1" 200 27
180.169.147.146 - - [14/Feb/2023:10:39:45 +0800] "GET /xingrg/all/function/internal_message.html?_=1676342401777&CODE_STATE=getMsg HTTP/1.1" 200 27
101.229.22.234 - - [14/Feb/2023:10:39:46 +0800] "POST /xingrg/dwr/call/plaincall/AjaxYddbService.getMaterielByMap.dwr HTTP/1.1" 200 1579
116.238.139.35 - - [14/Feb/2023:10:39:52 +0800] "POST /xingrg/kc/base/stock_operate.html HTTP/1.1" 200 4524
101.229.22.234 - - [14/Feb/2023:10:39:53 +0800] "POST /xingrg/dwr/call/plaincall/AjaxYddbService.saveMaterielItem.dwr HTTP/1.1" 200 79
218.81.220.34 - - [14/Feb/2023:10:39:54 +0800] "POST /xingrg/services/DataTransmitService HTTP/1.1" 200 524
116.235.93.82 - - [14/Feb/2023:10:39:54 +0800] "GET /xingrg/login.html HTTP/1.1" 200 7641
218.81.220.34 - - [14/Feb/2023:10:39:55 +0800] "POST /xingrg/services/DataTransmitService HTTP/1.1" 200 2339
116.235.93.82 - - [14/Feb/2023:10:39:55 +0800] "GET /favicon.ico HTTP/1.1" 404 -
116.238.139.35 - - [14/Feb/2023:10:39:56 +0800] "POST /xingrg/kc/base/stock_operate.html HTTP/1.1" 200 4439
116.235.93.82 - - [14/Feb/2023:10:39:58 +0800] "POST /xingrg/login.do HTTP/1.1" 302 -
116.235.93.82 - - [14/Feb/2023:10:39:58 +0800] "GET /xingrg/index.html?sysBaseUrl=http%3A%2F%2F180.169.147.146%3A18081%2Fxingrg%2F&costTime=1257×tamp=1676342398359 HTTP/1.1" 200 17503
116.235.93.82 - - [14/Feb/2023:10:39:58 +0800] "GET /xingrg/all/function/internal_message.html?_=1676342412424&CODE_STATE=count HTTP/1.1" 200 11
116.235.93.82 - - [14/Feb/2023:10:39:58 +0800] "GET /xingrg/check_reg.html?_=1676342412426 HTTP/1.1" 200 22
116.235.93.82 - - [14/Feb/2023:10:39:58 +0800] "GET /favicon.ico HTTP/1.1" 404 -
116.235.93.82 - - [14/Feb/2023:10:39:58 +0800] "POST /xingrg/all/common/load_tree.html?tree=area_rest_tree_json&manage=1 HTTP/1.1" 200 591
116.235.93.82 - - [14/Feb/2023:10:39:58 +0800] "POST /xingrg/load_menu.html HTTP/1.1" 200 11564
116.238.139.35 - - [14/Feb/2023:10:40:00 +0800] "POST /xingrg/kc/base/stock_operate.html HTTP/1.1" 200 4524
221.239.170.112 - - [14/Feb/2023:10:40:02 +0800] "GET /xingrg/all/function/internal_message.html?_=1676342417999&CODE_STATE=getMsg HTTP/1.1" 200 27
101.229.22.234 - - [14/Feb/2023:10:40:02 +0800] "POST /xingrg/dwr/call/plaincall/AjaxComOrderService.getMaterielSearchList.dwr HTTP/1.1" 200 724
101.229.22.234 - - [14/Feb/2023:10:40:02 +0800] "POST /xingrg/dwr/call/plaincall/AjaxComOrderService.getMaterielSearchList.dwr HTTP/1.1" 200 298
218.81.220.34 - - [14/Feb/2023:10:40:03 +0800] "POST /xingrg/services/DataTransmitService HTTP/1.1" 200 524
218.81.220.34 - - [14/Feb/2023:10:40:04 +0800] "POST /xingrg/services/DataTransmitService HTTP/1.1" 200 2339
101.229.22.234 - - [14/Feb/2023:10:40:04 +0800] "POST /xingrg/dwr/call/plaincall/AjaxYddbService.getMaterielByMap.dwr HTTP/1.1" 200 1627
116.235.93.82 - - [14/Feb/2023:10:40:04 +0800] "POST /xingrg/all/user/operate.html HTTP/1.1" 200 36
116.235.93.82 - - [14/Feb/2023:10:40:04 +0800] "GET /xingrg/javascript/jquery_easy_ui/themes/default/easyui.css HTTP/1.1" 304 -
116.235.93.82 - - [14/Feb/2023:10:40:04 +0800] "GET /xingrg/index.html?sysBaseUrl=http%3A%2F%2F180.169.147.146%3A18081%2Fxingrg%2F&costTime=1257×tamp=1676342398359 HTTP/1.1" 200 17509
116.235.93.82 - - [14/Feb/2023:10:40:04 +0800] "GET /xingrg/javascript/jquery_easy_ui/themes/icon.css HTTP/1.1" 304 -
116.235.93.82 - - [14/Feb/2023:10:40:04 +0800] "GET /xingrg/css/form.css HTTP/1.1" 304 -
116.235.93.82 - - [14/Feb/2023:10:40:04 +0800] "GET /xingrg/javascript/jquery-1.4.2.min.js HTTP/1.1" 304 -
116.235.93.82 - - [14/Feb/2023:10:40:04 +0800] "GET /xingrg/javascript/jquery_easy_ui/jquery.easyui.min.js HTTP/1.1" 304 -
116.235.93.82 - - [14/Feb/2023:10:40:04 +0800] "GET /xingrg/javascript/jquery_easy_ui/easyui-lang-zh_CN.js HTTP/1.1" 304 -
116.235.93.82 - - [14/Feb/2023:10:40:05 +0800] "GET /xingrg/javascript/jquery.form.js HTTP/1.1" 304 -
116.235.93.82 - - [14/Feb/2023:10:40:05 +0800] "GET /xingrg/javascript/jquery.utils.js HTTP/1.1" 304 -
116.235.93.82 - - [14/Feb/2023:10:40:05 +0800] "GET /xingrg/javascript/jquery.timers.js HTTP/1.1" 304 -
116.235.93.82 - - [14/Feb/2023:10:40:05 +0800] "GET /xingrg/images/blue/jxLogo.png HTTP/1.1" 304 -
116.235.93.82 - - [14/Feb/2023:10:40:05 +0800] "GET /xingrg/all/function/internal_message.html?_=1676342418899&CODE_STATE=count HTTP/1.1" 200 11
116.235.93.82 - - [14/Feb/2023:10:40:05 +0800] "GET /xingrg/check_reg.html?_=1676342418901 HTTP/1.1" 200 22
116.235.93.82 - - [14/Feb/2023:10:40:05 +0800] "GET /xingrg/javascript/jquery_easy_ui/themes/icons/settle_new.png HTTP/1.1" 304 -
116.235.93.82 - - [14/Feb/2023:10:40:05 +0800] "GET /xingrg/javascript/jquery_easy_ui/themes/default/images/panel_tool_collapse.gif HTTP/1.1" 304 -
116.235.93.82 - - [14/Feb/2023:10:40:05 +0800] "POST /xingrg/all/common/load_tree.html?tree=area_rest_tree_json&manage=1 HTTP/1.1" 200 591
116.235.93.82 - - [14/Feb/2023:10:40:05 +0800] "GET /xingrg/javascript/jquery_easy_ui/themes/default/images/panel_tool_expand.gif HTTP/1.1" 304 -
116.235.93.82 - - [14/Feb/2023:10:40:05 +0800] "GET /xingrg/javascript/jquery_easy_ui/themes/default/images/tree_folder_open.gif HTTP/1.1" 304 -
116.235.93.82 - - [14/Feb/2023:10:40:05 +0800] "GET /xingrg/javascript/jquery_easy_ui/themes/default/images/tabs_rightarrow.png HTTP/1.1" 304 -
116.235.93.82 - - [14/Feb/2023:10:40:05 +0800] "GET /xingrg/javascript/jquery_easy_ui/themes/default/images/tree_arrows.gif HTTP/1.1" 304 -
116.235.93.82 - - [14/Feb/2023:10:40:05 +0800] "GET /xingrg/javascript/jquery_easy_ui/themes/icons/rest.png HTTP/1.1" 304 -
116.235.93.82 - - [14/Feb/2023:10:40:05 +0800] "GET /xingrg/javascript/jquery_easy_ui/themes/icons/area.png HTTP/1.1" 304 -
116.235.93.82 - - [14/Feb/2023:10:40:05 +0800] "GET /xingrg/javascript/jquery_easy_ui/themes/icons/manage.png HTTP/1.1" 304 -
116.235.93.82 - - [14/Feb/2023:10:40:05 +0800] "GET /xingrg/javascript/jquery_easy_ui/themes/default/images/tabs_leftarrow.png HTTP/1.1" 304 -
