180.163.28.143 - - [14/Feb/2023:11:24:18 +0800] "GET /xingrg/check_reg.html?_=1676345012279 HTTP/1.1" 302 -
180.163.28.143 - - [14/Feb/2023:11:24:18 +0800] "GET /xingrg/login.html HTTP/1.1" 200 7641
116.237.79.73 - - [14/Feb/2023:11:24:18 +0800] "GET /xingrg/all/function/internal_message.html?_=1676345072285&CODE_STATE=getMsg HTTP/1.1" 200 27
180.163.29.206 - - [14/Feb/2023:11:24:18 +0800] "GET /xingrg/all/function/internal_message.html?_=1676345012282&CODE_STATE=getMsg HTTP/1.1" 302 -
180.163.29.206 - - [14/Feb/2023:11:24:18 +0800] "GET /xingrg/login.html HTTP/1.1" 200 7641
101.229.22.234 - - [14/Feb/2023:11:24:21 +0800] "GET /xingrg/all/function/internal_message.html?_=1676345077372&CODE_STATE=getMsg HTTP/1.1" 200 27
222.67.238.61 - - [14/Feb/2023:11:24:22 +0800] "GET /xingrg/kc/buy/cgsh_order_operate.html?command=get_materiel&rest_code=00141&code=00101015147&supplier_code=00100450&order_time=2023-02-14 HTTP/1.1" 200 409
116.237.79.73 - - [14/Feb/2023:11:24:22 +0800] "GET /xingrg/kc/base/base_main.html HTTP/1.1" 200 12142
116.237.79.73 - - [14/Feb/2023:11:24:24 +0800] "GET /xingrg/kc/base/wldb_order_list.html HTTP/1.1" 200 19139
116.237.79.73 - - [14/Feb/2023:11:24:24 +0800] "POST /xingrg/kc/base/wldb_list_operate.html HTTP/1.1" 200 928
116.192.124.172 - - [14/Feb/2023:11:24:26 +0800] "GET /xingrg/all/function/internal_message.html?_=1676345081595&CODE_STATE=getMsg HTTP/1.1" 200 27
180.162.114.226 - - [14/Feb/2023:11:24:26 +0800] "GET /xingrg/all/function/internal_message.html?_=1676344025140&CODE_STATE=getMsg HTTP/1.1" 200 27
101.83.145.75 - - [14/Feb/2023:11:24:26 +0800] "GET /xingrg/kc/base/wldb_order_info.html?code=422023021401029 HTTP/1.1" 200 30436
101.83.145.75 - - [14/Feb/2023:11:24:27 +0800] "GET /xingrg/javascript/easyui/themes/default/validatebox.css HTTP/1.1" 404 1104
101.83.145.75 - - [14/Feb/2023:11:24:27 +0800] "POST /xingrg/kc/base/wldb_order_operate.html HTTP/1.1" 200 3654
180.169.147.146 - - [14/Feb/2023:11:24:30 +0800] "GET /xingrg/all/function/internal_message.html?_=1676345080662&CODE_STATE=getMsg HTTP/1.1" 200 27
116.237.79.73 - - [14/Feb/2023:11:24:32 +0800] "GET /xingrg/kc/base/wldb_order_add.html HTTP/1.1" 200 30426
116.237.79.73 - - [14/Feb/2023:11:24:32 +0800] "GET /xingrg/words/20230213134732_words.js HTTP/1.1" 304 -
116.237.79.73 - - [14/Feb/2023:11:24:32 +0800] "POST /xingrg/kc/base/wldb_order_operate.html HTTP/1.1" 200 6806
222.67.238.61 - - [14/Feb/2023:11:24:32 +0800] "GET /xingrg/kc/buy/cgsh_order_operate.html?command=get_materiel&rest_code=00141&code=00101015121&supplier_code=00100450&order_time=2023-02-14 HTTP/1.1" 200 418
116.237.79.73 - - [14/Feb/2023:11:24:32 +0800] "GET /xingrg/all/common/auto_word.html?type=base&rest_code=00106 HTTP/1.1" 200 1799
116.237.79.73 - - [14/Feb/2023:11:24:32 +0800] "GET /xingrg/all/common/auto_word.html?type=base&rest_code=00106 HTTP/1.1" 200 1799
116.237.79.73 - - [14/Feb/2023:11:24:32 +0800] "GET /xingrg/javascript/easyui/themes/default/validatebox.css HTTP/1.1" 404 1104
116.230.105.139 - - [14/Feb/2023:11:24:33 +0800] "GET /xingrg/all/function/internal_message.html?_=1676345077090&CODE_STATE=getMsg HTTP/1.1" 200 27
116.230.105.139 - - [14/Feb/2023:11:24:33 +0800] "GET /xingrg/check_reg.html?_=1676345077094 HTTP/1.1" 200 22
116.237.79.73 - - [14/Feb/2023:11:24:33 +0800] "POST /xingrg/all/common/load_combo.html?type=base HTTP/1.1" 200 3227
172.20.0.100 - - [14/Feb/2023:11:24:35 +0800] "GET /xingrg/all/function/internal_message.html?_=1676345090798&CODE_STATE=getMsg HTTP/1.1" 200 27
172.20.0.100 - - [14/Feb/2023:11:24:35 +0800] "GET /xingrg/check_reg.html?_=1676345090799 HTTP/1.1" 200 22
221.239.170.112 - - [14/Feb/2023:11:24:36 +0800] "POST /xingrg/dwr/call/plaincall/AjaxQqpsService.saveMaterielItem.dwr HTTP/1.1" 200 79
116.237.79.73 - - [14/Feb/2023:11:24:37 +0800] "POST /xingrg/all/common/load_combo.html?type=base HTTP/1.1" 200 3227
180.165.52.237 - - [14/Feb/2023:11:24:39 +0800] "GET /xingrg/all/function/internal_message.html?_=1676345093848&CODE_STATE=getMsg HTTP/1.1" 200 27
116.238.139.35 - - [14/Feb/2023:11:24:40 +0800] "GET /xingrg/all/function/internal_message.html?_=1676345098600&CODE_STATE=getMsg HTTP/1.1" 200 27
114.83.222.182 - - [14/Feb/2023:11:24:43 +0800] "GET /xingrg/all/function/internal_message.html?_=1676345208119&CODE_STATE=getMsg HTTP/1.1" 200 27
222.67.238.61 - - [14/Feb/2023:11:24:45 +0800] "POST /xingrg/kc/buy/cgsh_order_operate.html HTTP/1.1" 200 37
218.81.220.34 - - [14/Feb/2023:11:24:45 +0800] "GET /xingrg/all/function/internal_message.html?_=1676345107977&CODE_STATE=getMsg HTTP/1.1" 200 27
180.169.147.146 - - [14/Feb/2023:11:24:45 +0800] "GET /xingrg/all/function/internal_message.html?_=1676345101784&CODE_STATE=getMsg HTTP/1.1" 200 27
116.237.79.73 - - [14/Feb/2023:11:24:47 +0800] "GET /xingrg/javascript/auto/indicator.gif HTTP/1.1" 404 1066
116.237.79.73 - - [14/Feb/2023:11:24:49 +0800] "GET /xingrg/kc/base/wldb_order_operate.html?command=get_materiel&rest_code=00106&base_code=0010396&code=00101016094 HTTP/1.1" 200 469
222.67.238.61 - - [14/Feb/2023:11:24:52 +0800] "POST /xingrg/kc/buy/cgsh_order_operate.html HTTP/1.1" 200 12
222.67.238.61 - - [14/Feb/2023:11:24:54 +0800] "GET /xingrg/kc/buy/cgsh_order_info.html?code=212023021404401 HTTP/1.1" 200 64753
222.67.238.61 - - [14/Feb/2023:11:24:55 +0800] "GET /xingrg/javascript/easyui/themes/default/validatebox.css HTTP/1.1" 404 1104
222.67.238.61 - - [14/Feb/2023:11:24:56 +0800] "POST /xingrg/kc/buy/cgsh_order_operate.html HTTP/1.1" 200 4754
116.237.79.73 - - [14/Feb/2023:11:24:56 +0800] "GET /xingrg/kc/base/wldb_order_operate.html?command=get_materiel&rest_code=00106&base_code=0010396&code=00101019306 HTTP/1.1" 200 479
222.67.238.61 - - [14/Feb/2023:11:24:57 +0800] "GET /xingrg/kc/print/load_data.html?order_code=212023021404401&kc_code=cgsh&condition= HTTP/1.1" 200 2304
116.237.79.73 - - [14/Feb/2023:11:25:01 +0800] "GET /xingrg/kc/base/wldb_order_operate.html?command=get_materiel&rest_code=00106&base_code=0010396&code=00101013018 HTTP/1.1" 200 428
221.239.170.112 - - [14/Feb/2023:11:25:01 +0800] "GET /xingrg/all/function/internal_message.html?_=1676345117209&CODE_STATE=getMsg HTTP/1.1" 200 27
116.235.93.82 - - [14/Feb/2023:11:25:05 +0800] "GET /xingrg/check_reg.html?_=1676345118912 HTTP/1.1" 200 22
116.235.93.82 - - [14/Feb/2023:11:25:05 +0800] "GET /xingrg/all/function/internal_message.html?_=1676345118916&CODE_STATE=getMsg HTTP/1.1" 200 27
116.237.79.73 - - [14/Feb/2023:11:25:06 +0800] "GET /xingrg/kc/base/wldb_order_operate.html?command=get_materiel&rest_code=00106&base_code=0010396&code=00101019492 HTTP/1.1" 200 456
124.79.72.155 - - [14/Feb/2023:11:25:11 +0800] "GET /xingrg/all/function/internal_message.html?_=1676345130047&CODE_STATE=getMsg HTTP/1.1" 200 27
116.237.79.73 - - [14/Feb/2023:11:25:13 +0800] "POST /xingrg/kc/base/wldb_order_operate.html HTTP/1.1" 200 37
58.221.95.50 - - [14/Feb/2023:11:25:13 +0800] "GET /xingrg/all/function/internal_message.html?_=1676345129382&CODE_STATE=getMsg HTTP/1.1" 200 27
101.83.145.75 - - [14/Feb/2023:11:25:13 +0800] "GET /xingrg/all/function/internal_message.html?_=1676345131189&CODE_STATE=getMsg HTTP/1.1" 200 27
116.237.79.73 - - [14/Feb/2023:11:25:13 +0800] "POST /xingrg/kc/base/wldb_order_operate.html HTTP/1.1" 200 3681
116.237.79.73 - - [14/Feb/2023:11:25:14 +0800] "GET /xingrg/kc/base/wldb_order_info.html?code=422023021401030 HTTP/1.1" 200 30441
116.237.79.73 - - [14/Feb/2023:11:25:15 +0800] "GET /xingrg/javascript/easyui/themes/default/validatebox.css HTTP/1.1" 404 1104
116.237.79.73 - - [14/Feb/2023:11:25:15 +0800] "POST /xingrg/kc/base/wldb_order_operate.html HTTP/1.1" 200 3681
221.239.170.112 - - [14/Feb/2023:11:25:15 +0800] "POST /xingrg/dwr/call/plaincall/AjaxQqpsService.getMaterielByCode.dwr HTTP/1.1" 200 1610
180.163.28.143 - - [14/Feb/2023:11:25:18 +0800] "GET /xingrg/all/function/internal_message.html?_=1676345072285&CODE_STATE=getMsg HTTP/1.1" 302 -
116.237.79.73 - - [14/Feb/2023:11:25:18 +0800] "GET /xingrg/all/function/internal_message.html?_=1676345132267&CODE_STATE=getMsg HTTP/1.1" 200 27
116.237.79.73 - - [14/Feb/2023:11:25:20 +0800] "GET /xingrg/kc/base/wldb_order_add.html HTTP/1.1" 200 30426
116.237.79.73 - - [14/Feb/2023:11:25:21 +0800] "POST /xingrg/kc/base/wldb_order_operate.html HTTP/1.1" 200 6806
116.237.79.73 - - [14/Feb/2023:11:25:21 +0800] "GET /xingrg/javascript/easyui/themes/default/validatebox.css HTTP/1.1" 404 1104
180.163.28.143 - - [14/Feb/2023:11:25:21 +0800] "GET /xingrg/login.html HTTP/1.1" 200 7641
101.229.22.234 - - [14/Feb/2023:11:25:21 +0800] "GET /xingrg/all/function/internal_message.html?_=1676345137355&CODE_STATE=getMsg HTTP/1.1" 200 27
116.192.124.172 - - [14/Feb/2023:11:25:26 +0800] "GET /xingrg/all/function/internal_message.html?_=1676345141585&CODE_STATE=getMsg HTTP/1.1" 200 27
180.162.114.226 - - [14/Feb/2023:11:25:26 +0800] "GET /xingrg/all/function/internal_message.html?_=1676344085149&CODE_STATE=getMsg HTTP/1.1" 200 27
180.162.114.226 - - [14/Feb/2023:11:25:26 +0800] "GET /xingrg/check_reg.html?_=1676344085152 HTTP/1.1" 200 22
116.237.79.73 - - [14/Feb/2023:11:25:26 +0800] "POST /xingrg/all/common/load_combo.html?type=base HTTP/1.1" 200 3227
116.237.79.73 - - [14/Feb/2023:11:25:30 +0800] "POST /xingrg/all/common/load_combo.html?type=base HTTP/1.1" 200 3227
180.169.147.146 - - [14/Feb/2023:11:25:30 +0800] "GET /xingrg/all/function/internal_message.html?_=1676345140646&CODE_STATE=getMsg HTTP/1.1" 200 27
180.169.147.146 - - [14/Feb/2023:11:25:30 +0800] "GET /xingrg/check_reg.html?_=1676345140866 HTTP/1.1" 200 22
180.163.28.55 - - [14/Feb/2023:11:25:32 +0800] "GET /xingrg/all/common/auto_word.html?type=base&rest_code=00106 HTTP/1.1" 302 -
180.163.28.55 - - [14/Feb/2023:11:25:32 +0800] "GET /xingrg/login.html HTTP/1.1" 200 7641
116.230.105.139 - - [14/Feb/2023:11:25:33 +0800] "GET /xingrg/all/function/internal_message.html?_=1676345137081&CODE_STATE=getMsg HTTP/1.1" 200 27
172.20.0.100 - - [14/Feb/2023:11:25:35 +0800] "GET /xingrg/all/function/internal_message.html?_=1676345150801&CODE_STATE=getMsg HTTP/1.1" 200 27
180.165.52.237 - - [14/Feb/2023:11:25:39 +0800] "GET /xingrg/all/function/internal_message.html?_=1676345153828&CODE_STATE=getMsg HTTP/1.1" 200 27
116.237.79.73 - - [14/Feb/2023:11:25:40 +0800] "GET /xingrg/kc/base/wldb_order_operate.html?command=get_materiel&rest_code=00106&base_code=0010396&code=00101019405 HTTP/1.1" 200 482
116.238.139.35 - - [14/Feb/2023:11:25:40 +0800] "GET /xingrg/all/function/internal_message.html?_=1676345158602&CODE_STATE=getMsg HTTP/1.1" 200 27
116.238.139.35 - - [14/Feb/2023:11:25:40 +0800] "GET /xingrg/check_reg.html?_=1676345158625 HTTP/1.1" 200 22
114.83.222.182 - - [14/Feb/2023:11:25:43 +0800] "GET /xingrg/all/function/internal_message.html?_=1676345268096&CODE_STATE=getMsg HTTP/1.1" 200 27
218.81.220.34 - - [14/Feb/2023:11:25:45 +0800] "GET /xingrg/all/function/internal_message.html?_=1676345167981&CODE_STATE=getMsg HTTP/1.1" 200 27
180.169.147.146 - - [14/Feb/2023:11:25:45 +0800] "GET /xingrg/all/function/internal_message.html?_=1676345161794&CODE_STATE=getMsg HTTP/1.1" 200 27
116.237.79.73 - - [14/Feb/2023:11:25:47 +0800] "GET /xingrg/kc/base/wldb_order_operate.html?command=get_materiel&rest_code=00106&base_code=0010396&code=00101019071 HTTP/1.1" 200 471
180.163.29.206 - - [14/Feb/2023:11:25:49 +0800] "GET /xingrg/kc/base/wldb_order_operate.html?command=get_materiel&rest_code=00106&base_code=0010396&code=00101016094 HTTP/1.1" 302 -
180.163.29.206 - - [14/Feb/2023:11:25:49 +0800] "GET /xingrg/login.html HTTP/1.1" 200 7641
221.239.170.112 - - [14/Feb/2023:11:25:50 +0800] "POST /xingrg/dwr/call/plaincall/AjaxQqpsService.saveMaterielItem.dwr HTTP/1.1" 200 79
116.237.79.73 - - [14/Feb/2023:11:25:51 +0800] "GET /xingrg/kc/base/wldb_order_operate.html?command=get_materiel&rest_code=00106&base_code=0010396&code=00101019184 HTTP/1.1" 200 457
116.237.79.73 - - [14/Feb/2023:11:25:58 +0800] "GET /xingrg/kc/base/wldb_order_operate.html?command=get_materiel&rest_code=00106&base_code=0010396&code=00101019400 HTTP/1.1" 200 463
221.239.170.112 - - [14/Feb/2023:11:26:01 +0800] "GET /xingrg/all/function/internal_message.html?_=1676345177188&CODE_STATE=getMsg HTTP/1.1" 200 27
116.235.93.82 - - [14/Feb/2023:11:26:05 +0800] "GET /xingrg/all/function/internal_message.html?_=1676345178924&CODE_STATE=getMsg HTTP/1.1" 200 27
116.237.79.73 - - [14/Feb/2023:11:26:07 +0800] "GET /xingrg/kc/base/wldb_order_operate.html?command=get_materiel&rest_code=00106&base_code=0010396&code=00101016029 HTTP/1.1" 200 462
124.79.72.155 - - [14/Feb/2023:11:26:11 +0800] "GET /xingrg/all/function/internal_message.html?_=1676345190049&CODE_STATE=getMsg HTTP/1.1" 200 27
58.221.95.50 - - [14/Feb/2023:11:26:13 +0800] "GET /xingrg/all/function/internal_message.html?_=1676345189380&CODE_STATE=getMsg HTTP/1.1" 200 27
101.83.145.75 - - [14/Feb/2023:11:26:13 +0800] "GET /xingrg/all/function/internal_message.html?_=1676345191129&CODE_STATE=getMsg HTTP/1.1" 200 27
180.157.253.110 - - [14/Feb/2023:11:26:14 +0800] "POST /xingrg/services/DataTransmitService HTTP/1.1" 200 524
180.163.29.219 - - [14/Feb/2023:11:26:14 +0800] "GET /xingrg/kc/base/wldb_order_info.html?code=422023021401030 HTTP/1.1" 302 -
180.163.29.219 - - [14/Feb/2023:11:26:14 +0800] "GET /xingrg/login.html HTTP/1.1" 200 7641
116.237.79.73 - - [14/Feb/2023:11:26:17 +0800] "GET /xingrg/kc/base/wldb_order_operate.html?command=get_materiel&rest_code=00106&base_code=0010396&code=00101027001 HTTP/1.1" 200 472
116.237.79.73 - - [14/Feb/2023:11:26:18 +0800] "GET /xingrg/all/function/internal_message.html?_=1676345192277&CODE_STATE=getMsg HTTP/1.1" 200 27
101.229.22.234 - - [14/Feb/2023:11:26:20 +0800] "GET /xingrg/check_reg.html?_=1676345196559 HTTP/1.1" 200 22
101.229.22.234 - - [14/Feb/2023:11:26:21 +0800] "GET /xingrg/all/function/internal_message.html?_=1676345197325&CODE_STATE=getMsg HTTP/1.1" 200 27
116.192.124.172 - - [14/Feb/2023:11:26:26 +0800] "GET /xingrg/all/function/internal_message.html?_=1676345201572&CODE_STATE=getMsg HTTP/1.1" 200 27
180.162.114.226 - - [14/Feb/2023:11:26:26 +0800] "GET /xingrg/all/function/internal_message.html?_=1676344145150&CODE_STATE=getMsg HTTP/1.1" 200 27
116.237.79.73 - - [14/Feb/2023:11:26:30 +0800] "POST /xingrg/all/common/load_select.html HTTP/1.1" 200 25
180.169.147.146 - - [14/Feb/2023:11:26:30 +0800] "GET /xingrg/all/function/internal_message.html?_=1676345200616&CODE_STATE=getMsg HTTP/1.1" 200 27
116.230.105.139 - - [14/Feb/2023:11:26:33 +0800] "GET /xingrg/all/function/internal_message.html?_=1676345197083&CODE_STATE=getMsg HTTP/1.1" 200 27
116.237.79.73 - - [14/Feb/2023:11:26:33 +0800] "GET /xingrg/kc/base/wldb_order_operate.html?command=get_materiel_price&rest_code=00106&base_code=0010396&code=00101027001&unit_code=00100157 HTTP/1.1" 200 37
114.83.222.182 - - [14/Feb/2023:11:26:34 +0800] "GET /xingrg/check_reg.html?_=1676345319408 HTTP/1.1" 200 22
172.20.0.100 - - [14/Feb/2023:11:26:35 +0800] "GET /xingrg/all/function/internal_message.html?_=1676345210803&CODE_STATE=getMsg HTTP/1.1" 200 27
221.239.170.112 - - [14/Feb/2023:11:26:39 +0800] "POST /xingrg/dwr/call/plaincall/AjaxQqpsService.getMaterielByCode.dwr HTTP/1.1" 200 1609
180.165.52.237 - - [14/Feb/2023:11:26:39 +0800] "GET /xingrg/all/function/internal_message.html?_=1676345213847&CODE_STATE=getMsg HTTP/1.1" 200 27
180.165.52.237 - - [14/Feb/2023:11:26:39 +0800] "GET /xingrg/check_reg.html?_=1676345213851 HTTP/1.1" 200 22
116.238.139.35 - - [14/Feb/2023:11:26:40 +0800] "GET /xingrg/all/function/internal_message.html?_=1676345218625&CODE_STATE=getMsg HTTP/1.1" 200 27
218.81.220.34 - - [14/Feb/2023:11:26:43 +0800] "GET /xingrg/check_reg.html?_=1676345225550 HTTP/1.1" 200 22
114.83.222.182 - - [14/Feb/2023:11:26:43 +0800] "GET /xingrg/all/function/internal_message.html?_=1676345328072&CODE_STATE=getMsg HTTP/1.1" 200 27
218.81.220.34 - - [14/Feb/2023:11:26:45 +0800] "GET /xingrg/all/function/internal_message.html?_=1676345227994&CODE_STATE=getMsg HTTP/1.1" 200 27
180.169.147.146 - - [14/Feb/2023:11:26:45 +0800] "GET /xingrg/all/function/internal_message.html?_=1676345221795&CODE_STATE=getMsg HTTP/1.1" 200 27
221.239.170.112 - - [14/Feb/2023:11:27:01 +0800] "GET /xingrg/all/function/internal_message.html?_=1676345237174&CODE_STATE=getMsg HTTP/1.1" 200 27
116.237.79.73 - - [14/Feb/2023:11:27:02 +0800] "POST /xingrg/kc/base/wldb_order_operate.html HTTP/1.1" 200 37
116.237.79.73 - - [14/Feb/2023:11:27:03 +0800] "POST /xingrg/kc/base/wldb_order_operate.html HTTP/1.1" 200 5220
116.237.79.73 - - [14/Feb/2023:11:27:03 +0800] "GET /xingrg/kc/base/wldb_order_info.html?code=422023021401031 HTTP/1.1" 200 30441
116.237.79.73 - - [14/Feb/2023:11:27:04 +0800] "GET /xingrg/javascript/easyui/themes/default/validatebox.css HTTP/1.1" 404 1104
116.237.79.73 - - [14/Feb/2023:11:27:04 +0800] "POST /xingrg/kc/base/wldb_order_operate.html HTTP/1.1" 200 5220
116.235.93.82 - - [14/Feb/2023:11:27:05 +0800] "GET /xingrg/all/function/internal_message.html?_=1676345238925&CODE_STATE=getMsg HTTP/1.1" 200 27
124.79.72.155 - - [14/Feb/2023:11:27:11 +0800] "GET /xingrg/all/function/internal_message.html?_=1676345250051&CODE_STATE=getMsg HTTP/1.1" 200 27
124.79.72.155 - - [14/Feb/2023:11:27:11 +0800] "GET /xingrg/check_reg.html?_=1676345250052 HTTP/1.1" 200 22
58.221.95.50 - - [14/Feb/2023:11:27:13 +0800] "GET /xingrg/all/function/internal_message.html?_=1676345249386&CODE_STATE=getMsg HTTP/1.1" 200 27
101.83.145.75 - - [14/Feb/2023:11:27:13 +0800] "GET /xingrg/all/function/internal_message.html?_=1676345251100&CODE_STATE=getMsg HTTP/1.1" 200 27
180.163.29.103 - - [14/Feb/2023:11:27:17 +0800] "GET /xingrg/kc/base/wldb_order_operate.html?command=get_materiel&rest_code=00106&base_code=0010396&code=00101027001 HTTP/1.1" 302 -
116.237.79.73 - - [14/Feb/2023:11:27:18 +0800] "GET /xingrg/all/function/internal_message.html?_=1676345252274&CODE_STATE=getMsg HTTP/1.1" 200 27
180.163.29.103 - - [14/Feb/2023:11:27:20 +0800] "GET /xingrg/login.html HTTP/1.1" 200 7641
101.229.22.234 - - [14/Feb/2023:11:27:21 +0800] "GET /xingrg/all/function/internal_message.html?_=1676345257310&CODE_STATE=getMsg HTTP/1.1" 200 27
116.192.124.172 - - [14/Feb/2023:11:27:26 +0800] "GET /xingrg/all/function/internal_message.html?_=1676345261590&CODE_STATE=getMsg HTTP/1.1" 200 27
180.162.114.226 - - [14/Feb/2023:11:27:26 +0800] "GET /xingrg/all/function/internal_message.html?_=1676344205149&CODE_STATE=getMsg HTTP/1.1" 200 27
221.239.170.112 - - [14/Feb/2023:11:27:28 +0800] "POST /xingrg/dwr/call/plaincall/AjaxQqpsService.saveMaterielItem.dwr HTTP/1.1" 200 79
180.169.147.146 - - [14/Feb/2023:11:27:30 +0800] "GET /xingrg/all/function/internal_message.html?_=1676345260599&CODE_STATE=getMsg HTTP/1.1" 200 27
116.230.105.139 - - [14/Feb/2023:11:27:33 +0800] "GET /xingrg/all/function/internal_message.html?_=1676345257080&CODE_STATE=getMsg HTTP/1.1" 200 27
172.20.0.100 - - [14/Feb/2023:11:27:35 +0800] "GET /xingrg/all/function/internal_message.html?_=1676345270805&CODE_STATE=getMsg HTTP/1.1" 200 27
180.165.52.237 - - [14/Feb/2023:11:27:39 +0800] "GET /xingrg/all/function/internal_message.html?_=1676345273823&CODE_STATE=getMsg HTTP/1.1" 200 27
116.238.139.35 - - [14/Feb/2023:11:27:40 +0800] "GET /xingrg/all/function/internal_message.html?_=1676345278627&CODE_STATE=getMsg HTTP/1.1" 200 27
114.83.222.182 - - [14/Feb/2023:11:27:43 +0800] "GET /xingrg/all/function/internal_message.html?_=1676345388064&CODE_STATE=getMsg HTTP/1.1" 200 27
218.81.220.34 - - [14/Feb/2023:11:27:45 +0800] "GET /xingrg/all/function/internal_message.html?_=1676345288008&CODE_STATE=getMsg HTTP/1.1" 200 27
222.67.238.61 - - [14/Feb/2023:11:27:45 +0800] "GET /xingrg/check_reg.html?_=1676344846710 HTTP/1.1" 200 22
180.169.147.146 - - [14/Feb/2023:11:27:45 +0800] "GET /xingrg/all/function/internal_message.html?_=1676345281789&CODE_STATE=getMsg HTTP/1.1" 200 27
180.169.147.146 - - [14/Feb/2023:11:27:46 +0800] "GET /xingrg/check_reg.html?_=1676345281947 HTTP/1.1" 200 22
221.239.170.112 - - [14/Feb/2023:11:28:01 +0800] "GET /xingrg/all/function/internal_message.html?_=1676345297148&CODE_STATE=getMsg HTTP/1.1" 200 27
116.235.93.82 - - [14/Feb/2023:11:28:05 +0800] "GET /xingrg/all/function/internal_message.html?_=1676345298925&CODE_STATE=getMsg HTTP/1.1" 200 27
124.79.72.155 - - [14/Feb/2023:11:28:11 +0800] "GET /xingrg/all/function/internal_message.html?_=1676345310053&CODE_STATE=getMsg HTTP/1.1" 200 27
58.221.95.50 - - [14/Feb/2023:11:28:13 +0800] "GET /xingrg/all/function/internal_message.html?_=1676345309374&CODE_STATE=getMsg HTTP/1.1" 200 27
58.221.95.50 - - [14/Feb/2023:11:28:13 +0800] "GET /xingrg/check_reg.html?_=1676345309379 HTTP/1.1" 200 22
101.83.145.75 - - [14/Feb/2023:11:28:13 +0800] "GET /xingrg/all/function/internal_message.html?_=1676345311080&CODE_STATE=getMsg HTTP/1.1" 200 27
101.83.145.75 - - [14/Feb/2023:11:28:15 +0800] "GET /xingrg/check_reg.html?_=1676345313060 HTTP/1.1" 200 22
221.239.170.112 - - [14/Feb/2023:11:28:16 +0800] "GET /xingrg/check_reg.html?_=1676345312710 HTTP/1.1" 200 22
180.163.28.55 - - [14/Feb/2023:11:28:18 +0800] "GET /xingrg/all/function/internal_message.html?_=1676345252274&CODE_STATE=getMsg HTTP/1.1" 302 -
180.163.28.55 - - [14/Feb/2023:11:28:18 +0800] "GET /xingrg/login.html HTTP/1.1" 200 7641
116.237.79.73 - - [14/Feb/2023:11:28:18 +0800] "GET /xingrg/check_reg.html?_=1676345312281 HTTP/1.1" 200 22
116.237.79.73 - - [14/Feb/2023:11:28:18 +0800] "GET /xingrg/all/function/internal_message.html?_=1676345312277&CODE_STATE=getMsg HTTP/1.1" 200 27
101.229.22.234 - - [14/Feb/2023:11:28:21 +0800] "GET /xingrg/all/function/internal_message.html?_=1676345317320&CODE_STATE=getMsg HTTP/1.1" 200 27
116.192.124.172 - - [14/Feb/2023:11:28:26 +0800] "GET /xingrg/check_reg.html?_=1676345321588 HTTP/1.1" 200 22
116.192.124.172 - - [14/Feb/2023:11:28:26 +0800] "GET /xingrg/all/function/internal_message.html?_=1676345321590&CODE_STATE=getMsg HTTP/1.1" 200 27
180.162.114.226 - - [14/Feb/2023:11:28:26 +0800] "GET /xingrg/all/function/internal_message.html?_=1676344265134&CODE_STATE=getMsg HTTP/1.1" 200 27
180.169.147.146 - - [14/Feb/2023:11:28:30 +0800] "GET /xingrg/all/function/internal_message.html?_=1676345320583&CODE_STATE=getMsg HTTP/1.1" 200 27
218.81.220.34 - - [14/Feb/2023:11:28:33 +0800] "POST /xingrg/services/DataTransmitService HTTP/1.1" 200 524
116.230.105.139 - - [14/Feb/2023:11:28:33 +0800] "GET /xingrg/all/function/internal_message.html?_=1676345317095&CODE_STATE=getMsg HTTP/1.1" 200 27
218.81.220.34 - - [14/Feb/2023:11:28:34 +0800] "POST /xingrg/services/DataTransmitService HTTP/1.1" 200 2339
172.20.0.100 - - [14/Feb/2023:11:28:35 +0800] "GET /xingrg/all/function/internal_message.html?_=1676345330806&CODE_STATE=getMsg HTTP/1.1" 200 27
218.81.220.34 - - [14/Feb/2023:11:28:35 +0800] "POST /xingrg/services/DataTransmitService HTTP/1.1" 200 190471
180.165.52.237 - - [14/Feb/2023:11:28:39 +0800] "GET /xingrg/all/function/internal_message.html?_=1676345333835&CODE_STATE=getMsg HTTP/1.1" 200 27
116.238.139.35 - - [14/Feb/2023:11:28:40 +0800] "GET /xingrg/all/function/internal_message.html?_=1676345338630&CODE_STATE=getMsg HTTP/1.1" 200 27
114.83.222.182 - - [14/Feb/2023:11:28:43 +0800] "GET /xingrg/all/function/internal_message.html?_=1676345448040&CODE_STATE=getMsg HTTP/1.1" 200 27
221.239.170.112 - - [14/Feb/2023:11:28:44 +0800] "POST /xingrg/dwr/call/plaincall/AjaxQqpsService.getMaterielByCode.dwr HTTP/1.1" 200 1646
218.81.220.34 - - [14/Feb/2023:11:28:45 +0800] "GET /xingrg/all/function/internal_message.html?_=1676345348021&CODE_STATE=getMsg HTTP/1.1" 200 27
180.169.147.146 - - [14/Feb/2023:11:28:45 +0800] "GET /xingrg/all/function/internal_message.html?_=1676345341787&CODE_STATE=getMsg HTTP/1.1" 200 27
120.253.135.82 - - [14/Feb/2023:11:28:46 +0800] "GET /xingrg/check_reg.html?_=1676345162552 HTTP/1.1" 200 22
221.239.170.112 - - [14/Feb/2023:11:29:01 +0800] "GET /xingrg/all/function/internal_message.html?_=1676345357127&CODE_STATE=getMsg HTTP/1.1" 200 27
116.235.93.82 - - [14/Feb/2023:11:29:05 +0800] "GET /xingrg/all/function/internal_message.html?_=1676345358927&CODE_STATE=getMsg HTTP/1.1" 200 27
124.79.72.155 - - [14/Feb/2023:11:29:11 +0800] "GET /xingrg/all/function/internal_message.html?_=1676345370055&CODE_STATE=getMsg HTTP/1.1" 200 27
58.221.95.50 - - [14/Feb/2023:11:29:13 +0800] "GET /xingrg/all/function/internal_message.html?_=1676345369368&CODE_STATE=getMsg HTTP/1.1" 200 27
101.83.145.75 - - [14/Feb/2023:11:29:13 +0800] "GET /xingrg/all/function/internal_message.html?_=1676345371059&CODE_STATE=getMsg HTTP/1.1" 200 27
180.163.29.206 - - [14/Feb/2023:11:29:18 +0800] "GET /xingrg/check_reg.html?_=1676345312281 HTTP/1.1" 302 -
116.237.79.73 - - [14/Feb/2023:11:29:18 +0800] "GET /xingrg/all/function/internal_message.html?_=1676345372268&CODE_STATE=getMsg HTTP/1.1" 200 27
180.163.29.206 - - [14/Feb/2023:11:29:18 +0800] "GET /xingrg/login.html HTTP/1.1" 200 7641
101.229.22.234 - - [14/Feb/2023:11:29:21 +0800] "GET /xingrg/all/function/internal_message.html?_=1676345377303&CODE_STATE=getMsg HTTP/1.1" 200 27
180.162.114.226 - - [14/Feb/2023:11:29:23 +0800] "GET /xingrg/javascript/jquery_easy_ui/themes/default/images/tabs_active.png HTTP/1.1" 304 -
116.192.124.172 - - [14/Feb/2023:11:29:26 +0800] "GET /xingrg/all/function/internal_message.html?_=1676345381583&CODE_STATE=getMsg HTTP/1.1" 200 27
180.162.114.226 - - [14/Feb/2023:11:29:26 +0800] "POST /xingrg/kc/mdqp/pssh_list_operate.html HTTP/1.1" 200 814
180.162.114.226 - - [14/Feb/2023:11:29:26 +0800] "GET /xingrg/all/function/internal_message.html?_=1676344325150&CODE_STATE=getMsg HTTP/1.1" 200 27
180.162.114.226 - - [14/Feb/2023:11:29:30 +0800] "GET /xingrg/css/new_ie.css HTTP/1.1" 404 1036
180.162.114.226 - - [14/Feb/2023:11:29:30 +0800] "GET /xingrg/kc/buy/buy_main.html HTTP/1.1" 200 12412
180.162.114.226 - - [14/Feb/2023:11:29:30 +0800] "GET /xingrg/images/blue/button/cgydd.gif HTTP/1.1" 304 -
180.162.114.226 - - [14/Feb/2023:11:29:30 +0800] "GET /xingrg/images/blue/button/cgshd.gif HTTP/1.1" 304 -
180.162.114.226 - - [14/Feb/2023:11:29:30 +0800] "GET /xingrg/images/blue/button/cgfkd.gif HTTP/1.1" 304 -
180.162.114.226 - - [14/Feb/2023:11:29:30 +0800] "GET /xingrg/images/blue/button/kc.gif HTTP/1.1" 304 -
180.162.114.226 - - [14/Feb/2023:11:29:30 +0800] "GET /xingrg/images/blue/button/ckthd.gif HTTP/1.1" 304 -
180.169.147.146 - - [14/Feb/2023:11:29:30 +0800] "GET /xingrg/all/function/internal_message.html?_=1676345380567&CODE_STATE=getMsg HTTP/1.1" 200 27
180.162.114.226 - - [14/Feb/2023:11:29:30 +0800] "GET /xingrg/images/yd/bt.gif HTTP/1.1" 404 1040
180.162.114.226 - - [14/Feb/2023:11:29:32 +0800] "GET /xingrg/kc/buy/cgsh_order_list.html HTTP/1.1" 200 54063
180.162.114.226 - - [14/Feb/2023:11:29:32 +0800] "GET /xingrg/javascript/easyui/themes/icons/edit_add_new.png HTTP/1.1" 304 -
180.162.114.226 - - [14/Feb/2023:11:29:32 +0800] "GET /xingrg/javascript/easyui/themes/icons/import_new.png HTTP/1.1" 304 -
116.230.105.139 - - [14/Feb/2023:11:29:33 +0800] "GET /xingrg/check_reg.html?_=1676345377096 HTTP/1.1" 200 22
116.230.105.139 - - [14/Feb/2023:11:29:33 +0800] "GET /xingrg/all/function/internal_message.html?_=1676345377100&CODE_STATE=getMsg HTTP/1.1" 200 27
180.162.114.226 - - [14/Feb/2023:11:29:34 +0800] "POST /xingrg/kc/buy/cgsh_list_operate.html HTTP/1.1" 200 986
172.20.0.100 - - [14/Feb/2023:11:29:35 +0800] "GET /xingrg/check_reg.html?_=1676345390792 HTTP/1.1" 200 22
172.20.0.100 - - [14/Feb/2023:11:29:35 +0800] "GET /xingrg/all/function/internal_message.html?_=1676345390793&CODE_STATE=getMsg HTTP/1.1" 200 27
180.165.52.237 - - [14/Feb/2023:11:29:39 +0800] "GET /xingrg/all/function/internal_message.html?_=1676345393836&CODE_STATE=getMsg HTTP/1.1" 200 27
180.162.114.226 - - [14/Feb/2023:11:29:39 +0800] "GET /xingrg/kc/buy/cgsh_order_add.html HTTP/1.1" 200 68919
180.162.114.226 - - [14/Feb/2023:11:29:40 +0800] "GET /xingrg/javascript/easyui/themes/icons/template_new.png HTTP/1.1" 304 -
180.162.114.226 - - [14/Feb/2023:11:29:40 +0800] "GET /xingrg/javascript/easyui/themes/icons/cancel.png HTTP/1.1" 304 -
180.162.114.226 - - [14/Feb/2023:11:29:40 +0800] "GET /xingrg/javascript/easyui/themes/icons/copy_new.png HTTP/1.1" 304 -
180.162.114.226 - - [14/Feb/2023:11:29:40 +0800] "POST /xingrg/kc/buy/cgsh_order_operate.html HTTP/1.1" 200 8245
180.162.114.226 - - [14/Feb/2023:11:29:40 +0800] "GET /xingrg/javascript/easyui/themes/default/validatebox.css HTTP/1.1" 404 1104
180.162.114.226 - - [14/Feb/2023:11:29:40 +0800] "GET /xingrg/javascript/easyui/themes/icons/edit_remove.png HTTP/1.1" 304 -
116.238.139.35 - - [14/Feb/2023:11:29:40 +0800] "GET /xingrg/all/function/internal_message.html?_=1676345398632&CODE_STATE=getMsg HTTP/1.1" 200 27
180.162.114.226 - - [14/Feb/2023:11:29:42 +0800] "GET /xingrg/javascript/easyui/plugins/jquery.draggable.js HTTP/1.1" 304 -
180.162.114.226 - - [14/Feb/2023:11:29:42 +0800] "GET /xingrg/javascript/easyui/plugins/jquery.droppable.js HTTP/1.1" 304 -
180.162.114.226 - - [14/Feb/2023:11:29:42 +0800] "GET /xingrg/javascript/easyui/themes/default/tree.css HTTP/1.1" 404 1090
180.162.114.226 - - [14/Feb/2023:11:29:42 +0800] "GET /xingrg/javascript/easyui/plugins/jquery.tree.js HTTP/1.1" 304 -
180.162.114.226 - - [14/Feb/2023:11:29:43 +0800] "POST /xingrg/all/common/load_tree.html?tree=supplier_tree_json&isDelete=1 HTTP/1.1" 200 70748
114.83.222.182 - - [14/Feb/2023:11:29:43 +0800] "GET /xingrg/all/function/internal_message.html?_=1676345508024&CODE_STATE=getMsg HTTP/1.1" 200 27
180.162.114.226 - - [14/Feb/2023:11:29:44 +0800] "GET /xingrg/javascript/easyui/themes/default/images/tree_arrows.gif HTTP/1.1" 304 -
180.162.114.226 - - [14/Feb/2023:11:29:44 +0800] "GET /xingrg/javascript/easyui/themes/default/images/tree_folder_open.gif HTTP/1.1" 304 -
180.162.114.226 - - [14/Feb/2023:11:29:44 +0800] "GET /xingrg/javascript/easyui/themes/default/images/tree_folder.gif HTTP/1.1" 304 -
180.162.114.226 - - [14/Feb/2023:11:29:44 +0800] "GET /xingrg/javascript/easyui/themes/default/images/tree_file.gif HTTP/1.1" 304 -
218.81.220.34 - - [14/Feb/2023:11:29:45 +0800] "GET /xingrg/all/function/internal_message.html?_=1676345408137&CODE_STATE=getMsg HTTP/1.1" 200 27
180.169.147.146 - - [14/Feb/2023:11:29:45 +0800] "GET /xingrg/all/function/internal_message.html?_=1676345401806&CODE_STATE=getMsg HTTP/1.1" 200 27
221.239.170.112 - - [14/Feb/2023:11:29:47 +0800] "POST /xingrg/dwr/call/plaincall/AjaxQqpsService.saveMaterielItem.dwr HTTP/1.1" 200 79
180.162.114.226 - - [14/Feb/2023:11:29:54 +0800] "GET /xingrg/javascript/jquery_tools/images/prev.gif HTTP/1.1" 404 1086
180.162.114.226 - - [14/Feb/2023:11:29:54 +0800] "GET /xingrg/javascript/jquery_tools/images/next.gif HTTP/1.1" 404 1086
221.239.170.112 - - [14/Feb/2023:11:29:58 +0800] "POST /xingrg/dwr/call/plaincall/AjaxQqpsService.getMaterielByCode.dwr HTTP/1.1" 200 1645
221.239.170.112 - - [14/Feb/2023:11:30:01 +0800] "GET /xingrg/all/function/internal_message.html?_=1676345417110&CODE_STATE=getMsg HTTP/1.1" 200 27
116.235.93.82 - - [14/Feb/2023:11:30:05 +0800] "GET /xingrg/check_reg.html?_=1676345418928 HTTP/1.1" 200 22
116.235.93.82 - - [14/Feb/2023:11:30:05 +0800] "GET /xingrg/all/function/internal_message.html?_=1676345418933&CODE_STATE=getMsg HTTP/1.1" 200 27
124.79.72.155 - - [14/Feb/2023:11:30:11 +0800] "GET /xingrg/all/function/internal_message.html?_=1676345430057&CODE_STATE=getMsg HTTP/1.1" 200 27
58.221.95.50 - - [14/Feb/2023:11:30:13 +0800] "GET /xingrg/all/function/internal_message.html?_=1676345429377&CODE_STATE=getMsg HTTP/1.1" 200 27
101.83.145.75 - - [14/Feb/2023:11:30:13 +0800] "GET /xingrg/all/function/internal_message.html?_=1676345431037&CODE_STATE=getMsg HTTP/1.1" 200 27
116.237.79.73 - - [14/Feb/2023:11:30:18 +0800] "GET /xingrg/all/function/internal_message.html?_=1676345432277&CODE_STATE=getMsg HTTP/1.1" 200 27
180.163.29.219 - - [14/Feb/2023:11:30:18 +0800] "GET /xingrg/all/function/internal_message.html?_=1676345372268&CODE_STATE=getMsg HTTP/1.1" 302 -
180.163.29.219 - - [14/Feb/2023:11:30:18 +0800] "GET /xingrg/login.html HTTP/1.1" 200 7641
116.238.139.35 - - [14/Feb/2023:11:30:20 +0800] "GET /xingrg/kc/buy/cgsh_order_list.html HTTP/1.1" 200 54061
180.162.114.226 - - [14/Feb/2023:11:30:20 +0800] "GET /xingrg/javascript/auto/indicator.gif HTTP/1.1" 404 1066
101.229.22.234 - - [14/Feb/2023:11:30:21 +0800] "GET /xingrg/all/function/internal_message.html?_=1676345437289&CODE_STATE=getMsg HTTP/1.1" 200 27
116.238.139.35 - - [14/Feb/2023:11:30:22 +0800] "POST /xingrg/kc/buy/cgsh_list_operate.html HTTP/1.1" 200 986
116.238.139.35 - - [14/Feb/2023:11:30:24 +0800] "GET /xingrg/kc/buy/cgsh_order_add.html HTTP/1.1" 200 69436
116.238.139.35 - - [14/Feb/2023:11:30:24 +0800] "POST /xingrg/kc/buy/cgsh_order_operate.html HTTP/1.1" 200 8245
116.238.139.35 - - [14/Feb/2023:11:30:24 +0800] "GET /xingrg/javascript/easyui/themes/default/validatebox.css HTTP/1.1" 404 1104
116.238.139.35 - - [14/Feb/2023:11:30:25 +0800] "GET /xingrg/javascript/auto/indicator.gif HTTP/1.1" 404 1066
180.162.114.226 - - [14/Feb/2023:11:30:25 +0800] "GET /xingrg/kc/buy/cgsh_order_operate.html?command=get_materiel&rest_code=00143&code=00101020123&supplier_code=00100207&order_time=2023-02-10 HTTP/1.1" 200 419
116.192.124.172 - - [14/Feb/2023:11:30:26 +0800] "GET /xingrg/all/function/internal_message.html?_=1676345441599&CODE_STATE=getMsg HTTP/1.1" 200 27
180.162.114.226 - - [14/Feb/2023:11:30:26 +0800] "GET /xingrg/all/function/internal_message.html?_=1676344385132&CODE_STATE=getMsg HTTP/1.1" 200 27
180.162.114.226 - - [14/Feb/2023:11:30:26 +0800] "GET /xingrg/check_reg.html?_=1676344385135 HTTP/1.1" 200 22
180.162.114.226 - - [14/Feb/2023:11:30:28 +0800] "POST /xingrg/all/common/load_select.html HTTP/1.1" 200 12
180.169.147.146 - - [14/Feb/2023:11:30:30 +0800] "GET /xingrg/all/function/internal_message.html?_=1676345440551&CODE_STATE=getMsg HTTP/1.1" 200 27
180.169.147.146 - - [14/Feb/2023:11:30:30 +0800] "GET /xingrg/check_reg.html?_=1676345440849 HTTP/1.1" 200 22
180.162.114.226 - - [14/Feb/2023:11:30:33 +0800] "GET /xingrg/kc/buy/cgsh_order_operate.html?command=get_materiel_price&rest_code=00143&code=00101020123&unit_code=00100016&supplier_code=00100207&order_time=2023-02-10 HTTP/1.1" 200 30
116.238.139.35 - - [14/Feb/2023:11:30:33 +0800] "GET /xingrg/kc/buy/cgsh_order_operate.html?command=get_materiel&rest_code=00151&code=00101011005&supplier_code=00100047&order_time=2023-02-14 HTTP/1.1" 200 408
116.230.105.139 - - [14/Feb/2023:11:30:33 +0800] "GET /xingrg/all/function/internal_message.html?_=1676345437082&CODE_STATE=getMsg HTTP/1.1" 200 27
172.20.0.100 - - [14/Feb/2023:11:30:35 +0800] "GET /xingrg/all/function/internal_message.html?_=1676345450794&CODE_STATE=getMsg HTTP/1.1" 200 27
180.165.52.237 - - [14/Feb/2023:11:30:39 +0800] "GET /xingrg/all/function/internal_message.html?_=1676345453833&CODE_STATE=getMsg HTTP/1.1" 200 27
114.83.222.182 - - [14/Feb/2023:11:30:43 +0800] "GET /xingrg/all/function/internal_message.html?_=1676345568008&CODE_STATE=getMsg HTTP/1.1" 200 27
221.239.170.112 - - [14/Feb/2023:11:30:43 +0800] "POST /xingrg/dwr/call/plaincall/AjaxQqpsService.saveMaterielItem.dwr HTTP/1.1" 200 79
116.238.139.35 - - [14/Feb/2023:11:30:45 +0800] "POST /xingrg/kc/buy/cgsh_order_operate.html HTTP/1.1" 200 37
218.81.220.34 - - [14/Feb/2023:11:30:45 +0800] "GET /xingrg/all/function/internal_message.html?_=1676345468142&CODE_STATE=getMsg HTTP/1.1" 200 27
180.169.147.146 - - [14/Feb/2023:11:30:45 +0800] "GET /xingrg/all/function/internal_message.html?_=1676345461796&CODE_STATE=getMsg HTTP/1.1" 200 27
116.238.139.35 - - [14/Feb/2023:11:30:52 +0800] "POST /xingrg/kc/buy/cgsh_order_operate.html HTTP/1.1" 200 12
116.238.139.35 - - [14/Feb/2023:11:30:54 +0800] "GET /xingrg/kc/buy/cgsh_order_info.html?code=212023021404402 HTTP/1.1" 200 64339
116.238.139.35 - - [14/Feb/2023:11:30:55 +0800] "GET /xingrg/javascript/easyui/themes/default/validatebox.css HTTP/1.1" 404 1104
116.238.139.35 - - [14/Feb/2023:11:30:56 +0800] "POST /xingrg/kc/buy/cgsh_order_operate.html HTTP/1.1" 200 613
116.238.139.35 - - [14/Feb/2023:11:30:58 +0800] "GET /xingrg/kc/print/load_data.html?order_code=212023021404402&kc_code=cgsh&condition= HTTP/1.1" 200 763
221.239.170.112 - - [14/Feb/2023:11:31:01 +0800] "GET /xingrg/all/function/internal_message.html?_=1676345477089&CODE_STATE=getMsg HTTP/1.1" 200 27
116.235.93.82 - - [14/Feb/2023:11:31:05 +0800] "GET /xingrg/all/function/internal_message.html?_=1676345478920&CODE_STATE=getMsg HTTP/1.1" 200 27
124.79.72.155 - - [14/Feb/2023:11:31:11 +0800] "GET /xingrg/all/function/internal_message.html?_=1676345490060&CODE_STATE=getMsg HTTP/1.1" 200 27
58.221.95.50 - - [14/Feb/2023:11:31:13 +0800] "GET /xingrg/all/function/internal_message.html?_=1676345489376&CODE_STATE=getMsg HTTP/1.1" 200 27
101.83.145.75 - - [14/Feb/2023:11:31:13 +0800] "GET /xingrg/all/function/internal_message.html?_=1676345491018&CODE_STATE=getMsg HTTP/1.1" 200 27
180.163.29.103 - - [14/Feb/2023:11:31:18 +0800] "GET /xingrg/all/function/internal_message.html?_=1676345432277&CODE_STATE=getMsg HTTP/1.1" 302 -
180.163.29.103 - - [14/Feb/2023:11:31:18 +0800] "GET /xingrg/login.html HTTP/1.1" 200 7641
116.237.79.73 - - [14/Feb/2023:11:31:18 +0800] "GET /xingrg/all/function/internal_message.html?_=1676345492270&CODE_STATE=getMsg HTTP/1.1" 200 27
101.229.22.234 - - [14/Feb/2023:11:31:20 +0800] "GET /xingrg/check_reg.html?_=1676345496588 HTTP/1.1" 200 22
101.229.22.234 - - [14/Feb/2023:11:31:21 +0800] "GET /xingrg/all/function/internal_message.html?_=1676345497260&CODE_STATE=getMsg HTTP/1.1" 200 27
116.192.124.172 - - [14/Feb/2023:11:31:26 +0800] "GET /xingrg/all/function/internal_message.html?_=1676345501591&CODE_STATE=getMsg HTTP/1.1" 200 27
180.162.114.226 - - [14/Feb/2023:11:31:26 +0800] "GET /xingrg/all/function/internal_message.html?_=1676344445140&CODE_STATE=getMsg HTTP/1.1" 200 27
180.169.147.146 - - [14/Feb/2023:11:31:30 +0800] "GET /xingrg/all/function/internal_message.html?_=1676345500536&CODE_STATE=getMsg HTTP/1.1" 200 27
116.230.105.139 - - [14/Feb/2023:11:31:33 +0800] "GET /xingrg/all/function/internal_message.html?_=1676345497079&CODE_STATE=getMsg HTTP/1.1" 200 27
114.83.222.182 - - [14/Feb/2023:11:31:34 +0800] "GET /xingrg/check_reg.html?_=1676345619407 HTTP/1.1" 200 22
172.20.0.100 - - [14/Feb/2023:11:31:35 +0800] "GET /xingrg/all/function/internal_message.html?_=1676345510794&CODE_STATE=getMsg HTTP/1.1" 200 27
116.238.139.35 - - [14/Feb/2023:11:31:35 +0800] "GET /xingrg/index.html?sysBaseUrl=http%3A%2F%2F180.169.147.146%3A18081%2Fxingrg%2F&costTime=1536×tamp=1676336114979 HTTP/1.1" 200 17177
116.238.139.35 - - [14/Feb/2023:11:31:35 +0800] "GET /xingrg/javascript/jquery_easy_ui/themes/default/easyui.css HTTP/1.1" 304 -
116.238.139.35 - - [14/Feb/2023:11:31:35 +0800] "GET /xingrg/javascript/jquery_easy_ui/themes/icon.css HTTP/1.1" 304 -
116.238.139.35 - - [14/Feb/2023:11:31:35 +0800] "GET /xingrg/javascript/jquery-1.4.2.min.js HTTP/1.1" 304 -
116.238.139.35 - - [14/Feb/2023:11:31:35 +0800] "GET /xingrg/css/form.css HTTP/1.1" 304 -
116.238.139.35 - - [14/Feb/2023:11:31:35 +0800] "GET /xingrg/javascript/jquery.timers.js HTTP/1.1" 304 -
116.238.139.35 - - [14/Feb/2023:11:31:35 +0800] "GET /xingrg/javascript/jquery_easy_ui/easyui-lang-zh_CN.js HTTP/1.1" 304 -
116.238.139.35 - - [14/Feb/2023:11:31:35 +0800] "GET /xingrg/javascript/jquery.form.js HTTP/1.1" 304 -
116.238.139.35 - - [14/Feb/2023:11:31:35 +0800] "GET /xingrg/javascript/jquery_easy_ui/jquery.easyui.min.js HTTP/1.1" 304 -
116.238.139.35 - - [14/Feb/2023:11:31:35 +0800] "GET /xingrg/javascript/jquery.utils.js HTTP/1.1" 304 -
116.238.139.35 - - [14/Feb/2023:11:31:36 +0800] "GET /xingrg/images/blue/jxLogo.png HTTP/1.1" 304 -
116.238.139.35 - - [14/Feb/2023:11:31:36 +0800] "GET /xingrg/images/blue/navBackgound.jpg HTTP/1.1" 304 -
116.238.139.35 - - [14/Feb/2023:11:31:36 +0800] "GET /xingrg/javascript/jquery_easy_ui/themes/icons/settle_new.png HTTP/1.1" 304 -
116.238.139.35 - - [14/Feb/2023:11:31:36 +0800] "GET /xingrg/images/blue/pingpu.png HTTP/1.1" 304 -
116.238.139.35 - - [14/Feb/2023:11:31:36 +0800] "GET /xingrg/javascript/jquery_easy_ui/themes/default/images/tabs_leftarrow.png HTTP/1.1" 304 -
116.238.139.35 - - [14/Feb/2023:11:31:36 +0800] "GET /xingrg/javascript/jquery_easy_ui/themes/default/images/tabs_rightarrow.png HTTP/1.1" 304 -
116.238.139.35 - - [14/Feb/2023:11:31:36 +0800] "GET /xingrg/javascript/jquery_easy_ui/themes/default/images/panel_tool_collapse.gif HTTP/1.1" 304 -
116.238.139.35 - - [14/Feb/2023:11:31:36 +0800] "GET /xingrg/all/function/internal_message.html?_=1676345438747&CODE_STATE=count HTTP/1.1" 200 11
116.238.139.35 - - [14/Feb/2023:11:31:36 +0800] "GET /xingrg/check_reg.html?_=1676345438747 HTTP/1.1" 200 22
116.238.139.35 - - [14/Feb/2023:11:31:36 +0800] "GET /favicon.ico HTTP/1.1" 404 -
116.238.139.35 - - [14/Feb/2023:11:31:36 +0800] "POST /xingrg/all/common/load_tree.html?tree=area_rest_tree_json&manage=1 HTTP/1.1" 200 476
116.238.139.35 - - [14/Feb/2023:11:31:36 +0800] "GET /xingrg/javascript/jquery_easy_ui/themes/default/images/tree_arrows.gif HTTP/1.1" 304 -
116.238.139.35 - - [14/Feb/2023:11:31:36 +0800] "POST /xingrg/load_menu.html HTTP/1.1" 200 5138
116.238.139.35 - - [14/Feb/2023:11:31:36 +0800] "GET /xingrg/javascript/jquery_easy_ui/themes/default/images/tree_folder_open.gif HTTP/1.1" 304 -
116.238.139.35 - - [14/Feb/2023:11:31:36 +0800] "GET /xingrg/javascript/jquery_easy_ui/themes/icons/search_new.png HTTP/1.1" 304 -
116.238.139.35 - - [14/Feb/2023:11:31:36 +0800] "GET /xingrg/javascript/jquery_easy_ui/themes/icons/storage_new.png HTTP/1.1" 304 -
116.238.139.35 - - [14/Feb/2023:11:31:36 +0800] "GET /xingrg/javascript/jquery_easy_ui/themes/default/images/tree_folder.gif HTTP/1.1" 304 -
116.238.139.35 - - [14/Feb/2023:11:31:36 +0800] "GET /xingrg/javascript/jquery_easy_ui/themes/default/images/tree_file.gif HTTP/1.1" 304 -
116.238.139.35 - - [14/Feb/2023:11:31:36 +0800] "GET /xingrg/javascript/jquery_easy_ui/themes/icons/forms_new.png HTTP/1.1" 304 -
221.239.170.112 - - [14/Feb/2023:11:31:37 +0800] "POST /xingrg/dwr/call/plaincall/AjaxQqpsService.getMaterielByCode.dwr HTTP/1.1" 200 1646
180.165.52.237 - - [14/Feb/2023:11:31:39 +0800] "GET /xingrg/all/function/internal_message.html?_=1676345513827&CODE_STATE=getMsg HTTP/1.1" 200 27
180.165.52.237 - - [14/Feb/2023:11:31:39 +0800] "GET /xingrg/check_reg.html?_=1676345513828 HTTP/1.1" 200 22
116.238.139.35 - - [14/Feb/2023:11:31:39 +0800] "GET /xingrg/javascript/jquery_easy_ui/themes/default/images/tabs_close.gif HTTP/1.1" 304 -
116.238.139.35 - - [14/Feb/2023:11:31:40 +0800] "GET /xingrg/css/blue.css HTTP/1.1" 304 -
116.238.139.35 - - [14/Feb/2023:11:31:40 +0800] "GET /xingrg/kc/mdqp/qqps_order_list.html HTTP/1.1" 200 9668
116.238.139.35 - - [14/Feb/2023:11:31:40 +0800] "GET /xingrg/javascript/pic_change.js HTTP/1.1" 304 -
116.238.139.35 - - [14/Feb/2023:11:31:40 +0800] "GET /xingrg/javascript/Calendar.js HTTP/1.1" 304 -
116.238.139.35 - - [14/Feb/2023:11:31:40 +0800] "GET /xingrg/javascript/myfunction.js HTTP/1.1" 304 -
116.238.139.35 - - [14/Feb/2023:11:31:40 +0800] "GET /xingrg/javascript/ToolTips.js HTTP/1.1" 304 -
116.238.139.35 - - [14/Feb/2023:11:31:40 +0800] "GET /xingrg/dwr/interface/AjaxReportQueryService.js HTTP/1.1" 200 13203
116.238.139.35 - - [14/Feb/2023:11:31:40 +0800] "GET /xingrg/dwr/util.js HTTP/1.1" 200 35990
116.238.139.35 - - [14/Feb/2023:11:31:40 +0800] "GET /xingrg/dwr/interface/AjaxQqpsService.js HTTP/1.1" 200 16326
116.238.139.35 - - [14/Feb/2023:11:31:40 +0800] "GET /xingrg/dwr/engine.js HTTP/1.1" 200 43631
116.238.139.35 - - [14/Feb/2023:11:31:40 +0800] "GET /xingrg/javascript/jquery_easy_ui/themes/icons/edit_add_new.png HTTP/1.1" 304 -
116.238.139.35 - - [14/Feb/2023:11:31:40 +0800] "GET /xingrg/javascript/jquery_easy_ui/themes/icons/uncheck_new.png HTTP/1.1" 304 -
116.238.139.35 - - [14/Feb/2023:11:31:40 +0800] "GET /xingrg/javascript/jquery_easy_ui/themes/icons/check_new.png HTTP/1.1" 304 -
116.238.139.35 - - [14/Feb/2023:11:31:40 +0800] "GET /xingrg/javascript/jquery_easy_ui/themes/icons/cance_new.png HTTP/1.1" 304 -
116.238.139.35 - - [14/Feb/2023:11:31:40 +0800] "GET /xingrg/all/function/internal_message.html?_=1676345518646&CODE_STATE=getMsg HTTP/1.1" 200 27
221.239.170.112 - - [14/Feb/2023:11:31:41 +0800] "POST /xingrg/dwr/call/plaincall/AjaxQqpsService.saveMaterielItem.dwr HTTP/1.1" 200 79
116.238.139.35 - - [14/Feb/2023:11:31:41 +0800] "GET /xingrg/javascript/jquery_easy_ui/themes/default/images/button_plain_hover.png HTTP/1.1" 304 -
180.162.114.226 - - [14/Feb/2023:11:31:42 +0800] "GET /xingrg/kc/buy/cgsh_order_operate.html?command=get_materiel&rest_code=00143&code=00101019869&supplier_code=00100207&order_time=2023-02-10 HTTP/1.1" 200 431
114.83.222.182 - - [14/Feb/2023:11:31:43 +0800] "GET /xingrg/all/function/internal_message.html?_=1676345627988&CODE_STATE=getMsg HTTP/1.1" 200 27
218.81.220.34 - - [14/Feb/2023:11:31:43 +0800] "GET /xingrg/check_reg.html?_=1676345525657 HTTP/1.1" 200 22
116.238.139.35 - - [14/Feb/2023:11:31:44 +0800] "GET /xingrg/kc/mdqp/qqps_order_info.html?code=302023021400235 HTTP/1.1" 200 25979
116.238.139.35 - - [14/Feb/2023:11:31:44 +0800] "GET /xingrg/javascript/auto/jquery.autocomplete.css HTTP/1.1" 304 -
116.238.139.35 - - [14/Feb/2023:11:31:44 +0800] "GET /xingrg/javascript/auto/jquery.autocomplete.js HTTP/1.1" 304 -
116.238.139.35 - - [14/Feb/2023:11:31:44 +0800] "GET /xingrg/javascript/tools/jquery.qtip-1.0.0-rc3.min.js HTTP/1.1" 304 -
116.238.139.35 - - [14/Feb/2023:11:31:44 +0800] "GET /xingrg/javascript/AjaxInfoList.js HTTP/1.1" 304 -
116.238.139.35 - - [14/Feb/2023:11:31:44 +0800] "GET /xingrg/javascript/Grid.js HTTP/1.1" 304 -
116.238.139.35 - - [14/Feb/2023:11:31:44 +0800] "GET /xingrg/javascript/print/kc_print.js HTTP/1.1" 304 -
116.238.139.35 - - [14/Feb/2023:11:31:44 +0800] "GET /xingrg/javascript/print/LodopFuncs.js HTTP/1.1" 304 -
116.238.139.35 - - [14/Feb/2023:11:31:44 +0800] "GET /xingrg/dwr/interface/AjaxComOrderService.js HTTP/1.1" 200 18264
116.238.139.35 - - [14/Feb/2023:11:31:44 +0800] "GET /xingrg/dwr/interface/AjaxQqpsService.js HTTP/1.1" 200 16326
116.238.139.35 - - [14/Feb/2023:11:31:44 +0800] "GET /xingrg/dwr/engine.js HTTP/1.1" 200 43631
116.238.139.35 - - [14/Feb/2023:11:31:44 +0800] "GET /xingrg/words/20230213134732_words.js HTTP/1.1" 304 -
116.238.139.35 - - [14/Feb/2023:11:31:44 +0800] "GET /xingrg/javascript/jquery_easy_ui/themes/icons/template_new.png HTTP/1.1" 304 -
116.238.139.35 - - [14/Feb/2023:11:31:44 +0800] "GET /xingrg/javascript/jquery_easy_ui/themes/icons/print.png HTTP/1.1" 304 -
116.238.139.35 - - [14/Feb/2023:11:31:44 +0800] "GET /xingrg/javascript/jquery_easy_ui/themes/icons/copy_new.png HTTP/1.1" 304 -
116.238.139.35 - - [14/Feb/2023:11:31:44 +0800] "GET /xingrg/javascript/jquery_easy_ui/themes/icons/back_new.png HTTP/1.1" 304 -
116.238.139.35 - - [14/Feb/2023:11:31:44 +0800] "GET /xingrg/javascript/jquery_easy_ui/themes/default/images/menu_downarrow.png HTTP/1.1" 304 -
116.238.139.35 - - [14/Feb/2023:11:31:44 +0800] "GET /xingrg/javascript/jquery_easy_ui/themes/default/images/combo_arrow_dot.gif HTTP/1.1" 304 -
116.238.139.35 - - [14/Feb/2023:11:31:45 +0800] "GET /xingrg/images/blue/kc_tab_left.gif HTTP/1.1" 304 -
116.238.139.35 - - [14/Feb/2023:11:31:45 +0800] "GET /xingrg/images/blue/kc_tab_mid.gif HTTP/1.1" 304 -
116.238.139.35 - - [14/Feb/2023:11:31:45 +0800] "GET /xingrg/images/blue/kc_tab_right.gif HTTP/1.1" 304 -
116.238.139.35 - - [14/Feb/2023:11:31:45 +0800] "GET /xingrg/images/blue/wait.gif HTTP/1.1" 304 -
218.81.220.34 - - [14/Feb/2023:11:31:45 +0800] "GET /xingrg/all/function/internal_message.html?_=1676345528156&CODE_STATE=getMsg HTTP/1.1" 200 27
116.238.139.35 - - [14/Feb/2023:11:31:45 +0800] "POST /xingrg/dwr/call/plaincall/AjaxQqpsService.loadMaterielItems.dwr HTTP/1.1" 200 887
180.169.147.146 - - [14/Feb/2023:11:31:45 +0800] "GET /xingrg/all/function/internal_message.html?_=1676345521794&CODE_STATE=getMsg HTTP/1.1" 200 27
116.238.139.35 - - [14/Feb/2023:11:31:55 +0800] "GET /xingrg/dwr/interface/AjaxQqpsService.js HTTP/1.1" 200 16326
116.238.139.35 - - [14/Feb/2023:11:31:55 +0800] "GET /xingrg/javascript/jquery_easy_ui/themes/icons/area.png HTTP/1.1" 304 -
116.238.139.35 - - [14/Feb/2023:11:31:55 +0800] "GET /xingrg/kc/mdqp/qqps_order_add.html HTTP/1.1" 200 27580
116.238.139.35 - - [14/Feb/2023:11:31:55 +0800] "GET /xingrg/dwr/interface/AjaxComOrderService.js HTTP/1.1" 200 18264
116.238.139.35 - - [14/Feb/2023:11:31:55 +0800] "GET /xingrg/javascript/jquery_easy_ui/themes/icons/rest.png HTTP/1.1" 304 -
116.238.139.35 - - [14/Feb/2023:11:31:55 +0800] "GET /xingrg/dwr/engine.js HTTP/1.1" 200 43631
116.238.139.35 - - [14/Feb/2023:11:31:55 +0800] "GET /xingrg/javascript/jquery_easy_ui/themes/icons/ok.png HTTP/1.1" 304 -
116.238.139.35 - - [14/Feb/2023:11:31:56 +0800] "GET /xingrg/images/blue/button/kc_tab_add.gif HTTP/1.1" 304 -
116.238.139.35 - - [14/Feb/2023:11:31:56 +0800] "GET /xingrg/images/blue/button/kc_tab_edit.gif HTTP/1.1" 304 -
116.238.139.35 - - [14/Feb/2023:11:31:56 +0800] "GET /xingrg/images/blue/button/kc_tab_del.gif HTTP/1.1" 304 -
116.238.139.35 - - [14/Feb/2023:11:31:56 +0800] "GET /xingrg/images/blue/button/kc_tab_save.gif HTTP/1.1" 304 -
116.238.139.35 - - [14/Feb/2023:11:31:56 +0800] "GET /xingrg/images/blue/kc_tab2_left.gif HTTP/1.1" 304 -
116.238.139.35 - - [14/Feb/2023:11:31:56 +0800] "GET /xingrg/images/blue/kc_tab2_right.gif HTTP/1.1" 304 -
221.239.170.112 - - [14/Feb/2023:11:32:01 +0800] "GET /xingrg/all/function/internal_message.html?_=1676345537075&CODE_STATE=getMsg HTTP/1.1" 200 27
221.239.170.112 - - [14/Feb/2023:11:32:01 +0800] "POST /xingrg/dwr/call/plaincall/AjaxQqpsService.getMaterielByCode.dwr HTTP/1.1" 200 1592
116.235.93.82 - - [14/Feb/2023:11:32:05 +0800] "GET /xingrg/all/function/internal_message.html?_=1676345538924&CODE_STATE=getMsg HTTP/1.1" 200 27
124.79.72.155 - - [14/Feb/2023:11:32:11 +0800] "GET /xingrg/all/function/internal_message.html?_=1676345550062&CODE_STATE=getMsg HTTP/1.1" 200 27
