120.253.135.82 - - [14/Feb/2023:09:28:40 +0800] "GET /xingrg/all/function/internal_message.html?_=1676338262651&CODE_STATE=getMsg HTTP/1.1" 200 27
120.253.135.82 - - [14/Feb/2023:09:28:40 +0800] "GET /xingrg/check_reg.html?_=1676338262652 HTTP/1.1" 200 22
218.81.220.34 - - [14/Feb/2023:09:28:42 +0800] "GET /xingrg/all/function/internal_message.html?_=1676338144410&CODE_STATE=getMsg HTTP/1.1" 200 27
116.238.139.35 - - [14/Feb/2023:09:28:42 +0800] "GET /xingrg/check_reg.html?_=1676338140638 HTTP/1.1" 200 22
116.238.139.35 - - [14/Feb/2023:09:28:42 +0800] "GET /xingrg/all/function/internal_message.html?_=1676338140642&CODE_STATE=getMsg HTTP/1.1" 200 27
114.83.222.182 - - [14/Feb/2023:09:28:45 +0800] "GET /xingrg/all/function/internal_message.html?_=1676338249949&CODE_STATE=getMsg HTTP/1.1" 200 27
101.83.145.75 - - [14/Feb/2023:09:28:46 +0800] "GET /xingrg/kc/buy/cgsh_order_operate.html?command=get_materiel&rest_code=00105&code=00101008114&supplier_code=00100203&order_time=2023-02-14 HTTP/1.1" 200 413
116.192.124.172 - - [14/Feb/2023:09:28:51 +0800] "GET /xingrg/check_reg.html?_=1676338146695 HTTP/1.1" 302 -
116.237.79.73 - - [14/Feb/2023:09:28:52 +0800] "GET /xingrg/all/function/internal_message.html?_=1676338146274&CODE_STATE=getMsg HTTP/1.1" 200 27
101.83.145.75 - - [14/Feb/2023:09:28:53 +0800] "GET /xingrg/kc/buy/cgsh_order_operate.html?command=get_materiel&rest_code=00105&code=00101008168&supplier_code=00100203&order_time=2023-02-14 HTTP/1.1" 200 413
114.83.216.53 - - [14/Feb/2023:09:28:59 +0800] "GET /xingrg/all/function/internal_message.html?_=1676338147239&CODE_STATE=getMsg HTTP/1.1" 302 -
221.239.170.112 - - [14/Feb/2023:09:29:03 +0800] "GET /xingrg/all/function/internal_message.html?_=1676338159151&CODE_STATE=getMsg HTTP/1.1" 200 27
101.229.22.234 - - [14/Feb/2023:09:29:10 +0800] "GET /xingrg/kc/base/wldb_order_operate.html?command=get_materiel&rest_code=00142&base_code=0010185&code=00101010645 HTTP/1.1" 200 451
101.83.145.75 - - [14/Feb/2023:09:29:12 +0800] "GET /xingrg/all/function/internal_message.html?_=1676338169486&CODE_STATE=getMsg HTTP/1.1" 200 27
101.229.22.234 - - [14/Feb/2023:09:29:12 +0800] "POST /xingrg/all/common/load_select.html HTTP/1.1" 200 25
116.238.139.35 - - [14/Feb/2023:09:29:13 +0800] "GET /xingrg/all/function/internal_message.html?_=1676338095684&CODE_STATE=getMsg HTTP/1.1" 200 27
222.70.177.73 - - [14/Feb/2023:09:29:13 +0800] "GET /xingrg/kc/buy/cgsh_order_operate.html?command=get_materiel&rest_code=00111&code=00101008210&supplier_code=00100005&order_time=2023-02-14 HTTP/1.1" 200 408
101.83.145.75 - - [14/Feb/2023:09:29:14 +0800] "POST /xingrg/kc/buy/cgsh_order_operate.html HTTP/1.1" 200 2065
101.229.22.234 - - [14/Feb/2023:09:29:15 +0800] "GET /xingrg/kc/base/wldb_order_operate.html?command=get_materiel_price&rest_code=00142&base_code=0010185&code=00101010645&unit_code=00100007 HTTP/1.1" 200 37
101.83.145.75 - - [14/Feb/2023:09:29:15 +0800] "POST /xingrg/kc/buy/cgsh_order_operate.html HTTP/1.1" 200 2065
101.229.22.234 - - [14/Feb/2023:09:29:20 +0800] "GET /xingrg/all/function/internal_message.html?_=1676338176379&CODE_STATE=getMsg HTTP/1.1" 200 27
180.157.253.110 - - [14/Feb/2023:09:29:23 +0800] "GET /xingrg/all/function/internal_message.html?_=1676338181529&CODE_STATE=getMsg HTTP/1.1" 200 27
222.70.177.73 - - [14/Feb/2023:09:29:24 +0800] "GET /xingrg/kc/buy/cgsh_order_operate.html?command=get_materiel&rest_code=00111&code=00101008169&supplier_code=00100005&order_time=2023-02-14 HTTP/1.1" 200 412
101.83.145.75 - - [14/Feb/2023:09:29:24 +0800] "GET /xingrg/kc/buy/cgsh_order_operate.html?command=get_materiel&rest_code=00105&code=00101008502&supplier_code=00100203&order_time=2023-02-14 HTTP/1.1" 200 412
180.169.147.146 - - [14/Feb/2023:09:29:30 +0800] "GET /xingrg/all/function/internal_message.html?_=1676338186793&CODE_STATE=getMsg HTTP/1.1" 200 27
101.83.145.75 - - [14/Feb/2023:09:29:31 +0800] "GET /xingrg/kc/buy/cgsh_order_operate.html?command=get_materiel&rest_code=00105&code=00101008332&supplier_code=00100203&order_time=2023-02-14 HTTP/1.1" 200 412
116.230.105.139 - - [14/Feb/2023:09:29:33 +0800] "GET /xingrg/all/function/internal_message.html?_=1676338177089&CODE_STATE=getMsg HTTP/1.1" 200 27
116.230.105.139 - - [14/Feb/2023:09:29:33 +0800] "GET /xingrg/check_reg.html?_=1676338177093 HTTP/1.1" 200 22
172.20.0.100 - - [14/Feb/2023:09:29:35 +0800] "GET /xingrg/all/function/internal_message.html?_=1676338190793&CODE_STATE=getMsg HTTP/1.1" 200 27
172.20.0.100 - - [14/Feb/2023:09:29:35 +0800] "GET /xingrg/check_reg.html?_=1676338190795 HTTP/1.1" 200 22
222.70.177.73 - - [14/Feb/2023:09:29:35 +0800] "GET /xingrg/check_reg.html?_=1676338190346 HTTP/1.1" 200 22
222.70.177.73 - - [14/Feb/2023:09:29:36 +0800] "GET /xingrg/all/function/internal_message.html?_=1676338191953&CODE_STATE=getMsg HTTP/1.1" 200 27
222.70.177.73 - - [14/Feb/2023:09:29:36 +0800] "GET /xingrg/kc/buy/cgsh_order_operate.html?command=get_materiel&rest_code=00111&code=00101008355&supplier_code=00100005&order_time=2023-02-14 HTTP/1.1" 200 408
101.83.145.75 - - [14/Feb/2023:09:29:38 +0800] "GET /xingrg/kc/buy/cgsh_order_operate.html?command=get_materiel&rest_code=00105&code=00101008361&supplier_code=00100203&order_time=2023-02-14 HTTP/1.1" 200 408
120.253.135.82 - - [14/Feb/2023:09:29:40 +0800] "GET /xingrg/all/function/internal_message.html?_=1676338322655&CODE_STATE=getMsg HTTP/1.1" 200 27
218.81.220.34 - - [14/Feb/2023:09:29:42 +0800] "GET /xingrg/all/function/internal_message.html?_=1676338204450&CODE_STATE=getMsg HTTP/1.1" 200 27
116.238.139.35 - - [14/Feb/2023:09:29:42 +0800] "GET /xingrg/all/function/internal_message.html?_=1676338200629&CODE_STATE=getMsg HTTP/1.1" 200 27
116.237.79.73 - - [14/Feb/2023:09:29:44 +0800] "GET /xingrg/check_reg.html?_=1676338198106 HTTP/1.1" 200 22
222.70.177.73 - - [14/Feb/2023:09:29:45 +0800] "GET /xingrg/kc/buy/cgsh_order_operate.html?command=get_materiel&rest_code=00111&code=00101008270&supplier_code=00100005&order_time=2023-02-14 HTTP/1.1" 200 412
114.83.222.182 - - [14/Feb/2023:09:29:45 +0800] "GET /xingrg/all/function/internal_message.html?_=1676338309932&CODE_STATE=getMsg HTTP/1.1" 200 27
101.83.145.75 - - [14/Feb/2023:09:29:45 +0800] "GET /xingrg/kc/buy/cgsh_order_operate.html?command=get_materiel&rest_code=00105&code=00101008321&supplier_code=00100203&order_time=2023-02-14 HTTP/1.1" 200 412
116.237.79.73 - - [14/Feb/2023:09:29:52 +0800] "GET /xingrg/all/function/internal_message.html?_=1676338206258&CODE_STATE=getMsg HTTP/1.1" 200 27
101.83.145.75 - - [14/Feb/2023:09:29:52 +0800] "GET /xingrg/kc/buy/cgsh_order_operate.html?command=get_materiel&rest_code=00105&code=00101008137&supplier_code=00100203&order_time=2023-02-14 HTTP/1.1" 200 408
222.70.177.73 - - [14/Feb/2023:09:29:53 +0800] "GET /xingrg/kc/buy/cgsh_order_operate.html?command=get_materiel&rest_code=00111&code=00101008261&supplier_code=00100005&order_time=2023-02-14 HTTP/1.1" 200 408
114.83.216.53 - - [14/Feb/2023:09:29:59 +0800] "GET /xingrg/all/function/internal_message.html?_=1676338207223&CODE_STATE=getMsg HTTP/1.1" 302 -
114.83.216.53 - - [14/Feb/2023:09:29:59 +0800] "GET /xingrg/check_reg.html?_=1676338207835 HTTP/1.1" 302 -
221.239.170.112 - - [14/Feb/2023:09:30:03 +0800] "GET /xingrg/all/function/internal_message.html?_=1676338219140&CODE_STATE=getMsg HTTP/1.1" 200 27
222.70.177.73 - - [14/Feb/2023:09:30:05 +0800] "GET /xingrg/kc/buy/cgsh_order_operate.html?command=get_materiel&rest_code=00111&code=00101008331&supplier_code=00100005&order_time=2023-02-14 HTTP/1.1" 200 416
101.83.145.75 - - [14/Feb/2023:09:30:07 +0800] "GET /xingrg/kc/buy/cgsh_order_operate.html?command=get_materiel&rest_code=00105&code=00101008169&supplier_code=00100203&order_time=2023-02-14 HTTP/1.1" 200 412
101.83.145.75 - - [14/Feb/2023:09:30:11 +0800] "GET /xingrg/all/function/internal_message.html?_=1676338229362&CODE_STATE=getMsg HTTP/1.1" 200 27
116.238.139.35 - - [14/Feb/2023:09:30:13 +0800] "GET /xingrg/all/function/internal_message.html?_=1676338155687&CODE_STATE=getMsg HTTP/1.1" 200 27
101.229.22.234 - - [14/Feb/2023:09:30:20 +0800] "GET /xingrg/all/function/internal_message.html?_=1676338236383&CODE_STATE=getMsg HTTP/1.1" 200 27
222.70.177.73 - - [14/Feb/2023:09:30:20 +0800] "GET /xingrg/kc/buy/cgsh_order_operate.html?command=get_materiel&rest_code=00111&code=00101008096&supplier_code=00100005&order_time=2023-02-14 HTTP/1.1" 200 412
101.229.22.234 - - [14/Feb/2023:09:30:23 +0800] "GET /xingrg/kc/base/wldb_order_operate.html?command=get_materiel&rest_code=00142&base_code=0010185&code=00101006269 HTTP/1.1" 200 442
180.157.253.110 - - [14/Feb/2023:09:30:23 +0800] "GET /xingrg/all/function/internal_message.html?_=1676338241521&CODE_STATE=getMsg HTTP/1.1" 200 27
101.83.145.75 - - [14/Feb/2023:09:30:30 +0800] "GET /xingrg/kc/buy/cgsh_order_operate.html?command=get_materiel&rest_code=00105&code=00101010136&supplier_code=00100203&order_time=2023-02-14 HTTP/1.1" 200 408
180.169.147.146 - - [14/Feb/2023:09:30:30 +0800] "GET /xingrg/check_reg.html?_=1676338246794 HTTP/1.1" 200 22
180.169.147.146 - - [14/Feb/2023:09:30:30 +0800] "GET /xingrg/all/function/internal_message.html?_=1676338246796&CODE_STATE=getMsg HTTP/1.1" 200 27
222.70.177.73 - - [14/Feb/2023:09:30:31 +0800] "GET /xingrg/kc/buy/cgsh_order_operate.html?command=get_materiel&rest_code=00111&code=00101008199&supplier_code=00100005&order_time=2023-02-14 HTTP/1.1" 200 408
116.230.105.139 - - [14/Feb/2023:09:30:33 +0800] "GET /xingrg/all/function/internal_message.html?_=1676338237081&CODE_STATE=getMsg HTTP/1.1" 200 27
101.229.22.234 - - [14/Feb/2023:09:30:34 +0800] "GET /xingrg/kc/base/wldb_order_operate.html?command=get_materiel&rest_code=00142&base_code=0010185&code=00101006270 HTTP/1.1" 200 444
172.20.0.100 - - [14/Feb/2023:09:30:35 +0800] "GET /xingrg/all/function/internal_message.html?_=1676338250796&CODE_STATE=getMsg HTTP/1.1" 200 27
222.70.177.73 - - [14/Feb/2023:09:30:36 +0800] "GET /xingrg/all/function/internal_message.html?_=1676338251923&CODE_STATE=getMsg HTTP/1.1" 200 27
120.253.135.82 - - [14/Feb/2023:09:30:40 +0800] "GET /xingrg/all/function/internal_message.html?_=1676338382659&CODE_STATE=getMsg HTTP/1.1" 200 27
218.81.220.34 - - [14/Feb/2023:09:30:42 +0800] "GET /xingrg/all/function/internal_message.html?_=1676338264453&CODE_STATE=getMsg HTTP/1.1" 200 27
116.238.139.35 - - [14/Feb/2023:09:30:42 +0800] "GET /xingrg/all/function/internal_message.html?_=1676338260634&CODE_STATE=getMsg HTTP/1.1" 200 27
114.83.222.182 - - [14/Feb/2023:09:30:45 +0800] "GET /xingrg/all/function/internal_message.html?_=1676338369923&CODE_STATE=getMsg HTTP/1.1" 200 27
101.83.145.75 - - [14/Feb/2023:09:30:48 +0800] "POST /xingrg/kc/buy/cgsh_order_operate.html HTTP/1.1" 200 37
222.70.177.73 - - [14/Feb/2023:09:30:50 +0800] "GET /xingrg/kc/buy/cgsh_order_operate.html?command=get_materiel&rest_code=00111&code=00101008358&supplier_code=00100005&order_time=2023-02-14 HTTP/1.1" 200 412
116.237.79.73 - - [14/Feb/2023:09:30:52 +0800] "GET /xingrg/all/function/internal_message.html?_=1676338266243&CODE_STATE=getMsg HTTP/1.1" 200 27
101.229.22.234 - - [14/Feb/2023:09:30:55 +0800] "GET /xingrg/kc/base/wldb_order_operate.html?command=get_materiel&rest_code=00142&base_code=0010185&code=00101006205 HTTP/1.1" 200 444
114.83.216.53 - - [14/Feb/2023:09:30:59 +0800] "GET /xingrg/all/function/internal_message.html?_=1676338267199&CODE_STATE=getMsg HTTP/1.1" 302 -
221.239.170.112 - - [14/Feb/2023:09:31:03 +0800] "GET /xingrg/all/function/internal_message.html?_=1676338279124&CODE_STATE=getMsg HTTP/1.1" 200 27
222.70.177.73 - - [14/Feb/2023:09:31:04 +0800] "GET /xingrg/kc/buy/cgsh_order_operate.html?command=get_materiel&rest_code=00111&code=00101008239&supplier_code=00100005&order_time=2023-02-14 HTTP/1.1" 200 416
101.229.22.234 - - [14/Feb/2023:09:31:05 +0800] "GET /xingrg/kc/base/wldb_order_operate.html?command=get_materiel&rest_code=00142&base_code=0010185&code=00101006224 HTTP/1.1" 200 444
116.238.139.35 - - [14/Feb/2023:09:31:12 +0800] "GET /xingrg/check_reg.html?_=1676338215528 HTTP/1.1" 200 22
116.238.139.35 - - [14/Feb/2023:09:31:13 +0800] "GET /xingrg/all/function/internal_message.html?_=1676338215701&CODE_STATE=getMsg HTTP/1.1" 200 27
222.70.177.73 - - [14/Feb/2023:09:31:15 +0800] "GET /xingrg/kc/buy/cgsh_order_operate.html?command=get_materiel&rest_code=00111&code=00101008357&supplier_code=00100005&order_time=2023-02-14 HTTP/1.1" 200 408
101.229.22.234 - - [14/Feb/2023:09:31:20 +0800] "GET /xingrg/check_reg.html?_=1676338296370 HTTP/1.1" 200 22
101.229.22.234 - - [14/Feb/2023:09:31:20 +0800] "GET /xingrg/all/function/internal_message.html?_=1676338296373&CODE_STATE=getMsg HTTP/1.1" 200 27
180.157.253.110 - - [14/Feb/2023:09:31:22 +0800] "GET /xingrg/check_reg.html?_=1676338300984 HTTP/1.1" 200 22
180.157.253.110 - - [14/Feb/2023:09:31:23 +0800] "GET /xingrg/all/function/internal_message.html?_=1676338301581&CODE_STATE=getMsg HTTP/1.1" 200 27
222.70.177.73 - - [14/Feb/2023:09:31:24 +0800] "GET /xingrg/kc/buy/cgsh_order_operate.html?command=get_materiel&rest_code=00111&code=00101008283&supplier_code=00100005&order_time=2023-02-14 HTTP/1.1" 200 408
180.169.147.146 - - [14/Feb/2023:09:31:30 +0800] "GET /xingrg/all/function/internal_message.html?_=1676338306793&CODE_STATE=getMsg HTTP/1.1" 200 27
116.230.105.139 - - [14/Feb/2023:09:31:33 +0800] "GET /xingrg/all/function/internal_message.html?_=1676338297098&CODE_STATE=getMsg HTTP/1.1" 200 27
116.238.139.35 - - [14/Feb/2023:09:31:33 +0800] "GET /xingrg/kc/buy/cgsh_order_list.html HTTP/1.1" 200 54061
114.83.222.182 - - [14/Feb/2023:09:31:34 +0800] "GET /xingrg/check_reg.html?_=1676338419409 HTTP/1.1" 200 22
172.20.0.100 - - [14/Feb/2023:09:31:35 +0800] "GET /xingrg/all/function/internal_message.html?_=1676338310797&CODE_STATE=getMsg HTTP/1.1" 200 27
222.70.177.73 - - [14/Feb/2023:09:31:36 +0800] "GET /xingrg/kc/buy/cgsh_order_operate.html?command=get_materiel&rest_code=00111&code=00101008098&supplier_code=00100005&order_time=2023-02-14 HTTP/1.1" 200 412
116.238.139.35 - - [14/Feb/2023:09:31:36 +0800] "POST /xingrg/kc/buy/cgsh_list_operate.html HTTP/1.1" 200 986
222.70.177.73 - - [14/Feb/2023:09:31:36 +0800] "GET /xingrg/all/function/internal_message.html?_=1676338311897&CODE_STATE=getMsg HTTP/1.1" 200 27
120.253.135.82 - - [14/Feb/2023:09:31:40 +0800] "GET /xingrg/all/function/internal_message.html?_=1676338442665&CODE_STATE=getMsg HTTP/1.1" 200 27
218.81.220.34 - - [14/Feb/2023:09:31:41 +0800] "GET /xingrg/check_reg.html?_=1676338323973 HTTP/1.1" 200 22
218.81.220.34 - - [14/Feb/2023:09:31:42 +0800] "GET /xingrg/all/function/internal_message.html?_=1676338324466&CODE_STATE=getMsg HTTP/1.1" 200 27
116.238.139.35 - - [14/Feb/2023:09:31:42 +0800] "GET /xingrg/all/function/internal_message.html?_=1676338320646&CODE_STATE=getMsg HTTP/1.1" 200 27
101.229.22.234 - - [14/Feb/2023:09:31:44 +0800] "GET /xingrg/kc/base/wldb_order_operate.html?command=get_materiel&rest_code=00142&base_code=0010185&code=00101006122 HTTP/1.1" 200 429
114.83.222.182 - - [14/Feb/2023:09:31:45 +0800] "GET /xingrg/all/function/internal_message.html?_=1676338429902&CODE_STATE=getMsg HTTP/1.1" 200 27
222.70.177.73 - - [14/Feb/2023:09:31:45 +0800] "GET /xingrg/kc/buy/cgsh_order_operate.html?command=get_materiel&rest_code=00111&code=00101008350&supplier_code=00100005&order_time=2023-02-14 HTTP/1.1" 200 408
116.237.79.73 - - [14/Feb/2023:09:31:52 +0800] "GET /xingrg/all/function/internal_message.html?_=1676338326216&CODE_STATE=getMsg HTTP/1.1" 200 27
222.70.177.73 - - [14/Feb/2023:09:31:56 +0800] "GET /xingrg/kc/buy/cgsh_order_operate.html?command=get_materiel&rest_code=00111&code=00101008036&supplier_code=00100005&order_time=2023-02-14 HTTP/1.1" 200 408
114.83.216.53 - - [14/Feb/2023:09:31:59 +0800] "GET /xingrg/all/function/internal_message.html?_=1676338327182&CODE_STATE=getMsg HTTP/1.1" 302 -
221.239.170.112 - - [14/Feb/2023:09:32:03 +0800] "GET /xingrg/all/function/internal_message.html?_=1676338339109&CODE_STATE=getMsg HTTP/1.1" 200 27
222.70.177.73 - - [14/Feb/2023:09:32:06 +0800] "GET /xingrg/kc/buy/cgsh_order_operate.html?command=get_materiel&rest_code=00111&code=00101008244&supplier_code=00100005&order_time=2023-02-14 HTTP/1.1" 200 408
116.238.139.35 - - [14/Feb/2023:09:32:13 +0800] "GET /xingrg/all/function/internal_message.html?_=1676338275715&CODE_STATE=getMsg HTTP/1.1" 200 27
222.70.177.73 - - [14/Feb/2023:09:32:17 +0800] "GET /xingrg/kc/buy/cgsh_order_operate.html?command=get_materiel&rest_code=00111&code=00101008290&supplier_code=00100005&order_time=2023-02-14 HTTP/1.1" 200 416
101.229.22.234 - - [14/Feb/2023:09:32:20 +0800] "GET /xingrg/all/function/internal_message.html?_=1676338356374&CODE_STATE=getMsg HTTP/1.1" 200 27
180.157.253.110 - - [14/Feb/2023:09:32:23 +0800] "GET /xingrg/all/function/internal_message.html?_=1676338361498&CODE_STATE=getMsg HTTP/1.1" 200 27
101.229.22.234 - - [14/Feb/2023:09:32:25 +0800] "GET /xingrg/kc/base/wldb_order_operate.html?command=get_materiel&rest_code=00142&base_code=0010185&code=00101010913 HTTP/1.1" 200 450
222.70.177.73 - - [14/Feb/2023:09:32:26 +0800] "GET /xingrg/kc/buy/cgsh_order_operate.html?command=get_materiel&rest_code=00111&code=00101016081&supplier_code=00100005&order_time=2023-02-14 HTTP/1.1" 200 447
180.169.147.146 - - [14/Feb/2023:09:32:30 +0800] "GET /xingrg/all/function/internal_message.html?_=1676338366794&CODE_STATE=getMsg HTTP/1.1" 200 27
222.70.177.73 - - [14/Feb/2023:09:32:32 +0800] "POST /xingrg/kc/buy/cgsh_order_operate.html HTTP/1.1" 200 2065
116.230.105.139 - - [14/Feb/2023:09:32:33 +0800] "GET /xingrg/all/function/internal_message.html?_=1676338357075&CODE_STATE=getMsg HTTP/1.1" 200 27
172.20.0.100 - - [14/Feb/2023:09:32:35 +0800] "GET /xingrg/all/function/internal_message.html?_=1676338370799&CODE_STATE=getMsg HTTP/1.1" 200 27
222.70.177.73 - - [14/Feb/2023:09:32:36 +0800] "GET /xingrg/all/function/internal_message.html?_=1676338371865&CODE_STATE=getMsg HTTP/1.1" 200 27
222.70.177.73 - - [14/Feb/2023:09:32:39 +0800] "GET /xingrg/kc/buy/cgsh_order_operate.html?command=get_materiel&rest_code=00111&code=00101008003&supplier_code=00100005&order_time=2023-02-14 HTTP/1.1" 200 408
120.253.135.82 - - [14/Feb/2023:09:32:40 +0800] "GET /xingrg/all/function/internal_message.html?_=1676338502670&CODE_STATE=getMsg HTTP/1.1" 200 27
218.81.220.34 - - [14/Feb/2023:09:32:42 +0800] "GET /xingrg/all/function/internal_message.html?_=1676338384480&CODE_STATE=getMsg HTTP/1.1" 200 27
116.238.139.35 - - [14/Feb/2023:09:32:42 +0800] "GET /xingrg/all/function/internal_message.html?_=1676338380643&CODE_STATE=getMsg HTTP/1.1" 200 27
114.83.222.182 - - [14/Feb/2023:09:32:45 +0800] "GET /xingrg/all/function/internal_message.html?_=1676338489879&CODE_STATE=getMsg HTTP/1.1" 200 27
180.157.253.110 - - [14/Feb/2023:09:32:51 +0800] "POST /xingrg/kc/buy/cgsh_order_operate.html HTTP/1.1" 200 37
222.70.177.73 - - [14/Feb/2023:09:32:51 +0800] "GET /xingrg/kc/buy/cgsh_order_operate.html?command=get_materiel&rest_code=00111&code=00101008361&supplier_code=00100005&order_time=2023-02-14 HTTP/1.1" 200 408
116.237.79.73 - - [14/Feb/2023:09:32:52 +0800] "GET /xingrg/all/function/internal_message.html?_=1676338386201&CODE_STATE=getMsg HTTP/1.1" 200 27
180.157.253.110 - - [14/Feb/2023:09:32:53 +0800] "POST /xingrg/kc/buy/cgsh_order_operate.html HTTP/1.1" 200 21576
180.157.253.110 - - [14/Feb/2023:09:32:55 +0800] "GET /xingrg/kc/print/load_config.html?kc_code=cgsh HTTP/1.1" 200 1943
180.157.253.110 - - [14/Feb/2023:09:32:56 +0800] "GET /xingrg/kc/print/load_data.html?order_code=212023021404364&kc_code=cgsh&condition= HTTP/1.1" 200 7812
114.83.216.53 - - [14/Feb/2023:09:32:59 +0800] "GET /xingrg/all/function/internal_message.html?_=1676338387159&CODE_STATE=getMsg HTTP/1.1" 302 -
222.70.177.73 - - [14/Feb/2023:09:33:00 +0800] "GET /xingrg/kc/buy/cgsh_order_operate.html?command=get_materiel&rest_code=00111&code=00101008356&supplier_code=00100005&order_time=2023-02-14 HTTP/1.1" 200 408
221.239.170.112 - - [14/Feb/2023:09:33:03 +0800] "GET /xingrg/all/function/internal_message.html?_=1676338399097&CODE_STATE=getMsg HTTP/1.1" 200 27
114.83.222.182 - - [14/Feb/2023:09:33:10 +0800] "GET /xingrg/kc/base/wldb_order_list.html HTTP/1.1" 200 19145
114.83.222.182 - - [14/Feb/2023:09:33:11 +0800] "POST /xingrg/kc/base/wldb_list_operate.html HTTP/1.1" 200 928
222.70.177.73 - - [14/Feb/2023:09:33:11 +0800] "GET /xingrg/kc/buy/cgsh_order_operate.html?command=get_materiel&rest_code=00111&code=00101008251&supplier_code=00100005&order_time=2023-02-14 HTTP/1.1" 200 408
114.83.222.182 - - [14/Feb/2023:09:33:12 +0800] "GET /xingrg/kc/base/wldb_order_add.html HTTP/1.1" 200 30428
114.83.222.182 - - [14/Feb/2023:09:33:12 +0800] "POST /xingrg/kc/base/wldb_order_operate.html HTTP/1.1" 200 6806
114.83.222.182 - - [14/Feb/2023:09:33:12 +0800] "GET /xingrg/all/common/auto_word.html?type=base&rest_code=00154 HTTP/1.1" 200 831
114.83.222.182 - - [14/Feb/2023:09:33:12 +0800] "GET /xingrg/all/common/auto_word.html?type=base&rest_code=00154 HTTP/1.1" 200 831
114.83.222.182 - - [14/Feb/2023:09:33:12 +0800] "GET /xingrg/javascript/easyui/themes/default/validatebox.css HTTP/1.1" 404 1104
116.238.139.35 - - [14/Feb/2023:09:33:13 +0800] "GET /xingrg/all/function/internal_message.html?_=1676338335727&CODE_STATE=getMsg HTTP/1.1" 200 27
114.83.222.182 - - [14/Feb/2023:09:33:13 +0800] "POST /xingrg/all/common/load_combo.html?type=base HTTP/1.1" 200 1491
101.83.145.75 - - [14/Feb/2023:09:33:15 +0800] "GET /xingrg/all/function/internal_message.html?_=1676338413429&CODE_STATE=getMsg HTTP/1.1" 200 27
101.83.145.75 - - [14/Feb/2023:09:33:16 +0800] "GET /xingrg/check_reg.html?_=1676338413430 HTTP/1.1" 200 22
101.83.145.75 - - [14/Feb/2023:09:33:16 +0800] "POST /xingrg/kc/buy/cgsh_order_operate.html HTTP/1.1" 200 41099
221.239.170.112 - - [14/Feb/2023:09:33:17 +0800] "GET /xingrg/check_reg.html?_=1676338413063 HTTP/1.1" 200 22
101.229.22.234 - - [14/Feb/2023:09:33:17 +0800] "GET /xingrg/kc/base/wldb_order_operate.html?command=get_materiel&rest_code=00142&base_code=0010185&code=00101012110 HTTP/1.1" 200 449
114.83.222.182 - - [14/Feb/2023:09:33:19 +0800] "GET /xingrg/javascript/auto/indicator.gif HTTP/1.1" 404 1066
101.229.22.234 - - [14/Feb/2023:09:33:20 +0800] "GET /xingrg/all/function/internal_message.html?_=1676338416375&CODE_STATE=getMsg HTTP/1.1" 200 27
114.83.222.182 - - [14/Feb/2023:09:33:21 +0800] "GET /xingrg/kc/base/wldb_order_operate.html?command=get_materiel&rest_code=00154&base_code=0010724&code=00101040049 HTTP/1.1" 200 454
218.81.220.34 - - [14/Feb/2023:09:33:21 +0800] "GET /xingrg/javascript/jquery_tools/images/prev.gif HTTP/1.1" 404 1086
218.81.220.34 - - [14/Feb/2023:09:33:21 +0800] "GET /xingrg/javascript/jquery_tools/images/next.gif HTTP/1.1" 404 1086
222.70.177.73 - - [14/Feb/2023:09:33:23 +0800] "GET /xingrg/kc/buy/cgsh_order_operate.html?command=get_materiel&rest_code=00111&code=00101008077&supplier_code=00100005&order_time=2023-02-14 HTTP/1.1" 200 416
114.83.222.182 - - [14/Feb/2023:09:33:24 +0800] "POST /xingrg/all/common/load_select.html HTTP/1.1" 200 25
222.70.177.73 - - [14/Feb/2023:09:33:25 +0800] "POST /xingrg/kc/buy/cgsh_order_operate.html HTTP/1.1" 200 2065
114.83.222.182 - - [14/Feb/2023:09:33:26 +0800] "GET /xingrg/kc/base/wldb_order_operate.html?command=get_materiel_price&rest_code=00154&base_code=0010724&code=00101040049&unit_code=00100087 HTTP/1.1" 200 35
180.157.253.110 - - [14/Feb/2023:09:33:29 +0800] "GET /xingrg/all/function/internal_message.html?_=1676338427463&CODE_STATE=getMsg HTTP/1.1" 200 27
180.169.147.146 - - [14/Feb/2023:09:33:30 +0800] "GET /xingrg/all/function/internal_message.html?_=1676338426796&CODE_STATE=getMsg HTTP/1.1" 200 27
116.230.105.139 - - [14/Feb/2023:09:33:33 +0800] "GET /xingrg/all/function/internal_message.html?_=1676338417098&CODE_STATE=getMsg HTTP/1.1" 200 27
101.229.22.234 - - [14/Feb/2023:09:33:34 +0800] "GET /xingrg/kc/base/wldb_order_operate.html?command=get_materiel&rest_code=00142&base_code=0010185&code=00101021009 HTTP/1.1" 200 451
172.20.0.100 - - [14/Feb/2023:09:33:35 +0800] "GET /xingrg/all/function/internal_message.html?_=1676338430803&CODE_STATE=getMsg HTTP/1.1" 200 27
222.70.177.73 - - [14/Feb/2023:09:33:36 +0800] "GET /xingrg/all/function/internal_message.html?_=1676338431835&CODE_STATE=getMsg HTTP/1.1" 200 27
180.157.253.110 - - [14/Feb/2023:09:33:36 +0800] "GET /xingrg/kc/buy/cgsh_order_list.html HTTP/1.1" 200 54063
101.229.22.234 - - [14/Feb/2023:09:33:37 +0800] "POST /xingrg/all/common/load_select.html HTTP/1.1" 200 25
101.229.22.234 - - [14/Feb/2023:09:33:39 +0800] "GET /xingrg/kc/base/wldb_order_operate.html?command=get_materiel_price&rest_code=00142&base_code=0010185&code=00101021009&unit_code=00100053 HTTP/1.1" 200 34
180.157.253.110 - - [14/Feb/2023:09:33:40 +0800] "POST /xingrg/kc/buy/cgsh_list_operate.html HTTP/1.1" 200 1860
120.253.135.82 - - [14/Feb/2023:09:33:40 +0800] "GET /xingrg/all/function/internal_message.html?_=1676338562674&CODE_STATE=getMsg HTTP/1.1" 200 27
120.253.135.82 - - [14/Feb/2023:09:33:40 +0800] "GET /xingrg/check_reg.html?_=1676338562679 HTTP/1.1" 200 22
218.81.220.34 - - [14/Feb/2023:09:33:42 +0800] "GET /xingrg/all/function/internal_message.html?_=1676338444494&CODE_STATE=getMsg HTTP/1.1" 200 27
116.238.139.35 - - [14/Feb/2023:09:33:42 +0800] "GET /xingrg/all/function/internal_message.html?_=1676338440645&CODE_STATE=getMsg HTTP/1.1" 200 27
116.238.139.35 - - [14/Feb/2023:09:33:42 +0800] "GET /xingrg/check_reg.html?_=1676338440650 HTTP/1.1" 200 22
222.70.177.73 - - [14/Feb/2023:09:33:44 +0800] "GET /xingrg/kc/buy/cgsh_order_operate.html?command=get_materiel&rest_code=00111&code=00101008286&supplier_code=00100005&order_time=2023-02-14 HTTP/1.1" 200 408
114.83.222.182 - - [14/Feb/2023:09:33:45 +0800] "GET /xingrg/all/function/internal_message.html?_=1676338549849&CODE_STATE=getMsg HTTP/1.1" 200 27
218.81.220.34 - - [14/Feb/2023:09:33:45 +0800] "GET /xingrg/kc/buy/cgsh_order_operate.html?command=get_materiel&rest_code=00146&code=00101012057&supplier_code=00100033&order_time=2023-02-14 HTTP/1.1" 200 420
116.192.124.172 - - [14/Feb/2023:09:33:51 +0800] "GET /xingrg/check_reg.html?_=1676338446673 HTTP/1.1" 302 -
101.229.22.234 - - [14/Feb/2023:09:33:51 +0800] "POST /xingrg/kc/base/wldb_order_operate.html HTTP/1.1" 200 37
114.83.222.182 - - [14/Feb/2023:09:33:51 +0800] "GET /xingrg/kc/base/wldb_order_operate.html?command=get_materiel&rest_code=00154&base_code=0010724&code=00101040026 HTTP/1.1" 200 448
101.229.22.234 - - [14/Feb/2023:09:33:52 +0800] "POST /xingrg/kc/base/wldb_order_operate.html HTTP/1.1" 200 6533
116.237.79.73 - - [14/Feb/2023:09:33:52 +0800] "GET /xingrg/all/function/internal_message.html?_=1676338446172&CODE_STATE=getMsg HTTP/1.1" 200 27
101.229.22.234 - - [14/Feb/2023:09:33:52 +0800] "GET /xingrg/kc/base/wldb_order_info.html?code=422023021401005 HTTP/1.1" 200 30445
101.229.22.234 - - [14/Feb/2023:09:33:52 +0800] "GET /xingrg/javascript/easyui/themes/default/validatebox.css HTTP/1.1" 404 1104
101.229.22.234 - - [14/Feb/2023:09:33:53 +0800] "POST /xingrg/kc/base/wldb_order_operate.html HTTP/1.1" 200 6533
222.70.177.73 - - [14/Feb/2023:09:33:57 +0800] "GET /xingrg/kc/buy/cgsh_order_operate.html?command=get_materiel&rest_code=00111&code=00101008131&supplier_code=00100005&order_time=2023-02-14 HTTP/1.1" 200 408
114.83.216.53 - - [14/Feb/2023:09:33:59 +0800] "GET /xingrg/all/function/internal_message.html?_=1676338447133&CODE_STATE=getMsg HTTP/1.1" 302 -
221.239.170.112 - - [14/Feb/2023:09:34:03 +0800] "GET /xingrg/all/function/internal_message.html?_=1676338459069&CODE_STATE=getMsg HTTP/1.1" 200 27
222.70.177.73 - - [14/Feb/2023:09:34:05 +0800] "GET /xingrg/kc/buy/cgsh_order_operate.html?command=get_materiel&rest_code=00111&code=00101008274&supplier_code=00100005&order_time=2023-02-14 HTTP/1.1" 200 412
218.81.220.34 - - [14/Feb/2023:09:34:09 +0800] "GET /xingrg/kc/buy/cgsh_order_operate.html?command=get_materiel&rest_code=00146&code=00101007109&supplier_code=00100033&order_time=2023-02-14 HTTP/1.1" 200 408
116.238.139.35 - - [14/Feb/2023:09:34:13 +0800] "GET /xingrg/all/function/internal_message.html?_=1676338395798&CODE_STATE=getMsg HTTP/1.1" 200 27
222.70.177.73 - - [14/Feb/2023:09:34:14 +0800] "GET /xingrg/kc/buy/cgsh_order_operate.html?command=get_materiel&rest_code=00111&code=00101008403&supplier_code=00100005&order_time=2023-02-14 HTTP/1.1" 200 412
101.83.145.75 - - [14/Feb/2023:09:34:15 +0800] "GET /xingrg/all/function/internal_message.html?_=1676338473411&CODE_STATE=getMsg HTTP/1.1" 200 27
222.70.177.73 - - [14/Feb/2023:09:34:16 +0800] "POST /xingrg/kc/buy/cgsh_order_operate.html HTTP/1.1" 200 2065
101.229.22.234 - - [14/Feb/2023:09:34:20 +0800] "GET /xingrg/all/function/internal_message.html?_=1676338476382&CODE_STATE=getMsg HTTP/1.1" 200 27
222.70.177.73 - - [14/Feb/2023:09:34:24 +0800] "GET /xingrg/kc/buy/cgsh_order_operate.html?command=get_materiel&rest_code=00111&code=00101008103&supplier_code=00100005&order_time=2023-02-14 HTTP/1.1" 200 417
101.229.22.234 - - [14/Feb/2023:09:34:28 +0800] "POST /xingrg/kc/base/wldb_order_operate.html HTTP/1.1" 200 37
101.229.22.234 - - [14/Feb/2023:09:34:28 +0800] "POST /xingrg/kc/base/wldb_order_operate.html HTTP/1.1" 200 6533
218.81.220.34 - - [14/Feb/2023:09:34:28 +0800] "GET /xingrg/kc/buy/cgsh_order_operate.html?command=get_materiel&rest_code=00146&code=00101016025&supplier_code=00100033&order_time=2023-02-14 HTTP/1.1" 200 408
180.157.253.110 - - [14/Feb/2023:09:34:29 +0800] "GET /xingrg/all/function/internal_message.html?_=1676338487440&CODE_STATE=getMsg HTTP/1.1" 200 27
180.169.147.146 - - [14/Feb/2023:09:34:30 +0800] "GET /xingrg/all/function/internal_message.html?_=1676338486796&CODE_STATE=getMsg HTTP/1.1" 200 27
114.83.222.182 - - [14/Feb/2023:09:34:31 +0800] "GET /xingrg/kc/base/wldb_order_operate.html?command=get_materiel&rest_code=00154&base_code=0010724&code=00101016149 HTTP/1.1" 200 458
116.230.105.139 - - [14/Feb/2023:09:34:33 +0800] "GET /xingrg/check_reg.html?_=1676338477083 HTTP/1.1" 200 22
116.230.105.139 - - [14/Feb/2023:09:34:33 +0800] "GET /xingrg/all/function/internal_message.html?_=1676338477087&CODE_STATE=getMsg HTTP/1.1" 200 27
114.83.222.182 - - [14/Feb/2023:09:34:33 +0800] "POST /xingrg/all/common/load_select.html HTTP/1.1" 200 25
222.70.177.73 - - [14/Feb/2023:09:34:34 +0800] "GET /xingrg/kc/buy/cgsh_order_operate.html?command=get_materiel&rest_code=00111&code=00101008349&supplier_code=00100005&order_time=2023-02-14 HTTP/1.1" 200 414
172.20.0.100 - - [14/Feb/2023:09:34:35 +0800] "GET /xingrg/check_reg.html?_=1676338490805 HTTP/1.1" 200 22
172.20.0.100 - - [14/Feb/2023:09:34:35 +0800] "GET /xingrg/all/function/internal_message.html?_=1676338490806&CODE_STATE=getMsg HTTP/1.1" 200 27
222.70.177.73 - - [14/Feb/2023:09:34:35 +0800] "GET /xingrg/check_reg.html?_=1676338490378 HTTP/1.1" 200 22
101.229.22.234 - - [14/Feb/2023:09:34:35 +0800] "POST /xingrg/kc/base/wldb_order_operate.html HTTP/1.1" 200 12
114.83.222.182 - - [14/Feb/2023:09:34:36 +0800] "GET /xingrg/kc/base/wldb_order_operate.html?command=get_materiel_price&rest_code=00154&base_code=0010724&code=00101016149&unit_code=00100075 HTTP/1.1" 200 35
222.70.177.73 - - [14/Feb/2023:09:34:36 +0800] "GET /xingrg/all/function/internal_message.html?_=1676338491811&CODE_STATE=getMsg HTTP/1.1" 200 27
101.229.22.234 - - [14/Feb/2023:09:34:36 +0800] "GET /xingrg/kc/base/wldb_order_info.html?code=422023021401005 HTTP/1.1" 200 26311
101.229.22.234 - - [14/Feb/2023:09:34:37 +0800] "GET /xingrg/javascript/easyui/themes/default/validatebox.css HTTP/1.1" 404 1104
101.229.22.234 - - [14/Feb/2023:09:34:37 +0800] "POST /xingrg/kc/base/wldb_order_operate.html HTTP/1.1" 200 4717
120.253.135.82 - - [14/Feb/2023:09:34:40 +0800] "GET /xingrg/all/function/internal_message.html?_=1676338622678&CODE_STATE=getMsg HTTP/1.1" 200 27
218.81.220.34 - - [14/Feb/2023:09:34:42 +0800] "GET /xingrg/all/function/internal_message.html?_=1676338504508&CODE_STATE=getMsg HTTP/1.1" 200 27
116.238.139.35 - - [14/Feb/2023:09:34:42 +0800] "GET /xingrg/all/function/internal_message.html?_=1676338500636&CODE_STATE=getMsg HTTP/1.1" 200 27
116.237.79.73 - - [14/Feb/2023:09:34:44 +0800] "GET /xingrg/check_reg.html?_=1676338498095 HTTP/1.1" 200 22
218.81.220.34 - - [14/Feb/2023:09:34:44 +0800] "POST /xingrg/kc/buy/cgsh_order_operate.html HTTP/1.1" 200 37
114.83.222.182 - - [14/Feb/2023:09:34:45 +0800] "GET /xingrg/all/function/internal_message.html?_=1676338609831&CODE_STATE=getMsg HTTP/1.1" 200 27
222.70.177.73 - - [14/Feb/2023:09:34:46 +0800] "GET /xingrg/kc/buy/cgsh_order_operate.html?command=get_materiel&rest_code=00111&code=00101008298&supplier_code=00100005&order_time=2023-02-14 HTTP/1.1" 200 412
218.81.220.34 - - [14/Feb/2023:09:34:47 +0800] "POST /xingrg/kc/buy/cgsh_order_operate.html HTTP/1.1" 200 3839
218.81.220.34 - - [14/Feb/2023:09:34:49 +0800] "GET /xingrg/kc/print/load_data.html?order_code=212023021404366&kc_code=cgsh&condition= HTTP/1.1" 200 1175
116.237.79.73 - - [14/Feb/2023:09:34:52 +0800] "GET /xingrg/all/function/internal_message.html?_=1676338506151&CODE_STATE=getMsg HTTP/1.1" 200 27
114.83.216.53 - - [14/Feb/2023:09:34:59 +0800] "GET /xingrg/all/function/internal_message.html?_=1676338507119&CODE_STATE=getMsg HTTP/1.1" 302 -
114.83.216.53 - - [14/Feb/2023:09:34:59 +0800] "GET /xingrg/check_reg.html?_=1676338507823 HTTP/1.1" 302 -
221.239.170.112 - - [14/Feb/2023:09:35:03 +0800] "GET /xingrg/all/function/internal_message.html?_=1676338519059&CODE_STATE=getMsg HTTP/1.1" 200 27
116.238.139.35 - - [14/Feb/2023:09:35:13 +0800] "GET /xingrg/all/function/internal_message.html?_=1676338455801&CODE_STATE=getMsg HTTP/1.1" 200 27
222.70.177.73 - - [14/Feb/2023:09:35:14 +0800] "POST /xingrg/kc/buy/cgsh_order_operate.html HTTP/1.1" 200 2065
101.83.145.75 - - [14/Feb/2023:09:35:15 +0800] "GET /xingrg/all/function/internal_message.html?_=1676338533385&CODE_STATE=getMsg HTTP/1.1" 200 27
222.70.177.73 - - [14/Feb/2023:09:35:18 +0800] "GET /xingrg/kc/buy/cgsh_order_operate.html?command=get_materiel&rest_code=00111&code=00101008155&supplier_code=00100005&order_time=2023-02-14 HTTP/1.1" 200 408
101.229.22.234 - - [14/Feb/2023:09:35:20 +0800] "GET /xingrg/all/function/internal_message.html?_=1676338536391&CODE_STATE=getMsg HTTP/1.1" 200 27
218.81.220.34 - - [14/Feb/2023:09:35:23 +0800] "GET /xingrg/kc/buy/cgsh_order_add.html HTTP/1.1" 200 69839
218.81.220.34 - - [14/Feb/2023:09:35:23 +0800] "POST /xingrg/kc/buy/cgsh_order_operate.html HTTP/1.1" 200 8245
218.81.220.34 - - [14/Feb/2023:09:35:23 +0800] "GET /xingrg/javascript/easyui/themes/default/validatebox.css HTTP/1.1" 404 1104
180.157.253.110 - - [14/Feb/2023:09:35:29 +0800] "GET /xingrg/all/function/internal_message.html?_=1676338547424&CODE_STATE=getMsg HTTP/1.1" 200 27
180.169.147.146 - - [14/Feb/2023:09:35:30 +0800] "GET /xingrg/all/function/internal_message.html?_=1676338546801&CODE_STATE=getMsg HTTP/1.1" 200 27
180.169.147.146 - - [14/Feb/2023:09:35:30 +0800] "GET /xingrg/check_reg.html?_=1676338546805 HTTP/1.1" 200 22
116.230.105.139 - - [14/Feb/2023:09:35:33 +0800] "GET /xingrg/all/function/internal_message.html?_=1676338537089&CODE_STATE=getMsg HTTP/1.1" 200 27
172.20.0.100 - - [14/Feb/2023:09:35:35 +0800] "GET /xingrg/all/function/internal_message.html?_=1676338550791&CODE_STATE=getMsg HTTP/1.1" 200 27
222.70.177.73 - - [14/Feb/2023:09:35:36 +0800] "GET /xingrg/all/function/internal_message.html?_=1676338551786&CODE_STATE=getMsg HTTP/1.1" 200 27
222.70.177.73 - - [14/Feb/2023:09:35:39 +0800] "GET /xingrg/kc/buy/cgsh_order_operate.html?command=get_materiel&rest_code=00111&code=00101008163&supplier_code=00100005&order_time=2023-02-14 HTTP/1.1" 200 409
120.253.135.82 - - [14/Feb/2023:09:35:40 +0800] "GET /xingrg/all/function/internal_message.html?_=1676338682683&CODE_STATE=getMsg HTTP/1.1" 200 27
218.81.220.34 - - [14/Feb/2023:09:35:42 +0800] "GET /xingrg/all/function/internal_message.html?_=1676338564521&CODE_STATE=getMsg HTTP/1.1" 200 27
116.238.139.35 - - [14/Feb/2023:09:35:42 +0800] "GET /xingrg/all/function/internal_message.html?_=1676338560637&CODE_STATE=getMsg HTTP/1.1" 200 27
114.83.222.182 - - [14/Feb/2023:09:35:45 +0800] "GET /xingrg/all/function/internal_message.html?_=1676338669816&CODE_STATE=getMsg HTTP/1.1" 200 27
116.237.79.73 - - [14/Feb/2023:09:35:52 +0800] "GET /xingrg/all/function/internal_message.html?_=1676338566120&CODE_STATE=getMsg HTTP/1.1" 200 27
222.70.177.73 - - [14/Feb/2023:09:35:56 +0800] "POST /xingrg/kc/buy/cgsh_order_operate.html HTTP/1.1" 200 2065
114.83.216.53 - - [14/Feb/2023:09:35:59 +0800] "GET /xingrg/all/function/internal_message.html?_=1676338567093&CODE_STATE=getMsg HTTP/1.1" 302 -
222.70.177.73 - - [14/Feb/2023:09:36:02 +0800] "GET /xingrg/kc/buy/cgsh_order_operate.html?command=get_materiel&rest_code=00111&code=00101008318&supplier_code=00100005&order_time=2023-02-14 HTTP/1.1" 200 408
221.239.170.112 - - [14/Feb/2023:09:36:03 +0800] "GET /xingrg/all/function/internal_message.html?_=1676338579045&CODE_STATE=getMsg HTTP/1.1" 200 27
222.70.177.73 - - [14/Feb/2023:09:36:15 +0800] "GET /xingrg/kc/buy/cgsh_order_operate.html?command=get_materiel&rest_code=00111&code=00101008352&supplier_code=00100005&order_time=2023-02-14 HTTP/1.1" 200 412
101.83.145.75 - - [14/Feb/2023:09:36:15 +0800] "GET /xingrg/all/function/internal_message.html?_=1676338593356&CODE_STATE=getMsg HTTP/1.1" 200 27
218.81.220.34 - - [14/Feb/2023:09:36:16 +0800] "GET /xingrg/kc/buy/cgsh_order_operate.html?command=get_materiel&rest_code=00146&code=00101001111&supplier_code=00100041&order_time=2023-02-14 HTTP/1.1" 200 409
101.229.22.234 - - [14/Feb/2023:09:36:20 +0800] "GET /xingrg/check_reg.html?_=1676338596393 HTTP/1.1" 200 22
101.229.22.234 - - [14/Feb/2023:09:36:20 +0800] "GET /xingrg/all/function/internal_message.html?_=1676338596396&CODE_STATE=getMsg HTTP/1.1" 200 27
180.157.253.110 - - [14/Feb/2023:09:36:28 +0800] "GET /xingrg/check_reg.html?_=1676338601012 HTTP/1.1" 200 22
180.157.253.110 - - [14/Feb/2023:09:36:29 +0800] "GET /xingrg/all/function/internal_message.html?_=1676338607399&CODE_STATE=getMsg HTTP/1.1" 200 27
180.169.147.146 - - [14/Feb/2023:09:36:29 +0800] "GET /xingrg/index.html?sysBaseUrl=http%3A%2F%2F180.169.147.146%3A18081%2Fxingrg%2F&costTime=39×tamp=1592034574635 HTTP/1.1" 200 17503
180.169.147.146 - - [14/Feb/2023:09:36:29 +0800] "GET /xingrg/javascript/jquery_easy_ui/themes/default/easyui.css HTTP/1.1" 200 26500
180.169.147.146 - - [14/Feb/2023:09:36:29 +0800] "GET /xingrg/javascript/jquery.timers.js HTTP/1.1" 200 3532
180.169.147.146 - - [14/Feb/2023:09:36:29 +0800] "GET /xingrg/javascript/jquery_easy_ui/easyui-lang-zh_CN.js HTTP/1.1" 200 1900
180.169.147.146 - - [14/Feb/2023:09:36:29 +0800] "GET /xingrg/javascript/jquery.form.js HTTP/1.1" 200 23110
180.169.147.146 - - [14/Feb/2023:09:36:29 +0800] "GET /xingrg/images/blue/jxLogo.png HTTP/1.1" 200 6156
180.169.147.146 - - [14/Feb/2023:09:36:29 +0800] "GET /xingrg/javascript/jquery_easy_ui/themes/icon.css HTTP/1.1" 200 3949
180.169.147.146 - - [14/Feb/2023:09:36:29 +0800] "GET /xingrg/css/form.css HTTP/1.1" 200 893
180.169.147.146 - - [14/Feb/2023:09:36:29 +0800] "GET /xingrg/javascript/jquery-1.4.2.min.js HTTP/1.1" 200 72205
180.169.147.146 - - [14/Feb/2023:09:36:29 +0800] "GET /xingrg/javascript/jquery_easy_ui/jquery.easyui.min.js HTTP/1.1" 200 213662
180.169.147.146 - - [14/Feb/2023:09:36:29 +0800] "GET /xingrg/javascript/jquery.utils.js HTTP/1.1" 200 11805
180.169.147.146 - - [14/Feb/2023:09:36:29 +0800] "GET /favicon.ico HTTP/1.1" 404 -
180.169.147.146 - - [14/Feb/2023:09:36:29 +0800] "GET /xingrg/javascript/jquery_easy_ui/themes/icons/settle_new.png HTTP/1.1" 200 826
180.169.147.146 - - [14/Feb/2023:09:36:29 +0800] "GET /xingrg/images/blue/navBackgound.jpg HTTP/1.1" 200 12378
180.169.147.146 - - [14/Feb/2023:09:36:30 +0800] "GET /xingrg/all/function/internal_message.html?_=1676338606021&CODE_STATE=count HTTP/1.1" 200 11
180.169.147.146 - - [14/Feb/2023:09:36:30 +0800] "GET /xingrg/check_reg.html?_=1676338606021 HTTP/1.1" 200 22
180.169.147.146 - - [14/Feb/2023:09:36:30 +0800] "GET /xingrg/images/blue/pingpu.png HTTP/1.1" 200 231
180.169.147.146 - - [14/Feb/2023:09:36:30 +0800] "GET /xingrg/javascript/jquery_easy_ui/themes/default/images/tabs_leftarrow.png HTTP/1.1" 200 389
180.169.147.146 - - [14/Feb/2023:09:36:30 +0800] "GET /xingrg/javascript/jquery_easy_ui/themes/default/images/tabs_rightarrow.png HTTP/1.1" 200 395
180.169.147.146 - - [14/Feb/2023:09:36:30 +0800] "GET /xingrg/javascript/jquery_easy_ui/themes/default/images/panel_tool_collapse.gif HTTP/1.1" 200 246
180.169.147.146 - - [14/Feb/2023:09:36:30 +0800] "GET /xingrg/javascript/jquery_easy_ui/themes/default/images/panel_tool_expand.gif HTTP/1.1" 200 247
180.169.147.146 - - [14/Feb/2023:09:36:30 +0800] "POST /xingrg/all/common/load_tree.html?tree=area_rest_tree_json&manage=1 HTTP/1.1" 200 3499
180.169.147.146 - - [14/Feb/2023:09:36:30 +0800] "POST /xingrg/load_menu.html HTTP/1.1" 200 11564
180.169.147.146 - - [14/Feb/2023:09:36:30 +0800] "GET /xingrg/javascript/jquery_easy_ui/themes/default/images/tree_arrows.gif HTTP/1.1" 200 1043
180.169.147.146 - - [14/Feb/2023:09:36:30 +0800] "GET /xingrg/javascript/jquery_easy_ui/themes/default/images/tree_folder_open.gif HTTP/1.1" 200 956
180.169.147.146 - - [14/Feb/2023:09:36:30 +0800] "GET /xingrg/javascript/jquery_easy_ui/themes/icons/search_new.png HTTP/1.1" 200 586
180.169.147.146 - - [14/Feb/2023:09:36:30 +0800] "GET /xingrg/javascript/jquery_easy_ui/themes/icons/delivery_new.png HTTP/1.1" 200 700
180.169.147.146 - - [14/Feb/2023:09:36:30 +0800] "GET /xingrg/javascript/jquery_easy_ui/themes/icons/checkout_new.png HTTP/1.1" 200 744
180.169.147.146 - - [14/Feb/2023:09:36:30 +0800] "GET /xingrg/javascript/jquery_easy_ui/themes/icons/storage_new.png HTTP/1.1" 200 853
180.169.147.146 - - [14/Feb/2023:09:36:30 +0800] "GET /xingrg/javascript/jquery_easy_ui/themes/icons/forms_new.png HTTP/1.1" 200 350
180.169.147.146 - - [14/Feb/2023:09:36:30 +0800] "GET /xingrg/javascript/jquery_easy_ui/themes/icons/setting_new.png HTTP/1.1" 200 450
180.169.147.146 - - [14/Feb/2023:09:36:30 +0800] "GET /xingrg/javascript/jquery_easy_ui/themes/icons/systemset_new.png HTTP/1.1" 200 606
180.169.147.146 - - [14/Feb/2023:09:36:30 +0800] "GET /xingrg/javascript/jquery_easy_ui/themes/default/images/tree_file.gif HTTP/1.1" 200 118
180.169.147.146 - - [14/Feb/2023:09:36:30 +0800] "GET /xingrg/javascript/jquery_easy_ui/themes/default/images/tree_folder.gif HTTP/1.1" 200 952
116.230.105.139 - - [14/Feb/2023:09:36:33 +0800] "GET /xingrg/all/function/internal_message.html?_=1676338597086&CODE_STATE=getMsg HTTP/1.1" 200 27
222.70.177.73 - - [14/Feb/2023:09:36:34 +0800] "GET /xingrg/kc/buy/cgsh_order_operate.html?command=get_materiel&rest_code=00111&code=00101008300&supplier_code=00100005&order_time=2023-02-14 HTTP/1.1" 200 412
114.83.222.182 - - [14/Feb/2023:09:36:34 +0800] "GET /xingrg/check_reg.html?_=1676338719411 HTTP/1.1" 200 22
172.20.0.100 - - [14/Feb/2023:09:36:35 +0800] "GET /xingrg/all/function/internal_message.html?_=1676338610794&CODE_STATE=getMsg HTTP/1.1" 200 27
222.70.177.73 - - [14/Feb/2023:09:36:36 +0800] "GET /xingrg/all/function/internal_message.html?_=1676338611767&CODE_STATE=getMsg HTTP/1.1" 200 27
180.169.147.146 - - [14/Feb/2023:09:36:36 +0800] "GET /xingrg/index.html?sysBaseUrl=http%3A%2F%2F180.169.147.146%3A18081%2Fxingrg%2F&costTime=39×tamp=1592034574635 HTTP/1.1" 200 17503
180.169.147.146 - - [14/Feb/2023:09:36:37 +0800] "GET /xingrg/all/function/internal_message.html?_=1676338613053&CODE_STATE=count HTTP/1.1" 200 11
180.169.147.146 - - [14/Feb/2023:09:36:37 +0800] "GET /favicon.ico HTTP/1.1" 404 -
180.169.147.146 - - [14/Feb/2023:09:36:37 +0800] "GET /xingrg/check_reg.html?_=1676338613054 HTTP/1.1" 200 22
180.169.147.146 - - [14/Feb/2023:09:36:37 +0800] "POST /xingrg/all/common/load_tree.html?tree=area_rest_tree_json&manage=1 HTTP/1.1" 200 3499
180.169.147.146 - - [14/Feb/2023:09:36:37 +0800] "POST /xingrg/load_menu.html HTTP/1.1" 200 11564
180.169.147.146 - - [14/Feb/2023:09:36:38 +0800] "GET /xingrg/javascript/jquery_easy_ui/themes/default/images/tabs_close.gif HTTP/1.1" 200 829
180.169.147.146 - - [14/Feb/2023:09:36:38 +0800] "GET /xingrg/kc/report/report_main.html HTTP/1.1" 200 8599
180.169.147.146 - - [14/Feb/2023:09:36:38 +0800] "GET /xingrg/javascript/pic_change.js HTTP/1.1" 200 4739
180.169.147.146 - - [14/Feb/2023:09:36:38 +0800] "GET /xingrg/css/blue.css HTTP/1.1" 200 15949
180.169.147.146 - - [14/Feb/2023:09:36:38 +0800] "GET /xingrg/javascript/json2.js HTTP/1.1" 200 11259
180.169.147.146 - - [14/Feb/2023:09:36:38 +0800] "GET /xingrg/javascript/jquery_ui/themes/humanity/humanity.css HTTP/1.1" 200 27801
180.169.147.146 - - [14/Feb/2023:09:36:38 +0800] "GET /xingrg/javascript/myfunction.js HTTP/1.1" 200 24559
180.169.147.146 - - [14/Feb/2023:09:36:38 +0800] "GET /xingrg/javascript/jquery_easy_ui/themes/icons/back_new.png HTTP/1.1" 200 3414
120.253.135.82 - - [14/Feb/2023:09:36:40 +0800] "GET /xingrg/all/function/internal_message.html?_=1676338742688&CODE_STATE=getMsg HTTP/1.1" 200 27
218.81.220.34 - - [14/Feb/2023:09:36:41 +0800] "GET /xingrg/check_reg.html?_=1676338623974 HTTP/1.1" 200 22
218.81.220.34 - - [14/Feb/2023:09:36:42 +0800] "GET /xingrg/all/function/internal_message.html?_=1676338624534&CODE_STATE=getMsg HTTP/1.1" 200 27
116.238.139.35 - - [14/Feb/2023:09:36:42 +0800] "GET /xingrg/all/function/internal_message.html?_=1676338620637&CODE_STATE=getMsg HTTP/1.1" 200 27
180.169.147.146 - - [14/Feb/2023:09:36:43 +0800] "GET /xingrg/javascript/jquery_easy_ui/themes/icons/area.png HTTP/1.1" 200 262
180.169.147.146 - - [14/Feb/2023:09:36:43 +0800] "GET /xingrg/javascript/jquery_easy_ui/themes/icons/manage.png HTTP/1.1" 200 696
180.169.147.146 - - [14/Feb/2023:09:36:43 +0800] "GET /xingrg/javascript/jquery_easy_ui/themes/icons/rest.png HTTP/1.1" 200 695
180.169.147.146 - - [14/Feb/2023:09:36:43 +0800] "GET /xingrg/javascript/jquery_easy_ui/themes/default/images/button_a_bg.gif HTTP/1.1" 200 1194
180.169.147.146 - - [14/Feb/2023:09:36:43 +0800] "GET /xingrg/javascript/jquery_easy_ui/themes/default/images/button_span_bg.gif HTTP/1.1" 200 2061
180.169.147.146 - - [14/Feb/2023:09:36:43 +0800] "GET /xingrg/javascript/jquery_easy_ui/themes/default/images/panel_title.png HTTP/1.1" 200 266
180.169.147.146 - - [14/Feb/2023:09:36:43 +0800] "GET /xingrg/javascript/jquery_easy_ui/themes/icons/ok.png HTTP/1.1" 200 883
180.169.147.146 - - [14/Feb/2023:09:36:43 +0800] "GET /xingrg/javascript/jquery_easy_ui/themes/default/images/panel_tools.gif HTTP/1.1" 200 737
180.169.147.146 - - [14/Feb/2023:09:36:44 +0800] "GET /xingrg/images/control/ajaxLoader.gif HTTP/1.1" 200 4659
180.169.147.146 - - [14/Feb/2023:09:36:44 +0800] "POST /xingrg/all/user/operate.html HTTP/1.1" 200 36
180.169.147.146 - - [14/Feb/2023:09:36:44 +0800] "GET /xingrg/index.html?sysBaseUrl=http%3A%2F%2F180.169.147.146%3A18081%2Fxingrg%2F&costTime=39×tamp=1592034574635 HTTP/1.1" 200 17503
180.169.147.146 - - [14/Feb/2023:09:36:44 +0800] "GET /xingrg/javascript/jquery_easy_ui/themes/default/easyui.css HTTP/1.1" 304 -
180.169.147.146 - - [14/Feb/2023:09:36:44 +0800] "GET /xingrg/javascript/jquery_easy_ui/themes/icon.css HTTP/1.1" 304 -
180.169.147.146 - - [14/Feb/2023:09:36:44 +0800] "GET /xingrg/css/form.css HTTP/1.1" 304 -
180.169.147.146 - - [14/Feb/2023:09:36:44 +0800] "GET /xingrg/javascript/jquery-1.4.2.min.js HTTP/1.1" 304 -
180.169.147.146 - - [14/Feb/2023:09:36:45 +0800] "GET /xingrg/javascript/jquery_easy_ui/jquery.easyui.min.js HTTP/1.1" 304 -
180.169.147.146 - - [14/Feb/2023:09:36:45 +0800] "GET /xingrg/javascript/jquery_easy_ui/easyui-lang-zh_CN.js HTTP/1.1" 304 -
180.169.147.146 - - [14/Feb/2023:09:36:45 +0800] "GET /xingrg/javascript/jquery.form.js HTTP/1.1" 304 -
180.169.147.146 - - [14/Feb/2023:09:36:45 +0800] "GET /xingrg/javascript/jquery.utils.js HTTP/1.1" 304 -
180.169.147.146 - - [14/Feb/2023:09:36:45 +0800] "GET /xingrg/javascript/jquery.timers.js HTTP/1.1" 304 -
114.83.222.182 - - [14/Feb/2023:09:36:45 +0800] "GET /xingrg/all/function/internal_message.html?_=1676338729796&CODE_STATE=getMsg HTTP/1.1" 200 27
180.169.147.146 - - [14/Feb/2023:09:36:45 +0800] "GET /xingrg/images/blue/jxLogo.png HTTP/1.1" 304 -
180.169.147.146 - - [14/Feb/2023:09:36:45 +0800] "GET /xingrg/images/blue/navBackgound.jpg HTTP/1.1" 304 -
180.169.147.146 - - [14/Feb/2023:09:36:45 +0800] "GET /xingrg/javascript/jquery_easy_ui/themes/icons/settle_new.png HTTP/1.1" 304 -
180.169.147.146 - - [14/Feb/2023:09:36:45 +0800] "GET /xingrg/check_reg.html?_=1676338621128 HTTP/1.1" 200 22
180.169.147.146 - - [14/Feb/2023:09:36:45 +0800] "GET /xingrg/all/function/internal_message.html?_=1676338621128&CODE_STATE=count HTTP/1.1" 200 11
180.169.147.146 - - [14/Feb/2023:09:36:45 +0800] "GET /xingrg/javascript/jquery_easy_ui/themes/default/images/tabs_rightarrow.png HTTP/1.1" 304 -
180.169.147.146 - - [14/Feb/2023:09:36:45 +0800] "GET /xingrg/javascript/jquery_easy_ui/themes/default/images/panel_tool_expand.gif HTTP/1.1" 304 -
180.169.147.146 - - [14/Feb/2023:09:36:45 +0800] "GET /xingrg/javascript/jquery_easy_ui/themes/default/images/panel_tool_collapse.gif HTTP/1.1" 304 -
180.169.147.146 - - [14/Feb/2023:09:36:45 +0800] "GET /xingrg/images/blue/pingpu.png HTTP/1.1" 304 -
180.169.147.146 - - [14/Feb/2023:09:36:45 +0800] "GET /xingrg/javascript/jquery_easy_ui/themes/default/images/tabs_leftarrow.png HTTP/1.1" 304 -
180.169.147.146 - - [14/Feb/2023:09:36:45 +0800] "POST /xingrg/all/common/load_tree.html?tree=area_rest_tree_json&manage=1 HTTP/1.1" 200 3499
180.169.147.146 - - [14/Feb/2023:09:36:45 +0800] "POST /xingrg/load_menu.html HTTP/1.1" 200 11564
116.237.79.73 - - [14/Feb/2023:09:36:52 +0800] "GET /xingrg/all/function/internal_message.html?_=1676338626091&CODE_STATE=getMsg HTTP/1.1" 200 27
114.83.216.53 - - [14/Feb/2023:09:36:59 +0800] "GET /xingrg/all/function/internal_message.html?_=1676338627065&CODE_STATE=getMsg HTTP/1.1" 302 -
