116.238.139.35 - - [14/Feb/2023:10:45:44 +0800] "GET /xingrg/kc/base/yddb_order_list.html HTTP/1.1" 200 16749
116.238.139.35 - - [14/Feb/2023:10:45:45 +0800] "POST /xingrg/kc/base/yddb_list_operate.html HTTP/1.1" 200 636
116.237.79.73 - - [14/Feb/2023:10:45:45 +0800] "GET /xingrg/all/function/internal_message.html?_=1676342759636&CODE_STATE=getMsg HTTP/1.1" 200 27
180.169.147.146 - - [14/Feb/2023:10:45:45 +0800] "GET /xingrg/all/function/internal_message.html?_=1676342761774&CODE_STATE=getMsg HTTP/1.1" 200 27
101.229.22.234 - - [14/Feb/2023:10:45:45 +0800] "POST /xingrg/dwr/call/plaincall/AjaxYddbService.removeMaterielItem.dwr HTTP/1.1" 200 79
180.163.28.68 - - [14/Feb/2023:10:45:46 +0800] "GET /xingrg/all/function/internal_message.html?_=1676342699650&CODE_STATE=getMsg HTTP/1.1" 302 -
180.163.28.68 - - [14/Feb/2023:10:45:46 +0800] "GET /xingrg/login.html HTTP/1.1" 200 7641
116.238.139.35 - - [14/Feb/2023:10:45:46 +0800] "GET /xingrg/kc/base/yddb_order_add.html HTTP/1.1" 200 29953
124.79.72.155 - - [14/Feb/2023:10:45:46 +0800] "POST /xingrg/kc/buy/cgsh_order_operate.html HTTP/1.1" 200 3251
116.238.139.35 - - [14/Feb/2023:10:45:46 +0800] "GET /xingrg/dwr/interface/AjaxComOrderService.js HTTP/1.1" 200 18264
120.253.135.82 - - [14/Feb/2023:10:45:46 +0800] "POST /xingrg/login.do HTTP/1.1" 302 -
116.238.139.35 - - [14/Feb/2023:10:45:46 +0800] "GET /xingrg/dwr/interface/AjaxYddbService.js HTTP/1.1" 200 13201
116.238.139.35 - - [14/Feb/2023:10:45:46 +0800] "GET /xingrg/dwr/engine.js HTTP/1.1" 200 43631
120.253.135.82 - - [14/Feb/2023:10:45:47 +0800] "GET /xingrg/index.html?sysBaseUrl=http%3A%2F%2F180.169.147.146%3A18081%2Fxingrg%2F&costTime=2516×tamp=1676342746882 HTTP/1.1" 200 17173
120.253.135.82 - - [14/Feb/2023:10:45:47 +0800] "GET /xingrg/javascript/jquery.utils.js HTTP/1.1" 200 11805
120.253.135.82 - - [14/Feb/2023:10:45:47 +0800] "GET /favicon.ico HTTP/1.1" 404 -
124.79.72.155 - - [14/Feb/2023:10:45:48 +0800] "GET /xingrg/kc/print/load_config.html?kc_code=cgsh HTTP/1.1" 200 1943
116.238.139.35 - - [14/Feb/2023:10:45:49 +0800] "POST /xingrg/dwr/call/plaincall/AjaxYddbService.getRestBases.dwr HTTP/1.1" 200 1616
120.253.135.82 - - [14/Feb/2023:10:45:49 +0800] "GET /xingrg/css/form.css HTTP/1.1" 200 893
120.253.135.82 - - [14/Feb/2023:10:45:49 +0800] "GET /xingrg/javascript/jquery_easy_ui/themes/icon.css HTTP/1.1" 200 3949
120.253.135.82 - - [14/Feb/2023:10:45:49 +0800] "GET /xingrg/javascript/jquery_easy_ui/jquery.easyui.min.js HTTP/1.1" 200 213662
120.253.135.82 - - [14/Feb/2023:10:45:49 +0800] "GET /xingrg/javascript/jquery_easy_ui/themes/default/easyui.css HTTP/1.1" 200 26500
124.79.72.155 - - [14/Feb/2023:10:45:49 +0800] "GET /xingrg/kc/print/load_data.html?order_code=212023021404391&kc_code=cgsh&condition= HTTP/1.1" 200 873
120.253.135.82 - - [14/Feb/2023:10:45:49 +0800] "GET /xingrg/javascript/jquery-1.4.2.min.js HTTP/1.1" 200 72205
120.253.135.82 - - [14/Feb/2023:10:45:49 +0800] "GET /xingrg/javascript/jquery_easy_ui/easyui-lang-zh_CN.js HTTP/1.1" 200 1900
120.253.135.82 - - [14/Feb/2023:10:45:49 +0800] "GET /xingrg/javascript/jquery.timers.js HTTP/1.1" 200 3532
120.253.135.82 - - [14/Feb/2023:10:45:49 +0800] "GET /xingrg/javascript/jquery.form.js HTTP/1.1" 200 23110
120.253.135.82 - - [14/Feb/2023:10:45:49 +0800] "GET /xingrg/images/blue/navBackgound.jpg HTTP/1.1" 200 12378
120.253.135.82 - - [14/Feb/2023:10:45:49 +0800] "GET /xingrg/javascript/jquery_easy_ui/themes/icons/settle_new.png HTTP/1.1" 200 826
120.253.135.82 - - [14/Feb/2023:10:45:49 +0800] "GET /xingrg/images/blue/pingpu.png HTTP/1.1" 200 231
120.253.135.82 - - [14/Feb/2023:10:45:49 +0800] "GET /xingrg/javascript/jquery_easy_ui/themes/default/images/tabs_leftarrow.png HTTP/1.1" 200 389
120.253.135.82 - - [14/Feb/2023:10:45:49 +0800] "GET /xingrg/javascript/jquery_easy_ui/themes/default/images/tabs_rightarrow.png HTTP/1.1" 200 395
120.253.135.82 - - [14/Feb/2023:10:45:49 +0800] "GET /xingrg/javascript/jquery_easy_ui/themes/default/images/panel_tool_collapse.gif HTTP/1.1" 200 246
120.253.135.82 - - [14/Feb/2023:10:45:49 +0800] "POST /xingrg/all/common/load_tree.html?tree=area_rest_tree_json&manage=1 HTTP/1.1" 200 344
120.253.135.82 - - [14/Feb/2023:10:45:50 +0800] "GET /xingrg/check_reg.html?_=1676342690514 HTTP/1.1" 200 22
120.253.135.82 - - [14/Feb/2023:10:45:50 +0800] "GET /xingrg/javascript/jquery_easy_ui/themes/default/images/tree_arrows.gif HTTP/1.1" 200 1043
120.253.135.82 - - [14/Feb/2023:10:45:50 +0800] "GET /xingrg/all/function/internal_message.html?_=1676342690512&CODE_STATE=count HTTP/1.1" 200 11
101.229.22.234 - - [14/Feb/2023:10:45:50 +0800] "POST /xingrg/dwr/call/plaincall/AjaxComOrderService.getMaterielSearchList.dwr HTTP/1.1" 200 1260
120.253.135.82 - - [14/Feb/2023:10:45:50 +0800] "POST /xingrg/load_menu.html HTTP/1.1" 200 6743
120.253.135.82 - - [14/Feb/2023:10:45:50 +0800] "GET /xingrg/javascript/jquery_easy_ui/themes/icons/search_new.png HTTP/1.1" 200 586
120.253.135.82 - - [14/Feb/2023:10:45:50 +0800] "GET /xingrg/javascript/jquery_easy_ui/themes/default/images/tree_folder_open.gif HTTP/1.1" 200 956
120.253.135.82 - - [14/Feb/2023:10:45:50 +0800] "GET /xingrg/javascript/jquery_easy_ui/themes/icons/delivery_new.png HTTP/1.1" 200 700
120.253.135.82 - - [14/Feb/2023:10:45:50 +0800] "GET /xingrg/javascript/jquery_easy_ui/themes/icons/storage_new.png HTTP/1.1" 200 853
120.253.135.82 - - [14/Feb/2023:10:45:50 +0800] "GET /xingrg/javascript/jquery_easy_ui/themes/icons/forms_new.png HTTP/1.1" 200 350
120.253.135.82 - - [14/Feb/2023:10:45:50 +0800] "GET /xingrg/javascript/jquery_easy_ui/themes/default/images/tree_folder.gif HTTP/1.1" 200 952
120.253.135.82 - - [14/Feb/2023:10:45:50 +0800] "GET /xingrg/javascript/jquery_easy_ui/themes/default/images/tree_file.gif HTTP/1.1" 200 118
101.229.22.234 - - [14/Feb/2023:10:45:53 +0800] "POST /xingrg/dwr/call/plaincall/AjaxYddbService.getMaterielByMap.dwr HTTP/1.1" 200 1618
180.169.147.146 - - [14/Feb/2023:10:45:53 +0800] "GET /xingrg/kc/mdqp/qqps_order_list.html HTTP/1.1" 200 9222
180.169.147.146 - - [14/Feb/2023:10:45:53 +0800] "GET /xingrg/dwr/interface/AjaxQqpsService.js HTTP/1.1" 200 16326
180.169.147.146 - - [14/Feb/2023:10:45:53 +0800] "GET /xingrg/dwr/interface/AjaxReportQueryService.js HTTP/1.1" 200 13203
180.169.147.146 - - [14/Feb/2023:10:45:53 +0800] "GET /xingrg/dwr/util.js HTTP/1.1" 304 -
180.169.147.146 - - [14/Feb/2023:10:45:53 +0800] "GET /xingrg/dwr/engine.js HTTP/1.1" 200 43631
180.169.147.146 - - [14/Feb/2023:10:45:54 +0800] "GET /xingrg/kc/mdqp/qqps_order_add.html HTTP/1.1" 200 28074
180.169.147.146 - - [14/Feb/2023:10:45:54 +0800] "GET /xingrg/dwr/interface/AjaxComOrderService.js HTTP/1.1" 200 18264
180.169.147.146 - - [14/Feb/2023:10:45:54 +0800] "GET /xingrg/dwr/interface/AjaxQqpsService.js HTTP/1.1" 200 16326
180.169.147.146 - - [14/Feb/2023:10:45:54 +0800] "GET /xingrg/dwr/engine.js HTTP/1.1" 200 43631
180.169.147.146 - - [14/Feb/2023:10:45:55 +0800] "GET /xingrg/words/20230213134732_words.js HTTP/1.1" 304 -
116.238.139.35 - - [14/Feb/2023:10:45:57 +0800] "POST /xingrg/dwr/call/plaincall/AjaxYddbService.saveOrder.dwr HTTP/1.1" 200 78
101.229.22.234 - - [14/Feb/2023:10:45:57 +0800] "POST /xingrg/dwr/call/plaincall/AjaxYddbService.saveMaterielItem.dwr HTTP/1.1" 200 79
116.238.139.35 - - [14/Feb/2023:10:45:58 +0800] "GET /xingrg/images/yd/bt.gif HTTP/1.1" 404 1040
124.79.72.155 - - [14/Feb/2023:10:45:58 +0800] "GET /xingrg/kc/buy/cgsh_order_add.html HTTP/1.1" 200 69918
124.79.72.155 - - [14/Feb/2023:10:45:58 +0800] "POST /xingrg/kc/buy/cgsh_order_operate.html HTTP/1.1" 200 8245
124.79.72.155 - - [14/Feb/2023:10:45:58 +0800] "GET /xingrg/javascript/easyui/themes/default/validatebox.css HTTP/1.1" 404 1104
124.79.72.155 - - [14/Feb/2023:10:45:58 +0800] "GET /xingrg/all/common/auto_word.html?type=employee&rest_code=00156 HTTP/1.1" 200 97
124.79.72.155 - - [14/Feb/2023:10:45:58 +0800] "GET /xingrg/all/common/auto_word.html?type=employee&rest_code=00156 HTTP/1.1" 200 97
116.238.139.35 - - [14/Feb/2023:10:46:01 +0800] "POST /xingrg/dwr/call/plaincall/AjaxComOrderService.getMaterielSearchList.dwr HTTP/1.1" 200 1042
116.238.139.35 - - [14/Feb/2023:10:46:01 +0800] "POST /xingrg/dwr/call/plaincall/AjaxComOrderService.getMaterielSearchList.dwr HTTP/1.1" 200 1042
221.239.170.112 - - [14/Feb/2023:10:46:01 +0800] "GET /xingrg/all/function/internal_message.html?_=1676342777896&CODE_STATE=getMsg HTTP/1.1" 200 27
116.238.139.35 - - [14/Feb/2023:10:46:03 +0800] "POST /xingrg/dwr/call/plaincall/AjaxYddbService.getMaterielByMap.dwr HTTP/1.1" 200 2339
116.235.93.82 - - [14/Feb/2023:10:46:05 +0800] "GET /xingrg/all/function/internal_message.html?_=1676342778917&CODE_STATE=getMsg HTTP/1.1" 200 27
120.253.135.82 - - [14/Feb/2023:10:46:05 +0800] "GET /xingrg/javascript/jquery_easy_ui/themes/default/images/tabs_close.gif HTTP/1.1" 200 829
101.229.22.234 - - [14/Feb/2023:10:46:06 +0800] "POST /xingrg/dwr/call/plaincall/AjaxComOrderService.getMaterielSearchList.dwr HTTP/1.1" 200 32943
116.238.139.35 - - [14/Feb/2023:10:46:07 +0800] "POST /xingrg/dwr/call/plaincall/AjaxYddbService.getUnitPrice.dwr HTTP/1.1" 200 86
101.229.22.234 - - [14/Feb/2023:10:46:07 +0800] "POST /xingrg/dwr/call/plaincall/AjaxComOrderService.getMaterielSearchList.dwr HTTP/1.1" 200 288
120.253.135.82 - - [14/Feb/2023:10:46:07 +0800] "GET /xingrg/css/base.css HTTP/1.1" 200 2811
120.253.135.82 - - [14/Feb/2023:10:46:07 +0800] "GET /xingrg/javascript/jquery_tools/datebox.css HTTP/1.1" 200 2597
120.253.135.82 - - [14/Feb/2023:10:46:07 +0800] "GET /xingrg/javascript/jquery_tools/jquery.tools.extend.js HTTP/1.1" 200 15385
120.253.135.82 - - [14/Feb/2023:10:46:07 +0800] "GET /xingrg/javascript/jquery_tools/jquery.tools.hotkey.js HTTP/1.1" 200 3242
120.253.135.82 - - [14/Feb/2023:10:46:07 +0800] "GET /xingrg/javascript/jquery_tools/jquery.tools.table.js HTTP/1.1" 200 6994
120.253.135.82 - - [14/Feb/2023:10:46:07 +0800] "GET /xingrg/kc/buy/cgsh_order_list.html HTTP/1.1" 200 54057
120.253.135.82 - - [14/Feb/2023:10:46:07 +0800] "GET /xingrg/javascript/jquery_tools/list_manager.js HTTP/1.1" 200 3652
120.253.135.82 - - [14/Feb/2023:10:46:07 +0800] "GET /xingrg/javascript/jquery.cookie.js HTTP/1.1" 200 5513
120.253.135.82 - - [14/Feb/2023:10:46:07 +0800] "GET /xingrg/javascript/auto/jquery.autocomplete.js HTTP/1.1" 200 21624
120.253.135.82 - - [14/Feb/2023:10:46:07 +0800] "GET /xingrg/css/site.css HTTP/1.1" 200 7541
120.253.135.82 - - [14/Feb/2023:10:46:07 +0800] "GET /xingrg/javascript/print/LodopFuncs.js HTTP/1.1" 200 5121
120.253.135.82 - - [14/Feb/2023:10:46:07 +0800] "GET /xingrg/javascript/easyui/easyloader.js HTTP/1.1" 200 5975
120.253.135.82 - - [14/Feb/2023:10:46:07 +0800] "GET /xingrg/javascript/easyui/themes/icon.css HTTP/1.1" 200 4483
120.253.135.82 - - [14/Feb/2023:10:46:07 +0800] "GET /xingrg/javascript/easyui/themes/default/easyui.css HTTP/1.1" 200 30432
120.253.135.82 - - [14/Feb/2023:10:46:07 +0800] "GET /xingrg/javascript/auto/jquery.autocomplete.css HTTP/1.1" 200 587
120.253.135.82 - - [14/Feb/2023:10:46:07 +0800] "GET /xingrg/javascript/jquery_tools/table.css HTTP/1.1" 200 1032
120.253.135.82 - - [14/Feb/2023:10:46:07 +0800] "GET /xingrg/javascript/jquery_tools/fix.css HTTP/1.1" 200 1702
120.253.135.82 - - [14/Feb/2023:10:46:07 +0800] "GET /xingrg/javascript/jquery_tools/jquery.tools.min.js HTTP/1.1" 200 138801
101.229.22.234 - - [14/Feb/2023:10:46:08 +0800] "POST /xingrg/dwr/call/plaincall/AjaxYddbService.getMaterielByMap.dwr HTTP/1.1" 200 1613
120.253.135.82 - - [14/Feb/2023:10:46:09 +0800] "GET /xingrg/javascript/easyui/themes/icons/edit_add_new.png HTTP/1.1" 200 2997
120.253.135.82 - - [14/Feb/2023:10:46:09 +0800] "GET /xingrg/javascript/easyui/themes/icons/cance_new.png HTTP/1.1" 200 3986
120.253.135.82 - - [14/Feb/2023:10:46:09 +0800] "GET /xingrg/javascript/easyui/themes/icons/check_new.png HTTP/1.1" 200 3224
120.253.135.82 - - [14/Feb/2023:10:46:09 +0800] "GET /xingrg/javascript/easyui/themes/icons/field_new.png HTTP/1.1" 200 1097
120.253.135.82 - - [14/Feb/2023:10:46:09 +0800] "GET /xingrg/javascript/easyui/themes/icons/import_new.png HTTP/1.1" 200 1247
120.253.135.82 - - [14/Feb/2023:10:46:09 +0800] "GET /xingrg/javascript/easyui/plugins/jquery.parser.js HTTP/1.1" 200 1142
120.253.135.82 - - [14/Feb/2023:10:46:09 +0800] "GET /xingrg/images/control/ajaxLoader.gif HTTP/1.1" 200 4659
120.253.135.82 - - [14/Feb/2023:10:46:09 +0800] "GET /xingrg/javascript/jquery_easy_ui/themes/icons/area.png HTTP/1.1" 200 262
120.253.135.82 - - [14/Feb/2023:10:46:09 +0800] "GET /xingrg/javascript/jquery_easy_ui/themes/icons/manage.png HTTP/1.1" 200 696
124.79.72.155 - - [14/Feb/2023:10:46:10 +0800] "GET /xingrg/all/function/internal_message.html?_=1676342789366&CODE_STATE=getMsg HTTP/1.1" 200 27
116.192.124.172 - - [14/Feb/2023:10:46:10 +0800] "GET /xingrg/kc/buy/cgsh_order_operate.html?command=get_materiel&rest_code=00102&code=00101012029&supplier_code=00100096&order_time=2023-02-14 HTTP/1.1" 200 414
120.253.135.82 - - [14/Feb/2023:10:46:11 +0800] "POST /xingrg/kc/buy/cgsh_list_operate.html HTTP/1.1" 200 986
180.169.147.146 - - [14/Feb/2023:10:46:11 +0800] "POST /xingrg/dwr/call/plaincall/AjaxQqpsService.saveOrder.dwr HTTP/1.1" 200 78
101.229.22.234 - - [14/Feb/2023:10:46:12 +0800] "POST /xingrg/dwr/call/plaincall/AjaxYddbService.getUnitPrice.dwr HTTP/1.1" 200 86
58.221.95.50 - - [14/Feb/2023:10:46:13 +0800] "GET /xingrg/all/function/internal_message.html?_=1676342789378&CODE_STATE=getMsg HTTP/1.1" 200 27
120.253.135.82 - - [14/Feb/2023:10:46:13 +0800] "GET /xingrg/javascript/easyui/themes/default/images/button_plain_hover.png HTTP/1.1" 200 144
101.83.145.75 - - [14/Feb/2023:10:46:14 +0800] "GET /xingrg/all/function/internal_message.html?_=1676342791773&CODE_STATE=getMsg HTTP/1.1" 200 27
120.253.135.82 - - [14/Feb/2023:10:46:14 +0800] "GET /xingrg/javascript/pic_change.js HTTP/1.1" 200 4739
120.253.135.82 - - [14/Feb/2023:10:46:14 +0800] "GET /xingrg/kc/buy/cgsh_order_add.html HTTP/1.1" 200 68902
120.253.135.82 - - [14/Feb/2023:10:46:14 +0800] "GET /xingrg/javascript/convert.js HTTP/1.1" 200 1239
120.253.135.82 - - [14/Feb/2023:10:46:14 +0800] "GET /xingrg/javascript/jquery_tools/order_manager.js HTTP/1.1" 200 11183
120.253.135.82 - - [14/Feb/2023:10:46:14 +0800] "GET /xingrg/javascript/json2.js HTTP/1.1" 200 11259
120.253.135.82 - - [14/Feb/2023:10:46:14 +0800] "GET /xingrg/javascript/print/kc_print.js HTTP/1.1" 200 11415
120.253.135.82 - - [14/Feb/2023:10:46:14 +0800] "GET /xingrg/words/20230213134732_words.js HTTP/1.1" 200 945969
120.253.135.82 - - [14/Feb/2023:10:46:14 +0800] "GET /xingrg/javascript/easyui/themes/icons/template_new.png HTTP/1.1" 200 3956
120.253.135.82 - - [14/Feb/2023:10:46:14 +0800] "GET /xingrg/javascript/easyui/themes/icons/copy_new.png HTTP/1.1" 200 815
120.253.135.82 - - [14/Feb/2023:10:46:14 +0800] "GET /xingrg/javascript/easyui/themes/icons/ok.png HTTP/1.1" 200 883
120.253.135.82 - - [14/Feb/2023:10:46:14 +0800] "GET /xingrg/javascript/easyui/themes/icons/print.png HTTP/1.1" 200 1057
120.253.135.82 - - [14/Feb/2023:10:46:14 +0800] "GET /xingrg/javascript/easyui/themes/default/images/menu_downarrow.png HTTP/1.1" 200 173
120.253.135.82 - - [14/Feb/2023:10:46:14 +0800] "GET /xingrg/javascript/easyui/themes/icons/cancel.png HTTP/1.1" 200 1133
120.253.135.82 - - [14/Feb/2023:10:46:15 +0800] "POST /xingrg/kc/buy/cgsh_order_operate.html HTTP/1.1" 200 8245
120.253.135.82 - - [14/Feb/2023:10:46:15 +0800] "GET /xingrg/javascript/easyui/themes/icons/edit_remove.png HTTP/1.1" 200 625
120.253.135.82 - - [14/Feb/2023:10:46:15 +0800] "GET /xingrg/all/common/auto_word.html?type=employee&rest_code=00101 HTTP/1.1" 200 977
120.253.135.82 - - [14/Feb/2023:10:46:15 +0800] "GET /xingrg/all/common/auto_word.html?type=employee&rest_code=00101 HTTP/1.1" 200 977
120.253.135.82 - - [14/Feb/2023:10:46:15 +0800] "GET /xingrg/javascript/easyui/themes/default/validatebox.css HTTP/1.1" 404 1104
120.253.135.82 - - [14/Feb/2023:10:46:15 +0800] "GET /xingrg/javascript/easyui/plugins/jquery.validatebox.js HTTP/1.1" 200 6103
120.253.135.82 - - [14/Feb/2023:10:46:15 +0800] "GET /xingrg/javascript/easyui/plugins/jquery.numberbox.js HTTP/1.1" 200 5213
120.253.135.82 - - [14/Feb/2023:10:46:16 +0800] "GET /xingrg/javascript/auto/indicator.gif HTTP/1.1" 404 1066
101.229.22.234 - - [14/Feb/2023:10:46:20 +0800] "POST /xingrg/dwr/call/plaincall/AjaxYddbService.saveMaterielItem.dwr HTTP/1.1" 200 79
101.229.22.234 - - [14/Feb/2023:10:46:20 +0800] "GET /xingrg/check_reg.html?_=1676342796493 HTTP/1.1" 200 22
101.229.22.234 - - [14/Feb/2023:10:46:20 +0800] "GET /xingrg/all/function/internal_message.html?_=1676342796494&CODE_STATE=getMsg HTTP/1.1" 200 27
116.192.124.172 - - [14/Feb/2023:10:46:20 +0800] "GET /xingrg/kc/buy/cgsh_order_operate.html?command=get_materiel&rest_code=00102&code=00101007077&supplier_code=00100096&order_time=2023-02-14 HTTP/1.1" 200 416
120.253.135.82 - - [14/Feb/2023:10:46:22 +0800] "GET /xingrg/css/images/panel_loading.gif HTTP/1.1" 200 1737
120.253.135.82 - - [14/Feb/2023:10:46:22 +0800] "POST /xingrg/all/common/load_combo.html?type=employee HTTP/1.1" 200 1752
116.192.124.172 - - [14/Feb/2023:10:46:26 +0800] "GET /xingrg/all/function/internal_message.html?_=1676342801581&CODE_STATE=getMsg HTTP/1.1" 200 27
116.238.139.35 - - [14/Feb/2023:10:46:28 +0800] "POST /xingrg/dwr/call/plaincall/AjaxYddbService.saveMaterielItem.dwr HTTP/1.1" 200 78
180.169.147.146 - - [14/Feb/2023:10:46:30 +0800] "GET /xingrg/all/function/internal_message.html?_=1676342800827&CODE_STATE=getMsg HTTP/1.1" 200 27
120.253.135.82 - - [14/Feb/2023:10:46:32 +0800] "GET /xingrg/kc/buy/cgsh_order_operate.html?command=get_materiel&rest_code=00101&code=00102002197&supplier_code=00100135&order_time=2023-02-14 HTTP/1.1" 200 440
116.230.105.139 - - [14/Feb/2023:10:46:33 +0800] "GET /xingrg/all/function/internal_message.html?_=1676342797085&CODE_STATE=getMsg HTTP/1.1" 200 27
114.83.222.182 - - [14/Feb/2023:10:46:34 +0800] "GET /xingrg/check_reg.html?_=1676342919411 HTTP/1.1" 200 22
172.20.0.100 - - [14/Feb/2023:10:46:35 +0800] "GET /xingrg/all/function/internal_message.html?_=1676342810810&CODE_STATE=getMsg HTTP/1.1" 200 27
222.70.177.73 - - [14/Feb/2023:10:46:35 +0800] "GET /xingrg/all/function/internal_message.html?_=1676342810512&CODE_STATE=getMsg HTTP/1.1" 200 27
116.238.139.35 - - [14/Feb/2023:10:46:37 +0800] "POST /xingrg/dwr/call/plaincall/AjaxComOrderService.getMaterielSearchList.dwr HTTP/1.1" 200 61539
116.238.139.35 - - [14/Feb/2023:10:46:37 +0800] "POST /xingrg/dwr/call/plaincall/AjaxComOrderService.getMaterielSearchList.dwr HTTP/1.1" 200 1913
116.192.124.172 - - [14/Feb/2023:10:46:40 +0800] "GET /xingrg/kc/buy/cgsh_order_operate.html?command=get_materiel&rest_code=00102&code=00101016030&supplier_code=00100096&order_time=2023-02-14 HTTP/1.1" 200 412
116.238.139.35 - - [14/Feb/2023:10:46:40 +0800] "GET /xingrg/all/function/internal_message.html?_=1676342818550&CODE_STATE=getMsg HTTP/1.1" 200 27
120.253.135.82 - - [14/Feb/2023:10:46:41 +0800] "GET /xingrg/all/function/internal_message.html?_=1676342943016&CODE_STATE=getMsg HTTP/1.1" 200 27
116.238.139.35 - - [14/Feb/2023:10:46:41 +0800] "POST /xingrg/dwr/call/plaincall/AjaxYddbService.getMaterielByMap.dwr HTTP/1.1" 200 2310
218.81.220.34 - - [14/Feb/2023:10:46:42 +0800] "GET /xingrg/check_reg.html?_=1676342824789 HTTP/1.1" 200 22
116.238.139.35 - - [14/Feb/2023:10:46:42 +0800] "POST /xingrg/dwr/call/plaincall/AjaxYddbService.getUnitPrice.dwr HTTP/1.1" 200 88
116.238.139.35 - - [14/Feb/2023:10:46:43 +0800] "GET /xingrg/images/yd/bt2.gif HTTP/1.1" 404 1042
116.237.79.73 - - [14/Feb/2023:10:46:43 +0800] "GET /xingrg/check_reg.html?_=1676342817063 HTTP/1.1" 200 22
114.83.222.182 - - [14/Feb/2023:10:46:43 +0800] "GET /xingrg/all/function/internal_message.html?_=1676342928688&CODE_STATE=getMsg HTTP/1.1" 200 27
218.81.220.34 - - [14/Feb/2023:10:46:44 +0800] "GET /xingrg/all/function/internal_message.html?_=1676342826593&CODE_STATE=getMsg HTTP/1.1" 200 27
116.238.139.35 - - [14/Feb/2023:10:46:44 +0800] "POST /xingrg/dwr/call/plaincall/AjaxYddbService.saveMaterielItem.dwr HTTP/1.1" 200 79
180.163.29.79 - - [14/Feb/2023:10:46:45 +0800] "GET /xingrg/all/function/internal_message.html?_=1676342759636&CODE_STATE=getMsg HTTP/1.1" 302 -
180.163.29.79 - - [14/Feb/2023:10:46:45 +0800] "GET /xingrg/login.html HTTP/1.1" 200 7641
116.237.79.73 - - [14/Feb/2023:10:46:45 +0800] "GET /xingrg/all/function/internal_message.html?_=1676342819607&CODE_STATE=getMsg HTTP/1.1" 200 27
180.169.147.146 - - [14/Feb/2023:10:46:45 +0800] "GET /xingrg/all/function/internal_message.html?_=1676342821771&CODE_STATE=getMsg HTTP/1.1" 200 27
120.253.135.82 - - [14/Feb/2023:10:46:49 +0800] "POST /xingrg/kc/buy/cgsh_order_operate.html HTTP/1.1" 200 37
120.253.135.82 - - [14/Feb/2023:10:46:51 +0800] "POST /xingrg/kc/buy/cgsh_order_operate.html HTTP/1.1" 200 2685
120.253.135.82 - - [14/Feb/2023:10:46:53 +0800] "GET /xingrg/all/function/internal_message.html?_=1676342753649&CODE_STATE=getMsg HTTP/1.1" 200 27
116.192.124.172 - - [14/Feb/2023:10:46:59 +0800] "GET /xingrg/kc/buy/cgsh_order_operate.html?command=get_materiel&rest_code=00102&code=00101012025&supplier_code=00100096&order_time=2023-02-14 HTTP/1.1" 200 412
116.238.139.35 - - [14/Feb/2023:10:47:01 +0800] "POST /xingrg/dwr/call/plaincall/AjaxYddbService.checkOrder.dwr HTTP/1.1" 200 79
221.239.170.112 - - [14/Feb/2023:10:47:01 +0800] "GET /xingrg/all/function/internal_message.html?_=1676342837898&CODE_STATE=getMsg HTTP/1.1" 200 27
116.235.93.82 - - [14/Feb/2023:10:47:05 +0800] "GET /xingrg/all/function/internal_message.html?_=1676342838915&CODE_STATE=getMsg HTTP/1.1" 200 27
116.238.139.35 - - [14/Feb/2023:10:47:06 +0800] "GET /xingrg/kc/base/yddb_order_info.html?code=482023021400079 HTTP/1.1" 200 31265
116.238.139.35 - - [14/Feb/2023:10:47:06 +0800] "GET /xingrg/dwr/interface/AjaxComOrderService.js HTTP/1.1" 200 18264
116.238.139.35 - - [14/Feb/2023:10:47:06 +0800] "GET /xingrg/dwr/interface/AjaxYddbService.js HTTP/1.1" 200 13201
116.238.139.35 - - [14/Feb/2023:10:47:06 +0800] "GET /xingrg/dwr/engine.js HTTP/1.1" 200 43631
116.238.139.35 - - [14/Feb/2023:10:47:07 +0800] "POST /xingrg/dwr/call/plaincall/AjaxYddbService.loadMaterielItems.dwr HTTP/1.1" 200 758
116.192.124.172 - - [14/Feb/2023:10:47:09 +0800] "GET /xingrg/kc/buy/cgsh_order_operate.html?command=get_materiel&rest_code=00102&code=00101012070&supplier_code=00100096&order_time=2023-02-14 HTTP/1.1" 200 414
124.79.72.155 - - [14/Feb/2023:10:47:10 +0800] "GET /xingrg/all/function/internal_message.html?_=1676342849368&CODE_STATE=getMsg HTTP/1.1" 200 27
124.79.72.155 - - [14/Feb/2023:10:47:10 +0800] "GET /xingrg/check_reg.html?_=1676342849370 HTTP/1.1" 200 22
58.221.95.50 - - [14/Feb/2023:10:47:13 +0800] "GET /xingrg/all/function/internal_message.html?_=1676342849378&CODE_STATE=getMsg HTTP/1.1" 200 27
101.83.145.75 - - [14/Feb/2023:10:47:14 +0800] "GET /xingrg/all/function/internal_message.html?_=1676342851748&CODE_STATE=getMsg HTTP/1.1" 200 27
116.238.139.35 - - [14/Feb/2023:10:47:14 +0800] "POST /xingrg/dwr/call/plaincall/AjaxYddbService.saveOrder.dwr HTTP/1.1" 200 78
116.192.124.172 - - [14/Feb/2023:10:47:18 +0800] "GET /xingrg/kc/buy/cgsh_order_operate.html?command=get_materiel&rest_code=00102&code=00101006111&supplier_code=00100096&order_time=2023-02-14 HTTP/1.1" 200 411
116.238.139.35 - - [14/Feb/2023:10:47:20 +0800] "POST /xingrg/dwr/call/plaincall/AjaxYddbService.objCheckOrder.dwr HTTP/1.1" 200 78
101.229.22.234 - - [14/Feb/2023:10:47:20 +0800] "GET /xingrg/all/function/internal_message.html?_=1676342856495&CODE_STATE=getMsg HTTP/1.1" 200 27
116.238.139.35 - - [14/Feb/2023:10:47:21 +0800] "GET /xingrg/kc/base/yddb_order_info.html?code=482023021400079 HTTP/1.1" 200 31386
116.238.139.35 - - [14/Feb/2023:10:47:21 +0800] "GET /xingrg/dwr/interface/AjaxComOrderService.js HTTP/1.1" 200 18264
116.238.139.35 - - [14/Feb/2023:10:47:21 +0800] "GET /xingrg/dwr/interface/AjaxYddbService.js HTTP/1.1" 200 13201
116.238.139.35 - - [14/Feb/2023:10:47:21 +0800] "GET /xingrg/dwr/engine.js HTTP/1.1" 200 43631
116.238.139.35 - - [14/Feb/2023:10:47:22 +0800] "POST /xingrg/dwr/call/plaincall/AjaxYddbService.loadMaterielItems.dwr HTTP/1.1" 200 758
116.192.124.172 - - [14/Feb/2023:10:47:26 +0800] "GET /xingrg/all/function/internal_message.html?_=1676342861587&CODE_STATE=getMsg HTTP/1.1" 200 27
124.79.72.155 - - [14/Feb/2023:10:47:30 +0800] "GET /xingrg/kc/buy/cgsh_order_operate.html?command=get_materiel&rest_code=00156&code=00101008256&supplier_code=00100007&order_time=2023-02-14 HTTP/1.1" 200 413
180.169.147.146 - - [14/Feb/2023:10:47:30 +0800] "GET /xingrg/all/function/internal_message.html?_=1676342860837&CODE_STATE=getMsg HTTP/1.1" 200 27
116.192.124.172 - - [14/Feb/2023:10:47:32 +0800] "GET /xingrg/kc/buy/cgsh_order_operate.html?command=get_materiel&rest_code=00102&code=00101006177&supplier_code=00100096&order_time=2023-02-14 HTTP/1.1" 200 409
116.230.105.139 - - [14/Feb/2023:10:47:33 +0800] "GET /xingrg/all/function/internal_message.html?_=1676342857076&CODE_STATE=getMsg HTTP/1.1" 200 27
172.20.0.100 - - [14/Feb/2023:10:47:35 +0800] "GET /xingrg/all/function/internal_message.html?_=1676342870795&CODE_STATE=getMsg HTTP/1.1" 200 27
222.70.177.73 - - [14/Feb/2023:10:47:35 +0800] "GET /xingrg/all/function/internal_message.html?_=1676342870496&CODE_STATE=getMsg HTTP/1.1" 200 27
116.238.139.35 - - [14/Feb/2023:10:47:40 +0800] "GET /xingrg/all/function/internal_message.html?_=1676342878564&CODE_STATE=getMsg HTTP/1.1" 200 27
120.253.135.82 - - [14/Feb/2023:10:47:41 +0800] "GET /xingrg/all/function/internal_message.html?_=1676343003021&CODE_STATE=getMsg HTTP/1.1" 200 27
180.163.28.109 - - [14/Feb/2023:10:47:43 +0800] "GET /xingrg/check_reg.html?_=1676342817063 HTTP/1.1" 302 -
180.163.28.109 - - [14/Feb/2023:10:47:43 +0800] "GET /xingrg/login.html HTTP/1.1" 200 7641
114.83.222.182 - - [14/Feb/2023:10:47:43 +0800] "GET /xingrg/all/function/internal_message.html?_=1676342988677&CODE_STATE=getMsg HTTP/1.1" 200 27
218.81.220.34 - - [14/Feb/2023:10:47:44 +0800] "GET /xingrg/all/function/internal_message.html?_=1676342886607&CODE_STATE=getMsg HTTP/1.1" 200 27
61.147.15.67 - - [14/Feb/2023:10:47:44 +0800] "GET / HTTP/1.1" 404 -
116.192.124.172 - - [14/Feb/2023:10:47:45 +0800] "GET /xingrg/kc/buy/cgsh_order_operate.html?command=get_materiel&rest_code=00102&code=00101007061&supplier_code=00100096&order_time=2023-02-14 HTTP/1.1" 200 410
116.237.79.73 - - [14/Feb/2023:10:47:45 +0800] "GET /xingrg/all/function/internal_message.html?_=1676342879594&CODE_STATE=getMsg HTTP/1.1" 200 27
180.169.147.146 - - [14/Feb/2023:10:47:45 +0800] "GET /xingrg/all/function/internal_message.html?_=1676342881783&CODE_STATE=getMsg HTTP/1.1" 200 27
180.169.147.146 - - [14/Feb/2023:10:47:46 +0800] "GET /xingrg/check_reg.html?_=1676342882002 HTTP/1.1" 200 22
124.79.72.155 - - [14/Feb/2023:10:47:54 +0800] "GET /xingrg/kc/buy/cgsh_order_operate.html?command=get_materiel&rest_code=00156&code=00101008027&supplier_code=00100007&order_time=2023-02-14 HTTP/1.1" 200 408
221.239.170.112 - - [14/Feb/2023:10:48:01 +0800] "GET /xingrg/all/function/internal_message.html?_=1676342897884&CODE_STATE=getMsg HTTP/1.1" 200 27
116.192.124.172 - - [14/Feb/2023:10:48:05 +0800] "GET /xingrg/kc/buy/cgsh_order_operate.html?command=get_materiel&rest_code=00102&code=00101007081&supplier_code=00100096&order_time=2023-02-14 HTTP/1.1" 200 415
116.235.93.82 - - [14/Feb/2023:10:48:05 +0800] "GET /xingrg/all/function/internal_message.html?_=1676342898912&CODE_STATE=getMsg HTTP/1.1" 200 27
124.79.72.155 - - [14/Feb/2023:10:48:10 +0800] "GET /xingrg/all/function/internal_message.html?_=1676342909370&CODE_STATE=getMsg HTTP/1.1" 200 27
124.79.72.155 - - [14/Feb/2023:10:48:11 +0800] "GET /xingrg/kc/buy/cgsh_order_operate.html?command=get_materiel&rest_code=00156&code=00101008331&supplier_code=00100007&order_time=2023-02-14 HTTP/1.1" 200 416
58.221.95.50 - - [14/Feb/2023:10:48:13 +0800] "GET /xingrg/check_reg.html?_=1676342909372 HTTP/1.1" 200 22
58.221.95.50 - - [14/Feb/2023:10:48:13 +0800] "GET /xingrg/all/function/internal_message.html?_=1676342909375&CODE_STATE=getMsg HTTP/1.1" 200 27
101.83.145.75 - - [14/Feb/2023:10:48:14 +0800] "GET /xingrg/all/function/internal_message.html?_=1676342911721&CODE_STATE=getMsg HTTP/1.1" 200 27
101.83.145.75 - - [14/Feb/2023:10:48:15 +0800] "GET /xingrg/check_reg.html?_=1676342913161 HTTP/1.1" 200 22
221.239.170.112 - - [14/Feb/2023:10:48:16 +0800] "GET /xingrg/check_reg.html?_=1676342912835 HTTP/1.1" 200 22
101.229.22.234 - - [14/Feb/2023:10:48:20 +0800] "GET /xingrg/all/function/internal_message.html?_=1676342916490&CODE_STATE=getMsg HTTP/1.1" 200 27
116.192.124.172 - - [14/Feb/2023:10:48:26 +0800] "GET /xingrg/check_reg.html?_=1676342921588 HTTP/1.1" 200 22
116.192.124.172 - - [14/Feb/2023:10:48:26 +0800] "GET /xingrg/all/function/internal_message.html?_=1676342921586&CODE_STATE=getMsg HTTP/1.1" 200 27
116.192.124.172 - - [14/Feb/2023:10:48:28 +0800] "POST /xingrg/kc/buy/cgsh_order_operate.html HTTP/1.1" 200 37
101.229.22.234 - - [14/Feb/2023:10:48:29 +0800] "POST /xingrg/dwr/call/plaincall/AjaxYddbService.checkOrder.dwr HTTP/1.1" 200 79
124.79.72.155 - - [14/Feb/2023:10:48:30 +0800] "GET /xingrg/kc/buy/cgsh_order_operate.html?command=get_materiel&rest_code=00156&code=00101008005&supplier_code=00100007&order_time=2023-02-14 HTTP/1.1" 200 412
180.169.147.146 - - [14/Feb/2023:10:48:30 +0800] "GET /xingrg/all/function/internal_message.html?_=1676342920835&CODE_STATE=getMsg HTTP/1.1" 200 27
101.229.22.234 - - [14/Feb/2023:10:48:32 +0800] "GET /xingrg/kc/base/yddb_order_info.html?code=482023021400078 HTTP/1.1" 200 28836
101.229.22.234 - - [14/Feb/2023:10:48:32 +0800] "GET /xingrg/dwr/interface/AjaxComOrderService.js HTTP/1.1" 200 18264
101.229.22.234 - - [14/Feb/2023:10:48:32 +0800] "GET /xingrg/dwr/interface/AjaxYddbService.js HTTP/1.1" 200 13201
101.229.22.234 - - [14/Feb/2023:10:48:32 +0800] "GET /xingrg/dwr/engine.js HTTP/1.1" 200 43631
101.229.22.234 - - [14/Feb/2023:10:48:32 +0800] "POST /xingrg/dwr/call/plaincall/AjaxYddbService.loadMaterielItems.dwr HTTP/1.1" 200 4836
116.230.105.139 - - [14/Feb/2023:10:48:33 +0800] "GET /xingrg/all/function/internal_message.html?_=1676342917082&CODE_STATE=getMsg HTTP/1.1" 200 27
172.20.0.100 - - [14/Feb/2023:10:48:35 +0800] "GET /xingrg/all/function/internal_message.html?_=1676342930797&CODE_STATE=getMsg HTTP/1.1" 200 27
222.70.177.73 - - [14/Feb/2023:10:48:35 +0800] "GET /xingrg/all/function/internal_message.html?_=1676342930480&CODE_STATE=getMsg HTTP/1.1" 200 27
116.192.124.172 - - [14/Feb/2023:10:48:38 +0800] "POST /xingrg/kc/buy/cgsh_order_operate.html HTTP/1.1" 200 12
116.238.139.35 - - [14/Feb/2023:10:48:40 +0800] "GET /xingrg/all/function/internal_message.html?_=1676342938563&CODE_STATE=getMsg HTTP/1.1" 200 27
120.253.135.82 - - [14/Feb/2023:10:48:41 +0800] "GET /xingrg/all/function/internal_message.html?_=1676343063031&CODE_STATE=getMsg HTTP/1.1" 200 27
120.253.135.82 - - [14/Feb/2023:10:48:41 +0800] "GET /xingrg/check_reg.html?_=1676343063031 HTTP/1.1" 200 22
101.229.22.234 - - [14/Feb/2023:10:48:41 +0800] "GET /xingrg/kc/base/yddb_order_add.html HTTP/1.1" 200 29955
101.229.22.234 - - [14/Feb/2023:10:48:41 +0800] "GET /xingrg/dwr/interface/AjaxYddbService.js HTTP/1.1" 200 13201
101.229.22.234 - - [14/Feb/2023:10:48:41 +0800] "GET /xingrg/dwr/interface/AjaxComOrderService.js HTTP/1.1" 200 18264
101.229.22.234 - - [14/Feb/2023:10:48:41 +0800] "GET /xingrg/dwr/engine.js HTTP/1.1" 200 43631
114.83.222.182 - - [14/Feb/2023:10:48:43 +0800] "GET /xingrg/all/function/internal_message.html?_=1676343048671&CODE_STATE=getMsg HTTP/1.1" 200 27
218.81.220.34 - - [14/Feb/2023:10:48:44 +0800] "GET /xingrg/all/function/internal_message.html?_=1676342946620&CODE_STATE=getMsg HTTP/1.1" 200 27
101.229.22.234 - - [14/Feb/2023:10:48:44 +0800] "POST /xingrg/dwr/call/plaincall/AjaxYddbService.getRestBases.dwr HTTP/1.1" 200 464
180.163.28.68 - - [14/Feb/2023:10:48:45 +0800] "GET /xingrg/all/function/internal_message.html?_=1676342879594&CODE_STATE=getMsg HTTP/1.1" 302 -
180.163.28.68 - - [14/Feb/2023:10:48:45 +0800] "GET /xingrg/login.html HTTP/1.1" 200 7641
116.237.79.73 - - [14/Feb/2023:10:48:45 +0800] "GET /xingrg/all/function/internal_message.html?_=1676342939568&CODE_STATE=getMsg HTTP/1.1" 200 27
180.169.147.146 - - [14/Feb/2023:10:48:45 +0800] "GET /xingrg/all/function/internal_message.html?_=1676342941781&CODE_STATE=getMsg HTTP/1.1" 200 27
124.79.72.155 - - [14/Feb/2023:10:48:48 +0800] "GET /xingrg/kc/buy/cgsh_order_operate.html?command=get_materiel&rest_code=00156&code=00101008674&supplier_code=00100007&order_time=2023-02-14 HTTP/1.1" 200 412
101.229.22.234 - - [14/Feb/2023:10:48:54 +0800] "POST /xingrg/dwr/call/plaincall/AjaxYddbService.saveOrder.dwr HTTP/1.1" 200 78
221.239.170.112 - - [14/Feb/2023:10:49:01 +0800] "GET /xingrg/all/function/internal_message.html?_=1676342957859&CODE_STATE=getMsg HTTP/1.1" 200 27
180.162.114.226 - - [14/Feb/2023:10:49:02 +0800] "GET /xingrg HTTP/1.1" 302 -
180.162.114.226 - - [14/Feb/2023:10:49:03 +0800] "GET /xingrg/ HTTP/1.1" 200 292
180.162.114.226 - - [14/Feb/2023:10:49:03 +0800] "GET /xingrg/index.html HTTP/1.1" 302 -
180.162.114.226 - - [14/Feb/2023:10:49:03 +0800] "GET /xingrg/login.html HTTP/1.1" 200 7641
180.162.114.226 - - [14/Feb/2023:10:49:03 +0800] "GET /xingrg/images/blue/jxLogo.png HTTP/1.1" 200 6156
180.162.114.226 - - [14/Feb/2023:10:49:03 +0800] "GET /xingrg/images/blue/hj.png HTTP/1.1" 200 1014
180.162.114.226 - - [14/Feb/2023:10:49:03 +0800] "GET /xingrg/images/blue/login_bg.png HTTP/1.1" 200 22101
180.162.114.226 - - [14/Feb/2023:10:49:03 +0800] "GET /xingrg/images/blue/srbg.png HTTP/1.1" 200 138
180.162.114.226 - - [14/Feb/2023:10:49:03 +0800] "GET /favicon.ico HTTP/1.1" 404 -
124.79.72.155 - - [14/Feb/2023:10:49:04 +0800] "GET /xingrg/kc/buy/cgsh_order_operate.html?command=get_materiel&rest_code=00156&code=00101008110&supplier_code=00100007&order_time=2023-02-14 HTTP/1.1" 200 408
116.235.93.82 - - [14/Feb/2023:10:49:05 +0800] "GET /xingrg/all/function/internal_message.html?_=1676342958922&CODE_STATE=getMsg HTTP/1.1" 200 27
124.79.72.155 - - [14/Feb/2023:10:49:10 +0800] "GET /xingrg/all/function/internal_message.html?_=1676342969372&CODE_STATE=getMsg HTTP/1.1" 200 27
58.221.95.50 - - [14/Feb/2023:10:49:13 +0800] "GET /xingrg/all/function/internal_message.html?_=1676342969371&CODE_STATE=getMsg HTTP/1.1" 200 27
180.162.114.226 - - [14/Feb/2023:10:49:13 +0800] "POST /xingrg/login.do HTTP/1.1" 200 2421
180.162.114.226 - - [14/Feb/2023:10:49:13 +0800] "GET /xingrg/css/blue.css HTTP/1.1" 200 15949
180.162.114.226 - - [14/Feb/2023:10:49:13 +0800] "GET /xingrg/javascript/myfunction.js HTTP/1.1" 200 24559
180.162.114.226 - - [14/Feb/2023:10:49:13 +0800] "GET /xingrg/images/blue/pic_top.gif HTTP/1.1" 200 3656
180.162.114.226 - - [14/Feb/2023:10:49:13 +0800] "GET /xingrg/images/blue/pic_notice.jpg HTTP/1.1" 200 3583
180.162.114.226 - - [14/Feb/2023:10:49:13 +0800] "GET /xingrg/images/blue/error_top.gif HTTP/1.1" 200 1790
180.162.114.226 - - [14/Feb/2023:10:49:13 +0800] "GET /xingrg/images/blue/error_mid.gif HTTP/1.1" 200 215
180.162.114.226 - - [14/Feb/2023:10:49:13 +0800] "GET /xingrg/images/blue/error_buttom.gif HTTP/1.1" 200 1750
101.83.145.75 - - [14/Feb/2023:10:49:14 +0800] "GET /xingrg/all/function/internal_message.html?_=1676342971702&CODE_STATE=getMsg HTTP/1.1" 200 27
116.192.124.172 - - [14/Feb/2023:10:49:14 +0800] "GET /xingrg/kc/buy/cgsh_order_info.html?code=212023021404393 HTTP/1.1" 200 64764
116.192.124.172 - - [14/Feb/2023:10:49:14 +0800] "GET /xingrg/javascript/easyui/themes/default/validatebox.css HTTP/1.1" 404 1104
116.192.124.172 - - [14/Feb/2023:10:49:15 +0800] "POST /xingrg/kc/buy/cgsh_order_operate.html HTTP/1.1" 200 5337
101.229.22.234 - - [14/Feb/2023:10:49:16 +0800] "POST /xingrg/dwr/call/plaincall/AjaxComOrderService.getMaterielSearchList.dwr HTTP/1.1" 200 22418
124.79.72.155 - - [14/Feb/2023:10:49:16 +0800] "GET /xingrg/kc/buy/cgsh_order_operate.html?command=get_materiel&rest_code=00156&code=00101008097&supplier_code=00100007&order_time=2023-02-14 HTTP/1.1" 200 408
101.229.22.234 - - [14/Feb/2023:10:49:16 +0800] "POST /xingrg/dwr/call/plaincall/AjaxComOrderService.getMaterielSearchList.dwr HTTP/1.1" 200 1545
101.229.22.234 - - [14/Feb/2023:10:49:17 +0800] "POST /xingrg/dwr/call/plaincall/AjaxComOrderService.getMaterielSearchList.dwr HTTP/1.1" 200 292
101.229.22.234 - - [14/Feb/2023:10:49:18 +0800] "POST /xingrg/dwr/call/plaincall/AjaxYddbService.getMaterielByMap.dwr HTTP/1.1" 200 1613
116.192.124.172 - - [14/Feb/2023:10:49:18 +0800] "GET /xingrg/kc/print/load_data.html?order_code=212023021404393&kc_code=cgsh&condition= HTTP/1.1" 200 2455
101.229.22.234 - - [14/Feb/2023:10:49:20 +0800] "GET /xingrg/all/function/internal_message.html?_=1676342976512&CODE_STATE=getMsg HTTP/1.1" 200 27
180.162.114.226 - - [14/Feb/2023:10:49:21 +0800] "GET /xingrg HTTP/1.1" 302 -
180.162.114.226 - - [14/Feb/2023:10:49:22 +0800] "GET /xingrg/index.html HTTP/1.1" 302 -
180.162.114.226 - - [14/Feb/2023:10:49:22 +0800] "GET /xingrg/login.html HTTP/1.1" 200 7641
180.162.114.226 - - [14/Feb/2023:10:49:22 +0800] "GET /favicon.ico HTTP/1.1" 404 -
116.192.124.172 - - [14/Feb/2023:10:49:24 +0800] "GET /xingrg/kc/buy/cgsh_order_add.html HTTP/1.1" 200 69874
116.192.124.172 - - [14/Feb/2023:10:49:24 +0800] "POST /xingrg/kc/buy/cgsh_order_operate.html HTTP/1.1" 200 8245
116.192.124.172 - - [14/Feb/2023:10:49:24 +0800] "GET /xingrg/javascript/easyui/themes/default/validatebox.css HTTP/1.1" 404 1104
116.192.124.172 - - [14/Feb/2023:10:49:25 +0800] "GET /xingrg/javascript/easyui/themes/default/tree.css HTTP/1.1" 404 1090
116.192.124.172 - - [14/Feb/2023:10:49:26 +0800] "GET /xingrg/all/function/internal_message.html?_=1676342981574&CODE_STATE=getMsg HTTP/1.1" 200 27
116.192.124.172 - - [14/Feb/2023:10:49:26 +0800] "POST /xingrg/all/common/load_tree.html?tree=supplier_tree_json&isDelete=1 HTTP/1.1" 200 70748
180.157.253.110 - - [14/Feb/2023:10:49:26 +0800] "POST /xingrg/services/DataTransmitService HTTP/1.1" 200 524
101.229.22.234 - - [14/Feb/2023:10:49:26 +0800] "POST /xingrg/dwr/call/plaincall/AjaxYddbService.saveMaterielItem.dwr HTTP/1.1" 200 78
124.79.72.155 - - [14/Feb/2023:10:49:30 +0800] "GET /xingrg/kc/buy/cgsh_order_operate.html?command=get_materiel&rest_code=00156&code=00101008095&supplier_code=00100007&order_time=2023-02-14 HTTP/1.1" 200 412
180.169.147.146 - - [14/Feb/2023:10:49:30 +0800] "GET /xingrg/all/function/internal_message.html?_=1676342980840&CODE_STATE=getMsg HTTP/1.1" 200 27
116.230.105.139 - - [14/Feb/2023:10:49:33 +0800] "GET /xingrg/all/function/internal_message.html?_=1676342977093&CODE_STATE=getMsg HTTP/1.1" 200 27
116.230.105.139 - - [14/Feb/2023:10:49:33 +0800] "GET /xingrg/check_reg.html?_=1676342977097 HTTP/1.1" 200 22
172.20.0.100 - - [14/Feb/2023:10:49:35 +0800] "GET /xingrg/all/function/internal_message.html?_=1676342990802&CODE_STATE=getMsg HTTP/1.1" 200 27
172.20.0.100 - - [14/Feb/2023:10:49:35 +0800] "GET /xingrg/check_reg.html?_=1676342990804 HTTP/1.1" 200 22
222.70.177.73 - - [14/Feb/2023:10:49:35 +0800] "GET /xingrg/check_reg.html?_=1676342990448 HTTP/1.1" 200 22
222.70.177.73 - - [14/Feb/2023:10:49:35 +0800] "GET /xingrg/all/function/internal_message.html?_=1676342990450&CODE_STATE=getMsg HTTP/1.1" 200 27
116.238.139.35 - - [14/Feb/2023:10:49:40 +0800] "GET /xingrg/all/function/internal_message.html?_=1676342998566&CODE_STATE=getMsg HTTP/1.1" 200 27
120.253.135.82 - - [14/Feb/2023:10:49:41 +0800] "GET /xingrg/all/function/internal_message.html?_=1676343123030&CODE_STATE=getMsg HTTP/1.1" 200 27
114.83.222.182 - - [14/Feb/2023:10:49:43 +0800] "GET /xingrg/all/function/internal_message.html?_=1676343108656&CODE_STATE=getMsg HTTP/1.1" 200 27
218.81.220.34 - - [14/Feb/2023:10:49:44 +0800] "GET /xingrg/all/function/internal_message.html?_=1676343006745&CODE_STATE=getMsg HTTP/1.1" 200 27
180.163.28.68 - - [14/Feb/2023:10:49:45 +0800] "GET /xingrg/all/function/internal_message.html?_=1676342939568&CODE_STATE=getMsg HTTP/1.1" 302 -
180.163.28.68 - - [14/Feb/2023:10:49:45 +0800] "GET /xingrg/login.html HTTP/1.1" 200 7641
116.237.79.73 - - [14/Feb/2023:10:49:45 +0800] "GET /xingrg/all/function/internal_message.html?_=1676342999540&CODE_STATE=getMsg HTTP/1.1" 200 27
180.169.147.146 - - [14/Feb/2023:10:49:45 +0800] "GET /xingrg/all/function/internal_message.html?_=1676343001781&CODE_STATE=getMsg HTTP/1.1" 200 27
221.239.170.112 - - [14/Feb/2023:10:50:01 +0800] "GET /xingrg/all/function/internal_message.html?_=1676343017845&CODE_STATE=getMsg HTTP/1.1" 200 27
116.235.93.82 - - [14/Feb/2023:10:50:05 +0800] "GET /xingrg/check_reg.html?_=1676343018915 HTTP/1.1" 200 22
116.235.93.82 - - [14/Feb/2023:10:50:05 +0800] "GET /xingrg/all/function/internal_message.html?_=1676343018918&CODE_STATE=getMsg HTTP/1.1" 200 27
180.163.28.114 - - [14/Feb/2023:10:50:07 +0800] "GET /xingrg/index.html HTTP/1.1" 302 -
180.163.28.114 - - [14/Feb/2023:10:50:07 +0800] "GET /xingrg/login.html HTTP/1.1" 200 7641
180.163.29.234 - - [14/Feb/2023:10:50:07 +0800] "GET /xingrg HTTP/1.1" 302 -
180.163.29.234 - - [14/Feb/2023:10:50:07 +0800] "GET /xingrg/ HTTP/1.1" 200 292
116.192.124.172 - - [14/Feb/2023:10:50:09 +0800] "GET /xingrg/kc/buy/cgsh_order_operate.html?command=get_materiel&rest_code=00102&code=00101008350&supplier_code=00100008&order_time=2023-02-14 HTTP/1.1" 200 408
124.79.72.155 - - [14/Feb/2023:10:50:10 +0800] "GET /xingrg/all/function/internal_message.html?_=1676343029374&CODE_STATE=getMsg HTTP/1.1" 200 27
180.163.30.76 - - [14/Feb/2023:10:50:12 +0800] "GET /xingrg/login.do HTTP/1.1" 302 -
180.163.30.76 - - [14/Feb/2023:10:50:12 +0800] "GET /xingrg/login.html?sysBaseUrl=http%3A%2F%2F180.169.147.146%3A18081%2Fxingrg%2F&costTime=0×tamp=1676343012487 HTTP/1.1" 200 7641
58.221.95.50 - - [14/Feb/2023:10:50:13 +0800] "GET /xingrg/all/function/internal_message.html?_=1676343029391&CODE_STATE=getMsg HTTP/1.1" 200 27
101.83.145.75 - - [14/Feb/2023:10:50:14 +0800] "GET /xingrg/all/function/internal_message.html?_=1676343031683&CODE_STATE=getMsg HTTP/1.1" 200 27
101.229.22.234 - - [14/Feb/2023:10:50:15 +0800] "POST /xingrg/dwr/call/plaincall/AjaxComOrderService.getMaterielSearchList.dwr HTTP/1.1" 200 3662
101.229.22.234 - - [14/Feb/2023:10:50:16 +0800] "POST /xingrg/dwr/call/plaincall/AjaxComOrderService.getMaterielSearchList.dwr HTTP/1.1" 200 414
101.229.22.234 - - [14/Feb/2023:10:50:17 +0800] "POST /xingrg/dwr/call/plaincall/AjaxYddbService.getMaterielByMap.dwr HTTP/1.1" 200 1578
101.229.22.234 - - [14/Feb/2023:10:50:20 +0800] "GET /xingrg/all/function/internal_message.html?_=1676343036507&CODE_STATE=getMsg HTTP/1.1" 200 27
116.192.124.172 - - [14/Feb/2023:10:50:20 +0800] "GET /xingrg/kc/buy/cgsh_order_operate.html?command=get_materiel&rest_code=00102&code=00101008096&supplier_code=00100008&order_time=2023-02-14 HTTP/1.1" 200 412
124.79.72.155 - - [14/Feb/2023:10:50:21 +0800] "GET /xingrg/kc/buy/cgsh_order_operate.html?command=get_materiel&rest_code=00156&code=00101008296&supplier_code=00100007&order_time=2023-02-14 HTTP/1.1" 200 416
116.192.124.172 - - [14/Feb/2023:10:50:26 +0800] "GET /xingrg/all/function/internal_message.html?_=1676343041571&CODE_STATE=getMsg HTTP/1.1" 200 27
116.238.139.35 - - [14/Feb/2023:10:50:27 +0800] "POST /xingrg/services/DataTransmitService HTTP/1.1" 200 524
116.192.124.172 - - [14/Feb/2023:10:50:29 +0800] "GET /xingrg/kc/buy/cgsh_order_operate.html?command=get_materiel&rest_code=00102&code=00101008088&supplier_code=00100008&order_time=2023-02-14 HTTP/1.1" 200 409
180.169.147.146 - - [14/Feb/2023:10:50:30 +0800] "GET /xingrg/check_reg.html?_=1676343040828 HTTP/1.1" 200 22
180.169.147.146 - - [14/Feb/2023:10:50:30 +0800] "GET /xingrg/all/function/internal_message.html?_=1676343040830&CODE_STATE=getMsg HTTP/1.1" 200 27
101.229.22.234 - - [14/Feb/2023:10:50:33 +0800] "POST /xingrg/dwr/call/plaincall/AjaxYddbService.saveMaterielItem.dwr HTTP/1.1" 200 79
116.230.105.139 - - [14/Feb/2023:10:50:33 +0800] "GET /xingrg/all/function/internal_message.html?_=1676343037088&CODE_STATE=getMsg HTTP/1.1" 200 27
172.20.0.100 - - [14/Feb/2023:10:50:35 +0800] "GET /xingrg/all/function/internal_message.html?_=1676343050805&CODE_STATE=getMsg HTTP/1.1" 200 27
222.70.177.73 - - [14/Feb/2023:10:50:35 +0800] "GET /xingrg/all/function/internal_message.html?_=1676343050435&CODE_STATE=getMsg HTTP/1.1" 200 27
116.192.124.172 - - [14/Feb/2023:10:50:36 +0800] "GET /xingrg/kc/buy/cgsh_order_operate.html?command=get_materiel&rest_code=00102&code=00101008223&supplier_code=00100008&order_time=2023-02-14 HTTP/1.1" 200 412
116.238.139.35 - - [14/Feb/2023:10:50:40 +0800] "GET /xingrg/check_reg.html?_=1676343058568 HTTP/1.1" 200 22
116.238.139.35 - - [14/Feb/2023:10:50:40 +0800] "GET /xingrg/all/function/internal_message.html?_=1676343058571&CODE_STATE=getMsg HTTP/1.1" 200 27
120.253.135.82 - - [14/Feb/2023:10:50:41 +0800] "GET /xingrg/all/function/internal_message.html?_=1676343183035&CODE_STATE=getMsg HTTP/1.1" 200 27
114.83.222.182 - - [14/Feb/2023:10:50:43 +0800] "GET /xingrg/all/function/internal_message.html?_=1676343168633&CODE_STATE=getMsg HTTP/1.1" 200 27
218.81.220.34 - - [14/Feb/2023:10:50:44 +0800] "GET /xingrg/all/function/internal_message.html?_=1676343066757&CODE_STATE=getMsg HTTP/1.1" 200 27
180.163.28.143 - - [14/Feb/2023:10:50:45 +0800] "GET /xingrg/all/function/internal_message.html?_=1676342999540&CODE_STATE=getMsg HTTP/1.1" 302 -
180.163.28.143 - - [14/Feb/2023:10:50:45 +0800] "GET /xingrg/login.html HTTP/1.1" 200 7641
116.237.79.73 - - [14/Feb/2023:10:50:45 +0800] "GET /xingrg/all/function/internal_message.html?_=1676343059521&CODE_STATE=getMsg HTTP/1.1" 200 27
180.169.147.146 - - [14/Feb/2023:10:50:45 +0800] "GET /xingrg/all/function/internal_message.html?_=1676343061780&CODE_STATE=getMsg HTTP/1.1" 200 27
116.192.124.172 - - [14/Feb/2023:10:50:46 +0800] "GET /xingrg/kc/buy/cgsh_order_operate.html?command=get_materiel&rest_code=00102&code=00101008069&supplier_code=00100008&order_time=2023-02-14 HTTP/1.1" 200 412
101.229.22.234 - - [14/Feb/2023:10:50:53 +0800] "POST /xingrg/dwr/call/plaincall/AjaxComOrderService.getMaterielSearchList.dwr HTTP/1.1" 200 679
116.192.124.172 - - [14/Feb/2023:10:50:54 +0800] "GET /xingrg/kc/buy/cgsh_order_operate.html?command=get_materiel&rest_code=00102&code=00101008286&supplier_code=00100008&order_time=2023-02-14 HTTP/1.1" 200 408
101.229.22.234 - - [14/Feb/2023:10:50:55 +0800] "POST /xingrg/dwr/call/plaincall/AjaxYddbService.getMaterielByMap.dwr HTTP/1.1" 200 1577
101.229.22.234 - - [14/Feb/2023:10:51:00 +0800] "POST /xingrg/dwr/call/plaincall/AjaxYddbService.saveMaterielItem.dwr HTTP/1.1" 200 79
221.239.170.112 - - [14/Feb/2023:10:51:01 +0800] "GET /xingrg/all/function/internal_message.html?_=1676343077833&CODE_STATE=getMsg HTTP/1.1" 200 27
116.235.93.82 - - [14/Feb/2023:10:51:05 +0800] "GET /xingrg/all/function/internal_message.html?_=1676343078907&CODE_STATE=getMsg HTTP/1.1" 200 27
101.229.22.234 - - [14/Feb/2023:10:51:05 +0800] "POST /xingrg/dwr/call/plaincall/AjaxComOrderService.getMaterielSearchList.dwr HTTP/1.1" 200 6607
116.192.124.172 - - [14/Feb/2023:10:51:05 +0800] "GET /xingrg/kc/buy/cgsh_order_operate.html?command=get_materiel&rest_code=00102&code=00101008353&supplier_code=00100008&order_time=2023-02-14 HTTP/1.1" 200 408
101.229.22.234 - - [14/Feb/2023:10:51:06 +0800] "POST /xingrg/dwr/call/plaincall/AjaxComOrderService.getMaterielSearchList.dwr HTTP/1.1" 200 841
124.79.72.155 - - [14/Feb/2023:10:51:06 +0800] "GET /xingrg/kc/buy/cgsh_order_operate.html?command=get_materiel&rest_code=00156&code=00101008197&supplier_code=00100007&order_time=2023-02-14 HTTP/1.1" 200 417
101.229.22.234 - - [14/Feb/2023:10:51:07 +0800] "POST /xingrg/dwr/call/plaincall/AjaxYddbService.getMaterielByMap.dwr HTTP/1.1" 200 1581
124.79.72.155 - - [14/Feb/2023:10:51:10 +0800] "GET /xingrg/all/function/internal_message.html?_=1676343089376&CODE_STATE=getMsg HTTP/1.1" 200 27
58.221.95.50 - - [14/Feb/2023:10:51:13 +0800] "GET /xingrg/all/function/internal_message.html?_=1676343089377&CODE_STATE=getMsg HTTP/1.1" 200 27
101.229.22.234 - - [14/Feb/2023:10:51:13 +0800] "POST /xingrg/dwr/call/plaincall/AjaxYddbService.saveMaterielItem.dwr HTTP/1.1" 200 79
101.83.145.75 - - [14/Feb/2023:10:51:14 +0800] "GET /xingrg/all/function/internal_message.html?_=1676343091653&CODE_STATE=getMsg HTTP/1.1" 200 27
124.79.72.155 - - [14/Feb/2023:10:51:20 +0800] "GET /xingrg/kc/buy/cgsh_order_operate.html?command=get_materiel&rest_code=00156&code=00101008264&supplier_code=00100007&order_time=2023-02-14 HTTP/1.1" 200 412
101.229.22.234 - - [14/Feb/2023:10:51:20 +0800] "GET /xingrg/check_reg.html?_=1676343096510 HTTP/1.1" 200 22
101.229.22.234 - - [14/Feb/2023:10:51:20 +0800] "GET /xingrg/all/function/internal_message.html?_=1676343096508&CODE_STATE=getMsg HTTP/1.1" 200 27
101.229.22.234 - - [14/Feb/2023:10:51:22 +0800] "POST /xingrg/dwr/call/plaincall/AjaxComOrderService.getMaterielSearchList.dwr HTTP/1.1" 200 3330
116.192.124.172 - - [14/Feb/2023:10:51:22 +0800] "GET /xingrg/kc/buy/cgsh_order_operate.html?command=get_materiel&rest_code=00102&code=00101015158&supplier_code=00100008&order_time=2023-02-14 HTTP/1.1" 200 422
101.229.22.234 - - [14/Feb/2023:10:51:23 +0800] "POST /xingrg/dwr/call/plaincall/AjaxComOrderService.getMaterielSearchList.dwr HTTP/1.1" 200 557
101.229.22.234 - - [14/Feb/2023:10:51:23 +0800] "POST /xingrg/dwr/call/plaincall/AjaxComOrderService.getMaterielSearchList.dwr HTTP/1.1" 200 557
101.229.22.234 - - [14/Feb/2023:10:51:24 +0800] "POST /xingrg/dwr/call/plaincall/AjaxYddbService.getMaterielByMap.dwr HTTP/1.1" 200 1564
116.192.124.172 - - [14/Feb/2023:10:51:26 +0800] "GET /xingrg/all/function/internal_message.html?_=1676343101587&CODE_STATE=getMsg HTTP/1.1" 200 27
180.165.52.237 - - [14/Feb/2023:10:51:29 +0800] "GET /xingrg/login.html HTTP/1.1" 200 7641
180.165.52.237 - - [14/Feb/2023:10:51:30 +0800] "GET /favicon.ico HTTP/1.1" 404 -
