116.237.79.73 - - [14/Feb/2023:09:56:03 +0800] "GET /xingrg/kc/buy/cgsh_order_operate.html?command=get_materiel&rest_code=00106&code=00101016030&supplier_code=00100032&order_time=2023-02-14 HTTP/1.1" 200 412
116.237.79.73 - - [14/Feb/2023:09:56:12 +0800] "GET /xingrg/kc/buy/cgsh_order_operate.html?command=get_materiel&rest_code=00106&code=00101001111&supplier_code=00100032&order_time=2023-02-14 HTTP/1.1" 200 409
101.83.145.75 - - [14/Feb/2023:09:56:15 +0800] "GET /xingrg/all/function/internal_message.html?_=1676339792882&CODE_STATE=getMsg HTTP/1.1" 200 27
101.229.22.234 - - [14/Feb/2023:09:56:20 +0800] "GET /xingrg/all/function/internal_message.html?_=1676339796422&CODE_STATE=getMsg HTTP/1.1" 200 27
101.229.22.234 - - [14/Feb/2023:09:56:20 +0800] "GET /xingrg/check_reg.html?_=1676339796470 HTTP/1.1" 200 22
222.67.238.61 - - [14/Feb/2023:09:56:32 +0800] "GET /xingrg/all/function/internal_message.html?_=1676339373444&CODE_STATE=getMsg HTTP/1.1" 200 27
116.230.105.139 - - [14/Feb/2023:09:56:33 +0800] "GET /xingrg/all/function/internal_message.html?_=1676339797082&CODE_STATE=getMsg HTTP/1.1" 200 27
114.83.222.182 - - [14/Feb/2023:09:56:34 +0800] "GET /xingrg/check_reg.html?_=1676339919417 HTTP/1.1" 200 22
172.20.0.100 - - [14/Feb/2023:09:56:35 +0800] "GET /xingrg/all/function/internal_message.html?_=1676339810800&CODE_STATE=getMsg HTTP/1.1" 200 27
116.237.79.73 - - [14/Feb/2023:09:56:35 +0800] "POST /xingrg/kc/buy/cgsh_order_operate.html HTTP/1.1" 200 37
222.70.177.73 - - [14/Feb/2023:09:56:36 +0800] "GET /xingrg/all/function/internal_message.html?_=1676339811391&CODE_STATE=getMsg HTTP/1.1" 200 27
116.237.79.73 - - [14/Feb/2023:09:56:36 +0800] "POST /xingrg/kc/buy/cgsh_order_operate.html HTTP/1.1" 200 5609
116.237.79.73 - - [14/Feb/2023:09:56:39 +0800] "GET /xingrg/login.html HTTP/1.1" 200 7641
116.237.79.73 - - [14/Feb/2023:09:56:40 +0800] "GET /favicon.ico HTTP/1.1" 404 -
120.253.135.82 - - [14/Feb/2023:09:56:40 +0800] "GET /xingrg/all/function/internal_message.html?_=1676339942781&CODE_STATE=getMsg HTTP/1.1" 200 27
218.81.220.34 - - [14/Feb/2023:09:56:41 +0800] "GET /xingrg/check_reg.html?_=1676339824199 HTTP/1.1" 200 22
116.237.79.73 - - [14/Feb/2023:09:56:42 +0800] "POST /xingrg/login.do HTTP/1.1" 302 -
116.237.79.73 - - [14/Feb/2023:09:56:42 +0800] "GET /xingrg/index.html?sysBaseUrl=http%3A%2F%2F180.169.147.146%3A18081%2Fxingrg%2F&costTime=1122×tamp=1676339802270 HTTP/1.1" 200 17173
116.237.79.73 - - [14/Feb/2023:09:56:42 +0800] "GET /favicon.ico HTTP/1.1" 404 -
116.237.79.73 - - [14/Feb/2023:09:56:42 +0800] "POST /xingrg/all/common/load_tree.html?tree=area_rest_tree_json&manage=1 HTTP/1.1" 200 342
218.81.220.34 - - [14/Feb/2023:09:56:42 +0800] "GET /xingrg/all/function/internal_message.html?_=1676339825181&CODE_STATE=getMsg HTTP/1.1" 200 27
116.238.139.35 - - [14/Feb/2023:09:56:42 +0800] "GET /xingrg/all/function/internal_message.html?_=1676339820681&CODE_STATE=getMsg HTTP/1.1" 200 27
116.237.79.73 - - [14/Feb/2023:09:56:43 +0800] "GET /xingrg/all/function/internal_message.html?_=1676339817023&CODE_STATE=count HTTP/1.1" 200 11
116.237.79.73 - - [14/Feb/2023:09:56:43 +0800] "GET /xingrg/check_reg.html?_=1676339817024 HTTP/1.1" 200 22
116.237.79.73 - - [14/Feb/2023:09:56:43 +0800] "POST /xingrg/load_menu.html HTTP/1.1" 200 5138
114.83.222.182 - - [14/Feb/2023:09:56:44 +0800] "GET /xingrg/all/function/internal_message.html?_=1676339929458&CODE_STATE=getMsg HTTP/1.1" 200 27
116.237.79.73 - - [14/Feb/2023:09:56:45 +0800] "GET /xingrg/kc/buy/buy_main.html HTTP/1.1" 200 12412
116.237.79.73 - - [14/Feb/2023:09:56:45 +0800] "GET /xingrg/css/new_ie.css HTTP/1.1" 404 1036
180.169.147.146 - - [14/Feb/2023:09:56:45 +0800] "GET /xingrg/all/function/internal_message.html?_=1676339821748&CODE_STATE=getMsg HTTP/1.1" 200 27
116.237.79.73 - - [14/Feb/2023:09:56:47 +0800] "GET /xingrg/images/yd/bt.gif HTTP/1.1" 404 1040
116.237.79.73 - - [14/Feb/2023:09:56:48 +0800] "GET /xingrg/kc/buy/cgsh_order_list.html HTTP/1.1" 200 54057
116.237.79.73 - - [14/Feb/2023:09:56:52 +0800] "POST /xingrg/kc/buy/cgsh_list_operate.html HTTP/1.1" 200 1870
116.237.79.73 - - [14/Feb/2023:09:56:54 +0800] "POST /xingrg/kc/buy/cgsh_list_operate.html HTTP/1.1" 200 565
116.237.79.73 - - [14/Feb/2023:09:56:56 +0800] "GET /xingrg/kc/buy/cgsh_order_info.html?code=212023021404378 HTTP/1.1" 200 69850
116.237.79.73 - - [14/Feb/2023:09:56:57 +0800] "GET /xingrg/javascript/easyui/themes/default/validatebox.css HTTP/1.1" 404 1104
116.237.79.73 - - [14/Feb/2023:09:56:57 +0800] "GET /xingrg/all/common/auto_word.html?type=employee&rest_code=00106 HTTP/1.1" 200 205
116.237.79.73 - - [14/Feb/2023:09:56:57 +0800] "GET /xingrg/all/common/auto_word.html?type=employee&rest_code=00106 HTTP/1.1" 200 205
116.237.79.73 - - [14/Feb/2023:09:56:57 +0800] "POST /xingrg/kc/buy/cgsh_order_operate.html HTTP/1.1" 200 5609
116.237.79.73 - - [14/Feb/2023:09:57:00 +0800] "GET /xingrg/javascript/auto/indicator.gif HTTP/1.1" 404 1066
221.239.170.112 - - [14/Feb/2023:09:57:02 +0800] "GET /xingrg/all/function/internal_message.html?_=1676339838709&CODE_STATE=getMsg HTTP/1.1" 200 27
101.229.22.234 - - [14/Feb/2023:09:57:03 +0800] "POST /xingrg/dwr/call/plaincall/AjaxYddbService.removeMaterielItem.dwr HTTP/1.1" 200 79
116.237.79.73 - - [14/Feb/2023:09:57:05 +0800] "GET /xingrg/kc/buy/cgsh_order_operate.html?command=get_materiel&rest_code=00106&code=00101016105&supplier_code=00100032&order_time=2023-02-14 HTTP/1.1" 200 409
101.229.22.234 - - [14/Feb/2023:09:57:08 +0800] "POST /xingrg/dwr/call/plaincall/AjaxComOrderService.getMaterielSearchList.dwr HTTP/1.1" 200 420
222.70.177.73 - - [14/Feb/2023:09:57:10 +0800] "GET /xingrg/kc/buy/cgsh_order_add.html HTTP/1.1" 200 69795
222.70.177.73 - - [14/Feb/2023:09:57:10 +0800] "POST /xingrg/kc/buy/cgsh_order_operate.html HTTP/1.1" 200 8245
222.70.177.73 - - [14/Feb/2023:09:57:11 +0800] "GET /xingrg/javascript/easyui/themes/default/validatebox.css HTTP/1.1" 404 1104
101.229.22.234 - - [14/Feb/2023:09:57:11 +0800] "POST /xingrg/dwr/call/plaincall/AjaxYddbService.getMaterielByMap.dwr HTTP/1.1" 200 1661
101.83.145.75 - - [14/Feb/2023:09:57:15 +0800] "GET /xingrg/all/function/internal_message.html?_=1676339852857&CODE_STATE=getMsg HTTP/1.1" 200 27
116.237.79.73 - - [14/Feb/2023:09:57:18 +0800] "POST /xingrg/kc/buy/cgsh_order_operate.html HTTP/1.1" 200 37
101.229.22.234 - - [14/Feb/2023:09:57:20 +0800] "GET /xingrg/all/function/internal_message.html?_=1676339856414&CODE_STATE=getMsg HTTP/1.1" 200 27
101.83.145.75 - - [14/Feb/2023:09:57:20 +0800] "GET /xingrg/kc/buy/cgsh_order_operate.html?command=get_materiel&rest_code=00105&code=00101012033&supplier_code=00100034&order_time=2023-02-14 HTTP/1.1" 200 426
101.229.22.234 - - [14/Feb/2023:09:57:22 +0800] "POST /xingrg/dwr/call/plaincall/AjaxYddbService.getUnitPrice.dwr HTTP/1.1" 200 87
222.70.177.73 - - [14/Feb/2023:09:57:23 +0800] "GET /xingrg/kc/buy/cgsh_order_operate.html?command=get_materiel&rest_code=00111&code=00101018019&supplier_code=00100042&order_time=2023-02-14 HTTP/1.1" 200 421
116.237.79.73 - - [14/Feb/2023:09:57:27 +0800] "POST /xingrg/kc/buy/cgsh_order_operate.html HTTP/1.1" 200 12
101.229.22.234 - - [14/Feb/2023:09:57:27 +0800] "POST /xingrg/dwr/call/plaincall/AjaxYddbService.saveMaterielItem.dwr HTTP/1.1" 200 79
116.237.79.73 - - [14/Feb/2023:09:57:29 +0800] "GET /xingrg/kc/buy/cgsh_order_info.html?code=212023021404378 HTTP/1.1" 200 64745
116.237.79.73 - - [14/Feb/2023:09:57:30 +0800] "GET /xingrg/javascript/easyui/themes/default/validatebox.css HTTP/1.1" 404 1104
116.237.79.73 - - [14/Feb/2023:09:57:31 +0800] "POST /xingrg/kc/buy/cgsh_order_operate.html HTTP/1.1" 200 4143
222.67.238.61 - - [14/Feb/2023:09:57:32 +0800] "GET /xingrg/all/function/internal_message.html?_=1676339433439&CODE_STATE=getMsg HTTP/1.1" 200 27
222.67.238.61 - - [14/Feb/2023:09:57:32 +0800] "GET /xingrg/check_reg.html?_=1676339433441 HTTP/1.1" 200 22
116.237.79.73 - - [14/Feb/2023:09:57:32 +0800] "GET /xingrg/kc/print/load_config.html?kc_code=cgsh HTTP/1.1" 200 1943
116.237.79.73 - - [14/Feb/2023:09:57:32 +0800] "GET /xingrg/kc/print/load_data.html?order_code=212023021404378&kc_code=cgsh&condition= HTTP/1.1" 200 2065
116.230.105.139 - - [14/Feb/2023:09:57:33 +0800] "GET /xingrg/all/function/internal_message.html?_=1676339857078&CODE_STATE=getMsg HTTP/1.1" 200 27
172.20.0.100 - - [14/Feb/2023:09:57:35 +0800] "GET /xingrg/all/function/internal_message.html?_=1676339870802&CODE_STATE=getMsg HTTP/1.1" 200 27
222.70.177.73 - - [14/Feb/2023:09:57:36 +0800] "GET /xingrg/all/function/internal_message.html?_=1676339871378&CODE_STATE=getMsg HTTP/1.1" 200 27
222.70.177.73 - - [14/Feb/2023:09:57:37 +0800] "GET /xingrg/kc/buy/cgsh_order_operate.html?command=get_materiel&rest_code=00111&code=00101001060&supplier_code=00100042&order_time=2023-02-14 HTTP/1.1" 200 419
116.237.79.73 - - [14/Feb/2023:09:57:37 +0800] "GET /xingrg/kc/print/load_data.html?order_code=212023021404378&kc_code=cgsh HTTP/1.1" 200 2065
120.253.135.82 - - [14/Feb/2023:09:57:40 +0800] "GET /xingrg/all/function/internal_message.html?_=1676340002786&CODE_STATE=getMsg HTTP/1.1" 200 27
218.81.220.34 - - [14/Feb/2023:09:57:42 +0800] "GET /xingrg/all/function/internal_message.html?_=1676339885194&CODE_STATE=getMsg HTTP/1.1" 200 27
116.238.139.35 - - [14/Feb/2023:09:57:42 +0800] "GET /xingrg/all/function/internal_message.html?_=1676339880680&CODE_STATE=getMsg HTTP/1.1" 200 27
180.163.30.100 - - [14/Feb/2023:09:57:43 +0800] "GET /xingrg/check_reg.html?_=1676339817024 HTTP/1.1" 302 -
180.163.30.100 - - [14/Feb/2023:09:57:43 +0800] "GET /xingrg/login.html HTTP/1.1" 200 7641
114.83.222.182 - - [14/Feb/2023:09:57:44 +0800] "GET /xingrg/all/function/internal_message.html?_=1676339989439&CODE_STATE=getMsg HTTP/1.1" 200 27
180.169.147.146 - - [14/Feb/2023:09:57:45 +0800] "GET /xingrg/check_reg.html?_=1676339881747 HTTP/1.1" 200 22
180.169.147.146 - - [14/Feb/2023:09:57:45 +0800] "GET /xingrg/all/function/internal_message.html?_=1676339881750&CODE_STATE=getMsg HTTP/1.1" 200 27
116.237.79.73 - - [14/Feb/2023:09:57:46 +0800] "GET /xingrg/all/function/internal_message.html?_=1676339880637&CODE_STATE=getMsg HTTP/1.1" 200 27
116.237.79.73 - - [14/Feb/2023:09:57:54 +0800] "GET /xingrg/kc/buy/cgsh_order_add.html HTTP/1.1" 200 69839
116.237.79.73 - - [14/Feb/2023:09:57:55 +0800] "GET /xingrg/javascript/easyui/themes/default/validatebox.css HTTP/1.1" 404 1104
116.237.79.73 - - [14/Feb/2023:09:57:55 +0800] "POST /xingrg/kc/buy/cgsh_order_operate.html HTTP/1.1" 200 8245
116.237.79.73 - - [14/Feb/2023:09:57:56 +0800] "GET /xingrg/javascript/easyui/themes/default/tree.css HTTP/1.1" 404 1090
116.237.79.73 - - [14/Feb/2023:09:57:57 +0800] "POST /xingrg/all/common/load_tree.html?tree=supplier_tree_json&isDelete=1 HTTP/1.1" 200 70748
180.163.28.68 - - [14/Feb/2023:09:58:02 +0800] "GET /xingrg/kc/buy/cgsh_order_operate.html?command=get_materiel&rest_code=00106&code=00101016105&supplier_code=00100032&order_time=2023-02-14 HTTP/1.1" 302 -
180.163.28.68 - - [14/Feb/2023:09:58:02 +0800] "GET /xingrg/login.html HTTP/1.1" 200 7641
221.239.170.112 - - [14/Feb/2023:09:58:02 +0800] "GET /xingrg/all/function/internal_message.html?_=1676339898693&CODE_STATE=getMsg HTTP/1.1" 200 27
116.237.79.73 - - [14/Feb/2023:09:58:08 +0800] "GET /xingrg/kc/buy/cgsh_order_operate.html?command=get_materiel&rest_code=00106&code=00101008147&supplier_code=00100009&order_time=2023-02-14 HTTP/1.1" 200 416
101.83.145.75 - - [14/Feb/2023:09:58:08 +0800] "GET /xingrg/kc/buy/cgsh_order_operate.html?command=get_materiel&rest_code=00105&code=00101016030&supplier_code=00100034&order_time=2023-02-14 HTTP/1.1" 200 412
222.70.177.73 - - [14/Feb/2023:09:58:08 +0800] "GET /xingrg/kc/buy/cgsh_order_operate.html?command=get_materiel&rest_code=00111&code=00101003025&supplier_code=00100042&order_time=2023-02-14 HTTP/1.1" 200 409
101.83.145.75 - - [14/Feb/2023:09:58:15 +0800] "GET /xingrg/all/function/internal_message.html?_=1676339912856&CODE_STATE=getMsg HTTP/1.1" 200 27
101.83.145.75 - - [14/Feb/2023:09:58:15 +0800] "GET /xingrg/check_reg.html?_=1676339913345 HTTP/1.1" 200 22
221.239.170.112 - - [14/Feb/2023:09:58:16 +0800] "GET /xingrg/check_reg.html?_=1676339912971 HTTP/1.1" 200 22
116.237.79.73 - - [14/Feb/2023:09:58:19 +0800] "POST /xingrg/kc/buy/cgsh_order_operate.html HTTP/1.1" 200 37
101.229.22.234 - - [14/Feb/2023:09:58:20 +0800] "GET /xingrg/all/function/internal_message.html?_=1676339916425&CODE_STATE=getMsg HTTP/1.1" 200 27
180.169.147.146 - - [14/Feb/2023:09:58:21 +0800] "POST /xingrg/dwr/call/plaincall/AjaxReportQueryService.refreshCache.dwr HTTP/1.1" 200 78
222.70.177.73 - - [14/Feb/2023:09:58:22 +0800] "GET /xingrg/kc/buy/cgsh_order_operate.html?command=get_materiel&rest_code=00111&code=00101005037&supplier_code=00100042&order_time=2023-02-14 HTTP/1.1" 200 409
116.237.79.73 - - [14/Feb/2023:09:58:27 +0800] "POST /xingrg/kc/buy/cgsh_order_operate.html HTTP/1.1" 200 12
180.169.147.146 - - [14/Feb/2023:09:58:28 +0800] "POST /xingrg/all/report/load_report_page.html HTTP/1.1" 200 51041
180.169.147.146 - - [14/Feb/2023:09:58:28 +0800] "GET /xingrg/servlets/image?cache=0.8966416902413419&image=px HTTP/1.1" 200 807
116.237.79.73 - - [14/Feb/2023:09:58:30 +0800] "GET /xingrg/kc/buy/cgsh_order_info.html?code=212023021404379 HTTP/1.1" 200 64747
116.237.79.73 - - [14/Feb/2023:09:58:31 +0800] "GET /xingrg/javascript/easyui/themes/default/validatebox.css HTTP/1.1" 404 1104
116.237.79.73 - - [14/Feb/2023:09:58:31 +0800] "POST /xingrg/kc/buy/cgsh_order_operate.html HTTP/1.1" 200 612
222.67.238.61 - - [14/Feb/2023:09:58:32 +0800] "GET /xingrg/all/function/internal_message.html?_=1676339493449&CODE_STATE=getMsg HTTP/1.1" 200 27
116.230.105.139 - - [14/Feb/2023:09:58:33 +0800] "GET /xingrg/all/function/internal_message.html?_=1676339917095&CODE_STATE=getMsg HTTP/1.1" 200 27
116.237.79.73 - - [14/Feb/2023:09:58:34 +0800] "GET /xingrg/kc/print/load_data.html?order_code=212023021404379&kc_code=cgsh&condition= HTTP/1.1" 200 775
172.20.0.100 - - [14/Feb/2023:09:58:35 +0800] "GET /xingrg/all/function/internal_message.html?_=1676339930805&CODE_STATE=getMsg HTTP/1.1" 200 27
222.70.177.73 - - [14/Feb/2023:09:58:36 +0800] "GET /xingrg/all/function/internal_message.html?_=1676339931350&CODE_STATE=getMsg HTTP/1.1" 200 27
180.163.29.219 - - [14/Feb/2023:09:58:37 +0800] "GET /xingrg/kc/print/load_data.html?order_code=212023021404378&kc_code=cgsh HTTP/1.1" 302 -
180.163.29.219 - - [14/Feb/2023:09:58:37 +0800] "GET /xingrg/login.html HTTP/1.1" 200 7641
101.229.22.234 - - [14/Feb/2023:09:58:37 +0800] "GET /xingrg/images/yd/bt2.gif HTTP/1.1" 404 1042
101.229.22.234 - - [14/Feb/2023:09:58:40 +0800] "POST /xingrg/dwr/call/plaincall/AjaxYddbService.removeMaterielItem.dwr HTTP/1.1" 200 79
120.253.135.82 - - [14/Feb/2023:09:58:40 +0800] "GET /xingrg/all/function/internal_message.html?_=1676340062796&CODE_STATE=getMsg HTTP/1.1" 200 27
120.253.135.82 - - [14/Feb/2023:09:58:40 +0800] "GET /xingrg/check_reg.html?_=1676340062796 HTTP/1.1" 200 22
218.81.220.34 - - [14/Feb/2023:09:58:42 +0800] "GET /xingrg/all/function/internal_message.html?_=1676339945207&CODE_STATE=getMsg HTTP/1.1" 200 27
116.238.139.35 - - [14/Feb/2023:09:58:42 +0800] "GET /xingrg/check_reg.html?_=1676339940683 HTTP/1.1" 200 22
116.238.139.35 - - [14/Feb/2023:09:58:43 +0800] "GET /xingrg/all/function/internal_message.html?_=1676339940692&CODE_STATE=getMsg HTTP/1.1" 200 27
114.83.222.182 - - [14/Feb/2023:09:58:44 +0800] "GET /xingrg/all/function/internal_message.html?_=1676340049437&CODE_STATE=getMsg HTTP/1.1" 200 27
101.229.22.234 - - [14/Feb/2023:09:58:45 +0800] "POST /xingrg/dwr/call/plaincall/AjaxComOrderService.getMaterielSearchList.dwr HTTP/1.1" 200 543331
101.229.22.234 - - [14/Feb/2023:09:58:45 +0800] "POST /xingrg/dwr/call/plaincall/AjaxComOrderService.getMaterielSearchList.dwr HTTP/1.1" 200 846
180.169.147.146 - - [14/Feb/2023:09:58:45 +0800] "GET /xingrg/all/function/internal_message.html?_=1676339941746&CODE_STATE=getMsg HTTP/1.1" 200 27
180.163.29.103 - - [14/Feb/2023:09:58:46 +0800] "GET /xingrg/all/function/internal_message.html?_=1676339880637&CODE_STATE=getMsg HTTP/1.1" 302 -
180.169.147.146 - - [14/Feb/2023:09:58:46 +0800] "GET /xingrg/javascript/jquery_easy_ui/themes/default/images/tabs_active.png HTTP/1.1" 200 2894
180.163.29.103 - - [14/Feb/2023:09:58:46 +0800] "GET /xingrg/login.html HTTP/1.1" 200 7641
116.237.79.73 - - [14/Feb/2023:09:58:46 +0800] "GET /xingrg/all/function/internal_message.html?_=1676339940611&CODE_STATE=getMsg HTTP/1.1" 200 27
101.229.22.234 - - [14/Feb/2023:09:58:47 +0800] "POST /xingrg/dwr/call/plaincall/AjaxYddbService.getMaterielByMap.dwr HTTP/1.1" 200 1561
116.192.124.172 - - [14/Feb/2023:09:58:51 +0800] "GET /xingrg/check_reg.html?_=1676339946627 HTTP/1.1" 302 -
101.229.22.234 - - [14/Feb/2023:09:58:53 +0800] "POST /xingrg/dwr/call/plaincall/AjaxYddbService.saveMaterielItem.dwr HTTP/1.1" 200 79
222.70.177.73 - - [14/Feb/2023:09:59:00 +0800] "GET /xingrg/kc/buy/cgsh_order_operate.html?command=get_materiel&rest_code=00111&code=00101018007&supplier_code=00100042&order_time=2023-02-14 HTTP/1.1" 200 409
221.239.170.112 - - [14/Feb/2023:09:59:02 +0800] "GET /xingrg/all/function/internal_message.html?_=1676339958666&CODE_STATE=getMsg HTTP/1.1" 200 27
222.70.177.73 - - [14/Feb/2023:09:59:13 +0800] "POST /xingrg/kc/buy/cgsh_order_operate.html HTTP/1.1" 200 37
101.83.145.75 - - [14/Feb/2023:09:59:15 +0800] "GET /xingrg/all/function/internal_message.html?_=1676339972805&CODE_STATE=getMsg HTTP/1.1" 200 27
222.70.177.73 - - [14/Feb/2023:09:59:16 +0800] "POST /xingrg/kc/buy/cgsh_order_operate.html HTTP/1.1" 200 5027
222.70.177.73 - - [14/Feb/2023:09:59:19 +0800] "GET /xingrg/kc/print/load_data.html?order_code=212023021404380&kc_code=cgsh&condition= HTTP/1.1" 200 1607
101.229.22.234 - - [14/Feb/2023:09:59:20 +0800] "GET /xingrg/all/function/internal_message.html?_=1676339976427&CODE_STATE=getMsg HTTP/1.1" 200 27
180.169.147.146 - - [14/Feb/2023:09:59:22 +0800] "GET /xingrg/kc/report/report_main.html HTTP/1.1" 200 8599
180.169.147.146 - - [14/Feb/2023:09:59:25 +0800] "GET /xingrg/all/report/report_query.html?fileName=kc/buy/gys_amount.xml&rh=99999 HTTP/1.1" 200 52006
180.169.147.146 - - [14/Feb/2023:09:59:25 +0800] "GET /xingrg/dwr/interface/AjaxReportQueryService.js HTTP/1.1" 200 13203
180.169.147.146 - - [14/Feb/2023:09:59:25 +0800] "GET /xingrg/dwr/engine.js HTTP/1.1" 200 43631
180.169.147.146 - - [14/Feb/2023:09:59:25 +0800] "POST /xingrg/dwr/call/plaincall/AjaxReportQueryService.getFixDate.dwr HTTP/1.1" 200 111
180.169.147.146 - - [14/Feb/2023:09:59:26 +0800] "POST /xingrg/all/common/load_tree.html?tree=materiel_sort_tree_json HTTP/1.1" 200 9500
180.169.147.146 - - [14/Feb/2023:09:59:26 +0800] "POST /xingrg/dwr/call/plaincall/AjaxReportQueryService.getInitString.dwr HTTP/1.1" 200 489
180.169.147.146 - - [14/Feb/2023:09:59:26 +0800] "POST /xingrg/all/common/load_tree.html?tree=supplier_tree_json&manage=1 HTTP/1.1" 200 72673
180.169.147.146 - - [14/Feb/2023:09:59:28 +0800] "GET /xingrg/javascript/multi_select/dropdown.gif HTTP/1.1" 200 61
180.169.147.146 - - [14/Feb/2023:09:59:29 +0800] "POST /xingrg/dwr/call/plaincall/AjaxReportQueryService.getFixDate.dwr HTTP/1.1" 200 111
222.67.238.61 - - [14/Feb/2023:09:59:32 +0800] "GET /xingrg/all/function/internal_message.html?_=1676339553447&CODE_STATE=getMsg HTTP/1.1" 200 27
116.230.105.139 - - [14/Feb/2023:09:59:33 +0800] "GET /xingrg/all/function/internal_message.html?_=1676339977090&CODE_STATE=getMsg HTTP/1.1" 200 27
116.230.105.139 - - [14/Feb/2023:09:59:33 +0800] "GET /xingrg/check_reg.html?_=1676339977094 HTTP/1.1" 200 22
172.20.0.100 - - [14/Feb/2023:09:59:35 +0800] "GET /xingrg/check_reg.html?_=1676339990792 HTTP/1.1" 200 22
172.20.0.100 - - [14/Feb/2023:09:59:35 +0800] "GET /xingrg/all/function/internal_message.html?_=1676339990793&CODE_STATE=getMsg HTTP/1.1" 200 27
222.70.177.73 - - [14/Feb/2023:09:59:35 +0800] "GET /xingrg/check_reg.html?_=1676339990374 HTTP/1.1" 200 22
222.70.177.73 - - [14/Feb/2023:09:59:36 +0800] "GET /xingrg/all/function/internal_message.html?_=1676339991328&CODE_STATE=getMsg HTTP/1.1" 200 27
180.169.147.146 - - [14/Feb/2023:09:59:38 +0800] "GET /xingrg/all/report/report_query.html?fileName=kc/buy/gys_amount_base_rest.xml HTTP/1.1" 200 51664
180.169.147.146 - - [14/Feb/2023:09:59:38 +0800] "GET /xingrg/dwr/interface/AjaxReportQueryService.js HTTP/1.1" 200 13203
180.169.147.146 - - [14/Feb/2023:09:59:38 +0800] "GET /xingrg/dwr/engine.js HTTP/1.1" 200 43631
180.169.147.146 - - [14/Feb/2023:09:59:38 +0800] "POST /xingrg/dwr/call/plaincall/AjaxReportQueryService.getFixDate.dwr HTTP/1.1" 200 111
180.169.147.146 - - [14/Feb/2023:09:59:38 +0800] "POST /xingrg/all/common/load_tree.html?tree=area_rest_tree_json&manage=1 HTTP/1.1" 200 3499
180.169.147.146 - - [14/Feb/2023:09:59:39 +0800] "POST /xingrg/all/common/load_tree.html?tree=supplier_tree_json&manage=1 HTTP/1.1" 200 72673
120.253.135.82 - - [14/Feb/2023:09:59:40 +0800] "GET /xingrg/all/function/internal_message.html?_=1676340122801&CODE_STATE=getMsg HTTP/1.1" 200 27
180.169.147.146 - - [14/Feb/2023:09:59:41 +0800] "POST /xingrg/dwr/call/plaincall/AjaxReportQueryService.getFixDate.dwr HTTP/1.1" 200 111
116.238.139.35 - - [14/Feb/2023:09:59:42 +0800] "GET /xingrg/all/function/internal_message.html?_=1676340000679&CODE_STATE=getMsg HTTP/1.1" 200 27
218.81.220.34 - - [14/Feb/2023:09:59:43 +0800] "GET /xingrg/all/function/internal_message.html?_=1676340005279&CODE_STATE=getMsg HTTP/1.1" 200 27
114.83.222.182 - - [14/Feb/2023:09:59:44 +0800] "GET /xingrg/all/function/internal_message.html?_=1676340109431&CODE_STATE=getMsg HTTP/1.1" 200 27
180.169.147.146 - - [14/Feb/2023:09:59:45 +0800] "GET /xingrg/all/function/internal_message.html?_=1676340001745&CODE_STATE=getMsg HTTP/1.1" 200 27
116.237.79.73 - - [14/Feb/2023:09:59:46 +0800] "GET /xingrg/all/function/internal_message.html?_=1676340000594&CODE_STATE=getMsg HTTP/1.1" 200 27
180.169.147.146 - - [14/Feb/2023:09:59:47 +0800] "POST /xingrg/dwr/call/plaincall/AjaxReportQueryService.refreshCache.dwr HTTP/1.1" 200 78
180.169.147.146 - - [14/Feb/2023:09:59:53 +0800] "POST /xingrg/all/report/load_report_page.html HTTP/1.1" 200 316912
180.169.147.146 - - [14/Feb/2023:09:59:53 +0800] "GET /xingrg/images/blue/button/back2.gif HTTP/1.1" 200 1339
180.169.147.146 - - [14/Feb/2023:09:59:53 +0800] "GET /xingrg/images/blue/button/back.gif HTTP/1.1" 200 1352
180.169.147.146 - - [14/Feb/2023:09:59:53 +0800] "GET /xingrg/servlets/image?cache=0.9645179388457269&image=px HTTP/1.1" 200 807
180.169.147.146 - - [14/Feb/2023:10:00:02 +0800] "POST /xingrg/all/report/report_print.html HTTP/1.1" 200 50748
221.239.170.112 - - [14/Feb/2023:10:00:02 +0800] "GET /xingrg/all/function/internal_message.html?_=1676340018651&CODE_STATE=getMsg HTTP/1.1" 200 27
101.83.145.75 - - [14/Feb/2023:10:00:15 +0800] "GET /xingrg/all/function/internal_message.html?_=1676340032782&CODE_STATE=getMsg HTTP/1.1" 200 27
101.229.22.234 - - [14/Feb/2023:10:00:20 +0800] "GET /xingrg/all/function/internal_message.html?_=1676340036415&CODE_STATE=getMsg HTTP/1.1" 200 27
222.67.238.61 - - [14/Feb/2023:10:00:32 +0800] "GET /xingrg/all/function/internal_message.html?_=1676339613471&CODE_STATE=getMsg HTTP/1.1" 200 27
116.230.105.139 - - [14/Feb/2023:10:00:33 +0800] "GET /xingrg/all/function/internal_message.html?_=1676340037093&CODE_STATE=getMsg HTTP/1.1" 200 27
101.229.22.234 - - [14/Feb/2023:10:00:33 +0800] "POST /xingrg/dwr/call/plaincall/AjaxComOrderService.getMaterielSearchList.dwr HTTP/1.1" 200 485865
101.229.22.234 - - [14/Feb/2023:10:00:34 +0800] "POST /xingrg/dwr/call/plaincall/AjaxComOrderService.getMaterielSearchList.dwr HTTP/1.1" 200 1840
172.20.0.100 - - [14/Feb/2023:10:00:35 +0800] "GET /xingrg/all/function/internal_message.html?_=1676340050794&CODE_STATE=getMsg HTTP/1.1" 200 27
222.70.177.73 - - [14/Feb/2023:10:00:36 +0800] "GET /xingrg/all/function/internal_message.html?_=1676340051312&CODE_STATE=getMsg HTTP/1.1" 200 27
101.229.22.234 - - [14/Feb/2023:10:00:37 +0800] "POST /xingrg/dwr/call/plaincall/AjaxYddbService.getMaterielByMap.dwr HTTP/1.1" 200 1611
120.253.135.82 - - [14/Feb/2023:10:00:40 +0800] "GET /xingrg/all/function/internal_message.html?_=1676340182800&CODE_STATE=getMsg HTTP/1.1" 200 27
116.238.139.35 - - [14/Feb/2023:10:00:42 +0800] "GET /xingrg/all/function/internal_message.html?_=1676340060681&CODE_STATE=getMsg HTTP/1.1" 200 27
218.81.220.34 - - [14/Feb/2023:10:00:43 +0800] "GET /xingrg/all/function/internal_message.html?_=1676340065283&CODE_STATE=getMsg HTTP/1.1" 200 27
101.229.22.234 - - [14/Feb/2023:10:00:44 +0800] "POST /xingrg/dwr/call/plaincall/AjaxYddbService.saveMaterielItem.dwr HTTP/1.1" 200 79
114.83.222.182 - - [14/Feb/2023:10:00:44 +0800] "GET /xingrg/all/function/internal_message.html?_=1676340169431&CODE_STATE=getMsg HTTP/1.1" 200 27
180.169.147.146 - - [14/Feb/2023:10:00:45 +0800] "GET /xingrg/all/function/internal_message.html?_=1676340061773&CODE_STATE=getMsg HTTP/1.1" 200 27
116.237.79.73 - - [14/Feb/2023:10:00:46 +0800] "GET /xingrg/all/function/internal_message.html?_=1676340060569&CODE_STATE=getMsg HTTP/1.1" 200 27
180.163.29.212 - - [14/Feb/2023:10:00:47 +0800] "GET /xingrg/all/function/internal_message.html?_=1676340000594&CODE_STATE=getMsg HTTP/1.1" 302 -
180.163.29.212 - - [14/Feb/2023:10:00:47 +0800] "GET /xingrg/login.html HTTP/1.1" 200 7641
101.229.22.234 - - [14/Feb/2023:10:00:53 +0800] "POST /xingrg/dwr/call/plaincall/AjaxComOrderService.getMaterielSearchList.dwr HTTP/1.1" 200 557
101.229.22.234 - - [14/Feb/2023:10:00:54 +0800] "POST /xingrg/dwr/call/plaincall/AjaxComOrderService.getMaterielSearchList.dwr HTTP/1.1" 200 557
101.229.22.234 - - [14/Feb/2023:10:00:54 +0800] "POST /xingrg/dwr/call/plaincall/AjaxComOrderService.getMaterielSearchList.dwr HTTP/1.1" 200 557
101.229.22.234 - - [14/Feb/2023:10:00:55 +0800] "POST /xingrg/dwr/call/plaincall/AjaxYddbService.getMaterielByMap.dwr HTTP/1.1" 200 1564
221.239.170.112 - - [14/Feb/2023:10:01:02 +0800] "GET /xingrg/all/function/internal_message.html?_=1676340078649&CODE_STATE=getMsg HTTP/1.1" 200 27
101.229.22.234 - - [14/Feb/2023:10:01:08 +0800] "POST /xingrg/dwr/call/plaincall/AjaxYddbService.saveMaterielItem.dwr HTTP/1.1" 200 79
101.83.145.75 - - [14/Feb/2023:10:01:15 +0800] "GET /xingrg/all/function/internal_message.html?_=1676340092750&CODE_STATE=getMsg HTTP/1.1" 200 27
101.229.22.234 - - [14/Feb/2023:10:01:18 +0800] "POST /xingrg/dwr/call/plaincall/AjaxComOrderService.getMaterielSearchList.dwr HTTP/1.1" 200 23183
101.229.22.234 - - [14/Feb/2023:10:01:18 +0800] "POST /xingrg/dwr/call/plaincall/AjaxComOrderService.getMaterielSearchList.dwr HTTP/1.1" 200 1287
101.229.22.234 - - [14/Feb/2023:10:01:20 +0800] "GET /xingrg/all/function/internal_message.html?_=1676340096424&CODE_STATE=getMsg HTTP/1.1" 200 27
101.229.22.234 - - [14/Feb/2023:10:01:20 +0800] "GET /xingrg/check_reg.html?_=1676340096442 HTTP/1.1" 200 22
101.229.22.234 - - [14/Feb/2023:10:01:24 +0800] "POST /xingrg/dwr/call/plaincall/AjaxYddbService.getMaterielByMap.dwr HTTP/1.1" 200 1560
101.83.145.75 - - [14/Feb/2023:10:01:28 +0800] "GET /xingrg/kc/buy/cgsh_order_operate.html?command=get_materiel&rest_code=00105&code=00101012003&supplier_code=00100034&order_time=2023-02-14 HTTP/1.1" 200 413
101.229.22.234 - - [14/Feb/2023:10:01:31 +0800] "POST /xingrg/dwr/call/plaincall/AjaxYddbService.saveMaterielItem.dwr HTTP/1.1" 200 79
222.67.238.61 - - [14/Feb/2023:10:01:32 +0800] "GET /xingrg/all/function/internal_message.html?_=1676339673467&CODE_STATE=getMsg HTTP/1.1" 200 27
116.230.105.139 - - [14/Feb/2023:10:01:33 +0800] "GET /xingrg/all/function/internal_message.html?_=1676340097086&CODE_STATE=getMsg HTTP/1.1" 200 27
114.83.222.182 - - [14/Feb/2023:10:01:34 +0800] "GET /xingrg/check_reg.html?_=1676340219421 HTTP/1.1" 200 22
172.20.0.100 - - [14/Feb/2023:10:01:35 +0800] "GET /xingrg/all/function/internal_message.html?_=1676340110795&CODE_STATE=getMsg HTTP/1.1" 200 27
222.70.177.73 - - [14/Feb/2023:10:01:36 +0800] "GET /xingrg/all/function/internal_message.html?_=1676340111297&CODE_STATE=getMsg HTTP/1.1" 200 27
101.229.22.234 - - [14/Feb/2023:10:01:39 +0800] "POST /xingrg/dwr/call/plaincall/AjaxComOrderService.getMaterielSearchList.dwr HTTP/1.1" 200 831
120.253.135.82 - - [14/Feb/2023:10:01:40 +0800] "GET /xingrg/all/function/internal_message.html?_=1676340242805&CODE_STATE=getMsg HTTP/1.1" 200 27
101.229.22.234 - - [14/Feb/2023:10:01:42 +0800] "POST /xingrg/dwr/call/plaincall/AjaxYddbService.getMaterielByMap.dwr HTTP/1.1" 200 1568
218.81.220.34 - - [14/Feb/2023:10:01:42 +0800] "GET /xingrg/check_reg.html?_=1676340124289 HTTP/1.1" 200 22
116.238.139.35 - - [14/Feb/2023:10:01:42 +0800] "GET /xingrg/all/function/internal_message.html?_=1676340120682&CODE_STATE=getMsg HTTP/1.1" 200 27
116.237.79.73 - - [14/Feb/2023:10:01:43 +0800] "GET /xingrg/check_reg.html?_=1676340117039 HTTP/1.1" 200 22
218.81.220.34 - - [14/Feb/2023:10:01:43 +0800] "GET /xingrg/all/function/internal_message.html?_=1676340125295&CODE_STATE=getMsg HTTP/1.1" 200 27
114.83.222.182 - - [14/Feb/2023:10:01:44 +0800] "GET /xingrg/all/function/internal_message.html?_=1676340229418&CODE_STATE=getMsg HTTP/1.1" 200 27
180.169.147.146 - - [14/Feb/2023:10:01:45 +0800] "GET /xingrg/all/function/internal_message.html?_=1676340121749&CODE_STATE=getMsg HTTP/1.1" 200 27
116.237.79.73 - - [14/Feb/2023:10:01:46 +0800] "GET /xingrg/all/function/internal_message.html?_=1676340120555&CODE_STATE=getMsg HTTP/1.1" 200 27
180.163.28.143 - - [14/Feb/2023:10:01:46 +0800] "GET /xingrg/all/function/internal_message.html?_=1676340060569&CODE_STATE=getMsg HTTP/1.1" 302 -
180.163.28.143 - - [14/Feb/2023:10:01:49 +0800] "GET /xingrg/login.html HTTP/1.1" 200 7641
101.229.22.234 - - [14/Feb/2023:10:01:51 +0800] "POST /xingrg/dwr/call/plaincall/AjaxYddbService.saveMaterielItem.dwr HTTP/1.1" 200 79
101.229.22.234 - - [14/Feb/2023:10:01:56 +0800] "POST /xingrg/dwr/call/plaincall/AjaxComOrderService.getMaterielSearchList.dwr HTTP/1.1" 200 27951
101.229.22.234 - - [14/Feb/2023:10:01:57 +0800] "POST /xingrg/dwr/call/plaincall/AjaxComOrderService.getMaterielSearchList.dwr HTTP/1.1" 200 27951
101.83.145.75 - - [14/Feb/2023:10:02:02 +0800] "GET /xingrg/kc/buy/cgsh_order_operate.html?command=get_materiel&rest_code=00105&code=00101012051&supplier_code=00100034&order_time=2023-02-14 HTTP/1.1" 200 408
221.239.170.112 - - [14/Feb/2023:10:02:02 +0800] "GET /xingrg/all/function/internal_message.html?_=1676340138634&CODE_STATE=getMsg HTTP/1.1" 200 27
101.229.22.234 - - [14/Feb/2023:10:02:08 +0800] "POST /xingrg/dwr/call/plaincall/AjaxYddbService.getMaterielByMap.dwr HTTP/1.1" 200 1599
101.229.22.234 - - [14/Feb/2023:10:02:10 +0800] "POST /xingrg/dwr/call/plaincall/AjaxYddbService.getUnitPrice.dwr HTTP/1.1" 200 87
101.83.145.75 - - [14/Feb/2023:10:02:15 +0800] "GET /xingrg/all/function/internal_message.html?_=1676340152762&CODE_STATE=getMsg HTTP/1.1" 200 27
101.229.22.234 - - [14/Feb/2023:10:02:15 +0800] "POST /xingrg/dwr/call/plaincall/AjaxYddbService.saveMaterielItem.dwr HTTP/1.1" 200 79
101.229.22.234 - - [14/Feb/2023:10:02:20 +0800] "GET /xingrg/all/function/internal_message.html?_=1676340156409&CODE_STATE=getMsg HTTP/1.1" 200 27
101.229.22.234 - - [14/Feb/2023:10:02:20 +0800] "POST /xingrg/dwr/call/plaincall/AjaxComOrderService.getMaterielSearchList.dwr HTTP/1.1" 200 1260
101.229.22.234 - - [14/Feb/2023:10:02:23 +0800] "POST /xingrg/dwr/call/plaincall/AjaxYddbService.getMaterielByMap.dwr HTTP/1.1" 200 1618
101.83.145.75 - - [14/Feb/2023:10:02:25 +0800] "GET /xingrg/kc/buy/cgsh_order_operate.html?command=get_materiel&rest_code=00105&code=00101012029&supplier_code=00100034&order_time=2023-02-14 HTTP/1.1" 200 414
101.229.22.234 - - [14/Feb/2023:10:02:27 +0800] "POST /xingrg/dwr/call/plaincall/AjaxYddbService.saveMaterielItem.dwr HTTP/1.1" 200 79
222.67.238.61 - - [14/Feb/2023:10:02:32 +0800] "GET /xingrg/check_reg.html?_=1676339733470 HTTP/1.1" 200 22
222.67.238.61 - - [14/Feb/2023:10:02:32 +0800] "GET /xingrg/all/function/internal_message.html?_=1676339733472&CODE_STATE=getMsg HTTP/1.1" 200 27
116.230.105.139 - - [14/Feb/2023:10:02:33 +0800] "GET /xingrg/all/function/internal_message.html?_=1676340157084&CODE_STATE=getMsg HTTP/1.1" 200 27
101.229.22.234 - - [14/Feb/2023:10:02:35 +0800] "POST /xingrg/dwr/call/plaincall/AjaxComOrderService.getMaterielSearchList.dwr HTTP/1.1" 200 32943
172.20.0.100 - - [14/Feb/2023:10:02:35 +0800] "GET /xingrg/all/function/internal_message.html?_=1676340170797&CODE_STATE=getMsg HTTP/1.1" 200 27
101.229.22.234 - - [14/Feb/2023:10:02:36 +0800] "POST /xingrg/dwr/call/plaincall/AjaxComOrderService.getMaterielSearchList.dwr HTTP/1.1" 200 1962
222.70.177.73 - - [14/Feb/2023:10:02:36 +0800] "GET /xingrg/all/function/internal_message.html?_=1676340171282&CODE_STATE=getMsg HTTP/1.1" 200 27
101.229.22.234 - - [14/Feb/2023:10:02:37 +0800] "POST /xingrg/dwr/call/plaincall/AjaxComOrderService.getMaterielSearchList.dwr HTTP/1.1" 200 288
101.229.22.234 - - [14/Feb/2023:10:02:37 +0800] "POST /xingrg/dwr/call/plaincall/AjaxYddbService.getMaterielByMap.dwr HTTP/1.1" 200 1613
101.229.22.234 - - [14/Feb/2023:10:02:40 +0800] "POST /xingrg/dwr/call/plaincall/AjaxYddbService.getUnitPrice.dwr HTTP/1.1" 200 86
120.253.135.82 - - [14/Feb/2023:10:02:40 +0800] "GET /xingrg/all/function/internal_message.html?_=1676340302809&CODE_STATE=getMsg HTTP/1.1" 200 27
116.238.139.35 - - [14/Feb/2023:10:02:43 +0800] "GET /xingrg/all/function/internal_message.html?_=1676340180700&CODE_STATE=getMsg HTTP/1.1" 200 27
218.81.220.34 - - [14/Feb/2023:10:02:43 +0800] "GET /xingrg/all/function/internal_message.html?_=1676340185309&CODE_STATE=getMsg HTTP/1.1" 200 27
180.163.29.103 - - [14/Feb/2023:10:02:43 +0800] "GET /xingrg/check_reg.html?_=1676340117039 HTTP/1.1" 302 -
180.163.29.103 - - [14/Feb/2023:10:02:43 +0800] "GET /xingrg/login.html HTTP/1.1" 200 7641
114.83.222.182 - - [14/Feb/2023:10:02:44 +0800] "GET /xingrg/all/function/internal_message.html?_=1676340289395&CODE_STATE=getMsg HTTP/1.1" 200 27
180.169.147.146 - - [14/Feb/2023:10:02:45 +0800] "GET /xingrg/all/function/internal_message.html?_=1676340181752&CODE_STATE=getMsg HTTP/1.1" 200 27
180.169.147.146 - - [14/Feb/2023:10:02:45 +0800] "GET /xingrg/check_reg.html?_=1676340181755 HTTP/1.1" 200 22
116.237.79.73 - - [14/Feb/2023:10:02:46 +0800] "GET /xingrg/all/function/internal_message.html?_=1676340180540&CODE_STATE=getMsg HTTP/1.1" 200 27
101.83.145.75 - - [14/Feb/2023:10:02:50 +0800] "POST /xingrg/kc/buy/cgsh_order_operate.html HTTP/1.1" 200 37
101.229.22.234 - - [14/Feb/2023:10:02:51 +0800] "POST /xingrg/dwr/call/plaincall/AjaxYddbService.saveMaterielItem.dwr HTTP/1.1" 200 79
101.83.145.75 - - [14/Feb/2023:10:02:52 +0800] "POST /xingrg/kc/buy/cgsh_order_operate.html HTTP/1.1" 200 5637
101.83.145.75 - - [14/Feb/2023:10:02:54 +0800] "GET /xingrg/kc/print/load_data.html?order_code=212023021404381&kc_code=cgsh&condition= HTTP/1.1" 200 1863
221.239.170.112 - - [14/Feb/2023:10:03:02 +0800] "GET /xingrg/all/function/internal_message.html?_=1676340198614&CODE_STATE=getMsg HTTP/1.1" 200 27
101.83.145.75 - - [14/Feb/2023:10:03:15 +0800] "GET /xingrg/all/function/internal_message.html?_=1676340212721&CODE_STATE=getMsg HTTP/1.1" 200 27
101.83.145.75 - - [14/Feb/2023:10:03:15 +0800] "GET /xingrg/check_reg.html?_=1676340213336 HTTP/1.1" 200 22
221.239.170.112 - - [14/Feb/2023:10:03:16 +0800] "GET /xingrg/check_reg.html?_=1676340212959 HTTP/1.1" 200 22
101.229.22.234 - - [14/Feb/2023:10:03:20 +0800] "GET /xingrg/all/function/internal_message.html?_=1676340216419&CODE_STATE=getMsg HTTP/1.1" 200 27
116.238.139.35 - - [14/Feb/2023:10:03:28 +0800] "GET /xingrg/kc/base/yddb_order_list.html HTTP/1.1" 200 16749
116.238.139.35 - - [14/Feb/2023:10:03:29 +0800] "POST /xingrg/kc/base/yddb_list_operate.html HTTP/1.1" 200 636
116.238.139.35 - - [14/Feb/2023:10:03:30 +0800] "GET /xingrg/kc/base/yddb_order_add.html HTTP/1.1" 200 29953
116.238.139.35 - - [14/Feb/2023:10:03:30 +0800] "GET /xingrg/dwr/interface/AjaxComOrderService.js HTTP/1.1" 200 18264
116.238.139.35 - - [14/Feb/2023:10:03:30 +0800] "GET /xingrg/dwr/interface/AjaxYddbService.js HTTP/1.1" 200 13201
116.238.139.35 - - [14/Feb/2023:10:03:30 +0800] "GET /xingrg/dwr/engine.js HTTP/1.1" 200 43631
222.67.238.61 - - [14/Feb/2023:10:03:32 +0800] "GET /xingrg/all/function/internal_message.html?_=1676339793465&CODE_STATE=getMsg HTTP/1.1" 200 27
116.238.139.35 - - [14/Feb/2023:10:03:32 +0800] "POST /xingrg/dwr/call/plaincall/AjaxYddbService.getRestBases.dwr HTTP/1.1" 200 1616
116.230.105.139 - - [14/Feb/2023:10:03:33 +0800] "GET /xingrg/all/function/internal_message.html?_=1676340217076&CODE_STATE=getMsg HTTP/1.1" 200 27
172.20.0.100 - - [14/Feb/2023:10:03:35 +0800] "GET /xingrg/all/function/internal_message.html?_=1676340230799&CODE_STATE=getMsg HTTP/1.1" 200 27
222.70.177.73 - - [14/Feb/2023:10:03:36 +0800] "GET /xingrg/all/function/internal_message.html?_=1676340231267&CODE_STATE=getMsg HTTP/1.1" 200 27
101.83.145.75 - - [14/Feb/2023:10:03:36 +0800] "GET /xingrg/kc/buy/cgsh_order_add.html HTTP/1.1" 200 69921
101.83.145.75 - - [14/Feb/2023:10:03:36 +0800] "POST /xingrg/kc/buy/cgsh_order_operate.html HTTP/1.1" 200 8245
101.83.145.75 - - [14/Feb/2023:10:03:36 +0800] "GET /xingrg/javascript/easyui/themes/default/validatebox.css HTTP/1.1" 404 1104
116.238.139.35 - - [14/Feb/2023:10:03:40 +0800] "POST /xingrg/dwr/call/plaincall/AjaxYddbService.saveOrder.dwr HTTP/1.1" 200 78
116.238.139.35 - - [14/Feb/2023:10:03:40 +0800] "GET /xingrg/images/yd/bt.gif HTTP/1.1" 404 1040
120.253.135.82 - - [14/Feb/2023:10:03:40 +0800] "GET /xingrg/all/function/internal_message.html?_=1676340362819&CODE_STATE=getMsg HTTP/1.1" 200 27
120.253.135.82 - - [14/Feb/2023:10:03:40 +0800] "GET /xingrg/check_reg.html?_=1676340362821 HTTP/1.1" 200 22
116.238.139.35 - - [14/Feb/2023:10:03:42 +0800] "GET /xingrg/check_reg.html?_=1676340240691 HTTP/1.1" 200 22
116.238.139.35 - - [14/Feb/2023:10:03:42 +0800] "GET /xingrg/all/function/internal_message.html?_=1676340240696&CODE_STATE=getMsg HTTP/1.1" 200 27
218.81.220.34 - - [14/Feb/2023:10:03:43 +0800] "GET /xingrg/all/function/internal_message.html?_=1676340245323&CODE_STATE=getMsg HTTP/1.1" 200 27
116.238.139.35 - - [14/Feb/2023:10:03:43 +0800] "POST /xingrg/dwr/call/plaincall/AjaxComOrderService.getMaterielSearchList.dwr HTTP/1.1" 200 8751
116.238.139.35 - - [14/Feb/2023:10:03:44 +0800] "POST /xingrg/dwr/call/plaincall/AjaxComOrderService.getMaterielSearchList.dwr HTTP/1.1" 200 698
114.83.222.182 - - [14/Feb/2023:10:03:44 +0800] "GET /xingrg/all/function/internal_message.html?_=1676340349370&CODE_STATE=getMsg HTTP/1.1" 200 27
101.83.145.75 - - [14/Feb/2023:10:03:45 +0800] "GET /xingrg/kc/buy/cgsh_order_operate.html?command=get_materiel&rest_code=00105&code=00101002027&supplier_code=00100397&order_time=2023-02-14 HTTP/1.1" 200 413
180.169.147.146 - - [14/Feb/2023:10:03:45 +0800] "GET /xingrg/all/function/internal_message.html?_=1676340241761&CODE_STATE=getMsg HTTP/1.1" 200 27
116.237.79.73 - - [14/Feb/2023:10:03:46 +0800] "GET /xingrg/all/function/internal_message.html?_=1676340240515&CODE_STATE=getMsg HTTP/1.1" 200 27
116.238.139.35 - - [14/Feb/2023:10:03:46 +0800] "POST /xingrg/dwr/call/plaincall/AjaxYddbService.getMaterielByMap.dwr HTTP/1.1" 200 2333
180.163.28.143 - - [14/Feb/2023:10:03:47 +0800] "GET /xingrg/all/function/internal_message.html?_=1676340180540&CODE_STATE=getMsg HTTP/1.1" 302 -
180.163.28.143 - - [14/Feb/2023:10:03:47 +0800] "GET /xingrg/login.html HTTP/1.1" 200 7641
116.238.139.35 - - [14/Feb/2023:10:03:49 +0800] "POST /xingrg/dwr/call/plaincall/AjaxYddbService.saveMaterielItem.dwr HTTP/1.1" 200 78
116.192.124.172 - - [14/Feb/2023:10:03:51 +0800] "GET /xingrg/check_reg.html?_=1676340246612 HTTP/1.1" 302 -
101.83.145.75 - - [14/Feb/2023:10:03:54 +0800] "POST /xingrg/kc/buy/cgsh_order_operate.html HTTP/1.1" 200 37
116.238.139.35 - - [14/Feb/2023:10:03:55 +0800] "POST /xingrg/dwr/call/plaincall/AjaxComOrderService.getMaterielSearchList.dwr HTTP/1.1" 200 20898
116.238.139.35 - - [14/Feb/2023:10:03:56 +0800] "POST /xingrg/dwr/call/plaincall/AjaxComOrderService.getMaterielSearchList.dwr HTTP/1.1" 200 738
101.83.145.75 - - [14/Feb/2023:10:03:56 +0800] "POST /xingrg/kc/buy/cgsh_order_operate.html HTTP/1.1" 200 2661
101.83.145.75 - - [14/Feb/2023:10:03:58 +0800] "GET /xingrg/javascript/jquery_easy_ui/themes/default/images/tabs_active.png HTTP/1.1" 304 -
101.83.145.75 - - [14/Feb/2023:10:03:58 +0800] "GET /xingrg/kc/print/load_data.html?order_code=212023021404382&kc_code=cgsh&condition= HTTP/1.1" 200 674
116.238.139.35 - - [14/Feb/2023:10:03:58 +0800] "POST /xingrg/dwr/call/plaincall/AjaxYddbService.getMaterielByMap.dwr HTTP/1.1" 200 2368
116.238.139.35 - - [14/Feb/2023:10:04:01 +0800] "POST /xingrg/dwr/call/plaincall/AjaxYddbService.saveMaterielItem.dwr HTTP/1.1" 200 78
221.239.170.112 - - [14/Feb/2023:10:04:02 +0800] "GET /xingrg/all/function/internal_message.html?_=1676340258591&CODE_STATE=getMsg HTTP/1.1" 200 27
101.83.145.75 - - [14/Feb/2023:10:04:03 +0800] "GET /xingrg/kc/buy/cgsh_order_add.html HTTP/1.1" 200 69921
101.83.145.75 - - [14/Feb/2023:10:04:03 +0800] "POST /xingrg/kc/buy/cgsh_order_operate.html HTTP/1.1" 200 8245
101.83.145.75 - - [14/Feb/2023:10:04:03 +0800] "GET /xingrg/javascript/easyui/themes/default/validatebox.css HTTP/1.1" 404 1104
116.238.139.35 - - [14/Feb/2023:10:04:04 +0800] "POST /xingrg/dwr/call/plaincall/AjaxComOrderService.getMaterielSearchList.dwr HTTP/1.1" 200 34716
116.238.139.35 - - [14/Feb/2023:10:04:04 +0800] "POST /xingrg/dwr/call/plaincall/AjaxComOrderService.getMaterielSearchList.dwr HTTP/1.1" 200 1736
116.238.139.35 - - [14/Feb/2023:10:04:06 +0800] "POST /xingrg/dwr/call/plaincall/AjaxYddbService.getMaterielByMap.dwr HTTP/1.1" 200 2332
116.238.139.35 - - [14/Feb/2023:10:04:10 +0800] "POST /xingrg/dwr/call/plaincall/AjaxYddbService.saveMaterielItem.dwr HTTP/1.1" 200 79
101.83.145.75 - - [14/Feb/2023:10:04:13 +0800] "GET /xingrg/kc/buy/cgsh_order_operate.html?command=get_materiel&rest_code=00105&code=00101007072&supplier_code=00100002&order_time=2023-02-14 HTTP/1.1" 200 413
116.238.139.35 - - [14/Feb/2023:10:04:14 +0800] "POST /xingrg/dwr/call/plaincall/AjaxComOrderService.getMaterielSearchList.dwr HTTP/1.1" 200 2032
101.83.145.75 - - [14/Feb/2023:10:04:15 +0800] "GET /xingrg/all/function/internal_message.html?_=1676340272699&CODE_STATE=getMsg HTTP/1.1" 200 27
116.238.139.35 - - [14/Feb/2023:10:04:16 +0800] "POST /xingrg/dwr/call/plaincall/AjaxYddbService.getMaterielByMap.dwr HTTP/1.1" 200 2341
116.238.139.35 - - [14/Feb/2023:10:04:18 +0800] "GET /xingrg/images/yd/bt2.gif HTTP/1.1" 404 1042
116.238.139.35 - - [14/Feb/2023:10:04:20 +0800] "POST /xingrg/dwr/call/plaincall/AjaxYddbService.saveMaterielItem.dwr HTTP/1.1" 200 79
101.229.22.234 - - [14/Feb/2023:10:04:20 +0800] "GET /xingrg/all/function/internal_message.html?_=1676340276424&CODE_STATE=getMsg HTTP/1.1" 200 27
116.238.139.35 - - [14/Feb/2023:10:04:22 +0800] "POST /xingrg/dwr/call/plaincall/AjaxComOrderService.getMaterielSearchList.dwr HTTP/1.1" 200 1003
116.238.139.35 - - [14/Feb/2023:10:04:24 +0800] "POST /xingrg/dwr/call/plaincall/AjaxYddbService.getMaterielByMap.dwr HTTP/1.1" 200 2352
101.83.145.75 - - [14/Feb/2023:10:04:25 +0800] "GET /xingrg/kc/buy/cgsh_order_operate.html?command=get_materiel&rest_code=00105&code=00101007081&supplier_code=00100002&order_time=2023-02-14 HTTP/1.1" 200 413
116.238.139.35 - - [14/Feb/2023:10:04:28 +0800] "POST /xingrg/dwr/call/plaincall/AjaxYddbService.saveMaterielItem.dwr HTTP/1.1" 200 79
116.238.139.35 - - [14/Feb/2023:10:04:31 +0800] "POST /xingrg/dwr/call/plaincall/AjaxComOrderService.getMaterielSearchList.dwr HTTP/1.1" 200 25122
116.238.139.35 - - [14/Feb/2023:10:04:32 +0800] "POST /xingrg/dwr/call/plaincall/AjaxComOrderService.getMaterielSearchList.dwr HTTP/1.1" 200 1282
222.67.238.61 - - [14/Feb/2023:10:04:32 +0800] "GET /xingrg/all/function/internal_message.html?_=1676339853461&CODE_STATE=getMsg HTTP/1.1" 200 27
116.230.105.139 - - [14/Feb/2023:10:04:33 +0800] "GET /xingrg/all/function/internal_message.html?_=1676340277095&CODE_STATE=getMsg HTTP/1.1" 200 27
116.230.105.139 - - [14/Feb/2023:10:04:33 +0800] "GET /xingrg/check_reg.html?_=1676340277099 HTTP/1.1" 200 22
116.238.139.35 - - [14/Feb/2023:10:04:34 +0800] "POST /xingrg/dwr/call/plaincall/AjaxYddbService.getMaterielByMap.dwr HTTP/1.1" 200 2358
172.20.0.100 - - [14/Feb/2023:10:04:35 +0800] "GET /xingrg/check_reg.html?_=1676340290801 HTTP/1.1" 200 22
172.20.0.100 - - [14/Feb/2023:10:04:35 +0800] "GET /xingrg/all/function/internal_message.html?_=1676340290803&CODE_STATE=getMsg HTTP/1.1" 200 27
222.70.177.73 - - [14/Feb/2023:10:04:35 +0800] "GET /xingrg/check_reg.html?_=1676340290378 HTTP/1.1" 200 22
222.70.177.73 - - [14/Feb/2023:10:04:35 +0800] "GET /xingrg/all/function/internal_message.html?_=1676340291239&CODE_STATE=getMsg HTTP/1.1" 200 27
116.238.139.35 - - [14/Feb/2023:10:04:37 +0800] "POST /xingrg/dwr/call/plaincall/AjaxYddbService.saveMaterielItem.dwr HTTP/1.1" 200 79
116.238.139.35 - - [14/Feb/2023:10:04:39 +0800] "POST /xingrg/dwr/call/plaincall/AjaxComOrderService.getMaterielSearchList.dwr HTTP/1.1" 200 48886
116.238.139.35 - - [14/Feb/2023:10:04:40 +0800] "POST /xingrg/dwr/call/plaincall/AjaxComOrderService.getMaterielSearchList.dwr HTTP/1.1" 200 1095
101.229.22.234 - - [14/Feb/2023:10:04:40 +0800] "POST /xingrg/dwr/call/plaincall/AjaxYddbService.checkOrder.dwr HTTP/1.1" 200 79
120.253.135.82 - - [14/Feb/2023:10:04:40 +0800] "GET /xingrg/all/function/internal_message.html?_=1676340422824&CODE_STATE=getMsg HTTP/1.1" 200 27
116.238.139.35 - - [14/Feb/2023:10:04:42 +0800] "POST /xingrg/dwr/call/plaincall/AjaxYddbService.getMaterielByMap.dwr HTTP/1.1" 200 2333
101.229.22.234 - - [14/Feb/2023:10:04:42 +0800] "GET /xingrg/kc/base/yddb_order_info.html?code=482023021400075 HTTP/1.1" 200 28836
101.229.22.234 - - [14/Feb/2023:10:04:42 +0800] "GET /xingrg/dwr/interface/AjaxComOrderService.js HTTP/1.1" 200 18264
101.229.22.234 - - [14/Feb/2023:10:04:42 +0800] "GET /xingrg/dwr/interface/AjaxYddbService.js HTTP/1.1" 200 13201
101.229.22.234 - - [14/Feb/2023:10:04:42 +0800] "GET /xingrg/dwr/engine.js HTTP/1.1" 200 43631
116.238.139.35 - - [14/Feb/2023:10:04:42 +0800] "GET /xingrg/all/function/internal_message.html?_=1676340300687&CODE_STATE=getMsg HTTP/1.1" 200 27
218.81.220.34 - - [14/Feb/2023:10:04:43 +0800] "GET /xingrg/all/function/internal_message.html?_=1676340305400&CODE_STATE=getMsg HTTP/1.1" 200 27
101.229.22.234 - - [14/Feb/2023:10:04:43 +0800] "POST /xingrg/dwr/call/plaincall/AjaxYddbService.loadMaterielItems.dwr HTTP/1.1" 200 3699
114.83.222.182 - - [14/Feb/2023:10:04:44 +0800] "GET /xingrg/all/function/internal_message.html?_=1676340409361&CODE_STATE=getMsg HTTP/1.1" 200 27
116.238.139.35 - - [14/Feb/2023:10:04:45 +0800] "POST /xingrg/dwr/call/plaincall/AjaxYddbService.getUnitPrice.dwr HTTP/1.1" 200 86
180.169.147.146 - - [14/Feb/2023:10:04:45 +0800] "GET /xingrg/all/function/internal_message.html?_=1676340301756&CODE_STATE=getMsg HTTP/1.1" 200 27
180.163.29.79 - - [14/Feb/2023:10:04:46 +0800] "GET /xingrg/all/function/internal_message.html?_=1676340240515&CODE_STATE=getMsg HTTP/1.1" 302 -
180.163.29.79 - - [14/Feb/2023:10:04:46 +0800] "GET /xingrg/login.html HTTP/1.1" 200 7641
116.237.79.73 - - [14/Feb/2023:10:04:46 +0800] "GET /xingrg/all/function/internal_message.html?_=1676340300505&CODE_STATE=getMsg HTTP/1.1" 200 27
101.83.145.75 - - [14/Feb/2023:10:04:46 +0800] "GET /xingrg/kc/buy/cgsh_order_operate.html?command=get_materiel&rest_code=00105&code=00101007128&supplier_code=00100002&order_time=2023-02-14 HTTP/1.1" 200 406
116.238.139.35 - - [14/Feb/2023:10:04:47 +0800] "POST /xingrg/dwr/call/plaincall/AjaxYddbService.saveMaterielItem.dwr HTTP/1.1" 200 79
116.238.139.35 - - [14/Feb/2023:10:04:57 +0800] "POST /xingrg/dwr/call/plaincall/AjaxYddbService.checkOrder.dwr HTTP/1.1" 200 79
221.239.170.112 - - [14/Feb/2023:10:05:02 +0800] "GET /xingrg/all/function/internal_message.html?_=1676340318577&CODE_STATE=getMsg HTTP/1.1" 200 27
116.238.139.35 - - [14/Feb/2023:10:05:03 +0800] "GET /xingrg/kc/base/yddb_order_info.html?code=482023021400076 HTTP/1.1" 200 31266
116.238.139.35 - - [14/Feb/2023:10:05:04 +0800] "GET /xingrg/dwr/interface/AjaxComOrderService.js HTTP/1.1" 200 18264
116.238.139.35 - - [14/Feb/2023:10:05:04 +0800] "GET /xingrg/dwr/interface/AjaxYddbService.js HTTP/1.1" 200 13201
116.238.139.35 - - [14/Feb/2023:10:05:04 +0800] "GET /xingrg/dwr/engine.js HTTP/1.1" 200 43631
116.238.139.35 - - [14/Feb/2023:10:05:04 +0800] "POST /xingrg/dwr/call/plaincall/AjaxYddbService.loadMaterielItems.dwr HTTP/1.1" 200 2600
116.238.139.35 - - [14/Feb/2023:10:05:07 +0800] "POST /xingrg/dwr/call/plaincall/AjaxYddbService.saveOrder.dwr HTTP/1.1" 200 78
101.83.145.75 - - [14/Feb/2023:10:05:08 +0800] "POST /xingrg/kc/buy/cgsh_order_operate.html HTTP/1.1" 200 37
101.83.145.75 - - [14/Feb/2023:10:05:10 +0800] "POST /xingrg/kc/buy/cgsh_order_operate.html HTTP/1.1" 200 3840
101.83.145.75 - - [14/Feb/2023:10:05:12 +0800] "GET /xingrg/kc/print/load_data.html?order_code=212023021404383&kc_code=cgsh&condition= HTTP/1.1" 200 1193
116.238.139.35 - - [14/Feb/2023:10:05:13 +0800] "POST /xingrg/dwr/call/plaincall/AjaxYddbService.objCheckOrder.dwr HTTP/1.1" 200 78
101.83.145.75 - - [14/Feb/2023:10:05:15 +0800] "GET /xingrg/all/function/internal_message.html?_=1676340332671&CODE_STATE=getMsg HTTP/1.1" 200 27
116.238.139.35 - - [14/Feb/2023:10:05:15 +0800] "GET /xingrg/kc/base/yddb_order_info.html?code=482023021400076 HTTP/1.1" 200 31387
116.238.139.35 - - [14/Feb/2023:10:05:15 +0800] "GET /xingrg/dwr/interface/AjaxYddbService.js HTTP/1.1" 200 13201
116.238.139.35 - - [14/Feb/2023:10:05:15 +0800] "GET /xingrg/dwr/interface/AjaxComOrderService.js HTTP/1.1" 200 18264
116.238.139.35 - - [14/Feb/2023:10:05:15 +0800] "GET /xingrg/dwr/engine.js HTTP/1.1" 200 43631
116.238.139.35 - - [14/Feb/2023:10:05:16 +0800] "POST /xingrg/dwr/call/plaincall/AjaxYddbService.loadMaterielItems.dwr HTTP/1.1" 200 2600
