222.70.177.73 - - [12/Feb/2023:09:47:58 +0800] "GET /xingrg/dwr/engine.js HTTP/1.1" 200 43631
222.70.177.73 - - [12/Feb/2023:09:47:58 +0800] "GET /xingrg/dwr/interface/AjaxReportQueryService.js HTTP/1.1" 200 13203
222.70.177.73 - - [12/Feb/2023:09:47:58 +0800] "GET /xingrg/dwr/util.js HTTP/1.1" 304 -
58.221.95.50 - - [12/Feb/2023:09:48:01 +0800] "GET /xingrg/all/function/internal_message.html?_=1676166499136&CODE_STATE=getMsg HTTP/1.1" 200 27
101.83.145.75 - - [12/Feb/2023:09:48:02 +0800] "GET /xingrg/all/function/internal_message.html?_=1676166500354&CODE_STATE=getMsg HTTP/1.1" 200 27
222.70.177.73 - - [12/Feb/2023:09:48:03 +0800] "GET /xingrg/all/function/internal_message.html?_=1676166497650&CODE_STATE=getMsg HTTP/1.1" 200 27
116.230.105.139 - - [12/Feb/2023:09:48:04 +0800] "POST /xingrg/services/DataTransmitService HTTP/1.1" 200 524
58.40.7.146 - - [12/Feb/2023:09:48:04 +0800] "GET /xingrg/check_reg.html?_=1676166502165 HTTP/1.1" 200 22
218.81.220.34 - - [12/Feb/2023:09:48:06 +0800] "GET /xingrg/check_reg.html?_=1676166505671 HTTP/1.1" 200 22
180.169.147.146 - - [12/Feb/2023:09:48:07 +0800] "GET /xingrg/all/function/internal_message.html?_=1676166504798&CODE_STATE=getMsg HTTP/1.1" 200 27
124.78.154.177 - - [12/Feb/2023:09:48:08 +0800] "GET /xingrg/all/function/internal_message.html?_=1676166504841&CODE_STATE=getMsg HTTP/1.1" 200 27
222.70.177.73 - - [12/Feb/2023:09:48:09 +0800] "GET /xingrg/kc/mdqp/qqps_order_list.html?isQuery=1&timeSelect=1&orderTime=day&startTime=2023-02-09&endTime=2023-02-09&state=all&query=%C8%B7++%B6%A8 HTTP/1.1" 200 11818
222.70.177.73 - - [12/Feb/2023:09:48:09 +0800] "GET /xingrg/dwr/interface/AjaxReportQueryService.js HTTP/1.1" 200 13203
222.70.177.73 - - [12/Feb/2023:09:48:09 +0800] "GET /xingrg/dwr/interface/AjaxQqpsService.js HTTP/1.1" 200 16326
222.70.177.73 - - [12/Feb/2023:09:48:09 +0800] "GET /xingrg/dwr/engine.js HTTP/1.1" 200 43631
222.70.177.73 - - [12/Feb/2023:09:48:13 +0800] "GET /xingrg/kc/mdqp/qqps_order_info.html?code=302023020900157 HTTP/1.1" 200 26482
222.70.177.73 - - [12/Feb/2023:09:48:13 +0800] "GET /xingrg/dwr/interface/AjaxQqpsService.js HTTP/1.1" 200 16326
222.70.177.73 - - [12/Feb/2023:09:48:13 +0800] "GET /xingrg/dwr/interface/AjaxComOrderService.js HTTP/1.1" 200 18264
222.70.177.73 - - [12/Feb/2023:09:48:13 +0800] "GET /xingrg/dwr/engine.js HTTP/1.1" 200 43631
116.192.124.172 - - [12/Feb/2023:09:48:16 +0800] "GET /xingrg/all/function/internal_message.html?_=1676166514286&CODE_STATE=getMsg HTTP/1.1" 200 27
222.70.177.73 - - [12/Feb/2023:09:48:17 +0800] "POST /xingrg/dwr/call/plaincall/AjaxQqpsService.loadMaterielItems.dwr HTTP/1.1" 200 2666
222.70.177.73 - - [12/Feb/2023:09:48:24 +0800] "GET /xingrg/kc/mdqp/pssh_order_list.html HTTP/1.1" 200 17847
222.70.177.73 - - [12/Feb/2023:09:48:24 +0800] "POST /xingrg/kc/mdqp/pssh_list_operate.html HTTP/1.1" 200 5314
116.230.105.139 - - [12/Feb/2023:09:48:25 +0800] "GET /xingrg/all/function/internal_message.html?_=1676166515122&CODE_STATE=getMsg HTTP/1.1" 200 27
222.70.177.73 - - [12/Feb/2023:09:48:25 +0800] "POST /xingrg/kc/mdqp/pssh_list_operate.html HTTP/1.1" 200 259
222.70.177.73 - - [12/Feb/2023:09:48:26 +0800] "GET /xingrg/kc/mdqp/pssh_order_info.html?code=312023020800184 HTTP/1.1" 200 17272
222.70.177.73 - - [12/Feb/2023:09:48:26 +0800] "GET /xingrg/javascript/jquery_tools/jquery-1.4.2.min.js HTTP/1.1" 404 1094
222.70.177.73 - - [12/Feb/2023:09:48:27 +0800] "GET /xingrg/javascript/easyui/themes/default/validatebox.css HTTP/1.1" 404 1104
222.70.177.73 - - [12/Feb/2023:09:48:27 +0800] "GET /xingrg/all/common/auto_word.html?type=base&rest_code=00111&rest_code=00111 HTTP/1.1" 200 1753
222.70.177.73 - - [12/Feb/2023:09:48:27 +0800] "POST /xingrg/kc/mdqp/pssh_order_operate.html HTTP/1.1" 200 529
116.192.124.172 - - [12/Feb/2023:09:48:27 +0800] "GET /xingrg/all/function/internal_message.html?_=1676166525508&CODE_STATE=getMsg HTTP/1.1" 200 27
114.83.222.182 - - [12/Feb/2023:09:48:28 +0800] "GET /xingrg/all/function/internal_message.html?_=1676166633006&CODE_STATE=getMsg HTTP/1.1" 200 27
114.83.222.182 - - [12/Feb/2023:09:48:28 +0800] "GET /xingrg/check_reg.html?_=1676166633010 HTTP/1.1" 200 22
222.70.177.73 - - [12/Feb/2023:09:48:29 +0800] "POST /xingrg/all/common/load_combo.html?type=base&rest_code=00111 HTTP/1.1" 200 3142
116.238.139.35 - - [12/Feb/2023:09:48:32 +0800] "GET /xingrg/all/function/internal_message.html?_=1676166531660&CODE_STATE=getMsg HTTP/1.1" 200 27
222.70.177.73 - - [12/Feb/2023:09:48:34 +0800] "POST /xingrg/all/common/load_combo.html?type=employee HTTP/1.1" 200 277
222.70.177.73 - - [12/Feb/2023:09:48:38 +0800] "POST /xingrg/kc/mdqp/pssh_order_operate.html HTTP/1.1" 200 37
222.70.177.73 - - [12/Feb/2023:09:48:39 +0800] "POST /xingrg/kc/mdqp/pssh_order_operate.html HTTP/1.1" 200 529
222.70.177.73 - - [12/Feb/2023:09:48:43 +0800] "POST /xingrg/kc/mdqp/pssh_order_operate.html HTTP/1.1" 200 37
58.40.7.146 - - [12/Feb/2023:09:48:43 +0800] "GET /xingrg/all/function/internal_message.html?_=1676166540761&CODE_STATE=getMsg HTTP/1.1" 200 27
222.70.177.73 - - [12/Feb/2023:09:48:46 +0800] "POST /xingrg/kc/mdqp/pssh_order_operate.html HTTP/1.1" 200 12
222.70.177.73 - - [12/Feb/2023:09:48:48 +0800] "GET /xingrg/kc/mdqp/pssh_order_info.html?code=312023020800184 HTTP/1.1" 200 14388
222.70.177.73 - - [12/Feb/2023:09:48:48 +0800] "GET /xingrg/javascript/jquery_tools/jquery-1.4.2.min.js HTTP/1.1" 404 1094
222.70.177.73 - - [12/Feb/2023:09:48:48 +0800] "GET /xingrg/javascript/easyui/themes/default/validatebox.css HTTP/1.1" 404 1104
222.70.177.73 - - [12/Feb/2023:09:48:48 +0800] "POST /xingrg/kc/mdqp/pssh_order_operate.html HTTP/1.1" 200 529
116.192.124.172 - - [12/Feb/2023:09:48:49 +0800] "GET /xingrg/all/function/internal_message.html?_=1676166546083&CODE_STATE=getMsg HTTP/1.1" 200 27
222.70.177.73 - - [12/Feb/2023:09:48:50 +0800] "GET /xingrg/kc/print/load_config.html?kc_code=pssh HTTP/1.1" 200 2291
222.70.177.73 - - [12/Feb/2023:09:48:50 +0800] "GET /xingrg/kc/print/load_data.html?order_code=312023020800184&kc_code=pssh&condition= HTTP/1.1" 200 658
114.83.217.99 - - [12/Feb/2023:09:48:52 +0800] "GET /xingrg/all/function/internal_message.html?_=1676166550272&CODE_STATE=getMsg HTTP/1.1" 200 27
222.70.177.73 - - [12/Feb/2023:09:48:56 +0800] "GET /xingrg/kc/mdqp/pssh_order_list.html?isBack=1 HTTP/1.1" 200 17847
222.70.177.73 - - [12/Feb/2023:09:48:57 +0800] "POST /xingrg/kc/mdqp/pssh_list_operate.html HTTP/1.1" 200 5345
116.238.139.35 - - [12/Feb/2023:09:48:58 +0800] "GET /xingrg/all/function/internal_message.html?_=1676166483525&CODE_STATE=getMsg HTTP/1.1" 200 27
222.70.177.73 - - [12/Feb/2023:09:48:59 +0800] "POST /xingrg/kc/mdqp/pssh_list_operate.html HTTP/1.1" 200 790
222.70.177.73 - - [12/Feb/2023:09:49:00 +0800] "GET /xingrg/kc/mdqp/pssh_order_info.html?code=312023021000205 HTTP/1.1" 200 17297
222.70.177.73 - - [12/Feb/2023:09:49:00 +0800] "GET /xingrg/javascript/jquery_tools/jquery-1.4.2.min.js HTTP/1.1" 404 1094
222.70.177.73 - - [12/Feb/2023:09:49:00 +0800] "GET /xingrg/javascript/easyui/themes/default/validatebox.css HTTP/1.1" 404 1104
222.70.177.73 - - [12/Feb/2023:09:49:00 +0800] "POST /xingrg/kc/mdqp/pssh_order_operate.html HTTP/1.1" 200 10138
58.221.95.50 - - [12/Feb/2023:09:49:01 +0800] "GET /xingrg/all/function/internal_message.html?_=1676166559118&CODE_STATE=getMsg HTTP/1.1" 200 27
101.83.145.75 - - [12/Feb/2023:09:49:02 +0800] "GET /xingrg/all/function/internal_message.html?_=1676166560322&CODE_STATE=getMsg HTTP/1.1" 200 27
222.70.177.73 - - [12/Feb/2023:09:49:03 +0800] "GET /xingrg/all/function/internal_message.html?_=1676166557647&CODE_STATE=getMsg HTTP/1.1" 200 27
222.70.177.73 - - [12/Feb/2023:09:49:03 +0800] "GET /xingrg/check_reg.html?_=1676166557662 HTTP/1.1" 200 22
222.70.177.73 - - [12/Feb/2023:09:49:04 +0800] "POST /xingrg/all/common/load_combo.html?type=employee HTTP/1.1" 200 277
180.169.147.146 - - [12/Feb/2023:09:49:07 +0800] "GET /xingrg/check_reg.html?_=1676166564793 HTTP/1.1" 200 22
180.169.147.146 - - [12/Feb/2023:09:49:07 +0800] "GET /xingrg/all/function/internal_message.html?_=1676166564796&CODE_STATE=getMsg HTTP/1.1" 200 27
124.78.154.177 - - [12/Feb/2023:09:49:08 +0800] "GET /xingrg/all/function/internal_message.html?_=1676166564814&CODE_STATE=getMsg HTTP/1.1" 200 27
222.70.177.73 - - [12/Feb/2023:09:49:09 +0800] "POST /xingrg/kc/mdqp/pssh_order_operate.html HTTP/1.1" 200 37
222.70.177.73 - - [12/Feb/2023:09:49:14 +0800] "POST /xingrg/kc/mdqp/pssh_order_operate.html HTTP/1.1" 200 12
222.70.177.73 - - [12/Feb/2023:09:49:16 +0800] "GET /xingrg/kc/mdqp/pssh_order_info.html?code=312023021000205 HTTP/1.1" 200 14386
222.70.177.73 - - [12/Feb/2023:09:49:16 +0800] "GET /xingrg/javascript/jquery_tools/jquery-1.4.2.min.js HTTP/1.1" 404 1094
116.192.124.172 - - [12/Feb/2023:09:49:16 +0800] "GET /xingrg/all/function/internal_message.html?_=1676166574286&CODE_STATE=getMsg HTTP/1.1" 200 27
116.192.124.172 - - [12/Feb/2023:09:49:16 +0800] "GET /xingrg/check_reg.html?_=1676166574289 HTTP/1.1" 200 22
222.70.177.73 - - [12/Feb/2023:09:49:16 +0800] "GET /xingrg/javascript/easyui/themes/default/validatebox.css HTTP/1.1" 404 1104
222.70.177.73 - - [12/Feb/2023:09:49:16 +0800] "POST /xingrg/kc/mdqp/pssh_order_operate.html HTTP/1.1" 200 10138
222.70.177.73 - - [12/Feb/2023:09:49:22 +0800] "GET /xingrg/kc/print/load_data.html?order_code=312023021000205&kc_code=pssh&condition= HTTP/1.1" 200 4015
223.167.120.36 - - [12/Feb/2023:09:49:24 +0800] "GET /favicon.ico HTTP/1.1" 404 -
223.167.120.36 - - [12/Feb/2023:09:49:25 +0800] "GET /xingrg/login.html HTTP/1.1" 200 7641
223.167.120.36 - - [12/Feb/2023:09:49:25 +0800] "GET /xingrg/images/blue/jxLogo.png HTTP/1.1" 200 6156
116.230.105.139 - - [12/Feb/2023:09:49:25 +0800] "GET /xingrg/all/function/internal_message.html?_=1676166575136&CODE_STATE=getMsg HTTP/1.1" 200 27
223.167.120.36 - - [12/Feb/2023:09:49:26 +0800] "GET /xingrg/images/blue/login_bg.png HTTP/1.1" 200 22101
223.167.120.36 - - [12/Feb/2023:09:49:26 +0800] "GET /xingrg/images/blue/hj.png HTTP/1.1" 200 1014
223.167.120.36 - - [12/Feb/2023:09:49:26 +0800] "GET /xingrg/images/blue/srbg.png HTTP/1.1" 200 138
223.167.120.36 - - [12/Feb/2023:09:49:26 +0800] "GET /favicon.ico HTTP/1.1" 404 -
223.167.120.36 - - [12/Feb/2023:09:49:26 +0800] "GET /favicon.ico HTTP/1.1" 404 -
222.70.177.73 - - [12/Feb/2023:09:49:27 +0800] "GET /xingrg/kc/mdqp/pssh_order_list.html?isBack=1 HTTP/1.1" 200 17847
116.192.124.172 - - [12/Feb/2023:09:49:27 +0800] "GET /xingrg/all/function/internal_message.html?_=1676166585512&CODE_STATE=getMsg HTTP/1.1" 200 27
116.192.124.172 - - [12/Feb/2023:09:49:27 +0800] "GET /xingrg/check_reg.html?_=1676166585509 HTTP/1.1" 200 22
114.83.222.182 - - [12/Feb/2023:09:49:28 +0800] "GET /xingrg/all/function/internal_message.html?_=1676166693003&CODE_STATE=getMsg HTTP/1.1" 200 27
222.70.177.73 - - [12/Feb/2023:09:49:28 +0800] "POST /xingrg/kc/mdqp/pssh_list_operate.html HTTP/1.1" 200 5370
222.70.177.73 - - [12/Feb/2023:09:49:29 +0800] "POST /xingrg/kc/mdqp/pssh_list_operate.html HTTP/1.1" 200 663
222.70.177.73 - - [12/Feb/2023:09:49:30 +0800] "POST /xingrg/kc/mdqp/pssh_list_operate.html HTTP/1.1" 200 814
222.70.177.73 - - [12/Feb/2023:09:49:30 +0800] "GET /xingrg/kc/mdqp/pssh_order_info.html?code=312023021000204 HTTP/1.1" 200 17295
222.70.177.73 - - [12/Feb/2023:09:49:30 +0800] "GET /xingrg/javascript/jquery_tools/jquery-1.4.2.min.js HTTP/1.1" 404 1094
222.70.177.73 - - [12/Feb/2023:09:49:30 +0800] "GET /xingrg/javascript/easyui/themes/default/validatebox.css HTTP/1.1" 404 1104
222.70.177.73 - - [12/Feb/2023:09:49:30 +0800] "POST /xingrg/kc/mdqp/pssh_order_operate.html HTTP/1.1" 200 2677
116.238.139.35 - - [12/Feb/2023:09:49:32 +0800] "GET /xingrg/all/function/internal_message.html?_=1676166591635&CODE_STATE=getMsg HTTP/1.1" 200 27
116.238.139.35 - - [12/Feb/2023:09:49:32 +0800] "GET /xingrg/check_reg.html?_=1676166591717 HTTP/1.1" 200 22
222.70.177.73 - - [12/Feb/2023:09:49:33 +0800] "POST /xingrg/all/common/load_combo.html?type=employee HTTP/1.1" 200 277
223.167.120.36 - - [12/Feb/2023:09:49:33 +0800] "GET /favicon.ico HTTP/1.1" 404 -
223.167.120.36 - - [12/Feb/2023:09:49:35 +0800] "GET /xingrg/login.html HTTP/1.1" 200 7641
223.167.120.36 - - [12/Feb/2023:09:49:38 +0800] "GET /favicon.ico HTTP/1.1" 404 -
222.70.177.73 - - [12/Feb/2023:09:49:39 +0800] "POST /xingrg/kc/mdqp/pssh_order_operate.html HTTP/1.1" 200 37
223.167.120.36 - - [12/Feb/2023:09:49:41 +0800] "GET /xingrg/login.html HTTP/1.1" 200 7641
223.167.120.36 - - [12/Feb/2023:09:49:42 +0800] "GET /favicon.ico HTTP/1.1" 404 -
222.70.177.73 - - [12/Feb/2023:09:49:43 +0800] "POST /xingrg/kc/mdqp/pssh_order_operate.html HTTP/1.1" 200 12
58.40.7.146 - - [12/Feb/2023:09:49:43 +0800] "GET /xingrg/all/function/internal_message.html?_=1676166600731&CODE_STATE=getMsg HTTP/1.1" 200 27
223.167.120.36 - - [12/Feb/2023:09:49:44 +0800] "POST /xingrg/login.do HTTP/1.1" 302 -
223.167.120.36 - - [12/Feb/2023:09:49:44 +0800] "GET /xingrg/index.html?sysBaseUrl=http%3A%2F%2F180.169.147.146%3A18081%2Fxingrg%2F&costTime=1598×tamp=1676166584767 HTTP/1.1" 200 17503
223.167.120.36 - - [12/Feb/2023:09:49:44 +0800] "GET /xingrg/javascript/jquery.utils.js HTTP/1.1" 200 11805
223.167.120.36 - - [12/Feb/2023:09:49:45 +0800] "GET /favicon.ico HTTP/1.1" 404 -
223.167.120.36 - - [12/Feb/2023:09:49:45 +0800] "GET /xingrg/javascript/jquery_easy_ui/themes/default/easyui.css HTTP/1.1" 200 26500
223.167.120.36 - - [12/Feb/2023:09:49:45 +0800] "GET /xingrg/javascript/jquery_easy_ui/themes/icon.css HTTP/1.1" 200 3949
223.167.120.36 - - [12/Feb/2023:09:49:45 +0800] "GET /xingrg/javascript/jquery-1.4.2.min.js HTTP/1.1" 200 72205
223.167.120.36 - - [12/Feb/2023:09:49:45 +0800] "GET /xingrg/css/form.css HTTP/1.1" 200 893
222.70.177.73 - - [12/Feb/2023:09:49:45 +0800] "GET /xingrg/kc/mdqp/pssh_order_info.html?code=312023021000204 HTTP/1.1" 200 14384
223.167.120.36 - - [12/Feb/2023:09:49:45 +0800] "GET /xingrg/javascript/jquery_easy_ui/jquery.easyui.min.js HTTP/1.1" 200 213662
223.167.120.36 - - [12/Feb/2023:09:49:45 +0800] "GET /xingrg/javascript/jquery.form.js HTTP/1.1" 200 23110
222.70.177.73 - - [12/Feb/2023:09:49:45 +0800] "GET /xingrg/javascript/jquery_tools/jquery-1.4.2.min.js HTTP/1.1" 404 1094
223.167.120.36 - - [12/Feb/2023:09:49:45 +0800] "GET /xingrg/javascript/jquery_easy_ui/easyui-lang-zh_CN.js HTTP/1.1" 200 1900
223.167.120.36 - - [12/Feb/2023:09:49:45 +0800] "GET /xingrg/javascript/jquery.timers.js HTTP/1.1" 200 3532
223.167.120.36 - - [12/Feb/2023:09:49:45 +0800] "GET /xingrg/javascript/jquery_easy_ui/themes/icons/settle_new.png HTTP/1.1" 200 826
223.167.120.36 - - [12/Feb/2023:09:49:45 +0800] "GET /xingrg/images/blue/navBackgound.jpg HTTP/1.1" 200 12378
222.70.177.73 - - [12/Feb/2023:09:49:45 +0800] "GET /xingrg/javascript/easyui/themes/default/validatebox.css HTTP/1.1" 404 1104
223.167.120.36 - - [12/Feb/2023:09:49:45 +0800] "GET /xingrg/check_reg.html?_=1676166602274 HTTP/1.1" 200 22
223.167.120.36 - - [12/Feb/2023:09:49:45 +0800] "GET /xingrg/images/blue/pingpu.png HTTP/1.1" 200 231
223.167.120.36 - - [12/Feb/2023:09:49:45 +0800] "GET /xingrg/javascript/jquery_easy_ui/themes/default/images/tabs_leftarrow.png HTTP/1.1" 200 389
223.167.120.36 - - [12/Feb/2023:09:49:45 +0800] "GET /xingrg/javascript/jquery_easy_ui/themes/default/images/tabs_rightarrow.png HTTP/1.1" 200 395
223.167.120.36 - - [12/Feb/2023:09:49:45 +0800] "GET /xingrg/javascript/jquery_easy_ui/themes/default/images/panel_tool_collapse.gif HTTP/1.1" 200 246
223.167.120.36 - - [12/Feb/2023:09:49:45 +0800] "GET /xingrg/javascript/jquery_easy_ui/themes/default/images/panel_tool_expand.gif HTTP/1.1" 200 247
223.167.120.36 - - [12/Feb/2023:09:49:45 +0800] "POST /xingrg/all/common/load_tree.html?tree=area_rest_tree_json&manage=1 HTTP/1.1" 200 3499
223.167.120.36 - - [12/Feb/2023:09:49:45 +0800] "GET /xingrg/all/function/internal_message.html?_=1676166602271&CODE_STATE=count HTTP/1.1" 200 11
223.167.120.36 - - [12/Feb/2023:09:49:45 +0800] "POST /xingrg/load_menu.html HTTP/1.1" 200 11564
222.70.177.73 - - [12/Feb/2023:09:49:45 +0800] "POST /xingrg/kc/mdqp/pssh_order_operate.html HTTP/1.1" 200 2677
223.167.120.36 - - [12/Feb/2023:09:49:46 +0800] "GET /xingrg/javascript/jquery_easy_ui/themes/default/images/tree_arrows.gif HTTP/1.1" 200 1043
223.167.120.36 - - [12/Feb/2023:09:49:46 +0800] "GET /xingrg/javascript/jquery_easy_ui/themes/default/images/tree_folder_open.gif HTTP/1.1" 200 956
223.167.120.36 - - [12/Feb/2023:09:49:46 +0800] "GET /xingrg/javascript/jquery_easy_ui/themes/icons/search_new.png HTTP/1.1" 200 586
223.167.120.36 - - [12/Feb/2023:09:49:46 +0800] "GET /xingrg/javascript/jquery_easy_ui/themes/icons/delivery_new.png HTTP/1.1" 200 700
223.167.120.36 - - [12/Feb/2023:09:49:46 +0800] "GET /xingrg/javascript/jquery_easy_ui/themes/icons/storage_new.png HTTP/1.1" 200 853
223.167.120.36 - - [12/Feb/2023:09:49:46 +0800] "GET /xingrg/javascript/jquery_easy_ui/themes/icons/checkout_new.png HTTP/1.1" 200 744
223.167.120.36 - - [12/Feb/2023:09:49:46 +0800] "GET /xingrg/javascript/jquery_easy_ui/themes/icons/setting_new.png HTTP/1.1" 200 450
223.167.120.36 - - [12/Feb/2023:09:49:46 +0800] "GET /xingrg/javascript/jquery_easy_ui/themes/icons/forms_new.png HTTP/1.1" 200 350
223.167.120.36 - - [12/Feb/2023:09:49:46 +0800] "GET /xingrg/javascript/jquery_easy_ui/themes/icons/systemset_new.png HTTP/1.1" 200 606
223.167.120.36 - - [12/Feb/2023:09:49:46 +0800] "GET /xingrg/javascript/jquery_easy_ui/themes/default/images/tree_file.gif HTTP/1.1" 200 118
223.167.120.36 - - [12/Feb/2023:09:49:46 +0800] "GET /xingrg/javascript/jquery_easy_ui/themes/default/images/tree_folder.gif HTTP/1.1" 200 952
223.167.120.36 - - [12/Feb/2023:09:49:47 +0800] "GET /xingrg/javascript/jquery_easy_ui/themes/icons/area.png HTTP/1.1" 200 262
223.167.120.36 - - [12/Feb/2023:09:49:47 +0800] "GET /xingrg/javascript/jquery_easy_ui/themes/icons/manage.png HTTP/1.1" 200 696
223.167.120.36 - - [12/Feb/2023:09:49:47 +0800] "GET /xingrg/javascript/jquery_easy_ui/themes/icons/rest.png HTTP/1.1" 200 695
222.70.177.73 - - [12/Feb/2023:09:49:47 +0800] "GET /xingrg/kc/print/load_data.html?order_code=312023021000204&kc_code=pssh&condition= HTTP/1.1" 200 1442
223.167.120.36 - - [12/Feb/2023:09:49:47 +0800] "GET /xingrg/javascript/jquery_easy_ui/themes/default/images/button_span_bg.gif HTTP/1.1" 200 2061
223.167.120.36 - - [12/Feb/2023:09:49:47 +0800] "GET /xingrg/javascript/jquery_easy_ui/themes/default/images/button_a_bg.gif HTTP/1.1" 200 1194
223.167.120.36 - - [12/Feb/2023:09:49:47 +0800] "GET /xingrg/javascript/jquery_easy_ui/themes/icons/ok.png HTTP/1.1" 200 883
223.167.120.36 - - [12/Feb/2023:09:49:47 +0800] "GET /xingrg/javascript/jquery_easy_ui/themes/default/images/panel_title.png HTTP/1.1" 200 266
223.167.120.36 - - [12/Feb/2023:09:49:47 +0800] "GET /xingrg/javascript/jquery_easy_ui/themes/default/images/panel_tools.gif HTTP/1.1" 200 737
116.192.124.172 - - [12/Feb/2023:09:49:49 +0800] "GET /xingrg/check_reg.html?_=1676166606095 HTTP/1.1" 200 22
116.192.124.172 - - [12/Feb/2023:09:49:49 +0800] "GET /xingrg/all/function/internal_message.html?_=1676166606099&CODE_STATE=getMsg HTTP/1.1" 200 27
223.167.120.36 - - [12/Feb/2023:09:49:50 +0800] "GET /xingrg/images/control/ajaxLoader.gif HTTP/1.1" 200 4659
223.167.120.36 - - [12/Feb/2023:09:49:50 +0800] "POST /xingrg/all/user/operate.html HTTP/1.1" 200 36
223.167.120.36 - - [12/Feb/2023:09:49:51 +0800] "GET /xingrg/javascript/jquery_easy_ui/themes/default/easyui.css HTTP/1.1" 304 -
223.167.120.36 - - [12/Feb/2023:09:49:51 +0800] "GET /xingrg/javascript/jquery_easy_ui/themes/icon.css HTTP/1.1" 304 -
223.167.120.36 - - [12/Feb/2023:09:49:51 +0800] "GET /xingrg/css/form.css HTTP/1.1" 304 -
223.167.120.36 - - [12/Feb/2023:09:49:51 +0800] "GET /xingrg/index.html?sysBaseUrl=http%3A%2F%2F180.169.147.146%3A18081%2Fxingrg%2F&costTime=1598×tamp=1676166584767 HTTP/1.1" 200 17507
223.167.120.36 - - [12/Feb/2023:09:49:51 +0800] "GET /xingrg/javascript/jquery-1.4.2.min.js HTTP/1.1" 304 -
223.167.120.36 - - [12/Feb/2023:09:49:51 +0800] "GET /xingrg/javascript/jquery_easy_ui/jquery.easyui.min.js HTTP/1.1" 304 -
223.167.120.36 - - [12/Feb/2023:09:49:51 +0800] "GET /xingrg/javascript/jquery_easy_ui/easyui-lang-zh_CN.js HTTP/1.1" 304 -
223.167.120.36 - - [12/Feb/2023:09:49:51 +0800] "GET /xingrg/javascript/jquery.form.js HTTP/1.1" 304 -
223.167.120.36 - - [12/Feb/2023:09:49:51 +0800] "GET /xingrg/javascript/jquery.utils.js HTTP/1.1" 304 -
223.167.120.36 - - [12/Feb/2023:09:49:51 +0800] "GET /xingrg/javascript/jquery.timers.js HTTP/1.1" 304 -
223.167.120.36 - - [12/Feb/2023:09:49:51 +0800] "GET /xingrg/images/blue/jxLogo.png HTTP/1.1" 304 -
223.167.120.36 - - [12/Feb/2023:09:49:51 +0800] "GET /xingrg/images/blue/navBackgound.jpg HTTP/1.1" 304 -
223.167.120.36 - - [12/Feb/2023:09:49:51 +0800] "GET /xingrg/javascript/jquery_easy_ui/themes/icons/settle_new.png HTTP/1.1" 304 -
223.167.120.36 - - [12/Feb/2023:09:49:51 +0800] "GET /xingrg/check_reg.html?_=1676166608234 HTTP/1.1" 200 22
223.167.120.36 - - [12/Feb/2023:09:49:51 +0800] "GET /xingrg/all/function/internal_message.html?_=1676166608231&CODE_STATE=count HTTP/1.1" 200 11
223.167.120.36 - - [12/Feb/2023:09:49:51 +0800] "GET /xingrg/javascript/jquery_easy_ui/themes/default/images/panel_tool_expand.gif HTTP/1.1" 304 -
223.167.120.36 - - [12/Feb/2023:09:49:51 +0800] "GET /xingrg/javascript/jquery_easy_ui/themes/default/images/tabs_leftarrow.png HTTP/1.1" 304 -
223.167.120.36 - - [12/Feb/2023:09:49:51 +0800] "GET /xingrg/javascript/jquery_easy_ui/themes/default/images/panel_tool_collapse.gif HTTP/1.1" 304 -
223.167.120.36 - - [12/Feb/2023:09:49:51 +0800] "GET /xingrg/images/blue/pingpu.png HTTP/1.1" 304 -
223.167.120.36 - - [12/Feb/2023:09:49:51 +0800] "GET /xingrg/javascript/jquery_easy_ui/themes/default/images/tabs_rightarrow.png HTTP/1.1" 304 -
223.167.120.36 - - [12/Feb/2023:09:49:51 +0800] "POST /xingrg/all/common/load_tree.html?tree=area_rest_tree_json&manage=1 HTTP/1.1" 200 3499
223.167.120.36 - - [12/Feb/2023:09:49:51 +0800] "POST /xingrg/load_menu.html HTTP/1.1" 200 9959
222.70.177.73 - - [12/Feb/2023:09:49:52 +0800] "GET /xingrg/kc/mdqp/pssh_order_list.html?isBack=1 HTTP/1.1" 200 17847
114.83.217.99 - - [12/Feb/2023:09:49:52 +0800] "GET /xingrg/all/function/internal_message.html?_=1676166610286&CODE_STATE=getMsg HTTP/1.1" 200 27
222.70.177.73 - - [12/Feb/2023:09:49:53 +0800] "POST /xingrg/kc/mdqp/pssh_list_operate.html HTTP/1.1" 200 5395
223.167.120.36 - - [12/Feb/2023:09:49:55 +0800] "POST /xingrg/all/user/operate.html HTTP/1.1" 200 36
222.70.177.73 - - [12/Feb/2023:09:49:55 +0800] "POST /xingrg/kc/mdqp/pssh_list_operate.html HTTP/1.1" 200 570
223.167.120.36 - - [12/Feb/2023:09:49:55 +0800] "GET /xingrg/javascript/jquery_easy_ui/themes/default/easyui.css HTTP/1.1" 304 -
223.167.120.36 - - [12/Feb/2023:09:49:55 +0800] "GET /xingrg/javascript/jquery_easy_ui/themes/icon.css HTTP/1.1" 304 -
223.167.120.36 - - [12/Feb/2023:09:49:55 +0800] "GET /xingrg/css/form.css HTTP/1.1" 304 -
223.167.120.36 - - [12/Feb/2023:09:49:55 +0800] "GET /xingrg/javascript/jquery-1.4.2.min.js HTTP/1.1" 304 -
223.167.120.36 - - [12/Feb/2023:09:49:55 +0800] "GET /xingrg/index.html?sysBaseUrl=http%3A%2F%2F180.169.147.146%3A18081%2Fxingrg%2F&costTime=1598×tamp=1676166584767 HTTP/1.1" 200 17509
223.167.120.36 - - [12/Feb/2023:09:49:55 +0800] "GET /xingrg/javascript/jquery_easy_ui/jquery.easyui.min.js HTTP/1.1" 304 -
223.167.120.36 - - [12/Feb/2023:09:49:55 +0800] "GET /xingrg/javascript/jquery_easy_ui/easyui-lang-zh_CN.js HTTP/1.1" 304 -
223.167.120.36 - - [12/Feb/2023:09:49:55 +0800] "GET /xingrg/javascript/jquery.form.js HTTP/1.1" 304 -
223.167.120.36 - - [12/Feb/2023:09:49:55 +0800] "GET /xingrg/javascript/jquery.utils.js HTTP/1.1" 304 -
101.83.145.75 - - [12/Feb/2023:09:49:55 +0800] "GET /xingrg/kc/buy/cgsh_order_add.html HTTP/1.1" 200 69921
223.167.120.36 - - [12/Feb/2023:09:49:55 +0800] "GET /xingrg/javascript/jquery.timers.js HTTP/1.1" 304 -
223.167.120.36 - - [12/Feb/2023:09:49:55 +0800] "GET /xingrg/images/blue/jxLogo.png HTTP/1.1" 304 -
223.167.120.36 - - [12/Feb/2023:09:49:55 +0800] "GET /xingrg/images/blue/navBackgound.jpg HTTP/1.1" 304 -
223.167.120.36 - - [12/Feb/2023:09:49:55 +0800] "GET /xingrg/javascript/jquery_easy_ui/themes/icons/settle_new.png HTTP/1.1" 304 -
223.167.120.36 - - [12/Feb/2023:09:49:55 +0800] "GET /xingrg/all/function/internal_message.html?_=1676166612588&CODE_STATE=count HTTP/1.1" 200 11
223.167.120.36 - - [12/Feb/2023:09:49:55 +0800] "GET /xingrg/javascript/jquery_easy_ui/themes/default/images/panel_tool_collapse.gif HTTP/1.1" 304 -
223.167.120.36 - - [12/Feb/2023:09:49:55 +0800] "GET /xingrg/check_reg.html?_=1676166612591 HTTP/1.1" 200 22
223.167.120.36 - - [12/Feb/2023:09:49:55 +0800] "GET /xingrg/javascript/jquery_easy_ui/themes/default/images/tabs_leftarrow.png HTTP/1.1" 304 -
223.167.120.36 - - [12/Feb/2023:09:49:55 +0800] "GET /xingrg/javascript/jquery_easy_ui/themes/default/images/panel_tool_expand.gif HTTP/1.1" 304 -
223.167.120.36 - - [12/Feb/2023:09:49:55 +0800] "GET /xingrg/images/blue/pingpu.png HTTP/1.1" 304 -
223.167.120.36 - - [12/Feb/2023:09:49:55 +0800] "GET /xingrg/javascript/jquery_easy_ui/themes/default/images/tabs_rightarrow.png HTTP/1.1" 304 -
223.167.120.36 - - [12/Feb/2023:09:49:55 +0800] "POST /xingrg/all/common/load_tree.html?tree=area_rest_tree_json&manage=1 HTTP/1.1" 200 3499
101.83.145.75 - - [12/Feb/2023:09:49:55 +0800] "POST /xingrg/kc/buy/cgsh_order_operate.html HTTP/1.1" 200 8245
223.167.120.36 - - [12/Feb/2023:09:49:56 +0800] "POST /xingrg/load_menu.html HTTP/1.1" 200 9959
101.83.145.75 - - [12/Feb/2023:09:49:56 +0800] "GET /xingrg/javascript/easyui/themes/default/validatebox.css HTTP/1.1" 404 1104
223.167.120.36 - - [12/Feb/2023:09:49:56 +0800] "GET /xingrg/javascript/jquery_easy_ui/themes/default/images/tabs_close.gif HTTP/1.1" 200 829
223.167.120.36 - - [12/Feb/2023:09:49:56 +0800] "GET /xingrg/kc/report/report_main.html HTTP/1.1" 200 7340
223.167.120.36 - - [12/Feb/2023:09:49:56 +0800] "GET /xingrg/javascript/pic_change.js HTTP/1.1" 200 4739
223.167.120.36 - - [12/Feb/2023:09:49:56 +0800] "GET /xingrg/css/blue.css HTTP/1.1" 200 15949
223.167.120.36 - - [12/Feb/2023:09:49:56 +0800] "GET /xingrg/javascript/myfunction.js HTTP/1.1" 200 24559
223.167.120.36 - - [12/Feb/2023:09:49:56 +0800] "GET /xingrg/javascript/json2.js HTTP/1.1" 200 11259
223.167.120.36 - - [12/Feb/2023:09:49:56 +0800] "GET /xingrg/javascript/jquery_ui/themes/humanity/humanity.css HTTP/1.1" 200 27801
223.167.120.36 - - [12/Feb/2023:09:49:57 +0800] "GET /xingrg/javascript/jquery_easy_ui/themes/icons/back_new.png HTTP/1.1" 200 3414
222.70.177.73 - - [12/Feb/2023:09:49:57 +0800] "POST /xingrg/kc/mdqp/pssh_list_operate.html HTTP/1.1" 200 814
222.70.177.73 - - [12/Feb/2023:09:49:57 +0800] "GET /xingrg/kc/mdqp/pssh_order_info.html?code=312023021000206 HTTP/1.1" 200 17293
222.70.177.73 - - [12/Feb/2023:09:49:57 +0800] "GET /xingrg/javascript/jquery_tools/jquery-1.4.2.min.js HTTP/1.1" 404 1094
222.70.177.73 - - [12/Feb/2023:09:49:57 +0800] "GET /xingrg/javascript/easyui/themes/default/validatebox.css HTTP/1.1" 404 1104
222.70.177.73 - - [12/Feb/2023:09:49:57 +0800] "POST /xingrg/kc/mdqp/pssh_order_operate.html HTTP/1.1" 200 2107
223.167.120.36 - - [12/Feb/2023:09:49:57 +0800] "GET /xingrg/kc/base/crk_hz.html HTTP/1.1" 200 11247
223.167.120.36 - - [12/Feb/2023:09:49:57 +0800] "GET /xingrg/css/table.css HTTP/1.1" 200 3684
223.167.120.36 - - [12/Feb/2023:09:49:57 +0800] "GET /xingrg/javascript/step/step.css HTTP/1.1" 200 999
116.238.139.35 - - [12/Feb/2023:09:49:58 +0800] "GET /xingrg/all/function/internal_message.html?_=1676166543526&CODE_STATE=getMsg HTTP/1.1" 200 27
223.167.120.36 - - [12/Feb/2023:09:49:58 +0800] "GET /xingrg/javascript/jquery_easy_ui/themes/default/images/menu_downarrow.png HTTP/1.1" 200 173
223.167.120.36 - - [12/Feb/2023:09:49:58 +0800] "GET /xingrg/javascript/jquery_easy_ui/themes/icons/print.png HTTP/1.1" 200 1057
223.167.120.36 - - [12/Feb/2023:09:49:58 +0800] "GET /xingrg/javascript/jquery_easy_ui/themes/icons/search.png HTTP/1.1" 200 813
223.167.120.36 - - [12/Feb/2023:09:49:58 +0800] "GET /xingrg/javascript/jquery_easy_ui/themes/default/images/menu.gif HTTP/1.1" 200 834
223.167.120.36 - - [12/Feb/2023:09:49:58 +0800] "GET /xingrg/javascript/jquery_easy_ui/themes/default/images/combo_arrow_dot.gif HTTP/1.1" 200 79
223.167.120.36 - - [12/Feb/2023:09:49:58 +0800] "GET /xingrg/javascript/jquery_easy_ui/themes/default/images/calendar_nextmonth.gif HTTP/1.1" 200 64
223.167.120.36 - - [12/Feb/2023:09:49:58 +0800] "GET /xingrg/javascript/jquery_easy_ui/themes/default/images/calendar_prevmonth.gif HTTP/1.1" 200 66
223.167.120.36 - - [12/Feb/2023:09:49:58 +0800] "GET /xingrg/javascript/jquery_easy_ui/themes/default/images/calendar_prevyear.gif HTTP/1.1" 200 76
223.167.120.36 - - [12/Feb/2023:09:49:58 +0800] "GET /xingrg/javascript/jquery_easy_ui/themes/default/images/calendar_nextyear.gif HTTP/1.1" 200 75
223.167.120.36 - - [12/Feb/2023:09:49:58 +0800] "POST /xingrg/kc/cost/cost_operate.html?command=get_base_tree HTTP/1.1" 200 2583
120.253.135.82 - - [12/Feb/2023:09:49:58 +0800] "GET /xingrg/kc/pszx/mdqp_order_list.html?state=10 HTTP/1.1" 200 10275
120.253.135.82 - - [12/Feb/2023:09:49:58 +0800] "GET /xingrg/dwr/interface/AjaxQqpsService.js HTTP/1.1" 200 16326
223.167.120.36 - - [12/Feb/2023:09:49:58 +0800] "POST /xingrg/all/common/load_tree.html?tree=materiel_sort_tree_json HTTP/1.1" 200 9500
120.253.135.82 - - [12/Feb/2023:09:49:58 +0800] "GET /xingrg/dwr/interface/AjaxReportQueryService.js HTTP/1.1" 200 13203
223.167.120.36 - - [12/Feb/2023:09:49:58 +0800] "GET /xingrg/javascript/jquery_easy_ui/themes/default/images/tree_checkbox_0.gif HTTP/1.1" 200 168
120.253.135.82 - - [12/Feb/2023:09:49:58 +0800] "GET /xingrg/dwr/engine.js HTTP/1.1" 200 43631
223.167.120.36 - - [12/Feb/2023:09:49:59 +0800] "GET /xingrg/all/common/get_data_part.html?part=previousMonth&_=1676166616042 HTTP/1.1" 200 41
222.70.177.73 - - [12/Feb/2023:09:50:00 +0800] "POST /xingrg/all/common/load_combo.html?type=employee HTTP/1.1" 200 277
58.221.95.50 - - [12/Feb/2023:09:50:01 +0800] "GET /xingrg/all/function/internal_message.html?_=1676166619097&CODE_STATE=getMsg HTTP/1.1" 200 27
223.167.120.36 - - [12/Feb/2023:09:50:01 +0800] "GET /xingrg/javascript/jquery_easy_ui/themes/default/images/tree_checkbox_2.gif HTTP/1.1" 200 181
223.167.120.36 - - [12/Feb/2023:09:50:01 +0800] "GET /xingrg/javascript/jquery_easy_ui/themes/default/images/tree_checkbox_1.gif HTTP/1.1" 200 174
223.167.120.36 - - [12/Feb/2023:09:50:02 +0800] "GET /xingrg/kc/base/crk_hz.html?_=1676166618875&command=get_cost_id&end_date=2023-01-31&start_date=2023-01-01 HTTP/1.1" 200 51
101.83.145.75 - - [12/Feb/2023:09:50:02 +0800] "GET /xingrg/all/function/internal_message.html?_=1676166620319&CODE_STATE=getMsg HTTP/1.1" 200 27
223.167.120.36 - - [12/Feb/2023:09:50:02 +0800] "GET /xingrg/all/report/report_query.html?isQuery=1&onlyBody=1&rh=99999&rw=1800&varString=start:20230101,cost_id:4112,mid:20230101&fileName=kc/base/crk_hz_type_by_base.xml&queryString=%20m.sort_code%20in%20('00101001','00101002','00101003','00101004','00101005','00101006','00101007','00101008','00101009','00101010','00101011','00101012','00101013','00101014','00101015','00101016','00101017','00101018','00101019','00101020','00101021','00101022','00101023','00101024','00101025','00101026','00101027','00101028','00101029','00101030','00101031','00101032','00101033','00101034','00101036','00101037','00101038','00101039','00101040','00101041','00101042','00101043')%20&queryText=ÈÕÆÚ£º2023-01-01ÖÁ2023-01-31&tableQueryString=materiel_table$sp1$$sp$before_table$sp1$$sp$crk_table$sp1$order_day%20between%2020230101%20and%2020230131 HTTP/1.1" 200 49844
223.167.120.36 - - [12/Feb/2023:09:50:02 +0800] "GET /xingrg/javascript/multi_select/jqueryMultiSelect.css HTTP/1.1" 200 951
223.167.120.36 - - [12/Feb/2023:09:50:02 +0800] "GET /xingrg/javascript/calendar/timePicker.css HTTP/1.1" 200 523
223.167.120.36 - - [12/Feb/2023:09:50:02 +0800] "GET /xingrg/javascript/bigrid/fix.css HTTP/1.1" 200 1702
223.167.120.36 - - [12/Feb/2023:09:50:02 +0800] "GET /xingrg/dwr/interface/AjaxReportQueryService.js HTTP/1.1" 200 13203
223.167.120.36 - - [12/Feb/2023:09:50:02 +0800] "GET /xingrg/javascript/calendar/jquery.timePicker.min.js HTTP/1.1" 200 2997
223.167.120.36 - - [12/Feb/2023:09:50:02 +0800] "GET /xingrg/dwr/util.js HTTP/1.1" 200 35990
223.167.120.36 - - [12/Feb/2023:09:50:02 +0800] "GET /xingrg/javascript/bigrid/fix.js HTTP/1.1" 200 6439
223.167.120.36 - - [12/Feb/2023:09:50:02 +0800] "GET /xingrg/javascript/jqueryMultiSelect.js HTTP/1.1" 200 11866
223.167.120.36 - - [12/Feb/2023:09:50:02 +0800] "GET /xingrg/dwr/engine.js HTTP/1.1" 200 43631
223.167.120.36 - - [12/Feb/2023:09:50:02 +0800] "GET /xingrg/javascript/Calendar.js HTTP/1.1" 200 31561
223.167.120.36 - - [12/Feb/2023:09:50:02 +0800] "GET /xingrg/images/blue/button/advanceover.gif HTTP/1.1" 200 1347
223.167.120.36 - - [12/Feb/2023:09:50:02 +0800] "GET /xingrg/images/blue/button/advance2over.gif HTTP/1.1" 200 1336
223.167.120.36 - - [12/Feb/2023:09:50:02 +0800] "GET /xingrg/images/blue/button/back2over.gif HTTP/1.1" 200 1335
223.167.120.36 - - [12/Feb/2023:09:50:02 +0800] "GET /xingrg/images/blue/button/backover.gif HTTP/1.1" 200 1348
223.167.120.36 - - [12/Feb/2023:09:50:02 +0800] "GET /xingrg/images/control/loading.gif HTTP/1.1" 200 13463
223.167.120.36 - - [12/Feb/2023:09:50:02 +0800] "GET /xingrg/javascript/jquery_easy_ui/themes/icons/help.png HTTP/1.1" 200 1187
120.253.135.82 - - [12/Feb/2023:09:50:07 +0800] "GET /xingrg/kc/buy/cgsh_order_list.html HTTP/1.1" 200 54057
180.169.147.146 - - [12/Feb/2023:09:50:07 +0800] "GET /xingrg/all/function/internal_message.html?_=1676166624788&CODE_STATE=getMsg HTTP/1.1" 200 27
222.70.177.73 - - [12/Feb/2023:09:50:07 +0800] "POST /xingrg/kc/mdqp/pssh_order_operate.html HTTP/1.1" 200 37
180.163.29.79 - - [12/Feb/2023:09:50:08 +0800] "GET /xingrg/all/function/internal_message.html?_=1676166564814&CODE_STATE=getMsg HTTP/1.1" 302 -
180.163.29.79 - - [12/Feb/2023:09:50:08 +0800] "GET /xingrg/login.html HTTP/1.1" 200 7641
223.167.120.36 - - [12/Feb/2023:09:50:08 +0800] "POST /xingrg/all/report/load_report_page.html HTTP/1.1" 200 763269
124.78.154.177 - - [12/Feb/2023:09:50:08 +0800] "GET /xingrg/all/function/internal_message.html?_=1676166624785&CODE_STATE=getMsg HTTP/1.1" 200 27
223.167.120.36 - - [12/Feb/2023:09:50:08 +0800] "GET /xingrg/servlets/image?cache=0.8601150202323458&image=px HTTP/1.1" 200 807
124.78.154.177 - - [12/Feb/2023:09:50:09 +0800] "GET /xingrg/check_reg.html?_=1676166625620 HTTP/1.1" 200 22
101.83.145.75 - - [12/Feb/2023:09:50:09 +0800] "GET /xingrg/kc/buy/cgsh_order_operate.html?command=get_materiel&rest_code=00105&code=00101006129&supplier_code=00100012&order_time=2023-02-12 HTTP/1.1" 200 431
120.253.135.82 - - [12/Feb/2023:09:50:10 +0800] "POST /xingrg/kc/buy/cgsh_list_operate.html HTTP/1.1" 200 986
222.70.177.73 - - [12/Feb/2023:09:50:12 +0800] "POST /xingrg/kc/mdqp/pssh_order_operate.html HTTP/1.1" 200 12
120.253.135.82 - - [12/Feb/2023:09:50:15 +0800] "GET /xingrg/kc/buy/cgsh_order_add.html HTTP/1.1" 200 68902
222.70.177.73 - - [12/Feb/2023:09:50:15 +0800] "GET /xingrg/kc/mdqp/pssh_order_info.html?code=312023021000206 HTTP/1.1" 200 14382
222.70.177.73 - - [12/Feb/2023:09:50:15 +0800] "GET /xingrg/javascript/jquery_tools/jquery-1.4.2.min.js HTTP/1.1" 404 1094
120.253.135.82 - - [12/Feb/2023:09:50:15 +0800] "POST /xingrg/kc/buy/cgsh_order_operate.html HTTP/1.1" 200 8245
120.253.135.82 - - [12/Feb/2023:09:50:15 +0800] "GET /xingrg/javascript/easyui/themes/default/validatebox.css HTTP/1.1" 404 1104
222.70.177.73 - - [12/Feb/2023:09:50:15 +0800] "GET /xingrg/javascript/easyui/themes/default/validatebox.css HTTP/1.1" 404 1104
222.70.177.73 - - [12/Feb/2023:09:50:15 +0800] "POST /xingrg/kc/mdqp/pssh_order_operate.html HTTP/1.1" 200 2107
116.192.124.172 - - [12/Feb/2023:09:50:16 +0800] "GET /xingrg/all/function/internal_message.html?_=1676166634289&CODE_STATE=getMsg HTTP/1.1" 200 27
222.70.177.73 - - [12/Feb/2023:09:50:17 +0800] "GET /xingrg/kc/print/load_data.html?order_code=312023021000206&kc_code=pssh&condition= HTTP/1.1" 200 1197
120.253.135.82 - - [12/Feb/2023:09:50:20 +0800] "POST /xingrg/all/common/load_combo.html?type=employee HTTP/1.1" 200 1752
222.70.177.73 - - [12/Feb/2023:09:50:23 +0800] "GET /xingrg/kc/mdqp/pssh_order_list.html?isBack=1 HTTP/1.1" 200 17847
222.70.177.73 - - [12/Feb/2023:09:50:24 +0800] "POST /xingrg/kc/mdqp/pssh_list_operate.html HTTP/1.1" 200 5420
116.230.105.139 - - [12/Feb/2023:09:50:25 +0800] "GET /xingrg/all/function/internal_message.html?_=1676166635129&CODE_STATE=getMsg HTTP/1.1" 200 27
116.230.105.139 - - [12/Feb/2023:09:50:25 +0800] "GET /xingrg/check_reg.html?_=1676166635131 HTTP/1.1" 200 22
222.70.177.73 - - [12/Feb/2023:09:50:26 +0800] "POST /xingrg/kc/mdqp/pssh_list_operate.html HTTP/1.1" 200 749
222.70.177.73 - - [12/Feb/2023:09:50:26 +0800] "POST /xingrg/kc/mdqp/pssh_list_operate.html HTTP/1.1" 200 814
222.70.177.73 - - [12/Feb/2023:09:50:27 +0800] "GET /xingrg/kc/mdqp/pssh_order_info.html?code=312023021000203 HTTP/1.1" 200 17293
222.70.177.73 - - [12/Feb/2023:09:50:27 +0800] "GET /xingrg/javascript/jquery_tools/jquery-1.4.2.min.js HTTP/1.1" 404 1094
116.192.124.172 - - [12/Feb/2023:09:50:27 +0800] "GET /xingrg/all/function/internal_message.html?_=1676166645515&CODE_STATE=getMsg HTTP/1.1" 200 27
222.70.177.73 - - [12/Feb/2023:09:50:27 +0800] "GET /xingrg/javascript/easyui/themes/default/validatebox.css HTTP/1.1" 404 1104
222.70.177.73 - - [12/Feb/2023:09:50:27 +0800] "POST /xingrg/kc/mdqp/pssh_order_operate.html HTTP/1.1" 200 4749
114.83.222.182 - - [12/Feb/2023:09:50:28 +0800] "GET /xingrg/all/function/internal_message.html?_=1676166753005&CODE_STATE=getMsg HTTP/1.1" 200 27
101.83.145.75 - - [12/Feb/2023:09:50:28 +0800] "GET /xingrg/kc/buy/cgsh_order_operate.html?command=get_materiel&rest_code=00105&code=00101006307&supplier_code=00100012&order_time=2023-02-12 HTTP/1.1" 200 410
223.167.120.36 - - [12/Feb/2023:09:50:31 +0800] "POST /xingrg/all/user/operate.html HTTP/1.1" 200 36
222.70.177.73 - - [12/Feb/2023:09:50:31 +0800] "POST /xingrg/all/common/load_combo.html?type=employee HTTP/1.1" 200 277
223.167.120.36 - - [12/Feb/2023:09:50:32 +0800] "GET /xingrg/javascript/jquery_easy_ui/themes/default/easyui.css HTTP/1.1" 304 -
223.167.120.36 - - [12/Feb/2023:09:50:32 +0800] "GET /xingrg/javascript/jquery_easy_ui/themes/icon.css HTTP/1.1" 304 -
223.167.120.36 - - [12/Feb/2023:09:50:32 +0800] "GET /xingrg/index.html?sysBaseUrl=http%3A%2F%2F180.169.147.146%3A18081%2Fxingrg%2F&costTime=1598×tamp=1676166584767 HTTP/1.1" 200 17509
223.167.120.36 - - [12/Feb/2023:09:50:32 +0800] "GET /xingrg/css/form.css HTTP/1.1" 304 -
223.167.120.36 - - [12/Feb/2023:09:50:32 +0800] "GET /xingrg/javascript/jquery-1.4.2.min.js HTTP/1.1" 304 -
223.167.120.36 - - [12/Feb/2023:09:50:32 +0800] "GET /xingrg/javascript/jquery_easy_ui/jquery.easyui.min.js HTTP/1.1" 304 -
223.167.120.36 - - [12/Feb/2023:09:50:32 +0800] "GET /xingrg/javascript/jquery_easy_ui/easyui-lang-zh_CN.js HTTP/1.1" 304 -
223.167.120.36 - - [12/Feb/2023:09:50:32 +0800] "GET /xingrg/javascript/jquery.form.js HTTP/1.1" 304 -
223.167.120.36 - - [12/Feb/2023:09:50:32 +0800] "GET /xingrg/javascript/jquery.utils.js HTTP/1.1" 304 -
223.167.120.36 - - [12/Feb/2023:09:50:32 +0800] "GET /xingrg/javascript/jquery.timers.js HTTP/1.1" 304 -
223.167.120.36 - - [12/Feb/2023:09:50:32 +0800] "GET /xingrg/images/blue/jxLogo.png HTTP/1.1" 304 -
223.167.120.36 - - [12/Feb/2023:09:50:32 +0800] "GET /xingrg/javascript/jquery_easy_ui/themes/icons/settle_new.png HTTP/1.1" 304 -
223.167.120.36 - - [12/Feb/2023:09:50:32 +0800] "GET /xingrg/images/blue/navBackgound.jpg HTTP/1.1" 304 -
223.167.120.36 - - [12/Feb/2023:09:50:32 +0800] "GET /xingrg/check_reg.html?_=1676166649102 HTTP/1.1" 200 22
223.167.120.36 - - [12/Feb/2023:09:50:32 +0800] "GET /xingrg/all/function/internal_message.html?_=1676166649100&CODE_STATE=count HTTP/1.1" 200 11
223.167.120.36 - - [12/Feb/2023:09:50:32 +0800] "GET /xingrg/javascript/jquery_easy_ui/themes/default/images/tabs_rightarrow.png HTTP/1.1" 304 -
223.167.120.36 - - [12/Feb/2023:09:50:32 +0800] "GET /xingrg/javascript/jquery_easy_ui/themes/default/images/panel_tool_collapse.gif HTTP/1.1" 304 -
223.167.120.36 - - [12/Feb/2023:09:50:32 +0800] "GET /xingrg/javascript/jquery_easy_ui/themes/default/images/tabs_leftarrow.png HTTP/1.1" 304 -
223.167.120.36 - - [12/Feb/2023:09:50:32 +0800] "GET /xingrg/javascript/jquery_easy_ui/themes/default/images/panel_tool_expand.gif HTTP/1.1" 304 -
223.167.120.36 - - [12/Feb/2023:09:50:32 +0800] "GET /xingrg/images/blue/pingpu.png HTTP/1.1" 304 -
223.167.120.36 - - [12/Feb/2023:09:50:32 +0800] "POST /xingrg/all/common/load_tree.html?tree=area_rest_tree_json&manage=1 HTTP/1.1" 200 3499
223.167.120.36 - - [12/Feb/2023:09:50:32 +0800] "POST /xingrg/load_menu.html HTTP/1.1" 200 9959
116.238.139.35 - - [12/Feb/2023:09:50:32 +0800] "GET /xingrg/all/function/internal_message.html?_=1676166651609&CODE_STATE=getMsg HTTP/1.1" 200 27
223.167.120.36 - - [12/Feb/2023:09:50:33 +0800] "GET /xingrg/kc/report/report_main.html HTTP/1.1" 200 7340
223.167.120.36 - - [12/Feb/2023:09:50:34 +0800] "GET /xingrg/kc/base/crk_hz.html HTTP/1.1" 200 11247
223.167.120.36 - - [12/Feb/2023:09:50:34 +0800] "POST /xingrg/kc/cost/cost_operate.html?command=get_base_tree HTTP/1.1" 200 3572
223.167.120.36 - - [12/Feb/2023:09:50:35 +0800] "POST /xingrg/all/common/load_tree.html?tree=materiel_sort_tree_json HTTP/1.1" 200 9500
223.167.120.36 - - [12/Feb/2023:09:50:36 +0800] "GET /xingrg/all/common/get_data_part.html?part=previousYear&_=1676166653004 HTTP/1.1" 200 41
223.167.120.36 - - [12/Feb/2023:09:50:37 +0800] "GET /xingrg/all/common/get_data_part.html?part=previousMonth&_=1676166654133 HTTP/1.1" 200 41
222.70.177.73 - - [12/Feb/2023:09:50:37 +0800] "POST /xingrg/kc/mdqp/pssh_order_operate.html HTTP/1.1" 200 37
120.253.135.82 - - [12/Feb/2023:09:50:38 +0800] "GET /xingrg/kc/buy/cgsh_order_operate.html?command=get_materiel&rest_code=00101&code=00101006037&supplier_code=00100151&order_time=2023-02-12 HTTP/1.1" 200 417
223.167.120.36 - - [12/Feb/2023:09:50:39 +0800] "GET /xingrg/kc/base/crk_hz.html?_=1676166656618&command=get_cost_id&end_date=2023-01-31&start_date=2023-01-01 HTTP/1.1" 200 51
223.167.120.36 - - [12/Feb/2023:09:50:40 +0800] "GET /xingrg/all/report/report_query.html?isQuery=1&onlyBody=1&rh=99999&rw=1800&varString=start:20230101,cost_id:4115,mid:20230101&fileName=kc/base/crk_hz_type_by_base.xml&queryString=%20m.sort_code%20in%20('00101001','00101002','00101003','00101004','00101005','00101006','00101007','00101008','00101009','00101010','00101011','00101012','00101013','00101014','00101015','00101016','00101017','00101018','00101019','00101020','00101021','00101022','00101023','00101024','00101025','00101026','00101027','00101028','00101029','00101030','00101031','00101032','00101033','00101034','00101036','00101037','00101038','00101039','00101040','00101041','00101042','00101043')%20&queryText=ÈÕÆÚ£º2023-01-01ÖÁ2023-01-31&tableQueryString=materiel_table$sp1$$sp$before_table$sp1$$sp$crk_table$sp1$order_day%20between%2020230101%20and%2020230131 HTTP/1.1" 200 49844
223.167.120.36 - - [12/Feb/2023:09:50:40 +0800] "GET /xingrg/dwr/interface/AjaxReportQueryService.js HTTP/1.1" 200 13203
223.167.120.36 - - [12/Feb/2023:09:50:40 +0800] "GET /xingrg/dwr/engine.js HTTP/1.1" 200 43631
58.40.7.146 - - [12/Feb/2023:09:50:43 +0800] "GET /xingrg/all/function/internal_message.html?_=1676166660703&CODE_STATE=getMsg HTTP/1.1" 200 27
222.70.177.73 - - [12/Feb/2023:09:50:45 +0800] "POST /xingrg/kc/mdqp/pssh_order_operate.html HTTP/1.1" 200 12
223.167.120.36 - - [12/Feb/2023:09:50:47 +0800] "POST /xingrg/all/report/load_report_page.html HTTP/1.1" 200 668138
222.70.177.73 - - [12/Feb/2023:09:50:47 +0800] "GET /xingrg/kc/mdqp/pssh_order_info.html?code=312023021000203 HTTP/1.1" 200 14382
222.70.177.73 - - [12/Feb/2023:09:50:47 +0800] "GET /xingrg/javascript/jquery_tools/jquery-1.4.2.min.js HTTP/1.1" 404 1094
223.167.120.36 - - [12/Feb/2023:09:50:47 +0800] "GET /xingrg/servlets/image?cache=0.8378956072160636&image=px HTTP/1.1" 200 807
101.83.145.75 - - [12/Feb/2023:09:50:47 +0800] "GET /xingrg/kc/buy/cgsh_order_operate.html?command=get_materiel&rest_code=00105&code=00101010248&supplier_code=00100012&order_time=2023-02-12 HTTP/1.1" 200 430
222.70.177.73 - - [12/Feb/2023:09:50:48 +0800] "GET /xingrg/javascript/easyui/themes/default/validatebox.css HTTP/1.1" 404 1104
222.70.177.73 - - [12/Feb/2023:09:50:48 +0800] "POST /xingrg/kc/mdqp/pssh_order_operate.html HTTP/1.1" 200 4749
101.83.145.75 - - [12/Feb/2023:09:50:48 +0800] "POST /xingrg/all/common/load_select.html HTTP/1.1" 200 25
116.192.124.172 - - [12/Feb/2023:09:50:49 +0800] "GET /xingrg/all/function/internal_message.html?_=1676166666100&CODE_STATE=getMsg HTTP/1.1" 200 27
222.70.177.73 - - [12/Feb/2023:09:50:50 +0800] "GET /xingrg/kc/print/load_data.html?order_code=312023021000203&kc_code=pssh&condition= HTTP/1.1" 200 2105
114.83.217.99 - - [12/Feb/2023:09:50:52 +0800] "GET /xingrg/all/function/internal_message.html?_=1676166670287&CODE_STATE=getMsg HTTP/1.1" 200 27
101.83.145.75 - - [12/Feb/2023:09:50:53 +0800] "GET /xingrg/kc/buy/cgsh_order_operate.html?command=get_materiel_price&rest_code=00105&code=00101010248&unit_code=00100043&supplier_code=00100012&order_time=2023-02-12 HTTP/1.1" 200 29
120.253.135.82 - - [12/Feb/2023:09:50:55 +0800] "GET /xingrg/check_reg.html?_=1676166493452 HTTP/1.1" 200 22
222.70.177.73 - - [12/Feb/2023:09:50:55 +0800] "GET /xingrg/kc/mdqp/pssh_order_list.html?isBack=1 HTTP/1.1" 200 17847
222.70.177.73 - - [12/Feb/2023:09:50:56 +0800] "POST /xingrg/kc/mdqp/pssh_list_operate.html HTTP/1.1" 200 5445
116.238.139.35 - - [12/Feb/2023:09:50:57 +0800] "GET /xingrg/check_reg.html?_=1676166602862 HTTP/1.1" 200 22
222.70.177.73 - - [12/Feb/2023:09:50:57 +0800] "POST /xingrg/kc/mdqp/pssh_list_operate.html HTTP/1.1" 200 262
116.238.139.35 - - [12/Feb/2023:09:50:58 +0800] "GET /xingrg/all/function/internal_message.html?_=1676166603540&CODE_STATE=getMsg HTTP/1.1" 200 27
222.70.177.73 - - [12/Feb/2023:09:50:58 +0800] "POST /xingrg/kc/mdqp/pssh_list_operate.html HTTP/1.1" 200 814
222.70.177.73 - - [12/Feb/2023:09:50:58 +0800] "GET /xingrg/kc/mdqp/pssh_order_info.html?code=312023021000207 HTTP/1.1" 200 17297
222.70.177.73 - - [12/Feb/2023:09:50:58 +0800] "GET /xingrg/javascript/jquery_tools/jquery-1.4.2.min.js HTTP/1.1" 404 1094
222.70.177.73 - - [12/Feb/2023:09:50:59 +0800] "GET /xingrg/javascript/easyui/themes/default/validatebox.css HTTP/1.1" 404 1104
222.70.177.73 - - [12/Feb/2023:09:50:59 +0800] "POST /xingrg/kc/mdqp/pssh_order_operate.html HTTP/1.1" 200 542
58.221.95.50 - - [12/Feb/2023:09:51:01 +0800] "GET /xingrg/all/function/internal_message.html?_=1676166679070&CODE_STATE=getMsg HTTP/1.1" 200 27
222.70.177.73 - - [12/Feb/2023:09:51:01 +0800] "POST /xingrg/all/common/load_combo.html?type=employee HTTP/1.1" 200 277
101.83.145.75 - - [12/Feb/2023:09:51:02 +0800] "GET /xingrg/all/function/internal_message.html?_=1676166680337&CODE_STATE=getMsg HTTP/1.1" 200 27
101.83.145.75 - - [12/Feb/2023:09:51:03 +0800] "GET /xingrg/check_reg.html?_=1676166681131 HTTP/1.1" 200 22
222.70.177.73 - - [12/Feb/2023:09:51:03 +0800] "GET /xingrg/all/function/internal_message.html?_=1676166677651&CODE_STATE=getMsg HTTP/1.1" 200 27
222.70.177.73 - - [12/Feb/2023:09:51:06 +0800] "POST /xingrg/kc/mdqp/pssh_order_operate.html HTTP/1.1" 200 37
180.169.147.146 - - [12/Feb/2023:09:51:07 +0800] "GET /xingrg/all/function/internal_message.html?_=1676166684796&CODE_STATE=getMsg HTTP/1.1" 200 27
124.78.154.177 - - [12/Feb/2023:09:51:08 +0800] "GET /xingrg/all/function/internal_message.html?_=1676166684763&CODE_STATE=getMsg HTTP/1.1" 200 27
180.163.29.212 - - [12/Feb/2023:09:51:09 +0800] "GET /xingrg/check_reg.html?_=1676166625620 HTTP/1.1" 302 -
180.163.29.212 - - [12/Feb/2023:09:51:09 +0800] "GET /xingrg/login.html HTTP/1.1" 200 7641
222.70.177.73 - - [12/Feb/2023:09:51:10 +0800] "POST /xingrg/kc/mdqp/pssh_order_operate.html HTTP/1.1" 200 12
101.83.145.75 - - [12/Feb/2023:09:51:10 +0800] "GET /xingrg/kc/buy/cgsh_order_operate.html?command=get_materiel&rest_code=00105&code=00101006040&supplier_code=00100012&order_time=2023-02-12 HTTP/1.1" 200 417
222.70.177.73 - - [12/Feb/2023:09:51:12 +0800] "GET /xingrg/kc/mdqp/pssh_order_info.html?code=312023021000207 HTTP/1.1" 200 14386
222.70.177.73 - - [12/Feb/2023:09:51:12 +0800] "GET /xingrg/javascript/jquery_tools/jquery-1.4.2.min.js HTTP/1.1" 404 1094
222.70.177.73 - - [12/Feb/2023:09:51:13 +0800] "GET /xingrg/javascript/easyui/themes/default/validatebox.css HTTP/1.1" 404 1104
222.70.177.73 - - [12/Feb/2023:09:51:13 +0800] "POST /xingrg/kc/mdqp/pssh_order_operate.html HTTP/1.1" 200 542
120.253.135.82 - - [12/Feb/2023:09:51:14 +0800] "GET /xingrg/kc/buy/cgsh_order_operate.html?command=get_materiel&rest_code=00101&code=00101016084&supplier_code=00100151&order_time=2023-02-12 HTTP/1.1" 200 408
222.70.177.73 - - [12/Feb/2023:09:51:15 +0800] "GET /xingrg/kc/print/load_data.html?order_code=312023021000207&kc_code=pssh&condition= HTTP/1.1" 200 669
116.192.124.172 - - [12/Feb/2023:09:51:16 +0800] "GET /xingrg/all/function/internal_message.html?_=1676166694289&CODE_STATE=getMsg HTTP/1.1" 200 27
222.70.177.73 - - [12/Feb/2023:09:51:20 +0800] "GET /xingrg/kc/mdqp/pssh_order_list.html?isBack=1 HTTP/1.1" 200 17847
222.70.177.73 - - [12/Feb/2023:09:51:21 +0800] "POST /xingrg/kc/mdqp/pssh_list_operate.html HTTP/1.1" 200 5470
222.70.177.73 - - [12/Feb/2023:09:51:22 +0800] "POST /xingrg/kc/mdqp/pssh_list_operate.html HTTP/1.1" 200 777
222.70.177.73 - - [12/Feb/2023:09:51:23 +0800] "POST /xingrg/kc/mdqp/pssh_list_operate.html HTTP/1.1" 200 814
222.70.177.73 - - [12/Feb/2023:09:51:23 +0800] "GET /xingrg/kc/mdqp/pssh_order_info.html?code=312023021000208 HTTP/1.1" 200 17297
