124.78.154.177 - - [12/Feb/2023:09:08:01 +0800] "GET /xingrg/kc/buy/cgsh_order_operate.html?command=get_materiel&rest_code=00106&code=00101008223&supplier_code=00100007&order_time=2023-02-12 HTTP/1.1" 200 412
120.253.135.82 - - [12/Feb/2023:09:08:01 +0800] "GET /xingrg/kc/buy/cgsh_order_add.html HTTP/1.1" 200 68902
58.221.95.50 - - [12/Feb/2023:09:08:01 +0800] "GET /xingrg/all/function/internal_message.html?_=1676164099819&CODE_STATE=getMsg HTTP/1.1" 200 27
120.253.135.82 - - [12/Feb/2023:09:08:01 +0800] "POST /xingrg/kc/buy/cgsh_order_operate.html HTTP/1.1" 200 8245
120.253.135.82 - - [12/Feb/2023:09:08:02 +0800] "GET /xingrg/all/common/auto_word.html?type=employee&rest_code=00101 HTTP/1.1" 200 977
120.253.135.82 - - [12/Feb/2023:09:08:02 +0800] "GET /xingrg/javascript/easyui/themes/default/validatebox.css HTTP/1.1" 404 1104
120.253.135.82 - - [12/Feb/2023:09:08:02 +0800] "GET /xingrg/all/common/auto_word.html?type=employee&rest_code=00101 HTTP/1.1" 200 977
116.235.93.82 - - [12/Feb/2023:09:08:02 +0800] "GET /xingrg/all/function/internal_message.html?_=1676164097413&CODE_STATE=getMsg HTTP/1.1" 200 27
222.70.177.73 - - [12/Feb/2023:09:08:02 +0800] "GET /xingrg/all/function/internal_message.html?_=1676164097588&CODE_STATE=getMsg HTTP/1.1" 200 27
101.83.145.75 - - [12/Feb/2023:09:08:03 +0800] "GET /xingrg/all/function/internal_message.html?_=1676164101220&CODE_STATE=getMsg HTTP/1.1" 200 27
116.238.139.35 - - [12/Feb/2023:09:08:04 +0800] "GET /xingrg/kc/buy/cgsh_order_operate.html?command=get_materiel&rest_code=00150&code=00101008221&supplier_code=00100008&order_time=2023-02-12 HTTP/1.1" 200 412
58.40.7.146 - - [12/Feb/2023:09:08:05 +0800] "GET /xingrg/check_reg.html?_=1676164102317 HTTP/1.1" 200 22
218.81.220.34 - - [12/Feb/2023:09:08:06 +0800] "GET /xingrg/check_reg.html?_=1676164105629 HTTP/1.1" 200 22
124.78.154.177 - - [12/Feb/2023:09:08:09 +0800] "GET /xingrg/all/function/internal_message.html?_=1676164105691&CODE_STATE=getMsg HTTP/1.1" 200 27
114.83.217.99 - - [12/Feb/2023:09:08:09 +0800] "GET /xingrg/kc/buy/cgsh_order_operate.html?command=get_materiel&rest_code=00149&code=00101008069&supplier_code=00100008&order_time=2023-02-12 HTTP/1.1" 200 412
116.238.139.35 - - [12/Feb/2023:09:08:13 +0800] "GET /xingrg/kc/buy/cgsh_order_operate.html?command=get_materiel&rest_code=00150&code=00101008163&supplier_code=00100008&order_time=2023-02-12 HTTP/1.1" 200 409
120.253.135.82 - - [12/Feb/2023:09:08:13 +0800] "POST /xingrg/all/common/load_combo.html?type=employee HTTP/1.1" 200 1752
116.238.139.35 - - [12/Feb/2023:09:08:14 +0800] "GET /xingrg/kc/buy/cgsh_order_list.html HTTP/1.1" 200 54063
116.192.124.172 - - [12/Feb/2023:09:08:14 +0800] "GET /xingrg/all/function/internal_message.html?_=1676164111527&CODE_STATE=getMsg HTTP/1.1" 302 -
180.163.29.79 - - [12/Feb/2023:09:08:15 +0800] "GET /xingrg/kc/buy/cgsh_order_operate.html?command=get_materiel&rest_code=00106&code=00101008285&supplier_code=00100007&order_time=2023-02-12 HTTP/1.1" 302 -
180.163.29.79 - - [12/Feb/2023:09:08:15 +0800] "GET /xingrg/login.html HTTP/1.1" 200 7641
116.238.139.35 - - [12/Feb/2023:09:08:16 +0800] "POST /xingrg/kc/buy/cgsh_list_operate.html HTTP/1.1" 200 986
116.192.124.172 - - [12/Feb/2023:09:08:16 +0800] "GET /xingrg/all/function/internal_message.html?_=1676164114263&CODE_STATE=getMsg HTTP/1.1" 200 27
124.78.154.177 - - [12/Feb/2023:09:08:17 +0800] "GET /xingrg/kc/buy/cgsh_order_operate.html?command=get_materiel&rest_code=00106&code=00101008061&supplier_code=00100007&order_time=2023-02-12 HTTP/1.1" 200 422
116.238.139.35 - - [12/Feb/2023:09:08:18 +0800] "GET /xingrg/kc/buy/cgsh_order_add.html HTTP/1.1" 200 69839
116.238.139.35 - - [12/Feb/2023:09:08:18 +0800] "GET /xingrg/javascript/easyui/themes/default/validatebox.css HTTP/1.1" 404 1104
116.238.139.35 - - [12/Feb/2023:09:08:18 +0800] "POST /xingrg/kc/buy/cgsh_order_operate.html HTTP/1.1" 200 8245
116.238.139.35 - - [12/Feb/2023:09:08:18 +0800] "GET /xingrg/all/common/auto_word.html?type=employee&rest_code=00150 HTTP/1.1" 200 159
116.238.139.35 - - [12/Feb/2023:09:08:18 +0800] "GET /xingrg/all/common/auto_word.html?type=employee&rest_code=00150 HTTP/1.1" 200 159
114.83.217.99 - - [12/Feb/2023:09:08:19 +0800] "GET /xingrg/kc/buy/cgsh_order_operate.html?command=get_materiel&rest_code=00149&code=00101008286&supplier_code=00100008&order_time=2023-02-12 HTTP/1.1" 200 408
124.78.154.177 - - [12/Feb/2023:09:08:20 +0800] "POST /xingrg/kc/buy/cgsh_order_operate.html HTTP/1.1" 200 2065
116.238.139.35 - - [12/Feb/2023:09:08:21 +0800] "GET /xingrg/kc/buy/cgsh_order_operate.html?command=get_materiel&rest_code=00150&code=00101008224&supplier_code=00100008&order_time=2023-02-12 HTTP/1.1" 200 416
116.238.139.35 - - [12/Feb/2023:09:08:21 +0800] "GET /xingrg/javascript/auto/indicator.gif HTTP/1.1" 404 1066
116.230.105.139 - - [12/Feb/2023:09:08:25 +0800] "GET /xingrg/all/function/internal_message.html?_=1676164115128&CODE_STATE=getMsg HTTP/1.1" 200 27
116.192.124.172 - - [12/Feb/2023:09:08:27 +0800] "GET /xingrg/all/function/internal_message.html?_=1676164125483&CODE_STATE=getMsg HTTP/1.1" 200 27
114.83.217.99 - - [12/Feb/2023:09:08:29 +0800] "POST /xingrg/kc/buy/cgsh_order_operate.html HTTP/1.1" 200 2065
116.238.139.35 - - [12/Feb/2023:09:08:29 +0800] "GET /xingrg/all/function/internal_message.html?_=1676164128681&CODE_STATE=getMsg HTTP/1.1" 200 27
120.253.135.82 - - [12/Feb/2023:09:08:30 +0800] "GET /xingrg/kc/buy/cgsh_order_operate.html?command=get_materiel&rest_code=00101&code=00101014033&supplier_code=00100215&order_time=2023-02-12 HTTP/1.1" 200 434
116.238.139.35 - - [12/Feb/2023:09:08:32 +0800] "GET /xingrg/kc/buy/cgsh_order_operate.html?command=get_materiel&rest_code=00150&code=00101008355&supplier_code=00100008&order_time=2023-02-12 HTTP/1.1" 200 408
180.163.30.27 - - [12/Feb/2023:09:08:35 +0800] "GET /xingrg/kc/buy/cgsh_order_operate.html?command=get_materiel&rest_code=00106&code=00101008350&supplier_code=00100007&order_time=2023-02-12 HTTP/1.1" 302 -
180.163.30.27 - - [12/Feb/2023:09:08:35 +0800] "GET /xingrg/login.html HTTP/1.1" 200 7641
114.83.217.99 - - [12/Feb/2023:09:08:38 +0800] "GET /xingrg/kc/buy/cgsh_order_operate.html?command=get_materiel&rest_code=00149&code=00101008036&supplier_code=00100008&order_time=2023-02-12 HTTP/1.1" 200 408
124.78.154.177 - - [12/Feb/2023:09:08:41 +0800] "GET /xingrg/kc/buy/cgsh_order_operate.html?command=get_materiel&rest_code=00106&code=00101008261&supplier_code=00100007&order_time=2023-02-12 HTTP/1.1" 200 408
58.40.7.146 - - [12/Feb/2023:09:08:44 +0800] "GET /xingrg/all/function/internal_message.html?_=1676164141398&CODE_STATE=getMsg HTTP/1.1" 200 27
116.238.139.35 - - [12/Feb/2023:09:08:46 +0800] "GET /xingrg/kc/buy/cgsh_order_operate.html?command=get_materiel&rest_code=00150&code=00101008024&supplier_code=00100008&order_time=2023-02-12 HTTP/1.1" 200 408
218.81.220.34 - - [12/Feb/2023:09:08:47 +0800] "GET /xingrg/kc/buy/cgsh_order_add.html HTTP/1.1" 200 69839
218.81.220.34 - - [12/Feb/2023:09:08:48 +0800] "POST /xingrg/kc/buy/cgsh_order_operate.html HTTP/1.1" 200 8245
218.81.220.34 - - [12/Feb/2023:09:08:48 +0800] "GET /xingrg/javascript/easyui/themes/default/validatebox.css HTTP/1.1" 404 1104
114.83.217.99 - - [12/Feb/2023:09:08:50 +0800] "GET /xingrg/kc/buy/cgsh_order_operate.html?command=get_materiel&rest_code=00149&code=00101008131&supplier_code=00100008&order_time=2023-02-12 HTTP/1.1" 200 408
124.78.154.177 - - [12/Feb/2023:09:08:51 +0800] "GET /xingrg/kc/buy/cgsh_order_operate.html?command=get_materiel&rest_code=00106&code=00101008072&supplier_code=00100007&order_time=2023-02-12 HTTP/1.1" 200 408
114.83.217.99 - - [12/Feb/2023:09:08:52 +0800] "GET /xingrg/all/function/internal_message.html?_=1676164150128&CODE_STATE=getMsg HTTP/1.1" 200 27
116.238.139.35 - - [12/Feb/2023:09:08:53 +0800] "GET /xingrg/all/function/internal_message.html?_=1676164079113&CODE_STATE=getMsg HTTP/1.1" 200 27
120.253.135.82 - - [12/Feb/2023:09:08:54 +0800] "POST /xingrg/kc/buy/cgsh_order_operate.html HTTP/1.1" 200 37
116.238.139.35 - - [12/Feb/2023:09:08:55 +0800] "GET /xingrg/kc/buy/cgsh_order_operate.html?command=get_materiel&rest_code=00150&code=00101001010&supplier_code=00100096&order_time=2023-02-12 HTTP/1.1" 200 411
124.78.154.177 - - [12/Feb/2023:09:08:59 +0800] "GET /xingrg/kc/buy/cgsh_order_operate.html?command=get_materiel&rest_code=00106&code=00101008358&supplier_code=00100007&order_time=2023-02-12 HTTP/1.1" 200 412
116.238.139.35 - - [12/Feb/2023:09:08:59 +0800] "GET /xingrg/kc/buy/cgsh_order_operate.html?command=get_materiel&rest_code=00150&code=00101008356&supplier_code=00100008&order_time=2023-02-12 HTTP/1.1" 200 408
114.83.217.99 - - [12/Feb/2023:09:09:00 +0800] "GET /xingrg/kc/buy/cgsh_order_operate.html?command=get_materiel&rest_code=00149&code=00101008296&supplier_code=00100008&order_time=2023-02-12 HTTP/1.1" 200 416
120.253.135.82 - - [12/Feb/2023:09:09:01 +0800] "POST /xingrg/kc/buy/cgsh_order_operate.html HTTP/1.1" 200 2666
58.221.95.50 - - [12/Feb/2023:09:09:01 +0800] "GET /xingrg/all/function/internal_message.html?_=1676164159802&CODE_STATE=getMsg HTTP/1.1" 200 27
116.235.93.82 - - [12/Feb/2023:09:09:02 +0800] "GET /xingrg/all/function/internal_message.html?_=1676164157429&CODE_STATE=getMsg HTTP/1.1" 200 27
116.235.93.82 - - [12/Feb/2023:09:09:02 +0800] "GET /xingrg/check_reg.html?_=1676164157433 HTTP/1.1" 200 22
124.78.154.177 - - [12/Feb/2023:09:09:02 +0800] "POST /xingrg/kc/buy/cgsh_order_operate.html HTTP/1.1" 200 2065
222.70.177.73 - - [12/Feb/2023:09:09:02 +0800] "GET /xingrg/all/function/internal_message.html?_=1676164157592&CODE_STATE=getMsg HTTP/1.1" 200 27
222.70.177.73 - - [12/Feb/2023:09:09:03 +0800] "GET /xingrg/check_reg.html?_=1676164157595 HTTP/1.1" 200 22
101.83.145.75 - - [12/Feb/2023:09:09:03 +0800] "GET /xingrg/all/function/internal_message.html?_=1676164161189&CODE_STATE=getMsg HTTP/1.1" 200 27
124.78.154.177 - - [12/Feb/2023:09:09:07 +0800] "GET /xingrg/kc/buy/cgsh_order_operate.html?command=get_materiel&rest_code=00106&code=00101008087&supplier_code=00100007&order_time=2023-02-12 HTTP/1.1" 200 412
124.78.154.177 - - [12/Feb/2023:09:09:09 +0800] "GET /xingrg/all/function/internal_message.html?_=1676164165729&CODE_STATE=getMsg HTTP/1.1" 200 27
116.238.139.35 - - [12/Feb/2023:09:09:10 +0800] "GET /xingrg/kc/buy/cgsh_order_operate.html?command=get_materiel&rest_code=00150&code=00101008277&supplier_code=00100008&order_time=2023-02-12 HTTP/1.1" 200 412
114.83.217.99 - - [12/Feb/2023:09:09:11 +0800] "GET /xingrg/kc/buy/cgsh_order_operate.html?command=get_materiel&rest_code=00149&code=00101008318&supplier_code=00100008&order_time=2023-02-12 HTTP/1.1" 200 408
120.253.135.82 - - [12/Feb/2023:09:09:14 +0800] "POST /xingrg/kc/buy/cgsh_order_operate.html HTTP/1.1" 200 37
116.192.124.172 - - [12/Feb/2023:09:09:14 +0800] "GET /xingrg/all/function/internal_message.html?_=1676164171526&CODE_STATE=getMsg HTTP/1.1" 302 -
116.192.124.172 - - [12/Feb/2023:09:09:15 +0800] "GET /xingrg/check_reg.html?_=1676164172182 HTTP/1.1" 302 -
218.81.220.34 - - [12/Feb/2023:09:09:15 +0800] "GET /xingrg/kc/buy/cgsh_order_operate.html?command=get_materiel&rest_code=00146&code=00101006056&supplier_code=00100012&order_time=2023-02-12 HTTP/1.1" 200 413
120.253.135.82 - - [12/Feb/2023:09:09:15 +0800] "POST /xingrg/kc/buy/cgsh_order_operate.html HTTP/1.1" 200 2666
116.192.124.172 - - [12/Feb/2023:09:09:16 +0800] "GET /xingrg/check_reg.html?_=1676164174266 HTTP/1.1" 200 22
116.192.124.172 - - [12/Feb/2023:09:09:16 +0800] "GET /xingrg/all/function/internal_message.html?_=1676164174260&CODE_STATE=getMsg HTTP/1.1" 200 27
120.253.135.82 - - [12/Feb/2023:09:09:16 +0800] "GET /xingrg/login.html HTTP/1.1" 200 7641
116.238.139.35 - - [12/Feb/2023:09:09:19 +0800] "GET /xingrg/kc/buy/cgsh_order_operate.html?command=get_materiel&rest_code=00150&code=00101006129&supplier_code=00100096&order_time=2023-02-12 HTTP/1.1" 200 433
120.253.135.82 - - [12/Feb/2023:09:09:19 +0800] "POST /xingrg/all/common/load_tree.html?tree=area_rest_tree_json&manage=1 HTTP/1.1" 302 -
120.253.135.82 - - [12/Feb/2023:09:09:19 +0800] "POST /xingrg/load_menu.html HTTP/1.1" 302 -
120.253.135.82 - - [12/Feb/2023:09:09:19 +0800] "GET /xingrg/all/function/internal_message.html?_=1676164301748&CODE_STATE=count HTTP/1.1" 302 -
120.253.135.82 - - [12/Feb/2023:09:09:19 +0800] "GET /xingrg/check_reg.html?_=1676164301750 HTTP/1.1" 302 -
116.238.139.35 - - [12/Feb/2023:09:09:21 +0800] "GET /xingrg/kc/buy/cgsh_order_operate.html?command=get_materiel&rest_code=00150&code=00101008439&supplier_code=00100008&order_time=2023-02-12 HTTP/1.1" 200 412
114.83.217.99 - - [12/Feb/2023:09:09:24 +0800] "GET /xingrg/kc/buy/cgsh_order_operate.html?command=get_materiel&rest_code=00149&code=00101008098&supplier_code=00100008&order_time=2023-02-12 HTTP/1.1" 200 412
116.230.105.139 - - [12/Feb/2023:09:09:25 +0800] "GET /xingrg/all/function/internal_message.html?_=1676164175124&CODE_STATE=getMsg HTTP/1.1" 200 27
116.192.124.172 - - [12/Feb/2023:09:09:27 +0800] "GET /xingrg/all/function/internal_message.html?_=1676164185481&CODE_STATE=getMsg HTTP/1.1" 200 27
116.192.124.172 - - [12/Feb/2023:09:09:27 +0800] "GET /xingrg/check_reg.html?_=1676164185486 HTTP/1.1" 200 22
124.78.154.177 - - [12/Feb/2023:09:09:29 +0800] "GET /xingrg/kc/buy/cgsh_order_operate.html?command=get_materiel&rest_code=00106&code=00101008207&supplier_code=00100007&order_time=2023-02-12 HTTP/1.1" 200 408
116.238.139.35 - - [12/Feb/2023:09:09:29 +0800] "GET /xingrg/all/function/internal_message.html?_=1676164188714&CODE_STATE=getMsg HTTP/1.1" 200 27
114.83.217.99 - - [12/Feb/2023:09:09:31 +0800] "POST /xingrg/kc/buy/cgsh_order_operate.html HTTP/1.1" 200 2065
218.81.220.34 - - [12/Feb/2023:09:09:32 +0800] "GET /xingrg/kc/buy/cgsh_order_operate.html?command=get_materiel&rest_code=00146&code=00101006109&supplier_code=00100012&order_time=2023-02-12 HTTP/1.1" 200 409
116.238.139.35 - - [12/Feb/2023:09:09:33 +0800] "GET /xingrg/kc/buy/cgsh_order_operate.html?command=get_materiel&rest_code=00150&code=00101008270&supplier_code=00100008&order_time=2023-02-12 HTTP/1.1" 200 412
116.238.139.35 - - [12/Feb/2023:09:09:34 +0800] "GET /xingrg/kc/buy/cgsh_order_operate.html?command=get_materiel&rest_code=00150&code=00101006065&supplier_code=00100096&order_time=2023-02-12 HTTP/1.1" 200 409
114.83.217.99 - - [12/Feb/2023:09:09:36 +0800] "GET /xingrg/kc/buy/cgsh_order_operate.html?command=get_materiel&rest_code=00149&code=00101008005&supplier_code=00100008&order_time=2023-02-12 HTTP/1.1" 200 412
120.253.135.82 - - [12/Feb/2023:09:09:37 +0800] "POST /xingrg/kc/buy/cgsh_order_operate.html HTTP/1.1" 200 37
180.163.28.109 - - [12/Feb/2023:09:09:37 +0800] "GET /xingrg/kc/buy/cgsh_order_operate.html?command=get_materiel&rest_code=00106&code=00101008261&supplier_code=00100007&order_time=2023-02-12 HTTP/1.1" 302 -
180.163.28.109 - - [12/Feb/2023:09:09:37 +0800] "GET /xingrg/login.html HTTP/1.1" 200 7641
124.78.154.177 - - [12/Feb/2023:09:09:39 +0800] "GET /xingrg/kc/buy/cgsh_order_operate.html?command=get_materiel&rest_code=00106&code=00101011010&supplier_code=00100007&order_time=2023-02-12 HTTP/1.1" 200 418
120.253.135.82 - - [12/Feb/2023:09:09:40 +0800] "POST /xingrg/kc/buy/cgsh_order_operate.html HTTP/1.1" 200 2666
120.253.135.82 - - [12/Feb/2023:09:09:41 +0800] "GET /xingrg/kc/print/load_config.html?kc_code=cgsh HTTP/1.1" 200 1943
120.253.135.82 - - [12/Feb/2023:09:09:42 +0800] "GET /xingrg/kc/print/load_data.html?order_code=212023021203601&kc_code=cgsh&condition= HTTP/1.1" 200 668
58.40.7.146 - - [12/Feb/2023:09:09:44 +0800] "GET /xingrg/all/function/internal_message.html?_=1676164201367&CODE_STATE=getMsg HTTP/1.1" 200 27
116.238.139.35 - - [12/Feb/2023:09:09:45 +0800] "GET /xingrg/kc/buy/cgsh_order_operate.html?command=get_materiel&rest_code=00150&code=00101006055&supplier_code=00100096&order_time=2023-02-12 HTTP/1.1" 200 410
116.238.139.35 - - [12/Feb/2023:09:09:45 +0800] "GET /xingrg/kc/buy/cgsh_order_operate.html?command=get_materiel&rest_code=00150&code=00101008077&supplier_code=00100008&order_time=2023-02-12 HTTP/1.1" 200 416
114.83.217.99 - - [12/Feb/2023:09:09:46 +0800] "GET /xingrg/kc/buy/cgsh_order_operate.html?command=get_materiel&rest_code=00149&code=00101008353&supplier_code=00100008&order_time=2023-02-12 HTTP/1.1" 200 408
120.253.135.82 - - [12/Feb/2023:09:09:48 +0800] "POST /xingrg/login.do HTTP/1.1" 302 -
120.253.135.82 - - [12/Feb/2023:09:09:48 +0800] "GET /xingrg/index.html?sysBaseUrl=http%3A%2F%2F180.169.147.146%3A18081%2Fxingrg%2F&costTime=1109×tamp=1676164188235 HTTP/1.1" 200 17173
120.253.135.82 - - [12/Feb/2023:09:09:48 +0800] "GET /xingrg/all/function/internal_message.html?_=1676164331238&CODE_STATE=count HTTP/1.1" 200 11
120.253.135.82 - - [12/Feb/2023:09:09:48 +0800] "POST /xingrg/all/common/load_tree.html?tree=area_rest_tree_json&manage=1 HTTP/1.1" 200 344
120.253.135.82 - - [12/Feb/2023:09:09:48 +0800] "GET /xingrg/check_reg.html?_=1676164331239 HTTP/1.1" 200 22
120.253.135.82 - - [12/Feb/2023:09:09:48 +0800] "POST /xingrg/load_menu.html HTTP/1.1" 200 6743
114.83.217.99 - - [12/Feb/2023:09:09:52 +0800] "GET /xingrg/all/function/internal_message.html?_=1676164210132&CODE_STATE=getMsg HTTP/1.1" 200 27
120.253.135.82 - - [12/Feb/2023:09:09:53 +0800] "GET /xingrg/kc/pszx/mdps_order_list.html?orderType=0 HTTP/1.1" 200 21073
120.253.135.82 - - [12/Feb/2023:09:09:53 +0800] "GET /xingrg/kc/pszx/mdps_order_list.html?orderType=0 HTTP/1.1" 200 16412
116.238.139.35 - - [12/Feb/2023:09:09:53 +0800] "GET /xingrg/all/function/internal_message.html?_=1676164139133&CODE_STATE=getMsg HTTP/1.1" 200 27
120.253.135.82 - - [12/Feb/2023:09:09:54 +0800] "POST /xingrg/kc/pszx/mdps_list_operate.html HTTP/1.1" 200 5449
58.221.95.50 - - [12/Feb/2023:09:10:01 +0800] "GET /xingrg/all/function/internal_message.html?_=1676164219779&CODE_STATE=getMsg HTTP/1.1" 200 27
218.81.220.34 - - [12/Feb/2023:09:10:02 +0800] "GET /xingrg/kc/buy/cgsh_order_operate.html?command=get_materiel&rest_code=00146&code=00101006127&supplier_code=00100012&order_time=2023-02-12 HTTP/1.1" 200 422
116.235.93.82 - - [12/Feb/2023:09:10:02 +0800] "GET /xingrg/all/function/internal_message.html?_=1676164217422&CODE_STATE=getMsg HTTP/1.1" 200 27
222.70.177.73 - - [12/Feb/2023:09:10:02 +0800] "GET /xingrg/all/function/internal_message.html?_=1676164217596&CODE_STATE=getMsg HTTP/1.1" 200 27
101.83.145.75 - - [12/Feb/2023:09:10:03 +0800] "GET /xingrg/all/function/internal_message.html?_=1676164221170&CODE_STATE=getMsg HTTP/1.1" 200 27
120.253.135.82 - - [12/Feb/2023:09:10:07 +0800] "POST /xingrg/kc/pszx/mdps_list_operate.html HTTP/1.1" 200 5529
124.78.154.177 - - [12/Feb/2023:09:10:09 +0800] "POST /xingrg/kc/buy/cgsh_order_operate.html HTTP/1.1" 200 37
116.192.124.172 - - [12/Feb/2023:09:10:14 +0800] "GET /xingrg/all/function/internal_message.html?_=1676164231500&CODE_STATE=getMsg HTTP/1.1" 302 -
120.253.135.82 - - [12/Feb/2023:09:10:15 +0800] "POST /xingrg/kc/pszx/mdps_list_operate.html HTTP/1.1" 200 5532
124.78.154.177 - - [12/Feb/2023:09:10:15 +0800] "POST /xingrg/kc/buy/cgsh_order_operate.html HTTP/1.1" 200 34602
116.192.124.172 - - [12/Feb/2023:09:10:16 +0800] "GET /xingrg/all/function/internal_message.html?_=1676164234264&CODE_STATE=getMsg HTTP/1.1" 200 27
116.238.139.35 - - [12/Feb/2023:09:10:17 +0800] "GET /xingrg/kc/buy/cgsh_order_operate.html?command=get_materiel&rest_code=00150&code=00101008079&supplier_code=00100008&order_time=2023-02-12 HTTP/1.1" 200 23
116.238.139.35 - - [12/Feb/2023:09:10:18 +0800] "GET /xingrg/kc/buy/cgsh_order_operate.html?command=get_materiel&rest_code=00150&code=00101006109&supplier_code=00100096&order_time=2023-02-12 HTTP/1.1" 200 23
120.253.135.82 - - [12/Feb/2023:09:10:19 +0800] "POST /xingrg/kc/pszx/mdps_list_operate.html HTTP/1.1" 200 591
120.253.135.82 - - [12/Feb/2023:09:10:21 +0800] "GET /xingrg/kc/pszx/mdps_order_info.html?code=312023020700154 HTTP/1.1" 200 23988
114.83.217.99 - - [12/Feb/2023:09:10:21 +0800] "GET /xingrg/kc/buy/cgsh_order_operate.html?command=get_materiel&rest_code=00149&code=00101008213&supplier_code=00100008&order_time=2023-02-12 HTTP/1.1" 200 412
120.253.135.82 - - [12/Feb/2023:09:10:21 +0800] "GET /xingrg/words/20230210132246_words.js HTTP/1.1" 304 -
120.253.135.82 - - [12/Feb/2023:09:10:22 +0800] "GET /xingrg/javascript/easyui/themes/default/validatebox.css HTTP/1.1" 404 1104
120.253.135.82 - - [12/Feb/2023:09:10:22 +0800] "GET /xingrg/all/common/auto_word.html?type=base&rest_code=00101 HTTP/1.1" 200 671
120.253.135.82 - - [12/Feb/2023:09:10:23 +0800] "POST /xingrg/kc/pszx/mdps_order_operate.html HTTP/1.1" 200 5208
114.83.217.99 - - [12/Feb/2023:09:10:25 +0800] "POST /xingrg/kc/buy/cgsh_order_operate.html HTTP/1.1" 200 2065
116.230.105.139 - - [12/Feb/2023:09:10:25 +0800] "GET /xingrg/all/function/internal_message.html?_=1676164235113&CODE_STATE=getMsg HTTP/1.1" 200 27
116.230.105.139 - - [12/Feb/2023:09:10:25 +0800] "GET /xingrg/check_reg.html?_=1676164235115 HTTP/1.1" 200 22
116.192.124.172 - - [12/Feb/2023:09:10:27 +0800] "GET /xingrg/all/function/internal_message.html?_=1676164245489&CODE_STATE=getMsg HTTP/1.1" 200 27
116.238.139.35 - - [12/Feb/2023:09:10:28 +0800] "POST /xingrg/kc/buy/cgsh_order_operate.html HTTP/1.1" 200 37
116.238.139.35 - - [12/Feb/2023:09:10:29 +0800] "GET /xingrg/all/function/internal_message.html?_=1676164248695&CODE_STATE=getMsg HTTP/1.1" 200 27
116.238.139.35 - - [12/Feb/2023:09:10:32 +0800] "POST /xingrg/kc/buy/cgsh_order_operate.html HTTP/1.1" 200 37
116.238.139.35 - - [12/Feb/2023:09:10:32 +0800] "POST /xingrg/kc/buy/cgsh_order_operate.html HTTP/1.1" 200 12135
218.81.220.34 - - [12/Feb/2023:09:10:33 +0800] "GET /xingrg/kc/buy/cgsh_order_operate.html?command=get_materiel&rest_code=00146&code=00101006128&supplier_code=00100012&order_time=2023-02-12 HTTP/1.1" 200 427
116.238.139.35 - - [12/Feb/2023:09:10:34 +0800] "POST /xingrg/kc/buy/cgsh_order_operate.html HTTP/1.1" 200 4443
116.238.139.35 - - [12/Feb/2023:09:10:40 +0800] "POST /xingrg/kc/buy/cgsh_order_operate.html HTTP/1.1" 200 37
116.238.139.35 - - [12/Feb/2023:09:10:42 +0800] "POST /xingrg/kc/buy/cgsh_order_operate.html HTTP/1.1" 200 4443
58.40.7.146 - - [12/Feb/2023:09:10:44 +0800] "GET /xingrg/all/function/internal_message.html?_=1676164261353&CODE_STATE=getMsg HTTP/1.1" 200 27
114.83.217.99 - - [12/Feb/2023:09:10:44 +0800] "GET /xingrg/kc/buy/cgsh_order_operate.html?command=get_materiel&rest_code=00149&code=00101008291&supplier_code=00100008&order_time=2023-02-12 HTTP/1.1" 200 408
116.238.139.35 - - [12/Feb/2023:09:10:47 +0800] "GET /xingrg/javascript/jquery_easy_ui/themes/default/images/tabs_active.png HTTP/1.1" 304 -
120.253.135.82 - - [12/Feb/2023:09:10:48 +0800] "GET /xingrg/all/function/internal_message.html?_=1676164391246&CODE_STATE=getMsg HTTP/1.1" 200 27
114.83.217.99 - - [12/Feb/2023:09:10:52 +0800] "GET /xingrg/all/function/internal_message.html?_=1676164270167&CODE_STATE=getMsg HTTP/1.1" 200 27
116.238.139.35 - - [12/Feb/2023:09:10:53 +0800] "GET /xingrg/login.html HTTP/1.1" 200 7641
116.238.139.35 - - [12/Feb/2023:09:10:53 +0800] "GET /xingrg/images/blue/login_bg.png HTTP/1.1" 304 -
116.238.139.35 - - [12/Feb/2023:09:10:53 +0800] "GET /xingrg/images/blue/jxLogo.png HTTP/1.1" 304 -
116.238.139.35 - - [12/Feb/2023:09:10:53 +0800] "GET /xingrg/images/blue/srbg.png HTTP/1.1" 304 -
116.238.139.35 - - [12/Feb/2023:09:10:53 +0800] "GET /xingrg/images/blue/hj.png HTTP/1.1" 304 -
116.238.139.35 - - [12/Feb/2023:09:10:54 +0800] "GET /favicon.ico HTTP/1.1" 404 -
120.253.135.82 - - [12/Feb/2023:09:10:55 +0800] "GET /xingrg/check_reg.html?_=1676164093377 HTTP/1.1" 200 22
116.238.139.35 - - [12/Feb/2023:09:10:56 +0800] "POST /xingrg/login.do HTTP/1.1" 302 -
116.238.139.35 - - [12/Feb/2023:09:10:56 +0800] "GET /xingrg/javascript/jquery_easy_ui/themes/default/easyui.css HTTP/1.1" 304 -
116.238.139.35 - - [12/Feb/2023:09:10:56 +0800] "GET /xingrg/javascript/jquery_easy_ui/themes/icon.css HTTP/1.1" 304 -
116.238.139.35 - - [12/Feb/2023:09:10:56 +0800] "GET /xingrg/index.html?sysBaseUrl=http%3A%2F%2F180.169.147.146%3A18081%2Fxingrg%2F&costTime=1115×tamp=1676164256620 HTTP/1.1" 200 17179
116.238.139.35 - - [12/Feb/2023:09:10:56 +0800] "GET /xingrg/javascript/jquery-1.4.2.min.js HTTP/1.1" 304 -
116.238.139.35 - - [12/Feb/2023:09:10:56 +0800] "GET /xingrg/javascript/jquery.form.js HTTP/1.1" 304 -
116.238.139.35 - - [12/Feb/2023:09:10:56 +0800] "GET /xingrg/javascript/jquery.utils.js HTTP/1.1" 304 -
116.238.139.35 - - [12/Feb/2023:09:10:56 +0800] "GET /xingrg/css/form.css HTTP/1.1" 304 -
116.238.139.35 - - [12/Feb/2023:09:10:56 +0800] "GET /xingrg/javascript/jquery.timers.js HTTP/1.1" 304 -
116.238.139.35 - - [12/Feb/2023:09:10:56 +0800] "GET /favicon.ico HTTP/1.1" 404 -
116.238.139.35 - - [12/Feb/2023:09:10:56 +0800] "GET /xingrg/javascript/jquery_easy_ui/jquery.easyui.min.js HTTP/1.1" 304 -
116.238.139.35 - - [12/Feb/2023:09:10:56 +0800] "GET /xingrg/javascript/jquery_easy_ui/easyui-lang-zh_CN.js HTTP/1.1" 304 -
116.238.139.35 - - [12/Feb/2023:09:10:56 +0800] "GET /xingrg/images/blue/navBackgound.jpg HTTP/1.1" 304 -
116.238.139.35 - - [12/Feb/2023:09:10:56 +0800] "GET /xingrg/javascript/jquery_easy_ui/themes/icons/settle_new.png HTTP/1.1" 304 -
116.238.139.35 - - [12/Feb/2023:09:10:56 +0800] "GET /xingrg/images/blue/pingpu.png HTTP/1.1" 304 -
116.238.139.35 - - [12/Feb/2023:09:10:56 +0800] "GET /xingrg/javascript/jquery_easy_ui/themes/default/images/tabs_leftarrow.png HTTP/1.1" 304 -
116.238.139.35 - - [12/Feb/2023:09:10:56 +0800] "GET /xingrg/javascript/jquery_easy_ui/themes/default/images/tabs_rightarrow.png HTTP/1.1" 304 -
116.238.139.35 - - [12/Feb/2023:09:10:56 +0800] "GET /xingrg/javascript/jquery_easy_ui/themes/default/images/panel_tool_collapse.gif HTTP/1.1" 304 -
116.238.139.35 - - [12/Feb/2023:09:10:57 +0800] "GET /xingrg/all/function/internal_message.html?_=1676164202575&CODE_STATE=count HTTP/1.1" 200 11
116.238.139.35 - - [12/Feb/2023:09:10:57 +0800] "GET /xingrg/check_reg.html?_=1676164202576 HTTP/1.1" 200 22
116.238.139.35 - - [12/Feb/2023:09:10:57 +0800] "POST /xingrg/all/common/load_tree.html?tree=area_rest_tree_json&manage=1 HTTP/1.1" 200 476
116.238.139.35 - - [12/Feb/2023:09:10:57 +0800] "GET /xingrg/javascript/jquery_easy_ui/themes/default/images/tree_arrows.gif HTTP/1.1" 304 -
116.238.139.35 - - [12/Feb/2023:09:10:57 +0800] "POST /xingrg/load_menu.html HTTP/1.1" 200 5138
116.238.139.35 - - [12/Feb/2023:09:10:57 +0800] "GET /xingrg/javascript/jquery_easy_ui/themes/icons/search_new.png HTTP/1.1" 304 -
116.238.139.35 - - [12/Feb/2023:09:10:57 +0800] "GET /xingrg/javascript/jquery_easy_ui/themes/default/images/tree_folder_open.gif HTTP/1.1" 304 -
116.238.139.35 - - [12/Feb/2023:09:10:57 +0800] "GET /xingrg/javascript/jquery_easy_ui/themes/icons/storage_new.png HTTP/1.1" 304 -
116.238.139.35 - - [12/Feb/2023:09:10:57 +0800] "GET /xingrg/javascript/jquery_easy_ui/themes/default/images/tree_folder.gif HTTP/1.1" 304 -
116.238.139.35 - - [12/Feb/2023:09:10:57 +0800] "GET /xingrg/javascript/jquery_easy_ui/themes/icons/forms_new.png HTTP/1.1" 304 -
116.238.139.35 - - [12/Feb/2023:09:10:57 +0800] "GET /xingrg/javascript/jquery_easy_ui/themes/default/images/tree_file.gif HTTP/1.1" 304 -
114.83.217.99 - - [12/Feb/2023:09:10:57 +0800] "GET /xingrg/kc/buy/cgsh_order_operate.html?command=get_materiel&rest_code=00149&code=00101008095&supplier_code=00100008&order_time=2023-02-12 HTTP/1.1" 200 412
116.238.139.35 - - [12/Feb/2023:09:11:00 +0800] "GET /xingrg/javascript/jquery_easy_ui/themes/default/images/tabs_close.gif HTTP/1.1" 304 -
58.221.95.50 - - [12/Feb/2023:09:11:01 +0800] "GET /xingrg/all/function/internal_message.html?_=1676164279758&CODE_STATE=getMsg HTTP/1.1" 200 27
116.238.139.35 - - [12/Feb/2023:09:11:01 +0800] "GET /xingrg/css/base.css HTTP/1.1" 304 -
116.238.139.35 - - [12/Feb/2023:09:11:01 +0800] "GET /xingrg/css/site.css HTTP/1.1" 304 -
116.238.139.35 - - [12/Feb/2023:09:11:01 +0800] "GET /xingrg/javascript/jquery_tools/datebox.css HTTP/1.1" 304 -
116.238.139.35 - - [12/Feb/2023:09:11:01 +0800] "GET /xingrg/javascript/auto/jquery.autocomplete.css HTTP/1.1" 304 -
120.253.135.82 - - [12/Feb/2023:09:11:01 +0800] "POST /xingrg/kc/buy/cgsh_order_operate.html HTTP/1.1" 200 37
116.238.139.35 - - [12/Feb/2023:09:11:01 +0800] "GET /xingrg/javascript/easyui/themes/default/easyui.css HTTP/1.1" 304 -
116.238.139.35 - - [12/Feb/2023:09:11:01 +0800] "GET /xingrg/javascript/jquery_tools/table.css HTTP/1.1" 304 -
116.238.139.35 - - [12/Feb/2023:09:11:01 +0800] "GET /xingrg/kc/buy/cgsh_order_list.html HTTP/1.1" 200 54063
116.238.139.35 - - [12/Feb/2023:09:11:01 +0800] "GET /xingrg/javascript/jquery_tools/jquery.tools.table.js HTTP/1.1" 304 -
116.238.139.35 - - [12/Feb/2023:09:11:01 +0800] "GET /xingrg/javascript/jquery_tools/jquery.tools.extend.js HTTP/1.1" 304 -
116.238.139.35 - - [12/Feb/2023:09:11:01 +0800] "GET /xingrg/javascript/jquery_tools/jquery.tools.min.js HTTP/1.1" 304 -
116.238.139.35 - - [12/Feb/2023:09:11:01 +0800] "GET /xingrg/javascript/jquery_tools/list_manager.js HTTP/1.1" 304 -
116.238.139.35 - - [12/Feb/2023:09:11:01 +0800] "GET /xingrg/javascript/jquery.cookie.js HTTP/1.1" 304 -
116.238.139.35 - - [12/Feb/2023:09:11:01 +0800] "GET /xingrg/javascript/print/LodopFuncs.js HTTP/1.1" 304 -
116.238.139.35 - - [12/Feb/2023:09:11:01 +0800] "GET /xingrg/javascript/auto/jquery.autocomplete.js HTTP/1.1" 304 -
116.238.139.35 - - [12/Feb/2023:09:11:01 +0800] "GET /xingrg/javascript/easyui/easyloader.js HTTP/1.1" 304 -
116.238.139.35 - - [12/Feb/2023:09:11:01 +0800] "GET /xingrg/javascript/jquery_tools/fix.css HTTP/1.1" 304 -
116.238.139.35 - - [12/Feb/2023:09:11:01 +0800] "GET /xingrg/javascript/easyui/themes/icon.css HTTP/1.1" 304 -
116.238.139.35 - - [12/Feb/2023:09:11:01 +0800] "GET /xingrg/javascript/jquery_tools/jquery.tools.hotkey.js HTTP/1.1" 304 -
116.238.139.35 - - [12/Feb/2023:09:11:01 +0800] "GET /xingrg/javascript/easyui/themes/icons/cance_new.png HTTP/1.1" 304 -
116.238.139.35 - - [12/Feb/2023:09:11:01 +0800] "GET /xingrg/javascript/easyui/themes/icons/edit_add_new.png HTTP/1.1" 304 -
116.238.139.35 - - [12/Feb/2023:09:11:01 +0800] "GET /xingrg/javascript/easyui/themes/icons/field_new.png HTTP/1.1" 304 -
116.238.139.35 - - [12/Feb/2023:09:11:01 +0800] "GET /xingrg/javascript/easyui/themes/icons/import_new.png HTTP/1.1" 304 -
116.238.139.35 - - [12/Feb/2023:09:11:01 +0800] "GET /xingrg/javascript/easyui/themes/icons/check_new.png HTTP/1.1" 304 -
116.238.139.35 - - [12/Feb/2023:09:11:01 +0800] "GET /xingrg/javascript/easyui/plugins/jquery.parser.js HTTP/1.1" 304 -
116.238.139.35 - - [12/Feb/2023:09:11:01 +0800] "GET /xingrg/images/control/ajaxLoader.gif HTTP/1.1" 304 -
116.235.93.82 - - [12/Feb/2023:09:11:02 +0800] "GET /xingrg/all/function/internal_message.html?_=1676164277417&CODE_STATE=getMsg HTTP/1.1" 200 27
222.70.177.73 - - [12/Feb/2023:09:11:02 +0800] "GET /xingrg/all/function/internal_message.html?_=1676164277590&CODE_STATE=getMsg HTTP/1.1" 200 27
101.83.145.75 - - [12/Feb/2023:09:11:03 +0800] "GET /xingrg/all/function/internal_message.html?_=1676164281138&CODE_STATE=getMsg HTTP/1.1" 200 27
101.83.145.75 - - [12/Feb/2023:09:11:03 +0800] "GET /xingrg/check_reg.html?_=1676164281244 HTTP/1.1" 200 22
114.83.217.99 - - [12/Feb/2023:09:11:09 +0800] "GET /xingrg/kc/buy/cgsh_order_operate.html?command=get_materiel&rest_code=00149&code=00101008674&supplier_code=00100008&order_time=2023-02-12 HTTP/1.1" 200 413
124.78.154.177 - - [12/Feb/2023:09:11:09 +0800] "GET /xingrg/all/function/internal_message.html?_=1676164285738&CODE_STATE=getMsg HTTP/1.1" 200 27
120.253.135.82 - - [12/Feb/2023:09:11:09 +0800] "POST /xingrg/kc/buy/cgsh_order_operate.html HTTP/1.1" 200 12
116.238.139.35 - - [12/Feb/2023:09:11:10 +0800] "POST /xingrg/kc/buy/cgsh_list_operate.html HTTP/1.1" 200 2302
180.169.147.146 - - [12/Feb/2023:09:11:11 +0800] "GET /favicon.ico HTTP/1.1" 404 -
120.253.135.82 - - [12/Feb/2023:09:11:12 +0800] "GET /xingrg/kc/buy/cgsh_order_info.html?code=212023021203601 HTTP/1.1" 200 63807
120.253.135.82 - - [12/Feb/2023:09:11:13 +0800] "GET /xingrg/javascript/easyui/themes/default/validatebox.css HTTP/1.1" 404 1104
116.238.139.35 - - [12/Feb/2023:09:11:13 +0800] "POST /xingrg/kc/buy/cgsh_list_operate.html HTTP/1.1" 200 571
120.253.135.82 - - [12/Feb/2023:09:11:13 +0800] "POST /xingrg/kc/buy/cgsh_order_operate.html HTTP/1.1" 200 616
116.192.124.172 - - [12/Feb/2023:09:11:14 +0800] "GET /xingrg/all/function/internal_message.html?_=1676164291475&CODE_STATE=getMsg HTTP/1.1" 302 -
180.169.147.146 - - [12/Feb/2023:09:11:16 +0800] "GET /favicon.ico HTTP/1.1" 404 -
116.238.139.35 - - [12/Feb/2023:09:11:16 +0800] "GET /xingrg/javascript/pic_change.js HTTP/1.1" 304 -
116.238.139.35 - - [12/Feb/2023:09:11:16 +0800] "GET /xingrg/javascript/json2.js HTTP/1.1" 304 -
116.238.139.35 - - [12/Feb/2023:09:11:16 +0800] "GET /xingrg/javascript/convert.js HTTP/1.1" 304 -
116.238.139.35 - - [12/Feb/2023:09:11:16 +0800] "GET /xingrg/javascript/jquery_tools/order_manager.js HTTP/1.1" 304 -
116.238.139.35 - - [12/Feb/2023:09:11:16 +0800] "GET /xingrg/javascript/print/kc_print.js HTTP/1.1" 304 -
116.238.139.35 - - [12/Feb/2023:09:11:16 +0800] "GET /xingrg/kc/buy/cgsh_order_info.html?code=212023021203602 HTTP/1.1" 200 69860
116.238.139.35 - - [12/Feb/2023:09:11:16 +0800] "GET /xingrg/words/20230210132246_words.js HTTP/1.1" 304 -
116.238.139.35 - - [12/Feb/2023:09:11:16 +0800] "GET /xingrg/javascript/easyui/themes/icons/copy_new.png HTTP/1.1" 304 -
116.238.139.35 - - [12/Feb/2023:09:11:16 +0800] "GET /xingrg/javascript/easyui/themes/icons/template_new.png HTTP/1.1" 304 -
116.238.139.35 - - [12/Feb/2023:09:11:16 +0800] "GET /xingrg/javascript/easyui/themes/icons/print.png HTTP/1.1" 304 -
116.238.139.35 - - [12/Feb/2023:09:11:16 +0800] "GET /xingrg/javascript/easyui/themes/default/images/menu_downarrow.png HTTP/1.1" 304 -
116.238.139.35 - - [12/Feb/2023:09:11:16 +0800] "GET /xingrg/javascript/easyui/themes/icons/ok.png HTTP/1.1" 304 -
116.238.139.35 - - [12/Feb/2023:09:11:16 +0800] "GET /xingrg/javascript/easyui/themes/icons/cancel.png HTTP/1.1" 304 -
116.192.124.172 - - [12/Feb/2023:09:11:16 +0800] "GET /xingrg/all/function/internal_message.html?_=1676164294265&CODE_STATE=getMsg HTTP/1.1" 200 27
116.238.139.35 - - [12/Feb/2023:09:11:16 +0800] "GET /xingrg/javascript/easyui/themes/default/validatebox.css HTTP/1.1" 404 1104
116.238.139.35 - - [12/Feb/2023:09:11:16 +0800] "GET /xingrg/javascript/easyui/plugins/jquery.validatebox.js HTTP/1.1" 304 -
116.238.139.35 - - [12/Feb/2023:09:11:16 +0800] "GET /xingrg/javascript/easyui/plugins/jquery.numberbox.js HTTP/1.1" 304 -
116.238.139.35 - - [12/Feb/2023:09:11:16 +0800] "GET /xingrg/all/common/auto_word.html?type=employee&rest_code=00150 HTTP/1.1" 200 159
116.238.139.35 - - [12/Feb/2023:09:11:16 +0800] "GET /xingrg/all/common/auto_word.html?type=employee&rest_code=00150 HTTP/1.1" 200 159
116.238.139.35 - - [12/Feb/2023:09:11:17 +0800] "POST /xingrg/kc/buy/cgsh_order_operate.html HTTP/1.1" 200 12135
116.238.139.35 - - [12/Feb/2023:09:11:17 +0800] "GET /xingrg/javascript/easyui/themes/icons/edit_remove.png HTTP/1.1" 304 -
114.83.217.99 - - [12/Feb/2023:09:11:18 +0800] "GET /xingrg/kc/buy/cgsh_order_operate.html?command=get_materiel&rest_code=00149&code=00101008041&supplier_code=00100008&order_time=2023-02-12 HTTP/1.1" 200 408
114.88.159.190 - - [12/Feb/2023:09:11:19 +0800] "GET /xingrg/check_reg.html?_=1676163862627 HTTP/1.1" 302 -
114.83.217.99 - - [12/Feb/2023:09:11:21 +0800] "POST /xingrg/kc/buy/cgsh_order_operate.html HTTP/1.1" 200 2065
180.169.147.146 - - [12/Feb/2023:09:11:22 +0800] "GET /xingrg/index.html?sysBaseUrl=http%3A%2F%2F180.169.147.146%3A18081%2Fxingrg%2F&costTime=39×tamp=1592034574635 HTTP/1.1" 302 -
180.169.147.146 - - [12/Feb/2023:09:11:22 +0800] "GET /xingrg/login.html HTTP/1.1" 200 7641
180.169.147.146 - - [12/Feb/2023:09:11:22 +0800] "GET /xingrg/images/blue/jxLogo.png HTTP/1.1" 200 6156
180.169.147.146 - - [12/Feb/2023:09:11:22 +0800] "GET /xingrg/images/blue/login_bg.png HTTP/1.1" 200 22101
180.169.147.146 - - [12/Feb/2023:09:11:22 +0800] "GET /favicon.ico HTTP/1.1" 404 -
180.169.147.146 - - [12/Feb/2023:09:11:22 +0800] "GET /xingrg/images/blue/hj.png HTTP/1.1" 200 1014
180.169.147.146 - - [12/Feb/2023:09:11:22 +0800] "GET /xingrg/images/blue/srbg.png HTTP/1.1" 200 138
180.169.147.146 - - [12/Feb/2023:09:11:24 +0800] "POST /xingrg/login.do HTTP/1.1" 302 -
180.169.147.146 - - [12/Feb/2023:09:11:24 +0800] "GET /xingrg/index.html?sysBaseUrl=http%3A%2F%2F180.169.147.146%3A18081%2Fxingrg%2F&costTime=1210×tamp=1676164284864 HTTP/1.1" 200 17503
180.169.147.146 - - [12/Feb/2023:09:11:24 +0800] "GET /xingrg/javascript/jquery_easy_ui/themes/icon.css HTTP/1.1" 200 3949
180.169.147.146 - - [12/Feb/2023:09:11:24 +0800] "GET /xingrg/javascript/jquery_easy_ui/themes/default/easyui.css HTTP/1.1" 200 26500
180.169.147.146 - - [12/Feb/2023:09:11:24 +0800] "GET /xingrg/javascript/jquery_easy_ui/easyui-lang-zh_CN.js HTTP/1.1" 200 1900
180.169.147.146 - - [12/Feb/2023:09:11:24 +0800] "GET /xingrg/javascript/jquery.timers.js HTTP/1.1" 200 3532
180.169.147.146 - - [12/Feb/2023:09:11:24 +0800] "GET /xingrg/javascript/jquery.utils.js HTTP/1.1" 200 11805
180.169.147.146 - - [12/Feb/2023:09:11:24 +0800] "GET /xingrg/javascript/jquery-1.4.2.min.js HTTP/1.1" 200 72205
180.169.147.146 - - [12/Feb/2023:09:11:24 +0800] "GET /xingrg/css/form.css HTTP/1.1" 200 893
180.169.147.146 - - [12/Feb/2023:09:11:25 +0800] "GET /xingrg/javascript/jquery_easy_ui/jquery.easyui.min.js HTTP/1.1" 200 213662
180.169.147.146 - - [12/Feb/2023:09:11:25 +0800] "GET /favicon.ico HTTP/1.1" 404 -
180.169.147.146 - - [12/Feb/2023:09:11:25 +0800] "GET /xingrg/javascript/jquery.form.js HTTP/1.1" 200 23110
180.169.147.146 - - [12/Feb/2023:09:11:25 +0800] "GET /xingrg/javascript/jquery_easy_ui/themes/icons/settle_new.png HTTP/1.1" 200 826
180.169.147.146 - - [12/Feb/2023:09:11:25 +0800] "GET /xingrg/images/blue/navBackgound.jpg HTTP/1.1" 200 12378
180.169.147.146 - - [12/Feb/2023:09:11:25 +0800] "GET /xingrg/all/function/internal_message.html?_=1676164302416&CODE_STATE=count HTTP/1.1" 200 11
180.169.147.146 - - [12/Feb/2023:09:11:25 +0800] "GET /xingrg/check_reg.html?_=1676164302416 HTTP/1.1" 200 22
180.169.147.146 - - [12/Feb/2023:09:11:25 +0800] "GET /xingrg/images/blue/pingpu.png HTTP/1.1" 200 231
180.169.147.146 - - [12/Feb/2023:09:11:25 +0800] "GET /xingrg/javascript/jquery_easy_ui/themes/default/images/tabs_leftarrow.png HTTP/1.1" 200 389
180.169.147.146 - - [12/Feb/2023:09:11:25 +0800] "GET /xingrg/javascript/jquery_easy_ui/themes/default/images/panel_tool_expand.gif HTTP/1.1" 200 247
180.169.147.146 - - [12/Feb/2023:09:11:25 +0800] "GET /xingrg/javascript/jquery_easy_ui/themes/default/images/tabs_rightarrow.png HTTP/1.1" 200 395
180.169.147.146 - - [12/Feb/2023:09:11:25 +0800] "GET /xingrg/javascript/jquery_easy_ui/themes/default/images/panel_tool_collapse.gif HTTP/1.1" 200 246
180.169.147.146 - - [12/Feb/2023:09:11:25 +0800] "POST /xingrg/all/common/load_tree.html?tree=area_rest_tree_json&manage=1 HTTP/1.1" 200 3499
180.169.147.146 - - [12/Feb/2023:09:11:25 +0800] "POST /xingrg/load_menu.html HTTP/1.1" 200 11564
116.238.139.35 - - [12/Feb/2023:09:11:25 +0800] "GET /xingrg/javascript/auto/indicator.gif HTTP/1.1" 404 1066
180.169.147.146 - - [12/Feb/2023:09:11:25 +0800] "GET /xingrg/javascript/jquery_easy_ui/themes/default/images/tree_arrows.gif HTTP/1.1" 200 1043
180.169.147.146 - - [12/Feb/2023:09:11:25 +0800] "GET /xingrg/javascript/jquery_easy_ui/themes/default/images/tree_folder_open.gif HTTP/1.1" 200 956
180.169.147.146 - - [12/Feb/2023:09:11:25 +0800] "GET /xingrg/javascript/jquery_easy_ui/themes/icons/search_new.png HTTP/1.1" 200 586
180.169.147.146 - - [12/Feb/2023:09:11:25 +0800] "GET /xingrg/javascript/jquery_easy_ui/themes/icons/delivery_new.png HTTP/1.1" 200 700
180.169.147.146 - - [12/Feb/2023:09:11:25 +0800] "GET /xingrg/javascript/jquery_easy_ui/themes/icons/checkout_new.png HTTP/1.1" 200 744
180.169.147.146 - - [12/Feb/2023:09:11:25 +0800] "GET /xingrg/javascript/jquery_easy_ui/themes/icons/forms_new.png HTTP/1.1" 200 350
180.169.147.146 - - [12/Feb/2023:09:11:25 +0800] "GET /xingrg/javascript/jquery_easy_ui/themes/icons/systemset_new.png HTTP/1.1" 200 606
180.169.147.146 - - [12/Feb/2023:09:11:25 +0800] "GET /xingrg/javascript/jquery_easy_ui/themes/icons/setting_new.png HTTP/1.1" 200 450
180.169.147.146 - - [12/Feb/2023:09:11:25 +0800] "GET /xingrg/javascript/jquery_easy_ui/themes/icons/storage_new.png HTTP/1.1" 200 853
180.169.147.146 - - [12/Feb/2023:09:11:25 +0800] "GET /xingrg/javascript/jquery_easy_ui/themes/default/images/tree_folder.gif HTTP/1.1" 200 952
180.169.147.146 - - [12/Feb/2023:09:11:25 +0800] "GET /xingrg/javascript/jquery_easy_ui/themes/default/images/tree_file.gif HTTP/1.1" 200 118
116.230.105.139 - - [12/Feb/2023:09:11:25 +0800] "GET /xingrg/all/function/internal_message.html?_=1676164295122&CODE_STATE=getMsg HTTP/1.1" 200 27
180.169.147.146 - - [12/Feb/2023:09:11:26 +0800] "GET /xingrg/javascript/jquery_easy_ui/themes/icons/area.png HTTP/1.1" 200 262
180.169.147.146 - - [12/Feb/2023:09:11:26 +0800] "GET /xingrg/javascript/jquery_easy_ui/themes/icons/rest.png HTTP/1.1" 200 695
180.169.147.146 - - [12/Feb/2023:09:11:26 +0800] "GET /xingrg/javascript/jquery_easy_ui/themes/icons/manage.png HTTP/1.1" 200 696
114.83.217.99 - - [12/Feb/2023:09:11:27 +0800] "GET /xingrg/kc/buy/cgsh_order_operate.html?command=get_materiel&rest_code=00149&code=00101008275&supplier_code=00100008&order_time=2023-02-12 HTTP/1.1" 200 416
116.192.124.172 - - [12/Feb/2023:09:11:27 +0800] "GET /xingrg/all/function/internal_message.html?_=1676164305477&CODE_STATE=getMsg HTTP/1.1" 200 27
180.169.147.146 - - [12/Feb/2023:09:11:27 +0800] "GET /xingrg/javascript/jquery_easy_ui/themes/default/images/tabs_close.gif HTTP/1.1" 200 829
180.169.147.146 - - [12/Feb/2023:09:11:27 +0800] "GET /xingrg/kc/report/report_main.html HTTP/1.1" 200 8599
180.169.147.146 - - [12/Feb/2023:09:11:28 +0800] "GET /xingrg/javascript/pic_change.js HTTP/1.1" 200 4739
180.169.147.146 - - [12/Feb/2023:09:11:28 +0800] "GET /xingrg/css/blue.css HTTP/1.1" 200 15949
180.169.147.146 - - [12/Feb/2023:09:11:28 +0800] "GET /xingrg/javascript/jquery_ui/themes/humanity/humanity.css HTTP/1.1" 200 27801
180.169.147.146 - - [12/Feb/2023:09:11:28 +0800] "GET /xingrg/javascript/myfunction.js HTTP/1.1" 200 24559
180.169.147.146 - - [12/Feb/2023:09:11:28 +0800] "GET /xingrg/javascript/json2.js HTTP/1.1" 200 11259
180.169.147.146 - - [12/Feb/2023:09:11:28 +0800] "GET /xingrg/javascript/jquery_easy_ui/themes/icons/back_new.png HTTP/1.1" 200 3414
180.169.147.146 - - [12/Feb/2023:09:11:30 +0800] "GET /xingrg/all/report/report_query.html?fileName=kc/buy/gys_amount_base_rest.xml HTTP/1.1" 200 51664
180.169.147.146 - - [12/Feb/2023:09:11:30 +0800] "GET /xingrg/javascript/multi_select/jqueryMultiSelect.css HTTP/1.1" 200 951
180.169.147.146 - - [12/Feb/2023:09:11:30 +0800] "GET /xingrg/javascript/calendar/timePicker.css HTTP/1.1" 200 523
180.169.147.146 - - [12/Feb/2023:09:11:30 +0800] "GET /xingrg/javascript/bigrid/fix.css HTTP/1.1" 200 1702
180.169.147.146 - - [12/Feb/2023:09:11:30 +0800] "GET /xingrg/dwr/interface/AjaxReportQueryService.js HTTP/1.1" 200 13203
180.169.147.146 - - [12/Feb/2023:09:11:30 +0800] "GET /xingrg/dwr/engine.js HTTP/1.1" 200 43631
180.169.147.146 - - [12/Feb/2023:09:11:30 +0800] "GET /xingrg/dwr/util.js HTTP/1.1" 200 35990
180.169.147.146 - - [12/Feb/2023:09:11:30 +0800] "GET /xingrg/javascript/jqueryMultiSelect.js HTTP/1.1" 200 11866
180.169.147.146 - - [12/Feb/2023:09:11:30 +0800] "GET /xingrg/javascript/calendar/jquery.timePicker.min.js HTTP/1.1" 200 2997
180.169.147.146 - - [12/Feb/2023:09:11:30 +0800] "GET /xingrg/javascript/Calendar.js HTTP/1.1" 200 31561
180.169.147.146 - - [12/Feb/2023:09:11:30 +0800] "GET /xingrg/javascript/bigrid/fix.js HTTP/1.1" 200 6439
116.238.139.35 - - [12/Feb/2023:09:11:30 +0800] "GET /xingrg/kc/buy/cgsh_order_operate.html?command=get_materiel&rest_code=00150&code=00101008079&supplier_code=00100008&order_time=2023-02-12 HTTP/1.1" 200 417
180.169.147.146 - - [12/Feb/2023:09:11:30 +0800] "GET /xingrg/images/blue/button/advance2over.gif HTTP/1.1" 200 1336
180.169.147.146 - - [12/Feb/2023:09:11:30 +0800] "GET /xingrg/images/blue/button/advanceover.gif HTTP/1.1" 200 1347
180.169.147.146 - - [12/Feb/2023:09:11:30 +0800] "GET /xingrg/images/blue/button/back2over.gif HTTP/1.1" 200 1335
180.169.147.146 - - [12/Feb/2023:09:11:30 +0800] "GET /xingrg/images/control/loading.gif HTTP/1.1" 200 13463
180.169.147.146 - - [12/Feb/2023:09:11:30 +0800] "GET /xingrg/images/blue/button/backover.gif HTTP/1.1" 200 1348
180.169.147.146 - - [12/Feb/2023:09:11:30 +0800] "GET /xingrg/javascript/jquery_easy_ui/themes/icons/help.png HTTP/1.1" 200 1187
180.169.147.146 - - [12/Feb/2023:09:11:30 +0800] "GET /xingrg/javascript/jquery_easy_ui/themes/default/images/menu_downarrow.png HTTP/1.1" 200 173
180.169.147.146 - - [12/Feb/2023:09:11:30 +0800] "POST /xingrg/dwr/call/plaincall/AjaxReportQueryService.getFixDate.dwr HTTP/1.1" 200 111
180.169.147.146 - - [12/Feb/2023:09:11:30 +0800] "GET /xingrg/javascript/jquery_easy_ui/themes/default/images/button_a_bg.gif HTTP/1.1" 200 1194
180.169.147.146 - - [12/Feb/2023:09:11:30 +0800] "GET /xingrg/javascript/jquery_easy_ui/themes/icons/print.png HTTP/1.1" 200 1057
180.169.147.146 - - [12/Feb/2023:09:11:30 +0800] "GET /xingrg/javascript/jquery_easy_ui/themes/icons/pencil.png HTTP/1.1" 200 713
180.169.147.146 - - [12/Feb/2023:09:11:30 +0800] "GET /xingrg/javascript/jquery_easy_ui/themes/default/images/menu.gif HTTP/1.1" 200 834
180.169.147.146 - - [12/Feb/2023:09:11:30 +0800] "GET /xingrg/javascript/jquery_easy_ui/themes/default/images/menu_rightarrow.png HTTP/1.1" 200 3617
120.253.135.82 - - [12/Feb/2023:09:11:30 +0800] "GET /xingrg/kc/buy/cgsh_order_add.html HTTP/1.1" 200 68902
180.169.147.146 - - [12/Feb/2023:09:11:30 +0800] "GET /xingrg/javascript/jquery_easy_ui/themes/default/images/combo_arrow_dot.gif HTTP/1.1" 200 79
180.169.147.146 - - [12/Feb/2023:09:11:30 +0800] "POST /xingrg/all/common/load_tree.html?tree=area_rest_tree_json&manage=1 HTTP/1.1" 200 3499
120.253.135.82 - - [12/Feb/2023:09:11:30 +0800] "POST /xingrg/kc/buy/cgsh_order_operate.html HTTP/1.1" 200 8245
180.169.147.146 - - [12/Feb/2023:09:11:30 +0800] "GET /xingrg/javascript/jquery_easy_ui/themes/default/images/tree_checkbox_0.gif HTTP/1.1" 200 168
120.253.135.82 - - [12/Feb/2023:09:11:30 +0800] "GET /xingrg/javascript/easyui/themes/default/validatebox.css HTTP/1.1" 404 1104
180.169.147.146 - - [12/Feb/2023:09:11:31 +0800] "GET /xingrg/javascript/jquery_easy_ui/themes/default/images/tabs_active.png HTTP/1.1" 200 2894
180.169.147.146 - - [12/Feb/2023:09:11:31 +0800] "POST /xingrg/all/common/load_tree.html?tree=supplier_tree_json&manage=1 HTTP/1.1" 200 72673
120.253.135.82 - - [12/Feb/2023:09:11:35 +0800] "POST /xingrg/kc/pszx/mdps_list_operate.html HTTP/1.1" 200 203
120.253.135.82 - - [12/Feb/2023:09:11:35 +0800] "POST /xingrg/all/common/load_combo.html?type=employee HTTP/1.1" 200 1752
180.169.147.146 - - [12/Feb/2023:09:11:36 +0800] "GET /xingrg/javascript/jquery_easy_ui/themes/default/images/button_plain_hover.png HTTP/1.1" 200 252
120.253.135.82 - - [12/Feb/2023:09:11:38 +0800] "POST /xingrg/kc/pszx/mdps_list_operate.html HTTP/1.1" 200 202
218.81.220.34 - - [12/Feb/2023:09:11:40 +0800] "GET /xingrg/kc/buy/cgsh_order_operate.html?command=get_materiel&rest_code=00146&code=00101006025&supplier_code=00100012&order_time=2023-02-12 HTTP/1.1" 200 417
114.83.217.99 - - [12/Feb/2023:09:11:41 +0800] "GET /xingrg/kc/buy/cgsh_order_operate.html?command=get_materiel&rest_code=00149&code=00101009015&supplier_code=00100008&order_time=2023-02-12 HTTP/1.1" 200 416
120.253.135.82 - - [12/Feb/2023:09:11:43 +0800] "POST /xingrg/kc/pszx/mdps_list_operate.html HTTP/1.1" 200 637
58.40.7.146 - - [12/Feb/2023:09:11:44 +0800] "GET /xingrg/all/function/internal_message.html?_=1676164321327&CODE_STATE=getMsg HTTP/1.1" 200 27
120.253.135.82 - - [12/Feb/2023:09:11:48 +0800] "GET /xingrg/all/function/internal_message.html?_=1676164451254&CODE_STATE=getMsg HTTP/1.1" 200 27
120.253.135.82 - - [12/Feb/2023:09:11:50 +0800] "GET /xingrg/kc/buy/cgsh_order_operate.html?command=get_materiel&rest_code=00101&code=00101013293&supplier_code=00100151&order_time=2023-02-12 HTTP/1.1" 200 429
114.83.217.99 - - [12/Feb/2023:09:11:50 +0800] "GET /xingrg/kc/buy/cgsh_order_operate.html?command=get_materiel&rest_code=00149&code=00101008167&supplier_code=00100008&order_time=2023-02-12 HTTP/1.1" 200 413
114.83.217.99 - - [12/Feb/2023:09:11:52 +0800] "GET /xingrg/all/function/internal_message.html?_=1676164330149&CODE_STATE=getMsg HTTP/1.1" 200 27
116.238.139.35 - - [12/Feb/2023:09:11:53 +0800] "GET /xingrg/kc/buy/cgsh_order_operate.html?command=get_materiel&rest_code=00150&code=00101008286&supplier_code=00100008&order_time=2023-02-12 HTTP/1.1" 200 408
116.238.139.35 - - [12/Feb/2023:09:11:57 +0800] "GET /xingrg/all/function/internal_message.html?_=1676164262589&CODE_STATE=getMsg HTTP/1.1" 200 27
218.81.220.34 - - [12/Feb/2023:09:11:57 +0800] "GET /xingrg/kc/buy/cgsh_order_operate.html?command=get_materiel&rest_code=00146&code=00101006177&supplier_code=00100012&order_time=2023-02-12 HTTP/1.1" 200 409
58.221.95.50 - - [12/Feb/2023:09:12:01 +0800] "GET /xingrg/all/function/internal_message.html?_=1676164339732&CODE_STATE=getMsg HTTP/1.1" 200 27
116.238.139.35 - - [12/Feb/2023:09:12:02 +0800] "GET /xingrg/kc/buy/cgsh_order_operate.html?command=get_materiel&rest_code=00150&code=00101008694&supplier_code=00100008&order_time=2023-02-12 HTTP/1.1" 200 420
116.235.93.82 - - [12/Feb/2023:09:12:02 +0800] "GET /xingrg/all/function/internal_message.html?_=1676164337413&CODE_STATE=getMsg HTTP/1.1" 200 27
222.70.177.73 - - [12/Feb/2023:09:12:02 +0800] "GET /xingrg/all/function/internal_message.html?_=1676164337582&CODE_STATE=getMsg HTTP/1.1" 200 27
101.83.145.75 - - [12/Feb/2023:09:12:02 +0800] "GET /xingrg/all/function/internal_message.html?_=1676164341109&CODE_STATE=getMsg HTTP/1.1" 200 27
