114.92.194.121 - - [06/Feb/2023:08:45:12 +0800] "POST /xingrg/all/common/load_tree.html?tree=area_rest_tree_json HTTP/1.1" 200 3499
218.81.216.21 - - [06/Feb/2023:08:45:18 +0800] "GET /xingrg/check_reg.html?_=1675644340994 HTTP/1.1" 200 22
218.81.216.21 - - [06/Feb/2023:08:45:18 +0800] "GET /xingrg/all/function/internal_message.html?_=1675644341180&CODE_STATE=getMsg HTTP/1.1" 200 27
114.92.194.121 - - [06/Feb/2023:08:45:19 +0800] "POST /xingrg/supplier/cgsh_list_operate.html HTTP/1.1" 200 3765
218.81.216.21 - - [06/Feb/2023:08:45:32 +0800] "POST /xingrg/kc/buy/cgsh_order_operate.html HTTP/1.1" 200 2065
114.92.194.121 - - [06/Feb/2023:08:45:37 +0800] "POST /xingrg/supplier/cgsh_list_operate.html HTTP/1.1" 200 6287
218.81.216.21 - - [06/Feb/2023:08:45:42 +0800] "GET /xingrg/kc/buy/cgsh_order_operate.html?command=get_materiel&rest_code=00146&code=00101008318&supplier_code=00100005&order_time=2023-02-06 HTTP/1.1" 200 408
58.221.95.50 - - [06/Feb/2023:08:45:43 +0800] "GET /xingrg/all/function/internal_message.html?_=1675644365781&CODE_STATE=getMsg HTTP/1.1" 200 27
120.253.135.82 - - [06/Feb/2023:08:45:45 +0800] "GET /xingrg/all/function/internal_message.html?_=1675644491032&CODE_STATE=getMsg HTTP/1.1" 200 27
120.253.135.82 - - [06/Feb/2023:08:45:45 +0800] "GET /xingrg/check_reg.html?_=1675644491034 HTTP/1.1" 200 22
120.253.135.82 - - [06/Feb/2023:08:45:46 +0800] "GET /xingrg/check_reg.html?_=1675644183012 HTTP/1.1" 200 22
116.238.139.35 - - [06/Feb/2023:08:45:47 +0800] "GET /xingrg/all/function/internal_message.html?_=1675644369848&CODE_STATE=getMsg HTTP/1.1" 200 27
218.81.216.21 - - [06/Feb/2023:08:45:55 +0800] "POST /xingrg/kc/buy/cgsh_order_operate.html HTTP/1.1" 200 37
218.81.216.21 - - [06/Feb/2023:08:45:58 +0800] "POST /xingrg/kc/buy/cgsh_order_operate.html HTTP/1.1" 200 26308
116.238.139.35 - - [06/Feb/2023:08:45:59 +0800] "GET /xingrg/all/function/internal_message.html?_=1675644308015&CODE_STATE=getMsg HTTP/1.1" 200 27
116.230.105.139 - - [06/Feb/2023:08:46:04 +0800] "GET /xingrg/all/function/internal_message.html?_=1675644383067&CODE_STATE=getMsg HTTP/1.1" 200 27
116.230.105.139 - - [06/Feb/2023:08:46:04 +0800] "GET /xingrg/check_reg.html?_=1675644383071 HTTP/1.1" 200 22
120.253.135.82 - - [06/Feb/2023:08:46:05 +0800] "GET /xingrg/all/function/internal_message.html?_=1675644202028&CODE_STATE=getMsg HTTP/1.1" 200 27
218.81.216.21 - - [06/Feb/2023:08:46:10 +0800] "GET /xingrg/kc/buy/cgsh_order_operate.html?command=get_materiel&rest_code=00146&code=00101008352&supplier_code=00100005&order_time=2023-02-06 HTTP/1.1" 200 412
114.92.194.121 - - [06/Feb/2023:08:46:14 +0800] "POST /xingrg/supplier/cgsh_list_operate.html HTTP/1.1" 200 6342
218.81.216.21 - - [06/Feb/2023:08:46:18 +0800] "GET /xingrg/all/function/internal_message.html?_=1675644401194&CODE_STATE=getMsg HTTP/1.1" 200 27
116.238.139.35 - - [06/Feb/2023:08:46:24 +0800] "GET /xingrg/check_reg.html?_=1675644333084 HTTP/1.1" 200 22
218.81.216.21 - - [06/Feb/2023:08:46:31 +0800] "GET /xingrg/kc/buy/cgsh_order_operate.html?command=get_materiel&rest_code=00146&code=00101008271&supplier_code=00100005&order_time=2023-02-06 HTTP/1.1" 200 408
58.221.95.50 - - [06/Feb/2023:08:46:43 +0800] "GET /xingrg/all/function/internal_message.html?_=1675644425755&CODE_STATE=getMsg HTTP/1.1" 200 27
120.253.135.82 - - [06/Feb/2023:08:46:45 +0800] "GET /xingrg/all/function/internal_message.html?_=1675644551041&CODE_STATE=getMsg HTTP/1.1" 200 27
218.81.216.21 - - [06/Feb/2023:08:46:45 +0800] "GET /xingrg/kc/buy/cgsh_order_operate.html?command=get_materiel&rest_code=00146&code=00101008353&supplier_code=00100005&order_time=2023-02-06 HTTP/1.1" 200 408
114.92.194.121 - - [06/Feb/2023:08:46:46 +0800] "POST /xingrg/supplier/cgsh_list_operate.html HTTP/1.1" 200 6288
116.238.139.35 - - [06/Feb/2023:08:46:47 +0800] "GET /xingrg/all/function/internal_message.html?_=1675644429849&CODE_STATE=getMsg HTTP/1.1" 200 27
116.238.139.35 - - [06/Feb/2023:08:46:59 +0800] "GET /xingrg/all/function/internal_message.html?_=1675644368024&CODE_STATE=getMsg HTTP/1.1" 200 27
114.92.194.121 - - [06/Feb/2023:08:46:59 +0800] "POST /xingrg/supplier/cgsh_list_operate.html HTTP/1.1" 200 5882
116.230.105.139 - - [06/Feb/2023:08:47:04 +0800] "GET /xingrg/all/function/internal_message.html?_=1675644443066&CODE_STATE=getMsg HTTP/1.1" 200 27
120.253.135.82 - - [06/Feb/2023:08:47:05 +0800] "GET /xingrg/all/function/internal_message.html?_=1675644262043&CODE_STATE=getMsg HTTP/1.1" 200 27
218.81.216.21 - - [06/Feb/2023:08:47:18 +0800] "GET /xingrg/all/function/internal_message.html?_=1675644461207&CODE_STATE=getMsg HTTP/1.1" 200 27
114.92.194.121 - - [06/Feb/2023:08:47:20 +0800] "GET /xingrg/login_supplier.html HTTP/1.1" 302 -
114.92.194.121 - - [06/Feb/2023:08:47:20 +0800] "GET /xingrg/supplier_index.html?sysBaseUrl=http%3A%2F%2F180.169.147.146%3A18081%2Fxingrg%2F&costTime=0×tamp=1675644440727 HTTP/1.1" 200 9061
114.92.194.121 - - [06/Feb/2023:08:47:21 +0800] "GET /favicon.ico HTTP/1.1" 404 -
58.221.95.50 - - [06/Feb/2023:08:47:43 +0800] "GET /xingrg/all/function/internal_message.html?_=1675644485729&CODE_STATE=getMsg HTTP/1.1" 200 27
120.253.135.82 - - [06/Feb/2023:08:47:45 +0800] "GET /xingrg/all/function/internal_message.html?_=1675644611045&CODE_STATE=getMsg HTTP/1.1" 200 27
116.238.139.35 - - [06/Feb/2023:08:47:47 +0800] "GET /xingrg/all/function/internal_message.html?_=1675644489851&CODE_STATE=getMsg HTTP/1.1" 200 27
114.92.194.121 - - [06/Feb/2023:08:47:54 +0800] "GET /xingrg/supplier/cgsh_order_list.html HTTP/1.1" 200 10896
218.81.216.21 - - [06/Feb/2023:08:47:57 +0800] "POST /xingrg/kc/buy/cgsh_order_operate.html HTTP/1.1" 200 2065
116.238.139.35 - - [06/Feb/2023:08:47:59 +0800] "GET /xingrg/all/function/internal_message.html?_=1675644428038&CODE_STATE=getMsg HTTP/1.1" 200 27
114.92.194.121 - - [06/Feb/2023:08:47:59 +0800] "POST /xingrg/supplier/cgsh_list_operate.html HTTP/1.1" 200 6884
101.83.145.75 - - [06/Feb/2023:08:47:59 +0800] "GET /favicon.ico HTTP/1.1" 404 -
101.83.145.75 - - [06/Feb/2023:08:48:00 +0800] "GET /xingrg/index.html?sysBaseUrl=http%3A%2F%2F180.169.147.146%3A18081%2Fxingrg%2F&costTime=36×tamp=1585223203754 HTTP/1.1" 302 -
101.83.145.75 - - [06/Feb/2023:08:48:00 +0800] "GET /xingrg/login.html HTTP/1.1" 200 7641
101.83.145.75 - - [06/Feb/2023:08:48:01 +0800] "GET /favicon.ico HTTP/1.1" 404 -
114.92.194.121 - - [06/Feb/2023:08:48:02 +0800] "GET /xingrg/javascript/jquery_tools/images/prev.gif HTTP/1.1" 404 1086
114.92.194.121 - - [06/Feb/2023:08:48:02 +0800] "GET /xingrg/javascript/jquery_tools/images/next.gif HTTP/1.1" 404 1086
116.230.105.139 - - [06/Feb/2023:08:48:04 +0800] "GET /xingrg/all/function/internal_message.html?_=1675644503059&CODE_STATE=getMsg HTTP/1.1" 200 27
120.253.135.82 - - [06/Feb/2023:08:48:05 +0800] "GET /xingrg/all/function/internal_message.html?_=1675644322087&CODE_STATE=getMsg HTTP/1.1" 200 27
58.221.95.50 - - [06/Feb/2023:08:48:07 +0800] "GET /xingrg/check_reg.html?_=1675644509383 HTTP/1.1" 200 22
218.81.216.21 - - [06/Feb/2023:08:48:07 +0800] "GET /xingrg/kc/buy/cgsh_order_operate.html?command=get_materiel&rest_code=00146&code=00101008312&supplier_code=00100005&order_time=2023-02-06 HTTP/1.1" 200 412
114.92.194.121 - - [06/Feb/2023:08:48:14 +0800] "POST /xingrg/supplier/cgsh_list_operate.html HTTP/1.1" 200 6871
218.81.216.21 - - [06/Feb/2023:08:48:18 +0800] "GET /xingrg/all/function/internal_message.html?_=1675644521221&CODE_STATE=getMsg HTTP/1.1" 200 27
124.78.154.177 - - [06/Feb/2023:08:48:26 +0800] "GET /xingrg/login.html HTTP/1.1" 200 7641
124.78.154.177 - - [06/Feb/2023:08:48:29 +0800] "GET /xingrg/images/blue/jxLogo.png HTTP/1.1" 200 6156
124.78.154.177 - - [06/Feb/2023:08:48:38 +0800] "GET /xingrg/images/blue/srbg.png HTTP/1.1" 200 138
124.78.154.177 - - [06/Feb/2023:08:48:38 +0800] "GET /xingrg/images/blue/hj.png HTTP/1.1" 200 1014
124.78.154.177 - - [06/Feb/2023:08:48:38 +0800] "GET /xingrg/images/blue/login_bg.png HTTP/1.1" 200 22101
124.78.154.177 - - [06/Feb/2023:08:48:43 +0800] "GET /favicon.ico HTTP/1.1" 404 -
218.81.216.21 - - [06/Feb/2023:08:48:43 +0800] "GET /xingrg/kc/buy/cgsh_order_operate.html?command=get_materiel&rest_code=00146&code=00101008114&supplier_code=00100005&order_time=2023-02-06 HTTP/1.1" 200 413
58.221.95.50 - - [06/Feb/2023:08:48:43 +0800] "GET /xingrg/all/function/internal_message.html?_=1675644545705&CODE_STATE=getMsg HTTP/1.1" 200 27
101.83.145.75 - - [06/Feb/2023:08:48:45 +0800] "POST /xingrg/login.do HTTP/1.1" 302 -
101.83.145.75 - - [06/Feb/2023:08:48:45 +0800] "GET /xingrg/index.html?sysBaseUrl=http%3A%2F%2F180.169.147.146%3A18081%2Fxingrg%2F&costTime=50×tamp=1675644525138 HTTP/1.1" 200 17173
101.83.145.75 - - [06/Feb/2023:08:48:45 +0800] "GET /xingrg/javascript/jquery_easy_ui/themes/default/easyui.css HTTP/1.1" 304 -
101.83.145.75 - - [06/Feb/2023:08:48:45 +0800] "GET /xingrg/javascript/jquery-1.4.2.min.js HTTP/1.1" 304 -
101.83.145.75 - - [06/Feb/2023:08:48:45 +0800] "GET /xingrg/javascript/jquery_easy_ui/jquery.easyui.min.js HTTP/1.1" 304 -
101.83.145.75 - - [06/Feb/2023:08:48:45 +0800] "GET /xingrg/javascript/jquery.form.js HTTP/1.1" 304 -
101.83.145.75 - - [06/Feb/2023:08:48:45 +0800] "GET /xingrg/javascript/jquery.utils.js HTTP/1.1" 304 -
101.83.145.75 - - [06/Feb/2023:08:48:45 +0800] "GET /xingrg/javascript/jquery.timers.js HTTP/1.1" 304 -
101.83.145.75 - - [06/Feb/2023:08:48:45 +0800] "GET /xingrg/css/form.css HTTP/1.1" 304 -
101.83.145.75 - - [06/Feb/2023:08:48:45 +0800] "GET /xingrg/javascript/jquery_easy_ui/themes/icon.css HTTP/1.1" 304 -
101.83.145.75 - - [06/Feb/2023:08:48:45 +0800] "GET /xingrg/javascript/jquery_easy_ui/easyui-lang-zh_CN.js HTTP/1.1" 304 -
120.253.135.82 - - [06/Feb/2023:08:48:45 +0800] "GET /xingrg/all/function/internal_message.html?_=1675644671044&CODE_STATE=getMsg HTTP/1.1" 200 27
101.83.145.75 - - [06/Feb/2023:08:48:45 +0800] "GET /favicon.ico HTTP/1.1" 404 -
101.83.145.75 - - [06/Feb/2023:08:48:45 +0800] "GET /xingrg/javascript/jquery_easy_ui/themes/icons/settle_new.png HTTP/1.1" 304 -
101.83.145.75 - - [06/Feb/2023:08:48:45 +0800] "GET /xingrg/images/blue/navBackgound.jpg HTTP/1.1" 304 -
101.83.145.75 - - [06/Feb/2023:08:48:45 +0800] "POST /xingrg/all/common/load_tree.html?tree=area_rest_tree_json&manage=1 HTTP/1.1" 200 3499
101.83.145.75 - - [06/Feb/2023:08:48:45 +0800] "GET /xingrg/images/blue/pingpu.png HTTP/1.1" 304 -
101.83.145.75 - - [06/Feb/2023:08:48:45 +0800] "GET /xingrg/check_reg.html?_=1675644546570 HTTP/1.1" 200 22
101.83.145.75 - - [06/Feb/2023:08:48:45 +0800] "GET /xingrg/all/function/internal_message.html?_=1675644546569&CODE_STATE=count HTTP/1.1" 200 11
101.83.145.75 - - [06/Feb/2023:08:48:45 +0800] "GET /xingrg/javascript/jquery_easy_ui/themes/default/images/tabs_leftarrow.png HTTP/1.1" 304 -
101.83.145.75 - - [06/Feb/2023:08:48:45 +0800] "GET /xingrg/javascript/jquery_easy_ui/themes/default/images/tabs_rightarrow.png HTTP/1.1" 304 -
101.83.145.75 - - [06/Feb/2023:08:48:45 +0800] "GET /xingrg/javascript/jquery_easy_ui/themes/default/images/panel_tool_collapse.gif HTTP/1.1" 304 -
101.83.145.75 - - [06/Feb/2023:08:48:45 +0800] "GET /xingrg/javascript/jquery_easy_ui/themes/default/images/tree_arrows.gif HTTP/1.1" 304 -
101.83.145.75 - - [06/Feb/2023:08:48:45 +0800] "POST /xingrg/load_menu.html HTTP/1.1" 200 5138
101.83.145.75 - - [06/Feb/2023:08:48:45 +0800] "GET /xingrg/javascript/jquery_easy_ui/themes/default/images/tree_folder.gif HTTP/1.1" 304 -
101.83.145.75 - - [06/Feb/2023:08:48:45 +0800] "GET /xingrg/javascript/jquery_easy_ui/themes/icons/forms_new.png HTTP/1.1" 304 -
101.83.145.75 - - [06/Feb/2023:08:48:45 +0800] "GET /xingrg/javascript/jquery_easy_ui/themes/icons/search_new.png HTTP/1.1" 304 -
101.83.145.75 - - [06/Feb/2023:08:48:45 +0800] "GET /xingrg/javascript/jquery_easy_ui/themes/icons/storage_new.png HTTP/1.1" 304 -
101.83.145.75 - - [06/Feb/2023:08:48:45 +0800] "GET /xingrg/javascript/jquery_easy_ui/themes/default/images/tree_file.gif HTTP/1.1" 304 -
101.83.145.75 - - [06/Feb/2023:08:48:45 +0800] "GET /xingrg/javascript/jquery_easy_ui/themes/default/images/tree_folder_open.gif HTTP/1.1" 304 -
116.238.139.35 - - [06/Feb/2023:08:48:47 +0800] "GET /xingrg/all/function/internal_message.html?_=1675644549857&CODE_STATE=getMsg HTTP/1.1" 200 27
101.83.145.75 - - [06/Feb/2023:08:48:49 +0800] "GET /xingrg/javascript/jquery_easy_ui/themes/default/images/tabs_close.gif HTTP/1.1" 304 -
101.83.145.75 - - [06/Feb/2023:08:48:49 +0800] "GET /xingrg/css/site.css HTTP/1.1" 304 -
101.83.145.75 - - [06/Feb/2023:08:48:49 +0800] "GET /xingrg/css/base.css HTTP/1.1" 304 -
101.83.145.75 - - [06/Feb/2023:08:48:49 +0800] "GET /xingrg/javascript/jquery_tools/datebox.css HTTP/1.1" 304 -
101.83.145.75 - - [06/Feb/2023:08:48:49 +0800] "GET /xingrg/javascript/easyui/themes/default/easyui.css HTTP/1.1" 304 -
101.83.145.75 - - [06/Feb/2023:08:48:49 +0800] "GET /xingrg/javascript/jquery_tools/table.css HTTP/1.1" 304 -
101.83.145.75 - - [06/Feb/2023:08:48:49 +0800] "GET /xingrg/javascript/jquery_tools/fix.css HTTP/1.1" 304 -
101.83.145.75 - - [06/Feb/2023:08:48:49 +0800] "GET /xingrg/javascript/auto/jquery.autocomplete.css HTTP/1.1" 304 -
101.83.145.75 - - [06/Feb/2023:08:48:49 +0800] "GET /xingrg/javascript/easyui/themes/icon.css HTTP/1.1" 304 -
101.83.145.75 - - [06/Feb/2023:08:48:49 +0800] "GET /xingrg/javascript/auto/jquery.autocomplete.js HTTP/1.1" 304 -
101.83.145.75 - - [06/Feb/2023:08:48:49 +0800] "GET /xingrg/javascript/jquery_tools/jquery.tools.extend.js HTTP/1.1" 304 -
101.83.145.75 - - [06/Feb/2023:08:48:49 +0800] "GET /xingrg/javascript/jquery_tools/jquery.tools.min.js HTTP/1.1" 304 -
101.83.145.75 - - [06/Feb/2023:08:48:49 +0800] "GET /xingrg/javascript/jquery_tools/jquery.tools.hotkey.js HTTP/1.1" 304 -
101.83.145.75 - - [06/Feb/2023:08:48:49 +0800] "GET /xingrg/javascript/jquery_tools/list_manager.js HTTP/1.1" 304 -
101.83.145.75 - - [06/Feb/2023:08:48:49 +0800] "GET /xingrg/javascript/jquery.cookie.js HTTP/1.1" 304 -
101.83.145.75 - - [06/Feb/2023:08:48:49 +0800] "GET /xingrg/javascript/jquery_tools/jquery.tools.table.js HTTP/1.1" 304 -
101.83.145.75 - - [06/Feb/2023:08:48:49 +0800] "GET /xingrg/javascript/print/LodopFuncs.js HTTP/1.1" 304 -
101.83.145.75 - - [06/Feb/2023:08:48:49 +0800] "GET /xingrg/javascript/easyui/easyloader.js HTTP/1.1" 304 -
101.83.145.75 - - [06/Feb/2023:08:48:49 +0800] "GET /xingrg/kc/buy/cgsh_order_list.html HTTP/1.1" 200 53922
101.83.145.75 - - [06/Feb/2023:08:48:49 +0800] "GET /xingrg/javascript/easyui/plugins/jquery.parser.js HTTP/1.1" 304 -
101.83.145.75 - - [06/Feb/2023:08:48:49 +0800] "GET /xingrg/images/control/ajaxLoader.gif HTTP/1.1" 304 -
101.83.145.75 - - [06/Feb/2023:08:48:49 +0800] "GET /xingrg/javascript/easyui/themes/icons/edit_add_new.png HTTP/1.1" 304 -
101.83.145.75 - - [06/Feb/2023:08:48:49 +0800] "GET /xingrg/javascript/easyui/themes/icons/import_new.png HTTP/1.1" 304 -
101.83.145.75 - - [06/Feb/2023:08:48:49 +0800] "GET /xingrg/javascript/easyui/themes/icons/cance_new.png HTTP/1.1" 304 -
101.83.145.75 - - [06/Feb/2023:08:48:49 +0800] "GET /xingrg/javascript/easyui/themes/icons/check_new.png HTTP/1.1" 304 -
101.83.145.75 - - [06/Feb/2023:08:48:49 +0800] "GET /xingrg/javascript/easyui/themes/icons/field_new.png HTTP/1.1" 304 -
114.92.194.121 - - [06/Feb/2023:08:48:50 +0800] "POST /xingrg/supplier/cgsh_list_operate.html HTTP/1.1" 200 7020
101.83.145.75 - - [06/Feb/2023:08:48:51 +0800] "POST /xingrg/kc/buy/cgsh_list_operate.html HTTP/1.1" 200 986
101.83.145.75 - - [06/Feb/2023:08:48:51 +0800] "GET /xingrg/javascript/easyui/themes/default/images/button_plain_hover.png HTTP/1.1" 304 -
101.83.145.75 - - [06/Feb/2023:08:48:53 +0800] "GET /xingrg/javascript/pic_change.js HTTP/1.1" 304 -
101.83.145.75 - - [06/Feb/2023:08:48:53 +0800] "GET /xingrg/javascript/jquery_tools/order_manager.js HTTP/1.1" 304 -
101.83.145.75 - - [06/Feb/2023:08:48:53 +0800] "GET /xingrg/javascript/convert.js HTTP/1.1" 304 -
101.83.145.75 - - [06/Feb/2023:08:48:53 +0800] "GET /xingrg/javascript/json2.js HTTP/1.1" 304 -
101.83.145.75 - - [06/Feb/2023:08:48:53 +0800] "GET /xingrg/javascript/print/kc_print.js HTTP/1.1" 304 -
101.83.145.75 - - [06/Feb/2023:08:48:53 +0800] "GET /xingrg/kc/buy/cgsh_order_add.html HTTP/1.1" 200 69786
101.83.145.75 - - [06/Feb/2023:08:48:53 +0800] "GET /xingrg/words/20230202152545_words.js HTTP/1.1" 200 944619
101.83.145.75 - - [06/Feb/2023:08:48:53 +0800] "GET /xingrg/javascript/easyui/themes/icons/copy_new.png HTTP/1.1" 304 -
101.83.145.75 - - [06/Feb/2023:08:48:53 +0800] "GET /xingrg/javascript/easyui/themes/default/images/menu_downarrow.png HTTP/1.1" 304 -
101.83.145.75 - - [06/Feb/2023:08:48:53 +0800] "GET /xingrg/javascript/easyui/themes/icons/ok.png HTTP/1.1" 304 -
101.83.145.75 - - [06/Feb/2023:08:48:53 +0800] "GET /xingrg/javascript/easyui/themes/icons/print.png HTTP/1.1" 304 -
101.83.145.75 - - [06/Feb/2023:08:48:53 +0800] "GET /xingrg/javascript/easyui/themes/icons/template_new.png HTTP/1.1" 304 -
101.83.145.75 - - [06/Feb/2023:08:48:53 +0800] "GET /xingrg/javascript/easyui/themes/icons/cancel.png HTTP/1.1" 304 -
101.83.145.75 - - [06/Feb/2023:08:48:54 +0800] "POST /xingrg/kc/buy/cgsh_order_operate.html HTTP/1.1" 200 8245
101.83.145.75 - - [06/Feb/2023:08:48:54 +0800] "GET /xingrg/all/common/auto_word.html?type=employee&rest_code=00105 HTTP/1.1" 200 193
101.83.145.75 - - [06/Feb/2023:08:48:54 +0800] "GET /xingrg/all/common/auto_word.html?type=employee&rest_code=00105 HTTP/1.1" 200 193
101.83.145.75 - - [06/Feb/2023:08:48:54 +0800] "GET /xingrg/javascript/easyui/themes/default/validatebox.css HTTP/1.1" 404 1104
101.83.145.75 - - [06/Feb/2023:08:48:54 +0800] "GET /xingrg/javascript/easyui/plugins/jquery.validatebox.js HTTP/1.1" 304 -
101.83.145.75 - - [06/Feb/2023:08:48:54 +0800] "GET /xingrg/javascript/easyui/plugins/jquery.numberbox.js HTTP/1.1" 304 -
101.83.145.75 - - [06/Feb/2023:08:48:54 +0800] "GET /xingrg/javascript/easyui/themes/icons/edit_remove.png HTTP/1.1" 304 -
218.81.216.21 - - [06/Feb/2023:08:48:56 +0800] "GET /xingrg/kc/buy/cgsh_order_operate.html?command=get_materiel&rest_code=00146&code=00101008134&supplier_code=00100005&order_time=2023-02-06 HTTP/1.1" 200 412
101.83.145.75 - - [06/Feb/2023:08:48:56 +0800] "GET /xingrg/javascript/auto/indicator.gif HTTP/1.1" 404 1066
116.238.139.35 - - [06/Feb/2023:08:48:59 +0800] "GET /xingrg/all/function/internal_message.html?_=1675644488071&CODE_STATE=getMsg HTTP/1.1" 200 27
124.78.154.177 - - [06/Feb/2023:08:48:59 +0800] "POST /xingrg/login.do HTTP/1.1" 302 -
124.78.154.177 - - [06/Feb/2023:08:49:00 +0800] "GET /xingrg/index.html?sysBaseUrl=http%3A%2F%2F180.169.147.146%3A18081%2Fxingrg%2F&costTime=56×tamp=1675644539838 HTTP/1.1" 200 17173
124.78.154.177 - - [06/Feb/2023:08:49:00 +0800] "GET /xingrg/javascript/jquery_easy_ui/themes/icon.css HTTP/1.1" 200 3949
124.78.154.177 - - [06/Feb/2023:08:49:00 +0800] "GET /xingrg/css/form.css HTTP/1.1" 200 893
124.78.154.177 - - [06/Feb/2023:08:49:00 +0800] "GET /xingrg/javascript/jquery_easy_ui/jquery.easyui.min.js HTTP/1.1" 200 213662
124.78.154.177 - - [06/Feb/2023:08:49:00 +0800] "GET /xingrg/javascript/jquery-1.4.2.min.js HTTP/1.1" 200 72205
124.78.154.177 - - [06/Feb/2023:08:49:00 +0800] "GET /xingrg/javascript/jquery_easy_ui/easyui-lang-zh_CN.js HTTP/1.1" 200 1900
124.78.154.177 - - [06/Feb/2023:08:49:00 +0800] "GET /xingrg/javascript/jquery_easy_ui/themes/default/easyui.css HTTP/1.1" 200 26500
124.78.154.177 - - [06/Feb/2023:08:49:00 +0800] "GET /xingrg/javascript/jquery.form.js HTTP/1.1" 200 23110
124.78.154.177 - - [06/Feb/2023:08:49:00 +0800] "GET /xingrg/javascript/jquery.timers.js HTTP/1.1" 200 3532
124.78.154.177 - - [06/Feb/2023:08:49:00 +0800] "GET /xingrg/javascript/jquery.utils.js HTTP/1.1" 200 11805
116.230.105.139 - - [06/Feb/2023:08:49:04 +0800] "GET /xingrg/all/function/internal_message.html?_=1675644563068&CODE_STATE=getMsg HTTP/1.1" 200 27
120.253.135.82 - - [06/Feb/2023:08:49:05 +0800] "GET /xingrg/all/function/internal_message.html?_=1675644382100&CODE_STATE=getMsg HTTP/1.1" 200 27
124.78.154.177 - - [06/Feb/2023:08:49:05 +0800] "GET /favicon.ico HTTP/1.1" 404 -
124.78.154.177 - - [06/Feb/2023:08:49:08 +0800] "GET /xingrg/javascript/jquery_easy_ui/themes/icons/settle_new.png HTTP/1.1" 200 826
124.78.154.177 - - [06/Feb/2023:08:49:08 +0800] "GET /xingrg/images/blue/navBackgound.jpg HTTP/1.1" 200 12378
124.78.154.177 - - [06/Feb/2023:08:49:09 +0800] "POST /xingrg/all/common/load_tree.html?tree=area_rest_tree_json&manage=1 HTTP/1.1" 200 342
101.83.145.75 - - [06/Feb/2023:08:49:11 +0800] "GET /xingrg/kc/buy/cgsh_order_operate.html?command=get_materiel&rest_code=00105&code=00101002027&supplier_code=00100397&order_time=2023-02-06 HTTP/1.1" 200 413
124.78.154.177 - - [06/Feb/2023:08:49:13 +0800] "GET /xingrg/all/function/internal_message.html?_=1675644575332&CODE_STATE=count HTTP/1.1" 200 11
124.78.154.177 - - [06/Feb/2023:08:49:13 +0800] "GET /xingrg/check_reg.html?_=1675644575397 HTTP/1.1" 200 22
124.78.154.177 - - [06/Feb/2023:08:49:13 +0800] "GET /xingrg/javascript/jquery_easy_ui/themes/default/images/tabs_leftarrow.png HTTP/1.1" 200 389
124.78.154.177 - - [06/Feb/2023:08:49:13 +0800] "GET /xingrg/images/blue/pingpu.png HTTP/1.1" 200 231
124.78.154.177 - - [06/Feb/2023:08:49:13 +0800] "GET /xingrg/javascript/jquery_easy_ui/themes/default/images/tabs_rightarrow.png HTTP/1.1" 200 395
124.78.154.177 - - [06/Feb/2023:08:49:13 +0800] "GET /xingrg/javascript/jquery_easy_ui/themes/default/images/panel_tool_collapse.gif HTTP/1.1" 200 246
124.78.154.177 - - [06/Feb/2023:08:49:13 +0800] "POST /xingrg/load_menu.html HTTP/1.1" 200 5138
124.78.154.177 - - [06/Feb/2023:08:49:14 +0800] "GET /xingrg/javascript/jquery_easy_ui/themes/icons/search_new.png HTTP/1.1" 200 586
124.78.154.177 - - [06/Feb/2023:08:49:14 +0800] "GET /xingrg/javascript/jquery_easy_ui/themes/default/images/tree_arrows.gif HTTP/1.1" 200 1043
124.78.154.177 - - [06/Feb/2023:08:49:14 +0800] "GET /xingrg/javascript/jquery_easy_ui/themes/default/images/tree_folder_open.gif HTTP/1.1" 200 956
124.78.154.177 - - [06/Feb/2023:08:49:14 +0800] "GET /xingrg/javascript/jquery_easy_ui/themes/default/images/tree_folder.gif HTTP/1.1" 200 952
124.78.154.177 - - [06/Feb/2023:08:49:14 +0800] "GET /xingrg/javascript/jquery_easy_ui/themes/icons/storage_new.png HTTP/1.1" 200 853
124.78.154.177 - - [06/Feb/2023:08:49:14 +0800] "GET /xingrg/javascript/jquery_easy_ui/themes/icons/forms_new.png HTTP/1.1" 200 350
124.78.154.177 - - [06/Feb/2023:08:49:14 +0800] "GET /xingrg/javascript/jquery_easy_ui/themes/default/images/tree_file.gif HTTP/1.1" 200 118
218.81.216.21 - - [06/Feb/2023:08:49:18 +0800] "GET /xingrg/all/function/internal_message.html?_=1675644581236&CODE_STATE=getMsg HTTP/1.1" 200 27
218.81.216.21 - - [06/Feb/2023:08:49:19 +0800] "POST /xingrg/kc/buy/cgsh_order_operate.html HTTP/1.1" 200 2065
114.92.194.121 - - [06/Feb/2023:08:49:23 +0800] "GET /xingrg/javascript/easyui/themes/default/tree.css HTTP/1.1" 404 1090
114.92.194.121 - - [06/Feb/2023:08:49:23 +0800] "POST /xingrg/all/common/load_tree.html?tree=area_rest_tree_json HTTP/1.1" 200 3499
114.92.194.121 - - [06/Feb/2023:08:49:29 +0800] "POST /xingrg/supplier/cgsh_list_operate.html HTTP/1.1" 200 6251
218.81.216.21 - - [06/Feb/2023:08:49:30 +0800] "GET /xingrg/kc/buy/cgsh_order_operate.html?command=get_materiel&rest_code=00146&code=00101008096&supplier_code=00100005&order_time=2023-02-06 HTTP/1.1" 200 412
101.83.145.75 - - [06/Feb/2023:08:49:35 +0800] "GET /xingrg/kc/buy/cgsh_order_operate.html?command=get_materiel&rest_code=00105&code=00101001023&supplier_code=00100397&order_time=2023-02-06 HTTP/1.1" 200 413
114.92.194.121 - - [06/Feb/2023:08:49:37 +0800] "POST /xingrg/supplier/cgsh_list_operate.html HTTP/1.1" 200 6871
58.221.95.50 - - [06/Feb/2023:08:49:43 +0800] "GET /xingrg/all/function/internal_message.html?_=1675644605689&CODE_STATE=getMsg HTTP/1.1" 200 27
120.253.135.82 - - [06/Feb/2023:08:49:45 +0800] "GET /xingrg/all/function/internal_message.html?_=1675644731052&CODE_STATE=getMsg HTTP/1.1" 200 27
101.83.145.75 - - [06/Feb/2023:08:49:45 +0800] "GET /xingrg/all/function/internal_message.html?_=1675644606579&CODE_STATE=getMsg HTTP/1.1" 200 27
116.238.139.35 - - [06/Feb/2023:08:49:47 +0800] "GET /xingrg/all/function/internal_message.html?_=1675644609860&CODE_STATE=getMsg HTTP/1.1" 200 27
116.238.139.35 - - [06/Feb/2023:08:49:47 +0800] "GET /xingrg/check_reg.html?_=1675644609902 HTTP/1.1" 200 22
218.81.216.21 - - [06/Feb/2023:08:49:55 +0800] "GET /xingrg/kc/buy/cgsh_order_operate.html?command=get_materiel&rest_code=00146&code=00101008633&supplier_code=00100005&order_time=2023-02-06 HTTP/1.1" 200 414
116.238.139.35 - - [06/Feb/2023:08:49:59 +0800] "GET /xingrg/all/function/internal_message.html?_=1675644548080&CODE_STATE=getMsg HTTP/1.1" 200 27
116.230.105.139 - - [06/Feb/2023:08:50:04 +0800] "GET /xingrg/all/function/internal_message.html?_=1675644623068&CODE_STATE=getMsg HTTP/1.1" 200 27
120.253.135.82 - - [06/Feb/2023:08:50:05 +0800] "GET /xingrg/all/function/internal_message.html?_=1675644442147&CODE_STATE=getMsg HTTP/1.1" 200 27
218.81.216.21 - - [06/Feb/2023:08:50:11 +0800] "GET /xingrg/kc/buy/cgsh_order_operate.html?command=get_materiel&rest_code=00146&code=00101008323&supplier_code=00100005&order_time=2023-02-06 HTTP/1.1" 200 408
124.78.154.177 - - [06/Feb/2023:08:50:13 +0800] "GET /xingrg/all/function/internal_message.html?_=1675644635405&CODE_STATE=getMsg HTTP/1.1" 200 27
101.83.145.75 - - [06/Feb/2023:08:50:16 +0800] "POST /xingrg/kc/buy/cgsh_order_operate.html HTTP/1.1" 200 37
218.81.216.21 - - [06/Feb/2023:08:50:18 +0800] "GET /xingrg/check_reg.html?_=1675644640999 HTTP/1.1" 200 22
218.81.216.21 - - [06/Feb/2023:08:50:18 +0800] "GET /xingrg/all/function/internal_message.html?_=1675644641249&CODE_STATE=getMsg HTTP/1.1" 200 27
101.83.145.75 - - [06/Feb/2023:08:50:23 +0800] "POST /xingrg/kc/buy/cgsh_order_operate.html HTTP/1.1" 200 3846
101.83.145.75 - - [06/Feb/2023:08:50:25 +0800] "GET /xingrg/kc/print/load_config.html?kc_code=cgsh HTTP/1.1" 200 1943
101.83.145.75 - - [06/Feb/2023:08:50:25 +0800] "GET /xingrg/kc/print/load_data.html?order_code=212023020601504&kc_code=cgsh&condition= HTTP/1.1" 200 1122
218.81.216.21 - - [06/Feb/2023:08:50:40 +0800] "POST /xingrg/kc/buy/cgsh_order_operate.html HTTP/1.1" 200 2065
58.221.95.50 - - [06/Feb/2023:08:50:43 +0800] "GET /xingrg/all/function/internal_message.html?_=1675644665672&CODE_STATE=getMsg HTTP/1.1" 200 27
101.83.145.75 - - [06/Feb/2023:08:50:45 +0800] "GET /xingrg/all/function/internal_message.html?_=1675644666586&CODE_STATE=getMsg HTTP/1.1" 200 27
120.253.135.82 - - [06/Feb/2023:08:50:46 +0800] "GET /xingrg/check_reg.html?_=1675644483045 HTTP/1.1" 200 22
218.81.216.21 - - [06/Feb/2023:08:50:46 +0800] "GET /xingrg/kc/buy/cgsh_order_operate.html?command=get_materiel&rest_code=00146&code=00101008095&supplier_code=00100005&order_time=2023-02-06 HTTP/1.1" 200 412
116.238.139.35 - - [06/Feb/2023:08:50:47 +0800] "GET /xingrg/all/function/internal_message.html?_=1675644669870&CODE_STATE=getMsg HTTP/1.1" 200 27
120.253.135.82 - - [06/Feb/2023:08:50:48 +0800] "GET /xingrg/all/function/internal_message.html?_=1675644791063&CODE_STATE=getMsg HTTP/1.1" 200 27
120.253.135.82 - - [06/Feb/2023:08:50:48 +0800] "GET /xingrg/check_reg.html?_=1675644791067 HTTP/1.1" 200 22
218.81.216.21 - - [06/Feb/2023:08:50:58 +0800] "GET /xingrg/kc/buy/cgsh_order_operate.html?command=get_materiel&rest_code=00146&code=00101008674&supplier_code=00100005&order_time=2023-02-06 HTTP/1.1" 200 398
116.238.139.35 - - [06/Feb/2023:08:50:59 +0800] "GET /xingrg/all/function/internal_message.html?_=1675644608113&CODE_STATE=getMsg HTTP/1.1" 200 27
116.230.105.139 - - [06/Feb/2023:08:51:04 +0800] "GET /xingrg/all/function/internal_message.html?_=1675644683068&CODE_STATE=getMsg HTTP/1.1" 200 27
116.230.105.139 - - [06/Feb/2023:08:51:04 +0800] "GET /xingrg/check_reg.html?_=1675644683071 HTTP/1.1" 200 22
124.78.154.177 - - [06/Feb/2023:08:51:04 +0800] "GET /xingrg/kc/buy/buy_main.html HTTP/1.1" 200 12412
124.78.154.177 - - [06/Feb/2023:08:51:04 +0800] "GET /xingrg/javascript/jquery_easy_ui/themes/default/images/tabs_close.gif HTTP/1.1" 200 829
124.78.154.177 - - [06/Feb/2023:08:51:04 +0800] "GET /xingrg/css/new_ie.css HTTP/1.1" 404 1036
124.78.154.177 - - [06/Feb/2023:08:51:04 +0800] "GET /xingrg/css/blue.css HTTP/1.1" 200 15949
124.78.154.177 - - [06/Feb/2023:08:51:04 +0800] "GET /xingrg/javascript/pic_change.js HTTP/1.1" 200 4739
124.78.154.177 - - [06/Feb/2023:08:51:04 +0800] "GET /xingrg/javascript/ToolTips.js HTTP/1.1" 200 5615
124.78.154.177 - - [06/Feb/2023:08:51:04 +0800] "GET /xingrg/javascript/jquery_ui/jquery-ui.min.js HTTP/1.1" 200 186181
124.78.154.177 - - [06/Feb/2023:08:51:04 +0800] "GET /xingrg/javascript/myfunction.js HTTP/1.1" 200 24559
124.78.154.177 - - [06/Feb/2023:08:51:04 +0800] "GET /xingrg/javascript/jquery_ui/themes/humanity/humanity.css HTTP/1.1" 200 27801
124.78.154.177 - - [06/Feb/2023:08:51:04 +0800] "GET /xingrg/images/blue/button/cgxqd.gif HTTP/1.1" 200 2619
124.78.154.177 - - [06/Feb/2023:08:51:04 +0800] "GET /xingrg/images/blue/button/cgydd.gif HTTP/1.1" 200 2712
124.78.154.177 - - [06/Feb/2023:08:51:04 +0800] "GET /xingrg/images/blue/button/cgshd.gif HTTP/1.1" 200 2618
124.78.154.177 - - [06/Feb/2023:08:51:04 +0800] "GET /xingrg/images/blue/button/cgfkd.gif HTTP/1.1" 200 2075
124.78.154.177 - - [06/Feb/2023:08:51:04 +0800] "GET /xingrg/images/blue/button/kc.gif HTTP/1.1" 200 2160
124.78.154.177 - - [06/Feb/2023:08:51:04 +0800] "GET /xingrg/images/blue/button/ckthd.gif HTTP/1.1" 200 2045
124.78.154.177 - - [06/Feb/2023:08:51:04 +0800] "GET /xingrg/images/blue/pic_form2.gif HTTP/1.1" 200 1853
124.78.154.177 - - [06/Feb/2023:08:51:04 +0800] "GET /xingrg/javascript/jquery_ui/themes/humanity/images/ui-bg_inset-soft_100_f4f0ec_1x100.png HTTP/1.1" 200 141
124.78.154.177 - - [06/Feb/2023:08:51:04 +0800] "GET /xingrg/images/blue/bg_dotted.jpg HTTP/1.1" 200 319
124.78.154.177 - - [06/Feb/2023:08:51:04 +0800] "GET /xingrg/images/blue/button/right_ah.jpg HTTP/1.1" 200 1744
124.78.154.177 - - [06/Feb/2023:08:51:04 +0800] "GET /xingrg/images/blue/button/down_ah.jpg HTTP/1.1" 200 1732
124.78.154.177 - - [06/Feb/2023:08:51:05 +0800] "GET /xingrg/javascript/jquery_ui/themes/humanity/images/ui-iconsnew.jpg HTTP/1.1" 200 337
124.78.154.177 - - [06/Feb/2023:08:51:05 +0800] "GET /xingrg/javascript/jquery_ui/themes/humanity/images/ui-icons_ffffff_256x240.png HTTP/1.1" 200 4369
124.78.154.177 - - [06/Feb/2023:08:51:05 +0800] "GET /xingrg/javascript/jquery_ui/themes/humanity/images/ui-icons_c47a23_256x240.png HTTP/1.1" 200 5355
124.78.154.177 - - [06/Feb/2023:08:51:05 +0800] "GET /xingrg/javascript/jquery_ui/themes/humanity/images/ui-bg_glass_70_ede4d4_1x400.png HTTP/1.1" 200 161
124.78.154.177 - - [06/Feb/2023:08:51:05 +0800] "GET /xingrg/images/yd/bt.gif HTTP/1.1" 404 1040
120.253.135.82 - - [06/Feb/2023:08:51:05 +0800] "GET /xingrg/all/function/internal_message.html?_=1675644502162&CODE_STATE=getMsg HTTP/1.1" 200 27
124.78.154.177 - - [06/Feb/2023:08:51:05 +0800] "GET /xingrg/kc/buy/cgsh_order_list.html HTTP/1.1" 200 53922
124.78.154.177 - - [06/Feb/2023:08:51:05 +0800] "GET /xingrg/css/base.css HTTP/1.1" 200 2811
124.78.154.177 - - [06/Feb/2023:08:51:05 +0800] "GET /xingrg/css/site.css HTTP/1.1" 200 7541
124.78.154.177 - - [06/Feb/2023:08:51:05 +0800] "GET /xingrg/javascript/jquery_tools/datebox.css HTTP/1.1" 200 2597
124.78.154.177 - - [06/Feb/2023:08:51:05 +0800] "GET /xingrg/javascript/auto/jquery.autocomplete.css HTTP/1.1" 200 587
124.78.154.177 - - [06/Feb/2023:08:51:05 +0800] "GET /xingrg/javascript/easyui/themes/icon.css HTTP/1.1" 200 4483
124.78.154.177 - - [06/Feb/2023:08:51:05 +0800] "GET /xingrg/javascript/easyui/themes/default/easyui.css HTTP/1.1" 200 30432
124.78.154.177 - - [06/Feb/2023:08:51:05 +0800] "GET /xingrg/javascript/jquery_tools/fix.css HTTP/1.1" 200 1702
124.78.154.177 - - [06/Feb/2023:08:51:05 +0800] "GET /xingrg/javascript/jquery_tools/table.css HTTP/1.1" 200 1032
124.78.154.177 - - [06/Feb/2023:08:51:05 +0800] "GET /xingrg/javascript/jquery_tools/jquery.tools.min.js HTTP/1.1" 200 138801
124.78.154.177 - - [06/Feb/2023:08:51:05 +0800] "GET /xingrg/javascript/jquery_tools/jquery.tools.hotkey.js HTTP/1.1" 200 3242
124.78.154.177 - - [06/Feb/2023:08:51:05 +0800] "GET /xingrg/javascript/jquery_tools/jquery.tools.table.js HTTP/1.1" 200 6994
124.78.154.177 - - [06/Feb/2023:08:51:05 +0800] "GET /xingrg/javascript/jquery_tools/jquery.tools.extend.js HTTP/1.1" 200 15385
124.78.154.177 - - [06/Feb/2023:08:51:05 +0800] "GET /xingrg/javascript/jquery_tools/list_manager.js HTTP/1.1" 200 3652
124.78.154.177 - - [06/Feb/2023:08:51:05 +0800] "GET /xingrg/javascript/auto/jquery.autocomplete.js HTTP/1.1" 200 21624
124.78.154.177 - - [06/Feb/2023:08:51:05 +0800] "GET /xingrg/javascript/easyui/easyloader.js HTTP/1.1" 200 5975
124.78.154.177 - - [06/Feb/2023:08:51:05 +0800] "GET /xingrg/javascript/jquery.cookie.js HTTP/1.1" 200 5513
124.78.154.177 - - [06/Feb/2023:08:51:05 +0800] "GET /xingrg/javascript/print/LodopFuncs.js HTTP/1.1" 200 5121
124.78.154.177 - - [06/Feb/2023:08:51:09 +0800] "GET /xingrg/javascript/easyui/themes/icons/edit_add_new.png HTTP/1.1" 200 2997
124.78.154.177 - - [06/Feb/2023:08:51:09 +0800] "GET /xingrg/javascript/easyui/themes/icons/field_new.png HTTP/1.1" 200 1097
124.78.154.177 - - [06/Feb/2023:08:51:09 +0800] "GET /xingrg/javascript/easyui/themes/icons/cance_new.png HTTP/1.1" 200 3986
124.78.154.177 - - [06/Feb/2023:08:51:09 +0800] "GET /xingrg/javascript/easyui/themes/icons/import_new.png HTTP/1.1" 200 1247
124.78.154.177 - - [06/Feb/2023:08:51:09 +0800] "GET /xingrg/javascript/easyui/themes/icons/check_new.png HTTP/1.1" 200 3224
124.78.154.177 - - [06/Feb/2023:08:51:09 +0800] "GET /xingrg/javascript/easyui/plugins/jquery.parser.js HTTP/1.1" 200 1142
124.78.154.177 - - [06/Feb/2023:08:51:09 +0800] "GET /xingrg/images/control/ajaxLoader.gif HTTP/1.1" 200 4659
124.78.154.177 - - [06/Feb/2023:08:51:11 +0800] "POST /xingrg/kc/buy/cgsh_list_operate.html HTTP/1.1" 200 986
124.78.154.177 - - [06/Feb/2023:08:51:12 +0800] "GET /xingrg/javascript/easyui/themes/default/images/button_plain_hover.png HTTP/1.1" 200 144
124.78.154.177 - - [06/Feb/2023:08:51:13 +0800] "GET /xingrg/kc/buy/cgsh_order_add.html HTTP/1.1" 200 69703
124.78.154.177 - - [06/Feb/2023:08:51:13 +0800] "GET /xingrg/javascript/convert.js HTTP/1.1" 200 1239
124.78.154.177 - - [06/Feb/2023:08:51:13 +0800] "GET /xingrg/javascript/jquery_tools/order_manager.js HTTP/1.1" 200 11183
124.78.154.177 - - [06/Feb/2023:08:51:13 +0800] "GET /xingrg/javascript/json2.js HTTP/1.1" 200 11259
124.78.154.177 - - [06/Feb/2023:08:51:13 +0800] "GET /xingrg/javascript/print/kc_print.js HTTP/1.1" 200 11415
124.78.154.177 - - [06/Feb/2023:08:51:13 +0800] "GET /xingrg/words/20230202152545_words.js HTTP/1.1" 200 944619
124.78.154.177 - - [06/Feb/2023:08:51:13 +0800] "GET /xingrg/javascript/easyui/themes/icons/ok.png HTTP/1.1" 200 883
124.78.154.177 - - [06/Feb/2023:08:51:13 +0800] "GET /xingrg/javascript/easyui/themes/icons/copy_new.png HTTP/1.1" 200 815
124.78.154.177 - - [06/Feb/2023:08:51:13 +0800] "GET /xingrg/javascript/easyui/themes/icons/template_new.png HTTP/1.1" 200 3956
124.78.154.177 - - [06/Feb/2023:08:51:13 +0800] "GET /xingrg/javascript/easyui/themes/icons/print.png HTTP/1.1" 200 1057
124.78.154.177 - - [06/Feb/2023:08:51:13 +0800] "GET /xingrg/javascript/easyui/themes/default/images/menu_downarrow.png HTTP/1.1" 200 173
124.78.154.177 - - [06/Feb/2023:08:51:13 +0800] "GET /xingrg/javascript/easyui/themes/icons/cancel.png HTTP/1.1" 200 1133
124.78.154.177 - - [06/Feb/2023:08:51:13 +0800] "GET /xingrg/all/function/internal_message.html?_=1675644695416&CODE_STATE=getMsg HTTP/1.1" 200 27
124.78.154.177 - - [06/Feb/2023:08:51:14 +0800] "GET /xingrg/all/common/auto_word.html?type=employee&rest_code=00106 HTTP/1.1" 200 205
124.78.154.177 - - [06/Feb/2023:08:51:14 +0800] "GET /xingrg/all/common/auto_word.html?type=employee&rest_code=00106 HTTP/1.1" 200 205
124.78.154.177 - - [06/Feb/2023:08:51:14 +0800] "GET /xingrg/javascript/easyui/themes/default/validatebox.css HTTP/1.1" 404 1104
124.78.154.177 - - [06/Feb/2023:08:51:14 +0800] "GET /xingrg/javascript/easyui/plugins/jquery.validatebox.js HTTP/1.1" 200 6103
124.78.154.177 - - [06/Feb/2023:08:51:14 +0800] "GET /xingrg/javascript/easyui/plugins/jquery.numberbox.js HTTP/1.1" 200 5213
124.78.154.177 - - [06/Feb/2023:08:51:14 +0800] "POST /xingrg/kc/buy/cgsh_order_operate.html HTTP/1.1" 200 8245
218.81.216.21 - - [06/Feb/2023:08:51:14 +0800] "GET /xingrg/kc/buy/cgsh_order_operate.html?command=get_materiel&rest_code=00146&code=00101008060&supplier_code=00100005&order_time=2023-02-06 HTTP/1.1" 200 416
124.78.154.177 - - [06/Feb/2023:08:51:14 +0800] "GET /xingrg/javascript/easyui/themes/icons/edit_remove.png HTTP/1.1" 200 625
124.78.154.177 - - [06/Feb/2023:08:51:14 +0800] "GET /xingrg/javascript/easyui/plugins/jquery.draggable.js HTTP/1.1" 200 6121
124.78.154.177 - - [06/Feb/2023:08:51:14 +0800] "GET /xingrg/css/images/panel_loading.gif HTTP/1.1" 200 1737
124.78.154.177 - - [06/Feb/2023:08:51:14 +0800] "GET /xingrg/javascript/easyui/plugins/jquery.droppable.js HTTP/1.1" 200 1167
124.78.154.177 - - [06/Feb/2023:08:51:14 +0800] "GET /xingrg/javascript/easyui/themes/default/tree.css HTTP/1.1" 404 1090
124.78.154.177 - - [06/Feb/2023:08:51:14 +0800] "GET /xingrg/javascript/easyui/plugins/jquery.tree.js HTTP/1.1" 200 20874
124.78.154.177 - - [06/Feb/2023:08:51:15 +0800] "POST /xingrg/all/common/load_tree.html?tree=supplier_tree_json&isDelete=1 HTTP/1.1" 200 70488
124.78.154.177 - - [06/Feb/2023:08:51:16 +0800] "GET /xingrg/javascript/easyui/themes/default/images/tree_arrows.gif HTTP/1.1" 200 617
124.78.154.177 - - [06/Feb/2023:08:51:16 +0800] "GET /xingrg/javascript/easyui/themes/default/images/tree_folder_open.gif HTTP/1.1" 200 956
124.78.154.177 - - [06/Feb/2023:08:51:16 +0800] "GET /xingrg/javascript/easyui/themes/default/images/tree_folder.gif HTTP/1.1" 200 952
124.78.154.177 - - [06/Feb/2023:08:51:16 +0800] "GET /xingrg/javascript/easyui/themes/default/images/tree_file.gif HTTP/1.1" 200 118
218.81.216.21 - - [06/Feb/2023:08:51:18 +0800] "GET /xingrg/all/function/internal_message.html?_=1675644701263&CODE_STATE=getMsg HTTP/1.1" 200 27
116.230.105.139 - - [06/Feb/2023:08:51:22 +0800] "POST /xingrg/services/DataTransmitService HTTP/1.1" 200 524
116.238.139.35 - - [06/Feb/2023:08:51:24 +0800] "GET /xingrg/check_reg.html?_=1675644633085 HTTP/1.1" 200 22
218.81.216.21 - - [06/Feb/2023:08:51:27 +0800] "GET /xingrg/kc/buy/cgsh_order_operate.html?command=get_materiel&rest_code=00146&code=00101015046&supplier_code=00100005&order_time=2023-02-06 HTTP/1.1" 200 412
124.78.154.177 - - [06/Feb/2023:08:51:30 +0800] "GET /xingrg/javascript/auto/indicator.gif HTTP/1.1" 404 1066
124.78.154.177 - - [06/Feb/2023:08:51:34 +0800] "GET /xingrg/kc/buy/cgsh_order_operate.html?command=get_materiel&rest_code=00106&code=00101029011&supplier_code=00100017&order_time=2023-02-06 HTTP/1.1" 200 480
58.221.95.50 - - [06/Feb/2023:08:51:43 +0800] "GET /xingrg/all/function/internal_message.html?_=1675644725655&CODE_STATE=getMsg HTTP/1.1" 200 27
120.253.135.82 - - [06/Feb/2023:08:51:45 +0800] "GET /xingrg/all/function/internal_message.html?_=1675644851067&CODE_STATE=getMsg HTTP/1.1" 200 27
101.83.145.75 - - [06/Feb/2023:08:51:45 +0800] "GET /xingrg/all/function/internal_message.html?_=1675644726582&CODE_STATE=getMsg HTTP/1.1" 200 27
116.238.139.35 - - [06/Feb/2023:08:51:47 +0800] "GET /xingrg/all/function/internal_message.html?_=1675644729856&CODE_STATE=getMsg HTTP/1.1" 200 27
218.81.216.21 - - [06/Feb/2023:08:51:54 +0800] "GET /xingrg/kc/buy/cgsh_order_operate.html?command=get_materiel&rest_code=00146&code=00101008704&supplier_code=00100005&order_time=2023-02-06 HTTP/1.1" 200 395
116.238.139.35 - - [06/Feb/2023:08:51:59 +0800] "GET /xingrg/all/function/internal_message.html?_=1675644668123&CODE_STATE=getMsg HTTP/1.1" 200 27
218.81.216.21 - - [06/Feb/2023:08:51:59 +0800] "POST /xingrg/kc/buy/cgsh_order_operate.html HTTP/1.1" 200 2065
124.78.154.177 - - [06/Feb/2023:08:52:02 +0800] "GET /xingrg/kc/buy/cgsh_order_operate.html?command=get_materiel&rest_code=00106&code=00101029025&supplier_code=00100017&order_time=2023-02-06 HTTP/1.1" 200 442
116.230.105.139 - - [06/Feb/2023:08:52:04 +0800] "GET /xingrg/all/function/internal_message.html?_=1675644743071&CODE_STATE=getMsg HTTP/1.1" 200 27
101.83.145.75 - - [06/Feb/2023:08:52:04 +0800] "GET /xingrg/kc/buy/cgsh_order_add.html HTTP/1.1" 200 69786
101.83.145.75 - - [06/Feb/2023:08:52:04 +0800] "POST /xingrg/kc/buy/cgsh_order_operate.html HTTP/1.1" 200 8245
101.83.145.75 - - [06/Feb/2023:08:52:04 +0800] "GET /xingrg/javascript/easyui/themes/default/validatebox.css HTTP/1.1" 404 1104
180.163.28.114 - - [06/Feb/2023:08:52:05 +0800] "GET /xingrg/kc/buy/cgsh_order_list.html HTTP/1.1" 302 -
180.163.28.114 - - [06/Feb/2023:08:52:05 +0800] "GET /xingrg/login.html HTTP/1.1" 200 7641
120.253.135.82 - - [06/Feb/2023:08:52:05 +0800] "GET /xingrg/all/function/internal_message.html?_=1675644562172&CODE_STATE=getMsg HTTP/1.1" 200 27
218.81.216.21 - - [06/Feb/2023:08:52:06 +0800] "GET /xingrg/kc/buy/cgsh_order_operate.html?command=get_materiel&rest_code=00146&code=00101009031&supplier_code=00100005&order_time=2023-02-06 HTTP/1.1" 200 409
124.78.154.177 - - [06/Feb/2023:08:52:13 +0800] "GET /xingrg/all/function/internal_message.html?_=1675644755421&CODE_STATE=getMsg HTTP/1.1" 200 27
218.81.216.21 - - [06/Feb/2023:08:52:18 +0800] "GET /xingrg/all/function/internal_message.html?_=1675644761275&CODE_STATE=getMsg HTTP/1.1" 200 27
124.78.154.177 - - [06/Feb/2023:08:52:19 +0800] "GET /xingrg/kc/buy/cgsh_order_operate.html?command=get_materiel&rest_code=00106&code=00101028063&supplier_code=00100017&order_time=2023-02-06 HTTP/1.1" 200 424
218.81.216.21 - - [06/Feb/2023:08:52:19 +0800] "GET /xingrg/kc/buy/cgsh_order_operate.html?command=get_materiel&rest_code=00146&code=00101009013&supplier_code=00100005&order_time=2023-02-06 HTTP/1.1" 200 420
101.83.145.75 - - [06/Feb/2023:08:52:26 +0800] "GET /xingrg/javascript/jquery_easy_ui/themes/default/images/tabs_active.png HTTP/1.1" 304 -
180.163.29.219 - - [06/Feb/2023:08:52:31 +0800] "GET /xingrg/kc/buy/cgsh_order_operate.html?command=get_materiel&rest_code=00106&code=00101029011&supplier_code=00100017&order_time=2023-02-06 HTTP/1.1" 302 -
180.163.29.219 - - [06/Feb/2023:08:52:31 +0800] "GET /xingrg/login.html HTTP/1.1" 200 7641
218.81.216.21 - - [06/Feb/2023:08:52:33 +0800] "POST /xingrg/kc/buy/cgsh_order_operate.html HTTP/1.1" 200 37
218.81.216.21 - - [06/Feb/2023:08:52:35 +0800] "POST /xingrg/kc/buy/cgsh_order_operate.html HTTP/1.1" 200 38711
124.78.154.177 - - [06/Feb/2023:08:52:42 +0800] "POST /xingrg/kc/buy/cgsh_order_operate.html HTTP/1.1" 200 37
58.221.95.50 - - [06/Feb/2023:08:52:43 +0800] "GET /xingrg/all/function/internal_message.html?_=1675644785630&CODE_STATE=getMsg HTTP/1.1" 200 27
120.253.135.82 - - [06/Feb/2023:08:52:45 +0800] "GET /xingrg/all/function/internal_message.html?_=1675644911078&CODE_STATE=getMsg HTTP/1.1" 200 27
101.83.145.75 - - [06/Feb/2023:08:52:45 +0800] "GET /xingrg/all/function/internal_message.html?_=1675644786585&CODE_STATE=getMsg HTTP/1.1" 200 27
116.238.139.35 - - [06/Feb/2023:08:52:47 +0800] "GET /xingrg/all/function/internal_message.html?_=1675644789858&CODE_STATE=getMsg HTTP/1.1" 200 27
124.78.154.177 - - [06/Feb/2023:08:52:54 +0800] "POST /xingrg/kc/buy/cgsh_order_operate.html HTTP/1.1" 200 12
124.78.154.177 - - [06/Feb/2023:08:52:55 +0800] "GET /xingrg/kc/buy/cgsh_order_info.html?code=212023020601505 HTTP/1.1" 200 64606
124.78.154.177 - - [06/Feb/2023:08:52:56 +0800] "GET /xingrg/javascript/easyui/themes/default/validatebox.css HTTP/1.1" 404 1104
124.78.154.177 - - [06/Feb/2023:08:52:57 +0800] "POST /xingrg/kc/buy/cgsh_order_operate.html HTTP/1.1" 200 1876
124.78.154.177 - - [06/Feb/2023:08:52:59 +0800] "GET /xingrg/kc/print/load_config.html?kc_code=cgsh HTTP/1.1" 200 1943
124.78.154.177 - - [06/Feb/2023:08:52:59 +0800] "GET /xingrg/kc/print/load_data.html?order_code=212023020601505&kc_code=cgsh&condition= HTTP/1.1" 200 1311
116.238.139.35 - - [06/Feb/2023:08:52:59 +0800] "GET /xingrg/all/function/internal_message.html?_=1675644728137&CODE_STATE=getMsg HTTP/1.1" 200 27
116.230.105.139 - - [06/Feb/2023:08:53:04 +0800] "GET /xingrg/all/function/internal_message.html?_=1675644803064&CODE_STATE=getMsg HTTP/1.1" 200 27
120.253.135.82 - - [06/Feb/2023:08:53:05 +0800] "GET /xingrg/all/function/internal_message.html?_=1675644622218&CODE_STATE=getMsg HTTP/1.1" 200 27
58.221.95.50 - - [06/Feb/2023:08:53:07 +0800] "GET /xingrg/check_reg.html?_=1675644809373 HTTP/1.1" 200 22
218.81.216.21 - - [06/Feb/2023:08:53:08 +0800] "GET /xingrg/kc/buy/cgsh_order_operate.html?command=get_materiel&rest_code=00146&code=00101008036&supplier_code=00100005&order_time=2023-02-06 HTTP/1.1" 200 408
124.78.154.177 - - [06/Feb/2023:08:53:14 +0800] "GET /xingrg/all/function/internal_message.html?_=1675644816096&CODE_STATE=getMsg HTTP/1.1" 200 27
180.163.28.68 - - [06/Feb/2023:08:53:17 +0800] "GET /xingrg/kc/buy/cgsh_order_operate.html?command=get_materiel&rest_code=00106&code=00101028063&supplier_code=00100017&order_time=2023-02-06 HTTP/1.1" 302 -
180.163.28.68 - - [06/Feb/2023:08:53:17 +0800] "GET /xingrg/login.html HTTP/1.1" 200 7641
218.81.216.21 - - [06/Feb/2023:08:53:18 +0800] "GET /xingrg/all/function/internal_message.html?_=1675644821289&CODE_STATE=getMsg HTTP/1.1" 200 27
124.78.154.177 - - [06/Feb/2023:08:53:39 +0800] "GET /xingrg/kc/buy/cgsh_order_add.html HTTP/1.1" 200 69703
124.78.154.177 - - [06/Feb/2023:08:53:39 +0800] "POST /xingrg/kc/buy/cgsh_order_operate.html HTTP/1.1" 200 8245
124.78.154.177 - - [06/Feb/2023:08:53:39 +0800] "GET /xingrg/javascript/easyui/themes/default/validatebox.css HTTP/1.1" 404 1104
124.78.154.177 - - [06/Feb/2023:08:53:42 +0800] "GET /xingrg/javascript/easyui/themes/default/tree.css HTTP/1.1" 404 1090
124.78.154.177 - - [06/Feb/2023:08:53:42 +0800] "POST /xingrg/all/common/load_tree.html?tree=supplier_tree_json&isDelete=1 HTTP/1.1" 200 70488
58.221.95.50 - - [06/Feb/2023:08:53:43 +0800] "GET /xingrg/all/function/internal_message.html?_=1675644845614&CODE_STATE=getMsg HTTP/1.1" 200 27
218.81.216.21 - - [06/Feb/2023:08:53:44 +0800] "GET /xingrg/kc/buy/cgsh_order_operate.html?command=get_materiel&rest_code=00146&code=00101008233&supplier_code=00100005&order_time=2023-02-06 HTTP/1.1" 200 408
120.253.135.82 - - [06/Feb/2023:08:53:45 +0800] "GET /xingrg/all/function/internal_message.html?_=1675644971067&CODE_STATE=getMsg HTTP/1.1" 200 27
101.83.145.75 - - [06/Feb/2023:08:53:45 +0800] "GET /xingrg/check_reg.html?_=1675644846579 HTTP/1.1" 200 22
101.83.145.75 - - [06/Feb/2023:08:53:45 +0800] "GET /xingrg/all/function/internal_message.html?_=1675644846582&CODE_STATE=getMsg HTTP/1.1" 200 27
116.238.139.35 - - [06/Feb/2023:08:53:47 +0800] "GET /xingrg/all/function/internal_message.html?_=1675644849859&CODE_STATE=getMsg HTTP/1.1" 200 27
218.81.216.21 - - [06/Feb/2023:08:53:50 +0800] "POST /xingrg/kc/buy/cgsh_order_operate.html HTTP/1.1" 200 2065
116.238.139.35 - - [06/Feb/2023:08:53:59 +0800] "GET /xingrg/all/function/internal_message.html?_=1675644788170&CODE_STATE=getMsg HTTP/1.1" 200 27
116.230.105.139 - - [06/Feb/2023:08:54:04 +0800] "GET /xingrg/all/function/internal_message.html?_=1675644863056&CODE_STATE=getMsg HTTP/1.1" 200 27
120.253.135.82 - - [06/Feb/2023:08:54:05 +0800] "GET /xingrg/all/function/internal_message.html?_=1675644682231&CODE_STATE=getMsg HTTP/1.1" 200 27
124.78.154.177 - - [06/Feb/2023:08:54:06 +0800] "GET /xingrg/kc/buy/cgsh_order_operate.html?command=get_materiel&rest_code=00106&code=00101008234&supplier_code=00100007&order_time=2023-02-06 HTTP/1.1" 200 408
124.78.154.177 - - [06/Feb/2023:08:54:13 +0800] "GET /xingrg/check_reg.html?_=1675644875430 HTTP/1.1" 200 22
124.78.154.177 - - [06/Feb/2023:08:54:14 +0800] "GET /xingrg/all/function/internal_message.html?_=1675644876070&CODE_STATE=getMsg HTTP/1.1" 200 27
218.81.216.21 - - [06/Feb/2023:08:54:16 +0800] "GET /xingrg/kc/buy/cgsh_order_operate.html?command=get_materiel&rest_code=00146&code=00101008098&supplier_code=00100005&order_time=2023-02-06 HTTP/1.1" 200 412
218.81.216.21 - - [06/Feb/2023:08:54:18 +0800] "GET /xingrg/all/function/internal_message.html?_=1675644881303&CODE_STATE=getMsg HTTP/1.1" 200 27
218.81.216.21 - - [06/Feb/2023:08:54:26 +0800] "POST /xingrg/kc/buy/cgsh_order_operate.html HTTP/1.1" 200 37
218.81.216.21 - - [06/Feb/2023:08:54:30 +0800] "POST /xingrg/kc/buy/cgsh_order_operate.html HTTP/1.1" 200 42248
124.78.154.177 - - [06/Feb/2023:08:54:33 +0800] "GET /xingrg/kc/buy/cgsh_order_operate.html?command=get_materiel&rest_code=00106&code=00101008155&supplier_code=00100007&order_time=2023-02-06 HTTP/1.1" 200 408
101.83.145.75 - - [06/Feb/2023:08:54:39 +0800] "GET /xingrg/kc/buy/cgsh_order_operate.html?command=get_materiel&rest_code=00105&code=00101002027&supplier_code=&order_time=2023-02-06 HTTP/1.1" 200 413
124.78.154.177 - - [06/Feb/2023:08:54:42 +0800] "GET /xingrg/kc/buy/cgsh_order_operate.html?command=get_materiel&rest_code=00106&code=00101008354&supplier_code=00100007&order_time=2023-02-06 HTTP/1.1" 200 412
58.221.95.50 - - [06/Feb/2023:08:54:43 +0800] "GET /xingrg/all/function/internal_message.html?_=1675644905598&CODE_STATE=getMsg HTTP/1.1" 200 27
120.253.135.82 - - [06/Feb/2023:08:54:45 +0800] "GET /xingrg/all/function/internal_message.html?_=1675645031072&CODE_STATE=getMsg HTTP/1.1" 200 27
101.83.145.75 - - [06/Feb/2023:08:54:45 +0800] "GET /xingrg/all/function/internal_message.html?_=1675644906573&CODE_STATE=getMsg HTTP/1.1" 200 27
116.238.139.35 - - [06/Feb/2023:08:54:47 +0800] "GET /xingrg/all/function/internal_message.html?_=1675644909867&CODE_STATE=getMsg HTTP/1.1" 200 27
116.238.139.35 - - [06/Feb/2023:08:54:47 +0800] "GET /xingrg/check_reg.html?_=1675644909886 HTTP/1.1" 200 22
