101.83.145.75 - - [06/Feb/2023:11:12:25 +0800] "GET /xingrg/kc/print/load_data.html?order_code=212023020601568&kc_code=cgsh&condition= HTTP/1.1" 200 680
114.83.217.30 - - [06/Feb/2023:11:12:25 +0800] "POST /xingrg/dwr/call/plaincall/AjaxQqpsService.getMaterielByCode.dwr HTTP/1.1" 200 2825
218.81.216.21 - - [06/Feb/2023:11:12:26 +0800] "GET /xingrg/all/function/internal_message.html?_=1675653169231&CODE_STATE=getMsg HTTP/1.1" 200 27
114.83.217.30 - - [06/Feb/2023:11:12:27 +0800] "POST /xingrg/dwr/call/plaincall/AjaxQqpsService.saveMaterielItem.dwr HTTP/1.1" 200 79
101.83.145.75 - - [06/Feb/2023:11:12:28 +0800] "GET /xingrg/kc/buy/cgsh_order_add.html HTTP/1.1" 200 69786
101.83.145.75 - - [06/Feb/2023:11:12:28 +0800] "GET /xingrg/javascript/easyui/themes/default/validatebox.css HTTP/1.1" 404 1104
101.83.145.75 - - [06/Feb/2023:11:12:28 +0800] "POST /xingrg/kc/buy/cgsh_order_operate.html HTTP/1.1" 200 8245
114.83.217.30 - - [06/Feb/2023:11:12:31 +0800] "POST /xingrg/dwr/call/plaincall/AjaxQqpsService.getMaterielByCode.dwr HTTP/1.1" 200 2834
114.83.217.30 - - [06/Feb/2023:11:12:32 +0800] "POST /xingrg/dwr/call/plaincall/AjaxQqpsService.saveMaterielItem.dwr HTTP/1.1" 200 79
114.83.217.30 - - [06/Feb/2023:11:12:35 +0800] "POST /xingrg/dwr/call/plaincall/AjaxQqpsService.getMaterielByCode.dwr HTTP/1.1" 200 2834
114.83.217.30 - - [06/Feb/2023:11:12:36 +0800] "POST /xingrg/dwr/call/plaincall/AjaxQqpsService.saveMaterielItem.dwr HTTP/1.1" 200 79
58.221.95.50 - - [06/Feb/2023:11:12:36 +0800] "POST /xingrg/dwr/call/plaincall/AjaxCheckService.setItemNumber.dwr HTTP/1.1" 200 77
58.221.95.50 - - [06/Feb/2023:11:12:37 +0800] "POST /xingrg/dwr/call/plaincall/AjaxCheckService.setItemNumber.dwr HTTP/1.1" 200 77
101.83.145.75 - - [06/Feb/2023:11:12:39 +0800] "GET /xingrg/kc/buy/cgsh_order_operate.html?command=get_materiel&rest_code=00105&code=00101004067&supplier_code=00100312&order_time=2023-02-06 HTTP/1.1" 200 433
114.83.222.182 - - [06/Feb/2023:11:12:39 +0800] "GET /xingrg/all/function/internal_message.html?_=1675653284189&CODE_STATE=getMsg HTTP/1.1" 200 27
58.221.95.50 - - [06/Feb/2023:11:12:39 +0800] "POST /xingrg/dwr/call/plaincall/AjaxCheckService.setItemNumber.dwr HTTP/1.1" 200 77
114.83.217.30 - - [06/Feb/2023:11:12:39 +0800] "GET /xingrg/all/function/internal_message.html?_=1675653180244&CODE_STATE=getMsg HTTP/1.1" 200 27
58.221.95.50 - - [06/Feb/2023:11:12:40 +0800] "POST /xingrg/dwr/call/plaincall/AjaxCheckService.setItemNumber.dwr HTTP/1.1" 200 77
180.169.147.146 - - [06/Feb/2023:11:12:40 +0800] "GET /xingrg/all/function/internal_message.html?_=1675653184180&CODE_STATE=getMsg HTTP/1.1" 200 27
101.83.145.75 - - [06/Feb/2023:11:12:47 +0800] "GET /xingrg/all/function/internal_message.html?_=1675653188841&CODE_STATE=getMsg HTTP/1.1" 200 27
114.83.217.30 - - [06/Feb/2023:11:12:47 +0800] "POST /xingrg/dwr/call/plaincall/AjaxQqpsService.getMaterielByCode.dwr HTTP/1.1" 200 2839
114.83.217.30 - - [06/Feb/2023:11:12:49 +0800] "POST /xingrg/dwr/call/plaincall/AjaxQqpsService.saveMaterielItem.dwr HTTP/1.1" 200 79
180.169.147.146 - - [06/Feb/2023:11:12:50 +0800] "GET /xingrg/all/function/internal_message.html?_=1675653191446&CODE_STATE=getMsg HTTP/1.1" 200 27
58.221.95.50 - - [06/Feb/2023:11:12:52 +0800] "POST /xingrg/dwr/call/plaincall/AjaxCheckService.setItemNumber.dwr HTTP/1.1" 200 77
101.83.145.75 - - [06/Feb/2023:11:12:52 +0800] "GET /xingrg/kc/buy/cgsh_order_operate.html?command=get_materiel&rest_code=00105&code=00101004030&supplier_code=00100312&order_time=2023-02-06 HTTP/1.1" 200 408
58.221.95.50 - - [06/Feb/2023:11:12:53 +0800] "POST /xingrg/dwr/call/plaincall/AjaxCheckService.setItemNumber.dwr HTTP/1.1" 200 77
58.221.95.50 - - [06/Feb/2023:11:12:55 +0800] "GET /xingrg/all/function/internal_message.html?_=1675653197135&CODE_STATE=getMsg HTTP/1.1" 200 27
116.230.105.139 - - [06/Feb/2023:11:12:57 +0800] "GET /xingrg/all/function/internal_message.html?_=1675653198519&CODE_STATE=getMsg HTTP/1.1" 200 27
124.78.154.177 - - [06/Feb/2023:11:12:59 +0800] "GET /xingrg/all/function/internal_message.html?_=1675653200930&CODE_STATE=getMsg HTTP/1.1" 200 27
124.79.72.155 - - [06/Feb/2023:11:12:59 +0800] "GET /xingrg/all/function/internal_message.html?_=1675653200714&CODE_STATE=getMsg HTTP/1.1" 200 27
116.238.139.35 - - [06/Feb/2023:11:13:01 +0800] "GET /xingrg/all/function/internal_message.html?_=1675653203721&CODE_STATE=getMsg HTTP/1.1" 200 27
116.238.139.35 - - [06/Feb/2023:11:13:02 +0800] "GET /xingrg/check_reg.html?_=1675653203897 HTTP/1.1" 200 22
116.238.139.35 - - [06/Feb/2023:11:13:02 +0800] "GET /xingrg/all/function/internal_message.html?_=1675653130881&CODE_STATE=getMsg HTTP/1.1" 200 27
101.83.145.75 - - [06/Feb/2023:11:13:06 +0800] "GET /xingrg/kc/buy/cgsh_order_operate.html?command=get_materiel&rest_code=00105&code=00101001096&supplier_code=00100312&order_time=2023-02-06 HTTP/1.1" 200 413
58.221.95.50 - - [06/Feb/2023:11:13:07 +0800] "GET /xingrg/check_reg.html?_=1675653209378 HTTP/1.1" 200 22
222.70.181.49 - - [06/Feb/2023:11:13:08 +0800] "GET /xingrg/all/function/internal_message.html?_=1675653209150&CODE_STATE=getMsg HTTP/1.1" 200 27
120.253.135.82 - - [06/Feb/2023:11:13:10 +0800] "GET /xingrg/all/function/internal_message.html?_=1675653027030&CODE_STATE=getMsg HTTP/1.1" 200 27
124.78.154.177 - - [06/Feb/2023:11:13:17 +0800] "GET /xingrg/kc/mdqp/qp_main.html HTTP/1.1" 200 10633
124.78.154.177 - - [06/Feb/2023:11:13:17 +0800] "GET /xingrg/images/blue/button/qqpsd.gif HTTP/1.1" 200 2548
124.78.154.177 - - [06/Feb/2023:11:13:17 +0800] "GET /xingrg/images/blue/button/pszx.gif HTTP/1.1" 200 2648
124.78.154.177 - - [06/Feb/2023:11:13:17 +0800] "GET /xingrg/images/blue/button/psshd.gif HTTP/1.1" 200 2692
124.78.154.177 - - [06/Feb/2023:11:13:18 +0800] "GET /xingrg/images/yd/bt.gif HTTP/1.1" 404 1040
124.78.154.177 - - [06/Feb/2023:11:13:19 +0800] "GET /xingrg/kc/mdqp/qqps_order_list.html HTTP/1.1" 200 9222
124.78.154.177 - - [06/Feb/2023:11:13:19 +0800] "GET /xingrg/dwr/interface/AjaxReportQueryService.js HTTP/1.1" 200 13203
124.78.154.177 - - [06/Feb/2023:11:13:19 +0800] "GET /xingrg/dwr/interface/AjaxQqpsService.js HTTP/1.1" 200 16326
124.78.154.177 - - [06/Feb/2023:11:13:19 +0800] "GET /xingrg/dwr/util.js HTTP/1.1" 200 35990
124.78.154.177 - - [06/Feb/2023:11:13:19 +0800] "GET /xingrg/javascript/Calendar.js HTTP/1.1" 200 31561
124.78.154.177 - - [06/Feb/2023:11:13:19 +0800] "GET /xingrg/dwr/engine.js HTTP/1.1" 200 43631
124.78.154.177 - - [06/Feb/2023:11:13:19 +0800] "GET /xingrg/javascript/jquery_easy_ui/themes/icons/check_new.png HTTP/1.1" 200 3224
124.78.154.177 - - [06/Feb/2023:11:13:19 +0800] "GET /xingrg/javascript/jquery_easy_ui/themes/icons/uncheck_new.png HTTP/1.1" 200 3197
124.78.154.177 - - [06/Feb/2023:11:13:19 +0800] "GET /xingrg/javascript/jquery_easy_ui/themes/icons/cance_new.png HTTP/1.1" 200 3986
124.78.154.177 - - [06/Feb/2023:11:13:19 +0800] "GET /xingrg/javascript/jquery_easy_ui/themes/icons/edit_add_new.png HTTP/1.1" 200 2997
124.78.154.177 - - [06/Feb/2023:11:13:20 +0800] "GET /xingrg/javascript/jquery_easy_ui/themes/default/images/button_plain_hover.png HTTP/1.1" 200 252
124.78.154.177 - - [06/Feb/2023:11:13:20 +0800] "GET /xingrg/kc/mdqp/qqps_order_add.html HTTP/1.1" 200 28238
124.78.154.177 - - [06/Feb/2023:11:13:20 +0800] "GET /xingrg/javascript/tools/jquery.qtip-1.0.0-rc3.min.js HTTP/1.1" 200 38404
124.78.154.177 - - [06/Feb/2023:11:13:20 +0800] "GET /xingrg/dwr/interface/AjaxComOrderService.js HTTP/1.1" 200 18264
124.78.154.177 - - [06/Feb/2023:11:13:20 +0800] "GET /xingrg/dwr/interface/AjaxQqpsService.js HTTP/1.1" 200 16326
124.78.154.177 - - [06/Feb/2023:11:13:20 +0800] "GET /xingrg/javascript/Grid.js HTTP/1.1" 200 58908
124.78.154.177 - - [06/Feb/2023:11:13:20 +0800] "GET /xingrg/javascript/AjaxInfoList.js HTTP/1.1" 200 3774
124.78.154.177 - - [06/Feb/2023:11:13:20 +0800] "GET /xingrg/dwr/engine.js HTTP/1.1" 200 43631
124.78.154.177 - - [06/Feb/2023:11:13:21 +0800] "GET /xingrg/images/blue/button/kc_tab_add.gif HTTP/1.1" 200 375
124.78.154.177 - - [06/Feb/2023:11:13:21 +0800] "GET /xingrg/images/blue/button/kc_tab_edit.gif HTTP/1.1" 200 551
124.78.154.177 - - [06/Feb/2023:11:13:21 +0800] "GET /xingrg/images/blue/button/kc_tab_save.gif HTTP/1.1" 200 777
124.78.154.177 - - [06/Feb/2023:11:13:21 +0800] "GET /xingrg/images/blue/button/kc_tab_del.gif HTTP/1.1" 200 383
124.78.154.177 - - [06/Feb/2023:11:13:21 +0800] "GET /xingrg/javascript/jquery_easy_ui/themes/icons/copy_new.png HTTP/1.1" 200 815
124.78.154.177 - - [06/Feb/2023:11:13:21 +0800] "GET /xingrg/javascript/jquery_easy_ui/themes/icons/template_new.png HTTP/1.1" 200 3956
124.78.154.177 - - [06/Feb/2023:11:13:21 +0800] "GET /xingrg/javascript/jquery_easy_ui/themes/icons/ok.png HTTP/1.1" 200 883
124.78.154.177 - - [06/Feb/2023:11:13:21 +0800] "GET /xingrg/javascript/jquery_easy_ui/themes/icons/print.png HTTP/1.1" 200 1057
124.78.154.177 - - [06/Feb/2023:11:13:21 +0800] "GET /xingrg/javascript/jquery_easy_ui/themes/default/images/menu_downarrow.png HTTP/1.1" 200 173
124.78.154.177 - - [06/Feb/2023:11:13:21 +0800] "GET /xingrg/images/blue/kc_tab_mid.gif HTTP/1.1" 200 44
124.78.154.177 - - [06/Feb/2023:11:13:21 +0800] "GET /xingrg/javascript/jquery_easy_ui/themes/default/images/combo_arrow_dot.gif HTTP/1.1" 200 79
124.78.154.177 - - [06/Feb/2023:11:13:21 +0800] "GET /xingrg/javascript/jquery_easy_ui/themes/icons/back_new.png HTTP/1.1" 200 3414
124.78.154.177 - - [06/Feb/2023:11:13:21 +0800] "GET /xingrg/images/blue/kc_tab2_left.gif HTTP/1.1" 200 625
124.78.154.177 - - [06/Feb/2023:11:13:21 +0800] "GET /xingrg/images/blue/kc_tab2_right.gif HTTP/1.1" 200 192
124.78.154.177 - - [06/Feb/2023:11:13:21 +0800] "GET /xingrg/images/blue/kc_tab_right.gif HTTP/1.1" 200 643
124.78.154.177 - - [06/Feb/2023:11:13:21 +0800] "GET /xingrg/images/blue/kc_tab_left.gif HTTP/1.1" 200 188
180.169.147.146 - - [06/Feb/2023:11:13:22 +0800] "GET /xingrg/all/function/internal_message.html?_=1675653221975&CODE_STATE=getMsg HTTP/1.1" 200 27
180.169.147.146 - - [06/Feb/2023:11:13:22 +0800] "GET /xingrg/check_reg.html?_=1675653221981 HTTP/1.1" 200 22
101.83.145.75 - - [06/Feb/2023:11:13:26 +0800] "POST /xingrg/kc/buy/cgsh_order_operate.html HTTP/1.1" 200 37
218.81.216.21 - - [06/Feb/2023:11:13:26 +0800] "GET /xingrg/all/function/internal_message.html?_=1675653229433&CODE_STATE=getMsg HTTP/1.1" 200 27
101.83.145.75 - - [06/Feb/2023:11:13:28 +0800] "POST /xingrg/kc/buy/cgsh_order_operate.html HTTP/1.1" 200 4429
101.83.145.75 - - [06/Feb/2023:11:13:29 +0800] "GET /xingrg/kc/print/load_data.html?order_code=212023020601569&kc_code=cgsh&condition= HTTP/1.1" 200 1347
101.83.145.75 - - [06/Feb/2023:11:13:33 +0800] "GET /xingrg/kc/buy/cgsh_order_add.html HTTP/1.1" 200 69786
101.83.145.75 - - [06/Feb/2023:11:13:33 +0800] "POST /xingrg/kc/buy/cgsh_order_operate.html HTTP/1.1" 200 8245
101.83.145.75 - - [06/Feb/2023:11:13:33 +0800] "GET /xingrg/javascript/easyui/themes/default/validatebox.css HTTP/1.1" 404 1104
114.83.222.182 - - [06/Feb/2023:11:13:39 +0800] "GET /xingrg/all/function/internal_message.html?_=1675653344181&CODE_STATE=getMsg HTTP/1.1" 200 27
114.83.217.30 - - [06/Feb/2023:11:13:39 +0800] "GET /xingrg/all/function/internal_message.html?_=1675653240228&CODE_STATE=getMsg HTTP/1.1" 200 27
114.83.222.182 - - [06/Feb/2023:11:13:40 +0800] "GET /xingrg/check_reg.html?_=1675653345245 HTTP/1.1" 200 22
180.169.147.146 - - [06/Feb/2023:11:13:40 +0800] "GET /xingrg/all/function/internal_message.html?_=1675653244186&CODE_STATE=getMsg HTTP/1.1" 200 27
101.83.145.75 - - [06/Feb/2023:11:13:45 +0800] "GET /xingrg/kc/buy/cgsh_order_operate.html?command=get_materiel&rest_code=00105&code=00101003079&supplier_code=00100092&order_time=2023-02-06 HTTP/1.1" 200 422
101.83.145.75 - - [06/Feb/2023:11:13:47 +0800] "GET /xingrg/all/function/internal_message.html?_=1675653248812&CODE_STATE=getMsg HTTP/1.1" 200 27
180.169.147.146 - - [06/Feb/2023:11:13:50 +0800] "GET /xingrg/all/function/internal_message.html?_=1675653251447&CODE_STATE=getMsg HTTP/1.1" 200 27
58.221.95.50 - - [06/Feb/2023:11:13:55 +0800] "GET /xingrg/all/function/internal_message.html?_=1675653257129&CODE_STATE=getMsg HTTP/1.1" 200 27
101.83.145.75 - - [06/Feb/2023:11:13:56 +0800] "POST /xingrg/kc/buy/cgsh_order_operate.html HTTP/1.1" 200 37
116.230.105.139 - - [06/Feb/2023:11:13:57 +0800] "GET /xingrg/all/function/internal_message.html?_=1675653258514&CODE_STATE=getMsg HTTP/1.1" 200 27
101.83.145.75 - - [06/Feb/2023:11:13:58 +0800] "POST /xingrg/kc/buy/cgsh_order_operate.html HTTP/1.1" 200 2671
124.78.154.177 - - [06/Feb/2023:11:13:59 +0800] "GET /xingrg/all/function/internal_message.html?_=1675653260905&CODE_STATE=getMsg HTTP/1.1" 200 27
124.79.72.155 - - [06/Feb/2023:11:13:59 +0800] "GET /xingrg/all/function/internal_message.html?_=1675653260716&CODE_STATE=getMsg HTTP/1.1" 200 27
101.83.145.75 - - [06/Feb/2023:11:14:00 +0800] "GET /xingrg/kc/print/load_data.html?order_code=212023020601570&kc_code=cgsh&condition= HTTP/1.1" 200 736
116.238.139.35 - - [06/Feb/2023:11:14:01 +0800] "GET /xingrg/all/function/internal_message.html?_=1675653263729&CODE_STATE=getMsg HTTP/1.1" 200 27
116.238.139.35 - - [06/Feb/2023:11:14:02 +0800] "GET /xingrg/all/function/internal_message.html?_=1675653190916&CODE_STATE=getMsg HTTP/1.1" 200 27
222.70.181.49 - - [06/Feb/2023:11:14:08 +0800] "GET /xingrg/all/function/internal_message.html?_=1675653269120&CODE_STATE=getMsg HTTP/1.1" 200 27
120.253.135.82 - - [06/Feb/2023:11:14:10 +0800] "GET /xingrg/all/function/internal_message.html?_=1675653087036&CODE_STATE=getMsg HTTP/1.1" 200 27
101.83.145.75 - - [06/Feb/2023:11:14:11 +0800] "GET /xingrg/kc/buy/cgsh_order_add.html HTTP/1.1" 200 69786
101.83.145.75 - - [06/Feb/2023:11:14:12 +0800] "GET /xingrg/javascript/easyui/themes/default/validatebox.css HTTP/1.1" 404 1104
101.83.145.75 - - [06/Feb/2023:11:14:12 +0800] "POST /xingrg/kc/buy/cgsh_order_operate.html HTTP/1.1" 200 8245
180.169.147.146 - - [06/Feb/2023:11:14:22 +0800] "GET /xingrg/all/function/internal_message.html?_=1675653281972&CODE_STATE=getMsg HTTP/1.1" 200 27
101.83.145.75 - - [06/Feb/2023:11:14:24 +0800] "GET /xingrg/kc/buy/cgsh_order_operate.html?command=get_materiel&rest_code=00105&code=00101002006&supplier_code=00100091&order_time=2023-02-06 HTTP/1.1" 200 414
218.81.216.21 - - [06/Feb/2023:11:14:26 +0800] "GET /xingrg/all/function/internal_message.html?_=1675653289445&CODE_STATE=getMsg HTTP/1.1" 200 27
114.83.217.30 - - [06/Feb/2023:11:14:29 +0800] "POST /xingrg/dwr/call/plaincall/AjaxQqpsService.getMaterielByCode.dwr HTTP/1.1" 200 2815
114.83.217.30 - - [06/Feb/2023:11:14:30 +0800] "POST /xingrg/dwr/call/plaincall/AjaxQqpsService.saveMaterielItem.dwr HTTP/1.1" 200 79
114.83.217.30 - - [06/Feb/2023:11:14:35 +0800] "GET /xingrg/check_reg.html?_=1675653296263 HTTP/1.1" 200 22
114.83.222.182 - - [06/Feb/2023:11:14:39 +0800] "GET /xingrg/all/function/internal_message.html?_=1675653404162&CODE_STATE=getMsg HTTP/1.1" 200 27
114.83.217.30 - - [06/Feb/2023:11:14:39 +0800] "GET /xingrg/all/function/internal_message.html?_=1675653300212&CODE_STATE=getMsg HTTP/1.1" 200 27
124.78.154.177 - - [06/Feb/2023:11:14:40 +0800] "GET /xingrg/images/blue/wait.gif HTTP/1.1" 200 1100
124.78.154.177 - - [06/Feb/2023:11:14:40 +0800] "POST /xingrg/dwr/call/plaincall/AjaxQqpsService.saveOrder.dwr HTTP/1.1" 200 78
114.88.159.190 - - [06/Feb/2023:11:14:41 +0800] "GET /xingrg/kc/buy/cgsh_order_add.html HTTP/1.1" 200 69703
114.88.159.190 - - [06/Feb/2023:11:14:41 +0800] "POST /xingrg/kc/buy/cgsh_order_operate.html HTTP/1.1" 200 8245
114.88.159.190 - - [06/Feb/2023:11:14:41 +0800] "GET /xingrg/javascript/easyui/themes/default/validatebox.css HTTP/1.1" 404 1104
124.78.154.177 - - [06/Feb/2023:11:14:46 +0800] "POST /xingrg/dwr/call/plaincall/AjaxQqpsService.getMaterielByCode.dwr HTTP/1.1" 200 2667
101.83.145.75 - - [06/Feb/2023:11:14:47 +0800] "GET /xingrg/all/function/internal_message.html?_=1675653308802&CODE_STATE=getMsg HTTP/1.1" 200 27
124.78.154.177 - - [06/Feb/2023:11:14:49 +0800] "POST /xingrg/dwr/call/plaincall/AjaxQqpsService.saveMaterielItem.dwr HTTP/1.1" 200 78
180.169.147.146 - - [06/Feb/2023:11:14:50 +0800] "GET /xingrg/all/function/internal_message.html?_=1675653311474&CODE_STATE=getMsg HTTP/1.1" 200 27
124.78.154.177 - - [06/Feb/2023:11:14:55 +0800] "POST /xingrg/dwr/call/plaincall/AjaxQqpsService.getMaterielByCode.dwr HTTP/1.1" 200 2698
58.221.95.50 - - [06/Feb/2023:11:14:55 +0800] "GET /xingrg/all/function/internal_message.html?_=1675653317104&CODE_STATE=getMsg HTTP/1.1" 200 27
222.70.181.49 - - [06/Feb/2023:11:14:55 +0800] "GET /xingrg/check_reg.html?_=1675653317031 HTTP/1.1" 200 22
114.88.159.190 - - [06/Feb/2023:11:14:57 +0800] "GET /xingrg/kc/buy/cgsh_order_operate.html?command=get_materiel&rest_code=00141&code=00101018007&supplier_code=00100330&order_time=2023-02-06 HTTP/1.1" 200 409
116.230.105.139 - - [06/Feb/2023:11:14:57 +0800] "GET /xingrg/all/function/internal_message.html?_=1675653318515&CODE_STATE=getMsg HTTP/1.1" 200 27
124.78.154.177 - - [06/Feb/2023:11:14:59 +0800] "GET /xingrg/all/function/internal_message.html?_=1675653320890&CODE_STATE=getMsg HTTP/1.1" 200 27
124.79.72.155 - - [06/Feb/2023:11:14:59 +0800] "GET /xingrg/all/function/internal_message.html?_=1675653320716&CODE_STATE=getMsg HTTP/1.1" 200 27
124.78.154.177 - - [06/Feb/2023:11:14:59 +0800] "GET /xingrg/check_reg.html?_=1675653321126 HTTP/1.1" 200 22
116.238.139.35 - - [06/Feb/2023:11:15:01 +0800] "GET /xingrg/all/function/internal_message.html?_=1675653323731&CODE_STATE=getMsg HTTP/1.1" 200 27
116.238.139.35 - - [06/Feb/2023:11:15:02 +0800] "GET /xingrg/all/function/internal_message.html?_=1675653250924&CODE_STATE=getMsg HTTP/1.1" 200 27
124.78.154.177 - - [06/Feb/2023:11:15:03 +0800] "POST /xingrg/dwr/call/plaincall/AjaxQqpsService.saveMaterielItem.dwr HTTP/1.1" 200 78
58.40.7.146 - - [06/Feb/2023:11:15:04 +0800] "POST /xingrg/services/DataTransmitService HTTP/1.1" 200 524
222.70.181.49 - - [06/Feb/2023:11:15:08 +0800] "GET /xingrg/all/function/internal_message.html?_=1675653329093&CODE_STATE=getMsg HTTP/1.1" 200 27
120.253.135.82 - - [06/Feb/2023:11:15:10 +0800] "GET /xingrg/all/function/internal_message.html?_=1675653147084&CODE_STATE=getMsg HTTP/1.1" 200 27
114.83.217.30 - - [06/Feb/2023:11:15:10 +0800] "POST /xingrg/dwr/call/plaincall/AjaxQqpsService.getMaterielByCode.dwr HTTP/1.1" 200 2759
114.83.217.30 - - [06/Feb/2023:11:15:12 +0800] "POST /xingrg/dwr/call/plaincall/AjaxQqpsService.saveMaterielItem.dwr HTTP/1.1" 200 79
114.88.159.190 - - [06/Feb/2023:11:15:16 +0800] "GET /xingrg/kc/buy/cgsh_order_operate.html?command=get_materiel&rest_code=00141&code=00101006067&supplier_code=00100330&order_time=2023-02-06 HTTP/1.1" 200 409
180.169.147.146 - - [06/Feb/2023:11:15:22 +0800] "GET /xingrg/all/function/internal_message.html?_=1675653341982&CODE_STATE=getMsg HTTP/1.1" 200 27
116.230.105.139 - - [06/Feb/2023:11:15:22 +0800] "GET /xingrg/kc/buy/cgsh_order_operate.html?command=get_materiel&rest_code=00155&code=00101010248&supplier_code=00100037&order_time=2023-02-06 HTTP/1.1" 200 430
218.81.216.21 - - [06/Feb/2023:11:15:23 +0800] "GET /xingrg/check_reg.html?_=1675653346445 HTTP/1.1" 200 22
218.81.216.21 - - [06/Feb/2023:11:15:26 +0800] "GET /xingrg/all/function/internal_message.html?_=1675653349626&CODE_STATE=getMsg HTTP/1.1" 200 27
114.88.159.190 - - [06/Feb/2023:11:15:28 +0800] "GET /xingrg/kc/buy/cgsh_order_operate.html?command=get_materiel&rest_code=00141&code=00101018011&supplier_code=00100330&order_time=2023-02-06 HTTP/1.1" 200 413
124.78.154.177 - - [06/Feb/2023:11:15:31 +0800] "POST /xingrg/dwr/call/plaincall/AjaxQqpsService.saveOrder.dwr HTTP/1.1" 200 78
114.83.217.30 - - [06/Feb/2023:11:15:34 +0800] "POST /xingrg/dwr/call/plaincall/AjaxQqpsService.checkOrder.dwr HTTP/1.1" 200 79
124.78.154.177 - - [06/Feb/2023:11:15:34 +0800] "POST /xingrg/dwr/call/plaincall/AjaxQqpsService.saveOrder.dwr HTTP/1.1" 200 78
114.83.217.30 - - [06/Feb/2023:11:15:34 +0800] "GET /xingrg/kc/mdqp/qqps_order_info.html?code=302023020600099 HTTP/1.1" 200 26801
101.83.145.75 - - [06/Feb/2023:11:15:34 +0800] "GET /xingrg/kc/buy/cgsh_order_operate.html?command=get_materiel&rest_code=00105&code=00101002034&supplier_code=00100091&order_time=2023-02-06 HTTP/1.1" 200 409
114.83.217.30 - - [06/Feb/2023:11:15:34 +0800] "GET /xingrg/dwr/interface/AjaxComOrderService.js HTTP/1.1" 200 18264
114.83.217.30 - - [06/Feb/2023:11:15:34 +0800] "GET /xingrg/dwr/interface/AjaxQqpsService.js HTTP/1.1" 200 16326
114.83.217.30 - - [06/Feb/2023:11:15:34 +0800] "GET /xingrg/dwr/engine.js HTTP/1.1" 200 43631
114.83.217.30 - - [06/Feb/2023:11:15:35 +0800] "POST /xingrg/dwr/call/plaincall/AjaxQqpsService.loadMaterielItems.dwr HTTP/1.1" 200 10314
114.83.217.30 - - [06/Feb/2023:11:15:38 +0800] "GET /xingrg/kc/mdqp/qqps_order_add.html HTTP/1.1" 200 28398
114.83.217.30 - - [06/Feb/2023:11:15:38 +0800] "GET /xingrg/dwr/interface/AjaxComOrderService.js HTTP/1.1" 200 18264
114.83.217.30 - - [06/Feb/2023:11:15:38 +0800] "GET /xingrg/dwr/interface/AjaxQqpsService.js HTTP/1.1" 200 16326
114.83.217.30 - - [06/Feb/2023:11:15:38 +0800] "GET /xingrg/dwr/engine.js HTTP/1.1" 200 43631
114.88.159.190 - - [06/Feb/2023:11:15:38 +0800] "POST /xingrg/kc/buy/cgsh_order_operate.html HTTP/1.1" 200 37
114.83.222.182 - - [06/Feb/2023:11:15:39 +0800] "GET /xingrg/all/function/internal_message.html?_=1675653464156&CODE_STATE=getMsg HTTP/1.1" 200 27
114.83.217.30 - - [06/Feb/2023:11:15:39 +0800] "GET /xingrg/all/function/internal_message.html?_=1675653360205&CODE_STATE=getMsg HTTP/1.1" 200 27
101.83.145.75 - - [06/Feb/2023:11:15:43 +0800] "GET /xingrg/kc/buy/cgsh_order_operate.html?command=get_materiel&rest_code=00105&code=00101003037&supplier_code=00100091&order_time=2023-02-06 HTTP/1.1" 200 418
114.88.159.190 - - [06/Feb/2023:11:15:46 +0800] "POST /xingrg/kc/buy/cgsh_order_operate.html HTTP/1.1" 200 12
120.253.135.82 - - [06/Feb/2023:11:15:46 +0800] "GET /xingrg/check_reg.html?_=1675653183292 HTTP/1.1" 200 22
114.88.159.190 - - [06/Feb/2023:11:15:46 +0800] "GET /xingrg/kc/buy/cgsh_order_info.html?code=212023020601571 HTTP/1.1" 200 64612
114.88.159.190 - - [06/Feb/2023:11:15:47 +0800] "GET /xingrg/javascript/easyui/themes/default/validatebox.css HTTP/1.1" 404 1104
101.83.145.75 - - [06/Feb/2023:11:15:47 +0800] "GET /xingrg/all/function/internal_message.html?_=1675653368763&CODE_STATE=getMsg HTTP/1.1" 200 27
101.83.145.75 - - [06/Feb/2023:11:15:47 +0800] "GET /xingrg/check_reg.html?_=1675653368829 HTTP/1.1" 200 22
114.88.159.190 - - [06/Feb/2023:11:15:48 +0800] "POST /xingrg/kc/buy/cgsh_order_operate.html HTTP/1.1" 200 1785
114.83.217.30 - - [06/Feb/2023:11:15:48 +0800] "POST /xingrg/dwr/call/plaincall/AjaxQqpsService.saveOrder.dwr HTTP/1.1" 200 78
180.169.147.146 - - [06/Feb/2023:11:15:50 +0800] "GET /xingrg/check_reg.html?_=1675653371473 HTTP/1.1" 200 22
180.169.147.146 - - [06/Feb/2023:11:15:50 +0800] "GET /xingrg/all/function/internal_message.html?_=1675653371476&CODE_STATE=getMsg HTTP/1.1" 200 27
114.88.159.190 - - [06/Feb/2023:11:15:50 +0800] "GET /xingrg/kc/print/load_data.html?order_code=212023020601571&kc_code=cgsh&condition= HTTP/1.1" 200 1159
114.83.217.30 - - [06/Feb/2023:11:15:51 +0800] "POST /xingrg/dwr/call/plaincall/AjaxQqpsService.getMaterielByCode.dwr HTTP/1.1" 200 2743
116.230.105.139 - - [06/Feb/2023:11:15:53 +0800] "GET /xingrg/kc/buy/cgsh_order_operate.html?command=get_materiel&rest_code=00155&code=00101020103&supplier_code=00100037&order_time=2023-02-06 HTTP/1.1" 200 408
114.83.217.30 - - [06/Feb/2023:11:15:53 +0800] "POST /xingrg/dwr/call/plaincall/AjaxQqpsService.saveMaterielItem.dwr HTTP/1.1" 200 78
58.221.95.50 - - [06/Feb/2023:11:15:55 +0800] "GET /xingrg/all/function/internal_message.html?_=1675653377086&CODE_STATE=getMsg HTTP/1.1" 200 27
114.88.159.190 - - [06/Feb/2023:11:15:55 +0800] "GET /xingrg/kc/buy/cgsh_order_add.html HTTP/1.1" 200 69703
114.88.159.190 - - [06/Feb/2023:11:15:56 +0800] "POST /xingrg/kc/buy/cgsh_order_operate.html HTTP/1.1" 200 8245
114.88.159.190 - - [06/Feb/2023:11:15:56 +0800] "GET /xingrg/javascript/easyui/themes/default/validatebox.css HTTP/1.1" 404 1104
114.83.217.30 - - [06/Feb/2023:11:15:57 +0800] "POST /xingrg/dwr/call/plaincall/AjaxQqpsService.checkOrder.dwr HTTP/1.1" 200 78
116.230.105.139 - - [06/Feb/2023:11:15:57 +0800] "GET /xingrg/all/function/internal_message.html?_=1675653378531&CODE_STATE=getMsg HTTP/1.1" 200 27
116.230.105.139 - - [06/Feb/2023:11:15:57 +0800] "GET /xingrg/check_reg.html?_=1675653378532 HTTP/1.1" 200 22
114.83.217.30 - - [06/Feb/2023:11:15:59 +0800] "GET /xingrg/kc/mdqp/qqps_order_info.html?code=302023020600101 HTTP/1.1" 200 26801
114.83.217.30 - - [06/Feb/2023:11:15:59 +0800] "GET /xingrg/dwr/interface/AjaxComOrderService.js HTTP/1.1" 200 18264
114.83.217.30 - - [06/Feb/2023:11:15:59 +0800] "GET /xingrg/dwr/interface/AjaxQqpsService.js HTTP/1.1" 200 16326
114.83.217.30 - - [06/Feb/2023:11:15:59 +0800] "GET /xingrg/dwr/engine.js HTTP/1.1" 200 43631
124.78.154.177 - - [06/Feb/2023:11:15:59 +0800] "GET /xingrg/all/function/internal_message.html?_=1675653380869&CODE_STATE=getMsg HTTP/1.1" 200 27
124.79.72.155 - - [06/Feb/2023:11:15:59 +0800] "GET /xingrg/all/function/internal_message.html?_=1675653380717&CODE_STATE=getMsg HTTP/1.1" 200 27
124.79.72.155 - - [06/Feb/2023:11:15:59 +0800] "GET /xingrg/check_reg.html?_=1675653380721 HTTP/1.1" 200 22
114.83.217.30 - - [06/Feb/2023:11:15:59 +0800] "POST /xingrg/dwr/call/plaincall/AjaxQqpsService.loadMaterielItems.dwr HTTP/1.1" 200 331
116.238.139.35 - - [06/Feb/2023:11:16:01 +0800] "GET /xingrg/all/function/internal_message.html?_=1675653383732&CODE_STATE=getMsg HTTP/1.1" 200 27
116.238.139.35 - - [06/Feb/2023:11:16:02 +0800] "GET /xingrg/all/function/internal_message.html?_=1675653310956&CODE_STATE=getMsg HTTP/1.1" 200 27
222.70.181.49 - - [06/Feb/2023:11:16:08 +0800] "GET /xingrg/all/function/internal_message.html?_=1675653389079&CODE_STATE=getMsg HTTP/1.1" 200 27
116.230.105.139 - - [06/Feb/2023:11:16:09 +0800] "POST /xingrg/kc/buy/cgsh_order_operate.html HTTP/1.1" 200 37
114.88.159.190 - - [06/Feb/2023:11:16:09 +0800] "GET /xingrg/kc/buy/cgsh_order_operate.html?command=get_materiel&rest_code=00141&code=00101001145&supplier_code=00100314&order_time=2023-02-06 HTTP/1.1" 200 413
120.253.135.82 - - [06/Feb/2023:11:16:10 +0800] "GET /xingrg/all/function/internal_message.html?_=1675653207092&CODE_STATE=getMsg HTTP/1.1" 200 27
116.230.105.139 - - [06/Feb/2023:11:16:12 +0800] "POST /xingrg/kc/buy/cgsh_order_operate.html HTTP/1.1" 200 8611
116.230.105.139 - - [06/Feb/2023:11:16:13 +0800] "GET /xingrg/kc/print/load_data.html?order_code=212023020601572&kc_code=cgsh&condition= HTTP/1.1" 200 2994
116.230.105.139 - - [06/Feb/2023:11:16:21 +0800] "GET /xingrg/kc/buy/cgsh_order_add.html HTTP/1.1" 200 69710
116.230.105.139 - - [06/Feb/2023:11:16:21 +0800] "POST /xingrg/kc/buy/cgsh_order_operate.html HTTP/1.1" 200 8245
116.230.105.139 - - [06/Feb/2023:11:16:21 +0800] "GET /xingrg/javascript/easyui/themes/default/validatebox.css HTTP/1.1" 404 1104
180.169.147.146 - - [06/Feb/2023:11:16:22 +0800] "GET /xingrg/all/function/internal_message.html?_=1675653401982&CODE_STATE=getMsg HTTP/1.1" 200 27
101.83.145.75 - - [06/Feb/2023:11:16:22 +0800] "POST /xingrg/kc/buy/cgsh_order_operate.html HTTP/1.1" 200 37
101.83.145.75 - - [06/Feb/2023:11:16:24 +0800] "POST /xingrg/kc/buy/cgsh_order_operate.html HTTP/1.1" 200 3853
116.238.139.35 - - [06/Feb/2023:11:16:24 +0800] "GET /xingrg/check_reg.html?_=1675653333250 HTTP/1.1" 200 22
101.83.145.75 - - [06/Feb/2023:11:16:25 +0800] "GET /xingrg/kc/print/load_data.html?order_code=212023020601573&kc_code=cgsh&condition= HTTP/1.1" 200 1203
218.81.216.21 - - [06/Feb/2023:11:16:26 +0800] "GET /xingrg/all/function/internal_message.html?_=1675653409628&CODE_STATE=getMsg HTTP/1.1" 200 27
101.83.145.75 - - [06/Feb/2023:11:16:29 +0800] "GET /xingrg/kc/buy/cgsh_order_add.html HTTP/1.1" 200 69786
101.83.145.75 - - [06/Feb/2023:11:16:29 +0800] "GET /xingrg/javascript/easyui/themes/default/validatebox.css HTTP/1.1" 404 1104
101.83.145.75 - - [06/Feb/2023:11:16:29 +0800] "POST /xingrg/kc/buy/cgsh_order_operate.html HTTP/1.1" 200 8245
124.78.154.177 - - [06/Feb/2023:11:16:39 +0800] "GET /xingrg/kc/mdqp/qqps_order_add.html HTTP/1.1" 200 28238
114.83.222.182 - - [06/Feb/2023:11:16:39 +0800] "GET /xingrg/all/function/internal_message.html?_=1675653524134&CODE_STATE=getMsg HTTP/1.1" 200 27
124.78.154.177 - - [06/Feb/2023:11:16:39 +0800] "GET /xingrg/dwr/interface/AjaxComOrderService.js HTTP/1.1" 200 18264
124.78.154.177 - - [06/Feb/2023:11:16:39 +0800] "GET /xingrg/dwr/interface/AjaxQqpsService.js HTTP/1.1" 200 16326
124.78.154.177 - - [06/Feb/2023:11:16:39 +0800] "GET /xingrg/dwr/engine.js HTTP/1.1" 200 43631
114.83.217.30 - - [06/Feb/2023:11:16:39 +0800] "GET /xingrg/all/function/internal_message.html?_=1675653420182&CODE_STATE=getMsg HTTP/1.1" 200 27
101.83.145.75 - - [06/Feb/2023:11:16:44 +0800] "GET /xingrg/kc/buy/cgsh_order_operate.html?command=get_materiel&rest_code=00105&code=00101010079&supplier_code=00100336&order_time=2023-02-06 HTTP/1.1" 200 413
124.78.154.177 - - [06/Feb/2023:11:16:47 +0800] "POST /xingrg/dwr/call/plaincall/AjaxQqpsService.saveOrder.dwr HTTP/1.1" 200 78
101.83.145.75 - - [06/Feb/2023:11:16:47 +0800] "GET /xingrg/all/function/internal_message.html?_=1675653428736&CODE_STATE=getMsg HTTP/1.1" 200 27
180.169.147.146 - - [06/Feb/2023:11:16:50 +0800] "GET /xingrg/all/function/internal_message.html?_=1675653431461&CODE_STATE=getMsg HTTP/1.1" 200 27
124.78.154.177 - - [06/Feb/2023:11:16:50 +0800] "POST /xingrg/dwr/call/plaincall/AjaxQqpsService.getMaterielByCode.dwr HTTP/1.1" 200 2736
124.78.154.177 - - [06/Feb/2023:11:16:53 +0800] "POST /xingrg/dwr/call/plaincall/AjaxQqpsService.saveMaterielItem.dwr HTTP/1.1" 200 78
58.221.95.50 - - [06/Feb/2023:11:16:55 +0800] "GET /xingrg/all/function/internal_message.html?_=1675653437061&CODE_STATE=getMsg HTTP/1.1" 200 27
101.83.145.75 - - [06/Feb/2023:11:16:56 +0800] "POST /xingrg/kc/buy/cgsh_order_operate.html HTTP/1.1" 200 37
116.230.105.139 - - [06/Feb/2023:11:16:57 +0800] "GET /xingrg/all/function/internal_message.html?_=1675653438520&CODE_STATE=getMsg HTTP/1.1" 200 27
124.78.154.177 - - [06/Feb/2023:11:16:58 +0800] "POST /xingrg/dwr/call/plaincall/AjaxQqpsService.getMaterielByCode.dwr HTTP/1.1" 200 2712
124.78.154.177 - - [06/Feb/2023:11:16:59 +0800] "GET /xingrg/all/function/internal_message.html?_=1675653440844&CODE_STATE=getMsg HTTP/1.1" 200 27
124.79.72.155 - - [06/Feb/2023:11:16:59 +0800] "GET /xingrg/all/function/internal_message.html?_=1675653440720&CODE_STATE=getMsg HTTP/1.1" 200 27
114.88.159.190 - - [06/Feb/2023:11:16:59 +0800] "POST /xingrg/kc/buy/cgsh_order_operate.html HTTP/1.1" 200 37
124.78.154.177 - - [06/Feb/2023:11:17:00 +0800] "POST /xingrg/dwr/call/plaincall/AjaxQqpsService.saveMaterielItem.dwr HTTP/1.1" 200 78
116.238.139.35 - - [06/Feb/2023:11:17:01 +0800] "GET /xingrg/all/function/internal_message.html?_=1675653443721&CODE_STATE=getMsg HTTP/1.1" 200 27
116.238.139.35 - - [06/Feb/2023:11:17:02 +0800] "GET /xingrg/all/function/internal_message.html?_=1675653370967&CODE_STATE=getMsg HTTP/1.1" 200 27
101.83.145.75 - - [06/Feb/2023:11:17:03 +0800] "POST /xingrg/kc/buy/cgsh_order_operate.html HTTP/1.1" 200 2657
124.78.154.177 - - [06/Feb/2023:11:17:03 +0800] "POST /xingrg/dwr/call/plaincall/AjaxQqpsService.getMaterielByCode.dwr HTTP/1.1" 200 2769
114.88.159.190 - - [06/Feb/2023:11:17:03 +0800] "POST /xingrg/kc/buy/cgsh_order_operate.html HTTP/1.1" 200 12
101.83.145.75 - - [06/Feb/2023:11:17:04 +0800] "GET /xingrg/kc/print/load_data.html?order_code=212023020601574&kc_code=cgsh&condition= HTTP/1.1" 200 670
124.78.154.177 - - [06/Feb/2023:11:17:04 +0800] "POST /xingrg/dwr/call/plaincall/AjaxQqpsService.saveMaterielItem.dwr HTTP/1.1" 200 78
114.88.159.190 - - [06/Feb/2023:11:17:04 +0800] "GET /xingrg/kc/buy/cgsh_order_info.html?code=212023020601575 HTTP/1.1" 200 64608
114.88.159.190 - - [06/Feb/2023:11:17:05 +0800] "GET /xingrg/javascript/easyui/themes/default/validatebox.css HTTP/1.1" 404 1104
114.88.159.190 - - [06/Feb/2023:11:17:06 +0800] "POST /xingrg/kc/buy/cgsh_order_operate.html HTTP/1.1" 200 612
124.78.154.177 - - [06/Feb/2023:11:17:07 +0800] "POST /xingrg/dwr/call/plaincall/AjaxQqpsService.saveOrder.dwr HTTP/1.1" 200 78
114.88.159.190 - - [06/Feb/2023:11:17:07 +0800] "GET /xingrg/kc/print/load_data.html?order_code=212023020601575&kc_code=cgsh&condition= HTTP/1.1" 200 711
101.83.145.75 - - [06/Feb/2023:11:17:07 +0800] "GET /xingrg/kc/buy/cgsh_order_add.html HTTP/1.1" 200 69786
222.70.181.49 - - [06/Feb/2023:11:17:08 +0800] "GET /xingrg/all/function/internal_message.html?_=1675653449064&CODE_STATE=getMsg HTTP/1.1" 200 27
101.83.145.75 - - [06/Feb/2023:11:17:08 +0800] "POST /xingrg/kc/buy/cgsh_order_operate.html HTTP/1.1" 200 8245
101.83.145.75 - - [06/Feb/2023:11:17:08 +0800] "GET /xingrg/javascript/easyui/themes/default/validatebox.css HTTP/1.1" 404 1104
114.88.159.190 - - [06/Feb/2023:11:17:08 +0800] "GET /xingrg/check_reg.html?_=1675653018250 HTTP/1.1" 200 22
180.157.253.110 - - [06/Feb/2023:11:17:09 +0800] "GET /xingrg/index.html?sysBaseUrl=http%3A%2F%2F180.169.147.146%3A18081%2Fxingrg%2F&costTime=44×tamp=1622098168715 HTTP/1.1" 302 -
180.157.253.110 - - [06/Feb/2023:11:17:09 +0800] "GET /xingrg/login.html HTTP/1.1" 200 7641
120.253.135.82 - - [06/Feb/2023:11:17:10 +0800] "GET /xingrg/all/function/internal_message.html?_=1675653267107&CODE_STATE=getMsg HTTP/1.1" 200 27
180.157.253.110 - - [06/Feb/2023:11:17:10 +0800] "GET /favicon.ico HTTP/1.1" 404 -
114.88.159.190 - - [06/Feb/2023:11:17:12 +0800] "GET /xingrg/kc/buy/cgsh_order_add.html HTTP/1.1" 200 69703
114.88.159.190 - - [06/Feb/2023:11:17:12 +0800] "POST /xingrg/kc/buy/cgsh_order_operate.html HTTP/1.1" 200 8245
114.88.159.190 - - [06/Feb/2023:11:17:12 +0800] "GET /xingrg/javascript/easyui/themes/default/validatebox.css HTTP/1.1" 404 1104
101.83.145.75 - - [06/Feb/2023:11:17:20 +0800] "GET /xingrg/kc/buy/cgsh_order_operate.html?command=get_materiel&rest_code=00105&code=00101007032&supplier_code=00100328&order_time=2023-02-06 HTTP/1.1" 200 413
180.169.147.146 - - [06/Feb/2023:11:17:22 +0800] "GET /xingrg/all/function/internal_message.html?_=1675653461985&CODE_STATE=getMsg HTTP/1.1" 200 27
218.81.216.21 - - [06/Feb/2023:11:17:27 +0800] "GET /xingrg/all/function/internal_message.html?_=1675653469835&CODE_STATE=getMsg HTTP/1.1" 200 27
101.83.145.75 - - [06/Feb/2023:11:17:28 +0800] "POST /xingrg/kc/buy/cgsh_order_operate.html HTTP/1.1" 200 37
114.88.159.190 - - [06/Feb/2023:11:17:28 +0800] "GET /xingrg/kc/buy/cgsh_order_operate.html?command=get_materiel&rest_code=00141&code=00101006005&supplier_code=00100327&order_time=2023-02-06 HTTP/1.1" 200 417
58.221.95.50 - - [06/Feb/2023:11:17:32 +0800] "GET /xingrg/kc/base/check_order_info.html?code=452023020500043 HTTP/1.1" 200 25306
58.221.95.50 - - [06/Feb/2023:11:17:33 +0800] "GET /xingrg/dwr/interface/AjaxCheckService.js HTTP/1.1" 200 14003
58.221.95.50 - - [06/Feb/2023:11:17:33 +0800] "GET /xingrg/dwr/interface/AjaxComOrderService.js HTTP/1.1" 200 18264
58.221.95.50 - - [06/Feb/2023:11:17:33 +0800] "GET /xingrg/dwr/engine.js HTTP/1.1" 200 43631
58.221.95.50 - - [06/Feb/2023:11:17:33 +0800] "POST /xingrg/dwr/call/plaincall/AjaxCheckService.loadOrderItems.dwr HTTP/1.1" 200 12593
101.83.145.75 - - [06/Feb/2023:11:17:34 +0800] "POST /xingrg/kc/buy/cgsh_order_operate.html HTTP/1.1" 200 2658
101.83.145.75 - - [06/Feb/2023:11:17:36 +0800] "GET /xingrg/kc/print/load_data.html?order_code=212023020601576&kc_code=cgsh&condition= HTTP/1.1" 200 671
114.83.222.182 - - [06/Feb/2023:11:17:39 +0800] "GET /xingrg/all/function/internal_message.html?_=1675653584112&CODE_STATE=getMsg HTTP/1.1" 200 27
114.83.217.30 - - [06/Feb/2023:11:17:39 +0800] "GET /xingrg/all/function/internal_message.html?_=1675653480158&CODE_STATE=getMsg HTTP/1.1" 200 27
101.83.145.75 - - [06/Feb/2023:11:17:41 +0800] "GET /xingrg/kc/buy/cgsh_order_add.html HTTP/1.1" 200 69786
101.83.145.75 - - [06/Feb/2023:11:17:41 +0800] "POST /xingrg/kc/buy/cgsh_order_operate.html HTTP/1.1" 200 8245
101.83.145.75 - - [06/Feb/2023:11:17:41 +0800] "GET /xingrg/javascript/easyui/themes/default/validatebox.css HTTP/1.1" 404 1104
116.230.105.139 - - [06/Feb/2023:11:17:42 +0800] "GET /xingrg/kc/buy/cgsh_order_operate.html?command=get_materiel&rest_code=00155&code=00101031091&supplier_code=00100199&order_time=2023-02-06 HTTP/1.1" 200 418
101.83.145.75 - - [06/Feb/2023:11:17:47 +0800] "GET /xingrg/all/function/internal_message.html?_=1675653488709&CODE_STATE=getMsg HTTP/1.1" 200 27
180.169.147.146 - - [06/Feb/2023:11:17:50 +0800] "GET /xingrg/all/function/internal_message.html?_=1675653491463&CODE_STATE=getMsg HTTP/1.1" 200 27
101.83.145.75 - - [06/Feb/2023:11:17:52 +0800] "GET /xingrg/kc/buy/cgsh_order_operate.html?command=get_materiel&rest_code=00105&code=00102002167&supplier_code=00100494&order_time=2023-02-06 HTTP/1.1" 200 409
58.221.95.50 - - [06/Feb/2023:11:17:55 +0800] "GET /xingrg/all/function/internal_message.html?_=1675653497050&CODE_STATE=getMsg HTTP/1.1" 200 27
116.230.105.139 - - [06/Feb/2023:11:17:57 +0800] "GET /xingrg/all/function/internal_message.html?_=1675653498520&CODE_STATE=getMsg HTTP/1.1" 200 27
114.88.159.190 - - [06/Feb/2023:11:17:57 +0800] "GET /xingrg/kc/buy/cgsh_order_operate.html?command=get_materiel&rest_code=00141&code=00101010792&supplier_code=00100327&order_time=2023-02-06 HTTP/1.1" 200 410
124.78.154.177 - - [06/Feb/2023:11:17:59 +0800] "GET /xingrg/all/function/internal_message.html?_=1675653500826&CODE_STATE=getMsg HTTP/1.1" 200 27
124.79.72.155 - - [06/Feb/2023:11:17:59 +0800] "GET /xingrg/all/function/internal_message.html?_=1675653500722&CODE_STATE=getMsg HTTP/1.1" 200 27
116.238.139.35 - - [06/Feb/2023:11:18:01 +0800] "GET /xingrg/all/function/internal_message.html?_=1675653503723&CODE_STATE=getMsg HTTP/1.1" 200 27
116.238.139.35 - - [06/Feb/2023:11:18:02 +0800] "GET /xingrg/check_reg.html?_=1675653503886 HTTP/1.1" 200 22
116.238.139.35 - - [06/Feb/2023:11:18:02 +0800] "GET /xingrg/all/function/internal_message.html?_=1675653430980&CODE_STATE=getMsg HTTP/1.1" 200 27
58.221.95.50 - - [06/Feb/2023:11:18:07 +0800] "GET /xingrg/check_reg.html?_=1675653509359 HTTP/1.1" 200 22
222.70.181.49 - - [06/Feb/2023:11:18:08 +0800] "GET /xingrg/all/function/internal_message.html?_=1675653509075&CODE_STATE=getMsg HTTP/1.1" 200 27
116.192.124.172 - - [06/Feb/2023:11:18:08 +0800] "POST /xingrg/services/DataTransmitService HTTP/1.1" 200 524
116.192.124.172 - - [06/Feb/2023:11:18:08 +0800] "POST /xingrg/services/DataTransmitService HTTP/1.1" 200 501
120.253.135.82 - - [06/Feb/2023:11:18:10 +0800] "GET /xingrg/all/function/internal_message.html?_=1675653327158&CODE_STATE=getMsg HTTP/1.1" 200 27
114.88.159.190 - - [06/Feb/2023:11:18:13 +0800] "GET /xingrg/kc/buy/cgsh_order_operate.html?command=get_materiel&rest_code=00141&code=00101010111&supplier_code=00100327&order_time=2023-02-06 HTTP/1.1" 200 417
116.230.105.139 - - [06/Feb/2023:11:18:13 +0800] "GET /xingrg/kc/buy/cgsh_order_operate.html?command=get_materiel&rest_code=00155&code=00101031011&supplier_code=00100199&order_time=2023-02-06 HTTP/1.1" 200 416
101.83.145.75 - - [06/Feb/2023:11:18:16 +0800] "GET /xingrg/kc/buy/cgsh_order_operate.html?command=get_materiel&rest_code=00105&code=00102002326&supplier_code=00100494&order_time=2023-02-06 HTTP/1.1" 200 412
116.230.105.139 - - [06/Feb/2023:11:18:17 +0800] "GET /xingrg/system/info/materiel_import.html?isSelect=1&singleSelect=false HTTP/1.1" 200 5600
116.230.105.139 - - [06/Feb/2023:11:18:17 +0800] "POST /xingrg/all/common/load_tree.html?tree=materiel_sort_tree_json HTTP/1.1" 200 9500
116.230.105.139 - - [06/Feb/2023:11:18:17 +0800] "GET /favicon.ico HTTP/1.1" 404 -
180.157.253.110 - - [06/Feb/2023:11:18:17 +0800] "GET /xingrg/index.html?sysBaseUrl=http%3A%2F%2F180.169.147.146%3A18081%2Fxingrg%2F&costTime=44×tamp=1622098168715 HTTP/1.1" 302 -
180.157.253.110 - - [06/Feb/2023:11:18:17 +0800] "GET /xingrg/login.html HTTP/1.1" 200 7641
180.157.253.110 - - [06/Feb/2023:11:18:18 +0800] "GET /favicon.ico HTTP/1.1" 404 -
180.169.147.146 - - [06/Feb/2023:11:18:22 +0800] "GET /xingrg/check_reg.html?_=1675653521982 HTTP/1.1" 200 22
180.169.147.146 - - [06/Feb/2023:11:18:22 +0800] "GET /xingrg/all/function/internal_message.html?_=1675653521987&CODE_STATE=getMsg HTTP/1.1" 200 27
180.157.253.110 - - [06/Feb/2023:11:18:22 +0800] "POST /xingrg/login.do HTTP/1.1" 302 -
180.157.253.110 - - [06/Feb/2023:11:18:22 +0800] "GET /xingrg/index.html?sysBaseUrl=http%3A%2F%2F180.169.147.146%3A18081%2Fxingrg%2F&costTime=40×tamp=1675653502190 HTTP/1.1" 200 17179
180.157.253.110 - - [06/Feb/2023:11:18:22 +0800] "GET /favicon.ico HTTP/1.1" 404 -
180.157.253.110 - - [06/Feb/2023:11:18:22 +0800] "POST /xingrg/all/common/load_tree.html?tree=area_rest_tree_json&manage=1 HTTP/1.1" 200 351
180.157.253.110 - - [06/Feb/2023:11:18:22 +0800] "GET /xingrg/all/function/internal_message.html?_=1675653525340&CODE_STATE=count HTTP/1.1" 200 11
180.157.253.110 - - [06/Feb/2023:11:18:22 +0800] "GET /xingrg/check_reg.html?_=1675653525341 HTTP/1.1" 200 22
180.157.253.110 - - [06/Feb/2023:11:18:22 +0800] "POST /xingrg/load_menu.html HTTP/1.1" 200 5138
101.83.145.75 - - [06/Feb/2023:11:18:23 +0800] "POST /xingrg/kc/buy/cgsh_order_operate.html HTTP/1.1" 200 37
114.88.159.190 - - [06/Feb/2023:11:18:24 +0800] "GET /xingrg/kc/buy/cgsh_order_operate.html?command=get_materiel&rest_code=00141&code=00101008145&supplier_code=00100327&order_time=2023-02-06 HTTP/1.1" 200 417
101.83.145.75 - - [06/Feb/2023:11:18:24 +0800] "POST /xingrg/kc/buy/cgsh_order_operate.html HTTP/1.1" 200 3241
101.83.145.75 - - [06/Feb/2023:11:18:25 +0800] "GET /xingrg/kc/print/load_data.html?order_code=212023020601577&kc_code=cgsh&condition= HTTP/1.1" 200 871
218.81.216.21 - - [06/Feb/2023:11:18:27 +0800] "GET /xingrg/all/function/internal_message.html?_=1675653529843&CODE_STATE=getMsg HTTP/1.1" 200 27
101.83.145.75 - - [06/Feb/2023:11:18:29 +0800] "GET /xingrg/kc/buy/cgsh_order_add.html HTTP/1.1" 200 69786
101.83.145.75 - - [06/Feb/2023:11:18:29 +0800] "POST /xingrg/kc/buy/cgsh_order_operate.html HTTP/1.1" 200 8245
101.83.145.75 - - [06/Feb/2023:11:18:29 +0800] "GET /xingrg/javascript/easyui/themes/default/validatebox.css HTTP/1.1" 404 1104
114.88.159.190 - - [06/Feb/2023:11:18:32 +0800] "GET /xingrg/kc/buy/cgsh_order_operate.html?command=get_materiel&rest_code=00141&code=00101010793&supplier_code=00100327&order_time=2023-02-06 HTTP/1.1" 200 421
114.83.222.182 - - [06/Feb/2023:11:18:39 +0800] "GET /xingrg/all/function/internal_message.html?_=1675653644103&CODE_STATE=getMsg HTTP/1.1" 200 27
114.83.217.30 - - [06/Feb/2023:11:18:39 +0800] "GET /xingrg/all/function/internal_message.html?_=1675653540135&CODE_STATE=getMsg HTTP/1.1" 200 27
114.83.222.182 - - [06/Feb/2023:11:18:40 +0800] "GET /xingrg/check_reg.html?_=1675653645235 HTTP/1.1" 200 22
116.230.105.139 - - [06/Feb/2023:11:18:40 +0800] "GET /xingrg/kc/buy/cgsh_order_operate.html?command=get_materiel&rest_code=00155&code=00101002027&supplier_code=00100199&order_time=2023-02-06 HTTP/1.1" 200 413
101.83.145.75 - - [06/Feb/2023:11:18:42 +0800] "GET /xingrg/kc/buy/cgsh_order_operate.html?command=get_materiel&rest_code=00105&code=00101004101&supplier_code=00100086&order_time=2023-02-06 HTTP/1.1" 200 432
101.83.145.75 - - [06/Feb/2023:11:18:47 +0800] "GET /xingrg/all/function/internal_message.html?_=1675653548687&CODE_STATE=getMsg HTTP/1.1" 200 27
180.169.147.146 - - [06/Feb/2023:11:18:50 +0800] "GET /xingrg/all/function/internal_message.html?_=1675653551463&CODE_STATE=getMsg HTTP/1.1" 200 27
58.221.95.50 - - [06/Feb/2023:11:18:55 +0800] "GET /xingrg/all/function/internal_message.html?_=1675653557024&CODE_STATE=getMsg HTTP/1.1" 200 27
116.230.105.139 - - [06/Feb/2023:11:18:57 +0800] "GET /xingrg/all/function/internal_message.html?_=1675653558524&CODE_STATE=getMsg HTTP/1.1" 200 27
114.88.159.190 - - [06/Feb/2023:11:18:58 +0800] "POST /xingrg/kc/buy/cgsh_order_operate.html HTTP/1.1" 200 37
101.83.145.75 - - [06/Feb/2023:11:18:58 +0800] "POST /xingrg/kc/buy/cgsh_order_operate.html HTTP/1.1" 200 88
124.78.154.177 - - [06/Feb/2023:11:18:59 +0800] "GET /xingrg/all/function/internal_message.html?_=1675653560812&CODE_STATE=getMsg HTTP/1.1" 200 27
124.79.72.155 - - [06/Feb/2023:11:18:59 +0800] "GET /xingrg/all/function/internal_message.html?_=1675653560724&CODE_STATE=getMsg HTTP/1.1" 200 27
116.238.139.35 - - [06/Feb/2023:11:19:01 +0800] "GET /xingrg/all/function/internal_message.html?_=1675653563732&CODE_STATE=getMsg HTTP/1.1" 200 27
114.88.159.190 - - [06/Feb/2023:11:19:02 +0800] "POST /xingrg/kc/buy/cgsh_order_operate.html HTTP/1.1" 200 12
116.238.139.35 - - [06/Feb/2023:11:19:02 +0800] "GET /xingrg/all/function/internal_message.html?_=1675653491015&CODE_STATE=getMsg HTTP/1.1" 200 27
114.88.159.190 - - [06/Feb/2023:11:19:03 +0800] "GET /xingrg/kc/buy/cgsh_order_info.html?code=212023020601578 HTTP/1.1" 200 64606
114.88.159.190 - - [06/Feb/2023:11:19:03 +0800] "GET /xingrg/javascript/easyui/themes/default/validatebox.css HTTP/1.1" 404 1104
114.88.159.190 - - [06/Feb/2023:11:19:04 +0800] "POST /xingrg/kc/buy/cgsh_order_operate.html HTTP/1.1" 200 2993
222.70.181.49 - - [06/Feb/2023:11:19:07 +0800] "GET /xingrg/all/function/internal_message.html?_=1675653569060&CODE_STATE=getMsg HTTP/1.1" 200 27
101.83.145.75 - - [06/Feb/2023:11:19:09 +0800] "POST /xingrg/kc/buy/cgsh_order_operate.html HTTP/1.1" 200 37
114.88.159.190 - - [06/Feb/2023:11:19:10 +0800] "GET /xingrg/kc/print/load_data.html?order_code=212023020601578&kc_code=cgsh&condition= HTTP/1.1" 200 1633
120.253.135.82 - - [06/Feb/2023:11:19:10 +0800] "GET /xingrg/all/function/internal_message.html?_=1675653387164&CODE_STATE=getMsg HTTP/1.1" 200 27
101.83.145.75 - - [06/Feb/2023:11:19:11 +0800] "POST /xingrg/kc/buy/cgsh_order_operate.html HTTP/1.1" 200 2660
101.83.145.75 - - [06/Feb/2023:11:19:12 +0800] "GET /xingrg/kc/print/load_data.html?order_code=212023020601580&kc_code=cgsh&condition= HTTP/1.1" 200 736
222.70.181.49 - - [06/Feb/2023:11:19:12 +0800] "GET /favicon.ico HTTP/1.1" 404 -
114.88.159.190 - - [06/Feb/2023:11:19:20 +0800] "GET /xingrg/kc/buy/cgsh_order_add.html HTTP/1.1" 200 69703
114.88.159.190 - - [06/Feb/2023:11:19:21 +0800] "POST /xingrg/kc/buy/cgsh_order_operate.html HTTP/1.1" 200 8245
114.88.159.190 - - [06/Feb/2023:11:19:21 +0800] "GET /xingrg/javascript/easyui/themes/default/validatebox.css HTTP/1.1" 404 1104
101.83.145.75 - - [06/Feb/2023:11:19:21 +0800] "GET /xingrg/kc/buy/cgsh_order_add.html HTTP/1.1" 200 69786
180.169.147.146 - - [06/Feb/2023:11:19:22 +0800] "GET /xingrg/all/function/internal_message.html?_=1675653581983&CODE_STATE=getMsg HTTP/1.1" 200 27
101.83.145.75 - - [06/Feb/2023:11:19:22 +0800] "GET /xingrg/javascript/easyui/themes/default/validatebox.css HTTP/1.1" 404 1104
101.83.145.75 - - [06/Feb/2023:11:19:22 +0800] "POST /xingrg/kc/buy/cgsh_order_operate.html HTTP/1.1" 200 8245
180.157.253.110 - - [06/Feb/2023:11:19:22 +0800] "GET /xingrg/all/function/internal_message.html?_=1675653585345&CODE_STATE=getMsg HTTP/1.1" 200 27
218.81.216.21 - - [06/Feb/2023:11:19:27 +0800] "GET /xingrg/all/function/internal_message.html?_=1675653590075&CODE_STATE=getMsg HTTP/1.1" 200 27
114.88.159.190 - - [06/Feb/2023:11:19:30 +0800] "GET /xingrg/kc/buy/cgsh_order_operate.html?command=get_materiel&rest_code=00141&code=00101001037&supplier_code=00100090&order_time=2023-02-06 HTTP/1.1" 200 416
101.83.145.75 - - [06/Feb/2023:11:19:34 +0800] "GET /xingrg/kc/buy/cgsh_order_operate.html?command=get_materiel&rest_code=00105&code=00101010794&supplier_code=00100327&order_time=2023-02-06 HTTP/1.1" 200 429
114.83.217.30 - - [06/Feb/2023:11:19:35 +0800] "GET /xingrg/check_reg.html?_=1675653596251 HTTP/1.1" 200 22
114.83.222.182 - - [06/Feb/2023:11:19:39 +0800] "GET /xingrg/all/function/internal_message.html?_=1675653704094&CODE_STATE=getMsg HTTP/1.1" 200 27
114.83.217.30 - - [06/Feb/2023:11:19:39 +0800] "GET /xingrg/all/function/internal_message.html?_=1675653600108&CODE_STATE=getMsg HTTP/1.1" 200 27
116.230.105.139 - - [06/Feb/2023:11:19:40 +0800] "GET /xingrg/kc/buy/cgsh_order_operate.html?command=get_materiel&rest_code=00155&code=00101001125&supplier_code=00100199&order_time=2023-02-06 HTTP/1.1" 200 417
114.88.159.190 - - [06/Feb/2023:11:19:42 +0800] "GET /xingrg/kc/buy/cgsh_order_operate.html?command=get_materiel&rest_code=00141&code=00101001169&supplier_code=00100090&order_time=2023-02-06 HTTP/1.1" 200 415
101.83.145.75 - - [06/Feb/2023:11:19:46 +0800] "GET /xingrg/kc/buy/cgsh_order_list.html HTTP/1.1" 200 53922
101.83.145.75 - - [06/Feb/2023:11:19:47 +0800] "GET /xingrg/all/function/internal_message.html?_=1675653608660&CODE_STATE=getMsg HTTP/1.1" 200 27
101.83.145.75 - - [06/Feb/2023:11:19:49 +0800] "POST /xingrg/kc/buy/cgsh_list_operate.html HTTP/1.1" 200 5847
180.169.147.146 - - [06/Feb/2023:11:19:50 +0800] "GET /xingrg/all/function/internal_message.html?_=1675653611465&CODE_STATE=getMsg HTTP/1.1" 200 27
58.221.95.50 - - [06/Feb/2023:11:19:55 +0800] "GET /xingrg/all/function/internal_message.html?_=1675653616997&CODE_STATE=getMsg HTTP/1.1" 200 27
222.70.181.49 - - [06/Feb/2023:11:19:55 +0800] "GET /xingrg/check_reg.html?_=1675653617064 HTTP/1.1" 200 22
101.83.145.75 - - [06/Feb/2023:11:19:56 +0800] "POST /xingrg/kc/buy/cgsh_list_operate.html HTTP/1.1" 200 5875
116.230.105.139 - - [06/Feb/2023:11:19:57 +0800] "GET /xingrg/all/function/internal_message.html?_=1675653618522&CODE_STATE=getMsg HTTP/1.1" 200 27
101.83.145.75 - - [06/Feb/2023:11:19:58 +0800] "POST /xingrg/kc/buy/cgsh_list_operate.html HTTP/1.1" 200 206
114.88.159.190 - - [06/Feb/2023:11:19:58 +0800] "GET /xingrg/kc/buy/cgsh_order_operate.html?command=get_materiel&rest_code=00141&code=00101014036&supplier_code=00100090&order_time=2023-02-06 HTTP/1.1" 200 414
124.78.154.177 - - [06/Feb/2023:11:19:59 +0800] "GET /xingrg/all/function/internal_message.html?_=1675653620786&CODE_STATE=getMsg HTTP/1.1" 200 27
