120.253.135.82 - - [06/Feb/2023:12:23:13 +0800] "GET /xingrg/all/function/internal_message.html?_=1675657229661&CODE_STATE=getMsg HTTP/1.1" 200 27
114.83.217.30 - - [06/Feb/2023:12:23:19 +0800] "POST /xingrg/kc/buy/cgsh_order_operate.html HTTP/1.1" 200 37
180.169.147.146 - - [06/Feb/2023:12:23:22 +0800] "GET /xingrg/check_reg.html?_=1675657421975 HTTP/1.1" 200 22
180.169.147.146 - - [06/Feb/2023:12:23:22 +0800] "GET /xingrg/all/function/internal_message.html?_=1675657421977&CODE_STATE=getMsg HTTP/1.1" 200 27
124.78.154.177 - - [06/Feb/2023:12:23:23 +0800] "GET /xingrg/all/function/internal_message.html?_=1675657424943&CODE_STATE=getMsg HTTP/1.1" 200 27
180.163.29.219 - - [06/Feb/2023:12:23:23 +0800] "GET /xingrg/all/function/internal_message.html?_=1675657364964&CODE_STATE=getMsg HTTP/1.1" 302 -
124.78.154.177 - - [06/Feb/2023:12:23:23 +0800] "GET /xingrg/check_reg.html?_=1675657425072 HTTP/1.1" 200 22
114.83.217.30 - - [06/Feb/2023:12:23:23 +0800] "POST /xingrg/kc/buy/cgsh_order_operate.html HTTP/1.1" 200 12
114.83.217.30 - - [06/Feb/2023:12:23:25 +0800] "GET /xingrg/kc/buy/cgsh_order_info.html?code=212023020601637 HTTP/1.1" 200 64698
114.83.217.30 - - [06/Feb/2023:12:23:25 +0800] "GET /xingrg/javascript/easyui/themes/default/validatebox.css HTTP/1.1" 404 1104
114.83.217.30 - - [06/Feb/2023:12:23:26 +0800] "POST /xingrg/kc/buy/cgsh_order_operate.html HTTP/1.1" 200 1207
180.163.29.219 - - [06/Feb/2023:12:23:26 +0800] "GET /xingrg/login.html HTTP/1.1" 200 7641
114.83.217.30 - - [06/Feb/2023:12:23:27 +0800] "GET /xingrg/kc/print/load_data.html?order_code=212023020601637&kc_code=cgsh&condition= HTTP/1.1" 200 1015
114.83.217.30 - - [06/Feb/2023:12:23:31 +0800] "GET /xingrg/kc/buy/cgsh_order_add.html HTTP/1.1" 200 69792
114.83.217.30 - - [06/Feb/2023:12:23:31 +0800] "POST /xingrg/kc/buy/cgsh_order_operate.html HTTP/1.1" 200 8245
114.83.217.30 - - [06/Feb/2023:12:23:31 +0800] "GET /xingrg/javascript/easyui/themes/default/validatebox.css HTTP/1.1" 404 1104
218.81.216.21 - - [06/Feb/2023:12:23:32 +0800] "GET /xingrg/all/function/internal_message.html?_=1675657435843&CODE_STATE=getMsg HTTP/1.1" 200 27
120.253.135.82 - - [06/Feb/2023:12:23:36 +0800] "GET /xingrg/all/function/internal_message.html?_=1675657561660&CODE_STATE=getMsg HTTP/1.1" 200 27
114.83.217.30 - - [06/Feb/2023:12:23:37 +0800] "GET /xingrg/all/function/internal_message.html?_=1675657438458&CODE_STATE=getMsg HTTP/1.1" 200 27
114.83.222.182 - - [06/Feb/2023:12:23:38 +0800] "GET /xingrg/all/function/internal_message.html?_=1675657543090&CODE_STATE=getMsg HTTP/1.1" 200 27
124.78.154.177 - - [06/Feb/2023:12:23:39 +0800] "POST /xingrg/kc/buy/cgsh_order_operate.html HTTP/1.1" 200 37
114.83.222.182 - - [06/Feb/2023:12:23:40 +0800] "GET /xingrg/check_reg.html?_=1675657545237 HTTP/1.1" 200 22
101.83.145.75 - - [06/Feb/2023:12:23:46 +0800] "GET /xingrg/all/function/internal_message.html?_=1675657447235&CODE_STATE=getMsg HTTP/1.1" 200 27
124.78.154.177 - - [06/Feb/2023:12:23:46 +0800] "GET /xingrg/login.html HTTP/1.1" 200 7641
124.78.154.177 - - [06/Feb/2023:12:23:47 +0800] "GET /favicon.ico HTTP/1.1" 404 -
114.83.217.30 - - [06/Feb/2023:12:23:49 +0800] "GET /xingrg/kc/buy/cgsh_order_operate.html?command=get_materiel&rest_code=00149&code=00101007111&supplier_code=00100326&order_time=2023-02-06 HTTP/1.1" 200 417
180.169.147.146 - - [06/Feb/2023:12:23:50 +0800] "GET /xingrg/all/function/internal_message.html?_=1675657451566&CODE_STATE=getMsg HTTP/1.1" 200 27
58.221.95.50 - - [06/Feb/2023:12:23:54 +0800] "GET /xingrg/all/function/internal_message.html?_=1675657455886&CODE_STATE=getMsg HTTP/1.1" 200 27
116.238.139.35 - - [06/Feb/2023:12:23:54 +0800] "GET /xingrg/all/function/internal_message.html?_=1675657456498&CODE_STATE=getMsg HTTP/1.1" 200 27
116.238.139.35 - - [06/Feb/2023:12:23:54 +0800] "GET /xingrg/check_reg.html?_=1675657456501 HTTP/1.1" 200 22
124.78.154.177 - - [06/Feb/2023:12:23:54 +0800] "POST /xingrg/login.do HTTP/1.1" 302 -
124.78.154.177 - - [06/Feb/2023:12:23:55 +0800] "GET /xingrg/index.html?sysBaseUrl=http%3A%2F%2F180.169.147.146%3A18081%2Fxingrg%2F&costTime=44×tamp=1675657434971 HTTP/1.1" 200 17503
124.78.154.177 - - [06/Feb/2023:12:23:55 +0800] "GET /favicon.ico HTTP/1.1" 404 -
124.78.154.177 - - [06/Feb/2023:12:23:55 +0800] "POST /xingrg/all/common/load_tree.html?tree=area_rest_tree_json&manage=1 HTTP/1.1" 200 3499
124.78.154.177 - - [06/Feb/2023:12:23:55 +0800] "GET /xingrg/all/function/internal_message.html?_=1675657458019&CODE_STATE=count HTTP/1.1" 200 11
124.78.154.177 - - [06/Feb/2023:12:23:55 +0800] "GET /xingrg/check_reg.html?_=1675657458019 HTTP/1.1" 200 22
124.78.154.177 - - [06/Feb/2023:12:23:55 +0800] "POST /xingrg/load_menu.html HTTP/1.1" 200 11443
116.230.105.139 - - [06/Feb/2023:12:23:57 +0800] "GET /xingrg/all/function/internal_message.html?_=1675657457877&CODE_STATE=getMsg HTTP/1.1" 200 27
116.192.124.172 - - [06/Feb/2023:12:23:57 +0800] "GET /xingrg/all/function/internal_message.html?_=1675657461075&CODE_STATE=getMsg HTTP/1.1" 200 27
114.83.217.30 - - [06/Feb/2023:12:23:57 +0800] "GET /xingrg/kc/buy/cgsh_order_operate.html?command=get_materiel&rest_code=00149&code=00101006053&supplier_code=00100326&order_time=2023-02-06 HTTP/1.1" 200 423
124.79.72.155 - - [06/Feb/2023:12:23:59 +0800] "GET /xingrg/all/function/internal_message.html?_=1675657460857&CODE_STATE=getMsg HTTP/1.1" 302 -
124.79.72.155 - - [06/Feb/2023:12:23:59 +0800] "GET /xingrg/login.html HTTP/1.1" 200 7641
124.78.154.177 - - [06/Feb/2023:12:24:00 +0800] "POST /xingrg/all/user/operate.html HTTP/1.1" 200 36
124.78.154.177 - - [06/Feb/2023:12:24:00 +0800] "GET /xingrg/index.html?sysBaseUrl=http%3A%2F%2F180.169.147.146%3A18081%2Fxingrg%2F&costTime=44×tamp=1675657434971 HTTP/1.1" 200 17503
124.78.154.177 - - [06/Feb/2023:12:24:00 +0800] "GET /xingrg/javascript/jquery_easy_ui/themes/default/easyui.css HTTP/1.1" 304 -
124.78.154.177 - - [06/Feb/2023:12:24:00 +0800] "GET /xingrg/javascript/jquery_easy_ui/themes/icon.css HTTP/1.1" 304 -
124.78.154.177 - - [06/Feb/2023:12:24:00 +0800] "GET /xingrg/css/form.css HTTP/1.1" 304 -
124.78.154.177 - - [06/Feb/2023:12:24:00 +0800] "GET /xingrg/javascript/jquery-1.4.2.min.js HTTP/1.1" 304 -
124.78.154.177 - - [06/Feb/2023:12:24:00 +0800] "GET /xingrg/javascript/jquery_easy_ui/jquery.easyui.min.js HTTP/1.1" 304 -
124.78.154.177 - - [06/Feb/2023:12:24:00 +0800] "GET /xingrg/javascript/jquery_easy_ui/easyui-lang-zh_CN.js HTTP/1.1" 304 -
124.78.154.177 - - [06/Feb/2023:12:24:00 +0800] "GET /xingrg/javascript/jquery.form.js HTTP/1.1" 304 -
124.78.154.177 - - [06/Feb/2023:12:24:00 +0800] "GET /xingrg/javascript/jquery.utils.js HTTP/1.1" 304 -
124.78.154.177 - - [06/Feb/2023:12:24:00 +0800] "GET /xingrg/javascript/jquery.timers.js HTTP/1.1" 304 -
124.78.154.177 - - [06/Feb/2023:12:24:00 +0800] "GET /xingrg/images/blue/jxLogo.png HTTP/1.1" 304 -
124.78.154.177 - - [06/Feb/2023:12:24:00 +0800] "GET /xingrg/images/blue/navBackgound.jpg HTTP/1.1" 304 -
124.78.154.177 - - [06/Feb/2023:12:24:00 +0800] "GET /xingrg/javascript/jquery_easy_ui/themes/icons/settle_new.png HTTP/1.1" 304 -
124.78.154.177 - - [06/Feb/2023:12:24:00 +0800] "POST /xingrg/all/common/load_tree.html?tree=area_rest_tree_json&manage=1 HTTP/1.1" 200 3499
124.78.154.177 - - [06/Feb/2023:12:24:01 +0800] "GET /xingrg/all/function/internal_message.html?_=1675657463546&CODE_STATE=count HTTP/1.1" 200 11
124.78.154.177 - - [06/Feb/2023:12:24:01 +0800] "GET /xingrg/check_reg.html?_=1675657463546 HTTP/1.1" 200 22
124.78.154.177 - - [06/Feb/2023:12:24:01 +0800] "GET /xingrg/javascript/jquery_easy_ui/themes/default/images/tabs_leftarrow.png HTTP/1.1" 304 -
124.78.154.177 - - [06/Feb/2023:12:24:01 +0800] "GET /xingrg/javascript/jquery_easy_ui/themes/default/images/panel_tool_expand.gif HTTP/1.1" 304 -
124.78.154.177 - - [06/Feb/2023:12:24:01 +0800] "GET /xingrg/javascript/jquery_easy_ui/themes/default/images/panel_tool_collapse.gif HTTP/1.1" 304 -
124.78.154.177 - - [06/Feb/2023:12:24:01 +0800] "GET /xingrg/javascript/jquery_easy_ui/themes/default/images/tabs_rightarrow.png HTTP/1.1" 304 -
124.78.154.177 - - [06/Feb/2023:12:24:01 +0800] "GET /xingrg/images/blue/pingpu.png HTTP/1.1" 304 -
124.78.154.177 - - [06/Feb/2023:12:24:01 +0800] "POST /xingrg/load_menu.html HTTP/1.1" 200 9959
124.78.154.177 - - [06/Feb/2023:12:24:02 +0800] "POST /xingrg/kc/buy/cgsh_order_operate.html HTTP/1.1" 200 12
116.238.139.35 - - [06/Feb/2023:12:24:03 +0800] "GET /xingrg/all/function/internal_message.html?_=1675657392302&CODE_STATE=getMsg HTTP/1.1" 200 27
124.78.154.177 - - [06/Feb/2023:12:24:04 +0800] "GET /xingrg/kc/base/check_order_list.html HTTP/1.1" 200 16519
124.78.154.177 - - [06/Feb/2023:12:24:04 +0800] "POST /xingrg/kc/base/check_list_operate.html HTTP/1.1" 200 4745
180.157.253.110 - - [06/Feb/2023:12:24:04 +0800] "GET /xingrg/all/function/internal_message.html?_=1675657467184&CODE_STATE=getMsg HTTP/1.1" 200 27
124.78.154.177 - - [06/Feb/2023:12:24:05 +0800] "GET /xingrg/css/table.css HTTP/1.1" 200 3684
124.78.154.177 - - [06/Feb/2023:12:24:06 +0800] "GET /xingrg/kc/base/check_order_info.html?code=452023020400034 HTTP/1.1" 200 26473
124.78.154.177 - - [06/Feb/2023:12:24:06 +0800] "GET /xingrg/dwr/util.js HTTP/1.1" 304 -
124.78.154.177 - - [06/Feb/2023:12:24:06 +0800] "GET /xingrg/javascript/AjaxInfoList.js HTTP/1.1" 200 3774
124.78.154.177 - - [06/Feb/2023:12:24:06 +0800] "GET /xingrg/dwr/interface/AjaxCheckService.js HTTP/1.1" 200 14003
124.78.154.177 - - [06/Feb/2023:12:24:06 +0800] "GET /xingrg/dwr/interface/AjaxComOrderService.js HTTP/1.1" 200 18264
124.78.154.177 - - [06/Feb/2023:12:24:06 +0800] "GET /xingrg/dwr/engine.js HTTP/1.1" 200 43631
114.83.217.30 - - [06/Feb/2023:12:24:07 +0800] "GET /xingrg/kc/buy/cgsh_order_operate.html?command=get_materiel&rest_code=00149&code=00101010576&supplier_code=00100326&order_time=2023-02-06 HTTP/1.1" 200 417
124.78.154.177 - - [06/Feb/2023:12:24:08 +0800] "GET /xingrg/javascript/jquery_easy_ui/themes/icons/check_new.png HTTP/1.1" 200 3224
124.78.154.177 - - [06/Feb/2023:12:24:08 +0800] "GET /xingrg/javascript/jquery_easy_ui/themes/icons/cance_new.png HTTP/1.1" 200 3986
124.78.154.177 - - [06/Feb/2023:12:24:08 +0800] "POST /xingrg/dwr/call/plaincall/AjaxCheckService.loadOrderItems.dwr HTTP/1.1" 200 4955
124.78.154.177 - - [06/Feb/2023:12:24:08 +0800] "GET /xingrg/javascript/jquery_easy_ui/themes/icons/no.png HTTP/1.1" 200 922
120.253.135.82 - - [06/Feb/2023:12:24:13 +0800] "GET /xingrg/all/function/internal_message.html?_=1675657289671&CODE_STATE=getMsg HTTP/1.1" 200 27
114.83.217.30 - - [06/Feb/2023:12:24:16 +0800] "POST /xingrg/kc/buy/cgsh_order_operate.html HTTP/1.1" 200 37
124.78.154.177 - - [06/Feb/2023:12:24:17 +0800] "POST /xingrg/dwr/call/plaincall/AjaxCheckService.importOrderItems.dwr HTTP/1.1" 200 78
124.78.154.177 - - [06/Feb/2023:12:24:19 +0800] "POST /xingrg/dwr/call/plaincall/AjaxCheckService.loadOrderItems.dwr HTTP/1.1" 200 6279
114.83.217.30 - - [06/Feb/2023:12:24:20 +0800] "POST /xingrg/kc/buy/cgsh_order_operate.html HTTP/1.1" 200 12
180.169.147.146 - - [06/Feb/2023:12:24:22 +0800] "GET /xingrg/all/function/internal_message.html?_=1675657481987&CODE_STATE=getMsg HTTP/1.1" 200 27
114.83.217.30 - - [06/Feb/2023:12:24:22 +0800] "GET /xingrg/kc/buy/cgsh_order_info.html?code=212023020601639 HTTP/1.1" 200 64698
124.78.154.177 - - [06/Feb/2023:12:24:22 +0800] "POST /xingrg/dwr/call/plaincall/AjaxCheckService.setItemNumber.dwr HTTP/1.1" 200 76
114.83.217.30 - - [06/Feb/2023:12:24:22 +0800] "GET /xingrg/javascript/easyui/themes/default/validatebox.css HTTP/1.1" 404 1104
114.83.217.30 - - [06/Feb/2023:12:24:23 +0800] "POST /xingrg/kc/buy/cgsh_order_operate.html HTTP/1.1" 200 1813
180.163.28.109 - - [06/Feb/2023:12:24:23 +0800] "GET /xingrg/check_reg.html?_=1675657425072 HTTP/1.1" 302 -
180.163.28.109 - - [06/Feb/2023:12:24:23 +0800] "GET /xingrg/login.html HTTP/1.1" 200 7641
180.163.28.143 - - [06/Feb/2023:12:24:23 +0800] "GET /xingrg/all/function/internal_message.html?_=1675657424943&CODE_STATE=getMsg HTTP/1.1" 302 -
180.163.28.143 - - [06/Feb/2023:12:24:23 +0800] "GET /xingrg/login.html HTTP/1.1" 200 7641
114.83.217.30 - - [06/Feb/2023:12:24:24 +0800] "GET /xingrg/kc/print/load_data.html?order_code=212023020601639&kc_code=cgsh&condition= HTTP/1.1" 200 1188
124.78.154.177 - - [06/Feb/2023:12:24:25 +0800] "POST /xingrg/dwr/call/plaincall/AjaxCheckService.setItemNumber.dwr HTTP/1.1" 200 76
114.83.217.30 - - [06/Feb/2023:12:24:28 +0800] "GET /xingrg/kc/buy/cgsh_order_add.html HTTP/1.1" 200 69792
114.83.217.30 - - [06/Feb/2023:12:24:28 +0800] "POST /xingrg/kc/buy/cgsh_order_operate.html HTTP/1.1" 200 8245
114.83.217.30 - - [06/Feb/2023:12:24:28 +0800] "GET /xingrg/javascript/easyui/themes/default/validatebox.css HTTP/1.1" 404 1104
124.78.154.177 - - [06/Feb/2023:12:24:32 +0800] "POST /xingrg/dwr/call/plaincall/AjaxCheckService.checkOrder.dwr HTTP/1.1" 200 78
218.81.216.21 - - [06/Feb/2023:12:24:33 +0800] "GET /xingrg/all/function/internal_message.html?_=1675657496067&CODE_STATE=getMsg HTTP/1.1" 200 27
114.83.217.30 - - [06/Feb/2023:12:24:35 +0800] "GET /xingrg/kc/buy/cgsh_order_operate.html?command=get_materiel&rest_code=00149&code=00101008496&supplier_code=00100327&order_time=2023-02-06 HTTP/1.1" 200 405
120.253.135.82 - - [06/Feb/2023:12:24:36 +0800] "GET /xingrg/all/function/internal_message.html?_=1675657621663&CODE_STATE=getMsg HTTP/1.1" 200 27
114.83.217.30 - - [06/Feb/2023:12:24:37 +0800] "GET /xingrg/all/function/internal_message.html?_=1675657498429&CODE_STATE=getMsg HTTP/1.1" 200 27
114.83.217.30 - - [06/Feb/2023:12:24:37 +0800] "GET /xingrg/check_reg.html?_=1675657498480 HTTP/1.1" 200 22
114.83.222.182 - - [06/Feb/2023:12:24:38 +0800] "GET /xingrg/all/function/internal_message.html?_=1675657603073&CODE_STATE=getMsg HTTP/1.1" 200 27
124.78.154.177 - - [06/Feb/2023:12:24:38 +0800] "GET /xingrg/kc/base/check_order_info.html?code=452023020400034 HTTP/1.1" 200 23118
124.78.154.177 - - [06/Feb/2023:12:24:38 +0800] "GET /xingrg/dwr/interface/AjaxComOrderService.js HTTP/1.1" 200 18264
124.78.154.177 - - [06/Feb/2023:12:24:38 +0800] "GET /xingrg/dwr/interface/AjaxCheckService.js HTTP/1.1" 200 14003
124.78.154.177 - - [06/Feb/2023:12:24:38 +0800] "GET /xingrg/dwr/engine.js HTTP/1.1" 200 43631
124.78.154.177 - - [06/Feb/2023:12:24:38 +0800] "GET /xingrg/javascript/jquery_easy_ui/themes/icons/uncheck_new.png HTTP/1.1" 200 3197
124.78.154.177 - - [06/Feb/2023:12:24:38 +0800] "GET /xingrg/javascript/jquery_easy_ui/themes/icons/exam_new.png HTTP/1.1" 200 756
124.78.154.177 - - [06/Feb/2023:12:24:39 +0800] "POST /xingrg/dwr/call/plaincall/AjaxCheckService.loadOrderItems.dwr HTTP/1.1" 200 3075
124.78.154.177 - - [06/Feb/2023:12:24:39 +0800] "GET /xingrg/kc/buy/cgsh_order_info.html?code=212023020601638 HTTP/1.1" 200 64612
124.78.154.177 - - [06/Feb/2023:12:24:39 +0800] "GET /xingrg/javascript/easyui/themes/default/validatebox.css HTTP/1.1" 404 1104
124.78.154.177 - - [06/Feb/2023:12:24:40 +0800] "POST /xingrg/kc/buy/cgsh_order_operate.html HTTP/1.1" 200 3562
124.78.154.177 - - [06/Feb/2023:12:24:41 +0800] "GET /xingrg/kc/base/check_order_list.html?isBack=1 HTTP/1.1" 200 16519
124.78.154.177 - - [06/Feb/2023:12:24:41 +0800] "POST /xingrg/kc/base/check_list_operate.html HTTP/1.1" 200 4573
114.83.217.30 - - [06/Feb/2023:12:24:45 +0800] "POST /xingrg/kc/buy/cgsh_order_operate.html HTTP/1.1" 200 37
101.83.145.75 - - [06/Feb/2023:12:24:46 +0800] "GET /xingrg/all/function/internal_message.html?_=1675657507218&CODE_STATE=getMsg HTTP/1.1" 200 27
124.78.154.177 - - [06/Feb/2023:12:24:49 +0800] "GET /xingrg/kc/print/load_data.html?order_code=212023020601638&kc_code=cgsh&condition= HTTP/1.1" 200 1844
180.169.147.146 - - [06/Feb/2023:12:24:50 +0800] "GET /xingrg/all/function/internal_message.html?_=1675657511567&CODE_STATE=getMsg HTTP/1.1" 200 27
114.83.217.30 - - [06/Feb/2023:12:24:51 +0800] "POST /xingrg/kc/buy/cgsh_order_operate.html HTTP/1.1" 200 12
114.83.217.30 - - [06/Feb/2023:12:24:52 +0800] "GET /xingrg/kc/buy/cgsh_order_info.html?code=212023020601640 HTTP/1.1" 200 64694
114.83.217.30 - - [06/Feb/2023:12:24:52 +0800] "GET /xingrg/javascript/easyui/themes/default/validatebox.css HTTP/1.1" 404 1104
114.83.217.30 - - [06/Feb/2023:12:24:53 +0800] "POST /xingrg/kc/buy/cgsh_order_operate.html HTTP/1.1" 200 600
58.221.95.50 - - [06/Feb/2023:12:24:54 +0800] "GET /xingrg/all/function/internal_message.html?_=1675657515867&CODE_STATE=getMsg HTTP/1.1" 200 27
116.238.139.35 - - [06/Feb/2023:12:24:54 +0800] "GET /xingrg/all/function/internal_message.html?_=1675657516517&CODE_STATE=getMsg HTTP/1.1" 200 27
114.83.217.30 - - [06/Feb/2023:12:24:54 +0800] "GET /xingrg/kc/print/load_data.html?order_code=212023020601640&kc_code=cgsh&condition= HTTP/1.1" 200 701
116.230.105.139 - - [06/Feb/2023:12:24:57 +0800] "GET /xingrg/all/function/internal_message.html?_=1675657517854&CODE_STATE=getMsg HTTP/1.1" 200 27
116.192.124.172 - - [06/Feb/2023:12:24:57 +0800] "GET /xingrg/check_reg.html?_=1675657521063 HTTP/1.1" 200 22
116.192.124.172 - - [06/Feb/2023:12:24:57 +0800] "GET /xingrg/all/function/internal_message.html?_=1675657521067&CODE_STATE=getMsg HTTP/1.1" 200 27
114.83.217.30 - - [06/Feb/2023:12:24:58 +0800] "GET /xingrg/kc/buy/cgsh_order_add.html HTTP/1.1" 200 69792
114.83.217.30 - - [06/Feb/2023:12:24:58 +0800] "POST /xingrg/kc/buy/cgsh_order_operate.html HTTP/1.1" 200 8245
114.83.217.30 - - [06/Feb/2023:12:24:58 +0800] "GET /xingrg/javascript/easyui/themes/default/validatebox.css HTTP/1.1" 404 1104
124.78.154.177 - - [06/Feb/2023:12:25:01 +0800] "GET /xingrg/all/function/internal_message.html?_=1675657523553&CODE_STATE=getMsg HTTP/1.1" 200 27
116.238.139.35 - - [06/Feb/2023:12:25:03 +0800] "GET /xingrg/all/function/internal_message.html?_=1675657452312&CODE_STATE=getMsg HTTP/1.1" 200 27
180.157.253.110 - - [06/Feb/2023:12:25:04 +0800] "GET /xingrg/all/function/internal_message.html?_=1675657527184&CODE_STATE=getMsg HTTP/1.1" 200 27
114.83.217.30 - - [06/Feb/2023:12:25:09 +0800] "GET /xingrg/kc/buy/cgsh_order_operate.html?command=get_materiel&rest_code=00149&code=00101001145&supplier_code=00100314&order_time=2023-02-06 HTTP/1.1" 200 413
120.253.135.82 - - [06/Feb/2023:12:25:13 +0800] "GET /xingrg/all/function/internal_message.html?_=1675657349724&CODE_STATE=getMsg HTTP/1.1" 200 27
180.169.147.146 - - [06/Feb/2023:12:25:22 +0800] "GET /xingrg/all/function/internal_message.html?_=1675657541976&CODE_STATE=getMsg HTTP/1.1" 200 27
124.78.154.177 - - [06/Feb/2023:12:25:23 +0800] "GET /xingrg/all/function/internal_message.html?_=1675657544988&CODE_STATE=getMsg HTTP/1.1" 200 27
218.81.216.21 - - [06/Feb/2023:12:25:23 +0800] "GET /xingrg/check_reg.html?_=1675657546512 HTTP/1.1" 200 22
114.83.217.30 - - [06/Feb/2023:12:25:25 +0800] "POST /xingrg/kc/buy/cgsh_order_operate.html HTTP/1.1" 200 37
124.78.154.177 - - [06/Feb/2023:12:25:26 +0800] "POST /xingrg/kc/base/check_list_operate.html HTTP/1.1" 200 4
114.83.217.30 - - [06/Feb/2023:12:25:29 +0800] "POST /xingrg/kc/buy/cgsh_order_operate.html HTTP/1.1" 200 12
114.83.217.30 - - [06/Feb/2023:12:25:30 +0800] "GET /xingrg/kc/buy/cgsh_order_info.html?code=212023020601641 HTTP/1.1" 200 64696
114.83.217.30 - - [06/Feb/2023:12:25:30 +0800] "GET /xingrg/javascript/easyui/themes/default/validatebox.css HTTP/1.1" 404 1104
114.83.217.30 - - [06/Feb/2023:12:25:31 +0800] "POST /xingrg/kc/buy/cgsh_order_operate.html HTTP/1.1" 200 612
114.83.217.30 - - [06/Feb/2023:12:25:32 +0800] "GET /xingrg/kc/print/load_data.html?order_code=212023020601641&kc_code=cgsh&condition= HTTP/1.1" 200 714
218.81.216.21 - - [06/Feb/2023:12:25:33 +0800] "GET /xingrg/all/function/internal_message.html?_=1675657556072&CODE_STATE=getMsg HTTP/1.1" 200 27
114.83.217.30 - - [06/Feb/2023:12:25:35 +0800] "GET /xingrg/kc/buy/cgsh_order_add.html HTTP/1.1" 200 69792
114.83.217.30 - - [06/Feb/2023:12:25:36 +0800] "POST /xingrg/kc/buy/cgsh_order_operate.html HTTP/1.1" 200 8245
114.83.217.30 - - [06/Feb/2023:12:25:36 +0800] "GET /xingrg/javascript/easyui/themes/default/validatebox.css HTTP/1.1" 404 1104
120.253.135.82 - - [06/Feb/2023:12:25:36 +0800] "GET /xingrg/all/function/internal_message.html?_=1675657681668&CODE_STATE=getMsg HTTP/1.1" 200 27
114.83.217.30 - - [06/Feb/2023:12:25:37 +0800] "GET /xingrg/all/function/internal_message.html?_=1675657558413&CODE_STATE=getMsg HTTP/1.1" 200 27
114.83.222.182 - - [06/Feb/2023:12:25:38 +0800] "GET /xingrg/all/function/internal_message.html?_=1675657663072&CODE_STATE=getMsg HTTP/1.1" 200 27
124.78.154.177 - - [06/Feb/2023:12:25:40 +0800] "GET /xingrg/kc/buy/cgsh_order_add.html HTTP/1.1" 200 69703
124.78.154.177 - - [06/Feb/2023:12:25:40 +0800] "POST /xingrg/kc/buy/cgsh_order_operate.html HTTP/1.1" 200 8245
124.78.154.177 - - [06/Feb/2023:12:25:40 +0800] "GET /xingrg/javascript/easyui/themes/default/validatebox.css HTTP/1.1" 404 1104
124.78.154.177 - - [06/Feb/2023:12:25:42 +0800] "GET /xingrg/javascript/easyui/themes/default/tree.css HTTP/1.1" 404 1090
124.78.154.177 - - [06/Feb/2023:12:25:42 +0800] "POST /xingrg/all/common/load_tree.html?tree=supplier_tree_json&isDelete=1 HTTP/1.1" 200 70488
101.83.145.75 - - [06/Feb/2023:12:25:46 +0800] "GET /xingrg/all/function/internal_message.html?_=1675657567192&CODE_STATE=getMsg HTTP/1.1" 200 27
120.253.135.82 - - [06/Feb/2023:12:25:47 +0800] "GET /xingrg/check_reg.html?_=1675657383431 HTTP/1.1" 200 22
101.83.145.75 - - [06/Feb/2023:12:25:47 +0800] "GET /xingrg/check_reg.html?_=1675657568897 HTTP/1.1" 200 22
180.163.28.68 - - [06/Feb/2023:12:25:48 +0800] "GET /xingrg/kc/print/load_data.html?order_code=212023020601638&kc_code=cgsh&condition= HTTP/1.1" 302 -
180.163.28.68 - - [06/Feb/2023:12:25:48 +0800] "GET /xingrg/login.html HTTP/1.1" 200 7641
180.169.147.146 - - [06/Feb/2023:12:25:50 +0800] "GET /xingrg/check_reg.html?_=1675657571567 HTTP/1.1" 200 22
180.169.147.146 - - [06/Feb/2023:12:25:50 +0800] "GET /xingrg/all/function/internal_message.html?_=1675657571568&CODE_STATE=getMsg HTTP/1.1" 200 27
58.221.95.50 - - [06/Feb/2023:12:25:54 +0800] "GET /xingrg/all/function/internal_message.html?_=1675657575853&CODE_STATE=getMsg HTTP/1.1" 200 27
116.238.139.35 - - [06/Feb/2023:12:25:54 +0800] "GET /xingrg/all/function/internal_message.html?_=1675657576505&CODE_STATE=getMsg HTTP/1.1" 200 27
116.230.105.139 - - [06/Feb/2023:12:25:57 +0800] "GET /xingrg/all/function/internal_message.html?_=1675657577842&CODE_STATE=getMsg HTTP/1.1" 200 27
116.192.124.172 - - [06/Feb/2023:12:25:57 +0800] "GET /xingrg/all/function/internal_message.html?_=1675657581069&CODE_STATE=getMsg HTTP/1.1" 200 27
116.230.105.139 - - [06/Feb/2023:12:25:57 +0800] "GET /xingrg/check_reg.html?_=1675657578529 HTTP/1.1" 200 22
114.83.217.30 - - [06/Feb/2023:12:26:02 +0800] "GET /xingrg/kc/buy/cgsh_order_operate.html?command=get_materiel&rest_code=00149&code=00101006158&supplier_code=00100547&order_time=2023-02-06 HTTP/1.1" 200 436
116.238.139.35 - - [06/Feb/2023:12:26:03 +0800] "GET /xingrg/all/function/internal_message.html?_=1675657512345&CODE_STATE=getMsg HTTP/1.1" 200 27
180.157.253.110 - - [06/Feb/2023:12:26:04 +0800] "GET /xingrg/all/function/internal_message.html?_=1675657587176&CODE_STATE=getMsg HTTP/1.1" 200 27
124.78.154.177 - - [06/Feb/2023:12:26:11 +0800] "POST /xingrg/kc/base/check_list_operate.html HTTP/1.1" 200 781
124.78.154.177 - - [06/Feb/2023:12:26:11 +0800] "GET /xingrg/all/function/internal_message.html?_=1675657594366&CODE_STATE=getMsg HTTP/1.1" 200 27
120.253.135.82 - - [06/Feb/2023:12:26:13 +0800] "GET /xingrg/all/function/internal_message.html?_=1675657409734&CODE_STATE=getMsg HTTP/1.1" 200 27
114.83.217.30 - - [06/Feb/2023:12:26:16 +0800] "POST /xingrg/kc/buy/cgsh_order_operate.html HTTP/1.1" 200 37
124.78.154.177 - - [06/Feb/2023:12:26:19 +0800] "GET /xingrg/kc/base/yddb_order_list.html HTTP/1.1" 200 16745
124.78.154.177 - - [06/Feb/2023:12:26:19 +0800] "POST /xingrg/kc/base/yddb_list_operate.html HTTP/1.1" 200 1337
114.83.217.30 - - [06/Feb/2023:12:26:21 +0800] "POST /xingrg/kc/buy/cgsh_order_operate.html HTTP/1.1" 200 12
180.169.147.146 - - [06/Feb/2023:12:26:22 +0800] "GET /xingrg/all/function/internal_message.html?_=1675657601991&CODE_STATE=getMsg HTTP/1.1" 200 27
114.83.217.30 - - [06/Feb/2023:12:26:22 +0800] "GET /xingrg/kc/buy/cgsh_order_info.html?code=212023020601642 HTTP/1.1" 200 64686
114.83.217.30 - - [06/Feb/2023:12:26:23 +0800] "GET /xingrg/javascript/easyui/themes/default/validatebox.css HTTP/1.1" 404 1104
124.78.154.177 - - [06/Feb/2023:12:26:23 +0800] "GET /xingrg/all/function/internal_message.html?_=1675657604963&CODE_STATE=getMsg HTTP/1.1" 200 27
180.163.29.103 - - [06/Feb/2023:12:26:23 +0800] "GET /xingrg/all/function/internal_message.html?_=1675657544988&CODE_STATE=getMsg HTTP/1.1" 302 -
114.83.217.30 - - [06/Feb/2023:12:26:23 +0800] "POST /xingrg/kc/buy/cgsh_order_operate.html HTTP/1.1" 200 632
114.83.217.30 - - [06/Feb/2023:12:26:24 +0800] "GET /xingrg/kc/print/load_data.html?order_code=212023020601642&kc_code=cgsh&condition= HTTP/1.1" 200 719
116.238.139.35 - - [06/Feb/2023:12:26:24 +0800] "GET /xingrg/check_reg.html?_=1675657533327 HTTP/1.1" 200 22
180.163.29.103 - - [06/Feb/2023:12:26:26 +0800] "GET /xingrg/login.html HTTP/1.1" 200 7641
218.81.216.21 - - [06/Feb/2023:12:26:33 +0800] "GET /xingrg/all/function/internal_message.html?_=1675657616085&CODE_STATE=getMsg HTTP/1.1" 200 27
120.253.135.82 - - [06/Feb/2023:12:26:36 +0800] "GET /xingrg/check_reg.html?_=1675657741675 HTTP/1.1" 200 22
120.253.135.82 - - [06/Feb/2023:12:26:36 +0800] "GET /xingrg/all/function/internal_message.html?_=1675657741673&CODE_STATE=getMsg HTTP/1.1" 200 27
114.83.217.30 - - [06/Feb/2023:12:26:37 +0800] "GET /xingrg/all/function/internal_message.html?_=1675657618391&CODE_STATE=getMsg HTTP/1.1" 200 27
114.83.222.182 - - [06/Feb/2023:12:26:38 +0800] "GET /xingrg/all/function/internal_message.html?_=1675657723055&CODE_STATE=getMsg HTTP/1.1" 200 27
101.83.145.75 - - [06/Feb/2023:12:26:45 +0800] "GET /xingrg/all/function/internal_message.html?_=1675657627160&CODE_STATE=getMsg HTTP/1.1" 200 27
124.78.154.177 - - [06/Feb/2023:12:26:49 +0800] "GET /xingrg/kc/buy/cgsh_order_operate.html?command=get_materiel&rest_code=00106&code=00101010719&supplier_code=00100442&order_time=2023-02-06 HTTP/1.1" 200 406
180.169.147.146 - - [06/Feb/2023:12:26:50 +0800] "GET /xingrg/all/function/internal_message.html?_=1675657631566&CODE_STATE=getMsg HTTP/1.1" 200 27
58.221.95.50 - - [06/Feb/2023:12:26:54 +0800] "GET /xingrg/all/function/internal_message.html?_=1675657635836&CODE_STATE=getMsg HTTP/1.1" 200 27
116.238.139.35 - - [06/Feb/2023:12:26:54 +0800] "GET /xingrg/all/function/internal_message.html?_=1675657636506&CODE_STATE=getMsg HTTP/1.1" 200 27
116.230.105.139 - - [06/Feb/2023:12:26:57 +0800] "GET /xingrg/all/function/internal_message.html?_=1675657637824&CODE_STATE=getMsg HTTP/1.1" 200 27
116.192.124.172 - - [06/Feb/2023:12:26:57 +0800] "GET /xingrg/all/function/internal_message.html?_=1675657641071&CODE_STATE=getMsg HTTP/1.1" 200 27
124.78.154.177 - - [06/Feb/2023:12:27:02 +0800] "GET /xingrg/kc/buy/cgsh_order_operate.html?command=get_materiel&rest_code=00106&code=00101002007&supplier_code=00100442&order_time=2023-02-06 HTTP/1.1" 200 409
114.88.159.190 - - [06/Feb/2023:12:27:03 +0800] "POST /xingrg/services/DataTransmitService HTTP/1.1" 200 524
116.238.139.35 - - [06/Feb/2023:12:27:03 +0800] "GET /xingrg/all/function/internal_message.html?_=1675657572354&CODE_STATE=getMsg HTTP/1.1" 200 27
114.88.159.190 - - [06/Feb/2023:12:27:03 +0800] "POST /xingrg/services/DataTransmitService HTTP/1.1" 200 2419
180.157.253.110 - - [06/Feb/2023:12:27:04 +0800] "GET /xingrg/all/function/internal_message.html?_=1675657647185&CODE_STATE=getMsg HTTP/1.1" 200 27
180.157.253.110 - - [06/Feb/2023:12:27:04 +0800] "GET /xingrg/check_reg.html?_=1675657647186 HTTP/1.1" 200 22
114.88.159.190 - - [06/Feb/2023:12:27:04 +0800] "POST /xingrg/services/DataTransmitService HTTP/1.1" 200 194488
114.88.159.190 - - [06/Feb/2023:12:27:07 +0800] "POST /xingrg/services/DataTransmitService HTTP/1.1" 200 524
114.88.159.190 - - [06/Feb/2023:12:27:08 +0800] "GET /xingrg/check_reg.html?_=1675657218082 HTTP/1.1" 200 22
114.88.159.190 - - [06/Feb/2023:12:27:08 +0800] "POST /xingrg/services/DataTransmitService HTTP/1.1" 200 497
124.78.154.177 - - [06/Feb/2023:12:27:11 +0800] "GET /xingrg/all/function/internal_message.html?_=1675657654343&CODE_STATE=getMsg HTTP/1.1" 200 27
120.253.135.82 - - [06/Feb/2023:12:27:13 +0800] "GET /xingrg/all/function/internal_message.html?_=1675657469742&CODE_STATE=getMsg HTTP/1.1" 200 27
124.78.154.177 - - [06/Feb/2023:12:27:18 +0800] "GET /xingrg/kc/buy/cgsh_order_operate.html?command=get_materiel&rest_code=00106&code=00101002041&supplier_code=00100442&order_time=2023-02-06 HTTP/1.1" 200 409
180.169.147.146 - - [06/Feb/2023:12:27:22 +0800] "GET /xingrg/all/function/internal_message.html?_=1675657661982&CODE_STATE=getMsg HTTP/1.1" 200 27
124.78.154.177 - - [06/Feb/2023:12:27:23 +0800] "POST /xingrg/kc/base/yddb_list_operate.html HTTP/1.1" 200 205
124.78.154.177 - - [06/Feb/2023:12:27:23 +0800] "GET /xingrg/all/function/internal_message.html?_=1675657664941&CODE_STATE=getMsg HTTP/1.1" 200 27
124.78.154.177 - - [06/Feb/2023:12:27:23 +0800] "GET /xingrg/kc/base/yddb_order_info.html?code=482023012300112 HTTP/1.1" 200 31522
124.78.154.177 - - [06/Feb/2023:12:27:23 +0800] "GET /xingrg/javascript/Grid.js HTTP/1.1" 200 58908
124.78.154.177 - - [06/Feb/2023:12:27:23 +0800] "GET /xingrg/javascript/ToolTips.js HTTP/1.1" 200 5615
124.78.154.177 - - [06/Feb/2023:12:27:23 +0800] "GET /xingrg/dwr/interface/AjaxYddbService.js HTTP/1.1" 200 13201
124.78.154.177 - - [06/Feb/2023:12:27:23 +0800] "GET /xingrg/dwr/interface/AjaxComOrderService.js HTTP/1.1" 200 18264
124.78.154.177 - - [06/Feb/2023:12:27:23 +0800] "GET /xingrg/javascript/checkform.js HTTP/1.1" 200 18351
124.78.154.177 - - [06/Feb/2023:12:27:23 +0800] "GET /xingrg/dwr/engine.js HTTP/1.1" 200 43631
124.78.154.177 - - [06/Feb/2023:12:27:24 +0800] "GET /xingrg/javascript/jquery_easy_ui/themes/icons/edit_add_new.png HTTP/1.1" 200 2997
124.78.154.177 - - [06/Feb/2023:12:27:24 +0800] "GET /xingrg/images/blue/button/kc_tab_edit.gif HTTP/1.1" 200 551
124.78.154.177 - - [06/Feb/2023:12:27:24 +0800] "GET /xingrg/images/blue/button/kc_tab_del.gif HTTP/1.1" 200 383
124.78.154.177 - - [06/Feb/2023:12:27:24 +0800] "GET /xingrg/images/blue/button/kc_tab_save.gif HTTP/1.1" 200 777
124.78.154.177 - - [06/Feb/2023:12:27:24 +0800] "GET /xingrg/images/blue/button/kc_tab_add.gif HTTP/1.1" 200 375
124.78.154.177 - - [06/Feb/2023:12:27:24 +0800] "GET /xingrg/images/blue/wait.gif HTTP/1.1" 200 1100
124.78.154.177 - - [06/Feb/2023:12:27:24 +0800] "GET /xingrg/images/blue/kc_tab_mid.gif HTTP/1.1" 200 44
124.78.154.177 - - [06/Feb/2023:12:27:24 +0800] "GET /xingrg/images/blue/kc_tab_right.gif HTTP/1.1" 200 643
124.78.154.177 - - [06/Feb/2023:12:27:24 +0800] "GET /xingrg/images/blue/kc_tab_left.gif HTTP/1.1" 200 188
124.78.154.177 - - [06/Feb/2023:12:27:24 +0800] "GET /xingrg/images/blue/kc_tab2_left.gif HTTP/1.1" 200 625
124.78.154.177 - - [06/Feb/2023:12:27:24 +0800] "GET /xingrg/images/blue/kc_tab2_right.gif HTTP/1.1" 200 192
124.78.154.177 - - [06/Feb/2023:12:27:24 +0800] "POST /xingrg/dwr/call/plaincall/AjaxYddbService.loadMaterielItems.dwr HTTP/1.1" 200 397
218.81.216.21 - - [06/Feb/2023:12:27:33 +0800] "GET /xingrg/all/function/internal_message.html?_=1675657676336&CODE_STATE=getMsg HTTP/1.1" 200 27
120.253.135.82 - - [06/Feb/2023:12:27:36 +0800] "GET /xingrg/all/function/internal_message.html?_=1675657801681&CODE_STATE=getMsg HTTP/1.1" 200 27
114.83.217.30 - - [06/Feb/2023:12:27:37 +0800] "GET /xingrg/all/function/internal_message.html?_=1675657678375&CODE_STATE=getMsg HTTP/1.1" 200 27
114.83.222.182 - - [06/Feb/2023:12:27:38 +0800] "GET /xingrg/all/function/internal_message.html?_=1675657783034&CODE_STATE=getMsg HTTP/1.1" 200 27
180.157.253.110 - - [06/Feb/2023:12:27:42 +0800] "GET /xingrg/javascript/auto/indicator.gif HTTP/1.1" 404 1066
180.169.147.146 - - [06/Feb/2023:12:27:45 +0800] "GET /xingrg/kc/base/base_main.html HTTP/1.1" 200 12142
101.83.145.75 - - [06/Feb/2023:12:27:45 +0800] "GET /xingrg/all/function/internal_message.html?_=1675657687130&CODE_STATE=getMsg HTTP/1.1" 200 27
180.169.147.146 - - [06/Feb/2023:12:27:45 +0800] "GET /xingrg/kc/base/check_order_list.html HTTP/1.1" 200 16525
180.169.147.146 - - [06/Feb/2023:12:27:46 +0800] "POST /xingrg/kc/base/check_list_operate.html HTTP/1.1" 200 1908
180.169.147.146 - - [06/Feb/2023:12:27:50 +0800] "GET /xingrg/kc/base/yddb_order_list.html HTTP/1.1" 200 16751
180.169.147.146 - - [06/Feb/2023:12:27:50 +0800] "GET /xingrg/all/function/internal_message.html?_=1675657691611&CODE_STATE=getMsg HTTP/1.1" 200 27
180.169.147.146 - - [06/Feb/2023:12:27:50 +0800] "POST /xingrg/kc/base/yddb_list_operate.html HTTP/1.1" 200 1598
58.221.95.50 - - [06/Feb/2023:12:27:54 +0800] "GET /xingrg/all/function/internal_message.html?_=1675657695810&CODE_STATE=getMsg HTTP/1.1" 200 27
116.238.139.35 - - [06/Feb/2023:12:27:54 +0800] "GET /xingrg/all/function/internal_message.html?_=1675657696509&CODE_STATE=getMsg HTTP/1.1" 200 27
180.169.147.146 - - [06/Feb/2023:12:27:56 +0800] "POST /xingrg/kc/base/yddb_list_operate.html HTTP/1.1" 200 1606
116.230.105.139 - - [06/Feb/2023:12:27:57 +0800] "GET /xingrg/all/function/internal_message.html?_=1675657697806&CODE_STATE=getMsg HTTP/1.1" 200 27
180.169.147.146 - - [06/Feb/2023:12:27:57 +0800] "POST /xingrg/kc/base/yddb_list_operate.html HTTP/1.1" 200 202
116.192.124.172 - - [06/Feb/2023:12:27:57 +0800] "GET /xingrg/all/function/internal_message.html?_=1675657701072&CODE_STATE=getMsg HTTP/1.1" 200 27
180.169.147.146 - - [06/Feb/2023:12:27:58 +0800] "POST /xingrg/kc/base/yddb_list_operate.html HTTP/1.1" 200 303
116.238.139.35 - - [06/Feb/2023:12:28:03 +0800] "GET /xingrg/all/function/internal_message.html?_=1675657632368&CODE_STATE=getMsg HTTP/1.1" 200 27
180.157.253.110 - - [06/Feb/2023:12:28:04 +0800] "GET /xingrg/all/function/internal_message.html?_=1675657707186&CODE_STATE=getMsg HTTP/1.1" 200 27
58.221.95.50 - - [06/Feb/2023:12:28:07 +0800] "GET /xingrg/check_reg.html?_=1675657709163 HTTP/1.1" 200 22
180.169.147.146 - - [06/Feb/2023:12:28:09 +0800] "POST /xingrg/kc/base/yddb_list_operate.html HTTP/1.1" 200 4346
124.78.154.177 - - [06/Feb/2023:12:28:11 +0800] "GET /xingrg/all/function/internal_message.html?_=1675657714322&CODE_STATE=getMsg HTTP/1.1" 200 27
180.169.147.146 - - [06/Feb/2023:12:28:12 +0800] "POST /xingrg/kc/base/yddb_list_operate.html HTTP/1.1" 200 205
120.253.135.82 - - [06/Feb/2023:12:28:13 +0800] "GET /xingrg/all/function/internal_message.html?_=1675657529793&CODE_STATE=getMsg HTTP/1.1" 200 27
180.169.147.146 - - [06/Feb/2023:12:28:14 +0800] "GET /xingrg/kc/base/yddb_order_info.html?code=482023012300112 HTTP/1.1" 200 30563
180.169.147.146 - - [06/Feb/2023:12:28:14 +0800] "GET /xingrg/dwr/interface/AjaxComOrderService.js HTTP/1.1" 200 18264
180.169.147.146 - - [06/Feb/2023:12:28:14 +0800] "GET /xingrg/dwr/interface/AjaxYddbService.js HTTP/1.1" 200 13201
180.169.147.146 - - [06/Feb/2023:12:28:14 +0800] "GET /xingrg/dwr/engine.js HTTP/1.1" 200 43631
180.169.147.146 - - [06/Feb/2023:12:28:14 +0800] "POST /xingrg/dwr/call/plaincall/AjaxYddbService.loadMaterielItems.dwr HTTP/1.1" 200 397
180.169.147.146 - - [06/Feb/2023:12:28:22 +0800] "GET /xingrg/check_reg.html?_=1675657721977 HTTP/1.1" 200 22
180.169.147.146 - - [06/Feb/2023:12:28:22 +0800] "GET /xingrg/all/function/internal_message.html?_=1675657721979&CODE_STATE=getMsg HTTP/1.1" 200 27
124.78.154.177 - - [06/Feb/2023:12:28:23 +0800] "GET /xingrg/all/function/internal_message.html?_=1675657724921&CODE_STATE=getMsg HTTP/1.1" 200 27
124.78.154.177 - - [06/Feb/2023:12:28:23 +0800] "GET /xingrg/check_reg.html?_=1675657725050 HTTP/1.1" 200 22
218.81.216.21 - - [06/Feb/2023:12:28:33 +0800] "GET /xingrg/all/function/internal_message.html?_=1675657736346&CODE_STATE=getMsg HTTP/1.1" 200 27
120.253.135.82 - - [06/Feb/2023:12:28:36 +0800] "GET /xingrg/all/function/internal_message.html?_=1675657861686&CODE_STATE=getMsg HTTP/1.1" 200 27
114.83.217.30 - - [06/Feb/2023:12:28:37 +0800] "GET /xingrg/all/function/internal_message.html?_=1675657738348&CODE_STATE=getMsg HTTP/1.1" 200 27
114.83.222.182 - - [06/Feb/2023:12:28:38 +0800] "GET /xingrg/all/function/internal_message.html?_=1675657843018&CODE_STATE=getMsg HTTP/1.1" 200 27
114.83.222.182 - - [06/Feb/2023:12:28:40 +0800] "GET /xingrg/check_reg.html?_=1675657845233 HTTP/1.1" 200 22
101.83.145.75 - - [06/Feb/2023:12:28:45 +0800] "GET /xingrg/all/function/internal_message.html?_=1675657747110&CODE_STATE=getMsg HTTP/1.1" 200 27
180.169.147.146 - - [06/Feb/2023:12:28:50 +0800] "GET /xingrg/all/function/internal_message.html?_=1675657751587&CODE_STATE=getMsg HTTP/1.1" 200 27
58.221.95.50 - - [06/Feb/2023:12:28:54 +0800] "GET /xingrg/all/function/internal_message.html?_=1675657755808&CODE_STATE=getMsg HTTP/1.1" 200 27
116.238.139.35 - - [06/Feb/2023:12:28:54 +0800] "GET /xingrg/all/function/internal_message.html?_=1675657756516&CODE_STATE=getMsg HTTP/1.1" 200 27
116.238.139.35 - - [06/Feb/2023:12:28:54 +0800] "GET /xingrg/check_reg.html?_=1675657756518 HTTP/1.1" 200 22
116.230.105.139 - - [06/Feb/2023:12:28:57 +0800] "GET /xingrg/all/function/internal_message.html?_=1675657757781&CODE_STATE=getMsg HTTP/1.1" 200 27
180.157.253.110 - - [06/Feb/2023:12:28:58 +0800] "GET /xingrg/javascript/jquery_tools/images/prev.gif HTTP/1.1" 404 1086
180.157.253.110 - - [06/Feb/2023:12:28:58 +0800] "GET /xingrg/javascript/jquery_tools/images/next.gif HTTP/1.1" 404 1086
124.78.154.177 - - [06/Feb/2023:12:28:58 +0800] "GET /xingrg/kc/mdqp/pssh_order_list.html HTTP/1.1" 200 17885
124.78.154.177 - - [06/Feb/2023:12:28:58 +0800] "POST /xingrg/kc/mdqp/pssh_list_operate.html HTTP/1.1" 200 5194
124.78.154.177 - - [06/Feb/2023:12:29:01 +0800] "GET /xingrg/check_reg.html?_=1675657763562 HTTP/1.1" 200 22
116.238.139.35 - - [06/Feb/2023:12:29:04 +0800] "GET /xingrg/all/function/internal_message.html?_=1675657692402&CODE_STATE=getMsg HTTP/1.1" 200 27
180.157.253.110 - - [06/Feb/2023:12:29:04 +0800] "GET /xingrg/all/function/internal_message.html?_=1675657767176&CODE_STATE=getMsg HTTP/1.1" 200 27
124.78.154.177 - - [06/Feb/2023:12:29:06 +0800] "GET /xingrg/kc/base/yddb_order_info.html?code=482023012300112 HTTP/1.1" 200 31522
124.78.154.177 - - [06/Feb/2023:12:29:06 +0800] "GET /xingrg/dwr/interface/AjaxYddbService.js HTTP/1.1" 200 13201
124.78.154.177 - - [06/Feb/2023:12:29:06 +0800] "GET /xingrg/dwr/interface/AjaxComOrderService.js HTTP/1.1" 200 18264
124.78.154.177 - - [06/Feb/2023:12:29:06 +0800] "GET /xingrg/dwr/engine.js HTTP/1.1" 200 43631
124.78.154.177 - - [06/Feb/2023:12:29:07 +0800] "POST /xingrg/services/DataTransmitService HTTP/1.1" 200 524
124.78.154.177 - - [06/Feb/2023:12:29:07 +0800] "POST /xingrg/dwr/call/plaincall/AjaxYddbService.loadMaterielItems.dwr HTTP/1.1" 200 397
124.78.154.177 - - [06/Feb/2023:12:29:07 +0800] "POST /xingrg/services/DataTransmitService HTTP/1.1" 200 412
124.78.154.177 - - [06/Feb/2023:12:29:09 +0800] "POST /xingrg/dwr/call/plaincall/AjaxYddbService.checkOrder.dwr HTTP/1.1" 200 281
120.253.135.82 - - [06/Feb/2023:12:29:13 +0800] "GET /xingrg/all/function/internal_message.html?_=1675657589802&CODE_STATE=getMsg HTTP/1.1" 200 27
124.78.154.177 - - [06/Feb/2023:12:29:14 +0800] "GET /xingrg/all/function/internal_message.html?_=1675657776802&CODE_STATE=getMsg HTTP/1.1" 200 27
180.157.253.110 - - [06/Feb/2023:12:29:14 +0800] "GET /xingrg/kc/buy/cgsh_order_operate.html?command=get_materiel&rest_code=00148&code=00101008155&supplier_code=00100008&order_time=2023-02-06 HTTP/1.1" 200 408
180.169.147.146 - - [06/Feb/2023:12:29:22 +0800] "GET /xingrg/all/function/internal_message.html?_=1675657781972&CODE_STATE=getMsg HTTP/1.1" 200 27
180.157.253.110 - - [06/Feb/2023:12:29:23 +0800] "GET /xingrg/kc/buy/cgsh_order_operate.html?command=get_materiel&rest_code=00148&code=00101008331&supplier_code=00100008&order_time=2023-02-06 HTTP/1.1" 200 416
124.78.154.177 - - [06/Feb/2023:12:29:23 +0800] "GET /xingrg/all/function/internal_message.html?_=1675657784904&CODE_STATE=getMsg HTTP/1.1" 200 27
124.78.154.177 - - [06/Feb/2023:12:29:24 +0800] "POST /xingrg/kc/mdqp/pssh_list_operate.html HTTP/1.1" 200 4122
180.157.253.110 - - [06/Feb/2023:12:29:30 +0800] "GET /xingrg/kc/buy/cgsh_order_operate.html?command=get_materiel&rest_code=00148&code=00101008350&supplier_code=00100008&order_time=2023-02-06 HTTP/1.1" 200 408
218.81.216.21 - - [06/Feb/2023:12:29:33 +0800] "GET /xingrg/all/function/internal_message.html?_=1675657796548&CODE_STATE=getMsg HTTP/1.1" 200 27
124.78.154.177 - - [06/Feb/2023:12:29:35 +0800] "POST /xingrg/kc/mdqp/pssh_list_operate.html HTTP/1.1" 200 814
120.253.135.82 - - [06/Feb/2023:12:29:36 +0800] "GET /xingrg/all/function/internal_message.html?_=1675657921686&CODE_STATE=getMsg HTTP/1.1" 200 27
114.83.217.30 - - [06/Feb/2023:12:29:37 +0800] "GET /xingrg/all/function/internal_message.html?_=1675657798323&CODE_STATE=getMsg HTTP/1.1" 200 27
114.83.217.30 - - [06/Feb/2023:12:29:37 +0800] "GET /xingrg/check_reg.html?_=1675657798484 HTTP/1.1" 200 22
114.83.222.182 - - [06/Feb/2023:12:29:38 +0800] "GET /xingrg/all/function/internal_message.html?_=1675657903009&CODE_STATE=getMsg HTTP/1.1" 200 27
180.157.253.110 - - [06/Feb/2023:12:29:38 +0800] "GET /xingrg/kc/buy/cgsh_order_operate.html?command=get_materiel&rest_code=00148&code=00101008010&supplier_code=00100008&order_time=2023-02-06 HTTP/1.1" 200 412
124.78.154.177 - - [06/Feb/2023:12:29:42 +0800] "POST /xingrg/kc/mdqp/pssh_list_operate.html HTTP/1.1" 200 5123
114.83.217.30 - - [06/Feb/2023:12:29:45 +0800] "POST /xingrg/services/DataTransmitService HTTP/1.1" 200 524
101.83.145.75 - - [06/Feb/2023:12:29:45 +0800] "GET /xingrg/all/function/internal_message.html?_=1675657807079&CODE_STATE=getMsg HTTP/1.1" 200 27
114.83.217.30 - - [06/Feb/2023:12:29:45 +0800] "POST /xingrg/services/DataTransmitService HTTP/1.1" 200 501
114.83.217.30 - - [06/Feb/2023:12:29:46 +0800] "POST /xingrg/services/DataTransmitService HTTP/1.1" 200 501
114.83.217.30 - - [06/Feb/2023:12:29:46 +0800] "POST /xingrg/services/DataTransmitService HTTP/1.1" 200 501
180.157.253.110 - - [06/Feb/2023:12:29:46 +0800] "GET /xingrg/kc/buy/cgsh_order_operate.html?command=get_materiel&rest_code=00148&code=00101008312&supplier_code=00100008&order_time=2023-02-06 HTTP/1.1" 200 412
114.83.217.30 - - [06/Feb/2023:12:29:46 +0800] "POST /xingrg/services/DataTransmitService HTTP/1.1" 200 501
124.78.154.177 - - [06/Feb/2023:12:29:46 +0800] "POST /xingrg/kc/mdqp/pssh_list_operate.html HTTP/1.1" 200 5245
114.83.217.30 - - [06/Feb/2023:12:29:46 +0800] "POST /xingrg/services/DataTransmitService HTTP/1.1" 200 501
114.83.217.30 - - [06/Feb/2023:12:29:47 +0800] "POST /xingrg/services/DataTransmitService HTTP/1.1" 200 501
114.83.217.30 - - [06/Feb/2023:12:29:47 +0800] "POST /xingrg/services/DataTransmitService HTTP/1.1" 200 412
124.78.154.177 - - [06/Feb/2023:12:29:48 +0800] "POST /xingrg/kc/mdqp/pssh_list_operate.html HTTP/1.1" 200 5224
180.169.147.146 - - [06/Feb/2023:12:29:50 +0800] "GET /xingrg/all/function/internal_message.html?_=1675657811584&CODE_STATE=getMsg HTTP/1.1" 200 27
124.78.154.177 - - [06/Feb/2023:12:29:50 +0800] "POST /xingrg/kc/mdqp/pssh_list_operate.html HTTP/1.1" 200 2990
124.78.154.177 - - [06/Feb/2023:12:29:53 +0800] "POST /xingrg/kc/mdqp/pssh_list_operate.html HTTP/1.1" 200 5123
58.221.95.50 - - [06/Feb/2023:12:29:54 +0800] "GET /xingrg/all/function/internal_message.html?_=1675657815780&CODE_STATE=getMsg HTTP/1.1" 200 27
116.238.139.35 - - [06/Feb/2023:12:29:54 +0800] "GET /xingrg/all/function/internal_message.html?_=1675657816521&CODE_STATE=getMsg HTTP/1.1" 200 27
180.157.253.110 - - [06/Feb/2023:12:29:55 +0800] "GET /xingrg/kc/buy/cgsh_order_operate.html?command=get_materiel&rest_code=00148&code=00101008038&supplier_code=00100008&order_time=2023-02-06 HTTP/1.1" 200 412
116.230.105.139 - - [06/Feb/2023:12:29:57 +0800] "GET /xingrg/all/function/internal_message.html?_=1675657817765&CODE_STATE=getMsg HTTP/1.1" 200 27
116.238.139.35 - - [06/Feb/2023:12:30:02 +0800] "POST /xingrg/services/DataTransmitService HTTP/1.1" 200 524
180.157.253.110 - - [06/Feb/2023:12:30:03 +0800] "GET /xingrg/kc/buy/cgsh_order_operate.html?command=get_materiel&rest_code=00148&code=00101008224&supplier_code=00100008&order_time=2023-02-06 HTTP/1.1" 200 416
116.238.139.35 - - [06/Feb/2023:12:30:04 +0800] "GET /xingrg/all/function/internal_message.html?_=1675657752411&CODE_STATE=getMsg HTTP/1.1" 200 27
180.157.253.110 - - [06/Feb/2023:12:30:04 +0800] "GET /xingrg/all/function/internal_message.html?_=1675657827173&CODE_STATE=getMsg HTTP/1.1" 200 27
180.157.253.110 - - [06/Feb/2023:12:30:10 +0800] "GET /xingrg/kc/buy/cgsh_order_operate.html?command=get_materiel&rest_code=00148&code=00101008003&supplier_code=00100008&order_time=2023-02-06 HTTP/1.1" 200 408
120.253.135.82 - - [06/Feb/2023:12:30:13 +0800] "GET /xingrg/all/function/internal_message.html?_=1675657650079&CODE_STATE=getMsg HTTP/1.1" 200 27
124.78.154.177 - - [06/Feb/2023:12:30:14 +0800] "GET /xingrg/all/function/internal_message.html?_=1675657836777&CODE_STATE=getMsg HTTP/1.1" 200 27
180.169.147.146 - - [06/Feb/2023:12:30:22 +0800] "GET /xingrg/all/function/internal_message.html?_=1675657841979&CODE_STATE=getMsg HTTP/1.1" 200 27
180.157.253.110 - - [06/Feb/2023:12:30:22 +0800] "GET /xingrg/kc/buy/cgsh_order_operate.html?command=get_materiel&rest_code=00148&code=00101008196&supplier_code=00100008&order_time=2023-02-06 HTTP/1.1" 200 416
180.163.29.103 - - [06/Feb/2023:12:30:23 +0800] "GET /xingrg/all/function/internal_message.html?_=1675657784904&CODE_STATE=getMsg HTTP/1.1" 302 -
180.163.29.103 - - [06/Feb/2023:12:30:23 +0800] "GET /xingrg/login.html HTTP/1.1" 200 7641
124.78.154.177 - - [06/Feb/2023:12:30:23 +0800] "GET /xingrg/all/function/internal_message.html?_=1675657844895&CODE_STATE=getMsg HTTP/1.1" 200 27
218.81.216.21 - - [06/Feb/2023:12:30:23 +0800] "GET /xingrg/check_reg.html?_=1675657846514 HTTP/1.1" 200 22
180.157.253.110 - - [06/Feb/2023:12:30:28 +0800] "GET /xingrg/kc/buy/cgsh_order_operate.html?command=get_materiel&rest_code=00148&code=00101008197&supplier_code=00100008&order_time=2023-02-06 HTTP/1.1" 200 417
218.81.216.21 - - [06/Feb/2023:12:30:33 +0800] "GET /xingrg/all/function/internal_message.html?_=1675657856561&CODE_STATE=getMsg HTTP/1.1" 200 27
120.253.135.82 - - [06/Feb/2023:12:30:36 +0800] "GET /xingrg/all/function/internal_message.html?_=1675657981718&CODE_STATE=getMsg HTTP/1.1" 200 27
180.157.253.110 - - [06/Feb/2023:12:30:36 +0800] "GET /xingrg/kc/buy/cgsh_order_operate.html?command=get_materiel&rest_code=00148&code=00101008069&supplier_code=00100008&order_time=2023-02-06 HTTP/1.1" 200 412
114.83.217.30 - - [06/Feb/2023:12:30:37 +0800] "GET /xingrg/all/function/internal_message.html?_=1675657858296&CODE_STATE=getMsg HTTP/1.1" 200 27
114.83.222.182 - - [06/Feb/2023:12:30:38 +0800] "GET /xingrg/all/function/internal_message.html?_=1675657962997&CODE_STATE=getMsg HTTP/1.1" 200 27
124.78.154.177 - - [06/Feb/2023:12:30:39 +0800] "GET /xingrg/kc/base/wldb_order_list.html HTTP/1.1" 200 19394
124.78.154.177 - - [06/Feb/2023:12:30:40 +0800] "GET /xingrg/kc/base/yddb_order_list.html HTTP/1.1" 200 16745
124.78.154.177 - - [06/Feb/2023:12:30:40 +0800] "POST /xingrg/kc/base/wldb_list_operate.html HTTP/1.1" 200 3373
124.78.154.177 - - [06/Feb/2023:12:30:40 +0800] "POST /xingrg/kc/base/yddb_list_operate.html HTTP/1.1" 200 1337
124.78.154.177 - - [06/Feb/2023:12:30:43 +0800] "POST /xingrg/kc/base/yddb_list_operate.html HTTP/1.1" 200 205
124.78.154.177 - - [06/Feb/2023:12:30:44 +0800] "GET /xingrg/kc/base/yddb_order_info.html?code=482023012300112 HTTP/1.1" 200 31522
124.78.154.177 - - [06/Feb/2023:12:30:44 +0800] "GET /xingrg/dwr/interface/AjaxComOrderService.js HTTP/1.1" 200 18264
124.78.154.177 - - [06/Feb/2023:12:30:45 +0800] "GET /xingrg/dwr/interface/AjaxYddbService.js HTTP/1.1" 200 13201
124.78.154.177 - - [06/Feb/2023:12:30:45 +0800] "GET /xingrg/dwr/engine.js HTTP/1.1" 200 43631
124.78.154.177 - - [06/Feb/2023:12:30:45 +0800] "POST /xingrg/dwr/call/plaincall/AjaxYddbService.loadMaterielItems.dwr HTTP/1.1" 200 397
101.83.145.75 - - [06/Feb/2023:12:30:45 +0800] "GET /xingrg/all/function/internal_message.html?_=1675657867047&CODE_STATE=getMsg HTTP/1.1" 200 27
120.253.135.82 - - [06/Feb/2023:12:30:47 +0800] "GET /xingrg/check_reg.html?_=1675657683435 HTTP/1.1" 200 22
180.157.253.110 - - [06/Feb/2023:12:30:47 +0800] "GET /xingrg/kc/buy/cgsh_order_operate.html?command=get_materiel&rest_code=00148&code=00101008286&supplier_code=00100008&order_time=2023-02-06 HTTP/1.1" 200 408
101.83.145.75 - - [06/Feb/2023:12:30:47 +0800] "GET /xingrg/check_reg.html?_=1675657868894 HTTP/1.1" 200 22
180.169.147.146 - - [06/Feb/2023:12:30:50 +0800] "GET /xingrg/all/function/internal_message.html?_=1675657871584&CODE_STATE=getMsg HTTP/1.1" 200 27
180.169.147.146 - - [06/Feb/2023:12:30:50 +0800] "GET /xingrg/check_reg.html?_=1675657871585 HTTP/1.1" 200 22
124.78.154.177 - - [06/Feb/2023:12:30:51 +0800] "POST /xingrg/dwr/call/plaincall/AjaxYddbService.deleteOrder.dwr HTTP/1.1" 200 78
58.221.95.50 - - [06/Feb/2023:12:30:53 +0800] "GET /xingrg/all/function/internal_message.html?_=1675657875758&CODE_STATE=getMsg HTTP/1.1" 200 27
124.78.154.177 - - [06/Feb/2023:12:30:54 +0800] "GET /xingrg/kc/base/yddb_order_list.html HTTP/1.1" 200 16745
124.78.154.177 - - [06/Feb/2023:12:30:54 +0800] "POST /xingrg/kc/base/yddb_list_operate.html HTTP/1.1" 200 636
116.238.139.35 - - [06/Feb/2023:12:30:54 +0800] "GET /xingrg/all/function/internal_message.html?_=1675657876522&CODE_STATE=getMsg HTTP/1.1" 200 27
180.157.253.110 - - [06/Feb/2023:12:30:55 +0800] "GET /xingrg/kc/buy/cgsh_order_operate.html?command=get_materiel&rest_code=00148&code=00101008005&supplier_code=00100008&order_time=2023-02-06 HTTP/1.1" 200 412
124.78.154.177 - - [06/Feb/2023:12:30:56 +0800] "GET /xingrg/kc/base/check_order_list.html HTTP/1.1" 200 16519
