124.78.154.177 - - [06/Feb/2023:11:04:59 +0800] "GET /xingrg/check_reg.html?_=1675652721163 HTTP/1.1" 200 22
116.238.139.35 - - [06/Feb/2023:11:05:01 +0800] "GET /xingrg/all/function/internal_message.html?_=1675652723817&CODE_STATE=getMsg HTTP/1.1" 200 27
116.238.139.35 - - [06/Feb/2023:11:05:02 +0800] "GET /xingrg/all/function/internal_message.html?_=1675652650726&CODE_STATE=getMsg HTTP/1.1" 200 27
124.78.154.177 - - [06/Feb/2023:11:05:02 +0800] "POST /xingrg/kc/base/wldb_list_operate.html HTTP/1.1" 200 1779
124.78.154.177 - - [06/Feb/2023:11:05:03 +0800] "POST /xingrg/kc/base/wldb_list_operate.html HTTP/1.1" 200 284
114.88.159.190 - - [06/Feb/2023:11:05:05 +0800] "GET /xingrg/all/function/internal_message.html?_=1675652296034&CODE_STATE=getMsg HTTP/1.1" 200 27
101.83.145.75 - - [06/Feb/2023:11:05:05 +0800] "GET /xingrg/kc/buy/cgsh_order_add.html HTTP/1.1" 200 69786
101.83.145.75 - - [06/Feb/2023:11:05:05 +0800] "GET /xingrg/javascript/easyui/themes/default/validatebox.css HTTP/1.1" 404 1104
101.83.145.75 - - [06/Feb/2023:11:05:06 +0800] "POST /xingrg/kc/buy/cgsh_order_operate.html HTTP/1.1" 200 8245
222.70.181.49 - - [06/Feb/2023:11:05:08 +0800] "GET /xingrg/all/function/internal_message.html?_=1675652729370&CODE_STATE=getMsg HTTP/1.1" 200 27
120.253.135.82 - - [06/Feb/2023:11:05:10 +0800] "GET /xingrg/all/function/internal_message.html?_=1675652546826&CODE_STATE=getMsg HTTP/1.1" 200 27
124.78.154.177 - - [06/Feb/2023:11:05:12 +0800] "GET /xingrg/kc/base/wldb_order_add.html HTTP/1.1" 200 30426
124.78.154.177 - - [06/Feb/2023:11:05:12 +0800] "GET /xingrg/javascript/easyui/themes/default/validatebox.css HTTP/1.1" 404 1104
124.78.154.177 - - [06/Feb/2023:11:05:12 +0800] "POST /xingrg/kc/base/wldb_order_operate.html HTTP/1.1" 200 6806
124.78.154.177 - - [06/Feb/2023:11:05:13 +0800] "POST /xingrg/all/common/load_combo.html?type=base HTTP/1.1" 200 3227
58.221.95.50 - - [06/Feb/2023:11:05:14 +0800] "POST /xingrg/dwr/call/plaincall/AjaxCheckService.setItemNumber.dwr HTTP/1.1" 200 77
124.78.154.177 - - [06/Feb/2023:11:05:16 +0800] "POST /xingrg/all/common/load_combo.html?type=base HTTP/1.1" 200 3227
101.83.145.75 - - [06/Feb/2023:11:05:20 +0800] "GET /xingrg/kc/buy/cgsh_order_operate.html?command=get_materiel&rest_code=00105&code=00101012119&supplier_code=00100581&order_time=2023-02-06 HTTP/1.1" 200 404
180.169.147.146 - - [06/Feb/2023:11:05:22 +0800] "GET /xingrg/all/function/internal_message.html?_=1675652741988&CODE_STATE=getMsg HTTP/1.1" 200 27
124.78.154.177 - - [06/Feb/2023:11:05:22 +0800] "GET /xingrg/kc/base/wldb_order_operate.html?command=get_materiel&rest_code=00106&base_code=0010396&code=00101019127 HTTP/1.1" 200 480
218.81.216.21 - - [06/Feb/2023:11:05:23 +0800] "GET /xingrg/check_reg.html?_=1675652746058 HTTP/1.1" 200 22
218.81.216.21 - - [06/Feb/2023:11:05:26 +0800] "GET /xingrg/all/function/internal_message.html?_=1675652748917&CODE_STATE=getMsg HTTP/1.1" 200 27
124.78.154.177 - - [06/Feb/2023:11:05:27 +0800] "GET /xingrg/kc/base/wldb_order_operate.html?command=get_materiel&rest_code=00106&base_code=0010396&code=00101019185 HTTP/1.1" 200 469
124.78.154.177 - - [06/Feb/2023:11:05:32 +0800] "GET /xingrg/kc/base/wldb_order_operate.html?command=get_materiel&rest_code=00106&base_code=0010396&code=00101019071 HTTP/1.1" 200 471
218.81.216.21 - - [06/Feb/2023:11:05:37 +0800] "GET /favicon.ico HTTP/1.1" 404 -
114.83.217.30 - - [06/Feb/2023:11:05:38 +0800] "GET /xingrg/all/function/internal_message.html?_=1675652759480&CODE_STATE=getMsg HTTP/1.1" 200 27
114.83.222.182 - - [06/Feb/2023:11:05:39 +0800] "GET /xingrg/all/function/internal_message.html?_=1675652864301&CODE_STATE=getMsg HTTP/1.1" 200 27
124.79.72.155 - - [06/Feb/2023:11:05:39 +0800] "GET /xingrg/kc/buy/buy_main.html HTTP/1.1" 200 12412
124.79.72.155 - - [06/Feb/2023:11:05:39 +0800] "GET /xingrg/css/new_ie.css HTTP/1.1" 404 1036
180.169.147.146 - - [06/Feb/2023:11:05:40 +0800] "GET /xingrg/all/function/internal_message.html?_=1675652764191&CODE_STATE=getMsg HTTP/1.1" 200 27
124.78.154.177 - - [06/Feb/2023:11:05:42 +0800] "GET /xingrg/kc/base/wldb_order_operate.html?command=get_materiel&rest_code=00106&base_code=0010396&code=00101019262 HTTP/1.1" 200 478
120.253.135.82 - - [06/Feb/2023:11:05:46 +0800] "GET /xingrg/check_reg.html?_=1675652583282 HTTP/1.1" 200 22
101.83.145.75 - - [06/Feb/2023:11:05:47 +0800] "GET /xingrg/check_reg.html?_=1675652768828 HTTP/1.1" 200 22
101.83.145.75 - - [06/Feb/2023:11:05:47 +0800] "GET /xingrg/all/function/internal_message.html?_=1675652768832&CODE_STATE=getMsg HTTP/1.1" 200 27
180.169.147.146 - - [06/Feb/2023:11:05:50 +0800] "GET /xingrg/check_reg.html?_=1675652771448 HTTP/1.1" 200 22
180.169.147.146 - - [06/Feb/2023:11:05:50 +0800] "GET /xingrg/all/function/internal_message.html?_=1675652771449&CODE_STATE=getMsg HTTP/1.1" 200 27
124.78.154.177 - - [06/Feb/2023:11:05:52 +0800] "GET /xingrg/kc/base/wldb_order_operate.html?command=get_materiel&rest_code=00106&base_code=0010396&code=00101019129 HTTP/1.1" 200 470
58.221.95.50 - - [06/Feb/2023:11:05:55 +0800] "GET /xingrg/all/function/internal_message.html?_=1675652777220&CODE_STATE=getMsg HTTP/1.1" 200 27
116.230.105.139 - - [06/Feb/2023:11:05:57 +0800] "GET /xingrg/all/function/internal_message.html?_=1675652778518&CODE_STATE=getMsg HTTP/1.1" 200 27
116.230.105.139 - - [06/Feb/2023:11:05:57 +0800] "GET /xingrg/check_reg.html?_=1675652778519 HTTP/1.1" 200 22
114.83.217.30 - - [06/Feb/2023:11:05:58 +0800] "POST /xingrg/dwr/call/plaincall/AjaxQqpsService.getMaterielByCode.dwr HTTP/1.1" 200 2776
124.79.72.155 - - [06/Feb/2023:11:05:59 +0800] "GET /xingrg/all/function/internal_message.html?_=1675652780546&CODE_STATE=getMsg HTTP/1.1" 200 27
124.79.72.155 - - [06/Feb/2023:11:05:59 +0800] "GET /xingrg/check_reg.html?_=1675652780547 HTTP/1.1" 200 22
124.78.154.177 - - [06/Feb/2023:11:05:59 +0800] "GET /xingrg/all/function/internal_message.html?_=1675652780990&CODE_STATE=getMsg HTTP/1.1" 200 27
114.83.217.30 - - [06/Feb/2023:11:06:01 +0800] "POST /xingrg/dwr/call/plaincall/AjaxQqpsService.saveMaterielItem.dwr HTTP/1.1" 200 78
116.238.139.35 - - [06/Feb/2023:11:06:01 +0800] "GET /xingrg/all/function/internal_message.html?_=1675652783788&CODE_STATE=getMsg HTTP/1.1" 200 27
116.238.139.35 - - [06/Feb/2023:11:06:02 +0800] "GET /xingrg/all/function/internal_message.html?_=1675652710760&CODE_STATE=getMsg HTTP/1.1" 200 27
114.83.217.30 - - [06/Feb/2023:11:06:05 +0800] "POST /xingrg/dwr/call/plaincall/AjaxQqpsService.getMaterielByCode.dwr HTTP/1.1" 200 2801
114.88.159.190 - - [06/Feb/2023:11:06:05 +0800] "GET /xingrg/all/function/internal_message.html?_=1675652356015&CODE_STATE=getMsg HTTP/1.1" 200 27
114.83.217.30 - - [06/Feb/2023:11:06:06 +0800] "POST /xingrg/dwr/call/plaincall/AjaxQqpsService.saveMaterielItem.dwr HTTP/1.1" 200 78
222.70.181.49 - - [06/Feb/2023:11:06:08 +0800] "GET /xingrg/all/function/internal_message.html?_=1675652789355&CODE_STATE=getMsg HTTP/1.1" 200 27
114.83.217.30 - - [06/Feb/2023:11:06:09 +0800] "POST /xingrg/dwr/call/plaincall/AjaxQqpsService.getMaterielByCode.dwr HTTP/1.1" 200 2832
120.253.135.82 - - [06/Feb/2023:11:06:10 +0800] "GET /xingrg/all/function/internal_message.html?_=1675652606833&CODE_STATE=getMsg HTTP/1.1" 200 27
114.83.217.30 - - [06/Feb/2023:11:06:11 +0800] "POST /xingrg/dwr/call/plaincall/AjaxQqpsService.saveMaterielItem.dwr HTTP/1.1" 200 78
124.79.72.155 - - [06/Feb/2023:11:06:11 +0800] "GET /xingrg/kc/base/base_main.html HTTP/1.1" 200 12142
124.79.72.155 - - [06/Feb/2023:11:06:14 +0800] "GET /xingrg/kc/base/wldb_order_list.html HTTP/1.1" 200 19145
114.83.217.30 - - [06/Feb/2023:11:06:15 +0800] "POST /xingrg/dwr/call/plaincall/AjaxQqpsService.getMaterielByCode.dwr HTTP/1.1" 200 2756
124.79.72.155 - - [06/Feb/2023:11:06:16 +0800] "POST /xingrg/kc/base/wldb_list_operate.html HTTP/1.1" 200 2176
114.83.217.30 - - [06/Feb/2023:11:06:17 +0800] "POST /xingrg/dwr/call/plaincall/AjaxQqpsService.saveMaterielItem.dwr HTTP/1.1" 200 79
124.78.154.177 - - [06/Feb/2023:11:06:19 +0800] "POST /xingrg/kc/base/wldb_order_operate.html HTTP/1.1" 200 37
124.78.154.177 - - [06/Feb/2023:11:06:20 +0800] "POST /xingrg/kc/base/wldb_order_operate.html HTTP/1.1" 200 3729
124.78.154.177 - - [06/Feb/2023:11:06:21 +0800] "GET /xingrg/kc/base/wldb_order_info.html?code=422023020600351 HTTP/1.1" 200 30441
124.78.154.177 - - [06/Feb/2023:11:06:21 +0800] "GET /xingrg/javascript/easyui/themes/default/validatebox.css HTTP/1.1" 404 1104
124.78.154.177 - - [06/Feb/2023:11:06:21 +0800] "POST /xingrg/kc/base/wldb_order_operate.html HTTP/1.1" 200 3729
180.169.147.146 - - [06/Feb/2023:11:06:22 +0800] "GET /xingrg/all/function/internal_message.html?_=1675652801981&CODE_STATE=getMsg HTTP/1.1" 200 27
114.83.217.30 - - [06/Feb/2023:11:06:22 +0800] "POST /xingrg/dwr/call/plaincall/AjaxQqpsService.getMaterielByCode.dwr HTTP/1.1" 200 2757
101.80.229.13 - - [06/Feb/2023:11:06:23 +0800] "POST /xingrg/services/DataTransmitService HTTP/1.1" 200 524
124.79.72.155 - - [06/Feb/2023:11:06:23 +0800] "GET /xingrg/kc/base/wldb_order_add.html HTTP/1.1" 200 30424
124.79.72.155 - - [06/Feb/2023:11:06:23 +0800] "GET /xingrg/javascript/easyui/themes/default/validatebox.css HTTP/1.1" 404 1104
124.79.72.155 - - [06/Feb/2023:11:06:23 +0800] "POST /xingrg/kc/base/wldb_order_operate.html HTTP/1.1" 200 6806
124.79.72.155 - - [06/Feb/2023:11:06:23 +0800] "GET /xingrg/all/common/auto_word.html?type=base&rest_code=00156 HTTP/1.1" 200 1903
124.79.72.155 - - [06/Feb/2023:11:06:24 +0800] "GET /xingrg/all/common/auto_word.html?type=base&rest_code=00156 HTTP/1.1" 200 1903
114.83.217.30 - - [06/Feb/2023:11:06:24 +0800] "POST /xingrg/dwr/call/plaincall/AjaxQqpsService.saveMaterielItem.dwr HTTP/1.1" 200 79
101.80.229.13 - - [06/Feb/2023:11:06:24 +0800] "POST /xingrg/services/DataTransmitService HTTP/1.1" 200 2147
116.238.139.35 - - [06/Feb/2023:11:06:24 +0800] "GET /xingrg/check_reg.html?_=1675652733234 HTTP/1.1" 200 22
218.81.216.21 - - [06/Feb/2023:11:06:26 +0800] "GET /xingrg/all/function/internal_message.html?_=1675652808930&CODE_STATE=getMsg HTTP/1.1" 200 27
114.83.217.30 - - [06/Feb/2023:11:06:27 +0800] "POST /xingrg/dwr/call/plaincall/AjaxQqpsService.getMaterielByCode.dwr HTTP/1.1" 200 2756
114.83.217.30 - - [06/Feb/2023:11:06:29 +0800] "POST /xingrg/dwr/call/plaincall/AjaxQqpsService.saveMaterielItem.dwr HTTP/1.1" 200 79
124.78.154.177 - - [06/Feb/2023:11:06:29 +0800] "GET /xingrg/kc/base/wldb_order_add.html HTTP/1.1" 200 30426
124.78.154.177 - - [06/Feb/2023:11:06:29 +0800] "POST /xingrg/kc/base/wldb_order_operate.html HTTP/1.1" 200 6806
124.78.154.177 - - [06/Feb/2023:11:06:29 +0800] "GET /xingrg/javascript/easyui/themes/default/validatebox.css HTTP/1.1" 404 1104
124.78.154.177 - - [06/Feb/2023:11:06:30 +0800] "POST /xingrg/all/common/load_combo.html?type=base HTTP/1.1" 200 3227
124.78.154.177 - - [06/Feb/2023:11:06:33 +0800] "POST /xingrg/all/common/load_combo.html?type=base HTTP/1.1" 200 3227
114.83.217.30 - - [06/Feb/2023:11:06:33 +0800] "POST /xingrg/dwr/call/plaincall/AjaxQqpsService.getMaterielByCode.dwr HTTP/1.1" 200 2745
114.83.217.30 - - [06/Feb/2023:11:06:35 +0800] "POST /xingrg/dwr/call/plaincall/AjaxQqpsService.saveMaterielItem.dwr HTTP/1.1" 200 79
114.83.217.30 - - [06/Feb/2023:11:06:39 +0800] "POST /xingrg/dwr/call/plaincall/AjaxQqpsService.checkOrder.dwr HTTP/1.1" 200 79
114.83.222.182 - - [06/Feb/2023:11:06:39 +0800] "GET /xingrg/all/function/internal_message.html?_=1675652924283&CODE_STATE=getMsg HTTP/1.1" 200 27
124.78.154.177 - - [06/Feb/2023:11:06:40 +0800] "GET /xingrg/kc/base/wldb_order_operate.html?command=get_materiel&rest_code=00106&base_code=0010396&code=00101019133 HTTP/1.1" 200 480
114.83.217.30 - - [06/Feb/2023:11:06:40 +0800] "GET /xingrg/kc/mdqp/qqps_order_info.html?code=302023020600098 HTTP/1.1" 200 26801
114.83.217.30 - - [06/Feb/2023:11:06:40 +0800] "GET /xingrg/dwr/interface/AjaxComOrderService.js HTTP/1.1" 200 18264
114.83.217.30 - - [06/Feb/2023:11:06:40 +0800] "GET /xingrg/dwr/interface/AjaxQqpsService.js HTTP/1.1" 200 16326
114.83.217.30 - - [06/Feb/2023:11:06:40 +0800] "GET /xingrg/dwr/engine.js HTTP/1.1" 200 43631
180.169.147.146 - - [06/Feb/2023:11:06:40 +0800] "GET /xingrg/all/function/internal_message.html?_=1675652824184&CODE_STATE=getMsg HTTP/1.1" 200 27
180.169.147.146 - - [06/Feb/2023:11:06:40 +0800] "GET /xingrg/check_reg.html?_=1675652824185 HTTP/1.1" 200 22
114.83.217.30 - - [06/Feb/2023:11:06:40 +0800] "POST /xingrg/dwr/call/plaincall/AjaxQqpsService.loadMaterielItems.dwr HTTP/1.1" 200 2327
101.83.145.75 - - [06/Feb/2023:11:06:47 +0800] "GET /xingrg/all/function/internal_message.html?_=1675652828812&CODE_STATE=getMsg HTTP/1.1" 200 27
124.78.154.177 - - [06/Feb/2023:11:06:48 +0800] "GET /xingrg/kc/base/wldb_order_operate.html?command=get_materiel&rest_code=00106&base_code=0010396&code=00101019448 HTTP/1.1" 200 483
180.169.147.146 - - [06/Feb/2023:11:06:50 +0800] "GET /xingrg/all/function/internal_message.html?_=1675652831447&CODE_STATE=getMsg HTTP/1.1" 200 27
124.79.72.155 - - [06/Feb/2023:11:06:53 +0800] "GET /xingrg/kc/base/wldb_order_operate.html?command=get_materiel&rest_code=00156&base_code=0010781&code=00101013162 HTTP/1.1" 200 433
114.83.217.30 - - [06/Feb/2023:11:06:55 +0800] "GET /xingrg/dwr/interface/AjaxComOrderService.js HTTP/1.1" 200 18264
114.83.217.30 - - [06/Feb/2023:11:06:55 +0800] "GET /xingrg/dwr/interface/AjaxQqpsService.js HTTP/1.1" 200 16326
114.83.217.30 - - [06/Feb/2023:11:06:55 +0800] "GET /xingrg/dwr/engine.js HTTP/1.1" 200 43631
114.83.217.30 - - [06/Feb/2023:11:06:55 +0800] "GET /xingrg/kc/mdqp/qqps_order_add.html HTTP/1.1" 200 28398
58.221.95.50 - - [06/Feb/2023:11:06:55 +0800] "GET /xingrg/all/function/internal_message.html?_=1675652837199&CODE_STATE=getMsg HTTP/1.1" 200 27
124.78.154.177 - - [06/Feb/2023:11:06:57 +0800] "GET /xingrg/kc/base/wldb_order_operate.html?command=get_materiel&rest_code=00106&base_code=0010396&code=00101019492 HTTP/1.1" 200 457
116.230.105.139 - - [06/Feb/2023:11:06:57 +0800] "GET /xingrg/all/function/internal_message.html?_=1675652838526&CODE_STATE=getMsg HTTP/1.1" 200 27
124.79.72.155 - - [06/Feb/2023:11:06:59 +0800] "GET /xingrg/all/function/internal_message.html?_=1675652840548&CODE_STATE=getMsg HTTP/1.1" 200 27
124.78.154.177 - - [06/Feb/2023:11:06:59 +0800] "GET /xingrg/all/function/internal_message.html?_=1675652840968&CODE_STATE=getMsg HTTP/1.1" 200 27
116.238.139.35 - - [06/Feb/2023:11:07:01 +0800] "GET /xingrg/all/function/internal_message.html?_=1675652843763&CODE_STATE=getMsg HTTP/1.1" 200 27
116.238.139.35 - - [06/Feb/2023:11:07:02 +0800] "GET /xingrg/all/function/internal_message.html?_=1675652770768&CODE_STATE=getMsg HTTP/1.1" 200 27
114.83.217.30 - - [06/Feb/2023:11:07:03 +0800] "POST /xingrg/dwr/call/plaincall/AjaxQqpsService.saveOrder.dwr HTTP/1.1" 200 78
114.88.159.190 - - [06/Feb/2023:11:07:05 +0800] "GET /xingrg/all/function/internal_message.html?_=1675652415987&CODE_STATE=getMsg HTTP/1.1" 200 27
114.83.217.30 - - [06/Feb/2023:11:07:06 +0800] "POST /xingrg/dwr/call/plaincall/AjaxQqpsService.getMaterielByCode.dwr HTTP/1.1" 200 2744
114.88.159.190 - - [06/Feb/2023:11:07:07 +0800] "GET /xingrg/check_reg.html?_=1675652417448 HTTP/1.1" 200 22
114.83.217.30 - - [06/Feb/2023:11:07:07 +0800] "POST /xingrg/dwr/call/plaincall/AjaxQqpsService.saveMaterielItem.dwr HTTP/1.1" 200 78
222.70.181.49 - - [06/Feb/2023:11:07:08 +0800] "GET /xingrg/all/function/internal_message.html?_=1675652849325&CODE_STATE=getMsg HTTP/1.1" 200 27
120.253.135.82 - - [06/Feb/2023:11:07:10 +0800] "GET /xingrg/all/function/internal_message.html?_=1675652666846&CODE_STATE=getMsg HTTP/1.1" 200 27
114.83.217.30 - - [06/Feb/2023:11:07:11 +0800] "POST /xingrg/dwr/call/plaincall/AjaxQqpsService.getMaterielByCode.dwr HTTP/1.1" 200 2744
114.83.217.30 - - [06/Feb/2023:11:07:12 +0800] "POST /xingrg/dwr/call/plaincall/AjaxQqpsService.saveMaterielItem.dwr HTTP/1.1" 200 78
124.79.72.155 - - [06/Feb/2023:11:07:13 +0800] "POST /xingrg/kc/base/wldb_order_operate.html HTTP/1.1" 200 37
114.83.217.30 - - [06/Feb/2023:11:07:15 +0800] "POST /xingrg/dwr/call/plaincall/AjaxQqpsService.getMaterielByCode.dwr HTTP/1.1" 200 2827
124.79.72.155 - - [06/Feb/2023:11:07:15 +0800] "GET /xingrg/kc/base/wldb_order_info.html?code=422023020600352 HTTP/1.1" 200 30438
124.79.72.155 - - [06/Feb/2023:11:07:15 +0800] "GET /xingrg/javascript/easyui/themes/default/validatebox.css HTTP/1.1" 404 1104
124.79.72.155 - - [06/Feb/2023:11:07:15 +0800] "GET /xingrg/all/common/auto_word.html?type=base&rest_code=00156 HTTP/1.1" 200 1903
124.79.72.155 - - [06/Feb/2023:11:07:15 +0800] "GET /xingrg/all/common/auto_word.html?type=base&rest_code=00156 HTTP/1.1" 200 1903
124.78.154.177 - - [06/Feb/2023:11:07:15 +0800] "GET /xingrg/kc/base/wldb_order_operate.html?command=get_materiel&rest_code=00106&base_code=0010396&code=00101013003 HTTP/1.1" 200 430
124.79.72.155 - - [06/Feb/2023:11:07:16 +0800] "POST /xingrg/kc/base/wldb_order_operate.html HTTP/1.1" 200 2182
124.79.72.155 - - [06/Feb/2023:11:07:17 +0800] "POST /xingrg/kc/base/wldb_order_operate.html HTTP/1.1" 200 2182
114.83.217.30 - - [06/Feb/2023:11:07:18 +0800] "POST /xingrg/dwr/call/plaincall/AjaxQqpsService.saveMaterielItem.dwr HTTP/1.1" 200 78
114.83.217.30 - - [06/Feb/2023:11:07:21 +0800] "POST /xingrg/dwr/call/plaincall/AjaxQqpsService.getMaterielByCode.dwr HTTP/1.1" 200 2803
180.169.147.146 - - [06/Feb/2023:11:07:22 +0800] "GET /xingrg/all/function/internal_message.html?_=1675652861975&CODE_STATE=getMsg HTTP/1.1" 200 27
124.78.154.177 - - [06/Feb/2023:11:07:22 +0800] "POST /xingrg/kc/base/wldb_order_operate.html HTTP/1.1" 200 37
124.79.72.155 - - [06/Feb/2023:11:07:23 +0800] "GET /xingrg/kc/base/wldb_order_add.html HTTP/1.1" 200 30424
124.79.72.155 - - [06/Feb/2023:11:07:23 +0800] "POST /xingrg/kc/base/wldb_order_operate.html HTTP/1.1" 200 6806
124.79.72.155 - - [06/Feb/2023:11:07:23 +0800] "GET /xingrg/all/common/auto_word.html?type=base&rest_code=00156 HTTP/1.1" 200 1903
124.79.72.155 - - [06/Feb/2023:11:07:23 +0800] "GET /xingrg/javascript/easyui/themes/default/validatebox.css HTTP/1.1" 404 1104
124.79.72.155 - - [06/Feb/2023:11:07:23 +0800] "GET /xingrg/all/common/auto_word.html?type=base&rest_code=00156 HTTP/1.1" 200 1903
124.78.154.177 - - [06/Feb/2023:11:07:24 +0800] "GET /xingrg/kc/base/wldb_order_info.html?code=422023020600353 HTTP/1.1" 200 30440
114.83.217.30 - - [06/Feb/2023:11:07:24 +0800] "POST /xingrg/dwr/call/plaincall/AjaxQqpsService.saveMaterielItem.dwr HTTP/1.1" 200 78
124.78.154.177 - - [06/Feb/2023:11:07:24 +0800] "POST /xingrg/kc/base/wldb_order_operate.html HTTP/1.1" 200 4208
124.78.154.177 - - [06/Feb/2023:11:07:24 +0800] "GET /xingrg/javascript/easyui/themes/default/validatebox.css HTTP/1.1" 404 1104
124.78.154.177 - - [06/Feb/2023:11:07:25 +0800] "POST /xingrg/kc/base/wldb_order_operate.html HTTP/1.1" 200 4208
218.81.216.21 - - [06/Feb/2023:11:07:26 +0800] "GET /xingrg/all/function/internal_message.html?_=1675652868944&CODE_STATE=getMsg HTTP/1.1" 200 27
114.83.217.30 - - [06/Feb/2023:11:07:27 +0800] "POST /xingrg/dwr/call/plaincall/AjaxQqpsService.getMaterielByCode.dwr HTTP/1.1" 200 2824
114.83.217.30 - - [06/Feb/2023:11:07:28 +0800] "POST /xingrg/dwr/call/plaincall/AjaxQqpsService.saveMaterielItem.dwr HTTP/1.1" 200 79
114.83.217.30 - - [06/Feb/2023:11:07:31 +0800] "POST /xingrg/dwr/call/plaincall/AjaxQqpsService.getMaterielByCode.dwr HTTP/1.1" 200 2811
114.83.217.30 - - [06/Feb/2023:11:07:36 +0800] "POST /xingrg/dwr/call/plaincall/AjaxQqpsService.saveMaterielItem.dwr HTTP/1.1" 200 79
114.83.217.30 - - [06/Feb/2023:11:07:38 +0800] "GET /xingrg/all/function/internal_message.html?_=1675652879505&CODE_STATE=getMsg HTTP/1.1" 200 27
114.83.222.182 - - [06/Feb/2023:11:07:39 +0800] "GET /xingrg/all/function/internal_message.html?_=1675652984278&CODE_STATE=getMsg HTTP/1.1" 200 27
180.169.147.146 - - [06/Feb/2023:11:07:40 +0800] "GET /xingrg/all/function/internal_message.html?_=1675652884179&CODE_STATE=getMsg HTTP/1.1" 200 27
114.83.217.30 - - [06/Feb/2023:11:07:45 +0800] "POST /xingrg/dwr/call/plaincall/AjaxQqpsService.getMaterielByCode.dwr HTTP/1.1" 200 2824
101.83.145.75 - - [06/Feb/2023:11:07:47 +0800] "GET /xingrg/all/function/internal_message.html?_=1675652888809&CODE_STATE=getMsg HTTP/1.1" 200 27
114.83.217.30 - - [06/Feb/2023:11:07:47 +0800] "POST /xingrg/dwr/call/plaincall/AjaxQqpsService.saveMaterielItem.dwr HTTP/1.1" 200 79
180.169.147.146 - - [06/Feb/2023:11:07:50 +0800] "GET /xingrg/all/function/internal_message.html?_=1675652891448&CODE_STATE=getMsg HTTP/1.1" 200 27
114.83.217.30 - - [06/Feb/2023:11:07:51 +0800] "POST /xingrg/dwr/call/plaincall/AjaxQqpsService.getMaterielByCode.dwr HTTP/1.1" 200 2851
58.221.95.50 - - [06/Feb/2023:11:07:55 +0800] "GET /xingrg/all/function/internal_message.html?_=1675652897189&CODE_STATE=getMsg HTTP/1.1" 200 27
114.83.217.30 - - [06/Feb/2023:11:07:56 +0800] "POST /xingrg/dwr/call/plaincall/AjaxQqpsService.saveMaterielItem.dwr HTTP/1.1" 200 79
116.230.105.139 - - [06/Feb/2023:11:07:57 +0800] "GET /xingrg/all/function/internal_message.html?_=1675652898520&CODE_STATE=getMsg HTTP/1.1" 200 27
124.79.72.155 - - [06/Feb/2023:11:07:58 +0800] "GET /xingrg/kc/base/wldb_order_operate.html?command=get_materiel&rest_code=00156&base_code=0010780&code=00102002097 HTTP/1.1" 200 435
124.79.72.155 - - [06/Feb/2023:11:07:59 +0800] "GET /xingrg/all/function/internal_message.html?_=1675652900550&CODE_STATE=getMsg HTTP/1.1" 200 27
124.78.154.177 - - [06/Feb/2023:11:07:59 +0800] "GET /xingrg/all/function/internal_message.html?_=1675652900946&CODE_STATE=getMsg HTTP/1.1" 200 27
116.238.139.35 - - [06/Feb/2023:11:08:01 +0800] "GET /xingrg/all/function/internal_message.html?_=1675652903748&CODE_STATE=getMsg HTTP/1.1" 200 27
116.238.139.35 - - [06/Feb/2023:11:08:02 +0800] "GET /xingrg/check_reg.html?_=1675652903908 HTTP/1.1" 200 22
116.238.139.35 - - [06/Feb/2023:11:08:02 +0800] "GET /xingrg/all/function/internal_message.html?_=1675652830782&CODE_STATE=getMsg HTTP/1.1" 200 27
114.88.159.190 - - [06/Feb/2023:11:08:05 +0800] "GET /xingrg/all/function/internal_message.html?_=1675652475958&CODE_STATE=getMsg HTTP/1.1" 200 27
58.221.95.50 - - [06/Feb/2023:11:08:07 +0800] "GET /xingrg/check_reg.html?_=1675652909359 HTTP/1.1" 200 22
222.70.181.49 - - [06/Feb/2023:11:08:08 +0800] "GET /xingrg/all/function/internal_message.html?_=1675652909296&CODE_STATE=getMsg HTTP/1.1" 200 27
120.253.135.82 - - [06/Feb/2023:11:08:10 +0800] "GET /xingrg/all/function/internal_message.html?_=1675652726885&CODE_STATE=getMsg HTTP/1.1" 200 27
180.169.147.146 - - [06/Feb/2023:11:08:22 +0800] "GET /xingrg/all/function/internal_message.html?_=1675652921986&CODE_STATE=getMsg HTTP/1.1" 200 27
180.169.147.146 - - [06/Feb/2023:11:08:22 +0800] "GET /xingrg/check_reg.html?_=1675652921987 HTTP/1.1" 200 22
124.79.72.155 - - [06/Feb/2023:11:08:22 +0800] "GET /xingrg/kc/base/wldb_order_operate.html?command=get_materiel&rest_code=00156&base_code=0010780&code=00102002448 HTTP/1.1" 200 440
218.81.216.21 - - [06/Feb/2023:11:08:26 +0800] "GET /xingrg/all/function/internal_message.html?_=1675652929181&CODE_STATE=getMsg HTTP/1.1" 200 27
114.83.217.30 - - [06/Feb/2023:11:08:38 +0800] "GET /xingrg/all/function/internal_message.html?_=1675652939466&CODE_STATE=getMsg HTTP/1.1" 200 27
114.83.222.182 - - [06/Feb/2023:11:08:39 +0800] "GET /xingrg/all/function/internal_message.html?_=1675653044274&CODE_STATE=getMsg HTTP/1.1" 200 27
114.83.222.182 - - [06/Feb/2023:11:08:40 +0800] "GET /xingrg/check_reg.html?_=1675653045243 HTTP/1.1" 200 22
180.169.147.146 - - [06/Feb/2023:11:08:40 +0800] "GET /xingrg/all/function/internal_message.html?_=1675652944188&CODE_STATE=getMsg HTTP/1.1" 200 27
124.78.154.177 - - [06/Feb/2023:11:08:43 +0800] "GET /xingrg/kc/base/wldb_order_add.html HTTP/1.1" 200 30426
124.78.154.177 - - [06/Feb/2023:11:08:43 +0800] "POST /xingrg/kc/base/wldb_order_operate.html HTTP/1.1" 200 6806
124.78.154.177 - - [06/Feb/2023:11:08:43 +0800] "GET /xingrg/javascript/easyui/themes/default/validatebox.css HTTP/1.1" 404 1104
124.78.154.177 - - [06/Feb/2023:11:08:44 +0800] "POST /xingrg/all/common/load_combo.html?type=base HTTP/1.1" 200 3227
101.83.145.75 - - [06/Feb/2023:11:08:47 +0800] "GET /xingrg/all/function/internal_message.html?_=1675652948813&CODE_STATE=getMsg HTTP/1.1" 200 27
124.78.154.177 - - [06/Feb/2023:11:08:49 +0800] "POST /xingrg/all/common/load_combo.html?type=base HTTP/1.1" 200 3227
124.79.72.155 - - [06/Feb/2023:11:08:50 +0800] "GET /xingrg/kc/base/wldb_order_operate.html?command=get_materiel&rest_code=00156&base_code=0010780&code=00102004005 HTTP/1.1" 200 431
180.169.147.146 - - [06/Feb/2023:11:08:50 +0800] "GET /xingrg/all/function/internal_message.html?_=1675652951448&CODE_STATE=getMsg HTTP/1.1" 200 27
58.221.95.50 - - [06/Feb/2023:11:08:55 +0800] "GET /xingrg/all/function/internal_message.html?_=1675652957175&CODE_STATE=getMsg HTTP/1.1" 200 27
124.78.154.177 - - [06/Feb/2023:11:08:55 +0800] "GET /xingrg/kc/base/wldb_order_operate.html?command=get_materiel&rest_code=00106&base_code=0010397&code=00102002189 HTTP/1.1" 200 433
116.230.105.139 - - [06/Feb/2023:11:08:57 +0800] "GET /xingrg/all/function/internal_message.html?_=1675652958517&CODE_STATE=getMsg HTTP/1.1" 200 27
124.79.72.155 - - [06/Feb/2023:11:08:59 +0800] "GET /xingrg/all/function/internal_message.html?_=1675652960552&CODE_STATE=getMsg HTTP/1.1" 200 27
124.78.154.177 - - [06/Feb/2023:11:08:59 +0800] "GET /xingrg/all/function/internal_message.html?_=1675652960923&CODE_STATE=getMsg HTTP/1.1" 200 27
124.79.72.155 - - [06/Feb/2023:11:09:00 +0800] "GET /xingrg/kc/base/wldb_order_operate.html?command=get_materiel&rest_code=00156&base_code=0010780&code=00102004006 HTTP/1.1" 200 442
124.78.154.177 - - [06/Feb/2023:11:09:01 +0800] "GET /xingrg/kc/base/wldb_order_operate.html?command=get_materiel&rest_code=00106&base_code=0010397&code=00102002551 HTTP/1.1" 200 439
116.238.139.35 - - [06/Feb/2023:11:09:01 +0800] "GET /xingrg/all/function/internal_message.html?_=1675652963724&CODE_STATE=getMsg HTTP/1.1" 200 27
116.238.139.35 - - [06/Feb/2023:11:09:02 +0800] "GET /xingrg/all/function/internal_message.html?_=1675652890814&CODE_STATE=getMsg HTTP/1.1" 200 27
114.88.159.190 - - [06/Feb/2023:11:09:05 +0800] "GET /xingrg/all/function/internal_message.html?_=1675652535935&CODE_STATE=getMsg HTTP/1.1" 200 27
124.78.154.177 - - [06/Feb/2023:11:09:07 +0800] "GET /xingrg/kc/base/wldb_order_operate.html?command=get_materiel&rest_code=00106&base_code=0010397&code=00102002992 HTTP/1.1" 200 436
222.70.181.49 - - [06/Feb/2023:11:09:08 +0800] "GET /xingrg/all/function/internal_message.html?_=1675652969266&CODE_STATE=getMsg HTTP/1.1" 200 27
120.253.135.82 - - [06/Feb/2023:11:09:10 +0800] "GET /xingrg/all/function/internal_message.html?_=1675652786907&CODE_STATE=getMsg HTTP/1.1" 200 27
124.78.154.177 - - [06/Feb/2023:11:09:19 +0800] "POST /xingrg/kc/base/wldb_order_operate.html HTTP/1.1" 200 37
124.78.154.177 - - [06/Feb/2023:11:09:19 +0800] "POST /xingrg/kc/base/wldb_order_operate.html HTTP/1.1" 200 2653
124.79.72.155 - - [06/Feb/2023:11:09:19 +0800] "GET /xingrg/kc/base/wldb_order_operate.html?command=get_materiel&rest_code=00156&base_code=0010780&code=00102004026 HTTP/1.1" 200 442
124.78.154.177 - - [06/Feb/2023:11:09:20 +0800] "GET /xingrg/kc/base/wldb_order_info.html?code=422023020600354 HTTP/1.1" 200 30439
124.78.154.177 - - [06/Feb/2023:11:09:21 +0800] "GET /xingrg/javascript/easyui/themes/default/validatebox.css HTTP/1.1" 404 1104
124.78.154.177 - - [06/Feb/2023:11:09:21 +0800] "POST /xingrg/kc/base/wldb_order_operate.html HTTP/1.1" 200 2653
180.169.147.146 - - [06/Feb/2023:11:09:22 +0800] "GET /xingrg/all/function/internal_message.html?_=1675652981987&CODE_STATE=getMsg HTTP/1.1" 200 27
218.81.216.21 - - [06/Feb/2023:11:09:26 +0800] "GET /xingrg/all/function/internal_message.html?_=1675652989190&CODE_STATE=getMsg HTTP/1.1" 200 27
124.78.154.177 - - [06/Feb/2023:11:09:32 +0800] "GET /xingrg/kc/base/wldb_order_add.html HTTP/1.1" 200 30426
124.78.154.177 - - [06/Feb/2023:11:09:32 +0800] "POST /xingrg/kc/base/wldb_order_operate.html HTTP/1.1" 200 6806
124.78.154.177 - - [06/Feb/2023:11:09:32 +0800] "GET /xingrg/javascript/easyui/themes/default/validatebox.css HTTP/1.1" 404 1104
124.78.154.177 - - [06/Feb/2023:11:09:34 +0800] "POST /xingrg/all/common/load_combo.html?type=base HTTP/1.1" 200 3227
114.83.217.30 - - [06/Feb/2023:11:09:35 +0800] "GET /xingrg/check_reg.html?_=1675652996231 HTTP/1.1" 200 22
101.83.145.75 - - [06/Feb/2023:11:09:38 +0800] "POST /xingrg/kc/buy/cgsh_order_operate.html HTTP/1.1" 200 37
114.83.222.182 - - [06/Feb/2023:11:09:39 +0800] "GET /xingrg/all/function/internal_message.html?_=1675653104247&CODE_STATE=getMsg HTTP/1.1" 200 27
124.79.72.155 - - [06/Feb/2023:11:09:39 +0800] "GET /xingrg/kc/base/wldb_order_operate.html?command=get_materiel&rest_code=00156&base_code=0010780&code=00102002006 HTTP/1.1" 200 468
114.83.217.30 - - [06/Feb/2023:11:09:39 +0800] "GET /xingrg/all/function/internal_message.html?_=1675653000291&CODE_STATE=getMsg HTTP/1.1" 200 27
124.78.154.177 - - [06/Feb/2023:11:09:40 +0800] "POST /xingrg/all/common/load_combo.html?type=base HTTP/1.1" 200 3227
101.83.145.75 - - [06/Feb/2023:11:09:40 +0800] "POST /xingrg/kc/buy/cgsh_order_operate.html HTTP/1.1" 200 3253
180.169.147.146 - - [06/Feb/2023:11:09:40 +0800] "GET /xingrg/all/function/internal_message.html?_=1675653004178&CODE_STATE=getMsg HTTP/1.1" 200 27
114.83.217.30 - - [06/Feb/2023:11:09:40 +0800] "POST /xingrg/dwr/call/plaincall/AjaxQqpsService.getMaterielByCode.dwr HTTP/1.1" 200 2837
101.83.145.75 - - [06/Feb/2023:11:09:41 +0800] "GET /xingrg/kc/print/load_data.html?order_code=212023020601564&kc_code=cgsh&condition= HTTP/1.1" 200 889
114.83.217.30 - - [06/Feb/2023:11:09:41 +0800] "POST /xingrg/dwr/call/plaincall/AjaxQqpsService.saveMaterielItem.dwr HTTP/1.1" 200 79
114.83.217.30 - - [06/Feb/2023:11:09:44 +0800] "POST /xingrg/dwr/call/plaincall/AjaxQqpsService.getMaterielByCode.dwr HTTP/1.1" 200 2836
101.83.145.75 - - [06/Feb/2023:11:09:45 +0800] "GET /xingrg/kc/buy/cgsh_order_add.html HTTP/1.1" 200 69786
101.83.145.75 - - [06/Feb/2023:11:09:45 +0800] "POST /xingrg/kc/buy/cgsh_order_operate.html HTTP/1.1" 200 8245
101.83.145.75 - - [06/Feb/2023:11:09:45 +0800] "GET /xingrg/javascript/easyui/themes/default/validatebox.css HTTP/1.1" 404 1104
114.83.217.30 - - [06/Feb/2023:11:09:45 +0800] "POST /xingrg/dwr/call/plaincall/AjaxQqpsService.saveMaterielItem.dwr HTTP/1.1" 200 79
101.83.145.75 - - [06/Feb/2023:11:09:47 +0800] "GET /xingrg/all/function/internal_message.html?_=1675653008820&CODE_STATE=getMsg HTTP/1.1" 200 27
114.83.217.30 - - [06/Feb/2023:11:09:47 +0800] "POST /xingrg/dwr/call/plaincall/AjaxQqpsService.getMaterielByCode.dwr HTTP/1.1" 200 2818
124.78.154.177 - - [06/Feb/2023:11:09:48 +0800] "GET /xingrg/kc/base/wldb_order_operate.html?command=get_materiel&rest_code=00106&base_code=0010397&code=00102004006 HTTP/1.1" 200 442
180.169.147.146 - - [06/Feb/2023:11:09:50 +0800] "GET /xingrg/all/function/internal_message.html?_=1675653011449&CODE_STATE=getMsg HTTP/1.1" 200 27
124.79.72.155 - - [06/Feb/2023:11:09:53 +0800] "POST /xingrg/kc/base/wldb_order_operate.html HTTP/1.1" 200 37
124.79.72.155 - - [06/Feb/2023:11:09:53 +0800] "POST /xingrg/kc/base/wldb_order_operate.html HTTP/1.1" 200 4122
114.83.217.30 - - [06/Feb/2023:11:09:53 +0800] "POST /xingrg/dwr/call/plaincall/AjaxQqpsService.saveMaterielItem.dwr HTTP/1.1" 200 79
124.79.72.155 - - [06/Feb/2023:11:09:54 +0800] "GET /xingrg/kc/base/wldb_order_info.html?code=422023020600355 HTTP/1.1" 200 30439
124.79.72.155 - - [06/Feb/2023:11:09:54 +0800] "GET /xingrg/all/common/auto_word.html?type=base&rest_code=00156 HTTP/1.1" 200 1903
124.79.72.155 - - [06/Feb/2023:11:09:54 +0800] "GET /xingrg/javascript/easyui/themes/default/validatebox.css HTTP/1.1" 404 1104
124.79.72.155 - - [06/Feb/2023:11:09:54 +0800] "GET /xingrg/all/common/auto_word.html?type=base&rest_code=00156 HTTP/1.1" 200 1903
124.78.154.177 - - [06/Feb/2023:11:09:55 +0800] "GET /xingrg/kc/base/wldb_order_operate.html?command=get_materiel&rest_code=00106&base_code=0010397&code=00102004030 HTTP/1.1" 200 442
124.79.72.155 - - [06/Feb/2023:11:09:55 +0800] "POST /xingrg/kc/base/wldb_order_operate.html HTTP/1.1" 200 4122
58.221.95.50 - - [06/Feb/2023:11:09:55 +0800] "GET /xingrg/all/function/internal_message.html?_=1675653017174&CODE_STATE=getMsg HTTP/1.1" 200 27
222.70.181.49 - - [06/Feb/2023:11:09:55 +0800] "GET /xingrg/check_reg.html?_=1675653017036 HTTP/1.1" 200 22
116.230.105.139 - - [06/Feb/2023:11:09:57 +0800] "GET /xingrg/all/function/internal_message.html?_=1675653018520&CODE_STATE=getMsg HTTP/1.1" 200 27
124.79.72.155 - - [06/Feb/2023:11:09:59 +0800] "GET /xingrg/all/function/internal_message.html?_=1675653020554&CODE_STATE=getMsg HTTP/1.1" 200 27
124.78.154.177 - - [06/Feb/2023:11:09:59 +0800] "GET /xingrg/all/function/internal_message.html?_=1675653020989&CODE_STATE=getMsg HTTP/1.1" 200 27
124.78.154.177 - - [06/Feb/2023:11:09:59 +0800] "GET /xingrg/check_reg.html?_=1675653021146 HTTP/1.1" 200 22
114.83.217.30 - - [06/Feb/2023:11:09:59 +0800] "POST /xingrg/dwr/call/plaincall/AjaxQqpsService.getMaterielByCode.dwr HTTP/1.1" 200 2824
114.83.217.30 - - [06/Feb/2023:11:10:00 +0800] "POST /xingrg/dwr/call/plaincall/AjaxQqpsService.saveMaterielItem.dwr HTTP/1.1" 200 79
124.78.154.177 - - [06/Feb/2023:11:10:00 +0800] "GET /xingrg/kc/base/wldb_order_operate.html?command=get_materiel&rest_code=00106&base_code=0010397&code=00102002204 HTTP/1.1" 200 447
116.238.139.35 - - [06/Feb/2023:11:10:01 +0800] "GET /xingrg/all/function/internal_message.html?_=1675653023714&CODE_STATE=getMsg HTTP/1.1" 200 27
116.238.139.35 - - [06/Feb/2023:11:10:02 +0800] "GET /xingrg/all/function/internal_message.html?_=1675652950825&CODE_STATE=getMsg HTTP/1.1" 200 27
101.83.145.75 - - [06/Feb/2023:11:10:03 +0800] "GET /xingrg/kc/buy/cgsh_order_operate.html?command=get_materiel&rest_code=00105&code=00101010567&supplier_code=00100326&order_time=2023-02-06 HTTP/1.1" 200 413
114.88.159.190 - - [06/Feb/2023:11:10:05 +0800] "GET /xingrg/all/function/internal_message.html?_=1675652595904&CODE_STATE=getMsg HTTP/1.1" 200 27
124.79.72.155 - - [06/Feb/2023:11:10:06 +0800] "POST /xingrg/kc/base/wldb_list_operate.html HTTP/1.1" 200 2968
116.230.105.139 - - [06/Feb/2023:11:10:06 +0800] "GET /xingrg/kc/buy/cgsh_order_operate.html?command=get_materiel&rest_code=00155&code=00101006133&supplier_code=00100037&order_time=2023-02-06 HTTP/1.1" 200 413
114.83.217.30 - - [06/Feb/2023:11:10:06 +0800] "POST /xingrg/dwr/call/plaincall/AjaxQqpsService.getMaterielByCode.dwr HTTP/1.1" 200 2811
114.83.217.30 - - [06/Feb/2023:11:10:08 +0800] "POST /xingrg/dwr/call/plaincall/AjaxQqpsService.saveMaterielItem.dwr HTTP/1.1" 200 79
222.70.181.49 - - [06/Feb/2023:11:10:08 +0800] "GET /xingrg/all/function/internal_message.html?_=1675653029239&CODE_STATE=getMsg HTTP/1.1" 200 27
120.253.135.82 - - [06/Feb/2023:11:10:10 +0800] "GET /xingrg/all/function/internal_message.html?_=1675652846955&CODE_STATE=getMsg HTTP/1.1" 200 27
101.83.145.75 - - [06/Feb/2023:11:10:12 +0800] "POST /xingrg/kc/buy/cgsh_order_operate.html HTTP/1.1" 200 37
114.83.217.30 - - [06/Feb/2023:11:10:13 +0800] "POST /xingrg/dwr/call/plaincall/AjaxQqpsService.getMaterielByCode.dwr HTTP/1.1" 200 2823
114.83.217.30 - - [06/Feb/2023:11:10:14 +0800] "POST /xingrg/dwr/call/plaincall/AjaxQqpsService.saveMaterielItem.dwr HTTP/1.1" 200 79
124.78.154.177 - - [06/Feb/2023:11:10:15 +0800] "GET /xingrg/kc/base/wldb_order_operate.html?command=get_materiel&rest_code=00106&base_code=0010397&code=00102002448 HTTP/1.1" 200 439
101.83.145.75 - - [06/Feb/2023:11:10:20 +0800] "POST /xingrg/kc/buy/cgsh_order_operate.html HTTP/1.1" 200 2658
180.169.147.146 - - [06/Feb/2023:11:10:22 +0800] "GET /xingrg/all/function/internal_message.html?_=1675653041977&CODE_STATE=getMsg HTTP/1.1" 200 27
101.83.145.75 - - [06/Feb/2023:11:10:22 +0800] "GET /xingrg/kc/print/load_data.html?order_code=212023020601565&kc_code=cgsh&condition= HTTP/1.1" 200 677
124.78.154.177 - - [06/Feb/2023:11:10:22 +0800] "POST /xingrg/kc/base/wldb_order_operate.html HTTP/1.1" 200 37
218.81.216.21 - - [06/Feb/2023:11:10:23 +0800] "GET /xingrg/check_reg.html?_=1675653046281 HTTP/1.1" 200 22
124.79.72.155 - - [06/Feb/2023:11:10:24 +0800] "POST /xingrg/kc/base/wldb_list_operate.html HTTP/1.1" 200 4
124.78.154.177 - - [06/Feb/2023:11:10:24 +0800] "POST /xingrg/kc/base/wldb_order_operate.html HTTP/1.1" 200 3635
124.78.154.177 - - [06/Feb/2023:11:10:24 +0800] "GET /xingrg/kc/base/wldb_order_info.html?code=422023020600356 HTTP/1.1" 200 30440
124.78.154.177 - - [06/Feb/2023:11:10:24 +0800] "GET /xingrg/javascript/easyui/themes/default/validatebox.css HTTP/1.1" 404 1104
101.83.145.75 - - [06/Feb/2023:11:10:24 +0800] "GET /xingrg/kc/buy/cgsh_order_add.html HTTP/1.1" 200 69786
124.78.154.177 - - [06/Feb/2023:11:10:25 +0800] "POST /xingrg/kc/base/wldb_order_operate.html HTTP/1.1" 200 3635
101.83.145.75 - - [06/Feb/2023:11:10:25 +0800] "GET /xingrg/javascript/easyui/themes/default/validatebox.css HTTP/1.1" 404 1104
101.83.145.75 - - [06/Feb/2023:11:10:25 +0800] "POST /xingrg/kc/buy/cgsh_order_operate.html HTTP/1.1" 200 8245
124.79.72.155 - - [06/Feb/2023:11:10:25 +0800] "POST /xingrg/kc/base/wldb_list_operate.html HTTP/1.1" 200 928
218.81.216.21 - - [06/Feb/2023:11:10:26 +0800] "GET /xingrg/all/function/internal_message.html?_=1675653049204&CODE_STATE=getMsg HTTP/1.1" 200 27
116.230.105.139 - - [06/Feb/2023:11:10:28 +0800] "GET /xingrg/kc/buy/cgsh_order_operate.html?command=get_materiel&rest_code=00155&code=00101006172&supplier_code=00100037&order_time=2023-02-06 HTTP/1.1" 200 414
124.78.154.177 - - [06/Feb/2023:11:10:29 +0800] "POST /xingrg/kc/base/wldb_list_operate.html HTTP/1.1" 200 3373
124.78.154.177 - - [06/Feb/2023:11:10:30 +0800] "POST /xingrg/kc/base/wldb_list_operate.html HTTP/1.1" 200 441
114.88.159.190 - - [06/Feb/2023:11:10:34 +0800] "GET /favicon.ico HTTP/1.1" 404 -
101.83.145.75 - - [06/Feb/2023:11:10:35 +0800] "GET /xingrg/kc/buy/cgsh_order_operate.html?command=get_materiel&rest_code=00105&code=00101001125&supplier_code=00100319&order_time=2023-02-06 HTTP/1.1" 200 416
58.221.95.50 - - [06/Feb/2023:11:10:36 +0800] "POST /xingrg/dwr/call/plaincall/AjaxCheckService.setItemNumber.dwr HTTP/1.1" 200 77
114.83.222.182 - - [06/Feb/2023:11:10:39 +0800] "GET /xingrg/all/function/internal_message.html?_=1675653164239&CODE_STATE=getMsg HTTP/1.1" 200 27
116.230.105.139 - - [06/Feb/2023:11:10:39 +0800] "GET /xingrg/kc/buy/cgsh_order_operate.html?command=get_materiel&rest_code=00155&code=00101006237&supplier_code=00100037&order_time=2023-02-06 HTTP/1.1" 200 412
114.83.217.30 - - [06/Feb/2023:11:10:39 +0800] "GET /xingrg/all/function/internal_message.html?_=1675653060275&CODE_STATE=getMsg HTTP/1.1" 200 27
180.169.147.146 - - [06/Feb/2023:11:10:40 +0800] "GET /xingrg/all/function/internal_message.html?_=1675653064186&CODE_STATE=getMsg HTTP/1.1" 200 27
114.83.217.30 - - [06/Feb/2023:11:10:40 +0800] "POST /xingrg/dwr/call/plaincall/AjaxQqpsService.getMaterielByCode.dwr HTTP/1.1" 200 2838
114.83.217.30 - - [06/Feb/2023:11:10:42 +0800] "POST /xingrg/dwr/call/plaincall/AjaxQqpsService.saveMaterielItem.dwr HTTP/1.1" 200 79
120.253.135.82 - - [06/Feb/2023:11:10:46 +0800] "GET /xingrg/check_reg.html?_=1675652883284 HTTP/1.1" 200 22
101.83.145.75 - - [06/Feb/2023:11:10:47 +0800] "GET /xingrg/check_reg.html?_=1675653068834 HTTP/1.1" 200 22
101.83.145.75 - - [06/Feb/2023:11:10:47 +0800] "GET /xingrg/all/function/internal_message.html?_=1675653068837&CODE_STATE=getMsg HTTP/1.1" 200 27
101.83.145.75 - - [06/Feb/2023:11:10:48 +0800] "GET /xingrg/kc/buy/cgsh_order_operate.html?command=get_materiel&rest_code=00105&code=00101001169&supplier_code=00100319&order_time=2023-02-06 HTTP/1.1" 200 417
114.83.217.30 - - [06/Feb/2023:11:10:49 +0800] "POST /xingrg/dwr/call/plaincall/AjaxQqpsService.getMaterielByCode.dwr HTTP/1.1" 200 2842
180.169.147.146 - - [06/Feb/2023:11:10:50 +0800] "GET /xingrg/check_reg.html?_=1675653071435 HTTP/1.1" 200 22
180.169.147.146 - - [06/Feb/2023:11:10:50 +0800] "GET /xingrg/all/function/internal_message.html?_=1675653071438&CODE_STATE=getMsg HTTP/1.1" 200 27
114.83.217.30 - - [06/Feb/2023:11:10:51 +0800] "POST /xingrg/dwr/call/plaincall/AjaxQqpsService.saveMaterielItem.dwr HTTP/1.1" 200 79
58.221.95.50 - - [06/Feb/2023:11:10:55 +0800] "GET /xingrg/all/function/internal_message.html?_=1675653077172&CODE_STATE=getMsg HTTP/1.1" 200 27
58.221.95.50 - - [06/Feb/2023:11:10:56 +0800] "POST /xingrg/dwr/call/plaincall/AjaxCheckService.setItemNumber.dwr HTTP/1.1" 200 77
116.230.105.139 - - [06/Feb/2023:11:10:57 +0800] "GET /xingrg/check_reg.html?_=1675653078527 HTTP/1.1" 200 22
116.230.105.139 - - [06/Feb/2023:11:10:57 +0800] "GET /xingrg/all/function/internal_message.html?_=1675653078531&CODE_STATE=getMsg HTTP/1.1" 200 27
124.78.154.177 - - [06/Feb/2023:11:10:59 +0800] "GET /xingrg/all/function/internal_message.html?_=1675653080968&CODE_STATE=getMsg HTTP/1.1" 200 27
124.79.72.155 - - [06/Feb/2023:11:10:59 +0800] "GET /xingrg/all/function/internal_message.html?_=1675653080708&CODE_STATE=getMsg HTTP/1.1" 200 27
124.79.72.155 - - [06/Feb/2023:11:10:59 +0800] "GET /xingrg/check_reg.html?_=1675653080709 HTTP/1.1" 200 22
114.83.217.30 - - [06/Feb/2023:11:10:59 +0800] "POST /xingrg/dwr/call/plaincall/AjaxQqpsService.getMaterielByCode.dwr HTTP/1.1" 200 2793
116.238.139.35 - - [06/Feb/2023:11:11:01 +0800] "GET /xingrg/all/function/internal_message.html?_=1675653083715&CODE_STATE=getMsg HTTP/1.1" 200 27
116.238.139.35 - - [06/Feb/2023:11:11:02 +0800] "GET /xingrg/all/function/internal_message.html?_=1675653010859&CODE_STATE=getMsg HTTP/1.1" 200 27
114.83.217.30 - - [06/Feb/2023:11:11:02 +0800] "POST /xingrg/dwr/call/plaincall/AjaxQqpsService.saveMaterielItem.dwr HTTP/1.1" 200 79
114.83.217.30 - - [06/Feb/2023:11:11:04 +0800] "POST /xingrg/dwr/call/plaincall/AjaxQqpsService.getMaterielByCode.dwr HTTP/1.1" 200 2824
58.221.95.50 - - [06/Feb/2023:11:11:04 +0800] "POST /xingrg/dwr/call/plaincall/AjaxCheckService.setItemNumber.dwr HTTP/1.1" 200 77
114.88.159.190 - - [06/Feb/2023:11:11:05 +0800] "GET /xingrg/all/function/internal_message.html?_=1675652655902&CODE_STATE=getMsg HTTP/1.1" 200 27
114.83.217.30 - - [06/Feb/2023:11:11:05 +0800] "POST /xingrg/dwr/call/plaincall/AjaxQqpsService.saveMaterielItem.dwr HTTP/1.1" 200 79
124.78.139.150 - - [06/Feb/2023:11:11:06 +0800] "GET /favicon.ico HTTP/1.1" 404 -
114.83.217.30 - - [06/Feb/2023:11:11:07 +0800] "POST /xingrg/dwr/call/plaincall/AjaxQqpsService.getMaterielByCode.dwr HTTP/1.1" 200 2814
222.70.181.49 - - [06/Feb/2023:11:11:08 +0800] "GET /xingrg/all/function/internal_message.html?_=1675653089209&CODE_STATE=getMsg HTTP/1.1" 200 27
116.230.105.139 - - [06/Feb/2023:11:11:09 +0800] "GET /xingrg/kc/buy/cgsh_order_operate.html?command=get_materiel&rest_code=00155&code=00101007109&supplier_code=00100037&order_time=2023-02-06 HTTP/1.1" 200 408
120.253.135.82 - - [06/Feb/2023:11:11:10 +0800] "GET /xingrg/all/function/internal_message.html?_=1675652906963&CODE_STATE=getMsg HTTP/1.1" 200 27
101.83.145.75 - - [06/Feb/2023:11:11:12 +0800] "POST /xingrg/kc/buy/cgsh_order_operate.html HTTP/1.1" 200 37
114.83.217.30 - - [06/Feb/2023:11:11:13 +0800] "POST /xingrg/dwr/call/plaincall/AjaxQqpsService.saveMaterielItem.dwr HTTP/1.1" 200 79
101.83.145.75 - - [06/Feb/2023:11:11:13 +0800] "POST /xingrg/kc/buy/cgsh_order_operate.html HTTP/1.1" 200 3261
101.83.145.75 - - [06/Feb/2023:11:11:14 +0800] "GET /xingrg/kc/print/load_data.html?order_code=212023020601566&kc_code=cgsh&condition= HTTP/1.1" 200 911
114.83.217.30 - - [06/Feb/2023:11:11:16 +0800] "POST /xingrg/dwr/call/plaincall/AjaxQqpsService.getMaterielByCode.dwr HTTP/1.1" 200 2813
114.83.217.30 - - [06/Feb/2023:11:11:17 +0800] "POST /xingrg/dwr/call/plaincall/AjaxQqpsService.saveMaterielItem.dwr HTTP/1.1" 200 79
101.83.145.75 - - [06/Feb/2023:11:11:17 +0800] "GET /xingrg/kc/buy/cgsh_order_add.html HTTP/1.1" 200 69786
58.221.95.50 - - [06/Feb/2023:11:11:17 +0800] "POST /xingrg/dwr/call/plaincall/AjaxCheckService.setItemNumber.dwr HTTP/1.1" 200 77
101.83.145.75 - - [06/Feb/2023:11:11:18 +0800] "POST /xingrg/kc/buy/cgsh_order_operate.html HTTP/1.1" 200 8245
101.83.145.75 - - [06/Feb/2023:11:11:18 +0800] "GET /xingrg/javascript/easyui/themes/default/validatebox.css HTTP/1.1" 404 1104
114.83.217.30 - - [06/Feb/2023:11:11:21 +0800] "POST /xingrg/dwr/call/plaincall/AjaxQqpsService.getMaterielByCode.dwr HTTP/1.1" 200 2820
180.169.147.146 - - [06/Feb/2023:11:11:22 +0800] "GET /xingrg/all/function/internal_message.html?_=1675653101980&CODE_STATE=getMsg HTTP/1.1" 200 27
114.83.217.30 - - [06/Feb/2023:11:11:23 +0800] "POST /xingrg/dwr/call/plaincall/AjaxQqpsService.saveMaterielItem.dwr HTTP/1.1" 200 79
116.238.139.35 - - [06/Feb/2023:11:11:24 +0800] "GET /xingrg/check_reg.html?_=1675653033244 HTTP/1.1" 200 22
218.81.216.21 - - [06/Feb/2023:11:11:26 +0800] "GET /xingrg/all/function/internal_message.html?_=1675653109217&CODE_STATE=getMsg HTTP/1.1" 200 27
101.83.145.75 - - [06/Feb/2023:11:11:28 +0800] "GET /xingrg/kc/buy/cgsh_order_operate.html?command=get_materiel&rest_code=00105&code=00101005037&supplier_code=00100334&order_time=2023-02-06 HTTP/1.1" 200 409
114.83.217.30 - - [06/Feb/2023:11:11:30 +0800] "POST /xingrg/dwr/call/plaincall/AjaxQqpsService.getMaterielByCode.dwr HTTP/1.1" 200 2813
114.83.217.30 - - [06/Feb/2023:11:11:31 +0800] "POST /xingrg/dwr/call/plaincall/AjaxQqpsService.saveMaterielItem.dwr HTTP/1.1" 200 79
114.83.217.30 - - [06/Feb/2023:11:11:36 +0800] "POST /xingrg/dwr/call/plaincall/AjaxQqpsService.getMaterielByCode.dwr HTTP/1.1" 200 2793
114.83.217.30 - - [06/Feb/2023:11:11:37 +0800] "POST /xingrg/dwr/call/plaincall/AjaxQqpsService.saveMaterielItem.dwr HTTP/1.1" 200 79
114.83.222.182 - - [06/Feb/2023:11:11:39 +0800] "GET /xingrg/all/function/internal_message.html?_=1675653224213&CODE_STATE=getMsg HTTP/1.1" 200 27
101.83.145.75 - - [06/Feb/2023:11:11:39 +0800] "POST /xingrg/kc/buy/cgsh_order_operate.html HTTP/1.1" 200 37
114.83.217.30 - - [06/Feb/2023:11:11:39 +0800] "GET /xingrg/all/function/internal_message.html?_=1675653120269&CODE_STATE=getMsg HTTP/1.1" 200 27
114.83.217.30 - - [06/Feb/2023:11:11:40 +0800] "POST /xingrg/dwr/call/plaincall/AjaxQqpsService.getMaterielByCode.dwr HTTP/1.1" 200 2807
180.169.147.146 - - [06/Feb/2023:11:11:40 +0800] "GET /xingrg/check_reg.html?_=1675653124179 HTTP/1.1" 200 22
180.169.147.146 - - [06/Feb/2023:11:11:40 +0800] "GET /xingrg/all/function/internal_message.html?_=1675653124180&CODE_STATE=getMsg HTTP/1.1" 200 27
114.83.217.30 - - [06/Feb/2023:11:11:41 +0800] "POST /xingrg/dwr/call/plaincall/AjaxQqpsService.saveMaterielItem.dwr HTTP/1.1" 200 79
101.83.145.75 - - [06/Feb/2023:11:11:48 +0800] "POST /xingrg/kc/buy/cgsh_order_operate.html HTTP/1.1" 200 2654
101.83.145.75 - - [06/Feb/2023:11:11:49 +0800] "GET /xingrg/kc/print/load_data.html?order_code=212023020601567&kc_code=cgsh&condition= HTTP/1.1" 200 667
180.169.147.146 - - [06/Feb/2023:11:11:50 +0800] "GET /xingrg/all/function/internal_message.html?_=1675653131439&CODE_STATE=getMsg HTTP/1.1" 200 27
101.83.145.75 - - [06/Feb/2023:11:11:52 +0800] "GET /xingrg/kc/buy/cgsh_order_add.html HTTP/1.1" 200 69786
101.83.145.75 - - [06/Feb/2023:11:11:52 +0800] "POST /xingrg/kc/buy/cgsh_order_operate.html HTTP/1.1" 200 8245
101.83.145.75 - - [06/Feb/2023:11:11:52 +0800] "GET /xingrg/javascript/easyui/themes/default/validatebox.css HTTP/1.1" 404 1104
58.221.95.50 - - [06/Feb/2023:11:11:55 +0800] "GET /xingrg/all/function/internal_message.html?_=1675653137159&CODE_STATE=getMsg HTTP/1.1" 200 27
114.83.217.30 - - [06/Feb/2023:11:11:55 +0800] "POST /xingrg/dwr/call/plaincall/AjaxQqpsService.getMaterielByCode.dwr HTTP/1.1" 200 2832
116.230.105.139 - - [06/Feb/2023:11:11:57 +0800] "GET /xingrg/all/function/internal_message.html?_=1675653138519&CODE_STATE=getMsg HTTP/1.1" 200 27
114.83.217.30 - - [06/Feb/2023:11:11:57 +0800] "POST /xingrg/dwr/call/plaincall/AjaxQqpsService.saveMaterielItem.dwr HTTP/1.1" 200 79
124.78.154.177 - - [06/Feb/2023:11:11:59 +0800] "GET /xingrg/all/function/internal_message.html?_=1675653140958&CODE_STATE=getMsg HTTP/1.1" 200 27
124.79.72.155 - - [06/Feb/2023:11:11:59 +0800] "GET /xingrg/all/function/internal_message.html?_=1675653140711&CODE_STATE=getMsg HTTP/1.1" 200 27
116.238.139.35 - - [06/Feb/2023:11:12:01 +0800] "GET /xingrg/all/function/internal_message.html?_=1675653143716&CODE_STATE=getMsg HTTP/1.1" 200 27
116.238.139.35 - - [06/Feb/2023:11:12:02 +0800] "GET /xingrg/all/function/internal_message.html?_=1675653070867&CODE_STATE=getMsg HTTP/1.1" 200 27
101.83.145.75 - - [06/Feb/2023:11:12:02 +0800] "GET /xingrg/kc/buy/cgsh_order_operate.html?command=get_materiel&rest_code=00105&code=00101001060&supplier_code=00100442&order_time=2023-02-06 HTTP/1.1" 200 421
58.40.7.146 - - [06/Feb/2023:11:12:04 +0800] "POST /xingrg/services/DataTransmitService HTTP/1.1" 200 524
114.88.159.190 - - [06/Feb/2023:11:12:05 +0800] "GET /xingrg/all/function/internal_message.html?_=1675652715882&CODE_STATE=getMsg HTTP/1.1" 200 27
114.88.159.190 - - [06/Feb/2023:11:12:07 +0800] "GET /xingrg/check_reg.html?_=1675652717482 HTTP/1.1" 200 22
222.70.181.49 - - [06/Feb/2023:11:12:08 +0800] "GET /xingrg/all/function/internal_message.html?_=1675653149180&CODE_STATE=getMsg HTTP/1.1" 200 27
120.253.135.82 - - [06/Feb/2023:11:12:10 +0800] "GET /xingrg/all/function/internal_message.html?_=1675652966981&CODE_STATE=getMsg HTTP/1.1" 200 27
101.83.145.75 - - [06/Feb/2023:11:12:16 +0800] "POST /xingrg/kc/buy/cgsh_order_operate.html HTTP/1.1" 200 37
114.83.217.30 - - [06/Feb/2023:11:12:20 +0800] "POST /xingrg/dwr/call/plaincall/AjaxQqpsService.getMaterielByCode.dwr HTTP/1.1" 200 2824
180.169.147.146 - - [06/Feb/2023:11:12:22 +0800] "GET /xingrg/all/function/internal_message.html?_=1675653161968&CODE_STATE=getMsg HTTP/1.1" 200 27
114.83.217.30 - - [06/Feb/2023:11:12:23 +0800] "POST /xingrg/dwr/call/plaincall/AjaxQqpsService.saveMaterielItem.dwr HTTP/1.1" 200 79
101.83.145.75 - - [06/Feb/2023:11:12:24 +0800] "POST /xingrg/kc/buy/cgsh_order_operate.html HTTP/1.1" 200 2664
