114.83.217.30 - - [06/Feb/2023:12:14:29 +0800] "GET /xingrg/javascript/easyui/themes/default/validatebox.css HTTP/1.1" 404 1104
124.78.154.177 - - [06/Feb/2023:12:14:30 +0800] "POST /xingrg/kc/buy/cgsh_order_operate.html HTTP/1.1" 200 612
114.83.217.30 - - [06/Feb/2023:12:14:31 +0800] "POST /xingrg/kc/buy/cgsh_order_operate.html HTTP/1.1" 200 608
124.78.154.177 - - [06/Feb/2023:12:14:32 +0800] "GET /xingrg/kc/print/load_data.html?order_code=212023020601624&kc_code=cgsh&condition= HTTP/1.1" 200 779
218.81.216.21 - - [06/Feb/2023:12:14:32 +0800] "GET /xingrg/all/function/internal_message.html?_=1675656895110&CODE_STATE=getMsg HTTP/1.1" 200 27
114.83.217.30 - - [06/Feb/2023:12:14:32 +0800] "GET /xingrg/kc/print/load_data.html?order_code=212023020601625&kc_code=cgsh&condition= HTTP/1.1" 200 688
120.253.135.82 - - [06/Feb/2023:12:14:36 +0800] "GET /xingrg/all/function/internal_message.html?_=1675657021625&CODE_STATE=getMsg HTTP/1.1" 200 27
124.78.154.177 - - [06/Feb/2023:12:14:37 +0800] "GET /xingrg/kc/buy/cgsh_order_add.html HTTP/1.1" 200 69703
114.83.217.30 - - [06/Feb/2023:12:14:37 +0800] "GET /xingrg/all/function/internal_message.html?_=1675656898439&CODE_STATE=getMsg HTTP/1.1" 200 27
114.83.217.30 - - [06/Feb/2023:12:14:37 +0800] "GET /xingrg/check_reg.html?_=1675656898441 HTTP/1.1" 200 22
124.78.154.177 - - [06/Feb/2023:12:14:37 +0800] "POST /xingrg/kc/buy/cgsh_order_operate.html HTTP/1.1" 200 8245
124.78.154.177 - - [06/Feb/2023:12:14:37 +0800] "GET /xingrg/javascript/easyui/themes/default/validatebox.css HTTP/1.1" 404 1104
114.83.222.182 - - [06/Feb/2023:12:14:38 +0800] "GET /xingrg/all/function/internal_message.html?_=1675657003227&CODE_STATE=getMsg HTTP/1.1" 200 27
114.83.217.30 - - [06/Feb/2023:12:14:38 +0800] "GET /xingrg/kc/buy/cgsh_order_add.html HTTP/1.1" 200 69792
124.78.154.177 - - [06/Feb/2023:12:14:39 +0800] "GET /xingrg/javascript/easyui/themes/default/tree.css HTTP/1.1" 404 1090
114.83.217.30 - - [06/Feb/2023:12:14:39 +0800] "POST /xingrg/kc/buy/cgsh_order_operate.html HTTP/1.1" 200 8245
114.83.217.30 - - [06/Feb/2023:12:14:39 +0800] "GET /xingrg/javascript/easyui/themes/default/validatebox.css HTTP/1.1" 404 1104
124.78.154.177 - - [06/Feb/2023:12:14:39 +0800] "POST /xingrg/all/common/load_tree.html?tree=supplier_tree_json&isDelete=1 HTTP/1.1" 200 70488
101.83.145.75 - - [06/Feb/2023:12:14:46 +0800] "GET /xingrg/all/function/internal_message.html?_=1675656907475&CODE_STATE=getMsg HTTP/1.1" 200 27
180.169.147.146 - - [06/Feb/2023:12:14:50 +0800] "GET /xingrg/all/function/internal_message.html?_=1675656911550&CODE_STATE=getMsg HTTP/1.1" 200 27
58.221.95.50 - - [06/Feb/2023:12:14:54 +0800] "GET /xingrg/all/function/internal_message.html?_=1675656916052&CODE_STATE=getMsg HTTP/1.1" 200 27
116.238.139.35 - - [06/Feb/2023:12:14:54 +0800] "GET /xingrg/all/function/internal_message.html?_=1675656916497&CODE_STATE=getMsg HTTP/1.1" 200 27
124.78.154.177 - - [06/Feb/2023:12:14:55 +0800] "GET /xingrg/kc/buy/cgsh_order_operate.html?command=get_materiel&rest_code=00106&code=00101003033&supplier_code=00100092&order_time=2023-02-06 HTTP/1.1" 200 426
114.83.217.30 - - [06/Feb/2023:12:14:56 +0800] "GET /xingrg/kc/buy/cgsh_order_operate.html?command=get_materiel&rest_code=00149&code=00101006101&supplier_code=00100574&order_time=2023-02-06 HTTP/1.1" 200 421
222.70.181.49 - - [06/Feb/2023:12:14:56 +0800] "GET /xingrg/check_reg.html?_=1675656917141 HTTP/1.1" 200 22
116.230.105.139 - - [06/Feb/2023:12:14:57 +0800] "GET /xingrg/all/function/internal_message.html?_=1675656918022&CODE_STATE=getMsg HTTP/1.1" 200 27
116.192.124.172 - - [06/Feb/2023:12:14:57 +0800] "GET /xingrg/all/function/internal_message.html?_=1675656921064&CODE_STATE=getMsg HTTP/1.1" 200 27
116.192.124.172 - - [06/Feb/2023:12:14:57 +0800] "GET /xingrg/check_reg.html?_=1675656921068 HTTP/1.1" 200 22
116.192.124.172 - - [06/Feb/2023:12:14:59 +0800] "POST /xingrg/kc/buy/cgsh_list_operate.html HTTP/1.1" 200 6144
124.79.72.155 - - [06/Feb/2023:12:14:59 +0800] "GET /xingrg/all/function/internal_message.html?_=1675656920840&CODE_STATE=getMsg HTTP/1.1" 302 -
124.79.72.155 - - [06/Feb/2023:12:14:59 +0800] "GET /xingrg/login.html HTTP/1.1" 200 7641
116.238.139.35 - - [06/Feb/2023:12:15:03 +0800] "GET /xingrg/all/function/internal_message.html?_=1675656852113&CODE_STATE=getMsg HTTP/1.1" 200 27
180.157.253.110 - - [06/Feb/2023:12:15:06 +0800] "GET /xingrg/index.html?sysBaseUrl=http%3A%2F%2F180.169.147.146%3A18081%2Fxingrg%2F&costTime=44×tamp=1622098168715 HTTP/1.1" 302 -
222.70.181.49 - - [06/Feb/2023:12:15:06 +0800] "GET /xingrg/all/function/internal_message.html?_=1675656927924&CODE_STATE=getMsg HTTP/1.1" 200 27
180.157.253.110 - - [06/Feb/2023:12:15:06 +0800] "GET /xingrg/login.html HTTP/1.1" 200 7641
180.157.253.110 - - [06/Feb/2023:12:15:07 +0800] "GET /favicon.ico HTTP/1.1" 404 -
114.83.217.30 - - [06/Feb/2023:12:15:12 +0800] "POST /xingrg/kc/buy/cgsh_order_operate.html HTTP/1.1" 200 37
120.253.135.82 - - [06/Feb/2023:12:15:13 +0800] "GET /xingrg/all/function/internal_message.html?_=1675656749444&CODE_STATE=getMsg HTTP/1.1" 200 27
116.192.124.172 - - [06/Feb/2023:12:15:13 +0800] "POST /xingrg/kc/buy/cgsh_list_operate.html HTTP/1.1" 200 4601
124.78.154.177 - - [06/Feb/2023:12:15:17 +0800] "POST /xingrg/kc/buy/cgsh_order_operate.html HTTP/1.1" 200 37
114.83.217.30 - - [06/Feb/2023:12:15:22 +0800] "POST /xingrg/kc/buy/cgsh_order_operate.html HTTP/1.1" 200 12
180.169.147.146 - - [06/Feb/2023:12:15:22 +0800] "GET /xingrg/all/function/internal_message.html?_=1675656941983&CODE_STATE=getMsg HTTP/1.1" 200 27
218.81.216.21 - - [06/Feb/2023:12:15:23 +0800] "GET /xingrg/check_reg.html?_=1675656946500 HTTP/1.1" 200 22
114.83.217.30 - - [06/Feb/2023:12:15:23 +0800] "GET /xingrg/kc/buy/cgsh_order_info.html?code=212023020601626 HTTP/1.1" 200 64700
114.83.217.30 - - [06/Feb/2023:12:15:24 +0800] "GET /xingrg/javascript/easyui/themes/default/validatebox.css HTTP/1.1" 404 1104
114.83.217.30 - - [06/Feb/2023:12:15:25 +0800] "POST /xingrg/kc/buy/cgsh_order_operate.html HTTP/1.1" 200 617
180.169.147.146 - - [06/Feb/2023:12:15:26 +0800] "POST /xingrg/kc/buy/cgsh_list_operate.html HTTP/1.1" 200 1897
114.83.217.30 - - [06/Feb/2023:12:15:26 +0800] "GET /xingrg/kc/print/load_data.html?order_code=212023020601626&kc_code=cgsh&condition= HTTP/1.1" 200 726
180.169.147.146 - - [06/Feb/2023:12:15:29 +0800] "POST /xingrg/kc/buy/cgsh_list_operate.html HTTP/1.1" 200 277
114.83.217.30 - - [06/Feb/2023:12:15:30 +0800] "GET /xingrg/kc/buy/cgsh_order_add.html HTTP/1.1" 200 69792
114.83.217.30 - - [06/Feb/2023:12:15:30 +0800] "POST /xingrg/kc/buy/cgsh_order_operate.html HTTP/1.1" 200 8245
114.83.217.30 - - [06/Feb/2023:12:15:30 +0800] "GET /xingrg/javascript/easyui/themes/default/validatebox.css HTTP/1.1" 404 1104
218.81.216.21 - - [06/Feb/2023:12:15:32 +0800] "GET /xingrg/all/function/internal_message.html?_=1675656955125&CODE_STATE=getMsg HTTP/1.1" 200 27
180.169.147.146 - - [06/Feb/2023:12:15:32 +0800] "POST /xingrg/kc/buy/cgsh_list_operate.html HTTP/1.1" 200 4
120.253.135.82 - - [06/Feb/2023:12:15:36 +0800] "GET /xingrg/all/function/internal_message.html?_=1675657081625&CODE_STATE=getMsg HTTP/1.1" 200 27
114.83.217.30 - - [06/Feb/2023:12:15:37 +0800] "GET /xingrg/all/function/internal_message.html?_=1675656958446&CODE_STATE=getMsg HTTP/1.1" 200 27
180.169.147.146 - - [06/Feb/2023:12:15:38 +0800] "POST /xingrg/kc/buy/cgsh_list_operate.html HTTP/1.1" 200 1872
114.83.222.182 - - [06/Feb/2023:12:15:38 +0800] "GET /xingrg/all/function/internal_message.html?_=1675657063211&CODE_STATE=getMsg HTTP/1.1" 200 27
114.83.217.30 - - [06/Feb/2023:12:15:40 +0800] "GET /xingrg/kc/buy/cgsh_order_operate.html?command=get_materiel&rest_code=00149&code=00101002006&supplier_code=00100091&order_time=2023-02-06 HTTP/1.1" 200 414
180.169.147.146 - - [06/Feb/2023:12:15:41 +0800] "POST /xingrg/kc/buy/cgsh_list_operate.html HTTP/1.1" 200 277
180.169.147.146 - - [06/Feb/2023:12:15:42 +0800] "GET /xingrg/kc/buy/cgsh_order_info.html?code=212023011604949 HTTP/1.1" 200 69718
180.169.147.146 - - [06/Feb/2023:12:15:43 +0800] "GET /xingrg/javascript/easyui/themes/default/validatebox.css HTTP/1.1" 404 1104
180.169.147.146 - - [06/Feb/2023:12:15:45 +0800] "POST /xingrg/kc/buy/cgsh_order_operate.html HTTP/1.1" 200 3257
101.83.145.75 - - [06/Feb/2023:12:15:46 +0800] "GET /xingrg/all/function/internal_message.html?_=1675656967446&CODE_STATE=getMsg HTTP/1.1" 200 27
120.253.135.82 - - [06/Feb/2023:12:15:47 +0800] "GET /xingrg/check_reg.html?_=1675656783416 HTTP/1.1" 200 22
101.83.145.75 - - [06/Feb/2023:12:15:47 +0800] "GET /xingrg/check_reg.html?_=1675656968889 HTTP/1.1" 200 22
180.163.29.219 - - [06/Feb/2023:12:15:50 +0800] "GET /xingrg/kc/buy/cgsh_order_operate.html?command=get_materiel&rest_code=00106&code=00101003033&supplier_code=00100092&order_time=2023-02-06 HTTP/1.1" 302 -
180.163.29.219 - - [06/Feb/2023:12:15:50 +0800] "GET /xingrg/login.html HTTP/1.1" 200 7641
180.169.147.146 - - [06/Feb/2023:12:15:50 +0800] "GET /xingrg/check_reg.html?_=1675656971552 HTTP/1.1" 200 22
180.169.147.146 - - [06/Feb/2023:12:15:50 +0800] "GET /xingrg/all/function/internal_message.html?_=1675656971555&CODE_STATE=getMsg HTTP/1.1" 200 27
58.221.95.50 - - [06/Feb/2023:12:15:54 +0800] "GET /xingrg/all/function/internal_message.html?_=1675656976033&CODE_STATE=getMsg HTTP/1.1" 200 27
114.83.217.30 - - [06/Feb/2023:12:15:54 +0800] "POST /xingrg/kc/buy/cgsh_order_operate.html HTTP/1.1" 200 37
124.78.154.177 - - [06/Feb/2023:12:15:54 +0800] "POST /xingrg/kc/buy/cgsh_order_operate.html HTTP/1.1" 200 12
116.238.139.35 - - [06/Feb/2023:12:15:54 +0800] "GET /xingrg/all/function/internal_message.html?_=1675656976498&CODE_STATE=getMsg HTTP/1.1" 200 27
116.230.105.139 - - [06/Feb/2023:12:15:57 +0800] "GET /xingrg/all/function/internal_message.html?_=1675656978014&CODE_STATE=getMsg HTTP/1.1" 200 27
116.192.124.172 - - [06/Feb/2023:12:15:57 +0800] "GET /xingrg/all/function/internal_message.html?_=1675656981063&CODE_STATE=getMsg HTTP/1.1" 200 27
116.230.105.139 - - [06/Feb/2023:12:15:57 +0800] "GET /xingrg/check_reg.html?_=1675656978525 HTTP/1.1" 200 22
180.169.147.146 - - [06/Feb/2023:12:15:58 +0800] "POST /xingrg/kc/buy/cgsh_order_operate.html HTTP/1.1" 200 37
124.79.72.155 - - [06/Feb/2023:12:15:59 +0800] "GET /xingrg/all/function/internal_message.html?_=1675656980841&CODE_STATE=getMsg HTTP/1.1" 302 -
124.79.72.155 - - [06/Feb/2023:12:15:59 +0800] "GET /xingrg/check_reg.html?_=1675656980842 HTTP/1.1" 302 -
124.79.72.155 - - [06/Feb/2023:12:15:59 +0800] "GET /xingrg/login.html HTTP/1.1" 200 7641
124.79.72.155 - - [06/Feb/2023:12:15:59 +0800] "GET /xingrg/login.html HTTP/1.1" 200 7641
114.83.217.30 - - [06/Feb/2023:12:16:01 +0800] "POST /xingrg/kc/buy/cgsh_order_operate.html HTTP/1.1" 200 12
116.238.139.35 - - [06/Feb/2023:12:16:03 +0800] "GET /xingrg/all/function/internal_message.html?_=1675656912148&CODE_STATE=getMsg HTTP/1.1" 200 27
180.169.147.146 - - [06/Feb/2023:12:16:07 +0800] "POST /xingrg/kc/buy/cgsh_order_operate.html HTTP/1.1" 200 12
114.83.217.30 - - [06/Feb/2023:12:16:07 +0800] "GET /xingrg/kc/buy/cgsh_order_info.html?code=212023020601628 HTTP/1.1" 200 64698
114.83.217.30 - - [06/Feb/2023:12:16:07 +0800] "GET /xingrg/javascript/easyui/themes/default/validatebox.css HTTP/1.1" 404 1104
114.83.217.30 - - [06/Feb/2023:12:16:08 +0800] "POST /xingrg/kc/buy/cgsh_order_operate.html HTTP/1.1" 200 613
180.169.147.146 - - [06/Feb/2023:12:16:10 +0800] "GET /xingrg/kc/buy/cgsh_order_info.html?code=212023011604949 HTTP/1.1" 200 64870
114.83.217.30 - - [06/Feb/2023:12:16:10 +0800] "GET /xingrg/kc/print/load_data.html?order_code=212023020601628&kc_code=cgsh&condition= HTTP/1.1" 200 784
180.169.147.146 - - [06/Feb/2023:12:16:10 +0800] "GET /xingrg/javascript/easyui/themes/default/validatebox.css HTTP/1.1" 404 1104
180.169.147.146 - - [06/Feb/2023:12:16:11 +0800] "POST /xingrg/kc/buy/cgsh_order_operate.html HTTP/1.1" 200 1207
120.253.135.82 - - [06/Feb/2023:12:16:13 +0800] "GET /xingrg/all/function/internal_message.html?_=1675656809452&CODE_STATE=getMsg HTTP/1.1" 200 27
114.83.217.30 - - [06/Feb/2023:12:16:14 +0800] "GET /xingrg/kc/buy/cgsh_order_add.html HTTP/1.1" 200 69792
114.83.217.30 - - [06/Feb/2023:12:16:14 +0800] "GET /xingrg/javascript/easyui/themes/default/validatebox.css HTTP/1.1" 404 1104
114.83.217.30 - - [06/Feb/2023:12:16:14 +0800] "POST /xingrg/kc/buy/cgsh_order_operate.html HTTP/1.1" 200 8245
124.78.154.177 - - [06/Feb/2023:12:16:21 +0800] "GET /xingrg/kc/buy/cgsh_order_info.html?code=212023020601627 HTTP/1.1" 200 64610
124.78.154.177 - - [06/Feb/2023:12:16:21 +0800] "GET /xingrg/javascript/easyui/themes/default/validatebox.css HTTP/1.1" 404 1104
180.169.147.146 - - [06/Feb/2023:12:16:22 +0800] "GET /xingrg/all/function/internal_message.html?_=1675657001976&CODE_STATE=getMsg HTTP/1.1" 200 27
124.78.154.177 - - [06/Feb/2023:12:16:22 +0800] "POST /xingrg/kc/buy/cgsh_order_operate.html HTTP/1.1" 200 624
124.78.154.177 - - [06/Feb/2023:12:16:23 +0800] "GET /xingrg/all/function/internal_message.html?_=1675657005053&CODE_STATE=getMsg HTTP/1.1" 200 27
124.78.154.177 - - [06/Feb/2023:12:16:24 +0800] "GET /xingrg/kc/print/load_data.html?order_code=212023020601627&kc_code=cgsh&condition= HTTP/1.1" 200 786
116.238.139.35 - - [06/Feb/2023:12:16:24 +0800] "GET /xingrg/check_reg.html?_=1675656933316 HTTP/1.1" 200 22
114.83.217.30 - - [06/Feb/2023:12:16:25 +0800] "GET /xingrg/kc/buy/cgsh_order_operate.html?command=get_materiel&rest_code=00149&code=00101003035&supplier_code=00100092&order_time=2023-02-06 HTTP/1.1" 200 431
124.78.154.177 - - [06/Feb/2023:12:16:29 +0800] "GET /xingrg/kc/buy/cgsh_order_add.html HTTP/1.1" 200 69703
124.78.154.177 - - [06/Feb/2023:12:16:29 +0800] "GET /xingrg/javascript/easyui/themes/default/validatebox.css HTTP/1.1" 404 1104
124.78.154.177 - - [06/Feb/2023:12:16:29 +0800] "POST /xingrg/kc/buy/cgsh_order_operate.html HTTP/1.1" 200 8245
124.78.154.177 - - [06/Feb/2023:12:16:30 +0800] "GET /xingrg/javascript/easyui/themes/default/tree.css HTTP/1.1" 404 1090
124.78.154.177 - - [06/Feb/2023:12:16:30 +0800] "POST /xingrg/all/common/load_tree.html?tree=supplier_tree_json&isDelete=1 HTTP/1.1" 200 70488
218.81.216.21 - - [06/Feb/2023:12:16:32 +0800] "GET /xingrg/all/function/internal_message.html?_=1675657015138&CODE_STATE=getMsg HTTP/1.1" 200 27
120.253.135.82 - - [06/Feb/2023:12:16:36 +0800] "GET /xingrg/all/function/internal_message.html?_=1675657141634&CODE_STATE=getMsg HTTP/1.1" 200 27
120.253.135.82 - - [06/Feb/2023:12:16:36 +0800] "GET /xingrg/check_reg.html?_=1675657141636 HTTP/1.1" 200 22
114.83.217.30 - - [06/Feb/2023:12:16:37 +0800] "GET /xingrg/all/function/internal_message.html?_=1675657018444&CODE_STATE=getMsg HTTP/1.1" 200 27
114.83.222.182 - - [06/Feb/2023:12:16:38 +0800] "GET /xingrg/all/function/internal_message.html?_=1675657123192&CODE_STATE=getMsg HTTP/1.1" 200 27
124.78.154.177 - - [06/Feb/2023:12:16:43 +0800] "GET /xingrg/kc/buy/cgsh_order_operate.html?command=get_materiel&rest_code=00106&code=00101002006&supplier_code=00100091&order_time=2023-02-06 HTTP/1.1" 200 414
114.83.217.30 - - [06/Feb/2023:12:16:43 +0800] "GET /xingrg/kc/buy/cgsh_order_operate.html?command=get_materiel&rest_code=00149&code=00101003006&supplier_code=00100092&order_time=2023-02-06 HTTP/1.1" 200 434
101.83.145.75 - - [06/Feb/2023:12:16:46 +0800] "GET /xingrg/all/function/internal_message.html?_=1675657027415&CODE_STATE=getMsg HTTP/1.1" 200 27
180.169.147.146 - - [06/Feb/2023:12:16:50 +0800] "GET /xingrg/all/function/internal_message.html?_=1675657031559&CODE_STATE=getMsg HTTP/1.1" 200 27
58.221.95.50 - - [06/Feb/2023:12:16:54 +0800] "GET /xingrg/all/function/internal_message.html?_=1675657036008&CODE_STATE=getMsg HTTP/1.1" 200 27
116.238.139.35 - - [06/Feb/2023:12:16:54 +0800] "GET /xingrg/all/function/internal_message.html?_=1675657036506&CODE_STATE=getMsg HTTP/1.1" 200 27
116.230.105.139 - - [06/Feb/2023:12:16:57 +0800] "GET /xingrg/all/function/internal_message.html?_=1675657038001&CODE_STATE=getMsg HTTP/1.1" 200 27
116.192.124.172 - - [06/Feb/2023:12:16:57 +0800] "GET /xingrg/all/function/internal_message.html?_=1675657041071&CODE_STATE=getMsg HTTP/1.1" 200 27
124.79.72.155 - - [06/Feb/2023:12:16:59 +0800] "GET /xingrg/all/function/internal_message.html?_=1675657040846&CODE_STATE=getMsg HTTP/1.1" 302 -
124.79.72.155 - - [06/Feb/2023:12:16:59 +0800] "GET /xingrg/login.html HTTP/1.1" 200 7641
114.83.217.30 - - [06/Feb/2023:12:17:01 +0800] "POST /xingrg/kc/buy/cgsh_order_operate.html HTTP/1.1" 200 37
116.238.139.35 - - [06/Feb/2023:12:17:03 +0800] "GET /xingrg/all/function/internal_message.html?_=1675656972156&CODE_STATE=getMsg HTTP/1.1" 200 27
180.157.253.110 - - [06/Feb/2023:12:17:04 +0800] "POST /xingrg/login.do HTTP/1.1" 302 -
124.78.154.177 - - [06/Feb/2023:12:17:04 +0800] "POST /xingrg/kc/buy/cgsh_order_operate.html HTTP/1.1" 200 37
180.157.253.110 - - [06/Feb/2023:12:17:04 +0800] "GET /xingrg/index.html?sysBaseUrl=http%3A%2F%2F180.169.147.146%3A18081%2Fxingrg%2F&costTime=67×tamp=1675657024236 HTTP/1.1" 200 17179
180.157.253.110 - - [06/Feb/2023:12:17:04 +0800] "GET /favicon.ico HTTP/1.1" 404 -
180.157.253.110 - - [06/Feb/2023:12:17:04 +0800] "POST /xingrg/all/common/load_tree.html?tree=area_rest_tree_json&manage=1 HTTP/1.1" 200 351
180.157.253.110 - - [06/Feb/2023:12:17:04 +0800] "GET /xingrg/all/function/internal_message.html?_=1675657047164&CODE_STATE=count HTTP/1.1" 200 11
180.157.253.110 - - [06/Feb/2023:12:17:04 +0800] "GET /xingrg/check_reg.html?_=1675657047166 HTTP/1.1" 200 22
180.157.253.110 - - [06/Feb/2023:12:17:04 +0800] "POST /xingrg/load_menu.html HTTP/1.1" 200 5138
114.83.217.30 - - [06/Feb/2023:12:17:06 +0800] "POST /xingrg/kc/buy/cgsh_order_operate.html HTTP/1.1" 200 12
180.157.253.110 - - [06/Feb/2023:12:17:08 +0800] "GET /xingrg/kc/buy/cgsh_order_list.html HTTP/1.1" 200 53928
124.78.154.177 - - [06/Feb/2023:12:17:08 +0800] "POST /xingrg/kc/buy/cgsh_order_operate.html HTTP/1.1" 200 12
114.83.217.30 - - [06/Feb/2023:12:17:08 +0800] "GET /xingrg/kc/buy/cgsh_order_info.html?code=212023020601629 HTTP/1.1" 200 64696
114.88.159.190 - - [06/Feb/2023:12:17:08 +0800] "GET /xingrg/check_reg.html?_=1675656618100 HTTP/1.1" 200 22
222.70.181.49 - - [06/Feb/2023:12:17:08 +0800] "POST /xingrg/services/DataTransmitService HTTP/1.1" 200 524
114.83.217.30 - - [06/Feb/2023:12:17:08 +0800] "GET /xingrg/javascript/easyui/themes/default/validatebox.css HTTP/1.1" 404 1104
222.70.181.49 - - [06/Feb/2023:12:17:09 +0800] "POST /xingrg/services/DataTransmitService HTTP/1.1" 200 501
222.70.181.49 - - [06/Feb/2023:12:17:09 +0800] "POST /xingrg/services/DataTransmitService HTTP/1.1" 200 501
124.78.154.177 - - [06/Feb/2023:12:17:09 +0800] "GET /xingrg/kc/buy/cgsh_order_info.html?code=212023020601630 HTTP/1.1" 200 64612
114.83.217.30 - - [06/Feb/2023:12:17:09 +0800] "POST /xingrg/kc/buy/cgsh_order_operate.html HTTP/1.1" 200 1210
222.70.181.49 - - [06/Feb/2023:12:17:09 +0800] "POST /xingrg/services/DataTransmitService HTTP/1.1" 200 501
124.78.154.177 - - [06/Feb/2023:12:17:09 +0800] "GET /xingrg/javascript/easyui/themes/default/validatebox.css HTTP/1.1" 404 1104
222.70.181.49 - - [06/Feb/2023:12:17:09 +0800] "POST /xingrg/services/DataTransmitService HTTP/1.1" 200 501
180.157.253.110 - - [06/Feb/2023:12:17:09 +0800] "POST /xingrg/kc/buy/cgsh_list_operate.html HTTP/1.1" 200 986
222.70.181.49 - - [06/Feb/2023:12:17:09 +0800] "POST /xingrg/services/DataTransmitService HTTP/1.1" 200 501
124.78.154.177 - - [06/Feb/2023:12:17:10 +0800] "POST /xingrg/kc/buy/cgsh_order_operate.html HTTP/1.1" 200 611
222.70.181.49 - - [06/Feb/2023:12:17:10 +0800] "POST /xingrg/services/DataTransmitService HTTP/1.1" 200 501
114.83.217.30 - - [06/Feb/2023:12:17:10 +0800] "GET /xingrg/kc/print/load_data.html?order_code=212023020601629&kc_code=cgsh&condition= HTTP/1.1" 200 1000
222.70.181.49 - - [06/Feb/2023:12:17:10 +0800] "POST /xingrg/services/DataTransmitService HTTP/1.1" 200 501
222.70.181.49 - - [06/Feb/2023:12:17:10 +0800] "POST /xingrg/services/DataTransmitService HTTP/1.1" 200 412
120.253.135.82 - - [06/Feb/2023:12:17:13 +0800] "GET /xingrg/all/function/internal_message.html?_=1675656869465&CODE_STATE=getMsg HTTP/1.1" 200 27
124.78.154.177 - - [06/Feb/2023:12:17:13 +0800] "GET /xingrg/kc/print/load_data.html?order_code=212023020601630&kc_code=cgsh&condition= HTTP/1.1" 200 775
114.83.217.30 - - [06/Feb/2023:12:17:14 +0800] "GET /xingrg/kc/buy/cgsh_order_add.html HTTP/1.1" 200 69792
114.83.217.30 - - [06/Feb/2023:12:17:14 +0800] "POST /xingrg/kc/buy/cgsh_order_operate.html HTTP/1.1" 200 8245
114.83.217.30 - - [06/Feb/2023:12:17:14 +0800] "GET /xingrg/javascript/easyui/themes/default/validatebox.css HTTP/1.1" 404 1104
124.78.154.177 - - [06/Feb/2023:12:17:17 +0800] "GET /xingrg/kc/buy/cgsh_order_add.html HTTP/1.1" 200 69703
124.78.154.177 - - [06/Feb/2023:12:17:17 +0800] "POST /xingrg/kc/buy/cgsh_order_operate.html HTTP/1.1" 200 8245
124.78.154.177 - - [06/Feb/2023:12:17:17 +0800] "GET /xingrg/javascript/easyui/themes/default/validatebox.css HTTP/1.1" 404 1104
124.78.154.177 - - [06/Feb/2023:12:17:19 +0800] "GET /xingrg/javascript/easyui/themes/default/tree.css HTTP/1.1" 404 1090
124.78.154.177 - - [06/Feb/2023:12:17:19 +0800] "POST /xingrg/all/common/load_tree.html?tree=supplier_tree_json&isDelete=1 HTTP/1.1" 200 70488
180.169.147.146 - - [06/Feb/2023:12:17:22 +0800] "GET /xingrg/all/function/internal_message.html?_=1675657061987&CODE_STATE=getMsg HTTP/1.1" 200 27
114.83.217.30 - - [06/Feb/2023:12:17:23 +0800] "GET /xingrg/kc/buy/cgsh_order_operate.html?command=get_materiel&rest_code=00149&code=00101001058&supplier_code=00100312&order_time=2023-02-06 HTTP/1.1" 200 413
124.78.154.177 - - [06/Feb/2023:12:17:23 +0800] "GET /xingrg/all/function/internal_message.html?_=1675657065031&CODE_STATE=getMsg HTTP/1.1" 200 27
180.163.30.76 - - [06/Feb/2023:12:17:24 +0800] "GET /xingrg/kc/print/load_data.html?order_code=212023020601627&kc_code=cgsh&condition= HTTP/1.1" 302 -
180.163.30.76 - - [06/Feb/2023:12:17:24 +0800] "GET /xingrg/login.html HTTP/1.1" 200 7641
218.81.216.21 - - [06/Feb/2023:12:17:32 +0800] "GET /xingrg/all/function/internal_message.html?_=1675657075343&CODE_STATE=getMsg HTTP/1.1" 200 27
114.83.217.30 - - [06/Feb/2023:12:17:35 +0800] "GET /xingrg/kc/buy/cgsh_order_operate.html?command=get_materiel&rest_code=00149&code=00101001016&supplier_code=00100312&order_time=2023-02-06 HTTP/1.1" 200 432
120.253.135.82 - - [06/Feb/2023:12:17:36 +0800] "GET /xingrg/all/function/internal_message.html?_=1675657201634&CODE_STATE=getMsg HTTP/1.1" 200 27
114.83.217.30 - - [06/Feb/2023:12:17:37 +0800] "GET /xingrg/all/function/internal_message.html?_=1675657078446&CODE_STATE=getMsg HTTP/1.1" 200 27
114.83.222.182 - - [06/Feb/2023:12:17:38 +0800] "GET /xingrg/all/function/internal_message.html?_=1675657183181&CODE_STATE=getMsg HTTP/1.1" 200 27
101.83.145.75 - - [06/Feb/2023:12:17:46 +0800] "GET /xingrg/all/function/internal_message.html?_=1675657087394&CODE_STATE=getMsg HTTP/1.1" 200 27
114.83.217.30 - - [06/Feb/2023:12:17:46 +0800] "POST /xingrg/kc/buy/cgsh_order_operate.html HTTP/1.1" 200 37
124.78.154.177 - - [06/Feb/2023:12:17:48 +0800] "GET /xingrg/kc/buy/cgsh_order_operate.html?command=get_materiel&rest_code=00106&code=00101018018&supplier_code=00100330&order_time=2023-02-06 HTTP/1.1" 200 417
180.169.147.146 - - [06/Feb/2023:12:17:50 +0800] "GET /xingrg/all/function/internal_message.html?_=1675657091558&CODE_STATE=getMsg HTTP/1.1" 200 27
114.83.217.30 - - [06/Feb/2023:12:17:51 +0800] "POST /xingrg/kc/buy/cgsh_order_operate.html HTTP/1.1" 200 12
114.83.217.30 - - [06/Feb/2023:12:17:52 +0800] "GET /xingrg/kc/buy/cgsh_order_info.html?code=212023020601631 HTTP/1.1" 200 64698
114.83.217.30 - - [06/Feb/2023:12:17:52 +0800] "GET /xingrg/javascript/easyui/themes/default/validatebox.css HTTP/1.1" 404 1104
114.83.217.30 - - [06/Feb/2023:12:17:53 +0800] "POST /xingrg/kc/buy/cgsh_order_operate.html HTTP/1.1" 200 1205
58.221.95.50 - - [06/Feb/2023:12:17:54 +0800] "GET /xingrg/all/function/internal_message.html?_=1675657095988&CODE_STATE=getMsg HTTP/1.1" 200 27
116.238.139.35 - - [06/Feb/2023:12:17:54 +0800] "GET /xingrg/all/function/internal_message.html?_=1675657096500&CODE_STATE=getMsg HTTP/1.1" 200 27
114.83.217.30 - - [06/Feb/2023:12:17:54 +0800] "GET /xingrg/kc/print/load_data.html?order_code=212023020601631&kc_code=cgsh&condition= HTTP/1.1" 200 945
116.230.105.139 - - [06/Feb/2023:12:17:57 +0800] "GET /xingrg/all/function/internal_message.html?_=1675657097978&CODE_STATE=getMsg HTTP/1.1" 200 27
116.192.124.172 - - [06/Feb/2023:12:17:57 +0800] "GET /xingrg/all/function/internal_message.html?_=1675657101063&CODE_STATE=getMsg HTTP/1.1" 200 27
114.83.217.30 - - [06/Feb/2023:12:17:58 +0800] "GET /xingrg/kc/buy/cgsh_order_add.html HTTP/1.1" 200 69792
114.83.217.30 - - [06/Feb/2023:12:17:58 +0800] "POST /xingrg/kc/buy/cgsh_order_operate.html HTTP/1.1" 200 8245
114.83.217.30 - - [06/Feb/2023:12:17:58 +0800] "GET /xingrg/javascript/easyui/themes/default/validatebox.css HTTP/1.1" 404 1104
124.79.72.155 - - [06/Feb/2023:12:17:59 +0800] "GET /xingrg/all/function/internal_message.html?_=1675657100846&CODE_STATE=getMsg HTTP/1.1" 302 -
124.79.72.155 - - [06/Feb/2023:12:17:59 +0800] "GET /xingrg/login.html HTTP/1.1" 200 7641
124.78.154.177 - - [06/Feb/2023:12:18:02 +0800] "GET /xingrg/kc/buy/cgsh_order_operate.html?command=get_materiel&rest_code=00106&code=00101018011&supplier_code=00100330&order_time=2023-02-06 HTTP/1.1" 200 413
116.238.139.35 - - [06/Feb/2023:12:18:03 +0800] "GET /xingrg/all/function/internal_message.html?_=1675657032170&CODE_STATE=getMsg HTTP/1.1" 200 27
180.157.253.110 - - [06/Feb/2023:12:18:04 +0800] "GET /xingrg/all/function/internal_message.html?_=1675657107168&CODE_STATE=getMsg HTTP/1.1" 200 27
58.221.95.50 - - [06/Feb/2023:12:18:07 +0800] "GET /xingrg/check_reg.html?_=1675657109201 HTTP/1.1" 200 22
114.83.217.30 - - [06/Feb/2023:12:18:07 +0800] "GET /xingrg/kc/buy/cgsh_order_operate.html?command=get_materiel&rest_code=00149&code=00101001115&supplier_code=00100089&order_time=2023-02-06 HTTP/1.1" 200 434
124.78.154.177 - - [06/Feb/2023:12:18:11 +0800] "GET /xingrg/kc/buy/cgsh_order_operate.html?command=get_materiel&rest_code=00106&code=00101006199&supplier_code=00100330&order_time=2023-02-06 HTTP/1.1" 200 414
120.253.135.82 - - [06/Feb/2023:12:18:13 +0800] "GET /xingrg/all/function/internal_message.html?_=1675656929524&CODE_STATE=getMsg HTTP/1.1" 200 27
114.83.217.30 - - [06/Feb/2023:12:18:20 +0800] "POST /xingrg/kc/buy/cgsh_order_operate.html HTTP/1.1" 200 37
180.169.147.146 - - [06/Feb/2023:12:18:22 +0800] "GET /xingrg/check_reg.html?_=1675657121986 HTTP/1.1" 200 22
180.169.147.146 - - [06/Feb/2023:12:18:22 +0800] "GET /xingrg/all/function/internal_message.html?_=1675657121987&CODE_STATE=getMsg HTTP/1.1" 200 27
180.163.30.27 - - [06/Feb/2023:12:18:23 +0800] "GET /xingrg/all/function/internal_message.html?_=1675657065031&CODE_STATE=getMsg HTTP/1.1" 302 -
180.163.30.27 - - [06/Feb/2023:12:18:23 +0800] "GET /xingrg/login.html HTTP/1.1" 200 7641
114.83.217.30 - - [06/Feb/2023:12:18:24 +0800] "POST /xingrg/kc/buy/cgsh_order_operate.html HTTP/1.1" 200 12
124.78.154.177 - - [06/Feb/2023:12:18:27 +0800] "POST /xingrg/kc/buy/cgsh_order_operate.html HTTP/1.1" 200 37
114.83.217.30 - - [06/Feb/2023:12:18:27 +0800] "GET /xingrg/kc/buy/cgsh_order_info.html?code=212023020601632 HTTP/1.1" 200 64696
114.83.217.30 - - [06/Feb/2023:12:18:27 +0800] "GET /xingrg/javascript/easyui/themes/default/validatebox.css HTTP/1.1" 404 1104
114.83.217.30 - - [06/Feb/2023:12:18:28 +0800] "POST /xingrg/kc/buy/cgsh_order_operate.html HTTP/1.1" 200 611
114.83.217.30 - - [06/Feb/2023:12:18:29 +0800] "GET /xingrg/kc/print/load_data.html?order_code=212023020601632&kc_code=cgsh&condition= HTTP/1.1" 200 789
218.81.216.21 - - [06/Feb/2023:12:18:32 +0800] "GET /xingrg/all/function/internal_message.html?_=1675657135353&CODE_STATE=getMsg HTTP/1.1" 200 27
114.83.217.30 - - [06/Feb/2023:12:18:33 +0800] "GET /xingrg/kc/buy/cgsh_order_add.html HTTP/1.1" 200 69792
114.83.217.30 - - [06/Feb/2023:12:18:33 +0800] "POST /xingrg/kc/buy/cgsh_order_operate.html HTTP/1.1" 200 8245
114.83.217.30 - - [06/Feb/2023:12:18:33 +0800] "GET /xingrg/javascript/easyui/themes/default/validatebox.css HTTP/1.1" 404 1104
124.78.154.177 - - [06/Feb/2023:12:18:34 +0800] "POST /xingrg/kc/buy/cgsh_order_operate.html HTTP/1.1" 200 12
124.78.154.177 - - [06/Feb/2023:12:18:35 +0800] "GET /xingrg/kc/buy/cgsh_order_info.html?code=212023020601633 HTTP/1.1" 200 64614
124.78.154.177 - - [06/Feb/2023:12:18:35 +0800] "GET /xingrg/javascript/easyui/themes/default/validatebox.css HTTP/1.1" 404 1104
120.253.135.82 - - [06/Feb/2023:12:18:36 +0800] "GET /xingrg/all/function/internal_message.html?_=1675657261644&CODE_STATE=getMsg HTTP/1.1" 200 27
124.78.154.177 - - [06/Feb/2023:12:18:36 +0800] "POST /xingrg/kc/buy/cgsh_order_operate.html HTTP/1.1" 200 1798
124.78.154.177 - - [06/Feb/2023:12:18:37 +0800] "GET /xingrg/kc/print/load_data.html?order_code=212023020601633&kc_code=cgsh&condition= HTTP/1.1" 200 1178
114.83.217.30 - - [06/Feb/2023:12:18:37 +0800] "GET /xingrg/all/function/internal_message.html?_=1675657138447&CODE_STATE=getMsg HTTP/1.1" 200 27
114.83.222.182 - - [06/Feb/2023:12:18:38 +0800] "GET /xingrg/all/function/internal_message.html?_=1675657243155&CODE_STATE=getMsg HTTP/1.1" 200 27
114.83.222.182 - - [06/Feb/2023:12:18:40 +0800] "GET /xingrg/check_reg.html?_=1675657245244 HTTP/1.1" 200 22
114.83.217.30 - - [06/Feb/2023:12:18:42 +0800] "GET /xingrg/kc/buy/cgsh_order_operate.html?command=get_materiel&rest_code=00149&code=00101001125&supplier_code=00100319&order_time=2023-02-06 HTTP/1.1" 200 417
101.83.145.75 - - [06/Feb/2023:12:18:46 +0800] "GET /xingrg/all/function/internal_message.html?_=1675657147376&CODE_STATE=getMsg HTTP/1.1" 200 27
180.169.147.146 - - [06/Feb/2023:12:18:50 +0800] "GET /xingrg/all/function/internal_message.html?_=1675657151562&CODE_STATE=getMsg HTTP/1.1" 200 27
124.78.154.177 - - [06/Feb/2023:12:18:53 +0800] "GET /xingrg/kc/buy/cgsh_order_add.html HTTP/1.1" 200 69703
124.78.154.177 - - [06/Feb/2023:12:18:54 +0800] "POST /xingrg/kc/buy/cgsh_order_operate.html HTTP/1.1" 200 8245
58.221.95.50 - - [06/Feb/2023:12:18:54 +0800] "GET /xingrg/all/function/internal_message.html?_=1675657155974&CODE_STATE=getMsg HTTP/1.1" 200 27
124.78.154.177 - - [06/Feb/2023:12:18:54 +0800] "GET /xingrg/javascript/easyui/themes/default/validatebox.css HTTP/1.1" 404 1104
116.238.139.35 - - [06/Feb/2023:12:18:54 +0800] "GET /xingrg/check_reg.html?_=1675657156497 HTTP/1.1" 200 22
116.238.139.35 - - [06/Feb/2023:12:18:54 +0800] "GET /xingrg/all/function/internal_message.html?_=1675657156501&CODE_STATE=getMsg HTTP/1.1" 200 27
124.78.154.177 - - [06/Feb/2023:12:18:55 +0800] "GET /xingrg/javascript/easyui/themes/default/tree.css HTTP/1.1" 404 1090
124.78.154.177 - - [06/Feb/2023:12:18:55 +0800] "POST /xingrg/all/common/load_tree.html?tree=supplier_tree_json&isDelete=1 HTTP/1.1" 200 70488
116.230.105.139 - - [06/Feb/2023:12:18:57 +0800] "GET /xingrg/all/function/internal_message.html?_=1675657157963&CODE_STATE=getMsg HTTP/1.1" 200 27
116.192.124.172 - - [06/Feb/2023:12:18:57 +0800] "GET /xingrg/all/function/internal_message.html?_=1675657161067&CODE_STATE=getMsg HTTP/1.1" 200 27
218.81.216.21 - - [06/Feb/2023:12:18:58 +0800] "POST /xingrg/services/DataTransmitService HTTP/1.1" 200 524
124.79.72.155 - - [06/Feb/2023:12:18:59 +0800] "GET /xingrg/all/function/internal_message.html?_=1675657160847&CODE_STATE=getMsg HTTP/1.1" 302 -
124.79.72.155 - - [06/Feb/2023:12:18:59 +0800] "GET /xingrg/login.html HTTP/1.1" 200 7641
218.81.216.21 - - [06/Feb/2023:12:18:59 +0800] "POST /xingrg/services/DataTransmitService HTTP/1.1" 200 412
116.238.139.35 - - [06/Feb/2023:12:19:03 +0800] "GET /xingrg/all/function/internal_message.html?_=1675657092204&CODE_STATE=getMsg HTTP/1.1" 200 27
180.157.253.110 - - [06/Feb/2023:12:19:04 +0800] "GET /xingrg/all/function/internal_message.html?_=1675657167182&CODE_STATE=getMsg HTTP/1.1" 200 27
114.83.217.30 - - [06/Feb/2023:12:19:07 +0800] "GET /xingrg/kc/buy/cgsh_order_operate.html?command=get_materiel&rest_code=00149&code=00101001073&supplier_code=00100319&order_time=2023-02-06 HTTP/1.1" 200 421
120.253.135.82 - - [06/Feb/2023:12:19:13 +0800] "GET /xingrg/all/function/internal_message.html?_=1675656989541&CODE_STATE=getMsg HTTP/1.1" 200 27
180.169.147.146 - - [06/Feb/2023:12:19:22 +0800] "GET /xingrg/all/function/internal_message.html?_=1675657181980&CODE_STATE=getMsg HTTP/1.1" 200 27
124.78.154.177 - - [06/Feb/2023:12:19:23 +0800] "GET /xingrg/all/function/internal_message.html?_=1675657185034&CODE_STATE=getMsg HTTP/1.1" 200 27
124.78.154.177 - - [06/Feb/2023:12:19:29 +0800] "GET /xingrg/kc/buy/cgsh_order_operate.html?command=get_materiel&rest_code=00106&code=00101004051&supplier_code=00100312&order_time=2023-02-06 HTTP/1.1" 200 408
218.81.216.21 - - [06/Feb/2023:12:19:32 +0800] "GET /xingrg/all/function/internal_message.html?_=1675657195583&CODE_STATE=getMsg HTTP/1.1" 200 27
120.253.135.82 - - [06/Feb/2023:12:19:36 +0800] "GET /xingrg/all/function/internal_message.html?_=1675657321643&CODE_STATE=getMsg HTTP/1.1" 200 27
180.163.30.76 - - [06/Feb/2023:12:19:37 +0800] "GET /xingrg/kc/print/load_data.html?order_code=212023020601633&kc_code=cgsh&condition= HTTP/1.1" 302 -
180.163.30.76 - - [06/Feb/2023:12:19:37 +0800] "GET /xingrg/login.html HTTP/1.1" 200 7641
114.83.217.30 - - [06/Feb/2023:12:19:37 +0800] "GET /xingrg/all/function/internal_message.html?_=1675657198455&CODE_STATE=getMsg HTTP/1.1" 200 27
114.83.217.30 - - [06/Feb/2023:12:19:37 +0800] "GET /xingrg/check_reg.html?_=1675657198459 HTTP/1.1" 200 22
114.83.222.182 - - [06/Feb/2023:12:19:38 +0800] "GET /xingrg/all/function/internal_message.html?_=1675657303154&CODE_STATE=getMsg HTTP/1.1" 200 27
124.78.154.177 - - [06/Feb/2023:12:19:45 +0800] "GET /xingrg/kc/buy/cgsh_order_operate.html?command=get_materiel&rest_code=00106&code=00101004046&supplier_code=00100312&order_time=2023-02-06 HTTP/1.1" 200 417
101.83.145.75 - - [06/Feb/2023:12:19:46 +0800] "GET /xingrg/all/function/internal_message.html?_=1675657207343&CODE_STATE=getMsg HTTP/1.1" 200 27
114.83.217.30 - - [06/Feb/2023:12:19:48 +0800] "POST /xingrg/kc/buy/cgsh_order_operate.html HTTP/1.1" 200 37
180.169.147.146 - - [06/Feb/2023:12:19:50 +0800] "GET /xingrg/all/function/internal_message.html?_=1675657211562&CODE_STATE=getMsg HTTP/1.1" 200 27
58.221.95.50 - - [06/Feb/2023:12:19:54 +0800] "GET /xingrg/all/function/internal_message.html?_=1675657215953&CODE_STATE=getMsg HTTP/1.1" 200 27
114.83.217.30 - - [06/Feb/2023:12:19:54 +0800] "POST /xingrg/kc/buy/cgsh_order_operate.html HTTP/1.1" 200 12
116.238.139.35 - - [06/Feb/2023:12:19:54 +0800] "GET /xingrg/all/function/internal_message.html?_=1675657216488&CODE_STATE=getMsg HTTP/1.1" 200 27
114.83.217.30 - - [06/Feb/2023:12:19:56 +0800] "GET /xingrg/kc/buy/cgsh_order_info.html?code=212023020601634 HTTP/1.1" 200 64698
114.83.217.30 - - [06/Feb/2023:12:19:56 +0800] "GET /xingrg/javascript/easyui/themes/default/validatebox.css HTTP/1.1" 404 1104
116.230.105.139 - - [06/Feb/2023:12:19:57 +0800] "GET /xingrg/all/function/internal_message.html?_=1675657217936&CODE_STATE=getMsg HTTP/1.1" 200 27
114.83.217.30 - - [06/Feb/2023:12:19:57 +0800] "POST /xingrg/kc/buy/cgsh_order_operate.html HTTP/1.1" 200 1217
116.192.124.172 - - [06/Feb/2023:12:19:57 +0800] "GET /xingrg/all/function/internal_message.html?_=1675657221065&CODE_STATE=getMsg HTTP/1.1" 200 27
116.192.124.172 - - [06/Feb/2023:12:19:57 +0800] "GET /xingrg/check_reg.html?_=1675657221069 HTTP/1.1" 200 22
124.79.72.155 - - [06/Feb/2023:12:19:59 +0800] "GET /xingrg/all/function/internal_message.html?_=1675657220850&CODE_STATE=getMsg HTTP/1.1" 302 -
124.79.72.155 - - [06/Feb/2023:12:19:59 +0800] "GET /xingrg/login.html HTTP/1.1" 200 7641
124.78.154.177 - - [06/Feb/2023:12:20:00 +0800] "GET /xingrg/kc/buy/cgsh_order_operate.html?command=get_materiel&rest_code=00106&code=00101004061&supplier_code=00100312&order_time=2023-02-06 HTTP/1.1" 200 409
116.238.139.35 - - [06/Feb/2023:12:20:03 +0800] "GET /xingrg/all/function/internal_message.html?_=1675657152212&CODE_STATE=getMsg HTTP/1.1" 200 27
180.157.253.110 - - [06/Feb/2023:12:20:04 +0800] "GET /xingrg/all/function/internal_message.html?_=1675657227167&CODE_STATE=getMsg HTTP/1.1" 200 27
114.83.217.30 - - [06/Feb/2023:12:20:08 +0800] "GET /xingrg/kc/print/load_data.html?order_code=212023020601634&kc_code=cgsh&condition= HTTP/1.1" 200 956
124.78.154.177 - - [06/Feb/2023:12:20:10 +0800] "GET /xingrg/kc/buy/cgsh_order_operate.html?command=get_materiel&rest_code=00106&code=00101004071&supplier_code=00100312&order_time=2023-02-06 HTTP/1.1" 200 409
114.83.217.30 - - [06/Feb/2023:12:20:12 +0800] "GET /xingrg/kc/buy/cgsh_order_add.html HTTP/1.1" 200 69792
114.83.217.30 - - [06/Feb/2023:12:20:12 +0800] "POST /xingrg/kc/buy/cgsh_order_operate.html HTTP/1.1" 200 8245
114.83.217.30 - - [06/Feb/2023:12:20:13 +0800] "GET /xingrg/javascript/easyui/themes/default/validatebox.css HTTP/1.1" 404 1104
120.253.135.82 - - [06/Feb/2023:12:20:13 +0800] "GET /xingrg/all/function/internal_message.html?_=1675657049594&CODE_STATE=getMsg HTTP/1.1" 200 27
114.83.217.30 - - [06/Feb/2023:12:20:21 +0800] "GET /xingrg/kc/buy/cgsh_order_operate.html?command=get_materiel&rest_code=00149&code=00101013115&supplier_code=00100337&order_time=2023-02-06 HTTP/1.1" 200 432
180.169.147.146 - - [06/Feb/2023:12:20:22 +0800] "GET /xingrg/all/function/internal_message.html?_=1675657241976&CODE_STATE=getMsg HTTP/1.1" 200 27
124.78.154.177 - - [06/Feb/2023:12:20:23 +0800] "GET /xingrg/all/function/internal_message.html?_=1675657245011&CODE_STATE=getMsg HTTP/1.1" 200 27
218.81.216.21 - - [06/Feb/2023:12:20:23 +0800] "GET /xingrg/check_reg.html?_=1675657246508 HTTP/1.1" 200 22
124.78.154.177 - - [06/Feb/2023:12:20:28 +0800] "GET /xingrg/kc/buy/cgsh_order_operate.html?command=get_materiel&rest_code=00106&code=00101004030&supplier_code=00100312&order_time=2023-02-06 HTTP/1.1" 200 408
218.81.216.21 - - [06/Feb/2023:12:20:32 +0800] "GET /xingrg/all/function/internal_message.html?_=1675657255599&CODE_STATE=getMsg HTTP/1.1" 200 27
120.253.135.82 - - [06/Feb/2023:12:20:36 +0800] "GET /xingrg/all/function/internal_message.html?_=1675657381650&CODE_STATE=getMsg HTTP/1.1" 200 27
114.83.217.30 - - [06/Feb/2023:12:20:37 +0800] "GET /xingrg/all/function/internal_message.html?_=1675657258459&CODE_STATE=getMsg HTTP/1.1" 200 27
114.83.222.182 - - [06/Feb/2023:12:20:38 +0800] "GET /xingrg/all/function/internal_message.html?_=1675657363138&CODE_STATE=getMsg HTTP/1.1" 200 27
101.83.145.75 - - [06/Feb/2023:12:20:46 +0800] "GET /xingrg/all/function/internal_message.html?_=1675657267320&CODE_STATE=getMsg HTTP/1.1" 200 27
120.253.135.82 - - [06/Feb/2023:12:20:47 +0800] "GET /xingrg/check_reg.html?_=1675657083425 HTTP/1.1" 200 22
101.83.145.75 - - [06/Feb/2023:12:20:47 +0800] "GET /xingrg/check_reg.html?_=1675657268902 HTTP/1.1" 200 22
180.169.147.146 - - [06/Feb/2023:12:20:50 +0800] "GET /xingrg/check_reg.html?_=1675657271563 HTTP/1.1" 200 22
180.169.147.146 - - [06/Feb/2023:12:20:50 +0800] "GET /xingrg/all/function/internal_message.html?_=1675657271566&CODE_STATE=getMsg HTTP/1.1" 200 27
58.221.95.50 - - [06/Feb/2023:12:20:54 +0800] "GET /xingrg/all/function/internal_message.html?_=1675657275941&CODE_STATE=getMsg HTTP/1.1" 200 27
116.238.139.35 - - [06/Feb/2023:12:20:54 +0800] "GET /xingrg/all/function/internal_message.html?_=1675657276488&CODE_STATE=getMsg HTTP/1.1" 200 27
116.230.105.139 - - [06/Feb/2023:12:20:57 +0800] "GET /xingrg/all/function/internal_message.html?_=1675657277924&CODE_STATE=getMsg HTTP/1.1" 200 27
116.192.124.172 - - [06/Feb/2023:12:20:57 +0800] "GET /xingrg/all/function/internal_message.html?_=1675657281069&CODE_STATE=getMsg HTTP/1.1" 200 27
116.230.105.139 - - [06/Feb/2023:12:20:57 +0800] "GET /xingrg/check_reg.html?_=1675657278529 HTTP/1.1" 200 22
124.79.72.155 - - [06/Feb/2023:12:20:59 +0800] "GET /xingrg/all/function/internal_message.html?_=1675657280854&CODE_STATE=getMsg HTTP/1.1" 302 -
124.79.72.155 - - [06/Feb/2023:12:20:59 +0800] "GET /xingrg/check_reg.html?_=1675657280854 HTTP/1.1" 302 -
124.79.72.155 - - [06/Feb/2023:12:20:59 +0800] "GET /xingrg/login.html HTTP/1.1" 200 7641
124.79.72.155 - - [06/Feb/2023:12:20:59 +0800] "GET /xingrg/login.html HTTP/1.1" 200 7641
114.83.217.30 - - [06/Feb/2023:12:21:01 +0800] "POST /xingrg/kc/buy/cgsh_order_operate.html HTTP/1.1" 200 37
116.238.139.35 - - [06/Feb/2023:12:21:03 +0800] "GET /xingrg/all/function/internal_message.html?_=1675657212248&CODE_STATE=getMsg HTTP/1.1" 200 27
180.157.253.110 - - [06/Feb/2023:12:21:04 +0800] "GET /xingrg/all/function/internal_message.html?_=1675657287181&CODE_STATE=getMsg HTTP/1.1" 200 27
114.83.217.30 - - [06/Feb/2023:12:21:07 +0800] "POST /xingrg/kc/buy/cgsh_order_operate.html HTTP/1.1" 200 12
114.83.217.30 - - [06/Feb/2023:12:21:09 +0800] "GET /xingrg/kc/buy/cgsh_order_info.html?code=212023020601635 HTTP/1.1" 200 64696
114.83.217.30 - - [06/Feb/2023:12:21:09 +0800] "GET /xingrg/javascript/easyui/themes/default/validatebox.css HTTP/1.1" 404 1104
114.83.217.30 - - [06/Feb/2023:12:21:10 +0800] "POST /xingrg/kc/buy/cgsh_order_operate.html HTTP/1.1" 200 608
114.83.217.30 - - [06/Feb/2023:12:21:13 +0800] "GET /xingrg/kc/print/load_data.html?order_code=212023020601635&kc_code=cgsh&condition= HTTP/1.1" 200 712
120.253.135.82 - - [06/Feb/2023:12:21:13 +0800] "GET /xingrg/all/function/internal_message.html?_=1675657109600&CODE_STATE=getMsg HTTP/1.1" 200 27
124.78.154.177 - - [06/Feb/2023:12:21:16 +0800] "GET /xingrg/kc/buy/cgsh_order_operate.html?command=get_materiel&rest_code=00106&code=00101005017&supplier_code=00100312&order_time=2023-02-06 HTTP/1.1" 200 429
114.83.217.30 - - [06/Feb/2023:12:21:17 +0800] "GET /xingrg/kc/buy/cgsh_order_add.html HTTP/1.1" 200 69792
114.83.217.30 - - [06/Feb/2023:12:21:17 +0800] "POST /xingrg/kc/buy/cgsh_order_operate.html HTTP/1.1" 200 8245
114.83.217.30 - - [06/Feb/2023:12:21:18 +0800] "GET /xingrg/javascript/easyui/themes/default/validatebox.css HTTP/1.1" 404 1104
180.169.147.146 - - [06/Feb/2023:12:21:22 +0800] "GET /xingrg/all/function/internal_message.html?_=1675657301991&CODE_STATE=getMsg HTTP/1.1" 200 27
124.78.154.177 - - [06/Feb/2023:12:21:23 +0800] "GET /xingrg/all/function/internal_message.html?_=1675657304993&CODE_STATE=getMsg HTTP/1.1" 200 27
116.238.139.35 - - [06/Feb/2023:12:21:24 +0800] "GET /xingrg/check_reg.html?_=1675657233317 HTTP/1.1" 200 22
114.83.217.30 - - [06/Feb/2023:12:21:26 +0800] "GET /xingrg/kc/buy/cgsh_order_operate.html?command=get_materiel&rest_code=00149&code=00101001037&supplier_code=00100090&order_time=2023-02-06 HTTP/1.1" 200 416
218.81.216.21 - - [06/Feb/2023:12:21:32 +0800] "GET /xingrg/all/function/internal_message.html?_=1675657315613&CODE_STATE=getMsg HTTP/1.1" 200 27
120.253.135.82 - - [06/Feb/2023:12:21:36 +0800] "GET /xingrg/all/function/internal_message.html?_=1675657441651&CODE_STATE=getMsg HTTP/1.1" 200 27
120.253.135.82 - - [06/Feb/2023:12:21:36 +0800] "GET /xingrg/check_reg.html?_=1675657441653 HTTP/1.1" 200 22
114.83.222.182 - - [06/Feb/2023:12:21:38 +0800] "GET /xingrg/all/function/internal_message.html?_=1675657423120&CODE_STATE=getMsg HTTP/1.1" 200 27
114.83.217.30 - - [06/Feb/2023:12:21:40 +0800] "POST /xingrg/kc/buy/cgsh_order_operate.html HTTP/1.1" 200 37
114.83.217.30 - - [06/Feb/2023:12:21:45 +0800] "POST /xingrg/kc/buy/cgsh_order_operate.html HTTP/1.1" 200 12
101.83.145.75 - - [06/Feb/2023:12:21:46 +0800] "GET /xingrg/all/function/internal_message.html?_=1675657327296&CODE_STATE=getMsg HTTP/1.1" 200 27
114.83.217.30 - - [06/Feb/2023:12:21:48 +0800] "GET /xingrg/kc/buy/cgsh_order_info.html?code=212023020601636 HTTP/1.1" 200 64698
114.83.217.30 - - [06/Feb/2023:12:21:48 +0800] "GET /xingrg/javascript/easyui/themes/default/validatebox.css HTTP/1.1" 404 1104
114.83.217.30 - - [06/Feb/2023:12:21:49 +0800] "POST /xingrg/kc/buy/cgsh_order_operate.html HTTP/1.1" 200 615
180.169.147.146 - - [06/Feb/2023:12:21:50 +0800] "GET /xingrg/all/function/internal_message.html?_=1675657331565&CODE_STATE=getMsg HTTP/1.1" 200 27
114.83.217.30 - - [06/Feb/2023:12:21:51 +0800] "GET /xingrg/kc/print/load_data.html?order_code=212023020601636&kc_code=cgsh&condition= HTTP/1.1" 200 783
58.221.95.50 - - [06/Feb/2023:12:21:54 +0800] "GET /xingrg/all/function/internal_message.html?_=1675657335916&CODE_STATE=getMsg HTTP/1.1" 200 27
116.238.139.35 - - [06/Feb/2023:12:21:54 +0800] "GET /xingrg/all/function/internal_message.html?_=1675657336493&CODE_STATE=getMsg HTTP/1.1" 200 27
114.83.217.30 - - [06/Feb/2023:12:21:55 +0800] "GET /xingrg/kc/buy/cgsh_order_add.html HTTP/1.1" 200 69792
114.83.217.30 - - [06/Feb/2023:12:21:55 +0800] "POST /xingrg/kc/buy/cgsh_order_operate.html HTTP/1.1" 200 8245
114.83.217.30 - - [06/Feb/2023:12:21:55 +0800] "GET /xingrg/javascript/easyui/themes/default/validatebox.css HTTP/1.1" 404 1104
116.230.105.139 - - [06/Feb/2023:12:21:57 +0800] "GET /xingrg/all/function/internal_message.html?_=1675657337921&CODE_STATE=getMsg HTTP/1.1" 200 27
116.192.124.172 - - [06/Feb/2023:12:21:57 +0800] "GET /xingrg/all/function/internal_message.html?_=1675657341071&CODE_STATE=getMsg HTTP/1.1" 200 27
124.79.72.155 - - [06/Feb/2023:12:21:59 +0800] "GET /xingrg/all/function/internal_message.html?_=1675657340854&CODE_STATE=getMsg HTTP/1.1" 302 -
124.79.72.155 - - [06/Feb/2023:12:21:59 +0800] "GET /xingrg/login.html HTTP/1.1" 200 7641
116.238.139.35 - - [06/Feb/2023:12:22:03 +0800] "GET /xingrg/all/function/internal_message.html?_=1675657272255&CODE_STATE=getMsg HTTP/1.1" 200 27
180.157.253.110 - - [06/Feb/2023:12:22:04 +0800] "GET /xingrg/all/function/internal_message.html?_=1675657347180&CODE_STATE=getMsg HTTP/1.1" 200 27
180.157.253.110 - - [06/Feb/2023:12:22:04 +0800] "GET /xingrg/check_reg.html?_=1675657347179 HTTP/1.1" 200 22
114.88.159.190 - - [06/Feb/2023:12:22:08 +0800] "GET /xingrg/check_reg.html?_=1675656918102 HTTP/1.1" 200 22
180.163.28.109 - - [06/Feb/2023:12:22:13 +0800] "GET /xingrg/kc/buy/cgsh_order_operate.html?command=get_materiel&rest_code=00106&code=00101005017&supplier_code=00100312&order_time=2023-02-06 HTTP/1.1" 302 -
120.253.135.82 - - [06/Feb/2023:12:22:13 +0800] "GET /xingrg/all/function/internal_message.html?_=1675657169612&CODE_STATE=getMsg HTTP/1.1" 200 27
180.163.28.109 - - [06/Feb/2023:12:22:13 +0800] "GET /xingrg/login.html HTTP/1.1" 200 7641
180.157.253.110 - - [06/Feb/2023:12:22:14 +0800] "GET /xingrg/kc/buy/cgsh_order_list.html HTTP/1.1" 200 53928
180.157.253.110 - - [06/Feb/2023:12:22:15 +0800] "POST /xingrg/kc/buy/cgsh_list_operate.html HTTP/1.1" 200 986
180.157.253.110 - - [06/Feb/2023:12:22:16 +0800] "GET /xingrg/kc/buy/cgsh_order_add.html HTTP/1.1" 200 69697
180.157.253.110 - - [06/Feb/2023:12:22:16 +0800] "GET /xingrg/words/20230202152545_words.js HTTP/1.1" 304 -
180.157.253.110 - - [06/Feb/2023:12:22:17 +0800] "POST /xingrg/kc/buy/cgsh_order_operate.html HTTP/1.1" 200 8245
180.157.253.110 - - [06/Feb/2023:12:22:17 +0800] "GET /xingrg/all/common/auto_word.html?type=employee&rest_code=00148 HTTP/1.1" 200 243
180.157.253.110 - - [06/Feb/2023:12:22:17 +0800] "GET /xingrg/javascript/easyui/themes/default/validatebox.css HTTP/1.1" 404 1104
180.157.253.110 - - [06/Feb/2023:12:22:17 +0800] "GET /xingrg/all/common/auto_word.html?type=employee&rest_code=00148 HTTP/1.1" 200 243
180.169.147.146 - - [06/Feb/2023:12:22:22 +0800] "GET /xingrg/all/function/internal_message.html?_=1675657361986&CODE_STATE=getMsg HTTP/1.1" 200 27
124.78.154.177 - - [06/Feb/2023:12:22:23 +0800] "GET /xingrg/all/function/internal_message.html?_=1675657364964&CODE_STATE=getMsg HTTP/1.1" 200 27
218.81.216.21 - - [06/Feb/2023:12:22:27 +0800] "GET /favicon.ico HTTP/1.1" 404 -
114.83.217.30 - - [06/Feb/2023:12:22:32 +0800] "GET /xingrg/kc/buy/cgsh_order_operate.html?command=get_materiel&rest_code=00149&code=00102026001&supplier_code=00100090&order_time=2023-02-06 HTTP/1.1" 200 409
218.81.216.21 - - [06/Feb/2023:12:22:32 +0800] "GET /xingrg/all/function/internal_message.html?_=1675657375831&CODE_STATE=getMsg HTTP/1.1" 200 27
120.253.135.82 - - [06/Feb/2023:12:22:36 +0800] "GET /xingrg/all/function/internal_message.html?_=1675657501660&CODE_STATE=getMsg HTTP/1.1" 200 27
114.83.217.30 - - [06/Feb/2023:12:22:37 +0800] "GET /xingrg/all/function/internal_message.html?_=1675657378481&CODE_STATE=getMsg HTTP/1.1" 200 27
114.83.222.182 - - [06/Feb/2023:12:22:38 +0800] "GET /xingrg/all/function/internal_message.html?_=1675657483115&CODE_STATE=getMsg HTTP/1.1" 200 27
101.83.145.75 - - [06/Feb/2023:12:22:46 +0800] "GET /xingrg/all/function/internal_message.html?_=1675657387265&CODE_STATE=getMsg HTTP/1.1" 200 27
180.169.147.146 - - [06/Feb/2023:12:22:50 +0800] "GET /xingrg/all/function/internal_message.html?_=1675657391565&CODE_STATE=getMsg HTTP/1.1" 200 27
58.221.95.50 - - [06/Feb/2023:12:22:54 +0800] "GET /xingrg/all/function/internal_message.html?_=1675657395890&CODE_STATE=getMsg HTTP/1.1" 200 27
116.238.139.35 - - [06/Feb/2023:12:22:54 +0800] "GET /xingrg/all/function/internal_message.html?_=1675657396493&CODE_STATE=getMsg HTTP/1.1" 200 27
116.230.105.139 - - [06/Feb/2023:12:22:57 +0800] "GET /xingrg/all/function/internal_message.html?_=1675657397902&CODE_STATE=getMsg HTTP/1.1" 200 27
116.192.124.172 - - [06/Feb/2023:12:22:57 +0800] "GET /xingrg/all/function/internal_message.html?_=1675657401073&CODE_STATE=getMsg HTTP/1.1" 200 27
124.79.72.155 - - [06/Feb/2023:12:22:59 +0800] "GET /xingrg/all/function/internal_message.html?_=1675657400856&CODE_STATE=getMsg HTTP/1.1" 302 -
124.79.72.155 - - [06/Feb/2023:12:22:59 +0800] "GET /xingrg/login.html HTTP/1.1" 200 7641
116.238.139.35 - - [06/Feb/2023:12:23:03 +0800] "GET /xingrg/all/function/internal_message.html?_=1675657332269&CODE_STATE=getMsg HTTP/1.1" 200 27
180.157.253.110 - - [06/Feb/2023:12:23:04 +0800] "GET /xingrg/all/function/internal_message.html?_=1675657407176&CODE_STATE=getMsg HTTP/1.1" 200 27
58.221.95.50 - - [06/Feb/2023:12:23:07 +0800] "GET /xingrg/check_reg.html?_=1675657409180 HTTP/1.1" 200 22
