222.70.181.49 - - [06/Feb/2023:11:30:07 +0800] "GET /xingrg/all/function/internal_message.html?_=1675654228856&CODE_STATE=getMsg HTTP/1.1" 200 27
101.83.145.75 - - [06/Feb/2023:11:30:10 +0800] "GET /xingrg/kc/base/wldb_order_operate.html?command=get_materiel&rest_code=00105&base_code=0010507&code=00101019391 HTTP/1.1" 200 483
120.253.135.82 - - [06/Feb/2023:11:30:11 +0800] "GET /xingrg/all/function/internal_message.html?_=1675654047663&CODE_STATE=getMsg HTTP/1.1" 200 27
222.70.181.49 - - [06/Feb/2023:11:30:12 +0800] "GET /xingrg/kc/buy/cgsh_order_add.html HTTP/1.1" 200 69659
222.70.181.49 - - [06/Feb/2023:11:30:12 +0800] "POST /xingrg/kc/buy/cgsh_order_operate.html HTTP/1.1" 200 8245
222.70.181.49 - - [06/Feb/2023:11:30:12 +0800] "GET /xingrg/javascript/easyui/themes/default/validatebox.css HTTP/1.1" 404 1104
114.88.159.190 - - [06/Feb/2023:11:30:20 +0800] "POST /xingrg/kc/buy/cgsh_order_operate.html HTTP/1.1" 200 37
101.83.145.75 - - [06/Feb/2023:11:30:21 +0800] "GET /xingrg/kc/base/wldb_order_operate.html?command=get_materiel&rest_code=00105&base_code=0010507&code=00101019185 HTTP/1.1" 200 469
180.169.147.146 - - [06/Feb/2023:11:30:22 +0800] "GET /xingrg/all/function/internal_message.html?_=1675654241972&CODE_STATE=getMsg HTTP/1.1" 200 27
116.192.124.172 - - [06/Feb/2023:11:30:22 +0800] "GET /xingrg/kc/buy/cgsh_order_operate.html?command=get_materiel&rest_code=00102&code=00101008358&supplier_code=00100008&order_time=2023-02-06 HTTP/1.1" 200 412
180.157.253.110 - - [06/Feb/2023:11:30:22 +0800] "GET /xingrg/all/function/internal_message.html?_=1675654245347&CODE_STATE=getMsg HTTP/1.1" 200 27
218.81.216.21 - - [06/Feb/2023:11:30:23 +0800] "GET /xingrg/check_reg.html?_=1675654246449 HTTP/1.1" 200 22
114.88.159.190 - - [06/Feb/2023:11:30:25 +0800] "POST /xingrg/kc/buy/cgsh_order_operate.html HTTP/1.1" 200 12
114.88.159.190 - - [06/Feb/2023:11:30:26 +0800] "GET /xingrg/kc/buy/cgsh_order_info.html?code=212023020601602 HTTP/1.1" 200 64610
114.88.159.190 - - [06/Feb/2023:11:30:27 +0800] "GET /xingrg/javascript/easyui/themes/default/validatebox.css HTTP/1.1" 404 1104
218.81.216.21 - - [06/Feb/2023:11:30:28 +0800] "GET /xingrg/all/function/internal_message.html?_=1675654251051&CODE_STATE=getMsg HTTP/1.1" 200 27
114.88.159.190 - - [06/Feb/2023:11:30:28 +0800] "POST /xingrg/kc/buy/cgsh_order_operate.html HTTP/1.1" 200 613
116.192.124.172 - - [06/Feb/2023:11:30:29 +0800] "GET /xingrg/all/function/internal_message.html?_=1675654252378&CODE_STATE=getMsg HTTP/1.1" 200 27
114.88.159.190 - - [06/Feb/2023:11:30:29 +0800] "GET /xingrg/kc/print/load_data.html?order_code=212023020601602&kc_code=cgsh&condition= HTTP/1.1" 200 720
116.192.124.172 - - [06/Feb/2023:11:30:29 +0800] "GET /xingrg/kc/buy/cgsh_order_operate.html?command=get_materiel&rest_code=00102&code=00101008003&supplier_code=00100008&order_time=2023-02-06 HTTP/1.1" 200 408
222.70.181.49 - - [06/Feb/2023:11:30:30 +0800] "GET /xingrg/kc/buy/cgsh_order_operate.html?command=get_materiel&rest_code=00111&code=00101006012&supplier_code=00100325&order_time=2023-02-06 HTTP/1.1" 200 419
101.83.145.75 - - [06/Feb/2023:11:30:31 +0800] "GET /xingrg/kc/base/wldb_order_operate.html?command=get_materiel&rest_code=00105&base_code=0010507&code=00101019129 HTTP/1.1" 200 471
116.238.139.35 - - [06/Feb/2023:11:30:33 +0800] "GET /xingrg/kc/base/check_order_list.html HTTP/1.1" 200 16262
116.238.139.35 - - [06/Feb/2023:11:30:33 +0800] "POST /xingrg/kc/base/check_list_operate.html HTTP/1.1" 200 1563
114.88.159.190 - - [06/Feb/2023:11:30:34 +0800] "GET /xingrg/kc/buy/cgsh_order_add.html HTTP/1.1" 200 69703
114.88.159.190 - - [06/Feb/2023:11:30:34 +0800] "POST /xingrg/kc/buy/cgsh_order_operate.html HTTP/1.1" 200 8245
114.88.159.190 - - [06/Feb/2023:11:30:34 +0800] "GET /xingrg/javascript/easyui/themes/default/validatebox.css HTTP/1.1" 404 1104
116.238.139.35 - - [06/Feb/2023:11:30:35 +0800] "GET /xingrg/kc/base/check_order_info.html?code=452023013100096 HTTP/1.1" 200 26140
116.238.139.35 - - [06/Feb/2023:11:30:35 +0800] "GET /xingrg/dwr/interface/AjaxComOrderService.js HTTP/1.1" 200 18264
116.238.139.35 - - [06/Feb/2023:11:30:35 +0800] "GET /xingrg/dwr/interface/AjaxCheckService.js HTTP/1.1" 200 14003
116.238.139.35 - - [06/Feb/2023:11:30:35 +0800] "GET /xingrg/dwr/engine.js HTTP/1.1" 200 43631
116.238.139.35 - - [06/Feb/2023:11:30:35 +0800] "POST /xingrg/dwr/call/plaincall/AjaxCheckService.loadOrderItems.dwr HTTP/1.1" 200 13026
116.238.139.35 - - [06/Feb/2023:11:30:35 +0800] "GET /xingrg/javascript/jquery_easy_ui/themes/icons/no.png HTTP/1.1" 200 922
101.83.145.75 - - [06/Feb/2023:11:30:36 +0800] "POST /xingrg/kc/base/wldb_order_operate.html HTTP/1.1" 200 37
101.83.145.75 - - [06/Feb/2023:11:30:37 +0800] "POST /xingrg/kc/base/wldb_order_operate.html HTTP/1.1" 200 5224
101.83.145.75 - - [06/Feb/2023:11:30:37 +0800] "GET /xingrg/kc/base/wldb_order_info.html?code=422023020600360 HTTP/1.1" 200 30437
101.83.145.75 - - [06/Feb/2023:11:30:37 +0800] "GET /xingrg/javascript/easyui/themes/default/validatebox.css HTTP/1.1" 404 1104
101.83.145.75 - - [06/Feb/2023:11:30:38 +0800] "POST /xingrg/kc/base/wldb_order_operate.html HTTP/1.1" 200 5224
116.192.124.172 - - [06/Feb/2023:11:30:38 +0800] "POST /xingrg/kc/buy/cgsh_order_operate.html HTTP/1.1" 200 37
114.83.222.182 - - [06/Feb/2023:11:30:39 +0800] "GET /xingrg/all/function/internal_message.html?_=1675654363902&CODE_STATE=getMsg HTTP/1.1" 200 27
114.83.217.30 - - [06/Feb/2023:11:30:39 +0800] "GET /xingrg/all/function/internal_message.html?_=1675654259898&CODE_STATE=getMsg HTTP/1.1" 200 27
116.238.139.35 - - [06/Feb/2023:11:30:42 +0800] "GET /xingrg/all/function/internal_message.html?_=1675654263923&CODE_STATE=getMsg HTTP/1.1" 200 27
116.192.124.172 - - [06/Feb/2023:11:30:43 +0800] "POST /xingrg/kc/buy/cgsh_order_operate.html HTTP/1.1" 200 12
116.238.139.35 - - [06/Feb/2023:11:30:45 +0800] "POST /xingrg/dwr/call/plaincall/AjaxCheckService.setItemNumber.dwr HTTP/1.1" 200 76
116.238.139.35 - - [06/Feb/2023:11:30:46 +0800] "POST /xingrg/dwr/call/plaincall/AjaxCheckService.setItemNumber.dwr HTTP/1.1" 200 76
120.253.135.82 - - [06/Feb/2023:11:30:46 +0800] "GET /xingrg/check_reg.html?_=1675654083334 HTTP/1.1" 200 22
116.238.139.35 - - [06/Feb/2023:11:30:47 +0800] "POST /xingrg/dwr/call/plaincall/AjaxCheckService.setItemNumber.dwr HTTP/1.1" 200 76
101.83.145.75 - - [06/Feb/2023:11:30:47 +0800] "GET /xingrg/all/function/internal_message.html?_=1675654268547&CODE_STATE=getMsg HTTP/1.1" 200 27
101.83.145.75 - - [06/Feb/2023:11:30:47 +0800] "GET /xingrg/check_reg.html?_=1675654268835 HTTP/1.1" 200 22
116.238.139.35 - - [06/Feb/2023:11:30:48 +0800] "POST /xingrg/dwr/call/plaincall/AjaxCheckService.setItemNumber.dwr HTTP/1.1" 200 76
101.83.145.75 - - [06/Feb/2023:11:30:49 +0800] "GET /xingrg/kc/base/wldb_order_add.html HTTP/1.1" 200 30422
101.83.145.75 - - [06/Feb/2023:11:30:49 +0800] "POST /xingrg/kc/base/wldb_order_operate.html HTTP/1.1" 200 6806
101.83.145.75 - - [06/Feb/2023:11:30:49 +0800] "GET /xingrg/javascript/easyui/themes/default/validatebox.css HTTP/1.1" 404 1104
114.88.159.190 - - [06/Feb/2023:11:30:50 +0800] "GET /xingrg/kc/buy/cgsh_order_operate.html?command=get_materiel&rest_code=00141&code=00101013281&supplier_code=00100337&order_time=2023-02-06 HTTP/1.1" 200 406
180.169.147.146 - - [06/Feb/2023:11:30:50 +0800] "GET /xingrg/check_reg.html?_=1675654271472 HTTP/1.1" 200 22
180.169.147.146 - - [06/Feb/2023:11:30:50 +0800] "GET /xingrg/all/function/internal_message.html?_=1675654271500&CODE_STATE=getMsg HTTP/1.1" 200 27
101.83.145.75 - - [06/Feb/2023:11:30:51 +0800] "POST /xingrg/all/common/load_combo.html?type=base HTTP/1.1" 200 3409
222.70.181.49 - - [06/Feb/2023:11:30:52 +0800] "GET /xingrg/kc/buy/cgsh_order_operate.html?command=get_materiel&rest_code=00111&code=00101013175&supplier_code=00100325&order_time=2023-02-06 HTTP/1.1" 200 413
116.238.139.35 - - [06/Feb/2023:11:30:52 +0800] "POST /xingrg/dwr/call/plaincall/AjaxCheckService.setItemNumber.dwr HTTP/1.1" 200 76
116.238.139.35 - - [06/Feb/2023:11:30:54 +0800] "POST /xingrg/dwr/call/plaincall/AjaxCheckService.setItemNumber.dwr HTTP/1.1" 200 76
58.221.95.50 - - [06/Feb/2023:11:30:55 +0800] "GET /xingrg/all/function/internal_message.html?_=1675654276827&CODE_STATE=getMsg HTTP/1.1" 200 27
116.238.139.35 - - [06/Feb/2023:11:30:56 +0800] "POST /xingrg/dwr/call/plaincall/AjaxCheckService.setItemNumber.dwr HTTP/1.1" 200 76
116.230.105.139 - - [06/Feb/2023:11:30:57 +0800] "GET /xingrg/check_reg.html?_=1675654278520 HTTP/1.1" 200 22
116.230.105.139 - - [06/Feb/2023:11:30:57 +0800] "GET /xingrg/all/function/internal_message.html?_=1675654278524&CODE_STATE=getMsg HTTP/1.1" 200 27
124.79.72.155 - - [06/Feb/2023:11:30:59 +0800] "GET /xingrg/all/function/internal_message.html?_=1675654280749&CODE_STATE=getMsg HTTP/1.1" 200 27
124.79.72.155 - - [06/Feb/2023:11:30:59 +0800] "GET /xingrg/check_reg.html?_=1675654280752 HTTP/1.1" 200 22
101.83.145.75 - - [06/Feb/2023:11:31:00 +0800] "GET /xingrg/kc/base/wldb_order_operate.html?command=get_materiel&rest_code=00105&base_code=0010507&code=00101019258 HTTP/1.1" 200 483
114.88.159.190 - - [06/Feb/2023:11:31:00 +0800] "POST /xingrg/kc/buy/cgsh_order_operate.html HTTP/1.1" 200 37
116.192.124.172 - - [06/Feb/2023:11:31:01 +0800] "GET /xingrg/kc/buy/cgsh_order_info.html?code=212023020601603 HTTP/1.1" 200 64647
116.192.124.172 - - [06/Feb/2023:11:31:01 +0800] "GET /xingrg/javascript/easyui/themes/default/validatebox.css HTTP/1.1" 404 1104
116.192.124.172 - - [06/Feb/2023:11:31:02 +0800] "POST /xingrg/kc/buy/cgsh_order_operate.html HTTP/1.1" 200 28995
222.70.181.49 - - [06/Feb/2023:11:31:02 +0800] "GET /xingrg/kc/buy/cgsh_order_operate.html?command=get_materiel&rest_code=00111&code=00101001109&supplier_code=00100325&order_time=2023-02-06 HTTP/1.1" 200 415
116.238.139.35 - - [06/Feb/2023:11:31:02 +0800] "GET /xingrg/all/function/internal_message.html?_=1675654211256&CODE_STATE=getMsg HTTP/1.1" 200 27
116.238.139.35 - - [06/Feb/2023:11:31:04 +0800] "POST /xingrg/dwr/call/plaincall/AjaxCheckService.setItemNumber.dwr HTTP/1.1" 200 76
114.88.159.190 - - [06/Feb/2023:11:31:04 +0800] "POST /xingrg/kc/buy/cgsh_order_operate.html HTTP/1.1" 200 12
114.88.159.190 - - [06/Feb/2023:11:31:05 +0800] "GET /xingrg/kc/buy/cgsh_order_info.html?code=212023020601604 HTTP/1.1" 200 64608
114.88.159.190 - - [06/Feb/2023:11:31:06 +0800] "GET /xingrg/javascript/easyui/themes/default/validatebox.css HTTP/1.1" 404 1104
114.88.159.190 - - [06/Feb/2023:11:31:06 +0800] "POST /xingrg/kc/buy/cgsh_order_operate.html HTTP/1.1" 200 601
116.238.139.35 - - [06/Feb/2023:11:31:07 +0800] "POST /xingrg/dwr/call/plaincall/AjaxCheckService.setItemNumber.dwr HTTP/1.1" 200 76
120.253.135.82 - - [06/Feb/2023:11:31:07 +0800] "GET /xingrg/login.html HTTP/1.1" 200 7641
114.88.159.190 - - [06/Feb/2023:11:31:07 +0800] "GET /xingrg/kc/print/load_data.html?order_code=212023020601604&kc_code=cgsh&condition= HTTP/1.1" 200 705
222.70.181.49 - - [06/Feb/2023:11:31:07 +0800] "GET /xingrg/all/function/internal_message.html?_=1675654288826&CODE_STATE=getMsg HTTP/1.1" 200 27
101.83.145.75 - - [06/Feb/2023:11:31:07 +0800] "GET /xingrg/kc/base/wldb_order_operate.html?command=get_materiel&rest_code=00105&base_code=0010507&code=00101016076 HTTP/1.1" 200 477
120.253.135.82 - - [06/Feb/2023:11:31:11 +0800] "GET /xingrg/all/function/internal_message.html?_=1675654107671&CODE_STATE=getMsg HTTP/1.1" 200 27
114.88.159.190 - - [06/Feb/2023:11:31:12 +0800] "GET /xingrg/kc/buy/cgsh_order_add.html HTTP/1.1" 200 69703
116.238.139.35 - - [06/Feb/2023:11:31:12 +0800] "POST /xingrg/dwr/call/plaincall/AjaxCheckService.setItemNumber.dwr HTTP/1.1" 200 77
114.88.159.190 - - [06/Feb/2023:11:31:12 +0800] "POST /xingrg/kc/buy/cgsh_order_operate.html HTTP/1.1" 200 8245
114.88.159.190 - - [06/Feb/2023:11:31:12 +0800] "GET /xingrg/javascript/easyui/themes/default/validatebox.css HTTP/1.1" 404 1104
116.238.139.35 - - [06/Feb/2023:11:31:13 +0800] "POST /xingrg/dwr/call/plaincall/AjaxCheckService.setItemNumber.dwr HTTP/1.1" 200 77
101.83.145.75 - - [06/Feb/2023:11:31:13 +0800] "GET /xingrg/kc/base/wldb_order_operate.html?command=get_materiel&rest_code=00105&base_code=0010507&code=00101019175 HTTP/1.1" 200 439
116.238.139.35 - - [06/Feb/2023:11:31:17 +0800] "POST /xingrg/dwr/call/plaincall/AjaxCheckService.setItemNumber.dwr HTTP/1.1" 200 77
101.83.145.75 - - [06/Feb/2023:11:31:19 +0800] "GET /xingrg/kc/base/wldb_order_operate.html?command=get_materiel&rest_code=00105&base_code=0010507&code=00101019184 HTTP/1.1" 200 458
116.238.139.35 - - [06/Feb/2023:11:31:19 +0800] "POST /xingrg/dwr/call/plaincall/AjaxCheckService.setItemNumber.dwr HTTP/1.1" 200 77
114.88.159.190 - - [06/Feb/2023:11:31:21 +0800] "GET /xingrg/kc/buy/cgsh_order_operate.html?command=get_materiel&rest_code=00141&code=00101004051&supplier_code=00100312&order_time=2023-02-06 HTTP/1.1" 200 408
180.169.147.146 - - [06/Feb/2023:11:31:22 +0800] "GET /xingrg/all/function/internal_message.html?_=1675654301986&CODE_STATE=getMsg HTTP/1.1" 200 27
180.157.253.110 - - [06/Feb/2023:11:31:22 +0800] "GET /xingrg/all/function/internal_message.html?_=1675654305345&CODE_STATE=getMsg HTTP/1.1" 200 27
116.238.139.35 - - [06/Feb/2023:11:31:24 +0800] "GET /xingrg/check_reg.html?_=1675654233262 HTTP/1.1" 200 22
101.83.145.75 - - [06/Feb/2023:11:31:25 +0800] "GET /xingrg/kc/base/wldb_order_operate.html?command=get_materiel&rest_code=00105&base_code=0010507&code=00101019400 HTTP/1.1" 200 465
116.238.139.35 - - [06/Feb/2023:11:31:27 +0800] "POST /xingrg/dwr/call/plaincall/AjaxCheckService.setItemNumber.dwr HTTP/1.1" 200 77
222.70.181.49 - - [06/Feb/2023:11:31:28 +0800] "GET /xingrg/kc/buy/cgsh_order_operate.html?command=get_materiel&rest_code=00111&code=00101010216&supplier_code=00100325&order_time=2023-02-06 HTTP/1.1" 200 409
218.81.216.21 - - [06/Feb/2023:11:31:28 +0800] "GET /xingrg/all/function/internal_message.html?_=1675654311065&CODE_STATE=getMsg HTTP/1.1" 200 27
114.88.159.190 - - [06/Feb/2023:11:31:28 +0800] "GET /xingrg/kc/buy/cgsh_order_operate.html?command=get_materiel&rest_code=00141&code=00101004046&supplier_code=00100312&order_time=2023-02-06 HTTP/1.1" 200 417
116.238.139.35 - - [06/Feb/2023:11:31:30 +0800] "POST /xingrg/dwr/call/plaincall/AjaxCheckService.setItemNumber.dwr HTTP/1.1" 200 77
101.83.145.75 - - [06/Feb/2023:11:31:31 +0800] "GET /xingrg/kc/base/wldb_order_operate.html?command=get_materiel&rest_code=00105&base_code=0010507&code=00101019014 HTTP/1.1" 200 454
120.253.135.82 - - [06/Feb/2023:11:31:35 +0800] "POST /xingrg/login.do HTTP/1.1" 302 -
120.253.135.82 - - [06/Feb/2023:11:31:35 +0800] "GET /xingrg/index.html?sysBaseUrl=http%3A%2F%2F180.169.147.146%3A18081%2Fxingrg%2F&costTime=44×tamp=1675654295439 HTTP/1.1" 200 17173
120.253.135.82 - - [06/Feb/2023:11:31:35 +0800] "POST /xingrg/all/common/load_tree.html?tree=area_rest_tree_json&manage=1 HTTP/1.1" 200 344
120.253.135.82 - - [06/Feb/2023:11:31:35 +0800] "GET /xingrg/all/function/internal_message.html?_=1675654441428&CODE_STATE=count HTTP/1.1" 200 11
120.253.135.82 - - [06/Feb/2023:11:31:35 +0800] "POST /xingrg/load_menu.html HTTP/1.1" 200 6743
120.253.135.82 - - [06/Feb/2023:11:31:35 +0800] "GET /xingrg/check_reg.html?_=1675654441429 HTTP/1.1" 200 22
116.238.139.35 - - [06/Feb/2023:11:31:36 +0800] "POST /xingrg/dwr/call/plaincall/AjaxCheckService.setItemNumber.dwr HTTP/1.1" 200 77
114.88.159.190 - - [06/Feb/2023:11:31:38 +0800] "GET /xingrg/kc/buy/cgsh_order_operate.html?command=get_materiel&rest_code=00141&code=00101004067&supplier_code=00100312&order_time=2023-02-06 HTTP/1.1" 200 433
116.238.139.35 - - [06/Feb/2023:11:31:38 +0800] "POST /xingrg/dwr/call/plaincall/AjaxCheckService.setItemNumber.dwr HTTP/1.1" 200 77
114.83.222.182 - - [06/Feb/2023:11:31:39 +0800] "GET /xingrg/all/function/internal_message.html?_=1675654423878&CODE_STATE=getMsg HTTP/1.1" 200 27
114.83.217.30 - - [06/Feb/2023:11:31:39 +0800] "GET /xingrg/all/function/internal_message.html?_=1675654319882&CODE_STATE=getMsg HTTP/1.1" 200 27
101.83.145.75 - - [06/Feb/2023:11:31:39 +0800] "GET /xingrg/kc/base/wldb_order_operate.html?command=get_materiel&rest_code=00105&base_code=0010507&code=00101013193 HTTP/1.1" 200 444
120.253.135.82 - - [06/Feb/2023:11:31:40 +0800] "GET /xingrg/kc/pszx/mdps_order_list.html?orderType=0 HTTP/1.1" 200 21073
120.253.135.82 - - [06/Feb/2023:11:31:40 +0800] "GET /xingrg/kc/pszx/mdps_order_list.html?orderType=0 HTTP/1.1" 200 21073
120.253.135.82 - - [06/Feb/2023:11:31:40 +0800] "GET /xingrg/css/base.css HTTP/1.1" 200 2811
120.253.135.82 - - [06/Feb/2023:11:31:40 +0800] "GET /xingrg/css/site.css HTTP/1.1" 200 7541
120.253.135.82 - - [06/Feb/2023:11:31:40 +0800] "GET /xingrg/javascript/jquery_tools/datebox.css HTTP/1.1" 200 2597
120.253.135.82 - - [06/Feb/2023:11:31:40 +0800] "GET /xingrg/javascript/easyui/themes/icon.css HTTP/1.1" 200 4483
120.253.135.82 - - [06/Feb/2023:11:31:40 +0800] "GET /xingrg/javascript/auto/jquery.autocomplete.css HTTP/1.1" 200 587
120.253.135.82 - - [06/Feb/2023:11:31:40 +0800] "GET /xingrg/javascript/easyui/themes/default/easyui.css HTTP/1.1" 200 30432
120.253.135.82 - - [06/Feb/2023:11:31:40 +0800] "GET /xingrg/javascript/jquery_tools/fix.css HTTP/1.1" 200 1702
120.253.135.82 - - [06/Feb/2023:11:31:40 +0800] "GET /xingrg/javascript/jquery_tools/table.css HTTP/1.1" 200 1032
120.253.135.82 - - [06/Feb/2023:11:31:40 +0800] "GET /xingrg/javascript/jquery_tools/jquery.tools.min.js HTTP/1.1" 200 138801
120.253.135.82 - - [06/Feb/2023:11:31:40 +0800] "GET /xingrg/javascript/jquery_tools/jquery.tools.hotkey.js HTTP/1.1" 200 3242
120.253.135.82 - - [06/Feb/2023:11:31:40 +0800] "GET /xingrg/javascript/jquery_tools/jquery.tools.extend.js HTTP/1.1" 200 15385
120.253.135.82 - - [06/Feb/2023:11:31:41 +0800] "GET /xingrg/kc/pszx/mdps_order_list.html?orderType=0 HTTP/1.1" 200 21073
120.253.135.82 - - [06/Feb/2023:11:31:41 +0800] "POST /xingrg/kc/pszx/mdps_list_operate.html HTTP/1.1" 200 5345
116.238.139.35 - - [06/Feb/2023:11:31:42 +0800] "GET /xingrg/check_reg.html?_=1675654323936 HTTP/1.1" 200 22
116.238.139.35 - - [06/Feb/2023:11:31:42 +0800] "GET /xingrg/all/function/internal_message.html?_=1675654323940&CODE_STATE=getMsg HTTP/1.1" 200 27
222.70.181.49 - - [06/Feb/2023:11:31:45 +0800] "GET /xingrg/kc/buy/cgsh_order_operate.html?command=get_materiel&rest_code=00111&code=00101010535&supplier_code=00100325&order_time=2023-02-06 HTTP/1.1" 200 442
120.253.135.82 - - [06/Feb/2023:11:31:46 +0800] "POST /xingrg/kc/pszx/mdps_list_operate.html HTTP/1.1" 200 5422
101.83.145.75 - - [06/Feb/2023:11:31:47 +0800] "GET /xingrg/all/function/internal_message.html?_=1675654328494&CODE_STATE=getMsg HTTP/1.1" 200 27
101.83.145.75 - - [06/Feb/2023:11:31:47 +0800] "POST /xingrg/kc/base/wldb_order_operate.html HTTP/1.1" 200 37
101.83.145.75 - - [06/Feb/2023:11:31:48 +0800] "POST /xingrg/kc/base/wldb_order_operate.html HTTP/1.1" 200 5159
114.88.159.190 - - [06/Feb/2023:11:31:48 +0800] "GET /xingrg/kc/buy/cgsh_order_operate.html?command=get_materiel&rest_code=00141&code=00101004071&supplier_code=00100312&order_time=2023-02-06 HTTP/1.1" 200 409
180.169.147.146 - - [06/Feb/2023:11:31:50 +0800] "GET /xingrg/all/function/internal_message.html?_=1675654331500&CODE_STATE=getMsg HTTP/1.1" 200 27
116.230.105.139 - - [06/Feb/2023:11:31:52 +0800] "GET /xingrg/kc/buy/cgsh_order_operate.html?command=get_materiel&rest_code=00155&code=00101006124&supplier_code=00100012&order_time=2023-02-06 HTTP/1.1" 200 409
120.253.135.82 - - [06/Feb/2023:11:31:53 +0800] "POST /xingrg/kc/pszx/mdps_list_operate.html HTTP/1.1" 200 5478
101.83.145.75 - - [06/Feb/2023:11:31:53 +0800] "GET /xingrg/kc/base/wldb_order_info.html?code=422023020600361 HTTP/1.1" 200 30437
101.83.145.75 - - [06/Feb/2023:11:31:53 +0800] "GET /xingrg/javascript/easyui/themes/default/validatebox.css HTTP/1.1" 404 1104
101.83.145.75 - - [06/Feb/2023:11:31:54 +0800] "POST /xingrg/kc/base/wldb_order_operate.html HTTP/1.1" 200 5159
58.221.95.50 - - [06/Feb/2023:11:31:55 +0800] "GET /xingrg/all/function/internal_message.html?_=1675654336813&CODE_STATE=getMsg HTTP/1.1" 200 27
120.253.135.82 - - [06/Feb/2023:11:31:55 +0800] "POST /xingrg/kc/pszx/mdps_list_operate.html HTTP/1.1" 200 525
120.253.135.82 - - [06/Feb/2023:11:31:56 +0800] "GET /xingrg/kc/pszx/mdps_order_info.html?code=312023020500082 HTTP/1.1" 200 23976
120.253.135.82 - - [06/Feb/2023:11:31:56 +0800] "GET /xingrg/javascript/easyui/themes/default/validatebox.css HTTP/1.1" 404 1104
120.253.135.82 - - [06/Feb/2023:11:31:56 +0800] "GET /xingrg/all/common/auto_word.html?type=base&rest_code=00101 HTTP/1.1" 200 671
120.253.135.82 - - [06/Feb/2023:11:31:56 +0800] "POST /xingrg/kc/pszx/mdps_order_operate.html HTTP/1.1" 200 4287
116.230.105.139 - - [06/Feb/2023:11:31:57 +0800] "GET /xingrg/all/function/internal_message.html?_=1675654338525&CODE_STATE=getMsg HTTP/1.1" 200 27
114.88.159.190 - - [06/Feb/2023:11:31:58 +0800] "GET /xingrg/kc/buy/cgsh_order_operate.html?command=get_materiel&rest_code=00141&code=00101004041&supplier_code=00100312&order_time=2023-02-06 HTTP/1.1" 200 413
116.238.139.35 - - [06/Feb/2023:11:31:59 +0800] "POST /xingrg/dwr/call/plaincall/AjaxCheckService.checkOrder.dwr HTTP/1.1" 200 79
124.79.72.155 - - [06/Feb/2023:11:31:59 +0800] "GET /xingrg/all/function/internal_message.html?_=1675654340751&CODE_STATE=getMsg HTTP/1.1" 200 27
116.238.139.35 - - [06/Feb/2023:11:32:00 +0800] "GET /xingrg/kc/base/check_order_info.html?code=452023013100096 HTTP/1.1" 200 22866
116.238.139.35 - - [06/Feb/2023:11:32:00 +0800] "GET /xingrg/dwr/interface/AjaxCheckService.js HTTP/1.1" 200 14003
116.238.139.35 - - [06/Feb/2023:11:32:00 +0800] "GET /xingrg/dwr/interface/AjaxComOrderService.js HTTP/1.1" 200 18264
116.238.139.35 - - [06/Feb/2023:11:32:00 +0800] "GET /xingrg/dwr/engine.js HTTP/1.1" 200 43631
116.238.139.35 - - [06/Feb/2023:11:32:00 +0800] "GET /xingrg/javascript/jquery_easy_ui/themes/icons/exam_new.png HTTP/1.1" 200 756
116.238.139.35 - - [06/Feb/2023:11:32:01 +0800] "POST /xingrg/dwr/call/plaincall/AjaxCheckService.loadOrderItems.dwr HTTP/1.1" 200 6247
120.253.135.82 - - [06/Feb/2023:11:32:02 +0800] "POST /xingrg/kc/pszx/mdps_order_operate.html HTTP/1.1" 200 37
116.238.139.35 - - [06/Feb/2023:11:32:02 +0800] "GET /xingrg/all/function/internal_message.html?_=1675654271264&CODE_STATE=getMsg HTTP/1.1" 200 27
120.253.135.82 - - [06/Feb/2023:11:32:04 +0800] "POST /xingrg/kc/pszx/mdps_order_operate.html HTTP/1.1" 200 12
222.70.181.49 - - [06/Feb/2023:11:32:05 +0800] "POST /xingrg/kc/buy/cgsh_order_operate.html HTTP/1.1" 200 37
120.253.135.82 - - [06/Feb/2023:11:32:06 +0800] "GET /xingrg/kc/pszx/mdps_order_info.html?code=312023020500082 HTTP/1.1" 200 19634
120.253.135.82 - - [06/Feb/2023:11:32:06 +0800] "GET /xingrg/javascript/easyui/themes/default/validatebox.css HTTP/1.1" 404 1104
120.253.135.82 - - [06/Feb/2023:11:32:06 +0800] "POST /xingrg/kc/pszx/mdps_order_operate.html HTTP/1.1" 200 2488
114.88.159.190 - - [06/Feb/2023:11:32:07 +0800] "GET /xingrg/kc/buy/cgsh_order_operate.html?command=get_materiel&rest_code=00141&code=00101005017&supplier_code=00100312&order_time=2023-02-06 HTTP/1.1" 200 429
114.88.159.190 - - [06/Feb/2023:11:32:08 +0800] "GET /xingrg/check_reg.html?_=1675653918207 HTTP/1.1" 200 22
222.70.181.49 - - [06/Feb/2023:11:32:08 +0800] "POST /xingrg/kc/buy/cgsh_order_operate.html HTTP/1.1" 200 5053
222.70.181.49 - - [06/Feb/2023:11:32:09 +0800] "GET /xingrg/kc/print/load_data.html?order_code=212023020601605&kc_code=cgsh&condition= HTTP/1.1" 200 1610
120.253.135.82 - - [06/Feb/2023:11:32:11 +0800] "GET /xingrg/all/function/internal_message.html?_=1675654167684&CODE_STATE=getMsg HTTP/1.1" 200 27
222.70.181.49 - - [06/Feb/2023:11:32:14 +0800] "GET /xingrg/kc/buy/cgsh_order_add.html HTTP/1.1" 200 69659
222.70.181.49 - - [06/Feb/2023:11:32:14 +0800] "POST /xingrg/kc/buy/cgsh_order_operate.html HTTP/1.1" 200 8245
222.70.181.49 - - [06/Feb/2023:11:32:14 +0800] "GET /xingrg/javascript/easyui/themes/default/validatebox.css HTTP/1.1" 404 1104
116.230.105.139 - - [06/Feb/2023:11:32:14 +0800] "GET /xingrg/kc/buy/cgsh_order_operate.html?command=get_materiel&rest_code=00155&code=00101006113&supplier_code=00100012&order_time=2023-02-06 HTTP/1.1" 200 413
114.88.159.190 - - [06/Feb/2023:11:32:16 +0800] "GET /xingrg/kc/buy/cgsh_order_operate.html?command=get_materiel&rest_code=00141&code=00101004030&supplier_code=00100312&order_time=2023-02-06 HTTP/1.1" 200 408
180.169.147.146 - - [06/Feb/2023:11:32:22 +0800] "GET /xingrg/all/function/internal_message.html?_=1675654361983&CODE_STATE=getMsg HTTP/1.1" 200 27
120.253.135.82 - - [06/Feb/2023:11:32:22 +0800] "POST /xingrg/kc/pszx/mdps_list_operate.html HTTP/1.1" 200 637
120.253.135.82 - - [06/Feb/2023:11:32:22 +0800] "GET /xingrg/kc/pszx/mdps_order_info.html?code=312023020500081 HTTP/1.1" 200 23976
120.253.135.82 - - [06/Feb/2023:11:32:22 +0800] "GET /xingrg/javascript/easyui/themes/default/validatebox.css HTTP/1.1" 404 1104
120.253.135.82 - - [06/Feb/2023:11:32:22 +0800] "GET /xingrg/all/common/auto_word.html?type=base&rest_code=00101 HTTP/1.1" 200 671
180.157.253.110 - - [06/Feb/2023:11:32:22 +0800] "GET /xingrg/all/function/internal_message.html?_=1675654365343&CODE_STATE=getMsg HTTP/1.1" 200 27
120.253.135.82 - - [06/Feb/2023:11:32:22 +0800] "POST /xingrg/kc/pszx/mdps_order_operate.html HTTP/1.1" 200 14122
114.88.159.190 - - [06/Feb/2023:11:32:25 +0800] "GET /xingrg/kc/buy/cgsh_order_operate.html?command=get_materiel&rest_code=00141&code=00101005015&supplier_code=00100312&order_time=2023-02-06 HTTP/1.1" 200 411
120.253.135.82 - - [06/Feb/2023:11:32:27 +0800] "POST /xingrg/kc/pszx/mdps_order_operate.html HTTP/1.1" 200 37
222.70.181.49 - - [06/Feb/2023:11:32:27 +0800] "GET /xingrg/kc/buy/cgsh_order_operate.html?command=get_materiel&rest_code=00111&code=00101007105&supplier_code=00100323&order_time=2023-02-06 HTTP/1.1" 200 415
218.81.216.21 - - [06/Feb/2023:11:32:28 +0800] "GET /xingrg/all/function/internal_message.html?_=1675654371276&CODE_STATE=getMsg HTTP/1.1" 200 27
120.253.135.82 - - [06/Feb/2023:11:32:29 +0800] "POST /xingrg/kc/pszx/mdps_order_operate.html HTTP/1.1" 200 12
120.253.135.82 - - [06/Feb/2023:11:32:30 +0800] "GET /xingrg/kc/pszx/mdps_order_info.html?code=312023020500081 HTTP/1.1" 200 19634
120.253.135.82 - - [06/Feb/2023:11:32:30 +0800] "GET /xingrg/javascript/easyui/themes/default/validatebox.css HTTP/1.1" 404 1104
120.253.135.82 - - [06/Feb/2023:11:32:30 +0800] "POST /xingrg/kc/pszx/mdps_order_operate.html HTTP/1.1" 200 12250
120.253.135.82 - - [06/Feb/2023:11:32:33 +0800] "POST /xingrg/kc/pszx/mdps_list_operate.html HTTP/1.1" 200 5480
120.253.135.82 - - [06/Feb/2023:11:32:35 +0800] "GET /xingrg/all/function/internal_message.html?_=1675654501444&CODE_STATE=getMsg HTTP/1.1" 200 27
114.88.159.190 - - [06/Feb/2023:11:32:38 +0800] "GET /xingrg/kc/buy/cgsh_order_operate.html?command=get_materiel&rest_code=00141&code=00101004013&supplier_code=00100312&order_time=2023-02-06 HTTP/1.1" 200 415
114.83.222.182 - - [06/Feb/2023:11:32:39 +0800] "GET /xingrg/all/function/internal_message.html?_=1675654483862&CODE_STATE=getMsg HTTP/1.1" 200 27
116.238.139.35 - - [06/Feb/2023:11:32:42 +0800] "GET /xingrg/all/function/internal_message.html?_=1675654383923&CODE_STATE=getMsg HTTP/1.1" 200 27
120.253.135.82 - - [06/Feb/2023:11:32:45 +0800] "POST /xingrg/kc/pszx/mdps_list_operate.html HTTP/1.1" 200 210
120.253.135.82 - - [06/Feb/2023:11:32:45 +0800] "GET /xingrg/kc/pszx/mdps_order_info.html?code=312023020300050 HTTP/1.1" 200 23976
120.253.135.82 - - [06/Feb/2023:11:32:45 +0800] "GET /xingrg/all/common/auto_word.html?type=base&rest_code=00101 HTTP/1.1" 200 671
120.253.135.82 - - [06/Feb/2023:11:32:45 +0800] "GET /xingrg/javascript/easyui/themes/default/validatebox.css HTTP/1.1" 404 1104
120.253.135.82 - - [06/Feb/2023:11:32:45 +0800] "POST /xingrg/kc/pszx/mdps_order_operate.html HTTP/1.1" 200 2295
101.83.145.75 - - [06/Feb/2023:11:32:47 +0800] "GET /xingrg/all/function/internal_message.html?_=1675654388515&CODE_STATE=getMsg HTTP/1.1" 200 27
222.70.181.49 - - [06/Feb/2023:11:32:48 +0800] "POST /xingrg/kc/buy/cgsh_order_operate.html HTTP/1.1" 200 37
114.88.159.190 - - [06/Feb/2023:11:32:49 +0800] "GET /xingrg/kc/buy/cgsh_order_operate.html?command=get_materiel&rest_code=00141&code=00101001170&supplier_code=00100312&order_time=2023-02-06 HTTP/1.1" 200 413
120.253.135.82 - - [06/Feb/2023:11:32:49 +0800] "POST /xingrg/kc/pszx/mdps_order_operate.html HTTP/1.1" 200 37
180.169.147.146 - - [06/Feb/2023:11:32:50 +0800] "GET /xingrg/all/function/internal_message.html?_=1675654391499&CODE_STATE=getMsg HTTP/1.1" 200 27
222.70.181.49 - - [06/Feb/2023:11:32:50 +0800] "POST /xingrg/kc/buy/cgsh_order_operate.html HTTP/1.1" 200 2655
222.70.181.49 - - [06/Feb/2023:11:32:51 +0800] "GET /xingrg/kc/print/load_data.html?order_code=212023020601606&kc_code=cgsh&condition= HTTP/1.1" 200 666
120.253.135.82 - - [06/Feb/2023:11:32:52 +0800] "POST /xingrg/kc/pszx/mdps_order_operate.html HTTP/1.1" 200 12
120.253.135.82 - - [06/Feb/2023:11:32:53 +0800] "GET /xingrg/kc/pszx/mdps_order_info.html?code=312023020300050 HTTP/1.1" 200 19634
120.253.135.82 - - [06/Feb/2023:11:32:54 +0800] "POST /xingrg/kc/pszx/mdps_order_operate.html HTTP/1.1" 200 517
120.253.135.82 - - [06/Feb/2023:11:32:54 +0800] "GET /xingrg/javascript/easyui/themes/default/validatebox.css HTTP/1.1" 404 1104
58.221.95.50 - - [06/Feb/2023:11:32:55 +0800] "GET /xingrg/all/function/internal_message.html?_=1675654396787&CODE_STATE=getMsg HTTP/1.1" 200 27
222.70.181.49 - - [06/Feb/2023:11:32:55 +0800] "GET /xingrg/kc/buy/cgsh_order_add.html HTTP/1.1" 200 69659
222.70.181.49 - - [06/Feb/2023:11:32:55 +0800] "POST /xingrg/kc/buy/cgsh_order_operate.html HTTP/1.1" 200 8245
222.70.181.49 - - [06/Feb/2023:11:32:55 +0800] "GET /xingrg/javascript/easyui/themes/default/validatebox.css HTTP/1.1" 404 1104
120.253.135.82 - - [06/Feb/2023:11:32:56 +0800] "POST /xingrg/kc/pszx/mdps_list_operate.html HTTP/1.1" 200 5481
116.230.105.139 - - [06/Feb/2023:11:32:57 +0800] "GET /xingrg/all/function/internal_message.html?_=1675654398522&CODE_STATE=getMsg HTTP/1.1" 200 27
124.79.72.155 - - [06/Feb/2023:11:32:59 +0800] "GET /xingrg/all/function/internal_message.html?_=1675654400753&CODE_STATE=getMsg HTTP/1.1" 200 27
114.88.159.190 - - [06/Feb/2023:11:32:59 +0800] "GET /xingrg/kc/buy/cgsh_order_operate.html?command=get_materiel&rest_code=00141&code=00101001194&supplier_code=00100312&order_time=2023-02-06 HTTP/1.1" 200 415
116.238.139.35 - - [06/Feb/2023:11:33:02 +0800] "GET /xingrg/all/function/internal_message.html?_=1675654331278&CODE_STATE=getMsg HTTP/1.1" 200 27
222.70.181.49 - - [06/Feb/2023:11:33:05 +0800] "GET /xingrg/kc/buy/cgsh_order_operate.html?command=get_materiel&rest_code=00111&code=00101004046&supplier_code=00100312&order_time=2023-02-06 HTTP/1.1" 200 417
120.253.135.82 - - [06/Feb/2023:11:33:05 +0800] "POST /xingrg/kc/pszx/mdps_list_operate.html HTTP/1.1" 200 5422
58.221.95.50 - - [06/Feb/2023:11:33:07 +0800] "GET /xingrg/check_reg.html?_=1675654409318 HTTP/1.1" 200 22
120.253.135.82 - - [06/Feb/2023:11:33:07 +0800] "POST /xingrg/kc/pszx/mdps_list_operate.html HTTP/1.1" 200 208
222.70.181.49 - - [06/Feb/2023:11:33:07 +0800] "GET /xingrg/all/function/internal_message.html?_=1675654408831&CODE_STATE=getMsg HTTP/1.1" 200 27
120.253.135.82 - - [06/Feb/2023:11:33:07 +0800] "GET /xingrg/kc/pszx/mdps_order_info.html?code=312023020600105 HTTP/1.1" 200 23976
120.253.135.82 - - [06/Feb/2023:11:33:08 +0800] "GET /xingrg/all/common/auto_word.html?type=base&rest_code=00101 HTTP/1.1" 200 671
120.253.135.82 - - [06/Feb/2023:11:33:08 +0800] "GET /xingrg/javascript/easyui/themes/default/validatebox.css HTTP/1.1" 404 1104
120.253.135.82 - - [06/Feb/2023:11:33:08 +0800] "POST /xingrg/kc/pszx/mdps_order_operate.html HTTP/1.1" 200 2294
114.88.159.190 - - [06/Feb/2023:11:33:09 +0800] "GET /xingrg/kc/buy/cgsh_order_operate.html?command=get_materiel&rest_code=00141&code=00101005022&supplier_code=00100312&order_time=2023-02-06 HTTP/1.1" 200 417
120.253.135.82 - - [06/Feb/2023:11:33:11 +0800] "GET /xingrg/all/function/internal_message.html?_=1675654227733&CODE_STATE=getMsg HTTP/1.1" 200 27
120.253.135.82 - - [06/Feb/2023:11:33:14 +0800] "POST /xingrg/kc/pszx/mdps_order_operate.html HTTP/1.1" 200 37
116.230.105.139 - - [06/Feb/2023:11:33:16 +0800] "GET /xingrg/kc/buy/cgsh_order_operate.html?command=get_materiel&rest_code=00155&code=00101006168&supplier_code=00100012&order_time=2023-02-06 HTTP/1.1" 200 421
120.253.135.82 - - [06/Feb/2023:11:33:16 +0800] "POST /xingrg/kc/pszx/mdps_order_operate.html HTTP/1.1" 200 12
222.70.181.49 - - [06/Feb/2023:11:33:18 +0800] "GET /xingrg/kc/buy/cgsh_order_operate.html?command=get_materiel&rest_code=00111&code=00101004067&supplier_code=00100312&order_time=2023-02-06 HTTP/1.1" 200 433
114.88.159.190 - - [06/Feb/2023:11:33:18 +0800] "GET /xingrg/kc/buy/cgsh_order_operate.html?command=get_materiel&rest_code=00141&code=00101001029&supplier_code=00100312&order_time=2023-02-06 HTTP/1.1" 200 417
120.253.135.82 - - [06/Feb/2023:11:33:19 +0800] "GET /xingrg/kc/pszx/mdps_order_info.html?code=312023020600105 HTTP/1.1" 200 19634
120.253.135.82 - - [06/Feb/2023:11:33:19 +0800] "POST /xingrg/kc/pszx/mdps_order_operate.html HTTP/1.1" 200 516
120.253.135.82 - - [06/Feb/2023:11:33:19 +0800] "GET /xingrg/javascript/easyui/themes/default/validatebox.css HTTP/1.1" 404 1104
180.169.147.146 - - [06/Feb/2023:11:33:22 +0800] "GET /xingrg/all/function/internal_message.html?_=1675654421970&CODE_STATE=getMsg HTTP/1.1" 200 27
180.169.147.146 - - [06/Feb/2023:11:33:22 +0800] "GET /xingrg/check_reg.html?_=1675654421972 HTTP/1.1" 200 22
120.253.135.82 - - [06/Feb/2023:11:33:22 +0800] "POST /xingrg/kc/pszx/mdps_list_operate.html HTTP/1.1" 200 5414
180.157.253.110 - - [06/Feb/2023:11:33:22 +0800] "GET /xingrg/all/function/internal_message.html?_=1675654425357&CODE_STATE=getMsg HTTP/1.1" 200 27
180.157.253.110 - - [06/Feb/2023:11:33:22 +0800] "GET /xingrg/check_reg.html?_=1675654425357 HTTP/1.1" 200 22
222.70.181.49 - - [06/Feb/2023:11:33:26 +0800] "GET /xingrg/kc/buy/cgsh_order_operate.html?command=get_materiel&rest_code=00111&code=00101004020&supplier_code=00100312&order_time=2023-02-06 HTTP/1.1" 200 409
218.81.216.21 - - [06/Feb/2023:11:33:28 +0800] "GET /xingrg/all/function/internal_message.html?_=1675654431279&CODE_STATE=getMsg HTTP/1.1" 200 27
116.230.105.139 - - [06/Feb/2023:11:33:29 +0800] "POST /xingrg/kc/buy/cgsh_order_operate.html HTTP/1.1" 200 37
114.88.159.190 - - [06/Feb/2023:11:33:30 +0800] "GET /xingrg/kc/buy/cgsh_order_operate.html?command=get_materiel&rest_code=00141&code=00101005072&supplier_code=00100312&order_time=2023-02-06 HTTP/1.1" 200 419
120.253.135.82 - - [06/Feb/2023:11:33:30 +0800] "POST /xingrg/kc/pszx/mdps_list_operate.html HTTP/1.1" 200 209
120.253.135.82 - - [06/Feb/2023:11:33:31 +0800] "GET /xingrg/kc/pszx/mdps_order_info.html?code=312023020600112 HTTP/1.1" 200 23974
120.253.135.82 - - [06/Feb/2023:11:33:31 +0800] "GET /xingrg/all/common/auto_word.html?type=base&rest_code=00101 HTTP/1.1" 200 671
120.253.135.82 - - [06/Feb/2023:11:33:31 +0800] "GET /xingrg/javascript/easyui/themes/default/validatebox.css HTTP/1.1" 404 1104
120.253.135.82 - - [06/Feb/2023:11:33:31 +0800] "POST /xingrg/kc/pszx/mdps_order_operate.html HTTP/1.1" 200 2296
116.230.105.139 - - [06/Feb/2023:11:33:31 +0800] "POST /xingrg/kc/buy/cgsh_order_operate.html HTTP/1.1" 200 3846
222.70.181.49 - - [06/Feb/2023:11:33:33 +0800] "GET /xingrg/kc/buy/cgsh_order_operate.html?command=get_materiel&rest_code=00111&code=00101004051&supplier_code=00100312&order_time=2023-02-06 HTTP/1.1" 200 408
116.230.105.139 - - [06/Feb/2023:11:33:33 +0800] "GET /xingrg/kc/print/load_data.html?order_code=212023020601607&kc_code=cgsh&condition= HTTP/1.1" 200 1228
120.253.135.82 - - [06/Feb/2023:11:33:35 +0800] "GET /xingrg/all/function/internal_message.html?_=1675654561464&CODE_STATE=getMsg HTTP/1.1" 200 27
120.253.135.82 - - [06/Feb/2023:11:33:36 +0800] "POST /xingrg/kc/pszx/mdps_list_operate.html HTTP/1.1" 200 5414
120.253.135.82 - - [06/Feb/2023:11:33:37 +0800] "GET /xingrg/kc/pszx/mdqp_order_list.html?state=10 HTTP/1.1" 200 12324
120.253.135.82 - - [06/Feb/2023:11:33:37 +0800] "GET /xingrg/dwr/interface/AjaxQqpsService.js HTTP/1.1" 200 16326
120.253.135.82 - - [06/Feb/2023:11:33:37 +0800] "GET /xingrg/dwr/interface/AjaxReportQueryService.js HTTP/1.1" 200 13203
120.253.135.82 - - [06/Feb/2023:11:33:37 +0800] "GET /xingrg/dwr/engine.js HTTP/1.1" 200 43631
114.83.222.182 - - [06/Feb/2023:11:33:38 +0800] "GET /xingrg/all/function/internal_message.html?_=1675654543849&CODE_STATE=getMsg HTTP/1.1" 200 27
116.230.105.139 - - [06/Feb/2023:11:33:39 +0800] "GET /xingrg/kc/print/load_data.html?order_code=212023020601607&kc_code=cgsh HTTP/1.1" 200 1228
114.83.222.182 - - [06/Feb/2023:11:33:40 +0800] "GET /xingrg/check_reg.html?_=1675654545236 HTTP/1.1" 200 22
116.238.139.35 - - [06/Feb/2023:11:33:42 +0800] "GET /xingrg/all/function/internal_message.html?_=1675654443953&CODE_STATE=getMsg HTTP/1.1" 200 27
222.70.181.49 - - [06/Feb/2023:11:33:42 +0800] "GET /xingrg/kc/buy/cgsh_order_operate.html?command=get_materiel&rest_code=00111&code=00101005022&supplier_code=00100312&order_time=2023-02-06 HTTP/1.1" 200 417
114.88.159.190 - - [06/Feb/2023:11:33:46 +0800] "POST /xingrg/kc/buy/cgsh_order_operate.html HTTP/1.1" 200 37
101.83.145.75 - - [06/Feb/2023:11:33:47 +0800] "GET /xingrg/all/function/internal_message.html?_=1675654448442&CODE_STATE=getMsg HTTP/1.1" 200 27
180.169.147.146 - - [06/Feb/2023:11:33:50 +0800] "GET /xingrg/all/function/internal_message.html?_=1675654451499&CODE_STATE=getMsg HTTP/1.1" 200 27
222.70.181.49 - - [06/Feb/2023:11:33:50 +0800] "GET /xingrg/kc/buy/cgsh_order_operate.html?command=get_materiel&rest_code=00111&code=00101001096&supplier_code=00100312&order_time=2023-02-06 HTTP/1.1" 200 414
116.230.105.139 - - [06/Feb/2023:11:33:50 +0800] "GET /xingrg/kc/buy/cgsh_order_add.html HTTP/1.1" 200 69710
114.88.159.190 - - [06/Feb/2023:11:33:51 +0800] "POST /xingrg/kc/buy/cgsh_order_operate.html HTTP/1.1" 200 12
116.230.105.139 - - [06/Feb/2023:11:33:51 +0800] "POST /xingrg/kc/buy/cgsh_order_operate.html HTTP/1.1" 200 8245
116.230.105.139 - - [06/Feb/2023:11:33:51 +0800] "GET /xingrg/javascript/easyui/themes/default/validatebox.css HTTP/1.1" 404 1104
114.88.159.190 - - [06/Feb/2023:11:33:51 +0800] "GET /xingrg/kc/buy/cgsh_order_info.html?code=212023020601608 HTTP/1.1" 200 64610
114.88.159.190 - - [06/Feb/2023:11:33:52 +0800] "GET /xingrg/javascript/easyui/themes/default/validatebox.css HTTP/1.1" 404 1104
114.88.159.190 - - [06/Feb/2023:11:33:53 +0800] "POST /xingrg/kc/buy/cgsh_order_operate.html HTTP/1.1" 200 8366
114.88.159.190 - - [06/Feb/2023:11:33:54 +0800] "GET /xingrg/kc/print/load_data.html?order_code=212023020601608&kc_code=cgsh&condition= HTTP/1.1" 200 3682
58.221.95.50 - - [06/Feb/2023:11:33:54 +0800] "GET /xingrg/all/function/internal_message.html?_=1675654456786&CODE_STATE=getMsg HTTP/1.1" 200 27
120.253.135.82 - - [06/Feb/2023:11:33:57 +0800] "GET /xingrg/kc/pszx/mdqp_order_list.html?state=10 HTTP/1.1" 200 12324
120.253.135.82 - - [06/Feb/2023:11:33:57 +0800] "POST /xingrg/kc/pszx/mdps_list_operate.html HTTP/1.1" 200 5414
120.253.135.82 - - [06/Feb/2023:11:33:57 +0800] "GET /xingrg/dwr/interface/AjaxReportQueryService.js HTTP/1.1" 200 13203
120.253.135.82 - - [06/Feb/2023:11:33:57 +0800] "GET /xingrg/dwr/interface/AjaxQqpsService.js HTTP/1.1" 200 16326
120.253.135.82 - - [06/Feb/2023:11:33:57 +0800] "GET /xingrg/dwr/engine.js HTTP/1.1" 200 43631
116.230.105.139 - - [06/Feb/2023:11:33:57 +0800] "GET /xingrg/all/function/internal_message.html?_=1675654458525&CODE_STATE=getMsg HTTP/1.1" 200 27
114.88.159.190 - - [06/Feb/2023:11:33:59 +0800] "GET /xingrg/kc/buy/cgsh_order_add.html HTTP/1.1" 200 69703
124.79.72.155 - - [06/Feb/2023:11:33:59 +0800] "GET /xingrg/all/function/internal_message.html?_=1675654460757&CODE_STATE=getMsg HTTP/1.1" 200 27
120.253.135.82 - - [06/Feb/2023:11:33:59 +0800] "GET /xingrg/kc/pszx/mdqp_order_info.html?code=302023020600103 HTTP/1.1" 200 13338
120.253.135.82 - - [06/Feb/2023:11:33:59 +0800] "GET /xingrg/dwr/interface/AjaxQqpsService.js HTTP/1.1" 200 16326
120.253.135.82 - - [06/Feb/2023:11:33:59 +0800] "GET /xingrg/dwr/interface/AjaxComOrderService.js HTTP/1.1" 200 18264
120.253.135.82 - - [06/Feb/2023:11:33:59 +0800] "GET /xingrg/dwr/engine.js HTTP/1.1" 200 43631
114.88.159.190 - - [06/Feb/2023:11:33:59 +0800] "POST /xingrg/kc/buy/cgsh_order_operate.html HTTP/1.1" 200 8245
114.88.159.190 - - [06/Feb/2023:11:33:59 +0800] "GET /xingrg/javascript/easyui/themes/default/validatebox.css HTTP/1.1" 404 1104
120.253.135.82 - - [06/Feb/2023:11:34:00 +0800] "POST /xingrg/dwr/call/plaincall/AjaxQqpsService.loadMaterielItems.dwr HTTP/1.1" 200 976
116.238.139.35 - - [06/Feb/2023:11:34:02 +0800] "GET /xingrg/all/function/internal_message.html?_=1675654391311&CODE_STATE=getMsg HTTP/1.1" 200 27
222.70.181.49 - - [06/Feb/2023:11:34:04 +0800] "POST /xingrg/kc/buy/cgsh_order_operate.html HTTP/1.1" 200 37
222.70.181.49 - - [06/Feb/2023:11:34:07 +0800] "POST /xingrg/kc/buy/cgsh_order_operate.html HTTP/1.1" 200 5640
222.70.181.49 - - [06/Feb/2023:11:34:07 +0800] "GET /xingrg/all/function/internal_message.html?_=1675654468807&CODE_STATE=getMsg HTTP/1.1" 200 27
116.230.105.139 - - [06/Feb/2023:11:34:07 +0800] "GET /xingrg/kc/buy/cgsh_order_operate.html?command=get_materiel&rest_code=00155&code=00101007061&supplier_code=00100002&order_time=2023-02-06 HTTP/1.1" 200 409
222.70.181.49 - - [06/Feb/2023:11:34:08 +0800] "GET /xingrg/kc/print/load_data.html?order_code=212023020601609&kc_code=cgsh&condition= HTTP/1.1" 200 1827
120.253.135.82 - - [06/Feb/2023:11:34:10 +0800] "GET /xingrg/kc/pszx/jzcl_ps.html HTTP/1.1" 200 7683
120.253.135.82 - - [06/Feb/2023:11:34:11 +0800] "POST /xingrg/all/common/load_tree.html?tree=area_rest_tree_json HTTP/1.1" 200 3499
120.253.135.82 - - [06/Feb/2023:11:34:11 +0800] "GET /xingrg/kc/pszx/jzcl_ps.html HTTP/1.1" 200 7683
120.253.135.82 - - [06/Feb/2023:11:34:11 +0800] "POST /xingrg/all/common/load_tree.html?tree=area_rest_tree_json HTTP/1.1" 200 3499
120.253.135.82 - - [06/Feb/2023:11:34:11 +0800] "POST /xingrg/kc/pszx/jzcl_ps_operate.html HTTP/1.1" 200 2106
120.253.135.82 - - [06/Feb/2023:11:34:11 +0800] "POST /xingrg/kc/pszx/jzcl_ps_operate.html HTTP/1.1" 200 2106
120.253.135.82 - - [06/Feb/2023:11:34:11 +0800] "GET /xingrg/all/function/internal_message.html?_=1675654287742&CODE_STATE=getMsg HTTP/1.1" 200 27
222.70.181.49 - - [06/Feb/2023:11:34:12 +0800] "GET /xingrg/kc/buy/cgsh_order_add.html HTTP/1.1" 200 69659
222.70.181.49 - - [06/Feb/2023:11:34:12 +0800] "POST /xingrg/kc/buy/cgsh_order_operate.html HTTP/1.1" 200 8245
222.70.181.49 - - [06/Feb/2023:11:34:12 +0800] "GET /xingrg/javascript/easyui/themes/default/validatebox.css HTTP/1.1" 404 1104
114.88.159.190 - - [06/Feb/2023:11:34:15 +0800] "GET /xingrg/kc/buy/cgsh_order_operate.html?command=get_materiel&rest_code=00141&code=00101001016&supplier_code=00100430&order_time=2023-02-06 HTTP/1.1" 200 434
120.253.135.82 - - [06/Feb/2023:11:34:16 +0800] "POST /xingrg/kc/pszx/jzcl_ps_operate.html HTTP/1.1" 200 4
120.253.135.82 - - [06/Feb/2023:11:34:18 +0800] "POST /xingrg/kc/pszx/jzcl_ps_operate.html HTTP/1.1" 200 1696
120.253.135.82 - - [06/Feb/2023:11:34:18 +0800] "GET /xingrg/kc/pszx/mdps_order_list.html HTTP/1.1" 200 21073
120.253.135.82 - - [06/Feb/2023:11:34:18 +0800] "POST /xingrg/kc/pszx/mdps_list_operate.html HTTP/1.1" 200 5345
180.169.147.146 - - [06/Feb/2023:11:34:22 +0800] "GET /xingrg/all/function/internal_message.html?_=1675654481977&CODE_STATE=getMsg HTTP/1.1" 200 27
180.157.253.110 - - [06/Feb/2023:11:34:22 +0800] "GET /xingrg/all/function/internal_message.html?_=1675654485355&CODE_STATE=getMsg HTTP/1.1" 200 27
116.230.105.139 - - [06/Feb/2023:11:34:23 +0800] "GET /xingrg/kc/buy/cgsh_order_operate.html?command=get_materiel&rest_code=00155&code=00101007072&supplier_code=00100002&order_time=2023-02-06 HTTP/1.1" 200 413
120.253.135.82 - - [06/Feb/2023:11:34:23 +0800] "POST /xingrg/kc/pszx/mdps_list_operate.html HTTP/1.1" 200 213
222.70.181.49 - - [06/Feb/2023:11:34:24 +0800] "GET /xingrg/kc/buy/cgsh_order_operate.html?command=get_materiel&rest_code=00111&code=00101010079&supplier_code=00100336&order_time=2023-02-06 HTTP/1.1" 200 413
218.81.216.21 - - [06/Feb/2023:11:34:28 +0800] "GET /xingrg/all/function/internal_message.html?_=1675654491507&CODE_STATE=getMsg HTTP/1.1" 200 27
120.253.135.82 - - [06/Feb/2023:11:34:28 +0800] "POST /xingrg/kc/pszx/mdps_list_operate.html HTTP/1.1" 200 5408
114.88.159.190 - - [06/Feb/2023:11:34:30 +0800] "POST /xingrg/kc/buy/cgsh_order_operate.html HTTP/1.1" 200 37
120.253.135.82 - - [06/Feb/2023:11:34:31 +0800] "POST /xingrg/kc/pszx/mdps_list_operate.html HTTP/1.1" 200 5413
222.70.181.49 - - [06/Feb/2023:11:34:33 +0800] "POST /xingrg/kc/buy/cgsh_order_operate.html HTTP/1.1" 200 37
114.88.159.190 - - [06/Feb/2023:11:34:35 +0800] "POST /xingrg/kc/buy/cgsh_order_operate.html HTTP/1.1" 200 12
120.253.135.82 - - [06/Feb/2023:11:34:36 +0800] "GET /xingrg/all/function/internal_message.html?_=1675654621450&CODE_STATE=getMsg HTTP/1.1" 200 27
120.253.135.82 - - [06/Feb/2023:11:34:36 +0800] "POST /xingrg/kc/pszx/mdps_list_operate.html HTTP/1.1" 200 371
120.253.135.82 - - [06/Feb/2023:11:34:36 +0800] "GET /xingrg/kc/pszx/mdps_order_info.html?code=312023020600113 HTTP/1.1" 200 23970
120.253.135.82 - - [06/Feb/2023:11:34:36 +0800] "GET /xingrg/all/common/auto_word.html?type=base&rest_code=00101 HTTP/1.1" 200 671
120.253.135.82 - - [06/Feb/2023:11:34:36 +0800] "GET /xingrg/javascript/easyui/themes/default/validatebox.css HTTP/1.1" 404 1104
120.253.135.82 - - [06/Feb/2023:11:34:36 +0800] "POST /xingrg/kc/pszx/mdps_order_operate.html HTTP/1.1" 200 3288
114.88.159.190 - - [06/Feb/2023:11:34:36 +0800] "GET /xingrg/kc/buy/cgsh_order_info.html?code=212023020601610 HTTP/1.1" 200 64598
114.88.159.190 - - [06/Feb/2023:11:34:37 +0800] "GET /xingrg/javascript/easyui/themes/default/validatebox.css HTTP/1.1" 404 1104
222.70.181.49 - - [06/Feb/2023:11:34:37 +0800] "POST /xingrg/kc/buy/cgsh_order_operate.html HTTP/1.1" 200 2657
116.230.105.139 - - [06/Feb/2023:11:34:37 +0800] "GET /xingrg/kc/buy/cgsh_order_operate.html?command=get_materiel&rest_code=00155&code=00101007032&supplier_code=00100002&order_time=2023-02-06 HTTP/1.1" 200 413
114.88.159.190 - - [06/Feb/2023:11:34:38 +0800] "POST /xingrg/kc/buy/cgsh_order_operate.html HTTP/1.1" 200 608
114.88.159.190 - - [06/Feb/2023:11:34:38 +0800] "GET /xingrg/kc/print/load_data.html?order_code=212023020601610&kc_code=cgsh&condition= HTTP/1.1" 200 688
114.83.222.182 - - [06/Feb/2023:11:34:38 +0800] "GET /xingrg/all/function/internal_message.html?_=1675654603835&CODE_STATE=getMsg HTTP/1.1" 200 27
222.70.181.49 - - [06/Feb/2023:11:34:39 +0800] "GET /xingrg/kc/print/load_data.html?order_code=212023020601611&kc_code=cgsh&condition= HTTP/1.1" 200 670
120.253.135.82 - - [06/Feb/2023:11:34:40 +0800] "POST /xingrg/kc/pszx/mdps_order_operate.html HTTP/1.1" 200 37
120.253.135.82 - - [06/Feb/2023:11:34:42 +0800] "GET /xingrg/kc/pszx/mdps_order_info.html?code=312023020600113 HTTP/1.1" 200 23970
116.238.139.35 - - [06/Feb/2023:11:34:42 +0800] "GET /xingrg/all/function/internal_message.html?_=1675654503925&CODE_STATE=getMsg HTTP/1.1" 200 27
120.253.135.82 - - [06/Feb/2023:11:34:42 +0800] "GET /xingrg/javascript/easyui/themes/default/validatebox.css HTTP/1.1" 404 1104
120.253.135.82 - - [06/Feb/2023:11:34:42 +0800] "GET /xingrg/all/common/auto_word.html?type=base&rest_code=00101 HTTP/1.1" 200 671
120.253.135.82 - - [06/Feb/2023:11:34:42 +0800] "POST /xingrg/kc/pszx/mdps_order_operate.html HTTP/1.1" 200 3312
114.88.159.190 - - [06/Feb/2023:11:34:43 +0800] "GET /xingrg/kc/buy/cgsh_order_add.html HTTP/1.1" 200 69703
114.88.159.190 - - [06/Feb/2023:11:34:44 +0800] "POST /xingrg/kc/buy/cgsh_order_operate.html HTTP/1.1" 200 8245
114.88.159.190 - - [06/Feb/2023:11:34:44 +0800] "GET /xingrg/javascript/easyui/themes/default/validatebox.css HTTP/1.1" 404 1104
101.83.145.75 - - [06/Feb/2023:11:34:47 +0800] "GET /xingrg/all/function/internal_message.html?_=1675654508409&CODE_STATE=getMsg HTTP/1.1" 200 27
116.230.105.139 - - [06/Feb/2023:11:34:47 +0800] "POST /xingrg/kc/buy/cgsh_order_operate.html HTTP/1.1" 200 37
222.70.181.49 - - [06/Feb/2023:11:34:49 +0800] "GET /xingrg/kc/buy/cgsh_order_add.html HTTP/1.1" 200 69659
222.70.181.49 - - [06/Feb/2023:11:34:49 +0800] "POST /xingrg/kc/buy/cgsh_order_operate.html HTTP/1.1" 200 8245
222.70.181.49 - - [06/Feb/2023:11:34:49 +0800] "GET /xingrg/javascript/easyui/themes/default/validatebox.css HTTP/1.1" 404 1104
116.230.105.139 - - [06/Feb/2023:11:34:49 +0800] "POST /xingrg/kc/buy/cgsh_order_operate.html HTTP/1.1" 200 3838
180.169.147.146 - - [06/Feb/2023:11:34:50 +0800] "GET /xingrg/all/function/internal_message.html?_=1675654511500&CODE_STATE=getMsg HTTP/1.1" 200 27
116.230.105.139 - - [06/Feb/2023:11:34:51 +0800] "GET /xingrg/kc/print/load_data.html?order_code=212023020601612&kc_code=cgsh&condition= HTTP/1.1" 200 1202
58.221.95.50 - - [06/Feb/2023:11:34:54 +0800] "GET /xingrg/all/function/internal_message.html?_=1675654516762&CODE_STATE=getMsg HTTP/1.1" 200 27
114.88.159.190 - - [06/Feb/2023:11:34:55 +0800] "GET /xingrg/kc/buy/cgsh_order_operate.html?command=get_materiel&rest_code=00141&code=00101020077&supplier_code=00100329&order_time=2023-02-06 HTTP/1.1" 200 413
222.70.181.49 - - [06/Feb/2023:11:34:56 +0800] "GET /xingrg/check_reg.html?_=1675654517078 HTTP/1.1" 200 22
116.230.105.139 - - [06/Feb/2023:11:34:56 +0800] "GET /xingrg/kc/buy/cgsh_order_add.html HTTP/1.1" 200 69710
116.230.105.139 - - [06/Feb/2023:11:34:56 +0800] "POST /xingrg/kc/buy/cgsh_order_operate.html HTTP/1.1" 200 8245
116.230.105.139 - - [06/Feb/2023:11:34:56 +0800] "GET /xingrg/javascript/easyui/themes/default/validatebox.css HTTP/1.1" 404 1104
116.230.105.139 - - [06/Feb/2023:11:34:57 +0800] "GET /xingrg/all/function/internal_message.html?_=1675654518529&CODE_STATE=getMsg HTTP/1.1" 200 27
