124.78.154.177 - - [05/Feb/2023:10:03:29 +0800] "GET /xingrg/kc/buy/cgsh_order_operate.html?command=get_materiel&rest_code=00106&code=00101008298&supplier_code=00100007&order_time=2023-02-05 HTTP/1.1" 200 431
116.238.139.35 - - [05/Feb/2023:10:03:31 +0800] "GET /xingrg/all/function/internal_message.html?_=1675562561823&CODE_STATE=getMsg HTTP/1.1" 200 27
218.81.216.21 - - [05/Feb/2023:10:03:34 +0800] "GET /xingrg/check_reg.html?_=1675562637853 HTTP/1.1" 200 22
218.81.216.21 - - [05/Feb/2023:10:03:39 +0800] "GET /xingrg/all/function/internal_message.html?_=1675562642502&CODE_STATE=getMsg HTTP/1.1" 200 27
124.78.154.177 - - [05/Feb/2023:10:03:42 +0800] "GET /xingrg/kc/buy/cgsh_order_operate.html?command=get_materiel&rest_code=00106&code=00101008223&supplier_code=00100007&order_time=2023-02-05 HTTP/1.1" 200 412
222.70.181.49 - - [05/Feb/2023:10:03:43 +0800] "POST /xingrg/kc/buy/cgsh_list_operate.html HTTP/1.1" 200 347
120.253.135.82 - - [05/Feb/2023:10:03:43 +0800] "GET /xingrg/all/function/internal_message.html?_=1675562769931&CODE_STATE=getMsg HTTP/1.1" 200 27
222.70.181.49 - - [05/Feb/2023:10:03:43 +0800] "POST /xingrg/services/DataTransmitService HTTP/1.1" 200 501
222.70.181.49 - - [05/Feb/2023:10:03:44 +0800] "GET /xingrg/kc/buy/cgsh_order_info.html?code=212023020400880 HTTP/1.1" 200 64562
222.70.181.49 - - [05/Feb/2023:10:03:44 +0800] "POST /xingrg/services/DataTransmitService HTTP/1.1" 200 501
222.70.181.49 - - [05/Feb/2023:10:03:44 +0800] "GET /xingrg/javascript/easyui/themes/default/validatebox.css HTTP/1.1" 404 1104
222.70.181.49 - - [05/Feb/2023:10:03:44 +0800] "GET /xingrg/all/function/internal_message.html?_=1675562646810&CODE_STATE=getMsg HTTP/1.1" 200 27
222.70.181.49 - - [05/Feb/2023:10:03:46 +0800] "POST /xingrg/kc/buy/cgsh_order_operate.html HTTP/1.1" 200 1793
222.70.181.49 - - [05/Feb/2023:10:03:51 +0800] "POST /xingrg/services/DataTransmitService HTTP/1.1" 200 501
222.70.181.49 - - [05/Feb/2023:10:03:51 +0800] "POST /xingrg/services/DataTransmitService HTTP/1.1" 500 1621
222.70.181.49 - - [05/Feb/2023:10:03:54 +0800] "POST /xingrg/kc/buy/cgsh_list_operate.html HTTP/1.1" 200 6542
114.88.159.190 - - [05/Feb/2023:10:03:54 +0800] "GET /xingrg/all/function/internal_message.html?_=1675562225819&CODE_STATE=getMsg HTTP/1.1" 200 27
124.78.154.177 - - [05/Feb/2023:10:03:55 +0800] "GET /xingrg/kc/buy/cgsh_order_operate.html?command=get_materiel&rest_code=00106&code=00101008353&supplier_code=00100007&order_time=2023-02-05 HTTP/1.1" 200 408
120.253.135.82 - - [05/Feb/2023:10:03:56 +0800] "GET /xingrg/all/function/internal_message.html?_=1675562473656&CODE_STATE=getMsg HTTP/1.1" 200 27
58.40.7.146 - - [05/Feb/2023:10:03:59 +0800] "GET /xingrg/all/function/internal_message.html?_=1675562660678&CODE_STATE=getMsg HTTP/1.1" 200 27
101.83.145.75 - - [05/Feb/2023:10:03:59 +0800] "GET /xingrg/all/function/internal_message.html?_=1675562665704&CODE_STATE=getMsg HTTP/1.1" 200 27
116.238.139.35 - - [05/Feb/2023:10:04:02 +0800] "GET /xingrg/all/function/internal_message.html?_=1675562665295&CODE_STATE=getMsg HTTP/1.1" 200 27
222.70.181.49 - - [05/Feb/2023:10:04:06 +0800] "POST /xingrg/kc/buy/cgsh_list_operate.html HTTP/1.1" 200 6108
58.221.95.50 - - [05/Feb/2023:10:04:07 +0800] "GET /xingrg/all/function/internal_message.html?_=1675562669177&CODE_STATE=getMsg HTTP/1.1" 200 27
222.70.181.49 - - [05/Feb/2023:10:04:10 +0800] "POST /xingrg/kc/buy/cgsh_list_operate.html HTTP/1.1" 200 350
124.78.154.177 - - [05/Feb/2023:10:04:11 +0800] "GET /xingrg/kc/buy/cgsh_order_operate.html?command=get_materiel&rest_code=00106&code=00101008095&supplier_code=00100007&order_time=2023-02-05 HTTP/1.1" 200 412
222.70.181.49 - - [05/Feb/2023:10:04:16 +0800] "GET /xingrg/kc/buy/cgsh_order_info.html?code=212023020100036 HTTP/1.1" 200 64562
222.70.181.49 - - [05/Feb/2023:10:04:16 +0800] "GET /xingrg/javascript/easyui/themes/default/validatebox.css HTTP/1.1" 404 1104
222.70.181.49 - - [05/Feb/2023:10:04:17 +0800] "POST /xingrg/kc/buy/cgsh_order_operate.html HTTP/1.1" 200 1797
222.70.181.49 - - [05/Feb/2023:10:04:18 +0800] "GET /xingrg/kc/print/load_data.html?order_code=212023020100036&kc_code=cgsh HTTP/1.1" 200 1210
124.78.154.177 - - [05/Feb/2023:10:04:20 +0800] "POST /xingrg/kc/buy/cgsh_order_operate.html HTTP/1.1" 200 2065
114.83.222.182 - - [05/Feb/2023:10:04:22 +0800] "GET /xingrg/all/function/internal_message.html?_=1675562787687&CODE_STATE=getMsg HTTP/1.1" 200 27
124.78.154.177 - - [05/Feb/2023:10:04:25 +0800] "GET /xingrg/all/function/internal_message.html?_=1675562687174&CODE_STATE=getMsg HTTP/1.1" 200 27
124.78.154.177 - - [05/Feb/2023:10:04:27 +0800] "GET /xingrg/kc/buy/cgsh_order_operate.html?command=get_materiel&rest_code=00106&code=00101008437&supplier_code=00100007&order_time=2023-02-05 HTTP/1.1" 200 410
120.253.135.82 - - [05/Feb/2023:10:04:28 +0800] "GET /xingrg/check_reg.html?_=1675562506382 HTTP/1.1" 200 22
116.238.139.35 - - [05/Feb/2023:10:04:31 +0800] "GET /xingrg/all/function/internal_message.html?_=1675562621831&CODE_STATE=getMsg HTTP/1.1" 200 27
218.81.216.21 - - [05/Feb/2023:10:04:39 +0800] "GET /xingrg/all/function/internal_message.html?_=1675562702515&CODE_STATE=getMsg HTTP/1.1" 200 27
120.253.135.82 - - [05/Feb/2023:10:04:43 +0800] "GET /xingrg/all/function/internal_message.html?_=1675562829933&CODE_STATE=getMsg HTTP/1.1" 200 27
120.253.135.82 - - [05/Feb/2023:10:04:43 +0800] "GET /xingrg/check_reg.html?_=1675562829936 HTTP/1.1" 200 22
222.70.181.49 - - [05/Feb/2023:10:04:44 +0800] "GET /xingrg/all/function/internal_message.html?_=1675562706825&CODE_STATE=getMsg HTTP/1.1" 200 27
124.78.154.177 - - [05/Feb/2023:10:04:53 +0800] "GET /xingrg/kc/buy/cgsh_order_operate.html?command=get_materiel&rest_code=00106&code=00101008110&supplier_code=00100007&order_time=2023-02-05 HTTP/1.1" 200 408
114.88.159.190 - - [05/Feb/2023:10:04:54 +0800] "GET /xingrg/all/function/internal_message.html?_=1675562285815&CODE_STATE=getMsg HTTP/1.1" 200 27
120.253.135.82 - - [05/Feb/2023:10:04:56 +0800] "GET /xingrg/all/function/internal_message.html?_=1675562533666&CODE_STATE=getMsg HTTP/1.1" 200 27
58.40.7.146 - - [05/Feb/2023:10:04:59 +0800] "GET /xingrg/all/function/internal_message.html?_=1675562720681&CODE_STATE=getMsg HTTP/1.1" 200 27
101.83.145.75 - - [05/Feb/2023:10:04:59 +0800] "GET /xingrg/all/function/internal_message.html?_=1675562725704&CODE_STATE=getMsg HTTP/1.1" 200 27
124.78.154.177 - - [05/Feb/2023:10:05:02 +0800] "GET /xingrg/kc/buy/cgsh_order_operate.html?command=get_materiel&rest_code=00106&code=00101008150&supplier_code=00100007&order_time=2023-02-05 HTTP/1.1" 200 409
116.238.139.35 - - [05/Feb/2023:10:05:02 +0800] "GET /xingrg/all/function/internal_message.html?_=1675562725274&CODE_STATE=getMsg HTTP/1.1" 200 27
58.221.95.50 - - [05/Feb/2023:10:05:07 +0800] "GET /xingrg/all/function/internal_message.html?_=1675562729153&CODE_STATE=getMsg HTTP/1.1" 200 27
124.78.154.177 - - [05/Feb/2023:10:05:11 +0800] "GET /xingrg/kc/buy/cgsh_order_operate.html?command=get_materiel&rest_code=00106&code=00101008114&supplier_code=00100007&order_time=2023-02-05 HTTP/1.1" 200 413
124.78.154.177 - - [05/Feb/2023:10:05:22 +0800] "GET /xingrg/kc/buy/cgsh_order_operate.html?command=get_materiel&rest_code=00106&code=00101008207&supplier_code=00100007&order_time=2023-02-05 HTTP/1.1" 200 408
114.83.222.182 - - [05/Feb/2023:10:05:22 +0800] "GET /xingrg/all/function/internal_message.html?_=1675562847685&CODE_STATE=getMsg HTTP/1.1" 200 27
124.78.154.177 - - [05/Feb/2023:10:05:25 +0800] "GET /xingrg/all/function/internal_message.html?_=1675562747174&CODE_STATE=getMsg HTTP/1.1" 200 27
124.78.154.177 - - [05/Feb/2023:10:05:25 +0800] "GET /xingrg/check_reg.html?_=1675562747215 HTTP/1.1" 200 22
116.238.139.35 - - [05/Feb/2023:10:05:31 +0800] "GET /xingrg/all/function/internal_message.html?_=1675562681855&CODE_STATE=getMsg HTTP/1.1" 200 27
218.81.216.21 - - [05/Feb/2023:10:05:39 +0800] "GET /xingrg/all/function/internal_message.html?_=1675562762823&CODE_STATE=getMsg HTTP/1.1" 200 27
124.78.154.177 - - [05/Feb/2023:10:05:41 +0800] "GET /xingrg/kc/buy/cgsh_order_operate.html?command=get_materiel&rest_code=00106&code=00101008370&supplier_code=00100007&order_time=2023-02-05 HTTP/1.1" 200 414
120.253.135.82 - - [05/Feb/2023:10:05:43 +0800] "GET /xingrg/all/function/internal_message.html?_=1675562889941&CODE_STATE=getMsg HTTP/1.1" 200 27
222.70.181.49 - - [05/Feb/2023:10:05:44 +0800] "GET /xingrg/all/function/internal_message.html?_=1675562766823&CODE_STATE=getMsg HTTP/1.1" 200 27
222.70.181.49 - - [05/Feb/2023:10:05:47 +0800] "POST /xingrg/kc/buy/cgsh_list_operate.html HTTP/1.1" 200 6108
222.70.181.49 - - [05/Feb/2023:10:05:49 +0800] "POST /xingrg/kc/buy/cgsh_list_operate.html HTTP/1.1" 200 270
222.70.181.49 - - [05/Feb/2023:10:05:50 +0800] "GET /xingrg/kc/buy/cgsh_order_info.html?code=212023020100032 HTTP/1.1" 200 64562
222.70.181.49 - - [05/Feb/2023:10:05:50 +0800] "GET /xingrg/javascript/easyui/themes/default/validatebox.css HTTP/1.1" 404 1104
222.70.181.49 - - [05/Feb/2023:10:05:51 +0800] "POST /xingrg/kc/buy/cgsh_order_operate.html HTTP/1.1" 200 1191
222.70.181.49 - - [05/Feb/2023:10:05:52 +0800] "GET /xingrg/kc/print/load_data.html?order_code=212023020100032&kc_code=cgsh HTTP/1.1" 200 952
114.88.159.190 - - [05/Feb/2023:10:05:54 +0800] "GET /xingrg/all/function/internal_message.html?_=1675562345788&CODE_STATE=getMsg HTTP/1.1" 200 27
120.253.135.82 - - [05/Feb/2023:10:05:56 +0800] "GET /xingrg/all/function/internal_message.html?_=1675562593678&CODE_STATE=getMsg HTTP/1.1" 200 27
116.238.139.35 - - [05/Feb/2023:10:05:58 +0800] "POST /xingrg/all/user/operate.html HTTP/1.1" 200 36
58.40.7.146 - - [05/Feb/2023:10:05:59 +0800] "GET /xingrg/all/function/internal_message.html?_=1675562780684&CODE_STATE=getMsg HTTP/1.1" 200 27
116.238.139.35 - - [05/Feb/2023:10:05:59 +0800] "GET /xingrg/index.html?sysBaseUrl=http%3A%2F%2F180.169.147.146%3A18081%2Fxingrg%2F&costTime=41×tamp=1675559900437 HTTP/1.1" 200 17177
116.238.139.35 - - [05/Feb/2023:10:05:59 +0800] "GET /xingrg/javascript/jquery_easy_ui/themes/default/easyui.css HTTP/1.1" 304 -
116.238.139.35 - - [05/Feb/2023:10:05:59 +0800] "GET /xingrg/javascript/jquery_easy_ui/themes/icon.css HTTP/1.1" 304 -
116.238.139.35 - - [05/Feb/2023:10:05:59 +0800] "GET /xingrg/css/form.css HTTP/1.1" 304 -
116.238.139.35 - - [05/Feb/2023:10:05:59 +0800] "GET /xingrg/javascript/jquery-1.4.2.min.js HTTP/1.1" 304 -
116.238.139.35 - - [05/Feb/2023:10:05:59 +0800] "GET /xingrg/javascript/jquery_easy_ui/jquery.easyui.min.js HTTP/1.1" 304 -
116.238.139.35 - - [05/Feb/2023:10:05:59 +0800] "GET /xingrg/javascript/jquery_easy_ui/easyui-lang-zh_CN.js HTTP/1.1" 304 -
116.238.139.35 - - [05/Feb/2023:10:05:59 +0800] "GET /xingrg/javascript/jquery.form.js HTTP/1.1" 304 -
116.238.139.35 - - [05/Feb/2023:10:05:59 +0800] "GET /xingrg/javascript/jquery.utils.js HTTP/1.1" 304 -
116.238.139.35 - - [05/Feb/2023:10:05:59 +0800] "GET /xingrg/javascript/jquery.timers.js HTTP/1.1" 304 -
116.238.139.35 - - [05/Feb/2023:10:05:59 +0800] "GET /xingrg/images/blue/jxLogo.png HTTP/1.1" 304 -
116.238.139.35 - - [05/Feb/2023:10:05:59 +0800] "GET /xingrg/images/blue/navBackgound.jpg HTTP/1.1" 304 -
101.83.145.75 - - [05/Feb/2023:10:05:59 +0800] "GET /xingrg/all/function/internal_message.html?_=1675562785704&CODE_STATE=getMsg HTTP/1.1" 200 27
116.238.139.35 - - [05/Feb/2023:10:05:59 +0800] "GET /xingrg/javascript/jquery_easy_ui/themes/icons/settle_new.png HTTP/1.1" 304 -
116.238.139.35 - - [05/Feb/2023:10:05:59 +0800] "POST /xingrg/all/common/load_tree.html?tree=area_rest_tree_json&manage=1 HTTP/1.1" 200 476
116.238.139.35 - - [05/Feb/2023:10:05:59 +0800] "GET /xingrg/all/function/internal_message.html?_=1675562781794&CODE_STATE=count HTTP/1.1" 200 11
116.238.139.35 - - [05/Feb/2023:10:05:59 +0800] "GET /xingrg/check_reg.html?_=1675562781795 HTTP/1.1" 200 22
116.238.139.35 - - [05/Feb/2023:10:05:59 +0800] "GET /xingrg/images/blue/pingpu.png HTTP/1.1" 304 -
116.238.139.35 - - [05/Feb/2023:10:05:59 +0800] "GET /xingrg/javascript/jquery_easy_ui/themes/default/images/tabs_rightarrow.png HTTP/1.1" 304 -
116.238.139.35 - - [05/Feb/2023:10:05:59 +0800] "GET /xingrg/javascript/jquery_easy_ui/themes/default/images/tabs_leftarrow.png HTTP/1.1" 304 -
116.238.139.35 - - [05/Feb/2023:10:05:59 +0800] "GET /xingrg/javascript/jquery_easy_ui/themes/default/images/panel_tool_collapse.gif HTTP/1.1" 304 -
116.238.139.35 - - [05/Feb/2023:10:05:59 +0800] "POST /xingrg/load_menu.html HTTP/1.1" 200 5138
124.78.154.177 - - [05/Feb/2023:10:06:00 +0800] "POST /xingrg/kc/buy/cgsh_order_operate.html HTTP/1.1" 200 2065
116.238.139.35 - - [05/Feb/2023:10:06:03 +0800] "GET /xingrg/kc/base/yddb_order_list.html HTTP/1.1" 200 16749
116.238.139.35 - - [05/Feb/2023:10:06:03 +0800] "POST /xingrg/kc/base/yddb_list_operate.html HTTP/1.1" 200 636
116.238.139.35 - - [05/Feb/2023:10:06:05 +0800] "GET /xingrg/dwr/interface/AjaxYddbService.js HTTP/1.1" 200 13201
116.238.139.35 - - [05/Feb/2023:10:06:05 +0800] "GET /xingrg/dwr/interface/AjaxComOrderService.js HTTP/1.1" 200 18264
116.238.139.35 - - [05/Feb/2023:10:06:05 +0800] "GET /xingrg/kc/base/yddb_order_add.html HTTP/1.1" 200 29953
116.238.139.35 - - [05/Feb/2023:10:06:05 +0800] "GET /xingrg/dwr/util.js HTTP/1.1" 200 35990
116.238.139.35 - - [05/Feb/2023:10:06:05 +0800] "GET /xingrg/dwr/engine.js HTTP/1.1" 200 43631
222.70.181.49 - - [05/Feb/2023:10:06:06 +0800] "POST /xingrg/kc/buy/cgsh_list_operate.html HTTP/1.1" 200 6108
58.221.95.50 - - [05/Feb/2023:10:06:07 +0800] "GET /xingrg/all/function/internal_message.html?_=1675562789128&CODE_STATE=getMsg HTTP/1.1" 200 27
222.70.181.49 - - [05/Feb/2023:10:06:08 +0800] "POST /xingrg/kc/buy/cgsh_list_operate.html HTTP/1.1" 200 570
124.78.154.177 - - [05/Feb/2023:10:06:09 +0800] "GET /xingrg/kc/buy/cgsh_order_operate.html?command=get_materiel&rest_code=00106&code=00101011010&supplier_code=00100007&order_time=2023-02-05 HTTP/1.1" 200 418
116.238.139.35 - - [05/Feb/2023:10:06:09 +0800] "POST /xingrg/dwr/call/plaincall/AjaxYddbService.getRestBases.dwr HTTP/1.1" 200 1616
222.70.181.49 - - [05/Feb/2023:10:06:09 +0800] "GET /xingrg/kc/buy/cgsh_order_info.html?code=212023020100039 HTTP/1.1" 200 64562
222.70.181.49 - - [05/Feb/2023:10:06:09 +0800] "GET /xingrg/javascript/easyui/themes/default/validatebox.css HTTP/1.1" 404 1104
222.70.181.49 - - [05/Feb/2023:10:06:10 +0800] "POST /xingrg/kc/buy/cgsh_order_operate.html HTTP/1.1" 200 13010
222.70.181.49 - - [05/Feb/2023:10:06:11 +0800] "GET /xingrg/kc/print/load_data.html?order_code=212023020100039&kc_code=cgsh HTTP/1.1" 200 5426
124.78.154.177 - - [05/Feb/2023:10:06:18 +0800] "GET /xingrg/kc/buy/cgsh_order_operate.html?command=get_materiel&rest_code=00106&code=00101008358&supplier_code=00100007&order_time=2023-02-05 HTTP/1.1" 200 412
116.238.139.35 - - [05/Feb/2023:10:06:18 +0800] "POST /xingrg/dwr/call/plaincall/AjaxYddbService.saveOrder.dwr HTTP/1.1" 200 78
116.238.139.35 - - [05/Feb/2023:10:06:19 +0800] "GET /xingrg/images/yd/bt.gif HTTP/1.1" 404 1040
116.238.139.35 - - [05/Feb/2023:10:06:21 +0800] "POST /xingrg/dwr/call/plaincall/AjaxComOrderService.getMaterielSearchList.dwr HTTP/1.1" 200 9131
116.238.139.35 - - [05/Feb/2023:10:06:21 +0800] "GET /xingrg/check_reg.html?_=1675562731546 HTTP/1.1" 200 22
222.70.181.49 - - [05/Feb/2023:10:06:21 +0800] "POST /xingrg/kc/buy/cgsh_list_operate.html HTTP/1.1" 200 6108
116.238.139.35 - - [05/Feb/2023:10:06:21 +0800] "POST /xingrg/dwr/call/plaincall/AjaxComOrderService.getMaterielSearchList.dwr HTTP/1.1" 200 1236
114.83.222.182 - - [05/Feb/2023:10:06:22 +0800] "GET /xingrg/all/function/internal_message.html?_=1675562907655&CODE_STATE=getMsg HTTP/1.1" 200 27
222.70.181.49 - - [05/Feb/2023:10:06:23 +0800] "POST /xingrg/kc/buy/cgsh_list_operate.html HTTP/1.1" 200 346
116.238.139.35 - - [05/Feb/2023:10:06:23 +0800] "POST /xingrg/dwr/call/plaincall/AjaxYddbService.getMaterielByMap.dwr HTTP/1.1" 200 2327
222.70.181.49 - - [05/Feb/2023:10:06:24 +0800] "GET /xingrg/kc/buy/cgsh_order_info.html?code=212023020100033 HTTP/1.1" 200 64562
222.70.181.49 - - [05/Feb/2023:10:06:24 +0800] "GET /xingrg/javascript/easyui/themes/default/validatebox.css HTTP/1.1" 404 1104
116.238.139.35 - - [05/Feb/2023:10:06:24 +0800] "POST /xingrg/dwr/call/plaincall/AjaxYddbService.getUnitPrice.dwr HTTP/1.1" 200 86
222.70.181.49 - - [05/Feb/2023:10:06:25 +0800] "POST /xingrg/kc/buy/cgsh_order_operate.html HTTP/1.1" 200 1790
124.78.154.177 - - [05/Feb/2023:10:06:25 +0800] "GET /xingrg/all/function/internal_message.html?_=1675562807192&CODE_STATE=getMsg HTTP/1.1" 200 27
222.70.181.49 - - [05/Feb/2023:10:06:26 +0800] "GET /xingrg/kc/print/load_data.html?order_code=212023020100033&kc_code=cgsh HTTP/1.1" 200 1249
116.238.139.35 - - [05/Feb/2023:10:06:27 +0800] "POST /xingrg/dwr/call/plaincall/AjaxYddbService.saveMaterielItem.dwr HTTP/1.1" 200 78
116.238.139.35 - - [05/Feb/2023:10:06:31 +0800] "POST /xingrg/dwr/call/plaincall/AjaxYddbService.checkOrder.dwr HTTP/1.1" 200 78
116.238.139.35 - - [05/Feb/2023:10:06:31 +0800] "GET /xingrg/all/function/internal_message.html?_=1675562741858&CODE_STATE=getMsg HTTP/1.1" 200 27
116.238.139.35 - - [05/Feb/2023:10:06:32 +0800] "GET /xingrg/kc/base/yddb_order_info.html?code=482023020500022 HTTP/1.1" 200 31265
116.238.139.35 - - [05/Feb/2023:10:06:32 +0800] "GET /xingrg/dwr/interface/AjaxComOrderService.js HTTP/1.1" 200 18264
116.238.139.35 - - [05/Feb/2023:10:06:32 +0800] "GET /xingrg/dwr/interface/AjaxYddbService.js HTTP/1.1" 200 13201
116.238.139.35 - - [05/Feb/2023:10:06:32 +0800] "GET /xingrg/dwr/engine.js HTTP/1.1" 200 43631
116.238.139.35 - - [05/Feb/2023:10:06:32 +0800] "POST /xingrg/dwr/call/plaincall/AjaxYddbService.loadMaterielItems.dwr HTTP/1.1" 200 414
124.78.154.177 - - [05/Feb/2023:10:06:36 +0800] "GET /xingrg/kc/buy/cgsh_order_operate.html?command=get_materiel&rest_code=00106&code=00101008370&supplier_code=00100007&order_time=2023-02-05 HTTP/1.1" 200 414
222.70.181.49 - - [05/Feb/2023:10:06:36 +0800] "POST /xingrg/kc/buy/cgsh_list_operate.html HTTP/1.1" 200 6108
218.81.216.21 - - [05/Feb/2023:10:06:39 +0800] "GET /xingrg/all/function/internal_message.html?_=1675562822823&CODE_STATE=getMsg HTTP/1.1" 200 27
222.70.181.49 - - [05/Feb/2023:10:06:40 +0800] "POST /xingrg/kc/buy/cgsh_list_operate.html HTTP/1.1" 200 3428
116.238.139.35 - - [05/Feb/2023:10:06:43 +0800] "POST /xingrg/dwr/call/plaincall/AjaxYddbService.saveOrder.dwr HTTP/1.1" 200 78
120.253.135.82 - - [05/Feb/2023:10:06:43 +0800] "GET /xingrg/all/function/internal_message.html?_=1675562949939&CODE_STATE=getMsg HTTP/1.1" 200 27
222.70.181.49 - - [05/Feb/2023:10:06:44 +0800] "POST /xingrg/kc/buy/cgsh_list_operate.html HTTP/1.1" 200 575
222.70.181.49 - - [05/Feb/2023:10:06:44 +0800] "GET /xingrg/check_reg.html?_=1675562826812 HTTP/1.1" 200 22
222.70.181.49 - - [05/Feb/2023:10:06:44 +0800] "GET /xingrg/all/function/internal_message.html?_=1675562826815&CODE_STATE=getMsg HTTP/1.1" 200 27
116.238.139.35 - - [05/Feb/2023:10:06:46 +0800] "POST /xingrg/dwr/call/plaincall/AjaxYddbService.objCheckOrder.dwr HTTP/1.1" 200 78
222.70.181.49 - - [05/Feb/2023:10:06:46 +0800] "GET /xingrg/kc/buy/cgsh_order_info.html?code=212023020100041 HTTP/1.1" 200 64564
222.70.181.49 - - [05/Feb/2023:10:06:47 +0800] "GET /xingrg/javascript/easyui/themes/default/validatebox.css HTTP/1.1" 404 1104
116.238.139.35 - - [05/Feb/2023:10:06:47 +0800] "GET /xingrg/kc/base/yddb_order_info.html?code=482023020500022 HTTP/1.1" 200 31386
116.238.139.35 - - [05/Feb/2023:10:06:47 +0800] "GET /xingrg/dwr/interface/AjaxComOrderService.js HTTP/1.1" 200 18264
116.238.139.35 - - [05/Feb/2023:10:06:47 +0800] "GET /xingrg/dwr/interface/AjaxYddbService.js HTTP/1.1" 200 13201
116.238.139.35 - - [05/Feb/2023:10:06:47 +0800] "GET /xingrg/dwr/engine.js HTTP/1.1" 200 43631
116.238.139.35 - - [05/Feb/2023:10:06:47 +0800] "POST /xingrg/dwr/call/plaincall/AjaxYddbService.loadMaterielItems.dwr HTTP/1.1" 200 414
222.70.181.49 - - [05/Feb/2023:10:06:48 +0800] "POST /xingrg/kc/buy/cgsh_order_operate.html HTTP/1.1" 200 6504
222.70.181.49 - - [05/Feb/2023:10:06:49 +0800] "GET /xingrg/kc/print/load_data.html?order_code=212023020100041&kc_code=cgsh HTTP/1.1" 200 2984
116.238.139.35 - - [05/Feb/2023:10:06:50 +0800] "GET /xingrg/kc/base/yddb_order_add.html HTTP/1.1" 200 29953
116.238.139.35 - - [05/Feb/2023:10:06:50 +0800] "GET /xingrg/dwr/interface/AjaxComOrderService.js HTTP/1.1" 200 18264
116.238.139.35 - - [05/Feb/2023:10:06:50 +0800] "GET /xingrg/dwr/interface/AjaxYddbService.js HTTP/1.1" 200 13201
116.238.139.35 - - [05/Feb/2023:10:06:50 +0800] "GET /xingrg/dwr/engine.js HTTP/1.1" 200 43631
116.238.139.35 - - [05/Feb/2023:10:06:52 +0800] "POST /xingrg/dwr/call/plaincall/AjaxYddbService.getRestBases.dwr HTTP/1.1" 200 1616
114.88.159.190 - - [05/Feb/2023:10:06:54 +0800] "GET /xingrg/check_reg.html?_=1675562405486 HTTP/1.1" 200 22
114.88.159.190 - - [05/Feb/2023:10:06:54 +0800] "GET /xingrg/all/function/internal_message.html?_=1675562405758&CODE_STATE=getMsg HTTP/1.1" 200 27
120.253.135.82 - - [05/Feb/2023:10:06:56 +0800] "GET /xingrg/all/function/internal_message.html?_=1675562653712&CODE_STATE=getMsg HTTP/1.1" 200 27
116.238.139.35 - - [05/Feb/2023:10:06:57 +0800] "POST /xingrg/dwr/call/plaincall/AjaxYddbService.saveOrder.dwr HTTP/1.1" 200 78
58.40.7.146 - - [05/Feb/2023:10:06:59 +0800] "GET /xingrg/check_reg.html?_=1675562840744 HTTP/1.1" 200 22
58.40.7.146 - - [05/Feb/2023:10:06:59 +0800] "GET /xingrg/all/function/internal_message.html?_=1675562840741&CODE_STATE=getMsg HTTP/1.1" 200 27
101.83.145.75 - - [05/Feb/2023:10:06:59 +0800] "GET /xingrg/all/function/internal_message.html?_=1675562845704&CODE_STATE=getMsg HTTP/1.1" 200 27
101.83.145.75 - - [05/Feb/2023:10:06:59 +0800] "GET /xingrg/check_reg.html?_=1675562845707 HTTP/1.1" 200 22
116.238.139.35 - - [05/Feb/2023:10:06:59 +0800] "GET /xingrg/all/function/internal_message.html?_=1675562841798&CODE_STATE=getMsg HTTP/1.1" 200 27
222.70.181.49 - - [05/Feb/2023:10:06:59 +0800] "POST /xingrg/kc/buy/cgsh_list_operate.html HTTP/1.1" 200 3428
116.238.139.35 - - [05/Feb/2023:10:07:00 +0800] "POST /xingrg/dwr/call/plaincall/AjaxComOrderService.getMaterielSearchList.dwr HTTP/1.1" 200 1109
116.238.139.35 - - [05/Feb/2023:10:07:03 +0800] "POST /xingrg/dwr/call/plaincall/AjaxYddbService.getMaterielByMap.dwr HTTP/1.1" 200 2329
124.78.154.177 - - [05/Feb/2023:10:07:04 +0800] "GET /xingrg/kc/buy/cgsh_order_operate.html?command=get_materiel&rest_code=00106&code=00101008148&supplier_code=00100007&order_time=2023-02-05 HTTP/1.1" 200 416
116.238.139.35 - - [05/Feb/2023:10:07:04 +0800] "POST /xingrg/dwr/call/plaincall/AjaxYddbService.saveMaterielItem.dwr HTTP/1.1" 200 78
58.221.95.50 - - [05/Feb/2023:10:07:07 +0800] "GET /xingrg/all/function/internal_message.html?_=1675562849109&CODE_STATE=getMsg HTTP/1.1" 200 27
116.238.139.35 - - [05/Feb/2023:10:07:07 +0800] "POST /xingrg/dwr/call/plaincall/AjaxComOrderService.getMaterielSearchList.dwr HTTP/1.1" 200 14367
116.238.139.35 - - [05/Feb/2023:10:07:08 +0800] "POST /xingrg/dwr/call/plaincall/AjaxComOrderService.getMaterielSearchList.dwr HTTP/1.1" 200 429
116.238.139.35 - - [05/Feb/2023:10:07:09 +0800] "POST /xingrg/dwr/call/plaincall/AjaxYddbService.getMaterielByMap.dwr HTTP/1.1" 200 2334
116.238.139.35 - - [05/Feb/2023:10:07:11 +0800] "POST /xingrg/dwr/call/plaincall/AjaxYddbService.getUnitPrice.dwr HTTP/1.1" 200 86
180.169.147.146 - - [05/Feb/2023:10:07:11 +0800] "GET /xingrg/check_reg.html?_=1675562853222 HTTP/1.1" 200 22
116.238.139.35 - - [05/Feb/2023:10:07:12 +0800] "POST /xingrg/dwr/call/plaincall/AjaxYddbService.saveMaterielItem.dwr HTTP/1.1" 200 78
116.238.139.35 - - [05/Feb/2023:10:07:15 +0800] "POST /xingrg/dwr/call/plaincall/AjaxComOrderService.getMaterielSearchList.dwr HTTP/1.1" 200 886
116.238.139.35 - - [05/Feb/2023:10:07:16 +0800] "POST /xingrg/dwr/call/plaincall/AjaxComOrderService.getMaterielSearchList.dwr HTTP/1.1" 200 886
116.238.139.35 - - [05/Feb/2023:10:07:17 +0800] "POST /xingrg/dwr/call/plaincall/AjaxYddbService.getMaterielByMap.dwr HTTP/1.1" 200 2279
124.78.154.177 - - [05/Feb/2023:10:07:18 +0800] "GET /xingrg/kc/buy/cgsh_order_operate.html?command=get_materiel&rest_code=00106&code=00101008148&supplier_code=00100007&order_time=2023-02-05 HTTP/1.1" 200 416
114.83.222.182 - - [05/Feb/2023:10:07:22 +0800] "GET /xingrg/all/function/internal_message.html?_=1675562967648&CODE_STATE=getMsg HTTP/1.1" 200 27
116.238.139.35 - - [05/Feb/2023:10:07:23 +0800] "POST /xingrg/dwr/call/plaincall/AjaxYddbService.saveMaterielItem.dwr HTTP/1.1" 200 79
124.78.154.177 - - [05/Feb/2023:10:07:25 +0800] "GET /xingrg/all/function/internal_message.html?_=1675562867176&CODE_STATE=getMsg HTTP/1.1" 200 27
116.238.139.35 - - [05/Feb/2023:10:07:26 +0800] "POST /xingrg/dwr/call/plaincall/AjaxComOrderService.getMaterielSearchList.dwr HTTP/1.1" 200 270237
116.238.139.35 - - [05/Feb/2023:10:07:27 +0800] "POST /xingrg/dwr/call/plaincall/AjaxComOrderService.getMaterielSearchList.dwr HTTP/1.1" 200 891
116.238.139.35 - - [05/Feb/2023:10:07:29 +0800] "POST /xingrg/dwr/call/plaincall/AjaxYddbService.getMaterielByMap.dwr HTTP/1.1" 200 2374
116.238.139.35 - - [05/Feb/2023:10:07:31 +0800] "POST /xingrg/dwr/call/plaincall/AjaxYddbService.getUnitPrice.dwr HTTP/1.1" 200 87
116.238.139.35 - - [05/Feb/2023:10:07:31 +0800] "GET /xingrg/all/function/internal_message.html?_=1675562801872&CODE_STATE=getMsg HTTP/1.1" 200 27
124.78.154.177 - - [05/Feb/2023:10:07:32 +0800] "GET /xingrg/kc/buy/cgsh_order_operate.html?command=get_materiel&rest_code=00106&code=00101008300&supplier_code=00100007&order_time=2023-02-05 HTTP/1.1" 200 412
116.238.139.35 - - [05/Feb/2023:10:07:32 +0800] "GET /xingrg/images/yd/bt2.gif HTTP/1.1" 404 1042
116.238.139.35 - - [05/Feb/2023:10:07:33 +0800] "POST /xingrg/dwr/call/plaincall/AjaxYddbService.saveMaterielItem.dwr HTTP/1.1" 200 79
116.238.139.35 - - [05/Feb/2023:10:07:35 +0800] "POST /xingrg/dwr/call/plaincall/AjaxComOrderService.getMaterielSearchList.dwr HTTP/1.1" 200 35210
116.238.139.35 - - [05/Feb/2023:10:07:36 +0800] "POST /xingrg/dwr/call/plaincall/AjaxComOrderService.getMaterielSearchList.dwr HTTP/1.1" 200 846
124.78.154.177 - - [05/Feb/2023:10:07:37 +0800] "POST /xingrg/kc/buy/cgsh_order_operate.html HTTP/1.1" 200 2065
116.238.139.35 - - [05/Feb/2023:10:07:38 +0800] "POST /xingrg/dwr/call/plaincall/AjaxYddbService.getMaterielByMap.dwr HTTP/1.1" 200 2362
116.238.139.35 - - [05/Feb/2023:10:07:39 +0800] "POST /xingrg/dwr/call/plaincall/AjaxYddbService.getUnitPrice.dwr HTTP/1.1" 200 87
218.81.216.21 - - [05/Feb/2023:10:07:39 +0800] "GET /xingrg/all/function/internal_message.html?_=1675562883145&CODE_STATE=getMsg HTTP/1.1" 200 27
116.238.139.35 - - [05/Feb/2023:10:07:41 +0800] "POST /xingrg/dwr/call/plaincall/AjaxYddbService.saveMaterielItem.dwr HTTP/1.1" 200 79
120.253.135.82 - - [05/Feb/2023:10:07:43 +0800] "GET /xingrg/all/function/internal_message.html?_=1675563009968&CODE_STATE=getMsg HTTP/1.1" 200 27
116.238.139.35 - - [05/Feb/2023:10:07:44 +0800] "POST /xingrg/dwr/call/plaincall/AjaxComOrderService.getMaterielSearchList.dwr HTTP/1.1" 200 15188
222.70.181.49 - - [05/Feb/2023:10:07:44 +0800] "GET /xingrg/all/function/internal_message.html?_=1675562886826&CODE_STATE=getMsg HTTP/1.1" 200 27
116.238.139.35 - - [05/Feb/2023:10:07:44 +0800] "POST /xingrg/dwr/call/plaincall/AjaxComOrderService.getMaterielSearchList.dwr HTTP/1.1" 200 582
116.238.139.35 - - [05/Feb/2023:10:07:45 +0800] "POST /xingrg/dwr/call/plaincall/AjaxYddbService.getMaterielByMap.dwr HTTP/1.1" 200 2372
116.238.139.35 - - [05/Feb/2023:10:07:47 +0800] "POST /xingrg/dwr/call/plaincall/AjaxYddbService.getUnitPrice.dwr HTTP/1.1" 200 87
116.238.139.35 - - [05/Feb/2023:10:07:49 +0800] "POST /xingrg/dwr/call/plaincall/AjaxYddbService.saveMaterielItem.dwr HTTP/1.1" 200 79
116.238.139.35 - - [05/Feb/2023:10:07:52 +0800] "POST /xingrg/dwr/call/plaincall/AjaxComOrderService.getMaterielSearchList.dwr HTTP/1.1" 200 485342
116.238.139.35 - - [05/Feb/2023:10:07:53 +0800] "POST /xingrg/dwr/call/plaincall/AjaxComOrderService.getMaterielSearchList.dwr HTTP/1.1" 200 876
114.88.159.190 - - [05/Feb/2023:10:07:54 +0800] "GET /xingrg/all/function/internal_message.html?_=1675562465739&CODE_STATE=getMsg HTTP/1.1" 200 27
124.78.154.177 - - [05/Feb/2023:10:07:54 +0800] "POST /xingrg/kc/buy/cgsh_order_operate.html HTTP/1.1" 200 37
116.238.139.35 - - [05/Feb/2023:10:07:54 +0800] "POST /xingrg/dwr/call/plaincall/AjaxYddbService.getMaterielByMap.dwr HTTP/1.1" 200 2371
116.238.139.35 - - [05/Feb/2023:10:07:55 +0800] "POST /xingrg/dwr/call/plaincall/AjaxYddbService.getUnitPrice.dwr HTTP/1.1" 200 87
120.253.135.82 - - [05/Feb/2023:10:07:56 +0800] "GET /xingrg/all/function/internal_message.html?_=1675562713720&CODE_STATE=getMsg HTTP/1.1" 200 27
116.238.139.35 - - [05/Feb/2023:10:07:57 +0800] "POST /xingrg/dwr/call/plaincall/AjaxYddbService.saveMaterielItem.dwr HTTP/1.1" 200 79
58.40.7.146 - - [05/Feb/2023:10:07:59 +0800] "GET /xingrg/all/function/internal_message.html?_=1675562900713&CODE_STATE=getMsg HTTP/1.1" 200 27
101.83.145.75 - - [05/Feb/2023:10:07:59 +0800] "GET /xingrg/all/function/internal_message.html?_=1675562905707&CODE_STATE=getMsg HTTP/1.1" 200 27
116.238.139.35 - - [05/Feb/2023:10:07:59 +0800] "GET /xingrg/all/function/internal_message.html?_=1675562901802&CODE_STATE=getMsg HTTP/1.1" 200 27
222.64.62.101 - - [05/Feb/2023:10:08:00 +0800] "POST /xingrg/services/DataTransmitService HTTP/1.1" 200 524
222.64.62.101 - - [05/Feb/2023:10:08:01 +0800] "POST /xingrg/services/DataTransmitService HTTP/1.1" 200 2247
222.64.62.101 - - [05/Feb/2023:10:08:02 +0800] "POST /xingrg/services/DataTransmitService HTTP/1.1" 200 203848
116.238.139.35 - - [05/Feb/2023:10:08:04 +0800] "POST /xingrg/dwr/call/plaincall/AjaxYddbService.checkOrder.dwr HTTP/1.1" 200 79
116.238.139.35 - - [05/Feb/2023:10:08:05 +0800] "GET /xingrg/kc/base/yddb_order_info.html?code=482023020500023 HTTP/1.1" 200 31266
116.238.139.35 - - [05/Feb/2023:10:08:06 +0800] "GET /xingrg/dwr/interface/AjaxYddbService.js HTTP/1.1" 200 13201
116.238.139.35 - - [05/Feb/2023:10:08:06 +0800] "GET /xingrg/dwr/interface/AjaxComOrderService.js HTTP/1.1" 200 18264
116.238.139.35 - - [05/Feb/2023:10:08:06 +0800] "GET /xingrg/dwr/engine.js HTTP/1.1" 200 43631
116.238.139.35 - - [05/Feb/2023:10:08:06 +0800] "POST /xingrg/dwr/call/plaincall/AjaxYddbService.loadMaterielItems.dwr HTTP/1.1" 200 2584
58.221.95.50 - - [05/Feb/2023:10:08:07 +0800] "GET /xingrg/all/function/internal_message.html?_=1675562909087&CODE_STATE=getMsg HTTP/1.1" 200 27
58.221.95.50 - - [05/Feb/2023:10:08:07 +0800] "GET /xingrg/check_reg.html?_=1675562909385 HTTP/1.1" 200 22
101.83.145.75 - - [05/Feb/2023:10:08:11 +0800] "POST /xingrg/services/DataTransmitService HTTP/1.1" 200 524
101.83.145.75 - - [05/Feb/2023:10:08:12 +0800] "POST /xingrg/services/DataTransmitService HTTP/1.1" 200 412
116.238.139.35 - - [05/Feb/2023:10:08:14 +0800] "POST /xingrg/dwr/call/plaincall/AjaxYddbService.saveOrder.dwr HTTP/1.1" 200 78
116.238.139.35 - - [05/Feb/2023:10:08:17 +0800] "POST /xingrg/dwr/call/plaincall/AjaxYddbService.objCheckOrder.dwr HTTP/1.1" 200 78
116.238.139.35 - - [05/Feb/2023:10:08:18 +0800] "GET /xingrg/kc/base/yddb_order_info.html?code=482023020500023 HTTP/1.1" 200 31387
116.238.139.35 - - [05/Feb/2023:10:08:18 +0800] "GET /xingrg/dwr/interface/AjaxYddbService.js HTTP/1.1" 200 13201
116.238.139.35 - - [05/Feb/2023:10:08:18 +0800] "GET /xingrg/dwr/interface/AjaxComOrderService.js HTTP/1.1" 200 18264
116.238.139.35 - - [05/Feb/2023:10:08:18 +0800] "GET /xingrg/dwr/engine.js HTTP/1.1" 200 43631
116.238.139.35 - - [05/Feb/2023:10:08:18 +0800] "POST /xingrg/dwr/call/plaincall/AjaxYddbService.loadMaterielItems.dwr HTTP/1.1" 200 2584
124.78.154.177 - - [05/Feb/2023:10:08:18 +0800] "POST /xingrg/kc/buy/cgsh_order_operate.html HTTP/1.1" 200 37547
114.83.222.182 - - [05/Feb/2023:10:08:22 +0800] "GET /xingrg/all/function/internal_message.html?_=1675563027640&CODE_STATE=getMsg HTTP/1.1" 200 27
114.83.222.182 - - [05/Feb/2023:10:08:23 +0800] "GET /xingrg/check_reg.html?_=1675563028204 HTTP/1.1" 200 22
124.78.154.177 - - [05/Feb/2023:10:08:25 +0800] "GET /xingrg/all/function/internal_message.html?_=1675562927178&CODE_STATE=getMsg HTTP/1.1" 200 27
116.238.139.35 - - [05/Feb/2023:10:08:31 +0800] "GET /xingrg/all/function/internal_message.html?_=1675562861895&CODE_STATE=getMsg HTTP/1.1" 200 27
218.81.216.21 - - [05/Feb/2023:10:08:34 +0800] "GET /xingrg/check_reg.html?_=1675562937859 HTTP/1.1" 200 22
218.81.216.21 - - [05/Feb/2023:10:08:39 +0800] "GET /xingrg/all/function/internal_message.html?_=1675562943146&CODE_STATE=getMsg HTTP/1.1" 200 27
120.253.135.82 - - [05/Feb/2023:10:08:43 +0800] "GET /xingrg/all/function/internal_message.html?_=1675563069972&CODE_STATE=getMsg HTTP/1.1" 200 27
222.70.181.49 - - [05/Feb/2023:10:08:44 +0800] "GET /xingrg/all/function/internal_message.html?_=1675562946828&CODE_STATE=getMsg HTTP/1.1" 200 27
124.78.154.177 - - [05/Feb/2023:10:08:52 +0800] "POST /xingrg/kc/buy/cgsh_order_operate.html HTTP/1.1" 200 37
114.88.159.190 - - [05/Feb/2023:10:08:54 +0800] "GET /xingrg/all/function/internal_message.html?_=1675562525708&CODE_STATE=getMsg HTTP/1.1" 200 27
120.253.135.82 - - [05/Feb/2023:10:08:56 +0800] "GET /xingrg/all/function/internal_message.html?_=1675562773768&CODE_STATE=getMsg HTTP/1.1" 200 27
58.40.7.146 - - [05/Feb/2023:10:08:59 +0800] "GET /xingrg/all/function/internal_message.html?_=1675562960701&CODE_STATE=getMsg HTTP/1.1" 200 27
101.83.145.75 - - [05/Feb/2023:10:08:59 +0800] "GET /xingrg/all/function/internal_message.html?_=1675562965709&CODE_STATE=getMsg HTTP/1.1" 200 27
116.238.139.35 - - [05/Feb/2023:10:08:59 +0800] "GET /xingrg/all/function/internal_message.html?_=1675562961801&CODE_STATE=getMsg HTTP/1.1" 200 27
124.78.154.177 - - [05/Feb/2023:10:09:00 +0800] "POST /xingrg/kc/buy/cgsh_order_operate.html HTTP/1.1" 200 12
58.221.95.50 - - [05/Feb/2023:10:09:07 +0800] "GET /xingrg/all/function/internal_message.html?_=1675562969072&CODE_STATE=getMsg HTTP/1.1" 200 27
124.78.154.177 - - [05/Feb/2023:10:09:19 +0800] "GET /xingrg/kc/buy/cgsh_order_info.html?code=212023020501231 HTTP/1.1" 200 64608
114.83.222.182 - - [05/Feb/2023:10:09:22 +0800] "GET /xingrg/all/function/internal_message.html?_=1675563087626&CODE_STATE=getMsg HTTP/1.1" 200 27
120.253.135.82 - - [05/Feb/2023:10:09:29 +0800] "GET /xingrg/check_reg.html?_=1675562806388 HTTP/1.1" 200 22
124.78.154.177 - - [05/Feb/2023:10:09:30 +0800] "GET /xingrg/all/function/internal_message.html?_=1675562989863&CODE_STATE=getMsg HTTP/1.1" 200 27
116.238.139.35 - - [05/Feb/2023:10:09:31 +0800] "GET /xingrg/all/function/internal_message.html?_=1675562921899&CODE_STATE=getMsg HTTP/1.1" 200 27
124.78.154.177 - - [05/Feb/2023:10:09:37 +0800] "POST /xingrg/kc/buy/cgsh_order_operate.html HTTP/1.1" 200 35491
124.78.154.177 - - [05/Feb/2023:10:09:39 +0800] "GET /xingrg/javascript/easyui/themes/default/validatebox.css HTTP/1.1" 404 1104
218.81.216.21 - - [05/Feb/2023:10:09:39 +0800] "GET /xingrg/all/function/internal_message.html?_=1675563003160&CODE_STATE=getMsg HTTP/1.1" 200 27
120.253.135.82 - - [05/Feb/2023:10:09:43 +0800] "GET /xingrg/check_reg.html?_=1675563129972 HTTP/1.1" 200 22
120.253.135.82 - - [05/Feb/2023:10:09:43 +0800] "GET /xingrg/all/function/internal_message.html?_=1675563129974&CODE_STATE=getMsg HTTP/1.1" 200 27
222.70.181.49 - - [05/Feb/2023:10:09:44 +0800] "GET /xingrg/all/function/internal_message.html?_=1675563006828&CODE_STATE=getMsg HTTP/1.1" 200 27
114.88.159.190 - - [05/Feb/2023:10:09:54 +0800] "GET /xingrg/all/function/internal_message.html?_=1675562585678&CODE_STATE=getMsg HTTP/1.1" 200 27
120.253.135.82 - - [05/Feb/2023:10:09:56 +0800] "GET /xingrg/all/function/internal_message.html?_=1675562833780&CODE_STATE=getMsg HTTP/1.1" 200 27
58.40.7.146 - - [05/Feb/2023:10:09:59 +0800] "GET /xingrg/all/function/internal_message.html?_=1675563020687&CODE_STATE=getMsg HTTP/1.1" 200 27
101.83.145.75 - - [05/Feb/2023:10:09:59 +0800] "GET /xingrg/all/function/internal_message.html?_=1675563025709&CODE_STATE=getMsg HTTP/1.1" 200 27
116.238.139.35 - - [05/Feb/2023:10:09:59 +0800] "GET /xingrg/all/function/internal_message.html?_=1675563021802&CODE_STATE=getMsg HTTP/1.1" 200 27
58.221.95.50 - - [05/Feb/2023:10:10:07 +0800] "GET /xingrg/all/function/internal_message.html?_=1675563029049&CODE_STATE=getMsg HTTP/1.1" 200 27
114.83.222.182 - - [05/Feb/2023:10:10:22 +0800] "GET /xingrg/all/function/internal_message.html?_=1675563147609&CODE_STATE=getMsg HTTP/1.1" 200 27
222.70.181.49 - - [05/Feb/2023:10:10:23 +0800] "POST /xingrg/kc/buy/cgsh_list_operate.html HTTP/1.1" 200 6108
124.78.154.177 - - [05/Feb/2023:10:10:26 +0800] "GET /xingrg/all/function/internal_message.html?_=1675563047723&CODE_STATE=getMsg HTTP/1.1" 200 27
124.78.154.177 - - [05/Feb/2023:10:10:26 +0800] "GET /xingrg/check_reg.html?_=1675563047724 HTTP/1.1" 200 22
116.238.139.35 - - [05/Feb/2023:10:10:31 +0800] "GET /xingrg/all/function/internal_message.html?_=1675562981923&CODE_STATE=getMsg HTTP/1.1" 200 27
218.81.216.21 - - [05/Feb/2023:10:10:40 +0800] "GET /xingrg/all/function/internal_message.html?_=1675563063498&CODE_STATE=getMsg HTTP/1.1" 200 27
120.253.135.82 - - [05/Feb/2023:10:10:43 +0800] "GET /xingrg/all/function/internal_message.html?_=1675563189974&CODE_STATE=getMsg HTTP/1.1" 200 27
222.70.181.49 - - [05/Feb/2023:10:10:44 +0800] "GET /xingrg/all/function/internal_message.html?_=1675563066829&CODE_STATE=getMsg HTTP/1.1" 200 27
114.88.159.190 - - [05/Feb/2023:10:10:54 +0800] "GET /xingrg/all/function/internal_message.html?_=1675562645646&CODE_STATE=getMsg HTTP/1.1" 200 27
120.253.135.82 - - [05/Feb/2023:10:10:56 +0800] "GET /xingrg/all/function/internal_message.html?_=1675562893794&CODE_STATE=getMsg HTTP/1.1" 200 27
58.40.7.146 - - [05/Feb/2023:10:10:59 +0800] "GET /xingrg/all/function/internal_message.html?_=1675563080692&CODE_STATE=getMsg HTTP/1.1" 200 27
101.83.145.75 - - [05/Feb/2023:10:10:59 +0800] "GET /xingrg/all/function/internal_message.html?_=1675563085710&CODE_STATE=getMsg HTTP/1.1" 200 27
116.238.139.35 - - [05/Feb/2023:10:10:59 +0800] "GET /xingrg/check_reg.html?_=1675563081804 HTTP/1.1" 200 22
116.238.139.35 - - [05/Feb/2023:10:10:59 +0800] "GET /xingrg/all/function/internal_message.html?_=1675563081807&CODE_STATE=getMsg HTTP/1.1" 200 27
58.221.95.50 - - [05/Feb/2023:10:11:07 +0800] "GET /xingrg/all/function/internal_message.html?_=1675563089028&CODE_STATE=getMsg HTTP/1.1" 200 27
116.238.139.35 - - [05/Feb/2023:10:11:10 +0800] "POST /xingrg/all/user/operate.html HTTP/1.1" 200 36
116.238.139.35 - - [05/Feb/2023:10:11:10 +0800] "GET /xingrg/javascript/jquery_easy_ui/themes/default/easyui.css HTTP/1.1" 304 -
116.238.139.35 - - [05/Feb/2023:10:11:10 +0800] "GET /xingrg/index.html?sysBaseUrl=http%3A%2F%2F180.169.147.146%3A18081%2Fxingrg%2F&costTime=41×tamp=1675559900437 HTTP/1.1" 200 17179
116.238.139.35 - - [05/Feb/2023:10:11:10 +0800] "GET /xingrg/javascript/jquery_easy_ui/themes/icon.css HTTP/1.1" 304 -
116.238.139.35 - - [05/Feb/2023:10:11:10 +0800] "GET /xingrg/css/form.css HTTP/1.1" 304 -
116.238.139.35 - - [05/Feb/2023:10:11:10 +0800] "GET /xingrg/javascript/jquery-1.4.2.min.js HTTP/1.1" 304 -
116.238.139.35 - - [05/Feb/2023:10:11:10 +0800] "GET /xingrg/javascript/jquery_easy_ui/jquery.easyui.min.js HTTP/1.1" 304 -
116.238.139.35 - - [05/Feb/2023:10:11:10 +0800] "GET /xingrg/javascript/jquery_easy_ui/easyui-lang-zh_CN.js HTTP/1.1" 304 -
116.238.139.35 - - [05/Feb/2023:10:11:10 +0800] "GET /xingrg/javascript/jquery.form.js HTTP/1.1" 304 -
116.238.139.35 - - [05/Feb/2023:10:11:10 +0800] "GET /xingrg/javascript/jquery.utils.js HTTP/1.1" 304 -
116.238.139.35 - - [05/Feb/2023:10:11:10 +0800] "GET /xingrg/javascript/jquery.timers.js HTTP/1.1" 304 -
116.238.139.35 - - [05/Feb/2023:10:11:10 +0800] "GET /xingrg/images/blue/jxLogo.png HTTP/1.1" 304 -
116.238.139.35 - - [05/Feb/2023:10:11:10 +0800] "GET /xingrg/images/blue/navBackgound.jpg HTTP/1.1" 304 -
116.238.139.35 - - [05/Feb/2023:10:11:10 +0800] "GET /xingrg/javascript/jquery_easy_ui/themes/icons/settle_new.png HTTP/1.1" 304 -
116.238.139.35 - - [05/Feb/2023:10:11:10 +0800] "POST /xingrg/all/common/load_tree.html?tree=area_rest_tree_json&manage=1 HTTP/1.1" 200 476
116.238.139.35 - - [05/Feb/2023:10:11:10 +0800] "GET /xingrg/all/function/internal_message.html?_=1675563092982&CODE_STATE=count HTTP/1.1" 200 11
116.238.139.35 - - [05/Feb/2023:10:11:10 +0800] "GET /xingrg/check_reg.html?_=1675563092983 HTTP/1.1" 200 22
116.238.139.35 - - [05/Feb/2023:10:11:10 +0800] "GET /xingrg/images/blue/pingpu.png HTTP/1.1" 304 -
116.238.139.35 - - [05/Feb/2023:10:11:10 +0800] "GET /xingrg/javascript/jquery_easy_ui/themes/default/images/panel_tool_collapse.gif HTTP/1.1" 304 -
116.238.139.35 - - [05/Feb/2023:10:11:10 +0800] "GET /xingrg/javascript/jquery_easy_ui/themes/default/images/tabs_rightarrow.png HTTP/1.1" 304 -
116.238.139.35 - - [05/Feb/2023:10:11:10 +0800] "GET /xingrg/javascript/jquery_easy_ui/themes/default/images/tabs_leftarrow.png HTTP/1.1" 304 -
116.238.139.35 - - [05/Feb/2023:10:11:10 +0800] "POST /xingrg/load_menu.html HTTP/1.1" 200 5138
116.238.139.35 - - [05/Feb/2023:10:11:12 +0800] "GET /xingrg/kc/base/wldb_order_list.html HTTP/1.1" 200 19145
116.238.139.35 - - [05/Feb/2023:10:11:12 +0800] "POST /xingrg/kc/base/wldb_list_operate.html HTTP/1.1" 200 928
116.238.139.35 - - [05/Feb/2023:10:11:14 +0800] "GET /xingrg/javascript/jquery_tools/images/prev.gif HTTP/1.1" 404 1086
116.238.139.35 - - [05/Feb/2023:10:11:14 +0800] "GET /xingrg/javascript/jquery_tools/images/next.gif HTTP/1.1" 404 1086
116.238.139.35 - - [05/Feb/2023:10:11:18 +0800] "POST /xingrg/kc/base/wldb_list_operate.html HTTP/1.1" 200 1798
116.238.139.35 - - [05/Feb/2023:10:11:19 +0800] "POST /xingrg/kc/base/wldb_list_operate.html HTTP/1.1" 200 201
116.238.139.35 - - [05/Feb/2023:10:11:20 +0800] "GET /xingrg/kc/base/wldb_order_info.html?code=422023020500260 HTTP/1.1" 200 26307
116.238.139.35 - - [05/Feb/2023:10:11:20 +0800] "GET /xingrg/javascript/easyui/themes/default/validatebox.css HTTP/1.1" 404 1104
116.238.139.35 - - [05/Feb/2023:10:11:20 +0800] "POST /xingrg/kc/base/wldb_order_operate.html HTTP/1.1" 200 475
116.238.139.35 - - [05/Feb/2023:10:11:21 +0800] "GET /xingrg/check_reg.html?_=1675563031556 HTTP/1.1" 200 22
114.83.222.182 - - [05/Feb/2023:10:11:22 +0800] "GET /xingrg/all/function/internal_message.html?_=1675563207610&CODE_STATE=getMsg HTTP/1.1" 200 27
124.78.154.177 - - [05/Feb/2023:10:11:25 +0800] "GET /xingrg/all/function/internal_message.html?_=1675563107180&CODE_STATE=getMsg HTTP/1.1" 200 27
116.238.139.35 - - [05/Feb/2023:10:11:26 +0800] "POST /xingrg/kc/base/wldb_order_operate.html HTTP/1.1" 200 12
116.238.139.35 - - [05/Feb/2023:10:11:26 +0800] "GET /xingrg/kc/base/wldb_order_info.html?code=422023020500260 HTTP/1.1" 200 30443
116.238.139.35 - - [05/Feb/2023:10:11:27 +0800] "GET /xingrg/javascript/easyui/themes/default/validatebox.css HTTP/1.1" 404 1104
116.238.139.35 - - [05/Feb/2023:10:11:27 +0800] "POST /xingrg/kc/base/wldb_order_operate.html HTTP/1.1" 200 2180
116.238.139.35 - - [05/Feb/2023:10:11:29 +0800] "POST /xingrg/kc/base/wldb_order_operate.html HTTP/1.1" 200 12
116.238.139.35 - - [05/Feb/2023:10:11:31 +0800] "POST /xingrg/kc/base/wldb_list_operate.html HTTP/1.1" 200 928
116.238.139.35 - - [05/Feb/2023:10:11:31 +0800] "GET /xingrg/all/function/internal_message.html?_=1675563041926&CODE_STATE=getMsg HTTP/1.1" 200 27
116.238.139.35 - - [05/Feb/2023:10:11:33 +0800] "GET /xingrg/kc/base/wlsy_order_list.html?syType=0 HTTP/1.1" 200 17265
116.238.139.35 - - [05/Feb/2023:10:11:33 +0800] "POST /xingrg/kc/base/wlsy_list_operate.html?syType=0 HTTP/1.1" 200 862
116.238.139.35 - - [05/Feb/2023:10:11:35 +0800] "GET /xingrg/kc/base/wlsy_order_add.html?syType=0 HTTP/1.1" 200 28633
116.238.139.35 - - [05/Feb/2023:10:11:35 +0800] "POST /xingrg/kc/base/wlsy_order_operate.html HTTP/1.1" 200 6806
116.238.139.35 - - [05/Feb/2023:10:11:35 +0800] "GET /xingrg/javascript/easyui/themes/default/validatebox.css HTTP/1.1" 404 1104
116.238.139.35 - - [05/Feb/2023:10:11:37 +0800] "GET /xingrg/javascript/auto/indicator.gif HTTP/1.1" 404 1066
124.78.154.177 - - [05/Feb/2023:10:11:38 +0800] "GET /xingrg/kc/print/load_config.html?kc_code=cgsh HTTP/1.1" 200 1943
124.78.154.177 - - [05/Feb/2023:10:11:38 +0800] "GET /xingrg/kc/print/load_data.html?order_code=212023020501231&kc_code=cgsh&condition= HTTP/1.1" 200 13942
124.78.154.177 - - [05/Feb/2023:10:11:39 +0800] "GET /xingrg/javascript/easyui/themes/default/validatebox.css HTTP/1.1" 404 1104
116.238.139.35 - - [05/Feb/2023:10:11:39 +0800] "GET /xingrg/javascript/easyui/themes/default/tree.css HTTP/1.1" 404 1090
116.238.139.35 - - [05/Feb/2023:10:11:39 +0800] "POST /xingrg/all/common/load_tree.html?tree=employee_tree_json HTTP/1.1" 200 25571
218.81.216.21 - - [05/Feb/2023:10:11:40 +0800] "GET /xingrg/all/function/internal_message.html?_=1675563123499&CODE_STATE=getMsg HTTP/1.1" 200 27
116.238.139.35 - - [05/Feb/2023:10:11:40 +0800] "GET /xingrg/javascript/easyui/themes/icons/rest.png HTTP/1.1" 200 695
116.238.139.35 - - [05/Feb/2023:10:11:40 +0800] "GET /xingrg/javascript/easyui/themes/icons/accept_new.png HTTP/1.1" 200 722
116.238.139.35 - - [05/Feb/2023:10:11:40 +0800] "GET /xingrg/javascript/easyui/themes/icons/areas.png HTTP/1.1" 200 720
116.238.139.35 - - [05/Feb/2023:10:11:40 +0800] "GET /xingrg/javascript/easyui/themes/default/images/tree_arrows.gif HTTP/1.1" 200 617
116.238.139.35 - - [05/Feb/2023:10:11:40 +0800] "GET /xingrg/javascript/easyui/themes/default/images/tree_folder_open.gif HTTP/1.1" 200 956
120.253.135.82 - - [05/Feb/2023:10:11:43 +0800] "GET /xingrg/all/function/internal_message.html?_=1675563249976&CODE_STATE=getMsg HTTP/1.1" 200 27
222.70.181.49 - - [05/Feb/2023:10:11:44 +0800] "GET /xingrg/check_reg.html?_=1675563126816 HTTP/1.1" 200 22
222.70.181.49 - - [05/Feb/2023:10:11:44 +0800] "GET /xingrg/all/function/internal_message.html?_=1675563126819&CODE_STATE=getMsg HTTP/1.1" 200 27
116.238.139.35 - - [05/Feb/2023:10:11:50 +0800] "GET /xingrg/kc/base/wlsy_order_operate.html?command=get_materiel&rest_code=00150&base_code=0010446&code=00102012001 HTTP/1.1" 200 428
116.238.139.35 - - [05/Feb/2023:10:11:53 +0800] "POST /xingrg/kc/base/wlsy_order_operate.html HTTP/1.1" 200 37
114.88.159.190 - - [05/Feb/2023:10:11:54 +0800] "GET /xingrg/check_reg.html?_=1675562705486 HTTP/1.1" 200 22
116.238.139.35 - - [05/Feb/2023:10:11:54 +0800] "POST /xingrg/kc/base/wlsy_order_operate.html HTTP/1.1" 200 2154
114.88.159.190 - - [05/Feb/2023:10:11:54 +0800] "GET /xingrg/all/function/internal_message.html?_=1675562705622&CODE_STATE=getMsg HTTP/1.1" 200 27
116.238.139.35 - - [05/Feb/2023:10:11:55 +0800] "POST /xingrg/kc/base/wlsy_order_operate.html HTTP/1.1" 200 12
120.253.135.82 - - [05/Feb/2023:10:11:56 +0800] "GET /xingrg/all/function/internal_message.html?_=1675562953832&CODE_STATE=getMsg HTTP/1.1" 200 27
116.238.139.35 - - [05/Feb/2023:10:11:58 +0800] "POST /xingrg/kc/base/wlsy_list_operate.html?syType=0 HTTP/1.1" 200 862
58.40.7.146 - - [05/Feb/2023:10:11:59 +0800] "GET /xingrg/all/function/internal_message.html?_=1675563140695&CODE_STATE=getMsg HTTP/1.1" 200 27
58.40.7.146 - - [05/Feb/2023:10:11:59 +0800] "GET /xingrg/check_reg.html?_=1675563140734 HTTP/1.1" 200 22
101.83.145.75 - - [05/Feb/2023:10:11:59 +0800] "GET /xingrg/check_reg.html?_=1675563145711 HTTP/1.1" 200 22
101.83.145.75 - - [05/Feb/2023:10:11:59 +0800] "GET /xingrg/all/function/internal_message.html?_=1675563145714&CODE_STATE=getMsg HTTP/1.1" 200 27
58.221.95.50 - - [05/Feb/2023:10:12:07 +0800] "GET /xingrg/all/function/internal_message.html?_=1675563149013&CODE_STATE=getMsg HTTP/1.1" 200 27
116.238.139.35 - - [05/Feb/2023:10:12:10 +0800] "GET /xingrg/all/function/internal_message.html?_=1675563153003&CODE_STATE=getMsg HTTP/1.1" 200 27
180.169.147.146 - - [05/Feb/2023:10:12:11 +0800] "GET /xingrg/check_reg.html?_=1675563153207 HTTP/1.1" 200 22
114.83.222.182 - - [05/Feb/2023:10:12:22 +0800] "GET /xingrg/all/function/internal_message.html?_=1675563267583&CODE_STATE=getMsg HTTP/1.1" 200 27
124.78.154.177 - - [05/Feb/2023:10:12:25 +0800] "GET /xingrg/all/function/internal_message.html?_=1675563167180&CODE_STATE=getMsg HTTP/1.1" 200 27
116.238.139.35 - - [05/Feb/2023:10:12:31 +0800] "GET /xingrg/all/function/internal_message.html?_=1675563101940&CODE_STATE=getMsg HTTP/1.1" 200 27
218.81.216.21 - - [05/Feb/2023:10:12:40 +0800] "GET /xingrg/all/function/internal_message.html?_=1675563183788&CODE_STATE=getMsg HTTP/1.1" 200 27
120.253.135.82 - - [05/Feb/2023:10:12:43 +0800] "GET /xingrg/all/function/internal_message.html?_=1675563309959&CODE_STATE=getMsg HTTP/1.1" 200 27
222.70.181.49 - - [05/Feb/2023:10:12:44 +0800] "GET /xingrg/all/function/internal_message.html?_=1675563186818&CODE_STATE=getMsg HTTP/1.1" 200 27
114.88.159.190 - - [05/Feb/2023:10:12:54 +0800] "GET /xingrg/all/function/internal_message.html?_=1675562765597&CODE_STATE=getMsg HTTP/1.1" 200 27
120.253.135.82 - - [05/Feb/2023:10:12:56 +0800] "GET /xingrg/all/function/internal_message.html?_=1675563013854&CODE_STATE=getMsg HTTP/1.1" 200 27
58.40.7.146 - - [05/Feb/2023:10:12:59 +0800] "GET /xingrg/all/function/internal_message.html?_=1675563200689&CODE_STATE=getMsg HTTP/1.1" 200 27
101.83.145.75 - - [05/Feb/2023:10:12:59 +0800] "GET /xingrg/all/function/internal_message.html?_=1675563205712&CODE_STATE=getMsg HTTP/1.1" 200 27
58.221.95.50 - - [05/Feb/2023:10:13:06 +0800] "GET /xingrg/all/function/internal_message.html?_=1675563208995&CODE_STATE=getMsg HTTP/1.1" 200 27
58.221.95.50 - - [05/Feb/2023:10:13:07 +0800] "GET /xingrg/check_reg.html?_=1675563209385 HTTP/1.1" 200 22
116.238.139.35 - - [05/Feb/2023:10:13:10 +0800] "GET /xingrg/all/function/internal_message.html?_=1675563213003&CODE_STATE=getMsg HTTP/1.1" 200 27
114.83.222.182 - - [05/Feb/2023:10:13:22 +0800] "GET /xingrg/all/function/internal_message.html?_=1675563327574&CODE_STATE=getMsg HTTP/1.1" 200 27
114.83.222.182 - - [05/Feb/2023:10:13:23 +0800] "GET /xingrg/check_reg.html?_=1675563328203 HTTP/1.1" 200 22
