218.81.216.21 - - [05/Feb/2023:08:40:23 +0800] "GET /xingrg/kc/buy/cgsh_order_add.html HTTP/1.1" 200 69703
218.81.216.21 - - [05/Feb/2023:08:40:23 +0800] "GET /xingrg/words/20230202152545_words.js HTTP/1.1" 304 -
218.81.216.21 - - [05/Feb/2023:08:40:24 +0800] "GET /xingrg/javascript/easyui/themes/icons/copy_new.png HTTP/1.1" 304 -
218.81.216.21 - - [05/Feb/2023:08:40:24 +0800] "GET /xingrg/javascript/easyui/themes/icons/template_new.png HTTP/1.1" 304 -
218.81.216.21 - - [05/Feb/2023:08:40:24 +0800] "GET /xingrg/javascript/easyui/themes/icons/ok.png HTTP/1.1" 304 -
218.81.216.21 - - [05/Feb/2023:08:40:24 +0800] "GET /xingrg/javascript/easyui/themes/icons/print.png HTTP/1.1" 304 -
218.81.216.21 - - [05/Feb/2023:08:40:24 +0800] "GET /xingrg/javascript/easyui/themes/default/images/menu_downarrow.png HTTP/1.1" 304 -
218.81.216.21 - - [05/Feb/2023:08:40:24 +0800] "GET /xingrg/javascript/easyui/themes/icons/cancel.png HTTP/1.1" 304 -
218.81.216.21 - - [05/Feb/2023:08:40:24 +0800] "POST /xingrg/kc/buy/cgsh_order_operate.html HTTP/1.1" 200 8245
218.81.216.21 - - [05/Feb/2023:08:40:24 +0800] "GET /xingrg/all/common/auto_word.html?type=employee&rest_code=00146 HTTP/1.1" 200 101
218.81.216.21 - - [05/Feb/2023:08:40:24 +0800] "GET /xingrg/all/common/auto_word.html?type=employee&rest_code=00146 HTTP/1.1" 200 101
218.81.216.21 - - [05/Feb/2023:08:40:24 +0800] "GET /xingrg/javascript/easyui/themes/icons/edit_remove.png HTTP/1.1" 304 -
218.81.216.21 - - [05/Feb/2023:08:40:24 +0800] "GET /xingrg/javascript/easyui/themes/default/validatebox.css HTTP/1.1" 404 1104
218.81.216.21 - - [05/Feb/2023:08:40:24 +0800] "GET /xingrg/javascript/easyui/plugins/jquery.validatebox.js HTTP/1.1" 304 -
218.81.216.21 - - [05/Feb/2023:08:40:24 +0800] "GET /xingrg/javascript/easyui/plugins/jquery.numberbox.js HTTP/1.1" 304 -
101.83.145.75 - - [05/Feb/2023:08:40:27 +0800] "POST /xingrg/kc/buy/cgsh_order_operate.html HTTP/1.1" 200 37
218.81.216.21 - - [05/Feb/2023:08:40:29 +0800] "GET /xingrg/kc/buy/cgsh_order_add.html HTTP/1.1" 200 69703
218.81.216.21 - - [05/Feb/2023:08:40:29 +0800] "GET /xingrg/javascript/easyui/themes/default/validatebox.css HTTP/1.1" 404 1104
218.81.216.21 - - [05/Feb/2023:08:40:30 +0800] "POST /xingrg/kc/buy/cgsh_order_operate.html HTTP/1.1" 200 8245
116.238.139.35 - - [05/Feb/2023:08:40:30 +0800] "GET /xingrg/all/function/internal_message.html?_=1675557580560&CODE_STATE=getMsg HTTP/1.1" 200 27
218.81.216.21 - - [05/Feb/2023:08:40:34 +0800] "GET /xingrg/all/function/internal_message.html?_=1675557657583&CODE_STATE=getMsg HTTP/1.1" 200 27
116.238.139.35 - - [05/Feb/2023:08:40:34 +0800] "GET /xingrg/check_reg.html?_=1675557657072 HTTP/1.1" 200 22
116.238.139.35 - - [05/Feb/2023:08:40:34 +0800] "GET /xingrg/all/function/internal_message.html?_=1675557657075&CODE_STATE=getMsg HTTP/1.1" 200 27
218.81.216.21 - - [05/Feb/2023:08:40:36 +0800] "GET /xingrg/javascript/auto/indicator.gif HTTP/1.1" 404 1066
218.81.216.21 - - [05/Feb/2023:08:40:48 +0800] "GET /xingrg/javascript/jquery_tools/images/prev.gif HTTP/1.1" 404 1086
218.81.216.21 - - [05/Feb/2023:08:40:48 +0800] "GET /xingrg/javascript/jquery_tools/images/next.gif HTTP/1.1" 404 1086
120.253.135.82 - - [05/Feb/2023:08:40:53 +0800] "GET /xingrg/all/function/internal_message.html?_=1675557491244&CODE_STATE=getMsg HTTP/1.1" 200 27
58.40.7.146 - - [05/Feb/2023:08:40:59 +0800] "GET /xingrg/all/function/internal_message.html?_=1675557680637&CODE_STATE=getMsg HTTP/1.1" 200 27
120.253.135.82 - - [05/Feb/2023:08:41:07 +0800] "GET /xingrg/all/function/internal_message.html?_=1675557813666&CODE_STATE=getMsg HTTP/1.1" 200 27
124.78.154.177 - - [05/Feb/2023:08:41:10 +0800] "GET /xingrg/login.html HTTP/1.1" 200 7641
218.81.216.21 - - [05/Feb/2023:08:41:16 +0800] "GET /xingrg/kc/buy/cgsh_order_operate.html?command=get_materiel&rest_code=00146&code=00101008072&supplier_code=00100005&order_time=2023-02-05 HTTP/1.1" 200 408
116.238.139.35 - - [05/Feb/2023:08:41:21 +0800] "GET /xingrg/check_reg.html?_=1675557631456 HTTP/1.1" 200 22
116.238.139.35 - - [05/Feb/2023:08:41:30 +0800] "GET /xingrg/all/function/internal_message.html?_=1675557640563&CODE_STATE=getMsg HTTP/1.1" 200 27
218.81.216.21 - - [05/Feb/2023:08:41:34 +0800] "GET /xingrg/all/function/internal_message.html?_=1675557717596&CODE_STATE=getMsg HTTP/1.1" 200 27
116.238.139.35 - - [05/Feb/2023:08:41:34 +0800] "GET /xingrg/all/function/internal_message.html?_=1675557717061&CODE_STATE=getMsg HTTP/1.1" 200 27
218.81.216.21 - - [05/Feb/2023:08:41:37 +0800] "GET /xingrg/kc/buy/cgsh_order_operate.html?command=get_materiel&rest_code=00146&code=00101008084&supplier_code=00100005&order_time=2023-02-05 HTTP/1.1" 200 414
101.83.145.75 - - [05/Feb/2023:08:41:38 +0800] "POST /xingrg/kc/buy/cgsh_order_operate.html HTTP/1.1" 200 47012
101.83.145.75 - - [05/Feb/2023:08:41:52 +0800] "POST /xingrg/kc/buy/cgsh_order_operate.html HTTP/1.1" 200 37
120.253.135.82 - - [05/Feb/2023:08:41:53 +0800] "GET /xingrg/all/function/internal_message.html?_=1675557551284&CODE_STATE=getMsg HTTP/1.1" 200 27
101.83.145.75 - - [05/Feb/2023:08:41:54 +0800] "POST /xingrg/kc/buy/cgsh_order_operate.html HTTP/1.1" 200 47012
58.40.7.146 - - [05/Feb/2023:08:41:59 +0800] "GET /xingrg/check_reg.html?_=1675557740642 HTTP/1.1" 200 22
58.40.7.146 - - [05/Feb/2023:08:41:59 +0800] "GET /xingrg/all/function/internal_message.html?_=1675557740640&CODE_STATE=getMsg HTTP/1.1" 200 27
101.83.145.75 - - [05/Feb/2023:08:42:05 +0800] "GET /xingrg/all/function/internal_message.html?_=1675557751551&CODE_STATE=getMsg HTTP/1.1" 200 27
124.78.154.177 - - [05/Feb/2023:08:42:07 +0800] "GET /xingrg/login.html HTTP/1.1" 200 7641
120.253.135.82 - - [05/Feb/2023:08:42:07 +0800] "GET /xingrg/all/function/internal_message.html?_=1675557873666&CODE_STATE=getMsg HTTP/1.1" 200 27
120.253.135.82 - - [05/Feb/2023:08:42:07 +0800] "GET /xingrg/check_reg.html?_=1675557873668 HTTP/1.1" 200 22
218.81.216.21 - - [05/Feb/2023:08:42:11 +0800] "GET /xingrg/kc/buy/cgsh_order_operate.html?command=get_materiel&rest_code=00146&code=00101008607&supplier_code=00100005&order_time=2023-02-05 HTTP/1.1" 200 413
120.253.135.82 - - [05/Feb/2023:08:42:17 +0800] "GET /xingrg/kc/base/wldb_order_list.html HTTP/1.1" 200 19139
120.253.135.82 - - [05/Feb/2023:08:42:18 +0800] "GET /xingrg/kc/base/wldb_order_list.html HTTP/1.1" 200 19139
120.253.135.82 - - [05/Feb/2023:08:42:18 +0800] "POST /xingrg/kc/base/wldb_list_operate.html HTTP/1.1" 200 928
120.253.135.82 - - [05/Feb/2023:08:42:18 +0800] "POST /xingrg/kc/base/wldb_list_operate.html HTTP/1.1" 200 928
218.81.216.21 - - [05/Feb/2023:08:42:25 +0800] "GET /xingrg/kc/buy/cgsh_order_operate.html?command=get_materiel&rest_code=00146&code=00101008087&supplier_code=00100005&order_time=2023-02-05 HTTP/1.1" 200 412
120.253.135.82 - - [05/Feb/2023:08:42:27 +0800] "GET /xingrg/kc/base/yddb_order_list.html HTTP/1.1" 200 16745
120.253.135.82 - - [05/Feb/2023:08:42:27 +0800] "POST /xingrg/kc/base/yddb_list_operate.html HTTP/1.1" 200 636
120.253.135.82 - - [05/Feb/2023:08:42:30 +0800] "GET /xingrg/kc/base/wldb_order_list.html HTTP/1.1" 200 19139
116.238.139.35 - - [05/Feb/2023:08:42:30 +0800] "GET /xingrg/all/function/internal_message.html?_=1675557700577&CODE_STATE=getMsg HTTP/1.1" 200 27
120.253.135.82 - - [05/Feb/2023:08:42:30 +0800] "POST /xingrg/kc/base/wldb_list_operate.html HTTP/1.1" 200 928
218.81.216.21 - - [05/Feb/2023:08:42:34 +0800] "GET /xingrg/all/function/internal_message.html?_=1675557777610&CODE_STATE=getMsg HTTP/1.1" 200 27
116.238.139.35 - - [05/Feb/2023:08:42:34 +0800] "GET /xingrg/all/function/internal_message.html?_=1675557777062&CODE_STATE=getMsg HTTP/1.1" 200 27
120.253.135.82 - - [05/Feb/2023:08:42:38 +0800] "GET /xingrg/kc/buy/cgsh_order_list.html HTTP/1.1" 200 53922
120.253.135.82 - - [05/Feb/2023:08:42:38 +0800] "GET /xingrg/kc/buy/cgsh_order_list.html HTTP/1.1" 200 53922
218.81.216.21 - - [05/Feb/2023:08:42:39 +0800] "GET /xingrg/kc/buy/cgsh_order_operate.html?command=get_materiel&rest_code=00146&code=00101008355&supplier_code=00100005&order_time=2023-02-05 HTTP/1.1" 200 408
120.253.135.82 - - [05/Feb/2023:08:42:39 +0800] "POST /xingrg/kc/buy/cgsh_list_operate.html HTTP/1.1" 200 986
120.253.135.82 - - [05/Feb/2023:08:42:39 +0800] "POST /xingrg/kc/buy/cgsh_list_operate.html HTTP/1.1" 200 986
124.78.154.177 - - [05/Feb/2023:08:42:45 +0800] "GET /xingrg/login.html HTTP/1.1" 200 7641
120.253.135.82 - - [05/Feb/2023:08:42:53 +0800] "GET /xingrg/all/function/internal_message.html?_=1675557611287&CODE_STATE=getMsg HTTP/1.1" 200 27
218.81.216.21 - - [05/Feb/2023:08:42:55 +0800] "GET /xingrg/kc/buy/cgsh_order_operate.html?command=get_materiel&rest_code=00146&code=00101008321&supplier_code=00100005&order_time=2023-02-05 HTTP/1.1" 200 412
58.40.7.146 - - [05/Feb/2023:08:42:59 +0800] "GET /xingrg/all/function/internal_message.html?_=1675557800644&CODE_STATE=getMsg HTTP/1.1" 200 27
101.83.145.75 - - [05/Feb/2023:08:43:04 +0800] "GET /xingrg/all/function/internal_message.html?_=1675557811329&CODE_STATE=getMsg HTTP/1.1" 200 27
120.253.135.82 - - [05/Feb/2023:08:43:07 +0800] "GET /xingrg/all/function/internal_message.html?_=1675557933674&CODE_STATE=getMsg HTTP/1.1" 200 27
218.81.216.21 - - [05/Feb/2023:08:43:15 +0800] "GET /xingrg/kc/buy/cgsh_order_operate.html?command=get_materiel&rest_code=00146&code=00101008059&supplier_code=00100005&order_time=2023-02-05 HTTP/1.1" 200 408
124.78.154.177 - - [05/Feb/2023:08:43:27 +0800] "GET /xingrg/login.html HTTP/1.1" 200 7641
116.238.139.35 - - [05/Feb/2023:08:43:30 +0800] "GET /xingrg/all/function/internal_message.html?_=1675557760601&CODE_STATE=getMsg HTTP/1.1" 200 27
218.81.216.21 - - [05/Feb/2023:08:43:34 +0800] "GET /xingrg/kc/buy/cgsh_order_operate.html?command=get_materiel&rest_code=00146&code=00101012067&supplier_code=00100005&order_time=2023-02-05 HTTP/1.1" 200 406
218.81.216.21 - - [05/Feb/2023:08:43:34 +0800] "GET /xingrg/check_reg.html?_=1675557837564 HTTP/1.1" 200 22
218.81.216.21 - - [05/Feb/2023:08:43:34 +0800] "GET /xingrg/all/function/internal_message.html?_=1675557837623&CODE_STATE=getMsg HTTP/1.1" 200 27
116.238.139.35 - - [05/Feb/2023:08:43:34 +0800] "GET /xingrg/all/function/internal_message.html?_=1675557837067&CODE_STATE=getMsg HTTP/1.1" 200 27
124.78.154.177 - - [05/Feb/2023:08:43:50 +0800] "GET /xingrg/images/blue/jxLogo.png HTTP/1.1" 200 6156
120.253.135.82 - - [05/Feb/2023:08:43:53 +0800] "GET /xingrg/all/function/internal_message.html?_=1675557671324&CODE_STATE=getMsg HTTP/1.1" 200 27
124.78.154.177 - - [05/Feb/2023:08:43:54 +0800] "GET /xingrg/images/blue/hj.png HTTP/1.1" 200 1014
124.78.154.177 - - [05/Feb/2023:08:43:54 +0800] "GET /xingrg/images/blue/login_bg.png HTTP/1.1" 200 22101
124.78.154.177 - - [05/Feb/2023:08:43:54 +0800] "GET /xingrg/images/blue/srbg.png HTTP/1.1" 200 138
58.40.7.146 - - [05/Feb/2023:08:43:59 +0800] "GET /xingrg/all/function/internal_message.html?_=1675557860630&CODE_STATE=getMsg HTTP/1.1" 200 27
218.81.216.21 - - [05/Feb/2023:08:44:02 +0800] "GET /xingrg/kc/buy/cgsh_order_operate.html?command=get_materiel&rest_code=00146&code=00101008403&supplier_code=00100005&order_time=2023-02-05 HTTP/1.1" 200 412
124.78.154.177 - - [05/Feb/2023:08:44:03 +0800] "GET /favicon.ico HTTP/1.1" 404 -
101.83.145.75 - - [05/Feb/2023:08:44:04 +0800] "GET /xingrg/all/function/internal_message.html?_=1675557871299&CODE_STATE=getMsg HTTP/1.1" 200 27
120.253.135.82 - - [05/Feb/2023:08:44:07 +0800] "GET /xingrg/all/function/internal_message.html?_=1675557993674&CODE_STATE=getMsg HTTP/1.1" 200 27
218.81.216.21 - - [05/Feb/2023:08:44:25 +0800] "GET /xingrg/kc/buy/cgsh_order_operate.html?command=get_materiel&rest_code=00146&code=00101008175&supplier_code=00100005&order_time=2023-02-05 HTTP/1.1" 200 412
120.253.135.82 - - [05/Feb/2023:08:44:28 +0800] "GET /xingrg/check_reg.html?_=1675557706293 HTTP/1.1" 200 22
116.238.139.35 - - [05/Feb/2023:08:44:30 +0800] "GET /xingrg/all/function/internal_message.html?_=1675557820604&CODE_STATE=getMsg HTTP/1.1" 200 27
218.81.216.21 - - [05/Feb/2023:08:44:32 +0800] "POST /xingrg/services/DataTransmitService HTTP/1.1" 200 524
218.81.216.21 - - [05/Feb/2023:08:44:34 +0800] "GET /xingrg/all/function/internal_message.html?_=1675557897638&CODE_STATE=getMsg HTTP/1.1" 200 27
116.238.139.35 - - [05/Feb/2023:08:44:34 +0800] "GET /xingrg/all/function/internal_message.html?_=1675557897067&CODE_STATE=getMsg HTTP/1.1" 200 27
124.78.154.177 - - [05/Feb/2023:08:44:46 +0800] "POST /xingrg/login.do HTTP/1.1" 302 -
124.78.154.177 - - [05/Feb/2023:08:44:46 +0800] "GET /xingrg/index.html?sysBaseUrl=http%3A%2F%2F180.169.147.146%3A18081%2Fxingrg%2F&costTime=41×tamp=1675557886703 HTTP/1.1" 200 17173
124.78.154.177 - - [05/Feb/2023:08:44:47 +0800] "GET /xingrg/javascript/jquery_easy_ui/themes/icon.css HTTP/1.1" 200 3949
124.78.154.177 - - [05/Feb/2023:08:44:47 +0800] "GET /xingrg/javascript/jquery_easy_ui/themes/default/easyui.css HTTP/1.1" 200 26500
124.78.154.177 - - [05/Feb/2023:08:44:47 +0800] "GET /xingrg/css/form.css HTTP/1.1" 200 893
124.78.154.177 - - [05/Feb/2023:08:44:47 +0800] "GET /xingrg/javascript/jquery-1.4.2.min.js HTTP/1.1" 200 72205
124.78.154.177 - - [05/Feb/2023:08:44:47 +0800] "GET /xingrg/javascript/jquery_easy_ui/jquery.easyui.min.js HTTP/1.1" 200 213662
124.78.154.177 - - [05/Feb/2023:08:44:47 +0800] "GET /xingrg/javascript/jquery_easy_ui/easyui-lang-zh_CN.js HTTP/1.1" 200 1900
124.78.154.177 - - [05/Feb/2023:08:44:47 +0800] "GET /xingrg/javascript/jquery.form.js HTTP/1.1" 200 23110
124.78.154.177 - - [05/Feb/2023:08:44:47 +0800] "GET /xingrg/javascript/jquery.timers.js HTTP/1.1" 200 3532
124.78.154.177 - - [05/Feb/2023:08:44:47 +0800] "GET /xingrg/javascript/jquery.utils.js HTTP/1.1" 200 11805
124.78.154.177 - - [05/Feb/2023:08:44:47 +0800] "GET /xingrg/images/blue/navBackgound.jpg HTTP/1.1" 200 12378
124.78.154.177 - - [05/Feb/2023:08:44:47 +0800] "GET /xingrg/javascript/jquery_easy_ui/themes/icons/settle_new.png HTTP/1.1" 200 826
124.78.154.177 - - [05/Feb/2023:08:44:48 +0800] "POST /xingrg/all/common/load_tree.html?tree=area_rest_tree_json&manage=1 HTTP/1.1" 200 342
124.78.154.177 - - [05/Feb/2023:08:44:48 +0800] "GET /xingrg/images/blue/pingpu.png HTTP/1.1" 200 231
124.78.154.177 - - [05/Feb/2023:08:44:48 +0800] "GET /xingrg/javascript/jquery_easy_ui/themes/default/images/panel_tool_collapse.gif HTTP/1.1" 200 246
124.78.154.177 - - [05/Feb/2023:08:44:48 +0800] "GET /xingrg/all/function/internal_message.html?_=1675557910151&CODE_STATE=count HTTP/1.1" 200 11
124.78.154.177 - - [05/Feb/2023:08:44:48 +0800] "GET /xingrg/check_reg.html?_=1675557910152 HTTP/1.1" 200 22
124.78.154.177 - - [05/Feb/2023:08:44:48 +0800] "POST /xingrg/load_menu.html HTTP/1.1" 200 5138
124.78.154.177 - - [05/Feb/2023:08:44:49 +0800] "GET /xingrg/javascript/jquery_easy_ui/themes/default/images/tree_arrows.gif HTTP/1.1" 200 1043
124.78.154.177 - - [05/Feb/2023:08:44:49 +0800] "GET /xingrg/javascript/jquery_easy_ui/themes/default/images/tree_folder_open.gif HTTP/1.1" 200 956
124.78.154.177 - - [05/Feb/2023:08:44:49 +0800] "GET /xingrg/javascript/jquery_easy_ui/themes/icons/search_new.png HTTP/1.1" 200 586
124.78.154.177 - - [05/Feb/2023:08:44:49 +0800] "GET /xingrg/javascript/jquery_easy_ui/themes/icons/forms_new.png HTTP/1.1" 200 350
124.78.154.177 - - [05/Feb/2023:08:44:49 +0800] "GET /xingrg/javascript/jquery_easy_ui/themes/default/images/tree_folder.gif HTTP/1.1" 200 952
124.78.154.177 - - [05/Feb/2023:08:44:49 +0800] "GET /xingrg/javascript/jquery_easy_ui/themes/icons/storage_new.png HTTP/1.1" 200 853
120.253.135.82 - - [05/Feb/2023:08:44:53 +0800] "GET /xingrg/all/function/internal_message.html?_=1675557731330&CODE_STATE=getMsg HTTP/1.1" 200 27
218.81.216.21 - - [05/Feb/2023:08:44:53 +0800] "GET /xingrg/kc/buy/cgsh_order_operate.html?command=get_materiel&rest_code=00146&code=00101008027&supplier_code=00100005&order_time=2023-02-05 HTTP/1.1" 200 408
58.40.7.146 - - [05/Feb/2023:08:44:59 +0800] "GET /xingrg/all/function/internal_message.html?_=1675557920632&CODE_STATE=getMsg HTTP/1.1" 200 27
101.83.145.75 - - [05/Feb/2023:08:45:04 +0800] "GET /xingrg/all/function/internal_message.html?_=1675557931277&CODE_STATE=getMsg HTTP/1.1" 200 27
120.253.135.82 - - [05/Feb/2023:08:45:07 +0800] "GET /xingrg/all/function/internal_message.html?_=1675558053686&CODE_STATE=getMsg HTTP/1.1" 200 27
218.81.216.21 - - [05/Feb/2023:08:45:12 +0800] "GET /xingrg/kc/buy/cgsh_order_operate.html?command=get_materiel&rest_code=00146&code=00101008257&supplier_code=00100005&order_time=2023-02-05 HTTP/1.1" 200 416
124.78.154.177 - - [05/Feb/2023:08:45:18 +0800] "GET /xingrg/javascript/jquery_easy_ui/themes/default/images/tabs_close.gif HTTP/1.1" 200 829
124.78.154.177 - - [05/Feb/2023:08:45:18 +0800] "GET /xingrg/kc/buy/buy_main.html HTTP/1.1" 200 12412
124.78.154.177 - - [05/Feb/2023:08:45:18 +0800] "GET /xingrg/css/new_ie.css HTTP/1.1" 404 1036
124.78.154.177 - - [05/Feb/2023:08:45:18 +0800] "GET /xingrg/javascript/ToolTips.js HTTP/1.1" 200 5615
124.78.154.177 - - [05/Feb/2023:08:45:18 +0800] "GET /xingrg/javascript/pic_change.js HTTP/1.1" 200 4739
124.78.154.177 - - [05/Feb/2023:08:45:18 +0800] "GET /xingrg/css/blue.css HTTP/1.1" 200 15949
124.78.154.177 - - [05/Feb/2023:08:45:18 +0800] "GET /xingrg/javascript/jquery_ui/themes/humanity/humanity.css HTTP/1.1" 200 27801
124.78.154.177 - - [05/Feb/2023:08:45:18 +0800] "GET /xingrg/javascript/myfunction.js HTTP/1.1" 200 24559
124.78.154.177 - - [05/Feb/2023:08:45:18 +0800] "GET /xingrg/javascript/jquery_ui/jquery-ui.min.js HTTP/1.1" 200 186181
124.78.154.177 - - [05/Feb/2023:08:45:18 +0800] "GET /xingrg/images/blue/button/cgxqd.gif HTTP/1.1" 200 2619
124.78.154.177 - - [05/Feb/2023:08:45:18 +0800] "GET /xingrg/images/blue/button/cgydd.gif HTTP/1.1" 200 2712
124.78.154.177 - - [05/Feb/2023:08:45:18 +0800] "GET /xingrg/images/blue/button/cgshd.gif HTTP/1.1" 200 2618
124.78.154.177 - - [05/Feb/2023:08:45:18 +0800] "GET /xingrg/images/blue/button/cgfkd.gif HTTP/1.1" 200 2075
124.78.154.177 - - [05/Feb/2023:08:45:18 +0800] "GET /xingrg/images/blue/button/kc.gif HTTP/1.1" 200 2160
124.78.154.177 - - [05/Feb/2023:08:45:18 +0800] "GET /xingrg/images/blue/button/ckthd.gif HTTP/1.1" 200 2045
124.78.154.177 - - [05/Feb/2023:08:45:18 +0800] "GET /xingrg/images/blue/pic_form2.gif HTTP/1.1" 200 1853
124.78.154.177 - - [05/Feb/2023:08:45:18 +0800] "GET /xingrg/images/blue/button/right_ah.jpg HTTP/1.1" 200 1744
124.78.154.177 - - [05/Feb/2023:08:45:18 +0800] "GET /xingrg/images/blue/button/down_ah.jpg HTTP/1.1" 200 1732
124.78.154.177 - - [05/Feb/2023:08:45:18 +0800] "GET /xingrg/images/blue/bg_dotted.jpg HTTP/1.1" 200 319
124.78.154.177 - - [05/Feb/2023:08:45:19 +0800] "GET /xingrg/javascript/jquery_ui/themes/humanity/images/ui-bg_inset-soft_100_f4f0ec_1x100.png HTTP/1.1" 200 141
124.78.154.177 - - [05/Feb/2023:08:45:20 +0800] "GET /xingrg/kc/buy/cgsh_order_list.html HTTP/1.1" 200 53922
124.78.154.177 - - [05/Feb/2023:08:45:20 +0800] "GET /xingrg/css/base.css HTTP/1.1" 200 2811
124.78.154.177 - - [05/Feb/2023:08:45:20 +0800] "GET /xingrg/css/site.css HTTP/1.1" 200 7541
124.78.154.177 - - [05/Feb/2023:08:45:20 +0800] "GET /xingrg/javascript/jquery_tools/datebox.css HTTP/1.1" 200 2597
124.78.154.177 - - [05/Feb/2023:08:45:20 +0800] "GET /xingrg/javascript/easyui/themes/icon.css HTTP/1.1" 200 4483
124.78.154.177 - - [05/Feb/2023:08:45:20 +0800] "GET /xingrg/javascript/auto/jquery.autocomplete.css HTTP/1.1" 200 587
124.78.154.177 - - [05/Feb/2023:08:45:20 +0800] "GET /xingrg/javascript/jquery_tools/fix.css HTTP/1.1" 200 1702
124.78.154.177 - - [05/Feb/2023:08:45:20 +0800] "GET /xingrg/javascript/easyui/themes/default/easyui.css HTTP/1.1" 200 30432
124.78.154.177 - - [05/Feb/2023:08:45:20 +0800] "GET /xingrg/javascript/jquery_tools/table.css HTTP/1.1" 200 1032
124.78.154.177 - - [05/Feb/2023:08:45:20 +0800] "GET /xingrg/javascript/jquery_tools/jquery.tools.min.js HTTP/1.1" 200 138801
124.78.154.177 - - [05/Feb/2023:08:45:20 +0800] "GET /xingrg/javascript/jquery_tools/jquery.tools.hotkey.js HTTP/1.1" 200 3242
124.78.154.177 - - [05/Feb/2023:08:45:20 +0800] "GET /xingrg/javascript/jquery_tools/jquery.tools.table.js HTTP/1.1" 200 6994
124.78.154.177 - - [05/Feb/2023:08:45:20 +0800] "GET /xingrg/javascript/jquery_tools/list_manager.js HTTP/1.1" 200 3652
124.78.154.177 - - [05/Feb/2023:08:45:20 +0800] "GET /xingrg/javascript/jquery_tools/jquery.tools.extend.js HTTP/1.1" 200 15385
124.78.154.177 - - [05/Feb/2023:08:45:20 +0800] "GET /xingrg/javascript/easyui/easyloader.js HTTP/1.1" 200 5975
124.78.154.177 - - [05/Feb/2023:08:45:20 +0800] "GET /xingrg/javascript/jquery.cookie.js HTTP/1.1" 200 5513
124.78.154.177 - - [05/Feb/2023:08:45:20 +0800] "GET /xingrg/javascript/print/LodopFuncs.js HTTP/1.1" 200 5121
124.78.154.177 - - [05/Feb/2023:08:45:20 +0800] "GET /xingrg/javascript/auto/jquery.autocomplete.js HTTP/1.1" 200 21624
124.78.154.177 - - [05/Feb/2023:08:45:21 +0800] "GET /xingrg/javascript/easyui/themes/icons/edit_add_new.png HTTP/1.1" 200 2997
124.78.154.177 - - [05/Feb/2023:08:45:21 +0800] "GET /xingrg/javascript/easyui/themes/icons/cance_new.png HTTP/1.1" 200 3986
124.78.154.177 - - [05/Feb/2023:08:45:21 +0800] "GET /xingrg/javascript/easyui/themes/icons/check_new.png HTTP/1.1" 200 3224
124.78.154.177 - - [05/Feb/2023:08:45:21 +0800] "GET /xingrg/javascript/easyui/themes/icons/field_new.png HTTP/1.1" 200 1097
124.78.154.177 - - [05/Feb/2023:08:45:21 +0800] "GET /xingrg/javascript/easyui/themes/icons/import_new.png HTTP/1.1" 200 1247
124.78.154.177 - - [05/Feb/2023:08:45:22 +0800] "GET /xingrg/javascript/easyui/plugins/jquery.parser.js HTTP/1.1" 200 1142
124.78.154.177 - - [05/Feb/2023:08:45:22 +0800] "GET /xingrg/images/control/ajaxLoader.gif HTTP/1.1" 200 4659
124.78.154.177 - - [05/Feb/2023:08:45:23 +0800] "POST /xingrg/kc/buy/cgsh_list_operate.html HTTP/1.1" 200 986
218.81.216.21 - - [05/Feb/2023:08:45:26 +0800] "GET /xingrg/kc/buy/cgsh_order_operate.html?command=get_materiel&rest_code=00146&code=00101008350&supplier_code=00100005&order_time=2023-02-05 HTTP/1.1" 200 408
116.238.139.35 - - [05/Feb/2023:08:45:30 +0800] "GET /xingrg/all/function/internal_message.html?_=1675557880627&CODE_STATE=getMsg HTTP/1.1" 200 27
218.81.216.21 - - [05/Feb/2023:08:45:34 +0800] "GET /xingrg/all/function/internal_message.html?_=1675557957652&CODE_STATE=getMsg HTTP/1.1" 200 27
116.238.139.35 - - [05/Feb/2023:08:45:34 +0800] "GET /xingrg/all/function/internal_message.html?_=1675557957069&CODE_STATE=getMsg HTTP/1.1" 200 27
116.238.139.35 - - [05/Feb/2023:08:45:34 +0800] "GET /xingrg/check_reg.html?_=1675557957073 HTTP/1.1" 200 22
218.81.216.21 - - [05/Feb/2023:08:45:36 +0800] "POST /xingrg/kc/buy/cgsh_order_operate.html HTTP/1.1" 200 37
218.81.216.21 - - [05/Feb/2023:08:45:42 +0800] "POST /xingrg/kc/buy/cgsh_order_operate.html HTTP/1.1" 200 9778
124.78.154.177 - - [05/Feb/2023:08:45:42 +0800] "POST /xingrg/kc/buy/cgsh_list_operate.html HTTP/1.1" 200 6731
180.163.30.76 - - [05/Feb/2023:08:45:46 +0800] "GET /xingrg/login.do HTTP/1.1" 302 -
180.163.30.76 - - [05/Feb/2023:08:45:46 +0800] "GET /xingrg/login.html?sysBaseUrl=http%3A%2F%2F180.169.147.146%3A18081%2Fxingrg%2F&costTime=0×tamp=1675557946439 HTTP/1.1" 200 7641
124.78.154.177 - - [05/Feb/2023:08:45:46 +0800] "GET /xingrg/javascript/easyui/themes/default/images/button_plain_hover.png HTTP/1.1" 200 144
124.78.154.177 - - [05/Feb/2023:08:45:47 +0800] "GET /xingrg/kc/buy/cgsh_order_add.html HTTP/1.1" 200 69703
124.78.154.177 - - [05/Feb/2023:08:45:47 +0800] "GET /xingrg/javascript/convert.js HTTP/1.1" 200 1239
124.78.154.177 - - [05/Feb/2023:08:45:47 +0800] "GET /xingrg/javascript/jquery_tools/order_manager.js HTTP/1.1" 200 11183
124.78.154.177 - - [05/Feb/2023:08:45:47 +0800] "GET /xingrg/javascript/json2.js HTTP/1.1" 200 11259
124.78.154.177 - - [05/Feb/2023:08:45:47 +0800] "GET /xingrg/javascript/print/kc_print.js HTTP/1.1" 200 11415
124.78.154.177 - - [05/Feb/2023:08:45:47 +0800] "GET /xingrg/words/20230202152545_words.js HTTP/1.1" 200 944619
124.78.154.177 - - [05/Feb/2023:08:45:47 +0800] "GET /xingrg/javascript/easyui/themes/icons/copy_new.png HTTP/1.1" 200 815
124.78.154.177 - - [05/Feb/2023:08:45:47 +0800] "GET /xingrg/javascript/easyui/themes/icons/print.png HTTP/1.1" 200 1057
124.78.154.177 - - [05/Feb/2023:08:45:47 +0800] "GET /xingrg/javascript/easyui/themes/icons/template_new.png HTTP/1.1" 200 3956
124.78.154.177 - - [05/Feb/2023:08:45:47 +0800] "GET /xingrg/javascript/easyui/themes/icons/ok.png HTTP/1.1" 200 883
124.78.154.177 - - [05/Feb/2023:08:45:47 +0800] "GET /xingrg/javascript/easyui/themes/default/images/menu_downarrow.png HTTP/1.1" 200 173
124.78.154.177 - - [05/Feb/2023:08:45:47 +0800] "GET /xingrg/javascript/easyui/themes/icons/cancel.png HTTP/1.1" 200 1133
124.78.154.177 - - [05/Feb/2023:08:45:47 +0800] "POST /xingrg/kc/buy/cgsh_order_operate.html HTTP/1.1" 200 8245
124.78.154.177 - - [05/Feb/2023:08:45:47 +0800] "GET /xingrg/all/common/auto_word.html?type=employee&rest_code=00106 HTTP/1.1" 200 205
124.78.154.177 - - [05/Feb/2023:08:45:47 +0800] "GET /xingrg/javascript/easyui/themes/default/validatebox.css HTTP/1.1" 404 1104
124.78.154.177 - - [05/Feb/2023:08:45:47 +0800] "GET /xingrg/javascript/easyui/plugins/jquery.validatebox.js HTTP/1.1" 200 6103
124.78.154.177 - - [05/Feb/2023:08:45:47 +0800] "GET /xingrg/all/common/auto_word.html?type=employee&rest_code=00106 HTTP/1.1" 200 205
124.78.154.177 - - [05/Feb/2023:08:45:47 +0800] "GET /xingrg/javascript/easyui/themes/icons/edit_remove.png HTTP/1.1" 200 625
124.78.154.177 - - [05/Feb/2023:08:45:48 +0800] "GET /xingrg/javascript/easyui/plugins/jquery.numberbox.js HTTP/1.1" 200 5213
124.78.154.177 - - [05/Feb/2023:08:45:48 +0800] "GET /xingrg/all/function/internal_message.html?_=1675557970155&CODE_STATE=getMsg HTTP/1.1" 200 27
120.253.135.82 - - [05/Feb/2023:08:45:53 +0800] "GET /xingrg/all/function/internal_message.html?_=1675557791343&CODE_STATE=getMsg HTTP/1.1" 200 27
58.40.7.146 - - [05/Feb/2023:08:45:59 +0800] "GET /xingrg/all/function/internal_message.html?_=1675557980635&CODE_STATE=getMsg HTTP/1.1" 200 27
101.83.145.75 - - [05/Feb/2023:08:46:04 +0800] "GET /xingrg/all/function/internal_message.html?_=1675557991253&CODE_STATE=getMsg HTTP/1.1" 200 27
116.238.139.35 - - [05/Feb/2023:08:46:21 +0800] "GET /xingrg/check_reg.html?_=1675557931458 HTTP/1.1" 200 22
218.81.216.21 - - [05/Feb/2023:08:46:27 +0800] "GET /xingrg/kc/buy/cgsh_order_operate.html?command=get_materiel&rest_code=00146&code=00101008112&supplier_code=00100005&order_time=2023-02-05 HTTP/1.1" 200 414
116.238.139.35 - - [05/Feb/2023:08:46:30 +0800] "GET /xingrg/all/function/internal_message.html?_=1675557940631&CODE_STATE=getMsg HTTP/1.1" 200 27
101.83.145.75 - - [05/Feb/2023:08:46:34 +0800] "GET /xingrg/check_reg.html?_=1675558020762 HTTP/1.1" 200 22
116.238.139.35 - - [05/Feb/2023:08:46:34 +0800] "GET /xingrg/all/function/internal_message.html?_=1675558017078&CODE_STATE=getMsg HTTP/1.1" 200 27
218.81.216.21 - - [05/Feb/2023:08:46:34 +0800] "GET /xingrg/all/function/internal_message.html?_=1675558017666&CODE_STATE=getMsg HTTP/1.1" 200 27
101.83.145.75 - - [05/Feb/2023:08:46:41 +0800] "GET /xingrg/kc/buy/cgsh_order_add.html HTTP/1.1" 200 69786
101.83.145.75 - - [05/Feb/2023:08:46:41 +0800] "GET /xingrg/javascript/easyui/themes/default/validatebox.css HTTP/1.1" 404 1104
101.83.145.75 - - [05/Feb/2023:08:46:42 +0800] "POST /xingrg/kc/buy/cgsh_order_operate.html HTTP/1.1" 200 8245
218.81.216.21 - - [05/Feb/2023:08:46:43 +0800] "GET /xingrg/kc/buy/cgsh_order_operate.html?command=get_materiel&rest_code=00146&code=00101008354&supplier_code=00100005&order_time=2023-02-05 HTTP/1.1" 200 412
124.78.154.177 - - [05/Feb/2023:08:46:49 +0800] "GET /xingrg/all/function/internal_message.html?_=1675558030562&CODE_STATE=getMsg HTTP/1.1" 200 27
101.83.145.75 - - [05/Feb/2023:08:46:53 +0800] "GET /xingrg/kc/buy/cgsh_order_operate.html?command=get_materiel&rest_code=00105&code=00101011001&supplier_code=00100052&order_time=2023-02-05 HTTP/1.1" 200 423
120.253.135.82 - - [05/Feb/2023:08:46:53 +0800] "GET /xingrg/all/function/internal_message.html?_=1675557851376&CODE_STATE=getMsg HTTP/1.1" 200 27
58.40.7.146 - - [05/Feb/2023:08:46:59 +0800] "GET /xingrg/all/function/internal_message.html?_=1675558040637&CODE_STATE=getMsg HTTP/1.1" 200 27
58.40.7.146 - - [05/Feb/2023:08:46:59 +0800] "GET /xingrg/check_reg.html?_=1675558040638 HTTP/1.1" 200 22
101.83.145.75 - - [05/Feb/2023:08:47:04 +0800] "GET /xingrg/all/function/internal_message.html?_=1675558051243&CODE_STATE=getMsg HTTP/1.1" 200 27
101.83.145.75 - - [05/Feb/2023:08:47:06 +0800] "POST /xingrg/kc/buy/cgsh_order_operate.html HTTP/1.1" 200 37
101.83.145.75 - - [05/Feb/2023:08:47:08 +0800] "POST /xingrg/kc/buy/cgsh_order_operate.html HTTP/1.1" 200 2666
218.81.216.21 - - [05/Feb/2023:08:47:08 +0800] "GET /xingrg/kc/buy/cgsh_order_operate.html?command=get_materiel&rest_code=00146&code=00101008351&supplier_code=00100005&order_time=2023-02-05 HTTP/1.1" 200 408
101.83.145.75 - - [05/Feb/2023:08:47:09 +0800] "GET /xingrg/kc/print/load_data.html?order_code=212023020501213&kc_code=cgsh&condition= HTTP/1.1" 200 720
101.83.145.75 - - [05/Feb/2023:08:47:12 +0800] "GET /xingrg/kc/buy/cgsh_order_add.html HTTP/1.1" 200 69786
101.83.145.75 - - [05/Feb/2023:08:47:12 +0800] "GET /xingrg/javascript/easyui/themes/default/validatebox.css HTTP/1.1" 404 1104
101.83.145.75 - - [05/Feb/2023:08:47:12 +0800] "POST /xingrg/kc/buy/cgsh_order_operate.html HTTP/1.1" 200 8245
218.81.216.21 - - [05/Feb/2023:08:47:24 +0800] "GET /xingrg/kc/buy/cgsh_order_operate.html?command=get_materiel&rest_code=00146&code=00101008113&supplier_code=00100005&order_time=2023-02-05 HTTP/1.1" 200 413
101.83.145.75 - - [05/Feb/2023:08:47:24 +0800] "GET /xingrg/kc/buy/cgsh_order_operate.html?command=get_materiel&rest_code=00105&code=00101016030&supplier_code=00100034&order_time=2023-02-05 HTTP/1.1" 200 412
218.81.216.21 - - [05/Feb/2023:08:47:29 +0800] "POST /xingrg/kc/buy/cgsh_order_operate.html HTTP/1.1" 200 2065
124.78.154.177 - - [05/Feb/2023:08:47:30 +0800] "GET /favicon.ico HTTP/1.1" 404 -
116.238.139.35 - - [05/Feb/2023:08:47:30 +0800] "GET /xingrg/all/function/internal_message.html?_=1675558000645&CODE_STATE=getMsg HTTP/1.1" 200 27
116.238.139.35 - - [05/Feb/2023:08:47:34 +0800] "GET /xingrg/all/function/internal_message.html?_=1675558077080&CODE_STATE=getMsg HTTP/1.1" 200 27
218.81.216.21 - - [05/Feb/2023:08:47:34 +0800] "GET /xingrg/all/function/internal_message.html?_=1675558077678&CODE_STATE=getMsg HTTP/1.1" 200 27
218.81.216.21 - - [05/Feb/2023:08:47:40 +0800] "GET /xingrg/kc/buy/cgsh_order_operate.html?command=get_materiel&rest_code=00146&code=00101008338&supplier_code=00100005&order_time=2023-02-05 HTTP/1.1" 200 409
124.78.154.177 - - [05/Feb/2023:08:47:48 +0800] "GET /xingrg/all/function/internal_message.html?_=1675558090561&CODE_STATE=getMsg HTTP/1.1" 200 27
101.83.145.75 - - [05/Feb/2023:08:47:48 +0800] "GET /xingrg/kc/buy/cgsh_order_operate.html?command=get_materiel&rest_code=00105&code=00101012033&supplier_code=00100034&order_time=2023-02-05 HTTP/1.1" 200 426
120.253.135.82 - - [05/Feb/2023:08:47:53 +0800] "GET /xingrg/all/function/internal_message.html?_=1675557911386&CODE_STATE=getMsg HTTP/1.1" 200 27
218.81.216.21 - - [05/Feb/2023:08:47:55 +0800] "GET /xingrg/kc/buy/cgsh_order_operate.html?command=get_materiel&rest_code=00146&code=00101008290&supplier_code=00100005&order_time=2023-02-05 HTTP/1.1" 200 416
58.40.7.146 - - [05/Feb/2023:08:47:59 +0800] "GET /xingrg/all/function/internal_message.html?_=1675558100641&CODE_STATE=getMsg HTTP/1.1" 200 27
101.83.145.75 - - [05/Feb/2023:08:48:04 +0800] "GET /xingrg/all/function/internal_message.html?_=1675558111243&CODE_STATE=getMsg HTTP/1.1" 200 27
101.83.145.75 - - [05/Feb/2023:08:48:09 +0800] "POST /xingrg/kc/buy/cgsh_order_operate.html HTTP/1.1" 200 37
101.83.145.75 - - [05/Feb/2023:08:48:12 +0800] "POST /xingrg/kc/buy/cgsh_order_operate.html HTTP/1.1" 200 3254
218.81.216.21 - - [05/Feb/2023:08:48:14 +0800] "GET /xingrg/kc/buy/cgsh_order_operate.html?command=get_materiel&rest_code=00146&code=00101008370&supplier_code=00100005&order_time=2023-02-05 HTTP/1.1" 200 412
101.83.145.75 - - [05/Feb/2023:08:48:24 +0800] "GET /xingrg/kc/print/load_data.html?order_code=212023020501214&kc_code=cgsh&condition= HTTP/1.1" 200 936
218.81.216.21 - - [05/Feb/2023:08:48:28 +0800] "GET /xingrg/kc/buy/cgsh_order_operate.html?command=get_materiel&rest_code=00146&code=00101008264&supplier_code=00100005&order_time=2023-02-05 HTTP/1.1" 200 412
116.238.139.35 - - [05/Feb/2023:08:48:30 +0800] "GET /xingrg/all/function/internal_message.html?_=1675558060669&CODE_STATE=getMsg HTTP/1.1" 200 27
218.81.216.21 - - [05/Feb/2023:08:48:34 +0800] "GET /xingrg/check_reg.html?_=1675558137569 HTTP/1.1" 200 22
116.238.139.35 - - [05/Feb/2023:08:48:34 +0800] "GET /xingrg/all/function/internal_message.html?_=1675558137082&CODE_STATE=getMsg HTTP/1.1" 200 27
218.81.216.21 - - [05/Feb/2023:08:48:34 +0800] "GET /xingrg/all/function/internal_message.html?_=1675558137692&CODE_STATE=getMsg HTTP/1.1" 200 27
218.81.216.21 - - [05/Feb/2023:08:48:44 +0800] "GET /xingrg/kc/buy/cgsh_order_operate.html?command=get_materiel&rest_code=00146&code=00101008356&supplier_code=00100005&order_time=2023-02-05 HTTP/1.1" 200 408
101.83.145.75 - - [05/Feb/2023:08:48:46 +0800] "GET /xingrg/kc/buy/cgsh_order_add.html HTTP/1.1" 200 69786
101.83.145.75 - - [05/Feb/2023:08:48:46 +0800] "GET /xingrg/javascript/easyui/themes/default/validatebox.css HTTP/1.1" 404 1104
101.83.145.75 - - [05/Feb/2023:08:48:46 +0800] "POST /xingrg/kc/buy/cgsh_order_operate.html HTTP/1.1" 200 8245
124.78.154.177 - - [05/Feb/2023:08:48:48 +0800] "GET /xingrg/all/function/internal_message.html?_=1675558150565&CODE_STATE=getMsg HTTP/1.1" 200 27
218.81.216.21 - - [05/Feb/2023:08:48:50 +0800] "POST /xingrg/kc/buy/cgsh_order_operate.html HTTP/1.1" 200 2065
120.253.135.82 - - [05/Feb/2023:08:48:53 +0800] "GET /xingrg/all/function/internal_message.html?_=1675557971421&CODE_STATE=getMsg HTTP/1.1" 200 27
58.40.7.146 - - [05/Feb/2023:08:48:59 +0800] "GET /xingrg/all/function/internal_message.html?_=1675558160645&CODE_STATE=getMsg HTTP/1.1" 200 27
218.81.216.21 - - [05/Feb/2023:08:49:00 +0800] "GET /xingrg/kc/buy/cgsh_order_operate.html?command=get_materiel&rest_code=00146&code=00101008300&supplier_code=00100005&order_time=2023-02-05 HTTP/1.1" 200 412
101.83.145.75 - - [05/Feb/2023:08:49:04 +0800] "GET /xingrg/all/function/internal_message.html?_=1675558171224&CODE_STATE=getMsg HTTP/1.1" 200 27
101.83.145.75 - - [05/Feb/2023:08:49:08 +0800] "GET /xingrg/kc/buy/cgsh_order_operate.html?command=get_materiel&rest_code=00105&code=00101002027&supplier_code=00100203&order_time=2023-02-05 HTTP/1.1" 200 413
101.83.145.75 - - [05/Feb/2023:08:49:22 +0800] "GET /xingrg/kc/buy/cgsh_order_operate.html?command=get_materiel&rest_code=00105&code=00101001023&supplier_code=00100203&order_time=2023-02-05 HTTP/1.1" 200 413
120.253.135.82 - - [05/Feb/2023:08:49:28 +0800] "GET /xingrg/check_reg.html?_=1675558006302 HTTP/1.1" 200 22
116.238.139.35 - - [05/Feb/2023:08:49:30 +0800] "GET /xingrg/all/function/internal_message.html?_=1675558120672&CODE_STATE=getMsg HTTP/1.1" 200 27
116.238.139.35 - - [05/Feb/2023:08:49:34 +0800] "GET /xingrg/all/function/internal_message.html?_=1675558197086&CODE_STATE=getMsg HTTP/1.1" 200 27
218.81.216.21 - - [05/Feb/2023:08:49:34 +0800] "GET /xingrg/all/function/internal_message.html?_=1675558197705&CODE_STATE=getMsg HTTP/1.1" 200 27
101.83.145.75 - - [05/Feb/2023:08:49:41 +0800] "GET /xingrg/kc/buy/cgsh_order_operate.html?command=get_materiel&rest_code=00105&code=00101003025&supplier_code=00100203&order_time=2023-02-05 HTTP/1.1" 200 409
124.78.154.177 - - [05/Feb/2023:08:49:48 +0800] "GET /xingrg/check_reg.html?_=1675558210570 HTTP/1.1" 200 22
124.78.154.177 - - [05/Feb/2023:08:49:48 +0800] "GET /xingrg/all/function/internal_message.html?_=1675558210565&CODE_STATE=getMsg HTTP/1.1" 200 27
120.253.135.82 - - [05/Feb/2023:08:49:53 +0800] "GET /xingrg/all/function/internal_message.html?_=1675558031428&CODE_STATE=getMsg HTTP/1.1" 200 27
58.40.7.146 - - [05/Feb/2023:08:49:59 +0800] "GET /xingrg/all/function/internal_message.html?_=1675558220630&CODE_STATE=getMsg HTTP/1.1" 200 27
101.83.145.75 - - [05/Feb/2023:08:50:01 +0800] "GET /xingrg/kc/buy/cgsh_order_operate.html?command=get_materiel&rest_code=00105&code=00101001010&supplier_code=00100203&order_time=2023-02-05 HTTP/1.1" 200 409
101.83.145.75 - - [05/Feb/2023:08:50:04 +0800] "GET /xingrg/all/function/internal_message.html?_=1675558231244&CODE_STATE=getMsg HTTP/1.1" 200 27
101.83.145.75 - - [05/Feb/2023:08:50:29 +0800] "POST /xingrg/kc/buy/cgsh_order_operate.html HTTP/1.1" 200 37
116.238.139.35 - - [05/Feb/2023:08:50:30 +0800] "GET /xingrg/all/function/internal_message.html?_=1675558180696&CODE_STATE=getMsg HTTP/1.1" 200 27
116.238.139.35 - - [05/Feb/2023:08:50:34 +0800] "GET /xingrg/check_reg.html?_=1675558257086 HTTP/1.1" 200 22
116.238.139.35 - - [05/Feb/2023:08:50:34 +0800] "GET /xingrg/all/function/internal_message.html?_=1675558257090&CODE_STATE=getMsg HTTP/1.1" 200 27
218.81.216.21 - - [05/Feb/2023:08:50:34 +0800] "GET /xingrg/all/function/internal_message.html?_=1675558257718&CODE_STATE=getMsg HTTP/1.1" 200 27
116.230.105.139 - - [05/Feb/2023:08:50:37 +0800] "POST /xingrg/services/DataTransmitService HTTP/1.1" 200 524
101.83.145.75 - - [05/Feb/2023:08:50:42 +0800] "POST /xingrg/kc/buy/cgsh_order_operate.html HTTP/1.1" 200 5025
101.83.145.75 - - [05/Feb/2023:08:50:43 +0800] "GET /xingrg/kc/print/load_data.html?order_code=212023020501215&kc_code=cgsh&condition= HTTP/1.1" 200 1567
124.78.154.177 - - [05/Feb/2023:08:50:48 +0800] "GET /xingrg/all/function/internal_message.html?_=1675558270567&CODE_STATE=getMsg HTTP/1.1" 200 27
120.253.135.82 - - [05/Feb/2023:08:50:53 +0800] "GET /xingrg/all/function/internal_message.html?_=1675558091442&CODE_STATE=getMsg HTTP/1.1" 200 27
58.40.7.146 - - [05/Feb/2023:08:50:59 +0800] "GET /xingrg/all/function/internal_message.html?_=1675558280634&CODE_STATE=getMsg HTTP/1.1" 200 27
101.83.145.75 - - [05/Feb/2023:08:51:04 +0800] "GET /xingrg/all/function/internal_message.html?_=1675558291179&CODE_STATE=getMsg HTTP/1.1" 200 27
218.81.216.21 - - [05/Feb/2023:08:51:07 +0800] "GET /xingrg/kc/buy/cgsh_order_operate.html?command=get_materiel&rest_code=00146&code=00101008251&supplier_code=00100005&order_time=2023-02-05 HTTP/1.1" 200 408
116.238.139.35 - - [05/Feb/2023:08:51:21 +0800] "GET /xingrg/check_reg.html?_=1675558231470 HTTP/1.1" 200 22
218.81.216.21 - - [05/Feb/2023:08:51:22 +0800] "GET /xingrg/kc/buy/cgsh_order_operate.html?command=get_materiel&rest_code=00146&code=00101008357&supplier_code=00100005&order_time=2023-02-05 HTTP/1.1" 200 408
116.238.139.35 - - [05/Feb/2023:08:51:30 +0800] "GET /xingrg/all/function/internal_message.html?_=1675558240714&CODE_STATE=getMsg HTTP/1.1" 200 27
101.83.145.75 - - [05/Feb/2023:08:51:34 +0800] "GET /xingrg/check_reg.html?_=1675558320760 HTTP/1.1" 200 22
116.238.139.35 - - [05/Feb/2023:08:51:34 +0800] "GET /xingrg/all/function/internal_message.html?_=1675558317092&CODE_STATE=getMsg HTTP/1.1" 200 27
218.81.216.21 - - [05/Feb/2023:08:51:34 +0800] "GET /xingrg/all/function/internal_message.html?_=1675558317732&CODE_STATE=getMsg HTTP/1.1" 200 27
218.81.216.21 - - [05/Feb/2023:08:51:38 +0800] "GET /xingrg/kc/buy/cgsh_order_operate.html?command=get_materiel&rest_code=00146&code=00101008036&supplier_code=00100005&order_time=2023-02-05 HTTP/1.1" 200 408
101.83.145.75 - - [05/Feb/2023:08:51:49 +0800] "POST /xingrg/kc/buy/cgsh_order_operate.html HTTP/1.1" 200 37
101.83.145.75 - - [05/Feb/2023:08:51:51 +0800] "POST /xingrg/kc/buy/cgsh_order_operate.html HTTP/1.1" 200 5025
120.253.135.82 - - [05/Feb/2023:08:51:54 +0800] "GET /xingrg/all/function/internal_message.html?_=1675558151487&CODE_STATE=getMsg HTTP/1.1" 200 27
218.81.216.21 - - [05/Feb/2023:08:51:56 +0800] "GET /xingrg/kc/buy/cgsh_order_operate.html?command=get_materiel&rest_code=00146&code=00101008286&supplier_code=00100005&order_time=2023-02-05 HTTP/1.1" 200 408
101.83.145.75 - - [05/Feb/2023:08:51:58 +0800] "GET /xingrg/index.html?sysBaseUrl=http%3A%2F%2F180.169.147.146%3A18081%2Fxingrg%2F&costTime=36×tamp=1585222720700 HTTP/1.1" 200 17173
58.40.7.146 - - [05/Feb/2023:08:51:59 +0800] "GET /xingrg/all/function/internal_message.html?_=1675558340635&CODE_STATE=getMsg HTTP/1.1" 200 27
58.40.7.146 - - [05/Feb/2023:08:51:59 +0800] "GET /xingrg/check_reg.html?_=1675558340637 HTTP/1.1" 200 22
101.83.145.75 - - [05/Feb/2023:08:51:59 +0800] "POST /xingrg/all/common/load_tree.html?tree=area_rest_tree_json&manage=1 HTTP/1.1" 200 3499
101.83.145.75 - - [05/Feb/2023:08:51:59 +0800] "GET /favicon.ico HTTP/1.1" 404 -
101.83.145.75 - - [05/Feb/2023:08:51:59 +0800] "GET /xingrg/all/function/internal_message.html?_=1675558345610&CODE_STATE=count HTTP/1.1" 200 11
101.83.145.75 - - [05/Feb/2023:08:51:59 +0800] "GET /xingrg/check_reg.html?_=1675558345610 HTTP/1.1" 200 22
101.83.145.75 - - [05/Feb/2023:08:51:59 +0800] "POST /xingrg/load_menu.html HTTP/1.1" 200 5138
218.81.216.21 - - [05/Feb/2023:08:52:02 +0800] "POST /xingrg/kc/buy/cgsh_order_operate.html HTTP/1.1" 200 2065
101.83.145.75 - - [05/Feb/2023:08:52:04 +0800] "GET /xingrg/kc/buy/cgsh_order_list.html HTTP/1.1" 200 53922
101.83.145.75 - - [05/Feb/2023:08:52:07 +0800] "POST /xingrg/kc/buy/cgsh_list_operate.html HTTP/1.1" 200 3538
101.83.145.75 - - [05/Feb/2023:08:52:11 +0800] "POST /xingrg/kc/buy/cgsh_list_operate.html HTTP/1.1" 200 497
101.83.145.75 - - [05/Feb/2023:08:52:11 +0800] "GET /xingrg/kc/buy/cgsh_order_info.html?code=212023020501215 HTTP/1.1" 200 69797
101.83.145.75 - - [05/Feb/2023:08:52:11 +0800] "GET /xingrg/all/common/auto_word.html?type=employee&rest_code=00105 HTTP/1.1" 200 193
101.83.145.75 - - [05/Feb/2023:08:52:11 +0800] "GET /xingrg/all/common/auto_word.html?type=employee&rest_code=00105 HTTP/1.1" 200 193
101.83.145.75 - - [05/Feb/2023:08:52:11 +0800] "GET /xingrg/javascript/easyui/themes/default/validatebox.css HTTP/1.1" 404 1104
218.81.216.21 - - [05/Feb/2023:08:52:12 +0800] "GET /xingrg/kc/buy/cgsh_order_operate.html?command=get_materiel&rest_code=00146&code=00101008131&supplier_code=00100005&order_time=2023-02-05 HTTP/1.1" 200 408
101.83.145.75 - - [05/Feb/2023:08:52:12 +0800] "POST /xingrg/kc/buy/cgsh_order_operate.html HTTP/1.1" 200 5025
124.78.154.177 - - [05/Feb/2023:08:52:13 +0800] "GET /xingrg/all/function/internal_message.html?_=1675558355570&CODE_STATE=getMsg HTTP/1.1" 200 27
101.83.145.75 - - [05/Feb/2023:08:52:15 +0800] "GET /xingrg/kc/print/load_config.html?kc_code=cgsh HTTP/1.1" 200 1943
101.83.145.75 - - [05/Feb/2023:08:52:15 +0800] "GET /xingrg/kc/print/load_data.html?order_code=212023020501215&kc_code=cgsh&condition= HTTP/1.1" 200 1579
116.238.139.35 - - [05/Feb/2023:08:52:30 +0800] "GET /xingrg/all/function/internal_message.html?_=1675558300728&CODE_STATE=getMsg HTTP/1.1" 200 27
116.238.139.35 - - [05/Feb/2023:08:52:34 +0800] "GET /xingrg/all/function/internal_message.html?_=1675558377078&CODE_STATE=getMsg HTTP/1.1" 200 27
218.81.216.21 - - [05/Feb/2023:08:52:34 +0800] "GET /xingrg/all/function/internal_message.html?_=1675558377746&CODE_STATE=getMsg HTTP/1.1" 200 27
222.70.181.49 - - [05/Feb/2023:08:52:38 +0800] "GET /xingrg/login.html HTTP/1.1" 200 7641
222.70.181.49 - - [05/Feb/2023:08:52:39 +0800] "GET /favicon.ico HTTP/1.1" 404 -
222.70.181.49 - - [05/Feb/2023:08:52:47 +0800] "POST /xingrg/login.do HTTP/1.1" 302 -
222.70.181.49 - - [05/Feb/2023:08:52:47 +0800] "GET /xingrg/index.html?sysBaseUrl=http%3A%2F%2F180.169.147.146%3A18081%2Fxingrg%2F&costTime=41×tamp=1675558367385 HTTP/1.1" 200 17173
222.70.181.49 - - [05/Feb/2023:08:52:47 +0800] "GET /favicon.ico HTTP/1.1" 404 -
222.70.181.49 - - [05/Feb/2023:08:52:47 +0800] "POST /xingrg/all/common/load_tree.html?tree=area_rest_tree_json&manage=1 HTTP/1.1" 200 342
222.70.181.49 - - [05/Feb/2023:08:52:47 +0800] "GET /xingrg/all/function/internal_message.html?_=1675558389834&CODE_STATE=count HTTP/1.1" 200 11
222.70.181.49 - - [05/Feb/2023:08:52:47 +0800] "GET /xingrg/check_reg.html?_=1675558389835 HTTP/1.1" 200 22
222.70.181.49 - - [05/Feb/2023:08:52:47 +0800] "POST /xingrg/load_menu.html HTTP/1.1" 200 5138
222.70.181.49 - - [05/Feb/2023:08:52:49 +0800] "GET /xingrg/kc/buy/buy_main.html HTTP/1.1" 200 12412
222.70.181.49 - - [05/Feb/2023:08:52:49 +0800] "GET /xingrg/css/new_ie.css HTTP/1.1" 404 1036
222.70.181.49 - - [05/Feb/2023:08:52:49 +0800] "GET /xingrg/images/yd/bt.gif HTTP/1.1" 404 1040
222.70.181.49 - - [05/Feb/2023:08:52:50 +0800] "GET /xingrg/kc/buy/cgsh_order_list.html HTTP/1.1" 200 53922
218.81.216.21 - - [05/Feb/2023:08:52:50 +0800] "GET /xingrg/kc/buy/cgsh_order_operate.html?command=get_materiel&rest_code=00146&code=00101008296&supplier_code=00100005&order_time=2023-02-05 HTTP/1.1" 200 416
222.70.181.49 - - [05/Feb/2023:08:52:51 +0800] "POST /xingrg/kc/buy/cgsh_list_operate.html HTTP/1.1" 200 986
120.253.135.82 - - [05/Feb/2023:08:52:54 +0800] "GET /xingrg/all/function/internal_message.html?_=1675558211501&CODE_STATE=getMsg HTTP/1.1" 200 27
101.83.145.75 - - [05/Feb/2023:08:52:55 +0800] "GET /xingrg/kc/buy/cgsh_order_list.html HTTP/1.1" 200 53922
101.83.145.75 - - [05/Feb/2023:08:52:57 +0800] "POST /xingrg/kc/buy/cgsh_list_operate.html HTTP/1.1" 200 3538
58.40.7.146 - - [05/Feb/2023:08:52:59 +0800] "GET /xingrg/all/function/internal_message.html?_=1675558400638&CODE_STATE=getMsg HTTP/1.1" 200 27
101.83.145.75 - - [05/Feb/2023:08:52:59 +0800] "GET /xingrg/all/function/internal_message.html?_=1675558405621&CODE_STATE=getMsg HTTP/1.1" 200 27
101.83.145.75 - - [05/Feb/2023:08:53:00 +0800] "POST /xingrg/kc/buy/cgsh_list_operate.html HTTP/1.1" 200 572
101.83.145.75 - - [05/Feb/2023:08:53:01 +0800] "GET /xingrg/kc/buy/cgsh_order_info.html?code=212023020501211 HTTP/1.1" 200 69789
101.83.145.75 - - [05/Feb/2023:08:53:01 +0800] "GET /xingrg/javascript/easyui/themes/default/validatebox.css HTTP/1.1" 404 1104
101.83.145.75 - - [05/Feb/2023:08:53:02 +0800] "POST /xingrg/kc/buy/cgsh_order_operate.html HTTP/1.1" 200 47012
218.81.216.21 - - [05/Feb/2023:08:53:06 +0800] "GET /xingrg/kc/buy/cgsh_order_operate.html?command=get_materiel&rest_code=00146&code=00101008098&supplier_code=00100005&order_time=2023-02-05 HTTP/1.1" 200 412
124.78.154.177 - - [05/Feb/2023:08:53:13 +0800] "GET /xingrg/all/function/internal_message.html?_=1675558415570&CODE_STATE=getMsg HTTP/1.1" 200 27
218.81.216.21 - - [05/Feb/2023:08:53:18 +0800] "POST /xingrg/kc/buy/cgsh_order_operate.html HTTP/1.1" 200 37
218.81.216.21 - - [05/Feb/2023:08:53:20 +0800] "POST /xingrg/kc/buy/cgsh_order_operate.html HTTP/1.1" 200 19817
116.238.139.35 - - [05/Feb/2023:08:53:30 +0800] "GET /xingrg/all/function/internal_message.html?_=1675558360753&CODE_STATE=getMsg HTTP/1.1" 200 27
218.81.216.21 - - [05/Feb/2023:08:53:34 +0800] "GET /xingrg/check_reg.html?_=1675558437576 HTTP/1.1" 200 22
116.238.139.35 - - [05/Feb/2023:08:53:34 +0800] "GET /xingrg/all/function/internal_message.html?_=1675558437080&CODE_STATE=getMsg HTTP/1.1" 200 27
218.81.216.21 - - [05/Feb/2023:08:53:34 +0800] "GET /xingrg/all/function/internal_message.html?_=1675558437759&CODE_STATE=getMsg HTTP/1.1" 200 27
222.70.181.49 - - [05/Feb/2023:08:53:36 +0800] "GET /xingrg/kc/buy/cgsh_order_add.html HTTP/1.1" 200 69659
222.70.181.49 - - [05/Feb/2023:08:53:36 +0800] "GET /xingrg/words/20230202152545_words.js HTTP/1.1" 304 -
222.70.181.49 - - [05/Feb/2023:08:53:36 +0800] "POST /xingrg/kc/buy/cgsh_order_operate.html HTTP/1.1" 200 8245
222.70.181.49 - - [05/Feb/2023:08:53:36 +0800] "GET /xingrg/all/common/auto_word.html?type=employee&rest_code=00111 HTTP/1.1" 200 155
222.70.181.49 - - [05/Feb/2023:08:53:36 +0800] "GET /xingrg/javascript/easyui/themes/default/validatebox.css HTTP/1.1" 404 1104
222.70.181.49 - - [05/Feb/2023:08:53:36 +0800] "GET /xingrg/all/common/auto_word.html?type=employee&rest_code=00111 HTTP/1.1" 200 155
218.81.216.21 - - [05/Feb/2023:08:53:45 +0800] "GET /xingrg/kc/buy/cgsh_order_operate.html?command=get_materiel&rest_code=00146&code=00101008353&supplier_code=00100005&order_time=2023-02-05 HTTP/1.1" 200 408
222.70.181.49 - - [05/Feb/2023:08:53:47 +0800] "GET /xingrg/all/function/internal_message.html?_=1675558449845&CODE_STATE=getMsg HTTP/1.1" 200 27
120.253.135.82 - - [05/Feb/2023:08:53:54 +0800] "GET /xingrg/all/function/internal_message.html?_=1675558271535&CODE_STATE=getMsg HTTP/1.1" 200 27
58.40.7.146 - - [05/Feb/2023:08:53:59 +0800] "GET /xingrg/all/function/internal_message.html?_=1675558460644&CODE_STATE=getMsg HTTP/1.1" 200 27
101.83.145.75 - - [05/Feb/2023:08:53:59 +0800] "GET /xingrg/all/function/internal_message.html?_=1675558465624&CODE_STATE=getMsg HTTP/1.1" 200 27
218.81.216.21 - - [05/Feb/2023:08:54:02 +0800] "GET /xingrg/kc/buy/cgsh_order_operate.html?command=get_materiel&rest_code=00146&code=00101008213&supplier_code=00100005&order_time=2023-02-05 HTTP/1.1" 200 412
124.78.154.177 - - [05/Feb/2023:08:54:13 +0800] "GET /xingrg/all/function/internal_message.html?_=1675558475573&CODE_STATE=getMsg HTTP/1.1" 200 27
218.81.216.21 - - [05/Feb/2023:08:54:19 +0800] "GET /xingrg/kc/buy/cgsh_order_operate.html?command=get_materiel&rest_code=00146&code=00101016122&supplier_code=00100005&order_time=2023-02-05 HTTP/1.1" 200 409
120.253.135.82 - - [05/Feb/2023:08:54:28 +0800] "GET /xingrg/check_reg.html?_=1675558306302 HTTP/1.1" 200 22
116.238.139.35 - - [05/Feb/2023:08:54:30 +0800] "GET /xingrg/all/function/internal_message.html?_=1675558420771&CODE_STATE=getMsg HTTP/1.1" 200 27
116.238.139.35 - - [05/Feb/2023:08:54:34 +0800] "GET /xingrg/all/function/internal_message.html?_=1675558497082&CODE_STATE=getMsg HTTP/1.1" 200 27
218.81.216.21 - - [05/Feb/2023:08:54:34 +0800] "GET /xingrg/all/function/internal_message.html?_=1675558497775&CODE_STATE=getMsg HTTP/1.1" 200 27
218.81.216.21 - - [05/Feb/2023:08:54:36 +0800] "GET /xingrg/kc/buy/cgsh_order_operate.html?command=get_materiel&rest_code=00146&code=00101008305&supplier_code=00100005&order_time=2023-02-05 HTTP/1.1" 200 412
