124.78.154.177 - - [05/Feb/2023:09:12:18 +0800] "GET /xingrg/images/blue/hj.png HTTP/1.1" 200 1014
124.78.154.177 - - [05/Feb/2023:09:12:18 +0800] "GET /xingrg/images/blue/srbg.png HTTP/1.1" 200 138
124.78.154.177 - - [05/Feb/2023:09:12:18 +0800] "GET /xingrg/images/blue/login_bg.png HTTP/1.1" 200 22101
222.70.181.49 - - [05/Feb/2023:09:12:30 +0800] "GET /xingrg/kc/buy/cgsh_order_operate.html?command=get_materiel&rest_code=00111&code=00101006112&supplier_code=00100012&order_time=2023-02-05 HTTP/1.1" 200 409
116.238.139.35 - - [05/Feb/2023:09:12:31 +0800] "GET /xingrg/all/function/internal_message.html?_=1675559501031&CODE_STATE=getMsg HTTP/1.1" 200 27
116.238.139.35 - - [05/Feb/2023:09:12:34 +0800] "GET /xingrg/all/function/internal_message.html?_=1675559577116&CODE_STATE=getMsg HTTP/1.1" 200 27
218.81.216.21 - - [05/Feb/2023:09:12:35 +0800] "GET /xingrg/all/function/internal_message.html?_=1675559578190&CODE_STATE=getMsg HTTP/1.1" 200 27
222.70.181.49 - - [05/Feb/2023:09:12:44 +0800] "GET /xingrg/kc/buy/cgsh_order_operate.html?command=get_materiel&rest_code=00111&code=00101011001&supplier_code=00100012&order_time=2023-02-05 HTTP/1.1" 200 423
124.78.154.177 - - [05/Feb/2023:09:12:52 +0800] "GET /favicon.ico HTTP/1.1" 404 -
120.253.135.82 - - [05/Feb/2023:09:12:54 +0800] "GET /xingrg/all/function/internal_message.html?_=1675559412038&CODE_STATE=getMsg HTTP/1.1" 200 27
218.81.216.21 - - [05/Feb/2023:09:12:55 +0800] "GET /xingrg/kc/buy/cgsh_order_operate.html?command=get_materiel&rest_code=00146&code=00101008041&supplier_code=00100005&order_time=2023-02-05 HTTP/1.1" 200 408
58.40.7.146 - - [05/Feb/2023:09:12:59 +0800] "GET /xingrg/all/function/internal_message.html?_=1675559600663&CODE_STATE=getMsg HTTP/1.1" 200 27
101.83.145.75 - - [05/Feb/2023:09:12:59 +0800] "GET /xingrg/all/function/internal_message.html?_=1675559605641&CODE_STATE=getMsg HTTP/1.1" 200 27
222.70.181.49 - - [05/Feb/2023:09:13:02 +0800] "GET /xingrg/kc/buy/cgsh_order_operate.html?command=get_materiel&rest_code=00111&code=00101006038&supplier_code=00100012&order_time=2023-02-05 HTTP/1.1" 200 421
222.70.181.49 - - [05/Feb/2023:09:13:04 +0800] "GET /xingrg/all/function/internal_message.html?_=1675559607060&CODE_STATE=getMsg HTTP/1.1" 200 27
218.81.216.21 - - [05/Feb/2023:09:13:20 +0800] "GET /xingrg/kc/buy/cgsh_order_operate.html?command=get_materiel&rest_code=00146&code=00101008123&supplier_code=00100005&order_time=2023-02-05 HTTP/1.1" 200 412
222.70.181.49 - - [05/Feb/2023:09:13:25 +0800] "GET /xingrg/kc/buy/cgsh_order_operate.html?command=get_materiel&rest_code=00111&code=00101010321&supplier_code=00100012&order_time=2023-02-05 HTTP/1.1" 200 409
116.238.139.35 - - [05/Feb/2023:09:13:31 +0800] "GET /xingrg/all/function/internal_message.html?_=1675559561055&CODE_STATE=getMsg HTTP/1.1" 200 27
218.81.216.21 - - [05/Feb/2023:09:13:33 +0800] "GET /xingrg/kc/buy/cgsh_order_operate.html?command=get_materiel&rest_code=00146&code=00101008704&supplier_code=00100005&order_time=2023-02-05 HTTP/1.1" 200 395
218.81.216.21 - - [05/Feb/2023:09:13:34 +0800] "GET /xingrg/check_reg.html?_=1675559637597 HTTP/1.1" 200 22
116.238.139.35 - - [05/Feb/2023:09:13:34 +0800] "GET /xingrg/all/function/internal_message.html?_=1675559637126&CODE_STATE=getMsg HTTP/1.1" 200 27
218.81.216.21 - - [05/Feb/2023:09:13:35 +0800] "GET /xingrg/all/function/internal_message.html?_=1675559638202&CODE_STATE=getMsg HTTP/1.1" 200 27
120.253.135.82 - - [05/Feb/2023:09:13:54 +0800] "GET /xingrg/all/function/internal_message.html?_=1675559472076&CODE_STATE=getMsg HTTP/1.1" 200 27
58.40.7.146 - - [05/Feb/2023:09:13:59 +0800] "GET /xingrg/all/function/internal_message.html?_=1675559660666&CODE_STATE=getMsg HTTP/1.1" 200 27
101.83.145.75 - - [05/Feb/2023:09:13:59 +0800] "GET /xingrg/all/function/internal_message.html?_=1675559665644&CODE_STATE=getMsg HTTP/1.1" 200 27
222.70.181.49 - - [05/Feb/2023:09:14:04 +0800] "GET /xingrg/all/function/internal_message.html?_=1675559667058&CODE_STATE=getMsg HTTP/1.1" 200 27
218.81.216.21 - - [05/Feb/2023:09:14:06 +0800] "GET /xingrg/kc/buy/cgsh_order_operate.html?command=get_materiel&rest_code=00146&code=00101008679&supplier_code=00100005&order_time=2023-02-05 HTTP/1.1" 200 399
222.70.181.49 - - [05/Feb/2023:09:14:07 +0800] "GET /xingrg/kc/buy/cgsh_order_operate.html?command=get_materiel&rest_code=00111&code=00101023006&supplier_code=00100012&order_time=2023-02-05 HTTP/1.1" 200 420
218.81.216.21 - - [05/Feb/2023:09:14:21 +0800] "POST /xingrg/kc/buy/cgsh_order_operate.html HTTP/1.1" 200 2065
120.253.135.82 - - [05/Feb/2023:09:14:28 +0800] "GET /xingrg/check_reg.html?_=1675559506324 HTTP/1.1" 200 22
218.81.216.21 - - [05/Feb/2023:09:14:30 +0800] "GET /xingrg/kc/buy/cgsh_order_operate.html?command=get_materiel&rest_code=00146&code=00101009011&supplier_code=00100005&order_time=2023-02-05 HTTP/1.1" 200 416
116.238.139.35 - - [05/Feb/2023:09:14:31 +0800] "GET /xingrg/all/function/internal_message.html?_=1675559621058&CODE_STATE=getMsg HTTP/1.1" 200 27
116.238.139.35 - - [05/Feb/2023:09:14:34 +0800] "GET /xingrg/all/function/internal_message.html?_=1675559697127&CODE_STATE=getMsg HTTP/1.1" 200 27
218.81.216.21 - - [05/Feb/2023:09:14:35 +0800] "GET /xingrg/all/function/internal_message.html?_=1675559698216&CODE_STATE=getMsg HTTP/1.1" 200 27
120.253.135.82 - - [05/Feb/2023:09:14:54 +0800] "GET /xingrg/all/function/internal_message.html?_=1675559532085&CODE_STATE=getMsg HTTP/1.1" 200 27
218.81.216.21 - - [05/Feb/2023:09:14:56 +0800] "GET /xingrg/kc/buy/cgsh_order_operate.html?command=get_materiel&rest_code=00146&code=00101009015&supplier_code=00100005&order_time=2023-02-05 HTTP/1.1" 200 416
222.70.181.49 - - [05/Feb/2023:09:14:56 +0800] "GET /xingrg/kc/buy/cgsh_order_operate.html?command=get_materiel&rest_code=00111&code=00101019670&supplier_code=00100012&order_time=2023-02-05 HTTP/1.1" 200 435
58.40.7.146 - - [05/Feb/2023:09:14:59 +0800] "GET /xingrg/all/function/internal_message.html?_=1675559720671&CODE_STATE=getMsg HTTP/1.1" 200 27
101.83.145.75 - - [05/Feb/2023:09:14:59 +0800] "GET /xingrg/all/function/internal_message.html?_=1675559725637&CODE_STATE=getMsg HTTP/1.1" 200 27
222.70.181.49 - - [05/Feb/2023:09:15:04 +0800] "GET /xingrg/all/function/internal_message.html?_=1675559727055&CODE_STATE=getMsg HTTP/1.1" 200 27
218.81.216.21 - - [05/Feb/2023:09:15:22 +0800] "GET /xingrg/kc/buy/cgsh_order_operate.html?command=get_materiel&rest_code=00146&code=00101009013&supplier_code=00100005&order_time=2023-02-05 HTTP/1.1" 200 421
116.238.139.35 - - [05/Feb/2023:09:15:31 +0800] "GET /xingrg/all/function/internal_message.html?_=1675559681082&CODE_STATE=getMsg HTTP/1.1" 200 27
116.238.139.35 - - [05/Feb/2023:09:15:34 +0800] "GET /xingrg/all/function/internal_message.html?_=1675559757132&CODE_STATE=getMsg HTTP/1.1" 200 27
116.238.139.35 - - [05/Feb/2023:09:15:34 +0800] "GET /xingrg/check_reg.html?_=1675559757136 HTTP/1.1" 200 22
218.81.216.21 - - [05/Feb/2023:09:15:35 +0800] "GET /xingrg/all/function/internal_message.html?_=1675559758230&CODE_STATE=getMsg HTTP/1.1" 200 27
222.70.181.49 - - [05/Feb/2023:09:15:36 +0800] "POST /xingrg/kc/buy/cgsh_order_operate.html HTTP/1.1" 200 37
222.70.181.49 - - [05/Feb/2023:09:15:39 +0800] "POST /xingrg/kc/buy/cgsh_order_operate.html HTTP/1.1" 200 8629
222.70.181.49 - - [05/Feb/2023:09:15:41 +0800] "GET /xingrg/kc/print/load_config.html?kc_code=cgsh HTTP/1.1" 200 1943
222.70.181.49 - - [05/Feb/2023:09:15:41 +0800] "GET /xingrg/kc/print/load_data.html?order_code=212023020501218&kc_code=cgsh&condition= HTTP/1.1" 200 3045
218.81.216.21 - - [05/Feb/2023:09:15:46 +0800] "GET /xingrg/kc/buy/cgsh_order_operate.html?command=get_materiel&rest_code=00146&code=00101009031&supplier_code=00100005&order_time=2023-02-05 HTTP/1.1" 200 409
222.70.181.49 - - [05/Feb/2023:09:15:46 +0800] "GET /xingrg/kc/buy/cgsh_order_add.html HTTP/1.1" 200 69659
222.70.181.49 - - [05/Feb/2023:09:15:46 +0800] "POST /xingrg/kc/buy/cgsh_order_operate.html HTTP/1.1" 200 8245
222.70.181.49 - - [05/Feb/2023:09:15:47 +0800] "GET /xingrg/javascript/easyui/themes/default/validatebox.css HTTP/1.1" 404 1104
120.253.135.82 - - [05/Feb/2023:09:15:54 +0800] "GET /xingrg/all/function/internal_message.html?_=1675559592097&CODE_STATE=getMsg HTTP/1.1" 200 27
58.40.7.146 - - [05/Feb/2023:09:15:59 +0800] "GET /xingrg/all/function/internal_message.html?_=1675559780674&CODE_STATE=getMsg HTTP/1.1" 200 27
101.83.145.75 - - [05/Feb/2023:09:15:59 +0800] "GET /xingrg/all/function/internal_message.html?_=1675559785631&CODE_STATE=getMsg HTTP/1.1" 200 27
222.70.181.49 - - [05/Feb/2023:09:16:02 +0800] "GET /xingrg/kc/buy/cgsh_order_operate.html?command=get_materiel&rest_code=00111&code=00101008283&supplier_code=00100005&order_time=2023-02-05 HTTP/1.1" 200 408
222.70.181.49 - - [05/Feb/2023:09:16:04 +0800] "GET /xingrg/check_reg.html?_=1675559787071 HTTP/1.1" 200 22
222.70.181.49 - - [05/Feb/2023:09:16:04 +0800] "GET /xingrg/all/function/internal_message.html?_=1675559787073&CODE_STATE=getMsg HTTP/1.1" 200 27
218.81.216.21 - - [05/Feb/2023:09:16:08 +0800] "GET /xingrg/kc/buy/cgsh_order_operate.html?command=get_materiel&rest_code=00146&code=00101009079&supplier_code=00100005&order_time=2023-02-05 HTTP/1.1" 200 409
222.70.181.49 - - [05/Feb/2023:09:16:14 +0800] "GET /xingrg/kc/buy/cgsh_order_operate.html?command=get_materiel&rest_code=00111&code=00101008403&supplier_code=00100005&order_time=2023-02-05 HTTP/1.1" 200 412
218.81.216.21 - - [05/Feb/2023:09:16:15 +0800] "POST /xingrg/kc/buy/cgsh_order_operate.html HTTP/1.1" 200 2065
116.238.139.35 - - [05/Feb/2023:09:16:21 +0800] "GET /xingrg/check_reg.html?_=1675559731491 HTTP/1.1" 200 22
218.81.216.21 - - [05/Feb/2023:09:16:24 +0800] "POST /xingrg/kc/buy/cgsh_order_operate.html HTTP/1.1" 200 37
222.70.181.49 - - [05/Feb/2023:09:16:24 +0800] "GET /xingrg/kc/buy/cgsh_order_operate.html?command=get_materiel&rest_code=00111&code=00101008087&supplier_code=00100005&order_time=2023-02-05 HTTP/1.1" 200 23
218.81.216.21 - - [05/Feb/2023:09:16:28 +0800] "POST /xingrg/kc/buy/cgsh_order_operate.html HTTP/1.1" 200 51743
116.238.139.35 - - [05/Feb/2023:09:16:31 +0800] "GET /xingrg/all/function/internal_message.html?_=1675559741085&CODE_STATE=getMsg HTTP/1.1" 200 27
116.238.139.35 - - [05/Feb/2023:09:16:34 +0800] "GET /xingrg/all/function/internal_message.html?_=1675559817127&CODE_STATE=getMsg HTTP/1.1" 200 27
218.81.216.21 - - [05/Feb/2023:09:16:35 +0800] "GET /xingrg/all/function/internal_message.html?_=1675559818244&CODE_STATE=getMsg HTTP/1.1" 200 27
222.70.181.49 - - [05/Feb/2023:09:16:37 +0800] "GET /xingrg/login.html HTTP/1.1" 200 7641
222.70.181.49 - - [05/Feb/2023:09:16:37 +0800] "GET /favicon.ico HTTP/1.1" 404 -
222.70.181.49 - - [05/Feb/2023:09:16:44 +0800] "POST /xingrg/login.do HTTP/1.1" 302 -
222.70.181.49 - - [05/Feb/2023:09:16:44 +0800] "GET /xingrg/index.html?sysBaseUrl=http%3A%2F%2F180.169.147.146%3A18081%2Fxingrg%2F&costTime=40×tamp=1675559804341 HTTP/1.1" 200 17173
222.70.181.49 - - [05/Feb/2023:09:16:44 +0800] "GET /favicon.ico HTTP/1.1" 404 -
222.70.181.49 - - [05/Feb/2023:09:16:44 +0800] "POST /xingrg/all/common/load_tree.html?tree=area_rest_tree_json&manage=1 HTTP/1.1" 200 342
222.70.181.49 - - [05/Feb/2023:09:16:44 +0800] "GET /xingrg/all/function/internal_message.html?_=1675559826745&CODE_STATE=count HTTP/1.1" 200 11
222.70.181.49 - - [05/Feb/2023:09:16:44 +0800] "GET /xingrg/check_reg.html?_=1675559826745 HTTP/1.1" 200 22
222.70.181.49 - - [05/Feb/2023:09:16:44 +0800] "POST /xingrg/load_menu.html HTTP/1.1" 200 5138
222.70.181.49 - - [05/Feb/2023:09:16:46 +0800] "GET /xingrg/kc/buy/buy_main.html HTTP/1.1" 200 12412
222.70.181.49 - - [05/Feb/2023:09:16:46 +0800] "GET /xingrg/css/new_ie.css HTTP/1.1" 404 1036
222.70.181.49 - - [05/Feb/2023:09:16:46 +0800] "GET /xingrg/images/yd/bt.gif HTTP/1.1" 404 1040
222.70.181.49 - - [05/Feb/2023:09:16:47 +0800] "GET /xingrg/kc/buy/cgsh_order_list.html HTTP/1.1" 200 53922
222.70.181.49 - - [05/Feb/2023:09:16:49 +0800] "POST /xingrg/kc/buy/cgsh_list_operate.html HTTP/1.1" 200 1860
120.253.135.82 - - [05/Feb/2023:09:16:54 +0800] "GET /xingrg/all/function/internal_message.html?_=1675559652139&CODE_STATE=getMsg HTTP/1.1" 200 27
58.40.7.146 - - [05/Feb/2023:09:16:59 +0800] "GET /xingrg/check_reg.html?_=1675559840660 HTTP/1.1" 200 22
58.40.7.146 - - [05/Feb/2023:09:16:59 +0800] "GET /xingrg/all/function/internal_message.html?_=1675559840662&CODE_STATE=getMsg HTTP/1.1" 200 27
101.83.145.75 - - [05/Feb/2023:09:16:59 +0800] "GET /xingrg/all/function/internal_message.html?_=1675559845637&CODE_STATE=getMsg HTTP/1.1" 200 27
101.83.145.75 - - [05/Feb/2023:09:16:59 +0800] "GET /xingrg/check_reg.html?_=1675559845641 HTTP/1.1" 200 22
180.169.147.146 - - [05/Feb/2023:09:17:11 +0800] "GET /xingrg/check_reg.html?_=1675559853288 HTTP/1.1" 200 22
222.70.181.49 - - [05/Feb/2023:09:17:27 +0800] "GET /xingrg/kc/buy/cgsh_order_add.html HTTP/1.1" 200 69659
222.70.181.49 - - [05/Feb/2023:09:17:27 +0800] "POST /xingrg/kc/buy/cgsh_order_operate.html HTTP/1.1" 200 8245
222.70.181.49 - - [05/Feb/2023:09:17:27 +0800] "GET /xingrg/all/common/auto_word.html?type=employee&rest_code=00111 HTTP/1.1" 200 155
222.70.181.49 - - [05/Feb/2023:09:17:27 +0800] "GET /xingrg/javascript/easyui/themes/default/validatebox.css HTTP/1.1" 404 1104
222.70.181.49 - - [05/Feb/2023:09:17:27 +0800] "GET /xingrg/all/common/auto_word.html?type=employee&rest_code=00111 HTTP/1.1" 200 155
222.70.181.49 - - [05/Feb/2023:09:17:31 +0800] "GET /xingrg/javascript/auto/indicator.gif HTTP/1.1" 404 1066
116.238.139.35 - - [05/Feb/2023:09:17:31 +0800] "GET /xingrg/all/function/internal_message.html?_=1675559801099&CODE_STATE=getMsg HTTP/1.1" 200 27
222.70.181.49 - - [05/Feb/2023:09:17:32 +0800] "GET /xingrg/javascript/jquery_tools/images/prev.gif HTTP/1.1" 404 1086
222.70.181.49 - - [05/Feb/2023:09:17:32 +0800] "GET /xingrg/javascript/jquery_tools/images/next.gif HTTP/1.1" 404 1086
116.238.139.35 - - [05/Feb/2023:09:17:34 +0800] "GET /xingrg/all/function/internal_message.html?_=1675559877199&CODE_STATE=getMsg HTTP/1.1" 200 27
218.81.216.21 - - [05/Feb/2023:09:17:35 +0800] "GET /xingrg/all/function/internal_message.html?_=1675559878258&CODE_STATE=getMsg HTTP/1.1" 200 27
116.238.139.35 - - [05/Feb/2023:09:17:40 +0800] "GET /xingrg/kc/buy/cgsh_order_operate.html?command=get_materiel&rest_code=00151&code=00101008323&supplier_code=00100008&order_time=2023-02-05 HTTP/1.1" 200 408
222.70.181.49 - - [05/Feb/2023:09:17:41 +0800] "GET /xingrg/kc/buy/cgsh_order_operate.html?command=get_materiel&rest_code=00111&code=00101008283&supplier_code=00100005&order_time=2023-02-05 HTTP/1.1" 200 408
222.70.181.49 - - [05/Feb/2023:09:17:44 +0800] "GET /xingrg/all/function/internal_message.html?_=1675559886753&CODE_STATE=getMsg HTTP/1.1" 200 27
101.83.145.75 - - [05/Feb/2023:09:17:46 +0800] "POST /xingrg/kc/buy/cgsh_order_operate.html HTTP/1.1" 200 37
101.83.145.75 - - [05/Feb/2023:09:17:48 +0800] "POST /xingrg/kc/buy/cgsh_order_operate.html HTTP/1.1" 200 45830
101.83.145.75 - - [05/Feb/2023:09:17:49 +0800] "GET /xingrg/kc/print/load_data.html?order_code=212023020501211&kc_code=cgsh&condition= HTTP/1.1" 200 16956
116.238.139.35 - - [05/Feb/2023:09:17:49 +0800] "GET /xingrg/kc/buy/cgsh_order_operate.html?command=get_materiel&rest_code=00151&code=00101008072&supplier_code=00100008&order_time=2023-02-05 HTTP/1.1" 200 408
114.83.222.182 - - [05/Feb/2023:09:17:50 +0800] "GET /xingrg/login.html HTTP/1.1" 200 7641
114.83.222.182 - - [05/Feb/2023:09:17:50 +0800] "GET /xingrg/images/blue/jxLogo.png HTTP/1.1" 200 6156
222.70.181.49 - - [05/Feb/2023:09:17:51 +0800] "GET /xingrg/kc/buy/cgsh_order_operate.html?command=get_materiel&rest_code=00111&code=00101008403&supplier_code=00100005&order_time=2023-02-05 HTTP/1.1" 200 412
114.83.222.182 - - [05/Feb/2023:09:17:51 +0800] "GET /xingrg/images/blue/hj.png HTTP/1.1" 200 1014
114.83.222.182 - - [05/Feb/2023:09:17:51 +0800] "GET /xingrg/images/blue/login_bg.png HTTP/1.1" 200 22101
114.83.222.182 - - [05/Feb/2023:09:17:51 +0800] "GET /xingrg/images/blue/srbg.png HTTP/1.1" 200 138
114.83.222.182 - - [05/Feb/2023:09:17:52 +0800] "GET /favicon.ico HTTP/1.1" 404 -
120.253.135.82 - - [05/Feb/2023:09:17:54 +0800] "GET /xingrg/all/function/internal_message.html?_=1675559712152&CODE_STATE=getMsg HTTP/1.1" 200 27
114.83.222.182 - - [05/Feb/2023:09:17:54 +0800] "POST /xingrg/login.do HTTP/1.1" 302 -
114.83.222.182 - - [05/Feb/2023:09:17:54 +0800] "GET /xingrg/javascript/jquery_easy_ui/themes/icon.css HTTP/1.1" 200 3949
114.83.222.182 - - [05/Feb/2023:09:17:54 +0800] "GET /xingrg/index.html?sysBaseUrl=http%3A%2F%2F180.169.147.146%3A18081%2Fxingrg%2F&costTime=40×tamp=1675559874823 HTTP/1.1" 200 17179
114.83.222.182 - - [05/Feb/2023:09:17:54 +0800] "GET /xingrg/css/form.css HTTP/1.1" 200 893
114.83.222.182 - - [05/Feb/2023:09:17:54 +0800] "GET /xingrg/javascript/jquery-1.4.2.min.js HTTP/1.1" 200 72205
114.83.222.182 - - [05/Feb/2023:09:17:54 +0800] "GET /xingrg/javascript/jquery_easy_ui/jquery.easyui.min.js HTTP/1.1" 200 213662
114.83.222.182 - - [05/Feb/2023:09:17:54 +0800] "GET /xingrg/javascript/jquery_easy_ui/easyui-lang-zh_CN.js HTTP/1.1" 200 1900
114.83.222.182 - - [05/Feb/2023:09:17:54 +0800] "GET /xingrg/javascript/jquery_easy_ui/themes/default/easyui.css HTTP/1.1" 200 26500
114.83.222.182 - - [05/Feb/2023:09:17:54 +0800] "GET /xingrg/javascript/jquery.timers.js HTTP/1.1" 200 3532
114.83.222.182 - - [05/Feb/2023:09:17:54 +0800] "GET /xingrg/javascript/jquery.utils.js HTTP/1.1" 200 11805
114.83.222.182 - - [05/Feb/2023:09:17:54 +0800] "GET /xingrg/javascript/jquery.form.js HTTP/1.1" 200 23110
114.83.222.182 - - [05/Feb/2023:09:17:54 +0800] "GET /favicon.ico HTTP/1.1" 404 -
114.83.222.182 - - [05/Feb/2023:09:17:55 +0800] "GET /xingrg/javascript/jquery_easy_ui/themes/icons/settle_new.png HTTP/1.1" 200 826
114.83.222.182 - - [05/Feb/2023:09:17:55 +0800] "GET /xingrg/images/blue/navBackgound.jpg HTTP/1.1" 200 12378
114.83.222.182 - - [05/Feb/2023:09:17:55 +0800] "POST /xingrg/all/common/load_tree.html?tree=area_rest_tree_json&manage=1 HTTP/1.1" 200 351
114.83.222.182 - - [05/Feb/2023:09:17:55 +0800] "GET /xingrg/all/function/internal_message.html?_=1675559999837&CODE_STATE=count HTTP/1.1" 200 11
114.83.222.182 - - [05/Feb/2023:09:17:55 +0800] "GET /xingrg/check_reg.html?_=1675559999838 HTTP/1.1" 200 22
114.83.222.182 - - [05/Feb/2023:09:17:55 +0800] "GET /xingrg/images/blue/pingpu.png HTTP/1.1" 200 231
114.83.222.182 - - [05/Feb/2023:09:17:55 +0800] "GET /xingrg/javascript/jquery_easy_ui/themes/default/images/tabs_leftarrow.png HTTP/1.1" 200 389
114.83.222.182 - - [05/Feb/2023:09:17:55 +0800] "GET /xingrg/javascript/jquery_easy_ui/themes/default/images/tabs_rightarrow.png HTTP/1.1" 200 395
114.83.222.182 - - [05/Feb/2023:09:17:55 +0800] "GET /xingrg/javascript/jquery_easy_ui/themes/default/images/panel_tool_collapse.gif HTTP/1.1" 200 246
114.83.222.182 - - [05/Feb/2023:09:17:55 +0800] "POST /xingrg/load_menu.html HTTP/1.1" 200 5138
114.83.222.182 - - [05/Feb/2023:09:17:55 +0800] "GET /xingrg/javascript/jquery_easy_ui/themes/default/images/tree_arrows.gif HTTP/1.1" 200 1043
114.83.222.182 - - [05/Feb/2023:09:17:55 +0800] "GET /xingrg/javascript/jquery_easy_ui/themes/default/images/tree_folder_open.gif HTTP/1.1" 200 956
114.83.222.182 - - [05/Feb/2023:09:17:55 +0800] "GET /xingrg/javascript/jquery_easy_ui/themes/icons/search_new.png HTTP/1.1" 200 586
114.83.222.182 - - [05/Feb/2023:09:17:55 +0800] "GET /xingrg/javascript/jquery_easy_ui/themes/default/images/tree_folder.gif HTTP/1.1" 200 952
114.83.222.182 - - [05/Feb/2023:09:17:55 +0800] "GET /xingrg/javascript/jquery_easy_ui/themes/icons/storage_new.png HTTP/1.1" 200 853
114.83.222.182 - - [05/Feb/2023:09:17:55 +0800] "GET /xingrg/javascript/jquery_easy_ui/themes/icons/forms_new.png HTTP/1.1" 200 350
114.83.222.182 - - [05/Feb/2023:09:17:55 +0800] "GET /xingrg/javascript/jquery_easy_ui/themes/default/images/tree_file.gif HTTP/1.1" 200 118
58.40.7.146 - - [05/Feb/2023:09:17:59 +0800] "GET /xingrg/all/function/internal_message.html?_=1675559900663&CODE_STATE=getMsg HTTP/1.1" 200 27
101.83.145.75 - - [05/Feb/2023:09:17:59 +0800] "GET /xingrg/all/function/internal_message.html?_=1675559905653&CODE_STATE=getMsg HTTP/1.1" 200 27
114.83.222.182 - - [05/Feb/2023:09:18:01 +0800] "GET /xingrg/javascript/jquery_easy_ui/themes/default/images/tabs_close.gif HTTP/1.1" 200 829
114.83.222.182 - - [05/Feb/2023:09:18:01 +0800] "GET /xingrg/css/base.css HTTP/1.1" 200 2811
114.83.222.182 - - [05/Feb/2023:09:18:01 +0800] "GET /xingrg/css/site.css HTTP/1.1" 200 7541
114.83.222.182 - - [05/Feb/2023:09:18:01 +0800] "GET /xingrg/javascript/jquery_tools/datebox.css HTTP/1.1" 200 2597
114.83.222.182 - - [05/Feb/2023:09:18:01 +0800] "GET /xingrg/javascript/easyui/themes/icon.css HTTP/1.1" 200 4483
114.83.222.182 - - [05/Feb/2023:09:18:01 +0800] "GET /xingrg/javascript/auto/jquery.autocomplete.css HTTP/1.1" 200 587
114.83.222.182 - - [05/Feb/2023:09:18:01 +0800] "GET /xingrg/javascript/jquery_tools/fix.css HTTP/1.1" 200 1702
114.83.222.182 - - [05/Feb/2023:09:18:01 +0800] "GET /xingrg/javascript/jquery_tools/table.css HTTP/1.1" 200 1032
114.83.222.182 - - [05/Feb/2023:09:18:01 +0800] "GET /xingrg/javascript/jquery_tools/jquery.tools.min.js HTTP/1.1" 200 138801
114.83.222.182 - - [05/Feb/2023:09:18:01 +0800] "GET /xingrg/javascript/jquery_tools/jquery.tools.hotkey.js HTTP/1.1" 200 3242
114.83.222.182 - - [05/Feb/2023:09:18:01 +0800] "GET /xingrg/javascript/jquery_tools/jquery.tools.table.js HTTP/1.1" 200 6994
114.83.222.182 - - [05/Feb/2023:09:18:01 +0800] "GET /xingrg/javascript/easyui/themes/default/easyui.css HTTP/1.1" 200 30432
114.83.222.182 - - [05/Feb/2023:09:18:01 +0800] "GET /xingrg/javascript/jquery_tools/jquery.tools.extend.js HTTP/1.1" 200 15385
114.83.222.182 - - [05/Feb/2023:09:18:01 +0800] "GET /xingrg/javascript/jquery_tools/list_manager.js HTTP/1.1" 200 3652
114.83.222.182 - - [05/Feb/2023:09:18:01 +0800] "GET /xingrg/javascript/easyui/easyloader.js HTTP/1.1" 200 5975
114.83.222.182 - - [05/Feb/2023:09:18:01 +0800] "GET /xingrg/kc/buy/cgsh_order_list.html HTTP/1.1" 200 53928
114.83.222.182 - - [05/Feb/2023:09:18:01 +0800] "GET /xingrg/javascript/jquery.cookie.js HTTP/1.1" 200 5513
114.83.222.182 - - [05/Feb/2023:09:18:01 +0800] "GET /xingrg/javascript/auto/jquery.autocomplete.js HTTP/1.1" 200 21624
114.83.222.182 - - [05/Feb/2023:09:18:01 +0800] "GET /xingrg/javascript/print/LodopFuncs.js HTTP/1.1" 200 5121
114.83.222.182 - - [05/Feb/2023:09:18:01 +0800] "GET /xingrg/javascript/easyui/themes/icons/edit_add_new.png HTTP/1.1" 200 2997
114.83.222.182 - - [05/Feb/2023:09:18:01 +0800] "GET /xingrg/javascript/easyui/themes/icons/cance_new.png HTTP/1.1" 200 3986
114.83.222.182 - - [05/Feb/2023:09:18:01 +0800] "GET /xingrg/javascript/easyui/themes/icons/check_new.png HTTP/1.1" 200 3224
114.83.222.182 - - [05/Feb/2023:09:18:01 +0800] "GET /xingrg/javascript/easyui/themes/icons/field_new.png HTTP/1.1" 200 1097
114.83.222.182 - - [05/Feb/2023:09:18:01 +0800] "GET /xingrg/javascript/easyui/themes/icons/import_new.png HTTP/1.1" 200 1247
114.83.222.182 - - [05/Feb/2023:09:18:01 +0800] "GET /xingrg/javascript/easyui/plugins/jquery.parser.js HTTP/1.1" 200 1142
114.83.222.182 - - [05/Feb/2023:09:18:01 +0800] "GET /xingrg/images/control/ajaxLoader.gif HTTP/1.1" 200 4659
218.81.216.21 - - [05/Feb/2023:09:18:01 +0800] "POST /xingrg/kc/buy/cgsh_order_operate.html HTTP/1.1" 200 37
116.238.139.35 - - [05/Feb/2023:09:18:01 +0800] "GET /xingrg/kc/buy/cgsh_order_operate.html?command=get_materiel&rest_code=00151&code=00101008087&supplier_code=00100008&order_time=2023-02-05 HTTP/1.1" 200 23
222.70.181.49 - - [05/Feb/2023:09:18:03 +0800] "GET /xingrg/kc/buy/cgsh_order_operate.html?command=get_materiel&rest_code=00111&code=00101008087&supplier_code=00100005&order_time=2023-02-05 HTTP/1.1" 200 412
116.238.139.35 - - [05/Feb/2023:09:18:07 +0800] "POST /xingrg/kc/buy/cgsh_order_operate.html HTTP/1.1" 200 37
218.81.216.21 - - [05/Feb/2023:09:18:07 +0800] "POST /xingrg/kc/buy/cgsh_order_operate.html HTTP/1.1" 200 53507
114.83.222.182 - - [05/Feb/2023:09:18:08 +0800] "POST /xingrg/kc/buy/cgsh_list_operate.html HTTP/1.1" 200 2683
116.238.139.35 - - [05/Feb/2023:09:18:09 +0800] "POST /xingrg/kc/buy/cgsh_order_operate.html HTTP/1.1" 200 3256
114.83.222.182 - - [05/Feb/2023:09:18:11 +0800] "POST /xingrg/kc/buy/cgsh_list_operate.html HTTP/1.1" 200 575
114.83.222.182 - - [05/Feb/2023:09:18:12 +0800] "GET /xingrg/javascript/pic_change.js HTTP/1.1" 200 4739
114.83.222.182 - - [05/Feb/2023:09:18:12 +0800] "GET /xingrg/kc/buy/cgsh_order_info.html?code=212023020300521 HTTP/1.1" 200 68906
114.83.222.182 - - [05/Feb/2023:09:18:12 +0800] "GET /xingrg/javascript/convert.js HTTP/1.1" 200 1239
114.83.222.182 - - [05/Feb/2023:09:18:12 +0800] "GET /xingrg/javascript/jquery_tools/order_manager.js HTTP/1.1" 200 11183
114.83.222.182 - - [05/Feb/2023:09:18:12 +0800] "GET /xingrg/javascript/json2.js HTTP/1.1" 200 11259
114.83.222.182 - - [05/Feb/2023:09:18:12 +0800] "GET /xingrg/javascript/print/kc_print.js HTTP/1.1" 200 11415
114.83.222.182 - - [05/Feb/2023:09:18:12 +0800] "GET /xingrg/words/20230202152545_words.js HTTP/1.1" 200 944619
114.83.222.182 - - [05/Feb/2023:09:18:12 +0800] "GET /xingrg/javascript/easyui/themes/icons/copy_new.png HTTP/1.1" 200 815
114.83.222.182 - - [05/Feb/2023:09:18:12 +0800] "GET /xingrg/javascript/easyui/themes/icons/template_new.png HTTP/1.1" 200 3956
114.83.222.182 - - [05/Feb/2023:09:18:12 +0800] "GET /xingrg/javascript/easyui/themes/icons/ok.png HTTP/1.1" 200 883
114.83.222.182 - - [05/Feb/2023:09:18:12 +0800] "GET /xingrg/javascript/easyui/themes/icons/print.png HTTP/1.1" 200 1057
114.83.222.182 - - [05/Feb/2023:09:18:12 +0800] "GET /xingrg/javascript/easyui/themes/default/images/menu_downarrow.png HTTP/1.1" 200 173
114.83.222.182 - - [05/Feb/2023:09:18:12 +0800] "GET /xingrg/javascript/easyui/themes/icons/cancel.png HTTP/1.1" 200 1133
114.83.222.182 - - [05/Feb/2023:09:18:13 +0800] "GET /xingrg/all/common/auto_word.html?type=employee&rest_code=00154 HTTP/1.1" 200 101
114.83.222.182 - - [05/Feb/2023:09:18:13 +0800] "GET /xingrg/javascript/easyui/themes/default/validatebox.css HTTP/1.1" 404 1104
114.83.222.182 - - [05/Feb/2023:09:18:13 +0800] "GET /xingrg/all/common/auto_word.html?type=employee&rest_code=00154 HTTP/1.1" 200 101
114.83.222.182 - - [05/Feb/2023:09:18:13 +0800] "GET /xingrg/javascript/easyui/plugins/jquery.validatebox.js HTTP/1.1" 200 6103
114.83.222.182 - - [05/Feb/2023:09:18:13 +0800] "GET /xingrg/javascript/easyui/plugins/jquery.numberbox.js HTTP/1.1" 200 5213
222.70.181.49 - - [05/Feb/2023:09:18:13 +0800] "GET /xingrg/kc/buy/cgsh_order_operate.html?command=get_materiel&rest_code=00111&code=00101008357&supplier_code=00100005&order_time=2023-02-05 HTTP/1.1" 200 408
114.83.222.182 - - [05/Feb/2023:09:18:14 +0800] "POST /xingrg/kc/buy/cgsh_order_operate.html HTTP/1.1" 200 9260
114.83.222.182 - - [05/Feb/2023:09:18:14 +0800] "GET /xingrg/javascript/easyui/themes/icons/edit_remove.png HTTP/1.1" 200 625
116.238.139.35 - - [05/Feb/2023:09:18:14 +0800] "GET /xingrg/login.html HTTP/1.1" 200 7641
116.238.139.35 - - [05/Feb/2023:09:18:14 +0800] "GET /favicon.ico HTTP/1.1" 404 -
116.238.139.35 - - [05/Feb/2023:09:18:20 +0800] "POST /xingrg/login.do HTTP/1.1" 302 -
116.238.139.35 - - [05/Feb/2023:09:18:20 +0800] "GET /xingrg/index.html?sysBaseUrl=http%3A%2F%2F180.169.147.146%3A18081%2Fxingrg%2F&costTime=41×tamp=1675559900437 HTTP/1.1" 200 17177
116.238.139.35 - - [05/Feb/2023:09:18:20 +0800] "POST /xingrg/all/common/load_tree.html?tree=area_rest_tree_json&manage=1 HTTP/1.1" 200 476
116.238.139.35 - - [05/Feb/2023:09:18:20 +0800] "GET /xingrg/all/function/internal_message.html?_=1675559923128&CODE_STATE=count HTTP/1.1" 200 11
116.238.139.35 - - [05/Feb/2023:09:18:20 +0800] "GET /xingrg/check_reg.html?_=1675559923129 HTTP/1.1" 200 22
116.238.139.35 - - [05/Feb/2023:09:18:20 +0800] "GET /favicon.ico HTTP/1.1" 404 -
116.238.139.35 - - [05/Feb/2023:09:18:20 +0800] "POST /xingrg/load_menu.html HTTP/1.1" 200 5138
222.70.181.49 - - [05/Feb/2023:09:18:22 +0800] "GET /xingrg/kc/buy/cgsh_order_operate.html?command=get_materiel&rest_code=00111&code=00101008096&supplier_code=00100005&order_time=2023-02-05 HTTP/1.1" 200 412
116.238.139.35 - - [05/Feb/2023:09:18:24 +0800] "GET /xingrg/kc/buy/cgsh_order_list.html HTTP/1.1" 200 53926
116.238.139.35 - - [05/Feb/2023:09:18:26 +0800] "POST /xingrg/kc/buy/cgsh_list_operate.html HTTP/1.1" 200 1862
116.238.139.35 - - [05/Feb/2023:09:18:28 +0800] "POST /xingrg/kc/buy/cgsh_list_operate.html HTTP/1.1" 200 269
222.70.181.49 - - [05/Feb/2023:09:18:30 +0800] "GET /xingrg/kc/buy/cgsh_order_operate.html?command=get_materiel&rest_code=00111&code=00101008091&supplier_code=00100005&order_time=2023-02-05 HTTP/1.1" 200 413
116.238.139.35 - - [05/Feb/2023:09:18:30 +0800] "GET /xingrg/kc/buy/cgsh_order_info.html?code=212023020501219 HTTP/1.1" 200 69310
116.238.139.35 - - [05/Feb/2023:09:18:31 +0800] "GET /xingrg/all/common/auto_word.html?type=employee&rest_code=00151 HTTP/1.1" 200 293
116.238.139.35 - - [05/Feb/2023:09:18:31 +0800] "GET /xingrg/javascript/easyui/themes/default/validatebox.css HTTP/1.1" 404 1104
116.238.139.35 - - [05/Feb/2023:09:18:31 +0800] "GET /xingrg/all/common/auto_word.html?type=employee&rest_code=00151 HTTP/1.1" 200 293
116.238.139.35 - - [05/Feb/2023:09:18:31 +0800] "GET /xingrg/all/function/internal_message.html?_=1675559861123&CODE_STATE=getMsg HTTP/1.1" 200 27
116.238.139.35 - - [05/Feb/2023:09:18:31 +0800] "POST /xingrg/kc/buy/cgsh_order_operate.html HTTP/1.1" 200 3256
218.81.216.21 - - [05/Feb/2023:09:18:33 +0800] "POST /xingrg/kc/buy/cgsh_order_operate.html HTTP/1.1" 200 37
116.238.139.35 - - [05/Feb/2023:09:18:33 +0800] "GET /xingrg/javascript/auto/indicator.gif HTTP/1.1" 404 1066
218.81.216.21 - - [05/Feb/2023:09:18:34 +0800] "GET /xingrg/check_reg.html?_=1675559937604 HTTP/1.1" 200 22
218.81.216.21 - - [05/Feb/2023:09:18:35 +0800] "POST /xingrg/kc/buy/cgsh_order_operate.html HTTP/1.1" 200 53507
218.81.216.21 - - [05/Feb/2023:09:18:35 +0800] "GET /xingrg/all/function/internal_message.html?_=1675559938476&CODE_STATE=getMsg HTTP/1.1" 200 27
218.81.216.21 - - [05/Feb/2023:09:18:36 +0800] "GET /xingrg/kc/print/load_config.html?kc_code=cgsh HTTP/1.1" 200 1943
218.81.216.21 - - [05/Feb/2023:09:18:36 +0800] "GET /xingrg/kc/print/load_data.html?order_code=212023020501212&kc_code=cgsh&condition= HTTP/1.1" 200 19918
116.238.139.35 - - [05/Feb/2023:09:18:37 +0800] "GET /xingrg/kc/buy/cgsh_order_operate.html?command=get_materiel&rest_code=00151&code=00101008087&supplier_code=00100008&order_time=2023-02-05 HTTP/1.1" 200 412
222.70.181.49 - - [05/Feb/2023:09:18:40 +0800] "GET /xingrg/kc/buy/cgsh_order_operate.html?command=get_materiel&rest_code=00111&code=00101008257&supplier_code=00100005&order_time=2023-02-05 HTTP/1.1" 200 416
222.70.181.49 - - [05/Feb/2023:09:18:44 +0800] "GET /xingrg/all/function/internal_message.html?_=1675559946754&CODE_STATE=getMsg HTTP/1.1" 200 27
222.70.181.49 - - [05/Feb/2023:09:18:45 +0800] "GET /favicon.ico HTTP/1.1" 404 -
116.238.139.35 - - [05/Feb/2023:09:18:47 +0800] "GET /xingrg/kc/buy/cgsh_order_operate.html?command=get_materiel&rest_code=00151&code=00101008361&supplier_code=00100008&order_time=2023-02-05 HTTP/1.1" 200 408
222.70.181.49 - - [05/Feb/2023:09:18:48 +0800] "GET /xingrg/kc/buy/cgsh_order_operate.html?command=get_materiel&rest_code=00111&code=00101008155&supplier_code=00100005&order_time=2023-02-05 HTTP/1.1" 200 408
222.70.181.49 - - [05/Feb/2023:09:18:54 +0800] "POST /xingrg/services/DataTransmitService HTTP/1.1" 200 524
120.253.135.82 - - [05/Feb/2023:09:18:54 +0800] "GET /xingrg/all/function/internal_message.html?_=1675559772184&CODE_STATE=getMsg HTTP/1.1" 200 27
114.83.222.182 - - [05/Feb/2023:09:18:55 +0800] "GET /xingrg/all/function/internal_message.html?_=1675560059854&CODE_STATE=getMsg HTTP/1.1" 200 27
116.238.139.35 - - [05/Feb/2023:09:18:55 +0800] "GET /xingrg/kc/buy/cgsh_order_operate.html?command=get_materiel&rest_code=00151&code=00101008355&supplier_code=00100008&order_time=2023-02-05 HTTP/1.1" 200 408
222.70.181.49 - - [05/Feb/2023:09:18:55 +0800] "POST /xingrg/services/DataTransmitService HTTP/1.1" 200 412
114.83.222.182 - - [05/Feb/2023:09:18:56 +0800] "GET /xingrg/javascript/auto/indicator.gif HTTP/1.1" 404 1066
58.40.7.146 - - [05/Feb/2023:09:18:59 +0800] "GET /xingrg/all/function/internal_message.html?_=1675559960666&CODE_STATE=getMsg HTTP/1.1" 200 27
101.83.145.75 - - [05/Feb/2023:09:18:59 +0800] "GET /xingrg/all/function/internal_message.html?_=1675559965653&CODE_STATE=getMsg HTTP/1.1" 200 27
222.70.181.49 - - [05/Feb/2023:09:19:01 +0800] "GET /xingrg/kc/buy/cgsh_order_operate.html?command=get_materiel&rest_code=00111&code=00101008351&supplier_code=00100005&order_time=2023-02-05 HTTP/1.1" 200 408
116.238.139.35 - - [05/Feb/2023:09:19:02 +0800] "GET /xingrg/kc/buy/cgsh_order_operate.html?command=get_materiel&rest_code=00151&code=00101008137&supplier_code=00100008&order_time=2023-02-05 HTTP/1.1" 200 408
116.238.139.35 - - [05/Feb/2023:09:19:10 +0800] "GET /xingrg/kc/buy/cgsh_order_operate.html?command=get_materiel&rest_code=00151&code=00101008362&supplier_code=00100008&order_time=2023-02-05 HTTP/1.1" 200 408
116.238.139.35 - - [05/Feb/2023:09:19:12 +0800] "POST /xingrg/kc/buy/cgsh_order_operate.html HTTP/1.1" 200 2065
114.83.222.182 - - [05/Feb/2023:09:19:14 +0800] "GET /xingrg/kc/buy/cgsh_order_operate.html?command=get_materiel&rest_code=00154&code=00101010276&supplier_code=00100466&order_time=2023-02-03 HTTP/1.1" 200 419
116.238.139.35 - - [05/Feb/2023:09:19:19 +0800] "GET /xingrg/kc/buy/cgsh_order_operate.html?command=get_materiel&rest_code=00151&code=00101008077&supplier_code=00100008&order_time=2023-02-05 HTTP/1.1" 200 416
222.70.181.49 - - [05/Feb/2023:09:19:19 +0800] "GET /xingrg/kc/buy/cgsh_order_operate.html?command=get_materiel&rest_code=00111&code=00101008163&supplier_code=00100005&order_time=2023-02-05 HTTP/1.1" 200 409
116.238.139.35 - - [05/Feb/2023:09:19:20 +0800] "GET /xingrg/all/function/internal_message.html?_=1675559983209&CODE_STATE=getMsg HTTP/1.1" 200 27
116.238.139.35 - - [05/Feb/2023:09:19:26 +0800] "GET /xingrg/kc/buy/cgsh_order_operate.html?command=get_materiel&rest_code=00151&code=00101008286&supplier_code=00100008&order_time=2023-02-05 HTTP/1.1" 200 408
222.70.181.49 - - [05/Feb/2023:09:19:26 +0800] "GET /xingrg/kc/buy/cgsh_order_operate.html?command=get_materiel&rest_code=00111&code=00101013168&supplier_code=00100005&order_time=2023-02-05 HTTP/1.1" 200 413
120.253.135.82 - - [05/Feb/2023:09:19:28 +0800] "GET /xingrg/check_reg.html?_=1675559806335 HTTP/1.1" 200 22
116.238.139.35 - - [05/Feb/2023:09:19:31 +0800] "GET /xingrg/all/function/internal_message.html?_=1675559921126&CODE_STATE=getMsg HTTP/1.1" 200 27
116.238.139.35 - - [05/Feb/2023:09:19:33 +0800] "GET /xingrg/kc/buy/cgsh_order_operate.html?command=get_materiel&rest_code=00151&code=00101008036&supplier_code=00100008&order_time=2023-02-05 HTTP/1.1" 200 408
218.81.216.21 - - [05/Feb/2023:09:19:35 +0800] "GET /xingrg/all/function/internal_message.html?_=1675559998710&CODE_STATE=getMsg HTTP/1.1" 200 27
120.253.135.82 - - [05/Feb/2023:09:19:38 +0800] "GET /xingrg/login.html HTTP/1.1" 200 7641
222.70.181.49 - - [05/Feb/2023:09:19:38 +0800] "GET /xingrg/kc/buy/cgsh_order_operate.html?command=get_materiel&rest_code=00111&code=00101008085&supplier_code=00100005&order_time=2023-02-05 HTTP/1.1" 200 412
120.253.135.82 - - [05/Feb/2023:09:19:41 +0800] "GET /favicon.ico HTTP/1.1" 404 -
120.253.135.82 - - [05/Feb/2023:09:19:42 +0800] "POST /xingrg/login.do HTTP/1.1" 302 -
120.253.135.82 - - [05/Feb/2023:09:19:42 +0800] "GET /xingrg/index.html?sysBaseUrl=http%3A%2F%2F180.169.147.146%3A18081%2Fxingrg%2F&costTime=44×tamp=1675559982797 HTTP/1.1" 200 17173
120.253.135.82 - - [05/Feb/2023:09:19:43 +0800] "GET /favicon.ico HTTP/1.1" 404 -
120.253.135.82 - - [05/Feb/2023:09:19:43 +0800] "POST /xingrg/all/common/load_tree.html?tree=area_rest_tree_json&manage=1 HTTP/1.1" 200 344
120.253.135.82 - - [05/Feb/2023:09:19:43 +0800] "GET /xingrg/all/function/internal_message.html?_=1675560129731&CODE_STATE=count HTTP/1.1" 200 11
120.253.135.82 - - [05/Feb/2023:09:19:43 +0800] "GET /xingrg/check_reg.html?_=1675560129733 HTTP/1.1" 200 22
120.253.135.82 - - [05/Feb/2023:09:19:43 +0800] "POST /xingrg/load_menu.html HTTP/1.1" 200 6743
222.70.181.49 - - [05/Feb/2023:09:19:44 +0800] "GET /xingrg/all/function/internal_message.html?_=1675560006746&CODE_STATE=getMsg HTTP/1.1" 200 27
120.253.135.82 - - [05/Feb/2023:09:19:48 +0800] "GET /xingrg/kc/pszx/mdqp_order_list.html?state=10 HTTP/1.1" 200 10275
120.253.135.82 - - [05/Feb/2023:09:19:48 +0800] "GET /xingrg/dwr/interface/AjaxQqpsService.js HTTP/1.1" 200 16326
120.253.135.82 - - [05/Feb/2023:09:19:48 +0800] "GET /xingrg/dwr/interface/AjaxReportQueryService.js HTTP/1.1" 200 13203
120.253.135.82 - - [05/Feb/2023:09:19:48 +0800] "GET /xingrg/dwr/engine.js HTTP/1.1" 200 43631
120.253.135.82 - - [05/Feb/2023:09:19:50 +0800] "GET /xingrg/kc/pszx/mdps_order_list.html?orderType=0 HTTP/1.1" 200 21073
120.253.135.82 - - [05/Feb/2023:09:19:51 +0800] "POST /xingrg/kc/pszx/mdps_list_operate.html HTTP/1.1" 200 5151
120.253.135.82 - - [05/Feb/2023:09:19:53 +0800] "GET /xingrg/kc/pszx/mdps_order_add.html HTTP/1.1" 200 29142
120.253.135.82 - - [05/Feb/2023:09:19:53 +0800] "POST /xingrg/kc/pszx/mdps_order_operate.html HTTP/1.1" 200 7126
120.253.135.82 - - [05/Feb/2023:09:19:53 +0800] "GET /xingrg/javascript/easyui/themes/default/validatebox.css HTTP/1.1" 404 1104
120.253.135.82 - - [05/Feb/2023:09:19:53 +0800] "GET /xingrg/all/common/auto_word.html?type=base&rest_code=00101 HTTP/1.1" 200 671
120.253.135.82 - - [05/Feb/2023:09:19:54 +0800] "GET /xingrg/all/function/internal_message.html?_=1675559832195&CODE_STATE=getMsg HTTP/1.1" 200 27
120.253.135.82 - - [05/Feb/2023:09:19:55 +0800] "POST /xingrg/all/common/load_combo.html?type=base HTTP/1.1" 200 1169
114.83.222.182 - - [05/Feb/2023:09:19:55 +0800] "GET /xingrg/all/function/internal_message.html?_=1675560119853&CODE_STATE=getMsg HTTP/1.1" 200 27
116.238.139.35 - - [05/Feb/2023:09:19:56 +0800] "GET /xingrg/kc/buy/cgsh_order_operate.html?command=get_materiel&rest_code=00151&code=00101008318&supplier_code=00100008&order_time=2023-02-05 HTTP/1.1" 200 408
58.40.7.146 - - [05/Feb/2023:09:19:59 +0800] "GET /xingrg/all/function/internal_message.html?_=1675560020668&CODE_STATE=getMsg HTTP/1.1" 200 27
101.83.145.75 - - [05/Feb/2023:09:19:59 +0800] "GET /xingrg/all/function/internal_message.html?_=1675560025646&CODE_STATE=getMsg HTTP/1.1" 200 27
120.253.135.82 - - [05/Feb/2023:09:20:00 +0800] "GET /xingrg/javascript/auto/indicator.gif HTTP/1.1" 404 1066
116.238.139.35 - - [05/Feb/2023:09:20:02 +0800] "GET /xingrg/kc/buy/cgsh_order_operate.html?command=get_materiel&rest_code=00151&code=00101008353&supplier_code=00100008&order_time=2023-02-05 HTTP/1.1" 200 408
222.70.181.49 - - [05/Feb/2023:09:20:03 +0800] "GET /xingrg/kc/buy/cgsh_order_operate.html?command=get_materiel&rest_code=00111&code=00101008125&supplier_code=00100005&order_time=2023-02-05 HTTP/1.1" 200 413
114.83.222.182 - - [05/Feb/2023:09:20:06 +0800] "GET /xingrg/kc/buy/cgsh_order_operate.html?command=get_materiel&rest_code=00154&code=00101041007&supplier_code=00100466&order_time=2023-02-03 HTTP/1.1" 200 436
116.238.139.35 - - [05/Feb/2023:09:20:10 +0800] "POST /xingrg/kc/buy/cgsh_order_operate.html HTTP/1.1" 200 2065
222.70.181.49 - - [05/Feb/2023:09:20:12 +0800] "GET /xingrg/kc/buy/cgsh_order_operate.html?command=get_materiel&rest_code=00111&code=00101008349&supplier_code=00100005&order_time=2023-02-05 HTTP/1.1" 200 412
116.238.139.35 - - [05/Feb/2023:09:20:17 +0800] "GET /xingrg/kc/buy/cgsh_order_operate.html?command=get_materiel&rest_code=00151&code=00101008371&supplier_code=00100008&order_time=2023-02-05 HTTP/1.1" 200 412
116.238.139.35 - - [05/Feb/2023:09:20:20 +0800] "GET /xingrg/all/function/internal_message.html?_=1675560043218&CODE_STATE=getMsg HTTP/1.1" 200 27
116.238.139.35 - - [05/Feb/2023:09:20:25 +0800] "GET /xingrg/kc/buy/cgsh_order_operate.html?command=get_materiel&rest_code=00151&code=00101008100&supplier_code=00100008&order_time=2023-02-05 HTTP/1.1" 200 408
222.70.181.49 - - [05/Feb/2023:09:20:29 +0800] "GET /xingrg/kc/buy/cgsh_order_operate.html?command=get_materiel&rest_code=00111&code=00101008361&supplier_code=00100005&order_time=2023-02-05 HTTP/1.1" 200 408
116.238.139.35 - - [05/Feb/2023:09:20:31 +0800] "GET /xingrg/all/function/internal_message.html?_=1675559981151&CODE_STATE=getMsg HTTP/1.1" 200 27
116.238.139.35 - - [05/Feb/2023:09:20:32 +0800] "GET /xingrg/kc/buy/cgsh_order_operate.html?command=get_materiel&rest_code=00151&code=00101008440&supplier_code=00100008&order_time=2023-02-05 HTTP/1.1" 200 412
114.83.222.182 - - [05/Feb/2023:09:20:35 +0800] "GET /xingrg/kc/buy/cgsh_order_operate.html?command=get_materiel&rest_code=00154&code=00101009122&supplier_code=00100466&order_time=2023-02-03 HTTP/1.1" 200 405
101.83.145.75 - - [05/Feb/2023:09:20:35 +0800] "GET /xingrg/kc/buy/cgsh_order_add.html HTTP/1.1" 200 69786
218.81.216.21 - - [05/Feb/2023:09:20:35 +0800] "GET /xingrg/all/function/internal_message.html?_=1675560058722&CODE_STATE=getMsg HTTP/1.1" 200 27
101.83.145.75 - - [05/Feb/2023:09:20:35 +0800] "POST /xingrg/kc/buy/cgsh_order_operate.html HTTP/1.1" 200 8245
101.83.145.75 - - [05/Feb/2023:09:20:35 +0800] "GET /xingrg/javascript/easyui/themes/default/validatebox.css HTTP/1.1" 404 1104
222.70.181.49 - - [05/Feb/2023:09:20:36 +0800] "GET /xingrg/kc/buy/cgsh_order_operate.html?command=get_materiel&rest_code=00111&code=00101008148&supplier_code=00100005&order_time=2023-02-05 HTTP/1.1" 200 416
120.253.135.82 - - [05/Feb/2023:09:20:43 +0800] "GET /xingrg/all/function/internal_message.html?_=1675560189747&CODE_STATE=getMsg HTTP/1.1" 200 27
222.70.181.49 - - [05/Feb/2023:09:20:44 +0800] "GET /xingrg/all/function/internal_message.html?_=1675560066767&CODE_STATE=getMsg HTTP/1.1" 200 27
116.238.139.35 - - [05/Feb/2023:09:20:44 +0800] "GET /xingrg/kc/buy/cgsh_order_operate.html?command=get_materiel&rest_code=00151&code=00101008111&supplier_code=00100008&order_time=2023-02-05 HTTP/1.1" 200 412
222.70.181.49 - - [05/Feb/2023:09:20:46 +0800] "GET /xingrg/kc/buy/cgsh_order_operate.html?command=get_materiel&rest_code=00111&code=00101008355&supplier_code=00100005&order_time=2023-02-05 HTTP/1.1" 200 408
116.238.139.35 - - [05/Feb/2023:09:20:52 +0800] "POST /xingrg/kc/buy/cgsh_order_operate.html HTTP/1.1" 200 37
120.253.135.82 - - [05/Feb/2023:09:20:54 +0800] "GET /xingrg/all/function/internal_message.html?_=1675559892210&CODE_STATE=getMsg HTTP/1.1" 200 27
114.83.222.182 - - [05/Feb/2023:09:20:55 +0800] "GET /xingrg/all/function/internal_message.html?_=1675560179849&CODE_STATE=getMsg HTTP/1.1" 200 27
116.238.139.35 - - [05/Feb/2023:09:20:55 +0800] "POST /xingrg/kc/buy/cgsh_order_operate.html HTTP/1.1" 200 11641
114.83.222.182 - - [05/Feb/2023:09:20:57 +0800] "GET /xingrg/kc/buy/cgsh_order_operate.html?command=get_materiel&rest_code=00154&code=00101007125&supplier_code=00100466&order_time=2023-02-03 HTTP/1.1" 200 406
58.40.7.146 - - [05/Feb/2023:09:20:59 +0800] "GET /xingrg/all/function/internal_message.html?_=1675560080671&CODE_STATE=getMsg HTTP/1.1" 200 27
101.83.145.75 - - [05/Feb/2023:09:20:59 +0800] "GET /xingrg/all/function/internal_message.html?_=1675560085673&CODE_STATE=getMsg HTTP/1.1" 200 27
222.70.181.49 - - [05/Feb/2023:09:21:02 +0800] "GET /xingrg/kc/buy/cgsh_order_operate.html?command=get_materiel&rest_code=00111&code=00101008264&supplier_code=00100005&order_time=2023-02-05 HTTP/1.1" 200 412
222.70.181.49 - - [05/Feb/2023:09:21:08 +0800] "POST /xingrg/kc/buy/cgsh_order_operate.html HTTP/1.1" 200 2065
222.70.181.49 - - [05/Feb/2023:09:21:15 +0800] "GET /xingrg/kc/buy/cgsh_order_operate.html?command=get_materiel&rest_code=00111&code=00101008356&supplier_code=00100005&order_time=2023-02-05 HTTP/1.1" 200 408
116.238.139.35 - - [05/Feb/2023:09:21:20 +0800] "GET /xingrg/all/function/internal_message.html?_=1675560103194&CODE_STATE=getMsg HTTP/1.1" 200 27
116.238.139.35 - - [05/Feb/2023:09:21:21 +0800] "GET /xingrg/check_reg.html?_=1675560031501 HTTP/1.1" 200 22
114.83.222.182 - - [05/Feb/2023:09:21:25 +0800] "GET /xingrg/kc/buy/cgsh_order_operate.html?command=get_materiel&rest_code=00154&code=00101007062&supplier_code=00100466&order_time=2023-02-03 HTTP/1.1" 200 413
222.70.181.49 - - [05/Feb/2023:09:21:27 +0800] "GET /xingrg/kc/buy/cgsh_order_operate.html?command=get_materiel&rest_code=00111&code=00101008141&supplier_code=00100005&order_time=2023-02-05 HTTP/1.1" 200 412
116.238.139.35 - - [05/Feb/2023:09:21:31 +0800] "GET /xingrg/all/function/internal_message.html?_=1675560041168&CODE_STATE=getMsg HTTP/1.1" 200 27
114.83.222.182 - - [05/Feb/2023:09:21:34 +0800] "POST /xingrg/kc/buy/cgsh_order_operate.html HTTP/1.1" 200 2065
218.81.216.21 - - [05/Feb/2023:09:21:35 +0800] "GET /xingrg/all/function/internal_message.html?_=1675560118967&CODE_STATE=getMsg HTTP/1.1" 200 27
222.70.181.49 - - [05/Feb/2023:09:21:37 +0800] "GET /xingrg/kc/buy/cgsh_order_operate.html?command=get_materiel&rest_code=00111&code=00101008360&supplier_code=00100005&order_time=2023-02-05 HTTP/1.1" 200 413
120.253.135.82 - - [05/Feb/2023:09:21:43 +0800] "GET /xingrg/all/function/internal_message.html?_=1675560249741&CODE_STATE=getMsg HTTP/1.1" 200 27
114.83.222.182 - - [05/Feb/2023:09:21:44 +0800] "GET /xingrg/kc/buy/cgsh_order_operate.html?command=get_materiel&rest_code=00154&code=00102002453&supplier_code=00100466&order_time=2023-02-03 HTTP/1.1" 200 435
222.70.181.49 - - [05/Feb/2023:09:21:44 +0800] "GET /xingrg/check_reg.html?_=1675560126747 HTTP/1.1" 200 22
222.70.181.49 - - [05/Feb/2023:09:21:44 +0800] "GET /xingrg/all/function/internal_message.html?_=1675560126749&CODE_STATE=getMsg HTTP/1.1" 200 27
222.70.181.49 - - [05/Feb/2023:09:21:45 +0800] "GET /xingrg/kc/buy/cgsh_order_operate.html?command=get_materiel&rest_code=00111&code=00101008077&supplier_code=00100005&order_time=2023-02-05 HTTP/1.1" 200 416
116.238.139.35 - - [05/Feb/2023:09:21:48 +0800] "POST /xingrg/kc/buy/cgsh_order_operate.html HTTP/1.1" 200 37
116.238.139.35 - - [05/Feb/2023:09:21:51 +0800] "POST /xingrg/kc/buy/cgsh_order_operate.html HTTP/1.1" 200 12
116.238.139.35 - - [05/Feb/2023:09:21:52 +0800] "GET /xingrg/kc/buy/cgsh_order_info.html?code=212023020501219 HTTP/1.1" 200 64204
116.238.139.35 - - [05/Feb/2023:09:21:53 +0800] "GET /xingrg/javascript/easyui/themes/default/validatebox.css HTTP/1.1" 404 1104
116.238.139.35 - - [05/Feb/2023:09:21:53 +0800] "POST /xingrg/kc/buy/cgsh_order_operate.html HTTP/1.1" 200 9587
120.253.135.82 - - [05/Feb/2023:09:21:54 +0800] "GET /xingrg/all/function/internal_message.html?_=1675559952253&CODE_STATE=getMsg HTTP/1.1" 200 27
116.238.139.35 - - [05/Feb/2023:09:21:54 +0800] "GET /xingrg/kc/print/load_config.html?kc_code=cgsh HTTP/1.1" 200 1943
116.238.139.35 - - [05/Feb/2023:09:21:55 +0800] "GET /xingrg/kc/print/load_data.html?order_code=212023020501219&kc_code=cgsh&condition= HTTP/1.1" 200 4177
114.83.222.182 - - [05/Feb/2023:09:21:55 +0800] "GET /xingrg/all/function/internal_message.html?_=1675560239854&CODE_STATE=getMsg HTTP/1.1" 200 27
222.70.181.49 - - [05/Feb/2023:09:21:55 +0800] "GET /xingrg/kc/buy/cgsh_order_operate.html?command=get_materiel&rest_code=00111&code=00101008286&supplier_code=00100005&order_time=2023-02-05 HTTP/1.1" 200 408
222.70.181.49 - - [05/Feb/2023:09:21:58 +0800] "POST /xingrg/kc/buy/cgsh_order_operate.html HTTP/1.1" 200 2065
58.40.7.146 - - [05/Feb/2023:09:21:59 +0800] "GET /xingrg/check_reg.html?_=1675560140676 HTTP/1.1" 200 22
58.40.7.146 - - [05/Feb/2023:09:21:59 +0800] "GET /xingrg/all/function/internal_message.html?_=1675560140678&CODE_STATE=getMsg HTTP/1.1" 200 27
101.83.145.75 - - [05/Feb/2023:09:21:59 +0800] "GET /xingrg/all/function/internal_message.html?_=1675560145666&CODE_STATE=getMsg HTTP/1.1" 200 27
101.83.145.75 - - [05/Feb/2023:09:21:59 +0800] "GET /xingrg/check_reg.html?_=1675560145668 HTTP/1.1" 200 22
116.238.139.35 - - [05/Feb/2023:09:22:02 +0800] "POST /xingrg/all/user/operate.html HTTP/1.1" 200 36
116.238.139.35 - - [05/Feb/2023:09:22:02 +0800] "GET /xingrg/index.html?sysBaseUrl=http%3A%2F%2F180.169.147.146%3A18081%2Fxingrg%2F&costTime=41×tamp=1675559900437 HTTP/1.1" 200 17179
116.238.139.35 - - [05/Feb/2023:09:22:02 +0800] "GET /xingrg/javascript/jquery_easy_ui/themes/default/easyui.css HTTP/1.1" 304 -
116.238.139.35 - - [05/Feb/2023:09:22:02 +0800] "GET /xingrg/javascript/jquery_easy_ui/themes/icon.css HTTP/1.1" 304 -
116.238.139.35 - - [05/Feb/2023:09:22:02 +0800] "GET /xingrg/css/form.css HTTP/1.1" 304 -
116.238.139.35 - - [05/Feb/2023:09:22:02 +0800] "GET /xingrg/javascript/jquery-1.4.2.min.js HTTP/1.1" 304 -
116.238.139.35 - - [05/Feb/2023:09:22:02 +0800] "GET /xingrg/javascript/jquery_easy_ui/jquery.easyui.min.js HTTP/1.1" 304 -
116.238.139.35 - - [05/Feb/2023:09:22:02 +0800] "GET /xingrg/javascript/jquery_easy_ui/easyui-lang-zh_CN.js HTTP/1.1" 304 -
116.238.139.35 - - [05/Feb/2023:09:22:02 +0800] "GET /xingrg/javascript/jquery.form.js HTTP/1.1" 304 -
116.238.139.35 - - [05/Feb/2023:09:22:02 +0800] "GET /xingrg/javascript/jquery.utils.js HTTP/1.1" 304 -
116.238.139.35 - - [05/Feb/2023:09:22:02 +0800] "GET /xingrg/javascript/jquery.timers.js HTTP/1.1" 304 -
116.238.139.35 - - [05/Feb/2023:09:22:02 +0800] "GET /xingrg/images/blue/jxLogo.png HTTP/1.1" 304 -
116.238.139.35 - - [05/Feb/2023:09:22:02 +0800] "GET /xingrg/javascript/jquery_easy_ui/themes/icons/settle_new.png HTTP/1.1" 304 -
116.238.139.35 - - [05/Feb/2023:09:22:02 +0800] "GET /xingrg/images/blue/navBackgound.jpg HTTP/1.1" 304 -
116.238.139.35 - - [05/Feb/2023:09:22:02 +0800] "POST /xingrg/all/common/load_tree.html?tree=area_rest_tree_json&manage=1 HTTP/1.1" 200 476
116.238.139.35 - - [05/Feb/2023:09:22:02 +0800] "GET /xingrg/all/function/internal_message.html?_=1675560144886&CODE_STATE=count HTTP/1.1" 200 11
116.238.139.35 - - [05/Feb/2023:09:22:02 +0800] "GET /xingrg/check_reg.html?_=1675560144886 HTTP/1.1" 200 22
