222.70.181.49 - - [05/Feb/2023:10:35:44 +0800] "GET /xingrg/all/function/internal_message.html?_=1675564566854&CODE_STATE=getMsg HTTP/1.1" 200 27
124.79.72.155 - - [05/Feb/2023:10:35:53 +0800] "GET /xingrg/kc/buy/cgsh_order_operate.html?command=get_materiel&rest_code=00156&code=00101009005&supplier_code=00100007&order_time=2023-02-05 HTTP/1.1" 200 416
114.88.159.190 - - [05/Feb/2023:10:35:54 +0800] "GET /xingrg/all/function/internal_message.html?_=1675564145742&CODE_STATE=getMsg HTTP/1.1" 200 27
120.253.135.82 - - [05/Feb/2023:10:35:57 +0800] "GET /xingrg/all/function/internal_message.html?_=1675564394508&CODE_STATE=getMsg HTTP/1.1" 200 27
101.83.241.55 - - [05/Feb/2023:10:35:58 +0800] "GET /xingrg/kc/buy/cgsh_order_operate.html?command=get_materiel&rest_code=00149&code=00101008233&supplier_code=00100008&order_time=2023-02-05 HTTP/1.1" 200 408
58.40.7.146 - - [05/Feb/2023:10:35:59 +0800] "GET /xingrg/all/function/internal_message.html?_=1675564580706&CODE_STATE=getMsg HTTP/1.1" 200 27
101.83.145.75 - - [05/Feb/2023:10:35:59 +0800] "GET /xingrg/all/function/internal_message.html?_=1675564585754&CODE_STATE=getMsg HTTP/1.1" 200 27
218.81.216.21 - - [05/Feb/2023:10:36:03 +0800] "GET /xingrg/kc/buy/cgsh_order_operate.html?command=get_materiel&rest_code=00146&code=00101002027&supplier_code=00100041&order_time=2023-02-05 HTTP/1.1" 200 413
114.88.159.190 - - [05/Feb/2023:10:36:05 +0800] "GET /xingrg/kc/buy/cgsh_order_operate.html?command=get_materiel&rest_code=00141&code=00101008150&supplier_code=00100007&order_time=2023-02-05 HTTP/1.1" 200 409
58.221.95.50 - - [05/Feb/2023:10:36:06 +0800] "GET /xingrg/all/function/internal_message.html?_=1675564588582&CODE_STATE=getMsg HTTP/1.1" 200 27
124.79.72.155 - - [05/Feb/2023:10:36:08 +0800] "GET /xingrg/kc/buy/cgsh_order_operate.html?command=get_materiel&rest_code=00156&code=00101008069&supplier_code=00100007&order_time=2023-02-05 HTTP/1.1" 200 412
116.238.139.35 - - [05/Feb/2023:10:36:10 +0800] "GET /xingrg/check_reg.html?_=1675564593030 HTTP/1.1" 200 22
116.238.139.35 - - [05/Feb/2023:10:36:10 +0800] "GET /xingrg/all/function/internal_message.html?_=1675564593036&CODE_STATE=getMsg HTTP/1.1" 200 27
101.83.241.55 - - [05/Feb/2023:10:36:11 +0800] "GET /xingrg/all/function/internal_message.html?_=1675564592803&CODE_STATE=getMsg HTTP/1.1" 200 27
114.88.159.190 - - [05/Feb/2023:10:36:20 +0800] "GET /xingrg/kc/buy/cgsh_order_operate.html?command=get_materiel&rest_code=00141&code=00101008165&supplier_code=00100007&order_time=2023-02-05 HTTP/1.1" 200 416
116.238.139.35 - - [05/Feb/2023:10:36:21 +0800] "GET /xingrg/check_reg.html?_=1675564531582 HTTP/1.1" 200 22
114.83.222.182 - - [05/Feb/2023:10:36:22 +0800] "GET /xingrg/all/function/internal_message.html?_=1675564707248&CODE_STATE=getMsg HTTP/1.1" 200 27
101.83.241.55 - - [05/Feb/2023:10:36:25 +0800] "GET /xingrg/kc/buy/cgsh_order_operate.html?command=get_materiel&rest_code=00149&code=00101008296&supplier_code=00100008&order_time=2023-02-05 HTTP/1.1" 200 416
116.238.139.35 - - [05/Feb/2023:10:36:32 +0800] "GET /xingrg/all/function/internal_message.html?_=1675564542328&CODE_STATE=getMsg HTTP/1.1" 200 27
114.88.159.190 - - [05/Feb/2023:10:36:33 +0800] "GET /xingrg/kc/buy/cgsh_order_operate.html?command=get_materiel&rest_code=00141&code=00101009054&supplier_code=00100007&order_time=2023-02-05 HTTP/1.1" 200 412
124.79.72.155 - - [05/Feb/2023:10:36:35 +0800] "GET /xingrg/all/function/internal_message.html?_=1675564617208&CODE_STATE=getMsg HTTP/1.1" 200 27
114.88.159.190 - - [05/Feb/2023:10:36:37 +0800] "POST /xingrg/kc/buy/cgsh_order_operate.html HTTP/1.1" 200 2065
218.81.216.21 - - [05/Feb/2023:10:36:42 +0800] "GET /xingrg/all/function/internal_message.html?_=1675564625587&CODE_STATE=getMsg HTTP/1.1" 200 27
120.253.135.82 - - [05/Feb/2023:10:36:43 +0800] "GET /xingrg/all/function/internal_message.html?_=1675564750080&CODE_STATE=getMsg HTTP/1.1" 200 27
222.70.181.49 - - [05/Feb/2023:10:36:44 +0800] "GET /xingrg/all/function/internal_message.html?_=1675564626844&CODE_STATE=getMsg HTTP/1.1" 200 27
222.70.181.49 - - [05/Feb/2023:10:36:44 +0800] "GET /xingrg/check_reg.html?_=1675564626841 HTTP/1.1" 200 22
114.88.159.190 - - [05/Feb/2023:10:36:51 +0800] "GET /xingrg/kc/buy/cgsh_order_operate.html?command=get_materiel&rest_code=00141&code=00101009013&supplier_code=00100007&order_time=2023-02-05 HTTP/1.1" 200 420
101.83.241.55 - - [05/Feb/2023:10:36:52 +0800] "GET /xingrg/kc/buy/cgsh_order_operate.html?command=get_materiel&rest_code=00149&code=00101008318&supplier_code=00100008&order_time=2023-02-05 HTTP/1.1" 200 408
114.88.159.190 - - [05/Feb/2023:10:36:54 +0800] "GET /xingrg/check_reg.html?_=1675564205606 HTTP/1.1" 200 22
114.88.159.190 - - [05/Feb/2023:10:36:54 +0800] "GET /xingrg/all/function/internal_message.html?_=1675564205607&CODE_STATE=getMsg HTTP/1.1" 200 27
120.253.135.82 - - [05/Feb/2023:10:36:57 +0800] "GET /xingrg/all/function/internal_message.html?_=1675564454540&CODE_STATE=getMsg HTTP/1.1" 200 27
58.40.7.146 - - [05/Feb/2023:10:36:59 +0800] "GET /xingrg/all/function/internal_message.html?_=1675564640694&CODE_STATE=getMsg HTTP/1.1" 200 27
58.40.7.146 - - [05/Feb/2023:10:36:59 +0800] "GET /xingrg/check_reg.html?_=1675564640692 HTTP/1.1" 200 22
101.83.145.75 - - [05/Feb/2023:10:36:59 +0800] "GET /xingrg/all/function/internal_message.html?_=1675564645752&CODE_STATE=getMsg HTTP/1.1" 200 27
101.83.145.75 - - [05/Feb/2023:10:36:59 +0800] "GET /xingrg/check_reg.html?_=1675564645754 HTTP/1.1" 200 22
101.83.241.55 - - [05/Feb/2023:10:36:59 +0800] "POST /xingrg/kc/buy/cgsh_order_operate.html HTTP/1.1" 200 2065
114.88.159.190 - - [05/Feb/2023:10:37:03 +0800] "GET /xingrg/kc/buy/cgsh_order_operate.html?command=get_materiel&rest_code=00141&code=00101009016&supplier_code=00100007&order_time=2023-02-05 HTTP/1.1" 200 412
101.83.241.55 - - [05/Feb/2023:10:37:05 +0800] "GET /xingrg/kc/buy/cgsh_order_operate.html?command=get_materiel&rest_code=00149&code=00101008352&supplier_code=00100008&order_time=2023-02-05 HTTP/1.1" 200 412
58.221.95.50 - - [05/Feb/2023:10:37:06 +0800] "GET /xingrg/all/function/internal_message.html?_=1675564648567&CODE_STATE=getMsg HTTP/1.1" 200 27
116.238.139.35 - - [05/Feb/2023:10:37:10 +0800] "GET /xingrg/all/function/internal_message.html?_=1675564653044&CODE_STATE=getMsg HTTP/1.1" 200 27
101.83.241.55 - - [05/Feb/2023:10:37:11 +0800] "GET /xingrg/all/function/internal_message.html?_=1675564652805&CODE_STATE=getMsg HTTP/1.1" 200 27
101.83.241.55 - - [05/Feb/2023:10:37:11 +0800] "GET /xingrg/check_reg.html?_=1675564652810 HTTP/1.1" 200 22
180.169.147.146 - - [05/Feb/2023:10:37:11 +0800] "GET /xingrg/check_reg.html?_=1675564653141 HTTP/1.1" 200 22
114.88.159.190 - - [05/Feb/2023:10:37:15 +0800] "GET /xingrg/kc/buy/cgsh_order_operate.html?command=get_materiel&rest_code=00141&code=00101009004&supplier_code=00100007&order_time=2023-02-05 HTTP/1.1" 200 409
124.79.72.155 - - [05/Feb/2023:10:37:16 +0800] "GET /xingrg/kc/buy/cgsh_order_operate.html?command=get_materiel&rest_code=00156&code=00101008478&supplier_code=00100007&order_time=2023-02-05 HTTP/1.1" 200 412
116.238.139.35 - - [05/Feb/2023:10:37:18 +0800] "POST /xingrg/services/DataTransmitService HTTP/1.1" 200 524
116.238.139.35 - - [05/Feb/2023:10:37:19 +0800] "POST /xingrg/services/DataTransmitService HTTP/1.1" 200 501
116.238.139.35 - - [05/Feb/2023:10:37:19 +0800] "POST /xingrg/services/DataTransmitService HTTP/1.1" 200 501
116.238.139.35 - - [05/Feb/2023:10:37:20 +0800] "POST /xingrg/services/DataTransmitService HTTP/1.1" 200 501
116.238.139.35 - - [05/Feb/2023:10:37:21 +0800] "POST /xingrg/services/DataTransmitService HTTP/1.1" 200 501
116.238.139.35 - - [05/Feb/2023:10:37:22 +0800] "POST /xingrg/services/DataTransmitService HTTP/1.1" 200 501
114.83.222.182 - - [05/Feb/2023:10:37:22 +0800] "GET /xingrg/all/function/internal_message.html?_=1675564767229&CODE_STATE=getMsg HTTP/1.1" 200 27
116.238.139.35 - - [05/Feb/2023:10:37:22 +0800] "POST /xingrg/services/DataTransmitService HTTP/1.1" 200 501
116.238.139.35 - - [05/Feb/2023:10:37:23 +0800] "POST /xingrg/services/DataTransmitService HTTP/1.1" 200 501
116.238.139.35 - - [05/Feb/2023:10:37:23 +0800] "POST /xingrg/services/DataTransmitService HTTP/1.1" 200 501
116.238.139.35 - - [05/Feb/2023:10:37:24 +0800] "POST /xingrg/services/DataTransmitService HTTP/1.1" 200 501
124.79.72.155 - - [05/Feb/2023:10:37:24 +0800] "GET /xingrg/kc/buy/cgsh_order_operate.html?command=get_materiel&rest_code=00156&code=00101008356&supplier_code=00100007&order_time=2023-02-05 HTTP/1.1" 200 408
116.238.139.35 - - [05/Feb/2023:10:37:26 +0800] "POST /xingrg/services/DataTransmitService HTTP/1.1" 200 412
116.238.139.35 - - [05/Feb/2023:10:37:32 +0800] "GET /xingrg/all/function/internal_message.html?_=1675564602342&CODE_STATE=getMsg HTTP/1.1" 200 27
124.79.72.155 - - [05/Feb/2023:10:37:33 +0800] "GET /xingrg/kc/buy/cgsh_order_operate.html?command=get_materiel&rest_code=00156&code=00101008261&supplier_code=00100007&order_time=2023-02-05 HTTP/1.1" 200 408
124.79.72.155 - - [05/Feb/2023:10:37:35 +0800] "GET /xingrg/all/function/internal_message.html?_=1675564676817&CODE_STATE=getMsg HTTP/1.1" 200 27
101.83.241.55 - - [05/Feb/2023:10:37:38 +0800] "GET /xingrg/kc/buy/cgsh_order_operate.html?command=get_materiel&rest_code=00149&code=00101008098&supplier_code=00100008&order_time=2023-02-05 HTTP/1.1" 200 412
124.79.72.155 - - [05/Feb/2023:10:37:40 +0800] "GET /xingrg/kc/buy/cgsh_order_operate.html?command=get_materiel&rest_code=00156&code=00101008149&supplier_code=00100007&order_time=2023-02-05 HTTP/1.1" 200 408
218.81.216.21 - - [05/Feb/2023:10:37:42 +0800] "GET /xingrg/all/function/internal_message.html?_=1675564685600&CODE_STATE=getMsg HTTP/1.1" 200 27
120.253.135.82 - - [05/Feb/2023:10:37:43 +0800] "GET /xingrg/all/function/internal_message.html?_=1675564810108&CODE_STATE=getMsg HTTP/1.1" 200 27
222.70.181.49 - - [05/Feb/2023:10:37:44 +0800] "GET /xingrg/all/function/internal_message.html?_=1675564686844&CODE_STATE=getMsg HTTP/1.1" 200 27
114.88.159.190 - - [05/Feb/2023:10:37:45 +0800] "POST /xingrg/kc/buy/cgsh_order_operate.html HTTP/1.1" 200 2065
124.79.72.155 - - [05/Feb/2023:10:37:48 +0800] "GET /xingrg/kc/buy/cgsh_order_operate.html?command=get_materiel&rest_code=00156&code=00101008005&supplier_code=00100007&order_time=2023-02-05 HTTP/1.1" 200 412
101.83.241.55 - - [05/Feb/2023:10:37:50 +0800] "GET /xingrg/kc/buy/cgsh_order_operate.html?command=get_materiel&rest_code=00149&code=00101008005&supplier_code=00100008&order_time=2023-02-05 HTTP/1.1" 200 412
114.88.159.190 - - [05/Feb/2023:10:37:54 +0800] "GET /xingrg/all/function/internal_message.html?_=1675564265700&CODE_STATE=getMsg HTTP/1.1" 200 27
120.253.135.82 - - [05/Feb/2023:10:37:57 +0800] "GET /xingrg/all/function/internal_message.html?_=1675564514549&CODE_STATE=getMsg HTTP/1.1" 200 27
58.40.7.146 - - [05/Feb/2023:10:37:59 +0800] "GET /xingrg/all/function/internal_message.html?_=1675564700695&CODE_STATE=getMsg HTTP/1.1" 200 27
101.83.145.75 - - [05/Feb/2023:10:37:59 +0800] "GET /xingrg/all/function/internal_message.html?_=1675564705752&CODE_STATE=getMsg HTTP/1.1" 200 27
101.83.241.55 - - [05/Feb/2023:10:37:59 +0800] "GET /xingrg/kc/buy/cgsh_order_operate.html?command=get_materiel&rest_code=00149&code=00101008353&supplier_code=00100008&order_time=2023-02-05 HTTP/1.1" 200 408
114.88.159.190 - - [05/Feb/2023:10:38:03 +0800] "GET /xingrg/kc/buy/cgsh_order_operate.html?command=get_materiel&rest_code=00141&code=00101008036&supplier_code=00100007&order_time=2023-02-05 HTTP/1.1" 200 408
58.221.95.50 - - [05/Feb/2023:10:38:06 +0800] "GET /xingrg/all/function/internal_message.html?_=1675564708547&CODE_STATE=getMsg HTTP/1.1" 200 27
58.221.95.50 - - [05/Feb/2023:10:38:07 +0800] "GET /xingrg/check_reg.html?_=1675564709371 HTTP/1.1" 200 22
101.83.241.55 - - [05/Feb/2023:10:38:10 +0800] "GET /xingrg/kc/buy/cgsh_order_operate.html?command=get_materiel&rest_code=00149&code=00101008359&supplier_code=00100008&order_time=2023-02-05 HTTP/1.1" 200 408
116.238.139.35 - - [05/Feb/2023:10:38:10 +0800] "GET /xingrg/all/function/internal_message.html?_=1675564713030&CODE_STATE=getMsg HTTP/1.1" 200 27
101.83.241.55 - - [05/Feb/2023:10:38:11 +0800] "GET /xingrg/all/function/internal_message.html?_=1675564712827&CODE_STATE=getMsg HTTP/1.1" 200 27
114.88.159.190 - - [05/Feb/2023:10:38:14 +0800] "GET /xingrg/kc/buy/cgsh_order_operate.html?command=get_materiel&rest_code=00141&code=00101008072&supplier_code=00100007&order_time=2023-02-05 HTTP/1.1" 200 408
124.79.72.155 - - [05/Feb/2023:10:38:14 +0800] "GET /xingrg/kc/buy/cgsh_order_operate.html?command=get_materiel&rest_code=00156&code=00101009045&supplier_code=00100007&order_time=2023-02-05 HTTP/1.1" 200 412
101.83.241.55 - - [05/Feb/2023:10:38:17 +0800] "POST /xingrg/kc/buy/cgsh_order_operate.html HTTP/1.1" 200 2065
114.83.222.182 - - [05/Feb/2023:10:38:22 +0800] "GET /xingrg/all/function/internal_message.html?_=1675564827210&CODE_STATE=getMsg HTTP/1.1" 200 27
101.83.241.55 - - [05/Feb/2023:10:38:23 +0800] "GET /xingrg/kc/buy/cgsh_order_operate.html?command=get_materiel&rest_code=00149&code=00101008213&supplier_code=00100008&order_time=2023-02-05 HTTP/1.1" 200 412
114.83.222.182 - - [05/Feb/2023:10:38:23 +0800] "GET /xingrg/check_reg.html?_=1675564828100 HTTP/1.1" 200 22
124.79.72.155 - - [05/Feb/2023:10:38:28 +0800] "GET /xingrg/kc/buy/cgsh_order_operate.html?command=get_materiel&rest_code=00156&code=00101008358&supplier_code=00100007&order_time=2023-02-05 HTTP/1.1" 200 412
116.238.139.35 - - [05/Feb/2023:10:38:32 +0800] "GET /xingrg/all/function/internal_message.html?_=1675564662361&CODE_STATE=getMsg HTTP/1.1" 200 27
218.81.216.21 - - [05/Feb/2023:10:38:32 +0800] "POST /xingrg/kc/buy/cgsh_order_operate.html HTTP/1.1" 200 37
218.81.216.21 - - [05/Feb/2023:10:38:34 +0800] "GET /xingrg/check_reg.html?_=1675564737996 HTTP/1.1" 200 22
114.88.159.190 - - [05/Feb/2023:10:38:34 +0800] "GET /xingrg/kc/buy/cgsh_order_operate.html?command=get_materiel&rest_code=00141&code=00101008049&supplier_code=00100007&order_time=2023-02-05 HTTP/1.1" 200 410
124.79.72.155 - - [05/Feb/2023:10:38:35 +0800] "GET /xingrg/all/function/internal_message.html?_=1675564736818&CODE_STATE=getMsg HTTP/1.1" 200 27
124.79.72.155 - - [05/Feb/2023:10:38:35 +0800] "GET /xingrg/check_reg.html?_=1675564736820 HTTP/1.1" 200 22
218.81.216.21 - - [05/Feb/2023:10:38:35 +0800] "POST /xingrg/kc/buy/cgsh_order_operate.html HTTP/1.1" 200 7983
124.79.72.155 - - [05/Feb/2023:10:38:36 +0800] "GET /xingrg/kc/buy/cgsh_order_operate.html?command=get_materiel&rest_code=00156&code=00101008290&supplier_code=00100007&order_time=2023-02-05 HTTP/1.1" 200 416
218.81.216.21 - - [05/Feb/2023:10:38:36 +0800] "GET /xingrg/kc/print/load_data.html?order_code=212023020501236&kc_code=cgsh&condition= HTTP/1.1" 200 2721
180.169.147.146 - - [05/Feb/2023:10:38:37 +0800] "POST /xingrg/all/user/operate.html HTTP/1.1" 200 36
180.169.147.146 - - [05/Feb/2023:10:38:38 +0800] "GET /xingrg/index.html?sysBaseUrl=http%3A%2F%2F180.169.147.146%3A18081%2Fxingrg%2F&costTime=39×tamp=1592034574635 HTTP/1.1" 200 17509
180.169.147.146 - - [05/Feb/2023:10:38:38 +0800] "GET /xingrg/javascript/jquery_easy_ui/themes/default/easyui.css HTTP/1.1" 200 26500
180.169.147.146 - - [05/Feb/2023:10:38:38 +0800] "GET /xingrg/javascript/jquery_easy_ui/themes/icon.css HTTP/1.1" 200 3949
180.169.147.146 - - [05/Feb/2023:10:38:38 +0800] "GET /xingrg/css/form.css HTTP/1.1" 200 893
180.169.147.146 - - [05/Feb/2023:10:38:38 +0800] "GET /xingrg/javascript/jquery-1.4.2.min.js HTTP/1.1" 200 72205
180.169.147.146 - - [05/Feb/2023:10:38:38 +0800] "GET /xingrg/javascript/jquery_easy_ui/jquery.easyui.min.js HTTP/1.1" 200 213662
180.169.147.146 - - [05/Feb/2023:10:38:38 +0800] "GET /xingrg/javascript/jquery_easy_ui/easyui-lang-zh_CN.js HTTP/1.1" 200 1900
180.169.147.146 - - [05/Feb/2023:10:38:38 +0800] "GET /xingrg/javascript/jquery.form.js HTTP/1.1" 200 23110
180.169.147.146 - - [05/Feb/2023:10:38:38 +0800] "GET /xingrg/javascript/jquery.utils.js HTTP/1.1" 200 11805
180.169.147.146 - - [05/Feb/2023:10:38:38 +0800] "GET /xingrg/javascript/jquery.timers.js HTTP/1.1" 200 3532
180.169.147.146 - - [05/Feb/2023:10:38:38 +0800] "GET /xingrg/images/blue/jxLogo.png HTTP/1.1" 200 6156
180.169.147.146 - - [05/Feb/2023:10:38:38 +0800] "GET /xingrg/javascript/jquery_easy_ui/themes/icons/settle_new.png HTTP/1.1" 200 826
180.169.147.146 - - [05/Feb/2023:10:38:38 +0800] "GET /xingrg/images/blue/navBackgound.jpg HTTP/1.1" 200 12378
180.169.147.146 - - [05/Feb/2023:10:38:38 +0800] "POST /xingrg/all/common/load_tree.html?tree=area_rest_tree_json&manage=1 HTTP/1.1" 200 3499
180.169.147.146 - - [05/Feb/2023:10:38:38 +0800] "GET /xingrg/all/function/internal_message.html?_=1675564740010&CODE_STATE=count HTTP/1.1" 200 11
180.169.147.146 - - [05/Feb/2023:10:38:38 +0800] "GET /xingrg/check_reg.html?_=1675564740011 HTTP/1.1" 200 22
180.169.147.146 - - [05/Feb/2023:10:38:38 +0800] "GET /xingrg/images/blue/pingpu.png HTTP/1.1" 200 231
180.169.147.146 - - [05/Feb/2023:10:38:38 +0800] "GET /xingrg/javascript/jquery_easy_ui/themes/default/images/tabs_leftarrow.png HTTP/1.1" 200 389
180.169.147.146 - - [05/Feb/2023:10:38:38 +0800] "GET /xingrg/javascript/jquery_easy_ui/themes/default/images/panel_tool_expand.gif HTTP/1.1" 200 247
180.169.147.146 - - [05/Feb/2023:10:38:38 +0800] "GET /xingrg/javascript/jquery_easy_ui/themes/default/images/panel_tool_collapse.gif HTTP/1.1" 200 246
180.169.147.146 - - [05/Feb/2023:10:38:38 +0800] "GET /xingrg/javascript/jquery_easy_ui/themes/default/images/tabs_rightarrow.png HTTP/1.1" 200 395
180.169.147.146 - - [05/Feb/2023:10:38:38 +0800] "POST /xingrg/load_menu.html HTTP/1.1" 200 9959
180.169.147.146 - - [05/Feb/2023:10:38:38 +0800] "GET /xingrg/javascript/jquery_easy_ui/themes/icons/storage_new.png HTTP/1.1" 200 853
180.169.147.146 - - [05/Feb/2023:10:38:38 +0800] "GET /xingrg/javascript/jquery_easy_ui/themes/icons/setting_new.png HTTP/1.1" 200 450
180.169.147.146 - - [05/Feb/2023:10:38:38 +0800] "GET /xingrg/javascript/jquery_easy_ui/themes/icons/systemset_new.png HTTP/1.1" 200 606
180.169.147.146 - - [05/Feb/2023:10:38:38 +0800] "GET /xingrg/javascript/jquery_easy_ui/themes/default/images/tree_file.gif HTTP/1.1" 200 118
180.169.147.146 - - [05/Feb/2023:10:38:38 +0800] "GET /xingrg/javascript/jquery_easy_ui/themes/default/images/tree_arrows.gif HTTP/1.1" 200 1043
180.169.147.146 - - [05/Feb/2023:10:38:38 +0800] "GET /xingrg/javascript/jquery_easy_ui/themes/default/images/tree_folder_open.gif HTTP/1.1" 200 956
180.169.147.146 - - [05/Feb/2023:10:38:38 +0800] "GET /xingrg/javascript/jquery_easy_ui/themes/default/images/tree_folder.gif HTTP/1.1" 200 952
180.169.147.146 - - [05/Feb/2023:10:38:38 +0800] "GET /xingrg/javascript/jquery_easy_ui/themes/icons/search_new.png HTTP/1.1" 200 586
180.169.147.146 - - [05/Feb/2023:10:38:38 +0800] "GET /xingrg/javascript/jquery_easy_ui/themes/icons/checkout_new.png HTTP/1.1" 200 744
180.169.147.146 - - [05/Feb/2023:10:38:38 +0800] "GET /xingrg/javascript/jquery_easy_ui/themes/icons/forms_new.png HTTP/1.1" 200 350
101.83.241.55 - - [05/Feb/2023:10:38:39 +0800] "GET /xingrg/kc/buy/cgsh_order_operate.html?command=get_materiel&rest_code=00149&code=00101008275&supplier_code=00100008&order_time=2023-02-05 HTTP/1.1" 200 416
180.169.147.146 - - [05/Feb/2023:10:38:40 +0800] "GET /xingrg/javascript/jquery_easy_ui/themes/default/images/tabs_close.gif HTTP/1.1" 200 829
180.169.147.146 - - [05/Feb/2023:10:38:40 +0800] "GET /xingrg/kc/base/check_order_list.html HTTP/1.1" 200 16525
180.169.147.146 - - [05/Feb/2023:10:38:40 +0800] "GET /xingrg/css/base.css HTTP/1.1" 200 2811
180.169.147.146 - - [05/Feb/2023:10:38:40 +0800] "GET /xingrg/css/site.css HTTP/1.1" 200 7541
180.169.147.146 - - [05/Feb/2023:10:38:40 +0800] "GET /xingrg/javascript/jquery_tools/datebox.css HTTP/1.1" 200 2597
180.169.147.146 - - [05/Feb/2023:10:38:40 +0800] "GET /xingrg/javascript/easyui/themes/icon.css HTTP/1.1" 200 4483
180.169.147.146 - - [05/Feb/2023:10:38:40 +0800] "GET /xingrg/javascript/auto/jquery.autocomplete.css HTTP/1.1" 200 587
180.169.147.146 - - [05/Feb/2023:10:38:40 +0800] "GET /xingrg/javascript/jquery_tools/fix.css HTTP/1.1" 200 1702
180.169.147.146 - - [05/Feb/2023:10:38:40 +0800] "GET /xingrg/javascript/jquery_tools/jquery.tools.hotkey.js HTTP/1.1" 200 3242
180.169.147.146 - - [05/Feb/2023:10:38:40 +0800] "GET /xingrg/javascript/jquery_tools/jquery.tools.extend.js HTTP/1.1" 200 15385
180.169.147.146 - - [05/Feb/2023:10:38:40 +0800] "GET /xingrg/javascript/jquery_tools/list_manager.js HTTP/1.1" 200 3652
180.169.147.146 - - [05/Feb/2023:10:38:40 +0800] "GET /xingrg/javascript/jquery_tools/table.css HTTP/1.1" 200 1032
180.169.147.146 - - [05/Feb/2023:10:38:40 +0800] "GET /xingrg/javascript/easyui/easyloader.js HTTP/1.1" 200 5975
180.169.147.146 - - [05/Feb/2023:10:38:40 +0800] "GET /xingrg/javascript/easyui/themes/default/easyui.css HTTP/1.1" 200 30432
180.169.147.146 - - [05/Feb/2023:10:38:40 +0800] "GET /xingrg/javascript/jquery_tools/jquery.tools.table.js HTTP/1.1" 200 6994
180.169.147.146 - - [05/Feb/2023:10:38:40 +0800] "GET /xingrg/javascript/jquery_tools/jquery.tools.min.js HTTP/1.1" 200 138801
180.169.147.146 - - [05/Feb/2023:10:38:40 +0800] "GET /xingrg/javascript/auto/jquery.autocomplete.js HTTP/1.1" 200 21624
180.169.147.146 - - [05/Feb/2023:10:38:40 +0800] "GET /xingrg/javascript/jquery.cookie.js HTTP/1.1" 200 5513
180.169.147.146 - - [05/Feb/2023:10:38:40 +0800] "GET /xingrg/javascript/easyui/themes/icons/field_new.png HTTP/1.1" 200 1097
180.169.147.146 - - [05/Feb/2023:10:38:40 +0800] "GET /xingrg/javascript/easyui/themes/icons/check_new.png HTTP/1.1" 200 3224
180.169.147.146 - - [05/Feb/2023:10:38:40 +0800] "GET /xingrg/javascript/easyui/themes/icons/cance_new.png HTTP/1.1" 200 3986
180.169.147.146 - - [05/Feb/2023:10:38:40 +0800] "GET /xingrg/javascript/easyui/themes/icons/uncheck_new.png HTTP/1.1" 200 3197
180.169.147.146 - - [05/Feb/2023:10:38:40 +0800] "GET /xingrg/javascript/easyui/themes/icons/edit_add_new.png HTTP/1.1" 200 2997
180.169.147.146 - - [05/Feb/2023:10:38:40 +0800] "GET /xingrg/javascript/easyui/plugins/jquery.parser.js HTTP/1.1" 200 1142
180.169.147.146 - - [05/Feb/2023:10:38:40 +0800] "GET /xingrg/images/control/ajaxLoader.gif HTTP/1.1" 200 4659
180.169.147.146 - - [05/Feb/2023:10:38:40 +0800] "POST /xingrg/kc/base/check_list_operate.html HTTP/1.1" 200 1563
218.81.216.21 - - [05/Feb/2023:10:38:42 +0800] "GET /xingrg/all/function/internal_message.html?_=1675564745613&CODE_STATE=getMsg HTTP/1.1" 200 27
180.169.147.146 - - [05/Feb/2023:10:38:42 +0800] "GET /xingrg/javascript/easyui/themes/default/images/button_plain_hover.png HTTP/1.1" 200 144
124.79.72.155 - - [05/Feb/2023:10:38:42 +0800] "GET /xingrg/kc/buy/cgsh_order_operate.html?command=get_materiel&rest_code=00156&code=00101008003&supplier_code=00100007&order_time=2023-02-05 HTTP/1.1" 200 408
120.253.135.82 - - [05/Feb/2023:10:38:43 +0800] "GET /xingrg/all/function/internal_message.html?_=1675564870107&CODE_STATE=getMsg HTTP/1.1" 200 27
124.78.154.177 - - [05/Feb/2023:10:38:44 +0800] "GET /xingrg/login.html HTTP/1.1" 200 7641
222.70.181.49 - - [05/Feb/2023:10:38:44 +0800] "GET /xingrg/all/function/internal_message.html?_=1675564746845&CODE_STATE=getMsg HTTP/1.1" 200 27
180.169.147.146 - - [05/Feb/2023:10:38:47 +0800] "POST /xingrg/kc/base/check_list_operate.html HTTP/1.1" 200 4
101.83.241.55 - - [05/Feb/2023:10:38:48 +0800] "GET /xingrg/kc/buy/cgsh_order_operate.html?command=get_materiel&rest_code=00149&code=00101008019&supplier_code=00100008&order_time=2023-02-05 HTTP/1.1" 200 416
114.88.159.190 - - [05/Feb/2023:10:38:54 +0800] "GET /xingrg/all/function/internal_message.html?_=1675564325651&CODE_STATE=getMsg HTTP/1.1" 200 27
124.78.154.177 - - [05/Feb/2023:10:38:55 +0800] "GET /favicon.ico HTTP/1.1" 404 -
120.253.135.82 - - [05/Feb/2023:10:38:57 +0800] "GET /xingrg/all/function/internal_message.html?_=1675564574582&CODE_STATE=getMsg HTTP/1.1" 200 27
124.79.72.155 - - [05/Feb/2023:10:38:57 +0800] "GET /xingrg/kc/buy/cgsh_order_operate.html?command=get_materiel&rest_code=00156&code=00101008370&supplier_code=00100007&order_time=2023-02-05 HTTP/1.1" 200 412
180.169.147.146 - - [05/Feb/2023:10:38:58 +0800] "POST /xingrg/kc/base/check_list_operate.html HTTP/1.1" 200 781
58.40.7.146 - - [05/Feb/2023:10:38:59 +0800] "GET /xingrg/all/function/internal_message.html?_=1675564760697&CODE_STATE=getMsg HTTP/1.1" 200 27
101.83.145.75 - - [05/Feb/2023:10:38:59 +0800] "GET /xingrg/all/function/internal_message.html?_=1675564765753&CODE_STATE=getMsg HTTP/1.1" 200 27
180.169.147.146 - - [05/Feb/2023:10:39:01 +0800] "GET /xingrg/kc/cost/cost_list.html HTTP/1.1" 200 6093
180.169.147.146 - - [05/Feb/2023:10:39:01 +0800] "GET /xingrg/css/blue.css HTTP/1.1" 200 15949
180.169.147.146 - - [05/Feb/2023:10:39:01 +0800] "GET /xingrg/css/table.css HTTP/1.1" 200 3684
180.169.147.146 - - [05/Feb/2023:10:39:01 +0800] "GET /xingrg/javascript/step/step.css HTTP/1.1" 200 999
180.169.147.146 - - [05/Feb/2023:10:39:01 +0800] "GET /xingrg/dwr/interface/AjaxReportQueryService.js HTTP/1.1" 200 13203
180.169.147.146 - - [05/Feb/2023:10:39:01 +0800] "GET /xingrg/dwr/util.js HTTP/1.1" 200 35990
180.169.147.146 - - [05/Feb/2023:10:39:01 +0800] "GET /xingrg/dwr/engine.js HTTP/1.1" 200 43631
180.169.147.146 - - [05/Feb/2023:10:39:01 +0800] "GET /xingrg/javascript/myfunction.js HTTP/1.1" 200 24559
180.169.147.146 - - [05/Feb/2023:10:39:01 +0800] "GET /xingrg/javascript/jquery_easy_ui/themes/default/images/button_a_bg.gif HTTP/1.1" 200 1194
180.169.147.146 - - [05/Feb/2023:10:39:01 +0800] "GET /xingrg/javascript/jquery_easy_ui/themes/icons/edit_add.png HTTP/1.1" 200 1088
180.169.147.146 - - [05/Feb/2023:10:39:01 +0800] "GET /xingrg/javascript/jquery_easy_ui/themes/default/images/datagrid_header_bg.gif HTTP/1.1" 200 97
180.169.147.146 - - [05/Feb/2023:10:39:01 +0800] "GET /xingrg/javascript/jquery_easy_ui/themes/icons/edit_remove.png HTTP/1.1" 200 625
180.169.147.146 - - [05/Feb/2023:10:39:01 +0800] "GET /xingrg/javascript/jquery_easy_ui/themes/default/images/pagination_loading.gif HTTP/1.1" 200 1737
180.169.147.146 - - [05/Feb/2023:10:39:01 +0800] "GET /xingrg/javascript/jquery_easy_ui/themes/icons/pencil.png HTTP/1.1" 200 713
180.169.147.146 - - [05/Feb/2023:10:39:01 +0800] "GET /xingrg/kc/cost/cost_operate.html?_=1675564763083&command=load_cost_list HTTP/1.1" 200 3939
180.169.147.146 - - [05/Feb/2023:10:39:02 +0800] "GET /xingrg/javascript/jquery_easy_ui/themes/default/images/button_plain_hover.png HTTP/1.1" 200 252
180.169.147.146 - - [05/Feb/2023:10:39:02 +0800] "GET /xingrg/kc/cost/cost_page.html HTTP/1.1" 200 4088
180.169.147.146 - - [05/Feb/2023:10:39:02 +0800] "GET /xingrg/dwr/interface/AjaxReportQueryService.js HTTP/1.1" 200 13203
180.169.147.146 - - [05/Feb/2023:10:39:02 +0800] "GET /xingrg/dwr/engine.js HTTP/1.1" 200 43631
180.169.147.146 - - [05/Feb/2023:10:39:02 +0800] "GET /xingrg/javascript/jquery_easy_ui/themes/icons/search.png HTTP/1.1" 200 813
180.169.147.146 - - [05/Feb/2023:10:39:02 +0800] "GET /xingrg/javascript/jquery_easy_ui/themes/default/images/calendar_nextyear.gif HTTP/1.1" 200 75
180.169.147.146 - - [05/Feb/2023:10:39:02 +0800] "GET /xingrg/javascript/jquery_easy_ui/themes/default/images/calendar_nextmonth.gif HTTP/1.1" 200 64
180.169.147.146 - - [05/Feb/2023:10:39:02 +0800] "GET /xingrg/javascript/jquery_easy_ui/themes/default/images/calendar_prevyear.gif HTTP/1.1" 200 76
180.169.147.146 - - [05/Feb/2023:10:39:02 +0800] "GET /xingrg/javascript/jquery_easy_ui/themes/default/images/calendar_prevmonth.gif HTTP/1.1" 200 66
180.169.147.146 - - [05/Feb/2023:10:39:02 +0800] "GET /xingrg/javascript/jquery_easy_ui/themes/icons/back_new.png HTTP/1.1" 200 3414
180.169.147.146 - - [05/Feb/2023:10:39:02 +0800] "GET /xingrg/javascript/jquery_easy_ui/themes/default/images/button_span_bg.gif HTTP/1.1" 200 2061
180.169.147.146 - - [05/Feb/2023:10:39:04 +0800] "POST /xingrg/kc/cost/cost_operate.html HTTP/1.1" 200 4
180.169.147.146 - - [05/Feb/2023:10:39:05 +0800] "GET /xingrg/kc/cost/cost_page.html HTTP/1.1" 200 4363
180.169.147.146 - - [05/Feb/2023:10:39:05 +0800] "GET /xingrg/css/blue.css HTTP/1.1" 304 -
180.169.147.146 - - [05/Feb/2023:10:39:05 +0800] "GET /xingrg/javascript/jquery_easy_ui/themes/default/easyui.css HTTP/1.1" 304 -
180.169.147.146 - - [05/Feb/2023:10:39:05 +0800] "GET /xingrg/javascript/jquery_easy_ui/themes/icon.css HTTP/1.1" 304 -
180.169.147.146 - - [05/Feb/2023:10:39:05 +0800] "GET /xingrg/javascript/step/step.css HTTP/1.1" 304 -
180.169.147.146 - - [05/Feb/2023:10:39:05 +0800] "GET /xingrg/css/table.css HTTP/1.1" 304 -
180.169.147.146 - - [05/Feb/2023:10:39:05 +0800] "GET /xingrg/dwr/interface/AjaxReportQueryService.js HTTP/1.1" 200 13203
180.169.147.146 - - [05/Feb/2023:10:39:05 +0800] "GET /xingrg/dwr/engine.js HTTP/1.1" 200 43631
180.169.147.146 - - [05/Feb/2023:10:39:05 +0800] "GET /xingrg/dwr/util.js HTTP/1.1" 304 -
180.169.147.146 - - [05/Feb/2023:10:39:05 +0800] "GET /xingrg/javascript/jquery-1.4.2.min.js HTTP/1.1" 304 -
180.169.147.146 - - [05/Feb/2023:10:39:05 +0800] "GET /xingrg/javascript/jquery_easy_ui/jquery.easyui.min.js HTTP/1.1" 304 -
180.169.147.146 - - [05/Feb/2023:10:39:05 +0800] "GET /xingrg/javascript/jquery_easy_ui/easyui-lang-zh_CN.js HTTP/1.1" 304 -
180.169.147.146 - - [05/Feb/2023:10:39:05 +0800] "GET /xingrg/javascript/jquery.utils.js HTTP/1.1" 304 -
180.169.147.146 - - [05/Feb/2023:10:39:05 +0800] "GET /xingrg/images/control/ajaxLoader.gif HTTP/1.1" 304 -
58.221.95.50 - - [05/Feb/2023:10:39:06 +0800] "GET /xingrg/all/function/internal_message.html?_=1675564768525&CODE_STATE=getMsg HTTP/1.1" 200 27
124.79.72.155 - - [05/Feb/2023:10:39:08 +0800] "GET /xingrg/kc/buy/cgsh_order_operate.html?command=get_materiel&rest_code=00156&code=00101008087&supplier_code=00100007&order_time=2023-02-05 HTTP/1.1" 200 412
101.83.241.55 - - [05/Feb/2023:10:39:08 +0800] "GET /xingrg/kc/buy/cgsh_order_operate.html?command=get_materiel&rest_code=00149&code=00101008114&supplier_code=00100008&order_time=2023-02-05 HTTP/1.1" 200 413
116.238.139.35 - - [05/Feb/2023:10:39:10 +0800] "GET /xingrg/all/function/internal_message.html?_=1675564773032&CODE_STATE=getMsg HTTP/1.1" 200 27
124.79.72.155 - - [05/Feb/2023:10:39:10 +0800] "POST /xingrg/kc/buy/cgsh_order_operate.html HTTP/1.1" 200 2065
101.83.241.55 - - [05/Feb/2023:10:39:11 +0800] "GET /xingrg/all/function/internal_message.html?_=1675564772815&CODE_STATE=getMsg HTTP/1.1" 200 27
101.83.241.55 - - [05/Feb/2023:10:39:12 +0800] "POST /xingrg/kc/buy/cgsh_order_operate.html HTTP/1.1" 200 2065
114.83.222.182 - - [05/Feb/2023:10:39:22 +0800] "GET /xingrg/all/function/internal_message.html?_=1675564887207&CODE_STATE=getMsg HTTP/1.1" 200 27
124.79.72.155 - - [05/Feb/2023:10:39:22 +0800] "GET /xingrg/kc/buy/cgsh_order_operate.html?command=get_materiel&rest_code=00156&code=00101008072&supplier_code=00100007&order_time=2023-02-05 HTTP/1.1" 200 408
114.88.159.190 - - [05/Feb/2023:10:39:24 +0800] "POST /xingrg/kc/buy/cgsh_order_operate.html HTTP/1.1" 200 75
101.83.241.55 - - [05/Feb/2023:10:39:25 +0800] "GET /xingrg/kc/buy/cgsh_order_operate.html?command=get_materiel&rest_code=00149&code=00101012026&supplier_code=00100008&order_time=2023-02-05 HTTP/1.1" 200 409
218.81.216.21 - - [05/Feb/2023:10:39:26 +0800] "GET /xingrg/kc/buy/cgsh_order_add.html HTTP/1.1" 200 69703
222.70.181.49 - - [05/Feb/2023:10:39:27 +0800] "GET /xingrg/login.html HTTP/1.1" 200 7641
218.81.216.21 - - [05/Feb/2023:10:39:27 +0800] "POST /xingrg/kc/buy/cgsh_order_operate.html HTTP/1.1" 200 8245
218.81.216.21 - - [05/Feb/2023:10:39:27 +0800] "GET /xingrg/javascript/easyui/themes/default/validatebox.css HTTP/1.1" 404 1104
222.70.181.49 - - [05/Feb/2023:10:39:27 +0800] "GET /favicon.ico HTTP/1.1" 404 -
120.253.135.82 - - [05/Feb/2023:10:39:29 +0800] "GET /xingrg/check_reg.html?_=1675564606423 HTTP/1.1" 200 22
116.238.139.35 - - [05/Feb/2023:10:39:32 +0800] "GET /xingrg/all/function/internal_message.html?_=1675564722369&CODE_STATE=getMsg HTTP/1.1" 200 27
222.70.181.49 - - [05/Feb/2023:10:39:32 +0800] "POST /xingrg/login.do HTTP/1.1" 302 -
222.70.181.49 - - [05/Feb/2023:10:39:32 +0800] "GET /favicon.ico HTTP/1.1" 404 -
222.70.181.49 - - [05/Feb/2023:10:39:33 +0800] "GET /xingrg/index.html?sysBaseUrl=http%3A%2F%2F180.169.147.146%3A18081%2Fxingrg%2F&costTime=417×tamp=1675564772673 HTTP/1.1" 200 17419
222.70.181.49 - - [05/Feb/2023:10:39:33 +0800] "GET /xingrg/check_reg.html?_=1675564797187 HTTP/1.1" 200 22
222.70.181.49 - - [05/Feb/2023:10:39:33 +0800] "POST /xingrg/all/common/load_tree.html?tree=area_rest_tree_json&manage=1 HTTP/1.1" 200 470
222.70.181.49 - - [05/Feb/2023:10:39:33 +0800] "GET /xingrg/all/function/internal_message.html?_=1675564797186&CODE_STATE=count HTTP/1.1" 200 11
222.70.181.49 - - [05/Feb/2023:10:39:34 +0800] "POST /xingrg/load_menu.html HTTP/1.1" 200 9959
124.79.72.155 - - [05/Feb/2023:10:39:35 +0800] "GET /xingrg/all/function/internal_message.html?_=1675564796815&CODE_STATE=getMsg HTTP/1.1" 200 27
222.70.181.49 - - [05/Feb/2023:10:39:37 +0800] "POST /xingrg/load_menu.html HTTP/1.1" 200 9242
180.169.147.146 - - [05/Feb/2023:10:39:38 +0800] "GET /xingrg/all/function/internal_message.html?_=1675564800013&CODE_STATE=getMsg HTTP/1.1" 200 27
222.70.181.49 - - [05/Feb/2023:10:39:39 +0800] "POST /xingrg/load_menu.html HTTP/1.1" 200 10785
222.70.181.49 - - [05/Feb/2023:10:39:41 +0800] "POST /xingrg/all/user/operate.html HTTP/1.1" 200 36
222.70.181.49 - - [05/Feb/2023:10:39:41 +0800] "GET /xingrg/index.html?sysBaseUrl=http%3A%2F%2F180.169.147.146%3A18081%2Fxingrg%2F&costTime=417×tamp=1675564772673 HTTP/1.1" 200 17413
222.70.181.49 - - [05/Feb/2023:10:39:41 +0800] "GET /xingrg/css/form.css HTTP/1.1" 304 -
222.70.181.49 - - [05/Feb/2023:10:39:41 +0800] "GET /xingrg/javascript/jquery_easy_ui/themes/icon.css HTTP/1.1" 304 -
222.70.181.49 - - [05/Feb/2023:10:39:41 +0800] "GET /xingrg/javascript/jquery-1.4.2.min.js HTTP/1.1" 304 -
222.70.181.49 - - [05/Feb/2023:10:39:41 +0800] "GET /xingrg/javascript/jquery.utils.js HTTP/1.1" 304 -
222.70.181.49 - - [05/Feb/2023:10:39:41 +0800] "GET /xingrg/javascript/jquery_easy_ui/easyui-lang-zh_CN.js HTTP/1.1" 304 -
222.70.181.49 - - [05/Feb/2023:10:39:41 +0800] "GET /xingrg/javascript/jquery_easy_ui/themes/default/easyui.css HTTP/1.1" 304 -
222.70.181.49 - - [05/Feb/2023:10:39:41 +0800] "GET /xingrg/javascript/jquery_easy_ui/jquery.easyui.min.js HTTP/1.1" 304 -
222.70.181.49 - - [05/Feb/2023:10:39:41 +0800] "GET /xingrg/javascript/jquery.timers.js HTTP/1.1" 304 -
222.70.181.49 - - [05/Feb/2023:10:39:41 +0800] "GET /xingrg/images/blue/jxLogo.png HTTP/1.1" 304 -
222.70.181.49 - - [05/Feb/2023:10:39:41 +0800] "GET /xingrg/javascript/jquery.form.js HTTP/1.1" 304 -
222.70.181.49 - - [05/Feb/2023:10:39:41 +0800] "GET /xingrg/images/blue/navBackgound.jpg HTTP/1.1" 304 -
222.70.181.49 - - [05/Feb/2023:10:39:41 +0800] "GET /xingrg/javascript/jquery_easy_ui/themes/icons/settle_new.png HTTP/1.1" 304 -
222.70.181.49 - - [05/Feb/2023:10:39:41 +0800] "POST /xingrg/all/common/load_tree.html?tree=area_rest_tree_json&manage=1 HTTP/1.1" 200 470
222.70.181.49 - - [05/Feb/2023:10:39:42 +0800] "GET /xingrg/javascript/jquery_easy_ui/themes/default/images/tabs_rightarrow.png HTTP/1.1" 304 -
222.70.181.49 - - [05/Feb/2023:10:39:42 +0800] "GET /xingrg/all/function/internal_message.html?_=1675564805962&CODE_STATE=count HTTP/1.1" 200 11
222.70.181.49 - - [05/Feb/2023:10:39:42 +0800] "GET /xingrg/javascript/jquery_easy_ui/themes/default/images/panel_tool_expand.gif HTTP/1.1" 304 -
222.70.181.49 - - [05/Feb/2023:10:39:42 +0800] "GET /xingrg/check_reg.html?_=1675564805963 HTTP/1.1" 200 22
222.70.181.49 - - [05/Feb/2023:10:39:42 +0800] "GET /xingrg/javascript/jquery_easy_ui/themes/default/images/panel_tool_collapse.gif HTTP/1.1" 304 -
222.70.181.49 - - [05/Feb/2023:10:39:42 +0800] "GET /xingrg/javascript/jquery_easy_ui/themes/default/images/tabs_leftarrow.png HTTP/1.1" 304 -
222.70.181.49 - - [05/Feb/2023:10:39:42 +0800] "GET /xingrg/images/blue/pingpu.png HTTP/1.1" 304 -
222.70.181.49 - - [05/Feb/2023:10:39:42 +0800] "POST /xingrg/load_menu.html HTTP/1.1" 200 9959
218.81.216.21 - - [05/Feb/2023:10:39:42 +0800] "GET /xingrg/all/function/internal_message.html?_=1675564805626&CODE_STATE=getMsg HTTP/1.1" 200 27
120.253.135.82 - - [05/Feb/2023:10:39:43 +0800] "GET /xingrg/all/function/internal_message.html?_=1675564930107&CODE_STATE=getMsg HTTP/1.1" 200 27
120.253.135.82 - - [05/Feb/2023:10:39:43 +0800] "GET /xingrg/check_reg.html?_=1675564930109 HTTP/1.1" 200 22
222.70.181.49 - - [05/Feb/2023:10:39:43 +0800] "POST /xingrg/load_menu.html HTTP/1.1" 200 9242
222.70.181.49 - - [05/Feb/2023:10:39:44 +0800] "GET /xingrg/all/function/internal_message.html?_=1675564806846&CODE_STATE=getMsg HTTP/1.1" 200 27
124.79.72.155 - - [05/Feb/2023:10:39:45 +0800] "POST /xingrg/kc/buy/cgsh_order_operate.html HTTP/1.1" 200 37
101.83.241.55 - - [05/Feb/2023:10:39:45 +0800] "GET /xingrg/kc/buy/cgsh_order_operate.html?command=get_materiel&rest_code=00149&code=00101015026&supplier_code=00100008&order_time=2023-02-05 HTTP/1.1" 200 412
222.70.181.49 - - [05/Feb/2023:10:39:45 +0800] "GET /xingrg/all/report/report_query.html?fileName=dma/new_5.0/yingye/order_list.xml HTTP/1.1" 200 55281
222.70.181.49 - - [05/Feb/2023:10:39:45 +0800] "GET /xingrg/dwr/interface/AjaxReportQueryService.js HTTP/1.1" 200 13203
222.70.181.49 - - [05/Feb/2023:10:39:45 +0800] "GET /xingrg/dwr/util.js HTTP/1.1" 200 35990
222.70.181.49 - - [05/Feb/2023:10:39:45 +0800] "GET /xingrg/dwr/engine.js HTTP/1.1" 200 43631
222.70.181.49 - - [05/Feb/2023:10:39:45 +0800] "POST /xingrg/dwr/call/plaincall/AjaxReportQueryService.getFixDate.dwr HTTP/1.1" 200 111
222.70.181.49 - - [05/Feb/2023:10:39:45 +0800] "POST /xingrg/all/common/load_tree.html?tree=area_station_tree_json&manage=1 HTTP/1.1" 200 460
222.70.181.49 - - [05/Feb/2023:10:39:46 +0800] "POST /xingrg/dwr/call/plaincall/AjaxReportQueryService.getInitString.dwr HTTP/1.1" 200 76
124.79.72.155 - - [05/Feb/2023:10:39:49 +0800] "POST /xingrg/kc/buy/cgsh_order_operate.html HTTP/1.1" 200 13916
124.79.72.155 - - [05/Feb/2023:10:39:50 +0800] "GET /xingrg/kc/print/load_config.html?kc_code=cgsh HTTP/1.1" 200 1943
124.79.72.155 - - [05/Feb/2023:10:39:51 +0800] "GET /xingrg/kc/print/load_data.html?order_code=212023020501238&kc_code=cgsh&condition= HTTP/1.1" 200 4985
222.70.181.49 - - [05/Feb/2023:10:39:51 +0800] "POST /xingrg/dwr/call/plaincall/AjaxReportQueryService.queryInitializeString.dwr HTTP/1.1" 200 327
222.70.181.49 - - [05/Feb/2023:10:39:52 +0800] "POST /xingrg/dwr/call/plaincall/AjaxReportQueryService.refreshCache.dwr HTTP/1.1" 200 78
222.70.181.49 - - [05/Feb/2023:10:39:53 +0800] "POST /xingrg/all/report/load_report_page.html HTTP/1.1" 200 72280
222.70.181.49 - - [05/Feb/2023:10:39:53 +0800] "GET /xingrg/images/blue/button/back2.gif HTTP/1.1" 200 1339
222.70.181.49 - - [05/Feb/2023:10:39:53 +0800] "GET /xingrg/images/blue/button/back.gif HTTP/1.1" 200 1352
222.70.181.49 - - [05/Feb/2023:10:39:53 +0800] "GET /xingrg/servlets/image?cache=0.6855962884697702&image=px HTTP/1.1" 200 807
114.88.159.190 - - [05/Feb/2023:10:39:54 +0800] "GET /xingrg/all/function/internal_message.html?_=1675564385777&CODE_STATE=getMsg HTTP/1.1" 200 27
120.253.135.82 - - [05/Feb/2023:10:39:57 +0800] "GET /xingrg/all/function/internal_message.html?_=1675564634592&CODE_STATE=getMsg HTTP/1.1" 200 27
58.40.7.146 - - [05/Feb/2023:10:39:59 +0800] "GET /xingrg/all/function/internal_message.html?_=1675564820704&CODE_STATE=getMsg HTTP/1.1" 200 27
101.83.145.75 - - [05/Feb/2023:10:39:59 +0800] "GET /xingrg/all/function/internal_message.html?_=1675564825753&CODE_STATE=getMsg HTTP/1.1" 200 27
101.83.241.55 - - [05/Feb/2023:10:40:04 +0800] "GET /xingrg/kc/buy/cgsh_order_operate.html?command=get_materiel&rest_code=00149&code=00101008103&supplier_code=00100008&order_time=2023-02-05 HTTP/1.1" 200 416
114.88.159.190 - - [05/Feb/2023:10:40:06 +0800] "POST /xingrg/kc/buy/cgsh_order_operate.html HTTP/1.1" 200 75
58.221.95.50 - - [05/Feb/2023:10:40:06 +0800] "GET /xingrg/all/function/internal_message.html?_=1675564828511&CODE_STATE=getMsg HTTP/1.1" 200 27
116.238.139.35 - - [05/Feb/2023:10:40:10 +0800] "GET /xingrg/all/function/internal_message.html?_=1675564833035&CODE_STATE=getMsg HTTP/1.1" 200 27
222.70.181.49 - - [05/Feb/2023:10:40:10 +0800] "POST /xingrg/all/report/load_report_page.html HTTP/1.1" 200 54031
222.70.181.49 - - [05/Feb/2023:10:40:11 +0800] "GET /xingrg/images/blue/button/advance.gif HTTP/1.1" 200 1354
222.70.181.49 - - [05/Feb/2023:10:40:11 +0800] "GET /xingrg/images/blue/button/advance2.gif HTTP/1.1" 200 1338
222.70.181.49 - - [05/Feb/2023:10:40:11 +0800] "GET /xingrg/servlets/image?cache=0.9026271330347099&image=px HTTP/1.1" 200 807
101.83.241.55 - - [05/Feb/2023:10:40:11 +0800] "GET /xingrg/all/function/internal_message.html?_=1675564832832&CODE_STATE=getMsg HTTP/1.1" 200 27
180.169.147.146 - - [05/Feb/2023:10:40:16 +0800] "POST /xingrg/kc/cost/cost_operate.html HTTP/1.1" 200 4
101.83.241.55 - - [05/Feb/2023:10:40:20 +0800] "GET /xingrg/kc/buy/cgsh_order_operate.html?command=get_materiel&rest_code=00149&code=00101008285&supplier_code=00100008&order_time=2023-02-05 HTTP/1.1" 200 413
114.83.222.182 - - [05/Feb/2023:10:40:22 +0800] "GET /xingrg/all/function/internal_message.html?_=1675564947194&CODE_STATE=getMsg HTTP/1.1" 200 27
116.238.139.35 - - [05/Feb/2023:10:40:32 +0800] "GET /xingrg/all/function/internal_message.html?_=1675564782393&CODE_STATE=getMsg HTTP/1.1" 200 27
124.79.72.155 - - [05/Feb/2023:10:40:35 +0800] "GET /xingrg/all/function/internal_message.html?_=1675564856818&CODE_STATE=getMsg HTTP/1.1" 200 27
101.83.241.55 - - [05/Feb/2023:10:40:36 +0800] "GET /xingrg/kc/buy/cgsh_order_operate.html?command=get_materiel&rest_code=00149&code=00101008298&supplier_code=00100008&order_time=2023-02-05 HTTP/1.1" 200 431
218.81.216.21 - - [05/Feb/2023:10:40:42 +0800] "GET /xingrg/all/function/internal_message.html?_=1675564865964&CODE_STATE=getMsg HTTP/1.1" 200 27
120.253.135.82 - - [05/Feb/2023:10:40:43 +0800] "GET /xingrg/all/function/internal_message.html?_=1675564990110&CODE_STATE=getMsg HTTP/1.1" 200 27
222.70.181.49 - - [05/Feb/2023:10:40:44 +0800] "GET /xingrg/all/function/internal_message.html?_=1675564866847&CODE_STATE=getMsg HTTP/1.1" 200 27
101.83.241.55 - - [05/Feb/2023:10:40:51 +0800] "POST /xingrg/kc/buy/cgsh_order_operate.html HTTP/1.1" 200 37
114.88.159.190 - - [05/Feb/2023:10:40:54 +0800] "GET /xingrg/all/function/internal_message.html?_=1675564446102&CODE_STATE=getMsg HTTP/1.1" 200 27
101.83.241.55 - - [05/Feb/2023:10:40:55 +0800] "POST /xingrg/kc/buy/cgsh_order_operate.html HTTP/1.1" 200 36362
120.253.135.82 - - [05/Feb/2023:10:40:57 +0800] "GET /xingrg/all/function/internal_message.html?_=1675564694605&CODE_STATE=getMsg HTTP/1.1" 200 27
58.40.7.146 - - [05/Feb/2023:10:40:59 +0800] "GET /xingrg/all/function/internal_message.html?_=1675564880707&CODE_STATE=getMsg HTTP/1.1" 200 27
101.83.145.75 - - [05/Feb/2023:10:40:59 +0800] "GET /xingrg/all/function/internal_message.html?_=1675564885753&CODE_STATE=getMsg HTTP/1.1" 200 27
58.221.95.50 - - [05/Feb/2023:10:41:06 +0800] "GET /xingrg/all/function/internal_message.html?_=1675564888497&CODE_STATE=getMsg HTTP/1.1" 200 27
116.238.139.35 - - [05/Feb/2023:10:41:10 +0800] "GET /xingrg/check_reg.html?_=1675564893038 HTTP/1.1" 200 22
116.238.139.35 - - [05/Feb/2023:10:41:10 +0800] "GET /xingrg/all/function/internal_message.html?_=1675564893043&CODE_STATE=getMsg HTTP/1.1" 200 27
101.83.241.55 - - [05/Feb/2023:10:41:11 +0800] "GET /xingrg/all/function/internal_message.html?_=1675564892825&CODE_STATE=getMsg HTTP/1.1" 200 27
124.79.72.155 - - [05/Feb/2023:10:41:12 +0800] "GET /xingrg/kc/buy/cgsh_order_add.html HTTP/1.1" 200 69783
124.79.72.155 - - [05/Feb/2023:10:41:13 +0800] "POST /xingrg/kc/buy/cgsh_order_operate.html HTTP/1.1" 200 8245
124.79.72.155 - - [05/Feb/2023:10:41:13 +0800] "GET /xingrg/all/common/auto_word.html?type=employee&rest_code=00156 HTTP/1.1" 200 97
124.79.72.155 - - [05/Feb/2023:10:41:13 +0800] "GET /xingrg/all/common/auto_word.html?type=employee&rest_code=00156 HTTP/1.1" 200 97
124.79.72.155 - - [05/Feb/2023:10:41:13 +0800] "GET /xingrg/javascript/easyui/themes/default/validatebox.css HTTP/1.1" 404 1104
124.79.72.155 - - [05/Feb/2023:10:41:18 +0800] "GET /xingrg/javascript/jquery_tools/images/prev.gif HTTP/1.1" 404 1086
124.79.72.155 - - [05/Feb/2023:10:41:18 +0800] "GET /xingrg/javascript/jquery_tools/images/next.gif HTTP/1.1" 404 1086
124.79.72.155 - - [05/Feb/2023:10:41:20 +0800] "GET /xingrg/javascript/easyui/themes/default/tree.css HTTP/1.1" 404 1090
124.79.72.155 - - [05/Feb/2023:10:41:21 +0800] "POST /xingrg/all/common/load_tree.html?tree=supplier_tree_json&isDelete=1 HTTP/1.1" 200 70488
116.238.139.35 - - [05/Feb/2023:10:41:21 +0800] "GET /xingrg/check_reg.html?_=1675564831585 HTTP/1.1" 200 22
114.83.222.182 - - [05/Feb/2023:10:41:22 +0800] "GET /xingrg/all/function/internal_message.html?_=1675565007167&CODE_STATE=getMsg HTTP/1.1" 200 27
114.88.159.190 - - [05/Feb/2023:10:41:25 +0800] "POST /xingrg/kc/buy/cgsh_order_operate.html HTTP/1.1" 200 37
114.88.159.190 - - [05/Feb/2023:10:41:27 +0800] "POST /xingrg/kc/buy/cgsh_order_operate.html HTTP/1.1" 200 36323
114.88.159.190 - - [05/Feb/2023:10:41:31 +0800] "GET /xingrg/login.html HTTP/1.1" 200 7641
114.88.159.190 - - [05/Feb/2023:10:41:32 +0800] "GET /favicon.ico HTTP/1.1" 404 -
116.238.139.35 - - [05/Feb/2023:10:41:32 +0800] "GET /xingrg/all/function/internal_message.html?_=1675564842396&CODE_STATE=getMsg HTTP/1.1" 200 27
114.88.159.190 - - [05/Feb/2023:10:41:33 +0800] "POST /xingrg/login.do HTTP/1.1" 302 -
114.88.159.190 - - [05/Feb/2023:10:41:33 +0800] "GET /xingrg/index.html?sysBaseUrl=http%3A%2F%2F180.169.147.146%3A18081%2Fxingrg%2F&costTime=40×tamp=1675564893398 HTTP/1.1" 200 17179
114.88.159.190 - - [05/Feb/2023:10:41:33 +0800] "POST /xingrg/all/common/load_tree.html?tree=area_rest_tree_json&manage=1 HTTP/1.1" 200 351
114.88.159.190 - - [05/Feb/2023:10:41:33 +0800] "GET /xingrg/check_reg.html?_=1675564485134 HTTP/1.1" 200 22
114.88.159.190 - - [05/Feb/2023:10:41:33 +0800] "GET /xingrg/all/function/internal_message.html?_=1675564485133&CODE_STATE=count HTTP/1.1" 200 11
114.88.159.190 - - [05/Feb/2023:10:41:33 +0800] "GET /favicon.ico HTTP/1.1" 404 -
114.88.159.190 - - [05/Feb/2023:10:41:33 +0800] "POST /xingrg/load_menu.html HTTP/1.1" 200 5138
124.79.72.155 - - [05/Feb/2023:10:41:35 +0800] "GET /xingrg/all/function/internal_message.html?_=1675564916817&CODE_STATE=getMsg HTTP/1.1" 200 27
114.88.159.190 - - [05/Feb/2023:10:41:37 +0800] "GET /xingrg/kc/buy/buy_main.html HTTP/1.1" 200 12412
114.88.159.190 - - [05/Feb/2023:10:41:37 +0800] "GET /xingrg/css/new_ie.css HTTP/1.1" 404 1036
114.88.159.190 - - [05/Feb/2023:10:41:38 +0800] "GET /xingrg/images/yd/bt.gif HTTP/1.1" 404 1040
114.88.159.190 - - [05/Feb/2023:10:41:38 +0800] "GET /xingrg/kc/buy/cgsh_order_list.html HTTP/1.1" 200 53928
114.88.159.190 - - [05/Feb/2023:10:41:39 +0800] "GET /xingrg/javascript/jquery_tools/images/next.gif HTTP/1.1" 404 1086
114.88.159.190 - - [05/Feb/2023:10:41:39 +0800] "GET /xingrg/javascript/jquery_tools/images/prev.gif HTTP/1.1" 404 1086
114.88.159.190 - - [05/Feb/2023:10:41:41 +0800] "POST /xingrg/kc/buy/cgsh_list_operate.html HTTP/1.1" 200 1869
218.81.216.21 - - [05/Feb/2023:10:41:42 +0800] "GET /xingrg/all/function/internal_message.html?_=1675564925967&CODE_STATE=getMsg HTTP/1.1" 200 27
120.253.135.82 - - [05/Feb/2023:10:41:43 +0800] "GET /xingrg/all/function/internal_message.html?_=1675565050110&CODE_STATE=getMsg HTTP/1.1" 200 27
222.70.181.49 - - [05/Feb/2023:10:41:44 +0800] "GET /xingrg/all/function/internal_message.html?_=1675564926851&CODE_STATE=getMsg HTTP/1.1" 200 27
222.70.181.49 - - [05/Feb/2023:10:41:44 +0800] "GET /xingrg/check_reg.html?_=1675564926848 HTTP/1.1" 200 22
114.88.159.190 - - [05/Feb/2023:10:41:47 +0800] "POST /xingrg/kc/buy/cgsh_list_operate.html HTTP/1.1" 200 565
120.253.135.82 - - [05/Feb/2023:10:41:57 +0800] "GET /xingrg/all/function/internal_message.html?_=1675564754639&CODE_STATE=getMsg HTTP/1.1" 200 27
58.40.7.146 - - [05/Feb/2023:10:41:59 +0800] "GET /xingrg/check_reg.html?_=1675564940693 HTTP/1.1" 200 22
58.40.7.146 - - [05/Feb/2023:10:41:59 +0800] "GET /xingrg/all/function/internal_message.html?_=1675564940696&CODE_STATE=getMsg HTTP/1.1" 200 27
101.83.145.75 - - [05/Feb/2023:10:41:59 +0800] "GET /xingrg/check_reg.html?_=1675564945753 HTTP/1.1" 200 22
101.83.145.75 - - [05/Feb/2023:10:41:59 +0800] "GET /xingrg/all/function/internal_message.html?_=1675564945757&CODE_STATE=getMsg HTTP/1.1" 200 27
58.221.95.50 - - [05/Feb/2023:10:42:06 +0800] "GET /xingrg/all/function/internal_message.html?_=1675564948479&CODE_STATE=getMsg HTTP/1.1" 200 27
101.83.241.55 - - [05/Feb/2023:10:42:10 +0800] "POST /xingrg/kc/buy/cgsh_order_operate.html HTTP/1.1" 200 37
116.238.139.35 - - [05/Feb/2023:10:42:10 +0800] "GET /xingrg/all/function/internal_message.html?_=1675564953041&CODE_STATE=getMsg HTTP/1.1" 200 27
124.79.72.155 - - [05/Feb/2023:10:42:14 +0800] "GET /xingrg/javascript/auto/indicator.gif HTTP/1.1" 404 1066
101.83.241.55 - - [05/Feb/2023:10:42:17 +0800] "GET /xingrg/all/function/internal_message.html?_=1675564959594&CODE_STATE=getMsg HTTP/1.1" 200 27
101.83.241.55 - - [05/Feb/2023:10:42:17 +0800] "GET /xingrg/check_reg.html?_=1675564959592 HTTP/1.1" 200 22
101.83.241.55 - - [05/Feb/2023:10:42:21 +0800] "POST /xingrg/kc/buy/cgsh_order_operate.html HTTP/1.1" 200 12
124.79.72.155 - - [05/Feb/2023:10:42:22 +0800] "GET /xingrg/kc/buy/cgsh_order_operate.html?command=get_materiel&rest_code=00156&code=00101007076&supplier_code=00100012&order_time=2023-02-05 HTTP/1.1" 200 409
114.83.222.182 - - [05/Feb/2023:10:42:22 +0800] "GET /xingrg/all/function/internal_message.html?_=1675565067142&CODE_STATE=getMsg HTTP/1.1" 200 27
101.83.241.55 - - [05/Feb/2023:10:42:22 +0800] "GET /xingrg/kc/buy/cgsh_order_info.html?code=212023020501240 HTTP/1.1" 200 64694
