124.78.154.177 - - [05/Feb/2023:11:41:46 +0800] "GET /xingrg/dwr/interface/AjaxReportQueryService.js HTTP/1.1" 200 13203
124.78.154.177 - - [05/Feb/2023:11:41:46 +0800] "GET /xingrg/dwr/interface/AjaxQqpsService.js HTTP/1.1" 200 16326
124.78.154.177 - - [05/Feb/2023:11:41:46 +0800] "GET /xingrg/dwr/engine.js HTTP/1.1" 200 43631
116.238.139.35 - - [05/Feb/2023:11:41:46 +0800] "POST /xingrg/dwr/call/plaincall/AjaxComOrderService.getMaterielSearchList.dwr HTTP/1.1" 200 25122
116.238.139.35 - - [05/Feb/2023:11:41:46 +0800] "POST /xingrg/dwr/call/plaincall/AjaxComOrderService.getMaterielSearchList.dwr HTTP/1.1" 200 1282
116.238.139.35 - - [05/Feb/2023:11:41:48 +0800] "POST /xingrg/dwr/call/plaincall/AjaxYddbService.getMaterielByMap.dwr HTTP/1.1" 200 2358
124.78.154.177 - - [05/Feb/2023:11:41:48 +0800] "GET /xingrg/kc/mdqp/qqps_order_info.html?code=302023020500068 HTTP/1.1" 200 28400
124.78.154.177 - - [05/Feb/2023:11:41:48 +0800] "GET /xingrg/dwr/interface/AjaxComOrderService.js HTTP/1.1" 200 18264
124.78.154.177 - - [05/Feb/2023:11:41:48 +0800] "GET /xingrg/dwr/interface/AjaxQqpsService.js HTTP/1.1" 200 16326
124.78.154.177 - - [05/Feb/2023:11:41:48 +0800] "GET /xingrg/dwr/engine.js HTTP/1.1" 200 43631
124.78.154.177 - - [05/Feb/2023:11:41:49 +0800] "POST /xingrg/dwr/call/plaincall/AjaxQqpsService.loadMaterielItems.dwr HTTP/1.1" 200 612
180.157.253.110 - - [05/Feb/2023:11:41:49 +0800] "GET /xingrg/javascript/auto/indicator.gif HTTP/1.1" 404 1066
180.157.253.110 - - [05/Feb/2023:11:41:50 +0800] "GET /xingrg/javascript/jquery_tools/images/prev.gif HTTP/1.1" 404 1086
180.157.253.110 - - [05/Feb/2023:11:41:50 +0800] "GET /xingrg/javascript/jquery_tools/images/next.gif HTTP/1.1" 404 1086
116.238.139.35 - - [05/Feb/2023:11:41:50 +0800] "POST /xingrg/dwr/call/plaincall/AjaxYddbService.saveMaterielItem.dwr HTTP/1.1" 200 79
101.83.145.75 - - [05/Feb/2023:11:41:52 +0800] "GET /xingrg/kc/buy/cgsh_order_operate.html?command=get_materiel&rest_code=00105&code=00101010209&supplier_code=00100322&order_time=2023-02-05 HTTP/1.1" 200 439
116.238.139.35 - - [05/Feb/2023:11:41:53 +0800] "POST /xingrg/dwr/call/plaincall/AjaxComOrderService.getMaterielSearchList.dwr HTTP/1.1" 200 18114
180.169.147.146 - - [05/Feb/2023:11:41:54 +0800] "GET /xingrg/all/function/internal_message.html?_=1675568535600&CODE_STATE=getMsg HTTP/1.1" 200 27
180.169.147.146 - - [05/Feb/2023:11:41:54 +0800] "GET /xingrg/check_reg.html?_=1675568535601 HTTP/1.1" 200 22
101.83.145.75 - - [05/Feb/2023:11:41:54 +0800] "POST /xingrg/all/common/load_select.html HTTP/1.1" 200 25
116.238.139.35 - - [05/Feb/2023:11:41:54 +0800] "POST /xingrg/dwr/call/plaincall/AjaxComOrderService.getMaterielSearchList.dwr HTTP/1.1" 200 714
116.238.139.35 - - [05/Feb/2023:11:41:55 +0800] "POST /xingrg/dwr/call/plaincall/AjaxYddbService.getMaterielByMap.dwr HTTP/1.1" 200 2378
218.81.216.21 - - [05/Feb/2023:11:41:55 +0800] "GET /xingrg/all/function/internal_message.html?_=1675568539152&CODE_STATE=getMsg HTTP/1.1" 200 27
116.238.139.35 - - [05/Feb/2023:11:41:56 +0800] "POST /xingrg/dwr/call/plaincall/AjaxYddbService.getUnitPrice.dwr HTTP/1.1" 200 88
116.238.139.35 - - [05/Feb/2023:11:41:57 +0800] "POST /xingrg/dwr/call/plaincall/AjaxYddbService.saveMaterielItem.dwr HTTP/1.1" 200 79
124.78.154.177 - - [05/Feb/2023:11:41:58 +0800] "GET /xingrg/kc/mdqp/qqps_order_add.html HTTP/1.1" 200 28238
101.83.145.75 - - [05/Feb/2023:11:41:58 +0800] "GET /xingrg/kc/buy/cgsh_order_operate.html?command=get_materiel_price&rest_code=00105&code=00101010209&unit_code=00100076&supplier_code=00100322&order_time=2023-02-05 HTTP/1.1" 200 30
124.78.154.177 - - [05/Feb/2023:11:41:58 +0800] "GET /xingrg/dwr/interface/AjaxComOrderService.js HTTP/1.1" 200 18264
124.78.154.177 - - [05/Feb/2023:11:41:58 +0800] "GET /xingrg/dwr/interface/AjaxQqpsService.js HTTP/1.1" 200 16326
124.78.154.177 - - [05/Feb/2023:11:41:58 +0800] "GET /xingrg/dwr/engine.js HTTP/1.1" 200 43631
58.40.7.146 - - [05/Feb/2023:11:41:59 +0800] "GET /xingrg/check_reg.html?_=1675568540717 HTTP/1.1" 200 22
58.40.7.146 - - [05/Feb/2023:11:41:59 +0800] "GET /xingrg/all/function/internal_message.html?_=1675568540718&CODE_STATE=getMsg HTTP/1.1" 200 27
120.253.135.82 - - [05/Feb/2023:11:41:59 +0800] "GET /xingrg/all/function/internal_message.html?_=1675568356538&CODE_STATE=getMsg HTTP/1.1" 200 27
116.238.139.35 - - [05/Feb/2023:11:42:01 +0800] "POST /xingrg/dwr/call/plaincall/AjaxComOrderService.getMaterielSearchList.dwr HTTP/1.1" 200 572
116.238.139.35 - - [05/Feb/2023:11:42:01 +0800] "POST /xingrg/dwr/call/plaincall/AjaxComOrderService.getMaterielSearchList.dwr HTTP/1.1" 200 572
180.157.253.110 - - [05/Feb/2023:11:42:01 +0800] "GET /xingrg/kc/buy/cgsh_order_operate.html?command=get_materiel&rest_code=00148&code=00101008256&supplier_code=00100008&order_time=2023-02-05 HTTP/1.1" 200 413
116.238.139.35 - - [05/Feb/2023:11:42:03 +0800] "POST /xingrg/dwr/call/plaincall/AjaxYddbService.getMaterielByMap.dwr HTTP/1.1" 200 2295
116.230.105.139 - - [05/Feb/2023:11:42:04 +0800] "GET /favicon.ico HTTP/1.1" 404 -
101.83.145.75 - - [05/Feb/2023:11:42:05 +0800] "GET /xingrg/all/function/internal_message.html?_=1675568551437&CODE_STATE=getMsg HTTP/1.1" 200 27
116.230.105.139 - - [05/Feb/2023:11:42:05 +0800] "GET /xingrg/index.html?sysBaseUrl=http%3A%2F%2F180.169.147.146%3A18081%2Fxingrg%2F&costTime=1277×tamp=1606817596806 HTTP/1.1" 302 -
116.230.105.139 - - [05/Feb/2023:11:42:05 +0800] "GET /xingrg/login.html HTTP/1.1" 200 7641
58.221.95.50 - - [05/Feb/2023:11:42:05 +0800] "GET /xingrg/all/function/internal_message.html?_=1675568547459&CODE_STATE=getMsg HTTP/1.1" 200 27
116.230.105.139 - - [05/Feb/2023:11:42:06 +0800] "GET /favicon.ico HTTP/1.1" 404 -
116.238.139.35 - - [05/Feb/2023:11:42:08 +0800] "POST /xingrg/dwr/call/plaincall/AjaxYddbService.saveMaterielItem.dwr HTTP/1.1" 200 79
101.83.145.75 - - [05/Feb/2023:11:42:09 +0800] "POST /xingrg/kc/buy/cgsh_order_operate.html HTTP/1.1" 200 37
180.157.253.110 - - [05/Feb/2023:11:42:10 +0800] "GET /xingrg/all/function/internal_message.html?_=1675568553049&CODE_STATE=getMsg HTTP/1.1" 200 27
124.78.154.177 - - [05/Feb/2023:11:42:11 +0800] "POST /xingrg/dwr/call/plaincall/AjaxQqpsService.saveOrder.dwr HTTP/1.1" 200 78
180.157.253.110 - - [05/Feb/2023:11:42:11 +0800] "GET /xingrg/kc/buy/cgsh_order_operate.html?command=get_materiel&rest_code=00148&code=00101008257&supplier_code=00100008&order_time=2023-02-05 HTTP/1.1" 200 416
124.78.154.177 - - [05/Feb/2023:11:42:13 +0800] "GET /xingrg/javascript/auto/indicator.gif HTTP/1.1" 404 1066
116.238.139.35 - - [05/Feb/2023:11:42:13 +0800] "POST /xingrg/dwr/call/plaincall/AjaxComOrderService.getMaterielSearchList.dwr HTTP/1.1" 200 19357
116.238.139.35 - - [05/Feb/2023:11:42:14 +0800] "POST /xingrg/dwr/call/plaincall/AjaxComOrderService.getMaterielSearchList.dwr HTTP/1.1" 200 6188
116.238.139.35 - - [05/Feb/2023:11:42:16 +0800] "POST /xingrg/dwr/call/plaincall/AjaxYddbService.getMaterielByMap.dwr HTTP/1.1" 200 2345
116.230.105.139 - - [05/Feb/2023:11:42:16 +0800] "POST /xingrg/login.do HTTP/1.1" 302 -
116.230.105.139 - - [05/Feb/2023:11:42:16 +0800] "GET /xingrg/index.html?sysBaseUrl=http%3A%2F%2F180.169.147.146%3A18081%2Fxingrg%2F&costTime=40×tamp=1675568536165 HTTP/1.1" 200 17179
116.230.105.139 - - [05/Feb/2023:11:42:16 +0800] "GET /favicon.ico HTTP/1.1" 404 -
116.230.105.139 - - [05/Feb/2023:11:42:16 +0800] "POST /xingrg/all/common/load_tree.html?tree=area_rest_tree_json&manage=1 HTTP/1.1" 200 479
116.230.105.139 - - [05/Feb/2023:11:42:16 +0800] "GET /xingrg/check_reg.html?_=1675568557464 HTTP/1.1" 200 22
116.230.105.139 - - [05/Feb/2023:11:42:16 +0800] "GET /xingrg/all/function/internal_message.html?_=1675568557463&CODE_STATE=count HTTP/1.1" 200 11
116.230.105.139 - - [05/Feb/2023:11:42:16 +0800] "POST /xingrg/load_menu.html HTTP/1.1" 200 5138
114.88.159.190 - - [05/Feb/2023:11:42:16 +0800] "GET /xingrg/kc/buy/cgsh_order_add.html HTTP/1.1" 200 69703
101.83.241.55 - - [05/Feb/2023:11:42:16 +0800] "GET /xingrg/all/function/internal_message.html?_=1675568558516&CODE_STATE=getMsg HTTP/1.1" 200 27
101.83.145.75 - - [05/Feb/2023:11:42:17 +0800] "POST /xingrg/kc/buy/cgsh_order_operate.html HTTP/1.1" 200 2678
116.238.139.35 - - [05/Feb/2023:11:42:17 +0800] "POST /xingrg/dwr/call/plaincall/AjaxYddbService.saveMaterielItem.dwr HTTP/1.1" 200 79
114.88.159.190 - - [05/Feb/2023:11:42:17 +0800] "POST /xingrg/kc/buy/cgsh_order_operate.html HTTP/1.1" 200 8245
114.88.159.190 - - [05/Feb/2023:11:42:17 +0800] "GET /xingrg/javascript/easyui/themes/default/validatebox.css HTTP/1.1" 404 1104
101.83.241.55 - - [05/Feb/2023:11:42:17 +0800] "GET /xingrg/check_reg.html?_=1675568559525 HTTP/1.1" 200 22
116.230.105.139 - - [05/Feb/2023:11:42:18 +0800] "GET /xingrg/kc/buy/buy_main.html HTTP/1.1" 200 12412
116.230.105.139 - - [05/Feb/2023:11:42:18 +0800] "GET /xingrg/css/new_ie.css HTTP/1.1" 404 1036
180.157.253.110 - - [05/Feb/2023:11:42:18 +0800] "GET /xingrg/kc/buy/cgsh_order_operate.html?command=get_materiel&rest_code=00148&code=00101008155&supplier_code=00100008&order_time=2023-02-05 HTTP/1.1" 200 408
116.230.105.139 - - [05/Feb/2023:11:42:18 +0800] "GET /xingrg/images/yd/bt.gif HTTP/1.1" 404 1040
101.83.145.75 - - [05/Feb/2023:11:42:19 +0800] "GET /xingrg/kc/print/load_data.html?order_code=212023020501290&kc_code=cgsh&condition= HTTP/1.1" 200 682
116.230.105.139 - - [05/Feb/2023:11:42:19 +0800] "GET /xingrg/kc/buy/cgsh_order_list.html HTTP/1.1" 200 53928
124.78.154.177 - - [05/Feb/2023:11:42:21 +0800] "POST /xingrg/dwr/call/plaincall/AjaxQqpsService.getMaterielByCode.dwr HTTP/1.1" 200 2745
114.83.222.182 - - [05/Feb/2023:11:42:21 +0800] "GET /xingrg/all/function/internal_message.html?_=1675568666192&CODE_STATE=getMsg HTTP/1.1" 200 27
116.230.105.139 - - [05/Feb/2023:11:42:21 +0800] "POST /xingrg/kc/buy/cgsh_list_operate.html HTTP/1.1" 200 986
101.83.145.75 - - [05/Feb/2023:11:42:22 +0800] "GET /xingrg/kc/buy/cgsh_order_add.html HTTP/1.1" 200 69786
101.83.145.75 - - [05/Feb/2023:11:42:22 +0800] "POST /xingrg/kc/buy/cgsh_order_operate.html HTTP/1.1" 200 8245
101.83.145.75 - - [05/Feb/2023:11:42:22 +0800] "GET /xingrg/javascript/easyui/themes/default/validatebox.css HTTP/1.1" 404 1104
124.78.154.177 - - [05/Feb/2023:11:42:25 +0800] "POST /xingrg/dwr/call/plaincall/AjaxQqpsService.saveMaterielItem.dwr HTTP/1.1" 200 78
180.157.253.110 - - [05/Feb/2023:11:42:26 +0800] "GET /xingrg/kc/buy/cgsh_order_operate.html?command=get_materiel&rest_code=00148&code=00101008350&supplier_code=00100008&order_time=2023-02-05 HTTP/1.1" 200 408
114.88.159.190 - - [05/Feb/2023:11:42:26 +0800] "GET /xingrg/kc/buy/cgsh_order_operate.html?command=get_materiel&rest_code=00141&code=00101018019&supplier_code=00100330&order_time=2023-02-05 HTTP/1.1" 200 421
116.238.139.35 - - [05/Feb/2023:11:42:33 +0800] "GET /xingrg/all/function/internal_message.html?_=1675568503427&CODE_STATE=getMsg HTTP/1.1" 200 27
116.230.105.139 - - [05/Feb/2023:11:42:33 +0800] "GET /xingrg/kc/buy/cgsh_order_add.html HTTP/1.1" 200 69710
116.230.105.139 - - [05/Feb/2023:11:42:34 +0800] "GET /xingrg/words/20230202152545_words.js HTTP/1.1" 304 -
116.230.105.139 - - [05/Feb/2023:11:42:34 +0800] "POST /xingrg/kc/buy/cgsh_order_operate.html HTTP/1.1" 200 8245
116.230.105.139 - - [05/Feb/2023:11:42:34 +0800] "GET /xingrg/all/common/auto_word.html?type=employee&rest_code=00155 HTTP/1.1" 200 205
116.230.105.139 - - [05/Feb/2023:11:42:34 +0800] "GET /xingrg/all/common/auto_word.html?type=employee&rest_code=00155 HTTP/1.1" 200 205
116.230.105.139 - - [05/Feb/2023:11:42:34 +0800] "GET /xingrg/javascript/easyui/themes/default/validatebox.css HTTP/1.1" 404 1104
180.157.253.110 - - [05/Feb/2023:11:42:34 +0800] "GET /xingrg/kc/buy/cgsh_order_operate.html?command=get_materiel&rest_code=00148&code=00101008312&supplier_code=00100008&order_time=2023-02-05 HTTP/1.1" 200 412
116.238.139.35 - - [05/Feb/2023:11:42:35 +0800] "GET /xingrg/all/function/internal_message.html?_=1675568578072&CODE_STATE=getMsg HTTP/1.1" 200 27
124.78.154.177 - - [05/Feb/2023:11:42:36 +0800] "POST /xingrg/dwr/call/plaincall/AjaxQqpsService.getMaterielByCode.dwr HTTP/1.1" 200 2728
124.78.154.177 - - [05/Feb/2023:11:42:38 +0800] "POST /xingrg/dwr/call/plaincall/AjaxQqpsService.saveMaterielItem.dwr HTTP/1.1" 200 78
124.78.154.177 - - [05/Feb/2023:11:42:41 +0800] "POST /xingrg/dwr/call/plaincall/AjaxQqpsService.saveOrder.dwr HTTP/1.1" 200 78
180.157.253.110 - - [05/Feb/2023:11:42:43 +0800] "GET /xingrg/kc/buy/cgsh_order_operate.html?command=get_materiel&rest_code=00148&code=00101008038&supplier_code=00100008&order_time=2023-02-05 HTTP/1.1" 200 412
116.230.105.139 - - [05/Feb/2023:11:42:44 +0800] "GET /xingrg/javascript/auto/indicator.gif HTTP/1.1" 404 1066
222.70.181.49 - - [05/Feb/2023:11:42:44 +0800] "GET /xingrg/all/function/internal_message.html?_=1675568586945&CODE_STATE=getMsg HTTP/1.1" 200 27
124.79.72.155 - - [05/Feb/2023:11:42:45 +0800] "GET /xingrg/all/function/internal_message.html?_=1675568587767&CODE_STATE=getMsg HTTP/1.1" 200 27
116.230.105.139 - - [05/Feb/2023:11:42:47 +0800] "GET /xingrg/javascript/jquery_tools/images/prev.gif HTTP/1.1" 404 1086
116.230.105.139 - - [05/Feb/2023:11:42:47 +0800] "GET /xingrg/javascript/jquery_tools/images/next.gif HTTP/1.1" 404 1086
222.64.62.101 - - [05/Feb/2023:11:42:49 +0800] "GET /favicon.ico HTTP/1.1" 404 -
114.88.159.190 - - [05/Feb/2023:11:42:52 +0800] "POST /xingrg/kc/buy/cgsh_order_operate.html HTTP/1.1" 200 37
180.157.253.110 - - [05/Feb/2023:11:42:53 +0800] "GET /xingrg/kc/buy/cgsh_order_operate.html?command=get_materiel&rest_code=00148&code=00101008361&supplier_code=00100008&order_time=2023-02-05 HTTP/1.1" 200 408
180.169.147.146 - - [05/Feb/2023:11:42:54 +0800] "GET /xingrg/all/function/internal_message.html?_=1675568595603&CODE_STATE=getMsg HTTP/1.1" 200 27
124.78.154.177 - - [05/Feb/2023:11:42:54 +0800] "GET /xingrg/check_reg.html?_=1675568596443 HTTP/1.1" 200 22
114.88.159.190 - - [05/Feb/2023:11:42:55 +0800] "POST /xingrg/kc/buy/cgsh_order_operate.html HTTP/1.1" 200 12
218.81.216.21 - - [05/Feb/2023:11:42:56 +0800] "GET /xingrg/all/function/internal_message.html?_=1675568599652&CODE_STATE=getMsg HTTP/1.1" 200 27
116.238.139.35 - - [05/Feb/2023:11:42:56 +0800] "POST /xingrg/dwr/call/plaincall/AjaxYddbService.checkOrder.dwr HTTP/1.1" 200 285
114.88.159.190 - - [05/Feb/2023:11:42:56 +0800] "GET /xingrg/kc/buy/cgsh_order_info.html?code=212023020501291 HTTP/1.1" 200 64612
124.78.154.177 - - [05/Feb/2023:11:42:56 +0800] "GET /xingrg/all/function/internal_message.html?_=1675568598707&CODE_STATE=getMsg HTTP/1.1" 200 27
114.88.159.190 - - [05/Feb/2023:11:42:57 +0800] "GET /xingrg/javascript/easyui/themes/default/validatebox.css HTTP/1.1" 404 1104
114.88.159.190 - - [05/Feb/2023:11:42:57 +0800] "POST /xingrg/kc/buy/cgsh_order_operate.html HTTP/1.1" 200 614
114.88.159.190 - - [05/Feb/2023:11:42:58 +0800] "GET /xingrg/kc/print/load_data.html?order_code=212023020501291&kc_code=cgsh&condition= HTTP/1.1" 200 717
58.40.7.146 - - [05/Feb/2023:11:42:59 +0800] "GET /xingrg/all/function/internal_message.html?_=1675568600718&CODE_STATE=getMsg HTTP/1.1" 200 27
120.253.135.82 - - [05/Feb/2023:11:42:59 +0800] "GET /xingrg/all/function/internal_message.html?_=1675568416540&CODE_STATE=getMsg HTTP/1.1" 200 27
116.230.105.139 - - [05/Feb/2023:11:42:59 +0800] "GET /xingrg/kc/buy/cgsh_order_operate.html?command=get_materiel&rest_code=00155&code=00101009113&supplier_code=00100037&order_time=2023-02-05 HTTP/1.1" 200 413
180.157.253.110 - - [05/Feb/2023:11:43:00 +0800] "GET /xingrg/kc/buy/cgsh_order_operate.html?command=get_materiel&rest_code=00148&code=00101008264&supplier_code=00100008&order_time=2023-02-05 HTTP/1.1" 200 412
114.88.159.190 - - [05/Feb/2023:11:43:03 +0800] "GET /xingrg/kc/buy/cgsh_order_add.html HTTP/1.1" 200 69703
114.88.159.190 - - [05/Feb/2023:11:43:03 +0800] "POST /xingrg/kc/buy/cgsh_order_operate.html HTTP/1.1" 200 8245
114.88.159.190 - - [05/Feb/2023:11:43:03 +0800] "GET /xingrg/javascript/easyui/themes/default/validatebox.css HTTP/1.1" 404 1104
101.83.145.75 - - [05/Feb/2023:11:43:05 +0800] "GET /xingrg/all/function/internal_message.html?_=1675568611435&CODE_STATE=getMsg HTTP/1.1" 200 27
101.83.145.75 - - [05/Feb/2023:11:43:05 +0800] "GET /xingrg/check_reg.html?_=1675568611438 HTTP/1.1" 200 22
58.221.95.50 - - [05/Feb/2023:11:43:05 +0800] "GET /xingrg/all/function/internal_message.html?_=1675568607441&CODE_STATE=getMsg HTTP/1.1" 200 27
116.238.139.35 - - [05/Feb/2023:11:43:05 +0800] "POST /xingrg/dwr/call/plaincall/AjaxYddbService.removeMaterielItem.dwr HTTP/1.1" 200 79
58.221.95.50 - - [05/Feb/2023:11:43:07 +0800] "GET /xingrg/check_reg.html?_=1675568609374 HTTP/1.1" 200 22
180.157.253.110 - - [05/Feb/2023:11:43:08 +0800] "GET /xingrg/kc/buy/cgsh_order_operate.html?command=get_materiel&rest_code=00148&code=00101008270&supplier_code=00100008&order_time=2023-02-05 HTTP/1.1" 200 412
116.238.139.35 - - [05/Feb/2023:11:43:09 +0800] "POST /xingrg/dwr/call/plaincall/AjaxYddbService.checkOrder.dwr HTTP/1.1" 200 79
180.157.253.110 - - [05/Feb/2023:11:43:10 +0800] "GET /xingrg/all/function/internal_message.html?_=1675568613042&CODE_STATE=getMsg HTTP/1.1" 200 27
116.238.139.35 - - [05/Feb/2023:11:43:11 +0800] "GET /xingrg/kc/base/yddb_order_info.html?code=482023020500025 HTTP/1.1" 200 31266
116.238.139.35 - - [05/Feb/2023:11:43:14 +0800] "GET /xingrg/dwr/interface/AjaxYddbService.js HTTP/1.1" 200 13201
116.238.139.35 - - [05/Feb/2023:11:43:14 +0800] "GET /xingrg/dwr/engine.js HTTP/1.1" 200 43631
116.230.105.139 - - [05/Feb/2023:11:43:15 +0800] "GET /xingrg/kc/buy/cgsh_order_operate.html?command=get_materiel&rest_code=00155&code=00101015158&supplier_code=00100037&order_time=2023-02-05 HTTP/1.1" 200 422
116.230.105.139 - - [05/Feb/2023:11:43:16 +0800] "GET /xingrg/all/function/internal_message.html?_=1675568617482&CODE_STATE=getMsg HTTP/1.1" 200 27
101.83.241.55 - - [05/Feb/2023:11:43:16 +0800] "GET /xingrg/all/function/internal_message.html?_=1675568618499&CODE_STATE=getMsg HTTP/1.1" 200 27
114.88.159.190 - - [05/Feb/2023:11:43:17 +0800] "GET /xingrg/kc/buy/cgsh_order_operate.html?command=get_materiel&rest_code=00141&code=00101020225&supplier_code=00100485&order_time=2023-02-05 HTTP/1.1" 200 417
116.238.139.35 - - [05/Feb/2023:11:43:17 +0800] "GET /xingrg/dwr/interface/AjaxComOrderService.js HTTP/1.1" 200 18264
116.238.139.35 - - [05/Feb/2023:11:43:17 +0800] "POST /xingrg/dwr/call/plaincall/AjaxYddbService.loadMaterielItems.dwr HTTP/1.1" 200 3840
114.83.222.182 - - [05/Feb/2023:11:43:21 +0800] "GET /xingrg/all/function/internal_message.html?_=1675568726173&CODE_STATE=getMsg HTTP/1.1" 200 27
114.83.222.182 - - [05/Feb/2023:11:43:23 +0800] "GET /xingrg/check_reg.html?_=1675568727921 HTTP/1.1" 200 22
116.238.139.35 - - [05/Feb/2023:11:43:26 +0800] "POST /xingrg/dwr/call/plaincall/AjaxYddbService.saveOrder.dwr HTTP/1.1" 200 78
116.230.105.139 - - [05/Feb/2023:11:43:27 +0800] "GET /xingrg/kc/buy/cgsh_order_operate.html?command=get_materiel&rest_code=00155&code=00101009015&supplier_code=00100037&order_time=2023-02-05 HTTP/1.1" 200 416
116.238.139.35 - - [05/Feb/2023:11:43:29 +0800] "POST /xingrg/dwr/call/plaincall/AjaxYddbService.objCheckOrder.dwr HTTP/1.1" 200 78
180.157.253.110 - - [05/Feb/2023:11:43:30 +0800] "GET /xingrg/kc/buy/cgsh_order_operate.html?command=get_materiel&rest_code=00148&code=00101008196&supplier_code=00100008&order_time=2023-02-05 HTTP/1.1" 200 416
116.238.139.35 - - [05/Feb/2023:11:43:31 +0800] "GET /xingrg/dwr/interface/AjaxComOrderService.js HTTP/1.1" 200 18264
116.238.139.35 - - [05/Feb/2023:11:43:31 +0800] "GET /xingrg/dwr/interface/AjaxYddbService.js HTTP/1.1" 200 13201
116.238.139.35 - - [05/Feb/2023:11:43:31 +0800] "GET /xingrg/kc/base/yddb_order_info.html?code=482023020500025 HTTP/1.1" 200 31387
116.238.139.35 - - [05/Feb/2023:11:43:31 +0800] "GET /xingrg/dwr/engine.js HTTP/1.1" 200 43631
116.238.139.35 - - [05/Feb/2023:11:43:31 +0800] "POST /xingrg/dwr/call/plaincall/AjaxYddbService.loadMaterielItems.dwr HTTP/1.1" 200 3840
116.238.139.35 - - [05/Feb/2023:11:43:33 +0800] "GET /xingrg/all/function/internal_message.html?_=1675568563453&CODE_STATE=getMsg HTTP/1.1" 200 27
101.83.145.75 - - [05/Feb/2023:11:43:34 +0800] "GET /xingrg/kc/buy/cgsh_order_operate.html?command=get_materiel&rest_code=00105&code=00101010082&supplier_code=00100323&order_time=2023-02-05 HTTP/1.1" 200 425
218.81.216.21 - - [05/Feb/2023:11:43:35 +0800] "GET /xingrg/check_reg.html?_=1675568638930 HTTP/1.1" 200 22
116.238.139.35 - - [05/Feb/2023:11:43:35 +0800] "GET /xingrg/all/function/internal_message.html?_=1675568638070&CODE_STATE=getMsg HTTP/1.1" 200 27
114.88.159.190 - - [05/Feb/2023:11:43:37 +0800] "POST /xingrg/kc/buy/cgsh_order_operate.html HTTP/1.1" 200 37
116.230.105.139 - - [05/Feb/2023:11:43:39 +0800] "GET /xingrg/kc/buy/cgsh_order_operate.html?command=get_materiel&rest_code=00155&code=00101008418&supplier_code=00100037&order_time=2023-02-05 HTTP/1.1" 200 412
180.157.253.110 - - [05/Feb/2023:11:43:39 +0800] "GET /xingrg/kc/buy/cgsh_order_operate.html?command=get_materiel&rest_code=00148&code=00101008197&supplier_code=00100008&order_time=2023-02-05 HTTP/1.1" 200 417
114.88.159.190 - - [05/Feb/2023:11:43:41 +0800] "POST /xingrg/kc/buy/cgsh_order_operate.html HTTP/1.1" 200 12
222.70.181.49 - - [05/Feb/2023:11:43:44 +0800] "GET /xingrg/all/function/internal_message.html?_=1675568646945&CODE_STATE=getMsg HTTP/1.1" 200 27
124.79.72.155 - - [05/Feb/2023:11:43:45 +0800] "GET /xingrg/all/function/internal_message.html?_=1675568647748&CODE_STATE=getMsg HTTP/1.1" 200 27
114.88.159.190 - - [05/Feb/2023:11:43:49 +0800] "GET /xingrg/kc/buy/cgsh_order_info.html?code=212023020501292 HTTP/1.1" 200 64608
114.88.159.190 - - [05/Feb/2023:11:43:49 +0800] "GET /xingrg/javascript/easyui/themes/default/validatebox.css HTTP/1.1" 404 1104
114.88.159.190 - - [05/Feb/2023:11:43:50 +0800] "POST /xingrg/kc/buy/cgsh_order_operate.html HTTP/1.1" 200 612
180.169.147.146 - - [05/Feb/2023:11:43:54 +0800] "GET /xingrg/all/function/internal_message.html?_=1675568655599&CODE_STATE=getMsg HTTP/1.1" 200 27
116.230.105.139 - - [05/Feb/2023:11:43:55 +0800] "GET /xingrg/kc/buy/cgsh_order_operate.html?command=get_materiel&rest_code=00155&code=00101011001&supplier_code=00100037&order_time=2023-02-05 HTTP/1.1" 200 423
218.81.216.21 - - [05/Feb/2023:11:43:56 +0800] "GET /xingrg/all/function/internal_message.html?_=1675568659662&CODE_STATE=getMsg HTTP/1.1" 200 27
124.78.154.177 - - [05/Feb/2023:11:43:56 +0800] "GET /xingrg/all/function/internal_message.html?_=1675568658683&CODE_STATE=getMsg HTTP/1.1" 200 27
58.40.7.146 - - [05/Feb/2023:11:43:59 +0800] "GET /xingrg/all/function/internal_message.html?_=1675568660721&CODE_STATE=getMsg HTTP/1.1" 200 27
120.253.135.82 - - [05/Feb/2023:11:43:59 +0800] "GET /xingrg/all/function/internal_message.html?_=1675568476586&CODE_STATE=getMsg HTTP/1.1" 200 27
114.88.159.190 - - [05/Feb/2023:11:44:01 +0800] "GET /xingrg/kc/print/load_data.html?order_code=212023020501292&kc_code=cgsh&condition= HTTP/1.1" 200 707
101.83.145.75 - - [05/Feb/2023:11:44:03 +0800] "GET /xingrg/kc/buy/cgsh_order_operate.html?command=get_materiel&rest_code=00105&code=00101020019&supplier_code=00100323&order_time=2023-02-05 HTTP/1.1" 200 426
124.78.154.177 - - [05/Feb/2023:11:44:04 +0800] "GET /xingrg/kc/mdqp/qp_main.html HTTP/1.1" 200 10633
101.83.145.75 - - [05/Feb/2023:11:44:05 +0800] "GET /xingrg/all/function/internal_message.html?_=1675568671444&CODE_STATE=getMsg HTTP/1.1" 200 27
58.221.95.50 - - [05/Feb/2023:11:44:05 +0800] "GET /xingrg/all/function/internal_message.html?_=1675568667430&CODE_STATE=getMsg HTTP/1.1" 200 27
124.78.154.177 - - [05/Feb/2023:11:44:06 +0800] "GET /xingrg/kc/mdqp/qqps_order_list.html HTTP/1.1" 200 11188
124.78.154.177 - - [05/Feb/2023:11:44:06 +0800] "GET /xingrg/dwr/interface/AjaxReportQueryService.js HTTP/1.1" 200 13203
124.78.154.177 - - [05/Feb/2023:11:44:06 +0800] "GET /xingrg/dwr/engine.js HTTP/1.1" 200 43631
124.78.154.177 - - [05/Feb/2023:11:44:06 +0800] "GET /xingrg/dwr/interface/AjaxQqpsService.js HTTP/1.1" 200 16326
114.88.159.190 - - [05/Feb/2023:11:44:06 +0800] "GET /xingrg/kc/buy/cgsh_order_add.html HTTP/1.1" 200 69703
101.83.145.75 - - [05/Feb/2023:11:44:06 +0800] "POST /xingrg/all/common/load_select.html HTTP/1.1" 200 12
114.88.159.190 - - [05/Feb/2023:11:44:07 +0800] "POST /xingrg/kc/buy/cgsh_order_operate.html HTTP/1.1" 200 8245
114.88.159.190 - - [05/Feb/2023:11:44:07 +0800] "GET /xingrg/javascript/easyui/themes/default/validatebox.css HTTP/1.1" 404 1104
101.83.145.75 - - [05/Feb/2023:11:44:10 +0800] "GET /xingrg/kc/buy/cgsh_order_operate.html?command=get_materiel_price&rest_code=00105&code=00101020019&unit_code=00100013&supplier_code=00100323&order_time=2023-02-05 HTTP/1.1" 200 29
180.157.253.110 - - [05/Feb/2023:11:44:10 +0800] "GET /xingrg/check_reg.html?_=1675568673041 HTTP/1.1" 200 22
180.157.253.110 - - [05/Feb/2023:11:44:10 +0800] "GET /xingrg/all/function/internal_message.html?_=1675568673042&CODE_STATE=getMsg HTTP/1.1" 200 27
116.230.105.139 - - [05/Feb/2023:11:44:12 +0800] "GET /xingrg/kc/buy/cgsh_order_operate.html?command=get_materiel&rest_code=00155&code=00101012009&supplier_code=00100037&order_time=2023-02-05 HTTP/1.1" 200 416
116.230.105.139 - - [05/Feb/2023:11:44:16 +0800] "GET /xingrg/all/function/internal_message.html?_=1675568677482&CODE_STATE=getMsg HTTP/1.1" 200 27
101.83.241.55 - - [05/Feb/2023:11:44:16 +0800] "GET /xingrg/all/function/internal_message.html?_=1675568678491&CODE_STATE=getMsg HTTP/1.1" 200 27
180.157.253.110 - - [05/Feb/2023:11:44:18 +0800] "GET /xingrg/kc/buy/cgsh_order_operate.html?command=get_materiel&rest_code=00148&code=00101008357&supplier_code=00100008&order_time=2023-02-05 HTTP/1.1" 200 408
114.83.222.182 - - [05/Feb/2023:11:44:21 +0800] "GET /xingrg/all/function/internal_message.html?_=1675568786157&CODE_STATE=getMsg HTTP/1.1" 200 27
101.83.145.75 - - [05/Feb/2023:11:44:22 +0800] "GET /xingrg/kc/buy/cgsh_order_operate.html?command=get_materiel&rest_code=00105&code=00101010088&supplier_code=00100323&order_time=2023-02-05 HTTP/1.1" 200 418
114.88.159.190 - - [05/Feb/2023:11:44:26 +0800] "GET /xingrg/kc/buy/cgsh_order_operate.html?command=get_materiel&rest_code=00141&code=00101001029&supplier_code=00100314&order_time=2023-02-05 HTTP/1.1" 200 417
116.230.105.139 - - [05/Feb/2023:11:44:26 +0800] "GET /xingrg/kc/buy/cgsh_order_operate.html?command=get_materiel&rest_code=00155&code=00101019224&supplier_code=00100037&order_time=2023-02-05 HTTP/1.1" 200 428
180.157.253.110 - - [05/Feb/2023:11:44:27 +0800] "GET /xingrg/kc/buy/cgsh_order_operate.html?command=get_materiel&rest_code=00148&code=00101008069&supplier_code=00100008&order_time=2023-02-05 HTTP/1.1" 200 412
120.253.135.82 - - [05/Feb/2023:11:44:29 +0800] "GET /xingrg/check_reg.html?_=1675568506495 HTTP/1.1" 200 22
116.238.139.35 - - [05/Feb/2023:11:44:33 +0800] "GET /xingrg/all/function/internal_message.html?_=1675568623455&CODE_STATE=getMsg HTTP/1.1" 200 27
101.83.145.75 - - [05/Feb/2023:11:44:34 +0800] "GET /xingrg/kc/buy/cgsh_order_operate.html?command=get_materiel&rest_code=00105&code=00101006350&supplier_code=00100323&order_time=2023-02-05 HTTP/1.1" 200 395
180.157.253.110 - - [05/Feb/2023:11:44:34 +0800] "GET /xingrg/kc/buy/cgsh_order_operate.html?command=get_materiel&rest_code=00148&code=00101008036&supplier_code=00100008&order_time=2023-02-05 HTTP/1.1" 200 408
116.238.139.35 - - [05/Feb/2023:11:44:35 +0800] "GET /xingrg/check_reg.html?_=1675568698069 HTTP/1.1" 200 22
116.238.139.35 - - [05/Feb/2023:11:44:35 +0800] "GET /xingrg/all/function/internal_message.html?_=1675568698073&CODE_STATE=getMsg HTTP/1.1" 200 27
116.230.105.139 - - [05/Feb/2023:11:44:37 +0800] "POST /xingrg/kc/buy/cgsh_order_operate.html HTTP/1.1" 200 37
114.88.159.190 - - [05/Feb/2023:11:44:39 +0800] "GET /xingrg/kc/buy/cgsh_order_operate.html?command=get_materiel&rest_code=00141&code=00101001174&supplier_code=00100314&order_time=2023-02-05 HTTP/1.1" 200 414
116.230.105.139 - - [05/Feb/2023:11:44:39 +0800] "POST /xingrg/kc/buy/cgsh_order_operate.html HTTP/1.1" 200 6227
116.230.105.139 - - [05/Feb/2023:11:44:41 +0800] "GET /xingrg/kc/print/load_config.html?kc_code=cgsh HTTP/1.1" 200 1943
116.230.105.139 - - [05/Feb/2023:11:44:41 +0800] "GET /xingrg/kc/print/load_data.html?order_code=212023020501293&kc_code=cgsh&condition= HTTP/1.1" 200 2103
180.157.253.110 - - [05/Feb/2023:11:44:42 +0800] "GET /xingrg/kc/buy/cgsh_order_operate.html?command=get_materiel&rest_code=00148&code=00101008286&supplier_code=00100008&order_time=2023-02-05 HTTP/1.1" 200 408
222.70.181.49 - - [05/Feb/2023:11:44:44 +0800] "GET /xingrg/all/function/internal_message.html?_=1675568706945&CODE_STATE=getMsg HTTP/1.1" 200 27
101.83.145.75 - - [05/Feb/2023:11:44:45 +0800] "GET /xingrg/kc/buy/cgsh_order_operate.html?command=get_materiel&rest_code=00105&code=00101006060&supplier_code=00100323&order_time=2023-02-05 HTTP/1.1" 200 409
124.79.72.155 - - [05/Feb/2023:11:44:45 +0800] "GET /xingrg/all/function/internal_message.html?_=1675568707753&CODE_STATE=getMsg HTTP/1.1" 200 27
116.230.105.139 - - [05/Feb/2023:11:44:47 +0800] "GET /xingrg/kc/buy/cgsh_order_add.html HTTP/1.1" 200 69710
116.230.105.139 - - [05/Feb/2023:11:44:47 +0800] "POST /xingrg/kc/buy/cgsh_order_operate.html HTTP/1.1" 200 8245
116.230.105.139 - - [05/Feb/2023:11:44:47 +0800] "GET /xingrg/javascript/easyui/themes/default/validatebox.css HTTP/1.1" 404 1104
180.157.253.110 - - [05/Feb/2023:11:44:50 +0800] "GET /xingrg/kc/buy/cgsh_order_operate.html?command=get_materiel&rest_code=00148&code=00101008352&supplier_code=00100008&order_time=2023-02-05 HTTP/1.1" 200 412
180.169.147.146 - - [05/Feb/2023:11:44:54 +0800] "GET /xingrg/all/function/internal_message.html?_=1675568715589&CODE_STATE=getMsg HTTP/1.1" 200 27
114.88.159.190 - - [05/Feb/2023:11:44:56 +0800] "GET /xingrg/kc/buy/cgsh_order_operate.html?command=get_materiel&rest_code=00141&code=00101001145&supplier_code=00100314&order_time=2023-02-05 HTTP/1.1" 200 413
218.81.216.21 - - [05/Feb/2023:11:44:56 +0800] "GET /xingrg/all/function/internal_message.html?_=1675568719676&CODE_STATE=getMsg HTTP/1.1" 200 27
124.78.154.177 - - [05/Feb/2023:11:44:56 +0800] "GET /xingrg/all/function/internal_message.html?_=1675568718664&CODE_STATE=getMsg HTTP/1.1" 200 27
58.40.7.146 - - [05/Feb/2023:11:44:59 +0800] "GET /xingrg/all/function/internal_message.html?_=1675568720724&CODE_STATE=getMsg HTTP/1.1" 200 27
120.253.135.82 - - [05/Feb/2023:11:44:59 +0800] "GET /xingrg/all/function/internal_message.html?_=1675568536599&CODE_STATE=getMsg HTTP/1.1" 200 27
101.83.145.75 - - [05/Feb/2023:11:45:05 +0800] "GET /xingrg/all/function/internal_message.html?_=1675568731504&CODE_STATE=getMsg HTTP/1.1" 200 27
58.221.95.50 - - [05/Feb/2023:11:45:05 +0800] "GET /xingrg/all/function/internal_message.html?_=1675568727409&CODE_STATE=getMsg HTTP/1.1" 200 27
114.88.159.190 - - [05/Feb/2023:11:45:06 +0800] "POST /xingrg/kc/buy/cgsh_order_operate.html HTTP/1.1" 200 37
180.157.253.110 - - [05/Feb/2023:11:45:06 +0800] "GET /xingrg/kc/buy/cgsh_order_operate.html?command=get_materiel&rest_code=00148&code=00101008005&supplier_code=00100008&order_time=2023-02-05 HTTP/1.1" 200 412
116.230.105.139 - - [05/Feb/2023:11:45:07 +0800] "GET /xingrg/kc/buy/cgsh_order_operate.html?command=get_materiel&rest_code=00155&code=00101001127&supplier_code=00100199&order_time=2023-02-05 HTTP/1.1" 200 431
114.88.159.190 - - [05/Feb/2023:11:45:09 +0800] "POST /xingrg/kc/buy/cgsh_order_operate.html HTTP/1.1" 200 12
180.157.253.110 - - [05/Feb/2023:11:45:10 +0800] "GET /xingrg/all/function/internal_message.html?_=1675568733045&CODE_STATE=getMsg HTTP/1.1" 200 27
114.88.159.190 - - [05/Feb/2023:11:45:10 +0800] "GET /xingrg/kc/buy/cgsh_order_info.html?code=212023020501294 HTTP/1.1" 200 64608
114.88.159.190 - - [05/Feb/2023:11:45:11 +0800] "GET /xingrg/javascript/easyui/themes/default/validatebox.css HTTP/1.1" 404 1104
114.88.159.190 - - [05/Feb/2023:11:45:12 +0800] "POST /xingrg/kc/buy/cgsh_order_operate.html HTTP/1.1" 200 1209
101.83.145.75 - - [05/Feb/2023:11:45:12 +0800] "GET /xingrg/kc/buy/cgsh_order_operate.html?command=get_materiel&rest_code=00105&code=00101010760&supplier_code=00100323&order_time=2023-02-05 HTTP/1.1" 200 468
114.88.159.190 - - [05/Feb/2023:11:45:13 +0800] "GET /xingrg/kc/print/load_data.html?order_code=212023020501294&kc_code=cgsh&condition= HTTP/1.1" 200 943
180.157.253.110 - - [05/Feb/2023:11:45:16 +0800] "GET /xingrg/kc/buy/cgsh_order_operate.html?command=get_materiel&rest_code=00148&code=00101008298&supplier_code=00100008&order_time=2023-02-05 HTTP/1.1" 200 431
116.230.105.139 - - [05/Feb/2023:11:45:16 +0800] "GET /xingrg/all/function/internal_message.html?_=1675568737479&CODE_STATE=getMsg HTTP/1.1" 200 27
101.83.241.55 - - [05/Feb/2023:11:45:16 +0800] "GET /xingrg/all/function/internal_message.html?_=1675568738468&CODE_STATE=getMsg HTTP/1.1" 200 27
114.88.159.190 - - [05/Feb/2023:11:45:17 +0800] "GET /xingrg/kc/buy/cgsh_order_add.html HTTP/1.1" 200 69703
114.88.159.190 - - [05/Feb/2023:11:45:18 +0800] "POST /xingrg/kc/buy/cgsh_order_operate.html HTTP/1.1" 200 8245
114.88.159.190 - - [05/Feb/2023:11:45:18 +0800] "GET /xingrg/javascript/easyui/themes/default/validatebox.css HTTP/1.1" 404 1104
114.83.222.182 - - [05/Feb/2023:11:45:21 +0800] "GET /xingrg/all/function/internal_message.html?_=1675568846136&CODE_STATE=getMsg HTTP/1.1" 200 27
180.157.253.110 - - [05/Feb/2023:11:45:25 +0800] "GET /xingrg/kc/buy/cgsh_order_operate.html?command=get_materiel&rest_code=00148&code=00101008037&supplier_code=00100008&order_time=2023-02-05 HTTP/1.1" 200 415
114.88.159.190 - - [05/Feb/2023:11:45:28 +0800] "GET /xingrg/kc/buy/cgsh_order_operate.html?command=get_materiel&rest_code=00141&code=00101010825&supplier_code=00100327&order_time=2023-02-05 HTTP/1.1" 200 428
101.83.145.75 - - [05/Feb/2023:11:45:33 +0800] "GET /xingrg/kc/buy/cgsh_order_operate.html?command=get_materiel&rest_code=00105&code=00101020291&supplier_code=00100323&order_time=2023-02-05 HTTP/1.1" 200 438
116.238.139.35 - - [05/Feb/2023:11:45:33 +0800] "GET /xingrg/all/function/internal_message.html?_=1675568683479&CODE_STATE=getMsg HTTP/1.1" 200 27
180.157.253.110 - - [05/Feb/2023:11:45:33 +0800] "POST /xingrg/kc/buy/cgsh_order_operate.html HTTP/1.1" 200 2065
116.238.139.35 - - [05/Feb/2023:11:45:35 +0800] "GET /xingrg/all/function/internal_message.html?_=1675568758075&CODE_STATE=getMsg HTTP/1.1" 200 27
116.230.105.139 - - [05/Feb/2023:11:45:37 +0800] "GET /xingrg/kc/buy/cgsh_order_operate.html?command=get_materiel&rest_code=00155&code=00101002027&supplier_code=00100199&order_time=2023-02-05 HTTP/1.1" 200 413
114.88.159.190 - - [05/Feb/2023:11:45:43 +0800] "GET /xingrg/kc/buy/cgsh_order_operate.html?command=get_materiel&rest_code=00141&code=00101014138&supplier_code=00100327&order_time=2023-02-05 HTTP/1.1" 200 410
222.70.181.49 - - [05/Feb/2023:11:45:44 +0800] "GET /xingrg/all/function/internal_message.html?_=1675568766946&CODE_STATE=getMsg HTTP/1.1" 200 27
124.79.72.155 - - [05/Feb/2023:11:45:45 +0800] "GET /xingrg/all/function/internal_message.html?_=1675568767754&CODE_STATE=getMsg HTTP/1.1" 200 27
124.79.72.155 - - [05/Feb/2023:11:45:45 +0800] "GET /xingrg/check_reg.html?_=1675568767875 HTTP/1.1" 200 22
116.230.105.139 - - [05/Feb/2023:11:45:49 +0800] "GET /xingrg/kc/buy/cgsh_order_operate.html?command=get_materiel&rest_code=00155&code=00101005009&supplier_code=00100199&order_time=2023-02-05 HTTP/1.1" 200 415
114.88.159.190 - - [05/Feb/2023:11:45:52 +0800] "GET /xingrg/kc/buy/cgsh_order_operate.html?command=get_materiel&rest_code=00141&code=00101010263&supplier_code=00100327&order_time=2023-02-05 HTTP/1.1" 200 409
180.169.147.146 - - [05/Feb/2023:11:45:54 +0800] "GET /xingrg/all/function/internal_message.html?_=1675568775589&CODE_STATE=getMsg HTTP/1.1" 200 27
218.81.216.21 - - [05/Feb/2023:11:45:56 +0800] "GET /xingrg/all/function/internal_message.html?_=1675568780195&CODE_STATE=getMsg HTTP/1.1" 200 27
124.78.154.177 - - [05/Feb/2023:11:45:56 +0800] "GET /xingrg/all/function/internal_message.html?_=1675568778644&CODE_STATE=getMsg HTTP/1.1" 200 27
101.83.145.75 - - [05/Feb/2023:11:45:57 +0800] "POST /xingrg/kc/buy/cgsh_order_operate.html HTTP/1.1" 200 37
101.83.145.75 - - [05/Feb/2023:11:45:58 +0800] "POST /xingrg/kc/buy/cgsh_order_operate.html HTTP/1.1" 200 6311
58.40.7.146 - - [05/Feb/2023:11:45:59 +0800] "GET /xingrg/all/function/internal_message.html?_=1675568780728&CODE_STATE=getMsg HTTP/1.1" 200 27
120.253.135.82 - - [05/Feb/2023:11:45:59 +0800] "GET /xingrg/all/function/internal_message.html?_=1675568596611&CODE_STATE=getMsg HTTP/1.1" 200 27
101.83.145.75 - - [05/Feb/2023:11:46:00 +0800] "GET /xingrg/kc/print/load_data.html?order_code=212023020501295&kc_code=cgsh&condition= HTTP/1.1" 200 2124
101.83.145.75 - - [05/Feb/2023:11:46:05 +0800] "GET /xingrg/all/function/internal_message.html?_=1675568791445&CODE_STATE=getMsg HTTP/1.1" 200 27
114.88.159.190 - - [05/Feb/2023:11:46:05 +0800] "POST /xingrg/kc/buy/cgsh_order_operate.html HTTP/1.1" 200 37
58.221.95.50 - - [05/Feb/2023:11:46:05 +0800] "GET /xingrg/all/function/internal_message.html?_=1675568787383&CODE_STATE=getMsg HTTP/1.1" 200 27
116.230.105.139 - - [05/Feb/2023:11:46:06 +0800] "GET /xingrg/kc/buy/cgsh_order_operate.html?command=get_materiel&rest_code=00155&code=00101001125&supplier_code=00100199&order_time=2023-02-05 HTTP/1.1" 200 417
114.88.159.190 - - [05/Feb/2023:11:46:09 +0800] "POST /xingrg/kc/buy/cgsh_order_operate.html HTTP/1.1" 200 12
114.88.159.190 - - [05/Feb/2023:11:46:10 +0800] "GET /xingrg/kc/buy/cgsh_order_info.html?code=212023020501296 HTTP/1.1" 200 64606
180.157.253.110 - - [05/Feb/2023:11:46:10 +0800] "GET /xingrg/all/function/internal_message.html?_=1675568793046&CODE_STATE=getMsg HTTP/1.1" 200 27
114.88.159.190 - - [05/Feb/2023:11:46:11 +0800] "GET /xingrg/javascript/easyui/themes/default/validatebox.css HTTP/1.1" 404 1104
114.88.159.190 - - [05/Feb/2023:11:46:11 +0800] "POST /xingrg/kc/buy/cgsh_order_operate.html HTTP/1.1" 200 1814
114.88.159.190 - - [05/Feb/2023:11:46:12 +0800] "GET /xingrg/kc/print/load_data.html?order_code=212023020501296&kc_code=cgsh&condition= HTTP/1.1" 200 1181
180.157.253.110 - - [05/Feb/2023:11:46:15 +0800] "GET /xingrg/kc/buy/cgsh_order_operate.html?command=get_materiel&rest_code=00148&code=00101008251&supplier_code=00100008&order_time=2023-02-05 HTTP/1.1" 200 408
116.230.105.139 - - [05/Feb/2023:11:46:16 +0800] "GET /xingrg/all/function/internal_message.html?_=1675568797466&CODE_STATE=getMsg HTTP/1.1" 200 27
114.88.159.190 - - [05/Feb/2023:11:46:16 +0800] "GET /xingrg/kc/buy/cgsh_order_add.html HTTP/1.1" 200 69703
101.83.241.55 - - [05/Feb/2023:11:46:16 +0800] "GET /xingrg/all/function/internal_message.html?_=1675568798458&CODE_STATE=getMsg HTTP/1.1" 200 27
114.88.159.190 - - [05/Feb/2023:11:46:17 +0800] "POST /xingrg/kc/buy/cgsh_order_operate.html HTTP/1.1" 200 8245
114.88.159.190 - - [05/Feb/2023:11:46:17 +0800] "GET /xingrg/javascript/easyui/themes/default/validatebox.css HTTP/1.1" 404 1104
114.83.222.182 - - [05/Feb/2023:11:46:21 +0800] "GET /xingrg/all/function/internal_message.html?_=1675568906110&CODE_STATE=getMsg HTTP/1.1" 200 27
116.238.139.35 - - [05/Feb/2023:11:46:21 +0800] "GET /xingrg/check_reg.html?_=1675568731659 HTTP/1.1" 200 22
114.88.159.190 - - [05/Feb/2023:11:46:25 +0800] "GET /xingrg/kc/buy/cgsh_order_operate.html?command=get_materiel&rest_code=00141&code=00101001037&supplier_code=00100090&order_time=2023-02-05 HTTP/1.1" 200 418
180.157.253.110 - - [05/Feb/2023:11:46:26 +0800] "GET /xingrg/kc/buy/cgsh_order_operate.html?command=get_materiel&rest_code=00148&code=00101008296&supplier_code=00100008&order_time=2023-02-05 HTTP/1.1" 200 416
116.238.139.35 - - [05/Feb/2023:11:46:33 +0800] "GET /xingrg/all/function/internal_message.html?_=1675568743481&CODE_STATE=getMsg HTTP/1.1" 200 27
116.238.139.35 - - [05/Feb/2023:11:46:35 +0800] "GET /xingrg/all/function/internal_message.html?_=1675568818076&CODE_STATE=getMsg HTTP/1.1" 200 27
180.157.253.110 - - [05/Feb/2023:11:46:36 +0800] "GET /xingrg/kc/buy/cgsh_order_operate.html?command=get_materiel&rest_code=00148&code=00101008359&supplier_code=00100008&order_time=2023-02-05 HTTP/1.1" 200 408
116.230.105.139 - - [05/Feb/2023:11:46:37 +0800] "GET /xingrg/kc/buy/cgsh_order_operate.html?command=get_materiel&rest_code=00155&code=00101002006&supplier_code=00100199&order_time=2023-02-05 HTTP/1.1" 200 414
180.157.253.110 - - [05/Feb/2023:11:46:38 +0800] "POST /xingrg/kc/buy/cgsh_order_operate.html HTTP/1.1" 200 2065
222.70.181.49 - - [05/Feb/2023:11:46:44 +0800] "GET /xingrg/check_reg.html?_=1675568826951 HTTP/1.1" 200 22
222.70.181.49 - - [05/Feb/2023:11:46:44 +0800] "GET /xingrg/all/function/internal_message.html?_=1675568826947&CODE_STATE=getMsg HTTP/1.1" 200 27
124.79.72.155 - - [05/Feb/2023:11:46:45 +0800] "GET /xingrg/all/function/internal_message.html?_=1675568827749&CODE_STATE=getMsg HTTP/1.1" 200 27
114.88.159.190 - - [05/Feb/2023:11:46:51 +0800] "GET /xingrg/kc/buy/cgsh_order_operate.html?command=get_materiel&rest_code=00141&code=00101001140&supplier_code=00100090&order_time=2023-02-05 HTTP/1.1" 200 417
180.169.147.146 - - [05/Feb/2023:11:46:54 +0800] "GET /xingrg/all/function/internal_message.html?_=1675568835596&CODE_STATE=getMsg HTTP/1.1" 200 27
180.169.147.146 - - [05/Feb/2023:11:46:54 +0800] "GET /xingrg/check_reg.html?_=1675568835598 HTTP/1.1" 200 22
116.230.105.139 - - [05/Feb/2023:11:46:56 +0800] "GET /xingrg/kc/buy/cgsh_order_operate.html?command=get_materiel&rest_code=00155&code=00101001084&supplier_code=00100199&order_time=2023-02-05 HTTP/1.1" 200 415
218.81.216.21 - - [05/Feb/2023:11:46:56 +0800] "GET /xingrg/all/function/internal_message.html?_=1675568840204&CODE_STATE=getMsg HTTP/1.1" 200 27
124.78.154.177 - - [05/Feb/2023:11:46:56 +0800] "GET /xingrg/all/function/internal_message.html?_=1675568838616&CODE_STATE=getMsg HTTP/1.1" 200 27
58.40.7.146 - - [05/Feb/2023:11:46:59 +0800] "GET /xingrg/check_reg.html?_=1675568840731 HTTP/1.1" 200 22
58.40.7.146 - - [05/Feb/2023:11:46:59 +0800] "GET /xingrg/all/function/internal_message.html?_=1675568840732&CODE_STATE=getMsg HTTP/1.1" 200 27
120.253.135.82 - - [05/Feb/2023:11:46:59 +0800] "GET /xingrg/all/function/internal_message.html?_=1675568656652&CODE_STATE=getMsg HTTP/1.1" 200 27
114.88.159.190 - - [05/Feb/2023:11:47:03 +0800] "GET /xingrg/check_reg.html?_=1675568413678 HTTP/1.1" 200 22
101.83.145.75 - - [05/Feb/2023:11:47:05 +0800] "GET /xingrg/all/function/internal_message.html?_=1675568851442&CODE_STATE=getMsg HTTP/1.1" 200 27
58.221.95.50 - - [05/Feb/2023:11:47:05 +0800] "GET /xingrg/all/function/internal_message.html?_=1675568847356&CODE_STATE=getMsg HTTP/1.1" 200 27
180.157.253.110 - - [05/Feb/2023:11:47:10 +0800] "GET /xingrg/all/function/internal_message.html?_=1675568853043&CODE_STATE=getMsg HTTP/1.1" 200 27
114.88.159.190 - - [05/Feb/2023:11:47:11 +0800] "GET /xingrg/kc/buy/cgsh_order_operate.html?command=get_materiel&rest_code=00141&code=00101001125&supplier_code=00100090&order_time=2023-02-05 HTTP/1.1" 200 416
116.230.105.139 - - [05/Feb/2023:11:47:16 +0800] "GET /xingrg/check_reg.html?_=1675568857481 HTTP/1.1" 200 22
116.230.105.139 - - [05/Feb/2023:11:47:16 +0800] "GET /xingrg/all/function/internal_message.html?_=1675568857482&CODE_STATE=getMsg HTTP/1.1" 200 27
114.88.159.190 - - [05/Feb/2023:11:47:20 +0800] "GET /xingrg/kc/buy/cgsh_order_operate.html?command=get_materiel&rest_code=00141&code=00101004104&supplier_code=00100090&order_time=2023-02-05 HTTP/1.1" 200 408
114.83.222.182 - - [05/Feb/2023:11:47:21 +0800] "GET /xingrg/all/function/internal_message.html?_=1675568966081&CODE_STATE=getMsg HTTP/1.1" 200 27
114.88.159.190 - - [05/Feb/2023:11:47:28 +0800] "GET /xingrg/kc/buy/cgsh_order_operate.html?command=get_materiel&rest_code=00141&code=00101001052&supplier_code=00100090&order_time=2023-02-05 HTTP/1.1" 200 409
116.238.139.35 - - [05/Feb/2023:11:47:33 +0800] "GET /xingrg/all/function/internal_message.html?_=1675568803495&CODE_STATE=getMsg HTTP/1.1" 200 27
114.88.159.190 - - [05/Feb/2023:11:47:35 +0800] "GET /xingrg/kc/buy/cgsh_order_operate.html?command=get_materiel&rest_code=00141&code=00101004065&supplier_code=00100090&order_time=2023-02-05 HTTP/1.1" 200 413
116.238.139.35 - - [05/Feb/2023:11:47:35 +0800] "GET /xingrg/all/function/internal_message.html?_=1675568878077&CODE_STATE=getMsg HTTP/1.1" 200 27
222.70.181.49 - - [05/Feb/2023:11:47:44 +0800] "GET /xingrg/all/function/internal_message.html?_=1675568886950&CODE_STATE=getMsg HTTP/1.1" 200 27
124.79.72.155 - - [05/Feb/2023:11:47:45 +0800] "GET /xingrg/all/function/internal_message.html?_=1675568887758&CODE_STATE=getMsg HTTP/1.1" 200 27
180.157.253.110 - - [05/Feb/2023:11:47:50 +0800] "GET /xingrg/kc/buy/cgsh_order_operate.html?command=get_materiel&rest_code=00148&code=00101008223&supplier_code=00100008&order_time=2023-02-05 HTTP/1.1" 200 412
180.169.147.146 - - [05/Feb/2023:11:47:54 +0800] "GET /xingrg/all/function/internal_message.html?_=1675568895589&CODE_STATE=getMsg HTTP/1.1" 200 27
124.78.154.177 - - [05/Feb/2023:11:47:55 +0800] "GET /xingrg/check_reg.html?_=1675568896577 HTTP/1.1" 200 22
124.78.154.177 - - [05/Feb/2023:11:47:56 +0800] "GET /xingrg/all/function/internal_message.html?_=1675568898601&CODE_STATE=getMsg HTTP/1.1" 200 27
218.81.216.21 - - [05/Feb/2023:11:47:57 +0800] "GET /xingrg/all/function/internal_message.html?_=1675568900695&CODE_STATE=getMsg HTTP/1.1" 200 27
58.40.7.146 - - [05/Feb/2023:11:47:59 +0800] "GET /xingrg/all/function/internal_message.html?_=1675568900719&CODE_STATE=getMsg HTTP/1.1" 200 27
120.253.135.82 - - [05/Feb/2023:11:47:59 +0800] "GET /xingrg/all/function/internal_message.html?_=1675568716655&CODE_STATE=getMsg HTTP/1.1" 200 27
180.157.253.110 - - [05/Feb/2023:11:47:59 +0800] "POST /xingrg/kc/buy/cgsh_order_operate.html HTTP/1.1" 200 2065
114.88.159.190 - - [05/Feb/2023:11:48:03 +0800] "POST /xingrg/kc/buy/cgsh_order_operate.html HTTP/1.1" 200 37
101.83.145.75 - - [05/Feb/2023:11:48:05 +0800] "GET /xingrg/all/function/internal_message.html?_=1675568911440&CODE_STATE=getMsg HTTP/1.1" 200 27
101.83.145.75 - - [05/Feb/2023:11:48:05 +0800] "GET /xingrg/check_reg.html?_=1675568911445 HTTP/1.1" 200 22
180.157.253.110 - - [05/Feb/2023:11:48:05 +0800] "GET /xingrg/kc/buy/cgsh_order_operate.html?command=get_materiel&rest_code=00148&code=00101008131&supplier_code=00100008&order_time=2023-02-05 HTTP/1.1" 200 409
58.221.95.50 - - [05/Feb/2023:11:48:05 +0800] "GET /xingrg/all/function/internal_message.html?_=1675568907327&CODE_STATE=getMsg HTTP/1.1" 200 27
58.221.95.50 - - [05/Feb/2023:11:48:07 +0800] "GET /xingrg/check_reg.html?_=1675568909373 HTTP/1.1" 200 22
180.157.253.110 - - [05/Feb/2023:11:48:10 +0800] "GET /xingrg/all/function/internal_message.html?_=1675568913051&CODE_STATE=getMsg HTTP/1.1" 200 27
114.88.159.190 - - [05/Feb/2023:11:48:13 +0800] "POST /xingrg/kc/buy/cgsh_order_operate.html HTTP/1.1" 200 12
180.157.253.110 - - [05/Feb/2023:11:48:14 +0800] "GET /xingrg/kc/buy/cgsh_order_operate.html?command=get_materiel&rest_code=00148&code=00101008284&supplier_code=00100008&order_time=2023-02-05 HTTP/1.1" 200 412
114.88.159.190 - - [05/Feb/2023:11:48:14 +0800] "GET /xingrg/kc/buy/cgsh_order_info.html?code=212023020501297 HTTP/1.1" 200 64610
114.88.159.190 - - [05/Feb/2023:11:48:15 +0800] "GET /xingrg/javascript/easyui/themes/default/validatebox.css HTTP/1.1" 404 1104
114.88.159.190 - - [05/Feb/2023:11:48:15 +0800] "POST /xingrg/kc/buy/cgsh_order_operate.html HTTP/1.1" 200 4792
116.230.105.139 - - [05/Feb/2023:11:48:16 +0800] "GET /xingrg/all/function/internal_message.html?_=1675568917476&CODE_STATE=getMsg HTTP/1.1" 200 27
114.88.159.190 - - [05/Feb/2023:11:48:17 +0800] "GET /xingrg/kc/print/load_data.html?order_code=212023020501297&kc_code=cgsh&condition= HTTP/1.1" 200 2396
114.83.222.182 - - [05/Feb/2023:11:48:21 +0800] "GET /xingrg/all/function/internal_message.html?_=1675569026067&CODE_STATE=getMsg HTTP/1.1" 200 27
180.157.253.110 - - [05/Feb/2023:11:48:21 +0800] "GET /xingrg/kc/buy/cgsh_order_operate.html?command=get_materiel&rest_code=00148&code=00101008123&supplier_code=00100008&order_time=2023-02-05 HTTP/1.1" 200 412
114.88.159.190 - - [05/Feb/2023:11:48:22 +0800] "GET /xingrg/kc/buy/cgsh_order_add.html HTTP/1.1" 200 69703
114.88.159.190 - - [05/Feb/2023:11:48:22 +0800] "POST /xingrg/kc/buy/cgsh_order_operate.html HTTP/1.1" 200 8245
114.88.159.190 - - [05/Feb/2023:11:48:22 +0800] "GET /xingrg/javascript/easyui/themes/default/validatebox.css HTTP/1.1" 404 1104
114.83.222.182 - - [05/Feb/2023:11:48:23 +0800] "GET /xingrg/check_reg.html?_=1675569027911 HTTP/1.1" 200 22
180.157.253.110 - - [05/Feb/2023:11:48:28 +0800] "GET /xingrg/kc/buy/cgsh_order_operate.html?command=get_materiel&rest_code=00148&code=00101008114&supplier_code=00100008&order_time=2023-02-05 HTTP/1.1" 200 413
116.238.139.35 - - [05/Feb/2023:11:48:33 +0800] "GET /xingrg/all/function/internal_message.html?_=1675568863521&CODE_STATE=getMsg HTTP/1.1" 200 27
218.81.216.21 - - [05/Feb/2023:11:48:35 +0800] "GET /xingrg/check_reg.html?_=1675568938941 HTTP/1.1" 200 22
116.238.139.35 - - [05/Feb/2023:11:48:35 +0800] "GET /xingrg/all/function/internal_message.html?_=1675568938079&CODE_STATE=getMsg HTTP/1.1" 200 27
180.157.253.110 - - [05/Feb/2023:11:48:38 +0800] "GET /xingrg/kc/buy/cgsh_order_operate.html?command=get_materiel&rest_code=00148&code=00101008109&supplier_code=00100008&order_time=2023-02-05 HTTP/1.1" 200 413
180.157.253.110 - - [05/Feb/2023:11:48:40 +0800] "POST /xingrg/kc/buy/cgsh_order_operate.html HTTP/1.1" 200 2065
114.88.159.190 - - [05/Feb/2023:11:48:41 +0800] "GET /xingrg/kc/buy/cgsh_order_operate.html?command=get_materiel&rest_code=00141&code=00101003003&supplier_code=00100093&order_time=2023-02-05 HTTP/1.1" 200 416
222.70.181.49 - - [05/Feb/2023:11:48:44 +0800] "GET /xingrg/all/function/internal_message.html?_=1675568946951&CODE_STATE=getMsg HTTP/1.1" 200 27
124.79.72.155 - - [05/Feb/2023:11:48:45 +0800] "GET /xingrg/all/function/internal_message.html?_=1675568947746&CODE_STATE=getMsg HTTP/1.1" 200 27
