101.83.145.75 - - [05/Feb/2023:11:32:56 +0800] "GET /xingrg/kc/buy/cgsh_order_operate.html?command=get_materiel&rest_code=00105&code=00101004027&supplier_code=00100312&order_time=2023-02-05 HTTP/1.1" 200 409
124.78.154.177 - - [05/Feb/2023:11:32:57 +0800] "GET /xingrg/all/function/internal_message.html?_=1675567998867&CODE_STATE=getMsg HTTP/1.1" 200 27
120.253.135.82 - - [05/Feb/2023:11:32:59 +0800] "GET /xingrg/all/function/internal_message.html?_=1675567816294&CODE_STATE=getMsg HTTP/1.1" 200 27
58.40.7.146 - - [05/Feb/2023:11:32:59 +0800] "GET /xingrg/all/function/internal_message.html?_=1675568000717&CODE_STATE=getMsg HTTP/1.1" 200 27
101.83.145.75 - - [05/Feb/2023:11:33:03 +0800] "GET /xingrg/kc/buy/cgsh_order_operate.html?command=get_materiel&rest_code=00105&code=00101004049&supplier_code=00100312&order_time=2023-02-05 HTTP/1.1" 200 413
101.83.145.75 - - [05/Feb/2023:11:33:05 +0800] "GET /xingrg/check_reg.html?_=1675568011422 HTTP/1.1" 200 22
101.83.145.75 - - [05/Feb/2023:11:33:05 +0800] "GET /xingrg/all/function/internal_message.html?_=1675568011425&CODE_STATE=getMsg HTTP/1.1" 200 27
58.221.95.50 - - [05/Feb/2023:11:33:05 +0800] "GET /xingrg/all/function/internal_message.html?_=1675568007640&CODE_STATE=getMsg HTTP/1.1" 200 27
58.221.95.50 - - [05/Feb/2023:11:33:07 +0800] "GET /xingrg/check_reg.html?_=1675568009368 HTTP/1.1" 200 22
116.238.139.35 - - [05/Feb/2023:11:33:10 +0800] "GET /xingrg/all/function/internal_message.html?_=1675568013131&CODE_STATE=getMsg HTTP/1.1" 200 27
101.83.145.75 - - [05/Feb/2023:11:33:11 +0800] "GET /xingrg/kc/buy/cgsh_order_operate.html?command=get_materiel&rest_code=00105&code=00101004030&supplier_code=00100312&order_time=2023-02-05 HTTP/1.1" 200 408
101.83.241.55 - - [05/Feb/2023:11:33:16 +0800] "GET /xingrg/all/function/internal_message.html?_=1675568018687&CODE_STATE=getMsg HTTP/1.1" 200 27
114.83.222.182 - - [05/Feb/2023:11:33:21 +0800] "GET /xingrg/all/function/internal_message.html?_=1675568126352&CODE_STATE=getMsg HTTP/1.1" 200 27
222.70.181.49 - - [05/Feb/2023:11:33:22 +0800] "GET /xingrg/all/function/internal_message.html?_=1675568227445&CODE_STATE=getMsg HTTP/1.1" 200 27
114.83.222.182 - - [05/Feb/2023:11:33:23 +0800] "GET /xingrg/check_reg.html?_=1675568127956 HTTP/1.1" 200 22
101.83.145.75 - - [05/Feb/2023:11:33:26 +0800] "GET /xingrg/kc/buy/cgsh_order_operate.html?command=get_materiel&rest_code=00105&code=00101001096&supplier_code=00100312&order_time=2023-02-05 HTTP/1.1" 200 413
116.238.139.35 - - [05/Feb/2023:11:33:33 +0800] "GET /xingrg/all/function/internal_message.html?_=1675567963286&CODE_STATE=getMsg HTTP/1.1" 200 27
218.81.216.21 - - [05/Feb/2023:11:33:35 +0800] "GET /xingrg/check_reg.html?_=1675568038923 HTTP/1.1" 200 22
101.83.145.75 - - [05/Feb/2023:11:33:37 +0800] "GET /xingrg/kc/buy/cgsh_order_operate.html?command=get_materiel&rest_code=00105&code=00101001029&supplier_code=00100312&order_time=2023-02-05 HTTP/1.1" 200 417
222.70.181.49 - - [05/Feb/2023:11:33:44 +0800] "GET /xingrg/all/function/internal_message.html?_=1675568046926&CODE_STATE=getMsg HTTP/1.1" 200 27
124.79.72.155 - - [05/Feb/2023:11:33:45 +0800] "GET /xingrg/all/function/internal_message.html?_=1675568047725&CODE_STATE=getMsg HTTP/1.1" 200 27
101.83.145.75 - - [05/Feb/2023:11:33:49 +0800] "GET /xingrg/kc/buy/cgsh_order_operate.html?command=get_materiel&rest_code=00105&code=00101001156&supplier_code=00100312&order_time=2023-02-05 HTTP/1.1" 200 409
101.83.145.75 - - [05/Feb/2023:11:33:50 +0800] "POST /xingrg/all/common/load_select.html HTTP/1.1" 200 12
218.81.216.21 - - [05/Feb/2023:11:33:54 +0800] "GET /xingrg/all/function/internal_message.html?_=1675568057437&CODE_STATE=getMsg HTTP/1.1" 200 27
180.169.147.146 - - [05/Feb/2023:11:33:54 +0800] "GET /xingrg/all/function/internal_message.html?_=1675568055591&CODE_STATE=getMsg HTTP/1.1" 200 27
101.83.145.75 - - [05/Feb/2023:11:33:55 +0800] "GET /xingrg/kc/buy/cgsh_order_operate.html?command=get_materiel_price&rest_code=00105&code=00101004049&unit_code=00100001&supplier_code=00100312&order_time=2023-02-05 HTTP/1.1" 200 28
124.78.154.177 - - [05/Feb/2023:11:33:55 +0800] "GET /xingrg/kc/mdqp/qp_main.html HTTP/1.1" 200 10633
124.78.154.177 - - [05/Feb/2023:11:33:56 +0800] "GET /xingrg/images/yd/bt.gif HTTP/1.1" 404 1040
124.78.154.177 - - [05/Feb/2023:11:33:57 +0800] "GET /xingrg/all/function/internal_message.html?_=1675568058849&CODE_STATE=getMsg HTTP/1.1" 200 27
124.78.154.177 - - [05/Feb/2023:11:33:57 +0800] "GET /xingrg/kc/mdqp/qqps_order_list.html HTTP/1.1" 200 10031
124.78.154.177 - - [05/Feb/2023:11:33:57 +0800] "GET /xingrg/dwr/interface/AjaxReportQueryService.js HTTP/1.1" 200 13203
124.78.154.177 - - [05/Feb/2023:11:33:57 +0800] "GET /xingrg/dwr/interface/AjaxQqpsService.js HTTP/1.1" 200 16326
124.78.154.177 - - [05/Feb/2023:11:33:57 +0800] "GET /xingrg/dwr/engine.js HTTP/1.1" 200 43631
120.253.135.82 - - [05/Feb/2023:11:33:58 +0800] "GET /xingrg/all/function/internal_message.html?_=1675567876345&CODE_STATE=getMsg HTTP/1.1" 200 27
58.40.7.146 - - [05/Feb/2023:11:33:59 +0800] "GET /xingrg/all/function/internal_message.html?_=1675568060722&CODE_STATE=getMsg HTTP/1.1" 200 27
101.83.145.75 - - [05/Feb/2023:11:34:05 +0800] "GET /xingrg/all/function/internal_message.html?_=1675568071449&CODE_STATE=getMsg HTTP/1.1" 200 27
58.221.95.50 - - [05/Feb/2023:11:34:05 +0800] "GET /xingrg/all/function/internal_message.html?_=1675568067627&CODE_STATE=getMsg HTTP/1.1" 200 27
124.78.154.177 - - [05/Feb/2023:11:34:06 +0800] "GET /xingrg/kc/mdqp/qqps_order_info.html?code=302023020500066 HTTP/1.1" 200 28400
124.78.154.177 - - [05/Feb/2023:11:34:06 +0800] "GET /xingrg/dwr/interface/AjaxComOrderService.js HTTP/1.1" 200 18264
124.78.154.177 - - [05/Feb/2023:11:34:06 +0800] "GET /xingrg/dwr/interface/AjaxQqpsService.js HTTP/1.1" 200 16326
124.78.154.177 - - [05/Feb/2023:11:34:06 +0800] "GET /xingrg/dwr/engine.js HTTP/1.1" 200 43631
124.78.154.177 - - [05/Feb/2023:11:34:07 +0800] "POST /xingrg/dwr/call/plaincall/AjaxQqpsService.loadMaterielItems.dwr HTTP/1.1" 200 3212
116.238.139.35 - - [05/Feb/2023:11:34:10 +0800] "GET /xingrg/all/function/internal_message.html?_=1675568073133&CODE_STATE=getMsg HTTP/1.1" 200 27
124.78.154.177 - - [05/Feb/2023:11:34:11 +0800] "GET /xingrg/javascript/auto/indicator.gif HTTP/1.1" 404 1066
124.78.154.177 - - [05/Feb/2023:11:34:14 +0800] "POST /xingrg/dwr/call/plaincall/AjaxQqpsService.getMaterielByCode.dwr HTTP/1.1" 200 2673
101.83.145.75 - - [05/Feb/2023:11:34:14 +0800] "POST /xingrg/kc/buy/cgsh_order_operate.html HTTP/1.1" 200 37
101.83.145.75 - - [05/Feb/2023:11:34:16 +0800] "POST /xingrg/kc/buy/cgsh_order_operate.html HTTP/1.1" 200 6814
101.83.241.55 - - [05/Feb/2023:11:34:16 +0800] "GET /xingrg/all/function/internal_message.html?_=1675568078671&CODE_STATE=getMsg HTTP/1.1" 200 27
101.83.145.75 - - [05/Feb/2023:11:34:17 +0800] "GET /xingrg/kc/print/load_data.html?order_code=212023020501280&kc_code=cgsh&condition= HTTP/1.1" 200 2265
124.78.154.177 - - [05/Feb/2023:11:34:17 +0800] "POST /xingrg/dwr/call/plaincall/AjaxQqpsService.saveMaterielItem.dwr HTTP/1.1" 200 78
124.78.154.177 - - [05/Feb/2023:11:34:18 +0800] "GET /xingrg/images/yd/bt2.gif HTTP/1.1" 404 1042
124.78.154.177 - - [05/Feb/2023:11:34:20 +0800] "POST /xingrg/dwr/call/plaincall/AjaxQqpsService.saveOrder.dwr HTTP/1.1" 200 78
101.83.145.75 - - [05/Feb/2023:11:34:20 +0800] "GET /xingrg/kc/buy/cgsh_order_add.html HTTP/1.1" 200 69786
101.83.145.75 - - [05/Feb/2023:11:34:21 +0800] "GET /xingrg/javascript/easyui/themes/default/validatebox.css HTTP/1.1" 404 1104
101.83.145.75 - - [05/Feb/2023:11:34:21 +0800] "POST /xingrg/kc/buy/cgsh_order_operate.html HTTP/1.1" 200 8245
114.83.222.182 - - [05/Feb/2023:11:34:21 +0800] "GET /xingrg/all/function/internal_message.html?_=1675568186347&CODE_STATE=getMsg HTTP/1.1" 200 27
222.70.181.49 - - [05/Feb/2023:11:34:22 +0800] "GET /xingrg/all/function/internal_message.html?_=1675568287440&CODE_STATE=getMsg HTTP/1.1" 200 27
124.78.154.177 - - [05/Feb/2023:11:34:26 +0800] "GET /xingrg/kc/mdqp/qp_main.html HTTP/1.1" 200 10633
120.253.135.82 - - [05/Feb/2023:11:34:29 +0800] "GET /xingrg/check_reg.html?_=1675567906484 HTTP/1.1" 200 22
124.78.154.177 - - [05/Feb/2023:11:34:29 +0800] "GET /xingrg/kc/mdqp/pssh_order_list.html HTTP/1.1" 200 17885
124.78.154.177 - - [05/Feb/2023:11:34:30 +0800] "POST /xingrg/kc/mdqp/pssh_list_operate.html HTTP/1.1" 200 5457
101.83.145.75 - - [05/Feb/2023:11:34:30 +0800] "GET /xingrg/kc/buy/cgsh_order_operate.html?command=get_materiel&rest_code=00105&code=00101001060&supplier_code=00100442&order_time=2023-02-05 HTTP/1.1" 200 421
124.78.154.177 - - [05/Feb/2023:11:34:33 +0800] "GET /xingrg/kc/mdqp/pssh_order_list.html HTTP/1.1" 200 17885
116.238.139.35 - - [05/Feb/2023:11:34:33 +0800] "GET /xingrg/all/function/internal_message.html?_=1675568023288&CODE_STATE=getMsg HTTP/1.1" 200 27
124.78.154.177 - - [05/Feb/2023:11:34:35 +0800] "GET /favicon.ico HTTP/1.1" 404 -
124.78.154.177 - - [05/Feb/2023:11:34:35 +0800] "POST /xingrg/kc/mdqp/pssh_list_operate.html HTTP/1.1" 200 5457
124.78.154.177 - - [05/Feb/2023:11:34:37 +0800] "POST /xingrg/kc/mdqp/pssh_list_operate.html HTTP/1.1" 200 5444
124.78.154.177 - - [05/Feb/2023:11:34:40 +0800] "POST /xingrg/kc/mdqp/pssh_list_operate.html HTTP/1.1" 200 548
101.83.145.75 - - [05/Feb/2023:11:34:41 +0800] "POST /xingrg/kc/buy/cgsh_order_operate.html HTTP/1.1" 200 37
124.78.154.177 - - [05/Feb/2023:11:34:41 +0800] "POST /xingrg/kc/mdqp/pssh_list_operate.html HTTP/1.1" 200 362
124.78.154.177 - - [05/Feb/2023:11:34:42 +0800] "POST /xingrg/kc/mdqp/pssh_list_operate.html HTTP/1.1" 200 747
101.83.145.75 - - [05/Feb/2023:11:34:42 +0800] "POST /xingrg/kc/buy/cgsh_order_operate.html HTTP/1.1" 200 2666
101.83.145.75 - - [05/Feb/2023:11:34:43 +0800] "GET /xingrg/kc/print/load_data.html?order_code=212023020501281&kc_code=cgsh&condition= HTTP/1.1" 200 680
124.78.154.177 - - [05/Feb/2023:11:34:43 +0800] "GET /xingrg/kc/mdqp/pssh_order_info.html?code=312023011100192 HTTP/1.1" 200 14382
124.78.154.177 - - [05/Feb/2023:11:34:43 +0800] "GET /xingrg/javascript/jquery_tools/jquery-1.4.2.min.js HTTP/1.1" 404 1094
124.78.154.177 - - [05/Feb/2023:11:34:44 +0800] "GET /xingrg/javascript/easyui/themes/icons/back_new.png HTTP/1.1" 200 3414
124.78.154.177 - - [05/Feb/2023:11:34:44 +0800] "GET /xingrg/javascript/easyui/themes/icons/uncheck_new.png HTTP/1.1" 200 3197
124.78.154.177 - - [05/Feb/2023:11:34:44 +0800] "POST /xingrg/kc/mdqp/pssh_order_operate.html HTTP/1.1" 200 8418
124.78.154.177 - - [05/Feb/2023:11:34:44 +0800] "GET /xingrg/javascript/easyui/themes/default/validatebox.css HTTP/1.1" 404 1104
222.70.181.49 - - [05/Feb/2023:11:34:44 +0800] "GET /xingrg/all/function/internal_message.html?_=1675568106928&CODE_STATE=getMsg HTTP/1.1" 200 27
124.79.72.155 - - [05/Feb/2023:11:34:45 +0800] "GET /xingrg/all/function/internal_message.html?_=1675568107738&CODE_STATE=getMsg HTTP/1.1" 200 27
124.78.154.177 - - [05/Feb/2023:11:34:49 +0800] "POST /xingrg/kc/mdqp/pssh_list_operate.html HTTP/1.1" 200 732
124.78.154.177 - - [05/Feb/2023:11:34:51 +0800] "GET /xingrg/kc/mdqp/pssh_order_info.html?code=312023010600067 HTTP/1.1" 200 14382
124.78.154.177 - - [05/Feb/2023:11:34:52 +0800] "GET /xingrg/javascript/jquery_tools/jquery-1.4.2.min.js HTTP/1.1" 404 1094
124.78.154.177 - - [05/Feb/2023:11:34:52 +0800] "POST /xingrg/kc/mdqp/pssh_order_operate.html HTTP/1.1" 200 8900
124.78.154.177 - - [05/Feb/2023:11:34:52 +0800] "GET /xingrg/javascript/easyui/themes/default/validatebox.css HTTP/1.1" 404 1104
180.169.147.146 - - [05/Feb/2023:11:34:54 +0800] "GET /xingrg/all/function/internal_message.html?_=1675568115588&CODE_STATE=getMsg HTTP/1.1" 200 27
218.81.216.21 - - [05/Feb/2023:11:34:54 +0800] "GET /xingrg/all/function/internal_message.html?_=1675568117451&CODE_STATE=getMsg HTTP/1.1" 200 27
124.78.154.177 - - [05/Feb/2023:11:34:56 +0800] "POST /xingrg/kc/mdqp/pssh_list_operate.html HTTP/1.1" 200 5444
124.78.154.177 - - [05/Feb/2023:11:34:57 +0800] "GET /xingrg/all/function/internal_message.html?_=1675568118826&CODE_STATE=getMsg HTTP/1.1" 200 27
101.83.145.75 - - [05/Feb/2023:11:34:57 +0800] "GET /xingrg/kc/buy/cgsh_order_add.html HTTP/1.1" 200 69786
101.83.145.75 - - [05/Feb/2023:11:34:57 +0800] "POST /xingrg/kc/buy/cgsh_order_operate.html HTTP/1.1" 200 8245
101.83.145.75 - - [05/Feb/2023:11:34:57 +0800] "GET /xingrg/javascript/easyui/themes/default/validatebox.css HTTP/1.1" 404 1104
124.78.154.177 - - [05/Feb/2023:11:34:57 +0800] "POST /xingrg/kc/mdqp/pssh_list_operate.html HTTP/1.1" 200 732
120.253.135.82 - - [05/Feb/2023:11:34:58 +0800] "GET /xingrg/all/function/internal_message.html?_=1675567936353&CODE_STATE=getMsg HTTP/1.1" 200 27
58.40.7.146 - - [05/Feb/2023:11:34:59 +0800] "GET /xingrg/all/function/internal_message.html?_=1675568120726&CODE_STATE=getMsg HTTP/1.1" 200 27
124.78.154.177 - - [05/Feb/2023:11:34:59 +0800] "POST /xingrg/kc/mdqp/pssh_list_operate.html HTTP/1.1" 200 547
124.78.154.177 - - [05/Feb/2023:11:34:59 +0800] "GET /xingrg/kc/mdqp/pssh_order_info.html?code=312022121600355 HTTP/1.1" 200 14382
124.78.154.177 - - [05/Feb/2023:11:34:59 +0800] "GET /xingrg/javascript/jquery_tools/jquery-1.4.2.min.js HTTP/1.1" 404 1094
124.78.154.177 - - [05/Feb/2023:11:34:59 +0800] "GET /xingrg/javascript/easyui/themes/default/validatebox.css HTTP/1.1" 404 1104
124.78.154.177 - - [05/Feb/2023:11:34:59 +0800] "POST /xingrg/kc/mdqp/pssh_order_operate.html HTTP/1.1" 200 2078
124.78.154.177 - - [05/Feb/2023:11:35:01 +0800] "POST /xingrg/kc/mdqp/pssh_list_operate.html HTTP/1.1" 200 5444
124.78.154.177 - - [05/Feb/2023:11:35:02 +0800] "POST /xingrg/kc/mdqp/pssh_list_operate.html HTTP/1.1" 200 732
124.78.154.177 - - [05/Feb/2023:11:35:03 +0800] "GET /xingrg/kc/mdqp/pssh_order_info.html?code=312023010600067 HTTP/1.1" 200 14382
124.78.154.177 - - [05/Feb/2023:11:35:03 +0800] "GET /xingrg/javascript/jquery_tools/jquery-1.4.2.min.js HTTP/1.1" 404 1094
124.78.154.177 - - [05/Feb/2023:11:35:04 +0800] "GET /xingrg/javascript/easyui/themes/default/validatebox.css HTTP/1.1" 404 1104
124.78.154.177 - - [05/Feb/2023:11:35:04 +0800] "POST /xingrg/kc/mdqp/pssh_order_operate.html HTTP/1.1" 200 8900
101.83.145.75 - - [05/Feb/2023:11:35:05 +0800] "GET /xingrg/all/function/internal_message.html?_=1675568131430&CODE_STATE=getMsg HTTP/1.1" 200 27
124.78.154.177 - - [05/Feb/2023:11:35:05 +0800] "POST /xingrg/kc/mdqp/pssh_list_operate.html HTTP/1.1" 200 5444
58.221.95.50 - - [05/Feb/2023:11:35:05 +0800] "GET /xingrg/all/function/internal_message.html?_=1675568127609&CODE_STATE=getMsg HTTP/1.1" 200 27
124.78.154.177 - - [05/Feb/2023:11:35:06 +0800] "POST /xingrg/kc/mdqp/pssh_list_operate.html HTTP/1.1" 200 448
101.83.145.75 - - [05/Feb/2023:11:35:07 +0800] "GET /xingrg/kc/buy/cgsh_order_operate.html?command=get_materiel&rest_code=00105&code=00101002006&supplier_code=00100091&order_time=2023-02-05 HTTP/1.1" 200 414
124.78.154.177 - - [05/Feb/2023:11:35:08 +0800] "POST /xingrg/kc/mdqp/pssh_list_operate.html HTTP/1.1" 200 256
124.78.154.177 - - [05/Feb/2023:11:35:09 +0800] "POST /xingrg/kc/mdqp/pssh_list_operate.html HTTP/1.1" 200 745
124.78.154.177 - - [05/Feb/2023:11:35:10 +0800] "GET /xingrg/kc/mdqp/pssh_order_info.html?code=312022120100011 HTTP/1.1" 200 14382
124.78.154.177 - - [05/Feb/2023:11:35:10 +0800] "GET /xingrg/javascript/jquery_tools/jquery-1.4.2.min.js HTTP/1.1" 404 1094
116.238.139.35 - - [05/Feb/2023:11:35:10 +0800] "GET /xingrg/all/function/internal_message.html?_=1675568133134&CODE_STATE=getMsg HTTP/1.1" 200 27
124.78.154.177 - - [05/Feb/2023:11:35:10 +0800] "POST /xingrg/kc/mdqp/pssh_order_operate.html HTTP/1.1" 200 3638
124.78.154.177 - - [05/Feb/2023:11:35:10 +0800] "GET /xingrg/javascript/easyui/themes/default/validatebox.css HTTP/1.1" 404 1104
124.78.154.177 - - [05/Feb/2023:11:35:13 +0800] "POST /xingrg/kc/mdqp/pssh_list_operate.html HTTP/1.1" 200 5444
124.78.154.177 - - [05/Feb/2023:11:35:14 +0800] "POST /xingrg/kc/mdqp/pssh_list_operate.html HTTP/1.1" 200 465
124.78.154.177 - - [05/Feb/2023:11:35:16 +0800] "POST /xingrg/kc/mdqp/pssh_list_operate.html HTTP/1.1" 200 763
101.83.241.55 - - [05/Feb/2023:11:35:16 +0800] "GET /xingrg/all/function/internal_message.html?_=1675568138653&CODE_STATE=getMsg HTTP/1.1" 200 27
124.78.154.177 - - [05/Feb/2023:11:35:17 +0800] "GET /xingrg/kc/mdqp/pssh_order_info.html?code=312022112100438 HTTP/1.1" 200 14382
124.78.154.177 - - [05/Feb/2023:11:35:17 +0800] "GET /xingrg/javascript/jquery_tools/jquery-1.4.2.min.js HTTP/1.1" 404 1094
124.78.154.177 - - [05/Feb/2023:11:35:17 +0800] "GET /xingrg/javascript/easyui/themes/default/validatebox.css HTTP/1.1" 404 1104
124.78.154.177 - - [05/Feb/2023:11:35:17 +0800] "POST /xingrg/kc/mdqp/pssh_order_operate.html HTTP/1.1" 200 3151
101.83.145.75 - - [05/Feb/2023:11:35:19 +0800] "GET /xingrg/kc/buy/cgsh_order_operate.html?command=get_materiel&rest_code=00105&code=00101002034&supplier_code=00100091&order_time=2023-02-05 HTTP/1.1" 200 409
124.78.154.177 - - [05/Feb/2023:11:35:20 +0800] "POST /xingrg/kc/mdqp/pssh_list_operate.html HTTP/1.1" 200 5444
114.83.222.182 - - [05/Feb/2023:11:35:21 +0800] "GET /xingrg/all/function/internal_message.html?_=1675568246324&CODE_STATE=getMsg HTTP/1.1" 200 27
222.70.181.49 - - [05/Feb/2023:11:35:22 +0800] "GET /xingrg/all/function/internal_message.html?_=1675568347444&CODE_STATE=getMsg HTTP/1.1" 200 27
222.70.181.49 - - [05/Feb/2023:11:35:22 +0800] "GET /xingrg/check_reg.html?_=1675568347445 HTTP/1.1" 200 22
124.78.154.177 - - [05/Feb/2023:11:35:22 +0800] "POST /xingrg/kc/mdqp/pssh_list_operate.html HTTP/1.1" 200 5572
124.78.154.177 - - [05/Feb/2023:11:35:23 +0800] "POST /xingrg/kc/mdqp/pssh_list_operate.html HTTP/1.1" 200 256
116.238.139.35 - - [05/Feb/2023:11:35:24 +0800] "GET /xingrg/kc/base/wldb_order_operate.html?command=get_materiel&rest_code=00150&base_code=0010446&code=00102015055 HTTP/1.1" 200 439
124.78.154.177 - - [05/Feb/2023:11:35:24 +0800] "POST /xingrg/kc/mdqp/pssh_list_operate.html HTTP/1.1" 200 740
124.78.154.177 - - [05/Feb/2023:11:35:26 +0800] "GET /xingrg/kc/mdqp/pssh_order_info.html?code=312022111600329 HTTP/1.1" 200 14382
124.78.154.177 - - [05/Feb/2023:11:35:26 +0800] "GET /xingrg/javascript/jquery_tools/jquery-1.4.2.min.js HTTP/1.1" 404 1094
124.78.154.177 - - [05/Feb/2023:11:35:26 +0800] "GET /xingrg/javascript/easyui/themes/default/validatebox.css HTTP/1.1" 404 1104
124.78.154.177 - - [05/Feb/2023:11:35:26 +0800] "POST /xingrg/kc/mdqp/pssh_order_operate.html HTTP/1.1" 200 3119
116.238.139.35 - - [05/Feb/2023:11:35:28 +0800] "GET /xingrg/kc/base/wldb_order_operate.html?command=get_materiel&rest_code=00150&base_code=0010446&code=00102001084 HTTP/1.1" 200 432
124.78.154.177 - - [05/Feb/2023:11:35:29 +0800] "POST /xingrg/kc/mdqp/pssh_list_operate.html HTTP/1.1" 200 5572
180.163.28.55 - - [05/Feb/2023:11:35:29 +0800] "GET /xingrg/kc/mdqp/pssh_order_list.html HTTP/1.1" 302 -
180.163.28.55 - - [05/Feb/2023:11:35:29 +0800] "GET /xingrg/login.html HTTP/1.1" 200 7641
124.78.154.177 - - [05/Feb/2023:11:35:29 +0800] "POST /xingrg/kc/mdqp/pssh_list_operate.html HTTP/1.1" 200 475
124.78.154.177 - - [05/Feb/2023:11:35:31 +0800] "GET /xingrg/kc/mdqp/pssh_order_info.html?code=312022111100241 HTTP/1.1" 200 14382
124.78.154.177 - - [05/Feb/2023:11:35:31 +0800] "GET /xingrg/javascript/jquery_tools/jquery-1.4.2.min.js HTTP/1.1" 404 1094
124.78.154.177 - - [05/Feb/2023:11:35:31 +0800] "POST /xingrg/kc/mdqp/pssh_order_operate.html HTTP/1.1" 200 1595
124.78.154.177 - - [05/Feb/2023:11:35:31 +0800] "GET /xingrg/javascript/easyui/themes/default/validatebox.css HTTP/1.1" 404 1104
124.78.154.177 - - [05/Feb/2023:11:35:33 +0800] "POST /xingrg/kc/mdqp/pssh_list_operate.html HTTP/1.1" 200 5572
116.238.139.35 - - [05/Feb/2023:11:35:33 +0800] "GET /xingrg/all/function/internal_message.html?_=1675568083313&CODE_STATE=getMsg HTTP/1.1" 200 27
124.78.154.177 - - [05/Feb/2023:11:35:33 +0800] "POST /xingrg/kc/mdqp/pssh_list_operate.html HTTP/1.1" 200 258
124.78.154.177 - - [05/Feb/2023:11:35:34 +0800] "POST /xingrg/kc/mdqp/pssh_list_operate.html HTTP/1.1" 200 475
101.83.145.75 - - [05/Feb/2023:11:35:35 +0800] "GET /xingrg/kc/buy/cgsh_order_operate.html?command=get_materiel&rest_code=00105&code=00101003037&supplier_code=00100091&order_time=2023-02-05 HTTP/1.1" 200 418
124.79.72.155 - - [05/Feb/2023:11:35:37 +0800] "POST /xingrg/kc/buy/cgsh_list_operate.html HTTP/1.1" 200 279
124.79.72.155 - - [05/Feb/2023:11:35:38 +0800] "GET /xingrg/kc/buy/cgsh_order_info.html?code=212023020300805 HTTP/1.1" 200 64687
124.79.72.155 - - [05/Feb/2023:11:35:38 +0800] "GET /xingrg/javascript/jquery_tools/jquery.tools.min.js HTTP/1.1" 200 138801
124.79.72.155 - - [05/Feb/2023:11:35:38 +0800] "GET /xingrg/css/base.css HTTP/1.1" 200 2811
124.79.72.155 - - [05/Feb/2023:11:35:38 +0800] "GET /xingrg/css/site.css HTTP/1.1" 200 7541
124.79.72.155 - - [05/Feb/2023:11:35:38 +0800] "GET /xingrg/javascript/pic_change.js HTTP/1.1" 200 4739
124.79.72.155 - - [05/Feb/2023:11:35:38 +0800] "GET /xingrg/javascript/jquery_tools/datebox.css HTTP/1.1" 200 2597
124.79.72.155 - - [05/Feb/2023:11:35:38 +0800] "GET /xingrg/javascript/jquery_tools/table.css HTTP/1.1" 200 1032
124.79.72.155 - - [05/Feb/2023:11:35:38 +0800] "GET /xingrg/javascript/easyui/themes/icon.css HTTP/1.1" 200 4483
124.79.72.155 - - [05/Feb/2023:11:35:38 +0800] "GET /xingrg/javascript/auto/jquery.autocomplete.css HTTP/1.1" 200 587
124.79.72.155 - - [05/Feb/2023:11:35:38 +0800] "GET /xingrg/javascript/jquery_tools/fix.css HTTP/1.1" 200 1702
124.79.72.155 - - [05/Feb/2023:11:35:38 +0800] "GET /xingrg/javascript/jquery_tools/jquery.tools.hotkey.js HTTP/1.1" 200 3242
124.79.72.155 - - [05/Feb/2023:11:35:38 +0800] "GET /xingrg/javascript/jquery_tools/jquery.tools.table.js HTTP/1.1" 200 6994
124.79.72.155 - - [05/Feb/2023:11:35:38 +0800] "GET /xingrg/javascript/easyui/easyloader.js HTTP/1.1" 200 5975
124.79.72.155 - - [05/Feb/2023:11:35:38 +0800] "GET /xingrg/javascript/convert.js HTTP/1.1" 200 1239
124.79.72.155 - - [05/Feb/2023:11:35:38 +0800] "GET /xingrg/javascript/jquery_tools/jquery.tools.extend.js HTTP/1.1" 200 15385
124.79.72.155 - - [05/Feb/2023:11:35:38 +0800] "GET /xingrg/javascript/easyui/themes/default/easyui.css HTTP/1.1" 200 30432
124.79.72.155 - - [05/Feb/2023:11:35:38 +0800] "GET /xingrg/javascript/jquery.cookie.js HTTP/1.1" 200 5513
124.79.72.155 - - [05/Feb/2023:11:35:38 +0800] "GET /xingrg/javascript/print/LodopFuncs.js HTTP/1.1" 200 5121
124.79.72.155 - - [05/Feb/2023:11:35:38 +0800] "GET /xingrg/javascript/auto/jquery.autocomplete.js HTTP/1.1" 200 21624
124.79.72.155 - - [05/Feb/2023:11:35:38 +0800] "GET /xingrg/javascript/jquery_tools/order_manager.js HTTP/1.1" 200 11183
124.79.72.155 - - [05/Feb/2023:11:35:38 +0800] "GET /xingrg/javascript/jquery.utils.js HTTP/1.1" 200 11805
124.79.72.155 - - [05/Feb/2023:11:35:38 +0800] "GET /xingrg/javascript/print/kc_print.js HTTP/1.1" 200 11415
124.79.72.155 - - [05/Feb/2023:11:35:38 +0800] "GET /xingrg/javascript/json2.js HTTP/1.1" 200 11259
124.79.72.155 - - [05/Feb/2023:11:35:38 +0800] "GET /xingrg/words/20230202152545_words.js HTTP/1.1" 200 944619
124.79.72.155 - - [05/Feb/2023:11:35:39 +0800] "GET /xingrg/javascript/easyui/plugins/jquery.parser.js HTTP/1.1" 200 1142
124.79.72.155 - - [05/Feb/2023:11:35:39 +0800] "GET /xingrg/javascript/easyui/themes/default/validatebox.css HTTP/1.1" 404 1104
124.79.72.155 - - [05/Feb/2023:11:35:39 +0800] "GET /xingrg/javascript/easyui/plugins/jquery.validatebox.js HTTP/1.1" 200 6103
124.79.72.155 - - [05/Feb/2023:11:35:39 +0800] "GET /xingrg/javascript/easyui/plugins/jquery.numberbox.js HTTP/1.1" 200 5213
116.238.139.35 - - [05/Feb/2023:11:35:39 +0800] "POST /xingrg/kc/base/wldb_order_operate.html HTTP/1.1" 200 37
124.79.72.155 - - [05/Feb/2023:11:35:39 +0800] "POST /xingrg/kc/buy/cgsh_order_operate.html HTTP/1.1" 200 1211
124.79.72.155 - - [05/Feb/2023:11:35:40 +0800] "GET /xingrg/kc/print/load_config.html?kc_code=cgsh HTTP/1.1" 200 1943
124.79.72.155 - - [05/Feb/2023:11:35:41 +0800] "GET /xingrg/kc/print/load_data.html?order_code=212023020300805&kc_code=cgsh HTTP/1.1" 200 997
124.78.154.177 - - [05/Feb/2023:11:35:41 +0800] "GET /xingrg/kc/mdqp/pssh_order_info.html?code=312022110600130 HTTP/1.1" 200 14382
124.78.154.177 - - [05/Feb/2023:11:35:41 +0800] "GET /xingrg/javascript/jquery_tools/jquery-1.4.2.min.js HTTP/1.1" 404 1094
124.78.154.177 - - [05/Feb/2023:11:35:42 +0800] "GET /xingrg/javascript/easyui/themes/default/validatebox.css HTTP/1.1" 404 1104
124.78.154.177 - - [05/Feb/2023:11:35:42 +0800] "POST /xingrg/kc/mdqp/pssh_order_operate.html HTTP/1.1" 200 1609
116.238.139.35 - - [05/Feb/2023:11:35:43 +0800] "POST /xingrg/kc/base/wldb_order_operate.html HTTP/1.1" 200 12
116.238.139.35 - - [05/Feb/2023:11:35:43 +0800] "POST /xingrg/kc/base/wldb_order_operate.html HTTP/1.1" 200 3136
180.163.28.109 - - [05/Feb/2023:11:35:43 +0800] "GET /xingrg/kc/mdqp/pssh_order_info.html?code=312023011100192 HTTP/1.1" 302 -
180.163.28.109 - - [05/Feb/2023:11:35:43 +0800] "GET /xingrg/login.html HTTP/1.1" 200 7641
124.78.154.177 - - [05/Feb/2023:11:35:44 +0800] "POST /xingrg/kc/mdqp/pssh_list_operate.html HTTP/1.1" 200 5572
222.70.181.49 - - [05/Feb/2023:11:35:44 +0800] "GET /xingrg/all/function/internal_message.html?_=1675568166929&CODE_STATE=getMsg HTTP/1.1" 200 27
124.78.154.177 - - [05/Feb/2023:11:35:45 +0800] "POST /xingrg/kc/mdqp/pssh_list_operate.html HTTP/1.1" 200 662
101.83.145.75 - - [05/Feb/2023:11:35:45 +0800] "POST /xingrg/kc/buy/cgsh_order_operate.html HTTP/1.1" 200 37
124.79.72.155 - - [05/Feb/2023:11:35:46 +0800] "GET /xingrg/check_reg.html?_=1675568167911 HTTP/1.1" 200 22
124.79.72.155 - - [05/Feb/2023:11:35:46 +0800] "GET /xingrg/all/function/internal_message.html?_=1675568167910&CODE_STATE=getMsg HTTP/1.1" 200 27
124.78.154.177 - - [05/Feb/2023:11:35:46 +0800] "GET /xingrg/kc/mdqp/pssh_order_info.html?code=312022110100011 HTTP/1.1" 200 14382
124.78.154.177 - - [05/Feb/2023:11:35:46 +0800] "GET /xingrg/javascript/jquery_tools/jquery-1.4.2.min.js HTTP/1.1" 404 1094
124.78.154.177 - - [05/Feb/2023:11:35:47 +0800] "GET /xingrg/javascript/easyui/themes/default/validatebox.css HTTP/1.1" 404 1104
124.78.154.177 - - [05/Feb/2023:11:35:47 +0800] "POST /xingrg/kc/mdqp/pssh_order_operate.html HTTP/1.1" 200 2630
101.83.145.75 - - [05/Feb/2023:11:35:47 +0800] "POST /xingrg/kc/buy/cgsh_order_operate.html HTTP/1.1" 200 3853
124.78.154.177 - - [05/Feb/2023:11:35:47 +0800] "POST /xingrg/kc/mdqp/pssh_list_operate.html HTTP/1.1" 200 5572
101.83.145.75 - - [05/Feb/2023:11:35:48 +0800] "GET /xingrg/kc/print/load_data.html?order_code=212023020501282&kc_code=cgsh&condition= HTTP/1.1" 200 1203
124.78.154.177 - - [05/Feb/2023:11:35:48 +0800] "POST /xingrg/kc/mdqp/pssh_list_operate.html HTTP/1.1" 200 354
116.238.139.35 - - [05/Feb/2023:11:35:49 +0800] "GET /xingrg/kc/base/wldb_order_info.html?code=422023020500274 HTTP/1.1" 200 26306
116.238.139.35 - - [05/Feb/2023:11:35:49 +0800] "GET /xingrg/javascript/easyui/themes/default/validatebox.css HTTP/1.1" 404 1104
116.238.139.35 - - [05/Feb/2023:11:35:49 +0800] "POST /xingrg/kc/base/wldb_order_operate.html HTTP/1.1" 200 1408
124.79.72.155 - - [05/Feb/2023:11:35:49 +0800] "POST /xingrg/kc/buy/cgsh_list_operate.html HTTP/1.1" 200 9047
124.78.154.177 - - [05/Feb/2023:11:35:50 +0800] "POST /xingrg/kc/mdqp/pssh_list_operate.html HTTP/1.1" 200 256
101.83.145.75 - - [05/Feb/2023:11:35:51 +0800] "GET /xingrg/kc/buy/cgsh_order_add.html HTTP/1.1" 200 69786
124.78.154.177 - - [05/Feb/2023:11:35:51 +0800] "POST /xingrg/kc/mdqp/pssh_list_operate.html HTTP/1.1" 200 265
101.83.145.75 - - [05/Feb/2023:11:35:51 +0800] "POST /xingrg/kc/buy/cgsh_order_operate.html HTTP/1.1" 200 8245
180.163.29.217 - - [05/Feb/2023:11:35:51 +0800] "GET /xingrg/kc/mdqp/pssh_order_info.html?code=312023010600067 HTTP/1.1" 302 -
180.163.29.217 - - [05/Feb/2023:11:35:51 +0800] "GET /xingrg/login.html HTTP/1.1" 200 7641
101.83.145.75 - - [05/Feb/2023:11:35:51 +0800] "GET /xingrg/javascript/easyui/themes/default/validatebox.css HTTP/1.1" 404 1104
124.78.154.177 - - [05/Feb/2023:11:35:52 +0800] "POST /xingrg/kc/mdqp/pssh_list_operate.html HTTP/1.1" 200 756
124.78.154.177 - - [05/Feb/2023:11:35:53 +0800] "GET /xingrg/kc/mdqp/pssh_order_info.html?code=312022101600333 HTTP/1.1" 200 14382
124.78.154.177 - - [05/Feb/2023:11:35:53 +0800] "GET /xingrg/javascript/jquery_tools/jquery-1.4.2.min.js HTTP/1.1" 404 1094
180.169.147.146 - - [05/Feb/2023:11:35:54 +0800] "GET /xingrg/all/function/internal_message.html?_=1675568175582&CODE_STATE=getMsg HTTP/1.1" 200 27
124.78.154.177 - - [05/Feb/2023:11:35:54 +0800] "POST /xingrg/kc/mdqp/pssh_order_operate.html HTTP/1.1" 200 4698
124.78.154.177 - - [05/Feb/2023:11:35:54 +0800] "GET /xingrg/javascript/easyui/themes/default/validatebox.css HTTP/1.1" 404 1104
218.81.216.21 - - [05/Feb/2023:11:35:54 +0800] "GET /xingrg/all/function/internal_message.html?_=1675568178001&CODE_STATE=getMsg HTTP/1.1" 200 27
124.78.154.177 - - [05/Feb/2023:11:35:56 +0800] "POST /xingrg/kc/mdqp/pssh_list_operate.html HTTP/1.1" 200 5572
124.78.154.177 - - [05/Feb/2023:11:35:57 +0800] "GET /xingrg/all/function/internal_message.html?_=1675568178802&CODE_STATE=getMsg HTTP/1.1" 200 27
116.238.139.35 - - [05/Feb/2023:11:35:57 +0800] "POST /xingrg/kc/base/wldb_order_operate.html HTTP/1.1" 200 12
124.78.154.177 - - [05/Feb/2023:11:35:58 +0800] "POST /xingrg/kc/mdqp/pssh_list_operate.html HTTP/1.1" 200 5580
116.238.139.35 - - [05/Feb/2023:11:35:58 +0800] "GET /xingrg/kc/base/wldb_order_info.html?code=422023020500274 HTTP/1.1" 200 30442
120.253.135.82 - - [05/Feb/2023:11:35:59 +0800] "GET /xingrg/all/function/internal_message.html?_=1675567996372&CODE_STATE=getMsg HTTP/1.1" 200 27
116.238.139.35 - - [05/Feb/2023:11:35:59 +0800] "GET /xingrg/javascript/easyui/themes/default/validatebox.css HTTP/1.1" 404 1104
58.40.7.146 - - [05/Feb/2023:11:35:59 +0800] "GET /xingrg/all/function/internal_message.html?_=1675568180715&CODE_STATE=getMsg HTTP/1.1" 200 27
124.78.154.177 - - [05/Feb/2023:11:35:59 +0800] "POST /xingrg/kc/mdqp/pssh_list_operate.html HTTP/1.1" 200 750
116.238.139.35 - - [05/Feb/2023:11:35:59 +0800] "POST /xingrg/kc/base/wldb_order_operate.html HTTP/1.1" 200 3136
124.78.154.177 - - [05/Feb/2023:11:36:00 +0800] "GET /xingrg/kc/mdqp/pssh_order_info.html?code=312022101100248 HTTP/1.1" 200 14382
124.78.154.177 - - [05/Feb/2023:11:36:00 +0800] "GET /xingrg/javascript/jquery_tools/jquery-1.4.2.min.js HTTP/1.1" 404 1094
124.78.154.177 - - [05/Feb/2023:11:36:00 +0800] "POST /xingrg/kc/mdqp/pssh_order_operate.html HTTP/1.1" 200 5231
124.78.154.177 - - [05/Feb/2023:11:36:00 +0800] "GET /xingrg/javascript/easyui/themes/default/validatebox.css HTTP/1.1" 404 1104
101.83.145.75 - - [05/Feb/2023:11:36:02 +0800] "GET /xingrg/kc/buy/cgsh_order_operate.html?command=get_materiel&rest_code=00105&code=00101010616&supplier_code=00100566&order_time=2023-02-05 HTTP/1.1" 200 431
124.78.154.177 - - [05/Feb/2023:11:36:04 +0800] "POST /xingrg/kc/mdqp/pssh_list_operate.html HTTP/1.1" 200 5580
101.83.145.75 - - [05/Feb/2023:11:36:05 +0800] "GET /xingrg/all/function/internal_message.html?_=1675568191435&CODE_STATE=getMsg HTTP/1.1" 200 27
124.78.154.177 - - [05/Feb/2023:11:36:05 +0800] "POST /xingrg/kc/mdqp/pssh_list_operate.html HTTP/1.1" 200 762
58.221.95.50 - - [05/Feb/2023:11:36:05 +0800] "GET /xingrg/all/function/internal_message.html?_=1675568187585&CODE_STATE=getMsg HTTP/1.1" 200 27
124.78.154.177 - - [05/Feb/2023:11:36:06 +0800] "GET /xingrg/kc/mdqp/pssh_order_info.html?code=312022100100015 HTTP/1.1" 200 14382
124.78.154.177 - - [05/Feb/2023:11:36:06 +0800] "GET /xingrg/javascript/jquery_tools/jquery-1.4.2.min.js HTTP/1.1" 404 1094
124.78.154.177 - - [05/Feb/2023:11:36:06 +0800] "GET /xingrg/javascript/easyui/themes/default/validatebox.css HTTP/1.1" 404 1104
124.78.154.177 - - [05/Feb/2023:11:36:06 +0800] "POST /xingrg/kc/mdqp/pssh_order_operate.html HTTP/1.1" 200 4207
124.78.154.177 - - [05/Feb/2023:11:36:08 +0800] "POST /xingrg/kc/mdqp/pssh_list_operate.html HTTP/1.1" 200 5580
124.78.154.177 - - [05/Feb/2023:11:36:09 +0800] "POST /xingrg/kc/mdqp/pssh_list_operate.html HTTP/1.1" 200 645
116.238.139.35 - - [05/Feb/2023:11:36:10 +0800] "GET /xingrg/check_reg.html?_=1675568193143 HTTP/1.1" 200 22
116.238.139.35 - - [05/Feb/2023:11:36:10 +0800] "GET /xingrg/all/function/internal_message.html?_=1675568193149&CODE_STATE=getMsg HTTP/1.1" 200 27
124.78.154.177 - - [05/Feb/2023:11:36:10 +0800] "GET /xingrg/kc/mdqp/pssh_order_info.html?code=312022092600615 HTTP/1.1" 200 14382
124.78.154.177 - - [05/Feb/2023:11:36:10 +0800] "GET /xingrg/javascript/jquery_tools/jquery-1.4.2.min.js HTTP/1.1" 404 1094
124.78.154.177 - - [05/Feb/2023:11:36:11 +0800] "GET /xingrg/javascript/easyui/themes/default/validatebox.css HTTP/1.1" 404 1104
124.78.154.177 - - [05/Feb/2023:11:36:11 +0800] "POST /xingrg/kc/mdqp/pssh_order_operate.html HTTP/1.1" 200 2600
124.78.154.177 - - [05/Feb/2023:11:36:12 +0800] "POST /xingrg/kc/mdqp/pssh_list_operate.html HTTP/1.1" 200 5580
124.78.154.177 - - [05/Feb/2023:11:36:13 +0800] "POST /xingrg/kc/mdqp/pssh_list_operate.html HTTP/1.1" 200 258
124.78.154.177 - - [05/Feb/2023:11:36:14 +0800] "POST /xingrg/kc/mdqp/pssh_list_operate.html HTTP/1.1" 200 260
124.78.154.177 - - [05/Feb/2023:11:36:15 +0800] "POST /xingrg/kc/mdqp/pssh_list_operate.html HTTP/1.1" 200 757
101.83.145.75 - - [05/Feb/2023:11:36:15 +0800] "POST /xingrg/kc/buy/cgsh_order_operate.html HTTP/1.1" 200 37
116.238.139.35 - - [05/Feb/2023:11:36:16 +0800] "POST /xingrg/kc/base/wldb_order_operate.html HTTP/1.1" 200 37
101.83.241.55 - - [05/Feb/2023:11:36:16 +0800] "GET /xingrg/all/function/internal_message.html?_=1675568198630&CODE_STATE=getMsg HTTP/1.1" 200 27
124.78.154.177 - - [05/Feb/2023:11:36:16 +0800] "GET /xingrg/kc/mdqp/pssh_order_info.html?code=312022092100509 HTTP/1.1" 200 14382
124.78.154.177 - - [05/Feb/2023:11:36:17 +0800] "GET /xingrg/javascript/jquery_tools/jquery-1.4.2.min.js HTTP/1.1" 404 1094
124.78.154.177 - - [05/Feb/2023:11:36:17 +0800] "GET /xingrg/javascript/easyui/themes/default/validatebox.css HTTP/1.1" 404 1104
124.78.154.177 - - [05/Feb/2023:11:36:17 +0800] "POST /xingrg/kc/mdqp/pssh_order_operate.html HTTP/1.1" 200 3674
116.238.139.35 - - [05/Feb/2023:11:36:18 +0800] "POST /xingrg/kc/base/wldb_order_operate.html HTTP/1.1" 200 12
116.238.139.35 - - [05/Feb/2023:11:36:18 +0800] "POST /xingrg/kc/base/wldb_order_operate.html HTTP/1.1" 200 3138
124.78.154.177 - - [05/Feb/2023:11:36:18 +0800] "POST /xingrg/kc/mdqp/pssh_list_operate.html HTTP/1.1" 200 5580
114.83.222.182 - - [05/Feb/2023:11:36:21 +0800] "GET /xingrg/all/function/internal_message.html?_=1675568306320&CODE_STATE=getMsg HTTP/1.1" 200 27
124.78.154.177 - - [05/Feb/2023:11:36:21 +0800] "POST /xingrg/kc/mdqp/pssh_list_operate.html HTTP/1.1" 200 5443
116.238.139.35 - - [05/Feb/2023:11:36:21 +0800] "GET /xingrg/check_reg.html?_=1675568131650 HTTP/1.1" 200 22
222.70.181.49 - - [05/Feb/2023:11:36:22 +0800] "GET /xingrg/all/function/internal_message.html?_=1675568407443&CODE_STATE=getMsg HTTP/1.1" 200 27
124.78.154.177 - - [05/Feb/2023:11:36:22 +0800] "POST /xingrg/kc/mdqp/pssh_list_operate.html HTTP/1.1" 200 774
101.83.145.75 - - [05/Feb/2023:11:36:23 +0800] "POST /xingrg/kc/buy/cgsh_order_operate.html HTTP/1.1" 200 2660
124.78.154.177 - - [05/Feb/2023:11:36:24 +0800] "POST /xingrg/kc/mdqp/pssh_list_operate.html HTTP/1.1" 200 366
116.238.139.35 - - [05/Feb/2023:11:36:24 +0800] "GET /xingrg/kc/base/wldb_order_info.html?code=422023020500274 HTTP/1.1" 200 26307
116.238.139.35 - - [05/Feb/2023:11:36:24 +0800] "GET /xingrg/javascript/easyui/themes/default/validatebox.css HTTP/1.1" 404 1104
101.83.145.75 - - [05/Feb/2023:11:36:25 +0800] "GET /xingrg/kc/print/load_data.html?order_code=212023020501283&kc_code=cgsh&condition= HTTP/1.1" 200 675
116.238.139.35 - - [05/Feb/2023:11:36:25 +0800] "POST /xingrg/kc/base/wldb_order_operate.html HTTP/1.1" 200 1410
124.78.154.177 - - [05/Feb/2023:11:36:25 +0800] "POST /xingrg/kc/mdqp/pssh_list_operate.html HTTP/1.1" 200 756
124.78.154.177 - - [05/Feb/2023:11:36:26 +0800] "POST /xingrg/kc/mdqp/pssh_list_operate.html HTTP/1.1" 200 352
116.238.139.35 - - [05/Feb/2023:11:36:27 +0800] "GET /xingrg/kc/base/wldb_order_add.html HTTP/1.1" 200 30428
124.78.154.177 - - [05/Feb/2023:11:36:27 +0800] "POST /xingrg/kc/mdqp/pssh_list_operate.html HTTP/1.1" 200 779
116.238.139.35 - - [05/Feb/2023:11:36:27 +0800] "POST /xingrg/kc/base/wldb_order_operate.html HTTP/1.1" 200 6806
116.238.139.35 - - [05/Feb/2023:11:36:27 +0800] "GET /xingrg/javascript/easyui/themes/default/validatebox.css HTTP/1.1" 404 1104
124.78.154.177 - - [05/Feb/2023:11:36:28 +0800] "POST /xingrg/kc/mdqp/pssh_list_operate.html HTTP/1.1" 200 766
124.78.154.177 - - [05/Feb/2023:11:36:29 +0800] "GET /xingrg/kc/mdqp/pssh_order_info.html?code=312022112100437 HTTP/1.1" 200 14382
124.78.154.177 - - [05/Feb/2023:11:36:29 +0800] "GET /xingrg/javascript/jquery_tools/jquery-1.4.2.min.js HTTP/1.1" 404 1094
124.78.154.177 - - [05/Feb/2023:11:36:30 +0800] "GET /xingrg/javascript/easyui/themes/default/validatebox.css HTTP/1.1" 404 1104
124.78.154.177 - - [05/Feb/2023:11:36:30 +0800] "POST /xingrg/kc/mdqp/pssh_order_operate.html HTTP/1.1" 200 4740
180.163.28.143 - - [05/Feb/2023:11:36:30 +0800] "GET /xingrg/kc/mdqp/pssh_order_info.html?code=312022111100241 HTTP/1.1" 302 -
180.163.28.143 - - [05/Feb/2023:11:36:30 +0800] "GET /xingrg/login.html HTTP/1.1" 200 7641
101.83.145.75 - - [05/Feb/2023:11:36:31 +0800] "GET /xingrg/kc/buy/cgsh_order_add.html HTTP/1.1" 200 69786
101.83.145.75 - - [05/Feb/2023:11:36:31 +0800] "POST /xingrg/kc/buy/cgsh_order_operate.html HTTP/1.1" 200 8245
101.83.145.75 - - [05/Feb/2023:11:36:31 +0800] "GET /xingrg/javascript/easyui/themes/default/validatebox.css HTTP/1.1" 404 1104
124.78.154.177 - - [05/Feb/2023:11:36:32 +0800] "POST /xingrg/kc/mdqp/pssh_list_operate.html HTTP/1.1" 200 5443
116.238.139.35 - - [05/Feb/2023:11:36:33 +0800] "GET /xingrg/all/function/internal_message.html?_=1675568143315&CODE_STATE=getMsg HTTP/1.1" 200 27
124.78.154.177 - - [05/Feb/2023:11:36:34 +0800] "GET /xingrg/kc/report/report_main.html HTTP/1.1" 200 7340
124.78.154.177 - - [05/Feb/2023:11:36:34 +0800] "POST /xingrg/kc/mdqp/pssh_list_operate.html HTTP/1.1" 200 5443
116.238.139.35 - - [05/Feb/2023:11:36:38 +0800] "GET /xingrg/kc/base/wldb_order_operate.html?command=get_materiel&rest_code=00150&base_code=0010445&code=00101019637 HTTP/1.1" 200 449
180.163.29.103 - - [05/Feb/2023:11:36:41 +0800] "GET /xingrg/kc/mdqp/pssh_order_info.html?code=312022110600130 HTTP/1.1" 302 -
180.163.29.103 - - [05/Feb/2023:11:36:41 +0800] "GET /xingrg/login.html HTTP/1.1" 200 7641
116.238.139.35 - - [05/Feb/2023:11:36:41 +0800] "POST /xingrg/kc/base/wldb_order_operate.html HTTP/1.1" 200 37
101.83.145.75 - - [05/Feb/2023:11:36:42 +0800] "GET /xingrg/kc/buy/cgsh_order_operate.html?command=get_materiel&rest_code=00105&code=00101010678&supplier_code=00100564&order_time=2023-02-05 HTTP/1.1" 200 427
124.78.154.177 - - [05/Feb/2023:11:36:42 +0800] "GET /xingrg/all/report/report_query.html?fileName=kc/buy/wlcg_price_by_month.xml HTTP/1.1" 200 52239
124.78.154.177 - - [05/Feb/2023:11:36:42 +0800] "GET /xingrg/dwr/interface/AjaxReportQueryService.js HTTP/1.1" 200 13203
124.78.154.177 - - [05/Feb/2023:11:36:42 +0800] "GET /xingrg/dwr/engine.js HTTP/1.1" 200 43631
124.78.154.177 - - [05/Feb/2023:11:36:42 +0800] "POST /xingrg/dwr/call/plaincall/AjaxReportQueryService.getFixDate.dwr HTTP/1.1" 200 111
124.79.72.155 - - [05/Feb/2023:11:36:42 +0800] "POST /xingrg/kc/buy/cgsh_list_operate.html HTTP/1.1" 200 279
124.78.154.177 - - [05/Feb/2023:11:36:42 +0800] "POST /xingrg/all/common/load_tree.html?tree=materiel_sort_tree_json HTTP/1.1" 200 9500
124.78.154.177 - - [05/Feb/2023:11:36:42 +0800] "POST /xingrg/all/common/load_tree.html?tree=supplier_tree_json&manage=1 HTTP/1.1" 200 72413
124.79.72.155 - - [05/Feb/2023:11:36:43 +0800] "GET /xingrg/kc/buy/cgsh_order_info.html?code=212023020300806 HTTP/1.1" 200 64687
124.79.72.155 - - [05/Feb/2023:11:36:43 +0800] "GET /xingrg/javascript/easyui/themes/default/validatebox.css HTTP/1.1" 404 1104
124.79.72.155 - - [05/Feb/2023:11:36:44 +0800] "POST /xingrg/kc/buy/cgsh_order_operate.html HTTP/1.1" 200 1206
116.238.139.35 - - [05/Feb/2023:11:36:44 +0800] "POST /xingrg/kc/base/wldb_order_operate.html HTTP/1.1" 200 12
116.238.139.35 - - [05/Feb/2023:11:36:44 +0800] "POST /xingrg/kc/base/wldb_order_operate.html HTTP/1.1" 200 2190
222.70.181.49 - - [05/Feb/2023:11:36:44 +0800] "GET /xingrg/check_reg.html?_=1675568226930 HTTP/1.1" 200 22
222.70.181.49 - - [05/Feb/2023:11:36:44 +0800] "GET /xingrg/all/function/internal_message.html?_=1675568226933&CODE_STATE=getMsg HTTP/1.1" 200 27
124.79.72.155 - - [05/Feb/2023:11:36:45 +0800] "GET /xingrg/kc/print/load_data.html?order_code=212023020300806&kc_code=cgsh HTTP/1.1" 200 934
124.79.72.155 - - [05/Feb/2023:11:36:45 +0800] "GET /xingrg/all/function/internal_message.html?_=1675568227889&CODE_STATE=getMsg HTTP/1.1" 200 27
124.78.154.177 - - [05/Feb/2023:11:36:46 +0800] "POST /xingrg/dwr/call/plaincall/AjaxReportQueryService.getFixDate.dwr HTTP/1.1" 200 111
101.83.145.75 - - [05/Feb/2023:11:36:49 +0800] "POST /xingrg/kc/buy/cgsh_order_operate.html HTTP/1.1" 200 37
180.169.147.146 - - [05/Feb/2023:11:36:54 +0800] "GET /xingrg/all/function/internal_message.html?_=1675568235600&CODE_STATE=getMsg HTTP/1.1" 200 27
180.169.147.146 - - [05/Feb/2023:11:36:54 +0800] "GET /xingrg/check_reg.html?_=1675568235603 HTTP/1.1" 200 22
218.81.216.21 - - [05/Feb/2023:11:36:54 +0800] "GET /xingrg/all/function/internal_message.html?_=1675568238010&CODE_STATE=getMsg HTTP/1.1" 200 27
124.78.154.177 - - [05/Feb/2023:11:36:57 +0800] "GET /xingrg/all/function/internal_message.html?_=1675568238780&CODE_STATE=getMsg HTTP/1.1" 200 27
124.79.72.155 - - [05/Feb/2023:11:36:57 +0800] "POST /xingrg/kc/buy/cgsh_list_operate.html HTTP/1.1" 200 9047
101.83.145.75 - - [05/Feb/2023:11:36:57 +0800] "POST /xingrg/kc/buy/cgsh_order_operate.html HTTP/1.1" 200 2664
116.238.139.35 - - [05/Feb/2023:11:36:58 +0800] "GET /xingrg/kc/base/wldb_order_info.html?code=422023020500275 HTTP/1.1" 200 26305
101.83.145.75 - - [05/Feb/2023:11:36:58 +0800] "GET /xingrg/kc/print/load_data.html?order_code=212023020501284&kc_code=cgsh&condition= HTTP/1.1" 200 655
116.238.139.35 - - [05/Feb/2023:11:36:58 +0800] "GET /xingrg/javascript/easyui/themes/default/validatebox.css HTTP/1.1" 404 1104
116.238.139.35 - - [05/Feb/2023:11:36:58 +0800] "POST /xingrg/kc/base/wldb_order_operate.html HTTP/1.1" 200 485
120.253.135.82 - - [05/Feb/2023:11:36:59 +0800] "GET /xingrg/all/function/internal_message.html?_=1675568056411&CODE_STATE=getMsg HTTP/1.1" 200 27
58.40.7.146 - - [05/Feb/2023:11:36:59 +0800] "GET /xingrg/all/function/internal_message.html?_=1675568240719&CODE_STATE=getMsg HTTP/1.1" 200 27
58.40.7.146 - - [05/Feb/2023:11:36:59 +0800] "GET /xingrg/check_reg.html?_=1675568240720 HTTP/1.1" 200 22
180.163.29.212 - - [05/Feb/2023:11:37:00 +0800] "GET /xingrg/kc/mdqp/pssh_order_info.html?code=312022101100248 HTTP/1.1" 302 -
124.78.154.177 - - [05/Feb/2023:11:37:00 +0800] "POST /xingrg/dwr/call/plaincall/AjaxReportQueryService.refreshCache.dwr HTTP/1.1" 200 78
116.238.139.35 - - [05/Feb/2023:11:37:00 +0800] "GET /xingrg/kc/base/wldb_order_add.html HTTP/1.1" 200 30428
116.238.139.35 - - [05/Feb/2023:11:37:01 +0800] "POST /xingrg/kc/base/wldb_order_operate.html HTTP/1.1" 200 6806
116.238.139.35 - - [05/Feb/2023:11:37:01 +0800] "GET /xingrg/javascript/easyui/themes/default/validatebox.css HTTP/1.1" 404 1104
101.83.145.75 - - [05/Feb/2023:11:37:02 +0800] "GET /xingrg/kc/buy/cgsh_order_add.html HTTP/1.1" 200 69786
124.78.154.177 - - [05/Feb/2023:11:37:02 +0800] "POST /xingrg/all/report/load_report_page.html HTTP/1.1" 200 28031
124.78.154.177 - - [05/Feb/2023:11:37:02 +0800] "GET /xingrg/servlets/image?cache=0.9167638481210391&image=px HTTP/1.1" 200 807
101.83.145.75 - - [05/Feb/2023:11:37:02 +0800] "GET /xingrg/javascript/easyui/themes/default/validatebox.css HTTP/1.1" 404 1104
101.83.145.75 - - [05/Feb/2023:11:37:02 +0800] "POST /xingrg/kc/buy/cgsh_order_operate.html HTTP/1.1" 200 8245
180.163.29.212 - - [05/Feb/2023:11:37:03 +0800] "GET /xingrg/login.html HTTP/1.1" 200 7641
101.83.145.75 - - [05/Feb/2023:11:37:05 +0800] "GET /xingrg/all/function/internal_message.html?_=1675568251436&CODE_STATE=getMsg HTTP/1.1" 200 27
58.221.95.50 - - [05/Feb/2023:11:37:05 +0800] "GET /xingrg/all/function/internal_message.html?_=1675568247559&CODE_STATE=getMsg HTTP/1.1" 200 27
124.78.154.177 - - [05/Feb/2023:11:37:07 +0800] "GET /xingrg/all/report/report_query.html?isQuery=1&fileName=kc/buy/wlcg_price_by_list.xml&rh=99999&queryString=&queryText=%25E3%2580%2590%25E6%259D%2590%25E6%2596%2599%25E5%2590%258D%25E7%25A7%25B0%253A%25E8%2589%25BA%25E6%259C%25AF%25E5%259E%25AB%25E7%25BA%25B8%25E3%2580%2591%2520%25E3%2580%2590%25E9%2587%2587%25E8%25B4%25AD%25E6%2597%25B6%25E9%2597%25B4%253A2022-01-01%2520%25E8%2587%25B3%25202022-12-31%25E3%2580%2591%2520%25E5%25B9%25B6%25E4%25B8%2594%2520%2520%25E3%2580%2590%25E6%259D%2590%25E6%2596%2599%25E5%2590%258D%25E7%25A7%25B0%2520%25E5%258C%2585%25E5%2590%25AB%2520%25E8%2589%25BA%25E6%259C%25AF%25E5%259E%25AB%25E7%25BA%25B8%25E3%2580%2591&tableQueryString=materiels%2524sp1%2524(CONVERT(char(10)%252Cb.order_time%252C%2520120)%253E%253D'2022-01-01')%2520and%2520(CONVERT(char(10)%252Cb.order_time%252C%2520120)%253C%253D'2022-12-31')%2520and%2520(m.name%2520like%2520'%2524bf%2524%25E8%2589%25BA%25E6%259C%25AF%25E5%259E%25AB%25E7%25BA%25B8%2524bf%2524')%2520and%2520(a.materiel_code%253D'00102002504')%2520and%2520(year(b.order_time)*100%252Bmonth(b.order_time)%253D202210) HTTP/1.1" 200 51583
124.78.154.177 - - [05/Feb/2023:11:37:07 +0800] "GET /xingrg/dwr/interface/AjaxReportQueryService.js HTTP/1.1" 200 13203
124.78.154.177 - - [05/Feb/2023:11:37:07 +0800] "GET /xingrg/dwr/engine.js HTTP/1.1" 200 43631
124.78.154.177 - - [05/Feb/2023:11:37:07 +0800] "POST /xingrg/all/report/load_report_page.html HTTP/1.1" 200 22014
124.78.154.177 - - [05/Feb/2023:11:37:07 +0800] "GET /xingrg/servlets/image?cache=0.3015129944375724&image=px HTTP/1.1" 200 807
116.238.139.35 - - [05/Feb/2023:11:37:10 +0800] "GET /xingrg/all/function/internal_message.html?_=1675568253130&CODE_STATE=getMsg HTTP/1.1" 200 27
116.238.139.35 - - [05/Feb/2023:11:37:11 +0800] "GET /xingrg/kc/base/wldb_order_operate.html?command=get_materiel&rest_code=00150&base_code=0010445&code=00101013011 HTTP/1.1" 200 451
124.78.154.177 - - [05/Feb/2023:11:37:13 +0800] "GET /xingrg/all/report/report_query.html?isQuery=1&fileName=kc/buy/wlcg_price_by_list.xml&rh=99999&queryString=&queryText=%25E3%2580%2590%25E6%259D%2590%25E6%2596%2599%25E5%2590%258D%25E7%25A7%25B0%253A%25E8%2589%25BA%25E6%259C%25AF%25E5%259E%25AB%25E7%25BA%25B8%25E3%2580%2591%2520%25E3%2580%2590%25E9%2587%2587%25E8%25B4%25AD%25E6%2597%25B6%25E9%2597%25B4%253A2022-01-01%2520%25E8%2587%25B3%25202022-12-31%25E3%2580%2591%2520%25E5%25B9%25B6%25E4%25B8%2594%2520%2520%25E3%2580%2590%25E6%259D%2590%25E6%2596%2599%25E5%2590%258D%25E7%25A7%25B0%2520%25E5%258C%2585%25E5%2590%25AB%2520%25E8%2589%25BA%25E6%259C%25AF%25E5%259E%25AB%25E7%25BA%25B8%25E3%2580%2591&tableQueryString=materiels%2524sp1%2524(CONVERT(char(10)%252Cb.order_time%252C%2520120)%253E%253D'2022-01-01')%2520and%2520(CONVERT(char(10)%252Cb.order_time%252C%2520120)%253C%253D'2022-12-31')%2520and%2520(m.name%2520like%2520'%2524bf%2524%25E8%2589%25BA%25E6%259C%25AF%25E5%259E%25AB%25E7%25BA%25B8%2524bf%2524')%2520and%2520(a.materiel_code%253D'00102002504')%2520and%2520(year(b.order_time)*100%252Bmonth(b.order_time)%253D202209) HTTP/1.1" 200 51583
124.78.154.177 - - [05/Feb/2023:11:37:13 +0800] "GET /xingrg/dwr/interface/AjaxReportQueryService.js HTTP/1.1" 200 13203
124.78.154.177 - - [05/Feb/2023:11:37:13 +0800] "GET /xingrg/dwr/engine.js HTTP/1.1" 200 43631
124.78.154.177 - - [05/Feb/2023:11:37:13 +0800] "POST /xingrg/all/report/load_report_page.html HTTP/1.1" 200 22014
124.78.154.177 - - [05/Feb/2023:11:37:13 +0800] "GET /xingrg/servlets/image?cache=0.8697090976463738&image=px HTTP/1.1" 200 807
101.83.241.55 - - [05/Feb/2023:11:37:16 +0800] "GET /xingrg/all/function/internal_message.html?_=1675568258609&CODE_STATE=getMsg HTTP/1.1" 200 27
101.83.145.75 - - [05/Feb/2023:11:37:17 +0800] "GET /xingrg/kc/buy/cgsh_order_operate.html?command=get_materiel&rest_code=00105&code=00101003035&supplier_code=00100092&order_time=2023-02-05 HTTP/1.1" 200 431
124.78.154.177 - - [05/Feb/2023:11:37:17 +0800] "GET /xingrg/all/report/report_query.html?isQuery=1&fileName=kc/buy/wlcg_price_by_list.xml&rh=99999&queryString=&queryText=%25E3%2580%2590%25E6%259D%2590%25E6%2596%2599%25E5%2590%258D%25E7%25A7%25B0%253A%25E8%2589%25BA%25E6%259C%25AF%25E5%259E%25AB%25E7%25BA%25B8%25E3%2580%2591%2520%25E3%2580%2590%25E9%2587%2587%25E8%25B4%25AD%25E6%2597%25B6%25E9%2597%25B4%253A2022-01-01%2520%25E8%2587%25B3%25202022-12-31%25E3%2580%2591%2520%25E5%25B9%25B6%25E4%25B8%2594%2520%2520%25E3%2580%2590%25E6%259D%2590%25E6%2596%2599%25E5%2590%258D%25E7%25A7%25B0%2520%25E5%258C%2585%25E5%2590%25AB%2520%25E8%2589%25BA%25E6%259C%25AF%25E5%259E%25AB%25E7%25BA%25B8%25E3%2580%2591&tableQueryString=materiels%2524sp1%2524(CONVERT(char(10)%252Cb.order_time%252C%2520120)%253E%253D'2022-01-01')%2520and%2520(CONVERT(char(10)%252Cb.order_time%252C%2520120)%253C%253D'2022-12-31')%2520and%2520(m.name%2520like%2520'%2524bf%2524%25E8%2589%25BA%25E6%259C%25AF%25E5%259E%25AB%25E7%25BA%25B8%2524bf%2524')%2520and%2520(a.materiel_code%253D'00102002504')%2520and%2520(year(b.order_time)*100%252Bmonth(b.order_time)%253D202208) HTTP/1.1" 200 51583
124.78.154.177 - - [05/Feb/2023:11:37:17 +0800] "GET /xingrg/dwr/interface/AjaxReportQueryService.js HTTP/1.1" 200 13203
124.78.154.177 - - [05/Feb/2023:11:37:17 +0800] "GET /xingrg/dwr/engine.js HTTP/1.1" 200 43631
101.83.241.55 - - [05/Feb/2023:11:37:17 +0800] "GET /xingrg/check_reg.html?_=1675568259529 HTTP/1.1" 200 22
124.78.154.177 - - [05/Feb/2023:11:37:18 +0800] "POST /xingrg/all/report/load_report_page.html HTTP/1.1" 200 17434
