116.238.139.35 - - [05/Feb/2023:12:17:34 +0800] "GET /xingrg/all/function/internal_message.html?_=1675570604028&CODE_STATE=getMsg HTTP/1.1" 200 27
124.78.154.177 - - [05/Feb/2023:12:17:34 +0800] "POST /xingrg/kc/buy/cgsh_order_operate.html HTTP/1.1" 200 616
101.83.241.55 - - [05/Feb/2023:12:17:39 +0800] "POST /xingrg/kc/buy/cgsh_order_operate.html HTTP/1.1" 200 37
124.78.154.177 - - [05/Feb/2023:12:17:39 +0800] "GET /xingrg/kc/print/load_data.html?order_code=212023020501344&kc_code=cgsh&condition= HTTP/1.1" 200 778
114.88.159.190 - - [05/Feb/2023:12:17:43 +0800] "GET /xingrg/kc/buy/cgsh_order_operate.html?command=get_materiel&rest_code=00141&code=00101009045&supplier_code=00100022&order_time=2023-02-05 HTTP/1.1" 200 412
222.70.181.49 - - [05/Feb/2023:12:17:44 +0800] "GET /xingrg/all/function/internal_message.html?_=1675570686976&CODE_STATE=getMsg HTTP/1.1" 200 27
124.79.72.155 - - [05/Feb/2023:12:17:45 +0800] "GET /xingrg/all/function/internal_message.html?_=1675570687831&CODE_STATE=getMsg HTTP/1.1" 200 27
101.83.241.55 - - [05/Feb/2023:12:17:46 +0800] "POST /xingrg/kc/buy/cgsh_order_operate.html HTTP/1.1" 200 12
101.83.241.55 - - [05/Feb/2023:12:17:47 +0800] "GET /xingrg/kc/buy/cgsh_order_info.html?code=212023020501345 HTTP/1.1" 200 64698
101.83.241.55 - - [05/Feb/2023:12:17:47 +0800] "GET /xingrg/javascript/easyui/themes/default/validatebox.css HTTP/1.1" 404 1104
101.83.241.55 - - [05/Feb/2023:12:17:48 +0800] "POST /xingrg/kc/buy/cgsh_order_operate.html HTTP/1.1" 200 618
101.83.241.55 - - [05/Feb/2023:12:17:50 +0800] "GET /xingrg/kc/print/load_data.html?order_code=212023020501345&kc_code=cgsh&condition= HTTP/1.1" 200 719
218.81.216.21 - - [05/Feb/2023:12:17:50 +0800] "GET /xingrg/kc/buy/cgsh_order_operate.html?command=get_materiel&rest_code=00146&code=00101004067&supplier_code=00100312&order_time=2023-02-05 HTTP/1.1" 200 433
180.169.147.146 - - [05/Feb/2023:12:17:54 +0800] "GET /xingrg/all/function/internal_message.html?_=1675570695605&CODE_STATE=getMsg HTTP/1.1" 200 27
101.83.241.55 - - [05/Feb/2023:12:17:55 +0800] "GET /xingrg/kc/buy/cgsh_order_add.html HTTP/1.1" 200 69792
101.83.241.55 - - [05/Feb/2023:12:17:55 +0800] "POST /xingrg/kc/buy/cgsh_order_operate.html HTTP/1.1" 200 8245
101.83.241.55 - - [05/Feb/2023:12:17:55 +0800] "GET /xingrg/javascript/easyui/themes/default/validatebox.css HTTP/1.1" 404 1104
114.88.159.190 - - [05/Feb/2023:12:17:55 +0800] "GET /xingrg/kc/buy/cgsh_order_operate.html?command=get_materiel&rest_code=00141&code=00101008418&supplier_code=00100022&order_time=2023-02-05 HTTP/1.1" 200 414
124.78.154.177 - - [05/Feb/2023:12:17:56 +0800] "GET /xingrg/kc/buy/cgsh_order_add.html HTTP/1.1" 200 69703
124.78.154.177 - - [05/Feb/2023:12:17:56 +0800] "GET /xingrg/javascript/easyui/themes/default/validatebox.css HTTP/1.1" 404 1104
124.78.154.177 - - [05/Feb/2023:12:17:56 +0800] "POST /xingrg/kc/buy/cgsh_order_operate.html HTTP/1.1" 200 8245
124.78.154.177 - - [05/Feb/2023:12:17:58 +0800] "GET /xingrg/javascript/easyui/themes/default/tree.css HTTP/1.1" 404 1090
124.78.154.177 - - [05/Feb/2023:12:17:58 +0800] "POST /xingrg/all/common/load_tree.html?tree=supplier_tree_json&isDelete=1 HTTP/1.1" 200 70488
58.40.7.146 - - [05/Feb/2023:12:17:59 +0800] "GET /xingrg/all/function/internal_message.html?_=1675570700735&CODE_STATE=getMsg HTTP/1.1" 200 27
120.253.135.82 - - [05/Feb/2023:12:18:00 +0800] "GET /xingrg/all/function/internal_message.html?_=1675570518065&CODE_STATE=getMsg HTTP/1.1" 200 27
218.81.216.21 - - [05/Feb/2023:12:18:00 +0800] "GET /xingrg/all/function/internal_message.html?_=1675570704461&CODE_STATE=getMsg HTTP/1.1" 200 27
58.221.95.50 - - [05/Feb/2023:12:18:04 +0800] "GET /xingrg/all/function/internal_message.html?_=1675570706767&CODE_STATE=getMsg HTTP/1.1" 200 27
101.83.241.55 - - [05/Feb/2023:12:18:06 +0800] "GET /xingrg/kc/buy/cgsh_order_operate.html?command=get_materiel&rest_code=00149&code=00101005026&supplier_code=00100327&order_time=2023-02-05 HTTP/1.1" 200 413
58.221.95.50 - - [05/Feb/2023:12:18:07 +0800] "GET /xingrg/check_reg.html?_=1675570709372 HTTP/1.1" 200 22
180.157.253.110 - - [05/Feb/2023:12:18:10 +0800] "GET /xingrg/all/function/internal_message.html?_=1675570713099&CODE_STATE=getMsg HTTP/1.1" 200 27
114.88.159.190 - - [05/Feb/2023:12:18:11 +0800] "POST /xingrg/kc/buy/cgsh_order_operate.html HTTP/1.1" 200 37
116.230.105.139 - - [05/Feb/2023:12:18:16 +0800] "GET /xingrg/all/function/internal_message.html?_=1675570717176&CODE_STATE=getMsg HTTP/1.1" 200 27
124.78.154.177 - - [05/Feb/2023:12:18:17 +0800] "GET /xingrg/check_reg.html?_=1675570718962 HTTP/1.1" 200 22
124.78.154.177 - - [05/Feb/2023:12:18:17 +0800] "GET /xingrg/all/function/internal_message.html?_=1675570719143&CODE_STATE=getMsg HTTP/1.1" 200 27
101.83.241.55 - - [05/Feb/2023:12:18:18 +0800] "POST /xingrg/kc/buy/cgsh_order_operate.html HTTP/1.1" 200 37
218.81.216.21 - - [05/Feb/2023:12:18:19 +0800] "GET /xingrg/kc/buy/cgsh_order_operate.html?command=get_materiel&rest_code=00146&code=00101004049&supplier_code=00100312&order_time=2023-02-05 HTTP/1.1" 200 413
114.83.222.182 - - [05/Feb/2023:12:18:20 +0800] "GET /xingrg/all/function/internal_message.html?_=1675570825548&CODE_STATE=getMsg HTTP/1.1" 200 27
114.83.222.182 - - [05/Feb/2023:12:18:22 +0800] "GET /xingrg/check_reg.html?_=1675570827786 HTTP/1.1" 200 22
114.88.159.190 - - [05/Feb/2023:12:18:24 +0800] "POST /xingrg/kc/buy/cgsh_order_operate.html HTTP/1.1" 200 12
124.78.154.177 - - [05/Feb/2023:12:18:24 +0800] "GET /xingrg/kc/buy/cgsh_order_operate.html?command=get_materiel&rest_code=00106&code=00101004051&supplier_code=00100312&order_time=2023-02-05 HTTP/1.1" 200 408
101.83.241.55 - - [05/Feb/2023:12:18:28 +0800] "POST /xingrg/kc/buy/cgsh_order_operate.html HTTP/1.1" 200 12
116.238.139.35 - - [05/Feb/2023:12:18:28 +0800] "GET /xingrg/all/function/internal_message.html?_=1675570730655&CODE_STATE=getMsg HTTP/1.1" 200 27
116.238.139.35 - - [05/Feb/2023:12:18:28 +0800] "GET /xingrg/check_reg.html?_=1675570730658 HTTP/1.1" 200 22
114.88.159.190 - - [05/Feb/2023:12:18:28 +0800] "GET /xingrg/kc/buy/cgsh_order_info.html?code=212023020501346 HTTP/1.1" 200 64604
114.88.159.190 - - [05/Feb/2023:12:18:29 +0800] "GET /xingrg/javascript/easyui/themes/default/validatebox.css HTTP/1.1" 404 1104
101.83.241.55 - - [05/Feb/2023:12:18:29 +0800] "GET /xingrg/kc/buy/cgsh_order_info.html?code=212023020501347 HTTP/1.1" 200 64694
101.83.241.55 - - [05/Feb/2023:12:18:30 +0800] "GET /xingrg/javascript/easyui/themes/default/validatebox.css HTTP/1.1" 404 1104
114.88.159.190 - - [05/Feb/2023:12:18:30 +0800] "POST /xingrg/kc/buy/cgsh_order_operate.html HTTP/1.1" 200 1202
101.83.241.55 - - [05/Feb/2023:12:18:31 +0800] "POST /xingrg/kc/buy/cgsh_order_operate.html HTTP/1.1" 200 606
101.83.241.55 - - [05/Feb/2023:12:18:33 +0800] "GET /xingrg/kc/print/load_data.html?order_code=212023020501347&kc_code=cgsh&condition= HTTP/1.1" 200 697
114.88.159.190 - - [05/Feb/2023:12:18:33 +0800] "GET /xingrg/kc/print/load_data.html?order_code=212023020501346&kc_code=cgsh&condition= HTTP/1.1" 200 972
101.83.241.55 - - [05/Feb/2023:12:18:34 +0800] "GET /xingrg/all/function/internal_message.html?_=1675570735872&CODE_STATE=getMsg HTTP/1.1" 200 27
116.238.139.35 - - [05/Feb/2023:12:18:34 +0800] "GET /xingrg/all/function/internal_message.html?_=1675570664053&CODE_STATE=getMsg HTTP/1.1" 200 27
218.81.216.21 - - [05/Feb/2023:12:18:35 +0800] "GET /xingrg/check_reg.html?_=1675570739390 HTTP/1.1" 200 22
101.83.241.55 - - [05/Feb/2023:12:18:37 +0800] "GET /xingrg/kc/buy/cgsh_order_add.html HTTP/1.1" 200 69792
101.83.241.55 - - [05/Feb/2023:12:18:37 +0800] "POST /xingrg/kc/buy/cgsh_order_operate.html HTTP/1.1" 200 8245
101.83.241.55 - - [05/Feb/2023:12:18:37 +0800] "GET /xingrg/javascript/easyui/themes/default/validatebox.css HTTP/1.1" 404 1104
124.78.154.177 - - [05/Feb/2023:12:18:39 +0800] "GET /xingrg/kc/buy/cgsh_order_operate.html?command=get_materiel&rest_code=00106&code=00101004046&supplier_code=00100312&order_time=2023-02-05 HTTP/1.1" 200 417
218.81.216.21 - - [05/Feb/2023:12:18:44 +0800] "GET /xingrg/kc/buy/cgsh_order_operate.html?command=get_materiel&rest_code=00146&code=00101004085&supplier_code=00100312&order_time=2023-02-05 HTTP/1.1" 200 410
222.70.181.49 - - [05/Feb/2023:12:18:44 +0800] "GET /xingrg/all/function/internal_message.html?_=1675570746977&CODE_STATE=getMsg HTTP/1.1" 200 27
124.79.72.155 - - [05/Feb/2023:12:18:45 +0800] "GET /xingrg/all/function/internal_message.html?_=1675570747823&CODE_STATE=getMsg HTTP/1.1" 200 27
101.83.241.55 - - [05/Feb/2023:12:18:47 +0800] "GET /xingrg/kc/buy/cgsh_order_operate.html?command=get_materiel&rest_code=00149&code=00101001145&supplier_code=00100314&order_time=2023-02-05 HTTP/1.1" 200 413
124.78.154.177 - - [05/Feb/2023:12:18:51 +0800] "GET /xingrg/kc/buy/cgsh_order_operate.html?command=get_materiel&rest_code=00106&code=00101004067&supplier_code=00100312&order_time=2023-02-05 HTTP/1.1" 200 433
180.169.147.146 - - [05/Feb/2023:12:18:54 +0800] "GET /xingrg/all/function/internal_message.html?_=1675570755599&CODE_STATE=getMsg HTTP/1.1" 200 27
58.40.7.146 - - [05/Feb/2023:12:18:59 +0800] "GET /xingrg/all/function/internal_message.html?_=1675570760740&CODE_STATE=getMsg HTTP/1.1" 200 27
120.253.135.82 - - [05/Feb/2023:12:19:00 +0800] "GET /xingrg/all/function/internal_message.html?_=1675570578104&CODE_STATE=getMsg HTTP/1.1" 200 27
218.81.216.21 - - [05/Feb/2023:12:19:00 +0800] "GET /xingrg/all/function/internal_message.html?_=1675570764476&CODE_STATE=getMsg HTTP/1.1" 200 27
124.78.154.177 - - [05/Feb/2023:12:19:01 +0800] "GET /xingrg/kc/buy/cgsh_order_operate.html?command=get_materiel&rest_code=00106&code=00101004061&supplier_code=00100312&order_time=2023-02-05 HTTP/1.1" 200 409
218.81.216.21 - - [05/Feb/2023:12:19:02 +0800] "GET /xingrg/kc/buy/cgsh_order_operate.html?command=get_materiel&rest_code=00146&code=00101005015&supplier_code=00100312&order_time=2023-02-05 HTTP/1.1" 200 409
101.83.241.55 - - [05/Feb/2023:12:19:03 +0800] "GET /xingrg/kc/buy/cgsh_order_operate.html?command=get_materiel&rest_code=00149&code=00101001174&supplier_code=00100314&order_time=2023-02-05 HTTP/1.1" 200 414
58.221.95.50 - - [05/Feb/2023:12:19:04 +0800] "GET /xingrg/all/function/internal_message.html?_=1675570766759&CODE_STATE=getMsg HTTP/1.1" 200 27
180.157.253.110 - - [05/Feb/2023:12:19:10 +0800] "GET /xingrg/check_reg.html?_=1675570773090 HTTP/1.1" 200 22
180.157.253.110 - - [05/Feb/2023:12:19:10 +0800] "GET /xingrg/all/function/internal_message.html?_=1675570773091&CODE_STATE=getMsg HTTP/1.1" 200 27
124.78.154.177 - - [05/Feb/2023:12:19:12 +0800] "GET /xingrg/kc/buy/cgsh_order_operate.html?command=get_materiel&rest_code=00106&code=00101004071&supplier_code=00100312&order_time=2023-02-05 HTTP/1.1" 200 409
116.230.105.139 - - [05/Feb/2023:12:19:16 +0800] "GET /xingrg/all/function/internal_message.html?_=1675570777150&CODE_STATE=getMsg HTTP/1.1" 200 27
124.78.154.177 - - [05/Feb/2023:12:19:17 +0800] "GET /xingrg/all/function/internal_message.html?_=1675570779155&CODE_STATE=getMsg HTTP/1.1" 200 27
101.83.241.55 - - [05/Feb/2023:12:19:18 +0800] "POST /xingrg/kc/buy/cgsh_order_operate.html HTTP/1.1" 200 37
114.83.222.182 - - [05/Feb/2023:12:19:20 +0800] "GET /xingrg/all/function/internal_message.html?_=1675570885525&CODE_STATE=getMsg HTTP/1.1" 200 27
180.157.253.110 - - [05/Feb/2023:12:19:22 +0800] "POST /xingrg/kc/buy/cgsh_order_operate.html HTTP/1.1" 200 37
180.157.253.110 - - [05/Feb/2023:12:19:24 +0800] "POST /xingrg/kc/buy/cgsh_order_operate.html HTTP/1.1" 200 26311
124.78.154.177 - - [05/Feb/2023:12:19:25 +0800] "GET /xingrg/kc/buy/cgsh_order_operate.html?command=get_materiel&rest_code=00106&code=00101004049&supplier_code=00100312&order_time=2023-02-05 HTTP/1.1" 200 415
218.81.216.21 - - [05/Feb/2023:12:19:25 +0800] "GET /xingrg/kc/buy/cgsh_order_operate.html?command=get_materiel&rest_code=00146&code=00101005022&supplier_code=00100312&order_time=2023-02-05 HTTP/1.1" 200 417
101.83.241.55 - - [05/Feb/2023:12:19:26 +0800] "POST /xingrg/kc/buy/cgsh_order_operate.html HTTP/1.1" 200 12
116.238.139.35 - - [05/Feb/2023:12:19:28 +0800] "GET /xingrg/all/function/internal_message.html?_=1675570790661&CODE_STATE=getMsg HTTP/1.1" 200 27
120.253.135.82 - - [05/Feb/2023:12:19:29 +0800] "GET /xingrg/check_reg.html?_=1675570606544 HTTP/1.1" 200 22
101.83.241.55 - - [05/Feb/2023:12:19:29 +0800] "GET /xingrg/kc/buy/cgsh_order_info.html?code=212023020501348 HTTP/1.1" 200 64696
101.83.241.55 - - [05/Feb/2023:12:19:29 +0800] "GET /xingrg/javascript/easyui/themes/default/validatebox.css HTTP/1.1" 404 1104
101.83.241.55 - - [05/Feb/2023:12:19:31 +0800] "POST /xingrg/kc/buy/cgsh_order_operate.html HTTP/1.1" 200 1209
180.157.253.110 - - [05/Feb/2023:12:19:31 +0800] "GET /xingrg/kc/print/load_config.html?kc_code=cgsh HTTP/1.1" 200 1943
180.157.253.110 - - [05/Feb/2023:12:19:32 +0800] "GET /xingrg/kc/print/load_data.html?order_code=212023020501302&kc_code=cgsh&condition= HTTP/1.1" 200 9622
101.83.241.55 - - [05/Feb/2023:12:19:33 +0800] "GET /xingrg/kc/print/load_data.html?order_code=212023020501348&kc_code=cgsh&condition= HTTP/1.1" 200 943
101.83.241.55 - - [05/Feb/2023:12:19:34 +0800] "GET /xingrg/all/function/internal_message.html?_=1675570795890&CODE_STATE=getMsg HTTP/1.1" 200 27
116.238.139.35 - - [05/Feb/2023:12:19:34 +0800] "GET /xingrg/all/function/internal_message.html?_=1675570724070&CODE_STATE=getMsg HTTP/1.1" 200 27
124.78.154.177 - - [05/Feb/2023:12:19:41 +0800] "GET /xingrg/kc/buy/cgsh_order_operate.html?command=get_materiel&rest_code=00106&code=00101001029&supplier_code=00100312&order_time=2023-02-05 HTTP/1.1" 200 417
222.70.181.49 - - [05/Feb/2023:12:19:44 +0800] "GET /xingrg/all/function/internal_message.html?_=1675570807004&CODE_STATE=getMsg HTTP/1.1" 200 27
124.79.72.155 - - [05/Feb/2023:12:19:45 +0800] "GET /xingrg/all/function/internal_message.html?_=1675570807831&CODE_STATE=getMsg HTTP/1.1" 200 27
218.81.216.21 - - [05/Feb/2023:12:19:50 +0800] "POST /xingrg/kc/buy/cgsh_order_operate.html HTTP/1.1" 200 37
218.81.216.21 - - [05/Feb/2023:12:19:53 +0800] "POST /xingrg/kc/buy/cgsh_order_operate.html HTTP/1.1" 200 6220
180.169.147.146 - - [05/Feb/2023:12:19:54 +0800] "GET /xingrg/all/function/internal_message.html?_=1675570815612&CODE_STATE=getMsg HTTP/1.1" 200 27
218.81.216.21 - - [05/Feb/2023:12:19:55 +0800] "GET /xingrg/kc/print/load_data.html?order_code=212023020501349&kc_code=cgsh&condition= HTTP/1.1" 200 2048
58.40.7.146 - - [05/Feb/2023:12:19:59 +0800] "GET /xingrg/all/function/internal_message.html?_=1675570820743&CODE_STATE=getMsg HTTP/1.1" 200 27
124.78.154.177 - - [05/Feb/2023:12:20:00 +0800] "GET /xingrg/kc/buy/cgsh_order_operate.html?command=get_materiel&rest_code=00106&code=00101001096&supplier_code=00100312&order_time=2023-02-05 HTTP/1.1" 200 413
120.253.135.82 - - [05/Feb/2023:12:20:00 +0800] "GET /xingrg/all/function/internal_message.html?_=1675570638119&CODE_STATE=getMsg HTTP/1.1" 200 27
218.81.216.21 - - [05/Feb/2023:12:20:00 +0800] "GET /xingrg/all/function/internal_message.html?_=1675570824489&CODE_STATE=getMsg HTTP/1.1" 200 27
120.253.135.82 - - [05/Feb/2023:12:20:04 +0800] "GET /xingrg/all/function/internal_message.html?_=1675570950471&CODE_STATE=getMsg HTTP/1.1" 200 27
58.221.95.50 - - [05/Feb/2023:12:20:04 +0800] "GET /xingrg/all/function/internal_message.html?_=1675570826735&CODE_STATE=getMsg HTTP/1.1" 200 27
218.81.216.21 - - [05/Feb/2023:12:20:09 +0800] "POST /xingrg/kc/buy/cgsh_order_operate.html HTTP/1.1" 200 37
180.157.253.110 - - [05/Feb/2023:12:20:10 +0800] "GET /xingrg/all/function/internal_message.html?_=1675570833092&CODE_STATE=getMsg HTTP/1.1" 200 27
124.78.154.177 - - [05/Feb/2023:12:20:11 +0800] "GET /xingrg/kc/buy/cgsh_order_operate.html?command=get_materiel&rest_code=00106&code=00101001016&supplier_code=00100312&order_time=2023-02-05 HTTP/1.1" 200 434
218.81.216.21 - - [05/Feb/2023:12:20:13 +0800] "POST /xingrg/kc/buy/cgsh_order_operate.html HTTP/1.1" 200 6220
180.157.253.110 - - [05/Feb/2023:12:20:15 +0800] "GET /xingrg/kc/buy/cgsh_order_list.html HTTP/1.1" 200 53928
116.230.105.139 - - [05/Feb/2023:12:20:16 +0800] "GET /xingrg/all/function/internal_message.html?_=1675570837127&CODE_STATE=getMsg HTTP/1.1" 200 27
124.78.154.177 - - [05/Feb/2023:12:20:17 +0800] "GET /xingrg/all/function/internal_message.html?_=1675570839103&CODE_STATE=getMsg HTTP/1.1" 200 27
218.81.216.21 - - [05/Feb/2023:12:20:17 +0800] "POST /xingrg/kc/buy/cgsh_list_operate.html HTTP/1.1" 200 6703
218.81.216.21 - - [05/Feb/2023:12:20:18 +0800] "GET /xingrg/kc/buy/cgsh_order_add.html HTTP/1.1" 200 69703
218.81.216.21 - - [05/Feb/2023:12:20:19 +0800] "POST /xingrg/kc/buy/cgsh_order_operate.html HTTP/1.1" 200 8245
218.81.216.21 - - [05/Feb/2023:12:20:19 +0800] "GET /xingrg/javascript/easyui/themes/default/validatebox.css HTTP/1.1" 404 1104
180.157.253.110 - - [05/Feb/2023:12:20:20 +0800] "POST /xingrg/kc/buy/cgsh_list_operate.html HTTP/1.1" 200 1860
114.83.222.182 - - [05/Feb/2023:12:20:20 +0800] "GET /xingrg/all/function/internal_message.html?_=1675570945501&CODE_STATE=getMsg HTTP/1.1" 200 27
124.78.154.177 - - [05/Feb/2023:12:20:24 +0800] "POST /xingrg/kc/buy/cgsh_order_operate.html HTTP/1.1" 200 37
218.81.216.21 - - [05/Feb/2023:12:20:25 +0800] "POST /xingrg/kc/buy/cgsh_list_operate.html HTTP/1.1" 200 6703
116.238.139.35 - - [05/Feb/2023:12:20:28 +0800] "GET /xingrg/all/function/internal_message.html?_=1675570850668&CODE_STATE=getMsg HTTP/1.1" 200 27
101.83.241.55 - - [05/Feb/2023:12:20:34 +0800] "GET /xingrg/all/function/internal_message.html?_=1675570855868&CODE_STATE=getMsg HTTP/1.1" 200 27
116.238.139.35 - - [05/Feb/2023:12:20:34 +0800] "GET /xingrg/all/function/internal_message.html?_=1675570784096&CODE_STATE=getMsg HTTP/1.1" 200 27
218.81.216.21 - - [05/Feb/2023:12:20:42 +0800] "GET /xingrg/kc/buy/cgsh_order_operate.html?command=get_materiel&rest_code=00146&code=00101012119&supplier_code=00100581&order_time=2023-02-05 HTTP/1.1" 200 402
222.70.181.49 - - [05/Feb/2023:12:20:44 +0800] "GET /xingrg/all/function/internal_message.html?_=1675570867004&CODE_STATE=getMsg HTTP/1.1" 200 27
124.79.72.155 - - [05/Feb/2023:12:20:45 +0800] "GET /xingrg/all/function/internal_message.html?_=1675570867823&CODE_STATE=getMsg HTTP/1.1" 200 27
124.79.72.155 - - [05/Feb/2023:12:20:45 +0800] "GET /xingrg/check_reg.html?_=1675570867833 HTTP/1.1" 200 22
180.169.147.146 - - [05/Feb/2023:12:20:54 +0800] "GET /xingrg/all/function/internal_message.html?_=1675570875609&CODE_STATE=getMsg HTTP/1.1" 200 27
218.81.216.21 - - [05/Feb/2023:12:20:57 +0800] "POST /xingrg/kc/buy/cgsh_order_operate.html HTTP/1.1" 200 37
58.40.7.146 - - [05/Feb/2023:12:20:59 +0800] "GET /xingrg/all/function/internal_message.html?_=1675570880747&CODE_STATE=getMsg HTTP/1.1" 200 27
218.81.216.21 - - [05/Feb/2023:12:20:59 +0800] "POST /xingrg/kc/buy/cgsh_order_operate.html HTTP/1.1" 200 2660
120.253.135.82 - - [05/Feb/2023:12:21:00 +0800] "GET /xingrg/all/function/internal_message.html?_=1675570698137&CODE_STATE=getMsg HTTP/1.1" 200 27
218.81.216.21 - - [05/Feb/2023:12:21:01 +0800] "GET /xingrg/all/function/internal_message.html?_=1675570884521&CODE_STATE=getMsg HTTP/1.1" 200 27
218.81.216.21 - - [05/Feb/2023:12:21:02 +0800] "GET /xingrg/kc/print/load_data.html?order_code=212023020501351&kc_code=cgsh&condition= HTTP/1.1" 200 672
120.253.135.82 - - [05/Feb/2023:12:21:04 +0800] "GET /xingrg/all/function/internal_message.html?_=1675571010457&CODE_STATE=getMsg HTTP/1.1" 200 27
58.221.95.50 - - [05/Feb/2023:12:21:04 +0800] "GET /xingrg/all/function/internal_message.html?_=1675570886714&CODE_STATE=getMsg HTTP/1.1" 200 27
180.157.253.110 - - [05/Feb/2023:12:21:10 +0800] "GET /xingrg/all/function/internal_message.html?_=1675570893094&CODE_STATE=getMsg HTTP/1.1" 200 27
218.81.216.21 - - [05/Feb/2023:12:21:14 +0800] "POST /xingrg/kc/buy/cgsh_list_operate.html HTTP/1.1" 200 6703
218.81.216.21 - - [05/Feb/2023:12:21:15 +0800] "GET /xingrg/kc/buy/cgsh_order_add.html HTTP/1.1" 200 69703
218.81.216.21 - - [05/Feb/2023:12:21:15 +0800] "POST /xingrg/kc/buy/cgsh_order_operate.html HTTP/1.1" 200 8245
218.81.216.21 - - [05/Feb/2023:12:21:16 +0800] "GET /xingrg/javascript/easyui/themes/default/validatebox.css HTTP/1.1" 404 1104
116.230.105.139 - - [05/Feb/2023:12:21:16 +0800] "GET /xingrg/all/function/internal_message.html?_=1675570897112&CODE_STATE=getMsg HTTP/1.1" 200 27
218.81.216.21 - - [05/Feb/2023:12:21:18 +0800] "POST /xingrg/kc/buy/cgsh_list_operate.html HTTP/1.1" 200 6703
114.83.222.182 - - [05/Feb/2023:12:21:20 +0800] "GET /xingrg/all/function/internal_message.html?_=1675571005476&CODE_STATE=getMsg HTTP/1.1" 200 27
116.238.139.35 - - [05/Feb/2023:12:21:21 +0800] "GET /xingrg/check_reg.html?_=1675570831704 HTTP/1.1" 200 22
116.238.139.35 - - [05/Feb/2023:12:21:28 +0800] "GET /xingrg/all/function/internal_message.html?_=1675570910669&CODE_STATE=getMsg HTTP/1.1" 200 27
101.83.241.55 - - [05/Feb/2023:12:21:33 +0800] "GET /xingrg/all/function/internal_message.html?_=1675570915838&CODE_STATE=getMsg HTTP/1.1" 200 27
116.238.139.35 - - [05/Feb/2023:12:21:34 +0800] "GET /xingrg/all/function/internal_message.html?_=1675570844113&CODE_STATE=getMsg HTTP/1.1" 200 27
218.81.216.21 - - [05/Feb/2023:12:21:43 +0800] "GET /xingrg/kc/buy/cgsh_order_operate.html?command=get_materiel&rest_code=00146&code=00101004050&supplier_code=00100579&order_time=2023-02-05 HTTP/1.1" 200 409
222.70.181.49 - - [05/Feb/2023:12:21:44 +0800] "GET /xingrg/check_reg.html?_=1675570927006 HTTP/1.1" 200 22
222.70.181.49 - - [05/Feb/2023:12:21:44 +0800] "GET /xingrg/all/function/internal_message.html?_=1675570927011&CODE_STATE=getMsg HTTP/1.1" 200 27
124.79.72.155 - - [05/Feb/2023:12:21:45 +0800] "GET /xingrg/all/function/internal_message.html?_=1675570927832&CODE_STATE=getMsg HTTP/1.1" 200 27
180.169.147.146 - - [05/Feb/2023:12:21:54 +0800] "GET /xingrg/check_reg.html?_=1675570935600 HTTP/1.1" 200 22
180.169.147.146 - - [05/Feb/2023:12:21:54 +0800] "GET /xingrg/all/function/internal_message.html?_=1675570935603&CODE_STATE=getMsg HTTP/1.1" 200 27
218.81.216.21 - - [05/Feb/2023:12:21:57 +0800] "GET /xingrg/kc/buy/cgsh_order_operate.html?command=get_materiel&rest_code=00146&code=00101004017&supplier_code=00100579&order_time=2023-02-05 HTTP/1.1" 200 413
58.40.7.146 - - [05/Feb/2023:12:21:59 +0800] "GET /xingrg/check_reg.html?_=1675570940734 HTTP/1.1" 200 22
58.40.7.146 - - [05/Feb/2023:12:21:59 +0800] "GET /xingrg/all/function/internal_message.html?_=1675570940735&CODE_STATE=getMsg HTTP/1.1" 200 27
120.253.135.82 - - [05/Feb/2023:12:22:00 +0800] "GET /xingrg/all/function/internal_message.html?_=1675570758180&CODE_STATE=getMsg HTTP/1.1" 200 27
218.81.216.21 - - [05/Feb/2023:12:22:01 +0800] "GET /xingrg/all/function/internal_message.html?_=1675570944531&CODE_STATE=getMsg HTTP/1.1" 200 27
114.88.159.190 - - [05/Feb/2023:12:22:03 +0800] "GET /xingrg/check_reg.html?_=1675570514067 HTTP/1.1" 200 22
120.253.135.82 - - [05/Feb/2023:12:22:04 +0800] "GET /xingrg/all/function/internal_message.html?_=1675571070484&CODE_STATE=getMsg HTTP/1.1" 200 27
58.221.95.50 - - [05/Feb/2023:12:22:04 +0800] "GET /xingrg/all/function/internal_message.html?_=1675570946693&CODE_STATE=getMsg HTTP/1.1" 200 27
180.157.253.110 - - [05/Feb/2023:12:22:10 +0800] "GET /xingrg/all/function/internal_message.html?_=1675570953094&CODE_STATE=getMsg HTTP/1.1" 200 27
218.81.216.21 - - [05/Feb/2023:12:22:13 +0800] "GET /xingrg/kc/buy/cgsh_order_operate.html?command=get_materiel&rest_code=00146&code=00101004055&supplier_code=00100579&order_time=2023-02-05 HTTP/1.1" 200 416
116.230.105.139 - - [05/Feb/2023:12:22:16 +0800] "GET /xingrg/all/function/internal_message.html?_=1675570957094&CODE_STATE=getMsg HTTP/1.1" 200 27
116.230.105.139 - - [05/Feb/2023:12:22:16 +0800] "GET /xingrg/check_reg.html?_=1675570957473 HTTP/1.1" 200 22
101.83.241.55 - - [05/Feb/2023:12:22:18 +0800] "GET /xingrg/check_reg.html?_=1675570960063 HTTP/1.1" 200 22
114.83.222.182 - - [05/Feb/2023:12:22:20 +0800] "GET /xingrg/all/function/internal_message.html?_=1675571065461&CODE_STATE=getMsg HTTP/1.1" 200 27
116.238.139.35 - - [05/Feb/2023:12:22:28 +0800] "GET /xingrg/all/function/internal_message.html?_=1675570970655&CODE_STATE=getMsg HTTP/1.1" 200 27
101.83.241.55 - - [05/Feb/2023:12:22:33 +0800] "GET /xingrg/all/function/internal_message.html?_=1675570975822&CODE_STATE=getMsg HTTP/1.1" 200 27
116.238.139.35 - - [05/Feb/2023:12:22:34 +0800] "GET /xingrg/all/function/internal_message.html?_=1675570904127&CODE_STATE=getMsg HTTP/1.1" 200 27
222.70.181.49 - - [05/Feb/2023:12:22:44 +0800] "GET /xingrg/all/function/internal_message.html?_=1675570986996&CODE_STATE=getMsg HTTP/1.1" 200 27
124.79.72.155 - - [05/Feb/2023:12:22:45 +0800] "GET /xingrg/all/function/internal_message.html?_=1675570987823&CODE_STATE=getMsg HTTP/1.1" 200 27
218.81.216.21 - - [05/Feb/2023:12:22:53 +0800] "POST /xingrg/kc/buy/cgsh_order_operate.html HTTP/1.1" 200 37
180.169.147.146 - - [05/Feb/2023:12:22:54 +0800] "GET /xingrg/all/function/internal_message.html?_=1675570995621&CODE_STATE=getMsg HTTP/1.1" 200 27
218.81.216.21 - - [05/Feb/2023:12:22:57 +0800] "POST /xingrg/kc/buy/cgsh_order_operate.html HTTP/1.1" 200 2662
218.81.216.21 - - [05/Feb/2023:12:22:58 +0800] "GET /xingrg/kc/print/load_data.html?order_code=212023020501352&kc_code=cgsh&condition= HTTP/1.1" 200 682
58.40.7.146 - - [05/Feb/2023:12:22:59 +0800] "GET /xingrg/all/function/internal_message.html?_=1675571000736&CODE_STATE=getMsg HTTP/1.1" 200 27
120.253.135.82 - - [05/Feb/2023:12:23:00 +0800] "GET /xingrg/all/function/internal_message.html?_=1675570818197&CODE_STATE=getMsg HTTP/1.1" 200 27
218.81.216.21 - - [05/Feb/2023:12:23:01 +0800] "GET /xingrg/all/function/internal_message.html?_=1675571004546&CODE_STATE=getMsg HTTP/1.1" 200 27
120.253.135.82 - - [05/Feb/2023:12:23:04 +0800] "GET /xingrg/all/function/internal_message.html?_=1675571130483&CODE_STATE=getMsg HTTP/1.1" 200 27
58.221.95.50 - - [05/Feb/2023:12:23:04 +0800] "GET /xingrg/all/function/internal_message.html?_=1675571006688&CODE_STATE=getMsg HTTP/1.1" 200 27
58.221.95.50 - - [05/Feb/2023:12:23:07 +0800] "GET /xingrg/check_reg.html?_=1675571009370 HTTP/1.1" 200 22
218.81.216.21 - - [05/Feb/2023:12:23:08 +0800] "POST /xingrg/kc/buy/cgsh_list_operate.html HTTP/1.1" 200 6703
180.157.253.110 - - [05/Feb/2023:12:23:10 +0800] "GET /xingrg/all/function/internal_message.html?_=1675571013098&CODE_STATE=getMsg HTTP/1.1" 200 27
218.81.216.21 - - [05/Feb/2023:12:23:14 +0800] "GET /xingrg/kc/buy/cgsh_order_add.html HTTP/1.1" 200 69703
218.81.216.21 - - [05/Feb/2023:12:23:15 +0800] "POST /xingrg/kc/buy/cgsh_order_operate.html HTTP/1.1" 200 8245
218.81.216.21 - - [05/Feb/2023:12:23:15 +0800] "GET /xingrg/javascript/easyui/themes/default/validatebox.css HTTP/1.1" 404 1104
116.230.105.139 - - [05/Feb/2023:12:23:16 +0800] "GET /xingrg/all/function/internal_message.html?_=1675571017084&CODE_STATE=getMsg HTTP/1.1" 200 27
218.81.216.21 - - [05/Feb/2023:12:23:17 +0800] "POST /xingrg/kc/buy/cgsh_list_operate.html HTTP/1.1" 200 6703
114.83.222.182 - - [05/Feb/2023:12:23:20 +0800] "GET /xingrg/all/function/internal_message.html?_=1675571125441&CODE_STATE=getMsg HTTP/1.1" 200 27
114.83.222.182 - - [05/Feb/2023:12:23:22 +0800] "GET /xingrg/check_reg.html?_=1675571127774 HTTP/1.1" 200 22
116.238.139.35 - - [05/Feb/2023:12:23:28 +0800] "GET /xingrg/all/function/internal_message.html?_=1675571030661&CODE_STATE=getMsg HTTP/1.1" 200 27
116.238.139.35 - - [05/Feb/2023:12:23:28 +0800] "GET /xingrg/check_reg.html?_=1675571030664 HTTP/1.1" 200 22
101.83.241.55 - - [05/Feb/2023:12:23:33 +0800] "GET /xingrg/all/function/internal_message.html?_=1675571035802&CODE_STATE=getMsg HTTP/1.1" 200 27
116.238.139.35 - - [05/Feb/2023:12:23:34 +0800] "GET /xingrg/all/function/internal_message.html?_=1675570964152&CODE_STATE=getMsg HTTP/1.1" 200 27
218.81.216.21 - - [05/Feb/2023:12:23:35 +0800] "GET /xingrg/check_reg.html?_=1675571039471 HTTP/1.1" 200 22
218.81.216.21 - - [05/Feb/2023:12:23:39 +0800] "GET /xingrg/kc/buy/cgsh_order_operate.html?command=get_materiel&rest_code=00146&code=00101010719&supplier_code=00100442&order_time=2023-02-05 HTTP/1.1" 200 406
222.70.181.49 - - [05/Feb/2023:12:23:44 +0800] "GET /xingrg/all/function/internal_message.html?_=1675571046996&CODE_STATE=getMsg HTTP/1.1" 200 27
124.79.72.155 - - [05/Feb/2023:12:23:45 +0800] "GET /xingrg/all/function/internal_message.html?_=1675571047822&CODE_STATE=getMsg HTTP/1.1" 200 27
180.169.147.146 - - [05/Feb/2023:12:23:54 +0800] "GET /xingrg/all/function/internal_message.html?_=1675571055600&CODE_STATE=getMsg HTTP/1.1" 200 27
218.81.216.21 - - [05/Feb/2023:12:23:56 +0800] "POST /xingrg/kc/buy/cgsh_order_operate.html HTTP/1.1" 200 37
218.81.216.21 - - [05/Feb/2023:12:23:59 +0800] "POST /xingrg/kc/buy/cgsh_order_operate.html HTTP/1.1" 200 2651
58.40.7.146 - - [05/Feb/2023:12:23:59 +0800] "GET /xingrg/all/function/internal_message.html?_=1675571060739&CODE_STATE=getMsg HTTP/1.1" 200 27
218.81.216.21 - - [05/Feb/2023:12:24:00 +0800] "GET /xingrg/kc/print/load_data.html?order_code=212023020501353&kc_code=cgsh&condition= HTTP/1.1" 200 676
120.253.135.82 - - [05/Feb/2023:12:24:00 +0800] "GET /xingrg/all/function/internal_message.html?_=1675570878239&CODE_STATE=getMsg HTTP/1.1" 200 27
218.81.216.21 - - [05/Feb/2023:12:24:02 +0800] "GET /xingrg/all/function/internal_message.html?_=1675571066044&CODE_STATE=getMsg HTTP/1.1" 200 27
120.253.135.82 - - [05/Feb/2023:12:24:04 +0800] "GET /xingrg/check_reg.html?_=1675571190482 HTTP/1.1" 200 22
120.253.135.82 - - [05/Feb/2023:12:24:04 +0800] "GET /xingrg/all/function/internal_message.html?_=1675571190483&CODE_STATE=getMsg HTTP/1.1" 200 27
58.221.95.50 - - [05/Feb/2023:12:24:04 +0800] "GET /xingrg/all/function/internal_message.html?_=1675571066678&CODE_STATE=getMsg HTTP/1.1" 200 27
180.157.253.110 - - [05/Feb/2023:12:24:10 +0800] "GET /xingrg/check_reg.html?_=1675571073096 HTTP/1.1" 200 22
180.157.253.110 - - [05/Feb/2023:12:24:10 +0800] "GET /xingrg/all/function/internal_message.html?_=1675571073097&CODE_STATE=getMsg HTTP/1.1" 200 27
218.81.216.21 - - [05/Feb/2023:12:24:14 +0800] "POST /xingrg/kc/buy/cgsh_list_operate.html HTTP/1.1" 200 6703
116.230.105.139 - - [05/Feb/2023:12:24:16 +0800] "GET /xingrg/all/function/internal_message.html?_=1675571077084&CODE_STATE=getMsg HTTP/1.1" 200 27
114.83.222.182 - - [05/Feb/2023:12:24:20 +0800] "GET /xingrg/all/function/internal_message.html?_=1675571185425&CODE_STATE=getMsg HTTP/1.1" 200 27
180.157.253.110 - - [05/Feb/2023:12:24:28 +0800] "GET /xingrg/kc/buy/cgsh_order_add.html HTTP/1.1" 200 69697
116.238.139.35 - - [05/Feb/2023:12:24:28 +0800] "GET /xingrg/all/function/internal_message.html?_=1675571090668&CODE_STATE=getMsg HTTP/1.1" 200 27
180.157.253.110 - - [05/Feb/2023:12:24:28 +0800] "GET /xingrg/javascript/easyui/themes/default/validatebox.css HTTP/1.1" 404 1104
180.157.253.110 - - [05/Feb/2023:12:24:28 +0800] "POST /xingrg/kc/buy/cgsh_order_operate.html HTTP/1.1" 200 8245
120.253.135.82 - - [05/Feb/2023:12:24:29 +0800] "GET /xingrg/check_reg.html?_=1675570906555 HTTP/1.1" 200 22
101.83.241.55 - - [05/Feb/2023:12:24:33 +0800] "GET /xingrg/all/function/internal_message.html?_=1675571095772&CODE_STATE=getMsg HTTP/1.1" 200 27
116.238.139.35 - - [05/Feb/2023:12:24:34 +0800] "GET /xingrg/all/function/internal_message.html?_=1675571024154&CODE_STATE=getMsg HTTP/1.1" 200 27
218.81.216.21 - - [05/Feb/2023:12:24:37 +0800] "POST /xingrg/kc/buy/cgsh_list_operate.html HTTP/1.1" 200 5950
180.157.253.110 - - [05/Feb/2023:12:24:41 +0800] "GET /xingrg/kc/buy/cgsh_order_operate.html?command=get_materiel&rest_code=00148&code=00101029005&supplier_code=00100017&order_time=2023-02-05 HTTP/1.1" 200 436
222.70.181.49 - - [05/Feb/2023:12:24:44 +0800] "GET /xingrg/all/function/internal_message.html?_=1675571106996&CODE_STATE=getMsg HTTP/1.1" 200 27
124.79.72.155 - - [05/Feb/2023:12:24:45 +0800] "GET /xingrg/all/function/internal_message.html?_=1675571107822&CODE_STATE=getMsg HTTP/1.1" 200 27
180.169.147.146 - - [05/Feb/2023:12:24:54 +0800] "GET /xingrg/all/function/internal_message.html?_=1675571115617&CODE_STATE=getMsg HTTP/1.1" 200 27
58.40.7.146 - - [05/Feb/2023:12:24:59 +0800] "GET /xingrg/all/function/internal_message.html?_=1675571120743&CODE_STATE=getMsg HTTP/1.1" 200 27
120.253.135.82 - - [05/Feb/2023:12:25:00 +0800] "GET /xingrg/all/function/internal_message.html?_=1675570938252&CODE_STATE=getMsg HTTP/1.1" 200 27
218.81.216.21 - - [05/Feb/2023:12:25:02 +0800] "GET /xingrg/all/function/internal_message.html?_=1675571126054&CODE_STATE=getMsg HTTP/1.1" 200 27
180.157.253.110 - - [05/Feb/2023:12:25:02 +0800] "POST /xingrg/kc/buy/cgsh_list_operate.html HTTP/1.1" 200 1860
218.81.216.21 - - [05/Feb/2023:12:25:04 +0800] "GET /xingrg/kc/buy/cgsh_order_add.html HTTP/1.1" 200 69703
218.81.216.21 - - [05/Feb/2023:12:25:04 +0800] "POST /xingrg/kc/buy/cgsh_order_operate.html HTTP/1.1" 200 8245
218.81.216.21 - - [05/Feb/2023:12:25:04 +0800] "GET /xingrg/javascript/easyui/themes/default/validatebox.css HTTP/1.1" 404 1104
120.253.135.82 - - [05/Feb/2023:12:25:04 +0800] "GET /xingrg/all/function/internal_message.html?_=1675571250501&CODE_STATE=getMsg HTTP/1.1" 200 27
180.157.253.110 - - [05/Feb/2023:12:25:04 +0800] "GET /xingrg/kc/base/kc_stocks.html HTTP/1.1" 200 16512
58.221.95.50 - - [05/Feb/2023:12:25:04 +0800] "GET /xingrg/all/function/internal_message.html?_=1675571126658&CODE_STATE=getMsg HTTP/1.1" 200 27
180.157.253.110 - - [05/Feb/2023:12:25:04 +0800] "GET /xingrg/javascript/easyui/themes/default/tree.css HTTP/1.1" 404 1090
180.157.253.110 - - [05/Feb/2023:12:25:04 +0800] "GET /xingrg/all/common/auto_word.html?type=base&rest_code=00148 HTTP/1.1" 200 1799
180.157.253.110 - - [05/Feb/2023:12:25:04 +0800] "POST /xingrg/all/common/load_tree.html?tree=materiel_sort_tree_json HTTP/1.1" 200 9500
218.81.216.21 - - [05/Feb/2023:12:25:06 +0800] "POST /xingrg/kc/buy/cgsh_list_operate.html HTTP/1.1" 200 5950
180.157.253.110 - - [05/Feb/2023:12:25:10 +0800] "GET /xingrg/all/function/internal_message.html?_=1675571133109&CODE_STATE=getMsg HTTP/1.1" 200 27
180.157.253.110 - - [05/Feb/2023:12:25:13 +0800] "POST /xingrg/kc/base/stock_operate.html HTTP/1.1" 200 1474
116.230.105.139 - - [05/Feb/2023:12:25:16 +0800] "GET /xingrg/all/function/internal_message.html?_=1675571137074&CODE_STATE=getMsg HTTP/1.1" 200 27
180.157.253.110 - - [05/Feb/2023:12:25:16 +0800] "GET /xingrg/kc/base/stock_detail.html?m=00101029005 HTTP/1.1" 200 7355
114.88.159.190 - - [05/Feb/2023:12:25:16 +0800] "POST /xingrg/services/DataTransmitService HTTP/1.1" 200 524
114.88.159.190 - - [05/Feb/2023:12:25:17 +0800] "POST /xingrg/services/DataTransmitService HTTP/1.1" 200 501
180.157.253.110 - - [05/Feb/2023:12:25:18 +0800] "GET /xingrg/kc/base/stock_operate.html?_=1675571140330&command=get_report_file&start_day=20230201 HTTP/1.1" 200 53
180.157.253.110 - - [05/Feb/2023:12:25:18 +0800] "GET /xingrg/all/report/report_query.html?isQuery=1&onlyBody=1&rh=2000&fileName=kc/base/kc_stock_detail_new.xml&queryString=(1=1)&queryText=&tableQueryString=init_table$sp1$$sp$crk_table$sp1$order_day%20between%2020230201%20and%2020230228&varString=start_day:20230201,materiel_code:00101029005,cost_id:4120,end_date:20230131 HTTP/1.1" 200 48701
180.157.253.110 - - [05/Feb/2023:12:25:18 +0800] "GET /xingrg/dwr/interface/AjaxReportQueryService.js HTTP/1.1" 200 13203
180.157.253.110 - - [05/Feb/2023:12:25:18 +0800] "GET /xingrg/dwr/util.js HTTP/1.1" 304 -
180.157.253.110 - - [05/Feb/2023:12:25:18 +0800] "GET /xingrg/dwr/engine.js HTTP/1.1" 200 43631
180.157.253.110 - - [05/Feb/2023:12:25:18 +0800] "POST /xingrg/all/report/load_report_page.html HTTP/1.1" 200 20245
180.157.253.110 - - [05/Feb/2023:12:25:18 +0800] "GET /xingrg/servlets/image?cache=0.9688781345349071&image=px HTTP/1.1" 200 807
114.83.222.182 - - [05/Feb/2023:12:25:20 +0800] "GET /xingrg/all/function/internal_message.html?_=1675571245421&CODE_STATE=getMsg HTTP/1.1" 200 27
180.157.253.110 - - [05/Feb/2023:12:25:25 +0800] "GET /xingrg/kc/base/stock_operate.html?_=1675571148073&command=get_report_file&start_day=20230101 HTTP/1.1" 200 53
180.157.253.110 - - [05/Feb/2023:12:25:25 +0800] "GET /xingrg/all/report/report_query.html?isQuery=1&onlyBody=1&rh=2000&fileName=kc/base/kc_stock_detail_new.xml&queryString=(1=1)&queryText=&tableQueryString=init_table$sp1$$sp$crk_table$sp1$order_day%20between%2020230101%20and%2020230228&varString=start_day:20230101,materiel_code:00101029005,cost_id:4112,end_date:20221231 HTTP/1.1" 200 48701
180.157.253.110 - - [05/Feb/2023:12:25:25 +0800] "GET /xingrg/dwr/interface/AjaxReportQueryService.js HTTP/1.1" 200 13203
180.157.253.110 - - [05/Feb/2023:12:25:25 +0800] "GET /xingrg/dwr/engine.js HTTP/1.1" 200 43631
180.157.253.110 - - [05/Feb/2023:12:25:26 +0800] "POST /xingrg/all/report/load_report_page.html HTTP/1.1" 200 59302
180.157.253.110 - - [05/Feb/2023:12:25:26 +0800] "GET /xingrg/servlets/image?cache=0.7986576185650908&image=px HTTP/1.1" 200 807
116.238.139.35 - - [05/Feb/2023:12:25:28 +0800] "GET /xingrg/all/function/internal_message.html?_=1675571150672&CODE_STATE=getMsg HTTP/1.1" 200 27
180.157.253.110 - - [05/Feb/2023:12:25:31 +0800] "GET /xingrg/kc/guide/show_order.html?code=212023011504850&type=21 HTTP/1.1" 302 -
180.157.253.110 - - [05/Feb/2023:12:25:31 +0800] "GET /xingrg/kc/buy/cgsh_order_info.html?code=212023011504850&sysBaseUrl=http%3A%2F%2F180.169.147.146%3A18081%2Fxingrg%2F&costTime=1×tamp=1675571131064 HTTP/1.1" 200 64596
180.157.253.110 - - [05/Feb/2023:12:25:31 +0800] "GET /favicon.ico HTTP/1.1" 404 -
180.157.253.110 - - [05/Feb/2023:12:25:31 +0800] "GET /xingrg/javascript/easyui/themes/default/validatebox.css HTTP/1.1" 404 1104
180.157.253.110 - - [05/Feb/2023:12:25:32 +0800] "POST /xingrg/kc/buy/cgsh_order_operate.html HTTP/1.1" 200 3125
101.83.241.55 - - [05/Feb/2023:12:25:33 +0800] "GET /xingrg/all/function/internal_message.html?_=1675571155751&CODE_STATE=getMsg HTTP/1.1" 200 27
116.238.139.35 - - [05/Feb/2023:12:25:34 +0800] "GET /xingrg/all/function/internal_message.html?_=1675571084180&CODE_STATE=getMsg HTTP/1.1" 200 27
180.157.253.110 - - [05/Feb/2023:12:25:37 +0800] "GET /xingrg/kc/buy/cgsh_order_list.html HTTP/1.1" 200 53928
180.157.253.110 - - [05/Feb/2023:12:25:39 +0800] "POST /xingrg/kc/buy/cgsh_list_operate.html HTTP/1.1" 200 1860
180.157.253.110 - - [05/Feb/2023:12:25:40 +0800] "GET /xingrg/kc/buy/cgsh_order_add.html HTTP/1.1" 200 69697
180.157.253.110 - - [05/Feb/2023:12:25:40 +0800] "POST /xingrg/kc/buy/cgsh_order_operate.html HTTP/1.1" 200 8245
180.157.253.110 - - [05/Feb/2023:12:25:40 +0800] "GET /xingrg/javascript/easyui/themes/default/validatebox.css HTTP/1.1" 404 1104
222.70.181.49 - - [05/Feb/2023:12:25:44 +0800] "GET /xingrg/all/function/internal_message.html?_=1675571166996&CODE_STATE=getMsg HTTP/1.1" 200 27
124.79.72.155 - - [05/Feb/2023:12:25:45 +0800] "GET /xingrg/all/function/internal_message.html?_=1675571167821&CODE_STATE=getMsg HTTP/1.1" 200 27
124.79.72.155 - - [05/Feb/2023:12:25:45 +0800] "GET /xingrg/check_reg.html?_=1675571167824 HTTP/1.1" 200 22
180.169.147.146 - - [05/Feb/2023:12:25:54 +0800] "GET /xingrg/all/function/internal_message.html?_=1675571175614&CODE_STATE=getMsg HTTP/1.1" 200 27
58.40.7.146 - - [05/Feb/2023:12:25:59 +0800] "GET /xingrg/all/function/internal_message.html?_=1675571180745&CODE_STATE=getMsg HTTP/1.1" 200 27
120.253.135.82 - - [05/Feb/2023:12:26:00 +0800] "GET /xingrg/all/function/internal_message.html?_=1675570998269&CODE_STATE=getMsg HTTP/1.1" 200 27
218.81.216.21 - - [05/Feb/2023:12:26:02 +0800] "GET /xingrg/all/function/internal_message.html?_=1675571186068&CODE_STATE=getMsg HTTP/1.1" 200 27
120.253.135.82 - - [05/Feb/2023:12:26:04 +0800] "GET /xingrg/all/function/internal_message.html?_=1675571310484&CODE_STATE=getMsg HTTP/1.1" 200 27
58.221.95.50 - - [05/Feb/2023:12:26:04 +0800] "GET /xingrg/all/function/internal_message.html?_=1675571186644&CODE_STATE=getMsg HTTP/1.1" 200 27
180.157.253.110 - - [05/Feb/2023:12:26:10 +0800] "GET /xingrg/all/function/internal_message.html?_=1675571193107&CODE_STATE=getMsg HTTP/1.1" 200 27
116.230.105.139 - - [05/Feb/2023:12:26:16 +0800] "GET /xingrg/all/function/internal_message.html?_=1675571197046&CODE_STATE=getMsg HTTP/1.1" 200 27
180.157.253.110 - - [05/Feb/2023:12:26:17 +0800] "GET /xingrg/kc/buy/cgsh_order_operate.html?command=get_materiel&rest_code=00148&code=00101029025&supplier_code=00100017&order_time=2023-02-05 HTTP/1.1" 200 442
114.83.222.182 - - [05/Feb/2023:12:26:20 +0800] "GET /xingrg/all/function/internal_message.html?_=1675571305415&CODE_STATE=getMsg HTTP/1.1" 200 27
116.238.139.35 - - [05/Feb/2023:12:26:21 +0800] "GET /xingrg/check_reg.html?_=1675571131701 HTTP/1.1" 200 22
116.238.139.35 - - [05/Feb/2023:12:26:28 +0800] "GET /xingrg/all/function/internal_message.html?_=1675571210673&CODE_STATE=getMsg HTTP/1.1" 200 27
101.83.241.55 - - [05/Feb/2023:12:26:33 +0800] "GET /xingrg/all/function/internal_message.html?_=1675571215723&CODE_STATE=getMsg HTTP/1.1" 200 27
116.238.139.35 - - [05/Feb/2023:12:26:34 +0800] "GET /xingrg/all/function/internal_message.html?_=1675571144197&CODE_STATE=getMsg HTTP/1.1" 200 27
222.70.181.49 - - [05/Feb/2023:12:26:44 +0800] "GET /xingrg/check_reg.html?_=1675571227000 HTTP/1.1" 200 22
222.70.181.49 - - [05/Feb/2023:12:26:44 +0800] "GET /xingrg/all/function/internal_message.html?_=1675571226997&CODE_STATE=getMsg HTTP/1.1" 200 27
124.79.72.155 - - [05/Feb/2023:12:26:45 +0800] "GET /xingrg/all/function/internal_message.html?_=1675571227822&CODE_STATE=getMsg HTTP/1.1" 200 27
124.78.154.177 - - [05/Feb/2023:12:26:47 +0800] "POST /xingrg/services/DataTransmitService HTTP/1.1" 200 524
124.78.154.177 - - [05/Feb/2023:12:26:48 +0800] "POST /xingrg/services/DataTransmitService HTTP/1.1" 200 501
124.78.154.177 - - [05/Feb/2023:12:26:48 +0800] "POST /xingrg/services/DataTransmitService HTTP/1.1" 200 501
124.78.154.177 - - [05/Feb/2023:12:26:48 +0800] "POST /xingrg/services/DataTransmitService HTTP/1.1" 200 501
124.78.154.177 - - [05/Feb/2023:12:26:48 +0800] "POST /xingrg/services/DataTransmitService HTTP/1.1" 200 501
124.78.154.177 - - [05/Feb/2023:12:26:48 +0800] "POST /xingrg/services/DataTransmitService HTTP/1.1" 200 501
124.78.154.177 - - [05/Feb/2023:12:26:49 +0800] "POST /xingrg/services/DataTransmitService HTTP/1.1" 200 412
180.169.147.146 - - [05/Feb/2023:12:26:54 +0800] "GET /xingrg/check_reg.html?_=1675571235602 HTTP/1.1" 200 22
180.169.147.146 - - [05/Feb/2023:12:26:54 +0800] "GET /xingrg/all/function/internal_message.html?_=1675571235604&CODE_STATE=getMsg HTTP/1.1" 200 27
58.40.7.146 - - [05/Feb/2023:12:26:59 +0800] "GET /xingrg/check_reg.html?_=1675571240749 HTTP/1.1" 200 22
58.40.7.146 - - [05/Feb/2023:12:26:59 +0800] "GET /xingrg/all/function/internal_message.html?_=1675571240750&CODE_STATE=getMsg HTTP/1.1" 200 27
120.253.135.82 - - [05/Feb/2023:12:27:00 +0800] "GET /xingrg/all/function/internal_message.html?_=1675571058315&CODE_STATE=getMsg HTTP/1.1" 200 27
218.81.216.21 - - [05/Feb/2023:12:27:02 +0800] "GET /xingrg/all/function/internal_message.html?_=1675571246081&CODE_STATE=getMsg HTTP/1.1" 200 27
114.88.159.190 - - [05/Feb/2023:12:27:03 +0800] "GET /xingrg/check_reg.html?_=1675570814044 HTTP/1.1" 200 22
120.253.135.82 - - [05/Feb/2023:12:27:04 +0800] "GET /xingrg/all/function/internal_message.html?_=1675571370487&CODE_STATE=getMsg HTTP/1.1" 200 27
58.221.95.50 - - [05/Feb/2023:12:27:04 +0800] "GET /xingrg/all/function/internal_message.html?_=1675571246627&CODE_STATE=getMsg HTTP/1.1" 200 27
180.157.253.110 - - [05/Feb/2023:12:27:05 +0800] "GET /xingrg/kc/buy/cgsh_order_operate.html?command=get_materiel&rest_code=00148&code=00101027034&supplier_code=00100017&order_time=2023-02-05 HTTP/1.1" 200 449
180.157.253.110 - - [05/Feb/2023:12:27:10 +0800] "GET /xingrg/all/function/internal_message.html?_=1675571253112&CODE_STATE=getMsg HTTP/1.1" 200 27
116.230.105.139 - - [05/Feb/2023:12:27:16 +0800] "GET /xingrg/all/function/internal_message.html?_=1675571257044&CODE_STATE=getMsg HTTP/1.1" 200 27
116.230.105.139 - - [05/Feb/2023:12:27:16 +0800] "GET /xingrg/check_reg.html?_=1675571257471 HTTP/1.1" 200 22
180.157.253.110 - - [05/Feb/2023:12:27:16 +0800] "GET /xingrg/kc/buy/cgsh_order_operate.html?command=get_materiel&rest_code=00148&code=00101029002&supplier_code=00100017&order_time=2023-02-05 HTTP/1.1" 200 470
101.83.241.55 - - [05/Feb/2023:12:27:18 +0800] "GET /xingrg/check_reg.html?_=1675571260067 HTTP/1.1" 200 22
114.83.222.182 - - [05/Feb/2023:12:27:20 +0800] "GET /xingrg/all/function/internal_message.html?_=1675571365393&CODE_STATE=getMsg HTTP/1.1" 200 27
218.81.216.21 - - [05/Feb/2023:12:27:24 +0800] "GET /xingrg/kc/buy/cgsh_order_operate.html?command=get_materiel&rest_code=00146&code=00101002006&supplier_code=00100091&order_time=2023-02-05 HTTP/1.1" 200 414
180.157.253.110 - - [05/Feb/2023:12:27:28 +0800] "POST /xingrg/kc/buy/cgsh_order_operate.html HTTP/1.1" 200 37
116.238.139.35 - - [05/Feb/2023:12:27:28 +0800] "GET /xingrg/all/function/internal_message.html?_=1675571270677&CODE_STATE=getMsg HTTP/1.1" 200 27
101.83.241.55 - - [05/Feb/2023:12:27:33 +0800] "GET /xingrg/all/function/internal_message.html?_=1675571275703&CODE_STATE=getMsg HTTP/1.1" 200 27
180.157.253.110 - - [05/Feb/2023:12:27:33 +0800] "POST /xingrg/kc/buy/cgsh_order_operate.html HTTP/1.1" 200 4540
116.238.139.35 - - [05/Feb/2023:12:27:34 +0800] "GET /xingrg/all/function/internal_message.html?_=1675571204210&CODE_STATE=getMsg HTTP/1.1" 200 27
180.157.253.110 - - [05/Feb/2023:12:27:36 +0800] "GET /xingrg/kc/print/load_data.html?order_code=212023020501354&kc_code=cgsh&condition= HTTP/1.1" 200 1516
222.70.181.49 - - [05/Feb/2023:12:27:44 +0800] "GET /xingrg/all/function/internal_message.html?_=1675571287000&CODE_STATE=getMsg HTTP/1.1" 200 27
124.79.72.155 - - [05/Feb/2023:12:27:45 +0800] "GET /xingrg/all/function/internal_message.html?_=1675571287864&CODE_STATE=getMsg HTTP/1.1" 200 27
180.169.147.146 - - [05/Feb/2023:12:27:54 +0800] "GET /xingrg/all/function/internal_message.html?_=1675571295614&CODE_STATE=getMsg HTTP/1.1" 200 27
218.81.216.21 - - [05/Feb/2023:12:27:56 +0800] "GET /xingrg/kc/buy/cgsh_order_operate.html?command=get_materiel&rest_code=00146&code=00101003037&supplier_code=00100091&order_time=2023-02-05 HTTP/1.1" 200 416
58.40.7.146 - - [05/Feb/2023:12:27:59 +0800] "GET /xingrg/all/function/internal_message.html?_=1675571300735&CODE_STATE=getMsg HTTP/1.1" 200 27
101.83.145.75 - - [05/Feb/2023:12:28:00 +0800] "POST /xingrg/kc/base/wldb_order_operate.html HTTP/1.1" 200 37
101.83.145.75 - - [05/Feb/2023:12:28:00 +0800] "POST /xingrg/kc/base/wldb_order_operate.html HTTP/1.1" 200 2193
120.253.135.82 - - [05/Feb/2023:12:28:00 +0800] "GET /xingrg/all/function/internal_message.html?_=1675571118321&CODE_STATE=getMsg HTTP/1.1" 200 27
101.83.145.75 - - [05/Feb/2023:12:28:02 +0800] "GET /xingrg/kc/base/wldb_order_info.html?code=422023020500282 HTTP/1.1" 200 30436
101.83.145.75 - - [05/Feb/2023:12:28:02 +0800] "GET /xingrg/javascript/easyui/themes/default/validatebox.css HTTP/1.1" 404 1104
218.81.216.21 - - [05/Feb/2023:12:28:02 +0800] "GET /xingrg/all/function/internal_message.html?_=1675571306094&CODE_STATE=getMsg HTTP/1.1" 200 27
101.83.145.75 - - [05/Feb/2023:12:28:02 +0800] "POST /xingrg/kc/base/wldb_order_operate.html HTTP/1.1" 200 2193
120.253.135.82 - - [05/Feb/2023:12:28:04 +0800] "GET /xingrg/all/function/internal_message.html?_=1675571430515&CODE_STATE=getMsg HTTP/1.1" 200 27
58.221.95.50 - - [05/Feb/2023:12:28:04 +0800] "GET /xingrg/all/function/internal_message.html?_=1675571306625&CODE_STATE=getMsg HTTP/1.1" 200 27
101.83.145.75 - - [05/Feb/2023:12:28:05 +0800] "GET /xingrg/check_reg.html?_=1675571311565 HTTP/1.1" 200 22
101.83.145.75 - - [05/Feb/2023:12:28:05 +0800] "GET /xingrg/all/function/internal_message.html?_=1675571311580&CODE_STATE=getMsg HTTP/1.1" 200 27
58.221.95.50 - - [05/Feb/2023:12:28:07 +0800] "GET /xingrg/check_reg.html?_=1675571309379 HTTP/1.1" 200 22
101.83.241.55 - - [05/Feb/2023:12:28:09 +0800] "POST /xingrg/services/DataTransmitService HTTP/1.1" 200 524
101.83.241.55 - - [05/Feb/2023:12:28:10 +0800] "POST /xingrg/services/DataTransmitService HTTP/1.1" 200 412
180.157.253.110 - - [05/Feb/2023:12:28:10 +0800] "GET /xingrg/all/function/internal_message.html?_=1675571313115&CODE_STATE=getMsg HTTP/1.1" 200 27
180.157.253.110 - - [05/Feb/2023:12:28:11 +0800] "GET /xingrg/kc/buy/cgsh_order_add.html HTTP/1.1" 200 69697
180.157.253.110 - - [05/Feb/2023:12:28:11 +0800] "POST /xingrg/kc/buy/cgsh_order_operate.html HTTP/1.1" 200 8245
180.157.253.110 - - [05/Feb/2023:12:28:11 +0800] "GET /xingrg/javascript/easyui/themes/default/validatebox.css HTTP/1.1" 404 1104
101.83.145.75 - - [05/Feb/2023:12:28:11 +0800] "GET /xingrg/kc/base/wldb_order_add.html HTTP/1.1" 200 30422
101.83.145.75 - - [05/Feb/2023:12:28:12 +0800] "POST /xingrg/kc/base/wldb_order_operate.html HTTP/1.1" 200 6806
101.83.145.75 - - [05/Feb/2023:12:28:12 +0800] "GET /xingrg/javascript/easyui/themes/default/validatebox.css HTTP/1.1" 404 1104
101.83.145.75 - - [05/Feb/2023:12:28:13 +0800] "POST /xingrg/all/common/load_combo.html?type=base HTTP/1.1" 200 3409
116.230.105.139 - - [05/Feb/2023:12:28:16 +0800] "GET /xingrg/all/function/internal_message.html?_=1675571317037&CODE_STATE=getMsg HTTP/1.1" 200 27
114.83.222.182 - - [05/Feb/2023:12:28:20 +0800] "GET /xingrg/all/function/internal_message.html?_=1675571425365&CODE_STATE=getMsg HTTP/1.1" 200 27
180.157.253.110 - - [05/Feb/2023:12:28:21 +0800] "GET /xingrg/kc/buy/cgsh_order_operate.html?command=get_materiel&rest_code=00148&code=00101016030&supplier_code=00100036&order_time=2023-02-05 HTTP/1.1" 200 412
114.83.222.182 - - [05/Feb/2023:12:28:22 +0800] "GET /xingrg/check_reg.html?_=1675571427771 HTTP/1.1" 200 22
218.81.216.21 - - [05/Feb/2023:12:28:27 +0800] "POST /xingrg/kc/buy/cgsh_order_operate.html HTTP/1.1" 200 37
116.238.139.35 - - [05/Feb/2023:12:28:28 +0800] "GET /xingrg/check_reg.html?_=1675571330678 HTTP/1.1" 200 22
