124.78.154.177 - - [05/Feb/2023:12:11:44 +0800] "POST /xingrg/kc/buy/cgsh_order_operate.html HTTP/1.1" 200 37
222.70.181.49 - - [05/Feb/2023:12:11:44 +0800] "GET /xingrg/all/function/internal_message.html?_=1675570326973&CODE_STATE=getMsg HTTP/1.1" 200 27
222.70.181.49 - - [05/Feb/2023:12:11:44 +0800] "GET /xingrg/check_reg.html?_=1675570326971 HTTP/1.1" 200 22
101.83.241.55 - - [05/Feb/2023:12:11:44 +0800] "GET /xingrg/kc/buy/cgsh_order_add.html HTTP/1.1" 200 69792
101.83.241.55 - - [05/Feb/2023:12:11:45 +0800] "POST /xingrg/kc/buy/cgsh_order_operate.html HTTP/1.1" 200 8245
101.83.241.55 - - [05/Feb/2023:12:11:45 +0800] "GET /xingrg/javascript/easyui/themes/default/validatebox.css HTTP/1.1" 404 1104
124.79.72.155 - - [05/Feb/2023:12:11:45 +0800] "GET /xingrg/all/function/internal_message.html?_=1675570327795&CODE_STATE=getMsg HTTP/1.1" 200 27
124.78.154.177 - - [05/Feb/2023:12:11:47 +0800] "POST /xingrg/kc/buy/cgsh_order_operate.html HTTP/1.1" 200 12
124.78.154.177 - - [05/Feb/2023:12:11:48 +0800] "GET /xingrg/kc/buy/cgsh_order_info.html?code=212023020501328 HTTP/1.1" 200 64610
124.78.154.177 - - [05/Feb/2023:12:11:49 +0800] "GET /xingrg/javascript/easyui/themes/default/validatebox.css HTTP/1.1" 404 1104
124.78.154.177 - - [05/Feb/2023:12:11:49 +0800] "POST /xingrg/kc/buy/cgsh_order_operate.html HTTP/1.1" 200 614
124.78.154.177 - - [05/Feb/2023:12:11:50 +0800] "GET /xingrg/kc/print/load_data.html?order_code=212023020501328&kc_code=cgsh&condition= HTTP/1.1" 200 766
180.169.147.146 - - [05/Feb/2023:12:11:54 +0800] "GET /xingrg/all/function/internal_message.html?_=1675570335598&CODE_STATE=getMsg HTTP/1.1" 200 27
180.169.147.146 - - [05/Feb/2023:12:11:54 +0800] "GET /xingrg/check_reg.html?_=1675570335600 HTTP/1.1" 200 22
101.83.241.55 - - [05/Feb/2023:12:11:54 +0800] "GET /xingrg/kc/buy/cgsh_order_operate.html?command=get_materiel&rest_code=00149&code=00101008316&supplier_code=00100337&order_time=2023-02-05 HTTP/1.1" 200 414
124.78.154.177 - - [05/Feb/2023:12:11:55 +0800] "GET /xingrg/kc/buy/cgsh_order_add.html HTTP/1.1" 200 69703
124.78.154.177 - - [05/Feb/2023:12:11:56 +0800] "GET /xingrg/javascript/easyui/themes/default/validatebox.css HTTP/1.1" 404 1104
124.78.154.177 - - [05/Feb/2023:12:11:56 +0800] "POST /xingrg/kc/buy/cgsh_order_operate.html HTTP/1.1" 200 8245
124.78.154.177 - - [05/Feb/2023:12:11:57 +0800] "GET /xingrg/javascript/easyui/themes/default/tree.css HTTP/1.1" 404 1090
124.78.154.177 - - [05/Feb/2023:12:11:57 +0800] "POST /xingrg/all/common/load_tree.html?tree=supplier_tree_json&isDelete=1 HTTP/1.1" 200 70488
58.40.7.146 - - [05/Feb/2023:12:11:59 +0800] "GET /xingrg/all/function/internal_message.html?_=1675570340733&CODE_STATE=getMsg HTTP/1.1" 200 27
58.40.7.146 - - [05/Feb/2023:12:11:59 +0800] "GET /xingrg/check_reg.html?_=1675570340735 HTTP/1.1" 200 22
120.253.135.82 - - [05/Feb/2023:12:12:00 +0800] "GET /xingrg/all/function/internal_message.html?_=1675570157952&CODE_STATE=getMsg HTTP/1.1" 200 27
218.81.216.21 - - [05/Feb/2023:12:12:00 +0800] "GET /xingrg/all/function/internal_message.html?_=1675570344380&CODE_STATE=getMsg HTTP/1.1" 200 27
114.88.159.190 - - [05/Feb/2023:12:12:03 +0800] "GET /xingrg/check_reg.html?_=1675569914082 HTTP/1.1" 200 22
120.253.135.82 - - [05/Feb/2023:12:12:04 +0800] "GET /xingrg/all/function/internal_message.html?_=1675570470441&CODE_STATE=getMsg HTTP/1.1" 200 27
101.83.241.55 - - [05/Feb/2023:12:12:04 +0800] "POST /xingrg/kc/buy/cgsh_order_operate.html HTTP/1.1" 200 37
58.221.95.50 - - [05/Feb/2023:12:12:04 +0800] "GET /xingrg/all/function/internal_message.html?_=1675570346868&CODE_STATE=getMsg HTTP/1.1" 200 27
101.83.145.75 - - [05/Feb/2023:12:12:05 +0800] "GET /xingrg/all/function/internal_message.html?_=1675570351478&CODE_STATE=getMsg HTTP/1.1" 200 27
101.83.241.55 - - [05/Feb/2023:12:12:08 +0800] "POST /xingrg/kc/buy/cgsh_order_operate.html HTTP/1.1" 200 12
101.83.241.55 - - [05/Feb/2023:12:12:09 +0800] "GET /xingrg/kc/buy/cgsh_order_info.html?code=212023020501329 HTTP/1.1" 200 64696
101.83.241.55 - - [05/Feb/2023:12:12:09 +0800] "GET /xingrg/javascript/easyui/themes/default/validatebox.css HTTP/1.1" 404 1104
101.83.241.55 - - [05/Feb/2023:12:12:10 +0800] "POST /xingrg/kc/buy/cgsh_order_operate.html HTTP/1.1" 200 608
180.157.253.110 - - [05/Feb/2023:12:12:10 +0800] "GET /xingrg/all/function/internal_message.html?_=1675570353077&CODE_STATE=getMsg HTTP/1.1" 200 27
101.83.241.55 - - [05/Feb/2023:12:12:11 +0800] "GET /xingrg/kc/print/load_data.html?order_code=212023020501329&kc_code=cgsh&condition= HTTP/1.1" 200 712
124.78.154.177 - - [05/Feb/2023:12:12:13 +0800] "GET /xingrg/kc/buy/cgsh_order_operate.html?command=get_materiel&rest_code=00106&code=00101002038&supplier_code=00100087&order_time=2023-02-05 HTTP/1.1" 200 436
101.83.241.55 - - [05/Feb/2023:12:12:15 +0800] "GET /xingrg/kc/buy/cgsh_order_add.html HTTP/1.1" 200 69792
101.83.241.55 - - [05/Feb/2023:12:12:15 +0800] "POST /xingrg/kc/buy/cgsh_order_operate.html HTTP/1.1" 200 8245
101.83.241.55 - - [05/Feb/2023:12:12:15 +0800] "GET /xingrg/javascript/easyui/themes/default/validatebox.css HTTP/1.1" 404 1104
116.230.105.139 - - [05/Feb/2023:12:12:16 +0800] "GET /xingrg/all/function/internal_message.html?_=1675570357290&CODE_STATE=getMsg HTTP/1.1" 200 27
116.230.105.139 - - [05/Feb/2023:12:12:16 +0800] "GET /xingrg/check_reg.html?_=1675570357493 HTTP/1.1" 200 22
124.78.154.177 - - [05/Feb/2023:12:12:17 +0800] "GET /xingrg/all/function/internal_message.html?_=1675570359292&CODE_STATE=getMsg HTTP/1.1" 200 27
101.83.241.55 - - [05/Feb/2023:12:12:18 +0800] "GET /xingrg/check_reg.html?_=1675570360049 HTTP/1.1" 200 22
114.83.222.182 - - [05/Feb/2023:12:12:20 +0800] "GET /xingrg/all/function/internal_message.html?_=1675570465662&CODE_STATE=getMsg HTTP/1.1" 200 27
124.78.154.177 - - [05/Feb/2023:12:12:24 +0800] "POST /xingrg/kc/buy/cgsh_order_operate.html HTTP/1.1" 200 37
101.83.241.55 - - [05/Feb/2023:12:12:26 +0800] "GET /xingrg/kc/buy/cgsh_order_operate.html?command=get_materiel&rest_code=00149&code=00101009036&supplier_code=00100335&order_time=2023-02-05 HTTP/1.1" 200 415
116.238.139.35 - - [05/Feb/2023:12:12:28 +0800] "GET /xingrg/all/function/internal_message.html?_=1675570370653&CODE_STATE=getMsg HTTP/1.1" 200 27
124.78.154.177 - - [05/Feb/2023:12:12:29 +0800] "POST /xingrg/kc/buy/cgsh_order_operate.html HTTP/1.1" 200 12
124.78.154.177 - - [05/Feb/2023:12:12:29 +0800] "GET /xingrg/kc/buy/cgsh_order_info.html?code=212023020501330 HTTP/1.1" 200 64608
124.78.154.177 - - [05/Feb/2023:12:12:30 +0800] "GET /xingrg/javascript/easyui/themes/default/validatebox.css HTTP/1.1" 404 1104
124.78.154.177 - - [05/Feb/2023:12:12:31 +0800] "POST /xingrg/kc/buy/cgsh_order_operate.html HTTP/1.1" 200 615
124.78.154.177 - - [05/Feb/2023:12:12:32 +0800] "GET /xingrg/kc/print/load_data.html?order_code=212023020501330&kc_code=cgsh&condition= HTTP/1.1" 200 774
101.83.241.55 - - [05/Feb/2023:12:12:34 +0800] "GET /xingrg/all/function/internal_message.html?_=1675570375858&CODE_STATE=getMsg HTTP/1.1" 200 27
116.238.139.35 - - [05/Feb/2023:12:12:34 +0800] "GET /xingrg/all/function/internal_message.html?_=1675570303960&CODE_STATE=getMsg HTTP/1.1" 200 27
101.83.241.55 - - [05/Feb/2023:12:12:35 +0800] "POST /xingrg/kc/buy/cgsh_order_operate.html HTTP/1.1" 200 37
124.78.154.177 - - [05/Feb/2023:12:12:35 +0800] "GET /xingrg/kc/buy/cgsh_order_add.html HTTP/1.1" 200 69703
124.78.154.177 - - [05/Feb/2023:12:12:36 +0800] "GET /xingrg/javascript/easyui/themes/default/validatebox.css HTTP/1.1" 404 1104
124.78.154.177 - - [05/Feb/2023:12:12:36 +0800] "POST /xingrg/kc/buy/cgsh_order_operate.html HTTP/1.1" 200 8245
124.78.154.177 - - [05/Feb/2023:12:12:38 +0800] "GET /xingrg/javascript/easyui/themes/default/tree.css HTTP/1.1" 404 1090
124.78.154.177 - - [05/Feb/2023:12:12:38 +0800] "POST /xingrg/all/common/load_tree.html?tree=supplier_tree_json&isDelete=1 HTTP/1.1" 200 70488
101.83.241.55 - - [05/Feb/2023:12:12:39 +0800] "POST /xingrg/kc/buy/cgsh_order_operate.html HTTP/1.1" 200 12
101.83.241.55 - - [05/Feb/2023:12:12:39 +0800] "GET /xingrg/kc/buy/cgsh_order_info.html?code=212023020501331 HTTP/1.1" 200 64694
101.83.241.55 - - [05/Feb/2023:12:12:40 +0800] "GET /xingrg/javascript/easyui/themes/default/validatebox.css HTTP/1.1" 404 1104
101.83.241.55 - - [05/Feb/2023:12:12:41 +0800] "POST /xingrg/kc/buy/cgsh_order_operate.html HTTP/1.1" 200 608
101.83.241.55 - - [05/Feb/2023:12:12:42 +0800] "GET /xingrg/kc/print/load_data.html?order_code=212023020501331&kc_code=cgsh&condition= HTTP/1.1" 200 702
222.70.181.49 - - [05/Feb/2023:12:12:44 +0800] "GET /xingrg/all/function/internal_message.html?_=1675570386970&CODE_STATE=getMsg HTTP/1.1" 200 27
101.83.241.55 - - [05/Feb/2023:12:12:45 +0800] "GET /xingrg/kc/buy/cgsh_order_add.html HTTP/1.1" 200 69792
124.79.72.155 - - [05/Feb/2023:12:12:45 +0800] "GET /xingrg/all/function/internal_message.html?_=1675570387795&CODE_STATE=getMsg HTTP/1.1" 200 27
101.83.241.55 - - [05/Feb/2023:12:12:45 +0800] "POST /xingrg/kc/buy/cgsh_order_operate.html HTTP/1.1" 200 8245
101.83.241.55 - - [05/Feb/2023:12:12:46 +0800] "GET /xingrg/javascript/easyui/themes/default/validatebox.css HTTP/1.1" 404 1104
124.78.154.177 - - [05/Feb/2023:12:12:51 +0800] "GET /xingrg/kc/buy/cgsh_order_operate.html?command=get_materiel&rest_code=00106&code=00101002006&supplier_code=00100091&order_time=2023-02-05 HTTP/1.1" 200 414
101.83.241.55 - - [05/Feb/2023:12:12:53 +0800] "GET /xingrg/kc/buy/cgsh_order_operate.html?command=get_materiel&rest_code=00149&code=00101002006&supplier_code=00100091&order_time=2023-02-05 HTTP/1.1" 200 414
180.169.147.146 - - [05/Feb/2023:12:12:54 +0800] "GET /xingrg/all/function/internal_message.html?_=1675570395615&CODE_STATE=getMsg HTTP/1.1" 200 27
58.40.7.146 - - [05/Feb/2023:12:12:59 +0800] "GET /xingrg/all/function/internal_message.html?_=1675570400735&CODE_STATE=getMsg HTTP/1.1" 200 27
120.253.135.82 - - [05/Feb/2023:12:13:00 +0800] "GET /xingrg/all/function/internal_message.html?_=1675570217966&CODE_STATE=getMsg HTTP/1.1" 200 27
218.81.216.21 - - [05/Feb/2023:12:13:00 +0800] "GET /xingrg/all/function/internal_message.html?_=1675570404394&CODE_STATE=getMsg HTTP/1.1" 200 27
120.253.135.82 - - [05/Feb/2023:12:13:04 +0800] "GET /xingrg/all/function/internal_message.html?_=1675570530440&CODE_STATE=getMsg HTTP/1.1" 200 27
58.221.95.50 - - [05/Feb/2023:12:13:04 +0800] "GET /xingrg/all/function/internal_message.html?_=1675570406864&CODE_STATE=getMsg HTTP/1.1" 200 27
101.83.145.75 - - [05/Feb/2023:12:13:05 +0800] "GET /xingrg/check_reg.html?_=1675570411478 HTTP/1.1" 200 22
101.83.145.75 - - [05/Feb/2023:12:13:05 +0800] "GET /xingrg/all/function/internal_message.html?_=1675570411480&CODE_STATE=getMsg HTTP/1.1" 200 27
101.83.241.55 - - [05/Feb/2023:12:13:05 +0800] "POST /xingrg/kc/buy/cgsh_order_operate.html HTTP/1.1" 200 64
124.78.154.177 - - [05/Feb/2023:12:13:06 +0800] "POST /xingrg/kc/buy/cgsh_order_operate.html HTTP/1.1" 200 37
58.221.95.50 - - [05/Feb/2023:12:13:07 +0800] "GET /xingrg/check_reg.html?_=1675570409382 HTTP/1.1" 200 22
180.157.253.110 - - [05/Feb/2023:12:13:10 +0800] "GET /xingrg/all/function/internal_message.html?_=1675570413076&CODE_STATE=getMsg HTTP/1.1" 200 27
101.83.241.55 - - [05/Feb/2023:12:13:12 +0800] "POST /xingrg/kc/buy/cgsh_order_operate.html HTTP/1.1" 200 37
124.78.154.177 - - [05/Feb/2023:12:13:12 +0800] "POST /xingrg/kc/buy/cgsh_order_operate.html HTTP/1.1" 200 12
124.78.154.177 - - [05/Feb/2023:12:13:16 +0800] "GET /xingrg/kc/buy/cgsh_order_info.html?code=212023020501332 HTTP/1.1" 200 64612
116.230.105.139 - - [05/Feb/2023:12:13:16 +0800] "GET /xingrg/all/function/internal_message.html?_=1675570417273&CODE_STATE=getMsg HTTP/1.1" 200 27
124.78.154.177 - - [05/Feb/2023:12:13:16 +0800] "GET /xingrg/javascript/easyui/themes/default/validatebox.css HTTP/1.1" 404 1104
124.78.154.177 - - [05/Feb/2023:12:13:17 +0800] "GET /xingrg/check_reg.html?_=1675570418948 HTTP/1.1" 200 22
124.78.154.177 - - [05/Feb/2023:12:13:17 +0800] "GET /xingrg/all/function/internal_message.html?_=1675570419264&CODE_STATE=getMsg HTTP/1.1" 200 27
124.78.154.177 - - [05/Feb/2023:12:13:18 +0800] "POST /xingrg/kc/buy/cgsh_order_operate.html HTTP/1.1" 200 613
218.81.216.21 - - [05/Feb/2023:12:13:19 +0800] "GET /xingrg/kc/buy/cgsh_order_add.html HTTP/1.1" 200 69703
218.81.216.21 - - [05/Feb/2023:12:13:19 +0800] "POST /xingrg/kc/buy/cgsh_order_operate.html HTTP/1.1" 200 8245
218.81.216.21 - - [05/Feb/2023:12:13:19 +0800] "GET /xingrg/javascript/easyui/themes/default/validatebox.css HTTP/1.1" 404 1104
114.83.222.182 - - [05/Feb/2023:12:13:20 +0800] "GET /xingrg/all/function/internal_message.html?_=1675570525635&CODE_STATE=getMsg HTTP/1.1" 200 27
101.83.241.55 - - [05/Feb/2023:12:13:21 +0800] "POST /xingrg/kc/buy/cgsh_order_operate.html HTTP/1.1" 200 12
124.78.154.177 - - [05/Feb/2023:12:13:22 +0800] "GET /xingrg/kc/print/load_data.html?order_code=212023020501332&kc_code=cgsh&condition= HTTP/1.1" 200 790
114.83.222.182 - - [05/Feb/2023:12:13:22 +0800] "GET /xingrg/check_reg.html?_=1675570527811 HTTP/1.1" 200 22
101.83.241.55 - - [05/Feb/2023:12:13:22 +0800] "GET /xingrg/kc/buy/cgsh_order_info.html?code=212023020501334 HTTP/1.1" 200 64698
101.83.241.55 - - [05/Feb/2023:12:13:23 +0800] "GET /xingrg/javascript/easyui/themes/default/validatebox.css HTTP/1.1" 404 1104
101.83.241.55 - - [05/Feb/2023:12:13:23 +0800] "POST /xingrg/kc/buy/cgsh_order_operate.html HTTP/1.1" 200 613
218.81.216.21 - - [05/Feb/2023:12:13:24 +0800] "POST /xingrg/kc/buy/cgsh_list_operate.html HTTP/1.1" 200 6703
101.83.241.55 - - [05/Feb/2023:12:13:25 +0800] "GET /xingrg/kc/print/load_data.html?order_code=212023020501334&kc_code=cgsh&condition= HTTP/1.1" 200 787
124.78.154.177 - - [05/Feb/2023:12:13:25 +0800] "GET /xingrg/kc/buy/cgsh_order_add.html HTTP/1.1" 200 69703
124.78.154.177 - - [05/Feb/2023:12:13:26 +0800] "GET /xingrg/javascript/easyui/themes/default/validatebox.css HTTP/1.1" 404 1104
124.78.154.177 - - [05/Feb/2023:12:13:26 +0800] "POST /xingrg/kc/buy/cgsh_order_operate.html HTTP/1.1" 200 8245
124.78.154.177 - - [05/Feb/2023:12:13:26 +0800] "GET /xingrg/javascript/easyui/themes/default/tree.css HTTP/1.1" 404 1090
124.78.154.177 - - [05/Feb/2023:12:13:26 +0800] "POST /xingrg/all/common/load_tree.html?tree=supplier_tree_json&isDelete=1 HTTP/1.1" 200 70488
116.238.139.35 - - [05/Feb/2023:12:13:27 +0800] "GET /xingrg/kc/base/wldb_order_list.html HTTP/1.1" 200 19145
116.238.139.35 - - [05/Feb/2023:12:13:27 +0800] "POST /xingrg/kc/base/wldb_list_operate.html HTTP/1.1" 200 928
116.238.139.35 - - [05/Feb/2023:12:13:28 +0800] "GET /xingrg/all/function/internal_message.html?_=1675570430657&CODE_STATE=getMsg HTTP/1.1" 200 27
116.238.139.35 - - [05/Feb/2023:12:13:28 +0800] "GET /xingrg/check_reg.html?_=1675570430659 HTTP/1.1" 200 22
116.238.139.35 - - [05/Feb/2023:12:13:28 +0800] "GET /xingrg/kc/mdqp/qqps_order_list.html HTTP/1.1" 200 10079
116.238.139.35 - - [05/Feb/2023:12:13:28 +0800] "GET /xingrg/dwr/interface/AjaxQqpsService.js HTTP/1.1" 200 16326
116.238.139.35 - - [05/Feb/2023:12:13:28 +0800] "GET /xingrg/dwr/interface/AjaxReportQueryService.js HTTP/1.1" 200 13203
116.238.139.35 - - [05/Feb/2023:12:13:28 +0800] "GET /xingrg/dwr/engine.js HTTP/1.1" 200 43631
101.83.241.55 - - [05/Feb/2023:12:13:29 +0800] "GET /xingrg/kc/buy/cgsh_order_add.html HTTP/1.1" 200 69792
101.83.241.55 - - [05/Feb/2023:12:13:29 +0800] "POST /xingrg/kc/buy/cgsh_order_operate.html HTTP/1.1" 200 8245
101.83.241.55 - - [05/Feb/2023:12:13:29 +0800] "GET /xingrg/javascript/easyui/themes/default/validatebox.css HTTP/1.1" 404 1104
101.83.241.55 - - [05/Feb/2023:12:13:33 +0800] "GET /xingrg/all/function/internal_message.html?_=1675570435845&CODE_STATE=getMsg HTTP/1.1" 200 27
116.238.139.35 - - [05/Feb/2023:12:13:34 +0800] "GET /xingrg/all/function/internal_message.html?_=1675570363985&CODE_STATE=getMsg HTTP/1.1" 200 27
218.81.216.21 - - [05/Feb/2023:12:13:35 +0800] "GET /xingrg/check_reg.html?_=1675570439387 HTTP/1.1" 200 22
101.83.241.55 - - [05/Feb/2023:12:13:37 +0800] "GET /xingrg/kc/buy/cgsh_order_operate.html?command=get_materiel&rest_code=00149&code=00101010658&supplier_code=00100442&order_time=2023-02-05 HTTP/1.1" 200 409
124.78.154.177 - - [05/Feb/2023:12:13:41 +0800] "GET /xingrg/kc/buy/cgsh_order_operate.html?command=get_materiel&rest_code=00106&code=00101003035&supplier_code=00100092&order_time=2023-02-05 HTTP/1.1" 200 431
222.70.181.49 - - [05/Feb/2023:12:13:44 +0800] "GET /xingrg/all/function/internal_message.html?_=1675570446984&CODE_STATE=getMsg HTTP/1.1" 200 27
124.79.72.155 - - [05/Feb/2023:12:13:45 +0800] "GET /xingrg/all/function/internal_message.html?_=1675570447793&CODE_STATE=getMsg HTTP/1.1" 200 27
101.83.241.55 - - [05/Feb/2023:12:13:49 +0800] "GET /xingrg/kc/buy/cgsh_order_operate.html?command=get_materiel&rest_code=00149&code=00101006268&supplier_code=00100442&order_time=2023-02-05 HTTP/1.1" 200 411
180.169.147.146 - - [05/Feb/2023:12:13:54 +0800] "GET /xingrg/all/function/internal_message.html?_=1675570455612&CODE_STATE=getMsg HTTP/1.1" 200 27
124.78.154.177 - - [05/Feb/2023:12:13:54 +0800] "GET /xingrg/kc/buy/cgsh_order_operate.html?command=get_materiel&rest_code=00106&code=00101003033&supplier_code=00100092&order_time=2023-02-05 HTTP/1.1" 200 426
124.79.72.155 - - [05/Feb/2023:12:13:54 +0800] "POST /xingrg/kc/buy/cgsh_list_operate.html HTTP/1.1" 200 4564
58.40.7.146 - - [05/Feb/2023:12:13:59 +0800] "GET /xingrg/all/function/internal_message.html?_=1675570460740&CODE_STATE=getMsg HTTP/1.1" 200 27
101.83.241.55 - - [05/Feb/2023:12:14:00 +0800] "POST /xingrg/kc/buy/cgsh_order_operate.html HTTP/1.1" 200 37
120.253.135.82 - - [05/Feb/2023:12:14:00 +0800] "GET /xingrg/all/function/internal_message.html?_=1675570277979&CODE_STATE=getMsg HTTP/1.1" 200 27
218.81.216.21 - - [05/Feb/2023:12:14:00 +0800] "GET /xingrg/all/function/internal_message.html?_=1675570464407&CODE_STATE=getMsg HTTP/1.1" 200 27
101.83.145.75 - - [05/Feb/2023:12:14:03 +0800] "GET /xingrg/kc/base/wldb_order_list.html HTTP/1.1" 200 19139
101.83.145.75 - - [05/Feb/2023:12:14:04 +0800] "POST /xingrg/kc/base/wldb_list_operate.html HTTP/1.1" 200 928
120.253.135.82 - - [05/Feb/2023:12:14:04 +0800] "GET /xingrg/check_reg.html?_=1675570590440 HTTP/1.1" 200 22
120.253.135.82 - - [05/Feb/2023:12:14:04 +0800] "GET /xingrg/all/function/internal_message.html?_=1675570590444&CODE_STATE=getMsg HTTP/1.1" 200 27
58.221.95.50 - - [05/Feb/2023:12:14:04 +0800] "GET /xingrg/all/function/internal_message.html?_=1675570466853&CODE_STATE=getMsg HTTP/1.1" 200 27
101.83.145.75 - - [05/Feb/2023:12:14:04 +0800] "GET /xingrg/kc/base/wldb_order_add.html HTTP/1.1" 200 30422
101.83.145.75 - - [05/Feb/2023:12:14:05 +0800] "GET /xingrg/all/function/internal_message.html?_=1675570471625&CODE_STATE=getMsg HTTP/1.1" 200 27
101.83.241.55 - - [05/Feb/2023:12:14:05 +0800] "POST /xingrg/kc/buy/cgsh_order_operate.html HTTP/1.1" 200 12
101.83.145.75 - - [05/Feb/2023:12:14:05 +0800] "GET /xingrg/all/common/auto_word.html?type=base&rest_code=00105 HTTP/1.1" 200 1907
101.83.145.75 - - [05/Feb/2023:12:14:05 +0800] "GET /xingrg/all/common/auto_word.html?type=base&rest_code=00105 HTTP/1.1" 200 1907
101.83.145.75 - - [05/Feb/2023:12:14:05 +0800] "POST /xingrg/kc/base/wldb_order_operate.html HTTP/1.1" 200 6806
101.83.145.75 - - [05/Feb/2023:12:14:05 +0800] "GET /xingrg/javascript/easyui/themes/default/validatebox.css HTTP/1.1" 404 1104
101.83.241.55 - - [05/Feb/2023:12:14:06 +0800] "GET /xingrg/kc/buy/cgsh_order_info.html?code=212023020501335 HTTP/1.1" 200 64696
101.83.145.75 - - [05/Feb/2023:12:14:06 +0800] "POST /xingrg/all/common/load_combo.html?type=base HTTP/1.1" 200 3409
101.83.241.55 - - [05/Feb/2023:12:14:06 +0800] "GET /xingrg/javascript/easyui/themes/default/validatebox.css HTTP/1.1" 404 1104
101.83.241.55 - - [05/Feb/2023:12:14:07 +0800] "POST /xingrg/kc/buy/cgsh_order_operate.html HTTP/1.1" 200 1195
101.83.241.55 - - [05/Feb/2023:12:14:08 +0800] "GET /xingrg/kc/print/load_data.html?order_code=212023020501335&kc_code=cgsh&condition= HTTP/1.1" 200 933
180.157.253.110 - - [05/Feb/2023:12:14:10 +0800] "GET /xingrg/check_reg.html?_=1675570473073 HTTP/1.1" 200 22
180.157.253.110 - - [05/Feb/2023:12:14:10 +0800] "GET /xingrg/all/function/internal_message.html?_=1675570473074&CODE_STATE=getMsg HTTP/1.1" 200 27
101.83.241.55 - - [05/Feb/2023:12:14:12 +0800] "GET /xingrg/kc/buy/cgsh_order_add.html HTTP/1.1" 200 69792
101.83.241.55 - - [05/Feb/2023:12:14:13 +0800] "POST /xingrg/kc/buy/cgsh_order_operate.html HTTP/1.1" 200 8245
101.83.241.55 - - [05/Feb/2023:12:14:13 +0800] "GET /xingrg/javascript/easyui/themes/default/validatebox.css HTTP/1.1" 404 1104
124.78.154.177 - - [05/Feb/2023:12:14:14 +0800] "POST /xingrg/kc/buy/cgsh_order_operate.html HTTP/1.1" 200 37
116.230.105.139 - - [05/Feb/2023:12:14:16 +0800] "GET /xingrg/all/function/internal_message.html?_=1675570477258&CODE_STATE=getMsg HTTP/1.1" 200 27
124.78.154.177 - - [05/Feb/2023:12:14:17 +0800] "GET /xingrg/all/function/internal_message.html?_=1675570479240&CODE_STATE=getMsg HTTP/1.1" 200 27
124.79.72.155 - - [05/Feb/2023:12:14:18 +0800] "POST /xingrg/kc/buy/cgsh_list_operate.html HTTP/1.1" 200 559
124.78.154.177 - - [05/Feb/2023:12:14:19 +0800] "POST /xingrg/kc/buy/cgsh_order_operate.html HTTP/1.1" 200 12
101.83.145.75 - - [05/Feb/2023:12:14:19 +0800] "GET /xingrg/kc/base/wldb_order_operate.html?command=get_materiel&rest_code=00105&base_code=0010508&code=00102002367 HTTP/1.1" 200 429
124.79.72.155 - - [05/Feb/2023:12:14:19 +0800] "GET /xingrg/kc/buy/cgsh_order_info.html?code=212023020400969 HTTP/1.1" 200 64683
124.79.72.155 - - [05/Feb/2023:12:14:20 +0800] "GET /xingrg/javascript/easyui/themes/default/validatebox.css HTTP/1.1" 404 1104
114.83.222.182 - - [05/Feb/2023:12:14:20 +0800] "GET /xingrg/all/function/internal_message.html?_=1675570585614&CODE_STATE=getMsg HTTP/1.1" 200 27
124.79.72.155 - - [05/Feb/2023:12:14:21 +0800] "POST /xingrg/kc/buy/cgsh_order_operate.html HTTP/1.1" 200 8279
124.79.72.155 - - [05/Feb/2023:12:14:22 +0800] "GET /xingrg/kc/print/load_data.html?order_code=212023020400969&kc_code=cgsh HTTP/1.1" 200 3640
101.83.241.55 - - [05/Feb/2023:12:14:23 +0800] "GET /xingrg/kc/buy/cgsh_order_operate.html?command=get_materiel&rest_code=00149&code=00102002521&supplier_code=00100486&order_time=2023-02-05 HTTP/1.1" 200 409
116.238.139.35 - - [05/Feb/2023:12:14:28 +0800] "GET /xingrg/all/function/internal_message.html?_=1675570490647&CODE_STATE=getMsg HTTP/1.1" 200 27
120.253.135.82 - - [05/Feb/2023:12:14:29 +0800] "GET /xingrg/check_reg.html?_=1675570306541 HTTP/1.1" 200 22
101.83.145.75 - - [05/Feb/2023:12:14:30 +0800] "GET /xingrg/kc/base/wldb_order_operate.html?command=get_materiel&rest_code=00105&base_code=0010508&code=00102002204 HTTP/1.1" 200 448
124.78.154.177 - - [05/Feb/2023:12:14:32 +0800] "GET /xingrg/kc/buy/cgsh_order_info.html?code=212023020501336 HTTP/1.1" 200 64610
124.78.154.177 - - [05/Feb/2023:12:14:32 +0800] "GET /xingrg/javascript/easyui/themes/default/validatebox.css HTTP/1.1" 404 1104
124.78.154.177 - - [05/Feb/2023:12:14:33 +0800] "POST /xingrg/kc/buy/cgsh_order_operate.html HTTP/1.1" 200 1222
116.238.139.35 - - [05/Feb/2023:12:14:34 +0800] "GET /xingrg/all/function/internal_message.html?_=1675570423987&CODE_STATE=getMsg HTTP/1.1" 200 27
101.83.241.55 - - [05/Feb/2023:12:14:36 +0800] "POST /xingrg/kc/buy/cgsh_order_operate.html HTTP/1.1" 200 37
124.78.154.177 - - [05/Feb/2023:12:14:36 +0800] "GET /xingrg/kc/print/load_data.html?order_code=212023020501336&kc_code=cgsh&condition= HTTP/1.1" 200 1012
101.83.145.75 - - [05/Feb/2023:12:14:37 +0800] "POST /xingrg/kc/base/wldb_order_operate.html HTTP/1.1" 200 37
218.81.216.21 - - [05/Feb/2023:12:14:37 +0800] "GET /xingrg/kc/buy/cgsh_order_operate.html?command=get_materiel&rest_code=00146&code=00101001145&supplier_code=00100314&order_time=2023-02-05 HTTP/1.1" 200 412
101.83.145.75 - - [05/Feb/2023:12:14:37 +0800] "POST /xingrg/kc/base/wldb_order_operate.html HTTP/1.1" 200 2667
101.83.145.75 - - [05/Feb/2023:12:14:38 +0800] "GET /xingrg/kc/base/wldb_order_info.html?code=422023020500279 HTTP/1.1" 200 30437
101.83.145.75 - - [05/Feb/2023:12:14:38 +0800] "GET /xingrg/javascript/easyui/themes/default/validatebox.css HTTP/1.1" 404 1104
101.83.241.55 - - [05/Feb/2023:12:14:39 +0800] "POST /xingrg/kc/buy/cgsh_order_operate.html HTTP/1.1" 200 12
101.83.145.75 - - [05/Feb/2023:12:14:39 +0800] "POST /xingrg/kc/base/wldb_order_operate.html HTTP/1.1" 200 2667
101.83.241.55 - - [05/Feb/2023:12:14:40 +0800] "GET /xingrg/kc/buy/cgsh_order_info.html?code=212023020501337 HTTP/1.1" 200 64700
124.78.154.177 - - [05/Feb/2023:12:14:40 +0800] "GET /xingrg/kc/buy/cgsh_order_add.html HTTP/1.1" 200 69703
101.83.241.55 - - [05/Feb/2023:12:14:41 +0800] "GET /xingrg/javascript/easyui/themes/default/validatebox.css HTTP/1.1" 404 1104
124.78.154.177 - - [05/Feb/2023:12:14:41 +0800] "GET /xingrg/javascript/easyui/themes/default/validatebox.css HTTP/1.1" 404 1104
124.78.154.177 - - [05/Feb/2023:12:14:41 +0800] "POST /xingrg/kc/buy/cgsh_order_operate.html HTTP/1.1" 200 8245
124.78.154.177 - - [05/Feb/2023:12:14:41 +0800] "GET /xingrg/javascript/easyui/themes/default/tree.css HTTP/1.1" 404 1090
101.83.241.55 - - [05/Feb/2023:12:14:41 +0800] "POST /xingrg/kc/buy/cgsh_order_operate.html HTTP/1.1" 200 605
124.78.154.177 - - [05/Feb/2023:12:14:41 +0800] "POST /xingrg/all/common/load_tree.html?tree=supplier_tree_json&isDelete=1 HTTP/1.1" 200 70488
124.79.72.155 - - [05/Feb/2023:12:14:42 +0800] "POST /xingrg/kc/buy/cgsh_list_operate.html HTTP/1.1" 200 4564
101.83.241.55 - - [05/Feb/2023:12:14:43 +0800] "GET /xingrg/kc/print/load_data.html?order_code=212023020501337&kc_code=cgsh&condition= HTTP/1.1" 200 699
222.70.181.49 - - [05/Feb/2023:12:14:44 +0800] "GET /xingrg/all/function/internal_message.html?_=1675570506971&CODE_STATE=getMsg HTTP/1.1" 200 27
124.79.72.155 - - [05/Feb/2023:12:14:45 +0800] "GET /xingrg/all/function/internal_message.html?_=1675570507821&CODE_STATE=getMsg HTTP/1.1" 200 27
101.83.241.55 - - [05/Feb/2023:12:14:46 +0800] "GET /xingrg/kc/buy/cgsh_order_add.html HTTP/1.1" 200 69792
101.83.241.55 - - [05/Feb/2023:12:14:46 +0800] "POST /xingrg/kc/buy/cgsh_order_operate.html HTTP/1.1" 200 8245
101.83.241.55 - - [05/Feb/2023:12:14:47 +0800] "GET /xingrg/javascript/easyui/themes/default/validatebox.css HTTP/1.1" 404 1104
101.83.145.75 - - [05/Feb/2023:12:14:49 +0800] "GET /xingrg/kc/base/wldb_order_add.html HTTP/1.1" 200 30422
101.83.145.75 - - [05/Feb/2023:12:14:50 +0800] "POST /xingrg/kc/base/wldb_order_operate.html HTTP/1.1" 200 6806
101.83.145.75 - - [05/Feb/2023:12:14:50 +0800] "GET /xingrg/javascript/easyui/themes/default/validatebox.css HTTP/1.1" 404 1104
101.83.145.75 - - [05/Feb/2023:12:14:51 +0800] "POST /xingrg/all/common/load_combo.html?type=base HTTP/1.1" 200 3409
180.169.147.146 - - [05/Feb/2023:12:14:54 +0800] "GET /xingrg/all/function/internal_message.html?_=1675570515608&CODE_STATE=getMsg HTTP/1.1" 200 27
124.78.154.177 - - [05/Feb/2023:12:14:54 +0800] "GET /xingrg/kc/buy/cgsh_order_operate.html?command=get_materiel&rest_code=00106&code=00101004124&supplier_code=00100086&order_time=2023-02-05 HTTP/1.1" 200 398
101.83.241.55 - - [05/Feb/2023:12:14:54 +0800] "GET /xingrg/kc/buy/cgsh_order_operate.html?command=get_materiel&rest_code=00149&code=00101005022&supplier_code=00100312&order_time=2023-02-05 HTTP/1.1" 200 417
58.40.7.146 - - [05/Feb/2023:12:14:59 +0800] "GET /xingrg/all/function/internal_message.html?_=1675570520743&CODE_STATE=getMsg HTTP/1.1" 200 27
101.83.145.75 - - [05/Feb/2023:12:14:59 +0800] "GET /xingrg/kc/base/wldb_order_operate.html?command=get_materiel&rest_code=00105&base_code=0010508&code=00101019222 HTTP/1.1" 200 452
120.253.135.82 - - [05/Feb/2023:12:15:00 +0800] "GET /xingrg/all/function/internal_message.html?_=1675570337988&CODE_STATE=getMsg HTTP/1.1" 200 27
218.81.216.21 - - [05/Feb/2023:12:15:00 +0800] "GET /xingrg/all/function/internal_message.html?_=1675570524420&CODE_STATE=getMsg HTTP/1.1" 200 27
120.253.135.82 - - [05/Feb/2023:12:15:04 +0800] "GET /xingrg/all/function/internal_message.html?_=1675570650428&CODE_STATE=getMsg HTTP/1.1" 200 27
58.221.95.50 - - [05/Feb/2023:12:15:04 +0800] "GET /xingrg/all/function/internal_message.html?_=1675570526836&CODE_STATE=getMsg HTTP/1.1" 200 27
101.83.145.75 - - [05/Feb/2023:12:15:05 +0800] "GET /xingrg/all/function/internal_message.html?_=1675570531606&CODE_STATE=getMsg HTTP/1.1" 200 27
101.83.241.55 - - [05/Feb/2023:12:15:06 +0800] "GET /xingrg/kc/buy/cgsh_order_operate.html?command=get_materiel&rest_code=00149&code=00101001016&supplier_code=00100312&order_time=2023-02-05 HTTP/1.1" 200 434
180.157.253.110 - - [05/Feb/2023:12:15:10 +0800] "GET /xingrg/all/function/internal_message.html?_=1675570533072&CODE_STATE=getMsg HTTP/1.1" 200 27
124.78.154.177 - - [05/Feb/2023:12:15:12 +0800] "GET /xingrg/kc/buy/cgsh_order_operate.html?command=get_materiel&rest_code=00106&code=00101005088&supplier_code=00100086&order_time=2023-02-05 HTTP/1.1" 200 400
101.83.145.75 - - [05/Feb/2023:12:15:12 +0800] "GET /xingrg/kc/base/wldb_order_operate.html?command=get_materiel&rest_code=00105&base_code=0010507&code=00101019184 HTTP/1.1" 200 458
116.230.105.139 - - [05/Feb/2023:12:15:16 +0800] "GET /xingrg/all/function/internal_message.html?_=1675570537244&CODE_STATE=getMsg HTTP/1.1" 200 27
101.83.241.55 - - [05/Feb/2023:12:15:16 +0800] "GET /xingrg/kc/buy/cgsh_order_operate.html?command=get_materiel&rest_code=00149&code=00101004023&supplier_code=00100312&order_time=2023-02-05 HTTP/1.1" 200 409
124.78.154.177 - - [05/Feb/2023:12:15:17 +0800] "GET /xingrg/all/function/internal_message.html?_=1675570539233&CODE_STATE=getMsg HTTP/1.1" 200 27
101.83.145.75 - - [05/Feb/2023:12:15:20 +0800] "GET /xingrg/kc/base/wldb_order_operate.html?command=get_materiel&rest_code=00105&base_code=0010507&code=00101019306 HTTP/1.1" 200 479
114.83.222.182 - - [05/Feb/2023:12:15:20 +0800] "GET /xingrg/all/function/internal_message.html?_=1675570645598&CODE_STATE=getMsg HTTP/1.1" 200 27
101.83.241.55 - - [05/Feb/2023:12:15:24 +0800] "POST /xingrg/kc/buy/cgsh_order_operate.html HTTP/1.1" 200 37
222.70.181.49 - - [05/Feb/2023:12:15:25 +0800] "POST /xingrg/services/DataTransmitService HTTP/1.1" 200 524
222.70.181.49 - - [05/Feb/2023:12:15:26 +0800] "POST /xingrg/services/DataTransmitService HTTP/1.1" 200 412
116.238.139.35 - - [05/Feb/2023:12:15:28 +0800] "GET /xingrg/all/function/internal_message.html?_=1675570550648&CODE_STATE=getMsg HTTP/1.1" 200 27
101.83.241.55 - - [05/Feb/2023:12:15:29 +0800] "POST /xingrg/kc/buy/cgsh_order_operate.html HTTP/1.1" 200 12
101.83.145.75 - - [05/Feb/2023:12:15:29 +0800] "GET /xingrg/kc/base/wldb_order_operate.html?command=get_materiel&rest_code=00105&base_code=0010507&code=00101019125 HTTP/1.1" 200 481
124.78.154.177 - - [05/Feb/2023:12:15:31 +0800] "POST /xingrg/kc/buy/cgsh_order_operate.html HTTP/1.1" 200 37
101.83.241.55 - - [05/Feb/2023:12:15:33 +0800] "GET /xingrg/kc/buy/cgsh_order_info.html?code=212023020501338 HTTP/1.1" 200 64698
101.83.241.55 - - [05/Feb/2023:12:15:33 +0800] "GET /xingrg/javascript/easyui/themes/default/validatebox.css HTTP/1.1" 404 1104
101.83.241.55 - - [05/Feb/2023:12:15:34 +0800] "GET /xingrg/all/function/internal_message.html?_=1675570555852&CODE_STATE=getMsg HTTP/1.1" 200 27
101.83.241.55 - - [05/Feb/2023:12:15:34 +0800] "POST /xingrg/kc/buy/cgsh_order_operate.html HTTP/1.1" 200 1800
116.238.139.35 - - [05/Feb/2023:12:15:34 +0800] "GET /xingrg/all/function/internal_message.html?_=1675570484013&CODE_STATE=getMsg HTTP/1.1" 200 27
218.81.216.21 - - [05/Feb/2023:12:15:34 +0800] "GET /xingrg/kc/buy/cgsh_order_operate.html?command=get_materiel&rest_code=00146&code=00101001029&supplier_code=00100314&order_time=2023-02-05 HTTP/1.1" 200 417
101.83.145.75 - - [05/Feb/2023:12:15:35 +0800] "GET /xingrg/kc/base/wldb_order_operate.html?command=get_materiel&rest_code=00105&base_code=0010507&code=00101019438 HTTP/1.1" 200 462
101.83.241.55 - - [05/Feb/2023:12:15:35 +0800] "GET /xingrg/kc/print/load_data.html?order_code=212023020501338&kc_code=cgsh&condition= HTTP/1.1" 200 1171
101.83.241.55 - - [05/Feb/2023:12:15:38 +0800] "GET /xingrg/kc/buy/cgsh_order_add.html HTTP/1.1" 200 69792
101.83.241.55 - - [05/Feb/2023:12:15:39 +0800] "POST /xingrg/kc/buy/cgsh_order_operate.html HTTP/1.1" 200 8245
101.83.241.55 - - [05/Feb/2023:12:15:39 +0800] "GET /xingrg/javascript/easyui/themes/default/validatebox.css HTTP/1.1" 404 1104
101.83.145.75 - - [05/Feb/2023:12:15:44 +0800] "GET /xingrg/kc/base/wldb_order_operate.html?command=get_materiel&rest_code=00105&base_code=0010507&code=00101019405 HTTP/1.1" 200 482
222.70.181.49 - - [05/Feb/2023:12:15:44 +0800] "GET /xingrg/all/function/internal_message.html?_=1675570566972&CODE_STATE=getMsg HTTP/1.1" 200 27
124.79.72.155 - - [05/Feb/2023:12:15:45 +0800] "GET /xingrg/check_reg.html?_=1675570567840 HTTP/1.1" 200 22
124.79.72.155 - - [05/Feb/2023:12:15:45 +0800] "GET /xingrg/all/function/internal_message.html?_=1675570567829&CODE_STATE=getMsg HTTP/1.1" 200 27
101.83.241.55 - - [05/Feb/2023:12:15:47 +0800] "GET /xingrg/kc/buy/cgsh_order_operate.html?command=get_materiel&rest_code=00149&code=00101010678&supplier_code=00100564&order_time=2023-02-05 HTTP/1.1" 200 427
124.78.154.177 - - [05/Feb/2023:12:15:49 +0800] "POST /xingrg/kc/buy/cgsh_order_operate.html HTTP/1.1" 200 12
124.78.154.177 - - [05/Feb/2023:12:15:50 +0800] "GET /xingrg/kc/buy/cgsh_order_info.html?code=212023020501339 HTTP/1.1" 200 64612
124.78.154.177 - - [05/Feb/2023:12:15:50 +0800] "GET /xingrg/javascript/easyui/themes/default/validatebox.css HTTP/1.1" 404 1104
124.78.154.177 - - [05/Feb/2023:12:15:51 +0800] "POST /xingrg/kc/buy/cgsh_order_operate.html HTTP/1.1" 200 1208
101.83.145.75 - - [05/Feb/2023:12:15:52 +0800] "GET /xingrg/kc/base/wldb_order_operate.html?command=get_materiel&rest_code=00105&base_code=0010507&code=00101016076 HTTP/1.1" 200 477
124.78.154.177 - - [05/Feb/2023:12:15:52 +0800] "GET /xingrg/kc/print/load_data.html?order_code=212023020501339&kc_code=cgsh&condition= HTTP/1.1" 200 1015
180.169.147.146 - - [05/Feb/2023:12:15:54 +0800] "GET /xingrg/all/function/internal_message.html?_=1675570575603&CODE_STATE=getMsg HTTP/1.1" 200 27
124.78.154.177 - - [05/Feb/2023:12:15:56 +0800] "GET /xingrg/kc/buy/cgsh_order_add.html HTTP/1.1" 200 69703
124.78.154.177 - - [05/Feb/2023:12:15:56 +0800] "POST /xingrg/kc/buy/cgsh_order_operate.html HTTP/1.1" 200 8245
124.78.154.177 - - [05/Feb/2023:12:15:57 +0800] "GET /xingrg/javascript/easyui/themes/default/validatebox.css HTTP/1.1" 404 1104
124.78.154.177 - - [05/Feb/2023:12:15:57 +0800] "GET /xingrg/javascript/easyui/themes/default/tree.css HTTP/1.1" 404 1090
124.78.154.177 - - [05/Feb/2023:12:15:57 +0800] "POST /xingrg/all/common/load_tree.html?tree=supplier_tree_json&isDelete=1 HTTP/1.1" 200 70488
101.83.241.55 - - [05/Feb/2023:12:15:58 +0800] "POST /xingrg/kc/buy/cgsh_order_operate.html HTTP/1.1" 200 37
58.40.7.146 - - [05/Feb/2023:12:15:59 +0800] "GET /xingrg/all/function/internal_message.html?_=1675570580730&CODE_STATE=getMsg HTTP/1.1" 200 27
101.83.145.75 - - [05/Feb/2023:12:15:59 +0800] "GET /xingrg/kc/base/wldb_order_operate.html?command=get_materiel&rest_code=00105&base_code=0010507&code=00101019372 HTTP/1.1" 200 482
120.253.135.82 - - [05/Feb/2023:12:16:00 +0800] "GET /xingrg/all/function/internal_message.html?_=1675570398003&CODE_STATE=getMsg HTTP/1.1" 200 27
218.81.216.21 - - [05/Feb/2023:12:16:00 +0800] "GET /xingrg/all/function/internal_message.html?_=1675570584435&CODE_STATE=getMsg HTTP/1.1" 200 27
218.81.216.21 - - [05/Feb/2023:12:16:02 +0800] "POST /xingrg/kc/buy/cgsh_order_operate.html HTTP/1.1" 200 37
101.83.241.55 - - [05/Feb/2023:12:16:03 +0800] "POST /xingrg/kc/buy/cgsh_order_operate.html HTTP/1.1" 200 12
101.83.241.55 - - [05/Feb/2023:12:16:04 +0800] "GET /xingrg/kc/buy/cgsh_order_info.html?code=212023020501340 HTTP/1.1" 200 64686
58.221.95.50 - - [05/Feb/2023:12:16:04 +0800] "GET /xingrg/all/function/internal_message.html?_=1675570586811&CODE_STATE=getMsg HTTP/1.1" 200 27
101.83.241.55 - - [05/Feb/2023:12:16:04 +0800] "GET /xingrg/javascript/easyui/themes/default/validatebox.css HTTP/1.1" 404 1104
101.83.145.75 - - [05/Feb/2023:12:16:05 +0800] "GET /xingrg/all/function/internal_message.html?_=1675570591654&CODE_STATE=getMsg HTTP/1.1" 200 27
124.79.72.155 - - [05/Feb/2023:12:16:05 +0800] "POST /xingrg/kc/buy/cgsh_list_operate.html HTTP/1.1" 200 341
101.83.241.55 - - [05/Feb/2023:12:16:05 +0800] "POST /xingrg/kc/buy/cgsh_order_operate.html HTTP/1.1" 200 614
101.83.145.75 - - [05/Feb/2023:12:16:05 +0800] "GET /xingrg/kc/base/wldb_order_operate.html?command=get_materiel&rest_code=00105&base_code=0010507&code=00101019390 HTTP/1.1" 200 470
218.81.216.21 - - [05/Feb/2023:12:16:06 +0800] "POST /xingrg/kc/buy/cgsh_order_operate.html HTTP/1.1" 200 2664
101.83.241.55 - - [05/Feb/2023:12:16:07 +0800] "GET /xingrg/kc/print/load_data.html?order_code=212023020501340&kc_code=cgsh&condition= HTTP/1.1" 200 693
124.79.72.155 - - [05/Feb/2023:12:16:08 +0800] "GET /xingrg/kc/buy/cgsh_order_info.html?code=212023020400998 HTTP/1.1" 200 64683
218.81.216.21 - - [05/Feb/2023:12:16:08 +0800] "GET /xingrg/kc/print/load_data.html?order_code=212023020501341&kc_code=cgsh&condition= HTTP/1.1" 200 687
124.79.72.155 - - [05/Feb/2023:12:16:08 +0800] "GET /xingrg/javascript/easyui/themes/default/validatebox.css HTTP/1.1" 404 1104
124.79.72.155 - - [05/Feb/2023:12:16:08 +0800] "POST /xingrg/kc/buy/cgsh_order_operate.html HTTP/1.1" 200 1786
124.79.72.155 - - [05/Feb/2023:12:16:09 +0800] "GET /xingrg/kc/print/load_data.html?order_code=212023020400998&kc_code=cgsh HTTP/1.1" 200 1237
180.157.253.110 - - [05/Feb/2023:12:16:10 +0800] "GET /xingrg/all/function/internal_message.html?_=1675570593064&CODE_STATE=getMsg HTTP/1.1" 200 27
101.83.145.75 - - [05/Feb/2023:12:16:10 +0800] "GET /xingrg/kc/base/wldb_order_operate.html?command=get_materiel&rest_code=00105&base_code=0010507&code=00101011005 HTTP/1.1" 200 431
124.78.154.177 - - [05/Feb/2023:12:16:11 +0800] "GET /xingrg/kc/buy/cgsh_order_operate.html?command=get_materiel&rest_code=00106&code=00101002042&supplier_code=00100088&order_time=2023-02-05 HTTP/1.1" 200 418
101.83.241.55 - - [05/Feb/2023:12:16:12 +0800] "GET /xingrg/kc/buy/cgsh_order_add.html HTTP/1.1" 200 69792
101.83.241.55 - - [05/Feb/2023:12:16:12 +0800] "POST /xingrg/kc/buy/cgsh_order_operate.html HTTP/1.1" 200 8245
101.83.241.55 - - [05/Feb/2023:12:16:12 +0800] "GET /xingrg/javascript/easyui/themes/default/validatebox.css HTTP/1.1" 404 1104
101.83.145.75 - - [05/Feb/2023:12:16:15 +0800] "GET /xingrg/system/info/materiel_import.html?isSelect=1&singleSelect=false HTTP/1.1" 200 5600
101.83.145.75 - - [05/Feb/2023:12:16:16 +0800] "GET /favicon.ico HTTP/1.1" 404 -
101.83.145.75 - - [05/Feb/2023:12:16:16 +0800] "POST /xingrg/all/common/load_tree.html?tree=materiel_sort_tree_json HTTP/1.1" 200 9500
116.230.105.139 - - [05/Feb/2023:12:16:16 +0800] "GET /xingrg/all/function/internal_message.html?_=1675570597221&CODE_STATE=getMsg HTTP/1.1" 200 27
124.78.154.177 - - [05/Feb/2023:12:16:17 +0800] "GET /xingrg/all/function/internal_message.html?_=1675570599215&CODE_STATE=getMsg HTTP/1.1" 200 27
218.81.216.21 - - [05/Feb/2023:12:16:20 +0800] "POST /xingrg/kc/buy/cgsh_list_operate.html HTTP/1.1" 200 6703
114.83.222.182 - - [05/Feb/2023:12:16:20 +0800] "GET /xingrg/all/function/internal_message.html?_=1675570705582&CODE_STATE=getMsg HTTP/1.1" 200 27
218.81.216.21 - - [05/Feb/2023:12:16:21 +0800] "GET /xingrg/kc/buy/cgsh_order_add.html HTTP/1.1" 200 69703
218.81.216.21 - - [05/Feb/2023:12:16:21 +0800] "POST /xingrg/kc/buy/cgsh_order_operate.html HTTP/1.1" 200 8245
101.83.241.55 - - [05/Feb/2023:12:16:21 +0800] "GET /xingrg/kc/buy/cgsh_order_operate.html?command=get_materiel&rest_code=00149&code=00101006053&supplier_code=00100326&order_time=2023-02-05 HTTP/1.1" 200 423
218.81.216.21 - - [05/Feb/2023:12:16:21 +0800] "GET /xingrg/javascript/easyui/themes/default/validatebox.css HTTP/1.1" 404 1104
116.238.139.35 - - [05/Feb/2023:12:16:21 +0800] "GET /xingrg/check_reg.html?_=1675570531694 HTTP/1.1" 200 22
124.79.72.155 - - [05/Feb/2023:12:16:22 +0800] "POST /xingrg/kc/buy/cgsh_list_operate.html HTTP/1.1" 200 4564
101.83.145.75 - - [05/Feb/2023:12:16:23 +0800] "POST /xingrg/kc/base/wldb_order_operate.html HTTP/1.1" 200 37
101.83.145.75 - - [05/Feb/2023:12:16:24 +0800] "POST /xingrg/kc/base/wldb_order_operate.html HTTP/1.1" 200 6716
101.83.145.75 - - [05/Feb/2023:12:16:24 +0800] "GET /xingrg/kc/base/wldb_order_info.html?code=422023020500280 HTTP/1.1" 200 30437
101.83.145.75 - - [05/Feb/2023:12:16:25 +0800] "GET /xingrg/javascript/easyui/themes/default/validatebox.css HTTP/1.1" 404 1104
101.83.145.75 - - [05/Feb/2023:12:16:25 +0800] "POST /xingrg/kc/base/wldb_order_operate.html HTTP/1.1" 200 6716
124.78.154.177 - - [05/Feb/2023:12:16:26 +0800] "POST /xingrg/kc/buy/cgsh_order_operate.html HTTP/1.1" 200 37
116.238.139.35 - - [05/Feb/2023:12:16:28 +0800] "GET /xingrg/all/function/internal_message.html?_=1675570610650&CODE_STATE=getMsg HTTP/1.1" 200 27
101.83.241.55 - - [05/Feb/2023:12:16:33 +0800] "GET /xingrg/kc/buy/cgsh_order_add.html HTTP/1.1" 200 69792
101.83.241.55 - - [05/Feb/2023:12:16:33 +0800] "POST /xingrg/kc/buy/cgsh_order_operate.html HTTP/1.1" 200 8245
101.83.241.55 - - [05/Feb/2023:12:16:33 +0800] "GET /xingrg/javascript/easyui/themes/default/validatebox.css HTTP/1.1" 404 1104
124.78.154.177 - - [05/Feb/2023:12:16:33 +0800] "POST /xingrg/kc/buy/cgsh_order_operate.html HTTP/1.1" 200 12
101.83.241.55 - - [05/Feb/2023:12:16:33 +0800] "GET /xingrg/all/function/internal_message.html?_=1675570615822&CODE_STATE=getMsg HTTP/1.1" 200 27
116.238.139.35 - - [05/Feb/2023:12:16:34 +0800] "GET /xingrg/all/function/internal_message.html?_=1675570544014&CODE_STATE=getMsg HTTP/1.1" 200 27
124.78.154.177 - - [05/Feb/2023:12:16:36 +0800] "GET /xingrg/kc/buy/cgsh_order_info.html?code=212023020501342 HTTP/1.1" 200 64610
124.78.154.177 - - [05/Feb/2023:12:16:36 +0800] "GET /xingrg/javascript/easyui/themes/default/validatebox.css HTTP/1.1" 404 1104
124.78.154.177 - - [05/Feb/2023:12:16:37 +0800] "POST /xingrg/kc/buy/cgsh_order_operate.html HTTP/1.1" 200 617
101.83.145.75 - - [05/Feb/2023:12:16:37 +0800] "GET /xingrg/kc/base/wldb_order_add.html HTTP/1.1" 200 30422
101.83.145.75 - - [05/Feb/2023:12:16:38 +0800] "POST /xingrg/kc/base/wldb_order_operate.html HTTP/1.1" 200 6806
101.83.145.75 - - [05/Feb/2023:12:16:38 +0800] "GET /xingrg/javascript/easyui/themes/default/validatebox.css HTTP/1.1" 404 1104
124.78.154.177 - - [05/Feb/2023:12:16:38 +0800] "GET /xingrg/kc/print/load_data.html?order_code=212023020501342&kc_code=cgsh&condition= HTTP/1.1" 200 794
101.83.145.75 - - [05/Feb/2023:12:16:38 +0800] "POST /xingrg/all/common/load_combo.html?type=base HTTP/1.1" 200 3409
101.83.241.55 - - [05/Feb/2023:12:16:42 +0800] "GET /xingrg/kc/buy/cgsh_order_operate.html?command=get_materiel&rest_code=00149&code=00101001037&supplier_code=00100090&order_time=2023-02-05 HTTP/1.1" 200 418
222.70.181.49 - - [05/Feb/2023:12:16:44 +0800] "GET /xingrg/all/function/internal_message.html?_=1675570626976&CODE_STATE=getMsg HTTP/1.1" 200 27
222.70.181.49 - - [05/Feb/2023:12:16:44 +0800] "GET /xingrg/check_reg.html?_=1675570626973 HTTP/1.1" 200 22
124.79.72.155 - - [05/Feb/2023:12:16:45 +0800] "GET /xingrg/all/function/internal_message.html?_=1675570627831&CODE_STATE=getMsg HTTP/1.1" 200 27
101.83.145.75 - - [05/Feb/2023:12:16:50 +0800] "POST /xingrg/kc/base/wldb_order_operate.html HTTP/1.1" 200 37
101.83.145.75 - - [05/Feb/2023:12:16:51 +0800] "POST /xingrg/kc/base/wldb_order_operate.html HTTP/1.1" 200 2180
124.78.154.177 - - [05/Feb/2023:12:16:53 +0800] "GET /xingrg/kc/buy/cgsh_order_add.html HTTP/1.1" 200 69703
180.169.147.146 - - [05/Feb/2023:12:16:54 +0800] "GET /xingrg/check_reg.html?_=1675570635593 HTTP/1.1" 200 22
180.169.147.146 - - [05/Feb/2023:12:16:54 +0800] "GET /xingrg/all/function/internal_message.html?_=1675570635596&CODE_STATE=getMsg HTTP/1.1" 200 27
124.78.154.177 - - [05/Feb/2023:12:16:54 +0800] "GET /xingrg/javascript/easyui/themes/default/validatebox.css HTTP/1.1" 404 1104
124.78.154.177 - - [05/Feb/2023:12:16:54 +0800] "POST /xingrg/kc/buy/cgsh_order_operate.html HTTP/1.1" 200 8245
124.78.154.177 - - [05/Feb/2023:12:16:54 +0800] "GET /xingrg/javascript/easyui/themes/default/tree.css HTTP/1.1" 404 1090
124.78.154.177 - - [05/Feb/2023:12:16:55 +0800] "POST /xingrg/all/common/load_tree.html?tree=supplier_tree_json&isDelete=1 HTTP/1.1" 200 70488
101.83.241.55 - - [05/Feb/2023:12:16:55 +0800] "POST /xingrg/kc/buy/cgsh_order_operate.html HTTP/1.1" 200 37
101.83.145.75 - - [05/Feb/2023:12:16:56 +0800] "GET /xingrg/kc/base/wldb_order_info.html?code=422023020500281 HTTP/1.1" 200 30436
101.83.145.75 - - [05/Feb/2023:12:16:57 +0800] "GET /xingrg/javascript/easyui/themes/default/validatebox.css HTTP/1.1" 404 1104
218.81.216.21 - - [05/Feb/2023:12:16:57 +0800] "GET /xingrg/kc/buy/cgsh_order_operate.html?command=get_materiel&rest_code=00146&code=00101004051&supplier_code=00100312&order_time=2023-02-05 HTTP/1.1" 200 408
101.83.145.75 - - [05/Feb/2023:12:16:58 +0800] "POST /xingrg/kc/base/wldb_order_operate.html HTTP/1.1" 200 2180
58.40.7.146 - - [05/Feb/2023:12:16:59 +0800] "GET /xingrg/all/function/internal_message.html?_=1675570640732&CODE_STATE=getMsg HTTP/1.1" 200 27
58.40.7.146 - - [05/Feb/2023:12:16:59 +0800] "GET /xingrg/check_reg.html?_=1675570640734 HTTP/1.1" 200 22
101.83.145.75 - - [05/Feb/2023:12:16:59 +0800] "GET /xingrg/kc/base/wldb_order_add.html HTTP/1.1" 200 30422
101.83.145.75 - - [05/Feb/2023:12:17:00 +0800] "POST /xingrg/kc/base/wldb_order_operate.html HTTP/1.1" 200 6806
101.83.145.75 - - [05/Feb/2023:12:17:00 +0800] "GET /xingrg/javascript/easyui/themes/default/validatebox.css HTTP/1.1" 404 1104
120.253.135.82 - - [05/Feb/2023:12:17:00 +0800] "GET /xingrg/all/function/internal_message.html?_=1675570458052&CODE_STATE=getMsg HTTP/1.1" 200 27
218.81.216.21 - - [05/Feb/2023:12:17:00 +0800] "GET /xingrg/all/function/internal_message.html?_=1675570644448&CODE_STATE=getMsg HTTP/1.1" 200 27
101.83.145.75 - - [05/Feb/2023:12:17:00 +0800] "POST /xingrg/all/common/load_combo.html?type=base HTTP/1.1" 200 3409
114.88.159.190 - - [05/Feb/2023:12:17:03 +0800] "GET /xingrg/check_reg.html?_=1675570214089 HTTP/1.1" 200 22
101.83.241.55 - - [05/Feb/2023:12:17:04 +0800] "POST /xingrg/kc/buy/cgsh_order_operate.html HTTP/1.1" 200 12
58.221.95.50 - - [05/Feb/2023:12:17:04 +0800] "GET /xingrg/all/function/internal_message.html?_=1675570646789&CODE_STATE=getMsg HTTP/1.1" 200 27
101.83.145.75 - - [05/Feb/2023:12:17:05 +0800] "GET /xingrg/all/function/internal_message.html?_=1675570651562&CODE_STATE=getMsg HTTP/1.1" 200 27
101.83.241.55 - - [05/Feb/2023:12:17:06 +0800] "GET /xingrg/kc/buy/cgsh_order_info.html?code=212023020501343 HTTP/1.1" 200 64698
101.83.241.55 - - [05/Feb/2023:12:17:06 +0800] "GET /xingrg/javascript/easyui/themes/default/validatebox.css HTTP/1.1" 404 1104
101.83.241.55 - - [05/Feb/2023:12:17:08 +0800] "POST /xingrg/kc/buy/cgsh_order_operate.html HTTP/1.1" 200 613
124.78.154.177 - - [05/Feb/2023:12:17:08 +0800] "GET /xingrg/kc/buy/cgsh_order_operate.html?command=get_materiel&rest_code=00106&code=00101004034&supplier_code=00100085&order_time=2023-02-05 HTTP/1.1" 200 418
101.83.241.55 - - [05/Feb/2023:12:17:10 +0800] "GET /xingrg/kc/print/load_data.html?order_code=212023020501343&kc_code=cgsh&condition= HTTP/1.1" 200 783
101.83.145.75 - - [05/Feb/2023:12:17:10 +0800] "GET /xingrg/kc/base/wldb_order_operate.html?command=get_materiel&rest_code=00105&base_code=0010507&code=00101013139 HTTP/1.1" 200 451
180.157.253.110 - - [05/Feb/2023:12:17:10 +0800] "GET /xingrg/all/function/internal_message.html?_=1675570653072&CODE_STATE=getMsg HTTP/1.1" 200 27
101.83.241.55 - - [05/Feb/2023:12:17:14 +0800] "GET /xingrg/kc/buy/cgsh_order_add.html HTTP/1.1" 200 69792
101.83.241.55 - - [05/Feb/2023:12:17:15 +0800] "GET /xingrg/javascript/easyui/themes/default/validatebox.css HTTP/1.1" 404 1104
101.83.241.55 - - [05/Feb/2023:12:17:15 +0800] "POST /xingrg/kc/buy/cgsh_order_operate.html HTTP/1.1" 200 8245
116.230.105.139 - - [05/Feb/2023:12:17:16 +0800] "GET /xingrg/all/function/internal_message.html?_=1675570657198&CODE_STATE=getMsg HTTP/1.1" 200 27
116.230.105.139 - - [05/Feb/2023:12:17:16 +0800] "GET /xingrg/check_reg.html?_=1675570657483 HTTP/1.1" 200 22
124.78.154.177 - - [05/Feb/2023:12:17:17 +0800] "GET /xingrg/all/function/internal_message.html?_=1675570659171&CODE_STATE=getMsg HTTP/1.1" 200 27
101.83.241.55 - - [05/Feb/2023:12:17:18 +0800] "GET /xingrg/check_reg.html?_=1675570660074 HTTP/1.1" 200 22
114.83.222.182 - - [05/Feb/2023:12:17:20 +0800] "GET /xingrg/all/function/internal_message.html?_=1675570765561&CODE_STATE=getMsg HTTP/1.1" 200 27
124.78.154.177 - - [05/Feb/2023:12:17:24 +0800] "POST /xingrg/kc/buy/cgsh_order_operate.html HTTP/1.1" 200 37
218.81.216.21 - - [05/Feb/2023:12:17:24 +0800] "GET /xingrg/kc/buy/cgsh_order_operate.html?command=get_materiel&rest_code=00146&code=00101004074&supplier_code=00100312&order_time=2023-02-05 HTTP/1.1" 200 406
116.238.139.35 - - [05/Feb/2023:12:17:28 +0800] "GET /xingrg/all/function/internal_message.html?_=1675570670655&CODE_STATE=getMsg HTTP/1.1" 200 27
114.88.159.190 - - [05/Feb/2023:12:17:29 +0800] "GET /xingrg/kc/buy/cgsh_order_add.html HTTP/1.1" 200 69703
114.88.159.190 - - [05/Feb/2023:12:17:30 +0800] "POST /xingrg/kc/buy/cgsh_order_operate.html HTTP/1.1" 200 8245
114.88.159.190 - - [05/Feb/2023:12:17:30 +0800] "GET /xingrg/javascript/easyui/themes/default/validatebox.css HTTP/1.1" 404 1104
124.78.154.177 - - [05/Feb/2023:12:17:31 +0800] "POST /xingrg/kc/buy/cgsh_order_operate.html HTTP/1.1" 200 12
124.78.154.177 - - [05/Feb/2023:12:17:32 +0800] "GET /xingrg/kc/buy/cgsh_order_info.html?code=212023020501344 HTTP/1.1" 200 64610
124.78.154.177 - - [05/Feb/2023:12:17:32 +0800] "GET /xingrg/javascript/easyui/themes/default/validatebox.css HTTP/1.1" 404 1104
