116.238.139.35 - - [05/Feb/2023:12:04:28 +0800] "GET /xingrg/all/function/internal_message.html?_=1675569890642&CODE_STATE=getMsg HTTP/1.1" 200 27
120.253.135.82 - - [05/Feb/2023:12:04:29 +0800] "GET /xingrg/check_reg.html?_=1675569706513 HTTP/1.1" 200 22
120.253.135.82 - - [05/Feb/2023:12:04:33 +0800] "GET /xingrg/kc/pszx/ps_main.html?isBack=1 HTTP/1.1" 200 13401
120.253.135.82 - - [05/Feb/2023:12:04:33 +0800] "GET /xingrg/javascript/ToolTips.js HTTP/1.1" 304 -
120.253.135.82 - - [05/Feb/2023:12:04:33 +0800] "GET /xingrg/javascript/jquery.utils.js HTTP/1.1" 304 -
120.253.135.82 - - [05/Feb/2023:12:04:33 +0800] "GET /xingrg/javascript/jquery-1.4.2.min.js HTTP/1.1" 304 -
120.253.135.82 - - [05/Feb/2023:12:04:33 +0800] "GET /xingrg/images/blue/button/cgydd.gif HTTP/1.1" 304 -
120.253.135.82 - - [05/Feb/2023:12:04:33 +0800] "GET /xingrg/images/blue/pic_form2.gif HTTP/1.1" 304 -
120.253.135.82 - - [05/Feb/2023:12:04:33 +0800] "GET /xingrg/images/blue/bg_dotted.jpg HTTP/1.1" 304 -
120.253.135.82 - - [05/Feb/2023:12:04:33 +0800] "GET /xingrg/images/blue/button/down_ah.jpg HTTP/1.1" 304 -
120.253.135.82 - - [05/Feb/2023:12:04:33 +0800] "GET /favicon.ico HTTP/1.1" 404 -
116.238.139.35 - - [05/Feb/2023:12:04:33 +0800] "GET /xingrg/all/function/internal_message.html?_=1675569823820&CODE_STATE=getMsg HTTP/1.1" 200 27
218.81.216.21 - - [05/Feb/2023:12:04:34 +0800] "POST /xingrg/kc/base/wldb_order_operate.html HTTP/1.1" 200 37
114.88.159.190 - - [05/Feb/2023:12:04:35 +0800] "POST /xingrg/kc/buy/cgsh_order_operate.html HTTP/1.1" 200 37
218.81.216.21 - - [05/Feb/2023:12:04:35 +0800] "POST /xingrg/kc/base/wldb_order_operate.html HTTP/1.1" 200 6638
218.81.216.21 - - [05/Feb/2023:12:04:36 +0800] "GET /xingrg/kc/base/wldb_order_info.html?code=422023020500272 HTTP/1.1" 200 30443
218.81.216.21 - - [05/Feb/2023:12:04:37 +0800] "GET /xingrg/javascript/easyui/themes/default/validatebox.css HTTP/1.1" 404 1104
114.88.159.190 - - [05/Feb/2023:12:04:39 +0800] "POST /xingrg/kc/buy/cgsh_order_operate.html HTTP/1.1" 200 12
101.83.241.55 - - [05/Feb/2023:12:04:39 +0800] "GET /xingrg/kc/buy/cgsh_order_operate.html?command=get_materiel&rest_code=00149&code=00101006336&supplier_code=00100558&order_time=2023-02-05 HTTP/1.1" 200 400
218.81.216.21 - - [05/Feb/2023:12:04:39 +0800] "POST /xingrg/kc/base/wldb_order_operate.html HTTP/1.1" 200 6638
114.88.159.190 - - [05/Feb/2023:12:04:40 +0800] "GET /xingrg/kc/buy/cgsh_order_info.html?code=212023020501316 HTTP/1.1" 200 64610
114.88.159.190 - - [05/Feb/2023:12:04:40 +0800] "GET /xingrg/javascript/easyui/themes/default/validatebox.css HTTP/1.1" 404 1104
114.88.159.190 - - [05/Feb/2023:12:04:41 +0800] "POST /xingrg/kc/buy/cgsh_order_operate.html HTTP/1.1" 200 631
120.253.135.82 - - [05/Feb/2023:12:04:42 +0800] "GET /xingrg/kc/pszx/mdps_order_list.html?orderType=0 HTTP/1.1" 200 21073
120.253.135.82 - - [05/Feb/2023:12:04:42 +0800] "POST /xingrg/kc/pszx/mdps_list_operate.html HTTP/1.1" 200 5143
120.253.135.82 - - [05/Feb/2023:12:04:44 +0800] "GET /xingrg/kc/pszx/mdqp_order_list.html?state=10 HTTP/1.1" 200 11120
120.253.135.82 - - [05/Feb/2023:12:04:44 +0800] "GET /xingrg/dwr/interface/AjaxReportQueryService.js HTTP/1.1" 200 13203
120.253.135.82 - - [05/Feb/2023:12:04:44 +0800] "GET /xingrg/dwr/engine.js HTTP/1.1" 200 43631
120.253.135.82 - - [05/Feb/2023:12:04:44 +0800] "GET /xingrg/dwr/interface/AjaxQqpsService.js HTTP/1.1" 200 16326
222.70.181.49 - - [05/Feb/2023:12:04:44 +0800] "GET /xingrg/all/function/internal_message.html?_=1675569906975&CODE_STATE=getMsg HTTP/1.1" 200 27
218.81.216.21 - - [05/Feb/2023:12:04:45 +0800] "GET /xingrg/kc/buy/buy_main.html HTTP/1.1" 200 12412
218.81.216.21 - - [05/Feb/2023:12:04:45 +0800] "GET /xingrg/css/new_ie.css HTTP/1.1" 404 1036
124.79.72.155 - - [05/Feb/2023:12:04:45 +0800] "GET /xingrg/all/function/internal_message.html?_=1675569907810&CODE_STATE=getMsg HTTP/1.1" 200 27
120.253.135.82 - - [05/Feb/2023:12:04:46 +0800] "GET /xingrg/kc/pszx/mdqp_order_info.html?code=302023020500070 HTTP/1.1" 200 13350
120.253.135.82 - - [05/Feb/2023:12:04:46 +0800] "GET /xingrg/dwr/interface/AjaxComOrderService.js HTTP/1.1" 200 18264
120.253.135.82 - - [05/Feb/2023:12:04:46 +0800] "GET /xingrg/dwr/interface/AjaxQqpsService.js HTTP/1.1" 200 16326
120.253.135.82 - - [05/Feb/2023:12:04:46 +0800] "GET /xingrg/dwr/engine.js HTTP/1.1" 200 43631
120.253.135.82 - - [05/Feb/2023:12:04:46 +0800] "POST /xingrg/dwr/call/plaincall/AjaxQqpsService.loadMaterielItems.dwr HTTP/1.1" 200 2052
218.81.216.21 - - [05/Feb/2023:12:04:48 +0800] "GET /xingrg/images/yd/bt.gif HTTP/1.1" 404 1040
101.83.241.55 - - [05/Feb/2023:12:04:50 +0800] "GET /xingrg/kc/buy/cgsh_order_operate.html?command=get_materiel&rest_code=00149&code=00101006284&supplier_code=00100558&order_time=2023-02-05 HTTP/1.1" 200 418
120.253.135.82 - - [05/Feb/2023:12:04:52 +0800] "GET /xingrg/images/yd/bt.gif HTTP/1.1" 404 1040
120.253.135.82 - - [05/Feb/2023:12:04:52 +0800] "GET /xingrg/images/yd/bt2.gif HTTP/1.1" 404 1042
180.169.147.146 - - [05/Feb/2023:12:04:54 +0800] "GET /xingrg/all/function/internal_message.html?_=1675569915606&CODE_STATE=getMsg HTTP/1.1" 200 27
218.81.216.21 - - [05/Feb/2023:12:04:54 +0800] "GET /xingrg/kc/buy/cgsh_order_list.html HTTP/1.1" 200 53928
120.253.135.82 - - [05/Feb/2023:12:04:56 +0800] "GET /xingrg/kc/pszx/mdqp_order_list.html?isBack=1 HTTP/1.1" 302 -
120.253.135.82 - - [05/Feb/2023:12:04:56 +0800] "GET /xingrg/kc/pszx/mdqp_order_list.html?state=10 HTTP/1.1" 200 11120
120.253.135.82 - - [05/Feb/2023:12:04:56 +0800] "GET /xingrg/dwr/interface/AjaxQqpsService.js HTTP/1.1" 200 16326
120.253.135.82 - - [05/Feb/2023:12:04:56 +0800] "GET /xingrg/dwr/interface/AjaxReportQueryService.js HTTP/1.1" 200 13203
120.253.135.82 - - [05/Feb/2023:12:04:56 +0800] "GET /xingrg/dwr/engine.js HTTP/1.1" 200 43631
218.81.216.21 - - [05/Feb/2023:12:04:58 +0800] "POST /xingrg/kc/buy/cgsh_list_operate.html HTTP/1.1" 200 4452
120.253.135.82 - - [05/Feb/2023:12:04:58 +0800] "GET /xingrg/kc/pszx/mdqp_order_info.html?code=302023020500071 HTTP/1.1" 200 13350
120.253.135.82 - - [05/Feb/2023:12:04:58 +0800] "GET /xingrg/dwr/interface/AjaxComOrderService.js HTTP/1.1" 200 18264
120.253.135.82 - - [05/Feb/2023:12:04:58 +0800] "GET /xingrg/dwr/interface/AjaxQqpsService.js HTTP/1.1" 200 16326
120.253.135.82 - - [05/Feb/2023:12:04:58 +0800] "GET /xingrg/dwr/engine.js HTTP/1.1" 200 43631
120.253.135.82 - - [05/Feb/2023:12:04:58 +0800] "POST /xingrg/dwr/call/plaincall/AjaxQqpsService.loadMaterielItems.dwr HTTP/1.1" 200 7692
58.40.7.146 - - [05/Feb/2023:12:04:59 +0800] "GET /xingrg/all/function/internal_message.html?_=1675569920729&CODE_STATE=getMsg HTTP/1.1" 200 27
101.83.241.55 - - [05/Feb/2023:12:05:00 +0800] "GET /xingrg/kc/buy/cgsh_order_operate.html?command=get_materiel&rest_code=00149&code=00101006285&supplier_code=00100558&order_time=2023-02-05 HTTP/1.1" 200 410
120.253.135.82 - - [05/Feb/2023:12:05:00 +0800] "GET /xingrg/all/function/internal_message.html?_=1675569737821&CODE_STATE=getMsg HTTP/1.1" 200 27
218.81.216.21 - - [05/Feb/2023:12:05:00 +0800] "GET /xingrg/all/function/internal_message.html?_=1675569924285&CODE_STATE=getMsg HTTP/1.1" 200 27
218.81.216.21 - - [05/Feb/2023:12:05:03 +0800] "GET /xingrg/kc/buy/cgsh_order_add.html HTTP/1.1" 200 69703
218.81.216.21 - - [05/Feb/2023:12:05:03 +0800] "POST /xingrg/kc/buy/cgsh_order_operate.html HTTP/1.1" 200 8245
218.81.216.21 - - [05/Feb/2023:12:05:04 +0800] "GET /xingrg/javascript/easyui/themes/default/validatebox.css HTTP/1.1" 404 1104
120.253.135.82 - - [05/Feb/2023:12:05:04 +0800] "GET /xingrg/all/function/internal_message.html?_=1675570050411&CODE_STATE=getMsg HTTP/1.1" 200 27
58.221.95.50 - - [05/Feb/2023:12:05:05 +0800] "GET /xingrg/all/function/internal_message.html?_=1675569926994&CODE_STATE=getMsg HTTP/1.1" 200 27
101.83.145.75 - - [05/Feb/2023:12:05:05 +0800] "GET /xingrg/all/function/internal_message.html?_=1675569931470&CODE_STATE=getMsg HTTP/1.1" 200 27
120.253.135.82 - - [05/Feb/2023:12:05:06 +0800] "GET /xingrg/images/yd/bt.gif HTTP/1.1" 404 1040
120.253.135.82 - - [05/Feb/2023:12:05:06 +0800] "GET /xingrg/images/yd/bt2.gif HTTP/1.1" 404 1042
101.83.241.55 - - [05/Feb/2023:12:05:07 +0800] "GET /xingrg/kc/buy/cgsh_order_operate.html?command=get_materiel&rest_code=00149&code=00102026001&supplier_code=00100558&order_time=2023-02-05 HTTP/1.1" 200 409
180.157.253.110 - - [05/Feb/2023:12:05:10 +0800] "GET /xingrg/all/function/internal_message.html?_=1675569933072&CODE_STATE=getMsg HTTP/1.1" 200 27
120.253.135.82 - - [05/Feb/2023:12:05:13 +0800] "GET /xingrg/kc/pszx/mdqp_order_list.html?isBack=1 HTTP/1.1" 302 -
120.253.135.82 - - [05/Feb/2023:12:05:13 +0800] "GET /xingrg/kc/pszx/mdqp_order_list.html?state=10 HTTP/1.1" 200 11120
120.253.135.82 - - [05/Feb/2023:12:05:13 +0800] "GET /xingrg/dwr/interface/AjaxQqpsService.js HTTP/1.1" 200 16326
120.253.135.82 - - [05/Feb/2023:12:05:13 +0800] "GET /xingrg/dwr/interface/AjaxReportQueryService.js HTTP/1.1" 200 13203
120.253.135.82 - - [05/Feb/2023:12:05:13 +0800] "GET /xingrg/dwr/engine.js HTTP/1.1" 200 43631
101.83.241.55 - - [05/Feb/2023:12:05:16 +0800] "POST /xingrg/kc/buy/cgsh_order_operate.html HTTP/1.1" 200 37
120.253.135.82 - - [05/Feb/2023:12:05:16 +0800] "GET /xingrg/kc/pszx/mdps_order_list.html?orderType=0 HTTP/1.1" 200 21073
116.230.105.139 - - [05/Feb/2023:12:05:16 +0800] "GET /xingrg/all/function/internal_message.html?_=1675569937387&CODE_STATE=getMsg HTTP/1.1" 200 27
120.253.135.82 - - [05/Feb/2023:12:05:16 +0800] "POST /xingrg/kc/pszx/mdps_list_operate.html HTTP/1.1" 200 5143
114.88.159.190 - - [05/Feb/2023:12:05:17 +0800] "GET /xingrg/kc/print/load_data.html?order_code=212023020501316&kc_code=cgsh&condition= HTTP/1.1" 200 737
114.83.222.182 - - [05/Feb/2023:12:05:20 +0800] "GET /xingrg/all/function/internal_message.html?_=1675570045783&CODE_STATE=getMsg HTTP/1.1" 200 27
120.253.135.82 - - [05/Feb/2023:12:05:24 +0800] "GET /xingrg/kc/pszx/jzcl_ps.html HTTP/1.1" 200 7683
120.253.135.82 - - [05/Feb/2023:12:05:25 +0800] "POST /xingrg/all/common/load_tree.html?tree=area_rest_tree_json HTTP/1.1" 200 3499
120.253.135.82 - - [05/Feb/2023:12:05:25 +0800] "POST /xingrg/kc/pszx/jzcl_ps_operate.html HTTP/1.1" 200 935
120.253.135.82 - - [05/Feb/2023:12:05:25 +0800] "POST /xingrg/kc/pszx/jzcl_ps_operate.html HTTP/1.1" 200 935
120.253.135.82 - - [05/Feb/2023:12:05:25 +0800] "GET /xingrg/kc/pszx/jzcl_ps.html HTTP/1.1" 200 7683
120.253.135.82 - - [05/Feb/2023:12:05:25 +0800] "POST /xingrg/all/common/load_tree.html?tree=area_rest_tree_json HTTP/1.1" 200 3499
120.253.135.82 - - [05/Feb/2023:12:05:25 +0800] "POST /xingrg/kc/pszx/jzcl_ps_operate.html HTTP/1.1" 200 935
120.253.135.82 - - [05/Feb/2023:12:05:25 +0800] "POST /xingrg/kc/pszx/jzcl_ps_operate.html HTTP/1.1" 200 935
116.238.139.35 - - [05/Feb/2023:12:05:28 +0800] "GET /xingrg/all/function/internal_message.html?_=1675569950630&CODE_STATE=getMsg HTTP/1.1" 200 27
116.238.139.35 - - [05/Feb/2023:12:05:33 +0800] "GET /xingrg/all/function/internal_message.html?_=1675569883845&CODE_STATE=getMsg HTTP/1.1" 200 27
101.83.241.55 - - [05/Feb/2023:12:05:34 +0800] "GET /xingrg/all/function/internal_message.html?_=1675569955933&CODE_STATE=getMsg HTTP/1.1" 200 27
120.253.135.82 - - [05/Feb/2023:12:05:36 +0800] "POST /xingrg/kc/pszx/jzcl_ps_operate.html HTTP/1.1" 200 4
101.83.241.55 - - [05/Feb/2023:12:05:37 +0800] "POST /xingrg/kc/buy/cgsh_order_operate.html HTTP/1.1" 200 12
120.253.135.82 - - [05/Feb/2023:12:05:38 +0800] "POST /xingrg/kc/pszx/jzcl_ps_operate.html HTTP/1.1" 200 21
120.253.135.82 - - [05/Feb/2023:12:05:38 +0800] "GET /xingrg/kc/pszx/mdps_order_list.html HTTP/1.1" 200 21073
101.83.241.55 - - [05/Feb/2023:12:05:38 +0800] "GET /xingrg/kc/buy/cgsh_order_info.html?code=212023020501317 HTTP/1.1" 200 64692
101.83.241.55 - - [05/Feb/2023:12:05:38 +0800] "GET /xingrg/javascript/easyui/themes/default/validatebox.css HTTP/1.1" 404 1104
120.253.135.82 - - [05/Feb/2023:12:05:39 +0800] "POST /xingrg/kc/pszx/mdps_list_operate.html HTTP/1.1" 200 5210
101.83.241.55 - - [05/Feb/2023:12:05:39 +0800] "POST /xingrg/kc/buy/cgsh_order_operate.html HTTP/1.1" 200 4185
101.83.241.55 - - [05/Feb/2023:12:05:40 +0800] "GET /xingrg/kc/print/load_config.html?kc_code=cgsh HTTP/1.1" 200 1943
101.83.241.55 - - [05/Feb/2023:12:05:40 +0800] "GET /xingrg/kc/print/load_data.html?order_code=212023020501317&kc_code=cgsh&condition= HTTP/1.1" 200 2085
120.253.135.82 - - [05/Feb/2023:12:05:43 +0800] "POST /xingrg/kc/pszx/mdps_list_operate.html HTTP/1.1" 200 637
120.253.135.82 - - [05/Feb/2023:12:05:43 +0800] "GET /xingrg/kc/pszx/mdps_order_info.html?code=312023020500081 HTTP/1.1" 200 23976
120.253.135.82 - - [05/Feb/2023:12:05:44 +0800] "GET /xingrg/javascript/easyui/themes/default/validatebox.css HTTP/1.1" 404 1104
120.253.135.82 - - [05/Feb/2023:12:05:44 +0800] "GET /xingrg/all/common/auto_word.html?type=base&rest_code=00101 HTTP/1.1" 200 671
120.253.135.82 - - [05/Feb/2023:12:05:44 +0800] "POST /xingrg/kc/pszx/mdps_order_operate.html HTTP/1.1" 200 13949
222.70.181.49 - - [05/Feb/2023:12:05:44 +0800] "GET /xingrg/all/function/internal_message.html?_=1675569966976&CODE_STATE=getMsg HTTP/1.1" 200 27
124.79.72.155 - - [05/Feb/2023:12:05:45 +0800] "GET /xingrg/all/function/internal_message.html?_=1675569967794&CODE_STATE=getMsg HTTP/1.1" 200 27
124.79.72.155 - - [05/Feb/2023:12:05:45 +0800] "GET /xingrg/check_reg.html?_=1675569967827 HTTP/1.1" 200 22
120.253.135.82 - - [05/Feb/2023:12:05:47 +0800] "POST /xingrg/kc/pszx/mdps_order_operate.html HTTP/1.1" 200 37
120.253.135.82 - - [05/Feb/2023:12:05:48 +0800] "GET /xingrg/kc/pszx/mdps_order_info.html?code=312023020500081 HTTP/1.1" 200 23976
120.253.135.82 - - [05/Feb/2023:12:05:48 +0800] "GET /xingrg/javascript/easyui/themes/default/validatebox.css HTTP/1.1" 404 1104
120.253.135.82 - - [05/Feb/2023:12:05:48 +0800] "POST /xingrg/kc/pszx/mdps_order_operate.html HTTP/1.1" 200 14135
180.169.147.146 - - [05/Feb/2023:12:05:54 +0800] "GET /xingrg/all/function/internal_message.html?_=1675569975608&CODE_STATE=getMsg HTTP/1.1" 200 27
101.83.241.55 - - [05/Feb/2023:12:05:56 +0800] "GET /xingrg/kc/buy/cgsh_order_add.html HTTP/1.1" 200 69792
101.83.241.55 - - [05/Feb/2023:12:05:56 +0800] "POST /xingrg/kc/buy/cgsh_order_operate.html HTTP/1.1" 200 8245
101.83.241.55 - - [05/Feb/2023:12:05:56 +0800] "GET /xingrg/javascript/easyui/themes/default/validatebox.css HTTP/1.1" 404 1104
58.40.7.146 - - [05/Feb/2023:12:05:59 +0800] "GET /xingrg/all/function/internal_message.html?_=1675569980731&CODE_STATE=getMsg HTTP/1.1" 200 27
120.253.135.82 - - [05/Feb/2023:12:06:00 +0800] "GET /xingrg/all/function/internal_message.html?_=1675569797835&CODE_STATE=getMsg HTTP/1.1" 200 27
218.81.216.21 - - [05/Feb/2023:12:06:00 +0800] "GET /xingrg/all/function/internal_message.html?_=1675569984298&CODE_STATE=getMsg HTTP/1.1" 200 27
120.253.135.82 - - [05/Feb/2023:12:06:04 +0800] "GET /xingrg/all/function/internal_message.html?_=1675570110413&CODE_STATE=getMsg HTTP/1.1" 200 27
58.221.95.50 - - [05/Feb/2023:12:06:05 +0800] "GET /xingrg/all/function/internal_message.html?_=1675569986980&CODE_STATE=getMsg HTTP/1.1" 200 27
101.83.145.75 - - [05/Feb/2023:12:06:05 +0800] "GET /xingrg/all/function/internal_message.html?_=1675569991470&CODE_STATE=getMsg HTTP/1.1" 200 27
101.83.241.55 - - [05/Feb/2023:12:06:07 +0800] "GET /xingrg/kc/buy/cgsh_order_operate.html?command=get_materiel&rest_code=00149&code=00101010338&supplier_code=00100323&order_time=2023-02-05 HTTP/1.1" 200 442
180.157.253.110 - - [05/Feb/2023:12:06:10 +0800] "GET /xingrg/all/function/internal_message.html?_=1675569993070&CODE_STATE=getMsg HTTP/1.1" 200 27
101.83.241.55 - - [05/Feb/2023:12:06:18 +0800] "GET /xingrg/kc/buy/cgsh_order_operate.html?command=get_materiel&rest_code=00149&code=00101011008&supplier_code=00100323&order_time=2023-02-05 HTTP/1.1" 200 419
114.83.222.182 - - [05/Feb/2023:12:06:20 +0800] "GET /xingrg/all/function/internal_message.html?_=1675570105765&CODE_STATE=getMsg HTTP/1.1" 200 27
116.238.139.35 - - [05/Feb/2023:12:06:21 +0800] "GET /xingrg/check_reg.html?_=1675569931683 HTTP/1.1" 200 22
116.238.139.35 - - [05/Feb/2023:12:06:28 +0800] "GET /xingrg/all/function/internal_message.html?_=1675570010637&CODE_STATE=getMsg HTTP/1.1" 200 27
101.83.241.55 - - [05/Feb/2023:12:06:32 +0800] "GET /xingrg/kc/buy/cgsh_order_operate.html?command=get_materiel&rest_code=00149&code=00101020115&supplier_code=00100323&order_time=2023-02-05 HTTP/1.1" 200 409
116.238.139.35 - - [05/Feb/2023:12:06:34 +0800] "GET /xingrg/all/function/internal_message.html?_=1675569943847&CODE_STATE=getMsg HTTP/1.1" 200 27
101.83.241.55 - - [05/Feb/2023:12:06:34 +0800] "GET /xingrg/all/function/internal_message.html?_=1675570015920&CODE_STATE=getMsg HTTP/1.1" 200 27
222.70.181.49 - - [05/Feb/2023:12:06:44 +0800] "GET /xingrg/all/function/internal_message.html?_=1675570026980&CODE_STATE=getMsg HTTP/1.1" 200 27
222.70.181.49 - - [05/Feb/2023:12:06:44 +0800] "GET /xingrg/check_reg.html?_=1675570026977 HTTP/1.1" 200 22
124.79.72.155 - - [05/Feb/2023:12:06:45 +0800] "GET /xingrg/all/function/internal_message.html?_=1675570027794&CODE_STATE=getMsg HTTP/1.1" 200 27
101.83.241.55 - - [05/Feb/2023:12:06:47 +0800] "GET /xingrg/kc/buy/cgsh_order_operate.html?command=get_materiel&rest_code=00149&code=00101016081&supplier_code=00100323&order_time=2023-02-05 HTTP/1.1" 200 447
180.169.147.146 - - [05/Feb/2023:12:06:54 +0800] "GET /xingrg/check_reg.html?_=1675570035612 HTTP/1.1" 200 22
180.169.147.146 - - [05/Feb/2023:12:06:54 +0800] "GET /xingrg/all/function/internal_message.html?_=1675570035614&CODE_STATE=getMsg HTTP/1.1" 200 27
58.40.7.146 - - [05/Feb/2023:12:06:59 +0800] "GET /xingrg/all/function/internal_message.html?_=1675570040732&CODE_STATE=getMsg HTTP/1.1" 200 27
58.40.7.146 - - [05/Feb/2023:12:06:59 +0800] "GET /xingrg/check_reg.html?_=1675570040734 HTTP/1.1" 200 22
120.253.135.82 - - [05/Feb/2023:12:07:00 +0800] "GET /xingrg/all/function/internal_message.html?_=1675569857849&CODE_STATE=getMsg HTTP/1.1" 200 27
218.81.216.21 - - [05/Feb/2023:12:07:00 +0800] "GET /xingrg/all/function/internal_message.html?_=1675570044313&CODE_STATE=getMsg HTTP/1.1" 200 27
101.83.241.55 - - [05/Feb/2023:12:07:03 +0800] "GET /xingrg/kc/buy/cgsh_order_operate.html?command=get_materiel&rest_code=00149&code=00101008203&supplier_code=00100323&order_time=2023-02-05 HTTP/1.1" 200 409
114.88.159.190 - - [05/Feb/2023:12:07:03 +0800] "GET /xingrg/check_reg.html?_=1675569614109 HTTP/1.1" 200 22
120.253.135.82 - - [05/Feb/2023:12:07:04 +0800] "GET /xingrg/all/function/internal_message.html?_=1675570170410&CODE_STATE=getMsg HTTP/1.1" 200 27
58.221.95.50 - - [05/Feb/2023:12:07:04 +0800] "GET /xingrg/all/function/internal_message.html?_=1675570046959&CODE_STATE=getMsg HTTP/1.1" 200 27
101.83.145.75 - - [05/Feb/2023:12:07:05 +0800] "GET /xingrg/all/function/internal_message.html?_=1675570051471&CODE_STATE=getMsg HTTP/1.1" 200 27
180.157.253.110 - - [05/Feb/2023:12:07:10 +0800] "GET /xingrg/all/function/internal_message.html?_=1675570053069&CODE_STATE=getMsg HTTP/1.1" 200 27
218.81.216.21 - - [05/Feb/2023:12:07:15 +0800] "GET /xingrg/javascript/easyui/plugins/jquery.draggable.js HTTP/1.1" 304 -
218.81.216.21 - - [05/Feb/2023:12:07:15 +0800] "GET /xingrg/css/images/panel_loading.gif HTTP/1.1" 304 -
218.81.216.21 - - [05/Feb/2023:12:07:15 +0800] "GET /xingrg/javascript/easyui/plugins/jquery.droppable.js HTTP/1.1" 304 -
218.81.216.21 - - [05/Feb/2023:12:07:15 +0800] "GET /xingrg/javascript/easyui/themes/default/tree.css HTTP/1.1" 404 1090
218.81.216.21 - - [05/Feb/2023:12:07:15 +0800] "GET /xingrg/javascript/easyui/plugins/jquery.tree.js HTTP/1.1" 304 -
218.81.216.21 - - [05/Feb/2023:12:07:15 +0800] "POST /xingrg/all/common/load_tree.html?tree=employee_tree_json HTTP/1.1" 200 25571
218.81.216.21 - - [05/Feb/2023:12:07:16 +0800] "GET /xingrg/javascript/easyui/themes/default/images/tree_arrows.gif HTTP/1.1" 304 -
218.81.216.21 - - [05/Feb/2023:12:07:16 +0800] "GET /xingrg/javascript/easyui/themes/default/images/tree_checkbox_0.gif HTTP/1.1" 304 -
218.81.216.21 - - [05/Feb/2023:12:07:16 +0800] "GET /xingrg/javascript/easyui/themes/default/images/tree_folder_open.gif HTTP/1.1" 304 -
218.81.216.21 - - [05/Feb/2023:12:07:16 +0800] "GET /xingrg/javascript/easyui/themes/icons/areas.png HTTP/1.1" 200 720
218.81.216.21 - - [05/Feb/2023:12:07:16 +0800] "GET /xingrg/javascript/easyui/themes/icons/accept_new.png HTTP/1.1" 200 722
218.81.216.21 - - [05/Feb/2023:12:07:16 +0800] "GET /xingrg/javascript/easyui/themes/icons/rest.png HTTP/1.1" 200 695
116.230.105.139 - - [05/Feb/2023:12:07:16 +0800] "GET /xingrg/all/function/internal_message.html?_=1675570057399&CODE_STATE=getMsg HTTP/1.1" 200 27
116.230.105.139 - - [05/Feb/2023:12:07:16 +0800] "GET /xingrg/check_reg.html?_=1675570057482 HTTP/1.1" 200 22
101.83.241.55 - - [05/Feb/2023:12:07:17 +0800] "GET /xingrg/kc/buy/cgsh_order_operate.html?command=get_materiel&rest_code=00149&code=00101006350&supplier_code=00100323&order_time=2023-02-05 HTTP/1.1" 200 395
101.83.241.55 - - [05/Feb/2023:12:07:18 +0800] "GET /xingrg/check_reg.html?_=1675570060031 HTTP/1.1" 200 22
114.83.222.182 - - [05/Feb/2023:12:07:20 +0800] "GET /xingrg/all/function/internal_message.html?_=1675570165767&CODE_STATE=getMsg HTTP/1.1" 200 27
116.230.105.139 - - [05/Feb/2023:12:07:21 +0800] "POST /xingrg/kc/buy/cgsh_order_operate.html HTTP/1.1" 200 37
116.230.105.139 - - [05/Feb/2023:12:07:23 +0800] "POST /xingrg/kc/buy/cgsh_order_operate.html HTTP/1.1" 200 19829
101.83.241.55 - - [05/Feb/2023:12:07:24 +0800] "GET /xingrg/kc/buy/cgsh_order_operate.html?command=get_materiel&rest_code=00149&code=00101006060&supplier_code=00100323&order_time=2023-02-05 HTTP/1.1" 200 409
116.238.139.35 - - [05/Feb/2023:12:07:26 +0800] "POST /xingrg/services/DataTransmitService HTTP/1.1" 200 524
116.230.105.139 - - [05/Feb/2023:12:07:26 +0800] "GET /xingrg/kc/print/load_data.html?order_code=212023020501318&kc_code=cgsh&condition= HTTP/1.1" 200 7219
116.238.139.35 - - [05/Feb/2023:12:07:26 +0800] "POST /xingrg/services/DataTransmitService HTTP/1.1" 200 501
116.238.139.35 - - [05/Feb/2023:12:07:28 +0800] "GET /xingrg/all/function/internal_message.html?_=1675570070639&CODE_STATE=getMsg HTTP/1.1" 200 27
101.83.241.55 - - [05/Feb/2023:12:07:32 +0800] "GET /xingrg/kc/buy/cgsh_order_operate.html?command=get_materiel&rest_code=00149&code=00101006237&supplier_code=00100323&order_time=2023-02-05 HTTP/1.1" 200 413
116.230.105.139 - - [05/Feb/2023:12:07:32 +0800] "GET /xingrg/kc/print/load_data.html?order_code=212023020501318&kc_code=cgsh HTTP/1.1" 200 7219
116.238.139.35 - - [05/Feb/2023:12:07:34 +0800] "GET /xingrg/all/function/internal_message.html?_=1675570003861&CODE_STATE=getMsg HTTP/1.1" 200 27
101.83.241.55 - - [05/Feb/2023:12:07:34 +0800] "GET /xingrg/all/function/internal_message.html?_=1675570075907&CODE_STATE=getMsg HTTP/1.1" 200 27
222.70.181.49 - - [05/Feb/2023:12:07:44 +0800] "GET /xingrg/all/function/internal_message.html?_=1675570086980&CODE_STATE=getMsg HTTP/1.1" 200 27
120.253.135.82 - - [05/Feb/2023:12:07:45 +0800] "POST /xingrg/kc/pszx/mdps_list_operate.html HTTP/1.1" 200 601
124.79.72.155 - - [05/Feb/2023:12:07:45 +0800] "GET /xingrg/all/function/internal_message.html?_=1675570087810&CODE_STATE=getMsg HTTP/1.1" 200 27
101.83.241.55 - - [05/Feb/2023:12:07:45 +0800] "POST /xingrg/kc/buy/cgsh_order_operate.html HTTP/1.1" 200 37
120.253.135.82 - - [05/Feb/2023:12:07:46 +0800] "GET /xingrg/kc/pszx/mdps_order_info.html?code=312023020500082 HTTP/1.1" 200 23976
120.253.135.82 - - [05/Feb/2023:12:07:46 +0800] "GET /xingrg/javascript/easyui/themes/default/validatebox.css HTTP/1.1" 404 1104
120.253.135.82 - - [05/Feb/2023:12:07:46 +0800] "POST /xingrg/kc/pszx/mdps_order_operate.html HTTP/1.1" 200 5225
120.253.135.82 - - [05/Feb/2023:12:07:48 +0800] "POST /xingrg/all/common/load_combo.html?type=base HTTP/1.1" 200 1169
101.83.241.55 - - [05/Feb/2023:12:07:50 +0800] "POST /xingrg/kc/buy/cgsh_order_operate.html HTTP/1.1" 200 12
101.83.241.55 - - [05/Feb/2023:12:07:52 +0800] "GET /xingrg/kc/buy/cgsh_order_info.html?code=212023020501319 HTTP/1.1" 200 64697
101.83.241.55 - - [05/Feb/2023:12:07:52 +0800] "GET /xingrg/javascript/easyui/themes/default/validatebox.css HTTP/1.1" 404 1104
101.83.241.55 - - [05/Feb/2023:12:07:53 +0800] "POST /xingrg/kc/buy/cgsh_order_operate.html HTTP/1.1" 200 4789
120.253.135.82 - - [05/Feb/2023:12:07:53 +0800] "POST /xingrg/kc/pszx/mdps_order_operate.html HTTP/1.1" 200 37
180.169.147.146 - - [05/Feb/2023:12:07:54 +0800] "GET /xingrg/all/function/internal_message.html?_=1675570095611&CODE_STATE=getMsg HTTP/1.1" 200 27
101.83.241.55 - - [05/Feb/2023:12:07:55 +0800] "GET /xingrg/kc/print/load_data.html?order_code=212023020501319&kc_code=cgsh&condition= HTTP/1.1" 200 2340
120.253.135.82 - - [05/Feb/2023:12:07:55 +0800] "GET /xingrg/kc/pszx/mdps_order_info.html?code=312023020500082 HTTP/1.1" 200 23976
120.253.135.82 - - [05/Feb/2023:12:07:55 +0800] "GET /xingrg/javascript/easyui/themes/default/validatebox.css HTTP/1.1" 404 1104
120.253.135.82 - - [05/Feb/2023:12:07:55 +0800] "POST /xingrg/kc/pszx/mdps_order_operate.html HTTP/1.1" 200 5282
58.40.7.146 - - [05/Feb/2023:12:07:59 +0800] "GET /xingrg/all/function/internal_message.html?_=1675570100738&CODE_STATE=getMsg HTTP/1.1" 200 27
101.83.241.55 - - [05/Feb/2023:12:07:59 +0800] "GET /xingrg/kc/buy/cgsh_order_add.html HTTP/1.1" 200 69792
101.83.241.55 - - [05/Feb/2023:12:07:59 +0800] "POST /xingrg/kc/buy/cgsh_order_operate.html HTTP/1.1" 200 8245
101.83.241.55 - - [05/Feb/2023:12:07:59 +0800] "GET /xingrg/javascript/easyui/themes/default/validatebox.css HTTP/1.1" 404 1104
120.253.135.82 - - [05/Feb/2023:12:08:00 +0800] "GET /xingrg/all/function/internal_message.html?_=1675569917892&CODE_STATE=getMsg HTTP/1.1" 200 27
218.81.216.21 - - [05/Feb/2023:12:08:00 +0800] "GET /xingrg/all/function/internal_message.html?_=1675570104326&CODE_STATE=getMsg HTTP/1.1" 200 27
120.253.135.82 - - [05/Feb/2023:12:08:04 +0800] "GET /xingrg/all/function/internal_message.html?_=1675570230421&CODE_STATE=getMsg HTTP/1.1" 200 27
58.221.95.50 - - [05/Feb/2023:12:08:04 +0800] "GET /xingrg/all/function/internal_message.html?_=1675570106935&CODE_STATE=getMsg HTTP/1.1" 200 27
101.83.145.75 - - [05/Feb/2023:12:08:05 +0800] "GET /xingrg/check_reg.html?_=1675570111471 HTTP/1.1" 200 22
101.83.145.75 - - [05/Feb/2023:12:08:05 +0800] "GET /xingrg/all/function/internal_message.html?_=1675570111475&CODE_STATE=getMsg HTTP/1.1" 200 27
58.221.95.50 - - [05/Feb/2023:12:08:07 +0800] "GET /xingrg/check_reg.html?_=1675570109385 HTTP/1.1" 200 22
101.83.241.55 - - [05/Feb/2023:12:08:08 +0800] "GET /xingrg/kc/buy/cgsh_order_operate.html?command=get_materiel&rest_code=00149&code=00101010050&supplier_code=00100325&order_time=2023-02-05 HTTP/1.1" 200 417
180.157.253.110 - - [05/Feb/2023:12:08:10 +0800] "GET /xingrg/all/function/internal_message.html?_=1675570113068&CODE_STATE=getMsg HTTP/1.1" 200 27
124.78.154.177 - - [05/Feb/2023:12:08:14 +0800] "GET /xingrg/index.html?sysBaseUrl=http%3A%2F%2F180.169.147.146%3A18081%2Fxingrg%2F&costTime=60×tamp=1675564961586 HTTP/1.1" 200 17173
116.230.105.139 - - [05/Feb/2023:12:08:16 +0800] "GET /xingrg/all/function/internal_message.html?_=1675570117377&CODE_STATE=getMsg HTTP/1.1" 200 27
124.78.154.177 - - [05/Feb/2023:12:08:16 +0800] "POST /xingrg/all/common/load_tree.html?tree=area_rest_tree_json&manage=1 HTTP/1.1" 200 342
124.78.154.177 - - [05/Feb/2023:12:08:17 +0800] "GET /xingrg/all/function/internal_message.html?_=1675570118935&CODE_STATE=count HTTP/1.1" 200 11
124.78.154.177 - - [05/Feb/2023:12:08:17 +0800] "GET /xingrg/check_reg.html?_=1675570118938 HTTP/1.1" 200 22
124.78.154.177 - - [05/Feb/2023:12:08:17 +0800] "POST /xingrg/load_menu.html HTTP/1.1" 200 5138
124.78.154.177 - - [05/Feb/2023:12:08:17 +0800] "GET /favicon.ico HTTP/1.1" 404 -
124.78.154.177 - - [05/Feb/2023:12:08:19 +0800] "GET /xingrg/kc/buy/buy_main.html HTTP/1.1" 200 12412
124.78.154.177 - - [05/Feb/2023:12:08:19 +0800] "GET /xingrg/css/new_ie.css HTTP/1.1" 404 1036
114.83.222.182 - - [05/Feb/2023:12:08:20 +0800] "GET /xingrg/all/function/internal_message.html?_=1675570225747&CODE_STATE=getMsg HTTP/1.1" 200 27
124.78.154.177 - - [05/Feb/2023:12:08:20 +0800] "GET /xingrg/images/yd/bt.gif HTTP/1.1" 404 1040
101.83.241.55 - - [05/Feb/2023:12:08:21 +0800] "POST /xingrg/kc/buy/cgsh_order_operate.html HTTP/1.1" 200 37
124.78.154.177 - - [05/Feb/2023:12:08:21 +0800] "GET /xingrg/kc/buy/cgsh_order_list.html HTTP/1.1" 200 53922
120.253.135.82 - - [05/Feb/2023:12:08:21 +0800] "POST /xingrg/kc/pszx/mdps_list_operate.html HTTP/1.1" 200 5210
114.83.222.182 - - [05/Feb/2023:12:08:22 +0800] "GET /xingrg/check_reg.html?_=1675570227830 HTTP/1.1" 200 22
101.83.241.55 - - [05/Feb/2023:12:08:25 +0800] "POST /xingrg/kc/buy/cgsh_order_operate.html HTTP/1.1" 200 12
124.78.154.177 - - [05/Feb/2023:12:08:26 +0800] "POST /xingrg/kc/buy/cgsh_list_operate.html HTTP/1.1" 200 986
101.83.241.55 - - [05/Feb/2023:12:08:27 +0800] "GET /xingrg/kc/buy/cgsh_order_info.html?code=212023020501320 HTTP/1.1" 200 64698
124.78.154.177 - - [05/Feb/2023:12:08:27 +0800] "GET /xingrg/kc/buy/cgsh_order_add.html HTTP/1.1" 200 69703
101.83.241.55 - - [05/Feb/2023:12:08:27 +0800] "GET /xingrg/javascript/easyui/themes/default/validatebox.css HTTP/1.1" 404 1104
124.78.154.177 - - [05/Feb/2023:12:08:27 +0800] "GET /xingrg/all/common/auto_word.html?type=employee&rest_code=00106 HTTP/1.1" 200 205
124.78.154.177 - - [05/Feb/2023:12:08:27 +0800] "GET /xingrg/javascript/easyui/themes/default/validatebox.css HTTP/1.1" 404 1104
124.78.154.177 - - [05/Feb/2023:12:08:27 +0800] "GET /xingrg/all/common/auto_word.html?type=employee&rest_code=00106 HTTP/1.1" 200 205
124.78.154.177 - - [05/Feb/2023:12:08:27 +0800] "POST /xingrg/kc/buy/cgsh_order_operate.html HTTP/1.1" 200 8245
101.83.241.55 - - [05/Feb/2023:12:08:28 +0800] "POST /xingrg/kc/buy/cgsh_order_operate.html HTTP/1.1" 200 611
116.238.139.35 - - [05/Feb/2023:12:08:28 +0800] "GET /xingrg/all/function/internal_message.html?_=1675570130644&CODE_STATE=getMsg HTTP/1.1" 200 27
116.238.139.35 - - [05/Feb/2023:12:08:28 +0800] "GET /xingrg/check_reg.html?_=1675570130648 HTTP/1.1" 200 22
124.78.154.177 - - [05/Feb/2023:12:08:28 +0800] "GET /xingrg/javascript/easyui/themes/default/tree.css HTTP/1.1" 404 1090
124.78.154.177 - - [05/Feb/2023:12:08:28 +0800] "POST /xingrg/all/common/load_tree.html?tree=supplier_tree_json&isDelete=1 HTTP/1.1" 200 70488
101.83.241.55 - - [05/Feb/2023:12:08:29 +0800] "GET /xingrg/kc/print/load_data.html?order_code=212023020501320&kc_code=cgsh&condition= HTTP/1.1" 200 718
101.83.241.55 - - [05/Feb/2023:12:08:33 +0800] "GET /xingrg/kc/buy/cgsh_order_add.html HTTP/1.1" 200 69792
101.83.241.55 - - [05/Feb/2023:12:08:33 +0800] "POST /xingrg/kc/buy/cgsh_order_operate.html HTTP/1.1" 200 8245
101.83.241.55 - - [05/Feb/2023:12:08:33 +0800] "GET /xingrg/javascript/easyui/themes/default/validatebox.css HTTP/1.1" 404 1104
116.238.139.35 - - [05/Feb/2023:12:08:34 +0800] "GET /xingrg/all/function/internal_message.html?_=1675570063886&CODE_STATE=getMsg HTTP/1.1" 200 27
101.83.241.55 - - [05/Feb/2023:12:08:34 +0800] "GET /xingrg/all/function/internal_message.html?_=1675570135926&CODE_STATE=getMsg HTTP/1.1" 200 27
218.81.216.21 - - [05/Feb/2023:12:08:35 +0800] "GET /xingrg/check_reg.html?_=1675570139387 HTTP/1.1" 200 22
124.78.154.177 - - [05/Feb/2023:12:08:38 +0800] "GET /xingrg/javascript/auto/indicator.gif HTTP/1.1" 404 1066
101.83.241.55 - - [05/Feb/2023:12:08:43 +0800] "GET /xingrg/kc/buy/cgsh_order_operate.html?command=get_materiel&rest_code=00149&code=00101021017&supplier_code=00100479&order_time=2023-02-05 HTTP/1.1" 200 406
124.78.154.177 - - [05/Feb/2023:12:08:44 +0800] "GET /xingrg/kc/buy/cgsh_order_operate.html?command=get_materiel&rest_code=00106&code=00101001174&supplier_code=00100314&order_time=2023-02-05 HTTP/1.1" 200 416
222.70.181.49 - - [05/Feb/2023:12:08:44 +0800] "GET /xingrg/all/function/internal_message.html?_=1675570146980&CODE_STATE=getMsg HTTP/1.1" 200 27
124.79.72.155 - - [05/Feb/2023:12:08:45 +0800] "GET /xingrg/all/function/internal_message.html?_=1675570147795&CODE_STATE=getMsg HTTP/1.1" 200 27
180.169.147.146 - - [05/Feb/2023:12:08:54 +0800] "GET /xingrg/all/function/internal_message.html?_=1675570155612&CODE_STATE=getMsg HTTP/1.1" 200 27
124.78.154.177 - - [05/Feb/2023:12:08:57 +0800] "POST /xingrg/kc/buy/cgsh_order_operate.html HTTP/1.1" 200 37
58.40.7.146 - - [05/Feb/2023:12:08:59 +0800] "GET /xingrg/all/function/internal_message.html?_=1675570160742&CODE_STATE=getMsg HTTP/1.1" 200 27
120.253.135.82 - - [05/Feb/2023:12:09:00 +0800] "GET /xingrg/all/function/internal_message.html?_=1675569977907&CODE_STATE=getMsg HTTP/1.1" 200 27
218.81.216.21 - - [05/Feb/2023:12:09:00 +0800] "GET /xingrg/all/function/internal_message.html?_=1675570164339&CODE_STATE=getMsg HTTP/1.1" 200 27
101.83.241.55 - - [05/Feb/2023:12:09:02 +0800] "POST /xingrg/kc/buy/cgsh_order_operate.html HTTP/1.1" 200 37
124.78.154.177 - - [05/Feb/2023:12:09:03 +0800] "POST /xingrg/kc/buy/cgsh_order_operate.html HTTP/1.1" 200 12
120.253.135.82 - - [05/Feb/2023:12:09:04 +0800] "GET /xingrg/check_reg.html?_=1675570290426 HTTP/1.1" 200 22
120.253.135.82 - - [05/Feb/2023:12:09:04 +0800] "GET /xingrg/all/function/internal_message.html?_=1675570290429&CODE_STATE=getMsg HTTP/1.1" 200 27
58.221.95.50 - - [05/Feb/2023:12:09:04 +0800] "GET /xingrg/all/function/internal_message.html?_=1675570166926&CODE_STATE=getMsg HTTP/1.1" 200 27
101.83.145.75 - - [05/Feb/2023:12:09:05 +0800] "GET /xingrg/all/function/internal_message.html?_=1675570171476&CODE_STATE=getMsg HTTP/1.1" 200 27
101.83.241.55 - - [05/Feb/2023:12:09:06 +0800] "POST /xingrg/kc/buy/cgsh_order_operate.html HTTP/1.1" 200 12
124.78.154.177 - - [05/Feb/2023:12:09:06 +0800] "GET /xingrg/kc/buy/cgsh_order_info.html?code=212023020501321 HTTP/1.1" 200 64610
124.78.154.177 - - [05/Feb/2023:12:09:07 +0800] "GET /xingrg/javascript/easyui/themes/default/validatebox.css HTTP/1.1" 404 1104
101.83.241.55 - - [05/Feb/2023:12:09:07 +0800] "GET /xingrg/kc/buy/cgsh_order_info.html?code=212023020501322 HTTP/1.1" 200 64702
101.83.241.55 - - [05/Feb/2023:12:09:07 +0800] "GET /xingrg/javascript/easyui/themes/default/validatebox.css HTTP/1.1" 404 1104
124.78.154.177 - - [05/Feb/2023:12:09:08 +0800] "POST /xingrg/kc/buy/cgsh_order_operate.html HTTP/1.1" 200 611
101.83.241.55 - - [05/Feb/2023:12:09:08 +0800] "POST /xingrg/kc/buy/cgsh_order_operate.html HTTP/1.1" 200 601
124.78.154.177 - - [05/Feb/2023:12:09:09 +0800] "GET /xingrg/kc/print/load_config.html?kc_code=cgsh HTTP/1.1" 200 1943
124.78.154.177 - - [05/Feb/2023:12:09:09 +0800] "GET /xingrg/kc/print/load_data.html?order_code=212023020501321&kc_code=cgsh&condition= HTTP/1.1" 200 718
101.83.241.55 - - [05/Feb/2023:12:09:09 +0800] "GET /xingrg/kc/print/load_data.html?order_code=212023020501322&kc_code=cgsh&condition= HTTP/1.1" 200 705
180.157.253.110 - - [05/Feb/2023:12:09:10 +0800] "GET /xingrg/all/function/internal_message.html?_=1675570173066&CODE_STATE=getMsg HTTP/1.1" 200 27
180.157.253.110 - - [05/Feb/2023:12:09:10 +0800] "GET /xingrg/check_reg.html?_=1675570173066 HTTP/1.1" 200 22
101.83.241.55 - - [05/Feb/2023:12:09:14 +0800] "GET /xingrg/kc/buy/cgsh_order_add.html HTTP/1.1" 200 69792
101.83.241.55 - - [05/Feb/2023:12:09:14 +0800] "POST /xingrg/kc/buy/cgsh_order_operate.html HTTP/1.1" 200 8245
101.83.241.55 - - [05/Feb/2023:12:09:14 +0800] "GET /xingrg/javascript/easyui/themes/default/validatebox.css HTTP/1.1" 404 1104
116.230.105.139 - - [05/Feb/2023:12:09:16 +0800] "GET /xingrg/all/function/internal_message.html?_=1675570177357&CODE_STATE=getMsg HTTP/1.1" 200 27
124.78.154.177 - - [05/Feb/2023:12:09:17 +0800] "GET /xingrg/kc/buy/cgsh_order_add.html HTTP/1.1" 200 69703
124.78.154.177 - - [05/Feb/2023:12:09:17 +0800] "GET /xingrg/all/function/internal_message.html?_=1675570179351&CODE_STATE=getMsg HTTP/1.1" 200 27
124.78.154.177 - - [05/Feb/2023:12:09:17 +0800] "GET /xingrg/javascript/easyui/themes/default/validatebox.css HTTP/1.1" 404 1104
124.78.154.177 - - [05/Feb/2023:12:09:17 +0800] "POST /xingrg/kc/buy/cgsh_order_operate.html HTTP/1.1" 200 8245
124.78.154.177 - - [05/Feb/2023:12:09:18 +0800] "GET /xingrg/javascript/easyui/themes/default/tree.css HTTP/1.1" 404 1090
124.78.154.177 - - [05/Feb/2023:12:09:18 +0800] "POST /xingrg/all/common/load_tree.html?tree=supplier_tree_json&isDelete=1 HTTP/1.1" 200 70488
114.83.222.182 - - [05/Feb/2023:12:09:20 +0800] "GET /xingrg/all/function/internal_message.html?_=1675570285735&CODE_STATE=getMsg HTTP/1.1" 200 27
101.83.241.55 - - [05/Feb/2023:12:09:22 +0800] "GET /xingrg/kc/buy/cgsh_order_operate.html?command=get_materiel&rest_code=00149&code=00101001140&supplier_code=00100319&order_time=2023-02-05 HTTP/1.1" 200 417
116.238.139.35 - - [05/Feb/2023:12:09:28 +0800] "GET /xingrg/all/function/internal_message.html?_=1675570190635&CODE_STATE=getMsg HTTP/1.1" 200 27
120.253.135.82 - - [05/Feb/2023:12:09:29 +0800] "GET /xingrg/check_reg.html?_=1675570006544 HTTP/1.1" 200 22
124.78.154.177 - - [05/Feb/2023:12:09:31 +0800] "GET /xingrg/kc/buy/cgsh_order_operate.html?command=get_materiel&rest_code=00106&code=00101001037&supplier_code=00100090&order_time=2023-02-05 HTTP/1.1" 200 416
101.83.241.55 - - [05/Feb/2023:12:09:34 +0800] "GET /xingrg/all/function/internal_message.html?_=1675570195911&CODE_STATE=getMsg HTTP/1.1" 200 27
116.238.139.35 - - [05/Feb/2023:12:09:34 +0800] "GET /xingrg/all/function/internal_message.html?_=1675570123903&CODE_STATE=getMsg HTTP/1.1" 200 27
101.83.241.55 - - [05/Feb/2023:12:09:35 +0800] "GET /xingrg/kc/buy/cgsh_order_operate.html?command=get_materiel&rest_code=00149&code=00101001125&supplier_code=00100319&order_time=2023-02-05 HTTP/1.1" 200 417
124.78.154.177 - - [05/Feb/2023:12:09:44 +0800] "GET /xingrg/kc/buy/cgsh_order_operate.html?command=get_materiel&rest_code=00106&code=00101001140&supplier_code=00100090&order_time=2023-02-05 HTTP/1.1" 200 417
222.70.181.49 - - [05/Feb/2023:12:09:44 +0800] "GET /xingrg/all/function/internal_message.html?_=1675570206980&CODE_STATE=getMsg HTTP/1.1" 200 27
124.79.72.155 - - [05/Feb/2023:12:09:45 +0800] "GET /xingrg/all/function/internal_message.html?_=1675570207794&CODE_STATE=getMsg HTTP/1.1" 200 27
101.83.241.55 - - [05/Feb/2023:12:09:51 +0800] "GET /xingrg/kc/buy/cgsh_order_operate.html?command=get_materiel&rest_code=00149&code=00101001093&supplier_code=00100319&order_time=2023-02-05 HTTP/1.1" 200 413
180.169.147.146 - - [05/Feb/2023:12:09:54 +0800] "GET /xingrg/all/function/internal_message.html?_=1675570215608&CODE_STATE=getMsg HTTP/1.1" 200 27
58.40.7.146 - - [05/Feb/2023:12:09:59 +0800] "GET /xingrg/all/function/internal_message.html?_=1675570220728&CODE_STATE=getMsg HTTP/1.1" 200 27
120.253.135.82 - - [05/Feb/2023:12:10:00 +0800] "GET /xingrg/all/function/internal_message.html?_=1675570037920&CODE_STATE=getMsg HTTP/1.1" 200 27
101.83.241.55 - - [05/Feb/2023:12:10:00 +0800] "POST /xingrg/kc/buy/cgsh_order_operate.html HTTP/1.1" 200 37
218.81.216.21 - - [05/Feb/2023:12:10:00 +0800] "GET /xingrg/all/function/internal_message.html?_=1675570224353&CODE_STATE=getMsg HTTP/1.1" 200 27
124.78.154.177 - - [05/Feb/2023:12:10:01 +0800] "GET /xingrg/kc/buy/cgsh_order_operate.html?command=get_materiel&rest_code=00106&code=00101001125&supplier_code=00100090&order_time=2023-02-05 HTTP/1.1" 200 417
120.253.135.82 - - [05/Feb/2023:12:10:04 +0800] "GET /xingrg/all/function/internal_message.html?_=1675570350426&CODE_STATE=getMsg HTTP/1.1" 200 27
180.163.28.143 - - [05/Feb/2023:12:10:04 +0800] "GET /xingrg/kc/buy/cgsh_order_info.html?code=212023020501321 HTTP/1.1" 302 -
180.163.28.143 - - [05/Feb/2023:12:10:04 +0800] "GET /xingrg/login.html HTTP/1.1" 200 7641
58.221.95.50 - - [05/Feb/2023:12:10:04 +0800] "GET /xingrg/all/function/internal_message.html?_=1675570226912&CODE_STATE=getMsg HTTP/1.1" 200 27
101.83.145.75 - - [05/Feb/2023:12:10:05 +0800] "GET /xingrg/all/function/internal_message.html?_=1675570231476&CODE_STATE=getMsg HTTP/1.1" 200 27
101.83.241.55 - - [05/Feb/2023:12:10:06 +0800] "POST /xingrg/kc/buy/cgsh_order_operate.html HTTP/1.1" 200 12
101.83.241.55 - - [05/Feb/2023:12:10:08 +0800] "GET /xingrg/kc/buy/cgsh_order_info.html?code=212023020501323 HTTP/1.1" 200 64698
101.83.241.55 - - [05/Feb/2023:12:10:09 +0800] "GET /xingrg/javascript/easyui/themes/default/validatebox.css HTTP/1.1" 404 1104
101.83.241.55 - - [05/Feb/2023:12:10:09 +0800] "POST /xingrg/kc/buy/cgsh_order_operate.html HTTP/1.1" 200 1811
101.83.241.55 - - [05/Feb/2023:12:10:10 +0800] "GET /xingrg/kc/print/load_data.html?order_code=212023020501323&kc_code=cgsh&condition= HTTP/1.1" 200 1188
180.157.253.110 - - [05/Feb/2023:12:10:10 +0800] "GET /xingrg/all/function/internal_message.html?_=1675570233065&CODE_STATE=getMsg HTTP/1.1" 200 27
124.78.154.177 - - [05/Feb/2023:12:10:15 +0800] "GET /xingrg/kc/buy/cgsh_order_operate.html?command=get_materiel&rest_code=00106&code=00101001040&supplier_code=00100090&order_time=2023-02-05 HTTP/1.1" 200 417
116.230.105.139 - - [05/Feb/2023:12:10:16 +0800] "GET /xingrg/all/function/internal_message.html?_=1675570237339&CODE_STATE=getMsg HTTP/1.1" 200 27
124.78.154.177 - - [05/Feb/2023:12:10:17 +0800] "GET /xingrg/all/function/internal_message.html?_=1675570239325&CODE_STATE=getMsg HTTP/1.1" 200 27
101.83.241.55 - - [05/Feb/2023:12:10:17 +0800] "GET /xingrg/kc/buy/cgsh_order_add.html HTTP/1.1" 200 69792
101.83.241.55 - - [05/Feb/2023:12:10:18 +0800] "POST /xingrg/kc/buy/cgsh_order_operate.html HTTP/1.1" 200 8245
101.83.241.55 - - [05/Feb/2023:12:10:18 +0800] "GET /xingrg/javascript/easyui/themes/default/validatebox.css HTTP/1.1" 404 1104
114.83.222.182 - - [05/Feb/2023:12:10:20 +0800] "GET /xingrg/all/function/internal_message.html?_=1675570345711&CODE_STATE=getMsg HTTP/1.1" 200 27
120.253.135.82 - - [05/Feb/2023:12:10:23 +0800] "POST /xingrg/kc/pszx/mdps_list_operate.html HTTP/1.1" 200 601
120.253.135.82 - - [05/Feb/2023:12:10:23 +0800] "GET /xingrg/kc/pszx/mdps_order_info.html?code=312023020500082 HTTP/1.1" 200 23976
120.253.135.82 - - [05/Feb/2023:12:10:24 +0800] "GET /xingrg/javascript/easyui/themes/default/validatebox.css HTTP/1.1" 404 1104
120.253.135.82 - - [05/Feb/2023:12:10:24 +0800] "POST /xingrg/kc/pszx/mdps_order_operate.html HTTP/1.1" 200 5282
124.78.154.177 - - [05/Feb/2023:12:10:26 +0800] "GET /xingrg/kc/buy/cgsh_order_operate.html?command=get_materiel&rest_code=00106&code=00101001044&supplier_code=00100090&order_time=2023-02-05 HTTP/1.1" 200 411
101.83.241.55 - - [05/Feb/2023:12:10:26 +0800] "GET /xingrg/kc/buy/cgsh_order_operate.html?command=get_materiel&rest_code=00149&code=00101010079&supplier_code=00100336&order_time=2023-02-05 HTTP/1.1" 200 413
116.238.139.35 - - [05/Feb/2023:12:10:28 +0800] "GET /xingrg/all/function/internal_message.html?_=1675570250641&CODE_STATE=getMsg HTTP/1.1" 200 27
101.83.241.55 - - [05/Feb/2023:12:10:34 +0800] "GET /xingrg/all/function/internal_message.html?_=1675570255902&CODE_STATE=getMsg HTTP/1.1" 200 27
116.238.139.35 - - [05/Feb/2023:12:10:34 +0800] "GET /xingrg/all/function/internal_message.html?_=1675570183928&CODE_STATE=getMsg HTTP/1.1" 200 27
101.83.241.55 - - [05/Feb/2023:12:10:37 +0800] "POST /xingrg/kc/buy/cgsh_order_operate.html HTTP/1.1" 200 37
124.78.154.177 - - [05/Feb/2023:12:10:39 +0800] "GET /xingrg/kc/buy/cgsh_order_operate.html?command=get_materiel&rest_code=00106&code=00101001169&supplier_code=00100090&order_time=2023-02-05 HTTP/1.1" 200 417
101.83.241.55 - - [05/Feb/2023:12:10:41 +0800] "POST /xingrg/kc/buy/cgsh_order_operate.html HTTP/1.1" 200 12
101.83.241.55 - - [05/Feb/2023:12:10:42 +0800] "GET /xingrg/kc/buy/cgsh_order_info.html?code=212023020501324 HTTP/1.1" 200 64694
101.83.241.55 - - [05/Feb/2023:12:10:43 +0800] "GET /xingrg/javascript/easyui/themes/default/validatebox.css HTTP/1.1" 404 1104
101.83.241.55 - - [05/Feb/2023:12:10:43 +0800] "POST /xingrg/kc/buy/cgsh_order_operate.html HTTP/1.1" 200 607
101.83.241.55 - - [05/Feb/2023:12:10:44 +0800] "GET /xingrg/kc/print/load_data.html?order_code=212023020501324&kc_code=cgsh&condition= HTTP/1.1" 200 708
222.70.181.49 - - [05/Feb/2023:12:10:44 +0800] "GET /xingrg/all/function/internal_message.html?_=1675570266980&CODE_STATE=getMsg HTTP/1.1" 200 27
124.79.72.155 - - [05/Feb/2023:12:10:45 +0800] "GET /xingrg/all/function/internal_message.html?_=1675570267809&CODE_STATE=getMsg HTTP/1.1" 200 27
124.79.72.155 - - [05/Feb/2023:12:10:45 +0800] "GET /xingrg/check_reg.html?_=1675570267812 HTTP/1.1" 200 22
101.83.241.55 - - [05/Feb/2023:12:10:48 +0800] "GET /xingrg/kc/buy/cgsh_order_add.html HTTP/1.1" 200 69792
101.83.241.55 - - [05/Feb/2023:12:10:48 +0800] "POST /xingrg/kc/buy/cgsh_order_operate.html HTTP/1.1" 200 8245
101.83.241.55 - - [05/Feb/2023:12:10:49 +0800] "GET /xingrg/javascript/easyui/themes/default/validatebox.css HTTP/1.1" 404 1104
124.78.154.177 - - [05/Feb/2023:12:10:52 +0800] "POST /xingrg/kc/buy/cgsh_order_operate.html HTTP/1.1" 200 37
180.169.147.146 - - [05/Feb/2023:12:10:54 +0800] "GET /xingrg/all/function/internal_message.html?_=1675570275606&CODE_STATE=getMsg HTTP/1.1" 200 27
124.78.154.177 - - [05/Feb/2023:12:10:56 +0800] "POST /xingrg/kc/buy/cgsh_order_operate.html HTTP/1.1" 200 12
124.78.154.177 - - [05/Feb/2023:12:10:57 +0800] "GET /xingrg/kc/buy/cgsh_order_info.html?code=212023020501325 HTTP/1.1" 200 64612
124.78.154.177 - - [05/Feb/2023:12:10:57 +0800] "GET /xingrg/javascript/easyui/themes/default/validatebox.css HTTP/1.1" 404 1104
124.78.154.177 - - [05/Feb/2023:12:10:58 +0800] "POST /xingrg/kc/buy/cgsh_order_operate.html HTTP/1.1" 200 3604
58.40.7.146 - - [05/Feb/2023:12:10:59 +0800] "GET /xingrg/all/function/internal_message.html?_=1675570280731&CODE_STATE=getMsg HTTP/1.1" 200 27
124.78.154.177 - - [05/Feb/2023:12:10:59 +0800] "GET /xingrg/kc/print/load_data.html?order_code=212023020501325&kc_code=cgsh&condition= HTTP/1.1" 200 1943
101.83.241.55 - - [05/Feb/2023:12:11:00 +0800] "GET /xingrg/kc/buy/cgsh_order_operate.html?command=get_materiel&rest_code=00149&code=00101006001&supplier_code=00100574&order_time=2023-02-05 HTTP/1.1" 200 428
120.253.135.82 - - [05/Feb/2023:12:11:00 +0800] "GET /xingrg/all/function/internal_message.html?_=1675570097940&CODE_STATE=getMsg HTTP/1.1" 200 27
218.81.216.21 - - [05/Feb/2023:12:11:00 +0800] "GET /xingrg/all/function/internal_message.html?_=1675570284367&CODE_STATE=getMsg HTTP/1.1" 200 27
124.78.154.177 - - [05/Feb/2023:12:11:03 +0800] "GET /xingrg/kc/buy/cgsh_order_add.html HTTP/1.1" 200 69703
124.78.154.177 - - [05/Feb/2023:12:11:04 +0800] "GET /xingrg/javascript/easyui/themes/default/validatebox.css HTTP/1.1" 404 1104
124.78.154.177 - - [05/Feb/2023:12:11:04 +0800] "POST /xingrg/kc/buy/cgsh_order_operate.html HTTP/1.1" 200 8245
120.253.135.82 - - [05/Feb/2023:12:11:04 +0800] "GET /xingrg/all/function/internal_message.html?_=1675570410440&CODE_STATE=getMsg HTTP/1.1" 200 27
58.221.95.50 - - [05/Feb/2023:12:11:04 +0800] "GET /xingrg/all/function/internal_message.html?_=1675570286891&CODE_STATE=getMsg HTTP/1.1" 200 27
124.78.154.177 - - [05/Feb/2023:12:11:04 +0800] "GET /xingrg/javascript/easyui/themes/default/tree.css HTTP/1.1" 404 1090
101.83.145.75 - - [05/Feb/2023:12:11:05 +0800] "GET /xingrg/all/function/internal_message.html?_=1675570291478&CODE_STATE=getMsg HTTP/1.1" 200 27
124.78.154.177 - - [05/Feb/2023:12:11:05 +0800] "POST /xingrg/all/common/load_tree.html?tree=supplier_tree_json&isDelete=1 HTTP/1.1" 200 70488
180.157.253.110 - - [05/Feb/2023:12:11:10 +0800] "GET /xingrg/all/function/internal_message.html?_=1675570293078&CODE_STATE=getMsg HTTP/1.1" 200 27
101.83.241.55 - - [05/Feb/2023:12:11:16 +0800] "GET /xingrg/kc/buy/cgsh_order_operate.html?command=get_materiel&rest_code=00149&code=00101007069&supplier_code=00100574&order_time=2023-02-05 HTTP/1.1" 200 415
116.230.105.139 - - [05/Feb/2023:12:11:16 +0800] "GET /xingrg/all/function/internal_message.html?_=1675570297310&CODE_STATE=getMsg HTTP/1.1" 200 27
124.78.154.177 - - [05/Feb/2023:12:11:17 +0800] "GET /xingrg/all/function/internal_message.html?_=1675570299306&CODE_STATE=getMsg HTTP/1.1" 200 27
124.78.154.177 - - [05/Feb/2023:12:11:17 +0800] "GET /xingrg/kc/buy/cgsh_order_operate.html?command=get_materiel&rest_code=00106&code=00101003003&supplier_code=00100093&order_time=2023-02-05 HTTP/1.1" 200 416
114.83.222.182 - - [05/Feb/2023:12:11:20 +0800] "GET /xingrg/all/function/internal_message.html?_=1675570405687&CODE_STATE=getMsg HTTP/1.1" 200 27
116.238.139.35 - - [05/Feb/2023:12:11:21 +0800] "GET /xingrg/check_reg.html?_=1675570231693 HTTP/1.1" 200 22
116.238.139.35 - - [05/Feb/2023:12:11:28 +0800] "GET /xingrg/all/function/internal_message.html?_=1675570310652&CODE_STATE=getMsg HTTP/1.1" 200 27
101.83.241.55 - - [05/Feb/2023:12:11:32 +0800] "POST /xingrg/kc/buy/cgsh_order_operate.html HTTP/1.1" 200 37
124.78.154.177 - - [05/Feb/2023:12:11:32 +0800] "POST /xingrg/kc/buy/cgsh_order_operate.html HTTP/1.1" 200 88
101.83.241.55 - - [05/Feb/2023:12:11:34 +0800] "GET /xingrg/all/function/internal_message.html?_=1675570315882&CODE_STATE=getMsg HTTP/1.1" 200 27
116.238.139.35 - - [05/Feb/2023:12:11:34 +0800] "GET /xingrg/all/function/internal_message.html?_=1675570243946&CODE_STATE=getMsg HTTP/1.1" 200 27
124.78.154.177 - - [05/Feb/2023:12:11:37 +0800] "POST /xingrg/kc/buy/cgsh_order_operate.html HTTP/1.1" 200 37
101.83.241.55 - - [05/Feb/2023:12:11:37 +0800] "POST /xingrg/kc/buy/cgsh_order_operate.html HTTP/1.1" 200 12
101.83.241.55 - - [05/Feb/2023:12:11:38 +0800] "GET /xingrg/kc/buy/cgsh_order_info.html?code=212023020501326 HTTP/1.1" 200 64700
101.83.241.55 - - [05/Feb/2023:12:11:39 +0800] "GET /xingrg/javascript/easyui/themes/default/validatebox.css HTTP/1.1" 404 1104
124.78.154.177 - - [05/Feb/2023:12:11:39 +0800] "POST /xingrg/kc/buy/cgsh_order_operate.html HTTP/1.1" 200 2664
101.83.241.55 - - [05/Feb/2023:12:11:39 +0800] "POST /xingrg/kc/buy/cgsh_order_operate.html HTTP/1.1" 200 1220
101.83.241.55 - - [05/Feb/2023:12:11:41 +0800] "GET /xingrg/kc/print/load_data.html?order_code=212023020501326&kc_code=cgsh&condition= HTTP/1.1" 200 960
